46.101.116.244 - - [02/Jul/2025:05:00:55 +0200] "GET /Jurek/eurofirany/feeds/eurofirany_ebay.xml HTTP/1.0" 200 18499766 "-" "-"
46.101.116.244 - - [02/Jul/2025:05:00:56 +0200] "GET /Jurek/intsell/feeds/intsell_amazonde.xml HTTP/1.0" 200 342008521 "-" "-"
66.249.64.37 - - [02/Jul/2025:05:00:58 +0200] "GET /Jurek/eurofirany/images/372654/6.jpg HTTP/1.1" 200 6595 "-" "Googlebot-Image/1.0"
89.161.206.59 - - [02/Jul/2025:05:01:16 +0200] "GET /Jurek/pupus/feeds/pupus_amazonse.xml HTTP/1.0" 200 6156462 "-" "-"
89.161.206.59 - - [02/Jul/2025:05:01:19 +0200] "GET /Jurek/beautycare/feeds/beautycare_amazonde.xml HTTP/1.0" 200 1181292 "-" "-"
89.161.206.59 - - [02/Jul/2025:05:01:20 +0200] "GET /Jurek/regis/feeds/regis_amazonde.xml HTTP/1.0" 200 228475 "-" "-"
89.161.206.59 - - [02/Jul/2025:05:01:20 +0200] "GET /Jurek/omi/feeds/omi_amazonde.xml HTTP/1.0" 200 8100731 "-" "-"
66.249.64.37 - - [02/Jul/2025:05:01:23 +0200] "GET /Jurek/eurofirany/images/390030/7.jpg HTTP/1.1" 200 158718 "-" "Googlebot-Image/1.0"
89.161.206.59 - - [02/Jul/2025:05:01:24 +0200] "GET /Jurek/globaldeli/feeds/globaldeli_skroutz.xml HTTP/1.0" 200 2590887 "-" "-"
35.204.39.32 - - [02/Jul/2025:05:01:25 +0200] "GET /marketplaces/vente/results/vente_nl.csv HTTP/1.1" 200 3517025 "-" "Mirakl HttpClient"
35.204.39.32 - - [02/Jul/2025:05:01:25 +0200] "GET /marketplaces/vente/results/vente_fr.csv HTTP/1.1" 200 835347 "-" "Mirakl HttpClient"
35.204.39.32 - - [02/Jul/2025:05:01:25 +0200] "GET /marketplaces/vente/results/vente_be.csv HTTP/1.1" 200 147219 "-" "Mirakl HttpClient"
35.204.39.32 - - [02/Jul/2025:05:01:26 +0200] "GET /marketplaces/vente/results/vente_it.csv HTTP/1.1" 200 3535691 "-" "Mirakl HttpClient"
35.204.39.32 - - [02/Jul/2025:05:01:27 +0200] "GET /marketplaces/vente/results/vente_es.csv HTTP/1.1" 200 2270073 "-" "Mirakl HttpClient"
46.101.116.244 - - [02/Jul/2025:05:01:27 +0200] "GET /Jurek/piotrmiedz/feeds/piotrmiedz_amazonde.xml HTTP/1.0" 200 91052471 "-" "-"
35.204.39.32 - - [02/Jul/2025:05:01:28 +0200] "GET /marketplaces/vente/results/vente_de.csv HTTP/1.1" 200 3511514 "-" "Mirakl HttpClient"
66.249.64.37 - - [02/Jul/2025:05:01:29 +0200] "GET /Jurek/eurofirany/images/383265/5.jpg HTTP/1.1" 200 217458 "-" "Googlebot-Image/1.0"
46.101.116.244 - - [02/Jul/2025:05:01:35 +0200] "GET /Jurek/piotrmiedz/feeds/piotrmiedz_amazonbe.xml HTTP/1.0" 200 91049391 "-" "-"
46.101.116.244 - - [02/Jul/2025:05:01:42 +0200] "GET /Jurek/piotrmiedz/feeds/piotrmiedz_amazonnl.xml HTTP/1.0" 200 91051029 "-" "-"
46.101.116.244 - - [02/Jul/2025:05:01:49 +0200] "GET /Jurek/piotrmiedz/feeds/piotrmiedz_amazones.xml HTTP/1.0" 200 91050651 "-" "-"
52.18.22.0 - - [02/Jul/2025:05:01:51 +0200] "GET /marketplaces/rue/results/rue.csv HTTP/1.1" 200 9275648 "-" "Mirakl HttpClient"
66.249.64.37 - - [02/Jul/2025:05:01:54 +0200] "GET /Jurek/eurofirany/images/354682/6.jpg HTTP/1.1" 200 6595 "-" "Googlebot-Image/1.0"
46.101.116.244 - - [02/Jul/2025:05:01:57 +0200] "GET /Jurek/piotrmiedz/feeds/piotrmiedz_amazonit.xml HTTP/1.0" 200 91053610 "-" "-"
46.101.116.244 - - [02/Jul/2025:05:02:06 +0200] "GET /Jurek/piotrmiedz/feeds/piotrmiedz_amazonfr.xml HTTP/1.0" 200 91048010 "-" "-"
46.101.116.244 - - [02/Jul/2025:05:02:14 +0200] "GET /Jurek/piotrmiedz/feeds/piotrmiedz_amazonse.xml HTTP/1.0" 200 91093393 "-" "-"
66.249.64.37 - - [02/Jul/2025:05:02:37 +0200] "GET /Jurek/eurofirany/images/390429/6.jpg HTTP/1.1" 200 135099 "-" "Googlebot-Image/1.0"
185.6.76.166 - - [02/Jul/2025:05:02:44 +0200] "GET /Jurek/eurofirany/images/432646/0.jpg HTTP/1.1" 200 6625 "-" "Skroutz ImageBot v1"
66.249.64.37 - - [02/Jul/2025:05:02:56 +0200] "GET /Jurek/eurofirany/images/378536/7.jpg HTTP/1.1" 200 81929 "-" "Googlebot-Image/1.0"
66.249.64.39 - - [02/Jul/2025:05:03:24 +0200] "GET /Jurek/eurofirany/images/428726/14.jpg HTTP/1.1" 200 139204 "-" "Googlebot-Image/1.0"
46.101.116.244 - - [02/Jul/2025:05:03:29 +0200] "GET /Jurek/kinghoff/feeds/kinghoff_allegro.xml HTTP/1.0" 200 15654861 "-" "-"
85.14.86.141 - - [02/Jul/2025:05:03:37 +0200] "GET /Jurek/kinghoff/feeds/kinghoff_morele.xml HTTP/2.0" 200 15653891 "-" "MarketplaceAPI curl/7.74.0 PHP/8"
66.249.64.38 - - [02/Jul/2025:05:03:43 +0200] "GET /Jurek/eurofirany/images/390399/6.jpg HTTP/1.1" 200 135099 "-" "Googlebot-Image/1.0"
52.17.80.36 - - [02/Jul/2025:05:04:02 +0200] "GET /marketplaces/carrefour/results/carrefour.csv HTTP/1.1" 200 147219 "-" "Mirakl HttpClient"
66.249.64.39 - - [02/Jul/2025:05:04:14 +0200] "GET /Jurek/eurofirany/images/389928/5.jpg HTTP/1.1" 200 240230 "-" "Googlebot-Image/1.0"
66.249.64.38 - - [02/Jul/2025:05:04:26 +0200] "GET /Jurek/eurofirany/images/428726/3.jpg HTTP/1.1" 200 37830 "-" "Googlebot-Image/1.0"
66.249.64.37 - - [02/Jul/2025:05:05:09 +0200] "GET /Jurek/topeshop/downloaded_images/5902838466209_KUBABIURKOSONOMA2_.png HTTP/1.1" 404 3551 "-" "Googlebot-Image/1.0"
66.249.64.38 - - [02/Jul/2025:05:05:22 +0200] "GET /Jurek/topeshop/downloaded_images/5902838464359_KUBABIURKOBRY%C5%81KABIELFRONTZM.jpg HTTP/1.1" 404 3551 "-" "Googlebot-Image/1.0"
85.14.86.141 - - [02/Jul/2025:05:05:27 +0200] "GET /Jurek/eurofirany/feeds/eurofirany_morele.xml HTTP/2.0" 200 18600469 "-" "MarketplaceAPI curl/7.74.0 PHP/8"
66.249.64.37 - - [02/Jul/2025:05:05:28 +0200] "GET /Jurek/topeshop/downloaded_images/5904507200275_3.jpg HTTP/1.1" 200 11912 "-" "Googlebot-Image/1.0"
46.101.116.244 - - [02/Jul/2025:05:05:38 +0200] "GET /Jurek/hurtmeblowy/feeds/hurtmeblowy_ebay.xml HTTP/1.0" 200 5145490 "-" "-"
85.14.86.141 - - [02/Jul/2025:05:05:45 +0200] "GET /Jurek/vivaldi/feeds/vivaldi_Morele-PL.xml HTTP/2.0" 200 344674 "-" "MarketplaceAPI curl/7.74.0 PHP/8"
66.249.64.37 - - [02/Jul/2025:05:06:12 +0200] "GET /Jurek/eurofirany/images/389927/6.jpg HTTP/1.1" 200 265113 "-" "Googlebot-Image/1.0"
66.249.64.38 - - [02/Jul/2025:05:06:19 +0200] "GET /Jurek/topeshop/downloaded_images/5902838463383_sonomaa.png HTTP/1.1" 200 1239453 "-" "Googlebot-Image/1.0"
66.249.64.37 - - [02/Jul/2025:05:06:36 +0200] "GET /Jurek/eurofirany/images/400242/4.jpg HTTP/1.1" 200 60735 "-" "Googlebot-Image/1.0"
66.249.64.38 - - [02/Jul/2025:05:07:14 +0200] "GET /Jurek/topeshop/downloaded_images/5902838463420_DENVER_BIEL_PO%C5%81YSK(6).jpg HTTP/1.1" 404 3551 "-" "Googlebot-Image/1.0"
85.14.86.141 - - [02/Jul/2025:05:07:19 +0200] "GET /Jurek/vida_morele/feeds/VidaPL_morele.xml HTTP/2.0" 200 96956626 "-" "MarketplaceAPI curl/7.74.0 PHP/8"
5.134.208.158 - - [02/Jul/2025:05:07:19 +0200] "GET /Jurek/eurofirany/images/431223/0.jpg HTTP/1.1" 206 256 "https://www.ceneo.pl" "Mozilla/5.0 (Windows NT 10.0; Win64; x64) AppleWebKit/537.36 (KHTML, like Gecko) Chrome/87.0.4280.141 Safari/537.36"
85.14.86.141 - - [02/Jul/2025:05:07:29 +0200] "GET /Jurek/aw/feeds/awnarzedzia_morele.xml HTTP/2.0" 200 90955606 "-" "MarketplaceAPI curl/7.74.0 PHP/8"
66.249.64.37 - - [02/Jul/2025:05:07:38 +0200] "GET /Jurek/eurofirany/images/383556/1.jpg HTTP/1.1" 200 51905 "-" "Googlebot-Image/1.0"
66.249.64.37 - - [02/Jul/2025:05:07:42 +0200] "GET /Jurek/eurofirany/images/387474/5.jpg HTTP/1.1" 200 33 "-" "Googlebot-Image/1.0"
66.249.64.39 - - [02/Jul/2025:05:08:10 +0200] "GET /Jurek/eurofirany/images/403501/1.jpg HTTP/1.1" 200 88540 "-" "Googlebot-Image/1.0"
85.14.86.141 - - [02/Jul/2025:05:08:20 +0200] "GET /Jurek/beliani/feeds/beliani_morele.xml HTTP/2.0" 200 30500502 "-" "MarketplaceAPI curl/7.74.0 PHP/8"
195.178.110.161 - - [02/Jul/2025:05:08:20 +0200] "GET /.git/config HTTP/1.1" 403 146 "-" "Mozilla/5.0 (iPhone; CPU iPhone OS 12_3_1 like Mac OS X) AppleWebKit/605.1.15 (KHTML, like Gecko) Version/12.1.1 Mobile/15E148 Safari/604.1"
185.6.76.18 - - [02/Jul/2025:05:08:22 +0200] "GET /marketplaces/skroutz/feeds/shumee.zip HTTP/1.1" 200 195304334 "-" "SkroutzBot v1.0"
66.249.64.37 - - [02/Jul/2025:05:08:29 +0200] "GET /Jurek/eurofirany/images/390400/0.jpg HTTP/1.1" 200 122464 "-" "Googlebot-Image/1.0"
66.249.64.37 - - [02/Jul/2025:05:08:42 +0200] "GET /Jurek/eurofirany/images/408993/1.jpg HTTP/1.1" 200 89066 "-" "Googlebot-Image/1.0"
66.249.64.38 - - [02/Jul/2025:05:09:06 +0200] "GET /Jurek/eurofirany/images/390450/8.jpg HTTP/1.1" 200 241304 "-" "Googlebot-Image/1.0"
66.249.64.37 - - [02/Jul/2025:05:09:18 +0200] "GET /Jurek/eurofirany/images/438608/4.jpg HTTP/1.1" 200 175903 "-" "Googlebot-Image/1.0"
66.249.64.37 - - [02/Jul/2025:05:09:43 +0200] "GET /Jurek/eurofirany/images/415637/6.jpg HTTP/1.1" 200 142310 "-" "Googlebot-Image/1.0"
66.249.64.37 - - [02/Jul/2025:05:10:20 +0200] "GET /Jurek/topeshop/downloaded_images/5902838463420_DENVER_BIEL_PO%C5%81YSK(1).jpg HTTP/1.1" 404 3551 "-" "Googlebot-Image/1.0"
66.249.64.37 - - [02/Jul/2025:05:10:39 +0200] "GET /Jurek/eurofirany/images/378049/1.jpg HTTP/1.1" 200 144080 "-" "Googlebot-Image/1.0"
66.249.64.37 - - [02/Jul/2025:05:10:45 +0200] "GET /Jurek/eurofirany/images/350431/1.jpg HTTP/1.1" 200 67494 "-" "Googlebot-Image/1.0"
66.249.64.37 - - [02/Jul/2025:05:11:42 +0200] "GET /Jurek/eurofirany/images/398375/3.jpg HTTP/1.1" 200 262290 "-" "Googlebot-Image/1.0"
46.101.116.244 - - [02/Jul/2025:05:11:46 +0200] "GET /Jurek/aw/feeds/awnarzedzia_fnacFR.xml HTTP/1.0" 200 90943200 "-" "-"
66.249.64.38 - - [02/Jul/2025:05:11:54 +0200] "GET /Jurek/eurofirany/images/416877/5.jpg HTTP/1.1" 200 6595 "-" "Googlebot-Image/1.0"
46.101.116.244 - - [02/Jul/2025:05:11:56 +0200] "GET /Jurek/hurtownia_przemyslowa/feeds/hp_fnacfr.xml HTTP/1.0" 200 49361507 "-" "-"
66.249.64.38 - - [02/Jul/2025:05:12:13 +0200] "GET /Jurek/eurofirany/images/408855/1.jpg HTTP/1.1" 200 148054 "-" "Googlebot-Image/1.0"
66.249.64.37 - - [02/Jul/2025:05:12:25 +0200] "GET /Jurek/eurofirany/images/383320/3.jpg HTTP/1.1" 200 6595 "-" "Googlebot-Image/1.0"
157.245.129.194 - - [02/Jul/2025:05:12:45 +0200] "GET / HTTP/1.1" 200 1559 "-" "Mozilla/5.0 (X11; Linux x86_64) AppleWebKit/537.36 (KHTML, like Gecko) Chrome/137.0.0.0 Safari/537.36"
157.245.129.194 - - [02/Jul/2025:05:12:45 +0200] "GET /favicon.ico HTTP/1.1" 404 3551 "http://www.dkkapusta1997.usermd.net/" "Mozilla/5.0 (X11; Linux x86_64) AppleWebKit/537.36 (KHTML, like Gecko) Chrome/137.0.0.0 Safari/537.36"
157.245.129.194 - - [02/Jul/2025:05:12:46 +0200] "GET / HTTP/1.1" 200 1559 "-" "Mozilla/5.0 (X11; Linux x86_64) AppleWebKit/537.36 (KHTML, like Gecko) Chrome/137.0.0.0 Safari/537.36"
157.245.129.194 - - [02/Jul/2025:05:12:48 +0200] "GET /favicon.ico HTTP/1.1" 404 3551 "https://www.dkkapusta1997.usermd.net/" "Mozilla/5.0 (X11; Linux x86_64) AppleWebKit/537.36 (KHTML, like Gecko) Chrome/137.0.0.0 Safari/537.36"
66.249.64.39 - - [02/Jul/2025:05:13:09 +0200] "GET /Jurek/eurofirany/images/390456/0.jpg HTTP/1.1" 200 144267 "-" "Googlebot-Image/1.0"
66.249.64.37 - - [02/Jul/2025:05:13:41 +0200] "GET /Jurek/eurofirany/images/389995/0.jpg HTTP/1.1" 200 124529 "-" "Googlebot-Image/1.0"
66.249.64.37 - - [02/Jul/2025:05:13:54 +0200] "GET /Jurek/eurofirany/images/392825/1.jpg HTTP/1.1" 200 176325 "-" "Googlebot-Image/1.0"
89.161.206.59 - - [02/Jul/2025:05:13:58 +0200] "GET /Jurek/alucon/feeds/alucon_cdsc.xml HTTP/1.0" 200 378765 "-" "-"
89.161.206.59 - - [02/Jul/2025:05:13:59 +0200] "GET /Jurek/equalo/feeds/equalo_cdsc.xml HTTP/1.0" 200 134205 "-" "-"
89.161.206.59 - - [02/Jul/2025:05:13:59 +0200] "GET /Jurek/smxdesign/feeds/smxdesign_cdsc.xml HTTP/1.0" 200 1154212 "-" "-"
66.249.64.37 - - [02/Jul/2025:05:13:59 +0200] "GET /Jurek/eurofirany/images/460838/8.jpg HTTP/1.1" 200 103795 "-" "Googlebot-Image/1.0"
89.161.206.59 - - [02/Jul/2025:05:14:00 +0200] "GET /Jurek/techrebal/feeds/techrebal_cdsc.xml HTTP/1.0" 200 1423344 "-" "-"
89.161.206.59 - - [02/Jul/2025:05:14:01 +0200] "GET /Jurek/broers/feeds/broers_cdsc.xml HTTP/1.0" 200 2303307 "-" "-"
89.161.206.59 - - [02/Jul/2025:05:14:01 +0200] "GET /Jurek/nonabox/feeds/nonabox_cdsc.xml HTTP/1.0" 200 39040 "-" "-"
89.161.206.59 - - [02/Jul/2025:05:14:01 +0200] "GET /Jurek/lampart/feeds/lampart_cdsc.xml HTTP/1.0" 200 1057894 "-" "-"
89.161.206.59 - - [02/Jul/2025:05:14:02 +0200] "GET /Jurek/zenex/feeds/zenex_cdsc.xml HTTP/1.0" 200 540160 "-" "-"
89.161.206.59 - - [02/Jul/2025:05:14:02 +0200] "GET /Jurek/avenido/feeds/avenido_cdsc.xml HTTP/1.0" 200 449221 "-" "-"
89.161.206.59 - - [02/Jul/2025:05:14:02 +0200] "GET /Jurek/filmal/feeds/filmal_cdsc.xml HTTP/1.0" 200 105875 "-" "-"
89.161.206.59 - - [02/Jul/2025:05:14:02 +0200] "GET /Jurek/takapara/feeds/takapara_cdsc.xml HTTP/1.0" 200 1398433 "-" "-"
89.161.206.59 - - [02/Jul/2025:05:14:03 +0200] "GET /Jurek/tsjerzy/feeds/tsjerzy_cdsc.xml HTTP/1.0" 200 4383100 "-" "-"
89.161.206.59 - - [02/Jul/2025:05:14:04 +0200] "GET /Jurek/riko/feeds/riko_cdsc.xml HTTP/1.0" 200 3648829 "-" "-"
89.161.206.59 - - [02/Jul/2025:05:14:05 +0200] "GET /Jurek/carbonyway/feeds/carbonyway_cdsc.xml HTTP/1.0" 200 2759316 "-" "-"
46.101.116.244 - - [02/Jul/2025:05:14:11 +0200] "GET /Jurek/fernity/feeds/fernity_cdiscount.xml HTTP/1.0" 200 3130675 "-" "-"
66.249.64.37 - - [02/Jul/2025:05:14:32 +0200] "GET /Jurek/eurofirany/images/390429/7.jpg HTTP/1.1" 200 6595 "-" "Googlebot-Image/1.0"
66.249.64.37 - - [02/Jul/2025:05:14:45 +0200] "GET /Jurek/eurofirany/images/383108/4.jpg HTTP/1.1" 200 263060 "-" "Googlebot-Image/1.0"
46.101.116.244 - - [02/Jul/2025:05:15:35 +0200] "GET /Jurek/hurtownia_przemyslowa/feeds/hp_cdiscount.xml HTTP/1.0" 200 36714136 "-" "-"
66.249.64.37 - - [02/Jul/2025:05:15:36 +0200] "GET /Jurek/eurofirany/images/433249/2.jpg HTTP/1.1" 200 6625 "-" "Googlebot-Image/1.0"
46.101.116.244 - - [02/Jul/2025:05:16:04 +0200] "GET /Jurek/kinghoff/feeds/kinghoff_ceneo.xml HTTP/1.0" 200 15654043 "-" "-"
46.101.116.244 - - [02/Jul/2025:05:16:06 +0200] "GET /Jurek/barbecook/feeds/barbecook_allegro.xml HTTP/1.0" 200 87554 "-" "-"
46.101.116.244 - - [02/Jul/2025:05:16:09 +0200] "GET /Jurek/vida_morele/feeds/vidaPL_velomarket_category0.xml HTTP/1.0" 200 157818668 "-" "-"
66.249.64.39 - - [02/Jul/2025:05:16:21 +0200] "GET /Jurek/eurofirany/images/423951/4.jpg HTTP/1.1" 200 0 "-" "Googlebot-Image/1.0"
89.161.206.59 - - [02/Jul/2025:05:16:52 +0200] "GET /Jurek/artdog/feeds/artdog_amazones.xml HTTP/1.0" 200 17158975 "-" "-"
89.161.206.59 - - [02/Jul/2025:05:17:05 +0200] "GET /Jurek/mosti/feeds/mosti_emagro.xml HTTP/1.0" 200 4628076 "-" "-"
66.249.64.38 - - [02/Jul/2025:05:17:41 +0200] "GET /Jurek/eurofirany/images/383062/2.jpg HTTP/1.1" 200 50116 "-" "Googlebot-Image/1.0"
66.249.64.37 - - [02/Jul/2025:05:18:01 +0200] "GET /Jurek/eurofirany/images/398405/2.jpg HTTP/1.1" 200 50239 "-" "Googlebot-Image/1.0"
66.249.64.37 - - [02/Jul/2025:05:18:37 +0200] "GET /Jurek/eurofirany/images/391481/2.jpg HTTP/1.1" 200 79878 "-" "Googlebot-Image/1.0"
66.249.64.37 - - [02/Jul/2025:05:18:43 +0200] "GET /Jurek/topeshop/downloaded_images/5904507202408_Modern2P_Sonoma(1).jpg HTTP/1.1" 404 3551 "-" "Googlebot-Image/1.0"
66.249.64.39 - - [02/Jul/2025:05:19:02 +0200] "GET /Jurek/topeshop/downloaded_images/5904507200176_MIJASBIURKOBRY%C5%81KASONOMAPRAWEFRONTZM.jpg HTTP/1.1" 404 3551 "-" "Googlebot-Image/1.0"
66.249.64.38 - - [02/Jul/2025:05:19:15 +0200] "GET /Jurek/eurofirany/images/315130/6.jpg HTTP/1.1" 200 142176 "-" "Googlebot-Image/1.0"
185.6.76.166 - - [02/Jul/2025:05:19:27 +0200] "GET /Jurek/eurofirany/images/415537/0.jpg HTTP/1.1" 200 6595 "-" "Skroutz ImageBot v1"
185.6.76.166 - - [02/Jul/2025:05:19:27 +0200] "GET /Jurek/eurofirany/images/30976/0.jpg HTTP/1.1" 200 6595 "-" "Skroutz ImageBot v1"
185.6.76.166 - - [02/Jul/2025:05:19:27 +0200] "GET /Jurek/eurofirany/images/415543/0.jpg HTTP/1.1" 200 6595 "-" "Skroutz ImageBot v1"
185.6.76.166 - - [02/Jul/2025:05:19:27 +0200] "GET /Jurek/eurofirany/images/426310/0.jpg HTTP/1.1" 200 6625 "-" "Skroutz ImageBot v1"
185.6.76.166 - - [02/Jul/2025:05:19:27 +0200] "GET /Jurek/eurofirany/images/423131/0.jpg HTTP/1.1" 200 0 "-" "Skroutz ImageBot v1"
185.6.76.166 - - [02/Jul/2025:05:19:28 +0200] "GET /Jurek/eurofirany/images/419799/0.jpg HTTP/1.1" 200 6595 "-" "Skroutz ImageBot v1"
185.6.76.166 - - [02/Jul/2025:05:19:28 +0200] "GET /Jurek/eurofirany/images/439440/0.jpg HTTP/1.1" 200 33 "-" "Skroutz ImageBot v1"
185.6.76.166 - - [02/Jul/2025:05:19:28 +0200] "GET /Jurek/eurofirany/images/419493/0.jpg HTTP/1.1" 200 6595 "-" "Skroutz ImageBot v1"
185.6.76.166 - - [02/Jul/2025:05:19:28 +0200] "GET /Jurek/eurofirany/images/439436/0.jpg HTTP/1.1" 200 33 "-" "Skroutz ImageBot v1"
185.6.76.166 - - [02/Jul/2025:05:19:29 +0200] "GET /Jurek/eurofirany/images/439437/0.jpg HTTP/1.1" 200 33 "-" "Skroutz ImageBot v1"
185.6.76.166 - - [02/Jul/2025:05:19:29 +0200] "GET /Jurek/eurofirany/images/418628/0.jpg HTTP/1.1" 200 6595 "-" "Skroutz ImageBot v1"
185.6.76.166 - - [02/Jul/2025:05:19:30 +0200] "GET /Jurek/eurofirany/images/419487/0.jpg HTTP/1.1" 200 6595 "-" "Skroutz ImageBot v1"
185.6.76.166 - - [02/Jul/2025:05:19:30 +0200] "GET /Jurek/eurofirany/images/416214/0.jpg HTTP/1.1" 200 6595 "-" "Skroutz ImageBot v1"
185.6.76.166 - - [02/Jul/2025:05:19:30 +0200] "GET /Jurek/eurofirany/images/415915/0.jpg HTTP/1.1" 200 6595 "-" "Skroutz ImageBot v1"
185.6.76.166 - - [02/Jul/2025:05:19:30 +0200] "GET /Jurek/eurofirany/images/415917/0.jpg HTTP/1.1" 200 6595 "-" "Skroutz ImageBot v1"
185.6.76.166 - - [02/Jul/2025:05:19:30 +0200] "GET /Jurek/eurofirany/images/419751/0.jpg HTTP/1.1" 200 6595 "-" "Skroutz ImageBot v1"
185.6.76.166 - - [02/Jul/2025:05:19:30 +0200] "GET /Jurek/eurofirany/images/45089/0.jpg HTTP/1.1" 200 6625 "-" "Skroutz ImageBot v1"
185.6.76.166 - - [02/Jul/2025:05:19:30 +0200] "GET /Jurek/eurofirany/images/426312/0.jpg HTTP/1.1" 200 6625 "-" "Skroutz ImageBot v1"
185.6.76.166 - - [02/Jul/2025:05:19:30 +0200] "GET /Jurek/eurofirany/images/418629/0.jpg HTTP/1.1" 200 6595 "-" "Skroutz ImageBot v1"
185.6.76.166 - - [02/Jul/2025:05:19:31 +0200] "GET /Jurek/eurofirany/images/426277/0.jpg HTTP/1.1" 200 6625 "-" "Skroutz ImageBot v1"
185.6.76.166 - - [02/Jul/2025:05:19:31 +0200] "GET /Jurek/eurofirany/images/426272/0.jpg HTTP/1.1" 200 6625 "-" "Skroutz ImageBot v1"
185.6.76.166 - - [02/Jul/2025:05:19:31 +0200] "GET /Jurek/eurofirany/images/423201/0.jpg HTTP/1.1" 200 0 "-" "Skroutz ImageBot v1"
185.6.76.166 - - [02/Jul/2025:05:19:31 +0200] "GET /Jurek/eurofirany/images/419475/0.jpg HTTP/1.1" 200 6595 "-" "Skroutz ImageBot v1"
185.6.76.166 - - [02/Jul/2025:05:19:31 +0200] "GET /Jurek/eurofirany/images/419492/0.jpg HTTP/1.1" 200 6595 "-" "Skroutz ImageBot v1"
185.6.76.166 - - [02/Jul/2025:05:19:32 +0200] "GET /Jurek/eurofirany/images/418817/0.jpg HTTP/1.1" 200 6595 "-" "Skroutz ImageBot v1"
185.6.76.166 - - [02/Jul/2025:05:19:32 +0200] "GET /Jurek/eurofirany/images/418627/0.jpg HTTP/1.1" 200 6595 "-" "Skroutz ImageBot v1"
185.6.76.166 - - [02/Jul/2025:05:19:32 +0200] "GET /Jurek/eurofirany/images/416113/0.jpg HTTP/1.1" 200 6595 "-" "Skroutz ImageBot v1"
185.6.76.166 - - [02/Jul/2025:05:19:33 +0200] "GET /Jurek/eurofirany/images/436581/0.jpg HTTP/1.1" 200 6625 "-" "Skroutz ImageBot v1"
66.249.64.37 - - [02/Jul/2025:05:19:33 +0200] "GET /Jurek/eurofirany/images/383349/2.jpg HTTP/1.1" 200 51424 "-" "Googlebot-Image/1.0"
66.249.64.37 - - [02/Jul/2025:05:19:58 +0200] "GET /Jurek/eurofirany/images/382248/2.jpg HTTP/1.1" 200 6595 "-" "Googlebot-Image/1.0"
66.249.64.39 - - [02/Jul/2025:05:20:29 +0200] "GET /Jurek/eurofirany/images/409416/2.jpg HTTP/1.1" 200 39606 "-" "Googlebot-Image/1.0"
89.161.206.59 - - [02/Jul/2025:05:21:37 +0200] "GET /Jurek/roger/feeds/roger_emagro.xml HTTP/1.0" 200 1396800 "-" "-"
66.249.64.39 - - [02/Jul/2025:05:24:34 +0200] "GET /Jurek/eurofirany/images/423211/1.jpg HTTP/1.1" 200 107554 "-" "Googlebot-Image/1.0"
66.249.64.38 - - [02/Jul/2025:05:25:42 +0200] "GET /Jurek/eurofirany/images/386398/3.jpg HTTP/1.1" 200 167657 "-" "Googlebot-Image/1.0"
66.249.64.38 - - [02/Jul/2025:05:25:49 +0200] "GET /Jurek/eurofirany/images/389995/1.jpg HTTP/1.1" 200 79159 "-" "Googlebot-Image/1.0"
46.101.116.244 - - [02/Jul/2025:05:26:07 +0200] "GET /Jurek/fernity/feeds/fernity_manomano.xml HTTP/1.0" 200 4993484 "-" "-"
89.161.206.59 - - [02/Jul/2025:05:26:11 +0200] "GET /Jurek/eurofirany/feeds/eurofirany_manomanofr.xml HTTP/1.0" 200 18598870 "-" "-"
66.249.64.39 - - [02/Jul/2025:05:26:14 +0200] "GET /Jurek/eurofirany/images/371523/4.jpg HTTP/1.1" 200 125881 "-" "Googlebot-Image/1.0"
66.249.64.37 - - [02/Jul/2025:05:26:45 +0200] "GET /Jurek/eurofirany/images/409905/1.jpg HTTP/1.1" 200 144315 "-" "Googlebot-Image/1.0"
66.249.64.37 - - [02/Jul/2025:05:26:51 +0200] "GET /Jurek/eurofirany/images/389924/3.jpg HTTP/1.1" 200 291406 "-" "Googlebot-Image/1.0"
89.161.206.59 - - [02/Jul/2025:05:27:27 +0200] "GET /Jurek/roger/feeds/roger_manoFR.xml HTTP/1.0" 200 1147401 "-" "-"
46.101.116.244 - - [02/Jul/2025:05:27:36 +0200] "GET /Jurek/awparts/feeds/awparts_manoFR.xml HTTP/1.0" 200 142721233 "-" "-"
66.249.64.38 - - [02/Jul/2025:05:27:47 +0200] "GET /Jurek/eurofirany/images/382104/0.jpg HTTP/1.1" 200 209372 "-" "Googlebot-Image/1.0"
66.249.64.38 - - [02/Jul/2025:05:28:11 +0200] "GET /Jurek/topeshop/downloaded_images/5902838466742_wymiary_close_Obszar_roboczy_1.jpg HTTP/1.1" 200 80637 "-" "Googlebot-Image/1.0"
66.249.64.37 - - [02/Jul/2025:05:28:53 +0200] "GET /Jurek/topeshop/downloaded_images/5902838463338_Dallas_Sonoma(7).jpg HTTP/1.1" 404 3551 "-" "Googlebot-Image/1.0"
66.249.64.37 - - [02/Jul/2025:05:28:59 +0200] "GET /Jurek/eurofirany/images/398375/5.jpg HTTP/1.1" 200 225757 "-" "Googlebot-Image/1.0"
66.249.64.37 - - [02/Jul/2025:05:29:12 +0200] "GET /Jurek/eurofirany/images/390393/5.jpg HTTP/1.1" 200 254924 "-" "Googlebot-Image/1.0"
66.249.64.37 - - [02/Jul/2025:05:29:18 +0200] "GET /Jurek/eurofirany/images/403497/2.jpg HTTP/1.1" 200 6595 "-" "Googlebot-Image/1.0"
66.249.64.37 - - [02/Jul/2025:05:29:42 +0200] "GET /Jurek/eurofirany/images/378049/5.jpg HTTP/1.1" 200 33 "-" "Googlebot-Image/1.0"
89.161.206.59 - - [02/Jul/2025:05:31:01 +0200] "GET /Jurek/hdwr/feeds/hdwr_amazonde.xml HTTP/1.0" 200 789299 "-" "-"
66.249.64.37 - - [02/Jul/2025:05:31:03 +0200] "GET /Jurek/eurofirany/images/371523/1.jpg HTTP/1.1" 200 105501 "-" "Googlebot-Image/1.0"
89.161.206.59 - - [02/Jul/2025:05:31:07 +0200] "GET /Jurek/lerutrade/feeds/lerutrade_manoFR.xml HTTP/1.0" 200 82813 "-" "-"
66.249.64.38 - - [02/Jul/2025:05:31:10 +0200] "GET /Jurek/eurofirany/images/382105/3.jpg HTTP/1.1" 200 181826 "-" "Googlebot-Image/1.0"
66.249.64.37 - - [02/Jul/2025:05:31:15 +0200] "GET /Jurek/topeshop/downloaded_images/5904507202002_BILBAO4P__ARTISAN(3).jpg HTTP/1.1" 404 3551 "-" "Googlebot-Image/1.0"
66.249.64.37 - - [02/Jul/2025:05:31:28 +0200] "GET /Jurek/eurofirany/images/383056/3.jpg HTTP/1.1" 200 6595 "-" "Googlebot-Image/1.0"
89.161.206.59 - - [02/Jul/2025:05:32:24 +0200] "GET /Jurek/lerutrade/feeds/lerutrade_emag.xml HTTP/1.0" 200 82815 "-" "-"
66.249.64.37 - - [02/Jul/2025:05:32:36 +0200] "GET /Jurek/topeshop/downloaded_images/5904507207489_20st_mijas_prawy_open_zielony.png HTTP/1.1" 404 3551 "-" "Googlebot-Image/1.0"
46.101.116.244 - - [02/Jul/2025:05:32:54 +0200] "GET /Jurek/piotrmiedz/feeds/piotrmiedz_emagro.xml HTTP/1.0" 200 91083906 "-" "-"
66.249.64.39 - - [02/Jul/2025:05:33:07 +0200] "GET /Jurek/topeshop/downloaded_images/5904507201951_aaaartv140.jpg HTTP/1.1" 200 125198 "-" "Googlebot-Image/1.0"
66.249.64.37 - - [02/Jul/2025:05:33:38 +0200] "GET /Jurek/eurofirany/images/390399/7.jpg HTTP/1.1" 200 6595 "-" "Googlebot-Image/1.0"
66.249.64.37 - - [02/Jul/2025:05:33:56 +0200] "GET /Jurek/eurofirany/images/372654/5.jpg HTTP/1.1" 200 50872 "-" "Googlebot-Image/1.0"
66.249.64.39 - - [02/Jul/2025:05:34:09 +0200] "GET /Jurek/eurofirany/images/383056/4.jpg HTTP/1.1" 200 43416 "-" "Googlebot-Image/1.0"
85.232.241.194 - - [02/Jul/2025:05:34:23 +0200] "GET /Jurek/action/feeds/action_carrefour.xml HTTP/1.1" 200 60823902 "-" "Python-urllib/3.11"
89.161.206.59 - - [02/Jul/2025:05:35:04 +0200] "GET /Jurek/alucon/feeds/alucon_emagro.xml HTTP/1.0" 200 553721 "-" "-"
66.249.64.37 - - [02/Jul/2025:05:35:05 +0200] "GET /Jurek/topeshop/downloaded_images/5904507202392_Modern2P_Biel(1).jpg HTTP/1.1" 404 3551 "-" "Googlebot-Image/1.0"
66.249.64.38 - - [02/Jul/2025:05:35:11 +0200] "GET /Jurek/eurofirany/images/390441/6.jpg HTTP/1.1" 200 267274 "-" "Googlebot-Image/1.0"
85.232.241.194 - - [02/Jul/2025:05:35:27 +0200] "GET /Jurek/action/feeds/action_carrefour_fr.xml HTTP/1.1" 200 60822989 "-" "Python-urllib/3.11"
66.249.64.37 - - [02/Jul/2025:05:35:56 +0200] "GET /Jurek/topeshop/downloaded_images/5904507201999_BILBAO_4P_2_2.png HTTP/1.1" 200 1317233 "-" "Googlebot-Image/1.0"
66.249.64.39 - - [02/Jul/2025:05:36:07 +0200] "GET /Jurek/eurofirany/images/464366/5.jpg HTTP/1.1" 200 234658 "-" "Googlebot-Image/1.0"
77.79.248.229 - - [02/Jul/2025:05:36:10 +0200] "GET /Jurek/eurofirany/feeds/eurofirany_cdon_se.xml HTTP/1.1" 200 18615682 "-" "python-requests/2.32.3"
77.79.248.229 - - [02/Jul/2025:05:36:11 +0200] "GET /Jurek/eurofirany/feeds/eurofirany_cdon_dk.xml HTTP/1.1" 200 18615628 "-" "python-requests/2.32.3"
77.79.248.229 - - [02/Jul/2025:05:36:11 +0200] "GET /Jurek/eurofirany/feeds/eurofirany_cdon_fi.xml HTTP/1.1" 200 18598913 "-" "python-requests/2.32.3"
77.79.248.229 - - [02/Jul/2025:05:36:12 +0200] "GET /Jurek/stema/feeds/stema_cdon_se.xml HTTP/1.1" 200 897601 "-" "python-requests/2.32.3"
77.79.248.229 - - [02/Jul/2025:05:36:12 +0200] "GET /Jurek/stema/feeds/stema_cdon_dk.xml HTTP/1.1" 200 897451 "-" "python-requests/2.32.3"
77.79.248.229 - - [02/Jul/2025:05:36:12 +0200] "GET /Jurek/stema/feeds/stema_cdon_fi.xml HTTP/1.1" 200 897169 "-" "python-requests/2.32.3"
66.249.64.38 - - [02/Jul/2025:05:36:13 +0200] "GET /Jurek/eurofirany/images/428726/9.jpg HTTP/1.1" 200 245845 "-" "Googlebot-Image/1.0"
77.79.248.229 - - [02/Jul/2025:05:36:20 +0200] "GET /Jurek/ikonka/feeds/ikonka_cdon_se.xml HTTP/1.1" 200 21443664 "-" "python-requests/2.32.3"
77.79.248.229 - - [02/Jul/2025:05:36:20 +0200] "GET /Jurek/ikonka/feeds/ikonka_cdon_dk.xml HTTP/1.1" 200 21443616 "-" "python-requests/2.32.3"
77.79.248.229 - - [02/Jul/2025:05:36:21 +0200] "GET /Jurek/ikonka/feeds/ikonka_cdon_fi.xml HTTP/1.1" 200 21441551 "-" "python-requests/2.32.3"
77.79.248.229 - - [02/Jul/2025:05:36:21 +0200] "GET /Jurek/fernity/feeds/fernity_cdon_fi.xml HTTP/1.1" 200 4993393 "-" "python-requests/2.32.3"
77.79.248.229 - - [02/Jul/2025:05:36:21 +0200] "GET /Jurek/fernity/feeds/fernity_cdon_se.xml HTTP/1.1" 200 4996614 "-" "python-requests/2.32.3"
77.79.248.229 - - [02/Jul/2025:05:36:21 +0200] "GET /Jurek/fernity/feeds/fernity_cdon_dk.xml HTTP/1.1" 200 4996121 "-" "python-requests/2.32.3"
77.79.248.229 - - [02/Jul/2025:05:36:21 +0200] "GET /Jurek/activeshop/feeds/activeshop_cdon_se.xml HTTP/1.1" 200 10373925 "-" "python-requests/2.32.3"
77.79.248.229 - - [02/Jul/2025:05:36:21 +0200] "GET /Jurek/activeshop/feeds/activeshop_cdon_dk.xml HTTP/1.1" 200 10373636 "-" "python-requests/2.32.3"
77.79.248.229 - - [02/Jul/2025:05:36:22 +0200] "GET /Jurek/activeshop/feeds/activeshop_cdon_fi.xml HTTP/1.1" 200 10370011 "-" "python-requests/2.32.3"
77.79.248.229 - - [02/Jul/2025:05:36:22 +0200] "GET /Jurek/barbecook/feeds/barbecook_cdon_se.xml HTTP/1.1" 200 87595 "-" "python-requests/2.32.3"
77.79.248.229 - - [02/Jul/2025:05:36:22 +0200] "GET /Jurek/barbecook/feeds/barbecook_cdon_dk.xml HTTP/1.1" 200 87590 "-" "python-requests/2.32.3"
77.79.248.229 - - [02/Jul/2025:05:36:22 +0200] "GET /Jurek/barbecook/feeds/barbecook_cdon_fi.xml HTTP/1.1" 200 87531 "-" "python-requests/2.32.3"
77.79.248.229 - - [02/Jul/2025:05:36:23 +0200] "GET /Jurek/action/feeds/action_cdon_se.xml HTTP/1.1" 200 60326221 "-" "python-requests/2.32.3"
77.79.248.229 - - [02/Jul/2025:05:36:23 +0200] "GET /Jurek/action/feeds/action_cdon_dk.xml HTTP/1.1" 200 60864919 "-" "python-requests/2.32.3"
77.79.248.229 - - [02/Jul/2025:05:36:24 +0200] "GET /Jurek/action/feeds/action_cdon_fi.xml HTTP/1.1" 200 60837894 "-" "python-requests/2.32.3"
66.249.64.37 - - [02/Jul/2025:05:36:50 +0200] "GET /Jurek/eurofirany/images/415637/5.jpg HTTP/1.1" 200 117295 "-" "Googlebot-Image/1.0"
66.249.64.39 - - [02/Jul/2025:05:37:52 +0200] "GET /Jurek/eurofirany/images/383472/3.jpg HTTP/1.1" 200 43995 "-" "Googlebot-Image/1.0"
77.79.248.229 - - [02/Jul/2025:05:38:09 +0200] "GET /Jurek/vidaSI/feeds/vidaSI_bigbang.xml HTTP/1.1" 200 828248506 "-" "Python-urllib/3.11"
52.17.80.36 - - [02/Jul/2025:05:38:11 +0200] "GET /marketplaces/worten2/results/worten.csv HTTP/1.1" 200 28934687 "-" "Mirakl HttpClient"
66.249.64.38 - - [02/Jul/2025:05:38:17 +0200] "GET /Jurek/eurofirany/images/45640/5.jpg HTTP/1.1" 200 67223 "-" "Googlebot-Image/1.0"
77.79.248.229 - - [02/Jul/2025:05:38:25 +0200] "GET /Jurek/action/feeds/action_bigbang.xml HTTP/1.1" 200 60833256 "-" "Python-urllib/3.11"
77.79.248.229 - - [02/Jul/2025:05:38:26 +0200] "GET /Jurek/ikonka/feeds/ikonka_bigbang.xml HTTP/1.1" 200 21441555 "-" "Python-urllib/3.11"
66.249.64.38 - - [02/Jul/2025:05:38:26 +0200] "GET /Jurek/eurofirany/images/390441/5.jpg HTTP/1.1" 200 240573 "-" "Googlebot-Image/1.0"
77.79.248.229 - - [02/Jul/2025:05:38:28 +0200] "GET /Jurek/b3/feeds/b3_bigbang.xml HTTP/1.1" 200 7931306 "-" "Python-urllib/3.11"
77.79.248.229 - - [02/Jul/2025:05:38:29 +0200] "GET /Jurek/asortymenteu/feeds/asortymenteu_bigbang.xml HTTP/1.1" 200 2959701 "-" "Python-urllib/3.11"
77.79.248.229 - - [02/Jul/2025:05:38:29 +0200] "GET /Jurek/stema/feeds/stema_bigbang.xml HTTP/1.1" 200 897020 "-" "Python-urllib/3.11"
77.79.248.229 - - [02/Jul/2025:05:38:29 +0200] "GET /Jurek/sempler/feeds/sempler_bigbang.xml HTTP/1.1" 200 6787675 "-" "Python-urllib/3.11"
77.79.248.229 - - [02/Jul/2025:05:38:29 +0200] "GET /Jurek/benetech/feeds/benetech_bigbang.xml HTTP/1.1" 200 4165462 "-" "Python-urllib/3.11"
77.79.248.229 - - [02/Jul/2025:05:38:29 +0200] "GET /Jurek/ekuchcikowo/feeds/ekuchcikowo_bigbang.xml HTTP/1.1" 200 12470785 "-" "Python-urllib/3.11"
77.79.248.229 - - [02/Jul/2025:05:38:30 +0200] "GET /Jurek/erohurtownia/feeds/erohurtownia_bigbang.xml HTTP/1.1" 200 22841323 "-" "Python-urllib/3.11"
77.79.248.229 - - [02/Jul/2025:05:38:31 +0200] "GET /Jurek/awparts/feeds/awparts_bigbang.xml HTTP/1.1" 200 142721225 "-" "Python-urllib/3.11"
77.79.248.229 - - [02/Jul/2025:05:38:31 +0200] "GET /Jurek/najtanszysport/feeds/najtanszysport_bigbang.xml HTTP/1.1" 200 3982969 "-" "Python-urllib/3.11"
77.79.248.229 - - [02/Jul/2025:05:38:32 +0200] "GET /Jurek/playcob/feeds/playcob_bigbang.xml HTTP/1.1" 200 6980194 "-" "Python-urllib/3.11"
77.79.248.229 - - [02/Jul/2025:05:38:32 +0200] "GET /Jurek/kidshop/feeds/kidshop_bigbang.xml HTTP/1.1" 200 19845640 "-" "Python-urllib/3.11"
77.79.248.229 - - [02/Jul/2025:05:38:32 +0200] "GET /Jurek/elavia/feeds/elavia_bigbang.xml HTTP/1.1" 200 2497312 "-" "Python-urllib/3.11"
77.79.248.229 - - [02/Jul/2025:05:38:32 +0200] "GET /Jurek/straganbiur/feeds/straganbiur_bigbang.xml HTTP/1.1" 200 8889108 "-" "Python-urllib/3.11"
77.79.248.229 - - [02/Jul/2025:05:38:32 +0200] "GET /Jurek/elecomp/feeds/elecomp_bigbang.xml HTTP/1.1" 200 2866267 "-" "Python-urllib/3.11"
77.79.248.229 - - [02/Jul/2025:05:38:33 +0200] "GET /Jurek/roger/feeds/roger_bigbang.xml HTTP/1.1" 200 1396545 "-" "Python-urllib/3.11"
77.79.248.229 - - [02/Jul/2025:05:38:33 +0200] "GET /Jurek/kristronik/feeds/kristronik_bigbang.xml HTTP/1.1" 200 691974 "-" "Python-urllib/3.11"
77.79.248.229 - - [02/Jul/2025:05:38:33 +0200] "GET /Jurek/oknobest/feeds/oknobest_bigbang.xml HTTP/1.1" 200 2708394 "-" "Python-urllib/3.11"
77.79.248.229 - - [02/Jul/2025:05:38:33 +0200] "GET /Jurek/globaldeli/feeds/globaldeli_bigbang.xml HTTP/1.1" 200 2590049 "-" "Python-urllib/3.11"
77.79.248.229 - - [02/Jul/2025:05:38:33 +0200] "GET /Jurek/rider/feeds/rider_bigbang.xml HTTP/1.1" 200 8165157 "-" "Python-urllib/3.11"
77.79.248.229 - - [02/Jul/2025:05:38:33 +0200] "GET /Jurek/luxma/feeds/luxma_bigbang.xml HTTP/1.1" 200 8058599 "-" "Python-urllib/3.11"
77.79.248.229 - - [02/Jul/2025:05:38:33 +0200] "GET /Jurek/smxdesign/feeds/smxdesign_bigbang.xml HTTP/1.1" 200 1829019 "-" "Python-urllib/3.11"
77.79.248.229 - - [02/Jul/2025:05:38:34 +0200] "GET /Jurek/dropkz/feeds/dropkz_bigbang.xml HTTP/1.1" 200 70014571 "-" "Python-urllib/3.11"
77.79.248.229 - - [02/Jul/2025:05:38:34 +0200] "GET /Jurek/pawonik/feeds/pawonik_bigbang.xml HTTP/1.1" 200 2138420 "-" "Python-urllib/3.11"
77.79.248.229 - - [02/Jul/2025:05:38:34 +0200] "GET /Jurek/spali/feeds/spali_bigbang.xml HTTP/1.1" 200 77046 "-" "Python-urllib/3.11"
77.79.248.229 - - [02/Jul/2025:05:38:34 +0200] "GET /Jurek/newtechele/feeds/newtechele_bigbang.xml HTTP/1.1" 200 2438422 "-" "Python-urllib/3.11"
77.79.248.229 - - [02/Jul/2025:05:38:35 +0200] "GET /Jurek/maksik/feeds/maksik_bigbang.xml HTTP/1.1" 200 4084162 "-" "Python-urllib/3.11"
77.79.248.229 - - [02/Jul/2025:05:38:35 +0200] "GET /Jurek/beltimore/feeds/beltimore_bigbang.xml HTTP/1.1" 200 18652542 "-" "Python-urllib/3.11"
77.79.248.229 - - [02/Jul/2025:05:38:35 +0200] "GET /Jurek/rovato/feeds/rovato_bigbang.xml HTTP/1.1" 200 180834 "-" "Python-urllib/3.11"
77.79.248.229 - - [02/Jul/2025:05:38:35 +0200] "GET /Jurek/eurofryz/feeds/eurofryz_bigbang.xml HTTP/1.1" 200 1381546 "-" "Python-urllib/3.11"
77.79.248.229 - - [02/Jul/2025:05:38:35 +0200] "GET /Jurek/alucon/feeds/alucon_bigbang.xml HTTP/1.1" 200 553685 "-" "Python-urllib/3.11"
77.79.248.229 - - [02/Jul/2025:05:38:35 +0200] "GET /Jurek/omi/feeds/omi_bigbang.xml HTTP/1.1" 200 8100707 "-" "Python-urllib/3.11"
77.79.248.229 - - [02/Jul/2025:05:38:36 +0200] "GET /Jurek/kamar/feeds/kamar_bigbang.xml HTTP/1.1" 200 25549962 "-" "Python-urllib/3.11"
77.79.248.229 - - [02/Jul/2025:05:38:36 +0200] "GET /Jurek/beautycare/feeds/beautycare_bigbang.xml HTTP/1.1" 200 1181284 "-" "Python-urllib/3.11"
77.79.248.229 - - [02/Jul/2025:05:38:36 +0200] "GET /Jurek/avenido/feeds/avenido_bigbang.xml HTTP/1.1" 200 720105 "-" "Python-urllib/3.11"
77.79.248.229 - - [02/Jul/2025:05:38:36 +0200] "GET /Jurek/zenex/feeds/zenex_bigbang.xml HTTP/1.1" 200 540162 "-" "Python-urllib/3.11"
77.79.248.229 - - [02/Jul/2025:05:38:36 +0200] "GET /Jurek/sternhoff/feeds/sternhoff_bigbang.xml HTTP/1.1" 200 1775249 "-" "Python-urllib/3.11"
77.79.248.229 - - [02/Jul/2025:05:38:36 +0200] "GET /Jurek/straganspoz/feeds/straganspoz_bigbang.xml HTTP/1.1" 200 9510050 "-" "Python-urllib/3.11"
77.79.248.229 - - [02/Jul/2025:05:38:36 +0200] "GET /Jurek/apresto/feeds/apresto_bigbang.xml HTTP/1.1" 200 1327586 "-" "Python-urllib/3.11"
77.79.248.229 - - [02/Jul/2025:05:38:36 +0200] "GET /Jurek/fertone/feeds/fertone_bigbang.xml HTTP/1.1" 200 576948 "-" "Python-urllib/3.11"
77.79.248.229 - - [02/Jul/2025:05:38:36 +0200] "GET /Jurek/fernity/feeds/fernity_bigbang.xml HTTP/1.1" 200 4993586 "-" "Python-urllib/3.11"
77.79.248.229 - - [02/Jul/2025:05:38:36 +0200] "GET /Jurek/jankeski/feeds/jankeski_bigbang.xml HTTP/1.1" 200 6571140 "-" "Python-urllib/3.11"
77.79.248.229 - - [02/Jul/2025:05:38:37 +0200] "GET /Jurek/bloomglow/feeds/bloomglow_bigbang.xml HTTP/1.1" 200 14095083 "-" "Python-urllib/3.11"
77.79.248.229 - - [02/Jul/2025:05:38:37 +0200] "GET /Jurek/galopi/feeds/galopi_bigbang.xml HTTP/1.1" 200 2111080 "-" "Python-urllib/3.11"
77.79.248.229 - - [02/Jul/2025:05:38:37 +0200] "GET /Jurek/hurtmeblowy/feeds/hurtmeblowy_bigbang.xml HTTP/1.1" 200 7827773 "-" "Python-urllib/3.11"
66.249.64.37 - - [02/Jul/2025:05:38:39 +0200] "GET /Jurek/eurofirany/images/409413/5.jpg HTTP/1.1" 200 598576 "-" "Googlebot-Image/1.0"
66.249.64.37 - - [02/Jul/2025:05:38:44 +0200] "GET /Jurek/eurofirany/images/371532/8.jpg HTTP/1.1" 200 145693 "-" "Googlebot-Image/1.0"
46.101.116.244 - - [02/Jul/2025:05:39:09 +0200] "GET /Jurek/eurofirany/feeds/eurofirany_ceneo.xml HTTP/1.0" 200 18602586 "-" "-"
66.249.64.38 - - [02/Jul/2025:05:39:15 +0200] "GET /Jurek/eurofirany/images/383267/6.jpg HTTP/1.1" 200 92501 "-" "Googlebot-Image/1.0"
66.249.64.39 - - [02/Jul/2025:05:40:30 +0200] "GET /Jurek/eurofirany/images/403501/0.jpg HTTP/1.1" 200 30923 "-" "Googlebot-Image/1.0"
66.249.64.38 - - [02/Jul/2025:05:40:30 +0200] "GET /Jurek/eurofirany/images/386398/4.jpg HTTP/1.1" 200 134642 "-" "Googlebot-Image/1.0"
66.249.64.38 - - [02/Jul/2025:05:40:49 +0200] "GET /Jurek/eurofirany/images/390391/5.jpg HTTP/1.1" 200 254924 "-" "Googlebot-Image/1.0"
66.249.64.38 - - [02/Jul/2025:05:41:07 +0200] "GET /Jurek/eurofirany/images/383321/6.jpg HTTP/1.1" 200 49572 "-" "Googlebot-Image/1.0"
66.249.64.37 - - [02/Jul/2025:05:41:44 +0200] "GET /Jurek/eurofirany/images/389924/1.jpg HTTP/1.1" 200 126016 "-" "Googlebot-Image/1.0"
46.101.116.244 - - [02/Jul/2025:05:43:12 +0200] "GET /Jurek/vivaldi/feeds/vivaldi_allegro.xml HTTP/1.0" 200 344685 "-" "-"
66.249.64.39 - - [02/Jul/2025:05:43:26 +0200] "GET /Jurek/topeshop/downloaded_images/5902838464359_KUBABIURKOBIEL2.png HTTP/1.1" 404 3551 "-" "Googlebot-Image/1.0"
66.249.64.37 - - [02/Jul/2025:05:43:39 +0200] "GET /Jurek/eurofirany/images/383057/4.jpg HTTP/1.1" 200 43416 "-" "Googlebot-Image/1.0"
66.249.64.37 - - [02/Jul/2025:05:43:45 +0200] "GET /Jurek/eurofirany/images/409906/4.jpg HTTP/1.1" 200 121438 "-" "Googlebot-Image/1.0"
66.249.64.38 - - [02/Jul/2025:05:44:41 +0200] "GET /Jurek/eurofirany/images/390413/9.jpg HTTP/1.1" 200 92563 "-" "Googlebot-Image/1.0"
66.249.64.38 - - [02/Jul/2025:05:44:54 +0200] "GET /Jurek/topeshop/downloaded_images/5902838463413_render_pop_.RGB_color.0012_kopia.png HTTP/1.1" 200 337992 "-" "Googlebot-Image/1.0"
66.249.64.37 - - [02/Jul/2025:05:45:12 +0200] "GET /Jurek/eurofirany/images/383350/1.jpg HTTP/1.1" 200 73776 "-" "Googlebot-Image/1.0"
89.161.206.59 - - [02/Jul/2025:05:45:21 +0200] "GET /Jurek/fernity/feeds/fernity_skroutz.xml HTTP/1.0" 200 4575931 "-" "-"
66.249.64.37 - - [02/Jul/2025:05:45:43 +0200] "GET /Jurek/eurofirany/images/383320/5.jpg HTTP/1.1" 200 83174 "-" "Googlebot-Image/1.0"
66.249.64.39 - - [02/Jul/2025:05:46:33 +0200] "GET /Jurek/eurofirany/images/398821/0.jpg HTTP/1.1" 200 28870 "-" "Googlebot-Image/1.0"
66.249.64.38 - - [02/Jul/2025:05:46:39 +0200] "GET /Jurek/topeshop/downloaded_images/5902838463277_Dallas_Biel(5).jpg HTTP/1.1" 404 3551 "-" "Googlebot-Image/1.0"
66.249.64.37 - - [02/Jul/2025:05:47:10 +0200] "GET /Jurek/eurofirany/images/390455/7.jpg HTTP/1.1" 200 6595 "-" "Googlebot-Image/1.0"
66.249.64.37 - - [02/Jul/2025:05:47:35 +0200] "GET /Jurek/topeshop/downloaded_images/5902838461273_I_RTV-140-MALWA_S.jpg HTTP/1.1" 200 141531 "-" "Googlebot-Image/1.0"
66.249.64.37 - - [02/Jul/2025:05:47:41 +0200] "GET /Jurek/eurofirany/images/383267/1.jpg HTTP/1.1" 200 80421 "-" "Googlebot-Image/1.0"
66.249.64.37 - - [02/Jul/2025:05:47:53 +0200] "GET /Jurek/eurofirany/images/371532/1.jpg HTTP/1.1" 200 105253 "-" "Googlebot-Image/1.0"
66.249.64.39 - - [02/Jul/2025:05:48:12 +0200] "GET /Jurek/eurofirany/images/389923/2.jpg HTTP/1.1" 200 90627 "-" "Googlebot-Image/1.0"
66.249.64.38 - - [02/Jul/2025:05:48:25 +0200] "GET /Jurek/eurofirany/images/438608/2.jpg HTTP/1.1" 200 131344 "-" "Googlebot-Image/1.0"
66.249.64.37 - - [02/Jul/2025:05:49:02 +0200] "GET /Jurek/topeshop/downloaded_images/5904507202392_Modern2P_Biel(4).jpg HTTP/1.1" 404 3551 "-" "Googlebot-Image/1.0"
66.249.64.37 - - [02/Jul/2025:05:49:14 +0200] "GET /Jurek/eurofirany/images/408993/6.jpg HTTP/1.1" 200 163662 "-" "Googlebot-Image/1.0"
66.249.64.37 - - [02/Jul/2025:05:49:20 +0200] "GET /Jurek/eurofirany/images/383058/4.jpg HTTP/1.1" 200 43416 "-" "Googlebot-Image/1.0"
66.249.64.37 - - [02/Jul/2025:05:49:40 +0200] "GET /Jurek/topeshop/downloaded_images/5904507207458_20st_mijas_lewy_zielonykopia.png HTTP/1.1" 200 259990 "-" "Googlebot-Image/1.0"
46.101.116.244 - - [02/Jul/2025:05:49:58 +0200] "GET /Jurek/topeshop/feeds/topeshop_skr.xml HTTP/1.0" 200 871552 "-" "-"
66.249.64.39 - - [02/Jul/2025:05:50:05 +0200] "GET /Jurek/eurofirany/images/459309/2.jpg HTTP/1.1" 200 150518 "-" "Googlebot-Image/1.0"
66.249.64.38 - - [02/Jul/2025:05:50:17 +0200] "GET /Jurek/topeshop/downloaded_images/5902838464359_KUBABIURKOBIEL_.png HTTP/1.1" 404 3551 "-" "Googlebot-Image/1.0"
66.249.64.37 - - [02/Jul/2025:05:50:54 +0200] "GET /Jurek/eurofirany/images/416877/1.jpg HTTP/1.1" 200 6595 "-" "Googlebot-Image/1.0"
89.161.206.59 - - [02/Jul/2025:05:51:02 +0200] "GET /Jurek/kambukka/feeds/kambukka_skroutz.xml HTTP/1.0" 200 1022070 "-" "-"
89.161.206.59 - - [02/Jul/2025:05:51:03 +0200] "GET /Jurek/benetech/feeds/benetech_skroutz.xml HTTP/1.0" 200 2686512 "-" "-"
89.161.206.59 - - [02/Jul/2025:05:51:41 +0200] "GET /Jurek/beltimore/feeds/beltimore_amazonnl.xml HTTP/1.0" 200 18652446 "-" "-"
89.161.206.59 - - [02/Jul/2025:05:51:46 +0200] "GET /Jurek/hurtownia_przemyslowa/feeds/hp_amazon.xml HTTP/1.0" 200 49361031 "-" "-"
89.161.206.59 - - [02/Jul/2025:05:52:06 +0200] "GET /Jurek/eroplace/feeds/eroplace_skroutz.xml HTTP/1.0" 200 51211106 "-" "-"
89.161.206.59 - - [02/Jul/2025:05:52:16 +0200] "GET /Jurek/hurtownia_przemyslowa/feeds/hp_allegro_cz.xml HTTP/1.0" 200 49366579 "-" "-"
89.161.206.59 - - [02/Jul/2025:05:52:32 +0200] "GET /Jurek/mosti/feeds/mosti_skroutz.xml HTTP/1.0" 200 4633453 "-" "-"
89.161.206.59 - - [02/Jul/2025:05:55:40 +0200] "GET /Jurek/narzbud/feeds/narzbud_skroutz.xml HTTP/1.0" 200 1901151 "-" "-"
89.161.206.59 - - [02/Jul/2025:05:55:40 +0200] "GET /Jurek/drops/feeds/dropsofficecolection_skroutz.xml HTTP/1.0" 200 790673 "-" "-"
89.161.206.59 - - [02/Jul/2025:05:55:40 +0200] "GET /Jurek/szpaklampy/feeds/szpaklampy_skroutz.xml HTTP/1.0" 200 388197 "-" "-"
89.161.206.59 - - [02/Jul/2025:05:55:59 +0200] "GET /Jurek/galopi/feeds/galopi_skroutz.xml HTTP/1.0" 200 2111059 "-" "-"
66.249.64.37 - - [02/Jul/2025:05:56:12 +0200] "GET /Jurek/eurofirany/images/371523/14.jpg HTTP/1.1" 200 92726 "-" "Googlebot-Image/1.0"
89.161.206.59 - - [02/Jul/2025:05:56:22 +0200] "GET /Jurek/ekuchcikowo/feeds/ekuchcikowo_skroutz.xml HTTP/1.0" 200 12414528 "-" "-"
66.249.64.38 - - [02/Jul/2025:05:56:25 +0200] "GET /Jurek/eurofirany/images/390456/5.jpg HTTP/1.1" 200 240573 "-" "Googlebot-Image/1.0"
89.161.206.59 - - [02/Jul/2025:05:56:35 +0200] "GET /Jurek/drewdon/feeds/drewdon_skroutz.xml HTTP/1.0" 200 358911 "-" "-"
89.161.206.59 - - [02/Jul/2025:05:56:36 +0200] "GET /Jurek/rider/feeds/rider_skroutz.xml HTTP/1.0" 200 8165164 "-" "-"
89.161.206.59 - - [02/Jul/2025:05:56:37 +0200] "GET /Jurek/expertauto/feeds/expertauto_skroutz.xml HTTP/1.0" 200 1158917 "-" "-"
66.249.64.37 - - [02/Jul/2025:05:56:38 +0200] "GET /Jurek/topeshop/downloaded_images/5904507201982_BILBAO_4P_1_1.png HTTP/1.1" 200 1325493 "-" "Googlebot-Image/1.0"
66.249.64.37 - - [02/Jul/2025:05:56:56 +0200] "GET /Jurek/eurofirany/images/390455/4.jpg HTTP/1.1" 200 274644 "-" "Googlebot-Image/1.0"
66.249.64.39 - - [02/Jul/2025:05:57:09 +0200] "GET /Jurek/eurofirany/images/382251/2.jpg HTTP/1.1" 200 6595 "-" "Googlebot-Image/1.0"
5.134.208.158 - - [02/Jul/2025:05:57:27 +0200] "GET /Jurek/eurofirany/images/460087/0.jpg HTTP/1.1" 206 256 "https://www.ceneo.pl" "Mozilla/5.0 (Windows NT 10.0; Win64; x64) AppleWebKit/537.36 (KHTML, like Gecko) Chrome/87.0.4280.141 Safari/537.36"
5.134.208.158 - - [02/Jul/2025:05:57:27 +0200] "GET /Jurek/eurofirany/images/460087/0.jpg HTTP/1.1" 206 256 "https://www.ceneo.pl" "Mozilla/5.0 (Windows NT 10.0; Win64; x64) AppleWebKit/537.36 (KHTML, like Gecko) Chrome/87.0.4280.141 Safari/537.36"
89.161.206.59 - - [02/Jul/2025:05:57:32 +0200] "GET /Jurek/najtanszysport/feeds/najtanszysport_skroutz.xml HTTP/1.0" 200 3291169 "-" "-"
66.249.64.37 - - [02/Jul/2025:05:57:46 +0200] "GET /Jurek/eurofirany/images/409903/6.jpg HTTP/1.1" 200 6595 "-" "Googlebot-Image/1.0"
89.161.206.59 - - [02/Jul/2025:05:58:05 +0200] "GET /Jurek/sempler/feeds/sempler_allegro.xml HTTP/1.0" 200 6788105 "-" "-"
89.161.206.59 - - [02/Jul/2025:05:58:05 +0200] "GET /Jurek/narzbud/feeds/narzbud_allegro.xml HTTP/1.0" 200 1901261 "-" "-"
89.161.206.59 - - [02/Jul/2025:05:58:06 +0200] "GET /Jurek/urwiskowo/feeds/urwiskowo_allegro.xml HTTP/1.0" 200 9114850 "-" "-"
89.161.206.59 - - [02/Jul/2025:05:58:30 +0200] "GET /Jurek/eurofryz2/feeds/eurofryz2_skroutz.xml HTTP/1.0" 200 1376787 "-" "-"
66.249.64.39 - - [02/Jul/2025:05:58:55 +0200] "GET /Jurek/eurofirany/images/383061/4.jpg HTTP/1.1" 200 42667 "-" "Googlebot-Image/1.0"
66.249.64.39 - - [02/Jul/2025:05:59:01 +0200] "GET /Jurek/eurofirany/images/401946/5.jpg HTTP/1.1" 200 6595 "-" "Googlebot-Image/1.0"
89.161.206.59 - - [02/Jul/2025:05:59:15 +0200] "GET /Jurek/princelh/feeds/princelh_skroutz.xml HTTP/1.0" 200 133439 "-" "-"
89.161.206.59 - - [02/Jul/2025:05:59:21 +0200] "GET /Jurek/beltimore/feeds/beltimore_skroutz.xml HTTP/1.0" 200 18652410 "-" "-"
46.101.116.244 - - [02/Jul/2025:05:59:21 +0200] "GET /Jurek/eurofirany/feeds/eurofirany_erli.xml HTTP/1.0" 200 18602703 "-" "-"
89.161.206.59 - - [02/Jul/2025:05:59:22 +0200] "GET /Jurek/kristronik/feeds/kristronik_skroutz.xml HTTP/1.0" 200 691977 "-" "-"
89.161.206.59 - - [02/Jul/2025:05:59:27 +0200] "GET /Jurek/galopibhp/feeds/galopibhp_skroutz.xml HTTP/1.0" 200 1852397 "-" "-"
89.161.206.59 - - [02/Jul/2025:05:59:36 +0200] "GET /Jurek/nonabox/feeds/nonabox_skroutz.xml HTTP/1.0" 200 33865 "-" "-"
89.161.206.59 - - [02/Jul/2025:05:59:37 +0200] "GET /Jurek/omi/feeds/omi_skroutz.xml HTTP/1.0" 200 8100759 "-" "-"
66.249.64.37 - - [02/Jul/2025:05:59:45 +0200] "GET /Jurek/eurofirany/images/461620/1.jpg HTTP/1.1" 200 147294 "-" "Googlebot-Image/1.0"
89.161.206.59 - - [02/Jul/2025:05:59:47 +0200] "GET /Jurek/maksik/feeds/maksik_cdsc.xml HTTP/1.0" 200 2926885 "-" "-"
89.161.206.59 - - [02/Jul/2025:05:59:47 +0200] "GET /Jurek/hdwr/feeds/hdwr_cdsc.xml HTTP/1.0" 200 745610 "-" "-"
89.161.206.59 - - [02/Jul/2025:05:59:48 +0200] "GET /Jurek/eurofirany/feeds/eurofirany_cdiscount.xml HTTP/1.0" 200 22048505 "-" "-"
89.161.206.59 - - [02/Jul/2025:05:59:50 +0200] "GET /Jurek/amzteam/feeds/amzteam_cdsc.xml HTTP/1.0" 200 145336 "-" "-"
89.161.206.59 - - [02/Jul/2025:05:59:50 +0200] "GET /Jurek/muminky/feeds/muminky_cdsc.xml HTTP/1.0" 200 2935270 "-" "-"
89.161.206.59 - - [02/Jul/2025:05:59:50 +0200] "GET /Jurek/nexus/feeds/nexus_cdsc.xml HTTP/1.0" 200 326038 "-" "-"
89.161.206.59 - - [02/Jul/2025:05:59:50 +0200] "GET /Jurek/techrebalina/feeds/techrebalina_cdsc.xml HTTP/1.0" 200 1363581 "-" "-"
89.161.206.59 - - [02/Jul/2025:05:59:50 +0200] "GET /Jurek/regis/feeds/regis_cdsc.xml HTTP/1.0" 200 231389 "-" "-"
66.249.64.39 - - [02/Jul/2025:06:00:10 +0200] "GET /Jurek/eurofirany/images/390395/8.jpg HTTP/1.1" 200 238615 "-" "Googlebot-Image/1.0"
35.204.39.32 - - [02/Jul/2025:06:00:20 +0200] "GET /marketplaces/carrefour_fr/results/carrefour_fr.csv HTTP/1.1" 200 147218 "-" "Mirakl HttpClient"
85.14.86.141 - - [02/Jul/2025:06:00:23 +0200] "GET /Jurek/vida_morele/feeds/VidaPL_all.xml HTTP/2.0" 200 920007340 "-" "MarketplaceAPI curl/7.74.0 PHP/8"
66.249.64.37 - - [02/Jul/2025:06:00:41 +0200] "GET /Jurek/eurofirany/images/459309/3.jpg HTTP/1.1" 200 127783 "-" "Googlebot-Image/1.0"
52.18.22.0 - - [02/Jul/2025:06:00:42 +0200] "GET /marketplaces/ubaldi/results/ubaldi.csv HTTP/1.1" 200 147219 "-" "Mirakl HttpClient"
66.249.64.37 - - [02/Jul/2025:06:00:47 +0200] "GET /Jurek/eurofirany/images/371523/10.jpg HTTP/1.1" 200 178126 "-" "Googlebot-Image/1.0"
66.249.64.37 - - [02/Jul/2025:06:00:59 +0200] "GET /Jurek/eurofirany/images/401946/3.jpg HTTP/1.1" 200 199771 "-" "Googlebot-Image/1.0"
66.249.64.37 - - [02/Jul/2025:06:01:05 +0200] "GET /Jurek/topeshop/downloaded_images/5904507200084_MIJASBIURKOBRY%C5%81KABIELPRAWEFRONTOT.jpg HTTP/1.1" 404 3551 "-" "Googlebot-Image/1.0"
46.101.116.244 - - [02/Jul/2025:06:01:16 +0200] "GET /Jurek/hurtownia_przemyslowa/feeds/hp_alza.xml HTTP/2.0" 200 49378745 "-" "-"
89.161.206.59 - - [02/Jul/2025:06:01:28 +0200] "GET /Jurek/winoszarnia/feeds/winoszarnia_skroutz.xml HTTP/1.0" 200 6064600 "-" "-"
89.161.206.59 - - [02/Jul/2025:06:01:29 +0200] "GET /Jurek/eoptimo/feeds/eoptimo_skroutz.xml HTTP/1.0" 200 2094351 "-" "-"
89.161.206.59 - - [02/Jul/2025:06:01:29 +0200] "GET /Jurek/broers/feeds/broers_skroutz.xml HTTP/1.0" 200 1981449 "-" "-"
46.101.116.244 - - [02/Jul/2025:06:01:35 +0200] "GET /Jurek/hurtownia_przemyslowa/feeds/hp_kaufcz.xml HTTP/2.0" 200 49379115 "-" "-"
66.249.64.37 - - [02/Jul/2025:06:01:37 +0200] "GET /Jurek/topeshop/downloaded_images/5902838464359_KUBABIURKOBIEL2OT.png HTTP/1.1" 404 3551 "-" "Googlebot-Image/1.0"
35.204.39.32 - - [02/Jul/2025:06:01:50 +0200] "GET /marketplaces/vente/results/vente_nl.csv HTTP/1.1" 200 147219 "-" "Mirakl HttpClient"
35.204.39.32 - - [02/Jul/2025:06:01:50 +0200] "GET /marketplaces/vente/results/vente_fr.csv HTTP/1.1" 200 147219 "-" "Mirakl HttpClient"
35.204.39.32 - - [02/Jul/2025:06:01:50 +0200] "GET /marketplaces/vente/results/vente_be.csv HTTP/1.1" 200 147219 "-" "Mirakl HttpClient"
35.204.39.32 - - [02/Jul/2025:06:01:51 +0200] "GET /marketplaces/vente/results/vente_it.csv HTTP/1.1" 200 147219 "-" "Mirakl HttpClient"
35.204.39.32 - - [02/Jul/2025:06:01:51 +0200] "GET /marketplaces/vente/results/vente_es.csv HTTP/1.1" 200 147219 "-" "Mirakl HttpClient"
35.204.39.32 - - [02/Jul/2025:06:01:51 +0200] "GET /marketplaces/vente/results/vente_de.csv HTTP/1.1" 200 147219 "-" "Mirakl HttpClient"
52.18.22.0 - - [02/Jul/2025:06:01:56 +0200] "GET /marketplaces/rue/results/rue.csv HTTP/1.1" 200 147219 "-" "Mirakl HttpClient"
89.161.206.59 - - [02/Jul/2025:06:01:56 +0200] "GET /Jurek/purewear/feeds/purewear_skroutz.xml HTTP/1.0" 200 13350400 "-" "-"
66.249.64.37 - - [02/Jul/2025:06:01:56 +0200] "GET /Jurek/eurofirany/images/389997/3.jpg HTTP/1.1" 200 236062 "-" "Googlebot-Image/1.0"
46.101.116.244 - - [02/Jul/2025:06:02:06 +0200] "GET /Jurek/hurtownia_przemyslowa/feeds/hp_kaufsk.xml HTTP/2.0" 200 49358663 "-" "-"
66.249.64.39 - - [02/Jul/2025:06:02:08 +0200] "GET /Jurek/eurofirany/images/390455/12.jpg HTTP/1.1" 200 212063 "-" "Googlebot-Image/1.0"
66.249.64.37 - - [02/Jul/2025:06:02:14 +0200] "GET /Jurek/eurofirany/images/423950/7.jpg HTTP/1.1" 200 179273 "-" "Googlebot-Image/1.0"
46.101.116.244 - - [02/Jul/2025:06:02:36 +0200] "GET /Jurek/hurtownia_przemyslowa/feeds/hp_kaufde.xml HTTP/2.0" 200 49358631 "-" "-"
46.101.116.244 - - [02/Jul/2025:06:02:40 +0200] "GET /Jurek/kinghoff/feeds/kinghoff_empik.xml HTTP/1.0" 200 15653984 "-" "-"
89.161.206.59 - - [02/Jul/2025:06:02:54 +0200] "GET /Jurek/riko/feeds/riko_skr.xml HTTP/1.0" 200 3785098 "-" "-"
66.249.64.37 - - [02/Jul/2025:06:02:58 +0200] "GET /Jurek/eurofirany/images/416788/2.jpg HTTP/1.1" 200 253312 "-" "Googlebot-Image/1.0"
