46.101.116.244 - - [02/Jul/2025:03:58:31 +0200] "GET /Jurek/kinghome/feeds/kinghome_mallslex.xml HTTP/2.0" 200 6178373 "-" "-"
89.161.206.59 - - [02/Jul/2025:03:58:33 +0200] "GET /Jurek/fertone/feeds/fertone_skroutz.xml HTTP/1.0" 200 576953 "-" "-"
46.101.116.244 - - [02/Jul/2025:03:58:42 +0200] "GET /Jurek/kinghome/feeds/kinghome_mallslex.xml HTTP/2.0" 200 6178373 "-" "-"
89.161.206.59 - - [02/Jul/2025:03:58:50 +0200] "GET /Jurek/reman/feeds/reman_skroutz.xml HTTP/1.0" 200 1394830 "-" "-"
89.161.206.59 - - [02/Jul/2025:03:58:52 +0200] "GET /Jurek/urwiskowo/feeds/urwiskowo_skroutz.xml HTTP/1.0" 200 9114234 "-" "-"
46.101.116.244 - - [02/Jul/2025:03:58:52 +0200] "GET /Jurek/rovicky/feeds/rovicky_mallsiex.xml HTTP/2.0" 200 14836786 "-" "-"
46.101.116.244 - - [02/Jul/2025:03:59:03 +0200] "GET /Jurek/vivaldi/feeds/vivaldi_Mall-slex.xml HTTP/2.0" 200 344652 "-" "-"
66.249.64.38 - - [02/Jul/2025:03:59:07 +0200] "GET /Jurek/eurofirany/images/428727/1.jpg HTTP/1.1" 200 103815 "-" "Googlebot-Image/1.0"
66.249.64.38 - - [02/Jul/2025:04:00:16 +0200] "GET /Jurek/eurofirany/images/408376/2.jpg HTTP/1.1" 200 598889 "-" "Googlebot-Image/1.0"
35.204.39.32 - - [02/Jul/2025:04:00:19 +0200] "GET /marketplaces/carrefour_fr/results/carrefour_fr.csv HTTP/1.1" 200 147218 "-" "Mirakl HttpClient"
85.14.86.141 - - [02/Jul/2025:04:00:20 +0200] "GET /Jurek/vida_morele/feeds/VidaPL_all.xml HTTP/2.0" 200 920133118 "-" "MarketplaceAPI curl/7.74.0 PHP/8"
66.249.64.37 - - [02/Jul/2025:04:00:34 +0200] "GET /Jurek/topeshop/downloaded_images/5904507202002_BILBAO4P__ARTISAN(2).jpg HTTP/1.1" 404 3551 "-" "Googlebot-Image/1.0"
66.249.64.37 - - [02/Jul/2025:04:00:40 +0200] "GET /Jurek/eurofirany/images/390030/6.jpg HTTP/1.1" 200 168583 "-" "Googlebot-Image/1.0"
66.249.64.39 - - [02/Jul/2025:04:01:12 +0200] "GET /Jurek/topeshop/downloaded_images/5904507209438_wizmodern4PSlim.jpg HTTP/1.1" 200 132160 "-" "Googlebot-Image/1.0"
89.161.206.59 - - [02/Jul/2025:04:01:13 +0200] "GET /Jurek/em3/feeds/em3_skroutz.xml HTTP/1.0" 200 258919 "-" "-"
89.161.206.59 - - [02/Jul/2025:04:01:15 +0200] "GET /Jurek/photho/feeds/photho_emagro.xml HTTP/1.0" 200 1051394 "-" "-"
89.161.206.59 - - [02/Jul/2025:04:01:26 +0200] "GET /Jurek/equalo/feeds/equalo_skroutz.xml HTTP/1.0" 200 98005 "-" "-"
89.161.206.59 - - [02/Jul/2025:04:01:26 +0200] "GET /Jurek/lampart/feeds/lampart_skroutz.xml HTTP/1.0" 200 936038 "-" "-"
35.204.39.32 - - [02/Jul/2025:04:01:30 +0200] "GET /marketplaces/vente/results/vente_nl.csv HTTP/1.1" 200 147219 "-" "Mirakl HttpClient"
35.204.39.32 - - [02/Jul/2025:04:01:31 +0200] "GET /marketplaces/vente/results/vente_fr.csv HTTP/1.1" 200 3526258 "-" "Mirakl HttpClient"
35.204.39.32 - - [02/Jul/2025:04:01:32 +0200] "GET /marketplaces/vente/results/vente_be.csv HTTP/1.1" 200 3507240 "-" "Mirakl HttpClient"
35.204.39.32 - - [02/Jul/2025:04:01:32 +0200] "GET /marketplaces/vente/results/vente_it.csv HTTP/1.1" 200 868115 "-" "Mirakl HttpClient"
35.204.39.32 - - [02/Jul/2025:04:01:32 +0200] "GET /marketplaces/vente/results/vente_es.csv HTTP/1.1" 200 147219 "-" "Mirakl HttpClient"
35.204.39.32 - - [02/Jul/2025:04:01:32 +0200] "GET /marketplaces/vente/results/vente_de.csv HTTP/1.1" 200 147219 "-" "Mirakl HttpClient"
89.161.206.59 - - [02/Jul/2025:04:01:41 +0200] "GET /Jurek/carbonyway/feeds/carbonyway_skroutz.xml HTTP/1.0" 200 3075935 "-" "-"
89.161.206.59 - - [02/Jul/2025:04:01:43 +0200] "GET /Jurek/jakdroz/feeds/jakdroz_skroutz.xml HTTP/1.0" 200 1894346 "-" "-"
89.161.206.59 - - [02/Jul/2025:04:01:45 +0200] "GET /Jurek/filmal/feeds/filmal_skroutz.xml HTTP/1.0" 200 139268 "-" "-"
89.161.206.59 - - [02/Jul/2025:04:01:46 +0200] "GET /Jurek/jakdroz/feeds/jakdroz_skroutz.xml HTTP/1.0" 200 1894346 "-" "-"
89.161.206.59 - - [02/Jul/2025:04:01:48 +0200] "GET /Jurek/gandalf/feeds/gandalf_skr.xml HTTP/1.0" 200 1082524 "-" "-"
89.161.206.59 - - [02/Jul/2025:04:01:48 +0200] "GET /Jurek/tsjerzy/feeds/tsjerzy_skr.xml HTTP/1.0" 200 3840979 "-" "-"
66.249.64.37 - - [02/Jul/2025:04:01:55 +0200] "GET /Jurek/eurofirany/images/402738/2.jpg HTTP/1.1" 200 59086 "-" "Googlebot-Image/1.0"
85.232.241.194 - - [02/Jul/2025:04:01:56 +0200] "GET /Jurek/topeshop/feeds/topeshop_vente_it.xml HTTP/1.1" 200 3137949 "-" "Python-urllib/3.11"
52.18.22.0 - - [02/Jul/2025:04:02:00 +0200] "GET /marketplaces/rue/results/rue.csv HTTP/1.1" 200 147219 "-" "Mirakl HttpClient"
89.161.206.59 - - [02/Jul/2025:04:02:00 +0200] "GET /Jurek/apresto/feeds/apresto_skr.xml HTTP/1.0" 200 1316730 "-" "-"
89.161.206.59 - - [02/Jul/2025:04:02:03 +0200] "GET /Jurek/sovapl/feeds/sovapl_skr.xml HTTP/1.0" 200 8999633 "-" "-"
89.161.206.59 - - [02/Jul/2025:04:02:03 +0200] "GET /Jurek/missionair/feeds/missionair_skr.xml HTTP/1.0" 200 3154882 "-" "-"
85.232.241.194 - - [02/Jul/2025:04:02:04 +0200] "GET /Jurek/fernity/feeds/fernity_vente_it.xml HTTP/1.1" 200 3075971 "-" "Python-urllib/3.11"
85.232.241.194 - - [02/Jul/2025:04:02:04 +0200] "GET /Jurek/kinghome/feeds/kinghome_vente_it.xml HTTP/1.1" 200 5236122 "-" "Python-urllib/3.11"
85.232.241.194 - - [02/Jul/2025:04:02:04 +0200] "GET /Jurek/emibig/feeds/emibig_vente_it.xml HTTP/1.1" 200 2520074 "-" "Python-urllib/3.11"
85.232.241.194 - - [02/Jul/2025:04:02:04 +0200] "GET /Jurek/b3/feeds/b3_vente_it.xml HTTP/1.1" 200 7931315 "-" "Python-urllib/3.11"
89.161.206.59 - - [02/Jul/2025:04:02:06 +0200] "GET /Jurek/shiori/feeds/shiori_skroutz.xml HTTP/1.0" 200 453658 "-" "-"
89.161.206.59 - - [02/Jul/2025:04:02:11 +0200] "GET /Jurek/rems/feeds/rems_skr.xml HTTP/1.0" 200 8706186 "-" "-"
66.249.64.37 - - [02/Jul/2025:04:02:13 +0200] "GET /Jurek/eurofirany/images/404521/0.jpg HTTP/1.1" 200 64334 "-" "Googlebot-Image/1.0"
66.249.64.37 - - [02/Jul/2025:04:02:44 +0200] "GET /Jurek/eurofirany/images/383385/5.jpg HTTP/1.1" 200 98055 "-" "Googlebot-Image/1.0"
85.232.241.194 - - [02/Jul/2025:04:02:58 +0200] "GET /Jurek/asortymenteu/feeds/asortymenteu_vente_it.xml HTTP/1.1" 200 2959719 "-" "Python-urllib/3.11"
66.249.64.38 - - [02/Jul/2025:04:03:10 +0200] "GET /Jurek/eurofirany/images/404489/4.jpg HTTP/1.1" 200 6595 "-" "Googlebot-Image/1.0"
66.249.64.37 - - [02/Jul/2025:04:03:16 +0200] "GET /Jurek/eurofirany/images/383062/4.jpg HTTP/1.1" 200 42667 "-" "Googlebot-Image/1.0"
66.249.64.37 - - [02/Jul/2025:04:03:35 +0200] "GET /Jurek/eurofirany/images/372640/0.jpg HTTP/1.1" 200 59591 "-" "Googlebot-Image/1.0"
52.18.22.0 - - [02/Jul/2025:04:03:45 +0200] "GET /marketplaces/ubaldi/results/ubaldi.csv HTTP/1.1" 200 147219 "-" "Mirakl HttpClient"
85.14.86.141 - - [02/Jul/2025:04:03:47 +0200] "GET /Jurek/kinghoff/feeds/kinghoff_morele.xml HTTP/2.0" 200 15653891 "-" "MarketplaceAPI curl/7.74.0 PHP/8"
66.249.64.37 - - [02/Jul/2025:04:04:24 +0200] "GET /Jurek/eurofirany/images/390402/11.jpg HTTP/1.1" 200 131920 "-" "Googlebot-Image/1.0"
52.17.80.36 - - [02/Jul/2025:04:04:36 +0200] "GET /marketplaces/carrefour/results/carrefour.csv HTTP/1.1" 200 147219 "-" "Mirakl HttpClient"
66.249.64.37 - - [02/Jul/2025:04:04:43 +0200] "GET /Jurek/eurofirany/images/389995/4.jpg HTTP/1.1" 200 152981 "-" "Googlebot-Image/1.0"
89.161.206.59 - - [02/Jul/2025:04:04:46 +0200] "GET /Jurek/topeshop/feeds/topeshop_amazonFR.xml HTTP/1.0" 200 3137947 "-" "-"
89.161.206.59 - - [02/Jul/2025:04:04:46 +0200] "GET /Jurek/topeshop/feeds/topeshop_amazonIT.xml HTTP/1.0" 200 3137986 "-" "-"
89.161.206.59 - - [02/Jul/2025:04:04:46 +0200] "GET /Jurek/topeshop/feeds/topeshop_amazonDE.xml HTTP/1.0" 200 3137853 "-" "-"
89.161.206.59 - - [02/Jul/2025:04:04:47 +0200] "GET /Jurek/topeshop/feeds/topeshop_amazonSE.xml HTTP/1.0" 200 3138738 "-" "-"
89.161.206.59 - - [02/Jul/2025:04:04:47 +0200] "GET /Jurek/topeshop/feeds/topeshop_amazonES.xml HTTP/1.0" 200 3137993 "-" "-"
89.161.206.59 - - [02/Jul/2025:04:04:47 +0200] "GET /Jurek/topeshop/feeds/topeshop_amazonNL.xml HTTP/1.0" 200 3137930 "-" "-"
89.161.206.59 - - [02/Jul/2025:04:04:48 +0200] "GET /Jurek/topeshop/feeds/topeshop_amazonBE.xml HTTP/1.0" 200 3137959 "-" "-"
66.249.64.37 - - [02/Jul/2025:04:04:55 +0200] "GET /Jurek/eurofirany/images/372648/5.jpg HTTP/1.1" 200 42599 "-" "Googlebot-Image/1.0"
66.249.64.37 - - [02/Jul/2025:04:05:27 +0200] "GET /Jurek/eurofirany/images/390400/4.jpg HTTP/1.1" 200 181761 "-" "Googlebot-Image/1.0"
85.14.86.141 - - [02/Jul/2025:04:05:50 +0200] "GET /Jurek/eurofirany/feeds/eurofirany_morele.xml HTTP/2.0" 200 18600469 "-" "MarketplaceAPI curl/7.74.0 PHP/8"
85.14.86.141 - - [02/Jul/2025:04:06:12 +0200] "GET /Jurek/vivaldi/feeds/vivaldi_Morele-PL.xml HTTP/2.0" 200 344674 "-" "MarketplaceAPI curl/7.74.0 PHP/8"
66.249.64.38 - - [02/Jul/2025:04:06:16 +0200] "GET /Jurek/eurofirany/images/389928/7.jpg HTTP/1.1" 200 6595 "-" "Googlebot-Image/1.0"
66.249.64.37 - - [02/Jul/2025:04:06:23 +0200] "GET /Jurek/eurofirany/images/390413/5.jpg HTTP/1.1" 200 203134 "-" "Googlebot-Image/1.0"
66.249.64.37 - - [02/Jul/2025:04:06:42 +0200] "GET /Jurek/eurofirany/images/408993/5.jpg HTTP/1.1" 200 257428 "-" "Googlebot-Image/1.0"
66.249.64.37 - - [02/Jul/2025:04:06:53 +0200] "GET /Jurek/topeshop/downloaded_images/5904507200084_MIJASBIURKOBRY%C5%81KABIELPRAWEBOKOT.jpg HTTP/1.1" 404 3551 "-" "Googlebot-Image/1.0"
66.249.64.39 - - [02/Jul/2025:04:07:12 +0200] "GET /Jurek/eurofirany/images/390456/10.jpg HTTP/1.1" 200 200134 "-" "Googlebot-Image/1.0"
85.14.86.141 - - [02/Jul/2025:04:07:41 +0200] "GET /Jurek/aw/feeds/awnarzedzia_morele.xml HTTP/2.0" 200 90955606 "-" "MarketplaceAPI curl/7.74.0 PHP/8"
85.14.86.141 - - [02/Jul/2025:04:07:45 +0200] "GET /Jurek/vida_morele/feeds/VidaPL_morele.xml HTTP/2.0" 200 920133491 "-" "MarketplaceAPI curl/7.74.0 PHP/8"
66.249.64.37 - - [02/Jul/2025:04:07:49 +0200] "GET /Jurek/eurofirany/images/401946/2.jpg HTTP/1.1" 200 175245 "-" "Googlebot-Image/1.0"
66.249.64.37 - - [02/Jul/2025:04:07:55 +0200] "GET /Jurek/topeshop/downloaded_images/5902838466742_20_st.jpg HTTP/1.1" 200 63928 "-" "Googlebot-Image/1.0"
66.249.64.37 - - [02/Jul/2025:04:08:08 +0200] "GET /Jurek/eurofirany/images/383354/2.jpg HTTP/1.1" 200 29587 "-" "Googlebot-Image/1.0"
66.249.64.38 - - [02/Jul/2025:04:08:27 +0200] "GET /Jurek/topeshop/downloaded_images/5902838466681_3.png HTTP/1.1" 404 3551 "-" "Googlebot-Image/1.0"
85.14.86.141 - - [02/Jul/2025:04:08:44 +0200] "GET /Jurek/beliani/feeds/beliani_morele.xml HTTP/2.0" 200 30500502 "-" "MarketplaceAPI curl/7.74.0 PHP/8"
89.161.206.59 - - [02/Jul/2025:04:08:46 +0200] "GET /Jurek/targethome/feeds/targethome_skroutz.xml HTTP/1.0" 200 688622 "-" "-"
66.249.64.38 - - [02/Jul/2025:04:09:04 +0200] "GET /Jurek/eurofirany/images/383056/6.jpg HTTP/1.1" 200 95757 "-" "Googlebot-Image/1.0"
66.249.64.37 - - [02/Jul/2025:04:09:23 +0200] "GET /Jurek/eurofirany/images/383348/3.jpg HTTP/1.1" 200 49288 "-" "Googlebot-Image/1.0"
66.249.64.37 - - [02/Jul/2025:04:09:35 +0200] "GET /Jurek/eurofirany/images/409906/1.jpg HTTP/1.1" 200 144315 "-" "Googlebot-Image/1.0"
66.249.64.37 - - [02/Jul/2025:04:09:54 +0200] "GET /Jurek/eurofirany/images/390030/3.jpg HTTP/1.1" 200 161134 "-" "Googlebot-Image/1.0"
89.161.206.59 - - [02/Jul/2025:04:10:02 +0200] "GET /Jurek/pawonik/feeds/pawonik_skroutz.xml HTTP/1.0" 200 2138433 "-" "-"
66.249.64.38 - - [02/Jul/2025:04:10:06 +0200] "GET /Jurek/eurofirany/images/467982/0.jpg HTTP/1.1" 200 84479 "-" "Googlebot-Image/1.0"
89.161.206.59 - - [02/Jul/2025:04:10:06 +0200] "GET /Jurek/artdog/feeds/artdog_skroutz.xml HTTP/1.0" 200 16659499 "-" "-"
66.249.64.37 - - [02/Jul/2025:04:10:25 +0200] "GET /Jurek/eurofirany/images/371528/7.jpg HTTP/1.1" 200 79558 "-" "Googlebot-Image/1.0"
52.167.144.182 - - [02/Jul/2025:04:10:44 +0200] "GET /Jurek/eurofirany/images/433260/0.jpg HTTP/2.0" 200 6625 "-" "Mozilla/5.0 AppleWebKit/537.36 (KHTML, like Gecko; compatible; bingbot/2.0; +http://www.bing.com/bingbot.htm) Chrome/116.0.1938.76 Safari/537.36"
89.161.206.59 - - [02/Jul/2025:04:10:46 +0200] "GET /Jurek/waks/feeds/waks_amazonde.xml HTTP/1.0" 200 1596552 "-" "-"
89.161.206.59 - - [02/Jul/2025:04:10:47 +0200] "GET /Jurek/waks/feeds/waks_amazonfr.xml HTTP/1.0" 200 1596552 "-" "-"
89.161.206.59 - - [02/Jul/2025:04:10:47 +0200] "GET /Jurek/waks/feeds/waks_amazonit.xml HTTP/1.0" 200 1596551 "-" "-"
89.161.206.59 - - [02/Jul/2025:04:10:47 +0200] "GET /Jurek/waks/feeds/waks_amazones.xml HTTP/1.0" 200 1596552 "-" "-"
89.161.206.59 - - [02/Jul/2025:04:10:48 +0200] "GET /Jurek/waks/feeds/waks_amazonnl.xml HTTP/1.0" 200 1596551 "-" "-"
89.161.206.59 - - [02/Jul/2025:04:10:48 +0200] "GET /Jurek/waks/feeds/waks_amazonse.xml HTTP/1.0" 200 1598639 "-" "-"
89.161.206.59 - - [02/Jul/2025:04:10:49 +0200] "GET /Jurek/eroplace/feeds/eroplace_amazonde.xml HTTP/1.0" 200 52134770 "-" "-"
89.161.206.59 - - [02/Jul/2025:04:10:53 +0200] "GET /Jurek/ikonka/feeds/ikonka_ebayde.xml HTTP/1.0" 200 7959529 "-" "-"
89.161.206.59 - - [02/Jul/2025:04:10:54 +0200] "GET /Jurek/benetech/feeds/benetech_amazonde.xml HTTP/1.0" 200 4165473 "-" "-"
89.161.206.59 - - [02/Jul/2025:04:10:54 +0200] "GET /Jurek/artdog/feeds/artdog_amazonde.xml HTTP/1.0" 200 17158309 "-" "-"
89.161.206.59 - - [02/Jul/2025:04:10:56 +0200] "GET /Jurek/pawonik/feeds/pawonik_amazonde.xml HTTP/1.0" 200 2138428 "-" "-"
89.161.206.59 - - [02/Jul/2025:04:10:57 +0200] "GET /Jurek/eroplace/feeds/eroplace_amazonse.xml HTTP/1.0" 200 52158804 "-" "-"
89.161.206.59 - - [02/Jul/2025:04:11:00 +0200] "GET /Jurek/eroplace/feeds/eroplace_amazonnl.xml HTTP/1.0" 200 52134564 "-" "-"
89.161.206.59 - - [02/Jul/2025:04:11:03 +0200] "GET /Jurek/eroplace/feeds/eroplace_amazonfr.xml HTTP/1.0" 200 52134099 "-" "-"
89.161.206.59 - - [02/Jul/2025:04:11:07 +0200] "GET /Jurek/eroplace/feeds/eroplace_amazonit.xml HTTP/1.0" 200 52134308 "-" "-"
66.249.64.39 - - [02/Jul/2025:04:11:08 +0200] "GET /Jurek/topeshop/downloaded_images/5904507202392_Modern2P_Biel(2).jpg HTTP/1.1" 404 3551 "-" "Googlebot-Image/1.0"
89.161.206.59 - - [02/Jul/2025:04:11:10 +0200] "GET /Jurek/eroplace/feeds/eroplace_amazones.xml HTTP/1.0" 200 52134706 "-" "-"
89.161.206.59 - - [02/Jul/2025:04:11:13 +0200] "GET /Jurek/ralmetal/feeds/ralmetal_amazonde.xml HTTP/1.0" 200 2039856 "-" "-"
89.161.206.59 - - [02/Jul/2025:04:11:13 +0200] "GET /Jurek/ralmetal/feeds/ralmetal_amazonfr.xml HTTP/1.0" 200 2039898 "-" "-"
89.161.206.59 - - [02/Jul/2025:04:11:13 +0200] "GET /Jurek/ralmetal/feeds/ralmetal_amazonit.xml HTTP/1.0" 200 2039918 "-" "-"
89.161.206.59 - - [02/Jul/2025:04:11:13 +0200] "GET /Jurek/ralmetal/feeds/ralmetal_amazonnl.xml HTTP/1.0" 200 2039896 "-" "-"
89.161.206.59 - - [02/Jul/2025:04:11:14 +0200] "GET /Jurek/ralmetal/feeds/ralmetal_amazones.xml HTTP/1.0" 200 2039917 "-" "-"
89.161.206.59 - - [02/Jul/2025:04:11:15 +0200] "GET /Jurek/eurofirany/feeds/eurofirany_amazonES.xml HTTP/1.0" 200 18537822 "-" "-"
89.161.206.59 - - [02/Jul/2025:04:11:17 +0200] "GET /Jurek/eurofirany/feeds/eurofirany_amazonFR.xml HTTP/1.0" 200 18537881 "-" "-"
89.161.206.59 - - [02/Jul/2025:04:11:19 +0200] "GET /Jurek/eurofirany/feeds/eurofirany_amazonBE.xml HTTP/1.0" 200 18537816 "-" "-"
89.161.206.59 - - [02/Jul/2025:04:11:20 +0200] "GET /Jurek/eurofirany/feeds/eurofirany_amazaon_de.xml HTTP/1.0" 200 18538016 "-" "-"
89.161.206.59 - - [02/Jul/2025:04:11:21 +0200] "GET /Jurek/benetech/feeds/benetech_amazonit.xml HTTP/1.0" 200 4165489 "-" "-"
89.161.206.59 - - [02/Jul/2025:04:11:22 +0200] "GET /Jurek/benetech/feeds/benetech_amazonbe.xml HTTP/1.0" 200 4165459 "-" "-"
89.161.206.59 - - [02/Jul/2025:04:11:22 +0200] "GET /Jurek/benetech/feeds/benetech_amazonse.xml HTTP/1.0" 200 4165879 "-" "-"
89.161.206.59 - - [02/Jul/2025:04:11:24 +0200] "GET /Jurek/dekoele/feeds/dekoele_amazonbe.xml HTTP/1.0" 200 733935 "-" "-"
89.161.206.59 - - [02/Jul/2025:04:11:26 +0200] "GET /Jurek/artdog/feeds/artdog_amazonfr.xml HTTP/1.0" 200 17158399 "-" "-"
66.249.64.37 - - [02/Jul/2025:04:11:27 +0200] "GET /Jurek/eurofirany/images/422324/5.jpg HTTP/1.1" 200 162426 "-" "Googlebot-Image/1.0"
89.161.206.59 - - [02/Jul/2025:04:11:27 +0200] "GET /Jurek/carbonyway/feeds/carbonyway_amazonde.xml HTTP/1.0" 200 3075980 "-" "-"
89.161.206.59 - - [02/Jul/2025:04:11:28 +0200] "GET /Jurek/avenido/feeds/avenido_amazonde.xml HTTP/1.0" 200 720102 "-" "-"
89.161.206.59 - - [02/Jul/2025:04:11:30 +0200] "GET /Jurek/cdata/feeds/cdata_amazonde.xml HTTP/1.0" 200 1445166 "-" "-"
89.161.206.59 - - [02/Jul/2025:04:11:30 +0200] "GET /Jurek/drewdon/feeds/drewdon_amazonde.xml HTTP/1.0" 200 504445 "-" "-"
89.161.206.59 - - [02/Jul/2025:04:11:30 +0200] "GET /Jurek/alucon/feeds/alucon_amazonde.xml HTTP/1.0" 200 553684 "-" "-"
66.249.64.37 - - [02/Jul/2025:04:11:39 +0200] "GET /Jurek/eurofirany/images/409413/2.jpg HTTP/1.1" 200 48054 "-" "Googlebot-Image/1.0"
66.249.64.39 - - [02/Jul/2025:04:12:10 +0200] "GET /Jurek/topeshop/downloaded_images/5904507209438_MODERN4P(1).jpg HTTP/1.1" 404 3551 "-" "Googlebot-Image/1.0"
66.249.64.37 - - [02/Jul/2025:04:12:35 +0200] "GET /Jurek/eurofirany/images/467982/7.jpg HTTP/1.1" 200 152130 "-" "Googlebot-Image/1.0"
66.249.64.37 - - [02/Jul/2025:04:12:42 +0200] "GET /Jurek/eurofirany/images/383359/2.jpg HTTP/1.1" 200 39994 "-" "Googlebot-Image/1.0"
89.161.206.59 - - [02/Jul/2025:04:12:58 +0200] "GET /Jurek/ralmetal/feeds/ralmetal_skroutz.xml HTTP/1.0" 200 2039871 "-" "-"
89.161.206.59 - - [02/Jul/2025:04:13:30 +0200] "GET /Jurek/beltimore/feeds/beltimore_amazonse.xml HTTP/1.0" 200 18655254 "-" "-"
89.161.206.59 - - [02/Jul/2025:04:13:33 +0200] "GET /Jurek/ralmetal/feeds/ralmetal_amazonse.xml HTTP/1.0" 200 2040789 "-" "-"
89.161.206.59 - - [02/Jul/2025:04:13:34 +0200] "GET /Jurek/eurofryz/feeds/eurofryz_skroutz.xml HTTP/1.0" 200 1381555 "-" "-"
66.249.64.37 - - [02/Jul/2025:04:13:38 +0200] "GET /Jurek/eurofirany/images/398804/2.jpg HTTP/1.1" 200 45392 "-" "Googlebot-Image/1.0"
89.161.206.59 - - [02/Jul/2025:04:13:44 +0200] "GET /Jurek/beltimore/feeds/beltimore_amazonbe.xml HTTP/1.0" 200 18652331 "-" "-"
89.161.206.59 - - [02/Jul/2025:04:14:00 +0200] "GET /Jurek/evil/feeds/evil_skroutz.xml HTTP/1.0" 200 252473 "-" "-"
89.161.206.59 - - [02/Jul/2025:04:14:01 +0200] "GET /Jurek/antiodor/feeds/antiodor_skroutz.xml HTTP/1.0" 200 137850 "-" "-"
89.161.206.59 - - [02/Jul/2025:04:14:02 +0200] "GET /Jurek/sartrix/feeds/sartrix_skroutz.xml HTTP/1.0" 200 649184 "-" "-"
66.249.64.39 - - [02/Jul/2025:04:14:03 +0200] "GET /Jurek/eurofirany/images/383387/6.jpg HTTP/1.1" 200 55113 "-" "Googlebot-Image/1.0"
89.161.206.59 - - [02/Jul/2025:04:14:07 +0200] "GET /Jurek/dekoele/feeds/dekoele_skroutz.xml HTTP/1.0" 200 378813 "-" "-"
66.249.64.38 - - [02/Jul/2025:04:14:21 +0200] "GET /Jurek/eurofirany/images/438608/6.jpg HTTP/1.1" 200 33 "-" "Googlebot-Image/1.0"
66.249.64.37 - - [02/Jul/2025:04:14:40 +0200] "GET /Jurek/topeshop/downloaded_images/5902838464199_20_st_open.jpg HTTP/1.1" 200 39409 "-" "Googlebot-Image/1.0"
66.249.64.39 - - [02/Jul/2025:04:15:05 +0200] "GET /Jurek/topeshop/downloaded_images/5904507209377__szafa-duo0013(1)111.jpg HTTP/1.1" 200 102835 "-" "Googlebot-Image/1.0"
66.249.64.37 - - [02/Jul/2025:04:15:23 +0200] "GET /Jurek/topeshop/downloaded_images/5902838463338_Dallas_Sonoma(5).jpg HTTP/1.1" 404 3551 "-" "Googlebot-Image/1.0"
89.161.206.59 - - [02/Jul/2025:04:15:28 +0200] "GET /Jurek/pupus/feeds/pupus_skroutz.xml HTTP/1.0" 200 882685 "-" "-"
89.161.206.59 - - [02/Jul/2025:04:15:30 +0200] "GET /Jurek/hurtmeblowy/feeds/hurtmeblowy_skroutz.xml HTTP/1.0" 200 7827826 "-" "-"
66.249.64.37 - - [02/Jul/2025:04:15:36 +0200] "GET /Jurek/eurofirany/images/383060/4.jpg HTTP/1.1" 200 42667 "-" "Googlebot-Image/1.0"
89.161.206.59 - - [02/Jul/2025:04:15:48 +0200] "GET /Jurek/eurofryz3/feeds/eurofryz3_skroutz.xml HTTP/1.0" 200 172229 "-" "-"
89.161.206.59 - - [02/Jul/2025:04:15:50 +0200] "GET /Jurek/lendo/feeds/lendo_skroutz.xml HTTP/1.0" 200 330395 "-" "-"
89.161.206.59 - - [02/Jul/2025:04:15:50 +0200] "GET /Jurek/cbdgreen/feeds/cbdgreen_skroutz.xml HTTP/1.0" 200 30344 "-" "-"
89.161.206.59 - - [02/Jul/2025:04:15:51 +0200] "GET /Jurek/alucon/feeds/alucon_skroutz.xml HTTP/1.0" 200 553687 "-" "-"
89.161.206.59 - - [02/Jul/2025:04:15:55 +0200] "GET /Jurek/playcob/feeds/playcob_skroutz.xml HTTP/1.0" 200 6980171 "-" "-"
207.46.13.155 - - [02/Jul/2025:04:16:00 +0200] "GET /Jurek/topeshop/downloaded_images/5902838467466_2.jpg HTTP/2.0" 404 3551 "-" "Mozilla/5.0 AppleWebKit/537.36 (KHTML, like Gecko; compatible; bingbot/2.0; +http://www.bing.com/bingbot.htm) Chrome/116.0.1938.76 Safari/537.36"
89.161.206.59 - - [02/Jul/2025:04:16:02 +0200] "GET /Jurek/emaja24/feeds/emaja24_amazonde.xml HTTP/1.0" 200 5102068 "-" "-"
66.249.64.39 - - [02/Jul/2025:04:16:07 +0200] "GET /Jurek/eurofirany/images/383463/2.jpg HTTP/1.1" 200 33855 "-" "Googlebot-Image/1.0"
89.161.206.59 - - [02/Jul/2025:04:16:28 +0200] "GET /Jurek/ralmetal/feeds/ralmetal_amazonbe.xml HTTP/1.0" 200 2039894 "-" "-"
89.161.206.59 - - [02/Jul/2025:04:16:32 +0200] "GET /Jurek/elavia/feeds/elavia_skroutz.xml HTTP/1.0" 200 2297098 "-" "-"
66.249.64.38 - - [02/Jul/2025:04:16:32 +0200] "GET /Jurek/eurofirany/images/333890/5.jpg HTTP/1.1" 200 51434 "-" "Googlebot-Image/1.0"
89.161.206.59 - - [02/Jul/2025:04:16:37 +0200] "GET /Jurek/smxdesign/feeds/smxdesign_skroutz.xml HTTP/1.0" 200 1829022 "-" "-"
89.161.206.59 - - [02/Jul/2025:04:16:39 +0200] "GET /Jurek/proparts/feeds/proparts_skroutz.xml HTTP/1.0" 200 707501 "-" "-"
66.249.64.37 - - [02/Jul/2025:04:16:51 +0200] "GET /Jurek/eurofirany/images/388727/3.jpg HTTP/1.1" 200 49683 "-" "Googlebot-Image/1.0"
89.161.206.59 - - [02/Jul/2025:04:16:54 +0200] "GET /Jurek/techrebal/feeds/techrebal_skroutz.xml HTTP/1.0" 200 1969161 "-" "-"
66.249.64.37 - - [02/Jul/2025:04:17:10 +0200] "GET /Jurek/eurofirany/images/428726/8.jpg HTTP/1.1" 200 177778 "-" "Googlebot-Image/1.0"
89.161.206.59 - - [02/Jul/2025:04:18:32 +0200] "GET /Jurek/muminky/feeds/muminky_skroutz.xml HTTP/1.0" 200 2269698 "-" "-"
66.249.64.38 - - [02/Jul/2025:04:18:38 +0200] "GET /Jurek/eurofirany/images/383472/1.jpg HTTP/1.1" 200 47249 "-" "Googlebot-Image/1.0"
66.249.64.37 - - [02/Jul/2025:04:18:52 +0200] "GET /Jurek/eurofirany/images/409412/7.jpg HTTP/1.1" 200 598577 "-" "Googlebot-Image/1.0"
89.161.206.59 - - [02/Jul/2025:04:18:59 +0200] "GET /Jurek/nexus/feeds/nexus_skroutz.xml HTTP/1.0" 200 226758 "-" "-"
66.249.64.37 - - [02/Jul/2025:04:19:09 +0200] "GET /Jurek/eurofirany/images/383183/3.jpg HTTP/1.1" 200 42622 "-" "Googlebot-Image/1.0"
66.249.64.37 - - [02/Jul/2025:04:19:22 +0200] "GET /Jurek/eurofirany/images/398820/0.jpg HTTP/1.1" 200 28870 "-" "Googlebot-Image/1.0"
66.249.64.37 - - [02/Jul/2025:04:19:40 +0200] "GET /Jurek/eurofirany/images/390395/1.jpg HTTP/1.1" 200 312136 "-" "Googlebot-Image/1.0"
66.249.64.38 - - [02/Jul/2025:04:20:06 +0200] "GET /Jurek/topeshop/downloaded_images/5904507202002_BILBAO_4P_1_3.png HTTP/1.1" 200 1340462 "-" "Googlebot-Image/1.0"
89.161.206.59 - - [02/Jul/2025:04:20:10 +0200] "GET /Jurek/maksik/feeds/maksik_skroutz.xml HTTP/1.0" 200 4084160 "-" "-"
66.249.64.37 - - [02/Jul/2025:04:20:24 +0200] "GET /Jurek/eurofirany/images/383354/3.jpg HTTP/1.1" 200 6595 "-" "Googlebot-Image/1.0"
89.161.206.59 - - [02/Jul/2025:04:20:36 +0200] "GET /Jurek/techrebalina/feeds/techrebalina_skroutz.xml HTTP/1.0" 200 2011351 "-" "-"
52.167.144.225 - - [02/Jul/2025:04:20:45 +0200] "GET /Jurek/eurofirany/images/5638/0.jpg HTTP/2.0" 200 6625 "-" "Mozilla/5.0 AppleWebKit/537.36 (KHTML, like Gecko; compatible; bingbot/2.0; +http://www.bing.com/bingbot.htm) Chrome/116.0.1938.76 Safari/537.36"
89.161.206.59 - - [02/Jul/2025:04:20:46 +0200] "GET /Jurek/rovato/feeds/rovato_skroutz.xml HTTP/1.0" 200 99166 "-" "-"
185.6.76.166 - - [02/Jul/2025:04:20:49 +0200] "GET /Jurek/eurofirany/images/438600/0.jpg HTTP/1.1" 200 33 "-" "Skroutz ImageBot v1"
89.161.206.59 - - [02/Jul/2025:04:20:52 +0200] "GET /Jurek/regis/feeds/regis_skroutz.xml HTTP/1.0" 200 228467 "-" "-"
85.232.241.194 - - [02/Jul/2025:04:20:54 +0200] "GET /Jurek/topeshop/feeds/topeshop_vente_ne.xml HTTP/1.1" 200 3137940 "-" "Python-urllib/3.11"
85.232.241.194 - - [02/Jul/2025:04:20:55 +0200] "GET /Jurek/fernity/feeds/fernity_vente_ne.xml HTTP/1.1" 200 3075971 "-" "Python-urllib/3.11"
85.232.241.194 - - [02/Jul/2025:04:20:55 +0200] "GET /Jurek/kinghome/feeds/kinghome_vente_ne.xml HTTP/1.1" 200 5236131 "-" "Python-urllib/3.11"
85.232.241.194 - - [02/Jul/2025:04:20:55 +0200] "GET /Jurek/emibig/feeds/emibig_vente_ne.xml HTTP/1.1" 200 2519881 "-" "Python-urllib/3.11"
85.232.241.194 - - [02/Jul/2025:04:20:55 +0200] "GET /Jurek/b3/feeds/b3_vente_nl.xml HTTP/1.1" 200 7931255 "-" "Python-urllib/3.11"
66.249.64.38 - - [02/Jul/2025:04:21:07 +0200] "GET /Jurek/eurofirany/images/333890/4.jpg HTTP/1.1" 200 149816 "-" "Googlebot-Image/1.0"
85.232.241.194 - - [02/Jul/2025:04:22:09 +0200] "GET /Jurek/asortymenteu/feeds/asortymenteu_vente_nl.xml HTTP/1.1" 200 2959661 "-" "Python-urllib/3.11"
89.161.206.59 - - [02/Jul/2025:04:22:44 +0200] "GET /Jurek/artdog/feeds/artdog_allegro.xml HTTP/1.0" 200 17162163 "-" "-"
89.161.206.59 - - [02/Jul/2025:04:22:45 +0200] "GET /Jurek/reman/feeds/reman_allegro.xml HTTP/1.0" 200 1394879 "-" "-"
89.161.206.59 - - [02/Jul/2025:04:22:46 +0200] "GET /Jurek/benetech/feeds/benetech_allegro.xml HTTP/1.0" 200 4165747 "-" "-"
89.161.206.59 - - [02/Jul/2025:04:22:47 +0200] "GET /Jurek/oromed/feeds/oromed_allegro.xml HTTP/1.0" 200 1284092 "-" "-"
89.161.206.59 - - [02/Jul/2025:04:22:47 +0200] "GET /Jurek/ekuchcikowo/feeds/ekuchcikowo_allegro.xml HTTP/1.0" 200 12472325 "-" "-"
89.161.206.59 - - [02/Jul/2025:04:22:48 +0200] "GET /Jurek/livinhill/feeds/livinhill_allegro.xml HTTP/1.0" 200 1534773 "-" "-"
89.161.206.59 - - [02/Jul/2025:04:22:48 +0200] "GET /Jurek/ekolight/feeds/ekolight_allegro.xml HTTP/1.0" 200 9055326 "-" "-"
46.101.116.244 - - [02/Jul/2025:04:24:45 +0200] "GET /Jurek/chemex/feeds/chemex_empik.xml HTTP/1.0" 200 47822489 "-" "-"
89.161.206.59 - - [02/Jul/2025:04:25:38 +0200] "GET /Jurek/kinghoff/feeds/kinghoff_emaghu.xml HTTP/1.0" 200 15660590 "-" "-"
89.161.206.59 - - [02/Jul/2025:04:25:57 +0200] "GET /Jurek/hdwr/feeds/hdwr_amazonfr.xml HTTP/1.0" 200 789319 "-" "-"
89.161.206.59 - - [02/Jul/2025:04:25:57 +0200] "GET /Jurek/hdwr/feeds/hdwr_amazonse.xml HTTP/1.0" 200 789590 "-" "-"
89.161.206.59 - - [02/Jul/2025:04:25:58 +0200] "GET /Jurek/swiatecznygoliat/feeds/swiatecznygoliat_amazonde.xml HTTP/1.0" 200 7050799 "-" "-"
89.161.206.59 - - [02/Jul/2025:04:26:02 +0200] "GET /Jurek/benetech/feeds/benetech_amazonnl.xml HTTP/1.0" 200 4165467 "-" "-"
89.161.206.59 - - [02/Jul/2025:04:26:03 +0200] "GET /Jurek/benetech/feeds/benetech_amazones.xml HTTP/1.0" 200 4165439 "-" "-"
89.161.206.59 - - [02/Jul/2025:04:26:03 +0200] "GET /Jurek/benetech/feeds/benetech_amazonfr.xml HTTP/1.0" 200 4165487 "-" "-"
89.161.206.59 - - [02/Jul/2025:04:26:05 +0200] "GET /Jurek/pupus/feeds/pupus_amazonfr.xml HTTP/1.0" 200 6154569 "-" "-"
89.161.206.59 - - [02/Jul/2025:04:26:06 +0200] "GET /Jurek/pupus/feeds/pupus_amazonit.xml HTTP/1.0" 200 6154540 "-" "-"
89.161.206.59 - - [02/Jul/2025:04:26:06 +0200] "GET /Jurek/pupus/feeds/pupus_amazones.xml HTTP/1.0" 200 6154536 "-" "-"
89.161.206.59 - - [02/Jul/2025:04:26:07 +0200] "GET /Jurek/dekoele/feeds/dekoele_amazonde.xml HTTP/1.0" 200 733948 "-" "-"
89.161.206.59 - - [02/Jul/2025:04:26:07 +0200] "GET /Jurek/dekoele/feeds/dekoele_amazonit.xml HTTP/1.0" 200 733940 "-" "-"
89.161.206.59 - - [02/Jul/2025:04:26:07 +0200] "GET /Jurek/dekoele/feeds/dekoele_amazonfr.xml HTTP/1.0" 200 733940 "-" "-"
89.161.206.59 - - [02/Jul/2025:04:26:07 +0200] "GET /Jurek/dekoele/feeds/dekoele_amazones.xml HTTP/1.0" 200 733940 "-" "-"
89.161.206.59 - - [02/Jul/2025:04:26:08 +0200] "GET /Jurek/dekoele/feeds/dekoele_amazonnl.xml HTTP/1.0" 200 733939 "-" "-"
89.161.206.59 - - [02/Jul/2025:04:26:08 +0200] "GET /Jurek/dekoele/feeds/dekoele_amazonse.xml HTTP/1.0" 200 734015 "-" "-"
89.161.206.59 - - [02/Jul/2025:04:26:08 +0200] "GET /Jurek/emaja24/feeds/emaja24_amazonnl.xml HTTP/1.0" 200 5102077 "-" "-"
89.161.206.59 - - [02/Jul/2025:04:26:09 +0200] "GET /Jurek/emaja24/feeds/emaja24_amazones.xml HTTP/1.0" 200 5102020 "-" "-"
89.161.206.59 - - [02/Jul/2025:04:26:12 +0200] "GET /Jurek/hurtmeblowy/feeds/hurtmeblowy_amazonde.xml HTTP/1.0" 200 6894835 "-" "-"
89.161.206.59 - - [02/Jul/2025:04:26:14 +0200] "GET /Jurek/kamar/feeds/kamar_amazonde.xml HTTP/1.0" 200 25550359 "-" "-"
89.161.206.59 - - [02/Jul/2025:04:26:16 +0200] "GET /Jurek/tsjerzy/feeds/tsjerzy_amazonde.xml HTTP/1.0" 200 3897760 "-" "-"
89.161.206.59 - - [02/Jul/2025:04:26:17 +0200] "GET /Jurek/emaja24/feeds/emaja24_amazonfr.xml HTTP/1.0" 200 5102091 "-" "-"
89.161.206.59 - - [02/Jul/2025:04:26:20 +0200] "GET /Jurek/equalo/feeds/equalo_amazonde.xml HTTP/1.0" 200 98004 "-" "-"
89.161.206.59 - - [02/Jul/2025:04:26:20 +0200] "GET /Jurek/elavia/feeds/elavia_amazonde.xml HTTP/1.0" 200 2497296 "-" "-"
89.161.206.59 - - [02/Jul/2025:04:26:21 +0200] "GET /Jurek/riko/feeds/riko_amazonde.xml HTTP/1.0" 200 3784940 "-" "-"
89.161.206.59 - - [02/Jul/2025:04:26:22 +0200] "GET /Jurek/roger/feeds/roger_amazonde.xml HTTP/1.0" 200 1396572 "-" "-"
89.161.206.59 - - [02/Jul/2025:04:26:22 +0200] "GET /Jurek/swiatecznygoliat/feeds/swiatecznygoliat_emagro.xml HTTP/1.0" 200 7051401 "-" "-"
89.161.206.59 - - [02/Jul/2025:04:26:23 +0200] "GET /Jurek/narzbud/feeds/narzbud_amazonde.xml HTTP/1.0" 200 1901170 "-" "-"
89.161.206.59 - - [02/Jul/2025:04:26:33 +0200] "GET /Jurek/domzapachy/feeds/domzapachy_emagro.xml HTTP/1.0" 200 179806 "-" "-"
89.161.206.59 - - [02/Jul/2025:04:26:44 +0200] "GET /Jurek/globaldeli/feeds/globaldeli_emagro.xml HTTP/1.0" 200 2590918 "-" "-"
89.161.206.59 - - [02/Jul/2025:04:26:57 +0200] "GET /Jurek/hlo/feeds/hlo_emagro.xml HTTP/1.0" 200 4838786 "-" "-"
89.161.206.59 - - [02/Jul/2025:04:27:15 +0200] "GET /Jurek/techrebalina/feeds/techrebalina_emagro.xml HTTP/1.0" 200 2011813 "-" "-"
89.161.206.59 - - [02/Jul/2025:04:27:18 +0200] "GET /Jurek/oknobest/feeds/oknobest_emagro.xml HTTP/1.0" 200 2708738 "-" "-"
89.161.206.59 - - [02/Jul/2025:04:27:18 +0200] "GET /Jurek/princelh/feeds/princelh_emagro.xml HTTP/1.0" 200 133460 "-" "-"
66.249.64.39 - - [02/Jul/2025:04:27:29 +0200] "GET /Jurek/eurofirany/images/416790/5.jpg HTTP/1.1" 200 33 "-" "Googlebot-Image/1.0"
89.161.206.59 - - [02/Jul/2025:04:27:37 +0200] "GET /Jurek/beautycare/feeds/beautycare_emagro.xml HTTP/1.0" 200 1181607 "-" "-"
66.249.64.37 - - [02/Jul/2025:04:27:48 +0200] "GET /Jurek/eurofirany/images/409416/6.jpg HTTP/1.1" 200 598576 "-" "Googlebot-Image/1.0"
66.249.64.38 - - [02/Jul/2025:04:28:12 +0200] "GET /Jurek/eurofirany/images/406481/3.jpg HTTP/1.1" 200 63780 "-" "Googlebot-Image/1.0"
66.249.64.37 - - [02/Jul/2025:04:28:18 +0200] "GET /Jurek/eurofirany/images/409413/1.jpg HTTP/1.1" 200 46037 "-" "Googlebot-Image/1.0"
66.249.64.37 - - [02/Jul/2025:04:28:31 +0200] "GET /Jurek/eurofirany/images/390413/2.jpg HTTP/1.1" 200 181761 "-" "Googlebot-Image/1.0"
66.249.64.37 - - [02/Jul/2025:04:28:50 +0200] "GET /Jurek/eurofirany/images/460181/9.jpg HTTP/1.1" 200 67852 "-" "Googlebot-Image/1.0"
66.249.64.39 - - [02/Jul/2025:04:29:27 +0200] "GET /Jurek/eurofirany/images/422324/8.jpg HTTP/1.1" 200 140642 "-" "Googlebot-Image/1.0"
66.249.64.38 - - [02/Jul/2025:04:29:33 +0200] "GET /Jurek/eurofirany/images/383556/5.jpg HTTP/1.1" 200 52050 "-" "Googlebot-Image/1.0"
46.101.116.244 - - [02/Jul/2025:04:29:48 +0200] "GET /Jurek/awparts/feeds/awparts_emagro.xml HTTP/1.0" 200 142878856 "-" "-"
66.249.93.225 - - [02/Jul/2025:04:30:04 +0200] "GET /Jurek/eurofirany/images/431703/0.jpg HTTP/1.1" 200 6625 "-" "Mozilla/5.0 (Windows NT 5.1; rv:11.0) Gecko Firefox/11.0 (via ggpht.com GoogleImageProxy)"
66.249.64.37 - - [02/Jul/2025:04:30:05 +0200] "GET /Jurek/eurofirany/images/390393/1.jpg HTTP/1.1" 200 312136 "-" "Googlebot-Image/1.0"
66.249.64.37 - - [02/Jul/2025:04:30:29 +0200] "GET /Jurek/eurofirany/images/383062/0.jpg HTTP/1.1" 200 77181 "-" "Googlebot-Image/1.0"
46.101.116.244 - - [02/Jul/2025:04:30:30 +0200] "GET /Jurek/topeshop/feeds/topeshop_emagsm.xml HTTP/1.0" 200 2275541 "-" "-"
66.249.64.37 - - [02/Jul/2025:04:30:42 +0200] "GET /Jurek/eurofirany/images/335308/7.jpg HTTP/1.1" 200 202197 "-" "Googlebot-Image/1.0"
66.249.64.37 - - [02/Jul/2025:04:31:19 +0200] "GET /Jurek/eurofirany/images/398804/6.jpg HTTP/1.1" 200 93071 "-" "Googlebot-Image/1.0"
66.249.64.39 - - [02/Jul/2025:04:32:09 +0200] "GET /Jurek/topeshop/downloaded_images/5904507207472_20st_mijas_prawy_open_niebieski.png HTTP/1.1" 404 3551 "-" "Googlebot-Image/1.0"
66.249.64.38 - - [02/Jul/2025:04:32:15 +0200] "GET /Jurek/topeshop/downloaded_images/5902838467459_ARTISANSZAFADUOBOKOT.jpg HTTP/1.1" 404 3551 "-" "Googlebot-Image/1.0"
66.249.64.37 - - [02/Jul/2025:04:32:40 +0200] "GET /Jurek/topeshop/downloaded_images/5904507202392_front.jpg HTTP/1.1" 200 29847 "-" "Googlebot-Image/1.0"
66.249.64.37 - - [02/Jul/2025:04:32:46 +0200] "GET /Jurek/eurofirany/images/459301/3.jpg HTTP/1.1" 200 137677 "-" "Googlebot-Image/1.0"
89.161.206.59 - - [02/Jul/2025:04:33:03 +0200] "GET /Jurek/spali/feeds/spali_allegro.xml HTTP/1.0" 200 77057 "-" "-"
66.249.64.37 - - [02/Jul/2025:04:33:29 +0200] "GET /Jurek/eurofirany/images/398807/7.jpg HTTP/1.1" 200 125737 "-" "Googlebot-Image/1.0"
66.249.64.38 - - [02/Jul/2025:04:33:48 +0200] "GET /Jurek/eurofirany/images/390456/7.jpg HTTP/1.1" 200 6595 "-" "Googlebot-Image/1.0"
66.249.64.39 - - [02/Jul/2025:04:34:13 +0200] "GET /Jurek/eurofirany/images/398375/2.jpg HTTP/1.1" 200 108934 "-" "Googlebot-Image/1.0"
66.249.64.38 - - [02/Jul/2025:04:34:38 +0200] "GET /Jurek/eurofirany/images/424077/1.jpg HTTP/1.1" 200 101101 "-" "Googlebot-Image/1.0"
66.249.64.37 - - [02/Jul/2025:04:34:51 +0200] "GET /Jurek/eurofirany/images/372979/6.jpg HTTP/1.1" 200 6595 "-" "Googlebot-Image/1.0"
66.249.64.39 - - [02/Jul/2025:04:35:28 +0200] "GET /Jurek/eurofirany/images/409413/0.jpg HTTP/1.1" 200 29127 "-" "Googlebot-Image/1.0"
52.167.144.181 - - [02/Jul/2025:04:35:38 +0200] "GET /Jurek/eurofirany/images/45095/0.jpg HTTP/2.0" 200 6625 "-" "Mozilla/5.0 AppleWebKit/537.36 (KHTML, like Gecko; compatible; bingbot/2.0; +http://www.bing.com/bingbot.htm) Chrome/116.0.1938.76 Safari/537.36"
66.249.64.37 - - [02/Jul/2025:04:35:53 +0200] "GET /Jurek/eurofirany/images/383324/0.jpg HTTP/1.1" 200 93037 "-" "Googlebot-Image/1.0"
66.249.64.37 - - [02/Jul/2025:04:36:18 +0200] "GET /Jurek/eurofirany/images/438725/0.jpg HTTP/1.1" 200 82418 "-" "Googlebot-Image/1.0"
66.249.64.37 - - [02/Jul/2025:04:36:55 +0200] "GET /Jurek/eurofirany/images/383348/2.jpg HTTP/1.1" 200 51424 "-" "Googlebot-Image/1.0"
66.249.64.39 - - [02/Jul/2025:04:37:20 +0200] "GET /Jurek/eurofirany/images/383183/6.jpg HTTP/1.1" 200 51783 "-" "Googlebot-Image/1.0"
52.17.80.36 - - [02/Jul/2025:04:37:25 +0200] "GET /marketplaces/worten2/results/worten.csv HTTP/1.1" 200 147217 "-" "Mirakl HttpClient"
66.249.64.37 - - [02/Jul/2025:04:37:32 +0200] "GET /Jurek/eurofirany/images/383353/6.jpg HTTP/1.1" 200 52970 "-" "Googlebot-Image/1.0"
66.249.64.37 - - [02/Jul/2025:04:37:45 +0200] "GET /Jurek/eurofirany/images/383345/3.jpg HTTP/1.1" 200 41294 "-" "Googlebot-Image/1.0"
66.249.64.37 - - [02/Jul/2025:04:37:56 +0200] "GET /Jurek/topeshop/downloaded_images/5904507207458_Front_mijas_Lewy_zielony.png HTTP/1.1" 404 3551 "-" "Googlebot-Image/1.0"
66.249.64.37 - - [02/Jul/2025:04:38:03 +0200] "GET /Jurek/topeshop/downloaded_images/5904507207458_20st_mijas_Lewy_open_zielony.png HTTP/1.1" 404 3551 "-" "Googlebot-Image/1.0"
66.249.64.37 - - [02/Jul/2025:04:38:10 +0200] "GET /Jurek/eurofirany/images/398890/2.jpg HTTP/1.1" 200 29587 "-" "Googlebot-Image/1.0"
66.249.64.37 - - [02/Jul/2025:04:38:35 +0200] "GET /Jurek/topeshop/downloaded_images/5904507200084_MIJASBIURKOBRY%C5%81KABIELPRAWEBOKZM.jpg HTTP/1.1" 404 3551 "-" "Googlebot-Image/1.0"
66.249.64.38 - - [02/Jul/2025:04:39:00 +0200] "GET /Jurek/eurofirany/images/383350/2.jpg HTTP/1.1" 200 51424 "-" "Googlebot-Image/1.0"
66.249.64.38 - - [02/Jul/2025:04:39:12 +0200] "GET /Jurek/eurofirany/images/398405/6.jpg HTTP/1.1" 200 139238 "-" "Googlebot-Image/1.0"
66.249.64.37 - - [02/Jul/2025:04:39:50 +0200] "GET /Jurek/eurofirany/images/416786/0.jpg HTTP/1.1" 200 118973 "-" "Googlebot-Image/1.0"
66.249.64.39 - - [02/Jul/2025:04:40:08 +0200] "GET /Jurek/eurofirany/images/398804/5.jpg HTTP/1.1" 200 60735 "-" "Googlebot-Image/1.0"
66.249.64.38 - - [02/Jul/2025:04:40:21 +0200] "GET /Jurek/eurofirany/images/408376/1.jpg HTTP/1.1" 200 60699 "-" "Googlebot-Image/1.0"
66.249.64.37 - - [02/Jul/2025:04:40:40 +0200] "GET /Jurek/eurofirany/images/410687/12.jpg HTTP/1.1" 200 598882 "-" "Googlebot-Image/1.0"
85.232.241.194 - - [02/Jul/2025:04:40:55 +0200] "GET /Jurek/topeshop/feeds/topeshop_vente_de.xml HTTP/1.1" 200 3137868 "-" "Python-urllib/3.11"
85.232.241.194 - - [02/Jul/2025:04:40:56 +0200] "GET /Jurek/fernity/feeds/fernity_vente_de.xml HTTP/1.1" 200 3075717 "-" "Python-urllib/3.11"
85.232.241.194 - - [02/Jul/2025:04:40:56 +0200] "GET /Jurek/kinghome/feeds/kinghome_vente_de.xml HTTP/1.1" 200 5235995 "-" "Python-urllib/3.11"
85.232.241.194 - - [02/Jul/2025:04:41:03 +0200] "GET /Jurek/emibig/feeds/emibig_vente_de.xml HTTP/1.1" 200 2519928 "-" "Python-urllib/3.11"
85.232.241.194 - - [02/Jul/2025:04:41:04 +0200] "GET /Jurek/b3/feeds/b3_vente_de.xml HTTP/1.1" 200 7931199 "-" "Python-urllib/3.11"
66.249.64.38 - - [02/Jul/2025:04:41:04 +0200] "GET /Jurek/eurofirany/images/382104/6.jpg HTTP/1.1" 200 33 "-" "Googlebot-Image/1.0"
89.161.206.59 - - [02/Jul/2025:04:41:14 +0200] "GET /Jurek/pupus/feeds/pupus_amazonde.xml HTTP/1.0" 200 6154386 "-" "-"
89.161.206.59 - - [02/Jul/2025:04:41:15 +0200] "GET /Jurek/pupus/feeds/pupus_amazonnl.xml HTTP/1.0" 200 6154572 "-" "-"
89.161.206.59 - - [02/Jul/2025:04:41:16 +0200] "GET /Jurek/pupus/feeds/pupus_amazonbe.xml HTTP/1.0" 200 6154524 "-" "-"
66.249.64.38 - - [02/Jul/2025:04:41:35 +0200] "GET /Jurek/topeshop/downloaded_images/5904507201906_MIJASBIURKOBRY%C5%81KAANTRACYTLEWEFRONTZM.jpg HTTP/1.1" 404 3551 "-" "Googlebot-Image/1.0"
46.101.116.244 - - [02/Jul/2025:04:41:37 +0200] "GET /Jurek/eurofirany/feeds/eurofirany_empik.xml HTTP/1.0" 200 18600089 "-" "-"
66.249.64.37 - - [02/Jul/2025:04:41:47 +0200] "GET /Jurek/topeshop/downloaded_images/5904507209438_modern4pslim.jpg HTTP/1.1" 200 71558 "-" "Googlebot-Image/1.0"
66.249.64.37 - - [02/Jul/2025:04:41:50 +0200] "GET /Jurek/eurofirany/images/387474/6.jpg HTTP/1.1" 200 33 "-" "Googlebot-Image/1.0"
85.232.241.194 - - [02/Jul/2025:04:41:50 +0200] "GET /Jurek/asortymenteu/feeds/asortymenteu_vente_de.xml HTTP/1.1" 200 2959691 "-" "Python-urllib/3.11"
66.249.64.37 - - [02/Jul/2025:04:41:55 +0200] "GET /Jurek/eurofirany/images/389918/6.jpg HTTP/1.1" 200 255190 "-" "Googlebot-Image/1.0"
66.249.64.37 - - [02/Jul/2025:04:42:06 +0200] "GET /Jurek/eurofirany/images/401946/7.jpg HTTP/1.1" 200 92563 "-" "Googlebot-Image/1.0"
66.249.64.37 - - [02/Jul/2025:04:42:39 +0200] "GET /Jurek/eurofirany/images/408368/2.jpg HTTP/1.1" 200 598890 "-" "Googlebot-Image/1.0"
46.101.116.244 - - [02/Jul/2025:04:42:53 +0200] "GET /Jurek/kokiska/feeds/kokiska_allegro.xml HTTP/1.0" 200 9114371 "-" "-"
89.161.206.59 - - [02/Jul/2025:04:42:58 +0200] "GET /Jurek/kobi/feeds/kobi_cdsc.xml HTTP/1.0" 200 544061 "-" "-"
89.161.206.59 - - [02/Jul/2025:04:42:58 +0200] "GET /Jurek/hurtmeblowy/feeds/hurtmeblowy_cdsc.xml HTTP/1.0" 200 4616300 "-" "-"
89.161.206.59 - - [02/Jul/2025:04:42:59 +0200] "GET /Jurek/beltimore/feeds/beltimore_cdsc.xml HTTP/1.0" 200 11136856 "-" "-"
89.161.206.59 - - [02/Jul/2025:04:43:00 +0200] "GET /Jurek/benetech/feeds/benetech_cdsc.xml HTTP/1.0" 200 2361875 "-" "-"
89.161.206.59 - - [02/Jul/2025:04:43:00 +0200] "GET /Jurek/pawonik/feeds/pawonik_cdsc.xml HTTP/1.0" 200 1382139 "-" "-"
89.161.206.59 - - [02/Jul/2025:04:43:00 +0200] "GET /Jurek/drops/feeds/dropsofficecolection_cdsc.xml HTTP/1.0" 200 784525 "-" "-"
89.161.206.59 - - [02/Jul/2025:04:43:01 +0200] "GET /Jurek/szpaklampy/feeds/szpaklampy_cdsc.xml HTTP/1.0" 200 395808 "-" "-"
89.161.206.59 - - [02/Jul/2025:04:43:01 +0200] "GET /Jurek/sartrix/feeds/sartrix_cdsc.xml HTTP/1.0" 200 867497 "-" "-"
89.161.206.59 - - [02/Jul/2025:04:43:01 +0200] "GET /Jurek/reman/feeds/reman_cdsc.xml HTTP/1.0" 200 400867 "-" "-"
89.161.206.59 - - [02/Jul/2025:04:43:01 +0200] "GET /Jurek/cdata/feeds/cdata_cdsc.xml HTTP/1.0" 200 1865874 "-" "-"
89.161.206.59 - - [02/Jul/2025:04:43:01 +0200] "GET /Jurek/drewdon/feeds/drewdon_cdsc.xml HTTP/1.0" 200 483666 "-" "-"
89.161.206.59 - - [02/Jul/2025:04:43:02 +0200] "GET /Jurek/dekoele/feeds/dekoele_cdsc.xml HTTP/1.0" 200 478907 "-" "-"
66.249.64.38 - - [02/Jul/2025:04:43:02 +0200] "GET /Jurek/eurofirany/images/390395/7.jpg HTTP/1.1" 200 6595 "-" "Googlebot-Image/1.0"
89.161.206.59 - - [02/Jul/2025:04:43:03 +0200] "GET /Jurek/playcob/feeds/playcob_cdsc.xml HTTP/1.0" 200 6624587 "-" "-"
89.161.206.59 - - [02/Jul/2025:04:43:04 +0200] "GET /Jurek/elavia/feeds/elavia_cdsc.xml HTTP/1.0" 200 2085757 "-" "-"
89.161.206.59 - - [02/Jul/2025:04:43:04 +0200] "GET /Jurek/princelh/feeds/princelh_cdsc.xml HTTP/1.0" 200 123628 "-" "-"
89.161.206.59 - - [02/Jul/2025:04:43:05 +0200] "GET /Jurek/proparts/feeds/proparts_cdsc.xml HTTP/1.0" 200 556027 "-" "-"
89.161.206.59 - - [02/Jul/2025:04:43:08 +0200] "GET /Jurek/ikonka/feeds/ikonka_cdsc.xml HTTP/1.0" 200 21441524 "-" "-"
66.249.64.38 - - [02/Jul/2025:04:43:08 +0200] "GET /Jurek/topeshop/downloaded_images/5904507207472_mijas_prawyniebieski.jpg HTTP/1.1" 200 128106 "-" "Googlebot-Image/1.0"
89.161.206.59 - - [02/Jul/2025:04:43:09 +0200] "GET /Jurek/narzbud/feeds/narzbud_cdsc.xml HTTP/1.0" 200 1227705 "-" "-"
89.161.206.59 - - [02/Jul/2025:04:43:11 +0200] "GET /Jurek/eurofryz/feeds/eurofryz_cdsc.xml HTTP/1.0" 200 830766 "-" "-"
89.161.206.59 - - [02/Jul/2025:04:43:11 +0200] "GET /Jurek/fertes/feeds/fertes_cdsc.xml HTTP/1.0" 200 2192587 "-" "-"
89.161.206.59 - - [02/Jul/2025:04:43:12 +0200] "GET /Jurek/artdog/feeds/artdog_cdsc.xml HTTP/1.0" 200 17920477 "-" "-"
89.161.206.59 - - [02/Jul/2025:04:43:13 +0200] "GET /Jurek/kamar/feeds/kamar_cdsc.xml HTTP/1.0" 200 37126977 "-" "-"
89.161.206.59 - - [02/Jul/2025:04:43:16 +0200] "GET /Jurek/lerutrade/feeds/lerutrade_cdsc.xml HTTP/1.0" 200 53848 "-" "-"
89.161.206.59 - - [02/Jul/2025:04:43:16 +0200] "GET /Jurek/jakdroz/feeds/jakdroz_cdsc.xml HTTP/1.0" 200 2542825 "-" "-"
89.161.206.59 - - [02/Jul/2025:04:43:16 +0200] "GET /Jurek/gandalf/feeds/gandalf_cdsc.xml HTTP/1.0" 200 586344 "-" "-"
66.249.64.37 - - [02/Jul/2025:04:43:22 +0200] "GET /Jurek/topeshop/downloaded_images/5904507201982_BILBAO4P__SONOMA(3).jpg HTTP/1.1" 404 3551 "-" "Googlebot-Image/1.0"
66.249.64.39 - - [02/Jul/2025:04:44:04 +0200] "GET /Jurek/eurofirany/images/383265/3.jpg HTTP/1.1" 200 36375 "-" "Googlebot-Image/1.0"
66.249.64.37 - - [02/Jul/2025:04:44:23 +0200] "GET /Jurek/eurofirany/images/383103/5.jpg HTTP/1.1" 200 52050 "-" "Googlebot-Image/1.0"
66.249.64.37 - - [02/Jul/2025:04:44:36 +0200] "GET /Jurek/eurofirany/images/390395/5.jpg HTTP/1.1" 200 254924 "-" "Googlebot-Image/1.0"
66.249.64.37 - - [02/Jul/2025:04:44:42 +0200] "GET /Jurek/topeshop/downloaded_images/5904507201951_rtv140aaaa.jpg HTTP/1.1" 200 135975 "-" "Googlebot-Image/1.0"
89.161.206.59 - - [02/Jul/2025:04:44:45 +0200] "GET /Jurek/kristronik/feeds/kristronik_cdsc.xml HTTP/1.0" 200 429829 "-" "-"
46.101.116.244 - - [02/Jul/2025:04:44:49 +0200] "GET /Jurek/piotrmiedz/feeds/piotrmiedz_cdsc.xml HTTP/1.0" 200 87660735 "-" "-"
66.249.64.39 - - [02/Jul/2025:04:45:19 +0200] "GET /Jurek/topeshop/downloaded_images/5902838467459_1.jpg HTTP/1.1" 404 3551 "-" "Googlebot-Image/1.0"
66.249.64.37 - - [02/Jul/2025:04:45:25 +0200] "GET /Jurek/eurofirany/images/371528/1.jpg HTTP/1.1" 200 105363 "-" "Googlebot-Image/1.0"
66.249.64.37 - - [02/Jul/2025:04:45:44 +0200] "GET /Jurek/eurofirany/images/383103/0.jpg HTTP/1.1" 200 75271 "-" "Googlebot-Image/1.0"
66.249.64.38 - - [02/Jul/2025:04:46:09 +0200] "GET /Jurek/eurofirany/images/372657/4.jpg HTTP/1.1" 200 49604 "-" "Googlebot-Image/1.0"
66.249.64.38 - - [02/Jul/2025:04:46:21 +0200] "GET /Jurek/topeshop/downloaded_images/5904507201999_BILBAO_4P1_2.png HTTP/1.1" 200 122005 "-" "Googlebot-Image/1.0"
89.161.206.59 - - [02/Jul/2025:04:46:34 +0200] "GET /Jurek/alucon/feeds/alucon_kaufSMDE.xml HTTP/1.0" 200 547233 "-" "-"
89.161.206.59 - - [02/Jul/2025:04:46:36 +0200] "GET /Jurek/artdog/feeds/artdog_kaufSMDE.xml HTTP/1.0" 200 17494443 "-" "-"
89.161.206.59 - - [02/Jul/2025:04:46:38 +0200] "GET /Jurek/ikonka/feeds/ikonka_kaufSMDE.xml HTTP/1.0" 200 21441525 "-" "-"
66.249.64.37 - - [02/Jul/2025:04:46:46 +0200] "GET /Jurek/eurofirany/images/383267/2.jpg HTTP/1.1" 200 52890 "-" "Googlebot-Image/1.0"
66.249.64.37 - - [02/Jul/2025:04:46:59 +0200] "GET /Jurek/eurofirany/images/389995/6.jpg HTTP/1.1" 200 6595 "-" "Googlebot-Image/1.0"
66.249.64.39 - - [02/Jul/2025:04:47:24 +0200] "GET /Jurek/eurofirany/images/383556/4.jpg HTTP/1.1" 200 263060 "-" "Googlebot-Image/1.0"
66.249.64.38 - - [02/Jul/2025:04:47:48 +0200] "GET /Jurek/eurofirany/images/383062/6.jpg HTTP/1.1" 200 97479 "-" "Googlebot-Image/1.0"
66.249.64.39 - - [02/Jul/2025:04:48:27 +0200] "GET /Jurek/eurofirany/images/333890/6.jpg HTTP/1.1" 200 100920 "-" "Googlebot-Image/1.0"
89.161.206.59 - - [02/Jul/2025:04:48:47 +0200] "GET /Jurek/waks/feeds/waks_emagro.xml HTTP/1.0" 200 1598638 "-" "-"
89.161.206.59 - - [02/Jul/2025:04:48:49 +0200] "GET /Jurek/fertone/feeds/fertone_emagro.xml HTTP/1.0" 200 577042 "-" "-"
185.6.76.166 - - [02/Jul/2025:04:48:58 +0200] "GET /Jurek/eurofirany/images/432649/0.jpg HTTP/1.1" 200 6625 "-" "Skroutz ImageBot v1"
66.249.64.37 - - [02/Jul/2025:04:49:38 +0200] "GET /Jurek/eurofirany/images/461620/3.jpg HTTP/1.1" 200 76447 "-" "Googlebot-Image/1.0"
66.249.64.38 - - [02/Jul/2025:04:49:45 +0200] "GET /Jurek/eurofirany/images/409902/5.jpg HTTP/1.1" 200 233701 "-" "Googlebot-Image/1.0"
66.249.64.37 - - [02/Jul/2025:04:49:57 +0200] "GET /Jurek/eurofirany/images/383360/1.jpg HTTP/1.1" 200 48362 "-" "Googlebot-Image/1.0"
66.249.64.39 - - [02/Jul/2025:04:50:04 +0200] "GET /Jurek/eurofirany/images/408993/7.jpg HTTP/1.1" 200 210517 "-" "Googlebot-Image/1.0"
89.161.206.59 - - [02/Jul/2025:04:53:53 +0200] "GET /Jurek/techrebal/feeds/techrebal_kaufSMDE.xml HTTP/1.0" 200 1929392 "-" "-"
89.161.206.59 - - [02/Jul/2025:04:53:54 +0200] "GET /Jurek/missionair/feeds/missionair_kaufSMDE.xml HTTP/1.0" 200 3120129 "-" "-"
66.249.64.38 - - [02/Jul/2025:04:54:13 +0200] "GET /Jurek/eurofirany/images/350431/2.jpg HTTP/1.1" 200 35598 "-" "Googlebot-Image/1.0"
52.167.144.206 - - [02/Jul/2025:04:54:23 +0200] "GET /Jurek/eurofirany/images/404673/2.jpg HTTP/2.0" 200 16503 "-" "Mozilla/5.0 AppleWebKit/537.36 (KHTML, like Gecko; compatible; bingbot/2.0; +http://www.bing.com/bingbot.htm) Chrome/116.0.1938.76 Safari/537.36"
66.249.64.38 - - [02/Jul/2025:04:54:44 +0200] "GET /Jurek/topeshop/downloaded_images/5904507200084_MIJASBIURKOBIELPRAWO.2tif.png HTTP/1.1" 404 3551 "-" "Googlebot-Image/1.0"
66.249.64.37 - - [02/Jul/2025:04:54:57 +0200] "GET /Jurek/eurofirany/images/385817/3.jpg HTTP/1.1" 200 233903 "-" "Googlebot-Image/1.0"
66.249.64.37 - - [02/Jul/2025:04:55:09 +0200] "GET /Jurek/eurofirany/images/389923/3.jpg HTTP/1.1" 200 196815 "-" "Googlebot-Image/1.0"
66.249.64.38 - - [02/Jul/2025:04:55:15 +0200] "GET /Jurek/eurofirany/images/383385/6.jpg HTTP/1.1" 200 55113 "-" "Googlebot-Image/1.0"
40.77.167.123 - - [02/Jul/2025:04:55:38 +0200] "GET /Jurek/eurofirany/images/433254/0.jpg HTTP/2.0" 200 6625 "-" "Mozilla/5.0 AppleWebKit/537.36 (KHTML, like Gecko; compatible; bingbot/2.0; +http://www.bing.com/bingbot.htm) Chrome/116.0.1938.76 Safari/537.36"
66.249.64.37 - - [02/Jul/2025:04:55:40 +0200] "GET /Jurek/eurofirany/images/416791/3.jpg HTTP/1.1" 200 182843 "-" "Googlebot-Image/1.0"
66.249.64.37 - - [02/Jul/2025:04:55:58 +0200] "GET /Jurek/eurofirany/images/371528/8.jpg HTTP/1.1" 200 159129 "-" "Googlebot-Image/1.0"
66.249.64.39 - - [02/Jul/2025:04:56:11 +0200] "GET /Jurek/eurofirany/images/383352/3.jpg HTTP/1.1" 200 6595 "-" "Googlebot-Image/1.0"
66.249.64.37 - - [02/Jul/2025:04:56:24 +0200] "GET /Jurek/eurofirany/images/390450/2.jpg HTTP/1.1" 200 319787 "-" "Googlebot-Image/1.0"
66.249.64.37 - - [02/Jul/2025:04:57:01 +0200] "GET /Jurek/topeshop/downloaded_images/5902838463338_ar1_sonoma.jpg HTTP/1.1" 200 142087 "-" "Googlebot-Image/1.0"
66.249.64.37 - - [02/Jul/2025:04:57:07 +0200] "GET /Jurek/eurofirany/images/410687/8.jpg HTTP/1.1" 200 117846 "-" "Googlebot-Image/1.0"
66.249.64.37 - - [02/Jul/2025:04:57:38 +0200] "GET /Jurek/eurofirany/images/398807/8.jpg HTTP/1.1" 200 6625 "-" "Googlebot-Image/1.0"
66.249.64.37 - - [02/Jul/2025:04:57:56 +0200] "GET /Jurek/eurofirany/images/383324/4.jpg HTTP/1.1" 200 6595 "-" "Googlebot-Image/1.0"
66.249.64.37 - - [02/Jul/2025:04:58:50 +0200] "GET /Jurek/topeshop/downloaded_images/5904507207465_Front_mijas_Lewy_r%C3%B3%C5%BCowy.png HTTP/1.1" 404 3551 "-" "Googlebot-Image/1.0"
66.249.64.37 - - [02/Jul/2025:04:58:51 +0200] "GET /Jurek/topeshop/downloaded_images/5904507207465_20st_mijas_Lewy_open_r%C3%B3%C5%BCowy.png HTTP/1.1" 404 3551 "-" "Googlebot-Image/1.0"
66.249.64.37 - - [02/Jul/2025:04:58:54 +0200] "GET /Jurek/eurofirany/images/383472/6.jpg HTTP/1.1" 200 62529 "-" "Googlebot-Image/1.0"
66.249.64.38 - - [02/Jul/2025:04:59:12 +0200] "GET /Jurek/eurofirany/images/383352/4.jpg HTTP/1.1" 200 39328 "-" "Googlebot-Image/1.0"
66.249.64.37 - - [02/Jul/2025:04:59:25 +0200] "GET /Jurek/eurofirany/images/389927/2.jpg HTTP/1.1" 200 149694 "-" "Googlebot-Image/1.0"
66.249.64.37 - - [02/Jul/2025:04:59:44 +0200] "GET /Jurek/eurofirany/images/391481/4.jpg HTTP/1.1" 200 250940 "-" "Googlebot-Image/1.0"
35.204.39.32 - - [02/Jul/2025:05:00:26 +0200] "GET /marketplaces/carrefour_fr/results/carrefour_fr.csv HTTP/1.1" 200 147218 "-" "Mirakl HttpClient"
85.14.86.141 - - [02/Jul/2025:05:00:26 +0200] "GET /Jurek/vida_morele/feeds/VidaPL_all.xml HTTP/2.0" 200 882264552 "-" "MarketplaceAPI curl/7.74.0 PHP/8"
66.249.64.38 - - [02/Jul/2025:05:00:33 +0200] "GET /Jurek/eurofirany/images/416788/0.jpg HTTP/1.1" 200 114800 "-" "Googlebot-Image/1.0"
52.18.22.0 - - [02/Jul/2025:05:00:36 +0200] "GET /marketplaces/ubaldi/results/ubaldi.csv HTTP/1.1" 200 3705428 "-" "Mirakl HttpClient"
66.249.64.37 - - [02/Jul/2025:05:00:52 +0200] "GET /Jurek/eurofirany/images/130742/3.jpg HTTP/1.1" 200 6625 "-" "Googlebot-Image/1.0"
