91.206.37.14 - - [02/Jul/2025:15:02:43 +0200] "GET /Jurek/eurofirany/images/388312/12.jpg HTTP/2.0" 200 178593 "-" "EmagContentMedia/1.0.0"
91.206.37.14 - - [02/Jul/2025:15:02:44 +0200] "GET /Jurek/eurofirany/images/388312/13.jpg HTTP/2.0" 200 150566 "-" "EmagContentMedia/1.0.0"
91.206.37.14 - - [02/Jul/2025:15:02:44 +0200] "GET /Jurek/eurofirany/images/388312/14.jpg HTTP/2.0" 200 139999 "-" "EmagContentMedia/1.0.0"
91.206.37.14 - - [02/Jul/2025:15:02:52 +0200] "GET /Jurek/eurofirany/images/383167/3.jpg HTTP/2.0" 200 6595 "-" "EmagContentMedia/1.0.0"
91.206.37.14 - - [02/Jul/2025:15:02:56 +0200] "GET /Jurek/eurofirany/images/383832/0.jpg HTTP/2.0" 200 82947 "-" "EmagContentMedia/1.0.0"
91.206.37.14 - - [02/Jul/2025:15:02:56 +0200] "GET /Jurek/eurofirany/images/383832/1.jpg HTTP/2.0" 200 52194 "-" "EmagContentMedia/1.0.0"
91.206.37.14 - - [02/Jul/2025:15:02:56 +0200] "GET /Jurek/eurofirany/images/383832/2.jpg HTTP/2.0" 200 141563 "-" "EmagContentMedia/1.0.0"
91.206.37.14 - - [02/Jul/2025:15:02:57 +0200] "GET /Jurek/eurofirany/images/383832/3.jpg HTTP/2.0" 200 115505 "-" "EmagContentMedia/1.0.0"
91.206.37.14 - - [02/Jul/2025:15:02:57 +0200] "GET /Jurek/eurofirany/images/383832/4.jpg HTTP/2.0" 200 94232 "-" "EmagContentMedia/1.0.0"
91.206.37.14 - - [02/Jul/2025:15:02:57 +0200] "GET /Jurek/eurofirany/images/383832/5.jpg HTTP/2.0" 200 149553 "-" "EmagContentMedia/1.0.0"
91.206.37.14 - - [02/Jul/2025:15:02:59 +0200] "GET /Jurek/eurofirany/images/374434/0.jpg HTTP/2.0" 200 80182 "-" "EmagContentMedia/1.0.0"
91.206.37.14 - - [02/Jul/2025:15:02:59 +0200] "GET /Jurek/eurofirany/images/374434/1.jpg HTTP/2.0" 200 94810 "-" "EmagContentMedia/1.0.0"
91.206.37.14 - - [02/Jul/2025:15:02:59 +0200] "GET /Jurek/eurofirany/images/374434/2.jpg HTTP/2.0" 200 44893 "-" "EmagContentMedia/1.0.0"
91.206.37.14 - - [02/Jul/2025:15:02:59 +0200] "GET /Jurek/eurofirany/images/374434/3.jpg HTTP/2.0" 200 120889 "-" "EmagContentMedia/1.0.0"
46.101.116.244 - - [02/Jul/2025:15:03:00 +0200] "GET /Jurek/hurtownia_przemyslowa/feeds/hp_kaufde.xml HTTP/2.0" 200 49358096 "-" "-"
91.206.37.14 - - [02/Jul/2025:15:03:00 +0200] "GET /Jurek/eurofirany/images/374434/4.jpg HTTP/2.0" 200 289831 "-" "EmagContentMedia/1.0.0"
91.206.37.14 - - [02/Jul/2025:15:03:00 +0200] "GET /Jurek/eurofirany/images/374434/5.jpg HTTP/2.0" 200 165789 "-" "EmagContentMedia/1.0.0"
91.206.37.14 - - [02/Jul/2025:15:03:00 +0200] "GET /Jurek/eurofirany/images/374434/6.jpg HTTP/2.0" 200 148824 "-" "EmagContentMedia/1.0.0"
91.206.37.14 - - [02/Jul/2025:15:03:01 +0200] "GET /Jurek/eurofirany/images/374434/7.jpg HTTP/2.0" 200 195426 "-" "EmagContentMedia/1.0.0"
91.206.37.14 - - [02/Jul/2025:15:03:01 +0200] "GET /Jurek/eurofirany/images/374434/8.jpg HTTP/2.0" 200 194035 "-" "EmagContentMedia/1.0.0"
91.206.37.14 - - [02/Jul/2025:15:03:04 +0200] "GET /Jurek/eurofirany/images/383348/5.jpg HTTP/2.0" 200 6595 "-" "EmagContentMedia/1.0.0"
91.206.37.14 - - [02/Jul/2025:15:03:06 +0200] "GET /Jurek/eurofirany/images/374438/0.jpg HTTP/2.0" 200 92880 "-" "EmagContentMedia/1.0.0"
91.206.37.14 - - [02/Jul/2025:15:03:06 +0200] "GET /Jurek/eurofirany/images/374438/1.jpg HTTP/2.0" 200 104198 "-" "EmagContentMedia/1.0.0"
91.206.37.14 - - [02/Jul/2025:15:03:06 +0200] "GET /Jurek/eurofirany/images/374438/2.jpg HTTP/2.0" 200 50239 "-" "EmagContentMedia/1.0.0"
91.206.37.14 - - [02/Jul/2025:15:03:06 +0200] "GET /Jurek/eurofirany/images/374438/3.jpg HTTP/2.0" 200 96713 "-" "EmagContentMedia/1.0.0"
91.206.37.14 - - [02/Jul/2025:15:03:07 +0200] "GET /Jurek/eurofirany/images/374438/4.jpg HTTP/2.0" 200 219141 "-" "EmagContentMedia/1.0.0"
91.206.37.14 - - [02/Jul/2025:15:03:07 +0200] "GET /Jurek/eurofirany/images/374438/5.jpg HTTP/2.0" 200 168238 "-" "EmagContentMedia/1.0.0"
91.206.37.14 - - [02/Jul/2025:15:03:07 +0200] "GET /Jurek/eurofirany/images/374438/6.jpg HTTP/2.0" 200 139238 "-" "EmagContentMedia/1.0.0"
91.206.37.14 - - [02/Jul/2025:15:03:07 +0200] "GET /Jurek/eurofirany/images/374438/7.jpg HTTP/2.0" 200 176695 "-" "EmagContentMedia/1.0.0"
91.206.37.14 - - [02/Jul/2025:15:03:08 +0200] "GET /Jurek/eurofirany/images/374438/8.jpg HTTP/2.0" 200 194035 "-" "EmagContentMedia/1.0.0"
89.161.206.59 - - [02/Jul/2025:15:03:08 +0200] "GET /Jurek/andex/feeds/andex_skr.xml HTTP/1.0" 200 932761 "-" "-"
91.206.37.14 - - [02/Jul/2025:15:03:11 +0200] "GET /Jurek/eurofirany/images/374440/0.jpg HTTP/2.0" 200 86964 "-" "EmagContentMedia/1.0.0"
91.206.37.14 - - [02/Jul/2025:15:03:11 +0200] "GET /Jurek/eurofirany/images/374440/1.jpg HTTP/2.0" 200 96189 "-" "EmagContentMedia/1.0.0"
91.206.37.14 - - [02/Jul/2025:15:03:11 +0200] "GET /Jurek/eurofirany/images/374440/2.jpg HTTP/2.0" 200 46835 "-" "EmagContentMedia/1.0.0"
91.206.37.14 - - [02/Jul/2025:15:03:11 +0200] "GET /Jurek/eurofirany/images/374440/3.jpg HTTP/2.0" 200 133603 "-" "EmagContentMedia/1.0.0"
91.206.37.14 - - [02/Jul/2025:15:03:12 +0200] "GET /Jurek/eurofirany/images/374440/4.jpg HTTP/2.0" 200 207279 "-" "EmagContentMedia/1.0.0"
91.206.37.14 - - [02/Jul/2025:15:03:12 +0200] "GET /Jurek/eurofirany/images/374440/5.jpg HTTP/2.0" 200 168238 "-" "EmagContentMedia/1.0.0"
91.206.37.14 - - [02/Jul/2025:15:03:12 +0200] "GET /Jurek/eurofirany/images/374440/6.jpg HTTP/2.0" 200 139238 "-" "EmagContentMedia/1.0.0"
91.206.37.14 - - [02/Jul/2025:15:03:12 +0200] "GET /Jurek/eurofirany/images/374440/7.jpg HTTP/2.0" 200 184883 "-" "EmagContentMedia/1.0.0"
91.206.37.14 - - [02/Jul/2025:15:03:13 +0200] "GET /Jurek/eurofirany/images/374440/8.jpg HTTP/2.0" 200 194035 "-" "EmagContentMedia/1.0.0"
85.232.241.194 - - [02/Jul/2025:15:03:15 +0200] "GET /Jurek/eurofryz2/feeds/eurofryz2_worten.xml HTTP/1.1" 200 1376721 "-" "Python-urllib/3.11"
85.232.241.194 - - [02/Jul/2025:15:03:15 +0200] "GET /Jurek/eurofryz2/feeds/eurofryz2_wortenES.xml HTTP/1.1" 200 1376795 "-" "Python-urllib/3.11"
85.232.241.194 - - [02/Jul/2025:15:03:15 +0200] "GET /Jurek/roger/feeds/roger_worten.xml HTTP/1.1" 200 1396573 "-" "Python-urllib/3.11"
85.232.241.194 - - [02/Jul/2025:15:03:15 +0200] "GET /Jurek/roger/feeds/roger_wortenES.xml HTTP/1.1" 200 1396604 "-" "Python-urllib/3.11"
91.206.37.14 - - [02/Jul/2025:15:03:16 +0200] "GET /Jurek/eurofirany/images/374442/0.jpg HTTP/2.0" 200 79894 "-" "EmagContentMedia/1.0.0"
91.206.37.14 - - [02/Jul/2025:15:03:16 +0200] "GET /Jurek/eurofirany/images/374442/1.jpg HTTP/2.0" 200 93243 "-" "EmagContentMedia/1.0.0"
91.206.37.14 - - [02/Jul/2025:15:03:16 +0200] "GET /Jurek/eurofirany/images/374442/2.jpg HTTP/2.0" 200 47133 "-" "EmagContentMedia/1.0.0"
91.206.37.14 - - [02/Jul/2025:15:03:16 +0200] "GET /Jurek/eurofirany/images/374442/3.jpg HTTP/2.0" 200 157443 "-" "EmagContentMedia/1.0.0"
91.206.37.14 - - [02/Jul/2025:15:03:17 +0200] "GET /Jurek/eurofirany/images/374442/4.jpg HTTP/2.0" 200 264648 "-" "EmagContentMedia/1.0.0"
91.206.37.14 - - [02/Jul/2025:15:03:17 +0200] "GET /Jurek/eurofirany/images/374442/5.jpg HTTP/2.0" 200 165789 "-" "EmagContentMedia/1.0.0"
91.206.37.14 - - [02/Jul/2025:15:03:17 +0200] "GET /Jurek/eurofirany/images/374442/6.jpg HTTP/2.0" 200 148898 "-" "EmagContentMedia/1.0.0"
91.206.37.14 - - [02/Jul/2025:15:03:17 +0200] "GET /Jurek/eurofirany/images/374442/7.jpg HTTP/2.0" 200 187890 "-" "EmagContentMedia/1.0.0"
91.206.37.14 - - [02/Jul/2025:15:03:18 +0200] "GET /Jurek/eurofirany/images/374442/8.jpg HTTP/2.0" 200 194035 "-" "EmagContentMedia/1.0.0"
91.206.37.14 - - [02/Jul/2025:15:03:20 +0200] "GET /Jurek/eurofirany/images/423668/1.jpg HTTP/2.0" 200 598581 "-" "EmagContentMedia/1.0.0"
91.206.37.14 - - [02/Jul/2025:15:03:24 +0200] "GET /Jurek/eurofirany/images/374444/0.jpg HTTP/2.0" 200 86493 "-" "EmagContentMedia/1.0.0"
91.206.37.14 - - [02/Jul/2025:15:03:24 +0200] "GET /Jurek/eurofirany/images/374444/1.jpg HTTP/2.0" 200 92876 "-" "EmagContentMedia/1.0.0"
91.206.37.14 - - [02/Jul/2025:15:03:25 +0200] "GET /Jurek/eurofirany/images/374444/2.jpg HTTP/2.0" 200 46509 "-" "EmagContentMedia/1.0.0"
91.206.37.14 - - [02/Jul/2025:15:03:25 +0200] "GET /Jurek/eurofirany/images/374444/3.jpg HTTP/2.0" 200 116053 "-" "EmagContentMedia/1.0.0"
91.206.37.14 - - [02/Jul/2025:15:03:25 +0200] "GET /Jurek/eurofirany/images/374444/4.jpg HTTP/2.0" 200 154563 "-" "EmagContentMedia/1.0.0"
91.206.37.14 - - [02/Jul/2025:15:03:25 +0200] "GET /Jurek/eurofirany/images/374444/5.jpg HTTP/2.0" 200 119750 "-" "EmagContentMedia/1.0.0"
91.206.37.14 - - [02/Jul/2025:15:03:26 +0200] "GET /Jurek/eurofirany/images/374444/6.jpg HTTP/2.0" 200 112514 "-" "EmagContentMedia/1.0.0"
91.206.37.14 - - [02/Jul/2025:15:03:26 +0200] "GET /Jurek/eurofirany/images/374444/7.jpg HTTP/2.0" 200 141460 "-" "EmagContentMedia/1.0.0"
91.206.37.14 - - [02/Jul/2025:15:03:26 +0200] "GET /Jurek/eurofirany/images/374444/8.jpg HTTP/2.0" 200 194035 "-" "EmagContentMedia/1.0.0"
91.206.37.14 - - [02/Jul/2025:15:03:29 +0200] "GET /Jurek/eurofirany/images/389847/0.jpg HTTP/2.0" 200 222271 "-" "EmagContentMedia/1.0.0"
91.206.37.14 - - [02/Jul/2025:15:03:30 +0200] "GET /Jurek/eurofirany/images/389847/1.jpg HTTP/2.0" 200 231537 "-" "EmagContentMedia/1.0.0"
91.206.37.14 - - [02/Jul/2025:15:03:31 +0200] "GET /Jurek/eurofirany/images/389847/2.jpg HTTP/2.0" 200 114123 "-" "EmagContentMedia/1.0.0"
91.206.37.14 - - [02/Jul/2025:15:03:31 +0200] "GET /Jurek/eurofirany/images/389847/3.jpg HTTP/2.0" 200 221397 "-" "EmagContentMedia/1.0.0"
91.206.37.14 - - [02/Jul/2025:15:03:32 +0200] "GET /Jurek/eurofirany/images/389847/4.jpg HTTP/2.0" 200 187956 "-" "EmagContentMedia/1.0.0"
91.206.37.14 - - [02/Jul/2025:15:03:32 +0200] "GET /Jurek/eurofirany/images/389847/5.jpg HTTP/2.0" 200 186376 "-" "EmagContentMedia/1.0.0"
91.206.37.14 - - [02/Jul/2025:15:03:33 +0200] "GET /Jurek/eurofirany/images/389847/6.jpg HTTP/2.0" 200 211763 "-" "EmagContentMedia/1.0.0"
91.206.37.14 - - [02/Jul/2025:15:03:33 +0200] "GET /Jurek/eurofirany/images/389847/7.jpg HTTP/2.0" 200 180690 "-" "EmagContentMedia/1.0.0"
85.232.241.194 - - [02/Jul/2025:15:03:33 +0200] "GET /Jurek/eldar/feeds/eldar_worten.xml HTTP/1.1" 200 7328849 "-" "Python-urllib/3.11"
85.232.241.194 - - [02/Jul/2025:15:03:34 +0200] "GET /Jurek/eldar/feeds/eldar_wortenES.xml HTTP/1.1" 200 7328929 "-" "Python-urllib/3.11"
85.232.241.194 - - [02/Jul/2025:15:03:34 +0200] "GET /Jurek/playcob/feeds/playcob_worten.xml HTTP/1.1" 200 6980100 "-" "Python-urllib/3.11"
91.206.37.14 - - [02/Jul/2025:15:03:34 +0200] "GET /Jurek/eurofirany/images/389847/8.jpg HTTP/2.0" 200 134098 "-" "EmagContentMedia/1.0.0"
85.232.241.194 - - [02/Jul/2025:15:03:34 +0200] "GET /Jurek/playcob/feeds/playcob_wortenES.xml HTTP/1.1" 200 6980140 "-" "Python-urllib/3.11"
91.206.37.14 - - [02/Jul/2025:15:03:34 +0200] "GET /Jurek/eurofirany/images/389847/9.jpg HTTP/2.0" 200 161846 "-" "EmagContentMedia/1.0.0"
91.206.37.14 - - [02/Jul/2025:15:03:35 +0200] "GET /Jurek/eurofirany/images/389847/10.jpg HTTP/2.0" 200 316886 "-" "EmagContentMedia/1.0.0"
91.206.37.14 - - [02/Jul/2025:15:03:36 +0200] "GET /Jurek/eurofirany/images/389847/11.jpg HTTP/2.0" 200 151272 "-" "EmagContentMedia/1.0.0"
91.206.37.14 - - [02/Jul/2025:15:03:37 +0200] "GET /Jurek/eurofirany/images/389847/12.jpg HTTP/2.0" 200 172572 "-" "EmagContentMedia/1.0.0"
85.232.241.194 - - [02/Jul/2025:15:03:40 +0200] "GET /Jurek/dropkz/feeds/dropkz_worten.xml HTTP/1.1" 200 70003831 "-" "Python-urllib/3.11"
85.232.241.194 - - [02/Jul/2025:15:03:40 +0200] "GET /Jurek/dropkz/feeds/dropkz_wortenES.xml HTTP/1.1" 200 70004591 "-" "Python-urllib/3.11"
91.206.37.14 - - [02/Jul/2025:15:03:42 +0200] "GET /Jurek/eurofirany/images/379536/0.jpg HTTP/2.0" 200 180142 "-" "EmagContentMedia/1.0.0"
91.206.37.14 - - [02/Jul/2025:15:03:42 +0200] "GET /Jurek/eurofirany/images/379536/1.jpg HTTP/2.0" 200 182656 "-" "EmagContentMedia/1.0.0"
91.206.37.14 - - [02/Jul/2025:15:03:43 +0200] "GET /Jurek/eurofirany/images/379536/2.jpg HTTP/2.0" 200 98645 "-" "EmagContentMedia/1.0.0"
91.206.37.14 - - [02/Jul/2025:15:03:43 +0200] "GET /Jurek/eurofirany/images/379536/3.jpg HTTP/2.0" 200 184373 "-" "EmagContentMedia/1.0.0"
91.206.37.14 - - [02/Jul/2025:15:03:43 +0200] "GET /Jurek/eurofirany/images/379536/4.jpg HTTP/2.0" 200 170489 "-" "EmagContentMedia/1.0.0"
91.206.37.14 - - [02/Jul/2025:15:03:43 +0200] "GET /Jurek/eurofirany/images/379536/5.jpg HTTP/2.0" 200 203812 "-" "EmagContentMedia/1.0.0"
91.206.37.14 - - [02/Jul/2025:15:03:44 +0200] "GET /Jurek/eurofirany/images/379536/6.jpg HTTP/2.0" 200 177074 "-" "EmagContentMedia/1.0.0"
91.206.37.14 - - [02/Jul/2025:15:03:44 +0200] "GET /Jurek/eurofirany/images/379536/7.jpg HTTP/2.0" 200 190739 "-" "EmagContentMedia/1.0.0"
91.206.37.14 - - [02/Jul/2025:15:03:44 +0200] "GET /Jurek/eurofirany/images/379536/8.jpg HTTP/2.0" 200 158362 "-" "EmagContentMedia/1.0.0"
91.206.37.14 - - [02/Jul/2025:15:03:44 +0200] "GET /Jurek/eurofirany/images/379536/9.jpg HTTP/2.0" 200 161518 "-" "EmagContentMedia/1.0.0"
85.232.241.194 - - [02/Jul/2025:15:03:47 +0200] "GET /Jurek/kristronik/feeds/kristronik_worten.xml HTTP/1.1" 200 691975 "-" "Python-urllib/3.11"
85.232.241.194 - - [02/Jul/2025:15:03:47 +0200] "GET /Jurek/kristronik/feeds/kristronik_wortenES.xml HTTP/1.1" 200 691973 "-" "Python-urllib/3.11"
85.232.241.194 - - [02/Jul/2025:15:03:47 +0200] "GET /Jurek/beltimore/feeds/beltimore_worten.xml HTTP/1.1" 200 18652453 "-" "Python-urllib/3.11"
91.206.37.14 - - [02/Jul/2025:15:03:49 +0200] "GET /Jurek/eurofirany/images/386698/0.jpg HTTP/2.0" 200 100427 "-" "EmagContentMedia/1.0.0"
91.206.37.14 - - [02/Jul/2025:15:03:49 +0200] "GET /Jurek/eurofirany/images/386698/1.jpg HTTP/2.0" 200 116107 "-" "EmagContentMedia/1.0.0"
91.206.37.14 - - [02/Jul/2025:15:03:49 +0200] "GET /Jurek/eurofirany/images/386698/2.jpg HTTP/2.0" 200 55851 "-" "EmagContentMedia/1.0.0"
91.206.37.14 - - [02/Jul/2025:15:03:49 +0200] "GET /Jurek/eurofirany/images/386698/3.jpg HTTP/2.0" 200 150021 "-" "EmagContentMedia/1.0.0"
91.206.37.14 - - [02/Jul/2025:15:03:49 +0200] "GET /Jurek/eurofirany/images/386698/4.jpg HTTP/2.0" 200 171240 "-" "EmagContentMedia/1.0.0"
91.206.37.14 - - [02/Jul/2025:15:03:50 +0200] "GET /Jurek/eurofirany/images/386698/5.jpg HTTP/2.0" 200 102399 "-" "EmagContentMedia/1.0.0"
91.206.37.14 - - [02/Jul/2025:15:03:50 +0200] "GET /Jurek/eurofirany/images/386698/6.jpg HTTP/2.0" 200 102962 "-" "EmagContentMedia/1.0.0"
91.206.37.14 - - [02/Jul/2025:15:03:50 +0200] "GET /Jurek/eurofirany/images/386698/7.jpg HTTP/2.0" 200 122014 "-" "EmagContentMedia/1.0.0"
91.206.37.14 - - [02/Jul/2025:15:03:50 +0200] "GET /Jurek/eurofirany/images/386698/8.jpg HTTP/2.0" 200 116872 "-" "EmagContentMedia/1.0.0"
91.206.37.14 - - [02/Jul/2025:15:03:51 +0200] "GET /Jurek/eurofirany/images/386698/9.jpg HTTP/2.0" 200 96461 "-" "EmagContentMedia/1.0.0"
85.232.241.194 - - [02/Jul/2025:15:03:53 +0200] "GET /Jurek/beltimore/feeds/beltimore_wortenES.xml HTTP/1.1" 200 18652288 "-" "Python-urllib/3.11"
85.232.241.194 - - [02/Jul/2025:15:03:53 +0200] "GET /Jurek/globaldeli/feeds/globaldeli_worten.xml HTTP/1.1" 200 2590906 "-" "Python-urllib/3.11"
85.232.241.194 - - [02/Jul/2025:15:03:53 +0200] "GET /Jurek/globaldeli/feeds/globaldeli_wortenES.xml HTTP/1.1" 200 2590048 "-" "Python-urllib/3.11"
85.232.241.194 - - [02/Jul/2025:15:03:53 +0200] "GET /Jurek/asortymenteu/feeds/asortymenteu_vente_fr.xml HTTP/1.1" 200 2959708 "-" "Python-urllib/3.11"
91.206.37.14 - - [02/Jul/2025:15:03:55 +0200] "GET /Jurek/eurofirany/images/386711/0.jpg HTTP/2.0" 200 84967 "-" "EmagContentMedia/1.0.0"
91.206.37.14 - - [02/Jul/2025:15:03:56 +0200] "GET /Jurek/eurofirany/images/386711/1.jpg HTTP/2.0" 200 94750 "-" "EmagContentMedia/1.0.0"
91.206.37.14 - - [02/Jul/2025:15:03:56 +0200] "GET /Jurek/eurofirany/images/386711/2.jpg HTTP/2.0" 200 46414 "-" "EmagContentMedia/1.0.0"
91.206.37.14 - - [02/Jul/2025:15:03:56 +0200] "GET /Jurek/eurofirany/images/386711/3.jpg HTTP/2.0" 200 117359 "-" "EmagContentMedia/1.0.0"
91.206.37.14 - - [02/Jul/2025:15:03:56 +0200] "GET /Jurek/eurofirany/images/386711/4.jpg HTTP/2.0" 200 159009 "-" "EmagContentMedia/1.0.0"
91.206.37.14 - - [02/Jul/2025:15:03:57 +0200] "GET /Jurek/eurofirany/images/386711/5.jpg HTTP/2.0" 200 102550 "-" "EmagContentMedia/1.0.0"
91.206.37.14 - - [02/Jul/2025:15:03:57 +0200] "GET /Jurek/eurofirany/images/386711/6.jpg HTTP/2.0" 200 86573 "-" "EmagContentMedia/1.0.0"
91.206.37.14 - - [02/Jul/2025:15:03:57 +0200] "GET /Jurek/eurofirany/images/386711/7.jpg HTTP/2.0" 200 108369 "-" "EmagContentMedia/1.0.0"
91.206.37.14 - - [02/Jul/2025:15:03:57 +0200] "GET /Jurek/eurofirany/images/386711/8.jpg HTTP/2.0" 200 101078 "-" "EmagContentMedia/1.0.0"
91.206.37.14 - - [02/Jul/2025:15:03:58 +0200] "GET /Jurek/eurofirany/images/386711/9.jpg HTTP/2.0" 200 132987 "-" "EmagContentMedia/1.0.0"
91.206.37.14 - - [02/Jul/2025:15:03:58 +0200] "GET /Jurek/eurofirany/images/386711/10.jpg HTTP/2.0" 200 163207 "-" "EmagContentMedia/1.0.0"
85.232.241.194 - - [02/Jul/2025:15:04:00 +0200] "GET /Jurek/eurofryz/feeds/eurofryz_worten.xml HTTP/1.1" 200 1381576 "-" "Python-urllib/3.11"
85.232.241.194 - - [02/Jul/2025:15:04:00 +0200] "GET /Jurek/eurofryz/feeds/eurofryz_wortenES.xml HTTP/1.1" 200 1381553 "-" "Python-urllib/3.11"
85.232.241.194 - - [02/Jul/2025:15:04:00 +0200] "GET /Jurek/eurofryz3/feeds/eurofryz3_worten.xml HTTP/1.1" 200 172230 "-" "Python-urllib/3.11"
85.232.241.194 - - [02/Jul/2025:15:04:00 +0200] "GET /Jurek/eurofryz3/feeds/eurofryz3_wortenES.xml HTTP/1.1" 200 172223 "-" "Python-urllib/3.11"
91.206.37.14 - - [02/Jul/2025:15:04:01 +0200] "GET /Jurek/eurofirany/images/388478/0.jpg HTTP/2.0" 200 104897 "-" "EmagContentMedia/1.0.0"
91.206.37.14 - - [02/Jul/2025:15:04:02 +0200] "GET /Jurek/eurofirany/images/388478/1.jpg HTTP/2.0" 200 123520 "-" "EmagContentMedia/1.0.0"
91.206.37.14 - - [02/Jul/2025:15:04:03 +0200] "GET /Jurek/eurofirany/images/388478/2.jpg HTTP/2.0" 200 79469 "-" "EmagContentMedia/1.0.0"
91.206.37.14 - - [02/Jul/2025:15:04:03 +0200] "GET /Jurek/eurofirany/images/388478/3.jpg HTTP/2.0" 200 138486 "-" "EmagContentMedia/1.0.0"
91.206.37.14 - - [02/Jul/2025:15:04:04 +0200] "GET /Jurek/eurofirany/images/388478/4.jpg HTTP/2.0" 200 401466 "-" "EmagContentMedia/1.0.0"
85.14.86.141 - - [02/Jul/2025:15:04:04 +0200] "GET /Jurek/kinghoff/feeds/kinghoff_morele.xml HTTP/2.0" 200 15641817 "-" "MarketplaceAPI curl/7.74.0 PHP/8"
91.206.37.14 - - [02/Jul/2025:15:04:04 +0200] "GET /Jurek/eurofirany/images/388478/5.jpg HTTP/2.0" 200 102336 "-" "EmagContentMedia/1.0.0"
91.206.37.14 - - [02/Jul/2025:15:04:05 +0200] "GET /Jurek/eurofirany/images/388478/6.jpg HTTP/2.0" 200 127826 "-" "EmagContentMedia/1.0.0"
91.206.37.14 - - [02/Jul/2025:15:04:06 +0200] "GET /Jurek/eurofirany/images/388478/7.jpg HTTP/2.0" 200 214146 "-" "EmagContentMedia/1.0.0"
91.206.37.14 - - [02/Jul/2025:15:04:06 +0200] "GET /Jurek/eurofirany/images/388478/8.jpg HTTP/2.0" 200 216107 "-" "EmagContentMedia/1.0.0"
85.232.241.194 - - [02/Jul/2025:15:04:07 +0200] "GET /Jurek/oknobest/feeds/oknobest_worten.xml HTTP/1.1" 200 2708151 "-" "Python-urllib/3.11"
85.232.241.194 - - [02/Jul/2025:15:04:07 +0200] "GET /Jurek/oknobest/feeds/oknobest_wortenES.xml HTTP/1.1" 200 2708406 "-" "Python-urllib/3.11"
85.232.241.194 - - [02/Jul/2025:15:04:07 +0200] "GET /Jurek/eoptimo/feeds/eoptimo_worten.xml HTTP/1.1" 200 2094394 "-" "Python-urllib/3.11"
85.232.241.194 - - [02/Jul/2025:15:04:07 +0200] "GET /Jurek/eoptimo/feeds/eoptimo_wortenES.xml HTTP/1.1" 200 2094387 "-" "Python-urllib/3.11"
85.232.241.194 - - [02/Jul/2025:15:04:07 +0200] "GET /Jurek/sklep24amk/feeds/sklep24amk_worten.xml HTTP/1.1" 200 3894452 "-" "Python-urllib/3.11"
85.232.241.194 - - [02/Jul/2025:15:04:07 +0200] "GET /Jurek/sklep24amk/feeds/sklep24amk_wortenES.xml HTTP/1.1" 200 3894475 "-" "Python-urllib/3.11"
91.206.37.14 - - [02/Jul/2025:15:04:10 +0200] "GET /Jurek/eurofirany/images/386167/0.jpg HTTP/2.0" 200 155956 "-" "EmagContentMedia/1.0.0"
91.206.37.14 - - [02/Jul/2025:15:04:10 +0200] "GET /Jurek/eurofirany/images/386167/1.jpg HTTP/2.0" 200 141628 "-" "EmagContentMedia/1.0.0"
91.206.37.14 - - [02/Jul/2025:15:04:11 +0200] "GET /Jurek/eurofirany/images/386167/2.jpg HTTP/2.0" 200 153896 "-" "EmagContentMedia/1.0.0"
91.206.37.14 - - [02/Jul/2025:15:04:11 +0200] "GET /Jurek/eurofirany/images/386167/3.jpg HTTP/2.0" 200 78692 "-" "EmagContentMedia/1.0.0"
91.206.37.14 - - [02/Jul/2025:15:04:12 +0200] "GET /Jurek/eurofirany/images/386167/4.jpg HTTP/2.0" 200 131861 "-" "EmagContentMedia/1.0.0"
91.206.37.14 - - [02/Jul/2025:15:04:12 +0200] "GET /Jurek/eurofirany/images/386167/5.jpg HTTP/2.0" 200 115389 "-" "EmagContentMedia/1.0.0"
91.206.37.14 - - [02/Jul/2025:15:04:13 +0200] "GET /Jurek/eurofirany/images/386167/6.jpg HTTP/2.0" 200 122859 "-" "EmagContentMedia/1.0.0"
91.206.37.14 - - [02/Jul/2025:15:04:13 +0200] "GET /Jurek/eurofirany/images/386167/7.jpg HTTP/2.0" 200 139387 "-" "EmagContentMedia/1.0.0"
91.206.37.14 - - [02/Jul/2025:15:04:14 +0200] "GET /Jurek/eurofirany/images/386167/8.jpg HTTP/2.0" 200 86824 "-" "EmagContentMedia/1.0.0"
91.206.37.14 - - [02/Jul/2025:15:04:14 +0200] "GET /Jurek/eurofirany/images/386167/9.jpg HTTP/2.0" 200 204798 "-" "EmagContentMedia/1.0.0"
91.206.37.14 - - [02/Jul/2025:15:04:15 +0200] "GET /Jurek/eurofirany/images/386167/10.jpg HTTP/2.0" 200 160800 "-" "EmagContentMedia/1.0.0"
91.206.37.14 - - [02/Jul/2025:15:04:16 +0200] "GET /Jurek/eurofirany/images/386167/11.jpg HTTP/2.0" 200 240955 "-" "EmagContentMedia/1.0.0"
91.206.37.14 - - [02/Jul/2025:15:04:16 +0200] "GET /Jurek/eurofirany/images/386167/12.jpg HTTP/2.0" 200 158013 "-" "EmagContentMedia/1.0.0"
91.206.37.14 - - [02/Jul/2025:15:04:16 +0200] "GET /Jurek/eurofirany/images/386167/13.jpg HTTP/2.0" 200 148887 "-" "EmagContentMedia/1.0.0"
91.206.37.14 - - [02/Jul/2025:15:04:17 +0200] "GET /Jurek/eurofirany/images/386167/14.jpg HTTP/2.0" 200 129489 "-" "EmagContentMedia/1.0.0"
85.232.241.194 - - [02/Jul/2025:15:04:19 +0200] "GET /Jurek/sternhoff/feeds/sternhoff_worten.xml HTTP/1.1" 200 1775273 "-" "Python-urllib/3.11"
91.206.37.14 - - [02/Jul/2025:15:04:22 +0200] "GET /Jurek/eurofirany/images/402860/4.jpg HTTP/2.0" 200 6595 "-" "EmagContentMedia/1.0.0"
85.232.241.194 - - [02/Jul/2025:15:04:25 +0200] "GET /Jurek/sternhoff/feeds/sternhoff_wortenES.xml HTTP/1.1" 200 1775271 "-" "Python-urllib/3.11"
91.206.37.14 - - [02/Jul/2025:15:04:25 +0200] "GET /Jurek/eurofirany/images/385812/0.jpg HTTP/2.0" 200 189728 "-" "EmagContentMedia/1.0.0"
85.232.241.194 - - [02/Jul/2025:15:04:25 +0200] "GET /Jurek/alucon/feeds/alucon_worten.xml HTTP/1.1" 200 553687 "-" "Python-urllib/3.11"
85.232.241.194 - - [02/Jul/2025:15:04:25 +0200] "GET /Jurek/alucon/feeds/alucon_wortenES.xml HTTP/1.1" 200 553687 "-" "Python-urllib/3.11"
91.206.37.14 - - [02/Jul/2025:15:04:25 +0200] "GET /Jurek/eurofirany/images/385812/1.jpg HTTP/2.0" 200 202490 "-" "EmagContentMedia/1.0.0"
85.232.241.194 - - [02/Jul/2025:15:04:25 +0200] "GET /Jurek/hurtmeblowy/feeds/hurtmeblowy_vente_fr.xml HTTP/1.1" 200 7827981 "-" "Python-urllib/3.11"
85.232.241.194 - - [02/Jul/2025:15:04:25 +0200] "GET /Jurek/galopi/feeds/galopi_worten.xml HTTP/1.1" 200 2111082 "-" "Python-urllib/3.11"
85.232.241.194 - - [02/Jul/2025:15:04:25 +0200] "GET /Jurek/galopi/feeds/galopi_wortenES.xml HTTP/1.1" 200 2111077 "-" "Python-urllib/3.11"
91.206.37.14 - - [02/Jul/2025:15:04:26 +0200] "GET /Jurek/eurofirany/images/385812/2.jpg HTTP/2.0" 200 106531 "-" "EmagContentMedia/1.0.0"
91.206.37.14 - - [02/Jul/2025:15:04:26 +0200] "GET /Jurek/eurofirany/images/385812/3.jpg HTTP/2.0" 200 194212 "-" "EmagContentMedia/1.0.0"
91.206.37.14 - - [02/Jul/2025:15:04:26 +0200] "GET /Jurek/eurofirany/images/385812/4.jpg HTTP/2.0" 200 208103 "-" "EmagContentMedia/1.0.0"
91.206.37.14 - - [02/Jul/2025:15:04:27 +0200] "GET /Jurek/eurofirany/images/385812/5.jpg HTTP/2.0" 200 204961 "-" "EmagContentMedia/1.0.0"
91.206.37.14 - - [02/Jul/2025:15:04:27 +0200] "GET /Jurek/eurofirany/images/385812/6.jpg HTTP/2.0" 200 196511 "-" "EmagContentMedia/1.0.0"
91.206.37.14 - - [02/Jul/2025:15:04:27 +0200] "GET /Jurek/eurofirany/images/385812/7.jpg HTTP/2.0" 200 134725 "-" "EmagContentMedia/1.0.0"
91.206.37.14 - - [02/Jul/2025:15:04:27 +0200] "GET /Jurek/eurofirany/images/385812/8.jpg HTTP/2.0" 200 148551 "-" "EmagContentMedia/1.0.0"
91.206.37.14 - - [02/Jul/2025:15:04:28 +0200] "GET /Jurek/eurofirany/images/385812/9.jpg HTTP/2.0" 200 149883 "-" "EmagContentMedia/1.0.0"
91.206.37.14 - - [02/Jul/2025:15:04:28 +0200] "GET /Jurek/eurofirany/images/385812/10.jpg HTTP/2.0" 200 269371 "-" "EmagContentMedia/1.0.0"
91.206.37.14 - - [02/Jul/2025:15:04:32 +0200] "GET /Jurek/eurofirany/images/402862/4.jpg HTTP/2.0" 200 6595 "-" "EmagContentMedia/1.0.0"
91.206.37.14 - - [02/Jul/2025:15:04:32 +0200] "GET /Jurek/eurofirany/images/402866/4.jpg HTTP/2.0" 200 6595 "-" "EmagContentMedia/1.0.0"
91.206.37.14 - - [02/Jul/2025:15:04:34 +0200] "GET /Jurek/eurofirany/images/402867/4.jpg HTTP/2.0" 200 6595 "-" "EmagContentMedia/1.0.0"
85.232.241.194 - - [02/Jul/2025:15:04:37 +0200] "GET /Jurek/jankeski/feeds/jankeski_worten.xml HTTP/1.1" 200 6571165 "-" "Python-urllib/3.11"
85.232.241.194 - - [02/Jul/2025:15:04:38 +0200] "GET /Jurek/jankeski/feeds/jankeski_wortenES.xml HTTP/1.1" 200 6571093 "-" "Python-urllib/3.11"
91.206.37.14 - - [02/Jul/2025:15:04:39 +0200] "GET /Jurek/eurofirany/images/385813/0.jpg HTTP/2.0" 200 187841 "-" "EmagContentMedia/1.0.0"
91.206.37.14 - - [02/Jul/2025:15:04:40 +0200] "GET /Jurek/eurofirany/images/385813/1.jpg HTTP/2.0" 200 197882 "-" "EmagContentMedia/1.0.0"
91.206.37.14 - - [02/Jul/2025:15:04:40 +0200] "GET /Jurek/eurofirany/images/385813/2.jpg HTTP/2.0" 200 104600 "-" "EmagContentMedia/1.0.0"
91.206.37.14 - - [02/Jul/2025:15:04:40 +0200] "GET /Jurek/eurofirany/images/385813/3.jpg HTTP/2.0" 200 190971 "-" "EmagContentMedia/1.0.0"
91.206.37.14 - - [02/Jul/2025:15:04:41 +0200] "GET /Jurek/eurofirany/images/385813/4.jpg HTTP/2.0" 200 196202 "-" "EmagContentMedia/1.0.0"
91.206.37.14 - - [02/Jul/2025:15:04:41 +0200] "GET /Jurek/eurofirany/images/385813/5.jpg HTTP/2.0" 200 181863 "-" "EmagContentMedia/1.0.0"
91.206.37.14 - - [02/Jul/2025:15:04:41 +0200] "GET /Jurek/eurofirany/images/385813/6.jpg HTTP/2.0" 200 180565 "-" "EmagContentMedia/1.0.0"
91.206.37.14 - - [02/Jul/2025:15:04:42 +0200] "GET /Jurek/eurofirany/images/385813/7.jpg HTTP/2.0" 200 151071 "-" "EmagContentMedia/1.0.0"
91.206.37.14 - - [02/Jul/2025:15:04:42 +0200] "GET /Jurek/eurofirany/images/385813/8.jpg HTTP/2.0" 200 118555 "-" "EmagContentMedia/1.0.0"
91.206.37.14 - - [02/Jul/2025:15:04:42 +0200] "GET /Jurek/eurofirany/images/385813/9.jpg HTTP/2.0" 200 118402 "-" "EmagContentMedia/1.0.0"
91.206.37.14 - - [02/Jul/2025:15:04:42 +0200] "GET /Jurek/eurofirany/images/385813/10.jpg HTTP/2.0" 200 283068 "-" "EmagContentMedia/1.0.0"
85.232.241.194 - - [02/Jul/2025:15:04:43 +0200] "GET /Jurek/purewear/feeds/purewear_worten.xml HTTP/1.1" 200 13350959 "-" "Python-urllib/3.11"
85.232.241.194 - - [02/Jul/2025:15:04:43 +0200] "GET /Jurek/purewear/feeds/purewear_wortenES.xml HTTP/1.1" 200 13350997 "-" "Python-urllib/3.11"
46.101.116.244 - - [02/Jul/2025:15:04:48 +0200] "GET /Jurek/carbonyway/feeds/carbonyway_alza.xml HTTP/2.0" 200 3076610 "-" "-"
91.206.37.14 - - [02/Jul/2025:15:04:48 +0200] "GET /Jurek/eurofirany/images/385817/0.jpg HTTP/2.0" 200 226203 "-" "EmagContentMedia/1.0.0"
91.206.37.14 - - [02/Jul/2025:15:04:49 +0200] "GET /Jurek/eurofirany/images/385817/1.jpg HTTP/2.0" 200 248162 "-" "EmagContentMedia/1.0.0"
91.206.37.14 - - [02/Jul/2025:15:04:49 +0200] "GET /Jurek/eurofirany/images/385817/2.jpg HTTP/2.0" 200 123998 "-" "EmagContentMedia/1.0.0"
91.206.37.14 - - [02/Jul/2025:15:04:49 +0200] "GET /Jurek/eurofirany/images/385817/3.jpg HTTP/2.0" 200 233903 "-" "EmagContentMedia/1.0.0"
91.206.37.14 - - [02/Jul/2025:15:04:50 +0200] "GET /Jurek/eurofirany/images/385817/4.jpg HTTP/2.0" 200 202432 "-" "EmagContentMedia/1.0.0"
91.206.37.14 - - [02/Jul/2025:15:04:50 +0200] "GET /Jurek/eurofirany/images/385817/5.jpg HTTP/2.0" 200 216332 "-" "EmagContentMedia/1.0.0"
91.206.37.14 - - [02/Jul/2025:15:04:50 +0200] "GET /Jurek/eurofirany/images/385817/6.jpg HTTP/2.0" 200 189209 "-" "EmagContentMedia/1.0.0"
91.206.37.14 - - [02/Jul/2025:15:04:51 +0200] "GET /Jurek/eurofirany/images/385817/7.jpg HTTP/2.0" 200 183447 "-" "EmagContentMedia/1.0.0"
91.206.37.14 - - [02/Jul/2025:15:04:51 +0200] "GET /Jurek/eurofirany/images/385817/8.jpg HTTP/2.0" 200 126852 "-" "EmagContentMedia/1.0.0"
91.206.37.14 - - [02/Jul/2025:15:04:51 +0200] "GET /Jurek/eurofirany/images/385817/9.jpg HTTP/2.0" 200 159678 "-" "EmagContentMedia/1.0.0"
91.206.37.14 - - [02/Jul/2025:15:04:51 +0200] "GET /Jurek/eurofirany/images/385817/10.jpg HTTP/2.0" 200 303998 "-" "EmagContentMedia/1.0.0"
91.206.37.14 - - [02/Jul/2025:15:04:57 +0200] "GET /Jurek/eurofirany/images/385818/0.jpg HTTP/2.0" 200 221695 "-" "EmagContentMedia/1.0.0"
91.206.37.14 - - [02/Jul/2025:15:04:58 +0200] "GET /Jurek/eurofirany/images/385818/1.jpg HTTP/2.0" 200 249909 "-" "EmagContentMedia/1.0.0"
91.206.37.14 - - [02/Jul/2025:15:04:58 +0200] "GET /Jurek/eurofirany/images/385818/2.jpg HTTP/2.0" 200 121782 "-" "EmagContentMedia/1.0.0"
91.206.37.14 - - [02/Jul/2025:15:04:59 +0200] "GET /Jurek/eurofirany/images/385818/3.jpg HTTP/2.0" 200 243575 "-" "EmagContentMedia/1.0.0"
91.206.37.14 - - [02/Jul/2025:15:05:00 +0200] "GET /Jurek/eurofirany/images/385818/4.jpg HTTP/2.0" 200 207923 "-" "EmagContentMedia/1.0.0"
91.206.37.14 - - [02/Jul/2025:15:05:00 +0200] "GET /Jurek/eurofirany/images/385818/5.jpg HTTP/2.0" 200 204802 "-" "EmagContentMedia/1.0.0"
91.206.37.14 - - [02/Jul/2025:15:05:01 +0200] "GET /Jurek/eurofirany/images/385818/6.jpg HTTP/2.0" 200 196260 "-" "EmagContentMedia/1.0.0"
91.206.37.14 - - [02/Jul/2025:15:05:01 +0200] "GET /Jurek/eurofirany/images/385818/7.jpg HTTP/2.0" 200 134621 "-" "EmagContentMedia/1.0.0"
91.206.37.14 - - [02/Jul/2025:15:05:02 +0200] "GET /Jurek/eurofirany/images/385818/8.jpg HTTP/2.0" 200 149769 "-" "EmagContentMedia/1.0.0"
91.206.37.14 - - [02/Jul/2025:15:05:02 +0200] "GET /Jurek/eurofirany/images/385818/9.jpg HTTP/2.0" 200 148471 "-" "EmagContentMedia/1.0.0"
91.206.37.14 - - [02/Jul/2025:15:05:03 +0200] "GET /Jurek/eurofirany/images/385818/10.jpg HTTP/2.0" 200 284972 "-" "EmagContentMedia/1.0.0"
91.206.37.14 - - [02/Jul/2025:15:05:07 +0200] "GET /Jurek/eurofirany/images/386712/0.jpg HTTP/2.0" 200 128799 "-" "EmagContentMedia/1.0.0"
91.206.37.14 - - [02/Jul/2025:15:05:07 +0200] "GET /Jurek/eurofirany/images/386712/1.jpg HTTP/2.0" 200 145951 "-" "EmagContentMedia/1.0.0"
91.206.37.14 - - [02/Jul/2025:15:05:08 +0200] "GET /Jurek/eurofirany/images/386712/2.jpg HTTP/2.0" 200 73309 "-" "EmagContentMedia/1.0.0"
91.206.37.14 - - [02/Jul/2025:15:05:08 +0200] "GET /Jurek/eurofirany/images/386712/3.jpg HTTP/2.0" 200 137347 "-" "EmagContentMedia/1.0.0"
91.206.37.14 - - [02/Jul/2025:15:05:08 +0200] "GET /Jurek/eurofirany/images/386712/4.jpg HTTP/2.0" 200 213350 "-" "EmagContentMedia/1.0.0"
91.206.37.14 - - [02/Jul/2025:15:05:08 +0200] "GET /Jurek/eurofirany/images/386712/5.jpg HTTP/2.0" 200 152729 "-" "EmagContentMedia/1.0.0"
52.17.80.36 - - [02/Jul/2025:15:05:08 +0200] "GET /marketplaces/carrefour/results/carrefour.csv HTTP/1.1" 200 147219 "-" "Mirakl HttpClient"
91.206.37.14 - - [02/Jul/2025:15:05:09 +0200] "GET /Jurek/eurofirany/images/386712/6.jpg HTTP/2.0" 200 149004 "-" "EmagContentMedia/1.0.0"
91.206.37.14 - - [02/Jul/2025:15:05:09 +0200] "GET /Jurek/eurofirany/images/386712/7.jpg HTTP/2.0" 200 192936 "-" "EmagContentMedia/1.0.0"
91.206.37.14 - - [02/Jul/2025:15:05:09 +0200] "GET /Jurek/eurofirany/images/386712/8.jpg HTTP/2.0" 200 252563 "-" "EmagContentMedia/1.0.0"
85.232.241.194 - - [02/Jul/2025:15:05:10 +0200] "GET /Jurek/broers/feeds/broers_worten.xml HTTP/1.1" 200 1982670 "-" "Python-urllib/3.11"
91.206.37.14 - - [02/Jul/2025:15:05:10 +0200] "GET /Jurek/eurofirany/images/386712/9.jpg HTTP/2.0" 200 265345 "-" "EmagContentMedia/1.0.0"
91.206.37.14 - - [02/Jul/2025:15:05:10 +0200] "GET /Jurek/eurofirany/images/386712/10.jpg HTTP/2.0" 200 185594 "-" "EmagContentMedia/1.0.0"
91.206.37.14 - - [02/Jul/2025:15:05:11 +0200] "GET /Jurek/eurofirany/images/386712/11.jpg HTTP/2.0" 200 153975 "-" "EmagContentMedia/1.0.0"
91.206.37.14 - - [02/Jul/2025:15:05:11 +0200] "GET /Jurek/eurofirany/images/386712/12.jpg HTTP/2.0" 200 124711 "-" "EmagContentMedia/1.0.0"
85.232.241.194 - - [02/Jul/2025:15:05:16 +0200] "GET /Jurek/broers/feeds/broers_wortenES.xml HTTP/1.1" 200 1982614 "-" "Python-urllib/3.11"
91.206.37.14 - - [02/Jul/2025:15:05:16 +0200] "GET /Jurek/eurofirany/images/367435/0.jpg HTTP/2.0" 200 121791 "-" "EmagContentMedia/1.0.0"
85.232.241.194 - - [02/Jul/2025:15:05:17 +0200] "GET /Jurek/cdata/feeds/cdata_worten.xml HTTP/1.1" 200 1445211 "-" "Python-urllib/3.11"
91.206.37.14 - - [02/Jul/2025:15:05:17 +0200] "GET /Jurek/eurofirany/images/367435/1.jpg HTTP/2.0" 200 87853 "-" "EmagContentMedia/1.0.0"
85.232.241.194 - - [02/Jul/2025:15:05:17 +0200] "GET /Jurek/cdata/feeds/cdata_wortenES.xml HTTP/1.1" 200 1445197 "-" "Python-urllib/3.11"
91.206.37.14 - - [02/Jul/2025:15:05:19 +0200] "GET /Jurek/eurofirany/images/386560/0.jpg HTTP/2.0" 200 198248 "-" "EmagContentMedia/1.0.0"
91.206.37.14 - - [02/Jul/2025:15:05:20 +0200] "GET /Jurek/eurofirany/images/386560/1.jpg HTTP/2.0" 200 230367 "-" "EmagContentMedia/1.0.0"
91.206.37.14 - - [02/Jul/2025:15:05:20 +0200] "GET /Jurek/eurofirany/images/386560/2.jpg HTTP/2.0" 200 101903 "-" "EmagContentMedia/1.0.0"
91.206.37.14 - - [02/Jul/2025:15:05:20 +0200] "GET /Jurek/eurofirany/images/386560/3.jpg HTTP/2.0" 200 254273 "-" "EmagContentMedia/1.0.0"
91.206.37.14 - - [02/Jul/2025:15:05:21 +0200] "GET /Jurek/eurofirany/images/386560/4.jpg HTTP/2.0" 200 212226 "-" "EmagContentMedia/1.0.0"
91.206.37.14 - - [02/Jul/2025:15:05:21 +0200] "GET /Jurek/eurofirany/images/386560/5.jpg HTTP/2.0" 200 261324 "-" "EmagContentMedia/1.0.0"
91.206.37.14 - - [02/Jul/2025:15:05:21 +0200] "GET /Jurek/eurofirany/images/386560/6.jpg HTTP/2.0" 200 242302 "-" "EmagContentMedia/1.0.0"
91.206.37.14 - - [02/Jul/2025:15:05:22 +0200] "GET /Jurek/eurofirany/images/386560/7.jpg HTTP/2.0" 200 176194 "-" "EmagContentMedia/1.0.0"
85.232.241.194 - - [02/Jul/2025:15:05:22 +0200] "GET /Jurek/newtechele/feeds/newtechele_worten.xml HTTP/1.1" 200 2438491 "-" "Python-urllib/3.11"
91.206.37.14 - - [02/Jul/2025:15:05:22 +0200] "GET /Jurek/eurofirany/images/386560/8.jpg HTTP/2.0" 200 161796 "-" "EmagContentMedia/1.0.0"
91.206.37.14 - - [02/Jul/2025:15:05:22 +0200] "GET /Jurek/eurofirany/images/386560/9.jpg HTTP/2.0" 200 167806 "-" "EmagContentMedia/1.0.0"
85.232.241.194 - - [02/Jul/2025:15:05:22 +0200] "GET /Jurek/newtechele/feeds/newtechele_wortenES.xml HTTP/1.1" 200 2438508 "-" "Python-urllib/3.11"
85.232.241.194 - - [02/Jul/2025:15:05:22 +0200] "GET /Jurek/omi/feeds/omi_worten.xml HTTP/1.1" 200 8100599 "-" "Python-urllib/3.11"
91.206.37.14 - - [02/Jul/2025:15:05:23 +0200] "GET /Jurek/eurofirany/images/386560/10.jpg HTTP/2.0" 200 290424 "-" "EmagContentMedia/1.0.0"
85.232.241.194 - - [02/Jul/2025:15:05:23 +0200] "GET /Jurek/omi/feeds/omi_wortenES.xml HTTP/1.1" 200 8100708 "-" "Python-urllib/3.11"
91.206.37.14 - - [02/Jul/2025:15:05:23 +0200] "GET /Jurek/eurofirany/images/386560/11.jpg HTTP/2.0" 200 185404 "-" "EmagContentMedia/1.0.0"
91.206.37.14 - - [02/Jul/2025:15:05:23 +0200] "GET /Jurek/eurofirany/images/386560/12.jpg HTTP/2.0" 200 250840 "-" "EmagContentMedia/1.0.0"
91.206.37.14 - - [02/Jul/2025:15:05:24 +0200] "GET /Jurek/eurofirany/images/386560/13.jpg HTTP/2.0" 200 250840 "-" "EmagContentMedia/1.0.0"
91.206.37.14 - - [02/Jul/2025:15:05:29 +0200] "GET /Jurek/eurofirany/images/434742/9.jpg HTTP/2.0" 200 33 "-" "EmagContentMedia/1.0.0"
91.206.37.14 - - [02/Jul/2025:15:05:30 +0200] "GET /Jurek/eurofirany/images/371887/0.jpg HTTP/2.0" 200 41654 "-" "EmagContentMedia/1.0.0"
91.206.37.14 - - [02/Jul/2025:15:05:30 +0200] "GET /Jurek/eurofirany/images/371887/1.jpg HTTP/2.0" 200 66176 "-" "EmagContentMedia/1.0.0"
91.206.37.14 - - [02/Jul/2025:15:05:30 +0200] "GET /Jurek/eurofirany/images/371887/2.jpg HTTP/2.0" 200 60532 "-" "EmagContentMedia/1.0.0"
91.206.37.14 - - [02/Jul/2025:15:05:30 +0200] "GET /Jurek/eurofirany/images/371887/3.jpg HTTP/2.0" 200 45253 "-" "EmagContentMedia/1.0.0"
91.206.37.14 - - [02/Jul/2025:15:05:31 +0200] "GET /Jurek/eurofirany/images/371887/4.jpg HTTP/2.0" 200 219567 "-" "EmagContentMedia/1.0.0"
91.206.37.14 - - [02/Jul/2025:15:05:31 +0200] "GET /Jurek/eurofirany/images/371887/5.jpg HTTP/2.0" 200 216964 "-" "EmagContentMedia/1.0.0"
91.206.37.14 - - [02/Jul/2025:15:05:31 +0200] "GET /Jurek/eurofirany/images/371887/6.jpg HTTP/2.0" 200 60773 "-" "EmagContentMedia/1.0.0"
91.206.37.14 - - [02/Jul/2025:15:05:31 +0200] "GET /Jurek/eurofirany/images/371887/7.jpg HTTP/2.0" 200 93054 "-" "EmagContentMedia/1.0.0"
91.206.37.14 - - [02/Jul/2025:15:05:31 +0200] "GET /Jurek/eurofirany/images/371887/8.jpg HTTP/2.0" 200 125579 "-" "EmagContentMedia/1.0.0"
91.206.37.14 - - [02/Jul/2025:15:05:32 +0200] "GET /Jurek/eurofirany/images/371887/9.jpg HTTP/2.0" 200 90214 "-" "EmagContentMedia/1.0.0"
91.206.37.14 - - [02/Jul/2025:15:05:34 +0200] "GET /Jurek/eurofirany/images/383337/4.jpg HTTP/2.0" 200 6595 "-" "EmagContentMedia/1.0.0"
85.232.241.194 - - [02/Jul/2025:15:05:34 +0200] "GET /Jurek/kamar/feeds/kamar_worten.xml HTTP/1.1" 200 25550019 "-" "Python-urllib/3.11"
85.232.241.194 - - [02/Jul/2025:15:05:34 +0200] "GET /Jurek/kamar/feeds/kamar_wortenES.xml HTTP/1.1" 200 25549918 "-" "Python-urllib/3.11"
85.232.241.194 - - [02/Jul/2025:15:05:34 +0200] "GET /Jurek/beautycare/feeds/beautycare_worten.xml HTTP/1.1" 200 1181304 "-" "Python-urllib/3.11"
46.101.116.244 - - [02/Jul/2025:15:05:36 +0200] "GET /Jurek/piotrmiedz/feeds/piotrmiedz_zero.xml HTTP/2.0" 200 91019948 "-" "-"
3.126.202.245 - - [02/Jul/2025:15:05:36 +0200] "GET /Jurek/topeshop/downloaded_images/5902838467381_Duo_bry%C5%82ka-(2).jpg HTTP/2.0" 404 3551 "-" "Mozilla/5.0 (Windows NT 10.0; Win64; x64) AppleWebKit/537.36 (KHTML, like Gecko) Chrome/109.0.0.0 Safari/537.36"
91.206.37.14 - - [02/Jul/2025:15:05:36 +0200] "GET /Jurek/eurofirany/images/376058/0.jpg HTTP/2.0" 200 37522 "-" "EmagContentMedia/1.0.0"
91.206.37.14 - - [02/Jul/2025:15:05:37 +0200] "GET /Jurek/eurofirany/images/376058/1.jpg HTTP/2.0" 200 53007 "-" "EmagContentMedia/1.0.0"
91.206.37.14 - - [02/Jul/2025:15:05:37 +0200] "GET /Jurek/eurofirany/images/376058/2.jpg HTTP/2.0" 200 57903 "-" "EmagContentMedia/1.0.0"
91.206.37.14 - - [02/Jul/2025:15:05:37 +0200] "GET /Jurek/eurofirany/images/376058/3.jpg HTTP/2.0" 200 100805 "-" "EmagContentMedia/1.0.0"
91.206.37.14 - - [02/Jul/2025:15:05:37 +0200] "GET /Jurek/eurofirany/images/376058/4.jpg HTTP/2.0" 200 60773 "-" "EmagContentMedia/1.0.0"
91.206.37.14 - - [02/Jul/2025:15:05:37 +0200] "GET /Jurek/eurofirany/images/376058/5.jpg HTTP/2.0" 200 95282 "-" "EmagContentMedia/1.0.0"
91.206.37.14 - - [02/Jul/2025:15:05:37 +0200] "GET /Jurek/eurofirany/images/376058/6.jpg HTTP/2.0" 200 85111 "-" "EmagContentMedia/1.0.0"
91.206.37.14 - - [02/Jul/2025:15:05:38 +0200] "GET /Jurek/eurofirany/images/403221/2.jpg HTTP/2.0" 200 33 "-" "EmagContentMedia/1.0.0"
91.206.37.14 - - [02/Jul/2025:15:05:39 +0200] "GET /Jurek/eurofirany/images/378535/0.jpg HTTP/2.0" 200 32940 "-" "EmagContentMedia/1.0.0"
91.206.37.14 - - [02/Jul/2025:15:05:40 +0200] "GET /Jurek/eurofirany/images/378535/1.jpg HTTP/2.0" 200 60267 "-" "EmagContentMedia/1.0.0"
91.206.37.14 - - [02/Jul/2025:15:05:40 +0200] "GET /Jurek/eurofirany/images/378535/2.jpg HTTP/2.0" 200 54493 "-" "EmagContentMedia/1.0.0"
91.206.37.14 - - [02/Jul/2025:15:05:40 +0200] "GET /Jurek/eurofirany/images/378535/3.jpg HTTP/2.0" 200 49396 "-" "EmagContentMedia/1.0.0"
85.232.241.194 - - [02/Jul/2025:15:05:40 +0200] "GET /Jurek/beautycare/feeds/beautycare_wortenES.xml HTTP/1.1" 200 1181287 "-" "Python-urllib/3.11"
91.206.37.14 - - [02/Jul/2025:15:05:40 +0200] "GET /Jurek/eurofirany/images/378535/4.jpg HTTP/2.0" 200 142038 "-" "EmagContentMedia/1.0.0"
85.232.241.194 - - [02/Jul/2025:15:05:40 +0200] "GET /Jurek/avenido/feeds/avenido_worten.xml HTTP/1.1" 200 720107 "-" "Python-urllib/3.11"
91.206.37.14 - - [02/Jul/2025:15:05:40 +0200] "GET /Jurek/eurofirany/images/378535/5.jpg HTTP/2.0" 200 92590 "-" "EmagContentMedia/1.0.0"
85.232.241.194 - - [02/Jul/2025:15:05:40 +0200] "GET /Jurek/avenido/feeds/avenido_wortenES.xml HTTP/1.1" 200 720110 "-" "Python-urllib/3.11"
91.206.37.14 - - [02/Jul/2025:15:05:40 +0200] "GET /Jurek/eurofirany/images/378535/6.jpg HTTP/2.0" 200 118707 "-" "EmagContentMedia/1.0.0"
85.232.241.194 - - [02/Jul/2025:15:05:40 +0200] "GET /Jurek/zenex/feeds/zenex_worten.xml HTTP/1.1" 200 540179 "-" "Python-urllib/3.11"
91.206.37.14 - - [02/Jul/2025:15:05:41 +0200] "GET /Jurek/eurofirany/images/378535/7.jpg HTTP/2.0" 200 81929 "-" "EmagContentMedia/1.0.0"
85.232.241.194 - - [02/Jul/2025:15:05:41 +0200] "GET /Jurek/zenex/feeds/zenex_wortenES.xml HTTP/1.1" 200 540183 "-" "Python-urllib/3.11"
91.206.37.14 - - [02/Jul/2025:15:05:41 +0200] "GET /Jurek/eurofirany/images/378535/8.jpg HTTP/2.0" 200 129047 "-" "EmagContentMedia/1.0.0"
91.206.37.14 - - [02/Jul/2025:15:05:43 +0200] "GET /Jurek/eurofirany/images/367214/0.jpg HTTP/2.0" 200 160143 "-" "EmagContentMedia/1.0.0"
91.206.37.14 - - [02/Jul/2025:15:05:44 +0200] "GET /Jurek/eurofirany/images/367214/1.jpg HTTP/2.0" 200 168122 "-" "EmagContentMedia/1.0.0"
91.206.37.14 - - [02/Jul/2025:15:05:45 +0200] "GET /Jurek/eurofirany/images/367214/2.jpg HTTP/2.0" 200 83842 "-" "EmagContentMedia/1.0.0"
91.206.37.14 - - [02/Jul/2025:15:05:45 +0200] "GET /Jurek/eurofirany/images/367214/3.jpg HTTP/2.0" 200 181659 "-" "EmagContentMedia/1.0.0"
91.206.37.14 - - [02/Jul/2025:15:05:46 +0200] "GET /Jurek/eurofirany/images/367214/4.jpg HTTP/2.0" 200 179867 "-" "EmagContentMedia/1.0.0"
85.232.241.194 - - [02/Jul/2025:15:05:46 +0200] "GET /Jurek/filmal/feeds/filmal_worten.xml HTTP/1.1" 200 139271 "-" "Python-urllib/3.11"
85.232.241.194 - - [02/Jul/2025:15:05:46 +0200] "GET /Jurek/filmal/feeds/filmal_wortenES.xml HTTP/1.1" 200 139271 "-" "Python-urllib/3.11"
91.206.37.14 - - [02/Jul/2025:15:05:46 +0200] "GET /Jurek/eurofirany/images/367214/5.jpg HTTP/2.0" 200 193998 "-" "EmagContentMedia/1.0.0"
91.206.37.14 - - [02/Jul/2025:15:05:47 +0200] "GET /Jurek/eurofirany/images/367214/6.jpg HTTP/2.0" 200 156452 "-" "EmagContentMedia/1.0.0"
91.206.37.14 - - [02/Jul/2025:15:05:47 +0200] "GET /Jurek/eurofirany/images/367214/7.jpg HTTP/2.0" 200 147489 "-" "EmagContentMedia/1.0.0"
91.206.37.14 - - [02/Jul/2025:15:05:48 +0200] "GET /Jurek/eurofirany/images/367214/8.jpg HTTP/2.0" 200 149041 "-" "EmagContentMedia/1.0.0"
85.14.86.141 - - [02/Jul/2025:15:05:52 +0200] "GET /Jurek/eurofirany/feeds/eurofirany_morele.xml HTTP/2.0" 200 18600669 "-" "MarketplaceAPI curl/7.74.0 PHP/8"
91.206.37.14 - - [02/Jul/2025:15:05:53 +0200] "GET /Jurek/eurofirany/images/374379/0.jpg HTTP/2.0" 200 96641 "-" "EmagContentMedia/1.0.0"
91.206.37.14 - - [02/Jul/2025:15:05:53 +0200] "GET /Jurek/eurofirany/images/374379/1.jpg HTTP/2.0" 200 57075 "-" "EmagContentMedia/1.0.0"
91.206.37.14 - - [02/Jul/2025:15:06:06 +0200] "GET /Jurek/eurofirany/images/371711/0.jpg HTTP/2.0" 200 66786 "-" "EmagContentMedia/1.0.0"
91.206.37.14 - - [02/Jul/2025:15:06:06 +0200] "GET /Jurek/eurofirany/images/371711/1.jpg HTTP/2.0" 200 63659 "-" "EmagContentMedia/1.0.0"
85.14.86.141 - - [02/Jul/2025:15:06:14 +0200] "GET /Jurek/vivaldi/feeds/vivaldi_Morele-PL.xml HTTP/2.0" 200 344674 "-" "MarketplaceAPI curl/7.74.0 PHP/8"
91.206.37.14 - - [02/Jul/2025:15:06:15 +0200] "GET /Jurek/eurofirany/images/371717/0.jpg HTTP/2.0" 200 77385 "-" "EmagContentMedia/1.0.0"
91.206.37.14 - - [02/Jul/2025:15:06:15 +0200] "GET /Jurek/eurofirany/images/371717/1.jpg HTTP/2.0" 200 63659 "-" "EmagContentMedia/1.0.0"
91.206.37.14 - - [02/Jul/2025:15:06:16 +0200] "GET /Jurek/eurofirany/images/434774/9.jpg HTTP/2.0" 200 33 "-" "EmagContentMedia/1.0.0"
91.206.37.14 - - [02/Jul/2025:15:06:23 +0200] "GET /Jurek/eurofirany/images/371718/0.jpg HTTP/2.0" 200 71105 "-" "EmagContentMedia/1.0.0"
91.206.37.14 - - [02/Jul/2025:15:06:24 +0200] "GET /Jurek/eurofirany/images/371718/1.jpg HTTP/2.0" 200 63659 "-" "EmagContentMedia/1.0.0"
85.232.241.194 - - [02/Jul/2025:15:06:30 +0200] "GET /Jurek/proadventure/feeds/proadventure_worten.xml HTTP/1.1" 200 10763631 "-" "Python-urllib/3.11"
85.232.241.194 - - [02/Jul/2025:15:06:30 +0200] "GET /Jurek/proadventure/feeds/proadventure_wortenES.xml HTTP/1.1" 200 10763653 "-" "Python-urllib/3.11"
85.232.241.194 - - [02/Jul/2025:15:06:31 +0200] "GET /Jurek/apresto/feeds/apresto_worten.xml HTTP/1.1" 200 1327651 "-" "Python-urllib/3.11"
85.232.241.194 - - [02/Jul/2025:15:06:31 +0200] "GET /Jurek/apresto/feeds/apresto_wortenES.xml HTTP/1.1" 200 1327666 "-" "Python-urllib/3.11"
54.83.104.158 - - [02/Jul/2025:15:06:35 +0200] "GET /Jurek/eany_blc/ HTTP/1.1" 206 634 "-" "Slackbot-LinkExpanding 1.0 (+https://api.slack.com/robots)"
13.222.154.8 - - [02/Jul/2025:15:06:35 +0200] "GET /favicon.ico HTTP/1.1" 404 3551 "-" "Slackbot 1.0 (+https://api.slack.com/robots)"
193.33.8.61 - - [02/Jul/2025:15:06:42 +0200] "GET /Jurek/eany_blc/ HTTP/2.0" 200 634 "-" "Mozilla/5.0 (Macintosh; Intel Mac OS X 10_15_7) AppleWebKit/537.36 (KHTML, like Gecko) Chrome/137.0.0.0 Safari/537.36"
193.33.8.61 - - [02/Jul/2025:15:06:42 +0200] "GET /Jurek/eany_blc/styles.css HTTP/2.0" 200 2070 "https://dkkapusta1997.usermd.net/Jurek/eany_blc/" "Mozilla/5.0 (Macintosh; Intel Mac OS X 10_15_7) AppleWebKit/537.36 (KHTML, like Gecko) Chrome/137.0.0.0 Safari/537.36"
193.33.8.61 - - [02/Jul/2025:15:06:42 +0200] "GET /Jurek/eany_blc/script.js HTTP/2.0" 200 4251 "https://dkkapusta1997.usermd.net/Jurek/eany_blc/" "Mozilla/5.0 (Macintosh; Intel Mac OS X 10_15_7) AppleWebKit/537.36 (KHTML, like Gecko) Chrome/137.0.0.0 Safari/537.36"
193.33.8.61 - - [02/Jul/2025:15:06:43 +0200] "GET /favicon.ico HTTP/2.0" 404 3551 "https://dkkapusta1997.usermd.net/Jurek/eany_blc/" "Mozilla/5.0 (Macintosh; Intel Mac OS X 10_15_7) AppleWebKit/537.36 (KHTML, like Gecko) Chrome/137.0.0.0 Safari/537.36"
85.232.241.194 - - [02/Jul/2025:15:06:43 +0200] "GET /Jurek/carbonyway/feeds/carbonyway_worten.xml HTTP/1.1" 200 3075956 "-" "Python-urllib/3.11"
85.232.241.194 - - [02/Jul/2025:15:06:44 +0200] "GET /Jurek/carbonyway/feeds/carbonyway_wortenES.xml HTTP/1.1" 200 3075984 "-" "Python-urllib/3.11"
85.232.241.194 - - [02/Jul/2025:15:06:44 +0200] "GET /Jurek/mojeledy/feeds/mojeledy_worten.xml HTTP/1.1" 200 1018452 "-" "Python-urllib/3.11"
85.232.241.194 - - [02/Jul/2025:15:06:44 +0200] "GET /Jurek/mojeledy/feeds/mojeledy_wortenES.xml HTTP/1.1" 200 1018449 "-" "Python-urllib/3.11"
193.33.8.61 - - [02/Jul/2025:15:06:48 +0200] "GET /Jurek/eany_blc/data.csv HTTP/2.0" 200 85397570 "https://dkkapusta1997.usermd.net/Jurek/eany_blc/" "Mozilla/5.0 (Macintosh; Intel Mac OS X 10_15_7) AppleWebKit/537.36 (KHTML, like Gecko) Chrome/137.0.0.0 Safari/537.36"
20.71.215.11 - - [02/Jul/2025:15:06:49 +0200] "GET /Jurek/altex_all/feeds/altex.xml HTTP/2.0" 200 617733 "-" "Mozilla/5.0 (Windows; U; Windows NT 5.1; en-US; rv:1.8.1.13) Gecko/20080311 Firefox/2.0.0.13"
85.232.241.194 - - [02/Jul/2025:15:06:49 +0200] "GET /Jurek/sovapl/feeds/sovapl_worten.xml HTTP/1.1" 200 8999639 "-" "Python-urllib/3.11"
85.232.241.194 - - [02/Jul/2025:15:06:50 +0200] "GET /Jurek/sovapl/feeds/sovapl_wortenES.xml HTTP/1.1" 200 8999689 "-" "Python-urllib/3.11"
18.157.125.26 - - [02/Jul/2025:15:06:55 +0200] "GET /Jurek/topeshop/downloaded_images/5902838467381_Duo_bry%C5%82ka-(2).jpg HTTP/2.0" 404 3551 "-" "Mozilla/5.0 (Windows NT 10.0; Win64; x64) AppleWebKit/537.36 (KHTML, like Gecko) Chrome/109.0.0.0 Safari/537.36"
91.206.37.14 - - [02/Jul/2025:15:07:02 +0200] "GET /Jurek/eurofirany/images/386398/6.jpg HTTP/2.0" 200 6595 "-" "EmagContentMedia/1.0.0"
91.206.37.14 - - [02/Jul/2025:15:07:08 +0200] "GET /Jurek/eurofirany/images/383351/5.jpg HTTP/2.0" 200 6595 "-" "EmagContentMedia/1.0.0"
89.161.206.59 - - [02/Jul/2025:15:07:12 +0200] "GET /Jurek/topeshop/feeds/topeshop_cdsc.xml HTTP/1.0" 200 2715398 "-" "-"
91.206.37.14 - - [02/Jul/2025:15:07:18 +0200] "GET /Jurek/eurofirany/images/419256/2.jpg HTTP/2.0" 200 0 "-" "EmagContentMedia/1.0.0"
91.206.37.14 - - [02/Jul/2025:15:07:18 +0200] "GET /Jurek/eurofirany/images/419256/3.jpg HTTP/2.0" 200 0 "-" "EmagContentMedia/1.0.0"
91.206.37.14 - - [02/Jul/2025:15:07:25 +0200] "GET /Jurek/eurofirany/images/423655/1.jpg HTTP/2.0" 200 598581 "-" "EmagContentMedia/1.0.0"
91.206.37.14 - - [02/Jul/2025:15:07:29 +0200] "GET /Jurek/eurofirany/images/423657/1.jpg HTTP/2.0" 200 598582 "-" "EmagContentMedia/1.0.0"
91.206.37.14 - - [02/Jul/2025:15:07:38 +0200] "GET /Jurek/eurofirany/images/354318/0.jpg HTTP/2.0" 200 75864 "-" "EmagContentMedia/1.0.0"
91.206.37.14 - - [02/Jul/2025:15:07:38 +0200] "GET /Jurek/eurofirany/images/354318/1.jpg HTTP/2.0" 200 94512 "-" "EmagContentMedia/1.0.0"
91.206.37.14 - - [02/Jul/2025:15:07:39 +0200] "GET /Jurek/eurofirany/images/354318/2.jpg HTTP/2.0" 200 37369 "-" "EmagContentMedia/1.0.0"
91.206.37.14 - - [02/Jul/2025:15:07:40 +0200] "GET /Jurek/eurofirany/images/354318/3.jpg HTTP/2.0" 200 84486 "-" "EmagContentMedia/1.0.0"
91.206.37.14 - - [02/Jul/2025:15:07:40 +0200] "GET /Jurek/eurofirany/images/354318/4.jpg HTTP/2.0" 200 311426 "-" "EmagContentMedia/1.0.0"
91.206.37.14 - - [02/Jul/2025:15:07:41 +0200] "GET /Jurek/eurofirany/images/354318/5.jpg HTTP/2.0" 200 195450 "-" "EmagContentMedia/1.0.0"
91.206.37.14 - - [02/Jul/2025:15:07:41 +0200] "GET /Jurek/eurofirany/images/354318/6.jpg HTTP/2.0" 200 122959 "-" "EmagContentMedia/1.0.0"
91.206.37.14 - - [02/Jul/2025:15:07:42 +0200] "GET /Jurek/eurofirany/images/354318/7.jpg HTTP/2.0" 200 248686 "-" "EmagContentMedia/1.0.0"
91.206.37.14 - - [02/Jul/2025:15:07:46 +0200] "GET /Jurek/eurofirany/images/332885/0.jpg HTTP/2.0" 200 70632 "-" "EmagContentMedia/1.0.0"
91.206.37.14 - - [02/Jul/2025:15:07:46 +0200] "GET /Jurek/eurofirany/images/332885/1.jpg HTTP/2.0" 200 78920 "-" "EmagContentMedia/1.0.0"
91.206.37.14 - - [02/Jul/2025:15:07:46 +0200] "GET /Jurek/eurofirany/images/332885/2.jpg HTTP/2.0" 200 37812 "-" "EmagContentMedia/1.0.0"
91.206.37.14 - - [02/Jul/2025:15:07:47 +0200] "GET /Jurek/eurofirany/images/332885/3.jpg HTTP/2.0" 200 76575 "-" "EmagContentMedia/1.0.0"
