20.171.207.242 - - [23/Jun/2025:00:51:03 +0200] "GET /marketplaces/worten2/download/feed_nd_es.xml HTTP/2.0" 200 2097152 "-" "Mozilla/5.0 AppleWebKit/537.36 (KHTML, like Gecko; compatible; GPTBot/1.2; +https://openai.com/gptbot)"
89.161.206.59 - - [23/Jun/2025:00:51:04 +0200] "GET /Jurek/eurofirany/feeds/eurofirany_amazonES.xml HTTP/1.0" 200 19488177 "-" "-"
20.171.207.242 - - [23/Jun/2025:00:51:05 +0200] "GET /marketplaces/worten2/download/?C=M%3BO%3DA HTTP/2.0" 200 53031 "-" "Mozilla/5.0 AppleWebKit/537.36 (KHTML, like Gecko; compatible; GPTBot/1.2; +https://openai.com/gptbot)"
89.161.206.59 - - [23/Jun/2025:00:51:06 +0200] "GET /Jurek/eurofirany/feeds/eurofirany_amazonFR.xml HTTP/1.0" 200 19488430 "-" "-"
20.171.207.242 - - [23/Jun/2025:00:51:07 +0200] "GET /marketplaces/worten2/download/?C=S%3BO%3DA HTTP/2.0" 200 53031 "-" "Mozilla/5.0 AppleWebKit/537.36 (KHTML, like Gecko; compatible; GPTBot/1.2; +https://openai.com/gptbot)"
89.161.206.59 - - [23/Jun/2025:00:51:07 +0200] "GET /Jurek/eurofirany/feeds/eurofirany_amazonBE.xml HTTP/1.0" 200 19488411 "-" "-"
89.161.206.59 - - [23/Jun/2025:00:51:09 +0200] "GET /Jurek/eurofirany/feeds/eurofirany_amazaon_de.xml HTTP/1.0" 200 19488222 "-" "-"
20.171.207.242 - - [23/Jun/2025:00:51:09 +0200] "GET /marketplaces/worten2/download?C=M%3BO%3DA HTTP/2.0" 301 283 "-" "Mozilla/5.0 AppleWebKit/537.36 (KHTML, like Gecko; compatible; GPTBot/1.2; +https://openai.com/gptbot)"
20.171.207.242 - - [23/Jun/2025:00:51:10 +0200] "GET /marketplaces/worten2/download/?C=M%3BO%3DA HTTP/2.0" 200 53031 "-" "Mozilla/5.0 AppleWebKit/537.36 (KHTML, like Gecko; compatible; GPTBot/1.2; +https://openai.com/gptbot)"
46.101.116.244 - - [23/Jun/2025:00:51:10 +0200] "GET /Jurek/eurofirany/feeds/eurofirany_alza.xml HTTP/2.0" 200 19456477 "-" "-"
20.171.207.242 - - [23/Jun/2025:00:51:11 +0200] "GET /marketplaces/worten2/download?C=N%3BO%3DD HTTP/2.0" 301 283 "-" "Mozilla/5.0 AppleWebKit/537.36 (KHTML, like Gecko; compatible; GPTBot/1.2; +https://openai.com/gptbot)"
20.171.207.242 - - [23/Jun/2025:00:51:12 +0200] "GET /marketplaces/worten2/download/?C=N%3BO%3DD HTTP/2.0" 200 53031 "-" "Mozilla/5.0 AppleWebKit/537.36 (KHTML, like Gecko; compatible; GPTBot/1.2; +https://openai.com/gptbot)"
89.161.206.59 - - [23/Jun/2025:00:51:12 +0200] "GET /Jurek/pupus/feeds/pupus_amazonfr.xml HTTP/1.0" 200 6154587 "-" "-"
89.161.206.59 - - [23/Jun/2025:00:51:12 +0200] "GET /Jurek/pupus/feeds/pupus_amazonde.xml HTTP/1.0" 200 6154262 "-" "-"
89.161.206.59 - - [23/Jun/2025:00:51:13 +0200] "GET /Jurek/pupus/feeds/pupus_amazonnl.xml HTTP/1.0" 200 6154190 "-" "-"
89.161.206.59 - - [23/Jun/2025:00:51:13 +0200] "GET /Jurek/pupus/feeds/pupus_amazonbe.xml HTTP/1.0" 200 6154558 "-" "-"
20.171.207.242 - - [23/Jun/2025:00:51:13 +0200] "GET /marketplaces/worten2/download?C=S%3BO%3DA HTTP/2.0" 301 283 "-" "Mozilla/5.0 AppleWebKit/537.36 (KHTML, like Gecko; compatible; GPTBot/1.2; +https://openai.com/gptbot)"
89.161.206.59 - - [23/Jun/2025:00:51:13 +0200] "GET /Jurek/pupus/feeds/pupus_amazonit.xml HTTP/1.0" 200 6154559 "-" "-"
20.171.207.242 - - [23/Jun/2025:00:51:14 +0200] "GET /marketplaces/worten2/download/?C=S%3BO%3DA HTTP/2.0" 200 53031 "-" "Mozilla/5.0 AppleWebKit/537.36 (KHTML, like Gecko; compatible; GPTBot/1.2; +https://openai.com/gptbot)"
89.161.206.59 - - [23/Jun/2025:00:51:14 +0200] "GET /Jurek/pupus/feeds/pupus_amazones.xml HTTP/1.0" 200 6154490 "-" "-"
20.171.207.242 - - [23/Jun/2025:00:51:15 +0200] "GET /marketplaces/worten2/download?C=D%3BO%3DA HTTP/2.0" 301 283 "-" "Mozilla/5.0 AppleWebKit/537.36 (KHTML, like Gecko; compatible; GPTBot/1.2; +https://openai.com/gptbot)"
20.171.207.242 - - [23/Jun/2025:00:51:15 +0200] "GET /marketplaces/worten2/download/?C=D%3BO%3DA HTTP/2.0" 200 53031 "-" "Mozilla/5.0 AppleWebKit/537.36 (KHTML, like Gecko; compatible; GPTBot/1.2; +https://openai.com/gptbot)"
89.161.206.59 - - [23/Jun/2025:00:51:16 +0200] "GET /Jurek/hurtmeblowy/feeds/hurtmeblowy_amazonde.xml HTTP/1.0" 200 6894926 "-" "-"
20.171.207.242 - - [23/Jun/2025:00:51:16 +0200] "GET /marketplaces/worten2/results?C=D%3BO%3DA HTTP/2.0" 301 282 "-" "Mozilla/5.0 AppleWebKit/537.36 (KHTML, like Gecko; compatible; GPTBot/1.2; +https://openai.com/gptbot)"
20.171.207.242 - - [23/Jun/2025:00:51:16 +0200] "GET /marketplaces/worten2/results/?C=D%3BO%3DA HTTP/2.0" 200 540 "-" "Mozilla/5.0 AppleWebKit/537.36 (KHTML, like Gecko; compatible; GPTBot/1.2; +https://openai.com/gptbot)"
20.171.207.242 - - [23/Jun/2025:00:51:17 +0200] "GET /marketplaces/worten2/results?C=N%3BO%3DD HTTP/2.0" 301 282 "-" "Mozilla/5.0 AppleWebKit/537.36 (KHTML, like Gecko; compatible; GPTBot/1.2; +https://openai.com/gptbot)"
89.161.206.59 - - [23/Jun/2025:00:51:17 +0200] "GET /Jurek/kamar/feeds/kamar_amazonde.xml HTTP/1.0" 200 25549618 "-" "-"
20.171.207.242 - - [23/Jun/2025:00:51:18 +0200] "GET /marketplaces/worten2/results/?C=N%3BO%3DD HTTP/2.0" 200 540 "-" "Mozilla/5.0 AppleWebKit/537.36 (KHTML, like Gecko; compatible; GPTBot/1.2; +https://openai.com/gptbot)"
89.161.206.59 - - [23/Jun/2025:00:51:18 +0200] "GET /Jurek/tsjerzy/feeds/tsjerzy_amazonde.xml HTTP/1.0" 200 3897645 "-" "-"
89.161.206.59 - - [23/Jun/2025:00:51:20 +0200] "GET /Jurek/equalo/feeds/equalo_amazonde.xml HTTP/1.0" 200 98005 "-" "-"
20.171.207.242 - - [23/Jun/2025:00:51:20 +0200] "GET /marketplaces/xxxlutz/download/feed_asortymenteu.xml HTTP/2.0" 200 2936470 "-" "Mozilla/5.0 AppleWebKit/537.36 (KHTML, like Gecko; compatible; GPTBot/1.2; +https://openai.com/gptbot)"
89.161.206.59 - - [23/Jun/2025:00:51:21 +0200] "GET /Jurek/elavia/feeds/elavia_amazonde.xml HTTP/1.0" 200 2497279 "-" "-"
89.161.206.59 - - [23/Jun/2025:00:51:22 +0200] "GET /Jurek/riko/feeds/riko_amazonde.xml HTTP/1.0" 200 3784873 "-" "-"
20.171.207.242 - - [23/Jun/2025:00:51:22 +0200] "GET /marketplaces/xxxlutz/download/feed_mastersports.xml HTTP/2.0" 200 9695865 "-" "Mozilla/5.0 AppleWebKit/537.36 (KHTML, like Gecko; compatible; GPTBot/1.2; +https://openai.com/gptbot)"
89.161.206.59 - - [23/Jun/2025:00:51:22 +0200] "GET /Jurek/roger/feeds/roger_amazonde.xml HTTP/1.0" 200 1396645 "-" "-"
89.161.206.59 - - [23/Jun/2025:00:51:23 +0200] "GET /Jurek/narzbud/feeds/narzbud_amazonde.xml HTTP/1.0" 200 1901149 "-" "-"
20.171.207.242 - - [23/Jun/2025:00:51:23 +0200] "GET /marketplaces/rue/download/feed_adler.xml HTTP/2.0" 200 1729343 "-" "Mozilla/5.0 AppleWebKit/537.36 (KHTML, like Gecko; compatible; GPTBot/1.2; +https://openai.com/gptbot)"
20.171.207.242 - - [23/Jun/2025:00:51:25 +0200] "GET /marketplaces/worten2/download/feed_nd.xml HTTP/2.0" 200 2097152 "-" "Mozilla/5.0 AppleWebKit/537.36 (KHTML, like Gecko; compatible; GPTBot/1.2; +https://openai.com/gptbot)"
46.101.116.244 - - [23/Jun/2025:00:51:26 +0200] "GET /Jurek/beliani/feeds/beliani_alza.xml HTTP/2.0" 200 15251035 "-" "-"
20.171.207.242 - - [23/Jun/2025:00:51:28 +0200] "GET /marketplaces/worten2/download/feed_intsell.xml HTTP/2.0" 200 2097152 "-" "Mozilla/5.0 AppleWebKit/537.36 (KHTML, like Gecko; compatible; GPTBot/1.2; +https://openai.com/gptbot)"
20.171.207.242 - - [23/Jun/2025:00:51:30 +0200] "GET /marketplaces/worten2/download/feed_intsell_es.xml HTTP/2.0" 200 2097152 "-" "Mozilla/5.0 AppleWebKit/537.36 (KHTML, like Gecko; compatible; GPTBot/1.2; +https://openai.com/gptbot)"
20.171.207.242 - - [23/Jun/2025:00:51:32 +0200] "GET /marketplaces/worten2/download/feed_primavera_es.xml HTTP/2.0" 200 2097152 "-" "Mozilla/5.0 AppleWebKit/537.36 (KHTML, like Gecko; compatible; GPTBot/1.2; +https://openai.com/gptbot)"
20.171.207.242 - - [23/Jun/2025:00:51:34 +0200] "GET /marketplaces/worten2/download/feed_primavera.xml HTTP/2.0" 200 2097152 "-" "Mozilla/5.0 AppleWebKit/537.36 (KHTML, like Gecko; compatible; GPTBot/1.2; +https://openai.com/gptbot)"
20.171.207.242 - - [23/Jun/2025:00:51:36 +0200] "GET /marketplaces/worten2/download/feed_nd_es.xml HTTP/2.0" 200 2097152 "-" "Mozilla/5.0 AppleWebKit/537.36 (KHTML, like Gecko; compatible; GPTBot/1.2; +https://openai.com/gptbot)"
20.171.207.242 - - [23/Jun/2025:00:51:38 +0200] "GET /Kacper/src_vidatoapiloAPICzech?C=D%3BO%3DA HTTP/2.0" 301 284 "-" "Mozilla/5.0 AppleWebKit/537.36 (KHTML, like Gecko; compatible; GPTBot/1.2; +https://openai.com/gptbot)"
20.171.207.242 - - [23/Jun/2025:00:51:38 +0200] "GET /Kacper/src_vidatoapiloAPICzech/?C=D%3BO%3DA HTTP/2.0" 200 867 "-" "Mozilla/5.0 AppleWebKit/537.36 (KHTML, like Gecko; compatible; GPTBot/1.2; +https://openai.com/gptbot)"
20.171.207.242 - - [23/Jun/2025:00:51:40 +0200] "GET /convert/baselinker-ceneo/a2core?C=M%3BO%3DA HTTP/2.0" 301 285 "-" "Mozilla/5.0 AppleWebKit/537.36 (KHTML, like Gecko; compatible; GPTBot/1.2; +https://openai.com/gptbot)"
20.171.207.242 - - [23/Jun/2025:00:51:40 +0200] "GET /convert/baselinker-ceneo/a2core/?C=M%3BO%3DA HTTP/2.0" 200 795 "-" "Mozilla/5.0 AppleWebKit/537.36 (KHTML, like Gecko; compatible; GPTBot/1.2; +https://openai.com/gptbot)"
20.171.207.242 - - [23/Jun/2025:00:51:42 +0200] "GET /convert/baselinker-ceneo/a2core?C=S%3BO%3DA HTTP/2.0" 301 285 "-" "Mozilla/5.0 AppleWebKit/537.36 (KHTML, like Gecko; compatible; GPTBot/1.2; +https://openai.com/gptbot)"
20.171.207.242 - - [23/Jun/2025:00:51:42 +0200] "GET /convert/baselinker-ceneo/a2core/?C=S%3BO%3DA HTTP/2.0" 200 795 "-" "Mozilla/5.0 AppleWebKit/537.36 (KHTML, like Gecko; compatible; GPTBot/1.2; +https://openai.com/gptbot)"
20.171.207.242 - - [23/Jun/2025:00:51:44 +0200] "GET /marketplaces/xxxlutz/results/?C=N%3BO%3DD HTTP/2.0" 200 541 "-" "Mozilla/5.0 AppleWebKit/537.36 (KHTML, like Gecko; compatible; GPTBot/1.2; +https://openai.com/gptbot)"
46.101.116.244 - - [23/Jun/2025:00:51:45 +0200] "GET /Jurek/vivaldi/feeds/vivaldi_alza.xml HTTP/2.0" 200 344830 "-" "-"
20.171.207.242 - - [23/Jun/2025:00:51:46 +0200] "GET /marketplaces/xxxlutz/results/?C=D%3BO%3DA HTTP/2.0" 200 541 "-" "Mozilla/5.0 AppleWebKit/537.36 (KHTML, like Gecko; compatible; GPTBot/1.2; +https://openai.com/gptbot)"
20.171.207.242 - - [23/Jun/2025:00:51:47 +0200] "GET /Jurek/topeshop/download/topeshop_es.csv HTTP/2.0" 200 12401 "-" "Mozilla/5.0 AppleWebKit/537.36 (KHTML, like Gecko; compatible; GPTBot/1.2; +https://openai.com/gptbot)"
20.171.207.242 - - [23/Jun/2025:00:51:48 +0200] "GET /Jurek/topeshop/download/topeshop_pl.csv HTTP/2.0" 200 14127 "-" "Mozilla/5.0 AppleWebKit/537.36 (KHTML, like Gecko; compatible; GPTBot/1.2; +https://openai.com/gptbot)"
20.171.207.242 - - [23/Jun/2025:00:51:49 +0200] "GET /Jurek/topeshop/download/topeshop_de.csv HTTP/2.0" 200 12422 "-" "Mozilla/5.0 AppleWebKit/537.36 (KHTML, like Gecko; compatible; GPTBot/1.2; +https://openai.com/gptbot)"
20.171.207.242 - - [23/Jun/2025:00:51:51 +0200] "GET /Jurek/topeshop/download/topeshop_pt.csv HTTP/2.0" 200 14807 "-" "Mozilla/5.0 AppleWebKit/537.36 (KHTML, like Gecko; compatible; GPTBot/1.2; +https://openai.com/gptbot)"
20.171.207.242 - - [23/Jun/2025:00:51:52 +0200] "GET /Jurek/topeshop/download/topeshop_se.csv HTTP/2.0" 200 12283 "-" "Mozilla/5.0 AppleWebKit/537.36 (KHTML, like Gecko; compatible; GPTBot/1.2; +https://openai.com/gptbot)"
20.171.207.242 - - [23/Jun/2025:00:51:53 +0200] "GET /Jurek/topeshop/download/topeshop_ro.csv HTTP/2.0" 200 13100 "-" "Mozilla/5.0 AppleWebKit/537.36 (KHTML, like Gecko; compatible; GPTBot/1.2; +https://openai.com/gptbot)"
46.101.116.244 - - [23/Jun/2025:00:51:56 +0200] "GET /Jurek/ikonka/feeds/ikonka_alza.xml HTTP/2.0" 200 21525049 "-" "-"
20.171.207.242 - - [23/Jun/2025:00:51:58 +0200] "GET /marketplaces/rue/download/feed_as.xml HTTP/2.0" 200 19312947 "-" "Mozilla/5.0 AppleWebKit/537.36 (KHTML, like Gecko; compatible; GPTBot/1.2; +https://openai.com/gptbot)"
20.171.207.242 - - [23/Jun/2025:00:52:02 +0200] "GET /marketplaces/rue/download/feed_ap.xml HTTP/2.0" 200 37855315 "-" "Mozilla/5.0 AppleWebKit/537.36 (KHTML, like Gecko; compatible; GPTBot/1.2; +https://openai.com/gptbot)"
46.101.116.244 - - [23/Jun/2025:00:52:02 +0200] "GET /Jurek/hurtownia_przemyslowa/feeds/hp_fnacfr.xml HTTP/1.0" 200 49361534 "-" "-"
46.101.116.244 - - [23/Jun/2025:00:52:08 +0200] "GET /Jurek/stema/feeds/stema_alza.xml HTTP/2.0" 200 897696 "-" "-"
20.171.207.242 - - [23/Jun/2025:00:52:09 +0200] "GET /marketplaces/rue/download/feed_hp.xml HTTP/2.0" 200 49361603 "-" "Mozilla/5.0 AppleWebKit/537.36 (KHTML, like Gecko; compatible; GPTBot/1.2; +https://openai.com/gptbot)"
20.171.207.242 - - [23/Jun/2025:00:52:18 +0200] "GET /marketplaces/rue/download/feed_aw.xml HTTP/2.0" 200 81727959 "-" "Mozilla/5.0 AppleWebKit/537.36 (KHTML, like Gecko; compatible; GPTBot/1.2; +https://openai.com/gptbot)"
20.171.207.242 - - [23/Jun/2025:00:52:18 +0200] "GET /marketplaces/rue/download/feed_nd.xml HTTP/2.0" 200 2097152 "-" "Mozilla/5.0 AppleWebKit/537.36 (KHTML, like Gecko; compatible; GPTBot/1.2; +https://openai.com/gptbot)"
46.101.116.244 - - [23/Jun/2025:00:52:19 +0200] "GET /Jurek/kinghoff/feeds/kinghoff_alza.xml HTTP/2.0" 200 15756397 "-" "-"
20.171.207.242 - - [23/Jun/2025:00:52:26 +0200] "GET /Filip/stare/Python/vida_packages/?C=S%3BO%3DA HTTP/2.0" 200 626 "-" "Mozilla/5.0 AppleWebKit/537.36 (KHTML, like Gecko; compatible; GPTBot/1.2; +https://openai.com/gptbot)"
20.171.207.242 - - [23/Jun/2025:00:52:35 +0200] "GET /Filip/stare/Python/vida_packages/?C=M%3BO%3DA HTTP/2.0" 200 626 "-" "Mozilla/5.0 AppleWebKit/537.36 (KHTML, like Gecko; compatible; GPTBot/1.2; +https://openai.com/gptbot)"
20.171.207.242 - - [23/Jun/2025:00:52:45 +0200] "GET /subskrypcje/yoclub/download/Czechy.xml HTTP/2.0" 200 3716880 "-" "Mozilla/5.0 AppleWebKit/537.36 (KHTML, like Gecko; compatible; GPTBot/1.2; +https://openai.com/gptbot)"
20.171.207.242 - - [23/Jun/2025:00:52:50 +0200] "GET /Filip/pigu_bl/?C=S%3BO%3DA HTTP/2.0" 200 588 "-" "Mozilla/5.0 AppleWebKit/537.36 (KHTML, like Gecko; compatible; GPTBot/1.2; +https://openai.com/gptbot)"
66.249.64.37 - - [23/Jun/2025:00:52:51 +0200] "GET /Jurek/eurofirany/images/423213/3.jpg HTTP/1.1" 200 0 "-" "Googlebot-Image/1.0"
66.249.64.37 - - [23/Jun/2025:00:52:53 +0200] "GET /Jurek/eurofirany/images/423213/0.jpg HTTP/1.1" 200 0 "-" "Googlebot-Image/1.0"
66.249.64.37 - - [23/Jun/2025:00:52:54 +0200] "GET /Jurek/eurofirany/images/423213/1.jpg HTTP/1.1" 200 0 "-" "Googlebot-Image/1.0"
66.249.64.37 - - [23/Jun/2025:00:52:54 +0200] "GET /Jurek/eurofirany/images/423213/2.jpg HTTP/1.1" 200 0 "-" "Googlebot-Image/1.0"
66.249.64.37 - - [23/Jun/2025:00:52:55 +0200] "GET /Jurek/eurofirany/images/389929/7.jpg HTTP/1.1" 200 6595 "-" "Googlebot-Image/1.0"
66.249.64.37 - - [23/Jun/2025:00:52:56 +0200] "GET /Jurek/eurofirany/images/389899/7.jpg HTTP/1.1" 200 6595 "-" "Googlebot-Image/1.0"
20.171.207.242 - - [23/Jun/2025:00:52:56 +0200] "GET /Filip/pigu_bl/?C=D%3BO%3DA HTTP/2.0" 200 588 "-" "Mozilla/5.0 AppleWebKit/537.36 (KHTML, like Gecko; compatible; GPTBot/1.2; +https://openai.com/gptbot)"
66.249.64.37 - - [23/Jun/2025:00:52:57 +0200] "GET /Jurek/eurofirany/images/404579/2.jpg HTTP/1.1" 200 33 "-" "Googlebot-Image/1.0"
66.249.64.37 - - [23/Jun/2025:00:52:58 +0200] "GET /Jurek/eurofirany/images/390402/9.jpg HTTP/1.1" 200 6595 "-" "Googlebot-Image/1.0"
20.171.207.242 - - [23/Jun/2025:00:53:02 +0200] "GET /Filip/pigu_bl/?C=M%3BO%3DA HTTP/2.0" 200 588 "-" "Mozilla/5.0 AppleWebKit/537.36 (KHTML, like Gecko; compatible; GPTBot/1.2; +https://openai.com/gptbot)"
66.249.64.37 - - [23/Jun/2025:00:53:02 +0200] "GET /Jurek/eurofirany/images/389923/7.jpg HTTP/1.1" 200 6595 "-" "Googlebot-Image/1.0"
20.171.207.242 - - [23/Jun/2025:00:53:07 +0200] "GET /Filip/pigu_bl/?C=N%3BO%3DD HTTP/2.0" 200 588 "-" "Mozilla/5.0 AppleWebKit/537.36 (KHTML, like Gecko; compatible; GPTBot/1.2; +https://openai.com/gptbot)"
20.171.207.242 - - [23/Jun/2025:00:53:12 +0200] "GET /convert/baselinker-ceneo/a2core/?C=M%3BO%3DA HTTP/2.0" 200 795 "-" "Mozilla/5.0 AppleWebKit/537.36 (KHTML, like Gecko; compatible; GPTBot/1.2; +https://openai.com/gptbot)"
20.171.207.242 - - [23/Jun/2025:00:53:16 +0200] "GET /Filip/stare/Mall%20i%20Alza?C=S%3BO%3DA HTTP/2.0" 301 281 "-" "Mozilla/5.0 AppleWebKit/537.36 (KHTML, like Gecko; compatible; GPTBot/1.2; +https://openai.com/gptbot)"
20.171.207.242 - - [23/Jun/2025:00:53:16 +0200] "GET /Filip/stare/Mall%20i%20Alza/?C=S%3BO%3DA HTTP/2.0" 200 794 "-" "Mozilla/5.0 AppleWebKit/537.36 (KHTML, like Gecko; compatible; GPTBot/1.2; +https://openai.com/gptbot)"
20.171.207.242 - - [23/Jun/2025:00:53:20 +0200] "GET /convert/baselinker-ceneo/a2core/?C=S%3BO%3DA HTTP/2.0" 200 795 "-" "Mozilla/5.0 AppleWebKit/537.36 (KHTML, like Gecko; compatible; GPTBot/1.2; +https://openai.com/gptbot)"
20.171.207.242 - - [23/Jun/2025:00:53:23 +0200] "GET /Filip/stare/Mall%20i%20Alza?C=N%3BO%3DD HTTP/2.0" 301 281 "-" "Mozilla/5.0 AppleWebKit/537.36 (KHTML, like Gecko; compatible; GPTBot/1.2; +https://openai.com/gptbot)"
20.171.207.242 - - [23/Jun/2025:00:53:24 +0200] "GET /Filip/stare/Mall%20i%20Alza/?C=N%3BO%3DD HTTP/2.0" 200 794 "-" "Mozilla/5.0 AppleWebKit/537.36 (KHTML, like Gecko; compatible; GPTBot/1.2; +https://openai.com/gptbot)"
20.171.207.242 - - [23/Jun/2025:00:53:26 +0200] "GET /marketplaces/rue?C=M%3BO%3DA HTTP/2.0" 301 270 "-" "Mozilla/5.0 AppleWebKit/537.36 (KHTML, like Gecko; compatible; GPTBot/1.2; +https://openai.com/gptbot)"
20.171.207.242 - - [23/Jun/2025:00:53:26 +0200] "GET /marketplaces/rue/?C=M%3BO%3DA HTTP/2.0" 200 1439 "-" "Mozilla/5.0 AppleWebKit/537.36 (KHTML, like Gecko; compatible; GPTBot/1.2; +https://openai.com/gptbot)"
20.171.207.242 - - [23/Jun/2025:00:53:29 +0200] "GET /marketplaces/rue?C=S%3BO%3DA HTTP/2.0" 301 270 "-" "Mozilla/5.0 AppleWebKit/537.36 (KHTML, like Gecko; compatible; GPTBot/1.2; +https://openai.com/gptbot)"
20.171.207.242 - - [23/Jun/2025:00:53:30 +0200] "GET /marketplaces/rue/?C=S%3BO%3DA HTTP/2.0" 200 1439 "-" "Mozilla/5.0 AppleWebKit/537.36 (KHTML, like Gecko; compatible; GPTBot/1.2; +https://openai.com/gptbot)"
20.171.207.242 - - [23/Jun/2025:00:53:36 +0200] "GET /marketplaces/xxxlutz/download/feed_k2distribution.xml HTTP/2.0" 200 27700859 "-" "Mozilla/5.0 AppleWebKit/537.36 (KHTML, like Gecko; compatible; GPTBot/1.2; +https://openai.com/gptbot)"
20.171.207.242 - - [23/Jun/2025:00:53:38 +0200] "GET /subskrypcje/yoclub/download/S%c5%82owacja.xml HTTP/2.0" 200 3701913 "-" "Mozilla/5.0 AppleWebKit/537.36 (KHTML, like Gecko; compatible; GPTBot/1.2; +https://openai.com/gptbot)"
20.171.207.242 - - [23/Jun/2025:00:53:41 +0200] "GET /Kacper/Apilo_token_refresher?C=D%3BO%3DA HTTP/2.0" 301 282 "-" "Mozilla/5.0 AppleWebKit/537.36 (KHTML, like Gecko; compatible; GPTBot/1.2; +https://openai.com/gptbot)"
20.171.207.242 - - [23/Jun/2025:00:53:42 +0200] "GET /Kacper/Apilo_token_refresher/?C=D%3BO%3DA HTTP/2.0" 200 608 "-" "Mozilla/5.0 AppleWebKit/537.36 (KHTML, like Gecko; compatible; GPTBot/1.2; +https://openai.com/gptbot)"
20.171.207.242 - - [23/Jun/2025:00:53:46 +0200] "GET /marketplaces/CDON_extrastore?C=M%3BO%3DA HTTP/2.0" 301 282 "-" "Mozilla/5.0 AppleWebKit/537.36 (KHTML, like Gecko; compatible; GPTBot/1.2; +https://openai.com/gptbot)"
20.171.207.242 - - [23/Jun/2025:00:53:46 +0200] "GET /marketplaces/CDON_extrastore/?C=M%3BO%3DA HTTP/2.0" 200 1447 "-" "Mozilla/5.0 AppleWebKit/537.36 (KHTML, like Gecko; compatible; GPTBot/1.2; +https://openai.com/gptbot)"
20.171.207.242 - - [23/Jun/2025:00:53:50 +0200] "GET /marketplaces/CDON_extrastore?C=S%3BO%3DA HTTP/2.0" 301 282 "-" "Mozilla/5.0 AppleWebKit/537.36 (KHTML, like Gecko; compatible; GPTBot/1.2; +https://openai.com/gptbot)"
20.171.207.242 - - [23/Jun/2025:00:53:51 +0200] "GET /marketplaces/CDON_extrastore/?C=S%3BO%3DA HTTP/2.0" 200 1447 "-" "Mozilla/5.0 AppleWebKit/537.36 (KHTML, like Gecko; compatible; GPTBot/1.2; +https://openai.com/gptbot)"
20.171.207.242 - - [23/Jun/2025:00:53:54 +0200] "GET /marketplaces/CDON_extrastore/?C=D%3BO%3DA HTTP/2.0" 200 1447 "-" "Mozilla/5.0 AppleWebKit/537.36 (KHTML, like Gecko; compatible; GPTBot/1.2; +https://openai.com/gptbot)"
20.171.207.242 - - [23/Jun/2025:00:53:57 +0200] "GET /marketplaces/shoppster_orders/?C=D%3BO%3DA HTTP/2.0" 200 674 "-" "Mozilla/5.0 AppleWebKit/537.36 (KHTML, like Gecko; compatible; GPTBot/1.2; +https://openai.com/gptbot)"
20.171.207.242 - - [23/Jun/2025:00:54:00 +0200] "GET /marketplaces/shoppster_orders/?C=N%3BO%3DD HTTP/2.0" 200 674 "-" "Mozilla/5.0 AppleWebKit/537.36 (KHTML, like Gecko; compatible; GPTBot/1.2; +https://openai.com/gptbot)"
20.171.207.242 - - [23/Jun/2025:00:54:03 +0200] "GET /marketplaces/shoppster_orders?C=D%3BO%3DA HTTP/2.0" 301 283 "-" "Mozilla/5.0 AppleWebKit/537.36 (KHTML, like Gecko; compatible; GPTBot/1.2; +https://openai.com/gptbot)"
20.171.207.242 - - [23/Jun/2025:00:54:03 +0200] "GET /marketplaces/shoppster_orders/?C=D%3BO%3DA HTTP/2.0" 200 674 "-" "Mozilla/5.0 AppleWebKit/537.36 (KHTML, like Gecko; compatible; GPTBot/1.2; +https://openai.com/gptbot)"
20.171.207.242 - - [23/Jun/2025:00:54:06 +0200] "GET /marketplaces/shoppster_orders?C=N%3BO%3DD HTTP/2.0" 301 283 "-" "Mozilla/5.0 AppleWebKit/537.36 (KHTML, like Gecko; compatible; GPTBot/1.2; +https://openai.com/gptbot)"
20.171.207.242 - - [23/Jun/2025:00:54:06 +0200] "GET /marketplaces/shoppster_orders/?C=N%3BO%3DD HTTP/2.0" 200 674 "-" "Mozilla/5.0 AppleWebKit/537.36 (KHTML, like Gecko; compatible; GPTBot/1.2; +https://openai.com/gptbot)"
20.171.207.242 - - [23/Jun/2025:00:54:08 +0200] "GET /marketplaces/CDON_extrastore/?C=N%3BO%3DD HTTP/2.0" 200 1447 "-" "Mozilla/5.0 AppleWebKit/537.36 (KHTML, like Gecko; compatible; GPTBot/1.2; +https://openai.com/gptbot)"
89.161.206.59 - - [23/Jun/2025:00:54:09 +0200] "GET /Jurek/kambukka/feeds/kambukka_allegro.xml HTTP/1.0" 200 1023535 "-" "-"
20.171.207.242 - - [23/Jun/2025:00:54:10 +0200] "GET /marketplaces/xxxlutz/results?C=N%3BO%3DD HTTP/2.0" 301 282 "-" "Mozilla/5.0 AppleWebKit/537.36 (KHTML, like Gecko; compatible; GPTBot/1.2; +https://openai.com/gptbot)"
20.171.207.242 - - [23/Jun/2025:00:54:11 +0200] "GET /marketplaces/xxxlutz/results/?C=N%3BO%3DD HTTP/2.0" 200 541 "-" "Mozilla/5.0 AppleWebKit/537.36 (KHTML, like Gecko; compatible; GPTBot/1.2; +https://openai.com/gptbot)"
20.171.207.242 - - [23/Jun/2025:00:54:12 +0200] "GET /marketplaces/xxxlutz/results?C=D%3BO%3DA HTTP/2.0" 301 282 "-" "Mozilla/5.0 AppleWebKit/537.36 (KHTML, like Gecko; compatible; GPTBot/1.2; +https://openai.com/gptbot)"
20.171.207.242 - - [23/Jun/2025:00:54:12 +0200] "GET /marketplaces/xxxlutz/results/?C=D%3BO%3DA HTTP/2.0" 200 541 "-" "Mozilla/5.0 AppleWebKit/537.36 (KHTML, like Gecko; compatible; GPTBot/1.2; +https://openai.com/gptbot)"
20.171.207.242 - - [23/Jun/2025:00:54:14 +0200] "GET /subskrypcje/yoclub?C=S%3BO%3DA HTTP/2.0" 301 272 "-" "Mozilla/5.0 AppleWebKit/537.36 (KHTML, like Gecko; compatible; GPTBot/1.2; +https://openai.com/gptbot)"
20.171.207.242 - - [23/Jun/2025:00:54:14 +0200] "GET /subskrypcje/yoclub/?C=S%3BO%3DA HTTP/2.0" 200 1330 "-" "Mozilla/5.0 AppleWebKit/537.36 (KHTML, like Gecko; compatible; GPTBot/1.2; +https://openai.com/gptbot)"
20.171.207.242 - - [23/Jun/2025:00:54:15 +0200] "GET /subskrypcje/yoclub?C=M%3BO%3DA HTTP/2.0" 301 272 "-" "Mozilla/5.0 AppleWebKit/537.36 (KHTML, like Gecko; compatible; GPTBot/1.2; +https://openai.com/gptbot)"
20.171.207.242 - - [23/Jun/2025:00:54:15 +0200] "GET /subskrypcje/yoclub/?C=M%3BO%3DA HTTP/2.0" 200 1330 "-" "Mozilla/5.0 AppleWebKit/537.36 (KHTML, like Gecko; compatible; GPTBot/1.2; +https://openai.com/gptbot)"
20.171.207.242 - - [23/Jun/2025:00:54:16 +0200] "GET /marketplaces/worten?C=N%3BO%3DD HTTP/2.0" 301 273 "-" "Mozilla/5.0 AppleWebKit/537.36 (KHTML, like Gecko; compatible; GPTBot/1.2; +https://openai.com/gptbot)"
20.171.207.242 - - [23/Jun/2025:00:54:17 +0200] "GET /marketplaces/worten/?C=N%3BO%3DD HTTP/2.0" 200 1445 "-" "Mozilla/5.0 AppleWebKit/537.36 (KHTML, like Gecko; compatible; GPTBot/1.2; +https://openai.com/gptbot)"
20.171.207.242 - - [23/Jun/2025:00:54:17 +0200] "GET /marketplaces/worten?C=D%3BO%3DA HTTP/2.0" 301 273 "-" "Mozilla/5.0 AppleWebKit/537.36 (KHTML, like Gecko; compatible; GPTBot/1.2; +https://openai.com/gptbot)"
20.171.207.242 - - [23/Jun/2025:00:54:18 +0200] "GET /marketplaces/worten/?C=D%3BO%3DA HTTP/2.0" 200 1445 "-" "Mozilla/5.0 AppleWebKit/537.36 (KHTML, like Gecko; compatible; GPTBot/1.2; +https://openai.com/gptbot)"
20.171.207.242 - - [23/Jun/2025:00:54:19 +0200] "GET /subskrypcje/?C=S%3BO%3DA HTTP/2.0" 200 936 "-" "Mozilla/5.0 AppleWebKit/537.36 (KHTML, like Gecko; compatible; GPTBot/1.2; +https://openai.com/gptbot)"
20.171.207.242 - - [23/Jun/2025:00:54:20 +0200] "GET /subskrypcje/?C=M%3BO%3DA HTTP/2.0" 200 936 "-" "Mozilla/5.0 AppleWebKit/537.36 (KHTML, like Gecko; compatible; GPTBot/1.2; +https://openai.com/gptbot)"
20.171.207.242 - - [23/Jun/2025:00:54:21 +0200] "GET /marketplaces/carrefour_fr/logs/?C=M%3BO%3DA HTTP/2.0" 200 736 "-" "Mozilla/5.0 AppleWebKit/537.36 (KHTML, like Gecko; compatible; GPTBot/1.2; +https://openai.com/gptbot)"
20.171.207.242 - - [23/Jun/2025:00:54:22 +0200] "GET /marketplaces/carrefour_fr/logs/?C=S%3BO%3DA HTTP/2.0" 200 736 "-" "Mozilla/5.0 AppleWebKit/537.36 (KHTML, like Gecko; compatible; GPTBot/1.2; +https://openai.com/gptbot)"
20.171.207.242 - - [23/Jun/2025:00:54:23 +0200] "GET /Filip/instrukcje?C=S%3BO%3DA HTTP/2.0" 301 270 "-" "Mozilla/5.0 AppleWebKit/537.36 (KHTML, like Gecko; compatible; GPTBot/1.2; +https://openai.com/gptbot)"
20.171.207.242 - - [23/Jun/2025:00:54:23 +0200] "GET /Filip/instrukcje/?C=S%3BO%3DA HTTP/2.0" 200 810 "-" "Mozilla/5.0 AppleWebKit/537.36 (KHTML, like Gecko; compatible; GPTBot/1.2; +https://openai.com/gptbot)"
20.171.207.242 - - [23/Jun/2025:00:54:24 +0200] "GET /Filip/instrukcje?C=M%3BO%3DA HTTP/2.0" 301 270 "-" "Mozilla/5.0 AppleWebKit/537.36 (KHTML, like Gecko; compatible; GPTBot/1.2; +https://openai.com/gptbot)"
20.171.207.242 - - [23/Jun/2025:00:54:25 +0200] "GET /Filip/instrukcje/?C=M%3BO%3DA HTTP/2.0" 200 810 "-" "Mozilla/5.0 AppleWebKit/537.36 (KHTML, like Gecko; compatible; GPTBot/1.2; +https://openai.com/gptbot)"
20.171.207.242 - - [23/Jun/2025:00:54:25 +0200] "GET /Filip/stare/Python/AImapping/main.py HTTP/2.0" 200 894 "-" "Mozilla/5.0 AppleWebKit/537.36 (KHTML, like Gecko; compatible; GPTBot/1.2; +https://openai.com/gptbot)"
20.171.207.242 - - [23/Jun/2025:00:54:27 +0200] "GET /marketplaces/shoppster_orders/logs/?C=S%3BO%3DA HTTP/2.0" 200 487 "-" "Mozilla/5.0 AppleWebKit/537.36 (KHTML, like Gecko; compatible; GPTBot/1.2; +https://openai.com/gptbot)"
20.171.207.242 - - [23/Jun/2025:00:54:28 +0200] "GET /marketplaces/shoppster_orders/logs/?C=M%3BO%3DA HTTP/2.0" 200 487 "-" "Mozilla/5.0 AppleWebKit/537.36 (KHTML, like Gecko; compatible; GPTBot/1.2; +https://openai.com/gptbot)"
20.171.207.242 - - [23/Jun/2025:00:54:29 +0200] "GET /marketplaces/CDON_extrastore/logs/?C=N%3BO%3DD HTTP/2.0" 200 816 "-" "Mozilla/5.0 AppleWebKit/537.36 (KHTML, like Gecko; compatible; GPTBot/1.2; +https://openai.com/gptbot)"
20.171.207.242 - - [23/Jun/2025:00:54:30 +0200] "GET /subskrypcje/converter/results/?C=D%3BO%3DA HTTP/2.0" 200 1239 "-" "Mozilla/5.0 AppleWebKit/537.36 (KHTML, like Gecko; compatible; GPTBot/1.2; +https://openai.com/gptbot)"
20.171.207.242 - - [23/Jun/2025:00:54:31 +0200] "GET /marketplaces/CDON_extrastore/feeds/?C=D%3BO%3DA HTTP/2.0" 200 1236 "-" "Mozilla/5.0 AppleWebKit/537.36 (KHTML, like Gecko; compatible; GPTBot/1.2; +https://openai.com/gptbot)"
20.171.207.242 - - [23/Jun/2025:00:54:33 +0200] "GET /subskrypcje/converter/results/?C=M%3BO%3DA HTTP/2.0" 200 1239 "-" "Mozilla/5.0 AppleWebKit/537.36 (KHTML, like Gecko; compatible; GPTBot/1.2; +https://openai.com/gptbot)"
20.171.207.242 - - [23/Jun/2025:00:54:34 +0200] "GET /marketplaces/CDON_extrastore/logs/?C=D%3BO%3DA HTTP/2.0" 200 816 "-" "Mozilla/5.0 AppleWebKit/537.36 (KHTML, like Gecko; compatible; GPTBot/1.2; +https://openai.com/gptbot)"
20.171.207.242 - - [23/Jun/2025:00:54:35 +0200] "GET /subskrypcje/converter/results/?C=N%3BO%3DD HTTP/2.0" 200 1239 "-" "Mozilla/5.0 AppleWebKit/537.36 (KHTML, like Gecko; compatible; GPTBot/1.2; +https://openai.com/gptbot)"
20.171.207.242 - - [23/Jun/2025:00:54:36 +0200] "GET /subskrypcje/PantaPlast/download/?C=N%3BO%3DD HTTP/2.0" 200 750 "-" "Mozilla/5.0 AppleWebKit/537.36 (KHTML, like Gecko; compatible; GPTBot/1.2; +https://openai.com/gptbot)"
20.171.207.242 - - [23/Jun/2025:00:54:37 +0200] "GET /subskrypcje/PantaPlast/download/?C=S%3BO%3DA HTTP/2.0" 200 750 "-" "Mozilla/5.0 AppleWebKit/537.36 (KHTML, like Gecko; compatible; GPTBot/1.2; +https://openai.com/gptbot)"
20.171.207.242 - - [23/Jun/2025:00:54:39 +0200] "GET /subskrypcje/PantaPlast/download/?C=M%3BO%3DA HTTP/2.0" 200 750 "-" "Mozilla/5.0 AppleWebKit/537.36 (KHTML, like Gecko; compatible; GPTBot/1.2; +https://openai.com/gptbot)"
20.171.207.242 - - [23/Jun/2025:00:54:39 +0200] "GET /subskrypcje/PantaPlast/download/?C=D%3BO%3DA HTTP/2.0" 200 750 "-" "Mozilla/5.0 AppleWebKit/537.36 (KHTML, like Gecko; compatible; GPTBot/1.2; +https://openai.com/gptbot)"
20.171.207.242 - - [23/Jun/2025:00:54:41 +0200] "GET /subskrypcje/converter/results?C=N%3BO%3DD HTTP/2.0" 301 283 "-" "Mozilla/5.0 AppleWebKit/537.36 (KHTML, like Gecko; compatible; GPTBot/1.2; +https://openai.com/gptbot)"
20.171.207.242 - - [23/Jun/2025:00:54:41 +0200] "GET /subskrypcje/converter/results/?C=N%3BO%3DD HTTP/2.0" 200 1239 "-" "Mozilla/5.0 AppleWebKit/537.36 (KHTML, like Gecko; compatible; GPTBot/1.2; +https://openai.com/gptbot)"
20.171.207.242 - - [23/Jun/2025:00:54:42 +0200] "GET /marketplaces/shoppster_orders/logs?C=M%3BO%3DA HTTP/2.0" 301 288 "-" "Mozilla/5.0 AppleWebKit/537.36 (KHTML, like Gecko; compatible; GPTBot/1.2; +https://openai.com/gptbot)"
20.171.207.242 - - [23/Jun/2025:00:54:42 +0200] "GET /marketplaces/shoppster_orders/logs/?C=M%3BO%3DA HTTP/2.0" 200 487 "-" "Mozilla/5.0 AppleWebKit/537.36 (KHTML, like Gecko; compatible; GPTBot/1.2; +https://openai.com/gptbot)"
20.171.207.242 - - [23/Jun/2025:00:54:43 +0200] "GET /marketplaces/CDON_extrastore/logs?C=N%3BO%3DD HTTP/2.0" 301 287 "-" "Mozilla/5.0 AppleWebKit/537.36 (KHTML, like Gecko; compatible; GPTBot/1.2; +https://openai.com/gptbot)"
20.171.207.242 - - [23/Jun/2025:00:54:43 +0200] "GET /marketplaces/CDON_extrastore/logs/?C=N%3BO%3DD HTTP/2.0" 200 816 "-" "Mozilla/5.0 AppleWebKit/537.36 (KHTML, like Gecko; compatible; GPTBot/1.2; +https://openai.com/gptbot)"
20.171.207.242 - - [23/Jun/2025:00:54:44 +0200] "GET /marketplaces/CDON_extrastore/feeds?C=N%3BO%3DD HTTP/2.0" 301 288 "-" "Mozilla/5.0 AppleWebKit/537.36 (KHTML, like Gecko; compatible; GPTBot/1.2; +https://openai.com/gptbot)"
20.171.207.242 - - [23/Jun/2025:00:54:44 +0200] "GET /marketplaces/CDON_extrastore/feeds/?C=N%3BO%3DD HTTP/2.0" 200 1236 "-" "Mozilla/5.0 AppleWebKit/537.36 (KHTML, like Gecko; compatible; GPTBot/1.2; +https://openai.com/gptbot)"
20.171.207.242 - - [23/Jun/2025:00:54:45 +0200] "GET /subskrypcje/converter/results?C=D%3BO%3DA HTTP/2.0" 301 283 "-" "Mozilla/5.0 AppleWebKit/537.36 (KHTML, like Gecko; compatible; GPTBot/1.2; +https://openai.com/gptbot)"
20.171.207.242 - - [23/Jun/2025:00:54:45 +0200] "GET /subskrypcje/converter/results/?C=D%3BO%3DA HTTP/2.0" 200 1239 "-" "Mozilla/5.0 AppleWebKit/537.36 (KHTML, like Gecko; compatible; GPTBot/1.2; +https://openai.com/gptbot)"
20.171.207.242 - - [23/Jun/2025:00:54:46 +0200] "GET /marketplaces/shoppster_orders/logs?C=S%3BO%3DA HTTP/2.0" 301 288 "-" "Mozilla/5.0 AppleWebKit/537.36 (KHTML, like Gecko; compatible; GPTBot/1.2; +https://openai.com/gptbot)"
20.171.207.242 - - [23/Jun/2025:00:54:47 +0200] "GET /marketplaces/shoppster_orders/logs/?C=S%3BO%3DA HTTP/2.0" 200 487 "-" "Mozilla/5.0 AppleWebKit/537.36 (KHTML, like Gecko; compatible; GPTBot/1.2; +https://openai.com/gptbot)"
20.171.207.242 - - [23/Jun/2025:00:54:48 +0200] "GET /marketplaces/shoppster_orders/logs?C=N%3BO%3DD HTTP/2.0" 301 288 "-" "Mozilla/5.0 AppleWebKit/537.36 (KHTML, like Gecko; compatible; GPTBot/1.2; +https://openai.com/gptbot)"
20.171.207.242 - - [23/Jun/2025:00:54:48 +0200] "GET /marketplaces/shoppster_orders/logs/?C=N%3BO%3DD HTTP/2.0" 200 487 "-" "Mozilla/5.0 AppleWebKit/537.36 (KHTML, like Gecko; compatible; GPTBot/1.2; +https://openai.com/gptbot)"
20.171.207.242 - - [23/Jun/2025:00:54:49 +0200] "GET /marketplaces/CDON_extrastore/feeds?C=D%3BO%3DA HTTP/2.0" 301 288 "-" "Mozilla/5.0 AppleWebKit/537.36 (KHTML, like Gecko; compatible; GPTBot/1.2; +https://openai.com/gptbot)"
20.171.207.242 - - [23/Jun/2025:00:54:49 +0200] "GET /marketplaces/CDON_extrastore/feeds/?C=D%3BO%3DA HTTP/2.0" 200 1236 "-" "Mozilla/5.0 AppleWebKit/537.36 (KHTML, like Gecko; compatible; GPTBot/1.2; +https://openai.com/gptbot)"
20.171.207.242 - - [23/Jun/2025:00:54:50 +0200] "GET /marketplaces/shoppster_orders/logs?C=D%3BO%3DA HTTP/2.0" 301 288 "-" "Mozilla/5.0 AppleWebKit/537.36 (KHTML, like Gecko; compatible; GPTBot/1.2; +https://openai.com/gptbot)"
20.171.207.242 - - [23/Jun/2025:00:54:50 +0200] "GET /marketplaces/shoppster_orders/logs/?C=D%3BO%3DA HTTP/2.0" 200 487 "-" "Mozilla/5.0 AppleWebKit/537.36 (KHTML, like Gecko; compatible; GPTBot/1.2; +https://openai.com/gptbot)"
20.171.207.242 - - [23/Jun/2025:00:54:51 +0200] "GET /marketplaces/pigu_orders/labels/?C=S%3BO%3DA HTTP/2.0" 200 90308 "-" "Mozilla/5.0 AppleWebKit/537.36 (KHTML, like Gecko; compatible; GPTBot/1.2; +https://openai.com/gptbot)"
20.171.207.242 - - [23/Jun/2025:00:54:52 +0200] "GET /subskrypcje/converter/entry_files/?C=N%3BO%3DD HTTP/2.0" 200 846 "-" "Mozilla/5.0 AppleWebKit/537.36 (KHTML, like Gecko; compatible; GPTBot/1.2; +https://openai.com/gptbot)"
20.171.207.242 - - [23/Jun/2025:00:54:53 +0200] "GET /subskrypcje/converter/entry_files/?C=D%3BO%3DA HTTP/2.0" 200 846 "-" "Mozilla/5.0 AppleWebKit/537.36 (KHTML, like Gecko; compatible; GPTBot/1.2; +https://openai.com/gptbot)"
20.171.207.242 - - [23/Jun/2025:00:54:54 +0200] "GET /marketplaces/OLDskroutz/feeds/?C=S%3BO%3DA HTTP/2.0" 200 619 "-" "Mozilla/5.0 AppleWebKit/537.36 (KHTML, like Gecko; compatible; GPTBot/1.2; +https://openai.com/gptbot)"
20.171.207.242 - - [23/Jun/2025:00:54:56 +0200] "GET /marketplaces/pigu_orders/labels/?C=M%3BO%3DA HTTP/2.0" 200 90308 "-" "Mozilla/5.0 AppleWebKit/537.36 (KHTML, like Gecko; compatible; GPTBot/1.2; +https://openai.com/gptbot)"
216.113.184.105 - - [23/Jun/2025:00:54:57 +0200] "GET /Jurek/topeshop/downloaded_images/5902838467534_Riva_wieszak-opal_biel.jpg HTTP/1.1" 404 3551 "http://www.ebay.com/" "Mozilla/5.0 (Windows NT 10.0; Win64; x64) AppleWebKit/537.36 (KHTML, like Gecko) Chrome/123.0.0.0 Safari/537.36"
216.113.184.102 - - [23/Jun/2025:00:54:57 +0200] "GET /Jurek/topeshop/downloaded_images/5902838467534_RIVA-SZAFKA-BIEL1.jpg HTTP/1.1" 200 24817 "http://www.ebay.com/" "Mozilla/5.0 (Windows NT 10.0; Win64; x64) AppleWebKit/537.36 (KHTML, like Gecko) Chrome/123.0.0.0 Safari/537.36"
216.113.184.102 - - [23/Jun/2025:00:54:57 +0200] "GET /Jurek/topeshop/downloaded_images/5902838467534_RIVA-SZAFKA-BIEL.jpg HTTP/1.1" 200 89644 "http://www.ebay.com/" "Mozilla/5.0 (Windows NT 10.0; Win64; x64) AppleWebKit/537.36 (KHTML, like Gecko) Chrome/123.0.0.0 Safari/537.36"
20.171.207.242 - - [23/Jun/2025:00:54:57 +0200] "GET /marketplaces/OLDskroutz/feeds/?C=M%3BO%3DA HTTP/2.0" 200 619 "-" "Mozilla/5.0 AppleWebKit/537.36 (KHTML, like Gecko; compatible; GPTBot/1.2; +https://openai.com/gptbot)"
216.113.184.102 - - [23/Jun/2025:00:54:57 +0200] "GET /Jurek/topeshop/downloaded_images/5902838467534_RIVA-SZAFKA-BIEL2.png HTTP/1.1" 200 171507 "http://www.ebay.com/" "Mozilla/5.0 (Windows NT 10.0; Win64; x64) AppleWebKit/537.36 (KHTML, like Gecko) Chrome/123.0.0.0 Safari/537.36"
20.171.207.242 - - [23/Jun/2025:00:54:58 +0200] "GET /subskrypcje/converter/entry_files?C=N%3BO%3DD HTTP/2.0" 301 287 "-" "Mozilla/5.0 AppleWebKit/537.36 (KHTML, like Gecko; compatible; GPTBot/1.2; +https://openai.com/gptbot)"
20.171.207.242 - - [23/Jun/2025:00:54:58 +0200] "GET /subskrypcje/converter/entry_files/?C=N%3BO%3DD HTTP/2.0" 200 846 "-" "Mozilla/5.0 AppleWebKit/537.36 (KHTML, like Gecko; compatible; GPTBot/1.2; +https://openai.com/gptbot)"
20.171.207.242 - - [23/Jun/2025:00:54:59 +0200] "GET /subskrypcje/converter/entry_files?C=D%3BO%3DA HTTP/2.0" 301 287 "-" "Mozilla/5.0 AppleWebKit/537.36 (KHTML, like Gecko; compatible; GPTBot/1.2; +https://openai.com/gptbot)"
20.171.207.242 - - [23/Jun/2025:00:54:59 +0200] "GET /subskrypcje/converter/entry_files/?C=D%3BO%3DA HTTP/2.0" 200 846 "-" "Mozilla/5.0 AppleWebKit/537.36 (KHTML, like Gecko; compatible; GPTBot/1.2; +https://openai.com/gptbot)"
20.171.207.242 - - [23/Jun/2025:00:55:00 +0200] "GET /subskrypcje/?C=N%3BO%3DD HTTP/2.0" 200 936 "-" "Mozilla/5.0 AppleWebKit/537.36 (KHTML, like Gecko; compatible; GPTBot/1.2; +https://openai.com/gptbot)"
20.171.207.242 - - [23/Jun/2025:00:55:01 +0200] "GET /subskrypcje/?C=D%3BO%3DA HTTP/2.0" 200 936 "-" "Mozilla/5.0 AppleWebKit/537.36 (KHTML, like Gecko; compatible; GPTBot/1.2; +https://openai.com/gptbot)"
20.171.207.242 - - [23/Jun/2025:00:55:03 +0200] "GET /others/apilo_token_refresher/?C=N%3BO%3DD HTTP/2.0" 200 748 "-" "Mozilla/5.0 AppleWebKit/537.36 (KHTML, like Gecko; compatible; GPTBot/1.2; +https://openai.com/gptbot)"
20.171.207.242 - - [23/Jun/2025:00:55:04 +0200] "GET /others/apilo_token_refresher/?C=D%3BO%3DA HTTP/2.0" 200 748 "-" "Mozilla/5.0 AppleWebKit/537.36 (KHTML, like Gecko; compatible; GPTBot/1.2; +https://openai.com/gptbot)"
20.171.207.242 - - [23/Jun/2025:00:55:05 +0200] "GET /marketplaces/pigu_orders/labels?C=M%3BO%3DA HTTP/2.0" 301 285 "-" "Mozilla/5.0 AppleWebKit/537.36 (KHTML, like Gecko; compatible; GPTBot/1.2; +https://openai.com/gptbot)"
20.171.207.242 - - [23/Jun/2025:00:55:05 +0200] "GET /marketplaces/pigu_orders/labels/?C=M%3BO%3DA HTTP/2.0" 200 90308 "-" "Mozilla/5.0 AppleWebKit/537.36 (KHTML, like Gecko; compatible; GPTBot/1.2; +https://openai.com/gptbot)"
20.171.207.242 - - [23/Jun/2025:00:55:06 +0200] "GET /marketplaces/OLDskroutz/feeds/shumee.xml HTTP/2.0" 200 163840 "-" "Mozilla/5.0 AppleWebKit/537.36 (KHTML, like Gecko; compatible; GPTBot/1.2; +https://openai.com/gptbot)"
20.171.207.242 - - [23/Jun/2025:00:55:07 +0200] "GET /subskrypcje/converter/entry_files/?C=M%3BO%3DA HTTP/2.0" 200 846 "-" "Mozilla/5.0 AppleWebKit/537.36 (KHTML, like Gecko; compatible; GPTBot/1.2; +https://openai.com/gptbot)"
66.249.64.37 - - [23/Jun/2025:00:55:08 +0200] "GET /Jurek/eurofirany/images/390453/7.jpg HTTP/1.1" 200 6595 "-" "Googlebot-Image/1.0"
20.171.207.242 - - [23/Jun/2025:00:55:08 +0200] "GET /marketplaces/pigu_orders/labels?C=S%3BO%3DA HTTP/2.0" 301 285 "-" "Mozilla/5.0 AppleWebKit/537.36 (KHTML, like Gecko; compatible; GPTBot/1.2; +https://openai.com/gptbot)"
20.171.207.242 - - [23/Jun/2025:00:55:08 +0200] "GET /marketplaces/pigu_orders/labels/?C=S%3BO%3DA HTTP/2.0" 200 90308 "-" "Mozilla/5.0 AppleWebKit/537.36 (KHTML, like Gecko; compatible; GPTBot/1.2; +https://openai.com/gptbot)"
20.171.207.242 - - [23/Jun/2025:00:55:09 +0200] "GET /marketplaces/pigu_orders/logs?C=M%3BO%3DA HTTP/2.0" 301 283 "-" "Mozilla/5.0 AppleWebKit/537.36 (KHTML, like Gecko; compatible; GPTBot/1.2; +https://openai.com/gptbot)"
20.171.207.242 - - [23/Jun/2025:00:55:10 +0200] "GET /marketplaces/pigu_orders/logs/?C=M%3BO%3DA HTTP/2.0" 200 472 "-" "Mozilla/5.0 AppleWebKit/537.36 (KHTML, like Gecko; compatible; GPTBot/1.2; +https://openai.com/gptbot)"
20.171.207.242 - - [23/Jun/2025:00:55:10 +0200] "GET /subskrypcje/converter/entry_files/?C=S%3BO%3DA HTTP/2.0" 200 846 "-" "Mozilla/5.0 AppleWebKit/537.36 (KHTML, like Gecko; compatible; GPTBot/1.2; +https://openai.com/gptbot)"
20.171.207.242 - - [23/Jun/2025:00:55:12 +0200] "GET /marketplaces/pigu_orders/logs?C=S%3BO%3DA HTTP/2.0" 301 283 "-" "Mozilla/5.0 AppleWebKit/537.36 (KHTML, like Gecko; compatible; GPTBot/1.2; +https://openai.com/gptbot)"
20.171.207.242 - - [23/Jun/2025:00:55:12 +0200] "GET /marketplaces/pigu_orders/logs/?C=S%3BO%3DA HTTP/2.0" 200 472 "-" "Mozilla/5.0 AppleWebKit/537.36 (KHTML, like Gecko; compatible; GPTBot/1.2; +https://openai.com/gptbot)"
46.101.116.244 - - [23/Jun/2025:00:55:13 +0200] "GET /Jurek/piotrmiedz/feeds/piotrmiedz_mallsish.xml HTTP/2.0" 200 91051313 "-" "-"
20.171.207.242 - - [23/Jun/2025:00:55:13 +0200] "GET /marketplaces?C=N%3BO%3DD HTTP/2.0" 301 266 "-" "Mozilla/5.0 AppleWebKit/537.36 (KHTML, like Gecko; compatible; GPTBot/1.2; +https://openai.com/gptbot)"
20.171.207.242 - - [23/Jun/2025:00:55:13 +0200] "GET /marketplaces/?C=N%3BO%3DD HTTP/2.0" 200 1519 "-" "Mozilla/5.0 AppleWebKit/537.36 (KHTML, like Gecko; compatible; GPTBot/1.2; +https://openai.com/gptbot)"
20.171.207.242 - - [23/Jun/2025:00:55:14 +0200] "GET /marketplaces?C=D%3BO%3DA HTTP/2.0" 301 266 "-" "Mozilla/5.0 AppleWebKit/537.36 (KHTML, like Gecko; compatible; GPTBot/1.2; +https://openai.com/gptbot)"
20.171.207.242 - - [23/Jun/2025:00:55:14 +0200] "GET /marketplaces/?C=D%3BO%3DA HTTP/2.0" 200 1519 "-" "Mozilla/5.0 AppleWebKit/537.36 (KHTML, like Gecko; compatible; GPTBot/1.2; +https://openai.com/gptbot)"
20.171.207.242 - - [23/Jun/2025:00:55:15 +0200] "GET /marketplaces/OLDskroutz/feeds?C=M%3BO%3DA HTTP/2.0" 301 283 "-" "Mozilla/5.0 AppleWebKit/537.36 (KHTML, like Gecko; compatible; GPTBot/1.2; +https://openai.com/gptbot)"
20.171.207.242 - - [23/Jun/2025:00:55:16 +0200] "GET /marketplaces/OLDskroutz/feeds/?C=M%3BO%3DA HTTP/2.0" 200 619 "-" "Mozilla/5.0 AppleWebKit/537.36 (KHTML, like Gecko; compatible; GPTBot/1.2; +https://openai.com/gptbot)"
20.171.207.242 - - [23/Jun/2025:00:55:16 +0200] "GET /marketplaces/OLDskroutz/feeds?C=S%3BO%3DA HTTP/2.0" 301 283 "-" "Mozilla/5.0 AppleWebKit/537.36 (KHTML, like Gecko; compatible; GPTBot/1.2; +https://openai.com/gptbot)"
20.171.207.242 - - [23/Jun/2025:00:55:16 +0200] "GET /marketplaces/OLDskroutz/feeds/?C=S%3BO%3DA HTTP/2.0" 200 619 "-" "Mozilla/5.0 AppleWebKit/537.36 (KHTML, like Gecko; compatible; GPTBot/1.2; +https://openai.com/gptbot)"
20.171.207.242 - - [23/Jun/2025:00:55:17 +0200] "GET /convert/baselinker-ceneo/a2core?C=N%3BO%3DD HTTP/2.0" 301 285 "-" "Mozilla/5.0 AppleWebKit/537.36 (KHTML, like Gecko; compatible; GPTBot/1.2; +https://openai.com/gptbot)"
20.171.207.242 - - [23/Jun/2025:00:55:17 +0200] "GET /convert/baselinker-ceneo/a2core/?C=N%3BO%3DD HTTP/2.0" 200 795 "-" "Mozilla/5.0 AppleWebKit/537.36 (KHTML, like Gecko; compatible; GPTBot/1.2; +https://openai.com/gptbot)"
20.171.207.242 - - [23/Jun/2025:00:55:18 +0200] "GET /convert/baselinker-ceneo/a2core?C=D%3BO%3DA HTTP/2.0" 301 285 "-" "Mozilla/5.0 AppleWebKit/537.36 (KHTML, like Gecko; compatible; GPTBot/1.2; +https://openai.com/gptbot)"
20.171.207.242 - - [23/Jun/2025:00:55:18 +0200] "GET /convert/baselinker-ceneo/a2core/?C=D%3BO%3DA HTTP/2.0" 200 795 "-" "Mozilla/5.0 AppleWebKit/537.36 (KHTML, like Gecko; compatible; GPTBot/1.2; +https://openai.com/gptbot)"
20.171.207.242 - - [23/Jun/2025:00:55:19 +0200] "GET /Kacper/Apilo_token_refresher?C=N%3BO%3DD HTTP/2.0" 301 282 "-" "Mozilla/5.0 AppleWebKit/537.36 (KHTML, like Gecko; compatible; GPTBot/1.2; +https://openai.com/gptbot)"
20.171.207.242 - - [23/Jun/2025:00:55:20 +0200] "GET /Kacper/Apilo_token_refresher/?C=N%3BO%3DD HTTP/2.0" 200 608 "-" "Mozilla/5.0 AppleWebKit/537.36 (KHTML, like Gecko; compatible; GPTBot/1.2; +https://openai.com/gptbot)"
20.171.207.242 - - [23/Jun/2025:00:55:21 +0200] "GET /Kacper/Apilo_token_refresher?C=M%3BO%3DA HTTP/2.0" 301 282 "-" "Mozilla/5.0 AppleWebKit/537.36 (KHTML, like Gecko; compatible; GPTBot/1.2; +https://openai.com/gptbot)"
20.171.207.242 - - [23/Jun/2025:00:55:21 +0200] "GET /Kacper/Apilo_token_refresher/?C=M%3BO%3DA HTTP/2.0" 200 608 "-" "Mozilla/5.0 AppleWebKit/537.36 (KHTML, like Gecko; compatible; GPTBot/1.2; +https://openai.com/gptbot)"
20.171.207.242 - - [23/Jun/2025:00:55:22 +0200] "GET /Kacper/Apilo_token_refresher?C=S%3BO%3DA HTTP/2.0" 301 282 "-" "Mozilla/5.0 AppleWebKit/537.36 (KHTML, like Gecko; compatible; GPTBot/1.2; +https://openai.com/gptbot)"
20.171.207.242 - - [23/Jun/2025:00:55:22 +0200] "GET /Kacper/Apilo_token_refresher/?C=S%3BO%3DA HTTP/2.0" 200 608 "-" "Mozilla/5.0 AppleWebKit/537.36 (KHTML, like Gecko; compatible; GPTBot/1.2; +https://openai.com/gptbot)"
20.171.207.242 - - [23/Jun/2025:00:55:23 +0200] "GET /others/test_aw_orders_sellasist/logs/?C=M%3BO%3DA HTTP/2.0" 200 584 "-" "Mozilla/5.0 AppleWebKit/537.36 (KHTML, like Gecko; compatible; GPTBot/1.2; +https://openai.com/gptbot)"
20.171.207.242 - - [23/Jun/2025:00:55:24 +0200] "GET /others/test_aw_orders_sellasist/logs/?C=S%3BO%3DA HTTP/2.0" 200 584 "-" "Mozilla/5.0 AppleWebKit/537.36 (KHTML, like Gecko; compatible; GPTBot/1.2; +https://openai.com/gptbot)"
20.171.207.242 - - [23/Jun/2025:00:55:25 +0200] "GET /subskrypcje/OverHorse?C=S%3BO%3DA HTTP/2.0" 301 275 "-" "Mozilla/5.0 AppleWebKit/537.36 (KHTML, like Gecko; compatible; GPTBot/1.2; +https://openai.com/gptbot)"
20.171.207.242 - - [23/Jun/2025:00:55:25 +0200] "GET /subskrypcje/OverHorse/?C=S%3BO%3DA HTTP/2.0" 200 527 "-" "Mozilla/5.0 AppleWebKit/537.36 (KHTML, like Gecko; compatible; GPTBot/1.2; +https://openai.com/gptbot)"
20.171.207.242 - - [23/Jun/2025:00:55:26 +0200] "GET /subskrypcje/converter?C=D%3BO%3DA HTTP/2.0" 301 275 "-" "Mozilla/5.0 AppleWebKit/537.36 (KHTML, like Gecko; compatible; GPTBot/1.2; +https://openai.com/gptbot)"
20.171.207.242 - - [23/Jun/2025:00:55:27 +0200] "GET /subskrypcje/converter/?C=D%3BO%3DA HTTP/2.0" 200 1440 "-" "Mozilla/5.0 AppleWebKit/537.36 (KHTML, like Gecko; compatible; GPTBot/1.2; +https://openai.com/gptbot)"
20.171.207.242 - - [23/Jun/2025:00:55:27 +0200] "GET /Kacper/Apiloemergency?C=M%3BO%3DA HTTP/2.0" 301 275 "-" "Mozilla/5.0 AppleWebKit/537.36 (KHTML, like Gecko; compatible; GPTBot/1.2; +https://openai.com/gptbot)"
20.171.207.242 - - [23/Jun/2025:00:55:28 +0200] "GET /Kacper/Apiloemergency/?C=M%3BO%3DA HTTP/2.0" 200 595 "-" "Mozilla/5.0 AppleWebKit/537.36 (KHTML, like Gecko; compatible; GPTBot/1.2; +https://openai.com/gptbot)"
20.171.207.242 - - [23/Jun/2025:00:55:29 +0200] "GET /subskrypcje/OverHorse?C=M%3BO%3DA HTTP/2.0" 301 275 "-" "Mozilla/5.0 AppleWebKit/537.36 (KHTML, like Gecko; compatible; GPTBot/1.2; +https://openai.com/gptbot)"
20.171.207.242 - - [23/Jun/2025:00:55:29 +0200] "GET /subskrypcje/OverHorse/?C=M%3BO%3DA HTTP/2.0" 200 527 "-" "Mozilla/5.0 AppleWebKit/537.36 (KHTML, like Gecko; compatible; GPTBot/1.2; +https://openai.com/gptbot)"
20.171.207.242 - - [23/Jun/2025:00:55:30 +0200] "GET /subskrypcje/converter?C=N%3BO%3DD HTTP/2.0" 301 275 "-" "Mozilla/5.0 AppleWebKit/537.36 (KHTML, like Gecko; compatible; GPTBot/1.2; +https://openai.com/gptbot)"
20.171.207.242 - - [23/Jun/2025:00:55:30 +0200] "GET /subskrypcje/converter/?C=N%3BO%3DD HTTP/2.0" 200 1440 "-" "Mozilla/5.0 AppleWebKit/537.36 (KHTML, like Gecko; compatible; GPTBot/1.2; +https://openai.com/gptbot)"
20.171.207.242 - - [23/Jun/2025:00:55:31 +0200] "GET /Kacper/Apiloemergency?C=S%3BO%3DA HTTP/2.0" 301 275 "-" "Mozilla/5.0 AppleWebKit/537.36 (KHTML, like Gecko; compatible; GPTBot/1.2; +https://openai.com/gptbot)"
20.171.207.242 - - [23/Jun/2025:00:55:31 +0200] "GET /Kacper/Apiloemergency/?C=S%3BO%3DA HTTP/2.0" 200 595 "-" "Mozilla/5.0 AppleWebKit/537.36 (KHTML, like Gecko; compatible; GPTBot/1.2; +https://openai.com/gptbot)"
20.171.207.242 - - [23/Jun/2025:00:55:32 +0200] "GET /Kacper/Apiloemergency?C=N%3BO%3DD HTTP/2.0" 301 275 "-" "Mozilla/5.0 AppleWebKit/537.36 (KHTML, like Gecko; compatible; GPTBot/1.2; +https://openai.com/gptbot)"
20.171.207.242 - - [23/Jun/2025:00:55:32 +0200] "GET /Kacper/Apiloemergency/?C=N%3BO%3DD HTTP/2.0" 200 595 "-" "Mozilla/5.0 AppleWebKit/537.36 (KHTML, like Gecko; compatible; GPTBot/1.2; +https://openai.com/gptbot)"
20.171.207.242 - - [23/Jun/2025:00:55:33 +0200] "GET /marketplaces/pigu_orders/logs/?C=S%3BO%3DA HTTP/2.0" 200 472 "-" "Mozilla/5.0 AppleWebKit/537.36 (KHTML, like Gecko; compatible; GPTBot/1.2; +https://openai.com/gptbot)"
20.171.207.242 - - [23/Jun/2025:00:55:35 +0200] "GET /marketplaces/pigu_orders/logs/?C=M%3BO%3DA HTTP/2.0" 200 472 "-" "Mozilla/5.0 AppleWebKit/537.36 (KHTML, like Gecko; compatible; GPTBot/1.2; +https://openai.com/gptbot)"
20.171.207.242 - - [23/Jun/2025:00:55:39 +0200] "GET /marketplaces/worten2/download/feed_bloomglow.xml HTTP/2.0" 200 14095453 "-" "Mozilla/5.0 AppleWebKit/537.36 (KHTML, like Gecko; compatible; GPTBot/1.2; +https://openai.com/gptbot)"
20.171.207.242 - - [23/Jun/2025:00:55:40 +0200] "GET /marketplaces/worten2/download/feed_altosport.xml HTTP/2.0" 200 2308355 "-" "Mozilla/5.0 AppleWebKit/537.36 (KHTML, like Gecko; compatible; GPTBot/1.2; +https://openai.com/gptbot)"
20.171.207.242 - - [23/Jun/2025:00:55:43 +0200] "GET /others/test_aw_orders_sellasist/logs/?C=D%3BO%3DA HTTP/2.0" 200 584 "-" "Mozilla/5.0 AppleWebKit/537.36 (KHTML, like Gecko; compatible; GPTBot/1.2; +https://openai.com/gptbot)"
20.171.207.242 - - [23/Jun/2025:00:55:46 +0200] "GET /others/test_aw_orders_sellasist/logs/?C=N%3BO%3DD HTTP/2.0" 200 584 "-" "Mozilla/5.0 AppleWebKit/537.36 (KHTML, like Gecko; compatible; GPTBot/1.2; +https://openai.com/gptbot)"
20.171.207.242 - - [23/Jun/2025:00:55:50 +0200] "GET /convert/config?C=N%3BO%3DD HTTP/2.0" 301 268 "-" "Mozilla/5.0 AppleWebKit/537.36 (KHTML, like Gecko; compatible; GPTBot/1.2; +https://openai.com/gptbot)"
20.171.207.242 - - [23/Jun/2025:00:55:50 +0200] "GET /convert/config/?C=N%3BO%3DD HTTP/2.0" 200 1428 "-" "Mozilla/5.0 AppleWebKit/537.36 (KHTML, like Gecko; compatible; GPTBot/1.2; +https://openai.com/gptbot)"
207.46.13.155 - - [23/Jun/2025:00:55:51 +0200] "GET /Jurek/eurofirany/images/423202/0.jpg HTTP/2.0" 200 0 "-" "Mozilla/5.0 AppleWebKit/537.36 (KHTML, like Gecko; compatible; bingbot/2.0; +http://www.bing.com/bingbot.htm) Chrome/116.0.1938.76 Safari/537.36"
20.171.207.242 - - [23/Jun/2025:00:55:53 +0200] "GET /convert/config?C=D%3BO%3DA HTTP/2.0" 301 268 "-" "Mozilla/5.0 AppleWebKit/537.36 (KHTML, like Gecko; compatible; GPTBot/1.2; +https://openai.com/gptbot)"
20.171.207.242 - - [23/Jun/2025:00:55:53 +0200] "GET /convert/config/?C=D%3BO%3DA HTTP/2.0" 200 1428 "-" "Mozilla/5.0 AppleWebKit/537.36 (KHTML, like Gecko; compatible; GPTBot/1.2; +https://openai.com/gptbot)"
20.171.207.242 - - [23/Jun/2025:00:55:57 +0200] "GET /marketplaces/xxxlutz/download/feed_coffeedesk.xml HTTP/2.0" 200 8340839 "-" "Mozilla/5.0 AppleWebKit/537.36 (KHTML, like Gecko; compatible; GPTBot/1.2; +https://openai.com/gptbot)"
