20.171.207.242 - - [23/Jun/2025:00:59:19 +0200] "GET /marketplaces/ubaldi/download/?C=M%3BO%3DA HTTP/2.0" 200 12978 "-" "Mozilla/5.0 AppleWebKit/537.36 (KHTML, like Gecko; compatible; GPTBot/1.2; +https://openai.com/gptbot)"
20.171.207.242 - - [23/Jun/2025:00:59:21 +0200] "GET /marketplaces/CDON_extrastore/download/?C=S%3BO%3DA HTTP/2.0" 200 201357 "-" "Mozilla/5.0 AppleWebKit/537.36 (KHTML, like Gecko; compatible; GPTBot/1.2; +https://openai.com/gptbot)"
20.171.207.242 - - [23/Jun/2025:00:59:22 +0200] "GET /others/test_aw_orders_sellasist/logs?C=D%3BO%3DA HTTP/2.0" 301 290 "-" "Mozilla/5.0 AppleWebKit/537.36 (KHTML, like Gecko; compatible; GPTBot/1.2; +https://openai.com/gptbot)"
20.171.207.242 - - [23/Jun/2025:00:59:22 +0200] "GET /others/test_aw_orders_sellasist/logs/?C=D%3BO%3DA HTTP/2.0" 200 584 "-" "Mozilla/5.0 AppleWebKit/537.36 (KHTML, like Gecko; compatible; GPTBot/1.2; +https://openai.com/gptbot)"
20.171.207.242 - - [23/Jun/2025:00:59:23 +0200] "GET /others/test_aw_orders_sellasist/logs?C=N%3BO%3DD HTTP/2.0" 301 290 "-" "Mozilla/5.0 AppleWebKit/537.36 (KHTML, like Gecko; compatible; GPTBot/1.2; +https://openai.com/gptbot)"
20.171.207.242 - - [23/Jun/2025:00:59:23 +0200] "GET /others/test_aw_orders_sellasist/logs/?C=N%3BO%3DD HTTP/2.0" 200 584 "-" "Mozilla/5.0 AppleWebKit/537.36 (KHTML, like Gecko; compatible; GPTBot/1.2; +https://openai.com/gptbot)"
20.171.207.242 - - [23/Jun/2025:00:59:24 +0200] "GET /marketplaces/worten2/logs/?C=M%3BO%3DA HTTP/2.0" 200 808 "-" "Mozilla/5.0 AppleWebKit/537.36 (KHTML, like Gecko; compatible; GPTBot/1.2; +https://openai.com/gptbot)"
20.171.207.242 - - [23/Jun/2025:00:59:25 +0200] "GET /marketplaces/worten2/logs/?C=S%3BO%3DA HTTP/2.0" 200 808 "-" "Mozilla/5.0 AppleWebKit/537.36 (KHTML, like Gecko; compatible; GPTBot/1.2; +https://openai.com/gptbot)"
46.101.116.244 - - [23/Jun/2025:00:59:26 +0200] "GET /Jurek/carbonyway/feeds/carbonyway_mallsish.xml HTTP/2.0" 200 3075875 "-" "-"
20.171.207.242 - - [23/Jun/2025:00:59:26 +0200] "GET /subskrypcje/PantaPlast?C=N%3BO%3DD HTTP/2.0" 301 276 "-" "Mozilla/5.0 AppleWebKit/537.36 (KHTML, like Gecko; compatible; GPTBot/1.2; +https://openai.com/gptbot)"
20.171.207.242 - - [23/Jun/2025:00:59:26 +0200] "GET /subskrypcje/PantaPlast/?C=N%3BO%3DD HTTP/2.0" 200 518 "-" "Mozilla/5.0 AppleWebKit/537.36 (KHTML, like Gecko; compatible; GPTBot/1.2; +https://openai.com/gptbot)"
20.171.207.242 - - [23/Jun/2025:00:59:27 +0200] "GET /subskrypcje/PantaPlast?C=D%3BO%3DA HTTP/2.0" 301 276 "-" "Mozilla/5.0 AppleWebKit/537.36 (KHTML, like Gecko; compatible; GPTBot/1.2; +https://openai.com/gptbot)"
20.171.207.242 - - [23/Jun/2025:00:59:27 +0200] "GET /subskrypcje/PantaPlast/?C=D%3BO%3DA HTTP/2.0" 200 518 "-" "Mozilla/5.0 AppleWebKit/537.36 (KHTML, like Gecko; compatible; GPTBot/1.2; +https://openai.com/gptbot)"
20.171.207.242 - - [23/Jun/2025:00:59:28 +0200] "GET /subskrypcje/PantaPlast/download?C=N%3BO%3DD HTTP/2.0" 301 285 "-" "Mozilla/5.0 AppleWebKit/537.36 (KHTML, like Gecko; compatible; GPTBot/1.2; +https://openai.com/gptbot)"
20.171.207.242 - - [23/Jun/2025:00:59:29 +0200] "GET /subskrypcje/PantaPlast/download/?C=N%3BO%3DD HTTP/2.0" 200 750 "-" "Mozilla/5.0 AppleWebKit/537.36 (KHTML, like Gecko; compatible; GPTBot/1.2; +https://openai.com/gptbot)"
89.161.206.59 - - [23/Jun/2025:00:59:29 +0200] "GET /Jurek/fertone/feeds/fertone_skroutz.xml HTTP/1.0" 200 581331 "-" "-"
20.171.207.242 - - [23/Jun/2025:00:59:30 +0200] "GET /marketplaces/ubaldi/download/feed_intsell.xml HTTP/2.0" 200 180224 "-" "Mozilla/5.0 AppleWebKit/537.36 (KHTML, like Gecko; compatible; GPTBot/1.2; +https://openai.com/gptbot)"
20.171.207.242 - - [23/Jun/2025:00:59:31 +0200] "GET /marketplaces/ubaldi/download/feed_nd.xml HTTP/2.0" 200 163840 "-" "Mozilla/5.0 AppleWebKit/537.36 (KHTML, like Gecko; compatible; GPTBot/1.2; +https://openai.com/gptbot)"
20.171.207.242 - - [23/Jun/2025:00:59:32 +0200] "GET /marketplaces/CDON_extrastore/download/primavera_dk.xml HTTP/2.0" 200 262144 "-" "Mozilla/5.0 AppleWebKit/537.36 (KHTML, like Gecko; compatible; GPTBot/1.2; +https://openai.com/gptbot)"
89.161.206.59 - - [23/Jun/2025:00:59:32 +0200] "GET /Jurek/spali/feeds/spali_skroutz.xml HTTP/1.0" 200 77047 "-" "-"
20.171.207.242 - - [23/Jun/2025:00:59:33 +0200] "GET /marketplaces/CDON_extrastore/download/primavera_se.xml HTTP/2.0" 200 294912 "-" "Mozilla/5.0 AppleWebKit/537.36 (KHTML, like Gecko; compatible; GPTBot/1.2; +https://openai.com/gptbot)"
89.161.206.59 - - [23/Jun/2025:00:59:34 +0200] "GET /Jurek/combine/feeds/combine_skroutz.xml HTTP/1.0" 200 210509 "-" "-"
20.171.207.242 - - [23/Jun/2025:00:59:34 +0200] "GET /marketplaces/CDON_extrastore/download/primavera_fi.xml HTTP/2.0" 200 393216 "-" "Mozilla/5.0 AppleWebKit/537.36 (KHTML, like Gecko; compatible; GPTBot/1.2; +https://openai.com/gptbot)"
20.171.207.242 - - [23/Jun/2025:00:59:35 +0200] "GET /subskrypcje/PantaPlast/download?C=S%3BO%3DA HTTP/2.0" 301 285 "-" "Mozilla/5.0 AppleWebKit/537.36 (KHTML, like Gecko; compatible; GPTBot/1.2; +https://openai.com/gptbot)"
20.171.207.242 - - [23/Jun/2025:00:59:35 +0200] "GET /subskrypcje/PantaPlast/download/?C=S%3BO%3DA HTTP/2.0" 200 750 "-" "Mozilla/5.0 AppleWebKit/537.36 (KHTML, like Gecko; compatible; GPTBot/1.2; +https://openai.com/gptbot)"
20.171.207.242 - - [23/Jun/2025:00:59:36 +0200] "GET /subskrypcje/PantaPlast/download?C=M%3BO%3DA HTTP/2.0" 301 285 "-" "Mozilla/5.0 AppleWebKit/537.36 (KHTML, like Gecko; compatible; GPTBot/1.2; +https://openai.com/gptbot)"
20.171.207.242 - - [23/Jun/2025:00:59:37 +0200] "GET /subskrypcje/PantaPlast/download/?C=M%3BO%3DA HTTP/2.0" 200 750 "-" "Mozilla/5.0 AppleWebKit/537.36 (KHTML, like Gecko; compatible; GPTBot/1.2; +https://openai.com/gptbot)"
20.171.207.242 - - [23/Jun/2025:00:59:37 +0200] "GET /marketplaces/CDON_extrastore/download?C=M%3BO%3DA HTTP/2.0" 301 291 "-" "Mozilla/5.0 AppleWebKit/537.36 (KHTML, like Gecko; compatible; GPTBot/1.2; +https://openai.com/gptbot)"
20.171.207.242 - - [23/Jun/2025:00:59:38 +0200] "GET /marketplaces/CDON_extrastore/download/?C=M%3BO%3DA HTTP/2.0" 200 201357 "-" "Mozilla/5.0 AppleWebKit/537.36 (KHTML, like Gecko; compatible; GPTBot/1.2; +https://openai.com/gptbot)"
20.171.207.242 - - [23/Jun/2025:00:59:39 +0200] "GET /subskrypcje/PantaPlast/download?C=D%3BO%3DA HTTP/2.0" 301 285 "-" "Mozilla/5.0 AppleWebKit/537.36 (KHTML, like Gecko; compatible; GPTBot/1.2; +https://openai.com/gptbot)"
20.171.207.242 - - [23/Jun/2025:00:59:39 +0200] "GET /subskrypcje/PantaPlast/download/?C=D%3BO%3DA HTTP/2.0" 200 750 "-" "Mozilla/5.0 AppleWebKit/537.36 (KHTML, like Gecko; compatible; GPTBot/1.2; +https://openai.com/gptbot)"
20.171.207.242 - - [23/Jun/2025:00:59:40 +0200] "GET /marketplaces/CDON_extrastore/download?C=S%3BO%3DA HTTP/2.0" 301 291 "-" "Mozilla/5.0 AppleWebKit/537.36 (KHTML, like Gecko; compatible; GPTBot/1.2; +https://openai.com/gptbot)"
20.171.207.242 - - [23/Jun/2025:00:59:40 +0200] "GET /marketplaces/CDON_extrastore/download/?C=S%3BO%3DA HTTP/2.0" 200 201357 "-" "Mozilla/5.0 AppleWebKit/537.36 (KHTML, like Gecko; compatible; GPTBot/1.2; +https://openai.com/gptbot)"
20.171.207.242 - - [23/Jun/2025:00:59:41 +0200] "GET /mall/getProductsDetails/?C=M%3BO%3DA HTTP/2.0" 200 1990 "-" "Mozilla/5.0 AppleWebKit/537.36 (KHTML, like Gecko; compatible; GPTBot/1.2; +https://openai.com/gptbot)"
20.171.207.242 - - [23/Jun/2025:00:59:42 +0200] "GET /mall/getProductsDetails/?C=S%3BO%3DA HTTP/2.0" 200 1990 "-" "Mozilla/5.0 AppleWebKit/537.36 (KHTML, like Gecko; compatible; GPTBot/1.2; +https://openai.com/gptbot)"
20.171.207.242 - - [23/Jun/2025:00:59:43 +0200] "GET /others/new_vida_mall/download?C=D%3BO%3DA HTTP/2.0" 301 283 "-" "Mozilla/5.0 AppleWebKit/537.36 (KHTML, like Gecko; compatible; GPTBot/1.2; +https://openai.com/gptbot)"
20.171.207.242 - - [23/Jun/2025:00:59:44 +0200] "GET /others/new_vida_mall/download/?C=D%3BO%3DA HTTP/2.0" 200 1277 "-" "Mozilla/5.0 AppleWebKit/537.36 (KHTML, like Gecko; compatible; GPTBot/1.2; +https://openai.com/gptbot)"
20.171.207.242 - - [23/Jun/2025:00:59:44 +0200] "GET /others/new_vida_mall/download?C=N%3BO%3DD HTTP/2.0" 301 283 "-" "Mozilla/5.0 AppleWebKit/537.36 (KHTML, like Gecko; compatible; GPTBot/1.2; +https://openai.com/gptbot)"
20.171.207.242 - - [23/Jun/2025:00:59:45 +0200] "GET /others/new_vida_mall/download/?C=N%3BO%3DD HTTP/2.0" 200 1277 "-" "Mozilla/5.0 AppleWebKit/537.36 (KHTML, like Gecko; compatible; GPTBot/1.2; +https://openai.com/gptbot)"
20.171.207.242 - - [23/Jun/2025:00:59:46 +0200] "GET /subskrypcje/PantaPlast/?C=N%3BO%3DD HTTP/2.0" 200 518 "-" "Mozilla/5.0 AppleWebKit/537.36 (KHTML, like Gecko; compatible; GPTBot/1.2; +https://openai.com/gptbot)"
20.171.207.242 - - [23/Jun/2025:00:59:47 +0200] "GET /subskrypcje/PantaPlast/download?C=S%3BO%3DA HTTP/2.0" 301 285 "-" "Mozilla/5.0 AppleWebKit/537.36 (KHTML, like Gecko; compatible; GPTBot/1.2; +https://openai.com/gptbot)"
20.171.207.242 - - [23/Jun/2025:00:59:47 +0200] "GET /subskrypcje/PantaPlast/download/?C=S%3BO%3DA HTTP/2.0" 200 750 "-" "Mozilla/5.0 AppleWebKit/537.36 (KHTML, like Gecko; compatible; GPTBot/1.2; +https://openai.com/gptbot)"
46.101.116.244 - - [23/Jun/2025:00:59:47 +0200] "GET /Jurek/equalo/feeds/equalo_mallsish.xml HTTP/2.0" 200 98005 "-" "-"
20.171.207.242 - - [23/Jun/2025:00:59:48 +0200] "GET /subskrypcje/PantaPlast/?C=D%3BO%3DA HTTP/2.0" 200 518 "-" "Mozilla/5.0 AppleWebKit/537.36 (KHTML, like Gecko; compatible; GPTBot/1.2; +https://openai.com/gptbot)"
20.171.207.242 - - [23/Jun/2025:00:59:49 +0200] "GET /others/apilo_token_refresher/?C=M%3BO%3DA HTTP/2.0" 200 748 "-" "Mozilla/5.0 AppleWebKit/537.36 (KHTML, like Gecko; compatible; GPTBot/1.2; +https://openai.com/gptbot)"
20.171.207.242 - - [23/Jun/2025:00:59:50 +0200] "GET /others/apilo_token_refresher/?C=S%3BO%3DA HTTP/2.0" 200 748 "-" "Mozilla/5.0 AppleWebKit/537.36 (KHTML, like Gecko; compatible; GPTBot/1.2; +https://openai.com/gptbot)"
20.171.207.242 - - [23/Jun/2025:00:59:51 +0200] "GET /marketplaces/OLDskroutz?C=N%3BO%3DD HTTP/2.0" 301 277 "-" "Mozilla/5.0 AppleWebKit/537.36 (KHTML, like Gecko; compatible; GPTBot/1.2; +https://openai.com/gptbot)"
20.171.207.242 - - [23/Jun/2025:00:59:51 +0200] "GET /marketplaces/OLDskroutz/?C=N%3BO%3DD HTTP/2.0" 200 518 "-" "Mozilla/5.0 AppleWebKit/537.36 (KHTML, like Gecko; compatible; GPTBot/1.2; +https://openai.com/gptbot)"
20.171.207.242 - - [23/Jun/2025:00:59:55 +0200] "GET /marketplaces/rue/download/feed_b3.xml HTTP/2.0" 200 8491001 "-" "Mozilla/5.0 AppleWebKit/537.36 (KHTML, like Gecko; compatible; GPTBot/1.2; +https://openai.com/gptbot)"
20.171.207.242 - - [23/Jun/2025:00:59:55 +0200] "GET /marketplaces/worten/logs?C=S%3BO%3DA HTTP/2.0" 301 278 "-" "Mozilla/5.0 AppleWebKit/537.36 (KHTML, like Gecko; compatible; GPTBot/1.2; +https://openai.com/gptbot)"
20.171.207.242 - - [23/Jun/2025:00:59:56 +0200] "GET /marketplaces/worten/logs/?C=S%3BO%3DA HTTP/2.0" 200 457 "-" "Mozilla/5.0 AppleWebKit/537.36 (KHTML, like Gecko; compatible; GPTBot/1.2; +https://openai.com/gptbot)"
46.101.116.244 - - [23/Jun/2025:00:59:58 +0200] "GET /Jurek/kamar/feeds/kamar_mallsish.xml HTTP/2.0" 200 25550459 "-" "-"
20.171.207.242 - - [23/Jun/2025:00:59:59 +0200] "GET /Filip/instrukcje/zdjecia?C=N%3BO%3DD HTTP/2.0" 301 278 "-" "Mozilla/5.0 AppleWebKit/537.36 (KHTML, like Gecko; compatible; GPTBot/1.2; +https://openai.com/gptbot)"
20.171.207.242 - - [23/Jun/2025:00:59:59 +0200] "GET /Filip/instrukcje/zdjecia/?C=N%3BO%3DD HTTP/2.0" 200 7854 "-" "Mozilla/5.0 AppleWebKit/537.36 (KHTML, like Gecko; compatible; GPTBot/1.2; +https://openai.com/gptbot)"
20.171.207.242 - - [23/Jun/2025:01:00:02 +0200] "GET /Filip/instrukcje/zdjecia?C=D%3BO%3DA HTTP/2.0" 301 278 "-" "Mozilla/5.0 AppleWebKit/537.36 (KHTML, like Gecko; compatible; GPTBot/1.2; +https://openai.com/gptbot)"
20.171.207.242 - - [23/Jun/2025:01:00:02 +0200] "GET /Filip/instrukcje/zdjecia/?C=D%3BO%3DA HTTP/2.0" 200 7854 "-" "Mozilla/5.0 AppleWebKit/537.36 (KHTML, like Gecko; compatible; GPTBot/1.2; +https://openai.com/gptbot)"
20.171.207.242 - - [23/Jun/2025:01:00:04 +0200] "GET /Filip/instrukcje/allegro?C=N%3BO%3DD HTTP/2.0" 301 278 "-" "Mozilla/5.0 AppleWebKit/537.36 (KHTML, like Gecko; compatible; GPTBot/1.2; +https://openai.com/gptbot)"
20.171.207.242 - - [23/Jun/2025:01:00:04 +0200] "GET /Filip/instrukcje/allegro/?C=N%3BO%3DD HTTP/2.0" 200 1499 "-" "Mozilla/5.0 AppleWebKit/537.36 (KHTML, like Gecko; compatible; GPTBot/1.2; +https://openai.com/gptbot)"
20.171.207.242 - - [23/Jun/2025:01:00:06 +0200] "GET /Filip/Rovicky/baselinker?C=N%3BO%3DD HTTP/2.0" 301 278 "-" "Mozilla/5.0 AppleWebKit/537.36 (KHTML, like Gecko; compatible; GPTBot/1.2; +https://openai.com/gptbot)"
20.171.207.242 - - [23/Jun/2025:01:00:07 +0200] "GET /Filip/Rovicky/baselinker/?C=N%3BO%3DD HTTP/2.0" 200 770 "-" "Mozilla/5.0 AppleWebKit/537.36 (KHTML, like Gecko; compatible; GPTBot/1.2; +https://openai.com/gptbot)"
20.171.207.242 - - [23/Jun/2025:01:00:09 +0200] "GET /Filip/instrukcje/allegro?C=D%3BO%3DA HTTP/2.0" 301 278 "-" "Mozilla/5.0 AppleWebKit/537.36 (KHTML, like Gecko; compatible; GPTBot/1.2; +https://openai.com/gptbot)"
20.171.207.242 - - [23/Jun/2025:01:00:09 +0200] "GET /Filip/instrukcje/allegro/?C=D%3BO%3DA HTTP/2.0" 200 1499 "-" "Mozilla/5.0 AppleWebKit/537.36 (KHTML, like Gecko; compatible; GPTBot/1.2; +https://openai.com/gptbot)"
20.171.207.242 - - [23/Jun/2025:01:00:10 +0200] "GET /others/new_vida_mall/download?C=M%3BO%3DA HTTP/2.0" 301 283 "-" "Mozilla/5.0 AppleWebKit/537.36 (KHTML, like Gecko; compatible; GPTBot/1.2; +https://openai.com/gptbot)"
20.171.207.242 - - [23/Jun/2025:01:00:11 +0200] "GET /others/new_vida_mall/download/?C=M%3BO%3DA HTTP/2.0" 200 1277 "-" "Mozilla/5.0 AppleWebKit/537.36 (KHTML, like Gecko; compatible; GPTBot/1.2; +https://openai.com/gptbot)"
20.171.207.242 - - [23/Jun/2025:01:00:12 +0200] "GET /others/new_vida_mall/download?C=S%3BO%3DA HTTP/2.0" 301 283 "-" "Mozilla/5.0 AppleWebKit/537.36 (KHTML, like Gecko; compatible; GPTBot/1.2; +https://openai.com/gptbot)"
46.101.116.244 - - [23/Jun/2025:01:00:12 +0200] "GET /Jurek/lampart/feeds/lampart_mallsish.xml HTTP/2.0" 200 936027 "-" "-"
20.171.207.242 - - [23/Jun/2025:01:00:13 +0200] "GET /others/new_vida_mall/download/?C=S%3BO%3DA HTTP/2.0" 200 1277 "-" "Mozilla/5.0 AppleWebKit/537.36 (KHTML, like Gecko; compatible; GPTBot/1.2; +https://openai.com/gptbot)"
20.171.207.242 - - [23/Jun/2025:01:00:14 +0200] "GET /marketplaces/carrefour_fr/?C=D%3BO%3DA HTTP/2.0" 200 1457 "-" "Mozilla/5.0 AppleWebKit/537.36 (KHTML, like Gecko; compatible; GPTBot/1.2; +https://openai.com/gptbot)"
20.171.207.242 - - [23/Jun/2025:01:00:15 +0200] "GET /marketplaces/carrefour_fr/?C=N%3BO%3DD HTTP/2.0" 200 1457 "-" "Mozilla/5.0 AppleWebKit/537.36 (KHTML, like Gecko; compatible; GPTBot/1.2; +https://openai.com/gptbot)"
20.171.207.242 - - [23/Jun/2025:01:00:16 +0200] "GET /marketplaces/rue/logs?C=D%3BO%3DA HTTP/2.0" 301 275 "-" "Mozilla/5.0 AppleWebKit/537.36 (KHTML, like Gecko; compatible; GPTBot/1.2; +https://openai.com/gptbot)"
20.171.207.242 - - [23/Jun/2025:01:00:16 +0200] "GET /marketplaces/rue/logs/?C=D%3BO%3DA HTTP/2.0" 200 796 "-" "Mozilla/5.0 AppleWebKit/537.36 (KHTML, like Gecko; compatible; GPTBot/1.2; +https://openai.com/gptbot)"
35.204.39.32 - - [23/Jun/2025:01:00:16 +0200] "GET /marketplaces/carrefour_fr/results/carrefour_fr.csv HTTP/1.1" 200 147218 "-" "Mirakl HttpClient"
20.171.207.242 - - [23/Jun/2025:01:00:17 +0200] "GET /marketplaces/rue/logs?C=N%3BO%3DD HTTP/2.0" 301 275 "-" "Mozilla/5.0 AppleWebKit/537.36 (KHTML, like Gecko; compatible; GPTBot/1.2; +https://openai.com/gptbot)"
20.171.207.242 - - [23/Jun/2025:01:00:17 +0200] "GET /marketplaces/rue/logs/?C=N%3BO%3DD HTTP/2.0" 200 796 "-" "Mozilla/5.0 AppleWebKit/537.36 (KHTML, like Gecko; compatible; GPTBot/1.2; +https://openai.com/gptbot)"
20.171.207.242 - - [23/Jun/2025:01:00:19 +0200] "GET /Filip/stare/Subskrypcja/Standardowy%20plik/Wz%c3%b3r%20pliku%20produktowego%20-%20wersja%20edytowalnaaa.xlsx HTTP/2.0" 200 225971 "-" "Mozilla/5.0 AppleWebKit/537.36 (KHTML, like Gecko; compatible; GPTBot/1.2; +https://openai.com/gptbot)"
20.171.207.242 - - [23/Jun/2025:01:00:20 +0200] "GET /marketplaces/vente/download/?C=N%3BO%3DD HTTP/2.0" 200 6215 "-" "Mozilla/5.0 AppleWebKit/537.36 (KHTML, like Gecko; compatible; GPTBot/1.2; +https://openai.com/gptbot)"
20.171.207.242 - - [23/Jun/2025:01:00:21 +0200] "GET /marketplaces/vente/download/?C=D%3BO%3DA HTTP/2.0" 200 6215 "-" "Mozilla/5.0 AppleWebKit/537.36 (KHTML, like Gecko; compatible; GPTBot/1.2; +https://openai.com/gptbot)"
20.171.207.242 - - [23/Jun/2025:01:00:22 +0200] "GET /marketplaces/carrefour/download?C=N%3BO%3DD HTTP/2.0" 301 285 "-" "Mozilla/5.0 AppleWebKit/537.36 (KHTML, like Gecko; compatible; GPTBot/1.2; +https://openai.com/gptbot)"
20.171.207.242 - - [23/Jun/2025:01:00:22 +0200] "GET /marketplaces/carrefour/download/?C=N%3BO%3DD HTTP/2.0" 200 5132 "-" "Mozilla/5.0 AppleWebKit/537.36 (KHTML, like Gecko; compatible; GPTBot/1.2; +https://openai.com/gptbot)"
20.171.207.242 - - [23/Jun/2025:01:00:23 +0200] "GET /marketplaces/carrefour/download?C=D%3BO%3DA HTTP/2.0" 301 285 "-" "Mozilla/5.0 AppleWebKit/537.36 (KHTML, like Gecko; compatible; GPTBot/1.2; +https://openai.com/gptbot)"
20.171.207.242 - - [23/Jun/2025:01:00:23 +0200] "GET /marketplaces/carrefour/download/?C=D%3BO%3DA HTTP/2.0" 200 5132 "-" "Mozilla/5.0 AppleWebKit/537.36 (KHTML, like Gecko; compatible; GPTBot/1.2; +https://openai.com/gptbot)"
46.101.116.244 - - [23/Jun/2025:01:00:23 +0200] "GET /Jurek/makow/feeds/makow_mallsish.xml HTTP/2.0" 200 21203483 "-" "-"
89.161.206.59 - - [23/Jun/2025:01:00:24 +0200] "GET /Jurek/twojsklep/feeds/twojsklep_skroutz.xml HTTP/1.0" 200 126799 "-" "-"
20.171.207.242 - - [23/Jun/2025:01:00:24 +0200] "GET /marketplaces/worten/download?C=N%3BO%3DD HTTP/2.0" 301 282 "-" "Mozilla/5.0 AppleWebKit/537.36 (KHTML, like Gecko; compatible; GPTBot/1.2; +https://openai.com/gptbot)"
20.171.207.242 - - [23/Jun/2025:01:00:24 +0200] "GET /marketplaces/worten/download/?C=N%3BO%3DD HTTP/2.0" 200 1276 "-" "Mozilla/5.0 AppleWebKit/537.36 (KHTML, like Gecko; compatible; GPTBot/1.2; +https://openai.com/gptbot)"
89.161.206.59 - - [23/Jun/2025:01:00:25 +0200] "GET /Jurek/luxma/feeds/luxma_skroutz.xml HTTP/1.0" 200 4419584 "-" "-"
20.171.207.242 - - [23/Jun/2025:01:00:25 +0200] "GET /marketplaces/worten/download?C=D%3BO%3DA HTTP/2.0" 301 282 "-" "Mozilla/5.0 AppleWebKit/537.36 (KHTML, like Gecko; compatible; GPTBot/1.2; +https://openai.com/gptbot)"
20.171.207.242 - - [23/Jun/2025:01:00:26 +0200] "GET /marketplaces/worten/download/?C=D%3BO%3DA HTTP/2.0" 200 1276 "-" "Mozilla/5.0 AppleWebKit/537.36 (KHTML, like Gecko; compatible; GPTBot/1.2; +https://openai.com/gptbot)"
89.161.206.59 - - [23/Jun/2025:01:00:26 +0200] "GET /Jurek/zepnij/feeds/zepnij_skroutz.xml HTTP/1.0" 200 19522544 "-" "-"
89.161.206.59 - - [23/Jun/2025:01:00:26 +0200] "GET /Jurek/primohurt/feeds/primohurt_skroutz.xml HTTP/1.0" 200 17186927 "-" "-"
20.171.207.242 - - [23/Jun/2025:01:00:26 +0200] "GET /marketplaces/carrefour_fr/?C=N%3BO%3DD HTTP/2.0" 200 1457 "-" "Mozilla/5.0 AppleWebKit/537.36 (KHTML, like Gecko; compatible; GPTBot/1.2; +https://openai.com/gptbot)"
20.171.207.242 - - [23/Jun/2025:01:00:28 +0200] "GET /Filip/pigu_bl?C=D%3BO%3DA HTTP/2.0" 301 267 "-" "Mozilla/5.0 AppleWebKit/537.36 (KHTML, like Gecko; compatible; GPTBot/1.2; +https://openai.com/gptbot)"
20.171.207.242 - - [23/Jun/2025:01:00:28 +0200] "GET /Filip/pigu_bl/?C=D%3BO%3DA HTTP/2.0" 200 588 "-" "Mozilla/5.0 AppleWebKit/537.36 (KHTML, like Gecko; compatible; GPTBot/1.2; +https://openai.com/gptbot)"
20.171.207.242 - - [23/Jun/2025:01:00:29 +0200] "GET /Filip/pigu_bl?C=N%3BO%3DD HTTP/2.0" 301 267 "-" "Mozilla/5.0 AppleWebKit/537.36 (KHTML, like Gecko; compatible; GPTBot/1.2; +https://openai.com/gptbot)"
20.171.207.242 - - [23/Jun/2025:01:00:29 +0200] "GET /Filip/pigu_bl/?C=N%3BO%3DD HTTP/2.0" 200 588 "-" "Mozilla/5.0 AppleWebKit/537.36 (KHTML, like Gecko; compatible; GPTBot/1.2; +https://openai.com/gptbot)"
20.171.207.242 - - [23/Jun/2025:01:00:30 +0200] "GET /marketplaces/worten/results?C=S%3BO%3DA HTTP/2.0" 301 281 "-" "Mozilla/5.0 AppleWebKit/537.36 (KHTML, like Gecko; compatible; GPTBot/1.2; +https://openai.com/gptbot)"
20.171.207.242 - - [23/Jun/2025:01:00:30 +0200] "GET /marketplaces/worten/results/?C=S%3BO%3DA HTTP/2.0" 200 537 "-" "Mozilla/5.0 AppleWebKit/537.36 (KHTML, like Gecko; compatible; GPTBot/1.2; +https://openai.com/gptbot)"
20.171.207.242 - - [23/Jun/2025:01:00:31 +0200] "GET /marketplaces/carrefour/logs?C=N%3BO%3DD HTTP/2.0" 301 281 "-" "Mozilla/5.0 AppleWebKit/537.36 (KHTML, like Gecko; compatible; GPTBot/1.2; +https://openai.com/gptbot)"
20.171.207.242 - - [23/Jun/2025:01:00:31 +0200] "GET /marketplaces/carrefour/logs/?C=N%3BO%3DD HTTP/2.0" 200 727 "-" "Mozilla/5.0 AppleWebKit/537.36 (KHTML, like Gecko; compatible; GPTBot/1.2; +https://openai.com/gptbot)"
20.171.207.242 - - [23/Jun/2025:01:00:32 +0200] "GET /marketplaces/carrefour/logs?C=S%3BO%3DA HTTP/2.0" 301 281 "-" "Mozilla/5.0 AppleWebKit/537.36 (KHTML, like Gecko; compatible; GPTBot/1.2; +https://openai.com/gptbot)"
20.171.207.242 - - [23/Jun/2025:01:00:32 +0200] "GET /marketplaces/carrefour/logs/?C=S%3BO%3DA HTTP/2.0" 200 727 "-" "Mozilla/5.0 AppleWebKit/537.36 (KHTML, like Gecko; compatible; GPTBot/1.2; +https://openai.com/gptbot)"
20.171.207.242 - - [23/Jun/2025:01:00:33 +0200] "GET /marketplaces/ubaldi/results?C=D%3BO%3DA HTTP/2.0" 301 281 "-" "Mozilla/5.0 AppleWebKit/537.36 (KHTML, like Gecko; compatible; GPTBot/1.2; +https://openai.com/gptbot)"
20.171.207.242 - - [23/Jun/2025:01:00:33 +0200] "GET /marketplaces/ubaldi/results/?C=D%3BO%3DA HTTP/2.0" 200 537 "-" "Mozilla/5.0 AppleWebKit/537.36 (KHTML, like Gecko; compatible; GPTBot/1.2; +https://openai.com/gptbot)"
20.171.207.242 - - [23/Jun/2025:01:00:34 +0200] "GET /marketplaces/ubaldi/results?C=N%3BO%3DD HTTP/2.0" 301 281 "-" "Mozilla/5.0 AppleWebKit/537.36 (KHTML, like Gecko; compatible; GPTBot/1.2; +https://openai.com/gptbot)"
20.171.207.242 - - [23/Jun/2025:01:00:34 +0200] "GET /marketplaces/ubaldi/results/?C=N%3BO%3DD HTTP/2.0" 200 537 "-" "Mozilla/5.0 AppleWebKit/537.36 (KHTML, like Gecko; compatible; GPTBot/1.2; +https://openai.com/gptbot)"
46.101.116.244 - - [23/Jun/2025:01:00:35 +0200] "GET /Jurek/regis/feeds/regis_mallsish.xml HTTP/2.0" 200 228475 "-" "-"
20.171.207.242 - - [23/Jun/2025:01:00:36 +0200] "GET /marketplaces/carrefour/logs?C=D%3BO%3DA HTTP/2.0" 301 281 "-" "Mozilla/5.0 AppleWebKit/537.36 (KHTML, like Gecko; compatible; GPTBot/1.2; +https://openai.com/gptbot)"
20.171.207.242 - - [23/Jun/2025:01:00:36 +0200] "GET /marketplaces/carrefour/logs/?C=D%3BO%3DA HTTP/2.0" 200 727 "-" "Mozilla/5.0 AppleWebKit/537.36 (KHTML, like Gecko; compatible; GPTBot/1.2; +https://openai.com/gptbot)"
20.171.207.242 - - [23/Jun/2025:01:00:37 +0200] "GET /marketplaces/carrefour/logs?C=M%3BO%3DA HTTP/2.0" 301 281 "-" "Mozilla/5.0 AppleWebKit/537.36 (KHTML, like Gecko; compatible; GPTBot/1.2; +https://openai.com/gptbot)"
20.171.207.242 - - [23/Jun/2025:01:00:37 +0200] "GET /marketplaces/carrefour/logs/?C=M%3BO%3DA HTTP/2.0" 200 727 "-" "Mozilla/5.0 AppleWebKit/537.36 (KHTML, like Gecko; compatible; GPTBot/1.2; +https://openai.com/gptbot)"
52.18.22.0 - - [23/Jun/2025:01:00:37 +0200] "GET /marketplaces/ubaldi/results/ubaldi.csv HTTP/1.1" 200 147219 "-" "Mirakl HttpClient"
52.167.144.228 - - [23/Jun/2025:01:00:42 +0200] "GET /Jurek/eurofirany/images/423204/0.jpg HTTP/2.0" 200 0 "-" "Mozilla/5.0 AppleWebKit/537.36 (KHTML, like Gecko; compatible; bingbot/2.0; +http://www.bing.com/bingbot.htm) Chrome/116.0.1938.76 Safari/537.36"
89.161.206.59 - - [23/Jun/2025:01:00:43 +0200] "GET /Jurek/ekotex/feeds/ekotex_skroutz.xml HTTP/1.0" 200 197662 "-" "-"
89.161.206.59 - - [23/Jun/2025:01:00:44 +0200] "GET /Jurek/motofan/feeds/motofan_skroutz.xml HTTP/1.0" 200 2392070 "-" "-"
46.101.116.244 - - [23/Jun/2025:01:00:45 +0200] "GET /Jurek/sebmart/feeds/sebmart_mallsish.xml HTTP/2.0" 200 1598696 "-" "-"
20.171.207.242 - - [23/Jun/2025:01:00:54 +0200] "GET /marketplaces/worten/results?C=M%3BO%3DA HTTP/2.0" 301 281 "-" "Mozilla/5.0 AppleWebKit/537.36 (KHTML, like Gecko; compatible; GPTBot/1.2; +https://openai.com/gptbot)"
20.171.207.242 - - [23/Jun/2025:01:00:54 +0200] "GET /marketplaces/worten/results/?C=M%3BO%3DA HTTP/2.0" 200 537 "-" "Mozilla/5.0 AppleWebKit/537.36 (KHTML, like Gecko; compatible; GPTBot/1.2; +https://openai.com/gptbot)"
46.101.116.244 - - [23/Jun/2025:01:00:56 +0200] "GET /Jurek/takapara/feeds/takapara_mallsish.xml HTTP/2.0" 200 1342602 "-" "-"
46.101.116.244 - - [23/Jun/2025:01:01:06 +0200] "GET /Jurek/tsjerzy/feeds/tsjerzy_mallsish.xml HTTP/2.0" 200 3897663 "-" "-"
46.101.116.244 - - [23/Jun/2025:01:01:18 +0200] "GET /Jurek/andex/feeds/andex_mallsiSH.xml HTTP/2.0" 200 1953421 "-" "-"
46.101.116.244 - - [23/Jun/2025:01:01:29 +0200] "GET /Jurek/german/feeds/german_mallsiSH.xml HTTP/2.0" 200 2853546 "-" "-"
46.101.116.244 - - [23/Jun/2025:01:01:51 +0200] "GET /Jurek/maksik/feeds/maksik_mallsiSH.xml HTTP/2.0" 200 4084795 "-" "-"
46.101.116.244 - - [23/Jun/2025:01:02:01 +0200] "GET /Jurek/smxdesign/feeds/smxdesign_mallsiSH.xml HTTP/2.0" 200 1829019 "-" "-"
89.161.206.59 - - [23/Jun/2025:01:02:02 +0200] "GET /Jurek/nexus/feeds/nexus_skroutz.xml HTTP/1.0" 200 226758 "-" "-"
46.101.116.244 - - [23/Jun/2025:01:02:08 +0200] "GET /Jurek/aw/feeds/awnarzedzia_fnacFR.xml HTTP/1.0" 200 90864417 "-" "-"
89.161.206.59 - - [23/Jun/2025:01:02:16 +0200] "GET /Jurek/rovato/feeds/rovato_skroutz.xml HTTP/1.0" 200 99167 "-" "-"
46.101.116.244 - - [23/Jun/2025:01:02:22 +0200] "GET /Jurek/alucon/feeds/alucon_mallsiSH.xml HTTP/2.0" 200 553700 "-" "-"
89.161.206.59 - - [23/Jun/2025:01:02:32 +0200] "GET /Jurek/techrebalina/feeds/techrebalina_skroutz.xml HTTP/1.0" 200 2011582 "-" "-"
46.101.116.244 - - [23/Jun/2025:01:02:32 +0200] "GET /Jurek/evil/feeds/evil_mallsiSH.xml HTTP/2.0" 200 306380 "-" "-"
89.161.206.59 - - [23/Jun/2025:01:02:33 +0200] "GET /Jurek/techrebal/feeds/techrebal_skroutz.xml HTTP/1.0" 200 1969158 "-" "-"
89.161.206.59 - - [23/Jun/2025:01:02:35 +0200] "GET /Jurek/omi/feeds/omi_skroutz.xml HTTP/1.0" 200 8100710 "-" "-"
46.101.116.244 - - [23/Jun/2025:01:02:43 +0200] "GET /Jurek/hlo/feeds/hlo_mallsiSH.xml HTTP/2.0" 200 4838671 "-" "-"
46.101.116.244 - - [23/Jun/2025:01:02:50 +0200] "GET /Jurek/vida_morele/feeds/vidaPL_velomarket_category2.xml HTTP/1.0" 200 60420347 "-" "-"
46.101.116.244 - - [23/Jun/2025:01:02:53 +0200] "GET /Jurek/lgbtshop/feeds/lgbtshop_mallsiSH.xml HTTP/2.0" 200 219239 "-" "-"
46.101.116.244 - - [23/Jun/2025:01:02:59 +0200] "GET /Jurek/vida_morele/feeds/vidaPL_velomarket_category4.xml HTTP/1.0" 200 57722913 "-" "-"
52.18.22.0 - - [23/Jun/2025:01:03:02 +0200] "GET /marketplaces/rue/results/rue.csv HTTP/1.1" 200 9268353 "-" "Mirakl HttpClient"
46.101.116.244 - - [23/Jun/2025:01:03:04 +0200] "GET /Jurek/madrex/feeds/madrex_mallsiSH.xml HTTP/2.0" 200 466717 "-" "-"
46.101.116.244 - - [23/Jun/2025:01:03:05 +0200] "GET /Jurek/vida_morele/feeds/vidaPL_velomarket_category5.xml HTTP/1.0" 200 152306587 "-" "-"
35.204.39.32 - - [23/Jun/2025:01:03:12 +0200] "GET /marketplaces/vente/results/vente_nl.csv HTTP/1.1" 200 147219 "-" "Mirakl HttpClient"
35.204.39.32 - - [23/Jun/2025:01:03:12 +0200] "GET /marketplaces/vente/results/vente_fr.csv HTTP/1.1" 200 147219 "-" "Mirakl HttpClient"
35.204.39.32 - - [23/Jun/2025:01:03:12 +0200] "GET /marketplaces/vente/results/vente_be.csv HTTP/1.1" 200 147219 "-" "Mirakl HttpClient"
35.204.39.32 - - [23/Jun/2025:01:03:12 +0200] "GET /marketplaces/vente/results/vente_it.csv HTTP/1.1" 200 147219 "-" "Mirakl HttpClient"
35.204.39.32 - - [23/Jun/2025:01:03:12 +0200] "GET /marketplaces/vente/results/vente_es.csv HTTP/1.1" 200 147219 "-" "Mirakl HttpClient"
35.204.39.32 - - [23/Jun/2025:01:03:12 +0200] "GET /marketplaces/vente/results/vente_de.csv HTTP/1.1" 200 147219 "-" "Mirakl HttpClient"
46.101.116.244 - - [23/Jun/2025:01:03:14 +0200] "GET /Jurek/motofan/feeds/motofan_mallsiSH.xml HTTP/2.0" 200 2392078 "-" "-"
89.161.206.59 - - [23/Jun/2025:01:03:19 +0200] "GET /Jurek/benetech/feeds/benetech_aliex.xml HTTP/1.0" 200 4165726 "-" "-"
89.161.206.59 - - [23/Jun/2025:01:03:19 +0200] "GET /Jurek/hdwr/feeds/hdwr_aliex.xml HTTP/1.0" 200 789607 "-" "-"
89.161.206.59 - - [23/Jun/2025:01:03:20 +0200] "GET /Jurek/targethome/feeds/targethome_aliex.xml HTTP/1.0" 200 688684 "-" "-"
89.161.206.59 - - [23/Jun/2025:01:03:20 +0200] "GET /Jurek/ralmetal/feeds/ralmetal_aliex.xml HTTP/1.0" 200 2040572 "-" "-"
89.161.206.59 - - [23/Jun/2025:01:03:20 +0200] "GET /Jurek/cbdgreen/feeds/cbdgreen_aliex.xml HTTP/1.0" 200 50551 "-" "-"
89.161.206.59 - - [23/Jun/2025:01:03:20 +0200] "GET /Jurek/drops/feeds/dropsofficecolection_aliex.xml HTTP/1.0" 200 791325 "-" "-"
89.161.206.59 - - [23/Jun/2025:01:03:21 +0200] "GET /Jurek/szpaklampy/feeds/szpaklampy_aliex.xml HTTP/1.0" 200 388359 "-" "-"
89.161.206.59 - - [23/Jun/2025:01:03:21 +0200] "GET /Jurek/velinda/feeds/velinda_aliex.xml HTTP/1.0" 200 4228104 "-" "-"
89.161.206.59 - - [23/Jun/2025:01:03:21 +0200] "GET /Jurek/topeshop/feeds/topeshop_aliexpress.xml HTTP/1.0" 200 3090421 "-" "-"
89.161.206.59 - - [23/Jun/2025:01:03:22 +0200] "GET /Jurek/beltimore/feeds/beltimore_aliexpress.xml HTTP/1.0" 200 18655022 "-" "-"
46.101.116.244 - - [23/Jun/2025:01:03:25 +0200] "GET /Jurek/najtanszysport/feeds/najtanszysport_mallsiSH.xml HTTP/2.0" 200 3983049 "-" "-"
20.171.207.242 - - [23/Jun/2025:01:03:25 +0200] "GET /subskrypcje/yoclub/?C=D%3BO%3DA HTTP/2.0" 200 1330 "-" "Mozilla/5.0 AppleWebKit/537.36 (KHTML, like Gecko; compatible; GPTBot/1.2; +https://openai.com/gptbot)"
20.171.207.242 - - [23/Jun/2025:01:03:32 +0200] "GET /marketplaces/vente/?C=S%3BO%3DA HTTP/2.0" 200 1909 "-" "Mozilla/5.0 AppleWebKit/537.36 (KHTML, like Gecko; compatible; GPTBot/1.2; +https://openai.com/gptbot)"
46.101.116.244 - - [23/Jun/2025:01:03:35 +0200] "GET /Jurek/nexus/feeds/nexus_mallsiSH.xml HTTP/2.0" 200 226758 "-" "-"
89.161.206.59 - - [23/Jun/2025:01:03:37 +0200] "GET /Jurek/regis/feeds/regis_skroutz.xml HTTP/1.0" 200 228467 "-" "-"
20.171.207.242 - - [23/Jun/2025:01:03:37 +0200] "GET /subskrypcje/yoclub/?C=N%3BO%3DD HTTP/2.0" 200 1330 "-" "Mozilla/5.0 AppleWebKit/537.36 (KHTML, like Gecko; compatible; GPTBot/1.2; +https://openai.com/gptbot)"
20.171.207.242 - - [23/Jun/2025:01:03:41 +0200] "GET /Filip/salesconnect/?C=M%3BO%3DA HTTP/2.0" 200 750 "-" "Mozilla/5.0 AppleWebKit/537.36 (KHTML, like Gecko; compatible; GPTBot/1.2; +https://openai.com/gptbot)"
89.161.206.59 - - [23/Jun/2025:01:03:43 +0200] "GET /Jurek/eroplace/feeds/eroplace_emagSM.xml HTTP/1.0" 200 52172624 "-" "-"
46.101.116.244 - - [23/Jun/2025:01:03:46 +0200] "GET /Jurek/playcob/feeds/playcob_mallsiSH.xml HTTP/2.0" 200 6980082 "-" "-"
20.171.207.242 - - [23/Jun/2025:01:03:47 +0200] "GET /Filip/salesconnect/?C=S%3BO%3DA HTTP/2.0" 200 750 "-" "Mozilla/5.0 AppleWebKit/537.36 (KHTML, like Gecko; compatible; GPTBot/1.2; +https://openai.com/gptbot)"
20.171.207.242 - - [23/Jun/2025:01:03:53 +0200] "GET /marketplaces/worten2/__pycache__/?C=S%3BO%3DA HTTP/2.0" 200 944 "-" "Mozilla/5.0 AppleWebKit/537.36 (KHTML, like Gecko; compatible; GPTBot/1.2; +https://openai.com/gptbot)"
46.101.116.244 - - [23/Jun/2025:01:03:56 +0200] "GET /Jurek/cbdgreen/feeds/cbdgreen_mallsiSH.xml HTTP/2.0" 200 50545 "-" "-"
89.161.206.59 - - [23/Jun/2025:01:03:56 +0200] "GET /Jurek/harmonypost/feeds/harmonypost_skr.xml HTTP/1.0" 200 39880368 "-" "-"
20.171.207.242 - - [23/Jun/2025:01:03:59 +0200] "GET /marketplaces/worten2/__pycache__/?C=M%3BO%3DA HTTP/2.0" 200 944 "-" "Mozilla/5.0 AppleWebKit/537.36 (KHTML, like Gecko; compatible; GPTBot/1.2; +https://openai.com/gptbot)"
20.171.207.242 - - [23/Jun/2025:01:04:04 +0200] "GET /convert/baselinker-ceneo/?C=N%3BO%3DD HTTP/2.0" 200 516 "-" "Mozilla/5.0 AppleWebKit/537.36 (KHTML, like Gecko; compatible; GPTBot/1.2; +https://openai.com/gptbot)"
46.101.116.244 - - [23/Jun/2025:01:04:07 +0200] "GET /Jurek/cbdgreen/feeds/cbdgreen_mallsiSH.xml HTTP/2.0" 200 50545 "-" "-"
20.171.207.242 - - [23/Jun/2025:01:04:08 +0200] "GET /convert/baselinker-ceneo/?C=D%3BO%3DA HTTP/2.0" 200 516 "-" "Mozilla/5.0 AppleWebKit/537.36 (KHTML, like Gecko; compatible; GPTBot/1.2; +https://openai.com/gptbot)"
20.171.207.242 - - [23/Jun/2025:01:04:11 +0200] "GET /marketplaces/CDON_extrastore/__pycache__?C=M%3BO%3DA HTTP/2.0" 301 294 "-" "Mozilla/5.0 AppleWebKit/537.36 (KHTML, like Gecko; compatible; GPTBot/1.2; +https://openai.com/gptbot)"
20.171.207.242 - - [23/Jun/2025:01:04:11 +0200] "GET /marketplaces/CDON_extrastore/__pycache__/?C=M%3BO%3DA HTTP/2.0" 200 1166 "-" "Mozilla/5.0 AppleWebKit/537.36 (KHTML, like Gecko; compatible; GPTBot/1.2; +https://openai.com/gptbot)"
20.171.207.242 - - [23/Jun/2025:01:04:13 +0200] "GET /marketplaces/CDON_extrastore/__pycache__?C=S%3BO%3DA HTTP/2.0" 301 294 "-" "Mozilla/5.0 AppleWebKit/537.36 (KHTML, like Gecko; compatible; GPTBot/1.2; +https://openai.com/gptbot)"
20.171.207.242 - - [23/Jun/2025:01:04:13 +0200] "GET /marketplaces/CDON_extrastore/__pycache__/?C=S%3BO%3DA HTTP/2.0" 200 1166 "-" "Mozilla/5.0 AppleWebKit/537.36 (KHTML, like Gecko; compatible; GPTBot/1.2; +https://openai.com/gptbot)"
20.171.207.242 - - [23/Jun/2025:01:04:14 +0200] "GET /marketplaces/carrefour_fr/__pycache__/?C=D%3BO%3DA HTTP/2.0" 200 959 "-" "Mozilla/5.0 AppleWebKit/537.36 (KHTML, like Gecko; compatible; GPTBot/1.2; +https://openai.com/gptbot)"
20.171.207.242 - - [23/Jun/2025:01:04:15 +0200] "GET /marketplaces/carrefour_fr/__pycache__/?C=N%3BO%3DD HTTP/2.0" 200 959 "-" "Mozilla/5.0 AppleWebKit/537.36 (KHTML, like Gecko; compatible; GPTBot/1.2; +https://openai.com/gptbot)"
46.101.116.244 - - [23/Jun/2025:01:04:17 +0200] "GET /Jurek/dekornatort/feeds/dekornatort_mallsiSH.xml HTTP/2.0" 200 225732 "-" "-"
20.171.207.242 - - [23/Jun/2025:01:04:17 +0200] "GET /marketplaces/OLDskroutz/?C=S%3BO%3DA HTTP/2.0" 200 518 "-" "Mozilla/5.0 AppleWebKit/537.36 (KHTML, like Gecko; compatible; GPTBot/1.2; +https://openai.com/gptbot)"
20.171.207.242 - - [23/Jun/2025:01:04:19 +0200] "GET /marketplaces/vente/?C=M%3BO%3DA HTTP/2.0" 200 1909 "-" "Mozilla/5.0 AppleWebKit/537.36 (KHTML, like Gecko; compatible; GPTBot/1.2; +https://openai.com/gptbot)"
20.171.207.242 - - [23/Jun/2025:01:04:20 +0200] "GET /marketplaces/OLDskroutz/?C=M%3BO%3DA HTTP/2.0" 200 518 "-" "Mozilla/5.0 AppleWebKit/537.36 (KHTML, like Gecko; compatible; GPTBot/1.2; +https://openai.com/gptbot)"
20.171.207.242 - - [23/Jun/2025:01:04:22 +0200] "GET /Filip/obchodxl?C=N%3BO%3DD HTTP/2.0" 301 268 "-" "Mozilla/5.0 AppleWebKit/537.36 (KHTML, like Gecko; compatible; GPTBot/1.2; +https://openai.com/gptbot)"
20.171.207.242 - - [23/Jun/2025:01:04:22 +0200] "GET /Filip/obchodxl/?C=N%3BO%3DD HTTP/2.0" 200 1112 "-" "Mozilla/5.0 AppleWebKit/537.36 (KHTML, like Gecko; compatible; GPTBot/1.2; +https://openai.com/gptbot)"
20.171.207.242 - - [23/Jun/2025:01:04:24 +0200] "GET /convert/import?C=N%3BO%3DD HTTP/2.0" 301 268 "-" "Mozilla/5.0 AppleWebKit/537.36 (KHTML, like Gecko; compatible; GPTBot/1.2; +https://openai.com/gptbot)"
20.171.207.242 - - [23/Jun/2025:01:04:24 +0200] "GET /convert/import/?C=N%3BO%3DD HTTP/2.0" 200 649 "-" "Mozilla/5.0 AppleWebKit/537.36 (KHTML, like Gecko; compatible; GPTBot/1.2; +https://openai.com/gptbot)"
20.171.207.242 - - [23/Jun/2025:01:04:25 +0200] "GET /convert/import?C=D%3BO%3DA HTTP/2.0" 301 268 "-" "Mozilla/5.0 AppleWebKit/537.36 (KHTML, like Gecko; compatible; GPTBot/1.2; +https://openai.com/gptbot)"
20.171.207.242 - - [23/Jun/2025:01:04:25 +0200] "GET /convert/import/?C=D%3BO%3DA HTTP/2.0" 200 649 "-" "Mozilla/5.0 AppleWebKit/537.36 (KHTML, like Gecko; compatible; GPTBot/1.2; +https://openai.com/gptbot)"
20.171.207.242 - - [23/Jun/2025:01:04:26 +0200] "GET /Filip/obchodxl?C=D%3BO%3DA HTTP/2.0" 301 268 "-" "Mozilla/5.0 AppleWebKit/537.36 (KHTML, like Gecko; compatible; GPTBot/1.2; +https://openai.com/gptbot)"
20.171.207.242 - - [23/Jun/2025:01:04:26 +0200] "GET /Filip/obchodxl/?C=D%3BO%3DA HTTP/2.0" 200 1112 "-" "Mozilla/5.0 AppleWebKit/537.36 (KHTML, like Gecko; compatible; GPTBot/1.2; +https://openai.com/gptbot)"
46.101.116.244 - - [23/Jun/2025:01:04:27 +0200] "GET /Jurek/eurofryz2/feeds/eurofryz2_mallsiSH.xml HTTP/2.0" 200 1376688 "-" "-"
20.171.207.242 - - [23/Jun/2025:01:04:27 +0200] "GET /subskrypcje/PantaPlast/?C=M%3BO%3DA HTTP/2.0" 200 518 "-" "Mozilla/5.0 AppleWebKit/537.36 (KHTML, like Gecko; compatible; GPTBot/1.2; +https://openai.com/gptbot)"
20.171.207.242 - - [23/Jun/2025:01:04:28 +0200] "GET /subskrypcje/PantaPlast/?C=S%3BO%3DA HTTP/2.0" 200 518 "-" "Mozilla/5.0 AppleWebKit/537.36 (KHTML, like Gecko; compatible; GPTBot/1.2; +https://openai.com/gptbot)"
20.171.207.242 - - [23/Jun/2025:01:04:30 +0200] "GET /marketplaces/CDON_extrastore/download?C=N%3BO%3DD HTTP/2.0" 301 291 "-" "Mozilla/5.0 AppleWebKit/537.36 (KHTML, like Gecko; compatible; GPTBot/1.2; +https://openai.com/gptbot)"
20.171.207.242 - - [23/Jun/2025:01:04:31 +0200] "GET /marketplaces/CDON_extrastore/download/?C=N%3BO%3DD HTTP/2.0" 200 201357 "-" "Mozilla/5.0 AppleWebKit/537.36 (KHTML, like Gecko; compatible; GPTBot/1.2; +https://openai.com/gptbot)"
20.171.207.242 - - [23/Jun/2025:01:04:32 +0200] "GET /marketplaces/carrefour/download?C=S%3BO%3DA HTTP/2.0" 301 285 "-" "Mozilla/5.0 AppleWebKit/537.36 (KHTML, like Gecko; compatible; GPTBot/1.2; +https://openai.com/gptbot)"
20.171.207.242 - - [23/Jun/2025:01:04:32 +0200] "GET /marketplaces/carrefour/download/?C=S%3BO%3DA HTTP/2.0" 200 5132 "-" "Mozilla/5.0 AppleWebKit/537.36 (KHTML, like Gecko; compatible; GPTBot/1.2; +https://openai.com/gptbot)"
20.171.207.242 - - [23/Jun/2025:01:04:32 +0200] "GET /marketplaces/carrefour/download?C=M%3BO%3DA HTTP/2.0" 301 285 "-" "Mozilla/5.0 AppleWebKit/537.36 (KHTML, like Gecko; compatible; GPTBot/1.2; +https://openai.com/gptbot)"
20.171.207.242 - - [23/Jun/2025:01:04:33 +0200] "GET /marketplaces/carrefour/download/?C=M%3BO%3DA HTTP/2.0" 200 5132 "-" "Mozilla/5.0 AppleWebKit/537.36 (KHTML, like Gecko; compatible; GPTBot/1.2; +https://openai.com/gptbot)"
20.171.207.242 - - [23/Jun/2025:01:04:34 +0200] "GET /mall/getProductsDetails?C=S%3BO%3DA HTTP/2.0" 301 277 "-" "Mozilla/5.0 AppleWebKit/537.36 (KHTML, like Gecko; compatible; GPTBot/1.2; +https://openai.com/gptbot)"
20.171.207.242 - - [23/Jun/2025:01:04:34 +0200] "GET /mall/getProductsDetails/?C=S%3BO%3DA HTTP/2.0" 200 1990 "-" "Mozilla/5.0 AppleWebKit/537.36 (KHTML, like Gecko; compatible; GPTBot/1.2; +https://openai.com/gptbot)"
20.171.207.242 - - [23/Jun/2025:01:04:35 +0200] "GET /mall/getProductsDetails?C=M%3BO%3DA HTTP/2.0" 301 277 "-" "Mozilla/5.0 AppleWebKit/537.36 (KHTML, like Gecko; compatible; GPTBot/1.2; +https://openai.com/gptbot)"
20.171.207.242 - - [23/Jun/2025:01:04:35 +0200] "GET /mall/getProductsDetails/?C=M%3BO%3DA HTTP/2.0" 200 1990 "-" "Mozilla/5.0 AppleWebKit/537.36 (KHTML, like Gecko; compatible; GPTBot/1.2; +https://openai.com/gptbot)"
20.171.207.242 - - [23/Jun/2025:01:04:36 +0200] "GET /marketplaces/OLDskroutz?C=S%3BO%3DA HTTP/2.0" 301 277 "-" "Mozilla/5.0 AppleWebKit/537.36 (KHTML, like Gecko; compatible; GPTBot/1.2; +https://openai.com/gptbot)"
20.171.207.242 - - [23/Jun/2025:01:04:36 +0200] "GET /marketplaces/OLDskroutz/?C=S%3BO%3DA HTTP/2.0" 200 518 "-" "Mozilla/5.0 AppleWebKit/537.36 (KHTML, like Gecko; compatible; GPTBot/1.2; +https://openai.com/gptbot)"
20.171.207.242 - - [23/Jun/2025:01:04:37 +0200] "GET /marketplaces/OLDskroutz?C=M%3BO%3DA HTTP/2.0" 301 277 "-" "Mozilla/5.0 AppleWebKit/537.36 (KHTML, like Gecko; compatible; GPTBot/1.2; +https://openai.com/gptbot)"
46.101.116.244 - - [23/Jun/2025:01:04:37 +0200] "GET /Jurek/eurofryz3/feeds/eurofryz3_mallsiSH.xml HTTP/2.0" 200 172221 "-" "-"
20.171.207.242 - - [23/Jun/2025:01:04:38 +0200] "GET /marketplaces/OLDskroutz/?C=M%3BO%3DA HTTP/2.0" 200 518 "-" "Mozilla/5.0 AppleWebKit/537.36 (KHTML, like Gecko; compatible; GPTBot/1.2; +https://openai.com/gptbot)"
20.171.207.242 - - [23/Jun/2025:01:04:38 +0200] "GET /marketplaces/carrefour/__pycache__?C=S%3BO%3DA HTTP/2.0" 301 288 "-" "Mozilla/5.0 AppleWebKit/537.36 (KHTML, like Gecko; compatible; GPTBot/1.2; +https://openai.com/gptbot)"
20.171.207.242 - - [23/Jun/2025:01:04:38 +0200] "GET /marketplaces/carrefour/__pycache__/?C=S%3BO%3DA HTTP/2.0" 200 950 "-" "Mozilla/5.0 AppleWebKit/537.36 (KHTML, like Gecko; compatible; GPTBot/1.2; +https://openai.com/gptbot)"
20.171.207.242 - - [23/Jun/2025:01:04:39 +0200] "GET /marketplaces/carrefour/__pycache__?C=M%3BO%3DA HTTP/2.0" 301 288 "-" "Mozilla/5.0 AppleWebKit/537.36 (KHTML, like Gecko; compatible; GPTBot/1.2; +https://openai.com/gptbot)"
20.171.207.242 - - [23/Jun/2025:01:04:40 +0200] "GET /marketplaces/carrefour/__pycache__/?C=M%3BO%3DA HTTP/2.0" 200 950 "-" "Mozilla/5.0 AppleWebKit/537.36 (KHTML, like Gecko; compatible; GPTBot/1.2; +https://openai.com/gptbot)"
52.209.168.113 - - [23/Jun/2025:01:04:40 +0200] "GET /marketplaces/carrefour/results/carrefour.csv HTTP/1.1" 200 147219 "-" "Mirakl HttpClient"
20.171.207.242 - - [23/Jun/2025:01:04:41 +0200] "GET /marketplaces/vente/?C=N%3BO%3DD HTTP/2.0" 200 1909 "-" "Mozilla/5.0 AppleWebKit/537.36 (KHTML, like Gecko; compatible; GPTBot/1.2; +https://openai.com/gptbot)"
20.171.207.242 - - [23/Jun/2025:01:04:42 +0200] "GET /marketplaces/vente/?C=D%3BO%3DA HTTP/2.0" 200 1909 "-" "Mozilla/5.0 AppleWebKit/537.36 (KHTML, like Gecko; compatible; GPTBot/1.2; +https://openai.com/gptbot)"
20.171.207.242 - - [23/Jun/2025:01:04:43 +0200] "GET /Filip/salesconnect/?C=D%3BO%3DA HTTP/2.0" 200 750 "-" "Mozilla/5.0 AppleWebKit/537.36 (KHTML, like Gecko; compatible; GPTBot/1.2; +https://openai.com/gptbot)"
20.171.207.242 - - [23/Jun/2025:01:04:44 +0200] "GET /Filip/salesconnect/?C=N%3BO%3DD HTTP/2.0" 200 750 "-" "Mozilla/5.0 AppleWebKit/537.36 (KHTML, like Gecko; compatible; GPTBot/1.2; +https://openai.com/gptbot)"
20.171.207.242 - - [23/Jun/2025:01:04:45 +0200] "GET /marketplaces/worten2/__pycache__?C=N%3BO%3DD HTTP/2.0" 301 286 "-" "Mozilla/5.0 AppleWebKit/537.36 (KHTML, like Gecko; compatible; GPTBot/1.2; +https://openai.com/gptbot)"
20.171.207.242 - - [23/Jun/2025:01:04:45 +0200] "GET /marketplaces/worten2/__pycache__/?C=N%3BO%3DD HTTP/2.0" 200 944 "-" "Mozilla/5.0 AppleWebKit/537.36 (KHTML, like Gecko; compatible; GPTBot/1.2; +https://openai.com/gptbot)"
20.171.207.242 - - [23/Jun/2025:01:04:46 +0200] "GET /marketplaces/worten2/__pycache__/?C=N%3BO%3DD HTTP/2.0" 200 944 "-" "Mozilla/5.0 AppleWebKit/537.36 (KHTML, like Gecko; compatible; GPTBot/1.2; +https://openai.com/gptbot)"
20.171.207.242 - - [23/Jun/2025:01:04:47 +0200] "GET /marketplaces/worten2/__pycache__?C=D%3BO%3DA HTTP/2.0" 301 286 "-" "Mozilla/5.0 AppleWebKit/537.36 (KHTML, like Gecko; compatible; GPTBot/1.2; +https://openai.com/gptbot)"
20.171.207.242 - - [23/Jun/2025:01:04:47 +0200] "GET /marketplaces/worten2/__pycache__/?C=D%3BO%3DA HTTP/2.0" 200 944 "-" "Mozilla/5.0 AppleWebKit/537.36 (KHTML, like Gecko; compatible; GPTBot/1.2; +https://openai.com/gptbot)"
46.101.116.244 - - [23/Jun/2025:01:04:48 +0200] "GET /Jurek/globaldeli/feeds/globaldeli_mallsiSH.xml HTTP/2.0" 200 2590906 "-" "-"
20.171.207.242 - - [23/Jun/2025:01:04:48 +0200] "GET /marketplaces/worten2/__pycache__/?C=D%3BO%3DA HTTP/2.0" 200 944 "-" "Mozilla/5.0 AppleWebKit/537.36 (KHTML, like Gecko; compatible; GPTBot/1.2; +https://openai.com/gptbot)"
20.171.207.242 - - [23/Jun/2025:01:04:49 +0200] "GET /Filip/ts_delete/?C=D%3BO%3DA HTTP/2.0" 200 519 "-" "Mozilla/5.0 AppleWebKit/537.36 (KHTML, like Gecko; compatible; GPTBot/1.2; +https://openai.com/gptbot)"
20.171.207.242 - - [23/Jun/2025:01:04:51 +0200] "GET /Filip/ts_delete/?C=N%3BO%3DD HTTP/2.0" 200 519 "-" "Mozilla/5.0 AppleWebKit/537.36 (KHTML, like Gecko; compatible; GPTBot/1.2; +https://openai.com/gptbot)"
20.171.207.242 - - [23/Jun/2025:01:04:52 +0200] "GET /marketplaces/rue/logs?C=S%3BO%3DA HTTP/2.0" 301 275 "-" "Mozilla/5.0 AppleWebKit/537.36 (KHTML, like Gecko; compatible; GPTBot/1.2; +https://openai.com/gptbot)"
20.171.207.242 - - [23/Jun/2025:01:04:52 +0200] "GET /marketplaces/rue/logs/?C=S%3BO%3DA HTTP/2.0" 200 796 "-" "Mozilla/5.0 AppleWebKit/537.36 (KHTML, like Gecko; compatible; GPTBot/1.2; +https://openai.com/gptbot)"
20.171.207.242 - - [23/Jun/2025:01:04:53 +0200] "GET /marketplaces/rue/logs?C=M%3BO%3DA HTTP/2.0" 301 275 "-" "Mozilla/5.0 AppleWebKit/537.36 (KHTML, like Gecko; compatible; GPTBot/1.2; +https://openai.com/gptbot)"
20.171.207.242 - - [23/Jun/2025:01:04:53 +0200] "GET /marketplaces/rue/logs/?C=M%3BO%3DA HTTP/2.0" 200 796 "-" "Mozilla/5.0 AppleWebKit/537.36 (KHTML, like Gecko; compatible; GPTBot/1.2; +https://openai.com/gptbot)"
20.171.207.242 - - [23/Jun/2025:01:04:54 +0200] "GET /marketplaces/carrefour?C=D%3BO%3DA HTTP/2.0" 301 276 "-" "Mozilla/5.0 AppleWebKit/537.36 (KHTML, like Gecko; compatible; GPTBot/1.2; +https://openai.com/gptbot)"
20.171.207.242 - - [23/Jun/2025:01:04:54 +0200] "GET /marketplaces/carrefour/?C=D%3BO%3DA HTTP/2.0" 200 1451 "-" "Mozilla/5.0 AppleWebKit/537.36 (KHTML, like Gecko; compatible; GPTBot/1.2; +https://openai.com/gptbot)"
20.171.207.242 - - [23/Jun/2025:01:04:55 +0200] "GET /marketplaces/carrefour?C=N%3BO%3DD HTTP/2.0" 301 276 "-" "Mozilla/5.0 AppleWebKit/537.36 (KHTML, like Gecko; compatible; GPTBot/1.2; +https://openai.com/gptbot)"
20.171.207.242 - - [23/Jun/2025:01:04:55 +0200] "GET /marketplaces/carrefour/?C=N%3BO%3DD HTTP/2.0" 200 1451 "-" "Mozilla/5.0 AppleWebKit/537.36 (KHTML, like Gecko; compatible; GPTBot/1.2; +https://openai.com/gptbot)"
20.171.207.242 - - [23/Jun/2025:01:04:56 +0200] "GET /subskrypcje/yoclub/feeds/?C=M%3BO%3DA HTTP/2.0" 200 533 "-" "Mozilla/5.0 AppleWebKit/537.36 (KHTML, like Gecko; compatible; GPTBot/1.2; +https://openai.com/gptbot)"
20.171.207.242 - - [23/Jun/2025:01:04:58 +0200] "GET /marketplaces/worten/logs/?C=S%3BO%3DA HTTP/2.0" 200 457 "-" "Mozilla/5.0 AppleWebKit/537.36 (KHTML, like Gecko; compatible; GPTBot/1.2; +https://openai.com/gptbot)"
20.171.207.242 - - [23/Jun/2025:01:04:59 +0200] "GET /marketplaces/worten/logs/?C=M%3BO%3DA HTTP/2.0" 200 457 "-" "Mozilla/5.0 AppleWebKit/537.36 (KHTML, like Gecko; compatible; GPTBot/1.2; +https://openai.com/gptbot)"
20.171.207.242 - - [23/Jun/2025:01:05:00 +0200] "GET /subskrypcje/yoclub/feeds/?C=S%3BO%3DA HTTP/2.0" 200 533 "-" "Mozilla/5.0 AppleWebKit/537.36 (KHTML, like Gecko; compatible; GPTBot/1.2; +https://openai.com/gptbot)"
20.171.207.242 - - [23/Jun/2025:01:05:01 +0200] "GET /subskrypcje/converter/?C=D%3BO%3DA HTTP/2.0" 200 1440 "-" "Mozilla/5.0 AppleWebKit/537.36 (KHTML, like Gecko; compatible; GPTBot/1.2; +https://openai.com/gptbot)"
20.171.207.242 - - [23/Jun/2025:01:05:02 +0200] "GET /subskrypcje/converter/?C=N%3BO%3DD HTTP/2.0" 200 1440 "-" "Mozilla/5.0 AppleWebKit/537.36 (KHTML, like Gecko; compatible; GPTBot/1.2; +https://openai.com/gptbot)"
20.171.207.242 - - [23/Jun/2025:01:05:03 +0200] "GET /Kacper/Apiloemergency/?C=S%3BO%3DA HTTP/2.0" 200 595 "-" "Mozilla/5.0 AppleWebKit/537.36 (KHTML, like Gecko; compatible; GPTBot/1.2; +https://openai.com/gptbot)"
20.171.207.242 - - [23/Jun/2025:01:05:04 +0200] "GET /Kacper/Apiloemergency/?C=M%3BO%3DA HTTP/2.0" 200 595 "-" "Mozilla/5.0 AppleWebKit/537.36 (KHTML, like Gecko; compatible; GPTBot/1.2; +https://openai.com/gptbot)"
20.171.207.242 - - [23/Jun/2025:01:05:05 +0200] "GET /subskrypcje/OverHorse/?C=S%3BO%3DA HTTP/2.0" 200 527 "-" "Mozilla/5.0 AppleWebKit/537.36 (KHTML, like Gecko; compatible; GPTBot/1.2; +https://openai.com/gptbot)"
20.171.207.242 - - [23/Jun/2025:01:05:06 +0200] "GET /subskrypcje/OverHorse/?C=M%3BO%3DA HTTP/2.0" 200 527 "-" "Mozilla/5.0 AppleWebKit/537.36 (KHTML, like Gecko; compatible; GPTBot/1.2; +https://openai.com/gptbot)"
20.171.207.242 - - [23/Jun/2025:01:05:08 +0200] "GET /Kacper/Apiloemergency/?C=N%3BO%3DD HTTP/2.0" 200 595 "-" "Mozilla/5.0 AppleWebKit/537.36 (KHTML, like Gecko; compatible; GPTBot/1.2; +https://openai.com/gptbot)"
46.101.116.244 - - [23/Jun/2025:01:05:08 +0200] "GET /Jurek/lendo/feeds/lendo_mallsiSH.xml HTTP/2.0" 200 330390 "-" "-"
20.171.207.242 - - [23/Jun/2025:01:05:09 +0200] "GET /others/new_vida_mall/csv_files?C=N%3BO%3DD HTTP/2.0" 301 284 "-" "Mozilla/5.0 AppleWebKit/537.36 (KHTML, like Gecko; compatible; GPTBot/1.2; +https://openai.com/gptbot)"
20.171.207.242 - - [23/Jun/2025:01:05:09 +0200] "GET /others/new_vida_mall/csv_files/?C=N%3BO%3DD HTTP/2.0" 200 838 "-" "Mozilla/5.0 AppleWebKit/537.36 (KHTML, like Gecko; compatible; GPTBot/1.2; +https://openai.com/gptbot)"
20.171.207.242 - - [23/Jun/2025:01:05:10 +0200] "GET /marketplaces/ubaldi/__pycache__?C=M%3BO%3DA HTTP/2.0" 301 285 "-" "Mozilla/5.0 AppleWebKit/537.36 (KHTML, like Gecko; compatible; GPTBot/1.2; +https://openai.com/gptbot)"
20.171.207.242 - - [23/Jun/2025:01:05:10 +0200] "GET /marketplaces/ubaldi/__pycache__/?C=M%3BO%3DA HTTP/2.0" 200 941 "-" "Mozilla/5.0 AppleWebKit/537.36 (KHTML, like Gecko; compatible; GPTBot/1.2; +https://openai.com/gptbot)"
20.171.207.242 - - [23/Jun/2025:01:05:13 +0200] "GET /marketplaces/ubaldi/__pycache__?C=S%3BO%3DA HTTP/2.0" 301 285 "-" "Mozilla/5.0 AppleWebKit/537.36 (KHTML, like Gecko; compatible; GPTBot/1.2; +https://openai.com/gptbot)"
20.171.207.242 - - [23/Jun/2025:01:05:13 +0200] "GET /marketplaces/ubaldi/__pycache__/?C=S%3BO%3DA HTTP/2.0" 200 941 "-" "Mozilla/5.0 AppleWebKit/537.36 (KHTML, like Gecko; compatible; GPTBot/1.2; +https://openai.com/gptbot)"
20.171.207.242 - - [23/Jun/2025:01:05:14 +0200] "GET /others/new_vida_mall/csv_files?C=D%3BO%3DA HTTP/2.0" 301 284 "-" "Mozilla/5.0 AppleWebKit/537.36 (KHTML, like Gecko; compatible; GPTBot/1.2; +https://openai.com/gptbot)"
20.171.207.242 - - [23/Jun/2025:01:05:15 +0200] "GET /others/new_vida_mall/csv_files/?C=D%3BO%3DA HTTP/2.0" 200 838 "-" "Mozilla/5.0 AppleWebKit/537.36 (KHTML, like Gecko; compatible; GPTBot/1.2; +https://openai.com/gptbot)"
20.171.207.242 - - [23/Jun/2025:01:05:16 +0200] "GET /others/new_vida_mall/csv_files/?C=S%3BO%3DA HTTP/2.0" 200 838 "-" "Mozilla/5.0 AppleWebKit/537.36 (KHTML, like Gecko; compatible; GPTBot/1.2; +https://openai.com/gptbot)"
