66.211.183.72 - - [18/Jun/2025:15:09:35 +0200] "GET /Jurek/topeshop/downloaded_images/5904507200299_4-final-artisan.jpg HTTP/1.1" 200 34216 "http://www.ebay.com/" "Mozilla/5.0 (Windows NT 10.0; Win64; x64) AppleWebKit/537.36 (KHTML, like Gecko) Chrome/123.0.0.0 Safari/537.36"
66.211.183.70 - - [18/Jun/2025:15:09:35 +0200] "GET /Jurek/topeshop/downloaded_images/5904507200299_3.jpg HTTP/1.1" 200 23598 "http://www.ebay.com/" "Mozilla/5.0 (Windows NT 10.0; Win64; x64) AppleWebKit/537.36 (KHTML, like Gecko) Chrome/123.0.0.0 Safari/537.36"
66.211.183.74 - - [18/Jun/2025:15:09:35 +0200] "GET /Jurek/topeshop/downloaded_images/5904507200299_SD-50artisan20008orgina%C5%82(28).png HTTP/1.1" 404 3551 "http://www.ebay.com/" "Mozilla/5.0 (Windows NT 10.0; Win64; x64) AppleWebKit/537.36 (KHTML, like Gecko) Chrome/123.0.0.0 Safari/537.36"
66.211.183.72 - - [18/Jun/2025:15:09:35 +0200] "GET /Jurek/topeshop/downloaded_images/5904507200299_3-otwarty-artisan.jpg HTTP/1.1" 200 38910 "http://www.ebay.com/" "Mozilla/5.0 (Windows NT 10.0; Win64; x64) AppleWebKit/537.36 (KHTML, like Gecko) Chrome/123.0.0.0 Safari/537.36"
66.211.183.71 - - [18/Jun/2025:15:09:35 +0200] "GET /Jurek/topeshop/downloaded_images/5904507200299_SD-50artisan20008orgina%C5%82(27).png HTTP/1.1" 404 3551 "http://www.ebay.com/" "Mozilla/5.0 (Windows NT 10.0; Win64; x64) AppleWebKit/537.36 (KHTML, like Gecko) Chrome/123.0.0.0 Safari/537.36"
66.211.183.70 - - [18/Jun/2025:15:09:35 +0200] "GET /Jurek/topeshop/downloaded_images/5904507200299_SD-50artisan20008orgina%C5%82(26).png HTTP/1.1" 404 3551 "http://www.ebay.com/" "Mozilla/5.0 (Windows NT 10.0; Win64; x64) AppleWebKit/537.36 (KHTML, like Gecko) Chrome/123.0.0.0 Safari/537.36"
66.211.183.70 - - [18/Jun/2025:15:09:35 +0200] "GET /Jurek/topeshop/downloaded_images/5904507200299_SD-50artisan20008orgina%C5%82(25).png HTTP/1.1" 404 3551 "http://www.ebay.com/" "Mozilla/5.0 (Windows NT 10.0; Win64; x64) AppleWebKit/537.36 (KHTML, like Gecko) Chrome/123.0.0.0 Safari/537.36"
66.211.183.71 - - [18/Jun/2025:15:09:35 +0200] "GET /Jurek/topeshop/downloaded_images/5904507200299_porawny-1-artisan.jpg HTTP/1.1" 200 21469 "http://www.ebay.com/" "Mozilla/5.0 (Windows NT 10.0; Win64; x64) AppleWebKit/537.36 (KHTML, like Gecko) Chrome/123.0.0.0 Safari/537.36"
66.211.183.73 - - [18/Jun/2025:15:09:35 +0200] "GET /Jurek/eurofirany/images/334782/3.jpg HTTP/1.1" 200 193302 "http://www.ebay.com/" "Mozilla/5.0 (Windows NT 10.0; Win64; x64) AppleWebKit/537.36 (KHTML, like Gecko) Chrome/123.0.0.0 Safari/537.36"
34.56.40.173 - - [18/Jun/2025:15:09:35 +0200] "GET /Jurek/eurofirany/images/223866/2.jpg HTTP/1.1" 200 108682 "-" "Mozilla/5.0 (X11; Linux x86_64) AppleWebKit/537.36 (KHTML, like Gecko) Chrome/110.0.0.0 Safari/537.36"
34.29.253.61 - - [18/Jun/2025:15:09:37 +0200] "GET /Jurek/eurofirany/images/349738/1.jpg HTTP/1.1" 200 286177 "-" "Mozilla/5.0 (X11; Linux x86_64) AppleWebKit/537.36 (KHTML, like Gecko) Chrome/110.0.0.0 Safari/537.36"
66.135.223.40 - - [18/Jun/2025:15:09:37 +0200] "GET /Jurek/eurofirany/images/334081/1.jpg HTTP/1.1" 200 6595 "http://www.ebay.com/" "Mozilla/5.0 (Windows NT 10.0; Win64; x64) AppleWebKit/537.36 (KHTML, like Gecko) Chrome/123.0.0.0 Safari/537.36"
66.135.223.42 - - [18/Jun/2025:15:09:37 +0200] "GET /Jurek/eurofirany/images/334081/2.jpg HTTP/1.1" 200 6595 "http://www.ebay.com/" "Mozilla/5.0 (Windows NT 10.0; Win64; x64) AppleWebKit/537.36 (KHTML, like Gecko) Chrome/123.0.0.0 Safari/537.36"
66.135.223.41 - - [18/Jun/2025:15:09:37 +0200] "GET /Jurek/eurofirany/images/334081/3.jpg HTTP/1.1" 200 90615 "http://www.ebay.com/" "Mozilla/5.0 (Windows NT 10.0; Win64; x64) AppleWebKit/537.36 (KHTML, like Gecko) Chrome/123.0.0.0 Safari/537.36"
34.29.253.61 - - [18/Jun/2025:15:09:37 +0200] "GET /Jurek/eurofirany/images/223866/3.jpg HTTP/1.1" 200 165894 "-" "Mozilla/5.0 (X11; Linux x86_64) AppleWebKit/537.36 (KHTML, like Gecko) Chrome/110.0.0.0 Safari/537.36"
85.14.86.141 - - [18/Jun/2025:15:09:37 +0200] "GET /Jurek/aw/feeds/awnarzedzia_morele.xml HTTP/2.0" 200 90862643 "-" "MarketplaceAPI curl/7.74.0 PHP/8"
34.56.40.173 - - [18/Jun/2025:15:09:38 +0200] "GET /Jurek/eurofirany/images/334747/2.jpg HTTP/1.1" 200 88262 "-" "Mozilla/5.0 (X11; Linux x86_64) AppleWebKit/537.36 (KHTML, like Gecko) Chrome/110.0.0.0 Safari/537.36"
66.135.223.44 - - [18/Jun/2025:15:09:38 +0200] "GET /Jurek/eurofirany/images/334081/0.jpg HTTP/1.1" 200 228464 "http://www.ebay.com/" "Mozilla/5.0 (Windows NT 10.0; Win64; x64) AppleWebKit/537.36 (KHTML, like Gecko) Chrome/123.0.0.0 Safari/537.36"
34.56.40.173 - - [18/Jun/2025:15:09:38 +0200] "GET /Jurek/eurofirany/images/348595/1.jpg HTTP/1.1" 200 58469 "-" "Mozilla/5.0 (X11; Linux x86_64) AppleWebKit/537.36 (KHTML, like Gecko) Chrome/110.0.0.0 Safari/537.36"
34.29.253.61 - - [18/Jun/2025:15:09:38 +0200] "GET /Jurek/eurofirany/images/349738/2.jpg HTTP/1.1" 200 255763 "-" "Mozilla/5.0 (X11; Linux x86_64) AppleWebKit/537.36 (KHTML, like Gecko) Chrome/110.0.0.0 Safari/537.36"
34.29.253.61 - - [18/Jun/2025:15:09:38 +0200] "GET /Jurek/eurofirany/images/223866/1.jpg HTTP/1.1" 200 60288 "-" "Mozilla/5.0 (X11; Linux x86_64) AppleWebKit/537.36 (KHTML, like Gecko) Chrome/110.0.0.0 Safari/537.36"
34.56.40.173 - - [18/Jun/2025:15:09:39 +0200] "GET /Jurek/eurofirany/images/334747/3.jpg HTTP/1.1" 200 165894 "-" "Mozilla/5.0 (X11; Linux x86_64) AppleWebKit/537.36 (KHTML, like Gecko) Chrome/110.0.0.0 Safari/537.36"
34.29.253.61 - - [18/Jun/2025:15:09:39 +0200] "GET /Jurek/eurofirany/images/349738/3.jpg HTTP/1.1" 200 194751 "-" "Mozilla/5.0 (X11; Linux x86_64) AppleWebKit/537.36 (KHTML, like Gecko) Chrome/110.0.0.0 Safari/537.36"
34.56.40.173 - - [18/Jun/2025:15:09:39 +0200] "GET /Jurek/eurofirany/images/348595/2.jpg HTTP/1.1" 200 190167 "-" "Mozilla/5.0 (X11; Linux x86_64) AppleWebKit/537.36 (KHTML, like Gecko) Chrome/110.0.0.0 Safari/537.36"
34.29.253.61 - - [18/Jun/2025:15:09:39 +0200] "GET /Jurek/eurofirany/images/223866/0.jpg HTTP/1.1" 200 166055 "-" "Mozilla/5.0 (X11; Linux x86_64) AppleWebKit/537.36 (KHTML, like Gecko) Chrome/110.0.0.0 Safari/537.36"
66.135.223.42 - - [18/Jun/2025:15:09:39 +0200] "GET /Jurek/eurofirany/images/26694/0.jpg HTTP/1.1" 200 83128 "-" "Java/17.0.14.0.101"
216.113.184.103 - - [18/Jun/2025:15:09:39 +0200] "GET /Jurek/eurofirany/images/50480/0.jpg HTTP/1.1" 200 62835 "http://www.ebay.com/" "Mozilla/5.0 (Windows NT 10.0; Win64; x64) AppleWebKit/537.36 (KHTML, like Gecko) Chrome/123.0.0.0 Safari/537.36"
216.113.184.101 - - [18/Jun/2025:15:09:39 +0200] "GET /Jurek/eurofirany/images/50480/1.jpg HTTP/1.1" 200 61499 "http://www.ebay.com/" "Mozilla/5.0 (Windows NT 10.0; Win64; x64) AppleWebKit/537.36 (KHTML, like Gecko) Chrome/123.0.0.0 Safari/537.36"
34.56.40.173 - - [18/Jun/2025:15:09:40 +0200] "GET /Jurek/eurofirany/images/348595/3.jpg HTTP/1.1" 200 149390 "-" "Mozilla/5.0 (X11; Linux x86_64) AppleWebKit/537.36 (KHTML, like Gecko) Chrome/110.0.0.0 Safari/537.36"
34.56.40.173 - - [18/Jun/2025:15:09:40 +0200] "GET /Jurek/eurofirany/images/333812/1.jpg HTTP/1.1" 200 85165 "-" "Mozilla/5.0 (X11; Linux x86_64) AppleWebKit/537.36 (KHTML, like Gecko) Chrome/110.0.0.0 Safari/537.36"
34.56.40.173 - - [18/Jun/2025:15:09:40 +0200] "GET /Jurek/eurofirany/images/348603/1.jpg HTTP/1.1" 200 53846 "-" "Mozilla/5.0 (X11; Linux x86_64) AppleWebKit/537.36 (KHTML, like Gecko) Chrome/110.0.0.0 Safari/537.36"
34.56.40.173 - - [18/Jun/2025:15:09:40 +0200] "GET /Jurek/eurofirany/images/334747/1.jpg HTTP/1.1" 200 43787 "-" "Mozilla/5.0 (X11; Linux x86_64) AppleWebKit/537.36 (KHTML, like Gecko) Chrome/110.0.0.0 Safari/537.36"
34.29.253.61 - - [18/Jun/2025:15:09:40 +0200] "GET /Jurek/eurofirany/images/349738/0.jpg HTTP/1.1" 200 290592 "-" "Mozilla/5.0 (X11; Linux x86_64) AppleWebKit/537.36 (KHTML, like Gecko) Chrome/110.0.0.0 Safari/537.36"
34.56.40.173 - - [18/Jun/2025:15:09:41 +0200] "GET /Jurek/eurofirany/images/348603/2.jpg HTTP/1.1" 200 159921 "-" "Mozilla/5.0 (X11; Linux x86_64) AppleWebKit/537.36 (KHTML, like Gecko) Chrome/110.0.0.0 Safari/537.36"
66.135.223.43 - - [18/Jun/2025:15:09:41 +0200] "GET /Jurek/eurofirany/images/223866/1.jpg HTTP/1.1" 200 60288 "http://www.ebay.com/" "Mozilla/5.0 (Windows NT 10.0; Win64; x64) AppleWebKit/537.36 (KHTML, like Gecko) Chrome/123.0.0.0 Safari/537.36"
66.135.223.44 - - [18/Jun/2025:15:09:41 +0200] "GET /Jurek/eurofirany/images/223866/2.jpg HTTP/1.1" 200 108682 "http://www.ebay.com/" "Mozilla/5.0 (Windows NT 10.0; Win64; x64) AppleWebKit/537.36 (KHTML, like Gecko) Chrome/123.0.0.0 Safari/537.36"
34.123.56.223 - - [18/Jun/2025:15:09:41 +0200] "GET /Jurek/eurofirany/images/333812/4.jpg HTTP/1.1" 200 212225 "-" "Mozilla/5.0 (X11; Linux x86_64) AppleWebKit/537.36 (KHTML, like Gecko) Chrome/110.0.0.0 Safari/537.36"
66.135.223.43 - - [18/Jun/2025:15:09:41 +0200] "GET /Jurek/eurofirany/images/223866/0.jpg HTTP/1.1" 200 166055 "http://www.ebay.com/" "Mozilla/5.0 (Windows NT 10.0; Win64; x64) AppleWebKit/537.36 (KHTML, like Gecko) Chrome/123.0.0.0 Safari/537.36"
66.135.223.44 - - [18/Jun/2025:15:09:41 +0200] "GET /Jurek/eurofirany/images/223866/3.jpg HTTP/1.1" 200 165894 "http://www.ebay.com/" "Mozilla/5.0 (Windows NT 10.0; Win64; x64) AppleWebKit/537.36 (KHTML, like Gecko) Chrome/123.0.0.0 Safari/537.36"
34.29.253.61 - - [18/Jun/2025:15:09:41 +0200] "GET /Jurek/eurofirany/images/348595/4.jpg HTTP/1.1" 200 308881 "-" "Mozilla/5.0 (X11; Linux x86_64) AppleWebKit/537.36 (KHTML, like Gecko) Chrome/110.0.0.0 Safari/537.36"
34.56.40.173 - - [18/Jun/2025:15:09:41 +0200] "GET /Jurek/eurofirany/images/334747/0.jpg HTTP/1.1" 200 161658 "-" "Mozilla/5.0 (X11; Linux x86_64) AppleWebKit/537.36 (KHTML, like Gecko) Chrome/110.0.0.0 Safari/537.36"
34.56.40.173 - - [18/Jun/2025:15:09:42 +0200] "GET /Jurek/eurofirany/images/348603/3.jpg HTTP/1.1" 200 149390 "-" "Mozilla/5.0 (X11; Linux x86_64) AppleWebKit/537.36 (KHTML, like Gecko) Chrome/110.0.0.0 Safari/537.36"
34.123.56.223 - - [18/Jun/2025:15:09:42 +0200] "GET /Jurek/eurofirany/images/334750/1.jpg HTTP/1.1" 200 56798 "-" "Mozilla/5.0 (X11; Linux x86_64) AppleWebKit/537.36 (KHTML, like Gecko) Chrome/110.0.0.0 Safari/537.36"
34.29.253.61 - - [18/Jun/2025:15:09:42 +0200] "GET /Jurek/eurofirany/images/334750/2.jpg HTTP/1.1" 200 151284 "-" "Mozilla/5.0 (X11; Linux x86_64) AppleWebKit/537.36 (KHTML, like Gecko) Chrome/110.0.0.0 Safari/537.36"
34.123.56.223 - - [18/Jun/2025:15:09:42 +0200] "GET /Jurek/eurofirany/images/333812/5.jpg HTTP/1.1" 200 102788 "-" "Mozilla/5.0 (X11; Linux x86_64) AppleWebKit/537.36 (KHTML, like Gecko) Chrome/110.0.0.0 Safari/537.36"
34.29.253.61 - - [18/Jun/2025:15:09:43 +0200] "GET /Jurek/eurofirany/images/348595/0.jpg HTTP/1.1" 200 153722 "-" "Mozilla/5.0 (X11; Linux x86_64) AppleWebKit/537.36 (KHTML, like Gecko) Chrome/110.0.0.0 Safari/537.36"
34.56.40.173 - - [18/Jun/2025:15:09:43 +0200] "GET /Jurek/eurofirany/images/348603/4.jpg HTTP/1.1" 200 161383 "-" "Mozilla/5.0 (X11; Linux x86_64) AppleWebKit/537.36 (KHTML, like Gecko) Chrome/110.0.0.0 Safari/537.36"
34.29.253.61 - - [18/Jun/2025:15:09:43 +0200] "GET /Jurek/eurofirany/images/333812/8.jpg HTTP/1.1" 200 220320 "-" "Mozilla/5.0 (X11; Linux x86_64) AppleWebKit/537.36 (KHTML, like Gecko) Chrome/110.0.0.0 Safari/537.36"
34.56.40.173 - - [18/Jun/2025:15:09:43 +0200] "GET /Jurek/eurofirany/images/334750/3.jpg HTTP/1.1" 200 165894 "-" "Mozilla/5.0 (X11; Linux x86_64) AppleWebKit/537.36 (KHTML, like Gecko) Chrome/110.0.0.0 Safari/537.36"
216.113.184.105 - - [18/Jun/2025:15:09:43 +0200] "GET /Jurek/eurofirany/images/326056/0.jpg HTTP/1.1" 200 114855 "http://www.ebay.com/" "Mozilla/5.0 (Windows NT 10.0; Win64; x64) AppleWebKit/537.36 (KHTML, like Gecko) Chrome/123.0.0.0 Safari/537.36"
216.113.184.101 - - [18/Jun/2025:15:09:43 +0200] "GET /Jurek/eurofirany/images/326056/1.jpg HTTP/1.1" 200 106131 "http://www.ebay.com/" "Mozilla/5.0 (Windows NT 10.0; Win64; x64) AppleWebKit/537.36 (KHTML, like Gecko) Chrome/123.0.0.0 Safari/537.36"
34.29.253.61 - - [18/Jun/2025:15:09:44 +0200] "GET /Jurek/eurofirany/images/333812/9.jpg HTTP/1.1" 200 191560 "-" "Mozilla/5.0 (X11; Linux x86_64) AppleWebKit/537.36 (KHTML, like Gecko) Chrome/110.0.0.0 Safari/537.36"
216.113.184.105 - - [18/Jun/2025:15:09:44 +0200] "GET /Jurek/eurofirany/images/326056/2.jpg HTTP/1.1" 200 209929 "http://www.ebay.com/" "Mozilla/5.0 (Windows NT 10.0; Win64; x64) AppleWebKit/537.36 (KHTML, like Gecko) Chrome/123.0.0.0 Safari/537.36"
34.29.253.61 - - [18/Jun/2025:15:09:44 +0200] "GET /Jurek/eurofirany/images/334750/0.jpg HTTP/1.1" 200 163520 "-" "Mozilla/5.0 (X11; Linux x86_64) AppleWebKit/537.36 (KHTML, like Gecko) Chrome/110.0.0.0 Safari/537.36"
66.135.223.42 - - [18/Jun/2025:15:09:44 +0200] "GET /Jurek/eurofirany/images/26732/0.jpg HTTP/1.1" 200 119419 "-" "Java/17.0.14.0.101"
34.56.40.173 - - [18/Jun/2025:15:09:44 +0200] "GET /Jurek/eurofirany/images/348603/0.jpg HTTP/1.1" 200 134759 "-" "Mozilla/5.0 (X11; Linux x86_64) AppleWebKit/537.36 (KHTML, like Gecko) Chrome/110.0.0.0 Safari/537.36"
34.29.253.61 - - [18/Jun/2025:15:09:45 +0200] "GET /Jurek/eurofirany/images/333812/2.jpg HTTP/1.1" 200 42202 "-" "Mozilla/5.0 (X11; Linux x86_64) AppleWebKit/537.36 (KHTML, like Gecko) Chrome/110.0.0.0 Safari/537.36"
34.29.253.61 - - [18/Jun/2025:15:09:45 +0200] "GET /Jurek/eurofirany/images/333812/3.jpg HTTP/1.1" 200 97692 "-" "Mozilla/5.0 (X11; Linux x86_64) AppleWebKit/537.36 (KHTML, like Gecko) Chrome/110.0.0.0 Safari/537.36"
34.123.56.223 - - [18/Jun/2025:15:09:46 +0200] "GET /Jurek/eurofirany/images/333812/6.jpg HTTP/1.1" 200 92379 "-" "Mozilla/5.0 (X11; Linux x86_64) AppleWebKit/537.36 (KHTML, like Gecko) Chrome/110.0.0.0 Safari/537.36"
34.123.56.223 - - [18/Jun/2025:15:09:46 +0200] "GET /Jurek/eurofirany/images/333812/7.jpg HTTP/1.1" 200 195450 "-" "Mozilla/5.0 (X11; Linux x86_64) AppleWebKit/537.36 (KHTML, like Gecko) Chrome/110.0.0.0 Safari/537.36"
34.56.40.173 - - [18/Jun/2025:15:09:47 +0200] "GET /Jurek/eurofirany/images/333812/0.jpg HTTP/1.1" 200 75995 "-" "Mozilla/5.0 (X11; Linux x86_64) AppleWebKit/537.36 (KHTML, like Gecko) Chrome/110.0.0.0 Safari/537.36"
66.211.183.73 - - [18/Jun/2025:15:09:48 +0200] "GET /Jurek/eurofirany/images/322027/0.jpg HTTP/1.1" 200 97686 "-" "Java/17.0.14.0.101"
66.211.183.71 - - [18/Jun/2025:15:09:49 +0200] "GET /Jurek/eurofirany/images/328689/0.jpg HTTP/1.1" 200 98799 "http://www.ebay.com/" "Mozilla/5.0 (Windows NT 10.0; Win64; x64) AppleWebKit/537.36 (KHTML, like Gecko) Chrome/123.0.0.0 Safari/537.36"
66.211.183.70 - - [18/Jun/2025:15:09:49 +0200] "GET /Jurek/eurofirany/images/328689/2.jpg HTTP/1.1" 200 40601 "http://www.ebay.com/" "Mozilla/5.0 (Windows NT 10.0; Win64; x64) AppleWebKit/537.36 (KHTML, like Gecko) Chrome/123.0.0.0 Safari/537.36"
66.211.183.74 - - [18/Jun/2025:15:09:49 +0200] "GET /Jurek/eurofirany/images/328689/1.jpg HTTP/1.1" 200 64247 "http://www.ebay.com/" "Mozilla/5.0 (Windows NT 10.0; Win64; x64) AppleWebKit/537.36 (KHTML, like Gecko) Chrome/123.0.0.0 Safari/537.36"
66.211.183.72 - - [18/Jun/2025:15:09:49 +0200] "GET /Jurek/eurofirany/images/328689/6.jpg HTTP/1.1" 200 89611 "http://www.ebay.com/" "Mozilla/5.0 (Windows NT 10.0; Win64; x64) AppleWebKit/537.36 (KHTML, like Gecko) Chrome/123.0.0.0 Safari/537.36"
66.211.183.73 - - [18/Jun/2025:15:09:49 +0200] "GET /Jurek/eurofirany/images/328689/5.jpg HTTP/1.1" 200 194457 "http://www.ebay.com/" "Mozilla/5.0 (Windows NT 10.0; Win64; x64) AppleWebKit/537.36 (KHTML, like Gecko) Chrome/123.0.0.0 Safari/537.36"
66.211.183.71 - - [18/Jun/2025:15:09:49 +0200] "GET /Jurek/eurofirany/images/328689/3.jpg HTTP/1.1" 200 227139 "http://www.ebay.com/" "Mozilla/5.0 (Windows NT 10.0; Win64; x64) AppleWebKit/537.36 (KHTML, like Gecko) Chrome/123.0.0.0 Safari/537.36"
66.211.183.73 - - [18/Jun/2025:15:09:49 +0200] "GET /Jurek/eurofirany/images/328689/4.jpg HTTP/1.1" 200 230114 "http://www.ebay.com/" "Mozilla/5.0 (Windows NT 10.0; Win64; x64) AppleWebKit/537.36 (KHTML, like Gecko) Chrome/123.0.0.0 Safari/537.36"
89.161.206.59 - - [18/Jun/2025:15:09:50 +0200] "GET /Jurek/lerutrade/feeds/lerutrade_emag.xml HTTP/1.0" 200 82818 "-" "-"
46.101.116.244 - - [18/Jun/2025:15:09:55 +0200] "GET /Jurek/kalama/feeds/kalama_alza.xml HTTP/2.0" 200 2662549 "-" "-"
66.135.223.43 - - [18/Jun/2025:15:09:56 +0200] "GET /Jurek/eurofirany/images/26746/0.jpg HTTP/1.1" 200 116755 "-" "Java/17.0.14.0.101"
66.135.223.42 - - [18/Jun/2025:15:09:57 +0200] "GET /Jurek/eurofirany/images/26742/0.jpg HTTP/1.1" 200 124553 "-" "Java/17.0.14.0.101"
66.211.183.74 - - [18/Jun/2025:15:10:02 +0200] "GET /Jurek/eurofirany/images/50483/1.jpg HTTP/1.1" 200 74581 "http://www.ebay.com/" "Mozilla/5.0 (Windows NT 10.0; Win64; x64) AppleWebKit/537.36 (KHTML, like Gecko) Chrome/123.0.0.0 Safari/537.36"
66.211.183.73 - - [18/Jun/2025:15:10:02 +0200] "GET /Jurek/eurofirany/images/50483/0.jpg HTTP/1.1" 200 75246 "http://www.ebay.com/" "Mozilla/5.0 (Windows NT 10.0; Win64; x64) AppleWebKit/537.36 (KHTML, like Gecko) Chrome/123.0.0.0 Safari/537.36"
85.232.241.194 - - [18/Jun/2025:15:10:02 +0200] "GET /Jurek/topeshop/feeds/topeshop_vente_be.xml HTTP/1.1" 200 3090133 "-" "Python-urllib/3.11"
85.232.241.194 - - [18/Jun/2025:15:10:02 +0200] "GET /Jurek/fernity/feeds/fernity_vente_be.xml HTTP/1.1" 200 3075881 "-" "Python-urllib/3.11"
85.232.241.194 - - [18/Jun/2025:15:10:03 +0200] "GET /Jurek/kinghome/feeds/kinghome_vente_be.xml HTTP/1.1" 200 5234873 "-" "Python-urllib/3.11"
85.232.241.194 - - [18/Jun/2025:15:10:03 +0200] "GET /Jurek/emibig/feeds/emibig_vente_be.xml HTTP/1.1" 200 2519883 "-" "Python-urllib/3.11"
85.232.241.194 - - [18/Jun/2025:15:10:03 +0200] "GET /Jurek/b3/feeds/b3_vente_be.xml HTTP/1.1" 200 8504434 "-" "Python-urllib/3.11"
66.135.223.42 - - [18/Jun/2025:15:10:05 +0200] "GET /Jurek/eurofirany/images/26747/0.jpg HTTP/1.1" 200 100514 "-" "Java/17.0.14.0.101"
46.101.116.244 - - [18/Jun/2025:15:10:05 +0200] "GET /Jurek/proadventure/feeds/proadventure_alza.xml HTTP/2.0" 200 10767217 "-" "-"
66.135.223.41 - - [18/Jun/2025:15:10:08 +0200] "GET /Jurek/eurofirany/images/26745/0.jpg HTTP/1.1" 200 100514 "-" "Java/17.0.14.0.101"
66.211.183.70 - - [18/Jun/2025:15:10:08 +0200] "GET /Jurek/eurofirany/images/16012/0.jpg HTTP/1.1" 200 116873 "-" "Java/17.0.14.0.101"
66.211.183.74 - - [18/Jun/2025:15:10:09 +0200] "GET /Jurek/eurofirany/images/331882/0.jpg HTTP/1.1" 200 106473 "-" "Java/17.0.14.0.101"
66.135.223.44 - - [18/Jun/2025:15:10:10 +0200] "GET /Jurek/eurofirany/images/351385/0.jpg HTTP/1.1" 200 131769 "http://www.ebay.com/" "Mozilla/5.0 (Windows NT 10.0; Win64; x64) AppleWebKit/537.36 (KHTML, like Gecko) Chrome/123.0.0.0 Safari/537.36"
66.135.223.41 - - [18/Jun/2025:15:10:10 +0200] "GET /Jurek/eurofirany/images/351385/2.jpg HTTP/1.1" 200 91355 "http://www.ebay.com/" "Mozilla/5.0 (Windows NT 10.0; Win64; x64) AppleWebKit/537.36 (KHTML, like Gecko) Chrome/123.0.0.0 Safari/537.36"
66.135.223.41 - - [18/Jun/2025:15:10:10 +0200] "GET /Jurek/eurofirany/images/351385/1.jpg HTTP/1.1" 200 142940 "http://www.ebay.com/" "Mozilla/5.0 (Windows NT 10.0; Win64; x64) AppleWebKit/537.36 (KHTML, like Gecko) Chrome/123.0.0.0 Safari/537.36"
66.135.223.44 - - [18/Jun/2025:15:10:12 +0200] "GET /Jurek/eurofirany/images/26741/0.jpg HTTP/1.1" 200 93811 "-" "Java/17.0.14.0.101"
66.211.183.72 - - [18/Jun/2025:15:10:13 +0200] "GET /Jurek/eurofirany/images/334779/1.jpg HTTP/1.1" 200 52996 "http://www.ebay.com/" "Mozilla/5.0 (Windows NT 10.0; Win64; x64) AppleWebKit/537.36 (KHTML, like Gecko) Chrome/123.0.0.0 Safari/537.36"
66.211.183.71 - - [18/Jun/2025:15:10:13 +0200] "GET /Jurek/eurofirany/images/334779/2.jpg HTTP/1.1" 200 167849 "http://www.ebay.com/" "Mozilla/5.0 (Windows NT 10.0; Win64; x64) AppleWebKit/537.36 (KHTML, like Gecko) Chrome/123.0.0.0 Safari/537.36"
66.211.183.70 - - [18/Jun/2025:15:10:13 +0200] "GET /Jurek/eurofirany/images/334779/0.jpg HTTP/1.1" 200 177985 "http://www.ebay.com/" "Mozilla/5.0 (Windows NT 10.0; Win64; x64) AppleWebKit/537.36 (KHTML, like Gecko) Chrome/123.0.0.0 Safari/537.36"
66.211.183.74 - - [18/Jun/2025:15:10:13 +0200] "GET /Jurek/eurofirany/images/334779/3.jpg HTTP/1.1" 200 206426 "http://www.ebay.com/" "Mozilla/5.0 (Windows NT 10.0; Win64; x64) AppleWebKit/537.36 (KHTML, like Gecko) Chrome/123.0.0.0 Safari/537.36"
216.113.184.102 - - [18/Jun/2025:15:10:13 +0200] "GET /Jurek/eurofirany/images/351367/2.jpg HTTP/1.1" 200 91355 "http://www.ebay.com/" "Mozilla/5.0 (Windows NT 10.0; Win64; x64) AppleWebKit/537.36 (KHTML, like Gecko) Chrome/123.0.0.0 Safari/537.36"
216.113.184.101 - - [18/Jun/2025:15:10:13 +0200] "GET /Jurek/eurofirany/images/351367/1.jpg HTTP/1.1" 200 145464 "http://www.ebay.com/" "Mozilla/5.0 (Windows NT 10.0; Win64; x64) AppleWebKit/537.36 (KHTML, like Gecko) Chrome/123.0.0.0 Safari/537.36"
216.113.184.102 - - [18/Jun/2025:15:10:14 +0200] "GET /Jurek/eurofirany/images/351367/0.jpg HTTP/1.1" 200 193648 "http://www.ebay.com/" "Mozilla/5.0 (Windows NT 10.0; Win64; x64) AppleWebKit/537.36 (KHTML, like Gecko) Chrome/123.0.0.0 Safari/537.36"
66.135.223.41 - - [18/Jun/2025:15:10:15 +0200] "GET /Jurek/eurofirany/images/26897/0.jpg HTTP/1.1" 200 160453 "-" "Java/17.0.14.0.101"
66.211.183.72 - - [18/Jun/2025:15:10:16 +0200] "GET /Jurek/eurofirany/images/52266/0.jpg HTTP/1.1" 200 68884 "-" "Java/17.0.14.0.101"
46.101.116.244 - - [18/Jun/2025:15:10:19 +0200] "GET /Jurek/awparts/feeds/awparts_alza.xml HTTP/2.0" 200 142492663 "-" "-"
66.211.183.72 - - [18/Jun/2025:15:10:21 +0200] "GET /Jurek/eurofirany/images/50492/0.jpg HTTP/1.1" 200 79037 "-" "Java/17.0.14.0.101"
216.113.184.102 - - [18/Jun/2025:15:10:26 +0200] "GET /Jurek/eurofirany/images/26728/0.jpg HTTP/1.1" 200 126584 "http://www.ebay.com/" "Mozilla/5.0 (Windows NT 10.0; Win64; x64) AppleWebKit/537.36 (KHTML, like Gecko) Chrome/123.0.0.0 Safari/537.36"
216.113.184.101 - - [18/Jun/2025:15:10:26 +0200] "GET /Jurek/eurofirany/images/350133/1.jpg HTTP/1.1" 200 45072 "http://www.ebay.com/" "Mozilla/5.0 (Windows NT 10.0; Win64; x64) AppleWebKit/537.36 (KHTML, like Gecko) Chrome/123.0.0.0 Safari/537.36"
216.113.184.103 - - [18/Jun/2025:15:10:27 +0200] "GET /Jurek/eurofirany/images/350133/0.jpg HTTP/1.1" 200 162311 "http://www.ebay.com/" "Mozilla/5.0 (Windows NT 10.0; Win64; x64) AppleWebKit/537.36 (KHTML, like Gecko) Chrome/123.0.0.0 Safari/537.36"
216.113.184.101 - - [18/Jun/2025:15:10:27 +0200] "GET /Jurek/eurofirany/images/350133/2.jpg HTTP/1.1" 200 113532 "http://www.ebay.com/" "Mozilla/5.0 (Windows NT 10.0; Win64; x64) AppleWebKit/537.36 (KHTML, like Gecko) Chrome/123.0.0.0 Safari/537.36"
216.113.184.104 - - [18/Jun/2025:15:10:27 +0200] "GET /Jurek/eurofirany/images/350133/3.jpg HTTP/1.1" 200 172986 "http://www.ebay.com/" "Mozilla/5.0 (Windows NT 10.0; Win64; x64) AppleWebKit/537.36 (KHTML, like Gecko) Chrome/123.0.0.0 Safari/537.36"
66.211.183.72 - - [18/Jun/2025:15:10:28 +0200] "GET /Jurek/eurofirany/images/349737/3.jpg HTTP/1.1" 200 194751 "http://www.ebay.com/" "Mozilla/5.0 (Windows NT 10.0; Win64; x64) AppleWebKit/537.36 (KHTML, like Gecko) Chrome/123.0.0.0 Safari/537.36"
66.211.183.70 - - [18/Jun/2025:15:10:28 +0200] "GET /Jurek/eurofirany/images/349737/2.jpg HTTP/1.1" 200 255763 "http://www.ebay.com/" "Mozilla/5.0 (Windows NT 10.0; Win64; x64) AppleWebKit/537.36 (KHTML, like Gecko) Chrome/123.0.0.0 Safari/537.36"
66.211.183.74 - - [18/Jun/2025:15:10:28 +0200] "GET /Jurek/eurofirany/images/349737/0.jpg HTTP/1.1" 200 290592 "http://www.ebay.com/" "Mozilla/5.0 (Windows NT 10.0; Win64; x64) AppleWebKit/537.36 (KHTML, like Gecko) Chrome/123.0.0.0 Safari/537.36"
66.211.183.73 - - [18/Jun/2025:15:10:28 +0200] "GET /Jurek/eurofirany/images/349737/1.jpg HTTP/1.1" 200 286177 "http://www.ebay.com/" "Mozilla/5.0 (Windows NT 10.0; Win64; x64) AppleWebKit/537.36 (KHTML, like Gecko) Chrome/123.0.0.0 Safari/537.36"
216.113.184.102 - - [18/Jun/2025:15:10:32 +0200] "GET /Jurek/eurofirany/images/333999/0.jpg HTTP/1.1" 200 31322 "http://www.ebay.com/" "Mozilla/5.0 (Windows NT 10.0; Win64; x64) AppleWebKit/537.36 (KHTML, like Gecko) Chrome/123.0.0.0 Safari/537.36"
216.113.184.105 - - [18/Jun/2025:15:10:32 +0200] "GET /Jurek/eurofirany/images/333999/1.jpg HTTP/1.1" 200 41170 "http://www.ebay.com/" "Mozilla/5.0 (Windows NT 10.0; Win64; x64) AppleWebKit/537.36 (KHTML, like Gecko) Chrome/123.0.0.0 Safari/537.36"
66.211.183.71 - - [18/Jun/2025:15:10:34 +0200] "GET /Jurek/eurofirany/images/348595/1.jpg HTTP/1.1" 200 58469 "http://www.ebay.com/" "Mozilla/5.0 (Windows NT 10.0; Win64; x64) AppleWebKit/537.36 (KHTML, like Gecko) Chrome/123.0.0.0 Safari/537.36"
66.211.183.70 - - [18/Jun/2025:15:10:34 +0200] "GET /Jurek/eurofirany/images/348595/3.jpg HTTP/1.1" 200 149390 "http://www.ebay.com/" "Mozilla/5.0 (Windows NT 10.0; Win64; x64) AppleWebKit/537.36 (KHTML, like Gecko) Chrome/123.0.0.0 Safari/537.36"
66.211.183.72 - - [18/Jun/2025:15:10:34 +0200] "GET /Jurek/eurofirany/images/348595/0.jpg HTTP/1.1" 200 153722 "http://www.ebay.com/" "Mozilla/5.0 (Windows NT 10.0; Win64; x64) AppleWebKit/537.36 (KHTML, like Gecko) Chrome/123.0.0.0 Safari/537.36"
66.211.183.71 - - [18/Jun/2025:15:10:35 +0200] "GET /Jurek/eurofirany/images/348595/2.jpg HTTP/1.1" 200 190167 "http://www.ebay.com/" "Mozilla/5.0 (Windows NT 10.0; Win64; x64) AppleWebKit/537.36 (KHTML, like Gecko) Chrome/123.0.0.0 Safari/537.36"
85.14.86.141 - - [18/Jun/2025:15:10:35 +0200] "GET /Jurek/beliani/feeds/beliani_morele.xml HTTP/2.0" 200 30500502 "-" "MarketplaceAPI curl/7.74.0 PHP/8"
66.211.183.71 - - [18/Jun/2025:15:10:35 +0200] "GET /Jurek/eurofirany/images/348595/4.jpg HTTP/1.1" 200 308881 "http://www.ebay.com/" "Mozilla/5.0 (Windows NT 10.0; Win64; x64) AppleWebKit/537.36 (KHTML, like Gecko) Chrome/123.0.0.0 Safari/537.36"
66.135.223.40 - - [18/Jun/2025:15:10:38 +0200] "GET /Jurek/eurofirany/images/351366/2.jpg HTTP/1.1" 200 91355 "http://www.ebay.com/" "Mozilla/5.0 (Windows NT 10.0; Win64; x64) AppleWebKit/537.36 (KHTML, like Gecko) Chrome/123.0.0.0 Safari/537.36"
66.135.223.44 - - [18/Jun/2025:15:10:38 +0200] "GET /Jurek/eurofirany/images/351366/0.jpg HTTP/1.1" 200 193648 "http://www.ebay.com/" "Mozilla/5.0 (Windows NT 10.0; Win64; x64) AppleWebKit/537.36 (KHTML, like Gecko) Chrome/123.0.0.0 Safari/537.36"
66.135.223.42 - - [18/Jun/2025:15:10:38 +0200] "GET /Jurek/eurofirany/images/334775/2.jpg HTTP/1.1" 200 95432 "http://www.ebay.com/" "Mozilla/5.0 (Windows NT 10.0; Win64; x64) AppleWebKit/537.36 (KHTML, like Gecko) Chrome/123.0.0.0 Safari/537.36"
66.135.223.44 - - [18/Jun/2025:15:10:38 +0200] "GET /Jurek/eurofirany/images/334775/1.jpg HTTP/1.1" 200 47606 "http://www.ebay.com/" "Mozilla/5.0 (Windows NT 10.0; Win64; x64) AppleWebKit/537.36 (KHTML, like Gecko) Chrome/123.0.0.0 Safari/537.36"
66.135.223.44 - - [18/Jun/2025:15:10:38 +0200] "GET /Jurek/eurofirany/images/351366/1.jpg HTTP/1.1" 200 145464 "http://www.ebay.com/" "Mozilla/5.0 (Windows NT 10.0; Win64; x64) AppleWebKit/537.36 (KHTML, like Gecko) Chrome/123.0.0.0 Safari/537.36"
66.135.223.41 - - [18/Jun/2025:15:10:38 +0200] "GET /Jurek/eurofirany/images/334775/0.jpg HTTP/1.1" 200 138042 "http://www.ebay.com/" "Mozilla/5.0 (Windows NT 10.0; Win64; x64) AppleWebKit/537.36 (KHTML, like Gecko) Chrome/123.0.0.0 Safari/537.36"
216.113.184.105 - - [18/Jun/2025:15:10:39 +0200] "GET /Jurek/eurofirany/images/334001/0.jpg HTTP/1.1" 200 33385 "http://www.ebay.com/" "Mozilla/5.0 (Windows NT 10.0; Win64; x64) AppleWebKit/537.36 (KHTML, like Gecko) Chrome/123.0.0.0 Safari/537.36"
216.113.184.102 - - [18/Jun/2025:15:10:39 +0200] "GET /Jurek/eurofirany/images/334001/1.jpg HTTP/1.1" 200 41170 "http://www.ebay.com/" "Mozilla/5.0 (Windows NT 10.0; Win64; x64) AppleWebKit/537.36 (KHTML, like Gecko) Chrome/123.0.0.0 Safari/537.36"
66.135.223.44 - - [18/Jun/2025:15:10:39 +0200] "GET /Jurek/eurofirany/images/334775/3.jpg HTTP/1.1" 200 178755 "http://www.ebay.com/" "Mozilla/5.0 (Windows NT 10.0; Win64; x64) AppleWebKit/537.36 (KHTML, like Gecko) Chrome/123.0.0.0 Safari/537.36"
216.113.184.103 - - [18/Jun/2025:15:10:43 +0200] "GET /Jurek/eurofirany/images/52276/0.jpg HTTP/1.1" 200 64355 "http://www.ebay.com/" "Mozilla/5.0 (Windows NT 10.0; Win64; x64) AppleWebKit/537.36 (KHTML, like Gecko) Chrome/123.0.0.0 Safari/537.36"
66.135.223.40 - - [18/Jun/2025:15:10:46 +0200] "GET /Jurek/eurofirany/images/350137/1.jpg HTTP/1.1" 200 43270 "http://www.ebay.com/" "Mozilla/5.0 (Windows NT 10.0; Win64; x64) AppleWebKit/537.36 (KHTML, like Gecko) Chrome/123.0.0.0 Safari/537.36"
66.135.223.43 - - [18/Jun/2025:15:10:46 +0200] "GET /Jurek/eurofirany/images/350137/2.jpg HTTP/1.1" 200 121521 "http://www.ebay.com/" "Mozilla/5.0 (Windows NT 10.0; Win64; x64) AppleWebKit/537.36 (KHTML, like Gecko) Chrome/123.0.0.0 Safari/537.36"
66.135.223.44 - - [18/Jun/2025:15:10:47 +0200] "GET /Jurek/eurofirany/images/350137/0.jpg HTTP/1.1" 200 172765 "http://www.ebay.com/" "Mozilla/5.0 (Windows NT 10.0; Win64; x64) AppleWebKit/537.36 (KHTML, like Gecko) Chrome/123.0.0.0 Safari/537.36"
66.135.223.43 - - [18/Jun/2025:15:10:47 +0200] "GET /Jurek/eurofirany/images/350137/3.jpg HTTP/1.1" 200 172986 "http://www.ebay.com/" "Mozilla/5.0 (Windows NT 10.0; Win64; x64) AppleWebKit/537.36 (KHTML, like Gecko) Chrome/123.0.0.0 Safari/537.36"
85.232.241.194 - - [18/Jun/2025:15:10:47 +0200] "GET /Jurek/asortymenteu/feeds/asortymenteu_vente_be.xml HTTP/1.1" 200 2906707 "-" "Python-urllib/3.11"
216.113.184.105 - - [18/Jun/2025:15:10:53 +0200] "GET /Jurek/eurofirany/images/335182/0.jpg HTTP/1.1" 200 40188 "http://www.ebay.com/" "Mozilla/5.0 (Windows NT 10.0; Win64; x64) AppleWebKit/537.36 (KHTML, like Gecko) Chrome/123.0.0.0 Safari/537.36"
216.113.184.102 - - [18/Jun/2025:15:10:53 +0200] "GET /Jurek/eurofirany/images/335182/1.jpg HTTP/1.1" 200 56730 "http://www.ebay.com/" "Mozilla/5.0 (Windows NT 10.0; Win64; x64) AppleWebKit/537.36 (KHTML, like Gecko) Chrome/123.0.0.0 Safari/537.36"
216.113.184.103 - - [18/Jun/2025:15:10:53 +0200] "GET /Jurek/eurofirany/images/335182/2.jpg HTTP/1.1" 200 88381 "http://www.ebay.com/" "Mozilla/5.0 (Windows NT 10.0; Win64; x64) AppleWebKit/537.36 (KHTML, like Gecko) Chrome/123.0.0.0 Safari/537.36"
216.113.184.102 - - [18/Jun/2025:15:10:53 +0200] "GET /Jurek/eurofirany/images/335182/3.jpg HTTP/1.1" 200 47354 "http://www.ebay.com/" "Mozilla/5.0 (Windows NT 10.0; Win64; x64) AppleWebKit/537.36 (KHTML, like Gecko) Chrome/123.0.0.0 Safari/537.36"
66.211.183.72 - - [18/Jun/2025:15:10:53 +0200] "GET /Jurek/eurofirany/images/26732/0.jpg HTTP/1.1" 200 119419 "http://www.ebay.com/" "Mozilla/5.0 (Windows NT 10.0; Win64; x64) AppleWebKit/537.36 (KHTML, like Gecko) Chrome/123.0.0.0 Safari/537.36"
66.211.183.71 - - [18/Jun/2025:15:10:55 +0200] "GET /Jurek/eurofirany/images/25209/0.jpg HTTP/1.1" 200 99103 "-" "Java/17.0.14.0.101"
66.135.223.41 - - [18/Jun/2025:15:10:55 +0200] "GET /Jurek/eurofirany/images/330900/0.jpg HTTP/1.1" 200 67815 "http://www.ebay.com/" "Mozilla/5.0 (Windows NT 10.0; Win64; x64) AppleWebKit/537.36 (KHTML, like Gecko) Chrome/123.0.0.0 Safari/537.36"
66.135.223.43 - - [18/Jun/2025:15:10:55 +0200] "GET /Jurek/eurofirany/images/330900/1.jpg HTTP/1.1" 200 94184 "http://www.ebay.com/" "Mozilla/5.0 (Windows NT 10.0; Win64; x64) AppleWebKit/537.36 (KHTML, like Gecko) Chrome/123.0.0.0 Safari/537.36"
66.135.223.44 - - [18/Jun/2025:15:10:55 +0200] "GET /Jurek/eurofirany/images/330900/2.jpg HTTP/1.1" 200 115720 "http://www.ebay.com/" "Mozilla/5.0 (Windows NT 10.0; Win64; x64) AppleWebKit/537.36 (KHTML, like Gecko) Chrome/123.0.0.0 Safari/537.36"
66.135.223.42 - - [18/Jun/2025:15:10:56 +0200] "GET /Jurek/eurofirany/images/330900/3.jpg HTTP/1.1" 200 214989 "http://www.ebay.com/" "Mozilla/5.0 (Windows NT 10.0; Win64; x64) AppleWebKit/537.36 (KHTML, like Gecko) Chrome/123.0.0.0 Safari/537.36"
66.211.183.72 - - [18/Jun/2025:15:11:04 +0200] "GET /Jurek/eurofirany/images/26846/0.jpg HTTP/1.1" 200 114145 "-" "Java/17.0.14.0.101"
66.135.223.43 - - [18/Jun/2025:15:11:06 +0200] "GET /Jurek/eurofirany/images/52270/0.jpg HTTP/1.1" 200 64694 "http://www.ebay.com/" "Mozilla/5.0 (Windows NT 10.0; Win64; x64) AppleWebKit/537.36 (KHTML, like Gecko) Chrome/123.0.0.0 Safari/537.36"
216.113.184.101 - - [18/Jun/2025:15:11:06 +0200] "GET /Jurek/eurofirany/images/26747/0.jpg HTTP/1.1" 200 100514 "http://www.ebay.com/" "Mozilla/5.0 (Windows NT 10.0; Win64; x64) AppleWebKit/537.36 (KHTML, like Gecko) Chrome/123.0.0.0 Safari/537.36"
34.56.40.173 - - [18/Jun/2025:15:11:08 +0200] "GET /Jurek/eurofirany/images/337256/1.jpg HTTP/1.1" 200 94137 "-" "Mozilla/5.0 (X11; Linux x86_64) AppleWebKit/537.36 (KHTML, like Gecko) Chrome/110.0.0.0 Safari/537.36"
216.113.184.104 - - [18/Jun/2025:15:11:08 +0200] "GET /Jurek/eurofirany/images/26741/0.jpg HTTP/1.1" 200 93811 "http://www.ebay.com/" "Mozilla/5.0 (Windows NT 10.0; Win64; x64) AppleWebKit/537.36 (KHTML, like Gecko) Chrome/123.0.0.0 Safari/537.36"
34.56.40.173 - - [18/Jun/2025:15:11:08 +0200] "GET /Jurek/eurofirany/images/334857/1.jpg HTTP/1.1" 200 78707 "-" "Mozilla/5.0 (X11; Linux x86_64) AppleWebKit/537.36 (KHTML, like Gecko) Chrome/110.0.0.0 Safari/537.36"
34.56.40.173 - - [18/Jun/2025:15:11:08 +0200] "GET /Jurek/eurofirany/images/337256/2.jpg HTTP/1.1" 200 86240 "-" "Mozilla/5.0 (X11; Linux x86_64) AppleWebKit/537.36 (KHTML, like Gecko) Chrome/110.0.0.0 Safari/537.36"
34.56.40.173 - - [18/Jun/2025:15:11:09 +0200] "GET /Jurek/eurofirany/images/334857/2.jpg HTTP/1.1" 200 36044 "-" "Mozilla/5.0 (X11; Linux x86_64) AppleWebKit/537.36 (KHTML, like Gecko) Chrome/110.0.0.0 Safari/537.36"
34.56.40.173 - - [18/Jun/2025:15:11:09 +0200] "GET /Jurek/eurofirany/images/334755/1.jpg HTTP/1.1" 200 47846 "-" "Mozilla/5.0 (X11; Linux x86_64) AppleWebKit/537.36 (KHTML, like Gecko) Chrome/110.0.0.0 Safari/537.36"
34.56.40.173 - - [18/Jun/2025:15:11:09 +0200] "GET /Jurek/eurofirany/images/334857/3.jpg HTTP/1.1" 200 73594 "-" "Mozilla/5.0 (X11; Linux x86_64) AppleWebKit/537.36 (KHTML, like Gecko) Chrome/110.0.0.0 Safari/537.36"
34.56.40.173 - - [18/Jun/2025:15:11:10 +0200] "GET /Jurek/eurofirany/images/334760/1.jpg HTTP/1.1" 200 45168 "-" "Mozilla/5.0 (X11; Linux x86_64) AppleWebKit/537.36 (KHTML, like Gecko) Chrome/110.0.0.0 Safari/537.36"
34.56.40.173 - - [18/Jun/2025:15:11:10 +0200] "GET /Jurek/eurofirany/images/337256/3.jpg HTTP/1.1" 200 337362 "-" "Mozilla/5.0 (X11; Linux x86_64) AppleWebKit/537.36 (KHTML, like Gecko) Chrome/110.0.0.0 Safari/537.36"
34.29.253.61 - - [18/Jun/2025:15:11:11 +0200] "GET /Jurek/eurofirany/images/334755/2.jpg HTTP/1.1" 200 175168 "-" "Mozilla/5.0 (X11; Linux x86_64) AppleWebKit/537.36 (KHTML, like Gecko) Chrome/110.0.0.0 Safari/537.36"
34.123.56.223 - - [18/Jun/2025:15:11:11 +0200] "GET /Jurek/eurofirany/images/334756/2.jpg HTTP/1.1" 200 53304 "-" "Mozilla/5.0 (X11; Linux x86_64) AppleWebKit/537.36 (KHTML, like Gecko) Chrome/110.0.0.0 Safari/537.36"
34.56.40.173 - - [18/Jun/2025:15:11:11 +0200] "GET /Jurek/eurofirany/images/334760/2.jpg HTTP/1.1" 200 195457 "-" "Mozilla/5.0 (X11; Linux x86_64) AppleWebKit/537.36 (KHTML, like Gecko) Chrome/110.0.0.0 Safari/537.36"
34.56.40.173 - - [18/Jun/2025:15:11:11 +0200] "GET /Jurek/eurofirany/images/337256/4.jpg HTTP/1.1" 200 333156 "-" "Mozilla/5.0 (X11; Linux x86_64) AppleWebKit/537.36 (KHTML, like Gecko) Chrome/110.0.0.0 Safari/537.36"
34.123.56.223 - - [18/Jun/2025:15:11:11 +0200] "GET /Jurek/eurofirany/images/334857/4.jpg HTTP/1.1" 200 268080 "-" "Mozilla/5.0 (X11; Linux x86_64) AppleWebKit/537.36 (KHTML, like Gecko) Chrome/110.0.0.0 Safari/537.36"
34.123.56.223 - - [18/Jun/2025:15:11:11 +0200] "GET /Jurek/eurofirany/images/334857/5.jpg HTTP/1.1" 200 81308 "-" "Mozilla/5.0 (X11; Linux x86_64) AppleWebKit/537.36 (KHTML, like Gecko) Chrome/110.0.0.0 Safari/537.36"
34.29.253.61 - - [18/Jun/2025:15:11:11 +0200] "GET /Jurek/eurofirany/images/334755/3.jpg HTTP/1.1" 200 165894 "-" "Mozilla/5.0 (X11; Linux x86_64) AppleWebKit/537.36 (KHTML, like Gecko) Chrome/110.0.0.0 Safari/537.36"
34.56.40.173 - - [18/Jun/2025:15:11:11 +0200] "GET /Jurek/eurofirany/images/337256/5.jpg HTTP/1.1" 200 344185 "-" "Mozilla/5.0 (X11; Linux x86_64) AppleWebKit/537.36 (KHTML, like Gecko) Chrome/110.0.0.0 Safari/537.36"
34.123.56.223 - - [18/Jun/2025:15:11:12 +0200] "GET /Jurek/eurofirany/images/334760/3.jpg HTTP/1.1" 200 165894 "-" "Mozilla/5.0 (X11; Linux x86_64) AppleWebKit/537.36 (KHTML, like Gecko) Chrome/110.0.0.0 Safari/537.36"
34.123.56.223 - - [18/Jun/2025:15:11:12 +0200] "GET /Jurek/eurofirany/images/334756/3.jpg HTTP/1.1" 200 133243 "-" "Mozilla/5.0 (X11; Linux x86_64) AppleWebKit/537.36 (KHTML, like Gecko) Chrome/110.0.0.0 Safari/537.36"
34.123.56.223 - - [18/Jun/2025:15:11:12 +0200] "GET /Jurek/eurofirany/images/334772/1.jpg HTTP/1.1" 200 46012 "-" "Mozilla/5.0 (X11; Linux x86_64) AppleWebKit/537.36 (KHTML, like Gecko) Chrome/110.0.0.0 Safari/537.36"
34.123.56.223 - - [18/Jun/2025:15:11:12 +0200] "GET /Jurek/eurofirany/images/334857/0.jpg HTTP/1.1" 200 70772 "-" "Mozilla/5.0 (X11; Linux x86_64) AppleWebKit/537.36 (KHTML, like Gecko) Chrome/110.0.0.0 Safari/537.36"
34.56.40.173 - - [18/Jun/2025:15:11:12 +0200] "GET /Jurek/eurofirany/images/334755/0.jpg HTTP/1.1" 200 146366 "-" "Mozilla/5.0 (X11; Linux x86_64) AppleWebKit/537.36 (KHTML, like Gecko) Chrome/110.0.0.0 Safari/537.36"
34.123.56.223 - - [18/Jun/2025:15:11:13 +0200] "GET /Jurek/eurofirany/images/334756/4.jpg HTTP/1.1" 200 225135 "-" "Mozilla/5.0 (X11; Linux x86_64) AppleWebKit/537.36 (KHTML, like Gecko) Chrome/110.0.0.0 Safari/537.36"
34.123.56.223 - - [18/Jun/2025:15:11:13 +0200] "GET /Jurek/eurofirany/images/337256/6.jpg HTTP/1.1" 200 387095 "-" "Mozilla/5.0 (X11; Linux x86_64) AppleWebKit/537.36 (KHTML, like Gecko) Chrome/110.0.0.0 Safari/537.36"
46.101.116.244 - - [18/Jun/2025:15:11:13 +0200] "GET /Jurek/sportprise/feeds/sportprise_alza.xml HTTP/2.0" 200 12730130 "-" "-"
34.123.56.223 - - [18/Jun/2025:15:11:13 +0200] "GET /Jurek/eurofirany/images/334772/2.jpg HTTP/1.1" 200 73217 "-" "Mozilla/5.0 (X11; Linux x86_64) AppleWebKit/537.36 (KHTML, like Gecko) Chrome/110.0.0.0 Safari/537.36"
34.123.56.223 - - [18/Jun/2025:15:11:13 +0200] "GET /Jurek/eurofirany/images/334760/0.jpg HTTP/1.1" 200 176395 "-" "Mozilla/5.0 (X11; Linux x86_64) AppleWebKit/537.36 (KHTML, like Gecko) Chrome/110.0.0.0 Safari/537.36"
34.123.56.223 - - [18/Jun/2025:15:11:14 +0200] "GET /Jurek/eurofirany/images/337256/7.jpg HTTP/1.1" 200 221051 "-" "Mozilla/5.0 (X11; Linux x86_64) AppleWebKit/537.36 (KHTML, like Gecko) Chrome/110.0.0.0 Safari/537.36"
34.123.56.223 - - [18/Jun/2025:15:11:14 +0200] "GET /Jurek/eurofirany/images/334772/3.jpg HTTP/1.1" 200 165894 "-" "Mozilla/5.0 (X11; Linux x86_64) AppleWebKit/537.36 (KHTML, like Gecko) Chrome/110.0.0.0 Safari/537.36"
34.123.56.223 - - [18/Jun/2025:15:11:14 +0200] "GET /Jurek/eurofirany/images/334756/5.jpg HTTP/1.1" 200 245124 "-" "Mozilla/5.0 (X11; Linux x86_64) AppleWebKit/537.36 (KHTML, like Gecko) Chrome/110.0.0.0 Safari/537.36"
34.123.56.223 - - [18/Jun/2025:15:11:14 +0200] "GET /Jurek/eurofirany/images/337256/0.jpg HTTP/1.1" 200 171682 "-" "Mozilla/5.0 (X11; Linux x86_64) AppleWebKit/537.36 (KHTML, like Gecko) Chrome/110.0.0.0 Safari/537.36"
34.123.56.223 - - [18/Jun/2025:15:11:15 +0200] "GET /Jurek/eurofirany/images/334756/1.jpg HTTP/1.1" 200 45459 "-" "Mozilla/5.0 (X11; Linux x86_64) AppleWebKit/537.36 (KHTML, like Gecko) Chrome/110.0.0.0 Safari/537.36"
34.56.40.173 - - [18/Jun/2025:15:11:15 +0200] "GET /Jurek/eurofirany/images/334772/0.jpg HTTP/1.1" 200 59026 "-" "Mozilla/5.0 (X11; Linux x86_64) AppleWebKit/537.36 (KHTML, like Gecko) Chrome/110.0.0.0 Safari/537.36"
34.123.56.223 - - [18/Jun/2025:15:11:15 +0200] "GET /Jurek/eurofirany/images/334756/0.jpg HTTP/1.1" 200 97956 "-" "Mozilla/5.0 (X11; Linux x86_64) AppleWebKit/537.36 (KHTML, like Gecko) Chrome/110.0.0.0 Safari/537.36"
66.211.183.71 - - [18/Jun/2025:15:11:18 +0200] "GET /Jurek/eurofirany/images/26685/0.jpg HTTP/1.1" 200 79620 "http://www.ebay.com/" "Mozilla/5.0 (Windows NT 10.0; Win64; x64) AppleWebKit/537.36 (KHTML, like Gecko) Chrome/123.0.0.0 Safari/537.36"
216.113.184.103 - - [18/Jun/2025:15:11:21 +0200] "GET /Jurek/eurofirany/images/26694/0.jpg HTTP/1.1" 200 83128 "http://www.ebay.com/" "Mozilla/5.0 (Windows NT 10.0; Win64; x64) AppleWebKit/537.36 (KHTML, like Gecko) Chrome/123.0.0.0 Safari/537.36"
216.113.184.101 - - [18/Jun/2025:15:11:23 +0200] "GET /Jurek/eurofirany/images/26743/0.jpg HTTP/1.1" 200 100276 "-" "Java/17.0.14.0.101"
66.211.183.71 - - [18/Jun/2025:15:11:32 +0200] "GET /Jurek/eurofirany/images/334760/0.jpg HTTP/1.1" 200 176395 "-" "Java/17.0.14.0.101"
216.113.184.105 - - [18/Jun/2025:15:11:34 +0200] "GET /Jurek/eurofirany/images/16012/0.jpg HTTP/1.1" 200 116873 "http://www.ebay.com/" "Mozilla/5.0 (Windows NT 10.0; Win64; x64) AppleWebKit/537.36 (KHTML, like Gecko) Chrome/123.0.0.0 Safari/537.36"
66.135.223.43 - - [18/Jun/2025:15:11:35 +0200] "GET /Jurek/eurofirany/images/334857/0.jpg HTTP/1.1" 200 70772 "http://www.ebay.com/" "Mozilla/5.0 (Windows NT 10.0; Win64; x64) AppleWebKit/537.36 (KHTML, like Gecko) Chrome/123.0.0.0 Safari/537.36"
66.135.223.40 - - [18/Jun/2025:15:11:35 +0200] "GET /Jurek/eurofirany/images/334857/2.jpg HTTP/1.1" 200 36044 "http://www.ebay.com/" "Mozilla/5.0 (Windows NT 10.0; Win64; x64) AppleWebKit/537.36 (KHTML, like Gecko) Chrome/123.0.0.0 Safari/537.36"
66.135.223.44 - - [18/Jun/2025:15:11:35 +0200] "GET /Jurek/eurofirany/images/334857/1.jpg HTTP/1.1" 200 78707 "http://www.ebay.com/" "Mozilla/5.0 (Windows NT 10.0; Win64; x64) AppleWebKit/537.36 (KHTML, like Gecko) Chrome/123.0.0.0 Safari/537.36"
66.135.223.41 - - [18/Jun/2025:15:11:35 +0200] "GET /Jurek/eurofirany/images/334857/3.jpg HTTP/1.1" 200 73594 "http://www.ebay.com/" "Mozilla/5.0 (Windows NT 10.0; Win64; x64) AppleWebKit/537.36 (KHTML, like Gecko) Chrome/123.0.0.0 Safari/537.36"
66.135.223.40 - - [18/Jun/2025:15:11:35 +0200] "GET /Jurek/eurofirany/images/334857/5.jpg HTTP/1.1" 200 81308 "http://www.ebay.com/" "Mozilla/5.0 (Windows NT 10.0; Win64; x64) AppleWebKit/537.36 (KHTML, like Gecko) Chrome/123.0.0.0 Safari/537.36"
66.135.223.43 - - [18/Jun/2025:15:11:35 +0200] "GET /Jurek/eurofirany/images/334857/4.jpg HTTP/1.1" 200 268080 "http://www.ebay.com/" "Mozilla/5.0 (Windows NT 10.0; Win64; x64) AppleWebKit/537.36 (KHTML, like Gecko) Chrome/123.0.0.0 Safari/537.36"
66.135.223.44 - - [18/Jun/2025:15:11:35 +0200] "GET /Jurek/eurofirany/images/50493/0.jpg HTTP/1.1" 200 81796 "http://www.ebay.com/" "Mozilla/5.0 (Windows NT 10.0; Win64; x64) AppleWebKit/537.36 (KHTML, like Gecko) Chrome/123.0.0.0 Safari/537.36"
216.113.184.101 - - [18/Jun/2025:15:11:35 +0200] "GET /Jurek/eurofirany/images/349245/0.jpg HTTP/1.1" 200 68768 "http://www.ebay.com/" "Mozilla/5.0 (Windows NT 10.0; Win64; x64) AppleWebKit/537.36 (KHTML, like Gecko) Chrome/123.0.0.0 Safari/537.36"
216.113.184.104 - - [18/Jun/2025:15:11:35 +0200] "GET /Jurek/eurofirany/images/334747/0.jpg HTTP/1.1" 200 161658 "-" "Java/17.0.14.0.101"
66.135.223.41 - - [18/Jun/2025:15:11:35 +0200] "GET /Jurek/eurofirany/images/50493/1.jpg HTTP/1.1" 200 79607 "http://www.ebay.com/" "Mozilla/5.0 (Windows NT 10.0; Win64; x64) AppleWebKit/537.36 (KHTML, like Gecko) Chrome/123.0.0.0 Safari/537.36"
66.211.183.72 - - [18/Jun/2025:15:11:36 +0200] "GET /Jurek/eurofirany/images/52270/0.jpg HTTP/1.1" 200 64694 "-" "Java/17.0.14.0.101"
216.113.184.102 - - [18/Jun/2025:15:11:36 +0200] "GET /Jurek/eurofirany/images/349245/2.jpg HTTP/1.1" 200 158282 "http://www.ebay.com/" "Mozilla/5.0 (Windows NT 10.0; Win64; x64) AppleWebKit/537.36 (KHTML, like Gecko) Chrome/123.0.0.0 Safari/537.36"
216.113.184.102 - - [18/Jun/2025:15:11:36 +0200] "GET /Jurek/eurofirany/images/349245/1.jpg HTTP/1.1" 200 164991 "http://www.ebay.com/" "Mozilla/5.0 (Windows NT 10.0; Win64; x64) AppleWebKit/537.36 (KHTML, like Gecko) Chrome/123.0.0.0 Safari/537.36"
46.101.116.244 - - [18/Jun/2025:15:11:37 +0200] "GET /Jurek/coppotech/feeds/coppotech_alza.xml HTTP/2.0" 200 38061612 "-" "-"
216.113.184.105 - - [18/Jun/2025:15:11:38 +0200] "GET /Jurek/eurofirany/images/26676/0.jpg HTTP/1.1" 200 89990 "-" "Java/17.0.14.0.101"
216.113.184.104 - - [18/Jun/2025:15:11:39 +0200] "GET /Jurek/eurofirany/images/52276/0.jpg HTTP/1.1" 200 64355 "-" "Java/17.0.14.0.101"
66.135.223.44 - - [18/Jun/2025:15:11:39 +0200] "GET /Jurek/eurofirany/images/26743/0.jpg HTTP/1.1" 200 100276 "http://www.ebay.com/" "Mozilla/5.0 (Windows NT 10.0; Win64; x64) AppleWebKit/537.36 (KHTML, like Gecko) Chrome/123.0.0.0 Safari/537.36"
216.113.184.104 - - [18/Jun/2025:15:11:43 +0200] "GET /Jurek/eurofirany/images/350121/2.jpg HTTP/1.1" 200 94241 "http://www.ebay.com/" "Mozilla/5.0 (Windows NT 10.0; Win64; x64) AppleWebKit/537.36 (KHTML, like Gecko) Chrome/123.0.0.0 Safari/537.36"
216.113.184.102 - - [18/Jun/2025:15:11:43 +0200] "GET /Jurek/eurofirany/images/350121/0.jpg HTTP/1.1" 200 141786 "http://www.ebay.com/" "Mozilla/5.0 (Windows NT 10.0; Win64; x64) AppleWebKit/537.36 (KHTML, like Gecko) Chrome/123.0.0.0 Safari/537.36"
216.113.184.105 - - [18/Jun/2025:15:11:43 +0200] "GET /Jurek/eurofirany/images/350121/1.jpg HTTP/1.1" 200 181373 "http://www.ebay.com/" "Mozilla/5.0 (Windows NT 10.0; Win64; x64) AppleWebKit/537.36 (KHTML, like Gecko) Chrome/123.0.0.0 Safari/537.36"
66.211.183.73 - - [18/Jun/2025:15:11:44 +0200] "GET /Jurek/eurofirany/images/348603/1.jpg HTTP/1.1" 200 53846 "http://www.ebay.com/" "Mozilla/5.0 (Windows NT 10.0; Win64; x64) AppleWebKit/537.36 (KHTML, like Gecko) Chrome/123.0.0.0 Safari/537.36"
66.211.183.70 - - [18/Jun/2025:15:11:44 +0200] "GET /Jurek/eurofirany/images/348603/3.jpg HTTP/1.1" 200 149390 "http://www.ebay.com/" "Mozilla/5.0 (Windows NT 10.0; Win64; x64) AppleWebKit/537.36 (KHTML, like Gecko) Chrome/123.0.0.0 Safari/537.36"
66.211.183.74 - - [18/Jun/2025:15:11:44 +0200] "GET /Jurek/eurofirany/images/348603/0.jpg HTTP/1.1" 200 134759 "http://www.ebay.com/" "Mozilla/5.0 (Windows NT 10.0; Win64; x64) AppleWebKit/537.36 (KHTML, like Gecko) Chrome/123.0.0.0 Safari/537.36"
66.211.183.74 - - [18/Jun/2025:15:11:44 +0200] "GET /Jurek/eurofirany/images/348603/2.jpg HTTP/1.1" 200 159921 "http://www.ebay.com/" "Mozilla/5.0 (Windows NT 10.0; Win64; x64) AppleWebKit/537.36 (KHTML, like Gecko) Chrome/123.0.0.0 Safari/537.36"
66.211.183.71 - - [18/Jun/2025:15:11:44 +0200] "GET /Jurek/eurofirany/images/348603/4.jpg HTTP/1.1" 200 161383 "http://www.ebay.com/" "Mozilla/5.0 (Windows NT 10.0; Win64; x64) AppleWebKit/537.36 (KHTML, like Gecko) Chrome/123.0.0.0 Safari/537.36"
66.135.223.41 - - [18/Jun/2025:15:11:45 +0200] "GET /Jurek/eurofirany/images/26897/0.jpg HTTP/1.1" 200 160453 "http://www.ebay.com/" "Mozilla/5.0 (Windows NT 10.0; Win64; x64) AppleWebKit/537.36 (KHTML, like Gecko) Chrome/123.0.0.0 Safari/537.36"
66.211.183.72 - - [18/Jun/2025:15:11:45 +0200] "GET /Jurek/eurofirany/images/26730/0.jpg HTTP/1.1" 200 119419 "-" "Java/17.0.14.0.101"
216.113.184.104 - - [18/Jun/2025:15:11:46 +0200] "GET /Jurek/eurofirany/images/334001/0.jpg HTTP/1.1" 200 33385 "-" "Java/17.0.14.0.101"
66.211.183.71 - - [18/Jun/2025:15:11:47 +0200] "GET /Jurek/eurofirany/images/334753/0.jpg HTTP/1.1" 200 156296 "-" "Java/17.0.14.0.101"
46.101.116.244 - - [18/Jun/2025:15:11:50 +0200] "GET /Jurek/erohurtownia/feeds/erohurtownia_alza.xml HTTP/2.0" 200 22845648 "-" "-"
216.113.184.101 - - [18/Jun/2025:15:11:52 +0200] "GET /Jurek/eurofirany/images/326889/0.jpg HTTP/1.1" 200 67675 "http://www.ebay.com/" "Mozilla/5.0 (Windows NT 10.0; Win64; x64) AppleWebKit/537.36 (KHTML, like Gecko) Chrome/123.0.0.0 Safari/537.36"
216.113.184.101 - - [18/Jun/2025:15:11:52 +0200] "GET /Jurek/eurofirany/images/326889/1.jpg HTTP/1.1" 200 75280 "http://www.ebay.com/" "Mozilla/5.0 (Windows NT 10.0; Win64; x64) AppleWebKit/537.36 (KHTML, like Gecko) Chrome/123.0.0.0 Safari/537.36"
216.113.184.105 - - [18/Jun/2025:15:11:52 +0200] "GET /Jurek/eurofirany/images/326889/2.jpg HTTP/1.1" 200 28088 "http://www.ebay.com/" "Mozilla/5.0 (Windows NT 10.0; Win64; x64) AppleWebKit/537.36 (KHTML, like Gecko) Chrome/123.0.0.0 Safari/537.36"
216.113.184.102 - - [18/Jun/2025:15:11:52 +0200] "GET /Jurek/eurofirany/images/326889/3.jpg HTTP/1.1" 200 48924 "http://www.ebay.com/" "Mozilla/5.0 (Windows NT 10.0; Win64; x64) AppleWebKit/537.36 (KHTML, like Gecko) Chrome/123.0.0.0 Safari/537.36"
216.113.184.104 - - [18/Jun/2025:15:11:52 +0200] "GET /Jurek/eurofirany/images/326889/4.jpg HTTP/1.1" 200 90293 "http://www.ebay.com/" "Mozilla/5.0 (Windows NT 10.0; Win64; x64) AppleWebKit/537.36 (KHTML, like Gecko) Chrome/123.0.0.0 Safari/537.36"
216.113.184.103 - - [18/Jun/2025:15:11:52 +0200] "GET /Jurek/eurofirany/images/326889/5.jpg HTTP/1.1" 200 39081 "http://www.ebay.com/" "Mozilla/5.0 (Windows NT 10.0; Win64; x64) AppleWebKit/537.36 (KHTML, like Gecko) Chrome/123.0.0.0 Safari/537.36"
216.113.184.103 - - [18/Jun/2025:15:11:52 +0200] "GET /Jurek/eurofirany/images/326889/6.jpg HTTP/1.1" 200 37617 "http://www.ebay.com/" "Mozilla/5.0 (Windows NT 10.0; Win64; x64) AppleWebKit/537.36 (KHTML, like Gecko) Chrome/123.0.0.0 Safari/537.36"
216.113.184.105 - - [18/Jun/2025:15:11:54 +0200] "GET /Jurek/eurofirany/images/223866/0.jpg HTTP/1.1" 200 166055 "-" "Java/17.0.14.0.101"
216.113.184.101 - - [18/Jun/2025:15:11:54 +0200] "GET /Jurek/eurofirany/images/326889/0.jpg HTTP/1.1" 200 67675 "-" "Java/17.0.14.0.101"
216.113.184.101 - - [18/Jun/2025:15:11:55 +0200] "GET /Jurek/eurofirany/images/26745/0.jpg HTTP/1.1" 200 100514 "http://www.ebay.com/" "Mozilla/5.0 (Windows NT 10.0; Win64; x64) AppleWebKit/537.36 (KHTML, like Gecko) Chrome/123.0.0.0 Safari/537.36"
66.135.223.40 - - [18/Jun/2025:15:11:59 +0200] "GET /Jurek/eurofirany/images/322027/0.jpg HTTP/1.1" 200 97686 "http://www.ebay.com/" "Mozilla/5.0 (Windows NT 10.0; Win64; x64) AppleWebKit/537.36 (KHTML, like Gecko) Chrome/123.0.0.0 Safari/537.36"
66.135.223.43 - - [18/Jun/2025:15:11:59 +0200] "GET /Jurek/eurofirany/images/322027/1.jpg HTTP/1.1" 200 84320 "http://www.ebay.com/" "Mozilla/5.0 (Windows NT 10.0; Win64; x64) AppleWebKit/537.36 (KHTML, like Gecko) Chrome/123.0.0.0 Safari/537.36"
66.135.223.43 - - [18/Jun/2025:15:11:59 +0200] "GET /Jurek/eurofirany/images/322027/2.jpg HTTP/1.1" 200 42623 "http://www.ebay.com/" "Mozilla/5.0 (Windows NT 10.0; Win64; x64) AppleWebKit/537.36 (KHTML, like Gecko) Chrome/123.0.0.0 Safari/537.36"
