216.113.184.103 - - [18/Jun/2025:11:26:22 +0200] "GET /Jurek/eurofirany/images/432715/0.jpg HTTP/1.1" 200 39850 "http://www.ebay.com/" "Mozilla/5.0 (Windows NT 10.0; Win64; x64) AppleWebKit/537.36 (KHTML, like Gecko) Chrome/123.0.0.0 Safari/537.36"
216.113.184.104 - - [18/Jun/2025:11:26:22 +0200] "GET /Jurek/eurofirany/images/432715/6.jpg HTTP/1.1" 200 113934 "http://www.ebay.com/" "Mozilla/5.0 (Windows NT 10.0; Win64; x64) AppleWebKit/537.36 (KHTML, like Gecko) Chrome/123.0.0.0 Safari/537.36"
216.113.184.104 - - [18/Jun/2025:11:26:22 +0200] "GET /Jurek/eurofirany/images/432715/4.jpg HTTP/1.1" 200 165305 "http://www.ebay.com/" "Mozilla/5.0 (Windows NT 10.0; Win64; x64) AppleWebKit/537.36 (KHTML, like Gecko) Chrome/123.0.0.0 Safari/537.36"
216.113.184.104 - - [18/Jun/2025:11:26:23 +0200] "GET /Jurek/eurofirany/images/432715/5.jpg HTTP/1.1" 200 211579 "http://www.ebay.com/" "Mozilla/5.0 (Windows NT 10.0; Win64; x64) AppleWebKit/537.36 (KHTML, like Gecko) Chrome/123.0.0.0 Safari/537.36"
85.232.241.194 - - [18/Jun/2025:11:26:24 +0200] "GET /Jurek/tsjerzy/feeds/tsjerzy_ubaldi.xml HTTP/1.1" 200 3897823 "-" "Python-urllib/3.11"
85.232.241.194 - - [18/Jun/2025:11:26:25 +0200] "GET /Jurek/action/feeds/action_worten.xml HTTP/1.1" 200 59999678 "-" "Python-urllib/3.11"
85.232.241.194 - - [18/Jun/2025:11:26:25 +0200] "GET /Jurek/action/feeds/action_wortenES.xml HTTP/1.1" 200 12473756 "-" "Python-urllib/3.11"
85.232.241.194 - - [18/Jun/2025:11:26:32 +0200] "GET /Jurek/topeshop/feeds/topeshop_xxxlutz.xml HTTP/1.1" 200 3090007 "-" "Python-urllib/3.11"
89.161.206.59 - - [18/Jun/2025:11:26:35 +0200] "GET /Jurek/madrex/feeds/madrex_skroutz.xml HTTP/1.0" 200 466730 "-" "-"
85.232.241.194 - - [18/Jun/2025:11:26:38 +0200] "GET /Jurek/velinda/feeds/velinda_ubaldi.xml HTTP/1.1" 200 4227265 "-" "Python-urllib/3.11"
85.232.241.194 - - [18/Jun/2025:11:26:38 +0200] "GET /Jurek/elecomp/feeds/elecomp_ubaldi.xml HTTP/1.1" 200 2867682 "-" "Python-urllib/3.11"
85.232.241.194 - - [18/Jun/2025:11:26:39 +0200] "GET /Jurek/oromed/feeds/oromed_ubaldi.xml HTTP/1.1" 200 1283919 "-" "Python-urllib/3.11"
66.211.183.72 - - [18/Jun/2025:11:26:40 +0200] "GET /Jurek/eurofirany/images/402750/0.jpg HTTP/1.1" 200 52404 "-" "Java/17.0.14.0.101"
77.79.248.229 - - [18/Jun/2025:11:26:41 +0200] "GET /Jurek/aw/feeds/awnarzedzia_pigu.xml HTTP/1.1" 200 90848959 "-" "Python-urllib/3.11"
77.79.248.229 - - [18/Jun/2025:11:26:42 +0200] "GET /Jurek/aw/feeds/awnarzedzia_piguFI.xml HTTP/1.1" 200 90828476 "-" "Python-urllib/3.11"
77.79.248.229 - - [18/Jun/2025:11:26:43 +0200] "GET /Jurek/eurofirany/feeds/eurofirany_pigu.xml HTTP/1.1" 200 19513534 "-" "Python-urllib/3.11"
77.79.248.229 - - [18/Jun/2025:11:26:43 +0200] "GET /Jurek/eurofirany/feeds/eurofirany_piguFI.xml HTTP/1.1" 200 19515015 "-" "Python-urllib/3.11"
77.79.248.229 - - [18/Jun/2025:11:26:45 +0200] "GET /Jurek/activeshop/feeds/activeshop_pigu.xml HTTP/1.1" 200 10435053 "-" "Python-urllib/3.11"
77.79.248.229 - - [18/Jun/2025:11:26:45 +0200] "GET /Jurek/activeshop/feeds/activeshop_piguFI.xml HTTP/1.1" 200 10435144 "-" "Python-urllib/3.11"
77.79.248.229 - - [18/Jun/2025:11:26:46 +0200] "GET /Jurek/action/feeds/action_pigu.xml HTTP/1.1" 200 59997020 "-" "Python-urllib/3.11"
77.79.248.229 - - [18/Jun/2025:11:26:47 +0200] "GET /Jurek/action/feeds/action_piguFI.xml HTTP/1.1" 200 59998285 "-" "Python-urllib/3.11"
77.79.248.229 - - [18/Jun/2025:11:26:49 +0200] "GET /Jurek/kinghoff/feeds/kinghoff_pigu.xml HTTP/1.1" 200 15679557 "-" "Python-urllib/3.11"
77.79.248.229 - - [18/Jun/2025:11:26:49 +0200] "GET /Jurek/kinghoff/feeds/kinghoff_piguFI.xml HTTP/1.1" 200 15679626 "-" "Python-urllib/3.11"
77.79.248.229 - - [18/Jun/2025:11:26:51 +0200] "GET /Jurek/stema/feeds/stema_pigu.xml HTTP/1.1" 200 868357 "-" "Python-urllib/3.11"
66.211.183.72 - - [18/Jun/2025:11:26:51 +0200] "GET /Jurek/eurofirany/images/402752/2.jpg HTTP/1.1" 200 93233 "http://www.ebay.com/" "Mozilla/5.0 (Windows NT 10.0; Win64; x64) AppleWebKit/537.36 (KHTML, like Gecko) Chrome/123.0.0.0 Safari/537.36"
77.79.248.229 - - [18/Jun/2025:11:26:51 +0200] "GET /Jurek/stema/feeds/stema_piguFI.xml HTTP/1.1" 200 435914 "-" "Python-urllib/3.11"
66.211.183.71 - - [18/Jun/2025:11:26:51 +0200] "GET /Jurek/eurofirany/images/402752/1.jpg HTTP/1.1" 200 126933 "http://www.ebay.com/" "Mozilla/5.0 (Windows NT 10.0; Win64; x64) AppleWebKit/537.36 (KHTML, like Gecko) Chrome/123.0.0.0 Safari/537.36"
66.211.183.74 - - [18/Jun/2025:11:26:51 +0200] "GET /Jurek/eurofirany/images/402752/3.jpg HTTP/1.1" 200 103472 "http://www.ebay.com/" "Mozilla/5.0 (Windows NT 10.0; Win64; x64) AppleWebKit/537.36 (KHTML, like Gecko) Chrome/123.0.0.0 Safari/537.36"
66.211.183.74 - - [18/Jun/2025:11:26:51 +0200] "GET /Jurek/eurofirany/images/402752/0.jpg HTTP/1.1" 200 51214 "http://www.ebay.com/" "Mozilla/5.0 (Windows NT 10.0; Win64; x64) AppleWebKit/537.36 (KHTML, like Gecko) Chrome/123.0.0.0 Safari/537.36"
66.211.183.71 - - [18/Jun/2025:11:26:51 +0200] "GET /Jurek/eurofirany/images/402752/4.jpg HTTP/1.1" 200 96168 "http://www.ebay.com/" "Mozilla/5.0 (Windows NT 10.0; Win64; x64) AppleWebKit/537.36 (KHTML, like Gecko) Chrome/123.0.0.0 Safari/537.36"
77.79.248.229 - - [18/Jun/2025:11:26:51 +0200] "GET /Jurek/ikonka/feeds/ikonka_pigu.xml HTTP/1.1" 200 21335369 "-" "Python-urllib/3.11"
66.135.223.41 - - [18/Jun/2025:11:26:51 +0200] "GET /Jurek/eurofirany/images/416876/0.jpg HTTP/1.1" 200 103448 "-" "Java/17.0.14.0.101"
77.79.248.229 - - [18/Jun/2025:11:26:51 +0200] "GET /Jurek/ikonka/feeds/ikonka_piguFI.xml HTTP/1.1" 200 21335370 "-" "Python-urllib/3.11"
66.211.183.74 - - [18/Jun/2025:11:26:52 +0200] "GET /Jurek/eurofirany/images/432721/1.jpg HTTP/1.1" 200 65347 "http://www.ebay.com/" "Mozilla/5.0 (Windows NT 10.0; Win64; x64) AppleWebKit/537.36 (KHTML, like Gecko) Chrome/123.0.0.0 Safari/537.36"
66.211.183.70 - - [18/Jun/2025:11:26:52 +0200] "GET /Jurek/eurofirany/images/432721/0.jpg HTTP/1.1" 200 40163 "http://www.ebay.com/" "Mozilla/5.0 (Windows NT 10.0; Win64; x64) AppleWebKit/537.36 (KHTML, like Gecko) Chrome/123.0.0.0 Safari/537.36"
66.211.183.72 - - [18/Jun/2025:11:26:52 +0200] "GET /Jurek/eurofirany/images/432721/2.jpg HTTP/1.1" 200 55099 "http://www.ebay.com/" "Mozilla/5.0 (Windows NT 10.0; Win64; x64) AppleWebKit/537.36 (KHTML, like Gecko) Chrome/123.0.0.0 Safari/537.36"
66.211.183.71 - - [18/Jun/2025:11:26:52 +0200] "GET /Jurek/eurofirany/images/432721/3.jpg HTTP/1.1" 200 50978 "http://www.ebay.com/" "Mozilla/5.0 (Windows NT 10.0; Win64; x64) AppleWebKit/537.36 (KHTML, like Gecko) Chrome/123.0.0.0 Safari/537.36"
66.211.183.73 - - [18/Jun/2025:11:26:52 +0200] "GET /Jurek/eurofirany/images/432721/6.jpg HTTP/1.1" 200 110672 "http://www.ebay.com/" "Mozilla/5.0 (Windows NT 10.0; Win64; x64) AppleWebKit/537.36 (KHTML, like Gecko) Chrome/123.0.0.0 Safari/537.36"
66.135.223.41 - - [18/Jun/2025:11:26:52 +0200] "GET /Jurek/eurofirany/images/416882/0.jpg HTTP/1.1" 200 79811 "-" "Java/17.0.14.0.101"
66.135.223.43 - - [18/Jun/2025:11:26:52 +0200] "GET /Jurek/eurofirany/images/417855/0.jpg HTTP/1.1" 200 95090 "-" "Java/17.0.14.0.101"
66.211.183.72 - - [18/Jun/2025:11:26:52 +0200] "GET /Jurek/eurofirany/images/432721/4.jpg HTTP/1.1" 200 162569 "http://www.ebay.com/" "Mozilla/5.0 (Windows NT 10.0; Win64; x64) AppleWebKit/537.36 (KHTML, like Gecko) Chrome/123.0.0.0 Safari/537.36"
77.79.248.229 - - [18/Jun/2025:11:26:52 +0200] "GET /Jurek/hurtownia_przemyslowa/feeds/hp_pigu.xml HTTP/1.1" 200 49359362 "-" "Python-urllib/3.11"
66.211.183.71 - - [18/Jun/2025:11:26:53 +0200] "GET /Jurek/eurofirany/images/432721/5.jpg HTTP/1.1" 200 198387 "http://www.ebay.com/" "Mozilla/5.0 (Windows NT 10.0; Win64; x64) AppleWebKit/537.36 (KHTML, like Gecko) Chrome/123.0.0.0 Safari/537.36"
77.79.248.229 - - [18/Jun/2025:11:26:53 +0200] "GET /Jurek/hurtownia_przemyslowa/feeds/hp_piguFI.xml HTTP/1.1" 200 49361586 "-" "Python-urllib/3.11"
216.113.184.105 - - [18/Jun/2025:11:26:53 +0200] "GET /Jurek/eurofirany/images/416825/0.jpg HTTP/1.1" 200 61282 "http://www.ebay.com/" "Mozilla/5.0 (Windows NT 10.0; Win64; x64) AppleWebKit/537.36 (KHTML, like Gecko) Chrome/123.0.0.0 Safari/537.36"
216.113.184.102 - - [18/Jun/2025:11:26:53 +0200] "GET /Jurek/eurofirany/images/416825/1.jpg HTTP/1.1" 200 173815 "http://www.ebay.com/" "Mozilla/5.0 (Windows NT 10.0; Win64; x64) AppleWebKit/537.36 (KHTML, like Gecko) Chrome/123.0.0.0 Safari/537.36"
216.113.184.103 - - [18/Jun/2025:11:26:54 +0200] "GET /Jurek/eurofirany/images/402755/0.jpg HTTP/1.1" 200 45933 "http://www.ebay.com/" "Mozilla/5.0 (Windows NT 10.0; Win64; x64) AppleWebKit/537.36 (KHTML, like Gecko) Chrome/123.0.0.0 Safari/537.36"
216.113.184.103 - - [18/Jun/2025:11:26:54 +0200] "GET /Jurek/eurofirany/images/402755/1.jpg HTTP/1.1" 200 123005 "http://www.ebay.com/" "Mozilla/5.0 (Windows NT 10.0; Win64; x64) AppleWebKit/537.36 (KHTML, like Gecko) Chrome/123.0.0.0 Safari/537.36"
216.113.184.101 - - [18/Jun/2025:11:26:54 +0200] "GET /Jurek/eurofirany/images/402755/2.jpg HTTP/1.1" 200 93233 "http://www.ebay.com/" "Mozilla/5.0 (Windows NT 10.0; Win64; x64) AppleWebKit/537.36 (KHTML, like Gecko) Chrome/123.0.0.0 Safari/537.36"
216.113.184.104 - - [18/Jun/2025:11:26:54 +0200] "GET /Jurek/eurofirany/images/402755/4.jpg HTTP/1.1" 200 96168 "http://www.ebay.com/" "Mozilla/5.0 (Windows NT 10.0; Win64; x64) AppleWebKit/537.36 (KHTML, like Gecko) Chrome/123.0.0.0 Safari/537.36"
216.113.184.103 - - [18/Jun/2025:11:26:54 +0200] "GET /Jurek/eurofirany/images/402755/3.jpg HTTP/1.1" 200 103472 "http://www.ebay.com/" "Mozilla/5.0 (Windows NT 10.0; Win64; x64) AppleWebKit/537.36 (KHTML, like Gecko) Chrome/123.0.0.0 Safari/537.36"
77.79.248.229 - - [18/Jun/2025:11:26:55 +0200] "GET /Jurek/benbaby/feeds/benbaby_pigu.xml HTTP/1.1" 200 3824143 "-" "Python-urllib/3.11"
77.79.248.229 - - [18/Jun/2025:11:26:55 +0200] "GET /Jurek/benbaby/feeds/benbaby_piguFI.xml HTTP/1.1" 200 3824138 "-" "Python-urllib/3.11"
77.79.248.229 - - [18/Jun/2025:11:26:55 +0200] "GET /Jurek/bimboland/feeds/bimboland_pigu.xml HTTP/1.1" 200 2758810 "-" "Python-urllib/3.11"
77.79.248.229 - - [18/Jun/2025:11:26:55 +0200] "GET /Jurek/bimboland/feeds/bimboland_piguFI.xml HTTP/1.1" 200 2758805 "-" "Python-urllib/3.11"
77.79.248.229 - - [18/Jun/2025:11:26:56 +0200] "GET /Jurek/fernity/feeds/fernity_pigu.xml HTTP/1.1" 200 4961924 "-" "Python-urllib/3.11"
77.79.248.229 - - [18/Jun/2025:11:26:56 +0200] "GET /Jurek/fernity/feeds/fernity_piguFI.xml HTTP/1.1" 200 4961893 "-" "Python-urllib/3.11"
77.79.248.229 - - [18/Jun/2025:11:26:56 +0200] "GET /Jurek/unimet/feeds/unimet_pigu.xml HTTP/1.1" 200 60794792 "-" "Python-urllib/3.11"
77.79.248.229 - - [18/Jun/2025:11:26:57 +0200] "GET /Jurek/unimet/feeds/unimet_piguFI.xml HTTP/1.1" 200 60795405 "-" "Python-urllib/3.11"
77.79.248.229 - - [18/Jun/2025:11:26:57 +0200] "GET /Jurek/barbecook/feeds/barbecook_pigu.xml HTTP/1.1" 200 87526 "-" "Python-urllib/3.11"
77.79.248.229 - - [18/Jun/2025:11:26:57 +0200] "GET /Jurek/barbecook/feeds/barbecook_piguFI.xml HTTP/1.1" 200 87525 "-" "Python-urllib/3.11"
77.79.248.229 - - [18/Jun/2025:11:26:59 +0200] "GET /Jurek/b3/feeds/b3_pigu.xml HTTP/1.1" 200 8504501 "-" "Python-urllib/3.11"
77.79.248.229 - - [18/Jun/2025:11:27:00 +0200] "GET /Jurek/b3/feeds/b3_piguFI.xml HTTP/1.1" 200 8504414 "-" "Python-urllib/3.11"
77.79.248.229 - - [18/Jun/2025:11:27:00 +0200] "GET /Jurek/satya/feeds/satya_pigu.xml HTTP/1.1" 200 2235198 "-" "Python-urllib/3.11"
77.79.248.229 - - [18/Jun/2025:11:27:00 +0200] "GET /Jurek/satya/feeds/satya_piguFI.xml HTTP/1.1" 200 2235173 "-" "Python-urllib/3.11"
216.113.184.102 - - [18/Jun/2025:11:27:00 +0200] "GET /Jurek/eurofirany/images/404521/0.jpg HTTP/1.1" 200 64334 "-" "Java/17.0.14.0.101"
77.79.248.229 - - [18/Jun/2025:11:27:01 +0200] "GET /Jurek/beliani/feeds/beliani_pigu.xml HTTP/1.1" 200 30491861 "-" "Python-urllib/3.11"
77.79.248.229 - - [18/Jun/2025:11:27:01 +0200] "GET /Jurek/beliani/feeds/beliani_pigu_fi.xml HTTP/1.1" 200 30492868 "-" "Python-urllib/3.11"
77.79.248.229 - - [18/Jun/2025:11:27:02 +0200] "GET /Jurek/octopia/feeds/octopia_pigu.xml HTTP/1.1" 200 10104154 "-" "Python-urllib/3.11"
216.113.184.103 - - [18/Jun/2025:11:27:02 +0200] "GET /Jurek/eurofirany/images/416811/2.jpg HTTP/1.1" 200 6595 "http://www.ebay.com/" "Mozilla/5.0 (Windows NT 10.0; Win64; x64) AppleWebKit/537.36 (KHTML, like Gecko) Chrome/123.0.0.0 Safari/537.36"
216.113.184.104 - - [18/Jun/2025:11:27:02 +0200] "GET /Jurek/eurofirany/images/416811/1.jpg HTTP/1.1" 200 113836 "http://www.ebay.com/" "Mozilla/5.0 (Windows NT 10.0; Win64; x64) AppleWebKit/537.36 (KHTML, like Gecko) Chrome/123.0.0.0 Safari/537.36"
77.79.248.229 - - [18/Jun/2025:11:27:02 +0200] "GET /Jurek/octopia/feeds/octopia_piguFI.xml HTTP/1.1" 200 10104508 "-" "Python-urllib/3.11"
77.79.248.229 - - [18/Jun/2025:11:27:02 +0200] "GET /Jurek/rovicky/feeds/rovicky_pigu.xml HTTP/1.1" 200 14969617 "-" "Python-urllib/3.11"
77.79.248.229 - - [18/Jun/2025:11:27:02 +0200] "GET /Jurek/rovicky/feeds/rovicky_piguFI.xml HTTP/1.1" 200 14969293 "-" "Python-urllib/3.11"
77.79.248.229 - - [18/Jun/2025:11:27:02 +0200] "GET /Jurek/topeshop/feeds/topeshop_pigu.xml HTTP/1.1" 200 3090176 "-" "Python-urllib/3.11"
216.113.184.102 - - [18/Jun/2025:11:27:02 +0200] "GET /Jurek/eurofirany/images/416811/0.jpg HTTP/1.1" 200 214944 "http://www.ebay.com/" "Mozilla/5.0 (Windows NT 10.0; Win64; x64) AppleWebKit/537.36 (KHTML, like Gecko) Chrome/123.0.0.0 Safari/537.36"
77.79.248.229 - - [18/Jun/2025:11:27:02 +0200] "GET /Jurek/topeshop/feeds/topeshop_piguFI.xml HTTP/1.1" 200 3090191 "-" "Python-urllib/3.11"
77.79.248.229 - - [18/Jun/2025:11:27:02 +0200] "GET /Jurek/candellux_new/feeds/candellux_pigu.xml HTTP/1.1" 404 3551 "-" "Python-urllib/3.11"
77.79.248.229 - - [18/Jun/2025:11:27:03 +0200] "GET /Jurek/candellux_new/feeds/candellux_piguFI.xml HTTP/1.1" 404 3551 "-" "Python-urllib/3.11"
77.79.248.229 - - [18/Jun/2025:11:27:03 +0200] "GET /Jurek/asortymenteu/feeds/asortymenteu_pigu.xml HTTP/1.1" 200 2906669 "-" "Python-urllib/3.11"
77.79.248.229 - - [18/Jun/2025:11:27:03 +0200] "GET /Jurek/asortymenteu/feeds/asortymenteu_piguFI.xml HTTP/1.1" 200 2906681 "-" "Python-urllib/3.11"
77.79.248.229 - - [18/Jun/2025:11:27:03 +0200] "GET /Jurek/swiatecznygoliat/feeds/swiatecznygoliat_pigu.xml HTTP/1.1" 200 7050817 "-" "Python-urllib/3.11"
77.79.248.229 - - [18/Jun/2025:11:27:03 +0200] "GET /Jurek/swiatecznygoliat/feeds/swiatecznygoliat_piguFI.xml HTTP/1.1" 200 7050857 "-" "Python-urllib/3.11"
77.79.248.229 - - [18/Jun/2025:11:27:03 +0200] "GET /Jurek/oromed/feeds/oromed_pigu.xml HTTP/1.1" 200 1283916 "-" "Python-urllib/3.11"
77.79.248.229 - - [18/Jun/2025:11:27:03 +0200] "GET /Jurek/oromed/feeds/oromed_piguFI.xml HTTP/1.1" 200 1283931 "-" "Python-urllib/3.11"
77.79.248.229 - - [18/Jun/2025:11:27:03 +0200] "GET /Jurek/hurtmeblowy/feeds/hurtmeblowy_pigu.xml HTTP/1.1" 200 7827783 "-" "Python-urllib/3.11"
77.79.248.229 - - [18/Jun/2025:11:27:04 +0200] "GET /Jurek/hurtmeblowy/feeds/hurtmeblowy_piguFI.xml HTTP/1.1" 200 7827945 "-" "Python-urllib/3.11"
77.79.248.229 - - [18/Jun/2025:11:27:04 +0200] "GET /Jurek/ekuchcikowo/feeds/ekuchcikowo_pigu.xml HTTP/1.1" 200 12470913 "-" "Python-urllib/3.11"
77.79.248.229 - - [18/Jun/2025:11:27:04 +0200] "GET /Jurek/ekuchcikowo/feeds/ekuchcikowo_piguFI.xml HTTP/1.1" 200 12471131 "-" "Python-urllib/3.11"
77.79.248.229 - - [18/Jun/2025:11:27:04 +0200] "GET /Jurek/fertone/feeds/fertone_pigu.xml HTTP/1.1" 200 583914 "-" "Python-urllib/3.11"
77.79.248.229 - - [18/Jun/2025:11:27:04 +0200] "GET /Jurek/fertone/feeds/fertone_piguFI.xml HTTP/1.1" 200 584082 "-" "Python-urllib/3.11"
66.211.183.72 - - [18/Jun/2025:11:27:04 +0200] "GET /Jurek/eurofirany/images/402758/0.jpg HTTP/1.1" 200 44852 "http://www.ebay.com/" "Mozilla/5.0 (Windows NT 10.0; Win64; x64) AppleWebKit/537.36 (KHTML, like Gecko) Chrome/123.0.0.0 Safari/537.36"
77.79.248.229 - - [18/Jun/2025:11:27:04 +0200] "GET /Jurek/benetech/feeds/benetech_pigu.xml HTTP/1.1" 200 4165486 "-" "Python-urllib/3.11"
66.211.183.72 - - [18/Jun/2025:11:27:04 +0200] "GET /Jurek/eurofirany/images/402758/3.jpg HTTP/1.1" 200 72576 "http://www.ebay.com/" "Mozilla/5.0 (Windows NT 10.0; Win64; x64) AppleWebKit/537.36 (KHTML, like Gecko) Chrome/123.0.0.0 Safari/537.36"
66.211.183.73 - - [18/Jun/2025:11:27:04 +0200] "GET /Jurek/eurofirany/images/402758/1.jpg HTTP/1.1" 200 110996 "http://www.ebay.com/" "Mozilla/5.0 (Windows NT 10.0; Win64; x64) AppleWebKit/537.36 (KHTML, like Gecko) Chrome/123.0.0.0 Safari/537.36"
66.211.183.71 - - [18/Jun/2025:11:27:04 +0200] "GET /Jurek/eurofirany/images/402758/2.jpg HTTP/1.1" 200 106533 "http://www.ebay.com/" "Mozilla/5.0 (Windows NT 10.0; Win64; x64) AppleWebKit/537.36 (KHTML, like Gecko) Chrome/123.0.0.0 Safari/537.36"
66.211.183.71 - - [18/Jun/2025:11:27:04 +0200] "GET /Jurek/eurofirany/images/402758/4.jpg HTTP/1.1" 200 93233 "http://www.ebay.com/" "Mozilla/5.0 (Windows NT 10.0; Win64; x64) AppleWebKit/537.36 (KHTML, like Gecko) Chrome/123.0.0.0 Safari/537.36"
66.211.183.72 - - [18/Jun/2025:11:27:04 +0200] "GET /Jurek/eurofirany/images/402758/5.jpg HTTP/1.1" 200 103472 "http://www.ebay.com/" "Mozilla/5.0 (Windows NT 10.0; Win64; x64) AppleWebKit/537.36 (KHTML, like Gecko) Chrome/123.0.0.0 Safari/537.36"
66.211.183.72 - - [18/Jun/2025:11:27:04 +0200] "GET /Jurek/eurofirany/images/402758/6.jpg HTTP/1.1" 200 96168 "http://www.ebay.com/" "Mozilla/5.0 (Windows NT 10.0; Win64; x64) AppleWebKit/537.36 (KHTML, like Gecko) Chrome/123.0.0.0 Safari/537.36"
77.79.248.229 - - [18/Jun/2025:11:27:04 +0200] "GET /Jurek/benetech/feeds/benetech_piguFI.xml HTTP/1.1" 200 4165477 "-" "Python-urllib/3.11"
77.79.248.229 - - [18/Jun/2025:11:27:04 +0200] "GET /Jurek/ekolight/feeds/ekolioght_pigu.xml HTTP/1.1" 200 9052638 "-" "Python-urllib/3.11"
77.79.248.229 - - [18/Jun/2025:11:27:04 +0200] "GET /Jurek/ekolight/feeds/ekolioght_piguFI.xml HTTP/1.1" 200 9052950 "-" "Python-urllib/3.11"
77.79.248.229 - - [18/Jun/2025:11:27:05 +0200] "GET /Jurek/cbdgreen/feeds/cbdgreen_pigu.xml HTTP/1.1" 200 50545 "-" "Python-urllib/3.11"
77.79.248.229 - - [18/Jun/2025:11:27:05 +0200] "GET /Jurek/cbdgreen/feeds/cbdgreen_piguFI.xml HTTP/1.1" 200 50545 "-" "Python-urllib/3.11"
77.79.248.229 - - [18/Jun/2025:11:27:05 +0200] "GET /Jurek/pawonik/feeds/pawonik_pigu.xml HTTP/1.1" 200 2138422 "-" "Python-urllib/3.11"
77.79.248.229 - - [18/Jun/2025:11:27:05 +0200] "GET /Jurek/pawonik/feeds/pawonik_piguFI.xml HTTP/1.1" 200 2138401 "-" "Python-urllib/3.11"
77.79.248.229 - - [18/Jun/2025:11:27:05 +0200] "GET /Jurek/mosti/feeds/mosti_pigu.xml HTTP/1.1" 200 4628105 "-" "Python-urllib/3.11"
77.79.248.229 - - [18/Jun/2025:11:27:05 +0200] "GET /Jurek/mosti/feeds/mosti_piguFI.xml HTTP/1.1" 200 4628126 "-" "Python-urllib/3.11"
66.211.183.74 - - [18/Jun/2025:11:27:05 +0200] "GET /Jurek/eurofirany/images/404511/0.jpg HTTP/1.1" 200 36003 "-" "Java/17.0.14.0.101"
77.79.248.229 - - [18/Jun/2025:11:27:05 +0200] "GET /Jurek/artdog/feeds/artdog_pigu.xml HTTP/1.1" 200 17158354 "-" "Python-urllib/3.11"
77.79.248.229 - - [18/Jun/2025:11:27:06 +0200] "GET /Jurek/artdog/feeds/artdog_piguFI.xml HTTP/1.1" 200 17158786 "-" "Python-urllib/3.11"
77.79.248.229 - - [18/Jun/2025:11:27:06 +0200] "GET /Jurek/amzteam/feeds/amzteam_pigu.xml HTTP/1.1" 200 97825 "-" "Python-urllib/3.11"
77.79.248.229 - - [18/Jun/2025:11:27:06 +0200] "GET /Jurek/amzteam/feeds/amzteam_piguFI.xml HTTP/1.1" 200 97828 "-" "Python-urllib/3.11"
77.79.248.229 - - [18/Jun/2025:11:27:06 +0200] "GET /Jurek/kambukka/feeds/kambukka_pigu.xml HTTP/1.1" 200 1023427 "-" "Python-urllib/3.11"
77.79.248.229 - - [18/Jun/2025:11:27:06 +0200] "GET /Jurek/kambukka/feeds/kambukka_piguFI.xml HTTP/1.1" 200 1023275 "-" "Python-urllib/3.11"
216.113.184.101 - - [18/Jun/2025:11:27:06 +0200] "GET /Jurek/eurofirany/images/416883/0.jpg HTTP/1.1" 200 79811 "-" "Java/17.0.14.0.101"
77.79.248.229 - - [18/Jun/2025:11:27:06 +0200] "GET /Jurek/narzbud/feeds/narzbud_pigu.xml HTTP/1.1" 200 1901163 "-" "Python-urllib/3.11"
77.79.248.229 - - [18/Jun/2025:11:27:06 +0200] "GET /Jurek/narzbud/feeds/narzbud_piguFI.xml HTTP/1.1" 200 1901164 "-" "Python-urllib/3.11"
77.79.248.229 - - [18/Jun/2025:11:27:06 +0200] "GET /Jurek/livinhill/feeds/livinhill_pigu.xml HTTP/1.1" 200 1534476 "-" "Python-urllib/3.11"
77.79.248.229 - - [18/Jun/2025:11:27:06 +0200] "GET /Jurek/livinhill/feeds/livinhill_piguFI.xml HTTP/1.1" 200 1534503 "-" "Python-urllib/3.11"
77.79.248.229 - - [18/Jun/2025:11:27:06 +0200] "GET /Jurek/pagmil/feeds/pagmil_pigu.xml HTTP/1.1" 200 1802818 "-" "Python-urllib/3.11"
77.79.248.229 - - [18/Jun/2025:11:27:06 +0200] "GET /Jurek/pagmil/feeds/pagmil_piguFI.xml HTTP/1.1" 200 1802809 "-" "Python-urllib/3.11"
77.79.248.229 - - [18/Jun/2025:11:27:06 +0200] "GET /Jurek/targethome/feeds/targethome_pigu.xml HTTP/1.1" 200 688599 "-" "Python-urllib/3.11"
77.79.248.229 - - [18/Jun/2025:11:27:07 +0200] "GET /Jurek/targethome/feeds/targethome_piguFI.xml HTTP/1.1" 200 688616 "-" "Python-urllib/3.11"
77.79.248.229 - - [18/Jun/2025:11:27:07 +0200] "GET /Jurek/hdwr/feeds/hdwr_pigu.xml HTTP/1.1" 200 789418 "-" "Python-urllib/3.11"
89.161.206.59 - - [18/Jun/2025:11:27:07 +0200] "GET /Jurek/eoptimo/feeds/eoptimo_skroutz.xml HTTP/1.0" 200 2094380 "-" "-"
77.79.248.229 - - [18/Jun/2025:11:27:07 +0200] "GET /Jurek/hdwr/feeds/hdwr_piguFI.xml HTTP/1.1" 200 789446 "-" "Python-urllib/3.11"
77.79.248.229 - - [18/Jun/2025:11:27:07 +0200] "GET /Jurek/winoszarnia/feeds/winoszarnia_pigu.xml HTTP/1.1" 200 6064687 "-" "Python-urllib/3.11"
77.79.248.229 - - [18/Jun/2025:11:27:07 +0200] "GET /Jurek/winoszarnia/feeds/winoszarnia_piguFI.xml HTTP/1.1" 200 6064647 "-" "Python-urllib/3.11"
77.79.248.229 - - [18/Jun/2025:11:27:07 +0200] "GET /Jurek/sempler/feeds/sempler_pigu.xml HTTP/1.1" 200 6787970 "-" "Python-urllib/3.11"
77.79.248.229 - - [18/Jun/2025:11:27:07 +0200] "GET /Jurek/sempler/feeds/sempler_piguFI.xml HTTP/1.1" 200 6787947 "-" "Python-urllib/3.11"
77.79.248.229 - - [18/Jun/2025:11:27:07 +0200] "GET /Jurek/waks/feeds/waks_pigu.xml HTTP/1.1" 200 1596552 "-" "Python-urllib/3.11"
77.79.248.229 - - [18/Jun/2025:11:27:07 +0200] "GET /Jurek/waks/feeds/waks_piguFI.xml HTTP/1.1" 200 1596552 "-" "Python-urllib/3.11"
77.79.248.229 - - [18/Jun/2025:11:27:08 +0200] "GET /Jurek/eroplace/feeds/eroplace_pigu.xml HTTP/1.1" 200 52134842 "-" "Python-urllib/3.11"
85.232.241.194 - - [18/Jun/2025:11:27:08 +0200] "GET /Jurek/fernity/feeds/fernity_xxxlutz.xml HTTP/1.1" 200 4962113 "-" "Python-urllib/3.11"
77.79.248.229 - - [18/Jun/2025:11:27:08 +0200] "GET /Jurek/eroplace/feeds/eroplace_piguFI.xml HTTP/1.1" 200 52134943 "-" "Python-urllib/3.11"
66.211.183.73 - - [18/Jun/2025:11:27:08 +0200] "GET /Jurek/eurofirany/images/402753/0.jpg HTTP/1.1" 200 42245 "-" "Java/17.0.14.0.101"
77.79.248.229 - - [18/Jun/2025:11:27:09 +0200] "GET /Jurek/rovato/feeds/rovato_pigu.xml HTTP/1.1" 200 180833 "-" "Python-urllib/3.11"
77.79.248.229 - - [18/Jun/2025:11:27:09 +0200] "GET /Jurek/rovato/feeds/rovato_piguFI.xml HTTP/1.1" 200 180836 "-" "Python-urllib/3.11"
77.79.248.229 - - [18/Jun/2025:11:27:09 +0200] "GET /Jurek/drops/feeds/dropsofficecolection_pigu.xml HTTP/1.1" 200 790795 "-" "Python-urllib/3.11"
77.79.248.229 - - [18/Jun/2025:11:27:09 +0200] "GET /Jurek/drops/feeds/dropsofficecolection_piguFI.xml HTTP/1.1" 200 790840 "-" "Python-urllib/3.11"
77.79.248.229 - - [18/Jun/2025:11:27:09 +0200] "GET /Jurek/szpaklampy/feeds/szpaklampy_pigu.xml HTTP/1.1" 200 388205 "-" "Python-urllib/3.11"
77.79.248.229 - - [18/Jun/2025:11:27:09 +0200] "GET /Jurek/szpaklampy/feeds/szpaklampy_piguFI.xml HTTP/1.1" 200 388212 "-" "Python-urllib/3.11"
77.79.248.229 - - [18/Jun/2025:11:27:09 +0200] "GET /Jurek/velinda/feeds/velinda_pigu.xml HTTP/1.1" 200 4227121 "-" "Python-urllib/3.11"
77.79.248.229 - - [18/Jun/2025:11:27:09 +0200] "GET /Jurek/velinda/feeds/velinda_piguFI.xml HTTP/1.1" 200 4227271 "-" "Python-urllib/3.11"
77.79.248.229 - - [18/Jun/2025:11:27:09 +0200] "GET /Jurek/ralmetal/feeds/ralmetal_pigu.xml HTTP/1.1" 200 2039877 "-" "Python-urllib/3.11"
77.79.248.229 - - [18/Jun/2025:11:27:09 +0200] "GET /Jurek/ralmetal/feeds/ralmetal_piguFI.xml HTTP/1.1" 200 2039931 "-" "Python-urllib/3.11"
77.79.248.229 - - [18/Jun/2025:11:27:09 +0200] "GET /Jurek/bisanti/feeds/bisanti_pigu.xml HTTP/1.1" 200 1142300 "-" "Python-urllib/3.11"
77.79.248.229 - - [18/Jun/2025:11:27:09 +0200] "GET /Jurek/bisanti/feeds/bisanti_piguFI.xml HTTP/1.1" 200 1142300 "-" "Python-urllib/3.11"
77.79.248.229 - - [18/Jun/2025:11:27:09 +0200] "GET /Jurek/spali/feeds/spali_pigu.xml HTTP/1.1" 200 77045 "-" "Python-urllib/3.11"
77.79.248.229 - - [18/Jun/2025:11:27:09 +0200] "GET /Jurek/spali/feeds/spali_piguFI.xml HTTP/1.1" 200 77047 "-" "Python-urllib/3.11"
77.79.248.229 - - [18/Jun/2025:11:27:10 +0200] "GET /Jurek/edruk/feeds/edruk_pigu.xml HTTP/1.1" 200 14147156 "-" "Python-urllib/3.11"
77.79.248.229 - - [18/Jun/2025:11:27:10 +0200] "GET /Jurek/edruk/feeds/edruk_piguFI.xml HTTP/1.1" 200 14145644 "-" "Python-urllib/3.11"
77.79.248.229 - - [18/Jun/2025:11:27:10 +0200] "GET /Jurek/eldar/feeds/eldar_pigu.xml HTTP/1.1" 200 7329147 "-" "Python-urllib/3.11"
77.79.248.229 - - [18/Jun/2025:11:27:10 +0200] "GET /Jurek/eldar/feeds/eldar_piguFI.xml HTTP/1.1" 200 7329134 "-" "Python-urllib/3.11"
77.79.248.229 - - [18/Jun/2025:11:27:10 +0200] "GET /Jurek/combine/feeds/combine_pigu.xml HTTP/1.1" 200 210507 "-" "Python-urllib/3.11"
77.79.248.229 - - [18/Jun/2025:11:27:10 +0200] "GET /Jurek/combine/feeds/combine_piguFI.xml HTTP/1.1" 200 210510 "-" "Python-urllib/3.11"
77.79.248.229 - - [18/Jun/2025:11:27:10 +0200] "GET /Jurek/urwiskowo/feeds/urwiskowo_pigu.xml HTTP/1.1" 200 9114951 "-" "Python-urllib/3.11"
77.79.248.229 - - [18/Jun/2025:11:27:10 +0200] "GET /Jurek/urwiskowo/feeds/urwiskowo_piguFI.xml HTTP/1.1" 200 9114911 "-" "Python-urllib/3.11"
77.79.248.229 - - [18/Jun/2025:11:27:11 +0200] "GET /Jurek/reman/feeds/reman_pigu.xml HTTP/1.1" 200 1394816 "-" "Python-urllib/3.11"
77.79.248.229 - - [18/Jun/2025:11:27:11 +0200] "GET /Jurek/reman/feeds/reman_piguFI.xml HTTP/1.1" 200 1394828 "-" "Python-urllib/3.11"
77.79.248.229 - - [18/Jun/2025:11:27:11 +0200] "GET /Jurek/kobi/feeds/kobi_pigu.xml HTTP/1.1" 200 1992474 "-" "Python-urllib/3.11"
77.79.248.229 - - [18/Jun/2025:11:27:11 +0200] "GET /Jurek/kobi/feeds/kobi_piguFI.xml HTTP/1.1" 200 1992484 "-" "Python-urllib/3.11"
77.79.248.229 - - [18/Jun/2025:11:27:11 +0200] "GET /Jurek/evil/feeds/evil_pigu.xml HTTP/1.1" 200 306379 "-" "Python-urllib/3.11"
77.79.248.229 - - [18/Jun/2025:11:27:11 +0200] "GET /Jurek/evil/feeds/evil_piguFI.xml HTTP/1.1" 200 306384 "-" "Python-urllib/3.11"
77.79.248.229 - - [18/Jun/2025:11:27:11 +0200] "GET /Jurek/erohurtownia/feeds/erohurtownia_pigu.xml HTTP/1.1" 200 22846552 "-" "Python-urllib/3.11"
77.79.248.229 - - [18/Jun/2025:11:27:11 +0200] "GET /Jurek/erohurtownia/feeds/erohurtownia_piguFI.xml HTTP/1.1" 200 22846406 "-" "Python-urllib/3.11"
77.79.248.229 - - [18/Jun/2025:11:27:11 +0200] "GET /Jurek/wenom/feeds/wenom_pigu.xml HTTP/1.1" 200 583069 "-" "Python-urllib/3.11"
77.79.248.229 - - [18/Jun/2025:11:27:12 +0200] "GET /Jurek/wenom/feeds/wenom_piguFI.xml HTTP/1.1" 200 583069 "-" "Python-urllib/3.11"
77.79.248.229 - - [18/Jun/2025:11:27:12 +0200] "GET /Jurek/elecomp/feeds/elecomp_pigu.xml HTTP/1.1" 200 2867667 "-" "Python-urllib/3.11"
77.79.248.229 - - [18/Jun/2025:11:27:12 +0200] "GET /Jurek/elecomp/feeds/elecomp_piguFI.xml HTTP/1.1" 200 2867692 "-" "Python-urllib/3.11"
77.79.248.229 - - [18/Jun/2025:11:27:12 +0200] "GET /Jurek/qbox/feeds/qbox_pigu.xml HTTP/1.1" 200 398471 "-" "Python-urllib/3.11"
77.79.248.229 - - [18/Jun/2025:11:27:12 +0200] "GET /Jurek/qbox/feeds/qbox_piguFI.xml HTTP/1.1" 200 398487 "-" "Python-urllib/3.11"
77.79.248.229 - - [18/Jun/2025:11:27:12 +0200] "GET /Jurek/antiodor/feeds/antiodor_pigu.xml HTTP/1.1" 200 137847 "-" "Python-urllib/3.11"
77.79.248.229 - - [18/Jun/2025:11:27:12 +0200] "GET /Jurek/antiodor/feeds/antiodor_piguFI.xml HTTP/1.1" 200 137843 "-" "Python-urllib/3.11"
77.79.248.229 - - [18/Jun/2025:11:27:12 +0200] "GET /Jurek/motofan/feeds/motofan_pigu.xml HTTP/1.1" 200 2392076 "-" "Python-urllib/3.11"
77.79.248.229 - - [18/Jun/2025:11:27:12 +0200] "GET /Jurek/motofan/feeds/motofan_piguFI.xml HTTP/1.1" 200 2392074 "-" "Python-urllib/3.11"
66.211.183.71 - - [18/Jun/2025:11:27:12 +0200] "GET /Jurek/eurofirany/images/402726/0.jpg HTTP/1.1" 200 82099 "http://www.ebay.com/" "Mozilla/5.0 (Windows NT 10.0; Win64; x64) AppleWebKit/537.36 (KHTML, like Gecko) Chrome/123.0.0.0 Safari/537.36"
66.211.183.73 - - [18/Jun/2025:11:27:12 +0200] "GET /Jurek/eurofirany/images/402726/1.jpg HTTP/1.1" 200 47907 "http://www.ebay.com/" "Mozilla/5.0 (Windows NT 10.0; Win64; x64) AppleWebKit/537.36 (KHTML, like Gecko) Chrome/123.0.0.0 Safari/537.36"
66.211.183.72 - - [18/Jun/2025:11:27:12 +0200] "GET /Jurek/eurofirany/images/402726/2.jpg HTTP/1.1" 200 93845 "http://www.ebay.com/" "Mozilla/5.0 (Windows NT 10.0; Win64; x64) AppleWebKit/537.36 (KHTML, like Gecko) Chrome/123.0.0.0 Safari/537.36"
66.211.183.73 - - [18/Jun/2025:11:27:12 +0200] "GET /Jurek/eurofirany/images/402726/4.jpg HTTP/1.1" 200 117177 "http://www.ebay.com/" "Mozilla/5.0 (Windows NT 10.0; Win64; x64) AppleWebKit/537.36 (KHTML, like Gecko) Chrome/123.0.0.0 Safari/537.36"
77.79.248.229 - - [18/Jun/2025:11:27:12 +0200] "GET /Jurek/aiofactory/feeds/aiofactory_pigu.xml HTTP/1.1" 200 2123705 "-" "Python-urllib/3.11"
77.79.248.229 - - [18/Jun/2025:11:27:12 +0200] "GET /Jurek/aiofactory/feeds/aiofactory_piguFI.xml HTTP/1.1" 200 2123664 "-" "Python-urllib/3.11"
77.79.248.229 - - [18/Jun/2025:11:27:12 +0200] "GET /Jurek/ekotex/feeds/ekotex_pigu.xml HTTP/1.1" 200 197720 "-" "Python-urllib/3.11"
66.211.183.73 - - [18/Jun/2025:11:27:12 +0200] "GET /Jurek/eurofirany/images/402726/5.jpg HTTP/1.1" 200 135860 "http://www.ebay.com/" "Mozilla/5.0 (Windows NT 10.0; Win64; x64) AppleWebKit/537.36 (KHTML, like Gecko) Chrome/123.0.0.0 Safari/537.36"
77.79.248.229 - - [18/Jun/2025:11:27:12 +0200] "GET /Jurek/ekotex/feeds/ekotex_piguFI.xml HTTP/1.1" 200 197720 "-" "Python-urllib/3.11"
77.79.248.229 - - [18/Jun/2025:11:27:13 +0200] "GET /Jurek/sartrix/feeds/sartrix_pigu.xml HTTP/1.1" 200 649136 "-" "Python-urllib/3.11"
77.79.248.229 - - [18/Jun/2025:11:27:13 +0200] "GET /Jurek/sartrix/feeds/sartrix_piguFI.xml HTTP/1.1" 200 649172 "-" "Python-urllib/3.11"
77.79.248.229 - - [18/Jun/2025:11:27:13 +0200] "GET /Jurek/twojsklep/feeds/twojsklep_pigu.xml HTTP/1.1" 200 126791 "-" "Python-urllib/3.11"
66.211.183.74 - - [18/Jun/2025:11:27:13 +0200] "GET /Jurek/eurofirany/images/402726/3.jpg HTTP/1.1" 200 203418 "http://www.ebay.com/" "Mozilla/5.0 (Windows NT 10.0; Win64; x64) AppleWebKit/537.36 (KHTML, like Gecko) Chrome/123.0.0.0 Safari/537.36"
77.79.248.229 - - [18/Jun/2025:11:27:13 +0200] "GET /Jurek/twojsklep/feeds/twojsklep_piguFI.xml HTTP/1.1" 200 126798 "-" "Python-urllib/3.11"
77.79.248.229 - - [18/Jun/2025:11:27:13 +0200] "GET /Jurek/madrex/feeds/madrex_pigu.xml HTTP/1.1" 200 466712 "-" "Python-urllib/3.11"
77.79.248.229 - - [18/Jun/2025:11:27:13 +0200] "GET /Jurek/madrex/feeds/madrex_piguFI.xml HTTP/1.1" 200 466713 "-" "Python-urllib/3.11"
77.79.248.229 - - [18/Jun/2025:11:27:13 +0200] "GET /Jurek/domzapachy/feeds/domzapachy_pigu.xml HTTP/1.1" 200 179716 "-" "Python-urllib/3.11"
77.79.248.229 - - [18/Jun/2025:11:27:13 +0200] "GET /Jurek/domzapachy/feeds/domzapachy_piguFI.xml HTTP/1.1" 200 179761 "-" "Python-urllib/3.11"
77.79.248.229 - - [18/Jun/2025:11:27:13 +0200] "GET /Jurek/luxma/feeds/luxma_pigu.xml HTTP/1.1" 200 8058615 "-" "Python-urllib/3.11"
77.79.248.229 - - [18/Jun/2025:11:27:13 +0200] "GET /Jurek/luxma/feeds/luxma_piguFI.xml HTTP/1.1" 200 8058581 "-" "Python-urllib/3.11"
77.79.248.229 - - [18/Jun/2025:11:27:13 +0200] "GET /Jurek/drewdon/feeds/drewdon_pigu.xml HTTP/1.1" 200 504434 "-" "Python-urllib/3.11"
77.79.248.229 - - [18/Jun/2025:11:27:13 +0200] "GET /Jurek/drewdon/feeds/drewdon_piguFI.xml HTTP/1.1" 200 504445 "-" "Python-urllib/3.11"
77.79.248.229 - - [18/Jun/2025:11:27:14 +0200] "GET /Jurek/primohurt/feeds/primohurt_pigu.xml HTTP/1.1" 200 17186850 "-" "Python-urllib/3.11"
77.79.248.229 - - [18/Jun/2025:11:27:14 +0200] "GET /Jurek/primohurt/feeds/primohurt_piguFI.xml HTTP/1.1" 200 17187103 "-" "Python-urllib/3.11"
77.79.248.229 - - [18/Jun/2025:11:27:14 +0200] "GET /Jurek/dekoele/feeds/dekoele_pigu.xml HTTP/1.1" 200 733943 "-" "Python-urllib/3.11"
77.79.248.229 - - [18/Jun/2025:11:27:14 +0200] "GET /Jurek/dekoele/feeds/dekoele_piguFI.xml HTTP/1.1" 200 733943 "-" "Python-urllib/3.11"
66.135.223.40 - - [18/Jun/2025:11:27:14 +0200] "GET /Jurek/eurofirany/images/416830/0.jpg HTTP/1.1" 200 93636 "-" "Java/17.0.14.0.101"
77.79.248.229 - - [18/Jun/2025:11:27:14 +0200] "GET /Jurek/rider/feeds/rider_pigu.xml HTTP/1.1" 200 8165188 "-" "Python-urllib/3.11"
77.79.248.229 - - [18/Jun/2025:11:27:14 +0200] "GET /Jurek/rider/feeds/rider_piguFI.xml HTTP/1.1" 200 8165206 "-" "Python-urllib/3.11"
77.79.248.229 - - [18/Jun/2025:11:27:14 +0200] "GET /Jurek/expertauto/feeds/expertauto_pigu.xml HTTP/1.1" 200 1158927 "-" "Python-urllib/3.11"
77.79.248.229 - - [18/Jun/2025:11:27:14 +0200] "GET /Jurek/expertauto/feeds/expertauto_piguFI.xml HTTP/1.1" 200 1158925 "-" "Python-urllib/3.11"
77.79.248.229 - - [18/Jun/2025:11:27:15 +0200] "GET /Jurek/awparts/feeds/awparts_pigu.xml HTTP/1.1" 200 58004353 "-" "Python-urllib/3.11"
77.79.248.229 - - [18/Jun/2025:11:27:16 +0200] "GET /Jurek/awparts/feeds/awparts_piguFI.xml HTTP/1.1" 200 142243585 "-" "Python-urllib/3.11"
77.79.248.229 - - [18/Jun/2025:11:27:16 +0200] "GET /Jurek/pupus/feeds/pupus_pigu.xml HTTP/1.1" 200 6154458 "-" "Python-urllib/3.11"
77.79.248.229 - - [18/Jun/2025:11:27:16 +0200] "GET /Jurek/pupus/feeds/pupus_piguFI.xml HTTP/1.1" 200 6154042 "-" "Python-urllib/3.11"
77.79.248.229 - - [18/Jun/2025:11:27:16 +0200] "GET /Jurek/muminky/feeds/muminky_pigu.xml HTTP/1.1" 200 2677657 "-" "Python-urllib/3.11"
77.79.248.229 - - [18/Jun/2025:11:27:17 +0200] "GET /Jurek/muminky/feeds/muminky_piguFI.xml HTTP/1.1" 200 2677654 "-" "Python-urllib/3.11"
77.79.248.229 - - [18/Jun/2025:11:27:17 +0200] "GET /Jurek/lendo/feeds/lendo_pigu.xml HTTP/1.1" 200 330390 "-" "Python-urllib/3.11"
77.79.248.229 - - [18/Jun/2025:11:27:17 +0200] "GET /Jurek/lendo/feeds/lendo_piguFI.xml HTTP/1.1" 200 330393 "-" "Python-urllib/3.11"
77.79.248.229 - - [18/Jun/2025:11:27:17 +0200] "GET /Jurek/dekornatort/feeds/dekornatort_pigu.xml HTTP/1.1" 200 225733 "-" "Python-urllib/3.11"
77.79.248.229 - - [18/Jun/2025:11:27:17 +0200] "GET /Jurek/dekornatort/feeds/dekornatort_piguFI.xml HTTP/1.1" 200 225716 "-" "Python-urllib/3.11"
77.79.248.229 - - [18/Jun/2025:11:27:17 +0200] "GET /Jurek/eurofryz/feeds/eurofryz_pigu.xml HTTP/1.1" 200 1381556 "-" "Python-urllib/3.11"
77.79.248.229 - - [18/Jun/2025:11:27:17 +0200] "GET /Jurek/eurofryz/feeds/eurofryz_piguFI.xml HTTP/1.1" 200 1381542 "-" "Python-urllib/3.11"
77.79.248.229 - - [18/Jun/2025:11:27:17 +0200] "GET /Jurek/eurofryz2/feeds/eurofryz2_pigu.xml HTTP/1.1" 200 1376762 "-" "Python-urllib/3.11"
77.79.248.229 - - [18/Jun/2025:11:27:17 +0200] "GET /Jurek/eurofryz2/feeds/eurofryz2_piguFI.xml HTTP/1.1" 200 1376751 "-" "Python-urllib/3.11"
77.79.248.229 - - [18/Jun/2025:11:27:17 +0200] "GET /Jurek/eurofryz3/feeds/eurofryz3_pigu.xml HTTP/1.1" 200 172215 "-" "Python-urllib/3.11"
77.79.248.229 - - [18/Jun/2025:11:27:17 +0200] "GET /Jurek/eurofryz3/feeds/eurofryz3_piguFI.xml HTTP/1.1" 200 172216 "-" "Python-urllib/3.11"
77.79.248.229 - - [18/Jun/2025:11:27:17 +0200] "GET /Jurek/alucon/feeds/alucon_pigu.xml HTTP/1.1" 200 553699 "-" "Python-urllib/3.11"
77.79.248.229 - - [18/Jun/2025:11:27:17 +0200] "GET /Jurek/alucon/feeds/alucon_piguFI.xml HTTP/1.1" 200 553701 "-" "Python-urllib/3.11"
77.79.248.229 - - [18/Jun/2025:11:27:17 +0200] "GET /Jurek/nexus/feeds/edruk_pigu.xml HTTP/1.1" 404 3551 "-" "Python-urllib/3.11"
77.79.248.229 - - [18/Jun/2025:11:27:17 +0200] "GET /Jurek/nexus/feeds/edruk_piguFI.xml HTTP/1.1" 404 3551 "-" "Python-urllib/3.11"
77.79.248.229 - - [18/Jun/2025:11:27:18 +0200] "GET /Jurek/hlo/feeds/hlo_pigu.xml HTTP/1.1" 200 4838661 "-" "Python-urllib/3.11"
77.79.248.229 - - [18/Jun/2025:11:27:18 +0200] "GET /Jurek/hlo/feeds/hlo_piguFI.xml HTTP/1.1" 200 4838660 "-" "Python-urllib/3.11"
77.79.248.229 - - [18/Jun/2025:11:27:18 +0200] "GET /Jurek/playcob/feeds/playcob_pigu.xml HTTP/1.1" 200 6980112 "-" "Python-urllib/3.11"
77.79.248.229 - - [18/Jun/2025:11:27:18 +0200] "GET /Jurek/playcob/feeds/playcob_piguFI.xml HTTP/1.1" 200 6980193 "-" "Python-urllib/3.11"
77.79.248.229 - - [18/Jun/2025:11:27:18 +0200] "GET /Jurek/eoptimo/feeds/eoptimo_pigu.xml HTTP/1.1" 200 2094383 "-" "Python-urllib/3.11"
77.79.248.229 - - [18/Jun/2025:11:27:18 +0200] "GET /Jurek/eoptimo/feeds/eoptimo_pigufi.xml HTTP/1.1" 200 2094378 "-" "Python-urllib/3.11"
77.79.248.229 - - [18/Jun/2025:11:27:18 +0200] "GET /Jurek/galopi/feeds/galopi_pigu.xml HTTP/1.1" 200 2111072 "-" "Python-urllib/3.11"
77.79.248.229 - - [18/Jun/2025:11:27:18 +0200] "GET /Jurek/galopi/feeds/galopi_piguFI.xml HTTP/1.1" 200 2111072 "-" "Python-urllib/3.11"
77.79.248.229 - - [18/Jun/2025:11:27:18 +0200] "GET /Jurek/galopibhp/feeds/galopibhp_pigu.xml HTTP/1.1" 200 1972989 "-" "Python-urllib/3.11"
77.79.248.229 - - [18/Jun/2025:11:27:18 +0200] "GET /Jurek/galopibhp/feeds/galopibhp_pigufi.xml HTTP/1.1" 200 1972992 "-" "Python-urllib/3.11"
77.79.248.229 - - [18/Jun/2025:11:27:18 +0200] "GET /Jurek/najtanszysport/feeds/najtanszysport_pigu.xml HTTP/1.1" 200 3982826 "-" "Python-urllib/3.11"
77.79.248.229 - - [18/Jun/2025:11:27:19 +0200] "GET /Jurek/najtanszysport/feeds/najtanszysport_piguFI.xml HTTP/1.1" 200 3982898 "-" "Python-urllib/3.11"
77.79.248.229 - - [18/Jun/2025:11:27:19 +0200] "GET /Jurek/globaldeli/feeds/globaldeli_pigu.xml HTTP/1.1" 200 2590908 "-" "Python-urllib/3.11"
77.79.248.229 - - [18/Jun/2025:11:27:19 +0200] "GET /Jurek/globaldeli/feeds/globaldeli_piguFI.xml HTTP/1.1" 200 2590903 "-" "Python-urllib/3.11"
77.79.248.229 - - [18/Jun/2025:11:27:19 +0200] "GET /Jurek/andex/feeds/andex_pigu.xml HTTP/1.1" 200 1953446 "-" "Python-urllib/3.11"
77.79.248.229 - - [18/Jun/2025:11:27:19 +0200] "GET /Jurek/andex/feeds/andex_piguFI.xml HTTP/1.1" 200 1953453 "-" "Python-urllib/3.11"
77.79.248.229 - - [18/Jun/2025:11:27:19 +0200] "GET /Jurek/maksik/feeds/maksik_pigu.xml HTTP/1.1" 200 4084788 "-" "Python-urllib/3.11"
77.79.248.229 - - [18/Jun/2025:11:27:19 +0200] "GET /Jurek/maksik/feeds/maksik_piguFI.xml HTTP/1.1" 200 4084767 "-" "Python-urllib/3.11"
77.79.248.229 - - [18/Jun/2025:11:27:19 +0200] "GET /Jurek/german/feeds/german_pigu.xml HTTP/1.1" 200 2853538 "-" "Python-urllib/3.11"
77.79.248.229 - - [18/Jun/2025:11:27:19 +0200] "GET /Jurek/german/feeds/german_piguFI.xml HTTP/1.1" 200 2853566 "-" "Python-urllib/3.11"
77.79.248.229 - - [18/Jun/2025:11:27:19 +0200] "GET /Jurek/smxdesign/feeds/smxdesign_pigu.xml HTTP/1.1" 200 1829033 "-" "Python-urllib/3.11"
77.79.248.229 - - [18/Jun/2025:11:27:19 +0200] "GET /Jurek/smxdesign/feeds/smxdesign_piguFI.xml HTTP/1.1" 200 1829031 "-" "Python-urllib/3.11"
77.79.248.229 - - [18/Jun/2025:11:27:20 +0200] "GET /Jurek/hanex/feeds/hanex_pigu.xml HTTP/1.1" 200 13931498 "-" "Python-urllib/3.11"
77.79.248.229 - - [18/Jun/2025:11:27:20 +0200] "GET /Jurek/hanex/feeds/hanex_piguFI.xml HTTP/1.1" 200 13931544 "-" "Python-urllib/3.11"
77.79.248.229 - - [18/Jun/2025:11:27:20 +0200] "GET /Jurek/roger/feeds/roger_pigu.xml HTTP/1.1" 200 1396587 "-" "Python-urllib/3.11"
66.135.223.44 - - [18/Jun/2025:11:27:20 +0200] "GET /Jurek/eurofirany/images/417764/0.jpg HTTP/1.1" 200 34247 "-" "Java/17.0.14.0.101"
77.79.248.229 - - [18/Jun/2025:11:27:20 +0200] "GET /Jurek/roger/feeds/roger_piguFI.xml HTTP/1.1" 200 1396603 "-" "Python-urllib/3.11"
77.79.248.229 - - [18/Jun/2025:11:27:20 +0200] "GET /Jurek/snibbs/feeds/snibbs_pigu.xml HTTP/1.1" 200 74397 "-" "Python-urllib/3.11"
66.211.183.70 - - [18/Jun/2025:11:27:20 +0200] "GET /Jurek/eurofirany/images/404580/0.jpg HTTP/1.1" 200 78626 "http://www.ebay.com/" "Mozilla/5.0 (Windows NT 10.0; Win64; x64) AppleWebKit/537.36 (KHTML, like Gecko) Chrome/123.0.0.0 Safari/537.36"
77.79.248.229 - - [18/Jun/2025:11:27:20 +0200] "GET /Jurek/snibbs/feeds/snibbs_piguFI.xml HTTP/1.1" 200 74397 "-" "Python-urllib/3.11"
66.211.183.71 - - [18/Jun/2025:11:27:20 +0200] "GET /Jurek/eurofirany/images/404580/1.jpg HTTP/1.1" 200 113241 "http://www.ebay.com/" "Mozilla/5.0 (Windows NT 10.0; Win64; x64) AppleWebKit/537.36 (KHTML, like Gecko) Chrome/123.0.0.0 Safari/537.36"
77.79.248.229 - - [18/Jun/2025:11:27:20 +0200] "GET /Jurek/matkam/feeds/matkam_pigu.xml HTTP/1.1" 200 5000235 "-" "Python-urllib/3.11"
66.211.183.72 - - [18/Jun/2025:11:27:20 +0200] "GET /Jurek/eurofirany/images/404580/2.jpg HTTP/1.1" 200 33 "http://www.ebay.com/" "Mozilla/5.0 (Windows NT 10.0; Win64; x64) AppleWebKit/537.36 (KHTML, like Gecko) Chrome/123.0.0.0 Safari/537.36"
85.232.241.194 - - [18/Jun/2025:11:27:20 +0200] "GET /Jurek/benetech/feeds/benetech_xxlutz.xml HTTP/1.1" 200 4165477 "-" "Python-urllib/3.11"
77.79.248.229 - - [18/Jun/2025:11:27:20 +0200] "GET /Jurek/matkam/feeds/matkam_piguFI.xml HTTP/1.1" 200 5000310 "-" "Python-urllib/3.11"
77.79.248.229 - - [18/Jun/2025:11:27:20 +0200] "GET /Jurek/photho/feeds/photho_pigu.xml HTTP/1.1" 200 1050929 "-" "Python-urllib/3.11"
77.79.248.229 - - [18/Jun/2025:11:27:20 +0200] "GET /Jurek/photho/feeds/photho_piguFI.xml HTTP/1.1" 200 1050905 "-" "Python-urllib/3.11"
77.79.248.229 - - [18/Jun/2025:11:27:21 +0200] "GET /Jurek/proparts/feeds/proparts_pigu.xml HTTP/1.1" 200 707498 "-" "Python-urllib/3.11"
77.79.248.229 - - [18/Jun/2025:11:27:21 +0200] "GET /Jurek/proparts/feeds/proparts_piguFI.xml HTTP/1.1" 200 707490 "-" "Python-urllib/3.11"
77.79.248.229 - - [18/Jun/2025:11:27:21 +0200] "GET /Jurek/elavia/feeds/elavia_pigu.xml HTTP/1.1" 200 2497278 "-" "Python-urllib/3.11"
77.79.248.229 - - [18/Jun/2025:11:27:21 +0200] "GET /Jurek/elavia/feeds/elavia_piguFI.xml HTTP/1.1" 200 2497282 "-" "Python-urllib/3.11"
77.79.248.229 - - [18/Jun/2025:11:27:21 +0200] "GET /Jurek/techrebal/feeds/techrebal_pigu.xml HTTP/1.1" 200 1989726 "-" "Python-urllib/3.11"
77.79.248.229 - - [18/Jun/2025:11:27:21 +0200] "GET /Jurek/techrebal/feeds/techrebal_piguFI.xml HTTP/1.1" 200 1989730 "-" "Python-urllib/3.11"
77.79.248.229 - - [18/Jun/2025:11:27:21 +0200] "GET /Jurek/kristronik/feeds/kristronik_pigu.xml HTTP/1.1" 200 691983 "-" "Python-urllib/3.11"
77.79.248.229 - - [18/Jun/2025:11:27:21 +0200] "GET /Jurek/kristronik/feeds/kristronik_piguFI.xml HTTP/1.1" 200 691973 "-" "Python-urllib/3.11"
77.79.248.229 - - [18/Jun/2025:11:27:21 +0200] "GET /Jurek/sportprise/feeds/sportprise_pigu.xml HTTP/1.1" 200 12725701 "-" "Python-urllib/3.11"
77.79.248.229 - - [18/Jun/2025:11:27:21 +0200] "GET /Jurek/sportprise/feeds/sportprise_piguFI.xml HTTP/1.1" 200 12725626 "-" "Python-urllib/3.11"
77.79.248.229 - - [18/Jun/2025:11:27:22 +0200] "GET /Jurek/techrebalina/feeds/techrebalina_pigu.xml HTTP/1.1" 200 2011582 "-" "Python-urllib/3.11"
77.79.248.229 - - [18/Jun/2025:11:27:22 +0200] "GET /Jurek/techrebalina/feeds/techrebalina_piguFI.xml HTTP/1.1" 200 2011582 "-" "Python-urllib/3.11"
77.79.248.229 - - [18/Jun/2025:11:27:22 +0200] "GET /Jurek/oknobest/feeds/oknobest_pigu.xml HTTP/1.1" 200 2708324 "-" "Python-urllib/3.11"
77.79.248.229 - - [18/Jun/2025:11:27:22 +0200] "GET /Jurek/oknobest/feeds/oknobest_piguFI.xml HTTP/1.1" 200 2708303 "-" "Python-urllib/3.11"
77.79.248.229 - - [18/Jun/2025:11:27:22 +0200] "GET /Jurek/princelh/feeds/princelh_pigu.xml HTTP/1.1" 200 133438 "-" "Python-urllib/3.11"
77.79.248.229 - - [18/Jun/2025:11:27:22 +0200] "GET /Jurek/princelh/feeds/princelh_piguFI.xml HTTP/1.1" 200 133440 "-" "Python-urllib/3.11"
77.79.248.229 - - [18/Jun/2025:11:27:22 +0200] "GET /Jurek/rosfix/feeds/rosfix_pigu.xml HTTP/1.1" 200 34055833 "-" "Python-urllib/3.11"
77.79.248.229 - - [18/Jun/2025:11:27:23 +0200] "GET /Jurek/rosfix/feeds/rosfix_piguFI.xml HTTP/1.1" 200 34055834 "-" "Python-urllib/3.11"
66.211.183.74 - - [18/Jun/2025:11:27:23 +0200] "GET /Jurek/eurofirany/images/422324/0.jpg HTTP/1.1" 200 78768 "http://www.ebay.com/" "Mozilla/5.0 (Windows NT 10.0; Win64; x64) AppleWebKit/537.36 (KHTML, like Gecko) Chrome/123.0.0.0 Safari/537.36"
66.211.183.73 - - [18/Jun/2025:11:27:23 +0200] "GET /Jurek/eurofirany/images/422324/1.jpg HTTP/1.1" 200 101972 "http://www.ebay.com/" "Mozilla/5.0 (Windows NT 10.0; Win64; x64) AppleWebKit/537.36 (KHTML, like Gecko) Chrome/123.0.0.0 Safari/537.36"
66.211.183.70 - - [18/Jun/2025:11:27:23 +0200] "GET /Jurek/eurofirany/images/422324/2.jpg HTTP/1.1" 200 89251 "http://www.ebay.com/" "Mozilla/5.0 (Windows NT 10.0; Win64; x64) AppleWebKit/537.36 (KHTML, like Gecko) Chrome/123.0.0.0 Safari/537.36"
66.211.183.71 - - [18/Jun/2025:11:27:23 +0200] "GET /Jurek/eurofirany/images/422324/3.jpg HTTP/1.1" 200 38938 "http://www.ebay.com/" "Mozilla/5.0 (Windows NT 10.0; Win64; x64) AppleWebKit/537.36 (KHTML, like Gecko) Chrome/123.0.0.0 Safari/537.36"
66.211.183.72 - - [18/Jun/2025:11:27:23 +0200] "GET /Jurek/eurofirany/images/422324/4.jpg HTTP/1.1" 200 72941 "http://www.ebay.com/" "Mozilla/5.0 (Windows NT 10.0; Win64; x64) AppleWebKit/537.36 (KHTML, like Gecko) Chrome/123.0.0.0 Safari/537.36"
66.211.183.74 - - [18/Jun/2025:11:27:23 +0200] "GET /Jurek/eurofirany/images/422324/7.jpg HTTP/1.1" 200 67890 "http://www.ebay.com/" "Mozilla/5.0 (Windows NT 10.0; Win64; x64) AppleWebKit/537.36 (KHTML, like Gecko) Chrome/123.0.0.0 Safari/537.36"
66.211.183.71 - - [18/Jun/2025:11:27:23 +0200] "GET /Jurek/eurofirany/images/422324/9.jpg HTTP/1.1" 200 99689 "http://www.ebay.com/" "Mozilla/5.0 (Windows NT 10.0; Win64; x64) AppleWebKit/537.36 (KHTML, like Gecko) Chrome/123.0.0.0 Safari/537.36"
77.79.248.229 - - [18/Jun/2025:11:27:23 +0200] "GET /Jurek/beltimore/feeds/beltimore_pigu.xml HTTP/1.1" 200 18652182 "-" "Python-urllib/3.11"
66.211.183.73 - - [18/Jun/2025:11:27:23 +0200] "GET /Jurek/eurofirany/images/422324/8.jpg HTTP/1.1" 200 140642 "http://www.ebay.com/" "Mozilla/5.0 (Windows NT 10.0; Win64; x64) AppleWebKit/537.36 (KHTML, like Gecko) Chrome/123.0.0.0 Safari/537.36"
77.79.248.229 - - [18/Jun/2025:11:27:23 +0200] "GET /Jurek/beltimore/feeds/beltimore_piguFI.xml HTTP/1.1" 200 18651554 "-" "Python-urllib/3.11"
66.211.183.72 - - [18/Jun/2025:11:27:23 +0200] "GET /Jurek/eurofirany/images/422324/13.jpg HTTP/1.1" 200 141435 "http://www.ebay.com/" "Mozilla/5.0 (Windows NT 10.0; Win64; x64) AppleWebKit/537.36 (KHTML, like Gecko) Chrome/123.0.0.0 Safari/537.36"
66.211.183.74 - - [18/Jun/2025:11:27:23 +0200] "GET /Jurek/eurofirany/images/422324/5.jpg HTTP/1.1" 200 162426 "http://www.ebay.com/" "Mozilla/5.0 (Windows NT 10.0; Win64; x64) AppleWebKit/537.36 (KHTML, like Gecko) Chrome/123.0.0.0 Safari/537.36"
66.211.183.70 - - [18/Jun/2025:11:27:23 +0200] "GET /Jurek/eurofirany/images/422324/6.jpg HTTP/1.1" 200 153203 "http://www.ebay.com/" "Mozilla/5.0 (Windows NT 10.0; Win64; x64) AppleWebKit/537.36 (KHTML, like Gecko) Chrome/123.0.0.0 Safari/537.36"
77.79.248.229 - - [18/Jun/2025:11:27:23 +0200] "GET /Jurek/omi/feeds/omi_pigu.xml HTTP/1.1" 200 8100701 "-" "Python-urllib/3.11"
77.79.248.229 - - [18/Jun/2025:11:27:23 +0200] "GET /Jurek/omi/feeds/omi_piguFI.xml HTTP/1.1" 200 8100715 "-" "Python-urllib/3.11"
77.79.248.229 - - [18/Jun/2025:11:27:23 +0200] "GET /Jurek/cdata/feeds/cdata_pigu.xml HTTP/1.1" 200 1445147 "-" "Python-urllib/3.11"
77.79.248.229 - - [18/Jun/2025:11:27:23 +0200] "GET /Jurek/cdata/feeds/cdata_piguFI.xml HTTP/1.1" 200 1445141 "-" "Python-urllib/3.11"
77.79.248.229 - - [18/Jun/2025:11:27:24 +0200] "GET /Jurek/zbimatyja/feeds/zbimatyja_pigu.xml HTTP/1.1" 200 11670179 "-" "Python-urllib/3.11"
66.211.183.74 - - [18/Jun/2025:11:27:24 +0200] "GET /Jurek/eurofirany/images/422324/10.jpg HTTP/1.1" 200 598582 "http://www.ebay.com/" "Mozilla/5.0 (Windows NT 10.0; Win64; x64) AppleWebKit/537.36 (KHTML, like Gecko) Chrome/123.0.0.0 Safari/537.36"
66.211.183.72 - - [18/Jun/2025:11:27:24 +0200] "GET /Jurek/eurofirany/images/422324/11.jpg HTTP/1.1" 200 598584 "http://www.ebay.com/" "Mozilla/5.0 (Windows NT 10.0; Win64; x64) AppleWebKit/537.36 (KHTML, like Gecko) Chrome/123.0.0.0 Safari/537.36"
66.211.183.71 - - [18/Jun/2025:11:27:24 +0200] "GET /Jurek/eurofirany/images/422324/12.jpg HTTP/1.1" 200 598577 "http://www.ebay.com/" "Mozilla/5.0 (Windows NT 10.0; Win64; x64) AppleWebKit/537.36 (KHTML, like Gecko) Chrome/123.0.0.0 Safari/537.36"
77.79.248.229 - - [18/Jun/2025:11:27:24 +0200] "GET /Jurek/zbimatyja/feeds/zbimatyja_piguFI.xml HTTP/1.1" 200 11670181 "-" "Python-urllib/3.11"
77.79.248.229 - - [18/Jun/2025:11:27:24 +0200] "GET /Jurek/broers/feeds/broers_pigu.xml HTTP/1.1" 200 1982550 "-" "Python-urllib/3.11"
66.211.183.71 - - [18/Jun/2025:11:27:24 +0200] "GET /Jurek/eurofirany/images/422324/14.jpg HTTP/1.1" 200 598576 "http://www.ebay.com/" "Mozilla/5.0 (Windows NT 10.0; Win64; x64) AppleWebKit/537.36 (KHTML, like Gecko) Chrome/123.0.0.0 Safari/537.36"
77.79.248.229 - - [18/Jun/2025:11:27:24 +0200] "GET /Jurek/broers/feeds/broers_piguFI.xml HTTP/1.1" 200 1982589 "-" "Python-urllib/3.11"
77.79.248.229 - - [18/Jun/2025:11:27:24 +0200] "GET /Jurek/nonabox/feeds/nonabox_pigu.xml HTTP/1.1" 200 33864 "-" "Python-urllib/3.11"
77.79.248.229 - - [18/Jun/2025:11:27:24 +0200] "GET /Jurek/nonabox/feeds/nonabox_piguFI.xml HTTP/1.1" 200 33865 "-" "Python-urllib/3.11"
77.79.248.229 - - [18/Jun/2025:11:27:25 +0200] "GET /Jurek/regis/feeds/regis_pigu.xml HTTP/1.1" 200 228472 "-" "Python-urllib/3.11"
77.79.248.229 - - [18/Jun/2025:11:27:25 +0200] "GET /Jurek/regis/feeds/regis_piguFI.xml HTTP/1.1" 200 228471 "-" "Python-urllib/3.11"
77.79.248.229 - - [18/Jun/2025:11:27:25 +0200] "GET /Jurek/em3/feeds/em3_pigu.xml HTTP/1.1" 200 258911 "-" "Python-urllib/3.11"
77.79.248.229 - - [18/Jun/2025:11:27:25 +0200] "GET /Jurek/em3/feeds/em3_piguFI.xml HTTP/1.1" 200 258916 "-" "Python-urllib/3.11"
77.79.248.229 - - [18/Jun/2025:11:27:25 +0200] "GET /Jurek/equalo/feeds/equalo_pigu.xml HTTP/1.1" 200 98010 "-" "Python-urllib/3.11"
77.79.248.229 - - [18/Jun/2025:11:27:25 +0200] "GET /Jurek/equalo/feeds/equalo_piguFI.xml HTTP/1.1" 200 98009 "-" "Python-urllib/3.11"
