77.79.248.229 - - [18/Jun/2025:11:27:25 +0200] "GET /Jurek/takapara/feeds/takapara_pigu.xml HTTP/1.1" 200 1342545 "-" "Python-urllib/3.11"
77.79.248.229 - - [18/Jun/2025:11:27:25 +0200] "GET /Jurek/takapara/feeds/takapara_piguFI.xml HTTP/1.1" 200 1342601 "-" "Python-urllib/3.11"
77.79.248.229 - - [18/Jun/2025:11:27:25 +0200] "GET /Jurek/purewear/feeds/purewear_pigu.xml HTTP/1.1" 200 13350424 "-" "Python-urllib/3.11"
77.79.248.229 - - [18/Jun/2025:11:27:25 +0200] "GET /Jurek/purewear/feeds/purewear_piguFI.xml HTTP/1.1" 200 13351104 "-" "Python-urllib/3.11"
77.79.248.229 - - [18/Jun/2025:11:27:25 +0200] "GET /Jurek/newtechele/feeds/newtechele_pigu.xml HTTP/1.1" 200 2438468 "-" "Python-urllib/3.11"
77.79.248.229 - - [18/Jun/2025:11:27:26 +0200] "GET /Jurek/newtechele/feeds/newtechele_piguFI.xml HTTP/1.1" 200 2438471 "-" "Python-urllib/3.11"
77.79.248.229 - - [18/Jun/2025:11:27:26 +0200] "GET /Jurek/lampart/feeds/lampart_pigu.xml HTTP/1.1" 200 936035 "-" "Python-urllib/3.11"
77.79.248.229 - - [18/Jun/2025:11:27:26 +0200] "GET /Jurek/lampart/feeds/lampart_piguFI.xml HTTP/1.1" 200 936039 "-" "Python-urllib/3.11"
77.79.248.229 - - [18/Jun/2025:11:27:26 +0200] "GET /Jurek/sebmart/feeds/sebmart_pigu.xml HTTP/1.1" 200 1598677 "-" "Python-urllib/3.11"
77.79.248.229 - - [18/Jun/2025:11:27:26 +0200] "GET /Jurek/sebmart/feeds/sebmart_piguFI.xml HTTP/1.1" 200 1598702 "-" "Python-urllib/3.11"
77.79.248.229 - - [18/Jun/2025:11:27:26 +0200] "GET /Jurek/tsjerzy/feeds/tsjerzy_pigu.xml HTTP/1.1" 200 3897810 "-" "Python-urllib/3.11"
77.79.248.229 - - [18/Jun/2025:11:27:26 +0200] "GET /Jurek/tsjerzy/feeds/tsjerzy_piguFI.xml HTTP/1.1" 200 3897803 "-" "Python-urllib/3.11"
77.79.248.229 - - [18/Jun/2025:11:27:26 +0200] "GET /Jurek/carbonyway/feeds/carbonyway_pigu.xml HTTP/1.1" 200 3075946 "-" "Python-urllib/3.11"
77.79.248.229 - - [18/Jun/2025:11:27:26 +0200] "GET /Jurek/carbonyway/feeds/carbonyway_piguFI.xml HTTP/1.1" 200 3075924 "-" "Python-urllib/3.11"
77.79.248.229 - - [18/Jun/2025:11:27:27 +0200] "GET /Jurek/kamar/feeds/kamar_pigu.xml HTTP/1.1" 200 25550316 "-" "Python-urllib/3.11"
77.79.248.229 - - [18/Jun/2025:11:27:27 +0200] "GET /Jurek/kamar/feeds/kamar_piguFI.xml HTTP/1.1" 200 25549981 "-" "Python-urllib/3.11"
77.79.248.229 - - [18/Jun/2025:11:27:27 +0200] "GET /Jurek/avenido/feeds/avenido_pigu.xml HTTP/1.1" 200 720105 "-" "Python-urllib/3.11"
77.79.248.229 - - [18/Jun/2025:11:27:27 +0200] "GET /Jurek/avenido/feeds/avenido_piguFI.xml HTTP/1.1" 200 720106 "-" "Python-urllib/3.11"
77.79.248.229 - - [18/Jun/2025:11:27:27 +0200] "GET /Jurek/zenex/feeds/zenex_pigu.xml HTTP/1.1" 200 540161 "-" "Python-urllib/3.11"
77.79.248.229 - - [18/Jun/2025:11:27:27 +0200] "GET /Jurek/zenex/feeds/zenex_piguFI.xml HTTP/1.1" 200 540175 "-" "Python-urllib/3.11"
66.135.223.42 - - [18/Jun/2025:11:27:27 +0200] "GET /Jurek/eurofirany/images/418655/0.jpg HTTP/1.1" 200 6595 "-" "Java/17.0.14.0.101"
77.79.248.229 - - [18/Jun/2025:11:27:27 +0200] "GET /Jurek/filmal/feeds/filmal_pigu.xml HTTP/1.1" 200 139274 "-" "Python-urllib/3.11"
77.79.248.229 - - [18/Jun/2025:11:27:27 +0200] "GET /Jurek/filmal/feeds/filmal_piguFI.xml HTTP/1.1" 200 139278 "-" "Python-urllib/3.11"
77.79.248.229 - - [18/Jun/2025:11:27:27 +0200] "GET /Jurek/fertes/feeds/fertes_pigu.xml HTTP/1.1" 200 2361799 "-" "Python-urllib/3.11"
77.79.248.229 - - [18/Jun/2025:11:27:28 +0200] "GET /Jurek/fertes/feeds/fertes_piguFI.xml HTTP/1.1" 200 2361896 "-" "Python-urllib/3.11"
216.113.184.104 - - [18/Jun/2025:11:27:28 +0200] "GET /Jurek/eurofirany/images/416880/1.jpg HTTP/1.1" 200 43520 "http://www.ebay.com/" "Mozilla/5.0 (Windows NT 10.0; Win64; x64) AppleWebKit/537.36 (KHTML, like Gecko) Chrome/123.0.0.0 Safari/537.36"
216.113.184.104 - - [18/Jun/2025:11:27:28 +0200] "GET /Jurek/eurofirany/images/416880/0.jpg HTTP/1.1" 200 79811 "http://www.ebay.com/" "Mozilla/5.0 (Windows NT 10.0; Win64; x64) AppleWebKit/537.36 (KHTML, like Gecko) Chrome/123.0.0.0 Safari/537.36"
216.113.184.105 - - [18/Jun/2025:11:27:28 +0200] "GET /Jurek/eurofirany/images/416880/2.jpg HTTP/1.1" 200 35439 "http://www.ebay.com/" "Mozilla/5.0 (Windows NT 10.0; Win64; x64) AppleWebKit/537.36 (KHTML, like Gecko) Chrome/123.0.0.0 Safari/537.36"
77.79.248.229 - - [18/Jun/2025:11:27:28 +0200] "GET /Jurek/jakdroz/feeds/jakdroz_pigu.xml HTTP/1.1" 200 4089997 "-" "Python-urllib/3.11"
216.113.184.101 - - [18/Jun/2025:11:27:28 +0200] "GET /Jurek/eurofirany/images/416880/7.jpg HTTP/1.1" 200 82206 "http://www.ebay.com/" "Mozilla/5.0 (Windows NT 10.0; Win64; x64) AppleWebKit/537.36 (KHTML, like Gecko) Chrome/123.0.0.0 Safari/537.36"
77.79.248.229 - - [18/Jun/2025:11:27:28 +0200] "GET /Jurek/jakdroz/feeds/jakdroz_piguFI.xml HTTP/1.1" 200 4090021 "-" "Python-urllib/3.11"
216.113.184.101 - - [18/Jun/2025:11:27:28 +0200] "GET /Jurek/eurofirany/images/416880/3.jpg HTTP/1.1" 200 167005 "http://www.ebay.com/" "Mozilla/5.0 (Windows NT 10.0; Win64; x64) AppleWebKit/537.36 (KHTML, like Gecko) Chrome/123.0.0.0 Safari/537.36"
216.113.184.103 - - [18/Jun/2025:11:27:28 +0200] "GET /Jurek/eurofirany/images/416880/5.jpg HTTP/1.1" 200 153971 "http://www.ebay.com/" "Mozilla/5.0 (Windows NT 10.0; Win64; x64) AppleWebKit/537.36 (KHTML, like Gecko) Chrome/123.0.0.0 Safari/537.36"
216.113.184.101 - - [18/Jun/2025:11:27:28 +0200] "GET /Jurek/eurofirany/images/416880/4.jpg HTTP/1.1" 200 173455 "http://www.ebay.com/" "Mozilla/5.0 (Windows NT 10.0; Win64; x64) AppleWebKit/537.36 (KHTML, like Gecko) Chrome/123.0.0.0 Safari/537.36"
216.113.184.102 - - [18/Jun/2025:11:27:28 +0200] "GET /Jurek/eurofirany/images/416880/6.jpg HTTP/1.1" 200 166579 "http://www.ebay.com/" "Mozilla/5.0 (Windows NT 10.0; Win64; x64) AppleWebKit/537.36 (KHTML, like Gecko) Chrome/123.0.0.0 Safari/537.36"
77.79.248.229 - - [18/Jun/2025:11:27:29 +0200] "GET /Jurek/piotrmiedz/feeds/piotrmiedz_pigu.xml HTTP/1.1" 200 91048133 "-" "Python-urllib/3.11"
77.79.248.229 - - [18/Jun/2025:11:27:30 +0200] "GET /Jurek/piotrmiedz/feeds/piotrmiedz_piguEX.xml HTTP/1.1" 200 91046269 "-" "Python-urllib/3.11"
77.79.248.229 - - [18/Jun/2025:11:27:30 +0200] "GET /Jurek/riko/feeds/riko_pigu.xml HTTP/1.1" 200 3784949 "-" "Python-urllib/3.11"
77.79.248.229 - - [18/Jun/2025:11:27:30 +0200] "GET /Jurek/riko/feeds/riko_piguFI.xml HTTP/1.1" 200 3784885 "-" "Python-urllib/3.11"
77.79.248.229 - - [18/Jun/2025:11:27:30 +0200] "GET /Jurek/gandalf/feeds/gandalf_pigu.xml HTTP/1.1" 200 1082528 "-" "Python-urllib/3.11"
77.79.248.229 - - [18/Jun/2025:11:27:30 +0200] "GET /Jurek/gandalf/feeds/gandalf_piguFI.xml HTTP/1.1" 200 1082520 "-" "Python-urllib/3.11"
77.79.248.229 - - [18/Jun/2025:11:27:30 +0200] "GET /Jurek/kalama/feeds/kalama_pigu.xml HTTP/1.1" 200 2661757 "-" "Python-urllib/3.11"
77.79.248.229 - - [18/Jun/2025:11:27:30 +0200] "GET /Jurek/kalama/feeds/kalama_piguFI.xml HTTP/1.1" 200 2661739 "-" "Python-urllib/3.11"
77.79.248.229 - - [18/Jun/2025:11:27:30 +0200] "GET /Jurek/bemipol/feeds/bemipol_pigu.xml HTTP/1.1" 200 423628 "-" "Python-urllib/3.11"
77.79.248.229 - - [18/Jun/2025:11:27:30 +0200] "GET /Jurek/bemipol/feeds/bemipol_piguFI.xml HTTP/1.1" 200 423629 "-" "Python-urllib/3.11"
77.79.248.229 - - [18/Jun/2025:11:27:31 +0200] "GET /Jurek/missionair/feeds/missionair_pigu.xml HTTP/1.1" 200 3154890 "-" "Python-urllib/3.11"
77.79.248.229 - - [18/Jun/2025:11:27:31 +0200] "GET /Jurek/missionair/feeds/missionair_piguFI.xml HTTP/1.1" 200 3154890 "-" "Python-urllib/3.11"
77.79.248.229 - - [18/Jun/2025:11:27:31 +0200] "GET /Jurek/sovapl/feeds/sovapl_pigu.xml HTTP/1.1" 200 8999556 "-" "Python-urllib/3.11"
77.79.248.229 - - [18/Jun/2025:11:27:31 +0200] "GET /Jurek/sovapl/feeds/sovapl_piguFI.xml HTTP/1.1" 200 8999119 "-" "Python-urllib/3.11"
77.79.248.229 - - [18/Jun/2025:11:27:31 +0200] "GET /Jurek/apresto/feeds/apresto_pigu.xml HTTP/1.1" 200 1327602 "-" "Python-urllib/3.11"
77.79.248.229 - - [18/Jun/2025:11:27:31 +0200] "GET /Jurek/apresto/feeds/apresto_piguFI.xml HTTP/1.1" 200 1327622 "-" "Python-urllib/3.11"
77.79.248.229 - - [18/Jun/2025:11:27:31 +0200] "GET /Jurek/mechdecor/feeds/mechdecor_pigu.xml HTTP/1.1" 200 596188 "-" "Python-urllib/3.11"
77.79.248.229 - - [18/Jun/2025:11:27:31 +0200] "GET /Jurek/mechdecor/feeds/mechdecor_piguFI.xml HTTP/1.1" 200 596186 "-" "Python-urllib/3.11"
77.79.248.229 - - [18/Jun/2025:11:27:31 +0200] "GET /Jurek/mojeledy/feeds/mojeledy_pigu.xml HTTP/1.1" 200 1018433 "-" "Python-urllib/3.11"
77.79.248.229 - - [18/Jun/2025:11:27:31 +0200] "GET /Jurek/mojeledy/feeds/mojeledy_piguFI.xml HTTP/1.1" 200 1018442 "-" "Python-urllib/3.11"
77.79.248.229 - - [18/Jun/2025:11:27:31 +0200] "GET /Jurek/zami/feeds/zami_pigu.xml HTTP/1.1" 200 4472610 "-" "Python-urllib/3.11"
77.79.248.229 - - [18/Jun/2025:11:27:32 +0200] "GET /Jurek/zami/feeds/zami_piguFI.xml HTTP/1.1" 200 4472827 "-" "Python-urllib/3.11"
85.232.241.194 - - [18/Jun/2025:11:27:32 +0200] "GET /Jurek/ekuchcikowo/feeds/ekuchcikowo_xxxlutz.xml HTTP/1.1" 200 12470915 "-" "Python-urllib/3.11"
85.232.241.194 - - [18/Jun/2025:11:27:32 +0200] "GET /Jurek/fertone/feeds/fertone_xxlutz.xml HTTP/1.1" 200 584069 "-" "Python-urllib/3.11"
216.113.184.104 - - [18/Jun/2025:11:27:33 +0200] "GET /Jurek/eurofirany/images/417855/1.jpg HTTP/1.1" 200 110550 "http://www.ebay.com/" "Mozilla/5.0 (Windows NT 10.0; Win64; x64) AppleWebKit/537.36 (KHTML, like Gecko) Chrome/123.0.0.0 Safari/537.36"
216.113.184.101 - - [18/Jun/2025:11:27:33 +0200] "GET /Jurek/eurofirany/images/417855/3.jpg HTTP/1.1" 200 50691 "http://www.ebay.com/" "Mozilla/5.0 (Windows NT 10.0; Win64; x64) AppleWebKit/537.36 (KHTML, like Gecko) Chrome/123.0.0.0 Safari/537.36"
216.113.184.102 - - [18/Jun/2025:11:27:33 +0200] "GET /Jurek/eurofirany/images/417855/2.jpg HTTP/1.1" 200 107269 "http://www.ebay.com/" "Mozilla/5.0 (Windows NT 10.0; Win64; x64) AppleWebKit/537.36 (KHTML, like Gecko) Chrome/123.0.0.0 Safari/537.36"
216.113.184.102 - - [18/Jun/2025:11:27:33 +0200] "GET /Jurek/eurofirany/images/417855/0.jpg HTTP/1.1" 200 95090 "http://www.ebay.com/" "Mozilla/5.0 (Windows NT 10.0; Win64; x64) AppleWebKit/537.36 (KHTML, like Gecko) Chrome/123.0.0.0 Safari/537.36"
216.113.184.105 - - [18/Jun/2025:11:27:33 +0200] "GET /Jurek/eurofirany/images/417855/8.jpg HTTP/1.1" 200 118524 "http://www.ebay.com/" "Mozilla/5.0 (Windows NT 10.0; Win64; x64) AppleWebKit/537.36 (KHTML, like Gecko) Chrome/123.0.0.0 Safari/537.36"
216.113.184.101 - - [18/Jun/2025:11:27:34 +0200] "GET /Jurek/eurofirany/images/417855/7.jpg HTTP/1.1" 200 137093 "http://www.ebay.com/" "Mozilla/5.0 (Windows NT 10.0; Win64; x64) AppleWebKit/537.36 (KHTML, like Gecko) Chrome/123.0.0.0 Safari/537.36"
216.113.184.102 - - [18/Jun/2025:11:27:34 +0200] "GET /Jurek/eurofirany/images/417855/5.jpg HTTP/1.1" 200 167193 "http://www.ebay.com/" "Mozilla/5.0 (Windows NT 10.0; Win64; x64) AppleWebKit/537.36 (KHTML, like Gecko) Chrome/123.0.0.0 Safari/537.36"
216.113.184.103 - - [18/Jun/2025:11:27:34 +0200] "GET /Jurek/eurofirany/images/417855/6.jpg HTTP/1.1" 200 155160 "http://www.ebay.com/" "Mozilla/5.0 (Windows NT 10.0; Win64; x64) AppleWebKit/537.36 (KHTML, like Gecko) Chrome/123.0.0.0 Safari/537.36"
216.113.184.104 - - [18/Jun/2025:11:27:34 +0200] "GET /Jurek/eurofirany/images/417855/4.jpg HTTP/1.1" 200 252799 "http://www.ebay.com/" "Mozilla/5.0 (Windows NT 10.0; Win64; x64) AppleWebKit/537.36 (KHTML, like Gecko) Chrome/123.0.0.0 Safari/537.36"
77.79.248.229 - - [18/Jun/2025:11:27:34 +0200] "GET /Jurek/proadventure/feeds/proadventure_pigu.xml HTTP/1.1" 200 10763243 "-" "Python-urllib/3.11"
77.79.248.229 - - [18/Jun/2025:11:27:34 +0200] "GET /Jurek/proadventure/feeds/proadventure_piguFI.xml HTTP/1.1" 200 10763519 "-" "Python-urllib/3.11"
216.113.184.104 - - [18/Jun/2025:11:27:35 +0200] "GET /Jurek/eurofirany/images/416823/0.jpg HTTP/1.1" 200 75725 "http://www.ebay.com/" "Mozilla/5.0 (Windows NT 10.0; Win64; x64) AppleWebKit/537.36 (KHTML, like Gecko) Chrome/123.0.0.0 Safari/537.36"
216.113.184.101 - - [18/Jun/2025:11:27:36 +0200] "GET /Jurek/eurofirany/images/416823/1.jpg HTTP/1.1" 200 173811 "http://www.ebay.com/" "Mozilla/5.0 (Windows NT 10.0; Win64; x64) AppleWebKit/537.36 (KHTML, like Gecko) Chrome/123.0.0.0 Safari/537.36"
77.79.248.229 - - [18/Jun/2025:11:27:36 +0200] "GET /Jurek/rems/feeds/rems_pigu.xml HTTP/1.1" 200 8706146 "-" "Python-urllib/3.11"
77.79.248.229 - - [18/Jun/2025:11:27:36 +0200] "GET /Jurek/rems/feeds/rems_piguFI.xml HTTP/1.1" 200 8706210 "-" "Python-urllib/3.11"
216.113.184.103 - - [18/Jun/2025:11:27:40 +0200] "GET /Jurek/eurofirany/images/404512/0.jpg HTTP/1.1" 200 36018 "http://www.ebay.com/" "Mozilla/5.0 (Windows NT 10.0; Win64; x64) AppleWebKit/537.36 (KHTML, like Gecko) Chrome/123.0.0.0 Safari/537.36"
216.113.184.101 - - [18/Jun/2025:11:27:40 +0200] "GET /Jurek/eurofirany/images/404512/1.jpg HTTP/1.1" 200 86246 "http://www.ebay.com/" "Mozilla/5.0 (Windows NT 10.0; Win64; x64) AppleWebKit/537.36 (KHTML, like Gecko) Chrome/123.0.0.0 Safari/537.36"
216.113.184.104 - - [18/Jun/2025:11:27:40 +0200] "GET /Jurek/eurofirany/images/404512/2.jpg HTTP/1.1" 200 112174 "http://www.ebay.com/" "Mozilla/5.0 (Windows NT 10.0; Win64; x64) AppleWebKit/537.36 (KHTML, like Gecko) Chrome/123.0.0.0 Safari/537.36"
216.113.184.103 - - [18/Jun/2025:11:27:40 +0200] "GET /Jurek/eurofirany/images/404512/3.jpg HTTP/1.1" 200 96235 "http://www.ebay.com/" "Mozilla/5.0 (Windows NT 10.0; Win64; x64) AppleWebKit/537.36 (KHTML, like Gecko) Chrome/123.0.0.0 Safari/537.36"
216.113.184.103 - - [18/Jun/2025:11:27:40 +0200] "GET /Jurek/eurofirany/images/404512/4.jpg HTTP/1.1" 200 90319 "http://www.ebay.com/" "Mozilla/5.0 (Windows NT 10.0; Win64; x64) AppleWebKit/537.36 (KHTML, like Gecko) Chrome/123.0.0.0 Safari/537.36"
89.161.206.59 - - [18/Jun/2025:11:27:43 +0200] "GET /Jurek/equalo/feeds/equalo_skroutz.xml HTTP/1.0" 200 98008 "-" "-"
216.113.184.105 - - [18/Jun/2025:11:27:44 +0200] "GET /Jurek/eurofirany/images/402721/2.jpg HTTP/1.1" 200 99063 "http://www.ebay.com/" "Mozilla/5.0 (Windows NT 10.0; Win64; x64) AppleWebKit/537.36 (KHTML, like Gecko) Chrome/123.0.0.0 Safari/537.36"
216.113.184.105 - - [18/Jun/2025:11:27:44 +0200] "GET /Jurek/eurofirany/images/402721/1.jpg HTTP/1.1" 200 39997 "http://www.ebay.com/" "Mozilla/5.0 (Windows NT 10.0; Win64; x64) AppleWebKit/537.36 (KHTML, like Gecko) Chrome/123.0.0.0 Safari/537.36"
216.113.184.103 - - [18/Jun/2025:11:27:44 +0200] "GET /Jurek/eurofirany/images/402721/0.jpg HTTP/1.1" 200 31025 "http://www.ebay.com/" "Mozilla/5.0 (Windows NT 10.0; Win64; x64) AppleWebKit/537.36 (KHTML, like Gecko) Chrome/123.0.0.0 Safari/537.36"
89.161.206.59 - - [18/Jun/2025:11:27:44 +0200] "GET /Jurek/lampart/feeds/lampart_skroutz.xml HTTP/1.0" 200 936029 "-" "-"
216.113.184.105 - - [18/Jun/2025:11:27:44 +0200] "GET /Jurek/eurofirany/images/402721/4.jpg HTTP/1.1" 200 108212 "http://www.ebay.com/" "Mozilla/5.0 (Windows NT 10.0; Win64; x64) AppleWebKit/537.36 (KHTML, like Gecko) Chrome/123.0.0.0 Safari/537.36"
216.113.184.105 - - [18/Jun/2025:11:27:44 +0200] "GET /Jurek/eurofirany/images/402721/3.jpg HTTP/1.1" 200 135860 "http://www.ebay.com/" "Mozilla/5.0 (Windows NT 10.0; Win64; x64) AppleWebKit/537.36 (KHTML, like Gecko) Chrome/123.0.0.0 Safari/537.36"
85.232.241.194 - - [18/Jun/2025:11:27:45 +0200] "GET /Jurek/intsell/feeds/intsell_xxxlutz.xml HTTP/1.1" 200 342006527 "-" "Python-urllib/3.11"
77.79.248.229 - - [18/Jun/2025:11:27:45 +0200] "GET /Jurek/lerutrade/feeds/lerutrade_pigu.xml HTTP/1.1" 200 82814 "-" "Python-urllib/3.11"
77.79.248.229 - - [18/Jun/2025:11:27:45 +0200] "GET /Jurek/lerutrade/feeds/lerutrade_piguFI.xml HTTP/1.1" 200 82813 "-" "Python-urllib/3.11"
216.113.184.103 - - [18/Jun/2025:11:27:45 +0200] "GET /Jurek/eurofirany/images/416823/0.jpg HTTP/1.1" 200 75725 "-" "Java/17.0.14.0.101"
216.113.184.105 - - [18/Jun/2025:11:27:47 +0200] "GET /Jurek/eurofirany/images/432708/0.jpg HTTP/1.1" 200 34960 "http://www.ebay.com/" "Mozilla/5.0 (Windows NT 10.0; Win64; x64) AppleWebKit/537.36 (KHTML, like Gecko) Chrome/123.0.0.0 Safari/537.36"
216.113.184.102 - - [18/Jun/2025:11:27:47 +0200] "GET /Jurek/eurofirany/images/432708/1.jpg HTTP/1.1" 200 59270 "http://www.ebay.com/" "Mozilla/5.0 (Windows NT 10.0; Win64; x64) AppleWebKit/537.36 (KHTML, like Gecko) Chrome/123.0.0.0 Safari/537.36"
216.113.184.101 - - [18/Jun/2025:11:27:47 +0200] "GET /Jurek/eurofirany/images/432708/2.jpg HTTP/1.1" 200 54958 "http://www.ebay.com/" "Mozilla/5.0 (Windows NT 10.0; Win64; x64) AppleWebKit/537.36 (KHTML, like Gecko) Chrome/123.0.0.0 Safari/537.36"
216.113.184.103 - - [18/Jun/2025:11:27:47 +0200] "GET /Jurek/eurofirany/images/432708/3.jpg HTTP/1.1" 200 41798 "http://www.ebay.com/" "Mozilla/5.0 (Windows NT 10.0; Win64; x64) AppleWebKit/537.36 (KHTML, like Gecko) Chrome/123.0.0.0 Safari/537.36"
216.113.184.104 - - [18/Jun/2025:11:27:47 +0200] "GET /Jurek/eurofirany/images/432708/6.jpg HTTP/1.1" 200 98289 "http://www.ebay.com/" "Mozilla/5.0 (Windows NT 10.0; Win64; x64) AppleWebKit/537.36 (KHTML, like Gecko) Chrome/123.0.0.0 Safari/537.36"
216.113.184.104 - - [18/Jun/2025:11:27:47 +0200] "GET /Jurek/eurofirany/images/432708/4.jpg HTTP/1.1" 200 143197 "http://www.ebay.com/" "Mozilla/5.0 (Windows NT 10.0; Win64; x64) AppleWebKit/537.36 (KHTML, like Gecko) Chrome/123.0.0.0 Safari/537.36"
216.113.184.104 - - [18/Jun/2025:11:27:48 +0200] "GET /Jurek/eurofirany/images/432708/5.jpg HTTP/1.1" 200 179025 "http://www.ebay.com/" "Mozilla/5.0 (Windows NT 10.0; Win64; x64) AppleWebKit/537.36 (KHTML, like Gecko) Chrome/123.0.0.0 Safari/537.36"
66.211.183.72 - - [18/Jun/2025:11:27:50 +0200] "GET /Jurek/eurofirany/images/404522/1.jpg HTTP/1.1" 200 101200 "http://www.ebay.com/" "Mozilla/5.0 (Windows NT 10.0; Win64; x64) AppleWebKit/537.36 (KHTML, like Gecko) Chrome/123.0.0.0 Safari/537.36"
66.211.183.71 - - [18/Jun/2025:11:27:50 +0200] "GET /Jurek/eurofirany/images/404522/0.jpg HTTP/1.1" 200 69238 "http://www.ebay.com/" "Mozilla/5.0 (Windows NT 10.0; Win64; x64) AppleWebKit/537.36 (KHTML, like Gecko) Chrome/123.0.0.0 Safari/537.36"
66.211.183.73 - - [18/Jun/2025:11:27:50 +0200] "GET /Jurek/eurofirany/images/404522/2.jpg HTTP/1.1" 200 33 "http://www.ebay.com/" "Mozilla/5.0 (Windows NT 10.0; Win64; x64) AppleWebKit/537.36 (KHTML, like Gecko) Chrome/123.0.0.0 Safari/537.36"
85.232.241.194 - - [18/Jun/2025:11:27:51 +0200] "GET /Jurek/action/feeds/action_xxxlutz.xml HTTP/1.1" 200 60826161 "-" "Python-urllib/3.11"
85.232.241.194 - - [18/Jun/2025:11:27:51 +0200] "GET /Jurek/b3/feeds/b3_xxxlutz.xml HTTP/1.1" 200 8505640 "-" "Python-urllib/3.11"
66.135.223.42 - - [18/Jun/2025:11:27:53 +0200] "GET /Jurek/eurofirany/images/402725/1.jpg HTTP/1.1" 200 47907 "http://www.ebay.com/" "Mozilla/5.0 (Windows NT 10.0; Win64; x64) AppleWebKit/537.36 (KHTML, like Gecko) Chrome/123.0.0.0 Safari/537.36"
66.135.223.42 - - [18/Jun/2025:11:27:53 +0200] "GET /Jurek/eurofirany/images/402725/0.jpg HTTP/1.1" 200 76590 "http://www.ebay.com/" "Mozilla/5.0 (Windows NT 10.0; Win64; x64) AppleWebKit/537.36 (KHTML, like Gecko) Chrome/123.0.0.0 Safari/537.36"
66.135.223.42 - - [18/Jun/2025:11:27:53 +0200] "GET /Jurek/eurofirany/images/402725/2.jpg HTTP/1.1" 200 93352 "http://www.ebay.com/" "Mozilla/5.0 (Windows NT 10.0; Win64; x64) AppleWebKit/537.36 (KHTML, like Gecko) Chrome/123.0.0.0 Safari/537.36"
66.135.223.43 - - [18/Jun/2025:11:27:53 +0200] "GET /Jurek/eurofirany/images/402725/4.jpg HTTP/1.1" 200 117177 "http://www.ebay.com/" "Mozilla/5.0 (Windows NT 10.0; Win64; x64) AppleWebKit/537.36 (KHTML, like Gecko) Chrome/123.0.0.0 Safari/537.36"
66.135.223.43 - - [18/Jun/2025:11:27:53 +0200] "GET /Jurek/eurofirany/images/402725/5.jpg HTTP/1.1" 200 135860 "http://www.ebay.com/" "Mozilla/5.0 (Windows NT 10.0; Win64; x64) AppleWebKit/537.36 (KHTML, like Gecko) Chrome/123.0.0.0 Safari/537.36"
216.113.184.102 - - [18/Jun/2025:11:27:53 +0200] "GET /Jurek/eurofirany/images/404577/0.jpg HTTP/1.1" 200 85805 "-" "Java/17.0.14.0.101"
66.135.223.44 - - [18/Jun/2025:11:27:54 +0200] "GET /Jurek/eurofirany/images/402725/3.jpg HTTP/1.1" 200 203418 "http://www.ebay.com/" "Mozilla/5.0 (Windows NT 10.0; Win64; x64) AppleWebKit/537.36 (KHTML, like Gecko) Chrome/123.0.0.0 Safari/537.36"
66.211.183.71 - - [18/Jun/2025:11:27:57 +0200] "GET /Jurek/eurofirany/images/416878/0.jpg HTTP/1.1" 200 79811 "-" "Java/17.0.14.0.101"
216.113.184.102 - - [18/Jun/2025:11:28:02 +0200] "GET /Jurek/eurofirany/images/404577/0.jpg HTTP/1.1" 200 85805 "http://www.ebay.com/" "Mozilla/5.0 (Windows NT 10.0; Win64; x64) AppleWebKit/537.36 (KHTML, like Gecko) Chrome/123.0.0.0 Safari/537.36"
216.113.184.102 - - [18/Jun/2025:11:28:02 +0200] "GET /Jurek/eurofirany/images/404577/1.jpg HTTP/1.1" 200 105913 "http://www.ebay.com/" "Mozilla/5.0 (Windows NT 10.0; Win64; x64) AppleWebKit/537.36 (KHTML, like Gecko) Chrome/123.0.0.0 Safari/537.36"
216.113.184.105 - - [18/Jun/2025:11:28:02 +0200] "GET /Jurek/eurofirany/images/404577/2.jpg HTTP/1.1" 200 33 "http://www.ebay.com/" "Mozilla/5.0 (Windows NT 10.0; Win64; x64) AppleWebKit/537.36 (KHTML, like Gecko) Chrome/123.0.0.0 Safari/537.36"
77.79.248.229 - - [18/Jun/2025:11:28:03 +0200] "GET /Jurek/topeshop/feeds/topeshop_piguEX.xml HTTP/1.1" 200 3090205 "-" "Python-urllib/3.11"
77.79.248.229 - - [18/Jun/2025:11:28:03 +0200] "GET /Jurek/topeshop/feeds/topeshop_piguFIEX.xml HTTP/1.1" 200 3090340 "-" "Python-urllib/3.11"
77.79.248.229 - - [18/Jun/2025:11:28:03 +0200] "GET /Jurek/topeshop/feeds/topeshop_piguEX.xml HTTP/1.1" 200 3090205 "-" "Python-urllib/3.11"
77.79.248.229 - - [18/Jun/2025:11:28:03 +0200] "GET /Jurek/topeshop/feeds/topeshop_piguEX.xml HTTP/1.1" 200 3090205 "-" "Python-urllib/3.11"
77.79.248.229 - - [18/Jun/2025:11:28:06 +0200] "GET /Jurek/awparts/feeds/awparts_piguEX.xml HTTP/1.1" 200 142241348 "-" "Python-urllib/3.11"
216.113.184.104 - - [18/Jun/2025:11:28:07 +0200] "GET /Jurek/eurofirany/images/418655/1.jpg HTTP/1.1" 200 6595 "http://www.ebay.com/" "Mozilla/5.0 (Windows NT 10.0; Win64; x64) AppleWebKit/537.36 (KHTML, like Gecko) Chrome/123.0.0.0 Safari/537.36"
216.113.184.103 - - [18/Jun/2025:11:28:07 +0200] "GET /Jurek/eurofirany/images/418655/2.jpg HTTP/1.1" 200 6595 "http://www.ebay.com/" "Mozilla/5.0 (Windows NT 10.0; Win64; x64) AppleWebKit/537.36 (KHTML, like Gecko) Chrome/123.0.0.0 Safari/537.36"
216.113.184.104 - - [18/Jun/2025:11:28:07 +0200] "GET /Jurek/eurofirany/images/418655/4.jpg HTTP/1.1" 200 6595 "http://www.ebay.com/" "Mozilla/5.0 (Windows NT 10.0; Win64; x64) AppleWebKit/537.36 (KHTML, like Gecko) Chrome/123.0.0.0 Safari/537.36"
216.113.184.102 - - [18/Jun/2025:11:28:07 +0200] "GET /Jurek/eurofirany/images/418655/0.jpg HTTP/1.1" 200 6595 "http://www.ebay.com/" "Mozilla/5.0 (Windows NT 10.0; Win64; x64) AppleWebKit/537.36 (KHTML, like Gecko) Chrome/123.0.0.0 Safari/537.36"
216.113.184.104 - - [18/Jun/2025:11:28:07 +0200] "GET /Jurek/eurofirany/images/418655/5.jpg HTTP/1.1" 200 6595 "http://www.ebay.com/" "Mozilla/5.0 (Windows NT 10.0; Win64; x64) AppleWebKit/537.36 (KHTML, like Gecko) Chrome/123.0.0.0 Safari/537.36"
216.113.184.103 - - [18/Jun/2025:11:28:07 +0200] "GET /Jurek/eurofirany/images/418655/3.jpg HTTP/1.1" 200 6595 "http://www.ebay.com/" "Mozilla/5.0 (Windows NT 10.0; Win64; x64) AppleWebKit/537.36 (KHTML, like Gecko) Chrome/123.0.0.0 Safari/537.36"
216.113.184.103 - - [18/Jun/2025:11:28:07 +0200] "GET /Jurek/eurofirany/images/418655/6.jpg HTTP/1.1" 200 6595 "http://www.ebay.com/" "Mozilla/5.0 (Windows NT 10.0; Win64; x64) AppleWebKit/537.36 (KHTML, like Gecko) Chrome/123.0.0.0 Safari/537.36"
216.113.184.102 - - [18/Jun/2025:11:28:07 +0200] "GET /Jurek/eurofirany/images/418655/7.jpg HTTP/1.1" 200 6595 "http://www.ebay.com/" "Mozilla/5.0 (Windows NT 10.0; Win64; x64) AppleWebKit/537.36 (KHTML, like Gecko) Chrome/123.0.0.0 Safari/537.36"
77.79.248.229 - - [18/Jun/2025:11:28:07 +0200] "GET /Jurek/awparts/feeds/awparts_pigufiEX.xml HTTP/1.1" 200 142246014 "-" "Python-urllib/3.11"
77.79.248.229 - - [18/Jun/2025:11:28:08 +0200] "GET /Jurek/awparts/feeds/awparts_piguEX.xml HTTP/1.1" 200 142241348 "-" "Python-urllib/3.11"
66.135.223.43 - - [18/Jun/2025:11:28:09 +0200] "GET /Jurek/eurofirany/images/402750/2.jpg HTTP/1.1" 200 93233 "http://www.ebay.com/" "Mozilla/5.0 (Windows NT 10.0; Win64; x64) AppleWebKit/537.36 (KHTML, like Gecko) Chrome/123.0.0.0 Safari/537.36"
66.135.223.42 - - [18/Jun/2025:11:28:09 +0200] "GET /Jurek/eurofirany/images/402750/3.jpg HTTP/1.1" 200 103472 "http://www.ebay.com/" "Mozilla/5.0 (Windows NT 10.0; Win64; x64) AppleWebKit/537.36 (KHTML, like Gecko) Chrome/123.0.0.0 Safari/537.36"
66.135.223.40 - - [18/Jun/2025:11:28:09 +0200] "GET /Jurek/eurofirany/images/402750/0.jpg HTTP/1.1" 200 52404 "http://www.ebay.com/" "Mozilla/5.0 (Windows NT 10.0; Win64; x64) AppleWebKit/537.36 (KHTML, like Gecko) Chrome/123.0.0.0 Safari/537.36"
66.135.223.40 - - [18/Jun/2025:11:28:09 +0200] "GET /Jurek/eurofirany/images/402750/1.jpg HTTP/1.1" 200 102049 "http://www.ebay.com/" "Mozilla/5.0 (Windows NT 10.0; Win64; x64) AppleWebKit/537.36 (KHTML, like Gecko) Chrome/123.0.0.0 Safari/537.36"
66.135.223.42 - - [18/Jun/2025:11:28:09 +0200] "GET /Jurek/eurofirany/images/402750/4.jpg HTTP/1.1" 200 96168 "http://www.ebay.com/" "Mozilla/5.0 (Windows NT 10.0; Win64; x64) AppleWebKit/537.36 (KHTML, like Gecko) Chrome/123.0.0.0 Safari/537.36"
66.135.223.42 - - [18/Jun/2025:11:28:09 +0200] "GET /Jurek/eurofirany/images/404519/0.jpg HTTP/1.1" 200 34608 "http://www.ebay.com/" "Mozilla/5.0 (Windows NT 10.0; Win64; x64) AppleWebKit/537.36 (KHTML, like Gecko) Chrome/123.0.0.0 Safari/537.36"
66.135.223.42 - - [18/Jun/2025:11:28:09 +0200] "GET /Jurek/eurofirany/images/404519/2.jpg HTTP/1.1" 200 112174 "http://www.ebay.com/" "Mozilla/5.0 (Windows NT 10.0; Win64; x64) AppleWebKit/537.36 (KHTML, like Gecko) Chrome/123.0.0.0 Safari/537.36"
66.135.223.43 - - [18/Jun/2025:11:28:09 +0200] "GET /Jurek/eurofirany/images/404519/3.jpg HTTP/1.1" 200 96235 "http://www.ebay.com/" "Mozilla/5.0 (Windows NT 10.0; Win64; x64) AppleWebKit/537.36 (KHTML, like Gecko) Chrome/123.0.0.0 Safari/537.36"
66.135.223.40 - - [18/Jun/2025:11:28:09 +0200] "GET /Jurek/eurofirany/images/404519/1.jpg HTTP/1.1" 200 69715 "http://www.ebay.com/" "Mozilla/5.0 (Windows NT 10.0; Win64; x64) AppleWebKit/537.36 (KHTML, like Gecko) Chrome/123.0.0.0 Safari/537.36"
66.135.223.41 - - [18/Jun/2025:11:28:09 +0200] "GET /Jurek/eurofirany/images/404519/4.jpg HTTP/1.1" 200 90319 "http://www.ebay.com/" "Mozilla/5.0 (Windows NT 10.0; Win64; x64) AppleWebKit/537.36 (KHTML, like Gecko) Chrome/123.0.0.0 Safari/537.36"
77.79.248.229 - - [18/Jun/2025:11:28:10 +0200] "GET /Jurek/awparts/feeds/awparts_piguEX.xml HTTP/1.1" 200 142241348 "-" "Python-urllib/3.11"
77.79.248.229 - - [18/Jun/2025:11:28:10 +0200] "GET /Jurek/expertauto/feeds/expertauto_piguEX.xml HTTP/1.1" 200 1158934 "-" "Python-urllib/3.11"
77.79.248.229 - - [18/Jun/2025:11:28:10 +0200] "GET /Jurek/expertauto/feeds/expertauto_pigufiEX.xml HTTP/1.1" 200 1158937 "-" "Python-urllib/3.11"
77.79.248.229 - - [18/Jun/2025:11:28:10 +0200] "GET /Jurek/expertauto/feeds/expertauto_piguEX.xml HTTP/1.1" 200 1158934 "-" "Python-urllib/3.11"
77.79.248.229 - - [18/Jun/2025:11:28:10 +0200] "GET /Jurek/expertauto/feeds/expertauto_piguEX.xml HTTP/1.1" 200 1158934 "-" "Python-urllib/3.11"
77.79.248.229 - - [18/Jun/2025:11:28:10 +0200] "GET /Jurek/rider/feeds/rider_piguEX.xml HTTP/1.1" 200 8165173 "-" "Python-urllib/3.11"
77.79.248.229 - - [18/Jun/2025:11:28:10 +0200] "GET /Jurek/rider/feeds/rider_pigufiEX.xml HTTP/1.1" 200 8165205 "-" "Python-urllib/3.11"
77.79.248.229 - - [18/Jun/2025:11:28:10 +0200] "GET /Jurek/rider/feeds/rider_piguEX.xml HTTP/1.1" 200 8165173 "-" "Python-urllib/3.11"
77.79.248.229 - - [18/Jun/2025:11:28:11 +0200] "GET /Jurek/rider/feeds/rider_piguEX.xml HTTP/1.1" 200 8165173 "-" "Python-urllib/3.11"
77.79.248.229 - - [18/Jun/2025:11:28:11 +0200] "GET /Jurek/dekoele/feeds/dekoele_piguEX.xml HTTP/1.1" 200 733937 "-" "Python-urllib/3.11"
77.79.248.229 - - [18/Jun/2025:11:28:11 +0200] "GET /Jurek/dekoele/feeds/dekoele_pigufiEX.xml HTTP/1.1" 200 733939 "-" "Python-urllib/3.11"
77.79.248.229 - - [18/Jun/2025:11:28:11 +0200] "GET /Jurek/dekoele/feeds/dekoele_piguEX.xml HTTP/1.1" 200 733937 "-" "Python-urllib/3.11"
77.79.248.229 - - [18/Jun/2025:11:28:11 +0200] "GET /Jurek/dekoele/feeds/dekoele_piguEX.xml HTTP/1.1" 200 733937 "-" "Python-urllib/3.11"
77.79.248.229 - - [18/Jun/2025:11:28:11 +0200] "GET /Jurek/zepnij/feeds/zepnij_piguEX.xml HTTP/1.1" 200 19522799 "-" "Python-urllib/3.11"
77.79.248.229 - - [18/Jun/2025:11:28:11 +0200] "GET /Jurek/zepnij/feeds/zepnij_piguFIEX.xml HTTP/1.1" 200 19522481 "-" "Python-urllib/3.11"
77.79.248.229 - - [18/Jun/2025:11:28:12 +0200] "GET /Jurek/zepnij/feeds/zepnij_piguEX.xml HTTP/1.1" 200 19522799 "-" "Python-urllib/3.11"
77.79.248.229 - - [18/Jun/2025:11:28:12 +0200] "GET /Jurek/zepnij/feeds/zepnij_piguEX.xml HTTP/1.1" 200 19522799 "-" "Python-urllib/3.11"
77.79.248.229 - - [18/Jun/2025:11:28:12 +0200] "GET /Jurek/drewdon/feeds/drewdon_piguEX.xml HTTP/1.1" 200 504441 "-" "Python-urllib/3.11"
77.79.248.229 - - [18/Jun/2025:11:28:12 +0200] "GET /Jurek/drewdon/feeds/drewdon_pigufiEX.xml HTTP/1.1" 200 504444 "-" "Python-urllib/3.11"
77.79.248.229 - - [18/Jun/2025:11:28:12 +0200] "GET /Jurek/drewdon/feeds/drewdon_piguEX.xml HTTP/1.1" 200 504441 "-" "Python-urllib/3.11"
77.79.248.229 - - [18/Jun/2025:11:28:12 +0200] "GET /Jurek/drewdon/feeds/drewdon_piguEX.xml HTTP/1.1" 200 504441 "-" "Python-urllib/3.11"
77.79.248.229 - - [18/Jun/2025:11:28:12 +0200] "GET /Jurek/luxma/feeds/luxma_piguEX.xml HTTP/1.1" 200 8058576 "-" "Python-urllib/3.11"
77.79.248.229 - - [18/Jun/2025:11:28:12 +0200] "GET /Jurek/luxma/feeds/luxma_pigufiEX.xml HTTP/1.1" 200 8058594 "-" "Python-urllib/3.11"
77.79.248.229 - - [18/Jun/2025:11:28:12 +0200] "GET /Jurek/luxma/feeds/luxma_piguEX.xml HTTP/1.1" 200 8058576 "-" "Python-urllib/3.11"
77.79.248.229 - - [18/Jun/2025:11:28:13 +0200] "GET /Jurek/luxma/feeds/luxma_piguEX.xml HTTP/1.1" 200 8058576 "-" "Python-urllib/3.11"
77.79.248.229 - - [18/Jun/2025:11:28:13 +0200] "GET /Jurek/domzapachy/feeds/domzapachy_piguEX.xml HTTP/1.1" 200 179761 "-" "Python-urllib/3.11"
77.79.248.229 - - [18/Jun/2025:11:28:13 +0200] "GET /Jurek/domzapachy/feeds/domzapachy_pigufiEX.xml HTTP/1.1" 200 179761 "-" "Python-urllib/3.11"
77.79.248.229 - - [18/Jun/2025:11:28:13 +0200] "GET /Jurek/domzapachy/feeds/domzapachy_piguEX.xml HTTP/1.1" 200 179761 "-" "Python-urllib/3.11"
77.79.248.229 - - [18/Jun/2025:11:28:13 +0200] "GET /Jurek/domzapachy/feeds/domzapachy_piguEX.xml HTTP/1.1" 200 179761 "-" "Python-urllib/3.11"
77.79.248.229 - - [18/Jun/2025:11:28:13 +0200] "GET /Jurek/madrex/feeds/madrex_piguEX.xml HTTP/1.1" 200 466719 "-" "Python-urllib/3.11"
77.79.248.229 - - [18/Jun/2025:11:28:13 +0200] "GET /Jurek/madrex/feeds/madrex_pigufiEX.xml HTTP/1.1" 200 466732 "-" "Python-urllib/3.11"
77.79.248.229 - - [18/Jun/2025:11:28:13 +0200] "GET /Jurek/madrex/feeds/madrex_piguEX.xml HTTP/1.1" 200 466719 "-" "Python-urllib/3.11"
216.113.184.103 - - [18/Jun/2025:11:28:13 +0200] "GET /Jurek/eurofirany/images/431703/0.jpg HTTP/1.1" 200 6625 "-" "Java/17.0.14.0.101"
77.79.248.229 - - [18/Jun/2025:11:28:13 +0200] "GET /Jurek/madrex/feeds/madrex_piguEX.xml HTTP/1.1" 200 466719 "-" "Python-urllib/3.11"
77.79.248.229 - - [18/Jun/2025:11:28:13 +0200] "GET /Jurek/twojsklep/feeds/twojsklep_piguEX.xml HTTP/1.1" 200 126791 "-" "Python-urllib/3.11"
77.79.248.229 - - [18/Jun/2025:11:28:13 +0200] "GET /Jurek/twojsklep/feeds/twojsklep_pigufiEX.xml HTTP/1.1" 200 126777 "-" "Python-urllib/3.11"
77.79.248.229 - - [18/Jun/2025:11:28:13 +0200] "GET /Jurek/twojsklep/feeds/twojsklep_piguEX.xml HTTP/1.1" 200 126791 "-" "Python-urllib/3.11"
77.79.248.229 - - [18/Jun/2025:11:28:13 +0200] "GET /Jurek/twojsklep/feeds/twojsklep_piguEX.xml HTTP/1.1" 200 126791 "-" "Python-urllib/3.11"
77.79.248.229 - - [18/Jun/2025:11:28:13 +0200] "GET /Jurek/motofan/feeds/motofan_piguEX.xml HTTP/1.1" 200 2392079 "-" "Python-urllib/3.11"
77.79.248.229 - - [18/Jun/2025:11:28:13 +0200] "GET /Jurek/motofan/feeds/motofan_pigufiEX.xml HTTP/1.1" 200 2392074 "-" "Python-urllib/3.11"
77.79.248.229 - - [18/Jun/2025:11:28:14 +0200] "GET /Jurek/motofan/feeds/motofan_piguEX.xml HTTP/1.1" 200 2392079 "-" "Python-urllib/3.11"
77.79.248.229 - - [18/Jun/2025:11:28:14 +0200] "GET /Jurek/motofan/feeds/motofan_piguEX.xml HTTP/1.1" 200 2392079 "-" "Python-urllib/3.11"
77.79.248.229 - - [18/Jun/2025:11:28:14 +0200] "GET /Jurek/antiodor/feeds/antiodor_piguEX.xml HTTP/1.1" 200 137766 "-" "Python-urllib/3.11"
77.79.248.229 - - [18/Jun/2025:11:28:14 +0200] "GET /Jurek/antiodor/feeds/antiodor_pigufiEX.xml HTTP/1.1" 200 137788 "-" "Python-urllib/3.11"
77.79.248.229 - - [18/Jun/2025:11:28:14 +0200] "GET /Jurek/antiodor/feeds/antiodor_piguEX.xml HTTP/1.1" 200 137766 "-" "Python-urllib/3.11"
77.79.248.229 - - [18/Jun/2025:11:28:14 +0200] "GET /Jurek/antiodor/feeds/antiodor_piguEX.xml HTTP/1.1" 200 137766 "-" "Python-urllib/3.11"
77.79.248.229 - - [18/Jun/2025:11:28:14 +0200] "GET /Jurek/qbox/feeds/qbox_piguEX.xml HTTP/1.1" 200 398485 "-" "Python-urllib/3.11"
77.79.248.229 - - [18/Jun/2025:11:28:14 +0200] "GET /Jurek/qbox/feeds/qbox_pigufiEX.xml HTTP/1.1" 200 398490 "-" "Python-urllib/3.11"
77.79.248.229 - - [18/Jun/2025:11:28:14 +0200] "GET /Jurek/qbox/feeds/qbox_piguEX.xml HTTP/1.1" 200 398485 "-" "Python-urllib/3.11"
77.79.248.229 - - [18/Jun/2025:11:28:14 +0200] "GET /Jurek/qbox/feeds/qbox_piguEX.xml HTTP/1.1" 200 398485 "-" "Python-urllib/3.11"
77.79.248.229 - - [18/Jun/2025:11:28:14 +0200] "GET /Jurek/wenom/feeds/wenom_piguEX.xml HTTP/1.1" 200 583073 "-" "Python-urllib/3.11"
77.79.248.229 - - [18/Jun/2025:11:28:14 +0200] "GET /Jurek/wenom/feeds/wenom_pigufiEX.xml HTTP/1.1" 200 583074 "-" "Python-urllib/3.11"
77.79.248.229 - - [18/Jun/2025:11:28:14 +0200] "GET /Jurek/wenom/feeds/wenom_piguEX.xml HTTP/1.1" 200 583073 "-" "Python-urllib/3.11"
77.79.248.229 - - [18/Jun/2025:11:28:14 +0200] "GET /Jurek/wenom/feeds/wenom_piguEX.xml HTTP/1.1" 200 583073 "-" "Python-urllib/3.11"
77.79.248.229 - - [18/Jun/2025:11:28:14 +0200] "GET /Jurek/evil/feeds/evil_piguEX.xml HTTP/1.1" 200 306383 "-" "Python-urllib/3.11"
77.79.248.229 - - [18/Jun/2025:11:28:15 +0200] "GET /Jurek/evil/feeds/evil_pigufiEX.xml HTTP/1.1" 200 306384 "-" "Python-urllib/3.11"
77.79.248.229 - - [18/Jun/2025:11:28:15 +0200] "GET /Jurek/evil/feeds/evil_piguEX.xml HTTP/1.1" 200 306383 "-" "Python-urllib/3.11"
77.79.248.229 - - [18/Jun/2025:11:28:15 +0200] "GET /Jurek/evil/feeds/evil_piguEX.xml HTTP/1.1" 200 306383 "-" "Python-urllib/3.11"
77.79.248.229 - - [18/Jun/2025:11:28:16 +0200] "GET /Jurek/najtanszysport/feeds/najtanszysport_piguEX.xml HTTP/1.1" 200 3982931 "-" "Python-urllib/3.11"
77.79.248.229 - - [18/Jun/2025:11:28:16 +0200] "GET /Jurek/najtanszysport/feeds/najtanszysport_pigufiEX.xml HTTP/1.1" 200 3983146 "-" "Python-urllib/3.11"
77.79.248.229 - - [18/Jun/2025:11:28:16 +0200] "GET /Jurek/najtanszysport/feeds/najtanszysport_piguEX.xml HTTP/1.1" 200 3982931 "-" "Python-urllib/3.11"
77.79.248.229 - - [18/Jun/2025:11:28:16 +0200] "GET /Jurek/najtanszysport/feeds/najtanszysport_piguEX.xml HTTP/1.1" 200 3982931 "-" "Python-urllib/3.11"
77.79.248.229 - - [18/Jun/2025:11:28:16 +0200] "GET /Jurek/bisanti/feeds/bisanti_piguEX.xml HTTP/1.1" 200 1141584 "-" "Python-urllib/3.11"
77.79.248.229 - - [18/Jun/2025:11:28:16 +0200] "GET /Jurek/bisanti/feeds/bisanti_pigufiEX.xml HTTP/1.1" 200 1141589 "-" "Python-urllib/3.11"
77.79.248.229 - - [18/Jun/2025:11:28:16 +0200] "GET /Jurek/bisanti/feeds/bisanti_piguEX.xml HTTP/1.1" 200 1141584 "-" "Python-urllib/3.11"
77.79.248.229 - - [18/Jun/2025:11:28:16 +0200] "GET /Jurek/bisanti/feeds/bisanti_piguEX.xml HTTP/1.1" 200 1141584 "-" "Python-urllib/3.11"
77.79.248.229 - - [18/Jun/2025:11:28:16 +0200] "GET /Jurek/eoptimo/feeds/eoptimo_piguEX.xml HTTP/1.1" 200 2094377 "-" "Python-urllib/3.11"
77.79.248.229 - - [18/Jun/2025:11:28:16 +0200] "GET /Jurek/eoptimo/feeds/eoptimo_pigufiEX.xml HTTP/1.1" 200 2094383 "-" "Python-urllib/3.11"
77.79.248.229 - - [18/Jun/2025:11:28:16 +0200] "GET /Jurek/eoptimo/feeds/eoptimo_piguEX.xml HTTP/1.1" 200 2094377 "-" "Python-urllib/3.11"
77.79.248.229 - - [18/Jun/2025:11:28:16 +0200] "GET /Jurek/eoptimo/feeds/eoptimo_piguEX.xml HTTP/1.1" 200 2094377 "-" "Python-urllib/3.11"
77.79.248.229 - - [18/Jun/2025:11:28:17 +0200] "GET /Jurek/elecomp/feeds/elecomp_piguEX.xml HTTP/1.1" 200 2867703 "-" "Python-urllib/3.11"
77.79.248.229 - - [18/Jun/2025:11:28:17 +0200] "GET /Jurek/elecomp/feeds/elecomp_pigufiEX.xml HTTP/1.1" 200 2867703 "-" "Python-urllib/3.11"
77.79.248.229 - - [18/Jun/2025:11:28:18 +0200] "GET /Jurek/elecomp/feeds/elecomp_piguEX.xml HTTP/1.1" 200 2867703 "-" "Python-urllib/3.11"
77.79.248.229 - - [18/Jun/2025:11:28:18 +0200] "GET /Jurek/elecomp/feeds/elecomp_piguEX.xml HTTP/1.1" 200 2867703 "-" "Python-urllib/3.11"
77.79.248.229 - - [18/Jun/2025:11:28:18 +0200] "GET /Jurek/velinda/feeds/velinda_piguEX.xml HTTP/1.1" 200 4226894 "-" "Python-urllib/3.11"
77.79.248.229 - - [18/Jun/2025:11:28:18 +0200] "GET /Jurek/velinda/feeds/velinda_pigufiEX.xml HTTP/1.1" 200 4227338 "-" "Python-urllib/3.11"
77.79.248.229 - - [18/Jun/2025:11:28:18 +0200] "GET /Jurek/velinda/feeds/velinda_piguEX.xml HTTP/1.1" 200 4226894 "-" "Python-urllib/3.11"
77.79.248.229 - - [18/Jun/2025:11:28:18 +0200] "GET /Jurek/velinda/feeds/velinda_piguEX.xml HTTP/1.1" 200 4226894 "-" "Python-urllib/3.11"
77.79.248.229 - - [18/Jun/2025:11:28:18 +0200] "GET /Jurek/erohurtownia/feeds/erohurtownia_piguEX.xml HTTP/1.1" 200 22841519 "-" "Python-urllib/3.11"
216.113.184.104 - - [18/Jun/2025:11:28:19 +0200] "GET /Jurek/eurofirany/images/404579/0.jpg HTTP/1.1" 200 80075 "-" "Java/17.0.14.0.101"
77.79.248.229 - - [18/Jun/2025:11:28:19 +0200] "GET /Jurek/erohurtownia/feeds/erohurtownia_pigufiEX.xml HTTP/1.1" 200 22841550 "-" "Python-urllib/3.11"
77.79.248.229 - - [18/Jun/2025:11:28:19 +0200] "GET /Jurek/erohurtownia/feeds/erohurtownia_piguEX.xml HTTP/1.1" 200 22841519 "-" "Python-urllib/3.11"
77.79.248.229 - - [18/Jun/2025:11:28:19 +0200] "GET /Jurek/erohurtownia/feeds/erohurtownia_piguEX.xml HTTP/1.1" 200 22841519 "-" "Python-urllib/3.11"
77.79.248.229 - - [18/Jun/2025:11:28:19 +0200] "GET /Jurek/reman/feeds/reman_piguEX.xml HTTP/1.1" 200 1394830 "-" "Python-urllib/3.11"
77.79.248.229 - - [18/Jun/2025:11:28:19 +0200] "GET /Jurek/reman/feeds/reman_pigufiEX.xml HTTP/1.1" 200 1394824 "-" "Python-urllib/3.11"
77.79.248.229 - - [18/Jun/2025:11:28:19 +0200] "GET /Jurek/reman/feeds/reman_piguEX.xml HTTP/1.1" 200 1394830 "-" "Python-urllib/3.11"
77.79.248.229 - - [18/Jun/2025:11:28:19 +0200] "GET /Jurek/reman/feeds/reman_piguEX.xml HTTP/1.1" 200 1394830 "-" "Python-urllib/3.11"
77.79.248.229 - - [18/Jun/2025:11:28:19 +0200] "GET /Jurek/urwiskowo/feeds/urwiskowo_piguEX.xml HTTP/1.1" 200 9114224 "-" "Python-urllib/3.11"
77.79.248.229 - - [18/Jun/2025:11:28:20 +0200] "GET /Jurek/urwiskowo/feeds/urwiskowo_pigufiEX.xml HTTP/1.1" 200 9114163 "-" "Python-urllib/3.11"
77.79.248.229 - - [18/Jun/2025:11:28:20 +0200] "GET /Jurek/urwiskowo/feeds/urwiskowo_piguEX.xml HTTP/1.1" 200 9114224 "-" "Python-urllib/3.11"
77.79.248.229 - - [18/Jun/2025:11:28:20 +0200] "GET /Jurek/urwiskowo/feeds/urwiskowo_piguEX.xml HTTP/1.1" 200 9114224 "-" "Python-urllib/3.11"
77.79.248.229 - - [18/Jun/2025:11:28:20 +0200] "GET /Jurek/combine/feeds/combine_piguEX.xml HTTP/1.1" 200 210510 "-" "Python-urllib/3.11"
77.79.248.229 - - [18/Jun/2025:11:28:20 +0200] "GET /Jurek/combine/feeds/combine_pigufiEX.xml HTTP/1.1" 200 210503 "-" "Python-urllib/3.11"
77.79.248.229 - - [18/Jun/2025:11:28:20 +0200] "GET /Jurek/combine/feeds/combine_piguEX.xml HTTP/1.1" 200 210510 "-" "Python-urllib/3.11"
77.79.248.229 - - [18/Jun/2025:11:28:20 +0200] "GET /Jurek/combine/feeds/combine_piguEX.xml HTTP/1.1" 200 210510 "-" "Python-urllib/3.11"
77.79.248.229 - - [18/Jun/2025:11:28:20 +0200] "GET /Jurek/eldar/feeds/eldar_piguEX.xml HTTP/1.1" 200 7326855 "-" "Python-urllib/3.11"
77.79.248.229 - - [18/Jun/2025:11:28:21 +0200] "GET /Jurek/eldar/feeds/eldar_pigufiEX.xml HTTP/1.1" 200 7326645 "-" "Python-urllib/3.11"
77.79.248.229 - - [18/Jun/2025:11:28:21 +0200] "GET /Jurek/eldar/feeds/eldar_piguEX.xml HTTP/1.1" 200 7326855 "-" "Python-urllib/3.11"
77.79.248.229 - - [18/Jun/2025:11:28:21 +0200] "GET /Jurek/eldar/feeds/eldar_piguEX.xml HTTP/1.1" 200 7326855 "-" "Python-urllib/3.11"
77.79.248.229 - - [18/Jun/2025:11:28:21 +0200] "GET /Jurek/kinghoff/feeds/kinghoff_piguEX.xml HTTP/1.1" 200 15679691 "-" "Python-urllib/3.11"
77.79.248.229 - - [18/Jun/2025:11:28:21 +0200] "GET /Jurek/kinghoff/feeds/kinghoff_pigufiEX.xml HTTP/1.1" 200 15679819 "-" "Python-urllib/3.11"
77.79.248.229 - - [18/Jun/2025:11:28:21 +0200] "GET /Jurek/kinghoff/feeds/kinghoff_piguEX.xml HTTP/1.1" 200 15679691 "-" "Python-urllib/3.11"
66.135.223.40 - - [18/Jun/2025:11:28:21 +0200] "GET /Jurek/eurofirany/images/436708/0.jpg HTTP/1.1" 200 85149 "http://www.ebay.com/" "Mozilla/5.0 (Windows NT 10.0; Win64; x64) AppleWebKit/537.36 (KHTML, like Gecko) Chrome/123.0.0.0 Safari/537.36"
66.135.223.44 - - [18/Jun/2025:11:28:22 +0200] "GET /Jurek/eurofirany/images/436708/3.jpg HTTP/1.1" 200 44160 "http://www.ebay.com/" "Mozilla/5.0 (Windows NT 10.0; Win64; x64) AppleWebKit/537.36 (KHTML, like Gecko) Chrome/123.0.0.0 Safari/537.36"
77.79.248.229 - - [18/Jun/2025:11:28:22 +0200] "GET /Jurek/kinghoff/feeds/kinghoff_piguEX.xml HTTP/1.1" 200 15679691 "-" "Python-urllib/3.11"
66.135.223.40 - - [18/Jun/2025:11:28:22 +0200] "GET /Jurek/eurofirany/images/436708/1.jpg HTTP/1.1" 200 142740 "http://www.ebay.com/" "Mozilla/5.0 (Windows NT 10.0; Win64; x64) AppleWebKit/537.36 (KHTML, like Gecko) Chrome/123.0.0.0 Safari/537.36"
66.135.223.41 - - [18/Jun/2025:11:28:22 +0200] "GET /Jurek/eurofirany/images/436708/5.jpg HTTP/1.1" 200 134832 "http://www.ebay.com/" "Mozilla/5.0 (Windows NT 10.0; Win64; x64) AppleWebKit/537.36 (KHTML, like Gecko) Chrome/123.0.0.0 Safari/537.36"
66.135.223.42 - - [18/Jun/2025:11:28:22 +0200] "GET /Jurek/eurofirany/images/436708/6.jpg HTTP/1.1" 200 141951 "http://www.ebay.com/" "Mozilla/5.0 (Windows NT 10.0; Win64; x64) AppleWebKit/537.36 (KHTML, like Gecko) Chrome/123.0.0.0 Safari/537.36"
66.135.223.40 - - [18/Jun/2025:11:28:22 +0200] "GET /Jurek/eurofirany/images/436708/2.jpg HTTP/1.1" 200 156303 "http://www.ebay.com/" "Mozilla/5.0 (Windows NT 10.0; Win64; x64) AppleWebKit/537.36 (KHTML, like Gecko) Chrome/123.0.0.0 Safari/537.36"
66.135.223.42 - - [18/Jun/2025:11:28:22 +0200] "GET /Jurek/eurofirany/images/436708/9.jpg HTTP/1.1" 200 105519 "http://www.ebay.com/" "Mozilla/5.0 (Windows NT 10.0; Win64; x64) AppleWebKit/537.36 (KHTML, like Gecko) Chrome/123.0.0.0 Safari/537.36"
66.135.223.41 - - [18/Jun/2025:11:28:22 +0200] "GET /Jurek/eurofirany/images/436708/4.jpg HTTP/1.1" 200 209484 "http://www.ebay.com/" "Mozilla/5.0 (Windows NT 10.0; Win64; x64) AppleWebKit/537.36 (KHTML, like Gecko) Chrome/123.0.0.0 Safari/537.36"
66.135.223.44 - - [18/Jun/2025:11:28:22 +0200] "GET /Jurek/eurofirany/images/436708/8.jpg HTTP/1.1" 200 149619 "http://www.ebay.com/" "Mozilla/5.0 (Windows NT 10.0; Win64; x64) AppleWebKit/537.36 (KHTML, like Gecko) Chrome/123.0.0.0 Safari/537.36"
77.79.248.229 - - [18/Jun/2025:11:28:22 +0200] "GET /Jurek/action/feeds/action_piguEX.xml HTTP/1.1" 200 60823844 "-" "Python-urllib/3.11"
66.135.223.43 - - [18/Jun/2025:11:28:22 +0200] "GET /Jurek/eurofirany/images/436708/7.jpg HTTP/1.1" 200 222090 "http://www.ebay.com/" "Mozilla/5.0 (Windows NT 10.0; Win64; x64) AppleWebKit/537.36 (KHTML, like Gecko) Chrome/123.0.0.0 Safari/537.36"
216.113.184.103 - - [18/Jun/2025:11:28:23 +0200] "GET /Jurek/eurofirany/images/432689/1.jpg HTTP/1.1" 200 49786 "http://www.ebay.com/" "Mozilla/5.0 (Windows NT 10.0; Win64; x64) AppleWebKit/537.36 (KHTML, like Gecko) Chrome/123.0.0.0 Safari/537.36"
216.113.184.103 - - [18/Jun/2025:11:28:23 +0200] "GET /Jurek/eurofirany/images/432689/2.jpg HTTP/1.1" 200 36777 "http://www.ebay.com/" "Mozilla/5.0 (Windows NT 10.0; Win64; x64) AppleWebKit/537.36 (KHTML, like Gecko) Chrome/123.0.0.0 Safari/537.36"
216.113.184.104 - - [18/Jun/2025:11:28:23 +0200] "GET /Jurek/eurofirany/images/432689/4.jpg HTTP/1.1" 200 110089 "http://www.ebay.com/" "Mozilla/5.0 (Windows NT 10.0; Win64; x64) AppleWebKit/537.36 (KHTML, like Gecko) Chrome/123.0.0.0 Safari/537.36"
216.113.184.101 - - [18/Jun/2025:11:28:23 +0200] "GET /Jurek/eurofirany/images/432689/3.jpg HTTP/1.1" 200 30338 "http://www.ebay.com/" "Mozilla/5.0 (Windows NT 10.0; Win64; x64) AppleWebKit/537.36 (KHTML, like Gecko) Chrome/123.0.0.0 Safari/537.36"
216.113.184.101 - - [18/Jun/2025:11:28:23 +0200] "GET /Jurek/eurofirany/images/432689/0.jpg HTTP/1.1" 200 24822 "http://www.ebay.com/" "Mozilla/5.0 (Windows NT 10.0; Win64; x64) AppleWebKit/537.36 (KHTML, like Gecko) Chrome/123.0.0.0 Safari/537.36"
216.113.184.104 - - [18/Jun/2025:11:28:23 +0200] "GET /Jurek/eurofirany/images/432689/6.jpg HTTP/1.1" 200 51316 "http://www.ebay.com/" "Mozilla/5.0 (Windows NT 10.0; Win64; x64) AppleWebKit/537.36 (KHTML, like Gecko) Chrome/123.0.0.0 Safari/537.36"
216.113.184.105 - - [18/Jun/2025:11:28:23 +0200] "GET /Jurek/eurofirany/images/432689/5.jpg HTTP/1.1" 200 140295 "http://www.ebay.com/" "Mozilla/5.0 (Windows NT 10.0; Win64; x64) AppleWebKit/537.36 (KHTML, like Gecko) Chrome/123.0.0.0 Safari/537.36"
77.79.248.229 - - [18/Jun/2025:11:28:23 +0200] "GET /Jurek/action/feeds/action_pigufiEX.xml HTTP/1.1" 200 60825202 "-" "Python-urllib/3.11"
77.79.248.229 - - [18/Jun/2025:11:28:24 +0200] "GET /Jurek/action/feeds/action_piguEX.xml HTTP/1.1" 200 60823844 "-" "Python-urllib/3.11"
77.79.248.229 - - [18/Jun/2025:11:28:24 +0200] "GET /Jurek/action/feeds/action_piguEX.xml HTTP/1.1" 200 60823844 "-" "Python-urllib/3.11"
77.79.248.229 - - [18/Jun/2025:11:28:25 +0200] "GET /Jurek/aw/feeds/aw_piguEX.xml HTTP/1.1" 200 90816240 "-" "Python-urllib/3.11"
77.79.248.229 - - [18/Jun/2025:11:28:26 +0200] "GET /Jurek/aw/feeds/aw_pigufiEX.xml HTTP/1.1" 200 90819396 "-" "Python-urllib/3.11"
77.79.248.229 - - [18/Jun/2025:11:28:27 +0200] "GET /Jurek/aw/feeds/aw_piguEX.xml HTTP/1.1" 200 90816240 "-" "Python-urllib/3.11"
66.135.223.43 - - [18/Jun/2025:11:28:27 +0200] "GET /Jurek/eurofirany/images/416830/0.jpg HTTP/1.1" 200 93636 "http://www.ebay.com/" "Mozilla/5.0 (Windows NT 10.0; Win64; x64) AppleWebKit/537.36 (KHTML, like Gecko) Chrome/123.0.0.0 Safari/537.36"
66.135.223.41 - - [18/Jun/2025:11:28:27 +0200] "GET /Jurek/eurofirany/images/416830/1.jpg HTTP/1.1" 200 56971 "http://www.ebay.com/" "Mozilla/5.0 (Windows NT 10.0; Win64; x64) AppleWebKit/537.36 (KHTML, like Gecko) Chrome/123.0.0.0 Safari/537.36"
66.135.223.44 - - [18/Jun/2025:11:28:27 +0200] "GET /Jurek/eurofirany/images/416830/3.jpg HTTP/1.1" 200 122875 "http://www.ebay.com/" "Mozilla/5.0 (Windows NT 10.0; Win64; x64) AppleWebKit/537.36 (KHTML, like Gecko) Chrome/123.0.0.0 Safari/537.36"
66.135.223.40 - - [18/Jun/2025:11:28:27 +0200] "GET /Jurek/eurofirany/images/416830/2.jpg HTTP/1.1" 200 123411 "http://www.ebay.com/" "Mozilla/5.0 (Windows NT 10.0; Win64; x64) AppleWebKit/537.36 (KHTML, like Gecko) Chrome/123.0.0.0 Safari/537.36"
77.79.248.229 - - [18/Jun/2025:11:28:28 +0200] "GET /Jurek/aw/feeds/aw_piguEX.xml HTTP/1.1" 200 90816240 "-" "Python-urllib/3.11"
77.79.248.229 - - [18/Jun/2025:11:28:28 +0200] "GET /Jurek/eurofirany/feeds/eurofirany_piguEX.xml HTTP/1.1" 200 19515184 "-" "Python-urllib/3.11"
77.79.248.229 - - [18/Jun/2025:11:28:28 +0200] "GET /Jurek/eurofirany/feeds/eurofirany_piguFIEX.xml HTTP/1.1" 200 19515130 "-" "Python-urllib/3.11"
77.79.248.229 - - [18/Jun/2025:11:28:28 +0200] "GET /Jurek/eurofirany/feeds/eurofirany_piguEX.xml HTTP/1.1" 200 19515184 "-" "Python-urllib/3.11"
77.79.248.229 - - [18/Jun/2025:11:28:29 +0200] "GET /Jurek/eurofirany/feeds/eurofirany_piguEX.xml HTTP/1.1" 200 19515184 "-" "Python-urllib/3.11"
77.79.248.229 - - [18/Jun/2025:11:28:30 +0200] "GET /Jurek/muminky/feeds/muminky_piguEX.xml HTTP/1.1" 200 2677539 "-" "Python-urllib/3.11"
77.79.248.229 - - [18/Jun/2025:11:28:30 +0200] "GET /Jurek/muminky/feeds/muminky_piguFIEX.xml HTTP/1.1" 200 2677662 "-" "Python-urllib/3.11"
77.79.248.229 - - [18/Jun/2025:11:28:30 +0200] "GET /Jurek/muminky/feeds/muminky_piguEX.xml HTTP/1.1" 200 2677539 "-" "Python-urllib/3.11"
77.79.248.229 - - [18/Jun/2025:11:28:30 +0200] "GET /Jurek/muminky/feeds/muminky_piguEX.xml HTTP/1.1" 200 2677539 "-" "Python-urllib/3.11"
77.79.248.229 - - [18/Jun/2025:11:28:30 +0200] "GET /Jurek/benetech/feeds/benetech_piguEX.xml HTTP/1.1" 200 4165492 "-" "Python-urllib/3.11"
77.79.248.229 - - [18/Jun/2025:11:28:31 +0200] "GET /Jurek/benetech/feeds/benetech_piguFIEX.xml HTTP/1.1" 200 4165491 "-" "Python-urllib/3.11"
77.79.248.229 - - [18/Jun/2025:11:28:31 +0200] "GET /Jurek/benetech/feeds/benetech_piguEX.xml HTTP/1.1" 200 4165492 "-" "Python-urllib/3.11"
77.79.248.229 - - [18/Jun/2025:11:28:31 +0200] "GET /Jurek/benetech/feeds/benetech_piguEX.xml HTTP/1.1" 200 4165492 "-" "Python-urllib/3.11"
77.79.248.229 - - [18/Jun/2025:11:28:31 +0200] "GET /Jurek/pupus/feeds/pupus_piguEX.xml HTTP/1.1" 200 6154222 "-" "Python-urllib/3.11"
77.79.248.229 - - [18/Jun/2025:11:28:31 +0200] "GET /Jurek/pupus/feeds/pupus_piguFIEX.xml HTTP/1.1" 200 6154364 "-" "Python-urllib/3.11"
77.79.248.229 - - [18/Jun/2025:11:28:31 +0200] "GET /Jurek/pupus/feeds/pupus_piguEX.xml HTTP/1.1" 200 6154222 "-" "Python-urllib/3.11"
77.79.248.229 - - [18/Jun/2025:11:28:31 +0200] "GET /Jurek/pupus/feeds/pupus_piguEX.xml HTTP/1.1" 200 6154222 "-" "Python-urllib/3.11"
77.79.248.229 - - [18/Jun/2025:11:28:32 +0200] "GET /Jurek/ikonka/feeds/ikonka_piguEX.xml HTTP/1.1" 200 21335364 "-" "Python-urllib/3.11"
77.79.248.229 - - [18/Jun/2025:11:28:33 +0200] "GET /Jurek/ikonka/feeds/ikonka_piguFIEX.xml HTTP/1.1" 200 21335378 "-" "Python-urllib/3.11"
77.79.248.229 - - [18/Jun/2025:11:28:33 +0200] "GET /Jurek/ikonka/feeds/ikonka_piguEX.xml HTTP/1.1" 200 21335364 "-" "Python-urllib/3.11"
216.113.184.101 - - [18/Jun/2025:11:28:33 +0200] "GET /Jurek/eurofirany/images/404513/3.jpg HTTP/1.1" 200 96235 "http://www.ebay.com/" "Mozilla/5.0 (Windows NT 10.0; Win64; x64) AppleWebKit/537.36 (KHTML, like Gecko) Chrome/123.0.0.0 Safari/537.36"
