77.79.248.229 - - [17/Jun/2025:14:58:55 +0200] "GET /Jurek/missionair/feeds/missionair_manoES.xml HTTP/1.1" 200 3154888 "-" "Python-urllib/3.11"
77.79.248.229 - - [17/Jun/2025:14:58:58 +0200] "GET /Jurek/apresto/feeds/apresto_manoES.xml HTTP/1.1" 200 1327596 "-" "Python-urllib/3.11"
89.161.206.59 - - [17/Jun/2025:14:59:25 +0200] "GET /Jurek/eurofirany/feeds/eurofirany_emagro.xml HTTP/1.0" 200 19518049 "-" "-"
66.249.64.37 - - [17/Jun/2025:14:59:36 +0200] "GET /Jurek/eurofirany/images/371965/5.jpg HTTP/1.1" 200 122212 "-" "Googlebot-Image/1.0"
89.161.206.59 - - [17/Jun/2025:14:59:59 +0200] "GET /Jurek/evil/feeds/evil_emagro.xml HTTP/1.0" 200 306428 "-" "-"
89.161.206.59 - - [17/Jun/2025:14:59:59 +0200] "GET /Jurek/spali/feeds/spali_emagro.xml HTTP/1.0" 200 77062 "-" "-"
89.161.206.59 - - [17/Jun/2025:15:00:00 +0200] "GET /Jurek/qbox/feeds/qbox_emagro.xml HTTP/1.0" 200 398639 "-" "-"
89.161.206.59 - - [17/Jun/2025:15:00:00 +0200] "GET /Jurek/ekotex/feeds/ekotex_emagro.xml HTTP/1.0" 200 197845 "-" "-"
89.161.206.59 - - [17/Jun/2025:15:00:00 +0200] "GET /Jurek/drewdon/feeds/drewdon_emagro.xml HTTP/1.0" 200 504521 "-" "-"
66.249.64.38 - - [17/Jun/2025:15:00:18 +0200] "GET /Jurek/eurofirany/images/315130/4.jpg HTTP/1.1" 200 233911 "-" "Googlebot-Image/1.0"
85.14.86.141 - - [17/Jun/2025:15:00:23 +0200] "GET /Jurek/vida_morele/feeds/VidaPL_all.xml HTTP/2.0" 200 877253724 "-" "MarketplaceAPI curl/7.74.0 PHP/8"
35.204.39.32 - - [17/Jun/2025:15:00:29 +0200] "GET /marketplaces/carrefour_fr/results/carrefour_fr.csv HTTP/1.1" 200 147218 "-" "Mirakl HttpClient"
52.209.168.113 - - [17/Jun/2025:15:00:42 +0200] "GET /marketplaces/ubaldi/results/ubaldi.csv HTTP/1.1" 200 147219 "-" "Mirakl HttpClient"
46.101.116.244 - - [17/Jun/2025:15:01:00 +0200] "GET /Jurek/fernity/feeds/fernity_manomano.xml HTTP/1.0" 200 4960746 "-" "-"
89.161.206.59 - - [17/Jun/2025:15:01:02 +0200] "GET /Jurek/eurofirany/feeds/eurofirany_manomanofr.xml HTTP/1.0" 200 19507610 "-" "-"
69.171.249.5 - - [17/Jun/2025:15:01:13 +0200] "GET /robots.txt HTTP/1.1" 404 3551 "-" "facebookexternalhit/1.1 (+http://www.facebook.com/externalhit_uatext.php)"
46.101.116.244 - - [17/Jun/2025:15:01:22 +0200] "GET /Jurek/hurtownia_przemyslowa/feeds/hp_alza.xml HTTP/2.0" 200 49379154 "-" "-"
66.249.64.39 - - [17/Jun/2025:15:01:43 +0200] "GET /Jurek/eurofirany/images/45095/0.jpg HTTP/1.1" 200 6625 "-" "Googlebot-Image/1.0"
46.101.116.244 - - [17/Jun/2025:15:01:48 +0200] "GET /Jurek/hurtownia_przemyslowa/feeds/hp_kaufcz.xml HTTP/2.0" 200 49379444 "-" "-"
89.161.206.59 - - [17/Jun/2025:15:01:48 +0200] "GET /Jurek/roger/feeds/roger_manoFR.xml HTTP/1.0" 200 1147412 "-" "-"
35.204.39.32 - - [17/Jun/2025:15:01:54 +0200] "GET /marketplaces/vente/results/vente_nl.csv HTTP/1.1" 200 147219 "-" "Mirakl HttpClient"
35.204.39.32 - - [17/Jun/2025:15:01:54 +0200] "GET /marketplaces/vente/results/vente_fr.csv HTTP/1.1" 200 147219 "-" "Mirakl HttpClient"
35.204.39.32 - - [17/Jun/2025:15:01:54 +0200] "GET /marketplaces/vente/results/vente_be.csv HTTP/1.1" 200 147219 "-" "Mirakl HttpClient"
35.204.39.32 - - [17/Jun/2025:15:01:54 +0200] "GET /marketplaces/vente/results/vente_it.csv HTTP/1.1" 200 147219 "-" "Mirakl HttpClient"
35.204.39.32 - - [17/Jun/2025:15:01:54 +0200] "GET /marketplaces/vente/results/vente_es.csv HTTP/1.1" 200 147219 "-" "Mirakl HttpClient"
35.204.39.32 - - [17/Jun/2025:15:01:55 +0200] "GET /marketplaces/vente/results/vente_de.csv HTTP/1.1" 200 147219 "-" "Mirakl HttpClient"
46.101.116.244 - - [17/Jun/2025:15:02:00 +0200] "GET /Jurek/awparts/feeds/awparts_manoFR.xml HTTP/1.0" 200 142301037 "-" "-"
89.161.206.59 - - [17/Jun/2025:15:02:19 +0200] "GET /Jurek/wezer/feeds/wezer_emagro.xml HTTP/1.0" 200 210826 "-" "-"
85.232.241.194 - - [17/Jun/2025:15:02:20 +0200] "GET /Jurek/topeshop/feeds/topeshop_vente_fr.xml HTTP/1.1" 200 3090133 "-" "Python-urllib/3.11"
85.232.241.194 - - [17/Jun/2025:15:02:20 +0200] "GET /Jurek/fernity/feeds/fernity_vente_fr.xml HTTP/1.1" 200 3076074 "-" "Python-urllib/3.11"
85.232.241.194 - - [17/Jun/2025:15:02:20 +0200] "GET /Jurek/kinghome/feeds/kinghome_vente_fr.xml HTTP/1.1" 200 5499575 "-" "Python-urllib/3.11"
46.101.116.244 - - [17/Jun/2025:15:02:21 +0200] "GET /Jurek/hurtownia_przemyslowa/feeds/hp_kaufsk.xml HTTP/2.0" 200 49358975 "-" "-"
52.18.22.0 - - [17/Jun/2025:15:02:25 +0200] "GET /marketplaces/rue/results/rue.csv HTTP/1.1" 200 147219 "-" "Mirakl HttpClient"
85.232.241.194 - - [17/Jun/2025:15:02:26 +0200] "GET /Jurek/emibig/feeds/emibig_vente_fr.xml HTTP/1.1" 200 2520052 "-" "Python-urllib/3.11"
85.232.241.194 - - [17/Jun/2025:15:02:26 +0200] "GET /Jurek/b3/feeds/b3_vente_fr.xml HTTP/1.1" 200 8509120 "-" "Python-urllib/3.11"
46.101.116.244 - - [17/Jun/2025:15:02:51 +0200] "GET /Jurek/hurtownia_przemyslowa/feeds/hp_kaufde.xml HTTP/2.0" 200 49357490 "-" "-"
89.161.206.59 - - [17/Jun/2025:15:02:53 +0200] "GET /Jurek/motofan/feeds/motofan_emagro.xml HTTP/1.0" 200 2391902 "-" "-"
66.249.64.38 - - [17/Jun/2025:15:03:08 +0200] "GET /Jurek/eurofirany/images/416783/3.jpg HTTP/1.1" 200 203822 "-" "Googlebot-Image/1.0"
85.232.241.194 - - [17/Jun/2025:15:03:11 +0200] "GET /Jurek/asortymenteu/feeds/asortymenteu_vente_fr.xml HTTP/1.1" 200 2906715 "-" "Python-urllib/3.11"
85.232.241.194 - - [17/Jun/2025:15:03:36 +0200] "GET /Jurek/hurtmeblowy/feeds/hurtmeblowy_vente_fr.xml HTTP/1.1" 200 7827890 "-" "Python-urllib/3.11"
66.249.64.37 - - [17/Jun/2025:15:03:50 +0200] "GET /Jurek/eurofirany/images/5642/0.jpg HTTP/1.1" 200 145716 "-" "Googlebot-Image/1.0"
85.14.86.141 - - [17/Jun/2025:15:04:04 +0200] "GET /Jurek/kinghoff/feeds/kinghoff_morele.xml HTTP/2.0" 200 15680424 "-" "MarketplaceAPI curl/7.74.0 PHP/8"
52.209.168.113 - - [17/Jun/2025:15:04:47 +0200] "GET /marketplaces/carrefour/results/carrefour.csv HTTP/1.1" 200 147219 "-" "Mirakl HttpClient"
89.161.206.59 - - [17/Jun/2025:15:04:52 +0200] "GET /Jurek/lendo/feeds/lendo_emagro.xml HTTP/1.0" 200 330417 "-" "-"
89.161.206.59 - - [17/Jun/2025:15:04:53 +0200] "GET /Jurek/pawonik/feeds/pawonik_emagro.xml HTTP/1.0" 200 2138649 "-" "-"
89.161.206.59 - - [17/Jun/2025:15:04:54 +0200] "GET /Jurek/hurtmeblowy/feeds/hurtmeblowy_emagro.xml HTTP/1.0" 200 7829047 "-" "-"
89.161.206.59 - - [17/Jun/2025:15:04:55 +0200] "GET /Jurek/ikonka/feeds/ikonka_emagro.xml HTTP/1.0" 200 21281686 "-" "-"
46.101.116.244 - - [17/Jun/2025:15:04:56 +0200] "GET /Jurek/piotrmiedz/feeds/piotrmiedz_zero.xml HTTP/2.0" 200 91017034 "-" "-"
89.161.206.59 - - [17/Jun/2025:15:05:21 +0200] "GET /Jurek/lerutrade/feeds/lerutrade_manoFR.xml HTTP/1.0" 200 82815 "-" "-"
89.161.206.59 - - [17/Jun/2025:15:05:54 +0200] "GET /Jurek/topeshop/feeds/topeshop_emagro.xml HTTP/1.0" 200 909368 "-" "-"
89.161.206.59 - - [17/Jun/2025:15:05:56 +0200] "GET /Jurek/activeshop/feeds/activeshop_emagro.xml HTTP/1.0" 200 10442670 "-" "-"
89.161.206.59 - - [17/Jun/2025:15:06:34 +0200] "GET /Jurek/kinghoff/feeds/kinghoff_emaghu.xml HTTP/1.0" 200 15687113 "-" "-"
85.14.86.141 - - [17/Jun/2025:15:06:39 +0200] "GET /Jurek/eurofirany/feeds/eurofirany_morele.xml HTTP/2.0" 200 19508795 "-" "MarketplaceAPI curl/7.74.0 PHP/8"
85.14.86.141 - - [17/Jun/2025:15:07:04 +0200] "GET /Jurek/vivaldi/feeds/vivaldi_Morele-PL.xml HTTP/2.0" 200 344674 "-" "MarketplaceAPI curl/7.74.0 PHP/8"
66.249.64.37 - - [17/Jun/2025:15:07:22 +0200] "GET /Jurek/eurofirany/images/438608/5.jpg HTTP/1.1" 200 224120 "-" "Googlebot-Image/1.0"
46.101.116.244 - - [17/Jun/2025:15:07:28 +0200] "GET /Jurek/kamar/feeds/kamar_alza.xml HTTP/2.0" 200 25563332 "-" "-"
193.33.8.61 - maria [17/Jun/2025:15:07:51 +0200] "GET /Filip/janshop_orders/exports/ HTTP/2.0" 200 102281 "-" "Mozilla/5.0 (Windows NT 10.0; Win64; x64) AppleWebKit/537.36 (KHTML, like Gecko) Chrome/137.0.0.0 Safari/537.36"
193.33.8.61 - maria [17/Jun/2025:15:07:53 +0200] "GET /Filip/janshop_orders/exports/great_2025-06-17_15.txt HTTP/2.0" 200 5714 "https://dkkapusta1997.usermd.net/Filip/janshop_orders/exports/" "Mozilla/5.0 (Windows NT 10.0; Win64; x64) AppleWebKit/537.36 (KHTML, like Gecko) Chrome/137.0.0.0 Safari/537.36"
193.33.8.61 - maria [17/Jun/2025:15:07:54 +0200] "GET /Filip/janshop_orders/exports/extra_2025-06-17_15.txt HTTP/2.0" 200 7740 "https://dkkapusta1997.usermd.net/Filip/janshop_orders/exports/" "Mozilla/5.0 (Windows NT 10.0; Win64; x64) AppleWebKit/537.36 (KHTML, like Gecko) Chrome/137.0.0.0 Safari/537.36"
193.33.8.61 - maria [17/Jun/2025:15:07:55 +0200] "GET /Filip/janshop_orders/exports/shumee_2025-06-17_15.txt HTTP/2.0" 200 590 "https://dkkapusta1997.usermd.net/Filip/janshop_orders/exports/" "Mozilla/5.0 (Windows NT 10.0; Win64; x64) AppleWebKit/537.36 (KHTML, like Gecko) Chrome/137.0.0.0 Safari/537.36"
46.101.116.244 - - [17/Jun/2025:15:08:06 +0200] "GET /Jurek/tsjerzy/feeds/tsjerzy_alza.xml HTTP/2.0" 200 3901381 "-" "-"
46.101.116.244 - - [17/Jun/2025:15:08:27 +0200] "GET /Jurek/hurtmeblowy/feeds/hurtmeblowy_alza.xml HTTP/2.0" 200 7831008 "-" "-"
85.14.86.141 - - [17/Jun/2025:15:08:32 +0200] "GET /Jurek/vida_morele/feeds/VidaPL_morele.xml HTTP/2.0" 200 877255167 "-" "MarketplaceAPI curl/7.74.0 PHP/8"
46.101.116.244 - - [17/Jun/2025:15:08:39 +0200] "GET /Jurek/kobi/feeds/kobi_alza.xml HTTP/2.0" 200 677301 "-" "-"
89.161.206.59 - - [17/Jun/2025:15:08:45 +0200] "GET /Jurek/ikonka/feeds/ikonka_allegro_cz.xml HTTP/1.0" 200 21281134 "-" "-"
66.249.64.37 - - [17/Jun/2025:15:08:46 +0200] "GET /Jurek/topeshop/downloaded_images/5902838466209_KUBABIURKOBRY%C5%81KASONOMABOKOT.jpg HTTP/1.1" 404 3551 "-" "Googlebot-Image/1.0"
66.211.183.74 - - [17/Jun/2025:15:08:49 +0200] "GET /Jurek/eurofirany/images/457328/0.jpg HTTP/1.1" 200 194272 "-" "Java/17.0.14.0.101"
46.101.116.244 - - [17/Jun/2025:15:08:50 +0200] "GET /Jurek/madrex/feeds/madrex_alza.xml HTTP/2.0" 200 466765 "-" "-"
46.101.116.244 - - [17/Jun/2025:15:09:00 +0200] "GET /Jurek/matkam/feeds/matkam_alza.xml HTTP/2.0" 200 4426285 "-" "-"
185.6.76.18 - - [17/Jun/2025:15:09:11 +0200] "GET /marketplaces/skroutz/feeds/shumee.xml HTTP/1.1" 200 280877754 "-" "SkroutzBot v1.0"
193.33.8.61 - maria [17/Jun/2025:15:09:31 +0200] "POST /Filip/janshop_orders/exports/ HTTP/2.0" 200 102288 "https://dkkapusta1997.usermd.net/Filip/janshop_orders/exports/" "Mozilla/5.0 (Windows NT 10.0; Win64; x64) AppleWebKit/537.36 (KHTML, like Gecko) Chrome/137.0.0.0 Safari/537.36"
193.33.8.61 - maria [17/Jun/2025:15:09:34 +0200] "POST /Filip/janshop_orders/exports/ HTTP/2.0" 499 0 "https://dkkapusta1997.usermd.net/Filip/janshop_orders/exports/" "Mozilla/5.0 (Windows NT 10.0; Win64; x64) AppleWebKit/537.36 (KHTML, like Gecko) Chrome/137.0.0.0 Safari/537.36"
193.33.8.61 - maria [17/Jun/2025:15:09:36 +0200] "POST /Filip/janshop_orders/exports/ HTTP/2.0" 200 102302 "https://dkkapusta1997.usermd.net/Filip/janshop_orders/exports/" "Mozilla/5.0 (Windows NT 10.0; Win64; x64) AppleWebKit/537.36 (KHTML, like Gecko) Chrome/137.0.0.0 Safari/537.36"
85.14.86.141 - - [17/Jun/2025:15:09:45 +0200] "GET /Jurek/aw/feeds/awnarzedzia_morele.xml HTTP/2.0" 200 90840498 "-" "MarketplaceAPI curl/7.74.0 PHP/8"
85.232.241.194 - - [17/Jun/2025:15:09:55 +0200] "GET /Jurek/topeshop/feeds/topeshop_vente_be.xml HTTP/1.1" 200 3090149 "-" "Python-urllib/3.11"
85.232.241.194 - - [17/Jun/2025:15:09:55 +0200] "GET /Jurek/fernity/feeds/fernity_vente_be.xml HTTP/1.1" 200 3075867 "-" "Python-urllib/3.11"
85.232.241.194 - - [17/Jun/2025:15:09:56 +0200] "GET /Jurek/kinghome/feeds/kinghome_vente_be.xml HTTP/1.1" 200 5499329 "-" "Python-urllib/3.11"
85.232.241.194 - - [17/Jun/2025:15:09:56 +0200] "GET /Jurek/emibig/feeds/emibig_vente_be.xml HTTP/1.1" 200 2519883 "-" "Python-urllib/3.11"
85.232.241.194 - - [17/Jun/2025:15:09:56 +0200] "GET /Jurek/b3/feeds/b3_vente_be.xml HTTP/1.1" 200 8509143 "-" "Python-urllib/3.11"
66.249.64.39 - - [17/Jun/2025:15:10:11 +0200] "GET /Jurek/eurofirany/images/409903/6.jpg HTTP/1.1" 200 6595 "-" "Googlebot-Image/1.0"
46.101.116.244 - - [17/Jun/2025:15:10:16 +0200] "GET /Jurek/kalama/feeds/kalama_alza.xml HTTP/2.0" 200 2662517 "-" "-"
85.14.86.141 - - [17/Jun/2025:15:10:21 +0200] "GET /Jurek/beliani/feeds/beliani_morele.xml HTTP/2.0" 200 30500502 "-" "MarketplaceAPI curl/7.74.0 PHP/8"
46.101.116.244 - - [17/Jun/2025:15:10:27 +0200] "GET /Jurek/proadventure/feeds/proadventure_alza.xml HTTP/2.0" 200 10767162 "-" "-"
89.161.206.59 - - [17/Jun/2025:15:10:40 +0200] "GET /Jurek/kambukka/feeds/kambukka_allegro.xml HTTP/1.0" 200 1023499 "-" "-"
46.101.116.244 - - [17/Jun/2025:15:10:40 +0200] "GET /Jurek/awparts/feeds/awparts_alza.xml HTTP/2.0" 200 142492777 "-" "-"
85.232.241.194 - - [17/Jun/2025:15:10:47 +0200] "GET /Jurek/asortymenteu/feeds/asortymenteu_vente_be.xml HTTP/1.1" 200 2906709 "-" "Python-urllib/3.11"
66.249.64.37 - - [17/Jun/2025:15:10:53 +0200] "GET /Jurek/eurofirany/images/383061/4.jpg HTTP/1.1" 200 42667 "-" "Googlebot-Image/1.0"
89.161.206.59 - - [17/Jun/2025:15:10:55 +0200] "GET /Jurek/maksik/feeds/maksik_emagro.xml HTTP/1.0" 200 4085200 "-" "-"
89.161.206.59 - - [17/Jun/2025:15:10:56 +0200] "GET /Jurek/playcob/feeds/playcob_emagro.xml HTTP/1.0" 200 6980989 "-" "-"
46.101.116.244 - - [17/Jun/2025:15:11:54 +0200] "GET /Jurek/sportprise/feeds/sportprise_alza.xml HTTP/2.0" 200 12729923 "-" "-"
66.135.223.43 - - [17/Jun/2025:15:12:12 +0200] "GET /Jurek/topeshop/downloaded_images/5904507201876_KUBABIURKOBRY%C5%81KAANTRACYTBOKOT.jpg HTTP/1.1" 404 3551 "http://www.ebay.com/" "Mozilla/5.0 (Windows NT 10.0; Win64; x64) AppleWebKit/537.36 (KHTML, like Gecko) Chrome/123.0.0.0 Safari/537.36"
66.135.223.41 - - [17/Jun/2025:15:12:12 +0200] "GET /Jurek/topeshop/downloaded_images/5904507201876_KUBABIURKOBRY%C5%81KAANTRACYTFRONTOT.jpg HTTP/1.1" 404 3551 "http://www.ebay.com/" "Mozilla/5.0 (Windows NT 10.0; Win64; x64) AppleWebKit/537.36 (KHTML, like Gecko) Chrome/123.0.0.0 Safari/537.36"
66.135.223.40 - - [17/Jun/2025:15:12:12 +0200] "GET /Jurek/topeshop/downloaded_images/5904507201876_KUBABIURKOBRY%C5%81KAANTRACYTBOKZM.jpg HTTP/1.1" 404 3551 "http://www.ebay.com/" "Mozilla/5.0 (Windows NT 10.0; Win64; x64) AppleWebKit/537.36 (KHTML, like Gecko) Chrome/123.0.0.0 Safari/537.36"
66.135.223.44 - - [17/Jun/2025:15:12:12 +0200] "GET /Jurek/topeshop/downloaded_images/5904507201876_KUBABIURKOANTRACYT.png HTTP/1.1" 404 3551 "http://www.ebay.com/" "Mozilla/5.0 (Windows NT 10.0; Win64; x64) AppleWebKit/537.36 (KHTML, like Gecko) Chrome/123.0.0.0 Safari/537.36"
66.135.223.41 - - [17/Jun/2025:15:12:12 +0200] "GET /Jurek/topeshop/downloaded_images/5904507201876_KUBABIURKOARTISAN2.png HTTP/1.1" 404 3551 "http://www.ebay.com/" "Mozilla/5.0 (Windows NT 10.0; Win64; x64) AppleWebKit/537.36 (KHTML, like Gecko) Chrome/123.0.0.0 Safari/537.36"
66.135.223.41 - - [17/Jun/2025:15:12:12 +0200] "GET /Jurek/topeshop/downloaded_images/5904507201876_KUBABIURKOBRY%C5%81KAANTRACYTFRONTZM.jpg HTTP/1.1" 404 3551 "http://www.ebay.com/" "Mozilla/5.0 (Windows NT 10.0; Win64; x64) AppleWebKit/537.36 (KHTML, like Gecko) Chrome/123.0.0.0 Safari/537.36"
46.101.116.244 - - [17/Jun/2025:15:12:19 +0200] "GET /Jurek/coppotech/feeds/coppotech_alza.xml HTTP/2.0" 200 38061612 "-" "-"
46.101.116.244 - - [17/Jun/2025:15:12:33 +0200] "GET /Jurek/erohurtownia/feeds/erohurtownia_alza.xml HTTP/2.0" 200 22845780 "-" "-"
46.101.116.244 - - [17/Jun/2025:15:12:49 +0200] "GET /Jurek/euroshop/feeds/euroshop_alza.xml HTTP/2.0" 200 20020962 "-" "-"
66.249.64.37 - - [17/Jun/2025:15:13:00 +0200] "GET /Jurek/eurofirany/images/459309/3.jpg HTTP/1.1" 200 127783 "-" "Googlebot-Image/1.0"
46.101.116.244 - - [17/Jun/2025:15:13:01 +0200] "GET /Jurek/najtanszysport/feeds/najtanszysport_alza.xml HTTP/2.0" 200 3982673 "-" "-"
46.101.116.244 - - [17/Jun/2025:15:13:12 +0200] "GET /Jurek/rider/feeds/rider_alza.xml HTTP/2.0" 200 8166363 "-" "-"
46.101.116.244 - - [17/Jun/2025:15:13:30 +0200] "GET /Jurek/intsell/feeds/intsell_alza.xml HTTP/2.0" 200 342157477 "-" "-"
66.249.64.37 - - [17/Jun/2025:15:13:43 +0200] "GET /Jurek/eurofirany/images/371523/10.jpg HTTP/1.1" 200 178126 "-" "Googlebot-Image/1.0"
89.161.206.59 - - [17/Jun/2025:15:14:03 +0200] "GET /Jurek/ikonka/feeds/ikonka_skroutz.xml HTTP/1.0" 200 21280533 "-" "-"
37.47.235.173 - - [17/Jun/2025:15:14:19 +0200] "POST /Filip/janshop_orders/exports/ HTTP/2.0" 401 3550 "https://dkkapusta1997.usermd.net/Filip/janshop_orders/exports/" "Mozilla/5.0 (Macintosh; Intel Mac OS X 10_15_7) AppleWebKit/605.1.15 (KHTML, like Gecko) Version/17.5 Safari/605.1.15"
37.47.235.173 - maria [17/Jun/2025:15:14:19 +0200] "POST /Filip/janshop_orders/exports/ HTTP/2.0" 200 102267 "https://dkkapusta1997.usermd.net/Filip/janshop_orders/exports/" "Mozilla/5.0 (Macintosh; Intel Mac OS X 10_15_7) AppleWebKit/605.1.15 (KHTML, like Gecko) Version/17.5 Safari/605.1.15"
37.47.235.173 - - [17/Jun/2025:15:14:27 +0200] "GET /Filip/janshop_orders/exports/extra_2025-06-17_15.txt HTTP/2.0" 401 3550 "https://dkkapusta1997.usermd.net/Filip/janshop_orders/exports/" "Mozilla/5.0 (Macintosh; Intel Mac OS X 10_15_7) AppleWebKit/605.1.15 (KHTML, like Gecko) Version/17.5 Safari/605.1.15"
37.47.235.173 - maria [17/Jun/2025:15:14:27 +0200] "GET /Filip/janshop_orders/exports/extra_2025-06-17_15.txt HTTP/2.0" 200 7740 "https://dkkapusta1997.usermd.net/Filip/janshop_orders/exports/" "Mozilla/5.0 (Macintosh; Intel Mac OS X 10_15_7) AppleWebKit/605.1.15 (KHTML, like Gecko) Version/17.5 Safari/605.1.15"
89.161.206.59 - - [17/Jun/2025:15:14:39 +0200] "GET /Jurek/dropkz/feeds/dropkz_emagro.xml HTTP/1.0" 200 70031806 "-" "-"
89.161.206.59 - - [17/Jun/2025:15:14:42 +0200] "GET /Jurek/shiori/feeds/shiori_emagro.xml HTTP/1.0" 200 453701 "-" "-"
89.161.206.59 - - [17/Jun/2025:15:14:42 +0200] "GET /Jurek/eoptimo/feeds/eoptimo_emagro.xml HTTP/1.0" 200 2094675 "-" "-"
89.161.206.59 - - [17/Jun/2025:15:14:42 +0200] "GET /Jurek/galopibhp/feeds/galopibhp_emagro.xml HTTP/1.0" 200 1973728 "-" "-"
89.161.206.59 - - [17/Jun/2025:15:14:43 +0200] "GET /Jurek/bisanti/feeds/bisanti_emagro.xml HTTP/1.0" 200 1142470 "-" "-"
89.161.206.59 - - [17/Jun/2025:15:14:43 +0200] "GET /Jurek/najtanszysport/feeds/najtanszysport_emagro.xml HTTP/1.0" 200 3984413 "-" "-"
104.210.140.133 - - [17/Jun/2025:15:14:56 +0200] "GET /robots.txt HTTP/2.0" 404 3551 "-" "Mozilla/5.0 (Macintosh; Intel Mac OS X 10_15_7) AppleWebKit/537.36 (KHTML, like Gecko) Chrome/131.0.0.0 Safari/537.36; compatible; OAI-SearchBot/1.0; +https://openai.com/searchbot"
104.210.140.133 - - [17/Jun/2025:15:14:57 +0200] "GET /robots.txt HTTP/1.1" 404 3551 "-" "Mozilla/5.0 (Macintosh; Intel Mac OS X 10_15_7) AppleWebKit/537.36 (KHTML, like Gecko) Chrome/131.0.0.0 Safari/537.36; compatible; OAI-SearchBot/1.0; +https://openai.com/searchbot"
89.161.206.59 - - [17/Jun/2025:15:15:10 +0200] "GET /Jurek/artdog/feeds/artdog_amazonde.xml HTTP/1.0" 200 17157565 "-" "-"
46.101.116.244 - - [17/Jun/2025:15:15:44 +0200] "GET /Jurek/sempler/feeds/sempler_alza.xml HTTP/2.0" 200 6789366 "-" "-"
66.249.64.39 - - [17/Jun/2025:15:15:50 +0200] "GET /Jurek/eurofirany/images/390400/9.jpg HTTP/1.1" 200 6595 "-" "Googlebot-Image/1.0"
193.33.8.61 - - [17/Jun/2025:15:15:53 +0200] "GET /Jurek/eany_blc/data.csv HTTP/2.0" 200 85397570 "https://dkkapusta1997.usermd.net/Jurek/eany_blc/" "Mozilla/5.0 (Windows NT 10.0; Win64; x64) AppleWebKit/537.36 (KHTML, like Gecko) Chrome/137.0.0.0 Safari/537.36"
46.101.116.244 - - [17/Jun/2025:15:15:56 +0200] "GET /Jurek/eroplace/feeds/eroplace_alza.xml HTTP/2.0" 200 52163627 "-" "-"
89.161.206.59 - - [17/Jun/2025:15:16:06 +0200] "GET /Jurek/fernity/feeds/fernity_skroutz.xml HTTP/1.0" 200 4575889 "-" "-"
46.101.116.244 - - [17/Jun/2025:15:16:10 +0200] "GET /Jurek/mosti/feeds/mosti_alza.xml HTTP/2.0" 200 4629106 "-" "-"
46.101.116.244 - - [17/Jun/2025:15:16:10 +0200] "GET /Jurek/biokominki/feeds/biokomiinki_alza.xml HTTP/2.0" 200 1422347 "-" "-"
66.249.64.39 - - [17/Jun/2025:15:16:32 +0200] "GET /Jurek/eurofirany/images/416791/5.jpg HTTP/1.1" 200 33 "-" "Googlebot-Image/1.0"
85.232.241.194 - - [17/Jun/2025:15:17:02 +0200] "GET /Jurek/topeshop/feeds/topeshop_vente_es.xml HTTP/1.1" 200 3090136 "-" "Python-urllib/3.11"
85.232.241.194 - - [17/Jun/2025:15:17:07 +0200] "GET /Jurek/fernity/feeds/fernity_vente_es.xml HTTP/1.1" 200 3076015 "-" "Python-urllib/3.11"
85.232.241.194 - - [17/Jun/2025:15:17:07 +0200] "GET /Jurek/kinghome/feeds/kinghome_vente_es.xml HTTP/1.1" 200 5499574 "-" "Python-urllib/3.11"
85.232.241.194 - - [17/Jun/2025:15:17:07 +0200] "GET /Jurek/emibig/feeds/emibig_vente_es.xml HTTP/1.1" 200 2520189 "-" "Python-urllib/3.11"
85.232.241.194 - - [17/Jun/2025:15:17:07 +0200] "GET /Jurek/b3/feeds/b3_vente_es.xml HTTP/1.1" 200 8509275 "-" "Python-urllib/3.11"
46.101.116.244 - - [17/Jun/2025:15:17:14 +0200] "GET /Jurek/vida_morele/feeds/vida_alza.xml HTTP/2.0" 200 876736346 "-" "-"
5.134.208.158 - - [17/Jun/2025:15:17:25 +0200] "GET /Jurek/eurofirany/images/460480/0.jpg HTTP/1.1" 200 43545 "-" "-"
5.134.208.158 - - [17/Jun/2025:15:17:25 +0200] "GET /Jurek/eurofirany/images/470225/0.jpg HTTP/1.1" 200 33933 "-" "-"
5.134.208.158 - - [17/Jun/2025:15:17:25 +0200] "GET /Jurek/eurofirany/images/401856/0.jpg HTTP/1.1" 200 30287 "-" "-"
5.134.208.158 - - [17/Jun/2025:15:17:25 +0200] "GET /Jurek/eurofirany/images/401489/0.jpg HTTP/1.1" 200 48739 "-" "-"
5.134.208.158 - - [17/Jun/2025:15:17:25 +0200] "GET /Jurek/eurofirany/images/401486/0.jpg HTTP/1.1" 200 72873 "-" "-"
5.134.208.158 - - [17/Jun/2025:15:17:25 +0200] "GET /Jurek/eurofirany/images/393536/0.jpg HTTP/1.1" 200 53792 "-" "-"
5.134.208.158 - - [17/Jun/2025:15:17:25 +0200] "GET /Jurek/eurofirany/images/401491/0.jpg HTTP/1.1" 200 50576 "-" "-"
5.134.208.158 - - [17/Jun/2025:15:17:25 +0200] "GET /Jurek/eurofirany/images/404831/0.jpg HTTP/1.1" 200 59393 "-" "-"
5.134.208.158 - - [17/Jun/2025:15:17:25 +0200] "GET /Jurek/eurofirany/images/382936/0.jpg HTTP/1.1" 200 168134 "-" "-"
5.134.208.158 - - [17/Jun/2025:15:17:25 +0200] "GET /Jurek/eurofirany/images/401517/0.jpg HTTP/1.1" 200 65225 "-" "-"
66.249.64.37 - - [17/Jun/2025:15:17:36 +0200] "GET /Jurek/eurofirany/images/390400/12.jpg HTTP/1.1" 200 131920 "-" "Googlebot-Image/1.0"
85.232.241.194 - - [17/Jun/2025:15:17:52 +0200] "GET /Jurek/asortymenteu/feeds/asortymenteu_vente_es.xml HTTP/1.1" 200 2906727 "-" "Python-urllib/3.11"
66.249.64.38 - - [17/Jun/2025:15:17:57 +0200] "GET /Jurek/eurofirany/images/433254/0.jpg HTTP/1.1" 200 6625 "-" "Googlebot-Image/1.0"
66.249.64.37 - - [17/Jun/2025:15:18:39 +0200] "GET /Jurek/topeshop/downloaded_images/5902838463277_14255.jpg HTTP/1.1" 404 3551 "-" "Googlebot-Image/1.0"
66.249.64.37 - - [17/Jun/2025:15:19:22 +0200] "GET /Jurek/eurofirany/images/371532/5.jpg HTTP/1.1" 200 167232 "-" "Googlebot-Image/1.0"
66.249.64.38 - - [17/Jun/2025:15:20:04 +0200] "GET /Jurek/eurofirany/images/383103/1.jpg HTTP/1.1" 200 51845 "-" "Googlebot-Image/1.0"
89.161.206.59 - - [17/Jun/2025:15:20:59 +0200] "GET /Jurek/topeshop/feeds/topeshop_amazonFR.xml HTTP/1.0" 200 3090108 "-" "-"
89.161.206.59 - - [17/Jun/2025:15:20:59 +0200] "GET /Jurek/topeshop/feeds/topeshop_amazonIT.xml HTTP/1.0" 200 3090126 "-" "-"
89.161.206.59 - - [17/Jun/2025:15:21:00 +0200] "GET /Jurek/topeshop/feeds/topeshop_amazonDE.xml HTTP/1.0" 200 3090019 "-" "-"
89.161.206.59 - - [17/Jun/2025:15:21:01 +0200] "GET /Jurek/topeshop/feeds/topeshop_amazonSE.xml HTTP/1.0" 200 3090883 "-" "-"
89.161.206.59 - - [17/Jun/2025:15:21:01 +0200] "GET /Jurek/topeshop/feeds/topeshop_amazonES.xml HTTP/1.0" 200 3090146 "-" "-"
89.161.206.59 - - [17/Jun/2025:15:21:01 +0200] "GET /Jurek/topeshop/feeds/topeshop_amazonNL.xml HTTP/1.0" 200 3090090 "-" "-"
89.161.206.59 - - [17/Jun/2025:15:21:02 +0200] "GET /Jurek/topeshop/feeds/topeshop_amazonBE.xml HTTP/1.0" 200 3090123 "-" "-"
89.161.206.59 - - [17/Jun/2025:15:21:06 +0200] "GET /Jurek/hdwr/feeds/hdwr_amazonfr.xml HTTP/1.0" 200 789442 "-" "-"
89.161.206.59 - - [17/Jun/2025:15:21:06 +0200] "GET /Jurek/hdwr/feeds/hdwr_amazonse.xml HTTP/1.0" 200 789705 "-" "-"
89.161.206.59 - - [17/Jun/2025:15:21:07 +0200] "GET /Jurek/sempler/feeds/sempler_amazonde.xml HTTP/1.0" 200 6787921 "-" "-"
89.161.206.59 - - [17/Jun/2025:15:21:08 +0200] "GET /Jurek/benetech/feeds/benetech_amazonde.xml HTTP/1.0" 200 4165483 "-" "-"
89.161.206.59 - - [17/Jun/2025:15:21:08 +0200] "GET /Jurek/sempler/feeds/sempler_amazonbe.xml HTTP/1.0" 200 6787936 "-" "-"
89.161.206.59 - - [17/Jun/2025:15:21:09 +0200] "GET /Jurek/pawonik/feeds/pawonik_amazonde.xml HTTP/1.0" 200 2138411 "-" "-"
89.161.206.59 - - [17/Jun/2025:15:21:09 +0200] "GET /Jurek/sempler/feeds/sempler_amazonfr.xml HTTP/1.0" 200 6788002 "-" "-"
89.161.206.59 - - [17/Jun/2025:15:21:10 +0200] "GET /Jurek/sempler/feeds/sempler_amazonit.xml HTTP/1.0" 200 6788033 "-" "-"
89.161.206.59 - - [17/Jun/2025:15:21:10 +0200] "GET /Jurek/sempler/feeds/sempler_amazonnl.xml HTTP/1.0" 200 6787946 "-" "-"
89.161.206.59 - - [17/Jun/2025:15:21:12 +0200] "GET /Jurek/ralmetal/feeds/ralmetal_amazonde.xml HTTP/1.0" 200 2039906 "-" "-"
89.161.206.59 - - [17/Jun/2025:15:21:13 +0200] "GET /Jurek/ralmetal/feeds/ralmetal_amazonfr.xml HTTP/1.0" 200 2039913 "-" "-"
89.161.206.59 - - [17/Jun/2025:15:21:13 +0200] "GET /Jurek/ralmetal/feeds/ralmetal_amazonit.xml HTTP/1.0" 200 2039946 "-" "-"
89.161.206.59 - - [17/Jun/2025:15:21:13 +0200] "GET /Jurek/ralmetal/feeds/ralmetal_amazonnl.xml HTTP/1.0" 200 2039903 "-" "-"
89.161.206.59 - - [17/Jun/2025:15:21:14 +0200] "GET /Jurek/ralmetal/feeds/ralmetal_amazones.xml HTTP/1.0" 200 2039917 "-" "-"
89.161.206.59 - - [17/Jun/2025:15:21:15 +0200] "GET /Jurek/erohurtownia/feeds/erohurtownia_amazonde.xml HTTP/1.0" 200 22846355 "-" "-"
89.161.206.59 - - [17/Jun/2025:15:21:19 +0200] "GET /Jurek/eurofirany/feeds/eurofirany_amazonES.xml HTTP/1.0" 200 19507440 "-" "-"
89.161.206.59 - - [17/Jun/2025:15:21:20 +0200] "GET /Jurek/eurofirany/feeds/eurofirany_amazonFR.xml HTTP/1.0" 200 19507781 "-" "-"
89.161.206.59 - - [17/Jun/2025:15:21:22 +0200] "GET /Jurek/eurofirany/feeds/eurofirany_amazonBE.xml HTTP/1.0" 200 19507651 "-" "-"
89.161.206.59 - - [17/Jun/2025:15:21:24 +0200] "GET /Jurek/eurofirany/feeds/eurofirany_amazaon_de.xml HTTP/1.0" 200 19507643 "-" "-"
89.161.206.59 - - [17/Jun/2025:15:21:31 +0200] "GET /Jurek/ekuchcikowo/feeds/ekuchcikowo_emagro.xml HTTP/1.0" 200 12472657 "-" "-"
89.161.206.59 - - [17/Jun/2025:15:21:48 +0200] "GET /Jurek/beltimore/feeds/beltimore_amazonnl.xml HTTP/1.0" 200 18652318 "-" "-"
66.249.64.39 - - [17/Jun/2025:15:22:11 +0200] "GET /Jurek/eurofirany/images/423821/0.jpg HTTP/1.1" 200 0 "-" "Googlebot-Image/1.0"
66.249.64.37 - - [17/Jun/2025:15:22:53 +0200] "GET /Jurek/eurofirany/images/438608/1.jpg HTTP/1.1" 200 90463 "-" "Googlebot-Image/1.0"
89.161.206.59 - - [17/Jun/2025:15:22:57 +0200] "GET /Jurek/eurofirany/feeds/eurofirany_skroutz.xml HTTP/1.0" 200 17971781 "-" "-"
85.232.241.194 - - [17/Jun/2025:15:23:01 +0200] "GET /Jurek/topeshop/feeds/topeshop_vente_it.xml HTTP/1.1" 200 3090101 "-" "Python-urllib/3.11"
85.232.241.194 - - [17/Jun/2025:15:23:02 +0200] "GET /Jurek/fernity/feeds/fernity_vente_it.xml HTTP/1.1" 200 3075957 "-" "Python-urllib/3.11"
85.232.241.194 - - [17/Jun/2025:15:23:02 +0200] "GET /Jurek/kinghome/feeds/kinghome_vente_it.xml HTTP/1.1" 200 5499552 "-" "Python-urllib/3.11"
85.232.241.194 - - [17/Jun/2025:15:23:07 +0200] "GET /Jurek/emibig/feeds/emibig_vente_it.xml HTTP/1.1" 200 2520074 "-" "Python-urllib/3.11"
85.232.241.194 - - [17/Jun/2025:15:23:07 +0200] "GET /Jurek/b3/feeds/b3_vente_it.xml HTTP/1.1" 200 4142780 "-" "Python-urllib/3.11"
66.249.64.38 - - [17/Jun/2025:15:23:36 +0200] "GET /Jurek/eurofirany/images/372981/6.jpg HTTP/1.1" 200 6595 "-" "Googlebot-Image/1.0"
66.249.64.39 - - [17/Jun/2025:15:23:36 +0200] "GET /Jurek/topeshop/downloaded_images/5902838463420_DENVER_BIEL_PO%C5%81YSK(4).jpg HTTP/1.1" 404 3551 "-" "Googlebot-Image/1.0"
66.249.64.39 - - [17/Jun/2025:15:24:18 +0200] "GET /Jurek/eurofirany/images/406481/1.jpg HTTP/1.1" 200 52697 "-" "Googlebot-Image/1.0"
85.232.241.194 - - [17/Jun/2025:15:24:23 +0200] "GET /Jurek/asortymenteu/feeds/asortymenteu_vente_it.xml HTTP/1.1" 200 2906718 "-" "Python-urllib/3.11"
89.161.206.59 - - [17/Jun/2025:15:24:26 +0200] "GET /Jurek/bentivolio/feeds/bentivolio_emagro.xml HTTP/1.0" 200 3498319 "-" "-"
89.161.206.59 - - [17/Jun/2025:15:24:27 +0200] "GET /Jurek/techrebal/feeds/techrebal_emagro.xml HTTP/1.0" 200 1989844 "-" "-"
89.161.206.59 - - [17/Jun/2025:15:24:27 +0200] "GET /Jurek/kristronik/feeds/kristronik_emagro.xml HTTP/1.0" 200 692078 "-" "-"
85.232.241.194 - - [17/Jun/2025:15:24:40 +0200] "GET /Jurek/intsell/feeds/intsell_rue.xml HTTP/1.1" 200 342009695 "-" "Python-urllib/3.11"
85.232.241.194 - - [17/Jun/2025:15:24:41 +0200] "GET /Jurek/ekuchcikowo/feeds/ekuchcikowo_rue.xml HTTP/1.1" 200 12471006 "-" "Python-urllib/3.11"
89.161.206.59 - - [17/Jun/2025:15:25:08 +0200] "GET /Jurek/proparts/feeds/proparts_emagro.xml HTTP/1.0" 200 707603 "-" "-"
89.161.206.59 - - [17/Jun/2025:15:25:09 +0200] "GET /Jurek/elavia/feeds/elavia_emagro.xml HTTP/1.0" 200 2497460 "-" "-"
85.232.241.194 - - [17/Jun/2025:15:25:19 +0200] "GET /Jurek/naszedzieci/feeds/naszedzieci_ubaldi.xml HTTP/1.1" 200 833168061 "-" "Python-urllib/3.11"
85.232.241.194 - - [17/Jun/2025:15:25:19 +0200] "GET /Jurek/kidshop/feeds/kidshop_ubaldi.xml HTTP/1.1" 200 19850637 "-" "Python-urllib/3.11"
85.232.241.194 - - [17/Jun/2025:15:25:25 +0200] "GET /Jurek/najtanszysport/feeds/najtanszysport_ubaldi.xml HTTP/1.1" 200 3983110 "-" "Python-urllib/3.11"
85.232.241.194 - - [17/Jun/2025:15:25:25 +0200] "GET /Jurek/luxma/feeds/luxma_ubaldi.xml HTTP/1.1" 200 8058620 "-" "Python-urllib/3.11"
85.232.241.194 - - [17/Jun/2025:15:25:31 +0200] "GET /Jurek/kristronik/feeds/kristronik_ubaldi.xml HTTP/1.1" 200 691979 "-" "Python-urllib/3.11"
85.232.241.194 - - [17/Jun/2025:15:25:31 +0200] "GET /Jurek/rider/feeds/rider_ubaldi.xml HTTP/1.1" 200 8165218 "-" "Python-urllib/3.11"
85.232.241.194 - - [17/Jun/2025:15:25:31 +0200] "GET /Jurek/broers/feeds/broers_ubaldi.xml HTTP/1.1" 200 1982545 "-" "Python-urllib/3.11"
85.232.241.194 - - [17/Jun/2025:15:25:31 +0200] "GET /Jurek/straganbiur/feeds/straganbiur_ubaldi.xml HTTP/1.1" 200 8889049 "-" "Python-urllib/3.11"
85.232.241.194 - - [17/Jun/2025:15:25:37 +0200] "GET /Jurek/b3/feeds/b3_ubaldi.xml HTTP/1.1" 200 8509202 "-" "Python-urllib/3.11"
85.232.241.194 - - [17/Jun/2025:15:25:43 +0200] "GET /Jurek/topeshop/feeds/topeshop_ubaldi.xml HTTP/1.1" 200 3090121 "-" "Python-urllib/3.11"
85.232.241.194 - - [17/Jun/2025:15:25:43 +0200] "GET /Jurek/sempler/feeds/sempler_ubaldi.xml HTTP/1.1" 200 6787927 "-" "Python-urllib/3.11"
66.249.64.38 - - [17/Jun/2025:15:25:43 +0200] "GET /Jurek/eurofirany/images/390393/0.jpg HTTP/1.1" 200 164560 "-" "Googlebot-Image/1.0"
85.232.241.194 - - [17/Jun/2025:15:25:43 +0200] "GET /Jurek/asortymenteu/feeds/asortymenteu_ubaldi.xml HTTP/1.1" 200 2906725 "-" "Python-urllib/3.11"
89.161.206.59 - - [17/Jun/2025:15:25:49 +0200] "GET /Jurek/pupus/feeds/pupus_amazonfr.xml HTTP/1.0" 200 6154510 "-" "-"
89.161.206.59 - - [17/Jun/2025:15:25:49 +0200] "GET /Jurek/pupus/feeds/pupus_amazonde.xml HTTP/1.0" 200 6154301 "-" "-"
85.232.241.194 - - [17/Jun/2025:15:25:49 +0200] "GET /Jurek/elavia/feeds/elavia_ubaldi.xml HTTP/1.1" 200 2497287 "-" "Python-urllib/3.11"
85.232.241.194 - - [17/Jun/2025:15:25:49 +0200] "GET /Jurek/cdata/feeds/cdata_ubaldi.xml HTTP/1.1" 200 1445174 "-" "Python-urllib/3.11"
89.161.206.59 - - [17/Jun/2025:15:25:49 +0200] "GET /Jurek/pupus/feeds/pupus_amazonnl.xml HTTP/1.0" 200 6154399 "-" "-"
89.161.206.59 - - [17/Jun/2025:15:25:50 +0200] "GET /Jurek/pupus/feeds/pupus_amazonbe.xml HTTP/1.0" 200 6153998 "-" "-"
89.161.206.59 - - [17/Jun/2025:15:25:50 +0200] "GET /Jurek/pupus/feeds/pupus_amazonit.xml HTTP/1.0" 200 6154415 "-" "-"
89.161.206.59 - - [17/Jun/2025:15:25:51 +0200] "GET /Jurek/pupus/feeds/pupus_amazones.xml HTTP/1.0" 200 6154012 "-" "-"
89.161.206.59 - - [17/Jun/2025:15:25:54 +0200] "GET /Jurek/hurtmeblowy/feeds/hurtmeblowy_amazonde.xml HTTP/1.0" 200 6894789 "-" "-"
85.232.241.194 - - [17/Jun/2025:15:25:55 +0200] "GET /Jurek/action/feeds/action_worten.xml HTTP/1.1" 200 59999872 "-" "Python-urllib/3.11"
85.232.241.194 - - [17/Jun/2025:15:25:55 +0200] "GET /Jurek/kamar/feeds/kamar_ubaldi.xml HTTP/1.1" 200 25550064 "-" "Python-urllib/3.11"
85.232.241.194 - - [17/Jun/2025:15:25:55 +0200] "GET /Jurek/avenido/feeds/avenido_ubaldi.xml HTTP/1.1" 200 720108 "-" "Python-urllib/3.11"
89.161.206.59 - - [17/Jun/2025:15:25:55 +0200] "GET /Jurek/artdog/feeds/artdog_amazonfr.xml HTTP/1.0" 200 17158185 "-" "-"
85.232.241.194 - - [17/Jun/2025:15:25:55 +0200] "GET /Jurek/action/feeds/action_wortenES.xml HTTP/1.1" 200 60826162 "-" "Python-urllib/3.11"
89.161.206.59 - - [17/Jun/2025:15:25:57 +0200] "GET /Jurek/fernity/feeds/fernity_emagro.xml HTTP/1.0" 200 4962562 "-" "-"
89.161.206.59 - - [17/Jun/2025:15:25:57 +0200] "GET /Jurek/kamar/feeds/kamar_amazonde.xml HTTP/1.0" 200 25549535 "-" "-"
89.161.206.59 - - [17/Jun/2025:15:25:58 +0200] "GET /Jurek/tsjerzy/feeds/tsjerzy_amazonde.xml HTTP/1.0" 200 3897629 "-" "-"
89.161.206.59 - - [17/Jun/2025:15:26:00 +0200] "GET /Jurek/nexus/feeds/nexus_emagro.xml HTTP/1.0" 200 226758 "-" "-"
89.161.206.59 - - [17/Jun/2025:15:26:00 +0200] "GET /Jurek/porzwkablach/feeds/porzwkablach_emag.xml HTTP/1.0" 200 1199484 "-" "-"
89.161.206.59 - - [17/Jun/2025:15:26:02 +0200] "GET /Jurek/equalo/feeds/equalo_amazonde.xml HTTP/1.0" 200 98010 "-" "-"
89.161.206.59 - - [17/Jun/2025:15:26:02 +0200] "GET /Jurek/elavia/feeds/elavia_amazonde.xml HTTP/1.0" 200 2497289 "-" "-"
89.161.206.59 - - [17/Jun/2025:15:26:03 +0200] "GET /Jurek/riko/feeds/riko_amazonde.xml HTTP/1.0" 200 3784838 "-" "-"
89.161.206.59 - - [17/Jun/2025:15:26:03 +0200] "GET /Jurek/roger/feeds/roger_amazonde.xml HTTP/1.0" 200 1396578 "-" "-"
85.232.241.194 - - [17/Jun/2025:15:26:04 +0200] "GET /Jurek/zenex/feeds/zenex_ubaldi.xml HTTP/1.1" 200 540175 "-" "Python-urllib/3.11"
89.161.206.59 - - [17/Jun/2025:15:26:04 +0200] "GET /Jurek/narzbud/feeds/narzbud_amazonde.xml HTTP/1.0" 200 1901187 "-" "-"
85.232.241.194 - - [17/Jun/2025:15:26:22 +0200] "GET /Jurek/apresto/feeds/apresto_ubaldi.xml HTTP/1.1" 200 1327631 "-" "Python-urllib/3.11"
85.232.241.194 - - [17/Jun/2025:15:26:23 +0200] "GET /Jurek/carbonyway/feeds/carbonyway_ubaldi.xml HTTP/1.1" 200 3075947 "-" "Python-urllib/3.11"
66.249.64.38 - - [17/Jun/2025:15:26:25 +0200] "GET /Jurek/eurofirany/images/428727/5.jpg HTTP/1.1" 200 225539 "-" "Googlebot-Image/1.0"
85.232.241.194 - - [17/Jun/2025:15:26:28 +0200] "GET /Jurek/topeshop/feeds/topeshop_xxxlutz.xml HTTP/1.1" 200 3090045 "-" "Python-urllib/3.11"
85.232.241.194 - - [17/Jun/2025:15:26:28 +0200] "GET /Jurek/awparts/feeds/awparts_ubaldi.xml HTTP/1.1" 200 142302281 "-" "Python-urllib/3.11"
85.232.241.194 - - [17/Jun/2025:15:26:34 +0200] "GET /Jurek/bloomglow/feeds/bloomglow_ubaldi.xml HTTP/1.1" 200 14095251 "-" "Python-urllib/3.11"
5.134.208.158 - - [17/Jun/2025:15:26:39 +0200] "GET /Jurek/eurofirany/images/402723/0.jpg HTTP/1.1" 200 51254 "-" "-"
89.161.206.59 - - [17/Jun/2025:15:26:40 +0200] "GET /Jurek/nonabox/feeds/nonabox_emagro.xml HTTP/1.0" 200 33872 "-" "-"
89.161.206.59 - - [17/Jun/2025:15:26:40 +0200] "GET /Jurek/em3/feeds/em3_emagro.xml HTTP/1.0" 200 259004 "-" "-"
89.161.206.59 - - [17/Jun/2025:15:26:40 +0200] "GET /Jurek/broers/feeds/broers_emagro.xml HTTP/1.0" 200 1982950 "-" "-"
89.161.206.59 - - [17/Jun/2025:15:26:41 +0200] "GET /Jurek/galopi/feeds/galopi_emagro.xml HTTP/1.0" 200 2111311 "-" "-"
85.232.241.194 - - [17/Jun/2025:15:26:53 +0200] "GET /Jurek/fernity/feeds/fernity_xxxlutz.xml HTTP/1.1" 200 4960652 "-" "Python-urllib/3.11"
85.232.241.194 - - [17/Jun/2025:15:27:04 +0200] "GET /Jurek/benetech/feeds/benetech_xxlutz.xml HTTP/1.1" 200 4165489 "-" "Python-urllib/3.11"
66.249.64.39 - - [17/Jun/2025:15:27:07 +0200] "GET /Jurek/eurofirany/images/383264/0.jpg HTTP/1.1" 200 81569 "-" "Googlebot-Image/1.0"
85.232.241.194 - - [17/Jun/2025:15:27:17 +0200] "GET /Jurek/tsjerzy/feeds/tsjerzy_ubaldi.xml HTTP/1.1" 200 3897823 "-" "Python-urllib/3.11"
85.232.241.194 - - [17/Jun/2025:15:27:24 +0200] "GET /Jurek/ekuchcikowo/feeds/ekuchcikowo_xxxlutz.xml HTTP/1.1" 200 12470983 "-" "Python-urllib/3.11"
85.232.241.194 - - [17/Jun/2025:15:27:24 +0200] "GET /Jurek/fertone/feeds/fertone_xxlutz.xml HTTP/1.1" 200 584072 "-" "Python-urllib/3.11"
85.232.241.194 - - [17/Jun/2025:15:27:29 +0200] "GET /Jurek/velinda/feeds/velinda_ubaldi.xml HTTP/1.1" 200 4227265 "-" "Python-urllib/3.11"
85.232.241.194 - - [17/Jun/2025:15:27:29 +0200] "GET /Jurek/elecomp/feeds/elecomp_ubaldi.xml HTTP/1.1" 200 2867697 "-" "Python-urllib/3.11"
85.232.241.194 - - [17/Jun/2025:15:27:29 +0200] "GET /Jurek/oromed/feeds/oromed_ubaldi.xml HTTP/1.1" 200 1283919 "-" "Python-urllib/3.11"
85.232.241.194 - - [17/Jun/2025:15:27:37 +0200] "GET /Jurek/intsell/feeds/intsell_xxxlutz.xml HTTP/1.1" 200 342006527 "-" "Python-urllib/3.11"
89.161.206.59 - - [17/Jun/2025:15:27:38 +0200] "GET /Jurek/omi/feeds/omi_emagro.xml HTTP/1.0" 200 8101645 "-" "-"
89.161.206.59 - - [17/Jun/2025:15:27:39 +0200] "GET /Jurek/purewear/feeds/purewear_emagro.xml HTTP/1.0" 200 13354968 "-" "-"
89.161.206.59 - - [17/Jun/2025:15:27:40 +0200] "GET /Jurek/sebmart/feeds/sebmart_emagro.xml HTTP/1.0" 200 1599092 "-" "-"
89.161.206.59 - - [17/Jun/2025:15:27:40 +0200] "GET /Jurek/tsjerzy/feeds/tsjerzy_emagro.xml HTTP/1.0" 200 3899990 "-" "-"
89.161.206.59 - - [17/Jun/2025:15:27:40 +0200] "GET /Jurek/avenido/feeds/avenido_emagro.xml HTTP/1.0" 200 720154 "-" "-"
89.161.206.59 - - [17/Jun/2025:15:27:41 +0200] "GET /Jurek/kamar/feeds/kamar_emagro.xml HTTP/1.0" 200 25555362 "-" "-"
85.232.241.194 - - [17/Jun/2025:15:27:42 +0200] "GET /Jurek/action/feeds/action_xxxlutz.xml HTTP/1.1" 200 48693007 "-" "Python-urllib/3.11"
89.161.206.59 - - [17/Jun/2025:15:27:43 +0200] "GET /Jurek/lampart/feeds/lampart_emagro.xml HTTP/1.0" 200 936219 "-" "-"
85.232.241.194 - - [17/Jun/2025:15:27:43 +0200] "GET /Jurek/b3/feeds/b3_xxxlutz.xml HTTP/1.1" 200 8510455 "-" "Python-urllib/3.11"
89.161.206.59 - - [17/Jun/2025:15:27:44 +0200] "GET /Jurek/filmal/feeds/filmal_emagro.xml HTTP/1.0" 200 139307 "-" "-"
89.161.206.59 - - [17/Jun/2025:15:28:09 +0200] "GET /Jurek/eroplace/feeds/eroplace_skroutz.xml HTTP/1.0" 200 51216762 "-" "-"
66.249.64.38 - - [17/Jun/2025:15:28:32 +0200] "GET /Jurek/eurofirany/images/390453/7.jpg HTTP/1.1" 200 6595 "-" "Googlebot-Image/1.0"
89.161.206.59 - - [17/Jun/2025:15:28:34 +0200] "GET /Jurek/zenex/feeds/zenex_emagro.xml HTTP/1.0" 200 540573 "-" "-"
89.161.206.59 - - [17/Jun/2025:15:28:34 +0200] "GET /Jurek/newtechele/feeds/newtechele_emagro.xml HTTP/1.0" 200 2438703 "-" "-"
89.161.206.59 - - [17/Jun/2025:15:28:35 +0200] "GET /Jurek/coppotech/feeds/coppotech_emagro.xml HTTP/1.0" 200 38056256 "-" "-"
89.161.206.59 - - [17/Jun/2025:15:28:36 +0200] "GET /Jurek/cdata/feeds/cdata_emagro.xml HTTP/1.0" 200 1445631 "-" "-"
89.161.206.59 - - [17/Jun/2025:15:28:36 +0200] "GET /Jurek/equalo/feeds/equalo_emagro.xml HTTP/1.0" 200 98024 "-" "-"
85.232.241.194 - - [17/Jun/2025:15:29:02 +0200] "GET /Jurek/octopia/feeds/octopia_worten.xml HTTP/1.1" 200 10105104 "-" "Python-urllib/3.11"
85.232.241.194 - - [17/Jun/2025:15:29:02 +0200] "GET /Jurek/octopia/feeds/octopia_wortenES.xml HTTP/1.1" 200 10105092 "-" "Python-urllib/3.11"
3.126.202.245 - - [17/Jun/2025:15:29:03 +0200] "GET /Jurek/eurofirany/images/459269/0.jpg HTTP/2.0" 200 116173 "-" "Mozilla/5.0 (Windows NT 10.0; Win64; x64) AppleWebKit/537.36 (KHTML, like Gecko) Chrome/109.0.0.0 Safari/537.36"
66.249.64.39 - - [17/Jun/2025:15:29:15 +0200] "GET /Jurek/eurofirany/images/390391/1.jpg HTTP/1.1" 200 312136 "-" "Googlebot-Image/1.0"
85.232.241.194 - - [17/Jun/2025:15:29:33 +0200] "GET /Jurek/hurtownia_przemyslowa/feeds/hp_rue.xml HTTP/1.1" 200 49361529 "-" "Python-urllib/3.11"
85.232.241.194 - - [17/Jun/2025:15:29:39 +0200] "GET /Jurek/action/feeds/action_rue.xml HTTP/1.1" 200 60825054 "-" "Python-urllib/3.11"
85.232.241.194 - - [17/Jun/2025:15:29:45 +0200] "GET /Jurek/topeshop/feeds/topeshop_vente_ne.xml HTTP/1.1" 200 3090066 "-" "Python-urllib/3.11"
85.232.241.194 - - [17/Jun/2025:15:29:45 +0200] "GET /Jurek/fernity/feeds/fernity_vente_ne.xml HTTP/1.1" 200 3075826 "-" "Python-urllib/3.11"
85.232.241.194 - - [17/Jun/2025:15:29:45 +0200] "GET /Jurek/kinghome/feeds/kinghome_vente_ne.xml HTTP/1.1" 200 5499338 "-" "Python-urllib/3.11"
85.232.241.194 - - [17/Jun/2025:15:29:52 +0200] "GET /Jurek/emibig/feeds/emibig_vente_ne.xml HTTP/1.1" 200 2519881 "-" "Python-urllib/3.11"
85.232.241.194 - - [17/Jun/2025:15:29:52 +0200] "GET /Jurek/b3/feeds/b3_vente_nl.xml HTTP/1.1" 200 8509230 "-" "Python-urllib/3.11"
66.249.64.38 - - [17/Jun/2025:15:29:57 +0200] "GET /Jurek/eurofirany/images/383057/5.jpg HTTP/1.1" 200 210140 "-" "Googlebot-Image/1.0"
85.232.241.194 - - [17/Jun/2025:15:29:58 +0200] "GET /Jurek/kinghome/feeds/kinghome_xxxlutz.xml HTTP/1.1" 200 6568058 "-" "Python-urllib/3.11"
18.157.125.26 - - [17/Jun/2025:15:30:08 +0200] "GET /Jurek/eurofirany/images/325013/0.jpg HTTP/2.0" 200 164854 "-" "Mozilla/5.0 (Windows NT 10.0; Win64; x64) AppleWebKit/537.36 (KHTML, like Gecko) Chrome/109.0.0.0 Safari/537.36"
85.232.241.194 - - [17/Jun/2025:15:30:10 +0200] "GET /Jurek/najtanszysport/feeds/najtanszysport_xxxlutz.xml HTTP/1.1" 200 3982839 "-" "Python-urllib/3.11"
85.232.241.194 - - [17/Jun/2025:15:30:35 +0200] "GET /Jurek/asortymenteu/feeds/asortymenteu_xxxlutz.xml HTTP/1.1" 200 2906710 "-" "Python-urllib/3.11"
66.249.64.38 - - [17/Jun/2025:15:30:39 +0200] "GET /Jurek/eurofirany/images/357555/10.jpg HTTP/1.1" 200 110379 "-" "Googlebot-Image/1.0"
85.232.241.194 - - [17/Jun/2025:15:30:40 +0200] "GET /Jurek/kidshop/feeds/kidshop_xxxlutz.xml HTTP/1.1" 200 19850677 "-" "Python-urllib/3.11"
85.232.241.194 - - [17/Jun/2025:15:31:16 +0200] "GET /Jurek/asortymenteu/feeds/asortymenteu_vente_nl.xml HTTP/1.1" 200 2906718 "-" "Python-urllib/3.11"
85.232.241.194 - - [17/Jun/2025:15:31:16 +0200] "GET /Jurek/naszedzieci/feeds/naszedzieci_xxxlutz.xml HTTP/1.1" 200 833165963 "-" "Python-urllib/3.11"
85.232.241.194 - - [17/Jun/2025:15:31:22 +0200] "GET /Jurek/ikonka/feeds/ikonka_worten.xml HTTP/1.1" 200 21335229 "-" "Python-urllib/3.11"
85.232.241.194 - - [17/Jun/2025:15:31:22 +0200] "GET /Jurek/ikonka/feeds/ikonka_wortenES.xml HTTP/1.1" 200 6346535 "-" "Python-urllib/3.11"
85.232.241.194 - - [17/Jun/2025:15:31:23 +0200] "GET /Jurek/ikonka/feeds/ikonka_rue.xml HTTP/1.1" 200 21335260 "-" "Python-urllib/3.11"
66.211.183.70 - - [17/Jun/2025:15:31:23 +0200] "GET /Jurek/topeshop/downloaded_images/5904507207472_mijas_prawyniebieski.jpg HTTP/1.1" 200 128106 "http://www.ebay.com/" "Mozilla/5.0 (Windows NT 10.0; Win64; x64) AppleWebKit/537.36 (KHTML, like Gecko) Chrome/123.0.0.0 Safari/537.36"
66.211.183.70 - - [17/Jun/2025:15:31:23 +0200] "GET /Jurek/topeshop/downloaded_images/5904507207472_20st_mijas_prawy_open_niebieski.png HTTP/1.1" 404 3551 "http://www.ebay.com/" "Mozilla/5.0 (Windows NT 10.0; Win64; x64) AppleWebKit/537.36 (KHTML, like Gecko) Chrome/123.0.0.0 Safari/537.36"
66.211.183.72 - - [17/Jun/2025:15:31:23 +0200] "GET /Jurek/topeshop/downloaded_images/5904507207472_Front_mijas_Prawy_niebieski.png HTTP/1.1" 404 3551 "http://www.ebay.com/" "Mozilla/5.0 (Windows NT 10.0; Win64; x64) AppleWebKit/537.36 (KHTML, like Gecko) Chrome/123.0.0.0 Safari/537.36"
66.211.183.72 - - [17/Jun/2025:15:31:24 +0200] "GET /Jurek/topeshop/downloaded_images/5904507207472_20st_mijas_prawy_niebieski.png HTTP/1.1" 200 245526 "http://www.ebay.com/" "Mozilla/5.0 (Windows NT 10.0; Win64; x64) AppleWebKit/537.36 (KHTML, like Gecko) Chrome/123.0.0.0 Safari/537.36"
85.232.241.194 - - [17/Jun/2025:15:31:28 +0200] "GET /Jurek/kinghome/feeds/kinghome_rue.xml HTTP/1.1" 200 6568050 "-" "Python-urllib/3.11"
85.232.241.194 - - [17/Jun/2025:15:31:35 +0200] "GET /Jurek/roger/feeds/roger_xxxlutz.xml HTTP/1.1" 200 1396579 "-" "Python-urllib/3.11"
85.232.241.194 - - [17/Jun/2025:15:31:35 +0200] "GET /Jurek/fernity/feeds/fernity_rue.xml HTTP/1.1" 200 4960933 "-" "Python-urllib/3.11"
85.232.241.194 - - [17/Jun/2025:15:31:36 +0200] "GET /Jurek/broers/feeds/broers_xxxlutz.xml HTTP/1.1" 200 1982424 "-" "Python-urllib/3.11"
85.232.241.194 - - [17/Jun/2025:15:31:41 +0200] "GET /Jurek/topeshop/feeds/topeshop_rue.xml HTTP/1.1" 200 3090166 "-" "Python-urllib/3.11"
85.232.241.194 - - [17/Jun/2025:15:31:41 +0200] "GET /Jurek/smxdesign/feeds/smxdesign_xxxlutz.xml HTTP/1.1" 200 1829014 "-" "Python-urllib/3.11"
85.232.241.194 - - [17/Jun/2025:15:31:41 +0200] "GET /Jurek/kamar/feeds/kamar_xxxlutz.xml HTTP/1.1" 200 25550102 "-" "Python-urllib/3.11"
85.232.241.194 - - [17/Jun/2025:15:31:47 +0200] "GET /Jurek/awparts/feeds/awparts_xxxlutz.xml HTTP/1.1" 200 142299343 "-" "Python-urllib/3.11"
85.232.241.194 - - [17/Jun/2025:15:31:59 +0200] "GET /Jurek/intsell/feeds/intsell_worten.xml HTTP/1.1" 200 342009117 "-" "Python-urllib/3.11"
66.249.64.39 - - [17/Jun/2025:15:32:04 +0200] "GET /Jurek/eurofirany/images/390424/10.jpg HTTP/1.1" 200 82859 "-" "Googlebot-Image/1.0"
85.232.241.194 - - [17/Jun/2025:15:32:05 +0200] "GET /Jurek/emibig/feeds/emibig_rue.xml HTTP/1.1" 200 2520080 "-" "Python-urllib/3.11"
85.232.241.194 - - [17/Jun/2025:15:32:06 +0200] "GET /Jurek/apresto/feeds/apresto_xxxlutz.xml HTTP/1.1" 200 1327586 "-" "Python-urllib/3.11"
85.232.241.194 - - [17/Jun/2025:15:32:11 +0200] "GET /Jurek/eurofirany/feeds/eurofirany_rue.xml HTTP/1.1" 200 19507402 "-" "Python-urllib/3.11"
85.232.241.194 - - [17/Jun/2025:15:32:12 +0200] "GET /Jurek/amzteam/feeds/amzteam_rue.xml HTTP/1.1" 200 97829 "-" "Python-urllib/3.11"
85.232.241.194 - - [17/Jun/2025:15:32:12 +0200] "GET /Jurek/stiv/feeds/stiv_xxlutz.xml HTTP/1.1" 200 2056811 "-" "Python-urllib/3.11"
85.232.241.194 - - [17/Jun/2025:15:32:17 +0200] "GET /Jurek/kambukka/feeds/kambukka_rue.xml HTTP/1.1" 200 1023429 "-" "Python-urllib/3.11"
85.232.241.194 - - [17/Jun/2025:15:32:17 +0200] "GET /Jurek/benetech/feeds/benetech_RUE.xml HTTP/1.1" 200 4165492 "-" "Python-urllib/3.11"
85.232.241.194 - - [17/Jun/2025:15:32:17 +0200] "GET /Jurek/intsell/feeds/intsell_wortenES.xml HTTP/1.1" 200 342009848 "-" "Python-urllib/3.11"
85.232.241.194 - - [17/Jun/2025:15:32:17 +0200] "GET /Jurek/swiatecznygoliat/feeds/swiatecznygoliat_RUE.xml HTTP/1.1" 200 7050856 "-" "Python-urllib/3.11"
85.232.241.194 - - [17/Jun/2025:15:32:17 +0200] "GET /Jurek/artdog/feeds/artdog_RUE.xml HTTP/1.1" 200 17158845 "-" "Python-urllib/3.11"
85.232.241.194 - - [17/Jun/2025:15:32:18 +0200] "GET /Jurek/hdwr/feeds/hdwr_RUE.xml HTTP/1.1" 200 789442 "-" "Python-urllib/3.11"
85.232.241.194 - - [17/Jun/2025:15:32:18 +0200] "GET /Jurek/sempler/feeds/sempler_rue.xml HTTP/1.1" 200 6787926 "-" "Python-urllib/3.11"
85.232.241.194 - - [17/Jun/2025:15:32:23 +0200] "GET /Jurek/b3/feeds/b3_worten.xml HTTP/1.1" 200 8509203 "-" "Python-urllib/3.11"
85.232.241.194 - - [17/Jun/2025:15:32:23 +0200] "GET /Jurek/oromed/feeds/oromed_rue.xml HTTP/1.1" 200 1283929 "-" "Python-urllib/3.11"
85.232.241.194 - - [17/Jun/2025:15:32:24 +0200] "GET /Jurek/b3/feeds/b3_wortenES.xml HTTP/1.1" 200 8509286 "-" "Python-urllib/3.11"
85.232.241.194 - - [17/Jun/2025:15:32:24 +0200] "GET /Jurek/ekuchcikowo/feeds/ekuchcikowo_rue.xml HTTP/1.1" 200 12471006 "-" "Python-urllib/3.11"
85.232.241.194 - - [17/Jun/2025:15:32:29 +0200] "GET /Jurek/ekuchcikowo/feeds/ekuchcikowo_worten.xml HTTP/1.1" 200 12471029 "-" "Python-urllib/3.11"
85.232.241.194 - - [17/Jun/2025:15:32:29 +0200] "GET /Jurek/ekuchcikowo/feeds/ekuchcikowo_wortenES.xml HTTP/1.1" 200 12471016 "-" "Python-urllib/3.11"
85.232.241.194 - - [17/Jun/2025:15:32:30 +0200] "GET /Jurek/fertone/feeds/fertone_worten.xml HTTP/1.1" 200 584071 "-" "Python-urllib/3.11"
89.161.206.59 - - [17/Jun/2025:15:32:30 +0200] "GET /Jurek/ikonka/feeds/ikonka_kaufSMDE.xml HTTP/1.0" 200 21335203 "-" "-"
85.232.241.194 - - [17/Jun/2025:15:32:35 +0200] "GET /Jurek/fertone/feeds/fertone_wortenES.xml HTTP/1.1" 200 584093 "-" "Python-urllib/3.11"
85.232.241.194 - - [17/Jun/2025:15:32:36 +0200] "GET /Jurek/sempler/feeds/sempler_worten.xml HTTP/1.1" 200 6787948 "-" "Python-urllib/3.11"
85.232.241.194 - - [17/Jun/2025:15:32:41 +0200] "GET /Jurek/sempler/feeds/sempler_wortenES.xml HTTP/1.1" 200 6787968 "-" "Python-urllib/3.11"
85.232.241.194 - - [17/Jun/2025:15:32:42 +0200] "GET /Jurek/galopi/feeds/galopi_rue.xml HTTP/1.1" 200 2111053 "-" "Python-urllib/3.11"
66.249.64.38 - - [17/Jun/2025:15:32:49 +0200] "GET /Jurek/eurofirany/images/366816/9.jpg HTTP/1.1" 200 131871 "-" "Googlebot-Image/1.0"
85.232.241.194 - - [17/Jun/2025:15:32:54 +0200] "GET /Jurek/intsell/feeds/intsell_rue.xml HTTP/1.1" 200 342009695 "-" "Python-urllib/3.11"
85.232.241.194 - - [17/Jun/2025:15:32:59 +0200] "GET /Jurek/spali/feeds/spali_rue.xml HTTP/1.1" 200 77045 "-" "Python-urllib/3.11"
85.232.241.194 - - [17/Jun/2025:15:32:59 +0200] "GET /Jurek/najtanszysport/feeds/najtanszysport_rue.xml HTTP/1.1" 200 3982920 "-" "Python-urllib/3.11"
85.232.241.194 - - [17/Jun/2025:15:33:00 +0200] "GET /Jurek/maksik/feeds/maksik_rue.xml HTTP/1.1" 200 4084767 "-" "Python-urllib/3.11"
85.232.241.194 - - [17/Jun/2025:15:33:00 +0200] "GET /Jurek/urwiskowo/feeds/urwiskowo_rue.xml HTTP/1.1" 200 9114845 "-" "Python-urllib/3.11"
85.232.241.194 - - [17/Jun/2025:15:33:19 +0200] "GET /Jurek/erohurtownia/feeds/erohurtownia_worten.xml HTTP/1.1" 200 22846499 "-" "Python-urllib/3.11"
85.232.241.194 - - [17/Jun/2025:15:33:24 +0200] "GET /Jurek/erohurtownia/feeds/erohurtownia_wortenES.xml HTTP/1.1" 200 22846555 "-" "Python-urllib/3.11"
66.249.64.37 - - [17/Jun/2025:15:33:29 +0200] "GET /Jurek/eurofirany/images/383350/4.jpg HTTP/1.1" 200 37718 "-" "Googlebot-Image/1.0"
85.232.241.194 - - [17/Jun/2025:15:33:30 +0200] "GET /Jurek/elecomp/feeds/elecomp_worten.xml HTTP/1.1" 200 2867731 "-" "Python-urllib/3.11"
85.232.241.194 - - [17/Jun/2025:15:33:30 +0200] "GET /Jurek/elecomp/feeds/elecomp_wortenES.xml HTTP/1.1" 200 2867706 "-" "Python-urllib/3.11"
85.232.241.194 - - [17/Jun/2025:15:33:31 +0200] "GET /Jurek/kambukka/feeds/kambukka_worten.xml HTTP/1.1" 200 1023432 "-" "Python-urllib/3.11"
85.232.241.194 - - [17/Jun/2025:15:33:36 +0200] "GET /Jurek/kambukka/feeds/kambukka_wortenES.xml HTTP/1.1" 200 1023273 "-" "Python-urllib/3.11"
