77.79.248.229 - - [17/Jun/2025:17:38:32 +0200] "GET /Jurek/playcob/feeds/playcob_bigbang.xml HTTP/1.1" 200 6980130 "-" "Python-urllib/3.11"
77.79.248.229 - - [17/Jun/2025:17:38:32 +0200] "GET /Jurek/kidshop/feeds/kidshop_bigbang.xml HTTP/1.1" 200 19845640 "-" "Python-urllib/3.11"
77.79.248.229 - - [17/Jun/2025:17:38:32 +0200] "GET /Jurek/elavia/feeds/elavia_bigbang.xml HTTP/1.1" 200 2497278 "-" "Python-urllib/3.11"
77.79.248.229 - - [17/Jun/2025:17:38:32 +0200] "GET /Jurek/straganbiur/feeds/straganbiur_bigbang.xml HTTP/1.1" 200 8889108 "-" "Python-urllib/3.11"
77.79.248.229 - - [17/Jun/2025:17:38:32 +0200] "GET /Jurek/elecomp/feeds/elecomp_bigbang.xml HTTP/1.1" 200 2867666 "-" "Python-urllib/3.11"
77.79.248.229 - - [17/Jun/2025:17:38:32 +0200] "GET /Jurek/roger/feeds/roger_bigbang.xml HTTP/1.1" 200 1396552 "-" "Python-urllib/3.11"
77.79.248.229 - - [17/Jun/2025:17:38:32 +0200] "GET /Jurek/kristronik/feeds/kristronik_bigbang.xml HTTP/1.1" 200 691983 "-" "Python-urllib/3.11"
77.79.248.229 - - [17/Jun/2025:17:38:33 +0200] "GET /Jurek/oknobest/feeds/oknobest_bigbang.xml HTTP/1.1" 200 2708295 "-" "Python-urllib/3.11"
77.79.248.229 - - [17/Jun/2025:17:38:33 +0200] "GET /Jurek/globaldeli/feeds/globaldeli_bigbang.xml HTTP/1.1" 200 2590049 "-" "Python-urllib/3.11"
77.79.248.229 - - [17/Jun/2025:17:38:33 +0200] "GET /Jurek/rider/feeds/rider_bigbang.xml HTTP/1.1" 200 8165141 "-" "Python-urllib/3.11"
77.79.248.229 - - [17/Jun/2025:17:38:33 +0200] "GET /Jurek/luxma/feeds/luxma_bigbang.xml HTTP/1.1" 200 8058599 "-" "Python-urllib/3.11"
77.79.248.229 - - [17/Jun/2025:17:38:33 +0200] "GET /Jurek/smxdesign/feeds/smxdesign_bigbang.xml HTTP/1.1" 200 1829022 "-" "Python-urllib/3.11"
66.135.223.43 - - [17/Jun/2025:17:38:34 +0200] "GET /Jurek/eurofirany/images/388327/0.jpg HTTP/1.1" 200 111647 "-" "Java/17.0.14.0.101"
77.79.248.229 - - [17/Jun/2025:17:38:34 +0200] "GET /Jurek/dropkz/feeds/dropkz_bigbang.xml HTTP/1.1" 200 70014096 "-" "Python-urllib/3.11"
66.135.223.42 - - [17/Jun/2025:17:38:34 +0200] "GET /Jurek/eurofirany/images/388338/0.jpg HTTP/1.1" 200 145078 "-" "Java/17.0.14.0.101"
77.79.248.229 - - [17/Jun/2025:17:38:34 +0200] "GET /Jurek/pawonik/feeds/pawonik_bigbang.xml HTTP/1.1" 200 2138389 "-" "Python-urllib/3.11"
77.79.248.229 - - [17/Jun/2025:17:38:34 +0200] "GET /Jurek/spali/feeds/spali_bigbang.xml HTTP/1.1" 200 77046 "-" "Python-urllib/3.11"
77.79.248.229 - - [17/Jun/2025:17:38:34 +0200] "GET /Jurek/newtechele/feeds/newtechele_bigbang.xml HTTP/1.1" 200 2438454 "-" "Python-urllib/3.11"
77.79.248.229 - - [17/Jun/2025:17:38:35 +0200] "GET /Jurek/maksik/feeds/maksik_bigbang.xml HTTP/1.1" 200 4084763 "-" "Python-urllib/3.11"
77.79.248.229 - - [17/Jun/2025:17:38:35 +0200] "GET /Jurek/beltimore/feeds/beltimore_bigbang.xml HTTP/1.1" 200 18652320 "-" "Python-urllib/3.11"
77.79.248.229 - - [17/Jun/2025:17:38:35 +0200] "GET /Jurek/rovato/feeds/rovato_bigbang.xml HTTP/1.1" 200 180829 "-" "Python-urllib/3.11"
77.79.248.229 - - [17/Jun/2025:17:38:35 +0200] "GET /Jurek/eurofryz/feeds/eurofryz_bigbang.xml HTTP/1.1" 200 1381531 "-" "Python-urllib/3.11"
77.79.248.229 - - [17/Jun/2025:17:38:35 +0200] "GET /Jurek/alucon/feeds/alucon_bigbang.xml HTTP/1.1" 200 553701 "-" "Python-urllib/3.11"
77.79.248.229 - - [17/Jun/2025:17:38:35 +0200] "GET /Jurek/omi/feeds/omi_bigbang.xml HTTP/1.1" 200 8100721 "-" "Python-urllib/3.11"
77.79.248.229 - - [17/Jun/2025:17:38:35 +0200] "GET /Jurek/kamar/feeds/kamar_bigbang.xml HTTP/1.1" 200 25550423 "-" "Python-urllib/3.11"
77.79.248.229 - - [17/Jun/2025:17:38:36 +0200] "GET /Jurek/beautycare/feeds/beautycare_bigbang.xml HTTP/1.1" 200 1181288 "-" "Python-urllib/3.11"
77.79.248.229 - - [17/Jun/2025:17:38:36 +0200] "GET /Jurek/avenido/feeds/avenido_bigbang.xml HTTP/1.1" 200 720107 "-" "Python-urllib/3.11"
77.79.248.229 - - [17/Jun/2025:17:38:36 +0200] "GET /Jurek/zenex/feeds/zenex_bigbang.xml HTTP/1.1" 200 540145 "-" "Python-urllib/3.11"
77.79.248.229 - - [17/Jun/2025:17:38:36 +0200] "GET /Jurek/sternhoff/feeds/sternhoff_bigbang.xml HTTP/1.1" 200 1775249 "-" "Python-urllib/3.11"
77.79.248.229 - - [17/Jun/2025:17:38:36 +0200] "GET /Jurek/straganspoz/feeds/straganspoz_bigbang.xml HTTP/1.1" 200 9510050 "-" "Python-urllib/3.11"
66.135.223.42 - - [17/Jun/2025:17:38:36 +0200] "GET /Jurek/eurofirany/images/315096/0.jpg HTTP/1.1" 200 88834 "-" "Java/17.0.14.0.101"
77.79.248.229 - - [17/Jun/2025:17:38:36 +0200] "GET /Jurek/apresto/feeds/apresto_bigbang.xml HTTP/1.1" 200 1327597 "-" "Python-urllib/3.11"
77.79.248.229 - - [17/Jun/2025:17:38:36 +0200] "GET /Jurek/fertone/feeds/fertone_bigbang.xml HTTP/1.1" 200 584066 "-" "Python-urllib/3.11"
77.79.248.229 - - [17/Jun/2025:17:38:36 +0200] "GET /Jurek/fernity/feeds/fernity_bigbang.xml HTTP/1.1" 200 4960770 "-" "Python-urllib/3.11"
77.79.248.229 - - [17/Jun/2025:17:38:36 +0200] "GET /Jurek/jankeski/feeds/jankeski_bigbang.xml HTTP/1.1" 200 6571028 "-" "Python-urllib/3.11"
77.79.248.229 - - [17/Jun/2025:17:38:37 +0200] "GET /Jurek/bloomglow/feeds/bloomglow_bigbang.xml HTTP/1.1" 200 14095288 "-" "Python-urllib/3.11"
77.79.248.229 - - [17/Jun/2025:17:38:37 +0200] "GET /Jurek/galopi/feeds/galopi_bigbang.xml HTTP/1.1" 200 2111013 "-" "Python-urllib/3.11"
77.79.248.229 - - [17/Jun/2025:17:38:37 +0200] "GET /Jurek/hurtmeblowy/feeds/hurtmeblowy_bigbang.xml HTTP/1.1" 200 7827705 "-" "Python-urllib/3.11"
66.211.183.71 - - [17/Jun/2025:17:38:38 +0200] "GET /Jurek/eurofirany/images/388536/1.jpg HTTP/1.1" 200 103872 "http://www.ebay.com/" "Mozilla/5.0 (Windows NT 10.0; Win64; x64) AppleWebKit/537.36 (KHTML, like Gecko) Chrome/123.0.0.0 Safari/537.36"
66.211.183.70 - - [17/Jun/2025:17:38:38 +0200] "GET /Jurek/eurofirany/images/388536/2.jpg HTTP/1.1" 200 117486 "http://www.ebay.com/" "Mozilla/5.0 (Windows NT 10.0; Win64; x64) AppleWebKit/537.36 (KHTML, like Gecko) Chrome/123.0.0.0 Safari/537.36"
66.211.183.74 - - [17/Jun/2025:17:38:39 +0200] "GET /Jurek/eurofirany/images/388536/0.jpg HTTP/1.1" 200 186627 "http://www.ebay.com/" "Mozilla/5.0 (Windows NT 10.0; Win64; x64) AppleWebKit/537.36 (KHTML, like Gecko) Chrome/123.0.0.0 Safari/537.36"
66.211.183.71 - - [17/Jun/2025:17:38:39 +0200] "GET /Jurek/eurofirany/images/388536/4.jpg HTTP/1.1" 200 193138 "http://www.ebay.com/" "Mozilla/5.0 (Windows NT 10.0; Win64; x64) AppleWebKit/537.36 (KHTML, like Gecko) Chrome/123.0.0.0 Safari/537.36"
66.211.183.74 - - [17/Jun/2025:17:38:39 +0200] "GET /Jurek/eurofirany/images/388536/3.jpg HTTP/1.1" 200 177071 "http://www.ebay.com/" "Mozilla/5.0 (Windows NT 10.0; Win64; x64) AppleWebKit/537.36 (KHTML, like Gecko) Chrome/123.0.0.0 Safari/537.36"
66.211.183.74 - - [17/Jun/2025:17:38:40 +0200] "GET /Jurek/eurofirany/images/388678/1.jpg HTTP/1.1" 200 123723 "http://www.ebay.com/" "Mozilla/5.0 (Windows NT 10.0; Win64; x64) AppleWebKit/537.36 (KHTML, like Gecko) Chrome/123.0.0.0 Safari/537.36"
66.211.183.71 - - [17/Jun/2025:17:38:40 +0200] "GET /Jurek/eurofirany/images/388678/2.jpg HTTP/1.1" 200 109621 "http://www.ebay.com/" "Mozilla/5.0 (Windows NT 10.0; Win64; x64) AppleWebKit/537.36 (KHTML, like Gecko) Chrome/123.0.0.0 Safari/537.36"
66.211.183.74 - - [17/Jun/2025:17:38:40 +0200] "GET /Jurek/eurofirany/images/388678/4.jpg HTTP/1.1" 200 87894 "http://www.ebay.com/" "Mozilla/5.0 (Windows NT 10.0; Win64; x64) AppleWebKit/537.36 (KHTML, like Gecko) Chrome/123.0.0.0 Safari/537.36"
66.211.183.74 - - [17/Jun/2025:17:38:41 +0200] "GET /Jurek/eurofirany/images/388678/3.jpg HTTP/1.1" 200 145341 "http://www.ebay.com/" "Mozilla/5.0 (Windows NT 10.0; Win64; x64) AppleWebKit/537.36 (KHTML, like Gecko) Chrome/123.0.0.0 Safari/537.36"
66.211.183.72 - - [17/Jun/2025:17:38:41 +0200] "GET /Jurek/eurofirany/images/388678/0.jpg HTTP/1.1" 200 194854 "http://www.ebay.com/" "Mozilla/5.0 (Windows NT 10.0; Win64; x64) AppleWebKit/537.36 (KHTML, like Gecko) Chrome/123.0.0.0 Safari/537.36"
66.135.223.44 - - [17/Jun/2025:17:38:48 +0200] "GET /Jurek/eurofirany/images/361970/0.jpg HTTP/1.1" 200 169418 "-" "Java/17.0.14.0.101"
216.113.184.105 - - [17/Jun/2025:17:38:52 +0200] "GET /Jurek/eurofirany/images/388680/4.jpg HTTP/1.1" 200 87894 "http://www.ebay.com/" "Mozilla/5.0 (Windows NT 10.0; Win64; x64) AppleWebKit/537.36 (KHTML, like Gecko) Chrome/123.0.0.0 Safari/537.36"
216.113.184.101 - - [17/Jun/2025:17:38:52 +0200] "GET /Jurek/eurofirany/images/388680/1.jpg HTTP/1.1" 200 123723 "http://www.ebay.com/" "Mozilla/5.0 (Windows NT 10.0; Win64; x64) AppleWebKit/537.36 (KHTML, like Gecko) Chrome/123.0.0.0 Safari/537.36"
216.113.184.101 - - [17/Jun/2025:17:38:52 +0200] "GET /Jurek/eurofirany/images/388680/2.jpg HTTP/1.1" 200 109621 "http://www.ebay.com/" "Mozilla/5.0 (Windows NT 10.0; Win64; x64) AppleWebKit/537.36 (KHTML, like Gecko) Chrome/123.0.0.0 Safari/537.36"
216.113.184.101 - - [17/Jun/2025:17:38:52 +0200] "GET /Jurek/eurofirany/images/388680/3.jpg HTTP/1.1" 200 145341 "http://www.ebay.com/" "Mozilla/5.0 (Windows NT 10.0; Win64; x64) AppleWebKit/537.36 (KHTML, like Gecko) Chrome/123.0.0.0 Safari/537.36"
216.113.184.103 - - [17/Jun/2025:17:38:53 +0200] "GET /Jurek/eurofirany/images/388680/0.jpg HTTP/1.1" 200 204458 "http://www.ebay.com/" "Mozilla/5.0 (Windows NT 10.0; Win64; x64) AppleWebKit/537.36 (KHTML, like Gecko) Chrome/123.0.0.0 Safari/537.36"
66.135.223.40 - - [17/Jun/2025:17:39:02 +0200] "GET /Jurek/eurofirany/images/371399/3.jpg HTTP/1.1" 200 107501 "http://www.ebay.com/" "Mozilla/5.0 (Windows NT 10.0; Win64; x64) AppleWebKit/537.36 (KHTML, like Gecko) Chrome/123.0.0.0 Safari/537.36"
66.135.223.41 - - [17/Jun/2025:17:39:02 +0200] "GET /Jurek/eurofirany/images/371399/2.jpg HTTP/1.1" 200 71628 "http://www.ebay.com/" "Mozilla/5.0 (Windows NT 10.0; Win64; x64) AppleWebKit/537.36 (KHTML, like Gecko) Chrome/123.0.0.0 Safari/537.36"
66.135.223.44 - - [17/Jun/2025:17:39:02 +0200] "GET /Jurek/eurofirany/images/371399/4.jpg HTTP/1.1" 200 97848 "http://www.ebay.com/" "Mozilla/5.0 (Windows NT 10.0; Win64; x64) AppleWebKit/537.36 (KHTML, like Gecko) Chrome/123.0.0.0 Safari/537.36"
66.135.223.43 - - [17/Jun/2025:17:39:03 +0200] "GET /Jurek/eurofirany/images/371399/1.jpg HTTP/1.1" 200 149708 "http://www.ebay.com/" "Mozilla/5.0 (Windows NT 10.0; Win64; x64) AppleWebKit/537.36 (KHTML, like Gecko) Chrome/123.0.0.0 Safari/537.36"
66.135.223.40 - - [17/Jun/2025:17:39:03 +0200] "GET /Jurek/eurofirany/images/371399/0.jpg HTTP/1.1" 200 133529 "http://www.ebay.com/" "Mozilla/5.0 (Windows NT 10.0; Win64; x64) AppleWebKit/537.36 (KHTML, like Gecko) Chrome/123.0.0.0 Safari/537.36"
66.135.223.43 - - [17/Jun/2025:17:39:03 +0200] "GET /Jurek/eurofirany/images/371399/8.jpg HTTP/1.1" 200 141796 "http://www.ebay.com/" "Mozilla/5.0 (Windows NT 10.0; Win64; x64) AppleWebKit/537.36 (KHTML, like Gecko) Chrome/123.0.0.0 Safari/537.36"
66.135.223.41 - - [17/Jun/2025:17:39:03 +0200] "GET /Jurek/eurofirany/images/371399/7.jpg HTTP/1.1" 200 168846 "http://www.ebay.com/" "Mozilla/5.0 (Windows NT 10.0; Win64; x64) AppleWebKit/537.36 (KHTML, like Gecko) Chrome/123.0.0.0 Safari/537.36"
66.135.223.41 - - [17/Jun/2025:17:39:03 +0200] "GET /Jurek/eurofirany/images/371399/6.jpg HTTP/1.1" 200 165554 "http://www.ebay.com/" "Mozilla/5.0 (Windows NT 10.0; Win64; x64) AppleWebKit/537.36 (KHTML, like Gecko) Chrome/123.0.0.0 Safari/537.36"
66.135.223.41 - - [17/Jun/2025:17:39:03 +0200] "GET /Jurek/eurofirany/images/371399/9.jpg HTTP/1.1" 200 168244 "http://www.ebay.com/" "Mozilla/5.0 (Windows NT 10.0; Win64; x64) AppleWebKit/537.36 (KHTML, like Gecko) Chrome/123.0.0.0 Safari/537.36"
66.135.223.44 - - [17/Jun/2025:17:39:03 +0200] "GET /Jurek/eurofirany/images/371399/5.jpg HTTP/1.1" 200 208756 "http://www.ebay.com/" "Mozilla/5.0 (Windows NT 10.0; Win64; x64) AppleWebKit/537.36 (KHTML, like Gecko) Chrome/123.0.0.0 Safari/537.36"
216.113.184.104 - - [17/Jun/2025:17:39:04 +0200] "GET /Jurek/eurofirany/images/387470/3.jpg HTTP/1.1" 200 159371 "http://www.ebay.com/" "Mozilla/5.0 (Windows NT 10.0; Win64; x64) AppleWebKit/537.36 (KHTML, like Gecko) Chrome/123.0.0.0 Safari/537.36"
216.113.184.101 - - [17/Jun/2025:17:39:04 +0200] "GET /Jurek/eurofirany/images/387470/0.jpg HTTP/1.1" 200 197376 "http://www.ebay.com/" "Mozilla/5.0 (Windows NT 10.0; Win64; x64) AppleWebKit/537.36 (KHTML, like Gecko) Chrome/123.0.0.0 Safari/537.36"
216.113.184.101 - - [17/Jun/2025:17:39:04 +0200] "GET /Jurek/eurofirany/images/387470/1.jpg HTTP/1.1" 200 239044 "http://www.ebay.com/" "Mozilla/5.0 (Windows NT 10.0; Win64; x64) AppleWebKit/537.36 (KHTML, like Gecko) Chrome/123.0.0.0 Safari/537.36"
216.113.184.105 - - [17/Jun/2025:17:39:04 +0200] "GET /Jurek/eurofirany/images/387470/2.jpg HTTP/1.1" 200 207851 "http://www.ebay.com/" "Mozilla/5.0 (Windows NT 10.0; Win64; x64) AppleWebKit/537.36 (KHTML, like Gecko) Chrome/123.0.0.0 Safari/537.36"
66.249.64.39 - - [17/Jun/2025:17:39:13 +0200] "GET /Jurek/eurofirany/images/315130/5.jpg HTTP/1.1" 200 121908 "-" "Googlebot-Image/1.0"
52.18.22.0 - - [17/Jun/2025:17:39:16 +0200] "GET /marketplaces/worten2/results/worten.csv HTTP/1.1" 200 19253904 "-" "Mirakl HttpClient"
66.135.223.42 - - [17/Jun/2025:17:39:31 +0200] "GET /Jurek/eurofirany/images/388648/1.jpg HTTP/1.1" 200 69138 "http://www.ebay.com/" "Mozilla/5.0 (Windows NT 10.0; Win64; x64) AppleWebKit/537.36 (KHTML, like Gecko) Chrome/123.0.0.0 Safari/537.36"
66.135.223.42 - - [17/Jun/2025:17:39:31 +0200] "GET /Jurek/eurofirany/images/388648/2.jpg HTTP/1.1" 200 77743 "http://www.ebay.com/" "Mozilla/5.0 (Windows NT 10.0; Win64; x64) AppleWebKit/537.36 (KHTML, like Gecko) Chrome/123.0.0.0 Safari/537.36"
66.135.223.41 - - [17/Jun/2025:17:39:32 +0200] "GET /Jurek/eurofirany/images/388648/0.jpg HTTP/1.1" 200 166093 "http://www.ebay.com/" "Mozilla/5.0 (Windows NT 10.0; Win64; x64) AppleWebKit/537.36 (KHTML, like Gecko) Chrome/123.0.0.0 Safari/537.36"
46.101.116.244 - - [17/Jun/2025:17:39:35 +0200] "GET /Jurek/intsell/feeds/intsell_amazonde.xml HTTP/1.0" 200 342008521 "-" "-"
66.211.183.70 - - [17/Jun/2025:17:39:36 +0200] "GET /Jurek/eurofirany/images/350462/0.jpg HTTP/1.1" 200 64205 "http://www.ebay.com/" "Mozilla/5.0 (Windows NT 10.0; Win64; x64) AppleWebKit/537.36 (KHTML, like Gecko) Chrome/123.0.0.0 Safari/537.36"
66.211.183.73 - - [17/Jun/2025:17:39:36 +0200] "GET /Jurek/eurofirany/images/350462/1.jpg HTTP/1.1" 200 70586 "http://www.ebay.com/" "Mozilla/5.0 (Windows NT 10.0; Win64; x64) AppleWebKit/537.36 (KHTML, like Gecko) Chrome/123.0.0.0 Safari/537.36"
66.211.183.74 - - [17/Jun/2025:17:39:36 +0200] "GET /Jurek/eurofirany/images/350462/3.jpg HTTP/1.1" 200 53361 "http://www.ebay.com/" "Mozilla/5.0 (Windows NT 10.0; Win64; x64) AppleWebKit/537.36 (KHTML, like Gecko) Chrome/123.0.0.0 Safari/537.36"
66.211.183.74 - - [17/Jun/2025:17:39:36 +0200] "GET /Jurek/eurofirany/images/350462/2.jpg HTTP/1.1" 200 34704 "http://www.ebay.com/" "Mozilla/5.0 (Windows NT 10.0; Win64; x64) AppleWebKit/537.36 (KHTML, like Gecko) Chrome/123.0.0.0 Safari/537.36"
66.211.183.74 - - [17/Jun/2025:17:39:36 +0200] "GET /Jurek/eurofirany/images/350462/5.jpg HTTP/1.1" 200 51681 "http://www.ebay.com/" "Mozilla/5.0 (Windows NT 10.0; Win64; x64) AppleWebKit/537.36 (KHTML, like Gecko) Chrome/123.0.0.0 Safari/537.36"
66.211.183.73 - - [17/Jun/2025:17:39:36 +0200] "GET /Jurek/eurofirany/images/350462/6.jpg HTTP/1.1" 200 42840 "http://www.ebay.com/" "Mozilla/5.0 (Windows NT 10.0; Win64; x64) AppleWebKit/537.36 (KHTML, like Gecko) Chrome/123.0.0.0 Safari/537.36"
66.211.183.73 - - [17/Jun/2025:17:39:37 +0200] "GET /Jurek/eurofirany/images/350462/7.jpg HTTP/1.1" 200 79228 "http://www.ebay.com/" "Mozilla/5.0 (Windows NT 10.0; Win64; x64) AppleWebKit/537.36 (KHTML, like Gecko) Chrome/123.0.0.0 Safari/537.36"
66.211.183.70 - - [17/Jun/2025:17:39:37 +0200] "GET /Jurek/eurofirany/images/350462/4.jpg HTTP/1.1" 200 152542 "http://www.ebay.com/" "Mozilla/5.0 (Windows NT 10.0; Win64; x64) AppleWebKit/537.36 (KHTML, like Gecko) Chrome/123.0.0.0 Safari/537.36"
66.211.183.74 - - [17/Jun/2025:17:39:38 +0200] "GET /Jurek/eurofirany/images/371399/0.jpg HTTP/1.1" 200 133529 "-" "Java/17.0.14.0.101"
66.135.223.44 - - [17/Jun/2025:17:39:40 +0200] "GET /Jurek/eurofirany/images/388336/2.jpg HTTP/1.1" 200 79652 "http://www.ebay.com/" "Mozilla/5.0 (Windows NT 10.0; Win64; x64) AppleWebKit/537.36 (KHTML, like Gecko) Chrome/123.0.0.0 Safari/537.36"
66.135.223.40 - - [17/Jun/2025:17:39:40 +0200] "GET /Jurek/eurofirany/images/388336/0.jpg HTTP/1.1" 200 143891 "http://www.ebay.com/" "Mozilla/5.0 (Windows NT 10.0; Win64; x64) AppleWebKit/537.36 (KHTML, like Gecko) Chrome/123.0.0.0 Safari/537.36"
66.135.223.42 - - [17/Jun/2025:17:39:40 +0200] "GET /Jurek/eurofirany/images/388336/1.jpg HTTP/1.1" 200 154430 "http://www.ebay.com/" "Mozilla/5.0 (Windows NT 10.0; Win64; x64) AppleWebKit/537.36 (KHTML, like Gecko) Chrome/123.0.0.0 Safari/537.36"
66.135.223.40 - - [17/Jun/2025:17:39:40 +0200] "GET /Jurek/eurofirany/images/388336/5.jpg HTTP/1.1" 200 224768 "http://www.ebay.com/" "Mozilla/5.0 (Windows NT 10.0; Win64; x64) AppleWebKit/537.36 (KHTML, like Gecko) Chrome/123.0.0.0 Safari/537.36"
66.135.223.42 - - [17/Jun/2025:17:39:40 +0200] "GET /Jurek/eurofirany/images/388336/6.jpg HTTP/1.1" 200 224768 "http://www.ebay.com/" "Mozilla/5.0 (Windows NT 10.0; Win64; x64) AppleWebKit/537.36 (KHTML, like Gecko) Chrome/123.0.0.0 Safari/537.36"
66.135.223.40 - - [17/Jun/2025:17:39:40 +0200] "GET /Jurek/eurofirany/images/388336/4.jpg HTTP/1.1" 200 204065 "http://www.ebay.com/" "Mozilla/5.0 (Windows NT 10.0; Win64; x64) AppleWebKit/537.36 (KHTML, like Gecko) Chrome/123.0.0.0 Safari/537.36"
66.135.223.44 - - [17/Jun/2025:17:39:41 +0200] "GET /Jurek/eurofirany/images/388336/3.jpg HTTP/1.1" 200 238758 "http://www.ebay.com/" "Mozilla/5.0 (Windows NT 10.0; Win64; x64) AppleWebKit/537.36 (KHTML, like Gecko) Chrome/123.0.0.0 Safari/537.36"
66.211.183.72 - - [17/Jun/2025:17:39:47 +0200] "GET /Jurek/eurofirany/images/388535/1.jpg HTTP/1.1" 200 103872 "http://www.ebay.com/" "Mozilla/5.0 (Windows NT 10.0; Win64; x64) AppleWebKit/537.36 (KHTML, like Gecko) Chrome/123.0.0.0 Safari/537.36"
66.211.183.71 - - [17/Jun/2025:17:39:47 +0200] "GET /Jurek/eurofirany/images/388535/2.jpg HTTP/1.1" 200 117486 "http://www.ebay.com/" "Mozilla/5.0 (Windows NT 10.0; Win64; x64) AppleWebKit/537.36 (KHTML, like Gecko) Chrome/123.0.0.0 Safari/537.36"
66.211.183.72 - - [17/Jun/2025:17:39:48 +0200] "GET /Jurek/eurofirany/images/388535/0.jpg HTTP/1.1" 200 175756 "http://www.ebay.com/" "Mozilla/5.0 (Windows NT 10.0; Win64; x64) AppleWebKit/537.36 (KHTML, like Gecko) Chrome/123.0.0.0 Safari/537.36"
66.211.183.74 - - [17/Jun/2025:17:39:48 +0200] "GET /Jurek/eurofirany/images/388535/4.jpg HTTP/1.1" 200 193138 "http://www.ebay.com/" "Mozilla/5.0 (Windows NT 10.0; Win64; x64) AppleWebKit/537.36 (KHTML, like Gecko) Chrome/123.0.0.0 Safari/537.36"
66.211.183.70 - - [17/Jun/2025:17:39:48 +0200] "GET /Jurek/eurofirany/images/388535/3.jpg HTTP/1.1" 200 177071 "http://www.ebay.com/" "Mozilla/5.0 (Windows NT 10.0; Win64; x64) AppleWebKit/537.36 (KHTML, like Gecko) Chrome/123.0.0.0 Safari/537.36"
66.135.223.42 - - [17/Jun/2025:17:39:59 +0200] "GET /Jurek/eurofirany/images/388525/1.jpg HTTP/1.1" 200 105552 "http://www.ebay.com/" "Mozilla/5.0 (Windows NT 10.0; Win64; x64) AppleWebKit/537.36 (KHTML, like Gecko) Chrome/123.0.0.0 Safari/537.36"
66.135.223.44 - - [17/Jun/2025:17:39:59 +0200] "GET /Jurek/eurofirany/images/388525/2.jpg HTTP/1.1" 200 114663 "http://www.ebay.com/" "Mozilla/5.0 (Windows NT 10.0; Win64; x64) AppleWebKit/537.36 (KHTML, like Gecko) Chrome/123.0.0.0 Safari/537.36"
66.135.223.44 - - [17/Jun/2025:17:39:59 +0200] "GET /Jurek/eurofirany/images/388525/4.jpg HTTP/1.1" 200 92906 "http://www.ebay.com/" "Mozilla/5.0 (Windows NT 10.0; Win64; x64) AppleWebKit/537.36 (KHTML, like Gecko) Chrome/123.0.0.0 Safari/537.36"
66.135.223.42 - - [17/Jun/2025:17:39:59 +0200] "GET /Jurek/eurofirany/images/388525/3.jpg HTTP/1.1" 200 144427 "http://www.ebay.com/" "Mozilla/5.0 (Windows NT 10.0; Win64; x64) AppleWebKit/537.36 (KHTML, like Gecko) Chrome/123.0.0.0 Safari/537.36"
66.135.223.40 - - [17/Jun/2025:17:40:00 +0200] "GET /Jurek/eurofirany/images/388525/0.jpg HTTP/1.1" 200 154133 "http://www.ebay.com/" "Mozilla/5.0 (Windows NT 10.0; Win64; x64) AppleWebKit/537.36 (KHTML, like Gecko) Chrome/123.0.0.0 Safari/537.36"
66.249.64.39 - - [17/Jun/2025:17:40:01 +0200] "GET /Jurek/topeshop/downloaded_images/5902838463413_DENVER_BIEL(1).jpg HTTP/1.1" 404 3551 "-" "Googlebot-Image/1.0"
216.113.184.103 - - [17/Jun/2025:17:40:06 +0200] "GET /Jurek/eurofirany/images/350462/0.jpg HTTP/1.1" 200 64205 "-" "Java/17.0.14.0.101"
66.211.183.72 - - [17/Jun/2025:17:40:09 +0200] "GET /Jurek/eurofirany/images/391488/0.jpg HTTP/1.1" 200 121385 "http://www.ebay.com/" "Mozilla/5.0 (Windows NT 10.0; Win64; x64) AppleWebKit/537.36 (KHTML, like Gecko) Chrome/123.0.0.0 Safari/537.36"
66.211.183.72 - - [17/Jun/2025:17:40:09 +0200] "GET /Jurek/eurofirany/images/391488/1.jpg HTTP/1.1" 200 79939 "http://www.ebay.com/" "Mozilla/5.0 (Windows NT 10.0; Win64; x64) AppleWebKit/537.36 (KHTML, like Gecko) Chrome/123.0.0.0 Safari/537.36"
66.211.183.73 - - [17/Jun/2025:17:40:09 +0200] "GET /Jurek/eurofirany/images/391488/3.jpg HTTP/1.1" 200 118785 "http://www.ebay.com/" "Mozilla/5.0 (Windows NT 10.0; Win64; x64) AppleWebKit/537.36 (KHTML, like Gecko) Chrome/123.0.0.0 Safari/537.36"
66.211.183.71 - - [17/Jun/2025:17:40:09 +0200] "GET /Jurek/eurofirany/images/391488/2.jpg HTTP/1.1" 200 97339 "http://www.ebay.com/" "Mozilla/5.0 (Windows NT 10.0; Win64; x64) AppleWebKit/537.36 (KHTML, like Gecko) Chrome/123.0.0.0 Safari/537.36"
66.211.183.74 - - [17/Jun/2025:17:40:10 +0200] "GET /Jurek/eurofirany/images/391488/7.jpg HTTP/1.1" 200 59584 "http://www.ebay.com/" "Mozilla/5.0 (Windows NT 10.0; Win64; x64) AppleWebKit/537.36 (KHTML, like Gecko) Chrome/123.0.0.0 Safari/537.36"
66.211.183.73 - - [17/Jun/2025:17:40:10 +0200] "GET /Jurek/eurofirany/images/391488/5.jpg HTTP/1.1" 200 196030 "http://www.ebay.com/" "Mozilla/5.0 (Windows NT 10.0; Win64; x64) AppleWebKit/537.36 (KHTML, like Gecko) Chrome/123.0.0.0 Safari/537.36"
66.211.183.74 - - [17/Jun/2025:17:40:10 +0200] "GET /Jurek/eurofirany/images/391488/4.jpg HTTP/1.1" 200 215964 "http://www.ebay.com/" "Mozilla/5.0 (Windows NT 10.0; Win64; x64) AppleWebKit/537.36 (KHTML, like Gecko) Chrome/123.0.0.0 Safari/537.36"
66.211.183.71 - - [17/Jun/2025:17:40:10 +0200] "GET /Jurek/eurofirany/images/391488/6.jpg HTTP/1.1" 200 212217 "http://www.ebay.com/" "Mozilla/5.0 (Windows NT 10.0; Win64; x64) AppleWebKit/537.36 (KHTML, like Gecko) Chrome/123.0.0.0 Safari/537.36"
216.113.184.105 - - [17/Jun/2025:17:40:15 +0200] "GET /Jurek/eurofirany/images/388680/0.jpg HTTP/1.1" 200 204458 "-" "Java/17.0.14.0.101"
66.211.183.73 - - [17/Jun/2025:17:40:17 +0200] "GET /Jurek/eurofirany/images/391488/0.jpg HTTP/1.1" 200 121385 "-" "Java/17.0.14.0.101"
66.249.64.37 - - [17/Jun/2025:17:40:49 +0200] "GET /Jurek/eurofirany/images/383108/6.jpg HTTP/1.1" 200 69077 "-" "Googlebot-Image/1.0"
77.79.248.229 - - [17/Jun/2025:17:41:00 +0200] "GET /Jurek/kinghoff/feeds/kinghoff_SkroutzGR.xml HTTP/1.1" 200 14537544 "-" "Python-urllib/3.11"
77.79.248.229 - - [17/Jun/2025:17:41:01 +0200] "GET /Jurek/aw/feeds/awnarzedzia_skroutz.xml HTTP/1.1" 200 89031076 "-" "Python-urllib/3.11"
40.77.167.42 - - [17/Jun/2025:17:41:01 +0200] "GET /Jurek/topeshop/downloaded_images/5902838461266_2.png HTTP/2.0" 404 3551 "-" "Mozilla/5.0 AppleWebKit/537.36 (KHTML, like Gecko; compatible; bingbot/2.0; +http://www.bing.com/bingbot.htm) Chrome/116.0.1938.76 Safari/537.36"
77.79.248.229 - - [17/Jun/2025:17:41:01 +0200] "GET /Jurek/eurofirany/feeds/eurofirany_skroutz.xml HTTP/1.1" 200 17971781 "-" "Python-urllib/3.11"
77.79.248.229 - - [17/Jun/2025:17:41:02 +0200] "GET /Jurek/fernity/feeds/fernity_skroutz.xml HTTP/1.1" 200 4575889 "-" "Python-urllib/3.11"
52.167.144.197 - - [17/Jun/2025:17:41:06 +0200] "GET /Jurek/topeshop/downloaded_images/5902838468463_1sonoma.png HTTP/2.0" 404 3551 "-" "Mozilla/5.0 AppleWebKit/537.36 (KHTML, like Gecko; compatible; bingbot/2.0; +http://www.bing.com/bingbot.htm) Chrome/116.0.1938.76 Safari/537.36"
66.135.223.43 - - [17/Jun/2025:17:41:27 +0200] "GET /Jurek/eurofirany/images/315096/0.jpg HTTP/1.1" 200 88834 "http://www.ebay.com/" "Mozilla/5.0 (Windows NT 10.0; Win64; x64) AppleWebKit/537.36 (KHTML, like Gecko) Chrome/123.0.0.0 Safari/537.36"
66.135.223.44 - - [17/Jun/2025:17:41:27 +0200] "GET /Jurek/eurofirany/images/315096/1.jpg HTTP/1.1" 200 103734 "http://www.ebay.com/" "Mozilla/5.0 (Windows NT 10.0; Win64; x64) AppleWebKit/537.36 (KHTML, like Gecko) Chrome/123.0.0.0 Safari/537.36"
66.135.223.40 - - [17/Jun/2025:17:41:27 +0200] "GET /Jurek/eurofirany/images/315096/3.jpg HTTP/1.1" 200 97513 "http://www.ebay.com/" "Mozilla/5.0 (Windows NT 10.0; Win64; x64) AppleWebKit/537.36 (KHTML, like Gecko) Chrome/123.0.0.0 Safari/537.36"
66.135.223.41 - - [17/Jun/2025:17:41:27 +0200] "GET /Jurek/eurofirany/images/315096/5.jpg HTTP/1.1" 200 116550 "http://www.ebay.com/" "Mozilla/5.0 (Windows NT 10.0; Win64; x64) AppleWebKit/537.36 (KHTML, like Gecko) Chrome/123.0.0.0 Safari/537.36"
66.135.223.44 - - [17/Jun/2025:17:41:27 +0200] "GET /Jurek/eurofirany/images/315096/2.jpg HTTP/1.1" 200 49492 "http://www.ebay.com/" "Mozilla/5.0 (Windows NT 10.0; Win64; x64) AppleWebKit/537.36 (KHTML, like Gecko) Chrome/123.0.0.0 Safari/537.36"
66.135.223.41 - - [17/Jun/2025:17:41:27 +0200] "GET /Jurek/eurofirany/images/315096/7.jpg HTTP/1.1" 200 91271 "http://www.ebay.com/" "Mozilla/5.0 (Windows NT 10.0; Win64; x64) AppleWebKit/537.36 (KHTML, like Gecko) Chrome/123.0.0.0 Safari/537.36"
66.135.223.41 - - [17/Jun/2025:17:41:27 +0200] "GET /Jurek/eurofirany/images/315096/8.jpg HTTP/1.1" 200 84262 "http://www.ebay.com/" "Mozilla/5.0 (Windows NT 10.0; Win64; x64) AppleWebKit/537.36 (KHTML, like Gecko) Chrome/123.0.0.0 Safari/537.36"
66.135.223.43 - - [17/Jun/2025:17:41:27 +0200] "GET /Jurek/eurofirany/images/315096/6.jpg HTTP/1.1" 200 136583 "http://www.ebay.com/" "Mozilla/5.0 (Windows NT 10.0; Win64; x64) AppleWebKit/537.36 (KHTML, like Gecko) Chrome/123.0.0.0 Safari/537.36"
66.135.223.41 - - [17/Jun/2025:17:41:27 +0200] "GET /Jurek/eurofirany/images/315096/4.jpg HTTP/1.1" 200 226802 "http://www.ebay.com/" "Mozilla/5.0 (Windows NT 10.0; Win64; x64) AppleWebKit/537.36 (KHTML, like Gecko) Chrome/123.0.0.0 Safari/537.36"
66.135.223.43 - - [17/Jun/2025:17:41:52 +0200] "GET /Jurek/eurofirany/images/388338/2.jpg HTTP/1.1" 200 81731 "http://www.ebay.com/" "Mozilla/5.0 (Windows NT 10.0; Win64; x64) AppleWebKit/537.36 (KHTML, like Gecko) Chrome/123.0.0.0 Safari/537.36"
66.135.223.44 - - [17/Jun/2025:17:41:52 +0200] "GET /Jurek/eurofirany/images/388338/0.jpg HTTP/1.1" 200 145078 "http://www.ebay.com/" "Mozilla/5.0 (Windows NT 10.0; Win64; x64) AppleWebKit/537.36 (KHTML, like Gecko) Chrome/123.0.0.0 Safari/537.36"
66.135.223.44 - - [17/Jun/2025:17:41:52 +0200] "GET /Jurek/eurofirany/images/388338/1.jpg HTTP/1.1" 200 146918 "http://www.ebay.com/" "Mozilla/5.0 (Windows NT 10.0; Win64; x64) AppleWebKit/537.36 (KHTML, like Gecko) Chrome/123.0.0.0 Safari/537.36"
66.135.223.44 - - [17/Jun/2025:17:41:53 +0200] "GET /Jurek/eurofirany/images/388338/3.jpg HTTP/1.1" 200 230526 "http://www.ebay.com/" "Mozilla/5.0 (Windows NT 10.0; Win64; x64) AppleWebKit/537.36 (KHTML, like Gecko) Chrome/123.0.0.0 Safari/537.36"
66.135.223.40 - - [17/Jun/2025:17:41:53 +0200] "GET /Jurek/eurofirany/images/388338/4.jpg HTTP/1.1" 200 225295 "http://www.ebay.com/" "Mozilla/5.0 (Windows NT 10.0; Win64; x64) AppleWebKit/537.36 (KHTML, like Gecko) Chrome/123.0.0.0 Safari/537.36"
66.135.223.43 - - [17/Jun/2025:17:41:53 +0200] "GET /Jurek/eurofirany/images/388338/6.jpg HTTP/1.1" 200 232351 "http://www.ebay.com/" "Mozilla/5.0 (Windows NT 10.0; Win64; x64) AppleWebKit/537.36 (KHTML, like Gecko) Chrome/123.0.0.0 Safari/537.36"
66.135.223.44 - - [17/Jun/2025:17:41:53 +0200] "GET /Jurek/eurofirany/images/388338/5.jpg HTTP/1.1" 200 232351 "http://www.ebay.com/" "Mozilla/5.0 (Windows NT 10.0; Win64; x64) AppleWebKit/537.36 (KHTML, like Gecko) Chrome/123.0.0.0 Safari/537.36"
66.135.223.42 - - [17/Jun/2025:17:42:08 +0200] "GET /Jurek/eurofirany/images/391489/1.jpg HTTP/1.1" 200 92562 "http://www.ebay.com/" "Mozilla/5.0 (Windows NT 10.0; Win64; x64) AppleWebKit/537.36 (KHTML, like Gecko) Chrome/123.0.0.0 Safari/537.36"
66.135.223.43 - - [17/Jun/2025:17:42:08 +0200] "GET /Jurek/eurofirany/images/391489/2.jpg HTTP/1.1" 200 89079 "http://www.ebay.com/" "Mozilla/5.0 (Windows NT 10.0; Win64; x64) AppleWebKit/537.36 (KHTML, like Gecko) Chrome/123.0.0.0 Safari/537.36"
66.135.223.41 - - [17/Jun/2025:17:42:08 +0200] "GET /Jurek/eurofirany/images/391489/7.jpg HTTP/1.1" 200 73205 "http://www.ebay.com/" "Mozilla/5.0 (Windows NT 10.0; Win64; x64) AppleWebKit/537.36 (KHTML, like Gecko) Chrome/123.0.0.0 Safari/537.36"
66.135.223.44 - - [17/Jun/2025:17:42:08 +0200] "GET /Jurek/eurofirany/images/391489/0.jpg HTTP/1.1" 200 138938 "http://www.ebay.com/" "Mozilla/5.0 (Windows NT 10.0; Win64; x64) AppleWebKit/537.36 (KHTML, like Gecko) Chrome/123.0.0.0 Safari/537.36"
66.135.223.43 - - [17/Jun/2025:17:42:08 +0200] "GET /Jurek/eurofirany/images/391489/3.jpg HTTP/1.1" 200 168141 "http://www.ebay.com/" "Mozilla/5.0 (Windows NT 10.0; Win64; x64) AppleWebKit/537.36 (KHTML, like Gecko) Chrome/123.0.0.0 Safari/537.36"
66.135.223.40 - - [17/Jun/2025:17:42:09 +0200] "GET /Jurek/eurofirany/images/391489/5.jpg HTTP/1.1" 200 239473 "http://www.ebay.com/" "Mozilla/5.0 (Windows NT 10.0; Win64; x64) AppleWebKit/537.36 (KHTML, like Gecko) Chrome/123.0.0.0 Safari/537.36"
66.135.223.40 - - [17/Jun/2025:17:42:09 +0200] "GET /Jurek/eurofirany/images/391489/4.jpg HTTP/1.1" 200 276402 "http://www.ebay.com/" "Mozilla/5.0 (Windows NT 10.0; Win64; x64) AppleWebKit/537.36 (KHTML, like Gecko) Chrome/123.0.0.0 Safari/537.36"
66.135.223.44 - - [17/Jun/2025:17:42:09 +0200] "GET /Jurek/eurofirany/images/391489/6.jpg HTTP/1.1" 200 237580 "http://www.ebay.com/" "Mozilla/5.0 (Windows NT 10.0; Win64; x64) AppleWebKit/537.36 (KHTML, like Gecko) Chrome/123.0.0.0 Safari/537.36"
89.161.206.59 - - [17/Jun/2025:17:42:16 +0200] "GET /Jurek/kambukka/feeds/kambukka_emagro.xml HTTP/1.0" 200 1023497 "-" "-"
66.249.64.38 - - [17/Jun/2025:17:42:24 +0200] "GET /Jurek/eurofirany/images/333890/3.jpg HTTP/1.1" 200 61361 "-" "Googlebot-Image/1.0"
89.161.206.59 - - [17/Jun/2025:17:42:27 +0200] "GET /Jurek/targethome/feeds/targethome_emagro.xml HTTP/1.0" 200 688677 "-" "-"
46.101.116.244 - - [17/Jun/2025:17:42:33 +0200] "GET /Jurek/piotrmiedz/feeds/piotrmiedz_amazonde.xml HTTP/1.0" 200 91049857 "-" "-"
89.161.206.59 - - [17/Jun/2025:17:42:37 +0200] "GET /Jurek/kinghoff/feeds/kinghoff_emagro.xml HTTP/1.0" 200 15681603 "-" "-"
66.135.223.40 - - [17/Jun/2025:17:42:41 +0200] "GET /Jurek/eurofirany/images/388327/0.jpg HTTP/1.1" 200 111647 "http://www.ebay.com/" "Mozilla/5.0 (Windows NT 10.0; Win64; x64) AppleWebKit/537.36 (KHTML, like Gecko) Chrome/123.0.0.0 Safari/537.36"
66.135.223.41 - - [17/Jun/2025:17:42:41 +0200] "GET /Jurek/eurofirany/images/388327/1.jpg HTTP/1.1" 200 110630 "http://www.ebay.com/" "Mozilla/5.0 (Windows NT 10.0; Win64; x64) AppleWebKit/537.36 (KHTML, like Gecko) Chrome/123.0.0.0 Safari/537.36"
66.135.223.43 - - [17/Jun/2025:17:42:42 +0200] "GET /Jurek/eurofirany/images/388327/5.jpg HTTP/1.1" 200 196937 "http://www.ebay.com/" "Mozilla/5.0 (Windows NT 10.0; Win64; x64) AppleWebKit/537.36 (KHTML, like Gecko) Chrome/123.0.0.0 Safari/537.36"
66.135.223.42 - - [17/Jun/2025:17:42:42 +0200] "GET /Jurek/eurofirany/images/388327/4.jpg HTTP/1.1" 200 195709 "http://www.ebay.com/" "Mozilla/5.0 (Windows NT 10.0; Win64; x64) AppleWebKit/537.36 (KHTML, like Gecko) Chrome/123.0.0.0 Safari/537.36"
66.135.223.43 - - [17/Jun/2025:17:42:42 +0200] "GET /Jurek/eurofirany/images/388327/3.jpg HTTP/1.1" 200 208125 "http://www.ebay.com/" "Mozilla/5.0 (Windows NT 10.0; Win64; x64) AppleWebKit/537.36 (KHTML, like Gecko) Chrome/123.0.0.0 Safari/537.36"
66.135.223.44 - - [17/Jun/2025:17:42:42 +0200] "GET /Jurek/eurofirany/images/388327/2.jpg HTTP/1.1" 200 222261 "http://www.ebay.com/" "Mozilla/5.0 (Windows NT 10.0; Win64; x64) AppleWebKit/537.36 (KHTML, like Gecko) Chrome/123.0.0.0 Safari/537.36"
89.161.206.59 - - [17/Jun/2025:17:42:50 +0200] "GET /Jurek/b3/feeds/b3_emagro.xml HTTP/1.0" 200 8512153 "-" "-"
89.161.206.59 - - [17/Jun/2025:17:42:56 +0200] "GET /Jurek/ralmetal/feeds/ralmetal_emag.xml HTTP/1.0" 200 1787426 "-" "-"
89.161.206.59 - - [17/Jun/2025:17:42:58 +0200] "GET /Jurek/oromed/feeds/oromed_emagro.xml HTTP/1.0" 200 1284092 "-" "-"
89.161.206.59 - - [17/Jun/2025:17:43:09 +0200] "GET /Jurek/narzbud/feeds/narzbud_emagro.xml HTTP/1.0" 200 1901259 "-" "-"
216.113.184.103 - - [17/Jun/2025:17:43:09 +0200] "GET /Jurek/eurofirany/images/361970/2.jpg HTTP/1.1" 200 89367 "http://www.ebay.com/" "Mozilla/5.0 (Windows NT 10.0; Win64; x64) AppleWebKit/537.36 (KHTML, like Gecko) Chrome/123.0.0.0 Safari/537.36"
216.113.184.105 - - [17/Jun/2025:17:43:09 +0200] "GET /Jurek/eurofirany/images/361970/3.jpg HTTP/1.1" 200 160495 "http://www.ebay.com/" "Mozilla/5.0 (Windows NT 10.0; Win64; x64) AppleWebKit/537.36 (KHTML, like Gecko) Chrome/123.0.0.0 Safari/537.36"
216.113.184.103 - - [17/Jun/2025:17:43:09 +0200] "GET /Jurek/eurofirany/images/361970/6.jpg HTTP/1.1" 200 166016 "http://www.ebay.com/" "Mozilla/5.0 (Windows NT 10.0; Win64; x64) AppleWebKit/537.36 (KHTML, like Gecko) Chrome/123.0.0.0 Safari/537.36"
216.113.184.101 - - [17/Jun/2025:17:43:09 +0200] "GET /Jurek/eurofirany/images/361970/0.jpg HTTP/1.1" 200 169418 "http://www.ebay.com/" "Mozilla/5.0 (Windows NT 10.0; Win64; x64) AppleWebKit/537.36 (KHTML, like Gecko) Chrome/123.0.0.0 Safari/537.36"
216.113.184.102 - - [17/Jun/2025:17:43:09 +0200] "GET /Jurek/eurofirany/images/361970/9.jpg HTTP/1.1" 200 158865 "http://www.ebay.com/" "Mozilla/5.0 (Windows NT 10.0; Win64; x64) AppleWebKit/537.36 (KHTML, like Gecko) Chrome/123.0.0.0 Safari/537.36"
216.113.184.102 - - [17/Jun/2025:17:43:09 +0200] "GET /Jurek/eurofirany/images/361970/5.jpg HTTP/1.1" 200 160717 "http://www.ebay.com/" "Mozilla/5.0 (Windows NT 10.0; Win64; x64) AppleWebKit/537.36 (KHTML, like Gecko) Chrome/123.0.0.0 Safari/537.36"
216.113.184.103 - - [17/Jun/2025:17:43:10 +0200] "GET /Jurek/eurofirany/images/361970/4.jpg HTTP/1.1" 200 190308 "http://www.ebay.com/" "Mozilla/5.0 (Windows NT 10.0; Win64; x64) AppleWebKit/537.36 (KHTML, like Gecko) Chrome/123.0.0.0 Safari/537.36"
216.113.184.101 - - [17/Jun/2025:17:43:10 +0200] "GET /Jurek/eurofirany/images/361970/1.jpg HTTP/1.1" 200 181555 "http://www.ebay.com/" "Mozilla/5.0 (Windows NT 10.0; Win64; x64) AppleWebKit/537.36 (KHTML, like Gecko) Chrome/123.0.0.0 Safari/537.36"
216.113.184.104 - - [17/Jun/2025:17:43:10 +0200] "GET /Jurek/eurofirany/images/361970/8.jpg HTTP/1.1" 200 240937 "http://www.ebay.com/" "Mozilla/5.0 (Windows NT 10.0; Win64; x64) AppleWebKit/537.36 (KHTML, like Gecko) Chrome/123.0.0.0 Safari/537.36"
216.113.184.104 - - [17/Jun/2025:17:43:10 +0200] "GET /Jurek/eurofirany/images/361970/7.jpg HTTP/1.1" 200 229733 "http://www.ebay.com/" "Mozilla/5.0 (Windows NT 10.0; Win64; x64) AppleWebKit/537.36 (KHTML, like Gecko) Chrome/123.0.0.0 Safari/537.36"
66.249.64.39 - - [17/Jun/2025:17:43:12 +0200] "GET /Jurek/eurofirany/images/424077/15.jpg HTTP/1.1" 200 6585 "-" "Googlebot-Image/1.0"
89.161.206.59 - - [17/Jun/2025:17:43:13 +0200] "GET /Jurek/drops/feeds/dropsofficecolection_emagro.xml HTTP/1.0" 200 790953 "-" "-"
89.161.206.59 - - [17/Jun/2025:17:43:14 +0200] "GET /Jurek/szpaklampy/feeds/szpaklampy_emagro.xml HTTP/1.0" 200 388347 "-" "-"
89.161.206.59 - - [17/Jun/2025:17:43:18 +0200] "GET /Jurek/combine/feeds/combine_EMAGRO.xml HTTP/1.0" 200 210529 "-" "-"
89.161.206.59 - - [17/Jun/2025:17:43:20 +0200] "GET /Jurek/cbdgreen/feeds/cbdgreen_emagro.xml HTTP/1.0" 200 50549 "-" "-"
89.161.206.59 - - [17/Jun/2025:17:43:20 +0200] "GET /Jurek/velinda/feeds/velinda_emagro.xml HTTP/1.0" 200 4228109 "-" "-"
89.161.206.59 - - [17/Jun/2025:17:43:21 +0200] "GET /Jurek/urwiskowo/feeds/urwiskowo_emagro.xml HTTP/1.0" 200 9115284 "-" "-"
89.161.206.59 - - [17/Jun/2025:17:43:22 +0200] "GET /Jurek/reman/feeds/reman_emagro.xml HTTP/1.0" 200 1394888 "-" "-"
89.161.206.59 - - [17/Jun/2025:17:43:23 +0200] "GET /Jurek/erohurtownia/feeds/erohurtownia_emagro.xml HTTP/1.0" 200 22856010 "-" "-"
89.161.206.59 - - [17/Jun/2025:17:43:34 +0200] "GET /Jurek/sartrix/feeds/sartrix_emagro.xml HTTP/1.0" 200 649206 "-" "-"
89.161.206.59 - - [17/Jun/2025:17:43:40 +0200] "GET /Jurek/dekoele/feeds/dekoele_emagro.xml HTTP/1.0" 200 733970 "-" "-"
89.161.206.59 - - [17/Jun/2025:17:43:42 +0200] "GET /Jurek/rider/feeds/rider_emagro.xml HTTP/1.0" 200 8165881 "-" "-"
89.161.206.59 - - [17/Jun/2025:17:43:43 +0200] "GET /Jurek/expertauto/feeds/expertauto_emagro.xml HTTP/1.0" 200 1159159 "-" "-"
46.101.116.244 - - [17/Jun/2025:17:44:33 +0200] "GET /Jurek/eurofirany/feeds/eurofirany_empik.xml HTTP/1.0" 200 19507861 "-" "-"
89.161.206.59 - - [17/Jun/2025:17:45:32 +0200] "GET /Jurek/andex/feeds/andex_skr.xml HTTP/1.0" 200 933038 "-" "-"
216.113.184.104 - - [17/Jun/2025:17:45:37 +0200] "GET /Jurek/topeshop/downloaded_images/5902838464359_KUBABIURKOBRY%C5%81KABIELBOKZM.jpg HTTP/1.1" 404 3551 "http://www.ebay.com/" "Mozilla/5.0 (Windows NT 10.0; Win64; x64) AppleWebKit/537.36 (KHTML, like Gecko) Chrome/123.0.0.0 Safari/537.36"
216.113.184.103 - - [17/Jun/2025:17:45:37 +0200] "GET /Jurek/topeshop/downloaded_images/5902838464359_KUBABIURKOBRY%C5%81KABIELBOKOT.jpg HTTP/1.1" 404 3551 "http://www.ebay.com/" "Mozilla/5.0 (Windows NT 10.0; Win64; x64) AppleWebKit/537.36 (KHTML, like Gecko) Chrome/123.0.0.0 Safari/537.36"
216.113.184.103 - - [17/Jun/2025:17:45:37 +0200] "GET /Jurek/topeshop/downloaded_images/5902838464359_KUBABIURKOBRY%C5%81KABIELFRONTOT.jpg HTTP/1.1" 404 3551 "http://www.ebay.com/" "Mozilla/5.0 (Windows NT 10.0; Win64; x64) AppleWebKit/537.36 (KHTML, like Gecko) Chrome/123.0.0.0 Safari/537.36"
216.113.184.102 - - [17/Jun/2025:17:45:37 +0200] "GET /Jurek/topeshop/downloaded_images/5902838464359_KUBABIURKOBIEL_.png HTTP/1.1" 404 3551 "http://www.ebay.com/" "Mozilla/5.0 (Windows NT 10.0; Win64; x64) AppleWebKit/537.36 (KHTML, like Gecko) Chrome/123.0.0.0 Safari/537.36"
216.113.184.101 - - [17/Jun/2025:17:45:37 +0200] "GET /Jurek/topeshop/downloaded_images/5902838464359_KUBABIURKOBIEL2.png HTTP/1.1" 404 3551 "http://www.ebay.com/" "Mozilla/5.0 (Windows NT 10.0; Win64; x64) AppleWebKit/537.36 (KHTML, like Gecko) Chrome/123.0.0.0 Safari/537.36"
216.113.184.102 - - [17/Jun/2025:17:45:37 +0200] "GET /Jurek/topeshop/downloaded_images/5902838464359_KUBABIURKOBRY%C5%81KABIELFRONTZM.jpg HTTP/1.1" 404 3551 "http://www.ebay.com/" "Mozilla/5.0 (Windows NT 10.0; Win64; x64) AppleWebKit/537.36 (KHTML, like Gecko) Chrome/123.0.0.0 Safari/537.36"
216.113.184.102 - - [17/Jun/2025:17:45:37 +0200] "GET /Jurek/topeshop/downloaded_images/5902838464359_KUBABIURKOBIEL2OT.png HTTP/1.1" 404 3551 "http://www.ebay.com/" "Mozilla/5.0 (Windows NT 10.0; Win64; x64) AppleWebKit/537.36 (KHTML, like Gecko) Chrome/123.0.0.0 Safari/537.36"
89.161.206.59 - - [17/Jun/2025:17:45:54 +0200] "GET /Jurek/emaja24/feeds/emaja24_emagro.xml HTTP/1.0" 200 5102207 "-" "-"
52.167.144.197 - - [17/Jun/2025:17:45:57 +0200] "GET /Jurek/eurofirany/images/423205/0.jpg HTTP/2.0" 200 0 "-" "Mozilla/5.0 AppleWebKit/537.36 (KHTML, like Gecko; compatible; bingbot/2.0; +http://www.bing.com/bingbot.htm) Chrome/116.0.1938.76 Safari/537.36"
46.101.116.244 - - [17/Jun/2025:17:46:54 +0200] "GET /Jurek/vivaldi/feeds/vivaldi_allegro.xml HTTP/1.0" 200 344685 "-" "-"
89.161.206.59 - - [17/Jun/2025:17:47:45 +0200] "GET /Jurek/takapara/feeds/takapara_skroutz.xml HTTP/1.0" 200 1342393 "-" "-"
89.161.206.59 - - [17/Jun/2025:17:55:37 +0200] "GET /Jurek/regis/feeds/regis_skroutz.xml HTTP/1.0" 200 228467 "-" "-"
89.161.206.59 - - [17/Jun/2025:17:56:24 +0200] "GET /Jurek/topeshop/feeds/topeshop_cdsc.xml HTTP/1.0" 200 2676631 "-" "-"
89.161.206.59 - - [17/Jun/2025:17:56:26 +0200] "GET /Jurek/globaldeli/feeds/globaldeli_skroutz.xml HTTP/1.0" 200 2590887 "-" "-"
66.249.64.38 - - [17/Jun/2025:17:56:45 +0200] "GET /Jurek/topeshop/downloaded_images/5902838463420_render_pop_.RGB_color.0008_kopia.png HTTP/1.1" 200 337486 "-" "Googlebot-Image/1.0"
66.249.64.39 - - [17/Jun/2025:17:58:20 +0200] "GET /Jurek/topeshop/downloaded_images/5904507207458_mijas_zielony_mirorkopia.jpg HTTP/1.1" 200 126456 "-" "Googlebot-Image/1.0"
89.161.206.59 - - [17/Jun/2025:17:59:07 +0200] "GET /Jurek/wezer/feeds/wezer_skroutz.xml HTTP/1.0" 200 202411 "-" "-"
66.249.64.39 - - [17/Jun/2025:17:59:08 +0200] "GET /Jurek/eurofirany/images/416148/1.jpg HTTP/1.1" 200 100329 "-" "Googlebot-Image/1.0"
89.161.206.59 - - [17/Jun/2025:17:59:08 +0200] "GET /Jurek/relogy/feeds/relogy_skroutz.xml HTTP/1.0" 200 66606549 "-" "-"
66.249.64.37 - - [17/Jun/2025:17:59:56 +0200] "GET /Jurek/eurofirany/images/402762/2.jpg HTTP/1.1" 200 93233 "-" "Googlebot-Image/1.0"
89.161.206.59 - - [17/Jun/2025:18:00:08 +0200] "GET /Jurek/wenom/feeds/wenom_emagro.xml HTTP/1.0" 200 583132 "-" "-"
89.161.206.59 - - [17/Jun/2025:18:00:09 +0200] "GET /Jurek/zepnij/feeds/zepnij_emagro.xml HTTP/1.0" 200 19523697 "-" "-"
85.14.86.141 - - [17/Jun/2025:18:00:17 +0200] "GET /Jurek/vida_morele/feeds/VidaPL_all.xml HTTP/2.0" 200 877253724 "-" "MarketplaceAPI curl/7.74.0 PHP/8"
35.204.39.32 - - [17/Jun/2025:18:00:33 +0200] "GET /marketplaces/carrefour_fr/results/carrefour_fr.csv HTTP/1.1" 200 15734217 "-" "Mirakl HttpClient"
52.209.168.113 - - [17/Jun/2025:18:00:45 +0200] "GET /marketplaces/ubaldi/results/ubaldi.csv HTTP/1.1" 200 147219 "-" "Mirakl HttpClient"
66.249.64.37 - - [17/Jun/2025:18:01:15 +0200] "GET /Jurek/eurofirany/images/404579/2.jpg HTTP/1.1" 200 33 "-" "Googlebot-Image/1.0"
46.101.116.244 - - [17/Jun/2025:18:01:16 +0200] "GET /Jurek/hurtownia_przemyslowa/feeds/hp_alza.xml HTTP/2.0" 200 49379151 "-" "-"
35.204.39.32 - - [17/Jun/2025:18:01:31 +0200] "GET /marketplaces/vente/results/vente_nl.csv HTTP/1.1" 200 147219 "-" "Mirakl HttpClient"
66.249.64.37 - - [17/Jun/2025:18:01:31 +0200] "GET /Jurek/eurofirany/images/372640/4.jpg HTTP/1.1" 200 44589 "-" "Googlebot-Image/1.0"
35.204.39.32 - - [17/Jun/2025:18:01:31 +0200] "GET /marketplaces/vente/results/vente_fr.csv HTTP/1.1" 200 147219 "-" "Mirakl HttpClient"
35.204.39.32 - - [17/Jun/2025:18:01:31 +0200] "GET /marketplaces/vente/results/vente_be.csv HTTP/1.1" 200 147219 "-" "Mirakl HttpClient"
35.204.39.32 - - [17/Jun/2025:18:01:31 +0200] "GET /marketplaces/vente/results/vente_it.csv HTTP/1.1" 200 147219 "-" "Mirakl HttpClient"
35.204.39.32 - - [17/Jun/2025:18:01:32 +0200] "GET /marketplaces/vente/results/vente_es.csv HTTP/1.1" 200 147219 "-" "Mirakl HttpClient"
35.204.39.32 - - [17/Jun/2025:18:01:32 +0200] "GET /marketplaces/vente/results/vente_de.csv HTTP/1.1" 200 163603 "-" "Mirakl HttpClient"
46.101.116.244 - - [17/Jun/2025:18:01:35 +0200] "GET /Jurek/hurtownia_przemyslowa/feeds/hp_kaufcz.xml HTTP/2.0" 200 49379440 "-" "-"
46.101.116.244 - - [17/Jun/2025:18:02:06 +0200] "GET /Jurek/hurtownia_przemyslowa/feeds/hp_kaufsk.xml HTTP/2.0" 200 49358975 "-" "-"
66.249.64.37 - - [17/Jun/2025:18:02:19 +0200] "GET /Jurek/eurofirany/images/390400/11.jpg HTTP/1.1" 200 131920 "-" "Googlebot-Image/1.0"
52.18.22.0 - - [17/Jun/2025:18:02:34 +0200] "GET /marketplaces/rue/results/rue.csv HTTP/1.1" 200 147219 "-" "Mirakl HttpClient"
46.101.116.244 - - [17/Jun/2025:18:02:39 +0200] "GET /Jurek/hurtownia_przemyslowa/feeds/hp_kaufde.xml HTTP/2.0" 200 49357488 "-" "-"
89.161.206.59 - - [17/Jun/2025:18:03:27 +0200] "GET /Jurek/polzoo/feeds/polzoo_emagro.xml HTTP/1.0" 200 48128417 "-" "-"
89.161.206.59 - - [17/Jun/2025:18:03:29 +0200] "GET /Jurek/german/feeds/german_emagro.xml HTTP/1.0" 200 2853955 "-" "-"
85.14.86.141 - - [17/Jun/2025:18:03:47 +0200] "GET /Jurek/kinghoff/feeds/kinghoff_morele.xml HTTP/2.0" 200 15680424 "-" "MarketplaceAPI curl/7.74.0 PHP/8"
66.135.223.41 - - [17/Jun/2025:18:03:48 +0200] "GET /Jurek/topeshop/downloaded_images/5902838468012_Plus_biel_wiz.jpg HTTP/1.1" 404 3551 "http://www.ebay.com/" "Mozilla/5.0 (Windows NT 10.0; Win64; x64) AppleWebKit/537.36 (KHTML, like Gecko) Chrome/123.0.0.0 Safari/537.36"
66.135.223.41 - - [17/Jun/2025:18:03:48 +0200] "GET /Jurek/topeshop/downloaded_images/5902838468012_23_white_pp.jpg HTTP/1.1" 200 104072 "http://www.ebay.com/" "Mozilla/5.0 (Windows NT 10.0; Win64; x64) AppleWebKit/537.36 (KHTML, like Gecko) Chrome/123.0.0.0 Safari/537.36"
66.135.223.42 - - [17/Jun/2025:18:03:49 +0200] "GET /Jurek/topeshop/downloaded_images/5902838468012_23_white_(1).png HTTP/1.1" 200 175821 "http://www.ebay.com/" "Mozilla/5.0 (Windows NT 10.0; Win64; x64) AppleWebKit/537.36 (KHTML, like Gecko) Chrome/123.0.0.0 Safari/537.36"
46.101.116.244 - - [17/Jun/2025:18:04:09 +0200] "GET /Jurek/piotrmiedz/feeds/piotrmiedz_zero.xml HTTP/2.0" 200 91017033 "-" "-"
66.249.64.39 - - [17/Jun/2025:18:04:12 +0200] "GET /Jurek/eurofirany/images/383056/5.jpg HTTP/1.1" 200 210140 "-" "Googlebot-Image/1.0"
52.209.168.113 - - [17/Jun/2025:18:04:53 +0200] "GET /marketplaces/carrefour/results/carrefour.csv HTTP/1.1" 200 9781230 "-" "Mirakl HttpClient"
89.161.206.59 - - [17/Jun/2025:18:05:49 +0200] "GET /Jurek/makow/feeds/makow_emagro.xml HTTP/1.0" 200 21206233 "-" "-"
89.161.206.59 - - [17/Jun/2025:18:05:50 +0200] "GET /Jurek/hdwr/feeds/hdwr_emagro.xml HTTP/1.0" 200 789592 "-" "-"
85.14.86.141 - - [17/Jun/2025:18:06:02 +0200] "GET /Jurek/eurofirany/feeds/eurofirany_morele.xml HTTP/2.0" 200 19508063 "-" "MarketplaceAPI curl/7.74.0 PHP/8"
66.249.64.39 - - [17/Jun/2025:18:06:22 +0200] "GET /Jurek/eurofirany/images/383385/0.jpg HTTP/1.1" 200 77082 "-" "Googlebot-Image/1.0"
46.101.116.244 - - [17/Jun/2025:18:06:40 +0200] "GET /Jurek/kamar/feeds/kamar_alza.xml HTTP/2.0" 200 25563325 "-" "-"
85.14.86.141 - - [17/Jun/2025:18:07:16 +0200] "GET /Jurek/vivaldi/feeds/vivaldi_Morele-PL.xml HTTP/2.0" 200 344674 "-" "MarketplaceAPI curl/7.74.0 PHP/8"
46.101.116.244 - - [17/Jun/2025:18:07:18 +0200] "GET /Jurek/tsjerzy/feeds/tsjerzy_alza.xml HTTP/2.0" 200 3901381 "-" "-"
66.135.223.40 - - [17/Jun/2025:18:07:34 +0200] "GET /Jurek/topeshop/downloaded_images/5902838464199_20_st_open.jpg HTTP/1.1" 200 39409 "http://www.ebay.com/" "Mozilla/5.0 (Windows NT 10.0; Win64; x64) AppleWebKit/537.36 (KHTML, like Gecko) Chrome/123.0.0.0 Safari/537.36"
66.135.223.41 - - [17/Jun/2025:18:07:34 +0200] "GET /Jurek/topeshop/downloaded_images/5902838464199_20_st.jpg HTTP/1.1" 200 38673 "http://www.ebay.com/" "Mozilla/5.0 (Windows NT 10.0; Win64; x64) AppleWebKit/537.36 (KHTML, like Gecko) Chrome/123.0.0.0 Safari/537.36"
66.135.223.44 - - [17/Jun/2025:18:07:34 +0200] "GET /Jurek/topeshop/downloaded_images/5902838464199_front_open.jpg HTTP/1.1" 200 36785 "http://www.ebay.com/" "Mozilla/5.0 (Windows NT 10.0; Win64; x64) AppleWebKit/537.36 (KHTML, like Gecko) Chrome/123.0.0.0 Safari/537.36"
66.135.223.44 - - [17/Jun/2025:18:07:34 +0200] "GET /Jurek/topeshop/downloaded_images/5902838464199_front_close.jpg HTTP/1.1" 200 38102 "http://www.ebay.com/" "Mozilla/5.0 (Windows NT 10.0; Win64; x64) AppleWebKit/537.36 (KHTML, like Gecko) Chrome/123.0.0.0 Safari/537.36"
66.135.223.40 - - [17/Jun/2025:18:07:34 +0200] "GET /Jurek/topeshop/downloaded_images/5902838464199_Opal_garderoba_biel.jpg HTTP/1.1" 404 3551 "http://www.ebay.com/" "Mozilla/5.0 (Windows NT 10.0; Win64; x64) AppleWebKit/537.36 (KHTML, like Gecko) Chrome/123.0.0.0 Safari/537.36"
66.135.223.41 - - [17/Jun/2025:18:07:34 +0200] "GET /Jurek/topeshop/downloaded_images/5902838464199_biel.jpg HTTP/1.1" 200 102373 "http://www.ebay.com/" "Mozilla/5.0 (Windows NT 10.0; Win64; x64) AppleWebKit/537.36 (KHTML, like Gecko) Chrome/123.0.0.0 Safari/537.36"
66.135.223.42 - - [17/Jun/2025:18:07:34 +0200] "GET /Jurek/topeshop/downloaded_images/5902838464199_wymiary_close_Obszar_roboczy_1.jpg HTTP/1.1" 200 55967 "http://www.ebay.com/" "Mozilla/5.0 (Windows NT 10.0; Win64; x64) AppleWebKit/537.36 (KHTML, like Gecko) Chrome/123.0.0.0 Safari/537.36"
66.135.223.41 - - [17/Jun/2025:18:07:34 +0200] "GET /Jurek/topeshop/downloaded_images/5902838464199_wymiary_open_Obszar_roboczy_1.jpg HTTP/1.1" 200 44046 "http://www.ebay.com/" "Mozilla/5.0 (Windows NT 10.0; Win64; x64) AppleWebKit/537.36 (KHTML, like Gecko) Chrome/123.0.0.0 Safari/537.36"
46.101.116.244 - - [17/Jun/2025:18:07:39 +0200] "GET /Jurek/hurtmeblowy/feeds/hurtmeblowy_alza.xml HTTP/2.0" 200 7831002 "-" "-"
46.101.116.244 - - [17/Jun/2025:18:07:51 +0200] "GET /Jurek/kobi/feeds/kobi_alza.xml HTTP/2.0" 200 677301 "-" "-"
46.101.116.244 - - [17/Jun/2025:18:08:02 +0200] "GET /Jurek/madrex/feeds/madrex_alza.xml HTTP/2.0" 200 466765 "-" "-"
46.101.116.244 - - [17/Jun/2025:18:08:12 +0200] "GET /Jurek/matkam/feeds/matkam_alza.xml HTTP/2.0" 200 4426285 "-" "-"
85.14.86.141 - - [17/Jun/2025:18:08:31 +0200] "GET /Jurek/vida_morele/feeds/VidaPL_morele.xml HTTP/2.0" 200 877255167 "-" "MarketplaceAPI curl/7.74.0 PHP/8"
66.249.64.37 - - [17/Jun/2025:18:08:56 +0200] "GET /Jurek/eurofirany/images/389923/6.jpg HTTP/1.1" 200 181346 "-" "Googlebot-Image/1.0"
66.249.64.37 - - [17/Jun/2025:18:08:58 +0200] "GET /Jurek/eurofirany/images/389923/5.jpg HTTP/1.1" 200 187468 "-" "Googlebot-Image/1.0"
66.249.64.37 - - [17/Jun/2025:18:08:58 +0200] "GET /Jurek/eurofirany/images/389923/7.jpg HTTP/1.1" 200 6595 "-" "Googlebot-Image/1.0"
66.249.64.37 - - [17/Jun/2025:18:09:09 +0200] "GET /Jurek/eurofirany/images/389906/5.jpg HTTP/1.1" 200 139333 "-" "Googlebot-Image/1.0"
66.249.64.37 - - [17/Jun/2025:18:09:12 +0200] "GET /Jurek/eurofirany/images/389906/4.jpg HTTP/1.1" 200 152981 "-" "Googlebot-Image/1.0"
66.249.64.37 - - [17/Jun/2025:18:09:12 +0200] "GET /Jurek/eurofirany/images/389906/2.jpg HTTP/1.1" 200 151182 "-" "Googlebot-Image/1.0"
66.249.64.37 - - [17/Jun/2025:18:09:12 +0200] "GET /Jurek/eurofirany/images/389906/0.jpg HTTP/1.1" 200 124529 "-" "Googlebot-Image/1.0"
66.249.64.37 - - [17/Jun/2025:18:09:14 +0200] "GET /Jurek/eurofirany/images/389906/6.jpg HTTP/1.1" 200 6595 "-" "Googlebot-Image/1.0"
66.249.64.37 - - [17/Jun/2025:18:09:14 +0200] "GET /Jurek/eurofirany/images/389906/1.jpg HTTP/1.1" 200 79159 "-" "Googlebot-Image/1.0"
