77.79.248.229 - - [17/Jun/2025:07:44:26 +0200] "GET /Jurek/sklep24amk/feeds/sklep24amk_leroy.xml HTTP/1.1" 200 3894497 "-" "Python-urllib/3.11"
77.79.248.229 - - [17/Jun/2025:07:44:28 +0200] "GET /Jurek/bloomglow/feeds/bloomglow_leroy.xml HTTP/1.1" 200 14095029 "-" "Python-urllib/3.11"
77.79.248.229 - - [17/Jun/2025:07:44:35 +0200] "GET /Jurek/coppotech/feeds/coppotech_leroy.xml HTTP/1.1" 200 38049312 "-" "Python-urllib/3.11"
66.249.64.38 - - [17/Jun/2025:07:45:28 +0200] "GET /Jurek/topeshop/downloaded_images/5904507200084_MIJASBIURKOBRY%C5%81KABIELPRAWEBOKZM.jpg HTTP/1.1" 404 3551 "-" "Googlebot-Image/1.0"
89.161.206.59 - - [17/Jun/2025:07:46:04 +0200] "GET /Jurek/rovato/feeds/rovato_emagro.xml HTTP/1.0" 200 180855 "-" "-"
89.161.206.59 - - [17/Jun/2025:07:46:05 +0200] "GET /Jurek/jankeski/feeds/jankeski_emagro.xml HTTP/1.0" 200 6571286 "-" "-"
89.161.206.59 - - [17/Jun/2025:07:46:16 +0200] "GET /Jurek/alucon/feeds/alucon_emagro.xml HTTP/1.0" 200 553737 "-" "-"
66.249.64.39 - - [17/Jun/2025:07:46:27 +0200] "GET /Jurek/eurofirany/images/406523/1.jpg HTTP/1.1" 200 53217 "-" "Googlebot-Image/1.0"
66.249.64.38 - - [17/Jun/2025:07:47:27 +0200] "GET /Jurek/topeshop/downloaded_images/5902838463420_DENVER_BIEL_PO%C5%81YSK(1).jpg HTTP/1.1" 404 3551 "-" "Googlebot-Image/1.0"
46.101.116.244 - - [17/Jun/2025:07:47:59 +0200] "GET /Jurek/eurofirany/feeds/eurofirany_empik.xml HTTP/1.0" 200 19508611 "-" "-"
46.101.116.244 - - [17/Jun/2025:07:48:02 +0200] "GET /Jurek/chemex/feeds/chemex_empik.xml HTTP/1.0" 200 47822489 "-" "-"
66.249.64.37 - - [17/Jun/2025:07:48:22 +0200] "GET /Jurek/eurofirany/images/383389/1.jpg HTTP/1.1" 200 59318 "-" "Googlebot-Image/1.0"
178.21.154.6 - - [17/Jun/2025:07:49:08 +0200] "GET /Jurek/eurofirany/images/397107/0.jpg HTTP/1.1" 200 37057 "-" "-"
178.21.154.6 - - [17/Jun/2025:07:49:09 +0200] "GET /Jurek/eurofirany/images/398796/0.jpg HTTP/1.1" 200 45365 "-" "-"
178.21.154.6 - - [17/Jun/2025:07:49:09 +0200] "GET /Jurek/eurofirany/images/397108/0.jpg HTTP/1.1" 200 37057 "-" "-"
178.21.154.6 - - [17/Jun/2025:07:49:09 +0200] "GET /Jurek/eurofirany/images/379598/0.jpg HTTP/1.1" 200 87411 "-" "-"
178.21.154.6 - - [17/Jun/2025:07:49:09 +0200] "GET /Jurek/eurofirany/images/393157/0.jpg HTTP/1.1" 200 47634 "-" "-"
178.21.154.6 - - [17/Jun/2025:07:49:09 +0200] "GET /Jurek/eurofirany/images/397050/0.jpg HTTP/1.1" 200 23712 "-" "-"
178.21.154.6 - - [17/Jun/2025:07:49:09 +0200] "GET /Jurek/eurofirany/images/455561/0.jpg HTTP/1.1" 200 77924 "-" "-"
178.21.154.6 - - [17/Jun/2025:07:49:09 +0200] "GET /Jurek/eurofirany/images/398806/0.jpg HTTP/1.1" 200 31541 "-" "-"
178.21.154.6 - - [17/Jun/2025:07:49:09 +0200] "GET /Jurek/eurofirany/images/398836/0.jpg HTTP/1.1" 200 42705 "-" "-"
66.249.64.37 - - [17/Jun/2025:07:49:26 +0200] "GET /Jurek/eurofirany/images/378049/1.jpg HTTP/1.1" 200 144080 "-" "Googlebot-Image/1.0"
85.232.241.194 - - [17/Jun/2025:07:49:31 +0200] "GET /Jurek/coppotech/feeds/coppotech_worten.xml HTTP/1.1" 200 38049011 "-" "Python-urllib/3.11"
85.232.241.194 - - [17/Jun/2025:07:49:31 +0200] "GET /Jurek/coppotech/feeds/coppotech_wortenES.xml HTTP/1.1" 200 38049250 "-" "Python-urllib/3.11"
46.101.116.244 - - [17/Jun/2025:07:50:21 +0200] "GET /Jurek/hurtownia_przemyslowa/feeds/hp_cdiscount.xml HTTP/1.0" 200 36714195 "-" "-"
66.249.64.39 - - [17/Jun/2025:07:50:26 +0200] "GET /Jurek/eurofirany/images/350431/1.jpg HTTP/1.1" 200 67494 "-" "Googlebot-Image/1.0"
89.161.206.59 - - [17/Jun/2025:07:50:42 +0200] "GET /Jurek/artdog/feeds/artdog_allegro.xml HTTP/1.0" 200 17162209 "-" "-"
89.161.206.59 - - [17/Jun/2025:07:50:43 +0200] "GET /Jurek/reman/feeds/reman_allegro.xml HTTP/1.0" 200 1394882 "-" "-"
89.161.206.59 - - [17/Jun/2025:07:51:04 +0200] "GET /Jurek/ikonka/feeds/ikonka_ebayde.xml HTTP/1.0" 200 7581114 "-" "-"
66.249.64.38 - - [17/Jun/2025:07:52:26 +0200] "GET /Jurek/eurofirany/images/398375/3.jpg HTTP/1.1" 200 262290 "-" "Googlebot-Image/1.0"
89.161.206.59 - - [17/Jun/2025:07:53:07 +0200] "GET /Jurek/hurtmeblowy/feeds/hurtmeblowy_skroutz.xml HTTP/1.0" 200 8592910 "-" "-"
89.161.206.59 - - [17/Jun/2025:07:53:10 +0200] "GET /Jurek/pawonik/feeds/pawonik_skroutz.xml HTTP/1.0" 200 2138420 "-" "-"
89.161.206.59 - - [17/Jun/2025:07:53:13 +0200] "GET /Jurek/artdog/feeds/artdog_skroutz.xml HTTP/1.0" 200 16659654 "-" "-"
89.161.206.59 - - [17/Jun/2025:07:53:29 +0200] "GET /Jurek/spali/feeds/spali_allegro.xml HTTP/1.0" 200 77057 "-" "-"
77.79.248.229 - - [17/Jun/2025:07:54:08 +0200] "GET /Jurek/vidaSI/feeds/vidaSI_bigbang.xml HTTP/1.1" 200 739723847 "-" "Python-urllib/3.11"
66.249.64.39 - - [17/Jun/2025:07:54:25 +0200] "GET /Jurek/eurofirany/images/401271/9.jpg HTTP/1.1" 200 191288 "-" "Googlebot-Image/1.0"
89.161.206.59 - - [17/Jun/2025:07:54:59 +0200] "GET /Jurek/ralmetal/feeds/ralmetal_skroutz.xml HTTP/1.0" 200 2039906 "-" "-"
89.161.206.59 - - [17/Jun/2025:07:55:23 +0200] "GET /Jurek/eurofryz/feeds/eurofryz_skroutz.xml HTTP/1.0" 200 1381551 "-" "-"
89.161.206.59 - - [17/Jun/2025:07:55:34 +0200] "GET /Jurek/reman/feeds/reman_skroutz.xml HTTP/1.0" 200 1394826 "-" "-"
89.161.206.59 - - [17/Jun/2025:07:55:37 +0200] "GET /Jurek/urwiskowo/feeds/urwiskowo_skroutz.xml HTTP/1.0" 200 9114967 "-" "-"
89.161.206.59 - - [17/Jun/2025:07:56:12 +0200] "GET /Jurek/artdog/feeds/artdog_amazonit.xml HTTP/1.0" 200 17158787 "-" "-"
89.161.206.59 - - [17/Jun/2025:07:56:13 +0200] "GET /Jurek/artdog/feeds/artdog_amazonse.xml HTTP/1.0" 200 17166839 "-" "-"
89.161.206.59 - - [17/Jun/2025:07:56:14 +0200] "GET /Jurek/artdog/feeds/artdog_amazonnl.xml HTTP/1.0" 200 17158440 "-" "-"
89.161.206.59 - - [17/Jun/2025:07:56:15 +0200] "GET /Jurek/artdog/feeds/artdog_amazonbe.xml HTTP/1.0" 200 17157332 "-" "-"
89.161.206.59 - - [17/Jun/2025:07:56:20 +0200] "GET /Jurek/evil/feeds/evil_skroutz.xml HTTP/1.0" 200 252467 "-" "-"
89.161.206.59 - - [17/Jun/2025:07:56:21 +0200] "GET /Jurek/antiodor/feeds/antiodor_skroutz.xml HTTP/1.0" 200 137847 "-" "-"
89.161.206.59 - - [17/Jun/2025:07:56:21 +0200] "GET /Jurek/sartrix/feeds/sartrix_skroutz.xml HTTP/1.0" 200 649122 "-" "-"
89.161.206.59 - - [17/Jun/2025:07:56:22 +0200] "GET /Jurek/madrex/feeds/madrex_skroutz.xml HTTP/1.0" 200 466731 "-" "-"
89.161.206.59 - - [17/Jun/2025:07:56:26 +0200] "GET /Jurek/dekoele/feeds/dekoele_skroutz.xml HTTP/1.0" 200 378813 "-" "-"
89.161.206.59 - - [17/Jun/2025:07:56:34 +0200] "GET /Jurek/beltimore/feeds/beltimore_amazones.xml HTTP/1.0" 200 18652162 "-" "-"
66.249.64.39 - - [17/Jun/2025:07:57:24 +0200] "GET /Jurek/eurofirany/images/408855/1.jpg HTTP/1.1" 200 148054 "-" "Googlebot-Image/1.0"
46.101.116.244 - - [17/Jun/2025:07:57:47 +0200] "GET /Jurek/topeshop/feeds/topeshop_skr.xml HTTP/1.0" 200 871461 "-" "-"
89.161.206.59 - - [17/Jun/2025:07:57:49 +0200] "GET /Jurek/muminky/feeds/muminky_skroutz.xml HTTP/1.0" 200 2270276 "-" "-"
89.161.206.59 - - [17/Jun/2025:07:57:49 +0200] "GET /Jurek/pupus/feeds/pupus_skroutz.xml HTTP/1.0" 200 882694 "-" "-"
89.161.206.59 - - [17/Jun/2025:07:57:58 +0200] "GET /Jurek/eurofryz3/feeds/eurofryz3_skroutz.xml HTTP/1.0" 200 172210 "-" "-"
89.161.206.59 - - [17/Jun/2025:07:57:59 +0200] "GET /Jurek/lendo/feeds/lendo_skroutz.xml HTTP/1.0" 200 330391 "-" "-"
66.249.64.39 - - [17/Jun/2025:07:58:23 +0200] "GET /Jurek/eurofirany/images/390456/0.jpg HTTP/1.1" 200 144267 "-" "Googlebot-Image/1.0"
66.249.64.38 - - [17/Jun/2025:07:59:23 +0200] "GET /Jurek/eurofirany/images/410687/1.jpg HTTP/1.1" 200 92246 "-" "Googlebot-Image/1.0"
89.161.206.59 - - [17/Jun/2025:08:00:01 +0200] "GET /Jurek/playcob/feeds/playcob_skroutz.xml HTTP/1.0" 200 6980052 "-" "-"
85.14.86.141 - - [17/Jun/2025:08:00:03 +0200] "GET /Jurek/vida_morele/feeds/VidaPL_all.xml HTTP/2.0" 200 37867185 "-" "MarketplaceAPI curl/7.74.0 PHP/8"
89.161.206.59 - - [17/Jun/2025:08:00:03 +0200] "GET /Jurek/alucon/feeds/alucon_skroutz.xml HTTP/1.0" 200 553709 "-" "-"
89.161.206.59 - - [17/Jun/2025:08:00:22 +0200] "GET /Jurek/globaldeli/feeds/globaldeli_skroutz.xml HTTP/1.0" 200 2590887 "-" "-"
35.204.39.32 - - [17/Jun/2025:08:00:26 +0200] "GET /marketplaces/carrefour_fr/results/carrefour_fr.csv HTTP/1.1" 200 147219 "-" "Mirakl HttpClient"
89.161.206.59 - - [17/Jun/2025:08:00:34 +0200] "GET /Jurek/eoptimo/feeds/eoptimo_skroutz.xml HTTP/1.0" 200 2094397 "-" "-"
52.17.80.36 - - [17/Jun/2025:08:00:44 +0200] "GET /marketplaces/ubaldi/results/ubaldi.csv HTTP/1.1" 200 3257128 "-" "Mirakl HttpClient"
66.249.64.38 - - [17/Jun/2025:08:01:22 +0200] "GET /Jurek/eurofirany/images/383265/3.jpg HTTP/1.1" 200 36375 "-" "Googlebot-Image/1.0"
35.204.39.32 - - [17/Jun/2025:08:01:50 +0200] "GET /marketplaces/vente/results/vente_nl.csv HTTP/1.1" 200 2176216 "-" "Mirakl HttpClient"
35.204.39.32 - - [17/Jun/2025:08:01:51 +0200] "GET /marketplaces/vente/results/vente_fr.csv HTTP/1.1" 200 2448131 "-" "Mirakl HttpClient"
35.204.39.32 - - [17/Jun/2025:08:01:51 +0200] "GET /marketplaces/vente/results/vente_be.csv HTTP/1.1" 200 2176063 "-" "Mirakl HttpClient"
35.204.39.32 - - [17/Jun/2025:08:01:52 +0200] "GET /marketplaces/vente/results/vente_it.csv HTTP/1.1" 200 2206148 "-" "Mirakl HttpClient"
35.204.39.32 - - [17/Jun/2025:08:01:53 +0200] "GET /marketplaces/vente/results/vente_es.csv HTTP/1.1" 200 2175503 "-" "Mirakl HttpClient"
35.204.39.32 - - [17/Jun/2025:08:01:54 +0200] "GET /marketplaces/vente/results/vente_de.csv HTTP/1.1" 200 2182219 "-" "Mirakl HttpClient"
66.249.64.39 - - [17/Jun/2025:08:02:22 +0200] "GET /Jurek/eurofirany/images/408855/0.jpg HTTP/1.1" 200 126863 "-" "Googlebot-Image/1.0"
52.18.22.0 - - [17/Jun/2025:08:02:29 +0200] "GET /marketplaces/rue/results/rue.csv HTTP/1.1" 200 147219 "-" "Mirakl HttpClient"
66.249.64.39 - - [17/Jun/2025:08:03:22 +0200] "GET /Jurek/eurofirany/images/389939/5.jpg HTTP/1.1" 200 188937 "-" "Googlebot-Image/1.0"
85.14.86.141 - - [17/Jun/2025:08:03:54 +0200] "GET /Jurek/kinghoff/feeds/kinghoff_morele.xml HTTP/2.0" 200 15669200 "-" "MarketplaceAPI curl/7.74.0 PHP/8"
89.161.206.59 - - [17/Jun/2025:08:04:35 +0200] "GET /Jurek/regis/feeds/regis_skroutz.xml HTTP/1.0" 200 228467 "-" "-"
89.161.206.59 - - [17/Jun/2025:08:04:35 +0200] "GET /Jurek/equalo/feeds/equalo_skroutz.xml HTTP/1.0" 200 98009 "-" "-"
89.161.206.59 - - [17/Jun/2025:08:04:36 +0200] "GET /Jurek/lampart/feeds/lampart_skroutz.xml HTTP/1.0" 200 936018 "-" "-"
89.161.206.59 - - [17/Jun/2025:08:05:02 +0200] "GET /Jurek/carbonyway/feeds/carbonyway_skroutz.xml HTTP/1.0" 200 3075928 "-" "-"
89.161.206.59 - - [17/Jun/2025:08:05:04 +0200] "GET /Jurek/jakdroz/feeds/jakdroz_skroutz.xml HTTP/1.0" 200 1894363 "-" "-"
89.161.206.59 - - [17/Jun/2025:08:05:06 +0200] "GET /Jurek/filmal/feeds/filmal_skroutz.xml HTTP/1.0" 200 139273 "-" "-"
89.161.206.59 - - [17/Jun/2025:08:05:07 +0200] "GET /Jurek/jakdroz/feeds/jakdroz_skroutz.xml HTTP/1.0" 200 1894363 "-" "-"
89.161.206.59 - - [17/Jun/2025:08:05:09 +0200] "GET /Jurek/gandalf/feeds/gandalf_skr.xml HTTP/1.0" 200 1082539 "-" "-"
89.161.206.59 - - [17/Jun/2025:08:05:09 +0200] "GET /Jurek/tsjerzy/feeds/tsjerzy_skr.xml HTTP/1.0" 200 3841020 "-" "-"
89.161.206.59 - - [17/Jun/2025:08:05:20 +0200] "GET /Jurek/apresto/feeds/apresto_skr.xml HTTP/1.0" 200 1316727 "-" "-"
66.249.64.39 - - [17/Jun/2025:08:05:21 +0200] "GET /Jurek/eurofirany/images/372979/3.jpg HTTP/1.1" 200 77640 "-" "Googlebot-Image/1.0"
89.161.206.59 - - [17/Jun/2025:08:05:22 +0200] "GET /Jurek/sovapl/feeds/sovapl_skr.xml HTTP/1.0" 200 8999065 "-" "-"
89.161.206.59 - - [17/Jun/2025:08:05:24 +0200] "GET /Jurek/missionair/feeds/missionair_skr.xml HTTP/1.0" 200 3154853 "-" "-"
89.161.206.59 - - [17/Jun/2025:08:05:25 +0200] "GET /Jurek/wezer/feeds/wezer_skroutz.xml HTTP/1.0" 200 202411 "-" "-"
89.161.206.59 - - [17/Jun/2025:08:05:25 +0200] "GET /Jurek/relogy/feeds/relogy_skroutz.xml HTTP/1.0" 200 66606549 "-" "-"
89.161.206.59 - - [17/Jun/2025:08:05:25 +0200] "GET /Jurek/shiori/feeds/shiori_skroutz.xml HTTP/1.0" 200 453657 "-" "-"
89.161.206.59 - - [17/Jun/2025:08:05:30 +0200] "GET /Jurek/rems/feeds/rems_skr.xml HTTP/1.0" 200 8706215 "-" "-"
52.18.22.0 - - [17/Jun/2025:08:05:43 +0200] "GET /marketplaces/carrefour/results/carrefour.csv HTTP/1.1" 200 147219 "-" "Mirakl HttpClient"
66.249.64.38 - - [17/Jun/2025:08:06:21 +0200] "GET /Jurek/eurofirany/images/408367/1.jpg HTTP/1.1" 200 100605 "-" "Googlebot-Image/1.0"
85.14.86.141 - - [17/Jun/2025:08:06:50 +0200] "GET /Jurek/eurofirany/feeds/eurofirany_morele.xml HTTP/2.0" 200 19508813 "-" "MarketplaceAPI curl/7.74.0 PHP/8"
85.14.86.141 - - [17/Jun/2025:08:07:08 +0200] "GET /Jurek/vivaldi/feeds/vivaldi_Morele-PL.xml HTTP/2.0" 200 344674 "-" "MarketplaceAPI curl/7.74.0 PHP/8"
66.249.64.39 - - [17/Jun/2025:08:07:39 +0200] "GET /Jurek/eurofirany/images/391481/1.jpg HTTP/1.1" 200 97617 "-" "Googlebot-Image/1.0"
66.249.64.38 - - [17/Jun/2025:08:08:02 +0200] "GET /Jurek/topeshop/downloaded_images/5902838463338_Dallas_Sonoma(1).jpg HTTP/1.1" 404 3551 "-" "Googlebot-Image/1.0"
85.14.86.141 - - [17/Jun/2025:08:08:34 +0200] "GET /Jurek/vida_morele/feeds/VidaPL_morele.xml HTTP/2.0" 200 871888392 "-" "MarketplaceAPI curl/7.74.0 PHP/8"
66.249.64.38 - - [17/Jun/2025:08:08:36 +0200] "GET /Jurek/eurofirany/images/404523/0.jpg HTTP/1.1" 200 76196 "-" "Googlebot-Image/1.0"
37.225.33.18 - - [17/Jun/2025:08:08:41 +0200] "POST /Filip/janshop_orders/exports/ HTTP/2.0" 401 3550 "https://dkkapusta1997.usermd.net/Filip/janshop_orders/exports/" "Mozilla/5.0 (Macintosh; Intel Mac OS X 10_15_7) AppleWebKit/605.1.15 (KHTML, like Gecko) Version/17.5 Safari/605.1.15"
37.225.33.18 - maria [17/Jun/2025:08:08:41 +0200] "POST /Filip/janshop_orders/exports/ HTTP/2.0" 200 101227 "https://dkkapusta1997.usermd.net/Filip/janshop_orders/exports/" "Mozilla/5.0 (Macintosh; Intel Mac OS X 10_15_7) AppleWebKit/605.1.15 (KHTML, like Gecko) Version/17.5 Safari/605.1.15"
85.14.86.141 - - [17/Jun/2025:08:08:44 +0200] "GET /Jurek/aw/feeds/awnarzedzia_morele.xml HTTP/2.0" 200 90840498 "-" "MarketplaceAPI curl/7.74.0 PHP/8"
37.225.33.18 - - [17/Jun/2025:08:08:46 +0200] "POST /Filip/janshop_orders/exports/ HTTP/2.0" 401 3550 "https://dkkapusta1997.usermd.net/Filip/janshop_orders/exports/" "Mozilla/5.0 (Macintosh; Intel Mac OS X 10_15_7) AppleWebKit/605.1.15 (KHTML, like Gecko) Version/17.5 Safari/605.1.15"
37.225.33.18 - maria [17/Jun/2025:08:08:48 +0200] "POST /Filip/janshop_orders/exports/ HTTP/2.0" 200 101227 "https://dkkapusta1997.usermd.net/Filip/janshop_orders/exports/" "Mozilla/5.0 (Macintosh; Intel Mac OS X 10_15_7) AppleWebKit/605.1.15 (KHTML, like Gecko) Version/17.5 Safari/605.1.15"
88.220.33.218 - - [17/Jun/2025:08:09:12 +0200] "GET /Jurek/eurofirany/images/460880/0.jpg HTTP/2.0" 200 76282 "-" "-"
88.220.33.218 - - [17/Jun/2025:08:09:12 +0200] "GET /Jurek/eurofirany/images/460880/1.jpg HTTP/2.0" 200 113571 "-" "-"
88.220.33.218 - - [17/Jun/2025:08:09:12 +0200] "GET /Jurek/eurofirany/images/460880/2.jpg HTTP/2.0" 200 42417 "-" "-"
88.220.33.218 - - [17/Jun/2025:08:09:12 +0200] "GET /Jurek/eurofirany/images/460880/3.jpg HTTP/2.0" 200 51884 "-" "-"
88.220.33.218 - - [17/Jun/2025:08:09:12 +0200] "GET /Jurek/eurofirany/images/460880/4.jpg HTTP/2.0" 200 198818 "-" "-"
88.220.33.218 - - [17/Jun/2025:08:09:12 +0200] "GET /Jurek/eurofirany/images/460880/5.jpg HTTP/2.0" 200 133074 "-" "-"
88.220.33.218 - - [17/Jun/2025:08:09:13 +0200] "GET /Jurek/eurofirany/images/460880/6.jpg HTTP/2.0" 200 101477 "-" "-"
88.220.33.218 - - [17/Jun/2025:08:09:13 +0200] "GET /Jurek/eurofirany/images/460880/7.jpg HTTP/2.0" 200 104676 "-" "-"
88.220.33.218 - - [17/Jun/2025:08:09:13 +0200] "GET /Jurek/eurofirany/images/460880/8.jpg HTTP/2.0" 200 140903 "-" "-"
88.220.33.218 - - [17/Jun/2025:08:09:13 +0200] "GET /Jurek/eurofirany/images/460880/9.jpg HTTP/2.0" 200 140903 "-" "-"
185.6.76.18 - - [17/Jun/2025:08:09:16 +0200] "GET /marketplaces/skroutz/feeds/shumee.xml HTTP/1.1" 200 280878006 "-" "SkroutzBot v1.0"
37.225.33.18 - maria [17/Jun/2025:08:09:40 +0200] "GET /Filip/janshop_orders/exports/extra_2025-06-17_08.txt HTTP/2.0" 200 2960 "https://dkkapusta1997.usermd.net/Filip/janshop_orders/exports/" "Mozilla/5.0 (Macintosh; Intel Mac OS X 10_15_7) AppleWebKit/605.1.15 (KHTML, like Gecko) Version/17.5 Safari/605.1.15"
66.249.64.37 - - [17/Jun/2025:08:09:44 +0200] "GET /Jurek/eurofirany/images/398807/5.jpg HTTP/1.1" 200 60735 "-" "Googlebot-Image/1.0"
85.14.86.141 - - [17/Jun/2025:08:10:01 +0200] "GET /Jurek/beliani/feeds/beliani_morele.xml HTTP/2.0" 200 30500502 "-" "MarketplaceAPI curl/7.74.0 PHP/8"
37.225.33.18 - maria [17/Jun/2025:08:10:07 +0200] "POST /Filip/janshop_orders/exports/ HTTP/2.0" 200 101234 "https://dkkapusta1997.usermd.net/Filip/janshop_orders/exports/" "Mozilla/5.0 (Macintosh; Intel Mac OS X 10_15_7) AppleWebKit/605.1.15 (KHTML, like Gecko) Version/17.5 Safari/605.1.15"
66.249.64.38 - - [17/Jun/2025:08:10:18 +0200] "GET /Jurek/eurofirany/images/383103/4.jpg HTTP/1.1" 200 263060 "-" "Googlebot-Image/1.0"
66.249.64.38 - - [17/Jun/2025:08:10:51 +0200] "GET /Jurek/eurofirany/images/383350/2.jpg HTTP/1.1" 200 51424 "-" "Googlebot-Image/1.0"
37.225.33.18 - maria [17/Jun/2025:08:10:54 +0200] "POST /Filip/janshop_orders/exports/ HTTP/2.0" 200 101234 "https://dkkapusta1997.usermd.net/Filip/janshop_orders/exports/" "Mozilla/5.0 (Macintosh; Intel Mac OS X 10_15_7) AppleWebKit/605.1.15 (KHTML, like Gecko) Version/17.5 Safari/605.1.15"
37.225.33.18 - maria [17/Jun/2025:08:10:56 +0200] "GET /Filip/janshop_orders/exports/shumee_2025-06-17_08.txt HTTP/2.0" 200 10218 "https://dkkapusta1997.usermd.net/Filip/janshop_orders/exports/" "Mozilla/5.0 (Macintosh; Intel Mac OS X 10_15_7) AppleWebKit/605.1.15 (KHTML, like Gecko) Version/17.5 Safari/605.1.15"
66.249.64.39 - - [17/Jun/2025:08:12:00 +0200] "GET /Jurek/eurofirany/images/398405/6.jpg HTTP/1.1" 200 139238 "-" "Googlebot-Image/1.0"
62.146.215.32 - - [17/Jun/2025:08:12:43 +0200] "GET /Jurek/eurofirany/images/383320/0.jpg HTTP/2.0" 304 0 "-" "billigerbot/1.0"
66.249.64.39 - - [17/Jun/2025:08:13:07 +0200] "GET /Jurek/eurofirany/images/416786/0.jpg HTTP/1.1" 200 118973 "-" "Googlebot-Image/1.0"
37.225.33.18 - - [17/Jun/2025:08:13:23 +0200] "POST /Filip/janshop_orders/exports/ HTTP/2.0" 401 3550 "https://dkkapusta1997.usermd.net/Filip/janshop_orders/exports/" "Mozilla/5.0 (Macintosh; Intel Mac OS X 10_15_7) AppleWebKit/605.1.15 (KHTML, like Gecko) Version/17.5 Safari/605.1.15"
37.225.33.18 - maria [17/Jun/2025:08:13:24 +0200] "POST /Filip/janshop_orders/exports/ HTTP/2.0" 200 101241 "https://dkkapusta1997.usermd.net/Filip/janshop_orders/exports/" "Mozilla/5.0 (Macintosh; Intel Mac OS X 10_15_7) AppleWebKit/605.1.15 (KHTML, like Gecko) Version/17.5 Safari/605.1.15"
89.161.206.59 - - [17/Jun/2025:08:15:36 +0200] "GET /Jurek/stema/feeds/stema_skroutz.xml HTTP/1.0" 200 429106 "-" "-"
193.33.8.61 - - [17/Jun/2025:08:18:08 +0200] "GET /Jurek/hlo/feeds/hlo_bol.xml HTTP/1.1" 200 4838667 "-" "python-requests/2.32.3"
193.33.8.61 - - [17/Jun/2025:08:18:11 +0200] "GET /Jurek/erohurtownia/feeds/erohurtownia_bol.xml HTTP/1.1" 200 22846460 "-" "python-requests/2.32.3"
193.33.8.61 - - [17/Jun/2025:08:18:14 +0200] "GET /Jurek/hdwr/feeds/hdwr_BOL.xml HTTP/1.1" 200 789413 "-" "python-requests/2.32.3"
193.33.8.61 - - [17/Jun/2025:08:18:17 +0200] "GET /Jurek/eroplace/feeds/eroplace_bol.xml HTTP/1.1" 200 52134503 "-" "python-requests/2.32.3"
193.33.8.61 - - [17/Jun/2025:08:18:23 +0200] "GET /Jurek/muminky/feeds/muminky_bol.xml HTTP/1.1" 200 2677659 "-" "python-requests/2.32.3"
193.33.8.61 - - [17/Jun/2025:08:18:23 +0200] "GET /Jurek/techrebal/feeds/techrebal_bol.xml HTTP/1.1" 200 1989730 "-" "python-requests/2.32.3"
193.33.8.61 - - [17/Jun/2025:08:18:24 +0200] "GET /Jurek/nonabox/feeds/nonabox_bol.xml HTTP/1.1" 200 33867 "-" "python-requests/2.32.3"
193.33.8.61 - - [17/Jun/2025:08:18:24 +0200] "GET /Jurek/mosti/feeds/mosti_bol.xml HTTP/1.1" 200 4628049 "-" "python-requests/2.32.3"
193.33.8.61 - - [17/Jun/2025:08:18:26 +0200] "GET /Jurek/benetech/feeds/benetech_bol.xml HTTP/1.1" 200 4165464 "-" "python-requests/2.32.3"
193.33.8.61 - - [17/Jun/2025:08:18:27 +0200] "GET /Jurek/oromed/feeds/oromed_BOL.xml HTTP/1.1" 200 1283931 "-" "python-requests/2.32.3"
193.33.8.61 - - [17/Jun/2025:08:18:29 +0200] "GET /Jurek/narzbud/feeds/narzbud_bol.xml HTTP/1.1" 200 1901204 "-" "python-requests/2.32.3"
193.33.8.61 - - [17/Jun/2025:08:18:29 +0200] "GET /Jurek/cdata/feeds/cdata_bol.xml HTTP/1.1" 200 1445155 "-" "python-requests/2.32.3"
193.33.8.61 - - [17/Jun/2025:08:18:29 +0200] "GET /Jurek/topeshop/feeds/topeshop_bol.xml HTTP/1.1" 200 3083726 "-" "python-requests/2.32.3"
193.33.8.61 - - [17/Jun/2025:08:18:30 +0200] "GET /Jurek/eldar/feeds/eldar_bol.xml HTTP/1.1" 200 7329048 "-" "python-requests/2.32.3"
193.33.8.61 - - [17/Jun/2025:08:18:31 +0200] "GET /Jurek/sportprise/feeds/sportprise_bol.xml HTTP/1.1" 200 12725802 "-" "python-requests/2.32.3"
193.33.8.61 - - [17/Jun/2025:08:18:32 +0200] "GET /Jurek/maksik/feeds/maksik_bol.xml HTTP/1.1" 200 4084730 "-" "python-requests/2.32.3"
193.33.8.61 - - [17/Jun/2025:08:18:33 +0200] "GET /Jurek/playcob/feeds/playcob_bol.xml HTTP/1.1" 200 6980184 "-" "python-requests/2.32.3"
193.33.8.61 - - [17/Jun/2025:08:18:34 +0200] "GET /Jurek/roger/feeds/roger_bol.xml HTTP/1.1" 200 1147414 "-" "python-requests/2.32.3"
193.33.8.61 - - [17/Jun/2025:08:18:34 +0200] "GET /Jurek/pawonik/feeds/pawonik_bol.xml HTTP/1.1" 200 2138410 "-" "python-requests/2.32.3"
193.33.8.61 - - [17/Jun/2025:08:18:38 +0200] "GET /Jurek/kristronik/feeds/kristronik_bol.xml HTTP/1.1" 200 691981 "-" "python-requests/2.32.3"
193.33.8.61 - - [17/Jun/2025:08:18:38 +0200] "GET /Jurek/hurtmeblowy/feeds/hurtmeblowy_bol.xml HTTP/1.1" 200 8592967 "-" "python-requests/2.32.3"
193.33.8.61 - - [17/Jun/2025:08:18:40 +0200] "GET /Jurek/artdog/feeds/artdog_bol.xml HTTP/1.1" 200 17158883 "-" "python-requests/2.32.3"
193.33.8.61 - - [17/Jun/2025:08:18:41 +0200] "GET /Jurek/broers/feeds/broers_bol.xml HTTP/1.1" 200 1982531 "-" "python-requests/2.32.3"
193.33.8.61 - - [17/Jun/2025:08:18:41 +0200] "GET /Jurek/waks/feeds/waks_bol.xml HTTP/1.1" 200 1596552 "-" "python-requests/2.32.3"
62.146.215.34 - - [17/Jun/2025:08:18:43 +0200] "GET /Jurek/eurofirany/images/383106/0.jpg HTTP/2.0" 304 0 "-" "billigerbot/1.0"
193.33.8.61 - - [17/Jun/2025:08:18:43 +0200] "GET /Jurek/omi/feeds/omi_bol.xml HTTP/1.1" 200 8100666 "-" "python-requests/2.32.3"
193.33.8.61 - - [17/Jun/2025:08:18:44 +0200] "GET /Jurek/ekuchcikowo/feeds/ekuchcikowo_bol.xml HTTP/1.1" 200 12470972 "-" "python-requests/2.32.3"
193.33.8.61 - - [17/Jun/2025:08:18:45 +0200] "GET /Jurek/luxma/feeds/luxma_bol.xml HTTP/1.1" 200 8058528 "-" "python-requests/2.32.3"
193.33.8.61 - - [17/Jun/2025:08:18:46 +0200] "GET /Jurek/elavia/feeds/elavia_bol.xml HTTP/1.1" 200 2497292 "-" "python-requests/2.32.3"
193.33.8.61 - - [17/Jun/2025:08:18:47 +0200] "GET /Jurek/sempler/feeds/sempler_BOL.xml HTTP/1.1" 200 6787947 "-" "python-requests/2.32.3"
193.33.8.61 - - [17/Jun/2025:08:18:47 +0200] "GET /Jurek/livinhill/feeds/livinhill_bol.xml HTTP/1.1" 200 1534449 "-" "python-requests/2.32.3"
193.33.8.61 - - [17/Jun/2025:08:18:47 +0200] "GET /Jurek/nexus/feeds/nexus_bol.xml HTTP/1.1" 200 226758 "-" "python-requests/2.32.3"
193.33.8.61 - - [17/Jun/2025:08:18:47 +0200] "GET /Jurek/evil/feeds/evil_bol.xml HTTP/1.1" 200 306385 "-" "python-requests/2.32.3"
193.33.8.61 - - [17/Jun/2025:08:18:48 +0200] "GET /Jurek/drewdon/feeds/drewdon_bol.xml HTTP/1.1" 200 504441 "-" "python-requests/2.32.3"
193.33.8.61 - - [17/Jun/2025:08:18:49 +0200] "GET /Jurek/najtanszysport/feeds/najtanszysport_bol.xml HTTP/1.1" 200 3982888 "-" "python-requests/2.32.3"
193.33.8.61 - - [17/Jun/2025:08:18:49 +0200] "GET /Jurek/princelh/feeds/princelh_bol.xml HTTP/1.1" 200 133434 "-" "python-requests/2.32.3"
193.33.8.61 - - [17/Jun/2025:08:18:49 +0200] "GET /Jurek/sklep24amk/feeds/sklep24amk_bol.xml HTTP/1.1" 200 3894470 "-" "python-requests/2.32.3"
193.33.8.61 - - [17/Jun/2025:08:18:50 +0200] "GET /Jurek/sartrix/feeds/sartrix_bol.xml HTTP/1.1" 200 649173 "-" "python-requests/2.32.3"
193.33.8.61 - - [17/Jun/2025:08:18:51 +0200] "GET /Jurek/purewear/feeds/purewear_bol.xml HTTP/1.1" 200 13350045 "-" "python-requests/2.32.3"
193.33.8.61 - - [17/Jun/2025:08:18:51 +0200] "GET /Jurek/eoptimo/feeds/eoptimo_bol.xml HTTP/1.1" 200 2094344 "-" "python-requests/2.32.3"
193.33.8.61 - - [17/Jun/2025:08:18:51 +0200] "GET /Jurek/german/feeds/german_bol.xml HTTP/1.1" 200 2853556 "-" "python-requests/2.32.3"
193.33.8.61 - - [17/Jun/2025:08:18:52 +0200] "GET /Jurek/szpaklampy/feeds/szpaklampy_bol.xml HTTP/1.1" 200 388204 "-" "python-requests/2.32.3"
193.33.8.61 - - [17/Jun/2025:08:18:52 +0200] "GET /Jurek/rider/feeds/rider_bol.xml HTTP/1.1" 200 8165185 "-" "python-requests/2.32.3"
193.33.8.61 - - [17/Jun/2025:08:18:53 +0200] "GET /Jurek/motofan/feeds/motofan_bol.xml HTTP/1.1" 200 2392085 "-" "python-requests/2.32.3"
193.33.8.61 - - [17/Jun/2025:08:18:53 +0200] "GET /Jurek/dekoele/feeds/dekoele_bol.xml HTTP/1.1" 200 733941 "-" "python-requests/2.32.3"
193.33.8.61 - - [17/Jun/2025:08:18:53 +0200] "GET /Jurek/shiori/feeds/shiori_bol.xml HTTP/1.1" 200 453645 "-" "python-requests/2.32.3"
193.33.8.61 - - [17/Jun/2025:08:19:02 +0200] "GET /Jurek/dropkz/feeds/dropkz_bol.xml HTTP/1.1" 200 70014870 "-" "python-requests/2.32.3"
193.33.8.61 - - [17/Jun/2025:08:19:04 +0200] "GET /Jurek/urwiskowo/feeds/urwiskowo_bol.xml HTTP/1.1" 200 9113947 "-" "python-requests/2.32.3"
193.33.8.61 - - [17/Jun/2025:08:19:05 +0200] "GET /Jurek/beautycare/feeds/beautycare_bol.xml HTTP/1.1" 200 1181302 "-" "python-requests/2.32.3"
193.33.8.61 - - [17/Jun/2025:08:19:05 +0200] "GET /Jurek/takapara/feeds/takapara_bol.xml HTTP/1.1" 200 1342601 "-" "python-requests/2.32.3"
193.33.8.61 - - [17/Jun/2025:08:19:05 +0200] "GET /Jurek/smxdesign/feeds/smxdesign_bol.xml HTTP/1.1" 200 1829025 "-" "python-requests/2.32.3"
193.33.8.61 - - [17/Jun/2025:08:19:06 +0200] "GET /Jurek/proparts/feeds/proparts_bol.xml HTTP/1.1" 200 707486 "-" "python-requests/2.32.3"
193.33.8.61 - - [17/Jun/2025:08:19:07 +0200] "GET /Jurek/makow/feeds/makow_bol.xml HTTP/1.1" 200 21203713 "-" "python-requests/2.32.3"
193.33.8.61 - - [17/Jun/2025:08:19:09 +0200] "GET /Jurek/kamar/feeds/kamar_bol.xml HTTP/1.1" 200 25549763 "-" "python-requests/2.32.3"
193.33.8.61 - - [17/Jun/2025:08:19:10 +0200] "GET /Jurek/em3/feeds/em3_bol.xml HTTP/1.1" 200 258912 "-" "python-requests/2.32.3"
193.33.8.61 - - [17/Jun/2025:08:19:11 +0200] "GET /Jurek/newtechele/feeds/newtechele_bol.xml HTTP/1.1" 200 2438472 "-" "python-requests/2.32.3"
193.33.8.61 - - [17/Jun/2025:08:19:12 +0200] "GET /Jurek/galopi/feeds/galopi_bol.xml HTTP/1.1" 200 2111060 "-" "python-requests/2.32.3"
193.33.8.61 - - [17/Jun/2025:08:19:12 +0200] "GET /Jurek/techrebalina/feeds/techrebalina_bol.xml HTTP/1.1" 200 2011582 "-" "python-requests/2.32.3"
193.33.8.61 - - [17/Jun/2025:08:19:13 +0200] "GET /Jurek/tsjerzy/feeds/tsjerzy_bol.xml HTTP/1.1" 200 3897691 "-" "python-requests/2.32.3"
193.33.8.61 - - [17/Jun/2025:08:19:13 +0200] "GET /Jurek/zenex/feeds/zenex_bol.xml HTTP/1.1" 200 540172 "-" "python-requests/2.32.3"
193.33.8.61 - - [17/Jun/2025:08:19:13 +0200] "GET /Jurek/fertes/feeds/fertes_bol.xml HTTP/1.1" 200 2361869 "-" "python-requests/2.32.3"
193.33.8.61 - - [17/Jun/2025:08:19:14 +0200] "GET /Jurek/carbonyway/feeds/carbonyway_bol.xml HTTP/1.1" 200 3075937 "-" "python-requests/2.32.3"
193.33.8.61 - - [17/Jun/2025:08:19:14 +0200] "GET /Jurek/filmal/feeds/filmal_bol.xml HTTP/1.1" 200 139269 "-" "python-requests/2.32.3"
193.33.8.61 - - [17/Jun/2025:08:19:15 +0200] "GET /Jurek/beltimore/feeds/beltimore_bol.xml HTTP/1.1" 200 18651603 "-" "python-requests/2.32.3"
193.33.8.61 - - [17/Jun/2025:08:19:16 +0200] "GET /Jurek/spali/feeds/spali_bol.xml HTTP/1.1" 200 77046 "-" "python-requests/2.32.3"
193.33.8.61 - - [17/Jun/2025:08:19:17 +0200] "GET /Jurek/avenido/feeds/avenido_bol.xml HTTP/1.1" 200 720096 "-" "python-requests/2.32.3"
193.33.8.61 - - [17/Jun/2025:08:19:17 +0200] "GET /Jurek/reman/feeds/reman_bol.xml HTTP/1.1" 200 1394824 "-" "python-requests/2.32.3"
193.33.8.61 - - [17/Jun/2025:08:19:18 +0200] "GET /Jurek/eurofirany/feeds/eurofirany_bol.xml HTTP/1.1" 200 19506497 "-" "python-requests/2.32.3"
193.33.8.61 - - [17/Jun/2025:08:19:20 +0200] "GET /Jurek/primohurt/feeds/primohurt_bol.xml HTTP/1.1" 200 17187245 "-" "python-requests/2.32.3"
193.33.8.61 - - [17/Jun/2025:08:19:21 +0200] "GET /Jurek/pupus/feeds/pupus_bol.xml HTTP/1.1" 200 6154463 "-" "python-requests/2.32.3"
193.33.8.61 - - [17/Jun/2025:08:19:21 +0200] "GET /Jurek/combine/feeds/combine_bol.xml HTTP/1.1" 200 210513 "-" "python-requests/2.32.3"
193.33.8.61 - - [17/Jun/2025:08:19:22 +0200] "GET /Jurek/amzteam/feeds/amzteam_bol.xml HTTP/1.1" 200 97820 "-" "python-requests/2.32.3"
193.33.8.61 - - [17/Jun/2025:08:19:22 +0200] "GET /Jurek/equalo/feeds/equalo_bol.xml HTTP/1.1" 200 98007 "-" "python-requests/2.32.3"
193.33.8.61 - - [17/Jun/2025:08:19:22 +0200] "GET /Jurek/alucon/feeds/alucon_bol.xml HTTP/1.1" 200 553705 "-" "python-requests/2.32.3"
193.33.8.61 - - [17/Jun/2025:08:19:23 +0200] "GET /Jurek/jankeski/feeds/jankeski_bol.xml HTTP/1.1" 200 6570995 "-" "python-requests/2.32.3"
193.33.8.61 - - [17/Jun/2025:08:19:24 +0200] "GET /Jurek/proadventure/feeds/proadventure_bol.xml HTTP/1.1" 200 10763271 "-" "python-requests/2.32.3"
193.33.8.61 - - [17/Jun/2025:08:19:25 +0200] "GET /Jurek/andex/feeds/andex_bol.xml HTTP/1.1" 200 1953415 "-" "python-requests/2.32.3"
193.33.8.61 - - [17/Jun/2025:08:19:27 +0200] "GET /Jurek/bloomglow/feeds/bloomglow_bol.xml HTTP/1.1" 200 14095249 "-" "python-requests/2.32.3"
193.33.8.61 - - [17/Jun/2025:08:19:27 +0200] "GET /Jurek/drops/feeds/dropsofficecolection_bol.xml HTTP/1.1" 200 790850 "-" "python-requests/2.32.3"
193.33.8.61 - - [17/Jun/2025:08:19:27 +0200] "GET /Jurek/sebmart/feeds/sebmart_bol.xml HTTP/1.1" 200 1598677 "-" "python-requests/2.32.3"
193.33.8.61 - - [17/Jun/2025:08:19:27 +0200] "GET /Jurek/missionair/feeds/missionair_bol.xml HTTP/1.1" 200 3154873 "-" "python-requests/2.32.3"
193.33.8.61 - - [17/Jun/2025:08:19:28 +0200] "GET /Jurek/sovapl/feeds/sovapl_bol.xml HTTP/1.1" 200 8999807 "-" "python-requests/2.32.3"
193.33.8.61 - - [17/Jun/2025:08:19:29 +0200] "GET /Jurek/apresto/feeds/apresto_bol.xml HTTP/1.1" 200 1327601 "-" "python-requests/2.32.3"
193.33.8.61 - - [17/Jun/2025:08:19:29 +0200] "GET /Jurek/mechdecor/feeds/mechdecor_bol.xml HTTP/1.1" 200 596188 "-" "python-requests/2.32.3"
193.33.8.61 - - [17/Jun/2025:08:19:29 +0200] "GET /Jurek/mojeledy/feeds/mojeledy_bol.xml HTTP/1.1" 200 1018434 "-" "python-requests/2.32.3"
193.33.8.61 - - [17/Jun/2025:08:19:54 +0200] "GET /Jurek/action/feeds/action_bol.xml HTTP/1.1" 200 60822863 "-" "python-requests/2.32.3"
193.33.8.61 - - [17/Jun/2025:08:20:19 +0200] "GET /Jurek/rems/feeds/rems_bol.xml HTTP/1.1" 200 8706134 "-" "python-requests/2.32.3"
193.33.8.61 - - [17/Jun/2025:08:20:24 +0200] "GET /Jurek/ikonka/feeds/ikonka_bol.xml HTTP/1.1" 200 21265169 "-" "python-requests/2.32.3"
193.33.8.61 - - [17/Jun/2025:08:20:30 +0200] "GET /Jurek/zami/feeds/zami_bol.xml HTTP/1.1" 200 4472689 "-" "python-requests/2.32.3"
193.33.8.61 - - [17/Jun/2025:08:20:31 +0200] "GET /Jurek/amzteam/feeds/amzteam_bol.xml HTTP/1.1" 200 97820 "-" "python-requests/2.32.3"
193.33.8.61 - - [17/Jun/2025:08:20:31 +0200] "GET /Jurek/dekornatort/feeds/dekornatort_bol.xml HTTP/1.1" 200 225733 "-" "python-requests/2.32.3"
193.33.8.61 - - [17/Jun/2025:08:20:40 +0200] "GET /Jurek/riko/feeds/riko_bol.xml HTTP/1.1" 200 3784899 "-" "python-requests/2.32.3"
193.33.8.61 - - [17/Jun/2025:08:20:47 +0200] "GET /Jurek/lampart/feeds/lampart_bol.xml HTTP/1.1" 200 936043 "-" "python-requests/2.32.3"
193.33.8.61 - - [17/Jun/2025:08:20:47 +0200] "GET /Jurek/cbdgreen/feeds/cbdgreen_bol.xml HTTP/1.1" 200 50544 "-" "python-requests/2.32.3"
193.33.8.61 - - [17/Jun/2025:08:20:48 +0200] "GET /Jurek/jakdroz/feeds/jakdroz_bol.xml HTTP/1.1" 200 4089981 "-" "python-requests/2.32.3"
193.33.8.61 - - [17/Jun/2025:08:20:48 +0200] "GET /Jurek/rovato/feeds/rovato_bol.xml HTTP/1.1" 200 180833 "-" "python-requests/2.32.3"
193.33.8.61 - - [17/Jun/2025:08:20:48 +0200] "GET /Jurek/bemipol/feeds/bemipol_bol.xml HTTP/1.1" 200 423628 "-" "python-requests/2.32.3"
193.33.8.61 - - [17/Jun/2025:08:20:48 +0200] "GET /Jurek/luxury/feeds/luxury_bol.xml HTTP/1.1" 200 1010059 "-" "python-requests/2.32.3"
193.33.8.61 - - [17/Jun/2025:08:20:49 +0200] "GET /Jurek/gandalf/feeds/gandalf_bol.xml HTTP/1.1" 200 1082540 "-" "python-requests/2.32.3"
193.33.8.61 - - [17/Jun/2025:08:20:49 +0200] "GET /Jurek/lerutrade/feeds/lerutrade_bol.xml HTTP/1.1" 200 82814 "-" "python-requests/2.32.3"
89.161.206.59 - - [17/Jun/2025:08:22:28 +0200] "GET /Jurek/topeshop/feeds/topeshop_cdsc.xml HTTP/1.0" 200 2678524 "-" "-"
89.161.206.59 - - [17/Jun/2025:08:22:45 +0200] "GET /Jurek/kambukka/feeds/kambukka_amazonde.xml HTTP/1.0" 200 1023266 "-" "-"
89.161.206.59 - - [17/Jun/2025:08:22:45 +0200] "GET /Jurek/kambukka/feeds/kambukka_amazonbe.xml HTTP/1.0" 200 1023437 "-" "-"
89.161.206.59 - - [17/Jun/2025:08:22:46 +0200] "GET /Jurek/b3/feeds/b3_amazonde.xml HTTP/1.0" 200 8509104 "-" "-"
89.161.206.59 - - [17/Jun/2025:08:22:48 +0200] "GET /Jurek/b3/feeds/b3_amazones.xml HTTP/1.0" 200 8509177 "-" "-"
89.161.206.59 - - [17/Jun/2025:08:22:48 +0200] "GET /Jurek/b3/feeds/b3_amazonnl.xml HTTP/1.0" 200 8509170 "-" "-"
89.161.206.59 - - [17/Jun/2025:08:22:49 +0200] "GET /Jurek/b3/feeds/b3_amazonfr.xml HTTP/1.0" 200 8509217 "-" "-"
89.161.206.59 - - [17/Jun/2025:08:22:49 +0200] "GET /Jurek/b3/feeds/b3_amazonit.xml HTTP/1.0" 200 8509260 "-" "-"
89.161.206.59 - - [17/Jun/2025:08:22:50 +0200] "GET /Jurek/b3/feeds/b3_amazonse.xml HTTP/1.0" 200 8512745 "-" "-"
89.161.206.59 - - [17/Jun/2025:08:22:50 +0200] "GET /Jurek/b3/feeds/b3_amazonbe.xml HTTP/1.0" 200 8509029 "-" "-"
89.161.206.59 - - [17/Jun/2025:08:22:56 +0200] "GET /Jurek/artdog/feeds/artdog_amazones.xml HTTP/1.0" 200 17158179 "-" "-"
89.161.206.59 - - [17/Jun/2025:08:23:15 +0200] "GET /Jurek/smxdesign/feeds/smxdesign_amazonde.xml HTTP/1.0" 200 1829013 "-" "-"
89.161.206.59 - - [17/Jun/2025:08:23:15 +0200] "GET /Jurek/snibbs/feeds/snibbs_amazonde.xml HTTP/1.0" 200 74397 "-" "-"
89.161.206.59 - - [17/Jun/2025:08:23:15 +0200] "GET /Jurek/nexus/feeds/nexus_amazonde.xml HTTP/1.0" 200 226682 "-" "-"
89.161.206.59 - - [17/Jun/2025:08:23:15 +0200] "GET /Jurek/sebmart/feeds/sebmart_amazonde.xml HTTP/1.0" 200 1598699 "-" "-"
89.161.206.59 - - [17/Jun/2025:08:23:21 +0200] "GET /Jurek/reman/feeds/reman_amazonde.xml HTTP/1.0" 200 1394817 "-" "-"
89.161.206.59 - - [17/Jun/2025:08:24:38 +0200] "GET /Jurek/hurtownia_przemyslowa/feeds/hp_allegro_cz.xml HTTP/1.0" 200 49366764 "-" "-"
89.161.206.59 - - [17/Jun/2025:08:24:43 +0200] "GET /Jurek/sempler/feeds/sempler_allegro.xml HTTP/1.0" 200 6788381 "-" "-"
89.161.206.59 - - [17/Jun/2025:08:24:44 +0200] "GET /Jurek/narzbud/feeds/narzbud_allegro.xml HTTP/1.0" 200 1901271 "-" "-"
89.161.206.59 - - [17/Jun/2025:08:24:44 +0200] "GET /Jurek/urwiskowo/feeds/urwiskowo_allegro.xml HTTP/1.0" 200 9115599 "-" "-"
89.161.206.59 - - [17/Jun/2025:08:25:00 +0200] "GET /Jurek/playcob/feeds/playcob_amazonde.xml HTTP/1.0" 200 6980095 "-" "-"
89.161.206.59 - - [17/Jun/2025:08:25:02 +0200] "GET /Jurek/princelh/feeds/princelh_amazonde.xml HTTP/1.0" 200 133439 "-" "-"
89.161.206.59 - - [17/Jun/2025:08:25:12 +0200] "GET /Jurek/unimet/feeds/unimet_cdisFI.xml HTTP/1.0" 200 60797654 "-" "-"
89.161.206.59 - - [17/Jun/2025:08:25:20 +0200] "GET /Jurek/barbecook/feeds/barbecook_cdis.xml HTTP/1.0" 200 87529 "-" "-"
66.249.64.38 - - [17/Jun/2025:08:29:30 +0200] "GET /Jurek/eurofirany/images/383352/4.jpg HTTP/1.1" 200 39328 "-" "Googlebot-Image/1.0"
66.249.64.38 - - [17/Jun/2025:08:30:38 +0200] "GET /Jurek/eurofirany/images/389927/2.jpg HTTP/1.1" 200 149694 "-" "Googlebot-Image/1.0"
66.135.223.41 - - [17/Jun/2025:08:31:02 +0200] "GET /Jurek/topeshop/downloaded_images/5904507200367_BILBAO7(3).jpg HTTP/1.1" 404 3551 "http://www.ebay.com/" "Mozilla/5.0 (Windows NT 10.0; Win64; x64) AppleWebKit/537.36 (KHTML, like Gecko) Chrome/123.0.0.0 Safari/537.36"
66.135.223.43 - - [17/Jun/2025:08:31:02 +0200] "GET /Jurek/topeshop/downloaded_images/5904507200367_wizualizacja.jpg HTTP/1.1" 200 65961 "http://www.ebay.com/" "Mozilla/5.0 (Windows NT 10.0; Win64; x64) AppleWebKit/537.36 (KHTML, like Gecko) Chrome/123.0.0.0 Safari/537.36"
66.135.223.43 - - [17/Jun/2025:08:31:02 +0200] "GET /Jurek/topeshop/downloaded_images/5904507200367_1.jpg HTTP/1.1" 200 29380 "http://www.ebay.com/" "Mozilla/5.0 (Windows NT 10.0; Win64; x64) AppleWebKit/537.36 (KHTML, like Gecko) Chrome/123.0.0.0 Safari/537.36"
66.135.223.44 - - [17/Jun/2025:08:31:02 +0200] "GET /Jurek/topeshop/downloaded_images/5904507200367_3--.jpg HTTP/1.1" 200 52014 "http://www.ebay.com/" "Mozilla/5.0 (Windows NT 10.0; Win64; x64) AppleWebKit/537.36 (KHTML, like Gecko) Chrome/123.0.0.0 Safari/537.36"
66.135.223.44 - - [17/Jun/2025:08:31:02 +0200] "GET /Jurek/topeshop/downloaded_images/5904507200367_BILBAO7(1).jpg HTTP/1.1" 404 3551 "http://www.ebay.com/" "Mozilla/5.0 (Windows NT 10.0; Win64; x64) AppleWebKit/537.36 (KHTML, like Gecko) Chrome/123.0.0.0 Safari/537.36"
66.135.223.44 - - [17/Jun/2025:08:31:02 +0200] "GET /Jurek/topeshop/downloaded_images/5904507200367_BILBAO7(4).jpg HTTP/1.1" 404 3551 "http://www.ebay.com/" "Mozilla/5.0 (Windows NT 10.0; Win64; x64) AppleWebKit/537.36 (KHTML, like Gecko) Chrome/123.0.0.0 Safari/537.36"
66.135.223.40 - - [17/Jun/2025:08:31:02 +0200] "GET /Jurek/topeshop/downloaded_images/5904507200367_BILBAO7(2).jpg HTTP/1.1" 404 3551 "http://www.ebay.com/" "Mozilla/5.0 (Windows NT 10.0; Win64; x64) AppleWebKit/537.36 (KHTML, like Gecko) Chrome/123.0.0.0 Safari/537.36"
66.135.223.41 - - [17/Jun/2025:08:31:03 +0200] "GET /Jurek/topeshop/downloaded_images/5904507200367_biel.png HTTP/1.1" 200 102179 "http://www.ebay.com/" "Mozilla/5.0 (Windows NT 10.0; Win64; x64) AppleWebKit/537.36 (KHTML, like Gecko) Chrome/123.0.0.0 Safari/537.36"
66.249.64.38 - - [17/Jun/2025:08:31:12 +0200] "GET /Jurek/eurofirany/images/391481/4.jpg HTTP/1.1" 200 250940 "-" "Googlebot-Image/1.0"
66.249.64.39 - - [17/Jun/2025:08:32:19 +0200] "GET /Jurek/eurofirany/images/416788/0.jpg HTTP/1.1" 200 114800 "-" "Googlebot-Image/1.0"
5.134.208.158 - - [17/Jun/2025:08:32:35 +0200] "GET /Jurek/eurofirany/images/422874/0.jpg HTTP/1.1" 200 136431 "-" "-"
5.134.208.158 - - [17/Jun/2025:08:32:35 +0200] "GET /Jurek/eurofirany/images/438730/0.jpg HTTP/1.1" 200 117207 "-" "-"
5.134.208.158 - - [17/Jun/2025:08:32:35 +0200] "GET /Jurek/eurofirany/images/362325/0.jpg HTTP/1.1" 200 85775 "-" "-"
5.134.208.158 - - [17/Jun/2025:08:32:35 +0200] "GET /Jurek/eurofirany/images/416438/0.jpg HTTP/1.1" 200 105080 "-" "-"
5.134.208.158 - - [17/Jun/2025:08:32:35 +0200] "GET /Jurek/eurofirany/images/422901/0.jpg HTTP/1.1" 200 123590 "-" "-"
5.134.208.158 - - [17/Jun/2025:08:32:35 +0200] "GET /Jurek/eurofirany/images/433150/0.jpg HTTP/1.1" 200 92690 "-" "-"
5.134.208.158 - - [17/Jun/2025:08:32:35 +0200] "GET /Jurek/eurofirany/images/367321/0.jpg HTTP/1.1" 200 131643 "-" "-"
5.134.208.158 - - [17/Jun/2025:08:32:35 +0200] "GET /Jurek/eurofirany/images/452294/0.jpg HTTP/1.1" 200 81521 "-" "-"
5.134.208.158 - - [17/Jun/2025:08:32:35 +0200] "GET /Jurek/eurofirany/images/438610/0.jpg HTTP/1.1" 200 114177 "-" "-"
66.249.64.38 - - [17/Jun/2025:08:32:53 +0200] "GET /Jurek/eurofirany/images/130742/3.jpg HTTP/1.1" 200 6625 "-" "Googlebot-Image/1.0"
66.249.64.38 - - [17/Jun/2025:08:34:01 +0200] "GET /Jurek/eurofirany/images/390030/7.jpg HTTP/1.1" 200 158718 "-" "Googlebot-Image/1.0"
66.249.64.37 - - [17/Jun/2025:08:34:35 +0200] "GET /Jurek/eurofirany/images/383265/5.jpg HTTP/1.1" 200 217458 "-" "Googlebot-Image/1.0"
66.249.64.37 - - [17/Jun/2025:08:35:08 +0200] "GET /Jurek/eurofirany/images/354682/6.jpg HTTP/1.1" 200 6595 "-" "Googlebot-Image/1.0"
66.249.64.38 - - [17/Jun/2025:08:36:17 +0200] "GET /Jurek/eurofirany/images/390429/6.jpg HTTP/1.1" 200 135099 "-" "Googlebot-Image/1.0"
66.249.64.38 - - [17/Jun/2025:08:36:50 +0200] "GET /Jurek/eurofirany/images/378536/7.jpg HTTP/1.1" 200 81929 "-" "Googlebot-Image/1.0"
66.249.64.37 - - [17/Jun/2025:08:37:24 +0200] "GET /Jurek/eurofirany/images/428726/14.jpg HTTP/1.1" 200 139204 "-" "Googlebot-Image/1.0"
66.249.64.39 - - [17/Jun/2025:08:38:32 +0200] "GET /Jurek/eurofirany/images/390399/6.jpg HTTP/1.1" 200 135099 "-" "Googlebot-Image/1.0"
52.18.22.0 - - [17/Jun/2025:08:39:19 +0200] "GET /marketplaces/worten2/results/worten.csv HTTP/1.1" 200 147217 "-" "Mirakl HttpClient"
66.249.64.38 - - [17/Jun/2025:08:39:40 +0200] "GET /Jurek/eurofirany/images/428726/3.jpg HTTP/1.1" 200 37830 "-" "Googlebot-Image/1.0"
66.249.64.39 - - [17/Jun/2025:08:40:14 +0200] "GET /Jurek/topeshop/downloaded_images/5902838466209_KUBABIURKOSONOMA2_.png HTTP/1.1" 404 3551 "-" "Googlebot-Image/1.0"
66.249.64.38 - - [17/Jun/2025:08:40:48 +0200] "GET /Jurek/topeshop/downloaded_images/5902838464359_KUBABIURKOBRY%C5%81KABIELFRONTZM.jpg HTTP/1.1" 404 3551 "-" "Googlebot-Image/1.0"
66.249.64.38 - - [17/Jun/2025:08:41:55 +0200] "GET /Jurek/topeshop/downloaded_images/5904507200275_3.jpg HTTP/1.1" 200 11912 "-" "Googlebot-Image/1.0"
66.249.64.38 - - [17/Jun/2025:08:41:57 +0200] "GET /Jurek/eurofirany/images/398375/10.jpg HTTP/1.1" 200 6585 "-" "Googlebot-Image/1.0"
66.249.64.37 - - [17/Jun/2025:08:43:03 +0200] "GET /Jurek/eurofirany/images/389927/6.jpg HTTP/1.1" 200 265113 "-" "Googlebot-Image/1.0"
66.249.64.39 - - [17/Jun/2025:08:44:11 +0200] "GET /Jurek/eurofirany/images/373039/7.jpg HTTP/1.1" 200 88073 "-" "Googlebot-Image/1.0"
89.161.206.59 - - [17/Jun/2025:08:45:16 +0200] "GET /Jurek/beltimore/feeds/beltimore_amazonit.xml HTTP/1.0" 200 18652463 "-" "-"
66.249.64.37 - - [17/Jun/2025:08:45:19 +0200] "GET /Jurek/topeshop/downloaded_images/5902838463383_sonomaa.png HTTP/1.1" 200 1239453 "-" "Googlebot-Image/1.0"
66.249.64.37 - - [17/Jun/2025:08:45:52 +0200] "GET /Jurek/eurofirany/images/400242/4.jpg HTTP/1.1" 200 60735 "-" "Googlebot-Image/1.0"
46.101.116.244 - - [17/Jun/2025:08:47:22 +0200] "GET /Jurek/hurtmeblowy/feeds/hurtmeblowy_ebay.xml HTTP/1.0" 200 5951294 "-" "-"
66.135.223.40 - - [17/Jun/2025:08:47:41 +0200] "GET /Jurek/topeshop/downloaded_images/5904507201883_MIJASBIURKOBRY%C5%81KAANTRACYTPRAWEFRONTZM.jpg HTTP/1.1" 404 3551 "http://www.ebay.com/" "Mozilla/5.0 (Windows NT 10.0; Win64; x64) AppleWebKit/537.36 (KHTML, like Gecko) Chrome/123.0.0.0 Safari/537.36"
66.135.223.43 - - [17/Jun/2025:08:47:41 +0200] "GET /Jurek/topeshop/downloaded_images/5904507201883_MIJASBIURKOBRY%C5%81KAANTRACYTPRAWEBOKOT.jpg HTTP/1.1" 404 3551 "http://www.ebay.com/" "Mozilla/5.0 (Windows NT 10.0; Win64; x64) AppleWebKit/537.36 (KHTML, like Gecko) Chrome/123.0.0.0 Safari/537.36"
66.135.223.40 - - [17/Jun/2025:08:47:41 +0200] "GET /Jurek/topeshop/downloaded_images/5904507201883_MIJASBIURKOBRY%C5%81KAANTRACYTPRAWEBOKZM.jpg HTTP/1.1" 404 3551 "http://www.ebay.com/" "Mozilla/5.0 (Windows NT 10.0; Win64; x64) AppleWebKit/537.36 (KHTML, like Gecko) Chrome/123.0.0.0 Safari/537.36"
66.135.223.42 - - [17/Jun/2025:08:47:41 +0200] "GET /Jurek/topeshop/downloaded_images/5904507201883_MIJASBIURKOANTRACYTPRAWE.png HTTP/1.1" 404 3551 "http://www.ebay.com/" "Mozilla/5.0 (Windows NT 10.0; Win64; x64) AppleWebKit/537.36 (KHTML, like Gecko) Chrome/123.0.0.0 Safari/537.36"
66.135.223.40 - - [17/Jun/2025:08:47:41 +0200] "GET /Jurek/topeshop/downloaded_images/5904507201883_MIJASBIURKOANTRACYTPRAWE.2tif.png HTTP/1.1" 404 3551 "http://www.ebay.com/" "Mozilla/5.0 (Windows NT 10.0; Win64; x64) AppleWebKit/537.36 (KHTML, like Gecko) Chrome/123.0.0.0 Safari/537.36"
46.101.116.244 - - [17/Jun/2025:08:47:49 +0200] "GET /Jurek/piotrmiedz/feeds/piotrmiedz_amazonde.xml HTTP/1.0" 200 91049733 "-" "-"
46.101.116.244 - - [17/Jun/2025:08:47:59 +0200] "GET /Jurek/piotrmiedz/feeds/piotrmiedz_amazonfr.xml HTTP/1.0" 200 91052020 "-" "-"
66.249.64.37 - - [17/Jun/2025:08:48:08 +0200] "GET /Jurek/eurofirany/images/371523/4.jpg HTTP/1.1" 200 125881 "-" "Googlebot-Image/1.0"
46.101.116.244 - - [17/Jun/2025:08:48:27 +0200] "GET /Jurek/piotrmiedz/feeds/piotrmiedz_amazonit.xml HTTP/1.0" 200 91050349 "-" "-"
89.161.206.59 - - [17/Jun/2025:08:48:41 +0200] "GET /Jurek/topeshop/feeds/topeshop_ebayDE.xml HTTP/1.0" 200 2607961 "-" "-"
46.101.116.244 - - [17/Jun/2025:08:48:42 +0200] "GET /Jurek/vivaldi/feeds/vivaldi_allegro.xml HTTP/1.0" 200 344685 "-" "-"
46.101.116.244 - - [17/Jun/2025:08:48:46 +0200] "GET /Jurek/kokiska/feeds/kokiska_allegro.xml HTTP/1.0" 200 9239731 "-" "-"
89.161.206.59 - - [17/Jun/2025:08:48:52 +0200] "GET /Jurek/broers/feeds/broers_aliex.xml HTTP/1.0" 200 1982967 "-" "-"
89.161.206.59 - - [17/Jun/2025:08:48:52 +0200] "GET /Jurek/omi/feeds/omi_aliex.xml HTTP/1.0" 200 8101648 "-" "-"
89.161.206.59 - - [17/Jun/2025:08:49:43 +0200] "GET /Jurek/oromed/feeds/oromed_amazonbe.xml HTTP/1.0" 200 1283927 "-" "-"
66.249.64.38 - - [17/Jun/2025:08:49:50 +0200] "GET /Jurek/eurofirany/images/409905/1.jpg HTTP/1.1" 200 144315 "-" "Googlebot-Image/1.0"
89.161.206.59 - - [17/Jun/2025:08:49:50 +0200] "GET /Jurek/waks/feeds/waks_amazones.xml HTTP/1.0" 200 1596552 "-" "-"
89.161.206.59 - - [17/Jun/2025:08:49:52 +0200] "GET /Jurek/oromed/feeds/oromed_amazones.xml HTTP/1.0" 200 1283938 "-" "-"
89.161.206.59 - - [17/Jun/2025:08:49:53 +0200] "GET /Jurek/oromed/feeds/oromed_amazonit.xml HTTP/1.0" 200 1283924 "-" "-"
89.161.206.59 - - [17/Jun/2025:08:49:56 +0200] "GET /Jurek/oromed/feeds/oromed_amazonde.xml HTTP/1.0" 200 1283929 "-" "-"
89.161.206.59 - - [17/Jun/2025:08:49:56 +0200] "GET /Jurek/waks/feeds/waks_amazonfr.xml HTTP/1.0" 200 1596552 "-" "-"
89.161.206.59 - - [17/Jun/2025:08:49:57 +0200] "GET /Jurek/waks/feeds/waks_amazonit.xml HTTP/1.0" 200 1596551 "-" "-"
89.161.206.59 - - [17/Jun/2025:08:49:57 +0200] "GET /Jurek/oromed/feeds/oromed_amazonse.xml HTTP/1.0" 200 1284164 "-" "-"
89.161.206.59 - - [17/Jun/2025:08:49:57 +0200] "GET /Jurek/oromed/feeds/oromed_amazonfr.xml HTTP/1.0" 200 1283927 "-" "-"
89.161.206.59 - - [17/Jun/2025:08:49:57 +0200] "GET /Jurek/oromed/feeds/oromed_amazonnl.xml HTTP/1.0" 200 1283908 "-" "-"
89.161.206.59 - - [17/Jun/2025:08:49:58 +0200] "GET /Jurek/ikonka/feeds/ikonka_amazonDE.xml HTTP/1.0" 200 21265142 "-" "-"
89.161.206.59 - - [17/Jun/2025:08:49:59 +0200] "GET /Jurek/ikonka/feeds/ikonka_amazonIT.xml HTTP/1.0" 200 21265182 "-" "-"
89.161.206.59 - - [17/Jun/2025:08:50:01 +0200] "GET /Jurek/ikonka/feeds/ikonka_amazonFR.xml HTTP/1.0" 200 21265136 "-" "-"
89.161.206.59 - - [17/Jun/2025:08:50:02 +0200] "GET /Jurek/ikonka/feeds/ikonka_amazonES.xml HTTP/1.0" 200 21265174 "-" "-"
89.161.206.59 - - [17/Jun/2025:08:50:03 +0200] "GET /Jurek/ikonka/feeds/ikonka_amazonNL.xml HTTP/1.0" 200 21265171 "-" "-"
89.161.206.59 - - [17/Jun/2025:08:50:05 +0200] "GET /Jurek/waks/feeds/waks_amazonde.xml HTTP/1.0" 200 1596552 "-" "-"
89.161.206.59 - - [17/Jun/2025:08:50:05 +0200] "GET /Jurek/waks/feeds/waks_amazonnl.xml HTTP/1.0" 200 1596551 "-" "-"
89.161.206.59 - - [17/Jun/2025:08:50:05 +0200] "GET /Jurek/waks/feeds/waks_amazonse.xml HTTP/1.0" 200 1598639 "-" "-"
46.101.116.244 - - [17/Jun/2025:08:50:11 +0200] "GET /Jurek/topeshop/feeds/topeshop_emagsm.xml HTTP/1.0" 200 2337723 "-" "-"
46.101.116.244 - - [17/Jun/2025:08:50:15 +0200] "GET /Jurek/intsell/feeds/intsell_amazonde.xml HTTP/1.0" 200 342008521 "-" "-"
46.101.116.244 - - [17/Jun/2025:08:50:15 +0200] "GET /Jurek/fernity/feeds/fernity_cdiscount.xml HTTP/1.0" 200 3130634 "-" "-"
66.249.64.39 - - [17/Jun/2025:08:50:24 +0200] "GET /Jurek/eurofirany/images/389924/3.jpg HTTP/1.1" 200 291406 "-" "Googlebot-Image/1.0"
193.33.8.61 - - [17/Jun/2025:08:50:55 +0200] "GET /favicon.ico HTTP/2.0" 404 3551 "https://dkkapusta1997.usermd.net/Jurek/eany_blc/" "Mozilla/5.0 (Windows NT 10.0; Win64; x64) AppleWebKit/537.36 (KHTML, like Gecko) Chrome/137.0.0.0 Safari/537.36"
193.33.8.61 - - [17/Jun/2025:08:50:56 +0200] "GET /Jurek/eany/ HTTP/2.0" 200 634 "-" "Mozilla/5.0 (Windows NT 10.0; Win64; x64) AppleWebKit/537.36 (KHTML, like Gecko) Chrome/137.0.0.0 Safari/537.36"
193.33.8.61 - - [17/Jun/2025:08:50:56 +0200] "GET /Jurek/eany/styles.css HTTP/2.0" 200 2070 "https://dkkapusta1997.usermd.net/Jurek/eany/" "Mozilla/5.0 (Windows NT 10.0; Win64; x64) AppleWebKit/537.36 (KHTML, like Gecko) Chrome/137.0.0.0 Safari/537.36"
193.33.8.61 - - [17/Jun/2025:08:50:57 +0200] "GET /Jurek/eany/script.js HTTP/2.0" 200 4251 "https://dkkapusta1997.usermd.net/Jurek/eany/" "Mozilla/5.0 (Windows NT 10.0; Win64; x64) AppleWebKit/537.36 (KHTML, like Gecko) Chrome/137.0.0.0 Safari/537.36"
193.33.8.61 - - [17/Jun/2025:08:51:06 +0200] "GET /Jurek/eany_blc/data.csv HTTP/2.0" 200 85397570 "https://dkkapusta1997.usermd.net/Jurek/eany_blc/" "Mozilla/5.0 (Windows NT 10.0; Win64; x64) AppleWebKit/537.36 (KHTML, like Gecko) Chrome/137.0.0.0 Safari/537.36"
193.33.8.61 - - [17/Jun/2025:08:51:08 +0200] "GET /Jurek/eany/data.csv HTTP/2.0" 200 26438611 "https://dkkapusta1997.usermd.net/Jurek/eany/" "Mozilla/5.0 (Windows NT 10.0; Win64; x64) AppleWebKit/537.36 (KHTML, like Gecko) Chrome/137.0.0.0 Safari/537.36"
89.161.206.59 - - [17/Jun/2025:08:51:16 +0200] "GET /Jurek/kristronik/feeds/kristronik_cdsc.xml HTTP/1.0" 200 429841 "-" "-"
89.161.206.59 - - [17/Jun/2025:08:51:19 +0200] "GET /Jurek/amzteam/feeds/amzteam_cdsc.xml HTTP/1.0" 200 145336 "-" "-"
89.161.206.59 - - [17/Jun/2025:08:51:20 +0200] "GET /Jurek/nexus/feeds/nexus_cdsc.xml HTTP/1.0" 200 326038 "-" "-"
89.161.206.59 - - [17/Jun/2025:08:51:39 +0200] "GET /Jurek/techrebalina/feeds/techrebalina_cdsc.xml HTTP/1.0" 200 1363581 "-" "-"
89.161.206.59 - - [17/Jun/2025:08:51:40 +0200] "GET /Jurek/regis/feeds/regis_cdsc.xml HTTP/1.0" 200 231389 "-" "-"
66.249.64.39 - - [17/Jun/2025:08:52:05 +0200] "GET /Jurek/eurofirany/images/398823/8.jpg HTTP/1.1" 200 6625 "-" "Googlebot-Image/1.0"
66.249.64.38 - - [17/Jun/2025:08:53:13 +0200] "GET /Jurek/eurofirany/images/382104/0.jpg HTTP/1.1" 200 209372 "-" "Googlebot-Image/1.0"
66.135.223.44 - - [17/Jun/2025:08:53:52 +0200] "GET /Jurek/topeshop/downloaded_images/5902838466209_KUBABIURKOSONOMA2OT.png HTTP/1.1" 404 3551 "http://www.ebay.com/" "Mozilla/5.0 (Windows NT 10.0; Win64; x64) AppleWebKit/537.36 (KHTML, like Gecko) Chrome/123.0.0.0 Safari/537.36"
