46.101.116.244 - - [17/Jun/2025:16:03:19 +0200] "GET /Jurek/carbonyway/feeds/carbonyway_mallsish.xml HTTP/2.0" 200 3075923 "-" "-"
46.101.116.244 - - [17/Jun/2025:16:03:41 +0200] "GET /Jurek/equalo/feeds/equalo_mallsish.xml HTTP/2.0" 200 98003 "-" "-"
46.101.116.244 - - [17/Jun/2025:16:03:52 +0200] "GET /Jurek/kamar/feeds/kamar_mallsish.xml HTTP/2.0" 200 25550015 "-" "-"
85.14.86.141 - - [17/Jun/2025:16:04:04 +0200] "GET /Jurek/kinghoff/feeds/kinghoff_morele.xml HTTP/2.0" 200 15680424 "-" "MarketplaceAPI curl/7.74.0 PHP/8"
46.101.116.244 - - [17/Jun/2025:16:04:07 +0200] "GET /Jurek/lampart/feeds/lampart_mallsish.xml HTTP/2.0" 200 936026 "-" "-"
46.101.116.244 - - [17/Jun/2025:16:04:19 +0200] "GET /Jurek/makow/feeds/makow_mallsish.xml HTTP/2.0" 200 21203680 "-" "-"
51.81.245.101 - - [17/Jun/2025:16:04:19 +0200] "GET /Jurek/eurofirany/images/466634/0.jpg HTTP/2.0" 200 82785 "https://itm.ebaydesc.com/" "Mozilla/5.0 (Windows NT 10.0; Win64; x64) AppleWebKit/537.36 (KHTML, like Gecko) Chrome/137.0.0.0 Safari/537.36"
46.101.116.244 - - [17/Jun/2025:16:04:31 +0200] "GET /Jurek/regis/feeds/regis_mallsish.xml HTTP/2.0" 200 228475 "-" "-"
66.249.64.38 - - [17/Jun/2025:16:04:32 +0200] "GET /Jurek/eurofirany/images/390450/5.jpg HTTP/1.1" 200 240573 "-" "Googlebot-Image/1.0"
46.101.116.244 - - [17/Jun/2025:16:04:41 +0200] "GET /Jurek/sebmart/feeds/sebmart_mallsish.xml HTTP/2.0" 200 1598703 "-" "-"
46.101.116.244 - - [17/Jun/2025:16:04:52 +0200] "GET /Jurek/takapara/feeds/takapara_mallsish.xml HTTP/2.0" 200 1342614 "-" "-"
46.101.116.244 - - [17/Jun/2025:16:05:03 +0200] "GET /Jurek/tsjerzy/feeds/tsjerzy_mallsish.xml HTTP/2.0" 200 3897732 "-" "-"
52.209.168.113 - - [17/Jun/2025:16:05:05 +0200] "GET /marketplaces/carrefour/results/carrefour.csv HTTP/1.1" 200 147219 "-" "Mirakl HttpClient"
66.249.64.39 - - [17/Jun/2025:16:05:15 +0200] "GET /Jurek/eurofirany/images/409416/5.jpg HTTP/1.1" 200 598573 "-" "Googlebot-Image/1.0"
46.101.116.244 - - [17/Jun/2025:16:05:15 +0200] "GET /Jurek/andex/feeds/andex_mallsiSH.xml HTTP/2.0" 200 1953425 "-" "-"
46.101.116.244 - - [17/Jun/2025:16:05:26 +0200] "GET /Jurek/german/feeds/german_mallsiSH.xml HTTP/2.0" 200 2853568 "-" "-"
46.101.116.244 - - [17/Jun/2025:16:05:51 +0200] "GET /Jurek/maksik/feeds/maksik_mallsiSH.xml HTTP/2.0" 200 4084755 "-" "-"
46.101.116.244 - - [17/Jun/2025:16:06:02 +0200] "GET /Jurek/smxdesign/feeds/smxdesign_mallsiSH.xml HTTP/2.0" 200 1829007 "-" "-"
66.249.64.38 - - [17/Jun/2025:16:06:02 +0200] "GET /Jurek/eurofirany/images/383346/2.jpg HTTP/1.1" 200 51565 "-" "Googlebot-Image/1.0"
46.101.116.244 - - [17/Jun/2025:16:06:24 +0200] "GET /Jurek/alucon/feeds/alucon_mallsiSH.xml HTTP/2.0" 200 553705 "-" "-"
46.101.116.244 - - [17/Jun/2025:16:06:35 +0200] "GET /Jurek/evil/feeds/evil_mallsiSH.xml HTTP/2.0" 200 306378 "-" "-"
46.101.116.244 - - [17/Jun/2025:16:06:45 +0200] "GET /Jurek/hlo/feeds/hlo_mallsiSH.xml HTTP/2.0" 200 4838671 "-" "-"
85.14.86.141 - - [17/Jun/2025:16:06:54 +0200] "GET /Jurek/eurofirany/feeds/eurofirany_morele.xml HTTP/2.0" 200 19508063 "-" "MarketplaceAPI curl/7.74.0 PHP/8"
46.101.116.244 - - [17/Jun/2025:16:06:56 +0200] "GET /Jurek/lgbtshop/feeds/lgbtshop_mallsiSH.xml HTTP/2.0" 200 219239 "-" "-"
46.101.116.244 - - [17/Jun/2025:16:07:06 +0200] "GET /Jurek/madrex/feeds/madrex_mallsiSH.xml HTTP/2.0" 200 466713 "-" "-"
85.14.86.141 - - [17/Jun/2025:16:07:10 +0200] "GET /Jurek/vivaldi/feeds/vivaldi_Morele-PL.xml HTTP/2.0" 200 344674 "-" "MarketplaceAPI curl/7.74.0 PHP/8"
46.101.116.244 - - [17/Jun/2025:16:07:17 +0200] "GET /Jurek/motofan/feeds/motofan_mallsiSH.xml HTTP/2.0" 200 2392078 "-" "-"
46.101.116.244 - - [17/Jun/2025:16:07:27 +0200] "GET /Jurek/najtanszysport/feeds/najtanszysport_mallsiSH.xml HTTP/2.0" 200 3983003 "-" "-"
46.101.116.244 - - [17/Jun/2025:16:07:38 +0200] "GET /Jurek/nexus/feeds/nexus_mallsiSH.xml HTTP/2.0" 200 226758 "-" "-"
46.101.116.244 - - [17/Jun/2025:16:07:49 +0200] "GET /Jurek/playcob/feeds/playcob_mallsiSH.xml HTTP/2.0" 200 6980149 "-" "-"
46.101.116.244 - - [17/Jun/2025:16:07:59 +0200] "GET /Jurek/cbdgreen/feeds/cbdgreen_mallsiSH.xml HTTP/2.0" 200 50542 "-" "-"
46.101.116.244 - - [17/Jun/2025:16:08:09 +0200] "GET /Jurek/cbdgreen/feeds/cbdgreen_mallsiSH.xml HTTP/2.0" 200 50542 "-" "-"
46.101.116.244 - - [17/Jun/2025:16:08:20 +0200] "GET /Jurek/dekornatort/feeds/dekornatort_mallsiSH.xml HTTP/2.0" 200 225735 "-" "-"
66.249.64.38 - - [17/Jun/2025:16:08:25 +0200] "GET /Jurek/eurofirany/images/383351/5.jpg HTTP/1.1" 200 6595 "-" "Googlebot-Image/1.0"
46.101.116.244 - - [17/Jun/2025:16:08:30 +0200] "GET /Jurek/eurofryz2/feeds/eurofryz2_mallsiSH.xml HTTP/2.0" 200 1376744 "-" "-"
85.14.86.141 - - [17/Jun/2025:16:08:37 +0200] "GET /Jurek/vida_morele/feeds/VidaPL_morele.xml HTTP/2.0" 200 877255167 "-" "MarketplaceAPI curl/7.74.0 PHP/8"
46.101.116.244 - - [17/Jun/2025:16:08:40 +0200] "GET /Jurek/eurofryz3/feeds/eurofryz3_mallsiSH.xml HTTP/2.0" 200 172211 "-" "-"
46.101.116.244 - - [17/Jun/2025:16:08:51 +0200] "GET /Jurek/globaldeli/feeds/globaldeli_mallsiSH.xml HTTP/2.0" 200 2590906 "-" "-"
185.6.76.18 - - [17/Jun/2025:16:09:03 +0200] "GET /marketplaces/skroutz/feeds/shumee.xml HTTP/1.1" 200 280877644 "-" "SkroutzBot v1.0"
85.14.86.141 - - [17/Jun/2025:16:09:07 +0200] "GET /Jurek/aw/feeds/awnarzedzia_morele.xml HTTP/2.0" 200 90840498 "-" "MarketplaceAPI curl/7.74.0 PHP/8"
46.101.116.244 - - [17/Jun/2025:16:09:12 +0200] "GET /Jurek/lendo/feeds/lendo_mallsiSH.xml HTTP/2.0" 200 330392 "-" "-"
66.249.64.38 - - [17/Jun/2025:16:09:13 +0200] "GET /Jurek/eurofirany/images/423950/12.jpg HTTP/1.1" 200 122955 "-" "Googlebot-Image/1.0"
46.101.116.244 - - [17/Jun/2025:16:09:37 +0200] "GET /Jurek/naszedzieci/feeds/naszedzieci_mallsiSH.xml HTTP/2.0" 200 833172423 "-" "-"
66.249.64.38 - - [17/Jun/2025:16:10:01 +0200] "GET /Jurek/eurofirany/images/367879/4.jpg HTTP/1.1" 200 16503 "-" "Googlebot-Image/1.0"
85.14.86.141 - - [17/Jun/2025:16:10:18 +0200] "GET /Jurek/beliani/feeds/beliani_morele.xml HTTP/2.0" 200 30500502 "-" "MarketplaceAPI curl/7.74.0 PHP/8"
66.249.64.38 - - [17/Jun/2025:16:12:24 +0200] "GET /Jurek/topeshop/downloaded_images/5902838466742_front.jpg HTTP/1.1" 200 65288 "-" "Googlebot-Image/1.0"
66.249.64.39 - - [17/Jun/2025:16:13:13 +0200] "GET /Jurek/eurofirany/images/401946/0.jpg HTTP/1.1" 200 264720 "-" "Googlebot-Image/1.0"
66.249.64.39 - - [17/Jun/2025:16:14:00 +0200] "GET /Jurek/topeshop/downloaded_images/5904507202408_sonoma_20_st.jpg HTTP/1.1" 200 45680 "-" "Googlebot-Image/1.0"
89.161.206.59 - - [17/Jun/2025:16:14:22 +0200] "GET /Jurek/lerutrade/feeds/lerutrade_skr.xml HTTP/1.0" 200 82814 "-" "-"
46.101.116.244 - - [17/Jun/2025:16:15:25 +0200] "GET /Jurek/reman/feeds/reman_mallsiSH.xml HTTP/2.0" 200 1394811 "-" "-"
46.101.116.244 - - [17/Jun/2025:16:15:35 +0200] "GET /Jurek/sartrix/feeds/sartrix_mallsiSH.xml HTTP/2.0" 200 649186 "-" "-"
46.101.116.244 - - [17/Jun/2025:16:15:45 +0200] "GET /Jurek/szpaklampy/feeds/szpaklampy_mallsiSH.xml HTTP/2.0" 200 388201 "-" "-"
46.101.116.244 - - [17/Jun/2025:16:15:56 +0200] "GET /Jurek/benetech/feeds/benetech_mallsiSH.xml HTTP/2.0" 200 4165482 "-" "-"
46.101.116.244 - - [17/Jun/2025:16:16:07 +0200] "GET /Jurek/dekoele/feeds/dekoele_mallsish.xml HTTP/2.0" 200 733939 "-" "-"
46.101.116.244 - - [17/Jun/2025:16:16:17 +0200] "GET /Jurek/drewdon/feeds/drewdon_mallsish.xml HTTP/2.0" 200 504435 "-" "-"
46.101.116.244 - - [17/Jun/2025:16:16:27 +0200] "GET /Jurek/emaja24/feeds/emaja24_mallsiSH.xml HTTP/2.0" 200 5102052 "-" "-"
46.101.116.244 - - [17/Jun/2025:16:16:41 +0200] "GET /Jurek/muminky/feeds/muminky_mallsiSH.xml HTTP/2.0" 200 2677623 "-" "-"
46.101.116.244 - - [17/Jun/2025:16:16:52 +0200] "GET /Jurek/pupus/feeds/pupus_mallsiSH.xml HTTP/2.0" 200 6154583 "-" "-"
46.101.116.244 - - [17/Jun/2025:16:17:04 +0200] "GET /Jurek/erohurtownia/feeds/erohurtownia_mallsish.xml HTTP/2.0" 200 22846484 "-" "-"
66.249.64.37 - - [17/Jun/2025:16:17:11 +0200] "GET /Jurek/eurofirany/images/398820/1.jpg HTTP/1.1" 200 37841 "-" "Googlebot-Image/1.0"
46.101.116.244 - - [17/Jun/2025:16:17:21 +0200] "GET /Jurek/oromed/feeds/oromed_mallsish.xml HTTP/2.0" 200 1283911 "-" "-"
46.101.116.244 - - [17/Jun/2025:16:17:59 +0200] "GET /Jurek/urwiskowo/feeds/urwiskowo_mallsish.xml HTTP/2.0" 200 9114887 "-" "-"
46.101.116.244 - - [17/Jun/2025:16:18:10 +0200] "GET /Jurek/eroplace/feeds/eroplace_mallsish.xml HTTP/2.0" 200 52134780 "-" "-"
46.101.116.244 - - [17/Jun/2025:16:18:32 +0200] "GET /Jurek/bass_new/feeds/bass_mallsish.xml HTTP/2.0" 200 7040664 "-" "-"
46.101.116.244 - - [17/Jun/2025:16:18:43 +0200] "GET /Jurek/ekuchcikowo/feeds/ekuchcikowo_mallsish.xml HTTP/2.0" 200 12470936 "-" "-"
46.101.116.244 - - [17/Jun/2025:16:18:54 +0200] "GET /Jurek/sempler/feeds/sempler_mallsish.xml HTTP/2.0" 200 6787981 "-" "-"
46.101.116.244 - - [17/Jun/2025:16:19:27 +0200] "GET /Jurek/slayo/feeds/slayo_mallsish.xml HTTP/2.0" 200 183575 "-" "-"
46.101.116.244 - - [17/Jun/2025:16:19:38 +0200] "GET /Jurek/mosti/feeds/mosti_mallsish.xml HTTP/2.0" 200 4628107 "-" "-"
46.101.116.244 - - [17/Jun/2025:16:19:38 +0200] "GET /Jurek/amzteam/feeds/amzteam_mallsish.xml HTTP/2.0" 200 97798 "-" "-"
46.101.116.244 - - [17/Jun/2025:16:19:39 +0200] "GET /Jurek/artdog/feeds/artdog_mallsish.xml HTTP/2.0" 200 17158325 "-" "-"
46.101.116.244 - - [17/Jun/2025:16:19:40 +0200] "GET /Jurek/kambukka/feeds/kambukka_mallsish.xml HTTP/2.0" 200 1023076 "-" "-"
46.101.116.244 - - [17/Jun/2025:16:19:54 +0200] "GET /Jurek/swiatecznygoliat/feeds/swiatecznygoliat_mallsish.xml HTTP/2.0" 200 7050857 "-" "-"
46.101.116.244 - - [17/Jun/2025:16:20:50 +0200] "GET /Jurek/octopia/feeds/octopia_mallsish.xml HTTP/2.0" 200 10103817 "-" "-"
46.101.116.244 - - [17/Jun/2025:16:21:05 +0200] "GET /Jurek/topeshop/feeds/topeshop_mallsish.xml HTTP/2.0" 200 3090105 "-" "-"
46.101.116.244 - - [17/Jun/2025:16:23:39 +0200] "GET /Jurek/activeshop/feeds/activeshop_mallsish.xml HTTP/2.0" 200 10440554 "-" "-"
66.135.223.43 - - [17/Jun/2025:16:24:36 +0200] "GET /Jurek/eurofirany/images/452278/0.jpg HTTP/1.1" 200 111471 "-" "Java/17.0.14.0.101"
66.135.223.41 - - [17/Jun/2025:16:24:37 +0200] "GET /Jurek/eurofirany/images/468320/0.jpg HTTP/1.1" 200 112524 "-" "Java/17.0.14.0.101"
66.135.223.43 - - [17/Jun/2025:16:24:44 +0200] "GET /Jurek/eurofirany/images/391433/0.jpg HTTP/1.1" 200 55306 "-" "Java/17.0.14.0.101"
66.135.223.44 - - [17/Jun/2025:16:24:47 +0200] "GET /Jurek/eurofirany/images/396773/0.jpg HTTP/1.1" 200 48724 "-" "Java/17.0.14.0.101"
216.113.184.102 - - [17/Jun/2025:16:25:01 +0200] "GET /Jurek/eurofirany/images/391433/0.jpg HTTP/1.1" 200 55306 "http://www.ebay.com/" "Mozilla/5.0 (Windows NT 10.0; Win64; x64) AppleWebKit/537.36 (KHTML, like Gecko) Chrome/123.0.0.0 Safari/537.36"
216.113.184.103 - - [17/Jun/2025:16:25:01 +0200] "GET /Jurek/eurofirany/images/391433/1.jpg HTTP/1.1" 200 53295 "http://www.ebay.com/" "Mozilla/5.0 (Windows NT 10.0; Win64; x64) AppleWebKit/537.36 (KHTML, like Gecko) Chrome/123.0.0.0 Safari/537.36"
216.113.184.102 - - [17/Jun/2025:16:25:01 +0200] "GET /Jurek/eurofirany/images/391433/3.jpg HTTP/1.1" 200 78283 "http://www.ebay.com/" "Mozilla/5.0 (Windows NT 10.0; Win64; x64) AppleWebKit/537.36 (KHTML, like Gecko) Chrome/123.0.0.0 Safari/537.36"
216.113.184.101 - - [17/Jun/2025:16:25:01 +0200] "GET /Jurek/eurofirany/images/391433/2.jpg HTTP/1.1" 200 82758 "http://www.ebay.com/" "Mozilla/5.0 (Windows NT 10.0; Win64; x64) AppleWebKit/537.36 (KHTML, like Gecko) Chrome/123.0.0.0 Safari/537.36"
216.113.184.103 - - [17/Jun/2025:16:25:24 +0200] "GET /Jurek/eurofirany/images/396804/1.jpg HTTP/1.1" 200 32665 "http://www.ebay.com/" "Mozilla/5.0 (Windows NT 10.0; Win64; x64) AppleWebKit/537.36 (KHTML, like Gecko) Chrome/123.0.0.0 Safari/537.36"
216.113.184.101 - - [17/Jun/2025:16:25:24 +0200] "GET /Jurek/eurofirany/images/396804/2.jpg HTTP/1.1" 200 53594 "http://www.ebay.com/" "Mozilla/5.0 (Windows NT 10.0; Win64; x64) AppleWebKit/537.36 (KHTML, like Gecko) Chrome/123.0.0.0 Safari/537.36"
216.113.184.103 - - [17/Jun/2025:16:25:24 +0200] "GET /Jurek/eurofirany/images/396804/4.jpg HTTP/1.1" 200 154155 "http://www.ebay.com/" "Mozilla/5.0 (Windows NT 10.0; Win64; x64) AppleWebKit/537.36 (KHTML, like Gecko) Chrome/123.0.0.0 Safari/537.36"
216.113.184.105 - - [17/Jun/2025:16:25:24 +0200] "GET /Jurek/eurofirany/images/396804/0.jpg HTTP/1.1" 200 210363 "http://www.ebay.com/" "Mozilla/5.0 (Windows NT 10.0; Win64; x64) AppleWebKit/537.36 (KHTML, like Gecko) Chrome/123.0.0.0 Safari/537.36"
216.113.184.104 - - [17/Jun/2025:16:25:25 +0200] "GET /Jurek/eurofirany/images/396804/3.jpg HTTP/1.1" 200 189238 "http://www.ebay.com/" "Mozilla/5.0 (Windows NT 10.0; Win64; x64) AppleWebKit/537.36 (KHTML, like Gecko) Chrome/123.0.0.0 Safari/537.36"
66.135.223.43 - - [17/Jun/2025:16:25:41 +0200] "GET /Jurek/eurofirany/images/391611/0.jpg HTTP/1.1" 200 101887 "-" "Java/17.0.14.0.101"
66.135.223.44 - - [17/Jun/2025:16:25:43 +0200] "GET /Jurek/eurofirany/images/392695/0.jpg HTTP/1.1" 200 201477 "-" "Java/17.0.14.0.101"
66.135.223.44 - - [17/Jun/2025:16:26:03 +0200] "GET /Jurek/eurofirany/images/393268/0.jpg HTTP/1.1" 200 55125 "-" "Java/17.0.14.0.101"
152.70.189.216 - - [17/Jun/2025:16:26:11 +0200] "GET /Jurek/eurofirany/images/409416/0.jpg HTTP/2.0" 200 22943 "-" "imagor/1.4.8"
66.211.183.74 - - [17/Jun/2025:16:26:14 +0200] "GET /Jurek/eurofirany/images/396773/0.jpg HTTP/1.1" 200 48724 "http://www.ebay.com/" "Mozilla/5.0 (Windows NT 10.0; Win64; x64) AppleWebKit/537.36 (KHTML, like Gecko) Chrome/123.0.0.0 Safari/537.36"
66.211.183.70 - - [17/Jun/2025:16:26:14 +0200] "GET /Jurek/eurofirany/images/396773/1.jpg HTTP/1.1" 200 72985 "http://www.ebay.com/" "Mozilla/5.0 (Windows NT 10.0; Win64; x64) AppleWebKit/537.36 (KHTML, like Gecko) Chrome/123.0.0.0 Safari/537.36"
66.211.183.70 - - [17/Jun/2025:16:26:15 +0200] "GET /Jurek/eurofirany/images/396773/2.jpg HTTP/1.1" 200 245216 "http://www.ebay.com/" "Mozilla/5.0 (Windows NT 10.0; Win64; x64) AppleWebKit/537.36 (KHTML, like Gecko) Chrome/123.0.0.0 Safari/537.36"
66.135.223.44 - - [17/Jun/2025:16:26:47 +0200] "GET /Jurek/eurofirany/images/389899/7.jpg HTTP/1.1" 200 6595 "http://www.ebay.com/" "Mozilla/5.0 (Windows NT 10.0; Win64; x64) AppleWebKit/537.36 (KHTML, like Gecko) Chrome/123.0.0.0 Safari/537.36"
66.135.223.43 - - [17/Jun/2025:16:26:47 +0200] "GET /Jurek/eurofirany/images/389899/2.jpg HTTP/1.1" 200 81284 "http://www.ebay.com/" "Mozilla/5.0 (Windows NT 10.0; Win64; x64) AppleWebKit/537.36 (KHTML, like Gecko) Chrome/123.0.0.0 Safari/537.36"
66.135.223.40 - - [17/Jun/2025:16:26:47 +0200] "GET /Jurek/eurofirany/images/389899/1.jpg HTTP/1.1" 200 122870 "http://www.ebay.com/" "Mozilla/5.0 (Windows NT 10.0; Win64; x64) AppleWebKit/537.36 (KHTML, like Gecko) Chrome/123.0.0.0 Safari/537.36"
66.135.223.43 - - [17/Jun/2025:16:26:47 +0200] "GET /Jurek/eurofirany/images/389899/0.jpg HTTP/1.1" 200 140158 "http://www.ebay.com/" "Mozilla/5.0 (Windows NT 10.0; Win64; x64) AppleWebKit/537.36 (KHTML, like Gecko) Chrome/123.0.0.0 Safari/537.36"
66.135.223.44 - - [17/Jun/2025:16:26:47 +0200] "GET /Jurek/eurofirany/images/389899/3.jpg HTTP/1.1" 200 155234 "http://www.ebay.com/" "Mozilla/5.0 (Windows NT 10.0; Win64; x64) AppleWebKit/537.36 (KHTML, like Gecko) Chrome/123.0.0.0 Safari/537.36"
66.135.223.40 - - [17/Jun/2025:16:26:47 +0200] "GET /Jurek/eurofirany/images/389899/6.jpg HTTP/1.1" 200 161887 "http://www.ebay.com/" "Mozilla/5.0 (Windows NT 10.0; Win64; x64) AppleWebKit/537.36 (KHTML, like Gecko) Chrome/123.0.0.0 Safari/537.36"
66.135.223.41 - - [17/Jun/2025:16:26:47 +0200] "GET /Jurek/eurofirany/images/389899/5.jpg HTTP/1.1" 200 167750 "http://www.ebay.com/" "Mozilla/5.0 (Windows NT 10.0; Win64; x64) AppleWebKit/537.36 (KHTML, like Gecko) Chrome/123.0.0.0 Safari/537.36"
66.135.223.41 - - [17/Jun/2025:16:26:47 +0200] "GET /Jurek/eurofirany/images/389899/4.jpg HTTP/1.1" 200 189109 "http://www.ebay.com/" "Mozilla/5.0 (Windows NT 10.0; Win64; x64) AppleWebKit/537.36 (KHTML, like Gecko) Chrome/123.0.0.0 Safari/537.36"
216.113.184.101 - - [17/Jun/2025:16:26:51 +0200] "GET /Jurek/eurofirany/images/391434/0.jpg HTTP/1.1" 200 56313 "-" "Java/17.0.14.0.101"
66.135.223.40 - - [17/Jun/2025:16:26:59 +0200] "GET /Jurek/eurofirany/images/391434/1.jpg HTTP/1.1" 200 53295 "http://www.ebay.com/" "Mozilla/5.0 (Windows NT 10.0; Win64; x64) AppleWebKit/537.36 (KHTML, like Gecko) Chrome/123.0.0.0 Safari/537.36"
66.135.223.44 - - [17/Jun/2025:16:26:59 +0200] "GET /Jurek/eurofirany/images/391434/0.jpg HTTP/1.1" 200 56313 "http://www.ebay.com/" "Mozilla/5.0 (Windows NT 10.0; Win64; x64) AppleWebKit/537.36 (KHTML, like Gecko) Chrome/123.0.0.0 Safari/537.36"
66.135.223.41 - - [17/Jun/2025:16:26:59 +0200] "GET /Jurek/eurofirany/images/391434/2.jpg HTTP/1.1" 200 82758 "http://www.ebay.com/" "Mozilla/5.0 (Windows NT 10.0; Win64; x64) AppleWebKit/537.36 (KHTML, like Gecko) Chrome/123.0.0.0 Safari/537.36"
66.135.223.41 - - [17/Jun/2025:16:26:59 +0200] "GET /Jurek/eurofirany/images/391434/3.jpg HTTP/1.1" 200 78283 "http://www.ebay.com/" "Mozilla/5.0 (Windows NT 10.0; Win64; x64) AppleWebKit/537.36 (KHTML, like Gecko) Chrome/123.0.0.0 Safari/537.36"
216.113.184.101 - - [17/Jun/2025:16:27:00 +0200] "GET /Jurek/eurofirany/images/391608/0.jpg HTTP/1.1" 200 88798 "http://www.ebay.com/" "Mozilla/5.0 (Windows NT 10.0; Win64; x64) AppleWebKit/537.36 (KHTML, like Gecko) Chrome/123.0.0.0 Safari/537.36"
216.113.184.103 - - [17/Jun/2025:16:27:00 +0200] "GET /Jurek/eurofirany/images/391608/2.jpg HTTP/1.1" 200 65119 "http://www.ebay.com/" "Mozilla/5.0 (Windows NT 10.0; Win64; x64) AppleWebKit/537.36 (KHTML, like Gecko) Chrome/123.0.0.0 Safari/537.36"
216.113.184.105 - - [17/Jun/2025:16:27:00 +0200] "GET /Jurek/eurofirany/images/391608/1.jpg HTTP/1.1" 200 107696 "http://www.ebay.com/" "Mozilla/5.0 (Windows NT 10.0; Win64; x64) AppleWebKit/537.36 (KHTML, like Gecko) Chrome/123.0.0.0 Safari/537.36"
216.113.184.104 - - [17/Jun/2025:16:27:00 +0200] "GET /Jurek/eurofirany/images/391608/3.jpg HTTP/1.1" 200 128950 "http://www.ebay.com/" "Mozilla/5.0 (Windows NT 10.0; Win64; x64) AppleWebKit/537.36 (KHTML, like Gecko) Chrome/123.0.0.0 Safari/537.36"
66.135.223.40 - - [17/Jun/2025:16:27:00 +0200] "GET /Jurek/eurofirany/images/396715/0.jpg HTTP/1.1" 200 38261 "http://www.ebay.com/" "Mozilla/5.0 (Windows NT 10.0; Win64; x64) AppleWebKit/537.36 (KHTML, like Gecko) Chrome/123.0.0.0 Safari/537.36"
66.135.223.44 - - [17/Jun/2025:16:27:00 +0200] "GET /Jurek/eurofirany/images/396715/1.jpg HTTP/1.1" 200 73293 "http://www.ebay.com/" "Mozilla/5.0 (Windows NT 10.0; Win64; x64) AppleWebKit/537.36 (KHTML, like Gecko) Chrome/123.0.0.0 Safari/537.36"
66.135.223.44 - - [17/Jun/2025:16:27:00 +0200] "GET /Jurek/eurofirany/images/389926/2.jpg HTTP/1.1" 200 113505 "http://www.ebay.com/" "Mozilla/5.0 (Windows NT 10.0; Win64; x64) AppleWebKit/537.36 (KHTML, like Gecko) Chrome/123.0.0.0 Safari/537.36"
66.135.223.40 - - [17/Jun/2025:16:27:00 +0200] "GET /Jurek/eurofirany/images/389926/1.jpg HTTP/1.1" 200 131953 "http://www.ebay.com/" "Mozilla/5.0 (Windows NT 10.0; Win64; x64) AppleWebKit/537.36 (KHTML, like Gecko) Chrome/123.0.0.0 Safari/537.36"
66.135.223.43 - - [17/Jun/2025:16:27:00 +0200] "GET /Jurek/eurofirany/images/389926/7.jpg HTTP/1.1" 200 6595 "http://www.ebay.com/" "Mozilla/5.0 (Windows NT 10.0; Win64; x64) AppleWebKit/537.36 (KHTML, like Gecko) Chrome/123.0.0.0 Safari/537.36"
216.113.184.104 - - [17/Jun/2025:16:27:00 +0200] "GET /Jurek/eurofirany/images/391608/6.jpg HTTP/1.1" 200 143092 "http://www.ebay.com/" "Mozilla/5.0 (Windows NT 10.0; Win64; x64) AppleWebKit/537.36 (KHTML, like Gecko) Chrome/123.0.0.0 Safari/537.36"
216.113.184.105 - - [17/Jun/2025:16:27:01 +0200] "GET /Jurek/eurofirany/images/391608/5.jpg HTTP/1.1" 200 161497 "http://www.ebay.com/" "Mozilla/5.0 (Windows NT 10.0; Win64; x64) AppleWebKit/537.36 (KHTML, like Gecko) Chrome/123.0.0.0 Safari/537.36"
216.113.184.103 - - [17/Jun/2025:16:27:01 +0200] "GET /Jurek/eurofirany/images/391608/7.jpg HTTP/1.1" 200 197320 "http://www.ebay.com/" "Mozilla/5.0 (Windows NT 10.0; Win64; x64) AppleWebKit/537.36 (KHTML, like Gecko) Chrome/123.0.0.0 Safari/537.36"
66.135.223.43 - - [17/Jun/2025:16:27:01 +0200] "GET /Jurek/eurofirany/images/389926/0.jpg HTTP/1.1" 200 168905 "http://www.ebay.com/" "Mozilla/5.0 (Windows NT 10.0; Win64; x64) AppleWebKit/537.36 (KHTML, like Gecko) Chrome/123.0.0.0 Safari/537.36"
66.135.223.40 - - [17/Jun/2025:16:27:01 +0200] "GET /Jurek/eurofirany/images/389926/6.jpg HTTP/1.1" 200 199966 "http://www.ebay.com/" "Mozilla/5.0 (Windows NT 10.0; Win64; x64) AppleWebKit/537.36 (KHTML, like Gecko) Chrome/123.0.0.0 Safari/537.36"
66.135.223.43 - - [17/Jun/2025:16:27:01 +0200] "GET /Jurek/eurofirany/images/396715/3.jpg HTTP/1.1" 200 213153 "http://www.ebay.com/" "Mozilla/5.0 (Windows NT 10.0; Win64; x64) AppleWebKit/537.36 (KHTML, like Gecko) Chrome/123.0.0.0 Safari/537.36"
66.135.223.41 - - [17/Jun/2025:16:27:01 +0200] "GET /Jurek/eurofirany/images/389926/3.jpg HTTP/1.1" 200 202145 "http://www.ebay.com/" "Mozilla/5.0 (Windows NT 10.0; Win64; x64) AppleWebKit/537.36 (KHTML, like Gecko) Chrome/123.0.0.0 Safari/537.36"
216.113.184.105 - - [17/Jun/2025:16:27:01 +0200] "GET /Jurek/eurofirany/images/391608/8.jpg HTTP/1.1" 200 280965 "http://www.ebay.com/" "Mozilla/5.0 (Windows NT 10.0; Win64; x64) AppleWebKit/537.36 (KHTML, like Gecko) Chrome/123.0.0.0 Safari/537.36"
66.135.223.43 - - [17/Jun/2025:16:27:01 +0200] "GET /Jurek/eurofirany/images/396715/2.jpg HTTP/1.1" 200 274245 "http://www.ebay.com/" "Mozilla/5.0 (Windows NT 10.0; Win64; x64) AppleWebKit/537.36 (KHTML, like Gecko) Chrome/123.0.0.0 Safari/537.36"
216.113.184.105 - - [17/Jun/2025:16:27:01 +0200] "GET /Jurek/eurofirany/images/391608/4.jpg HTTP/1.1" 200 389711 "http://www.ebay.com/" "Mozilla/5.0 (Windows NT 10.0; Win64; x64) AppleWebKit/537.36 (KHTML, like Gecko) Chrome/123.0.0.0 Safari/537.36"
66.135.223.42 - - [17/Jun/2025:16:27:01 +0200] "GET /Jurek/eurofirany/images/389926/4.jpg HTTP/1.1" 200 214576 "http://www.ebay.com/" "Mozilla/5.0 (Windows NT 10.0; Win64; x64) AppleWebKit/537.36 (KHTML, like Gecko) Chrome/123.0.0.0 Safari/537.36"
66.135.223.42 - - [17/Jun/2025:16:27:01 +0200] "GET /Jurek/eurofirany/images/389926/5.jpg HTTP/1.1" 200 218244 "http://www.ebay.com/" "Mozilla/5.0 (Windows NT 10.0; Win64; x64) AppleWebKit/537.36 (KHTML, like Gecko) Chrome/123.0.0.0 Safari/537.36"
66.135.223.43 - - [17/Jun/2025:16:27:07 +0200] "GET /Jurek/eurofirany/images/393244/0.jpg HTTP/1.1" 200 46866 "http://www.ebay.com/" "Mozilla/5.0 (Windows NT 10.0; Win64; x64) AppleWebKit/537.36 (KHTML, like Gecko) Chrome/123.0.0.0 Safari/537.36"
66.135.223.42 - - [17/Jun/2025:16:27:07 +0200] "GET /Jurek/eurofirany/images/393244/1.jpg HTTP/1.1" 200 104042 "http://www.ebay.com/" "Mozilla/5.0 (Windows NT 10.0; Win64; x64) AppleWebKit/537.36 (KHTML, like Gecko) Chrome/123.0.0.0 Safari/537.36"
66.135.223.42 - - [17/Jun/2025:16:27:07 +0200] "GET /Jurek/eurofirany/images/393244/2.jpg HTTP/1.1" 200 100366 "http://www.ebay.com/" "Mozilla/5.0 (Windows NT 10.0; Win64; x64) AppleWebKit/537.36 (KHTML, like Gecko) Chrome/123.0.0.0 Safari/537.36"
66.135.223.41 - - [17/Jun/2025:16:27:10 +0200] "GET /Jurek/eurofirany/images/389922/1.jpg HTTP/1.1" 200 130429 "http://www.ebay.com/" "Mozilla/5.0 (Windows NT 10.0; Win64; x64) AppleWebKit/537.36 (KHTML, like Gecko) Chrome/123.0.0.0 Safari/537.36"
66.135.223.44 - - [17/Jun/2025:16:27:10 +0200] "GET /Jurek/eurofirany/images/389922/2.jpg HTTP/1.1" 200 101175 "http://www.ebay.com/" "Mozilla/5.0 (Windows NT 10.0; Win64; x64) AppleWebKit/537.36 (KHTML, like Gecko) Chrome/123.0.0.0 Safari/537.36"
66.135.223.42 - - [17/Jun/2025:16:27:10 +0200] "GET /Jurek/eurofirany/images/389922/7.jpg HTTP/1.1" 200 6595 "http://www.ebay.com/" "Mozilla/5.0 (Windows NT 10.0; Win64; x64) AppleWebKit/537.36 (KHTML, like Gecko) Chrome/123.0.0.0 Safari/537.36"
66.135.223.43 - - [17/Jun/2025:16:27:10 +0200] "GET /Jurek/eurofirany/images/389922/0.jpg HTTP/1.1" 200 162747 "http://www.ebay.com/" "Mozilla/5.0 (Windows NT 10.0; Win64; x64) AppleWebKit/537.36 (KHTML, like Gecko) Chrome/123.0.0.0 Safari/537.36"
66.135.223.41 - - [17/Jun/2025:16:27:10 +0200] "GET /Jurek/eurofirany/images/389922/6.jpg HTTP/1.1" 200 177674 "http://www.ebay.com/" "Mozilla/5.0 (Windows NT 10.0; Win64; x64) AppleWebKit/537.36 (KHTML, like Gecko) Chrome/123.0.0.0 Safari/537.36"
66.135.223.40 - - [17/Jun/2025:16:27:11 +0200] "GET /Jurek/eurofirany/images/389922/3.jpg HTTP/1.1" 200 201373 "http://www.ebay.com/" "Mozilla/5.0 (Windows NT 10.0; Win64; x64) AppleWebKit/537.36 (KHTML, like Gecko) Chrome/123.0.0.0 Safari/537.36"
66.135.223.42 - - [17/Jun/2025:16:27:11 +0200] "GET /Jurek/eurofirany/images/389922/5.jpg HTTP/1.1" 200 194400 "http://www.ebay.com/" "Mozilla/5.0 (Windows NT 10.0; Win64; x64) AppleWebKit/537.36 (KHTML, like Gecko) Chrome/123.0.0.0 Safari/537.36"
66.135.223.41 - - [17/Jun/2025:16:27:11 +0200] "GET /Jurek/eurofirany/images/389922/4.jpg HTTP/1.1" 200 197117 "http://www.ebay.com/" "Mozilla/5.0 (Windows NT 10.0; Win64; x64) AppleWebKit/537.36 (KHTML, like Gecko) Chrome/123.0.0.0 Safari/537.36"
34.29.253.61 - - [17/Jun/2025:16:27:20 +0200] "GET /Jurek/eurofirany/images/468320/2.jpg HTTP/1.1" 200 71793 "-" "Mozilla/5.0 (X11; Linux x86_64) AppleWebKit/537.36 (KHTML, like Gecko) Chrome/110.0.0.0 Safari/537.36"
34.29.253.61 - - [17/Jun/2025:16:27:21 +0200] "GET /Jurek/eurofirany/images/468320/5.jpg HTTP/1.1" 200 171104 "-" "Mozilla/5.0 (X11; Linux x86_64) AppleWebKit/537.36 (KHTML, like Gecko) Chrome/110.0.0.0 Safari/537.36"
66.211.183.72 - - [17/Jun/2025:16:27:21 +0200] "GET /Jurek/eurofirany/images/389918/7.jpg HTTP/1.1" 200 6595 "http://www.ebay.com/" "Mozilla/5.0 (Windows NT 10.0; Win64; x64) AppleWebKit/537.36 (KHTML, like Gecko) Chrome/123.0.0.0 Safari/537.36"
66.211.183.71 - - [17/Jun/2025:16:27:21 +0200] "GET /Jurek/eurofirany/images/389918/1.jpg HTTP/1.1" 200 143259 "http://www.ebay.com/" "Mozilla/5.0 (Windows NT 10.0; Win64; x64) AppleWebKit/537.36 (KHTML, like Gecko) Chrome/123.0.0.0 Safari/537.36"
66.211.183.70 - - [17/Jun/2025:16:27:21 +0200] "GET /Jurek/eurofirany/images/389918/2.jpg HTTP/1.1" 200 145089 "http://www.ebay.com/" "Mozilla/5.0 (Windows NT 10.0; Win64; x64) AppleWebKit/537.36 (KHTML, like Gecko) Chrome/123.0.0.0 Safari/537.36"
66.211.183.71 - - [17/Jun/2025:16:27:21 +0200] "GET /Jurek/eurofirany/images/389918/0.jpg HTTP/1.1" 200 183812 "http://www.ebay.com/" "Mozilla/5.0 (Windows NT 10.0; Win64; x64) AppleWebKit/537.36 (KHTML, like Gecko) Chrome/123.0.0.0 Safari/537.36"
34.29.253.61 - - [17/Jun/2025:16:27:22 +0200] "GET /Jurek/eurofirany/images/468320/7.jpg HTTP/1.1" 200 207354 "-" "Mozilla/5.0 (X11; Linux x86_64) AppleWebKit/537.36 (KHTML, like Gecko) Chrome/110.0.0.0 Safari/537.36"
66.211.183.71 - - [17/Jun/2025:16:27:22 +0200] "GET /Jurek/eurofirany/images/389918/5.jpg HTTP/1.1" 200 226786 "http://www.ebay.com/" "Mozilla/5.0 (Windows NT 10.0; Win64; x64) AppleWebKit/537.36 (KHTML, like Gecko) Chrome/123.0.0.0 Safari/537.36"
66.211.183.71 - - [17/Jun/2025:16:27:22 +0200] "GET /Jurek/eurofirany/images/389918/6.jpg HTTP/1.1" 200 255190 "http://www.ebay.com/" "Mozilla/5.0 (Windows NT 10.0; Win64; x64) AppleWebKit/537.36 (KHTML, like Gecko) Chrome/123.0.0.0 Safari/537.36"
66.211.183.71 - - [17/Jun/2025:16:27:22 +0200] "GET /Jurek/eurofirany/images/389918/4.jpg HTTP/1.1" 200 228867 "http://www.ebay.com/" "Mozilla/5.0 (Windows NT 10.0; Win64; x64) AppleWebKit/537.36 (KHTML, like Gecko) Chrome/123.0.0.0 Safari/537.36"
66.211.183.72 - - [17/Jun/2025:16:27:22 +0200] "GET /Jurek/eurofirany/images/389918/3.jpg HTTP/1.1" 200 254027 "http://www.ebay.com/" "Mozilla/5.0 (Windows NT 10.0; Win64; x64) AppleWebKit/537.36 (KHTML, like Gecko) Chrome/123.0.0.0 Safari/537.36"
34.29.253.61 - - [17/Jun/2025:16:27:22 +0200] "GET /Jurek/eurofirany/images/468320/9.jpg HTTP/1.1" 200 162172 "-" "Mozilla/5.0 (X11; Linux x86_64) AppleWebKit/537.36 (KHTML, like Gecko) Chrome/110.0.0.0 Safari/537.36"
34.29.253.61 - - [17/Jun/2025:16:27:22 +0200] "GET /Jurek/eurofirany/images/468320/1.jpg HTTP/1.1" 200 131110 "-" "Mozilla/5.0 (X11; Linux x86_64) AppleWebKit/537.36 (KHTML, like Gecko) Chrome/110.0.0.0 Safari/537.36"
34.29.253.61 - - [17/Jun/2025:16:27:22 +0200] "GET /Jurek/eurofirany/images/468320/3.jpg HTTP/1.1" 200 189853 "-" "Mozilla/5.0 (X11; Linux x86_64) AppleWebKit/537.36 (KHTML, like Gecko) Chrome/110.0.0.0 Safari/537.36"
34.29.253.61 - - [17/Jun/2025:16:27:23 +0200] "GET /Jurek/eurofirany/images/468320/4.jpg HTTP/1.1" 200 206790 "-" "Mozilla/5.0 (X11; Linux x86_64) AppleWebKit/537.36 (KHTML, like Gecko) Chrome/110.0.0.0 Safari/537.36"
34.29.253.61 - - [17/Jun/2025:16:27:23 +0200] "GET /Jurek/eurofirany/images/468320/6.jpg HTTP/1.1" 200 260088 "-" "Mozilla/5.0 (X11; Linux x86_64) AppleWebKit/537.36 (KHTML, like Gecko) Chrome/110.0.0.0 Safari/537.36"
34.56.40.173 - - [17/Jun/2025:16:27:24 +0200] "GET /Jurek/eurofirany/images/468320/8.jpg HTTP/1.1" 200 178029 "-" "Mozilla/5.0 (X11; Linux x86_64) AppleWebKit/537.36 (KHTML, like Gecko) Chrome/110.0.0.0 Safari/537.36"
34.29.253.61 - - [17/Jun/2025:16:27:25 +0200] "GET /Jurek/eurofirany/images/468320/0.jpg HTTP/1.1" 200 112524 "-" "Mozilla/5.0 (X11; Linux x86_64) AppleWebKit/537.36 (KHTML, like Gecko) Chrome/110.0.0.0 Safari/537.36"
34.123.56.223 - - [17/Jun/2025:16:27:25 +0200] "GET /Jurek/eurofirany/images/452278/1.jpg HTTP/1.1" 200 95418 "-" "Mozilla/5.0 (X11; Linux x86_64) AppleWebKit/537.36 (KHTML, like Gecko) Chrome/110.0.0.0 Safari/537.36"
34.29.253.61 - - [17/Jun/2025:16:27:26 +0200] "GET /Jurek/eurofirany/images/452278/2.jpg HTTP/1.1" 200 67361 "-" "Mozilla/5.0 (X11; Linux x86_64) AppleWebKit/537.36 (KHTML, like Gecko) Chrome/110.0.0.0 Safari/537.36"
216.113.184.101 - - [17/Jun/2025:16:27:27 +0200] "GET /Jurek/eurofirany/images/391608/0.jpg HTTP/1.1" 200 88798 "-" "Java/17.0.14.0.101"
34.123.56.223 - - [17/Jun/2025:16:27:27 +0200] "GET /Jurek/eurofirany/images/452278/3.jpg HTTP/1.1" 200 74892 "-" "Mozilla/5.0 (X11; Linux x86_64) AppleWebKit/537.36 (KHTML, like Gecko) Chrome/110.0.0.0 Safari/537.36"
34.123.56.223 - - [17/Jun/2025:16:27:28 +0200] "GET /Jurek/eurofirany/images/452278/4.jpg HTTP/1.1" 200 51147 "-" "Mozilla/5.0 (X11; Linux x86_64) AppleWebKit/537.36 (KHTML, like Gecko) Chrome/110.0.0.0 Safari/537.36"
34.123.56.223 - - [17/Jun/2025:16:27:29 +0200] "GET /Jurek/eurofirany/images/452278/5.jpg HTTP/1.1" 200 160464 "-" "Mozilla/5.0 (X11; Linux x86_64) AppleWebKit/537.36 (KHTML, like Gecko) Chrome/110.0.0.0 Safari/537.36"
66.135.223.40 - - [17/Jun/2025:16:27:32 +0200] "GET /Jurek/eurofirany/images/468320/0.jpg HTTP/1.1" 200 112524 "http://www.ebay.com/" "Mozilla/5.0 (Windows NT 10.0; Win64; x64) AppleWebKit/537.36 (KHTML, like Gecko) Chrome/123.0.0.0 Safari/537.36"
66.135.223.44 - - [17/Jun/2025:16:27:32 +0200] "GET /Jurek/eurofirany/images/468320/1.jpg HTTP/1.1" 200 131110 "http://www.ebay.com/" "Mozilla/5.0 (Windows NT 10.0; Win64; x64) AppleWebKit/537.36 (KHTML, like Gecko) Chrome/123.0.0.0 Safari/537.36"
66.135.223.41 - - [17/Jun/2025:16:27:32 +0200] "GET /Jurek/eurofirany/images/468320/2.jpg HTTP/1.1" 200 71793 "http://www.ebay.com/" "Mozilla/5.0 (Windows NT 10.0; Win64; x64) AppleWebKit/537.36 (KHTML, like Gecko) Chrome/123.0.0.0 Safari/537.36"
34.123.56.223 - - [17/Jun/2025:16:27:32 +0200] "GET /Jurek/eurofirany/images/452278/6.jpg HTTP/1.1" 200 106396 "-" "Mozilla/5.0 (X11; Linux x86_64) AppleWebKit/537.36 (KHTML, like Gecko) Chrome/110.0.0.0 Safari/537.36"
66.135.223.41 - - [17/Jun/2025:16:27:33 +0200] "GET /Jurek/eurofirany/images/468320/3.jpg HTTP/1.1" 200 189853 "http://www.ebay.com/" "Mozilla/5.0 (Windows NT 10.0; Win64; x64) AppleWebKit/537.36 (KHTML, like Gecko) Chrome/123.0.0.0 Safari/537.36"
66.135.223.41 - - [17/Jun/2025:16:27:33 +0200] "GET /Jurek/eurofirany/images/468320/9.jpg HTTP/1.1" 200 162172 "http://www.ebay.com/" "Mozilla/5.0 (Windows NT 10.0; Win64; x64) AppleWebKit/537.36 (KHTML, like Gecko) Chrome/123.0.0.0 Safari/537.36"
66.135.223.40 - - [17/Jun/2025:16:27:33 +0200] "GET /Jurek/eurofirany/images/468320/5.jpg HTTP/1.1" 200 171104 "http://www.ebay.com/" "Mozilla/5.0 (Windows NT 10.0; Win64; x64) AppleWebKit/537.36 (KHTML, like Gecko) Chrome/123.0.0.0 Safari/537.36"
66.135.223.41 - - [17/Jun/2025:16:27:33 +0200] "GET /Jurek/eurofirany/images/468320/4.jpg HTTP/1.1" 200 206790 "http://www.ebay.com/" "Mozilla/5.0 (Windows NT 10.0; Win64; x64) AppleWebKit/537.36 (KHTML, like Gecko) Chrome/123.0.0.0 Safari/537.36"
66.135.223.40 - - [17/Jun/2025:16:27:33 +0200] "GET /Jurek/eurofirany/images/468320/8.jpg HTTP/1.1" 200 178029 "http://www.ebay.com/" "Mozilla/5.0 (Windows NT 10.0; Win64; x64) AppleWebKit/537.36 (KHTML, like Gecko) Chrome/123.0.0.0 Safari/537.36"
66.135.223.41 - - [17/Jun/2025:16:27:33 +0200] "GET /Jurek/eurofirany/images/468320/7.jpg HTTP/1.1" 200 207354 "http://www.ebay.com/" "Mozilla/5.0 (Windows NT 10.0; Win64; x64) AppleWebKit/537.36 (KHTML, like Gecko) Chrome/123.0.0.0 Safari/537.36"
66.135.223.44 - - [17/Jun/2025:16:27:33 +0200] "GET /Jurek/eurofirany/images/468320/6.jpg HTTP/1.1" 200 260088 "http://www.ebay.com/" "Mozilla/5.0 (Windows NT 10.0; Win64; x64) AppleWebKit/537.36 (KHTML, like Gecko) Chrome/123.0.0.0 Safari/537.36"
34.123.56.223 - - [17/Jun/2025:16:27:36 +0200] "GET /Jurek/eurofirany/images/452278/7.jpg HTTP/1.1" 200 133795 "-" "Mozilla/5.0 (X11; Linux x86_64) AppleWebKit/537.36 (KHTML, like Gecko) Chrome/110.0.0.0 Safari/537.36"
34.29.253.61 - - [17/Jun/2025:16:27:37 +0200] "GET /Jurek/eurofirany/images/452278/0.jpg HTTP/1.1" 200 111471 "-" "Mozilla/5.0 (X11; Linux x86_64) AppleWebKit/537.36 (KHTML, like Gecko) Chrome/110.0.0.0 Safari/537.36"
216.113.184.105 - - [17/Jun/2025:16:27:39 +0200] "GET /Jurek/eurofirany/images/391442/0.jpg HTTP/1.1" 200 33029 "http://www.ebay.com/" "Mozilla/5.0 (Windows NT 10.0; Win64; x64) AppleWebKit/537.36 (KHTML, like Gecko) Chrome/123.0.0.0 Safari/537.36"
216.113.184.103 - - [17/Jun/2025:16:27:39 +0200] "GET /Jurek/eurofirany/images/391442/3.jpg HTTP/1.1" 200 48283 "http://www.ebay.com/" "Mozilla/5.0 (Windows NT 10.0; Win64; x64) AppleWebKit/537.36 (KHTML, like Gecko) Chrome/123.0.0.0 Safari/537.36"
216.113.184.105 - - [17/Jun/2025:16:27:39 +0200] "GET /Jurek/eurofirany/images/391442/2.jpg HTTP/1.1" 200 50618 "http://www.ebay.com/" "Mozilla/5.0 (Windows NT 10.0; Win64; x64) AppleWebKit/537.36 (KHTML, like Gecko) Chrome/123.0.0.0 Safari/537.36"
216.113.184.105 - - [17/Jun/2025:16:27:39 +0200] "GET /Jurek/eurofirany/images/391442/1.jpg HTTP/1.1" 200 37231 "http://www.ebay.com/" "Mozilla/5.0 (Windows NT 10.0; Win64; x64) AppleWebKit/537.36 (KHTML, like Gecko) Chrome/123.0.0.0 Safari/537.36"
66.211.183.73 - - [17/Jun/2025:16:27:42 +0200] "GET /Jurek/eurofirany/images/389914/2.jpg HTTP/1.1" 200 117812 "http://www.ebay.com/" "Mozilla/5.0 (Windows NT 10.0; Win64; x64) AppleWebKit/537.36 (KHTML, like Gecko) Chrome/123.0.0.0 Safari/537.36"
66.211.183.70 - - [17/Jun/2025:16:27:42 +0200] "GET /Jurek/eurofirany/images/389914/7.jpg HTTP/1.1" 200 6595 "http://www.ebay.com/" "Mozilla/5.0 (Windows NT 10.0; Win64; x64) AppleWebKit/537.36 (KHTML, like Gecko) Chrome/123.0.0.0 Safari/537.36"
66.211.183.74 - - [17/Jun/2025:16:27:42 +0200] "GET /Jurek/eurofirany/images/389914/1.jpg HTTP/1.1" 200 144005 "http://www.ebay.com/" "Mozilla/5.0 (Windows NT 10.0; Win64; x64) AppleWebKit/537.36 (KHTML, like Gecko) Chrome/123.0.0.0 Safari/537.36"
66.211.183.73 - - [17/Jun/2025:16:27:42 +0200] "GET /Jurek/eurofirany/images/389914/0.jpg HTTP/1.1" 200 176309 "http://www.ebay.com/" "Mozilla/5.0 (Windows NT 10.0; Win64; x64) AppleWebKit/537.36 (KHTML, like Gecko) Chrome/123.0.0.0 Safari/537.36"
66.211.183.71 - - [17/Jun/2025:16:27:43 +0200] "GET /Jurek/eurofirany/images/389914/4.jpg HTTP/1.1" 200 212405 "http://www.ebay.com/" "Mozilla/5.0 (Windows NT 10.0; Win64; x64) AppleWebKit/537.36 (KHTML, like Gecko) Chrome/123.0.0.0 Safari/537.36"
66.211.183.70 - - [17/Jun/2025:16:27:43 +0200] "GET /Jurek/eurofirany/images/389914/5.jpg HTTP/1.1" 200 224072 "http://www.ebay.com/" "Mozilla/5.0 (Windows NT 10.0; Win64; x64) AppleWebKit/537.36 (KHTML, like Gecko) Chrome/123.0.0.0 Safari/537.36"
66.211.183.74 - - [17/Jun/2025:16:27:43 +0200] "GET /Jurek/eurofirany/images/389914/3.jpg HTTP/1.1" 200 247030 "http://www.ebay.com/" "Mozilla/5.0 (Windows NT 10.0; Win64; x64) AppleWebKit/537.36 (KHTML, like Gecko) Chrome/123.0.0.0 Safari/537.36"
66.211.183.73 - - [17/Jun/2025:16:27:43 +0200] "GET /Jurek/eurofirany/images/389914/6.jpg HTTP/1.1" 200 224667 "http://www.ebay.com/" "Mozilla/5.0 (Windows NT 10.0; Win64; x64) AppleWebKit/537.36 (KHTML, like Gecko) Chrome/123.0.0.0 Safari/537.36"
216.113.184.105 - - [17/Jun/2025:16:27:43 +0200] "GET /Jurek/eurofirany/images/396778/0.jpg HTTP/1.1" 200 46269 "-" "Java/17.0.14.0.101"
34.123.56.223 - - [17/Jun/2025:16:27:44 +0200] "GET /Jurek/eurofirany/images/396796/3.jpg HTTP/1.1" 200 178331 "-" "Mozilla/5.0 (X11; Linux x86_64) AppleWebKit/537.36 (KHTML, like Gecko) Chrome/110.0.0.0 Safari/537.36"
34.29.253.61 - - [17/Jun/2025:16:27:45 +0200] "GET /Jurek/eurofirany/images/396720/1.jpg HTTP/1.1" 200 61176 "-" "Mozilla/5.0 (X11; Linux x86_64) AppleWebKit/537.36 (KHTML, like Gecko) Chrome/110.0.0.0 Safari/537.36"
34.29.253.61 - - [17/Jun/2025:16:27:45 +0200] "GET /Jurek/eurofirany/images/396720/2.jpg HTTP/1.1" 200 290146 "-" "Mozilla/5.0 (X11; Linux x86_64) AppleWebKit/537.36 (KHTML, like Gecko) Chrome/110.0.0.0 Safari/537.36"
34.123.56.223 - - [17/Jun/2025:16:27:46 +0200] "GET /Jurek/eurofirany/images/396796/4.jpg HTTP/1.1" 200 205193 "-" "Mozilla/5.0 (X11; Linux x86_64) AppleWebKit/537.36 (KHTML, like Gecko) Chrome/110.0.0.0 Safari/537.36"
34.29.253.61 - - [17/Jun/2025:16:27:47 +0200] "GET /Jurek/eurofirany/images/396720/3.jpg HTTP/1.1" 200 263441 "-" "Mozilla/5.0 (X11; Linux x86_64) AppleWebKit/537.36 (KHTML, like Gecko) Chrome/110.0.0.0 Safari/537.36"
34.56.40.173 - - [17/Jun/2025:16:27:47 +0200] "GET /Jurek/eurofirany/images/396796/5.jpg HTTP/1.1" 200 187366 "-" "Mozilla/5.0 (X11; Linux x86_64) AppleWebKit/537.36 (KHTML, like Gecko) Chrome/110.0.0.0 Safari/537.36"
34.29.253.61 - - [17/Jun/2025:16:27:48 +0200] "GET /Jurek/eurofirany/images/396720/0.jpg HTTP/1.1" 200 38328 "-" "Mozilla/5.0 (X11; Linux x86_64) AppleWebKit/537.36 (KHTML, like Gecko) Chrome/110.0.0.0 Safari/537.36"
34.56.40.173 - - [17/Jun/2025:16:27:48 +0200] "GET /Jurek/eurofirany/images/396796/1.jpg HTTP/1.1" 200 34638 "-" "Mozilla/5.0 (X11; Linux x86_64) AppleWebKit/537.36 (KHTML, like Gecko) Chrome/110.0.0.0 Safari/537.36"
34.123.56.223 - - [17/Jun/2025:16:27:49 +0200] "GET /Jurek/eurofirany/images/396778/1.jpg HTTP/1.1" 200 68488 "-" "Mozilla/5.0 (X11; Linux x86_64) AppleWebKit/537.36 (KHTML, like Gecko) Chrome/110.0.0.0 Safari/537.36"
34.29.253.61 - - [17/Jun/2025:16:27:49 +0200] "GET /Jurek/eurofirany/images/396792/1.jpg HTTP/1.1" 200 37821 "-" "Mozilla/5.0 (X11; Linux x86_64) AppleWebKit/537.36 (KHTML, like Gecko) Chrome/110.0.0.0 Safari/537.36"
34.56.40.173 - - [17/Jun/2025:16:27:49 +0200] "GET /Jurek/eurofirany/images/396796/2.jpg HTTP/1.1" 200 59408 "-" "Mozilla/5.0 (X11; Linux x86_64) AppleWebKit/537.36 (KHTML, like Gecko) Chrome/110.0.0.0 Safari/537.36"
34.29.253.61 - - [17/Jun/2025:16:27:49 +0200] "GET /Jurek/eurofirany/images/396792/2.jpg HTTP/1.1" 200 64971 "-" "Mozilla/5.0 (X11; Linux x86_64) AppleWebKit/537.36 (KHTML, like Gecko) Chrome/110.0.0.0 Safari/537.36"
66.211.183.71 - - [17/Jun/2025:16:27:49 +0200] "GET /Jurek/eurofirany/images/396720/1.jpg HTTP/1.1" 200 61176 "http://www.ebay.com/" "Mozilla/5.0 (Windows NT 10.0; Win64; x64) AppleWebKit/537.36 (KHTML, like Gecko) Chrome/123.0.0.0 Safari/537.36"
66.135.223.41 - - [17/Jun/2025:16:27:49 +0200] "GET /Jurek/eurofirany/images/396778/0.jpg HTTP/1.1" 200 46269 "http://www.ebay.com/" "Mozilla/5.0 (Windows NT 10.0; Win64; x64) AppleWebKit/537.36 (KHTML, like Gecko) Chrome/123.0.0.0 Safari/537.36"
66.135.223.40 - - [17/Jun/2025:16:27:49 +0200] "GET /Jurek/eurofirany/images/396778/1.jpg HTTP/1.1" 200 68488 "http://www.ebay.com/" "Mozilla/5.0 (Windows NT 10.0; Win64; x64) AppleWebKit/537.36 (KHTML, like Gecko) Chrome/123.0.0.0 Safari/537.36"
34.123.56.223 - - [17/Jun/2025:16:27:50 +0200] "GET /Jurek/eurofirany/images/396778/2.jpg HTTP/1.1" 200 245216 "-" "Mozilla/5.0 (X11; Linux x86_64) AppleWebKit/537.36 (KHTML, like Gecko) Chrome/110.0.0.0 Safari/537.36"
66.211.183.72 - - [17/Jun/2025:16:27:50 +0200] "GET /Jurek/eurofirany/images/396720/0.jpg HTTP/1.1" 200 38328 "http://www.ebay.com/" "Mozilla/5.0 (Windows NT 10.0; Win64; x64) AppleWebKit/537.36 (KHTML, like Gecko) Chrome/123.0.0.0 Safari/537.36"
34.56.40.173 - - [17/Jun/2025:16:27:50 +0200] "GET /Jurek/eurofirany/images/396796/0.jpg HTTP/1.1" 200 171135 "-" "Mozilla/5.0 (X11; Linux x86_64) AppleWebKit/537.36 (KHTML, like Gecko) Chrome/110.0.0.0 Safari/537.36"
34.123.56.223 - - [17/Jun/2025:16:27:50 +0200] "GET /Jurek/eurofirany/images/396778/0.jpg HTTP/1.1" 200 46269 "-" "Mozilla/5.0 (X11; Linux x86_64) AppleWebKit/537.36 (KHTML, like Gecko) Chrome/110.0.0.0 Safari/537.36"
66.211.183.70 - - [17/Jun/2025:16:27:50 +0200] "GET /Jurek/eurofirany/images/396720/2.jpg HTTP/1.1" 200 290146 "http://www.ebay.com/" "Mozilla/5.0 (Windows NT 10.0; Win64; x64) AppleWebKit/537.36 (KHTML, like Gecko) Chrome/123.0.0.0 Safari/537.36"
66.135.223.42 - - [17/Jun/2025:16:27:50 +0200] "GET /Jurek/eurofirany/images/396778/2.jpg HTTP/1.1" 200 245216 "http://www.ebay.com/" "Mozilla/5.0 (Windows NT 10.0; Win64; x64) AppleWebKit/537.36 (KHTML, like Gecko) Chrome/123.0.0.0 Safari/537.36"
66.211.183.71 - - [17/Jun/2025:16:27:50 +0200] "GET /Jurek/eurofirany/images/396720/3.jpg HTTP/1.1" 200 263441 "http://www.ebay.com/" "Mozilla/5.0 (Windows NT 10.0; Win64; x64) AppleWebKit/537.36 (KHTML, like Gecko) Chrome/123.0.0.0 Safari/537.36"
34.123.56.223 - - [17/Jun/2025:16:27:51 +0200] "GET /Jurek/eurofirany/images/396792/3.jpg HTTP/1.1" 200 178331 "-" "Mozilla/5.0 (X11; Linux x86_64) AppleWebKit/537.36 (KHTML, like Gecko) Chrome/110.0.0.0 Safari/537.36"
66.135.223.40 - - [17/Jun/2025:16:27:51 +0200] "GET /Jurek/eurofirany/images/396796/1.jpg HTTP/1.1" 200 34638 "http://www.ebay.com/" "Mozilla/5.0 (Windows NT 10.0; Win64; x64) AppleWebKit/537.36 (KHTML, like Gecko) Chrome/123.0.0.0 Safari/537.36"
66.135.223.42 - - [17/Jun/2025:16:27:51 +0200] "GET /Jurek/eurofirany/images/396796/2.jpg HTTP/1.1" 200 59408 "http://www.ebay.com/" "Mozilla/5.0 (Windows NT 10.0; Win64; x64) AppleWebKit/537.36 (KHTML, like Gecko) Chrome/123.0.0.0 Safari/537.36"
66.135.223.43 - - [17/Jun/2025:16:27:51 +0200] "GET /Jurek/eurofirany/images/396796/0.jpg HTTP/1.1" 200 171135 "http://www.ebay.com/" "Mozilla/5.0 (Windows NT 10.0; Win64; x64) AppleWebKit/537.36 (KHTML, like Gecko) Chrome/123.0.0.0 Safari/537.36"
66.135.223.40 - - [17/Jun/2025:16:27:51 +0200] "GET /Jurek/eurofirany/images/396796/3.jpg HTTP/1.1" 200 178331 "http://www.ebay.com/" "Mozilla/5.0 (Windows NT 10.0; Win64; x64) AppleWebKit/537.36 (KHTML, like Gecko) Chrome/123.0.0.0 Safari/537.36"
66.135.223.41 - - [17/Jun/2025:16:27:51 +0200] "GET /Jurek/eurofirany/images/396796/4.jpg HTTP/1.1" 200 205193 "http://www.ebay.com/" "Mozilla/5.0 (Windows NT 10.0; Win64; x64) AppleWebKit/537.36 (KHTML, like Gecko) Chrome/123.0.0.0 Safari/537.36"
66.135.223.42 - - [17/Jun/2025:16:27:51 +0200] "GET /Jurek/eurofirany/images/396796/5.jpg HTTP/1.1" 200 187366 "http://www.ebay.com/" "Mozilla/5.0 (Windows NT 10.0; Win64; x64) AppleWebKit/537.36 (KHTML, like Gecko) Chrome/123.0.0.0 Safari/537.36"
34.123.56.223 - - [17/Jun/2025:16:27:53 +0200] "GET /Jurek/eurofirany/images/396792/4.jpg HTTP/1.1" 200 205193 "-" "Mozilla/5.0 (X11; Linux x86_64) AppleWebKit/537.36 (KHTML, like Gecko) Chrome/110.0.0.0 Safari/537.36"
34.29.253.61 - - [17/Jun/2025:16:27:54 +0200] "GET /Jurek/eurofirany/images/396792/5.jpg HTTP/1.1" 200 187366 "-" "Mozilla/5.0 (X11; Linux x86_64) AppleWebKit/537.36 (KHTML, like Gecko) Chrome/110.0.0.0 Safari/537.36"
216.113.184.102 - - [17/Jun/2025:16:27:54 +0200] "GET /Jurek/eurofirany/images/393231/0.jpg HTTP/1.1" 200 103441 "-" "Java/17.0.14.0.101"
34.29.253.61 - - [17/Jun/2025:16:27:55 +0200] "GET /Jurek/eurofirany/images/396792/0.jpg HTTP/1.1" 200 198047 "-" "Mozilla/5.0 (X11; Linux x86_64) AppleWebKit/537.36 (KHTML, like Gecko) Chrome/110.0.0.0 Safari/537.36"
66.135.223.40 - - [17/Jun/2025:16:27:57 +0200] "GET /Jurek/eurofirany/images/391611/0.jpg HTTP/1.1" 200 101887 "http://www.ebay.com/" "Mozilla/5.0 (Windows NT 10.0; Win64; x64) AppleWebKit/537.36 (KHTML, like Gecko) Chrome/123.0.0.0 Safari/537.36"
66.135.223.44 - - [17/Jun/2025:16:27:57 +0200] "GET /Jurek/eurofirany/images/391611/2.jpg HTTP/1.1" 200 73776 "http://www.ebay.com/" "Mozilla/5.0 (Windows NT 10.0; Win64; x64) AppleWebKit/537.36 (KHTML, like Gecko) Chrome/123.0.0.0 Safari/537.36"
66.135.223.41 - - [17/Jun/2025:16:27:57 +0200] "GET /Jurek/eurofirany/images/391611/1.jpg HTTP/1.1" 200 127680 "http://www.ebay.com/" "Mozilla/5.0 (Windows NT 10.0; Win64; x64) AppleWebKit/537.36 (KHTML, like Gecko) Chrome/123.0.0.0 Safari/537.36"
66.135.223.44 - - [17/Jun/2025:16:27:57 +0200] "GET /Jurek/eurofirany/images/391611/6.jpg HTTP/1.1" 200 148975 "http://www.ebay.com/" "Mozilla/5.0 (Windows NT 10.0; Win64; x64) AppleWebKit/537.36 (KHTML, like Gecko) Chrome/123.0.0.0 Safari/537.36"
66.135.223.41 - - [17/Jun/2025:16:27:57 +0200] "GET /Jurek/eurofirany/images/391611/3.jpg HTTP/1.1" 200 135769 "http://www.ebay.com/" "Mozilla/5.0 (Windows NT 10.0; Win64; x64) AppleWebKit/537.36 (KHTML, like Gecko) Chrome/123.0.0.0 Safari/537.36"
66.135.223.44 - - [17/Jun/2025:16:27:57 +0200] "GET /Jurek/eurofirany/images/391611/5.jpg HTTP/1.1" 200 172177 "http://www.ebay.com/" "Mozilla/5.0 (Windows NT 10.0; Win64; x64) AppleWebKit/537.36 (KHTML, like Gecko) Chrome/123.0.0.0 Safari/537.36"
66.135.223.40 - - [17/Jun/2025:16:27:57 +0200] "GET /Jurek/eurofirany/images/391611/7.jpg HTTP/1.1" 200 197320 "http://www.ebay.com/" "Mozilla/5.0 (Windows NT 10.0; Win64; x64) AppleWebKit/537.36 (KHTML, like Gecko) Chrome/123.0.0.0 Safari/537.36"
66.135.223.41 - - [17/Jun/2025:16:27:57 +0200] "GET /Jurek/eurofirany/images/391611/8.jpg HTTP/1.1" 200 280965 "http://www.ebay.com/" "Mozilla/5.0 (Windows NT 10.0; Win64; x64) AppleWebKit/537.36 (KHTML, like Gecko) Chrome/123.0.0.0 Safari/537.36"
66.135.223.42 - - [17/Jun/2025:16:27:58 +0200] "GET /Jurek/eurofirany/images/391611/4.jpg HTTP/1.1" 200 389711 "http://www.ebay.com/" "Mozilla/5.0 (Windows NT 10.0; Win64; x64) AppleWebKit/537.36 (KHTML, like Gecko) Chrome/123.0.0.0 Safari/537.36"
66.135.223.44 - - [17/Jun/2025:16:28:09 +0200] "GET /Jurek/eurofirany/images/396792/1.jpg HTTP/1.1" 200 37821 "http://www.ebay.com/" "Mozilla/5.0 (Windows NT 10.0; Win64; x64) AppleWebKit/537.36 (KHTML, like Gecko) Chrome/123.0.0.0 Safari/537.36"
66.135.223.43 - - [17/Jun/2025:16:28:09 +0200] "GET /Jurek/eurofirany/images/396792/2.jpg HTTP/1.1" 200 64971 "http://www.ebay.com/" "Mozilla/5.0 (Windows NT 10.0; Win64; x64) AppleWebKit/537.36 (KHTML, like Gecko) Chrome/123.0.0.0 Safari/537.36"
66.135.223.42 - - [17/Jun/2025:16:28:09 +0200] "GET /Jurek/eurofirany/images/396792/0.jpg HTTP/1.1" 200 198047 "http://www.ebay.com/" "Mozilla/5.0 (Windows NT 10.0; Win64; x64) AppleWebKit/537.36 (KHTML, like Gecko) Chrome/123.0.0.0 Safari/537.36"
66.135.223.40 - - [17/Jun/2025:16:28:09 +0200] "GET /Jurek/eurofirany/images/396792/4.jpg HTTP/1.1" 200 205193 "http://www.ebay.com/" "Mozilla/5.0 (Windows NT 10.0; Win64; x64) AppleWebKit/537.36 (KHTML, like Gecko) Chrome/123.0.0.0 Safari/537.36"
66.135.223.41 - - [17/Jun/2025:16:28:09 +0200] "GET /Jurek/eurofirany/images/396792/3.jpg HTTP/1.1" 200 178331 "http://www.ebay.com/" "Mozilla/5.0 (Windows NT 10.0; Win64; x64) AppleWebKit/537.36 (KHTML, like Gecko) Chrome/123.0.0.0 Safari/537.36"
66.135.223.41 - - [17/Jun/2025:16:28:09 +0200] "GET /Jurek/eurofirany/images/396792/5.jpg HTTP/1.1" 200 187366 "http://www.ebay.com/" "Mozilla/5.0 (Windows NT 10.0; Win64; x64) AppleWebKit/537.36 (KHTML, like Gecko) Chrome/123.0.0.0 Safari/537.36"
66.211.183.73 - - [17/Jun/2025:16:28:14 +0200] "GET /Jurek/eurofirany/images/452278/0.jpg HTTP/1.1" 200 111471 "http://www.ebay.com/" "Mozilla/5.0 (Windows NT 10.0; Win64; x64) AppleWebKit/537.36 (KHTML, like Gecko) Chrome/123.0.0.0 Safari/537.36"
66.211.183.71 - - [17/Jun/2025:16:28:14 +0200] "GET /Jurek/eurofirany/images/452278/1.jpg HTTP/1.1" 200 95418 "http://www.ebay.com/" "Mozilla/5.0 (Windows NT 10.0; Win64; x64) AppleWebKit/537.36 (KHTML, like Gecko) Chrome/123.0.0.0 Safari/537.36"
66.211.183.74 - - [17/Jun/2025:16:28:14 +0200] "GET /Jurek/eurofirany/images/452278/2.jpg HTTP/1.1" 200 67361 "http://www.ebay.com/" "Mozilla/5.0 (Windows NT 10.0; Win64; x64) AppleWebKit/537.36 (KHTML, like Gecko) Chrome/123.0.0.0 Safari/537.36"
66.211.183.74 - - [17/Jun/2025:16:28:14 +0200] "GET /Jurek/eurofirany/images/452278/3.jpg HTTP/1.1" 200 74892 "http://www.ebay.com/" "Mozilla/5.0 (Windows NT 10.0; Win64; x64) AppleWebKit/537.36 (KHTML, like Gecko) Chrome/123.0.0.0 Safari/537.36"
66.211.183.73 - - [17/Jun/2025:16:28:14 +0200] "GET /Jurek/eurofirany/images/452278/4.jpg HTTP/1.1" 200 51147 "http://www.ebay.com/" "Mozilla/5.0 (Windows NT 10.0; Win64; x64) AppleWebKit/537.36 (KHTML, like Gecko) Chrome/123.0.0.0 Safari/537.36"
66.211.183.70 - - [17/Jun/2025:16:28:14 +0200] "GET /Jurek/eurofirany/images/452278/6.jpg HTTP/1.1" 200 106396 "http://www.ebay.com/" "Mozilla/5.0 (Windows NT 10.0; Win64; x64) AppleWebKit/537.36 (KHTML, like Gecko) Chrome/123.0.0.0 Safari/537.36"
66.211.183.71 - - [17/Jun/2025:16:28:14 +0200] "GET /Jurek/eurofirany/images/452278/7.jpg HTTP/1.1" 200 133795 "http://www.ebay.com/" "Mozilla/5.0 (Windows NT 10.0; Win64; x64) AppleWebKit/537.36 (KHTML, like Gecko) Chrome/123.0.0.0 Safari/537.36"
66.211.183.74 - - [17/Jun/2025:16:28:14 +0200] "GET /Jurek/eurofirany/images/452278/5.jpg HTTP/1.1" 200 160464 "http://www.ebay.com/" "Mozilla/5.0 (Windows NT 10.0; Win64; x64) AppleWebKit/537.36 (KHTML, like Gecko) Chrome/123.0.0.0 Safari/537.36"
