77.79.248.229 - - [17/Jun/2025:11:28:13 +0200] "GET /Jurek/bisanti/feeds/bisanti_piguEX.xml HTTP/1.1" 200 1141584 "-" "Python-urllib/3.11"
77.79.248.229 - - [17/Jun/2025:11:28:13 +0200] "GET /Jurek/bisanti/feeds/bisanti_piguEX.xml HTTP/1.1" 200 1141584 "-" "Python-urllib/3.11"
77.79.248.229 - - [17/Jun/2025:11:28:13 +0200] "GET /Jurek/eoptimo/feeds/eoptimo_piguEX.xml HTTP/1.1" 200 2094378 "-" "Python-urllib/3.11"
77.79.248.229 - - [17/Jun/2025:11:28:13 +0200] "GET /Jurek/eoptimo/feeds/eoptimo_pigufiEX.xml HTTP/1.1" 200 2094384 "-" "Python-urllib/3.11"
77.79.248.229 - - [17/Jun/2025:11:28:13 +0200] "GET /Jurek/eoptimo/feeds/eoptimo_piguEX.xml HTTP/1.1" 200 2094378 "-" "Python-urllib/3.11"
77.79.248.229 - - [17/Jun/2025:11:28:13 +0200] "GET /Jurek/eoptimo/feeds/eoptimo_piguEX.xml HTTP/1.1" 200 2094378 "-" "Python-urllib/3.11"
77.79.248.229 - - [17/Jun/2025:11:28:14 +0200] "GET /Jurek/elecomp/feeds/elecomp_piguEX.xml HTTP/1.1" 200 2867656 "-" "Python-urllib/3.11"
77.79.248.229 - - [17/Jun/2025:11:28:14 +0200] "GET /Jurek/elecomp/feeds/elecomp_pigufiEX.xml HTTP/1.1" 200 2867682 "-" "Python-urllib/3.11"
77.79.248.229 - - [17/Jun/2025:11:28:15 +0200] "GET /Jurek/elecomp/feeds/elecomp_piguEX.xml HTTP/1.1" 200 2867656 "-" "Python-urllib/3.11"
77.79.248.229 - - [17/Jun/2025:11:28:15 +0200] "GET /Jurek/elecomp/feeds/elecomp_piguEX.xml HTTP/1.1" 200 2867656 "-" "Python-urllib/3.11"
77.79.248.229 - - [17/Jun/2025:11:28:15 +0200] "GET /Jurek/velinda/feeds/velinda_piguEX.xml HTTP/1.1" 200 4226892 "-" "Python-urllib/3.11"
77.79.248.229 - - [17/Jun/2025:11:28:15 +0200] "GET /Jurek/velinda/feeds/velinda_pigufiEX.xml HTTP/1.1" 200 4227341 "-" "Python-urllib/3.11"
77.79.248.229 - - [17/Jun/2025:11:28:15 +0200] "GET /Jurek/velinda/feeds/velinda_piguEX.xml HTTP/1.1" 200 4226892 "-" "Python-urllib/3.11"
77.79.248.229 - - [17/Jun/2025:11:28:15 +0200] "GET /Jurek/velinda/feeds/velinda_piguEX.xml HTTP/1.1" 200 4226892 "-" "Python-urllib/3.11"
77.79.248.229 - - [17/Jun/2025:11:28:15 +0200] "GET /Jurek/erohurtownia/feeds/erohurtownia_piguEX.xml HTTP/1.1" 200 22841544 "-" "Python-urllib/3.11"
77.79.248.229 - - [17/Jun/2025:11:28:16 +0200] "GET /Jurek/erohurtownia/feeds/erohurtownia_pigufiEX.xml HTTP/1.1" 200 22841592 "-" "Python-urllib/3.11"
77.79.248.229 - - [17/Jun/2025:11:28:16 +0200] "GET /Jurek/erohurtownia/feeds/erohurtownia_piguEX.xml HTTP/1.1" 200 22841544 "-" "Python-urllib/3.11"
77.79.248.229 - - [17/Jun/2025:11:28:16 +0200] "GET /Jurek/erohurtownia/feeds/erohurtownia_piguEX.xml HTTP/1.1" 200 22841544 "-" "Python-urllib/3.11"
77.79.248.229 - - [17/Jun/2025:11:28:16 +0200] "GET /Jurek/reman/feeds/reman_piguEX.xml HTTP/1.1" 200 1394830 "-" "Python-urllib/3.11"
77.79.248.229 - - [17/Jun/2025:11:28:16 +0200] "GET /Jurek/reman/feeds/reman_pigufiEX.xml HTTP/1.1" 200 1394824 "-" "Python-urllib/3.11"
77.79.248.229 - - [17/Jun/2025:11:28:16 +0200] "GET /Jurek/reman/feeds/reman_piguEX.xml HTTP/1.1" 200 1394830 "-" "Python-urllib/3.11"
77.79.248.229 - - [17/Jun/2025:11:28:16 +0200] "GET /Jurek/reman/feeds/reman_piguEX.xml HTTP/1.1" 200 1394830 "-" "Python-urllib/3.11"
89.161.206.59 - - [17/Jun/2025:11:28:17 +0200] "GET /Jurek/sempler/feeds/sempler_skroutz.xml HTTP/1.0" 200 6779178 "-" "-"
77.79.248.229 - - [17/Jun/2025:11:28:17 +0200] "GET /Jurek/urwiskowo/feeds/urwiskowo_piguEX.xml HTTP/1.1" 200 9114180 "-" "Python-urllib/3.11"
77.79.248.229 - - [17/Jun/2025:11:28:17 +0200] "GET /Jurek/urwiskowo/feeds/urwiskowo_pigufiEX.xml HTTP/1.1" 200 9113197 "-" "Python-urllib/3.11"
77.79.248.229 - - [17/Jun/2025:11:28:17 +0200] "GET /Jurek/urwiskowo/feeds/urwiskowo_piguEX.xml HTTP/1.1" 200 9114180 "-" "Python-urllib/3.11"
77.79.248.229 - - [17/Jun/2025:11:28:17 +0200] "GET /Jurek/urwiskowo/feeds/urwiskowo_piguEX.xml HTTP/1.1" 200 9114180 "-" "Python-urllib/3.11"
77.79.248.229 - - [17/Jun/2025:11:28:17 +0200] "GET /Jurek/combine/feeds/combine_piguEX.xml HTTP/1.1" 200 210510 "-" "Python-urllib/3.11"
77.79.248.229 - - [17/Jun/2025:11:28:17 +0200] "GET /Jurek/combine/feeds/combine_pigufiEX.xml HTTP/1.1" 200 210503 "-" "Python-urllib/3.11"
77.79.248.229 - - [17/Jun/2025:11:28:17 +0200] "GET /Jurek/combine/feeds/combine_piguEX.xml HTTP/1.1" 200 210510 "-" "Python-urllib/3.11"
77.79.248.229 - - [17/Jun/2025:11:28:17 +0200] "GET /Jurek/combine/feeds/combine_piguEX.xml HTTP/1.1" 200 210510 "-" "Python-urllib/3.11"
77.79.248.229 - - [17/Jun/2025:11:28:18 +0200] "GET /Jurek/eldar/feeds/eldar_piguEX.xml HTTP/1.1" 200 7327048 "-" "Python-urllib/3.11"
77.79.248.229 - - [17/Jun/2025:11:28:18 +0200] "GET /Jurek/eldar/feeds/eldar_pigufiEX.xml HTTP/1.1" 200 7326882 "-" "Python-urllib/3.11"
77.79.248.229 - - [17/Jun/2025:11:28:18 +0200] "GET /Jurek/eldar/feeds/eldar_piguEX.xml HTTP/1.1" 200 7327048 "-" "Python-urllib/3.11"
77.79.248.229 - - [17/Jun/2025:11:28:18 +0200] "GET /Jurek/eldar/feeds/eldar_piguEX.xml HTTP/1.1" 200 7327048 "-" "Python-urllib/3.11"
77.79.248.229 - - [17/Jun/2025:11:28:18 +0200] "GET /Jurek/kinghoff/feeds/kinghoff_piguEX.xml HTTP/1.1" 200 15668448 "-" "Python-urllib/3.11"
77.79.248.229 - - [17/Jun/2025:11:28:18 +0200] "GET /Jurek/kinghoff/feeds/kinghoff_pigufiEX.xml HTTP/1.1" 200 15668533 "-" "Python-urllib/3.11"
77.79.248.229 - - [17/Jun/2025:11:28:19 +0200] "GET /Jurek/kinghoff/feeds/kinghoff_piguEX.xml HTTP/1.1" 200 15668448 "-" "Python-urllib/3.11"
77.79.248.229 - - [17/Jun/2025:11:28:19 +0200] "GET /Jurek/kinghoff/feeds/kinghoff_piguEX.xml HTTP/1.1" 200 15668448 "-" "Python-urllib/3.11"
77.79.248.229 - - [17/Jun/2025:11:28:19 +0200] "GET /Jurek/action/feeds/action_piguEX.xml HTTP/1.1" 200 60824341 "-" "Python-urllib/3.11"
77.79.248.229 - - [17/Jun/2025:11:28:20 +0200] "GET /Jurek/action/feeds/action_pigufiEX.xml HTTP/1.1" 200 60825366 "-" "Python-urllib/3.11"
77.79.248.229 - - [17/Jun/2025:11:28:21 +0200] "GET /Jurek/action/feeds/action_piguEX.xml HTTP/1.1" 200 60824341 "-" "Python-urllib/3.11"
77.79.248.229 - - [17/Jun/2025:11:28:21 +0200] "GET /Jurek/action/feeds/action_piguEX.xml HTTP/1.1" 200 60824341 "-" "Python-urllib/3.11"
77.79.248.229 - - [17/Jun/2025:11:28:22 +0200] "GET /Jurek/aw/feeds/aw_piguEX.xml HTTP/1.1" 200 90824360 "-" "Python-urllib/3.11"
77.79.248.229 - - [17/Jun/2025:11:28:23 +0200] "GET /Jurek/aw/feeds/aw_pigufiEX.xml HTTP/1.1" 200 90827069 "-" "Python-urllib/3.11"
77.79.248.229 - - [17/Jun/2025:11:28:24 +0200] "GET /Jurek/aw/feeds/aw_piguEX.xml HTTP/1.1" 200 90824360 "-" "Python-urllib/3.11"
77.79.248.229 - - [17/Jun/2025:11:28:25 +0200] "GET /Jurek/aw/feeds/aw_piguEX.xml HTTP/1.1" 200 90824360 "-" "Python-urllib/3.11"
77.79.248.229 - - [17/Jun/2025:11:28:25 +0200] "GET /Jurek/eurofirany/feeds/eurofirany_piguEX.xml HTTP/1.1" 200 19507579 "-" "Python-urllib/3.11"
77.79.248.229 - - [17/Jun/2025:11:28:25 +0200] "GET /Jurek/eurofirany/feeds/eurofirany_piguFIEX.xml HTTP/1.1" 200 19508035 "-" "Python-urllib/3.11"
77.79.248.229 - - [17/Jun/2025:11:28:26 +0200] "GET /Jurek/eurofirany/feeds/eurofirany_piguEX.xml HTTP/1.1" 200 19507579 "-" "Python-urllib/3.11"
77.79.248.229 - - [17/Jun/2025:11:28:26 +0200] "GET /Jurek/eurofirany/feeds/eurofirany_piguEX.xml HTTP/1.1" 200 19507579 "-" "Python-urllib/3.11"
77.79.248.229 - - [17/Jun/2025:11:28:28 +0200] "GET /Jurek/muminky/feeds/muminky_piguEX.xml HTTP/1.1" 200 2677566 "-" "Python-urllib/3.11"
77.79.248.229 - - [17/Jun/2025:11:28:28 +0200] "GET /Jurek/muminky/feeds/muminky_piguFIEX.xml HTTP/1.1" 200 2677600 "-" "Python-urllib/3.11"
77.79.248.229 - - [17/Jun/2025:11:28:28 +0200] "GET /Jurek/muminky/feeds/muminky_piguEX.xml HTTP/1.1" 200 2677566 "-" "Python-urllib/3.11"
77.79.248.229 - - [17/Jun/2025:11:28:28 +0200] "GET /Jurek/muminky/feeds/muminky_piguEX.xml HTTP/1.1" 200 2677566 "-" "Python-urllib/3.11"
77.79.248.229 - - [17/Jun/2025:11:28:28 +0200] "GET /Jurek/benetech/feeds/benetech_piguEX.xml HTTP/1.1" 200 4165432 "-" "Python-urllib/3.11"
77.79.248.229 - - [17/Jun/2025:11:28:28 +0200] "GET /Jurek/benetech/feeds/benetech_piguFIEX.xml HTTP/1.1" 200 4165481 "-" "Python-urllib/3.11"
77.79.248.229 - - [17/Jun/2025:11:28:28 +0200] "GET /Jurek/benetech/feeds/benetech_piguEX.xml HTTP/1.1" 200 4165432 "-" "Python-urllib/3.11"
77.79.248.229 - - [17/Jun/2025:11:28:29 +0200] "GET /Jurek/benetech/feeds/benetech_piguEX.xml HTTP/1.1" 200 4165432 "-" "Python-urllib/3.11"
77.79.248.229 - - [17/Jun/2025:11:28:29 +0200] "GET /Jurek/pupus/feeds/pupus_piguEX.xml HTTP/1.1" 200 6154613 "-" "Python-urllib/3.11"
77.79.248.229 - - [17/Jun/2025:11:28:29 +0200] "GET /Jurek/pupus/feeds/pupus_piguFIEX.xml HTTP/1.1" 200 6154520 "-" "Python-urllib/3.11"
77.79.248.229 - - [17/Jun/2025:11:28:29 +0200] "GET /Jurek/pupus/feeds/pupus_piguEX.xml HTTP/1.1" 200 6154613 "-" "Python-urllib/3.11"
77.79.248.229 - - [17/Jun/2025:11:28:29 +0200] "GET /Jurek/pupus/feeds/pupus_piguEX.xml HTTP/1.1" 200 6154613 "-" "Python-urllib/3.11"
77.79.248.229 - - [17/Jun/2025:11:28:30 +0200] "GET /Jurek/ikonka/feeds/ikonka_piguEX.xml HTTP/1.1" 200 21265171 "-" "Python-urllib/3.11"
77.79.248.229 - - [17/Jun/2025:11:28:31 +0200] "GET /Jurek/ikonka/feeds/ikonka_piguFIEX.xml HTTP/1.1" 200 21265208 "-" "Python-urllib/3.11"
77.79.248.229 - - [17/Jun/2025:11:28:31 +0200] "GET /Jurek/ikonka/feeds/ikonka_piguEX.xml HTTP/1.1" 200 21265171 "-" "Python-urllib/3.11"
77.79.248.229 - - [17/Jun/2025:11:28:31 +0200] "GET /Jurek/ikonka/feeds/ikonka_piguEX.xml HTTP/1.1" 200 21265171 "-" "Python-urllib/3.11"
77.79.248.229 - - [17/Jun/2025:11:28:31 +0200] "GET /Jurek/beltimore/feeds/beltimore_piguEX.xml HTTP/1.1" 200 18652264 "-" "Python-urllib/3.11"
77.79.248.229 - - [17/Jun/2025:11:28:32 +0200] "GET /Jurek/beltimore/feeds/beltimore_piguFIEX.xml HTTP/1.1" 200 18651639 "-" "Python-urllib/3.11"
77.79.248.229 - - [17/Jun/2025:11:28:32 +0200] "GET /Jurek/beltimore/feeds/beltimore_piguEX.xml HTTP/1.1" 200 18652264 "-" "Python-urllib/3.11"
77.79.248.229 - - [17/Jun/2025:11:28:32 +0200] "GET /Jurek/beltimore/feeds/beltimore_piguEX.xml HTTP/1.1" 200 18652264 "-" "Python-urllib/3.11"
77.79.248.229 - - [17/Jun/2025:11:28:35 +0200] "GET /Jurek/takapara/feeds/takapara_piguEX.xml HTTP/1.1" 200 1341990 "-" "Python-urllib/3.11"
77.79.248.229 - - [17/Jun/2025:11:28:35 +0200] "GET /Jurek/takapara/feeds/takapara_piguFIEX.xml HTTP/1.1" 200 1342614 "-" "Python-urllib/3.11"
77.79.248.229 - - [17/Jun/2025:11:28:35 +0200] "GET /Jurek/takapara/feeds/takapara_piguEX.xml HTTP/1.1" 200 1341990 "-" "Python-urllib/3.11"
77.79.248.229 - - [17/Jun/2025:11:28:35 +0200] "GET /Jurek/takapara/feeds/takapara_piguEX.xml HTTP/1.1" 200 1341990 "-" "Python-urllib/3.11"
77.79.248.229 - - [17/Jun/2025:11:28:35 +0200] "GET /Jurek/tsjerzy/feeds/tsjerzy_piguEX.xml HTTP/1.1" 200 3897744 "-" "Python-urllib/3.11"
77.79.248.229 - - [17/Jun/2025:11:28:35 +0200] "GET /Jurek/tsjerzy/feeds/tsjerzy_piguFIEX.xml HTTP/1.1" 200 3897782 "-" "Python-urllib/3.11"
77.79.248.229 - - [17/Jun/2025:11:28:36 +0200] "GET /Jurek/tsjerzy/feeds/tsjerzy_piguEX.xml HTTP/1.1" 200 3897744 "-" "Python-urllib/3.11"
77.79.248.229 - - [17/Jun/2025:11:28:36 +0200] "GET /Jurek/tsjerzy/feeds/tsjerzy_piguEX.xml HTTP/1.1" 200 3897744 "-" "Python-urllib/3.11"
77.79.248.229 - - [17/Jun/2025:11:28:36 +0200] "GET /Jurek/narzbud/feeds/narzbud_piguEX.xml HTTP/1.1" 200 1901155 "-" "Python-urllib/3.11"
77.79.248.229 - - [17/Jun/2025:11:28:36 +0200] "GET /Jurek/narzbud/feeds/narzbud_piguFIEX.xml HTTP/1.1" 200 1901171 "-" "Python-urllib/3.11"
77.79.248.229 - - [17/Jun/2025:11:28:36 +0200] "GET /Jurek/narzbud/feeds/narzbud_piguEX.xml HTTP/1.1" 200 1901155 "-" "Python-urllib/3.11"
77.79.248.229 - - [17/Jun/2025:11:28:36 +0200] "GET /Jurek/narzbud/feeds/narzbud_piguEX.xml HTTP/1.1" 200 1901155 "-" "Python-urllib/3.11"
77.79.248.229 - - [17/Jun/2025:11:28:36 +0200] "GET /Jurek/pawonik/feeds/pawonik_piguEX.xml HTTP/1.1" 200 2138436 "-" "Python-urllib/3.11"
77.79.248.229 - - [17/Jun/2025:11:28:37 +0200] "GET /Jurek/pawonik/feeds/pawonik_piguFIEX.xml HTTP/1.1" 200 2138445 "-" "Python-urllib/3.11"
77.79.248.229 - - [17/Jun/2025:11:28:37 +0200] "GET /Jurek/pawonik/feeds/pawonik_piguEX.xml HTTP/1.1" 200 2138436 "-" "Python-urllib/3.11"
77.79.248.229 - - [17/Jun/2025:11:28:37 +0200] "GET /Jurek/pawonik/feeds/pawonik_piguEX.xml HTTP/1.1" 200 2138436 "-" "Python-urllib/3.11"
77.79.248.229 - - [17/Jun/2025:11:28:37 +0200] "GET /Jurek/princelh/feeds/princelh_piguEX.xml HTTP/1.1" 200 133436 "-" "Python-urllib/3.11"
77.79.248.229 - - [17/Jun/2025:11:28:37 +0200] "GET /Jurek/princelh/feeds/princelh_piguFIEX.xml HTTP/1.1" 200 133440 "-" "Python-urllib/3.11"
77.79.248.229 - - [17/Jun/2025:11:28:37 +0200] "GET /Jurek/princelh/feeds/princelh_piguEX.xml HTTP/1.1" 200 133436 "-" "Python-urllib/3.11"
77.79.248.229 - - [17/Jun/2025:11:28:37 +0200] "GET /Jurek/princelh/feeds/princelh_piguEX.xml HTTP/1.1" 200 133436 "-" "Python-urllib/3.11"
77.79.248.229 - - [17/Jun/2025:11:28:37 +0200] "GET /Jurek/proparts/feeds/proparts_piguEX.xml HTTP/1.1" 200 707488 "-" "Python-urllib/3.11"
77.79.248.229 - - [17/Jun/2025:11:28:37 +0200] "GET /Jurek/proparts/feeds/proparts_piguFIEX.xml HTTP/1.1" 200 707506 "-" "Python-urllib/3.11"
77.79.248.229 - - [17/Jun/2025:11:28:37 +0200] "GET /Jurek/proparts/feeds/proparts_piguEX.xml HTTP/1.1" 200 707488 "-" "Python-urllib/3.11"
77.79.248.229 - - [17/Jun/2025:11:28:38 +0200] "GET /Jurek/proparts/feeds/proparts_piguEX.xml HTTP/1.1" 200 707488 "-" "Python-urllib/3.11"
77.79.248.229 - - [17/Jun/2025:11:28:38 +0200] "GET /Jurek/newtechele/feeds/newtechele_piguEX.xml HTTP/1.1" 200 2438467 "-" "Python-urllib/3.11"
77.79.248.229 - - [17/Jun/2025:11:28:38 +0200] "GET /Jurek/newtechele/feeds/newtechele_piguFIEX.xml HTTP/1.1" 200 2438483 "-" "Python-urllib/3.11"
77.79.248.229 - - [17/Jun/2025:11:28:38 +0200] "GET /Jurek/newtechele/feeds/newtechele_piguEX.xml HTTP/1.1" 200 2438467 "-" "Python-urllib/3.11"
77.79.248.229 - - [17/Jun/2025:11:28:38 +0200] "GET /Jurek/newtechele/feeds/newtechele_piguEX.xml HTTP/1.1" 200 2438467 "-" "Python-urllib/3.11"
77.79.248.229 - - [17/Jun/2025:11:28:38 +0200] "GET /Jurek/lampart/feeds/lampart_piguEX.xml HTTP/1.1" 200 936011 "-" "Python-urllib/3.11"
77.79.248.229 - - [17/Jun/2025:11:28:38 +0200] "GET /Jurek/lampart/feeds/lampart_piguFIEX.xml HTTP/1.1" 200 936027 "-" "Python-urllib/3.11"
77.79.248.229 - - [17/Jun/2025:11:28:38 +0200] "GET /Jurek/lampart/feeds/lampart_piguEX.xml HTTP/1.1" 200 936011 "-" "Python-urllib/3.11"
77.79.248.229 - - [17/Jun/2025:11:28:38 +0200] "GET /Jurek/lampart/feeds/lampart_piguEX.xml HTTP/1.1" 200 936011 "-" "Python-urllib/3.11"
77.79.248.229 - - [17/Jun/2025:11:28:38 +0200] "GET /Jurek/nonabox/feeds/nonabox_piguEX.xml HTTP/1.1" 200 33865 "-" "Python-urllib/3.11"
77.79.248.229 - - [17/Jun/2025:11:28:38 +0200] "GET /Jurek/nonabox/feeds/nonabox_piguFIEX.xml HTTP/1.1" 200 33867 "-" "Python-urllib/3.11"
77.79.248.229 - - [17/Jun/2025:11:28:38 +0200] "GET /Jurek/nonabox/feeds/nonabox_piguEX.xml HTTP/1.1" 200 33865 "-" "Python-urllib/3.11"
77.79.248.229 - - [17/Jun/2025:11:28:38 +0200] "GET /Jurek/nonabox/feeds/nonabox_piguEX.xml HTTP/1.1" 200 33865 "-" "Python-urllib/3.11"
85.232.241.194 - - [17/Jun/2025:11:28:53 +0200] "GET /Jurek/asortymenteu/feeds/asortymenteu_vente_nl.xml HTTP/1.1" 200 2906718 "-" "Python-urllib/3.11"
85.232.241.194 - - [17/Jun/2025:11:29:06 +0200] "GET /Jurek/octopia/feeds/octopia_worten.xml HTTP/1.1" 200 10105104 "-" "Python-urllib/3.11"
85.232.241.194 - - [17/Jun/2025:11:29:06 +0200] "GET /Jurek/octopia/feeds/octopia_wortenES.xml HTTP/1.1" 200 10105092 "-" "Python-urllib/3.11"
69.63.184.115 - - [17/Jun/2025:11:29:12 +0200] "GET /Jurek/eurofirany/images/383828/1.jpg HTTP/2.0" 200 116107 "https://www.emag.hu/melanie-kesz-fuggony-a-csikon-140x270-cm-sotetkek-eurofirany-383828/pd/DQZB8LMBM/?fbclid=IwZXh0bgNhZW0CMTEAAR6ZUTtIFCiA_hsH-vbzK9Ve0BTrU2my9ANYQ7C8gWG7sKHNwk4xhr9Em_n12w_aem_1_y2gz-_qy58ElUm3BDG2g" "facebookexternalhit/1.1 (+http://www.facebook.com/externalhit_uatext.php)"
69.63.184.115 - - [17/Jun/2025:11:29:12 +0200] "GET /Jurek/eurofirany/images/383828/2.jpg HTTP/2.0" 200 55851 "https://www.emag.hu/melanie-kesz-fuggony-a-csikon-140x270-cm-sotetkek-eurofirany-383828/pd/DQZB8LMBM/?fbclid=IwZXh0bgNhZW0CMTEAAR6ZUTtIFCiA_hsH-vbzK9Ve0BTrU2my9ANYQ7C8gWG7sKHNwk4xhr9Em_n12w_aem_1_y2gz-_qy58ElUm3BDG2g" "facebookexternalhit/1.1 (+http://www.facebook.com/externalhit_uatext.php)"
69.63.184.115 - - [17/Jun/2025:11:29:12 +0200] "GET /Jurek/eurofirany/images/383828/4.jpg HTTP/2.0" 200 171240 "https://www.emag.hu/melanie-kesz-fuggony-a-csikon-140x270-cm-sotetkek-eurofirany-383828/pd/DQZB8LMBM/?fbclid=IwZXh0bgNhZW0CMTEAAR6ZUTtIFCiA_hsH-vbzK9Ve0BTrU2my9ANYQ7C8gWG7sKHNwk4xhr9Em_n12w_aem_1_y2gz-_qy58ElUm3BDG2g" "facebookexternalhit/1.1 (+http://www.facebook.com/externalhit_uatext.php)"
69.63.184.115 - - [17/Jun/2025:11:29:12 +0200] "GET /Jurek/eurofirany/images/383828/3.jpg HTTP/2.0" 200 150021 "https://www.emag.hu/melanie-kesz-fuggony-a-csikon-140x270-cm-sotetkek-eurofirany-383828/pd/DQZB8LMBM/?fbclid=IwZXh0bgNhZW0CMTEAAR6ZUTtIFCiA_hsH-vbzK9Ve0BTrU2my9ANYQ7C8gWG7sKHNwk4xhr9Em_n12w_aem_1_y2gz-_qy58ElUm3BDG2g" "facebookexternalhit/1.1 (+http://www.facebook.com/externalhit_uatext.php)"
69.63.184.115 - - [17/Jun/2025:11:29:12 +0200] "GET /Jurek/eurofirany/images/383828/6.jpg HTTP/2.0" 200 102962 "https://www.emag.hu/melanie-kesz-fuggony-a-csikon-140x270-cm-sotetkek-eurofirany-383828/pd/DQZB8LMBM/?fbclid=IwZXh0bgNhZW0CMTEAAR6ZUTtIFCiA_hsH-vbzK9Ve0BTrU2my9ANYQ7C8gWG7sKHNwk4xhr9Em_n12w_aem_1_y2gz-_qy58ElUm3BDG2g" "facebookexternalhit/1.1 (+http://www.facebook.com/externalhit_uatext.php)"
69.63.184.115 - - [17/Jun/2025:11:29:12 +0200] "GET /Jurek/eurofirany/images/383828/5.jpg HTTP/2.0" 200 102399 "https://www.emag.hu/melanie-kesz-fuggony-a-csikon-140x270-cm-sotetkek-eurofirany-383828/pd/DQZB8LMBM/?fbclid=IwZXh0bgNhZW0CMTEAAR6ZUTtIFCiA_hsH-vbzK9Ve0BTrU2my9ANYQ7C8gWG7sKHNwk4xhr9Em_n12w_aem_1_y2gz-_qy58ElUm3BDG2g" "facebookexternalhit/1.1 (+http://www.facebook.com/externalhit_uatext.php)"
69.63.184.115 - - [17/Jun/2025:11:29:12 +0200] "GET /Jurek/eurofirany/images/383828/7.jpg HTTP/2.0" 200 122014 "https://www.emag.hu/melanie-kesz-fuggony-a-csikon-140x270-cm-sotetkek-eurofirany-383828/pd/DQZB8LMBM/?fbclid=IwZXh0bgNhZW0CMTEAAR6ZUTtIFCiA_hsH-vbzK9Ve0BTrU2my9ANYQ7C8gWG7sKHNwk4xhr9Em_n12w_aem_1_y2gz-_qy58ElUm3BDG2g" "facebookexternalhit/1.1 (+http://www.facebook.com/externalhit_uatext.php)"
69.63.184.115 - - [17/Jun/2025:11:29:12 +0200] "GET /Jurek/eurofirany/images/383828/8.jpg HTTP/2.0" 200 116872 "https://www.emag.hu/melanie-kesz-fuggony-a-csikon-140x270-cm-sotetkek-eurofirany-383828/pd/DQZB8LMBM/?fbclid=IwZXh0bgNhZW0CMTEAAR6ZUTtIFCiA_hsH-vbzK9Ve0BTrU2my9ANYQ7C8gWG7sKHNwk4xhr9Em_n12w_aem_1_y2gz-_qy58ElUm3BDG2g" "facebookexternalhit/1.1 (+http://www.facebook.com/externalhit_uatext.php)"
69.63.184.115 - - [17/Jun/2025:11:29:12 +0200] "GET /Jurek/eurofirany/images/383828/9.jpg HTTP/2.0" 200 96461 "https://www.emag.hu/melanie-kesz-fuggony-a-csikon-140x270-cm-sotetkek-eurofirany-383828/pd/DQZB8LMBM/?fbclid=IwZXh0bgNhZW0CMTEAAR6ZUTtIFCiA_hsH-vbzK9Ve0BTrU2my9ANYQ7C8gWG7sKHNwk4xhr9Em_n12w_aem_1_y2gz-_qy58ElUm3BDG2g" "facebookexternalhit/1.1 (+http://www.facebook.com/externalhit_uatext.php)"
85.232.241.194 - - [17/Jun/2025:11:29:50 +0200] "GET /Jurek/hurtownia_przemyslowa/feeds/hp_rue.xml HTTP/1.1" 200 49361531 "-" "Python-urllib/3.11"
173.252.83.23 - - [17/Jun/2025:11:29:51 +0200] "GET /Jurek/eurofirany/images/383828/1.jpg HTTP/2.0" 200 116107 "-" "facebookexternalhit/1.1 (+http://www.facebook.com/externalhit_uatext.php)"
173.252.83.4 - - [17/Jun/2025:11:29:51 +0200] "GET /Jurek/eurofirany/images/383828/5.jpg HTTP/2.0" 200 102399 "-" "facebookexternalhit/1.1 (+http://www.facebook.com/externalhit_uatext.php)"
173.252.83.3 - - [17/Jun/2025:11:29:52 +0200] "GET /Jurek/eurofirany/images/383828/2.jpg HTTP/2.0" 200 55851 "-" "facebookexternalhit/1.1 (+http://www.facebook.com/externalhit_uatext.php)"
173.252.83.115 - - [17/Jun/2025:11:29:52 +0200] "GET /Jurek/eurofirany/images/383828/6.jpg HTTP/2.0" 200 102962 "-" "facebookexternalhit/1.1 (+http://www.facebook.com/externalhit_uatext.php)"
173.252.83.13 - - [17/Jun/2025:11:29:52 +0200] "GET /Jurek/eurofirany/images/383828/7.jpg HTTP/2.0" 200 122014 "-" "facebookexternalhit/1.1 (+http://www.facebook.com/externalhit_uatext.php)"
173.252.83.23 - - [17/Jun/2025:11:29:52 +0200] "GET /Jurek/eurofirany/images/383828/4.jpg HTTP/2.0" 200 171240 "-" "facebookexternalhit/1.1 (+http://www.facebook.com/externalhit_uatext.php)"
173.252.83.4 - - [17/Jun/2025:11:29:52 +0200] "GET /Jurek/eurofirany/images/383828/3.jpg HTTP/2.0" 200 150021 "-" "facebookexternalhit/1.1 (+http://www.facebook.com/externalhit_uatext.php)"
173.252.83.115 - - [17/Jun/2025:11:29:53 +0200] "GET /Jurek/eurofirany/images/383828/8.jpg HTTP/2.0" 200 116872 "-" "facebookexternalhit/1.1 (+http://www.facebook.com/externalhit_uatext.php)"
173.252.83.113 - - [17/Jun/2025:11:29:53 +0200] "GET /Jurek/eurofirany/images/383828/9.jpg HTTP/2.0" 200 96461 "-" "facebookexternalhit/1.1 (+http://www.facebook.com/externalhit_uatext.php)"
85.232.241.194 - - [17/Jun/2025:11:29:56 +0200] "GET /Jurek/action/feeds/action_rue.xml HTTP/1.1" 200 60825071 "-" "Python-urllib/3.11"
89.161.206.59 - - [17/Jun/2025:11:30:04 +0200] "GET /Jurek/benetech/feeds/benetech_aliex.xml HTTP/1.0" 200 4165733 "-" "-"
173.252.83.2 - - [17/Jun/2025:11:30:06 +0200] "GET /Jurek/eurofirany/images/383828/6.jpg HTTP/2.0" 200 102962 "-" "facebookexternalhit/1.1 (+http://www.facebook.com/externalhit_uatext.php)"
173.252.83.116 - - [17/Jun/2025:11:30:07 +0200] "GET /Jurek/eurofirany/images/383828/4.jpg HTTP/2.0" 200 171240 "-" "facebookexternalhit/1.1 (+http://www.facebook.com/externalhit_uatext.php)"
173.252.83.4 - - [17/Jun/2025:11:30:07 +0200] "GET /Jurek/eurofirany/images/383828/3.jpg HTTP/2.0" 200 150021 "-" "facebookexternalhit/1.1 (+http://www.facebook.com/externalhit_uatext.php)"
173.252.83.24 - - [17/Jun/2025:11:30:07 +0200] "GET /Jurek/eurofirany/images/383828/9.jpg HTTP/2.0" 200 96461 "-" "facebookexternalhit/1.1 (+http://www.facebook.com/externalhit_uatext.php)"
173.252.83.4 - - [17/Jun/2025:11:30:07 +0200] "GET /Jurek/eurofirany/images/383828/5.jpg HTTP/2.0" 200 102399 "-" "facebookexternalhit/1.1 (+http://www.facebook.com/externalhit_uatext.php)"
173.252.83.24 - - [17/Jun/2025:11:30:07 +0200] "GET /Jurek/eurofirany/images/383828/8.jpg HTTP/2.0" 200 116872 "-" "facebookexternalhit/1.1 (+http://www.facebook.com/externalhit_uatext.php)"
173.252.83.116 - - [17/Jun/2025:11:30:07 +0200] "GET /Jurek/eurofirany/images/383828/7.jpg HTTP/2.0" 200 122014 "-" "facebookexternalhit/1.1 (+http://www.facebook.com/externalhit_uatext.php)"
173.252.83.113 - - [17/Jun/2025:11:30:07 +0200] "GET /Jurek/eurofirany/images/383828/2.jpg HTTP/2.0" 200 55851 "-" "facebookexternalhit/1.1 (+http://www.facebook.com/externalhit_uatext.php)"
173.252.83.8 - - [17/Jun/2025:11:30:07 +0200] "GET /Jurek/eurofirany/images/383828/1.jpg HTTP/2.0" 200 116107 "-" "facebookexternalhit/1.1 (+http://www.facebook.com/externalhit_uatext.php)"
89.161.206.59 - - [17/Jun/2025:11:30:08 +0200] "GET /Jurek/hdwr/feeds/hdwr_aliex.xml HTTP/1.0" 200 789608 "-" "-"
89.161.206.59 - - [17/Jun/2025:11:30:08 +0200] "GET /Jurek/targethome/feeds/targethome_aliex.xml HTTP/1.0" 200 688681 "-" "-"
89.161.206.59 - - [17/Jun/2025:11:30:08 +0200] "GET /Jurek/ralmetal/feeds/ralmetal_aliex.xml HTTP/1.0" 200 2040587 "-" "-"
89.161.206.59 - - [17/Jun/2025:11:30:10 +0200] "GET /Jurek/cbdgreen/feeds/cbdgreen_aliex.xml HTTP/1.0" 200 50551 "-" "-"
89.161.206.59 - - [17/Jun/2025:11:30:10 +0200] "GET /Jurek/drops/feeds/dropsofficecolection_aliex.xml HTTP/1.0" 200 791325 "-" "-"
89.161.206.59 - - [17/Jun/2025:11:30:10 +0200] "GET /Jurek/szpaklampy/feeds/szpaklampy_aliex.xml HTTP/1.0" 200 388359 "-" "-"
89.161.206.59 - - [17/Jun/2025:11:30:11 +0200] "GET /Jurek/velinda/feeds/velinda_aliex.xml HTTP/1.0" 200 4228104 "-" "-"
89.161.206.59 - - [17/Jun/2025:11:30:11 +0200] "GET /Jurek/topeshop/feeds/topeshop_aliexpress.xml HTTP/1.0" 200 3076062 "-" "-"
85.232.241.194 - - [17/Jun/2025:11:30:21 +0200] "GET /Jurek/kinghome/feeds/kinghome_xxxlutz.xml HTTP/1.1" 200 6568058 "-" "Python-urllib/3.11"
89.161.206.59 - - [17/Jun/2025:11:30:28 +0200] "GET /Jurek/beltimore/feeds/beltimore_aliexpress.xml HTTP/1.0" 200 18654912 "-" "-"
85.232.241.194 - - [17/Jun/2025:11:30:33 +0200] "GET /Jurek/najtanszysport/feeds/najtanszysport_xxxlutz.xml HTTP/1.1" 200 3982841 "-" "Python-urllib/3.11"
89.161.206.59 - - [17/Jun/2025:11:30:36 +0200] "GET /Jurek/mosti/feeds/mosti_skroutz.xml HTTP/1.0" 200 4633516 "-" "-"
89.161.206.59 - - [17/Jun/2025:11:30:38 +0200] "GET /Jurek/rosfix/feeds/rosfix_aliexpress.xml HTTP/1.0" 200 35771662 "-" "-"
89.161.206.59 - - [17/Jun/2025:11:30:39 +0200] "GET /Jurek/kamar/feeds/kamar_aliex.xml HTTP/1.0" 200 25554846 "-" "-"
89.161.206.59 - - [17/Jun/2025:11:30:42 +0200] "GET /Jurek/mojeledy/feeds/mojeledy_aliex.xml HTTP/1.0" 200 1018605 "-" "-"
89.161.206.59 - - [17/Jun/2025:11:30:42 +0200] "GET /Jurek/filmal/feeds/filmal_aliex.xml HTTP/1.0" 200 139294 "-" "-"
89.161.206.59 - - [17/Jun/2025:11:30:42 +0200] "GET /Jurek/fertes/feeds/fertes_aliex.xml HTTP/1.0" 200 2362278 "-" "-"
89.161.206.59 - - [17/Jun/2025:11:30:42 +0200] "GET /Jurek/mechdecor/feeds/mechdecor_aliex.xml HTTP/1.0" 200 596291 "-" "-"
89.161.206.59 - - [17/Jun/2025:11:30:43 +0200] "GET /Jurek/avenido/feeds/avenido_aliex.xml HTTP/1.0" 200 720151 "-" "-"
89.161.206.59 - - [17/Jun/2025:11:30:44 +0200] "GET /Jurek/sovapl/feeds/sovapl_aliex.xml HTTP/1.0" 200 9002290 "-" "-"
89.161.206.59 - - [17/Jun/2025:11:30:45 +0200] "GET /Jurek/missionair/feeds/missionair_aliex.xml HTTP/1.0" 200 3155064 "-" "-"
85.232.241.194 - - [17/Jun/2025:11:30:45 +0200] "GET /Jurek/asortymenteu/feeds/asortymenteu_xxxlutz.xml HTTP/1.1" 200 2906710 "-" "Python-urllib/3.11"
89.161.206.59 - - [17/Jun/2025:11:30:47 +0200] "GET /Jurek/apresto/feeds/apresto_aliex.xml HTTP/1.0" 200 1327785 "-" "-"
89.161.206.59 - - [17/Jun/2025:11:30:47 +0200] "GET /Jurek/riko/feeds/riko_aliex.xml HTTP/1.0" 200 3786454 "-" "-"
89.161.206.59 - - [17/Jun/2025:11:30:47 +0200] "GET /Jurek/gandalf/feeds/gandalf_aliex.xml HTTP/1.0" 200 1082569 "-" "-"
89.161.206.59 - - [17/Jun/2025:11:30:48 +0200] "GET /Jurek/andex/feeds/andex_aliex.xml HTTP/1.0" 200 1953911 "-" "-"
89.161.206.59 - - [17/Jun/2025:11:30:48 +0200] "GET /Jurek/jakdroz/feeds/jakdroz_aliex.xml HTTP/1.0" 200 4090150 "-" "-"
89.161.206.59 - - [17/Jun/2025:11:30:49 +0200] "GET /Jurek/sebmart/feeds/sebmart_aliex.xml HTTP/1.0" 200 1599090 "-" "-"
89.161.206.59 - - [17/Jun/2025:11:30:50 +0200] "GET /Jurek/kalama/feeds/kalama_aliex.xml HTTP/1.0" 200 2662093 "-" "-"
89.161.206.59 - - [17/Jun/2025:11:30:50 +0200] "GET /Jurek/bemipol/feeds/bemipol_aliex.xml HTTP/1.0" 200 423673 "-" "-"
89.161.206.59 - - [17/Jun/2025:11:30:50 +0200] "GET /Jurek/tsjerzy/feeds/tsjerzy_aliex.xml HTTP/1.0" 200 3899788 "-" "-"
89.161.206.59 - - [17/Jun/2025:11:30:51 +0200] "GET /Jurek/lampart/feeds/lampart_aliex.xml HTTP/1.0" 200 936194 "-" "-"
85.232.241.194 - - [17/Jun/2025:11:30:52 +0200] "GET /Jurek/kidshop/feeds/kidshop_xxxlutz.xml HTTP/1.1" 200 19850677 "-" "Python-urllib/3.11"
89.161.206.59 - - [17/Jun/2025:11:30:52 +0200] "GET /Jurek/takapara/feeds/takapara_aliex.xml HTTP/1.0" 200 1342578 "-" "-"
89.161.206.59 - - [17/Jun/2025:11:30:53 +0200] "GET /Jurek/equalo/feeds/equalo_aliex.xml HTTP/1.0" 200 98023 "-" "-"
89.161.206.59 - - [17/Jun/2025:11:30:53 +0200] "GET /Jurek/newtechele/feeds/newtechele_aliex.xml HTTP/1.0" 200 2438683 "-" "-"
89.161.206.59 - - [17/Jun/2025:11:30:53 +0200] "GET /Jurek/nonabox/feeds/nonabox_aliex.xml HTTP/1.0" 200 33874 "-" "-"
89.161.206.59 - - [17/Jun/2025:11:30:53 +0200] "GET /Jurek/cenoman/feeds/cenoman_aliex.xml HTTP/1.0" 200 5993698 "-" "-"
89.161.206.59 - - [17/Jun/2025:11:30:54 +0200] "GET /Jurek/regis/feeds/regis_aliex.xml HTTP/1.0" 200 228479 "-" "-"
89.161.206.59 - - [17/Jun/2025:11:30:55 +0200] "GET /Jurek/zami/feeds/zami_aliex.xml HTTP/1.0" 200 4474489 "-" "-"
89.161.206.59 - - [17/Jun/2025:11:30:55 +0200] "GET /Jurek/zenex/feeds/zenex_aliex.xml HTTP/1.0" 200 540474 "-" "-"
89.161.206.59 - - [17/Jun/2025:11:30:57 +0200] "GET /Jurek/hurtownia_przemyslowa/feeds/hp_aliex.xml HTTP/1.0" 200 49367004 "-" "-"
89.161.206.59 - - [17/Jun/2025:11:31:01 +0200] "GET /Jurek/aiofactory/feeds/aiofactory_aliexPL.xml HTTP/1.0" 200 2123878 "-" "-"
89.161.206.59 - - [17/Jun/2025:11:31:09 +0200] "GET /Jurek/carbonyway/feeds/carbonyway_aliexPL.xml HTTP/1.0" 200 3076155 "-" "-"
66.135.223.43 - - [17/Jun/2025:11:31:15 +0200] "GET /Jurek/eurofirany/images/452106/0.jpg HTTP/1.1" 200 129330 "-" "Java/17.0.14.0.101"
85.232.241.194 - - [17/Jun/2025:11:31:22 +0200] "GET /Jurek/ikonka/feeds/ikonka_worten.xml HTTP/1.1" 200 21265217 "-" "Python-urllib/3.11"
85.232.241.194 - - [17/Jun/2025:11:31:22 +0200] "GET /Jurek/ikonka/feeds/ikonka_wortenES.xml HTTP/1.1" 200 21265166 "-" "Python-urllib/3.11"
66.135.223.43 - - [17/Jun/2025:11:31:24 +0200] "GET /Jurek/eurofirany/images/452373/0.jpg HTTP/1.1" 200 103544 "-" "Java/17.0.14.0.101"
216.113.184.104 - - [17/Jun/2025:11:31:26 +0200] "GET /Jurek/eurofirany/images/452108/0.jpg HTTP/1.1" 200 129069 "http://www.ebay.com/" "Mozilla/5.0 (Windows NT 10.0; Win64; x64) AppleWebKit/537.36 (KHTML, like Gecko) Chrome/123.0.0.0 Safari/537.36"
216.113.184.105 - - [17/Jun/2025:11:31:26 +0200] "GET /Jurek/eurofirany/images/452108/1.jpg HTTP/1.1" 200 43923 "http://www.ebay.com/" "Mozilla/5.0 (Windows NT 10.0; Win64; x64) AppleWebKit/537.36 (KHTML, like Gecko) Chrome/123.0.0.0 Safari/537.36"
216.113.184.104 - - [17/Jun/2025:11:31:26 +0200] "GET /Jurek/eurofirany/images/452108/2.jpg HTTP/1.1" 200 164776 "http://www.ebay.com/" "Mozilla/5.0 (Windows NT 10.0; Win64; x64) AppleWebKit/537.36 (KHTML, like Gecko) Chrome/123.0.0.0 Safari/537.36"
85.232.241.194 - - [17/Jun/2025:11:31:34 +0200] "GET /Jurek/naszedzieci/feeds/naszedzieci_xxxlutz.xml HTTP/1.1" 200 833165963 "-" "Python-urllib/3.11"
66.135.223.43 - - [17/Jun/2025:11:31:35 +0200] "GET /Jurek/eurofirany/images/452097/0.jpg HTTP/1.1" 200 157756 "-" "Java/17.0.14.0.101"
85.232.241.194 - - [17/Jun/2025:11:31:40 +0200] "GET /Jurek/roger/feeds/roger_xxxlutz.xml HTTP/1.1" 200 1396570 "-" "Python-urllib/3.11"
85.232.241.194 - - [17/Jun/2025:11:31:41 +0200] "GET /Jurek/broers/feeds/broers_xxxlutz.xml HTTP/1.1" 200 1982424 "-" "Python-urllib/3.11"
66.135.223.40 - - [17/Jun/2025:11:31:44 +0200] "GET /Jurek/eurofirany/images/457113/0.jpg HTTP/1.1" 200 80937 "-" "Java/17.0.14.0.101"
66.135.223.40 - - [17/Jun/2025:11:31:45 +0200] "GET /Jurek/eurofirany/images/454602/0.jpg HTTP/1.1" 200 79966 "-" "Java/17.0.14.0.101"
85.232.241.194 - - [17/Jun/2025:11:31:46 +0200] "GET /Jurek/smxdesign/feeds/smxdesign_xxxlutz.xml HTTP/1.1" 200 1829015 "-" "Python-urllib/3.11"
85.232.241.194 - - [17/Jun/2025:11:31:46 +0200] "GET /Jurek/kamar/feeds/kamar_xxxlutz.xml HTTP/1.1" 200 25549797 "-" "Python-urllib/3.11"
66.211.183.73 - - [17/Jun/2025:11:31:48 +0200] "GET /Jurek/eurofirany/images/452110/0.jpg HTTP/1.1" 200 136652 "-" "Java/17.0.14.0.101"
85.232.241.194 - - [17/Jun/2025:11:31:52 +0200] "GET /Jurek/ikonka/feeds/ikonka_rue.xml HTTP/1.1" 200 21265180 "-" "Python-urllib/3.11"
85.232.241.194 - - [17/Jun/2025:11:31:52 +0200] "GET /Jurek/kinghome/feeds/kinghome_rue.xml HTTP/1.1" 200 6568050 "-" "Python-urllib/3.11"
85.232.241.194 - - [17/Jun/2025:11:31:52 +0200] "GET /Jurek/fernity/feeds/fernity_rue.xml HTTP/1.1" 200 4960905 "-" "Python-urllib/3.11"
85.232.241.194 - - [17/Jun/2025:11:31:53 +0200] "GET /Jurek/awparts/feeds/awparts_xxxlutz.xml HTTP/1.1" 200 142299343 "-" "Python-urllib/3.11"
85.232.241.194 - - [17/Jun/2025:11:31:53 +0200] "GET /Jurek/topeshop/feeds/topeshop_rue.xml HTTP/1.1" 200 3075801 "-" "Python-urllib/3.11"
66.135.223.41 - - [17/Jun/2025:11:31:59 +0200] "GET /Jurek/eurofirany/images/457327/0.jpg HTTP/1.1" 200 225191 "-" "Java/17.0.14.0.101"
85.232.241.194 - - [17/Jun/2025:11:32:00 +0200] "GET /Jurek/intsell/feeds/intsell_worten.xml HTTP/1.1" 200 342009117 "-" "Python-urllib/3.11"
66.135.223.40 - - [17/Jun/2025:11:32:05 +0200] "GET /Jurek/eurofirany/images/457322/0.jpg HTTP/1.1" 200 177113 "-" "Java/17.0.14.0.101"
85.232.241.194 - - [17/Jun/2025:11:32:10 +0200] "GET /Jurek/apresto/feeds/apresto_xxxlutz.xml HTTP/1.1" 200 1327586 "-" "Python-urllib/3.11"
66.135.223.40 - - [17/Jun/2025:11:32:12 +0200] "GET /Jurek/eurofirany/images/410356/0.jpg HTTP/1.1" 200 149957 "-" "Java/17.0.14.0.101"
66.135.223.43 - - [17/Jun/2025:11:32:16 +0200] "GET /Jurek/eurofirany/images/453020/0.jpg HTTP/1.1" 200 74174 "http://www.ebay.com/" "Mozilla/5.0 (Windows NT 10.0; Win64; x64) AppleWebKit/537.36 (KHTML, like Gecko) Chrome/123.0.0.0 Safari/537.36"
66.135.223.44 - - [17/Jun/2025:11:32:16 +0200] "GET /Jurek/eurofirany/images/453020/2.jpg HTTP/1.1" 200 54448 "http://www.ebay.com/" "Mozilla/5.0 (Windows NT 10.0; Win64; x64) AppleWebKit/537.36 (KHTML, like Gecko) Chrome/123.0.0.0 Safari/537.36"
66.135.223.44 - - [17/Jun/2025:11:32:16 +0200] "GET /Jurek/eurofirany/images/453020/1.jpg HTTP/1.1" 200 46441 "http://www.ebay.com/" "Mozilla/5.0 (Windows NT 10.0; Win64; x64) AppleWebKit/537.36 (KHTML, like Gecko) Chrome/123.0.0.0 Safari/537.36"
66.135.223.41 - - [17/Jun/2025:11:32:16 +0200] "GET /Jurek/eurofirany/images/453020/3.jpg HTTP/1.1" 200 79330 "http://www.ebay.com/" "Mozilla/5.0 (Windows NT 10.0; Win64; x64) AppleWebKit/537.36 (KHTML, like Gecko) Chrome/123.0.0.0 Safari/537.36"
66.135.223.42 - - [17/Jun/2025:11:32:16 +0200] "GET /Jurek/eurofirany/images/453020/4.jpg HTTP/1.1" 200 71612 "http://www.ebay.com/" "Mozilla/5.0 (Windows NT 10.0; Win64; x64) AppleWebKit/537.36 (KHTML, like Gecko) Chrome/123.0.0.0 Safari/537.36"
66.135.223.42 - - [17/Jun/2025:11:32:16 +0200] "GET /Jurek/eurofirany/images/453020/5.jpg HTTP/1.1" 200 131748 "http://www.ebay.com/" "Mozilla/5.0 (Windows NT 10.0; Win64; x64) AppleWebKit/537.36 (KHTML, like Gecko) Chrome/123.0.0.0 Safari/537.36"
85.232.241.194 - - [17/Jun/2025:11:32:17 +0200] "GET /Jurek/stiv/feeds/stiv_xxlutz.xml HTTP/1.1" 200 2056812 "-" "Python-urllib/3.11"
66.135.223.44 - - [17/Jun/2025:11:32:20 +0200] "GET /Jurek/eurofirany/images/452369/0.jpg HTTP/1.1" 200 96851 "http://www.ebay.com/" "Mozilla/5.0 (Windows NT 10.0; Win64; x64) AppleWebKit/537.36 (KHTML, like Gecko) Chrome/123.0.0.0 Safari/537.36"
66.135.223.43 - - [17/Jun/2025:11:32:20 +0200] "GET /Jurek/eurofirany/images/452369/1.jpg HTTP/1.1" 200 76963 "http://www.ebay.com/" "Mozilla/5.0 (Windows NT 10.0; Win64; x64) AppleWebKit/537.36 (KHTML, like Gecko) Chrome/123.0.0.0 Safari/537.36"
66.135.223.42 - - [17/Jun/2025:11:32:21 +0200] "GET /Jurek/eurofirany/images/452369/2.jpg HTTP/1.1" 200 139093 "http://www.ebay.com/" "Mozilla/5.0 (Windows NT 10.0; Win64; x64) AppleWebKit/537.36 (KHTML, like Gecko) Chrome/123.0.0.0 Safari/537.36"
85.232.241.194 - - [17/Jun/2025:11:32:24 +0200] "GET /Jurek/intsell/feeds/intsell_wortenES.xml HTTP/1.1" 200 342009848 "-" "Python-urllib/3.11"
66.211.183.71 - - [17/Jun/2025:11:32:29 +0200] "GET /Jurek/eurofirany/images/452374/0.jpg HTTP/1.1" 200 101586 "-" "Java/17.0.14.0.101"
85.232.241.194 - - [17/Jun/2025:11:32:30 +0200] "GET /Jurek/b3/feeds/b3_worten.xml HTTP/1.1" 200 8509283 "-" "Python-urllib/3.11"
85.232.241.194 - - [17/Jun/2025:11:32:30 +0200] "GET /Jurek/b3/feeds/b3_wortenES.xml HTTP/1.1" 200 8509164 "-" "Python-urllib/3.11"
85.232.241.194 - - [17/Jun/2025:11:32:30 +0200] "GET /Jurek/ekuchcikowo/feeds/ekuchcikowo_worten.xml HTTP/1.1" 200 12471029 "-" "Python-urllib/3.11"
85.232.241.194 - - [17/Jun/2025:11:32:31 +0200] "GET /Jurek/ekuchcikowo/feeds/ekuchcikowo_wortenES.xml HTTP/1.1" 200 12471016 "-" "Python-urllib/3.11"
85.232.241.194 - - [17/Jun/2025:11:32:31 +0200] "GET /Jurek/fertone/feeds/fertone_worten.xml HTTP/1.1" 200 584071 "-" "Python-urllib/3.11"
85.232.241.194 - - [17/Jun/2025:11:32:36 +0200] "GET /Jurek/fertone/feeds/fertone_wortenES.xml HTTP/1.1" 200 584093 "-" "Python-urllib/3.11"
85.232.241.194 - - [17/Jun/2025:11:32:37 +0200] "GET /Jurek/sempler/feeds/sempler_worten.xml HTTP/1.1" 200 6787951 "-" "Python-urllib/3.11"
85.232.241.194 - - [17/Jun/2025:11:32:37 +0200] "GET /Jurek/emibig/feeds/emibig_rue.xml HTTP/1.1" 200 2520080 "-" "Python-urllib/3.11"
85.232.241.194 - - [17/Jun/2025:11:32:42 +0200] "GET /Jurek/sempler/feeds/sempler_wortenES.xml HTTP/1.1" 200 6787971 "-" "Python-urllib/3.11"
85.232.241.194 - - [17/Jun/2025:11:32:43 +0200] "GET /Jurek/eurofirany/feeds/eurofirany_rue.xml HTTP/1.1" 200 19507420 "-" "Python-urllib/3.11"
85.232.241.194 - - [17/Jun/2025:11:32:43 +0200] "GET /Jurek/amzteam/feeds/amzteam_rue.xml HTTP/1.1" 200 97829 "-" "Python-urllib/3.11"
85.232.241.194 - - [17/Jun/2025:11:32:43 +0200] "GET /Jurek/kambukka/feeds/kambukka_rue.xml HTTP/1.1" 200 1023432 "-" "Python-urllib/3.11"
85.232.241.194 - - [17/Jun/2025:11:32:48 +0200] "GET /Jurek/benetech/feeds/benetech_RUE.xml HTTP/1.1" 200 4165492 "-" "Python-urllib/3.11"
85.232.241.194 - - [17/Jun/2025:11:32:48 +0200] "GET /Jurek/swiatecznygoliat/feeds/swiatecznygoliat_RUE.xml HTTP/1.1" 200 7050856 "-" "Python-urllib/3.11"
85.232.241.194 - - [17/Jun/2025:11:32:49 +0200] "GET /Jurek/artdog/feeds/artdog_RUE.xml HTTP/1.1" 200 17158845 "-" "Python-urllib/3.11"
66.211.183.73 - - [17/Jun/2025:11:32:49 +0200] "GET /Jurek/eurofirany/images/452374/0.jpg HTTP/1.1" 200 101586 "http://www.ebay.com/" "Mozilla/5.0 (Windows NT 10.0; Win64; x64) AppleWebKit/537.36 (KHTML, like Gecko) Chrome/123.0.0.0 Safari/537.36"
66.211.183.73 - - [17/Jun/2025:11:32:49 +0200] "GET /Jurek/eurofirany/images/452374/1.jpg HTTP/1.1" 200 78635 "http://www.ebay.com/" "Mozilla/5.0 (Windows NT 10.0; Win64; x64) AppleWebKit/537.36 (KHTML, like Gecko) Chrome/123.0.0.0 Safari/537.36"
66.211.183.74 - - [17/Jun/2025:11:32:49 +0200] "GET /Jurek/eurofirany/images/452374/2.jpg HTTP/1.1" 200 143444 "http://www.ebay.com/" "Mozilla/5.0 (Windows NT 10.0; Win64; x64) AppleWebKit/537.36 (KHTML, like Gecko) Chrome/123.0.0.0 Safari/537.36"
85.232.241.194 - - [17/Jun/2025:11:32:49 +0200] "GET /Jurek/hdwr/feeds/hdwr_RUE.xml HTTP/1.1" 200 789442 "-" "Python-urllib/3.11"
216.113.184.101 - - [17/Jun/2025:11:32:53 +0200] "GET /Jurek/eurofirany/images/457322/1.jpg HTTP/1.1" 200 64422 "http://www.ebay.com/" "Mozilla/5.0 (Windows NT 10.0; Win64; x64) AppleWebKit/537.36 (KHTML, like Gecko) Chrome/123.0.0.0 Safari/537.36"
216.113.184.104 - - [17/Jun/2025:11:32:53 +0200] "GET /Jurek/eurofirany/images/457322/3.jpg HTTP/1.1" 200 141545 "http://www.ebay.com/" "Mozilla/5.0 (Windows NT 10.0; Win64; x64) AppleWebKit/537.36 (KHTML, like Gecko) Chrome/123.0.0.0 Safari/537.36"
216.113.184.104 - - [17/Jun/2025:11:32:53 +0200] "GET /Jurek/eurofirany/images/457322/2.jpg HTTP/1.1" 200 132642 "http://www.ebay.com/" "Mozilla/5.0 (Windows NT 10.0; Win64; x64) AppleWebKit/537.36 (KHTML, like Gecko) Chrome/123.0.0.0 Safari/537.36"
216.113.184.101 - - [17/Jun/2025:11:32:53 +0200] "GET /Jurek/eurofirany/images/457322/4.jpg HTTP/1.1" 200 133494 "http://www.ebay.com/" "Mozilla/5.0 (Windows NT 10.0; Win64; x64) AppleWebKit/537.36 (KHTML, like Gecko) Chrome/123.0.0.0 Safari/537.36"
216.113.184.104 - - [17/Jun/2025:11:32:54 +0200] "GET /Jurek/eurofirany/images/457322/5.jpg HTTP/1.1" 200 198562 "http://www.ebay.com/" "Mozilla/5.0 (Windows NT 10.0; Win64; x64) AppleWebKit/537.36 (KHTML, like Gecko) Chrome/123.0.0.0 Safari/537.36"
216.113.184.102 - - [17/Jun/2025:11:32:54 +0200] "GET /Jurek/eurofirany/images/457322/0.jpg HTTP/1.1" 200 177113 "http://www.ebay.com/" "Mozilla/5.0 (Windows NT 10.0; Win64; x64) AppleWebKit/537.36 (KHTML, like Gecko) Chrome/123.0.0.0 Safari/537.36"
85.232.241.194 - - [17/Jun/2025:11:32:55 +0200] "GET /Jurek/sempler/feeds/sempler_rue.xml HTTP/1.1" 200 6787929 "-" "Python-urllib/3.11"
85.232.241.194 - - [17/Jun/2025:11:32:56 +0200] "GET /Jurek/oromed/feeds/oromed_rue.xml HTTP/1.1" 200 1283929 "-" "Python-urllib/3.11"
85.232.241.194 - - [17/Jun/2025:11:33:01 +0200] "GET /Jurek/ekuchcikowo/feeds/ekuchcikowo_rue.xml HTTP/1.1" 200 12471006 "-" "Python-urllib/3.11"
89.161.206.59 - - [17/Jun/2025:11:33:03 +0200] "GET /Jurek/pupus/feeds/pupus_amazonse.xml HTTP/1.0" 200 6156536 "-" "-"
66.135.223.40 - - [17/Jun/2025:11:33:18 +0200] "GET /Jurek/eurofirany/images/457327/1.jpg HTTP/1.1" 200 87663 "http://www.ebay.com/" "Mozilla/5.0 (Windows NT 10.0; Win64; x64) AppleWebKit/537.36 (KHTML, like Gecko) Chrome/123.0.0.0 Safari/537.36"
66.135.223.43 - - [17/Jun/2025:11:33:19 +0200] "GET /Jurek/eurofirany/images/457327/5.jpg HTTP/1.1" 200 198562 "http://www.ebay.com/" "Mozilla/5.0 (Windows NT 10.0; Win64; x64) AppleWebKit/537.36 (KHTML, like Gecko) Chrome/123.0.0.0 Safari/537.36"
66.135.223.43 - - [17/Jun/2025:11:33:19 +0200] "GET /Jurek/eurofirany/images/457327/0.jpg HTTP/1.1" 200 225191 "http://www.ebay.com/" "Mozilla/5.0 (Windows NT 10.0; Win64; x64) AppleWebKit/537.36 (KHTML, like Gecko) Chrome/123.0.0.0 Safari/537.36"
66.135.223.42 - - [17/Jun/2025:11:33:19 +0200] "GET /Jurek/eurofirany/images/457327/2.jpg HTTP/1.1" 200 233614 "http://www.ebay.com/" "Mozilla/5.0 (Windows NT 10.0; Win64; x64) AppleWebKit/537.36 (KHTML, like Gecko) Chrome/123.0.0.0 Safari/537.36"
66.135.223.40 - - [17/Jun/2025:11:33:19 +0200] "GET /Jurek/eurofirany/images/457327/4.jpg HTTP/1.1" 200 228459 "http://www.ebay.com/" "Mozilla/5.0 (Windows NT 10.0; Win64; x64) AppleWebKit/537.36 (KHTML, like Gecko) Chrome/123.0.0.0 Safari/537.36"
216.113.184.104 - - [17/Jun/2025:11:33:19 +0200] "GET /Jurek/eurofirany/images/457328/1.jpg HTTP/1.1" 200 70599 "http://www.ebay.com/" "Mozilla/5.0 (Windows NT 10.0; Win64; x64) AppleWebKit/537.36 (KHTML, like Gecko) Chrome/123.0.0.0 Safari/537.36"
66.135.223.41 - - [17/Jun/2025:11:33:19 +0200] "GET /Jurek/eurofirany/images/457327/3.jpg HTTP/1.1" 200 256973 "http://www.ebay.com/" "Mozilla/5.0 (Windows NT 10.0; Win64; x64) AppleWebKit/537.36 (KHTML, like Gecko) Chrome/123.0.0.0 Safari/537.36"
216.113.184.103 - - [17/Jun/2025:11:33:19 +0200] "GET /Jurek/eurofirany/images/457328/0.jpg HTTP/1.1" 200 194272 "http://www.ebay.com/" "Mozilla/5.0 (Windows NT 10.0; Win64; x64) AppleWebKit/537.36 (KHTML, like Gecko) Chrome/123.0.0.0 Safari/537.36"
216.113.184.104 - - [17/Jun/2025:11:33:19 +0200] "GET /Jurek/eurofirany/images/457328/5.jpg HTTP/1.1" 200 198562 "http://www.ebay.com/" "Mozilla/5.0 (Windows NT 10.0; Win64; x64) AppleWebKit/537.36 (KHTML, like Gecko) Chrome/123.0.0.0 Safari/537.36"
216.113.184.102 - - [17/Jun/2025:11:33:19 +0200] "GET /Jurek/eurofirany/images/457328/2.jpg HTTP/1.1" 200 205061 "http://www.ebay.com/" "Mozilla/5.0 (Windows NT 10.0; Win64; x64) AppleWebKit/537.36 (KHTML, like Gecko) Chrome/123.0.0.0 Safari/537.36"
89.161.206.59 - - [17/Jun/2025:11:33:19 +0200] "GET /Jurek/asortymenteu/feeds/asortymenteu_aliex.xml HTTP/1.0" 200 2457060 "-" "-"
216.113.184.105 - - [17/Jun/2025:11:33:19 +0200] "GET /Jurek/eurofirany/images/457328/4.jpg HTTP/1.1" 200 217070 "http://www.ebay.com/" "Mozilla/5.0 (Windows NT 10.0; Win64; x64) AppleWebKit/537.36 (KHTML, like Gecko) Chrome/123.0.0.0 Safari/537.36"
216.113.184.101 - - [17/Jun/2025:11:33:19 +0200] "GET /Jurek/eurofirany/images/457328/3.jpg HTTP/1.1" 200 225711 "http://www.ebay.com/" "Mozilla/5.0 (Windows NT 10.0; Win64; x64) AppleWebKit/537.36 (KHTML, like Gecko) Chrome/123.0.0.0 Safari/537.36"
89.161.206.59 - - [17/Jun/2025:11:33:20 +0200] "GET /Jurek/kinghoff/feeds/kinghoff_aliex.xml HTTP/1.0" 200 15668260 "-" "-"
85.232.241.194 - - [17/Jun/2025:11:33:20 +0200] "GET /Jurek/erohurtownia/feeds/erohurtownia_worten.xml HTTP/1.1" 200 22846535 "-" "Python-urllib/3.11"
66.135.223.41 - - [17/Jun/2025:11:33:22 +0200] "GET /Jurek/eurofirany/images/454474/0.jpg HTTP/1.1" 200 130548 "http://www.ebay.com/" "Mozilla/5.0 (Windows NT 10.0; Win64; x64) AppleWebKit/537.36 (KHTML, like Gecko) Chrome/123.0.0.0 Safari/537.36"
66.135.223.42 - - [17/Jun/2025:11:33:22 +0200] "GET /Jurek/eurofirany/images/454474/4.jpg HTTP/1.1" 200 57584 "http://www.ebay.com/" "Mozilla/5.0 (Windows NT 10.0; Win64; x64) AppleWebKit/537.36 (KHTML, like Gecko) Chrome/123.0.0.0 Safari/537.36"
66.135.223.42 - - [17/Jun/2025:11:33:22 +0200] "GET /Jurek/eurofirany/images/454474/3.jpg HTTP/1.1" 200 0 "http://www.ebay.com/" "Mozilla/5.0 (Windows NT 10.0; Win64; x64) AppleWebKit/537.36 (KHTML, like Gecko) Chrome/123.0.0.0 Safari/537.36"
66.135.223.44 - - [17/Jun/2025:11:33:22 +0200] "GET /Jurek/eurofirany/images/454474/1.jpg HTTP/1.1" 200 135459 "http://www.ebay.com/" "Mozilla/5.0 (Windows NT 10.0; Win64; x64) AppleWebKit/537.36 (KHTML, like Gecko) Chrome/123.0.0.0 Safari/537.36"
66.135.223.43 - - [17/Jun/2025:11:33:22 +0200] "GET /Jurek/eurofirany/images/454474/2.jpg HTTP/1.1" 200 137688 "http://www.ebay.com/" "Mozilla/5.0 (Windows NT 10.0; Win64; x64) AppleWebKit/537.36 (KHTML, like Gecko) Chrome/123.0.0.0 Safari/537.36"
66.135.223.44 - - [17/Jun/2025:11:33:22 +0200] "GET /Jurek/eurofirany/images/454474/5.jpg HTTP/1.1" 200 175272 "http://www.ebay.com/" "Mozilla/5.0 (Windows NT 10.0; Win64; x64) AppleWebKit/537.36 (KHTML, like Gecko) Chrome/123.0.0.0 Safari/537.36"
66.135.223.43 - - [17/Jun/2025:11:33:22 +0200] "GET /Jurek/eurofirany/images/454474/6.jpg HTTP/1.1" 200 178794 "http://www.ebay.com/" "Mozilla/5.0 (Windows NT 10.0; Win64; x64) AppleWebKit/537.36 (KHTML, like Gecko) Chrome/123.0.0.0 Safari/537.36"
89.161.206.59 - - [17/Jun/2025:11:33:23 +0200] "GET /Jurek/waks/feeds/waks_aliex.xml HTTP/1.0" 200 1598639 "-" "-"
89.161.206.59 - - [17/Jun/2025:11:33:24 +0200] "GET /Jurek/slayo/feeds/slayo_aliex.xml HTTP/1.0" 200 183594 "-" "-"
89.161.206.59 - - [17/Jun/2025:11:33:24 +0200] "GET /Jurek/sempler/feeds/sempler_aliex.xml HTTP/1.0" 200 6788456 "-" "-"
89.161.206.59 - - [17/Jun/2025:11:33:25 +0200] "GET /Jurek/pawonik/feeds/pawonik_aliex.xml HTTP/1.0" 200 2138686 "-" "-"
66.211.183.70 - - [17/Jun/2025:11:33:26 +0200] "GET /Jurek/eurofirany/images/457320/4.jpg HTTP/1.1" 200 99316 "http://www.ebay.com/" "Mozilla/5.0 (Windows NT 10.0; Win64; x64) AppleWebKit/537.36 (KHTML, like Gecko) Chrome/123.0.0.0 Safari/537.36"
66.211.183.70 - - [17/Jun/2025:11:33:26 +0200] "GET /Jurek/eurofirany/images/457320/1.jpg HTTP/1.1" 200 58608 "http://www.ebay.com/" "Mozilla/5.0 (Windows NT 10.0; Win64; x64) AppleWebKit/537.36 (KHTML, like Gecko) Chrome/123.0.0.0 Safari/537.36"
66.211.183.72 - - [17/Jun/2025:11:33:26 +0200] "GET /Jurek/eurofirany/images/457320/2.jpg HTTP/1.1" 200 103833 "http://www.ebay.com/" "Mozilla/5.0 (Windows NT 10.0; Win64; x64) AppleWebKit/537.36 (KHTML, like Gecko) Chrome/123.0.0.0 Safari/537.36"
66.211.183.74 - - [17/Jun/2025:11:33:26 +0200] "GET /Jurek/eurofirany/images/457320/3.jpg HTTP/1.1" 200 110553 "http://www.ebay.com/" "Mozilla/5.0 (Windows NT 10.0; Win64; x64) AppleWebKit/537.36 (KHTML, like Gecko) Chrome/123.0.0.0 Safari/537.36"
66.211.183.70 - - [17/Jun/2025:11:33:26 +0200] "GET /Jurek/eurofirany/images/457320/0.jpg HTTP/1.1" 200 145304 "http://www.ebay.com/" "Mozilla/5.0 (Windows NT 10.0; Win64; x64) AppleWebKit/537.36 (KHTML, like Gecko) Chrome/123.0.0.0 Safari/537.36"
66.211.183.73 - - [17/Jun/2025:11:33:26 +0200] "GET /Jurek/eurofirany/images/457320/5.jpg HTTP/1.1" 200 198562 "http://www.ebay.com/" "Mozilla/5.0 (Windows NT 10.0; Win64; x64) AppleWebKit/537.36 (KHTML, like Gecko) Chrome/123.0.0.0 Safari/537.36"
85.232.241.194 - - [17/Jun/2025:11:33:26 +0200] "GET /Jurek/erohurtownia/feeds/erohurtownia_wortenES.xml HTTP/1.1" 200 22846591 "-" "Python-urllib/3.11"
66.211.183.73 - - [17/Jun/2025:11:33:27 +0200] "GET /Jurek/eurofirany/images/452373/0.jpg HTTP/1.1" 200 103544 "http://www.ebay.com/" "Mozilla/5.0 (Windows NT 10.0; Win64; x64) AppleWebKit/537.36 (KHTML, like Gecko) Chrome/123.0.0.0 Safari/537.36"
66.211.183.73 - - [17/Jun/2025:11:33:27 +0200] "GET /Jurek/eurofirany/images/452373/1.jpg HTTP/1.1" 200 78794 "http://www.ebay.com/" "Mozilla/5.0 (Windows NT 10.0; Win64; x64) AppleWebKit/537.36 (KHTML, like Gecko) Chrome/123.0.0.0 Safari/537.36"
66.211.183.74 - - [17/Jun/2025:11:33:27 +0200] "GET /Jurek/eurofirany/images/452373/2.jpg HTTP/1.1" 200 140795 "http://www.ebay.com/" "Mozilla/5.0 (Windows NT 10.0; Win64; x64) AppleWebKit/537.36 (KHTML, like Gecko) Chrome/123.0.0.0 Safari/537.36"
89.161.206.59 - - [17/Jun/2025:11:33:28 +0200] "GET /Jurek/amzteam/feeds/amzteam_aliex.xml HTTP/1.0" 200 97864 "-" "-"
89.161.206.59 - - [17/Jun/2025:11:33:28 +0200] "GET /Jurek/pagmil/feeds/pagmil_aliex.xml HTTP/1.0" 200 1803017 "-" "-"
89.161.206.59 - - [17/Jun/2025:11:33:30 +0200] "GET /Jurek/oromed/feeds/oromed_aliex.xml HTTP/1.0" 200 1284129 "-" "-"
89.161.206.59 - - [17/Jun/2025:11:33:30 +0200] "GET /Jurek/ekolight/feeds/ekolioght_aliex.xml HTTP/1.0" 200 9052714 "-" "-"
89.161.206.59 - - [17/Jun/2025:11:33:31 +0200] "GET /Jurek/ekuchcikowo/feeds/ekuchcikowo_aliex.xml HTTP/1.0" 200 12471562 "-" "-"
85.232.241.194 - - [17/Jun/2025:11:33:32 +0200] "GET /Jurek/elecomp/feeds/elecomp_worten.xml HTTP/1.1" 200 2867714 "-" "Python-urllib/3.11"
89.161.206.59 - - [17/Jun/2025:11:33:32 +0200] "GET /Jurek/galopi/feeds/galopi_aliex.xml HTTP/1.0" 200 2111300 "-" "-"
85.232.241.194 - - [17/Jun/2025:11:33:32 +0200] "GET /Jurek/elecomp/feeds/elecomp_wortenES.xml HTTP/1.1" 200 2867689 "-" "Python-urllib/3.11"
89.161.206.59 - - [17/Jun/2025:11:33:33 +0200] "GET /Jurek/spali/feeds/spali_aliex.xml HTTP/1.0" 200 77063 "-" "-"
216.113.184.104 - - [17/Jun/2025:11:33:33 +0200] "GET /Jurek/eurofirany/images/452104/0.jpg HTTP/1.1" 200 110512 "http://www.ebay.com/" "Mozilla/5.0 (Windows NT 10.0; Win64; x64) AppleWebKit/537.36 (KHTML, like Gecko) Chrome/123.0.0.0 Safari/537.36"
85.232.241.194 - - [17/Jun/2025:11:33:33 +0200] "GET /Jurek/kambukka/feeds/kambukka_worten.xml HTTP/1.1" 200 1023435 "-" "Python-urllib/3.11"
216.113.184.104 - - [17/Jun/2025:11:33:33 +0200] "GET /Jurek/eurofirany/images/452104/1.jpg HTTP/1.1" 200 43923 "http://www.ebay.com/" "Mozilla/5.0 (Windows NT 10.0; Win64; x64) AppleWebKit/537.36 (KHTML, like Gecko) Chrome/123.0.0.0 Safari/537.36"
85.232.241.194 - - [17/Jun/2025:11:33:33 +0200] "GET /Jurek/kambukka/feeds/kambukka_wortenES.xml HTTP/1.1" 200 1023278 "-" "Python-urllib/3.11"
