66.135.223.43 - - [17/Jun/2025:19:23:42 +0200] "GET /Jurek/eurofirany/images/93743/0.jpg HTTP/1.1" 200 31286 "http://www.ebay.com/" "Mozilla/5.0 (Windows NT 10.0; Win64; x64) AppleWebKit/537.36 (KHTML, like Gecko) Chrome/123.0.0.0 Safari/537.36"
66.135.223.43 - - [17/Jun/2025:19:23:42 +0200] "GET /Jurek/eurofirany/images/93743/1.jpg HTTP/1.1" 200 32571 "http://www.ebay.com/" "Mozilla/5.0 (Windows NT 10.0; Win64; x64) AppleWebKit/537.36 (KHTML, like Gecko) Chrome/123.0.0.0 Safari/537.36"
66.135.223.44 - - [17/Jun/2025:19:23:42 +0200] "GET /Jurek/eurofirany/images/93743/2.jpg HTTP/1.1" 200 46004 "http://www.ebay.com/" "Mozilla/5.0 (Windows NT 10.0; Win64; x64) AppleWebKit/537.36 (KHTML, like Gecko) Chrome/123.0.0.0 Safari/537.36"
66.135.223.43 - - [17/Jun/2025:19:23:43 +0200] "GET /Jurek/eurofirany/images/93743/3.jpg HTTP/1.1" 200 247711 "http://www.ebay.com/" "Mozilla/5.0 (Windows NT 10.0; Win64; x64) AppleWebKit/537.36 (KHTML, like Gecko) Chrome/123.0.0.0 Safari/537.36"
66.135.223.40 - - [17/Jun/2025:19:23:43 +0200] "GET /Jurek/eurofirany/images/93743/4.jpg HTTP/1.1" 200 208558 "http://www.ebay.com/" "Mozilla/5.0 (Windows NT 10.0; Win64; x64) AppleWebKit/537.36 (KHTML, like Gecko) Chrome/123.0.0.0 Safari/537.36"
66.135.223.42 - - [17/Jun/2025:19:23:46 +0200] "GET /Jurek/eurofirany/images/48628/0.jpg HTTP/1.1" 200 72449 "-" "Java/17.0.14.0.101"
66.135.223.43 - - [17/Jun/2025:19:24:14 +0200] "GET /Jurek/eurofirany/images/93811/0.jpg HTTP/1.1" 200 264032 "http://www.ebay.com/" "Mozilla/5.0 (Windows NT 10.0; Win64; x64) AppleWebKit/537.36 (KHTML, like Gecko) Chrome/123.0.0.0 Safari/537.36"
216.113.184.103 - - [17/Jun/2025:19:24:15 +0200] "GET /Jurek/eurofirany/images/92057/1.jpg HTTP/1.1" 200 153601 "http://www.ebay.com/" "Mozilla/5.0 (Windows NT 10.0; Win64; x64) AppleWebKit/537.36 (KHTML, like Gecko) Chrome/123.0.0.0 Safari/537.36"
216.113.184.101 - - [17/Jun/2025:19:24:15 +0200] "GET /Jurek/eurofirany/images/92057/0.jpg HTTP/1.1" 200 161009 "http://www.ebay.com/" "Mozilla/5.0 (Windows NT 10.0; Win64; x64) AppleWebKit/537.36 (KHTML, like Gecko) Chrome/123.0.0.0 Safari/537.36"
216.113.184.102 - - [17/Jun/2025:19:24:19 +0200] "GET /Jurek/eurofirany/images/93435/1.jpg HTTP/1.1" 200 115406 "http://www.ebay.com/" "Mozilla/5.0 (Windows NT 10.0; Win64; x64) AppleWebKit/537.36 (KHTML, like Gecko) Chrome/123.0.0.0 Safari/537.36"
216.113.184.105 - - [17/Jun/2025:19:24:19 +0200] "GET /Jurek/eurofirany/images/93435/0.jpg HTTP/1.1" 200 78435 "http://www.ebay.com/" "Mozilla/5.0 (Windows NT 10.0; Win64; x64) AppleWebKit/537.36 (KHTML, like Gecko) Chrome/123.0.0.0 Safari/537.36"
85.232.241.194 - - [17/Jun/2025:19:24:21 +0200] "GET /Jurek/intsell/feeds/intsell_rue.xml HTTP/1.1" 200 342009695 "-" "Python-urllib/3.11"
85.232.241.194 - - [17/Jun/2025:19:24:22 +0200] "GET /Jurek/ekuchcikowo/feeds/ekuchcikowo_rue.xml HTTP/1.1" 200 12471006 "-" "Python-urllib/3.11"
46.101.116.244 - - [17/Jun/2025:19:24:23 +0200] "GET /Jurek/activeshop/feeds/activeshop_mallsish.xml HTTP/2.0" 200 10449543 "-" "-"
66.135.223.41 - - [17/Jun/2025:19:24:32 +0200] "GET /Jurek/eurofirany/images/223538/1.jpg HTTP/1.1" 200 81558 "http://www.ebay.com/" "Mozilla/5.0 (Windows NT 10.0; Win64; x64) AppleWebKit/537.36 (KHTML, like Gecko) Chrome/123.0.0.0 Safari/537.36"
66.135.223.41 - - [17/Jun/2025:19:24:32 +0200] "GET /Jurek/eurofirany/images/223538/3.jpg HTTP/1.1" 200 146105 "http://www.ebay.com/" "Mozilla/5.0 (Windows NT 10.0; Win64; x64) AppleWebKit/537.36 (KHTML, like Gecko) Chrome/123.0.0.0 Safari/537.36"
66.135.223.40 - - [17/Jun/2025:19:24:33 +0200] "GET /Jurek/eurofirany/images/223538/2.jpg HTTP/1.1" 200 181576 "http://www.ebay.com/" "Mozilla/5.0 (Windows NT 10.0; Win64; x64) AppleWebKit/537.36 (KHTML, like Gecko) Chrome/123.0.0.0 Safari/537.36"
66.135.223.41 - - [17/Jun/2025:19:24:33 +0200] "GET /Jurek/eurofirany/images/223538/0.jpg HTTP/1.1" 200 198661 "http://www.ebay.com/" "Mozilla/5.0 (Windows NT 10.0; Win64; x64) AppleWebKit/537.36 (KHTML, like Gecko) Chrome/123.0.0.0 Safari/537.36"
66.211.183.71 - - [17/Jun/2025:19:24:43 +0200] "GET /Jurek/eurofirany/images/48626/1.jpg HTTP/1.1" 200 105309 "http://www.ebay.com/" "Mozilla/5.0 (Windows NT 10.0; Win64; x64) AppleWebKit/537.36 (KHTML, like Gecko) Chrome/123.0.0.0 Safari/537.36"
66.211.183.72 - - [17/Jun/2025:19:24:43 +0200] "GET /Jurek/eurofirany/images/48626/0.jpg HTTP/1.1" 200 75180 "http://www.ebay.com/" "Mozilla/5.0 (Windows NT 10.0; Win64; x64) AppleWebKit/537.36 (KHTML, like Gecko) Chrome/123.0.0.0 Safari/537.36"
66.211.183.73 - - [17/Jun/2025:19:24:43 +0200] "GET /Jurek/eurofirany/images/48626/2.jpg HTTP/1.1" 200 99155 "http://www.ebay.com/" "Mozilla/5.0 (Windows NT 10.0; Win64; x64) AppleWebKit/537.36 (KHTML, like Gecko) Chrome/123.0.0.0 Safari/537.36"
216.113.184.105 - - [17/Jun/2025:19:24:45 +0200] "GET /Jurek/eurofirany/images/49021/1.jpg HTTP/1.1" 200 167735 "http://www.ebay.com/" "Mozilla/5.0 (Windows NT 10.0; Win64; x64) AppleWebKit/537.36 (KHTML, like Gecko) Chrome/123.0.0.0 Safari/537.36"
216.113.184.104 - - [17/Jun/2025:19:24:45 +0200] "GET /Jurek/eurofirany/images/49021/0.jpg HTTP/1.1" 200 189126 "http://www.ebay.com/" "Mozilla/5.0 (Windows NT 10.0; Win64; x64) AppleWebKit/537.36 (KHTML, like Gecko) Chrome/123.0.0.0 Safari/537.36"
216.113.184.103 - - [17/Jun/2025:19:24:45 +0200] "GET /Jurek/eurofirany/images/49021/2.jpg HTTP/1.1" 200 208722 "http://www.ebay.com/" "Mozilla/5.0 (Windows NT 10.0; Win64; x64) AppleWebKit/537.36 (KHTML, like Gecko) Chrome/123.0.0.0 Safari/537.36"
216.113.184.103 - - [17/Jun/2025:19:24:45 +0200] "GET /Jurek/eurofirany/images/93744/1.jpg HTTP/1.1" 200 36365 "http://www.ebay.com/" "Mozilla/5.0 (Windows NT 10.0; Win64; x64) AppleWebKit/537.36 (KHTML, like Gecko) Chrome/123.0.0.0 Safari/537.36"
216.113.184.103 - - [17/Jun/2025:19:24:45 +0200] "GET /Jurek/eurofirany/images/93744/0.jpg HTTP/1.1" 200 35580 "http://www.ebay.com/" "Mozilla/5.0 (Windows NT 10.0; Win64; x64) AppleWebKit/537.36 (KHTML, like Gecko) Chrome/123.0.0.0 Safari/537.36"
216.113.184.105 - - [17/Jun/2025:19:24:46 +0200] "GET /Jurek/eurofirany/images/93744/3.jpg HTTP/1.1" 200 208558 "http://www.ebay.com/" "Mozilla/5.0 (Windows NT 10.0; Win64; x64) AppleWebKit/537.36 (KHTML, like Gecko) Chrome/123.0.0.0 Safari/537.36"
216.113.184.105 - - [17/Jun/2025:19:24:46 +0200] "GET /Jurek/eurofirany/images/93744/2.jpg HTTP/1.1" 200 247711 "http://www.ebay.com/" "Mozilla/5.0 (Windows NT 10.0; Win64; x64) AppleWebKit/537.36 (KHTML, like Gecko) Chrome/123.0.0.0 Safari/537.36"
66.135.223.42 - - [17/Jun/2025:19:24:47 +0200] "GET /Jurek/eurofirany/images/137759/0.jpg HTTP/1.1" 200 81911 "http://www.ebay.com/" "Mozilla/5.0 (Windows NT 10.0; Win64; x64) AppleWebKit/537.36 (KHTML, like Gecko) Chrome/123.0.0.0 Safari/537.36"
66.135.223.41 - - [17/Jun/2025:19:24:47 +0200] "GET /Jurek/eurofirany/images/137759/2.jpg HTTP/1.1" 200 143930 "http://www.ebay.com/" "Mozilla/5.0 (Windows NT 10.0; Win64; x64) AppleWebKit/537.36 (KHTML, like Gecko) Chrome/123.0.0.0 Safari/537.36"
66.135.223.42 - - [17/Jun/2025:19:24:47 +0200] "GET /Jurek/eurofirany/images/137759/1.jpg HTTP/1.1" 200 174057 "http://www.ebay.com/" "Mozilla/5.0 (Windows NT 10.0; Win64; x64) AppleWebKit/537.36 (KHTML, like Gecko) Chrome/123.0.0.0 Safari/537.36"
216.113.184.103 - - [17/Jun/2025:19:24:49 +0200] "GET /Jurek/eurofirany/images/48628/0.jpg HTTP/1.1" 200 72449 "http://www.ebay.com/" "Mozilla/5.0 (Windows NT 10.0; Win64; x64) AppleWebKit/537.36 (KHTML, like Gecko) Chrome/123.0.0.0 Safari/537.36"
216.113.184.105 - - [17/Jun/2025:19:24:49 +0200] "GET /Jurek/eurofirany/images/48628/2.jpg HTTP/1.1" 200 99155 "http://www.ebay.com/" "Mozilla/5.0 (Windows NT 10.0; Win64; x64) AppleWebKit/537.36 (KHTML, like Gecko) Chrome/123.0.0.0 Safari/537.36"
216.113.184.103 - - [17/Jun/2025:19:24:49 +0200] "GET /Jurek/eurofirany/images/48628/1.jpg HTTP/1.1" 200 105309 "http://www.ebay.com/" "Mozilla/5.0 (Windows NT 10.0; Win64; x64) AppleWebKit/537.36 (KHTML, like Gecko) Chrome/123.0.0.0 Safari/537.36"
85.232.241.194 - - [17/Jun/2025:19:24:52 +0200] "GET /Jurek/naszedzieci/feeds/naszedzieci_ubaldi.xml HTTP/1.1" 200 833168061 "-" "Python-urllib/3.11"
85.232.241.194 - - [17/Jun/2025:19:24:53 +0200] "GET /Jurek/kidshop/feeds/kidshop_ubaldi.xml HTTP/1.1" 200 19850637 "-" "Python-urllib/3.11"
216.113.184.104 - - [17/Jun/2025:19:24:58 +0200] "GET /Jurek/eurofirany/images/93771/0.jpg HTTP/1.1" 200 181616 "http://www.ebay.com/" "Mozilla/5.0 (Windows NT 10.0; Win64; x64) AppleWebKit/537.36 (KHTML, like Gecko) Chrome/123.0.0.0 Safari/537.36"
66.135.223.41 - - [17/Jun/2025:19:24:59 +0200] "GET /Jurek/eurofirany/images/25109/0.jpg HTTP/1.1" 200 62199 "-" "Java/17.0.14.0.101"
66.135.223.44 - - [17/Jun/2025:19:25:00 +0200] "GET /Jurek/eurofirany/images/26713/0.jpg HTTP/1.1" 200 69917 "-" "Java/17.0.14.0.101"
216.113.184.105 - - [17/Jun/2025:19:25:01 +0200] "GET /Jurek/eurofirany/images/26803/0.jpg HTTP/1.1" 200 75680 "-" "Java/17.0.14.0.101"
85.232.241.194 - - [17/Jun/2025:19:25:06 +0200] "GET /Jurek/najtanszysport/feeds/najtanszysport_ubaldi.xml HTTP/1.1" 200 3983087 "-" "Python-urllib/3.11"
66.211.183.70 - - [17/Jun/2025:19:25:11 +0200] "GET /Jurek/eurofirany/images/93111/0.jpg HTTP/1.1" 200 62244 "http://www.ebay.com/" "Mozilla/5.0 (Windows NT 10.0; Win64; x64) AppleWebKit/537.36 (KHTML, like Gecko) Chrome/123.0.0.0 Safari/537.36"
66.211.183.70 - - [17/Jun/2025:19:25:11 +0200] "GET /Jurek/eurofirany/images/93111/1.jpg HTTP/1.1" 200 124566 "http://www.ebay.com/" "Mozilla/5.0 (Windows NT 10.0; Win64; x64) AppleWebKit/537.36 (KHTML, like Gecko) Chrome/123.0.0.0 Safari/537.36"
85.232.241.194 - - [17/Jun/2025:19:25:11 +0200] "GET /Jurek/luxma/feeds/luxma_ubaldi.xml HTTP/1.1" 200 8058620 "-" "Python-urllib/3.11"
85.232.241.194 - - [17/Jun/2025:19:25:11 +0200] "GET /Jurek/kristronik/feeds/kristronik_ubaldi.xml HTTP/1.1" 200 691979 "-" "Python-urllib/3.11"
85.232.241.194 - - [17/Jun/2025:19:25:11 +0200] "GET /Jurek/rider/feeds/rider_ubaldi.xml HTTP/1.1" 200 8165217 "-" "Python-urllib/3.11"
85.232.241.194 - - [17/Jun/2025:19:25:12 +0200] "GET /Jurek/broers/feeds/broers_ubaldi.xml HTTP/1.1" 200 1982545 "-" "Python-urllib/3.11"
66.211.183.74 - - [17/Jun/2025:19:25:15 +0200] "GET /Jurek/eurofirany/images/48625/0.jpg HTTP/1.1" 200 58306 "http://www.ebay.com/" "Mozilla/5.0 (Windows NT 10.0; Win64; x64) AppleWebKit/537.36 (KHTML, like Gecko) Chrome/123.0.0.0 Safari/537.36"
66.211.183.73 - - [17/Jun/2025:19:25:15 +0200] "GET /Jurek/eurofirany/images/48625/1.jpg HTTP/1.1" 200 105309 "http://www.ebay.com/" "Mozilla/5.0 (Windows NT 10.0; Win64; x64) AppleWebKit/537.36 (KHTML, like Gecko) Chrome/123.0.0.0 Safari/537.36"
66.211.183.72 - - [17/Jun/2025:19:25:15 +0200] "GET /Jurek/eurofirany/images/48625/2.jpg HTTP/1.1" 200 99155 "http://www.ebay.com/" "Mozilla/5.0 (Windows NT 10.0; Win64; x64) AppleWebKit/537.36 (KHTML, like Gecko) Chrome/123.0.0.0 Safari/537.36"
85.232.241.194 - - [17/Jun/2025:19:25:18 +0200] "GET /Jurek/straganbiur/feeds/straganbiur_ubaldi.xml HTTP/1.1" 200 8889049 "-" "Python-urllib/3.11"
85.232.241.194 - - [17/Jun/2025:19:25:18 +0200] "GET /Jurek/b3/feeds/b3_ubaldi.xml HTTP/1.1" 200 8509341 "-" "Python-urllib/3.11"
85.232.241.194 - - [17/Jun/2025:19:25:19 +0200] "GET /Jurek/action/feeds/action_worten.xml HTTP/1.1" 200 60000019 "-" "Python-urllib/3.11"
85.232.241.194 - - [17/Jun/2025:19:25:24 +0200] "GET /Jurek/action/feeds/action_wortenES.xml HTTP/1.1" 200 38867218 "-" "Python-urllib/3.11"
85.232.241.194 - - [17/Jun/2025:19:25:25 +0200] "GET /Jurek/topeshop/feeds/topeshop_ubaldi.xml HTTP/1.1" 200 3090124 "-" "Python-urllib/3.11"
85.232.241.194 - - [17/Jun/2025:19:25:25 +0200] "GET /Jurek/sempler/feeds/sempler_ubaldi.xml HTTP/1.1" 200 6787927 "-" "Python-urllib/3.11"
216.113.184.102 - - [17/Jun/2025:19:25:25 +0200] "GET /Jurek/eurofirany/images/93176/0.jpg HTTP/1.1" 200 142637 "http://www.ebay.com/" "Mozilla/5.0 (Windows NT 10.0; Win64; x64) AppleWebKit/537.36 (KHTML, like Gecko) Chrome/123.0.0.0 Safari/537.36"
216.113.184.102 - - [17/Jun/2025:19:25:25 +0200] "GET /Jurek/eurofirany/images/93176/1.jpg HTTP/1.1" 200 176394 "http://www.ebay.com/" "Mozilla/5.0 (Windows NT 10.0; Win64; x64) AppleWebKit/537.36 (KHTML, like Gecko) Chrome/123.0.0.0 Safari/537.36"
66.211.183.72 - - [17/Jun/2025:19:25:29 +0200] "GET /Jurek/eurofirany/images/48630/0.jpg HTTP/1.1" 200 58562 "http://www.ebay.com/" "Mozilla/5.0 (Windows NT 10.0; Win64; x64) AppleWebKit/537.36 (KHTML, like Gecko) Chrome/123.0.0.0 Safari/537.36"
66.211.183.74 - - [17/Jun/2025:19:25:29 +0200] "GET /Jurek/eurofirany/images/48630/1.jpg HTTP/1.1" 200 105309 "http://www.ebay.com/" "Mozilla/5.0 (Windows NT 10.0; Win64; x64) AppleWebKit/537.36 (KHTML, like Gecko) Chrome/123.0.0.0 Safari/537.36"
66.211.183.74 - - [17/Jun/2025:19:25:29 +0200] "GET /Jurek/eurofirany/images/48630/2.jpg HTTP/1.1" 200 99155 "http://www.ebay.com/" "Mozilla/5.0 (Windows NT 10.0; Win64; x64) AppleWebKit/537.36 (KHTML, like Gecko) Chrome/123.0.0.0 Safari/537.36"
85.232.241.194 - - [17/Jun/2025:19:25:30 +0200] "GET /Jurek/asortymenteu/feeds/asortymenteu_ubaldi.xml HTTP/1.1" 200 2906725 "-" "Python-urllib/3.11"
85.232.241.194 - - [17/Jun/2025:19:25:31 +0200] "GET /Jurek/elavia/feeds/elavia_ubaldi.xml HTTP/1.1" 200 2497287 "-" "Python-urllib/3.11"
85.232.241.194 - - [17/Jun/2025:19:25:31 +0200] "GET /Jurek/cdata/feeds/cdata_ubaldi.xml HTTP/1.1" 200 1445174 "-" "Python-urllib/3.11"
66.135.223.42 - - [17/Jun/2025:19:25:35 +0200] "GET /Jurek/eurofirany/images/26802/0.jpg HTTP/1.1" 200 76566 "http://www.ebay.com/" "Mozilla/5.0 (Windows NT 10.0; Win64; x64) AppleWebKit/537.36 (KHTML, like Gecko) Chrome/123.0.0.0 Safari/537.36"
85.232.241.194 - - [17/Jun/2025:19:25:37 +0200] "GET /Jurek/kamar/feeds/kamar_ubaldi.xml HTTP/1.1" 200 25550057 "-" "Python-urllib/3.11"
66.211.183.70 - - [17/Jun/2025:19:25:38 +0200] "GET /Jurek/eurofirany/images/336032/0.jpg HTTP/1.1" 200 70021 "-" "Java/17.0.14.0.101"
66.135.223.42 - - [17/Jun/2025:19:25:43 +0200] "GET /Jurek/eurofirany/images/336035/0.jpg HTTP/1.1" 200 53491 "-" "Java/17.0.14.0.101"
85.232.241.194 - - [17/Jun/2025:19:25:43 +0200] "GET /Jurek/avenido/feeds/avenido_ubaldi.xml HTTP/1.1" 200 720108 "-" "Python-urllib/3.11"
85.232.241.194 - - [17/Jun/2025:19:25:43 +0200] "GET /Jurek/zenex/feeds/zenex_ubaldi.xml HTTP/1.1" 200 540176 "-" "Python-urllib/3.11"
66.211.183.70 - - [17/Jun/2025:19:25:49 +0200] "GET /Jurek/eurofirany/images/26800/0.jpg HTTP/1.1" 200 75932 "http://www.ebay.com/" "Mozilla/5.0 (Windows NT 10.0; Win64; x64) AppleWebKit/537.36 (KHTML, like Gecko) Chrome/123.0.0.0 Safari/537.36"
66.211.183.71 - - [17/Jun/2025:19:25:51 +0200] "GET /Jurek/eurofirany/images/93774/0.jpg HTTP/1.1" 200 192754 "http://www.ebay.com/" "Mozilla/5.0 (Windows NT 10.0; Win64; x64) AppleWebKit/537.36 (KHTML, like Gecko) Chrome/123.0.0.0 Safari/537.36"
66.135.223.44 - - [17/Jun/2025:19:25:55 +0200] "GET /Jurek/eurofirany/images/26883/0.jpg HTTP/1.1" 200 90059 "http://www.ebay.com/" "Mozilla/5.0 (Windows NT 10.0; Win64; x64) AppleWebKit/537.36 (KHTML, like Gecko) Chrome/123.0.0.0 Safari/537.36"
66.211.183.73 - - [17/Jun/2025:19:25:55 +0200] "GET /Jurek/eurofirany/images/26884/0.jpg HTTP/1.1" 200 85332 "http://www.ebay.com/" "Mozilla/5.0 (Windows NT 10.0; Win64; x64) AppleWebKit/537.36 (KHTML, like Gecko) Chrome/123.0.0.0 Safari/537.36"
66.135.223.42 - - [17/Jun/2025:19:25:55 +0200] "GET /Jurek/eurofirany/images/25289/0.jpg HTTP/1.1" 200 44411 "http://www.ebay.com/" "Mozilla/5.0 (Windows NT 10.0; Win64; x64) AppleWebKit/537.36 (KHTML, like Gecko) Chrome/123.0.0.0 Safari/537.36"
66.211.183.72 - - [17/Jun/2025:19:25:56 +0200] "GET /Jurek/eurofirany/images/336034/0.jpg HTTP/1.1" 200 70021 "-" "Java/17.0.14.0.101"
66.211.183.74 - - [17/Jun/2025:19:25:57 +0200] "GET /Jurek/eurofirany/images/73329/0.jpg HTTP/1.1" 200 139318 "http://www.ebay.com/" "Mozilla/5.0 (Windows NT 10.0; Win64; x64) AppleWebKit/537.36 (KHTML, like Gecko) Chrome/123.0.0.0 Safari/537.36"
66.211.183.72 - - [17/Jun/2025:19:25:57 +0200] "GET /Jurek/eurofirany/images/93811/0.jpg HTTP/1.1" 200 264032 "-" "Java/17.0.14.0.101"
66.211.183.73 - - [17/Jun/2025:19:25:57 +0200] "GET /Jurek/eurofirany/images/73329/1.jpg HTTP/1.1" 200 164503 "http://www.ebay.com/" "Mozilla/5.0 (Windows NT 10.0; Win64; x64) AppleWebKit/537.36 (KHTML, like Gecko) Chrome/123.0.0.0 Safari/537.36"
66.211.183.71 - - [17/Jun/2025:19:25:58 +0200] "GET /Jurek/eurofirany/images/73329/2.jpg HTTP/1.1" 200 185665 "http://www.ebay.com/" "Mozilla/5.0 (Windows NT 10.0; Win64; x64) AppleWebKit/537.36 (KHTML, like Gecko) Chrome/123.0.0.0 Safari/537.36"
34.29.253.61 - - [17/Jun/2025:19:25:59 +0200] "GET /Jurek/eurofirany/images/223884/1.jpg HTTP/1.1" 200 165894 "-" "Mozilla/5.0 (X11; Linux x86_64) AppleWebKit/537.36 (KHTML, like Gecko) Chrome/110.0.0.0 Safari/537.36"
34.29.253.61 - - [17/Jun/2025:19:26:00 +0200] "GET /Jurek/eurofirany/images/223884/0.jpg HTTP/1.1" 200 64613 "-" "Mozilla/5.0 (X11; Linux x86_64) AppleWebKit/537.36 (KHTML, like Gecko) Chrome/110.0.0.0 Safari/537.36"
216.113.184.101 - - [17/Jun/2025:19:26:01 +0200] "GET /Jurek/eurofirany/images/385851/1.jpg HTTP/1.1" 200 95606 "http://www.ebay.com/" "Mozilla/5.0 (Windows NT 10.0; Win64; x64) AppleWebKit/537.36 (KHTML, like Gecko) Chrome/123.0.0.0 Safari/537.36"
216.113.184.104 - - [17/Jun/2025:19:26:01 +0200] "GET /Jurek/eurofirany/images/385851/2.jpg HTTP/1.1" 200 123788 "http://www.ebay.com/" "Mozilla/5.0 (Windows NT 10.0; Win64; x64) AppleWebKit/537.36 (KHTML, like Gecko) Chrome/123.0.0.0 Safari/537.36"
216.113.184.103 - - [17/Jun/2025:19:26:01 +0200] "GET /Jurek/eurofirany/images/385851/0.jpg HTTP/1.1" 200 133213 "http://www.ebay.com/" "Mozilla/5.0 (Windows NT 10.0; Win64; x64) AppleWebKit/537.36 (KHTML, like Gecko) Chrome/123.0.0.0 Safari/537.36"
85.232.241.194 - - [17/Jun/2025:19:26:02 +0200] "GET /Jurek/apresto/feeds/apresto_ubaldi.xml HTTP/1.1" 200 1327631 "-" "Python-urllib/3.11"
85.232.241.194 - - [17/Jun/2025:19:26:03 +0200] "GET /Jurek/carbonyway/feeds/carbonyway_ubaldi.xml HTTP/1.1" 200 3075939 "-" "Python-urllib/3.11"
66.211.183.72 - - [17/Jun/2025:19:26:03 +0200] "GET /Jurek/eurofirany/images/26883/0.jpg HTTP/1.1" 200 90059 "-" "Java/17.0.14.0.101"
34.123.56.223 - - [17/Jun/2025:19:26:06 +0200] "GET /Jurek/eurofirany/images/96032/1.jpg HTTP/1.1" 200 111006 "-" "Mozilla/5.0 (X11; Linux x86_64) AppleWebKit/537.36 (KHTML, like Gecko) Chrome/110.0.0.0 Safari/537.36"
34.29.253.61 - - [17/Jun/2025:19:26:08 +0200] "GET /Jurek/eurofirany/images/96032/0.jpg HTTP/1.1" 200 73375 "-" "Mozilla/5.0 (X11; Linux x86_64) AppleWebKit/537.36 (KHTML, like Gecko) Chrome/110.0.0.0 Safari/537.36"
85.232.241.194 - - [17/Jun/2025:19:26:08 +0200] "GET /Jurek/awparts/feeds/awparts_ubaldi.xml HTTP/1.1" 200 142301753 "-" "Python-urllib/3.11"
34.29.253.61 - - [17/Jun/2025:19:26:09 +0200] "GET /Jurek/eurofirany/images/222838/1.jpg HTTP/1.1" 200 73574 "-" "Mozilla/5.0 (X11; Linux x86_64) AppleWebKit/537.36 (KHTML, like Gecko) Chrome/110.0.0.0 Safari/537.36"
34.29.253.61 - - [17/Jun/2025:19:26:09 +0200] "GET /Jurek/eurofirany/images/222838/2.jpg HTTP/1.1" 200 115216 "-" "Mozilla/5.0 (X11; Linux x86_64) AppleWebKit/537.36 (KHTML, like Gecko) Chrome/110.0.0.0 Safari/537.36"
34.123.56.223 - - [17/Jun/2025:19:26:10 +0200] "GET /Jurek/eurofirany/images/26727/0.jpg HTTP/1.1" 200 122901 "-" "Mozilla/5.0 (X11; Linux x86_64) AppleWebKit/537.36 (KHTML, like Gecko) Chrome/110.0.0.0 Safari/537.36"
66.211.183.70 - - [17/Jun/2025:19:26:10 +0200] "GET /Jurek/eurofirany/images/93745/0.jpg HTTP/1.1" 200 39739 "-" "Java/17.0.14.0.101"
34.56.40.173 - - [17/Jun/2025:19:26:10 +0200] "GET /Jurek/eurofirany/images/222838/0.jpg HTTP/1.1" 200 76007 "-" "Mozilla/5.0 (X11; Linux x86_64) AppleWebKit/537.36 (KHTML, like Gecko) Chrome/110.0.0.0 Safari/537.36"
85.232.241.194 - - [17/Jun/2025:19:26:15 +0200] "GET /Jurek/bloomglow/feeds/bloomglow_ubaldi.xml HTTP/1.1" 200 14095245 "-" "Python-urllib/3.11"
66.211.183.72 - - [17/Jun/2025:19:26:16 +0200] "GET /Jurek/eurofirany/images/222838/0.jpg HTTP/1.1" 200 76007 "http://www.ebay.com/" "Mozilla/5.0 (Windows NT 10.0; Win64; x64) AppleWebKit/537.36 (KHTML, like Gecko) Chrome/123.0.0.0 Safari/537.36"
66.211.183.74 - - [17/Jun/2025:19:26:16 +0200] "GET /Jurek/eurofirany/images/222838/1.jpg HTTP/1.1" 200 73574 "http://www.ebay.com/" "Mozilla/5.0 (Windows NT 10.0; Win64; x64) AppleWebKit/537.36 (KHTML, like Gecko) Chrome/123.0.0.0 Safari/537.36"
66.211.183.72 - - [17/Jun/2025:19:26:16 +0200] "GET /Jurek/eurofirany/images/222838/2.jpg HTTP/1.1" 200 115216 "http://www.ebay.com/" "Mozilla/5.0 (Windows NT 10.0; Win64; x64) AppleWebKit/537.36 (KHTML, like Gecko) Chrome/123.0.0.0 Safari/537.36"
66.135.223.40 - - [17/Jun/2025:19:26:18 +0200] "GET /Jurek/eurofirany/images/48550/2.jpg HTTP/1.1" 200 117645 "http://www.ebay.com/" "Mozilla/5.0 (Windows NT 10.0; Win64; x64) AppleWebKit/537.36 (KHTML, like Gecko) Chrome/123.0.0.0 Safari/537.36"
66.135.223.40 - - [17/Jun/2025:19:26:18 +0200] "GET /Jurek/eurofirany/images/48550/0.jpg HTTP/1.1" 200 56354 "http://www.ebay.com/" "Mozilla/5.0 (Windows NT 10.0; Win64; x64) AppleWebKit/537.36 (KHTML, like Gecko) Chrome/123.0.0.0 Safari/537.36"
66.135.223.44 - - [17/Jun/2025:19:26:18 +0200] "GET /Jurek/eurofirany/images/48550/1.jpg HTTP/1.1" 200 125793 "http://www.ebay.com/" "Mozilla/5.0 (Windows NT 10.0; Win64; x64) AppleWebKit/537.36 (KHTML, like Gecko) Chrome/123.0.0.0 Safari/537.36"
66.211.183.74 - - [17/Jun/2025:19:26:20 +0200] "GET /Jurek/eurofirany/images/49021/0.jpg HTTP/1.1" 200 189126 "-" "Java/17.0.14.0.101"
66.211.183.72 - - [17/Jun/2025:19:26:22 +0200] "GET /Jurek/eurofirany/images/26713/0.jpg HTTP/1.1" 200 69917 "http://www.ebay.com/" "Mozilla/5.0 (Windows NT 10.0; Win64; x64) AppleWebKit/537.36 (KHTML, like Gecko) Chrome/123.0.0.0 Safari/537.36"
216.113.184.105 - - [17/Jun/2025:19:26:23 +0200] "GET /Jurek/eurofirany/images/385850/0.jpg HTTP/1.1" 200 131118 "-" "Java/17.0.14.0.101"
216.113.184.104 - - [17/Jun/2025:19:26:23 +0200] "GET /Jurek/eurofirany/images/26800/0.jpg HTTP/1.1" 200 75932 "-" "Java/17.0.14.0.101"
216.113.184.101 - - [17/Jun/2025:19:26:24 +0200] "GET /Jurek/eurofirany/images/385851/0.jpg HTTP/1.1" 200 133213 "-" "Java/17.0.14.0.101"
66.211.183.71 - - [17/Jun/2025:19:26:24 +0200] "GET /Jurek/eurofirany/images/96032/0.jpg HTTP/1.1" 200 73375 "http://www.ebay.com/" "Mozilla/5.0 (Windows NT 10.0; Win64; x64) AppleWebKit/537.36 (KHTML, like Gecko) Chrome/123.0.0.0 Safari/537.36"
66.211.183.72 - - [17/Jun/2025:19:26:24 +0200] "GET /Jurek/eurofirany/images/96032/1.jpg HTTP/1.1" 200 111006 "http://www.ebay.com/" "Mozilla/5.0 (Windows NT 10.0; Win64; x64) AppleWebKit/537.36 (KHTML, like Gecko) Chrome/123.0.0.0 Safari/537.36"
66.211.183.73 - - [17/Jun/2025:19:26:26 +0200] "GET /Jurek/eurofirany/images/25109/0.jpg HTTP/1.1" 200 62199 "http://www.ebay.com/" "Mozilla/5.0 (Windows NT 10.0; Win64; x64) AppleWebKit/537.36 (KHTML, like Gecko) Chrome/123.0.0.0 Safari/537.36"
34.56.40.173 - - [17/Jun/2025:19:26:28 +0200] "GET /Jurek/eurofirany/images/93480/1.jpg HTTP/1.1" 200 60800 "-" "Mozilla/5.0 (X11; Linux x86_64) AppleWebKit/537.36 (KHTML, like Gecko) Chrome/110.0.0.0 Safari/537.36"
34.123.56.223 - - [17/Jun/2025:19:26:29 +0200] "GET /Jurek/eurofirany/images/93480/2.jpg HTTP/1.1" 200 243048 "-" "Mozilla/5.0 (X11; Linux x86_64) AppleWebKit/537.36 (KHTML, like Gecko) Chrome/110.0.0.0 Safari/537.36"
77.79.248.229 - - [17/Jun/2025:19:26:31 +0200] "GET /Jurek/aw/feeds/awnarzedzia_pigu.xml HTTP/1.1" 200 90826668 "-" "Python-urllib/3.11"
216.113.184.102 - - [17/Jun/2025:19:26:31 +0200] "GET /Jurek/eurofirany/images/91886/0.jpg HTTP/1.1" 200 43031 "http://www.ebay.com/" "Mozilla/5.0 (Windows NT 10.0; Win64; x64) AppleWebKit/537.36 (KHTML, like Gecko) Chrome/123.0.0.0 Safari/537.36"
216.113.184.102 - - [17/Jun/2025:19:26:31 +0200] "GET /Jurek/eurofirany/images/91886/1.jpg HTTP/1.1" 200 48212 "http://www.ebay.com/" "Mozilla/5.0 (Windows NT 10.0; Win64; x64) AppleWebKit/537.36 (KHTML, like Gecko) Chrome/123.0.0.0 Safari/537.36"
216.113.184.105 - - [17/Jun/2025:19:26:31 +0200] "GET /Jurek/eurofirany/images/91886/2.jpg HTTP/1.1" 200 152729 "http://www.ebay.com/" "Mozilla/5.0 (Windows NT 10.0; Win64; x64) AppleWebKit/537.36 (KHTML, like Gecko) Chrome/123.0.0.0 Safari/537.36"
34.123.56.223 - - [17/Jun/2025:19:26:31 +0200] "GET /Jurek/eurofirany/images/93480/0.jpg HTTP/1.1" 200 62752 "-" "Mozilla/5.0 (X11; Linux x86_64) AppleWebKit/537.36 (KHTML, like Gecko) Chrome/110.0.0.0 Safari/537.36"
77.79.248.229 - - [17/Jun/2025:19:26:32 +0200] "GET /Jurek/aw/feeds/awnarzedzia_piguFI.xml HTTP/1.1" 200 90828476 "-" "Python-urllib/3.11"
77.79.248.229 - - [17/Jun/2025:19:26:32 +0200] "GET /Jurek/eurofirany/feeds/eurofirany_pigu.xml HTTP/1.1" 200 19505374 "-" "Python-urllib/3.11"
77.79.248.229 - - [17/Jun/2025:19:26:33 +0200] "GET /Jurek/eurofirany/feeds/eurofirany_piguFI.xml HTTP/1.1" 200 19506928 "-" "Python-urllib/3.11"
34.29.253.61 - - [17/Jun/2025:19:26:33 +0200] "GET /Jurek/eurofirany/images/91886/1.jpg HTTP/1.1" 200 48212 "-" "Mozilla/5.0 (X11; Linux x86_64) AppleWebKit/537.36 (KHTML, like Gecko) Chrome/110.0.0.0 Safari/537.36"
77.79.248.229 - - [17/Jun/2025:19:26:35 +0200] "GET /Jurek/activeshop/feeds/activeshop_pigu.xml HTTP/1.1" 200 10449896 "-" "Python-urllib/3.11"
77.79.248.229 - - [17/Jun/2025:19:26:35 +0200] "GET /Jurek/activeshop/feeds/activeshop_piguFI.xml HTTP/1.1" 200 10449987 "-" "Python-urllib/3.11"
34.123.56.223 - - [17/Jun/2025:19:26:35 +0200] "GET /Jurek/eurofirany/images/91886/2.jpg HTTP/1.1" 200 152729 "-" "Mozilla/5.0 (X11; Linux x86_64) AppleWebKit/537.36 (KHTML, like Gecko) Chrome/110.0.0.0 Safari/537.36"
34.123.56.223 - - [17/Jun/2025:19:26:36 +0200] "GET /Jurek/eurofirany/images/91886/0.jpg HTTP/1.1" 200 43031 "-" "Mozilla/5.0 (X11; Linux x86_64) AppleWebKit/537.36 (KHTML, like Gecko) Chrome/110.0.0.0 Safari/537.36"
77.79.248.229 - - [17/Jun/2025:19:26:36 +0200] "GET /Jurek/action/feeds/action_pigu.xml HTTP/1.1" 200 59997285 "-" "Python-urllib/3.11"
77.79.248.229 - - [17/Jun/2025:19:26:37 +0200] "GET /Jurek/action/feeds/action_piguFI.xml HTTP/1.1" 200 59998895 "-" "Python-urllib/3.11"
77.79.248.229 - - [17/Jun/2025:19:26:39 +0200] "GET /Jurek/kinghoff/feeds/kinghoff_pigu.xml HTTP/1.1" 200 15679542 "-" "Python-urllib/3.11"
77.79.248.229 - - [17/Jun/2025:19:26:39 +0200] "GET /Jurek/kinghoff/feeds/kinghoff_piguFI.xml HTTP/1.1" 200 15679667 "-" "Python-urllib/3.11"
77.79.248.229 - - [17/Jun/2025:19:26:41 +0200] "GET /Jurek/stema/feeds/stema_pigu.xml HTTP/1.1" 200 868312 "-" "Python-urllib/3.11"
77.79.248.229 - - [17/Jun/2025:19:26:41 +0200] "GET /Jurek/stema/feeds/stema_piguFI.xml HTTP/1.1" 200 435916 "-" "Python-urllib/3.11"
77.79.248.229 - - [17/Jun/2025:19:26:41 +0200] "GET /Jurek/ikonka/feeds/ikonka_pigu.xml HTTP/1.1" 200 21335229 "-" "Python-urllib/3.11"
77.79.248.229 - - [17/Jun/2025:19:26:41 +0200] "GET /Jurek/ikonka/feeds/ikonka_piguFI.xml HTTP/1.1" 200 21335232 "-" "Python-urllib/3.11"
77.79.248.229 - - [17/Jun/2025:19:26:42 +0200] "GET /Jurek/hurtownia_przemyslowa/feeds/hp_pigu.xml HTTP/1.1" 200 49359029 "-" "Python-urllib/3.11"
77.79.248.229 - - [17/Jun/2025:19:26:43 +0200] "GET /Jurek/hurtownia_przemyslowa/feeds/hp_piguFI.xml HTTP/1.1" 200 49361375 "-" "Python-urllib/3.11"
77.79.248.229 - - [17/Jun/2025:19:26:45 +0200] "GET /Jurek/benbaby/feeds/benbaby_pigu.xml HTTP/1.1" 200 3824143 "-" "Python-urllib/3.11"
77.79.248.229 - - [17/Jun/2025:19:26:45 +0200] "GET /Jurek/benbaby/feeds/benbaby_piguFI.xml HTTP/1.1" 200 3824138 "-" "Python-urllib/3.11"
77.79.248.229 - - [17/Jun/2025:19:26:45 +0200] "GET /Jurek/bimboland/feeds/bimboland_pigu.xml HTTP/1.1" 200 2758810 "-" "Python-urllib/3.11"
77.79.248.229 - - [17/Jun/2025:19:26:46 +0200] "GET /Jurek/bimboland/feeds/bimboland_piguFI.xml HTTP/1.1" 200 2758805 "-" "Python-urllib/3.11"
77.79.248.229 - - [17/Jun/2025:19:26:46 +0200] "GET /Jurek/fernity/feeds/fernity_pigu.xml HTTP/1.1" 200 4960623 "-" "Python-urllib/3.11"
85.232.241.194 - - [17/Jun/2025:19:26:46 +0200] "GET /Jurek/topeshop/feeds/topeshop_xxxlutz.xml HTTP/1.1" 200 3090048 "-" "Python-urllib/3.11"
77.79.248.229 - - [17/Jun/2025:19:26:46 +0200] "GET /Jurek/fernity/feeds/fernity_piguFI.xml HTTP/1.1" 200 4960593 "-" "Python-urllib/3.11"
85.232.241.194 - - [17/Jun/2025:19:26:46 +0200] "GET /Jurek/tsjerzy/feeds/tsjerzy_ubaldi.xml HTTP/1.1" 200 3897823 "-" "Python-urllib/3.11"
77.79.248.229 - - [17/Jun/2025:19:26:46 +0200] "GET /Jurek/unimet/feeds/unimet_pigu.xml HTTP/1.1" 200 60794792 "-" "Python-urllib/3.11"
77.79.248.229 - - [17/Jun/2025:19:26:47 +0200] "GET /Jurek/unimet/feeds/unimet_piguFI.xml HTTP/1.1" 200 60795405 "-" "Python-urllib/3.11"
77.79.248.229 - - [17/Jun/2025:19:26:47 +0200] "GET /Jurek/barbecook/feeds/barbecook_pigu.xml HTTP/1.1" 200 87526 "-" "Python-urllib/3.11"
77.79.248.229 - - [17/Jun/2025:19:26:47 +0200] "GET /Jurek/barbecook/feeds/barbecook_piguFI.xml HTTP/1.1" 200 87525 "-" "Python-urllib/3.11"
216.113.184.101 - - [17/Jun/2025:19:26:48 +0200] "GET /Jurek/eurofirany/images/336035/0.jpg HTTP/1.1" 200 53491 "http://www.ebay.com/" "Mozilla/5.0 (Windows NT 10.0; Win64; x64) AppleWebKit/537.36 (KHTML, like Gecko) Chrome/123.0.0.0 Safari/537.36"
216.113.184.104 - - [17/Jun/2025:19:26:48 +0200] "GET /Jurek/eurofirany/images/336035/1.jpg HTTP/1.1" 200 77804 "http://www.ebay.com/" "Mozilla/5.0 (Windows NT 10.0; Win64; x64) AppleWebKit/537.36 (KHTML, like Gecko) Chrome/123.0.0.0 Safari/537.36"
216.113.184.105 - - [17/Jun/2025:19:26:48 +0200] "GET /Jurek/eurofirany/images/336035/3.jpg HTTP/1.1" 200 110793 "http://www.ebay.com/" "Mozilla/5.0 (Windows NT 10.0; Win64; x64) AppleWebKit/537.36 (KHTML, like Gecko) Chrome/123.0.0.0 Safari/537.36"
216.113.184.101 - - [17/Jun/2025:19:26:48 +0200] "GET /Jurek/eurofirany/images/336035/4.jpg HTTP/1.1" 200 102062 "http://www.ebay.com/" "Mozilla/5.0 (Windows NT 10.0; Win64; x64) AppleWebKit/537.36 (KHTML, like Gecko) Chrome/123.0.0.0 Safari/537.36"
216.113.184.105 - - [17/Jun/2025:19:26:48 +0200] "GET /Jurek/eurofirany/images/336035/2.jpg HTTP/1.1" 200 178432 "http://www.ebay.com/" "Mozilla/5.0 (Windows NT 10.0; Win64; x64) AppleWebKit/537.36 (KHTML, like Gecko) Chrome/123.0.0.0 Safari/537.36"
77.79.248.229 - - [17/Jun/2025:19:26:50 +0200] "GET /Jurek/b3/feeds/b3_pigu.xml HTTP/1.1" 200 8509252 "-" "Python-urllib/3.11"
77.79.248.229 - - [17/Jun/2025:19:26:50 +0200] "GET /Jurek/b3/feeds/b3_piguFI.xml HTTP/1.1" 200 8509371 "-" "Python-urllib/3.11"
77.79.248.229 - - [17/Jun/2025:19:26:50 +0200] "GET /Jurek/satya/feeds/satya_pigu.xml HTTP/1.1" 200 2235198 "-" "Python-urllib/3.11"
77.79.248.229 - - [17/Jun/2025:19:26:50 +0200] "GET /Jurek/satya/feeds/satya_piguFI.xml HTTP/1.1" 200 2235173 "-" "Python-urllib/3.11"
77.79.248.229 - - [17/Jun/2025:19:26:51 +0200] "GET /Jurek/beliani/feeds/beliani_pigu.xml HTTP/1.1" 200 30491861 "-" "Python-urllib/3.11"
77.79.248.229 - - [17/Jun/2025:19:26:51 +0200] "GET /Jurek/beliani/feeds/beliani_pigu_fi.xml HTTP/1.1" 200 30492868 "-" "Python-urllib/3.11"
77.79.248.229 - - [17/Jun/2025:19:26:52 +0200] "GET /Jurek/octopia/feeds/octopia_pigu.xml HTTP/1.1" 200 10104154 "-" "Python-urllib/3.11"
77.79.248.229 - - [17/Jun/2025:19:26:52 +0200] "GET /Jurek/octopia/feeds/octopia_piguFI.xml HTTP/1.1" 200 10104508 "-" "Python-urllib/3.11"
77.79.248.229 - - [17/Jun/2025:19:26:52 +0200] "GET /Jurek/rovicky/feeds/rovicky_pigu.xml HTTP/1.1" 200 14888192 "-" "Python-urllib/3.11"
77.79.248.229 - - [17/Jun/2025:19:26:52 +0200] "GET /Jurek/rovicky/feeds/rovicky_piguFI.xml HTTP/1.1" 200 14887865 "-" "Python-urllib/3.11"
77.79.248.229 - - [17/Jun/2025:19:26:53 +0200] "GET /Jurek/topeshop/feeds/topeshop_pigu.xml HTTP/1.1" 200 3090181 "-" "Python-urllib/3.11"
77.79.248.229 - - [17/Jun/2025:19:26:53 +0200] "GET /Jurek/topeshop/feeds/topeshop_piguFI.xml HTTP/1.1" 200 3090207 "-" "Python-urllib/3.11"
77.79.248.229 - - [17/Jun/2025:19:26:53 +0200] "GET /Jurek/candellux_new/feeds/candellux_pigu.xml HTTP/1.1" 404 3551 "-" "Python-urllib/3.11"
77.79.248.229 - - [17/Jun/2025:19:26:53 +0200] "GET /Jurek/candellux_new/feeds/candellux_piguFI.xml HTTP/1.1" 404 3551 "-" "Python-urllib/3.11"
77.79.248.229 - - [17/Jun/2025:19:26:53 +0200] "GET /Jurek/asortymenteu/feeds/asortymenteu_pigu.xml HTTP/1.1" 200 2906718 "-" "Python-urllib/3.11"
77.79.248.229 - - [17/Jun/2025:19:26:53 +0200] "GET /Jurek/asortymenteu/feeds/asortymenteu_piguFI.xml HTTP/1.1" 200 2906717 "-" "Python-urllib/3.11"
77.79.248.229 - - [17/Jun/2025:19:26:53 +0200] "GET /Jurek/swiatecznygoliat/feeds/swiatecznygoliat_pigu.xml HTTP/1.1" 200 7050817 "-" "Python-urllib/3.11"
77.79.248.229 - - [17/Jun/2025:19:26:53 +0200] "GET /Jurek/swiatecznygoliat/feeds/swiatecznygoliat_piguFI.xml HTTP/1.1" 200 7050857 "-" "Python-urllib/3.11"
77.79.248.229 - - [17/Jun/2025:19:26:53 +0200] "GET /Jurek/oromed/feeds/oromed_pigu.xml HTTP/1.1" 200 1283916 "-" "Python-urllib/3.11"
77.79.248.229 - - [17/Jun/2025:19:26:54 +0200] "GET /Jurek/oromed/feeds/oromed_piguFI.xml HTTP/1.1" 200 1283931 "-" "Python-urllib/3.11"
77.79.248.229 - - [17/Jun/2025:19:26:54 +0200] "GET /Jurek/hurtmeblowy/feeds/hurtmeblowy_pigu.xml HTTP/1.1" 200 7827785 "-" "Python-urllib/3.11"
77.79.248.229 - - [17/Jun/2025:19:26:54 +0200] "GET /Jurek/hurtmeblowy/feeds/hurtmeblowy_piguFI.xml HTTP/1.1" 200 7827947 "-" "Python-urllib/3.11"
77.79.248.229 - - [17/Jun/2025:19:26:54 +0200] "GET /Jurek/ekuchcikowo/feeds/ekuchcikowo_pigu.xml HTTP/1.1" 200 12470952 "-" "Python-urllib/3.11"
77.79.248.229 - - [17/Jun/2025:19:26:54 +0200] "GET /Jurek/ekuchcikowo/feeds/ekuchcikowo_piguFI.xml HTTP/1.1" 200 12470965 "-" "Python-urllib/3.11"
77.79.248.229 - - [17/Jun/2025:19:26:54 +0200] "GET /Jurek/fertone/feeds/fertone_pigu.xml HTTP/1.1" 200 584075 "-" "Python-urllib/3.11"
77.79.248.229 - - [17/Jun/2025:19:26:54 +0200] "GET /Jurek/fertone/feeds/fertone_piguFI.xml HTTP/1.1" 200 584074 "-" "Python-urllib/3.11"
77.79.248.229 - - [17/Jun/2025:19:26:55 +0200] "GET /Jurek/benetech/feeds/benetech_pigu.xml HTTP/1.1" 200 4165472 "-" "Python-urllib/3.11"
77.79.248.229 - - [17/Jun/2025:19:26:55 +0200] "GET /Jurek/benetech/feeds/benetech_piguFI.xml HTTP/1.1" 200 4165492 "-" "Python-urllib/3.11"
77.79.248.229 - - [17/Jun/2025:19:26:55 +0200] "GET /Jurek/ekolight/feeds/ekolioght_pigu.xml HTTP/1.1" 200 9052754 "-" "Python-urllib/3.11"
77.79.248.229 - - [17/Jun/2025:19:26:55 +0200] "GET /Jurek/ekolight/feeds/ekolioght_piguFI.xml HTTP/1.1" 200 9052313 "-" "Python-urllib/3.11"
77.79.248.229 - - [17/Jun/2025:19:26:55 +0200] "GET /Jurek/cbdgreen/feeds/cbdgreen_pigu.xml HTTP/1.1" 200 50545 "-" "Python-urllib/3.11"
77.79.248.229 - - [17/Jun/2025:19:26:55 +0200] "GET /Jurek/cbdgreen/feeds/cbdgreen_piguFI.xml HTTP/1.1" 200 50545 "-" "Python-urllib/3.11"
77.79.248.229 - - [17/Jun/2025:19:26:55 +0200] "GET /Jurek/pawonik/feeds/pawonik_pigu.xml HTTP/1.1" 200 2138411 "-" "Python-urllib/3.11"
77.79.248.229 - - [17/Jun/2025:19:26:55 +0200] "GET /Jurek/pawonik/feeds/pawonik_piguFI.xml HTTP/1.1" 200 2138417 "-" "Python-urllib/3.11"
77.79.248.229 - - [17/Jun/2025:19:26:55 +0200] "GET /Jurek/mosti/feeds/mosti_pigu.xml HTTP/1.1" 200 4628067 "-" "Python-urllib/3.11"
77.79.248.229 - - [17/Jun/2025:19:26:56 +0200] "GET /Jurek/mosti/feeds/mosti_piguFI.xml HTTP/1.1" 200 4628123 "-" "Python-urllib/3.11"
77.79.248.229 - - [17/Jun/2025:19:26:56 +0200] "GET /Jurek/artdog/feeds/artdog_pigu.xml HTTP/1.1" 200 17158400 "-" "Python-urllib/3.11"
77.79.248.229 - - [17/Jun/2025:19:26:56 +0200] "GET /Jurek/artdog/feeds/artdog_piguFI.xml HTTP/1.1" 200 17158122 "-" "Python-urllib/3.11"
77.79.248.229 - - [17/Jun/2025:19:26:56 +0200] "GET /Jurek/amzteam/feeds/amzteam_pigu.xml HTTP/1.1" 200 97825 "-" "Python-urllib/3.11"
77.79.248.229 - - [17/Jun/2025:19:26:56 +0200] "GET /Jurek/amzteam/feeds/amzteam_piguFI.xml HTTP/1.1" 200 97828 "-" "Python-urllib/3.11"
77.79.248.229 - - [17/Jun/2025:19:26:56 +0200] "GET /Jurek/kambukka/feeds/kambukka_pigu.xml HTTP/1.1" 200 1023427 "-" "Python-urllib/3.11"
77.79.248.229 - - [17/Jun/2025:19:26:56 +0200] "GET /Jurek/kambukka/feeds/kambukka_piguFI.xml HTTP/1.1" 200 1023267 "-" "Python-urllib/3.11"
77.79.248.229 - - [17/Jun/2025:19:26:56 +0200] "GET /Jurek/narzbud/feeds/narzbud_pigu.xml HTTP/1.1" 200 1901158 "-" "Python-urllib/3.11"
77.79.248.229 - - [17/Jun/2025:19:26:56 +0200] "GET /Jurek/narzbud/feeds/narzbud_piguFI.xml HTTP/1.1" 200 1901178 "-" "Python-urllib/3.11"
77.79.248.229 - - [17/Jun/2025:19:26:56 +0200] "GET /Jurek/livinhill/feeds/livinhill_pigu.xml HTTP/1.1" 200 1534476 "-" "Python-urllib/3.11"
77.79.248.229 - - [17/Jun/2025:19:26:57 +0200] "GET /Jurek/livinhill/feeds/livinhill_piguFI.xml HTTP/1.1" 200 1534503 "-" "Python-urllib/3.11"
77.79.248.229 - - [17/Jun/2025:19:26:57 +0200] "GET /Jurek/pagmil/feeds/pagmil_pigu.xml HTTP/1.1" 200 1802809 "-" "Python-urllib/3.11"
77.79.248.229 - - [17/Jun/2025:19:26:57 +0200] "GET /Jurek/pagmil/feeds/pagmil_piguFI.xml HTTP/1.1" 200 1802816 "-" "Python-urllib/3.11"
77.79.248.229 - - [17/Jun/2025:19:26:57 +0200] "GET /Jurek/targethome/feeds/targethome_pigu.xml HTTP/1.1" 200 688599 "-" "Python-urllib/3.11"
77.79.248.229 - - [17/Jun/2025:19:26:57 +0200] "GET /Jurek/targethome/feeds/targethome_piguFI.xml HTTP/1.1" 200 688616 "-" "Python-urllib/3.11"
77.79.248.229 - - [17/Jun/2025:19:26:57 +0200] "GET /Jurek/hdwr/feeds/hdwr_pigu.xml HTTP/1.1" 200 789423 "-" "Python-urllib/3.11"
77.79.248.229 - - [17/Jun/2025:19:26:57 +0200] "GET /Jurek/hdwr/feeds/hdwr_piguFI.xml HTTP/1.1" 200 789446 "-" "Python-urllib/3.11"
77.79.248.229 - - [17/Jun/2025:19:26:57 +0200] "GET /Jurek/winoszarnia/feeds/winoszarnia_pigu.xml HTTP/1.1" 200 6064735 "-" "Python-urllib/3.11"
77.79.248.229 - - [17/Jun/2025:19:26:57 +0200] "GET /Jurek/winoszarnia/feeds/winoszarnia_piguFI.xml HTTP/1.1" 200 6064627 "-" "Python-urllib/3.11"
77.79.248.229 - - [17/Jun/2025:19:26:57 +0200] "GET /Jurek/sempler/feeds/sempler_pigu.xml HTTP/1.1" 200 6787940 "-" "Python-urllib/3.11"
77.79.248.229 - - [17/Jun/2025:19:26:57 +0200] "GET /Jurek/sempler/feeds/sempler_piguFI.xml HTTP/1.1" 200 6787957 "-" "Python-urllib/3.11"
77.79.248.229 - - [17/Jun/2025:19:26:58 +0200] "GET /Jurek/waks/feeds/waks_pigu.xml HTTP/1.1" 200 1596552 "-" "Python-urllib/3.11"
77.79.248.229 - - [17/Jun/2025:19:26:58 +0200] "GET /Jurek/waks/feeds/waks_piguFI.xml HTTP/1.1" 200 1594466 "-" "Python-urllib/3.11"
77.79.248.229 - - [17/Jun/2025:19:26:58 +0200] "GET /Jurek/eroplace/feeds/eroplace_pigu.xml HTTP/1.1" 200 52134391 "-" "Python-urllib/3.11"
66.211.183.72 - - [17/Jun/2025:19:26:58 +0200] "GET /Jurek/eurofirany/images/48626/0.jpg HTTP/1.1" 200 75180 "-" "Java/17.0.14.0.101"
77.79.248.229 - - [17/Jun/2025:19:26:59 +0200] "GET /Jurek/eroplace/feeds/eroplace_piguFI.xml HTTP/1.1" 200 52134868 "-" "Python-urllib/3.11"
77.79.248.229 - - [17/Jun/2025:19:26:59 +0200] "GET /Jurek/rovato/feeds/rovato_pigu.xml HTTP/1.1" 200 180833 "-" "Python-urllib/3.11"
77.79.248.229 - - [17/Jun/2025:19:27:00 +0200] "GET /Jurek/rovato/feeds/rovato_piguFI.xml HTTP/1.1" 200 180836 "-" "Python-urllib/3.11"
77.79.248.229 - - [17/Jun/2025:19:27:00 +0200] "GET /Jurek/drops/feeds/dropsofficecolection_pigu.xml HTTP/1.1" 200 790832 "-" "Python-urllib/3.11"
77.79.248.229 - - [17/Jun/2025:19:27:00 +0200] "GET /Jurek/drops/feeds/dropsofficecolection_piguFI.xml HTTP/1.1" 200 790880 "-" "Python-urllib/3.11"
77.79.248.229 - - [17/Jun/2025:19:27:00 +0200] "GET /Jurek/szpaklampy/feeds/szpaklampy_pigu.xml HTTP/1.1" 200 388205 "-" "Python-urllib/3.11"
77.79.248.229 - - [17/Jun/2025:19:27:00 +0200] "GET /Jurek/szpaklampy/feeds/szpaklampy_piguFI.xml HTTP/1.1" 200 388212 "-" "Python-urllib/3.11"
77.79.248.229 - - [17/Jun/2025:19:27:00 +0200] "GET /Jurek/velinda/feeds/velinda_pigu.xml HTTP/1.1" 200 4227118 "-" "Python-urllib/3.11"
77.79.248.229 - - [17/Jun/2025:19:27:01 +0200] "GET /Jurek/velinda/feeds/velinda_piguFI.xml HTTP/1.1" 200 4227272 "-" "Python-urllib/3.11"
77.79.248.229 - - [17/Jun/2025:19:27:01 +0200] "GET /Jurek/ralmetal/feeds/ralmetal_pigu.xml HTTP/1.1" 200 2039914 "-" "Python-urllib/3.11"
77.79.248.229 - - [17/Jun/2025:19:27:01 +0200] "GET /Jurek/ralmetal/feeds/ralmetal_piguFI.xml HTTP/1.1" 200 2039931 "-" "Python-urllib/3.11"
77.79.248.229 - - [17/Jun/2025:19:27:01 +0200] "GET /Jurek/bisanti/feeds/bisanti_pigu.xml HTTP/1.1" 200 1142300 "-" "Python-urllib/3.11"
77.79.248.229 - - [17/Jun/2025:19:27:01 +0200] "GET /Jurek/bisanti/feeds/bisanti_piguFI.xml HTTP/1.1" 200 1142300 "-" "Python-urllib/3.11"
77.79.248.229 - - [17/Jun/2025:19:27:01 +0200] "GET /Jurek/spali/feeds/spali_pigu.xml HTTP/1.1" 200 77045 "-" "Python-urllib/3.11"
77.79.248.229 - - [17/Jun/2025:19:27:01 +0200] "GET /Jurek/spali/feeds/spali_piguFI.xml HTTP/1.1" 200 77047 "-" "Python-urllib/3.11"
77.79.248.229 - - [17/Jun/2025:19:27:01 +0200] "GET /Jurek/edruk/feeds/edruk_pigu.xml HTTP/1.1" 200 14147156 "-" "Python-urllib/3.11"
77.79.248.229 - - [17/Jun/2025:19:27:01 +0200] "GET /Jurek/edruk/feeds/edruk_piguFI.xml HTTP/1.1" 200 14145644 "-" "Python-urllib/3.11"
77.79.248.229 - - [17/Jun/2025:19:27:02 +0200] "GET /Jurek/eldar/feeds/eldar_pigu.xml HTTP/1.1" 200 7328533 "-" "Python-urllib/3.11"
77.79.248.229 - - [17/Jun/2025:19:27:02 +0200] "GET /Jurek/eldar/feeds/eldar_piguFI.xml HTTP/1.1" 200 7329178 "-" "Python-urllib/3.11"
77.79.248.229 - - [17/Jun/2025:19:27:02 +0200] "GET /Jurek/combine/feeds/combine_pigu.xml HTTP/1.1" 200 210507 "-" "Python-urllib/3.11"
77.79.248.229 - - [17/Jun/2025:19:27:02 +0200] "GET /Jurek/combine/feeds/combine_piguFI.xml HTTP/1.1" 200 210510 "-" "Python-urllib/3.11"
77.79.248.229 - - [17/Jun/2025:19:27:02 +0200] "GET /Jurek/urwiskowo/feeds/urwiskowo_pigu.xml HTTP/1.1" 200 9114876 "-" "Python-urllib/3.11"
77.79.248.229 - - [17/Jun/2025:19:27:02 +0200] "GET /Jurek/urwiskowo/feeds/urwiskowo_piguFI.xml HTTP/1.1" 200 9113904 "-" "Python-urllib/3.11"
77.79.248.229 - - [17/Jun/2025:19:27:02 +0200] "GET /Jurek/reman/feeds/reman_pigu.xml HTTP/1.1" 200 1394816 "-" "Python-urllib/3.11"
77.79.248.229 - - [17/Jun/2025:19:27:02 +0200] "GET /Jurek/reman/feeds/reman_piguFI.xml HTTP/1.1" 200 1394828 "-" "Python-urllib/3.11"
77.79.248.229 - - [17/Jun/2025:19:27:02 +0200] "GET /Jurek/kobi/feeds/kobi_pigu.xml HTTP/1.1" 200 1992484 "-" "Python-urllib/3.11"
77.79.248.229 - - [17/Jun/2025:19:27:03 +0200] "GET /Jurek/kobi/feeds/kobi_piguFI.xml HTTP/1.1" 200 1992474 "-" "Python-urllib/3.11"
77.79.248.229 - - [17/Jun/2025:19:27:03 +0200] "GET /Jurek/evil/feeds/evil_pigu.xml HTTP/1.1" 200 306379 "-" "Python-urllib/3.11"
77.79.248.229 - - [17/Jun/2025:19:27:03 +0200] "GET /Jurek/evil/feeds/evil_piguFI.xml HTTP/1.1" 200 306384 "-" "Python-urllib/3.11"
77.79.248.229 - - [17/Jun/2025:19:27:03 +0200] "GET /Jurek/erohurtownia/feeds/erohurtownia_pigu.xml HTTP/1.1" 200 22846457 "-" "Python-urllib/3.11"
77.79.248.229 - - [17/Jun/2025:19:27:03 +0200] "GET /Jurek/erohurtownia/feeds/erohurtownia_piguFI.xml HTTP/1.1" 200 22846566 "-" "Python-urllib/3.11"
77.79.248.229 - - [17/Jun/2025:19:27:03 +0200] "GET /Jurek/wenom/feeds/wenom_pigu.xml HTTP/1.1" 200 583069 "-" "Python-urllib/3.11"
77.79.248.229 - - [17/Jun/2025:19:27:03 +0200] "GET /Jurek/wenom/feeds/wenom_piguFI.xml HTTP/1.1" 200 583069 "-" "Python-urllib/3.11"
77.79.248.229 - - [17/Jun/2025:19:27:04 +0200] "GET /Jurek/elecomp/feeds/elecomp_pigu.xml HTTP/1.1" 200 2867697 "-" "Python-urllib/3.11"
77.79.248.229 - - [17/Jun/2025:19:27:04 +0200] "GET /Jurek/elecomp/feeds/elecomp_piguFI.xml HTTP/1.1" 200 2867713 "-" "Python-urllib/3.11"
77.79.248.229 - - [17/Jun/2025:19:27:04 +0200] "GET /Jurek/qbox/feeds/qbox_pigu.xml HTTP/1.1" 200 398471 "-" "Python-urllib/3.11"
77.79.248.229 - - [17/Jun/2025:19:27:04 +0200] "GET /Jurek/qbox/feeds/qbox_piguFI.xml HTTP/1.1" 200 398487 "-" "Python-urllib/3.11"
77.79.248.229 - - [17/Jun/2025:19:27:04 +0200] "GET /Jurek/antiodor/feeds/antiodor_pigu.xml HTTP/1.1" 200 137847 "-" "Python-urllib/3.11"
77.79.248.229 - - [17/Jun/2025:19:27:04 +0200] "GET /Jurek/antiodor/feeds/antiodor_piguFI.xml HTTP/1.1" 200 137843 "-" "Python-urllib/3.11"
77.79.248.229 - - [17/Jun/2025:19:27:04 +0200] "GET /Jurek/motofan/feeds/motofan_pigu.xml HTTP/1.1" 200 2392076 "-" "Python-urllib/3.11"
77.79.248.229 - - [17/Jun/2025:19:27:04 +0200] "GET /Jurek/motofan/feeds/motofan_piguFI.xml HTTP/1.1" 200 2392074 "-" "Python-urllib/3.11"
77.79.248.229 - - [17/Jun/2025:19:27:04 +0200] "GET /Jurek/aiofactory/feeds/aiofactory_pigu.xml HTTP/1.1" 200 2123701 "-" "Python-urllib/3.11"
77.79.248.229 - - [17/Jun/2025:19:27:04 +0200] "GET /Jurek/aiofactory/feeds/aiofactory_piguFI.xml HTTP/1.1" 200 2123717 "-" "Python-urllib/3.11"
85.232.241.194 - - [17/Jun/2025:19:27:04 +0200] "GET /Jurek/velinda/feeds/velinda_ubaldi.xml HTTP/1.1" 200 4227265 "-" "Python-urllib/3.11"
77.79.248.229 - - [17/Jun/2025:19:27:04 +0200] "GET /Jurek/ekotex/feeds/ekotex_pigu.xml HTTP/1.1" 200 197720 "-" "Python-urllib/3.11"
77.79.248.229 - - [17/Jun/2025:19:27:04 +0200] "GET /Jurek/ekotex/feeds/ekotex_piguFI.xml HTTP/1.1" 200 197720 "-" "Python-urllib/3.11"
85.232.241.194 - - [17/Jun/2025:19:27:04 +0200] "GET /Jurek/elecomp/feeds/elecomp_ubaldi.xml HTTP/1.1" 200 2867693 "-" "Python-urllib/3.11"
77.79.248.229 - - [17/Jun/2025:19:27:04 +0200] "GET /Jurek/sartrix/feeds/sartrix_pigu.xml HTTP/1.1" 200 649136 "-" "Python-urllib/3.11"
77.79.248.229 - - [17/Jun/2025:19:27:05 +0200] "GET /Jurek/sartrix/feeds/sartrix_piguFI.xml HTTP/1.1" 200 649172 "-" "Python-urllib/3.11"
85.232.241.194 - - [17/Jun/2025:19:27:05 +0200] "GET /Jurek/oromed/feeds/oromed_ubaldi.xml HTTP/1.1" 200 1283919 "-" "Python-urllib/3.11"
77.79.248.229 - - [17/Jun/2025:19:27:05 +0200] "GET /Jurek/twojsklep/feeds/twojsklep_pigu.xml HTTP/1.1" 200 126791 "-" "Python-urllib/3.11"
77.79.248.229 - - [17/Jun/2025:19:27:05 +0200] "GET /Jurek/twojsklep/feeds/twojsklep_piguFI.xml HTTP/1.1" 200 126798 "-" "Python-urllib/3.11"
77.79.248.229 - - [17/Jun/2025:19:27:05 +0200] "GET /Jurek/madrex/feeds/madrex_pigu.xml HTTP/1.1" 200 466712 "-" "Python-urllib/3.11"
77.79.248.229 - - [17/Jun/2025:19:27:05 +0200] "GET /Jurek/madrex/feeds/madrex_piguFI.xml HTTP/1.1" 200 466713 "-" "Python-urllib/3.11"
77.79.248.229 - - [17/Jun/2025:19:27:05 +0200] "GET /Jurek/domzapachy/feeds/domzapachy_pigu.xml HTTP/1.1" 200 179716 "-" "Python-urllib/3.11"
77.79.248.229 - - [17/Jun/2025:19:27:05 +0200] "GET /Jurek/domzapachy/feeds/domzapachy_piguFI.xml HTTP/1.1" 200 179761 "-" "Python-urllib/3.11"
77.79.248.229 - - [17/Jun/2025:19:27:05 +0200] "GET /Jurek/luxma/feeds/luxma_pigu.xml HTTP/1.1" 200 8058615 "-" "Python-urllib/3.11"
77.79.248.229 - - [17/Jun/2025:19:27:05 +0200] "GET /Jurek/luxma/feeds/luxma_piguFI.xml HTTP/1.1" 200 8058581 "-" "Python-urllib/3.11"
77.79.248.229 - - [17/Jun/2025:19:27:05 +0200] "GET /Jurek/drewdon/feeds/drewdon_pigu.xml HTTP/1.1" 200 504434 "-" "Python-urllib/3.11"
77.79.248.229 - - [17/Jun/2025:19:27:05 +0200] "GET /Jurek/drewdon/feeds/drewdon_piguFI.xml HTTP/1.1" 200 504445 "-" "Python-urllib/3.11"
77.79.248.229 - - [17/Jun/2025:19:27:06 +0200] "GET /Jurek/primohurt/feeds/primohurt_pigu.xml HTTP/1.1" 200 17186850 "-" "Python-urllib/3.11"
77.79.248.229 - - [17/Jun/2025:19:27:06 +0200] "GET /Jurek/primohurt/feeds/primohurt_piguFI.xml HTTP/1.1" 200 17187103 "-" "Python-urllib/3.11"
77.79.248.229 - - [17/Jun/2025:19:27:06 +0200] "GET /Jurek/dekoele/feeds/dekoele_pigu.xml HTTP/1.1" 200 733943 "-" "Python-urllib/3.11"
77.79.248.229 - - [17/Jun/2025:19:27:06 +0200] "GET /Jurek/dekoele/feeds/dekoele_piguFI.xml HTTP/1.1" 200 733943 "-" "Python-urllib/3.11"
77.79.248.229 - - [17/Jun/2025:19:27:06 +0200] "GET /Jurek/rider/feeds/rider_pigu.xml HTTP/1.1" 200 8165155 "-" "Python-urllib/3.11"
77.79.248.229 - - [17/Jun/2025:19:27:06 +0200] "GET /Jurek/rider/feeds/rider_piguFI.xml HTTP/1.1" 200 8165180 "-" "Python-urllib/3.11"
77.79.248.229 - - [17/Jun/2025:19:27:06 +0200] "GET /Jurek/expertauto/feeds/expertauto_pigu.xml HTTP/1.1" 200 1158927 "-" "Python-urllib/3.11"
77.79.248.229 - - [17/Jun/2025:19:27:06 +0200] "GET /Jurek/expertauto/feeds/expertauto_piguFI.xml HTTP/1.1" 200 1158925 "-" "Python-urllib/3.11"
77.79.248.229 - - [17/Jun/2025:19:27:08 +0200] "GET /Jurek/awparts/feeds/awparts_pigu.xml HTTP/1.1" 200 142240848 "-" "Python-urllib/3.11"
66.211.183.71 - - [17/Jun/2025:19:27:09 +0200] "GET /Jurek/eurofirany/images/26727/0.jpg HTTP/1.1" 200 122901 "http://www.ebay.com/" "Mozilla/5.0 (Windows NT 10.0; Win64; x64) AppleWebKit/537.36 (KHTML, like Gecko) Chrome/123.0.0.0 Safari/537.36"
66.211.183.71 - - [17/Jun/2025:19:27:09 +0200] "GET /Jurek/eurofirany/images/223884/0.jpg HTTP/1.1" 200 64613 "http://www.ebay.com/" "Mozilla/5.0 (Windows NT 10.0; Win64; x64) AppleWebKit/537.36 (KHTML, like Gecko) Chrome/123.0.0.0 Safari/537.36"
77.79.248.229 - - [17/Jun/2025:19:27:09 +0200] "GET /Jurek/awparts/feeds/awparts_piguFI.xml HTTP/1.1" 200 142243584 "-" "Python-urllib/3.11"
77.79.248.229 - - [17/Jun/2025:19:27:09 +0200] "GET /Jurek/pupus/feeds/pupus_pigu.xml HTTP/1.1" 200 6154090 "-" "Python-urllib/3.11"
66.211.183.73 - - [17/Jun/2025:19:27:09 +0200] "GET /Jurek/eurofirany/images/223884/1.jpg HTTP/1.1" 200 165894 "http://www.ebay.com/" "Mozilla/5.0 (Windows NT 10.0; Win64; x64) AppleWebKit/537.36 (KHTML, like Gecko) Chrome/123.0.0.0 Safari/537.36"
77.79.248.229 - - [17/Jun/2025:19:27:09 +0200] "GET /Jurek/pupus/feeds/pupus_piguFI.xml HTTP/1.1" 200 6154562 "-" "Python-urllib/3.11"
77.79.248.229 - - [17/Jun/2025:19:27:09 +0200] "GET /Jurek/muminky/feeds/muminky_pigu.xml HTTP/1.1" 200 2677662 "-" "Python-urllib/3.11"
77.79.248.229 - - [17/Jun/2025:19:27:09 +0200] "GET /Jurek/muminky/feeds/muminky_piguFI.xml HTTP/1.1" 200 2677682 "-" "Python-urllib/3.11"
77.79.248.229 - - [17/Jun/2025:19:27:10 +0200] "GET /Jurek/lendo/feeds/lendo_pigu.xml HTTP/1.1" 200 330390 "-" "Python-urllib/3.11"
77.79.248.229 - - [17/Jun/2025:19:27:10 +0200] "GET /Jurek/lendo/feeds/lendo_piguFI.xml HTTP/1.1" 200 330393 "-" "Python-urllib/3.11"
77.79.248.229 - - [17/Jun/2025:19:27:10 +0200] "GET /Jurek/dekornatort/feeds/dekornatort_pigu.xml HTTP/1.1" 200 225733 "-" "Python-urllib/3.11"
77.79.248.229 - - [17/Jun/2025:19:27:10 +0200] "GET /Jurek/dekornatort/feeds/dekornatort_piguFI.xml HTTP/1.1" 200 225716 "-" "Python-urllib/3.11"
