66.135.223.43 - - [17/Jun/2025:08:53:52 +0200] "GET /Jurek/topeshop/downloaded_images/5902838466209_KUBABIURKOBRY%C5%81KASONOMAFRONTOT.jpg HTTP/1.1" 404 3551 "http://www.ebay.com/" "Mozilla/5.0 (Windows NT 10.0; Win64; x64) AppleWebKit/537.36 (KHTML, like Gecko) Chrome/123.0.0.0 Safari/537.36"
66.135.223.44 - - [17/Jun/2025:08:53:52 +0200] "GET /Jurek/topeshop/downloaded_images/5902838466209_KUBABIURKOSONOMA.png HTTP/1.1" 404 3551 "http://www.ebay.com/" "Mozilla/5.0 (Windows NT 10.0; Win64; x64) AppleWebKit/537.36 (KHTML, like Gecko) Chrome/123.0.0.0 Safari/537.36"
66.135.223.41 - - [17/Jun/2025:08:53:53 +0200] "GET /Jurek/topeshop/downloaded_images/5902838466209_KUBABIURKOBRY%C5%81KASONOMABOKOT.jpg HTTP/1.1" 404 3551 "http://www.ebay.com/" "Mozilla/5.0 (Windows NT 10.0; Win64; x64) AppleWebKit/537.36 (KHTML, like Gecko) Chrome/123.0.0.0 Safari/537.36"
66.135.223.44 - - [17/Jun/2025:08:53:53 +0200] "GET /Jurek/topeshop/downloaded_images/5902838466209_KUBABIURKOBRY%C5%81KASONOMAFRONTZM.jpg HTTP/1.1" 404 3551 "http://www.ebay.com/" "Mozilla/5.0 (Windows NT 10.0; Win64; x64) AppleWebKit/537.36 (KHTML, like Gecko) Chrome/123.0.0.0 Safari/537.36"
66.135.223.42 - - [17/Jun/2025:08:53:53 +0200] "GET /Jurek/topeshop/downloaded_images/5902838466209_KUBABIURKOBRY%C5%81KASONOMABOKZM.jpg HTTP/1.1" 404 3551 "http://www.ebay.com/" "Mozilla/5.0 (Windows NT 10.0; Win64; x64) AppleWebKit/537.36 (KHTML, like Gecko) Chrome/123.0.0.0 Safari/537.36"
66.135.223.42 - - [17/Jun/2025:08:53:53 +0200] "GET /Jurek/topeshop/downloaded_images/5902838466209_KUBABIURKOSONOMA2_.png HTTP/1.1" 404 3551 "http://www.ebay.com/" "Mozilla/5.0 (Windows NT 10.0; Win64; x64) AppleWebKit/537.36 (KHTML, like Gecko) Chrome/123.0.0.0 Safari/537.36"
66.249.64.39 - - [17/Jun/2025:08:54:21 +0200] "GET /Jurek/topeshop/downloaded_images/5902838466742_wymiary_close_Obszar_roboczy_1.jpg HTTP/1.1" 200 80637 "-" "Googlebot-Image/1.0"
66.249.64.38 - - [17/Jun/2025:08:55:28 +0200] "GET /Jurek/topeshop/downloaded_images/5902838463338_Dallas_Sonoma(7).jpg HTTP/1.1" 404 3551 "-" "Googlebot-Image/1.0"
66.249.64.38 - - [17/Jun/2025:08:56:03 +0200] "GET /Jurek/eurofirany/images/398375/5.jpg HTTP/1.1" 200 225757 "-" "Googlebot-Image/1.0"
89.161.206.59 - - [17/Jun/2025:08:56:23 +0200] "GET /Jurek/swiatecznygoliat/feeds/swiatecznygoliat_skroutz.xml HTTP/1.0" 200 6874818 "-" "-"
66.249.64.37 - - [17/Jun/2025:08:57:11 +0200] "GET /Jurek/eurofirany/images/390393/5.jpg HTTP/1.1" 200 254924 "-" "Googlebot-Image/1.0"
46.101.116.244 - - [17/Jun/2025:08:57:17 +0200] "GET /Jurek/eurofirany/feeds/eurofirany_erli.xml HTTP/1.0" 200 19511172 "-" "-"
66.249.64.38 - - [17/Jun/2025:08:57:45 +0200] "GET /Jurek/eurofirany/images/398823/0.jpg HTTP/1.1" 200 28870 "-" "Googlebot-Image/1.0"
66.249.64.39 - - [17/Jun/2025:08:58:52 +0200] "GET /Jurek/eurofirany/images/403497/2.jpg HTTP/1.1" 200 6595 "-" "Googlebot-Image/1.0"
66.249.64.38 - - [17/Jun/2025:08:59:26 +0200] "GET /Jurek/eurofirany/images/378049/5.jpg HTTP/1.1" 200 33 "-" "Googlebot-Image/1.0"
89.161.206.59 - - [17/Jun/2025:08:59:36 +0200] "GET /Jurek/targethome/feeds/targethome_allegro.xml HTTP/1.0" 200 688660 "-" "-"
89.161.206.59 - - [17/Jun/2025:08:59:36 +0200] "GET /Jurek/swiatecznygoliat/feeds/swiatecznygoliat_allegro.xml HTTP/1.0" 200 7051238 "-" "-"
85.14.86.141 - - [17/Jun/2025:09:00:23 +0200] "GET /Jurek/vida_morele/feeds/VidaPL_all.xml HTTP/2.0" 200 877253724 "-" "MarketplaceAPI curl/7.74.0 PHP/8"
35.204.39.32 - - [17/Jun/2025:09:00:31 +0200] "GET /marketplaces/carrefour_fr/results/carrefour_fr.csv HTTP/1.1" 200 147219 "-" "Mirakl HttpClient"
52.17.80.36 - - [17/Jun/2025:09:00:39 +0200] "GET /marketplaces/ubaldi/results/ubaldi.csv HTTP/1.1" 200 147219 "-" "Mirakl HttpClient"
66.249.64.39 - - [17/Jun/2025:09:01:07 +0200] "GET /Jurek/eurofirany/images/371523/1.jpg HTTP/1.1" 200 105501 "-" "Googlebot-Image/1.0"
46.101.116.244 - - [17/Jun/2025:09:01:25 +0200] "GET /Jurek/hurtownia_przemyslowa/feeds/hp_alza.xml HTTP/2.0" 200 49379156 "-" "-"
35.204.39.32 - - [17/Jun/2025:09:01:40 +0200] "GET /marketplaces/vente/results/vente_nl.csv HTTP/1.1" 200 147219 "-" "Mirakl HttpClient"
35.204.39.32 - - [17/Jun/2025:09:01:40 +0200] "GET /marketplaces/vente/results/vente_fr.csv HTTP/1.1" 200 147219 "-" "Mirakl HttpClient"
35.204.39.32 - - [17/Jun/2025:09:01:41 +0200] "GET /marketplaces/vente/results/vente_be.csv HTTP/1.1" 200 147219 "-" "Mirakl HttpClient"
35.204.39.32 - - [17/Jun/2025:09:01:41 +0200] "GET /marketplaces/vente/results/vente_it.csv HTTP/1.1" 200 147219 "-" "Mirakl HttpClient"
35.204.39.32 - - [17/Jun/2025:09:01:41 +0200] "GET /marketplaces/vente/results/vente_es.csv HTTP/1.1" 200 147219 "-" "Mirakl HttpClient"
35.204.39.32 - - [17/Jun/2025:09:01:41 +0200] "GET /marketplaces/vente/results/vente_de.csv HTTP/1.1" 200 147219 "-" "Mirakl HttpClient"
66.249.64.37 - - [17/Jun/2025:09:01:41 +0200] "GET /Jurek/eurofirany/images/382105/3.jpg HTTP/1.1" 200 181826 "-" "Googlebot-Image/1.0"
46.101.116.244 - - [17/Jun/2025:09:01:43 +0200] "GET /Jurek/hurtownia_przemyslowa/feeds/hp_kaufcz.xml HTTP/2.0" 200 49379583 "-" "-"
46.101.116.244 - - [17/Jun/2025:09:02:15 +0200] "GET /Jurek/hurtownia_przemyslowa/feeds/hp_kaufsk.xml HTTP/2.0" 200 49359044 "-" "-"
66.249.64.37 - - [17/Jun/2025:09:02:15 +0200] "GET /Jurek/topeshop/downloaded_images/5904507202002_BILBAO4P__ARTISAN(3).jpg HTTP/1.1" 404 3551 "-" "Googlebot-Image/1.0"
52.18.22.0 - - [17/Jun/2025:09:02:29 +0200] "GET /marketplaces/rue/results/rue.csv HTTP/1.1" 200 7537273 "-" "Mirakl HttpClient"
46.101.116.244 - - [17/Jun/2025:09:02:45 +0200] "GET /Jurek/hurtownia_przemyslowa/feeds/hp_kaufde.xml HTTP/2.0" 200 49358582 "-" "-"
66.249.64.37 - - [17/Jun/2025:09:03:23 +0200] "GET /Jurek/eurofirany/images/383056/3.jpg HTTP/1.1" 200 6595 "-" "Googlebot-Image/1.0"
85.14.86.141 - - [17/Jun/2025:09:04:04 +0200] "GET /Jurek/kinghoff/feeds/kinghoff_morele.xml HTTP/2.0" 200 15669200 "-" "MarketplaceAPI curl/7.74.0 PHP/8"
46.101.116.244 - - [17/Jun/2025:09:04:17 +0200] "GET /Jurek/piotrmiedz/feeds/piotrmiedz_zero.xml HTTP/2.0" 200 91017037 "-" "-"
89.161.206.59 - - [17/Jun/2025:09:04:20 +0200] "GET /Jurek/hdwr/feeds/hdwr_skroutz.xml HTTP/1.0" 200 777085 "-" "-"
89.161.206.59 - - [17/Jun/2025:09:04:23 +0200] "GET /Jurek/targethome/feeds/targethome_skroutz.xml HTTP/1.0" 200 688620 "-" "-"
66.249.64.39 - - [17/Jun/2025:09:05:04 +0200] "GET /Jurek/topeshop/downloaded_images/5904507207489_20st_mijas_prawy_open_zielony.png HTTP/1.1" 404 3551 "-" "Googlebot-Image/1.0"
89.161.206.59 - - [17/Jun/2025:09:05:16 +0200] "GET /Jurek/kambukka/feeds/kambukka_amazonfr.xml HTTP/1.0" 200 1023438 "-" "-"
89.161.206.59 - - [17/Jun/2025:09:05:16 +0200] "GET /Jurek/kambukka/feeds/kambukka_amazonit.xml HTTP/1.0" 200 1023437 "-" "-"
89.161.206.59 - - [17/Jun/2025:09:05:17 +0200] "GET /Jurek/kambukka/feeds/kambukka_amazones.xml HTTP/1.0" 200 1023440 "-" "-"
89.161.206.59 - - [17/Jun/2025:09:05:17 +0200] "GET /Jurek/kambukka/feeds/kambukka_amazonnl.xml HTTP/1.0" 200 1023271 "-" "-"
89.161.206.59 - - [17/Jun/2025:09:05:17 +0200] "GET /Jurek/kambukka/feeds/kambukka_amazonse.xml HTTP/1.0" 200 1023705 "-" "-"
89.161.206.59 - - [17/Jun/2025:09:05:22 +0200] "GET /Jurek/eurofirany/feeds/eurofirany_amazonIT.xml HTTP/1.0" 200 19506420 "-" "-"
89.161.206.59 - - [17/Jun/2025:09:05:25 +0200] "GET /Jurek/eurofirany/feeds/eurofirany_amazaon_de.xml HTTP/1.0" 200 19507661 "-" "-"
52.18.22.0 - - [17/Jun/2025:09:05:28 +0200] "GET /marketplaces/carrefour/results/carrefour.csv HTTP/1.1" 200 147219 "-" "Mirakl HttpClient"
89.161.206.59 - - [17/Jun/2025:09:05:32 +0200] "GET /Jurek/eurofirany/feeds/eurofirany_amazonNL.xml HTTP/1.0" 200 19506521 "-" "-"
89.161.206.59 - - [17/Jun/2025:09:05:36 +0200] "GET /Jurek/eurofirany/feeds/eurofirany_amazonSE.xml HTTP/1.0" 200 19524034 "-" "-"
66.249.64.37 - - [17/Jun/2025:09:05:38 +0200] "GET /Jurek/eurofirany/images/390399/7.jpg HTTP/1.1" 200 6595 "-" "Googlebot-Image/1.0"
66.249.64.38 - - [17/Jun/2025:09:06:46 +0200] "GET /Jurek/eurofirany/images/383056/4.jpg HTTP/1.1" 200 43416 "-" "Googlebot-Image/1.0"
46.101.116.244 - - [17/Jun/2025:09:06:47 +0200] "GET /Jurek/kamar/feeds/kamar_alza.xml HTTP/2.0" 200 25563306 "-" "-"
85.14.86.141 - - [17/Jun/2025:09:06:50 +0200] "GET /Jurek/eurofirany/feeds/eurofirany_morele.xml HTTP/2.0" 200 19508813 "-" "MarketplaceAPI curl/7.74.0 PHP/8"
85.14.86.141 - - [17/Jun/2025:09:07:06 +0200] "GET /Jurek/vivaldi/feeds/vivaldi_Morele-PL.xml HTTP/2.0" 200 344674 "-" "MarketplaceAPI curl/7.74.0 PHP/8"
66.249.64.38 - - [17/Jun/2025:09:07:20 +0200] "GET /Jurek/topeshop/downloaded_images/5904507202392_Modern2P_Biel(1).jpg HTTP/1.1" 404 3551 "-" "Googlebot-Image/1.0"
46.101.116.244 - - [17/Jun/2025:09:07:24 +0200] "GET /Jurek/tsjerzy/feeds/tsjerzy_alza.xml HTTP/2.0" 200 3901444 "-" "-"
46.101.116.244 - - [17/Jun/2025:09:07:45 +0200] "GET /Jurek/hurtmeblowy/feeds/hurtmeblowy_alza.xml HTTP/2.0" 200 8637413 "-" "-"
66.249.64.37 - - [17/Jun/2025:09:07:54 +0200] "GET /Jurek/eurofirany/images/390441/6.jpg HTTP/1.1" 200 267274 "-" "Googlebot-Image/1.0"
46.101.116.244 - - [17/Jun/2025:09:07:57 +0200] "GET /Jurek/kobi/feeds/kobi_alza.xml HTTP/2.0" 200 677304 "-" "-"
46.101.116.244 - - [17/Jun/2025:09:08:08 +0200] "GET /Jurek/madrex/feeds/madrex_alza.xml HTTP/2.0" 200 466765 "-" "-"
69.171.231.8 - - [17/Jun/2025:09:08:13 +0200] "GET /robots.txt HTTP/1.1" 404 3551 "-" "facebookexternalhit/1.1 (+http://www.facebook.com/externalhit_uatext.php)"
46.101.116.244 - - [17/Jun/2025:09:08:18 +0200] "GET /Jurek/matkam/feeds/matkam_alza.xml HTTP/2.0" 200 4426287 "-" "-"
85.14.86.141 - - [17/Jun/2025:09:08:24 +0200] "GET /Jurek/vida_morele/feeds/VidaPL_morele.xml HTTP/2.0" 200 435411867 "-" "MarketplaceAPI curl/7.74.0 PHP/8"
85.14.86.141 - - [17/Jun/2025:09:09:12 +0200] "GET /Jurek/aw/feeds/awnarzedzia_morele.xml HTTP/2.0" 200 90840498 "-" "MarketplaceAPI curl/7.74.0 PHP/8"
46.101.116.244 - - [17/Jun/2025:09:09:34 +0200] "GET /Jurek/kalama/feeds/kalama_alza.xml HTTP/2.0" 200 2662551 "-" "-"
66.249.64.39 - - [17/Jun/2025:09:09:41 +0200] "GET /Jurek/topeshop/downloaded_images/5904507201999_BILBAO_4P_2_2.png HTTP/1.1" 200 1317233 "-" "Googlebot-Image/1.0"
46.101.116.244 - - [17/Jun/2025:09:09:45 +0200] "GET /Jurek/proadventure/feeds/proadventure_alza.xml HTTP/2.0" 200 10767165 "-" "-"
46.101.116.244 - - [17/Jun/2025:09:09:58 +0200] "GET /Jurek/awparts/feeds/awparts_alza.xml HTTP/2.0" 200 142493846 "-" "-"
89.161.206.59 - - [17/Jun/2025:09:10:09 +0200] "GET /Jurek/twojsklep/feeds/twojsklep_skroutz.xml HTTP/1.0" 200 126799 "-" "-"
89.161.206.59 - - [17/Jun/2025:09:10:10 +0200] "GET /Jurek/domzapachy/feeds/domzapachy_skroutz.xml HTTP/1.0" 200 179761 "-" "-"
89.161.206.59 - - [17/Jun/2025:09:10:12 +0200] "GET /Jurek/wenom/feeds/wenom_skroutz.xml HTTP/1.0" 200 583068 "-" "-"
89.161.206.59 - - [17/Jun/2025:09:10:12 +0200] "GET /Jurek/luxma/feeds/luxma_skroutz.xml HTTP/1.0" 200 4419584 "-" "-"
89.161.206.59 - - [17/Jun/2025:09:10:13 +0200] "GET /Jurek/zepnij/feeds/zepnij_skroutz.xml HTTP/1.0" 200 19522544 "-" "-"
85.14.86.141 - - [17/Jun/2025:09:10:13 +0200] "GET /Jurek/beliani/feeds/beliani_morele.xml HTTP/2.0" 200 30500502 "-" "MarketplaceAPI curl/7.74.0 PHP/8"
89.161.206.59 - - [17/Jun/2025:09:10:15 +0200] "GET /Jurek/primohurt/feeds/primohurt_skroutz.xml HTTP/1.0" 200 17186927 "-" "-"
89.161.206.59 - - [17/Jun/2025:09:10:20 +0200] "GET /Jurek/qbox/feeds/qbox_skroutz.xml HTTP/1.0" 200 398480 "-" "-"
89.161.206.59 - - [17/Jun/2025:09:10:22 +0200] "GET /Jurek/emaja24/feeds/emaja24_skroutz.xml HTTP/1.0" 200 5102040 "-" "-"
66.249.64.37 - - [17/Jun/2025:09:10:44 +0200] "GET /Jurek/eurofirany/images/464366/5.jpg HTTP/1.1" 200 234658 "-" "Googlebot-Image/1.0"
66.249.64.38 - - [17/Jun/2025:09:11:17 +0200] "GET /Jurek/eurofirany/images/386714/2.jpg HTTP/1.1" 200 67562 "-" "Googlebot-Image/1.0"
185.6.76.18 - - [17/Jun/2025:09:11:17 +0200] "GET /marketplaces/skroutz/feeds/shumee.xml HTTP/1.1" 200 280878006 "-" "SkroutzBot v1.0"
89.161.206.59 - - [17/Jun/2025:09:12:04 +0200] "GET /Jurek/ekotex/feeds/ekotex_skroutz.xml HTTP/1.0" 200 197662 "-" "-"
89.161.206.59 - - [17/Jun/2025:09:12:04 +0200] "GET /Jurek/motofan/feeds/motofan_skroutz.xml HTTP/1.0" 200 2392070 "-" "-"
66.249.64.38 - - [17/Jun/2025:09:12:25 +0200] "GET /Jurek/eurofirany/images/390429/7.jpg HTTP/1.1" 200 6595 "-" "Googlebot-Image/1.0"
46.101.116.244 - - [17/Jun/2025:09:12:58 +0200] "GET /Jurek/sportprise/feeds/sportprise_alza.xml HTTP/2.0" 200 12729833 "-" "-"
66.249.64.38 - - [17/Jun/2025:09:12:59 +0200] "GET /Jurek/eurofirany/images/383338/3.jpg HTTP/1.1" 200 38139 "-" "Googlebot-Image/1.0"
46.101.116.244 - - [17/Jun/2025:09:13:22 +0200] "GET /Jurek/coppotech/feeds/coppotech_alza.xml HTTP/2.0" 200 38061612 "-" "-"
89.161.206.59 - - [17/Jun/2025:09:13:28 +0200] "GET /Jurek/dekornatort/feeds/dekornatort_skroutz.xml HTTP/1.0" 200 225735 "-" "-"
66.249.64.38 - - [17/Jun/2025:09:13:32 +0200] "GET /Jurek/eurofirany/images/371532/15.jpg HTTP/1.1" 200 85130 "-" "Googlebot-Image/1.0"
89.161.206.59 - - [17/Jun/2025:09:13:33 +0200] "GET /Jurek/euroshop/feeds/euroshop_skroutz.xml HTTP/1.0" 200 20025521 "-" "-"
46.101.116.244 - - [17/Jun/2025:09:13:37 +0200] "GET /Jurek/erohurtownia/feeds/erohurtownia_alza.xml HTTP/2.0" 200 22845833 "-" "-"
46.101.116.244 - - [17/Jun/2025:09:13:53 +0200] "GET /Jurek/euroshop/feeds/euroshop_alza.xml HTTP/2.0" 200 20020886 "-" "-"
46.101.116.244 - - [17/Jun/2025:09:14:06 +0200] "GET /Jurek/najtanszysport/feeds/najtanszysport_alza.xml HTTP/2.0" 200 3982715 "-" "-"
46.101.116.244 - - [17/Jun/2025:09:14:17 +0200] "GET /Jurek/rider/feeds/rider_alza.xml HTTP/2.0" 200 8166306 "-" "-"
89.161.206.59 - - [17/Jun/2025:09:14:20 +0200] "GET /Jurek/coppotech/feeds/coppotech_skroutz.xml HTTP/1.0" 200 37852459 "-" "-"
46.101.116.244 - - [17/Jun/2025:09:14:32 +0200] "GET /Jurek/intsell/feeds/intsell_alza.xml HTTP/2.0" 200 342157477 "-" "-"
46.101.116.244 - - [17/Jun/2025:09:14:41 +0200] "GET /Jurek/activeshop/feeds/activeshop_cdis.xml HTTP/1.0" 200 10438830 "-" "-"
46.101.116.244 - - [17/Jun/2025:09:14:55 +0200] "GET /Jurek/kinghoff/feeds/kinghoff_allegro.xml HTTP/1.0" 200 15670167 "-" "-"
46.101.116.244 - - [17/Jun/2025:09:16:46 +0200] "GET /Jurek/sempler/feeds/sempler_alza.xml HTTP/2.0" 200 6789385 "-" "-"
89.161.206.59 - - [17/Jun/2025:09:16:53 +0200] "GET /Jurek/german/feeds/german_skroutz.xml HTTP/1.0" 200 2449544 "-" "-"
46.101.116.244 - - [17/Jun/2025:09:16:58 +0200] "GET /Jurek/eroplace/feeds/eroplace_alza.xml HTTP/2.0" 200 52164077 "-" "-"
46.101.116.244 - - [17/Jun/2025:09:17:10 +0200] "GET /Jurek/mosti/feeds/mosti_alza.xml HTTP/2.0" 200 4629096 "-" "-"
46.101.116.244 - - [17/Jun/2025:09:17:11 +0200] "GET /Jurek/biokominki/feeds/biokomiinki_alza.xml HTTP/2.0" 200 1422347 "-" "-"
46.101.116.244 - - [17/Jun/2025:09:18:09 +0200] "GET /Jurek/vida_morele/feeds/vida_alza.xml HTTP/2.0" 200 871371892 "-" "-"
46.101.116.244 - - [17/Jun/2025:09:19:51 +0200] "GET /Jurek/barbecook/feeds/barbecook_allegro.xml HTTP/1.0" 200 87554 "-" "-"
83.3.29.101 - - [17/Jun/2025:09:19:54 +0200] "GET /Jurek/eurofirany/images/460087/0.jpg HTTP/2.0" 200 126457 "https://itm.ebaydesc.com/" "Mozilla/5.0 (Windows NT 10.0; Win64; x64) AppleWebKit/537.36 (KHTML, like Gecko) Chrome/137.0.0.0 Safari/537.36"
46.101.116.244 - - [17/Jun/2025:09:19:58 +0200] "GET /Jurek/vida_morele/feeds/vidaPL_velomarket_category0.xml HTTP/1.0" 200 156886146 "-" "-"
89.161.206.59 - - [17/Jun/2025:09:21:06 +0200] "GET /Jurek/eroplace/feeds/eroplace_amazonfr.xml HTTP/1.0" 200 52134530 "-" "-"
89.161.206.59 - - [17/Jun/2025:09:21:10 +0200] "GET /Jurek/eroplace/feeds/eroplace_amazonnl.xml HTTP/1.0" 200 52134820 "-" "-"
89.161.206.59 - - [17/Jun/2025:09:21:13 +0200] "GET /Jurek/eroplace/feeds/eroplace_amazonit.xml HTTP/1.0" 200 52134817 "-" "-"
104.30.134.75 - - [17/Jun/2025:09:21:23 +0200] "GET /marketplaces/skroutz/feeds/shumee.xml HTTP/2.0" 200 51650560 "https://earth.skroutz.gr/" "Mozilla/5.0 (X11; Linux x86_64) AppleWebKit/537.36 (KHTML, like Gecko) Chrome/137.0.0.0 Safari/537.36"
89.161.206.59 - - [17/Jun/2025:09:21:52 +0200] "GET /Jurek/hurtmeblowy/feeds/hurtmeblowy_bol.xml HTTP/1.0" 200 8634084 "-" "-"
89.161.206.59 - - [17/Jun/2025:09:21:57 +0200] "GET /Jurek/topeshop/feeds/topeshop_bol.xml HTTP/1.0" 200 3083726 "-" "-"
89.161.206.59 - - [17/Jun/2025:09:22:00 +0200] "GET /Jurek/carbonyway/feeds/carbonyway_bol.xml HTTP/1.0" 200 3075937 "-" "-"
89.161.206.59 - - [17/Jun/2025:09:22:00 +0200] "GET /Jurek/equalo/feeds/equalo_bol.xml HTTP/1.0" 200 98007 "-" "-"
89.161.206.59 - - [17/Jun/2025:09:22:00 +0200] "GET /Jurek/sebmart/feeds/sebmart_bol.xml HTTP/1.0" 200 1598677 "-" "-"
89.161.206.59 - - [17/Jun/2025:09:22:01 +0200] "GET /Jurek/mojeledy/feeds/mojeledy_bol.xml HTTP/1.0" 200 1018434 "-" "-"
89.161.206.59 - - [17/Jun/2025:09:22:01 +0200] "GET /Jurek/sovapl/feeds/sovapl_bol.xml HTTP/1.0" 200 8999807 "-" "-"
89.161.206.59 - - [17/Jun/2025:09:22:02 +0200] "GET /Jurek/apresto/feeds/apresto_bol.xml HTTP/1.0" 200 1327601 "-" "-"
89.161.206.59 - - [17/Jun/2025:09:22:02 +0200] "GET /Jurek/missionair/feeds/missionair_bol.xml HTTP/1.0" 200 3154873 "-" "-"
89.161.206.59 - - [17/Jun/2025:09:22:03 +0200] "GET /Jurek/mechdecor/feeds/mechdecor_bol.xml HTTP/1.0" 200 596188 "-" "-"
46.101.116.244 - - [17/Jun/2025:09:22:17 +0200] "GET /Jurek/piotrmiedz/feeds/piotrmiedz_bol.xml HTTP/1.0" 200 91052443 "-" "-"
89.161.206.59 - - [17/Jun/2025:09:23:33 +0200] "GET /Jurek/eroplace/feeds/eroplace_amazonde.xml HTTP/1.0" 200 52134470 "-" "-"
89.161.206.59 - - [17/Jun/2025:09:23:37 +0200] "GET /Jurek/eroplace/feeds/eroplace_amazonse.xml HTTP/1.0" 200 52158671 "-" "-"
89.161.206.59 - - [17/Jun/2025:09:23:38 +0200] "GET /Jurek/eroplace/feeds/eroplace_amazones.xml HTTP/1.0" 200 52134379 "-" "-"
46.101.116.244 - - [17/Jun/2025:09:23:58 +0200] "GET /Jurek/intsell/feeds/intsell_skroutz.xml HTTP/1.0" 200 269821694 "-" "-"
89.161.206.59 - - [17/Jun/2025:09:24:25 +0200] "GET /Jurek/sklep24amk/feeds/sklep24amk_skroutz.xml HTTP/1.0" 200 3894479 "-" "-"
66.249.64.37 - - [17/Jun/2025:09:27:06 +0200] "GET /Jurek/eurofirany/images/371532/2.jpg HTTP/1.1" 200 105412 "-" "Googlebot-Image/1.0"
46.101.116.244 - - [17/Jun/2025:09:27:43 +0200] "GET /Jurek/piotrmiedz/feeds/piotrmiedz_emagro.xml HTTP/1.0" 200 91075483 "-" "-"
104.30.134.75 - - [17/Jun/2025:09:28:02 +0200] "GET /marketplaces/skroutz/feeds/shumee.xml HTTP/2.0" 206 1 "https://earth.skroutz.gr/" "Mozilla/5.0 (X11; Linux x86_64) AppleWebKit/537.36 (KHTML, like Gecko) Chrome/137.0.0.0 Safari/537.36"
66.249.64.37 - - [17/Jun/2025:09:28:48 +0200] "GET /Jurek/eurofirany/images/408993/3.jpg HTTP/1.1" 200 184596 "-" "Googlebot-Image/1.0"
88.220.33.218 - - [17/Jun/2025:09:29:14 +0200] "GET /Jurek/eurofirany/images/468643/0.jpg HTTP/2.0" 200 134422 "-" "-"
88.220.33.218 - - [17/Jun/2025:09:29:20 +0200] "GET /Jurek/eurofirany/images/468643/1.jpg HTTP/2.0" 200 64397 "-" "-"
88.220.33.218 - - [17/Jun/2025:09:29:30 +0200] "GET /Jurek/eurofirany/images/468643/2.jpg HTTP/2.0" 200 92093 "-" "-"
88.220.33.218 - - [17/Jun/2025:09:29:37 +0200] "GET /Jurek/eurofirany/images/468643/3.jpg HTTP/2.0" 200 69446 "-" "-"
88.220.33.218 - - [17/Jun/2025:09:29:43 +0200] "GET /Jurek/eurofirany/images/468643/4.jpg HTTP/2.0" 200 92544 "-" "-"
88.220.33.218 - - [17/Jun/2025:09:29:49 +0200] "GET /Jurek/eurofirany/images/468643/5.jpg HTTP/2.0" 200 90900 "-" "-"
88.220.33.218 - - [17/Jun/2025:09:29:53 +0200] "GET /Jurek/eurofirany/images/468643/6.jpg HTTP/2.0" 200 82285 "-" "-"
66.249.64.37 - - [17/Jun/2025:09:29:55 +0200] "GET /Jurek/eurofirany/images/383350/5.jpg HTTP/1.1" 200 6595 "-" "Googlebot-Image/1.0"
46.101.116.244 - - [17/Jun/2025:09:30:58 +0200] "GET /Jurek/aw/feeds/awnarzedzia_fnacFR.xml HTTP/1.0" 200 90836227 "-" "-"
66.249.64.38 - - [17/Jun/2025:09:31:04 +0200] "GET /Jurek/eurofirany/images/428726/9.jpg HTTP/1.1" 200 245845 "-" "Googlebot-Image/1.0"
46.101.116.244 - - [17/Jun/2025:09:31:07 +0200] "GET /Jurek/hurtownia_przemyslowa/feeds/hp_fnacfr.xml HTTP/1.0" 200 49361649 "-" "-"
66.249.64.37 - - [17/Jun/2025:09:32:11 +0200] "GET /Jurek/eurofirany/images/383359/3.jpg HTTP/1.1" 200 6595 "-" "Googlebot-Image/1.0"
66.249.64.39 - - [17/Jun/2025:09:33:19 +0200] "GET /Jurek/eurofirany/images/383060/2.jpg HTTP/1.1" 200 50116 "-" "Googlebot-Image/1.0"
193.33.8.61 - - [17/Jun/2025:09:33:22 +0200] "GET /Filip/janshop_orders/exports/ HTTP/2.0" 401 3550 "-" "Mozilla/5.0 (Windows NT 10.0; Win64; x64) AppleWebKit/537.36 (KHTML, like Gecko) Chrome/137.0.0.0 Safari/537.36"
193.33.8.61 - maria [17/Jun/2025:09:33:23 +0200] "GET /Filip/janshop_orders/exports/ HTTP/2.0" 200 101241 "-" "Mozilla/5.0 (Windows NT 10.0; Win64; x64) AppleWebKit/537.36 (KHTML, like Gecko) Chrome/137.0.0.0 Safari/537.36"
193.33.8.61 - - [17/Jun/2025:09:33:23 +0200] "GET /favicon.ico HTTP/2.0" 404 3551 "https://dkkapusta1997.usermd.net/Filip/janshop_orders/exports/" "Mozilla/5.0 (Windows NT 10.0; Win64; x64) AppleWebKit/537.36 (KHTML, like Gecko) Chrome/137.0.0.0 Safari/537.36"
193.33.8.61 - maria [17/Jun/2025:09:33:43 +0200] "GET /Filip/janshop_orders/exports/great_2025-05-30_12.txt HTTP/2.0" 200 3595 "https://dkkapusta1997.usermd.net/Filip/janshop_orders/exports/" "Mozilla/5.0 (Windows NT 10.0; Win64; x64) AppleWebKit/537.36 (KHTML, like Gecko) Chrome/137.0.0.0 Safari/537.36"
66.249.64.37 - - [17/Jun/2025:09:33:52 +0200] "GET /Jurek/eurofirany/images/383264/3.jpg HTTP/1.1" 200 36375 "-" "Googlebot-Image/1.0"
46.101.116.244 - - [17/Jun/2025:09:34:07 +0200] "GET /Jurek/piotrmiedz/feeds/piotrmiedz_cdsc.xml HTTP/1.0" 200 87658503 "-" "-"
85.232.241.194 - - [17/Jun/2025:09:34:16 +0200] "GET /Jurek/action/feeds/action_carrefour.xml HTTP/1.1" 200 60825238 "-" "Python-urllib/3.11"
66.249.64.38 - - [17/Jun/2025:09:34:26 +0200] "GET /Jurek/eurofirany/images/389995/1.jpg HTTP/1.1" 200 79159 "-" "Googlebot-Image/1.0"
46.101.116.244 - - [17/Jun/2025:09:34:46 +0200] "GET /Jurek/kinghoff/feeds/kinghoff_ceneo.xml HTTP/1.0" 200 15669358 "-" "-"
89.161.206.59 - - [17/Jun/2025:09:34:54 +0200] "GET /Jurek/benetech/feeds/benetech_kaufSMDE.xml HTTP/1.0" 200 4165477 "-" "-"
89.161.206.59 - - [17/Jun/2025:09:34:56 +0200] "GET /Jurek/sebmart/feeds/sebmart_kaufSMDE.xml HTTP/1.0" 200 1531137 "-" "-"
89.161.206.59 - - [17/Jun/2025:09:35:10 +0200] "GET /Jurek/drewdon/feeds/drewdon_piguEX.xml HTTP/1.0" 200 504441 "-" "-"
85.232.241.194 - - [17/Jun/2025:09:35:27 +0200] "GET /Jurek/action/feeds/action_carrefour_fr.xml HTTP/1.1" 200 60824650 "-" "Python-urllib/3.11"
66.249.64.39 - - [17/Jun/2025:09:35:35 +0200] "GET /Jurek/eurofirany/images/389918/6.jpg HTTP/1.1" 200 255190 "-" "Googlebot-Image/1.0"
77.79.248.229 - - [17/Jun/2025:09:36:09 +0200] "GET /Jurek/eurofirany/feeds/eurofirany_cdon_se.xml HTTP/1.1" 200 19525033 "-" "python-requests/2.32.3"
77.79.248.229 - - [17/Jun/2025:09:36:10 +0200] "GET /Jurek/eurofirany/feeds/eurofirany_cdon_dk.xml HTTP/1.1" 200 19524890 "-" "python-requests/2.32.3"
77.79.248.229 - - [17/Jun/2025:09:36:10 +0200] "GET /Jurek/eurofirany/feeds/eurofirany_cdon_fi.xml HTTP/1.1" 200 19507391 "-" "python-requests/2.32.3"
77.79.248.229 - - [17/Jun/2025:09:36:11 +0200] "GET /Jurek/stema/feeds/stema_cdon_se.xml HTTP/1.1" 200 894931 "-" "python-requests/2.32.3"
77.79.248.229 - - [17/Jun/2025:09:36:11 +0200] "GET /Jurek/stema/feeds/stema_cdon_dk.xml HTTP/1.1" 200 894755 "-" "python-requests/2.32.3"
77.79.248.229 - - [17/Jun/2025:09:36:11 +0200] "GET /Jurek/stema/feeds/stema_cdon_fi.xml HTTP/1.1" 200 894528 "-" "python-requests/2.32.3"
77.79.248.229 - - [17/Jun/2025:09:36:20 +0200] "GET /Jurek/ikonka/feeds/ikonka_cdon_se.xml HTTP/1.1" 200 21267249 "-" "python-requests/2.32.3"
77.79.248.229 - - [17/Jun/2025:09:36:20 +0200] "GET /Jurek/ikonka/feeds/ikonka_cdon_dk.xml HTTP/1.1" 200 21267146 "-" "python-requests/2.32.3"
77.79.248.229 - - [17/Jun/2025:09:36:20 +0200] "GET /Jurek/ikonka/feeds/ikonka_cdon_fi.xml HTTP/1.1" 200 21265164 "-" "python-requests/2.32.3"
77.79.248.229 - - [17/Jun/2025:09:36:20 +0200] "GET /Jurek/fernity/feeds/fernity_cdon_fi.xml HTTP/1.1" 200 4960501 "-" "python-requests/2.32.3"
77.79.248.229 - - [17/Jun/2025:09:36:20 +0200] "GET /Jurek/fernity/feeds/fernity_cdon_se.xml HTTP/1.1" 200 4963739 "-" "python-requests/2.32.3"
77.79.248.229 - - [17/Jun/2025:09:36:21 +0200] "GET /Jurek/fernity/feeds/fernity_cdon_dk.xml HTTP/1.1" 200 4963431 "-" "python-requests/2.32.3"
77.79.248.229 - - [17/Jun/2025:09:36:21 +0200] "GET /Jurek/activeshop/feeds/activeshop_cdon_se.xml HTTP/1.1" 200 10442887 "-" "python-requests/2.32.3"
77.79.248.229 - - [17/Jun/2025:09:36:21 +0200] "GET /Jurek/activeshop/feeds/activeshop_cdon_dk.xml HTTP/1.1" 200 10442423 "-" "python-requests/2.32.3"
77.79.248.229 - - [17/Jun/2025:09:36:21 +0200] "GET /Jurek/activeshop/feeds/activeshop_cdon_fi.xml HTTP/1.1" 200 10439243 "-" "python-requests/2.32.3"
77.79.248.229 - - [17/Jun/2025:09:36:21 +0200] "GET /Jurek/barbecook/feeds/barbecook_cdon_se.xml HTTP/1.1" 200 87595 "-" "python-requests/2.32.3"
77.79.248.229 - - [17/Jun/2025:09:36:21 +0200] "GET /Jurek/barbecook/feeds/barbecook_cdon_dk.xml HTTP/1.1" 200 87590 "-" "python-requests/2.32.3"
77.79.248.229 - - [17/Jun/2025:09:36:21 +0200] "GET /Jurek/barbecook/feeds/barbecook_cdon_fi.xml HTTP/1.1" 200 87531 "-" "python-requests/2.32.3"
77.79.248.229 - - [17/Jun/2025:09:36:22 +0200] "GET /Jurek/action/feeds/action_cdon_se.xml HTTP/1.1" 200 60327267 "-" "python-requests/2.32.3"
77.79.248.229 - - [17/Jun/2025:09:36:23 +0200] "GET /Jurek/action/feeds/action_cdon_dk.xml HTTP/1.1" 200 60866112 "-" "python-requests/2.32.3"
77.79.248.229 - - [17/Jun/2025:09:36:23 +0200] "GET /Jurek/action/feeds/action_cdon_fi.xml HTTP/1.1" 200 60839349 "-" "python-requests/2.32.3"
104.30.134.75 - - [17/Jun/2025:09:36:27 +0200] "GET /marketplaces/skroutz/feeds/shumee.xml HTTP/2.0" 206 26214400 "https://earth.skroutz.gr/" "Mozilla/5.0 (X11; Linux x86_64) AppleWebKit/537.36 (KHTML, like Gecko) Chrome/137.0.0.0 Safari/537.36"
46.101.116.244 - - [17/Jun/2025:09:36:36 +0200] "GET /Jurek/rovicky/feeds/rovicky_zalando.xml HTTP/1.0" 200 15115875 "-" "-"
66.249.64.37 - - [17/Jun/2025:09:36:42 +0200] "GET /Jurek/eurofirany/images/424077/10.jpg HTTP/1.1" 200 104796 "-" "Googlebot-Image/1.0"
89.161.206.59 - - [17/Jun/2025:09:36:52 +0200] "GET /Jurek/benetech/feeds/benetech_emagro.xml HTTP/1.0" 200 4165744 "-" "-"
89.161.206.59 - - [17/Jun/2025:09:36:52 +0200] "GET /Jurek/sempler/feeds/sempler_emagro.xml HTTP/1.0" 200 6788435 "-" "-"
66.249.64.39 - - [17/Jun/2025:09:37:16 +0200] "GET /Jurek/eurofirany/images/401946/7.jpg HTTP/1.1" 200 92563 "-" "Googlebot-Image/1.0"
66.249.64.38 - - [17/Jun/2025:09:37:50 +0200] "GET /Jurek/eurofirany/images/372979/6.jpg HTTP/1.1" 200 6595 "-" "Googlebot-Image/1.0"
77.79.248.229 - - [17/Jun/2025:09:38:08 +0200] "GET /Jurek/vidaSI/feeds/vidaSI_bigbang.xml HTTP/1.1" 200 788990915 "-" "Python-urllib/3.11"
77.79.248.229 - - [17/Jun/2025:09:38:27 +0200] "GET /Jurek/action/feeds/action_bigbang.xml HTTP/1.1" 200 60834095 "-" "Python-urllib/3.11"
77.79.248.229 - - [17/Jun/2025:09:38:27 +0200] "GET /Jurek/ikonka/feeds/ikonka_bigbang.xml HTTP/1.1" 200 21265126 "-" "Python-urllib/3.11"
77.79.248.229 - - [17/Jun/2025:09:38:30 +0200] "GET /Jurek/b3/feeds/b3_bigbang.xml HTTP/1.1" 200 8509125 "-" "Python-urllib/3.11"
77.79.248.229 - - [17/Jun/2025:09:38:31 +0200] "GET /Jurek/asortymenteu/feeds/asortymenteu_bigbang.xml HTTP/1.1" 200 2906733 "-" "Python-urllib/3.11"
77.79.248.229 - - [17/Jun/2025:09:38:31 +0200] "GET /Jurek/stema/feeds/stema_bigbang.xml HTTP/1.1" 200 894398 "-" "Python-urllib/3.11"
77.79.248.229 - - [17/Jun/2025:09:38:31 +0200] "GET /Jurek/sempler/feeds/sempler_bigbang.xml HTTP/1.1" 200 6787916 "-" "Python-urllib/3.11"
77.79.248.229 - - [17/Jun/2025:09:38:31 +0200] "GET /Jurek/benetech/feeds/benetech_bigbang.xml HTTP/1.1" 200 4165459 "-" "Python-urllib/3.11"
77.79.248.229 - - [17/Jun/2025:09:38:31 +0200] "GET /Jurek/ekuchcikowo/feeds/ekuchcikowo_bigbang.xml HTTP/1.1" 200 12470818 "-" "Python-urllib/3.11"
77.79.248.229 - - [17/Jun/2025:09:38:32 +0200] "GET /Jurek/erohurtownia/feeds/erohurtownia_bigbang.xml HTTP/1.1" 200 22846464 "-" "Python-urllib/3.11"
77.79.248.229 - - [17/Jun/2025:09:38:33 +0200] "GET /Jurek/awparts/feeds/awparts_bigbang.xml HTTP/1.1" 200 142298933 "-" "Python-urllib/3.11"
77.79.248.229 - - [17/Jun/2025:09:38:33 +0200] "GET /Jurek/najtanszysport/feeds/najtanszysport_bigbang.xml HTTP/1.1" 200 3982897 "-" "Python-urllib/3.11"
77.79.248.229 - - [17/Jun/2025:09:38:33 +0200] "GET /Jurek/playcob/feeds/playcob_bigbang.xml HTTP/1.1" 200 6980127 "-" "Python-urllib/3.11"
77.79.248.229 - - [17/Jun/2025:09:38:34 +0200] "GET /Jurek/kidshop/feeds/kidshop_bigbang.xml HTTP/1.1" 200 19845640 "-" "Python-urllib/3.11"
77.79.248.229 - - [17/Jun/2025:09:38:34 +0200] "GET /Jurek/elavia/feeds/elavia_bigbang.xml HTTP/1.1" 200 2497283 "-" "Python-urllib/3.11"
77.79.248.229 - - [17/Jun/2025:09:38:34 +0200] "GET /Jurek/straganbiur/feeds/straganbiur_bigbang.xml HTTP/1.1" 200 8889108 "-" "Python-urllib/3.11"
77.79.248.229 - - [17/Jun/2025:09:38:34 +0200] "GET /Jurek/elecomp/feeds/elecomp_bigbang.xml HTTP/1.1" 200 2867653 "-" "Python-urllib/3.11"
77.79.248.229 - - [17/Jun/2025:09:38:34 +0200] "GET /Jurek/roger/feeds/roger_bigbang.xml HTTP/1.1" 200 1396544 "-" "Python-urllib/3.11"
77.79.248.229 - - [17/Jun/2025:09:38:34 +0200] "GET /Jurek/kristronik/feeds/kristronik_bigbang.xml HTTP/1.1" 200 691976 "-" "Python-urllib/3.11"
77.79.248.229 - - [17/Jun/2025:09:38:34 +0200] "GET /Jurek/oknobest/feeds/oknobest_bigbang.xml HTTP/1.1" 200 2708301 "-" "Python-urllib/3.11"
77.79.248.229 - - [17/Jun/2025:09:38:35 +0200] "GET /Jurek/globaldeli/feeds/globaldeli_bigbang.xml HTTP/1.1" 200 2590049 "-" "Python-urllib/3.11"
77.79.248.229 - - [17/Jun/2025:09:38:35 +0200] "GET /Jurek/rider/feeds/rider_bigbang.xml HTTP/1.1" 200 8165153 "-" "Python-urllib/3.11"
77.79.248.229 - - [17/Jun/2025:09:38:35 +0200] "GET /Jurek/luxma/feeds/luxma_bigbang.xml HTTP/1.1" 200 8058599 "-" "Python-urllib/3.11"
77.79.248.229 - - [17/Jun/2025:09:38:35 +0200] "GET /Jurek/smxdesign/feeds/smxdesign_bigbang.xml HTTP/1.1" 200 1829023 "-" "Python-urllib/3.11"
77.79.248.229 - - [17/Jun/2025:09:38:36 +0200] "GET /Jurek/dropkz/feeds/dropkz_bigbang.xml HTTP/1.1" 200 70014379 "-" "Python-urllib/3.11"
77.79.248.229 - - [17/Jun/2025:09:38:36 +0200] "GET /Jurek/pawonik/feeds/pawonik_bigbang.xml HTTP/1.1" 200 2138389 "-" "Python-urllib/3.11"
77.79.248.229 - - [17/Jun/2025:09:38:36 +0200] "GET /Jurek/spali/feeds/spali_bigbang.xml HTTP/1.1" 200 77046 "-" "Python-urllib/3.11"
77.79.248.229 - - [17/Jun/2025:09:38:36 +0200] "GET /Jurek/newtechele/feeds/newtechele_bigbang.xml HTTP/1.1" 200 2438470 "-" "Python-urllib/3.11"
77.79.248.229 - - [17/Jun/2025:09:38:36 +0200] "GET /Jurek/maksik/feeds/maksik_bigbang.xml HTTP/1.1" 200 4084763 "-" "Python-urllib/3.11"
77.79.248.229 - - [17/Jun/2025:09:38:36 +0200] "GET /Jurek/beltimore/feeds/beltimore_bigbang.xml HTTP/1.1" 200 18652320 "-" "Python-urllib/3.11"
77.79.248.229 - - [17/Jun/2025:09:38:36 +0200] "GET /Jurek/rovato/feeds/rovato_bigbang.xml HTTP/1.1" 200 180831 "-" "Python-urllib/3.11"
77.79.248.229 - - [17/Jun/2025:09:38:37 +0200] "GET /Jurek/eurofryz/feeds/eurofryz_bigbang.xml HTTP/1.1" 200 1381530 "-" "Python-urllib/3.11"
77.79.248.229 - - [17/Jun/2025:09:38:37 +0200] "GET /Jurek/alucon/feeds/alucon_bigbang.xml HTTP/1.1" 200 553703 "-" "Python-urllib/3.11"
77.79.248.229 - - [17/Jun/2025:09:38:37 +0200] "GET /Jurek/omi/feeds/omi_bigbang.xml HTTP/1.1" 200 8100721 "-" "Python-urllib/3.11"
77.79.248.229 - - [17/Jun/2025:09:38:37 +0200] "GET /Jurek/kamar/feeds/kamar_bigbang.xml HTTP/1.1" 200 25549848 "-" "Python-urllib/3.11"
77.79.248.229 - - [17/Jun/2025:09:38:37 +0200] "GET /Jurek/beautycare/feeds/beautycare_bigbang.xml HTTP/1.1" 200 1181291 "-" "Python-urllib/3.11"
77.79.248.229 - - [17/Jun/2025:09:38:37 +0200] "GET /Jurek/avenido/feeds/avenido_bigbang.xml HTTP/1.1" 200 720107 "-" "Python-urllib/3.11"
77.79.248.229 - - [17/Jun/2025:09:38:37 +0200] "GET /Jurek/zenex/feeds/zenex_bigbang.xml HTTP/1.1" 200 540150 "-" "Python-urllib/3.11"
77.79.248.229 - - [17/Jun/2025:09:38:37 +0200] "GET /Jurek/sternhoff/feeds/sternhoff_bigbang.xml HTTP/1.1" 200 1775249 "-" "Python-urllib/3.11"
77.79.248.229 - - [17/Jun/2025:09:38:38 +0200] "GET /Jurek/straganspoz/feeds/straganspoz_bigbang.xml HTTP/1.1" 200 9510050 "-" "Python-urllib/3.11"
77.79.248.229 - - [17/Jun/2025:09:38:38 +0200] "GET /Jurek/apresto/feeds/apresto_bigbang.xml HTTP/1.1" 200 1327596 "-" "Python-urllib/3.11"
77.79.248.229 - - [17/Jun/2025:09:38:38 +0200] "GET /Jurek/fertone/feeds/fertone_bigbang.xml HTTP/1.1" 200 584065 "-" "Python-urllib/3.11"
77.79.248.229 - - [17/Jun/2025:09:38:38 +0200] "GET /Jurek/fernity/feeds/fernity_bigbang.xml HTTP/1.1" 200 4960846 "-" "Python-urllib/3.11"
77.79.248.229 - - [17/Jun/2025:09:38:38 +0200] "GET /Jurek/jankeski/feeds/jankeski_bigbang.xml HTTP/1.1" 200 6571037 "-" "Python-urllib/3.11"
77.79.248.229 - - [17/Jun/2025:09:38:38 +0200] "GET /Jurek/bloomglow/feeds/bloomglow_bigbang.xml HTTP/1.1" 200 14095271 "-" "Python-urllib/3.11"
77.79.248.229 - - [17/Jun/2025:09:38:38 +0200] "GET /Jurek/galopi/feeds/galopi_bigbang.xml HTTP/1.1" 200 2111013 "-" "Python-urllib/3.11"
77.79.248.229 - - [17/Jun/2025:09:38:39 +0200] "GET /Jurek/hurtmeblowy/feeds/hurtmeblowy_bigbang.xml HTTP/1.1" 200 8634081 "-" "Python-urllib/3.11"
66.249.64.38 - - [17/Jun/2025:09:38:57 +0200] "GET /Jurek/eurofirany/images/383348/8.jpg HTTP/1.1" 200 38324 "-" "Googlebot-Image/1.0"
52.18.22.0 - - [17/Jun/2025:09:39:35 +0200] "GET /marketplaces/worten2/results/worten.csv HTTP/1.1" 200 19254936 "-" "Mirakl HttpClient"
66.249.64.39 - - [17/Jun/2025:09:40:05 +0200] "GET /Jurek/eurofirany/images/357555/9.jpg HTTP/1.1" 200 114261 "-" "Googlebot-Image/1.0"
77.79.248.229 - - [17/Jun/2025:09:40:37 +0200] "GET /Jurek/kinghoff/feeds/kinghoff_SkroutzGR.xml HTTP/1.1" 200 14541604 "-" "Python-urllib/3.11"
77.79.248.229 - - [17/Jun/2025:09:40:37 +0200] "GET /Jurek/aw/feeds/awnarzedzia_skroutz.xml HTTP/1.1" 200 56885878 "-" "Python-urllib/3.11"
77.79.248.229 - - [17/Jun/2025:09:40:38 +0200] "GET /Jurek/eurofirany/feeds/eurofirany_skroutz.xml HTTP/1.1" 200 17972302 "-" "Python-urllib/3.11"
77.79.248.229 - - [17/Jun/2025:09:40:38 +0200] "GET /Jurek/fernity/feeds/fernity_skroutz.xml HTTP/1.1" 200 4576046 "-" "Python-urllib/3.11"
66.249.64.39 - - [17/Jun/2025:09:41:47 +0200] "GET /Jurek/topeshop/downloaded_images/5902838467459_1.jpg HTTP/1.1" 404 3551 "-" "Googlebot-Image/1.0"
66.249.64.37 - - [17/Jun/2025:09:42:55 +0200] "GET /Jurek/topeshop/downloaded_images/5902838467886_Plus_sonoma_wiz.jpg HTTP/1.1" 404 3551 "-" "Googlebot-Image/1.0"
66.249.64.37 - - [17/Jun/2025:09:45:08 +0200] "GET /Jurek/eurofirany/images/383267/7.jpg HTTP/1.1" 200 64084 "-" "Googlebot-Image/1.0"
46.101.116.244 - - [17/Jun/2025:09:49:47 +0200] "GET /Jurek/b3/feeds/b3_alza.xml HTTP/2.0" 200 8513839 "-" "-"
46.101.116.244 - - [17/Jun/2025:09:50:11 +0200] "GET /Jurek/action/feeds/action_alza.xml HTTP/2.0" 200 60877311 "-" "-"
62.146.215.33 - - [17/Jun/2025:09:50:30 +0200] "GET /Jurek/eurofirany/images/383385/0.jpg HTTP/2.0" 304 0 "-" "billigerbot/1.0"
66.249.64.37 - - [17/Jun/2025:09:50:49 +0200] "GET /Jurek/eurofirany/images/423950/2.jpg HTTP/1.1" 200 0 "-" "Googlebot-Image/1.0"
5.134.208.158 - - [17/Jun/2025:09:50:54 +0200] "GET /Jurek/eurofirany/images/388497/0.jpg HTTP/1.1" 200 153880 "-" "-"
66.249.64.38 - - [17/Jun/2025:09:51:23 +0200] "GET /Jurek/eurofirany/images/397728/2.jpg HTTP/1.1" 200 139363 "-" "Googlebot-Image/1.0"
46.101.116.244 - - [17/Jun/2025:09:51:37 +0200] "GET /Jurek/unimet/feeds/unimet_alza.xml HTTP/2.0" 200 60852917 "-" "-"
66.249.64.37 - - [17/Jun/2025:09:52:31 +0200] "GET /Jurek/topeshop/downloaded_images/5904507206789_Wymiary_Artisan_Obszar_roboczy_1.jpg HTTP/1.1" 200 44225 "-" "Googlebot-Image/1.0"
66.249.64.39 - - [17/Jun/2025:09:53:05 +0200] "GET /Jurek/eurofirany/images/428726/2.jpg HTTP/1.1" 200 84546 "-" "Googlebot-Image/1.0"
46.101.116.244 - - [17/Jun/2025:09:53:11 +0200] "GET /Jurek/andex/feeds/andex_alza.xml HTTP/2.0" 200 1954412 "-" "-"
46.101.116.244 - - [17/Jun/2025:09:53:23 +0200] "GET /Jurek/aw/feeds/awnarzedzia_alza.xml HTTP/2.0" 200 90931987 "-" "-"
66.249.64.37 - - [17/Jun/2025:09:53:38 +0200] "GET /Jurek/topeshop/downloaded_images/5902838463383_DENVER_SONOMA(3).jpg HTTP/1.1" 404 3551 "-" "Googlebot-Image/1.0"
46.101.116.244 - - [17/Jun/2025:09:53:47 +0200] "GET /Jurek/detian/feeds/detian_alza.xml HTTP/2.0" 404 3551 "-" "-"
46.101.116.244 - - [17/Jun/2025:09:53:58 +0200] "GET /Jurek/fernity/feeds/fernity_alza.xml HTTP/2.0" 200 4964817 "-" "-"
46.101.116.244 - - [17/Jun/2025:09:54:20 +0200] "GET /Jurek/octopia/feeds/octopia_alzacz.xml HTTP/2.0" 200 10117156 "-" "-"
89.161.206.59 - - [17/Jun/2025:09:54:21 +0200] "GET /Jurek/topeshop/feeds/topeshop_cdsc.xml HTTP/1.0" 200 2678524 "-" "-"
46.101.116.244 - - [17/Jun/2025:09:54:32 +0200] "GET /Jurek/unimet/feeds/unimet_alza.xml HTTP/2.0" 200 60852917 "-" "-"
66.249.64.39 - - [17/Jun/2025:09:54:46 +0200] "GET /Jurek/eurofirany/images/383265/1.jpg HTTP/1.1" 200 80421 "-" "Googlebot-Image/1.0"
46.101.116.244 - - [17/Jun/2025:09:54:53 +0200] "GET /Jurek/eurofirany/feeds/eurofirany_alza.xml HTTP/2.0" 200 19475595 "-" "-"
46.101.116.244 - - [17/Jun/2025:09:55:09 +0200] "GET /Jurek/beliani/feeds/beliani_alza.xml HTTP/2.0" 200 15251035 "-" "-"
46.101.116.244 - - [17/Jun/2025:09:55:28 +0200] "GET /Jurek/vivaldi/feeds/vivaldi_alza.xml HTTP/2.0" 200 344830 "-" "-"
46.101.116.244 - - [17/Jun/2025:09:55:38 +0200] "GET /Jurek/ikonka/feeds/ikonka_alza.xml HTTP/2.0" 200 21267479 "-" "-"
46.101.116.244 - - [17/Jun/2025:09:55:50 +0200] "GET /Jurek/stema/feeds/stema_alza.xml HTTP/2.0" 200 894968 "-" "-"
46.101.116.244 - - [17/Jun/2025:09:56:02 +0200] "GET /Jurek/kinghoff/feeds/kinghoff_alza.xml HTTP/2.0" 200 15671630 "-" "-"
66.249.64.38 - - [17/Jun/2025:09:56:28 +0200] "GET /Jurek/eurofirany/images/367110/5.jpg HTTP/1.1" 200 112085 "-" "Googlebot-Image/1.0"
66.249.64.39 - - [17/Jun/2025:09:57:02 +0200] "GET /Jurek/eurofirany/images/372657/1.jpg HTTP/1.1" 200 45954 "-" "Googlebot-Image/1.0"
77.79.248.229 - - [17/Jun/2025:09:58:04 +0200] "GET /Filip/zalando/zalando-logo.jpg HTTP/1.1" 200 5121 "-" "-"
77.79.248.229 - - [17/Jun/2025:09:58:04 +0200] "GET /Filip/zalando/zalando-logo.jpg HTTP/1.1" 200 5121 "-" "-"
66.249.64.37 - - [17/Jun/2025:09:58:10 +0200] "GET /Jurek/eurofirany/images/390450/12.jpg HTTP/1.1" 200 212063 "-" "Googlebot-Image/1.0"
89.161.206.59 - - [17/Jun/2025:09:58:22 +0200] "GET /Jurek/zami/feeds/zami_emagro.xml HTTP/1.0" 200 4475516 "-" "-"
66.249.64.37 - - [17/Jun/2025:09:58:43 +0200] "GET /Jurek/topeshop/downloaded_images/5904507201999_BILBAO4P__BIEL(3).jpg HTTP/1.1" 404 3551 "-" "Googlebot-Image/1.0"
46.101.116.244 - - [17/Jun/2025:09:59:01 +0200] "GET /Jurek/piotrmiedz/feeds/piotrmiedz_mallsish.xml HTTP/2.0" 200 91052921 "-" "-"
46.101.116.244 - - [17/Jun/2025:09:59:12 +0200] "GET /Jurek/eurofirany/feeds/eurofirany_ceneo.xml HTTP/1.0" 200 19511108 "-" "-"
66.249.64.37 - - [17/Jun/2025:09:59:17 +0200] "GET /Jurek/eurofirany/images/460181/1.jpg HTTP/1.1" 200 130277 "-" "Googlebot-Image/1.0"
89.161.206.59 - - [17/Jun/2025:09:59:53 +0200] "GET /Jurek/techrebal/feeds/techrebal_kaufSMDE.xml HTTP/1.0" 200 1929388 "-" "-"
89.161.206.59 - - [17/Jun/2025:09:59:53 +0200] "GET /Jurek/missionair/feeds/missionair_kaufSMDE.xml HTTP/1.0" 200 3120102 "-" "-"
85.14.86.141 - - [17/Jun/2025:10:00:19 +0200] "GET /Jurek/vida_morele/feeds/VidaPL_all.xml HTTP/2.0" 200 877253724 "-" "MarketplaceAPI curl/7.74.0 PHP/8"
66.249.64.37 - - [17/Jun/2025:10:00:25 +0200] "GET /Jurek/eurofirany/images/383338/5.jpg HTTP/1.1" 200 41834 "-" "Googlebot-Image/1.0"
35.204.39.32 - - [17/Jun/2025:10:00:25 +0200] "GET /marketplaces/carrefour_fr/results/carrefour_fr.csv HTTP/1.1" 200 15735849 "-" "Mirakl HttpClient"
52.17.80.36 - - [17/Jun/2025:10:00:44 +0200] "GET /marketplaces/ubaldi/results/ubaldi.csv HTTP/1.1" 200 147219 "-" "Mirakl HttpClient"
46.101.116.244 - - [17/Jun/2025:10:00:49 +0200] "GET /Jurek/beltimore/feeds/beltimore_mallsish.xml HTTP/2.0" 200 18652104 "-" "-"
66.249.64.38 - - [17/Jun/2025:10:00:59 +0200] "GET /Jurek/eurofirany/images/397112/4.jpg HTTP/1.1" 200 261697 "-" "Googlebot-Image/1.0"
46.101.116.244 - - [17/Jun/2025:10:01:05 +0200] "GET /Jurek/drops/feeds/dropsofficecolection_mallsish.xml HTTP/2.0" 200 790810 "-" "-"
46.101.116.244 - - [17/Jun/2025:10:01:15 +0200] "GET /Jurek/hdwr/feeds/hdwr_mallsish.xml HTTP/2.0" 200 789422 "-" "-"
46.101.116.244 - - [17/Jun/2025:10:01:25 +0200] "GET /Jurek/narzbud/feeds/narzbud_mallsish.xml HTTP/2.0" 200 1901183 "-" "-"
46.101.116.244 - - [17/Jun/2025:10:01:37 +0200] "GET /Jurek/newtechele/feeds/newtechele_mallsish.xml HTTP/2.0" 200 2438469 "-" "-"
35.204.39.32 - - [17/Jun/2025:10:01:41 +0200] "GET /marketplaces/vente/results/vente_nl.csv HTTP/1.1" 200 147219 "-" "Mirakl HttpClient"
35.204.39.32 - - [17/Jun/2025:10:01:41 +0200] "GET /marketplaces/vente/results/vente_fr.csv HTTP/1.1" 200 163603 "-" "Mirakl HttpClient"
35.204.39.32 - - [17/Jun/2025:10:01:41 +0200] "GET /marketplaces/vente/results/vente_be.csv HTTP/1.1" 200 147219 "-" "Mirakl HttpClient"
35.204.39.32 - - [17/Jun/2025:10:01:41 +0200] "GET /marketplaces/vente/results/vente_it.csv HTTP/1.1" 200 147219 "-" "Mirakl HttpClient"
35.204.39.32 - - [17/Jun/2025:10:01:41 +0200] "GET /marketplaces/vente/results/vente_es.csv HTTP/1.1" 200 147219 "-" "Mirakl HttpClient"
35.204.39.32 - - [17/Jun/2025:10:01:42 +0200] "GET /marketplaces/vente/results/vente_de.csv HTTP/1.1" 200 163603 "-" "Mirakl HttpClient"
46.101.116.244 - - [17/Jun/2025:10:01:58 +0200] "GET /Jurek/pawonik/feeds/pawonik_mallsish.xml HTTP/2.0" 200 2138411 "-" "-"
66.249.64.37 - - [17/Jun/2025:10:02:07 +0200] "GET /Jurek/eurofirany/images/383468/0.jpg HTTP/1.1" 200 86852 "-" "Googlebot-Image/1.0"
46.101.116.244 - - [17/Jun/2025:10:02:09 +0200] "GET /Jurek/proadventure/feeds/proadventure_mallsish.xml HTTP/2.0" 200 10763308 "-" "-"
46.101.116.244 - - [17/Jun/2025:10:02:21 +0200] "GET /Jurek/rems/feeds/rems_mallsish.xml HTTP/2.0" 200 8706137 "-" "-"
46.101.116.244 - - [17/Jun/2025:10:02:32 +0200] "GET /Jurek/roger/feeds/roger_mallsish.xml HTTP/2.0" 200 1396584 "-" "-"
52.18.22.0 - - [17/Jun/2025:10:02:38 +0200] "GET /marketplaces/rue/results/rue.csv HTTP/1.1" 200 147219 "-" "Mirakl HttpClient"
66.249.64.37 - - [17/Jun/2025:10:02:40 +0200] "GET /Jurek/eurofirany/images/350431/5.jpg HTTP/1.1" 200 36219 "-" "Googlebot-Image/1.0"
46.101.116.244 - - [17/Jun/2025:10:02:42 +0200] "GET /Jurek/sovapl/feeds/sovapl_mallsish.xml HTTP/2.0" 200 8998742 "-" "-"
46.101.116.244 - - [17/Jun/2025:10:02:57 +0200] "GET /Jurek/stiv/feeds/stiv_mallsish.xml HTTP/2.0" 200 2056837 "-" "-"
46.101.116.244 - - [17/Jun/2025:10:03:08 +0200] "GET /Jurek/fertes/feeds/fertes_mallsish.xml HTTP/2.0" 200 2361817 "-" "-"
46.101.116.244 - - [17/Jun/2025:10:03:19 +0200] "GET /Jurek/avenido/feeds/avenido_mallsish.xml HTTP/2.0" 200 720096 "-" "-"
46.101.116.244 - - [17/Jun/2025:10:03:29 +0200] "GET /Jurek/carbonyway/feeds/carbonyway_mallsish.xml HTTP/2.0" 200 3075956 "-" "-"
66.249.64.38 - - [17/Jun/2025:10:03:48 +0200] "GET /Jurek/eurofirany/images/416790/5.jpg HTTP/1.1" 200 33 "-" "Googlebot-Image/1.0"
46.101.116.244 - - [17/Jun/2025:10:03:51 +0200] "GET /Jurek/equalo/feeds/equalo_mallsish.xml HTTP/2.0" 200 98007 "-" "-"
46.101.116.244 - - [17/Jun/2025:10:04:02 +0200] "GET /Jurek/kamar/feeds/kamar_mallsish.xml HTTP/2.0" 200 25550304 "-" "-"
85.14.86.141 - - [17/Jun/2025:10:04:05 +0200] "GET /Jurek/kinghoff/feeds/kinghoff_morele.xml HTTP/2.0" 200 15669200 "-" "MarketplaceAPI curl/7.74.0 PHP/8"
89.161.206.59 - - [17/Jun/2025:10:04:16 +0200] "GET /Jurek/amzteam/feeds/amzteam_skroutz.xml HTTP/1.0" 200 95854 "-" "-"
46.101.116.244 - - [17/Jun/2025:10:04:17 +0200] "GET /Jurek/lampart/feeds/lampart_mallsish.xml HTTP/2.0" 200 935964 "-" "-"
66.249.64.39 - - [17/Jun/2025:10:04:23 +0200] "GET /Jurek/eurofirany/images/390455/12.jpg HTTP/1.1" 200 212063 "-" "Googlebot-Image/1.0"
46.101.116.244 - - [17/Jun/2025:10:04:28 +0200] "GET /Jurek/makow/feeds/makow_mallsish.xml HTTP/2.0" 200 21203751 "-" "-"
89.161.206.59 - - [17/Jun/2025:10:04:38 +0200] "GET /Jurek/ikonka/feeds/ikonka_cdsc.xml HTTP/1.0" 200 21265151 "-" "-"
46.101.116.244 - - [17/Jun/2025:10:04:40 +0200] "GET /Jurek/regis/feeds/regis_mallsish.xml HTTP/2.0" 200 228475 "-" "-"
217.254.192.156 - - [17/Jun/2025:10:04:44 +0200] "GET /Jurek/topeshop/downloaded_images/5902838467572_profilowe.jpg HTTP/2.0" 200 41264 "https://itm.ebaydesc.com/" "Mozilla/5.0 (Windows NT 10.0; Win64; x64; rv:139.0) Gecko/20100101 Firefox/139.0"
89.161.206.59 - - [17/Jun/2025:10:04:47 +0200] "GET /Jurek/oromed/feeds/oromed_skroutz.xml HTTP/1.0" 200 1283931 "-" "-"
46.101.116.244 - - [17/Jun/2025:10:04:50 +0200] "GET /Jurek/sebmart/feeds/sebmart_mallsish.xml HTTP/2.0" 200 1598698 "-" "-"
66.249.64.38 - - [17/Jun/2025:10:04:56 +0200] "GET /Jurek/eurofirany/images/386714/3.jpg HTTP/1.1" 200 142405 "-" "Googlebot-Image/1.0"
46.101.116.244 - - [17/Jun/2025:10:05:01 +0200] "GET /Jurek/takapara/feeds/takapara_mallsish.xml HTTP/2.0" 200 1342602 "-" "-"
89.161.206.59 - - [17/Jun/2025:10:05:02 +0200] "GET /Jurek/lerutrade/feeds/lerutrade_cdsc.xml HTTP/1.0" 200 53849 "-" "-"
46.101.116.244 - - [17/Jun/2025:10:05:12 +0200] "GET /Jurek/tsjerzy/feeds/tsjerzy_mallsish.xml HTTP/2.0" 200 3897710 "-" "-"
193.33.8.61 - - [17/Jun/2025:10:05:12 +0200] "GET /Jurek/hurtmeblowy2/feeds/hurtmeblowy_ManoFR.xml HTTP/2.0" 200 7102180 "https://konsola.dkkapusta1997.usermd.net/" "Mozilla/5.0 (Windows NT 10.0; Win64; x64) AppleWebKit/537.36 (KHTML, like Gecko) Chrome/137.0.0.0 Safari/537.36"
193.33.8.61 - - [17/Jun/2025:10:05:16 +0200] "GET /Jurek/hurtmeblowy2/feeds/hurtmeblowy_zero.xml HTTP/2.0" 200 7828430 "https://konsola.dkkapusta1997.usermd.net/" "Mozilla/5.0 (Windows NT 10.0; Win64; x64) AppleWebKit/537.36 (KHTML, like Gecko) Chrome/137.0.0.0 Safari/537.36"
89.161.206.59 - - [17/Jun/2025:10:05:17 +0200] "GET /Jurek/fertone/feeds/fertone_skroutz.xml HTTP/1.0" 200 583904 "-" "-"
104.30.134.75 - - [17/Jun/2025:10:05:20 +0200] "GET /marketplaces/skroutz/feeds/shumee.xml HTTP/2.0" 200 280878006 "-" "Mozilla/5.0 (X11; Linux x86_64; rv:128.0) Gecko/20100101 Firefox/128.0"
89.161.206.59 - - [17/Jun/2025:10:05:22 +0200] "GET /Jurek/spali/feeds/spali_skroutz.xml HTTP/1.0" 200 77047 "-" "-"
46.101.116.244 - - [17/Jun/2025:10:05:25 +0200] "GET /Jurek/andex/feeds/andex_mallsiSH.xml HTTP/2.0" 200 1953425 "-" "-"
89.161.206.59 - - [17/Jun/2025:10:05:26 +0200] "GET /Jurek/combine/feeds/combine_skroutz.xml HTTP/1.0" 200 210509 "-" "-"
193.33.8.61 - - [17/Jun/2025:10:05:26 +0200] "GET /favicon.ico HTTP/2.0" 404 3551 "https://dkkapusta1997.usermd.net/Jurek/hurtmeblowy2/feeds/hurtmeblowy_ManoFR.xml" "Mozilla/5.0 (Windows NT 10.0; Win64; x64) AppleWebKit/537.36 (KHTML, like Gecko) Chrome/137.0.0.0 Safari/537.36"
52.18.22.0 - - [17/Jun/2025:10:05:31 +0200] "GET /marketplaces/carrefour/results/carrefour.csv HTTP/1.1" 200 9781574 "-" "Mirakl HttpClient"
89.161.206.59 - - [17/Jun/2025:10:05:37 +0200] "GET /Jurek/b3/feeds/b3_ebayde.xml HTTP/1.0" 200 6356948 "-" "-"
46.101.116.244 - - [17/Jun/2025:10:05:37 +0200] "GET /Jurek/german/feeds/german_mallsiSH.xml HTTP/2.0" 200 2853568 "-" "-"
46.101.116.244 - - [17/Jun/2025:10:06:01 +0200] "GET /Jurek/maksik/feeds/maksik_mallsiSH.xml HTTP/2.0" 200 4084755 "-" "-"
66.249.64.37 - - [17/Jun/2025:10:06:05 +0200] "GET /Jurek/topeshop/downloaded_images/5904507202002_BILBAO_4P_2_3.png HTTP/1.1" 200 1269265 "-" "Googlebot-Image/1.0"
46.101.116.244 - - [17/Jun/2025:10:06:11 +0200] "GET /Jurek/smxdesign/feeds/smxdesign_mallsiSH.xml HTTP/2.0" 200 1829008 "-" "-"
46.101.116.244 - - [17/Jun/2025:10:06:33 +0200] "GET /Jurek/alucon/feeds/alucon_mallsiSH.xml HTTP/2.0" 200 553700 "-" "-"
66.249.64.37 - - [17/Jun/2025:10:06:38 +0200] "GET /Jurek/topeshop/downloaded_images/5902838466742_wymiary_open_Obszar_roboczy_1.jpg HTTP/1.1" 200 63926 "-" "Googlebot-Image/1.0"
46.101.116.244 - - [17/Jun/2025:10:06:43 +0200] "GET /Jurek/evil/feeds/evil_mallsiSH.xml HTTP/2.0" 200 306378 "-" "-"
46.101.116.244 - - [17/Jun/2025:10:06:54 +0200] "GET /Jurek/hlo/feeds/hlo_mallsiSH.xml HTTP/2.0" 200 4838671 "-" "-"
85.14.86.141 - - [17/Jun/2025:10:06:56 +0200] "GET /Jurek/eurofirany/feeds/eurofirany_morele.xml HTTP/2.0" 200 19508813 "-" "MarketplaceAPI curl/7.74.0 PHP/8"
46.101.116.244 - - [17/Jun/2025:10:07:04 +0200] "GET /Jurek/lgbtshop/feeds/lgbtshop_mallsiSH.xml HTTP/2.0" 200 219239 "-" "-"
85.14.86.141 - - [17/Jun/2025:10:07:12 +0200] "GET /Jurek/vivaldi/feeds/vivaldi_Morele-PL.xml HTTP/2.0" 200 344674 "-" "MarketplaceAPI curl/7.74.0 PHP/8"
46.101.116.244 - - [17/Jun/2025:10:07:15 +0200] "GET /Jurek/madrex/feeds/madrex_mallsiSH.xml HTTP/2.0" 200 466713 "-" "-"
46.101.116.244 - - [17/Jun/2025:10:07:25 +0200] "GET /Jurek/motofan/feeds/motofan_mallsiSH.xml HTTP/2.0" 200 2392078 "-" "-"
46.101.116.244 - - [17/Jun/2025:10:07:36 +0200] "GET /Jurek/najtanszysport/feeds/najtanszysport_mallsiSH.xml HTTP/2.0" 200 3983005 "-" "-"
66.249.64.38 - - [17/Jun/2025:10:07:45 +0200] "GET /Jurek/eurofirany/images/396855/0.jpg HTTP/1.1" 200 76743 "-" "Googlebot-Image/1.0"
46.101.116.244 - - [17/Jun/2025:10:07:47 +0200] "GET /Jurek/nexus/feeds/nexus_mallsiSH.xml HTTP/2.0" 200 226758 "-" "-"
46.101.116.244 - - [17/Jun/2025:10:07:58 +0200] "GET /Jurek/playcob/feeds/playcob_mallsiSH.xml HTTP/2.0" 200 6980145 "-" "-"
104.30.134.75 - - [17/Jun/2025:10:08:01 +0200] "GET /marketplaces/skroutz/feeds/shumee.xml HTTP/2.0" 200 280878006 "-" "Mozilla/5.0 (X11; Linux x86_64; rv:128.0) Gecko/20100101 Firefox/128.0"
46.101.116.244 - - [17/Jun/2025:10:08:09 +0200] "GET /Jurek/cbdgreen/feeds/cbdgreen_mallsiSH.xml HTTP/2.0" 200 50545 "-" "-"
46.101.116.244 - - [17/Jun/2025:10:08:19 +0200] "GET /Jurek/cbdgreen/feeds/cbdgreen_mallsiSH.xml HTTP/2.0" 200 50545 "-" "-"
66.249.64.38 - - [17/Jun/2025:10:08:19 +0200] "GET /Jurek/eurofirany/images/378441/6.jpg HTTP/1.1" 200 104546 "-" "Googlebot-Image/1.0"
