85.14.86.141 - - [14/Jun/2025:04:09:41 +0200] "GET /Jurek/aw/feeds/awnarzedzia_morele.xml HTTP/2.0" 200 90834818 "-" "MarketplaceAPI curl/7.74.0 PHP/8"
46.101.116.244 - - [14/Jun/2025:04:09:43 +0200] "GET /Jurek/erohurtownia/feeds/erohurtownia_mallsish.xml HTTP/2.0" 200 22846521 "-" "-"
89.161.206.59 - - [14/Jun/2025:04:09:45 +0200] "GET /Jurek/mechdecor/feeds/mechdecor_skr.xml HTTP/1.0" 200 596184 "-" "-"
89.161.206.59 - - [14/Jun/2025:04:09:48 +0200] "GET /Jurek/mojeledy/feeds/mojeledy_skr.xml HTTP/1.0" 200 1015567 "-" "-"
89.161.206.59 - - [14/Jun/2025:04:09:49 +0200] "GET /Jurek/fertes/feeds/fertes_skr.xml HTTP/1.0" 200 2361869 "-" "-"
89.161.206.59 - - [14/Jun/2025:04:09:50 +0200] "GET /Jurek/kamar/feeds/kamar_skr.xml HTTP/1.0" 200 25549526 "-" "-"
46.101.116.244 - - [14/Jun/2025:04:10:01 +0200] "GET /Jurek/oromed/feeds/oromed_mallsish.xml HTTP/2.0" 200 1283925 "-" "-"
89.161.206.59 - - [14/Jun/2025:04:10:27 +0200] "GET /Jurek/bisanti/feeds/bisanti_skroutz.xml HTTP/1.0" 200 1142288 "-" "-"
46.101.116.244 - - [14/Jun/2025:04:10:27 +0200] "GET /Jurek/urwiskowo/feeds/urwiskowo_mallsish.xml HTTP/2.0" 200 9114945 "-" "-"
85.14.86.141 - - [14/Jun/2025:04:10:33 +0200] "GET /Jurek/beliani/feeds/beliani_morele.xml HTTP/2.0" 200 30500475 "-" "MarketplaceAPI curl/7.74.0 PHP/8"
46.101.116.244 - - [14/Jun/2025:04:10:39 +0200] "GET /Jurek/eroplace/feeds/eroplace_mallsish.xml HTTP/2.0" 200 52134410 "-" "-"
17.241.75.179 - - [14/Jun/2025:04:10:46 +0200] "GET /Jurek/eurofirany/images/390413/2.jpg HTTP/1.1" 200 181761 "-" "Mozilla/5.0 (Macintosh; Intel Mac OS X 10_15_7) AppleWebKit/605.1.15 (KHTML, like Gecko) Version/17.4 Safari/605.1.15 (Applebot/0.1; +http://www.apple.com/go/applebot)"
46.101.116.244 - - [14/Jun/2025:04:10:59 +0200] "GET /Jurek/bass_new/feeds/bass_mallsish.xml HTTP/2.0" 200 7040702 "-" "-"
46.101.116.244 - - [14/Jun/2025:04:11:10 +0200] "GET /Jurek/ekuchcikowo/feeds/ekuchcikowo_mallsish.xml HTTP/2.0" 200 12470965 "-" "-"
46.101.116.244 - - [14/Jun/2025:04:11:21 +0200] "GET /Jurek/sempler/feeds/sempler_mallsish.xml HTTP/2.0" 200 6787986 "-" "-"
46.101.116.244 - - [14/Jun/2025:04:11:54 +0200] "GET /Jurek/slayo/feeds/slayo_mallsish.xml HTTP/2.0" 200 183575 "-" "-"
89.161.206.59 - - [14/Jun/2025:04:11:57 +0200] "GET /Jurek/zami/feeds/zami_skr.xml HTTP/1.0" 200 4472566 "-" "-"
46.101.116.244 - - [14/Jun/2025:04:12:04 +0200] "GET /Jurek/mosti/feeds/mosti_mallsish.xml HTTP/2.0" 200 4628071 "-" "-"
46.101.116.244 - - [14/Jun/2025:04:12:05 +0200] "GET /Jurek/amzteam/feeds/amzteam_mallsish.xml HTTP/2.0" 200 97798 "-" "-"
46.101.116.244 - - [14/Jun/2025:04:12:05 +0200] "GET /Jurek/artdog/feeds/artdog_mallsish.xml HTTP/2.0" 200 17158133 "-" "-"
46.101.116.244 - - [14/Jun/2025:04:12:06 +0200] "GET /Jurek/kambukka/feeds/kambukka_mallsish.xml HTTP/2.0" 200 1023089 "-" "-"
46.101.116.244 - - [14/Jun/2025:04:12:20 +0200] "GET /Jurek/swiatecznygoliat/feeds/swiatecznygoliat_mallsish.xml HTTP/2.0" 200 7050899 "-" "-"
89.161.206.59 - - [14/Jun/2025:04:12:44 +0200] "GET /Jurek/proadventure/feeds/proadventure_skr.xml HTTP/1.0" 200 10762187 "-" "-"
89.161.206.59 - - [14/Jun/2025:04:12:45 +0200] "GET /Jurek/bloomglow/feeds/bloomglow_skr.xml HTTP/1.0" 200 11671728 "-" "-"
89.161.206.59 - - [14/Jun/2025:04:12:49 +0200] "GET /Jurek/eroplace/feeds/eroplace_amazonnl.xml HTTP/1.0" 200 52135010 "-" "-"
46.101.116.244 - - [14/Jun/2025:04:13:17 +0200] "GET /Jurek/octopia/feeds/octopia_mallsish.xml HTTP/2.0" 200 10103817 "-" "-"
46.101.116.244 - - [14/Jun/2025:04:13:31 +0200] "GET /Jurek/topeshop/feeds/topeshop_mallsish.xml HTTP/2.0" 200 3083593 "-" "-"
17.241.75.247 - - [14/Jun/2025:04:14:11 +0200] "GET /Jurek/eurofirany/images/390424/5.jpg HTTP/1.1" 200 203134 "-" "Mozilla/5.0 (Macintosh; Intel Mac OS X 10_15_7) AppleWebKit/605.1.15 (KHTML, like Gecko) Version/17.4 Safari/605.1.15 (Applebot/0.1; +http://www.apple.com/go/applebot)"
17.241.75.81 - - [14/Jun/2025:04:15:12 +0200] "GET /Jurek/eurofirany/images/390413/1.jpg HTTP/1.1" 200 183103 "-" "Mozilla/5.0 (Macintosh; Intel Mac OS X 10_15_7) AppleWebKit/605.1.15 (KHTML, like Gecko) Version/17.4 Safari/605.1.15 (Applebot/0.1; +http://www.apple.com/go/applebot)"
46.101.116.244 - - [14/Jun/2025:04:16:02 +0200] "GET /Jurek/activeshop/feeds/activeshop_mallsish.xml HTTP/2.0" 200 10449830 "-" "-"
46.101.116.244 - - [14/Jun/2025:04:21:08 +0200] "GET /Jurek/action/feeds/action_mallsish.xml HTTP/2.0" 200 60291364 "-" "-"
46.101.116.244 - - [14/Jun/2025:04:23:12 +0200] "GET /Jurek/beliani/feeds/beliani_si_mallsi.xml HTTP/2.0" 200 30467423 "-" "-"
46.101.116.244 - - [14/Jun/2025:04:23:57 +0200] "GET /Jurek/rovicky/feeds/rovicky_mallsish.xml HTTP/2.0" 200 14946643 "-" "-"
46.101.116.244 - - [14/Jun/2025:04:24:08 +0200] "GET /Jurek/detian/feeds/detian_mallsish.xml HTTP/2.0" 404 3551 "-" "-"
46.101.116.244 - - [14/Jun/2025:04:24:19 +0200] "GET /Jurek/ikonka/feeds/ikonka_mallsish.xml HTTP/2.0" 200 21182504 "-" "-"
46.101.116.244 - - [14/Jun/2025:04:24:32 +0200] "GET /Jurek/candellux/feeds/candellux_mallsish.xml HTTP/2.0" 200 465720 "-" "-"
46.101.116.244 - - [14/Jun/2025:04:24:44 +0200] "GET /Jurek/andex/feeds/andex_mallslsh.xml HTTP/2.0" 200 1953431 "-" "-"
46.101.116.244 - - [14/Jun/2025:04:24:55 +0200] "GET /Jurek/chemex/feeds/chemex_mallsish.xml HTTP/2.0" 200 47809880 "-" "-"
89.161.206.59 - - [14/Jun/2025:04:25:11 +0200] "GET /Jurek/amzteam/feeds/amzteam_emagro.xml HTTP/1.0" 200 97855 "-" "-"
89.161.206.59 - - [14/Jun/2025:04:25:13 +0200] "GET /Jurek/waks/feeds/waks_emagro.xml HTTP/1.0" 200 1596552 "-" "-"
5.134.208.158 - - [14/Jun/2025:04:25:14 +0200] "GET /Jurek/eurofirany/images/461771/0.jpg HTTP/1.1" 206 256 "https://www.ceneo.pl" "Mozilla/5.0 (Windows NT 10.0; Win64; x64) AppleWebKit/537.36 (KHTML, like Gecko) Chrome/87.0.4280.141 Safari/537.36"
5.134.208.158 - - [14/Jun/2025:04:25:14 +0200] "GET /Jurek/eurofirany/images/461771/0.jpg HTTP/1.1" 200 38906 "-" "-"
89.161.206.59 - - [14/Jun/2025:04:25:16 +0200] "GET /Jurek/fertone/feeds/fertone_emagro.xml HTTP/1.0" 200 584184 "-" "-"
89.161.206.59 - - [14/Jun/2025:04:25:19 +0200] "GET /Jurek/swiatecznygoliat/feeds/swiatecznygoliat_emagro.xml HTTP/1.0" 200 7051388 "-" "-"
89.161.206.59 - - [14/Jun/2025:04:25:22 +0200] "GET /Jurek/narzbud/feeds/narzbud_cdsc.xml HTTP/1.0" 200 1227757 "-" "-"
89.161.206.59 - - [14/Jun/2025:04:25:25 +0200] "GET /Jurek/twojsklep/feeds/twojsklep_emagro.xml HTTP/1.0" 200 126816 "-" "-"
89.161.206.59 - - [14/Jun/2025:04:25:25 +0200] "GET /Jurek/madrex/feeds/madrex_emagro.xml HTTP/1.0" 200 466714 "-" "-"
89.161.206.59 - - [14/Jun/2025:04:25:28 +0200] "GET /Jurek/sternhoff/feeds/sternhoff_emagro.xml HTTP/1.0" 200 1775466 "-" "-"
66.249.64.37 - - [14/Jun/2025:04:25:29 +0200] "GET /Jurek/eurofirany/images/390424/0.jpg HTTP/1.1" 200 97224 "-" "Googlebot-Image/1.0"
89.161.206.59 - - [14/Jun/2025:04:25:29 +0200] "GET /Jurek/pasiekaslodka/feeds/pasiekaslodka_emagro.xml HTTP/1.0" 200 119655 "-" "-"
89.161.206.59 - - [14/Jun/2025:04:25:32 +0200] "GET /Jurek/dekornatort/feeds/dekornatort_emagro.xml HTTP/1.0" 200 225748 "-" "-"
89.161.206.59 - - [14/Jun/2025:04:25:32 +0200] "GET /Jurek/globaldeli/feeds/globaldeli_emagro.xml HTTP/1.0" 200 2590918 "-" "-"
89.161.206.59 - - [14/Jun/2025:04:25:36 +0200] "GET /Jurek/hlo/feeds/hlo_emagro.xml HTTP/1.0" 200 4838786 "-" "-"
89.161.206.59 - - [14/Jun/2025:04:25:38 +0200] "GET /Jurek/luxma/feeds/luxma_emagro.xml HTTP/1.0" 200 8059133 "-" "-"
89.161.206.59 - - [14/Jun/2025:04:25:41 +0200] "GET /Jurek/zenga/feeds/zenga_emagro.xml HTTP/1.0" 200 222863 "-" "-"
89.161.206.59 - - [14/Jun/2025:04:25:43 +0200] "GET /Jurek/techrebalina/feeds/techrebalina_emagro.xml HTTP/1.0" 200 2011813 "-" "-"
89.161.206.59 - - [14/Jun/2025:04:25:44 +0200] "GET /Jurek/eurofryz/feeds/eurofryz_cdsc.xml HTTP/1.0" 200 830786 "-" "-"
89.161.206.59 - - [14/Jun/2025:04:25:44 +0200] "GET /Jurek/fertes/feeds/fertes_cdsc.xml HTTP/1.0" 200 2192563 "-" "-"
89.161.206.59 - - [14/Jun/2025:04:25:44 +0200] "GET /Jurek/oknobest/feeds/oknobest_emagro.xml HTTP/1.0" 200 2708610 "-" "-"
89.161.206.59 - - [14/Jun/2025:04:25:44 +0200] "GET /Jurek/artdog/feeds/artdog_cdsc.xml HTTP/1.0" 200 17921751 "-" "-"
89.161.206.59 - - [14/Jun/2025:04:25:46 +0200] "GET /Jurek/kamar/feeds/kamar_cdsc.xml HTTP/1.0" 200 37126543 "-" "-"
89.161.206.59 - - [14/Jun/2025:04:25:49 +0200] "GET /Jurek/jakdroz/feeds/jakdroz_cdsc.xml HTTP/1.0" 200 2542945 "-" "-"
89.161.206.59 - - [14/Jun/2025:04:25:49 +0200] "GET /Jurek/gandalf/feeds/gandalf_cdsc.xml HTTP/1.0" 200 586345 "-" "-"
89.161.206.59 - - [14/Jun/2025:04:25:50 +0200] "GET /Jurek/beautycare/feeds/beautycare_emagro.xml HTTP/1.0" 200 1181598 "-" "-"
46.101.116.244 - - [14/Jun/2025:04:25:56 +0200] "GET /Jurek/fernity/feeds/fernity_cdiscount.xml HTTP/1.0" 200 3130622 "-" "-"
66.249.64.37 - - [14/Jun/2025:04:26:27 +0200] "GET /Jurek/eurofirany/images/383266/6.jpg HTTP/1.1" 200 92501 "-" "Googlebot-Image/1.0"
46.101.116.244 - - [14/Jun/2025:04:26:39 +0200] "GET /Jurek/barbecook/feeds/barbecook_mallslsh.xml HTTP/2.0" 200 87532 "-" "-"
17.241.227.144 - - [14/Jun/2025:04:26:42 +0200] "GET /Jurek/eurofirany/images/390424/9.jpg HTTP/1.1" 200 92563 "-" "Mozilla/5.0 (Macintosh; Intel Mac OS X 10_15_7) AppleWebKit/605.1.15 (KHTML, like Gecko) Version/17.4 Safari/605.1.15 (Applebot/0.1; +http://www.apple.com/go/applebot)"
46.101.116.244 - - [14/Jun/2025:04:26:49 +0200] "GET /Jurek/duka/feeds/duka_mallslsh.xml HTTP/2.0" 200 57 "-" "-"
89.161.206.59 - - [14/Jun/2025:04:26:57 +0200] "GET /Jurek/kristronik/feeds/kristronik_cdsc.xml HTTP/1.0" 200 429833 "-" "-"
46.101.116.244 - - [14/Jun/2025:04:27:00 +0200] "GET /Jurek/miloohome/feeds/miloohome_mallsish.xml HTTP/2.0" 200 1421025 "-" "-"
89.161.206.59 - - [14/Jun/2025:04:27:00 +0200] "GET /Jurek/amzteam/feeds/amzteam_cdsc.xml HTTP/1.0" 200 145336 "-" "-"
89.161.206.59 - - [14/Jun/2025:04:27:00 +0200] "GET /Jurek/nexus/feeds/nexus_cdsc.xml HTTP/1.0" 200 326038 "-" "-"
89.161.206.59 - - [14/Jun/2025:04:27:01 +0200] "GET /Jurek/techrebalina/feeds/techrebalina_cdsc.xml HTTP/1.0" 200 1363581 "-" "-"
89.161.206.59 - - [14/Jun/2025:04:27:01 +0200] "GET /Jurek/regis/feeds/regis_cdsc.xml HTTP/1.0" 200 231389 "-" "-"
46.101.116.244 - - [14/Jun/2025:04:27:03 +0200] "GET /Jurek/piotrmiedz/feeds/piotrmiedz_cdsc.xml HTTP/1.0" 200 87655443 "-" "-"
46.101.116.244 - - [14/Jun/2025:04:27:11 +0200] "GET /Jurek/stema/feeds/stema_mallslsh.xml HTTP/2.0" 200 894487 "-" "-"
66.249.64.37 - - [14/Jun/2025:04:27:16 +0200] "GET /Jurek/topeshop/downloaded_images/5904507201883_MIJASBIURKOBRY%C5%81KAANTRACYTPRAWEBOKZM.jpg HTTP/1.1" 404 3551 "-" "Googlebot-Image/1.0"
46.101.116.244 - - [14/Jun/2025:04:27:21 +0200] "GET /Jurek/fernity/feeds/fernity_mallslsh.xml HTTP/2.0" 200 4960598 "-" "-"
185.6.76.166 - - [14/Jun/2025:04:30:16 +0200] "GET /Jurek/eurofirany/images/438600/0.jpg HTTP/1.1" 200 33 "-" "Skroutz ImageBot v1"
89.161.206.59 - - [14/Jun/2025:04:32:11 +0200] "GET /Jurek/eroplace/feeds/eroplace_amazonfr.xml HTTP/1.0" 200 52134964 "-" "-"
89.161.206.59 - - [14/Jun/2025:04:32:16 +0200] "GET /Jurek/eroplace/feeds/eroplace_amazonit.xml HTTP/1.0" 200 52134592 "-" "-"
89.161.206.59 - - [14/Jun/2025:04:32:22 +0200] "GET /Jurek/eroplace/feeds/eroplace_amazonse.xml HTTP/1.0" 200 52158420 "-" "-"
89.161.206.59 - - [14/Jun/2025:04:32:24 +0200] "GET /Jurek/eroplace/feeds/eroplace_amazones.xml HTTP/1.0" 200 52134647 "-" "-"
89.161.206.59 - - [14/Jun/2025:04:32:32 +0200] "GET /Jurek/eroplace/feeds/eroplace_amazonde.xml HTTP/1.0" 200 52134523 "-" "-"
89.161.206.59 - - [14/Jun/2025:04:35:37 +0200] "GET /Jurek/waks/feeds/waks_skroutz.xml HTTP/1.0" 200 1596552 "-" "-"
52.18.22.0 - - [14/Jun/2025:04:37:05 +0200] "GET /marketplaces/worten2/results/worten.csv HTTP/1.1" 200 147217 "-" "Mirakl HttpClient"
89.161.206.59 - - [14/Jun/2025:04:38:02 +0200] "GET /Jurek/b3/feeds/b3_ebayde.xml HTTP/1.0" 200 6354863 "-" "-"
17.241.227.214 - - [14/Jun/2025:04:38:59 +0200] "GET /Jurek/eurofirany/images/390424/7.jpg HTTP/1.1" 200 6595 "-" "Mozilla/5.0 (Macintosh; Intel Mac OS X 10_15_7) AppleWebKit/605.1.15 (KHTML, like Gecko) Version/17.4 Safari/605.1.15 (Applebot/0.1; +http://www.apple.com/go/applebot)"
17.241.75.234 - - [14/Jun/2025:04:39:08 +0200] "GET /Jurek/eurofirany/images/390413/6.jpg HTTP/1.1" 200 135099 "-" "Mozilla/5.0 (Macintosh; Intel Mac OS X 10_15_7) AppleWebKit/605.1.15 (KHTML, like Gecko) Version/17.4 Safari/605.1.15 (Applebot/0.1; +http://www.apple.com/go/applebot)"
17.241.227.241 - - [14/Jun/2025:04:39:14 +0200] "GET /Jurek/eurofirany/images/390424/8.jpg HTTP/1.1" 200 122714 "-" "Mozilla/5.0 (Macintosh; Intel Mac OS X 10_15_7) AppleWebKit/605.1.15 (KHTML, like Gecko) Version/17.4 Safari/605.1.15 (Applebot/0.1; +http://www.apple.com/go/applebot)"
34.89.241.104 - - [14/Jun/2025:04:39:52 +0200] "GET /Jurek/eurofirany/images/383469/0.jpg HTTP/2.0" 200 86852 "-" "Mozilla/5.0 (Macintosh; Intel Mac OS X 10.15; rv:78.0) Gecko/20100101 Firefox/78.0"
89.161.206.59 - - [14/Jun/2025:04:40:03 +0200] "GET /Jurek/andex/feeds/andex_skr.xml HTTP/1.0" 200 933055 "-" "-"
89.161.206.59 - - [14/Jun/2025:04:42:16 +0200] "GET /Jurek/takapara/feeds/takapara_skroutz.xml HTTP/1.0" 200 1342608 "-" "-"
46.101.116.244 - - [14/Jun/2025:04:46:57 +0200] "GET /Jurek/piotrmiedz/feeds/piotrmiedz_amazonbe.xml HTTP/1.0" 200 91048223 "-" "-"
66.249.64.38 - - [14/Jun/2025:04:50:09 +0200] "GET /Jurek/eurofirany/images/424077/4.jpg HTTP/1.1" 200 66768 "-" "Googlebot-Image/1.0"
89.161.206.59 - - [14/Jun/2025:04:50:10 +0200] "GET /Jurek/ikonka/feeds/ikonka_kaufSMDE.xml HTTP/1.0" 200 21182497 "-" "-"
17.241.227.57 - - [14/Jun/2025:04:51:59 +0200] "GET /Jurek/eurofirany/images/433260/3.jpg HTTP/1.1" 200 175531 "-" "Mozilla/5.0 (Macintosh; Intel Mac OS X 10_15_7) AppleWebKit/605.1.15 (KHTML, like Gecko) Version/17.4 Safari/605.1.15 (Applebot/0.1; +http://www.apple.com/go/applebot)"
66.249.64.37 - - [14/Jun/2025:04:52:47 +0200] "GET /Jurek/eurofirany/images/387474/6.jpg HTTP/1.1" 200 33 "-" "Googlebot-Image/1.0"
66.249.64.37 - - [14/Jun/2025:04:54:10 +0200] "GET /Jurek/topeshop/downloaded_images/5902838466742_20_st_open.jpg HTTP/1.1" 200 59908 "-" "Googlebot-Image/1.0"
66.249.64.37 - - [14/Jun/2025:04:54:52 +0200] "GET /Jurek/eurofirany/images/423821/4.jpg HTTP/1.1" 200 166542 "-" "Googlebot-Image/1.0"
185.6.76.166 - - [14/Jun/2025:04:56:13 +0200] "GET /Jurek/eurofirany/images/432649/0.jpg HTTP/1.1" 200 6625 "-" "Skroutz ImageBot v1"
66.249.64.38 - - [14/Jun/2025:04:56:14 +0200] "GET /Jurek/eurofirany/images/402738/3.jpg HTTP/1.1" 200 76333 "-" "Googlebot-Image/1.0"
17.241.227.249 - - [14/Jun/2025:04:56:46 +0200] "GET /Jurek/eurofirany/images/433260/1.jpg HTTP/1.1" 200 6625 "-" "Mozilla/5.0 (Macintosh; Intel Mac OS X 10_15_7) AppleWebKit/605.1.15 (KHTML, like Gecko) Version/17.4 Safari/605.1.15 (Applebot/0.1; +http://www.apple.com/go/applebot)"
66.249.64.37 - - [14/Jun/2025:04:57:44 +0200] "GET /Jurek/eurofirany/images/383319/5.jpg HTTP/1.1" 200 83174 "-" "Googlebot-Image/1.0"
66.249.64.38 - - [14/Jun/2025:04:58:18 +0200] "GET /Jurek/eurofirany/images/404489/3.jpg HTTP/1.1" 200 99649 "-" "Googlebot-Image/1.0"
66.249.64.38 - - [14/Jun/2025:04:59:41 +0200] "GET /Jurek/eurofirany/images/428726/13.jpg HTTP/1.1" 200 6585 "-" "Googlebot-Image/1.0"
85.14.86.141 - - [14/Jun/2025:05:00:17 +0200] "GET /Jurek/vida_morele/feeds/VidaPL_all.xml HTTP/2.0" 200 488717568 "-" "MarketplaceAPI curl/7.74.0 PHP/8"
35.204.39.32 - - [14/Jun/2025:05:00:24 +0200] "GET /marketplaces/carrefour_fr/results/carrefour_fr.csv HTTP/1.1" 200 147219 "-" "Mirakl HttpClient"
52.17.80.36 - - [14/Jun/2025:05:00:35 +0200] "GET /marketplaces/ubaldi/results/ubaldi.csv HTTP/1.1" 200 147219 "-" "Mirakl HttpClient"
17.241.75.53 - - [14/Jun/2025:05:00:56 +0200] "GET /Jurek/eurofirany/images/45095/1.jpg HTTP/1.1" 200 6625 "-" "Mozilla/5.0 (Macintosh; Intel Mac OS X 10_15_7) AppleWebKit/605.1.15 (KHTML, like Gecko) Version/17.4 Safari/605.1.15 (Applebot/0.1; +http://www.apple.com/go/applebot)"
17.241.75.194 - - [14/Jun/2025:05:01:01 +0200] "GET /Jurek/eurofirany/images/390413/7.jpg HTTP/1.1" 200 6595 "-" "Mozilla/5.0 (Macintosh; Intel Mac OS X 10_15_7) AppleWebKit/605.1.15 (KHTML, like Gecko) Version/17.4 Safari/605.1.15 (Applebot/0.1; +http://www.apple.com/go/applebot)"
66.249.64.37 - - [14/Jun/2025:05:01:04 +0200] "GET /Jurek/eurofirany/images/383326/7.jpg HTTP/1.1" 200 71519 "-" "Googlebot-Image/1.0"
35.204.39.32 - - [14/Jun/2025:05:01:13 +0200] "GET /marketplaces/vente/results/vente_nl.csv HTTP/1.1" 200 147219 "-" "Mirakl HttpClient"
35.204.39.32 - - [14/Jun/2025:05:01:13 +0200] "GET /marketplaces/vente/results/vente_fr.csv HTTP/1.1" 200 163603 "-" "Mirakl HttpClient"
35.204.39.32 - - [14/Jun/2025:05:01:13 +0200] "GET /marketplaces/vente/results/vente_be.csv HTTP/1.1" 200 147219 "-" "Mirakl HttpClient"
35.204.39.32 - - [14/Jun/2025:05:01:13 +0200] "GET /marketplaces/vente/results/vente_it.csv HTTP/1.1" 200 147219 "-" "Mirakl HttpClient"
35.204.39.32 - - [14/Jun/2025:05:01:13 +0200] "GET /marketplaces/vente/results/vente_es.csv HTTP/1.1" 200 163603 "-" "Mirakl HttpClient"
35.204.39.32 - - [14/Jun/2025:05:01:13 +0200] "GET /marketplaces/vente/results/vente_de.csv HTTP/1.1" 200 147219 "-" "Mirakl HttpClient"
185.6.76.166 - - [14/Jun/2025:05:01:15 +0200] "GET /Jurek/eurofirany/images/419779/0.jpg HTTP/1.1" 200 6595 "-" "Skroutz ImageBot v1"
185.6.76.166 - - [14/Jun/2025:05:01:15 +0200] "GET /Jurek/eurofirany/images/419778/0.jpg HTTP/1.1" 200 6595 "-" "Skroutz ImageBot v1"
66.249.64.37 - - [14/Jun/2025:05:01:45 +0200] "GET /Jurek/eurofirany/images/389924/7.jpg HTTP/1.1" 200 6595 "-" "Googlebot-Image/1.0"
52.18.22.0 - - [14/Jun/2025:05:01:57 +0200] "GET /marketplaces/rue/results/rue.csv HTTP/1.1" 200 7536984 "-" "Mirakl HttpClient"
66.249.64.39 - - [14/Jun/2025:05:02:27 +0200] "GET /Jurek/eurofirany/images/383392/5.jpg HTTP/1.1" 200 98055 "-" "Googlebot-Image/1.0"
85.14.86.141 - - [14/Jun/2025:05:03:31 +0200] "GET /Jurek/kinghoff/feeds/kinghoff_morele.xml HTTP/2.0" 200 15667555 "-" "MarketplaceAPI curl/7.74.0 PHP/8"
66.249.79.5 - - [14/Jun/2025:05:03:50 +0200] "GET /Jurek/eurofirany/images/409912/2.jpg HTTP/1.1" 200 228420 "-" "Googlebot-Image/1.0"
52.18.22.0 - - [14/Jun/2025:05:04:44 +0200] "GET /marketplaces/carrefour/results/carrefour.csv HTTP/1.1" 200 147219 "-" "Mirakl HttpClient"
66.249.64.39 - - [14/Jun/2025:05:05:12 +0200] "GET /Jurek/topeshop/downloaded_images/5904507200275_4.jpg HTTP/1.1" 200 13168 "-" "Googlebot-Image/1.0"
20.71.215.11 - - [14/Jun/2025:05:05:39 +0200] "GET /Jurek/altex_all/feeds/altex.xml HTTP/2.0" 200 872936 "-" "Mozilla/5.0 (Windows; U; Windows NT 5.1; en-US; rv:1.8.1.13) Gecko/20080311 Firefox/2.0.0.13"
66.249.64.37 - - [14/Jun/2025:05:05:53 +0200] "GET /Jurek/topeshop/downloaded_images/5904507200374_BILBAO7(2).jpg HTTP/1.1" 404 3551 "-" "Googlebot-Image/1.0"
85.14.86.141 - - [14/Jun/2025:05:06:16 +0200] "GET /Jurek/eurofirany/feeds/eurofirany_morele.xml HTTP/2.0" 200 19487629 "-" "MarketplaceAPI curl/7.74.0 PHP/8"
85.14.86.141 - - [14/Jun/2025:05:06:53 +0200] "GET /Jurek/vivaldi/feeds/vivaldi_Morele-PL.xml HTTP/2.0" 200 344674 "-" "MarketplaceAPI curl/7.74.0 PHP/8"
66.249.64.39 - - [14/Jun/2025:05:07:16 +0200] "GET /Jurek/topeshop/downloaded_images/5902838466209_KUBABIURKOSONOMA.png HTTP/1.1" 404 3551 "-" "Googlebot-Image/1.0"
85.14.86.141 - - [14/Jun/2025:05:08:33 +0200] "GET /Jurek/vida_morele/feeds/VidaPL_morele.xml HTTP/2.0" 200 871888392 "-" "MarketplaceAPI curl/7.74.0 PHP/8"
66.249.64.38 - - [14/Jun/2025:05:08:39 +0200] "GET /Jurek/eurofirany/images/390402/4.jpg HTTP/1.1" 200 181761 "-" "Googlebot-Image/1.0"
85.14.86.141 - - [14/Jun/2025:05:08:44 +0200] "GET /Jurek/aw/feeds/awnarzedzia_morele.xml HTTP/2.0" 200 90834818 "-" "MarketplaceAPI curl/7.74.0 PHP/8"
185.6.76.18 - - [14/Jun/2025:05:08:47 +0200] "GET /marketplaces/skroutz/feeds/shumee.xml HTTP/1.1" 200 412187500 "-" "SkroutzBot v1.0"
66.249.64.38 - - [14/Jun/2025:05:09:20 +0200] "GET /Jurek/eurofirany/images/389923/0.jpg HTTP/1.1" 200 156799 "-" "Googlebot-Image/1.0"
85.14.86.141 - - [14/Jun/2025:05:09:38 +0200] "GET /Jurek/beliani/feeds/beliani_morele.xml HTTP/2.0" 200 30500475 "-" "MarketplaceAPI curl/7.74.0 PHP/8"
46.101.116.244 - - [14/Jun/2025:05:10:15 +0200] "GET /Jurek/piotrmiedz/feeds/piotrmiedz_amazonnl.xml HTTP/1.0" 200 91040496 "-" "-"
46.101.116.244 - - [14/Jun/2025:05:10:24 +0200] "GET /Jurek/piotrmiedz/feeds/piotrmiedz_amazones.xml HTTP/1.0" 200 91052559 "-" "-"
46.101.116.244 - - [14/Jun/2025:05:10:37 +0200] "GET /Jurek/piotrmiedz/feeds/piotrmiedz_amazonse.xml HTTP/1.0" 200 91087960 "-" "-"
66.249.64.38 - - [14/Jun/2025:05:10:43 +0200] "GET /Jurek/eurofirany/images/357555/4.jpg HTTP/1.1" 200 192672 "-" "Googlebot-Image/1.0"
89.161.206.59 - - [14/Jun/2025:05:11:08 +0200] "GET /Jurek/emaja24/feeds/emaja24_amazonde.xml HTTP/1.0" 200 5102027 "-" "-"
185.6.76.166 - - [14/Jun/2025:05:11:14 +0200] "GET /Jurek/eurofirany/images/432646/0.jpg HTTP/1.1" 200 6625 "-" "Skroutz ImageBot v1"
89.161.206.59 - - [14/Jun/2025:05:11:20 +0200] "GET /Jurek/ralmetal/feeds/ralmetal_amazonbe.xml HTTP/1.0" 200 2039908 "-" "-"
66.249.64.39 - - [14/Jun/2025:05:12:06 +0200] "GET /Jurek/eurofirany/images/383392/3.jpg HTTP/1.1" 200 6595 "-" "Googlebot-Image/1.0"
66.249.64.37 - - [14/Jun/2025:05:12:47 +0200] "GET /Jurek/eurofirany/images/383362/6.jpg HTTP/1.1" 200 61371 "-" "Googlebot-Image/1.0"
66.249.64.39 - - [14/Jun/2025:05:13:29 +0200] "GET /Jurek/eurofirany/images/460838/0.jpg HTTP/1.1" 200 61055 "-" "Googlebot-Image/1.0"
17.241.227.233 - - [14/Jun/2025:05:14:17 +0200] "GET /Jurek/eurofirany/images/390413/3.jpg HTTP/1.1" 200 183103 "-" "Mozilla/5.0 (Macintosh; Intel Mac OS X 10_15_7) AppleWebKit/605.1.15 (KHTML, like Gecko) Version/17.4 Safari/605.1.15 (Applebot/0.1; +http://www.apple.com/go/applebot)"
17.241.75.118 - - [14/Jun/2025:05:14:46 +0200] "GET /Jurek/eurofirany/images/390413/9.jpg HTTP/1.1" 200 92563 "-" "Mozilla/5.0 (Macintosh; Intel Mac OS X 10_15_7) AppleWebKit/605.1.15 (KHTML, like Gecko) Version/17.4 Safari/605.1.15 (Applebot/0.1; +http://www.apple.com/go/applebot)"
66.249.64.39 - - [14/Jun/2025:05:14:52 +0200] "GET /Jurek/eurofirany/images/385837/7.jpg HTTP/1.1" 200 189021 "-" "Googlebot-Image/1.0"
89.161.206.59 - - [14/Jun/2025:05:15:28 +0200] "GET /Jurek/missionair/feeds/missionair_kaufSMDE.xml HTTP/1.0" 200 3120126 "-" "-"
89.161.206.59 - - [14/Jun/2025:05:15:29 +0200] "GET /Jurek/techrebal/feeds/techrebal_kaufSMDE.xml HTTP/1.0" 200 1929387 "-" "-"
89.161.206.59 - - [14/Jun/2025:05:15:44 +0200] "GET /Jurek/proparts/feeds/proparts_kaufSMDE.xml HTTP/1.0" 200 685371 "-" "-"
66.249.64.39 - - [14/Jun/2025:05:16:15 +0200] "GET /Jurek/eurofirany/images/409905/2.jpg HTTP/1.1" 200 248017 "-" "Googlebot-Image/1.0"
89.161.206.59 - - [14/Jun/2025:05:16:17 +0200] "GET /Jurek/beltimore/feeds/beltimore_amazonbe.xml HTTP/1.0" 200 18652355 "-" "-"
66.249.64.38 - - [14/Jun/2025:05:16:43 +0200] "GET /Jurek/eurofirany/images/383473/4.jpg HTTP/1.1" 200 43416 "-" "Googlebot-Image/1.0"
66.249.64.37 - - [14/Jun/2025:05:16:56 +0200] "GET /Jurek/topeshop/downloaded_images/5902838463413_biel_matt.png HTTP/1.1" 200 1119197 "-" "Googlebot-Image/1.0"
66.249.64.37 - - [14/Jun/2025:05:19:41 +0200] "GET /Jurek/eurofirany/images/408376/0.jpg HTTP/1.1" 200 131365 "-" "Googlebot-Image/1.0"
66.249.64.39 - - [14/Jun/2025:05:20:22 +0200] "GET /Jurek/eurofirany/images/383265/6.jpg HTTP/1.1" 200 92501 "-" "Googlebot-Image/1.0"
66.249.64.37 - - [14/Jun/2025:05:21:04 +0200] "GET /Jurek/eurofirany/images/357555/7.jpg HTTP/1.1" 200 182378 "-" "Googlebot-Image/1.0"
5.134.208.158 - - [14/Jun/2025:05:22:06 +0200] "GET /Jurek/eurofirany/images/467985/0.jpg HTTP/1.1" 206 256 "https://www.ceneo.pl" "Mozilla/5.0 (Windows NT 10.0; Win64; x64) AppleWebKit/537.36 (KHTML, like Gecko) Chrome/87.0.4280.141 Safari/537.36"
5.134.208.158 - - [14/Jun/2025:05:22:06 +0200] "GET /Jurek/eurofirany/images/467985/1.jpg HTTP/1.1" 206 256 "https://www.ceneo.pl" "Mozilla/5.0 (Windows NT 10.0; Win64; x64) AppleWebKit/537.36 (KHTML, like Gecko) Chrome/87.0.4280.141 Safari/537.36"
5.134.208.158 - - [14/Jun/2025:05:22:06 +0200] "GET /Jurek/eurofirany/images/467985/0.jpg HTTP/1.1" 200 79414 "-" "-"
5.134.208.158 - - [14/Jun/2025:05:22:06 +0200] "GET /Jurek/eurofirany/images/467985/1.jpg HTTP/1.1" 200 89156 "-" "-"
5.134.208.158 - - [14/Jun/2025:05:22:06 +0200] "GET /Jurek/eurofirany/images/467985/2.jpg HTTP/1.1" 200 39670 "-" "-"
5.134.208.158 - - [14/Jun/2025:05:22:06 +0200] "GET /Jurek/eurofirany/images/467985/3.jpg HTTP/1.1" 200 100091 "-" "-"
5.134.208.158 - - [14/Jun/2025:05:22:06 +0200] "GET /Jurek/eurofirany/images/467985/4.jpg HTTP/1.1" 200 163745 "-" "-"
66.249.64.37 - - [14/Jun/2025:05:22:27 +0200] "GET /Jurek/eurofirany/images/467979/6.jpg HTTP/1.1" 200 39675 "-" "Googlebot-Image/1.0"
66.249.64.38 - - [14/Jun/2025:05:23:49 +0200] "GET /Jurek/eurofirany/images/352837/1.jpg HTTP/1.1" 200 72954 "-" "Googlebot-Image/1.0"
52.167.144.139 - - [14/Jun/2025:05:25:52 +0200] "GET /mall/gr/mall-offert-status-cz-gr.csv HTTP/2.0" 200 0 "-" "Mozilla/5.0 AppleWebKit/537.36 (KHTML, like Gecko; compatible; bingbot/2.0; +http://www.bing.com/bingbot.htm) Chrome/116.0.1938.76 Safari/537.36"
66.249.64.37 - - [14/Jun/2025:05:25:54 +0200] "GET /Jurek/eurofirany/images/415637/2.jpg HTTP/1.1" 200 142593 "-" "Googlebot-Image/1.0"
66.249.64.37 - - [14/Jun/2025:05:27:17 +0200] "GET /Jurek/eurofirany/images/423211/0.jpg HTTP/1.1" 200 0 "-" "Googlebot-Image/1.0"
66.249.64.38 - - [14/Jun/2025:05:27:18 +0200] "GET /Jurek/eurofirany/images/423211/2.jpg HTTP/1.1" 200 0 "-" "Googlebot-Image/1.0"
66.249.64.37 - - [14/Jun/2025:05:27:21 +0200] "GET /Jurek/eurofirany/images/423211/3.jpg HTTP/1.1" 200 0 "-" "Googlebot-Image/1.0"
17.241.227.213 - - [14/Jun/2025:05:27:55 +0200] "GET /Jurek/eurofirany/images/390413/4.jpg HTTP/1.1" 200 178836 "-" "Mozilla/5.0 (Macintosh; Intel Mac OS X 10_15_7) AppleWebKit/605.1.15 (KHTML, like Gecko) Version/17.4 Safari/605.1.15 (Applebot/0.1; +http://www.apple.com/go/applebot)"
17.241.227.168 - - [14/Jun/2025:05:27:57 +0200] "GET /Jurek/eurofirany/images/433260/2.jpg HTTP/1.1" 200 6625 "-" "Mozilla/5.0 (Macintosh; Intel Mac OS X 10_15_7) AppleWebKit/605.1.15 (KHTML, like Gecko) Version/17.4 Safari/605.1.15 (Applebot/0.1; +http://www.apple.com/go/applebot)"
185.6.76.166 - - [14/Jun/2025:05:28:02 +0200] "GET /Jurek/eurofirany/images/415537/0.jpg HTTP/1.1" 200 6595 "-" "Skroutz ImageBot v1"
185.6.76.166 - - [14/Jun/2025:05:28:03 +0200] "GET /Jurek/eurofirany/images/419799/0.jpg HTTP/1.1" 200 6595 "-" "Skroutz ImageBot v1"
185.6.76.166 - - [14/Jun/2025:05:28:04 +0200] "GET /Jurek/eurofirany/images/415543/0.jpg HTTP/1.1" 200 6595 "-" "Skroutz ImageBot v1"
185.6.76.166 - - [14/Jun/2025:05:28:04 +0200] "GET /Jurek/eurofirany/images/426310/0.jpg HTTP/1.1" 200 6625 "-" "Skroutz ImageBot v1"
185.6.76.166 - - [14/Jun/2025:05:28:04 +0200] "GET /Jurek/eurofirany/images/30976/0.jpg HTTP/1.1" 200 6595 "-" "Skroutz ImageBot v1"
185.6.76.166 - - [14/Jun/2025:05:28:05 +0200] "GET /Jurek/eurofirany/images/423131/0.jpg HTTP/1.1" 200 0 "-" "Skroutz ImageBot v1"
185.6.76.166 - - [14/Jun/2025:05:28:06 +0200] "GET /Jurek/eurofirany/images/439440/0.jpg HTTP/1.1" 200 33 "-" "Skroutz ImageBot v1"
185.6.76.166 - - [14/Jun/2025:05:28:06 +0200] "GET /Jurek/eurofirany/images/419493/0.jpg HTTP/1.1" 200 6595 "-" "Skroutz ImageBot v1"
185.6.76.166 - - [14/Jun/2025:05:28:06 +0200] "GET /Jurek/eurofirany/images/439436/0.jpg HTTP/1.1" 200 33 "-" "Skroutz ImageBot v1"
185.6.76.166 - - [14/Jun/2025:05:28:06 +0200] "GET /Jurek/eurofirany/images/415915/0.jpg HTTP/1.1" 200 6595 "-" "Skroutz ImageBot v1"
185.6.76.166 - - [14/Jun/2025:05:28:06 +0200] "GET /Jurek/eurofirany/images/416214/0.jpg HTTP/1.1" 200 6595 "-" "Skroutz ImageBot v1"
185.6.76.166 - - [14/Jun/2025:05:28:07 +0200] "GET /Jurek/eurofirany/images/439437/0.jpg HTTP/1.1" 200 33 "-" "Skroutz ImageBot v1"
185.6.76.166 - - [14/Jun/2025:05:28:07 +0200] "GET /Jurek/eurofirany/images/418628/0.jpg HTTP/1.1" 200 6595 "-" "Skroutz ImageBot v1"
185.6.76.166 - - [14/Jun/2025:05:28:07 +0200] "GET /Jurek/eurofirany/images/423201/0.jpg HTTP/1.1" 200 0 "-" "Skroutz ImageBot v1"
185.6.76.166 - - [14/Jun/2025:05:28:07 +0200] "GET /Jurek/eurofirany/images/419751/0.jpg HTTP/1.1" 200 6595 "-" "Skroutz ImageBot v1"
185.6.76.166 - - [14/Jun/2025:05:28:07 +0200] "GET /Jurek/eurofirany/images/415917/0.jpg HTTP/1.1" 200 6595 "-" "Skroutz ImageBot v1"
185.6.76.166 - - [14/Jun/2025:05:28:07 +0200] "GET /Jurek/eurofirany/images/419487/0.jpg HTTP/1.1" 200 6595 "-" "Skroutz ImageBot v1"
185.6.76.166 - - [14/Jun/2025:05:28:07 +0200] "GET /Jurek/eurofirany/images/45089/0.jpg HTTP/1.1" 200 6625 "-" "Skroutz ImageBot v1"
185.6.76.166 - - [14/Jun/2025:05:28:08 +0200] "GET /Jurek/eurofirany/images/426277/0.jpg HTTP/1.1" 200 6625 "-" "Skroutz ImageBot v1"
185.6.76.166 - - [14/Jun/2025:05:28:08 +0200] "GET /Jurek/eurofirany/images/418817/0.jpg HTTP/1.1" 200 6595 "-" "Skroutz ImageBot v1"
185.6.76.166 - - [14/Jun/2025:05:28:08 +0200] "GET /Jurek/eurofirany/images/418629/0.jpg HTTP/1.1" 200 6595 "-" "Skroutz ImageBot v1"
185.6.76.166 - - [14/Jun/2025:05:28:08 +0200] "GET /Jurek/eurofirany/images/426312/0.jpg HTTP/1.1" 200 6625 "-" "Skroutz ImageBot v1"
185.6.76.166 - - [14/Jun/2025:05:28:08 +0200] "GET /Jurek/eurofirany/images/426272/0.jpg HTTP/1.1" 200 6625 "-" "Skroutz ImageBot v1"
185.6.76.166 - - [14/Jun/2025:05:28:09 +0200] "GET /Jurek/eurofirany/images/418627/0.jpg HTTP/1.1" 200 6595 "-" "Skroutz ImageBot v1"
185.6.76.166 - - [14/Jun/2025:05:28:09 +0200] "GET /Jurek/eurofirany/images/419492/0.jpg HTTP/1.1" 200 6595 "-" "Skroutz ImageBot v1"
185.6.76.166 - - [14/Jun/2025:05:28:09 +0200] "GET /Jurek/eurofirany/images/416113/0.jpg HTTP/1.1" 200 6595 "-" "Skroutz ImageBot v1"
185.6.76.166 - - [14/Jun/2025:05:28:09 +0200] "GET /Jurek/eurofirany/images/436581/0.jpg HTTP/1.1" 200 6625 "-" "Skroutz ImageBot v1"
185.6.76.166 - - [14/Jun/2025:05:28:10 +0200] "GET /Jurek/eurofirany/images/419475/0.jpg HTTP/1.1" 200 6595 "-" "Skroutz ImageBot v1"
89.161.206.59 - - [14/Jun/2025:05:28:29 +0200] "GET /Jurek/zami/feeds/zami_emagro.xml HTTP/1.0" 200 4475414 "-" "-"
66.249.64.38 - - [14/Jun/2025:05:28:39 +0200] "GET /Jurek/eurofirany/images/5638/1.jpg HTTP/1.1" 200 6625 "-" "Googlebot-Image/1.0"
66.249.64.37 - - [14/Jun/2025:05:29:21 +0200] "GET /Jurek/eurofirany/images/389926/3.jpg HTTP/1.1" 200 202145 "-" "Googlebot-Image/1.0"
66.249.64.38 - - [14/Jun/2025:05:30:43 +0200] "GET /Jurek/eurofirany/images/357380/3.jpg HTTP/1.1" 200 87491 "-" "Googlebot-Image/1.0"
89.161.206.59 - - [14/Jun/2025:05:30:46 +0200] "GET /Jurek/swiatecznygoliat/feeds/swiatecznygoliat_amazonde.xml HTTP/1.0" 200 7050811 "-" "-"
89.161.206.59 - - [14/Jun/2025:05:31:24 +0200] "GET /Jurek/mosti/feeds/mosti_emagro.xml HTTP/1.0" 200 4628108 "-" "-"
66.249.64.39 - - [14/Jun/2025:05:32:06 +0200] "GET /Jurek/eurofirany/images/357555/2.jpg HTTP/1.1" 200 50491 "-" "Googlebot-Image/1.0"
66.249.64.37 - - [14/Jun/2025:05:32:48 +0200] "GET /Jurek/eurofirany/images/408367/2.jpg HTTP/1.1" 200 598890 "-" "Googlebot-Image/1.0"
66.249.64.38 - - [14/Jun/2025:05:33:29 +0200] "GET /Jurek/eurofirany/images/383062/5.jpg HTTP/1.1" 200 210140 "-" "Googlebot-Image/1.0"
40.77.167.53 - - [14/Jun/2025:05:34:05 +0200] "GET /marketplaces/shoppster/?C=D;O=D HTTP/2.0" 200 597 "-" "Mozilla/5.0 AppleWebKit/537.36 (KHTML, like Gecko; compatible; bingbot/2.0; +http://www.bing.com/bingbot.htm) Chrome/116.0.1938.76 Safari/537.36"
66.249.64.37 - - [14/Jun/2025:05:34:05 +0200] "GET /Jurek/topeshop/downloaded_images/5904507200299_SD-50artisan20008orgina%C5%82(28).png HTTP/1.1" 404 3551 "-" "Googlebot-Image/1.0"
85.232.241.194 - - [14/Jun/2025:05:34:12 +0200] "GET /Jurek/action/feeds/action_carrefour.xml HTTP/1.1" 200 60824420 "-" "Python-urllib/3.11"
66.249.64.37 - - [14/Jun/2025:05:34:13 +0200] "GET /Jurek/topeshop/downloaded_images/5904507200299_SD-50artisan20008orgina%C5%82(27).png HTTP/1.1" 404 3551 "-" "Googlebot-Image/1.0"
66.249.64.37 - - [14/Jun/2025:05:34:14 +0200] "GET /Jurek/topeshop/downloaded_images/5904507200299_SD-50artisan20008orgina%C5%82(26).png HTTP/1.1" 404 3551 "-" "Googlebot-Image/1.0"
66.249.64.37 - - [14/Jun/2025:05:34:51 +0200] "GET /Jurek/topeshop/downloaded_images/5902838461273_2.png HTTP/1.1" 404 3551 "-" "Googlebot-Image/1.0"
85.232.241.194 - - [14/Jun/2025:05:35:17 +0200] "GET /Jurek/action/feeds/action_carrefour_fr.xml HTTP/1.1" 200 60823980 "-" "Python-urllib/3.11"
66.249.64.38 - - [14/Jun/2025:05:36:14 +0200] "GET /Jurek/eurofirany/images/378536/8.jpg HTTP/1.1" 200 129047 "-" "Googlebot-Image/1.0"
77.79.248.229 - - [14/Jun/2025:05:36:14 +0200] "GET /Jurek/eurofirany/feeds/eurofirany_cdon_se.xml HTTP/1.1" 200 19503902 "-" "python-requests/2.32.3"
77.79.248.229 - - [14/Jun/2025:05:36:14 +0200] "GET /Jurek/eurofirany/feeds/eurofirany_cdon_dk.xml HTTP/1.1" 200 19503511 "-" "python-requests/2.32.3"
77.79.248.229 - - [14/Jun/2025:05:36:15 +0200] "GET /Jurek/eurofirany/feeds/eurofirany_cdon_fi.xml HTTP/1.1" 200 19486192 "-" "python-requests/2.32.3"
77.79.248.229 - - [14/Jun/2025:05:36:16 +0200] "GET /Jurek/stema/feeds/stema_cdon_se.xml HTTP/1.1" 200 894948 "-" "python-requests/2.32.3"
77.79.248.229 - - [14/Jun/2025:05:36:16 +0200] "GET /Jurek/stema/feeds/stema_cdon_dk.xml HTTP/1.1" 200 894793 "-" "python-requests/2.32.3"
77.79.248.229 - - [14/Jun/2025:05:36:16 +0200] "GET /Jurek/stema/feeds/stema_cdon_fi.xml HTTP/1.1" 200 894532 "-" "python-requests/2.32.3"
52.18.22.0 - - [14/Jun/2025:05:36:22 +0200] "GET /marketplaces/worten2/results/worten.csv HTTP/1.1" 200 19256493 "-" "Mirakl HttpClient"
77.79.248.229 - - [14/Jun/2025:05:36:24 +0200] "GET /Jurek/ikonka/feeds/ikonka_cdon_se.xml HTTP/1.1" 200 21184609 "-" "python-requests/2.32.3"
77.79.248.229 - - [14/Jun/2025:05:36:24 +0200] "GET /Jurek/ikonka/feeds/ikonka_cdon_dk.xml HTTP/1.1" 200 21184557 "-" "python-requests/2.32.3"
77.79.248.229 - - [14/Jun/2025:05:36:24 +0200] "GET /Jurek/ikonka/feeds/ikonka_cdon_fi.xml HTTP/1.1" 200 21182568 "-" "python-requests/2.32.3"
77.79.248.229 - - [14/Jun/2025:05:36:25 +0200] "GET /Jurek/fernity/feeds/fernity_cdon_fi.xml HTTP/1.1" 200 4960555 "-" "python-requests/2.32.3"
77.79.248.229 - - [14/Jun/2025:05:36:25 +0200] "GET /Jurek/fernity/feeds/fernity_cdon_se.xml HTTP/1.1" 200 4963852 "-" "python-requests/2.32.3"
77.79.248.229 - - [14/Jun/2025:05:36:25 +0200] "GET /Jurek/fernity/feeds/fernity_cdon_dk.xml HTTP/1.1" 200 4963452 "-" "python-requests/2.32.3"
77.79.248.229 - - [14/Jun/2025:05:36:25 +0200] "GET /Jurek/activeshop/feeds/activeshop_cdon_se.xml HTTP/1.1" 200 10453655 "-" "python-requests/2.32.3"
77.79.248.229 - - [14/Jun/2025:05:36:25 +0200] "GET /Jurek/activeshop/feeds/activeshop_cdon_dk.xml HTTP/1.1" 200 10453298 "-" "python-requests/2.32.3"
77.79.248.229 - - [14/Jun/2025:05:36:25 +0200] "GET /Jurek/activeshop/feeds/activeshop_cdon_fi.xml HTTP/1.1" 200 10449951 "-" "python-requests/2.32.3"
77.79.248.229 - - [14/Jun/2025:05:36:26 +0200] "GET /Jurek/barbecook/feeds/barbecook_cdon_se.xml HTTP/1.1" 200 87595 "-" "python-requests/2.32.3"
77.79.248.229 - - [14/Jun/2025:05:36:26 +0200] "GET /Jurek/barbecook/feeds/barbecook_cdon_dk.xml HTTP/1.1" 200 87590 "-" "python-requests/2.32.3"
77.79.248.229 - - [14/Jun/2025:05:36:26 +0200] "GET /Jurek/barbecook/feeds/barbecook_cdon_fi.xml HTTP/1.1" 200 87531 "-" "python-requests/2.32.3"
77.79.248.229 - - [14/Jun/2025:05:36:27 +0200] "GET /Jurek/action/feeds/action_cdon_se.xml HTTP/1.1" 200 60326868 "-" "python-requests/2.32.3"
77.79.248.229 - - [14/Jun/2025:05:36:27 +0200] "GET /Jurek/action/feeds/action_cdon_dk.xml HTTP/1.1" 200 60865632 "-" "python-requests/2.32.3"
77.79.248.229 - - [14/Jun/2025:05:36:28 +0200] "GET /Jurek/action/feeds/action_cdon_fi.xml HTTP/1.1" 200 60838619 "-" "python-requests/2.32.3"
66.249.64.37 - - [14/Jun/2025:05:36:55 +0200] "GET /Jurek/eurofirany/images/366816/6.jpg HTTP/1.1" 200 101386 "-" "Googlebot-Image/1.0"
77.79.248.229 - - [14/Jun/2025:05:38:09 +0200] "GET /Jurek/vidaSI/feeds/vidaSI_bigbang.xml HTTP/1.1" 200 786176662 "-" "Python-urllib/3.11"
66.249.64.38 - - [14/Jun/2025:05:38:18 +0200] "GET /Jurek/eurofirany/images/404580/1.jpg HTTP/1.1" 200 113241 "-" "Googlebot-Image/1.0"
89.161.206.59 - - [14/Jun/2025:05:38:27 +0200] "GET /Jurek/bisanti/feeds/bisanti_allegro.xml HTTP/1.0" 200 1142381 "-" "-"
77.79.248.229 - - [14/Jun/2025:05:38:27 +0200] "GET /Jurek/action/feeds/action_bigbang.xml HTTP/1.1" 200 60833528 "-" "Python-urllib/3.11"
77.79.248.229 - - [14/Jun/2025:05:38:28 +0200] "GET /Jurek/ikonka/feeds/ikonka_bigbang.xml HTTP/1.1" 200 21182502 "-" "Python-urllib/3.11"
46.101.116.244 - - [14/Jun/2025:05:38:28 +0200] "GET /Jurek/kokiska/feeds/kokiska_allegro.xml HTTP/1.0" 200 9287780 "-" "-"
89.161.206.59 - - [14/Jun/2025:05:38:28 +0200] "GET /Jurek/combine/feeds/combine_allegro.xml HTTP/1.0" 200 210521 "-" "-"
46.101.116.244 - - [14/Jun/2025:05:38:30 +0200] "GET /Jurek/vivaldi/feeds/vivaldi_allegro.xml HTTP/1.0" 200 344685 "-" "-"
77.79.248.229 - - [14/Jun/2025:05:38:31 +0200] "GET /Jurek/b3/feeds/b3_bigbang.xml HTTP/1.1" 200 8507186 "-" "Python-urllib/3.11"
77.79.248.229 - - [14/Jun/2025:05:38:31 +0200] "GET /Jurek/asortymenteu/feeds/asortymenteu_bigbang.xml HTTP/1.1" 200 2894686 "-" "Python-urllib/3.11"
77.79.248.229 - - [14/Jun/2025:05:38:31 +0200] "GET /Jurek/stema/feeds/stema_bigbang.xml HTTP/1.1" 200 894397 "-" "Python-urllib/3.11"
77.79.248.229 - - [14/Jun/2025:05:38:31 +0200] "GET /Jurek/sempler/feeds/sempler_bigbang.xml HTTP/1.1" 200 6787909 "-" "Python-urllib/3.11"
77.79.248.229 - - [14/Jun/2025:05:38:32 +0200] "GET /Jurek/benetech/feeds/benetech_bigbang.xml HTTP/1.1" 200 4165475 "-" "Python-urllib/3.11"
77.79.248.229 - - [14/Jun/2025:05:38:32 +0200] "GET /Jurek/ekuchcikowo/feeds/ekuchcikowo_bigbang.xml HTTP/1.1" 200 12470877 "-" "Python-urllib/3.11"
77.79.248.229 - - [14/Jun/2025:05:38:32 +0200] "GET /Jurek/erohurtownia/feeds/erohurtownia_bigbang.xml HTTP/1.1" 200 22846500 "-" "Python-urllib/3.11"
77.79.248.229 - - [14/Jun/2025:05:38:34 +0200] "GET /Jurek/awparts/feeds/awparts_bigbang.xml HTTP/1.1" 200 142295392 "-" "Python-urllib/3.11"
77.79.248.229 - - [14/Jun/2025:05:38:34 +0200] "GET /Jurek/najtanszysport/feeds/najtanszysport_bigbang.xml HTTP/1.1" 200 3982955 "-" "Python-urllib/3.11"
77.79.248.229 - - [14/Jun/2025:05:38:34 +0200] "GET /Jurek/playcob/feeds/playcob_bigbang.xml HTTP/1.1" 200 6980139 "-" "Python-urllib/3.11"
77.79.248.229 - - [14/Jun/2025:05:38:34 +0200] "GET /Jurek/kidshop/feeds/kidshop_bigbang.xml HTTP/1.1" 200 19845640 "-" "Python-urllib/3.11"
77.79.248.229 - - [14/Jun/2025:05:38:34 +0200] "GET /Jurek/elavia/feeds/elavia_bigbang.xml HTTP/1.1" 200 2497284 "-" "Python-urllib/3.11"
77.79.248.229 - - [14/Jun/2025:05:38:35 +0200] "GET /Jurek/straganbiur/feeds/straganbiur_bigbang.xml HTTP/1.1" 200 8893014 "-" "Python-urllib/3.11"
77.79.248.229 - - [14/Jun/2025:05:38:35 +0200] "GET /Jurek/elecomp/feeds/elecomp_bigbang.xml HTTP/1.1" 200 2867662 "-" "Python-urllib/3.11"
77.79.248.229 - - [14/Jun/2025:05:38:35 +0200] "GET /Jurek/roger/feeds/roger_bigbang.xml HTTP/1.1" 200 1396596 "-" "Python-urllib/3.11"
77.79.248.229 - - [14/Jun/2025:05:38:35 +0200] "GET /Jurek/kristronik/feeds/kristronik_bigbang.xml HTTP/1.1" 200 691986 "-" "Python-urllib/3.11"
77.79.248.229 - - [14/Jun/2025:05:38:35 +0200] "GET /Jurek/oknobest/feeds/oknobest_bigbang.xml HTTP/1.1" 200 2708300 "-" "Python-urllib/3.11"
77.79.248.229 - - [14/Jun/2025:05:38:35 +0200] "GET /Jurek/globaldeli/feeds/globaldeli_bigbang.xml HTTP/1.1" 200 2590049 "-" "Python-urllib/3.11"
77.79.248.229 - - [14/Jun/2025:05:38:35 +0200] "GET /Jurek/rider/feeds/rider_bigbang.xml HTTP/1.1" 200 8165170 "-" "Python-urllib/3.11"
77.79.248.229 - - [14/Jun/2025:05:38:35 +0200] "GET /Jurek/luxma/feeds/luxma_bigbang.xml HTTP/1.1" 200 8058600 "-" "Python-urllib/3.11"
77.79.248.229 - - [14/Jun/2025:05:38:36 +0200] "GET /Jurek/smxdesign/feeds/smxdesign_bigbang.xml HTTP/1.1" 200 1828992 "-" "Python-urllib/3.11"
77.79.248.229 - - [14/Jun/2025:05:38:36 +0200] "GET /Jurek/dropkz/feeds/dropkz_bigbang.xml HTTP/1.1" 200 70014431 "-" "Python-urllib/3.11"
77.79.248.229 - - [14/Jun/2025:05:38:37 +0200] "GET /Jurek/pawonik/feeds/pawonik_bigbang.xml HTTP/1.1" 200 2138422 "-" "Python-urllib/3.11"
77.79.248.229 - - [14/Jun/2025:05:38:37 +0200] "GET /Jurek/spali/feeds/spali_bigbang.xml HTTP/1.1" 200 77046 "-" "Python-urllib/3.11"
77.79.248.229 - - [14/Jun/2025:05:38:37 +0200] "GET /Jurek/newtechele/feeds/newtechele_bigbang.xml HTTP/1.1" 200 2438410 "-" "Python-urllib/3.11"
77.79.248.229 - - [14/Jun/2025:05:38:37 +0200] "GET /Jurek/maksik/feeds/maksik_bigbang.xml HTTP/1.1" 200 4084789 "-" "Python-urllib/3.11"
77.79.248.229 - - [14/Jun/2025:05:38:37 +0200] "GET /Jurek/beltimore/feeds/beltimore_bigbang.xml HTTP/1.1" 200 18652313 "-" "Python-urllib/3.11"
77.79.248.229 - - [14/Jun/2025:05:38:37 +0200] "GET /Jurek/rovato/feeds/rovato_bigbang.xml HTTP/1.1" 200 180834 "-" "Python-urllib/3.11"
77.79.248.229 - - [14/Jun/2025:05:38:37 +0200] "GET /Jurek/eurofryz/feeds/eurofryz_bigbang.xml HTTP/1.1" 200 1381534 "-" "Python-urllib/3.11"
77.79.248.229 - - [14/Jun/2025:05:38:37 +0200] "GET /Jurek/alucon/feeds/alucon_bigbang.xml HTTP/1.1" 200 553707 "-" "Python-urllib/3.11"
77.79.248.229 - - [14/Jun/2025:05:38:37 +0200] "GET /Jurek/omi/feeds/omi_bigbang.xml HTTP/1.1" 200 8100718 "-" "Python-urllib/3.11"
77.79.248.229 - - [14/Jun/2025:05:38:38 +0200] "GET /Jurek/kamar/feeds/kamar_bigbang.xml HTTP/1.1" 200 25549945 "-" "Python-urllib/3.11"
77.79.248.229 - - [14/Jun/2025:05:38:38 +0200] "GET /Jurek/beautycare/feeds/beautycare_bigbang.xml HTTP/1.1" 200 1181257 "-" "Python-urllib/3.11"
77.79.248.229 - - [14/Jun/2025:05:38:38 +0200] "GET /Jurek/avenido/feeds/avenido_bigbang.xml HTTP/1.1" 200 720083 "-" "Python-urllib/3.11"
77.79.248.229 - - [14/Jun/2025:05:38:38 +0200] "GET /Jurek/zenex/feeds/zenex_bigbang.xml HTTP/1.1" 200 540174 "-" "Python-urllib/3.11"
77.79.248.229 - - [14/Jun/2025:05:38:38 +0200] "GET /Jurek/sternhoff/feeds/sternhoff_bigbang.xml HTTP/1.1" 200 1775262 "-" "Python-urllib/3.11"
77.79.248.229 - - [14/Jun/2025:05:38:38 +0200] "GET /Jurek/straganspoz/feeds/straganspoz_bigbang.xml HTTP/1.1" 200 9510109 "-" "Python-urllib/3.11"
77.79.248.229 - - [14/Jun/2025:05:38:38 +0200] "GET /Jurek/apresto/feeds/apresto_bigbang.xml HTTP/1.1" 200 1327594 "-" "Python-urllib/3.11"
77.79.248.229 - - [14/Jun/2025:05:38:38 +0200] "GET /Jurek/fertone/feeds/fertone_bigbang.xml HTTP/1.1" 200 584071 "-" "Python-urllib/3.11"
77.79.248.229 - - [14/Jun/2025:05:38:38 +0200] "GET /Jurek/fernity/feeds/fernity_bigbang.xml HTTP/1.1" 200 4960843 "-" "Python-urllib/3.11"
77.79.248.229 - - [14/Jun/2025:05:38:38 +0200] "GET /Jurek/jankeski/feeds/jankeski_bigbang.xml HTTP/1.1" 200 6571145 "-" "Python-urllib/3.11"
77.79.248.229 - - [14/Jun/2025:05:38:39 +0200] "GET /Jurek/bloomglow/feeds/bloomglow_bigbang.xml HTTP/1.1" 200 14094812 "-" "Python-urllib/3.11"
77.79.248.229 - - [14/Jun/2025:05:38:39 +0200] "GET /Jurek/galopi/feeds/galopi_bigbang.xml HTTP/1.1" 200 2111055 "-" "Python-urllib/3.11"
77.79.248.229 - - [14/Jun/2025:05:38:39 +0200] "GET /Jurek/hurtmeblowy/feeds/hurtmeblowy_bigbang.xml HTTP/1.1" 200 8581222 "-" "Python-urllib/3.11"
77.79.248.229 - - [14/Jun/2025:05:40:42 +0200] "GET /Jurek/kinghoff/feeds/kinghoff_SkroutzGR.xml HTTP/1.1" 200 14559908 "-" "Python-urllib/3.11"
77.79.248.229 - - [14/Jun/2025:05:40:43 +0200] "GET /Jurek/aw/feeds/awnarzedzia_skroutz.xml HTTP/1.1" 200 89059828 "-" "Python-urllib/3.11"
77.79.248.229 - - [14/Jun/2025:05:40:43 +0200] "GET /Jurek/eurofirany/feeds/eurofirany_skroutz.xml HTTP/1.1" 200 17978056 "-" "Python-urllib/3.11"
77.79.248.229 - - [14/Jun/2025:05:40:43 +0200] "GET /Jurek/fernity/feeds/fernity_skroutz.xml HTTP/1.1" 200 4575863 "-" "Python-urllib/3.11"
89.161.206.59 - - [14/Jun/2025:05:40:52 +0200] "GET /Jurek/benetech/feeds/benetech_amazonnl.xml HTTP/1.0" 200 4165481 "-" "-"
89.161.206.59 - - [14/Jun/2025:05:40:52 +0200] "GET /Jurek/benetech/feeds/benetech_amazonit.xml HTTP/1.0" 200 4165477 "-" "-"
89.161.206.59 - - [14/Jun/2025:05:40:52 +0200] "GET /Jurek/benetech/feeds/benetech_amazones.xml HTTP/1.0" 200 4165504 "-" "-"
89.161.206.59 - - [14/Jun/2025:05:40:53 +0200] "GET /Jurek/benetech/feeds/benetech_amazonfr.xml HTTP/1.0" 200 4165491 "-" "-"
89.161.206.59 - - [14/Jun/2025:05:40:53 +0200] "GET /Jurek/benetech/feeds/benetech_amazonbe.xml HTTP/1.0" 200 4165484 "-" "-"
89.161.206.59 - - [14/Jun/2025:05:40:53 +0200] "GET /Jurek/benetech/feeds/benetech_amazonse.xml HTTP/1.0" 200 4165883 "-" "-"
89.161.206.59 - - [14/Jun/2025:05:40:55 +0200] "GET /Jurek/dekoele/feeds/dekoele_amazonde.xml HTTP/1.0" 200 733941 "-" "-"
89.161.206.59 - - [14/Jun/2025:05:40:55 +0200] "GET /Jurek/dekoele/feeds/dekoele_amazonit.xml HTTP/1.0" 200 733939 "-" "-"
89.161.206.59 - - [14/Jun/2025:05:40:55 +0200] "GET /Jurek/dekoele/feeds/dekoele_amazonfr.xml HTTP/1.0" 200 733938 "-" "-"
89.161.206.59 - - [14/Jun/2025:05:40:55 +0200] "GET /Jurek/dekoele/feeds/dekoele_amazones.xml HTTP/1.0" 200 733938 "-" "-"
89.161.206.59 - - [14/Jun/2025:05:40:55 +0200] "GET /Jurek/dekoele/feeds/dekoele_amazonnl.xml HTTP/1.0" 200 733943 "-" "-"
89.161.206.59 - - [14/Jun/2025:05:40:55 +0200] "GET /Jurek/dekoele/feeds/dekoele_amazonse.xml HTTP/1.0" 200 734014 "-" "-"
89.161.206.59 - - [14/Jun/2025:05:40:55 +0200] "GET /Jurek/dekoele/feeds/dekoele_amazonbe.xml HTTP/1.0" 200 733937 "-" "-"
89.161.206.59 - - [14/Jun/2025:05:40:59 +0200] "GET /Jurek/carbonyway/feeds/carbonyway_amazonde.xml HTTP/1.0" 200 3075934 "-" "-"
89.161.206.59 - - [14/Jun/2025:05:41:01 +0200] "GET /Jurek/cdata/feeds/cdata_amazonde.xml HTTP/1.0" 200 1445142 "-" "-"
89.161.206.59 - - [14/Jun/2025:05:41:02 +0200] "GET /Jurek/beltimore/feeds/beltimore_amazonde.xml HTTP/1.0" 200 18652248 "-" "-"
89.161.206.59 - - [14/Jun/2025:05:41:02 +0200] "GET /Jurek/drewdon/feeds/drewdon_amazonde.xml HTTP/1.0" 200 504442 "-" "-"
89.161.206.59 - - [14/Jun/2025:05:41:02 +0200] "GET /Jurek/alucon/feeds/alucon_amazonde.xml HTTP/1.0" 200 553706 "-" "-"
66.249.64.37 - - [14/Jun/2025:05:41:45 +0200] "GET /Jurek/topeshop/downloaded_images/5902838466742_Artisan.jpg HTTP/1.1" 200 113292 "-" "Googlebot-Image/1.0"
66.249.64.38 - - [14/Jun/2025:05:43:49 +0200] "GET /Jurek/eurofirany/images/383346/7.jpg HTTP/1.1" 200 36843 "-" "Googlebot-Image/1.0"
66.249.64.39 - - [14/Jun/2025:05:43:49 +0200] "GET /robots.txt HTTP/1.1" 404 3551 "-" "Mozilla/5.0 (compatible; Googlebot/2.1; +http://www.google.com/bot.html)"
89.161.206.59 - - [14/Jun/2025:05:44:22 +0200] "GET /Jurek/slayo/feeds/slayo_skroutz.xml HTTP/1.0" 200 183575 "-" "-"
17.241.75.11 - - [14/Jun/2025:05:44:26 +0200] "GET /Jurek/eurofirany/images/390424/4.jpg HTTP/1.1" 200 178836 "-" "Mozilla/5.0 (Macintosh; Intel Mac OS X 10_15_7) AppleWebKit/605.1.15 (KHTML, like Gecko) Version/17.4 Safari/605.1.15 (Applebot/0.1; +http://www.apple.com/go/applebot)"
66.249.64.39 - - [14/Jun/2025:05:44:31 +0200] "GET /Jurek/eurofirany/images/408356/13.jpg HTTP/1.1" 200 179518 "-" "Googlebot-Image/1.0"
46.101.116.244 - - [14/Jun/2025:05:44:34 +0200] "GET /Jurek/eurofirany/feeds/eurofirany_empik.xml HTTP/1.0" 200 19487430 "-" "-"
46.101.116.244 - - [14/Jun/2025:05:44:37 +0200] "GET /Jurek/chemex/feeds/chemex_empik.xml HTTP/1.0" 200 47822490 "-" "-"
89.161.206.59 - - [14/Jun/2025:05:45:17 +0200] "GET /Jurek/jankeski/feeds/jankeski_emagro.xml HTTP/1.0" 200 6571281 "-" "-"
89.161.206.59 - - [14/Jun/2025:05:45:49 +0200] "GET /Jurek/amzteam/feeds/amzteam_skroutz.xml HTTP/1.0" 200 95854 "-" "-"
89.161.206.59 - - [14/Jun/2025:05:46:03 +0200] "GET /Jurek/oromed/feeds/oromed_skroutz.xml HTTP/1.0" 200 1283929 "-" "-"
89.161.206.59 - - [14/Jun/2025:05:46:32 +0200] "GET /Jurek/fertone/feeds/fertone_skroutz.xml HTTP/1.0" 200 584071 "-" "-"
89.161.206.59 - - [14/Jun/2025:05:46:36 +0200] "GET /Jurek/spali/feeds/spali_skroutz.xml HTTP/1.0" 200 77047 "-" "-"
89.161.206.59 - - [14/Jun/2025:05:46:38 +0200] "GET /Jurek/combine/feeds/combine_skroutz.xml HTTP/1.0" 200 210509 "-" "-"
66.249.64.37 - - [14/Jun/2025:05:47:16 +0200] "GET /robots.txt HTTP/1.1" 404 3551 "-" "Mozilla/5.0 (compatible; Googlebot/2.1; +http://www.google.com/bot.html)"
66.249.64.37 - - [14/Jun/2025:05:47:17 +0200] "GET /Jurek/eurofirany/images/422324/10.jpg HTTP/1.1" 200 598582 "-" "Googlebot-Image/1.0"
17.241.75.221 - - [14/Jun/2025:05:47:26 +0200] "GET /Jurek/eurofirany/images/433260/0.jpg HTTP/1.1" 200 6625 "-" "Mozilla/5.0 (Macintosh; Intel Mac OS X 10_15_7) AppleWebKit/605.1.15 (KHTML, like Gecko) Version/17.4 Safari/605.1.15 (Applebot/0.1; +http://www.apple.com/go/applebot)"
5.134.208.158 - - [14/Jun/2025:05:47:46 +0200] "GET /Jurek/eurofirany/images/470201/0.jpg HTTP/1.1" 206 256 "https://www.ceneo.pl" "Mozilla/5.0 (Windows NT 10.0; Win64; x64) AppleWebKit/537.36 (KHTML, like Gecko) Chrome/87.0.4280.141 Safari/537.36"
89.161.206.59 - - [14/Jun/2025:05:47:55 +0200] "GET /Jurek/evil/feeds/evil_skroutz.xml HTTP/1.0" 200 252475 "-" "-"
89.161.206.59 - - [14/Jun/2025:05:47:56 +0200] "GET /Jurek/antiodor/feeds/antiodor_skroutz.xml HTTP/1.0" 200 137847 "-" "-"
89.161.206.59 - - [14/Jun/2025:05:47:56 +0200] "GET /Jurek/sartrix/feeds/sartrix_skroutz.xml HTTP/1.0" 200 649172 "-" "-"
89.161.206.59 - - [14/Jun/2025:05:47:57 +0200] "GET /Jurek/madrex/feeds/madrex_skroutz.xml HTTP/1.0" 200 466735 "-" "-"
89.161.206.59 - - [14/Jun/2025:05:47:59 +0200] "GET /Jurek/dekoele/feeds/dekoele_skroutz.xml HTTP/1.0" 200 378813 "-" "-"
89.161.206.59 - - [14/Jun/2025:05:49:41 +0200] "GET /Jurek/benetech/feeds/benetech_emagro.xml HTTP/1.0" 200 4165747 "-" "-"
89.161.206.59 - - [14/Jun/2025:05:49:41 +0200] "GET /Jurek/sempler/feeds/sempler_emagro.xml HTTP/1.0" 200 6788432 "-" "-"
66.249.64.39 - - [14/Jun/2025:05:49:48 +0200] "GET /robots.txt HTTP/1.1" 404 3551 "-" "Mozilla/5.0 (compatible; Googlebot/2.1; +http://www.google.com/bot.html)"
66.249.64.37 - - [14/Jun/2025:05:49:48 +0200] "GET /Jurek/eurofirany/images/401946/8.jpg HTTP/1.1" 200 92563 "-" "Googlebot-Image/1.0"
66.249.64.37 - - [14/Jun/2025:05:50:10 +0200] "GET /Jurek/eurofirany/images/382105/2.jpg HTTP/1.1" 200 203179 "-" "Googlebot-Image/1.0"
