89.161.206.59 - - [14/Jun/2025:20:27:23 +0200] "GET /Jurek/kinghoff/feeds/kinghoff_emaghu.xml HTTP/1.0" 200 15674259 "-" "-"
89.161.206.59 - - [14/Jun/2025:20:27:30 +0200] "GET /Jurek/nexus/feeds/nexus_skroutz.xml HTTP/1.0" 200 226758 "-" "-"
66.249.64.37 - - [14/Jun/2025:20:28:13 +0200] "GET /Jurek/topeshop/downloaded_images/5902838463338_Dallas_Sonoma(6).jpg HTTP/1.1" 404 3551 "-" "Googlebot-Image/1.0"
66.135.223.41 - - [14/Jun/2025:20:28:24 +0200] "GET /Jurek/topeshop/downloaded_images/5904507202408_Modern2P_Sonoma(5).jpg HTTP/1.1" 404 3551 "http://www.ebay.com/" "Mozilla/5.0 (Windows NT 10.0; Win64; x64) AppleWebKit/537.36 (KHTML, like Gecko) Chrome/123.0.0.0 Safari/537.36"
66.135.223.41 - - [14/Jun/2025:20:28:24 +0200] "GET /Jurek/topeshop/downloaded_images/5904507202408_front.jpg HTTP/1.1" 200 38604 "http://www.ebay.com/" "Mozilla/5.0 (Windows NT 10.0; Win64; x64) AppleWebKit/537.36 (KHTML, like Gecko) Chrome/123.0.0.0 Safari/537.36"
66.135.223.41 - - [14/Jun/2025:20:28:24 +0200] "GET /Jurek/topeshop/downloaded_images/5904507202408_Modern2P_Sonoma(1).jpg HTTP/1.1" 404 3551 "http://www.ebay.com/" "Mozilla/5.0 (Windows NT 10.0; Win64; x64) AppleWebKit/537.36 (KHTML, like Gecko) Chrome/123.0.0.0 Safari/537.36"
66.135.223.40 - - [14/Jun/2025:20:28:24 +0200] "GET /Jurek/topeshop/downloaded_images/5904507202408_Modern2P_Sonoma(3).jpg HTTP/1.1" 404 3551 "http://www.ebay.com/" "Mozilla/5.0 (Windows NT 10.0; Win64; x64) AppleWebKit/537.36 (KHTML, like Gecko) Chrome/123.0.0.0 Safari/537.36"
66.135.223.41 - - [14/Jun/2025:20:28:24 +0200] "GET /Jurek/topeshop/downloaded_images/5904507202408_Modern2P_Sonoma(4).jpg HTTP/1.1" 404 3551 "http://www.ebay.com/" "Mozilla/5.0 (Windows NT 10.0; Win64; x64) AppleWebKit/537.36 (KHTML, like Gecko) Chrome/123.0.0.0 Safari/537.36"
66.135.223.43 - - [14/Jun/2025:20:28:24 +0200] "GET /Jurek/topeshop/downloaded_images/5904507202408_Wymiary_Sonoma_Obszar_roboczy_1.jpg HTTP/1.1" 200 46150 "http://www.ebay.com/" "Mozilla/5.0 (Windows NT 10.0; Win64; x64) AppleWebKit/537.36 (KHTML, like Gecko) Chrome/123.0.0.0 Safari/537.36"
66.135.223.43 - - [14/Jun/2025:20:28:24 +0200] "GET /Jurek/topeshop/downloaded_images/5904507202408_sonoma_20_st.jpg HTTP/1.1" 200 45680 "http://www.ebay.com/" "Mozilla/5.0 (Windows NT 10.0; Win64; x64) AppleWebKit/537.36 (KHTML, like Gecko) Chrome/123.0.0.0 Safari/537.36"
66.135.223.41 - - [14/Jun/2025:20:28:24 +0200] "GET /Jurek/topeshop/downloaded_images/5904507202408_Modern2P_Sonoma(2).jpg HTTP/1.1" 404 3551 "http://www.ebay.com/" "Mozilla/5.0 (Windows NT 10.0; Win64; x64) AppleWebKit/537.36 (KHTML, like Gecko) Chrome/123.0.0.0 Safari/537.36"
66.135.223.41 - - [14/Jun/2025:20:28:26 +0200] "GET /Jurek/topeshop/downloaded_images/5904507202408_sonoma-mini.png HTTP/1.1" 200 1173124 "http://www.ebay.com/" "Mozilla/5.0 (Windows NT 10.0; Win64; x64) AppleWebKit/537.36 (KHTML, like Gecko) Chrome/123.0.0.0 Safari/537.36"
66.249.64.39 - - [14/Jun/2025:20:29:33 +0200] "GET /Jurek/eurofirany/images/398807/1.jpg HTTP/1.1" 200 48474 "-" "Googlebot-Image/1.0"
66.249.64.38 - - [14/Jun/2025:20:30:14 +0200] "GET /Jurek/eurofirany/images/383472/4.jpg HTTP/1.1" 200 224291 "-" "Googlebot-Image/1.0"
157.55.39.54 - - [14/Jun/2025:20:30:41 +0200] "GET /Jurek/eurofirany/images/423951/0.jpg HTTP/2.0" 200 0 "-" "Mozilla/5.0 AppleWebKit/537.36 (KHTML, like Gecko; compatible; bingbot/2.0; +http://www.bing.com/bingbot.htm) Chrome/116.0.1938.76 Safari/537.36"
40.77.167.159 - - [14/Jun/2025:20:30:50 +0200] "GET /Jurek/eurofirany/images/433263/0.jpg HTTP/2.0" 200 6625 "-" "Mozilla/5.0 AppleWebKit/537.36 (KHTML, like Gecko; compatible; bingbot/2.0; +http://www.bing.com/bingbot.htm) Chrome/116.0.1938.76 Safari/537.36"
66.249.64.37 - - [14/Jun/2025:20:30:54 +0200] "GET /Jurek/eurofirany/images/423950/8.jpg HTTP/1.1" 200 236930 "-" "Googlebot-Image/1.0"
89.161.206.59 - - [14/Jun/2025:20:31:21 +0200] "GET /Jurek/techrebalina/feeds/techrebalina_skroutz.xml HTTP/1.0" 200 2011582 "-" "-"
66.249.64.39 - - [14/Jun/2025:20:31:34 +0200] "GET /Jurek/topeshop/downloaded_images/5904507200275_SD-50biel20008orgina%C5%82(32).png HTTP/1.1" 404 3551 "-" "Googlebot-Image/1.0"
89.161.206.59 - - [14/Jun/2025:20:31:35 +0200] "GET /Jurek/regis/feeds/regis_skroutz.xml HTTP/1.0" 200 228467 "-" "-"
89.161.206.59 - - [14/Jun/2025:20:31:55 +0200] "GET /Jurek/harmonypost/feeds/harmonypost_skr.xml HTTP/1.0" 200 39884245 "-" "-"
66.249.64.39 - - [14/Jun/2025:20:32:54 +0200] "GET /Jurek/eurofirany/images/383056/2.jpg HTTP/1.1" 200 23378 "-" "Googlebot-Image/1.0"
66.249.64.38 - - [14/Jun/2025:20:33:35 +0200] "GET /Jurek/eurofirany/images/390456/12.jpg HTTP/1.1" 200 212063 "-" "Googlebot-Image/1.0"
5.134.208.158 - - [14/Jun/2025:20:33:51 +0200] "GET /Jurek/eurofirany/images/402291/0.jpg HTTP/1.1" 200 45389 "-" "-"
66.249.64.38 - - [14/Jun/2025:20:33:57 +0200] "GET /Jurek/eurofirany/images/383344/5.jpg HTTP/1.1" 200 148829 "-" "Googlebot-Image/1.0"
66.249.64.39 - - [14/Jun/2025:20:34:15 +0200] "GET /Jurek/eurofirany/images/390441/12.jpg HTTP/1.1" 200 212063 "-" "Googlebot-Image/1.0"
66.211.183.72 - - [14/Jun/2025:20:34:36 +0200] "GET /Jurek/topeshop/downloaded_images/5904507200381_1-bez-dodatk%C3%B3w-wymiary.jpg HTTP/1.1" 200 38026 "http://www.ebay.com/" "Mozilla/5.0 (Windows NT 10.0; Win64; x64) AppleWebKit/537.36 (KHTML, like Gecko) Chrome/123.0.0.0 Safari/537.36"
66.211.183.73 - - [14/Jun/2025:20:34:36 +0200] "GET /Jurek/topeshop/downloaded_images/5904507200381_1_(1)1.jpg HTTP/1.1" 200 59850 "http://www.ebay.com/" "Mozilla/5.0 (Windows NT 10.0; Win64; x64) AppleWebKit/537.36 (KHTML, like Gecko) Chrome/123.0.0.0 Safari/537.36"
66.211.183.70 - - [14/Jun/2025:20:34:36 +0200] "GET /Jurek/topeshop/downloaded_images/5904507200381_wizualizacja.jpg HTTP/1.1" 200 89100 "http://www.ebay.com/" "Mozilla/5.0 (Windows NT 10.0; Win64; x64) AppleWebKit/537.36 (KHTML, like Gecko) Chrome/123.0.0.0 Safari/537.36"
66.211.183.71 - - [14/Jun/2025:20:34:36 +0200] "GET /Jurek/topeshop/downloaded_images/5904507200381_BILBAO7(1).jpg HTTP/1.1" 404 3551 "http://www.ebay.com/" "Mozilla/5.0 (Windows NT 10.0; Win64; x64) AppleWebKit/537.36 (KHTML, like Gecko) Chrome/123.0.0.0 Safari/537.36"
66.211.183.73 - - [14/Jun/2025:20:34:36 +0200] "GET /Jurek/topeshop/downloaded_images/5904507200381_BILBAO7(4).jpg HTTP/1.1" 404 3551 "http://www.ebay.com/" "Mozilla/5.0 (Windows NT 10.0; Win64; x64) AppleWebKit/537.36 (KHTML, like Gecko) Chrome/123.0.0.0 Safari/537.36"
66.211.183.73 - - [14/Jun/2025:20:34:36 +0200] "GET /Jurek/topeshop/downloaded_images/5904507200381_artisan-wymiary_Obszar-roboczy-1.jpg HTTP/1.1" 200 59050 "http://www.ebay.com/" "Mozilla/5.0 (Windows NT 10.0; Win64; x64) AppleWebKit/537.36 (KHTML, like Gecko) Chrome/123.0.0.0 Safari/537.36"
66.211.183.73 - - [14/Jun/2025:20:34:36 +0200] "GET /Jurek/topeshop/downloaded_images/5904507200381_BILBAO7(3).jpg HTTP/1.1" 404 3551 "http://www.ebay.com/" "Mozilla/5.0 (Windows NT 10.0; Win64; x64) AppleWebKit/537.36 (KHTML, like Gecko) Chrome/123.0.0.0 Safari/537.36"
66.249.64.38 - - [14/Jun/2025:20:34:55 +0200] "GET /Jurek/eurofirany/images/383324/6.jpg HTTP/1.1" 200 106498 "-" "Googlebot-Image/1.0"
157.55.39.197 - - [14/Jun/2025:20:35:42 +0200] "GET /Jurek/eurofirany/images/433249/0.jpg HTTP/2.0" 200 6625 "-" "Mozilla/5.0 AppleWebKit/537.36 (KHTML, like Gecko; compatible; bingbot/2.0; +http://www.bing.com/bingbot.htm) Chrome/116.0.1938.76 Safari/537.36"
52.18.22.0 - - [14/Jun/2025:20:36:15 +0200] "GET /marketplaces/worten2/results/worten.csv HTTP/1.1" 200 147217 "-" "Mirakl HttpClient"
66.249.64.38 - - [14/Jun/2025:20:36:16 +0200] "GET /Jurek/eurofirany/images/402762/3.jpg HTTP/1.1" 200 103472 "-" "Googlebot-Image/1.0"
66.249.64.38 - - [14/Jun/2025:20:37:16 +0200] "GET /Jurek/eurofirany/images/408993/2.jpg HTTP/1.1" 200 43379 "-" "Googlebot-Image/1.0"
89.161.206.59 - - [14/Jun/2025:20:37:54 +0200] "GET /Jurek/relogy/feeds/relogy_skroutz.xml HTTP/1.0" 200 66606549 "-" "-"
66.249.64.38 - - [14/Jun/2025:20:37:56 +0200] "GET /Jurek/eurofirany/images/409903/0.jpg HTTP/1.1" 200 188678 "-" "Googlebot-Image/1.0"
89.161.206.59 - - [14/Jun/2025:20:37:57 +0200] "GET /Jurek/wezer/feeds/wezer_skroutz.xml HTTP/1.0" 200 202411 "-" "-"
69.171.249.115 - - [14/Jun/2025:20:38:15 +0200] "GET /robots.txt HTTP/1.1" 403 146 "-" "facebookexternalhit/1.1 (+http://www.facebook.com/externalhit_uatext.php)"
66.249.64.39 - - [14/Jun/2025:20:38:36 +0200] "GET /Jurek/topeshop/downloaded_images/5904507202408_front.jpg HTTP/1.1" 200 38604 "-" "Googlebot-Image/1.0"
66.249.64.37 - - [14/Jun/2025:20:39:17 +0200] "GET /Jurek/eurofirany/images/409412/2.jpg HTTP/1.1" 200 48054 "-" "Googlebot-Image/1.0"
66.249.64.37 - - [14/Jun/2025:20:39:57 +0200] "GET /Jurek/eurofirany/images/428726/0.jpg HTTP/1.1" 200 75699 "-" "Googlebot-Image/1.0"
66.249.64.39 - - [14/Jun/2025:20:40:37 +0200] "GET /Jurek/eurofirany/images/383354/5.jpg HTTP/1.1" 200 214156 "-" "Googlebot-Image/1.0"
89.161.206.59 - - [14/Jun/2025:20:40:47 +0200] "GET /Jurek/eroplace/feeds/eroplace_amazonse.xml HTTP/1.0" 200 52158427 "-" "-"
89.161.206.59 - - [14/Jun/2025:20:41:29 +0200] "GET /Jurek/slayo/feeds/slayo_skroutz.xml HTTP/1.0" 200 183575 "-" "-"
66.249.64.39 - - [14/Jun/2025:20:41:37 +0200] "GET /Jurek/eurofirany/images/408880/1.jpg HTTP/1.1" 200 164268 "-" "Googlebot-Image/1.0"
89.161.206.59 - - [14/Jun/2025:20:42:15 +0200] "GET /Jurek/eroplace/feeds/eroplace_amazonfr.xml HTTP/1.0" 200 52134963 "-" "-"
89.161.206.59 - - [14/Jun/2025:20:42:18 +0200] "GET /Jurek/hurtmeblowy/feeds/hurtmeblowy_skroutz.xml HTTP/1.0" 200 8581260 "-" "-"
89.161.206.59 - - [14/Jun/2025:20:42:19 +0200] "GET /Jurek/eroplace/feeds/eroplace_amazonit.xml HTTP/1.0" 200 52134593 "-" "-"
89.161.206.59 - - [14/Jun/2025:20:42:24 +0200] "GET /Jurek/eroplace/feeds/eroplace_amazones.xml HTTP/1.0" 200 52134652 "-" "-"
89.161.206.59 - - [14/Jun/2025:20:42:26 +0200] "GET /Jurek/pawonik/feeds/pawonik_skroutz.xml HTTP/1.0" 200 2138441 "-" "-"
89.161.206.59 - - [14/Jun/2025:20:42:29 +0200] "GET /Jurek/artdog/feeds/artdog_skroutz.xml HTTP/1.0" 200 16659371 "-" "-"
89.161.206.59 - - [14/Jun/2025:20:42:33 +0200] "GET /Jurek/eroplace/feeds/eroplace_amazonde.xml HTTP/1.0" 200 52134522 "-" "-"
89.161.206.59 - - [14/Jun/2025:20:42:54 +0200] "GET /Jurek/kobi/feeds/kobi_cdsc.xml HTTP/1.0" 200 544055 "-" "-"
89.161.206.59 - - [14/Jun/2025:20:42:54 +0200] "GET /Jurek/hurtmeblowy/feeds/hurtmeblowy_cdsc.xml HTTP/1.0" 200 5249577 "-" "-"
89.161.206.59 - - [14/Jun/2025:20:42:54 +0200] "GET /Jurek/maksik/feeds/maksik_cdsc.xml HTTP/1.0" 200 2927522 "-" "-"
89.161.206.59 - - [14/Jun/2025:20:42:55 +0200] "GET /Jurek/beltimore/feeds/beltimore_cdsc.xml HTTP/1.0" 200 11136740 "-" "-"
89.161.206.59 - - [14/Jun/2025:20:42:56 +0200] "GET /Jurek/benetech/feeds/benetech_cdsc.xml HTTP/1.0" 200 2361900 "-" "-"
89.161.206.59 - - [14/Jun/2025:20:42:56 +0200] "GET /Jurek/pawonik/feeds/pawonik_cdsc.xml HTTP/1.0" 200 1382131 "-" "-"
89.161.206.59 - - [14/Jun/2025:20:42:56 +0200] "GET /Jurek/hdwr/feeds/hdwr_cdsc.xml HTTP/1.0" 200 745726 "-" "-"
89.161.206.59 - - [14/Jun/2025:20:42:56 +0200] "GET /Jurek/drops/feeds/dropsofficecolection_cdsc.xml HTTP/1.0" 200 784498 "-" "-"
89.161.206.59 - - [14/Jun/2025:20:42:57 +0200] "GET /Jurek/szpaklampy/feeds/szpaklampy_cdsc.xml HTTP/1.0" 200 395815 "-" "-"
89.161.206.59 - - [14/Jun/2025:20:42:57 +0200] "GET /Jurek/sartrix/feeds/sartrix_cdsc.xml HTTP/1.0" 200 867504 "-" "-"
89.161.206.59 - - [14/Jun/2025:20:42:57 +0200] "GET /Jurek/reman/feeds/reman_cdsc.xml HTTP/1.0" 200 400868 "-" "-"
89.161.206.59 - - [14/Jun/2025:20:42:57 +0200] "GET /Jurek/eurofirany/feeds/eurofirany_cdiscount.xml HTTP/1.0" 200 22976847 "-" "-"
66.249.64.38 - - [14/Jun/2025:20:42:58 +0200] "GET /Jurek/eurofirany/images/423821/7.jpg HTTP/1.1" 200 0 "-" "Googlebot-Image/1.0"
89.161.206.59 - - [14/Jun/2025:20:42:59 +0200] "GET /Jurek/cdata/feeds/cdata_cdsc.xml HTTP/1.0" 200 1865839 "-" "-"
89.161.206.59 - - [14/Jun/2025:20:43:00 +0200] "GET /Jurek/drewdon/feeds/drewdon_cdsc.xml HTTP/1.0" 200 483677 "-" "-"
89.161.206.59 - - [14/Jun/2025:20:43:00 +0200] "GET /Jurek/dekoele/feeds/dekoele_cdsc.xml HTTP/1.0" 200 478906 "-" "-"
89.161.206.59 - - [14/Jun/2025:20:43:00 +0200] "GET /Jurek/playcob/feeds/playcob_cdsc.xml HTTP/1.0" 200 6624555 "-" "-"
89.161.206.59 - - [14/Jun/2025:20:43:02 +0200] "GET /Jurek/elavia/feeds/elavia_cdsc.xml HTTP/1.0" 200 2085750 "-" "-"
89.161.206.59 - - [14/Jun/2025:20:43:02 +0200] "GET /Jurek/princelh/feeds/princelh_cdsc.xml HTTP/1.0" 200 123626 "-" "-"
89.161.206.59 - - [14/Jun/2025:20:43:02 +0200] "GET /Jurek/proparts/feeds/proparts_cdsc.xml HTTP/1.0" 200 556031 "-" "-"
89.161.206.59 - - [14/Jun/2025:20:43:03 +0200] "GET /Jurek/muminky/feeds/muminky_cdsc.xml HTTP/1.0" 200 2935838 "-" "-"
89.161.206.59 - - [14/Jun/2025:20:43:03 +0200] "GET /Jurek/alucon/feeds/alucon_cdsc.xml HTTP/1.0" 200 378801 "-" "-"
89.161.206.59 - - [14/Jun/2025:20:43:03 +0200] "GET /Jurek/equalo/feeds/equalo_cdsc.xml HTTP/1.0" 200 134208 "-" "-"
89.161.206.59 - - [14/Jun/2025:20:43:03 +0200] "GET /Jurek/smxdesign/feeds/smxdesign_cdsc.xml HTTP/1.0" 200 1154217 "-" "-"
89.161.206.59 - - [14/Jun/2025:20:43:04 +0200] "GET /Jurek/techrebal/feeds/techrebal_cdsc.xml HTTP/1.0" 200 1423344 "-" "-"
89.161.206.59 - - [14/Jun/2025:20:43:05 +0200] "GET /Jurek/broers/feeds/broers_cdsc.xml HTTP/1.0" 200 2303222 "-" "-"
89.161.206.59 - - [14/Jun/2025:20:43:06 +0200] "GET /Jurek/nonabox/feeds/nonabox_cdsc.xml HTTP/1.0" 200 39040 "-" "-"
89.161.206.59 - - [14/Jun/2025:20:43:06 +0200] "GET /Jurek/lampart/feeds/lampart_cdsc.xml HTTP/1.0" 200 1057915 "-" "-"
89.161.206.59 - - [14/Jun/2025:20:43:06 +0200] "GET /Jurek/zenex/feeds/zenex_cdsc.xml HTTP/1.0" 200 540166 "-" "-"
89.161.206.59 - - [14/Jun/2025:20:43:07 +0200] "GET /Jurek/avenido/feeds/avenido_cdsc.xml HTTP/1.0" 200 449204 "-" "-"
89.161.206.59 - - [14/Jun/2025:20:43:07 +0200] "GET /Jurek/filmal/feeds/filmal_cdsc.xml HTTP/1.0" 200 105873 "-" "-"
89.161.206.59 - - [14/Jun/2025:20:43:07 +0200] "GET /Jurek/takapara/feeds/takapara_cdsc.xml HTTP/1.0" 200 1399110 "-" "-"
89.161.206.59 - - [14/Jun/2025:20:43:07 +0200] "GET /Jurek/tsjerzy/feeds/tsjerzy_cdsc.xml HTTP/1.0" 200 4383134 "-" "-"
89.161.206.59 - - [14/Jun/2025:20:43:09 +0200] "GET /Jurek/riko/feeds/riko_cdsc.xml HTTP/1.0" 200 3648953 "-" "-"
89.161.206.59 - - [14/Jun/2025:20:43:10 +0200] "GET /Jurek/carbonyway/feeds/carbonyway_cdsc.xml HTTP/1.0" 200 2759372 "-" "-"
89.161.206.59 - - [14/Jun/2025:20:43:11 +0200] "GET /Jurek/narzbud/feeds/narzbud_cdsc.xml HTTP/1.0" 200 1227756 "-" "-"
89.161.206.59 - - [14/Jun/2025:20:43:12 +0200] "GET /Jurek/eurofryz/feeds/eurofryz_cdsc.xml HTTP/1.0" 200 830786 "-" "-"
89.161.206.59 - - [14/Jun/2025:20:43:13 +0200] "GET /Jurek/fertes/feeds/fertes_cdsc.xml HTTP/1.0" 200 2192563 "-" "-"
89.161.206.59 - - [14/Jun/2025:20:43:13 +0200] "GET /Jurek/artdog/feeds/artdog_cdsc.xml HTTP/1.0" 200 17921751 "-" "-"
89.161.206.59 - - [14/Jun/2025:20:43:14 +0200] "GET /Jurek/kamar/feeds/kamar_cdsc.xml HTTP/1.0" 200 37126541 "-" "-"
89.161.206.59 - - [14/Jun/2025:20:43:19 +0200] "GET /Jurek/jakdroz/feeds/jakdroz_cdsc.xml HTTP/1.0" 200 2542943 "-" "-"
89.161.206.59 - - [14/Jun/2025:20:43:19 +0200] "GET /Jurek/gandalf/feeds/gandalf_cdsc.xml HTTP/1.0" 200 586345 "-" "-"
46.101.116.244 - - [14/Jun/2025:20:43:26 +0200] "GET /Jurek/fernity/feeds/fernity_cdiscount.xml HTTP/1.0" 200 3130621 "-" "-"
89.161.206.59 - - [14/Jun/2025:20:43:27 +0200] "GET /Jurek/fertone/feeds/fertone_skroutz.xml HTTP/1.0" 200 584071 "-" "-"
89.161.206.59 - - [14/Jun/2025:20:43:33 +0200] "GET /Jurek/spali/feeds/spali_skroutz.xml HTTP/1.0" 200 77047 "-" "-"
89.161.206.59 - - [14/Jun/2025:20:43:34 +0200] "GET /Jurek/combine/feeds/combine_skroutz.xml HTTP/1.0" 200 210509 "-" "-"
89.161.206.59 - - [14/Jun/2025:20:44:19 +0200] "GET /Jurek/twojsklep/feeds/twojsklep_skroutz.xml HTTP/1.0" 200 126799 "-" "-"
89.161.206.59 - - [14/Jun/2025:20:44:20 +0200] "GET /Jurek/luxma/feeds/luxma_skroutz.xml HTTP/1.0" 200 4419707 "-" "-"
89.161.206.59 - - [14/Jun/2025:20:44:21 +0200] "GET /Jurek/zepnij/feeds/zepnij_skroutz.xml HTTP/1.0" 200 19522544 "-" "-"
89.161.206.59 - - [14/Jun/2025:20:44:22 +0200] "GET /Jurek/primohurt/feeds/primohurt_skroutz.xml HTTP/1.0" 200 17186927 "-" "-"
89.161.206.59 - - [14/Jun/2025:20:44:27 +0200] "GET /Jurek/kristronik/feeds/kristronik_cdsc.xml HTTP/1.0" 200 429833 "-" "-"
89.161.206.59 - - [14/Jun/2025:20:44:30 +0200] "GET /Jurek/amzteam/feeds/amzteam_cdsc.xml HTTP/1.0" 200 145336 "-" "-"
89.161.206.59 - - [14/Jun/2025:20:44:30 +0200] "GET /Jurek/nexus/feeds/nexus_cdsc.xml HTTP/1.0" 200 326038 "-" "-"
89.161.206.59 - - [14/Jun/2025:20:44:30 +0200] "GET /Jurek/techrebalina/feeds/techrebalina_cdsc.xml HTTP/1.0" 200 1363581 "-" "-"
89.161.206.59 - - [14/Jun/2025:20:44:30 +0200] "GET /Jurek/regis/feeds/regis_cdsc.xml HTTP/1.0" 200 231389 "-" "-"
89.161.206.59 - - [14/Jun/2025:20:44:32 +0200] "GET /Jurek/ekotex/feeds/ekotex_skroutz.xml HTTP/1.0" 200 197720 "-" "-"
46.101.116.244 - - [14/Jun/2025:20:44:33 +0200] "GET /Jurek/piotrmiedz/feeds/piotrmiedz_cdsc.xml HTTP/1.0" 200 87655432 "-" "-"
89.161.206.59 - - [14/Jun/2025:20:44:33 +0200] "GET /Jurek/motofan/feeds/motofan_skroutz.xml HTTP/1.0" 200 2392063 "-" "-"
66.249.64.39 - - [14/Jun/2025:20:45:59 +0200] "GET /Jurek/eurofirany/images/438608/6.jpg HTTP/1.1" 200 33 "-" "Googlebot-Image/1.0"
46.101.116.244 - - [14/Jun/2025:20:46:24 +0200] "GET /Jurek/kinghoff/feeds/kinghoff_ceneo.xml HTTP/1.0" 200 15667714 "-" "-"
66.249.64.37 - - [14/Jun/2025:20:46:39 +0200] "GET /Jurek/topeshop/downloaded_images/5902838464199_20_st_open.jpg HTTP/1.1" 200 39409 "-" "Googlebot-Image/1.0"
66.249.64.38 - - [14/Jun/2025:20:47:19 +0200] "GET /Jurek/topeshop/downloaded_images/5902838463338_Dallas_Sonoma(5).jpg HTTP/1.1" 404 3551 "-" "Googlebot-Image/1.0"
66.249.64.38 - - [14/Jun/2025:20:47:28 +0200] "GET /Jurek/topeshop/downloaded_images/5904507200367_BILBAO7(2).jpg HTTP/1.1" 404 3551 "-" "Googlebot-Image/1.0"
66.249.64.38 - - [14/Jun/2025:20:47:30 +0200] "GET /Jurek/topeshop/downloaded_images/5904507200367_BILBAO7(3).jpg HTTP/1.1" 404 3551 "-" "Googlebot-Image/1.0"
66.249.64.37 - - [14/Jun/2025:20:47:35 +0200] "GET /Jurek/topeshop/downloaded_images/5904507200367_BILBAO7(1).jpg HTTP/1.1" 404 3551 "-" "Googlebot-Image/1.0"
66.249.64.37 - - [14/Jun/2025:20:48:00 +0200] "GET /Jurek/eurofirany/images/383060/4.jpg HTTP/1.1" 200 42667 "-" "Googlebot-Image/1.0"
46.101.116.244 - - [14/Jun/2025:20:48:08 +0200] "GET /Jurek/barbecook/feeds/barbecook_allegro.xml HTTP/1.0" 200 87554 "-" "-"
46.101.116.244 - - [14/Jun/2025:20:48:13 +0200] "GET /Jurek/vida_morele/feeds/vidaPL_velomarket_category0.xml HTTP/1.0" 200 156886146 "-" "-"
89.161.206.59 - - [14/Jun/2025:20:48:29 +0200] "GET /Jurek/drewdon/feeds/drewdon_piguEX.xml HTTP/1.0" 200 504441 "-" "-"
66.249.64.38 - - [14/Jun/2025:20:48:40 +0200] "GET /Jurek/eurofirany/images/383463/2.jpg HTTP/1.1" 200 33855 "-" "Googlebot-Image/1.0"
89.161.206.59 - - [14/Jun/2025:20:49:36 +0200] "GET /Jurek/hurtmeblowy/feeds/hurtmeblowy_bol.xml HTTP/1.0" 200 8581191 "-" "-"
89.161.206.59 - - [14/Jun/2025:20:49:37 +0200] "GET /Jurek/topeshop/feeds/topeshop_bol.xml HTTP/1.0" 200 3083561 "-" "-"
66.249.64.39 - - [14/Jun/2025:20:49:40 +0200] "GET /Jurek/eurofirany/images/333890/5.jpg HTTP/1.1" 200 51434 "-" "Googlebot-Image/1.0"
89.161.206.59 - - [14/Jun/2025:20:49:40 +0200] "GET /Jurek/carbonyway/feeds/carbonyway_bol.xml HTTP/1.0" 200 3075954 "-" "-"
89.161.206.59 - - [14/Jun/2025:20:49:40 +0200] "GET /Jurek/equalo/feeds/equalo_bol.xml HTTP/1.0" 200 98007 "-" "-"
89.161.206.59 - - [14/Jun/2025:20:49:40 +0200] "GET /Jurek/sebmart/feeds/sebmart_bol.xml HTTP/1.0" 200 1598701 "-" "-"
89.161.206.59 - - [14/Jun/2025:20:49:41 +0200] "GET /Jurek/mojeledy/feeds/mojeledy_bol.xml HTTP/1.0" 200 1018442 "-" "-"
89.161.206.59 - - [14/Jun/2025:20:49:42 +0200] "GET /Jurek/sovapl/feeds/sovapl_bol.xml HTTP/1.0" 200 8999474 "-" "-"
89.161.206.59 - - [14/Jun/2025:20:49:42 +0200] "GET /Jurek/apresto/feeds/apresto_bol.xml HTTP/1.0" 200 1327619 "-" "-"
89.161.206.59 - - [14/Jun/2025:20:49:42 +0200] "GET /Jurek/missionair/feeds/missionair_bol.xml HTTP/1.0" 200 3154871 "-" "-"
89.161.206.59 - - [14/Jun/2025:20:49:43 +0200] "GET /Jurek/mechdecor/feeds/mechdecor_bol.xml HTTP/1.0" 200 596191 "-" "-"
46.101.116.244 - - [14/Jun/2025:20:49:45 +0200] "GET /Jurek/piotrmiedz/feeds/piotrmiedz_bol.xml HTTP/1.0" 200 91052305 "-" "-"
66.249.64.39 - - [14/Jun/2025:20:51:00 +0200] "GET /Jurek/eurofirany/images/388727/3.jpg HTTP/1.1" 200 49683 "-" "Googlebot-Image/1.0"
46.101.116.244 - - [14/Jun/2025:20:52:17 +0200] "GET /Jurek/eurofirany/feeds/eurofirany_erli.xml HTTP/1.0" 200 19499874 "-" "-"
66.249.64.38 - - [14/Jun/2025:20:52:21 +0200] "GET /Jurek/eurofirany/images/428726/8.jpg HTTP/1.1" 200 177778 "-" "Googlebot-Image/1.0"
66.249.64.37 - - [14/Jun/2025:20:54:22 +0200] "GET /Jurek/eurofirany/images/396259/2.jpg HTTP/1.1" 200 31198 "-" "Googlebot-Image/1.0"
66.249.64.37 - - [14/Jun/2025:20:55:01 +0200] "GET /Jurek/eurofirany/images/383472/1.jpg HTTP/1.1" 200 47249 "-" "Googlebot-Image/1.0"
66.249.64.37 - - [14/Jun/2025:20:55:42 +0200] "GET /Jurek/eurofirany/images/409412/7.jpg HTTP/1.1" 200 598577 "-" "Googlebot-Image/1.0"
46.101.116.244 - - [14/Jun/2025:20:56:14 +0200] "GET /Jurek/piotrmiedz/feeds/piotrmiedz_amazonbe.xml HTTP/1.0" 200 91048212 "-" "-"
66.249.64.37 - - [14/Jun/2025:20:56:22 +0200] "GET /Jurek/eurofirany/images/383183/3.jpg HTTP/1.1" 200 42622 "-" "Googlebot-Image/1.0"
89.161.206.59 - - [14/Jun/2025:20:56:48 +0200] "GET /Jurek/beltimore/feeds/beltimore_amazonse.xml HTTP/1.0" 200 18655382 "-" "-"
89.161.206.59 - - [14/Jun/2025:20:56:49 +0200] "GET /Jurek/ralmetal/feeds/ralmetal_amazonse.xml HTTP/1.0" 200 2040809 "-" "-"
66.249.64.39 - - [14/Jun/2025:20:57:02 +0200] "GET /Jurek/eurofirany/images/396259/3.jpg HTTP/1.1" 200 49981 "-" "Googlebot-Image/1.0"
46.101.116.244 - - [14/Jun/2025:20:57:05 +0200] "GET /Jurek/aw/feeds/awnarzedzia_fnacFR.xml HTTP/1.0" 200 90837331 "-" "-"
46.101.116.244 - - [14/Jun/2025:20:57:13 +0200] "GET /Jurek/hurtownia_przemyslowa/feeds/hp_fnacfr.xml HTTP/1.0" 200 49361434 "-" "-"
66.249.64.38 - - [14/Jun/2025:20:57:43 +0200] "GET /Jurek/eurofirany/images/367110/2.jpg HTTP/1.1" 200 56699 "-" "Googlebot-Image/1.0"
66.249.64.39 - - [14/Jun/2025:20:58:43 +0200] "GET /Jurek/eurofirany/images/398820/0.jpg HTTP/1.1" 200 28870 "-" "Googlebot-Image/1.0"
66.249.64.38 - - [14/Jun/2025:20:59:24 +0200] "GET /Jurek/eurofirany/images/390395/1.jpg HTTP/1.1" 200 312136 "-" "Googlebot-Image/1.0"
85.14.86.141 - - [14/Jun/2025:21:00:03 +0200] "GET /Jurek/vida_morele/feeds/VidaPL_all.xml HTTP/2.0" 200 9298648 "-" "MarketplaceAPI curl/7.74.0 PHP/8"
66.249.64.39 - - [14/Jun/2025:21:00:03 +0200] "GET /Jurek/eurofirany/images/398823/1.jpg HTTP/1.1" 200 37841 "-" "Googlebot-Image/1.0"
35.204.39.32 - - [14/Jun/2025:21:00:25 +0200] "GET /marketplaces/carrefour_fr/results/carrefour_fr.csv HTTP/1.1" 200 147219 "-" "Mirakl HttpClient"
52.17.80.36 - - [14/Jun/2025:21:00:41 +0200] "GET /marketplaces/ubaldi/results/ubaldi.csv HTTP/1.1" 200 147219 "-" "Mirakl HttpClient"
66.249.64.37 - - [14/Jun/2025:21:00:44 +0200] "GET /Jurek/eurofirany/images/367116/1.jpg HTTP/1.1" 200 54413 "-" "Googlebot-Image/1.0"
35.204.39.32 - - [14/Jun/2025:21:01:10 +0200] "GET /marketplaces/vente/results/vente_nl.csv HTTP/1.1" 200 147219 "-" "Mirakl HttpClient"
35.204.39.32 - - [14/Jun/2025:21:01:10 +0200] "GET /marketplaces/vente/results/vente_fr.csv HTTP/1.1" 200 147219 "-" "Mirakl HttpClient"
35.204.39.32 - - [14/Jun/2025:21:01:10 +0200] "GET /marketplaces/vente/results/vente_be.csv HTTP/1.1" 200 147219 "-" "Mirakl HttpClient"
35.204.39.32 - - [14/Jun/2025:21:01:10 +0200] "GET /marketplaces/vente/results/vente_it.csv HTTP/1.1" 200 147219 "-" "Mirakl HttpClient"
35.204.39.32 - - [14/Jun/2025:21:01:10 +0200] "GET /marketplaces/vente/results/vente_es.csv HTTP/1.1" 200 163603 "-" "Mirakl HttpClient"
35.204.39.32 - - [14/Jun/2025:21:01:11 +0200] "GET /marketplaces/vente/results/vente_de.csv HTTP/1.1" 200 147219 "-" "Mirakl HttpClient"
46.101.116.244 - - [14/Jun/2025:21:01:14 +0200] "GET /Jurek/hurtownia_przemyslowa/feeds/hp_alza.xml HTTP/2.0" 200 49379156 "-" "-"
66.249.64.37 - - [14/Jun/2025:21:01:25 +0200] "GET /Jurek/topeshop/downloaded_images/5904507202002_BILBAO_4P_1_3.png HTTP/1.1" 200 1340462 "-" "Googlebot-Image/1.0"
5.134.208.158 - - [14/Jun/2025:21:01:27 +0200] "GET /Jurek/eurofirany/images/400287/0.jpg HTTP/1.1" 200 138680 "-" "-"
46.101.116.244 - - [14/Jun/2025:21:01:32 +0200] "GET /Jurek/hurtownia_przemyslowa/feeds/hp_kaufcz.xml HTTP/2.0" 200 49379586 "-" "-"
89.161.206.59 - - [14/Jun/2025:21:01:33 +0200] "GET /Jurek/ikonka/feeds/ikonka_kaufSMDE.xml HTTP/1.0" 200 21182495 "-" "-"
52.18.22.0 - - [14/Jun/2025:21:01:58 +0200] "GET /marketplaces/rue/results/rue.csv HTTP/1.1" 200 7537028 "-" "Mirakl HttpClient"
46.101.116.244 - - [14/Jun/2025:21:02:02 +0200] "GET /Jurek/hurtownia_przemyslowa/feeds/hp_kaufsk.xml HTTP/2.0" 200 49359109 "-" "-"
66.249.64.37 - - [14/Jun/2025:21:02:04 +0200] "GET /Jurek/eurofirany/images/383354/3.jpg HTTP/1.1" 200 6595 "-" "Googlebot-Image/1.0"
46.101.116.244 - - [14/Jun/2025:21:02:32 +0200] "GET /Jurek/hurtownia_przemyslowa/feeds/hp_kaufde.xml HTTP/2.0" 200 49357389 "-" "-"
66.249.64.38 - - [14/Jun/2025:21:02:44 +0200] "GET /Jurek/topeshop/downloaded_images/5902838463420_DENVER_BIEL_PO%C5%81YSK(2).jpg HTTP/1.1" 404 3551 "-" "Googlebot-Image/1.0"
66.135.223.43 - - [14/Jun/2025:21:02:55 +0200] "GET /Jurek/topeshop/downloaded_images/5902838463338_Dallas_Sonoma(1).jpg HTTP/1.1" 404 3551 "http://www.ebay.com/" "Mozilla/5.0 (Windows NT 10.0; Win64; x64) AppleWebKit/537.36 (KHTML, like Gecko) Chrome/123.0.0.0 Safari/537.36"
66.135.223.42 - - [14/Jun/2025:21:02:55 +0200] "GET /Jurek/topeshop/downloaded_images/5902838463338_Dallas_Sonoma(4).jpg HTTP/1.1" 404 3551 "http://www.ebay.com/" "Mozilla/5.0 (Windows NT 10.0; Win64; x64) AppleWebKit/537.36 (KHTML, like Gecko) Chrome/123.0.0.0 Safari/537.36"
66.135.223.42 - - [14/Jun/2025:21:02:55 +0200] "GET /Jurek/topeshop/downloaded_images/5902838463338_Dallas_Sonoma(7).jpg HTTP/1.1" 404 3551 "http://www.ebay.com/" "Mozilla/5.0 (Windows NT 10.0; Win64; x64) AppleWebKit/537.36 (KHTML, like Gecko) Chrome/123.0.0.0 Safari/537.36"
66.135.223.41 - - [14/Jun/2025:21:02:55 +0200] "GET /Jurek/topeshop/downloaded_images/5902838463338_Dallas_Sonoma(5).jpg HTTP/1.1" 404 3551 "http://www.ebay.com/" "Mozilla/5.0 (Windows NT 10.0; Win64; x64) AppleWebKit/537.36 (KHTML, like Gecko) Chrome/123.0.0.0 Safari/537.36"
66.135.223.43 - - [14/Jun/2025:21:02:55 +0200] "GET /Jurek/topeshop/downloaded_images/5902838463338_Dallas_Sonoma(6).jpg HTTP/1.1" 404 3551 "http://www.ebay.com/" "Mozilla/5.0 (Windows NT 10.0; Win64; x64) AppleWebKit/537.36 (KHTML, like Gecko) Chrome/123.0.0.0 Safari/537.36"
66.135.223.40 - - [14/Jun/2025:21:02:55 +0200] "GET /Jurek/topeshop/downloaded_images/5902838463338_ar1_sonoma.jpg HTTP/1.1" 200 142087 "http://www.ebay.com/" "Mozilla/5.0 (Windows NT 10.0; Win64; x64) AppleWebKit/537.36 (KHTML, like Gecko) Chrome/123.0.0.0 Safari/537.36"
66.135.223.40 - - [14/Jun/2025:21:02:56 +0200] "GET /Jurek/topeshop/downloaded_images/5902838463338_render_pop_.RGB_color.0013_kopia.png HTTP/1.1" 200 567153 "http://www.ebay.com/" "Mozilla/5.0 (Windows NT 10.0; Win64; x64) AppleWebKit/537.36 (KHTML, like Gecko) Chrome/123.0.0.0 Safari/537.36"
66.249.64.37 - - [14/Jun/2025:21:03:45 +0200] "GET /Jurek/eurofirany/images/333890/4.jpg HTTP/1.1" 200 149816 "-" "Googlebot-Image/1.0"
85.14.86.141 - - [14/Jun/2025:21:03:51 +0200] "GET /Jurek/kinghoff/feeds/kinghoff_morele.xml HTTP/2.0" 200 15667554 "-" "MarketplaceAPI curl/7.74.0 PHP/8"
46.101.116.244 - - [14/Jun/2025:21:04:02 +0200] "GET /Jurek/piotrmiedz/feeds/piotrmiedz_zero.xml HTTP/2.0" 200 91017075 "-" "-"
66.249.64.38 - - [14/Jun/2025:21:04:25 +0200] "GET /Jurek/topeshop/downloaded_images/5902838461273_3.png HTTP/1.1" 404 3551 "-" "Googlebot-Image/1.0"
52.18.22.0 - - [14/Jun/2025:21:04:49 +0200] "GET /marketplaces/carrefour/results/carrefour.csv HTTP/1.1" 200 147219 "-" "Mirakl HttpClient"
66.249.64.37 - - [14/Jun/2025:21:04:57 +0200] "GET /Jurek/eurofirany/images/383360/1.jpg HTTP/1.1" 200 48362 "-" "Googlebot-Image/1.0"
66.249.64.39 - - [14/Jun/2025:21:05:05 +0200] "GET /Jurek/eurofirany/images/383267/2.jpg HTTP/1.1" 200 52890 "-" "Googlebot-Image/1.0"
66.249.64.37 - - [14/Jun/2025:21:05:45 +0200] "GET /Jurek/eurofirany/images/389995/6.jpg HTTP/1.1" 200 6595 "-" "Googlebot-Image/1.0"
46.101.116.244 - - [14/Jun/2025:21:06:21 +0200] "GET /Jurek/kamar/feeds/kamar_alza.xml HTTP/2.0" 200 25563314 "-" "-"
85.14.86.141 - - [14/Jun/2025:21:06:22 +0200] "GET /Jurek/eurofirany/feeds/eurofirany_morele.xml HTTP/2.0" 200 19497515 "-" "MarketplaceAPI curl/7.74.0 PHP/8"
66.249.64.38 - - [14/Jun/2025:21:06:26 +0200] "GET /Jurek/eurofirany/images/383556/4.jpg HTTP/1.1" 200 263060 "-" "Googlebot-Image/1.0"
85.14.86.141 - - [14/Jun/2025:21:06:45 +0200] "GET /Jurek/vivaldi/feeds/vivaldi_Morele-PL.xml HTTP/2.0" 200 344674 "-" "MarketplaceAPI curl/7.74.0 PHP/8"
46.101.116.244 - - [14/Jun/2025:21:06:57 +0200] "GET /Jurek/tsjerzy/feeds/tsjerzy_alza.xml HTTP/2.0" 200 3901436 "-" "-"
46.101.116.244 - - [14/Jun/2025:21:07:18 +0200] "GET /Jurek/hurtmeblowy/feeds/hurtmeblowy_alza.xml HTTP/2.0" 200 8584420 "-" "-"
66.249.64.39 - - [14/Jun/2025:21:07:26 +0200] "GET /Jurek/eurofirany/images/383062/6.jpg HTTP/1.1" 200 97479 "-" "Googlebot-Image/1.0"
46.101.116.244 - - [14/Jun/2025:21:07:30 +0200] "GET /Jurek/kobi/feeds/kobi_alza.xml HTTP/2.0" 200 677290 "-" "-"
46.101.116.244 - - [14/Jun/2025:21:07:41 +0200] "GET /Jurek/madrex/feeds/madrex_alza.xml HTTP/2.0" 200 466766 "-" "-"
46.101.116.244 - - [14/Jun/2025:21:07:51 +0200] "GET /Jurek/matkam/feeds/matkam_alza.xml HTTP/2.0" 200 4426287 "-" "-"
66.249.64.37 - - [14/Jun/2025:21:08:06 +0200] "GET /Jurek/eurofirany/images/333890/6.jpg HTTP/1.1" 200 100920 "-" "Googlebot-Image/1.0"
85.14.86.141 - - [14/Jun/2025:21:08:23 +0200] "GET /Jurek/aw/feeds/awnarzedzia_morele.xml HTTP/2.0" 200 90850176 "-" "MarketplaceAPI curl/7.74.0 PHP/8"
85.14.86.141 - - [14/Jun/2025:21:08:30 +0200] "GET /Jurek/vida_morele/feeds/VidaPL_morele.xml HTTP/2.0" 200 871888392 "-" "MarketplaceAPI curl/7.74.0 PHP/8"
185.6.76.18 - - [14/Jun/2025:21:08:35 +0200] "GET /marketplaces/skroutz/feeds/shumee.xml HTTP/1.1" 200 412231411 "-" "SkroutzBot v1.0"
46.101.116.244 - - [14/Jun/2025:21:09:07 +0200] "GET /Jurek/kalama/feeds/kalama_alza.xml HTTP/2.0" 200 2662552 "-" "-"
46.101.116.244 - - [14/Jun/2025:21:09:18 +0200] "GET /Jurek/proadventure/feeds/proadventure_alza.xml HTTP/2.0" 200 10767259 "-" "-"
66.249.64.38 - - [14/Jun/2025:21:09:26 +0200] "GET /Jurek/eurofirany/images/461620/3.jpg HTTP/1.1" 200 76447 "-" "Googlebot-Image/1.0"
46.101.116.244 - - [14/Jun/2025:21:09:30 +0200] "GET /Jurek/awparts/feeds/awparts_alza.xml HTTP/2.0" 200 142492704 "-" "-"
85.14.86.141 - - [14/Jun/2025:21:09:38 +0200] "GET /Jurek/beliani/feeds/beliani_morele.xml HTTP/2.0" 200 30500475 "-" "MarketplaceAPI curl/7.74.0 PHP/8"
66.249.64.38 - - [14/Jun/2025:21:10:07 +0200] "GET /Jurek/eurofirany/images/408356/10.jpg HTTP/1.1" 200 173656 "-" "Googlebot-Image/1.0"
46.101.116.244 - - [14/Jun/2025:21:10:18 +0200] "GET /Jurek/sportprise/feeds/sportprise_alza.xml HTTP/2.0" 200 12729840 "-" "-"
87.183.100.150 - - [14/Jun/2025:21:10:35 +0200] "GET /Jurek/eurofirany/images/455561/0.jpg HTTP/2.0" 200 77924 "https://itm.ebaydesc.com/" "Mozilla/5.0 (Windows NT 10.0; Win64; x64; rv:139.0) Gecko/20100101 Firefox/139.0"
46.101.116.244 - - [14/Jun/2025:21:10:42 +0200] "GET /Jurek/coppotech/feeds/coppotech_alza.xml HTTP/2.0" 200 38061612 "-" "-"
46.101.116.244 - - [14/Jun/2025:21:10:56 +0200] "GET /Jurek/erohurtownia/feeds/erohurtownia_alza.xml HTTP/2.0" 200 22845795 "-" "-"
66.249.64.39 - - [14/Jun/2025:21:11:07 +0200] "GET /Jurek/eurofirany/images/409902/5.jpg HTTP/1.1" 200 233701 "-" "Googlebot-Image/1.0"
46.101.116.244 - - [14/Jun/2025:21:11:12 +0200] "GET /Jurek/euroshop/feeds/euroshop_alza.xml HTTP/2.0" 200 20020979 "-" "-"
46.101.116.244 - - [14/Jun/2025:21:11:24 +0200] "GET /Jurek/najtanszysport/feeds/najtanszysport_alza.xml HTTP/2.0" 200 3982714 "-" "-"
46.101.116.244 - - [14/Jun/2025:21:11:35 +0200] "GET /Jurek/rider/feeds/rider_alza.xml HTTP/2.0" 200 8166315 "-" "-"
66.249.64.38 - - [14/Jun/2025:21:11:47 +0200] "GET /Jurek/eurofirany/images/383360/1.jpg HTTP/1.1" 200 48362 "-" "Googlebot-Image/1.0"
46.101.116.244 - - [14/Jun/2025:21:11:50 +0200] "GET /Jurek/intsell/feeds/intsell_alza.xml HTTP/2.0" 200 342157477 "-" "-"
66.249.64.37 - - [14/Jun/2025:21:12:27 +0200] "GET /Jurek/eurofirany/images/383385/1.jpg HTTP/1.1" 200 59163 "-" "Googlebot-Image/1.0"
46.101.116.244 - - [14/Jun/2025:21:12:45 +0200] "GET /Jurek/piotrmiedz/feeds/piotrmiedz_amazonnl.xml HTTP/1.0" 200 91040485 "-" "-"
46.101.116.244 - - [14/Jun/2025:21:12:53 +0200] "GET /Jurek/piotrmiedz/feeds/piotrmiedz_amazones.xml HTTP/1.0" 200 91052548 "-" "-"
46.101.116.244 - - [14/Jun/2025:21:13:04 +0200] "GET /Jurek/piotrmiedz/feeds/piotrmiedz_amazonse.xml HTTP/1.0" 200 91087949 "-" "-"
66.249.64.38 - - [14/Jun/2025:21:13:08 +0200] "GET /Jurek/eurofirany/images/383353/2.jpg HTTP/1.1" 200 29517 "-" "Googlebot-Image/1.0"
178.21.154.6 - - [14/Jun/2025:21:13:20 +0200] "GET /Jurek/eurofirany/images/366936/0.jpg HTTP/1.1" 200 124057 "-" "-"
46.101.116.244 - - [14/Jun/2025:21:13:42 +0200] "GET /Jurek/sempler/feeds/sempler_alza.xml HTTP/2.0" 200 6789388 "-" "-"
66.249.64.38 - - [14/Jun/2025:21:13:48 +0200] "GET /Jurek/eurofirany/images/383464/6.jpg HTTP/1.1" 200 36459 "-" "Googlebot-Image/1.0"
46.101.116.244 - - [14/Jun/2025:21:13:53 +0200] "GET /Jurek/eroplace/feeds/eroplace_alza.xml HTTP/2.0" 200 52164077 "-" "-"
89.161.206.59 - - [14/Jun/2025:21:14:01 +0200] "GET /Jurek/ralmetal/feeds/ralmetal_amazonbe.xml HTTP/1.0" 200 2039907 "-" "-"
46.101.116.244 - - [14/Jun/2025:21:14:07 +0200] "GET /Jurek/mosti/feeds/mosti_alza.xml HTTP/2.0" 200 4629099 "-" "-"
46.101.116.244 - - [14/Jun/2025:21:14:07 +0200] "GET /Jurek/biokominki/feeds/biokomiinki_alza.xml HTTP/2.0" 200 1422347 "-" "-"
89.161.206.59 - - [14/Jun/2025:21:14:09 +0200] "GET /Jurek/emaja24/feeds/emaja24_amazonde.xml HTTP/1.0" 200 5102027 "-" "-"
66.249.64.37 - - [14/Jun/2025:21:14:29 +0200] "GET /Jurek/eurofirany/images/383319/4.jpg HTTP/1.1" 200 217458 "-" "Googlebot-Image/1.0"
46.101.116.244 - - [14/Jun/2025:21:15:06 +0200] "GET /Jurek/vida_morele/feeds/vida_alza.xml HTTP/2.0" 200 871371892 "-" "-"
66.249.64.37 - - [14/Jun/2025:21:15:28 +0200] "GET /Jurek/eurofirany/images/383387/6.jpg HTTP/1.1" 200 55113 "-" "Googlebot-Image/1.0"
66.249.64.38 - - [14/Jun/2025:21:16:09 +0200] "GET /Jurek/topeshop/downloaded_images/5902838466681_3.png HTTP/1.1" 404 3551 "-" "Googlebot-Image/1.0"
66.249.64.37 - - [14/Jun/2025:21:16:49 +0200] "GET /Jurek/eurofirany/images/401006/7.jpg HTTP/1.1" 200 212065 "-" "Googlebot-Image/1.0"
66.249.64.37 - - [14/Jun/2025:21:17:29 +0200] "GET /Jurek/eurofirany/images/383056/6.jpg HTTP/1.1" 200 95757 "-" "Googlebot-Image/1.0"
66.249.64.37 - - [14/Jun/2025:21:18:09 +0200] "GET /Jurek/eurofirany/images/390070/1.jpg HTTP/1.1" 200 72561 "-" "Googlebot-Image/1.0"
66.249.64.37 - - [14/Jun/2025:21:19:09 +0200] "GET /Jurek/eurofirany/images/398792/3.jpg HTTP/1.1" 200 44683 "-" "Googlebot-Image/1.0"
66.249.64.39 - - [14/Jun/2025:21:20:10 +0200] "GET /Jurek/eurofirany/images/409906/1.jpg HTTP/1.1" 200 144315 "-" "Googlebot-Image/1.0"
157.55.39.49 - - [14/Jun/2025:21:20:47 +0200] "GET /Jurek/eurofirany/images/423950/0.jpg HTTP/2.0" 200 0 "-" "Mozilla/5.0 AppleWebKit/537.36 (KHTML, like Gecko; compatible; bingbot/2.0; +http://www.bing.com/bingbot.htm) Chrome/116.0.1938.76 Safari/537.36"
66.249.64.37 - - [14/Jun/2025:21:20:50 +0200] "GET /Jurek/eurofirany/images/390030/3.jpg HTTP/1.1" 200 161134 "-" "Googlebot-Image/1.0"
66.249.64.37 - - [14/Jun/2025:21:21:30 +0200] "GET /Jurek/eurofirany/images/467982/0.jpg HTTP/1.1" 200 84479 "-" "Googlebot-Image/1.0"
66.249.64.39 - - [14/Jun/2025:21:22:11 +0200] "GET /Jurek/eurofirany/images/372979/4.jpg HTTP/1.1" 200 48877 "-" "Googlebot-Image/1.0"
66.249.64.37 - - [14/Jun/2025:21:22:52 +0200] "GET /Jurek/eurofirany/images/315130/6.jpg HTTP/1.1" 200 142176 "-" "Googlebot-Image/1.0"
66.249.64.37 - - [14/Jun/2025:21:23:31 +0200] "GET /Jurek/eurofirany/images/396683/4.jpg HTTP/1.1" 200 230603 "-" "Googlebot-Image/1.0"
66.249.64.37 - - [14/Jun/2025:21:24:31 +0200] "GET /Jurek/topeshop/downloaded_images/5904507202392_Modern2P_Biel(2).jpg HTTP/1.1" 404 3551 "-" "Googlebot-Image/1.0"
66.249.64.38 - - [14/Jun/2025:21:25:12 +0200] "GET /Jurek/eurofirany/images/422324/5.jpg HTTP/1.1" 200 162426 "-" "Googlebot-Image/1.0"
207.46.13.155 - - [14/Jun/2025:21:25:46 +0200] "GET /Jurek/topeshop/downloaded_images/5904507201951_3.jpg HTTP/2.0" 404 3551 "-" "Mozilla/5.0 AppleWebKit/537.36 (KHTML, like Gecko; compatible; bingbot/2.0; +http://www.bing.com/bingbot.htm) Chrome/116.0.1938.76 Safari/537.36"
66.249.64.37 - - [14/Jun/2025:21:25:52 +0200] "GET /Jurek/topeshop/downloaded_images/5904507209438_MODERN4P(1).jpg HTTP/1.1" 404 3551 "-" "Googlebot-Image/1.0"
89.161.206.59 - - [14/Jun/2025:21:26:13 +0200] "GET /Jurek/beltimore/feeds/beltimore_amazonbe.xml HTTP/1.0" 200 18652354 "-" "-"
66.249.64.37 - - [14/Jun/2025:21:26:32 +0200] "GET /Jurek/eurofirany/images/467982/7.jpg HTTP/1.1" 200 152130 "-" "Googlebot-Image/1.0"
66.249.64.37 - - [14/Jun/2025:21:27:12 +0200] "GET /Jurek/eurofirany/images/383359/2.jpg HTTP/1.1" 200 39994 "-" "Googlebot-Image/1.0"
66.249.64.37 - - [14/Jun/2025:21:28:12 +0200] "GET /Jurek/eurofirany/images/398804/2.jpg HTTP/1.1" 200 45392 "-" "Googlebot-Image/1.0"
66.249.64.38 - - [14/Jun/2025:21:28:53 +0200] "GET /Jurek/eurofirany/images/424077/7.jpg HTTP/1.1" 200 87127 "-" "Googlebot-Image/1.0"
66.249.64.37 - - [14/Jun/2025:21:29:33 +0200] "GET /Jurek/eurofirany/images/408993/14.jpg HTTP/1.1" 200 6595 "-" "Googlebot-Image/1.0"
66.249.64.38 - - [14/Jun/2025:21:30:14 +0200] "GET /Jurek/eurofirany/images/409910/3.jpg HTTP/1.1" 200 236690 "-" "Googlebot-Image/1.0"
66.249.64.38 - - [14/Jun/2025:21:30:53 +0200] "GET /Jurek/eurofirany/images/398788/8.jpg HTTP/1.1" 200 85325 "-" "Googlebot-Image/1.0"
66.249.64.38 - - [14/Jun/2025:21:31:33 +0200] "GET /Jurek/eurofirany/images/398788/5.jpg HTTP/1.1" 200 60735 "-" "Googlebot-Image/1.0"
34.159.76.44 - - [14/Jun/2025:21:32:15 +0200] "GET /Jurek/eurofirany/images/460181/0.jpg HTTP/2.0" 200 105558 "-" "Mozilla/5.0 (Macintosh; Intel Mac OS X 10.15; rv:78.0) Gecko/20100101 Firefox/78.0"
66.249.64.39 - - [14/Jun/2025:21:33:34 +0200] "GET /Jurek/eurofirany/images/372648/1.jpg HTTP/1.1" 200 45723 "-" "Googlebot-Image/1.0"
46.101.116.244 - - [14/Jun/2025:21:33:55 +0200] "GET /Jurek/rovicky/feeds/rovicky_zalando.xml HTTP/1.0" 200 15157859 "-" "-"
89.161.206.59 - - [14/Jun/2025:21:34:06 +0200] "GET /Jurek/elecomp/feeds/elecomp_emagro.xml HTTP/1.0" 200 2868288 "-" "-"
85.232.241.194 - - [14/Jun/2025:21:34:17 +0200] "GET /Jurek/action/feeds/action_carrefour.xml HTTP/1.1" 200 60824427 "-" "Python-urllib/3.11"
66.249.64.37 - - [14/Jun/2025:21:34:55 +0200] "GET /Jurek/eurofirany/images/397112/8.jpg HTTP/1.1" 200 129047 "-" "Googlebot-Image/1.0"
85.232.241.194 - - [14/Jun/2025:21:35:15 +0200] "GET /Jurek/action/feeds/action_carrefour_fr.xml HTTP/1.1" 200 60823997 "-" "Python-urllib/3.11"
66.249.64.38 - - [14/Jun/2025:21:35:35 +0200] "GET /Jurek/eurofirany/images/383264/6.jpg HTTP/1.1" 200 92501 "-" "Googlebot-Image/1.0"
66.211.183.70 - - [14/Jun/2025:21:35:41 +0200] "GET /Jurek/topeshop/downloaded_images/5902838463383_DENVER_SONOMA(2).jpg HTTP/1.1" 404 3551 "http://www.ebay.com/" "Mozilla/5.0 (Windows NT 10.0; Win64; x64) AppleWebKit/537.36 (KHTML, like Gecko) Chrome/123.0.0.0 Safari/537.36"
66.211.183.72 - - [14/Jun/2025:21:35:41 +0200] "GET /Jurek/topeshop/downloaded_images/5902838463383_DENVER_SONOMA(4).jpg HTTP/1.1" 404 3551 "http://www.ebay.com/" "Mozilla/5.0 (Windows NT 10.0; Win64; x64) AppleWebKit/537.36 (KHTML, like Gecko) Chrome/123.0.0.0 Safari/537.36"
66.211.183.71 - - [14/Jun/2025:21:35:41 +0200] "GET /Jurek/topeshop/downloaded_images/5902838463383_DENVER_SONOMA(3).jpg HTTP/1.1" 404 3551 "http://www.ebay.com/" "Mozilla/5.0 (Windows NT 10.0; Win64; x64) AppleWebKit/537.36 (KHTML, like Gecko) Chrome/123.0.0.0 Safari/537.36"
66.211.183.72 - - [14/Jun/2025:21:35:41 +0200] "GET /Jurek/topeshop/downloaded_images/5902838463383_DENVER_SONOMA(6).jpg HTTP/1.1" 404 3551 "http://www.ebay.com/" "Mozilla/5.0 (Windows NT 10.0; Win64; x64) AppleWebKit/537.36 (KHTML, like Gecko) Chrome/123.0.0.0 Safari/537.36"
66.211.183.70 - - [14/Jun/2025:21:35:41 +0200] "GET /Jurek/topeshop/downloaded_images/5902838463383_DENVER_SONOMA(5).jpg HTTP/1.1" 404 3551 "http://www.ebay.com/" "Mozilla/5.0 (Windows NT 10.0; Win64; x64) AppleWebKit/537.36 (KHTML, like Gecko) Chrome/123.0.0.0 Safari/537.36"
66.211.183.70 - - [14/Jun/2025:21:35:41 +0200] "GET /Jurek/topeshop/downloaded_images/5902838463383_DENVER_SONOMA(1).jpg HTTP/1.1" 404 3551 "http://www.ebay.com/" "Mozilla/5.0 (Windows NT 10.0; Win64; x64) AppleWebKit/537.36 (KHTML, like Gecko) Chrome/123.0.0.0 Safari/537.36"
66.211.183.71 - - [14/Jun/2025:21:35:42 +0200] "GET /Jurek/topeshop/downloaded_images/5902838463383_render_pop_.RGB_color.0014_kopia.png HTTP/1.1" 200 478400 "http://www.ebay.com/" "Mozilla/5.0 (Windows NT 10.0; Win64; x64) AppleWebKit/537.36 (KHTML, like Gecko) Chrome/123.0.0.0 Safari/537.36"
66.211.183.72 - - [14/Jun/2025:21:35:42 +0200] "GET /Jurek/topeshop/downloaded_images/5902838463383_render_pop_.RGB_color.0016_kopia.png HTTP/1.1" 200 481006 "http://www.ebay.com/" "Mozilla/5.0 (Windows NT 10.0; Win64; x64) AppleWebKit/537.36 (KHTML, like Gecko) Chrome/123.0.0.0 Safari/537.36"
66.211.183.74 - - [14/Jun/2025:21:35:42 +0200] "GET /Jurek/topeshop/downloaded_images/5902838463383_sonomaa.png HTTP/1.1" 200 1239453 "http://www.ebay.com/" "Mozilla/5.0 (Windows NT 10.0; Win64; x64) AppleWebKit/537.36 (KHTML, like Gecko) Chrome/123.0.0.0 Safari/537.36"
89.161.206.59 - - [14/Jun/2025:21:35:46 +0200] "GET /Jurek/swiatecznygoliat/feeds/swiatecznygoliat_amazonde.xml HTTP/1.0" 200 7050811 "-" "-"
77.79.248.229 - - [14/Jun/2025:21:36:07 +0200] "GET /Jurek/eurofirany/feeds/eurofirany_cdon_se.xml HTTP/1.1" 200 19513790 "-" "python-requests/2.32.3"
77.79.248.229 - - [14/Jun/2025:21:36:08 +0200] "GET /Jurek/eurofirany/feeds/eurofirany_cdon_dk.xml HTTP/1.1" 200 19513399 "-" "python-requests/2.32.3"
77.79.248.229 - - [14/Jun/2025:21:36:08 +0200] "GET /Jurek/eurofirany/feeds/eurofirany_cdon_fi.xml HTTP/1.1" 200 19496078 "-" "python-requests/2.32.3"
77.79.248.229 - - [14/Jun/2025:21:36:09 +0200] "GET /Jurek/stema/feeds/stema_cdon_se.xml HTTP/1.1" 200 894948 "-" "python-requests/2.32.3"
77.79.248.229 - - [14/Jun/2025:21:36:09 +0200] "GET /Jurek/stema/feeds/stema_cdon_dk.xml HTTP/1.1" 200 894793 "-" "python-requests/2.32.3"
77.79.248.229 - - [14/Jun/2025:21:36:09 +0200] "GET /Jurek/stema/feeds/stema_cdon_fi.xml HTTP/1.1" 200 894532 "-" "python-requests/2.32.3"
66.249.64.37 - - [14/Jun/2025:21:36:15 +0200] "GET /Jurek/topeshop/downloaded_images/5904507206789_Modern2p_Antracyt_Artisan(3).jpg HTTP/1.1" 404 3551 "-" "Googlebot-Image/1.0"
77.79.248.229 - - [14/Jun/2025:21:36:18 +0200] "GET /Jurek/ikonka/feeds/ikonka_cdon_se.xml HTTP/1.1" 200 21184607 "-" "python-requests/2.32.3"
77.79.248.229 - - [14/Jun/2025:21:36:18 +0200] "GET /Jurek/ikonka/feeds/ikonka_cdon_dk.xml HTTP/1.1" 200 21184555 "-" "python-requests/2.32.3"
77.79.248.229 - - [14/Jun/2025:21:36:18 +0200] "GET /Jurek/ikonka/feeds/ikonka_cdon_fi.xml HTTP/1.1" 200 21182566 "-" "python-requests/2.32.3"
77.79.248.229 - - [14/Jun/2025:21:36:19 +0200] "GET /Jurek/fernity/feeds/fernity_cdon_fi.xml HTTP/1.1" 200 4960554 "-" "python-requests/2.32.3"
77.79.248.229 - - [14/Jun/2025:21:36:19 +0200] "GET /Jurek/fernity/feeds/fernity_cdon_se.xml HTTP/1.1" 200 4963851 "-" "python-requests/2.32.3"
77.79.248.229 - - [14/Jun/2025:21:36:19 +0200] "GET /Jurek/fernity/feeds/fernity_cdon_dk.xml HTTP/1.1" 200 4963451 "-" "python-requests/2.32.3"
77.79.248.229 - - [14/Jun/2025:21:36:19 +0200] "GET /Jurek/activeshop/feeds/activeshop_cdon_se.xml HTTP/1.1" 200 10453654 "-" "python-requests/2.32.3"
77.79.248.229 - - [14/Jun/2025:21:36:19 +0200] "GET /Jurek/activeshop/feeds/activeshop_cdon_dk.xml HTTP/1.1" 200 10453297 "-" "python-requests/2.32.3"
77.79.248.229 - - [14/Jun/2025:21:36:20 +0200] "GET /Jurek/activeshop/feeds/activeshop_cdon_fi.xml HTTP/1.1" 200 10449950 "-" "python-requests/2.32.3"
77.79.248.229 - - [14/Jun/2025:21:36:20 +0200] "GET /Jurek/barbecook/feeds/barbecook_cdon_se.xml HTTP/1.1" 200 87595 "-" "python-requests/2.32.3"
77.79.248.229 - - [14/Jun/2025:21:36:20 +0200] "GET /Jurek/barbecook/feeds/barbecook_cdon_dk.xml HTTP/1.1" 200 87590 "-" "python-requests/2.32.3"
77.79.248.229 - - [14/Jun/2025:21:36:20 +0200] "GET /Jurek/barbecook/feeds/barbecook_cdon_fi.xml HTTP/1.1" 200 87531 "-" "python-requests/2.32.3"
77.79.248.229 - - [14/Jun/2025:21:36:21 +0200] "GET /Jurek/action/feeds/action_cdon_se.xml HTTP/1.1" 200 60326855 "-" "python-requests/2.32.3"
77.79.248.229 - - [14/Jun/2025:21:36:21 +0200] "GET /Jurek/action/feeds/action_cdon_dk.xml HTTP/1.1" 200 60865655 "-" "python-requests/2.32.3"
77.79.248.229 - - [14/Jun/2025:21:36:22 +0200] "GET /Jurek/action/feeds/action_cdon_fi.xml HTTP/1.1" 200 60838613 "-" "python-requests/2.32.3"
52.18.22.0 - - [14/Jun/2025:21:36:55 +0200] "GET /marketplaces/worten2/results/worten.csv HTTP/1.1" 200 19256466 "-" "Mirakl HttpClient"
66.249.64.39 - - [14/Jun/2025:21:37:16 +0200] "GET /Jurek/eurofirany/images/383061/7.jpg HTTP/1.1" 200 61307 "-" "Googlebot-Image/1.0"
66.249.64.38 - - [14/Jun/2025:21:37:58 +0200] "GET /Jurek/eurofirany/images/467982/4.jpg HTTP/1.1" 200 189582 "-" "Googlebot-Image/1.0"
77.79.248.229 - - [14/Jun/2025:21:38:07 +0200] "GET /Jurek/vidaSI/feeds/vidaSI_bigbang.xml HTTP/1.1" 200 786678675 "-" "Python-urllib/3.11"
77.79.248.229 - - [14/Jun/2025:21:38:25 +0200] "GET /Jurek/action/feeds/action_bigbang.xml HTTP/1.1" 200 60833555 "-" "Python-urllib/3.11"
77.79.248.229 - - [14/Jun/2025:21:38:26 +0200] "GET /Jurek/ikonka/feeds/ikonka_bigbang.xml HTTP/1.1" 200 21182500 "-" "Python-urllib/3.11"
77.79.248.229 - - [14/Jun/2025:21:38:29 +0200] "GET /Jurek/b3/feeds/b3_bigbang.xml HTTP/1.1" 200 8507185 "-" "Python-urllib/3.11"
77.79.248.229 - - [14/Jun/2025:21:38:29 +0200] "GET /Jurek/asortymenteu/feeds/asortymenteu_bigbang.xml HTTP/1.1" 200 2897654 "-" "Python-urllib/3.11"
77.79.248.229 - - [14/Jun/2025:21:38:29 +0200] "GET /Jurek/stema/feeds/stema_bigbang.xml HTTP/1.1" 200 894397 "-" "Python-urllib/3.11"
77.79.248.229 - - [14/Jun/2025:21:38:29 +0200] "GET /Jurek/sempler/feeds/sempler_bigbang.xml HTTP/1.1" 200 6787909 "-" "Python-urllib/3.11"
77.79.248.229 - - [14/Jun/2025:21:38:29 +0200] "GET /Jurek/benetech/feeds/benetech_bigbang.xml HTTP/1.1" 200 4165475 "-" "Python-urllib/3.11"
77.79.248.229 - - [14/Jun/2025:21:38:30 +0200] "GET /Jurek/ekuchcikowo/feeds/ekuchcikowo_bigbang.xml HTTP/1.1" 200 12470872 "-" "Python-urllib/3.11"
77.79.248.229 - - [14/Jun/2025:21:38:30 +0200] "GET /Jurek/erohurtownia/feeds/erohurtownia_bigbang.xml HTTP/1.1" 200 22846499 "-" "Python-urllib/3.11"
77.79.248.229 - - [14/Jun/2025:21:38:31 +0200] "GET /Jurek/awparts/feeds/awparts_bigbang.xml HTTP/1.1" 200 142297045 "-" "Python-urllib/3.11"
77.79.248.229 - - [14/Jun/2025:21:38:31 +0200] "GET /Jurek/najtanszysport/feeds/najtanszysport_bigbang.xml HTTP/1.1" 200 3982951 "-" "Python-urllib/3.11"
77.79.248.229 - - [14/Jun/2025:21:38:32 +0200] "GET /Jurek/playcob/feeds/playcob_bigbang.xml HTTP/1.1" 200 6980138 "-" "Python-urllib/3.11"
77.79.248.229 - - [14/Jun/2025:21:38:32 +0200] "GET /Jurek/kidshop/feeds/kidshop_bigbang.xml HTTP/1.1" 200 19845640 "-" "Python-urllib/3.11"
77.79.248.229 - - [14/Jun/2025:21:38:32 +0200] "GET /Jurek/elavia/feeds/elavia_bigbang.xml HTTP/1.1" 200 2497283 "-" "Python-urllib/3.11"
77.79.248.229 - - [14/Jun/2025:21:38:32 +0200] "GET /Jurek/straganbiur/feeds/straganbiur_bigbang.xml HTTP/1.1" 200 8893013 "-" "Python-urllib/3.11"
77.79.248.229 - - [14/Jun/2025:21:38:33 +0200] "GET /Jurek/elecomp/feeds/elecomp_bigbang.xml HTTP/1.1" 200 2867657 "-" "Python-urllib/3.11"
77.79.248.229 - - [14/Jun/2025:21:38:33 +0200] "GET /Jurek/roger/feeds/roger_bigbang.xml HTTP/1.1" 200 1396596 "-" "Python-urllib/3.11"
77.79.248.229 - - [14/Jun/2025:21:38:33 +0200] "GET /Jurek/kristronik/feeds/kristronik_bigbang.xml HTTP/1.1" 200 691986 "-" "Python-urllib/3.11"
77.79.248.229 - - [14/Jun/2025:21:38:33 +0200] "GET /Jurek/oknobest/feeds/oknobest_bigbang.xml HTTP/1.1" 200 2708300 "-" "Python-urllib/3.11"
77.79.248.229 - - [14/Jun/2025:21:38:33 +0200] "GET /Jurek/globaldeli/feeds/globaldeli_bigbang.xml HTTP/1.1" 200 2590049 "-" "Python-urllib/3.11"
77.79.248.229 - - [14/Jun/2025:21:38:33 +0200] "GET /Jurek/rider/feeds/rider_bigbang.xml HTTP/1.1" 200 8165170 "-" "Python-urllib/3.11"
77.79.248.229 - - [14/Jun/2025:21:38:33 +0200] "GET /Jurek/luxma/feeds/luxma_bigbang.xml HTTP/1.1" 200 8058600 "-" "Python-urllib/3.11"
77.79.248.229 - - [14/Jun/2025:21:38:34 +0200] "GET /Jurek/smxdesign/feeds/smxdesign_bigbang.xml HTTP/1.1" 200 1828992 "-" "Python-urllib/3.11"
77.79.248.229 - - [14/Jun/2025:21:38:34 +0200] "GET /Jurek/dropkz/feeds/dropkz_bigbang.xml HTTP/1.1" 200 70014430 "-" "Python-urllib/3.11"
77.79.248.229 - - [14/Jun/2025:21:38:35 +0200] "GET /Jurek/pawonik/feeds/pawonik_bigbang.xml HTTP/1.1" 200 2138422 "-" "Python-urllib/3.11"
77.79.248.229 - - [14/Jun/2025:21:38:35 +0200] "GET /Jurek/spali/feeds/spali_bigbang.xml HTTP/1.1" 200 77046 "-" "Python-urllib/3.11"
77.79.248.229 - - [14/Jun/2025:21:38:35 +0200] "GET /Jurek/newtechele/feeds/newtechele_bigbang.xml HTTP/1.1" 200 2438410 "-" "Python-urllib/3.11"
77.79.248.229 - - [14/Jun/2025:21:38:35 +0200] "GET /Jurek/maksik/feeds/maksik_bigbang.xml HTTP/1.1" 200 4084789 "-" "Python-urllib/3.11"
77.79.248.229 - - [14/Jun/2025:21:38:35 +0200] "GET /Jurek/beltimore/feeds/beltimore_bigbang.xml HTTP/1.1" 200 18652312 "-" "Python-urllib/3.11"
