216.113.184.101 - - [14/Jun/2025:16:46:34 +0200] "GET /Jurek/topeshop/downloaded_images/5902838467534_RIVA-SZAFKA-BIEL.jpg HTTP/1.1" 200 89644 "http://www.ebay.com/" "Mozilla/5.0 (Windows NT 10.0; Win64; x64) AppleWebKit/537.36 (KHTML, like Gecko) Chrome/123.0.0.0 Safari/537.36"
216.113.184.102 - - [14/Jun/2025:16:46:34 +0200] "GET /Jurek/topeshop/downloaded_images/5902838467534_Riva_wieszak-opal_biel.jpg HTTP/1.1" 404 3551 "http://www.ebay.com/" "Mozilla/5.0 (Windows NT 10.0; Win64; x64) AppleWebKit/537.36 (KHTML, like Gecko) Chrome/123.0.0.0 Safari/537.36"
216.113.184.101 - - [14/Jun/2025:16:46:34 +0200] "GET /Jurek/topeshop/downloaded_images/5902838467534_RIVA-SZAFKA-BIEL2.png HTTP/1.1" 200 171507 "http://www.ebay.com/" "Mozilla/5.0 (Windows NT 10.0; Win64; x64) AppleWebKit/537.36 (KHTML, like Gecko) Chrome/123.0.0.0 Safari/537.36"
66.249.64.37 - - [14/Jun/2025:16:47:08 +0200] "GET /Jurek/eurofirany/images/408356/11.jpg HTTP/1.1" 200 164783 "-" "Googlebot-Image/1.0"
66.249.64.38 - - [14/Jun/2025:16:48:09 +0200] "GET /Jurek/eurofirany/images/383350/1.jpg HTTP/1.1" 200 73776 "-" "Googlebot-Image/1.0"
66.249.64.37 - - [14/Jun/2025:16:48:46 +0200] "GET /Jurek/eurofirany/images/390455/5.jpg HTTP/1.1" 200 240573 "-" "Googlebot-Image/1.0"
66.249.64.39 - - [14/Jun/2025:16:49:11 +0200] "GET /Jurek/eurofirany/images/383320/5.jpg HTTP/1.1" 200 83174 "-" "Googlebot-Image/1.0"
66.249.64.37 - - [14/Jun/2025:16:49:49 +0200] "GET /Jurek/eurofirany/images/383862/1.jpg HTTP/1.1" 200 172655 "-" "Googlebot-Image/1.0"
66.249.64.37 - - [14/Jun/2025:16:49:52 +0200] "GET /Jurek/eurofirany/images/398821/0.jpg HTTP/1.1" 200 28870 "-" "Googlebot-Image/1.0"
66.249.64.37 - - [14/Jun/2025:16:50:54 +0200] "GET /Jurek/topeshop/downloaded_images/5902838463277_Dallas_Biel(5).jpg HTTP/1.1" 404 3551 "-" "Googlebot-Image/1.0"
89.161.206.59 - - [14/Jun/2025:16:51:16 +0200] "GET /Jurek/hdwr/feeds/hdwr_skroutz.xml HTTP/1.0" 200 777071 "-" "-"
89.161.206.59 - - [14/Jun/2025:16:51:22 +0200] "GET /Jurek/targethome/feeds/targethome_skroutz.xml HTTP/1.0" 200 688621 "-" "-"
89.161.206.59 - - [14/Jun/2025:16:51:49 +0200] "GET /Jurek/ralmetal/feeds/ralmetal_skroutz.xml HTTP/1.0" 200 2039938 "-" "-"
89.161.206.59 - - [14/Jun/2025:16:52:03 +0200] "GET /Jurek/eurofryz/feeds/eurofryz_skroutz.xml HTTP/1.0" 200 1381548 "-" "-"
89.161.206.59 - - [14/Jun/2025:16:52:17 +0200] "GET /Jurek/reman/feeds/reman_skroutz.xml HTTP/1.0" 200 1394822 "-" "-"
89.161.206.59 - - [14/Jun/2025:16:52:18 +0200] "GET /Jurek/urwiskowo/feeds/urwiskowo_skroutz.xml HTTP/1.0" 200 9114857 "-" "-"
66.249.64.38 - - [14/Jun/2025:16:52:37 +0200] "GET /Jurek/eurofirany/images/390455/7.jpg HTTP/1.1" 200 6595 "-" "Googlebot-Image/1.0"
66.249.64.39 - - [14/Jun/2025:16:53:18 +0200] "GET /Jurek/topeshop/downloaded_images/5902838461273_I_RTV-140-MALWA_S.jpg HTTP/1.1" 200 141531 "-" "Googlebot-Image/1.0"
52.167.144.188 - - [14/Jun/2025:16:53:29 +0200] "GET /subskrypcje/OverHorse/?C=D;O=A HTTP/2.0" 200 527 "-" "Mozilla/5.0 AppleWebKit/537.36 (KHTML, like Gecko; compatible; bingbot/2.0; +http://www.bing.com/bingbot.htm) Chrome/116.0.1938.76 Safari/537.36"
46.101.116.244 - - [14/Jun/2025:16:54:30 +0200] "GET /Jurek/topeshop/feeds/topeshop_skr.xml HTTP/1.0" 200 871455 "-" "-"
66.249.64.38 - - [14/Jun/2025:16:54:41 +0200] "GET /Jurek/eurofirany/images/383267/1.jpg HTTP/1.1" 200 80421 "-" "Googlebot-Image/1.0"
46.101.116.244 - - [14/Jun/2025:16:54:45 +0200] "GET /Jurek/piotrmiedz/feeds/piotrmiedz_amazonbe.xml HTTP/1.0" 200 91048215 "-" "-"
66.249.64.37 - - [14/Jun/2025:16:55:22 +0200] "GET /Jurek/eurofirany/images/371532/1.jpg HTTP/1.1" 200 105253 "-" "Googlebot-Image/1.0"
89.161.206.59 - - [14/Jun/2025:16:55:57 +0200] "GET /Jurek/beltimore/feeds/beltimore_amazonse.xml HTTP/1.0" 200 18655383 "-" "-"
89.161.206.59 - - [14/Jun/2025:16:55:57 +0200] "GET /Jurek/ralmetal/feeds/ralmetal_amazonse.xml HTTP/1.0" 200 2040809 "-" "-"
66.249.64.37 - - [14/Jun/2025:16:56:24 +0200] "GET /Jurek/eurofirany/images/389923/2.jpg HTTP/1.1" 200 90627 "-" "Googlebot-Image/1.0"
66.249.64.39 - - [14/Jun/2025:16:57:26 +0200] "GET /Jurek/eurofirany/images/438608/2.jpg HTTP/1.1" 200 131344 "-" "Googlebot-Image/1.0"
66.249.64.39 - - [14/Jun/2025:16:58:07 +0200] "GET /Jurek/topeshop/downloaded_images/5904507202392_Modern2P_Biel(4).jpg HTTP/1.1" 404 3551 "-" "Googlebot-Image/1.0"
89.161.206.59 - - [14/Jun/2025:16:58:42 +0200] "GET /Jurek/ikonka/feeds/ikonka_kaufSMDE.xml HTTP/1.0" 200 21182495 "-" "-"
66.249.64.37 - - [14/Jun/2025:16:59:09 +0200] "GET /Jurek/eurofirany/images/408993/6.jpg HTTP/1.1" 200 163662 "-" "Googlebot-Image/1.0"
66.249.64.37 - - [14/Jun/2025:16:59:50 +0200] "GET /Jurek/eurofirany/images/383058/4.jpg HTTP/1.1" 200 43416 "-" "Googlebot-Image/1.0"
35.204.39.32 - - [14/Jun/2025:17:00:20 +0200] "GET /marketplaces/carrefour_fr/results/carrefour_fr.csv HTTP/1.1" 200 147219 "-" "Mirakl HttpClient"
85.14.86.141 - - [14/Jun/2025:17:00:25 +0200] "GET /Jurek/vida_morele/feeds/VidaPL_all.xml HTTP/2.0" 200 871886889 "-" "MarketplaceAPI curl/7.74.0 PHP/8"
52.17.80.36 - - [14/Jun/2025:17:00:37 +0200] "GET /marketplaces/ubaldi/results/ubaldi.csv HTTP/1.1" 200 147219 "-" "Mirakl HttpClient"
66.249.64.39 - - [14/Jun/2025:17:00:52 +0200] "GET /Jurek/topeshop/downloaded_images/5904507207458_20st_mijas_lewy_zielonykopia.png HTTP/1.1" 200 259990 "-" "Googlebot-Image/1.0"
35.204.39.32 - - [14/Jun/2025:17:01:31 +0200] "GET /marketplaces/vente/results/vente_nl.csv HTTP/1.1" 200 147219 "-" "Mirakl HttpClient"
35.204.39.32 - - [14/Jun/2025:17:01:31 +0200] "GET /marketplaces/vente/results/vente_fr.csv HTTP/1.1" 200 147219 "-" "Mirakl HttpClient"
35.204.39.32 - - [14/Jun/2025:17:01:31 +0200] "GET /marketplaces/vente/results/vente_be.csv HTTP/1.1" 200 147219 "-" "Mirakl HttpClient"
35.204.39.32 - - [14/Jun/2025:17:01:31 +0200] "GET /marketplaces/vente/results/vente_it.csv HTTP/1.1" 200 147219 "-" "Mirakl HttpClient"
35.204.39.32 - - [14/Jun/2025:17:01:31 +0200] "GET /marketplaces/vente/results/vente_es.csv HTTP/1.1" 200 147219 "-" "Mirakl HttpClient"
35.204.39.32 - - [14/Jun/2025:17:01:31 +0200] "GET /marketplaces/vente/results/vente_de.csv HTTP/1.1" 200 147219 "-" "Mirakl HttpClient"
66.249.64.39 - - [14/Jun/2025:17:01:33 +0200] "GET /Jurek/eurofirany/images/405402/13.jpg HTTP/1.1" 200 16503 "-" "Googlebot-Image/1.0"
52.18.22.0 - - [14/Jun/2025:17:02:01 +0200] "GET /marketplaces/rue/results/rue.csv HTTP/1.1" 200 7537032 "-" "Mirakl HttpClient"
62.146.215.34 - - [14/Jun/2025:17:02:16 +0200] "GET /Jurek/eurofirany/images/383395/0.jpg HTTP/2.0" 200 78770 "-" "billigerbot/1.0"
66.249.64.39 - - [14/Jun/2025:17:02:35 +0200] "GET /Jurek/eurofirany/images/459309/2.jpg HTTP/1.1" 200 150518 "-" "Googlebot-Image/1.0"
66.249.64.39 - - [14/Jun/2025:17:03:16 +0200] "GET /Jurek/topeshop/downloaded_images/5902838464359_KUBABIURKOBIEL_.png HTTP/1.1" 404 3551 "-" "Googlebot-Image/1.0"
85.14.86.141 - - [14/Jun/2025:17:03:57 +0200] "GET /Jurek/kinghoff/feeds/kinghoff_morele.xml HTTP/2.0" 200 15667554 "-" "MarketplaceAPI curl/7.74.0 PHP/8"
52.18.22.0 - - [14/Jun/2025:17:04:49 +0200] "GET /marketplaces/carrefour/results/carrefour.csv HTTP/1.1" 200 147219 "-" "Mirakl HttpClient"
66.249.64.38 - - [14/Jun/2025:17:04:59 +0200] "GET /Jurek/eurofirany/images/371528/3.jpg HTTP/1.1" 200 53353 "-" "Googlebot-Image/1.0"
40.77.167.4 - - [14/Jun/2025:17:05:21 +0200] "GET /Jurek/eurofirany/images/224667/4.jpg HTTP/2.0" 200 122104 "-" "Mozilla/5.0 AppleWebKit/537.36 (KHTML, like Gecko; compatible; bingbot/2.0; +http://www.bing.com/bingbot.htm) Chrome/116.0.1938.76 Safari/537.36"
66.249.64.39 - - [14/Jun/2025:17:06:01 +0200] "GET /Jurek/eurofirany/images/396855/2.jpg HTTP/1.1" 200 225940 "-" "Googlebot-Image/1.0"
85.14.86.141 - - [14/Jun/2025:17:06:30 +0200] "GET /Jurek/eurofirany/feeds/eurofirany_morele.xml HTTP/2.0" 200 19497517 "-" "MarketplaceAPI curl/7.74.0 PHP/8"
85.14.86.141 - - [14/Jun/2025:17:06:41 +0200] "GET /Jurek/vivaldi/feeds/vivaldi_Morele-PL.xml HTTP/2.0" 200 344674 "-" "MarketplaceAPI curl/7.74.0 PHP/8"
66.249.64.38 - - [14/Jun/2025:17:06:42 +0200] "GET /Jurek/eurofirany/images/382105/5.jpg HTTP/1.1" 200 33 "-" "Googlebot-Image/1.0"
66.249.64.37 - - [14/Jun/2025:17:07:44 +0200] "GET /Jurek/eurofirany/images/428727/14.jpg HTTP/1.1" 200 6585 "-" "Googlebot-Image/1.0"
85.14.86.141 - - [14/Jun/2025:17:08:16 +0200] "GET /Jurek/vida_morele/feeds/VidaPL_morele.xml HTTP/2.0" 200 871888392 "-" "MarketplaceAPI curl/7.74.0 PHP/8"
66.249.64.39 - - [14/Jun/2025:17:08:26 +0200] "GET /Jurek/eurofirany/images/428726/5.jpg HTTP/1.1" 200 279117 "-" "Googlebot-Image/1.0"
85.14.86.141 - - [14/Jun/2025:17:08:26 +0200] "GET /Jurek/aw/feeds/awnarzedzia_morele.xml HTTP/2.0" 200 90850176 "-" "MarketplaceAPI curl/7.74.0 PHP/8"
185.6.76.18 - - [14/Jun/2025:17:08:50 +0200] "GET /marketplaces/skroutz/feeds/shumee.xml HTTP/1.1" 200 412231423 "-" "SkroutzBot v1.0"
85.14.86.141 - - [14/Jun/2025:17:09:16 +0200] "GET /Jurek/beliani/feeds/beliani_morele.xml HTTP/2.0" 200 30500475 "-" "MarketplaceAPI curl/7.74.0 PHP/8"
66.249.64.37 - - [14/Jun/2025:17:09:27 +0200] "GET /Jurek/eurofirany/images/400587/4.jpg HTTP/1.1" 200 202862 "-" "Googlebot-Image/1.0"
66.249.64.39 - - [14/Jun/2025:17:10:08 +0200] "GET /Jurek/eurofirany/images/387474/4.jpg HTTP/1.1" 200 164946 "-" "Googlebot-Image/1.0"
66.249.64.37 - - [14/Jun/2025:17:11:31 +0200] "GET /Jurek/eurofirany/images/428726/1.jpg HTTP/1.1" 200 96078 "-" "Googlebot-Image/1.0"
66.249.64.37 - - [14/Jun/2025:17:12:12 +0200] "GET /Jurek/eurofirany/images/11748/3.jpg HTTP/1.1" 200 135602 "-" "Googlebot-Image/1.0"
46.101.116.244 - - [14/Jun/2025:17:12:16 +0200] "GET /Jurek/piotrmiedz/feeds/piotrmiedz_amazonnl.xml HTTP/1.0" 200 91040488 "-" "-"
46.101.116.244 - - [14/Jun/2025:17:12:22 +0200] "GET /Jurek/piotrmiedz/feeds/piotrmiedz_amazones.xml HTTP/1.0" 200 91052551 "-" "-"
46.101.116.244 - - [14/Jun/2025:17:12:33 +0200] "GET /Jurek/piotrmiedz/feeds/piotrmiedz_amazonse.xml HTTP/1.0" 200 91087952 "-" "-"
66.249.64.39 - - [14/Jun/2025:17:13:14 +0200] "GET /Jurek/eurofirany/images/378049/6.jpg HTTP/1.1" 200 33 "-" "Googlebot-Image/1.0"
89.161.206.59 - - [14/Jun/2025:17:13:29 +0200] "GET /Jurek/ralmetal/feeds/ralmetal_amazonbe.xml HTTP/1.0" 200 2039907 "-" "-"
89.161.206.59 - - [14/Jun/2025:17:13:37 +0200] "GET /Jurek/emaja24/feeds/emaja24_amazonde.xml HTTP/1.0" 200 5102027 "-" "-"
66.249.64.37 - - [14/Jun/2025:17:13:55 +0200] "GET /Jurek/eurofirany/images/390413/9.jpg HTTP/1.1" 200 92563 "-" "Googlebot-Image/1.0"
66.249.64.37 - - [14/Jun/2025:17:14:57 +0200] "GET /Jurek/eurofirany/images/416152/3.jpg HTTP/1.1" 200 105017 "-" "Googlebot-Image/1.0"
66.249.64.37 - - [14/Jun/2025:17:16:40 +0200] "GET /Jurek/eurofirany/images/383164/0.jpg HTTP/1.1" 200 85519 "-" "Googlebot-Image/1.0"
66.249.64.38 - - [14/Jun/2025:17:17:21 +0200] "GET /Jurek/eurofirany/images/410687/7.jpg HTTP/1.1" 200 58932 "-" "Googlebot-Image/1.0"
66.249.64.37 - - [14/Jun/2025:17:18:23 +0200] "GET /Jurek/eurofirany/images/428726/10.jpg HTTP/1.1" 200 95028 "-" "Googlebot-Image/1.0"
66.249.64.38 - - [14/Jun/2025:17:19:04 +0200] "GET /Jurek/eurofirany/images/382104/5.jpg HTTP/1.1" 200 33 "-" "Googlebot-Image/1.0"
66.249.64.37 - - [14/Jun/2025:17:20:06 +0200] "GET /Jurek/eurofirany/images/467979/3.jpg HTTP/1.1" 200 40034 "-" "Googlebot-Image/1.0"
66.249.64.39 - - [14/Jun/2025:17:21:28 +0200] "GET /Jurek/eurofirany/images/467982/6.jpg HTTP/1.1" 200 131124 "-" "Googlebot-Image/1.0"
66.249.64.39 - - [14/Jun/2025:17:22:09 +0200] "GET /Jurek/topeshop/downloaded_images/5902838463420_DENVER_BIEL_PO%C5%81YSK(3).jpg HTTP/1.1" 404 3551 "-" "Googlebot-Image/1.0"
66.249.64.38 - - [14/Jun/2025:17:23:12 +0200] "GET /Jurek/eurofirany/images/390420/2.jpg HTTP/1.1" 200 181761 "-" "Googlebot-Image/1.0"
66.249.64.37 - - [14/Jun/2025:17:23:53 +0200] "GET /Jurek/eurofirany/images/383385/3.jpg HTTP/1.1" 200 6595 "-" "Googlebot-Image/1.0"
66.249.64.38 - - [14/Jun/2025:17:24:54 +0200] "GET /Jurek/eurofirany/images/388727/6.jpg HTTP/1.1" 200 65314 "-" "Googlebot-Image/1.0"
89.161.206.59 - - [14/Jun/2025:17:25:23 +0200] "GET /Jurek/beltimore/feeds/beltimore_amazonbe.xml HTTP/1.0" 200 18652355 "-" "-"
66.249.64.38 - - [14/Jun/2025:17:25:35 +0200] "GET /Jurek/eurofirany/images/383321/5.jpg HTTP/1.1" 200 83174 "-" "Googlebot-Image/1.0"
66.249.64.38 - - [14/Jun/2025:17:25:57 +0200] "GET /Jurek/eurofirany/images/383346/3.jpg HTTP/1.1" 200 41294 "-" "Googlebot-Image/1.0"
66.249.64.38 - - [14/Jun/2025:17:26:37 +0200] "GET /Jurek/eurofirany/images/390429/9.jpg HTTP/1.1" 200 92563 "-" "Googlebot-Image/1.0"
66.249.64.37 - - [14/Jun/2025:17:27:19 +0200] "GET /Jurek/eurofirany/images/423950/11.jpg HTTP/1.1" 200 183730 "-" "Googlebot-Image/1.0"
66.249.64.37 - - [14/Jun/2025:17:28:41 +0200] "GET /Jurek/eurofirany/images/354682/5.jpg HTTP/1.1" 200 204249 "-" "Googlebot-Image/1.0"
66.249.64.37 - - [14/Jun/2025:17:29:22 +0200] "GET /Jurek/eurofirany/images/423950/4.jpg HTTP/1.1" 200 219428 "-" "Googlebot-Image/1.0"
66.249.64.39 - - [14/Jun/2025:17:31:05 +0200] "GET /Jurek/topeshop/downloaded_images/5902838463413_DENVER_BIEL(3).jpg HTTP/1.1" 404 3551 "-" "Googlebot-Image/1.0"
46.101.116.244 - - [14/Jun/2025:17:32:39 +0200] "GET /Jurek/rovicky/feeds/rovicky_zalando.xml HTTP/1.0" 200 15157873 "-" "-"
89.161.206.59 - - [14/Jun/2025:17:32:47 +0200] "GET /Jurek/elecomp/feeds/elecomp_emagro.xml HTTP/1.0" 200 2868292 "-" "-"
66.249.64.38 - - [14/Jun/2025:17:32:49 +0200] "GET /Jurek/eurofirany/images/390441/4.jpg HTTP/1.1" 200 274644 "-" "Googlebot-Image/1.0"
66.249.64.37 - - [14/Jun/2025:17:33:50 +0200] "GET /Jurek/eurofirany/images/366816/1.jpg HTTP/1.1" 200 91115 "-" "Googlebot-Image/1.0"
85.232.241.194 - - [14/Jun/2025:17:34:15 +0200] "GET /Jurek/action/feeds/action_carrefour.xml HTTP/1.1" 200 60824400 "-" "Python-urllib/3.11"
66.249.64.39 - - [14/Jun/2025:17:34:32 +0200] "GET /Jurek/eurofirany/images/390391/0.jpg HTTP/1.1" 200 164560 "-" "Googlebot-Image/1.0"
89.161.206.59 - - [14/Jun/2025:17:34:56 +0200] "GET /Jurek/swiatecznygoliat/feeds/swiatecznygoliat_amazonde.xml HTTP/1.0" 200 7050811 "-" "-"
85.232.241.194 - - [14/Jun/2025:17:35:12 +0200] "GET /Jurek/action/feeds/action_carrefour_fr.xml HTTP/1.1" 200 60823958 "-" "Python-urllib/3.11"
52.18.22.0 - - [14/Jun/2025:17:35:19 +0200] "GET /marketplaces/worten2/results/worten.csv HTTP/1.1" 200 19256463 "-" "Mirakl HttpClient"
66.249.64.37 - - [14/Jun/2025:17:35:33 +0200] "GET /Jurek/eurofirany/images/403497/1.jpg HTTP/1.1" 200 94689 "-" "Googlebot-Image/1.0"
77.79.248.229 - - [14/Jun/2025:17:36:08 +0200] "GET /Jurek/eurofirany/feeds/eurofirany_cdon_se.xml HTTP/1.1" 200 19513792 "-" "python-requests/2.32.3"
77.79.248.229 - - [14/Jun/2025:17:36:08 +0200] "GET /Jurek/eurofirany/feeds/eurofirany_cdon_dk.xml HTTP/1.1" 200 19513401 "-" "python-requests/2.32.3"
77.79.248.229 - - [14/Jun/2025:17:36:09 +0200] "GET /Jurek/eurofirany/feeds/eurofirany_cdon_fi.xml HTTP/1.1" 200 19496080 "-" "python-requests/2.32.3"
77.79.248.229 - - [14/Jun/2025:17:36:10 +0200] "GET /Jurek/stema/feeds/stema_cdon_se.xml HTTP/1.1" 200 894948 "-" "python-requests/2.32.3"
77.79.248.229 - - [14/Jun/2025:17:36:10 +0200] "GET /Jurek/stema/feeds/stema_cdon_dk.xml HTTP/1.1" 200 894793 "-" "python-requests/2.32.3"
77.79.248.229 - - [14/Jun/2025:17:36:10 +0200] "GET /Jurek/stema/feeds/stema_cdon_fi.xml HTTP/1.1" 200 894532 "-" "python-requests/2.32.3"
77.79.248.229 - - [14/Jun/2025:17:36:18 +0200] "GET /Jurek/ikonka/feeds/ikonka_cdon_se.xml HTTP/1.1" 200 21184607 "-" "python-requests/2.32.3"
77.79.248.229 - - [14/Jun/2025:17:36:18 +0200] "GET /Jurek/ikonka/feeds/ikonka_cdon_dk.xml HTTP/1.1" 200 21184555 "-" "python-requests/2.32.3"
77.79.248.229 - - [14/Jun/2025:17:36:19 +0200] "GET /Jurek/ikonka/feeds/ikonka_cdon_fi.xml HTTP/1.1" 200 21182566 "-" "python-requests/2.32.3"
77.79.248.229 - - [14/Jun/2025:17:36:19 +0200] "GET /Jurek/fernity/feeds/fernity_cdon_fi.xml HTTP/1.1" 200 4960554 "-" "python-requests/2.32.3"
77.79.248.229 - - [14/Jun/2025:17:36:19 +0200] "GET /Jurek/fernity/feeds/fernity_cdon_se.xml HTTP/1.1" 200 4963851 "-" "python-requests/2.32.3"
77.79.248.229 - - [14/Jun/2025:17:36:19 +0200] "GET /Jurek/fernity/feeds/fernity_cdon_dk.xml HTTP/1.1" 200 4963451 "-" "python-requests/2.32.3"
77.79.248.229 - - [14/Jun/2025:17:36:19 +0200] "GET /Jurek/activeshop/feeds/activeshop_cdon_se.xml HTTP/1.1" 200 10453654 "-" "python-requests/2.32.3"
77.79.248.229 - - [14/Jun/2025:17:36:19 +0200] "GET /Jurek/activeshop/feeds/activeshop_cdon_dk.xml HTTP/1.1" 200 10453297 "-" "python-requests/2.32.3"
77.79.248.229 - - [14/Jun/2025:17:36:20 +0200] "GET /Jurek/activeshop/feeds/activeshop_cdon_fi.xml HTTP/1.1" 200 10449950 "-" "python-requests/2.32.3"
77.79.248.229 - - [14/Jun/2025:17:36:20 +0200] "GET /Jurek/barbecook/feeds/barbecook_cdon_se.xml HTTP/1.1" 200 87595 "-" "python-requests/2.32.3"
77.79.248.229 - - [14/Jun/2025:17:36:20 +0200] "GET /Jurek/barbecook/feeds/barbecook_cdon_dk.xml HTTP/1.1" 200 87590 "-" "python-requests/2.32.3"
77.79.248.229 - - [14/Jun/2025:17:36:20 +0200] "GET /Jurek/barbecook/feeds/barbecook_cdon_fi.xml HTTP/1.1" 200 87531 "-" "python-requests/2.32.3"
77.79.248.229 - - [14/Jun/2025:17:36:21 +0200] "GET /Jurek/action/feeds/action_cdon_se.xml HTTP/1.1" 200 60326828 "-" "python-requests/2.32.3"
77.79.248.229 - - [14/Jun/2025:17:36:21 +0200] "GET /Jurek/action/feeds/action_cdon_dk.xml HTTP/1.1" 200 60865617 "-" "python-requests/2.32.3"
77.79.248.229 - - [14/Jun/2025:17:36:22 +0200] "GET /Jurek/action/feeds/action_cdon_fi.xml HTTP/1.1" 200 60838583 "-" "python-requests/2.32.3"
66.249.64.38 - - [14/Jun/2025:17:36:56 +0200] "GET /Jurek/eurofirany/images/404489/2.jpg HTTP/1.1" 200 107490 "-" "Googlebot-Image/1.0"
66.249.64.37 - - [14/Jun/2025:17:37:58 +0200] "GET /Jurek/eurofirany/images/467979/1.jpg HTTP/1.1" 200 74217 "-" "Googlebot-Image/1.0"
77.79.248.229 - - [14/Jun/2025:17:38:07 +0200] "GET /Jurek/vidaSI/feeds/vidaSI_bigbang.xml HTTP/1.1" 200 786821686 "-" "Python-urllib/3.11"
77.79.248.229 - - [14/Jun/2025:17:38:25 +0200] "GET /Jurek/action/feeds/action_bigbang.xml HTTP/1.1" 200 60833514 "-" "Python-urllib/3.11"
77.79.248.229 - - [14/Jun/2025:17:38:25 +0200] "GET /Jurek/ikonka/feeds/ikonka_bigbang.xml HTTP/1.1" 200 21182500 "-" "Python-urllib/3.11"
77.79.248.229 - - [14/Jun/2025:17:38:28 +0200] "GET /Jurek/b3/feeds/b3_bigbang.xml HTTP/1.1" 200 8507186 "-" "Python-urllib/3.11"
77.79.248.229 - - [14/Jun/2025:17:38:29 +0200] "GET /Jurek/asortymenteu/feeds/asortymenteu_bigbang.xml HTTP/1.1" 200 2894686 "-" "Python-urllib/3.11"
77.79.248.229 - - [14/Jun/2025:17:38:29 +0200] "GET /Jurek/stema/feeds/stema_bigbang.xml HTTP/1.1" 200 894397 "-" "Python-urllib/3.11"
77.79.248.229 - - [14/Jun/2025:17:38:29 +0200] "GET /Jurek/sempler/feeds/sempler_bigbang.xml HTTP/1.1" 200 6787909 "-" "Python-urllib/3.11"
77.79.248.229 - - [14/Jun/2025:17:38:29 +0200] "GET /Jurek/benetech/feeds/benetech_bigbang.xml HTTP/1.1" 200 4165475 "-" "Python-urllib/3.11"
77.79.248.229 - - [14/Jun/2025:17:38:29 +0200] "GET /Jurek/ekuchcikowo/feeds/ekuchcikowo_bigbang.xml HTTP/1.1" 200 12470873 "-" "Python-urllib/3.11"
77.79.248.229 - - [14/Jun/2025:17:38:30 +0200] "GET /Jurek/erohurtownia/feeds/erohurtownia_bigbang.xml HTTP/1.1" 200 22846500 "-" "Python-urllib/3.11"
77.79.248.229 - - [14/Jun/2025:17:38:31 +0200] "GET /Jurek/awparts/feeds/awparts_bigbang.xml HTTP/1.1" 200 142297046 "-" "Python-urllib/3.11"
77.79.248.229 - - [14/Jun/2025:17:38:31 +0200] "GET /Jurek/najtanszysport/feeds/najtanszysport_bigbang.xml HTTP/1.1" 200 3982951 "-" "Python-urllib/3.11"
77.79.248.229 - - [14/Jun/2025:17:38:32 +0200] "GET /Jurek/playcob/feeds/playcob_bigbang.xml HTTP/1.1" 200 6980138 "-" "Python-urllib/3.11"
77.79.248.229 - - [14/Jun/2025:17:38:32 +0200] "GET /Jurek/kidshop/feeds/kidshop_bigbang.xml HTTP/1.1" 200 19845640 "-" "Python-urllib/3.11"
77.79.248.229 - - [14/Jun/2025:17:38:32 +0200] "GET /Jurek/elavia/feeds/elavia_bigbang.xml HTTP/1.1" 200 2497283 "-" "Python-urllib/3.11"
77.79.248.229 - - [14/Jun/2025:17:38:32 +0200] "GET /Jurek/straganbiur/feeds/straganbiur_bigbang.xml HTTP/1.1" 200 8893013 "-" "Python-urllib/3.11"
77.79.248.229 - - [14/Jun/2025:17:38:33 +0200] "GET /Jurek/elecomp/feeds/elecomp_bigbang.xml HTTP/1.1" 200 2867661 "-" "Python-urllib/3.11"
77.79.248.229 - - [14/Jun/2025:17:38:33 +0200] "GET /Jurek/roger/feeds/roger_bigbang.xml HTTP/1.1" 200 1396596 "-" "Python-urllib/3.11"
77.79.248.229 - - [14/Jun/2025:17:38:33 +0200] "GET /Jurek/kristronik/feeds/kristronik_bigbang.xml HTTP/1.1" 200 691986 "-" "Python-urllib/3.11"
77.79.248.229 - - [14/Jun/2025:17:38:33 +0200] "GET /Jurek/oknobest/feeds/oknobest_bigbang.xml HTTP/1.1" 200 2708300 "-" "Python-urllib/3.11"
77.79.248.229 - - [14/Jun/2025:17:38:33 +0200] "GET /Jurek/globaldeli/feeds/globaldeli_bigbang.xml HTTP/1.1" 200 2590049 "-" "Python-urllib/3.11"
77.79.248.229 - - [14/Jun/2025:17:38:33 +0200] "GET /Jurek/rider/feeds/rider_bigbang.xml HTTP/1.1" 200 8165170 "-" "Python-urllib/3.11"
77.79.248.229 - - [14/Jun/2025:17:38:33 +0200] "GET /Jurek/luxma/feeds/luxma_bigbang.xml HTTP/1.1" 200 8058600 "-" "Python-urllib/3.11"
77.79.248.229 - - [14/Jun/2025:17:38:33 +0200] "GET /Jurek/smxdesign/feeds/smxdesign_bigbang.xml HTTP/1.1" 200 1828992 "-" "Python-urllib/3.11"
77.79.248.229 - - [14/Jun/2025:17:38:34 +0200] "GET /Jurek/dropkz/feeds/dropkz_bigbang.xml HTTP/1.1" 200 70014431 "-" "Python-urllib/3.11"
77.79.248.229 - - [14/Jun/2025:17:38:34 +0200] "GET /Jurek/pawonik/feeds/pawonik_bigbang.xml HTTP/1.1" 200 2138422 "-" "Python-urllib/3.11"
77.79.248.229 - - [14/Jun/2025:17:38:34 +0200] "GET /Jurek/spali/feeds/spali_bigbang.xml HTTP/1.1" 200 77046 "-" "Python-urllib/3.11"
77.79.248.229 - - [14/Jun/2025:17:38:34 +0200] "GET /Jurek/newtechele/feeds/newtechele_bigbang.xml HTTP/1.1" 200 2438410 "-" "Python-urllib/3.11"
77.79.248.229 - - [14/Jun/2025:17:38:34 +0200] "GET /Jurek/maksik/feeds/maksik_bigbang.xml HTTP/1.1" 200 4084789 "-" "Python-urllib/3.11"
77.79.248.229 - - [14/Jun/2025:17:38:35 +0200] "GET /Jurek/beltimore/feeds/beltimore_bigbang.xml HTTP/1.1" 200 18652312 "-" "Python-urllib/3.11"
77.79.248.229 - - [14/Jun/2025:17:38:35 +0200] "GET /Jurek/rovato/feeds/rovato_bigbang.xml HTTP/1.1" 200 180834 "-" "Python-urllib/3.11"
77.79.248.229 - - [14/Jun/2025:17:38:35 +0200] "GET /Jurek/eurofryz/feeds/eurofryz_bigbang.xml HTTP/1.1" 200 1381534 "-" "Python-urllib/3.11"
77.79.248.229 - - [14/Jun/2025:17:38:35 +0200] "GET /Jurek/alucon/feeds/alucon_bigbang.xml HTTP/1.1" 200 553707 "-" "Python-urllib/3.11"
77.79.248.229 - - [14/Jun/2025:17:38:35 +0200] "GET /Jurek/omi/feeds/omi_bigbang.xml HTTP/1.1" 200 8100718 "-" "Python-urllib/3.11"
77.79.248.229 - - [14/Jun/2025:17:38:35 +0200] "GET /Jurek/kamar/feeds/kamar_bigbang.xml HTTP/1.1" 200 25549944 "-" "Python-urllib/3.11"
77.79.248.229 - - [14/Jun/2025:17:38:35 +0200] "GET /Jurek/beautycare/feeds/beautycare_bigbang.xml HTTP/1.1" 200 1181257 "-" "Python-urllib/3.11"
77.79.248.229 - - [14/Jun/2025:17:38:35 +0200] "GET /Jurek/avenido/feeds/avenido_bigbang.xml HTTP/1.1" 200 720083 "-" "Python-urllib/3.11"
77.79.248.229 - - [14/Jun/2025:17:38:35 +0200] "GET /Jurek/zenex/feeds/zenex_bigbang.xml HTTP/1.1" 200 540174 "-" "Python-urllib/3.11"
77.79.248.229 - - [14/Jun/2025:17:38:36 +0200] "GET /Jurek/sternhoff/feeds/sternhoff_bigbang.xml HTTP/1.1" 200 1775262 "-" "Python-urllib/3.11"
77.79.248.229 - - [14/Jun/2025:17:38:36 +0200] "GET /Jurek/straganspoz/feeds/straganspoz_bigbang.xml HTTP/1.1" 200 9510109 "-" "Python-urllib/3.11"
77.79.248.229 - - [14/Jun/2025:17:38:36 +0200] "GET /Jurek/apresto/feeds/apresto_bigbang.xml HTTP/1.1" 200 1327594 "-" "Python-urllib/3.11"
77.79.248.229 - - [14/Jun/2025:17:38:36 +0200] "GET /Jurek/fertone/feeds/fertone_bigbang.xml HTTP/1.1" 200 584071 "-" "Python-urllib/3.11"
77.79.248.229 - - [14/Jun/2025:17:38:36 +0200] "GET /Jurek/fernity/feeds/fernity_bigbang.xml HTTP/1.1" 200 4960842 "-" "Python-urllib/3.11"
77.79.248.229 - - [14/Jun/2025:17:38:36 +0200] "GET /Jurek/jankeski/feeds/jankeski_bigbang.xml HTTP/1.1" 200 6571139 "-" "Python-urllib/3.11"
77.79.248.229 - - [14/Jun/2025:17:38:36 +0200] "GET /Jurek/bloomglow/feeds/bloomglow_bigbang.xml HTTP/1.1" 200 14094811 "-" "Python-urllib/3.11"
77.79.248.229 - - [14/Jun/2025:17:38:36 +0200] "GET /Jurek/galopi/feeds/galopi_bigbang.xml HTTP/1.1" 200 2111055 "-" "Python-urllib/3.11"
77.79.248.229 - - [14/Jun/2025:17:38:37 +0200] "GET /Jurek/hurtmeblowy/feeds/hurtmeblowy_bigbang.xml HTTP/1.1" 200 8581222 "-" "Python-urllib/3.11"
66.249.64.38 - - [14/Jun/2025:17:38:39 +0200] "GET /Jurek/eurofirany/images/398788/3.jpg HTTP/1.1" 200 46653 "-" "Googlebot-Image/1.0"
66.249.64.37 - - [14/Jun/2025:17:39:20 +0200] "GET /Jurek/eurofirany/images/390393/6.jpg HTTP/1.1" 200 257923 "-" "Googlebot-Image/1.0"
66.249.64.38 - - [14/Jun/2025:17:40:22 +0200] "GET /Jurek/eurofirany/images/383464/4.jpg HTTP/1.1" 200 6595 "-" "Googlebot-Image/1.0"
77.79.248.229 - - [14/Jun/2025:17:40:43 +0200] "GET /Jurek/kinghoff/feeds/kinghoff_SkroutzGR.xml HTTP/1.1" 200 14559907 "-" "Python-urllib/3.11"
77.79.248.229 - - [14/Jun/2025:17:40:44 +0200] "GET /Jurek/aw/feeds/awnarzedzia_skroutz.xml HTTP/1.1" 200 89050073 "-" "Python-urllib/3.11"
77.79.248.229 - - [14/Jun/2025:17:40:44 +0200] "GET /Jurek/eurofirany/feeds/eurofirany_skroutz.xml HTTP/1.1" 200 17985051 "-" "Python-urllib/3.11"
77.79.248.229 - - [14/Jun/2025:17:40:45 +0200] "GET /Jurek/fernity/feeds/fernity_skroutz.xml HTTP/1.1" 200 4575862 "-" "Python-urllib/3.11"
66.249.64.38 - - [14/Jun/2025:17:41:03 +0200] "GET /Jurek/eurofirany/images/383319/2.jpg HTTP/1.1" 200 31580 "-" "Googlebot-Image/1.0"
89.161.206.59 - - [14/Jun/2025:17:41:19 +0200] "GET /Jurek/techrebal/feeds/techrebal_kaufSMDE.xml HTTP/1.0" 200 1929387 "-" "-"
89.161.206.59 - - [14/Jun/2025:17:41:19 +0200] "GET /Jurek/missionair/feeds/missionair_kaufSMDE.xml HTTP/1.0" 200 3120126 "-" "-"
89.161.206.59 - - [14/Jun/2025:17:41:19 +0200] "GET /Jurek/proparts/feeds/proparts_kaufSMDE.xml HTTP/1.0" 200 685371 "-" "-"
66.249.64.39 - - [14/Jun/2025:17:42:05 +0200] "GET /Jurek/eurofirany/images/383319/6.jpg HTTP/1.1" 200 49572 "-" "Googlebot-Image/1.0"
89.161.206.59 - - [14/Jun/2025:17:42:37 +0200] "GET /Jurek/mosti/feeds/mosti_emagro.xml HTTP/1.0" 200 4628108 "-" "-"
66.249.64.38 - - [14/Jun/2025:17:42:46 +0200] "GET /Jurek/eurofirany/images/388727/1.jpg HTTP/1.1" 200 62356 "-" "Googlebot-Image/1.0"
66.249.64.39 - - [14/Jun/2025:17:44:50 +0200] "GET /Jurek/eurofirany/images/383363/6.jpg HTTP/1.1" 200 61371 "-" "Googlebot-Image/1.0"
66.249.64.38 - - [14/Jun/2025:17:45:31 +0200] "GET /Jurek/eurofirany/images/380294/3.jpg HTTP/1.1" 200 66112 "-" "Googlebot-Image/1.0"
66.211.183.72 - - [14/Jun/2025:17:45:33 +0200] "GET /Jurek/topeshop/downloaded_images/5904507209438_MODERN4P(5).jpg HTTP/1.1" 404 3551 "http://www.ebay.com/" "Mozilla/5.0 (Windows NT 10.0; Win64; x64) AppleWebKit/537.36 (KHTML, like Gecko) Chrome/123.0.0.0 Safari/537.36"
66.211.183.70 - - [14/Jun/2025:17:45:33 +0200] "GET /Jurek/topeshop/downloaded_images/5904507209438_Kopiamodern4p-slim2.jpg HTTP/1.1" 200 46297 "http://www.ebay.com/" "Mozilla/5.0 (Windows NT 10.0; Win64; x64) AppleWebKit/537.36 (KHTML, like Gecko) Chrome/123.0.0.0 Safari/537.36"
66.211.183.71 - - [14/Jun/2025:17:45:33 +0200] "GET /Jurek/topeshop/downloaded_images/5904507209438_Kopiamodern4p-slim.jpg HTTP/1.1" 200 56231 "http://www.ebay.com/" "Mozilla/5.0 (Windows NT 10.0; Win64; x64) AppleWebKit/537.36 (KHTML, like Gecko) Chrome/123.0.0.0 Safari/537.36"
66.211.183.71 - - [14/Jun/2025:17:45:33 +0200] "GET /Jurek/topeshop/downloaded_images/5904507209438_MODERN4P(3).jpg HTTP/1.1" 404 3551 "http://www.ebay.com/" "Mozilla/5.0 (Windows NT 10.0; Win64; x64) AppleWebKit/537.36 (KHTML, like Gecko) Chrome/123.0.0.0 Safari/537.36"
66.211.183.72 - - [14/Jun/2025:17:45:33 +0200] "GET /Jurek/topeshop/downloaded_images/5904507209438_MODERN4P(4).jpg HTTP/1.1" 404 3551 "http://www.ebay.com/" "Mozilla/5.0 (Windows NT 10.0; Win64; x64) AppleWebKit/537.36 (KHTML, like Gecko) Chrome/123.0.0.0 Safari/537.36"
66.211.183.71 - - [14/Jun/2025:17:45:33 +0200] "GET /Jurek/topeshop/downloaded_images/5904507209438_MODERN4P(2).jpg HTTP/1.1" 404 3551 "http://www.ebay.com/" "Mozilla/5.0 (Windows NT 10.0; Win64; x64) AppleWebKit/537.36 (KHTML, like Gecko) Chrome/123.0.0.0 Safari/537.36"
66.211.183.70 - - [14/Jun/2025:17:45:33 +0200] "GET /Jurek/topeshop/downloaded_images/5904507209438_modern4pslim.jpg HTTP/1.1" 200 71558 "http://www.ebay.com/" "Mozilla/5.0 (Windows NT 10.0; Win64; x64) AppleWebKit/537.36 (KHTML, like Gecko) Chrome/123.0.0.0 Safari/537.36"
66.211.183.74 - - [14/Jun/2025:17:45:33 +0200] "GET /Jurek/topeshop/downloaded_images/5904507209438_MODERN4P(1).jpg HTTP/1.1" 404 3551 "http://www.ebay.com/" "Mozilla/5.0 (Windows NT 10.0; Win64; x64) AppleWebKit/537.36 (KHTML, like Gecko) Chrome/123.0.0.0 Safari/537.36"
66.211.183.74 - - [14/Jun/2025:17:45:33 +0200] "GET /Jurek/topeshop/downloaded_images/5904507209438_wizmodern4PSlim.jpg HTTP/1.1" 200 132160 "http://www.ebay.com/" "Mozilla/5.0 (Windows NT 10.0; Win64; x64) AppleWebKit/537.36 (KHTML, like Gecko) Chrome/123.0.0.0 Safari/537.36"
66.249.64.37 - - [14/Jun/2025:17:46:33 +0200] "GET /Jurek/eurofirany/images/398823/5.jpg HTTP/1.1" 200 93071 "-" "Googlebot-Image/1.0"
66.249.64.38 - - [14/Jun/2025:17:47:14 +0200] "GET /Jurek/eurofirany/images/398823/4.jpg HTTP/1.1" 200 60735 "-" "Googlebot-Image/1.0"
46.101.116.244 - - [14/Jun/2025:17:47:59 +0200] "GET /Jurek/fernity/feeds/fernity_manomano.xml HTTP/1.0" 200 4960744 "-" "-"
89.161.206.59 - - [14/Jun/2025:17:48:01 +0200] "GET /Jurek/eurofirany/feeds/eurofirany_manomanofr.xml HTTP/1.0" 200 19496222 "-" "-"
66.249.64.39 - - [14/Jun/2025:17:48:16 +0200] "GET /Jurek/eurofirany/images/378502/7.jpg HTTP/1.1" 200 81929 "-" "Googlebot-Image/1.0"
89.161.206.59 - - [14/Jun/2025:17:48:45 +0200] "GET /Jurek/roger/feeds/roger_manoFR.xml HTTP/1.0" 200 1147402 "-" "-"
46.101.116.244 - - [14/Jun/2025:17:48:55 +0200] "GET /Jurek/awparts/feeds/awparts_manoFR.xml HTTP/1.0" 200 142300096 "-" "-"
66.249.64.38 - - [14/Jun/2025:17:48:57 +0200] "GET /Jurek/eurofirany/images/398807/0.jpg HTTP/1.1" 200 31541 "-" "Googlebot-Image/1.0"
66.249.64.37 - - [14/Jun/2025:17:49:59 +0200] "GET /Jurek/eurofirany/images/357380/2.jpg HTTP/1.1" 200 40898 "-" "Googlebot-Image/1.0"
66.249.64.37 - - [14/Jun/2025:17:50:40 +0200] "GET /Jurek/eurofirany/images/441951/0.jpg HTTP/1.1" 200 128320 "-" "Googlebot-Image/1.0"
40.77.167.65 - - [14/Jun/2025:17:50:42 +0200] "GET /Jurek/eurofirany/images/409906/5.jpg HTTP/2.0" 200 6595 "-" "Mozilla/5.0 AppleWebKit/537.36 (KHTML, like Gecko; compatible; bingbot/2.0; +http://www.bing.com/bingbot.htm) Chrome/116.0.1938.76 Safari/537.36"
89.161.206.59 - - [14/Jun/2025:17:50:51 +0200] "GET /Jurek/benetech/feeds/benetech_amazonnl.xml HTTP/1.0" 200 4165481 "-" "-"
89.161.206.59 - - [14/Jun/2025:17:50:51 +0200] "GET /Jurek/benetech/feeds/benetech_amazonit.xml HTTP/1.0" 200 4165477 "-" "-"
89.161.206.59 - - [14/Jun/2025:17:50:51 +0200] "GET /Jurek/benetech/feeds/benetech_amazones.xml HTTP/1.0" 200 4165504 "-" "-"
89.161.206.59 - - [14/Jun/2025:17:50:52 +0200] "GET /Jurek/benetech/feeds/benetech_amazonfr.xml HTTP/1.0" 200 4165491 "-" "-"
89.161.206.59 - - [14/Jun/2025:17:50:52 +0200] "GET /Jurek/benetech/feeds/benetech_amazonbe.xml HTTP/1.0" 200 4165484 "-" "-"
89.161.206.59 - - [14/Jun/2025:17:50:52 +0200] "GET /Jurek/benetech/feeds/benetech_amazonse.xml HTTP/1.0" 200 4165883 "-" "-"
89.161.206.59 - - [14/Jun/2025:17:50:54 +0200] "GET /Jurek/dekoele/feeds/dekoele_amazonde.xml HTTP/1.0" 200 733941 "-" "-"
89.161.206.59 - - [14/Jun/2025:17:50:54 +0200] "GET /Jurek/dekoele/feeds/dekoele_amazonit.xml HTTP/1.0" 200 733939 "-" "-"
89.161.206.59 - - [14/Jun/2025:17:50:54 +0200] "GET /Jurek/dekoele/feeds/dekoele_amazonfr.xml HTTP/1.0" 200 733938 "-" "-"
89.161.206.59 - - [14/Jun/2025:17:50:54 +0200] "GET /Jurek/dekoele/feeds/dekoele_amazones.xml HTTP/1.0" 200 733938 "-" "-"
89.161.206.59 - - [14/Jun/2025:17:50:54 +0200] "GET /Jurek/dekoele/feeds/dekoele_amazonnl.xml HTTP/1.0" 200 733943 "-" "-"
89.161.206.59 - - [14/Jun/2025:17:50:54 +0200] "GET /Jurek/dekoele/feeds/dekoele_amazonse.xml HTTP/1.0" 200 734014 "-" "-"
89.161.206.59 - - [14/Jun/2025:17:50:54 +0200] "GET /Jurek/dekoele/feeds/dekoele_amazonbe.xml HTTP/1.0" 200 733937 "-" "-"
89.161.206.59 - - [14/Jun/2025:17:50:58 +0200] "GET /Jurek/carbonyway/feeds/carbonyway_amazonde.xml HTTP/1.0" 200 3075934 "-" "-"
89.161.206.59 - - [14/Jun/2025:17:51:00 +0200] "GET /Jurek/cdata/feeds/cdata_amazonde.xml HTTP/1.0" 200 1445142 "-" "-"
89.161.206.59 - - [14/Jun/2025:17:51:01 +0200] "GET /Jurek/beltimore/feeds/beltimore_amazonde.xml HTTP/1.0" 200 18652247 "-" "-"
89.161.206.59 - - [14/Jun/2025:17:51:01 +0200] "GET /Jurek/drewdon/feeds/drewdon_amazonde.xml HTTP/1.0" 200 504442 "-" "-"
89.161.206.59 - - [14/Jun/2025:17:51:01 +0200] "GET /Jurek/alucon/feeds/alucon_amazonde.xml HTTP/1.0" 200 553706 "-" "-"
89.161.206.59 - - [14/Jun/2025:17:51:53 +0200] "GET /Jurek/lerutrade/feeds/lerutrade_manoFR.xml HTTP/1.0" 200 82815 "-" "-"
66.249.64.38 - - [14/Jun/2025:17:52:23 +0200] "GET /Jurek/eurofirany/images/383267/3.jpg HTTP/1.1" 200 36375 "-" "Googlebot-Image/1.0"
89.161.206.59 - - [14/Jun/2025:17:52:56 +0200] "GET /Jurek/avenido/feeds/avenido_amazonde.xml HTTP/1.0" 200 720083 "-" "-"
89.161.206.59 - - [14/Jun/2025:17:52:57 +0200] "GET /Jurek/beautycare/feeds/beautycare_amazonde.xml HTTP/1.0" 200 1181286 "-" "-"
89.161.206.59 - - [14/Jun/2025:17:53:02 +0200] "GET /Jurek/combine/feeds/combine_amazonde.xml HTTP/1.0" 200 210509 "-" "-"
89.161.206.59 - - [14/Jun/2025:17:53:02 +0200] "GET /Jurek/emaja24/feeds/emaja24_amazonnl.xml HTTP/1.0" 200 5102015 "-" "-"
89.161.206.59 - - [14/Jun/2025:17:53:02 +0200] "GET /Jurek/emaja24/feeds/emaja24_amazones.xml HTTP/1.0" 200 5102023 "-" "-"
66.249.64.37 - - [14/Jun/2025:17:53:25 +0200] "GET /Jurek/eurofirany/images/383057/3.jpg HTTP/1.1" 200 6595 "-" "Googlebot-Image/1.0"
89.161.206.59 - - [14/Jun/2025:17:53:31 +0200] "GET /Jurek/bisanti/feeds/bisanti_allegro.xml HTTP/1.0" 200 1142381 "-" "-"
89.161.206.59 - - [14/Jun/2025:17:53:32 +0200] "GET /Jurek/combine/feeds/combine_allegro.xml HTTP/1.0" 200 210521 "-" "-"
66.249.64.38 - - [14/Jun/2025:17:54:06 +0200] "GET /robots.txt HTTP/1.1" 404 3551 "-" "Mozilla/5.0 (compatible; Googlebot/2.1; +http://www.google.com/bot.html)"
66.249.64.37 - - [14/Jun/2025:17:54:07 +0200] "GET /Jurek/topeshop/downloaded_images/5902838463338_render_pop_.RGB_color.0013_kopia.png HTTP/1.1" 200 567153 "-" "Googlebot-Image/1.0"
68.183.181.127 - - [14/Jun/2025:17:54:12 +0200] "GET / HTTP/1.1" 200 1559 "-" "Mozilla/5.0 (Windows NT 10.0; Win64; x64) AppleWebKit/537.36 (KHTML, like Gecko) Chrome/88.0.4240.193 Safari/537.36"
68.183.181.127 - - [14/Jun/2025:17:54:12 +0200] "GET / HTTP/1.1" 200 1559 "-" "Mozilla/5.0 (Windows NT 10.0; Win64; x64) AppleWebKit/537.36 (KHTML, like Gecko) Chrome/88.0.4240.193 Safari/537.36"
68.183.181.127 - - [14/Jun/2025:17:54:13 +0200] "GET /wp-includes/wlwmanifest.xml HTTP/1.1" 404 3551 "-" "Mozilla/5.0 (Windows NT 10.0; Win64; x64) AppleWebKit/537.36 (KHTML, like Gecko) Chrome/88.0.4240.193 Safari/537.36"
68.183.181.127 - - [14/Jun/2025:17:54:13 +0200] "GET /xmlrpc.php?rsd HTTP/1.1" 403 548 "-" "Mozilla/5.0 (Windows NT 10.0; Win64; x64) AppleWebKit/537.36 (KHTML, like Gecko) Chrome/88.0.4240.193 Safari/537.36"
68.183.181.127 - - [14/Jun/2025:17:54:13 +0200] "GET / HTTP/1.1" 200 1559 "-" "Mozilla/5.0 (Windows NT 10.0; Win64; x64) AppleWebKit/537.36 (KHTML, like Gecko) Chrome/88.0.4240.193 Safari/537.36"
68.183.181.127 - - [14/Jun/2025:17:54:14 +0200] "GET /blog/wp-includes/wlwmanifest.xml HTTP/1.1" 404 3551 "-" "Mozilla/5.0 (Windows NT 10.0; Win64; x64) AppleWebKit/537.36 (KHTML, like Gecko) Chrome/88.0.4240.193 Safari/537.36"
68.183.181.127 - - [14/Jun/2025:17:54:14 +0200] "GET /web/wp-includes/wlwmanifest.xml HTTP/1.1" 404 3551 "-" "Mozilla/5.0 (Windows NT 10.0; Win64; x64) AppleWebKit/537.36 (KHTML, like Gecko) Chrome/88.0.4240.193 Safari/537.36"
68.183.181.127 - - [14/Jun/2025:17:54:14 +0200] "GET /wordpress/wp-includes/wlwmanifest.xml HTTP/1.1" 404 3551 "-" "Mozilla/5.0 (Windows NT 10.0; Win64; x64) AppleWebKit/537.36 (KHTML, like Gecko) Chrome/88.0.4240.193 Safari/537.36"
68.183.181.127 - - [14/Jun/2025:17:54:14 +0200] "GET /website/wp-includes/wlwmanifest.xml HTTP/1.1" 404 3551 "-" "Mozilla/5.0 (Windows NT 10.0; Win64; x64) AppleWebKit/537.36 (KHTML, like Gecko) Chrome/88.0.4240.193 Safari/537.36"
68.183.181.127 - - [14/Jun/2025:17:54:15 +0200] "GET /wp/wp-includes/wlwmanifest.xml HTTP/1.1" 404 3551 "-" "Mozilla/5.0 (Windows NT 10.0; Win64; x64) AppleWebKit/537.36 (KHTML, like Gecko) Chrome/88.0.4240.193 Safari/537.36"
68.183.181.127 - - [14/Jun/2025:17:54:15 +0200] "GET /news/wp-includes/wlwmanifest.xml HTTP/1.1" 404 3551 "-" "Mozilla/5.0 (Windows NT 10.0; Win64; x64) AppleWebKit/537.36 (KHTML, like Gecko) Chrome/88.0.4240.193 Safari/537.36"
68.183.181.127 - - [14/Jun/2025:17:54:15 +0200] "GET /2020/wp-includes/wlwmanifest.xml HTTP/1.1" 404 3551 "-" "Mozilla/5.0 (Windows NT 10.0; Win64; x64) AppleWebKit/537.36 (KHTML, like Gecko) Chrome/88.0.4240.193 Safari/537.36"
68.183.181.127 - - [14/Jun/2025:17:54:15 +0200] "GET /2019/wp-includes/wlwmanifest.xml HTTP/1.1" 404 3551 "-" "Mozilla/5.0 (Windows NT 10.0; Win64; x64) AppleWebKit/537.36 (KHTML, like Gecko) Chrome/88.0.4240.193 Safari/537.36"
68.183.181.127 - - [14/Jun/2025:17:54:16 +0200] "GET /shop/wp-includes/wlwmanifest.xml HTTP/1.1" 404 3551 "-" "Mozilla/5.0 (Windows NT 10.0; Win64; x64) AppleWebKit/537.36 (KHTML, like Gecko) Chrome/88.0.4240.193 Safari/537.36"
68.183.181.127 - - [14/Jun/2025:17:54:16 +0200] "GET /wp1/wp-includes/wlwmanifest.xml HTTP/1.1" 404 3551 "-" "Mozilla/5.0 (Windows NT 10.0; Win64; x64) AppleWebKit/537.36 (KHTML, like Gecko) Chrome/88.0.4240.193 Safari/537.36"
68.183.181.127 - - [14/Jun/2025:17:54:16 +0200] "GET /test/wp-includes/wlwmanifest.xml HTTP/1.1" 404 3551 "-" "Mozilla/5.0 (Windows NT 10.0; Win64; x64) AppleWebKit/537.36 (KHTML, like Gecko) Chrome/88.0.4240.193 Safari/537.36"
68.183.181.127 - - [14/Jun/2025:17:54:17 +0200] "GET /wp2/wp-includes/wlwmanifest.xml HTTP/1.1" 404 3551 "-" "Mozilla/5.0 (Windows NT 10.0; Win64; x64) AppleWebKit/537.36 (KHTML, like Gecko) Chrome/88.0.4240.193 Safari/537.36"
68.183.181.127 - - [14/Jun/2025:17:54:17 +0200] "GET /site/wp-includes/wlwmanifest.xml HTTP/1.1" 404 3551 "-" "Mozilla/5.0 (Windows NT 10.0; Win64; x64) AppleWebKit/537.36 (KHTML, like Gecko) Chrome/88.0.4240.193 Safari/537.36"
68.183.181.127 - - [14/Jun/2025:17:54:17 +0200] "GET /cms/wp-includes/wlwmanifest.xml HTTP/1.1" 404 3551 "-" "Mozilla/5.0 (Windows NT 10.0; Win64; x64) AppleWebKit/537.36 (KHTML, like Gecko) Chrome/88.0.4240.193 Safari/537.36"
68.183.181.127 - - [14/Jun/2025:17:54:17 +0200] "GET /sito/wp-includes/wlwmanifest.xml HTTP/1.1" 404 3551 "-" "Mozilla/5.0 (Windows NT 10.0; Win64; x64) AppleWebKit/537.36 (KHTML, like Gecko) Chrome/88.0.4240.193 Safari/537.36"
46.101.116.244 - - [14/Jun/2025:17:54:30 +0200] "GET /Jurek/eurofirany/feeds/eurofirany_ceneo.xml HTTP/1.0" 200 19499815 "-" "-"
46.101.116.244 - - [14/Jun/2025:17:54:58 +0200] "GET /Jurek/eurofirany/feeds/eurofirany_empik.xml HTTP/1.0" 200 19497318 "-" "-"
46.101.116.244 - - [14/Jun/2025:17:55:01 +0200] "GET /Jurek/chemex/feeds/chemex_empik.xml HTTP/1.0" 200 47822490 "-" "-"
66.249.64.37 - - [14/Jun/2025:17:55:08 +0200] "GET /robots.txt HTTP/1.1" 404 3551 "-" "Mozilla/5.0 (compatible; Googlebot/2.1; +http://www.google.com/bot.html)"
66.249.64.39 - - [14/Jun/2025:17:55:08 +0200] "GET /Jurek/eurofirany/images/371523/9.jpg HTTP/1.1" 200 120158 "-" "Googlebot-Image/1.0"
66.249.64.38 - - [14/Jun/2025:17:55:50 +0200] "GET /Jurek/eurofirany/images/389997/6.jpg HTTP/1.1" 200 208475 "-" "Googlebot-Image/1.0"
66.249.64.37 - - [14/Jun/2025:17:56:19 +0200] "GET /robots.txt HTTP/1.1" 404 3551 "-" "Mozilla/5.0 (compatible; Googlebot/2.1; +http://www.google.com/bot.html)"
66.249.64.37 - - [14/Jun/2025:17:57:12 +0200] "GET /Jurek/topeshop/downloaded_images/5904507201982_BILBAO4P__SONOMA(1).jpg HTTP/1.1" 404 3551 "-" "Googlebot-Image/1.0"
66.249.64.39 - - [14/Jun/2025:17:58:14 +0200] "GET /robots.txt HTTP/1.1" 404 3551 "-" "Mozilla/5.0 (compatible; Googlebot/2.1; +http://www.google.com/bot.html)"
66.249.64.37 - - [14/Jun/2025:17:58:14 +0200] "GET /Jurek/eurofirany/images/390400/7.jpg HTTP/1.1" 200 203134 "-" "Googlebot-Image/1.0"
66.249.64.38 - - [14/Jun/2025:17:58:55 +0200] "GET /Jurek/eurofirany/images/389918/3.jpg HTTP/1.1" 200 254027 "-" "Googlebot-Image/1.0"
66.249.64.38 - - [14/Jun/2025:18:00:08 +0200] "GET /robots.txt HTTP/1.1" 404 3551 "-" "Mozilla/5.0 (compatible; Googlebot/2.1; +http://www.google.com/bot.html)"
66.249.64.39 - - [14/Jun/2025:18:00:08 +0200] "GET /Jurek/eurofirany/images/383347/0.jpg HTTP/1.1" 200 66982 "-" "Googlebot-Image/1.0"
66.249.64.38 - - [14/Jun/2025:18:00:13 +0200] "GET /Jurek/eurofirany/images/423950/6.jpg HTTP/1.1" 200 135948 "-" "Googlebot-Image/1.0"
35.204.39.32 - - [14/Jun/2025:18:00:24 +0200] "GET /marketplaces/carrefour_fr/results/carrefour_fr.csv HTTP/1.1" 200 5091600 "-" "Mirakl HttpClient"
85.14.86.141 - - [14/Jun/2025:18:00:28 +0200] "GET /Jurek/vida_morele/feeds/VidaPL_all.xml HTTP/2.0" 200 871886889 "-" "MarketplaceAPI curl/7.74.0 PHP/8"
52.17.80.36 - - [14/Jun/2025:18:00:38 +0200] "GET /marketplaces/ubaldi/results/ubaldi.csv HTTP/1.1" 200 147219 "-" "Mirakl HttpClient"
89.161.206.59 - - [14/Jun/2025:18:01:02 +0200] "GET /Jurek/ikonka/feeds/ikonka_skroutz.xml HTTP/1.0" 200 21182562 "-" "-"
66.249.64.38 - - [14/Jun/2025:18:01:05 +0200] "GET /Jurek/eurofirany/images/383392/0.jpg HTTP/1.1" 200 77082 "-" "Googlebot-Image/1.0"
35.204.39.32 - - [14/Jun/2025:18:01:10 +0200] "GET /marketplaces/vente/results/vente_nl.csv HTTP/1.1" 200 147219 "-" "Mirakl HttpClient"
35.204.39.32 - - [14/Jun/2025:18:01:10 +0200] "GET /marketplaces/vente/results/vente_fr.csv HTTP/1.1" 200 147219 "-" "Mirakl HttpClient"
35.204.39.32 - - [14/Jun/2025:18:01:10 +0200] "GET /marketplaces/vente/results/vente_be.csv HTTP/1.1" 200 147219 "-" "Mirakl HttpClient"
35.204.39.32 - - [14/Jun/2025:18:01:11 +0200] "GET /marketplaces/vente/results/vente_it.csv HTTP/1.1" 200 147219 "-" "Mirakl HttpClient"
35.204.39.32 - - [14/Jun/2025:18:01:11 +0200] "GET /marketplaces/vente/results/vente_es.csv HTTP/1.1" 200 147219 "-" "Mirakl HttpClient"
35.204.39.32 - - [14/Jun/2025:18:01:11 +0200] "GET /marketplaces/vente/results/vente_de.csv HTTP/1.1" 200 147219 "-" "Mirakl HttpClient"
46.101.116.244 - - [14/Jun/2025:18:01:16 +0200] "GET /Jurek/hurtownia_przemyslowa/feeds/hp_alza.xml HTTP/2.0" 200 49379152 "-" "-"
46.101.116.244 - - [14/Jun/2025:18:01:35 +0200] "GET /Jurek/hurtownia_przemyslowa/feeds/hp_kaufcz.xml HTTP/2.0" 200 49379582 "-" "-"
52.18.22.0 - - [14/Jun/2025:18:02:00 +0200] "GET /marketplaces/rue/results/rue.csv HTTP/1.1" 200 147219 "-" "Mirakl HttpClient"
46.101.116.244 - - [14/Jun/2025:18:02:05 +0200] "GET /Jurek/hurtownia_przemyslowa/feeds/hp_kaufsk.xml HTTP/2.0" 200 49359105 "-" "-"
66.249.64.38 - - [14/Jun/2025:18:02:24 +0200] "GET /robots.txt HTTP/1.1" 404 3551 "-" "Mozilla/5.0 (compatible; Googlebot/2.1; +http://www.google.com/bot.html)"
66.249.64.37 - - [14/Jun/2025:18:02:24 +0200] "GET /Jurek/eurofirany/images/383319/1.jpg HTTP/1.1" 200 47657 "-" "Googlebot-Image/1.0"
46.101.116.244 - - [14/Jun/2025:18:02:38 +0200] "GET /Jurek/hurtownia_przemyslowa/feeds/hp_kaufde.xml HTTP/2.0" 200 49357385 "-" "-"
89.161.206.59 - - [14/Jun/2025:18:02:56 +0200] "GET /Jurek/fernity/feeds/fernity_skroutz.xml HTTP/1.0" 200 4575862 "-" "-"
66.249.64.37 - - [14/Jun/2025:18:03:42 +0200] "GET /robots.txt HTTP/1.1" 404 3551 "-" "Mozilla/5.0 (compatible; Googlebot/2.1; +http://www.google.com/bot.html)"
66.249.64.39 - - [14/Jun/2025:18:03:42 +0200] "GET /Jurek/eurofirany/images/408993/10.jpg HTTP/1.1" 200 101045 "-" "Googlebot-Image/1.0"
52.18.22.0 - - [14/Jun/2025:18:03:48 +0200] "GET /marketplaces/carrefour/results/carrefour.csv HTTP/1.1" 200 4318031 "-" "Mirakl HttpClient"
85.14.86.141 - - [14/Jun/2025:18:03:55 +0200] "GET /Jurek/kinghoff/feeds/kinghoff_morele.xml HTTP/2.0" 200 15667554 "-" "MarketplaceAPI curl/7.74.0 PHP/8"
46.101.116.244 - - [14/Jun/2025:18:04:08 +0200] "GET /Jurek/piotrmiedz/feeds/piotrmiedz_zero.xml HTTP/2.0" 200 91017078 "-" "-"
66.249.64.37 - - [14/Jun/2025:18:05:01 +0200] "GET /Jurek/eurofirany/images/398405/1.jpg HTTP/1.1" 200 104198 "-" "Googlebot-Image/1.0"
85.14.86.141 - - [14/Jun/2025:18:06:14 +0200] "GET /Jurek/eurofirany/feeds/eurofirany_morele.xml HTTP/2.0" 200 19497517 "-" "MarketplaceAPI curl/7.74.0 PHP/8"
66.249.64.37 - - [14/Jun/2025:18:06:19 +0200] "GET /Jurek/eurofirany/images/371523/12.jpg HTTP/1.1" 200 155366 "-" "Googlebot-Image/1.0"
85.14.86.141 - - [14/Jun/2025:18:06:24 +0200] "GET /Jurek/vivaldi/feeds/vivaldi_Morele-PL.xml HTTP/2.0" 200 344674 "-" "MarketplaceAPI curl/7.74.0 PHP/8"
46.101.116.244 - - [14/Jun/2025:18:06:30 +0200] "GET /Jurek/kamar/feeds/kamar_alza.xml HTTP/2.0" 200 25563315 "-" "-"
46.101.116.244 - - [14/Jun/2025:18:07:07 +0200] "GET /Jurek/tsjerzy/feeds/tsjerzy_alza.xml HTTP/2.0" 200 3901436 "-" "-"
89.161.206.59 - - [14/Jun/2025:18:07:19 +0200] "GET /Jurek/eurofirany/feeds/eurofirany_skroutz.xml HTTP/1.0" 200 17985051 "-" "-"
46.101.116.244 - - [14/Jun/2025:18:07:29 +0200] "GET /Jurek/hurtmeblowy/feeds/hurtmeblowy_alza.xml HTTP/2.0" 200 8584420 "-" "-"
66.249.64.39 - - [14/Jun/2025:18:07:38 +0200] "GET /Jurek/eurofirany/images/464366/1.jpg HTTP/1.1" 200 158775 "-" "Googlebot-Image/1.0"
46.101.116.244 - - [14/Jun/2025:18:07:41 +0200] "GET /Jurek/kobi/feeds/kobi_alza.xml HTTP/2.0" 200 677290 "-" "-"
46.101.116.244 - - [14/Jun/2025:18:07:51 +0200] "GET /Jurek/madrex/feeds/madrex_alza.xml HTTP/2.0" 200 466766 "-" "-"
85.14.86.141 - - [14/Jun/2025:18:07:58 +0200] "GET /Jurek/vida_morele/feeds/VidaPL_morele.xml HTTP/2.0" 200 582805866 "-" "MarketplaceAPI curl/7.74.0 PHP/8"
46.101.116.244 - - [14/Jun/2025:18:08:02 +0200] "GET /Jurek/matkam/feeds/matkam_alza.xml HTTP/2.0" 200 4426287 "-" "-"
85.14.86.141 - - [14/Jun/2025:18:08:21 +0200] "GET /Jurek/aw/feeds/awnarzedzia_morele.xml HTTP/2.0" 200 90850176 "-" "MarketplaceAPI curl/7.74.0 PHP/8"
66.249.64.38 - - [14/Jun/2025:18:08:30 +0200] "GET /Jurek/eurofirany/images/383351/2.jpg HTTP/1.1" 200 51383 "-" "Googlebot-Image/1.0"
66.249.64.37 - - [14/Jun/2025:18:08:35 +0200] "GET /Jurek/topeshop/downloaded_images/5902838468449_20_st.jpg HTTP/1.1" 200 75551 "-" "Googlebot-Image/1.0"
85.14.86.141 - - [14/Jun/2025:18:08:55 +0200] "GET /Jurek/beliani/feeds/beliani_morele.xml HTTP/2.0" 200 30500475 "-" "MarketplaceAPI curl/7.74.0 PHP/8"
46.101.116.244 - - [14/Jun/2025:18:09:18 +0200] "GET /Jurek/kalama/feeds/kalama_alza.xml HTTP/2.0" 200 2662552 "-" "-"
46.101.116.244 - - [14/Jun/2025:18:09:29 +0200] "GET /Jurek/proadventure/feeds/proadventure_alza.xml HTTP/2.0" 200 10767259 "-" "-"
185.6.76.18 - - [14/Jun/2025:18:09:38 +0200] "GET /marketplaces/skroutz/feeds/shumee.xml HTTP/1.1" 200 412231423 "-" "SkroutzBot v1.0"
46.101.116.244 - - [14/Jun/2025:18:09:42 +0200] "GET /Jurek/awparts/feeds/awparts_alza.xml HTTP/2.0" 200 142492705 "-" "-"
66.249.64.39 - - [14/Jun/2025:18:09:48 +0200] "GET /Jurek/eurofirany/images/467982/3.jpg HTTP/1.1" 200 127740 "-" "Googlebot-Image/1.0"
77.79.248.229 - - [14/Jun/2025:18:10:03 +0200] "GET /Jurek/ikonka/feeds/ikonka_cdon_se.xml HTTP/1.1" 200 21184607 "-" "python-requests/2.32.3"
77.79.248.229 - - [14/Jun/2025:18:10:04 +0200] "GET /Jurek/ikonka/feeds/ikonka_cdon_dk.xml HTTP/1.1" 200 21184555 "-" "python-requests/2.32.3"
77.79.248.229 - - [14/Jun/2025:18:10:04 +0200] "GET /Jurek/ikonka/feeds/ikonka_cdon_fi.xml HTTP/1.1" 200 21182566 "-" "python-requests/2.32.3"
77.79.248.229 - - [14/Jun/2025:18:10:08 +0200] "GET /Jurek/rovicky/feeds/rovicky_cdonSE.xml HTTP/1.1" 200 14945015 "-" "python-requests/2.32.3"
77.79.248.229 - - [14/Jun/2025:18:10:08 +0200] "GET /Jurek/rovicky/feeds/rovicky_cdonDK.xml HTTP/1.1" 200 14944736 "-" "python-requests/2.32.3"
77.79.248.229 - - [14/Jun/2025:18:10:08 +0200] "GET /Jurek/rovicky/feeds/rovicky_cdonFI.xml HTTP/1.1" 200 14939515 "-" "python-requests/2.32.3"
77.79.248.229 - - [14/Jun/2025:18:10:08 +0200] "GET /Jurek/benbaby/feeds/benbaby_cdon_se.xml HTTP/1.1" 200 3826873 "-" "python-requests/2.32.3"
77.79.248.229 - - [14/Jun/2025:18:10:08 +0200] "GET /Jurek/benbaby/feeds/benbaby_cdon_dk.xml HTTP/1.1" 200 3826816 "-" "python-requests/2.32.3"
77.79.248.229 - - [14/Jun/2025:18:10:08 +0200] "GET /Jurek/benbaby/feeds/benbaby_cdon_fi.xml HTTP/1.1" 200 3824223 "-" "python-requests/2.32.3"
77.79.248.229 - - [14/Jun/2025:18:10:09 +0200] "GET /Jurek/candellux/feeds/candellux_cdon_se.xml HTTP/1.1" 200 466166 "-" "python-requests/2.32.3"
77.79.248.229 - - [14/Jun/2025:18:10:09 +0200] "GET /Jurek/candellux/feeds/candellux_cdon_dk.xml HTTP/1.1" 200 466129 "-" "python-requests/2.32.3"
77.79.248.229 - - [14/Jun/2025:18:10:09 +0200] "GET /Jurek/candellux/feeds/candellux_cdon_fi.xml HTTP/1.1" 200 465745 "-" "python-requests/2.32.3"
77.79.248.229 - - [14/Jun/2025:18:10:12 +0200] "GET /Jurek/topeshop/feeds/topeshop_cdon_se.xml HTTP/1.1" 200 3084367 "-" "python-requests/2.32.3"
77.79.248.229 - - [14/Jun/2025:18:10:12 +0200] "GET /Jurek/topeshop/feeds/topeshop_cdon_dk.xml HTTP/1.1" 200 3084123 "-" "python-requests/2.32.3"
77.79.248.229 - - [14/Jun/2025:18:10:12 +0200] "GET /Jurek/topeshop/feeds/topeshop_cdon_fi.xml HTTP/1.1" 200 3083636 "-" "python-requests/2.32.3"
77.79.248.229 - - [14/Jun/2025:18:10:12 +0200] "GET /Jurek/asortymenteu/feeds/asortymenteu_cdon_se.xml HTTP/1.1" 200 2895708 "-" "python-requests/2.32.3"
77.79.248.229 - - [14/Jun/2025:18:10:12 +0200] "GET /Jurek/asortymenteu/feeds/asortymenteu_cdon_dk.xml HTTP/1.1" 200 2895746 "-" "python-requests/2.32.3"
77.79.248.229 - - [14/Jun/2025:18:10:12 +0200] "GET /Jurek/asortymenteu/feeds/asortymenteu_cdon_fi.xml HTTP/1.1" 200 2894705 "-" "python-requests/2.32.3"
77.79.248.229 - - [14/Jun/2025:18:10:12 +0200] "GET /Jurek/fernity/feeds/fernity_cdon_se.xml HTTP/1.1" 200 4963851 "-" "python-requests/2.32.3"
