89.161.206.59 - - [14/Jun/2025:19:38:35 +0200] "GET /Jurek/beltimore/feeds/beltimore_amazonit.xml HTTP/1.0" 200 18652478 "-" "-"
85.232.241.194 - - [14/Jun/2025:19:38:35 +0200] "GET /Jurek/fertone/feeds/fertone_rue.xml HTTP/1.1" 200 584074 "-" "Python-urllib/3.11"
89.161.206.59 - - [14/Jun/2025:19:38:38 +0200] "GET /Jurek/princelh/feeds/princelh_emagro.xml HTTP/1.0" 200 133458 "-" "-"
85.232.241.194 - - [14/Jun/2025:19:38:41 +0200] "GET /Jurek/coppotech/feeds/coppotech_rue.xml HTTP/1.1" 200 38049058 "-" "Python-urllib/3.11"
85.232.241.194 - - [14/Jun/2025:19:38:53 +0200] "GET /Jurek/eurofryz2/feeds/eurofryz2_worten.xml HTTP/1.1" 200 1376779 "-" "Python-urllib/3.11"
85.232.241.194 - - [14/Jun/2025:19:38:53 +0200] "GET /Jurek/eurofryz2/feeds/eurofryz2_wortenES.xml HTTP/1.1" 200 1376820 "-" "Python-urllib/3.11"
85.232.241.194 - - [14/Jun/2025:19:38:54 +0200] "GET /Jurek/roger/feeds/roger_worten.xml HTTP/1.1" 200 1396566 "-" "Python-urllib/3.11"
85.232.241.194 - - [14/Jun/2025:19:38:54 +0200] "GET /Jurek/roger/feeds/roger_wortenES.xml HTTP/1.1" 200 1396609 "-" "Python-urllib/3.11"
85.232.241.194 - - [14/Jun/2025:19:39:06 +0200] "GET /Jurek/eldar/feeds/eldar_worten.xml HTTP/1.1" 200 7328830 "-" "Python-urllib/3.11"
85.232.241.194 - - [14/Jun/2025:19:39:06 +0200] "GET /Jurek/eldar/feeds/eldar_wortenES.xml HTTP/1.1" 200 7328961 "-" "Python-urllib/3.11"
85.232.241.194 - - [14/Jun/2025:19:39:11 +0200] "GET /Jurek/playcob/feeds/playcob_worten.xml HTTP/1.1" 200 6980152 "-" "Python-urllib/3.11"
85.232.241.194 - - [14/Jun/2025:19:39:11 +0200] "GET /Jurek/playcob/feeds/playcob_wortenES.xml HTTP/1.1" 200 6980146 "-" "Python-urllib/3.11"
85.232.241.194 - - [14/Jun/2025:19:39:12 +0200] "GET /Jurek/dropkz/feeds/dropkz_worten.xml HTTP/1.1" 200 70014528 "-" "Python-urllib/3.11"
85.232.241.194 - - [14/Jun/2025:19:39:17 +0200] "GET /Jurek/dropkz/feeds/dropkz_wortenES.xml HTTP/1.1" 200 70014861 "-" "Python-urllib/3.11"
85.232.241.194 - - [14/Jun/2025:19:39:18 +0200] "GET /Jurek/kristronik/feeds/kristronik_worten.xml HTTP/1.1" 200 691982 "-" "Python-urllib/3.11"
85.232.241.194 - - [14/Jun/2025:19:39:18 +0200] "GET /Jurek/kristronik/feeds/kristronik_wortenES.xml HTTP/1.1" 200 691984 "-" "Python-urllib/3.11"
85.232.241.194 - - [14/Jun/2025:19:39:23 +0200] "GET /Jurek/beltimore/feeds/beltimore_worten.xml HTTP/1.1" 200 18652383 "-" "Python-urllib/3.11"
85.232.241.194 - - [14/Jun/2025:19:39:23 +0200] "GET /Jurek/beltimore/feeds/beltimore_wortenES.xml HTTP/1.1" 200 18652195 "-" "Python-urllib/3.11"
85.232.241.194 - - [14/Jun/2025:19:39:24 +0200] "GET /Jurek/globaldeli/feeds/globaldeli_worten.xml HTTP/1.1" 200 2590906 "-" "Python-urllib/3.11"
85.232.241.194 - - [14/Jun/2025:19:39:24 +0200] "GET /Jurek/globaldeli/feeds/globaldeli_wortenES.xml HTTP/1.1" 200 2590048 "-" "Python-urllib/3.11"
85.232.241.194 - - [14/Jun/2025:19:39:29 +0200] "GET /Jurek/eurofryz/feeds/eurofryz_worten.xml HTTP/1.1" 200 1381579 "-" "Python-urllib/3.11"
85.232.241.194 - - [14/Jun/2025:19:39:30 +0200] "GET /Jurek/eurofryz/feeds/eurofryz_wortenES.xml HTTP/1.1" 200 1381577 "-" "Python-urllib/3.11"
85.232.241.194 - - [14/Jun/2025:19:39:30 +0200] "GET /Jurek/eurofryz3/feeds/eurofryz3_worten.xml HTTP/1.1" 200 172212 "-" "Python-urllib/3.11"
85.232.241.194 - - [14/Jun/2025:19:39:30 +0200] "GET /Jurek/eurofryz3/feeds/eurofryz3_wortenES.xml HTTP/1.1" 200 172216 "-" "Python-urllib/3.11"
66.249.64.37 - - [14/Jun/2025:19:39:32 +0200] "GET /Jurek/eurofirany/images/389924/4.jpg HTTP/1.1" 200 210889 "-" "Googlebot-Image/1.0"
85.232.241.194 - - [14/Jun/2025:19:39:35 +0200] "GET /Jurek/oknobest/feeds/oknobest_worten.xml HTTP/1.1" 200 2708294 "-" "Python-urllib/3.11"
85.232.241.194 - - [14/Jun/2025:19:39:35 +0200] "GET /Jurek/oknobest/feeds/oknobest_wortenES.xml HTTP/1.1" 200 2708317 "-" "Python-urllib/3.11"
85.232.241.194 - - [14/Jun/2025:19:39:36 +0200] "GET /Jurek/eoptimo/feeds/eoptimo_worten.xml HTTP/1.1" 200 2094395 "-" "Python-urllib/3.11"
85.232.241.194 - - [14/Jun/2025:19:39:36 +0200] "GET /Jurek/eoptimo/feeds/eoptimo_wortenES.xml HTTP/1.1" 200 2094385 "-" "Python-urllib/3.11"
85.232.241.194 - - [14/Jun/2025:19:39:41 +0200] "GET /Jurek/sklep24amk/feeds/sklep24amk_worten.xml HTTP/1.1" 200 3894508 "-" "Python-urllib/3.11"
85.232.241.194 - - [14/Jun/2025:19:39:41 +0200] "GET /Jurek/sklep24amk/feeds/sklep24amk_wortenES.xml HTTP/1.1" 200 3894488 "-" "Python-urllib/3.11"
85.232.241.194 - - [14/Jun/2025:19:39:55 +0200] "GET /Jurek/sternhoff/feeds/sternhoff_worten.xml HTTP/1.1" 200 1775277 "-" "Python-urllib/3.11"
85.232.241.194 - - [14/Jun/2025:19:39:55 +0200] "GET /Jurek/sternhoff/feeds/sternhoff_wortenES.xml HTTP/1.1" 200 1775279 "-" "Python-urllib/3.11"
85.232.241.194 - - [14/Jun/2025:19:39:55 +0200] "GET /Jurek/alucon/feeds/alucon_worten.xml HTTP/1.1" 200 553707 "-" "Python-urllib/3.11"
85.232.241.194 - - [14/Jun/2025:19:40:03 +0200] "GET /Jurek/alucon/feeds/alucon_wortenES.xml HTTP/1.1" 200 553708 "-" "Python-urllib/3.11"
85.232.241.194 - - [14/Jun/2025:19:40:04 +0200] "GET /Jurek/galopi/feeds/galopi_worten.xml HTTP/1.1" 200 2111067 "-" "Python-urllib/3.11"
85.232.241.194 - - [14/Jun/2025:19:40:04 +0200] "GET /Jurek/galopi/feeds/galopi_wortenES.xml HTTP/1.1" 200 2111045 "-" "Python-urllib/3.11"
85.232.241.194 - - [14/Jun/2025:19:40:16 +0200] "GET /Jurek/jankeski/feeds/jankeski_worten.xml HTTP/1.1" 200 6571144 "-" "Python-urllib/3.11"
85.232.241.194 - - [14/Jun/2025:19:40:16 +0200] "GET /Jurek/jankeski/feeds/jankeski_wortenES.xml HTTP/1.1" 200 6571040 "-" "Python-urllib/3.11"
85.232.241.194 - - [14/Jun/2025:19:40:22 +0200] "GET /Jurek/purewear/feeds/purewear_worten.xml HTTP/1.1" 200 13351145 "-" "Python-urllib/3.11"
85.232.241.194 - - [14/Jun/2025:19:40:23 +0200] "GET /Jurek/purewear/feeds/purewear_wortenES.xml HTTP/1.1" 200 13350838 "-" "Python-urllib/3.11"
85.232.241.194 - - [14/Jun/2025:19:40:55 +0200] "GET /Jurek/broers/feeds/broers_worten.xml HTTP/1.1" 200 1982515 "-" "Python-urllib/3.11"
85.232.241.194 - - [14/Jun/2025:19:41:03 +0200] "GET /Jurek/broers/feeds/broers_wortenES.xml HTTP/1.1" 200 1982545 "-" "Python-urllib/3.11"
85.232.241.194 - - [14/Jun/2025:19:41:08 +0200] "GET /Jurek/cdata/feeds/cdata_worten.xml HTTP/1.1" 200 1445189 "-" "Python-urllib/3.11"
85.232.241.194 - - [14/Jun/2025:19:41:08 +0200] "GET /Jurek/cdata/feeds/cdata_wortenES.xml HTTP/1.1" 200 1445195 "-" "Python-urllib/3.11"
85.232.241.194 - - [14/Jun/2025:19:41:08 +0200] "GET /Jurek/asortymenteu/feeds/asortymenteu_worten.xml HTTP/1.1" 200 2894653 "-" "Python-urllib/3.11"
85.232.241.194 - - [14/Jun/2025:19:41:08 +0200] "GET /Jurek/cdata/feeds/cdata_wortenES.xml HTTP/1.1" 200 1445195 "-" "Python-urllib/3.11"
85.232.241.194 - - [14/Jun/2025:19:41:08 +0200] "GET /Jurek/newtechele/feeds/newtechele_worten.xml HTTP/1.1" 200 2438487 "-" "Python-urllib/3.11"
85.232.241.194 - - [14/Jun/2025:19:41:08 +0200] "GET /Jurek/newtechele/feeds/newtechele_wortenES.xml HTTP/1.1" 200 2438490 "-" "Python-urllib/3.11"
85.232.241.194 - - [14/Jun/2025:19:41:14 +0200] "GET /Jurek/omi/feeds/omi_worten.xml HTTP/1.1" 200 8100726 "-" "Python-urllib/3.11"
85.232.241.194 - - [14/Jun/2025:19:41:14 +0200] "GET /Jurek/omi/feeds/omi_wortenES.xml HTTP/1.1" 200 8100710 "-" "Python-urllib/3.11"
66.249.64.37 - - [14/Jun/2025:19:41:21 +0200] "GET /Jurek/eurofirany/images/461620/0.jpg HTTP/1.1" 200 106697 "-" "Googlebot-Image/1.0"
85.232.241.194 - - [14/Jun/2025:19:41:28 +0200] "GET /Jurek/kamar/feeds/kamar_worten.xml HTTP/1.1" 200 25549460 "-" "Python-urllib/3.11"
85.232.241.194 - - [14/Jun/2025:19:41:28 +0200] "GET /Jurek/kamar/feeds/kamar_wortenES.xml HTTP/1.1" 200 25550106 "-" "Python-urllib/3.11"
85.232.241.194 - - [14/Jun/2025:19:41:28 +0200] "GET /Jurek/beautycare/feeds/beautycare_worten.xml HTTP/1.1" 200 1181313 "-" "Python-urllib/3.11"
85.232.241.194 - - [14/Jun/2025:19:41:28 +0200] "GET /Jurek/beautycare/feeds/beautycare_wortenES.xml HTTP/1.1" 200 1181308 "-" "Python-urllib/3.11"
85.232.241.194 - - [14/Jun/2025:19:41:28 +0200] "GET /Jurek/avenido/feeds/avenido_worten.xml HTTP/1.1" 200 720091 "-" "Python-urllib/3.11"
85.232.241.194 - - [14/Jun/2025:19:41:28 +0200] "GET /Jurek/avenido/feeds/avenido_wortenES.xml HTTP/1.1" 200 720087 "-" "Python-urllib/3.11"
85.232.241.194 - - [14/Jun/2025:19:41:34 +0200] "GET /Jurek/zenex/feeds/zenex_worten.xml HTTP/1.1" 200 540175 "-" "Python-urllib/3.11"
85.232.241.194 - - [14/Jun/2025:19:41:34 +0200] "GET /Jurek/zenex/feeds/zenex_wortenES.xml HTTP/1.1" 200 540178 "-" "Python-urllib/3.11"
85.232.241.194 - - [14/Jun/2025:19:41:34 +0200] "GET /Jurek/filmal/feeds/filmal_worten.xml HTTP/1.1" 200 139267 "-" "Python-urllib/3.11"
85.232.241.194 - - [14/Jun/2025:19:41:34 +0200] "GET /Jurek/filmal/feeds/filmal_wortenES.xml HTTP/1.1" 200 139275 "-" "Python-urllib/3.11"
85.232.241.194 - - [14/Jun/2025:19:42:23 +0200] "GET /Jurek/proadventure/feeds/proadventure_worten.xml HTTP/1.1" 200 10763639 "-" "Python-urllib/3.11"
85.232.241.194 - - [14/Jun/2025:19:42:23 +0200] "GET /Jurek/proadventure/feeds/proadventure_wortenES.xml HTTP/1.1" 200 10763617 "-" "Python-urllib/3.11"
85.232.241.194 - - [14/Jun/2025:19:42:23 +0200] "GET /Jurek/apresto/feeds/apresto_worten.xml HTTP/1.1" 200 1327658 "-" "Python-urllib/3.11"
85.232.241.194 - - [14/Jun/2025:19:42:23 +0200] "GET /Jurek/apresto/feeds/apresto_wortenES.xml HTTP/1.1" 200 1327650 "-" "Python-urllib/3.11"
66.249.64.37 - - [14/Jun/2025:19:42:35 +0200] "GET /Jurek/eurofirany/images/383348/7.jpg HTTP/1.1" 200 64895 "-" "Googlebot-Image/1.0"
85.232.241.194 - - [14/Jun/2025:19:42:36 +0200] "GET /Jurek/carbonyway/feeds/carbonyway_worten.xml HTTP/1.1" 200 3075877 "-" "Python-urllib/3.11"
85.232.241.194 - - [14/Jun/2025:19:42:36 +0200] "GET /Jurek/carbonyway/feeds/carbonyway_wortenES.xml HTTP/1.1" 200 3075961 "-" "Python-urllib/3.11"
85.232.241.194 - - [14/Jun/2025:19:42:36 +0200] "GET /Jurek/mojeledy/feeds/mojeledy_worten.xml HTTP/1.1" 200 1018445 "-" "Python-urllib/3.11"
85.232.241.194 - - [14/Jun/2025:19:42:36 +0200] "GET /Jurek/mojeledy/feeds/mojeledy_wortenES.xml HTTP/1.1" 200 1018441 "-" "Python-urllib/3.11"
85.232.241.194 - - [14/Jun/2025:19:42:36 +0200] "GET /Jurek/sovapl/feeds/sovapl_worten.xml HTTP/1.1" 200 8998941 "-" "Python-urllib/3.11"
85.232.241.194 - - [14/Jun/2025:19:42:42 +0200] "GET /Jurek/sovapl/feeds/sovapl_wortenES.xml HTTP/1.1" 200 8999285 "-" "Python-urllib/3.11"
89.161.206.59 - - [14/Jun/2025:19:43:00 +0200] "GET /Jurek/emaja24/feeds/emaja24_emagro.xml HTTP/1.0" 200 5102218 "-" "-"
66.249.64.39 - - [14/Jun/2025:19:43:27 +0200] "GET /Jurek/eurofirany/images/389927/0.jpg HTTP/1.1" 200 207776 "-" "Googlebot-Image/1.0"
85.232.241.194 - - [14/Jun/2025:19:43:46 +0200] "GET /Jurek/bloomglow/feeds/bloomglow_worten.xml HTTP/1.1" 200 14095474 "-" "Python-urllib/3.11"
85.232.241.194 - - [14/Jun/2025:19:43:46 +0200] "GET /Jurek/bloomglow/feeds/bloomglow_wortenES.xml HTTP/1.1" 200 14095511 "-" "Python-urllib/3.11"
77.79.248.229 - - [14/Jun/2025:19:44:03 +0200] "GET /Jurek/action/feeds/action_leroy.xml HTTP/1.1" 200 60837154 "-" "Python-urllib/3.11"
77.79.248.229 - - [14/Jun/2025:19:44:05 +0200] "GET /Jurek/b3/feeds/b3_leroy.xml HTTP/1.1" 200 8507238 "-" "Python-urllib/3.11"
77.79.248.229 - - [14/Jun/2025:19:44:06 +0200] "GET /Jurek/topeshop/feeds/topeshop_leroy.xml HTTP/1.1" 200 3083530 "-" "Python-urllib/3.11"
77.79.248.229 - - [14/Jun/2025:19:44:07 +0200] "GET /Jurek/eurofirany/feeds/eurofirany_leroy.xml HTTP/1.1" 200 19496482 "-" "Python-urllib/3.11"
77.79.248.229 - - [14/Jun/2025:19:44:07 +0200] "GET /Jurek/fernity/feeds/fernity_leroy.xml HTTP/1.1" 200 4960976 "-" "Python-urllib/3.11"
77.79.248.229 - - [14/Jun/2025:19:44:07 +0200] "GET /Jurek/kambukka/feeds/kambukka_leroy.xml HTTP/1.1" 200 1023443 "-" "Python-urllib/3.11"
77.79.248.229 - - [14/Jun/2025:19:44:07 +0200] "GET /Jurek/ikonka/feeds/ikonka_leroy.xml HTTP/1.1" 200 21182506 "-" "Python-urllib/3.11"
77.79.248.229 - - [14/Jun/2025:19:44:08 +0200] "GET /Jurek/oromed/feeds/oromed_leroy.xml HTTP/1.1" 200 1283927 "-" "Python-urllib/3.11"
77.79.248.229 - - [14/Jun/2025:19:44:08 +0200] "GET /Jurek/benetech/feeds/benetech_leroy.xml HTTP/1.1" 200 4165492 "-" "Python-urllib/3.11"
77.79.248.229 - - [14/Jun/2025:19:44:08 +0200] "GET /Jurek/octopia/feeds/octopia_leroy.xml HTTP/1.1" 200 10104975 "-" "Python-urllib/3.11"
77.79.248.229 - - [14/Jun/2025:19:44:09 +0200] "GET /Jurek/hdwr/feeds/hdwr_leroy.xml HTTP/1.1" 200 789434 "-" "Python-urllib/3.11"
77.79.248.229 - - [14/Jun/2025:19:44:09 +0200] "GET /Jurek/barbecook/feeds/barbecook_leroy.xml HTTP/1.1" 200 87520 "-" "Python-urllib/3.11"
77.79.248.229 - - [14/Jun/2025:19:44:09 +0200] "GET /Jurek/sempler/feeds/sempler_leroy.xml HTTP/1.1" 200 6787950 "-" "Python-urllib/3.11"
77.79.248.229 - - [14/Jun/2025:19:44:10 +0200] "GET /Jurek/kinghome/feeds/kinghome_leroy.xml HTTP/1.1" 200 6567659 "-" "Python-urllib/3.11"
77.79.248.229 - - [14/Jun/2025:19:44:10 +0200] "GET /Jurek/bimboland/feeds/bimboland_leroy.xml HTTP/1.1" 200 2758792 "-" "Python-urllib/3.11"
77.79.248.229 - - [14/Jun/2025:19:44:11 +0200] "GET /Jurek/hurtmeblowy/feeds/hurtmeblowy_leroy.xml HTTP/1.1" 200 8581309 "-" "Python-urllib/3.11"
77.79.248.229 - - [14/Jun/2025:19:44:11 +0200] "GET /Jurek/fertone/feeds/fertone_leroy.xml HTTP/1.1" 200 584069 "-" "Python-urllib/3.11"
77.79.248.229 - - [14/Jun/2025:19:44:11 +0200] "GET /Jurek/ekuchcikowo/feeds/ekuchcikowo_leroy.xml HTTP/1.1" 200 12471011 "-" "Python-urllib/3.11"
77.79.248.229 - - [14/Jun/2025:19:44:14 +0200] "GET /Jurek/intsell/feeds/intsell_leroy.xml HTTP/1.1" 200 342009326 "-" "Python-urllib/3.11"
77.79.248.229 - - [14/Jun/2025:19:44:15 +0200] "GET /Jurek/velinda/feeds/velinda_leroy.xml HTTP/1.1" 200 4227168 "-" "Python-urllib/3.11"
77.79.248.229 - - [14/Jun/2025:19:44:15 +0200] "GET /Jurek/spali/feeds/spali_leroy.xml HTTP/1.1" 200 77046 "-" "Python-urllib/3.11"
77.79.248.229 - - [14/Jun/2025:19:44:15 +0200] "GET /Jurek/urwiskowo/feeds/urwiskowo_leroy.xml HTTP/1.1" 200 9114933 "-" "Python-urllib/3.11"
77.79.248.229 - - [14/Jun/2025:19:44:15 +0200] "GET /Jurek/erohurtownia/feeds/erohurtownia_leroy.xml HTTP/1.1" 200 22846559 "-" "Python-urllib/3.11"
77.79.248.229 - - [14/Jun/2025:19:44:15 +0200] "GET /Jurek/elecomp/feeds/elecomp_leroy.xml HTTP/1.1" 200 2867710 "-" "Python-urllib/3.11"
77.79.248.229 - - [14/Jun/2025:19:44:15 +0200] "GET /Jurek/rider/feeds/rider_leroy.xml HTTP/1.1" 200 8165176 "-" "Python-urllib/3.11"
77.79.248.229 - - [14/Jun/2025:19:44:15 +0200] "GET /Jurek/eurofryz2/feeds/eurofryz2_leroy.xml HTTP/1.1" 200 1376739 "-" "Python-urllib/3.11"
77.79.248.229 - - [14/Jun/2025:19:44:15 +0200] "GET /Jurek/expertauto/feeds/expertauto_leroy.xml HTTP/1.1" 200 1158929 "-" "Python-urllib/3.11"
77.79.248.229 - - [14/Jun/2025:19:44:15 +0200] "GET /Jurek/najtanszysport/feeds/najtanszysport_leroy.xml HTTP/1.1" 200 3983089 "-" "Python-urllib/3.11"
77.79.248.229 - - [14/Jun/2025:19:44:16 +0200] "GET /Jurek/narzbud/feeds/narzbud_leroy.xml HTTP/1.1" 200 1901165 "-" "Python-urllib/3.11"
77.79.248.229 - - [14/Jun/2025:19:44:18 +0200] "GET /Jurek/awparts/feeds/awparts_leroy.xml HTTP/1.1" 200 142300530 "-" "Python-urllib/3.11"
77.79.248.229 - - [14/Jun/2025:19:44:18 +0200] "GET /Jurek/kidshop/feeds/kidshop_leroy.xml HTTP/1.1" 200 19850599 "-" "Python-urllib/3.11"
77.79.248.229 - - [14/Jun/2025:19:44:18 +0200] "GET /Jurek/playcob/feeds/playcob_leroy.xml HTTP/1.1" 200 6980126 "-" "Python-urllib/3.11"
89.161.206.59 - - [14/Jun/2025:19:44:18 +0200] "GET /Jurek/lerutrade/feeds/lerutrade_skr.xml HTTP/1.0" 200 82814 "-" "-"
77.79.248.229 - - [14/Jun/2025:19:44:19 +0200] "GET /Jurek/dropkz/feeds/dropkz_leroy.xml HTTP/1.1" 200 70014309 "-" "Python-urllib/3.11"
77.79.248.229 - - [14/Jun/2025:19:44:19 +0200] "GET /Jurek/straganbiur/feeds/straganbiur_leroy.xml HTTP/1.1" 200 8893022 "-" "Python-urllib/3.11"
77.79.248.229 - - [14/Jun/2025:19:44:19 +0200] "GET /Jurek/roger/feeds/roger_leroy.xml HTTP/1.1" 200 1396594 "-" "Python-urllib/3.11"
77.79.248.229 - - [14/Jun/2025:19:44:20 +0200] "GET /Jurek/hurtmeblowy/feeds/hurtmeblowy_leroy.xml HTTP/1.1" 200 8581309 "-" "Python-urllib/3.11"
77.79.248.229 - - [14/Jun/2025:19:44:20 +0200] "GET /Jurek/oknobest/feeds/oknobest_leroy.xml HTTP/1.1" 200 2708308 "-" "Python-urllib/3.11"
77.79.248.229 - - [14/Jun/2025:19:44:20 +0200] "GET /Jurek/german/feeds/german_leroy.xml HTTP/1.1" 200 2853562 "-" "Python-urllib/3.11"
77.79.248.229 - - [14/Jun/2025:19:44:20 +0200] "GET /Jurek/kristronik/feeds/kristronik_leroy.xml HTTP/1.1" 200 691987 "-" "Python-urllib/3.11"
77.79.248.229 - - [14/Jun/2025:19:44:20 +0200] "GET /Jurek/erohurtownia/feeds/erohurtownia_leroy.xml HTTP/1.1" 200 22846559 "-" "Python-urllib/3.11"
77.79.248.229 - - [14/Jun/2025:19:44:21 +0200] "GET /Jurek/smxdesign/feeds/smxdesign_leroy.xml HTTP/1.1" 200 1829022 "-" "Python-urllib/3.11"
77.79.248.229 - - [14/Jun/2025:19:44:21 +0200] "GET /Jurek/elavia/feeds/elavia_leroy.xml HTTP/1.1" 200 2497273 "-" "Python-urllib/3.11"
77.79.248.229 - - [14/Jun/2025:19:44:21 +0200] "GET /Jurek/relogy/feeds/relogy_leroy.xml HTTP/1.1" 200 66653102 "-" "Python-urllib/3.11"
77.79.248.229 - - [14/Jun/2025:19:44:22 +0200] "GET /Jurek/aiofactory/feeds/aiofactory_leroy.xml HTTP/1.1" 200 2123729 "-" "Python-urllib/3.11"
77.79.248.229 - - [14/Jun/2025:19:44:22 +0200] "GET /Jurek/broers/feeds/broers_leroy.xml HTTP/1.1" 200 1982551 "-" "Python-urllib/3.11"
77.79.248.229 - - [14/Jun/2025:19:44:22 +0200] "GET /Jurek/jankeski/feeds/jankeski_leroy.xml HTTP/1.1" 200 6571103 "-" "Python-urllib/3.11"
77.79.248.229 - - [14/Jun/2025:19:44:23 +0200] "GET /Jurek/cdata/feeds/cdata_leroy.xml HTTP/1.1" 200 1445148 "-" "Python-urllib/3.11"
77.79.248.229 - - [14/Jun/2025:19:44:23 +0200] "GET /Jurek/asortymenteu/feeds/asortymenteu_leroy.xml HTTP/1.1" 200 2894703 "-" "Python-urllib/3.11"
77.79.248.229 - - [14/Jun/2025:19:44:23 +0200] "GET /Jurek/biokominki/feeds/biokominki_leroy.xml HTTP/1.1" 200 1422255 "-" "Python-urllib/3.11"
77.79.248.229 - - [14/Jun/2025:19:44:23 +0200] "GET /Jurek/newtechele/feeds/newtechele_leroy.xml HTTP/1.1" 200 2438480 "-" "Python-urllib/3.11"
77.79.248.229 - - [14/Jun/2025:19:44:24 +0200] "GET /Jurek/kamar/feeds/kamar_leroy.xml HTTP/1.1" 200 25549894 "-" "Python-urllib/3.11"
77.79.248.229 - - [14/Jun/2025:19:44:24 +0200] "GET /Jurek/avenido/feeds/avenido_leroy.xml HTTP/1.1" 200 720088 "-" "Python-urllib/3.11"
77.79.248.229 - - [14/Jun/2025:19:44:25 +0200] "GET /Jurek/zenex/feeds/zenex_leroy.xml HTTP/1.1" 200 540176 "-" "Python-urllib/3.11"
77.79.248.229 - - [14/Jun/2025:19:44:25 +0200] "GET /Jurek/filmal/feeds/filmal_leroy.xml HTTP/1.1" 200 139272 "-" "Python-urllib/3.11"
77.79.248.229 - - [14/Jun/2025:19:44:25 +0200] "GET /Jurek/apresto/feeds/apresto_leroy.xml HTTP/1.1" 200 1327608 "-" "Python-urllib/3.11"
77.79.248.229 - - [14/Jun/2025:19:44:25 +0200] "GET /Jurek/nexus/feeds/nexus_leroy.xml HTTP/1.1" 200 226758 "-" "Python-urllib/3.11"
77.79.248.229 - - [14/Jun/2025:19:44:26 +0200] "GET /Jurek/em3/feeds/em3_leroy.xml HTTP/1.1" 200 258911 "-" "Python-urllib/3.11"
77.79.248.229 - - [14/Jun/2025:19:44:26 +0200] "GET /Jurek/mojeledy/feeds/mojeledy_leroy.xml HTTP/1.1" 200 1018442 "-" "Python-urllib/3.11"
77.79.248.229 - - [14/Jun/2025:19:44:26 +0200] "GET /Jurek/carbonyway/feeds/carbonyway_leroy.xml HTTP/1.1" 200 3075935 "-" "Python-urllib/3.11"
77.79.248.229 - - [14/Jun/2025:19:44:26 +0200] "GET /Jurek/proadventure/feeds/proadventure_leroy.xml HTTP/1.1" 200 10763477 "-" "Python-urllib/3.11"
77.79.248.229 - - [14/Jun/2025:19:44:26 +0200] "GET /Jurek/sklep24amk/feeds/sklep24amk_leroy.xml HTTP/1.1" 200 3894505 "-" "Python-urllib/3.11"
77.79.248.229 - - [14/Jun/2025:19:44:28 +0200] "GET /Jurek/bloomglow/feeds/bloomglow_leroy.xml HTTP/1.1" 200 14095397 "-" "Python-urllib/3.11"
77.79.248.229 - - [14/Jun/2025:19:44:35 +0200] "GET /Jurek/coppotech/feeds/coppotech_leroy.xml HTTP/1.1" 200 38049312 "-" "Python-urllib/3.11"
66.249.64.37 - - [14/Jun/2025:19:44:45 +0200] "GET /Jurek/eurofirany/images/383320/1.jpg HTTP/1.1" 200 47749 "-" "Googlebot-Image/1.0"
66.249.64.39 - - [14/Jun/2025:19:48:40 +0200] "GET /Jurek/eurofirany/images/423211/3.jpg HTTP/1.1" 200 0 "-" "Googlebot-Image/1.0"
85.232.241.194 - - [14/Jun/2025:19:49:14 +0200] "GET /Jurek/coppotech/feeds/coppotech_worten.xml HTTP/1.1" 200 38049011 "-" "Python-urllib/3.11"
85.232.241.194 - - [14/Jun/2025:19:49:14 +0200] "GET /Jurek/coppotech/feeds/coppotech_wortenES.xml HTTP/1.1" 200 38049250 "-" "Python-urllib/3.11"
66.249.64.38 - - [14/Jun/2025:19:49:59 +0200] "GET /Jurek/topeshop/downloaded_images/5904507201876_KUBABIURKOARTISAN2.png HTTP/1.1" 404 3551 "-" "Googlebot-Image/1.0"
77.79.248.229 - - [14/Jun/2025:19:50:03 +0200] "GET /Jurek/eurofirany/feeds/eurofirany_allsweet.xml HTTP/1.1" 200 19500160 "-" "Python-urllib/3.11"
77.79.248.229 - - [14/Jun/2025:19:50:04 +0200] "GET /Jurek/ikonka/feeds/ikonka_all_sweet.xml HTTP/1.1" 200 21183039 "-" "Python-urllib/3.11"
77.79.248.229 - - [14/Jun/2025:19:50:04 +0200] "GET /Jurek/stema/feeds/stema_all.xml HTTP/1.1" 200 894550 "-" "Python-urllib/3.11"
77.79.248.229 - - [14/Jun/2025:19:50:05 +0200] "GET /Jurek/eurofirany/feeds/eurofirany_all_cz.xml HTTP/1.1" 200 19515446 "-" "Python-urllib/3.11"
77.79.248.229 - - [14/Jun/2025:19:50:05 +0200] "GET /Jurek/ikonka/feeds/ikonka_all_cz.xml HTTP/1.1" 200 21184820 "-" "Python-urllib/3.11"
77.79.248.229 - - [14/Jun/2025:19:50:06 +0200] "GET /Jurek/stema/feeds/stema_all_cz.xml HTTP/1.1" 200 895030 "-" "Python-urllib/3.11"
77.79.248.229 - - [14/Jun/2025:19:50:06 +0200] "GET /Jurek/eurofirany/feeds/eurofirany_all_sk.xml HTTP/1.1" 200 19495197 "-" "Python-urllib/3.11"
77.79.248.229 - - [14/Jun/2025:19:50:07 +0200] "GET /Jurek/ikonka/feeds/ikonka_all_sk.xml HTTP/1.1" 200 21182307 "-" "Python-urllib/3.11"
77.79.248.229 - - [14/Jun/2025:19:50:08 +0200] "GET /Jurek/stema/feeds/stema_all_sk.xml HTTP/1.1" 200 894243 "-" "Python-urllib/3.11"
40.77.167.20 - - [14/Jun/2025:19:50:36 +0200] "GET /Jurek/eurofirany/images/383389/2.jpg HTTP/2.0" 200 6595 "-" "Mozilla/5.0 AppleWebKit/537.36 (KHTML, like Gecko; compatible; bingbot/2.0; +http://www.bing.com/bingbot.htm) Chrome/116.0.1938.76 Safari/537.36"
46.101.116.244 - - [14/Jun/2025:19:50:51 +0200] "GET /Jurek/hurtmeblowy/feeds/hurtmeblowy_ebay.xml HTTP/1.0" 200 5898473 "-" "-"
66.249.64.39 - - [14/Jun/2025:19:50:51 +0200] "GET /Jurek/eurofirany/images/383392/2.jpg HTTP/1.1" 200 6595 "-" "Googlebot-Image/1.0"
89.161.206.59 - - [14/Jun/2025:19:51:00 +0200] "GET /Jurek/topeshop/feeds/topeshop_ebayDE.xml HTTP/1.0" 200 2607843 "-" "-"
66.249.64.37 - - [14/Jun/2025:19:52:09 +0200] "GET /Jurek/eurofirany/images/383062/7.jpg HTTP/1.1" 200 61307 "-" "Googlebot-Image/1.0"
89.161.206.59 - - [14/Jun/2025:19:53:02 +0200] "GET /Jurek/benetech/feeds/benetech_kaufSMDE.xml HTTP/1.0" 200 4165469 "-" "-"
89.161.206.59 - - [14/Jun/2025:19:53:05 +0200] "GET /Jurek/sebmart/feeds/sebmart_kaufSMDE.xml HTTP/1.0" 200 1531144 "-" "-"
66.249.64.37 - - [14/Jun/2025:19:53:28 +0200] "GET /Jurek/eurofirany/images/409910/4.jpg HTTP/1.1" 200 93027 "-" "Googlebot-Image/1.0"
77.79.248.229 - - [14/Jun/2025:19:54:07 +0200] "GET /Jurek/vidaSI/feeds/vidaSI_bigbang.xml HTTP/1.1" 200 684607335 "-" "Python-urllib/3.11"
66.249.64.38 - - [14/Jun/2025:19:55:12 +0200] "GET /Jurek/eurofirany/images/315130/3.jpg HTTP/1.1" 200 112427 "-" "Googlebot-Image/1.0"
207.46.13.18 - - [14/Jun/2025:19:55:38 +0200] "GET /Jurek/eurofirany/images/45095/0.jpg HTTP/2.0" 200 6625 "-" "Mozilla/5.0 AppleWebKit/537.36 (KHTML, like Gecko; compatible; bingbot/2.0; +http://www.bing.com/bingbot.htm) Chrome/116.0.1938.76 Safari/537.36"
157.55.39.52 - - [14/Jun/2025:19:55:42 +0200] "GET /Jurek/eurofirany/images/5638/0.jpg HTTP/2.0" 200 6625 "-" "Mozilla/5.0 AppleWebKit/537.36 (KHTML, like Gecko; compatible; bingbot/2.0; +http://www.bing.com/bingbot.htm) Chrome/116.0.1938.76 Safari/537.36"
89.161.206.59 - - [14/Jun/2025:19:55:47 +0200] "GET /Jurek/oromed/feeds/oromed_amazonde.xml HTTP/1.0" 200 1283922 "-" "-"
89.161.206.59 - - [14/Jun/2025:19:55:47 +0200] "GET /Jurek/oromed/feeds/oromed_amazones.xml HTTP/1.0" 200 1283938 "-" "-"
89.161.206.59 - - [14/Jun/2025:19:55:47 +0200] "GET /Jurek/oromed/feeds/oromed_amazonse.xml HTTP/1.0" 200 1284158 "-" "-"
89.161.206.59 - - [14/Jun/2025:19:55:47 +0200] "GET /Jurek/oromed/feeds/oromed_amazonbe.xml HTTP/1.0" 200 1283916 "-" "-"
89.161.206.59 - - [14/Jun/2025:19:55:48 +0200] "GET /Jurek/oromed/feeds/oromed_amazonfr.xml HTTP/1.0" 200 1283932 "-" "-"
89.161.206.59 - - [14/Jun/2025:19:55:48 +0200] "GET /Jurek/oromed/feeds/oromed_amazonit.xml HTTP/1.0" 200 1283925 "-" "-"
89.161.206.59 - - [14/Jun/2025:19:55:48 +0200] "GET /Jurek/oromed/feeds/oromed_amazonnl.xml HTTP/1.0" 200 1283925 "-" "-"
46.101.116.244 - - [14/Jun/2025:19:56:03 +0200] "GET /Jurek/piotrmiedz/feeds/piotrmiedz_amazonfr.xml HTTP/1.0" 200 91048083 "-" "-"
66.249.64.38 - - [14/Jun/2025:19:56:05 +0200] "GET /Jurek/eurofirany/images/390450/10.jpg HTTP/1.1" 200 200134 "-" "Googlebot-Image/1.0"
89.161.206.59 - - [14/Jun/2025:19:56:51 +0200] "GET /Jurek/amzteam/feeds/amzteam_emagro.xml HTTP/1.0" 200 97855 "-" "-"
89.161.206.59 - - [14/Jun/2025:19:56:52 +0200] "GET /Jurek/waks/feeds/waks_emagro.xml HTTP/1.0" 200 1596552 "-" "-"
89.161.206.59 - - [14/Jun/2025:19:56:53 +0200] "GET /Jurek/fertone/feeds/fertone_emagro.xml HTTP/1.0" 200 584184 "-" "-"
178.21.154.6 - - [14/Jun/2025:19:56:53 +0200] "GET /Jurek/eurofirany/images/402734/0.jpg HTTP/1.1" 200 55105 "-" "-"
89.161.206.59 - - [14/Jun/2025:19:56:53 +0200] "GET /Jurek/swiatecznygoliat/feeds/swiatecznygoliat_emagro.xml HTTP/1.0" 200 7051388 "-" "-"
66.249.64.37 - - [14/Jun/2025:19:56:59 +0200] "GET /Jurek/topeshop/downloaded_images/5902838468463_2sonoma.png HTTP/1.1" 404 3551 "-" "Googlebot-Image/1.0"
66.249.64.38 - - [14/Jun/2025:19:57:02 +0200] "GET /Jurek/topeshop/downloaded_images/5902838468463_1sonoma.png HTTP/1.1" 404 3551 "-" "Googlebot-Image/1.0"
66.249.64.38 - - [14/Jun/2025:19:57:03 +0200] "GET /Jurek/topeshop/downloaded_images/5902838468463_3sonoma.png HTTP/1.1" 404 3551 "-" "Googlebot-Image/1.0"
66.249.64.37 - - [14/Jun/2025:19:57:10 +0200] "GET /Jurek/eurofirany/images/383106/2.jpg HTTP/1.1" 200 6595 "-" "Googlebot-Image/1.0"
89.161.206.59 - - [14/Jun/2025:19:57:34 +0200] "GET /Jurek/wenom/feeds/wenom_emagro.xml HTTP/1.0" 200 583132 "-" "-"
89.161.206.59 - - [14/Jun/2025:19:57:58 +0200] "GET /Jurek/madrex/feeds/madrex_emagro.xml HTTP/1.0" 200 466714 "-" "-"
89.161.206.59 - - [14/Jun/2025:19:57:58 +0200] "GET /Jurek/zepnij/feeds/zepnij_emagro.xml HTTP/1.0" 200 19523697 "-" "-"
89.161.206.59 - - [14/Jun/2025:19:57:59 +0200] "GET /Jurek/zenga/feeds/zenga_emagro.xml HTTP/1.0" 200 222863 "-" "-"
66.249.64.37 - - [14/Jun/2025:19:58:15 +0200] "GET /Jurek/eurofirany/images/354682/2.jpg HTTP/1.1" 200 112350 "-" "Googlebot-Image/1.0"
89.161.206.59 - - [14/Jun/2025:19:58:28 +0200] "GET /Jurek/sternhoff/feeds/sternhoff_emagro.xml HTTP/1.0" 200 1775466 "-" "-"
89.161.206.59 - - [14/Jun/2025:19:58:32 +0200] "GET /Jurek/pasiekaslodka/feeds/pasiekaslodka_emagro.xml HTTP/1.0" 200 119655 "-" "-"
89.161.206.59 - - [14/Jun/2025:19:58:59 +0200] "GET /Jurek/targethome/feeds/targethome_allegro.xml HTTP/1.0" 200 688660 "-" "-"
89.161.206.59 - - [14/Jun/2025:19:58:59 +0200] "GET /Jurek/dekornatort/feeds/dekornatort_emagro.xml HTTP/1.0" 200 225748 "-" "-"
89.161.206.59 - - [14/Jun/2025:19:58:59 +0200] "GET /Jurek/swiatecznygoliat/feeds/swiatecznygoliat_allegro.xml HTTP/1.0" 200 7051238 "-" "-"
89.161.206.59 - - [14/Jun/2025:19:59:00 +0200] "GET /Jurek/twojsklep/feeds/twojsklep_emagro.xml HTTP/1.0" 200 126816 "-" "-"
66.249.64.37 - - [14/Jun/2025:19:59:07 +0200] "GET /Jurek/topeshop/downloaded_images/5904507202392_Wymiary_biel_Obszar_roboczy_1.jpg HTTP/1.1" 200 37398 "-" "Googlebot-Image/1.0"
35.204.39.32 - - [14/Jun/2025:20:00:12 +0200] "GET /marketplaces/carrefour_fr/results/carrefour_fr.csv HTTP/1.1" 200 147219 "-" "Mirakl HttpClient"
85.14.86.141 - - [14/Jun/2025:20:00:25 +0200] "GET /Jurek/vida_morele/feeds/VidaPL_all.xml HTTP/2.0" 200 871886889 "-" "MarketplaceAPI curl/7.74.0 PHP/8"
66.249.64.39 - - [14/Jun/2025:20:00:26 +0200] "GET /Jurek/eurofirany/images/388727/7.jpg HTTP/1.1" 200 101397 "-" "Googlebot-Image/1.0"
52.17.80.36 - - [14/Jun/2025:20:00:35 +0200] "GET /marketplaces/ubaldi/results/ubaldi.csv HTTP/1.1" 200 3257003 "-" "Mirakl HttpClient"
157.55.39.52 - - [14/Jun/2025:20:00:38 +0200] "GET /Jurek/topeshop/downloaded_images/5904507209971_2.jpg HTTP/2.0" 404 3551 "-" "Mozilla/5.0 AppleWebKit/537.36 (KHTML, like Gecko; compatible; bingbot/2.0; +http://www.bing.com/bingbot.htm) Chrome/116.0.1938.76 Safari/537.36"
35.204.39.32 - - [14/Jun/2025:20:01:03 +0200] "GET /marketplaces/vente/results/vente_nl.csv HTTP/1.1" 200 2176239 "-" "Mirakl HttpClient"
46.101.116.244 - - [14/Jun/2025:20:01:04 +0200] "GET /Jurek/piotrmiedz/feeds/piotrmiedz_amazonde.xml HTTP/1.0" 200 91046032 "-" "-"
35.204.39.32 - - [14/Jun/2025:20:01:04 +0200] "GET /marketplaces/vente/results/vente_fr.csv HTTP/1.1" 200 2448118 "-" "Mirakl HttpClient"
35.204.39.32 - - [14/Jun/2025:20:01:05 +0200] "GET /marketplaces/vente/results/vente_be.csv HTTP/1.1" 200 2176054 "-" "Mirakl HttpClient"
35.204.39.32 - - [14/Jun/2025:20:01:05 +0200] "GET /marketplaces/vente/results/vente_it.csv HTTP/1.1" 200 2206228 "-" "Mirakl HttpClient"
35.204.39.32 - - [14/Jun/2025:20:01:05 +0200] "GET /marketplaces/vente/results/vente_es.csv HTTP/1.1" 200 2175485 "-" "Mirakl HttpClient"
35.204.39.32 - - [14/Jun/2025:20:01:06 +0200] "GET /marketplaces/vente/results/vente_de.csv HTTP/1.1" 200 2182227 "-" "Mirakl HttpClient"
89.161.206.59 - - [14/Jun/2025:20:01:12 +0200] "GET /Jurek/hlo/feeds/hlo_emagro.xml HTTP/1.0" 200 4838786 "-" "-"
46.101.116.244 - - [14/Jun/2025:20:01:14 +0200] "GET /Jurek/piotrmiedz/feeds/piotrmiedz_amazonit.xml HTTP/1.0" 200 91046978 "-" "-"
89.161.206.59 - - [14/Jun/2025:20:01:37 +0200] "GET /Jurek/polzoo/feeds/polzoo_emagro.xml HTTP/1.0" 200 48128487 "-" "-"
89.161.206.59 - - [14/Jun/2025:20:01:39 +0200] "GET /Jurek/german/feeds/german_emagro.xml HTTP/1.0" 200 2853974 "-" "-"
52.18.22.0 - - [14/Jun/2025:20:02:00 +0200] "GET /marketplaces/rue/results/rue.csv HTTP/1.1" 200 147219 "-" "Mirakl HttpClient"
66.249.64.38 - - [14/Jun/2025:20:02:10 +0200] "GET /Jurek/eurofirany/images/372657/6.jpg HTTP/1.1" 200 6595 "-" "Googlebot-Image/1.0"
66.249.64.38 - - [14/Jun/2025:20:02:31 +0200] "GET /Jurek/topeshop/downloaded_images/5902838464199_Opal_garderoba_biel.jpg HTTP/1.1" 404 3551 "-" "Googlebot-Image/1.0"
89.161.206.59 - - [14/Jun/2025:20:02:58 +0200] "GET /Jurek/techrebalina/feeds/techrebalina_emagro.xml HTTP/1.0" 200 2011813 "-" "-"
89.161.206.59 - - [14/Jun/2025:20:03:02 +0200] "GET /Jurek/oknobest/feeds/oknobest_emagro.xml HTTP/1.0" 200 2708610 "-" "-"
66.249.64.38 - - [14/Jun/2025:20:03:02 +0200] "GET /Jurek/eurofirany/images/383362/5.jpg HTTP/1.1" 200 93129 "-" "Googlebot-Image/1.0"
89.161.206.59 - - [14/Jun/2025:20:03:33 +0200] "GET /Jurek/beautycare/feeds/beautycare_emagro.xml HTTP/1.0" 200 1181598 "-" "-"
89.161.206.59 - - [14/Jun/2025:20:03:33 +0200] "GET /Jurek/makow/feeds/makow_emagro.xml HTTP/1.0" 200 21206140 "-" "-"
89.161.206.59 - - [14/Jun/2025:20:03:34 +0200] "GET /Jurek/globaldeli/feeds/globaldeli_emagro.xml HTTP/1.0" 200 2590918 "-" "-"
89.161.206.59 - - [14/Jun/2025:20:03:34 +0200] "GET /Jurek/hdwr/feeds/hdwr_emagro.xml HTTP/1.0" 200 789618 "-" "-"
85.14.86.141 - - [14/Jun/2025:20:03:51 +0200] "GET /Jurek/kinghoff/feeds/kinghoff_morele.xml HTTP/2.0" 200 15667554 "-" "MarketplaceAPI curl/7.74.0 PHP/8"
46.101.116.244 - - [14/Jun/2025:20:04:06 +0200] "GET /Jurek/kinghoff/feeds/kinghoff_allegro.xml HTTP/1.0" 200 15668524 "-" "-"
66.249.64.37 - - [14/Jun/2025:20:04:45 +0200] "GET /Jurek/eurofirany/images/423951/3.jpg HTTP/1.1" 200 171617 "-" "Googlebot-Image/1.0"
52.18.22.0 - - [14/Jun/2025:20:04:54 +0200] "GET /marketplaces/carrefour/results/carrefour.csv HTTP/1.1" 200 147219 "-" "Mirakl HttpClient"
207.46.13.151 - - [14/Jun/2025:20:05:40 +0200] "GET /Jurek/eurofirany/images/433254/0.jpg HTTP/2.0" 200 6625 "-" "Mozilla/5.0 AppleWebKit/537.36 (KHTML, like Gecko; compatible; bingbot/2.0; +http://www.bing.com/bingbot.htm) Chrome/116.0.1938.76 Safari/537.36"
89.161.206.59 - - [14/Jun/2025:20:05:50 +0200] "GET /Jurek/ikonka/feeds/ikonka_amazonDE.xml HTTP/1.0" 200 21182545 "-" "-"
89.161.206.59 - - [14/Jun/2025:20:05:51 +0200] "GET /Jurek/ikonka/feeds/ikonka_amazonIT.xml HTTP/1.0" 200 21182562 "-" "-"
66.249.64.38 - - [14/Jun/2025:20:05:51 +0200] "GET /Jurek/eurofirany/images/371523/11.jpg HTTP/1.1" 200 112375 "-" "Googlebot-Image/1.0"
89.161.206.59 - - [14/Jun/2025:20:05:52 +0200] "GET /Jurek/ikonka/feeds/ikonka_amazonFR.xml HTTP/1.0" 200 21182541 "-" "-"
89.161.206.59 - - [14/Jun/2025:20:05:53 +0200] "GET /Jurek/ikonka/feeds/ikonka_amazonES.xml HTTP/1.0" 200 21182548 "-" "-"
89.161.206.59 - - [14/Jun/2025:20:05:54 +0200] "GET /Jurek/ikonka/feeds/ikonka_amazonNL.xml HTTP/1.0" 200 21182547 "-" "-"
89.161.206.59 - - [14/Jun/2025:20:05:58 +0200] "GET /Jurek/waks/feeds/waks_amazonde.xml HTTP/1.0" 200 1596552 "-" "-"
89.161.206.59 - - [14/Jun/2025:20:05:58 +0200] "GET /Jurek/waks/feeds/waks_amazonfr.xml HTTP/1.0" 200 1596552 "-" "-"
89.161.206.59 - - [14/Jun/2025:20:05:58 +0200] "GET /Jurek/waks/feeds/waks_amazonit.xml HTTP/1.0" 200 1596551 "-" "-"
89.161.206.59 - - [14/Jun/2025:20:05:59 +0200] "GET /Jurek/waks/feeds/waks_amazones.xml HTTP/1.0" 200 1596552 "-" "-"
89.161.206.59 - - [14/Jun/2025:20:05:59 +0200] "GET /Jurek/waks/feeds/waks_amazonnl.xml HTTP/1.0" 200 1596551 "-" "-"
89.161.206.59 - - [14/Jun/2025:20:05:59 +0200] "GET /Jurek/waks/feeds/waks_amazonse.xml HTTP/1.0" 200 1598639 "-" "-"
66.211.183.70 - - [14/Jun/2025:20:06:21 +0200] "GET /Jurek/topeshop/downloaded_images/5904507202002_BILBAO4P__ARTISAN(4).jpg HTTP/1.1" 404 3551 "http://www.ebay.com/" "Mozilla/5.0 (Windows NT 10.0; Win64; x64) AppleWebKit/537.36 (KHTML, like Gecko) Chrome/123.0.0.0 Safari/537.36"
66.211.183.71 - - [14/Jun/2025:20:06:21 +0200] "GET /Jurek/topeshop/downloaded_images/5904507202002_BILBAO4P__ARTISAN(2).jpg HTTP/1.1" 404 3551 "http://www.ebay.com/" "Mozilla/5.0 (Windows NT 10.0; Win64; x64) AppleWebKit/537.36 (KHTML, like Gecko) Chrome/123.0.0.0 Safari/537.36"
66.211.183.73 - - [14/Jun/2025:20:06:21 +0200] "GET /Jurek/topeshop/downloaded_images/5904507202002_BILBAO4P__ARTISAN(1).jpg HTTP/1.1" 404 3551 "http://www.ebay.com/" "Mozilla/5.0 (Windows NT 10.0; Win64; x64) AppleWebKit/537.36 (KHTML, like Gecko) Chrome/123.0.0.0 Safari/537.36"
66.211.183.73 - - [14/Jun/2025:20:06:21 +0200] "GET /Jurek/topeshop/downloaded_images/5904507202002_BILBAO4P__ARTISAN(3).jpg HTTP/1.1" 404 3551 "http://www.ebay.com/" "Mozilla/5.0 (Windows NT 10.0; Win64; x64) AppleWebKit/537.36 (KHTML, like Gecko) Chrome/123.0.0.0 Safari/537.36"
66.211.183.73 - - [14/Jun/2025:20:06:22 +0200] "GET /Jurek/topeshop/downloaded_images/5904507202002_BILBAO_4P1_3_.png HTTP/1.1" 200 810253 "http://www.ebay.com/" "Mozilla/5.0 (Windows NT 10.0; Win64; x64) AppleWebKit/537.36 (KHTML, like Gecko) Chrome/123.0.0.0 Safari/537.36"
66.211.183.72 - - [14/Jun/2025:20:06:22 +0200] "GET /Jurek/topeshop/downloaded_images/5904507202002_BILBAO_4P1_3.png HTTP/1.1" 200 571721 "http://www.ebay.com/" "Mozilla/5.0 (Windows NT 10.0; Win64; x64) AppleWebKit/537.36 (KHTML, like Gecko) Chrome/123.0.0.0 Safari/537.36"
66.211.183.70 - - [14/Jun/2025:20:06:23 +0200] "GET /Jurek/topeshop/downloaded_images/5904507202002_BILBAO_4P_2_3.png HTTP/1.1" 200 1269265 "http://www.ebay.com/" "Mozilla/5.0 (Windows NT 10.0; Win64; x64) AppleWebKit/537.36 (KHTML, like Gecko) Chrome/123.0.0.0 Safari/537.36"
66.211.183.72 - - [14/Jun/2025:20:06:23 +0200] "GET /Jurek/topeshop/downloaded_images/5904507202002_BILBAO_4P_1_3.png HTTP/1.1" 200 1340462 "http://www.ebay.com/" "Mozilla/5.0 (Windows NT 10.0; Win64; x64) AppleWebKit/537.36 (KHTML, like Gecko) Chrome/123.0.0.0 Safari/537.36"
66.249.64.39 - - [14/Jun/2025:20:06:32 +0200] "GET /Jurek/topeshop/downloaded_images/5904507201883_MIJASBIURKOANTRACYTPRAWE.png HTTP/1.1" 404 3551 "-" "Googlebot-Image/1.0"
85.14.86.141 - - [14/Jun/2025:20:06:36 +0200] "GET /Jurek/eurofirany/feeds/eurofirany_morele.xml HTTP/2.0" 200 19497515 "-" "MarketplaceAPI curl/7.74.0 PHP/8"
85.14.86.141 - - [14/Jun/2025:20:06:51 +0200] "GET /Jurek/vivaldi/feeds/vivaldi_Morele-PL.xml HTTP/2.0" 200 344674 "-" "MarketplaceAPI curl/7.74.0 PHP/8"
66.249.64.38 - - [14/Jun/2025:20:07:26 +0200] "GET /Jurek/topeshop/downloaded_images/5902838466209_KUBABIURKOBRY%C5%81KASONOMAFRONTOT.jpg HTTP/1.1" 404 3551 "-" "Googlebot-Image/1.0"
66.249.64.39 - - [14/Jun/2025:20:08:09 +0200] "GET /Jurek/topeshop/downloaded_images/5904507201999_BILBAO_4P_1_2.png HTTP/1.1" 200 1380922 "-" "Googlebot-Image/1.0"
85.14.86.141 - - [14/Jun/2025:20:08:10 +0200] "GET /Jurek/aw/feeds/awnarzedzia_morele.xml HTTP/2.0" 200 90850176 "-" "MarketplaceAPI curl/7.74.0 PHP/8"
85.14.86.141 - - [14/Jun/2025:20:08:15 +0200] "GET /Jurek/vida_morele/feeds/VidaPL_morele.xml HTTP/2.0" 200 871888392 "-" "MarketplaceAPI curl/7.74.0 PHP/8"
66.249.64.37 - - [14/Jun/2025:20:08:47 +0200] "GET /Jurek/eurofirany/images/389926/2.jpg HTTP/1.1" 200 113505 "-" "Googlebot-Image/1.0"
85.14.86.141 - - [14/Jun/2025:20:09:06 +0200] "GET /Jurek/beliani/feeds/beliani_morele.xml HTTP/2.0" 200 30500475 "-" "MarketplaceAPI curl/7.74.0 PHP/8"
185.6.76.18 - - [14/Jun/2025:20:09:14 +0200] "GET /marketplaces/skroutz/feeds/shumee.xml HTTP/1.1" 200 412231411 "-" "SkroutzBot v1.0"
66.249.64.39 - - [14/Jun/2025:20:09:27 +0200] "GET /Jurek/eurofirany/images/460789/1.jpg HTTP/1.1" 200 122967 "-" "Googlebot-Image/1.0"
66.249.64.38 - - [14/Jun/2025:20:10:07 +0200] "GET /Jurek/eurofirany/images/422324/7.jpg HTTP/1.1" 200 67890 "-" "Googlebot-Image/1.0"
52.167.144.156 - - [14/Jun/2025:20:10:38 +0200] "GET /Jurek/topeshop/downloaded_images/5902838467466_2.jpg HTTP/2.0" 404 3551 "-" "Mozilla/5.0 AppleWebKit/537.36 (KHTML, like Gecko; compatible; bingbot/2.0; +http://www.bing.com/bingbot.htm) Chrome/116.0.1938.76 Safari/537.36"
89.161.206.59 - - [14/Jun/2025:20:10:43 +0200] "GET /Jurek/kambukka/feeds/kambukka_amazonfr.xml HTTP/1.0" 200 1023444 "-" "-"
157.55.39.9 - - [14/Jun/2025:20:10:43 +0200] "GET /Jurek/eurofirany/images/433253/0.jpg HTTP/2.0" 200 6625 "-" "Mozilla/5.0 AppleWebKit/537.36 (KHTML, like Gecko; compatible; bingbot/2.0; +http://www.bing.com/bingbot.htm) Chrome/116.0.1938.76 Safari/537.36"
89.161.206.59 - - [14/Jun/2025:20:10:43 +0200] "GET /Jurek/kambukka/feeds/kambukka_amazonit.xml HTTP/1.0" 200 1023449 "-" "-"
89.161.206.59 - - [14/Jun/2025:20:10:43 +0200] "GET /Jurek/kambukka/feeds/kambukka_amazones.xml HTTP/1.0" 200 1023430 "-" "-"
89.161.206.59 - - [14/Jun/2025:20:10:43 +0200] "GET /Jurek/kambukka/feeds/kambukka_amazonnl.xml HTTP/1.0" 200 1023280 "-" "-"
89.161.206.59 - - [14/Jun/2025:20:10:43 +0200] "GET /Jurek/kambukka/feeds/kambukka_amazonse.xml HTTP/1.0" 200 1023692 "-" "-"
89.161.206.59 - - [14/Jun/2025:20:10:50 +0200] "GET /Jurek/eurofirany/feeds/eurofirany_amazonNL.xml HTTP/1.0" 200 19495962 "-" "-"
89.161.206.59 - - [14/Jun/2025:20:10:52 +0200] "GET /Jurek/eurofirany/feeds/eurofirany_amazonIT.xml HTTP/1.0" 200 19496145 "-" "-"
89.161.206.59 - - [14/Jun/2025:20:10:54 +0200] "GET /Jurek/eurofirany/feeds/eurofirany_amazonSE.xml HTTP/1.0" 200 19513879 "-" "-"
89.161.206.59 - - [14/Jun/2025:20:10:56 +0200] "GET /Jurek/eurofirany/feeds/eurofirany_amazaon_de.xml HTTP/1.0" 200 19495933 "-" "-"
66.249.64.39 - - [14/Jun/2025:20:11:07 +0200] "GET /Jurek/eurofirany/images/402762/4.jpg HTTP/1.1" 200 6595 "-" "Googlebot-Image/1.0"
66.249.64.37 - - [14/Jun/2025:20:11:48 +0200] "GET /Jurek/eurofirany/images/382249/2.jpg HTTP/1.1" 200 6595 "-" "Googlebot-Image/1.0"
66.249.64.38 - - [14/Jun/2025:20:12:28 +0200] "GET /Jurek/topeshop/downloaded_images/5902838466209_KUBABIURKOBRY%C5%81KASONOMABOKZM.jpg HTTP/1.1" 404 3551 "-" "Googlebot-Image/1.0"
66.249.64.39 - - [14/Jun/2025:20:13:49 +0200] "GET /Jurek/eurofirany/images/408993/7.jpg HTTP/1.1" 200 210517 "-" "Googlebot-Image/1.0"
66.249.64.38 - - [14/Jun/2025:20:14:28 +0200] "GET /Jurek/eurofirany/images/405402/3.jpg HTTP/1.1" 200 16503 "-" "Googlebot-Image/1.0"
66.249.64.38 - - [14/Jun/2025:20:14:41 +0200] "GET /Jurek/topeshop/downloaded_images/5904507201999_BILBAO4P__BIEL(3).jpg HTTP/1.1" 404 3551 "-" "Googlebot-Image/1.0"
66.249.64.37 - - [14/Jun/2025:20:14:41 +0200] "GET /Jurek/topeshop/downloaded_images/5904507201999_BILBAO4P__BIEL(1).jpg HTTP/1.1" 404 3551 "-" "Googlebot-Image/1.0"
66.249.64.37 - - [14/Jun/2025:20:14:43 +0200] "GET /Jurek/topeshop/downloaded_images/5904507201999_BILBAO4P__BIEL(2).jpg HTTP/1.1" 404 3551 "-" "Googlebot-Image/1.0"
66.135.223.42 - - [14/Jun/2025:20:14:49 +0200] "GET /Jurek/topeshop/downloaded_images/5902838468012_Plus_biel_wiz.jpg HTTP/1.1" 404 3551 "http://www.ebay.com/" "Mozilla/5.0 (Windows NT 10.0; Win64; x64) AppleWebKit/537.36 (KHTML, like Gecko) Chrome/123.0.0.0 Safari/537.36"
66.135.223.44 - - [14/Jun/2025:20:14:49 +0200] "GET /Jurek/topeshop/downloaded_images/5902838468012_23_white_pp.jpg HTTP/1.1" 200 104072 "http://www.ebay.com/" "Mozilla/5.0 (Windows NT 10.0; Win64; x64) AppleWebKit/537.36 (KHTML, like Gecko) Chrome/123.0.0.0 Safari/537.36"
66.135.223.43 - - [14/Jun/2025:20:14:49 +0200] "GET /Jurek/topeshop/downloaded_images/5902838468012_23_white_(1).png HTTP/1.1" 200 175821 "http://www.ebay.com/" "Mozilla/5.0 (Windows NT 10.0; Win64; x64) AppleWebKit/537.36 (KHTML, like Gecko) Chrome/123.0.0.0 Safari/537.36"
89.161.206.59 - - [14/Jun/2025:20:14:57 +0200] "GET /Jurek/amzteam/feeds/amzteam_skroutz.xml HTTP/1.0" 200 95854 "-" "-"
66.249.64.37 - - [14/Jun/2025:20:15:28 +0200] "GET /Jurek/eurofirany/images/416783/0.jpg HTTP/1.1" 200 118973 "-" "Googlebot-Image/1.0"
157.55.39.9 - - [14/Jun/2025:20:15:40 +0200] "GET /Jurek/eurofirany/images/433260/0.jpg HTTP/2.0" 200 6625 "-" "Mozilla/5.0 AppleWebKit/537.36 (KHTML, like Gecko; compatible; bingbot/2.0; +http://www.bing.com/bingbot.htm) Chrome/116.0.1938.76 Safari/537.36"
89.161.206.59 - - [14/Jun/2025:20:15:51 +0200] "GET /Jurek/oromed/feeds/oromed_skroutz.xml HTTP/1.0" 200 1283929 "-" "-"
66.249.64.38 - - [14/Jun/2025:20:16:09 +0200] "GET /Jurek/eurofirany/images/391481/2.jpg HTTP/1.1" 200 79878 "-" "Googlebot-Image/1.0"
66.249.64.37 - - [14/Jun/2025:20:16:49 +0200] "GET /Jurek/topeshop/downloaded_images/5902838464359_KUBABIURKOBRY%C5%81KABIELBOKOT.jpg HTTP/1.1" 404 3551 "-" "Googlebot-Image/1.0"
66.249.64.38 - - [14/Jun/2025:20:17:30 +0200] "GET /Jurek/eurofirany/images/11748/4.jpg HTTP/1.1" 200 150754 "-" "Googlebot-Image/1.0"
66.249.64.37 - - [14/Jun/2025:20:19:11 +0200] "GET /Jurek/eurofirany/images/390455/3.jpg HTTP/1.1" 200 311350 "-" "Googlebot-Image/1.0"
66.249.64.39 - - [14/Jun/2025:20:20:11 +0200] "GET /Jurek/topeshop/downloaded_images/5904507202392_biel.png HTTP/1.1" 200 1318714 "-" "Googlebot-Image/1.0"
52.167.144.138 - - [14/Jun/2025:20:20:49 +0200] "GET /Jurek/eurofirany/images/383389/3.jpg HTTP/2.0" 200 6595 "-" "Mozilla/5.0 AppleWebKit/537.36 (KHTML, like Gecko; compatible; bingbot/2.0; +http://www.bing.com/bingbot.htm) Chrome/116.0.1938.76 Safari/537.36"
66.249.64.37 - - [14/Jun/2025:20:20:50 +0200] "GET /Jurek/eurofirany/images/378536/3.jpg HTTP/1.1" 200 49396 "-" "Googlebot-Image/1.0"
66.249.64.38 - - [14/Jun/2025:20:21:31 +0200] "GET /Jurek/eurofirany/images/383351/1.jpg HTTP/1.1" 200 73752 "-" "Googlebot-Image/1.0"
66.211.183.74 - - [14/Jun/2025:20:22:01 +0200] "GET /Jurek/topeshop/downloaded_images/5904507200299_3-otwarty-artisan.jpg HTTP/1.1" 200 38910 "http://www.ebay.com/" "Mozilla/5.0 (Windows NT 10.0; Win64; x64) AppleWebKit/537.36 (KHTML, like Gecko) Chrome/123.0.0.0 Safari/537.36"
66.211.183.71 - - [14/Jun/2025:20:22:01 +0200] "GET /Jurek/topeshop/downloaded_images/5904507200299_porawny-1-artisan.jpg HTTP/1.1" 200 21469 "http://www.ebay.com/" "Mozilla/5.0 (Windows NT 10.0; Win64; x64) AppleWebKit/537.36 (KHTML, like Gecko) Chrome/123.0.0.0 Safari/537.36"
66.211.183.70 - - [14/Jun/2025:20:22:01 +0200] "GET /Jurek/topeshop/downloaded_images/5904507200299_4.jpg HTTP/1.1" 200 27718 "http://www.ebay.com/" "Mozilla/5.0 (Windows NT 10.0; Win64; x64) AppleWebKit/537.36 (KHTML, like Gecko) Chrome/123.0.0.0 Safari/537.36"
66.211.183.70 - - [14/Jun/2025:20:22:01 +0200] "GET /Jurek/topeshop/downloaded_images/5904507200299_3.jpg HTTP/1.1" 200 23598 "http://www.ebay.com/" "Mozilla/5.0 (Windows NT 10.0; Win64; x64) AppleWebKit/537.36 (KHTML, like Gecko) Chrome/123.0.0.0 Safari/537.36"
66.211.183.74 - - [14/Jun/2025:20:22:01 +0200] "GET /Jurek/topeshop/downloaded_images/5904507200299_4-final-artisan.jpg HTTP/1.1" 200 34216 "http://www.ebay.com/" "Mozilla/5.0 (Windows NT 10.0; Win64; x64) AppleWebKit/537.36 (KHTML, like Gecko) Chrome/123.0.0.0 Safari/537.36"
66.211.183.73 - - [14/Jun/2025:20:22:01 +0200] "GET /Jurek/topeshop/downloaded_images/5904507200299_SD-50artisan20008orgina%C5%82(27).png HTTP/1.1" 404 3551 "http://www.ebay.com/" "Mozilla/5.0 (Windows NT 10.0; Win64; x64) AppleWebKit/537.36 (KHTML, like Gecko) Chrome/123.0.0.0 Safari/537.36"
66.211.183.74 - - [14/Jun/2025:20:22:01 +0200] "GET /Jurek/topeshop/downloaded_images/5904507200299_SD-50artisan20008orgina%C5%82(26).png HTTP/1.1" 404 3551 "http://www.ebay.com/" "Mozilla/5.0 (Windows NT 10.0; Win64; x64) AppleWebKit/537.36 (KHTML, like Gecko) Chrome/123.0.0.0 Safari/537.36"
66.211.183.71 - - [14/Jun/2025:20:22:01 +0200] "GET /Jurek/topeshop/downloaded_images/5904507200299_SD-50artisan20008orgina%C5%82(28).png HTTP/1.1" 404 3551 "http://www.ebay.com/" "Mozilla/5.0 (Windows NT 10.0; Win64; x64) AppleWebKit/537.36 (KHTML, like Gecko) Chrome/123.0.0.0 Safari/537.36"
66.211.183.71 - - [14/Jun/2025:20:22:01 +0200] "GET /Jurek/topeshop/downloaded_images/5904507200299_SD-50artisan20008orgina%C5%82(25).png HTTP/1.1" 404 3551 "http://www.ebay.com/" "Mozilla/5.0 (Windows NT 10.0; Win64; x64) AppleWebKit/537.36 (KHTML, like Gecko) Chrome/123.0.0.0 Safari/537.36"
66.249.64.37 - - [14/Jun/2025:20:22:11 +0200] "GET /Jurek/eurofirany/images/398788/7.jpg HTTP/1.1" 200 125737 "-" "Googlebot-Image/1.0"
66.249.64.37 - - [14/Jun/2025:20:22:51 +0200] "GET /Jurek/eurofirany/images/383463/3.jpg HTTP/1.1" 200 39089 "-" "Googlebot-Image/1.0"
46.101.116.244 - - [14/Jun/2025:20:23:14 +0200] "GET /Jurek/vida_morele/feeds/vidaPL_velomarket_category2.xml HTTP/1.0" 200 54650457 "-" "-"
46.101.116.244 - - [14/Jun/2025:20:23:21 +0200] "GET /Jurek/vida_morele/feeds/vidaPL_velomarket_category1.xml HTTP/1.0" 200 192321908 "-" "-"
66.249.64.38 - - [14/Jun/2025:20:23:31 +0200] "GET /Jurek/eurofirany/images/390399/0.jpg HTTP/1.1" 200 109763 "-" "Googlebot-Image/1.0"
46.101.116.244 - - [14/Jun/2025:20:23:33 +0200] "GET /Jurek/vida_morele/feeds/vidaPL_velomarket_category3.xml HTTP/1.0" 200 63702141 "-" "-"
46.101.116.244 - - [14/Jun/2025:20:23:38 +0200] "GET /Jurek/vida_morele/feeds/vidaPL_velomarket_category4.xml HTTP/1.0" 200 56624305 "-" "-"
46.101.116.244 - - [14/Jun/2025:20:23:44 +0200] "GET /Jurek/vida_morele/feeds/vidaPL_velomarket_category5.xml HTTP/1.0" 200 147553913 "-" "-"
89.161.206.59 - - [14/Jun/2025:20:23:48 +0200] "GET /Jurek/eroplace/feeds/eroplace_amazonnl.xml HTTP/1.0" 200 52135010 "-" "-"
89.161.206.59 - - [14/Jun/2025:20:23:59 +0200] "GET /Jurek/benetech/feeds/benetech_aliex.xml HTTP/1.0" 200 4165735 "-" "-"
89.161.206.59 - - [14/Jun/2025:20:24:00 +0200] "GET /Jurek/slayo/feeds/slayo_aliex.xml HTTP/1.0" 200 183594 "-" "-"
89.161.206.59 - - [14/Jun/2025:20:24:00 +0200] "GET /Jurek/hdwr/feeds/hdwr_aliex.xml HTTP/1.0" 200 789608 "-" "-"
89.161.206.59 - - [14/Jun/2025:20:24:00 +0200] "GET /Jurek/targethome/feeds/targethome_aliex.xml HTTP/1.0" 200 688681 "-" "-"
89.161.206.59 - - [14/Jun/2025:20:24:00 +0200] "GET /Jurek/amzteam/feeds/amzteam_aliex.xml HTTP/1.0" 200 97864 "-" "-"
89.161.206.59 - - [14/Jun/2025:20:24:00 +0200] "GET /Jurek/ralmetal/feeds/ralmetal_aliex.xml HTTP/1.0" 200 2040580 "-" "-"
89.161.206.59 - - [14/Jun/2025:20:24:01 +0200] "GET /Jurek/cbdgreen/feeds/cbdgreen_aliex.xml HTTP/1.0" 200 50549 "-" "-"
89.161.206.59 - - [14/Jun/2025:20:24:01 +0200] "GET /Jurek/drops/feeds/dropsofficecolection_aliex.xml HTTP/1.0" 200 791322 "-" "-"
89.161.206.59 - - [14/Jun/2025:20:24:01 +0200] "GET /Jurek/szpaklampy/feeds/szpaklampy_aliex.xml HTTP/1.0" 200 388359 "-" "-"
89.161.206.59 - - [14/Jun/2025:20:24:01 +0200] "GET /Jurek/velinda/feeds/velinda_aliex.xml HTTP/1.0" 200 4228104 "-" "-"
89.161.206.59 - - [14/Jun/2025:20:24:02 +0200] "GET /Jurek/spali/feeds/spali_aliex.xml HTTP/1.0" 200 77063 "-" "-"
89.161.206.59 - - [14/Jun/2025:20:24:02 +0200] "GET /Jurek/topeshop/feeds/topeshop_aliexpress.xml HTTP/1.0" 200 3083870 "-" "-"
89.161.206.59 - - [14/Jun/2025:20:24:03 +0200] "GET /Jurek/beltimore/feeds/beltimore_aliexpress.xml HTTP/1.0" 200 18654925 "-" "-"
66.249.64.39 - - [14/Jun/2025:20:24:32 +0200] "GET /Jurek/eurofirany/images/383463/4.jpg HTTP/1.1" 200 6595 "-" "Googlebot-Image/1.0"
89.161.206.59 - - [14/Jun/2025:20:25:51 +0200] "GET /Jurek/kambukka/feeds/kambukka_emagro.xml HTTP/1.0" 200 1023528 "-" "-"
89.161.206.59 - - [14/Jun/2025:20:25:52 +0200] "GET /Jurek/eroplace/feeds/eroplace_emagro.xml HTTP/1.0" 200 52165593 "-" "-"
66.249.64.37 - - [14/Jun/2025:20:25:52 +0200] "GET /Jurek/eurofirany/images/410687/5.jpg HTTP/1.1" 200 113626 "-" "Googlebot-Image/1.0"
66.249.64.38 - - [14/Jun/2025:20:26:01 +0200] "GET /Jurek/topeshop/downloaded_images/5904507200282_SD-50sonoma20008orgina%C5%82(28).png HTTP/1.1" 404 3551 "-" "Googlebot-Image/1.0"
66.249.64.37 - - [14/Jun/2025:20:26:04 +0200] "GET /Jurek/topeshop/downloaded_images/5904507200282_SD-50sonoma20008orgina%C5%82(27).png HTTP/1.1" 404 3551 "-" "Googlebot-Image/1.0"
66.249.64.37 - - [14/Jun/2025:20:26:05 +0200] "GET /Jurek/topeshop/downloaded_images/5904507200282_4-(1).jpg HTTP/1.1" 404 3551 "-" "Googlebot-Image/1.0"
66.249.64.37 - - [14/Jun/2025:20:26:32 +0200] "GET /Jurek/eurofirany/images/390424/8.jpg HTTP/1.1" 200 122714 "-" "Googlebot-Image/1.0"
66.249.64.37 - - [14/Jun/2025:20:27:12 +0200] "GET /Jurek/eurofirany/images/333276/4.jpg HTTP/1.1" 200 76998 "-" "Googlebot-Image/1.0"
