85.232.241.194 - - [13/Jun/2025:11:40:11 +0200] "GET /Jurek/broers/feeds/broers_worten.xml HTTP/1.1" 200 1982514 "-" "Python-urllib/3.11"
85.232.241.194 - - [13/Jun/2025:11:40:12 +0200] "GET /Jurek/broers/feeds/broers_wortenES.xml HTTP/1.1" 200 1982544 "-" "Python-urllib/3.11"
85.232.241.194 - - [13/Jun/2025:11:40:18 +0200] "GET /Jurek/cdata/feeds/cdata_worten.xml HTTP/1.1" 200 1445189 "-" "Python-urllib/3.11"
85.232.241.194 - - [13/Jun/2025:11:40:19 +0200] "GET /Jurek/cdata/feeds/cdata_wortenES.xml HTTP/1.1" 200 1445195 "-" "Python-urllib/3.11"
85.232.241.194 - - [13/Jun/2025:11:40:19 +0200] "GET /Jurek/asortymenteu/feeds/asortymenteu_worten.xml HTTP/1.1" 200 2894573 "-" "Python-urllib/3.11"
85.232.241.194 - - [13/Jun/2025:11:40:19 +0200] "GET /Jurek/cdata/feeds/cdata_wortenES.xml HTTP/1.1" 200 1445195 "-" "Python-urllib/3.11"
85.232.241.194 - - [13/Jun/2025:11:40:25 +0200] "GET /Jurek/newtechele/feeds/newtechele_worten.xml HTTP/1.1" 200 2438493 "-" "Python-urllib/3.11"
85.232.241.194 - - [13/Jun/2025:11:40:25 +0200] "GET /Jurek/newtechele/feeds/newtechele_wortenES.xml HTTP/1.1" 200 2438496 "-" "Python-urllib/3.11"
85.232.241.194 - - [13/Jun/2025:11:40:26 +0200] "GET /Jurek/omi/feeds/omi_worten.xml HTTP/1.1" 200 8100726 "-" "Python-urllib/3.11"
85.232.241.194 - - [13/Jun/2025:11:40:26 +0200] "GET /Jurek/omi/feeds/omi_wortenES.xml HTTP/1.1" 200 8100710 "-" "Python-urllib/3.11"
85.232.241.194 - - [13/Jun/2025:11:40:38 +0200] "GET /Jurek/kamar/feeds/kamar_worten.xml HTTP/1.1" 200 25550427 "-" "Python-urllib/3.11"
85.232.241.194 - - [13/Jun/2025:11:40:43 +0200] "GET /Jurek/kamar/feeds/kamar_wortenES.xml HTTP/1.1" 200 25549998 "-" "Python-urllib/3.11"
85.232.241.194 - - [13/Jun/2025:11:40:43 +0200] "GET /Jurek/beautycare/feeds/beautycare_worten.xml HTTP/1.1" 200 1181308 "-" "Python-urllib/3.11"
85.232.241.194 - - [13/Jun/2025:11:40:44 +0200] "GET /Jurek/beautycare/feeds/beautycare_wortenES.xml HTTP/1.1" 200 1181307 "-" "Python-urllib/3.11"
85.232.241.194 - - [13/Jun/2025:11:40:44 +0200] "GET /Jurek/avenido/feeds/avenido_worten.xml HTTP/1.1" 200 720087 "-" "Python-urllib/3.11"
85.232.241.194 - - [13/Jun/2025:11:40:44 +0200] "GET /Jurek/avenido/feeds/avenido_wortenES.xml HTTP/1.1" 200 720087 "-" "Python-urllib/3.11"
89.161.206.59 - - [13/Jun/2025:11:40:46 +0200] "GET /Jurek/ikonka/feeds/ikonka_amazonDE.xml HTTP/1.0" 200 21093333 "-" "-"
89.161.206.59 - - [13/Jun/2025:11:40:47 +0200] "GET /Jurek/ikonka/feeds/ikonka_amazonIT.xml HTTP/1.0" 200 21093353 "-" "-"
89.161.206.59 - - [13/Jun/2025:11:40:48 +0200] "GET /Jurek/ikonka/feeds/ikonka_amazonFR.xml HTTP/1.0" 200 21093331 "-" "-"
89.161.206.59 - - [13/Jun/2025:11:40:49 +0200] "GET /Jurek/ikonka/feeds/ikonka_amazonES.xml HTTP/1.0" 200 21093337 "-" "-"
89.161.206.59 - - [13/Jun/2025:11:40:50 +0200] "GET /Jurek/ikonka/feeds/ikonka_amazonNL.xml HTTP/1.0" 200 21093337 "-" "-"
85.232.241.194 - - [13/Jun/2025:11:40:50 +0200] "GET /Jurek/zenex/feeds/zenex_worten.xml HTTP/1.1" 200 540202 "-" "Python-urllib/3.11"
85.232.241.194 - - [13/Jun/2025:11:40:50 +0200] "GET /Jurek/zenex/feeds/zenex_wortenES.xml HTTP/1.1" 200 540190 "-" "Python-urllib/3.11"
85.232.241.194 - - [13/Jun/2025:11:40:51 +0200] "GET /Jurek/filmal/feeds/filmal_worten.xml HTTP/1.1" 200 139275 "-" "Python-urllib/3.11"
85.232.241.194 - - [13/Jun/2025:11:40:51 +0200] "GET /Jurek/filmal/feeds/filmal_wortenES.xml HTTP/1.1" 200 139272 "-" "Python-urllib/3.11"
66.249.64.37 - - [13/Jun/2025:11:40:53 +0200] "GET /Jurek/eurofirany/images/383353/0.jpg HTTP/1.1" 200 79685 "-" "Googlebot-Image/1.0"
85.232.241.194 - - [13/Jun/2025:11:41:41 +0200] "GET /Jurek/proadventure/feeds/proadventure_worten.xml HTTP/1.1" 200 10763641 "-" "Python-urllib/3.11"
85.232.241.194 - - [13/Jun/2025:11:41:41 +0200] "GET /Jurek/proadventure/feeds/proadventure_wortenES.xml HTTP/1.1" 200 10763618 "-" "Python-urllib/3.11"
85.232.241.194 - - [13/Jun/2025:11:41:42 +0200] "GET /Jurek/apresto/feeds/apresto_worten.xml HTTP/1.1" 200 1327658 "-" "Python-urllib/3.11"
85.232.241.194 - - [13/Jun/2025:11:41:42 +0200] "GET /Jurek/apresto/feeds/apresto_wortenES.xml HTTP/1.1" 200 1327650 "-" "Python-urllib/3.11"
66.249.64.38 - - [13/Jun/2025:11:41:52 +0200] "GET /Jurek/eurofirany/images/390398/9.jpg HTTP/1.1" 200 98674 "-" "Googlebot-Image/1.0"
85.232.241.194 - - [13/Jun/2025:11:41:54 +0200] "GET /Jurek/carbonyway/feeds/carbonyway_worten.xml HTTP/1.1" 200 3075911 "-" "Python-urllib/3.11"
85.232.241.194 - - [13/Jun/2025:11:41:54 +0200] "GET /Jurek/carbonyway/feeds/carbonyway_wortenES.xml HTTP/1.1" 200 3075951 "-" "Python-urllib/3.11"
85.232.241.194 - - [13/Jun/2025:11:41:54 +0200] "GET /Jurek/mojeledy/feeds/mojeledy_worten.xml HTTP/1.1" 200 1018445 "-" "Python-urllib/3.11"
85.232.241.194 - - [13/Jun/2025:11:41:54 +0200] "GET /Jurek/mojeledy/feeds/mojeledy_wortenES.xml HTTP/1.1" 200 1018441 "-" "Python-urllib/3.11"
85.232.241.194 - - [13/Jun/2025:11:41:54 +0200] "GET /Jurek/sovapl/feeds/sovapl_worten.xml HTTP/1.1" 200 8998941 "-" "Python-urllib/3.11"
85.232.241.194 - - [13/Jun/2025:11:42:03 +0200] "GET /Jurek/sovapl/feeds/sovapl_wortenES.xml HTTP/1.1" 200 8999285 "-" "Python-urllib/3.11"
66.249.64.37 - - [13/Jun/2025:11:42:14 +0200] "GET /Jurek/eurofirany/images/383464/4.jpg HTTP/1.1" 200 6595 "-" "Googlebot-Image/1.0"
66.249.64.37 - - [13/Jun/2025:11:42:22 +0200] "GET /Jurek/eurofirany/images/409416/8.jpg HTTP/1.1" 200 124457 "-" "Googlebot-Image/1.0"
18.157.125.26 - - [13/Jun/2025:11:43:09 +0200] "GET /Jurek/topeshop/downloaded_images/5902838469804_close_DD_nogi_bry%C5%82a.png HTTP/2.0" 200 68556 "-" "Mozilla/5.0 (Windows NT 10.0; Win64; x64) AppleWebKit/537.36 (KHTML, like Gecko) Chrome/109.0.0.0 Safari/537.36"
85.232.241.194 - - [13/Jun/2025:11:43:11 +0200] "GET /Jurek/bloomglow/feeds/bloomglow_worten.xml HTTP/1.1" 200 14095478 "-" "Python-urllib/3.11"
85.232.241.194 - - [13/Jun/2025:11:43:11 +0200] "GET /Jurek/bloomglow/feeds/bloomglow_wortenES.xml HTTP/1.1" 200 14095515 "-" "Python-urllib/3.11"
66.249.64.38 - - [13/Jun/2025:11:43:53 +0200] "GET /Jurek/eurofirany/images/423211/1.jpg HTTP/1.1" 200 107554 "-" "Googlebot-Image/1.0"
77.79.248.229 - - [13/Jun/2025:11:44:03 +0200] "GET /Jurek/action/feeds/action_leroy.xml HTTP/1.1" 200 60838066 "-" "Python-urllib/3.11"
77.79.248.229 - - [13/Jun/2025:11:44:06 +0200] "GET /Jurek/b3/feeds/b3_leroy.xml HTTP/1.1" 200 8505458 "-" "Python-urllib/3.11"
77.79.248.229 - - [13/Jun/2025:11:44:07 +0200] "GET /Jurek/topeshop/feeds/topeshop_leroy.xml HTTP/1.1" 200 3083532 "-" "Python-urllib/3.11"
77.79.248.229 - - [13/Jun/2025:11:44:08 +0200] "GET /Jurek/eurofirany/feeds/eurofirany_leroy.xml HTTP/1.1" 200 19500007 "-" "Python-urllib/3.11"
77.79.248.229 - - [13/Jun/2025:11:44:09 +0200] "GET /Jurek/fernity/feeds/fernity_leroy.xml HTTP/1.1" 200 4960988 "-" "Python-urllib/3.11"
77.79.248.229 - - [13/Jun/2025:11:44:09 +0200] "GET /Jurek/kambukka/feeds/kambukka_leroy.xml HTTP/1.1" 200 1023448 "-" "Python-urllib/3.11"
77.79.248.229 - - [13/Jun/2025:11:44:09 +0200] "GET /Jurek/ikonka/feeds/ikonka_leroy.xml HTTP/1.1" 200 21093295 "-" "Python-urllib/3.11"
77.79.248.229 - - [13/Jun/2025:11:44:10 +0200] "GET /Jurek/oromed/feeds/oromed_leroy.xml HTTP/1.1" 200 1279276 "-" "Python-urllib/3.11"
77.79.248.229 - - [13/Jun/2025:11:44:10 +0200] "GET /Jurek/benetech/feeds/benetech_leroy.xml HTTP/1.1" 200 4165494 "-" "Python-urllib/3.11"
77.79.248.229 - - [13/Jun/2025:11:44:10 +0200] "GET /Jurek/octopia/feeds/octopia_leroy.xml HTTP/1.1" 200 10104975 "-" "Python-urllib/3.11"
77.79.248.229 - - [13/Jun/2025:11:44:11 +0200] "GET /Jurek/hdwr/feeds/hdwr_leroy.xml HTTP/1.1" 200 789435 "-" "Python-urllib/3.11"
77.79.248.229 - - [13/Jun/2025:11:44:11 +0200] "GET /Jurek/barbecook/feeds/barbecook_leroy.xml HTTP/1.1" 200 87520 "-" "Python-urllib/3.11"
77.79.248.229 - - [13/Jun/2025:11:44:11 +0200] "GET /Jurek/sempler/feeds/sempler_leroy.xml HTTP/1.1" 200 6787950 "-" "Python-urllib/3.11"
77.79.248.229 - - [13/Jun/2025:11:44:12 +0200] "GET /Jurek/kinghome/feeds/kinghome_leroy.xml HTTP/1.1" 200 6567659 "-" "Python-urllib/3.11"
77.79.248.229 - - [13/Jun/2025:11:44:12 +0200] "GET /Jurek/bimboland/feeds/bimboland_leroy.xml HTTP/1.1" 200 2758835 "-" "Python-urllib/3.11"
77.79.248.229 - - [13/Jun/2025:11:44:13 +0200] "GET /Jurek/hurtmeblowy/feeds/hurtmeblowy_leroy.xml HTTP/1.1" 200 8581309 "-" "Python-urllib/3.11"
77.79.248.229 - - [13/Jun/2025:11:44:13 +0200] "GET /Jurek/fertone/feeds/fertone_leroy.xml HTTP/1.1" 200 584069 "-" "Python-urllib/3.11"
77.79.248.229 - - [13/Jun/2025:11:44:13 +0200] "GET /Jurek/ekuchcikowo/feeds/ekuchcikowo_leroy.xml HTTP/1.1" 200 12471021 "-" "Python-urllib/3.11"
77.79.248.229 - - [13/Jun/2025:11:44:17 +0200] "GET /Jurek/intsell/feeds/intsell_leroy.xml HTTP/1.1" 200 342009326 "-" "Python-urllib/3.11"
77.79.248.229 - - [13/Jun/2025:11:44:17 +0200] "GET /Jurek/velinda/feeds/velinda_leroy.xml HTTP/1.1" 200 4227168 "-" "Python-urllib/3.11"
77.79.248.229 - - [13/Jun/2025:11:44:17 +0200] "GET /Jurek/spali/feeds/spali_leroy.xml HTTP/1.1" 200 77046 "-" "Python-urllib/3.11"
77.79.248.229 - - [13/Jun/2025:11:44:17 +0200] "GET /Jurek/urwiskowo/feeds/urwiskowo_leroy.xml HTTP/1.1" 200 9114932 "-" "Python-urllib/3.11"
77.79.248.229 - - [13/Jun/2025:11:44:18 +0200] "GET /Jurek/erohurtownia/feeds/erohurtownia_leroy.xml HTTP/1.1" 200 22846475 "-" "Python-urllib/3.11"
77.79.248.229 - - [13/Jun/2025:11:44:18 +0200] "GET /Jurek/elecomp/feeds/elecomp_leroy.xml HTTP/1.1" 200 2867716 "-" "Python-urllib/3.11"
77.79.248.229 - - [13/Jun/2025:11:44:18 +0200] "GET /Jurek/rider/feeds/rider_leroy.xml HTTP/1.1" 200 8165176 "-" "Python-urllib/3.11"
77.79.248.229 - - [13/Jun/2025:11:44:18 +0200] "GET /Jurek/eurofryz2/feeds/eurofryz2_leroy.xml HTTP/1.1" 200 1376741 "-" "Python-urllib/3.11"
77.79.248.229 - - [13/Jun/2025:11:44:18 +0200] "GET /Jurek/expertauto/feeds/expertauto_leroy.xml HTTP/1.1" 200 1158929 "-" "Python-urllib/3.11"
77.79.248.229 - - [13/Jun/2025:11:44:18 +0200] "GET /Jurek/najtanszysport/feeds/najtanszysport_leroy.xml HTTP/1.1" 200 3983101 "-" "Python-urllib/3.11"
77.79.248.229 - - [13/Jun/2025:11:44:19 +0200] "GET /Jurek/narzbud/feeds/narzbud_leroy.xml HTTP/1.1" 200 1901178 "-" "Python-urllib/3.11"
77.79.248.229 - - [13/Jun/2025:11:44:20 +0200] "GET /Jurek/awparts/feeds/awparts_leroy.xml HTTP/1.1" 200 142300902 "-" "Python-urllib/3.11"
77.79.248.229 - - [13/Jun/2025:11:44:20 +0200] "GET /Jurek/kidshop/feeds/kidshop_leroy.xml HTTP/1.1" 200 19850599 "-" "Python-urllib/3.11"
77.79.248.229 - - [13/Jun/2025:11:44:20 +0200] "GET /Jurek/playcob/feeds/playcob_leroy.xml HTTP/1.1" 200 6980127 "-" "Python-urllib/3.11"
77.79.248.229 - - [13/Jun/2025:11:44:21 +0200] "GET /Jurek/dropkz/feeds/dropkz_leroy.xml HTTP/1.1" 200 70014280 "-" "Python-urllib/3.11"
77.79.248.229 - - [13/Jun/2025:11:44:22 +0200] "GET /Jurek/straganbiur/feeds/straganbiur_leroy.xml HTTP/1.1" 200 8893035 "-" "Python-urllib/3.11"
77.79.248.229 - - [13/Jun/2025:11:44:22 +0200] "GET /Jurek/roger/feeds/roger_leroy.xml HTTP/1.1" 200 1396574 "-" "Python-urllib/3.11"
77.79.248.229 - - [13/Jun/2025:11:44:22 +0200] "GET /Jurek/hurtmeblowy/feeds/hurtmeblowy_leroy.xml HTTP/1.1" 200 8581309 "-" "Python-urllib/3.11"
77.79.248.229 - - [13/Jun/2025:11:44:22 +0200] "GET /Jurek/oknobest/feeds/oknobest_leroy.xml HTTP/1.1" 200 2708308 "-" "Python-urllib/3.11"
77.79.248.229 - - [13/Jun/2025:11:44:23 +0200] "GET /Jurek/german/feeds/german_leroy.xml HTTP/1.1" 200 2853562 "-" "Python-urllib/3.11"
77.79.248.229 - - [13/Jun/2025:11:44:23 +0200] "GET /Jurek/kristronik/feeds/kristronik_leroy.xml HTTP/1.1" 200 691987 "-" "Python-urllib/3.11"
77.79.248.229 - - [13/Jun/2025:11:44:23 +0200] "GET /Jurek/erohurtownia/feeds/erohurtownia_leroy.xml HTTP/1.1" 200 22846475 "-" "Python-urllib/3.11"
77.79.248.229 - - [13/Jun/2025:11:44:23 +0200] "GET /Jurek/smxdesign/feeds/smxdesign_leroy.xml HTTP/1.1" 200 1829021 "-" "Python-urllib/3.11"
77.79.248.229 - - [13/Jun/2025:11:44:23 +0200] "GET /Jurek/elavia/feeds/elavia_leroy.xml HTTP/1.1" 200 2497275 "-" "Python-urllib/3.11"
66.249.64.38 - - [13/Jun/2025:11:44:23 +0200] "GET /Jurek/eurofirany/images/372654/6.jpg HTTP/1.1" 200 6595 "-" "Googlebot-Image/1.0"
77.79.248.229 - - [13/Jun/2025:11:44:24 +0200] "GET /Jurek/relogy/feeds/relogy_leroy.xml HTTP/1.1" 200 66653102 "-" "Python-urllib/3.11"
77.79.248.229 - - [13/Jun/2025:11:44:24 +0200] "GET /Jurek/aiofactory/feeds/aiofactory_leroy.xml HTTP/1.1" 200 2123733 "-" "Python-urllib/3.11"
77.79.248.229 - - [13/Jun/2025:11:44:24 +0200] "GET /Jurek/broers/feeds/broers_leroy.xml HTTP/1.1" 200 1982550 "-" "Python-urllib/3.11"
77.79.248.229 - - [13/Jun/2025:11:44:25 +0200] "GET /Jurek/jankeski/feeds/jankeski_leroy.xml HTTP/1.1" 200 6571095 "-" "Python-urllib/3.11"
77.79.248.229 - - [13/Jun/2025:11:44:25 +0200] "GET /Jurek/cdata/feeds/cdata_leroy.xml HTTP/1.1" 200 1445148 "-" "Python-urllib/3.11"
77.79.248.229 - - [13/Jun/2025:11:44:26 +0200] "GET /Jurek/asortymenteu/feeds/asortymenteu_leroy.xml HTTP/1.1" 200 2894623 "-" "Python-urllib/3.11"
77.79.248.229 - - [13/Jun/2025:11:44:26 +0200] "GET /Jurek/biokominki/feeds/biokominki_leroy.xml HTTP/1.1" 200 1422255 "-" "Python-urllib/3.11"
77.79.248.229 - - [13/Jun/2025:11:44:26 +0200] "GET /Jurek/newtechele/feeds/newtechele_leroy.xml HTTP/1.1" 200 2438484 "-" "Python-urllib/3.11"
77.79.248.229 - - [13/Jun/2025:11:44:27 +0200] "GET /Jurek/kamar/feeds/kamar_leroy.xml HTTP/1.1" 200 25549799 "-" "Python-urllib/3.11"
77.79.248.229 - - [13/Jun/2025:11:44:27 +0200] "GET /Jurek/avenido/feeds/avenido_leroy.xml HTTP/1.1" 200 720087 "-" "Python-urllib/3.11"
77.79.248.229 - - [13/Jun/2025:11:44:27 +0200] "GET /Jurek/zenex/feeds/zenex_leroy.xml HTTP/1.1" 200 540183 "-" "Python-urllib/3.11"
77.79.248.229 - - [13/Jun/2025:11:44:27 +0200] "GET /Jurek/filmal/feeds/filmal_leroy.xml HTTP/1.1" 200 139276 "-" "Python-urllib/3.11"
77.79.248.229 - - [13/Jun/2025:11:44:28 +0200] "GET /Jurek/apresto/feeds/apresto_leroy.xml HTTP/1.1" 200 1327608 "-" "Python-urllib/3.11"
77.79.248.229 - - [13/Jun/2025:11:44:28 +0200] "GET /Jurek/nexus/feeds/nexus_leroy.xml HTTP/1.1" 200 226758 "-" "Python-urllib/3.11"
77.79.248.229 - - [13/Jun/2025:11:44:28 +0200] "GET /Jurek/em3/feeds/em3_leroy.xml HTTP/1.1" 200 258921 "-" "Python-urllib/3.11"
77.79.248.229 - - [13/Jun/2025:11:44:28 +0200] "GET /Jurek/mojeledy/feeds/mojeledy_leroy.xml HTTP/1.1" 200 1018442 "-" "Python-urllib/3.11"
77.79.248.229 - - [13/Jun/2025:11:44:29 +0200] "GET /Jurek/carbonyway/feeds/carbonyway_leroy.xml HTTP/1.1" 200 3075983 "-" "Python-urllib/3.11"
77.79.248.229 - - [13/Jun/2025:11:44:29 +0200] "GET /Jurek/proadventure/feeds/proadventure_leroy.xml HTTP/1.1" 200 10763477 "-" "Python-urllib/3.11"
77.79.248.229 - - [13/Jun/2025:11:44:29 +0200] "GET /Jurek/sklep24amk/feeds/sklep24amk_leroy.xml HTTP/1.1" 200 3894504 "-" "Python-urllib/3.11"
77.79.248.229 - - [13/Jun/2025:11:44:31 +0200] "GET /Jurek/bloomglow/feeds/bloomglow_leroy.xml HTTP/1.1" 200 14095401 "-" "Python-urllib/3.11"
77.79.248.229 - - [13/Jun/2025:11:44:39 +0200] "GET /Jurek/coppotech/feeds/coppotech_leroy.xml HTTP/1.1" 200 38049312 "-" "Python-urllib/3.11"
66.249.64.37 - - [13/Jun/2025:11:44:54 +0200] "GET /Jurek/eurofirany/images/390398/8.jpg HTTP/1.1" 200 238615 "-" "Googlebot-Image/1.0"
66.249.64.38 - - [13/Jun/2025:11:45:24 +0200] "GET /Jurek/eurofirany/images/390398/7.jpg HTTP/1.1" 200 6595 "-" "Googlebot-Image/1.0"
66.249.64.38 - - [13/Jun/2025:11:45:54 +0200] "GET /Jurek/eurofirany/images/94534/3.jpg HTTP/1.1" 200 71144 "-" "Googlebot-Image/1.0"
66.249.64.39 - - [13/Jun/2025:11:46:55 +0200] "GET /Jurek/eurofirany/images/385817/4.jpg HTTP/1.1" 200 202432 "-" "Googlebot-Image/1.0"
66.249.64.39 - - [13/Jun/2025:11:47:25 +0200] "GET /Jurek/eurofirany/images/385817/6.jpg HTTP/1.1" 200 189209 "-" "Googlebot-Image/1.0"
89.161.206.59 - - [13/Jun/2025:11:47:26 +0200] "GET /Jurek/kambukka/feeds/kambukka_amazonfr.xml HTTP/1.0" 200 1023449 "-" "-"
89.161.206.59 - - [13/Jun/2025:11:47:27 +0200] "GET /Jurek/kambukka/feeds/kambukka_amazonit.xml HTTP/1.0" 200 1023454 "-" "-"
89.161.206.59 - - [13/Jun/2025:11:47:27 +0200] "GET /Jurek/kambukka/feeds/kambukka_amazones.xml HTTP/1.0" 200 1023435 "-" "-"
89.161.206.59 - - [13/Jun/2025:11:47:28 +0200] "GET /Jurek/kambukka/feeds/kambukka_amazonnl.xml HTTP/1.0" 200 1023285 "-" "-"
89.161.206.59 - - [13/Jun/2025:11:47:28 +0200] "GET /Jurek/kambukka/feeds/kambukka_amazonse.xml HTTP/1.0" 200 1023697 "-" "-"
89.161.206.59 - - [13/Jun/2025:11:47:33 +0200] "GET /Jurek/eurofirany/feeds/eurofirany_amazonIT.xml HTTP/1.0" 200 19499669 "-" "-"
89.161.206.59 - - [13/Jun/2025:11:47:37 +0200] "GET /Jurek/eurofirany/feeds/eurofirany_amazaon_de.xml HTTP/1.0" 200 19499459 "-" "-"
89.161.206.59 - - [13/Jun/2025:11:47:44 +0200] "GET /Jurek/eurofirany/feeds/eurofirany_amazonNL.xml HTTP/1.0" 200 19499490 "-" "-"
89.161.206.59 - - [13/Jun/2025:11:47:50 +0200] "GET /Jurek/eurofirany/feeds/eurofirany_amazonSE.xml HTTP/1.0" 200 19517419 "-" "-"
89.161.206.59 - - [13/Jun/2025:11:47:56 +0200] "GET /Jurek/waks/feeds/waks_amazonde.xml HTTP/1.0" 200 1596552 "-" "-"
89.161.206.59 - - [13/Jun/2025:11:47:56 +0200] "GET /Jurek/waks/feeds/waks_amazonfr.xml HTTP/1.0" 200 1596552 "-" "-"
89.161.206.59 - - [13/Jun/2025:11:47:56 +0200] "GET /Jurek/waks/feeds/waks_amazonit.xml HTTP/1.0" 200 1596551 "-" "-"
89.161.206.59 - - [13/Jun/2025:11:47:57 +0200] "GET /Jurek/waks/feeds/waks_amazones.xml HTTP/1.0" 200 1596552 "-" "-"
89.161.206.59 - - [13/Jun/2025:11:47:57 +0200] "GET /Jurek/waks/feeds/waks_amazonnl.xml HTTP/1.0" 200 1596551 "-" "-"
89.161.206.59 - - [13/Jun/2025:11:47:57 +0200] "GET /Jurek/waks/feeds/waks_amazonse.xml HTTP/1.0" 200 1598639 "-" "-"
66.249.64.37 - - [13/Jun/2025:11:47:58 +0200] "GET /Jurek/eurofirany/images/94534/2.jpg HTTP/1.1" 200 33235 "-" "Googlebot-Image/1.0"
46.101.116.244 - - [13/Jun/2025:11:48:18 +0200] "GET /Jurek/piotrmiedz/feeds/piotrmiedz_amazonde.xml HTTP/1.0" 200 91046049 "-" "-"
46.101.116.244 - - [13/Jun/2025:11:48:24 +0200] "GET /Jurek/kinghoff/feeds/kinghoff_allegro.xml HTTP/1.0" 200 15657500 "-" "-"
46.101.116.244 - - [13/Jun/2025:11:48:26 +0200] "GET /Jurek/piotrmiedz/feeds/piotrmiedz_amazonit.xml HTTP/1.0" 200 91046995 "-" "-"
66.249.64.37 - - [13/Jun/2025:11:48:26 +0200] "GET /Jurek/eurofirany/images/385817/2.jpg HTTP/1.1" 200 123998 "-" "Googlebot-Image/1.0"
66.249.64.37 - - [13/Jun/2025:11:48:57 +0200] "GET /Jurek/eurofirany/images/390398/4.jpg HTTP/1.1" 200 242757 "-" "Googlebot-Image/1.0"
85.232.241.194 - - [13/Jun/2025:11:49:21 +0200] "GET /Jurek/coppotech/feeds/coppotech_worten.xml HTTP/1.1" 200 38049011 "-" "Python-urllib/3.11"
85.232.241.194 - - [13/Jun/2025:11:49:21 +0200] "GET /Jurek/coppotech/feeds/coppotech_wortenES.xml HTTP/1.1" 200 38049250 "-" "Python-urllib/3.11"
66.249.64.39 - - [13/Jun/2025:11:49:58 +0200] "GET /Jurek/eurofirany/images/390398/2.jpg HTTP/1.1" 200 317709 "-" "Googlebot-Image/1.0"
77.79.248.229 - - [13/Jun/2025:11:50:03 +0200] "GET /Jurek/eurofirany/feeds/eurofirany_allsweet.xml HTTP/1.1" 200 19503698 "-" "Python-urllib/3.11"
77.79.248.229 - - [13/Jun/2025:11:50:03 +0200] "GET /Jurek/ikonka/feeds/ikonka_all_sweet.xml HTTP/1.1" 200 21093831 "-" "Python-urllib/3.11"
77.79.248.229 - - [13/Jun/2025:11:50:03 +0200] "GET /Jurek/stema/feeds/stema_all.xml HTTP/1.1" 200 894550 "-" "Python-urllib/3.11"
77.79.248.229 - - [13/Jun/2025:11:50:04 +0200] "GET /Jurek/eurofirany/feeds/eurofirany_all_cz.xml HTTP/1.1" 200 19518986 "-" "Python-urllib/3.11"
77.79.248.229 - - [13/Jun/2025:11:50:04 +0200] "GET /Jurek/ikonka/feeds/ikonka_all_cz.xml HTTP/1.1" 200 21095601 "-" "Python-urllib/3.11"
77.79.248.229 - - [13/Jun/2025:11:50:05 +0200] "GET /Jurek/stema/feeds/stema_all_cz.xml HTTP/1.1" 200 895030 "-" "Python-urllib/3.11"
77.79.248.229 - - [13/Jun/2025:11:50:05 +0200] "GET /Jurek/eurofirany/feeds/eurofirany_all_sk.xml HTTP/1.1" 200 19498738 "-" "Python-urllib/3.11"
77.79.248.229 - - [13/Jun/2025:11:50:05 +0200] "GET /Jurek/ikonka/feeds/ikonka_all_sk.xml HTTP/1.1" 200 21093095 "-" "Python-urllib/3.11"
77.79.248.229 - - [13/Jun/2025:11:50:06 +0200] "GET /Jurek/stema/feeds/stema_all_sk.xml HTTP/1.1" 200 894243 "-" "Python-urllib/3.11"
66.249.64.39 - - [13/Jun/2025:11:50:28 +0200] "GET /Jurek/eurofirany/images/390398/3.jpg HTTP/1.1" 200 268877 "-" "Googlebot-Image/1.0"
66.249.64.38 - - [13/Jun/2025:11:50:58 +0200] "GET /Jurek/eurofirany/images/94534/1.jpg HTTP/1.1" 200 73670 "-" "Googlebot-Image/1.0"
89.161.206.59 - - [13/Jun/2025:11:51:05 +0200] "GET /Jurek/kristronik/feeds/kristronik_cdsc.xml HTTP/1.0" 200 429833 "-" "-"
66.249.64.39 - - [13/Jun/2025:11:51:28 +0200] "GET /Jurek/eurofirany/images/385817/1.jpg HTTP/1.1" 200 248162 "-" "Googlebot-Image/1.0"
77.79.248.229 - - [13/Jun/2025:11:51:56 +0200] "GET /Jurek/eurofirany/feeds/eurofirany_cdon_se.xml HTTP/1.1" 200 19517344 "-" "python-requests/2.32.3"
77.79.248.229 - - [13/Jun/2025:11:51:57 +0200] "GET /Jurek/eurofirany/feeds/eurofirany_cdon_dk.xml HTTP/1.1" 200 19516954 "-" "python-requests/2.32.3"
77.79.248.229 - - [13/Jun/2025:11:51:57 +0200] "GET /Jurek/eurofirany/feeds/eurofirany_cdon_fi.xml HTTP/1.1" 200 19499621 "-" "python-requests/2.32.3"
77.79.248.229 - - [13/Jun/2025:11:51:59 +0200] "GET /Jurek/stema/feeds/stema_cdon_se.xml HTTP/1.1" 200 894948 "-" "python-requests/2.32.3"
77.79.248.229 - - [13/Jun/2025:11:51:59 +0200] "GET /Jurek/stema/feeds/stema_cdon_dk.xml HTTP/1.1" 200 894793 "-" "python-requests/2.32.3"
77.79.248.229 - - [13/Jun/2025:11:51:59 +0200] "GET /Jurek/stema/feeds/stema_cdon_fi.xml HTTP/1.1" 200 894532 "-" "python-requests/2.32.3"
66.249.64.37 - - [13/Jun/2025:11:51:59 +0200] "GET /Jurek/eurofirany/images/94534/5.jpg HTTP/1.1" 200 149140 "-" "Googlebot-Image/1.0"
77.79.248.229 - - [13/Jun/2025:11:52:08 +0200] "GET /Jurek/ikonka/feeds/ikonka_cdon_se.xml HTTP/1.1" 200 21095393 "-" "python-requests/2.32.3"
77.79.248.229 - - [13/Jun/2025:11:52:08 +0200] "GET /Jurek/ikonka/feeds/ikonka_cdon_dk.xml HTTP/1.1" 200 21095342 "-" "python-requests/2.32.3"
77.79.248.229 - - [13/Jun/2025:11:52:08 +0200] "GET /Jurek/ikonka/feeds/ikonka_cdon_fi.xml HTTP/1.1" 200 21093361 "-" "python-requests/2.32.3"
77.79.248.229 - - [13/Jun/2025:11:52:09 +0200] "GET /Jurek/fernity/feeds/fernity_cdon_fi.xml HTTP/1.1" 200 4960559 "-" "python-requests/2.32.3"
77.79.248.229 - - [13/Jun/2025:11:52:09 +0200] "GET /Jurek/fernity/feeds/fernity_cdon_se.xml HTTP/1.1" 200 4963856 "-" "python-requests/2.32.3"
77.79.248.229 - - [13/Jun/2025:11:52:09 +0200] "GET /Jurek/fernity/feeds/fernity_cdon_dk.xml HTTP/1.1" 200 4963456 "-" "python-requests/2.32.3"
77.79.248.229 - - [13/Jun/2025:11:52:09 +0200] "GET /Jurek/activeshop/feeds/activeshop_cdon_se.xml HTTP/1.1" 200 10453587 "-" "python-requests/2.32.3"
77.79.248.229 - - [13/Jun/2025:11:52:09 +0200] "GET /Jurek/activeshop/feeds/activeshop_cdon_dk.xml HTTP/1.1" 200 10453265 "-" "python-requests/2.32.3"
77.79.248.229 - - [13/Jun/2025:11:52:09 +0200] "GET /Jurek/activeshop/feeds/activeshop_cdon_fi.xml HTTP/1.1" 200 10449968 "-" "python-requests/2.32.3"
77.79.248.229 - - [13/Jun/2025:11:52:10 +0200] "GET /Jurek/barbecook/feeds/barbecook_cdon_se.xml HTTP/1.1" 200 87595 "-" "python-requests/2.32.3"
77.79.248.229 - - [13/Jun/2025:11:52:10 +0200] "GET /Jurek/barbecook/feeds/barbecook_cdon_dk.xml HTTP/1.1" 200 87590 "-" "python-requests/2.32.3"
77.79.248.229 - - [13/Jun/2025:11:52:10 +0200] "GET /Jurek/barbecook/feeds/barbecook_cdon_fi.xml HTTP/1.1" 200 87531 "-" "python-requests/2.32.3"
77.79.248.229 - - [13/Jun/2025:11:52:11 +0200] "GET /Jurek/action/feeds/action_cdon_se.xml HTTP/1.1" 200 60327666 "-" "python-requests/2.32.3"
77.79.248.229 - - [13/Jun/2025:11:52:11 +0200] "GET /Jurek/action/feeds/action_cdon_dk.xml HTTP/1.1" 200 60866575 "-" "python-requests/2.32.3"
77.79.248.229 - - [13/Jun/2025:11:52:12 +0200] "GET /Jurek/action/feeds/action_cdon_fi.xml HTTP/1.1" 200 60839696 "-" "python-requests/2.32.3"
66.249.64.37 - - [13/Jun/2025:11:53:00 +0200] "GET /Jurek/eurofirany/images/390398/0.jpg HTTP/1.1" 200 164560 "-" "Googlebot-Image/1.0"
66.249.64.37 - - [13/Jun/2025:11:53:30 +0200] "GET /Jurek/eurofirany/images/94534/4.jpg HTTP/1.1" 200 202333 "-" "Googlebot-Image/1.0"
66.249.64.37 - - [13/Jun/2025:11:54:00 +0200] "GET /Jurek/eurofirany/images/385817/7.jpg HTTP/1.1" 200 183447 "-" "Googlebot-Image/1.0"
77.79.248.229 - - [13/Jun/2025:11:54:04 +0200] "GET /Jurek/vidaSI/feeds/vidaSI_bigbang.xml HTTP/1.1" 200 390951531 "-" "Python-urllib/3.11"
66.249.64.37 - - [13/Jun/2025:11:54:30 +0200] "GET /Jurek/topeshop/downloaded_images/5902838464199_Opal_garderoba_biel.jpg HTTP/1.1" 404 3551 "-" "Googlebot-Image/1.0"
66.211.183.74 - - [13/Jun/2025:11:55:25 +0200] "GET /Jurek/topeshop/downloaded_images/5904507200176_MIJASBIURKOBRY%C5%81KASONOMAPRAWEFRONTOT.jpg HTTP/1.1" 404 3551 "http://www.ebay.com/" "Mozilla/5.0 (Windows NT 10.0; Win64; x64) AppleWebKit/537.36 (KHTML, like Gecko) Chrome/123.0.0.0 Safari/537.36"
66.211.183.70 - - [13/Jun/2025:11:55:25 +0200] "GET /Jurek/topeshop/downloaded_images/5904507200176_MIJASBIURKOSONOMAPRAWO.2tif.png HTTP/1.1" 404 3551 "http://www.ebay.com/" "Mozilla/5.0 (Windows NT 10.0; Win64; x64) AppleWebKit/537.36 (KHTML, like Gecko) Chrome/123.0.0.0 Safari/537.36"
66.211.183.72 - - [13/Jun/2025:11:55:25 +0200] "GET /Jurek/topeshop/downloaded_images/5904507200176_MIJASBIURKOSONOMAPRAWOOT.2tif.png HTTP/1.1" 404 3551 "http://www.ebay.com/" "Mozilla/5.0 (Windows NT 10.0; Win64; x64) AppleWebKit/537.36 (KHTML, like Gecko) Chrome/123.0.0.0 Safari/537.36"
66.211.183.71 - - [13/Jun/2025:11:55:25 +0200] "GET /Jurek/topeshop/downloaded_images/5904507200176_MIJASBIURKOBRY%C5%81KASONOMAPRAWEBOKZM.jpg HTTP/1.1" 404 3551 "http://www.ebay.com/" "Mozilla/5.0 (Windows NT 10.0; Win64; x64) AppleWebKit/537.36 (KHTML, like Gecko) Chrome/123.0.0.0 Safari/537.36"
66.211.183.74 - - [13/Jun/2025:11:55:25 +0200] "GET /Jurek/topeshop/downloaded_images/5904507200176_MIJASBIURKOBRY%C5%81KASONOMAPRAWEFRONTZM.jpg HTTP/1.1" 404 3551 "http://www.ebay.com/" "Mozilla/5.0 (Windows NT 10.0; Win64; x64) AppleWebKit/537.36 (KHTML, like Gecko) Chrome/123.0.0.0 Safari/537.36"
66.211.183.72 - - [13/Jun/2025:11:55:25 +0200] "GET /Jurek/topeshop/downloaded_images/5904507200176_MIJASBIURKOBRY%C5%81KASONOMAPRAWEBOKOT.jpg HTTP/1.1" 404 3551 "http://www.ebay.com/" "Mozilla/5.0 (Windows NT 10.0; Win64; x64) AppleWebKit/537.36 (KHTML, like Gecko) Chrome/123.0.0.0 Safari/537.36"
66.211.183.73 - - [13/Jun/2025:11:55:25 +0200] "GET /Jurek/topeshop/downloaded_images/5904507200176_MIJASBIURKOSONOMA_.png HTTP/1.1" 404 3551 "http://www.ebay.com/" "Mozilla/5.0 (Windows NT 10.0; Win64; x64) AppleWebKit/537.36 (KHTML, like Gecko) Chrome/123.0.0.0 Safari/537.36"
89.161.206.59 - - [13/Jun/2025:11:55:28 +0200] "GET /Jurek/lerutrade/feeds/lerutrade_skr.xml HTTP/1.0" 200 82814 "-" "-"
66.249.64.39 - - [13/Jun/2025:11:56:01 +0200] "GET /Jurek/eurofirany/images/441951/2.jpg HTTP/1.1" 200 152138 "-" "Googlebot-Image/1.0"
66.249.64.38 - - [13/Jun/2025:11:56:32 +0200] "GET /Jurek/eurofirany/images/385817/9.jpg HTTP/1.1" 200 159678 "-" "Googlebot-Image/1.0"
193.33.8.61 - - [13/Jun/2025:11:56:38 +0200] "GET /Jurek/eany_blc/data.csv HTTP/2.0" 200 85397570 "https://dkkapusta1997.usermd.net/Jurek/eany_blc/" "Mozilla/5.0 (Windows NT 10.0; Win64; x64) AppleWebKit/537.36 (KHTML, like Gecko) Chrome/137.0.0.0 Safari/537.36"
66.249.64.38 - - [13/Jun/2025:11:57:02 +0200] "GET /Jurek/eurofirany/images/398788/2.jpg HTTP/1.1" 200 57599 "-" "Googlebot-Image/1.0"
66.249.64.38 - - [13/Jun/2025:11:57:32 +0200] "GET /Jurek/eurofirany/images/390395/9.jpg HTTP/1.1" 200 98674 "-" "Googlebot-Image/1.0"
66.249.64.39 - - [13/Jun/2025:11:58:03 +0200] "GET /Jurek/eurofirany/images/366816/5.jpg HTTP/1.1" 200 122366 "-" "Googlebot-Image/1.0"
46.101.116.244 - - [13/Jun/2025:11:58:36 +0200] "GET /Jurek/kokiska/feeds/kokiska_allegro.xml HTTP/1.0" 200 9286085 "-" "-"
46.101.116.244 - - [13/Jun/2025:11:58:50 +0200] "GET /Jurek/vivaldi/feeds/vivaldi_allegro.xml HTTP/1.0" 200 344685 "-" "-"
66.249.64.39 - - [13/Jun/2025:11:59:34 +0200] "GET /Jurek/eurofirany/images/372640/1.jpg HTTP/1.1" 200 41854 "-" "Googlebot-Image/1.0"
66.249.64.37 - - [13/Jun/2025:12:00:04 +0200] "GET /Jurek/eurofirany/images/130742/5.jpg HTTP/1.1" 200 120888 "-" "Googlebot-Image/1.0"
35.204.39.32 - - [13/Jun/2025:12:00:20 +0200] "GET /marketplaces/carrefour_fr/results/carrefour_fr.csv HTTP/1.1" 200 147219 "-" "Mirakl HttpClient"
85.14.86.141 - - [13/Jun/2025:12:00:28 +0200] "GET /Jurek/vida_morele/feeds/VidaPL_all.xml HTTP/2.0" 200 871886889 "-" "MarketplaceAPI curl/7.74.0 PHP/8"
52.17.80.36 - - [13/Jun/2025:12:00:50 +0200] "GET /marketplaces/ubaldi/results/ubaldi.csv HTTP/1.1" 200 147219 "-" "Mirakl HttpClient"
66.249.64.39 - - [13/Jun/2025:12:01:05 +0200] "GET /Jurek/eurofirany/images/372657/2.jpg HTTP/1.1" 200 125287 "-" "Googlebot-Image/1.0"
193.33.8.61 - - [13/Jun/2025:12:01:17 +0200] "GET /Jurek/artdog/feeds/artdog_amazonbe.xml HTTP/2.0" 200 17158419 "https://konsola.dkkapusta1997.usermd.net/" "Mozilla/5.0 (Windows NT 10.0; Win64; x64) AppleWebKit/537.36 (KHTML, like Gecko) Chrome/137.0.0.0 Safari/537.36"
77.79.248.229 - - [13/Jun/2025:12:01:22 +0200] "GET /Jurek/artdog/feeds/artdog_amazonbe.xml HTTP/1.1" 200 17158419 "-" "Python-urllib/3.11"
46.101.116.244 - - [13/Jun/2025:12:01:23 +0200] "GET /Jurek/hurtownia_przemyslowa/feeds/hp_alza.xml HTTP/2.0" 200 49379123 "-" "-"
35.204.39.32 - - [13/Jun/2025:12:01:27 +0200] "GET /marketplaces/vente/results/vente_nl.csv HTTP/1.1" 200 2176218 "-" "Mirakl HttpClient"
35.204.39.32 - - [13/Jun/2025:12:01:28 +0200] "GET /marketplaces/vente/results/vente_fr.csv HTTP/1.1" 200 2448096 "-" "Mirakl HttpClient"
35.204.39.32 - - [13/Jun/2025:12:01:29 +0200] "GET /marketplaces/vente/results/vente_be.csv HTTP/1.1" 200 2176064 "-" "Mirakl HttpClient"
35.204.39.32 - - [13/Jun/2025:12:01:29 +0200] "GET /marketplaces/vente/results/vente_it.csv HTTP/1.1" 200 2206176 "-" "Mirakl HttpClient"
35.204.39.32 - - [13/Jun/2025:12:01:30 +0200] "GET /marketplaces/vente/results/vente_es.csv HTTP/1.1" 200 2175505 "-" "Mirakl HttpClient"
35.204.39.32 - - [13/Jun/2025:12:01:31 +0200] "GET /marketplaces/vente/results/vente_de.csv HTTP/1.1" 200 2182221 "-" "Mirakl HttpClient"
66.249.64.38 - - [13/Jun/2025:12:01:35 +0200] "GET /Jurek/eurofirany/images/464366/0.jpg HTTP/1.1" 200 116960 "-" "Googlebot-Image/1.0"
46.101.116.244 - - [13/Jun/2025:12:01:41 +0200] "GET /Jurek/hurtownia_przemyslowa/feeds/hp_kaufcz.xml HTTP/2.0" 200 49379552 "-" "-"
89.161.206.59 - - [13/Jun/2025:12:01:53 +0200] "GET /Jurek/eroplace/feeds/eroplace_amazonnl.xml HTTP/1.0" 200 52135010 "-" "-"
66.249.64.39 - - [13/Jun/2025:12:02:05 +0200] "GET /Jurek/eurofirany/images/335308/1.jpg HTTP/1.1" 200 120382 "-" "Googlebot-Image/1.0"
52.18.22.0 - - [13/Jun/2025:12:02:10 +0200] "GET /marketplaces/rue/results/rue.csv HTTP/1.1" 200 147219 "-" "Mirakl HttpClient"
46.101.116.244 - - [13/Jun/2025:12:02:14 +0200] "GET /Jurek/hurtownia_przemyslowa/feeds/hp_kaufsk.xml HTTP/2.0" 200 49359072 "-" "-"
89.161.206.59 - - [13/Jun/2025:12:02:23 +0200] "GET /Jurek/techrebal/feeds/techrebal_kaufSMDE.xml HTTP/1.0" 200 1929387 "-" "-"
89.161.206.59 - - [13/Jun/2025:12:02:23 +0200] "GET /Jurek/missionair/feeds/missionair_kaufSMDE.xml HTTP/1.0" 200 3120126 "-" "-"
89.161.206.59 - - [13/Jun/2025:12:02:24 +0200] "GET /Jurek/proparts/feeds/proparts_kaufSMDE.xml HTTP/1.0" 200 685371 "-" "-"
46.101.116.244 - - [13/Jun/2025:12:02:46 +0200] "GET /Jurek/hurtownia_przemyslowa/feeds/hp_kaufde.xml HTTP/2.0" 200 49357358 "-" "-"
66.249.74.71 - - [13/Jun/2025:12:03:06 +0200] "GET /Jurek/eurofirany/images/366816/4.jpg HTTP/1.1" 200 177619 "-" "Googlebot-Image/1.0"
193.33.8.61 - - [13/Jun/2025:12:03:26 +0200] "GET /Jurek/artdog/feeds/artdog_amazones.xml HTTP/2.0" 200 17158622 "https://konsola.dkkapusta1997.usermd.net/" "Mozilla/5.0 (Windows NT 10.0; Win64; x64) AppleWebKit/537.36 (KHTML, like Gecko) Chrome/137.0.0.0 Safari/537.36"
77.79.248.229 - - [13/Jun/2025:12:03:28 +0200] "GET /Jurek/artdog/feeds/artdog_amazones.xml HTTP/1.1" 200 17158622 "-" "Python-urllib/3.11"
66.249.64.37 - - [13/Jun/2025:12:03:36 +0200] "GET /Jurek/eurofirany/images/402738/0.jpg HTTP/1.1" 200 66743 "-" "Googlebot-Image/1.0"
66.249.64.39 - - [13/Jun/2025:12:04:07 +0200] "GET /Jurek/topeshop/downloaded_images/5904507209438_Kopiamodern4p-slim2.jpg HTTP/1.1" 200 46297 "-" "Googlebot-Image/1.0"
85.14.86.141 - - [13/Jun/2025:12:04:08 +0200] "GET /Jurek/kinghoff/feeds/kinghoff_morele.xml HTTP/2.0" 200 15656531 "-" "MarketplaceAPI curl/7.74.0 PHP/8"
185.204.67.51 - - [13/Jun/2025:12:04:13 +0200] "GET /Jurek/eurofirany/images/459334/0.jpg HTTP/2.0" 200 102128 "https://itm.ebaydesc.com/" "Mozilla/5.0 (Windows NT 10.0; Win64; x64) AppleWebKit/537.36 (KHTML, like Gecko) Chrome/137.0.0.0 Safari/537.36"
46.101.116.244 - - [13/Jun/2025:12:04:50 +0200] "GET /Jurek/piotrmiedz/feeds/piotrmiedz_zero.xml HTTP/2.0" 200 91017094 "-" "-"
52.18.22.0 - - [13/Jun/2025:12:05:04 +0200] "GET /marketplaces/carrefour/results/carrefour.csv HTTP/1.1" 200 114451 "-" "Mirakl HttpClient"
193.33.8.61 - - [13/Jun/2025:12:05:16 +0200] "GET /Jurek/artdog/feeds/artdog_amazonfr.xml HTTP/2.0" 200 17158252 "https://konsola.dkkapusta1997.usermd.net/" "Mozilla/5.0 (Windows NT 10.0; Win64; x64) AppleWebKit/537.36 (KHTML, like Gecko) Chrome/137.0.0.0 Safari/537.36"
77.79.248.229 - - [13/Jun/2025:12:05:17 +0200] "GET /Jurek/artdog/feeds/artdog_amazonfr.xml HTTP/1.1" 200 17158252 "-" "Python-urllib/3.11"
66.249.64.38 - - [13/Jun/2025:12:05:38 +0200] "GET /Jurek/eurofirany/images/390424/7.jpg HTTP/1.1" 200 6595 "-" "Googlebot-Image/1.0"
66.249.64.39 - - [13/Jun/2025:12:06:08 +0200] "GET /Jurek/eurofirany/images/460789/0.jpg HTTP/1.1" 200 104603 "-" "Googlebot-Image/1.0"
193.33.8.61 - - [13/Jun/2025:12:06:20 +0200] "GET /Jurek/artdog/feeds/artdog_amazonit.xml HTTP/2.0" 200 17157866 "https://konsola.dkkapusta1997.usermd.net/" "Mozilla/5.0 (Windows NT 10.0; Win64; x64) AppleWebKit/537.36 (KHTML, like Gecko) Chrome/137.0.0.0 Safari/537.36"
77.79.248.229 - - [13/Jun/2025:12:06:21 +0200] "GET /Jurek/artdog/feeds/artdog_amazonit.xml HTTP/1.1" 200 17157866 "-" "Python-urllib/3.11"
85.14.86.141 - - [13/Jun/2025:12:06:58 +0200] "GET /Jurek/eurofirany/feeds/eurofirany_morele.xml HTTP/2.0" 200 19501057 "-" "MarketplaceAPI curl/7.74.0 PHP/8"
66.249.64.38 - - [13/Jun/2025:12:07:09 +0200] "GET /Jurek/eurofirany/images/390453/0.jpg HTTP/1.1" 200 144267 "-" "Googlebot-Image/1.0"
46.101.116.244 - - [13/Jun/2025:12:07:12 +0200] "GET /Jurek/kamar/feeds/kamar_alza.xml HTTP/2.0" 200 25563310 "-" "-"
193.33.8.61 - - [13/Jun/2025:12:07:21 +0200] "GET /Jurek/artdog/feeds/artdog_amazonnl.xml HTTP/2.0" 200 17158902 "https://konsola.dkkapusta1997.usermd.net/" "Mozilla/5.0 (Windows NT 10.0; Win64; x64) AppleWebKit/537.36 (KHTML, like Gecko) Chrome/137.0.0.0 Safari/537.36"
77.79.248.229 - - [13/Jun/2025:12:07:23 +0200] "GET /Jurek/artdog/feeds/artdog_amazonnl.xml HTTP/1.1" 200 17158902 "-" "Python-urllib/3.11"
85.14.86.141 - - [13/Jun/2025:12:07:32 +0200] "GET /Jurek/vivaldi/feeds/vivaldi_Morele-PL.xml HTTP/2.0" 200 344674 "-" "MarketplaceAPI curl/7.74.0 PHP/8"
66.249.64.38 - - [13/Jun/2025:12:07:39 +0200] "GET /Jurek/eurofirany/images/391117/2.jpg HTTP/1.1" 200 173996 "-" "Googlebot-Image/1.0"
46.101.116.244 - - [13/Jun/2025:12:07:48 +0200] "GET /Jurek/tsjerzy/feeds/tsjerzy_alza.xml HTTP/2.0" 200 3901436 "-" "-"
46.101.116.244 - - [13/Jun/2025:12:08:09 +0200] "GET /Jurek/hurtmeblowy/feeds/hurtmeblowy_alza.xml HTTP/2.0" 200 8584420 "-" "-"
46.101.116.244 - - [13/Jun/2025:12:08:22 +0200] "GET /Jurek/kobi/feeds/kobi_alza.xml HTTP/2.0" 200 677290 "-" "-"
193.33.8.61 - - [13/Jun/2025:12:08:29 +0200] "GET /Jurek/artdog/feeds/artdog_amazonse.xml HTTP/2.0" 200 17166974 "https://konsola.dkkapusta1997.usermd.net/" "Mozilla/5.0 (Windows NT 10.0; Win64; x64) AppleWebKit/537.36 (KHTML, like Gecko) Chrome/137.0.0.0 Safari/537.36"
77.79.248.229 - - [13/Jun/2025:12:08:31 +0200] "GET /Jurek/artdog/feeds/artdog_amazonse.xml HTTP/1.1" 200 17166974 "-" "Python-urllib/3.11"
46.101.116.244 - - [13/Jun/2025:12:08:32 +0200] "GET /Jurek/madrex/feeds/madrex_alza.xml HTTP/2.0" 200 466766 "-" "-"
66.249.64.39 - - [13/Jun/2025:12:08:40 +0200] "GET /Jurek/eurofirany/images/390030/1.jpg HTTP/1.1" 200 114200 "-" "Googlebot-Image/1.0"
46.101.116.244 - - [13/Jun/2025:12:08:42 +0200] "GET /Jurek/matkam/feeds/matkam_alza.xml HTTP/2.0" 200 4426281 "-" "-"
89.161.206.59 - - [13/Jun/2025:12:08:46 +0200] "GET /Jurek/eroplace/feeds/eroplace_amazonde.xml HTTP/1.0" 200 52134523 "-" "-"
89.161.206.59 - - [13/Jun/2025:12:08:50 +0200] "GET /Jurek/eroplace/feeds/eroplace_amazonse.xml HTTP/1.0" 200 52158420 "-" "-"
89.161.206.59 - - [13/Jun/2025:12:08:51 +0200] "GET /Jurek/eroplace/feeds/eroplace_amazonfr.xml HTTP/1.0" 200 52134964 "-" "-"
89.161.206.59 - - [13/Jun/2025:12:08:54 +0200] "GET /Jurek/eroplace/feeds/eroplace_amazonit.xml HTTP/1.0" 200 52134592 "-" "-"
89.161.206.59 - - [13/Jun/2025:12:08:56 +0200] "GET /Jurek/eroplace/feeds/eroplace_amazones.xml HTTP/1.0" 200 52134647 "-" "-"
85.14.86.141 - - [13/Jun/2025:12:08:57 +0200] "GET /Jurek/vida_morele/feeds/VidaPL_morele.xml HTTP/2.0" 200 871888392 "-" "MarketplaceAPI curl/7.74.0 PHP/8"
66.249.64.39 - - [13/Jun/2025:12:09:10 +0200] "GET /Jurek/eurofirany/images/11748/2.jpg HTTP/1.1" 200 220299 "-" "Googlebot-Image/1.0"
185.6.76.18 - - [13/Jun/2025:12:09:28 +0200] "GET /marketplaces/skroutz/feeds/shumee.xml HTTP/1.1" 200 412112656 "-" "SkroutzBot v1.0"
66.249.64.37 - - [13/Jun/2025:12:09:40 +0200] "GET /Jurek/eurofirany/images/383353/1.jpg HTTP/1.1" 200 51351 "-" "Googlebot-Image/1.0"
46.101.116.244 - - [13/Jun/2025:12:09:58 +0200] "GET /Jurek/kalama/feeds/kalama_alza.xml HTTP/2.0" 200 2662553 "-" "-"
85.14.86.141 - - [13/Jun/2025:12:10:08 +0200] "GET /Jurek/aw/feeds/awnarzedzia_morele.xml HTTP/2.0" 200 90834818 "-" "MarketplaceAPI curl/7.74.0 PHP/8"
46.101.116.244 - - [13/Jun/2025:12:10:09 +0200] "GET /Jurek/proadventure/feeds/proadventure_alza.xml HTTP/2.0" 200 10767257 "-" "-"
46.101.116.244 - - [13/Jun/2025:12:10:22 +0200] "GET /Jurek/awparts/feeds/awparts_alza.xml HTTP/2.0" 200 142492990 "-" "-"
66.249.64.39 - - [13/Jun/2025:12:10:41 +0200] "GET /Jurek/eurofirany/images/354682/4.jpg HTTP/1.1" 200 182940 "-" "Googlebot-Image/1.0"
85.14.86.141 - - [13/Jun/2025:12:10:45 +0200] "GET /Jurek/beliani/feeds/beliani_morele.xml HTTP/2.0" 200 30513068 "-" "MarketplaceAPI curl/7.74.0 PHP/8"
89.161.206.59 - - [13/Jun/2025:12:10:56 +0200] "GET /Jurek/nonabox/feeds/nonabox_skroutz.xml HTTP/1.0" 200 33864 "-" "-"
46.101.116.244 - - [13/Jun/2025:12:11:18 +0200] "GET /Jurek/sportprise/feeds/sportprise_alza.xml HTTP/2.0" 200 12729793 "-" "-"
66.249.64.39 - - [13/Jun/2025:12:11:42 +0200] "GET /Jurek/eurofirany/images/383338/6.jpg HTTP/1.1" 200 148829 "-" "Googlebot-Image/1.0"
46.101.116.244 - - [13/Jun/2025:12:11:42 +0200] "GET /Jurek/coppotech/feeds/coppotech_alza.xml HTTP/2.0" 200 38061612 "-" "-"
46.101.116.244 - - [13/Jun/2025:12:11:57 +0200] "GET /Jurek/erohurtownia/feeds/erohurtownia_alza.xml HTTP/2.0" 200 22845704 "-" "-"
66.249.64.38 - - [13/Jun/2025:12:12:12 +0200] "GET /Jurek/eurofirany/images/401946/1.jpg HTTP/1.1" 200 180145 "-" "Googlebot-Image/1.0"
46.101.116.244 - - [13/Jun/2025:12:12:13 +0200] "GET /Jurek/euroshop/feeds/euroshop_alza.xml HTTP/2.0" 200 20020979 "-" "-"
46.101.116.244 - - [13/Jun/2025:12:12:24 +0200] "GET /Jurek/najtanszysport/feeds/najtanszysport_alza.xml HTTP/2.0" 200 3982726 "-" "-"
46.101.116.244 - - [13/Jun/2025:12:12:35 +0200] "GET /Jurek/rider/feeds/rider_alza.xml HTTP/2.0" 200 8166314 "-" "-"
46.101.116.244 - - [13/Jun/2025:12:12:51 +0200] "GET /Jurek/intsell/feeds/intsell_alza.xml HTTP/2.0" 200 342157477 "-" "-"
66.249.64.37 - - [13/Jun/2025:12:14:31 +0200] "GET /Jurek/topeshop/downloaded_images/5902838463338_Dallas_Sonoma(4).jpg HTTP/1.1" 404 3551 "-" "Googlebot-Image/1.0"
18.157.125.26 - - [13/Jun/2025:12:14:58 +0200] "GET /Jurek/eurofirany/images/409731/0.jpg HTTP/2.0" 200 188410 "-" "Mozilla/5.0 (Windows NT 10.0; Win64; x64) AppleWebKit/537.36 (KHTML, like Gecko) Chrome/109.0.0.0 Safari/537.36"
46.101.116.244 - - [13/Jun/2025:12:15:06 +0200] "GET /Jurek/sempler/feeds/sempler_alza.xml HTTP/2.0" 200 6789388 "-" "-"
46.101.116.244 - - [13/Jun/2025:12:15:18 +0200] "GET /Jurek/eroplace/feeds/eroplace_alza.xml HTTP/2.0" 200 52164079 "-" "-"
46.101.116.244 - - [13/Jun/2025:12:15:32 +0200] "GET /Jurek/mosti/feeds/mosti_alza.xml HTTP/2.0" 200 4629099 "-" "-"
46.101.116.244 - - [13/Jun/2025:12:15:32 +0200] "GET /Jurek/biokominki/feeds/biokomiinki_alza.xml HTTP/2.0" 200 1422347 "-" "-"
66.249.64.37 - - [13/Jun/2025:12:15:44 +0200] "GET /Jurek/topeshop/downloaded_images/5902838466681_I_RTV-140-MALWA_A.jpg HTTP/1.1" 200 139285 "-" "Googlebot-Image/1.0"
46.101.116.244 - - [13/Jun/2025:12:16:30 +0200] "GET /Jurek/vida_morele/feeds/vida_alza.xml HTTP/2.0" 200 871371892 "-" "-"
66.249.64.37 - - [13/Jun/2025:12:16:45 +0200] "GET /Jurek/eurofirany/images/428726/7.jpg HTTP/1.1" 200 76820 "-" "Googlebot-Image/1.0"
66.249.64.38 - - [13/Jun/2025:12:17:15 +0200] "GET /Jurek/eurofirany/images/415637/4.jpg HTTP/1.1" 200 137861 "-" "Googlebot-Image/1.0"
66.249.64.37 - - [13/Jun/2025:12:17:45 +0200] "GET /Jurek/eurofirany/images/423950/14.jpg HTTP/1.1" 200 113853 "-" "Googlebot-Image/1.0"
185.6.76.166 - - [13/Jun/2025:12:18:00 +0200] "GET /Jurek/eurofirany/images/419763/0.jpg HTTP/1.1" 200 6595 "-" "Skroutz ImageBot v1"
66.249.64.38 - - [13/Jun/2025:12:18:16 +0200] "GET /Jurek/eurofirany/images/389995/5.jpg HTTP/1.1" 200 139333 "-" "Googlebot-Image/1.0"
66.249.64.38 - - [13/Jun/2025:12:19:47 +0200] "GET /Jurek/eurofirany/images/387474/1.jpg HTTP/1.1" 200 224875 "-" "Googlebot-Image/1.0"
66.211.183.73 - - [13/Jun/2025:12:20:22 +0200] "GET /Jurek/topeshop/downloaded_images/5902838464199_Opal_garderoba_biel.jpg HTTP/1.1" 404 3551 "http://www.ebay.com/" "Mozilla/5.0 (Windows NT 10.0; Win64; x64) AppleWebKit/537.36 (KHTML, like Gecko) Chrome/123.0.0.0 Safari/537.36"
66.211.183.74 - - [13/Jun/2025:12:20:22 +0200] "GET /Jurek/topeshop/downloaded_images/5902838464199_wymiary_close_Obszar_roboczy_1.jpg HTTP/1.1" 200 55967 "http://www.ebay.com/" "Mozilla/5.0 (Windows NT 10.0; Win64; x64) AppleWebKit/537.36 (KHTML, like Gecko) Chrome/123.0.0.0 Safari/537.36"
66.211.183.70 - - [13/Jun/2025:12:20:22 +0200] "GET /Jurek/topeshop/downloaded_images/5902838464199_front_open.jpg HTTP/1.1" 200 36785 "http://www.ebay.com/" "Mozilla/5.0 (Windows NT 10.0; Win64; x64) AppleWebKit/537.36 (KHTML, like Gecko) Chrome/123.0.0.0 Safari/537.36"
66.211.183.72 - - [13/Jun/2025:12:20:22 +0200] "GET /Jurek/topeshop/downloaded_images/5902838464199_wymiary_open_Obszar_roboczy_1.jpg HTTP/1.1" 200 44046 "http://www.ebay.com/" "Mozilla/5.0 (Windows NT 10.0; Win64; x64) AppleWebKit/537.36 (KHTML, like Gecko) Chrome/123.0.0.0 Safari/537.36"
66.211.183.72 - - [13/Jun/2025:12:20:22 +0200] "GET /Jurek/topeshop/downloaded_images/5902838464199_front_close.jpg HTTP/1.1" 200 38102 "http://www.ebay.com/" "Mozilla/5.0 (Windows NT 10.0; Win64; x64) AppleWebKit/537.36 (KHTML, like Gecko) Chrome/123.0.0.0 Safari/537.36"
66.211.183.73 - - [13/Jun/2025:12:20:22 +0200] "GET /Jurek/topeshop/downloaded_images/5902838464199_biel.jpg HTTP/1.1" 200 102373 "http://www.ebay.com/" "Mozilla/5.0 (Windows NT 10.0; Win64; x64) AppleWebKit/537.36 (KHTML, like Gecko) Chrome/123.0.0.0 Safari/537.36"
66.211.183.74 - - [13/Jun/2025:12:20:22 +0200] "GET /Jurek/topeshop/downloaded_images/5902838464199_20_st.jpg HTTP/1.1" 200 38673 "http://www.ebay.com/" "Mozilla/5.0 (Windows NT 10.0; Win64; x64) AppleWebKit/537.36 (KHTML, like Gecko) Chrome/123.0.0.0 Safari/537.36"
66.211.183.71 - - [13/Jun/2025:12:20:22 +0200] "GET /Jurek/topeshop/downloaded_images/5902838464199_20_st_open.jpg HTTP/1.1" 200 39409 "http://www.ebay.com/" "Mozilla/5.0 (Windows NT 10.0; Win64; x64) AppleWebKit/537.36 (KHTML, like Gecko) Chrome/123.0.0.0 Safari/537.36"
62.146.215.32 - - [13/Jun/2025:12:20:33 +0200] "GET /Jurek/topeshop/downloaded_images/5904507207458_20st_mijas_lewy_zielonykopia.png HTTP/2.0" 304 0 "-" "billigerbot/1.0"
66.249.64.38 - - [13/Jun/2025:12:20:47 +0200] "GET /Jurek/eurofirany/images/378497/7.jpg HTTP/1.1" 200 81929 "-" "Googlebot-Image/1.0"
66.249.64.38 - - [13/Jun/2025:12:21:19 +0200] "GET /Jurek/eurofirany/images/390398/6.jpg HTTP/1.1" 200 257923 "-" "Googlebot-Image/1.0"
66.249.64.39 - - [13/Jun/2025:12:22:19 +0200] "GET /Jurek/eurofirany/images/409910/5.jpg HTTP/1.1" 200 6595 "-" "Googlebot-Image/1.0"
66.249.64.37 - - [13/Jun/2025:12:23:20 +0200] "GET /Jurek/eurofirany/images/383346/5.jpg HTTP/1.1" 200 148829 "-" "Googlebot-Image/1.0"
46.101.116.244 - - [13/Jun/2025:12:23:51 +0200] "GET /Jurek/piotrmiedz/feeds/piotrmiedz_amazonbe.xml HTTP/1.0" 200 91048232 "-" "-"
66.249.64.39 - - [13/Jun/2025:12:24:20 +0200] "GET /Jurek/eurofirany/images/383468/3.jpg HTTP/1.1" 200 43995 "-" "Googlebot-Image/1.0"
66.249.64.37 - - [13/Jun/2025:12:25:51 +0200] "GET /Jurek/eurofirany/images/385817/5.jpg HTTP/1.1" 200 216332 "-" "Googlebot-Image/1.0"
66.249.64.39 - - [13/Jun/2025:12:26:21 +0200] "GET /Jurek/eurofirany/images/467982/1.jpg HTTP/1.1" 200 88567 "-" "Googlebot-Image/1.0"
66.249.64.38 - - [13/Jun/2025:12:26:52 +0200] "GET /Jurek/eurofirany/images/390402/10.jpg HTTP/1.1" 200 92563 "-" "Googlebot-Image/1.0"
89.161.206.59 - - [13/Jun/2025:12:27:34 +0200] "GET /Jurek/kamar/feeds/kamar_skr.xml HTTP/1.0" 200 25549520 "-" "-"
66.249.64.39 - - [13/Jun/2025:12:28:23 +0200] "GET /Jurek/eurofirany/images/390456/5.jpg HTTP/1.1" 200 240573 "-" "Googlebot-Image/1.0"
66.249.64.38 - - [13/Jun/2025:12:28:54 +0200] "GET /Jurek/topeshop/downloaded_images/5904507201982_BILBAO_4P_1_1.png HTTP/1.1" 200 1325493 "-" "Googlebot-Image/1.0"
66.249.64.39 - - [13/Jun/2025:12:29:24 +0200] "GET /Jurek/eurofirany/images/390455/4.jpg HTTP/1.1" 200 274644 "-" "Googlebot-Image/1.0"
66.249.64.37 - - [13/Jun/2025:12:29:54 +0200] "GET /Jurek/eurofirany/images/382251/2.jpg HTTP/1.1" 200 6595 "-" "Googlebot-Image/1.0"
62.146.215.34 - - [13/Jun/2025:12:30:12 +0200] "GET /Jurek/topeshop/downloaded_images/5904507207489_20st_mijas_prawy_zielonykopia.png HTTP/2.0" 304 0 "-" "billigerbot/1.0"
66.249.64.37 - - [13/Jun/2025:12:30:54 +0200] "GET /Jurek/eurofirany/images/401946/5.jpg HTTP/1.1" 200 6595 "-" "Googlebot-Image/1.0"
66.249.64.39 - - [13/Jun/2025:12:31:25 +0200] "GET /Jurek/eurofirany/images/385817/8.jpg HTTP/1.1" 200 126852 "-" "Googlebot-Image/1.0"
66.249.64.38 - - [13/Jun/2025:12:31:55 +0200] "GET /Jurek/eurofirany/images/461620/1.jpg HTTP/1.1" 200 147294 "-" "Googlebot-Image/1.0"
193.33.8.61 - - [13/Jun/2025:12:32:17 +0200] "GET /Jurek/kamar/feeds/kamar_zero.xml HTTP/2.0" 200 25551538 "https://konsola.dkkapusta1997.usermd.net/" "Mozilla/5.0 (Windows NT 10.0; Win64; x64) AppleWebKit/537.36 (KHTML, like Gecko) Chrome/137.0.0.0 Safari/537.36"
66.249.64.37 - - [13/Jun/2025:12:32:58 +0200] "GET /Jurek/eurofirany/images/390395/8.jpg HTTP/1.1" 200 238615 "-" "Googlebot-Image/1.0"
66.249.64.38 - - [13/Jun/2025:12:33:26 +0200] "GET /Jurek/eurofirany/images/371523/3.jpg HTTP/1.1" 200 53628 "-" "Googlebot-Image/1.0"
66.249.64.37 - - [13/Jun/2025:12:33:56 +0200] "GET /Jurek/eurofirany/images/389939/7.jpg HTTP/1.1" 200 6595 "-" "Googlebot-Image/1.0"
89.161.206.59 - - [13/Jun/2025:12:34:08 +0200] "GET /Jurek/amzteam/feeds/amzteam_skroutz.xml HTTP/1.0" 200 95854 "-" "-"
66.249.64.38 - - [13/Jun/2025:12:34:27 +0200] "GET /Jurek/eurofirany/images/378497/2.jpg HTTP/1.1" 200 54937 "-" "Googlebot-Image/1.0"
66.249.64.37 - - [13/Jun/2025:12:34:57 +0200] "GET /Jurek/eurofirany/images/225806/3.jpg HTTP/1.1" 200 233089 "-" "Googlebot-Image/1.0"
89.161.206.59 - - [13/Jun/2025:12:35:18 +0200] "GET /Jurek/oromed/feeds/oromed_skroutz.xml HTTP/1.0" 200 1279278 "-" "-"
89.161.206.59 - - [13/Jun/2025:12:35:28 +0200] "GET /Jurek/fertone/feeds/fertone_skroutz.xml HTTP/1.0" 200 584071 "-" "-"
3.87.37.182 - - [13/Jun/2025:12:35:32 +0200] "GET /Jurek/kinghoff/feeds/kinghoff_SkroutzGR.xml HTTP/1.1" 206 32769 "-" "Slackbot-LinkExpanding 1.0 (+https://api.slack.com/robots)"
54.198.235.128 - - [13/Jun/2025:12:35:32 +0200] "GET /Jurek/kinghoff/feeds/kinghoff_SkroutzGR.xml HTTP/1.1" 206 65536 "-" "Slackbot-LinkExpanding 1.0 (+https://api.slack.com/robots)"
13.217.89.167 - - [13/Jun/2025:12:35:33 +0200] "GET /Jurek/kinghoff/feeds/kinghoff_SkroutzGR.xml HTTP/1.1" 206 65536 "-" "Slackbot-LinkExpanding 1.0 (+https://api.slack.com/robots)"
98.83.149.96 - - [13/Jun/2025:12:35:34 +0200] "GET /Jurek/kinghoff/feeds/kinghoff_SkroutzGR.xml HTTP/1.1" 206 65536 "-" "Slackbot-LinkExpanding 1.0 (+https://api.slack.com/robots)"
3.84.87.9 - - [13/Jun/2025:12:35:34 +0200] "GET /Jurek/kinghoff/feeds/kinghoff_SkroutzGR.xml HTTP/1.1" 206 65536 "-" "Slackbot-LinkExpanding 1.0 (+https://api.slack.com/robots)"
89.161.206.59 - - [13/Jun/2025:12:35:35 +0200] "GET /Jurek/spali/feeds/spali_skroutz.xml HTTP/1.0" 200 77047 "-" "-"
13.217.88.75 - - [13/Jun/2025:12:35:35 +0200] "GET /Jurek/kinghoff/feeds/kinghoff_SkroutzGR.xml HTTP/1.1" 206 65536 "-" "Slackbot-LinkExpanding 1.0 (+https://api.slack.com/robots)"
89.161.206.59 - - [13/Jun/2025:12:35:35 +0200] "GET /Jurek/combine/feeds/combine_skroutz.xml HTTP/1.0" 200 210509 "-" "-"
52.91.7.41 - - [13/Jun/2025:12:35:36 +0200] "GET /Jurek/kinghoff/feeds/kinghoff_SkroutzGR.xml HTTP/1.1" 206 65536 "-" "Slackbot-LinkExpanding 1.0 (+https://api.slack.com/robots)"
54.162.216.121 - - [13/Jun/2025:12:35:36 +0200] "GET /Jurek/kinghoff/feeds/kinghoff_SkroutzGR.xml HTTP/1.1" 206 65536 "-" "Slackbot-LinkExpanding 1.0 (+https://api.slack.com/robots)"
54.205.197.229 - - [13/Jun/2025:12:35:37 +0200] "GET /Jurek/kinghoff/feeds/kinghoff_SkroutzGR.xml HTTP/1.1" 206 65536 "-" "Slackbot-LinkExpanding 1.0 (+https://api.slack.com/robots)"
3.81.111.16 - - [13/Jun/2025:12:35:38 +0200] "GET /Jurek/kinghoff/feeds/kinghoff_SkroutzGR.xml HTTP/1.1" 206 65536 "-" "Slackbot-LinkExpanding 1.0 (+https://api.slack.com/robots)"
34.230.6.11 - - [13/Jun/2025:12:35:39 +0200] "GET /Jurek/kinghoff/feeds/kinghoff_SkroutzGR.xml HTTP/1.1" 206 65536 "-" "Slackbot-LinkExpanding 1.0 (+https://api.slack.com/robots)"
