54.162.216.121 - - [13/Jun/2025:12:35:39 +0200] "GET /Jurek/kinghoff/feeds/kinghoff_SkroutzGR.xml HTTP/1.1" 206 65536 "-" "Slackbot-LinkExpanding 1.0 (+https://api.slack.com/robots)"
18.208.166.233 - - [13/Jun/2025:12:35:40 +0200] "GET /Jurek/kinghoff/feeds/kinghoff_SkroutzGR.xml HTTP/1.1" 206 65536 "-" "Slackbot-LinkExpanding 1.0 (+https://api.slack.com/robots)"
3.81.23.131 - - [13/Jun/2025:12:35:40 +0200] "GET /Jurek/kinghoff/feeds/kinghoff_SkroutzGR.xml HTTP/1.1" 206 65536 "-" "Slackbot-LinkExpanding 1.0 (+https://api.slack.com/robots)"
54.159.91.152 - - [13/Jun/2025:12:35:41 +0200] "GET /Jurek/kinghoff/feeds/kinghoff_SkroutzGR.xml HTTP/1.1" 206 65536 "-" "Slackbot-LinkExpanding 1.0 (+https://api.slack.com/robots)"
3.87.37.182 - - [13/Jun/2025:12:35:42 +0200] "GET /Jurek/kinghoff/feeds/kinghoff_SkroutzGR.xml HTTP/1.1" 206 65536 "-" "Slackbot-LinkExpanding 1.0 (+https://api.slack.com/robots)"
18.234.40.56 - - [13/Jun/2025:12:35:43 +0200] "GET /favicon.ico HTTP/1.1" 404 3551 "-" "Slackbot 1.0 (+https://api.slack.com/robots)"
98.81.231.31 - - [13/Jun/2025:12:35:55 +0200] "GET /Jurek/aw/feeds/awnarzedzia_skroutz.xml HTTP/1.1" 206 32769 "-" "Slackbot-LinkExpanding 1.0 (+https://api.slack.com/robots)"
54.175.202.69 - - [13/Jun/2025:12:35:55 +0200] "GET /Jurek/aw/feeds/awnarzedzia_skroutz.xml HTTP/1.1" 206 65536 "-" "Slackbot-LinkExpanding 1.0 (+https://api.slack.com/robots)"
54.208.36.5 - - [13/Jun/2025:12:35:56 +0200] "GET /Jurek/aw/feeds/awnarzedzia_skroutz.xml HTTP/1.1" 206 65536 "-" "Slackbot-LinkExpanding 1.0 (+https://api.slack.com/robots)"
18.234.207.172 - - [13/Jun/2025:12:35:57 +0200] "GET /Jurek/aw/feeds/awnarzedzia_skroutz.xml HTTP/1.1" 206 65536 "-" "Slackbot-LinkExpanding 1.0 (+https://api.slack.com/robots)"
44.203.156.52 - - [13/Jun/2025:12:35:57 +0200] "GET /Jurek/aw/feeds/awnarzedzia_skroutz.xml HTTP/1.1" 206 65536 "-" "Slackbot-LinkExpanding 1.0 (+https://api.slack.com/robots)"
66.249.64.38 - - [13/Jun/2025:12:35:58 +0200] "GET /Jurek/eurofirany/images/398781/4.jpg HTTP/1.1" 200 81152 "-" "Googlebot-Image/1.0"
54.208.68.64 - - [13/Jun/2025:12:35:58 +0200] "GET /Jurek/aw/feeds/awnarzedzia_skroutz.xml HTTP/1.1" 206 65536 "-" "Slackbot-LinkExpanding 1.0 (+https://api.slack.com/robots)"
44.202.152.175 - - [13/Jun/2025:12:35:59 +0200] "GET /Jurek/aw/feeds/awnarzedzia_skroutz.xml HTTP/1.1" 206 65536 "-" "Slackbot-LinkExpanding 1.0 (+https://api.slack.com/robots)"
13.221.213.104 - - [13/Jun/2025:12:35:59 +0200] "GET /Jurek/aw/feeds/awnarzedzia_skroutz.xml HTTP/1.1" 206 65536 "-" "Slackbot-LinkExpanding 1.0 (+https://api.slack.com/robots)"
18.212.39.32 - - [13/Jun/2025:12:36:00 +0200] "GET /Jurek/aw/feeds/awnarzedzia_skroutz.xml HTTP/1.1" 206 65536 "-" "Slackbot-LinkExpanding 1.0 (+https://api.slack.com/robots)"
35.175.139.82 - - [13/Jun/2025:12:36:01 +0200] "GET /Jurek/aw/feeds/awnarzedzia_skroutz.xml HTTP/1.1" 206 65536 "-" "Slackbot-LinkExpanding 1.0 (+https://api.slack.com/robots)"
3.84.94.223 - - [13/Jun/2025:12:36:01 +0200] "GET /Jurek/aw/feeds/awnarzedzia_skroutz.xml HTTP/1.1" 206 65536 "-" "Slackbot-LinkExpanding 1.0 (+https://api.slack.com/robots)"
18.212.39.32 - - [13/Jun/2025:12:36:02 +0200] "GET /Jurek/aw/feeds/awnarzedzia_skroutz.xml HTTP/1.1" 206 65536 "-" "Slackbot-LinkExpanding 1.0 (+https://api.slack.com/robots)"
35.171.26.103 - - [13/Jun/2025:12:36:03 +0200] "GET /Jurek/aw/feeds/awnarzedzia_skroutz.xml HTTP/1.1" 206 65536 "-" "Slackbot-LinkExpanding 1.0 (+https://api.slack.com/robots)"
54.208.114.91 - - [13/Jun/2025:12:36:03 +0200] "GET /Jurek/aw/feeds/awnarzedzia_skroutz.xml HTTP/1.1" 206 65536 "-" "Slackbot-LinkExpanding 1.0 (+https://api.slack.com/robots)"
54.175.202.69 - - [13/Jun/2025:12:36:04 +0200] "GET /Jurek/aw/feeds/awnarzedzia_skroutz.xml HTTP/1.1" 206 65536 "-" "Slackbot-LinkExpanding 1.0 (+https://api.slack.com/robots)"
89.161.206.59 - - [13/Jun/2025:12:36:04 +0200] "GET /Jurek/eurofirany/feeds/eurofirany_manomanofr.xml HTTP/1.0" 200 19499761 "-" "-"
3.84.94.223 - - [13/Jun/2025:12:36:05 +0200] "GET /Jurek/aw/feeds/awnarzedzia_skroutz.xml HTTP/1.1" 206 65536 "-" "Slackbot-LinkExpanding 1.0 (+https://api.slack.com/robots)"
35.171.26.103 - - [13/Jun/2025:12:36:06 +0200] "GET /favicon.ico HTTP/1.1" 404 3551 "-" "Slackbot 1.0 (+https://api.slack.com/robots)"
54.172.192.29 - - [13/Jun/2025:12:36:07 +0200] "GET /Jurek/eurofirany/feeds/eurofirany_skroutz.xml HTTP/1.1" 206 32769 "-" "Slackbot-LinkExpanding 1.0 (+https://api.slack.com/robots)"
54.208.68.64 - - [13/Jun/2025:12:36:07 +0200] "GET /Jurek/eurofirany/feeds/eurofirany_skroutz.xml HTTP/1.1" 206 65536 "-" "Slackbot-LinkExpanding 1.0 (+https://api.slack.com/robots)"
18.234.207.172 - - [13/Jun/2025:12:36:08 +0200] "GET /Jurek/eurofirany/feeds/eurofirany_skroutz.xml HTTP/1.1" 206 65536 "-" "Slackbot-LinkExpanding 1.0 (+https://api.slack.com/robots)"
3.86.244.122 - - [13/Jun/2025:12:36:09 +0200] "GET /Jurek/eurofirany/feeds/eurofirany_skroutz.xml HTTP/1.1" 206 65536 "-" "Slackbot-LinkExpanding 1.0 (+https://api.slack.com/robots)"
54.175.202.69 - - [13/Jun/2025:12:36:09 +0200] "GET /Jurek/eurofirany/feeds/eurofirany_skroutz.xml HTTP/1.1" 206 65536 "-" "Slackbot-LinkExpanding 1.0 (+https://api.slack.com/robots)"
3.83.116.63 - - [13/Jun/2025:12:36:10 +0200] "GET /Jurek/eurofirany/feeds/eurofirany_skroutz.xml HTTP/1.1" 206 65536 "-" "Slackbot-LinkExpanding 1.0 (+https://api.slack.com/robots)"
54.172.192.29 - - [13/Jun/2025:12:36:10 +0200] "GET /Jurek/eurofirany/feeds/eurofirany_skroutz.xml HTTP/1.1" 206 65536 "-" "Slackbot-LinkExpanding 1.0 (+https://api.slack.com/robots)"
54.165.145.152 - - [13/Jun/2025:12:36:11 +0200] "GET /Jurek/eurofirany/feeds/eurofirany_skroutz.xml HTTP/1.1" 206 65536 "-" "Slackbot-LinkExpanding 1.0 (+https://api.slack.com/robots)"
54.208.114.91 - - [13/Jun/2025:12:36:12 +0200] "GET /Jurek/eurofirany/feeds/eurofirany_skroutz.xml HTTP/1.1" 206 65536 "-" "Slackbot-LinkExpanding 1.0 (+https://api.slack.com/robots)"
54.165.145.152 - - [13/Jun/2025:12:36:12 +0200] "GET /Jurek/eurofirany/feeds/eurofirany_skroutz.xml HTTP/1.1" 206 65536 "-" "Slackbot-LinkExpanding 1.0 (+https://api.slack.com/robots)"
54.208.36.5 - - [13/Jun/2025:12:36:13 +0200] "GET /Jurek/eurofirany/feeds/eurofirany_skroutz.xml HTTP/1.1" 206 65536 "-" "Slackbot-LinkExpanding 1.0 (+https://api.slack.com/robots)"
18.205.115.38 - - [13/Jun/2025:12:36:13 +0200] "GET /Jurek/eurofirany/feeds/eurofirany_skroutz.xml HTTP/1.1" 206 65536 "-" "Slackbot-LinkExpanding 1.0 (+https://api.slack.com/robots)"
44.202.152.175 - - [13/Jun/2025:12:36:14 +0200] "GET /Jurek/eurofirany/feeds/eurofirany_skroutz.xml HTTP/1.1" 206 65536 "-" "Slackbot-LinkExpanding 1.0 (+https://api.slack.com/robots)"
54.236.226.178 - - [13/Jun/2025:12:36:15 +0200] "GET /Jurek/eurofirany/feeds/eurofirany_skroutz.xml HTTP/1.1" 206 65536 "-" "Slackbot-LinkExpanding 1.0 (+https://api.slack.com/robots)"
44.211.205.68 - - [13/Jun/2025:12:36:15 +0200] "GET /Jurek/eurofirany/feeds/eurofirany_skroutz.xml HTTP/1.1" 206 65536 "-" "Slackbot-LinkExpanding 1.0 (+https://api.slack.com/robots)"
54.165.145.152 - - [13/Jun/2025:12:36:16 +0200] "GET /Jurek/eurofirany/feeds/eurofirany_skroutz.xml HTTP/1.1" 206 65536 "-" "Slackbot-LinkExpanding 1.0 (+https://api.slack.com/robots)"
13.218.151.126 - - [13/Jun/2025:12:36:16 +0200] "GET /Jurek/eurofirany/feeds/eurofirany_skroutz.xml HTTP/1.1" 206 65536 "-" "Slackbot-LinkExpanding 1.0 (+https://api.slack.com/robots)"
54.236.226.178 - - [13/Jun/2025:12:36:17 +0200] "GET /favicon.ico HTTP/1.1" 404 3551 "-" "Slackbot 1.0 (+https://api.slack.com/robots)"
66.249.64.39 - - [13/Jun/2025:12:36:28 +0200] "GET /Jurek/eurofirany/images/397728/3.jpg HTTP/1.1" 200 185471 "-" "Googlebot-Image/1.0"
66.249.64.37 - - [13/Jun/2025:12:36:58 +0200] "GET /Jurek/eurofirany/images/398781/2.jpg HTTP/1.1" 200 36950 "-" "Googlebot-Image/1.0"
66.249.64.39 - - [13/Jun/2025:12:37:29 +0200] "GET /Jurek/eurofirany/images/398781/3.jpg HTTP/1.1" 200 38773 "-" "Googlebot-Image/1.0"
52.18.22.0 - - [13/Jun/2025:12:37:50 +0200] "GET /marketplaces/worten2/results/worten.csv HTTP/1.1" 200 147217 "-" "Mirakl HttpClient"
66.249.64.38 - - [13/Jun/2025:12:38:00 +0200] "GET /Jurek/eurofirany/images/378497/4.jpg HTTP/1.1" 200 175229 "-" "Googlebot-Image/1.0"
89.161.206.59 - - [13/Jun/2025:12:38:12 +0200] "GET /Jurek/roger/feeds/roger_manoFR.xml HTTP/1.0" 200 1147382 "-" "-"
66.249.64.37 - - [13/Jun/2025:12:39:00 +0200] "GET /Jurek/eurofirany/images/378497/1.jpg HTTP/1.1" 200 66572 "-" "Googlebot-Image/1.0"
66.249.64.37 - - [13/Jun/2025:12:39:30 +0200] "GET /Jurek/eurofirany/images/398781/5.jpg HTTP/1.1" 200 60735 "-" "Googlebot-Image/1.0"
66.249.64.37 - - [13/Jun/2025:12:40:00 +0200] "GET /Jurek/eurofirany/images/225806/1.jpg HTTP/1.1" 200 38023 "-" "Googlebot-Image/1.0"
46.101.116.244 - - [13/Jun/2025:12:40:05 +0200] "GET /Jurek/awparts/feeds/awparts_manoFR.xml HTTP/1.0" 200 142300301 "-" "-"
89.161.206.59 - - [13/Jun/2025:12:40:46 +0200] "GET /Jurek/drewdon/feeds/drewdon_piguEX.xml HTTP/1.0" 200 504441 "-" "-"
66.249.64.37 - - [13/Jun/2025:12:41:32 +0200] "GET /Jurek/eurofirany/images/371528/5.jpg HTTP/1.1" 200 187142 "-" "Googlebot-Image/1.0"
89.161.206.59 - - [13/Jun/2025:12:41:56 +0200] "GET /Jurek/beltimore/feeds/beltimore_bol.xml HTTP/1.0" 200 18652165 "-" "-"
89.161.206.59 - - [13/Jun/2025:12:41:58 +0200] "GET /Jurek/ralmetal/feeds/ralmetal_emag.xml HTTP/1.0" 200 1787426 "-" "-"
66.249.64.38 - - [13/Jun/2025:12:42:02 +0200] "GET /Jurek/eurofirany/images/433263/0.jpg HTTP/1.1" 200 6625 "-" "Googlebot-Image/1.0"
89.161.206.59 - - [13/Jun/2025:12:42:07 +0200] "GET /Jurek/makow/feeds/makow_bol.xml HTTP/1.0" 200 21203666 "-" "-"
46.101.116.244 - - [13/Jun/2025:12:42:12 +0200] "GET /Jurek/rovicky/feeds/rovicky_zalando.xml HTTP/1.0" 200 15160509 "-" "-"
207.46.13.51 - - [13/Jun/2025:12:42:14 +0200] "GET /Filip/eany/vida/ HTTP/2.0" 200 2023 "-" "Mozilla/5.0 AppleWebKit/537.36 (KHTML, like Gecko; compatible; bingbot/2.0; +http://www.bing.com/bingbot.htm) Chrome/116.0.1938.76 Safari/537.36"
89.161.206.59 - - [13/Jun/2025:12:42:30 +0200] "GET /Jurek/targethome/feeds/targethome_emagro.xml HTTP/1.0" 200 688681 "-" "-"
89.161.206.59 - - [13/Jun/2025:12:42:31 +0200] "GET /Jurek/drops/feeds/dropsofficecolection_emagro.xml HTTP/1.0" 200 790953 "-" "-"
89.161.206.59 - - [13/Jun/2025:12:42:31 +0200] "GET /Jurek/reman/feeds/reman_emagro.xml HTTP/1.0" 200 1394893 "-" "-"
89.161.206.59 - - [13/Jun/2025:12:42:32 +0200] "GET /Jurek/erohurtownia/feeds/erohurtownia_emagro.xml HTTP/1.0" 200 22856237 "-" "-"
66.249.64.37 - - [13/Jun/2025:12:42:33 +0200] "GET /Jurek/eurofirany/images/390450/1.jpg HTTP/1.1" 200 315915 "-" "Googlebot-Image/1.0"
89.161.206.59 - - [13/Jun/2025:12:42:35 +0200] "GET /Jurek/combine/feeds/combine_EMAGRO.xml HTTP/1.0" 200 210529 "-" "-"
89.161.206.59 - - [13/Jun/2025:12:42:35 +0200] "GET /Jurek/elecomp/feeds/elecomp_emagro.xml HTTP/1.0" 200 2868294 "-" "-"
66.249.64.38 - - [13/Jun/2025:12:43:03 +0200] "GET /Jurek/eurofirany/images/385817/3.jpg HTTP/1.1" 200 233903 "-" "Googlebot-Image/1.0"
193.33.8.61 - - [13/Jun/2025:12:43:13 +0200] "GET /Jurek/lendo/feeds/lendo_cdon_se.xml HTTP/2.0" 200 330440 "https://konsola.dkkapusta1997.usermd.net/" "Mozilla/5.0 (Windows NT 10.0; Win64; x64) AppleWebKit/537.36 (KHTML, like Gecko) Chrome/137.0.0.0 Safari/537.36"
66.249.64.38 - - [13/Jun/2025:12:43:33 +0200] "GET /Jurek/eurofirany/images/390398/1.jpg HTTP/1.1" 200 312136 "-" "Googlebot-Image/1.0"
66.249.64.39 - - [13/Jun/2025:12:44:03 +0200] "GET /Jurek/eurofirany/images/398804/0.jpg HTTP/1.1" 200 31541 "-" "Googlebot-Image/1.0"
89.161.206.59 - - [13/Jun/2025:12:45:03 +0200] "GET /Jurek/hdwr/feeds/hdwr_skroutz.xml HTTP/1.0" 200 777071 "-" "-"
66.249.64.37 - - [13/Jun/2025:12:45:04 +0200] "GET /Jurek/eurofirany/images/389918/7.jpg HTTP/1.1" 200 6595 "-" "Googlebot-Image/1.0"
207.46.13.51 - - [13/Jun/2025:12:45:31 +0200] "GET /Jurek/topeshop/downloaded_images/5902838467466_2.jpg HTTP/2.0" 404 3551 "-" "Mozilla/5.0 AppleWebKit/537.36 (KHTML, like Gecko; compatible; bingbot/2.0; +http://www.bing.com/bingbot.htm) Chrome/116.0.1938.76 Safari/537.36"
66.249.64.38 - - [13/Jun/2025:12:45:34 +0200] "GET /Jurek/eurofirany/images/398804/4.jpg HTTP/1.1" 200 191888 "-" "Googlebot-Image/1.0"
89.161.206.59 - - [13/Jun/2025:12:46:03 +0200] "GET /Jurek/targethome/feeds/targethome_skroutz.xml HTTP/1.0" 200 688621 "-" "-"
66.249.64.38 - - [13/Jun/2025:12:46:04 +0200] "GET /Jurek/eurofirany/images/389997/1.jpg HTTP/1.1" 200 154369 "-" "Googlebot-Image/1.0"
89.161.206.59 - - [13/Jun/2025:12:46:05 +0200] "GET /Jurek/twojsklep/feeds/twojsklep_skroutz.xml HTTP/1.0" 200 126799 "-" "-"
89.161.206.59 - - [13/Jun/2025:12:46:07 +0200] "GET /Jurek/luxma/feeds/luxma_skroutz.xml HTTP/1.0" 200 4419708 "-" "-"
89.161.206.59 - - [13/Jun/2025:12:46:08 +0200] "GET /Jurek/zepnij/feeds/zepnij_skroutz.xml HTTP/1.0" 200 19522544 "-" "-"
89.161.206.59 - - [13/Jun/2025:12:46:09 +0200] "GET /Jurek/primohurt/feeds/primohurt_skroutz.xml HTTP/1.0" 200 17186927 "-" "-"
89.161.206.59 - - [13/Jun/2025:12:46:14 +0200] "GET /Jurek/lerutrade/feeds/lerutrade_manoFR.xml HTTP/1.0" 200 82815 "-" "-"
52.167.144.161 - - [13/Jun/2025:12:46:18 +0200] "GET /mall/getProductsDetails/mall-products-shumee-sl.csv HTTP/2.0" 200 0 "-" "Mozilla/5.0 AppleWebKit/537.36 (KHTML, like Gecko; compatible; bingbot/2.0; +http://www.bing.com/bingbot.htm) Chrome/116.0.1938.76 Safari/537.36"
89.161.206.59 - - [13/Jun/2025:12:46:20 +0200] "GET /Jurek/pawonik/feeds/pawonik_skroutz.xml HTTP/1.0" 200 2138441 "-" "-"
89.161.206.59 - - [13/Jun/2025:12:46:29 +0200] "GET /Jurek/artdog/feeds/artdog_skroutz.xml HTTP/1.0" 200 16659371 "-" "-"
66.249.64.38 - - [13/Jun/2025:12:46:35 +0200] "GET /Jurek/eurofirany/images/383061/6.jpg HTTP/1.1" 200 97479 "-" "Googlebot-Image/1.0"
66.249.64.39 - - [13/Jun/2025:12:47:35 +0200] "GET /Jurek/eurofirany/images/383108/2.jpg HTTP/1.1" 200 6595 "-" "Googlebot-Image/1.0"
46.101.116.244 - - [13/Jun/2025:12:47:56 +0200] "GET /Jurek/eurofirany/feeds/eurofirany_empik.xml HTTP/1.0" 200 19500859 "-" "-"
46.101.116.244 - - [13/Jun/2025:12:47:59 +0200] "GET /Jurek/b3/feeds/b3_alza.xml HTTP/2.0" 200 8510090 "-" "-"
46.101.116.244 - - [13/Jun/2025:12:48:15 +0200] "GET /Jurek/aw/feeds/awnarzedzia_fnacFR.xml HTTP/1.0" 200 90821978 "-" "-"
193.33.8.61 - - [13/Jun/2025:12:48:17 +0200] "GET /Jurek/dekoele/feeds/dekoele_cdon_dk.xml HTTP/2.0" 200 734012 "https://konsola.dkkapusta1997.usermd.net/" "Mozilla/5.0 (Windows NT 10.0; Win64; x64) AppleWebKit/537.36 (KHTML, like Gecko) Chrome/137.0.0.0 Safari/537.36"
46.101.116.244 - - [13/Jun/2025:12:48:22 +0200] "GET /Jurek/action/feeds/action_alza.xml HTTP/2.0" 200 60877565 "-" "-"
46.101.116.244 - - [13/Jun/2025:12:48:24 +0200] "GET /Jurek/chemex/feeds/chemex_empik.xml HTTP/1.0" 200 47822490 "-" "-"
46.101.116.244 - - [13/Jun/2025:12:48:33 +0200] "GET /Jurek/hurtownia_przemyslowa/feeds/hp_fnacfr.xml HTTP/1.0" 200 49361403 "-" "-"
66.249.64.39 - - [13/Jun/2025:12:48:36 +0200] "GET /Jurek/topeshop/downloaded_images/5902838464199_biel.jpg HTTP/1.1" 200 102373 "-" "Googlebot-Image/1.0"
89.161.206.59 - - [13/Jun/2025:12:48:48 +0200] "GET /Jurek/ekotex/feeds/ekotex_skroutz.xml HTTP/1.0" 200 197720 "-" "-"
89.161.206.59 - - [13/Jun/2025:12:48:48 +0200] "GET /Jurek/motofan/feeds/motofan_skroutz.xml HTTP/1.0" 200 2392063 "-" "-"
66.249.64.38 - - [13/Jun/2025:12:49:06 +0200] "GET /Jurek/eurofirany/images/371532/3.jpg HTTP/1.1" 200 53337 "-" "Googlebot-Image/1.0"
193.33.8.61 - - [13/Jun/2025:12:49:32 +0200] "GET /Jurek/drewdon/feeds/drewdon_zero.xml HTTP/2.0" 200 504484 "https://konsola.dkkapusta1997.usermd.net/" "Mozilla/5.0 (Windows NT 10.0; Win64; x64) AppleWebKit/537.36 (KHTML, like Gecko) Chrome/137.0.0.0 Safari/537.36"
46.101.116.244 - - [13/Jun/2025:12:49:40 +0200] "GET /Jurek/unimet/feeds/unimet_alza.xml HTTP/2.0" 200 60852917 "-" "-"
66.135.223.42 - - [13/Jun/2025:12:49:46 +0200] "GET /Jurek/topeshop/downloaded_images/5904507201951_2.jpg HTTP/1.1" 404 3551 "http://www.ebay.com/" "Mozilla/5.0 (Windows NT 10.0; Win64; x64) AppleWebKit/537.36 (KHTML, like Gecko) Chrome/123.0.0.0 Safari/537.36"
66.135.223.42 - - [13/Jun/2025:12:49:46 +0200] "GET /Jurek/topeshop/downloaded_images/5904507201951_artisan140.jpg HTTP/1.1" 404 3551 "http://www.ebay.com/" "Mozilla/5.0 (Windows NT 10.0; Win64; x64) AppleWebKit/537.36 (KHTML, like Gecko) Chrome/123.0.0.0 Safari/537.36"
66.135.223.44 - - [13/Jun/2025:12:49:46 +0200] "GET /Jurek/topeshop/downloaded_images/5904507201951_3.jpg HTTP/1.1" 404 3551 "http://www.ebay.com/" "Mozilla/5.0 (Windows NT 10.0; Win64; x64) AppleWebKit/537.36 (KHTML, like Gecko) Chrome/123.0.0.0 Safari/537.36"
66.135.223.40 - - [13/Jun/2025:12:49:46 +0200] "GET /Jurek/topeshop/downloaded_images/5904507201951_20st_1.jpg HTTP/1.1" 404 3551 "http://www.ebay.com/" "Mozilla/5.0 (Windows NT 10.0; Win64; x64) AppleWebKit/537.36 (KHTML, like Gecko) Chrome/123.0.0.0 Safari/537.36"
66.135.223.41 - - [13/Jun/2025:12:49:46 +0200] "GET /Jurek/topeshop/downloaded_images/5904507201951_1.jpg HTTP/1.1" 404 3551 "http://www.ebay.com/" "Mozilla/5.0 (Windows NT 10.0; Win64; x64) AppleWebKit/537.36 (KHTML, like Gecko) Chrome/123.0.0.0 Safari/537.36"
66.135.223.42 - - [13/Jun/2025:12:49:46 +0200] "GET /Jurek/topeshop/downloaded_images/5904507201951_aaaartv140.jpg HTTP/1.1" 200 125198 "http://www.ebay.com/" "Mozilla/5.0 (Windows NT 10.0; Win64; x64) AppleWebKit/537.36 (KHTML, like Gecko) Chrome/123.0.0.0 Safari/537.36"
66.135.223.42 - - [13/Jun/2025:12:49:46 +0200] "GET /Jurek/topeshop/downloaded_images/5904507201951_rtv140aaaa.jpg HTTP/1.1" 200 135975 "http://www.ebay.com/" "Mozilla/5.0 (Windows NT 10.0; Win64; x64) AppleWebKit/537.36 (KHTML, like Gecko) Chrome/123.0.0.0 Safari/537.36"
66.135.223.40 - - [13/Jun/2025:12:49:46 +0200] "GET /Jurek/topeshop/downloaded_images/5904507201951_wiz1.jpg HTTP/1.1" 200 135073 "http://www.ebay.com/" "Mozilla/5.0 (Windows NT 10.0; Win64; x64) AppleWebKit/537.36 (KHTML, like Gecko) Chrome/123.0.0.0 Safari/537.36"
66.249.64.38 - - [13/Jun/2025:12:50:07 +0200] "GET /Jurek/eurofirany/images/398807/6.jpg HTTP/1.1" 200 93071 "-" "Googlebot-Image/1.0"
46.101.116.244 - - [13/Jun/2025:12:50:57 +0200] "GET /Jurek/hurtownia_przemyslowa/feeds/hp_cdiscount.xml HTTP/1.0" 200 36714091 "-" "-"
66.249.64.37 - - [13/Jun/2025:12:51:08 +0200] "GET /Jurek/eurofirany/images/390413/10.jpg HTTP/1.1" 200 82859 "-" "Googlebot-Image/1.0"
46.101.116.244 - - [13/Jun/2025:12:51:12 +0200] "GET /Jurek/andex/feeds/andex_alza.xml HTTP/2.0" 200 1954417 "-" "-"
46.101.116.244 - - [13/Jun/2025:12:51:24 +0200] "GET /Jurek/aw/feeds/awnarzedzia_alza.xml HTTP/2.0" 200 90926732 "-" "-"
89.161.206.59 - - [13/Jun/2025:12:51:35 +0200] "GET /Jurek/topeshop/feeds/topeshop_cdsc.xml HTTP/1.0" 200 2678374 "-" "-"
46.101.116.244 - - [13/Jun/2025:12:51:43 +0200] "GET /Jurek/detian/feeds/detian_alza.xml HTTP/2.0" 404 3551 "-" "-"
46.101.116.244 - - [13/Jun/2025:12:51:54 +0200] "GET /Jurek/fernity/feeds/fernity_alza.xml HTTP/2.0" 200 4964822 "-" "-"
66.249.64.39 - - [13/Jun/2025:12:52:09 +0200] "GET /Jurek/eurofirany/images/424077/8.jpg HTTP/1.1" 200 164639 "-" "Googlebot-Image/1.0"
46.101.116.244 - - [13/Jun/2025:12:52:16 +0200] "GET /Jurek/octopia/feeds/octopia_alzacz.xml HTTP/2.0" 200 10117156 "-" "-"
46.101.116.244 - - [13/Jun/2025:12:52:28 +0200] "GET /Jurek/unimet/feeds/unimet_alza.xml HTTP/2.0" 200 60852917 "-" "-"
46.101.116.244 - - [13/Jun/2025:12:52:49 +0200] "GET /Jurek/eurofirany/feeds/eurofirany_alza.xml HTTP/2.0" 200 19467856 "-" "-"
89.161.206.59 - - [13/Jun/2025:12:52:49 +0200] "GET /Jurek/ikonka/feeds/ikonka_cdsc.xml HTTP/1.0" 200 21093343 "-" "-"
46.101.116.244 - - [13/Jun/2025:12:53:06 +0200] "GET /Jurek/beliani/feeds/beliani_alza.xml HTTP/2.0" 200 15298459 "-" "-"
66.249.64.39 - - [13/Jun/2025:12:53:09 +0200] "GET /Jurek/eurofirany/images/383058/6.jpg HTTP/1.1" 200 95757 "-" "Googlebot-Image/1.0"
46.101.116.244 - - [13/Jun/2025:12:53:24 +0200] "GET /Jurek/piotrmiedz/feeds/piotrmiedz_amazonnl.xml HTTP/1.0" 200 91040504 "-" "-"
46.101.116.244 - - [13/Jun/2025:12:53:25 +0200] "GET /Jurek/vivaldi/feeds/vivaldi_alza.xml HTTP/2.0" 200 344830 "-" "-"
46.101.116.244 - - [13/Jun/2025:12:53:33 +0200] "GET /Jurek/piotrmiedz/feeds/piotrmiedz_amazones.xml HTTP/1.0" 200 91052567 "-" "-"
46.101.116.244 - - [13/Jun/2025:12:53:36 +0200] "GET /Jurek/ikonka/feeds/ikonka_alza.xml HTTP/2.0" 200 21095639 "-" "-"
66.249.64.38 - - [13/Jun/2025:12:53:39 +0200] "GET /Jurek/eurofirany/images/372640/2.jpg HTTP/1.1" 200 116450 "-" "Googlebot-Image/1.0"
46.101.116.244 - - [13/Jun/2025:12:53:45 +0200] "GET /Jurek/piotrmiedz/feeds/piotrmiedz_amazonse.xml HTTP/1.0" 200 91087968 "-" "-"
46.101.116.244 - - [13/Jun/2025:12:53:47 +0200] "GET /Jurek/stema/feeds/stema_alza.xml HTTP/2.0" 200 895006 "-" "-"
157.55.39.205 - - [13/Jun/2025:12:53:49 +0200] "GET /marketplaces/xxxlutz/logs/ HTTP/2.0" 200 808 "-" "Mozilla/5.0 AppleWebKit/537.36 (KHTML, like Gecko; compatible; bingbot/2.0; +http://www.bing.com/bingbot.htm) Chrome/116.0.1938.76 Safari/537.36"
46.101.116.244 - - [13/Jun/2025:12:53:58 +0200] "GET /Jurek/kinghoff/feeds/kinghoff_alza.xml HTTP/2.0" 200 15659020 "-" "-"
66.249.64.38 - - [13/Jun/2025:12:54:10 +0200] "GET /Jurek/topeshop/downloaded_images/5904507201906_MIJASBIURKOBRY%C5%81KAANTRACYTLEWEFRONTOT.jpg HTTP/1.1" 404 3551 "-" "Googlebot-Image/1.0"
193.33.8.61 - - [13/Jun/2025:12:54:19 +0200] "GET /Jurek/playcob/feeds/playcob_cdon_se.xml HTTP/2.0" 200 6981285 "https://konsola.dkkapusta1997.usermd.net/" "Mozilla/5.0 (Windows NT 10.0; Win64; x64) AppleWebKit/537.36 (KHTML, like Gecko) Chrome/137.0.0.0 Safari/537.36"
89.161.206.59 - - [13/Jun/2025:12:54:24 +0200] "GET /Jurek/emaja24/feeds/emaja24_amazonde.xml HTTP/1.0" 200 5102030 "-" "-"
77.79.248.229 - - [13/Jun/2025:12:54:30 +0200] "GET /Jurek/playcob/feeds/playcob_cdon_se.xml HTTP/1.1" 200 6981285 "-" "Python-urllib/3.11"
89.161.206.59 - - [13/Jun/2025:12:54:37 +0200] "GET /Jurek/techrebalina/feeds/techrebalina_skroutz.xml HTTP/1.0" 200 2011582 "-" "-"
66.249.64.37 - - [13/Jun/2025:12:54:40 +0200] "GET /Jurek/eurofirany/images/410687/6.jpg HTTP/1.1" 200 96919 "-" "Googlebot-Image/1.0"
66.249.64.38 - - [13/Jun/2025:12:55:11 +0200] "GET /Jurek/eurofirany/images/438608/3.jpg HTTP/1.1" 200 274913 "-" "Googlebot-Image/1.0"
66.249.64.37 - - [13/Jun/2025:12:55:41 +0200] "GET /Jurek/eurofirany/images/467979/4.jpg HTTP/1.1" 200 52474 "-" "Googlebot-Image/1.0"
62.146.215.33 - - [13/Jun/2025:12:55:53 +0200] "GET /Jurek/topeshop/downloaded_images/5902838467879_23_artisan_(1).png HTTP/2.0" 304 0 "-" "billigerbot/1.0"
66.249.64.39 - - [13/Jun/2025:12:56:11 +0200] "GET /Jurek/eurofirany/images/372657/5.jpg HTTP/1.1" 200 43676 "-" "Googlebot-Image/1.0"
193.33.8.61 - - [13/Jun/2025:12:56:52 +0200] "GET /Jurek/playcob/feeds/playcob_cdon_se.xml HTTP/2.0" 304 0 "https://konsola.dkkapusta1997.usermd.net/" "Mozilla/5.0 (Windows NT 10.0; Win64; x64) AppleWebKit/537.36 (KHTML, like Gecko) Chrome/137.0.0.0 Safari/537.36"
193.33.8.61 - - [13/Jun/2025:12:56:54 +0200] "GET /Jurek/playcob/feeds/playcob_cdon_fi.xml HTTP/2.0" 200 6980120 "https://konsola.dkkapusta1997.usermd.net/" "Mozilla/5.0 (Windows NT 10.0; Win64; x64) AppleWebKit/537.36 (KHTML, like Gecko) Chrome/137.0.0.0 Safari/537.36"
193.33.8.61 - - [13/Jun/2025:12:56:55 +0200] "GET /Jurek/playcob/feeds/playcob_cdon_dk.xml HTTP/2.0" 200 6981150 "https://konsola.dkkapusta1997.usermd.net/" "Mozilla/5.0 (Windows NT 10.0; Win64; x64) AppleWebKit/537.36 (KHTML, like Gecko) Chrome/137.0.0.0 Safari/537.36"
77.79.248.229 - - [13/Jun/2025:12:57:14 +0200] "GET /Jurek/playcob/feeds/playcob_cdon_se.xml HTTP/1.1" 200 6981285 "-" "Python-urllib/3.11"
46.101.116.244 - - [13/Jun/2025:12:57:20 +0200] "GET /Jurek/piotrmiedz/feeds/piotrmiedz_mallsish.xml HTTP/2.0" 200 91051067 "-" "-"
77.79.248.229 - - [13/Jun/2025:12:57:34 +0200] "GET /Jurek/playcob/feeds/playcob_cdon_dk.xml HTTP/1.1" 200 6981150 "-" "Python-urllib/3.11"
77.79.248.229 - - [13/Jun/2025:12:57:56 +0200] "GET /Jurek/playcob/feeds/playcob_cdon_fi.xml HTTP/1.1" 200 6980120 "-" "Python-urllib/3.11"
66.249.64.37 - - [13/Jun/2025:12:58:13 +0200] "GET /Jurek/topeshop/downloaded_images/5902838467886_23_sonoma_pp.jpg HTTP/1.1" 200 116467 "-" "Googlebot-Image/1.0"
89.161.206.59 - - [13/Jun/2025:12:58:28 +0200] "GET /Jurek/ikonka/feeds/ikonka_skroutz.xml HTTP/1.0" 200 21093350 "-" "-"
46.101.116.244 - - [13/Jun/2025:12:59:06 +0200] "GET /Jurek/beltimore/feeds/beltimore_mallsish.xml HTTP/2.0" 200 18652211 "-" "-"
46.101.116.244 - - [13/Jun/2025:12:59:18 +0200] "GET /Jurek/drops/feeds/dropsofficecolection_mallsish.xml HTTP/2.0" 200 790786 "-" "-"
46.101.116.244 - - [13/Jun/2025:12:59:28 +0200] "GET /Jurek/hdwr/feeds/hdwr_mallsish.xml HTTP/2.0" 200 789415 "-" "-"
46.101.116.244 - - [13/Jun/2025:12:59:39 +0200] "GET /Jurek/narzbud/feeds/narzbud_mallsish.xml HTTP/2.0" 200 1901198 "-" "-"
66.249.64.38 - - [13/Jun/2025:12:59:44 +0200] "GET /Jurek/eurofirany/images/396259/6.jpg HTTP/1.1" 200 39031 "-" "Googlebot-Image/1.0"
46.101.116.244 - - [13/Jun/2025:12:59:50 +0200] "GET /Jurek/newtechele/feeds/newtechele_mallsish.xml HTTP/2.0" 200 2438456 "-" "-"
46.101.116.244 - - [13/Jun/2025:13:00:12 +0200] "GET /Jurek/pawonik/feeds/pawonik_mallsish.xml HTTP/2.0" 200 2138398 "-" "-"
35.204.39.32 - - [13/Jun/2025:13:00:15 +0200] "GET /marketplaces/carrefour_fr/results/carrefour_fr.csv HTTP/1.1" 200 147219 "-" "Mirakl HttpClient"
85.14.86.141 - - [13/Jun/2025:13:00:22 +0200] "GET /Jurek/vida_morele/feeds/VidaPL_all.xml HTTP/2.0" 200 871886889 "-" "MarketplaceAPI curl/7.74.0 PHP/8"
46.101.116.244 - - [13/Jun/2025:13:00:23 +0200] "GET /Jurek/proadventure/feeds/proadventure_mallsish.xml HTTP/2.0" 200 10763397 "-" "-"
46.101.116.244 - - [13/Jun/2025:13:00:35 +0200] "GET /Jurek/rems/feeds/rems_mallsish.xml HTTP/2.0" 200 8706167 "-" "-"
207.46.13.51 - - [13/Jun/2025:13:00:38 +0200] "GET /Jurek/eurofirany/images/433260/0.jpg HTTP/2.0" 200 6625 "-" "Mozilla/5.0 AppleWebKit/537.36 (KHTML, like Gecko; compatible; bingbot/2.0; +http://www.bing.com/bingbot.htm) Chrome/116.0.1938.76 Safari/537.36"
46.101.116.244 - - [13/Jun/2025:13:00:46 +0200] "GET /Jurek/roger/feeds/roger_mallsish.xml HTTP/2.0" 200 1396570 "-" "-"
46.101.116.244 - - [13/Jun/2025:13:00:57 +0200] "GET /Jurek/sovapl/feeds/sovapl_mallsish.xml HTTP/2.0" 200 8999601 "-" "-"
52.17.80.36 - - [13/Jun/2025:13:01:02 +0200] "GET /marketplaces/ubaldi/results/ubaldi.csv HTTP/1.1" 200 3257274 "-" "Mirakl HttpClient"
66.249.64.39 - - [13/Jun/2025:13:01:15 +0200] "GET /Jurek/eurofirany/images/390391/2.jpg HTTP/1.1" 200 317709 "-" "Googlebot-Image/1.0"
35.204.39.32 - - [13/Jun/2025:13:01:23 +0200] "GET /marketplaces/vente/results/vente_nl.csv HTTP/1.1" 200 147219 "-" "Mirakl HttpClient"
35.204.39.32 - - [13/Jun/2025:13:01:24 +0200] "GET /marketplaces/vente/results/vente_fr.csv HTTP/1.1" 200 147219 "-" "Mirakl HttpClient"
35.204.39.32 - - [13/Jun/2025:13:01:24 +0200] "GET /marketplaces/vente/results/vente_be.csv HTTP/1.1" 200 147219 "-" "Mirakl HttpClient"
35.204.39.32 - - [13/Jun/2025:13:01:24 +0200] "GET /marketplaces/vente/results/vente_it.csv HTTP/1.1" 200 147219 "-" "Mirakl HttpClient"
35.204.39.32 - - [13/Jun/2025:13:01:24 +0200] "GET /marketplaces/vente/results/vente_es.csv HTTP/1.1" 200 163603 "-" "Mirakl HttpClient"
35.204.39.32 - - [13/Jun/2025:13:01:24 +0200] "GET /marketplaces/vente/results/vente_de.csv HTTP/1.1" 200 147219 "-" "Mirakl HttpClient"
46.101.116.244 - - [13/Jun/2025:13:01:26 +0200] "GET /Jurek/stiv/feeds/stiv_mallsish.xml HTTP/2.0" 200 2056830 "-" "-"
46.101.116.244 - - [13/Jun/2025:13:01:37 +0200] "GET /Jurek/fertes/feeds/fertes_mallsish.xml HTTP/2.0" 200 2361855 "-" "-"
66.249.64.38 - - [13/Jun/2025:13:01:45 +0200] "GET /Jurek/topeshop/downloaded_images/5904507201883_MIJASBIURKOBRY%C5%81KAANTRACYTPRAWEFRONTZM.jpg HTTP/1.1" 404 3551 "-" "Googlebot-Image/1.0"
46.101.116.244 - - [13/Jun/2025:13:01:47 +0200] "GET /Jurek/avenido/feeds/avenido_mallsish.xml HTTP/2.0" 200 720088 "-" "-"
89.161.206.59 - - [13/Jun/2025:13:01:55 +0200] "GET /Jurek/fernity/feeds/fernity_skroutz.xml HTTP/1.0" 200 4575867 "-" "-"
46.101.116.244 - - [13/Jun/2025:13:01:58 +0200] "GET /Jurek/carbonyway/feeds/carbonyway_mallsish.xml HTTP/2.0" 200 3075988 "-" "-"
52.18.22.0 - - [13/Jun/2025:13:02:00 +0200] "GET /marketplaces/rue/results/rue.csv HTTP/1.1" 200 7537177 "-" "Mirakl HttpClient"
46.101.116.244 - - [13/Jun/2025:13:02:22 +0200] "GET /Jurek/equalo/feeds/equalo_mallsish.xml HTTP/2.0" 200 98007 "-" "-"
46.101.116.244 - - [13/Jun/2025:13:02:33 +0200] "GET /Jurek/kamar/feeds/kamar_mallsish.xml HTTP/2.0" 200 25550110 "-" "-"
46.101.116.244 - - [13/Jun/2025:13:02:50 +0200] "GET /Jurek/lampart/feeds/lampart_mallsish.xml HTTP/2.0" 200 936052 "-" "-"
46.101.116.244 - - [13/Jun/2025:13:03:01 +0200] "GET /Jurek/makow/feeds/makow_mallsish.xml HTTP/2.0" 200 21203666 "-" "-"
46.101.116.244 - - [13/Jun/2025:13:03:13 +0200] "GET /Jurek/regis/feeds/regis_mallsish.xml HTTP/2.0" 200 228475 "-" "-"
66.249.64.37 - - [13/Jun/2025:13:03:16 +0200] "GET /Jurek/eurofirany/images/390030/8.jpg HTTP/1.1" 200 6595 "-" "Googlebot-Image/1.0"
46.101.116.244 - - [13/Jun/2025:13:03:23 +0200] "GET /Jurek/sebmart/feeds/sebmart_mallsish.xml HTTP/2.0" 200 1598706 "-" "-"
46.101.116.244 - - [13/Jun/2025:13:03:35 +0200] "GET /Jurek/takapara/feeds/takapara_mallsish.xml HTTP/2.0" 200 1342608 "-" "-"
66.249.64.37 - - [13/Jun/2025:13:03:46 +0200] "GET /Jurek/topeshop/downloaded_images/5904507200275_3-otwarty-biel.jpg HTTP/1.1" 200 25710 "-" "Googlebot-Image/1.0"
46.101.116.244 - - [13/Jun/2025:13:03:48 +0200] "GET /Jurek/tsjerzy/feeds/tsjerzy_mallsish.xml HTTP/2.0" 200 3897698 "-" "-"
85.14.86.141 - - [13/Jun/2025:13:03:51 +0200] "GET /Jurek/kinghoff/feeds/kinghoff_morele.xml HTTP/2.0" 200 15656531 "-" "MarketplaceAPI curl/7.74.0 PHP/8"
46.101.116.244 - - [13/Jun/2025:13:04:08 +0200] "GET /Jurek/andex/feeds/andex_mallsiSH.xml HTTP/2.0" 200 1953423 "-" "-"
66.249.64.38 - - [13/Jun/2025:13:04:17 +0200] "GET /Jurek/eurofirany/images/396854/2.jpg HTTP/1.1" 200 160480 "-" "Googlebot-Image/1.0"
46.101.116.244 - - [13/Jun/2025:13:04:19 +0200] "GET /Jurek/german/feeds/german_mallsiSH.xml HTTP/2.0" 200 2853557 "-" "-"
46.101.116.244 - - [13/Jun/2025:13:04:41 +0200] "GET /Jurek/maksik/feeds/maksik_mallsiSH.xml HTTP/2.0" 200 4084770 "-" "-"
52.18.22.0 - - [13/Jun/2025:13:04:47 +0200] "GET /marketplaces/carrefour/results/carrefour.csv HTTP/1.1" 200 114451 "-" "Mirakl HttpClient"
46.101.116.244 - - [13/Jun/2025:13:04:52 +0200] "GET /Jurek/smxdesign/feeds/smxdesign_mallsiSH.xml HTTP/2.0" 200 1829038 "-" "-"
46.101.116.244 - - [13/Jun/2025:13:05:13 +0200] "GET /Jurek/alucon/feeds/alucon_mallsiSH.xml HTTP/2.0" 200 553706 "-" "-"
66.249.64.38 - - [13/Jun/2025:13:05:17 +0200] "GET /Jurek/eurofirany/images/383348/1.jpg HTTP/1.1" 200 73776 "-" "Googlebot-Image/1.0"
46.101.116.244 - - [13/Jun/2025:13:05:24 +0200] "GET /Jurek/evil/feeds/evil_mallsiSH.xml HTTP/2.0" 200 306383 "-" "-"
46.101.116.244 - - [13/Jun/2025:13:05:34 +0200] "GET /Jurek/hlo/feeds/hlo_mallsiSH.xml HTTP/2.0" 200 4838671 "-" "-"
40.77.167.14 - - [13/Jun/2025:13:05:40 +0200] "GET /Jurek/eurofirany/images/433254/0.jpg HTTP/2.0" 200 6625 "-" "Mozilla/5.0 AppleWebKit/537.36 (KHTML, like Gecko; compatible; bingbot/2.0; +http://www.bing.com/bingbot.htm) Chrome/116.0.1938.76 Safari/537.36"
46.101.116.244 - - [13/Jun/2025:13:05:45 +0200] "GET /Jurek/lgbtshop/feeds/lgbtshop_mallsiSH.xml HTTP/2.0" 200 219239 "-" "-"
66.249.64.37 - - [13/Jun/2025:13:05:48 +0200] "GET /Jurek/eurofirany/images/409906/3.jpg HTTP/1.1" 200 202353 "-" "Googlebot-Image/1.0"
46.101.116.244 - - [13/Jun/2025:13:05:55 +0200] "GET /Jurek/madrex/feeds/madrex_mallsiSH.xml HTTP/2.0" 200 466721 "-" "-"
46.101.116.244 - - [13/Jun/2025:13:06:05 +0200] "GET /Jurek/motofan/feeds/motofan_mallsiSH.xml HTTP/2.0" 200 2392075 "-" "-"
46.101.116.244 - - [13/Jun/2025:13:06:16 +0200] "GET /Jurek/najtanszysport/feeds/najtanszysport_mallsiSH.xml HTTP/2.0" 200 3983056 "-" "-"
66.249.64.39 - - [13/Jun/2025:13:06:18 +0200] "GET /Jurek/eurofirany/images/406481/7.jpg HTTP/1.1" 200 104436 "-" "Googlebot-Image/1.0"
46.101.116.244 - - [13/Jun/2025:13:06:27 +0200] "GET /Jurek/nexus/feeds/nexus_mallsiSH.xml HTTP/2.0" 200 226758 "-" "-"
85.14.86.141 - - [13/Jun/2025:13:06:35 +0200] "GET /Jurek/eurofirany/feeds/eurofirany_morele.xml HTTP/2.0" 200 19501057 "-" "MarketplaceAPI curl/7.74.0 PHP/8"
46.101.116.244 - - [13/Jun/2025:13:06:38 +0200] "GET /Jurek/playcob/feeds/playcob_mallsiSH.xml HTTP/2.0" 200 6980131 "-" "-"
66.249.64.37 - - [13/Jun/2025:13:06:48 +0200] "GET /matikrol/texas/5908297524054_2.jpg.jpg HTTP/1.1" 404 3551 "-" "Googlebot-Image/1.0"
46.101.116.244 - - [13/Jun/2025:13:06:48 +0200] "GET /Jurek/cbdgreen/feeds/cbdgreen_mallsiSH.xml HTTP/2.0" 200 50542 "-" "-"
85.14.86.141 - - [13/Jun/2025:13:06:51 +0200] "GET /Jurek/vivaldi/feeds/vivaldi_Morele-PL.xml HTTP/2.0" 200 344674 "-" "MarketplaceAPI curl/7.74.0 PHP/8"
46.101.116.244 - - [13/Jun/2025:13:06:59 +0200] "GET /Jurek/cbdgreen/feeds/cbdgreen_mallsiSH.xml HTTP/2.0" 200 50542 "-" "-"
46.101.116.244 - - [13/Jun/2025:13:07:09 +0200] "GET /Jurek/dekornatort/feeds/dekornatort_mallsiSH.xml HTTP/2.0" 200 225736 "-" "-"
66.249.64.38 - - [13/Jun/2025:13:07:19 +0200] "GET /Jurek/eurofirany/images/409912/3.jpg HTTP/1.1" 200 236690 "-" "Googlebot-Image/1.0"
46.101.116.244 - - [13/Jun/2025:13:07:20 +0200] "GET /Jurek/eurofryz2/feeds/eurofryz2_mallsiSH.xml HTTP/2.0" 200 1376753 "-" "-"
46.101.116.244 - - [13/Jun/2025:13:07:30 +0200] "GET /Jurek/eurofryz3/feeds/eurofryz3_mallsiSH.xml HTTP/2.0" 200 172210 "-" "-"
46.101.116.244 - - [13/Jun/2025:13:07:41 +0200] "GET /Jurek/globaldeli/feeds/globaldeli_mallsiSH.xml HTTP/2.0" 200 2590906 "-" "-"
66.249.64.37 - - [13/Jun/2025:13:07:52 +0200] "GET /Jurek/eurofirany/images/406521/7.jpg HTTP/1.1" 200 132887 "-" "Googlebot-Image/1.0"
89.161.206.59 - - [13/Jun/2025:13:07:57 +0200] "GET /Jurek/eurofirany/feeds/eurofirany_skroutz.xml HTTP/1.0" 200 17990176 "-" "-"
46.101.116.244 - - [13/Jun/2025:13:08:02 +0200] "GET /Jurek/lendo/feeds/lendo_mallsiSH.xml HTTP/2.0" 200 330390 "-" "-"
85.14.86.141 - - [13/Jun/2025:13:08:29 +0200] "GET /Jurek/vida_morele/feeds/VidaPL_morele.xml HTTP/2.0" 200 871888392 "-" "MarketplaceAPI curl/7.74.0 PHP/8"
46.101.116.244 - - [13/Jun/2025:13:08:36 +0200] "GET /Jurek/naszedzieci/feeds/naszedzieci_mallsiSH.xml HTTP/2.0" 200 833172423 "-" "-"
66.249.64.37 - - [13/Jun/2025:13:08:50 +0200] "GET /Jurek/eurofirany/images/409412/6.jpg HTTP/1.1" 200 598576 "-" "Googlebot-Image/1.0"
185.6.76.18 - - [13/Jun/2025:13:09:03 +0200] "GET /marketplaces/skroutz/feeds/shumee.xml HTTP/1.1" 200 412112656 "-" "SkroutzBot v1.0"
85.14.86.141 - - [13/Jun/2025:13:09:17 +0200] "GET /Jurek/aw/feeds/awnarzedzia_morele.xml HTTP/2.0" 200 90834818 "-" "MarketplaceAPI curl/7.74.0 PHP/8"
85.14.86.141 - - [13/Jun/2025:13:10:08 +0200] "GET /Jurek/beliani/feeds/beliani_morele.xml HTTP/2.0" 200 30513068 "-" "MarketplaceAPI curl/7.74.0 PHP/8"
18.157.125.26 - - [13/Jun/2025:13:10:14 +0200] "GET /Jurek/topeshop/downloaded_images/5902838469804_close_DD_nogi_bry%C5%82a.png HTTP/2.0" 200 68556 "-" "Mozilla/5.0 (Windows NT 10.0; Win64; x64) AppleWebKit/537.36 (KHTML, like Gecko) Chrome/109.0.0.0 Safari/537.36"
46.101.116.244 - - [13/Jun/2025:13:10:16 +0200] "GET /Jurek/topeshop/feeds/topeshop_skr.xml HTTP/1.0" 200 871455 "-" "-"
207.46.13.64 - - [13/Jun/2025:13:10:41 +0200] "GET /Jurek/eurofirany/images/45095/0.jpg HTTP/2.0" 200 6625 "-" "Mozilla/5.0 AppleWebKit/537.36 (KHTML, like Gecko; compatible; bingbot/2.0; +http://www.bing.com/bingbot.htm) Chrome/116.0.1938.76 Safari/537.36"
66.249.64.38 - - [13/Jun/2025:13:10:53 +0200] "GET /Jurek/eurofirany/images/390450/13.jpg HTTP/1.1" 200 108520 "-" "Googlebot-Image/1.0"
89.161.206.59 - - [13/Jun/2025:13:11:20 +0200] "GET /Jurek/asortymenteu/feeds/asortymenteu_skroutz_great.xml HTTP/1.0" 200 2766741 "-" "-"
66.249.64.39 - - [13/Jun/2025:13:11:40 +0200] "GET /Jurek/eurofirany/images/383363/3.jpg HTTP/1.1" 200 42114 "-" "Googlebot-Image/1.0"
193.33.8.61 - - [13/Jun/2025:13:12:10 +0200] "GET /Jurek/artdog/feeds/artdog_skroutz.xml HTTP/2.0" 200 16659371 "https://konsola.dkkapusta1997.usermd.net/" "Mozilla/5.0 (Windows NT 10.0; Win64; x64) AppleWebKit/537.36 (KHTML, like Gecko) Chrome/137.0.0.0 Safari/537.36"
193.33.8.61 - - [13/Jun/2025:13:12:17 +0200] "GET /Jurek/artdog/download/artdog.csv HTTP/2.0" 200 43351694 "https://konsola.dkkapusta1997.usermd.net/" "Mozilla/5.0 (Windows NT 10.0; Win64; x64) AppleWebKit/537.36 (KHTML, like Gecko) Chrome/137.0.0.0 Safari/537.36"
66.249.64.39 - - [13/Jun/2025:13:12:49 +0200] "GET /Jurek/topeshop/downloaded_images/5904507209438_Kopiamodern4p-slim.jpg HTTP/1.1" 200 56231 "-" "Googlebot-Image/1.0"
89.161.206.59 - - [13/Jun/2025:13:13:00 +0200] "GET /Jurek/swiatecznygoliat/feeds/swiatecznygoliat_amazonde.xml HTTP/1.0" 200 7050811 "-" "-"
89.161.206.59 - - [13/Jun/2025:13:13:35 +0200] "GET /Jurek/kambukka/feeds/kambukka_skroutz.xml HTTP/1.0" 200 1022088 "-" "-"
89.161.206.59 - - [13/Jun/2025:13:13:36 +0200] "GET /Jurek/benetech/feeds/benetech_skroutz.xml HTTP/1.0" 200 2686527 "-" "-"
89.161.206.59 - - [13/Jun/2025:13:13:45 +0200] "GET /Jurek/sempler/feeds/sempler_skroutz.xml HTTP/1.0" 200 6779179 "-" "-"
46.101.116.244 - - [13/Jun/2025:13:14:15 +0200] "GET /Jurek/reman/feeds/reman_mallsiSH.xml HTTP/2.0" 200 1394828 "-" "-"
46.101.116.244 - - [13/Jun/2025:13:14:25 +0200] "GET /Jurek/sartrix/feeds/sartrix_mallsiSH.xml HTTP/2.0" 200 649186 "-" "-"
46.101.116.244 - - [13/Jun/2025:13:14:36 +0200] "GET /Jurek/szpaklampy/feeds/szpaklampy_mallsiSH.xml HTTP/2.0" 200 388209 "-" "-"
46.101.116.244 - - [13/Jun/2025:13:14:46 +0200] "GET /Jurek/benetech/feeds/benetech_mallsiSH.xml HTTP/2.0" 200 4165485 "-" "-"
46.101.116.244 - - [13/Jun/2025:13:14:57 +0200] "GET /Jurek/dekoele/feeds/dekoele_mallsish.xml HTTP/2.0" 200 733937 "-" "-"
46.101.116.244 - - [13/Jun/2025:13:15:07 +0200] "GET /Jurek/drewdon/feeds/drewdon_mallsish.xml HTTP/2.0" 200 504445 "-" "-"
66.249.64.37 - - [13/Jun/2025:13:15:12 +0200] "GET /Jurek/topeshop/downloaded_images/5904507206789_antracyt-allegro.jpg HTTP/1.1" 200 165184 "-" "Googlebot-Image/1.0"
46.101.116.244 - - [13/Jun/2025:13:15:18 +0200] "GET /Jurek/emaja24/feeds/emaja24_mallsiSH.xml HTTP/2.0" 200 5102061 "-" "-"
46.101.116.244 - - [13/Jun/2025:13:15:37 +0200] "GET /Jurek/muminky/feeds/muminky_mallsiSH.xml HTTP/2.0" 200 2677645 "-" "-"
46.101.116.244 - - [13/Jun/2025:13:15:47 +0200] "GET /Jurek/pupus/feeds/pupus_mallsiSH.xml HTTP/2.0" 200 6154491 "-" "-"
46.101.116.244 - - [13/Jun/2025:13:15:59 +0200] "GET /Jurek/erohurtownia/feeds/erohurtownia_mallsish.xml HTTP/2.0" 200 22846421 "-" "-"
66.249.64.37 - - [13/Jun/2025:13:16:00 +0200] "GET /Jurek/eurofirany/images/383352/7.jpg HTTP/1.1" 200 49792 "-" "Googlebot-Image/1.0"
89.161.206.59 - - [13/Jun/2025:13:16:09 +0200] "GET /Jurek/mosti/feeds/mosti_skroutz.xml HTTP/1.0" 200 4633402 "-" "-"
46.101.116.244 - - [13/Jun/2025:13:16:25 +0200] "GET /Jurek/oromed/feeds/oromed_mallsish.xml HTTP/2.0" 200 1279274 "-" "-"
46.101.116.244 - - [13/Jun/2025:13:16:52 +0200] "GET /Jurek/urwiskowo/feeds/urwiskowo_mallsish.xml HTTP/2.0" 200 9114942 "-" "-"
46.101.116.244 - - [13/Jun/2025:13:17:05 +0200] "GET /Jurek/eroplace/feeds/eroplace_mallsish.xml HTTP/2.0" 200 52134410 "-" "-"
66.249.64.39 - - [13/Jun/2025:13:17:35 +0200] "GET /Jurek/eurofirany/images/398405/3.jpg HTTP/1.1" 200 96713 "-" "Googlebot-Image/1.0"
46.101.116.244 - - [13/Jun/2025:13:17:45 +0200] "GET /Jurek/bass_new/feeds/bass_mallsish.xml HTTP/2.0" 200 7040701 "-" "-"
46.101.116.244 - - [13/Jun/2025:13:17:57 +0200] "GET /Jurek/ekuchcikowo/feeds/ekuchcikowo_mallsish.xml HTTP/2.0" 200 12470967 "-" "-"
46.101.116.244 - - [13/Jun/2025:13:18:08 +0200] "GET /Jurek/sempler/feeds/sempler_mallsish.xml HTTP/2.0" 200 6787985 "-" "-"
46.101.116.244 - - [13/Jun/2025:13:18:46 +0200] "GET /Jurek/slayo/feeds/slayo_mallsish.xml HTTP/2.0" 200 183575 "-" "-"
46.101.116.244 - - [13/Jun/2025:13:18:56 +0200] "GET /Jurek/mosti/feeds/mosti_mallsish.xml HTTP/2.0" 200 4628071 "-" "-"
46.101.116.244 - - [13/Jun/2025:13:18:57 +0200] "GET /Jurek/amzteam/feeds/amzteam_mallsish.xml HTTP/2.0" 200 97798 "-" "-"
46.101.116.244 - - [13/Jun/2025:13:18:57 +0200] "GET /Jurek/artdog/feeds/artdog_mallsish.xml HTTP/2.0" 200 17158133 "-" "-"
46.101.116.244 - - [13/Jun/2025:13:18:59 +0200] "GET /Jurek/kambukka/feeds/kambukka_mallsish.xml HTTP/2.0" 200 1023092 "-" "-"
46.101.116.244 - - [13/Jun/2025:13:19:12 +0200] "GET /Jurek/swiatecznygoliat/feeds/swiatecznygoliat_mallsish.xml HTTP/2.0" 200 7050899 "-" "-"
66.249.64.39 - - [13/Jun/2025:13:19:59 +0200] "GET /Jurek/eurofirany/images/460181/7.jpg HTTP/1.1" 200 109268 "-" "Googlebot-Image/1.0"
46.101.116.244 - - [13/Jun/2025:13:20:09 +0200] "GET /Jurek/octopia/feeds/octopia_mallsish.xml HTTP/2.0" 200 10103817 "-" "-"
46.101.116.244 - - [13/Jun/2025:13:20:23 +0200] "GET /Jurek/topeshop/feeds/topeshop_mallsish.xml HTTP/2.0" 200 3083595 "-" "-"
52.167.144.232 - - [13/Jun/2025:13:20:31 +0200] "GET /Jurek/eurofirany/images/5638/0.jpg HTTP/2.0" 200 6625 "-" "Mozilla/5.0 AppleWebKit/537.36 (KHTML, like Gecko; compatible; bingbot/2.0; +http://www.bing.com/bingbot.htm) Chrome/116.0.1938.76 Safari/537.36"
157.55.39.52 - - [13/Jun/2025:13:20:34 +0200] "GET /Jurek/eurofirany/images/433263/0.jpg HTTP/2.0" 200 6625 "-" "Mozilla/5.0 AppleWebKit/537.36 (KHTML, like Gecko; compatible; bingbot/2.0; +http://www.bing.com/bingbot.htm) Chrome/116.0.1938.76 Safari/537.36"
207.46.13.64 - - [13/Jun/2025:13:20:35 +0200] "GET /Jurek/eurofirany/images/423951/0.jpg HTTP/2.0" 200 0 "-" "Mozilla/5.0 AppleWebKit/537.36 (KHTML, like Gecko; compatible; bingbot/2.0; +http://www.bing.com/bingbot.htm) Chrome/116.0.1938.76 Safari/537.36"
89.161.206.59 - - [13/Jun/2025:13:20:38 +0200] "GET /Jurek/ralmetal/feeds/ralmetal_skroutz.xml HTTP/1.0" 200 2039938 "-" "-"
66.249.64.37 - - [13/Jun/2025:13:20:46 +0200] "GET /Jurek/eurofirany/images/398788/1.jpg HTTP/1.1" 200 53777 "-" "Googlebot-Image/1.0"
89.161.206.59 - - [13/Jun/2025:13:20:55 +0200] "GET /Jurek/narzbud/feeds/narzbud_skroutz.xml HTTP/1.0" 200 1901159 "-" "-"
89.161.206.59 - - [13/Jun/2025:13:20:55 +0200] "GET /Jurek/drops/feeds/dropsofficecolection_skroutz.xml HTTP/1.0" 200 790852 "-" "-"
89.161.206.59 - - [13/Jun/2025:13:20:56 +0200] "GET /Jurek/szpaklampy/feeds/szpaklampy_skroutz.xml HTTP/1.0" 200 388205 "-" "-"
185.6.76.166 - - [13/Jun/2025:13:21:22 +0200] "GET /Jurek/eurofirany/images/426302/0.jpg HTTP/1.1" 200 6625 "-" "Skroutz ImageBot v1"
89.161.206.59 - - [13/Jun/2025:13:21:22 +0200] "GET /Jurek/galopi/feeds/galopi_skroutz.xml HTTP/1.0" 200 2111084 "-" "-"
89.161.206.59 - - [13/Jun/2025:13:21:22 +0200] "GET /Jurek/eurofryz/feeds/eurofryz_skroutz.xml HTTP/1.0" 200 1381548 "-" "-"
89.161.206.59 - - [13/Jun/2025:13:21:30 +0200] "GET /Jurek/erohurtownia/feeds/erohurtownia_skroutz.xml HTTP/1.0" 200 22767650 "-" "-"
89.161.206.59 - - [13/Jun/2025:13:21:32 +0200] "GET /Jurek/reman/feeds/reman_skroutz.xml HTTP/1.0" 200 1394822 "-" "-"
89.161.206.59 - - [13/Jun/2025:13:21:32 +0200] "GET /Jurek/urwiskowo/feeds/urwiskowo_skroutz.xml HTTP/1.0" 200 9114855 "-" "-"
66.249.64.37 - - [13/Jun/2025:13:21:34 +0200] "GET /Jurek/eurofirany/images/367879/3.jpg HTTP/1.1" 200 16503 "-" "Googlebot-Image/1.0"
185.6.76.166 - - [13/Jun/2025:13:21:48 +0200] "GET /Jurek/eurofirany/images/419763/0.jpg HTTP/1.1" 200 6595 "-" "Skroutz ImageBot v1"
89.161.206.59 - - [13/Jun/2025:13:22:09 +0200] "GET /Jurek/ekuchcikowo/feeds/ekuchcikowo_skroutz.xml HTTP/1.0" 200 12414644 "-" "-"
66.249.64.38 - - [13/Jun/2025:13:22:22 +0200] "GET /Jurek/eurofirany/images/416783/4.jpg HTTP/1.1" 200 280376 "-" "Googlebot-Image/1.0"
66.211.183.73 - - [13/Jun/2025:13:22:28 +0200] "GET /Jurek/topeshop/downloaded_images/5902838468449_front_close.jpg HTTP/1.1" 200 76125 "http://www.ebay.com/" "Mozilla/5.0 (Windows NT 10.0; Win64; x64) AppleWebKit/537.36 (KHTML, like Gecko) Chrome/123.0.0.0 Safari/537.36"
66.211.183.72 - - [13/Jun/2025:13:22:28 +0200] "GET /Jurek/topeshop/downloaded_images/5902838468449_Artisan_x.jpg HTTP/1.1" 200 96939 "http://www.ebay.com/" "Mozilla/5.0 (Windows NT 10.0; Win64; x64) AppleWebKit/537.36 (KHTML, like Gecko) Chrome/123.0.0.0 Safari/537.36"
66.211.183.72 - - [13/Jun/2025:13:22:28 +0200] "GET /Jurek/topeshop/downloaded_images/5902838468449_open_20_st_Obszar_roboczy_1.jpg HTTP/1.1" 200 68529 "http://www.ebay.com/" "Mozilla/5.0 (Windows NT 10.0; Win64; x64) AppleWebKit/537.36 (KHTML, like Gecko) Chrome/123.0.0.0 Safari/537.36"
66.211.183.70 - - [13/Jun/2025:13:22:28 +0200] "GET /Jurek/topeshop/downloaded_images/5902838468449_front.jpg HTTP/1.1" 200 56564 "http://www.ebay.com/" "Mozilla/5.0 (Windows NT 10.0; Win64; x64) AppleWebKit/537.36 (KHTML, like Gecko) Chrome/123.0.0.0 Safari/537.36"
66.211.183.72 - - [13/Jun/2025:13:22:28 +0200] "GET /Jurek/topeshop/downloaded_images/5902838468449_20_st_open.jpg HTTP/1.1" 200 61794 "http://www.ebay.com/" "Mozilla/5.0 (Windows NT 10.0; Win64; x64) AppleWebKit/537.36 (KHTML, like Gecko) Chrome/123.0.0.0 Safari/537.36"
66.211.183.71 - - [13/Jun/2025:13:22:28 +0200] "GET /Jurek/topeshop/downloaded_images/5902838468449_20_st.jpg HTTP/1.1" 200 75551 "http://www.ebay.com/" "Mozilla/5.0 (Windows NT 10.0; Win64; x64) AppleWebKit/537.36 (KHTML, like Gecko) Chrome/123.0.0.0 Safari/537.36"
66.211.183.71 - - [13/Jun/2025:13:22:28 +0200] "GET /Jurek/topeshop/downloaded_images/5902838468449_close_wymiary_Obszar_roboczy_1.jpg HTTP/1.1" 200 87208 "http://www.ebay.com/" "Mozilla/5.0 (Windows NT 10.0; Win64; x64) AppleWebKit/537.36 (KHTML, like Gecko) Chrome/123.0.0.0 Safari/537.36"
66.211.183.70 - - [13/Jun/2025:13:22:28 +0200] "GET /Jurek/topeshop/downloaded_images/5902838468449_Opal_Artisan_Szafka.jpg HTTP/1.1" 404 3551 "http://www.ebay.com/" "Mozilla/5.0 (Windows NT 10.0; Win64; x64) AppleWebKit/537.36 (KHTML, like Gecko) Chrome/123.0.0.0 Safari/537.36"
89.161.206.59 - - [13/Jun/2025:13:22:28 +0200] "GET /Jurek/drewdon/feeds/drewdon_skroutz.xml HTTP/1.0" 200 358908 "-" "-"
89.161.206.59 - - [13/Jun/2025:13:22:29 +0200] "GET /Jurek/rider/feeds/rider_skroutz.xml HTTP/1.0" 200 8165223 "-" "-"
89.161.206.59 - - [13/Jun/2025:13:22:30 +0200] "GET /Jurek/expertauto/feeds/expertauto_skroutz.xml HTTP/1.0" 200 1158917 "-" "-"
89.161.206.59 - - [13/Jun/2025:13:22:46 +0200] "GET /Jurek/elecomp/feeds/elecomp_skroutz.xml HTTP/1.0" 200 2769767 "-" "-"
89.161.206.59 - - [13/Jun/2025:13:22:59 +0200] "GET /Jurek/benetech/feeds/benetech_amazonnl.xml HTTP/1.0" 200 4165483 "-" "-"
89.161.206.59 - - [13/Jun/2025:13:23:00 +0200] "GET /Jurek/benetech/feeds/benetech_amazonit.xml HTTP/1.0" 200 4165479 "-" "-"
89.161.206.59 - - [13/Jun/2025:13:23:00 +0200] "GET /Jurek/benetech/feeds/benetech_amazones.xml HTTP/1.0" 200 4165506 "-" "-"
89.161.206.59 - - [13/Jun/2025:13:23:00 +0200] "GET /Jurek/benetech/feeds/benetech_amazonfr.xml HTTP/1.0" 200 4165493 "-" "-"
89.161.206.59 - - [13/Jun/2025:13:23:00 +0200] "GET /Jurek/benetech/feeds/benetech_amazonbe.xml HTTP/1.0" 200 4165486 "-" "-"
89.161.206.59 - - [13/Jun/2025:13:23:01 +0200] "GET /Jurek/benetech/feeds/benetech_amazonse.xml HTTP/1.0" 200 4165885 "-" "-"
46.101.116.244 - - [13/Jun/2025:13:23:02 +0200] "GET /Jurek/activeshop/feeds/activeshop_mallsish.xml HTTP/2.0" 200 10449845 "-" "-"
89.161.206.59 - - [13/Jun/2025:13:23:02 +0200] "GET /Jurek/dekoele/feeds/dekoele_amazonde.xml HTTP/1.0" 200 733940 "-" "-"
89.161.206.59 - - [13/Jun/2025:13:23:02 +0200] "GET /Jurek/dekoele/feeds/dekoele_amazonit.xml HTTP/1.0" 200 733938 "-" "-"
89.161.206.59 - - [13/Jun/2025:13:23:02 +0200] "GET /Jurek/dekoele/feeds/dekoele_amazonfr.xml HTTP/1.0" 200 733937 "-" "-"
89.161.206.59 - - [13/Jun/2025:13:23:02 +0200] "GET /Jurek/dekoele/feeds/dekoele_amazones.xml HTTP/1.0" 200 733937 "-" "-"
89.161.206.59 - - [13/Jun/2025:13:23:02 +0200] "GET /Jurek/dekoele/feeds/dekoele_amazonnl.xml HTTP/1.0" 200 733942 "-" "-"
89.161.206.59 - - [13/Jun/2025:13:23:03 +0200] "GET /Jurek/dekoele/feeds/dekoele_amazonse.xml HTTP/1.0" 200 734013 "-" "-"
89.161.206.59 - - [13/Jun/2025:13:23:03 +0200] "GET /Jurek/dekoele/feeds/dekoele_amazonbe.xml HTTP/1.0" 200 733936 "-" "-"
89.161.206.59 - - [13/Jun/2025:13:23:07 +0200] "GET /Jurek/carbonyway/feeds/carbonyway_amazonde.xml HTTP/1.0" 200 3075934 "-" "-"
89.161.206.59 - - [13/Jun/2025:13:23:08 +0200] "GET /Jurek/cdata/feeds/cdata_amazonde.xml HTTP/1.0" 200 1445142 "-" "-"
89.161.206.59 - - [13/Jun/2025:13:23:08 +0200] "GET /Jurek/beltimore/feeds/beltimore_amazonde.xml HTTP/1.0" 200 18652222 "-" "-"
89.161.206.59 - - [13/Jun/2025:13:23:09 +0200] "GET /Jurek/drewdon/feeds/drewdon_amazonde.xml HTTP/1.0" 200 504442 "-" "-"
89.161.206.59 - - [13/Jun/2025:13:23:09 +0200] "GET /Jurek/alucon/feeds/alucon_amazonde.xml HTTP/1.0" 200 553706 "-" "-"
89.161.206.59 - - [13/Jun/2025:13:23:51 +0200] "GET /Jurek/najtanszysport/feeds/najtanszysport_skroutz.xml HTTP/1.0" 200 3291157 "-" "-"
66.249.64.37 - - [13/Jun/2025:13:23:57 +0200] "GET /Jurek/eurofirany/images/460838/5.jpg HTTP/1.1" 200 40119 "-" "Googlebot-Image/1.0"
66.249.64.38 - - [13/Jun/2025:13:24:45 +0200] "GET /Jurek/eurofirany/images/383360/6.jpg HTTP/1.1" 200 67583 "-" "Googlebot-Image/1.0"
66.249.64.39 - - [13/Jun/2025:13:25:33 +0200] "GET /Jurek/eurofirany/images/409412/1.jpg HTTP/1.1" 200 46037 "-" "Googlebot-Image/1.0"
52.167.144.169 - - [13/Jun/2025:13:25:42 +0200] "GET /Jurek/topeshop/downloaded_images/5904507209971_2.jpg HTTP/2.0" 404 3551 "-" "Mozilla/5.0 AppleWebKit/537.36 (KHTML, like Gecko; compatible; bingbot/2.0; +http://www.bing.com/bingbot.htm) Chrome/116.0.1938.76 Safari/537.36"
89.161.206.59 - - [13/Jun/2025:13:26:42 +0200] "GET /Jurek/hurtmeblowy/feeds/hurtmeblowy_skroutz.xml HTTP/1.0" 200 8581260 "-" "-"
66.249.64.38 - - [13/Jun/2025:13:27:09 +0200] "GET /Jurek/eurofirany/images/378049/3.jpg HTTP/1.1" 200 75287 "-" "Googlebot-Image/1.0"
89.161.206.59 - - [13/Jun/2025:13:27:24 +0200] "GET /Jurek/eurofryz2/feeds/eurofryz2_skroutz.xml HTTP/1.0" 200 1376783 "-" "-"
