35.204.39.32 - - [13/Jun/2025:05:00:20 +0200] "GET /marketplaces/carrefour_fr/results/carrefour_fr.csv HTTP/1.1" 200 147219 "-" "Mirakl HttpClient"
52.17.80.36 - - [13/Jun/2025:05:00:34 +0200] "GET /marketplaces/ubaldi/results/ubaldi.csv HTTP/1.1" 200 147219 "-" "Mirakl HttpClient"
35.204.39.32 - - [13/Jun/2025:05:01:10 +0200] "GET /marketplaces/vente/results/vente_nl.csv HTTP/1.1" 200 147219 "-" "Mirakl HttpClient"
35.204.39.32 - - [13/Jun/2025:05:01:11 +0200] "GET /marketplaces/vente/results/vente_fr.csv HTTP/1.1" 200 147219 "-" "Mirakl HttpClient"
35.204.39.32 - - [13/Jun/2025:05:01:11 +0200] "GET /marketplaces/vente/results/vente_be.csv HTTP/1.1" 200 130835 "-" "Mirakl HttpClient"
35.204.39.32 - - [13/Jun/2025:05:01:11 +0200] "GET /marketplaces/vente/results/vente_it.csv HTTP/1.1" 200 147219 "-" "Mirakl HttpClient"
35.204.39.32 - - [13/Jun/2025:05:01:11 +0200] "GET /marketplaces/vente/results/vente_es.csv HTTP/1.1" 200 147219 "-" "Mirakl HttpClient"
35.204.39.32 - - [13/Jun/2025:05:01:11 +0200] "GET /marketplaces/vente/results/vente_de.csv HTTP/1.1" 200 163603 "-" "Mirakl HttpClient"
89.161.206.59 - - [13/Jun/2025:05:01:25 +0200] "GET /Jurek/swiatecznygoliat/feeds/swiatecznygoliat_amazonde.xml HTTP/1.0" 200 7050811 "-" "-"
185.6.76.166 - - [13/Jun/2025:05:01:29 +0200] "GET /Jurek/eurofirany/images/419778/0.jpg HTTP/1.1" 200 6595 "-" "Skroutz ImageBot v1"
185.6.76.166 - - [13/Jun/2025:05:01:29 +0200] "GET /Jurek/eurofirany/images/419779/0.jpg HTTP/1.1" 200 6595 "-" "Skroutz ImageBot v1"
52.18.22.0 - - [13/Jun/2025:05:01:59 +0200] "GET /marketplaces/rue/results/rue.csv HTTP/1.1" 200 7537439 "-" "Mirakl HttpClient"
66.249.64.38 - - [13/Jun/2025:05:02:19 +0200] "GET /Jurek/eurofirany/images/390455/12.jpg HTTP/1.1" 200 212063 "-" "Googlebot-Image/1.0"
66.249.64.39 - - [13/Jun/2025:05:03:20 +0200] "GET /Jurek/eurofirany/images/404671/5.jpg HTTP/1.1" 200 16504 "-" "Googlebot-Image/1.0"
85.14.86.141 - - [13/Jun/2025:05:03:55 +0200] "GET /Jurek/kinghoff/feeds/kinghoff_morele.xml HTTP/2.0" 200 15664418 "-" "MarketplaceAPI curl/7.74.0 PHP/8"
52.18.22.0 - - [13/Jun/2025:05:04:45 +0200] "GET /marketplaces/carrefour/results/carrefour.csv HTTP/1.1" 200 114451 "-" "Mirakl HttpClient"
66.249.64.38 - - [13/Jun/2025:05:04:45 +0200] "GET /Jurek/eurofirany/images/423950/7.jpg HTTP/1.1" 200 179273 "-" "Googlebot-Image/1.0"
20.71.215.11 - - [13/Jun/2025:05:05:34 +0200] "GET /Jurek/altex_all/feeds/altex.xml HTTP/2.0" 200 872936 "-" "Mozilla/5.0 (Windows; U; Windows NT 5.1; en-US; rv:1.8.1.13) Gecko/20080311 Firefox/2.0.0.13"
66.249.64.39 - - [13/Jun/2025:05:05:58 +0200] "GET /Jurek/eurofirany/images/416788/2.jpg HTTP/1.1" 200 253312 "-" "Googlebot-Image/1.0"
85.14.86.141 - - [13/Jun/2025:05:06:38 +0200] "GET /Jurek/eurofirany/feeds/eurofirany_morele.xml HTTP/2.0" 200 19500098 "-" "MarketplaceAPI curl/7.74.0 PHP/8"
85.14.86.141 - - [13/Jun/2025:05:06:52 +0200] "GET /Jurek/vivaldi/feeds/vivaldi_Morele-PL.xml HTTP/2.0" 200 344674 "-" "MarketplaceAPI curl/7.74.0 PHP/8"
66.249.64.37 - - [13/Jun/2025:05:07:06 +0200] "GET /Jurek/eurofirany/images/398411/6.jpg HTTP/1.1" 200 133807 "-" "Googlebot-Image/1.0"
85.14.86.141 - - [13/Jun/2025:05:08:03 +0200] "GET /Jurek/vida_morele/feeds/VidaPL_morele.xml HTTP/2.0" 200 654300122 "-" "MarketplaceAPI curl/7.74.0 PHP/8"
85.14.86.141 - - [13/Jun/2025:05:08:04 +0200] "GET /Jurek/aw/feeds/awnarzedzia_morele.xml HTTP/2.0" 200 90860233 "-" "MarketplaceAPI curl/7.74.0 PHP/8"
85.14.86.141 - - [13/Jun/2025:05:08:48 +0200] "GET /Jurek/beliani/feeds/beliani_morele.xml HTTP/2.0" 200 30513068 "-" "MarketplaceAPI curl/7.74.0 PHP/8"
185.6.76.18 - - [13/Jun/2025:05:09:15 +0200] "GET /marketplaces/skroutz/feeds/shumee.xml HTTP/1.1" 200 412186691 "-" "SkroutzBot v1.0"
66.249.64.38 - - [13/Jun/2025:05:09:42 +0200] "GET /Jurek/eurofirany/images/416783/1.jpg HTTP/1.1" 200 96684 "-" "Googlebot-Image/1.0"
66.249.64.37 - - [13/Jun/2025:05:10:58 +0200] "GET /Jurek/eurofirany/images/403231/0.jpg HTTP/1.1" 200 102690 "-" "Googlebot-Image/1.0"
185.6.76.166 - - [13/Jun/2025:05:11:21 +0200] "GET /Jurek/eurofirany/images/432646/0.jpg HTTP/1.1" 200 6625 "-" "Skroutz ImageBot v1"
66.249.64.37 - - [13/Jun/2025:05:11:49 +0200] "GET /Jurek/eurofirany/images/408993/3.jpg HTTP/1.1" 200 184596 "-" "Googlebot-Image/1.0"
66.249.64.38 - - [13/Jun/2025:05:13:05 +0200] "GET /Jurek/eurofirany/images/383350/5.jpg HTTP/1.1" 200 6595 "-" "Googlebot-Image/1.0"
66.249.64.38 - - [13/Jun/2025:05:13:55 +0200] "GET /Jurek/eurofirany/images/321373/15.jpg HTTP/1.1" 200 128460 "-" "Googlebot-Image/1.0"
66.249.64.38 - - [13/Jun/2025:05:16:52 +0200] "GET /Jurek/eurofirany/images/390453/7.jpg HTTP/1.1" 200 6595 "-" "Googlebot-Image/1.0"
66.249.64.39 - - [13/Jun/2025:05:18:08 +0200] "GET /Jurek/eurofirany/images/390391/1.jpg HTTP/1.1" 200 312136 "-" "Googlebot-Image/1.0"
66.249.64.39 - - [13/Jun/2025:05:19:37 +0200] "GET /Jurek/eurofirany/images/383057/5.jpg HTTP/1.1" 200 210140 "-" "Googlebot-Image/1.0"
5.134.208.158 - - [13/Jun/2025:05:19:45 +0200] "GET /Jurek/ml_meble/images/1ADAG02L-001_0.jpg HTTP/1.1" 404 3551 "https://www.ceneo.pl" "Mozilla/5.0 (Windows NT 10.0; Win64; x64) AppleWebKit/537.36 (KHTML, like Gecko) Chrome/87.0.4280.141 Safari/537.36"
5.134.208.158 - - [13/Jun/2025:05:19:45 +0200] "GET /Jurek/ml_meble/images/1ADAG02L-001_0.jpg HTTP/1.1" 404 3551 "https://www.ceneo.pl" "-"
5.134.208.158 - - [13/Jun/2025:05:19:45 +0200] "GET /Jurek/ml_meble/images/1ADAG02L-001_0.jpg HTTP/1.1" 404 3551 "-" "-"
5.134.208.158 - - [13/Jun/2025:05:19:45 +0200] "GET /Jurek/ml_meble/images/1ADAG02L-001_0.jpg HTTP/1.1" 404 3551 "https://www.ceneo.pl" "Mozilla/5.0 (Windows NT 10.0; WOW64) AppleWebKit/537.36 (KHTML, like Gecko) Chrome/52.0.2743.82 Safari/537.36 OPR/39.0.2256.48"
5.134.208.158 - - [13/Jun/2025:05:20:32 +0200] "GET /Jurek/eurofirany/images/468579/0.jpg HTTP/1.1" 206 256 "https://www.ceneo.pl" "Mozilla/5.0 (Windows NT 10.0; Win64; x64) AppleWebKit/537.36 (KHTML, like Gecko) Chrome/87.0.4280.141 Safari/537.36"
66.249.64.39 - - [13/Jun/2025:05:20:40 +0200] "GET /Jurek/eurofirany/images/357555/10.jpg HTTP/1.1" 200 110379 "-" "Googlebot-Image/1.0"
66.249.64.38 - - [13/Jun/2025:05:21:56 +0200] "GET /Jurek/eurofirany/images/390424/10.jpg HTTP/1.1" 200 82859 "-" "Googlebot-Image/1.0"
89.161.206.59 - - [13/Jun/2025:05:22:07 +0200] "GET /Jurek/benetech/feeds/benetech_amazonnl.xml HTTP/1.0" 200 4165486 "-" "-"
89.161.206.59 - - [13/Jun/2025:05:22:07 +0200] "GET /Jurek/benetech/feeds/benetech_amazonit.xml HTTP/1.0" 200 4165502 "-" "-"
89.161.206.59 - - [13/Jun/2025:05:22:08 +0200] "GET /Jurek/benetech/feeds/benetech_amazones.xml HTTP/1.0" 200 4165501 "-" "-"
89.161.206.59 - - [13/Jun/2025:05:22:08 +0200] "GET /Jurek/benetech/feeds/benetech_amazonfr.xml HTTP/1.0" 200 4165494 "-" "-"
89.161.206.59 - - [13/Jun/2025:05:22:08 +0200] "GET /Jurek/benetech/feeds/benetech_amazonbe.xml HTTP/1.0" 200 4165481 "-" "-"
89.161.206.59 - - [13/Jun/2025:05:22:09 +0200] "GET /Jurek/benetech/feeds/benetech_amazonse.xml HTTP/1.0" 200 4165886 "-" "-"
89.161.206.59 - - [13/Jun/2025:05:22:10 +0200] "GET /Jurek/dekoele/feeds/dekoele_amazonde.xml HTTP/1.0" 200 733938 "-" "-"
89.161.206.59 - - [13/Jun/2025:05:22:10 +0200] "GET /Jurek/dekoele/feeds/dekoele_amazonit.xml HTTP/1.0" 200 733940 "-" "-"
89.161.206.59 - - [13/Jun/2025:05:22:10 +0200] "GET /Jurek/dekoele/feeds/dekoele_amazonfr.xml HTTP/1.0" 200 733938 "-" "-"
89.161.206.59 - - [13/Jun/2025:05:22:10 +0200] "GET /Jurek/dekoele/feeds/dekoele_amazones.xml HTTP/1.0" 200 733939 "-" "-"
89.161.206.59 - - [13/Jun/2025:05:22:11 +0200] "GET /Jurek/dekoele/feeds/dekoele_amazonnl.xml HTTP/1.0" 200 733939 "-" "-"
89.161.206.59 - - [13/Jun/2025:05:22:11 +0200] "GET /Jurek/dekoele/feeds/dekoele_amazonse.xml HTTP/1.0" 200 734012 "-" "-"
89.161.206.59 - - [13/Jun/2025:05:22:11 +0200] "GET /Jurek/dekoele/feeds/dekoele_amazonbe.xml HTTP/1.0" 200 733939 "-" "-"
89.161.206.59 - - [13/Jun/2025:05:22:15 +0200] "GET /Jurek/carbonyway/feeds/carbonyway_amazonde.xml HTTP/1.0" 200 3075887 "-" "-"
89.161.206.59 - - [13/Jun/2025:05:22:16 +0200] "GET /Jurek/cdata/feeds/cdata_amazonde.xml HTTP/1.0" 200 1445159 "-" "-"
89.161.206.59 - - [13/Jun/2025:05:22:16 +0200] "GET /Jurek/beltimore/feeds/beltimore_amazonde.xml HTTP/1.0" 200 18652304 "-" "-"
89.161.206.59 - - [13/Jun/2025:05:22:17 +0200] "GET /Jurek/drewdon/feeds/drewdon_amazonde.xml HTTP/1.0" 200 504440 "-" "-"
89.161.206.59 - - [13/Jun/2025:05:22:17 +0200] "GET /Jurek/alucon/feeds/alucon_amazonde.xml HTTP/1.0" 200 553703 "-" "-"
89.161.206.59 - - [13/Jun/2025:05:22:23 +0200] "GET /Jurek/benetech/feeds/benetech_kaufSMDE.xml HTTP/1.0" 200 4165486 "-" "-"
89.161.206.59 - - [13/Jun/2025:05:22:38 +0200] "GET /Jurek/sebmart/feeds/sebmart_kaufSMDE.xml HTTP/1.0" 200 1531162 "-" "-"
66.249.64.37 - - [13/Jun/2025:05:23:49 +0200] "GET /Jurek/eurofirany/images/366816/9.jpg HTTP/1.1" 200 131871 "-" "Googlebot-Image/1.0"
89.161.206.59 - - [13/Jun/2025:05:25:26 +0200] "GET /Jurek/emaja24/feeds/emaja24_amazonnl.xml HTTP/1.0" 200 5102003 "-" "-"
89.161.206.59 - - [13/Jun/2025:05:25:27 +0200] "GET /Jurek/combine/feeds/combine_amazonde.xml HTTP/1.0" 200 210509 "-" "-"
5.134.208.158 - - [13/Jun/2025:05:26:17 +0200] "GET /Jurek/ml_meble/images/1ADAG03P-001_0.jpg HTTP/1.1" 404 3551 "https://www.ceneo.pl" "Mozilla/5.0 (Windows NT 10.0; Win64; x64) AppleWebKit/537.36 (KHTML, like Gecko) Chrome/87.0.4280.141 Safari/537.36"
5.134.208.158 - - [13/Jun/2025:05:26:17 +0200] "GET /Jurek/ml_meble/images/1ADAG03P-001_0.jpg HTTP/1.1" 404 3551 "https://www.ceneo.pl" "-"
5.134.208.158 - - [13/Jun/2025:05:26:17 +0200] "GET /Jurek/ml_meble/images/1ADAG03P-001_0.jpg HTTP/1.1" 404 3551 "-" "-"
5.134.208.158 - - [13/Jun/2025:05:26:17 +0200] "GET /Jurek/ml_meble/images/1ADAG03P-001_0.jpg HTTP/1.1" 404 3551 "https://www.ceneo.pl" "Mozilla/5.0 (Windows NT 10.0; WOW64) AppleWebKit/537.36 (KHTML, like Gecko) Chrome/52.0.2743.82 Safari/537.36 OPR/39.0.2256.48"
5.134.208.158 - - [13/Jun/2025:05:26:17 +0200] "GET /Jurek/ml_meble/images/1ADAG02P-001_0.jpg HTTP/1.1" 404 3551 "https://www.ceneo.pl" "Mozilla/5.0 (Windows NT 10.0; Win64; x64) AppleWebKit/537.36 (KHTML, like Gecko) Chrome/87.0.4280.141 Safari/537.36"
5.134.208.158 - - [13/Jun/2025:05:26:17 +0200] "GET /Jurek/ml_meble/images/1ADAG02P-001_0.jpg HTTP/1.1" 404 3551 "https://www.ceneo.pl" "-"
5.134.208.158 - - [13/Jun/2025:05:26:17 +0200] "GET /Jurek/ml_meble/images/1ADAG02P-001_0.jpg HTTP/1.1" 404 3551 "-" "-"
5.134.208.158 - - [13/Jun/2025:05:26:17 +0200] "GET /Jurek/ml_meble/images/1ADAG02P-001_0.jpg HTTP/1.1" 404 3551 "https://www.ceneo.pl" "Mozilla/5.0 (Windows NT 10.0; WOW64) AppleWebKit/537.36 (KHTML, like Gecko) Chrome/52.0.2743.82 Safari/537.36 OPR/39.0.2256.48"
66.249.64.39 - - [13/Jun/2025:05:26:21 +0200] "GET /Jurek/eurofirany/images/383350/4.jpg HTTP/1.1" 200 37718 "-" "Googlebot-Image/1.0"
66.249.64.38 - - [13/Jun/2025:05:26:59 +0200] "GET /Jurek/eurofirany/images/371532/14.jpg HTTP/1.1" 200 110842 "-" "Googlebot-Image/1.0"
89.161.206.59 - - [13/Jun/2025:05:27:47 +0200] "GET /Jurek/bisanti/feeds/bisanti_allegro.xml HTTP/1.0" 200 1142381 "-" "-"
89.161.206.59 - - [13/Jun/2025:05:27:48 +0200] "GET /Jurek/combine/feeds/combine_allegro.xml HTTP/1.0" 200 210521 "-" "-"
185.6.76.166 - - [13/Jun/2025:05:27:57 +0200] "GET /Jurek/eurofirany/images/415537/0.jpg HTTP/1.1" 200 6595 "-" "Skroutz ImageBot v1"
185.6.76.166 - - [13/Jun/2025:05:27:58 +0200] "GET /Jurek/eurofirany/images/419799/0.jpg HTTP/1.1" 200 6595 "-" "Skroutz ImageBot v1"
185.6.76.166 - - [13/Jun/2025:05:27:59 +0200] "GET /Jurek/eurofirany/images/415543/0.jpg HTTP/1.1" 200 6595 "-" "Skroutz ImageBot v1"
185.6.76.166 - - [13/Jun/2025:05:27:59 +0200] "GET /Jurek/eurofirany/images/30976/0.jpg HTTP/1.1" 200 6595 "-" "Skroutz ImageBot v1"
185.6.76.166 - - [13/Jun/2025:05:27:59 +0200] "GET /Jurek/eurofirany/images/426310/0.jpg HTTP/1.1" 200 6625 "-" "Skroutz ImageBot v1"
185.6.76.166 - - [13/Jun/2025:05:27:59 +0200] "GET /Jurek/eurofirany/images/423131/0.jpg HTTP/1.1" 200 0 "-" "Skroutz ImageBot v1"
185.6.76.166 - - [13/Jun/2025:05:28:00 +0200] "GET /Jurek/eurofirany/images/419493/0.jpg HTTP/1.1" 200 6595 "-" "Skroutz ImageBot v1"
185.6.76.166 - - [13/Jun/2025:05:28:00 +0200] "GET /Jurek/eurofirany/images/439436/0.jpg HTTP/1.1" 200 33 "-" "Skroutz ImageBot v1"
185.6.76.166 - - [13/Jun/2025:05:28:01 +0200] "GET /Jurek/eurofirany/images/439440/0.jpg HTTP/1.1" 200 33 "-" "Skroutz ImageBot v1"
185.6.76.166 - - [13/Jun/2025:05:28:01 +0200] "GET /Jurek/eurofirany/images/416214/0.jpg HTTP/1.1" 200 6595 "-" "Skroutz ImageBot v1"
185.6.76.166 - - [13/Jun/2025:05:28:01 +0200] "GET /Jurek/eurofirany/images/415915/0.jpg HTTP/1.1" 200 6595 "-" "Skroutz ImageBot v1"
185.6.76.166 - - [13/Jun/2025:05:28:01 +0200] "GET /Jurek/eurofirany/images/439437/0.jpg HTTP/1.1" 200 33 "-" "Skroutz ImageBot v1"
185.6.76.166 - - [13/Jun/2025:05:28:02 +0200] "GET /Jurek/eurofirany/images/419751/0.jpg HTTP/1.1" 200 6595 "-" "Skroutz ImageBot v1"
185.6.76.166 - - [13/Jun/2025:05:28:02 +0200] "GET /Jurek/eurofirany/images/423201/0.jpg HTTP/1.1" 200 0 "-" "Skroutz ImageBot v1"
185.6.76.166 - - [13/Jun/2025:05:28:02 +0200] "GET /Jurek/eurofirany/images/419487/0.jpg HTTP/1.1" 200 6595 "-" "Skroutz ImageBot v1"
185.6.76.166 - - [13/Jun/2025:05:28:02 +0200] "GET /Jurek/eurofirany/images/415917/0.jpg HTTP/1.1" 200 6595 "-" "Skroutz ImageBot v1"
185.6.76.166 - - [13/Jun/2025:05:28:03 +0200] "GET /Jurek/eurofirany/images/45089/0.jpg HTTP/1.1" 200 6625 "-" "Skroutz ImageBot v1"
185.6.76.166 - - [13/Jun/2025:05:28:03 +0200] "GET /Jurek/eurofirany/images/418628/0.jpg HTTP/1.1" 200 6595 "-" "Skroutz ImageBot v1"
185.6.76.166 - - [13/Jun/2025:05:28:03 +0200] "GET /Jurek/eurofirany/images/426272/0.jpg HTTP/1.1" 200 6625 "-" "Skroutz ImageBot v1"
185.6.76.166 - - [13/Jun/2025:05:28:03 +0200] "GET /Jurek/eurofirany/images/426312/0.jpg HTTP/1.1" 200 6625 "-" "Skroutz ImageBot v1"
185.6.76.166 - - [13/Jun/2025:05:28:03 +0200] "GET /Jurek/eurofirany/images/426277/0.jpg HTTP/1.1" 200 6625 "-" "Skroutz ImageBot v1"
185.6.76.166 - - [13/Jun/2025:05:28:03 +0200] "GET /Jurek/eurofirany/images/418627/0.jpg HTTP/1.1" 200 6595 "-" "Skroutz ImageBot v1"
185.6.76.166 - - [13/Jun/2025:05:28:04 +0200] "GET /Jurek/eurofirany/images/418817/0.jpg HTTP/1.1" 200 6595 "-" "Skroutz ImageBot v1"
185.6.76.166 - - [13/Jun/2025:05:28:04 +0200] "GET /Jurek/eurofirany/images/418629/0.jpg HTTP/1.1" 200 6595 "-" "Skroutz ImageBot v1"
185.6.76.166 - - [13/Jun/2025:05:28:04 +0200] "GET /Jurek/eurofirany/images/416113/0.jpg HTTP/1.1" 200 6595 "-" "Skroutz ImageBot v1"
185.6.76.166 - - [13/Jun/2025:05:28:05 +0200] "GET /Jurek/eurofirany/images/419492/0.jpg HTTP/1.1" 200 6595 "-" "Skroutz ImageBot v1"
185.6.76.166 - - [13/Jun/2025:05:28:05 +0200] "GET /Jurek/eurofirany/images/436581/0.jpg HTTP/1.1" 200 6625 "-" "Skroutz ImageBot v1"
185.6.76.166 - - [13/Jun/2025:05:28:05 +0200] "GET /Jurek/eurofirany/images/419475/0.jpg HTTP/1.1" 200 6595 "-" "Skroutz ImageBot v1"
66.249.64.37 - - [13/Jun/2025:05:28:53 +0200] "GET /Jurek/eurofirany/images/372981/4.jpg HTTP/1.1" 200 44589 "-" "Googlebot-Image/1.0"
66.249.64.37 - - [13/Jun/2025:05:30:08 +0200] "GET /Jurek/eurofirany/images/389926/7.jpg HTTP/1.1" 200 6595 "-" "Googlebot-Image/1.0"
89.161.206.59 - - [13/Jun/2025:05:30:23 +0200] "GET /Jurek/rovato/feeds/rovato_emagro.xml HTTP/1.0" 200 180853 "-" "-"
89.161.206.59 - - [13/Jun/2025:05:30:23 +0200] "GET /Jurek/jankeski/feeds/jankeski_emagro.xml HTTP/1.0" 200 6571399 "-" "-"
66.249.64.39 - - [13/Jun/2025:05:31:24 +0200] "GET /robots.txt HTTP/1.1" 404 3551 "-" "Mozilla/5.0 (compatible; Googlebot/2.1; +http://www.google.com/bot.html)"
66.249.64.39 - - [13/Jun/2025:05:31:25 +0200] "GET /Jurek/eurofirany/images/401006/2.jpg HTTP/1.1" 200 217225 "-" "Googlebot-Image/1.0"
89.161.206.59 - - [13/Jun/2025:05:31:47 +0200] "GET /Jurek/emaja24/feeds/emaja24_amazones.xml HTTP/1.0" 200 5102043 "-" "-"
89.161.206.59 - - [13/Jun/2025:05:31:49 +0200] "GET /Jurek/beautycare/feeds/beautycare_amazonde.xml HTTP/1.0" 200 1181276 "-" "-"
89.161.206.59 - - [13/Jun/2025:05:31:49 +0200] "GET /Jurek/avenido/feeds/avenido_amazonde.xml HTTP/1.0" 200 720084 "-" "-"
66.249.64.37 - - [13/Jun/2025:05:32:15 +0200] "GET /Jurek/eurofirany/images/459301/2.jpg HTTP/1.1" 200 161859 "-" "Googlebot-Image/1.0"
66.249.64.38 - - [13/Jun/2025:05:33:31 +0200] "GET /robots.txt HTTP/1.1" 404 3551 "-" "Mozilla/5.0 (compatible; Googlebot/2.1; +http://www.google.com/bot.html)"
66.249.64.38 - - [13/Jun/2025:05:33:31 +0200] "GET /Jurek/eurofirany/images/383348/4.jpg HTTP/1.1" 200 37718 "-" "Googlebot-Image/1.0"
85.232.241.194 - - [13/Jun/2025:05:34:17 +0200] "GET /Jurek/action/feeds/action_carrefour.xml HTTP/1.1" 200 60825482 "-" "Python-urllib/3.11"
66.249.64.39 - - [13/Jun/2025:05:34:46 +0200] "GET /robots.txt HTTP/1.1" 404 3551 "-" "Mozilla/5.0 (compatible; Googlebot/2.1; +http://www.google.com/bot.html)"
66.249.64.38 - - [13/Jun/2025:05:34:46 +0200] "GET /Jurek/eurofirany/images/357555/8.jpg HTTP/1.1" 200 118471 "-" "Googlebot-Image/1.0"
66.249.64.39 - - [13/Jun/2025:05:35:11 +0200] "GET /Jurek/eurofirany/images/376058/1.jpg HTTP/1.1" 200 53007 "-" "Googlebot-Image/1.0"
85.232.241.194 - - [13/Jun/2025:05:35:17 +0200] "GET /Jurek/action/feeds/action_carrefour_fr.xml HTTP/1.1" 200 60824898 "-" "Python-urllib/3.11"
66.249.64.38 - - [13/Jun/2025:05:35:37 +0200] "GET /Jurek/eurofirany/images/383349/5.jpg HTTP/1.1" 200 6595 "-" "Googlebot-Image/1.0"
66.249.64.38 - - [13/Jun/2025:05:36:02 +0200] "GET /Jurek/eurofirany/images/376058/6.jpg HTTP/1.1" 200 85111 "-" "Googlebot-Image/1.0"
66.249.64.37 - - [13/Jun/2025:05:36:02 +0200] "GET /robots.txt HTTP/1.1" 404 3551 "-" "Mozilla/5.0 (compatible; Googlebot/2.1; +http://www.google.com/bot.html)"
77.79.248.229 - - [13/Jun/2025:05:36:08 +0200] "GET /Jurek/eurofirany/feeds/eurofirany_cdon_se.xml HTTP/1.1" 200 19516053 "-" "python-requests/2.32.3"
77.79.248.229 - - [13/Jun/2025:05:36:08 +0200] "GET /Jurek/eurofirany/feeds/eurofirany_cdon_dk.xml HTTP/1.1" 200 19516233 "-" "python-requests/2.32.3"
52.18.22.0 - - [13/Jun/2025:05:36:08 +0200] "GET /marketplaces/worten2/results/worten.csv HTTP/1.1" 200 19252355 "-" "Mirakl HttpClient"
77.79.248.229 - - [13/Jun/2025:05:36:08 +0200] "GET /Jurek/eurofirany/feeds/eurofirany_cdon_fi.xml HTTP/1.1" 200 19498792 "-" "python-requests/2.32.3"
77.79.248.229 - - [13/Jun/2025:05:36:10 +0200] "GET /Jurek/stema/feeds/stema_cdon_se.xml HTTP/1.1" 200 894943 "-" "python-requests/2.32.3"
77.79.248.229 - - [13/Jun/2025:05:36:10 +0200] "GET /Jurek/stema/feeds/stema_cdon_dk.xml HTTP/1.1" 200 894778 "-" "python-requests/2.32.3"
77.79.248.229 - - [13/Jun/2025:05:36:10 +0200] "GET /Jurek/stema/feeds/stema_cdon_fi.xml HTTP/1.1" 200 894522 "-" "python-requests/2.32.3"
77.79.248.229 - - [13/Jun/2025:05:36:17 +0200] "GET /Jurek/ikonka/feeds/ikonka_cdon_se.xml HTTP/1.1" 200 21016560 "-" "python-requests/2.32.3"
77.79.248.229 - - [13/Jun/2025:05:36:18 +0200] "GET /Jurek/ikonka/feeds/ikonka_cdon_dk.xml HTTP/1.1" 200 21016572 "-" "python-requests/2.32.3"
77.79.248.229 - - [13/Jun/2025:05:36:18 +0200] "GET /Jurek/ikonka/feeds/ikonka_cdon_fi.xml HTTP/1.1" 200 21014590 "-" "python-requests/2.32.3"
77.79.248.229 - - [13/Jun/2025:05:36:18 +0200] "GET /Jurek/fernity/feeds/fernity_cdon_fi.xml HTTP/1.1" 200 4960520 "-" "python-requests/2.32.3"
77.79.248.229 - - [13/Jun/2025:05:36:18 +0200] "GET /Jurek/fernity/feeds/fernity_cdon_se.xml HTTP/1.1" 200 4964026 "-" "python-requests/2.32.3"
77.79.248.229 - - [13/Jun/2025:05:36:18 +0200] "GET /Jurek/fernity/feeds/fernity_cdon_dk.xml HTTP/1.1" 200 4963422 "-" "python-requests/2.32.3"
77.79.248.229 - - [13/Jun/2025:05:36:19 +0200] "GET /Jurek/activeshop/feeds/activeshop_cdon_se.xml HTTP/1.1" 200 10458067 "-" "python-requests/2.32.3"
77.79.248.229 - - [13/Jun/2025:05:36:19 +0200] "GET /Jurek/activeshop/feeds/activeshop_cdon_dk.xml HTTP/1.1" 200 10457745 "-" "python-requests/2.32.3"
77.79.248.229 - - [13/Jun/2025:05:36:19 +0200] "GET /Jurek/activeshop/feeds/activeshop_cdon_fi.xml HTTP/1.1" 200 10454447 "-" "python-requests/2.32.3"
77.79.248.229 - - [13/Jun/2025:05:36:19 +0200] "GET /Jurek/barbecook/feeds/barbecook_cdon_se.xml HTTP/1.1" 200 87595 "-" "python-requests/2.32.3"
77.79.248.229 - - [13/Jun/2025:05:36:19 +0200] "GET /Jurek/barbecook/feeds/barbecook_cdon_dk.xml HTTP/1.1" 200 87590 "-" "python-requests/2.32.3"
77.79.248.229 - - [13/Jun/2025:05:36:19 +0200] "GET /Jurek/barbecook/feeds/barbecook_cdon_fi.xml HTTP/1.1" 200 87531 "-" "python-requests/2.32.3"
77.79.248.229 - - [13/Jun/2025:05:36:20 +0200] "GET /Jurek/action/feeds/action_cdon_se.xml HTTP/1.1" 200 60327719 "-" "python-requests/2.32.3"
77.79.248.229 - - [13/Jun/2025:05:36:21 +0200] "GET /Jurek/action/feeds/action_cdon_dk.xml HTTP/1.1" 200 60866086 "-" "python-requests/2.32.3"
77.79.248.229 - - [13/Jun/2025:05:36:21 +0200] "GET /Jurek/action/feeds/action_cdon_fi.xml HTTP/1.1" 200 60839744 "-" "python-requests/2.32.3"
89.161.206.59 - - [13/Jun/2025:05:36:32 +0200] "GET /Jurek/benetech/feeds/benetech_amazonde.xml HTTP/1.0" 200 4165486 "-" "-"
89.161.206.59 - - [13/Jun/2025:05:36:37 +0200] "GET /Jurek/erohurtownia/feeds/erohurtownia_amazonde.xml HTTP/1.0" 200 22846508 "-" "-"
66.249.64.38 - - [13/Jun/2025:05:36:53 +0200] "GET /Jurek/eurofirany/images/410687/3.jpg HTTP/1.1" 200 34821 "-" "Googlebot-Image/1.0"
77.79.248.229 - - [13/Jun/2025:05:38:08 +0200] "GET /Jurek/vidaSI/feeds/vidaSI_bigbang.xml HTTP/1.1" 200 779859453 "-" "Python-urllib/3.11"
77.79.248.229 - - [13/Jun/2025:05:38:25 +0200] "GET /Jurek/action/feeds/action_bigbang.xml HTTP/1.1" 200 60834380 "-" "Python-urllib/3.11"
77.79.248.229 - - [13/Jun/2025:05:38:26 +0200] "GET /Jurek/ikonka/feeds/ikonka_bigbang.xml HTTP/1.1" 200 21014519 "-" "Python-urllib/3.11"
77.79.248.229 - - [13/Jun/2025:05:38:29 +0200] "GET /Jurek/b3/feeds/b3_bigbang.xml HTTP/1.1" 200 8505320 "-" "Python-urllib/3.11"
77.79.248.229 - - [13/Jun/2025:05:38:29 +0200] "GET /Jurek/asortymenteu/feeds/asortymenteu_bigbang.xml HTTP/1.1" 200 2894618 "-" "Python-urllib/3.11"
77.79.248.229 - - [13/Jun/2025:05:38:29 +0200] "GET /Jurek/stema/feeds/stema_bigbang.xml HTTP/1.1" 200 894412 "-" "Python-urllib/3.11"
77.79.248.229 - - [13/Jun/2025:05:38:29 +0200] "GET /Jurek/sempler/feeds/sempler_bigbang.xml HTTP/1.1" 200 6787921 "-" "Python-urllib/3.11"
77.79.248.229 - - [13/Jun/2025:05:38:29 +0200] "GET /Jurek/benetech/feeds/benetech_bigbang.xml HTTP/1.1" 200 4165477 "-" "Python-urllib/3.11"
77.79.248.229 - - [13/Jun/2025:05:38:29 +0200] "GET /Jurek/ekuchcikowo/feeds/ekuchcikowo_bigbang.xml HTTP/1.1" 200 12470805 "-" "Python-urllib/3.11"
77.79.248.229 - - [13/Jun/2025:05:38:30 +0200] "GET /Jurek/erohurtownia/feeds/erohurtownia_bigbang.xml HTTP/1.1" 200 22846340 "-" "Python-urllib/3.11"
77.79.248.229 - - [13/Jun/2025:05:38:31 +0200] "GET /Jurek/awparts/feeds/awparts_bigbang.xml HTTP/1.1" 200 142297755 "-" "Python-urllib/3.11"
77.79.248.229 - - [13/Jun/2025:05:38:31 +0200] "GET /Jurek/najtanszysport/feeds/najtanszysport_bigbang.xml HTTP/1.1" 200 3982963 "-" "Python-urllib/3.11"
77.79.248.229 - - [13/Jun/2025:05:38:32 +0200] "GET /Jurek/playcob/feeds/playcob_bigbang.xml HTTP/1.1" 200 6980092 "-" "Python-urllib/3.11"
77.79.248.229 - - [13/Jun/2025:05:38:32 +0200] "GET /Jurek/kidshop/feeds/kidshop_bigbang.xml HTTP/1.1" 200 19845640 "-" "Python-urllib/3.11"
77.79.248.229 - - [13/Jun/2025:05:38:32 +0200] "GET /Jurek/elavia/feeds/elavia_bigbang.xml HTTP/1.1" 200 2497288 "-" "Python-urllib/3.11"
77.79.248.229 - - [13/Jun/2025:05:38:32 +0200] "GET /Jurek/straganbiur/feeds/straganbiur_bigbang.xml HTTP/1.1" 200 8892906 "-" "Python-urllib/3.11"
77.79.248.229 - - [13/Jun/2025:05:38:32 +0200] "GET /Jurek/elecomp/feeds/elecomp_bigbang.xml HTTP/1.1" 200 2867673 "-" "Python-urllib/3.11"
77.79.248.229 - - [13/Jun/2025:05:38:32 +0200] "GET /Jurek/roger/feeds/roger_bigbang.xml HTTP/1.1" 200 1396601 "-" "Python-urllib/3.11"
77.79.248.229 - - [13/Jun/2025:05:38:32 +0200] "GET /Jurek/kristronik/feeds/kristronik_bigbang.xml HTTP/1.1" 200 691976 "-" "Python-urllib/3.11"
77.79.248.229 - - [13/Jun/2025:05:38:33 +0200] "GET /Jurek/oknobest/feeds/oknobest_bigbang.xml HTTP/1.1" 200 2708302 "-" "Python-urllib/3.11"
77.79.248.229 - - [13/Jun/2025:05:38:33 +0200] "GET /Jurek/globaldeli/feeds/globaldeli_bigbang.xml HTTP/1.1" 200 2590049 "-" "Python-urllib/3.11"
77.79.248.229 - - [13/Jun/2025:05:38:33 +0200] "GET /Jurek/rider/feeds/rider_bigbang.xml HTTP/1.1" 200 8165186 "-" "Python-urllib/3.11"
77.79.248.229 - - [13/Jun/2025:05:38:33 +0200] "GET /Jurek/luxma/feeds/luxma_bigbang.xml HTTP/1.1" 200 8058622 "-" "Python-urllib/3.11"
77.79.248.229 - - [13/Jun/2025:05:38:33 +0200] "GET /Jurek/smxdesign/feeds/smxdesign_bigbang.xml HTTP/1.1" 200 1829025 "-" "Python-urllib/3.11"
77.79.248.229 - - [13/Jun/2025:05:38:34 +0200] "GET /Jurek/dropkz/feeds/dropkz_bigbang.xml HTTP/1.1" 200 70013892 "-" "Python-urllib/3.11"
77.79.248.229 - - [13/Jun/2025:05:38:34 +0200] "GET /Jurek/pawonik/feeds/pawonik_bigbang.xml HTTP/1.1" 200 2138416 "-" "Python-urllib/3.11"
77.79.248.229 - - [13/Jun/2025:05:38:34 +0200] "GET /Jurek/spali/feeds/spali_bigbang.xml HTTP/1.1" 200 77044 "-" "Python-urllib/3.11"
66.249.64.38 - - [13/Jun/2025:05:38:34 +0200] "GET /robots.txt HTTP/1.1" 404 3551 "-" "Mozilla/5.0 (compatible; Googlebot/2.1; +http://www.google.com/bot.html)"
66.249.64.37 - - [13/Jun/2025:05:38:34 +0200] "GET /Jurek/eurofirany/images/416148/1.jpg HTTP/1.1" 200 100329 "-" "Googlebot-Image/1.0"
77.79.248.229 - - [13/Jun/2025:05:38:34 +0200] "GET /Jurek/newtechele/feeds/newtechele_bigbang.xml HTTP/1.1" 200 2438464 "-" "Python-urllib/3.11"
77.79.248.229 - - [13/Jun/2025:05:38:34 +0200] "GET /Jurek/maksik/feeds/maksik_bigbang.xml HTTP/1.1" 200 4084782 "-" "Python-urllib/3.11"
77.79.248.229 - - [13/Jun/2025:05:38:34 +0200] "GET /Jurek/beltimore/feeds/beltimore_bigbang.xml HTTP/1.1" 200 18651640 "-" "Python-urllib/3.11"
77.79.248.229 - - [13/Jun/2025:05:38:34 +0200] "GET /Jurek/rovato/feeds/rovato_bigbang.xml HTTP/1.1" 200 180836 "-" "Python-urllib/3.11"
77.79.248.229 - - [13/Jun/2025:05:38:35 +0200] "GET /Jurek/eurofryz/feeds/eurofryz_bigbang.xml HTTP/1.1" 200 1381536 "-" "Python-urllib/3.11"
77.79.248.229 - - [13/Jun/2025:05:38:35 +0200] "GET /Jurek/alucon/feeds/alucon_bigbang.xml HTTP/1.1" 200 553707 "-" "Python-urllib/3.11"
77.79.248.229 - - [13/Jun/2025:05:38:35 +0200] "GET /Jurek/omi/feeds/omi_bigbang.xml HTTP/1.1" 200 8100704 "-" "Python-urllib/3.11"
77.79.248.229 - - [13/Jun/2025:05:38:35 +0200] "GET /Jurek/kamar/feeds/kamar_bigbang.xml HTTP/1.1" 200 25550478 "-" "Python-urllib/3.11"
77.79.248.229 - - [13/Jun/2025:05:38:35 +0200] "GET /Jurek/beautycare/feeds/beautycare_bigbang.xml HTTP/1.1" 200 1181297 "-" "Python-urllib/3.11"
77.79.248.229 - - [13/Jun/2025:05:38:35 +0200] "GET /Jurek/avenido/feeds/avenido_bigbang.xml HTTP/1.1" 200 720088 "-" "Python-urllib/3.11"
77.79.248.229 - - [13/Jun/2025:05:38:35 +0200] "GET /Jurek/zenex/feeds/zenex_bigbang.xml HTTP/1.1" 200 540151 "-" "Python-urllib/3.11"
77.79.248.229 - - [13/Jun/2025:05:38:35 +0200] "GET /Jurek/sternhoff/feeds/sternhoff_bigbang.xml HTTP/1.1" 200 1775229 "-" "Python-urllib/3.11"
77.79.248.229 - - [13/Jun/2025:05:38:35 +0200] "GET /Jurek/straganspoz/feeds/straganspoz_bigbang.xml HTTP/1.1" 200 9509822 "-" "Python-urllib/3.11"
77.79.248.229 - - [13/Jun/2025:05:38:36 +0200] "GET /Jurek/apresto/feeds/apresto_bigbang.xml HTTP/1.1" 200 1327589 "-" "Python-urllib/3.11"
77.79.248.229 - - [13/Jun/2025:05:38:36 +0200] "GET /Jurek/fertone/feeds/fertone_bigbang.xml HTTP/1.1" 200 584066 "-" "Python-urllib/3.11"
77.79.248.229 - - [13/Jun/2025:05:38:36 +0200] "GET /Jurek/fernity/feeds/fernity_bigbang.xml HTTP/1.1" 200 4960774 "-" "Python-urllib/3.11"
77.79.248.229 - - [13/Jun/2025:05:38:36 +0200] "GET /Jurek/jankeski/feeds/jankeski_bigbang.xml HTTP/1.1" 200 6571162 "-" "Python-urllib/3.11"
77.79.248.229 - - [13/Jun/2025:05:38:36 +0200] "GET /Jurek/bloomglow/feeds/bloomglow_bigbang.xml HTTP/1.1" 200 14095256 "-" "Python-urllib/3.11"
77.79.248.229 - - [13/Jun/2025:05:38:36 +0200] "GET /Jurek/galopi/feeds/galopi_bigbang.xml HTTP/1.1" 200 2111080 "-" "Python-urllib/3.11"
77.79.248.229 - - [13/Jun/2025:05:38:37 +0200] "GET /Jurek/hurtmeblowy/feeds/hurtmeblowy_bigbang.xml HTTP/1.1" 200 8562082 "-" "Python-urllib/3.11"
77.79.248.229 - - [13/Jun/2025:05:40:38 +0200] "GET /Jurek/kinghoff/feeds/kinghoff_SkroutzGR.xml HTTP/1.1" 200 14565038 "-" "Python-urllib/3.11"
77.79.248.229 - - [13/Jun/2025:05:40:39 +0200] "GET /Jurek/aw/feeds/awnarzedzia_skroutz.xml HTTP/1.1" 200 89113101 "-" "Python-urllib/3.11"
77.79.248.229 - - [13/Jun/2025:05:40:39 +0200] "GET /Jurek/eurofirany/feeds/eurofirany_skroutz.xml HTTP/1.1" 200 17989989 "-" "Python-urllib/3.11"
77.79.248.229 - - [13/Jun/2025:05:40:39 +0200] "GET /Jurek/fernity/feeds/fernity_skroutz.xml HTTP/1.1" 200 4575932 "-" "Python-urllib/3.11"
66.249.64.38 - - [13/Jun/2025:05:40:40 +0200] "GET /robots.txt HTTP/1.1" 404 3551 "-" "Mozilla/5.0 (compatible; Googlebot/2.1; +http://www.google.com/bot.html)"
66.249.64.39 - - [13/Jun/2025:05:40:40 +0200] "GET /Jurek/eurofirany/images/404516/1.jpg HTTP/1.1" 200 78885 "-" "Googlebot-Image/1.0"
66.249.64.37 - - [13/Jun/2025:05:42:22 +0200] "GET /robots.txt HTTP/1.1" 404 3551 "-" "Mozilla/5.0 (compatible; Googlebot/2.1; +http://www.google.com/bot.html)"
66.249.64.38 - - [13/Jun/2025:05:42:22 +0200] "GET /Jurek/eurofirany/images/383347/7.jpg HTTP/1.1" 200 36843 "-" "Googlebot-Image/1.0"
66.249.64.39 - - [13/Jun/2025:05:43:50 +0200] "GET /Jurek/eurofirany/images/383352/5.jpg HTTP/1.1" 200 214156 "-" "Googlebot-Image/1.0"
66.249.64.37 - - [13/Jun/2025:05:44:28 +0200] "GET /Jurek/eurofirany/images/422324/4.jpg HTTP/1.1" 200 72941 "-" "Googlebot-Image/1.0"
46.101.116.244 - - [13/Jun/2025:05:45:26 +0200] "GET /Jurek/kinghoff/feeds/kinghoff_ceneo.xml HTTP/1.0" 200 15664578 "-" "-"
46.101.116.244 - - [13/Jun/2025:05:45:27 +0200] "GET /Jurek/barbecook/feeds/barbecook_allegro.xml HTTP/1.0" 200 87554 "-" "-"
46.101.116.244 - - [13/Jun/2025:05:45:30 +0200] "GET /Jurek/vida_morele/feeds/vidaPL_velomarket_category0.xml HTTP/1.0" 200 156886146 "-" "-"
89.161.206.59 - - [13/Jun/2025:05:45:42 +0200] "GET /Jurek/topeshop/feeds/topeshop_amazonFR.xml HTTP/1.0" 200 3083552 "-" "-"
89.161.206.59 - - [13/Jun/2025:05:45:43 +0200] "GET /Jurek/topeshop/feeds/topeshop_amazonIT.xml HTTP/1.0" 200 3083547 "-" "-"
89.161.206.59 - - [13/Jun/2025:05:45:43 +0200] "GET /Jurek/topeshop/feeds/topeshop_amazonDE.xml HTTP/1.0" 200 3083478 "-" "-"
89.161.206.59 - - [13/Jun/2025:05:45:43 +0200] "GET /Jurek/topeshop/feeds/topeshop_amazonSE.xml HTTP/1.0" 200 3084347 "-" "-"
89.161.206.59 - - [13/Jun/2025:05:45:43 +0200] "GET /Jurek/topeshop/feeds/topeshop_amazonES.xml HTTP/1.0" 200 3083616 "-" "-"
89.161.206.59 - - [13/Jun/2025:05:45:44 +0200] "GET /Jurek/topeshop/feeds/topeshop_amazonNL.xml HTTP/1.0" 200 3083562 "-" "-"
89.161.206.59 - - [13/Jun/2025:05:45:44 +0200] "GET /Jurek/topeshop/feeds/topeshop_amazonBE.xml HTTP/1.0" 200 3083595 "-" "-"
66.249.64.38 - - [13/Jun/2025:05:45:44 +0200] "GET /Jurek/eurofirany/images/390395/6.jpg HTTP/1.1" 200 257923 "-" "Googlebot-Image/1.0"
89.161.206.59 - - [13/Jun/2025:05:47:02 +0200] "GET /Jurek/hurtmeblowy/feeds/hurtmeblowy_bol.xml HTTP/1.0" 200 8562091 "-" "-"
89.161.206.59 - - [13/Jun/2025:05:47:04 +0200] "GET /Jurek/topeshop/feeds/topeshop_bol.xml HTTP/1.0" 200 3083594 "-" "-"
89.161.206.59 - - [13/Jun/2025:05:47:07 +0200] "GET /Jurek/carbonyway/feeds/carbonyway_bol.xml HTTP/1.0" 200 3075956 "-" "-"
89.161.206.59 - - [13/Jun/2025:05:47:08 +0200] "GET /Jurek/equalo/feeds/equalo_bol.xml HTTP/1.0" 200 98009 "-" "-"
89.161.206.59 - - [13/Jun/2025:05:47:08 +0200] "GET /Jurek/sebmart/feeds/sebmart_bol.xml HTTP/1.0" 200 1598702 "-" "-"
89.161.206.59 - - [13/Jun/2025:05:47:09 +0200] "GET /Jurek/mojeledy/feeds/mojeledy_bol.xml HTTP/1.0" 200 1018445 "-" "-"
89.161.206.59 - - [13/Jun/2025:05:47:09 +0200] "GET /Jurek/sovapl/feeds/sovapl_bol.xml HTTP/1.0" 200 8999355 "-" "-"
89.161.206.59 - - [13/Jun/2025:05:47:10 +0200] "GET /Jurek/apresto/feeds/apresto_bol.xml HTTP/1.0" 200 1327610 "-" "-"
89.161.206.59 - - [13/Jun/2025:05:47:10 +0200] "GET /Jurek/missionair/feeds/missionair_bol.xml HTTP/1.0" 200 3154878 "-" "-"
89.161.206.59 - - [13/Jun/2025:05:47:10 +0200] "GET /Jurek/mechdecor/feeds/mechdecor_bol.xml HTTP/1.0" 200 596168 "-" "-"
46.101.116.244 - - [13/Jun/2025:05:47:13 +0200] "GET /Jurek/piotrmiedz/feeds/piotrmiedz_bol.xml HTTP/1.0" 200 91048184 "-" "-"
66.249.64.38 - - [13/Jun/2025:05:48:41 +0200] "GET /Jurek/eurofirany/images/315130/5.jpg HTTP/1.1" 200 121908 "-" "Googlebot-Image/1.0"
89.161.206.59 - - [13/Jun/2025:05:48:48 +0200] "GET /Jurek/lerutrade/feeds/lerutrade_cdsc.xml HTTP/1.0" 200 53849 "-" "-"
5.134.208.158 - - [13/Jun/2025:05:49:24 +0200] "GET /Jurek/eurofirany/images/468572/0.jpg HTTP/1.1" 206 256 "https://www.ceneo.pl" "Mozilla/5.0 (Windows NT 10.0; Win64; x64) AppleWebKit/537.36 (KHTML, like Gecko) Chrome/87.0.4280.141 Safari/537.36"
66.249.64.38 - - [13/Jun/2025:05:49:32 +0200] "GET /Jurek/topeshop/downloaded_images/5902838463413_DENVER_BIEL(1).jpg HTTP/1.1" 404 3551 "-" "Googlebot-Image/1.0"
89.161.206.59 - - [13/Jun/2025:05:49:38 +0200] "GET /Jurek/muminky/feeds/muminky_skroutz.xml HTTP/1.0" 200 2270286 "-" "-"
89.161.206.59 - - [13/Jun/2025:05:49:39 +0200] "GET /Jurek/pupus/feeds/pupus_skroutz.xml HTTP/1.0" 200 882699 "-" "-"
89.161.206.59 - - [13/Jun/2025:05:49:51 +0200] "GET /Jurek/eurofryz3/feeds/eurofryz3_skroutz.xml HTTP/1.0" 200 172205 "-" "-"
89.161.206.59 - - [13/Jun/2025:05:49:51 +0200] "GET /Jurek/lendo/feeds/lendo_skroutz.xml HTTP/1.0" 200 330398 "-" "-"
89.161.206.59 - - [13/Jun/2025:05:51:25 +0200] "GET /Jurek/playcob/feeds/playcob_skroutz.xml HTTP/1.0" 200 6980152 "-" "-"
89.161.206.59 - - [13/Jun/2025:05:51:25 +0200] "GET /Jurek/nexus/feeds/nexus_skroutz.xml HTTP/1.0" 200 226758 "-" "-"
66.249.64.38 - - [13/Jun/2025:05:51:25 +0200] "GET /Jurek/eurofirany/images/383108/6.jpg HTTP/1.1" 200 69077 "-" "Googlebot-Image/1.0"
89.161.206.59 - - [13/Jun/2025:05:51:26 +0200] "GET /Jurek/alucon/feeds/alucon_skroutz.xml HTTP/1.0" 200 553705 "-" "-"
89.161.206.59 - - [13/Jun/2025:05:51:29 +0200] "GET /Jurek/cbdgreen/feeds/cbdgreen_skroutz.xml HTTP/1.0" 200 30342 "-" "-"
46.101.116.244 - - [13/Jun/2025:05:51:49 +0200] "GET /Jurek/eurofirany/feeds/eurofirany_ceneo.xml HTTP/1.0" 200 19502395 "-" "-"
89.161.206.59 - - [13/Jun/2025:05:52:12 +0200] "GET /Jurek/rovato/feeds/rovato_skroutz.xml HTTP/1.0" 200 99164 "-" "-"
89.161.206.59 - - [13/Jun/2025:05:52:22 +0200] "GET /Jurek/elavia/feeds/elavia_skroutz.xml HTTP/1.0" 200 2297073 "-" "-"
89.161.206.59 - - [13/Jun/2025:05:52:24 +0200] "GET /Jurek/maksik/feeds/maksik_skroutz.xml HTTP/1.0" 200 4084771 "-" "-"
89.161.206.59 - - [13/Jun/2025:05:52:26 +0200] "GET /Jurek/globaldeli/feeds/globaldeli_skroutz.xml HTTP/1.0" 200 2590887 "-" "-"
89.161.206.59 - - [13/Jun/2025:05:52:30 +0200] "GET /Jurek/smxdesign/feeds/smxdesign_skroutz.xml HTTP/1.0" 200 1829021 "-" "-"
89.161.206.59 - - [13/Jun/2025:05:52:32 +0200] "GET /Jurek/proparts/feeds/proparts_skroutz.xml HTTP/1.0" 200 707518 "-" "-"
89.161.206.59 - - [13/Jun/2025:05:52:37 +0200] "GET /Jurek/techrebal/feeds/techrebal_skroutz.xml HTTP/1.0" 200 1969169 "-" "-"
89.161.206.59 - - [13/Jun/2025:05:52:41 +0200] "GET /Jurek/omi/feeds/omi_skroutz.xml HTTP/1.0" 200 8100690 "-" "-"
66.249.64.39 - - [13/Jun/2025:05:54:22 +0200] "GET /Jurek/eurofirany/images/333890/3.jpg HTTP/1.1" 200 61361 "-" "Googlebot-Image/1.0"
185.6.76.167 - - [13/Jun/2025:05:54:22 +0200] "GET /Jurek/eurofirany/images/437390/0.jpg HTTP/1.1" 200 6625 "-" "Skroutz ImageBot v1"
185.6.76.167 - - [13/Jun/2025:05:54:22 +0200] "GET /Jurek/eurofirany/images/437394/0.jpg HTTP/1.1" 200 6625 "-" "Skroutz ImageBot v1"
185.6.76.167 - - [13/Jun/2025:05:54:22 +0200] "GET /Jurek/eurofirany/images/438198/0.jpg HTTP/1.1" 200 6625 "-" "Skroutz ImageBot v1"
185.6.76.167 - - [13/Jun/2025:05:54:22 +0200] "GET /Jurek/eurofirany/images/441626/0.jpg HTTP/1.1" 200 6625 "-" "Skroutz ImageBot v1"
185.6.76.167 - - [13/Jun/2025:05:54:23 +0200] "GET /Jurek/eurofirany/images/437162/0.jpg HTTP/1.1" 200 6625 "-" "Skroutz ImageBot v1"
185.6.76.167 - - [13/Jun/2025:05:54:23 +0200] "GET /Jurek/eurofirany/images/437026/0.jpg HTTP/1.1" 200 6625 "-" "Skroutz ImageBot v1"
185.6.76.167 - - [13/Jun/2025:05:54:23 +0200] "GET /Jurek/eurofirany/images/437969/0.jpg HTTP/1.1" 200 6625 "-" "Skroutz ImageBot v1"
89.161.206.59 - - [13/Jun/2025:05:55:02 +0200] "GET /Jurek/em3/feeds/em3_skroutz.xml HTTP/1.0" 200 258912 "-" "-"
66.249.64.37 - - [13/Jun/2025:05:56:03 +0200] "GET /Jurek/eurofirany/images/424077/15.jpg HTTP/1.1" 200 6585 "-" "Googlebot-Image/1.0"
89.161.206.59 - - [13/Jun/2025:05:57:08 +0200] "GET /Jurek/eroplace/feeds/eroplace_emagro.xml HTTP/1.0" 200 52165451 "-" "-"
89.161.206.59 - - [13/Jun/2025:05:57:25 +0200] "GET /Jurek/regis/feeds/regis_skroutz.xml HTTP/1.0" 200 228467 "-" "-"
89.161.206.59 - - [13/Jun/2025:05:57:25 +0200] "GET /Jurek/equalo/feeds/equalo_skroutz.xml HTTP/1.0" 200 98010 "-" "-"
89.161.206.59 - - [13/Jun/2025:05:57:26 +0200] "GET /Jurek/lampart/feeds/lampart_skroutz.xml HTTP/1.0" 200 936037 "-" "-"
89.161.206.59 - - [13/Jun/2025:05:57:50 +0200] "GET /Jurek/carbonyway/feeds/carbonyway_skroutz.xml HTTP/1.0" 200 3075892 "-" "-"
89.161.206.59 - - [13/Jun/2025:05:57:50 +0200] "GET /Jurek/jakdroz/feeds/jakdroz_skroutz.xml HTTP/1.0" 200 1894305 "-" "-"
89.161.206.59 - - [13/Jun/2025:05:57:51 +0200] "GET /Jurek/filmal/feeds/filmal_skroutz.xml HTTP/1.0" 200 139276 "-" "-"
89.161.206.59 - - [13/Jun/2025:05:57:52 +0200] "GET /Jurek/jakdroz/feeds/jakdroz_skroutz.xml HTTP/1.0" 200 1894305 "-" "-"
89.161.206.59 - - [13/Jun/2025:05:57:52 +0200] "GET /Jurek/bemipol/feeds/bemipol_skroutz.xml HTTP/1.0" 200 423620 "-" "-"
89.161.206.59 - - [13/Jun/2025:05:57:53 +0200] "GET /Jurek/gandalf/feeds/gandalf_skr.xml HTTP/1.0" 200 1082528 "-" "-"
89.161.206.59 - - [13/Jun/2025:05:57:54 +0200] "GET /Jurek/tsjerzy/feeds/tsjerzy_skr.xml HTTP/1.0" 200 3841014 "-" "-"
89.161.206.59 - - [13/Jun/2025:05:57:54 +0200] "GET /Jurek/harmonypost/feeds/harmonypost_skr.xml HTTP/1.0" 200 39879092 "-" "-"
89.161.206.59 - - [13/Jun/2025:05:57:56 +0200] "GET /Jurek/bentivolio/feeds/bentivolio_skr.xml HTTP/1.0" 200 1261294 "-" "-"
89.161.206.59 - - [13/Jun/2025:05:57:58 +0200] "GET /Jurek/apresto/feeds/apresto_skr.xml HTTP/1.0" 200 1316740 "-" "-"
89.161.206.59 - - [13/Jun/2025:05:57:58 +0200] "GET /Jurek/sovapl/feeds/sovapl_skr.xml HTTP/1.0" 200 8999854 "-" "-"
89.161.206.59 - - [13/Jun/2025:05:57:59 +0200] "GET /Jurek/missionair/feeds/missionair_skr.xml HTTP/1.0" 200 3154849 "-" "-"
89.161.206.59 - - [13/Jun/2025:05:58:00 +0200] "GET /Jurek/relogy/feeds/relogy_skroutz.xml HTTP/1.0" 200 66606355 "-" "-"
89.161.206.59 - - [13/Jun/2025:05:58:01 +0200] "GET /Jurek/wezer/feeds/wezer_skroutz.xml HTTP/1.0" 200 202412 "-" "-"
89.161.206.59 - - [13/Jun/2025:05:58:01 +0200] "GET /Jurek/shiori/feeds/shiori_skroutz.xml HTTP/1.0" 200 453653 "-" "-"
89.161.206.59 - - [13/Jun/2025:05:58:04 +0200] "GET /Jurek/ikonka/feeds/ikonka_allegro_cz.xml HTTP/1.0" 200 21015184 "-" "-"
66.249.64.37 - - [13/Jun/2025:05:58:48 +0200] "GET /Jurek/eurofirany/images/390400/9.jpg HTTP/1.1" 200 6595 "-" "Googlebot-Image/1.0"
66.249.64.37 - - [13/Jun/2025:06:00:04 +0200] "GET /Jurek/eurofirany/images/416791/5.jpg HTTP/1.1" 200 33 "-" "Googlebot-Image/1.0"
85.14.86.141 - - [13/Jun/2025:06:00:18 +0200] "GET /Jurek/vida_morele/feeds/VidaPL_all.xml HTTP/2.0" 200 871886889 "-" "MarketplaceAPI curl/7.74.0 PHP/8"
35.204.39.32 - - [13/Jun/2025:06:00:32 +0200] "GET /marketplaces/carrefour_fr/results/carrefour_fr.csv HTTP/1.1" 200 5091600 "-" "Mirakl HttpClient"
52.17.80.36 - - [13/Jun/2025:06:00:40 +0200] "GET /marketplaces/ubaldi/results/ubaldi.csv HTTP/1.1" 200 147219 "-" "Mirakl HttpClient"
35.204.39.32 - - [13/Jun/2025:06:01:11 +0200] "GET /marketplaces/vente/results/vente_nl.csv HTTP/1.1" 200 147219 "-" "Mirakl HttpClient"
35.204.39.32 - - [13/Jun/2025:06:01:11 +0200] "GET /marketplaces/vente/results/vente_fr.csv HTTP/1.1" 200 163603 "-" "Mirakl HttpClient"
35.204.39.32 - - [13/Jun/2025:06:01:11 +0200] "GET /marketplaces/vente/results/vente_be.csv HTTP/1.1" 200 163603 "-" "Mirakl HttpClient"
35.204.39.32 - - [13/Jun/2025:06:01:11 +0200] "GET /marketplaces/vente/results/vente_it.csv HTTP/1.1" 200 163603 "-" "Mirakl HttpClient"
35.204.39.32 - - [13/Jun/2025:06:01:11 +0200] "GET /marketplaces/vente/results/vente_es.csv HTTP/1.1" 200 163603 "-" "Mirakl HttpClient"
35.204.39.32 - - [13/Jun/2025:06:01:11 +0200] "GET /marketplaces/vente/results/vente_de.csv HTTP/1.1" 200 147219 "-" "Mirakl HttpClient"
46.101.116.244 - - [13/Jun/2025:06:01:19 +0200] "GET /Jurek/hurtownia_przemyslowa/feeds/hp_alza.xml HTTP/2.0" 200 49379124 "-" "-"
89.161.206.59 - - [13/Jun/2025:06:01:22 +0200] "GET /Jurek/eurofirany/feeds/eurofirany_ebay.xml HTTP/1.0" 200 19397819 "-" "-"
89.161.206.59 - - [13/Jun/2025:06:01:33 +0200] "GET /Jurek/hdwr/feeds/hdwr_amazonde.xml HTTP/1.0" 200 789422 "-" "-"
89.161.206.59 - - [13/Jun/2025:06:01:33 +0200] "GET /Jurek/hdwr/feeds/hdwr_amazonfr.xml HTTP/1.0" 200 789431 "-" "-"
89.161.206.59 - - [13/Jun/2025:06:01:33 +0200] "GET /Jurek/hdwr/feeds/hdwr_amazonse.xml HTTP/1.0" 200 789712 "-" "-"
46.101.116.244 - - [13/Jun/2025:06:01:38 +0200] "GET /Jurek/hurtownia_przemyslowa/feeds/hp_kaufcz.xml HTTP/2.0" 200 49379553 "-" "-"
89.161.206.59 - - [13/Jun/2025:06:01:42 +0200] "GET /Jurek/eurofirany/feeds/eurofirany_amazaon_de.xml HTTP/1.0" 200 19498675 "-" "-"
89.161.206.59 - - [13/Jun/2025:06:01:44 +0200] "GET /Jurek/eurofirany/feeds/eurofirany_amazonFR.xml HTTP/1.0" 200 19498542 "-" "-"
66.249.64.38 - - [13/Jun/2025:06:01:46 +0200] "GET /Jurek/eurofirany/images/390400/12.jpg HTTP/1.1" 200 131920 "-" "Googlebot-Image/1.0"
89.161.206.59 - - [13/Jun/2025:06:01:46 +0200] "GET /Jurek/eurofirany/feeds/eurofirany_amazonES.xml HTTP/1.0" 200 19498669 "-" "-"
89.161.206.59 - - [13/Jun/2025:06:01:50 +0200] "GET /Jurek/eurofirany/feeds/eurofirany_amazonBE.xml HTTP/1.0" 200 19498699 "-" "-"
89.161.206.59 - - [13/Jun/2025:06:01:54 +0200] "GET /Jurek/pupus/feeds/pupus_amazonfr.xml HTTP/1.0" 200 6154481 "-" "-"
89.161.206.59 - - [13/Jun/2025:06:01:56 +0200] "GET /Jurek/hurtmeblowy/feeds/hurtmeblowy_amazonde.xml HTTP/1.0" 200 7528565 "-" "-"
52.18.22.0 - - [13/Jun/2025:06:02:01 +0200] "GET /marketplaces/rue/results/rue.csv HTTP/1.1" 200 130835 "-" "Mirakl HttpClient"
89.161.206.59 - - [13/Jun/2025:06:02:01 +0200] "GET /Jurek/equalo/feeds/equalo_amazonde.xml HTTP/1.0" 200 98009 "-" "-"
89.161.206.59 - - [13/Jun/2025:06:02:01 +0200] "GET /Jurek/elavia/feeds/elavia_amazonde.xml HTTP/1.0" 200 2497289 "-" "-"
46.101.116.244 - - [13/Jun/2025:06:02:13 +0200] "GET /Jurek/hurtownia_przemyslowa/feeds/hp_kaufsk.xml HTTP/2.0" 200 49359074 "-" "-"
46.101.116.244 - - [13/Jun/2025:06:02:26 +0200] "GET /Jurek/kinghoff/feeds/kinghoff_empik.xml HTTP/1.0" 200 15664516 "-" "-"
66.249.64.39 - - [13/Jun/2025:06:02:36 +0200] "GET /Jurek/eurofirany/images/433254/0.jpg HTTP/1.1" 200 6625 "-" "Googlebot-Image/1.0"
46.101.116.244 - - [13/Jun/2025:06:02:45 +0200] "GET /Jurek/hurtownia_przemyslowa/feeds/hp_kaufde.xml HTTP/2.0" 200 49357358 "-" "-"
17.241.75.253 - - [13/Jun/2025:06:03:12 +0200] "GET /robots.txt HTTP/1.1" 404 3551 "-" "Mozilla/5.0 (Macintosh; Intel Mac OS X 10_15_7) AppleWebKit/605.1.15 (KHTML, like Gecko) Version/17.4 Safari/605.1.15 (Applebot/0.1; +http://www.apple.com/go/applebot)"
17.241.75.253 - - [13/Jun/2025:06:03:12 +0200] "GET /Jurek/eurofirany/images/372634/6.jpg HTTP/1.1" 200 6595 "-" "Mozilla/5.0 (Macintosh; Intel Mac OS X 10_15_7) AppleWebKit/605.1.15 (KHTML, like Gecko) Version/17.4 Safari/605.1.15 (Applebot/0.1; +http://www.apple.com/go/applebot)"
85.14.86.141 - - [13/Jun/2025:06:03:47 +0200] "GET /Jurek/kinghoff/feeds/kinghoff_morele.xml HTTP/2.0" 200 15664418 "-" "MarketplaceAPI curl/7.74.0 PHP/8"
46.101.116.244 - - [13/Jun/2025:06:04:07 +0200] "GET /Jurek/beliani/feeds/beliani_erli.xml HTTP/1.0" 200 30514929 "-" "-"
46.101.116.244 - - [13/Jun/2025:06:04:11 +0200] "GET /Jurek/kokiska/feeds/kokiska_erli.xml HTTP/1.0" 200 9288457 "-" "-"
46.101.116.244 - - [13/Jun/2025:06:04:17 +0200] "GET /Jurek/ikonka/feeds/ikonka_erli.xml HTTP/1.0" 200 21014989 "-" "-"
89.161.206.59 - - [13/Jun/2025:06:04:23 +0200] "GET /Jurek/kinghoff/feeds/kinghoff_emaghu.xml HTTP/1.0" 200 15671094 "-" "-"
46.101.116.244 - - [13/Jun/2025:06:04:25 +0200] "GET /Jurek/piotrmiedz/feeds/piotrmiedz_zero.xml HTTP/2.0" 200 91017095 "-" "-"
89.161.206.59 - - [13/Jun/2025:06:04:26 +0200] "GET /Jurek/hurtownia_przemyslowa/feeds/hp_emagHU.xml HTTP/1.0" 200 49399537 "-" "-"
66.249.64.39 - - [13/Jun/2025:06:04:29 +0200] "GET /Jurek/topeshop/downloaded_images/5902838463277_14255.jpg HTTP/1.1" 404 3551 "-" "Googlebot-Image/1.0"
89.161.206.59 - - [13/Jun/2025:06:04:33 +0200] "GET /Jurek/swiatecznygoliat/feeds/swiatecznygoliat_skroutz.xml HTTP/1.0" 200 6874860 "-" "-"
52.18.22.0 - - [13/Jun/2025:06:04:47 +0200] "GET /marketplaces/carrefour/results/carrefour.csv HTTP/1.1" 200 4318111 "-" "Mirakl HttpClient"
66.249.64.38 - - [13/Jun/2025:06:05:08 +0200] "GET /Jurek/eurofirany/images/371532/5.jpg HTTP/1.1" 200 167232 "-" "Googlebot-Image/1.0"
46.101.116.244 - - [13/Jun/2025:06:05:41 +0200] "GET /Jurek/intsell/feeds/intsell_skroutz.xml HTTP/1.0" 200 269821694 "-" "-"
85.14.86.141 - - [13/Jun/2025:06:06:12 +0200] "GET /Jurek/eurofirany/feeds/eurofirany_morele.xml HTTP/2.0" 200 19500098 "-" "MarketplaceAPI curl/7.74.0 PHP/8"
89.161.206.59 - - [13/Jun/2025:06:06:19 +0200] "GET /Jurek/eroplace/feeds/eroplace_skroutz.xml HTTP/1.0" 200 51216594 "-" "-"
85.14.86.141 - - [13/Jun/2025:06:06:20 +0200] "GET /Jurek/vivaldi/feeds/vivaldi_Morele-PL.xml HTTP/2.0" 200 344674 "-" "MarketplaceAPI curl/7.74.0 PHP/8"
46.101.116.244 - - [13/Jun/2025:06:06:48 +0200] "GET /Jurek/kamar/feeds/kamar_alza.xml HTTP/2.0" 200 25563307 "-" "-"
66.249.64.39 - - [13/Jun/2025:06:06:48 +0200] "GET /Jurek/eurofirany/images/383103/1.jpg HTTP/1.1" 200 51845 "-" "Googlebot-Image/1.0"
46.101.116.244 - - [13/Jun/2025:06:07:25 +0200] "GET /Jurek/tsjerzy/feeds/tsjerzy_alza.xml HTTP/2.0" 200 3901438 "-" "-"
85.14.86.141 - - [13/Jun/2025:06:07:35 +0200] "GET /Jurek/vida_morele/feeds/VidaPL_morele.xml HTTP/2.0" 200 871888392 "-" "MarketplaceAPI curl/7.74.0 PHP/8"
46.101.116.244 - - [13/Jun/2025:06:07:47 +0200] "GET /Jurek/hurtmeblowy/feeds/hurtmeblowy_alza.xml HTTP/2.0" 200 8565303 "-" "-"
46.101.116.244 - - [13/Jun/2025:06:07:59 +0200] "GET /Jurek/kobi/feeds/kobi_alza.xml HTTP/2.0" 200 677290 "-" "-"
89.161.206.59 - - [13/Jun/2025:06:08:00 +0200] "GET /Jurek/artdog/feeds/artdog_amazonde.xml HTTP/1.0" 200 17157871 "-" "-"
89.161.206.59 - - [13/Jun/2025:06:08:02 +0200] "GET /Jurek/pawonik/feeds/pawonik_amazonde.xml HTTP/1.0" 200 2138417 "-" "-"
89.161.206.59 - - [13/Jun/2025:06:08:03 +0200] "GET /Jurek/sempler/feeds/sempler_amazonfr.xml HTTP/1.0" 200 6788015 "-" "-"
66.249.64.37 - - [13/Jun/2025:06:08:03 +0200] "GET /Jurek/topeshop/downloaded_images/5904507201951_2.jpg HTTP/1.1" 404 3551 "-" "Googlebot-Image/1.0"
89.161.206.59 - - [13/Jun/2025:06:08:03 +0200] "GET /Jurek/sempler/feeds/sempler_amazonit.xml HTTP/1.0" 200 6788032 "-" "-"
89.161.206.59 - - [13/Jun/2025:06:08:04 +0200] "GET /Jurek/sempler/feeds/sempler_amazonnl.xml HTTP/1.0" 200 6787964 "-" "-"
85.14.86.141 - - [13/Jun/2025:06:08:04 +0200] "GET /Jurek/aw/feeds/awnarzedzia_morele.xml HTTP/2.0" 200 90860233 "-" "MarketplaceAPI curl/7.74.0 PHP/8"
66.249.64.38 - - [13/Jun/2025:06:08:06 +0200] "GET /Jurek/topeshop/downloaded_images/5904507201951_20st_1.jpg HTTP/1.1" 404 3551 "-" "Googlebot-Image/1.0"
89.161.206.59 - - [13/Jun/2025:06:08:06 +0200] "GET /Jurek/ralmetal/feeds/ralmetal_amazonde.xml HTTP/1.0" 200 2039889 "-" "-"
66.249.64.37 - - [13/Jun/2025:06:08:07 +0200] "GET /Jurek/topeshop/downloaded_images/5904507201951_1.jpg HTTP/1.1" 404 3551 "-" "Googlebot-Image/1.0"
66.249.64.37 - - [13/Jun/2025:06:08:07 +0200] "GET /Jurek/topeshop/downloaded_images/5904507201951_artisan140.jpg HTTP/1.1" 404 3551 "-" "Googlebot-Image/1.0"
89.161.206.59 - - [13/Jun/2025:06:08:07 +0200] "GET /Jurek/ralmetal/feeds/ralmetal_amazonfr.xml HTTP/1.0" 200 2039890 "-" "-"
89.161.206.59 - - [13/Jun/2025:06:08:07 +0200] "GET /Jurek/ralmetal/feeds/ralmetal_amazonit.xml HTTP/1.0" 200 2039950 "-" "-"
89.161.206.59 - - [13/Jun/2025:06:08:08 +0200] "GET /Jurek/ralmetal/feeds/ralmetal_amazonnl.xml HTTP/1.0" 200 2039861 "-" "-"
89.161.206.59 - - [13/Jun/2025:06:08:09 +0200] "GET /Jurek/ralmetal/feeds/ralmetal_amazones.xml HTTP/1.0" 200 2039904 "-" "-"
46.101.116.244 - - [13/Jun/2025:06:08:10 +0200] "GET /Jurek/madrex/feeds/madrex_alza.xml HTTP/2.0" 200 466766 "-" "-"
46.101.116.244 - - [13/Jun/2025:06:08:21 +0200] "GET /Jurek/matkam/feeds/matkam_alza.xml HTTP/2.0" 200 4426281 "-" "-"
66.249.64.37 - - [13/Jun/2025:06:08:30 +0200] "GET /Jurek/eurofirany/images/423821/0.jpg HTTP/1.1" 200 0 "-" "Googlebot-Image/1.0"
85.14.86.141 - - [13/Jun/2025:06:08:42 +0200] "GET /Jurek/beliani/feeds/beliani_morele.xml HTTP/2.0" 200 30513068 "-" "MarketplaceAPI curl/7.74.0 PHP/8"
185.6.76.18 - - [13/Jun/2025:06:09:16 +0200] "GET /marketplaces/skroutz/feeds/shumee.xml HTTP/1.1" 200 412186691 "-" "SkroutzBot v1.0"
46.101.116.244 - - [13/Jun/2025:06:09:38 +0200] "GET /Jurek/kalama/feeds/kalama_alza.xml HTTP/2.0" 200 2662553 "-" "-"
46.101.116.244 - - [13/Jun/2025:06:09:49 +0200] "GET /Jurek/proadventure/feeds/proadventure_alza.xml HTTP/2.0" 200 10767257 "-" "-"
46.101.116.244 - - [13/Jun/2025:06:10:03 +0200] "GET /Jurek/awparts/feeds/awparts_alza.xml HTTP/2.0" 200 142492990 "-" "-"
77.79.248.229 - - [13/Jun/2025:06:10:04 +0200] "GET /Jurek/ikonka/feeds/ikonka_cdon_se.xml HTTP/1.1" 200 21016560 "-" "python-requests/2.32.3"
77.79.248.229 - - [13/Jun/2025:06:10:04 +0200] "GET /Jurek/ikonka/feeds/ikonka_cdon_dk.xml HTTP/1.1" 200 21016572 "-" "python-requests/2.32.3"
77.79.248.229 - - [13/Jun/2025:06:10:04 +0200] "GET /Jurek/ikonka/feeds/ikonka_cdon_fi.xml HTTP/1.1" 200 21014590 "-" "python-requests/2.32.3"
