89.161.206.59 - - [10/Jun/2025:13:57:25 +0200] "GET /Jurek/rovato/feeds/rovato_emagro.xml HTTP/1.0" 200 180855 "-" "-"
89.161.206.59 - - [10/Jun/2025:13:57:26 +0200] "GET /Jurek/princelh/feeds/princelh_emagro.xml HTTP/1.0" 200 133456 "-" "-"
89.161.206.59 - - [10/Jun/2025:13:57:26 +0200] "GET /Jurek/jankeski/feeds/jankeski_emagro.xml HTTP/1.0" 200 6571396 "-" "-"
46.101.116.244 - - [10/Jun/2025:13:57:27 +0200] "GET /Jurek/topeshop/feeds/topeshop_emagsm.xml HTTP/1.0" 200 2337724 "-" "-"
91.206.37.14 - - [10/Jun/2025:13:57:38 +0200] "GET /Jurek/eurofirany/images/461402/0.jpg HTTP/2.0" 200 97757 "-" "EmagContentMedia/1.0.0"
91.206.37.14 - - [10/Jun/2025:13:57:39 +0200] "GET /Jurek/eurofirany/images/461402/1.jpg HTTP/2.0" 200 102156 "-" "EmagContentMedia/1.0.0"
91.206.37.14 - - [10/Jun/2025:13:57:40 +0200] "GET /Jurek/eurofirany/images/461402/2.jpg HTTP/2.0" 200 54108 "-" "EmagContentMedia/1.0.0"
91.206.37.14 - - [10/Jun/2025:13:57:40 +0200] "GET /Jurek/eurofirany/images/461402/3.jpg HTTP/2.0" 200 115450 "-" "EmagContentMedia/1.0.0"
91.206.37.14 - - [10/Jun/2025:13:57:41 +0200] "GET /Jurek/eurofirany/images/461402/4.jpg HTTP/2.0" 200 209231 "-" "EmagContentMedia/1.0.0"
91.206.37.14 - - [10/Jun/2025:13:57:41 +0200] "GET /Jurek/eurofirany/images/461402/5.jpg HTTP/2.0" 200 104257 "-" "EmagContentMedia/1.0.0"
91.206.37.14 - - [10/Jun/2025:13:57:42 +0200] "GET /Jurek/eurofirany/images/461402/6.jpg HTTP/2.0" 200 128742 "-" "EmagContentMedia/1.0.0"
91.206.37.14 - - [10/Jun/2025:13:57:42 +0200] "GET /Jurek/eurofirany/images/461402/7.jpg HTTP/2.0" 200 97735 "-" "EmagContentMedia/1.0.0"
91.206.37.14 - - [10/Jun/2025:13:57:43 +0200] "GET /Jurek/eurofirany/images/461402/8.jpg HTTP/2.0" 200 88486 "-" "EmagContentMedia/1.0.0"
91.206.37.14 - - [10/Jun/2025:13:57:43 +0200] "GET /Jurek/eurofirany/images/461402/9.jpg HTTP/2.0" 200 144320 "-" "EmagContentMedia/1.0.0"
91.206.37.14 - - [10/Jun/2025:13:57:46 +0200] "GET /Jurek/eurofirany/images/470268/0.jpg HTTP/2.0" 200 43543 "-" "EmagContentMedia/1.0.0"
91.206.37.14 - - [10/Jun/2025:13:57:46 +0200] "GET /Jurek/eurofirany/images/470268/1.jpg HTTP/2.0" 200 59313 "-" "EmagContentMedia/1.0.0"
91.206.37.14 - - [10/Jun/2025:13:57:47 +0200] "GET /Jurek/eurofirany/images/470268/2.jpg HTTP/2.0" 200 168793 "-" "EmagContentMedia/1.0.0"
91.206.37.14 - - [10/Jun/2025:13:57:51 +0200] "GET /Jurek/eurofirany/images/470270/0.jpg HTTP/2.0" 200 30932 "-" "EmagContentMedia/1.0.0"
91.206.37.14 - - [10/Jun/2025:13:57:51 +0200] "GET /Jurek/eurofirany/images/470269/0.jpg HTTP/2.0" 200 33085 "-" "EmagContentMedia/1.0.0"
91.206.37.14 - - [10/Jun/2025:13:57:51 +0200] "GET /Jurek/eurofirany/images/470270/1.jpg HTTP/2.0" 200 41025 "-" "EmagContentMedia/1.0.0"
91.206.37.14 - - [10/Jun/2025:13:57:52 +0200] "GET /Jurek/eurofirany/images/470269/1.jpg HTTP/2.0" 200 41408 "-" "EmagContentMedia/1.0.0"
91.206.37.14 - - [10/Jun/2025:13:57:52 +0200] "GET /Jurek/eurofirany/images/470270/2.jpg HTTP/2.0" 200 225240 "-" "EmagContentMedia/1.0.0"
91.206.37.14 - - [10/Jun/2025:13:57:52 +0200] "GET /Jurek/eurofirany/images/470269/2.jpg HTTP/2.0" 200 180435 "-" "EmagContentMedia/1.0.0"
91.206.37.14 - - [10/Jun/2025:13:58:00 +0200] "GET /Jurek/eurofirany/images/470272/0.jpg HTTP/2.0" 200 38460 "-" "EmagContentMedia/1.0.0"
91.206.37.14 - - [10/Jun/2025:13:58:00 +0200] "GET /Jurek/eurofirany/images/470272/1.jpg HTTP/2.0" 200 61889 "-" "EmagContentMedia/1.0.0"
91.206.37.14 - - [10/Jun/2025:13:58:01 +0200] "GET /Jurek/eurofirany/images/470272/2.jpg HTTP/2.0" 200 268607 "-" "EmagContentMedia/1.0.0"
91.206.37.14 - - [10/Jun/2025:13:58:11 +0200] "GET /Jurek/eurofirany/images/470271/0.jpg HTTP/2.0" 200 35464 "-" "EmagContentMedia/1.0.0"
91.206.37.14 - - [10/Jun/2025:13:58:12 +0200] "GET /Jurek/eurofirany/images/470271/1.jpg HTTP/2.0" 200 58479 "-" "EmagContentMedia/1.0.0"
91.206.37.14 - - [10/Jun/2025:13:58:12 +0200] "GET /Jurek/eurofirany/images/470271/2.jpg HTTP/2.0" 200 268607 "-" "EmagContentMedia/1.0.0"
91.206.37.14 - - [10/Jun/2025:13:58:42 +0200] "GET /Jurek/eurofirany/images/470275/0.jpg HTTP/2.0" 200 53611 "-" "EmagContentMedia/1.0.0"
91.206.37.14 - - [10/Jun/2025:13:58:42 +0200] "GET /Jurek/eurofirany/images/470275/1.jpg HTTP/2.0" 200 80191 "-" "EmagContentMedia/1.0.0"
91.206.37.14 - - [10/Jun/2025:13:58:43 +0200] "GET /Jurek/eurofirany/images/470275/2.jpg HTTP/2.0" 200 229868 "-" "EmagContentMedia/1.0.0"
91.206.37.14 - - [10/Jun/2025:13:58:44 +0200] "GET /Jurek/eurofirany/images/470273/0.jpg HTTP/2.0" 200 43208 "-" "EmagContentMedia/1.0.0"
91.206.37.14 - - [10/Jun/2025:13:58:44 +0200] "GET /Jurek/eurofirany/images/470273/1.jpg HTTP/2.0" 200 178542 "-" "EmagContentMedia/1.0.0"
91.206.37.14 - - [10/Jun/2025:13:58:45 +0200] "GET /Jurek/eurofirany/images/470273/2.jpg HTTP/2.0" 200 71338 "-" "EmagContentMedia/1.0.0"
91.206.37.14 - - [10/Jun/2025:13:58:45 +0200] "GET /Jurek/eurofirany/images/470273/3.jpg HTTP/2.0" 200 181872 "-" "EmagContentMedia/1.0.0"
91.206.37.14 - - [10/Jun/2025:13:58:46 +0200] "GET /Jurek/eurofirany/images/470274/0.jpg HTTP/2.0" 200 32079 "-" "EmagContentMedia/1.0.0"
91.206.37.14 - - [10/Jun/2025:13:58:46 +0200] "GET /Jurek/eurofirany/images/470274/1.jpg HTTP/2.0" 200 190638 "-" "EmagContentMedia/1.0.0"
91.206.37.14 - - [10/Jun/2025:13:58:46 +0200] "GET /Jurek/eurofirany/images/470274/2.jpg HTTP/2.0" 200 42015 "-" "EmagContentMedia/1.0.0"
91.206.37.14 - - [10/Jun/2025:13:58:47 +0200] "GET /Jurek/eurofirany/images/470274/3.jpg HTTP/2.0" 200 181872 "-" "EmagContentMedia/1.0.0"
91.206.37.14 - - [10/Jun/2025:13:58:58 +0200] "GET /Jurek/eurofirany/images/470276/0.jpg HTTP/2.0" 200 72509 "-" "EmagContentMedia/1.0.0"
91.206.37.14 - - [10/Jun/2025:13:58:59 +0200] "GET /Jurek/eurofirany/images/470276/1.jpg HTTP/2.0" 200 94584 "-" "EmagContentMedia/1.0.0"
91.206.37.14 - - [10/Jun/2025:13:58:59 +0200] "GET /Jurek/eurofirany/images/470276/2.jpg HTTP/2.0" 200 229868 "-" "EmagContentMedia/1.0.0"
91.206.37.14 - - [10/Jun/2025:13:59:09 +0200] "GET /Jurek/eurofirany/images/470277/0.jpg HTTP/2.0" 200 50456 "-" "EmagContentMedia/1.0.0"
91.206.37.14 - - [10/Jun/2025:13:59:10 +0200] "GET /Jurek/eurofirany/images/470277/1.jpg HTTP/2.0" 200 94642 "-" "EmagContentMedia/1.0.0"
91.206.37.14 - - [10/Jun/2025:13:59:11 +0200] "GET /Jurek/eurofirany/images/470277/2.jpg HTTP/2.0" 200 269383 "-" "EmagContentMedia/1.0.0"
91.206.37.14 - - [10/Jun/2025:13:59:13 +0200] "GET /Jurek/eurofirany/images/470278/0.jpg HTTP/2.0" 200 52033 "-" "EmagContentMedia/1.0.0"
91.206.37.14 - - [10/Jun/2025:13:59:13 +0200] "GET /Jurek/eurofirany/images/470278/1.jpg HTTP/2.0" 200 97967 "-" "EmagContentMedia/1.0.0"
91.206.37.14 - - [10/Jun/2025:13:59:14 +0200] "GET /Jurek/eurofirany/images/470278/2.jpg HTTP/2.0" 200 269383 "-" "EmagContentMedia/1.0.0"
91.206.37.14 - - [10/Jun/2025:13:59:17 +0200] "GET /Jurek/eurofirany/images/470280/0.jpg HTTP/2.0" 200 27530 "-" "EmagContentMedia/1.0.0"
91.206.37.14 - - [10/Jun/2025:13:59:17 +0200] "GET /Jurek/eurofirany/images/470280/1.jpg HTTP/2.0" 200 46278 "-" "EmagContentMedia/1.0.0"
91.206.37.14 - - [10/Jun/2025:13:59:18 +0200] "GET /Jurek/eurofirany/images/470280/2.jpg HTTP/2.0" 200 201486 "-" "EmagContentMedia/1.0.0"
91.206.37.14 - - [10/Jun/2025:13:59:19 +0200] "GET /Jurek/eurofirany/images/470279/0.jpg HTTP/2.0" 200 44293 "-" "EmagContentMedia/1.0.0"
91.206.37.14 - - [10/Jun/2025:13:59:20 +0200] "GET /Jurek/eurofirany/images/470279/1.jpg HTTP/2.0" 200 81210 "-" "EmagContentMedia/1.0.0"
91.206.37.14 - - [10/Jun/2025:13:59:20 +0200] "GET /Jurek/eurofirany/images/470279/2.jpg HTTP/2.0" 200 269383 "-" "EmagContentMedia/1.0.0"
91.206.37.14 - - [10/Jun/2025:13:59:21 +0200] "GET /Jurek/eurofirany/images/470281/0.jpg HTTP/2.0" 200 34576 "-" "EmagContentMedia/1.0.0"
91.206.37.14 - - [10/Jun/2025:13:59:21 +0200] "GET /Jurek/eurofirany/images/470281/1.jpg HTTP/2.0" 200 53672 "-" "EmagContentMedia/1.0.0"
91.206.37.14 - - [10/Jun/2025:13:59:22 +0200] "GET /Jurek/eurofirany/images/470281/2.jpg HTTP/2.0" 200 201486 "-" "EmagContentMedia/1.0.0"
91.206.37.14 - - [10/Jun/2025:13:59:32 +0200] "GET /Jurek/eurofirany/images/470282/0.jpg HTTP/2.0" 200 42063 "-" "EmagContentMedia/1.0.0"
91.206.37.14 - - [10/Jun/2025:13:59:32 +0200] "GET /Jurek/eurofirany/images/470282/1.jpg HTTP/2.0" 200 54292 "-" "EmagContentMedia/1.0.0"
91.206.37.14 - - [10/Jun/2025:13:59:33 +0200] "GET /Jurek/eurofirany/images/470282/2.jpg HTTP/2.0" 200 201486 "-" "EmagContentMedia/1.0.0"
91.206.37.14 - - [10/Jun/2025:13:59:47 +0200] "GET /Jurek/eurofirany/images/470283/0.jpg HTTP/2.0" 200 41661 "-" "EmagContentMedia/1.0.0"
91.206.37.14 - - [10/Jun/2025:13:59:48 +0200] "GET /Jurek/eurofirany/images/470283/1.jpg HTTP/2.0" 200 53128 "-" "EmagContentMedia/1.0.0"
91.206.37.14 - - [10/Jun/2025:13:59:48 +0200] "GET /Jurek/eurofirany/images/470283/2.jpg HTTP/2.0" 200 201486 "-" "EmagContentMedia/1.0.0"
91.206.37.14 - - [10/Jun/2025:14:00:00 +0200] "GET /Jurek/eurofirany/images/470284/0.jpg HTTP/2.0" 200 42659 "-" "EmagContentMedia/1.0.0"
91.206.37.14 - - [10/Jun/2025:14:00:01 +0200] "GET /Jurek/eurofirany/images/470284/1.jpg HTTP/2.0" 200 174652 "-" "EmagContentMedia/1.0.0"
91.206.37.14 - - [10/Jun/2025:14:00:01 +0200] "GET /Jurek/eurofirany/images/470284/2.jpg HTTP/2.0" 200 56638 "-" "EmagContentMedia/1.0.0"
91.206.37.14 - - [10/Jun/2025:14:00:02 +0200] "GET /Jurek/eurofirany/images/470284/3.jpg HTTP/2.0" 200 196049 "-" "EmagContentMedia/1.0.0"
91.206.37.14 - - [10/Jun/2025:14:00:04 +0200] "GET /Jurek/eurofirany/images/470285/0.jpg HTTP/2.0" 200 37681 "-" "EmagContentMedia/1.0.0"
91.206.37.14 - - [10/Jun/2025:14:00:05 +0200] "GET /Jurek/eurofirany/images/470285/1.jpg HTTP/2.0" 200 45608 "-" "EmagContentMedia/1.0.0"
91.206.37.14 - - [10/Jun/2025:14:00:05 +0200] "GET /Jurek/eurofirany/images/470286/0.jpg HTTP/2.0" 200 31569 "-" "EmagContentMedia/1.0.0"
91.206.37.14 - - [10/Jun/2025:14:00:05 +0200] "GET /Jurek/eurofirany/images/470286/1.jpg HTTP/2.0" 200 44901 "-" "EmagContentMedia/1.0.0"
91.206.37.14 - - [10/Jun/2025:14:00:05 +0200] "GET /Jurek/eurofirany/images/470285/2.jpg HTTP/2.0" 200 221574 "-" "EmagContentMedia/1.0.0"
91.206.37.14 - - [10/Jun/2025:14:00:06 +0200] "GET /Jurek/eurofirany/images/470286/2.jpg HTTP/2.0" 200 221574 "-" "EmagContentMedia/1.0.0"
35.204.39.32 - - [10/Jun/2025:14:00:14 +0200] "GET /marketplaces/carrefour_fr/results/carrefour_fr.csv HTTP/1.1" 200 5091600 "-" "Mirakl HttpClient"
85.14.86.141 - - [10/Jun/2025:14:00:24 +0200] "GET /Jurek/vida_morele/feeds/VidaPL_all.xml HTTP/2.0" 200 861000161 "-" "MarketplaceAPI curl/7.74.0 PHP/8"
91.206.37.14 - - [10/Jun/2025:14:00:38 +0200] "GET /Jurek/eurofirany/images/470288/0.jpg HTTP/2.0" 200 51760 "-" "EmagContentMedia/1.0.0"
91.206.37.14 - - [10/Jun/2025:14:00:39 +0200] "GET /Jurek/eurofirany/images/470288/1.jpg HTTP/2.0" 200 187133 "-" "EmagContentMedia/1.0.0"
91.206.37.14 - - [10/Jun/2025:14:00:39 +0200] "GET /Jurek/eurofirany/images/470288/2.jpg HTTP/2.0" 200 95343 "-" "EmagContentMedia/1.0.0"
91.206.37.14 - - [10/Jun/2025:14:00:40 +0200] "GET /Jurek/eurofirany/images/470288/3.jpg HTTP/2.0" 200 244867 "-" "EmagContentMedia/1.0.0"
91.206.37.14 - - [10/Jun/2025:14:00:40 +0200] "GET /Jurek/eurofirany/images/470287/0.jpg HTTP/2.0" 200 36280 "-" "EmagContentMedia/1.0.0"
91.206.37.14 - - [10/Jun/2025:14:00:40 +0200] "GET /Jurek/eurofirany/images/470287/1.jpg HTTP/2.0" 200 46520 "-" "EmagContentMedia/1.0.0"
91.206.37.14 - - [10/Jun/2025:14:00:41 +0200] "GET /Jurek/eurofirany/images/470287/2.jpg HTTP/2.0" 200 221574 "-" "EmagContentMedia/1.0.0"
91.206.37.14 - - [10/Jun/2025:14:00:44 +0200] "GET /Jurek/eurofirany/images/470289/0.jpg HTTP/2.0" 200 70550 "-" "EmagContentMedia/1.0.0"
91.206.37.14 - - [10/Jun/2025:14:00:45 +0200] "GET /Jurek/eurofirany/images/470289/1.jpg HTTP/2.0" 200 216549 "-" "EmagContentMedia/1.0.0"
52.18.22.0 - - [10/Jun/2025:14:00:45 +0200] "GET /marketplaces/ubaldi/results/ubaldi.csv HTTP/1.1" 200 147219 "-" "Mirakl HttpClient"
91.206.37.14 - - [10/Jun/2025:14:00:45 +0200] "GET /Jurek/eurofirany/images/470289/2.jpg HTTP/2.0" 200 134187 "-" "EmagContentMedia/1.0.0"
91.206.37.14 - - [10/Jun/2025:14:00:46 +0200] "GET /Jurek/eurofirany/images/470289/3.jpg HTTP/2.0" 200 244867 "-" "EmagContentMedia/1.0.0"
91.206.37.14 - - [10/Jun/2025:14:00:52 +0200] "GET /Jurek/eurofirany/images/470291/0.jpg HTTP/2.0" 200 49970 "-" "EmagContentMedia/1.0.0"
91.206.37.14 - - [10/Jun/2025:14:00:53 +0200] "GET /Jurek/eurofirany/images/470291/1.jpg HTTP/2.0" 200 79580 "-" "EmagContentMedia/1.0.0"
91.206.37.14 - - [10/Jun/2025:14:00:53 +0200] "GET /Jurek/eurofirany/images/470291/2.jpg HTTP/2.0" 200 210457 "-" "EmagContentMedia/1.0.0"
91.206.37.14 - - [10/Jun/2025:14:00:54 +0200] "GET /Jurek/eurofirany/images/470291/3.jpg HTTP/2.0" 200 221070 "-" "EmagContentMedia/1.0.0"
91.206.37.14 - - [10/Jun/2025:14:01:04 +0200] "GET /Jurek/eurofirany/images/470290/0.jpg HTTP/2.0" 200 75029 "-" "EmagContentMedia/1.0.0"
91.206.37.14 - - [10/Jun/2025:14:01:04 +0200] "GET /Jurek/eurofirany/images/470290/1.jpg HTTP/2.0" 200 197802 "-" "EmagContentMedia/1.0.0"
91.206.37.14 - - [10/Jun/2025:14:01:05 +0200] "GET /Jurek/eurofirany/images/470290/2.jpg HTTP/2.0" 200 130551 "-" "EmagContentMedia/1.0.0"
91.206.37.14 - - [10/Jun/2025:14:01:06 +0200] "GET /Jurek/eurofirany/images/470290/3.jpg HTTP/2.0" 200 244867 "-" "EmagContentMedia/1.0.0"
91.206.37.14 - - [10/Jun/2025:14:01:23 +0200] "GET /Jurek/eurofirany/images/470292/0.jpg HTTP/2.0" 200 60404 "-" "EmagContentMedia/1.0.0"
91.206.37.14 - - [10/Jun/2025:14:01:24 +0200] "GET /Jurek/eurofirany/images/470292/1.jpg HTTP/2.0" 200 95029 "-" "EmagContentMedia/1.0.0"
91.206.37.14 - - [10/Jun/2025:14:01:24 +0200] "GET /Jurek/eurofirany/images/470292/2.jpg HTTP/2.0" 200 210457 "-" "EmagContentMedia/1.0.0"
91.206.37.14 - - [10/Jun/2025:14:01:25 +0200] "GET /Jurek/eurofirany/images/470292/3.jpg HTTP/2.0" 200 221070 "-" "EmagContentMedia/1.0.0"
91.206.37.14 - - [10/Jun/2025:14:01:27 +0200] "GET /Jurek/eurofirany/images/470293/0.jpg HTTP/2.0" 200 49646 "-" "EmagContentMedia/1.0.0"
91.206.37.14 - - [10/Jun/2025:14:01:28 +0200] "GET /Jurek/eurofirany/images/470293/1.jpg HTTP/2.0" 200 91145 "-" "EmagContentMedia/1.0.0"
91.206.37.14 - - [10/Jun/2025:14:01:28 +0200] "GET /Jurek/eurofirany/images/470293/2.jpg HTTP/2.0" 200 210457 "-" "EmagContentMedia/1.0.0"
91.206.37.14 - - [10/Jun/2025:14:01:28 +0200] "GET /Jurek/eurofirany/images/470293/3.jpg HTTP/2.0" 200 221070 "-" "EmagContentMedia/1.0.0"
35.204.39.32 - - [10/Jun/2025:14:01:32 +0200] "GET /marketplaces/vente/results/vente_nl.csv HTTP/1.1" 200 147219 "-" "Mirakl HttpClient"
35.204.39.32 - - [10/Jun/2025:14:01:32 +0200] "GET /marketplaces/vente/results/vente_fr.csv HTTP/1.1" 200 163603 "-" "Mirakl HttpClient"
35.204.39.32 - - [10/Jun/2025:14:01:32 +0200] "GET /marketplaces/vente/results/vente_be.csv HTTP/1.1" 200 163603 "-" "Mirakl HttpClient"
35.204.39.32 - - [10/Jun/2025:14:01:32 +0200] "GET /marketplaces/vente/results/vente_it.csv HTTP/1.1" 200 147219 "-" "Mirakl HttpClient"
35.204.39.32 - - [10/Jun/2025:14:01:33 +0200] "GET /marketplaces/vente/results/vente_es.csv HTTP/1.1" 200 147219 "-" "Mirakl HttpClient"
35.204.39.32 - - [10/Jun/2025:14:01:33 +0200] "GET /marketplaces/vente/results/vente_de.csv HTTP/1.1" 200 163603 "-" "Mirakl HttpClient"
46.101.116.244 - - [10/Jun/2025:14:01:47 +0200] "GET /Jurek/hurtmeblowy/feeds/hurtmeblowy_ebay.xml HTTP/1.0" 200 5879261 "-" "-"
66.135.223.44 - - [10/Jun/2025:14:02:04 +0200] "GET /Jurek/topeshop/downloaded_images/5902838464199_20_st_open.jpg HTTP/1.1" 200 39409 "http://www.ebay.com/" "Mozilla/5.0 (Windows NT 10.0; Win64; x64) AppleWebKit/537.36 (KHTML, like Gecko) Chrome/123.0.0.0 Safari/537.36"
66.135.223.42 - - [10/Jun/2025:14:02:04 +0200] "GET /Jurek/topeshop/downloaded_images/5902838464199_20_st.jpg HTTP/1.1" 200 38673 "http://www.ebay.com/" "Mozilla/5.0 (Windows NT 10.0; Win64; x64) AppleWebKit/537.36 (KHTML, like Gecko) Chrome/123.0.0.0 Safari/537.36"
66.135.223.43 - - [10/Jun/2025:14:02:04 +0200] "GET /Jurek/topeshop/downloaded_images/5902838464199_Opal_garderoba_biel.jpg HTTP/1.1" 404 3551 "http://www.ebay.com/" "Mozilla/5.0 (Windows NT 10.0; Win64; x64) AppleWebKit/537.36 (KHTML, like Gecko) Chrome/123.0.0.0 Safari/537.36"
66.135.223.42 - - [10/Jun/2025:14:02:04 +0200] "GET /Jurek/topeshop/downloaded_images/5902838464199_front_close.jpg HTTP/1.1" 200 38102 "http://www.ebay.com/" "Mozilla/5.0 (Windows NT 10.0; Win64; x64) AppleWebKit/537.36 (KHTML, like Gecko) Chrome/123.0.0.0 Safari/537.36"
66.135.223.42 - - [10/Jun/2025:14:02:04 +0200] "GET /Jurek/topeshop/downloaded_images/5902838464199_front_open.jpg HTTP/1.1" 200 36785 "http://www.ebay.com/" "Mozilla/5.0 (Windows NT 10.0; Win64; x64) AppleWebKit/537.36 (KHTML, like Gecko) Chrome/123.0.0.0 Safari/537.36"
66.135.223.41 - - [10/Jun/2025:14:02:04 +0200] "GET /Jurek/topeshop/downloaded_images/5902838464199_wymiary_close_Obszar_roboczy_1.jpg HTTP/1.1" 200 55967 "http://www.ebay.com/" "Mozilla/5.0 (Windows NT 10.0; Win64; x64) AppleWebKit/537.36 (KHTML, like Gecko) Chrome/123.0.0.0 Safari/537.36"
66.135.223.42 - - [10/Jun/2025:14:02:04 +0200] "GET /Jurek/topeshop/downloaded_images/5902838464199_biel.jpg HTTP/1.1" 200 102373 "http://www.ebay.com/" "Mozilla/5.0 (Windows NT 10.0; Win64; x64) AppleWebKit/537.36 (KHTML, like Gecko) Chrome/123.0.0.0 Safari/537.36"
66.135.223.43 - - [10/Jun/2025:14:02:04 +0200] "GET /Jurek/topeshop/downloaded_images/5902838464199_wymiary_open_Obszar_roboczy_1.jpg HTTP/1.1" 200 44046 "http://www.ebay.com/" "Mozilla/5.0 (Windows NT 10.0; Win64; x64) AppleWebKit/537.36 (KHTML, like Gecko) Chrome/123.0.0.0 Safari/537.36"
52.17.80.36 - - [10/Jun/2025:14:02:05 +0200] "GET /marketplaces/rue/results/rue.csv HTTP/1.1" 200 147219 "-" "Mirakl HttpClient"
193.33.8.61 - - [10/Jun/2025:14:03:52 +0200] "GET /Jurek/topeshop/feeds/topeshop_carrefourES.xml HTTP/2.0" 200 3053993 "https://konsola.dkkapusta1997.usermd.net/" "Mozilla/5.0 (Windows NT 10.0; Win64; x64) AppleWebKit/537.36 (KHTML, like Gecko) Chrome/137.0.0.0 Safari/537.36"
85.14.86.141 - - [10/Jun/2025:14:04:08 +0200] "GET /Jurek/kinghoff/feeds/kinghoff_morele.xml HTTP/2.0" 200 15679032 "-" "MarketplaceAPI curl/7.74.0 PHP/8"
89.161.206.59 - - [10/Jun/2025:14:04:11 +0200] "GET /Jurek/hurtownia_przemyslowa/feeds/hp_allegro_cz.xml HTTP/1.0" 200 49356163 "-" "-"
193.33.8.61 - - [10/Jun/2025:14:04:12 +0200] "GET /Jurek/topeshop/feeds/topeshop_zero.xml HTTP/2.0" 200 3054222 "https://konsola.dkkapusta1997.usermd.net/" "Mozilla/5.0 (Windows NT 10.0; Win64; x64) AppleWebKit/537.36 (KHTML, like Gecko) Chrome/137.0.0.0 Safari/537.36"
89.161.206.59 - - [10/Jun/2025:14:04:33 +0200] "GET /Jurek/sempler/feeds/sempler_allegro.xml HTTP/1.0" 200 6788393 "-" "-"
89.161.206.59 - - [10/Jun/2025:14:04:33 +0200] "GET /Jurek/narzbud/feeds/narzbud_allegro.xml HTTP/1.0" 200 1901317 "-" "-"
89.161.206.59 - - [10/Jun/2025:14:04:34 +0200] "GET /Jurek/urwiskowo/feeds/urwiskowo_allegro.xml HTTP/1.0" 200 9115581 "-" "-"
91.206.37.14 - - [10/Jun/2025:14:04:43 +0200] "GET /Jurek/eurofirany/images/472130/0.jpg HTTP/2.0" 200 98128 "-" "EmagContentMedia/1.0.0"
91.206.37.14 - - [10/Jun/2025:14:04:43 +0200] "GET /Jurek/eurofirany/images/472130/1.jpg HTTP/2.0" 200 55008 "-" "EmagContentMedia/1.0.0"
91.206.37.14 - - [10/Jun/2025:14:04:44 +0200] "GET /Jurek/eurofirany/images/472130/2.jpg HTTP/2.0" 200 187033 "-" "EmagContentMedia/1.0.0"
91.206.37.14 - - [10/Jun/2025:14:04:44 +0200] "GET /Jurek/eurofirany/images/472130/3.jpg HTTP/2.0" 200 131685 "-" "EmagContentMedia/1.0.0"
91.206.37.14 - - [10/Jun/2025:14:04:45 +0200] "GET /Jurek/eurofirany/images/472130/4.jpg HTTP/2.0" 200 93861 "-" "EmagContentMedia/1.0.0"
52.209.168.113 - - [10/Jun/2025:14:04:58 +0200] "GET /marketplaces/carrefour/results/carrefour.csv HTTP/1.1" 200 4318366 "-" "Mirakl HttpClient"
91.206.37.14 - - [10/Jun/2025:14:06:02 +0200] "GET /Jurek/eurofirany/images/474314/0.jpg HTTP/2.0" 200 90258 "-" "EmagContentMedia/1.0.0"
91.206.37.14 - - [10/Jun/2025:14:06:02 +0200] "GET /Jurek/eurofirany/images/474314/1.jpg HTTP/2.0" 200 53919 "-" "EmagContentMedia/1.0.0"
91.206.37.14 - - [10/Jun/2025:14:06:02 +0200] "GET /Jurek/eurofirany/images/474314/2.jpg HTTP/2.0" 200 148163 "-" "EmagContentMedia/1.0.0"
91.206.37.14 - - [10/Jun/2025:14:06:03 +0200] "GET /Jurek/eurofirany/images/474314/3.jpg HTTP/2.0" 200 118534 "-" "EmagContentMedia/1.0.0"
91.206.37.14 - - [10/Jun/2025:14:06:03 +0200] "GET /Jurek/eurofirany/images/474314/4.jpg HTTP/2.0" 200 80441 "-" "EmagContentMedia/1.0.0"
91.206.37.14 - - [10/Jun/2025:14:06:44 +0200] "GET /Jurek/eurofirany/images/474317/0.jpg HTTP/2.0" 200 96605 "-" "EmagContentMedia/1.0.0"
91.206.37.14 - - [10/Jun/2025:14:06:45 +0200] "GET /Jurek/eurofirany/images/474317/1.jpg HTTP/2.0" 200 53168 "-" "EmagContentMedia/1.0.0"
91.206.37.14 - - [10/Jun/2025:14:06:45 +0200] "GET /Jurek/eurofirany/images/474317/2.jpg HTTP/2.0" 200 165420 "-" "EmagContentMedia/1.0.0"
91.206.37.14 - - [10/Jun/2025:14:06:46 +0200] "GET /Jurek/eurofirany/images/474317/3.jpg HTTP/2.0" 200 127233 "-" "EmagContentMedia/1.0.0"
91.206.37.14 - - [10/Jun/2025:14:06:47 +0200] "GET /Jurek/eurofirany/images/474317/4.jpg HTTP/2.0" 200 94594 "-" "EmagContentMedia/1.0.0"
85.14.86.141 - - [10/Jun/2025:14:06:53 +0200] "GET /Jurek/eurofirany/feeds/eurofirany_morele.xml HTTP/2.0" 200 18640461 "-" "MarketplaceAPI curl/7.74.0 PHP/8"
91.206.37.14 - - [10/Jun/2025:14:07:03 +0200] "GET /Jurek/eurofirany/images/474320/0.jpg HTTP/2.0" 200 79414 "-" "EmagContentMedia/1.0.0"
91.206.37.14 - - [10/Jun/2025:14:07:03 +0200] "GET /Jurek/eurofirany/images/474320/1.jpg HTTP/2.0" 200 37441 "-" "EmagContentMedia/1.0.0"
91.206.37.14 - - [10/Jun/2025:14:07:04 +0200] "GET /Jurek/eurofirany/images/474320/2.jpg HTTP/2.0" 200 122361 "-" "EmagContentMedia/1.0.0"
91.206.37.14 - - [10/Jun/2025:14:07:05 +0200] "GET /Jurek/eurofirany/images/474320/3.jpg HTTP/2.0" 200 98972 "-" "EmagContentMedia/1.0.0"
91.206.37.14 - - [10/Jun/2025:14:07:05 +0200] "GET /Jurek/eurofirany/images/474320/4.jpg HTTP/2.0" 200 87416 "-" "EmagContentMedia/1.0.0"
85.14.86.141 - - [10/Jun/2025:14:07:12 +0200] "GET /Jurek/vivaldi/feeds/vivaldi_Morele-PL.xml HTTP/2.0" 200 344674 "-" "MarketplaceAPI curl/7.74.0 PHP/8"
91.206.37.14 - - [10/Jun/2025:14:07:15 +0200] "GET /Jurek/eurofirany/images/474323/0.jpg HTTP/2.0" 200 72108 "-" "EmagContentMedia/1.0.0"
91.206.37.14 - - [10/Jun/2025:14:07:16 +0200] "GET /Jurek/eurofirany/images/474323/1.jpg HTTP/2.0" 200 36696 "-" "EmagContentMedia/1.0.0"
91.206.37.14 - - [10/Jun/2025:14:07:16 +0200] "GET /Jurek/eurofirany/images/474323/2.jpg HTTP/2.0" 200 55510 "-" "EmagContentMedia/1.0.0"
91.206.37.14 - - [10/Jun/2025:14:07:17 +0200] "GET /Jurek/eurofirany/images/474323/3.jpg HTTP/2.0" 200 56502 "-" "EmagContentMedia/1.0.0"
91.206.37.14 - - [10/Jun/2025:14:07:17 +0200] "GET /Jurek/eurofirany/images/474323/4.jpg HTTP/2.0" 200 54629 "-" "EmagContentMedia/1.0.0"
193.33.8.61 - - [10/Jun/2025:14:07:28 +0200] "GET /Jurek/topeshop/feeds/topeshop_carrefourES.xml HTTP/2.0" 304 0 "https://konsola.dkkapusta1997.usermd.net/" "Mozilla/5.0 (Windows NT 10.0; Win64; x64) AppleWebKit/537.36 (KHTML, like Gecko) Chrome/137.0.0.0 Safari/537.36"
193.33.8.61 - - [10/Jun/2025:14:07:34 +0200] "GET /Jurek/topeshop/feeds/topeshop_carrefourES.xml HTTP/2.0" 200 3053993 "https://konsola.dkkapusta1997.usermd.net/" "Mozilla/5.0 (Windows NT 10.0; Win64; x64) AppleWebKit/537.36 (KHTML, like Gecko) Chrome/137.0.0.0 Safari/537.36"
193.33.8.61 - - [10/Jun/2025:14:07:37 +0200] "GET /favicon.ico HTTP/2.0" 404 3551 "https://dkkapusta1997.usermd.net/Jurek/topeshop/feeds/topeshop_carrefourES.xml" "Mozilla/5.0 (Windows NT 10.0; Win64; x64) AppleWebKit/537.36 (KHTML, like Gecko) Chrome/137.0.0.0 Safari/537.36"
91.206.37.14 - - [10/Jun/2025:14:08:03 +0200] "GET /Jurek/eurofirany/images/474336/0.jpg HTTP/2.0" 200 41916 "-" "EmagContentMedia/1.0.0"
91.206.37.14 - - [10/Jun/2025:14:08:08 +0200] "GET /Jurek/eurofirany/images/474326/0.jpg HTTP/2.0" 200 37208 "-" "EmagContentMedia/1.0.0"
193.33.8.61 - - [10/Jun/2025:14:08:13 +0200] "GET /Jurek/topeshop/feeds/topeshop_emagsm.xml HTTP/2.0" 200 2337724 "https://konsola.dkkapusta1997.usermd.net/" "Mozilla/5.0 (Windows NT 10.0; Win64; x64) AppleWebKit/537.36 (KHTML, like Gecko) Chrome/137.0.0.0 Safari/537.36"
91.206.37.14 - - [10/Jun/2025:14:08:27 +0200] "GET /Jurek/eurofirany/images/474337/0.jpg HTTP/2.0" 200 60340 "-" "EmagContentMedia/1.0.0"
85.14.86.141 - - [10/Jun/2025:14:08:38 +0200] "GET /Jurek/vida_morele/feeds/VidaPL_morele.xml HTTP/2.0" 200 861001728 "-" "MarketplaceAPI curl/7.74.0 PHP/8"
91.206.37.14 - - [10/Jun/2025:14:08:43 +0200] "GET /Jurek/eurofirany/images/474338/0.jpg HTTP/2.0" 200 57843 "-" "EmagContentMedia/1.0.0"
85.14.86.141 - - [10/Jun/2025:14:09:12 +0200] "GET /Jurek/aw/feeds/awnarzedzia_morele.xml HTTP/2.0" 200 90788959 "-" "MarketplaceAPI curl/7.74.0 PHP/8"
91.206.37.14 - - [10/Jun/2025:14:09:14 +0200] "GET /Jurek/eurofirany/images/448516/0.jpg HTTP/2.0" 200 170304 "-" "EmagContentMedia/1.0.0"
91.206.37.14 - - [10/Jun/2025:14:09:14 +0200] "GET /Jurek/eurofirany/images/448516/1.jpg HTTP/2.0" 200 206938 "-" "EmagContentMedia/1.0.0"
91.206.37.14 - - [10/Jun/2025:14:09:15 +0200] "GET /Jurek/eurofirany/images/448516/2.jpg HTTP/2.0" 200 104103 "-" "EmagContentMedia/1.0.0"
185.6.76.18 - - [10/Jun/2025:14:09:15 +0200] "GET /marketplaces/skroutz/feeds/shumee.xml HTTP/1.1" 200 411592094 "-" "SkroutzBot v1.0"
91.206.37.14 - - [10/Jun/2025:14:09:16 +0200] "GET /Jurek/eurofirany/images/448516/3.jpg HTTP/2.0" 200 188691 "-" "EmagContentMedia/1.0.0"
91.206.37.14 - - [10/Jun/2025:14:09:16 +0200] "GET /Jurek/eurofirany/images/448516/4.jpg HTTP/2.0" 200 257412 "-" "EmagContentMedia/1.0.0"
91.206.37.14 - - [10/Jun/2025:14:09:17 +0200] "GET /Jurek/eurofirany/images/448516/5.jpg HTTP/2.0" 200 210111 "-" "EmagContentMedia/1.0.0"
91.206.37.14 - - [10/Jun/2025:14:09:17 +0200] "GET /Jurek/eurofirany/images/448516/6.jpg HTTP/2.0" 200 269186 "-" "EmagContentMedia/1.0.0"
91.206.37.14 - - [10/Jun/2025:14:09:17 +0200] "GET /Jurek/eurofirany/images/448516/7.jpg HTTP/2.0" 200 140496 "-" "EmagContentMedia/1.0.0"
91.206.37.14 - - [10/Jun/2025:14:09:18 +0200] "GET /Jurek/eurofirany/images/448516/8.jpg HTTP/2.0" 200 151295 "-" "EmagContentMedia/1.0.0"
91.206.37.14 - - [10/Jun/2025:14:09:19 +0200] "GET /Jurek/eurofirany/images/448516/9.jpg HTTP/2.0" 200 279257 "-" "EmagContentMedia/1.0.0"
91.206.37.14 - - [10/Jun/2025:14:09:21 +0200] "GET /Jurek/eurofirany/images/474339/0.jpg HTTP/2.0" 200 61091 "-" "EmagContentMedia/1.0.0"
91.206.37.14 - - [10/Jun/2025:14:09:26 +0200] "GET /Jurek/eurofirany/images/468637/0.jpg HTTP/2.0" 200 82347 "-" "EmagContentMedia/1.0.0"
91.206.37.14 - - [10/Jun/2025:14:09:26 +0200] "GET /Jurek/eurofirany/images/468637/1.jpg HTTP/2.0" 200 54660 "-" "EmagContentMedia/1.0.0"
91.206.37.14 - - [10/Jun/2025:14:09:27 +0200] "GET /Jurek/eurofirany/images/468637/2.jpg HTTP/2.0" 200 77478 "-" "EmagContentMedia/1.0.0"
91.206.37.14 - - [10/Jun/2025:14:09:27 +0200] "GET /Jurek/eurofirany/images/468637/3.jpg HTTP/2.0" 200 56233 "-" "EmagContentMedia/1.0.0"
91.206.37.14 - - [10/Jun/2025:14:09:28 +0200] "GET /Jurek/eurofirany/images/468637/4.jpg HTTP/2.0" 200 87329 "-" "EmagContentMedia/1.0.0"
91.206.37.14 - - [10/Jun/2025:14:09:28 +0200] "GET /Jurek/eurofirany/images/468637/5.jpg HTTP/2.0" 200 87336 "-" "EmagContentMedia/1.0.0"
91.206.37.14 - - [10/Jun/2025:14:09:28 +0200] "GET /Jurek/eurofirany/images/468637/6.jpg HTTP/2.0" 200 79851 "-" "EmagContentMedia/1.0.0"
91.206.37.14 - - [10/Jun/2025:14:09:35 +0200] "GET /Jurek/eurofirany/images/468638/0.jpg HTTP/2.0" 200 82347 "-" "EmagContentMedia/1.0.0"
91.206.37.14 - - [10/Jun/2025:14:09:35 +0200] "GET /Jurek/eurofirany/images/468638/1.jpg HTTP/2.0" 200 54660 "-" "EmagContentMedia/1.0.0"
91.206.37.14 - - [10/Jun/2025:14:09:36 +0200] "GET /Jurek/eurofirany/images/468638/2.jpg HTTP/2.0" 200 77478 "-" "EmagContentMedia/1.0.0"
91.206.37.14 - - [10/Jun/2025:14:09:36 +0200] "GET /Jurek/eurofirany/images/468638/3.jpg HTTP/2.0" 200 56233 "-" "EmagContentMedia/1.0.0"
91.206.37.14 - - [10/Jun/2025:14:09:36 +0200] "GET /Jurek/eurofirany/images/468638/4.jpg HTTP/2.0" 200 87329 "-" "EmagContentMedia/1.0.0"
91.206.37.14 - - [10/Jun/2025:14:09:36 +0200] "GET /Jurek/eurofirany/images/468638/5.jpg HTTP/2.0" 200 87336 "-" "EmagContentMedia/1.0.0"
91.206.37.14 - - [10/Jun/2025:14:09:37 +0200] "GET /Jurek/eurofirany/images/468638/6.jpg HTTP/2.0" 200 79851 "-" "EmagContentMedia/1.0.0"
91.206.37.14 - - [10/Jun/2025:14:09:41 +0200] "GET /Jurek/eurofirany/images/468639/0.jpg HTTP/2.0" 200 82347 "-" "EmagContentMedia/1.0.0"
91.206.37.14 - - [10/Jun/2025:14:09:41 +0200] "GET /Jurek/eurofirany/images/468639/1.jpg HTTP/2.0" 200 54660 "-" "EmagContentMedia/1.0.0"
91.206.37.14 - - [10/Jun/2025:14:09:41 +0200] "GET /Jurek/eurofirany/images/468639/2.jpg HTTP/2.0" 200 77478 "-" "EmagContentMedia/1.0.0"
91.206.37.14 - - [10/Jun/2025:14:09:41 +0200] "GET /Jurek/eurofirany/images/468639/3.jpg HTTP/2.0" 200 56233 "-" "EmagContentMedia/1.0.0"
91.206.37.14 - - [10/Jun/2025:14:09:42 +0200] "GET /Jurek/eurofirany/images/468639/4.jpg HTTP/2.0" 200 87329 "-" "EmagContentMedia/1.0.0"
91.206.37.14 - - [10/Jun/2025:14:09:42 +0200] "GET /Jurek/eurofirany/images/468639/5.jpg HTTP/2.0" 200 87336 "-" "EmagContentMedia/1.0.0"
91.206.37.14 - - [10/Jun/2025:14:09:42 +0200] "GET /Jurek/eurofirany/images/468639/6.jpg HTTP/2.0" 200 79851 "-" "EmagContentMedia/1.0.0"
91.206.37.14 - - [10/Jun/2025:14:09:43 +0200] "GET /Jurek/eurofirany/images/468640/0.jpg HTTP/2.0" 200 128162 "-" "EmagContentMedia/1.0.0"
91.206.37.14 - - [10/Jun/2025:14:09:44 +0200] "GET /Jurek/eurofirany/images/468640/1.jpg HTTP/2.0" 200 71354 "-" "EmagContentMedia/1.0.0"
91.206.37.14 - - [10/Jun/2025:14:09:44 +0200] "GET /Jurek/eurofirany/images/468640/2.jpg HTTP/2.0" 200 95640 "-" "EmagContentMedia/1.0.0"
91.206.37.14 - - [10/Jun/2025:14:09:44 +0200] "GET /Jurek/eurofirany/images/468640/3.jpg HTTP/2.0" 200 70216 "-" "EmagContentMedia/1.0.0"
91.206.37.14 - - [10/Jun/2025:14:09:45 +0200] "GET /Jurek/eurofirany/images/468640/4.jpg HTTP/2.0" 200 116949 "-" "EmagContentMedia/1.0.0"
91.206.37.14 - - [10/Jun/2025:14:09:45 +0200] "GET /Jurek/eurofirany/images/468641/0.jpg HTTP/2.0" 200 128162 "-" "EmagContentMedia/1.0.0"
91.206.37.14 - - [10/Jun/2025:14:09:45 +0200] "GET /Jurek/eurofirany/images/468640/5.jpg HTTP/2.0" 200 81761 "-" "EmagContentMedia/1.0.0"
91.206.37.14 - - [10/Jun/2025:14:09:45 +0200] "GET /Jurek/eurofirany/images/468641/1.jpg HTTP/2.0" 200 71354 "-" "EmagContentMedia/1.0.0"
91.206.37.14 - - [10/Jun/2025:14:09:45 +0200] "GET /Jurek/eurofirany/images/468640/6.jpg HTTP/2.0" 200 78553 "-" "EmagContentMedia/1.0.0"
91.206.37.14 - - [10/Jun/2025:14:09:46 +0200] "GET /Jurek/eurofirany/images/468641/2.jpg HTTP/2.0" 200 95640 "-" "EmagContentMedia/1.0.0"
91.206.37.14 - - [10/Jun/2025:14:09:46 +0200] "GET /Jurek/eurofirany/images/468642/0.jpg HTTP/2.0" 200 128162 "-" "EmagContentMedia/1.0.0"
91.206.37.14 - - [10/Jun/2025:14:09:46 +0200] "GET /Jurek/eurofirany/images/468641/3.jpg HTTP/2.0" 200 70216 "-" "EmagContentMedia/1.0.0"
91.206.37.14 - - [10/Jun/2025:14:09:46 +0200] "GET /Jurek/eurofirany/images/468642/1.jpg HTTP/2.0" 200 71354 "-" "EmagContentMedia/1.0.0"
91.206.37.14 - - [10/Jun/2025:14:09:46 +0200] "GET /Jurek/eurofirany/images/468641/4.jpg HTTP/2.0" 200 116949 "-" "EmagContentMedia/1.0.0"
91.206.37.14 - - [10/Jun/2025:14:09:46 +0200] "GET /Jurek/eurofirany/images/468642/2.jpg HTTP/2.0" 200 95640 "-" "EmagContentMedia/1.0.0"
91.206.37.14 - - [10/Jun/2025:14:09:46 +0200] "GET /Jurek/eurofirany/images/468642/3.jpg HTTP/2.0" 200 70216 "-" "EmagContentMedia/1.0.0"
91.206.37.14 - - [10/Jun/2025:14:09:46 +0200] "GET /Jurek/eurofirany/images/468641/5.jpg HTTP/2.0" 200 81761 "-" "EmagContentMedia/1.0.0"
91.206.37.14 - - [10/Jun/2025:14:09:46 +0200] "GET /Jurek/eurofirany/images/468642/4.jpg HTTP/2.0" 200 116949 "-" "EmagContentMedia/1.0.0"
91.206.37.14 - - [10/Jun/2025:14:09:47 +0200] "GET /Jurek/eurofirany/images/468641/6.jpg HTTP/2.0" 200 78553 "-" "EmagContentMedia/1.0.0"
91.206.37.14 - - [10/Jun/2025:14:09:47 +0200] "GET /Jurek/eurofirany/images/468643/0.jpg HTTP/2.0" 200 134422 "-" "EmagContentMedia/1.0.0"
91.206.37.14 - - [10/Jun/2025:14:09:47 +0200] "GET /Jurek/eurofirany/images/468642/5.jpg HTTP/2.0" 200 81761 "-" "EmagContentMedia/1.0.0"
91.206.37.14 - - [10/Jun/2025:14:09:47 +0200] "GET /Jurek/eurofirany/images/468642/6.jpg HTTP/2.0" 200 78553 "-" "EmagContentMedia/1.0.0"
91.206.37.14 - - [10/Jun/2025:14:09:47 +0200] "GET /Jurek/eurofirany/images/468643/1.jpg HTTP/2.0" 200 64397 "-" "EmagContentMedia/1.0.0"
91.206.37.14 - - [10/Jun/2025:14:09:47 +0200] "GET /Jurek/eurofirany/images/468643/2.jpg HTTP/2.0" 200 92093 "-" "EmagContentMedia/1.0.0"
91.206.37.14 - - [10/Jun/2025:14:09:48 +0200] "GET /Jurek/eurofirany/images/468643/3.jpg HTTP/2.0" 200 69446 "-" "EmagContentMedia/1.0.0"
91.206.37.14 - - [10/Jun/2025:14:09:48 +0200] "GET /Jurek/eurofirany/images/468644/0.jpg HTTP/2.0" 200 134422 "-" "EmagContentMedia/1.0.0"
91.206.37.14 - - [10/Jun/2025:14:09:48 +0200] "GET /Jurek/eurofirany/images/468643/4.jpg HTTP/2.0" 200 92544 "-" "EmagContentMedia/1.0.0"
91.206.37.14 - - [10/Jun/2025:14:09:48 +0200] "GET /Jurek/eurofirany/images/468644/1.jpg HTTP/2.0" 200 64397 "-" "EmagContentMedia/1.0.0"
91.206.37.14 - - [10/Jun/2025:14:09:49 +0200] "GET /Jurek/eurofirany/images/468643/5.jpg HTTP/2.0" 200 90900 "-" "EmagContentMedia/1.0.0"
91.206.37.14 - - [10/Jun/2025:14:09:49 +0200] "GET /Jurek/eurofirany/images/468644/2.jpg HTTP/2.0" 200 92093 "-" "EmagContentMedia/1.0.0"
91.206.37.14 - - [10/Jun/2025:14:09:49 +0200] "GET /Jurek/eurofirany/images/468644/3.jpg HTTP/2.0" 200 69446 "-" "EmagContentMedia/1.0.0"
91.206.37.14 - - [10/Jun/2025:14:09:49 +0200] "GET /Jurek/eurofirany/images/468646/0.jpg HTTP/2.0" 200 134422 "-" "EmagContentMedia/1.0.0"
91.206.37.14 - - [10/Jun/2025:14:09:49 +0200] "GET /Jurek/eurofirany/images/468644/4.jpg HTTP/2.0" 200 92544 "-" "EmagContentMedia/1.0.0"
91.206.37.14 - - [10/Jun/2025:14:09:49 +0200] "GET /Jurek/eurofirany/images/468643/6.jpg HTTP/2.0" 200 82285 "-" "EmagContentMedia/1.0.0"
91.206.37.14 - - [10/Jun/2025:14:09:49 +0200] "GET /Jurek/eurofirany/images/468646/1.jpg HTTP/2.0" 200 64397 "-" "EmagContentMedia/1.0.0"
91.206.37.14 - - [10/Jun/2025:14:09:49 +0200] "GET /Jurek/eurofirany/images/468644/5.jpg HTTP/2.0" 200 90900 "-" "EmagContentMedia/1.0.0"
91.206.37.14 - - [10/Jun/2025:14:09:49 +0200] "GET /Jurek/eurofirany/images/468646/2.jpg HTTP/2.0" 200 92093 "-" "EmagContentMedia/1.0.0"
91.206.37.14 - - [10/Jun/2025:14:09:49 +0200] "GET /Jurek/eurofirany/images/468646/3.jpg HTTP/2.0" 200 69446 "-" "EmagContentMedia/1.0.0"
91.206.37.14 - - [10/Jun/2025:14:09:50 +0200] "GET /Jurek/eurofirany/images/468644/6.jpg HTTP/2.0" 200 82285 "-" "EmagContentMedia/1.0.0"
91.206.37.14 - - [10/Jun/2025:14:09:50 +0200] "GET /Jurek/eurofirany/images/468646/4.jpg HTTP/2.0" 200 92544 "-" "EmagContentMedia/1.0.0"
91.206.37.14 - - [10/Jun/2025:14:09:50 +0200] "GET /Jurek/eurofirany/images/468646/5.jpg HTTP/2.0" 200 90900 "-" "EmagContentMedia/1.0.0"
91.206.37.14 - - [10/Jun/2025:14:09:50 +0200] "GET /Jurek/eurofirany/images/468646/6.jpg HTTP/2.0" 200 82285 "-" "EmagContentMedia/1.0.0"
91.206.37.14 - - [10/Jun/2025:14:09:52 +0200] "GET /Jurek/eurofirany/images/468649/0.jpg HTTP/2.0" 200 108040 "-" "EmagContentMedia/1.0.0"
91.206.37.14 - - [10/Jun/2025:14:09:53 +0200] "GET /Jurek/eurofirany/images/468649/1.jpg HTTP/2.0" 200 56565 "-" "EmagContentMedia/1.0.0"
91.206.37.14 - - [10/Jun/2025:14:09:53 +0200] "GET /Jurek/eurofirany/images/468649/2.jpg HTTP/2.0" 200 78132 "-" "EmagContentMedia/1.0.0"
91.206.37.14 - - [10/Jun/2025:14:09:54 +0200] "GET /Jurek/eurofirany/images/468649/3.jpg HTTP/2.0" 200 62355 "-" "EmagContentMedia/1.0.0"
91.206.37.14 - - [10/Jun/2025:14:09:54 +0200] "GET /Jurek/eurofirany/images/468649/4.jpg HTTP/2.0" 200 137138 "-" "EmagContentMedia/1.0.0"
91.206.37.14 - - [10/Jun/2025:14:09:55 +0200] "GET /Jurek/eurofirany/images/468649/5.jpg HTTP/2.0" 200 128577 "-" "EmagContentMedia/1.0.0"
91.206.37.14 - - [10/Jun/2025:14:09:55 +0200] "GET /Jurek/eurofirany/images/468649/6.jpg HTTP/2.0" 200 92361 "-" "EmagContentMedia/1.0.0"
91.206.37.14 - - [10/Jun/2025:14:09:55 +0200] "GET /Jurek/eurofirany/images/468650/0.jpg HTTP/2.0" 200 108040 "-" "EmagContentMedia/1.0.0"
91.206.37.14 - - [10/Jun/2025:14:09:56 +0200] "GET /Jurek/eurofirany/images/468650/1.jpg HTTP/2.0" 200 56565 "-" "EmagContentMedia/1.0.0"
91.206.37.14 - - [10/Jun/2025:14:09:56 +0200] "GET /Jurek/eurofirany/images/468650/2.jpg HTTP/2.0" 200 78132 "-" "EmagContentMedia/1.0.0"
91.206.37.14 - - [10/Jun/2025:14:09:56 +0200] "GET /Jurek/eurofirany/images/468650/3.jpg HTTP/2.0" 200 62355 "-" "EmagContentMedia/1.0.0"
91.206.37.14 - - [10/Jun/2025:14:09:56 +0200] "GET /Jurek/eurofirany/images/468650/4.jpg HTTP/2.0" 200 137138 "-" "EmagContentMedia/1.0.0"
91.206.37.14 - - [10/Jun/2025:14:09:56 +0200] "GET /Jurek/eurofirany/images/468650/5.jpg HTTP/2.0" 200 128577 "-" "EmagContentMedia/1.0.0"
91.206.37.14 - - [10/Jun/2025:14:09:57 +0200] "GET /Jurek/eurofirany/images/468650/6.jpg HTTP/2.0" 200 92361 "-" "EmagContentMedia/1.0.0"
91.206.37.14 - - [10/Jun/2025:14:10:03 +0200] "GET /Jurek/eurofirany/images/468652/0.jpg HTTP/2.0" 200 108040 "-" "EmagContentMedia/1.0.0"
91.206.37.14 - - [10/Jun/2025:14:10:03 +0200] "GET /Jurek/eurofirany/images/468652/1.jpg HTTP/2.0" 200 56565 "-" "EmagContentMedia/1.0.0"
91.206.37.14 - - [10/Jun/2025:14:10:04 +0200] "GET /Jurek/eurofirany/images/468652/2.jpg HTTP/2.0" 200 78132 "-" "EmagContentMedia/1.0.0"
77.79.248.229 - - [10/Jun/2025:14:10:04 +0200] "GET /Jurek/ikonka/feeds/ikonka_cdon_se.xml HTTP/1.1" 200 20966499 "-" "python-requests/2.32.3"
91.206.37.14 - - [10/Jun/2025:14:10:04 +0200] "GET /Jurek/eurofirany/images/468652/3.jpg HTTP/2.0" 200 62355 "-" "EmagContentMedia/1.0.0"
77.79.248.229 - - [10/Jun/2025:14:10:04 +0200] "GET /Jurek/ikonka/feeds/ikonka_cdon_dk.xml HTTP/1.1" 200 20966445 "-" "python-requests/2.32.3"
91.206.37.14 - - [10/Jun/2025:14:10:04 +0200] "GET /Jurek/eurofirany/images/468652/4.jpg HTTP/2.0" 200 137138 "-" "EmagContentMedia/1.0.0"
77.79.248.229 - - [10/Jun/2025:14:10:04 +0200] "GET /Jurek/ikonka/feeds/ikonka_cdon_fi.xml HTTP/1.1" 200 20964446 "-" "python-requests/2.32.3"
91.206.37.14 - - [10/Jun/2025:14:10:05 +0200] "GET /Jurek/eurofirany/images/468652/5.jpg HTTP/2.0" 200 128577 "-" "EmagContentMedia/1.0.0"
91.206.37.14 - - [10/Jun/2025:14:10:05 +0200] "GET /Jurek/eurofirany/images/468652/6.jpg HTTP/2.0" 200 92361 "-" "EmagContentMedia/1.0.0"
91.206.37.14 - - [10/Jun/2025:14:10:05 +0200] "GET /Jurek/eurofirany/images/468631/0.jpg HTTP/2.0" 200 103869 "-" "EmagContentMedia/1.0.0"
91.206.37.14 - - [10/Jun/2025:14:10:06 +0200] "GET /Jurek/eurofirany/images/468631/1.jpg HTTP/2.0" 200 73248 "-" "EmagContentMedia/1.0.0"
91.206.37.14 - - [10/Jun/2025:14:10:06 +0200] "GET /Jurek/eurofirany/images/468631/2.jpg HTTP/2.0" 200 72221 "-" "EmagContentMedia/1.0.0"
91.206.37.14 - - [10/Jun/2025:14:10:07 +0200] "GET /Jurek/eurofirany/images/468631/3.jpg HTTP/2.0" 200 58321 "-" "EmagContentMedia/1.0.0"
91.206.37.14 - - [10/Jun/2025:14:10:07 +0200] "GET /Jurek/eurofirany/images/468631/4.jpg HTTP/2.0" 200 77214 "-" "EmagContentMedia/1.0.0"
91.206.37.14 - - [10/Jun/2025:14:10:08 +0200] "GET /Jurek/eurofirany/images/468631/5.jpg HTTP/2.0" 200 85412 "-" "EmagContentMedia/1.0.0"
91.206.37.14 - - [10/Jun/2025:14:10:08 +0200] "GET /Jurek/eurofirany/images/468632/0.jpg HTTP/2.0" 200 103869 "-" "EmagContentMedia/1.0.0"
91.206.37.14 - - [10/Jun/2025:14:10:08 +0200] "GET /Jurek/eurofirany/images/468631/6.jpg HTTP/2.0" 200 60801 "-" "EmagContentMedia/1.0.0"
91.206.37.14 - - [10/Jun/2025:14:10:08 +0200] "GET /Jurek/eurofirany/images/468632/1.jpg HTTP/2.0" 200 73248 "-" "EmagContentMedia/1.0.0"
91.206.37.14 - - [10/Jun/2025:14:10:08 +0200] "GET /Jurek/eurofirany/images/468631/7.jpg HTTP/2.0" 200 122554 "-" "EmagContentMedia/1.0.0"
91.206.37.14 - - [10/Jun/2025:14:10:08 +0200] "GET /Jurek/eurofirany/images/468632/2.jpg HTTP/2.0" 200 72221 "-" "EmagContentMedia/1.0.0"
91.206.37.14 - - [10/Jun/2025:14:10:09 +0200] "GET /Jurek/eurofirany/images/468632/3.jpg HTTP/2.0" 200 58321 "-" "EmagContentMedia/1.0.0"
77.79.248.229 - - [10/Jun/2025:14:10:09 +0200] "GET /Jurek/rovicky/feeds/rovicky_cdonSE.xml HTTP/1.1" 200 14978029 "-" "python-requests/2.32.3"
91.206.37.14 - - [10/Jun/2025:14:10:09 +0200] "GET /Jurek/eurofirany/images/468632/4.jpg HTTP/2.0" 200 77214 "-" "EmagContentMedia/1.0.0"
77.79.248.229 - - [10/Jun/2025:14:10:09 +0200] "GET /Jurek/rovicky/feeds/rovicky_cdonDK.xml HTTP/1.1" 200 14978271 "-" "python-requests/2.32.3"
91.206.37.14 - - [10/Jun/2025:14:10:09 +0200] "GET /Jurek/eurofirany/images/468632/5.jpg HTTP/2.0" 200 85412 "-" "EmagContentMedia/1.0.0"
77.79.248.229 - - [10/Jun/2025:14:10:09 +0200] "GET /Jurek/rovicky/feeds/rovicky_cdonFI.xml HTTP/1.1" 200 14972914 "-" "python-requests/2.32.3"
77.79.248.229 - - [10/Jun/2025:14:10:09 +0200] "GET /Jurek/benbaby/feeds/benbaby_cdon_se.xml HTTP/1.1" 200 3795195 "-" "python-requests/2.32.3"
91.206.37.14 - - [10/Jun/2025:14:10:09 +0200] "GET /Jurek/eurofirany/images/468632/6.jpg HTTP/2.0" 200 60801 "-" "EmagContentMedia/1.0.0"
77.79.248.229 - - [10/Jun/2025:14:10:09 +0200] "GET /Jurek/benbaby/feeds/benbaby_cdon_dk.xml HTTP/1.1" 200 3795154 "-" "python-requests/2.32.3"
77.79.248.229 - - [10/Jun/2025:14:10:09 +0200] "GET /Jurek/benbaby/feeds/benbaby_cdon_fi.xml HTTP/1.1" 200 3792477 "-" "python-requests/2.32.3"
91.206.37.14 - - [10/Jun/2025:14:10:10 +0200] "GET /Jurek/eurofirany/images/468632/7.jpg HTTP/2.0" 200 122554 "-" "EmagContentMedia/1.0.0"
77.79.248.229 - - [10/Jun/2025:14:10:10 +0200] "GET /Jurek/candellux/feeds/candellux_cdon_se.xml HTTP/1.1" 200 466166 "-" "python-requests/2.32.3"
77.79.248.229 - - [10/Jun/2025:14:10:10 +0200] "GET /Jurek/candellux/feeds/candellux_cdon_dk.xml HTTP/1.1" 200 466129 "-" "python-requests/2.32.3"
77.79.248.229 - - [10/Jun/2025:14:10:10 +0200] "GET /Jurek/candellux/feeds/candellux_cdon_fi.xml HTTP/1.1" 200 465745 "-" "python-requests/2.32.3"
91.206.37.14 - - [10/Jun/2025:14:10:11 +0200] "GET /Jurek/eurofirany/images/468633/0.jpg HTTP/2.0" 200 103869 "-" "EmagContentMedia/1.0.0"
91.206.37.14 - - [10/Jun/2025:14:10:11 +0200] "GET /Jurek/eurofirany/images/468633/1.jpg HTTP/2.0" 200 73248 "-" "EmagContentMedia/1.0.0"
91.206.37.14 - - [10/Jun/2025:14:10:11 +0200] "GET /Jurek/eurofirany/images/468633/2.jpg HTTP/2.0" 200 72221 "-" "EmagContentMedia/1.0.0"
91.206.37.14 - - [10/Jun/2025:14:10:12 +0200] "GET /Jurek/eurofirany/images/468633/3.jpg HTTP/2.0" 200 58321 "-" "EmagContentMedia/1.0.0"
91.206.37.14 - - [10/Jun/2025:14:10:12 +0200] "GET /Jurek/eurofirany/images/468633/4.jpg HTTP/2.0" 200 77214 "-" "EmagContentMedia/1.0.0"
91.206.37.14 - - [10/Jun/2025:14:10:12 +0200] "GET /Jurek/eurofirany/images/468633/5.jpg HTTP/2.0" 200 85412 "-" "EmagContentMedia/1.0.0"
91.206.37.14 - - [10/Jun/2025:14:10:13 +0200] "GET /Jurek/eurofirany/images/468633/6.jpg HTTP/2.0" 200 60801 "-" "EmagContentMedia/1.0.0"
77.79.248.229 - - [10/Jun/2025:14:10:13 +0200] "GET /Jurek/topeshop/feeds/topeshop_cdon_se.xml HTTP/1.1" 200 3054727 "-" "python-requests/2.32.3"
77.79.248.229 - - [10/Jun/2025:14:10:13 +0200] "GET /Jurek/topeshop/feeds/topeshop_cdon_dk.xml HTTP/1.1" 200 3054523 "-" "python-requests/2.32.3"
77.79.248.229 - - [10/Jun/2025:14:10:13 +0200] "GET /Jurek/topeshop/feeds/topeshop_cdon_fi.xml HTTP/1.1" 200 3054017 "-" "python-requests/2.32.3"
91.206.37.14 - - [10/Jun/2025:14:10:13 +0200] "GET /Jurek/eurofirany/images/468633/7.jpg HTTP/2.0" 200 122554 "-" "EmagContentMedia/1.0.0"
77.79.248.229 - - [10/Jun/2025:14:10:13 +0200] "GET /Jurek/asortymenteu/feeds/asortymenteu_cdon_se.xml HTTP/1.1" 200 2895751 "-" "python-requests/2.32.3"
77.79.248.229 - - [10/Jun/2025:14:10:13 +0200] "GET /Jurek/asortymenteu/feeds/asortymenteu_cdon_dk.xml HTTP/1.1" 200 2895760 "-" "python-requests/2.32.3"
77.79.248.229 - - [10/Jun/2025:14:10:13 +0200] "GET /Jurek/asortymenteu/feeds/asortymenteu_cdon_fi.xml HTTP/1.1" 200 2894667 "-" "python-requests/2.32.3"
77.79.248.229 - - [10/Jun/2025:14:10:13 +0200] "GET /Jurek/fernity/feeds/fernity_cdon_se.xml HTTP/1.1" 200 4972110 "-" "python-requests/2.32.3"
77.79.248.229 - - [10/Jun/2025:14:10:13 +0200] "GET /Jurek/fernity/feeds/fernity_cdon_dk.xml HTTP/1.1" 200 4971544 "-" "python-requests/2.32.3"
77.79.248.229 - - [10/Jun/2025:14:10:13 +0200] "GET /Jurek/fernity/feeds/fernity_cdon_fi.xml HTTP/1.1" 200 4968648 "-" "python-requests/2.32.3"
85.14.86.141 - - [10/Jun/2025:14:10:13 +0200] "GET /Jurek/beliani/feeds/beliani_morele.xml HTTP/2.0" 200 30609119 "-" "MarketplaceAPI curl/7.74.0 PHP/8"
77.79.248.229 - - [10/Jun/2025:14:10:14 +0200] "GET /Jurek/aw/feeds/awnarzedzia_cdon_se.xml HTTP/1.1" 200 90866515 "-" "python-requests/2.32.3"
77.79.248.229 - - [10/Jun/2025:14:10:15 +0200] "GET /Jurek/aw/feeds/awnarzedzia_cdon_dk.xml HTTP/1.1" 200 90861576 "-" "python-requests/2.32.3"
91.206.37.14 - - [10/Jun/2025:14:10:16 +0200] "GET /Jurek/eurofirany/images/468634/0.jpg HTTP/2.0" 200 149167 "-" "EmagContentMedia/1.0.0"
77.79.248.229 - - [10/Jun/2025:14:10:16 +0200] "GET /Jurek/aw/feeds/awnarzedzia_cdon_fi.xml HTTP/1.1" 200 90777858 "-" "python-requests/2.32.3"
91.206.37.14 - - [10/Jun/2025:14:10:16 +0200] "GET /Jurek/eurofirany/images/468634/1.jpg HTTP/2.0" 200 83533 "-" "EmagContentMedia/1.0.0"
77.79.248.229 - - [10/Jun/2025:14:10:17 +0200] "GET /Jurek/activeshop/feeds/activeshop_cdon_se.xml HTTP/1.1" 200 10467632 "-" "python-requests/2.32.3"
91.206.37.14 - - [10/Jun/2025:14:10:17 +0200] "GET /Jurek/eurofirany/images/468634/2.jpg HTTP/2.0" 200 105309 "-" "EmagContentMedia/1.0.0"
77.79.248.229 - - [10/Jun/2025:14:10:17 +0200] "GET /Jurek/activeshop/feeds/activeshop_cdon_dk.xml HTTP/1.1" 200 10467290 "-" "python-requests/2.32.3"
77.79.248.229 - - [10/Jun/2025:14:10:17 +0200] "GET /Jurek/activeshop/feeds/activeshop_cdon_fi.xml HTTP/1.1" 200 10464012 "-" "python-requests/2.32.3"
91.206.37.14 - - [10/Jun/2025:14:10:17 +0200] "GET /Jurek/eurofirany/images/468634/3.jpg HTTP/2.0" 200 83024 "-" "EmagContentMedia/1.0.0"
91.206.37.14 - - [10/Jun/2025:14:10:17 +0200] "GET /Jurek/eurofirany/images/468634/4.jpg HTTP/2.0" 200 137948 "-" "EmagContentMedia/1.0.0"
77.79.248.229 - - [10/Jun/2025:14:10:17 +0200] "GET /Jurek/ikonka/feeds/ikonka_cdon_se.xml HTTP/1.1" 200 20966499 "-" "python-requests/2.32.3"
77.79.248.229 - - [10/Jun/2025:14:10:18 +0200] "GET /Jurek/ikonka/feeds/ikonka_cdon_dk.xml HTTP/1.1" 200 20966445 "-" "python-requests/2.32.3"
77.79.248.229 - - [10/Jun/2025:14:10:18 +0200] "GET /Jurek/ikonka/feeds/ikonka_cdon_fi.xml HTTP/1.1" 200 20964446 "-" "python-requests/2.32.3"
91.206.37.14 - - [10/Jun/2025:14:10:18 +0200] "GET /Jurek/eurofirany/images/468634/5.jpg HTTP/2.0" 200 108544 "-" "EmagContentMedia/1.0.0"
91.206.37.14 - - [10/Jun/2025:14:10:19 +0200] "GET /Jurek/eurofirany/images/468634/6.jpg HTTP/2.0" 200 88384 "-" "EmagContentMedia/1.0.0"
77.79.248.229 - - [10/Jun/2025:14:10:19 +0200] "GET /Jurek/swiatecznygoliat/feeds/swiatecznygoliat_cdon_se.xml HTTP/1.1" 200 7053438 "-" "python-requests/2.32.3"
77.79.248.229 - - [10/Jun/2025:14:10:19 +0200] "GET /Jurek/swiatecznygoliat/feeds/swiatecznygoliat_cdon_dk.xml HTTP/1.1" 200 7053359 "-" "python-requests/2.32.3"
77.79.248.229 - - [10/Jun/2025:14:10:19 +0200] "GET /Jurek/swiatecznygoliat/feeds/swiatecznygoliat_cdon_fi.xml HTTP/1.1" 200 7050874 "-" "python-requests/2.32.3"
77.79.248.229 - - [10/Jun/2025:14:10:19 +0200] "GET /Jurek/slayo/feeds/slayo_cdon_se.xml HTTP/1.1" 200 183626 "-" "python-requests/2.32.3"
77.79.248.229 - - [10/Jun/2025:14:10:19 +0200] "GET /Jurek/slayo/feeds/slayo_cdon_dk.xml HTTP/1.1" 200 183626 "-" "python-requests/2.32.3"
77.79.248.229 - - [10/Jun/2025:14:10:19 +0200] "GET /Jurek/slayo/feeds/slayo_cdon_fi.xml HTTP/1.1" 200 183611 "-" "python-requests/2.32.3"
77.79.248.229 - - [10/Jun/2025:14:10:20 +0200] "GET /Jurek/bass/feeds/bass_cdon_se.xml HTTP/1.1" 200 3975542 "-" "python-requests/2.32.3"
77.79.248.229 - - [10/Jun/2025:14:10:20 +0200] "GET /Jurek/bass/feeds/bass_cdon_dk.xml HTTP/1.1" 200 3975357 "-" "python-requests/2.32.3"
77.79.248.229 - - [10/Jun/2025:14:10:20 +0200] "GET /Jurek/bass/feeds/bass_cdon_fi.xml HTTP/1.1" 200 3973905 "-" "python-requests/2.32.3"
77.79.248.229 - - [10/Jun/2025:14:10:20 +0200] "GET /Jurek/benetech/feeds/benetech_cdon_se.xml HTTP/1.1" 200 4165802 "-" "python-requests/2.32.3"
77.79.248.229 - - [10/Jun/2025:14:10:20 +0200] "GET /Jurek/benetech/feeds/benetech_cdon_dk.xml HTTP/1.1" 200 4165756 "-" "python-requests/2.32.3"
77.79.248.229 - - [10/Jun/2025:14:10:20 +0200] "GET /Jurek/benetech/feeds/benetech_cdon_fi.xml HTTP/1.1" 200 4165403 "-" "python-requests/2.32.3"
77.79.248.229 - - [10/Jun/2025:14:10:20 +0200] "GET /Jurek/waks/feeds/waks_cdon_se.xml HTTP/1.1" 200 1598639 "-" "python-requests/2.32.3"
77.79.248.229 - - [10/Jun/2025:14:10:20 +0200] "GET /Jurek/waks/feeds/waks_cdon_dk.xml HTTP/1.1" 200 1596553 "-" "python-requests/2.32.3"
77.79.248.229 - - [10/Jun/2025:14:10:20 +0200] "GET /Jurek/waks/feeds/waks_cdon_fi.xml HTTP/1.1" 200 1596552 "-" "python-requests/2.32.3"
77.79.248.229 - - [10/Jun/2025:14:10:20 +0200] "GET /Jurek/kambukka/feeds/kambukka_cdon_se.xml HTTP/1.1" 200 1023734 "-" "python-requests/2.32.3"
77.79.248.229 - - [10/Jun/2025:14:10:20 +0200] "GET /Jurek/kambukka/feeds/kambukka_cdon_dk.xml HTTP/1.1" 200 1023737 "-" "python-requests/2.32.3"
77.79.248.229 - - [10/Jun/2025:14:10:20 +0200] "GET /Jurek/kambukka/feeds/kambukka_cdon_fi.xml HTTP/1.1" 200 1023448 "-" "python-requests/2.32.3"
77.79.248.229 - - [10/Jun/2025:14:10:20 +0200] "GET /Jurek/hdwr/feeds/hdwr_cdon_se.xml HTTP/1.1" 200 789712 "-" "python-requests/2.32.3"
77.79.248.229 - - [10/Jun/2025:14:10:20 +0200] "GET /Jurek/hdwr/feeds/hdwr_cdon_dk.xml HTTP/1.1" 200 789652 "-" "python-requests/2.32.3"
77.79.248.229 - - [10/Jun/2025:14:10:21 +0200] "GET /Jurek/hdwr/feeds/hdwr_cdon_fi.xml HTTP/1.1" 200 789435 "-" "python-requests/2.32.3"
77.79.248.229 - - [10/Jun/2025:14:10:21 +0200] "GET /Jurek/targethome/feeds/targethome_cdon_se.xml HTTP/1.1" 200 688757 "-" "python-requests/2.32.3"
