77.79.248.229 - - [10/Jun/2025:07:44:13 +0200] "GET /Jurek/intsell/feeds/intsell_leroy.xml HTTP/1.1" 200 342009326 "-" "Python-urllib/3.11"
77.79.248.229 - - [10/Jun/2025:07:44:14 +0200] "GET /Jurek/velinda/feeds/velinda_leroy.xml HTTP/1.1" 200 4227168 "-" "Python-urllib/3.11"
77.79.248.229 - - [10/Jun/2025:07:44:14 +0200] "GET /Jurek/spali/feeds/spali_leroy.xml HTTP/1.1" 200 77059 "-" "Python-urllib/3.11"
77.79.248.229 - - [10/Jun/2025:07:44:14 +0200] "GET /Jurek/urwiskowo/feeds/urwiskowo_leroy.xml HTTP/1.1" 200 9114943 "-" "Python-urllib/3.11"
77.79.248.229 - - [10/Jun/2025:07:44:14 +0200] "GET /Jurek/erohurtownia/feeds/erohurtownia_leroy.xml HTTP/1.1" 200 22846408 "-" "Python-urllib/3.11"
77.79.248.229 - - [10/Jun/2025:07:44:14 +0200] "GET /Jurek/elecomp/feeds/elecomp_leroy.xml HTTP/1.1" 200 2867694 "-" "Python-urllib/3.11"
77.79.248.229 - - [10/Jun/2025:07:44:14 +0200] "GET /Jurek/rider/feeds/rider_leroy.xml HTTP/1.1" 200 8165174 "-" "Python-urllib/3.11"
77.79.248.229 - - [10/Jun/2025:07:44:14 +0200] "GET /Jurek/eurofryz2/feeds/eurofryz2_leroy.xml HTTP/1.1" 200 1376739 "-" "Python-urllib/3.11"
77.79.248.229 - - [10/Jun/2025:07:44:14 +0200] "GET /Jurek/expertauto/feeds/expertauto_leroy.xml HTTP/1.1" 200 1158929 "-" "Python-urllib/3.11"
77.79.248.229 - - [10/Jun/2025:07:44:14 +0200] "GET /Jurek/najtanszysport/feeds/najtanszysport_leroy.xml HTTP/1.1" 200 3983090 "-" "Python-urllib/3.11"
77.79.248.229 - - [10/Jun/2025:07:44:15 +0200] "GET /Jurek/narzbud/feeds/narzbud_leroy.xml HTTP/1.1" 200 1901227 "-" "Python-urllib/3.11"
77.79.248.229 - - [10/Jun/2025:07:44:16 +0200] "GET /Jurek/awparts/feeds/awparts_leroy.xml HTTP/1.1" 200 142299884 "-" "Python-urllib/3.11"
77.79.248.229 - - [10/Jun/2025:07:44:17 +0200] "GET /Jurek/kidshop/feeds/kidshop_leroy.xml HTTP/1.1" 200 19850599 "-" "Python-urllib/3.11"
77.79.248.229 - - [10/Jun/2025:07:44:17 +0200] "GET /Jurek/playcob/feeds/playcob_leroy.xml HTTP/1.1" 200 6980109 "-" "Python-urllib/3.11"
77.79.248.229 - - [10/Jun/2025:07:44:18 +0200] "GET /Jurek/dropkz/feeds/dropkz_leroy.xml HTTP/1.1" 200 70014148 "-" "Python-urllib/3.11"
77.79.248.229 - - [10/Jun/2025:07:44:18 +0200] "GET /Jurek/straganbiur/feeds/straganbiur_leroy.xml HTTP/1.1" 200 8893229 "-" "Python-urllib/3.11"
77.79.248.229 - - [10/Jun/2025:07:44:18 +0200] "GET /Jurek/roger/feeds/roger_leroy.xml HTTP/1.1" 200 1396570 "-" "Python-urllib/3.11"
77.79.248.229 - - [10/Jun/2025:07:44:19 +0200] "GET /Jurek/sportprise/feeds/sportprise_leroy.xml HTTP/1.1" 200 12725512 "-" "Python-urllib/3.11"
77.79.248.229 - - [10/Jun/2025:07:44:19 +0200] "GET /Jurek/hurtmeblowy/feeds/hurtmeblowy_leroy.xml HTTP/1.1" 200 8561764 "-" "Python-urllib/3.11"
77.79.248.229 - - [10/Jun/2025:07:44:19 +0200] "GET /Jurek/oknobest/feeds/oknobest_leroy.xml HTTP/1.1" 200 2708318 "-" "Python-urllib/3.11"
77.79.248.229 - - [10/Jun/2025:07:44:19 +0200] "GET /Jurek/german/feeds/german_leroy.xml HTTP/1.1" 200 2853588 "-" "Python-urllib/3.11"
77.79.248.229 - - [10/Jun/2025:07:44:19 +0200] "GET /Jurek/kristronik/feeds/kristronik_leroy.xml HTTP/1.1" 200 691986 "-" "Python-urllib/3.11"
77.79.248.229 - - [10/Jun/2025:07:44:19 +0200] "GET /Jurek/erohurtownia/feeds/erohurtownia_leroy.xml HTTP/1.1" 200 22846408 "-" "Python-urllib/3.11"
77.79.248.229 - - [10/Jun/2025:07:44:19 +0200] "GET /Jurek/smxdesign/feeds/smxdesign_leroy.xml HTTP/1.1" 200 1829018 "-" "Python-urllib/3.11"
77.79.248.229 - - [10/Jun/2025:07:44:19 +0200] "GET /Jurek/elavia/feeds/elavia_leroy.xml HTTP/1.1" 200 2497292 "-" "Python-urllib/3.11"
77.79.248.229 - - [10/Jun/2025:07:44:20 +0200] "GET /Jurek/relogy/feeds/relogy_leroy.xml HTTP/1.1" 200 66652222 "-" "Python-urllib/3.11"
77.79.248.229 - - [10/Jun/2025:07:44:20 +0200] "GET /Jurek/hlo/feeds/hlo_leroy.xml HTTP/1.1" 200 4838667 "-" "Python-urllib/3.11"
77.79.248.229 - - [10/Jun/2025:07:44:20 +0200] "GET /Jurek/aiofactory/feeds/aiofactory_leroy.xml HTTP/1.1" 200 2123718 "-" "Python-urllib/3.11"
77.79.248.229 - - [10/Jun/2025:07:44:20 +0200] "GET /Jurek/broers/feeds/broers_leroy.xml HTTP/1.1" 200 1982573 "-" "Python-urllib/3.11"
77.79.248.229 - - [10/Jun/2025:07:44:21 +0200] "GET /Jurek/euroshop/feeds/euroshop_leroy.xml HTTP/1.1" 200 20025536 "-" "Python-urllib/3.11"
77.79.248.229 - - [10/Jun/2025:07:44:21 +0200] "GET /Jurek/jankeski/feeds/jankeski_leroy.xml HTTP/1.1" 200 6571155 "-" "Python-urllib/3.11"
77.79.248.229 - - [10/Jun/2025:07:44:21 +0200] "GET /Jurek/zbimatyja/feeds/zbimatyja_leroy.xml HTTP/1.1" 200 11670152 "-" "Python-urllib/3.11"
77.79.248.229 - - [10/Jun/2025:07:44:21 +0200] "GET /Jurek/cdata/feeds/cdata_leroy.xml HTTP/1.1" 200 1445090 "-" "Python-urllib/3.11"
77.79.248.229 - - [10/Jun/2025:07:44:21 +0200] "GET /Jurek/asortymenteu/feeds/asortymenteu_leroy.xml HTTP/1.1" 200 2894683 "-" "Python-urllib/3.11"
77.79.248.229 - - [10/Jun/2025:07:44:21 +0200] "GET /Jurek/biokominki/feeds/biokominki_leroy.xml HTTP/1.1" 200 1422255 "-" "Python-urllib/3.11"
77.79.248.229 - - [10/Jun/2025:07:44:21 +0200] "GET /Jurek/newtechele/feeds/newtechele_leroy.xml HTTP/1.1" 200 2438476 "-" "Python-urllib/3.11"
77.79.248.229 - - [10/Jun/2025:07:44:21 +0200] "GET /Jurek/matkam/feeds/matkam_leroy.xml HTTP/1.1" 200 5000309 "-" "Python-urllib/3.11"
77.79.248.229 - - [10/Jun/2025:07:44:22 +0200] "GET /Jurek/cenoman/feeds/cenoman_leroy.xml HTTP/1.1" 200 5992997 "-" "Python-urllib/3.11"
77.79.248.229 - - [10/Jun/2025:07:44:22 +0200] "GET /Jurek/kamar/feeds/kamar_leroy.xml HTTP/1.1" 200 25550108 "-" "Python-urllib/3.11"
77.79.248.229 - - [10/Jun/2025:07:44:22 +0200] "GET /Jurek/avenido/feeds/avenido_leroy.xml HTTP/1.1" 200 720106 "-" "Python-urllib/3.11"
77.79.248.229 - - [10/Jun/2025:07:44:22 +0200] "GET /Jurek/zenex/feeds/zenex_leroy.xml HTTP/1.1" 200 540167 "-" "Python-urllib/3.11"
77.79.248.229 - - [10/Jun/2025:07:44:22 +0200] "GET /Jurek/filmal/feeds/filmal_leroy.xml HTTP/1.1" 200 139279 "-" "Python-urllib/3.11"
77.79.248.229 - - [10/Jun/2025:07:44:22 +0200] "GET /Jurek/makow/feeds/makow_leroy.xml HTTP/1.1" 200 21203757 "-" "Python-urllib/3.11"
77.79.248.229 - - [10/Jun/2025:07:44:22 +0200] "GET /Jurek/szpaklampy/feeds/szpaklampy_leroy.xml HTTP/1.1" 200 388196 "-" "Python-urllib/3.11"
77.79.248.229 - - [10/Jun/2025:07:44:22 +0200] "GET /Jurek/apresto/feeds/apresto_leroy.xml HTTP/1.1" 200 1327630 "-" "Python-urllib/3.11"
77.79.248.229 - - [10/Jun/2025:07:44:22 +0200] "GET /Jurek/nexus/feeds/nexus_leroy.xml HTTP/1.1" 200 226628 "-" "Python-urllib/3.11"
77.79.248.229 - - [10/Jun/2025:07:44:23 +0200] "GET /Jurek/em3/feeds/em3_leroy.xml HTTP/1.1" 200 258921 "-" "Python-urllib/3.11"
77.79.248.229 - - [10/Jun/2025:07:44:23 +0200] "GET /Jurek/mojeledy/feeds/mojeledy_leroy.xml HTTP/1.1" 200 1018455 "-" "Python-urllib/3.11"
77.79.248.229 - - [10/Jun/2025:07:44:23 +0200] "GET /Jurek/carbonyway/feeds/carbonyway_leroy.xml HTTP/1.1" 200 3076000 "-" "Python-urllib/3.11"
77.79.248.229 - - [10/Jun/2025:07:44:23 +0200] "GET /Jurek/kalama/feeds/kalama_leroy.xml HTTP/1.1" 200 2661759 "-" "Python-urllib/3.11"
77.79.248.229 - - [10/Jun/2025:07:44:23 +0200] "GET /Jurek/proadventure/feeds/proadventure_leroy.xml HTTP/1.1" 200 10763468 "-" "Python-urllib/3.11"
77.79.248.229 - - [10/Jun/2025:07:44:23 +0200] "GET /Jurek/sklep24amk/feeds/sklep24amk_leroy.xml HTTP/1.1" 200 3894588 "-" "Python-urllib/3.11"
77.79.248.229 - - [10/Jun/2025:07:44:25 +0200] "GET /Jurek/bloomglow/feeds/bloomglow_leroy.xml HTTP/1.1" 200 14095278 "-" "Python-urllib/3.11"
77.79.248.229 - - [10/Jun/2025:07:44:32 +0200] "GET /Jurek/coppotech/feeds/coppotech_leroy.xml HTTP/1.1" 200 38049120 "-" "Python-urllib/3.11"
66.249.70.36 - - [10/Jun/2025:07:44:44 +0200] "GET /Jurek/eurofirany/images/398781/5.jpg HTTP/1.1" 200 60735 "-" "Googlebot-Image/1.0"
89.161.206.59 - - [10/Jun/2025:07:45:19 +0200] "GET /Jurek/playcob/feeds/playcob_cdsc.xml HTTP/1.0" 200 6624490 "-" "-"
89.161.206.59 - - [10/Jun/2025:07:45:20 +0200] "GET /Jurek/elavia/feeds/elavia_cdsc.xml HTTP/1.0" 200 2085760 "-" "-"
66.249.70.36 - - [10/Jun/2025:07:46:33 +0200] "GET /Jurek/eurofirany/images/398781/7.jpg HTTP/1.1" 200 125737 "-" "Googlebot-Image/1.0"
66.249.70.36 - - [10/Jun/2025:07:47:38 +0200] "GET /Jurek/topeshop/downloaded_images/5902838466742_Opal_garderoba_artisan.jpg HTTP/1.1" 404 3551 "-" "Googlebot-Image/1.0"
66.249.70.36 - - [10/Jun/2025:07:48:21 +0200] "GET /Jurek/eurofirany/images/382248/1.jpg HTTP/1.1" 200 125753 "-" "Googlebot-Image/1.0"
85.232.241.194 - - [10/Jun/2025:07:48:42 +0200] "GET /Jurek/coppotech/feeds/coppotech_worten.xml HTTP/1.1" 200 38048836 "-" "Python-urllib/3.11"
85.232.241.194 - - [10/Jun/2025:07:48:42 +0200] "GET /Jurek/coppotech/feeds/coppotech_wortenES.xml HTTP/1.1" 200 38049279 "-" "Python-urllib/3.11"
40.77.167.37 - - [10/Jun/2025:07:48:54 +0200] "GET /mall/slgr/mall-offert-status-sl-gr.csv HTTP/2.0" 200 312106 "-" "Mozilla/5.0 AppleWebKit/537.36 (KHTML, like Gecko; compatible; bingbot/2.0; +http://www.bing.com/bingbot.htm) Chrome/116.0.1938.76 Safari/537.36"
46.101.116.244 - - [10/Jun/2025:07:49:02 +0200] "GET /Jurek/intsell/feeds/intsell_emagro.xml HTTP/1.0" 200 342078912 "-" "-"
66.249.70.37 - - [10/Jun/2025:07:53:47 +0200] "GET /Jurek/eurofirany/images/390455/13.jpg HTTP/1.1" 200 108520 "-" "Googlebot-Image/1.0"
77.79.248.229 - - [10/Jun/2025:07:54:08 +0200] "GET /Jurek/vidaSI/feeds/vidaSI_bigbang.xml HTTP/1.1" 200 774205723 "-" "Python-urllib/3.11"
89.161.206.59 - - [10/Jun/2025:07:56:19 +0200] "GET /Jurek/ikonka/feeds/ikonka_kaufSMDE.xml HTTP/1.0" 200 20963922 "-" "-"
89.161.206.59 - - [10/Jun/2025:07:56:22 +0200] "GET /Jurek/missionair/feeds/missionair_kaufSMDE.xml HTTP/1.0" 200 3120109 "-" "-"
66.249.70.37 - - [10/Jun/2025:07:57:25 +0200] "GET /Jurek/eurofirany/images/390456/13.jpg HTTP/1.1" 200 108520 "-" "Googlebot-Image/1.0"
89.161.206.59 - - [10/Jun/2025:07:57:57 +0200] "GET /Jurek/hurtmeblowy/feeds/hurtmeblowy_skroutz.xml HTTP/1.0" 200 8561647 "-" "-"
89.161.206.59 - - [10/Jun/2025:07:57:57 +0200] "GET /Jurek/twojsklep/feeds/twojsklep_emagro.xml HTTP/1.0" 200 126813 "-" "-"
89.161.206.59 - - [10/Jun/2025:07:58:50 +0200] "GET /Jurek/oromed/feeds/oromed_skroutz.xml HTTP/1.0" 200 1282806 "-" "-"
89.161.206.59 - - [10/Jun/2025:07:58:50 +0200] "GET /Jurek/ralmetal/feeds/ralmetal_skroutz.xml HTTP/1.0" 200 2039884 "-" "-"
66.249.70.37 - - [10/Jun/2025:07:59:14 +0200] "GET /Jurek/eurofirany/images/464366/4.jpg HTTP/1.1" 200 280154 "-" "Googlebot-Image/1.0"
89.161.206.59 - - [10/Jun/2025:07:59:14 +0200] "GET /Jurek/spali/feeds/spali_skroutz.xml HTTP/1.0" 200 77059 "-" "-"
89.161.206.59 - - [10/Jun/2025:07:59:16 +0200] "GET /Jurek/eurofryz/feeds/eurofryz_skroutz.xml HTTP/1.0" 200 1381546 "-" "-"
89.161.206.59 - - [10/Jun/2025:07:59:17 +0200] "GET /Jurek/combine/feeds/combine_skroutz.xml HTTP/1.0" 200 210558 "-" "-"
89.161.206.59 - - [10/Jun/2025:07:59:29 +0200] "GET /Jurek/reman/feeds/reman_skroutz.xml HTTP/1.0" 200 1394823 "-" "-"
89.161.206.59 - - [10/Jun/2025:07:59:30 +0200] "GET /Jurek/urwiskowo/feeds/urwiskowo_skroutz.xml HTTP/1.0" 200 9114939 "-" "-"
89.161.206.59 - - [10/Jun/2025:07:59:43 +0200] "GET /Jurek/waks/feeds/waks_emagro.xml HTTP/1.0" 200 1598638 "-" "-"
85.14.86.141 - - [10/Jun/2025:08:00:21 +0200] "GET /Jurek/vida_morele/feeds/VidaPL_all.xml HTTP/2.0" 200 861153740 "-" "MarketplaceAPI curl/7.74.0 PHP/8"
35.204.39.32 - - [10/Jun/2025:08:00:28 +0200] "GET /marketplaces/carrefour_fr/results/carrefour_fr.csv HTTP/1.1" 200 147219 "-" "Mirakl HttpClient"
89.161.206.59 - - [10/Jun/2025:08:00:37 +0200] "GET /Jurek/madrex/feeds/madrex_skroutz.xml HTTP/1.0" 200 466727 "-" "-"
89.161.206.59 - - [10/Jun/2025:08:00:38 +0200] "GET /Jurek/luxma/feeds/luxma_skroutz.xml HTTP/1.0" 200 4419673 "-" "-"
52.18.22.0 - - [10/Jun/2025:08:00:38 +0200] "GET /marketplaces/ubaldi/results/ubaldi.csv HTTP/1.1" 200 3261015 "-" "Mirakl HttpClient"
89.161.206.59 - - [10/Jun/2025:08:00:38 +0200] "GET /Jurek/zepnij/feeds/zepnij_skroutz.xml HTTP/1.0" 200 19522544 "-" "-"
89.161.206.59 - - [10/Jun/2025:08:00:38 +0200] "GET /Jurek/primohurt/feeds/primohurt_skroutz.xml HTTP/1.0" 200 17187030 "-" "-"
89.161.206.59 - - [10/Jun/2025:08:01:13 +0200] "GET /Jurek/ekotex/feeds/ekotex_skroutz.xml HTTP/1.0" 200 197845 "-" "-"
89.161.206.59 - - [10/Jun/2025:08:01:14 +0200] "GET /Jurek/motofan/feeds/motofan_skroutz.xml HTTP/1.0" 200 2392146 "-" "-"
66.249.70.37 - - [10/Jun/2025:08:01:16 +0200] "GET /Jurek/eurofirany/images/404516/0.jpg HTTP/1.1" 200 42336 "-" "Googlebot-Image/1.0"
35.204.39.32 - - [10/Jun/2025:08:01:27 +0200] "GET /marketplaces/vente/results/vente_nl.csv HTTP/1.1" 200 2177103 "-" "Mirakl HttpClient"
35.204.39.32 - - [10/Jun/2025:08:01:28 +0200] "GET /marketplaces/vente/results/vente_fr.csv HTTP/1.1" 200 2448936 "-" "Mirakl HttpClient"
35.204.39.32 - - [10/Jun/2025:08:01:29 +0200] "GET /marketplaces/vente/results/vente_be.csv HTTP/1.1" 200 2176953 "-" "Mirakl HttpClient"
35.204.39.32 - - [10/Jun/2025:08:01:29 +0200] "GET /marketplaces/vente/results/vente_it.csv HTTP/1.1" 200 2207084 "-" "Mirakl HttpClient"
35.204.39.32 - - [10/Jun/2025:08:01:30 +0200] "GET /marketplaces/vente/results/vente_es.csv HTTP/1.1" 200 2176353 "-" "Mirakl HttpClient"
35.204.39.32 - - [10/Jun/2025:08:01:31 +0200] "GET /marketplaces/vente/results/vente_de.csv HTTP/1.1" 200 2183081 "-" "Mirakl HttpClient"
46.101.116.244 - - [10/Jun/2025:08:01:55 +0200] "GET /Jurek/topeshop/feeds/topeshop_skr.xml HTTP/1.0" 200 871476 "-" "-"
89.161.206.59 - - [10/Jun/2025:08:01:59 +0200] "GET /Jurek/muminky/feeds/muminky_skroutz.xml HTTP/1.0" 200 2270297 "-" "-"
89.161.206.59 - - [10/Jun/2025:08:01:59 +0200] "GET /Jurek/pupus/feeds/pupus_skroutz.xml HTTP/1.0" 200 882675 "-" "-"
52.17.80.36 - - [10/Jun/2025:08:02:00 +0200] "GET /marketplaces/rue/results/rue.csv HTTP/1.1" 200 7541089 "-" "Mirakl HttpClient"
89.161.206.59 - - [10/Jun/2025:08:02:05 +0200] "GET /Jurek/eurofryz3/feeds/eurofryz3_skroutz.xml HTTP/1.0" 200 172207 "-" "-"
89.161.206.59 - - [10/Jun/2025:08:02:05 +0200] "GET /Jurek/lendo/feeds/lendo_skroutz.xml HTTP/1.0" 200 330391 "-" "-"
66.249.70.37 - - [10/Jun/2025:08:02:50 +0200] "GET /Jurek/eurofirany/images/383360/5.jpg HTTP/1.1" 200 52114 "-" "Googlebot-Image/1.0"
66.249.70.37 - - [10/Jun/2025:08:03:01 +0200] "GET /Jurek/topeshop/downloaded_images/5902838467459_4.jpg HTTP/1.1" 404 3551 "-" "Googlebot-Image/1.0"
66.249.70.36 - - [10/Jun/2025:08:03:04 +0200] "GET /Jurek/topeshop/downloaded_images/5902838467459_1.jpg HTTP/1.1" 404 3551 "-" "Googlebot-Image/1.0"
89.161.206.59 - - [10/Jun/2025:08:03:43 +0200] "GET /Jurek/wenom/feeds/wenom_emagro.xml HTTP/1.0" 200 583130 "-" "-"
89.161.206.59 - - [10/Jun/2025:08:03:44 +0200] "GET /Jurek/emaja24/feeds/emaja24_emagro.xml HTTP/1.0" 200 5102177 "-" "-"
89.161.206.59 - - [10/Jun/2025:08:03:44 +0200] "GET /Jurek/zepnij/feeds/zepnij_emagro.xml HTTP/1.0" 200 19523697 "-" "-"
89.161.206.59 - - [10/Jun/2025:08:03:51 +0200] "GET /Jurek/polzoo/feeds/polzoo_emagro.xml HTTP/1.0" 200 48128736 "-" "-"
89.161.206.59 - - [10/Jun/2025:08:03:51 +0200] "GET /Jurek/swiatecznygoliat/feeds/swiatecznygoliat_amazonde.xml HTTP/1.0" 200 7050811 "-" "-"
89.161.206.59 - - [10/Jun/2025:08:03:53 +0200] "GET /Jurek/german/feeds/german_emagro.xml HTTP/1.0" 200 2853965 "-" "-"
193.33.8.61 - - [10/Jun/2025:08:03:54 +0200] "GET /favicon.ico HTTP/2.0" 404 3551 "https://dkkapusta1997.usermd.net/Jurek/eany_blc/" "Mozilla/5.0 (Windows NT 10.0; Win64; x64) AppleWebKit/537.36 (KHTML, like Gecko) Chrome/137.0.0.0 Safari/537.36"
193.33.8.61 - - [10/Jun/2025:08:03:57 +0200] "GET /Jurek/eany_blc/data.csv HTTP/2.0" 200 85397570 "https://dkkapusta1997.usermd.net/Jurek/eany_blc/" "Mozilla/5.0 (Windows NT 10.0; Win64; x64) AppleWebKit/537.36 (KHTML, like Gecko) Chrome/137.0.0.0 Safari/537.36"
85.14.86.141 - - [10/Jun/2025:08:04:03 +0200] "GET /Jurek/kinghoff/feeds/kinghoff_morele.xml HTTP/2.0" 200 15720339 "-" "MarketplaceAPI curl/7.74.0 PHP/8"
89.161.206.59 - - [10/Jun/2025:08:04:29 +0200] "GET /Jurek/makow/feeds/makow_emagro.xml HTTP/1.0" 200 21205956 "-" "-"
89.161.206.59 - - [10/Jun/2025:08:04:30 +0200] "GET /Jurek/hdwr/feeds/hdwr_emagro.xml HTTP/1.0" 200 789615 "-" "-"
66.249.70.37 - - [10/Jun/2025:08:04:39 +0200] "GET /Jurek/topeshop/downloaded_images/5902838467459_4.jpg HTTP/1.1" 404 3551 "-" "Googlebot-Image/1.0"
52.18.22.0 - - [10/Jun/2025:08:04:41 +0200] "GET /marketplaces/carrefour/results/carrefour.csv HTTP/1.1" 200 147219 "-" "Mirakl HttpClient"
85.14.86.141 - - [10/Jun/2025:08:06:41 +0200] "GET /Jurek/eurofirany/feeds/eurofirany_morele.xml HTTP/2.0" 200 18720286 "-" "MarketplaceAPI curl/7.74.0 PHP/8"
85.14.86.141 - - [10/Jun/2025:08:06:49 +0200] "GET /Jurek/vivaldi/feeds/vivaldi_Morele-PL.xml HTTP/2.0" 200 344674 "-" "MarketplaceAPI curl/7.74.0 PHP/8"
85.14.86.141 - - [10/Jun/2025:08:08:16 +0200] "GET /Jurek/vida_morele/feeds/VidaPL_morele.xml HTTP/2.0" 200 861155310 "-" "MarketplaceAPI curl/7.74.0 PHP/8"
66.249.70.36 - - [10/Jun/2025:08:08:17 +0200] "GET /Jurek/eurofirany/images/378049/1.jpg HTTP/1.1" 200 144080 "-" "Googlebot-Image/1.0"
85.14.86.141 - - [10/Jun/2025:08:08:25 +0200] "GET /Jurek/aw/feeds/awnarzedzia_morele.xml HTTP/2.0" 200 90788959 "-" "MarketplaceAPI curl/7.74.0 PHP/8"
178.21.154.6 - - [10/Jun/2025:08:08:36 +0200] "GET /Jurek/eurofirany/images/389957/0.jpg HTTP/1.1" 200 199278 "-" "-"
185.6.76.18 - - [10/Jun/2025:08:08:50 +0200] "GET /marketplaces/skroutz/feeds/shumee.xml HTTP/1.1" 200 411580470 "-" "SkroutzBot v1.0"
85.14.86.141 - - [10/Jun/2025:08:09:32 +0200] "GET /Jurek/beliani/feeds/beliani_morele.xml HTTP/2.0" 200 30609119 "-" "MarketplaceAPI curl/7.74.0 PHP/8"
66.249.70.37 - - [10/Jun/2025:08:10:05 +0200] "GET /Jurek/eurofirany/images/398781/1.jpg HTTP/1.1" 200 35884 "-" "Googlebot-Image/1.0"
66.249.70.38 - - [10/Jun/2025:08:11:54 +0200] "GET /Jurek/eurofirany/images/428727/1.jpg HTTP/1.1" 200 103815 "-" "Googlebot-Image/1.0"
66.249.70.37 - - [10/Jun/2025:08:13:42 +0200] "GET /Jurek/eurofirany/images/428727/7.jpg HTTP/1.1" 200 87127 "-" "Googlebot-Image/1.0"
66.249.70.37 - - [10/Jun/2025:08:15:31 +0200] "GET /Jurek/eurofirany/images/428727/14.jpg HTTP/1.1" 200 6585 "-" "Googlebot-Image/1.0"
89.161.206.59 - - [10/Jun/2025:08:18:01 +0200] "GET /Jurek/beltimore/feeds/beltimore_bol.xml HTTP/1.0" 200 18652254 "-" "-"
89.161.206.59 - - [10/Jun/2025:08:18:26 +0200] "GET /Jurek/hurtmeblowy/feeds/hurtmeblowy_emagro.xml HTTP/1.0" 200 8563075 "-" "-"
66.249.70.36 - - [10/Jun/2025:08:19:08 +0200] "GET /Jurek/eurofirany/images/378049/6.jpg HTTP/1.1" 200 33 "-" "Googlebot-Image/1.0"
66.249.70.37 - - [10/Jun/2025:08:19:13 +0200] "GET /Jurek/topeshop/downloaded_images/5902838466681_1.png HTTP/1.1" 404 3551 "-" "Googlebot-Image/1.0"
66.249.70.36 - - [10/Jun/2025:08:19:15 +0200] "GET /Jurek/topeshop/downloaded_images/5902838466681_3.png HTTP/1.1" 404 3551 "-" "Googlebot-Image/1.0"
193.33.8.61 - - [10/Jun/2025:08:20:44 +0200] "GET /Jurek/eany/ HTTP/2.0" 200 634 "-" "Mozilla/5.0 (Windows NT 10.0; Win64; x64) AppleWebKit/537.36 (KHTML, like Gecko) Chrome/137.0.0.0 Safari/537.36"
193.33.8.61 - - [10/Jun/2025:08:20:44 +0200] "GET /Jurek/eany/styles.css HTTP/2.0" 200 2070 "https://dkkapusta1997.usermd.net/Jurek/eany/" "Mozilla/5.0 (Windows NT 10.0; Win64; x64) AppleWebKit/537.36 (KHTML, like Gecko) Chrome/137.0.0.0 Safari/537.36"
193.33.8.61 - - [10/Jun/2025:08:20:44 +0200] "GET /Jurek/eany/script.js HTTP/2.0" 200 4251 "https://dkkapusta1997.usermd.net/Jurek/eany/" "Mozilla/5.0 (Windows NT 10.0; Win64; x64) AppleWebKit/537.36 (KHTML, like Gecko) Chrome/137.0.0.0 Safari/537.36"
193.33.8.61 - - [10/Jun/2025:08:20:44 +0200] "GET /favicon.ico HTTP/2.0" 404 3551 "https://dkkapusta1997.usermd.net/Jurek/eany/" "Mozilla/5.0 (Windows NT 10.0; Win64; x64) AppleWebKit/537.36 (KHTML, like Gecko) Chrome/137.0.0.0 Safari/537.36"
193.33.8.61 - - [10/Jun/2025:08:20:46 +0200] "GET /Jurek/eany/data.csv HTTP/2.0" 200 26438611 "https://dkkapusta1997.usermd.net/Jurek/eany/" "Mozilla/5.0 (Windows NT 10.0; Win64; x64) AppleWebKit/537.36 (KHTML, like Gecko) Chrome/137.0.0.0 Safari/537.36"
66.249.70.37 - - [10/Jun/2025:08:20:57 +0200] "GET /Jurek/eurofirany/images/428727/9.jpg HTTP/1.1" 200 217712 "-" "Googlebot-Image/1.0"
193.33.8.61 - - [10/Jun/2025:08:21:11 +0200] "GET /favicon.ico HTTP/2.0" 404 3551 "https://dkkapusta1997.usermd.net/Filip/vida/" "Mozilla/5.0 (Macintosh; Intel Mac OS X 10_15_7) AppleWebKit/537.36 (KHTML, like Gecko) Chrome/137.0.0.0 Safari/537.36"
66.249.70.36 - - [10/Jun/2025:08:22:46 +0200] "GET /Jurek/eurofirany/images/428727/6.jpg HTTP/1.1" 200 151898 "-" "Googlebot-Image/1.0"
66.249.70.37 - - [10/Jun/2025:08:24:34 +0200] "GET /Jurek/eurofirany/images/398781/4.jpg HTTP/1.1" 200 81152 "-" "Googlebot-Image/1.0"
89.161.206.59 - - [10/Jun/2025:08:25:58 +0200] "GET /Jurek/benetech/feeds/benetech_amazonnl.xml HTTP/1.0" 200 4165378 "-" "-"
89.161.206.59 - - [10/Jun/2025:08:25:58 +0200] "GET /Jurek/benetech/feeds/benetech_amazonse.xml HTTP/1.0" 200 4165736 "-" "-"
89.161.206.59 - - [10/Jun/2025:08:25:59 +0200] "GET /Jurek/dekoele/feeds/dekoele_amazonde.xml HTTP/1.0" 200 733940 "-" "-"
89.161.206.59 - - [10/Jun/2025:08:25:59 +0200] "GET /Jurek/dekoele/feeds/dekoele_amazonit.xml HTTP/1.0" 200 733939 "-" "-"
89.161.206.59 - - [10/Jun/2025:08:25:59 +0200] "GET /Jurek/dekoele/feeds/dekoele_amazonfr.xml HTTP/1.0" 200 733938 "-" "-"
89.161.206.59 - - [10/Jun/2025:08:26:00 +0200] "GET /Jurek/dekoele/feeds/dekoele_amazones.xml HTTP/1.0" 200 733940 "-" "-"
89.161.206.59 - - [10/Jun/2025:08:26:00 +0200] "GET /Jurek/dekoele/feeds/dekoele_amazonnl.xml HTTP/1.0" 200 733941 "-" "-"
89.161.206.59 - - [10/Jun/2025:08:26:00 +0200] "GET /Jurek/dekoele/feeds/dekoele_amazonse.xml HTTP/1.0" 200 734013 "-" "-"
89.161.206.59 - - [10/Jun/2025:08:26:00 +0200] "GET /Jurek/dekoele/feeds/dekoele_amazonbe.xml HTTP/1.0" 200 733941 "-" "-"
66.249.70.36 - - [10/Jun/2025:08:26:23 +0200] "GET /Jurek/eurofirany/images/398781/2.jpg HTTP/1.1" 200 36950 "-" "Googlebot-Image/1.0"
66.249.70.37 - - [10/Jun/2025:08:28:12 +0200] "GET /Jurek/eurofirany/images/398781/8.jpg HTTP/1.1" 200 90831 "-" "Googlebot-Image/1.0"
66.249.70.37 - - [10/Jun/2025:08:30:00 +0200] "GET /Jurek/eurofirany/images/398781/3.jpg HTTP/1.1" 200 38773 "-" "Googlebot-Image/1.0"
89.161.206.59 - - [10/Jun/2025:08:30:06 +0200] "GET /Jurek/benetech/feeds/benetech_amazonfr.xml HTTP/1.0" 200 4165396 "-" "-"
89.161.206.59 - - [10/Jun/2025:08:30:07 +0200] "GET /Jurek/benetech/feeds/benetech_amazones.xml HTTP/1.0" 200 4165412 "-" "-"
89.161.206.59 - - [10/Jun/2025:08:30:07 +0200] "GET /Jurek/benetech/feeds/benetech_amazonit.xml HTTP/1.0" 200 4165410 "-" "-"
89.161.206.59 - - [10/Jun/2025:08:30:10 +0200] "GET /Jurek/carbonyway/feeds/carbonyway_amazonde.xml HTTP/1.0" 200 3075976 "-" "-"
89.161.206.59 - - [10/Jun/2025:08:30:13 +0200] "GET /Jurek/cdata/feeds/cdata_amazonde.xml HTTP/1.0" 200 1445129 "-" "-"
89.161.206.59 - - [10/Jun/2025:08:30:13 +0200] "GET /Jurek/drewdon/feeds/drewdon_amazonde.xml HTTP/1.0" 200 504442 "-" "-"
89.161.206.59 - - [10/Jun/2025:08:30:13 +0200] "GET /Jurek/alucon/feeds/alucon_amazonde.xml HTTP/1.0" 200 553699 "-" "-"
89.161.206.59 - - [10/Jun/2025:08:30:13 +0200] "GET /Jurek/beltimore/feeds/beltimore_amazonde.xml HTTP/1.0" 200 18652184 "-" "-"
46.101.116.244 - - [10/Jun/2025:08:31:44 +0200] "GET /Jurek/eurofirany/feeds/eurofirany_ceneo.xml HTTP/1.0" 200 18722264 "-" "-"
66.249.70.37 - - [10/Jun/2025:08:31:49 +0200] "GET /Jurek/eurofirany/images/378049/0.jpg HTTP/1.1" 200 116833 "-" "Googlebot-Image/1.0"
66.249.70.36 - - [10/Jun/2025:08:33:38 +0200] "GET /Jurek/eurofirany/images/428727/3.jpg HTTP/1.1" 200 51851 "-" "Googlebot-Image/1.0"
193.33.8.61 - - [10/Jun/2025:08:34:25 +0200] "GET /Jurek/eany_blc/data.csv HTTP/2.0" 200 85397570 "https://dkkapusta1997.usermd.net/Jurek/eany_blc/" "Mozilla/5.0 (Windows NT 10.0; Win64; x64) AppleWebKit/537.36 (KHTML, like Gecko) Chrome/137.0.0.0 Safari/537.36"
89.161.206.59 - - [10/Jun/2025:08:35:44 +0200] "GET /Jurek/combine/feeds/combine_amazonde.xml HTTP/1.0" 200 210556 "-" "-"
89.161.206.59 - - [10/Jun/2025:08:35:47 +0200] "GET /Jurek/benetech/feeds/benetech_amazonbe.xml HTTP/1.0" 200 4165383 "-" "-"
89.161.206.59 - - [10/Jun/2025:08:35:48 +0200] "GET /Jurek/emaja24/feeds/emaja24_amazonnl.xml HTTP/1.0" 200 5102054 "-" "-"
52.209.168.113 - - [10/Jun/2025:08:37:00 +0200] "GET /marketplaces/worten2/results/worten.csv HTTP/1.1" 200 19253584 "-" "Mirakl HttpClient"
89.161.206.59 - - [10/Jun/2025:08:38:36 +0200] "GET /Jurek/bisanti/feeds/bisanti_allegro.xml HTTP/1.0" 200 1142382 "-" "-"
89.161.206.59 - - [10/Jun/2025:08:38:36 +0200] "GET /Jurek/combine/feeds/combine_allegro.xml HTTP/1.0" 200 210566 "-" "-"
66.249.70.38 - - [10/Jun/2025:08:39:04 +0200] "GET /Jurek/eurofirany/images/415637/1.jpg HTTP/1.1" 200 162742 "-" "Googlebot-Image/1.0"
89.161.206.59 - - [10/Jun/2025:08:40:51 +0200] "GET /Jurek/emaja24/feeds/emaja24_amazones.xml HTTP/1.0" 200 5102034 "-" "-"
66.249.70.38 - - [10/Jun/2025:08:40:52 +0200] "GET /Jurek/eurofirany/images/378049/2.jpg HTTP/1.1" 200 88894 "-" "Googlebot-Image/1.0"
89.161.206.59 - - [10/Jun/2025:08:40:52 +0200] "GET /Jurek/beautycare/feeds/beautycare_amazonde.xml HTTP/1.0" 200 1181279 "-" "-"
89.161.206.59 - - [10/Jun/2025:08:40:53 +0200] "GET /Jurek/avenido/feeds/avenido_amazonde.xml HTTP/1.0" 200 720111 "-" "-"
66.249.70.37 - - [10/Jun/2025:08:42:41 +0200] "GET /Jurek/eurofirany/images/428727/11.jpg HTTP/1.1" 200 109722 "-" "Googlebot-Image/1.0"
89.161.206.59 - - [10/Jun/2025:08:43:40 +0200] "GET /Jurek/benetech/feeds/benetech_amazonde.xml HTTP/1.0" 200 4165377 "-" "-"
66.249.70.36 - - [10/Jun/2025:08:44:20 +0200] "GET /Jurek/topeshop/downloaded_images/5902838466209_KUBABIURKOSONOMA2_.png HTTP/1.1" 404 3551 "-" "Googlebot-Image/1.0"
66.249.70.36 - - [10/Jun/2025:08:44:27 +0200] "GET /Jurek/topeshop/downloaded_images/5902838466209_KUBABIURKOBRY%C5%81KASONOMAFRONTOT.jpg HTTP/1.1" 404 3551 "-" "Googlebot-Image/1.0"
66.249.70.36 - - [10/Jun/2025:08:44:29 +0200] "GET /Jurek/eurofirany/images/378049/4.jpg HTTP/1.1" 200 164946 "-" "Googlebot-Image/1.0"
66.249.70.36 - - [10/Jun/2025:08:44:33 +0200] "GET /Jurek/topeshop/downloaded_images/5902838466209_KUBABIURKOBRY%C5%81KASONOMAFRONTZM.jpg HTTP/1.1" 404 3551 "-" "Googlebot-Image/1.0"
89.161.206.59 - - [10/Jun/2025:08:45:26 +0200] "GET /Jurek/rovato/feeds/rovato_skroutz.xml HTTP/1.0" 200 99164 "-" "-"
66.249.70.36 - - [10/Jun/2025:08:45:53 +0200] "GET /Jurek/topeshop/downloaded_images/5902838466209_KUBABIURKOSONOMA.png HTTP/1.1" 404 3551 "-" "Googlebot-Image/1.0"
66.249.70.37 - - [10/Jun/2025:08:46:18 +0200] "GET /Jurek/eurofirany/images/428727/5.jpg HTTP/1.1" 200 225539 "-" "Googlebot-Image/1.0"
5.134.208.158 - - [10/Jun/2025:08:46:32 +0200] "GET /Jurek/eurofirany/images/379496/0.jpg HTTP/1.1" 200 16503 "-" "-"
44.210.90.57 - - [10/Jun/2025:08:47:30 +0200] "GET /Jurek/topeshop/feeds/topeshop_emagsm.xml HTTP/1.1" 206 32769 "-" "Slackbot-LinkExpanding 1.0 (+https://api.slack.com/robots)"
3.89.75.8 - - [10/Jun/2025:08:47:30 +0200] "GET /Jurek/topeshop/feeds/topeshop_emagsm.xml HTTP/1.1" 206 65536 "-" "Slackbot-LinkExpanding 1.0 (+https://api.slack.com/robots)"
54.197.38.167 - - [10/Jun/2025:08:47:31 +0200] "GET /Jurek/topeshop/feeds/topeshop_emagsm.xml HTTP/1.1" 206 65536 "-" "Slackbot-LinkExpanding 1.0 (+https://api.slack.com/robots)"
3.82.115.69 - - [10/Jun/2025:08:47:32 +0200] "GET /Jurek/topeshop/feeds/topeshop_emagsm.xml HTTP/1.1" 206 65536 "-" "Slackbot-LinkExpanding 1.0 (+https://api.slack.com/robots)"
3.82.115.69 - - [10/Jun/2025:08:47:32 +0200] "GET /Jurek/topeshop/feeds/topeshop_emagsm.xml HTTP/1.1" 206 65536 "-" "Slackbot-LinkExpanding 1.0 (+https://api.slack.com/robots)"
52.91.77.24 - - [10/Jun/2025:08:47:33 +0200] "GET /Jurek/topeshop/feeds/topeshop_emagsm.xml HTTP/1.1" 206 65536 "-" "Slackbot-LinkExpanding 1.0 (+https://api.slack.com/robots)"
44.203.1.53 - - [10/Jun/2025:08:47:34 +0200] "GET /Jurek/topeshop/feeds/topeshop_emagsm.xml HTTP/1.1" 206 65536 "-" "Slackbot-LinkExpanding 1.0 (+https://api.slack.com/robots)"
52.91.77.24 - - [10/Jun/2025:08:47:34 +0200] "GET /Jurek/topeshop/feeds/topeshop_emagsm.xml HTTP/1.1" 206 65536 "-" "Slackbot-LinkExpanding 1.0 (+https://api.slack.com/robots)"
54.211.68.212 - - [10/Jun/2025:08:47:35 +0200] "GET /Jurek/topeshop/feeds/topeshop_emagsm.xml HTTP/1.1" 206 65536 "-" "Slackbot-LinkExpanding 1.0 (+https://api.slack.com/robots)"
89.161.206.59 - - [10/Jun/2025:08:47:35 +0200] "GET /Jurek/maksik/feeds/maksik_skroutz.xml HTTP/1.0" 200 4084702 "-" "-"
54.172.128.58 - - [10/Jun/2025:08:47:35 +0200] "GET /Jurek/topeshop/feeds/topeshop_emagsm.xml HTTP/1.1" 206 65536 "-" "Slackbot-LinkExpanding 1.0 (+https://api.slack.com/robots)"
44.201.136.125 - - [10/Jun/2025:08:47:36 +0200] "GET /Jurek/topeshop/feeds/topeshop_emagsm.xml HTTP/1.1" 206 65536 "-" "Slackbot-LinkExpanding 1.0 (+https://api.slack.com/robots)"
89.161.206.59 - - [10/Jun/2025:08:47:37 +0200] "GET /Jurek/globaldeli/feeds/globaldeli_skroutz.xml HTTP/1.0" 200 2590887 "-" "-"
54.146.177.97 - - [10/Jun/2025:08:47:37 +0200] "GET /Jurek/topeshop/feeds/topeshop_emagsm.xml HTTP/1.1" 206 65536 "-" "Slackbot-LinkExpanding 1.0 (+https://api.slack.com/robots)"
44.203.56.152 - - [10/Jun/2025:08:47:38 +0200] "GET /Jurek/topeshop/feeds/topeshop_emagsm.xml HTTP/1.1" 206 65536 "-" "Slackbot-LinkExpanding 1.0 (+https://api.slack.com/robots)"
54.89.175.96 - - [10/Jun/2025:08:47:38 +0200] "GET /Jurek/topeshop/feeds/topeshop_emagsm.xml HTTP/1.1" 206 65536 "-" "Slackbot-LinkExpanding 1.0 (+https://api.slack.com/robots)"
44.202.116.48 - - [10/Jun/2025:08:47:39 +0200] "GET /Jurek/topeshop/feeds/topeshop_emagsm.xml HTTP/1.1" 206 65536 "-" "Slackbot-LinkExpanding 1.0 (+https://api.slack.com/robots)"
107.22.64.174 - - [10/Jun/2025:08:47:40 +0200] "GET /Jurek/topeshop/feeds/topeshop_emagsm.xml HTTP/1.1" 206 65536 "-" "Slackbot-LinkExpanding 1.0 (+https://api.slack.com/robots)"
44.202.116.48 - - [10/Jun/2025:08:47:40 +0200] "GET /favicon.ico HTTP/1.1" 404 3551 "-" "Slackbot 1.0 (+https://api.slack.com/robots)"
89.161.206.59 - - [10/Jun/2025:08:47:41 +0200] "GET /Jurek/smxdesign/feeds/smxdesign_skroutz.xml HTTP/1.0" 200 1829043 "-" "-"
89.161.206.59 - - [10/Jun/2025:08:47:42 +0200] "GET /Jurek/proparts/feeds/proparts_skroutz.xml HTTP/1.0" 200 707502 "-" "-"
89.161.206.59 - - [10/Jun/2025:08:47:52 +0200] "GET /Jurek/techrebal/feeds/techrebal_skroutz.xml HTTP/1.0" 200 1969170 "-" "-"
66.249.70.38 - - [10/Jun/2025:08:48:07 +0200] "GET /Jurek/eurofirany/images/378049/5.jpg HTTP/1.1" 200 33 "-" "Googlebot-Image/1.0"
89.161.206.59 - - [10/Jun/2025:08:48:47 +0200] "GET /Jurek/omi/feeds/omi_skroutz.xml HTTP/1.0" 200 8100706 "-" "-"
89.161.206.59 - - [10/Jun/2025:08:48:58 +0200] "GET /Jurek/eoptimo/feeds/eoptimo_skroutz.xml HTTP/1.0" 200 2094367 "-" "-"
66.249.70.38 - - [10/Jun/2025:08:49:56 +0200] "GET /Jurek/eurofirany/images/371528/13.jpg HTTP/1.1" 200 136522 "-" "Googlebot-Image/1.0"
66.249.70.38 - - [10/Jun/2025:08:51:44 +0200] "GET /Jurek/eurofirany/images/354682/0.jpg HTTP/1.1" 200 117588 "-" "Googlebot-Image/1.0"
89.161.206.59 - - [10/Jun/2025:08:53:12 +0200] "GET /Jurek/bemipol/feeds/bemipol_skroutz.xml HTTP/1.0" 200 423626 "-" "-"
89.161.206.59 - - [10/Jun/2025:08:53:17 +0200] "GET /Jurek/bentivolio/feeds/bentivolio_skr.xml HTTP/1.0" 200 1261272 "-" "-"
89.161.206.59 - - [10/Jun/2025:08:53:25 +0200] "GET /Jurek/apresto/feeds/apresto_skr.xml HTTP/1.0" 200 1316736 "-" "-"
89.161.206.59 - - [10/Jun/2025:08:53:27 +0200] "GET /Jurek/sovapl/feeds/sovapl_skr.xml HTTP/1.0" 200 8999357 "-" "-"
89.161.206.59 - - [10/Jun/2025:08:53:29 +0200] "GET /Jurek/missionair/feeds/missionair_skr.xml HTTP/1.0" 200 3154906 "-" "-"
89.161.206.59 - - [10/Jun/2025:08:53:29 +0200] "GET /Jurek/erohurtownia/feeds/erohurtownia_amazonde.xml HTTP/1.0" 200 22846411 "-" "-"
89.161.206.59 - - [10/Jun/2025:08:53:30 +0200] "GET /Jurek/wezer/feeds/wezer_skroutz.xml HTTP/1.0" 200 202549 "-" "-"
89.161.206.59 - - [10/Jun/2025:08:53:32 +0200] "GET /Jurek/shiori/feeds/shiori_skroutz.xml HTTP/1.0" 200 453654 "-" "-"
66.249.70.37 - - [10/Jun/2025:08:53:33 +0200] "GET /Jurek/eurofirany/images/405402/2.jpg HTTP/1.1" 200 227874 "-" "Googlebot-Image/1.0"
89.161.206.59 - - [10/Jun/2025:08:53:36 +0200] "GET /Jurek/rems/feeds/rems_skr.xml HTTP/1.0" 200 8706217 "-" "-"
66.249.70.36 - - [10/Jun/2025:08:55:21 +0200] "GET /Jurek/eurofirany/images/400242/1.jpg HTTP/1.1" 200 64261 "-" "Googlebot-Image/1.0"
89.161.206.59 - - [10/Jun/2025:08:55:50 +0200] "GET /Jurek/cbdgreen/feeds/cbdgreen_skroutz.xml HTTP/1.0" 200 30341 "-" "-"
89.161.206.59 - - [10/Jun/2025:08:55:51 +0200] "GET /Jurek/alucon/feeds/alucon_skroutz.xml HTTP/1.0" 200 553698 "-" "-"
89.161.206.59 - - [10/Jun/2025:08:55:51 +0200] "GET /Jurek/nexus/feeds/nexus_skroutz.xml HTTP/1.0" 200 226620 "-" "-"
89.161.206.59 - - [10/Jun/2025:08:55:57 +0200] "GET /Jurek/playcob/feeds/playcob_skroutz.xml HTTP/1.0" 200 6980099 "-" "-"
89.161.206.59 - - [10/Jun/2025:08:57:18 +0200] "GET /Jurek/elavia/feeds/elavia_skroutz.xml HTTP/1.0" 200 2297075 "-" "-"
66.249.70.36 - - [10/Jun/2025:08:58:59 +0200] "GET /Jurek/eurofirany/images/386714/8.jpg HTTP/1.1" 200 232179 "-" "Googlebot-Image/1.0"
193.33.8.61 - - [10/Jun/2025:08:59:36 +0200] "GET /Jurek/carbonyway/feeds/carbonyway_alza.xml HTTP/2.0" 200 3076579 "https://konsola.dkkapusta1997.usermd.net/" "Mozilla/5.0 (Windows NT 10.0; Win64; x64) AppleWebKit/537.36 (KHTML, like Gecko) Chrome/137.0.0.0 Safari/537.36"
193.33.8.61 - - [10/Jun/2025:08:59:38 +0200] "GET /favicon.ico HTTP/2.0" 404 3551 "https://dkkapusta1997.usermd.net/Jurek/carbonyway/feeds/carbonyway_alza.xml" "Mozilla/5.0 (Windows NT 10.0; Win64; x64) AppleWebKit/537.36 (KHTML, like Gecko) Chrome/137.0.0.0 Safari/537.36"
34.250.103.72 - - [10/Jun/2025:09:00:16 +0200] "GET /Jurek/carbonyway/feeds/carbonyway_alza.xml HTTP/1.1" 200 147217 "-" "Mozilla/5.0 (Macintosh; Intel Mac OS X 10_13_6) AppleWebKit/537.36 (KHTML, like Gecko) Chrome/73.0.3669.0 Safari/537.36"
52.210.221.24 - - [10/Jun/2025:09:00:17 +0200] "GET /Jurek/carbonyway/feeds/carbonyway_alza.xml HTTP/1.1" 200 3076579 "-" "ClickUpLinkUnfurler/1.0 (+https://clickup.com)"
85.14.86.141 - - [10/Jun/2025:09:00:22 +0200] "GET /Jurek/vida_morele/feeds/VidaPL_all.xml HTTP/2.0" 200 861153740 "-" "MarketplaceAPI curl/7.74.0 PHP/8"
35.204.39.32 - - [10/Jun/2025:09:00:32 +0200] "GET /marketplaces/carrefour_fr/results/carrefour_fr.csv HTTP/1.1" 200 147219 "-" "Mirakl HttpClient"
89.161.206.59 - - [10/Jun/2025:09:00:36 +0200] "GET /Jurek/topeshop/feeds/topeshop_amazonFR.xml HTTP/1.0" 200 3047443 "-" "-"
89.161.206.59 - - [10/Jun/2025:09:00:36 +0200] "GET /Jurek/topeshop/feeds/topeshop_amazonIT.xml HTTP/1.0" 200 3047477 "-" "-"
89.161.206.59 - - [10/Jun/2025:09:00:36 +0200] "GET /Jurek/topeshop/feeds/topeshop_amazonDE.xml HTTP/1.0" 200 3047401 "-" "-"
89.161.206.59 - - [10/Jun/2025:09:00:37 +0200] "GET /Jurek/topeshop/feeds/topeshop_amazonSE.xml HTTP/1.0" 200 3048261 "-" "-"
89.161.206.59 - - [10/Jun/2025:09:00:37 +0200] "GET /Jurek/topeshop/feeds/topeshop_amazonES.xml HTTP/1.0" 200 3047521 "-" "-"
89.161.206.59 - - [10/Jun/2025:09:00:37 +0200] "GET /Jurek/topeshop/feeds/topeshop_amazonNL.xml HTTP/1.0" 200 3047453 "-" "-"
89.161.206.59 - - [10/Jun/2025:09:00:37 +0200] "GET /Jurek/topeshop/feeds/topeshop_amazonBE.xml HTTP/1.0" 200 3047481 "-" "-"
52.18.22.0 - - [10/Jun/2025:09:00:43 +0200] "GET /marketplaces/ubaldi/results/ubaldi.csv HTTP/1.1" 200 147219 "-" "Mirakl HttpClient"
66.249.70.37 - - [10/Jun/2025:09:00:48 +0200] "GET /Jurek/eurofirany/images/459301/4.jpg HTTP/1.1" 200 160509 "-" "Googlebot-Image/1.0"
46.101.116.244 - - [10/Jun/2025:09:01:21 +0200] "GET /Jurek/hurtownia_przemyslowa/feeds/hp_alza.xml HTTP/2.0" 200 49379758 "-" "-"
35.204.39.32 - - [10/Jun/2025:09:01:27 +0200] "GET /marketplaces/vente/results/vente_nl.csv HTTP/1.1" 200 147219 "-" "Mirakl HttpClient"
77.79.248.229 - - [10/Jun/2025:09:01:27 +0200] "GET /Jurek/carbonyway/feeds/carbonyway_alza.xml HTTP/1.1" 200 3076579 "-" "Python-urllib/3.11"
35.204.39.32 - - [10/Jun/2025:09:01:27 +0200] "GET /marketplaces/vente/results/vente_fr.csv HTTP/1.1" 200 147219 "-" "Mirakl HttpClient"
35.204.39.32 - - [10/Jun/2025:09:01:27 +0200] "GET /marketplaces/vente/results/vente_be.csv HTTP/1.1" 200 147219 "-" "Mirakl HttpClient"
35.204.39.32 - - [10/Jun/2025:09:01:27 +0200] "GET /marketplaces/vente/results/vente_it.csv HTTP/1.1" 200 147219 "-" "Mirakl HttpClient"
35.204.39.32 - - [10/Jun/2025:09:01:27 +0200] "GET /marketplaces/vente/results/vente_es.csv HTTP/1.1" 200 147219 "-" "Mirakl HttpClient"
35.204.39.32 - - [10/Jun/2025:09:01:27 +0200] "GET /marketplaces/vente/results/vente_de.csv HTTP/1.1" 200 147219 "-" "Mirakl HttpClient"
46.101.116.244 - - [10/Jun/2025:09:01:42 +0200] "GET /Jurek/hurtownia_przemyslowa/feeds/hp_kaufcz.xml HTTP/2.0" 200 49380059 "-" "-"
52.17.80.36 - - [10/Jun/2025:09:02:02 +0200] "GET /marketplaces/rue/results/rue.csv HTTP/1.1" 200 147219 "-" "Mirakl HttpClient"
46.101.116.244 - - [10/Jun/2025:09:02:24 +0200] "GET /Jurek/hurtownia_przemyslowa/feeds/hp_kaufsk.xml HTTP/2.0" 200 49360545 "-" "-"
66.249.70.36 - - [10/Jun/2025:09:02:36 +0200] "GET /Jurek/eurofirany/images/378049/3.jpg HTTP/1.1" 200 75287 "-" "Googlebot-Image/1.0"
46.101.116.244 - - [10/Jun/2025:09:02:59 +0200] "GET /Jurek/hurtownia_przemyslowa/feeds/hp_kaufde.xml HTTP/2.0" 200 49359340 "-" "-"
18.157.125.26 - - [10/Jun/2025:09:03:09 +0200] "GET /Jurek/eurofirany/images/465195/0.jpg HTTP/2.0" 200 81897 "-" "Mozilla/5.0 (Windows NT 10.0; Win64; x64) AppleWebKit/537.36 (KHTML, like Gecko) Chrome/109.0.0.0 Safari/537.36"
85.14.86.141 - - [10/Jun/2025:09:04:10 +0200] "GET /Jurek/kinghoff/feeds/kinghoff_morele.xml HTTP/2.0" 200 15720339 "-" "MarketplaceAPI curl/7.74.0 PHP/8"
66.249.70.38 - - [10/Jun/2025:09:04:25 +0200] "GET /Jurek/eurofirany/images/386398/5.jpg HTTP/1.1" 200 69090 "-" "Googlebot-Image/1.0"
46.101.116.244 - - [10/Jun/2025:09:04:42 +0200] "GET /Jurek/piotrmiedz/feeds/piotrmiedz_zero.xml HTTP/2.0" 200 91017161 "-" "-"
52.18.22.0 - - [10/Jun/2025:09:05:13 +0200] "GET /marketplaces/carrefour/results/carrefour.csv HTTP/1.1" 200 147219 "-" "Mirakl HttpClient"
40.77.167.24 - - [10/Jun/2025:09:06:02 +0200] "GET /Jurek/topeshop/downloaded_images/5904507209902_Image0007_mini.jpg HTTP/2.0" 404 3551 "-" "Mozilla/5.0 AppleWebKit/537.36 (KHTML, like Gecko; compatible; bingbot/2.0; +http://www.bing.com/bingbot.htm) Chrome/116.0.1938.76 Safari/537.36"
66.249.70.38 - - [10/Jun/2025:09:06:13 +0200] "GET /Jurek/eurofirany/images/390420/9.jpg HTTP/1.1" 200 92563 "-" "Googlebot-Image/1.0"
89.161.206.59 - - [10/Jun/2025:09:06:24 +0200] "GET /Jurek/hdwr/feeds/hdwr_amazonde.xml HTTP/1.0" 200 789419 "-" "-"
66.249.70.37 - - [10/Jun/2025:09:06:28 +0200] "GET /Jurek/topeshop/downloaded_images/5902838463338_Dallas_Sonoma(1).jpg HTTP/1.1" 404 3551 "-" "Googlebot-Image/1.0"
66.249.70.36 - - [10/Jun/2025:09:06:30 +0200] "GET /Jurek/topeshop/downloaded_images/5902838463338_Dallas_Sonoma(6).jpg HTTP/1.1" 404 3551 "-" "Googlebot-Image/1.0"
85.14.86.141 - - [10/Jun/2025:09:06:46 +0200] "GET /Jurek/eurofirany/feeds/eurofirany_morele.xml HTTP/2.0" 200 18720286 "-" "MarketplaceAPI curl/7.74.0 PHP/8"
85.14.86.141 - - [10/Jun/2025:09:07:12 +0200] "GET /Jurek/vivaldi/feeds/vivaldi_Morele-PL.xml HTTP/2.0" 200 344674 "-" "MarketplaceAPI curl/7.74.0 PHP/8"
46.101.116.244 - - [10/Jun/2025:09:07:17 +0200] "GET /Jurek/kamar/feeds/kamar_alza.xml HTTP/2.0" 200 25563765 "-" "-"
46.101.116.244 - - [10/Jun/2025:09:07:54 +0200] "GET /Jurek/tsjerzy/feeds/tsjerzy_alza.xml HTTP/2.0" 200 3901420 "-" "-"
66.249.70.37 - - [10/Jun/2025:09:08:03 +0200] "GET /Jurek/topeshop/downloaded_images/5904507202408_sonoma-mini.png HTTP/1.1" 200 1173124 "-" "Googlebot-Image/1.0"
46.101.116.244 - - [10/Jun/2025:09:08:15 +0200] "GET /Jurek/hurtmeblowy/feeds/hurtmeblowy_alza.xml HTTP/2.0" 200 8564793 "-" "-"
46.101.116.244 - - [10/Jun/2025:09:08:28 +0200] "GET /Jurek/kobi/feeds/kobi_alza.xml HTTP/2.0" 200 677268 "-" "-"
46.101.116.244 - - [10/Jun/2025:09:08:39 +0200] "GET /Jurek/madrex/feeds/madrex_alza.xml HTTP/2.0" 200 466751 "-" "-"
85.14.86.141 - - [10/Jun/2025:09:08:43 +0200] "GET /Jurek/vida_morele/feeds/VidaPL_morele.xml HTTP/2.0" 200 861155310 "-" "MarketplaceAPI curl/7.74.0 PHP/8"
46.101.116.244 - - [10/Jun/2025:09:08:49 +0200] "GET /Jurek/matkam/feeds/matkam_alza.xml HTTP/2.0" 200 4426672 "-" "-"
85.14.86.141 - - [10/Jun/2025:09:09:47 +0200] "GET /Jurek/aw/feeds/awnarzedzia_morele.xml HTTP/2.0" 200 90788959 "-" "MarketplaceAPI curl/7.74.0 PHP/8"
185.6.76.18 - - [10/Jun/2025:09:09:49 +0200] "GET /marketplaces/skroutz/feeds/shumee.xml HTTP/1.1" 200 411580470 "-" "SkroutzBot v1.0"
66.249.70.38 - - [10/Jun/2025:09:09:51 +0200] "GET /Jurek/eurofirany/images/416148/3.jpg HTTP/1.1" 200 137589 "-" "Googlebot-Image/1.0"
46.101.116.244 - - [10/Jun/2025:09:10:06 +0200] "GET /Jurek/kalama/feeds/kalama_alza.xml HTTP/2.0" 200 2662534 "-" "-"
46.101.116.244 - - [10/Jun/2025:09:10:17 +0200] "GET /Jurek/proadventure/feeds/proadventure_alza.xml HTTP/2.0" 200 10767237 "-" "-"
85.14.86.141 - - [10/Jun/2025:09:10:26 +0200] "GET /Jurek/beliani/feeds/beliani_morele.xml HTTP/2.0" 200 30609119 "-" "MarketplaceAPI curl/7.74.0 PHP/8"
46.101.116.244 - - [10/Jun/2025:09:10:30 +0200] "GET /Jurek/awparts/feeds/awparts_alza.xml HTTP/2.0" 200 142491617 "-" "-"
89.161.206.59 - - [10/Jun/2025:09:10:44 +0200] "GET /Jurek/hdwr/feeds/hdwr_amazonfr.xml HTTP/1.0" 200 789436 "-" "-"
89.161.206.59 - - [10/Jun/2025:09:10:44 +0200] "GET /Jurek/hdwr/feeds/hdwr_amazonse.xml HTTP/1.0" 200 789716 "-" "-"
89.161.206.59 - - [10/Jun/2025:09:10:50 +0200] "GET /Jurek/eurofirany/feeds/eurofirany_amazonES.xml HTTP/1.0" 200 18718873 "-" "-"
89.161.206.59 - - [10/Jun/2025:09:10:52 +0200] "GET /Jurek/eurofirany/feeds/eurofirany_amazonFR.xml HTTP/1.0" 200 18718617 "-" "-"
89.161.206.59 - - [10/Jun/2025:09:10:53 +0200] "GET /Jurek/eurofirany/feeds/eurofirany_amazonBE.xml HTTP/1.0" 200 18718561 "-" "-"
89.161.206.59 - - [10/Jun/2025:09:10:55 +0200] "GET /Jurek/eurofirany/feeds/eurofirany_amazaon_de.xml HTTP/1.0" 200 18718856 "-" "-"
89.161.206.59 - - [10/Jun/2025:09:10:57 +0200] "GET /Jurek/pupus/feeds/pupus_amazonfr.xml HTTP/1.0" 200 6154585 "-" "-"
89.161.206.59 - - [10/Jun/2025:09:10:58 +0200] "GET /Jurek/hurtmeblowy/feeds/hurtmeblowy_amazonde.xml HTTP/1.0" 200 7528049 "-" "-"
89.161.206.59 - - [10/Jun/2025:09:11:01 +0200] "GET /Jurek/equalo/feeds/equalo_amazonde.xml HTTP/1.0" 200 98004 "-" "-"
89.161.206.59 - - [10/Jun/2025:09:11:01 +0200] "GET /Jurek/regis/feeds/regis_amazonde.xml HTTP/1.0" 200 228475 "-" "-"
89.161.206.59 - - [10/Jun/2025:09:11:01 +0200] "GET /Jurek/omi/feeds/omi_amazonde.xml HTTP/1.0" 200 8100761 "-" "-"
89.161.206.59 - - [10/Jun/2025:09:11:02 +0200] "GET /Jurek/elavia/feeds/elavia_amazonde.xml HTTP/1.0" 200 2497284 "-" "-"
46.101.116.244 - - [10/Jun/2025:09:11:24 +0200] "GET /Jurek/sportprise/feeds/sportprise_alza.xml HTTP/2.0" 200 12730145 "-" "-"
66.249.70.37 - - [10/Jun/2025:09:11:40 +0200] "GET /Jurek/eurofirany/images/371532/10.jpg HTTP/1.1" 200 190189 "-" "Googlebot-Image/1.0"
193.33.8.61 - - [10/Jun/2025:09:11:43 +0200] "GET /Filip/janshop_orders/exports/ HTTP/2.0" 401 3550 "-" "Mozilla/5.0 (Macintosh; Intel Mac OS X 10_15_7) AppleWebKit/605.1.15 (KHTML, like Gecko) Version/17.5 Safari/605.1.15"
193.33.8.61 - maria [10/Jun/2025:09:11:43 +0200] "GET /Filip/janshop_orders/exports/ HTTP/2.0" 200 90399 "-" "Mozilla/5.0 (Macintosh; Intel Mac OS X 10_15_7) AppleWebKit/605.1.15 (KHTML, like Gecko) Version/17.5 Safari/605.1.15"
193.33.8.61 - maria [10/Jun/2025:09:11:45 +0200] "GET /Filip/janshop_orders/exports/ HTTP/2.0" 200 90399 "-" "Mozilla/5.0 (Macintosh; Intel Mac OS X 10_15_7) AppleWebKit/605.1.15 (KHTML, like Gecko) Version/17.5 Safari/605.1.15"
46.101.116.244 - - [10/Jun/2025:09:11:48 +0200] "GET /Jurek/coppotech/feeds/coppotech_alza.xml HTTP/2.0" 200 38061784 "-" "-"
46.101.116.244 - - [10/Jun/2025:09:12:02 +0200] "GET /Jurek/erohurtownia/feeds/erohurtownia_alza.xml HTTP/2.0" 200 22845677 "-" "-"
46.101.116.244 - - [10/Jun/2025:09:12:19 +0200] "GET /Jurek/euroshop/feeds/euroshop_alza.xml HTTP/2.0" 200 20020791 "-" "-"
46.101.116.244 - - [10/Jun/2025:09:12:31 +0200] "GET /Jurek/najtanszysport/feeds/najtanszysport_alza.xml HTTP/2.0" 200 3982772 "-" "-"
46.101.116.244 - - [10/Jun/2025:09:12:42 +0200] "GET /Jurek/rider/feeds/rider_alza.xml HTTP/2.0" 200 8166291 "-" "-"
193.33.8.61 - - [10/Jun/2025:09:12:52 +0200] "GET /Filip/janshop_orders/exports/extra_2025-06-10_08.txt HTTP/2.0" 401 3550 "https://dkkapusta1997.usermd.net/Filip/janshop_orders/exports/" "Mozilla/5.0 (Macintosh; Intel Mac OS X 10_15_7) AppleWebKit/605.1.15 (KHTML, like Gecko) Version/17.5 Safari/605.1.15"
193.33.8.61 - maria [10/Jun/2025:09:12:52 +0200] "GET /Filip/janshop_orders/exports/extra_2025-06-10_08.txt HTTP/2.0" 200 6151 "https://dkkapusta1997.usermd.net/Filip/janshop_orders/exports/" "Mozilla/5.0 (Macintosh; Intel Mac OS X 10_15_7) AppleWebKit/605.1.15 (KHTML, like Gecko) Version/17.5 Safari/605.1.15"
46.101.116.244 - - [10/Jun/2025:09:12:57 +0200] "GET /Jurek/intsell/feeds/intsell_alza.xml HTTP/2.0" 200 342157477 "-" "-"
89.161.206.59 - - [10/Jun/2025:09:13:03 +0200] "GET /Jurek/benetech/feeds/benetech_allegro.xml HTTP/1.0" 200 4165667 "-" "-"
89.161.206.59 - - [10/Jun/2025:09:13:04 +0200] "GET /Jurek/ekuchcikowo/feeds/ekuchcikowo_allegro.xml HTTP/1.0" 200 12472454 "-" "-"
193.33.8.61 - maria [10/Jun/2025:09:13:33 +0200] "POST /Filip/janshop_orders/exports/ HTTP/2.0" 200 90406 "https://dkkapusta1997.usermd.net/Filip/janshop_orders/exports/" "Mozilla/5.0 (Macintosh; Intel Mac OS X 10_15_7) AppleWebKit/605.1.15 (KHTML, like Gecko) Version/17.5 Safari/605.1.15"
52.167.144.203 - - [10/Jun/2025:09:14:00 +0200] "GET /marketplaces/xxxlutz/merge_csv.py HTTP/2.0" 200 360 "-" "Mozilla/5.0 AppleWebKit/537.36 (KHTML, like Gecko; compatible; bingbot/2.0; +http://www.bing.com/bingbot.htm) Chrome/116.0.1938.76 Safari/537.36"
46.101.116.244 - - [10/Jun/2025:09:15:04 +0200] "GET /Jurek/sempler/feeds/sempler_alza.xml HTTP/2.0" 200 6789395 "-" "-"
46.101.116.244 - - [10/Jun/2025:09:15:15 +0200] "GET /Jurek/eroplace/feeds/eroplace_alza.xml HTTP/2.0" 200 52163539 "-" "-"
66.249.70.37 - - [10/Jun/2025:09:15:17 +0200] "GET /Jurek/eurofirany/images/386714/1.jpg HTTP/1.1" 200 126212 "-" "Googlebot-Image/1.0"
46.101.116.244 - - [10/Jun/2025:09:15:29 +0200] "GET /Jurek/mosti/feeds/mosti_alza.xml HTTP/2.0" 200 4629102 "-" "-"
46.101.116.244 - - [10/Jun/2025:09:15:29 +0200] "GET /Jurek/biokominki/feeds/biokomiinki_alza.xml HTTP/2.0" 200 1422347 "-" "-"
46.101.116.244 - - [10/Jun/2025:09:16:28 +0200] "GET /Jurek/vida_morele/feeds/vida_alza.xml HTTP/2.0" 200 860489825 "-" "-"
66.249.70.37 - - [10/Jun/2025:09:17:05 +0200] "GET /Jurek/eurofirany/images/422324/6.jpg HTTP/1.1" 200 153203 "-" "Googlebot-Image/1.0"
89.161.206.59 - - [10/Jun/2025:09:17:33 +0200] "GET /Jurek/artdog/feeds/artdog_amazonde.xml HTTP/1.0" 200 17158867 "-" "-"
193.33.8.61 - - [10/Jun/2025:09:18:10 +0200] "GET /Jurek/topeshop/feeds/topeshop_zero.xml HTTP/2.0" 200 3047722 "https://konsola.dkkapusta1997.usermd.net/" "Mozilla/5.0 (Windows NT 10.0; Win64; x64) AppleWebKit/537.36 (KHTML, like Gecko) Chrome/137.0.0.0 Safari/537.36"
77.79.248.229 - - [10/Jun/2025:09:18:15 +0200] "GET /Jurek/topeshop/feeds/topeshop_zero.xml HTTP/1.1" 200 3047722 "-" "Python-urllib/3.11"
193.33.8.61 - - [10/Jun/2025:09:18:33 +0200] "GET /Filip/janshop_orders/exports/great_2025-06-10_08.txt HTTP/2.0" 401 3550 "https://dkkapusta1997.usermd.net/Filip/janshop_orders/exports/" "Mozilla/5.0 (Macintosh; Intel Mac OS X 10_15_7) AppleWebKit/605.1.15 (KHTML, like Gecko) Version/17.5 Safari/605.1.15"
193.33.8.61 - maria [10/Jun/2025:09:18:33 +0200] "GET /Filip/janshop_orders/exports/great_2025-06-10_08.txt HTTP/2.0" 200 7191 "https://dkkapusta1997.usermd.net/Filip/janshop_orders/exports/" "Mozilla/5.0 (Macintosh; Intel Mac OS X 10_15_7) AppleWebKit/605.1.15 (KHTML, like Gecko) Version/17.5 Safari/605.1.15"
193.33.8.61 - maria [10/Jun/2025:09:19:06 +0200] "POST /Filip/janshop_orders/exports/ HTTP/2.0" 200 90413 "https://dkkapusta1997.usermd.net/Filip/janshop_orders/exports/" "Mozilla/5.0 (Macintosh; Intel Mac OS X 10_15_7) AppleWebKit/605.1.15 (KHTML, like Gecko) Version/17.5 Safari/605.1.15"
193.33.8.61 - maria [10/Jun/2025:09:19:08 +0200] "GET /Filip/janshop_orders/exports/shumee_2025-06-10_08.txt HTTP/2.0" 200 7271 "https://dkkapusta1997.usermd.net/Filip/janshop_orders/exports/" "Mozilla/5.0 (Macintosh; Intel Mac OS X 10_15_7) AppleWebKit/605.1.15 (KHTML, like Gecko) Version/17.5 Safari/605.1.15"
66.249.70.36 - - [10/Jun/2025:09:19:33 +0200] "GET /Jurek/eurofirany/images/383056/0.jpg HTTP/1.1" 200 69041 "-" "Googlebot-Image/1.0"
193.33.8.61 - - [10/Jun/2025:09:19:40 +0200] "GET /Jurek/topeshop/download/topeshop.xml HTTP/2.0" 200 6499549 "https://konsola.dkkapusta1997.usermd.net/" "Mozilla/5.0 (Windows NT 10.0; Win64; x64) AppleWebKit/537.36 (KHTML, like Gecko) Chrome/137.0.0.0 Safari/537.36"
193.33.8.61 - maria [10/Jun/2025:09:19:41 +0200] "POST /Filip/janshop_orders/exports/ HTTP/2.0" 200 90420 "https://dkkapusta1997.usermd.net/Filip/janshop_orders/exports/" "Mozilla/5.0 (Macintosh; Intel Mac OS X 10_15_7) AppleWebKit/605.1.15 (KHTML, like Gecko) Version/17.5 Safari/605.1.15"
77.79.248.229 - - [10/Jun/2025:09:19:43 +0200] "GET /Jurek/topeshop/download/topeshop.xml HTTP/1.1" 200 6499549 "-" "Python-urllib/3.11"
89.161.206.59 - - [10/Jun/2025:09:21:23 +0200] "GET /Jurek/zami/feeds/zami_amazonde.xml HTTP/1.0" 200 4472825 "-" "-"
66.249.70.38 - - [10/Jun/2025:09:22:00 +0200] "GET /Jurek/eurofirany/images/390400/10.jpg HTTP/1.1" 200 92563 "-" "Googlebot-Image/1.0"
89.161.206.59 - - [10/Jun/2025:09:22:15 +0200] "GET /Jurek/ikonka/feeds/ikonka_allegro_cz.xml HTTP/1.0" 200 20964622 "-" "-"
89.161.206.59 - - [10/Jun/2025:09:24:16 +0200] "GET /Jurek/kambukka/feeds/kambukka_allegro.xml HTTP/1.0" 200 1023531 "-" "-"
89.161.206.59 - - [10/Jun/2025:09:24:16 +0200] "GET /Jurek/oromed/feeds/oromed_allegro.xml HTTP/1.0" 200 1282972 "-" "-"
89.161.206.59 - - [10/Jun/2025:09:24:16 +0200] "GET /Jurek/livinhill/feeds/livinhill_allegro.xml HTTP/1.0" 200 1518194 "-" "-"
