46.101.116.244 - - [30/May/2025:04:14:01 +0200] "GET /Jurek/swiatecznygoliat/feeds/swiatecznygoliat_mallsish.xml HTTP/2.0" 200 7050899 "-" "-"
51.77.52.107 - - [30/May/2025:04:14:08 +0200] "GET /Jurek/eurofirany/images/459416/0.jpg HTTP/2.0" 200 93178 "-" "baselinker"
51.77.52.107 - - [30/May/2025:04:14:20 +0200] "GET /Jurek/eurofirany/images/459427/0.jpg HTTP/2.0" 200 78718 "-" "baselinker"
89.161.206.59 - - [30/May/2025:04:14:27 +0200] "GET /Jurek/regis/feeds/regis_cdsc.xml HTTP/1.0" 200 231389 "-" "-"
89.161.206.59 - - [30/May/2025:04:14:31 +0200] "GET /Jurek/kristronik/feeds/kristronik_cdsc.xml HTTP/1.0" 200 430125 "-" "-"
51.77.52.107 - - [30/May/2025:04:14:36 +0200] "GET /Jurek/eurofirany/images/459427/0.jpg HTTP/2.0" 200 78718 "-" "baselinker"
51.77.52.107 - - [30/May/2025:04:14:53 +0200] "GET /Jurek/eurofirany/images/459427/0.jpg HTTP/2.0" 200 78718 "-" "baselinker"
46.101.116.244 - - [30/May/2025:04:14:57 +0200] "GET /Jurek/octopia/feeds/octopia_mallsish.xml HTTP/2.0" 200 10103817 "-" "-"
51.77.52.107 - - [30/May/2025:04:14:59 +0200] "GET /Jurek/eurofirany/images/459431/0.jpg HTTP/2.0" 200 78718 "-" "baselinker"
46.101.116.244 - - [30/May/2025:04:15:11 +0200] "GET /Jurek/topeshop/feeds/topeshop_mallsish.xml HTTP/2.0" 200 3024491 "-" "-"
51.77.52.107 - - [30/May/2025:04:15:14 +0200] "GET /Jurek/eurofirany/images/459431/0.jpg HTTP/2.0" 200 78718 "-" "baselinker"
51.77.52.107 - - [30/May/2025:04:15:30 +0200] "GET /Jurek/eurofirany/images/459431/0.jpg HTTP/2.0" 200 78718 "-" "baselinker"
51.77.52.107 - - [30/May/2025:04:15:37 +0200] "GET /Jurek/eurofirany/images/459435/0.jpg HTTP/2.0" 200 77482 "-" "baselinker"
51.77.52.107 - - [30/May/2025:04:15:54 +0200] "GET /Jurek/eurofirany/images/459435/0.jpg HTTP/2.0" 200 77482 "-" "baselinker"
51.77.52.107 - - [30/May/2025:04:15:59 +0200] "GET /Jurek/eurofirany/images/459435/0.jpg HTTP/2.0" 200 77482 "-" "baselinker"
51.77.52.107 - - [30/May/2025:04:16:14 +0200] "GET /Jurek/eurofirany/images/459437/0.jpg HTTP/2.0" 200 77482 "-" "baselinker"
51.77.52.107 - - [30/May/2025:04:16:29 +0200] "GET /Jurek/eurofirany/images/459437/0.jpg HTTP/2.0" 200 77482 "-" "baselinker"
51.77.52.107 - - [30/May/2025:04:16:43 +0200] "GET /Jurek/eurofirany/images/459437/0.jpg HTTP/2.0" 200 77482 "-" "baselinker"
51.77.52.107 - - [30/May/2025:04:16:57 +0200] "GET /Jurek/eurofirany/images/459450/0.jpg HTTP/2.0" 200 77482 "-" "baselinker"
66.249.69.170 - - [30/May/2025:04:17:09 +0200] "GET /Jurek/topeshop/downloaded_images/5904507202002_BILBAO4P__ARTISAN(1).jpg HTTP/1.1" 404 3551 "-" "Googlebot-Image/1.0"
66.249.69.170 - - [30/May/2025:04:17:13 +0200] "GET /Jurek/topeshop/downloaded_images/5904507202002_BILBAO4P__ARTISAN(4).jpg HTTP/1.1" 404 3551 "-" "Googlebot-Image/1.0"
51.77.52.107 - - [30/May/2025:04:17:17 +0200] "GET /Jurek/eurofirany/images/459450/0.jpg HTTP/2.0" 200 77482 "-" "baselinker"
51.77.52.107 - - [30/May/2025:04:17:54 +0200] "GET /Jurek/eurofirany/images/459450/0.jpg HTTP/2.0" 200 77482 "-" "baselinker"
46.101.116.244 - - [30/May/2025:04:17:54 +0200] "GET /Jurek/activeshop/feeds/activeshop_mallsish.xml HTTP/2.0" 200 10419672 "-" "-"
51.77.52.107 - - [30/May/2025:04:18:11 +0200] "GET /Jurek/eurofirany/images/459451/0.jpg HTTP/2.0" 200 92872 "-" "baselinker"
51.77.52.107 - - [30/May/2025:04:18:30 +0200] "GET /Jurek/eurofirany/images/459451/0.jpg HTTP/2.0" 200 92872 "-" "baselinker"
51.77.52.107 - - [30/May/2025:04:18:44 +0200] "GET /Jurek/eurofirany/images/459451/0.jpg HTTP/2.0" 200 92872 "-" "baselinker"
51.77.52.107 - - [30/May/2025:04:19:01 +0200] "GET /Jurek/eurofirany/images/459452/0.jpg HTTP/2.0" 200 92872 "-" "baselinker"
51.77.52.107 - - [30/May/2025:04:19:22 +0200] "GET /Jurek/eurofirany/images/459452/0.jpg HTTP/2.0" 200 92872 "-" "baselinker"
51.77.52.107 - - [30/May/2025:04:19:29 +0200] "GET /Jurek/eurofirany/images/459452/0.jpg HTTP/2.0" 200 92872 "-" "baselinker"
51.77.52.107 - - [30/May/2025:04:19:39 +0200] "GET /Jurek/eurofirany/images/459453/0.jpg HTTP/2.0" 200 92872 "-" "baselinker"
89.161.206.59 - - [30/May/2025:04:19:40 +0200] "GET /Jurek/maksik/feeds/maksik_skroutz.xml HTTP/1.0" 200 4084858 "-" "-"
51.77.52.107 - - [30/May/2025:04:19:56 +0200] "GET /Jurek/eurofirany/images/459453/0.jpg HTTP/2.0" 200 92872 "-" "baselinker"
51.77.52.107 - - [30/May/2025:04:20:14 +0200] "GET /Jurek/eurofirany/images/459453/0.jpg HTTP/2.0" 200 92872 "-" "baselinker"
51.77.52.107 - - [30/May/2025:04:20:41 +0200] "GET /Jurek/eurofirany/images/459455/0.jpg HTTP/2.0" 200 80397 "-" "baselinker"
51.77.52.107 - - [30/May/2025:04:20:58 +0200] "GET /Jurek/eurofirany/images/459455/0.jpg HTTP/2.0" 200 80397 "-" "baselinker"
51.77.52.107 - - [30/May/2025:04:21:03 +0200] "GET /Jurek/eurofirany/images/459455/0.jpg HTTP/2.0" 200 80397 "-" "baselinker"
51.77.52.107 - - [30/May/2025:04:21:07 +0200] "GET /Jurek/eurofirany/images/459456/0.jpg HTTP/2.0" 200 80397 "-" "baselinker"
51.77.52.107 - - [30/May/2025:04:21:25 +0200] "GET /Jurek/eurofirany/images/459456/0.jpg HTTP/2.0" 200 80397 "-" "baselinker"
51.77.52.107 - - [30/May/2025:04:21:40 +0200] "GET /Jurek/eurofirany/images/459456/0.jpg HTTP/2.0" 200 80397 "-" "baselinker"
51.77.52.107 - - [30/May/2025:04:22:00 +0200] "GET /Jurek/eurofirany/images/460709/0.jpg HTTP/2.0" 200 133534 "-" "baselinker"
51.77.52.107 - - [30/May/2025:04:22:20 +0200] "GET /Jurek/eurofirany/images/460709/0.jpg HTTP/2.0" 200 133534 "-" "baselinker"
51.77.52.107 - - [30/May/2025:04:22:26 +0200] "GET /Jurek/eurofirany/images/460709/0.jpg HTTP/2.0" 200 133534 "-" "baselinker"
51.77.52.107 - - [30/May/2025:04:22:29 +0200] "GET /Jurek/eurofirany/images/460711/0.jpg HTTP/2.0" 200 130811 "-" "baselinker"
46.101.116.244 - - [30/May/2025:04:22:46 +0200] "GET /Jurek/action/feeds/action_mallsish.xml HTTP/2.0" 200 59483532 "-" "-"
51.77.52.107 - - [30/May/2025:04:22:52 +0200] "GET /Jurek/eurofirany/images/460711/0.jpg HTTP/2.0" 200 130811 "-" "baselinker"
51.77.52.107 - - [30/May/2025:04:22:56 +0200] "GET /Jurek/eurofirany/images/460711/0.jpg HTTP/2.0" 200 130811 "-" "baselinker"
51.77.52.107 - - [30/May/2025:04:23:01 +0200] "GET /Jurek/eurofirany/images/460712/0.jpg HTTP/2.0" 200 151935 "-" "baselinker"
51.77.52.107 - - [30/May/2025:04:23:07 +0200] "GET /Jurek/eurofirany/images/460712/0.jpg HTTP/2.0" 200 151935 "-" "baselinker"
51.77.52.107 - - [30/May/2025:04:23:11 +0200] "GET /Jurek/eurofirany/images/460712/0.jpg HTTP/2.0" 200 151935 "-" "baselinker"
51.77.52.107 - - [30/May/2025:04:23:17 +0200] "GET /Jurek/eurofirany/images/460713/0.jpg HTTP/2.0" 200 81573 "-" "baselinker"
51.77.52.107 - - [30/May/2025:04:23:22 +0200] "GET /Jurek/eurofirany/images/460713/0.jpg HTTP/2.0" 200 81573 "-" "baselinker"
51.77.52.107 - - [30/May/2025:04:23:24 +0200] "GET /Jurek/eurofirany/images/460713/0.jpg HTTP/2.0" 200 81573 "-" "baselinker"
51.77.52.107 - - [30/May/2025:04:23:29 +0200] "GET /Jurek/eurofirany/images/460715/0.jpg HTTP/2.0" 200 70971 "-" "baselinker"
51.77.52.107 - - [30/May/2025:04:23:34 +0200] "GET /Jurek/eurofirany/images/460715/0.jpg HTTP/2.0" 200 70971 "-" "baselinker"
51.77.52.107 - - [30/May/2025:04:23:39 +0200] "GET /Jurek/eurofirany/images/460715/0.jpg HTTP/2.0" 200 70971 "-" "baselinker"
51.77.52.107 - - [30/May/2025:04:23:46 +0200] "GET /Jurek/eurofirany/images/463236/0.jpg HTTP/2.0" 200 37014 "-" "baselinker"
51.77.52.107 - - [30/May/2025:04:23:51 +0200] "GET /Jurek/eurofirany/images/463236/0.jpg HTTP/2.0" 200 37014 "-" "baselinker"
51.77.52.107 - - [30/May/2025:04:23:56 +0200] "GET /Jurek/eurofirany/images/463236/0.jpg HTTP/2.0" 200 37014 "-" "baselinker"
51.77.52.107 - - [30/May/2025:04:24:17 +0200] "GET /Jurek/eurofirany/images/463237/0.jpg HTTP/2.0" 200 93874 "-" "baselinker"
51.77.52.107 - - [30/May/2025:04:24:22 +0200] "GET /Jurek/eurofirany/images/463237/0.jpg HTTP/2.0" 200 93874 "-" "baselinker"
51.77.52.107 - - [30/May/2025:04:24:27 +0200] "GET /Jurek/eurofirany/images/463237/0.jpg HTTP/2.0" 200 93874 "-" "baselinker"
46.101.116.244 - - [30/May/2025:04:24:39 +0200] "GET /Jurek/hurtownia_przemyslowa/feeds/hp_cdiscount.xml HTTP/1.0" 200 36700445 "-" "-"
51.77.52.107 - - [30/May/2025:04:24:46 +0200] "GET /Jurek/eurofirany/images/459534/0.jpg HTTP/2.0" 200 100549 "-" "baselinker"
46.101.116.244 - - [30/May/2025:04:24:50 +0200] "GET /Jurek/beliani/feeds/beliani_si_mallsi.xml HTTP/2.0" 200 30632864 "-" "-"
51.77.52.107 - - [30/May/2025:04:24:51 +0200] "GET /Jurek/eurofirany/images/459534/0.jpg HTTP/2.0" 200 100549 "-" "baselinker"
51.77.52.107 - - [30/May/2025:04:24:57 +0200] "GET /Jurek/eurofirany/images/459534/0.jpg HTTP/2.0" 200 100549 "-" "baselinker"
51.77.52.107 - - [30/May/2025:04:25:26 +0200] "GET /Jurek/eurofirany/images/459539/0.jpg HTTP/2.0" 200 100549 "-" "baselinker"
46.101.116.244 - - [30/May/2025:04:25:31 +0200] "GET /Jurek/rovicky/feeds/rovicky_mallsish.xml HTTP/2.0" 200 15170565 "-" "-"
51.77.52.107 - - [30/May/2025:04:25:34 +0200] "GET /Jurek/eurofirany/images/459539/0.jpg HTTP/2.0" 200 100549 "-" "baselinker"
46.101.116.244 - - [30/May/2025:04:25:42 +0200] "GET /Jurek/detian/feeds/detian_mallsish.xml HTTP/2.0" 404 3551 "-" "-"
51.77.52.107 - - [30/May/2025:04:25:50 +0200] "GET /Jurek/eurofirany/images/459539/0.jpg HTTP/2.0" 200 100549 "-" "baselinker"
89.161.206.59 - - [30/May/2025:04:25:50 +0200] "GET /Jurek/reman/feeds/reman_amazonde.xml HTTP/1.0" 200 1394777 "-" "-"
89.161.206.59 - - [30/May/2025:04:25:51 +0200] "GET /Jurek/equalo/feeds/equalo_amazonde.xml HTTP/1.0" 200 98005 "-" "-"
46.101.116.244 - - [30/May/2025:04:25:53 +0200] "GET /Jurek/ikonka/feeds/ikonka_mallsish.xml HTTP/2.0" 200 20822247 "-" "-"
46.101.116.244 - - [30/May/2025:04:26:06 +0200] "GET /Jurek/candellux/feeds/candellux_mallsish.xml HTTP/2.0" 200 465720 "-" "-"
51.77.52.107 - - [30/May/2025:04:26:06 +0200] "GET /Jurek/eurofirany/images/460213/0.jpg HTTP/2.0" 200 89779 "-" "baselinker"
46.101.116.244 - - [30/May/2025:04:26:17 +0200] "GET /Jurek/andex/feeds/andex_mallslsh.xml HTTP/2.0" 200 1952769 "-" "-"
51.77.52.107 - - [30/May/2025:04:26:25 +0200] "GET /Jurek/eurofirany/images/460213/0.jpg HTTP/2.0" 200 89779 "-" "baselinker"
46.101.116.244 - - [30/May/2025:04:26:28 +0200] "GET /Jurek/chemex/feeds/chemex_mallsish.xml HTTP/2.0" 200 47809880 "-" "-"
46.101.116.244 - - [30/May/2025:04:26:42 +0200] "GET /Jurek/aw/feeds/awnarzedzia_mallsish.xml HTTP/2.0" 200 91134005 "-" "-"
51.77.52.107 - - [30/May/2025:04:26:45 +0200] "GET /Jurek/eurofirany/images/460213/0.jpg HTTP/2.0" 200 89779 "-" "baselinker"
89.161.206.59 - - [30/May/2025:04:26:54 +0200] "GET /Jurek/kinghoff/feeds/kinghoff_emaghu.xml HTTP/1.0" 200 15641381 "-" "-"
51.77.52.107 - - [30/May/2025:04:27:07 +0200] "GET /Jurek/eurofirany/images/458716/0.jpg HTTP/2.0" 200 117747 "-" "baselinker"
89.161.206.59 - - [30/May/2025:04:27:14 +0200] "GET /Jurek/targethome/feeds/targethome_emagro.xml HTTP/1.0" 200 689024 "-" "-"
89.161.206.59 - - [30/May/2025:04:27:14 +0200] "GET /Jurek/mosti/feeds/mosti_emagro.xml HTTP/1.0" 200 4630763 "-" "-"
89.161.206.59 - - [30/May/2025:04:27:19 +0200] "GET /Jurek/eurofirany/feeds/eurofirany_emagro.xml HTTP/1.0" 200 18729495 "-" "-"
89.161.206.59 - - [30/May/2025:04:27:22 +0200] "GET /Jurek/narzbud/feeds/narzbud_emagro.xml HTTP/1.0" 200 1903553 "-" "-"
89.161.206.59 - - [30/May/2025:04:27:23 +0200] "GET /Jurek/swiatecznygoliat/feeds/swiatecznygoliat_emagro.xml HTTP/1.0" 200 7051388 "-" "-"
89.161.206.59 - - [30/May/2025:04:27:23 +0200] "GET /Jurek/szpaklampy/feeds/szpaklampy_emagro.xml HTTP/1.0" 200 388624 "-" "-"
89.161.206.59 - - [30/May/2025:04:27:29 +0200] "GET /Jurek/qbox/feeds/qbox_emagro.xml HTTP/1.0" 200 398615 "-" "-"
51.77.52.107 - - [30/May/2025:04:27:29 +0200] "GET /Jurek/eurofirany/images/458716/0.jpg HTTP/2.0" 200 117747 "-" "baselinker"
89.161.206.59 - - [30/May/2025:04:27:31 +0200] "GET /Jurek/sartrix/feeds/sartrix_emagro.xml HTTP/1.0" 200 649845 "-" "-"
89.161.206.59 - - [30/May/2025:04:27:31 +0200] "GET /Jurek/twojsklep/feeds/twojsklep_emagro.xml HTTP/1.0" 200 127044 "-" "-"
51.77.52.107 - - [30/May/2025:04:27:32 +0200] "GET /Jurek/eurofirany/images/458716/0.jpg HTTP/2.0" 200 117747 "-" "baselinker"
89.161.206.59 - - [30/May/2025:04:27:32 +0200] "GET /Jurek/drewdon/feeds/drewdon_emagro.xml HTTP/1.0" 200 504612 "-" "-"
89.161.206.59 - - [30/May/2025:04:27:33 +0200] "GET /Jurek/dekoele/feeds/dekoele_emagro.xml HTTP/1.0" 200 734188 "-" "-"
89.161.206.59 - - [30/May/2025:04:27:35 +0200] "GET /Jurek/sternhoff/feeds/sternhoff_emagro.xml HTTP/1.0" 200 1778165 "-" "-"
89.161.206.59 - - [30/May/2025:04:27:36 +0200] "GET /Jurek/bisanti/feeds/bisanti_skroutz.xml HTTP/1.0" 200 1142315 "-" "-"
89.161.206.59 - - [30/May/2025:04:27:37 +0200] "GET /Jurek/smxdesign/feeds/smxdesign_emagro.xml HTTP/1.0" 200 1829803 "-" "-"
89.161.206.59 - - [30/May/2025:04:27:39 +0200] "GET /Jurek/evil/feeds/evil_emagro.xml HTTP/1.0" 200 306430 "-" "-"
89.161.206.59 - - [30/May/2025:04:27:40 +0200] "GET /Jurek/globaldeli/feeds/globaldeli_emagro.xml HTTP/1.0" 200 2590918 "-" "-"
89.161.206.59 - - [30/May/2025:04:27:40 +0200] "GET /Jurek/dekornatort/feeds/dekornatort_emagro.xml HTTP/1.0" 200 226004 "-" "-"
51.77.52.107 - - [30/May/2025:04:27:41 +0200] "GET /Jurek/eurofirany/images/459769/0.jpg HTTP/2.0" 200 48525 "-" "baselinker"
89.161.206.59 - - [30/May/2025:04:27:48 +0200] "GET /Jurek/hlo/feeds/hlo_emagro.xml HTTP/1.0" 200 4838786 "-" "-"
89.161.206.59 - - [30/May/2025:04:27:52 +0200] "GET /Jurek/luxma/feeds/luxma_emagro.xml HTTP/1.0" 200 8062679 "-" "-"
89.161.206.59 - - [30/May/2025:04:27:56 +0200] "GET /Jurek/zenga/feeds/zenga_emagro.xml HTTP/1.0" 200 222863 "-" "-"
51.77.52.107 - - [30/May/2025:04:27:57 +0200] "GET /Jurek/eurofirany/images/459769/0.jpg HTTP/2.0" 200 48525 "-" "baselinker"
89.161.206.59 - - [30/May/2025:04:28:02 +0200] "GET /Jurek/nonabox/feeds/nonabox_emagro.xml HTTP/1.0" 200 33899 "-" "-"
89.161.206.59 - - [30/May/2025:04:28:03 +0200] "GET /Jurek/omi/feeds/omi_emagro.xml HTTP/1.0" 200 8105626 "-" "-"
89.161.206.59 - - [30/May/2025:04:28:03 +0200] "GET /Jurek/purewear/feeds/purewear_emagro.xml HTTP/1.0" 200 13368790 "-" "-"
89.161.206.59 - - [30/May/2025:04:28:05 +0200] "GET /Jurek/newtechele/feeds/newtechele_emagro.xml HTTP/1.0" 200 2439308 "-" "-"
89.161.206.59 - - [30/May/2025:04:28:05 +0200] "GET /Jurek/lampart/feeds/lampart_emagro.xml HTTP/1.0" 200 936912 "-" "-"
89.161.206.59 - - [30/May/2025:04:28:06 +0200] "GET /Jurek/sebmart/feeds/sebmart_emagro.xml HTTP/1.0" 200 1599408 "-" "-"
89.161.206.59 - - [30/May/2025:04:28:07 +0200] "GET /Jurek/avenido/feeds/avenido_emagro.xml HTTP/1.0" 200 720251 "-" "-"
89.161.206.59 - - [30/May/2025:04:28:07 +0200] "GET /Jurek/filmal/feeds/filmal_emagro.xml HTTP/1.0" 200 139439 "-" "-"
51.77.52.107 - - [30/May/2025:04:28:09 +0200] "GET /Jurek/eurofirany/images/459769/0.jpg HTTP/2.0" 200 48525 "-" "baselinker"
89.161.206.59 - - [30/May/2025:04:28:11 +0200] "GET /Jurek/missionair/feeds/missionair_emagro.xml HTTP/1.0" 200 3155460 "-" "-"
46.101.116.244 - - [30/May/2025:04:28:12 +0200] "GET /Jurek/barbecook/feeds/barbecook_mallslsh.xml HTTP/2.0" 200 87532 "-" "-"
46.101.116.244 - - [30/May/2025:04:28:23 +0200] "GET /Jurek/duka/feeds/duka_mallslsh.xml HTTP/2.0" 200 57 "-" "-"
51.77.52.107 - - [30/May/2025:04:28:29 +0200] "GET /Jurek/eurofirany/images/461764/0.jpg HTTP/2.0" 200 30995 "-" "baselinker"
46.101.116.244 - - [30/May/2025:04:28:33 +0200] "GET /Jurek/miloohome/feeds/miloohome_mallsish.xml HTTP/2.0" 200 1421025 "-" "-"
51.77.52.107 - - [30/May/2025:04:28:44 +0200] "GET /Jurek/eurofirany/images/461764/0.jpg HTTP/2.0" 200 30995 "-" "baselinker"
46.101.116.244 - - [30/May/2025:04:28:44 +0200] "GET /Jurek/stema/feeds/stema_mallslsh.xml HTTP/2.0" 200 894031 "-" "-"
46.101.116.244 - - [30/May/2025:04:28:54 +0200] "GET /Jurek/fernity/feeds/fernity_mallslsh.xml HTTP/2.0" 200 4717884 "-" "-"
51.77.52.107 - - [30/May/2025:04:29:08 +0200] "GET /Jurek/eurofirany/images/461764/0.jpg HTTP/2.0" 200 30995 "-" "baselinker"
51.77.52.107 - - [30/May/2025:04:29:13 +0200] "GET /Jurek/eurofirany/images/461807/0.jpg HTTP/2.0" 200 46445 "-" "baselinker"
51.77.52.107 - - [30/May/2025:04:29:31 +0200] "GET /Jurek/eurofirany/images/461807/0.jpg HTTP/2.0" 200 46445 "-" "baselinker"
46.101.116.244 - - [30/May/2025:04:29:35 +0200] "GET /Jurek/kinghome/feeds/kinghome_mallslsh.xml HTTP/2.0" 200 6464522 "-" "-"
51.77.52.107 - - [30/May/2025:04:29:45 +0200] "GET /Jurek/eurofirany/images/461807/0.jpg HTTP/2.0" 200 46445 "-" "baselinker"
46.101.116.244 - - [30/May/2025:04:29:46 +0200] "GET /Jurek/vivaldi/feeds/vivaldi_Mall-slsh.xml HTTP/2.0" 200 344662 "-" "-"
46.101.116.244 - - [30/May/2025:04:29:56 +0200] "GET /Jurek/eurofirany/feeds/eurofirany_mall_si_shumee.xml HTTP/2.0" 200 18718704 "-" "-"
51.77.52.107 - - [30/May/2025:04:30:03 +0200] "GET /Jurek/eurofirany/images/461817/0.jpg HTTP/2.0" 200 92445 "-" "baselinker"
51.77.52.107 - - [30/May/2025:04:30:27 +0200] "GET /Jurek/eurofirany/images/461817/0.jpg HTTP/2.0" 200 92445 "-" "baselinker"
51.77.52.107 - - [30/May/2025:04:30:32 +0200] "GET /Jurek/eurofirany/images/461817/0.jpg HTTP/2.0" 200 92445 "-" "baselinker"
89.161.206.59 - - [30/May/2025:04:30:48 +0200] "GET /Jurek/takapara/feeds/takapara_skroutz.xml HTTP/1.0" 200 1342569 "-" "-"
51.77.52.107 - - [30/May/2025:04:30:51 +0200] "GET /Jurek/eurofirany/images/461819/0.jpg HTTP/2.0" 200 37667 "-" "baselinker"
89.161.206.59 - - [30/May/2025:04:30:59 +0200] "GET /Jurek/avenido/feeds/avenido_amazonde.xml HTTP/1.0" 200 720175 "-" "-"
89.161.206.59 - - [30/May/2025:04:30:59 +0200] "GET /Jurek/regis/feeds/regis_amazonde.xml HTTP/1.0" 200 228475 "-" "-"
89.161.206.59 - - [30/May/2025:04:31:00 +0200] "GET /Jurek/cdata/feeds/cdata_amazonde.xml HTTP/1.0" 200 1446506 "-" "-"
89.161.206.59 - - [30/May/2025:04:31:00 +0200] "GET /Jurek/drewdon/feeds/drewdon_amazonde.xml HTTP/1.0" 200 504520 "-" "-"
89.161.206.59 - - [30/May/2025:04:31:00 +0200] "GET /Jurek/alucon/feeds/alucon_amazonde.xml HTTP/1.0" 200 553625 "-" "-"
89.161.206.59 - - [30/May/2025:04:31:00 +0200] "GET /Jurek/snibbs/feeds/snibbs_amazonde.xml HTTP/1.0" 200 74414 "-" "-"
89.161.206.59 - - [30/May/2025:04:31:00 +0200] "GET /Jurek/nexus/feeds/nexus_amazonde.xml HTTP/1.0" 200 226682 "-" "-"
89.161.206.59 - - [30/May/2025:04:31:00 +0200] "GET /Jurek/riko/feeds/riko_amazonde.xml HTTP/1.0" 200 3789953 "-" "-"
89.161.206.59 - - [30/May/2025:04:31:01 +0200] "GET /Jurek/sebmart/feeds/sebmart_amazonde.xml HTTP/1.0" 200 1598994 "-" "-"
89.161.206.59 - - [30/May/2025:04:31:01 +0200] "GET /Jurek/narzbud/feeds/narzbud_amazonde.xml HTTP/1.0" 200 1902817 "-" "-"
51.77.52.107 - - [30/May/2025:04:31:11 +0200] "GET /Jurek/eurofirany/images/461819/0.jpg HTTP/2.0" 200 37667 "-" "baselinker"
89.161.206.59 - - [30/May/2025:04:31:18 +0200] "GET /Jurek/artdog/feeds/artdog_amazonit.xml HTTP/1.0" 200 17173192 "-" "-"
89.161.206.59 - - [30/May/2025:04:31:19 +0200] "GET /Jurek/artdog/feeds/artdog_amazonnl.xml HTTP/1.0" 200 17165558 "-" "-"
51.77.52.107 - - [30/May/2025:04:31:33 +0200] "GET /Jurek/eurofirany/images/461819/0.jpg HTTP/2.0" 200 37667 "-" "baselinker"
51.77.52.107 - - [30/May/2025:04:31:36 +0200] "GET /Jurek/eurofirany/images/461778/0.jpg HTTP/2.0" 200 190321 "-" "baselinker"
51.77.52.107 - - [30/May/2025:04:31:59 +0200] "GET /Jurek/eurofirany/images/461778/0.jpg HTTP/2.0" 200 190321 "-" "baselinker"
51.77.52.107 - - [30/May/2025:04:32:08 +0200] "GET /Jurek/eurofirany/images/461778/0.jpg HTTP/2.0" 200 190321 "-" "baselinker"
51.77.52.107 - - [30/May/2025:04:32:34 +0200] "GET /Jurek/eurofirany/images/461782/0.jpg HTTP/2.0" 200 114471 "-" "baselinker"
46.101.116.244 - - [30/May/2025:04:32:57 +0200] "GET /Jurek/piotrmiedz/feeds/piotrmiedz_amazonse.xml HTTP/1.0" 200 91123942 "-" "-"
46.101.116.244 - - [30/May/2025:04:33:01 +0200] "GET /Jurek/piotrmiedz/feeds/piotrmiedz_amazonbe.xml HTTP/1.0" 200 91082439 "-" "-"
51.77.52.107 - - [30/May/2025:04:33:02 +0200] "GET /Jurek/eurofirany/images/461782/0.jpg HTTP/2.0" 200 114471 "-" "baselinker"
51.77.52.107 - - [30/May/2025:04:33:19 +0200] "GET /Jurek/eurofirany/images/461782/0.jpg HTTP/2.0" 200 114471 "-" "baselinker"
51.77.52.107 - - [30/May/2025:04:33:37 +0200] "GET /Jurek/eurofirany/images/461786/0.jpg HTTP/2.0" 200 202272 "-" "baselinker"
51.77.52.107 - - [30/May/2025:04:33:54 +0200] "GET /Jurek/eurofirany/images/461786/0.jpg HTTP/2.0" 200 202272 "-" "baselinker"
51.77.52.107 - - [30/May/2025:04:33:59 +0200] "GET /Jurek/eurofirany/images/461786/0.jpg HTTP/2.0" 200 202272 "-" "baselinker"
51.77.52.107 - - [30/May/2025:04:34:17 +0200] "GET /Jurek/eurofirany/images/461794/0.jpg HTTP/2.0" 200 138910 "-" "baselinker"
46.101.116.244 - - [30/May/2025:04:34:33 +0200] "GET /Jurek/unimet/feeds/unimet_mallsish.xml HTTP/2.0" 200 61150180 "-" "-"
51.77.52.107 - - [30/May/2025:04:34:37 +0200] "GET /Jurek/eurofirany/images/461794/0.jpg HTTP/2.0" 200 138910 "-" "baselinker"
89.161.206.59 - - [30/May/2025:04:34:40 +0200] "GET /Jurek/ekuchcikowo/feeds/ekuchcikowo_emagro.xml HTTP/1.0" 200 12478434 "-" "-"
51.77.52.107 - - [30/May/2025:04:35:01 +0200] "GET /Jurek/eurofirany/images/461794/0.jpg HTTP/2.0" 200 138910 "-" "baselinker"
51.77.52.107 - - [30/May/2025:04:35:10 +0200] "GET /Jurek/eurofirany/images/461795/0.jpg HTTP/2.0" 200 144353 "-" "baselinker"
51.77.52.107 - - [30/May/2025:04:35:28 +0200] "GET /Jurek/eurofirany/images/461795/0.jpg HTTP/2.0" 200 144353 "-" "baselinker"
51.77.52.107 - - [30/May/2025:04:35:49 +0200] "GET /Jurek/eurofirany/images/461795/0.jpg HTTP/2.0" 200 144353 "-" "baselinker"
51.77.52.107 - - [30/May/2025:04:35:57 +0200] "GET /Jurek/eurofirany/images/461798/0.jpg HTTP/2.0" 200 157058 "-" "baselinker"
46.101.116.244 - - [30/May/2025:04:35:59 +0200] "GET /Jurek/flhf/feeds/flhf_mallsish.xml HTTP/2.0" 404 3551 "-" "-"
51.77.52.107 - - [30/May/2025:04:36:17 +0200] "GET /Jurek/eurofirany/images/461798/0.jpg HTTP/2.0" 200 157058 "-" "baselinker"
46.101.116.244 - - [30/May/2025:04:36:19 +0200] "GET /Jurek/vidaSI/feeds/vidaSI_mallsh.xml HTTP/2.0" 200 781719591 "-" "-"
51.77.52.107 - - [30/May/2025:04:36:38 +0200] "GET /Jurek/eurofirany/images/461798/0.jpg HTTP/2.0" 200 157058 "-" "baselinker"
51.77.52.107 - - [30/May/2025:04:36:58 +0200] "GET /Jurek/eurofirany/images/348988/0.jpg HTTP/2.0" 200 125668 "-" "baselinker"
51.77.52.107 - - [30/May/2025:04:37:16 +0200] "GET /Jurek/eurofirany/images/348988/0.jpg HTTP/2.0" 200 125668 "-" "baselinker"
51.77.52.107 - - [30/May/2025:04:37:35 +0200] "GET /Jurek/eurofirany/images/348988/0.jpg HTTP/2.0" 200 125668 "-" "baselinker"
52.209.168.113 - - [30/May/2025:04:37:55 +0200] "GET /marketplaces/worten2/results/worten.csv HTTP/1.1" 200 19562891 "-" "Mirakl HttpClient"
51.77.52.107 - - [30/May/2025:04:37:59 +0200] "GET /Jurek/eurofirany/images/379098/0.jpg HTTP/2.0" 200 130403 "-" "baselinker"
51.77.52.107 - - [30/May/2025:04:38:15 +0200] "GET /Jurek/eurofirany/images/379098/0.jpg HTTP/2.0" 200 130403 "-" "baselinker"
51.77.52.107 - - [30/May/2025:04:38:30 +0200] "GET /Jurek/eurofirany/images/379098/0.jpg HTTP/2.0" 200 130403 "-" "baselinker"
51.77.52.107 - - [30/May/2025:04:38:45 +0200] "GET /Jurek/eurofirany/images/379149/0.jpg HTTP/2.0" 200 106168 "-" "baselinker"
51.77.52.107 - - [30/May/2025:04:39:03 +0200] "GET /Jurek/eurofirany/images/379149/0.jpg HTTP/2.0" 200 106168 "-" "baselinker"
51.77.52.107 - - [30/May/2025:04:39:09 +0200] "GET /Jurek/eurofirany/images/379149/0.jpg HTTP/2.0" 200 106168 "-" "baselinker"
51.77.52.107 - - [30/May/2025:04:39:15 +0200] "GET /Jurek/eurofirany/images/348973/0.jpg HTTP/2.0" 200 125668 "-" "baselinker"
51.77.52.107 - - [30/May/2025:04:39:35 +0200] "GET /Jurek/eurofirany/images/348973/0.jpg HTTP/2.0" 200 125668 "-" "baselinker"
51.77.52.107 - - [30/May/2025:04:39:48 +0200] "GET /Jurek/eurofirany/images/348973/0.jpg HTTP/2.0" 200 125668 "-" "baselinker"
52.167.144.169 - - [30/May/2025:04:39:52 +0200] "GET /marketplaces/CDON_extrastore/output.txt HTTP/2.0" 200 4127760 "-" "Mozilla/5.0 AppleWebKit/537.36 (KHTML, like Gecko; compatible; bingbot/2.0; +http://www.bing.com/bingbot.htm) Chrome/116.0.1938.76 Safari/537.36"
51.77.52.107 - - [30/May/2025:04:40:09 +0200] "GET /Jurek/eurofirany/images/349000/0.jpg HTTP/2.0" 200 90159 "-" "baselinker"
51.77.52.107 - - [30/May/2025:04:40:17 +0200] "GET /Jurek/eurofirany/images/349000/0.jpg HTTP/2.0" 200 90159 "-" "baselinker"
51.77.52.107 - - [30/May/2025:04:40:28 +0200] "GET /Jurek/eurofirany/images/349000/0.jpg HTTP/2.0" 200 90159 "-" "baselinker"
46.101.116.244 - - [30/May/2025:04:40:28 +0200] "GET /Jurek/intsell/feeds/intsell_skroutz.xml HTTP/1.0" 200 269821694 "-" "-"
89.161.206.59 - - [30/May/2025:04:40:49 +0200] "GET /Jurek/luxma/feeds/luxma_skroutz.xml HTTP/1.0" 200 4421688 "-" "-"
89.161.206.59 - - [30/May/2025:04:40:52 +0200] "GET /Jurek/dekornatort/feeds/dekornatort_skroutz.xml HTTP/1.0" 200 225937 "-" "-"
51.77.52.107 - - [30/May/2025:04:40:54 +0200] "GET /Jurek/eurofirany/images/379109/0.jpg HTTP/2.0" 200 82768 "-" "baselinker"
89.161.206.59 - - [30/May/2025:04:40:55 +0200] "GET /Jurek/smxdesign/feeds/smxdesign_skroutz.xml HTTP/1.0" 200 1829481 "-" "-"
89.161.206.59 - - [30/May/2025:04:40:56 +0200] "GET /Jurek/techrebalina/feeds/techrebalina_skroutz.xml HTTP/1.0" 200 2011582 "-" "-"
89.161.206.59 - - [30/May/2025:04:40:56 +0200] "GET /Jurek/techrebal/feeds/techrebal_skroutz.xml HTTP/1.0" 200 1969520 "-" "-"
89.161.206.59 - - [30/May/2025:04:40:57 +0200] "GET /Jurek/omi/feeds/omi_skroutz.xml HTTP/1.0" 200 8104369 "-" "-"
89.161.206.59 - - [30/May/2025:04:41:00 +0200] "GET /Jurek/regis/feeds/regis_skroutz.xml HTTP/1.0" 200 228467 "-" "-"
89.161.206.59 - - [30/May/2025:04:41:01 +0200] "GET /Jurek/riko/feeds/riko_skr.xml HTTP/1.0" 200 3788216 "-" "-"
89.161.206.59 - - [30/May/2025:04:41:03 +0200] "GET /Jurek/sebmart/feeds/sebmart_skr.xml HTTP/1.0" 200 1598994 "-" "-"
89.161.206.59 - - [30/May/2025:04:41:04 +0200] "GET /Jurek/mechdecor/feeds/mechdecor_skr.xml HTTP/1.0" 200 596420 "-" "-"
89.161.206.59 - - [30/May/2025:04:41:04 +0200] "GET /Jurek/sovapl/feeds/sovapl_skr.xml HTTP/1.0" 200 9006203 "-" "-"
51.77.52.107 - - [30/May/2025:04:41:17 +0200] "GET /Jurek/eurofirany/images/379109/0.jpg HTTP/2.0" 200 82768 "-" "baselinker"
51.77.52.107 - - [30/May/2025:04:41:21 +0200] "GET /Jurek/eurofirany/images/379109/0.jpg HTTP/2.0" 200 82768 "-" "baselinker"
51.77.52.107 - - [30/May/2025:04:41:29 +0200] "GET /Jurek/eurofirany/images/459269/0.jpg HTTP/2.0" 200 116173 "-" "baselinker"
51.77.52.107 - - [30/May/2025:04:41:42 +0200] "GET /Jurek/eurofirany/images/459269/0.jpg HTTP/2.0" 200 116173 "-" "baselinker"
51.77.52.107 - - [30/May/2025:04:41:56 +0200] "GET /Jurek/eurofirany/images/459269/0.jpg HTTP/2.0" 200 116173 "-" "baselinker"
51.77.52.107 - - [30/May/2025:04:41:59 +0200] "GET /Jurek/eurofirany/images/459526/0.jpg HTTP/2.0" 200 89779 "-" "baselinker"
51.77.52.107 - - [30/May/2025:04:42:15 +0200] "GET /Jurek/eurofirany/images/459526/0.jpg HTTP/2.0" 200 89779 "-" "baselinker"
51.77.52.107 - - [30/May/2025:04:42:20 +0200] "GET /Jurek/eurofirany/images/459526/0.jpg HTTP/2.0" 200 89779 "-" "baselinker"
51.77.52.107 - - [30/May/2025:04:42:27 +0200] "GET /Jurek/eurofirany/images/459528/0.jpg HTTP/2.0" 200 117392 "-" "baselinker"
51.77.52.107 - - [30/May/2025:04:42:36 +0200] "GET /Jurek/eurofirany/images/459528/0.jpg HTTP/2.0" 200 117392 "-" "baselinker"
51.77.52.107 - - [30/May/2025:04:42:56 +0200] "GET /Jurek/eurofirany/images/459528/0.jpg HTTP/2.0" 200 117392 "-" "baselinker"
51.77.52.107 - - [30/May/2025:04:43:05 +0200] "GET /Jurek/eurofirany/images/461306/0.jpg HTTP/2.0" 200 125694 "-" "baselinker"
51.77.52.107 - - [30/May/2025:04:43:11 +0200] "GET /Jurek/eurofirany/images/461306/0.jpg HTTP/2.0" 200 125694 "-" "baselinker"
51.77.52.107 - - [30/May/2025:04:43:14 +0200] "GET /Jurek/eurofirany/images/461306/0.jpg HTTP/2.0" 200 125694 "-" "baselinker"
51.77.52.107 - - [30/May/2025:04:43:20 +0200] "GET /Jurek/eurofirany/images/461318/0.jpg HTTP/2.0" 200 123204 "-" "baselinker"
51.77.52.107 - - [30/May/2025:04:43:42 +0200] "GET /Jurek/eurofirany/images/461318/0.jpg HTTP/2.0" 200 123204 "-" "baselinker"
51.77.52.107 - - [30/May/2025:04:43:57 +0200] "GET /Jurek/eurofirany/images/461318/0.jpg HTTP/2.0" 200 123204 "-" "baselinker"
51.77.52.107 - - [30/May/2025:04:44:03 +0200] "GET /Jurek/eurofirany/images/371619/0.jpg HTTP/2.0" 200 124934 "-" "baselinker"
51.77.52.107 - - [30/May/2025:04:44:08 +0200] "GET /Jurek/eurofirany/images/371619/0.jpg HTTP/2.0" 200 124934 "-" "baselinker"
51.77.52.107 - - [30/May/2025:04:44:25 +0200] "GET /Jurek/eurofirany/images/371619/0.jpg HTTP/2.0" 200 124934 "-" "baselinker"
51.77.52.107 - - [30/May/2025:04:44:31 +0200] "GET /Jurek/eurofirany/images/379003/0.jpg HTTP/2.0" 200 80191 "-" "baselinker"
51.77.52.107 - - [30/May/2025:04:44:37 +0200] "GET /Jurek/eurofirany/images/379003/0.jpg HTTP/2.0" 200 80191 "-" "baselinker"
51.77.52.107 - - [30/May/2025:04:44:43 +0200] "GET /Jurek/eurofirany/images/379003/0.jpg HTTP/2.0" 200 80191 "-" "baselinker"
46.101.116.244 - - [30/May/2025:04:44:48 +0200] "GET /Jurek/eurofirany/feeds/eurofirany_empik.xml HTTP/1.0" 200 18720092 "-" "-"
46.101.116.244 - - [30/May/2025:04:44:51 +0200] "GET /Jurek/chemex/feeds/chemex_empik.xml HTTP/1.0" 200 47822490 "-" "-"
51.77.52.107 - - [30/May/2025:04:45:05 +0200] "GET /Jurek/eurofirany/images/379097/0.jpg HTTP/2.0" 200 130403 "-" "baselinker"
66.249.69.170 - - [30/May/2025:04:45:17 +0200] "GET /Jurek/topeshop/downloaded_images/5902838468449_Opal_Artisan_Szafka.jpg HTTP/1.1" 404 3551 "-" "Googlebot-Image/1.0"
51.77.52.107 - - [30/May/2025:04:45:26 +0200] "GET /Jurek/eurofirany/images/379097/0.jpg HTTP/2.0" 200 130403 "-" "baselinker"
66.249.69.170 - - [30/May/2025:04:45:36 +0200] "GET /Jurek/topeshop/downloaded_images/5902838461273_Sonoma_Rtv.jpg HTTP/1.1" 404 3551 "-" "Googlebot-Image/1.0"
51.77.52.107 - - [30/May/2025:04:45:38 +0200] "GET /Jurek/eurofirany/images/379097/0.jpg HTTP/2.0" 200 130403 "-" "baselinker"
51.77.52.107 - - [30/May/2025:04:45:55 +0200] "GET /Jurek/eurofirany/images/379142/0.jpg HTTP/2.0" 200 131147 "-" "baselinker"
51.77.52.107 - - [30/May/2025:04:46:14 +0200] "GET /Jurek/eurofirany/images/379142/0.jpg HTTP/2.0" 200 131147 "-" "baselinker"
51.77.52.107 - - [30/May/2025:04:46:30 +0200] "GET /Jurek/eurofirany/images/379142/0.jpg HTTP/2.0" 200 131147 "-" "baselinker"
51.77.52.107 - - [30/May/2025:04:46:44 +0200] "GET /Jurek/eurofirany/images/459249/0.jpg HTTP/2.0" 200 121521 "-" "baselinker"
51.77.52.107 - - [30/May/2025:04:47:14 +0200] "GET /Jurek/eurofirany/images/459249/0.jpg HTTP/2.0" 200 121521 "-" "baselinker"
51.77.52.107 - - [30/May/2025:04:47:18 +0200] "GET /Jurek/eurofirany/images/459249/0.jpg HTTP/2.0" 200 121521 "-" "baselinker"
89.161.206.59 - - [30/May/2025:04:47:41 +0200] "GET /Jurek/kambukka/feeds/kambukka_emagro.xml HTTP/1.0" 200 1023562 "-" "-"
89.161.206.59 - - [30/May/2025:04:47:41 +0200] "GET /Jurek/amzteam/feeds/amzteam_emagro.xml HTTP/1.0" 200 97894 "-" "-"
51.77.52.107 - - [30/May/2025:04:47:41 +0200] "GET /Jurek/eurofirany/images/459248/0.jpg HTTP/2.0" 200 121521 "-" "baselinker"
89.161.206.59 - - [30/May/2025:04:47:41 +0200] "GET /Jurek/kinghoff/feeds/kinghoff_emagro.xml HTTP/1.0" 200 15635922 "-" "-"
89.161.206.59 - - [30/May/2025:04:47:42 +0200] "GET /Jurek/ralmetal/feeds/ralmetal_emag.xml HTTP/1.0" 200 1787426 "-" "-"
89.161.206.59 - - [30/May/2025:04:47:43 +0200] "GET /Jurek/oromed/feeds/oromed_emagro.xml HTTP/1.0" 200 1290255 "-" "-"
89.161.206.59 - - [30/May/2025:04:47:43 +0200] "GET /Jurek/b3/feeds/b3_emagro.xml HTTP/1.0" 200 8071291 "-" "-"
89.161.206.59 - - [30/May/2025:04:47:44 +0200] "GET /Jurek/drops/feeds/dropsofficecolection_emagro.xml HTTP/1.0" 200 790396 "-" "-"
89.161.206.59 - - [30/May/2025:04:47:44 +0200] "GET /Jurek/spali/feeds/spali_emagro.xml HTTP/1.0" 200 77055 "-" "-"
89.161.206.59 - - [30/May/2025:04:47:44 +0200] "GET /Jurek/combine/feeds/combine_EMAGRO.xml HTTP/1.0" 200 210558 "-" "-"
89.161.206.59 - - [30/May/2025:04:47:44 +0200] "GET /Jurek/urwiskowo/feeds/urwiskowo_emagro.xml HTTP/1.0" 200 9115107 "-" "-"
89.161.206.59 - - [30/May/2025:04:47:45 +0200] "GET /Jurek/reman/feeds/reman_emagro.xml HTTP/1.0" 200 1394777 "-" "-"
89.161.206.59 - - [30/May/2025:04:47:45 +0200] "GET /Jurek/erohurtownia/feeds/erohurtownia_emagro.xml HTTP/1.0" 200 22847730 "-" "-"
51.77.52.107 - - [30/May/2025:04:48:01 +0200] "GET /Jurek/eurofirany/images/459248/0.jpg HTTP/2.0" 200 121521 "-" "baselinker"
66.249.69.171 - - [30/May/2025:04:48:05 +0200] "GET /Jurek/topeshop/downloaded_images/5902838468456_2.png HTTP/1.1" 404 3551 "-" "Googlebot-Image/1.0"
51.77.52.107 - - [30/May/2025:04:48:19 +0200] "GET /Jurek/eurofirany/images/459248/0.jpg HTTP/2.0" 200 121521 "-" "baselinker"
51.77.52.107 - - [30/May/2025:04:48:38 +0200] "GET /Jurek/eurofirany/images/459529/0.jpg HTTP/2.0" 200 112794 "-" "baselinker"
89.161.206.59 - - [30/May/2025:04:48:43 +0200] "GET /Jurek/velinda/feeds/velinda_emagro.xml HTTP/1.0" 200 4228101 "-" "-"
51.77.52.107 - - [30/May/2025:04:49:07 +0200] "GET /Jurek/eurofirany/images/459529/0.jpg HTTP/2.0" 200 112794 "-" "baselinker"
51.77.52.107 - - [30/May/2025:04:49:25 +0200] "GET /Jurek/eurofirany/images/459529/0.jpg HTTP/2.0" 200 112794 "-" "baselinker"
51.77.52.107 - - [30/May/2025:04:49:44 +0200] "GET /Jurek/eurofirany/images/459531/0.jpg HTTP/2.0" 200 120650 "-" "baselinker"
51.77.52.107 - - [30/May/2025:04:50:01 +0200] "GET /Jurek/eurofirany/images/459531/0.jpg HTTP/2.0" 200 120650 "-" "baselinker"
51.77.52.107 - - [30/May/2025:04:50:18 +0200] "GET /Jurek/eurofirany/images/459531/0.jpg HTTP/2.0" 200 120650 "-" "baselinker"
51.77.52.107 - - [30/May/2025:04:50:41 +0200] "GET /Jurek/eurofirany/images/459532/0.jpg HTTP/2.0" 200 120650 "-" "baselinker"
51.77.52.107 - - [30/May/2025:04:50:51 +0200] "GET /Jurek/eurofirany/images/459532/0.jpg HTTP/2.0" 200 120650 "-" "baselinker"
51.77.52.107 - - [30/May/2025:04:50:59 +0200] "GET /Jurek/eurofirany/images/459532/0.jpg HTTP/2.0" 200 120650 "-" "baselinker"
51.77.52.107 - - [30/May/2025:04:51:17 +0200] "GET /Jurek/eurofirany/images/459540/0.jpg HTTP/2.0" 200 100549 "-" "baselinker"
51.77.52.107 - - [30/May/2025:04:51:23 +0200] "GET /Jurek/eurofirany/images/459540/0.jpg HTTP/2.0" 200 100549 "-" "baselinker"
51.77.52.107 - - [30/May/2025:04:51:27 +0200] "GET /Jurek/eurofirany/images/459540/0.jpg HTTP/2.0" 200 100549 "-" "baselinker"
51.77.52.107 - - [30/May/2025:04:51:32 +0200] "GET /Jurek/eurofirany/images/378998/0.jpg HTTP/2.0" 200 127750 "-" "baselinker"
51.77.52.107 - - [30/May/2025:04:51:52 +0200] "GET /Jurek/eurofirany/images/378998/0.jpg HTTP/2.0" 200 127750 "-" "baselinker"
51.77.52.107 - - [30/May/2025:04:51:59 +0200] "GET /Jurek/eurofirany/images/378998/0.jpg HTTP/2.0" 200 127750 "-" "baselinker"
51.77.52.107 - - [30/May/2025:04:52:20 +0200] "GET /Jurek/eurofirany/images/379001/0.jpg HTTP/2.0" 200 127750 "-" "baselinker"
51.77.52.107 - - [30/May/2025:04:52:42 +0200] "GET /Jurek/eurofirany/images/379001/0.jpg HTTP/2.0" 200 127750 "-" "baselinker"
51.77.52.107 - - [30/May/2025:04:53:03 +0200] "GET /Jurek/eurofirany/images/379001/0.jpg HTTP/2.0" 200 127750 "-" "baselinker"
51.77.52.107 - - [30/May/2025:04:53:15 +0200] "GET /Jurek/eurofirany/images/459530/0.jpg HTTP/2.0" 200 120650 "-" "baselinker"
51.77.52.107 - - [30/May/2025:04:53:30 +0200] "GET /Jurek/eurofirany/images/459530/0.jpg HTTP/2.0" 200 120650 "-" "baselinker"
51.77.52.107 - - [30/May/2025:04:53:50 +0200] "GET /Jurek/eurofirany/images/459530/0.jpg HTTP/2.0" 200 120650 "-" "baselinker"
51.77.52.107 - - [30/May/2025:04:53:57 +0200] "GET /Jurek/eurofirany/images/461785/0.jpg HTTP/2.0" 200 205424 "-" "baselinker"
51.77.52.107 - - [30/May/2025:04:54:14 +0200] "GET /Jurek/eurofirany/images/461785/0.jpg HTTP/2.0" 200 205424 "-" "baselinker"
51.77.52.107 - - [30/May/2025:04:54:39 +0200] "GET /Jurek/eurofirany/images/461785/0.jpg HTTP/2.0" 200 205424 "-" "baselinker"
51.77.52.107 - - [30/May/2025:04:55:01 +0200] "GET /Jurek/eurofirany/images/452362/0.jpg HTTP/2.0" 200 145296 "-" "baselinker"
51.77.52.107 - - [30/May/2025:04:55:07 +0200] "GET /Jurek/eurofirany/images/452362/0.jpg HTTP/2.0" 200 145296 "-" "baselinker"
51.77.52.107 - - [30/May/2025:04:55:13 +0200] "GET /Jurek/eurofirany/images/452362/0.jpg HTTP/2.0" 200 145296 "-" "baselinker"
51.77.52.107 - - [30/May/2025:04:55:20 +0200] "GET /Jurek/eurofirany/images/452368/0.jpg HTTP/2.0" 200 125488 "-" "baselinker"
51.77.52.107 - - [30/May/2025:04:55:39 +0200] "GET /Jurek/eurofirany/images/452368/0.jpg HTTP/2.0" 200 125488 "-" "baselinker"
51.77.52.107 - - [30/May/2025:04:55:48 +0200] "GET /Jurek/eurofirany/images/452368/0.jpg HTTP/2.0" 200 125488 "-" "baselinker"
51.77.52.107 - - [30/May/2025:04:55:53 +0200] "GET /Jurek/eurofirany/images/460277/0.jpg HTTP/2.0" 200 114588 "-" "baselinker"
51.77.52.107 - - [30/May/2025:04:55:58 +0200] "GET /Jurek/eurofirany/images/460277/0.jpg HTTP/2.0" 200 114588 "-" "baselinker"
89.161.206.59 - - [30/May/2025:04:56:00 +0200] "GET /Jurek/swiatecznygoliat/feeds/swiatecznygoliat_skroutz.xml HTTP/1.0" 200 6874860 "-" "-"
51.77.52.107 - - [30/May/2025:04:56:03 +0200] "GET /Jurek/eurofirany/images/460277/0.jpg HTTP/2.0" 200 114588 "-" "baselinker"
89.161.206.59 - - [30/May/2025:04:56:05 +0200] "GET /Jurek/apresto/feeds/apresto_skr.xml HTTP/1.0" 200 1317499 "-" "-"
51.77.52.107 - - [30/May/2025:04:56:07 +0200] "GET /Jurek/eurofirany/images/460643/0.jpg HTTP/2.0" 200 52491 "-" "baselinker"
51.77.52.107 - - [30/May/2025:04:56:12 +0200] "GET /Jurek/eurofirany/images/460643/0.jpg HTTP/2.0" 200 52491 "-" "baselinker"
51.77.52.107 - - [30/May/2025:04:56:33 +0200] "GET /Jurek/eurofirany/images/460643/0.jpg HTTP/2.0" 200 52491 "-" "baselinker"
51.77.52.107 - - [30/May/2025:04:56:36 +0200] "GET /Jurek/eurofirany/images/460645/0.jpg HTTP/2.0" 200 75389 "-" "baselinker"
51.77.52.107 - - [30/May/2025:04:56:57 +0200] "GET /Jurek/eurofirany/images/460645/0.jpg HTTP/2.0" 200 75389 "-" "baselinker"
51.77.52.107 - - [30/May/2025:04:57:13 +0200] "GET /Jurek/eurofirany/images/460645/0.jpg HTTP/2.0" 200 75389 "-" "baselinker"
51.77.52.107 - - [30/May/2025:04:57:20 +0200] "GET /Jurek/eurofirany/images/462360/0.jpg HTTP/2.0" 200 118937 "-" "baselinker"
51.77.52.107 - - [30/May/2025:04:57:27 +0200] "GET /Jurek/eurofirany/images/462360/0.jpg HTTP/2.0" 200 118937 "-" "baselinker"
51.77.52.107 - - [30/May/2025:04:57:32 +0200] "GET /Jurek/eurofirany/images/462360/0.jpg HTTP/2.0" 200 118937 "-" "baselinker"
51.77.52.107 - - [30/May/2025:04:57:38 +0200] "GET /Jurek/eurofirany/images/460644/0.jpg HTTP/2.0" 200 106383 "-" "baselinker"
51.77.52.107 - - [30/May/2025:04:57:55 +0200] "GET /Jurek/eurofirany/images/460644/0.jpg HTTP/2.0" 200 106383 "-" "baselinker"
51.77.52.107 - - [30/May/2025:04:58:01 +0200] "GET /Jurek/eurofirany/images/460644/0.jpg HTTP/2.0" 200 106383 "-" "baselinker"
51.77.52.107 - - [30/May/2025:04:58:06 +0200] "GET /Jurek/eurofirany/images/463027/0.jpg HTTP/2.0" 200 163065 "-" "baselinker"
51.77.52.107 - - [30/May/2025:04:58:11 +0200] "GET /Jurek/eurofirany/images/463027/0.jpg HTTP/2.0" 200 163065 "-" "baselinker"
51.77.52.107 - - [30/May/2025:04:58:16 +0200] "GET /Jurek/eurofirany/images/463027/0.jpg HTTP/2.0" 200 163065 "-" "baselinker"
51.77.52.107 - - [30/May/2025:04:58:23 +0200] "GET /Jurek/eurofirany/images/463028/0.jpg HTTP/2.0" 200 148246 "-" "baselinker"
51.77.52.107 - - [30/May/2025:04:58:28 +0200] "GET /Jurek/eurofirany/images/463028/0.jpg HTTP/2.0" 200 148246 "-" "baselinker"
51.77.52.107 - - [30/May/2025:04:58:33 +0200] "GET /Jurek/eurofirany/images/463028/0.jpg HTTP/2.0" 200 148246 "-" "baselinker"
51.77.52.107 - - [30/May/2025:04:58:54 +0200] "GET /Jurek/eurofirany/images/463406/0.jpg HTTP/2.0" 200 128895 "-" "baselinker"
51.77.52.107 - - [30/May/2025:04:59:01 +0200] "GET /Jurek/eurofirany/images/463406/0.jpg HTTP/2.0" 200 128895 "-" "baselinker"
51.77.52.107 - - [30/May/2025:04:59:05 +0200] "GET /Jurek/eurofirany/images/463406/0.jpg HTTP/2.0" 200 128895 "-" "baselinker"
51.77.52.107 - - [30/May/2025:04:59:27 +0200] "GET /Jurek/eurofirany/images/461943/0.jpg HTTP/2.0" 200 58457 "-" "baselinker"
51.77.52.107 - - [30/May/2025:04:59:33 +0200] "GET /Jurek/eurofirany/images/461943/0.jpg HTTP/2.0" 200 58457 "-" "baselinker"
51.77.52.107 - - [30/May/2025:04:59:38 +0200] "GET /Jurek/eurofirany/images/461943/0.jpg HTTP/2.0" 200 58457 "-" "baselinker"
51.77.52.107 - - [30/May/2025:04:59:43 +0200] "GET /Jurek/eurofirany/images/458718/0.jpg HTTP/2.0" 200 113419 "-" "baselinker"
51.77.52.107 - - [30/May/2025:04:59:49 +0200] "GET /Jurek/eurofirany/images/458718/0.jpg HTTP/2.0" 200 113419 "-" "baselinker"
35.204.39.32 - - [30/May/2025:05:00:14 +0200] "GET /marketplaces/carrefour_fr/results/carrefour_fr.csv HTTP/1.1" 200 147219 "-" "Mirakl HttpClient"
51.77.52.107 - - [30/May/2025:05:00:15 +0200] "GET /Jurek/eurofirany/images/458718/0.jpg HTTP/2.0" 200 113419 "-" "baselinker"
85.14.86.141 - - [30/May/2025:05:00:18 +0200] "GET /Jurek/vida_morele/feeds/VidaPL_all.xml HTTP/2.0" 200 878970007 "-" "MarketplaceAPI curl/7.74.0 PHP/8"
52.18.22.0 - - [30/May/2025:05:00:35 +0200] "GET /marketplaces/ubaldi/results/ubaldi.csv HTTP/1.1" 200 147219 "-" "Mirakl HttpClient"
51.77.52.107 - - [30/May/2025:05:00:37 +0200] "GET /Jurek/eurofirany/images/382872/0.jpg HTTP/2.0" 200 101098 "-" "baselinker"
51.77.52.107 - - [30/May/2025:05:00:56 +0200] "GET /Jurek/eurofirany/images/382872/0.jpg HTTP/2.0" 200 101098 "-" "baselinker"
51.77.52.107 - - [30/May/2025:05:01:20 +0200] "GET /Jurek/eurofirany/images/382872/0.jpg HTTP/2.0" 200 101098 "-" "baselinker"
35.204.39.32 - - [30/May/2025:05:01:25 +0200] "GET /marketplaces/vente/results/vente_nl.csv HTTP/1.1" 200 147219 "-" "Mirakl HttpClient"
35.204.39.32 - - [30/May/2025:05:01:25 +0200] "GET /marketplaces/vente/results/vente_fr.csv HTTP/1.1" 200 147219 "-" "Mirakl HttpClient"
35.204.39.32 - - [30/May/2025:05:01:25 +0200] "GET /marketplaces/vente/results/vente_be.csv HTTP/1.1" 200 147219 "-" "Mirakl HttpClient"
35.204.39.32 - - [30/May/2025:05:01:25 +0200] "GET /marketplaces/vente/results/vente_it.csv HTTP/1.1" 200 147219 "-" "Mirakl HttpClient"
35.204.39.32 - - [30/May/2025:05:01:25 +0200] "GET /marketplaces/vente/results/vente_es.csv HTTP/1.1" 200 163603 "-" "Mirakl HttpClient"
35.204.39.32 - - [30/May/2025:05:01:25 +0200] "GET /marketplaces/vente/results/vente_de.csv HTTP/1.1" 200 147219 "-" "Mirakl HttpClient"
69.171.249.7 - - [30/May/2025:05:01:36 +0200] "GET /robots.txt HTTP/1.1" 404 3551 "-" "facebookexternalhit/1.1 (+http://www.facebook.com/externalhit_uatext.php)"
51.77.52.107 - - [30/May/2025:05:01:45 +0200] "GET /Jurek/eurofirany/images/419875/0.jpg HTTP/2.0" 200 77742 "-" "baselinker"
52.17.80.36 - - [30/May/2025:05:01:54 +0200] "GET /marketplaces/rue/results/rue.csv HTTP/1.1" 200 147219 "-" "Mirakl HttpClient"
51.77.52.107 - - [30/May/2025:05:02:19 +0200] "GET /Jurek/eurofirany/images/419875/0.jpg HTTP/2.0" 200 77742 "-" "baselinker"
51.77.52.107 - - [30/May/2025:05:02:40 +0200] "GET /Jurek/eurofirany/images/419875/0.jpg HTTP/2.0" 200 77742 "-" "baselinker"
89.161.206.59 - - [30/May/2025:05:02:58 +0200] "GET /Jurek/ikonka/feeds/ikonka_ebayde.xml HTTP/1.0" 200 7123367 "-" "-"
89.161.206.59 - - [30/May/2025:05:03:00 +0200] "GET /Jurek/aiofactory/feeds/aiofactory_ebayde.xml HTTP/1.0" 200 2124588 "-" "-"
51.77.52.107 - - [30/May/2025:05:03:03 +0200] "GET /Jurek/eurofirany/images/430456/0.jpg HTTP/2.0" 200 134485 "-" "baselinker"
89.161.206.59 - - [30/May/2025:05:03:06 +0200] "GET /Jurek/snibbs/feeds/snibbs_skroutz.xml HTTP/1.0" 200 74414 "-" "-"
89.161.206.59 - - [30/May/2025:05:03:06 +0200] "GET /Jurek/coppotech/feeds/coppotech_skroutz.xml HTTP/1.0" 200 37880567 "-" "-"
89.161.206.59 - - [30/May/2025:05:03:09 +0200] "GET /Jurek/elavia/feeds/elavia_skroutz.xml HTTP/1.0" 200 2297722 "-" "-"
51.77.52.107 - - [30/May/2025:05:03:12 +0200] "GET /Jurek/eurofirany/images/430456/0.jpg HTTP/2.0" 200 134485 "-" "baselinker"
89.161.206.59 - - [30/May/2025:05:03:17 +0200] "GET /Jurek/proparts/feeds/proparts_skroutz.xml HTTP/1.0" 200 707860 "-" "-"
51.77.52.107 - - [30/May/2025:05:03:29 +0200] "GET /Jurek/eurofirany/images/430456/0.jpg HTTP/2.0" 200 134485 "-" "baselinker"
51.77.52.107 - - [30/May/2025:05:03:33 +0200] "GET /Jurek/eurofirany/images/430497/0.jpg HTTP/2.0" 200 175709 "-" "baselinker"
51.77.52.107 - - [30/May/2025:05:03:49 +0200] "GET /Jurek/eurofirany/images/430497/0.jpg HTTP/2.0" 200 175709 "-" "baselinker"
52.209.168.113 - - [30/May/2025:05:03:50 +0200] "GET /marketplaces/carrefour/results/carrefour.csv HTTP/1.1" 200 147221 "-" "Mirakl HttpClient"
51.77.52.107 - - [30/May/2025:05:03:53 +0200] "GET /Jurek/eurofirany/images/430497/0.jpg HTTP/2.0" 200 175709 "-" "baselinker"
85.14.86.141 - - [30/May/2025:05:03:56 +0200] "GET /Jurek/kinghoff/feeds/kinghoff_morele.xml HTTP/2.0" 200 15634685 "-" "MarketplaceAPI curl/7.74.0 PHP/8"
51.77.52.107 - - [30/May/2025:05:04:10 +0200] "GET /Jurek/eurofirany/images/430501/0.jpg HTTP/2.0" 200 175709 "-" "baselinker"
51.77.52.107 - - [30/May/2025:05:04:26 +0200] "GET /Jurek/eurofirany/images/430501/0.jpg HTTP/2.0" 200 175709 "-" "baselinker"
51.77.52.107 - - [30/May/2025:05:04:29 +0200] "GET /Jurek/eurofirany/images/430501/0.jpg HTTP/2.0" 200 175709 "-" "baselinker"
51.77.52.107 - - [30/May/2025:05:04:46 +0200] "GET /Jurek/eurofirany/images/430561/0.jpg HTTP/2.0" 200 187280 "-" "baselinker"
51.77.52.107 - - [30/May/2025:05:05:06 +0200] "GET /Jurek/eurofirany/images/430561/0.jpg HTTP/2.0" 200 187280 "-" "baselinker"
51.77.52.107 - - [30/May/2025:05:05:27 +0200] "GET /Jurek/eurofirany/images/430561/0.jpg HTTP/2.0" 200 187280 "-" "baselinker"
20.71.215.11 - - [30/May/2025:05:05:37 +0200] "GET /Jurek/altex_all/feeds/altex.xml HTTP/2.0" 200 872936 "-" "Mozilla/5.0 (Windows; U; Windows NT 5.1; en-US; rv:1.8.1.13) Gecko/20080311 Firefox/2.0.0.13"
51.77.52.107 - - [30/May/2025:05:05:45 +0200] "GET /Jurek/eurofirany/images/430835/0.jpg HTTP/2.0" 200 175709 "-" "baselinker"
89.161.206.59 - - [30/May/2025:05:05:50 +0200] "GET /Jurek/playcob/feeds/playcob_amazonde.xml HTTP/1.0" 200 6981875 "-" "-"
51.77.52.107 - - [30/May/2025:05:06:17 +0200] "GET /Jurek/eurofirany/images/430835/0.jpg HTTP/2.0" 200 175709 "-" "baselinker"
51.77.52.107 - - [30/May/2025:05:06:20 +0200] "GET /Jurek/eurofirany/images/430835/0.jpg HTTP/2.0" 200 175709 "-" "baselinker"
51.77.52.107 - - [30/May/2025:05:06:26 +0200] "GET /Jurek/eurofirany/images/433255/0.jpg HTTP/2.0" 200 6625 "-" "baselinker"
51.77.52.107 - - [30/May/2025:05:06:27 +0200] "GET /Jurek/eurofirany/images/433255/0.jpg HTTP/2.0" 200 6625 "-" "baselinker"
51.77.52.107 - - [30/May/2025:05:06:28 +0200] "GET /Jurek/eurofirany/images/433255/0.jpg HTTP/2.0" 200 6625 "-" "baselinker"
51.77.52.107 - - [30/May/2025:05:06:29 +0200] "GET /Jurek/eurofirany/images/433257/0.jpg HTTP/2.0" 200 6625 "-" "baselinker"
51.77.52.107 - - [30/May/2025:05:06:29 +0200] "GET /Jurek/eurofirany/images/433257/0.jpg HTTP/2.0" 200 6625 "-" "baselinker"
51.77.52.107 - - [30/May/2025:05:06:30 +0200] "GET /Jurek/eurofirany/images/433257/0.jpg HTTP/2.0" 200 6625 "-" "baselinker"
51.77.52.107 - - [30/May/2025:05:06:31 +0200] "GET /Jurek/eurofirany/images/433272/0.jpg HTTP/2.0" 200 6625 "-" "baselinker"
51.77.52.107 - - [30/May/2025:05:06:32 +0200] "GET /Jurek/eurofirany/images/433272/0.jpg HTTP/2.0" 200 6625 "-" "baselinker"
51.77.52.107 - - [30/May/2025:05:06:32 +0200] "GET /Jurek/eurofirany/images/433272/0.jpg HTTP/2.0" 200 6625 "-" "baselinker"
51.77.52.107 - - [30/May/2025:05:06:33 +0200] "GET /Jurek/eurofirany/images/440182/0.jpg HTTP/2.0" 200 89309 "-" "baselinker"
85.14.86.141 - - [30/May/2025:05:06:46 +0200] "GET /Jurek/eurofirany/feeds/eurofirany_morele.xml HTTP/2.0" 200 18720286 "-" "MarketplaceAPI curl/7.74.0 PHP/8"
51.77.52.107 - - [30/May/2025:05:06:55 +0200] "GET /Jurek/eurofirany/images/440182/0.jpg HTTP/2.0" 200 89309 "-" "baselinker"
51.77.52.107 - - [30/May/2025:05:07:00 +0200] "GET /Jurek/eurofirany/images/440182/0.jpg HTTP/2.0" 200 89309 "-" "baselinker"
85.14.86.141 - - [30/May/2025:05:07:06 +0200] "GET /Jurek/vivaldi/feeds/vivaldi_Morele-PL.xml HTTP/2.0" 200 344674 "-" "MarketplaceAPI curl/7.74.0 PHP/8"
51.77.52.107 - - [30/May/2025:05:07:23 +0200] "GET /Jurek/eurofirany/images/454057/0.jpg HTTP/2.0" 200 88175 "-" "baselinker"
51.77.52.107 - - [30/May/2025:05:07:49 +0200] "GET /Jurek/eurofirany/images/454057/0.jpg HTTP/2.0" 200 88175 "-" "baselinker"
51.77.52.107 - - [30/May/2025:05:07:55 +0200] "GET /Jurek/eurofirany/images/454057/0.jpg HTTP/2.0" 200 88175 "-" "baselinker"
185.6.76.166 - - [30/May/2025:05:08:04 +0200] "GET /Jurek/eurofirany/images/432649/0.jpg HTTP/1.1" 200 6625 "-" "Skroutz ImageBot v1"
51.77.52.107 - - [30/May/2025:05:08:09 +0200] "GET /Jurek/eurofirany/images/454064/0.jpg HTTP/2.0" 200 100028 "-" "baselinker"
51.77.52.107 - - [30/May/2025:05:08:31 +0200] "GET /Jurek/eurofirany/images/454064/0.jpg HTTP/2.0" 200 100028 "-" "baselinker"
51.77.52.107 - - [30/May/2025:05:08:56 +0200] "GET /Jurek/eurofirany/images/454064/0.jpg HTTP/2.0" 200 100028 "-" "baselinker"
85.14.86.141 - - [30/May/2025:05:08:58 +0200] "GET /Jurek/vida_morele/feeds/VidaPL_morele.xml HTTP/2.0" 200 878971483 "-" "MarketplaceAPI curl/7.74.0 PHP/8"
185.6.76.18 - - [30/May/2025:05:08:59 +0200] "GET /marketplaces/skroutz/feeds/shumee.xml HTTP/1.1" 200 411635055 "-" "SkroutzBot v1.0"
85.14.86.141 - - [30/May/2025:05:09:10 +0200] "GET /Jurek/aw/feeds/awnarzedzia_morele.xml HTTP/2.0" 200 91145190 "-" "MarketplaceAPI curl/7.74.0 PHP/8"
51.77.52.107 - - [30/May/2025:05:09:17 +0200] "GET /Jurek/eurofirany/images/454066/0.jpg HTTP/2.0" 200 99514 "-" "baselinker"
51.77.52.107 - - [30/May/2025:05:09:36 +0200] "GET /Jurek/eurofirany/images/454066/0.jpg HTTP/2.0" 200 99514 "-" "baselinker"
51.77.52.107 - - [30/May/2025:05:09:52 +0200] "GET /Jurek/eurofirany/images/454066/0.jpg HTTP/2.0" 200 99514 "-" "baselinker"
85.14.86.141 - - [30/May/2025:05:09:55 +0200] "GET /Jurek/beliani/feeds/beliani_morele.xml HTTP/2.0" 200 30665083 "-" "MarketplaceAPI curl/7.74.0 PHP/8"
51.77.52.107 - - [30/May/2025:05:10:16 +0200] "GET /Jurek/eurofirany/images/454068/0.jpg HTTP/2.0" 200 81121 "-" "baselinker"
