51.77.52.107 - - [30/May/2025:09:36:06 +0200] "GET /Jurek/eurofirany/images/378344/0.jpg HTTP/2.0" 200 131731 "-" "baselinker"
51.77.52.107 - - [30/May/2025:09:36:12 +0200] "GET /Jurek/eurofirany/images/400227/0.jpg HTTP/2.0" 200 21115 "-" "baselinker"
89.161.206.59 - - [30/May/2025:09:36:23 +0200] "GET /Jurek/bass_new/feeds/bass_ebayde.xml HTTP/1.0" 200 4806534 "-" "-"
51.77.52.107 - - [30/May/2025:09:36:30 +0200] "GET /Jurek/eurofirany/images/400227/0.jpg HTTP/2.0" 200 21115 "-" "baselinker"
51.77.52.107 - - [30/May/2025:09:36:51 +0200] "GET /Jurek/eurofirany/images/400227/0.jpg HTTP/2.0" 200 21115 "-" "baselinker"
51.77.52.107 - - [30/May/2025:09:36:57 +0200] "GET /Jurek/eurofirany/images/398823/0.jpg HTTP/2.0" 200 28870 "-" "baselinker"
51.77.52.107 - - [30/May/2025:09:37:13 +0200] "GET /Jurek/eurofirany/images/398823/0.jpg HTTP/2.0" 200 28870 "-" "baselinker"
51.77.52.107 - - [30/May/2025:09:37:32 +0200] "GET /Jurek/eurofirany/images/398823/0.jpg HTTP/2.0" 200 28870 "-" "baselinker"
51.77.52.107 - - [30/May/2025:09:37:55 +0200] "GET /Jurek/eurofirany/images/398834/0.jpg HTTP/2.0" 200 35427 "-" "baselinker"
51.77.52.107 - - [30/May/2025:09:38:13 +0200] "GET /Jurek/eurofirany/images/398834/0.jpg HTTP/2.0" 200 35427 "-" "baselinker"
51.77.52.107 - - [30/May/2025:09:38:31 +0200] "GET /Jurek/eurofirany/images/398834/0.jpg HTTP/2.0" 200 35427 "-" "baselinker"
51.77.52.107 - - [30/May/2025:09:38:51 +0200] "GET /Jurek/eurofirany/images/406011/0.jpg HTTP/2.0" 200 30690 "-" "baselinker"
51.77.52.107 - - [30/May/2025:09:39:11 +0200] "GET /Jurek/eurofirany/images/406011/0.jpg HTTP/2.0" 200 30690 "-" "baselinker"
5.134.208.158 - - [30/May/2025:09:39:24 +0200] "GET /Jurek/eurofirany/images/372585/0.jpg HTTP/1.1" 200 193862 "-" "-"
51.77.52.107 - - [30/May/2025:09:39:27 +0200] "GET /Jurek/eurofirany/images/406011/0.jpg HTTP/2.0" 200 30690 "-" "baselinker"
51.77.52.107 - - [30/May/2025:09:39:40 +0200] "GET /Jurek/eurofirany/images/406034/0.jpg HTTP/2.0" 200 598371 "-" "baselinker"
51.77.52.107 - - [30/May/2025:09:39:42 +0200] "GET /Jurek/eurofirany/images/406034/0.jpg HTTP/2.0" 200 598371 "-" "baselinker"
51.77.52.107 - - [30/May/2025:09:39:44 +0200] "GET /Jurek/eurofirany/images/406034/0.jpg HTTP/2.0" 200 598371 "-" "baselinker"
51.77.52.107 - - [30/May/2025:09:39:45 +0200] "GET /Jurek/eurofirany/images/459027/0.jpg HTTP/2.0" 200 100245 "-" "baselinker"
51.77.52.107 - - [30/May/2025:09:40:10 +0200] "GET /Jurek/eurofirany/images/459027/0.jpg HTTP/2.0" 200 100245 "-" "baselinker"
51.77.52.107 - - [30/May/2025:09:40:13 +0200] "GET /Jurek/eurofirany/images/459027/0.jpg HTTP/2.0" 200 100245 "-" "baselinker"
77.79.248.229 - - [30/May/2025:09:40:40 +0200] "GET /Jurek/kinghoff/feeds/kinghoff_SkroutzGR.xml HTTP/1.1" 200 14741172 "-" "Python-urllib/3.11"
77.79.248.229 - - [30/May/2025:09:40:41 +0200] "GET /Jurek/aw/feeds/awnarzedzia_skroutz.xml HTTP/1.1" 200 89730054 "-" "Python-urllib/3.11"
77.79.248.229 - - [30/May/2025:09:40:41 +0200] "GET /Jurek/eurofirany/feeds/eurofirany_skroutz.xml HTTP/1.1" 200 18244084 "-" "Python-urllib/3.11"
77.79.248.229 - - [30/May/2025:09:40:41 +0200] "GET /Jurek/fernity/feeds/fernity_skroutz.xml HTTP/1.1" 200 4592722 "-" "Python-urllib/3.11"
51.77.52.107 - - [30/May/2025:09:40:44 +0200] "GET /Jurek/eurofirany/images/458997/0.jpg HTTP/2.0" 200 102188 "-" "baselinker"
89.161.206.59 - - [30/May/2025:09:40:55 +0200] "GET /Jurek/swiatecznygoliat/feeds/swiatecznygoliat_amazonde.xml HTTP/1.0" 200 7050811 "-" "-"
51.77.52.107 - - [30/May/2025:09:41:11 +0200] "GET /Jurek/eurofirany/images/458997/0.jpg HTTP/2.0" 200 102188 "-" "baselinker"
51.77.52.107 - - [30/May/2025:09:41:20 +0200] "GET /Jurek/eurofirany/images/458997/0.jpg HTTP/2.0" 200 102188 "-" "baselinker"
51.77.52.107 - - [30/May/2025:09:41:46 +0200] "GET /Jurek/eurofirany/images/459012/0.jpg HTTP/2.0" 200 126528 "-" "baselinker"
193.33.8.61 - - [30/May/2025:09:41:49 +0200] "GET /Jurek/andex/feeds/andex_zero.xml HTTP/2.0" 200 1953053 "https://konsola.dkkapusta1997.usermd.net/" "Mozilla/5.0 (Windows NT 10.0; Win64; x64) AppleWebKit/537.36 (KHTML, like Gecko) Chrome/136.0.0.0 Safari/537.36"
193.33.8.61 - - [30/May/2025:09:41:49 +0200] "GET /Jurek/alucon/feeds/alucon_zero.xml HTTP/2.0" 200 553567 "https://konsola.dkkapusta1997.usermd.net/" "Mozilla/5.0 (Windows NT 10.0; Win64; x64) AppleWebKit/537.36 (KHTML, like Gecko) Chrome/136.0.0.0 Safari/537.36"
51.77.52.107 - - [30/May/2025:09:42:06 +0200] "GET /Jurek/eurofirany/images/459012/0.jpg HTTP/2.0" 200 126528 "-" "baselinker"
193.33.8.61 - - [30/May/2025:09:42:08 +0200] "GET /Jurek/apresto/feeds/apresto_zero.xml HTTP/2.0" 200 1327463 "https://konsola.dkkapusta1997.usermd.net/" "Mozilla/5.0 (Windows NT 10.0; Win64; x64) AppleWebKit/537.36 (KHTML, like Gecko) Chrome/136.0.0.0 Safari/537.36"
193.33.8.61 - - [30/May/2025:09:42:11 +0200] "GET /Jurek/antiodor/feeds/antiodor_zero.xml HTTP/2.0" 200 137807 "https://konsola.dkkapusta1997.usermd.net/" "Mozilla/5.0 (Windows NT 10.0; Win64; x64) AppleWebKit/537.36 (KHTML, like Gecko) Chrome/136.0.0.0 Safari/537.36"
51.77.52.107 - - [30/May/2025:09:42:24 +0200] "GET /Jurek/eurofirany/images/459012/0.jpg HTTP/2.0" 200 126528 "-" "baselinker"
51.77.52.107 - - [30/May/2025:09:42:30 +0200] "GET /Jurek/eurofirany/images/459020/0.jpg HTTP/2.0" 200 115293 "-" "baselinker"
193.33.8.61 - - [30/May/2025:09:42:36 +0200] "GET /Jurek/avenido/feeds/avenido_zero.xml HTTP/2.0" 200 720124 "https://konsola.dkkapusta1997.usermd.net/" "Mozilla/5.0 (Windows NT 10.0; Win64; x64) AppleWebKit/537.36 (KHTML, like Gecko) Chrome/136.0.0.0 Safari/537.36"
193.33.8.61 - - [30/May/2025:09:42:39 +0200] "GET /Jurek/bass_new/feeds/bass_zero.xml HTTP/2.0" 200 7039202 "https://konsola.dkkapusta1997.usermd.net/" "Mozilla/5.0 (Windows NT 10.0; Win64; x64) AppleWebKit/537.36 (KHTML, like Gecko) Chrome/136.0.0.0 Safari/537.36"
51.77.52.107 - - [30/May/2025:09:42:50 +0200] "GET /Jurek/eurofirany/images/459020/0.jpg HTTP/2.0" 200 115293 "-" "baselinker"
193.33.8.61 - - [30/May/2025:09:42:57 +0200] "GET /Jurek/beautycare/feeds/beautycare_zero.xml HTTP/2.0" 200 1181465 "https://konsola.dkkapusta1997.usermd.net/" "Mozilla/5.0 (Windows NT 10.0; Win64; x64) AppleWebKit/537.36 (KHTML, like Gecko) Chrome/136.0.0.0 Safari/537.36"
51.77.52.107 - - [30/May/2025:09:42:57 +0200] "GET /Jurek/eurofirany/images/459020/0.jpg HTTP/2.0" 200 115293 "-" "baselinker"
51.77.52.107 - - [30/May/2025:09:43:20 +0200] "GET /Jurek/eurofirany/images/130742/0.jpg HTTP/2.0" 200 6625 "-" "baselinker"
51.77.52.107 - - [30/May/2025:09:43:21 +0200] "GET /Jurek/eurofirany/images/130742/0.jpg HTTP/2.0" 200 6625 "-" "baselinker"
51.77.52.107 - - [30/May/2025:09:43:22 +0200] "GET /Jurek/eurofirany/images/130742/0.jpg HTTP/2.0" 200 6625 "-" "baselinker"
51.77.52.107 - - [30/May/2025:09:43:23 +0200] "GET /Jurek/eurofirany/images/325019/0.jpg HTTP/2.0" 200 135786 "-" "baselinker"
193.33.8.61 - - [30/May/2025:09:43:25 +0200] "GET /Jurek/bemipol/feeds/bemipol_zero.xml HTTP/2.0" 200 423633 "https://konsola.dkkapusta1997.usermd.net/" "Mozilla/5.0 (Windows NT 10.0; Win64; x64) AppleWebKit/537.36 (KHTML, like Gecko) Chrome/136.0.0.0 Safari/537.36"
51.77.52.107 - - [30/May/2025:09:43:39 +0200] "GET /Jurek/eurofirany/images/325019/0.jpg HTTP/2.0" 200 135786 "-" "baselinker"
89.161.206.59 - - [30/May/2025:09:43:40 +0200] "GET /Jurek/andex/feeds/andex_emagro.xml HTTP/1.0" 200 1953944 "-" "-"
89.161.206.59 - - [30/May/2025:09:43:41 +0200] "GET /Jurek/bemipol/feeds/bemipol_emagro.xml HTTP/1.0" 200 423670 "-" "-"
89.161.206.59 - - [30/May/2025:09:43:41 +0200] "GET /Jurek/gandalf/feeds/gandalf_emagro.xml HTTP/1.0" 200 1082610 "-" "-"
89.161.206.59 - - [30/May/2025:09:43:41 +0200] "GET /Jurek/apresto/feeds/apresto_emagro.xml HTTP/1.0" 200 1327809 "-" "-"
89.161.206.59 - - [30/May/2025:09:43:41 +0200] "GET /Jurek/kalama/feeds/kalama_emagro.xml HTTP/1.0" 200 2663757 "-" "-"
51.77.52.107 - - [30/May/2025:09:43:50 +0200] "GET /Jurek/eurofirany/images/325019/0.jpg HTTP/2.0" 200 135786 "-" "baselinker"
51.77.52.107 - - [30/May/2025:09:43:57 +0200] "GET /Jurek/eurofirany/images/351249/0.jpg HTTP/2.0" 200 64620 "-" "baselinker"
193.33.8.61 - - [30/May/2025:09:44:00 +0200] "GET /Jurek/beltimore/feeds/beltimore_zero.xml HTTP/2.0" 200 18652746 "https://konsola.dkkapusta1997.usermd.net/" "Mozilla/5.0 (Windows NT 10.0; Win64; x64) AppleWebKit/537.36 (KHTML, like Gecko) Chrome/136.0.0.0 Safari/537.36"
193.33.8.61 - - [30/May/2025:09:44:01 +0200] "GET /Jurek/bentivolio/feeds/bentivolio_zero.xml HTTP/2.0" 200 3497949 "https://konsola.dkkapusta1997.usermd.net/" "Mozilla/5.0 (Windows NT 10.0; Win64; x64) AppleWebKit/537.36 (KHTML, like Gecko) Chrome/136.0.0.0 Safari/537.36"
193.33.8.61 - - [30/May/2025:09:44:02 +0200] "GET /Jurek/benetech/feeds/benetech_zero.xml HTTP/2.0" 200 4165327 "https://konsola.dkkapusta1997.usermd.net/" "Mozilla/5.0 (Windows NT 10.0; Win64; x64) AppleWebKit/537.36 (KHTML, like Gecko) Chrome/136.0.0.0 Safari/537.36"
51.77.52.107 - - [30/May/2025:09:44:17 +0200] "GET /Jurek/eurofirany/images/351249/0.jpg HTTP/2.0" 200 64620 "-" "baselinker"
193.33.8.61 - - [30/May/2025:09:44:24 +0200] "GET /Jurek/bisanti/feeds/bisanti_zero.xml HTTP/2.0" 200 1142122 "https://konsola.dkkapusta1997.usermd.net/" "Mozilla/5.0 (Windows NT 10.0; Win64; x64) AppleWebKit/537.36 (KHTML, like Gecko) Chrome/136.0.0.0 Safari/537.36"
193.33.8.61 - - [30/May/2025:09:44:34 +0200] "GET /Jurek/bloomglow/feeds/bloomglow_zero.xml HTTP/2.0" 200 14094300 "https://konsola.dkkapusta1997.usermd.net/" "Mozilla/5.0 (Windows NT 10.0; Win64; x64) AppleWebKit/537.36 (KHTML, like Gecko) Chrome/136.0.0.0 Safari/537.36"
89.161.206.59 - - [30/May/2025:09:44:35 +0200] "GET /Jurek/mechdecor/feeds/mechdecor_emagro.xml HTTP/1.0" 200 596557 "-" "-"
51.77.52.107 - - [30/May/2025:09:44:37 +0200] "GET /Jurek/eurofirany/images/351249/0.jpg HTTP/2.0" 200 64620 "-" "baselinker"
77.79.248.229 - - [30/May/2025:09:44:39 +0200] "GET /Jurek/bloomglow/feeds/bloomglow_zero.xml HTTP/1.1" 200 14094300 "-" "Python-urllib/3.11"
193.33.8.61 - - [30/May/2025:09:44:49 +0200] "GET /Jurek/broers/feeds/broers_zero.xml HTTP/2.0" 200 1982281 "https://konsola.dkkapusta1997.usermd.net/" "Mozilla/5.0 (Windows NT 10.0; Win64; x64) AppleWebKit/537.36 (KHTML, like Gecko) Chrome/136.0.0.0 Safari/537.36"
51.77.52.107 - - [30/May/2025:09:44:58 +0200] "GET /Jurek/eurofirany/images/393143/0.jpg HTTP/2.0" 200 46195 "-" "baselinker"
51.77.52.107 - - [30/May/2025:09:45:03 +0200] "GET /Jurek/eurofirany/images/393143/0.jpg HTTP/2.0" 200 46195 "-" "baselinker"
193.33.8.61 - - [30/May/2025:09:45:05 +0200] "GET /Jurek/carbonyway/feeds/carbonyway_zero.xml HTTP/2.0" 200 3076200 "https://konsola.dkkapusta1997.usermd.net/" "Mozilla/5.0 (Windows NT 10.0; Win64; x64) AppleWebKit/537.36 (KHTML, like Gecko) Chrome/136.0.0.0 Safari/537.36"
51.77.52.107 - - [30/May/2025:09:45:22 +0200] "GET /Jurek/eurofirany/images/393143/0.jpg HTTP/2.0" 200 46195 "-" "baselinker"
51.77.52.107 - - [30/May/2025:09:45:27 +0200] "GET /Jurek/eurofirany/images/397056/0.jpg HTTP/2.0" 200 23712 "-" "baselinker"
51.77.52.107 - - [30/May/2025:09:45:46 +0200] "GET /Jurek/eurofirany/images/397056/0.jpg HTTP/2.0" 200 23712 "-" "baselinker"
89.161.206.59 - - [30/May/2025:09:45:47 +0200] "GET /Jurek/mojeledy/feeds/mojeledy_emagro.xml HTTP/1.0" 200 1019886 "-" "-"
89.161.206.59 - - [30/May/2025:09:45:47 +0200] "GET /Jurek/sovapl/feeds/sovapl_emagro.xml HTTP/1.0" 200 9017827 "-" "-"
51.77.52.107 - - [30/May/2025:09:46:01 +0200] "GET /Jurek/eurofirany/images/397056/0.jpg HTTP/2.0" 200 23712 "-" "baselinker"
51.77.52.107 - - [30/May/2025:09:46:07 +0200] "GET /Jurek/eurofirany/images/397060/0.jpg HTTP/2.0" 200 30123 "-" "baselinker"
193.33.8.61 - - [30/May/2025:09:46:11 +0200] "GET /Jurek/cbdgreen/feeds/cbdgreen_zero.xml HTTP/2.0" 200 50539 "https://konsola.dkkapusta1997.usermd.net/" "Mozilla/5.0 (Windows NT 10.0; Win64; x64) AppleWebKit/537.36 (KHTML, like Gecko) Chrome/136.0.0.0 Safari/537.36"
193.33.8.61 - - [30/May/2025:09:46:22 +0200] "GET /Jurek/cdata/feeds/cdata_zero.xml HTTP/2.0" 200 1444976 "https://konsola.dkkapusta1997.usermd.net/" "Mozilla/5.0 (Windows NT 10.0; Win64; x64) AppleWebKit/537.36 (KHTML, like Gecko) Chrome/136.0.0.0 Safari/537.36"
193.33.8.61 - - [30/May/2025:09:46:30 +0200] "GET /Jurek/cenoman/feeds/cenoman_zero.xml HTTP/2.0" 200 5992763 "https://konsola.dkkapusta1997.usermd.net/" "Mozilla/5.0 (Windows NT 10.0; Win64; x64) AppleWebKit/537.36 (KHTML, like Gecko) Chrome/136.0.0.0 Safari/537.36"
51.77.52.107 - - [30/May/2025:09:46:42 +0200] "GET /Jurek/eurofirany/images/397060/0.jpg HTTP/2.0" 200 30123 "-" "baselinker"
193.33.8.61 - - [30/May/2025:09:46:51 +0200] "GET /Jurek/combine/feeds/combine_zero.xml HTTP/2.0" 200 210561 "https://konsola.dkkapusta1997.usermd.net/" "Mozilla/5.0 (Windows NT 10.0; Win64; x64) AppleWebKit/537.36 (KHTML, like Gecko) Chrome/136.0.0.0 Safari/537.36"
51.77.52.107 - - [30/May/2025:09:46:51 +0200] "GET /Jurek/eurofirany/images/397060/0.jpg HTTP/2.0" 200 30123 "-" "baselinker"
89.161.206.59 - - [30/May/2025:09:46:55 +0200] "GET /Jurek/zami/feeds/zami_emagro.xml HTTP/1.0" 200 4475689 "-" "-"
51.77.52.107 - - [30/May/2025:09:46:57 +0200] "GET /Jurek/eurofirany/images/397061/0.jpg HTTP/2.0" 200 30123 "-" "baselinker"
89.161.206.59 - - [30/May/2025:09:47:03 +0200] "GET /Jurek/pawonik/feeds/pawonik_emagro.xml HTTP/1.0" 200 2138652 "-" "-"
89.161.206.59 - - [30/May/2025:09:47:03 +0200] "GET /Jurek/benetech/feeds/benetech_emagro.xml HTTP/1.0" 200 4165668 "-" "-"
89.161.206.59 - - [30/May/2025:09:47:05 +0200] "GET /Jurek/slayo/feeds/slayo_emagro.xml HTTP/1.0" 200 183639 "-" "-"
89.161.206.59 - - [30/May/2025:09:47:06 +0200] "GET /Jurek/eroplace/feeds/eroplace_emagro.xml HTTP/1.0" 200 52229325 "-" "-"
89.161.206.59 - - [30/May/2025:09:47:08 +0200] "GET /Jurek/sempler/feeds/sempler_emagro.xml HTTP/1.0" 200 6788428 "-" "-"
89.161.206.59 - - [30/May/2025:09:47:10 +0200] "GET /Jurek/ikonka/feeds/ikonka_emagro.xml HTTP/1.0" 200 20823491 "-" "-"
89.161.206.59 - - [30/May/2025:09:47:11 +0200] "GET /Jurek/hurtmeblowy/feeds/hurtmeblowy_emagro.xml HTTP/1.0" 200 8544329 "-" "-"
89.161.206.59 - - [30/May/2025:09:47:15 +0200] "GET /Jurek/artdog/feeds/artdog_emagro.xml HTTP/1.0" 200 17180826 "-" "-"
51.77.52.107 - - [30/May/2025:09:47:16 +0200] "GET /Jurek/eurofirany/images/397061/0.jpg HTTP/2.0" 200 30123 "-" "baselinker"
193.33.8.61 - - [30/May/2025:09:47:18 +0200] "GET /Jurek/coppotech/feeds/coppotech_zero.xml HTTP/2.0" 200 38053430 "https://konsola.dkkapusta1997.usermd.net/" "Mozilla/5.0 (Windows NT 10.0; Win64; x64) AppleWebKit/537.36 (KHTML, like Gecko) Chrome/136.0.0.0 Safari/537.36"
89.161.206.59 - - [30/May/2025:09:47:21 +0200] "GET /Jurek/cbdgreen/feeds/cbdgreen_emagro.xml HTTP/1.0" 200 50548 "-" "-"
51.77.52.107 - - [30/May/2025:09:47:21 +0200] "GET /Jurek/eurofirany/images/397061/0.jpg HTTP/2.0" 200 30123 "-" "baselinker"
193.33.8.61 - - [30/May/2025:09:47:22 +0200] "GET /Jurek/dekoele/feeds/dekoele_zero.xml HTTP/2.0" 200 733937 "https://konsola.dkkapusta1997.usermd.net/" "Mozilla/5.0 (Windows NT 10.0; Win64; x64) AppleWebKit/537.36 (KHTML, like Gecko) Chrome/136.0.0.0 Safari/537.36"
51.77.52.107 - - [30/May/2025:09:47:27 +0200] "GET /Jurek/eurofirany/images/397064/0.jpg HTTP/2.0" 200 46195 "-" "baselinker"
89.161.206.59 - - [30/May/2025:09:47:27 +0200] "GET /Jurek/ekotex/feeds/ekotex_emagro.xml HTTP/1.0" 200 198220 "-" "-"
193.33.8.61 - - [30/May/2025:09:47:28 +0200] "GET /favicon.ico HTTP/2.0" 404 3551 "https://dkkapusta1997.usermd.net/Jurek/eany_blc/" "Mozilla/5.0 (Windows NT 10.0; Win64; x64) AppleWebKit/537.36 (KHTML, like Gecko) Chrome/136.0.0.0 Safari/537.36"
89.161.206.59 - - [30/May/2025:09:47:33 +0200] "GET /Jurek/wezer/feeds/wezer_emagro.xml HTTP/1.0" 200 210877 "-" "-"
51.77.52.107 - - [30/May/2025:09:47:34 +0200] "GET /Jurek/eurofirany/images/397064/0.jpg HTTP/2.0" 200 46195 "-" "baselinker"
89.161.206.59 - - [30/May/2025:09:47:35 +0200] "GET /Jurek/pasiekaslodka/feeds/pasiekaslodka_emagro.xml HTTP/1.0" 200 119735 "-" "-"
89.161.206.59 - - [30/May/2025:09:47:35 +0200] "GET /Jurek/beltimore/feeds/beltimore_emagro.xml HTTP/1.0" 200 18653950 "-" "-"
89.161.206.59 - - [30/May/2025:09:47:39 +0200] "GET /Jurek/lendo/feeds/lendo_emagro.xml HTTP/1.0" 200 330413 "-" "-"
51.77.52.107 - - [30/May/2025:09:47:40 +0200] "GET /Jurek/eurofirany/images/397064/0.jpg HTTP/2.0" 200 46195 "-" "baselinker"
193.33.8.61 - - [30/May/2025:09:47:41 +0200] "GET /Jurek/eany_blc/data.csv HTTP/2.0" 200 85397570 "https://dkkapusta1997.usermd.net/Jurek/eany_blc/" "Mozilla/5.0 (Windows NT 10.0; Win64; x64) AppleWebKit/537.36 (KHTML, like Gecko) Chrome/136.0.0.0 Safari/537.36"
89.161.206.59 - - [30/May/2025:09:47:41 +0200] "GET /Jurek/hurtownia_przemyslowa/feeds/hp_emagro.xml HTTP/1.0" 200 42424093 "-" "-"
89.161.206.59 - - [30/May/2025:09:47:42 +0200] "GET /Jurek/topeshop/feeds/topeshop_emagro.xml HTTP/1.0" 200 914911 "-" "-"
89.161.206.59 - - [30/May/2025:09:47:44 +0200] "GET /Jurek/kinghome/feeds/kinghome_emagro.xml HTTP/1.0" 200 6488062 "-" "-"
89.161.206.59 - - [30/May/2025:09:47:49 +0200] "GET /Jurek/roger/feeds/roger_emagro.xml HTTP/1.0" 200 1398740 "-" "-"
89.161.206.59 - - [30/May/2025:09:47:49 +0200] "GET /Jurek/nexus/feeds/nexus_emagro.xml HTTP/1.0" 200 226834 "-" "-"
89.161.206.59 - - [30/May/2025:09:47:50 +0200] "GET /Jurek/snibbs/feeds/snibbs_emagro.xml HTTP/1.0" 200 74426 "-" "-"
89.161.206.59 - - [30/May/2025:09:47:57 +0200] "GET /Jurek/livinhill/feeds/livinhill_emagro.xml HTTP/1.0" 200 167741 "-" "-"
51.77.52.107 - - [30/May/2025:09:47:58 +0200] "GET /Jurek/eurofirany/images/397065/0.jpg HTTP/2.0" 200 42257 "-" "baselinker"
193.33.8.61 - - [30/May/2025:09:47:59 +0200] "GET /Jurek/dekornatort/feeds/dekornatort_zero.xml HTTP/2.0" 200 225647 "https://konsola.dkkapusta1997.usermd.net/" "Mozilla/5.0 (Windows NT 10.0; Win64; x64) AppleWebKit/537.36 (KHTML, like Gecko) Chrome/136.0.0.0 Safari/537.36"
51.77.52.107 - - [30/May/2025:09:48:05 +0200] "GET /Jurek/eurofirany/images/397065/0.jpg HTTP/2.0" 200 42257 "-" "baselinker"
89.161.206.59 - - [30/May/2025:09:48:09 +0200] "GET /Jurek/carbonyway/feeds/carbonyway_emagro.xml HTTP/1.0" 200 3076312 "-" "-"
89.161.206.59 - - [30/May/2025:09:48:12 +0200] "GET /Jurek/jakdroz/feeds/jakdroz_emagro.xml HTTP/1.0" 200 4093275 "-" "-"
89.161.206.59 - - [30/May/2025:09:48:14 +0200] "GET /Jurek/riko/feeds/riko_emagro.xml HTTP/1.0" 200 3791689 "-" "-"
89.161.206.59 - - [30/May/2025:09:48:19 +0200] "GET /Jurek/proadventure/feeds/proadventure_emag.xml HTTP/1.0" 200 10765315 "-" "-"
89.161.206.59 - - [30/May/2025:09:48:23 +0200] "GET /Jurek/rems/feeds/rems_emag.xml HTTP/1.0" 200 8706535 "-" "-"
193.33.8.61 - - [30/May/2025:09:48:27 +0200] "GET /Jurek/domzapachy/feeds/domzapachy_zero.xml HTTP/2.0" 200 179761 "https://konsola.dkkapusta1997.usermd.net/" "Mozilla/5.0 (Windows NT 10.0; Win64; x64) AppleWebKit/537.36 (KHTML, like Gecko) Chrome/136.0.0.0 Safari/537.36"
51.77.52.107 - - [30/May/2025:09:48:34 +0200] "GET /Jurek/eurofirany/images/397065/0.jpg HTTP/2.0" 200 42257 "-" "baselinker"
89.161.206.59 - - [30/May/2025:09:48:36 +0200] "GET /Jurek/lerutrade/feeds/lerutrade_emag.xml HTTP/1.0" 200 82848 "-" "-"
51.77.52.107 - - [30/May/2025:09:48:40 +0200] "GET /Jurek/eurofirany/images/397066/0.jpg HTTP/2.0" 200 42257 "-" "baselinker"
193.33.8.61 - - [30/May/2025:09:48:42 +0200] "GET /Jurek/drewdon/feeds/drewdon_zero.xml HTTP/2.0" 200 504484 "https://konsola.dkkapusta1997.usermd.net/" "Mozilla/5.0 (Windows NT 10.0; Win64; x64) AppleWebKit/537.36 (KHTML, like Gecko) Chrome/136.0.0.0 Safari/537.36"
46.101.116.244 - - [30/May/2025:09:48:50 +0200] "GET /Jurek/piotrmiedz/feeds/piotrmiedz_emagro.xml HTTP/1.0" 200 91123940 "-" "-"
89.161.206.59 - - [30/May/2025:09:48:50 +0200] "GET /Jurek/kobi/feeds/kobi_emagro.xml HTTP/1.0" 200 249026 "-" "-"
46.101.116.244 - - [30/May/2025:09:48:53 +0200] "GET /Jurek/awparts/feeds/awparts_emagro.xml HTTP/1.0" 200 142878856 "-" "-"
193.33.8.61 - - [30/May/2025:09:48:54 +0200] "GET /Jurek/drops/feeds/dropsofficecolection_zero.xml HTTP/2.0" 200 790828 "https://konsola.dkkapusta1997.usermd.net/" "Mozilla/5.0 (Windows NT 10.0; Win64; x64) AppleWebKit/537.36 (KHTML, like Gecko) Chrome/136.0.0.0 Safari/537.36"
51.77.52.107 - - [30/May/2025:09:48:57 +0200] "GET /Jurek/eurofirany/images/397066/0.jpg HTTP/2.0" 200 42257 "-" "baselinker"
51.77.52.107 - - [30/May/2025:09:49:09 +0200] "GET /Jurek/eurofirany/images/397066/0.jpg HTTP/2.0" 200 42257 "-" "baselinker"
51.77.52.107 - - [30/May/2025:09:49:16 +0200] "GET /Jurek/eurofirany/images/397067/0.jpg HTTP/2.0" 200 42257 "-" "baselinker"
51.77.52.107 - - [30/May/2025:09:49:23 +0200] "GET /Jurek/eurofirany/images/397067/0.jpg HTTP/2.0" 200 42257 "-" "baselinker"
51.77.52.107 - - [30/May/2025:09:49:30 +0200] "GET /Jurek/eurofirany/images/397067/0.jpg HTTP/2.0" 200 42257 "-" "baselinker"
193.33.8.61 - - [30/May/2025:09:49:33 +0200] "GET /Jurek/ekolight/feeds/ekolight_zero.xml HTTP/2.0" 200 9051503 "https://konsola.dkkapusta1997.usermd.net/" "Mozilla/5.0 (Windows NT 10.0; Win64; x64) AppleWebKit/537.36 (KHTML, like Gecko) Chrome/136.0.0.0 Safari/537.36"
193.33.8.61 - - [30/May/2025:09:49:34 +0200] "GET /Jurek/hurtownia_przemyslowa/feeds/hp_zero.xml HTTP/1.1" 200 49314978 "-" "Mozilla/5.0"
51.77.52.107 - - [30/May/2025:09:49:38 +0200] "GET /Jurek/eurofirany/images/397068/0.jpg HTTP/2.0" 200 42257 "-" "baselinker"
51.77.52.107 - - [30/May/2025:09:49:43 +0200] "GET /Jurek/eurofirany/images/397068/0.jpg HTTP/2.0" 200 42257 "-" "baselinker"
51.77.52.107 - - [30/May/2025:09:50:01 +0200] "GET /Jurek/eurofirany/images/397068/0.jpg HTTP/2.0" 200 42257 "-" "baselinker"
51.77.52.107 - - [30/May/2025:09:50:07 +0200] "GET /Jurek/eurofirany/images/397070/0.jpg HTTP/2.0" 200 42257 "-" "baselinker"
51.77.52.107 - - [30/May/2025:09:50:22 +0200] "GET /Jurek/eurofirany/images/397070/0.jpg HTTP/2.0" 200 42257 "-" "baselinker"
51.77.52.107 - - [30/May/2025:09:50:34 +0200] "GET /Jurek/eurofirany/images/397070/0.jpg HTTP/2.0" 200 42257 "-" "baselinker"
51.77.52.107 - - [30/May/2025:09:50:40 +0200] "GET /Jurek/eurofirany/images/397071/0.jpg HTTP/2.0" 200 47634 "-" "baselinker"
51.77.52.107 - - [30/May/2025:09:50:56 +0200] "GET /Jurek/eurofirany/images/397071/0.jpg HTTP/2.0" 200 47634 "-" "baselinker"
89.161.206.59 - - [30/May/2025:09:51:13 +0200] "GET /Jurek/artdog/feeds/artdog_amazonbe.xml HTTP/1.0" 200 17173192 "-" "-"
193.33.8.61 - - [30/May/2025:09:51:15 +0200] "GET /Jurek/ekotex/feeds/ekotex_zero.xml HTTP/2.0" 200 197720 "https://konsola.dkkapusta1997.usermd.net/" "Mozilla/5.0 (Windows NT 10.0; Win64; x64) AppleWebKit/537.36 (KHTML, like Gecko) Chrome/136.0.0.0 Safari/537.36"
51.77.52.107 - - [30/May/2025:09:51:20 +0200] "GET /Jurek/eurofirany/images/397071/0.jpg HTTP/2.0" 200 47634 "-" "baselinker"
193.33.8.61 - - [30/May/2025:09:51:20 +0200] "GET /Jurek/erohurtownia/feeds/erohurtownia_zero.xml HTTP/2.0" 200 22848347 "https://konsola.dkkapusta1997.usermd.net/" "Mozilla/5.0 (Windows NT 10.0; Win64; x64) AppleWebKit/537.36 (KHTML, like Gecko) Chrome/136.0.0.0 Safari/537.36"
77.79.248.229 - - [30/May/2025:09:51:22 +0200] "GET /Jurek/erohurtownia/feeds/erohurtownia_zero.xml HTTP/1.1" 200 22848347 "-" "Python-urllib/3.11"
51.77.52.107 - - [30/May/2025:09:51:37 +0200] "GET /Jurek/eurofirany/images/397090/0.jpg HTTP/2.0" 200 23563 "-" "baselinker"
193.33.8.61 - - [30/May/2025:09:51:42 +0200] "GET /Jurek/ekuchcikowo/feeds/ekuchcikowo_zero.xml HTTP/2.0" 200 12471782 "https://konsola.dkkapusta1997.usermd.net/" "Mozilla/5.0 (Windows NT 10.0; Win64; x64) AppleWebKit/537.36 (KHTML, like Gecko) Chrome/136.0.0.0 Safari/537.36"
51.77.52.107 - - [30/May/2025:09:51:56 +0200] "GET /Jurek/eurofirany/images/397090/0.jpg HTTP/2.0" 200 23563 "-" "baselinker"
51.77.52.107 - - [30/May/2025:09:52:04 +0200] "GET /Jurek/eurofirany/images/397090/0.jpg HTTP/2.0" 200 23563 "-" "baselinker"
51.77.52.107 - - [30/May/2025:09:52:26 +0200] "GET /Jurek/eurofirany/images/397091/0.jpg HTTP/2.0" 200 23563 "-" "baselinker"
51.77.52.107 - - [30/May/2025:09:52:33 +0200] "GET /Jurek/eurofirany/images/397091/0.jpg HTTP/2.0" 200 23563 "-" "baselinker"
193.33.8.61 - - [30/May/2025:09:52:35 +0200] "GET /Jurek/najtanszysport/feeds/najtanszysport_zero.xml HTTP/2.0" 200 3983307 "https://konsola.dkkapusta1997.usermd.net/" "Mozilla/5.0 (Windows NT 10.0; Win64; x64) AppleWebKit/537.36 (KHTML, like Gecko) Chrome/136.0.0.0 Safari/537.36"
51.77.52.107 - - [30/May/2025:09:52:35 +0200] "GET /Jurek/eurofirany/images/397091/0.jpg HTTP/2.0" 200 23563 "-" "baselinker"
51.77.52.107 - - [30/May/2025:09:52:41 +0200] "GET /Jurek/eurofirany/images/397092/0.jpg HTTP/2.0" 200 23563 "-" "baselinker"
51.77.52.107 - - [30/May/2025:09:52:47 +0200] "GET /Jurek/eurofirany/images/397092/0.jpg HTTP/2.0" 200 23563 "-" "baselinker"
51.77.52.107 - - [30/May/2025:09:52:54 +0200] "GET /Jurek/eurofirany/images/397092/0.jpg HTTP/2.0" 200 23563 "-" "baselinker"
51.77.52.107 - - [30/May/2025:09:53:12 +0200] "GET /Jurek/eurofirany/images/397093/0.jpg HTTP/2.0" 200 23563 "-" "baselinker"
85.120.75.140 - - [30/May/2025:09:53:14 +0200] "GET /Jurek/eurofirany/images/333886/2.jpg HTTP/2.0" 200 26359 "https://www.emag.ro/perdea-ready-esim-140x250-cm-alba-eurofirany-333886/pd/DVN68LMBM/?X-Search-Id=c15e5495e4a6714396a0&X-Product-Id=101907704&X-Search-Page=1&X-Search-Position=2&X-Section=search&X-MB=0&X-Search-Action=view" "Mozilla/5.0 (Windows NT 10.0; Win64; x64) AppleWebKit/537.36 (KHTML, like Gecko) Chrome/136.0.0.0 Safari/537.36 Edg/136.0.0.0"
85.120.75.140 - - [30/May/2025:09:53:14 +0200] "GET /Jurek/eurofirany/images/333886/1.jpg HTTP/2.0" 200 55732 "https://www.emag.ro/perdea-ready-esim-140x250-cm-alba-eurofirany-333886/pd/DVN68LMBM/?X-Search-Id=c15e5495e4a6714396a0&X-Product-Id=101907704&X-Search-Page=1&X-Search-Position=2&X-Section=search&X-MB=0&X-Search-Action=view" "Mozilla/5.0 (Windows NT 10.0; Win64; x64) AppleWebKit/537.36 (KHTML, like Gecko) Chrome/136.0.0.0 Safari/537.36 Edg/136.0.0.0"
85.120.75.140 - - [30/May/2025:09:53:15 +0200] "GET /Jurek/eurofirany/images/333886/3.jpg HTTP/2.0" 200 50905 "https://www.emag.ro/perdea-ready-esim-140x250-cm-alba-eurofirany-333886/pd/DVN68LMBM/?X-Search-Id=c15e5495e4a6714396a0&X-Product-Id=101907704&X-Search-Page=1&X-Search-Position=2&X-Section=search&X-MB=0&X-Search-Action=view" "Mozilla/5.0 (Windows NT 10.0; Win64; x64) AppleWebKit/537.36 (KHTML, like Gecko) Chrome/136.0.0.0 Safari/537.36 Edg/136.0.0.0"
85.120.75.140 - - [30/May/2025:09:53:15 +0200] "GET /Jurek/eurofirany/images/333886/5.jpg HTTP/2.0" 200 44556 "https://www.emag.ro/perdea-ready-esim-140x250-cm-alba-eurofirany-333886/pd/DVN68LMBM/?X-Search-Id=c15e5495e4a6714396a0&X-Product-Id=101907704&X-Search-Page=1&X-Search-Position=2&X-Section=search&X-MB=0&X-Search-Action=view" "Mozilla/5.0 (Windows NT 10.0; Win64; x64) AppleWebKit/537.36 (KHTML, like Gecko) Chrome/136.0.0.0 Safari/537.36 Edg/136.0.0.0"
85.120.75.140 - - [30/May/2025:09:53:15 +0200] "GET /Jurek/eurofirany/images/333886/6.jpg HTTP/2.0" 200 89803 "https://www.emag.ro/perdea-ready-esim-140x250-cm-alba-eurofirany-333886/pd/DVN68LMBM/?X-Search-Id=c15e5495e4a6714396a0&X-Product-Id=101907704&X-Search-Page=1&X-Search-Position=2&X-Section=search&X-MB=0&X-Search-Action=view" "Mozilla/5.0 (Windows NT 10.0; Win64; x64) AppleWebKit/537.36 (KHTML, like Gecko) Chrome/136.0.0.0 Safari/537.36 Edg/136.0.0.0"
85.120.75.140 - - [30/May/2025:09:53:15 +0200] "GET /Jurek/eurofirany/images/333886/4.jpg HTTP/2.0" 200 139282 "https://www.emag.ro/perdea-ready-esim-140x250-cm-alba-eurofirany-333886/pd/DVN68LMBM/?X-Search-Id=c15e5495e4a6714396a0&X-Product-Id=101907704&X-Search-Page=1&X-Search-Position=2&X-Section=search&X-MB=0&X-Search-Action=view" "Mozilla/5.0 (Windows NT 10.0; Win64; x64) AppleWebKit/537.36 (KHTML, like Gecko) Chrome/136.0.0.0 Safari/537.36 Edg/136.0.0.0"
51.77.52.107 - - [30/May/2025:09:53:28 +0200] "GET /Jurek/eurofirany/images/397093/0.jpg HTTP/2.0" 200 23563 "-" "baselinker"
51.77.52.107 - - [30/May/2025:09:53:40 +0200] "GET /Jurek/eurofirany/images/397093/0.jpg HTTP/2.0" 200 23563 "-" "baselinker"
51.77.52.107 - - [30/May/2025:09:53:57 +0200] "GET /Jurek/eurofirany/images/397095/0.jpg HTTP/2.0" 200 23563 "-" "baselinker"
51.77.52.107 - - [30/May/2025:09:54:11 +0200] "GET /Jurek/eurofirany/images/397095/0.jpg HTTP/2.0" 200 23563 "-" "baselinker"
51.77.52.107 - - [30/May/2025:09:54:33 +0200] "GET /Jurek/eurofirany/images/397095/0.jpg HTTP/2.0" 200 23563 "-" "baselinker"
51.77.52.107 - - [30/May/2025:09:54:38 +0200] "GET /Jurek/eurofirany/images/397102/0.jpg HTTP/2.0" 200 37466 "-" "baselinker"
51.77.52.107 - - [30/May/2025:09:54:44 +0200] "GET /Jurek/eurofirany/images/397102/0.jpg HTTP/2.0" 200 37466 "-" "baselinker"
51.77.52.107 - - [30/May/2025:09:55:06 +0200] "GET /Jurek/eurofirany/images/397102/0.jpg HTTP/2.0" 200 37466 "-" "baselinker"
51.77.52.107 - - [30/May/2025:09:55:22 +0200] "GET /Jurek/eurofirany/images/397103/0.jpg HTTP/2.0" 200 37466 "-" "baselinker"
51.77.52.107 - - [30/May/2025:09:55:41 +0200] "GET /Jurek/eurofirany/images/397103/0.jpg HTTP/2.0" 200 37466 "-" "baselinker"
51.77.52.107 - - [30/May/2025:09:55:49 +0200] "GET /Jurek/eurofirany/images/397103/0.jpg HTTP/2.0" 200 37466 "-" "baselinker"
193.33.8.61 - - [30/May/2025:09:55:58 +0200] "GET /favicon.ico HTTP/2.0" 404 3551 "https://dkkapusta1997.usermd.net/Jurek/eany/" "Mozilla/5.0 (Windows NT 10.0; Win64; x64) AppleWebKit/537.36 (KHTML, like Gecko) Chrome/136.0.0.0 Safari/537.36"
51.77.52.107 - - [30/May/2025:09:56:04 +0200] "GET /Jurek/eurofirany/images/397104/0.jpg HTTP/2.0" 200 37466 "-" "baselinker"
51.77.52.107 - - [30/May/2025:09:56:10 +0200] "GET /Jurek/eurofirany/images/397104/0.jpg HTTP/2.0" 200 37466 "-" "baselinker"
51.77.52.107 - - [30/May/2025:09:56:19 +0200] "GET /Jurek/eurofirany/images/397104/0.jpg HTTP/2.0" 200 37466 "-" "baselinker"
5.12.36.35 - - [30/May/2025:09:56:33 +0200] "GET /Jurek/eurofirany/images/405400/1.jpg HTTP/2.0" 200 16503 "https://pandora.emag.network/" "Mozilla/5.0 (Windows NT 10.0; Win64; x64) AppleWebKit/537.36 (KHTML, like Gecko) Chrome/134.0.0.0 Safari/537.36"
5.12.36.35 - - [30/May/2025:09:56:33 +0200] "GET /Jurek/eurofirany/images/399027/1.jpg HTTP/2.0" 200 54299 "https://pandora.emag.network/" "Mozilla/5.0 (Windows NT 10.0; Win64; x64) AppleWebKit/537.36 (KHTML, like Gecko) Chrome/134.0.0.0 Safari/537.36"
5.12.36.35 - - [30/May/2025:09:56:33 +0200] "GET /Jurek/eurofirany/images/399027/2.jpg HTTP/2.0" 200 33068 "https://pandora.emag.network/" "Mozilla/5.0 (Windows NT 10.0; Win64; x64) AppleWebKit/537.36 (KHTML, like Gecko) Chrome/134.0.0.0 Safari/537.36"
5.12.36.35 - - [30/May/2025:09:56:34 +0200] "GET /Jurek/eurofirany/images/405400/3.jpg HTTP/2.0" 200 16503 "https://pandora.emag.network/" "Mozilla/5.0 (Windows NT 10.0; Win64; x64) AppleWebKit/537.36 (KHTML, like Gecko) Chrome/134.0.0.0 Safari/537.36"
5.12.36.35 - - [30/May/2025:09:56:34 +0200] "GET /Jurek/eurofirany/images/405400/2.jpg HTTP/2.0" 200 209670 "https://pandora.emag.network/" "Mozilla/5.0 (Windows NT 10.0; Win64; x64) AppleWebKit/537.36 (KHTML, like Gecko) Chrome/134.0.0.0 Safari/537.36"
5.12.36.35 - - [30/May/2025:09:56:34 +0200] "GET /Jurek/eurofirany/images/399027/3.jpg HTTP/2.0" 200 50711 "https://pandora.emag.network/" "Mozilla/5.0 (Windows NT 10.0; Win64; x64) AppleWebKit/537.36 (KHTML, like Gecko) Chrome/134.0.0.0 Safari/537.36"
5.12.36.35 - - [30/May/2025:09:56:35 +0200] "GET /Jurek/eurofirany/images/399027/4.jpg HTTP/2.0" 200 101249 "https://pandora.emag.network/" "Mozilla/5.0 (Windows NT 10.0; Win64; x64) AppleWebKit/537.36 (KHTML, like Gecko) Chrome/134.0.0.0 Safari/537.36"
5.12.36.35 - - [30/May/2025:09:56:35 +0200] "GET /Jurek/eurofirany/images/408355/1.jpg HTTP/2.0" 200 165371 "https://pandora.emag.network/" "Mozilla/5.0 (Windows NT 10.0; Win64; x64) AppleWebKit/537.36 (KHTML, like Gecko) Chrome/134.0.0.0 Safari/537.36"
5.12.36.35 - - [30/May/2025:09:56:35 +0200] "GET /Jurek/eurofirany/images/408355/2.jpg HTTP/2.0" 200 122086 "https://pandora.emag.network/" "Mozilla/5.0 (Windows NT 10.0; Win64; x64) AppleWebKit/537.36 (KHTML, like Gecko) Chrome/134.0.0.0 Safari/537.36"
5.12.36.35 - - [30/May/2025:09:56:35 +0200] "GET /Jurek/eurofirany/images/405400/4.jpg HTTP/2.0" 200 16503 "https://pandora.emag.network/" "Mozilla/5.0 (Windows NT 10.0; Win64; x64) AppleWebKit/537.36 (KHTML, like Gecko) Chrome/134.0.0.0 Safari/537.36"
5.12.36.35 - - [30/May/2025:09:56:35 +0200] "GET /Jurek/eurofirany/images/405400/5.jpg HTTP/2.0" 200 16503 "https://pandora.emag.network/" "Mozilla/5.0 (Windows NT 10.0; Win64; x64) AppleWebKit/537.36 (KHTML, like Gecko) Chrome/134.0.0.0 Safari/537.36"
5.12.36.35 - - [30/May/2025:09:56:36 +0200] "GET /Jurek/eurofirany/images/399027/5.jpg HTTP/2.0" 200 41141 "https://pandora.emag.network/" "Mozilla/5.0 (Windows NT 10.0; Win64; x64) AppleWebKit/537.36 (KHTML, like Gecko) Chrome/134.0.0.0 Safari/537.36"
5.12.36.35 - - [30/May/2025:09:56:36 +0200] "GET /Jurek/eurofirany/images/408355/3.jpg HTTP/2.0" 200 103364 "https://pandora.emag.network/" "Mozilla/5.0 (Windows NT 10.0; Win64; x64) AppleWebKit/537.36 (KHTML, like Gecko) Chrome/134.0.0.0 Safari/537.36"
5.12.36.35 - - [30/May/2025:09:56:36 +0200] "GET /Jurek/eurofirany/images/408355/4.jpg HTTP/2.0" 200 239530 "https://pandora.emag.network/" "Mozilla/5.0 (Windows NT 10.0; Win64; x64) AppleWebKit/537.36 (KHTML, like Gecko) Chrome/134.0.0.0 Safari/537.36"
5.12.36.35 - - [30/May/2025:09:56:37 +0200] "GET /Jurek/eurofirany/images/408355/5.jpg HTTP/2.0" 200 221070 "https://pandora.emag.network/" "Mozilla/5.0 (Windows NT 10.0; Win64; x64) AppleWebKit/537.36 (KHTML, like Gecko) Chrome/134.0.0.0 Safari/537.36"
5.12.36.35 - - [30/May/2025:09:56:37 +0200] "GET /Jurek/eurofirany/images/399027/6.jpg HTTP/2.0" 200 39031 "https://pandora.emag.network/" "Mozilla/5.0 (Windows NT 10.0; Win64; x64) AppleWebKit/537.36 (KHTML, like Gecko) Chrome/134.0.0.0 Safari/537.36"
5.12.36.35 - - [30/May/2025:09:56:37 +0200] "GET /Jurek/eurofirany/images/405400/6.jpg HTTP/2.0" 200 16502 "https://pandora.emag.network/" "Mozilla/5.0 (Windows NT 10.0; Win64; x64) AppleWebKit/537.36 (KHTML, like Gecko) Chrome/134.0.0.0 Safari/537.36"
5.12.36.35 - - [30/May/2025:09:56:37 +0200] "GET /Jurek/eurofirany/images/405400/7.jpg HTTP/2.0" 200 16502 "https://pandora.emag.network/" "Mozilla/5.0 (Windows NT 10.0; Win64; x64) AppleWebKit/537.36 (KHTML, like Gecko) Chrome/134.0.0.0 Safari/537.36"
51.77.52.107 - - [30/May/2025:09:56:37 +0200] "GET /Jurek/eurofirany/images/397105/0.jpg HTTP/2.0" 200 37057 "-" "baselinker"
5.12.36.35 - - [30/May/2025:09:56:38 +0200] "GET /Jurek/eurofirany/images/408355/6.jpg HTTP/2.0" 200 241497 "https://pandora.emag.network/" "Mozilla/5.0 (Windows NT 10.0; Win64; x64) AppleWebKit/537.36 (KHTML, like Gecko) Chrome/134.0.0.0 Safari/537.36"
5.12.36.35 - - [30/May/2025:09:56:38 +0200] "GET /Jurek/eurofirany/images/408355/7.jpg HTTP/2.0" 200 233110 "https://pandora.emag.network/" "Mozilla/5.0 (Windows NT 10.0; Win64; x64) AppleWebKit/537.36 (KHTML, like Gecko) Chrome/134.0.0.0 Safari/537.36"
5.12.36.35 - - [30/May/2025:09:56:38 +0200] "GET /Jurek/eurofirany/images/405400/8.jpg HTTP/2.0" 200 16503 "https://pandora.emag.network/" "Mozilla/5.0 (Windows NT 10.0; Win64; x64) AppleWebKit/537.36 (KHTML, like Gecko) Chrome/134.0.0.0 Safari/537.36"
5.12.36.35 - - [30/May/2025:09:56:38 +0200] "GET /Jurek/eurofirany/images/405400/9.jpg HTTP/2.0" 200 16503 "https://pandora.emag.network/" "Mozilla/5.0 (Windows NT 10.0; Win64; x64) AppleWebKit/537.36 (KHTML, like Gecko) Chrome/134.0.0.0 Safari/537.36"
5.12.36.35 - - [30/May/2025:09:56:38 +0200] "GET /Jurek/eurofirany/images/408355/8.jpg HTTP/2.0" 200 163782 "https://pandora.emag.network/" "Mozilla/5.0 (Windows NT 10.0; Win64; x64) AppleWebKit/537.36 (KHTML, like Gecko) Chrome/134.0.0.0 Safari/537.36"
5.12.36.35 - - [30/May/2025:09:56:38 +0200] "GET /Jurek/eurofirany/images/408355/9.jpg HTTP/2.0" 200 159670 "https://pandora.emag.network/" "Mozilla/5.0 (Windows NT 10.0; Win64; x64) AppleWebKit/537.36 (KHTML, like Gecko) Chrome/134.0.0.0 Safari/537.36"
5.12.36.35 - - [30/May/2025:09:56:38 +0200] "GET /Jurek/eurofirany/images/405400/10.jpg HTTP/2.0" 200 16503 "https://pandora.emag.network/" "Mozilla/5.0 (Windows NT 10.0; Win64; x64) AppleWebKit/537.36 (KHTML, like Gecko) Chrome/134.0.0.0 Safari/537.36"
5.12.36.35 - - [30/May/2025:09:56:39 +0200] "GET /Jurek/eurofirany/images/405400/11.jpg HTTP/2.0" 200 412265 "https://pandora.emag.network/" "Mozilla/5.0 (Windows NT 10.0; Win64; x64) AppleWebKit/537.36 (KHTML, like Gecko) Chrome/134.0.0.0 Safari/537.36"
5.12.36.35 - - [30/May/2025:09:56:39 +0200] "GET /Jurek/eurofirany/images/408355/10.jpg HTTP/2.0" 200 195722 "https://pandora.emag.network/" "Mozilla/5.0 (Windows NT 10.0; Win64; x64) AppleWebKit/537.36 (KHTML, like Gecko) Chrome/134.0.0.0 Safari/537.36"
5.12.36.35 - - [30/May/2025:09:56:39 +0200] "GET /Jurek/eurofirany/images/408355/11.jpg HTTP/2.0" 200 175726 "https://pandora.emag.network/" "Mozilla/5.0 (Windows NT 10.0; Win64; x64) AppleWebKit/537.36 (KHTML, like Gecko) Chrome/134.0.0.0 Safari/537.36"
5.12.36.35 - - [30/May/2025:09:56:39 +0200] "GET /Jurek/eurofirany/images/405400/12.jpg HTTP/2.0" 200 16503 "https://pandora.emag.network/" "Mozilla/5.0 (Windows NT 10.0; Win64; x64) AppleWebKit/537.36 (KHTML, like Gecko) Chrome/134.0.0.0 Safari/537.36"
5.12.36.35 - - [30/May/2025:09:56:39 +0200] "GET /Jurek/eurofirany/images/405400/13.jpg HTTP/2.0" 200 16503 "https://pandora.emag.network/" "Mozilla/5.0 (Windows NT 10.0; Win64; x64) AppleWebKit/537.36 (KHTML, like Gecko) Chrome/134.0.0.0 Safari/537.36"
5.12.36.35 - - [30/May/2025:09:56:39 +0200] "GET /Jurek/eurofirany/images/408355/12.jpg HTTP/2.0" 200 182237 "https://pandora.emag.network/" "Mozilla/5.0 (Windows NT 10.0; Win64; x64) AppleWebKit/537.36 (KHTML, like Gecko) Chrome/134.0.0.0 Safari/537.36"
5.12.36.35 - - [30/May/2025:09:56:39 +0200] "GET /Jurek/eurofirany/images/408355/13.jpg HTTP/2.0" 200 199828 "https://pandora.emag.network/" "Mozilla/5.0 (Windows NT 10.0; Win64; x64) AppleWebKit/537.36 (KHTML, like Gecko) Chrome/134.0.0.0 Safari/537.36"
5.12.36.35 - - [30/May/2025:09:56:39 +0200] "GET /Jurek/eurofirany/images/405400/14.jpg HTTP/2.0" 200 16503 "https://pandora.emag.network/" "Mozilla/5.0 (Windows NT 10.0; Win64; x64) AppleWebKit/537.36 (KHTML, like Gecko) Chrome/134.0.0.0 Safari/537.36"
5.12.36.35 - - [30/May/2025:09:56:39 +0200] "GET /Jurek/eurofirany/images/405400/15.jpg HTTP/2.0" 200 16504 "https://pandora.emag.network/" "Mozilla/5.0 (Windows NT 10.0; Win64; x64) AppleWebKit/537.36 (KHTML, like Gecko) Chrome/134.0.0.0 Safari/537.36"
5.12.36.35 - - [30/May/2025:09:56:39 +0200] "GET /Jurek/eurofirany/images/408355/14.jpg HTTP/2.0" 200 159677 "https://pandora.emag.network/" "Mozilla/5.0 (Windows NT 10.0; Win64; x64) AppleWebKit/537.36 (KHTML, like Gecko) Chrome/134.0.0.0 Safari/537.36"
5.12.36.35 - - [30/May/2025:09:56:39 +0200] "GET /Jurek/eurofirany/images/405400/16.jpg HTTP/2.0" 200 16503 "https://pandora.emag.network/" "Mozilla/5.0 (Windows NT 10.0; Win64; x64) AppleWebKit/537.36 (KHTML, like Gecko) Chrome/134.0.0.0 Safari/537.36"
51.77.52.107 - - [30/May/2025:09:56:51 +0200] "GET /Jurek/eurofirany/images/397105/0.jpg HTTP/2.0" 200 37057 "-" "baselinker"
51.77.52.107 - - [30/May/2025:09:56:55 +0200] "GET /Jurek/eurofirany/images/397105/0.jpg HTTP/2.0" 200 37057 "-" "baselinker"
89.161.206.59 - - [30/May/2025:09:57:10 +0200] "GET /Jurek/eurofirany/feeds/eurofirany_manomanofr.xml HTTP/1.0" 200 18718518 "-" "-"
51.77.52.107 - - [30/May/2025:09:57:10 +0200] "GET /Jurek/eurofirany/images/397106/0.jpg HTTP/2.0" 200 37057 "-" "baselinker"
51.77.52.107 - - [30/May/2025:09:57:18 +0200] "GET /Jurek/eurofirany/images/397106/0.jpg HTTP/2.0" 200 37057 "-" "baselinker"
85.120.75.140 - - [30/May/2025:09:57:21 +0200] "GET /Jurek/eurofirany/images/48396/2.jpg HTTP/2.0" 200 31145 "https://www.emag.ro/perdea-pregata-emma-140x250-cm-alba-eurofirany-48396/pd/DZQ28LMBM/?X-Search-Id=683ea17fa28579559a31&X-Product-Id=191958588&X-Search-Page=2&X-Search-Position=0&X-Section=search&X-MB=0&X-Search-Action=view" "Mozilla/5.0 (Windows NT 10.0; Win64; x64) AppleWebKit/537.36 (KHTML, like Gecko) Chrome/136.0.0.0 Safari/537.36 Edg/136.0.0.0"
85.120.75.140 - - [30/May/2025:09:57:21 +0200] "GET /Jurek/eurofirany/images/48396/3.jpg HTTP/2.0" 200 112844 "https://www.emag.ro/perdea-pregata-emma-140x250-cm-alba-eurofirany-48396/pd/DZQ28LMBM/?X-Search-Id=683ea17fa28579559a31&X-Product-Id=191958588&X-Search-Page=2&X-Search-Position=0&X-Section=search&X-MB=0&X-Search-Action=view" "Mozilla/5.0 (Windows NT 10.0; Win64; x64) AppleWebKit/537.36 (KHTML, like Gecko) Chrome/136.0.0.0 Safari/537.36 Edg/136.0.0.0"
85.120.75.140 - - [30/May/2025:09:57:21 +0200] "GET /Jurek/eurofirany/images/48396/1.jpg HTTP/2.0" 200 86512 "https://www.emag.ro/perdea-pregata-emma-140x250-cm-alba-eurofirany-48396/pd/DZQ28LMBM/?X-Search-Id=683ea17fa28579559a31&X-Product-Id=191958588&X-Search-Page=2&X-Search-Position=0&X-Section=search&X-MB=0&X-Search-Action=view" "Mozilla/5.0 (Windows NT 10.0; Win64; x64) AppleWebKit/537.36 (KHTML, like Gecko) Chrome/136.0.0.0 Safari/537.36 Edg/136.0.0.0"
85.120.75.140 - - [30/May/2025:09:57:22 +0200] "GET /Jurek/eurofirany/images/48396/4.jpg HTTP/2.0" 200 240087 "https://www.emag.ro/perdea-pregata-emma-140x250-cm-alba-eurofirany-48396/pd/DZQ28LMBM/?X-Search-Id=683ea17fa28579559a31&X-Product-Id=191958588&X-Search-Page=2&X-Search-Position=0&X-Section=search&X-MB=0&X-Search-Action=view" "Mozilla/5.0 (Windows NT 10.0; Win64; x64) AppleWebKit/537.36 (KHTML, like Gecko) Chrome/136.0.0.0 Safari/537.36 Edg/136.0.0.0"
51.77.52.107 - - [30/May/2025:09:57:34 +0200] "GET /Jurek/eurofirany/images/397106/0.jpg HTTP/2.0" 200 37057 "-" "baselinker"
85.120.75.140 - - [30/May/2025:09:57:53 +0200] "GET /Jurek/eurofirany/images/383703/2.jpg HTTP/2.0" 200 34167 "https://www.emag.ro/perdea-ready-lexy-140x250-cm-alba-eurofirany-383703/pd/DKTH8LMBM/" "Mozilla/5.0 (Windows NT 10.0; Win64; x64) AppleWebKit/537.36 (KHTML, like Gecko) Chrome/136.0.0.0 Safari/537.36 Edg/136.0.0.0"
85.120.75.140 - - [30/May/2025:09:57:53 +0200] "GET /Jurek/eurofirany/images/383703/1.jpg HTTP/2.0" 200 68450 "https://www.emag.ro/perdea-ready-lexy-140x250-cm-alba-eurofirany-383703/pd/DKTH8LMBM/" "Mozilla/5.0 (Windows NT 10.0; Win64; x64) AppleWebKit/537.36 (KHTML, like Gecko) Chrome/136.0.0.0 Safari/537.36 Edg/136.0.0.0"
85.120.75.140 - - [30/May/2025:09:57:53 +0200] "GET /Jurek/eurofirany/images/383703/3.jpg HTTP/2.0" 200 74339 "https://www.emag.ro/perdea-ready-lexy-140x250-cm-alba-eurofirany-383703/pd/DKTH8LMBM/" "Mozilla/5.0 (Windows NT 10.0; Win64; x64) AppleWebKit/537.36 (KHTML, like Gecko) Chrome/136.0.0.0 Safari/537.36 Edg/136.0.0.0"
85.120.75.140 - - [30/May/2025:09:57:53 +0200] "GET /Jurek/eurofirany/images/383703/5.jpg HTTP/2.0" 200 94425 "https://www.emag.ro/perdea-ready-lexy-140x250-cm-alba-eurofirany-383703/pd/DKTH8LMBM/" "Mozilla/5.0 (Windows NT 10.0; Win64; x64) AppleWebKit/537.36 (KHTML, like Gecko) Chrome/136.0.0.0 Safari/537.36 Edg/136.0.0.0"
85.120.75.140 - - [30/May/2025:09:57:53 +0200] "GET /Jurek/eurofirany/images/383703/6.jpg HTTP/2.0" 200 134066 "https://www.emag.ro/perdea-ready-lexy-140x250-cm-alba-eurofirany-383703/pd/DKTH8LMBM/" "Mozilla/5.0 (Windows NT 10.0; Win64; x64) AppleWebKit/537.36 (KHTML, like Gecko) Chrome/136.0.0.0 Safari/537.36 Edg/136.0.0.0"
85.120.75.140 - - [30/May/2025:09:57:53 +0200] "GET /Jurek/eurofirany/images/383703/8.jpg HTTP/2.0" 200 249281 "https://www.emag.ro/perdea-ready-lexy-140x250-cm-alba-eurofirany-383703/pd/DKTH8LMBM/" "Mozilla/5.0 (Windows NT 10.0; Win64; x64) AppleWebKit/537.36 (KHTML, like Gecko) Chrome/136.0.0.0 Safari/537.36 Edg/136.0.0.0"
85.120.75.140 - - [30/May/2025:09:57:53 +0200] "GET /Jurek/eurofirany/images/383703/7.jpg HTTP/2.0" 200 230552 "https://www.emag.ro/perdea-ready-lexy-140x250-cm-alba-eurofirany-383703/pd/DKTH8LMBM/" "Mozilla/5.0 (Windows NT 10.0; Win64; x64) AppleWebKit/537.36 (KHTML, like Gecko) Chrome/136.0.0.0 Safari/537.36 Edg/136.0.0.0"
85.120.75.140 - - [30/May/2025:09:57:53 +0200] "GET /Jurek/eurofirany/images/383703/9.jpg HTTP/2.0" 200 246730 "https://www.emag.ro/perdea-ready-lexy-140x250-cm-alba-eurofirany-383703/pd/DKTH8LMBM/" "Mozilla/5.0 (Windows NT 10.0; Win64; x64) AppleWebKit/537.36 (KHTML, like Gecko) Chrome/136.0.0.0 Safari/537.36 Edg/136.0.0.0"
85.120.75.140 - - [30/May/2025:09:57:53 +0200] "GET /Jurek/eurofirany/images/383703/4.jpg HTTP/2.0" 200 376983 "https://www.emag.ro/perdea-ready-lexy-140x250-cm-alba-eurofirany-383703/pd/DKTH8LMBM/" "Mozilla/5.0 (Windows NT 10.0; Win64; x64) AppleWebKit/537.36 (KHTML, like Gecko) Chrome/136.0.0.0 Safari/537.36 Edg/136.0.0.0"
51.77.52.107 - - [30/May/2025:09:57:53 +0200] "GET /Jurek/eurofirany/images/397108/0.jpg HTTP/2.0" 200 37057 "-" "baselinker"
51.77.52.107 - - [30/May/2025:09:58:09 +0200] "GET /Jurek/eurofirany/images/397108/0.jpg HTTP/2.0" 200 37057 "-" "baselinker"
51.77.52.107 - - [30/May/2025:09:58:17 +0200] "GET /Jurek/eurofirany/images/397108/0.jpg HTTP/2.0" 200 37057 "-" "baselinker"
51.77.52.107 - - [30/May/2025:09:58:30 +0200] "GET /Jurek/eurofirany/images/397109/0.jpg HTTP/2.0" 200 37057 "-" "baselinker"
51.77.52.107 - - [30/May/2025:09:58:38 +0200] "GET /Jurek/eurofirany/images/397109/0.jpg HTTP/2.0" 200 37057 "-" "baselinker"
51.77.52.107 - - [30/May/2025:09:58:45 +0200] "GET /Jurek/eurofirany/images/397109/0.jpg HTTP/2.0" 200 37057 "-" "baselinker"
51.77.52.107 - - [30/May/2025:09:58:51 +0200] "GET /Jurek/eurofirany/images/397110/0.jpg HTTP/2.0" 200 37057 "-" "baselinker"
51.77.52.107 - - [30/May/2025:09:59:10 +0200] "GET /Jurek/eurofirany/images/397110/0.jpg HTTP/2.0" 200 37057 "-" "baselinker"
51.77.52.107 - - [30/May/2025:09:59:17 +0200] "GET /Jurek/eurofirany/images/397110/0.jpg HTTP/2.0" 200 37057 "-" "baselinker"
51.77.52.107 - - [30/May/2025:09:59:33 +0200] "GET /Jurek/eurofirany/images/397111/0.jpg HTTP/2.0" 200 40976 "-" "baselinker"
51.77.52.107 - - [30/May/2025:09:59:50 +0200] "GET /Jurek/eurofirany/images/397111/0.jpg HTTP/2.0" 200 40976 "-" "baselinker"
51.77.52.107 - - [30/May/2025:09:59:55 +0200] "GET /Jurek/eurofirany/images/397111/0.jpg HTTP/2.0" 200 40976 "-" "baselinker"
51.77.52.107 - - [30/May/2025:10:00:01 +0200] "GET /Jurek/eurofirany/images/397113/0.jpg HTTP/2.0" 200 40976 "-" "baselinker"
35.204.39.32 - - [30/May/2025:10:00:15 +0200] "GET /marketplaces/carrefour_fr/results/carrefour_fr.csv HTTP/1.1" 200 147219 "-" "Mirakl HttpClient"
85.14.86.141 - - [30/May/2025:10:00:18 +0200] "GET /Jurek/vida_morele/feeds/VidaPL_all.xml HTTP/2.0" 200 878823698 "-" "MarketplaceAPI curl/7.74.0 PHP/8"
51.77.52.107 - - [30/May/2025:10:00:20 +0200] "GET /Jurek/eurofirany/images/397113/0.jpg HTTP/2.0" 200 40976 "-" "baselinker"
51.77.52.107 - - [30/May/2025:10:00:25 +0200] "GET /Jurek/eurofirany/images/397113/0.jpg HTTP/2.0" 200 40976 "-" "baselinker"
52.18.22.0 - - [30/May/2025:10:00:42 +0200] "GET /marketplaces/ubaldi/results/ubaldi.csv HTTP/1.1" 200 147219 "-" "Mirakl HttpClient"
51.77.52.107 - - [30/May/2025:10:00:43 +0200] "GET /Jurek/eurofirany/images/397114/0.jpg HTTP/2.0" 200 40976 "-" "baselinker"
51.77.52.107 - - [30/May/2025:10:00:49 +0200] "GET /Jurek/eurofirany/images/397114/0.jpg HTTP/2.0" 200 40976 "-" "baselinker"
89.161.206.59 - - [30/May/2025:10:00:59 +0200] "GET /Jurek/beautycare/feeds/beautycare_amazonde.xml HTTP/1.0" 200 1181267 "-" "-"
89.161.206.59 - - [30/May/2025:10:00:59 +0200] "GET /Jurek/princelh/feeds/princelh_amazonde.xml HTTP/1.0" 200 133491 "-" "-"
89.161.206.59 - - [30/May/2025:10:01:00 +0200] "GET /Jurek/omi/feeds/omi_amazonde.xml HTTP/1.0" 200 8103114 "-" "-"
89.161.206.59 - - [30/May/2025:10:01:00 +0200] "GET /Jurek/smxdesign/feeds/smxdesign_amazonde.xml HTTP/1.0" 200 1829171 "-" "-"
51.77.52.107 - - [30/May/2025:10:01:09 +0200] "GET /Jurek/eurofirany/images/397114/0.jpg HTTP/2.0" 200 40976 "-" "baselinker"
51.77.52.107 - - [30/May/2025:10:01:15 +0200] "GET /Jurek/eurofirany/images/397115/0.jpg HTTP/2.0" 200 40976 "-" "baselinker"
46.101.116.244 - - [30/May/2025:10:01:22 +0200] "GET /Jurek/awparts/feeds/awparts_manoFR.xml HTTP/1.0" 200 142563676 "-" "-"
51.77.52.107 - - [30/May/2025:10:01:36 +0200] "GET /Jurek/eurofirany/images/397115/0.jpg HTTP/2.0" 200 40976 "-" "baselinker"
35.204.39.32 - - [30/May/2025:10:01:44 +0200] "GET /marketplaces/vente/results/vente_nl.csv HTTP/1.1" 200 147219 "-" "Mirakl HttpClient"
35.204.39.32 - - [30/May/2025:10:01:44 +0200] "GET /marketplaces/vente/results/vente_fr.csv HTTP/1.1" 200 147219 "-" "Mirakl HttpClient"
35.204.39.32 - - [30/May/2025:10:01:44 +0200] "GET /marketplaces/vente/results/vente_be.csv HTTP/1.1" 200 163603 "-" "Mirakl HttpClient"
35.204.39.32 - - [30/May/2025:10:01:44 +0200] "GET /marketplaces/vente/results/vente_it.csv HTTP/1.1" 200 130835 "-" "Mirakl HttpClient"
35.204.39.32 - - [30/May/2025:10:01:44 +0200] "GET /marketplaces/vente/results/vente_es.csv HTTP/1.1" 200 147219 "-" "Mirakl HttpClient"
35.204.39.32 - - [30/May/2025:10:01:44 +0200] "GET /marketplaces/vente/results/vente_de.csv HTTP/1.1" 200 147219 "-" "Mirakl HttpClient"
66.135.223.41 - - [30/May/2025:10:01:52 +0200] "GET /Jurek/topeshop/downloaded_images/5902838468449_close_wymiary_Obszar_roboczy_1.jpg HTTP/1.1" 200 87208 "http://www.ebay.com/" "Mozilla/5.0 (Windows NT 10.0; Win64; x64) AppleWebKit/537.36 (KHTML, like Gecko) Chrome/123.0.0.0 Safari/537.36"
66.135.223.40 - - [30/May/2025:10:01:52 +0200] "GET /Jurek/topeshop/downloaded_images/5902838468449_open_20_st_Obszar_roboczy_1.jpg HTTP/1.1" 200 68529 "http://www.ebay.com/" "Mozilla/5.0 (Windows NT 10.0; Win64; x64) AppleWebKit/537.36 (KHTML, like Gecko) Chrome/123.0.0.0 Safari/537.36"
66.135.223.42 - - [30/May/2025:10:01:52 +0200] "GET /Jurek/topeshop/downloaded_images/5902838468449_Opal_Artisan_Szafka.jpg HTTP/1.1" 404 3551 "http://www.ebay.com/" "Mozilla/5.0 (Windows NT 10.0; Win64; x64) AppleWebKit/537.36 (KHTML, like Gecko) Chrome/123.0.0.0 Safari/537.36"
