51.77.52.107 - - [30/May/2025:13:00:30 +0200] "GET /Jurek/eurofirany/images/465105/0.jpg HTTP/2.0" 200 50923 "-" "baselinker"
46.101.116.244 - - [30/May/2025:13:00:37 +0200] "GET /Jurek/fertes/feeds/fertes_mallsish.xml HTTP/2.0" 200 2361873 "-" "-"
52.18.22.0 - - [30/May/2025:13:00:41 +0200] "GET /marketplaces/ubaldi/results/ubaldi.csv HTTP/1.1" 200 147219 "-" "Mirakl HttpClient"
46.101.116.244 - - [30/May/2025:13:00:47 +0200] "GET /Jurek/avenido/feeds/avenido_mallsish.xml HTTP/2.0" 200 720110 "-" "-"
51.77.52.107 - - [30/May/2025:13:00:52 +0200] "GET /Jurek/eurofirany/images/465105/0.jpg HTTP/2.0" 200 50923 "-" "baselinker"
46.101.116.244 - - [30/May/2025:13:00:58 +0200] "GET /Jurek/carbonyway/feeds/carbonyway_mallsish.xml HTTP/2.0" 200 3075944 "-" "-"
51.77.52.107 - - [30/May/2025:13:00:58 +0200] "GET /Jurek/eurofirany/images/465105/0.jpg HTTP/2.0" 200 50923 "-" "baselinker"
51.77.52.107 - - [30/May/2025:13:01:06 +0200] "GET /Jurek/eurofirany/images/465133/0.jpg HTTP/2.0" 200 54363 "-" "baselinker"
51.77.52.107 - - [30/May/2025:13:01:21 +0200] "GET /Jurek/eurofirany/images/465133/0.jpg HTTP/2.0" 200 54363 "-" "baselinker"
46.101.116.244 - - [30/May/2025:13:01:21 +0200] "GET /Jurek/equalo/feeds/equalo_mallsish.xml HTTP/2.0" 200 98005 "-" "-"
35.204.39.32 - - [30/May/2025:13:01:25 +0200] "GET /marketplaces/vente/results/vente_nl.csv HTTP/1.1" 200 147219 "-" "Mirakl HttpClient"
35.204.39.32 - - [30/May/2025:13:01:25 +0200] "GET /marketplaces/vente/results/vente_fr.csv HTTP/1.1" 200 147219 "-" "Mirakl HttpClient"
35.204.39.32 - - [30/May/2025:13:01:25 +0200] "GET /marketplaces/vente/results/vente_be.csv HTTP/1.1" 200 163603 "-" "Mirakl HttpClient"
35.204.39.32 - - [30/May/2025:13:01:25 +0200] "GET /marketplaces/vente/results/vente_it.csv HTTP/1.1" 200 163603 "-" "Mirakl HttpClient"
35.204.39.32 - - [30/May/2025:13:01:25 +0200] "GET /marketplaces/vente/results/vente_es.csv HTTP/1.1" 200 147219 "-" "Mirakl HttpClient"
35.204.39.32 - - [30/May/2025:13:01:25 +0200] "GET /marketplaces/vente/results/vente_de.csv HTTP/1.1" 200 147219 "-" "Mirakl HttpClient"
46.101.116.244 - - [30/May/2025:13:01:32 +0200] "GET /Jurek/kamar/feeds/kamar_mallsish.xml HTTP/2.0" 200 25549412 "-" "-"
51.77.52.107 - - [30/May/2025:13:01:37 +0200] "GET /Jurek/eurofirany/images/465133/0.jpg HTTP/2.0" 200 54363 "-" "baselinker"
51.77.52.107 - - [30/May/2025:13:01:44 +0200] "GET /Jurek/eurofirany/images/465081/0.jpg HTTP/2.0" 200 22445 "-" "baselinker"
66.249.69.170 - - [30/May/2025:13:01:46 +0200] "GET /Jurek/topeshop/downloaded_images/5902838467534_Riva_wieszak-opal_biel.jpg HTTP/1.1" 404 3551 "-" "Googlebot-Image/1.0"
46.101.116.244 - - [30/May/2025:13:01:49 +0200] "GET /Jurek/lampart/feeds/lampart_mallsish.xml HTTP/2.0" 200 936040 "-" "-"
52.17.80.36 - - [30/May/2025:13:01:55 +0200] "GET /marketplaces/rue/results/rue.csv HTTP/1.1" 200 7584753 "-" "Mirakl HttpClient"
46.101.116.244 - - [30/May/2025:13:02:00 +0200] "GET /Jurek/makow/feeds/makow_mallsish.xml HTTP/2.0" 200 21203641 "-" "-"
51.77.52.107 - - [30/May/2025:13:02:03 +0200] "GET /Jurek/eurofirany/images/465081/0.jpg HTTP/2.0" 200 22445 "-" "baselinker"
51.77.52.107 - - [30/May/2025:13:02:09 +0200] "GET /Jurek/eurofirany/images/465081/0.jpg HTTP/2.0" 200 22445 "-" "baselinker"
46.101.116.244 - - [30/May/2025:13:02:12 +0200] "GET /Jurek/regis/feeds/regis_mallsish.xml HTTP/2.0" 200 228475 "-" "-"
46.101.116.244 - - [30/May/2025:13:02:22 +0200] "GET /Jurek/sebmart/feeds/sebmart_mallsish.xml HTTP/2.0" 200 1598701 "-" "-"
51.77.52.107 - - [30/May/2025:13:02:31 +0200] "GET /Jurek/eurofirany/images/465082/0.jpg HTTP/2.0" 200 22445 "-" "baselinker"
46.101.116.244 - - [30/May/2025:13:02:34 +0200] "GET /Jurek/takapara/feeds/takapara_mallsish.xml HTTP/2.0" 200 1342556 "-" "-"
46.101.116.244 - - [30/May/2025:13:02:45 +0200] "GET /Jurek/tsjerzy/feeds/tsjerzy_mallsish.xml HTTP/2.0" 200 3897651 "-" "-"
51.77.52.107 - - [30/May/2025:13:02:45 +0200] "GET /Jurek/eurofirany/images/465082/0.jpg HTTP/2.0" 200 22445 "-" "baselinker"
46.101.116.244 - - [30/May/2025:13:03:06 +0200] "GET /Jurek/andex/feeds/andex_mallsiSH.xml HTTP/2.0" 200 1953413 "-" "-"
51.77.52.107 - - [30/May/2025:13:03:11 +0200] "GET /Jurek/eurofirany/images/465082/0.jpg HTTP/2.0" 200 22445 "-" "baselinker"
46.101.116.244 - - [30/May/2025:13:03:17 +0200] "GET /Jurek/german/feeds/german_mallsiSH.xml HTTP/2.0" 200 2853571 "-" "-"
51.77.52.107 - - [30/May/2025:13:03:30 +0200] "GET /Jurek/eurofirany/images/465083/0.jpg HTTP/2.0" 200 22445 "-" "baselinker"
51.77.52.107 - - [30/May/2025:13:03:35 +0200] "GET /Jurek/eurofirany/images/465083/0.jpg HTTP/2.0" 200 22445 "-" "baselinker"
51.77.52.107 - - [30/May/2025:13:03:41 +0200] "GET /Jurek/eurofirany/images/465083/0.jpg HTTP/2.0" 200 22445 "-" "baselinker"
46.101.116.244 - - [30/May/2025:13:03:41 +0200] "GET /Jurek/maksik/feeds/maksik_mallsiSH.xml HTTP/2.0" 200 4084756 "-" "-"
52.209.168.113 - - [30/May/2025:13:03:43 +0200] "GET /marketplaces/carrefour/results/carrefour.csv HTTP/1.1" 200 147221 "-" "Mirakl HttpClient"
46.101.116.244 - - [30/May/2025:13:03:52 +0200] "GET /Jurek/smxdesign/feeds/smxdesign_mallsiSH.xml HTTP/2.0" 200 1829005 "-" "-"
51.77.52.107 - - [30/May/2025:13:03:59 +0200] "GET /Jurek/eurofirany/images/465084/0.jpg HTTP/2.0" 200 22445 "-" "baselinker"
46.101.116.244 - - [30/May/2025:13:04:13 +0200] "GET /Jurek/alucon/feeds/alucon_mallsiSH.xml HTTP/2.0" 200 553568 "-" "-"
51.77.52.107 - - [30/May/2025:13:04:16 +0200] "GET /Jurek/eurofirany/images/465084/0.jpg HTTP/2.0" 200 22445 "-" "baselinker"
46.101.116.244 - - [30/May/2025:13:04:23 +0200] "GET /Jurek/evil/feeds/evil_mallsiSH.xml HTTP/2.0" 200 306389 "-" "-"
51.77.52.107 - - [30/May/2025:13:04:24 +0200] "GET /Jurek/eurofirany/images/465084/0.jpg HTTP/2.0" 200 22445 "-" "baselinker"
51.77.52.107 - - [30/May/2025:13:04:29 +0200] "GET /Jurek/eurofirany/images/465085/0.jpg HTTP/2.0" 200 22445 "-" "baselinker"
46.101.116.244 - - [30/May/2025:13:04:34 +0200] "GET /Jurek/hlo/feeds/hlo_mallsiSH.xml HTTP/2.0" 200 4838671 "-" "-"
46.101.116.244 - - [30/May/2025:13:04:44 +0200] "GET /Jurek/lgbtshop/feeds/lgbtshop_mallsiSH.xml HTTP/2.0" 200 219253 "-" "-"
51.77.52.107 - - [30/May/2025:13:04:53 +0200] "GET /Jurek/eurofirany/images/465085/0.jpg HTTP/2.0" 200 22445 "-" "baselinker"
46.101.116.244 - - [30/May/2025:13:04:55 +0200] "GET /Jurek/madrex/feeds/madrex_mallsiSH.xml HTTP/2.0" 200 466711 "-" "-"
46.101.116.244 - - [30/May/2025:13:05:05 +0200] "GET /Jurek/motofan/feeds/motofan_mallsiSH.xml HTTP/2.0" 200 2392158 "-" "-"
51.77.52.107 - - [30/May/2025:13:05:15 +0200] "GET /Jurek/eurofirany/images/465085/0.jpg HTTP/2.0" 200 22445 "-" "baselinker"
46.101.116.244 - - [30/May/2025:13:05:16 +0200] "GET /Jurek/najtanszysport/feeds/najtanszysport_mallsiSH.xml HTTP/2.0" 200 3982949 "-" "-"
46.101.116.244 - - [30/May/2025:13:05:27 +0200] "GET /Jurek/nexus/feeds/nexus_mallsiSH.xml HTTP/2.0" 200 226610 "-" "-"
85.232.241.194 - - [30/May/2025:13:05:30 +0200] "GET /Jurek/kobi/feeds/kobi_vente_fr.xml HTTP/1.1" 200 942921 "-" "Python-urllib/3.11"
85.232.241.194 - - [30/May/2025:13:05:34 +0200] "GET /Jurek/topeshop/feeds/topeshop_vente_fr.xml HTTP/1.1" 200 3024486 "-" "Python-urllib/3.11"
85.232.241.194 - - [30/May/2025:13:05:34 +0200] "GET /Jurek/fernity/feeds/fernity_vente_fr.xml HTTP/1.1" 200 3088744 "-" "Python-urllib/3.11"
85.232.241.194 - - [30/May/2025:13:05:34 +0200] "GET /Jurek/kinghome/feeds/kinghome_vente_fr.xml HTTP/1.1" 200 5628102 "-" "Python-urllib/3.11"
85.232.241.194 - - [30/May/2025:13:05:34 +0200] "GET /Jurek/emibig/feeds/emibig_vente_fr.xml HTTP/1.1" 200 2522418 "-" "Python-urllib/3.11"
85.232.241.194 - - [30/May/2025:13:05:34 +0200] "GET /Jurek/b3/feeds/b3_vente_fr.xml HTTP/1.1" 200 8013393 "-" "Python-urllib/3.11"
85.14.86.141 - - [30/May/2025:13:05:36 +0200] "GET /Jurek/kinghoff/feeds/kinghoff_morele.xml HTTP/2.0" 200 15634685 "-" "MarketplaceAPI curl/7.74.0 PHP/8"
51.77.52.107 - - [30/May/2025:13:05:36 +0200] "GET /Jurek/eurofirany/images/465086/0.jpg HTTP/2.0" 200 22445 "-" "baselinker"
46.101.116.244 - - [30/May/2025:13:05:38 +0200] "GET /Jurek/playcob/feeds/playcob_mallsiSH.xml HTTP/2.0" 200 6980127 "-" "-"
85.232.241.194 - - [30/May/2025:13:05:38 +0200] "GET /Jurek/aw/feeds/aw_vente_fr.xml HTTP/1.1" 200 91227079 "-" "Python-urllib/3.11"
85.232.241.194 - - [30/May/2025:13:05:39 +0200] "GET /Jurek/asortymenteu/feeds/asortymenteu_vente_fr.xml HTTP/1.1" 200 2872069 "-" "Python-urllib/3.11"
85.232.241.194 - - [30/May/2025:13:05:42 +0200] "GET /Jurek/hurtownia_przemyslowa/feeds/hp_vente_fr.xml HTTP/1.1" 200 49362403 "-" "Python-urllib/3.11"
51.77.52.107 - - [30/May/2025:13:05:44 +0200] "GET /Jurek/eurofirany/images/465086/0.jpg HTTP/2.0" 200 22445 "-" "baselinker"
85.232.241.194 - - [30/May/2025:13:05:46 +0200] "GET /Jurek/hurtmeblowy/feeds/hurtmeblowy_vente_fr.xml HTTP/1.1" 200 8543197 "-" "Python-urllib/3.11"
46.101.116.244 - - [30/May/2025:13:05:49 +0200] "GET /Jurek/cbdgreen/feeds/cbdgreen_mallsiSH.xml HTTP/2.0" 200 50541 "-" "-"
51.77.52.107 - - [30/May/2025:13:05:49 +0200] "GET /Jurek/eurofirany/images/465086/0.jpg HTTP/2.0" 200 22445 "-" "baselinker"
46.101.116.244 - - [30/May/2025:13:05:59 +0200] "GET /Jurek/cbdgreen/feeds/cbdgreen_mallsiSH.xml HTTP/2.0" 200 50541 "-" "-"
46.101.116.244 - - [30/May/2025:13:06:02 +0200] "GET /Jurek/hurtownia_przemyslowa/feeds/hp_allegro.xml HTTP/1.0" 200 49365735 "-" "-"
51.77.52.107 - - [30/May/2025:13:06:07 +0200] "GET /Jurek/eurofirany/images/465087/0.jpg HTTP/2.0" 200 22445 "-" "baselinker"
46.101.116.244 - - [30/May/2025:13:06:09 +0200] "GET /Jurek/dekornatort/feeds/dekornatort_mallsiSH.xml HTTP/2.0" 200 225730 "-" "-"
51.77.52.107 - - [30/May/2025:13:06:12 +0200] "GET /Jurek/eurofirany/images/465087/0.jpg HTTP/2.0" 200 22445 "-" "baselinker"
46.101.116.244 - - [30/May/2025:13:06:20 +0200] "GET /Jurek/eurofryz2/feeds/eurofryz2_mallsiSH.xml HTTP/2.0" 200 1376775 "-" "-"
46.101.116.244 - - [30/May/2025:13:06:25 +0200] "GET /Jurek/hurtownia_przemyslowa/feeds/hp_all.xml HTTP/1.0" 200 49367585 "-" "-"
51.77.52.107 - - [30/May/2025:13:06:30 +0200] "GET /Jurek/eurofirany/images/465087/0.jpg HTTP/2.0" 200 22445 "-" "baselinker"
46.101.116.244 - - [30/May/2025:13:06:31 +0200] "GET /Jurek/eurofryz3/feeds/eurofryz3_mallsiSH.xml HTTP/2.0" 200 172223 "-" "-"
51.77.52.107 - - [30/May/2025:13:06:38 +0200] "GET /Jurek/eurofirany/images/465088/0.jpg HTTP/2.0" 200 40949 "-" "baselinker"
89.161.206.59 - - [30/May/2025:13:06:40 +0200] "GET /Jurek/hurtownia_przemyslowa/feeds/hp_amazon.xml HTTP/1.0" 200 49361724 "-" "-"
46.101.116.244 - - [30/May/2025:13:06:42 +0200] "GET /Jurek/globaldeli/feeds/globaldeli_mallsiSH.xml HTTP/2.0" 200 2590906 "-" "-"
51.77.52.107 - - [30/May/2025:13:06:54 +0200] "GET /Jurek/eurofirany/images/465088/0.jpg HTTP/2.0" 200 40949 "-" "baselinker"
85.232.241.194 - - [30/May/2025:13:06:59 +0200] "GET /Jurek/kobi/feeds/kobi_vente_be.xml HTTP/1.1" 200 942881 "-" "Python-urllib/3.11"
46.101.116.244 - - [30/May/2025:13:07:03 +0200] "GET /Jurek/lendo/feeds/lendo_mallsiSH.xml HTTP/2.0" 200 330388 "-" "-"
85.232.241.194 - - [30/May/2025:13:07:03 +0200] "GET /Jurek/topeshop/feeds/topeshop_vente_be.xml HTTP/1.1" 200 3024516 "-" "Python-urllib/3.11"
85.232.241.194 - - [30/May/2025:13:07:03 +0200] "GET /Jurek/fernity/feeds/fernity_vente_be.xml HTTP/1.1" 200 3088554 "-" "Python-urllib/3.11"
85.232.241.194 - - [30/May/2025:13:07:03 +0200] "GET /Jurek/kinghome/feeds/kinghome_vente_be.xml HTTP/1.1" 200 5627974 "-" "Python-urllib/3.11"
85.232.241.194 - - [30/May/2025:13:07:04 +0200] "GET /Jurek/emibig/feeds/emibig_vente_be.xml HTTP/1.1" 200 2522249 "-" "Python-urllib/3.11"
85.232.241.194 - - [30/May/2025:13:07:04 +0200] "GET /Jurek/b3/feeds/b3_vente_be.xml HTTP/1.1" 200 8013307 "-" "Python-urllib/3.11"
85.232.241.194 - - [30/May/2025:13:07:07 +0200] "GET /Jurek/aw/feeds/aw_vente_be.xml HTTP/1.1" 200 91226163 "-" "Python-urllib/3.11"
51.77.52.107 - - [30/May/2025:13:07:10 +0200] "GET /Jurek/eurofirany/images/465088/0.jpg HTTP/2.0" 200 40949 "-" "baselinker"
89.161.206.59 - - [30/May/2025:13:07:11 +0200] "GET /Jurek/ikonka/feeds/ikonka_skroutz.xml HTTP/1.0" 200 20822315 "-" "-"
85.232.241.194 - - [30/May/2025:13:07:12 +0200] "GET /Jurek/asortymenteu/feeds/asortymenteu_vente_be.xml HTTP/1.1" 200 2872056 "-" "Python-urllib/3.11"
85.232.241.194 - - [30/May/2025:13:07:13 +0200] "GET /Jurek/hurtownia_przemyslowa/feeds/hp_vente_be.xml HTTP/1.1" 200 49361713 "-" "Python-urllib/3.11"
51.77.52.107 - - [30/May/2025:13:07:16 +0200] "GET /Jurek/eurofirany/images/465089/0.jpg HTTP/2.0" 200 40949 "-" "baselinker"
46.101.116.244 - - [30/May/2025:13:07:23 +0200] "GET /Jurek/naszedzieci/feeds/naszedzieci_mallsiSH.xml HTTP/2.0" 200 833172423 "-" "-"
51.77.52.107 - - [30/May/2025:13:07:24 +0200] "GET /Jurek/eurofirany/images/465089/0.jpg HTTP/2.0" 200 40949 "-" "baselinker"
193.33.8.61 - - [30/May/2025:13:07:27 +0200] "GET /Jurek/eany_blc/data.csv HTTP/2.0" 200 85397570 "https://dkkapusta1997.usermd.net/Jurek/eany_blc/" "Mozilla/5.0 (Windows NT 10.0; Win64; x64) AppleWebKit/537.36 (KHTML, like Gecko) Chrome/136.0.0.0 Safari/537.36"
51.77.52.107 - - [30/May/2025:13:07:29 +0200] "GET /Jurek/eurofirany/images/465089/0.jpg HTTP/2.0" 200 40949 "-" "baselinker"
51.77.52.107 - - [30/May/2025:13:07:34 +0200] "GET /Jurek/eurofirany/images/465090/0.jpg HTTP/2.0" 200 40949 "-" "baselinker"
46.101.116.244 - - [30/May/2025:13:07:45 +0200] "GET /Jurek/intsell/feeds/intsell_skroutz.xml HTTP/1.0" 200 269821694 "-" "-"
51.77.52.107 - - [30/May/2025:13:07:52 +0200] "GET /Jurek/eurofirany/images/465090/0.jpg HTTP/2.0" 200 40949 "-" "baselinker"
51.77.52.107 - - [30/May/2025:13:08:08 +0200] "GET /Jurek/eurofirany/images/465090/0.jpg HTTP/2.0" 200 40949 "-" "baselinker"
89.161.206.59 - - [30/May/2025:13:08:18 +0200] "GET /Jurek/antiodor/feeds/antiodor_allegro.xml HTTP/1.0" 200 137847 "-" "-"
85.232.241.194 - - [30/May/2025:13:08:20 +0200] "GET /Jurek/kobi/feeds/kobi_vente_es.xml HTTP/1.1" 200 942911 "-" "Python-urllib/3.11"
85.232.241.194 - - [30/May/2025:13:08:21 +0200] "GET /Jurek/topeshop/feeds/topeshop_vente_es.xml HTTP/1.1" 200 3024530 "-" "Python-urllib/3.11"
85.232.241.194 - - [30/May/2025:13:08:21 +0200] "GET /Jurek/fernity/feeds/fernity_vente_es.xml HTTP/1.1" 200 3088661 "-" "Python-urllib/3.11"
85.232.241.194 - - [30/May/2025:13:08:21 +0200] "GET /Jurek/kinghome/feeds/kinghome_vente_es.xml HTTP/1.1" 200 5628195 "-" "Python-urllib/3.11"
85.232.241.194 - - [30/May/2025:13:08:21 +0200] "GET /Jurek/emibig/feeds/emibig_vente_es.xml HTTP/1.1" 200 2522555 "-" "Python-urllib/3.11"
85.232.241.194 - - [30/May/2025:13:08:21 +0200] "GET /Jurek/b3/feeds/b3_vente_es.xml HTTP/1.1" 200 8013487 "-" "Python-urllib/3.11"
51.77.52.107 - - [30/May/2025:13:08:23 +0200] "GET /Jurek/eurofirany/images/465091/0.jpg HTTP/2.0" 200 40949 "-" "baselinker"
85.232.241.194 - - [30/May/2025:13:08:25 +0200] "GET /Jurek/aw/feeds/aw_vente_es.xml HTTP/1.1" 200 91229542 "-" "Python-urllib/3.11"
85.232.241.194 - - [30/May/2025:13:08:28 +0200] "GET /Jurek/asortymenteu/feeds/asortymenteu_vente_es.xml HTTP/1.1" 200 2872086 "-" "Python-urllib/3.11"
85.232.241.194 - - [30/May/2025:13:08:29 +0200] "GET /Jurek/hurtownia_przemyslowa/feeds/hp_vente_es.xml HTTP/1.1" 200 49362431 "-" "Python-urllib/3.11"
51.77.52.107 - - [30/May/2025:13:08:29 +0200] "GET /Jurek/eurofirany/images/465091/0.jpg HTTP/2.0" 200 40949 "-" "baselinker"
46.101.116.244 - - [30/May/2025:13:08:35 +0200] "GET /Jurek/hurtownia_przemyslowa/feeds/hp_fnacfr.xml HTTP/1.0" 200 49361760 "-" "-"
51.77.52.107 - - [30/May/2025:13:08:45 +0200] "GET /Jurek/eurofirany/images/465091/0.jpg HTTP/2.0" 200 40949 "-" "baselinker"
185.6.76.18 - - [30/May/2025:13:08:48 +0200] "GET /marketplaces/skroutz/feeds/shumee.xml HTTP/1.1" 200 411577349 "-" "SkroutzBot v1.0"
51.77.52.107 - - [30/May/2025:13:09:02 +0200] "GET /Jurek/eurofirany/images/465092/0.jpg HTTP/2.0" 200 40949 "-" "baselinker"
89.161.206.59 - - [30/May/2025:13:09:16 +0200] "GET /Jurek/hurtownia_przemyslowa/feeds/hp_ebayde.xml HTTP/1.0" 200 35620153 "-" "-"
89.161.206.59 - - [30/May/2025:13:09:17 +0200] "GET /Jurek/artdog/feeds/artdog_aliex.xml HTTP/1.0" 200 17165527 "-" "-"
51.77.52.107 - - [30/May/2025:13:09:23 +0200] "GET /Jurek/eurofirany/images/465092/0.jpg HTTP/2.0" 200 40949 "-" "baselinker"
85.14.86.141 - - [30/May/2025:13:09:26 +0200] "GET /Jurek/eurofirany/feeds/eurofirany_morele.xml HTTP/2.0" 200 18720286 "-" "MarketplaceAPI curl/7.74.0 PHP/8"
85.232.241.194 - - [30/May/2025:13:09:34 +0200] "GET /Jurek/kobi/feeds/kobi_vente_it.xml HTTP/1.1" 200 942868 "-" "Python-urllib/3.11"
85.232.241.194 - - [30/May/2025:13:09:34 +0200] "GET /Jurek/topeshop/feeds/topeshop_vente_it.xml HTTP/1.1" 200 3024501 "-" "Python-urllib/3.11"
85.232.241.194 - - [30/May/2025:13:09:34 +0200] "GET /Jurek/fernity/feeds/fernity_vente_it.xml HTTP/1.1" 200 3088661 "-" "Python-urllib/3.11"
85.232.241.194 - - [30/May/2025:13:09:34 +0200] "GET /Jurek/kinghome/feeds/kinghome_vente_it.xml HTTP/1.1" 200 5628145 "-" "Python-urllib/3.11"
85.232.241.194 - - [30/May/2025:13:09:34 +0200] "GET /Jurek/emibig/feeds/emibig_vente_it.xml HTTP/1.1" 200 2522440 "-" "Python-urllib/3.11"
85.232.241.194 - - [30/May/2025:13:09:34 +0200] "GET /Jurek/b3/feeds/b3_vente_it.xml HTTP/1.1" 200 8013425 "-" "Python-urllib/3.11"
89.161.206.59 - - [30/May/2025:13:09:37 +0200] "GET /Jurek/fernity/feeds/fernity_skroutz.xml HTTP/1.0" 200 4592721 "-" "-"
85.232.241.194 - - [30/May/2025:13:09:38 +0200] "GET /Jurek/aw/feeds/aw_vente_it.xml HTTP/1.1" 200 91228091 "-" "Python-urllib/3.11"
85.232.241.194 - - [30/May/2025:13:09:38 +0200] "GET /Jurek/asortymenteu/feeds/asortymenteu_vente_it.xml HTTP/1.1" 200 2872046 "-" "Python-urllib/3.11"
85.232.241.194 - - [30/May/2025:13:09:42 +0200] "GET /Jurek/hurtownia_przemyslowa/feeds/hp_vente_it.xml HTTP/1.1" 200 49362109 "-" "Python-urllib/3.11"
51.77.52.107 - - [30/May/2025:13:09:44 +0200] "GET /Jurek/eurofirany/images/465092/0.jpg HTTP/2.0" 200 40949 "-" "baselinker"
85.14.86.141 - - [30/May/2025:13:09:49 +0200] "GET /Jurek/vivaldi/feeds/vivaldi_Morele-PL.xml HTTP/2.0" 200 344674 "-" "MarketplaceAPI curl/7.74.0 PHP/8"
51.77.52.107 - - [30/May/2025:13:09:50 +0200] "GET /Jurek/eurofirany/images/465093/0.jpg HTTP/2.0" 200 40949 "-" "baselinker"
89.161.206.59 - - [30/May/2025:13:09:53 +0200] "GET /Jurek/activeshop/feeds/activeshop_skroutz.xml HTTP/1.0" 200 6608766 "-" "-"
89.161.206.59 - - [30/May/2025:13:10:01 +0200] "GET /Jurek/dekornatort/feeds/dekornatort_skroutz.xml HTTP/1.0" 200 225734 "-" "-"
89.161.206.59 - - [30/May/2025:13:10:03 +0200] "GET /Jurek/ikonka/feeds/ikonka_ebayde.xml HTTP/1.0" 200 7123356 "-" "-"
51.77.52.107 - - [30/May/2025:13:10:03 +0200] "GET /Jurek/eurofirany/images/465093/0.jpg HTTP/2.0" 200 40949 "-" "baselinker"
51.77.52.107 - - [30/May/2025:13:10:24 +0200] "GET /Jurek/eurofirany/images/465093/0.jpg HTTP/2.0" 200 40949 "-" "baselinker"
51.77.52.107 - - [30/May/2025:13:10:43 +0200] "GET /Jurek/eurofirany/images/465094/0.jpg HTTP/2.0" 200 40949 "-" "baselinker"
85.232.241.194 - - [30/May/2025:13:10:46 +0200] "GET /Jurek/kobi/feeds/kobi_vente_ne.xml HTTP/1.1" 200 942908 "-" "Python-urllib/3.11"
85.232.241.194 - - [30/May/2025:13:10:50 +0200] "GET /Jurek/topeshop/feeds/topeshop_vente_ne.xml HTTP/1.1" 200 3024487 "-" "Python-urllib/3.11"
85.232.241.194 - - [30/May/2025:13:10:50 +0200] "GET /Jurek/fernity/feeds/fernity_vente_ne.xml HTTP/1.1" 200 3088522 "-" "Python-urllib/3.11"
85.232.241.194 - - [30/May/2025:13:10:50 +0200] "GET /Jurek/kinghome/feeds/kinghome_vente_ne.xml HTTP/1.1" 200 5628011 "-" "Python-urllib/3.11"
85.232.241.194 - - [30/May/2025:13:10:50 +0200] "GET /Jurek/emibig/feeds/emibig_vente_ne.xml HTTP/1.1" 200 2522247 "-" "Python-urllib/3.11"
85.232.241.194 - - [30/May/2025:13:10:50 +0200] "GET /Jurek/b3/feeds/b3_vente_nl.xml HTTP/1.1" 200 8013261 "-" "Python-urllib/3.11"
85.232.241.194 - - [30/May/2025:13:10:51 +0200] "GET /Jurek/aw/feeds/aw_vente_nl.xml HTTP/1.1" 200 91226433 "-" "Python-urllib/3.11"
85.232.241.194 - - [30/May/2025:13:10:54 +0200] "GET /Jurek/asortymenteu/feeds/asortymenteu_vente_nl.xml HTTP/1.1" 200 2872049 "-" "Python-urllib/3.11"
85.232.241.194 - - [30/May/2025:13:10:55 +0200] "GET /Jurek/hurtownia_przemyslowa/feeds/hp_vente_nl.xml HTTP/1.1" 200 49361887 "-" "Python-urllib/3.11"
51.77.52.107 - - [30/May/2025:13:10:57 +0200] "GET /Jurek/eurofirany/images/465094/0.jpg HTTP/2.0" 200 40949 "-" "baselinker"
89.161.206.59 - - [30/May/2025:13:11:00 +0200] "GET /Jurek/artdog/feeds/artdog_emaghu.xml HTTP/1.0" 200 17179734 "-" "-"
51.77.52.107 - - [30/May/2025:13:11:01 +0200] "GET /Jurek/eurofirany/images/465094/0.jpg HTTP/2.0" 200 40949 "-" "baselinker"
51.77.52.107 - - [30/May/2025:13:11:20 +0200] "GET /Jurek/eurofirany/images/465095/0.jpg HTTP/2.0" 200 45355 "-" "baselinker"
85.14.86.141 - - [30/May/2025:13:11:36 +0200] "GET /Jurek/vida_morele/feeds/VidaPL_morele.xml HTTP/2.0" 200 879288362 "-" "MarketplaceAPI curl/7.74.0 PHP/8"
51.77.52.107 - - [30/May/2025:13:11:47 +0200] "GET /Jurek/eurofirany/images/465095/0.jpg HTTP/2.0" 200 45355 "-" "baselinker"
85.14.86.141 - - [30/May/2025:13:11:56 +0200] "GET /Jurek/aw/feeds/awnarzedzia_morele.xml HTTP/2.0" 200 91239468 "-" "MarketplaceAPI curl/7.74.0 PHP/8"
89.161.206.59 - - [30/May/2025:13:11:58 +0200] "GET /Jurek/swiatecznygoliat/feeds/swiatecznygoliat_skroutz.xml HTTP/1.0" 200 6874860 "-" "-"
89.161.206.59 - - [30/May/2025:13:12:00 +0200] "GET /Jurek/wenom/feeds/wenom_skroutz.xml HTTP/1.0" 200 583077 "-" "-"
89.161.206.59 - - [30/May/2025:13:12:01 +0200] "GET /Jurek/apresto/feeds/apresto_skr.xml HTTP/1.0" 200 1316762 "-" "-"
51.77.52.107 - - [30/May/2025:13:12:03 +0200] "GET /Jurek/eurofirany/images/465095/0.jpg HTTP/2.0" 200 45355 "-" "baselinker"
85.232.241.194 - - [30/May/2025:13:12:07 +0200] "GET /Jurek/kobi/feeds/kobi_vente_de.xml HTTP/1.1" 200 942926 "-" "Python-urllib/3.11"
85.232.241.194 - - [30/May/2025:13:12:08 +0200] "GET /Jurek/topeshop/feeds/topeshop_vente_de.xml HTTP/1.1" 200 3024405 "-" "Python-urllib/3.11"
85.232.241.194 - - [30/May/2025:13:12:08 +0200] "GET /Jurek/fernity/feeds/fernity_vente_de.xml HTTP/1.1" 200 3088535 "-" "Python-urllib/3.11"
85.232.241.194 - - [30/May/2025:13:12:12 +0200] "GET /Jurek/kinghome/feeds/kinghome_vente_de.xml HTTP/1.1" 200 5627985 "-" "Python-urllib/3.11"
85.232.241.194 - - [30/May/2025:13:12:12 +0200] "GET /Jurek/emibig/feeds/emibig_vente_de.xml HTTP/1.1" 200 2522294 "-" "Python-urllib/3.11"
85.232.241.194 - - [30/May/2025:13:12:12 +0200] "GET /Jurek/b3/feeds/b3_vente_de.xml HTTP/1.1" 200 8013179 "-" "Python-urllib/3.11"
85.232.241.194 - - [30/May/2025:13:12:13 +0200] "GET /Jurek/aw/feeds/aw_vente_de.xml HTTP/1.1" 200 91225961 "-" "Python-urllib/3.11"
85.232.241.194 - - [30/May/2025:13:12:15 +0200] "GET /Jurek/asortymenteu/feeds/asortymenteu_vente_de.xml HTTP/1.1" 200 2872021 "-" "Python-urllib/3.11"
46.101.116.244 - - [30/May/2025:13:12:16 +0200] "GET /Jurek/reman/feeds/reman_mallsiSH.xml HTTP/2.0" 200 1394823 "-" "-"
85.232.241.194 - - [30/May/2025:13:12:16 +0200] "GET /Jurek/hurtownia_przemyslowa/feeds/hp_vente_de.xml HTTP/1.1" 200 49361686 "-" "Python-urllib/3.11"
51.77.52.107 - - [30/May/2025:13:12:16 +0200] "GET /Jurek/eurofirany/images/465096/0.jpg HTTP/2.0" 200 45355 "-" "baselinker"
51.77.52.107 - - [30/May/2025:13:12:24 +0200] "GET /Jurek/eurofirany/images/465096/0.jpg HTTP/2.0" 200 45355 "-" "baselinker"
46.101.116.244 - - [30/May/2025:13:12:26 +0200] "GET /Jurek/sartrix/feeds/sartrix_mallsiSH.xml HTTP/2.0" 200 649179 "-" "-"
51.77.52.107 - - [30/May/2025:13:12:36 +0200] "GET /Jurek/eurofirany/images/465096/0.jpg HTTP/2.0" 200 45355 "-" "baselinker"
46.101.116.244 - - [30/May/2025:13:12:37 +0200] "GET /Jurek/szpaklampy/feeds/szpaklampy_mallsiSH.xml HTTP/2.0" 200 388203 "-" "-"
51.77.52.107 - - [30/May/2025:13:12:42 +0200] "GET /Jurek/eurofirany/images/465097/0.jpg HTTP/2.0" 200 45355 "-" "baselinker"
46.101.116.244 - - [30/May/2025:13:12:48 +0200] "GET /Jurek/benetech/feeds/benetech_mallsiSH.xml HTTP/2.0" 200 4165396 "-" "-"
85.14.86.141 - - [30/May/2025:13:12:55 +0200] "GET /Jurek/beliani/feeds/beliani_morele.xml HTTP/2.0" 200 30665083 "-" "MarketplaceAPI curl/7.74.0 PHP/8"
51.77.52.107 - - [30/May/2025:13:12:56 +0200] "GET /Jurek/eurofirany/images/465097/0.jpg HTTP/2.0" 200 45355 "-" "baselinker"
46.101.116.244 - - [30/May/2025:13:12:59 +0200] "GET /Jurek/dekoele/feeds/dekoele_mallsish.xml HTTP/2.0" 200 733937 "-" "-"
51.77.52.107 - - [30/May/2025:13:13:04 +0200] "GET /Jurek/eurofirany/images/465097/0.jpg HTTP/2.0" 200 45355 "-" "baselinker"
46.101.116.244 - - [30/May/2025:13:13:10 +0200] "GET /Jurek/drewdon/feeds/drewdon_mallsish.xml HTTP/2.0" 200 504446 "-" "-"
46.101.116.244 - - [30/May/2025:13:13:21 +0200] "GET /Jurek/emaja24/feeds/emaja24_mallsiSH.xml HTTP/2.0" 200 5102061 "-" "-"
51.77.52.107 - - [30/May/2025:13:13:25 +0200] "GET /Jurek/eurofirany/images/465099/0.jpg HTTP/2.0" 200 45355 "-" "baselinker"
51.77.52.107 - - [30/May/2025:13:13:43 +0200] "GET /Jurek/eurofirany/images/465099/0.jpg HTTP/2.0" 200 45355 "-" "baselinker"
46.101.116.244 - - [30/May/2025:13:13:45 +0200] "GET /Jurek/muminky/feeds/muminky_mallsiSH.xml HTTP/2.0" 200 2677678 "-" "-"
51.77.52.107 - - [30/May/2025:13:13:48 +0200] "GET /Jurek/eurofirany/images/465099/0.jpg HTTP/2.0" 200 45355 "-" "baselinker"
46.101.116.244 - - [30/May/2025:13:13:56 +0200] "GET /Jurek/pupus/feeds/pupus_mallsiSH.xml HTTP/2.0" 200 6154590 "-" "-"
46.101.116.244 - - [30/May/2025:13:14:08 +0200] "GET /Jurek/erohurtownia/feeds/erohurtownia_mallsish.xml HTTP/2.0" 200 22846549 "-" "-"
51.77.52.107 - - [30/May/2025:13:14:08 +0200] "GET /Jurek/eurofirany/images/465100/0.jpg HTTP/2.0" 200 45355 "-" "baselinker"
51.77.52.107 - - [30/May/2025:13:14:14 +0200] "GET /Jurek/eurofirany/images/465100/0.jpg HTTP/2.0" 200 45355 "-" "baselinker"
51.77.52.107 - - [30/May/2025:13:14:31 +0200] "GET /Jurek/eurofirany/images/465100/0.jpg HTTP/2.0" 200 45355 "-" "baselinker"
46.101.116.244 - - [30/May/2025:13:14:37 +0200] "GET /Jurek/oromed/feeds/oromed_mallsish.xml HTTP/2.0" 200 1290092 "-" "-"
51.77.52.107 - - [30/May/2025:13:14:37 +0200] "GET /Jurek/eurofirany/images/465101/0.jpg HTTP/2.0" 200 45355 "-" "baselinker"
46.101.116.244 - - [30/May/2025:13:14:44 +0200] "GET /Jurek/bass_new/feeds/bass_allpl.xml HTTP/1.0" 200 7041848 "-" "-"
51.77.52.107 - - [30/May/2025:13:14:55 +0200] "GET /Jurek/eurofirany/images/465101/0.jpg HTTP/2.0" 200 45355 "-" "baselinker"
46.101.116.244 - - [30/May/2025:13:15:04 +0200] "GET /Jurek/urwiskowo/feeds/urwiskowo_mallsish.xml HTTP/2.0" 200 9115099 "-" "-"
51.77.52.107 - - [30/May/2025:13:15:12 +0200] "GET /Jurek/eurofirany/images/465101/0.jpg HTTP/2.0" 200 45355 "-" "baselinker"
46.101.116.244 - - [30/May/2025:13:15:15 +0200] "GET /Jurek/eroplace/feeds/eroplace_mallsish.xml HTTP/2.0" 200 52134623 "-" "-"
51.77.52.107 - - [30/May/2025:13:15:21 +0200] "GET /Jurek/eurofirany/images/465102/0.jpg HTTP/2.0" 200 45355 "-" "baselinker"
51.77.52.107 - - [30/May/2025:13:15:37 +0200] "GET /Jurek/eurofirany/images/465102/0.jpg HTTP/2.0" 200 45355 "-" "baselinker"
51.77.52.107 - - [30/May/2025:13:15:51 +0200] "GET /Jurek/eurofirany/images/465102/0.jpg HTTP/2.0" 200 45355 "-" "baselinker"
46.101.116.244 - - [30/May/2025:13:15:52 +0200] "GET /Jurek/bass_new/feeds/bass_mallsish.xml HTTP/2.0" 200 7040765 "-" "-"
46.101.116.244 - - [30/May/2025:13:16:04 +0200] "GET /Jurek/ekuchcikowo/feeds/ekuchcikowo_mallsish.xml HTTP/2.0" 200 12470952 "-" "-"
51.77.52.107 - - [30/May/2025:13:16:11 +0200] "GET /Jurek/eurofirany/images/465103/0.jpg HTTP/2.0" 200 37113 "-" "baselinker"
46.101.116.244 - - [30/May/2025:13:16:15 +0200] "GET /Jurek/sempler/feeds/sempler_mallsish.xml HTTP/2.0" 200 6787995 "-" "-"
85.232.241.194 - - [30/May/2025:13:16:28 +0200] "GET /Jurek/action/feeds/action_carrefour.xml HTTP/1.1" 200 60148927 "-" "Python-urllib/3.11"
51.77.52.107 - - [30/May/2025:13:16:29 +0200] "GET /Jurek/eurofirany/images/465103/0.jpg HTTP/2.0" 200 37113 "-" "baselinker"
85.232.241.194 - - [30/May/2025:13:16:33 +0200] "GET /Jurek/aw/feeds/aw_carrefour.xml HTTP/1.1" 200 91228780 "-" "Python-urllib/3.11"
51.77.52.107 - - [30/May/2025:13:16:49 +0200] "GET /Jurek/eurofirany/images/465103/0.jpg HTTP/2.0" 200 37113 "-" "baselinker"
46.101.116.244 - - [30/May/2025:13:16:49 +0200] "GET /Jurek/slayo/feeds/slayo_mallsish.xml HTTP/2.0" 200 183609 "-" "-"
51.77.52.107 - - [30/May/2025:13:16:55 +0200] "GET /Jurek/eurofirany/images/465106/0.jpg HTTP/2.0" 200 37113 "-" "baselinker"
46.101.116.244 - - [30/May/2025:13:17:00 +0200] "GET /Jurek/mosti/feeds/mosti_mallsish.xml HTTP/2.0" 200 4628233 "-" "-"
46.101.116.244 - - [30/May/2025:13:17:01 +0200] "GET /Jurek/amzteam/feeds/amzteam_mallsish.xml HTTP/2.0" 200 97837 "-" "-"
46.101.116.244 - - [30/May/2025:13:17:01 +0200] "GET /Jurek/artdog/feeds/artdog_mallsish.xml HTTP/2.0" 200 17158775 "-" "-"
46.101.116.244 - - [30/May/2025:13:17:03 +0200] "GET /Jurek/kambukka/feeds/kambukka_mallsish.xml HTTP/2.0" 200 1023148 "-" "-"
51.77.52.107 - - [30/May/2025:13:17:10 +0200] "GET /Jurek/eurofirany/images/465106/0.jpg HTTP/2.0" 200 37113 "-" "baselinker"
46.101.116.244 - - [30/May/2025:13:17:16 +0200] "GET /Jurek/swiatecznygoliat/feeds/swiatecznygoliat_mallsish.xml HTTP/2.0" 200 7050899 "-" "-"
46.101.116.244 - - [30/May/2025:13:17:23 +0200] "GET /Jurek/bass/feeds/bass_allegro.xml HTTP/1.0" 200 3972619 "-" "-"
51.77.52.107 - - [30/May/2025:13:17:26 +0200] "GET /Jurek/eurofirany/images/465106/0.jpg HTTP/2.0" 200 37113 "-" "baselinker"
51.77.52.107 - - [30/May/2025:13:17:41 +0200] "GET /Jurek/eurofirany/images/465107/0.jpg HTTP/2.0" 200 37113 "-" "baselinker"
51.77.52.107 - - [30/May/2025:13:17:47 +0200] "GET /Jurek/eurofirany/images/465107/0.jpg HTTP/2.0" 200 37113 "-" "baselinker"
51.77.52.107 - - [30/May/2025:13:17:52 +0200] "GET /Jurek/eurofirany/images/465107/0.jpg HTTP/2.0" 200 37113 "-" "baselinker"
51.77.52.107 - - [30/May/2025:13:18:07 +0200] "GET /Jurek/eurofirany/images/465108/0.jpg HTTP/2.0" 200 37113 "-" "baselinker"
46.101.116.244 - - [30/May/2025:13:18:13 +0200] "GET /Jurek/octopia/feeds/octopia_mallsish.xml HTTP/2.0" 200 10103817 "-" "-"
46.101.116.244 - - [30/May/2025:13:18:28 +0200] "GET /Jurek/topeshop/feeds/topeshop_mallsish.xml HTTP/2.0" 200 3024501 "-" "-"
51.77.52.107 - - [30/May/2025:13:18:29 +0200] "GET /Jurek/eurofirany/images/465108/0.jpg HTTP/2.0" 200 37113 "-" "baselinker"
51.77.52.107 - - [30/May/2025:13:18:45 +0200] "GET /Jurek/eurofirany/images/465108/0.jpg HTTP/2.0" 200 37113 "-" "baselinker"
51.77.52.107 - - [30/May/2025:13:19:08 +0200] "GET /Jurek/eurofirany/images/465109/0.jpg HTTP/2.0" 200 37113 "-" "baselinker"
51.77.52.107 - - [30/May/2025:13:19:14 +0200] "GET /Jurek/eurofirany/images/465109/0.jpg HTTP/2.0" 200 37113 "-" "baselinker"
51.77.52.107 - - [30/May/2025:13:19:25 +0200] "GET /Jurek/eurofirany/images/465109/0.jpg HTTP/2.0" 200 37113 "-" "baselinker"
51.77.52.107 - - [30/May/2025:13:19:33 +0200] "GET /Jurek/eurofirany/images/465110/0.jpg HTTP/2.0" 200 37113 "-" "baselinker"
51.77.52.107 - - [30/May/2025:13:19:42 +0200] "GET /Jurek/eurofirany/images/465110/0.jpg HTTP/2.0" 200 37113 "-" "baselinker"
51.77.52.107 - - [30/May/2025:13:19:49 +0200] "GET /Jurek/eurofirany/images/465110/0.jpg HTTP/2.0" 200 37113 "-" "baselinker"
51.77.52.107 - - [30/May/2025:13:20:03 +0200] "GET /Jurek/eurofirany/images/465111/0.jpg HTTP/2.0" 200 23111 "-" "baselinker"
51.77.52.107 - - [30/May/2025:13:20:18 +0200] "GET /Jurek/eurofirany/images/465111/0.jpg HTTP/2.0" 200 23111 "-" "baselinker"
51.77.52.107 - - [30/May/2025:13:20:31 +0200] "GET /Jurek/eurofirany/images/465111/0.jpg HTTP/2.0" 200 23111 "-" "baselinker"
51.77.52.107 - - [30/May/2025:13:20:37 +0200] "GET /Jurek/eurofirany/images/465112/0.jpg HTTP/2.0" 200 23111 "-" "baselinker"
51.77.52.107 - - [30/May/2025:13:20:52 +0200] "GET /Jurek/eurofirany/images/465112/0.jpg HTTP/2.0" 200 23111 "-" "baselinker"
51.77.52.107 - - [30/May/2025:13:21:05 +0200] "GET /Jurek/eurofirany/images/465112/0.jpg HTTP/2.0" 200 23111 "-" "baselinker"
51.77.52.107 - - [30/May/2025:13:21:12 +0200] "GET /Jurek/eurofirany/images/465113/0.jpg HTTP/2.0" 200 23111 "-" "baselinker"
46.101.116.244 - - [30/May/2025:13:21:13 +0200] "GET /Jurek/activeshop/feeds/activeshop_mallsish.xml HTTP/2.0" 200 10418284 "-" "-"
85.232.241.194 - - [30/May/2025:13:21:21 +0200] "GET /Jurek/action/feeds/action_carrefour.xml HTTP/1.1" 200 60148927 "-" "Python-urllib/3.11"
85.232.241.194 - - [30/May/2025:13:21:22 +0200] "GET /Jurek/aw/feeds/aw_carrefour.xml HTTP/1.1" 200 91228780 "-" "Python-urllib/3.11"
51.77.52.107 - - [30/May/2025:13:21:22 +0200] "GET /Jurek/eurofirany/images/465113/0.jpg HTTP/2.0" 200 23111 "-" "baselinker"
51.77.52.107 - - [30/May/2025:13:21:28 +0200] "GET /Jurek/eurofirany/images/465113/0.jpg HTTP/2.0" 200 23111 "-" "baselinker"
51.77.52.107 - - [30/May/2025:13:21:43 +0200] "GET /Jurek/eurofirany/images/465114/0.jpg HTTP/2.0" 200 23111 "-" "baselinker"
51.77.52.107 - - [30/May/2025:13:21:48 +0200] "GET /Jurek/eurofirany/images/465114/0.jpg HTTP/2.0" 200 23111 "-" "baselinker"
51.77.52.107 - - [30/May/2025:13:21:54 +0200] "GET /Jurek/eurofirany/images/465114/0.jpg HTTP/2.0" 200 23111 "-" "baselinker"
51.77.52.107 - - [30/May/2025:13:21:59 +0200] "GET /Jurek/eurofirany/images/465115/0.jpg HTTP/2.0" 200 23111 "-" "baselinker"
51.77.52.107 - - [30/May/2025:13:22:15 +0200] "GET /Jurek/eurofirany/images/465115/0.jpg HTTP/2.0" 200 23111 "-" "baselinker"
51.77.52.107 - - [30/May/2025:13:22:21 +0200] "GET /Jurek/eurofirany/images/465115/0.jpg HTTP/2.0" 200 23111 "-" "baselinker"
51.77.52.107 - - [30/May/2025:13:22:29 +0200] "GET /Jurek/eurofirany/images/465116/0.jpg HTTP/2.0" 200 23111 "-" "baselinker"
51.77.52.107 - - [30/May/2025:13:22:48 +0200] "GET /Jurek/eurofirany/images/465116/0.jpg HTTP/2.0" 200 23111 "-" "baselinker"
51.77.52.107 - - [30/May/2025:13:23:00 +0200] "GET /Jurek/eurofirany/images/465116/0.jpg HTTP/2.0" 200 23111 "-" "baselinker"
51.77.52.107 - - [30/May/2025:13:23:08 +0200] "GET /Jurek/eurofirany/images/465117/0.jpg HTTP/2.0" 200 23111 "-" "baselinker"
51.77.52.107 - - [30/May/2025:13:23:24 +0200] "GET /Jurek/eurofirany/images/465117/0.jpg HTTP/2.0" 200 23111 "-" "baselinker"
51.77.52.107 - - [30/May/2025:13:23:39 +0200] "GET /Jurek/eurofirany/images/465117/0.jpg HTTP/2.0" 200 23111 "-" "baselinker"
51.77.52.107 - - [30/May/2025:13:23:53 +0200] "GET /Jurek/eurofirany/images/465119/0.jpg HTTP/2.0" 200 41494 "-" "baselinker"
51.77.52.107 - - [30/May/2025:13:24:15 +0200] "GET /Jurek/eurofirany/images/465119/0.jpg HTTP/2.0" 200 41494 "-" "baselinker"
51.77.52.107 - - [30/May/2025:13:24:20 +0200] "GET /Jurek/eurofirany/images/465119/0.jpg HTTP/2.0" 200 41494 "-" "baselinker"
51.77.52.107 - - [30/May/2025:13:24:50 +0200] "GET /Jurek/eurofirany/images/465120/0.jpg HTTP/2.0" 200 41494 "-" "baselinker"
51.77.52.107 - - [30/May/2025:13:25:07 +0200] "GET /Jurek/eurofirany/images/465120/0.jpg HTTP/2.0" 200 41494 "-" "baselinker"
40.77.167.14 - - [30/May/2025:13:25:16 +0200] "GET /Jurek/eurofirany/images/416150/1.jpg HTTP/2.0" 200 66161 "-" "Mozilla/5.0 AppleWebKit/537.36 (KHTML, like Gecko; compatible; bingbot/2.0; +http://www.bing.com/bingbot.htm) Chrome/116.0.1938.76 Safari/537.36"
51.77.52.107 - - [30/May/2025:13:25:23 +0200] "GET /Jurek/eurofirany/images/465120/0.jpg HTTP/2.0" 200 41494 "-" "baselinker"
51.77.52.107 - - [30/May/2025:13:25:39 +0200] "GET /Jurek/eurofirany/images/465121/0.jpg HTTP/2.0" 200 41494 "-" "baselinker"
51.77.52.107 - - [30/May/2025:13:25:48 +0200] "GET /Jurek/eurofirany/images/465121/0.jpg HTTP/2.0" 200 41494 "-" "baselinker"
51.77.52.107 - - [30/May/2025:13:25:55 +0200] "GET /Jurek/eurofirany/images/465121/0.jpg HTTP/2.0" 200 41494 "-" "baselinker"
51.77.52.107 - - [30/May/2025:13:26:07 +0200] "GET /Jurek/eurofirany/images/465122/0.jpg HTTP/2.0" 200 41494 "-" "baselinker"
85.232.241.194 - - [30/May/2025:13:26:27 +0200] "GET /Jurek/action/feeds/action_carrefour.xml HTTP/1.1" 200 60148927 "-" "Python-urllib/3.11"
85.232.241.194 - - [30/May/2025:13:26:27 +0200] "GET /Jurek/aw/feeds/aw_carrefour.xml HTTP/1.1" 200 91228780 "-" "Python-urllib/3.11"
51.77.52.107 - - [30/May/2025:13:26:28 +0200] "GET /Jurek/eurofirany/images/465122/0.jpg HTTP/2.0" 200 41494 "-" "baselinker"
51.77.52.107 - - [30/May/2025:13:26:43 +0200] "GET /Jurek/eurofirany/images/465122/0.jpg HTTP/2.0" 200 41494 "-" "baselinker"
51.77.52.107 - - [30/May/2025:13:26:59 +0200] "GET /Jurek/eurofirany/images/465123/0.jpg HTTP/2.0" 200 41494 "-" "baselinker"
51.77.52.107 - - [30/May/2025:13:27:05 +0200] "GET /Jurek/eurofirany/images/465123/0.jpg HTTP/2.0" 200 41494 "-" "baselinker"
51.77.52.107 - - [30/May/2025:13:27:18 +0200] "GET /Jurek/eurofirany/images/465123/0.jpg HTTP/2.0" 200 41494 "-" "baselinker"
51.77.52.107 - - [30/May/2025:13:27:25 +0200] "GET /Jurek/eurofirany/images/465124/0.jpg HTTP/2.0" 200 41494 "-" "baselinker"
51.77.52.107 - - [30/May/2025:13:27:32 +0200] "GET /Jurek/eurofirany/images/465124/0.jpg HTTP/2.0" 200 41494 "-" "baselinker"
51.77.52.107 - - [30/May/2025:13:27:50 +0200] "GET /Jurek/eurofirany/images/465124/0.jpg HTTP/2.0" 200 41494 "-" "baselinker"
46.101.116.244 - - [30/May/2025:13:28:04 +0200] "GET /Jurek/action/feeds/action_mallsish.xml HTTP/2.0" 200 59483532 "-" "-"
51.77.52.107 - - [30/May/2025:13:28:12 +0200] "GET /Jurek/eurofirany/images/465125/0.jpg HTTP/2.0" 200 41494 "-" "baselinker"
51.77.52.107 - - [30/May/2025:13:28:20 +0200] "GET /Jurek/eurofirany/images/465125/0.jpg HTTP/2.0" 200 41494 "-" "baselinker"
51.77.52.107 - - [30/May/2025:13:28:23 +0200] "GET /Jurek/eurofirany/images/465125/0.jpg HTTP/2.0" 200 41494 "-" "baselinker"
51.77.52.107 - - [30/May/2025:13:28:44 +0200] "GET /Jurek/eurofirany/images/465126/0.jpg HTTP/2.0" 200 38633 "-" "baselinker"
51.77.52.107 - - [30/May/2025:13:29:00 +0200] "GET /Jurek/eurofirany/images/465126/0.jpg HTTP/2.0" 200 38633 "-" "baselinker"
51.77.52.107 - - [30/May/2025:13:29:18 +0200] "GET /Jurek/eurofirany/images/465126/0.jpg HTTP/2.0" 200 38633 "-" "baselinker"
91.206.37.14 - - [30/May/2025:13:29:21 +0200] "GET /Jurek/eurofirany/images/459368/0.jpg HTTP/2.0" 200 89536 "-" "EmagContentMedia/1.0.0"
91.206.37.14 - - [30/May/2025:13:29:22 +0200] "GET /Jurek/eurofirany/images/459368/1.jpg HTTP/2.0" 200 97156 "-" "EmagContentMedia/1.0.0"
91.206.37.14 - - [30/May/2025:13:29:22 +0200] "GET /Jurek/eurofirany/images/459368/2.jpg HTTP/2.0" 200 44749 "-" "EmagContentMedia/1.0.0"
91.206.37.14 - - [30/May/2025:13:29:23 +0200] "GET /Jurek/eurofirany/images/459368/3.jpg HTTP/2.0" 200 113118 "-" "EmagContentMedia/1.0.0"
91.206.37.14 - - [30/May/2025:13:29:23 +0200] "GET /Jurek/eurofirany/images/459368/4.jpg HTTP/2.0" 200 154525 "-" "EmagContentMedia/1.0.0"
91.206.37.14 - - [30/May/2025:13:29:23 +0200] "GET /Jurek/eurofirany/images/454008/0.jpg HTTP/2.0" 200 61509 "-" "EmagContentMedia/1.0.0"
91.206.37.14 - - [30/May/2025:13:29:23 +0200] "GET /Jurek/eurofirany/images/459368/5.jpg HTTP/2.0" 200 99285 "-" "EmagContentMedia/1.0.0"
91.206.37.14 - - [30/May/2025:13:29:23 +0200] "GET /Jurek/eurofirany/images/454008/1.jpg HTTP/2.0" 200 69569 "-" "EmagContentMedia/1.0.0"
91.206.37.14 - - [30/May/2025:13:29:24 +0200] "GET /Jurek/eurofirany/images/454008/2.jpg HTTP/2.0" 200 52100 "-" "EmagContentMedia/1.0.0"
91.206.37.14 - - [30/May/2025:13:29:24 +0200] "GET /Jurek/eurofirany/images/459368/6.jpg HTTP/2.0" 200 82594 "-" "EmagContentMedia/1.0.0"
91.206.37.14 - - [30/May/2025:13:29:24 +0200] "GET /Jurek/eurofirany/images/454008/3.jpg HTTP/2.0" 200 42368 "-" "EmagContentMedia/1.0.0"
91.206.37.14 - - [30/May/2025:13:29:24 +0200] "GET /Jurek/eurofirany/images/459368/7.jpg HTTP/2.0" 200 103682 "-" "EmagContentMedia/1.0.0"
91.206.37.14 - - [30/May/2025:13:29:24 +0200] "GET /Jurek/eurofirany/images/459368/8.jpg HTTP/2.0" 200 96208 "-" "EmagContentMedia/1.0.0"
91.206.37.14 - - [30/May/2025:13:29:24 +0200] "GET /Jurek/eurofirany/images/459368/9.jpg HTTP/2.0" 200 128737 "-" "EmagContentMedia/1.0.0"
91.206.37.14 - - [30/May/2025:13:29:24 +0200] "GET /Jurek/eurofirany/images/454008/4.jpg HTTP/2.0" 200 216938 "-" "EmagContentMedia/1.0.0"
51.77.52.107 - - [30/May/2025:13:29:25 +0200] "GET /Jurek/eurofirany/images/465127/0.jpg HTTP/2.0" 200 38633 "-" "baselinker"
91.206.37.14 - - [30/May/2025:13:29:25 +0200] "GET /Jurek/eurofirany/images/454008/5.jpg HTTP/2.0" 200 40289 "-" "EmagContentMedia/1.0.0"
91.206.37.14 - - [30/May/2025:13:29:25 +0200] "GET /Jurek/eurofirany/images/454008/6.jpg HTTP/2.0" 200 48592 "-" "EmagContentMedia/1.0.0"
91.206.37.14 - - [30/May/2025:13:29:25 +0200] "GET /Jurek/eurofirany/images/459368/10.jpg HTTP/2.0" 200 175923 "-" "EmagContentMedia/1.0.0"
91.206.37.14 - - [30/May/2025:13:29:25 +0200] "GET /Jurek/eurofirany/images/454008/7.jpg HTTP/2.0" 200 58453 "-" "EmagContentMedia/1.0.0"
51.77.52.107 - - [30/May/2025:13:29:41 +0200] "GET /Jurek/eurofirany/images/465127/0.jpg HTTP/2.0" 200 38633 "-" "baselinker"
51.77.52.107 - - [30/May/2025:13:29:57 +0200] "GET /Jurek/eurofirany/images/465127/0.jpg HTTP/2.0" 200 38633 "-" "baselinker"
51.77.52.107 - - [30/May/2025:13:30:03 +0200] "GET /Jurek/eurofirany/images/465128/0.jpg HTTP/2.0" 200 38633 "-" "baselinker"
46.101.116.244 - - [30/May/2025:13:30:08 +0200] "GET /Jurek/beliani/feeds/beliani_si_mallsi.xml HTTP/2.0" 200 30632864 "-" "-"
89.161.206.59 - - [30/May/2025:13:30:08 +0200] "GET /Jurek/twojsklep/feeds/twojsklep_allegro.xml HTTP/1.0" 200 126798 "-" "-"
51.77.52.107 - - [30/May/2025:13:30:24 +0200] "GET /Jurek/eurofirany/images/465128/0.jpg HTTP/2.0" 200 38633 "-" "baselinker"
51.77.52.107 - - [30/May/2025:13:30:31 +0200] "GET /Jurek/eurofirany/images/465128/0.jpg HTTP/2.0" 200 38633 "-" "baselinker"
51.77.52.107 - - [30/May/2025:13:30:38 +0200] "GET /Jurek/eurofirany/images/465129/0.jpg HTTP/2.0" 200 38633 "-" "baselinker"
46.101.116.244 - - [30/May/2025:13:30:52 +0200] "GET /Jurek/rovicky/feeds/rovicky_mallsish.xml HTTP/2.0" 200 15170563 "-" "-"
89.161.206.59 - - [30/May/2025:13:30:56 +0200] "GET /Jurek/techrebalina/feeds/techrebalina_amazonde.xml HTTP/1.0" 200 2011198 "-" "-"
51.77.52.107 - - [30/May/2025:13:30:57 +0200] "GET /Jurek/eurofirany/images/465129/0.jpg HTTP/2.0" 200 38633 "-" "baselinker"
46.101.116.244 - - [30/May/2025:13:31:03 +0200] "GET /Jurek/detian/feeds/detian_mallsish.xml HTTP/2.0" 404 3551 "-" "-"
51.77.52.107 - - [30/May/2025:13:31:09 +0200] "GET /Jurek/eurofirany/images/465129/0.jpg HTTP/2.0" 200 38633 "-" "baselinker"
46.101.116.244 - - [30/May/2025:13:31:14 +0200] "GET /Jurek/ikonka/feeds/ikonka_mallsish.xml HTTP/2.0" 200 20822238 "-" "-"
46.101.116.244 - - [30/May/2025:13:31:27 +0200] "GET /Jurek/candellux/feeds/candellux_mallsish.xml HTTP/2.0" 200 465720 "-" "-"
89.161.206.59 - - [30/May/2025:13:31:27 +0200] "GET /Jurek/techrebal/feeds/techrebal_amazonde.xml HTTP/1.0" 200 1989726 "-" "-"
46.101.116.244 - - [30/May/2025:13:31:38 +0200] "GET /Jurek/andex/feeds/andex_mallslsh.xml HTTP/2.0" 200 1953433 "-" "-"
51.77.52.107 - - [30/May/2025:13:31:42 +0200] "GET /Jurek/eurofirany/images/465130/0.jpg HTTP/2.0" 200 38633 "-" "baselinker"
51.77.52.107 - - [30/May/2025:13:31:49 +0200] "GET /Jurek/eurofirany/images/465130/0.jpg HTTP/2.0" 200 38633 "-" "baselinker"
46.101.116.244 - - [30/May/2025:13:31:50 +0200] "GET /Jurek/chemex/feeds/chemex_mallsish.xml HTTP/2.0" 200 47809880 "-" "-"
51.77.52.107 - - [30/May/2025:13:32:03 +0200] "GET /Jurek/eurofirany/images/465130/0.jpg HTTP/2.0" 200 38633 "-" "baselinker"
46.101.116.244 - - [30/May/2025:13:32:04 +0200] "GET /Jurek/aw/feeds/awnarzedzia_mallsish.xml HTTP/2.0" 200 91228272 "-" "-"
51.77.52.107 - - [30/May/2025:13:32:11 +0200] "GET /Jurek/eurofirany/images/465131/0.jpg HTTP/2.0" 200 38633 "-" "baselinker"
89.161.206.59 - - [30/May/2025:13:32:23 +0200] "GET /Jurek/targethome/feeds/targethome_ebay.xml HTTP/1.0" 200 335953 "-" "-"
51.77.52.107 - - [30/May/2025:13:32:29 +0200] "GET /Jurek/eurofirany/images/465131/0.jpg HTTP/2.0" 200 38633 "-" "baselinker"
51.77.52.107 - - [30/May/2025:13:32:36 +0200] "GET /Jurek/eurofirany/images/465131/0.jpg HTTP/2.0" 200 38633 "-" "baselinker"
89.161.206.59 - - [30/May/2025:13:32:42 +0200] "GET /Jurek/targethome/feeds/targethome_amazonde.xml HTTP/1.0" 200 688892 "-" "-"
51.77.52.107 - - [30/May/2025:13:32:51 +0200] "GET /Jurek/eurofirany/images/465132/0.jpg HTTP/2.0" 200 38633 "-" "baselinker"
193.33.8.61 - - [30/May/2025:13:33:05 +0200] "POST /Filip/janshop_orders/exports/ HTTP/2.0" 401 3550 "https://dkkapusta1997.usermd.net/Filip/janshop_orders/exports/" "Mozilla/5.0 (Macintosh; Intel Mac OS X 10_15_7) AppleWebKit/605.1.15 (KHTML, like Gecko) Version/17.5 Safari/605.1.15"
193.33.8.61 - maria [30/May/2025:13:33:05 +0200] "POST /Filip/janshop_orders/exports/ HTTP/2.0" 200 72368 "https://dkkapusta1997.usermd.net/Filip/janshop_orders/exports/" "Mozilla/5.0 (Macintosh; Intel Mac OS X 10_15_7) AppleWebKit/605.1.15 (KHTML, like Gecko) Version/17.5 Safari/605.1.15"
193.33.8.61 - - [30/May/2025:13:33:06 +0200] "GET /favicon.ico HTTP/2.0" 404 3551 "https://dkkapusta1997.usermd.net/Filip/janshop_orders/exports/" "Mozilla/5.0 (Macintosh; Intel Mac OS X 10_15_7) AppleWebKit/605.1.15 (KHTML, like Gecko) Version/17.5 Safari/605.1.15"
51.77.52.107 - - [30/May/2025:13:33:08 +0200] "GET /Jurek/eurofirany/images/465132/0.jpg HTTP/2.0" 200 38633 "-" "baselinker"
51.77.52.107 - - [30/May/2025:13:33:24 +0200] "GET /Jurek/eurofirany/images/465132/0.jpg HTTP/2.0" 200 38633 "-" "baselinker"
51.77.52.107 - - [30/May/2025:13:33:31 +0200] "GET /Jurek/eurofirany/images/465134/0.jpg HTTP/2.0" 200 37780 "-" "baselinker"
89.161.206.59 - - [30/May/2025:13:33:38 +0200] "GET /Jurek/targethome/feeds/targethome_emaghu.xml HTTP/1.0" 200 689288 "-" "-"
51.77.52.107 - - [30/May/2025:13:33:46 +0200] "GET /Jurek/eurofirany/images/465134/0.jpg HTTP/2.0" 200 37780 "-" "baselinker"
46.101.116.244 - - [30/May/2025:13:33:49 +0200] "GET /Jurek/barbecook/feeds/barbecook_mallslsh.xml HTTP/2.0" 200 87532 "-" "-"
51.77.52.107 - - [30/May/2025:13:33:51 +0200] "GET /Jurek/eurofirany/images/465134/0.jpg HTTP/2.0" 200 37780 "-" "baselinker"
51.77.52.107 - - [30/May/2025:13:33:56 +0200] "GET /Jurek/eurofirany/images/465135/0.jpg HTTP/2.0" 200 37780 "-" "baselinker"
89.161.206.59 - - [30/May/2025:13:33:59 +0200] "GET /Jurek/takapara/feeds/takapara_amazonde.xml HTTP/1.0" 200 1342394 "-" "-"
46.101.116.244 - - [30/May/2025:13:33:59 +0200] "GET /Jurek/duka/feeds/duka_mallslsh.xml HTTP/2.0" 200 57 "-" "-"
46.101.116.244 - - [30/May/2025:13:34:10 +0200] "GET /Jurek/miloohome/feeds/miloohome_mallsish.xml HTTP/2.0" 200 1421025 "-" "-"
51.77.52.107 - - [30/May/2025:13:34:12 +0200] "GET /Jurek/eurofirany/images/465135/0.jpg HTTP/2.0" 200 37780 "-" "baselinker"
46.101.116.244 - - [30/May/2025:13:34:20 +0200] "GET /Jurek/stema/feeds/stema_mallslsh.xml HTTP/2.0" 200 894029 "-" "-"
89.161.206.59 - - [30/May/2025:13:34:21 +0200] "GET /Jurek/szpaklampy/feeds/szpaklampy_amazonde.xml HTTP/1.0" 200 388203 "-" "-"
51.77.52.107 - - [30/May/2025:13:34:21 +0200] "GET /Jurek/eurofirany/images/465135/0.jpg HTTP/2.0" 200 37780 "-" "baselinker"
51.77.52.107 - - [30/May/2025:13:34:27 +0200] "GET /Jurek/eurofirany/images/465136/0.jpg HTTP/2.0" 200 37780 "-" "baselinker"
46.101.116.244 - - [30/May/2025:13:34:31 +0200] "GET /Jurek/fernity/feeds/fernity_mallslsh.xml HTTP/2.0" 200 4717883 "-" "-"
51.77.52.107 - - [30/May/2025:13:34:44 +0200] "GET /Jurek/eurofirany/images/465136/0.jpg HTTP/2.0" 200 37780 "-" "baselinker"
51.77.52.107 - - [30/May/2025:13:34:51 +0200] "GET /Jurek/eurofirany/images/465136/0.jpg HTTP/2.0" 200 37780 "-" "baselinker"
89.161.206.59 - - [30/May/2025:13:34:53 +0200] "GET /Jurek/szpaklampy/feeds/szpaklampy_allegro.xml HTTP/1.0" 200 388350 "-" "-"
51.77.52.107 - - [30/May/2025:13:35:10 +0200] "GET /Jurek/eurofirany/images/465137/0.jpg HTTP/2.0" 200 37780 "-" "baselinker"
46.101.116.244 - - [30/May/2025:13:35:15 +0200] "GET /Jurek/kinghome/feeds/kinghome_mallslsh.xml HTTP/2.0" 200 6464522 "-" "-"
89.161.206.59 - - [30/May/2025:13:35:23 +0200] "GET /Jurek/stiv/feeds/stiv_amazonde.xml HTTP/1.0" 200 2056794 "-" "-"
46.101.116.244 - - [30/May/2025:13:35:26 +0200] "GET /Jurek/vivaldi/feeds/vivaldi_Mall-slsh.xml HTTP/2.0" 200 344662 "-" "-"
51.77.52.107 - - [30/May/2025:13:35:30 +0200] "GET /Jurek/eurofirany/images/465137/0.jpg HTTP/2.0" 200 37780 "-" "baselinker"
52.209.168.113 - - [30/May/2025:13:35:32 +0200] "GET /marketplaces/worten2/results/worten.csv HTTP/1.1" 200 147217 "-" "Mirakl HttpClient"
46.101.116.244 - - [30/May/2025:13:35:37 +0200] "GET /Jurek/eurofirany/feeds/eurofirany_mall_si_shumee.xml HTTP/2.0" 200 18718704 "-" "-"
51.77.52.107 - - [30/May/2025:13:35:37 +0200] "GET /Jurek/eurofirany/images/465137/0.jpg HTTP/2.0" 200 37780 "-" "baselinker"
51.77.52.107 - - [30/May/2025:13:35:46 +0200] "GET /Jurek/eurofirany/images/465138/0.jpg HTTP/2.0" 200 37780 "-" "baselinker"
51.77.52.107 - - [30/May/2025:13:35:55 +0200] "GET /Jurek/eurofirany/images/465138/0.jpg HTTP/2.0" 200 37780 "-" "baselinker"
89.161.206.59 - - [30/May/2025:13:36:05 +0200] "GET /Jurek/spali/feeds/spali_emaghu.xml HTTP/1.0" 200 77114 "-" "-"
77.79.248.229 - - [30/May/2025:13:36:13 +0200] "GET /Jurek/eurofirany/feeds/eurofirany_cdon_se.xml HTTP/1.1" 200 18735493 "-" "python-requests/2.32.3"
77.79.248.229 - - [30/May/2025:13:36:13 +0200] "GET /Jurek/eurofirany/feeds/eurofirany_cdon_dk.xml HTTP/1.1" 200 18735550 "-" "python-requests/2.32.3"
77.79.248.229 - - [30/May/2025:13:36:14 +0200] "GET /Jurek/eurofirany/feeds/eurofirany_cdon_fi.xml HTTP/1.1" 200 18718869 "-" "python-requests/2.32.3"
77.79.248.229 - - [30/May/2025:13:36:15 +0200] "GET /Jurek/stema/feeds/stema_cdon_se.xml HTTP/1.1" 200 894489 "-" "python-requests/2.32.3"
77.79.248.229 - - [30/May/2025:13:36:15 +0200] "GET /Jurek/stema/feeds/stema_cdon_dk.xml HTTP/1.1" 200 894368 "-" "python-requests/2.32.3"
77.79.248.229 - - [30/May/2025:13:36:15 +0200] "GET /Jurek/stema/feeds/stema_cdon_fi.xml HTTP/1.1" 200 894091 "-" "python-requests/2.32.3"
77.79.248.229 - - [30/May/2025:13:36:16 +0200] "GET /Jurek/aw/feeds/awnarzedzia_cdon_se.xml HTTP/1.1" 200 91316444 "-" "python-requests/2.32.3"
