46.101.116.244 - - [30/May/2025:00:00:14 +0200] "GET /Jurek/piotrmiedz/feeds/piotrmiedz_amazonfr.xml HTTP/1.0" 200 91082438 "-" "-"
35.204.39.32 - - [30/May/2025:00:00:17 +0200] "GET /marketplaces/carrefour_fr/results/carrefour_fr.csv HTTP/1.1" 200 147219 "-" "Mirakl HttpClient"
51.77.52.107 - - [30/May/2025:00:00:19 +0200] "GET /Jurek/eurofirany/images/460869/0.jpg HTTP/2.0" 200 103262 "-" "baselinker"
51.77.52.107 - - [30/May/2025:00:00:31 +0200] "GET /Jurek/eurofirany/images/463787/0.jpg HTTP/2.0" 200 90748 "-" "baselinker"
52.18.22.0 - - [30/May/2025:00:00:38 +0200] "GET /marketplaces/ubaldi/results/ubaldi.csv HTTP/1.1" 200 3562976 "-" "Mirakl HttpClient"
51.77.52.107 - - [30/May/2025:00:00:50 +0200] "GET /Jurek/eurofirany/images/463787/0.jpg HTTP/2.0" 200 90748 "-" "baselinker"
89.161.206.59 - - [30/May/2025:00:01:06 +0200] "GET /Jurek/waks/feeds/waks_amazonde.xml HTTP/1.0" 200 1596552 "-" "-"
89.161.206.59 - - [30/May/2025:00:01:06 +0200] "GET /Jurek/waks/feeds/waks_amazonfr.xml HTTP/1.0" 200 1596552 "-" "-"
89.161.206.59 - - [30/May/2025:00:01:06 +0200] "GET /Jurek/waks/feeds/waks_amazonit.xml HTTP/1.0" 200 1596551 "-" "-"
89.161.206.59 - - [30/May/2025:00:01:07 +0200] "GET /Jurek/waks/feeds/waks_amazones.xml HTTP/1.0" 200 1596552 "-" "-"
89.161.206.59 - - [30/May/2025:00:01:07 +0200] "GET /Jurek/waks/feeds/waks_amazonnl.xml HTTP/1.0" 200 1596551 "-" "-"
89.161.206.59 - - [30/May/2025:00:01:07 +0200] "GET /Jurek/waks/feeds/waks_amazonse.xml HTTP/1.0" 200 1598639 "-" "-"
89.161.206.59 - - [30/May/2025:00:01:07 +0200] "GET /Jurek/hdwr/feeds/hdwr_amazonse.xml HTTP/1.0" 200 790166 "-" "-"
89.161.206.59 - - [30/May/2025:00:01:08 +0200] "GET /Jurek/eroplace/feeds/eroplace_amazonde.xml HTTP/1.0" 200 52205842 "-" "-"
51.77.52.107 - - [30/May/2025:00:01:08 +0200] "GET /Jurek/eurofirany/images/463787/0.jpg HTTP/2.0" 200 90748 "-" "baselinker"
89.161.206.59 - - [30/May/2025:00:01:13 +0200] "GET /Jurek/eroplace/feeds/eroplace_amazonse.xml HTTP/1.0" 200 52205867 "-" "-"
35.204.39.32 - - [30/May/2025:00:01:13 +0200] "GET /marketplaces/vente/results/vente_nl.csv HTTP/1.1" 200 2289398 "-" "Mirakl HttpClient"
35.204.39.32 - - [30/May/2025:00:01:14 +0200] "GET /marketplaces/vente/results/vente_fr.csv HTTP/1.1" 200 2562672 "-" "Mirakl HttpClient"
35.204.39.32 - - [30/May/2025:00:01:14 +0200] "GET /marketplaces/vente/results/vente_be.csv HTTP/1.1" 200 2289388 "-" "Mirakl HttpClient"
35.204.39.32 - - [30/May/2025:00:01:15 +0200] "GET /marketplaces/vente/results/vente_it.csv HTTP/1.1" 200 2321988 "-" "Mirakl HttpClient"
35.204.39.32 - - [30/May/2025:00:01:16 +0200] "GET /marketplaces/vente/results/vente_es.csv HTTP/1.1" 200 2288971 "-" "Mirakl HttpClient"
35.204.39.32 - - [30/May/2025:00:01:16 +0200] "GET /marketplaces/vente/results/vente_de.csv HTTP/1.1" 200 2288830 "-" "Mirakl HttpClient"
89.161.206.59 - - [30/May/2025:00:01:17 +0200] "GET /Jurek/eroplace/feeds/eroplace_amazonnl.xml HTTP/1.0" 200 52205844 "-" "-"
51.77.52.107 - - [30/May/2025:00:01:17 +0200] "GET /Jurek/eurofirany/images/463788/0.jpg HTTP/2.0" 200 105048 "-" "baselinker"
89.161.206.59 - - [30/May/2025:00:01:22 +0200] "GET /Jurek/eroplace/feeds/eroplace_amazonfr.xml HTTP/1.0" 200 52205842 "-" "-"
51.77.52.107 - - [30/May/2025:00:01:22 +0200] "GET /Jurek/eurofirany/images/463788/0.jpg HTTP/2.0" 200 105048 "-" "baselinker"
89.161.206.59 - - [30/May/2025:00:01:25 +0200] "GET /Jurek/eroplace/feeds/eroplace_amazonit.xml HTTP/1.0" 200 52205844 "-" "-"
51.77.52.107 - - [30/May/2025:00:01:29 +0200] "GET /Jurek/eurofirany/images/463788/0.jpg HTTP/2.0" 200 105048 "-" "baselinker"
89.161.206.59 - - [30/May/2025:00:01:30 +0200] "GET /Jurek/eroplace/feeds/eroplace_amazones.xml HTTP/1.0" 200 52205844 "-" "-"
89.161.206.59 - - [30/May/2025:00:01:37 +0200] "GET /Jurek/benetech/feeds/benetech_amazonnl.xml HTTP/1.0" 200 4166031 "-" "-"
89.161.206.59 - - [30/May/2025:00:01:37 +0200] "GET /Jurek/benetech/feeds/benetech_amazonit.xml HTTP/1.0" 200 4166030 "-" "-"
89.161.206.59 - - [30/May/2025:00:01:37 +0200] "GET /Jurek/benetech/feeds/benetech_amazones.xml HTTP/1.0" 200 4166031 "-" "-"
89.161.206.59 - - [30/May/2025:00:01:37 +0200] "GET /Jurek/benetech/feeds/benetech_amazonfr.xml HTTP/1.0" 200 4166031 "-" "-"
89.161.206.59 - - [30/May/2025:00:01:37 +0200] "GET /Jurek/benetech/feeds/benetech_amazonbe.xml HTTP/1.0" 200 4166029 "-" "-"
89.161.206.59 - - [30/May/2025:00:01:38 +0200] "GET /Jurek/benetech/feeds/benetech_amazonse.xml HTTP/1.0" 200 4166416 "-" "-"
89.161.206.59 - - [30/May/2025:00:01:39 +0200] "GET /Jurek/dekoele/feeds/dekoele_amazonde.xml HTTP/1.0" 200 734115 "-" "-"
89.161.206.59 - - [30/May/2025:00:01:39 +0200] "GET /Jurek/dekoele/feeds/dekoele_amazonit.xml HTTP/1.0" 200 734115 "-" "-"
89.161.206.59 - - [30/May/2025:00:01:39 +0200] "GET /Jurek/dekoele/feeds/dekoele_amazonfr.xml HTTP/1.0" 200 734115 "-" "-"
89.161.206.59 - - [30/May/2025:00:01:39 +0200] "GET /Jurek/dekoele/feeds/dekoele_amazones.xml HTTP/1.0" 200 734115 "-" "-"
89.161.206.59 - - [30/May/2025:00:01:39 +0200] "GET /Jurek/dekoele/feeds/dekoele_amazonnl.xml HTTP/1.0" 200 734115 "-" "-"
89.161.206.59 - - [30/May/2025:00:01:39 +0200] "GET /Jurek/dekoele/feeds/dekoele_amazonse.xml HTTP/1.0" 200 734188 "-" "-"
89.161.206.59 - - [30/May/2025:00:01:39 +0200] "GET /Jurek/dekoele/feeds/dekoele_amazonbe.xml HTTP/1.0" 200 734115 "-" "-"
89.161.206.59 - - [30/May/2025:00:01:41 +0200] "GET /Jurek/artdog/feeds/artdog_amazonfr.xml HTTP/1.0" 200 17173192 "-" "-"
89.161.206.59 - - [30/May/2025:00:01:42 +0200] "GET /Jurek/carbonyway/feeds/carbonyway_amazonde.xml HTTP/1.0" 200 3076780 "-" "-"
89.161.206.59 - - [30/May/2025:00:01:43 +0200] "GET /Jurek/kamar/feeds/kamar_amazonde.xml HTTP/1.0" 200 25584292 "-" "-"
51.77.52.107 - - [30/May/2025:00:01:45 +0200] "GET /Jurek/eurofirany/images/463789/0.jpg HTTP/2.0" 200 99636 "-" "baselinker"
51.77.52.107 - - [30/May/2025:00:01:53 +0200] "GET /Jurek/eurofirany/images/463789/0.jpg HTTP/2.0" 200 99636 "-" "baselinker"
52.17.80.36 - - [30/May/2025:00:01:59 +0200] "GET /marketplaces/rue/results/rue.csv HTTP/1.1" 200 7590016 "-" "Mirakl HttpClient"
51.77.52.107 - - [30/May/2025:00:02:05 +0200] "GET /Jurek/eurofirany/images/463789/0.jpg HTTP/2.0" 200 99636 "-" "baselinker"
51.77.52.107 - - [30/May/2025:00:02:36 +0200] "GET /Jurek/eurofirany/images/463790/0.jpg HTTP/2.0" 200 117880 "-" "baselinker"
46.101.116.244 - - [30/May/2025:00:02:41 +0200] "GET /Jurek/intsell/feeds/intsell_skroutz.xml HTTP/1.0" 200 269821694 "-" "-"
51.77.52.107 - - [30/May/2025:00:02:47 +0200] "GET /Jurek/eurofirany/images/463790/0.jpg HTTP/2.0" 200 117880 "-" "baselinker"
51.77.52.107 - - [30/May/2025:00:03:03 +0200] "GET /Jurek/eurofirany/images/463790/0.jpg HTTP/2.0" 200 117880 "-" "baselinker"
51.77.52.107 - - [30/May/2025:00:03:10 +0200] "GET /Jurek/eurofirany/images/463791/0.jpg HTTP/2.0" 200 103354 "-" "baselinker"
51.77.52.107 - - [30/May/2025:00:03:17 +0200] "GET /Jurek/eurofirany/images/463791/0.jpg HTTP/2.0" 200 103354 "-" "baselinker"
89.161.206.59 - - [30/May/2025:00:03:21 +0200] "GET /Jurek/riko/feeds/riko_skr.xml HTTP/1.0" 200 3788216 "-" "-"
89.161.206.59 - - [30/May/2025:00:03:23 +0200] "GET /Jurek/luxma/feeds/luxma_skroutz.xml HTTP/1.0" 200 4421688 "-" "-"
51.77.52.107 - - [30/May/2025:00:03:34 +0200] "GET /Jurek/eurofirany/images/463791/0.jpg HTTP/2.0" 200 103354 "-" "baselinker"
89.161.206.59 - - [30/May/2025:00:03:35 +0200] "GET /Jurek/sebmart/feeds/sebmart_skr.xml HTTP/1.0" 200 1598994 "-" "-"
52.209.168.113 - - [30/May/2025:00:03:37 +0200] "GET /marketplaces/carrefour/results/carrefour.csv HTTP/1.1" 200 147221 "-" "Mirakl HttpClient"
46.101.116.244 - - [30/May/2025:00:03:41 +0200] "GET /Jurek/fernity/feeds/fernity_cdiscount.xml HTTP/1.0" 200 3143463 "-" "-"
51.77.52.107 - - [30/May/2025:00:03:55 +0200] "GET /Jurek/eurofirany/images/463792/0.jpg HTTP/2.0" 200 110608 "-" "baselinker"
51.77.52.107 - - [30/May/2025:00:04:01 +0200] "GET /Jurek/eurofirany/images/463792/0.jpg HTTP/2.0" 200 110608 "-" "baselinker"
51.77.52.107 - - [30/May/2025:00:04:03 +0200] "GET /Jurek/eurofirany/images/463792/0.jpg HTTP/2.0" 200 110608 "-" "baselinker"
51.77.52.107 - - [30/May/2025:00:04:11 +0200] "GET /Jurek/eurofirany/images/460806/0.jpg HTTP/2.0" 200 171114 "-" "baselinker"
51.77.52.107 - - [30/May/2025:00:04:29 +0200] "GET /Jurek/eurofirany/images/460806/0.jpg HTTP/2.0" 200 171114 "-" "baselinker"
89.161.206.59 - - [30/May/2025:00:04:31 +0200] "GET /Jurek/dekornatort/feeds/dekornatort_skroutz.xml HTTP/1.0" 200 225937 "-" "-"
89.161.206.59 - - [30/May/2025:00:04:37 +0200] "GET /Jurek/snibbs/feeds/snibbs_skroutz.xml HTTP/1.0" 200 74414 "-" "-"
51.77.52.107 - - [30/May/2025:00:04:51 +0200] "GET /Jurek/eurofirany/images/460806/0.jpg HTTP/2.0" 200 171114 "-" "baselinker"
51.77.52.107 - - [30/May/2025:00:05:12 +0200] "GET /Jurek/eurofirany/images/460814/0.jpg HTTP/2.0" 200 170350 "-" "baselinker"
89.161.206.59 - - [30/May/2025:00:05:21 +0200] "GET /Jurek/regis/feeds/regis_skroutz.xml HTTP/1.0" 200 228467 "-" "-"
51.77.52.107 - - [30/May/2025:00:05:25 +0200] "GET /Jurek/eurofirany/images/460814/0.jpg HTTP/2.0" 200 170350 "-" "baselinker"
51.77.52.107 - - [30/May/2025:00:05:38 +0200] "GET /Jurek/eurofirany/images/460814/0.jpg HTTP/2.0" 200 170350 "-" "baselinker"
51.77.52.107 - - [30/May/2025:00:05:54 +0200] "GET /Jurek/eurofirany/images/464429/0.jpg HTTP/2.0" 200 91716 "-" "baselinker"
51.77.52.107 - - [30/May/2025:00:06:02 +0200] "GET /Jurek/eurofirany/images/464429/0.jpg HTTP/2.0" 200 91716 "-" "baselinker"
51.77.52.107 - - [30/May/2025:00:06:08 +0200] "GET /Jurek/eurofirany/images/464429/0.jpg HTTP/2.0" 200 91716 "-" "baselinker"
51.77.52.107 - - [30/May/2025:00:06:11 +0200] "GET /Jurek/eurofirany/images/464431/0.jpg HTTP/2.0" 200 139144 "-" "baselinker"
89.161.206.59 - - [30/May/2025:00:06:23 +0200] "GET /Jurek/regis/feeds/regis_cdsc.xml HTTP/1.0" 200 231389 "-" "-"
51.77.52.107 - - [30/May/2025:00:06:29 +0200] "GET /Jurek/eurofirany/images/464431/0.jpg HTTP/2.0" 200 139144 "-" "baselinker"
51.77.52.107 - - [30/May/2025:00:06:36 +0200] "GET /Jurek/eurofirany/images/464431/0.jpg HTTP/2.0" 200 139144 "-" "baselinker"
66.249.69.170 - - [30/May/2025:00:06:45 +0200] "GET /Jurek/eurofirany/images/383321/3.jpg HTTP/1.1" 200 6595 "-" "Googlebot-Image/1.0"
89.161.206.59 - - [30/May/2025:00:06:46 +0200] "GET /Jurek/drewdon/feeds/drewdon_emagro.xml HTTP/1.0" 200 504612 "-" "-"
51.77.52.107 - - [30/May/2025:00:06:48 +0200] "GET /Jurek/eurofirany/images/464434/0.jpg HTTP/2.0" 200 122938 "-" "baselinker"
51.77.52.107 - - [30/May/2025:00:07:05 +0200] "GET /Jurek/eurofirany/images/464434/0.jpg HTTP/2.0" 200 122938 "-" "baselinker"
51.77.52.107 - - [30/May/2025:00:07:12 +0200] "GET /Jurek/eurofirany/images/464434/0.jpg HTTP/2.0" 200 122938 "-" "baselinker"
51.77.52.107 - - [30/May/2025:00:07:20 +0200] "GET /Jurek/eurofirany/images/464436/0.jpg HTTP/2.0" 200 93588 "-" "baselinker"
89.161.206.59 - - [30/May/2025:00:07:24 +0200] "GET /Jurek/kristronik/feeds/kristronik_cdsc.xml HTTP/1.0" 200 430125 "-" "-"
51.77.52.107 - - [30/May/2025:00:07:26 +0200] "GET /Jurek/eurofirany/images/464436/0.jpg HTTP/2.0" 200 93588 "-" "baselinker"
51.77.52.107 - - [30/May/2025:00:07:32 +0200] "GET /Jurek/eurofirany/images/464436/0.jpg HTTP/2.0" 200 93588 "-" "baselinker"
51.77.52.107 - - [30/May/2025:00:07:49 +0200] "GET /Jurek/eurofirany/images/462829/0.jpg HTTP/2.0" 200 73871 "-" "baselinker"
51.77.52.107 - - [30/May/2025:00:08:05 +0200] "GET /Jurek/eurofirany/images/462829/0.jpg HTTP/2.0" 200 73871 "-" "baselinker"
46.101.116.244 - - [30/May/2025:00:08:19 +0200] "GET /Jurek/topeshop/feeds/topeshop_alza.xml HTTP/2.0" 200 3025448 "-" "-"
51.77.52.107 - - [30/May/2025:00:08:23 +0200] "GET /Jurek/eurofirany/images/462829/0.jpg HTTP/2.0" 200 73871 "-" "baselinker"
46.101.116.244 - - [30/May/2025:00:08:30 +0200] "GET /Jurek/topeshop/feeds/topeshop_kauflandde.xml HTTP/2.0" 200 3024321 "-" "-"
51.77.52.107 - - [30/May/2025:00:08:30 +0200] "GET /Jurek/eurofirany/images/460054/0.jpg HTTP/2.0" 200 66052 "-" "baselinker"
51.77.52.107 - - [30/May/2025:00:08:37 +0200] "GET /Jurek/eurofirany/images/460054/0.jpg HTTP/2.0" 200 66052 "-" "baselinker"
46.101.116.244 - - [30/May/2025:00:08:41 +0200] "GET /Jurek/topeshop/feeds/topeshop_kauflandcz.xml HTTP/2.0" 200 3025446 "-" "-"
51.77.52.107 - - [30/May/2025:00:08:41 +0200] "GET /Jurek/eurofirany/images/460054/0.jpg HTTP/2.0" 200 66052 "-" "baselinker"
46.101.116.244 - - [30/May/2025:00:08:51 +0200] "GET /Jurek/topeshop/feeds/topeshop_kauflandsk.xml HTTP/2.0" 200 3024344 "-" "-"
89.161.206.59 - - [30/May/2025:00:08:56 +0200] "GET /Jurek/hdwr/feeds/hdwr_emagro.xml HTTP/1.0" 200 789909 "-" "-"
51.77.52.107 - - [30/May/2025:00:09:02 +0200] "GET /Jurek/eurofirany/images/455720/0.jpg HTTP/2.0" 200 37861 "-" "baselinker"
46.101.116.244 - - [30/May/2025:00:09:02 +0200] "GET /Jurek/ikonka/feeds/ikonka_alza.xml HTTP/2.0" 200 20824574 "-" "-"
51.77.52.107 - - [30/May/2025:00:09:10 +0200] "GET /Jurek/eurofirany/images/455720/0.jpg HTTP/2.0" 200 37861 "-" "baselinker"
46.101.116.244 - - [30/May/2025:00:09:14 +0200] "GET /Jurek/ikonka/feeds/ikonka_kaufcz.xml HTTP/2.0" 200 20824521 "-" "-"
51.77.52.107 - - [30/May/2025:00:09:18 +0200] "GET /Jurek/eurofirany/images/455720/0.jpg HTTP/2.0" 200 37861 "-" "baselinker"
51.77.52.107 - - [30/May/2025:00:09:20 +0200] "GET /Jurek/eurofirany/images/455721/0.jpg HTTP/2.0" 200 31629 "-" "baselinker"
46.101.116.244 - - [30/May/2025:00:09:25 +0200] "GET /Jurek/ikonka/feeds/ikonka_kaufde.xml HTTP/2.0" 200 20822065 "-" "-"
89.161.206.59 - - [30/May/2025:00:09:32 +0200] "GET /Jurek/pagmil/feeds/pagmil_emaghu.xml HTTP/1.0" 200 1804974 "-" "-"
51.77.52.107 - - [30/May/2025:00:09:38 +0200] "GET /Jurek/eurofirany/images/455721/0.jpg HTTP/2.0" 200 31629 "-" "baselinker"
51.77.52.107 - - [30/May/2025:00:09:52 +0200] "GET /Jurek/eurofirany/images/455721/0.jpg HTTP/2.0" 200 31629 "-" "baselinker"
46.101.116.244 - - [30/May/2025:00:10:09 +0200] "GET /Jurek/stema/feeds/stema_alza.xml HTTP/2.0" 200 894547 "-" "-"
51.77.52.107 - - [30/May/2025:00:10:15 +0200] "GET /Jurek/eurofirany/images/455731/0.jpg HTTP/2.0" 200 27644 "-" "baselinker"
89.161.206.59 - - [30/May/2025:00:10:16 +0200] "GET /Jurek/mechdecor/feeds/mechdecor_skr.xml HTTP/1.0" 200 596420 "-" "-"
46.101.116.244 - - [30/May/2025:00:10:19 +0200] "GET /Jurek/stema/feeds/stema_kaufcz.xml HTTP/2.0" 200 894551 "-" "-"
46.101.116.244 - - [30/May/2025:00:10:30 +0200] "GET /Jurek/stema/feeds/stema_kaufde.xml HTTP/2.0" 200 893829 "-" "-"
46.101.116.244 - - [30/May/2025:00:10:32 +0200] "GET /Jurek/kinghoff/feeds/kinghoff_allegro.xml HTTP/1.0" 200 15635646 "-" "-"
51.77.52.107 - - [30/May/2025:00:10:34 +0200] "GET /Jurek/eurofirany/images/455731/0.jpg HTTP/2.0" 200 27644 "-" "baselinker"
89.161.206.59 - - [30/May/2025:00:10:36 +0200] "GET /Jurek/bisanti/feeds/bisanti_skroutz.xml HTTP/1.0" 200 1142315 "-" "-"
51.77.52.107 - - [30/May/2025:00:10:48 +0200] "GET /Jurek/eurofirany/images/455731/0.jpg HTTP/2.0" 200 27644 "-" "baselinker"
51.77.52.107 - - [30/May/2025:00:11:06 +0200] "GET /Jurek/eurofirany/images/455732/0.jpg HTTP/2.0" 200 27920 "-" "baselinker"
89.161.206.59 - - [30/May/2025:00:11:11 +0200] "GET /Jurek/narzbud/feeds/narzbud_emagro.xml HTTP/1.0" 200 1903553 "-" "-"
66.249.69.170 - - [30/May/2025:00:11:14 +0200] "GET /Jurek/eurofirany/images/461620/4.jpg HTTP/1.1" 200 165184 "-" "Googlebot-Image/1.0"
66.249.69.170 - - [30/May/2025:00:11:14 +0200] "GET /Jurek/eurofirany/images/461620/0.jpg HTTP/1.1" 200 106697 "-" "Googlebot-Image/1.0"
66.249.69.170 - - [30/May/2025:00:11:15 +0200] "GET /Jurek/eurofirany/images/459309/2.jpg HTTP/1.1" 200 150518 "-" "Googlebot-Image/1.0"
66.249.69.170 - - [30/May/2025:00:11:15 +0200] "GET /Jurek/eurofirany/images/459309/0.jpg HTTP/1.1" 200 113178 "-" "Googlebot-Image/1.0"
66.249.69.170 - - [30/May/2025:00:11:15 +0200] "GET /Jurek/eurofirany/images/401946/0.jpg HTTP/1.1" 200 264720 "-" "Googlebot-Image/1.0"
66.249.69.170 - - [30/May/2025:00:11:15 +0200] "GET /Jurek/eurofirany/images/461620/5.jpg HTTP/1.1" 200 142572 "-" "Googlebot-Image/1.0"
66.249.69.170 - - [30/May/2025:00:11:19 +0200] "GET /Jurek/eurofirany/images/390413/1.jpg HTTP/1.1" 200 183103 "-" "Googlebot-Image/1.0"
66.249.69.170 - - [30/May/2025:00:11:19 +0200] "GET /Jurek/eurofirany/images/409906/5.jpg HTTP/1.1" 200 6595 "-" "Googlebot-Image/1.0"
66.249.69.170 - - [30/May/2025:00:11:19 +0200] "GET /Jurek/eurofirany/images/461620/1.jpg HTTP/1.1" 200 147294 "-" "Googlebot-Image/1.0"
66.249.69.170 - - [30/May/2025:00:11:19 +0200] "GET /Jurek/eurofirany/images/461620/2.jpg HTTP/1.1" 200 141868 "-" "Googlebot-Image/1.0"
66.249.69.170 - - [30/May/2025:00:11:19 +0200] "GET /Jurek/eurofirany/images/401946/5.jpg HTTP/1.1" 200 6595 "-" "Googlebot-Image/1.0"
66.249.69.170 - - [30/May/2025:00:11:21 +0200] "GET /Jurek/eurofirany/images/459309/4.jpg HTTP/1.1" 200 156306 "-" "Googlebot-Image/1.0"
66.249.69.170 - - [30/May/2025:00:11:21 +0200] "GET /Jurek/eurofirany/images/459309/3.jpg HTTP/1.1" 200 127783 "-" "Googlebot-Image/1.0"
66.249.69.170 - - [30/May/2025:00:11:22 +0200] "GET /Jurek/eurofirany/images/461620/3.jpg HTTP/1.1" 200 76447 "-" "Googlebot-Image/1.0"
51.77.52.107 - - [30/May/2025:00:11:23 +0200] "GET /Jurek/eurofirany/images/455732/0.jpg HTTP/2.0" 200 27920 "-" "baselinker"
66.249.69.170 - - [30/May/2025:00:11:23 +0200] "GET /Jurek/eurofirany/images/459309/1.jpg HTTP/1.1" 200 74324 "-" "Googlebot-Image/1.0"
66.249.69.170 - - [30/May/2025:00:11:23 +0200] "GET /Jurek/eurofirany/images/409906/2.jpg HTTP/1.1" 200 248017 "-" "Googlebot-Image/1.0"
66.249.69.170 - - [30/May/2025:00:11:24 +0200] "GET /Jurek/eurofirany/images/401946/1.jpg HTTP/1.1" 200 180145 "-" "Googlebot-Image/1.0"
66.249.69.170 - - [30/May/2025:00:11:24 +0200] "GET /Jurek/eurofirany/images/460789/3.jpg HTTP/1.1" 200 134111 "-" "Googlebot-Image/1.0"
66.249.69.170 - - [30/May/2025:00:11:26 +0200] "GET /Jurek/eurofirany/images/390429/5.jpg HTTP/1.1" 200 203134 "-" "Googlebot-Image/1.0"
66.249.69.170 - - [30/May/2025:00:11:26 +0200] "GET /Jurek/eurofirany/images/409906/1.jpg HTTP/1.1" 200 144315 "-" "Googlebot-Image/1.0"
66.249.69.170 - - [30/May/2025:00:11:27 +0200] "GET /Jurek/eurofirany/images/460789/0.jpg HTTP/1.1" 200 104603 "-" "Googlebot-Image/1.0"
66.249.69.170 - - [30/May/2025:00:11:28 +0200] "GET /Jurek/eurofirany/images/460789/4.jpg HTTP/1.1" 200 160346 "-" "Googlebot-Image/1.0"
66.249.69.170 - - [30/May/2025:00:11:28 +0200] "GET /Jurek/eurofirany/images/315130/3.jpg HTTP/1.1" 200 112427 "-" "Googlebot-Image/1.0"
66.249.69.170 - - [30/May/2025:00:11:29 +0200] "GET /Jurek/eurofirany/images/460789/5.jpg HTTP/1.1" 200 128307 "-" "Googlebot-Image/1.0"
51.77.52.107 - - [30/May/2025:00:11:30 +0200] "GET /Jurek/eurofirany/images/455732/0.jpg HTTP/2.0" 200 27920 "-" "baselinker"
66.249.69.170 - - [30/May/2025:00:11:30 +0200] "GET /Jurek/eurofirany/images/460789/2.jpg HTTP/1.1" 200 62662 "-" "Googlebot-Image/1.0"
66.249.69.171 - - [30/May/2025:00:11:32 +0200] "GET /Jurek/eurofirany/images/315130/2.jpg HTTP/1.1" 200 50617 "-" "Googlebot-Image/1.0"
66.249.69.171 - - [30/May/2025:00:11:34 +0200] "GET /Jurek/eurofirany/images/315130/1.jpg HTTP/1.1" 200 103114 "-" "Googlebot-Image/1.0"
66.249.69.171 - - [30/May/2025:00:11:36 +0200] "GET /Jurek/eurofirany/images/315130/4.jpg HTTP/1.1" 200 233911 "-" "Googlebot-Image/1.0"
66.249.69.170 - - [30/May/2025:00:11:37 +0200] "GET /Jurek/eurofirany/images/460789/1.jpg HTTP/1.1" 200 122967 "-" "Googlebot-Image/1.0"
66.249.69.170 - - [30/May/2025:00:11:39 +0200] "GET /Jurek/eurofirany/images/315130/5.jpg HTTP/1.1" 200 121908 "-" "Googlebot-Image/1.0"
66.249.69.170 - - [30/May/2025:00:11:41 +0200] "GET /Jurek/eurofirany/images/315130/0.jpg HTTP/1.1" 200 90957 "-" "Googlebot-Image/1.0"
66.249.69.171 - - [30/May/2025:00:11:43 +0200] "GET /Jurek/eurofirany/images/390420/5.jpg HTTP/1.1" 200 203134 "-" "Googlebot-Image/1.0"
66.249.69.171 - - [30/May/2025:00:11:47 +0200] "GET /Jurek/eurofirany/images/460838/5.jpg HTTP/1.1" 200 40119 "-" "Googlebot-Image/1.0"
66.249.69.170 - - [30/May/2025:00:11:47 +0200] "GET /Jurek/eurofirany/images/390400/1.jpg HTTP/1.1" 200 98057 "-" "Googlebot-Image/1.0"
66.249.69.170 - - [30/May/2025:00:11:47 +0200] "GET /Jurek/eurofirany/images/460838/4.jpg HTTP/1.1" 200 217892 "-" "Googlebot-Image/1.0"
66.249.69.171 - - [30/May/2025:00:11:47 +0200] "GET /Jurek/eurofirany/images/460838/2.jpg HTTP/1.1" 200 31923 "-" "Googlebot-Image/1.0"
51.77.52.107 - - [30/May/2025:00:11:48 +0200] "GET /Jurek/eurofirany/images/455733/0.jpg HTTP/2.0" 200 27671 "-" "baselinker"
66.249.69.171 - - [30/May/2025:00:11:48 +0200] "GET /Jurek/eurofirany/images/409910/0.jpg HTTP/1.1" 200 84953 "-" "Googlebot-Image/1.0"
66.249.69.170 - - [30/May/2025:00:11:48 +0200] "GET /Jurek/eurofirany/images/409907/5.jpg HTTP/1.1" 200 6595 "-" "Googlebot-Image/1.0"
66.249.69.170 - - [30/May/2025:00:11:48 +0200] "GET /Jurek/eurofirany/images/460838/1.jpg HTTP/1.1" 200 73276 "-" "Googlebot-Image/1.0"
66.249.69.171 - - [30/May/2025:00:11:49 +0200] "GET /Jurek/eurofirany/images/383353/5.jpg HTTP/1.1" 200 214156 "-" "Googlebot-Image/1.0"
66.249.69.171 - - [30/May/2025:00:11:49 +0200] "GET /Jurek/eurofirany/images/383353/2.jpg HTTP/1.1" 200 29517 "-" "Googlebot-Image/1.0"
66.249.69.170 - - [30/May/2025:00:11:49 +0200] "GET /Jurek/eurofirany/images/390441/5.jpg HTTP/1.1" 200 240573 "-" "Googlebot-Image/1.0"
66.249.69.170 - - [30/May/2025:00:11:50 +0200] "GET /Jurek/eurofirany/images/409910/5.jpg HTTP/1.1" 200 6595 "-" "Googlebot-Image/1.0"
66.249.69.170 - - [30/May/2025:00:11:51 +0200] "GET /Jurek/eurofirany/images/460838/3.jpg HTTP/1.1" 200 49041 "-" "Googlebot-Image/1.0"
66.249.69.171 - - [30/May/2025:00:11:52 +0200] "GET /Jurek/eurofirany/images/460838/0.jpg HTTP/1.1" 200 61055 "-" "Googlebot-Image/1.0"
66.249.69.171 - - [30/May/2025:00:11:53 +0200] "GET /Jurek/eurofirany/images/383353/3.jpg HTTP/1.1" 200 6595 "-" "Googlebot-Image/1.0"
66.249.69.170 - - [30/May/2025:00:11:53 +0200] "GET /Jurek/eurofirany/images/383353/4.jpg HTTP/1.1" 200 39328 "-" "Googlebot-Image/1.0"
66.249.69.170 - - [30/May/2025:00:11:54 +0200] "GET /Jurek/eurofirany/images/383353/0.jpg HTTP/1.1" 200 79685 "-" "Googlebot-Image/1.0"
66.249.69.170 - - [30/May/2025:00:11:55 +0200] "GET /Jurek/eurofirany/images/390400/2.jpg HTTP/1.1" 200 80527 "-" "Googlebot-Image/1.0"
66.249.69.170 - - [30/May/2025:00:11:59 +0200] "GET /Jurek/eurofirany/images/383353/0.jpg HTTP/1.1" 200 79685 "-" "Googlebot-Image/1.0"
66.249.69.170 - - [30/May/2025:00:12:00 +0200] "GET /Jurek/eurofirany/images/383183/2.jpg HTTP/1.1" 200 6595 "-" "Googlebot-Image/1.0"
66.249.69.170 - - [30/May/2025:00:12:01 +0200] "GET /Jurek/eurofirany/images/383353/1.jpg HTTP/1.1" 200 51351 "-" "Googlebot-Image/1.0"
66.249.69.170 - - [30/May/2025:00:12:01 +0200] "GET /Jurek/eurofirany/images/390400/3.jpg HTTP/1.1" 200 183103 "-" "Googlebot-Image/1.0"
66.249.69.170 - - [30/May/2025:00:12:01 +0200] "GET /Jurek/eurofirany/images/366816/4.jpg HTTP/1.1" 200 177619 "-" "Googlebot-Image/1.0"
66.249.69.171 - - [30/May/2025:00:12:02 +0200] "GET /Jurek/eurofirany/images/390391/0.jpg HTTP/1.1" 200 164560 "-" "Googlebot-Image/1.0"
66.249.69.171 - - [30/May/2025:00:12:02 +0200] "GET /Jurek/eurofirany/images/366816/1.jpg HTTP/1.1" 200 91115 "-" "Googlebot-Image/1.0"
66.249.69.171 - - [30/May/2025:00:12:02 +0200] "GET /Jurek/eurofirany/images/390391/2.jpg HTTP/1.1" 200 317709 "-" "Googlebot-Image/1.0"
51.77.52.107 - - [30/May/2025:00:12:02 +0200] "GET /Jurek/eurofirany/images/455733/0.jpg HTTP/2.0" 200 27671 "-" "baselinker"
66.249.69.170 - - [30/May/2025:00:12:02 +0200] "GET /Jurek/eurofirany/images/383183/5.jpg HTTP/1.1" 200 48747 "-" "Googlebot-Image/1.0"
66.249.69.171 - - [30/May/2025:00:12:03 +0200] "GET /Jurek/eurofirany/images/366816/0.jpg HTTP/1.1" 200 82555 "-" "Googlebot-Image/1.0"
66.249.69.171 - - [30/May/2025:00:12:03 +0200] "GET /Jurek/eurofirany/images/383183/0.jpg HTTP/1.1" 200 75147 "-" "Googlebot-Image/1.0"
66.249.69.171 - - [30/May/2025:00:12:03 +0200] "GET /Jurek/eurofirany/images/390391/3.jpg HTTP/1.1" 200 268877 "-" "Googlebot-Image/1.0"
66.249.69.170 - - [30/May/2025:00:12:05 +0200] "GET /Jurek/eurofirany/images/459301/4.jpg HTTP/1.1" 200 160509 "-" "Googlebot-Image/1.0"
66.249.69.170 - - [30/May/2025:00:12:05 +0200] "GET /Jurek/eurofirany/images/383180/4.jpg HTTP/1.1" 200 253001 "-" "Googlebot-Image/1.0"
66.249.69.170 - - [30/May/2025:00:12:05 +0200] "GET /Jurek/eurofirany/images/383392/2.jpg HTTP/1.1" 200 6595 "-" "Googlebot-Image/1.0"
66.249.69.170 - - [30/May/2025:00:12:06 +0200] "GET /Jurek/eurofirany/images/398375/3.jpg HTTP/1.1" 200 262290 "-" "Googlebot-Image/1.0"
66.249.69.170 - - [30/May/2025:00:12:06 +0200] "GET /Jurek/eurofirany/images/383183/4.jpg HTTP/1.1" 200 253001 "-" "Googlebot-Image/1.0"
66.249.69.170 - - [30/May/2025:00:12:06 +0200] "GET /Jurek/eurofirany/images/398375/5.jpg HTTP/1.1" 200 225757 "-" "Googlebot-Image/1.0"
66.249.69.170 - - [30/May/2025:00:12:06 +0200] "GET /Jurek/eurofirany/images/398375/1.jpg HTTP/1.1" 200 228183 "-" "Googlebot-Image/1.0"
66.249.69.170 - - [30/May/2025:00:12:06 +0200] "GET /Jurek/eurofirany/images/383183/1.jpg HTTP/1.1" 200 52694 "-" "Googlebot-Image/1.0"
66.249.69.170 - - [30/May/2025:00:12:07 +0200] "GET /Jurek/eurofirany/images/459301/3.jpg HTTP/1.1" 200 137677 "-" "Googlebot-Image/1.0"
66.249.69.170 - - [30/May/2025:00:12:07 +0200] "GET /Jurek/eurofirany/images/398375/4.jpg HTTP/1.1" 200 199960 "-" "Googlebot-Image/1.0"
66.249.69.170 - - [30/May/2025:00:12:07 +0200] "GET /Jurek/eurofirany/images/383183/3.jpg HTTP/1.1" 200 42622 "-" "Googlebot-Image/1.0"
66.249.69.170 - - [30/May/2025:00:12:08 +0200] "GET /Jurek/eurofirany/images/383180/2.jpg HTTP/1.1" 200 6595 "-" "Googlebot-Image/1.0"
66.249.69.170 - - [30/May/2025:00:12:08 +0200] "GET /Jurek/eurofirany/images/366816/2.jpg HTTP/1.1" 200 45305 "-" "Googlebot-Image/1.0"
66.249.69.170 - - [30/May/2025:00:12:08 +0200] "GET /Jurek/eurofirany/images/398375/0.jpg HTTP/1.1" 200 191799 "-" "Googlebot-Image/1.0"
66.249.69.171 - - [30/May/2025:00:12:09 +0200] "GET /Jurek/eurofirany/images/459301/1.jpg HTTP/1.1" 200 78324 "-" "Googlebot-Image/1.0"
66.249.69.170 - - [30/May/2025:00:12:09 +0200] "GET /Jurek/eurofirany/images/398375/2.jpg HTTP/1.1" 200 108934 "-" "Googlebot-Image/1.0"
66.249.69.171 - - [30/May/2025:00:12:10 +0200] "GET /Jurek/eurofirany/images/383180/3.jpg HTTP/1.1" 200 42622 "-" "Googlebot-Image/1.0"
66.249.69.171 - - [30/May/2025:00:12:10 +0200] "GET /Jurek/eurofirany/images/366816/3.jpg HTTP/1.1" 200 108650 "-" "Googlebot-Image/1.0"
66.249.69.171 - - [30/May/2025:00:12:11 +0200] "GET /Jurek/eurofirany/images/383180/0.jpg HTTP/1.1" 200 75147 "-" "Googlebot-Image/1.0"
66.249.69.170 - - [30/May/2025:00:12:11 +0200] "GET /Jurek/eurofirany/images/366816/5.jpg HTTP/1.1" 200 122366 "-" "Googlebot-Image/1.0"
66.249.69.170 - - [30/May/2025:00:12:11 +0200] "GET /Jurek/eurofirany/images/459301/0.jpg HTTP/1.1" 200 116834 "-" "Googlebot-Image/1.0"
66.249.69.171 - - [30/May/2025:00:12:12 +0200] "GET /Jurek/eurofirany/images/460181/2.jpg HTTP/1.1" 200 119870 "-" "Googlebot-Image/1.0"
66.249.69.171 - - [30/May/2025:00:12:13 +0200] "GET /Jurek/eurofirany/images/383180/5.jpg HTTP/1.1" 200 48747 "-" "Googlebot-Image/1.0"
66.249.69.171 - - [30/May/2025:00:12:13 +0200] "GET /Jurek/eurofirany/images/460181/0.jpg HTTP/1.1" 200 105558 "-" "Googlebot-Image/1.0"
66.249.69.170 - - [30/May/2025:00:12:13 +0200] "GET /Jurek/eurofirany/images/383392/3.jpg HTTP/1.1" 200 6595 "-" "Googlebot-Image/1.0"
66.249.69.170 - - [30/May/2025:00:12:16 +0200] "GET /Jurek/eurofirany/images/460181/4.jpg HTTP/1.1" 200 98258 "-" "Googlebot-Image/1.0"
66.249.69.170 - - [30/May/2025:00:12:16 +0200] "GET /Jurek/eurofirany/images/409905/5.jpg HTTP/1.1" 200 6595 "-" "Googlebot-Image/1.0"
66.249.69.170 - - [30/May/2025:00:12:17 +0200] "GET /Jurek/eurofirany/images/460181/1.jpg HTTP/1.1" 200 130277 "-" "Googlebot-Image/1.0"
46.101.116.244 - - [30/May/2025:00:12:18 +0200] "GET /Jurek/gimmik/feeds/gimmik_mallsiex.xml HTTP/2.0" 404 3551 "-" "-"
66.249.69.170 - - [30/May/2025:00:12:19 +0200] "GET /Jurek/eurofirany/images/460181/5.jpg HTTP/1.1" 200 76859 "-" "Googlebot-Image/1.0"
66.249.69.170 - - [30/May/2025:00:12:19 +0200] "GET /Jurek/eurofirany/images/383180/1.jpg HTTP/1.1" 200 52694 "-" "Googlebot-Image/1.0"
66.249.69.170 - - [30/May/2025:00:12:19 +0200] "GET /Jurek/eurofirany/images/390444/0.jpg HTTP/1.1" 200 144267 "-" "Googlebot-Image/1.0"
66.249.69.171 - - [30/May/2025:00:12:19 +0200] "GET /Jurek/eurofirany/images/459301/2.jpg HTTP/1.1" 200 161859 "-" "Googlebot-Image/1.0"
66.249.69.171 - - [30/May/2025:00:12:19 +0200] "GET /Jurek/eurofirany/images/460181/3.jpg HTTP/1.1" 200 56782 "-" "Googlebot-Image/1.0"
66.249.69.171 - - [30/May/2025:00:12:20 +0200] "GET /Jurek/eurofirany/images/383556/3.jpg HTTP/1.1" 200 6595 "-" "Googlebot-Image/1.0"
51.77.52.107 - - [30/May/2025:00:12:21 +0200] "GET /Jurek/eurofirany/images/455733/0.jpg HTTP/2.0" 200 27671 "-" "baselinker"
66.249.69.170 - - [30/May/2025:00:12:21 +0200] "GET /Jurek/eurofirany/images/390402/0.jpg HTTP/1.1" 200 122464 "-" "Googlebot-Image/1.0"
66.249.69.170 - - [30/May/2025:00:12:22 +0200] "GET /Jurek/eurofirany/images/383556/2.jpg HTTP/1.1" 200 6595 "-" "Googlebot-Image/1.0"
66.249.69.171 - - [30/May/2025:00:12:23 +0200] "GET /Jurek/eurofirany/images/390398/0.jpg HTTP/1.1" 200 164560 "-" "Googlebot-Image/1.0"
46.101.116.244 - - [30/May/2025:00:12:33 +0200] "GET /Jurek/bimboland/feeds/bimboland_mallsiex.xml HTTP/2.0" 200 2779040 "-" "-"
51.77.52.107 - - [30/May/2025:00:12:35 +0200] "GET /Jurek/eurofirany/images/459655/0.jpg HTTP/2.0" 200 134949 "-" "baselinker"
89.161.206.59 - - [30/May/2025:00:12:54 +0200] "GET /Jurek/techrebal/feeds/techrebal_skroutz.xml HTTP/1.0" 200 1969520 "-" "-"
51.77.52.107 - - [30/May/2025:00:12:55 +0200] "GET /Jurek/eurofirany/images/459655/0.jpg HTTP/2.0" 200 134949 "-" "baselinker"
46.101.116.244 - - [30/May/2025:00:13:06 +0200] "GET /Jurek/activeshop/feeds/activeshop_mallsiex.xml HTTP/2.0" 200 10419830 "-" "-"
46.101.116.244 - - [30/May/2025:00:13:09 +0200] "GET /Jurek/benbaby/feeds/benbaby_mallsi.xml HTTP/2.0" 200 3578807 "-" "-"
51.77.52.107 - - [30/May/2025:00:13:17 +0200] "GET /Jurek/eurofirany/images/459655/0.jpg HTTP/2.0" 200 134949 "-" "baselinker"
46.101.116.244 - - [30/May/2025:00:13:20 +0200] "GET /Jurek/bass/feeds/bass_mallsi.xml HTTP/2.0" 200 3971877 "-" "-"
51.77.52.107 - - [30/May/2025:00:13:25 +0200] "GET /Jurek/eurofirany/images/459653/0.jpg HTTP/2.0" 200 108559 "-" "baselinker"
89.161.206.59 - - [30/May/2025:00:13:27 +0200] "GET /Jurek/targethome/feeds/targethome_emagro.xml HTTP/1.0" 200 689024 "-" "-"
46.101.116.244 - - [30/May/2025:00:13:30 +0200] "GET /Jurek/emibig/feeds/emibig_mallsi.xml HTTP/2.0" 200 2427383 "-" "-"
46.101.116.244 - - [30/May/2025:00:13:41 +0200] "GET /Jurek/b3/feeds/b3_mallsi.xml HTTP/2.0" 200 6513403 "-" "-"
46.101.116.244 - - [30/May/2025:00:13:44 +0200] "GET /Jurek/aw/feeds/awnarzedzia_fnacFR.xml HTTP/1.0" 200 91132916 "-" "-"
51.77.52.107 - - [30/May/2025:00:13:44 +0200] "GET /Jurek/eurofirany/images/459653/0.jpg HTTP/2.0" 200 108559 "-" "baselinker"
46.101.116.244 - - [30/May/2025:00:13:53 +0200] "GET /Jurek/action/feeds/action_mallsi.xml HTTP/2.0" 200 59483822 "-" "-"
46.101.116.244 - - [30/May/2025:00:13:54 +0200] "GET /Jurek/hurtownia_przemyslowa/feeds/hp_fnacfr.xml HTTP/1.0" 200 49344578 "-" "-"
51.77.52.107 - - [30/May/2025:00:14:08 +0200] "GET /Jurek/eurofirany/images/459653/0.jpg HTTP/2.0" 200 108559 "-" "baselinker"
46.101.116.244 - - [30/May/2025:00:14:10 +0200] "GET /Jurek/aw/feeds/awnarzedzia_mallsiex.xml HTTP/2.0" 200 91133990 "-" "-"
89.161.206.59 - - [30/May/2025:00:14:18 +0200] "GET /Jurek/sartrix/feeds/sartrix_emagro.xml HTTP/1.0" 200 649845 "-" "-"
66.249.69.170 - - [30/May/2025:00:14:25 +0200] "GET /Jurek/eurofirany/images/409904/5.jpg HTTP/1.1" 200 6595 "-" "Googlebot-Image/1.0"
51.77.52.107 - - [30/May/2025:00:14:26 +0200] "GET /Jurek/eurofirany/images/459650/0.jpg HTTP/2.0" 200 87551 "-" "baselinker"
46.101.116.244 - - [30/May/2025:00:14:28 +0200] "GET /Jurek/eurofirany/feeds/eurofirany_mall_si_extrastore.xml HTTP/2.0" 200 18718324 "-" "-"
46.101.116.244 - - [30/May/2025:00:14:40 +0200] "GET /Jurek/fernity/feeds/fernity_mallslex.xml HTTP/2.0" 200 4718040 "-" "-"
51.77.52.107 - - [30/May/2025:00:14:44 +0200] "GET /Jurek/eurofirany/images/459650/0.jpg HTTP/2.0" 200 87551 "-" "baselinker"
46.101.116.244 - - [30/May/2025:00:14:50 +0200] "GET /Jurek/homla/feeds/homla_mallslex.xml HTTP/2.0" 404 3551 "-" "-"
51.77.52.107 - - [30/May/2025:00:15:01 +0200] "GET /Jurek/eurofirany/images/459650/0.jpg HTTP/2.0" 200 87551 "-" "baselinker"
46.101.116.244 - - [30/May/2025:00:15:02 +0200] "GET /Jurek/hurtownia_przemyslowa/feeds/hp_mallsi.xml HTTP/2.0" 200 49344576 "-" "-"
46.101.116.244 - - [30/May/2025:00:15:07 +0200] "GET /Jurek/hurtownia_przemyslowa/feeds/hp_cdiscount.xml HTTP/1.0" 200 36700445 "-" "-"
46.101.116.244 - - [30/May/2025:00:15:15 +0200] "GET /Jurek/ikonka/feeds/ikonka_mallsiex.xml HTTP/2.0" 200 20822313 "-" "-"
51.77.52.107 - - [30/May/2025:00:15:19 +0200] "GET /Jurek/eurofirany/images/459651/0.jpg HTTP/2.0" 200 136203 "-" "baselinker"
46.101.116.244 - - [30/May/2025:00:15:27 +0200] "GET /Jurek/kinghoff/feeds/kinghoff_mallslex.xml HTTP/2.0" 200 15634036 "-" "-"
51.77.52.107 - - [30/May/2025:00:15:40 +0200] "GET /Jurek/eurofirany/images/459651/0.jpg HTTP/2.0" 200 136203 "-" "baselinker"
89.161.206.59 - - [30/May/2025:00:15:59 +0200] "GET /Jurek/techrebalina/feeds/techrebalina_skroutz.xml HTTP/1.0" 200 2011582 "-" "-"
51.77.52.107 - - [30/May/2025:00:15:59 +0200] "GET /Jurek/eurofirany/images/459651/0.jpg HTTP/2.0" 200 136203 "-" "baselinker"
46.101.116.244 - - [30/May/2025:00:16:05 +0200] "GET /Jurek/stema/feeds/stema_mallslex.xml HTTP/2.0" 200 893953 "-" "-"
51.77.52.107 - - [30/May/2025:00:16:12 +0200] "GET /Jurek/eurofirany/images/459656/0.jpg HTTP/2.0" 200 100232 "-" "baselinker"
46.101.116.244 - - [30/May/2025:00:16:16 +0200] "GET /Jurek/unimet/feeds/unimet_mallsiex.xml HTTP/2.0" 200 61151493 "-" "-"
89.161.206.59 - - [30/May/2025:00:16:26 +0200] "GET /Jurek/takapara/feeds/takapara_skroutz.xml HTTP/1.0" 200 1342569 "-" "-"
46.101.116.244 - - [30/May/2025:00:16:37 +0200] "GET /Jurek/andex/feeds/andex_mallslex.xml HTTP/2.0" 200 1952077 "-" "-"
51.77.52.107 - - [30/May/2025:00:16:39 +0200] "GET /Jurek/eurofirany/images/459656/0.jpg HTTP/2.0" 200 100232 "-" "baselinker"
46.101.116.244 - - [30/May/2025:00:16:47 +0200] "GET /Jurek/barbecook/feeds/barbecook_mallslex.xml HTTP/2.0" 200 87532 "-" "-"
46.101.116.244 - - [30/May/2025:00:16:58 +0200] "GET /Jurek/beliani/feeds/beliani_si_mallsiex.xml HTTP/2.0" 200 30614334 "-" "-"
51.77.52.107 - - [30/May/2025:00:16:58 +0200] "GET /Jurek/eurofirany/images/459656/0.jpg HTTP/2.0" 200 100232 "-" "baselinker"
46.101.116.244 - - [30/May/2025:00:17:11 +0200] "GET /Jurek/chemex/feeds/chemex_mallsiex.xml HTTP/2.0" 200 47810433 "-" "-"
51.77.52.107 - - [30/May/2025:00:17:14 +0200] "GET /Jurek/eurofirany/images/459648/0.jpg HTTP/2.0" 200 158034 "-" "baselinker"
46.101.116.244 - - [30/May/2025:00:17:23 +0200] "GET /Jurek/duka/feeds/duka_mallslex.xml HTTP/2.0" 200 57 "-" "-"
51.77.52.107 - - [30/May/2025:00:17:33 +0200] "GET /Jurek/eurofirany/images/459648/0.jpg HTTP/2.0" 200 158034 "-" "baselinker"
46.101.116.244 - - [30/May/2025:00:17:34 +0200] "GET /Jurek/flhf/feeds/flhf_mallsiex.xml HTTP/2.0" 404 3551 "-" "-"
46.101.116.244 - - [30/May/2025:00:17:44 +0200] "GET /Jurek/kinghome/feeds/kinghome_mallslex.xml HTTP/2.0" 200 6464327 "-" "-"
51.77.52.107 - - [30/May/2025:00:17:49 +0200] "GET /Jurek/eurofirany/images/459648/0.jpg HTTP/2.0" 200 158034 "-" "baselinker"
46.101.116.244 - - [30/May/2025:00:17:55 +0200] "GET /Jurek/kinghome/feeds/kinghome_mallslex.xml HTTP/2.0" 200 6464327 "-" "-"
46.101.116.244 - - [30/May/2025:00:18:06 +0200] "GET /Jurek/rovicky/feeds/rovicky_mallsiex.xml HTTP/2.0" 200 15170962 "-" "-"
51.77.52.107 - - [30/May/2025:00:18:11 +0200] "GET /Jurek/eurofirany/images/459660/0.jpg HTTP/2.0" 200 167145 "-" "baselinker"
46.101.116.244 - - [30/May/2025:00:18:17 +0200] "GET /Jurek/vivaldi/feeds/vivaldi_Mall-slex.xml HTTP/2.0" 200 344661 "-" "-"
51.77.52.107 - - [30/May/2025:00:18:31 +0200] "GET /Jurek/eurofirany/images/459660/0.jpg HTTP/2.0" 200 167145 "-" "baselinker"
51.77.52.107 - - [30/May/2025:00:19:03 +0200] "GET /Jurek/eurofirany/images/459660/0.jpg HTTP/2.0" 200 167145 "-" "baselinker"
51.77.52.107 - - [30/May/2025:00:19:10 +0200] "GET /Jurek/eurofirany/images/459647/0.jpg HTTP/2.0" 200 86009 "-" "baselinker"
51.77.52.107 - - [30/May/2025:00:19:25 +0200] "GET /Jurek/eurofirany/images/459647/0.jpg HTTP/2.0" 200 86009 "-" "baselinker"
89.161.206.59 - - [30/May/2025:00:19:39 +0200] "GET /Jurek/maksik/feeds/maksik_skroutz.xml HTTP/1.0" 200 4084858 "-" "-"
51.77.52.107 - - [30/May/2025:00:19:45 +0200] "GET /Jurek/eurofirany/images/459647/0.jpg HTTP/2.0" 200 86009 "-" "baselinker"
89.161.206.59 - - [30/May/2025:00:19:47 +0200] "GET /Jurek/mosti/feeds/mosti_emagro.xml HTTP/1.0" 200 4630763 "-" "-"
89.161.206.59 - - [30/May/2025:00:19:54 +0200] "GET /Jurek/smxdesign/feeds/smxdesign_skroutz.xml HTTP/1.0" 200 1829481 "-" "-"
89.161.206.59 - - [30/May/2025:00:20:11 +0200] "GET /Jurek/szpaklampy/feeds/szpaklampy_emagro.xml HTTP/1.0" 200 388624 "-" "-"
51.77.52.107 - - [30/May/2025:00:20:14 +0200] "GET /Jurek/eurofirany/images/459658/0.jpg HTTP/2.0" 200 91938 "-" "baselinker"
89.161.206.59 - - [30/May/2025:00:20:16 +0200] "GET /Jurek/omi/feeds/omi_skroutz.xml HTTP/1.0" 200 8104369 "-" "-"
51.77.52.107 - - [30/May/2025:00:20:36 +0200] "GET /Jurek/eurofirany/images/459658/0.jpg HTTP/2.0" 200 91938 "-" "baselinker"
51.77.52.107 - - [30/May/2025:00:20:52 +0200] "GET /Jurek/eurofirany/images/459658/0.jpg HTTP/2.0" 200 91938 "-" "baselinker"
89.161.206.59 - - [30/May/2025:00:20:59 +0200] "GET /Jurek/wenom/feeds/wenom_emagro.xml HTTP/1.0" 200 583077 "-" "-"
89.161.206.59 - - [30/May/2025:00:20:59 +0200] "GET /Jurek/emaja24/feeds/emaja24_emagro.xml HTTP/1.0" 200 5122035 "-" "-"
89.161.206.59 - - [30/May/2025:00:21:00 +0200] "GET /Jurek/zepnij/feeds/zepnij_emagro.xml HTTP/1.0" 200 19523697 "-" "-"
89.161.206.59 - - [30/May/2025:00:21:01 +0200] "GET /Jurek/dekoele/feeds/dekoele_emagro.xml HTTP/1.0" 200 734188 "-" "-"
89.161.206.59 - - [30/May/2025:00:21:02 +0200] "GET /Jurek/twojsklep/feeds/twojsklep_emagro.xml HTTP/1.0" 200 127044 "-" "-"
89.161.206.59 - - [30/May/2025:00:21:04 +0200] "GET /Jurek/polzoo/feeds/polzoo_emagro.xml HTTP/1.0" 200 48168948 "-" "-"
89.161.206.59 - - [30/May/2025:00:21:06 +0200] "GET /Jurek/german/feeds/german_emagro.xml HTTP/1.0" 200 2853595 "-" "-"
51.77.52.107 - - [30/May/2025:00:21:13 +0200] "GET /Jurek/eurofirany/images/459649/0.jpg HTTP/2.0" 200 94349 "-" "baselinker"
89.161.206.59 - - [30/May/2025:00:21:26 +0200] "GET /Jurek/reman/feeds/reman_amazonde.xml HTTP/1.0" 200 1394777 "-" "-"
89.161.206.59 - - [30/May/2025:00:21:27 +0200] "GET /Jurek/equalo/feeds/equalo_amazonde.xml HTTP/1.0" 200 98005 "-" "-"
51.77.52.107 - - [30/May/2025:00:21:34 +0200] "GET /Jurek/eurofirany/images/459649/0.jpg HTTP/2.0" 200 94349 "-" "baselinker"
89.161.206.59 - - [30/May/2025:00:21:39 +0200] "GET /Jurek/makow/feeds/makow_emagro.xml HTTP/1.0" 200 21216937 "-" "-"
51.77.52.107 - - [30/May/2025:00:21:55 +0200] "GET /Jurek/eurofirany/images/459649/0.jpg HTTP/2.0" 200 94349 "-" "baselinker"
51.77.52.107 - - [30/May/2025:00:22:15 +0200] "GET /Jurek/eurofirany/images/459757/0.jpg HTTP/2.0" 200 110779 "-" "baselinker"
51.77.52.107 - - [30/May/2025:00:22:37 +0200] "GET /Jurek/eurofirany/images/459757/0.jpg HTTP/2.0" 200 110779 "-" "baselinker"
51.77.52.107 - - [30/May/2025:00:22:56 +0200] "GET /Jurek/eurofirany/images/459757/0.jpg HTTP/2.0" 200 110779 "-" "baselinker"
51.77.52.107 - - [30/May/2025:00:23:16 +0200] "GET /Jurek/eurofirany/images/459652/0.jpg HTTP/2.0" 200 85375 "-" "baselinker"
51.77.52.107 - - [30/May/2025:00:23:39 +0200] "GET /Jurek/eurofirany/images/459652/0.jpg HTTP/2.0" 200 85375 "-" "baselinker"
51.77.52.107 - - [30/May/2025:00:23:59 +0200] "GET /Jurek/eurofirany/images/459652/0.jpg HTTP/2.0" 200 85375 "-" "baselinker"
66.249.69.170 - - [30/May/2025:00:24:15 +0200] "GET /Jurek/eurofirany/images/390402/9.jpg HTTP/1.1" 200 6595 "-" "Googlebot-Image/1.0"
51.77.52.107 - - [30/May/2025:00:24:15 +0200] "GET /Jurek/eurofirany/images/459654/0.jpg HTTP/2.0" 200 84152 "-" "baselinker"
66.249.69.170 - - [30/May/2025:00:24:17 +0200] "GET /Jurek/eurofirany/images/315130/6.jpg HTTP/1.1" 200 142176 "-" "Googlebot-Image/1.0"
66.249.69.170 - - [30/May/2025:00:24:18 +0200] "GET /Jurek/eurofirany/images/315130/8.jpg HTTP/1.1" 200 85617 "-" "Googlebot-Image/1.0"
66.249.69.170 - - [30/May/2025:00:24:20 +0200] "GET /Jurek/eurofirany/images/315130/7.jpg HTTP/1.1" 200 81479 "-" "Googlebot-Image/1.0"
66.211.183.70 - - [30/May/2025:00:24:28 +0200] "GET /Jurek/eurofirany/images/382225/0.jpg HTTP/1.1" 200 60536 "-" "Java/17.0.13.0.101"
51.77.52.107 - - [30/May/2025:00:24:32 +0200] "GET /Jurek/eurofirany/images/459654/0.jpg HTTP/2.0" 200 84152 "-" "baselinker"
66.249.69.170 - - [30/May/2025:00:24:33 +0200] "GET /Jurek/eurofirany/images/460789/7.jpg HTTP/1.1" 200 182530 "-" "Googlebot-Image/1.0"
66.249.69.170 - - [30/May/2025:00:24:33 +0200] "GET /Jurek/eurofirany/images/460789/8.jpg HTTP/1.1" 200 155606 "-" "Googlebot-Image/1.0"
66.249.69.170 - - [30/May/2025:00:24:36 +0200] "GET /Jurek/eurofirany/images/460789/9.jpg HTTP/1.1" 200 120053 "-" "Googlebot-Image/1.0"
66.249.69.170 - - [30/May/2025:00:24:38 +0200] "GET /Jurek/eurofirany/images/460789/6.jpg HTTP/1.1" 200 157298 "-" "Googlebot-Image/1.0"
51.77.52.107 - - [30/May/2025:00:24:45 +0200] "GET /Jurek/eurofirany/images/459654/0.jpg HTTP/2.0" 200 84152 "-" "baselinker"
66.249.69.170 - - [30/May/2025:00:24:45 +0200] "GET /Jurek/eurofirany/images/409905/0.jpg HTTP/1.1" 200 78745 "-" "Googlebot-Image/1.0"
51.77.52.107 - - [30/May/2025:00:25:05 +0200] "GET /Jurek/eurofirany/images/459657/0.jpg HTTP/2.0" 200 89899 "-" "baselinker"
51.77.52.107 - - [30/May/2025:00:25:23 +0200] "GET /Jurek/eurofirany/images/459657/0.jpg HTTP/2.0" 200 89899 "-" "baselinker"
62.146.215.34 - - [30/May/2025:00:25:30 +0200] "GET /Jurek/topeshop/downloaded_images/5904507207465_20st_mijas_lewy_r%C3%B3%C5%BCowykopia.png HTTP/2.0" 304 0 "-" "billigerbot/1.0"
62.146.215.33 - - [30/May/2025:00:25:39 +0200] "GET /Jurek/topeshop/downloaded_images/5904507207458_20st_mijas_lewy_zielonykopia.png HTTP/2.0" 304 0 "-" "billigerbot/1.0"
62.146.215.34 - - [30/May/2025:00:25:43 +0200] "GET /Jurek/topeshop/downloaded_images/5904507207472_20st_mijas_prawy_niebieski.png HTTP/2.0" 304 0 "-" "billigerbot/1.0"
51.77.52.107 - - [30/May/2025:00:25:45 +0200] "GET /Jurek/eurofirany/images/459657/0.jpg HTTP/2.0" 200 89899 "-" "baselinker"
51.77.52.107 - - [30/May/2025:00:26:05 +0200] "GET /Jurek/eurofirany/images/458733/0.jpg HTTP/2.0" 200 105388 "-" "baselinker"
51.77.52.107 - - [30/May/2025:00:26:25 +0200] "GET /Jurek/eurofirany/images/458733/0.jpg HTTP/2.0" 200 105388 "-" "baselinker"
62.146.215.32 - - [30/May/2025:00:26:31 +0200] "GET /Jurek/topeshop/downloaded_images/5904507207441_20st_mijas_lewy_niebieskikopia.png HTTP/2.0" 304 0 "-" "billigerbot/1.0"
89.161.206.59 - - [30/May/2025:00:26:37 +0200] "GET /Jurek/artdog/feeds/artdog_amazonit.xml HTTP/1.0" 200 17173192 "-" "-"
89.161.206.59 - - [30/May/2025:00:26:39 +0200] "GET /Jurek/artdog/feeds/artdog_amazonnl.xml HTTP/1.0" 200 17165558 "-" "-"
66.249.69.170 - - [30/May/2025:00:26:41 +0200] "GET /Jurek/eurofirany/images/383353/7.jpg HTTP/1.1" 200 49792 "-" "Googlebot-Image/1.0"
66.249.69.170 - - [30/May/2025:00:26:42 +0200] "GET /Jurek/eurofirany/images/383353/6.jpg HTTP/1.1" 200 52970 "-" "Googlebot-Image/1.0"
51.77.52.107 - - [30/May/2025:00:26:44 +0200] "GET /Jurek/eurofirany/images/458733/0.jpg HTTP/2.0" 200 105388 "-" "baselinker"
66.249.69.170 - - [30/May/2025:00:26:45 +0200] "GET /Jurek/eurofirany/images/461620/6.jpg HTTP/1.1" 200 145565 "-" "Googlebot-Image/1.0"
66.249.69.170 - - [30/May/2025:00:26:48 +0200] "GET /Jurek/eurofirany/images/461620/7.jpg HTTP/1.1" 200 141868 "-" "Googlebot-Image/1.0"
51.77.52.107 - - [30/May/2025:00:27:02 +0200] "GET /Jurek/eurofirany/images/458734/0.jpg HTTP/2.0" 200 185799 "-" "baselinker"
66.249.69.170 - - [30/May/2025:00:27:20 +0200] "GET /Jurek/eurofirany/images/460838/7.jpg HTTP/1.1" 200 128861 "-" "Googlebot-Image/1.0"
66.249.69.170 - - [30/May/2025:00:27:28 +0200] "GET /Jurek/eurofirany/images/460838/6.jpg HTTP/1.1" 200 169452 "-" "Googlebot-Image/1.0"
51.77.52.107 - - [30/May/2025:00:27:28 +0200] "GET /Jurek/eurofirany/images/458734/0.jpg HTTP/2.0" 200 185799 "-" "baselinker"
66.249.69.170 - - [30/May/2025:00:27:29 +0200] "GET /Jurek/eurofirany/images/460838/8.jpg HTTP/1.1" 200 103795 "-" "Googlebot-Image/1.0"
66.249.69.170 - - [30/May/2025:00:27:33 +0200] "GET /Jurek/eurofirany/images/390391/8.jpg HTTP/1.1" 200 238615 "-" "Googlebot-Image/1.0"
66.249.69.170 - - [30/May/2025:00:27:38 +0200] "GET /Jurek/eurofirany/images/390391/7.jpg HTTP/1.1" 200 6595 "-" "Googlebot-Image/1.0"
89.161.206.59 - - [30/May/2025:00:27:39 +0200] "GET /Jurek/amzteam/feeds/amzteam_emagro.xml HTTP/1.0" 200 97894 "-" "-"
89.161.206.59 - - [30/May/2025:00:27:39 +0200] "GET /Jurek/pawonik/feeds/pawonik_emagro.xml HTTP/1.0" 200 2138985 "-" "-"
89.161.206.59 - - [30/May/2025:00:27:39 +0200] "GET /Jurek/kambukka/feeds/kambukka_emagro.xml HTTP/1.0" 200 1023562 "-" "-"
89.161.206.59 - - [30/May/2025:00:27:39 +0200] "GET /Jurek/benetech/feeds/benetech_emagro.xml HTTP/1.0" 200 4166415 "-" "-"
89.161.206.59 - - [30/May/2025:00:27:41 +0200] "GET /Jurek/slayo/feeds/slayo_emagro.xml HTTP/1.0" 200 183639 "-" "-"
89.161.206.59 - - [30/May/2025:00:27:43 +0200] "GET /Jurek/sempler/feeds/sempler_emagro.xml HTTP/1.0" 200 6792646 "-" "-"
89.161.206.59 - - [30/May/2025:00:27:44 +0200] "GET /Jurek/kinghoff/feeds/kinghoff_emagro.xml HTTP/1.0" 200 15635922 "-" "-"
89.161.206.59 - - [30/May/2025:00:27:45 +0200] "GET /Jurek/ikonka/feeds/ikonka_emagro.xml HTTP/1.0" 200 20823491 "-" "-"
89.161.206.59 - - [30/May/2025:00:27:46 +0200] "GET /Jurek/b3/feeds/b3_emagro.xml HTTP/1.0" 200 8071291 "-" "-"
89.161.206.59 - - [30/May/2025:00:27:47 +0200] "GET /Jurek/hurtmeblowy/feeds/hurtmeblowy_emagro.xml HTTP/1.0" 200 8544303 "-" "-"
89.161.206.59 - - [30/May/2025:00:27:48 +0200] "GET /Jurek/ralmetal/feeds/ralmetal_emag.xml HTTP/1.0" 200 1787426 "-" "-"
89.161.206.59 - - [30/May/2025:00:27:48 +0200] "GET /Jurek/oromed/feeds/oromed_emagro.xml HTTP/1.0" 200 1290256 "-" "-"
89.161.206.59 - - [30/May/2025:00:27:51 +0200] "GET /Jurek/ekuchcikowo/feeds/ekuchcikowo_emagro.xml HTTP/1.0" 200 12478434 "-" "-"
89.161.206.59 - - [30/May/2025:00:27:51 +0200] "GET /Jurek/drops/feeds/dropsofficecolection_emagro.xml HTTP/1.0" 200 790396 "-" "-"
89.161.206.59 - - [30/May/2025:00:27:53 +0200] "GET /Jurek/spali/feeds/spali_emagro.xml HTTP/1.0" 200 77055 "-" "-"
89.161.206.59 - - [30/May/2025:00:27:54 +0200] "GET /Jurek/combine/feeds/combine_EMAGRO.xml HTTP/1.0" 200 210558 "-" "-"
89.161.206.59 - - [30/May/2025:00:27:54 +0200] "GET /Jurek/cbdgreen/feeds/cbdgreen_emagro.xml HTTP/1.0" 200 50563 "-" "-"
89.161.206.59 - - [30/May/2025:00:27:56 +0200] "GET /Jurek/velinda/feeds/velinda_emagro.xml HTTP/1.0" 200 4228101 "-" "-"
89.161.206.59 - - [30/May/2025:00:27:56 +0200] "GET /Jurek/urwiskowo/feeds/urwiskowo_emagro.xml HTTP/1.0" 200 9115107 "-" "-"
89.161.206.59 - - [30/May/2025:00:27:56 +0200] "GET /Jurek/reman/feeds/reman_emagro.xml HTTP/1.0" 200 1394777 "-" "-"
89.161.206.59 - - [30/May/2025:00:27:56 +0200] "GET /Jurek/erohurtownia/feeds/erohurtownia_emagro.xml HTTP/1.0" 200 22847748 "-" "-"
51.77.52.107 - - [30/May/2025:00:27:58 +0200] "GET /Jurek/eurofirany/images/458734/0.jpg HTTP/2.0" 200 185799 "-" "baselinker"
89.161.206.59 - - [30/May/2025:00:27:59 +0200] "GET /Jurek/ekotex/feeds/ekotex_emagro.xml HTTP/1.0" 200 198220 "-" "-"
51.77.52.107 - - [30/May/2025:00:28:04 +0200] "GET /Jurek/eurofirany/images/459177/0.jpg HTTP/2.0" 200 136280 "-" "baselinker"
89.161.206.59 - - [30/May/2025:00:28:04 +0200] "GET /Jurek/wezer/feeds/wezer_emagro.xml HTTP/1.0" 200 210877 "-" "-"
89.161.206.59 - - [30/May/2025:00:28:05 +0200] "GET /Jurek/beltimore/feeds/beltimore_emagro.xml HTTP/1.0" 200 18661250 "-" "-"
89.161.206.59 - - [30/May/2025:00:28:06 +0200] "GET /Jurek/pasiekaslodka/feeds/pasiekaslodka_emagro.xml HTTP/1.0" 200 119735 "-" "-"
89.161.206.59 - - [30/May/2025:00:28:08 +0200] "GET /Jurek/lendo/feeds/lendo_emagro.xml HTTP/1.0" 200 330413 "-" "-"
89.161.206.59 - - [30/May/2025:00:28:17 +0200] "GET /Jurek/roger/feeds/roger_emagro.xml HTTP/1.0" 200 1398740 "-" "-"
89.161.206.59 - - [30/May/2025:00:28:17 +0200] "GET /Jurek/nexus/feeds/nexus_emagro.xml HTTP/1.0" 200 226834 "-" "-"
51.77.52.107 - - [30/May/2025:00:28:22 +0200] "GET /Jurek/eurofirany/images/459177/0.jpg HTTP/2.0" 200 136280 "-" "baselinker"
51.77.52.107 - - [30/May/2025:00:28:37 +0200] "GET /Jurek/eurofirany/images/459177/0.jpg HTTP/2.0" 200 136280 "-" "baselinker"
66.249.72.229 - - [30/May/2025:00:28:52 +0200] "GET /Jurek/eurofirany/images/390400/6.jpg HTTP/1.1" 200 178836 "-" "Googlebot-Image/1.0"
51.77.52.107 - - [30/May/2025:00:29:00 +0200] "GET /Jurek/eurofirany/images/463371/0.jpg HTTP/2.0" 200 126895 "-" "baselinker"
51.77.52.107 - - [30/May/2025:00:29:31 +0200] "GET /Jurek/eurofirany/images/463371/0.jpg HTTP/2.0" 200 126895 "-" "baselinker"
51.77.52.107 - - [30/May/2025:00:29:36 +0200] "GET /Jurek/eurofirany/images/463371/0.jpg HTTP/2.0" 200 126895 "-" "baselinker"
51.77.52.107 - - [30/May/2025:00:29:57 +0200] "GET /Jurek/eurofirany/images/460877/0.jpg HTTP/2.0" 200 117637 "-" "baselinker"
51.77.52.107 - - [30/May/2025:00:30:17 +0200] "GET /Jurek/eurofirany/images/460877/0.jpg HTTP/2.0" 200 117637 "-" "baselinker"
51.77.52.107 - - [30/May/2025:00:30:37 +0200] "GET /Jurek/eurofirany/images/460877/0.jpg HTTP/2.0" 200 117637 "-" "baselinker"
89.161.206.59 - - [30/May/2025:00:30:53 +0200] "GET /Jurek/avenido/feeds/avenido_amazonde.xml HTTP/1.0" 200 720175 "-" "-"
