77.79.248.229 - - [30/May/2025:03:44:18 +0200] "GET /Jurek/spali/feeds/spali_leroy.xml HTTP/1.1" 200 77055 "-" "Python-urllib/3.11"
77.79.248.229 - - [30/May/2025:03:44:18 +0200] "GET /Jurek/urwiskowo/feeds/urwiskowo_leroy.xml HTTP/1.1" 200 9115100 "-" "Python-urllib/3.11"
77.79.248.229 - - [30/May/2025:03:44:19 +0200] "GET /Jurek/erohurtownia/feeds/erohurtownia_leroy.xml HTTP/1.1" 200 22847730 "-" "Python-urllib/3.11"
77.79.248.229 - - [30/May/2025:03:44:19 +0200] "GET /Jurek/elecomp/feeds/elecomp_leroy.xml HTTP/1.1" 200 2867781 "-" "Python-urllib/3.11"
77.79.248.229 - - [30/May/2025:03:44:19 +0200] "GET /Jurek/rider/feeds/rider_leroy.xml HTTP/1.1" 200 8165216 "-" "Python-urllib/3.11"
77.79.248.229 - - [30/May/2025:03:44:19 +0200] "GET /Jurek/eurofryz2/feeds/eurofryz2_leroy.xml HTTP/1.1" 200 1377767 "-" "Python-urllib/3.11"
77.79.248.229 - - [30/May/2025:03:44:19 +0200] "GET /Jurek/expertauto/feeds/expertauto_leroy.xml HTTP/1.1" 200 1158929 "-" "Python-urllib/3.11"
77.79.248.229 - - [30/May/2025:03:44:19 +0200] "GET /Jurek/najtanszysport/feeds/najtanszysport_leroy.xml HTTP/1.1" 200 3982445 "-" "Python-urllib/3.11"
77.79.248.229 - - [30/May/2025:03:44:20 +0200] "GET /Jurek/narzbud/feeds/narzbud_leroy.xml HTTP/1.1" 200 1902817 "-" "Python-urllib/3.11"
77.79.248.229 - - [30/May/2025:03:44:22 +0200] "GET /Jurek/awparts/feeds/awparts_leroy.xml HTTP/1.1" 200 142721235 "-" "Python-urllib/3.11"
77.79.248.229 - - [30/May/2025:03:44:22 +0200] "GET /Jurek/kidshop/feeds/kidshop_leroy.xml HTTP/1.1" 200 19850599 "-" "Python-urllib/3.11"
77.79.248.229 - - [30/May/2025:03:44:22 +0200] "GET /Jurek/playcob/feeds/playcob_leroy.xml HTTP/1.1" 200 6982942 "-" "Python-urllib/3.11"
77.79.248.229 - - [30/May/2025:03:44:23 +0200] "GET /Jurek/dropkz/feeds/dropkz_leroy.xml HTTP/1.1" 200 70087992 "-" "Python-urllib/3.11"
77.79.248.229 - - [30/May/2025:03:44:24 +0200] "GET /Jurek/straganbiur/feeds/straganbiur_leroy.xml HTTP/1.1" 200 8914209 "-" "Python-urllib/3.11"
77.79.248.229 - - [30/May/2025:03:44:24 +0200] "GET /Jurek/roger/feeds/roger_leroy.xml HTTP/1.1" 200 1398025 "-" "Python-urllib/3.11"
77.79.248.229 - - [30/May/2025:03:44:24 +0200] "GET /Jurek/sportprise/feeds/sportprise_leroy.xml HTTP/1.1" 200 12733722 "-" "Python-urllib/3.11"
77.79.248.229 - - [30/May/2025:03:44:24 +0200] "GET /Jurek/hurtmeblowy/feeds/hurtmeblowy_leroy.xml HTTP/1.1" 200 8543122 "-" "Python-urllib/3.11"
77.79.248.229 - - [30/May/2025:03:44:24 +0200] "GET /Jurek/oknobest/feeds/oknobest_leroy.xml HTTP/1.1" 200 2709618 "-" "Python-urllib/3.11"
77.79.248.229 - - [30/May/2025:03:44:24 +0200] "GET /Jurek/german/feeds/german_leroy.xml HTTP/1.1" 200 2853576 "-" "Python-urllib/3.11"
77.79.248.229 - - [30/May/2025:03:44:25 +0200] "GET /Jurek/kristronik/feeds/kristronik_leroy.xml HTTP/1.1" 200 692275 "-" "Python-urllib/3.11"
77.79.248.229 - - [30/May/2025:03:44:25 +0200] "GET /Jurek/erohurtownia/feeds/erohurtownia_leroy.xml HTTP/1.1" 200 22847730 "-" "Python-urllib/3.11"
77.79.248.229 - - [30/May/2025:03:44:25 +0200] "GET /Jurek/smxdesign/feeds/smxdesign_leroy.xml HTTP/1.1" 200 1829484 "-" "Python-urllib/3.11"
77.79.248.229 - - [30/May/2025:03:44:25 +0200] "GET /Jurek/elavia/feeds/elavia_leroy.xml HTTP/1.1" 200 2498026 "-" "Python-urllib/3.11"
77.79.248.229 - - [30/May/2025:03:44:26 +0200] "GET /Jurek/relogy/feeds/relogy_leroy.xml HTTP/1.1" 200 66701205 "-" "Python-urllib/3.11"
77.79.248.229 - - [30/May/2025:03:44:26 +0200] "GET /Jurek/hlo/feeds/hlo_leroy.xml HTTP/1.1" 200 4838667 "-" "Python-urllib/3.11"
77.79.248.229 - - [30/May/2025:03:44:26 +0200] "GET /Jurek/aiofactory/feeds/aiofactory_leroy.xml HTTP/1.1" 200 2124589 "-" "Python-urllib/3.11"
77.79.248.229 - - [30/May/2025:03:44:26 +0200] "GET /Jurek/broers/feeds/broers_leroy.xml HTTP/1.1" 200 1983758 "-" "Python-urllib/3.11"
77.79.248.229 - - [30/May/2025:03:44:26 +0200] "GET /Jurek/euroshop/feeds/euroshop_leroy.xml HTTP/1.1" 200 20044204 "-" "Python-urllib/3.11"
77.79.248.229 - - [30/May/2025:03:44:27 +0200] "GET /Jurek/jankeski/feeds/jankeski_leroy.xml HTTP/1.1" 200 6575696 "-" "Python-urllib/3.11"
77.79.248.229 - - [30/May/2025:03:44:27 +0200] "GET /Jurek/zbimatyja/feeds/zbimatyja_leroy.xml HTTP/1.1" 200 11669685 "-" "Python-urllib/3.11"
77.79.248.229 - - [30/May/2025:03:44:27 +0200] "GET /Jurek/cdata/feeds/cdata_leroy.xml HTTP/1.1" 200 1446506 "-" "Python-urllib/3.11"
77.79.248.229 - - [30/May/2025:03:44:27 +0200] "GET /Jurek/asortymenteu/feeds/asortymenteu_leroy.xml HTTP/1.1" 200 2872095 "-" "Python-urllib/3.11"
77.79.248.229 - - [30/May/2025:03:44:27 +0200] "GET /Jurek/biokominki/feeds/biokominki_leroy.xml HTTP/1.1" 200 1422255 "-" "Python-urllib/3.11"
77.79.248.229 - - [30/May/2025:03:44:27 +0200] "GET /Jurek/newtechele/feeds/newtechele_leroy.xml HTTP/1.1" 200 2438977 "-" "Python-urllib/3.11"
77.79.248.229 - - [30/May/2025:03:44:27 +0200] "GET /Jurek/matkam/feeds/matkam_leroy.xml HTTP/1.1" 200 5000333 "-" "Python-urllib/3.11"
77.79.248.229 - - [30/May/2025:03:44:28 +0200] "GET /Jurek/cenoman/feeds/cenoman_leroy.xml HTTP/1.1" 200 5993958 "-" "Python-urllib/3.11"
77.79.248.229 - - [30/May/2025:03:44:28 +0200] "GET /Jurek/kamar/feeds/kamar_leroy.xml HTTP/1.1" 200 25584304 "-" "Python-urllib/3.11"
77.79.248.229 - - [30/May/2025:03:44:28 +0200] "GET /Jurek/avenido/feeds/avenido_leroy.xml HTTP/1.1" 200 720175 "-" "Python-urllib/3.11"
77.79.248.229 - - [30/May/2025:03:44:28 +0200] "GET /Jurek/zenex/feeds/zenex_leroy.xml HTTP/1.1" 200 540642 "-" "Python-urllib/3.11"
77.79.248.229 - - [30/May/2025:03:44:28 +0200] "GET /Jurek/filmal/feeds/filmal_leroy.xml HTTP/1.1" 200 139389 "-" "Python-urllib/3.11"
77.79.248.229 - - [30/May/2025:03:44:29 +0200] "GET /Jurek/makow/feeds/makow_leroy.xml HTTP/1.1" 200 21213344 "-" "Python-urllib/3.11"
77.79.248.229 - - [30/May/2025:03:44:29 +0200] "GET /Jurek/szpaklampy/feeds/szpaklampy_leroy.xml HTTP/1.1" 200 388474 "-" "Python-urllib/3.11"
77.79.248.229 - - [30/May/2025:03:44:29 +0200] "GET /Jurek/apresto/feeds/apresto_leroy.xml HTTP/1.1" 200 1328370 "-" "Python-urllib/3.11"
77.79.248.229 - - [30/May/2025:03:44:29 +0200] "GET /Jurek/nexus/feeds/nexus_leroy.xml HTTP/1.1" 200 226758 "-" "Python-urllib/3.11"
77.79.248.229 - - [30/May/2025:03:44:29 +0200] "GET /Jurek/em3/feeds/em3_leroy.xml HTTP/1.1" 200 259032 "-" "Python-urllib/3.11"
77.79.248.229 - - [30/May/2025:03:44:29 +0200] "GET /Jurek/mojeledy/feeds/mojeledy_leroy.xml HTTP/1.1" 200 1019473 "-" "Python-urllib/3.11"
77.79.248.229 - - [30/May/2025:03:44:29 +0200] "GET /Jurek/carbonyway/feeds/carbonyway_leroy.xml HTTP/1.1" 200 3076780 "-" "Python-urllib/3.11"
77.79.248.229 - - [30/May/2025:03:44:29 +0200] "GET /Jurek/kalama/feeds/kalama_leroy.xml HTTP/1.1" 200 2663184 "-" "Python-urllib/3.11"
77.79.248.229 - - [30/May/2025:03:44:30 +0200] "GET /Jurek/proadventure/feeds/proadventure_leroy.xml HTTP/1.1" 200 10763434 "-" "Python-urllib/3.11"
77.79.248.229 - - [30/May/2025:03:44:30 +0200] "GET /Jurek/sklep24amk/feeds/sklep24amk_leroy.xml HTTP/1.1" 200 3898966 "-" "Python-urllib/3.11"
77.79.248.229 - - [30/May/2025:03:44:32 +0200] "GET /Jurek/bloomglow/feeds/bloomglow_leroy.xml HTTP/1.1" 200 14108807 "-" "Python-urllib/3.11"
51.77.52.107 - - [30/May/2025:03:44:37 +0200] "GET /Jurek/eurofirany/images/423251/0.jpg HTTP/2.0" 200 185938 "-" "baselinker"
77.79.248.229 - - [30/May/2025:03:44:40 +0200] "GET /Jurek/coppotech/feeds/coppotech_leroy.xml HTTP/1.1" 200 38067761 "-" "Python-urllib/3.11"
51.77.52.107 - - [30/May/2025:03:44:59 +0200] "GET /Jurek/eurofirany/images/423251/0.jpg HTTP/2.0" 200 185938 "-" "baselinker"
46.101.116.244 - - [30/May/2025:03:45:04 +0200] "GET /Jurek/b3/feeds/b3_alza.xml HTTP/2.0" 200 8073058 "-" "-"
51.77.52.107 - - [30/May/2025:03:45:25 +0200] "GET /Jurek/eurofirany/images/436054/0.jpg HTTP/2.0" 200 136620 "-" "baselinker"
46.101.116.244 - - [30/May/2025:03:45:27 +0200] "GET /Jurek/action/feeds/action_alza.xml HTTP/2.0" 200 59524598 "-" "-"
51.77.52.107 - - [30/May/2025:03:45:33 +0200] "GET /Jurek/eurofirany/images/436054/0.jpg HTTP/2.0" 200 136620 "-" "baselinker"
51.77.52.107 - - [30/May/2025:03:46:13 +0200] "GET /Jurek/eurofirany/images/436054/0.jpg HTTP/2.0" 200 136620 "-" "baselinker"
51.77.52.107 - - [30/May/2025:03:46:16 +0200] "GET /Jurek/eurofirany/images/436055/0.jpg HTTP/2.0" 200 135678 "-" "baselinker"
51.77.52.107 - - [30/May/2025:03:46:39 +0200] "GET /Jurek/eurofirany/images/436055/0.jpg HTTP/2.0" 200 135678 "-" "baselinker"
46.101.116.244 - - [30/May/2025:03:46:52 +0200] "GET /Jurek/unimet/feeds/unimet_alza.xml HTTP/2.0" 200 61207232 "-" "-"
51.77.52.107 - - [30/May/2025:03:46:56 +0200] "GET /Jurek/eurofirany/images/436055/0.jpg HTTP/2.0" 200 135678 "-" "baselinker"
51.77.52.107 - - [30/May/2025:03:47:22 +0200] "GET /Jurek/eurofirany/images/436062/0.jpg HTTP/2.0" 200 153983 "-" "baselinker"
51.77.52.107 - - [30/May/2025:03:47:32 +0200] "GET /Jurek/eurofirany/images/436062/0.jpg HTTP/2.0" 200 153983 "-" "baselinker"
51.77.52.107 - - [30/May/2025:03:47:53 +0200] "GET /Jurek/eurofirany/images/436062/0.jpg HTTP/2.0" 200 153983 "-" "baselinker"
51.77.52.107 - - [30/May/2025:03:47:59 +0200] "GET /Jurek/eurofirany/images/440525/0.jpg HTTP/2.0" 200 129565 "-" "baselinker"
46.101.116.244 - - [30/May/2025:03:48:15 +0200] "GET /Jurek/andex/feeds/andex_alza.xml HTTP/2.0" 200 1953461 "-" "-"
51.77.52.107 - - [30/May/2025:03:48:20 +0200] "GET /Jurek/eurofirany/images/440525/0.jpg HTTP/2.0" 200 129565 "-" "baselinker"
46.101.116.244 - - [30/May/2025:03:48:26 +0200] "GET /Jurek/aw/feeds/awnarzedzia_alza.xml HTTP/2.0" 200 91237934 "-" "-"
46.101.116.244 - - [30/May/2025:03:48:45 +0200] "GET /Jurek/detian/feeds/detian_alza.xml HTTP/2.0" 404 3551 "-" "-"
51.77.52.107 - - [30/May/2025:03:48:47 +0200] "GET /Jurek/eurofirany/images/440525/0.jpg HTTP/2.0" 200 129565 "-" "baselinker"
46.101.116.244 - - [30/May/2025:03:48:56 +0200] "GET /Jurek/fernity/feeds/fernity_alza.xml HTTP/2.0" 200 4721908 "-" "-"
51.77.52.107 - - [30/May/2025:03:49:07 +0200] "GET /Jurek/eurofirany/images/440528/0.jpg HTTP/2.0" 200 198053 "-" "baselinker"
46.101.116.244 - - [30/May/2025:03:49:18 +0200] "GET /Jurek/octopia/feeds/octopia_alzacz.xml HTTP/2.0" 200 10117156 "-" "-"
46.101.116.244 - - [30/May/2025:03:49:30 +0200] "GET /Jurek/unimet/feeds/unimet_alza.xml HTTP/2.0" 200 61207232 "-" "-"
51.77.52.107 - - [30/May/2025:03:49:30 +0200] "GET /Jurek/eurofirany/images/440528/0.jpg HTTP/2.0" 200 198053 "-" "baselinker"
51.77.52.107 - - [30/May/2025:03:49:48 +0200] "GET /Jurek/eurofirany/images/440528/0.jpg HTTP/2.0" 200 198053 "-" "baselinker"
46.101.116.244 - - [30/May/2025:03:49:49 +0200] "GET /Jurek/eurofirany/feeds/eurofirany_alza.xml HTTP/2.0" 200 18687756 "-" "-"
77.79.248.229 - - [30/May/2025:03:50:03 +0200] "GET /Jurek/eurofirany/feeds/eurofirany_allsweet.xml HTTP/1.1" 200 18722752 "-" "Python-urllib/3.11"
77.79.248.229 - - [30/May/2025:03:50:04 +0200] "GET /Jurek/ikonka/feeds/ikonka_all_sweet.xml HTTP/1.1" 200 20822766 "-" "Python-urllib/3.11"
46.101.116.244 - - [30/May/2025:03:50:04 +0200] "GET /Jurek/beliani/feeds/beliani_alza.xml HTTP/2.0" 200 15198130 "-" "-"
77.79.248.229 - - [30/May/2025:03:50:05 +0200] "GET /Jurek/stema/feeds/stema_all.xml HTTP/1.1" 200 894101 "-" "Python-urllib/3.11"
77.79.248.229 - - [30/May/2025:03:50:05 +0200] "GET /Jurek/eurofirany/feeds/eurofirany_all_cz.xml HTTP/1.1" 200 18737173 "-" "Python-urllib/3.11"
77.79.248.229 - - [30/May/2025:03:50:06 +0200] "GET /Jurek/ikonka/feeds/ikonka_all_cz.xml HTTP/1.1" 200 20824504 "-" "Python-urllib/3.11"
77.79.248.229 - - [30/May/2025:03:50:06 +0200] "GET /Jurek/stema/feeds/stema_all_cz.xml HTTP/1.1" 200 894562 "-" "Python-urllib/3.11"
77.79.248.229 - - [30/May/2025:03:50:07 +0200] "GET /Jurek/eurofirany/feeds/eurofirany_all_sk.xml HTTP/1.1" 200 18717345 "-" "Python-urllib/3.11"
77.79.248.229 - - [30/May/2025:03:50:08 +0200] "GET /Jurek/ikonka/feeds/ikonka_all_sk.xml HTTP/1.1" 200 20822027 "-" "Python-urllib/3.11"
77.79.248.229 - - [30/May/2025:03:50:08 +0200] "GET /Jurek/stema/feeds/stema_all_sk.xml HTTP/1.1" 200 893786 "-" "Python-urllib/3.11"
51.77.52.107 - - [30/May/2025:03:50:10 +0200] "GET /Jurek/eurofirany/images/379122/0.jpg HTTP/2.0" 200 127377 "-" "baselinker"
46.101.116.244 - - [30/May/2025:03:50:23 +0200] "GET /Jurek/vivaldi/feeds/vivaldi_alza.xml HTTP/2.0" 200 344841 "-" "-"
46.101.116.244 - - [30/May/2025:03:50:33 +0200] "GET /Jurek/ikonka/feeds/ikonka_alza.xml HTTP/2.0" 200 20824574 "-" "-"
51.77.52.107 - - [30/May/2025:03:50:37 +0200] "GET /Jurek/eurofirany/images/379122/0.jpg HTTP/2.0" 200 127377 "-" "baselinker"
89.161.206.59 - - [30/May/2025:03:50:40 +0200] "GET /Jurek/ikonka/feeds/ikonka_amazonDE.xml HTTP/1.0" 200 20822279 "-" "-"
89.161.206.59 - - [30/May/2025:03:50:41 +0200] "GET /Jurek/ikonka/feeds/ikonka_amazonIT.xml HTTP/1.0" 200 20822307 "-" "-"
89.161.206.59 - - [30/May/2025:03:50:41 +0200] "GET /Jurek/ikonka/feeds/ikonka_amazonFR.xml HTTP/1.0" 200 20822300 "-" "-"
89.161.206.59 - - [30/May/2025:03:50:42 +0200] "GET /Jurek/ikonka/feeds/ikonka_amazonES.xml HTTP/1.0" 200 20822354 "-" "-"
89.161.206.59 - - [30/May/2025:03:50:43 +0200] "GET /Jurek/ikonka/feeds/ikonka_amazonNL.xml HTTP/1.0" 200 20822284 "-" "-"
46.101.116.244 - - [30/May/2025:03:50:45 +0200] "GET /Jurek/stema/feeds/stema_alza.xml HTTP/2.0" 200 894547 "-" "-"
89.161.206.59 - - [30/May/2025:03:50:50 +0200] "GET /Jurek/hdwr/feeds/hdwr_amazonde.xml HTTP/1.0" 200 789908 "-" "-"
89.161.206.59 - - [30/May/2025:03:50:50 +0200] "GET /Jurek/hdwr/feeds/hdwr_amazonfr.xml HTTP/1.0" 200 789908 "-" "-"
89.161.206.59 - - [30/May/2025:03:50:50 +0200] "GET /Jurek/sempler/feeds/sempler_amazonde.xml HTTP/1.0" 200 6791391 "-" "-"
89.161.206.59 - - [30/May/2025:03:50:50 +0200] "GET /Jurek/kambukka/feeds/kambukka_amazonde.xml HTTP/1.0" 200 1023316 "-" "-"
89.161.206.59 - - [30/May/2025:03:50:50 +0200] "GET /Jurek/benetech/feeds/benetech_amazonde.xml HTTP/1.0" 200 4165652 "-" "-"
89.161.206.59 - - [30/May/2025:03:50:51 +0200] "GET /Jurek/sempler/feeds/sempler_amazonbe.xml HTTP/1.0" 200 6791391 "-" "-"
89.161.206.59 - - [30/May/2025:03:50:51 +0200] "GET /Jurek/kambukka/feeds/kambukka_amazonbe.xml HTTP/1.0" 200 1023472 "-" "-"
89.161.206.59 - - [30/May/2025:03:50:51 +0200] "GET /Jurek/pawonik/feeds/pawonik_amazonde.xml HTTP/1.0" 200 2138984 "-" "-"
89.161.206.59 - - [30/May/2025:03:50:51 +0200] "GET /Jurek/b3/feeds/b3_amazonde.xml HTTP/1.0" 200 8068149 "-" "-"
89.161.206.59 - - [30/May/2025:03:50:52 +0200] "GET /Jurek/sempler/feeds/sempler_amazonfr.xml HTTP/1.0" 200 6791390 "-" "-"
89.161.206.59 - - [30/May/2025:03:50:52 +0200] "GET /Jurek/sempler/feeds/sempler_amazonit.xml HTTP/1.0" 200 6791391 "-" "-"
89.161.206.59 - - [30/May/2025:03:50:53 +0200] "GET /Jurek/sempler/feeds/sempler_amazonnl.xml HTTP/1.0" 200 6791391 "-" "-"
89.161.206.59 - - [30/May/2025:03:50:54 +0200] "GET /Jurek/b3/feeds/b3_amazones.xml HTTP/1.0" 200 8068354 "-" "-"
89.161.206.59 - - [30/May/2025:03:50:54 +0200] "GET /Jurek/b3/feeds/b3_amazonnl.xml HTTP/1.0" 200 8068218 "-" "-"
51.77.52.107 - - [30/May/2025:03:50:55 +0200] "GET /Jurek/eurofirany/images/379122/0.jpg HTTP/2.0" 200 127377 "-" "baselinker"
89.161.206.59 - - [30/May/2025:03:50:55 +0200] "GET /Jurek/b3/feeds/b3_amazonfr.xml HTTP/1.0" 200 8068267 "-" "-"
89.161.206.59 - - [30/May/2025:03:50:55 +0200] "GET /Jurek/ralmetal/feeds/ralmetal_amazonde.xml HTTP/1.0" 200 2039842 "-" "-"
89.161.206.59 - - [30/May/2025:03:50:55 +0200] "GET /Jurek/b3/feeds/b3_amazonit.xml HTTP/1.0" 200 8068294 "-" "-"
46.101.116.244 - - [30/May/2025:03:50:55 +0200] "GET /Jurek/kinghoff/feeds/kinghoff_alza.xml HTTP/2.0" 200 15637165 "-" "-"
89.161.206.59 - - [30/May/2025:03:50:56 +0200] "GET /Jurek/oromed/feeds/oromed_amazonde.xml HTTP/1.0" 200 1290088 "-" "-"
89.161.206.59 - - [30/May/2025:03:50:56 +0200] "GET /Jurek/b3/feeds/b3_amazonse.xml HTTP/1.0" 200 8071795 "-" "-"
89.161.206.59 - - [30/May/2025:03:50:57 +0200] "GET /Jurek/b3/feeds/b3_amazonbe.xml HTTP/1.0" 200 8068247 "-" "-"
89.161.206.59 - - [30/May/2025:03:50:57 +0200] "GET /Jurek/ralmetal/feeds/ralmetal_amazonfr.xml HTTP/1.0" 200 2038983 "-" "-"
89.161.206.59 - - [30/May/2025:03:50:57 +0200] "GET /Jurek/ralmetal/feeds/ralmetal_amazonit.xml HTTP/1.0" 200 2039842 "-" "-"
89.161.206.59 - - [30/May/2025:03:50:58 +0200] "GET /Jurek/ralmetal/feeds/ralmetal_amazonnl.xml HTTP/1.0" 200 2038981 "-" "-"
89.161.206.59 - - [30/May/2025:03:50:58 +0200] "GET /Jurek/ralmetal/feeds/ralmetal_amazones.xml HTTP/1.0" 200 2038980 "-" "-"
89.161.206.59 - - [30/May/2025:03:50:58 +0200] "GET /Jurek/erohurtownia/feeds/erohurtownia_amazonde.xml HTTP/1.0" 200 22847728 "-" "-"
51.77.52.107 - - [30/May/2025:03:51:01 +0200] "GET /Jurek/eurofirany/images/436570/0.jpg HTTP/2.0" 200 150934 "-" "baselinker"
89.161.206.59 - - [30/May/2025:03:51:06 +0200] "GET /Jurek/eurofirany/feeds/eurofirany_amazaon_de.xml HTTP/1.0" 200 18718856 "-" "-"
51.77.52.107 - - [30/May/2025:03:51:26 +0200] "GET /Jurek/eurofirany/images/436570/0.jpg HTTP/2.0" 200 150934 "-" "baselinker"
51.77.52.107 - - [30/May/2025:03:51:47 +0200] "GET /Jurek/eurofirany/images/436570/0.jpg HTTP/2.0" 200 150934 "-" "baselinker"
51.77.52.107 - - [30/May/2025:03:51:56 +0200] "GET /Jurek/eurofirany/images/436571/0.jpg HTTP/2.0" 200 171714 "-" "baselinker"
51.77.52.107 - - [30/May/2025:03:52:16 +0200] "GET /Jurek/eurofirany/images/436571/0.jpg HTTP/2.0" 200 171714 "-" "baselinker"
46.101.116.244 - - [30/May/2025:03:52:24 +0200] "GET /Jurek/piotrmiedz/feeds/piotrmiedz_mallsish.xml HTTP/2.0" 200 91040937 "-" "-"
51.77.52.107 - - [30/May/2025:03:52:25 +0200] "GET /Jurek/eurofirany/images/436571/0.jpg HTTP/2.0" 200 171714 "-" "baselinker"
51.77.52.107 - - [30/May/2025:03:52:54 +0200] "GET /Jurek/eurofirany/images/456017/0.jpg HTTP/2.0" 200 99673 "-" "baselinker"
89.161.206.59 - - [30/May/2025:03:53:09 +0200] "GET /Jurek/bass_new/feeds/bass_ebayde.xml HTTP/1.0" 200 4803479 "-" "-"
51.77.52.107 - - [30/May/2025:03:53:13 +0200] "GET /Jurek/eurofirany/images/456017/0.jpg HTTP/2.0" 200 99673 "-" "baselinker"
51.77.52.107 - - [30/May/2025:03:53:31 +0200] "GET /Jurek/eurofirany/images/456017/0.jpg HTTP/2.0" 200 99673 "-" "baselinker"
51.77.52.107 - - [30/May/2025:03:53:37 +0200] "GET /Jurek/eurofirany/images/452284/0.jpg HTTP/2.0" 200 116594 "-" "baselinker"
51.77.52.107 - - [30/May/2025:03:54:08 +0200] "GET /Jurek/eurofirany/images/452284/0.jpg HTTP/2.0" 200 116594 "-" "baselinker"
77.79.248.229 - - [30/May/2025:03:54:10 +0200] "GET /Jurek/vidaSI/feeds/vidaSI_bigbang.xml HTTP/1.1" 200 781689467 "-" "Python-urllib/3.11"
51.77.52.107 - - [30/May/2025:03:54:14 +0200] "GET /Jurek/eurofirany/images/452284/0.jpg HTTP/2.0" 200 116594 "-" "baselinker"
51.77.52.107 - - [30/May/2025:03:54:18 +0200] "GET /Jurek/eurofirany/images/456116/0.jpg HTTP/2.0" 200 35973 "-" "baselinker"
51.77.52.107 - - [30/May/2025:03:54:35 +0200] "GET /Jurek/eurofirany/images/456116/0.jpg HTTP/2.0" 200 35973 "-" "baselinker"
89.161.206.59 - - [30/May/2025:03:54:50 +0200] "GET /Jurek/eldar/feeds/eldar_emagro.xml HTTP/1.0" 200 7337513 "-" "-"
89.161.206.59 - - [30/May/2025:03:54:51 +0200] "GET /Jurek/motofan/feeds/motofan_emagro.xml HTTP/1.0" 200 2392152 "-" "-"
89.161.206.59 - - [30/May/2025:03:54:51 +0200] "GET /Jurek/expertauto/feeds/expertauto_emagro.xml HTTP/1.0" 200 1159159 "-" "-"
89.161.206.59 - - [30/May/2025:03:54:51 +0200] "GET /Jurek/rider/feeds/rider_emagro.xml HTTP/1.0" 200 8165886 "-" "-"
89.161.206.59 - - [30/May/2025:03:54:52 +0200] "GET /Jurek/pupus/feeds/pupus_emagro.xml HTTP/1.0" 200 6155017 "-" "-"
89.161.206.59 - - [30/May/2025:03:54:52 +0200] "GET /Jurek/muminky/feeds/muminky_emagro.xml HTTP/1.0" 200 2678096 "-" "-"
51.77.52.107 - - [30/May/2025:03:54:58 +0200] "GET /Jurek/eurofirany/images/456116/0.jpg HTTP/2.0" 200 35973 "-" "baselinker"
51.77.52.107 - - [30/May/2025:03:55:07 +0200] "GET /Jurek/eurofirany/images/456061/0.jpg HTTP/2.0" 200 52338 "-" "baselinker"
46.101.116.244 - - [30/May/2025:03:55:12 +0200] "GET /Jurek/beltimore/feeds/beltimore_mallsish.xml HTTP/2.0" 200 18658201 "-" "-"
46.101.116.244 - - [30/May/2025:03:55:24 +0200] "GET /Jurek/drops/feeds/dropsofficecolection_mallsish.xml HTTP/2.0" 200 790864 "-" "-"
89.161.206.59 - - [30/May/2025:03:55:27 +0200] "GET /Jurek/fernity/feeds/fernity_emagro.xml HTTP/1.0" 200 4719929 "-" "-"
51.77.52.107 - - [30/May/2025:03:55:30 +0200] "GET /Jurek/eurofirany/images/456061/0.jpg HTTP/2.0" 200 52338 "-" "baselinker"
89.161.206.59 - - [30/May/2025:03:55:30 +0200] "GET /Jurek/galopi/feeds/galopi_emagro.xml HTTP/1.0" 200 2111091 "-" "-"
46.101.116.244 - - [30/May/2025:03:55:34 +0200] "GET /Jurek/hdwr/feeds/hdwr_mallsish.xml HTTP/2.0" 200 789908 "-" "-"
66.249.69.171 - - [30/May/2025:03:55:40 +0200] "GET /Jurek/eurofirany/images/5642/2.jpg HTTP/1.1" 200 6625 "-" "Googlebot-Image/1.0"
46.101.116.244 - - [30/May/2025:03:55:44 +0200] "GET /Jurek/narzbud/feeds/narzbud_mallsish.xml HTTP/2.0" 200 1902816 "-" "-"
66.249.69.170 - - [30/May/2025:03:55:49 +0200] "GET /Jurek/eurofirany/images/5642/1.jpg HTTP/1.1" 200 6625 "-" "Googlebot-Image/1.0"
51.77.52.107 - - [30/May/2025:03:55:49 +0200] "GET /Jurek/eurofirany/images/456061/0.jpg HTTP/2.0" 200 52338 "-" "baselinker"
46.101.116.244 - - [30/May/2025:03:55:55 +0200] "GET /Jurek/newtechele/feeds/newtechele_mallsish.xml HTTP/2.0" 200 2438977 "-" "-"
51.77.52.107 - - [30/May/2025:03:56:06 +0200] "GET /Jurek/eurofirany/images/456063/0.jpg HTTP/2.0" 200 53208 "-" "baselinker"
46.101.116.244 - - [30/May/2025:03:56:16 +0200] "GET /Jurek/pawonik/feeds/pawonik_mallsish.xml HTTP/2.0" 200 2138984 "-" "-"
46.101.116.244 - - [30/May/2025:03:56:26 +0200] "GET /Jurek/proadventure/feeds/proadventure_mallsish.xml HTTP/2.0" 200 10763323 "-" "-"
89.161.206.59 - - [30/May/2025:03:56:29 +0200] "GET /Jurek/coppotech/feeds/coppotech_emagro.xml HTTP/1.0" 200 38087407 "-" "-"
89.161.206.59 - - [30/May/2025:03:56:30 +0200] "GET /Jurek/equalo/feeds/equalo_emagro.xml HTTP/1.0" 200 98025 "-" "-"
51.77.52.107 - - [30/May/2025:03:56:32 +0200] "GET /Jurek/eurofirany/images/456063/0.jpg HTTP/2.0" 200 53208 "-" "baselinker"
46.101.116.244 - - [30/May/2025:03:56:37 +0200] "GET /Jurek/rems/feeds/rems_mallsish.xml HTTP/2.0" 200 8706188 "-" "-"
46.101.116.244 - - [30/May/2025:03:56:48 +0200] "GET /Jurek/roger/feeds/roger_mallsish.xml HTTP/2.0" 200 1398026 "-" "-"
51.77.52.107 - - [30/May/2025:03:56:54 +0200] "GET /Jurek/eurofirany/images/456063/0.jpg HTTP/2.0" 200 53208 "-" "baselinker"
46.101.116.244 - - [30/May/2025:03:56:59 +0200] "GET /Jurek/sovapl/feeds/sovapl_mallsish.xml HTTP/2.0" 200 9012015 "-" "-"
89.161.206.59 - - [30/May/2025:03:57:19 +0200] "GET /Jurek/rosfix/feeds/rosfix_emagro.xml HTTP/1.0" 200 35781668 "-" "-"
51.77.52.107 - - [30/May/2025:03:57:20 +0200] "GET /Jurek/eurofirany/images/456065/0.jpg HTTP/2.0" 200 64266 "-" "baselinker"
89.161.206.59 - - [30/May/2025:03:57:21 +0200] "GET /Jurek/takapara/feeds/takapara_emagro.xml HTTP/1.0" 200 1342426 "-" "-"
46.101.116.244 - - [30/May/2025:03:57:22 +0200] "GET /Jurek/stiv/feeds/stiv_mallsish.xml HTTP/2.0" 200 2057148 "-" "-"
46.101.116.244 - - [30/May/2025:03:57:33 +0200] "GET /Jurek/fertes/feeds/fertes_mallsish.xml HTTP/2.0" 200 2363880 "-" "-"
51.77.52.107 - - [30/May/2025:03:57:43 +0200] "GET /Jurek/eurofirany/images/456065/0.jpg HTTP/2.0" 200 64266 "-" "baselinker"
46.101.116.244 - - [30/May/2025:03:57:43 +0200] "GET /Jurek/avenido/feeds/avenido_mallsish.xml HTTP/2.0" 200 720175 "-" "-"
51.77.52.107 - - [30/May/2025:03:57:49 +0200] "GET /Jurek/eurofirany/images/456065/0.jpg HTTP/2.0" 200 64266 "-" "baselinker"
46.101.116.244 - - [30/May/2025:03:57:54 +0200] "GET /Jurek/carbonyway/feeds/carbonyway_mallsish.xml HTTP/2.0" 200 3076780 "-" "-"
51.77.52.107 - - [30/May/2025:03:58:08 +0200] "GET /Jurek/eurofirany/images/456077/0.jpg HTTP/2.0" 200 34402 "-" "baselinker"
89.161.206.59 - - [30/May/2025:03:58:10 +0200] "GET /Jurek/broers/feeds/broers_emagro.xml HTTP/1.0" 200 1984460 "-" "-"
46.101.116.244 - - [30/May/2025:03:58:15 +0200] "GET /Jurek/equalo/feeds/equalo_mallsish.xml HTTP/2.0" 200 98005 "-" "-"
46.101.116.244 - - [30/May/2025:03:58:26 +0200] "GET /Jurek/kamar/feeds/kamar_mallsish.xml HTTP/2.0" 200 25584290 "-" "-"
51.77.52.107 - - [30/May/2025:03:58:29 +0200] "GET /Jurek/eurofirany/images/456077/0.jpg HTTP/2.0" 200 34402 "-" "baselinker"
89.161.206.59 - - [30/May/2025:03:58:35 +0200] "GET /Jurek/elecomp/feeds/elecomp_skroutz.xml HTTP/1.0" 200 2769811 "-" "-"
51.77.52.107 - - [30/May/2025:03:58:37 +0200] "GET /Jurek/eurofirany/images/456077/0.jpg HTTP/2.0" 200 34402 "-" "baselinker"
46.101.116.244 - - [30/May/2025:03:58:41 +0200] "GET /Jurek/lampart/feeds/lampart_mallsish.xml HTTP/2.0" 200 936672 "-" "-"
46.101.116.244 - - [30/May/2025:03:58:52 +0200] "GET /Jurek/makow/feeds/makow_mallsish.xml HTTP/2.0" 200 21213344 "-" "-"
46.101.116.244 - - [30/May/2025:03:58:53 +0200] "GET /Jurek/piotrmiedz/feeds/piotrmiedz_amazonde.xml HTTP/1.0" 200 91082439 "-" "-"
51.77.52.107 - - [30/May/2025:03:58:56 +0200] "GET /Jurek/eurofirany/images/456078/0.jpg HTTP/2.0" 200 77535 "-" "baselinker"
46.101.116.244 - - [30/May/2025:03:59:04 +0200] "GET /Jurek/regis/feeds/regis_mallsish.xml HTTP/2.0" 200 228475 "-" "-"
51.77.52.107 - - [30/May/2025:03:59:04 +0200] "GET /Jurek/eurofirany/images/456078/0.jpg HTTP/2.0" 200 77535 "-" "baselinker"
51.77.52.107 - - [30/May/2025:03:59:09 +0200] "GET /Jurek/eurofirany/images/456078/0.jpg HTTP/2.0" 200 77535 "-" "baselinker"
46.101.116.244 - - [30/May/2025:03:59:14 +0200] "GET /Jurek/sebmart/feeds/sebmart_mallsish.xml HTTP/2.0" 200 1598994 "-" "-"
46.101.116.244 - - [30/May/2025:03:59:25 +0200] "GET /Jurek/takapara/feeds/takapara_mallsish.xml HTTP/2.0" 200 1342556 "-" "-"
51.77.52.107 - - [30/May/2025:03:59:28 +0200] "GET /Jurek/eurofirany/images/456090/0.jpg HTTP/2.0" 200 60972 "-" "baselinker"
89.161.206.59 - - [30/May/2025:03:59:30 +0200] "GET /Jurek/em3/feeds/em3_emagro.xml HTTP/1.0" 200 259126 "-" "-"
51.77.52.107 - - [30/May/2025:03:59:36 +0200] "GET /Jurek/eurofirany/images/456090/0.jpg HTTP/2.0" 200 60972 "-" "baselinker"
46.101.116.244 - - [30/May/2025:03:59:36 +0200] "GET /Jurek/tsjerzy/feeds/tsjerzy_mallsish.xml HTTP/2.0" 200 3904128 "-" "-"
51.77.52.107 - - [30/May/2025:03:59:52 +0200] "GET /Jurek/eurofirany/images/456090/0.jpg HTTP/2.0" 200 60972 "-" "baselinker"
46.101.116.244 - - [30/May/2025:03:59:53 +0200] "GET /Jurek/andex/feeds/andex_mallsiSH.xml HTTP/2.0" 200 1952769 "-" "-"
46.101.116.244 - - [30/May/2025:04:00:04 +0200] "GET /Jurek/german/feeds/german_mallsiSH.xml HTTP/2.0" 200 2853016 "-" "-"
51.77.52.107 - - [30/May/2025:04:00:08 +0200] "GET /Jurek/eurofirany/images/456097/0.jpg HTTP/2.0" 200 56324 "-" "baselinker"
35.204.39.32 - - [30/May/2025:04:00:14 +0200] "GET /marketplaces/carrefour_fr/results/carrefour_fr.csv HTTP/1.1" 200 147219 "-" "Mirakl HttpClient"
51.77.52.107 - - [30/May/2025:04:00:16 +0200] "GET /Jurek/eurofirany/images/456097/0.jpg HTTP/2.0" 200 56324 "-" "baselinker"
85.14.86.141 - - [30/May/2025:04:00:26 +0200] "GET /Jurek/vida_morele/feeds/VidaPL_all.xml HTTP/2.0" 200 878970007 "-" "MarketplaceAPI curl/7.74.0 PHP/8"
46.101.116.244 - - [30/May/2025:04:00:26 +0200] "GET /Jurek/maksik/feeds/maksik_mallsiSH.xml HTTP/2.0" 200 4084851 "-" "-"
51.77.52.107 - - [30/May/2025:04:00:34 +0200] "GET /Jurek/eurofirany/images/456097/0.jpg HTTP/2.0" 200 56324 "-" "baselinker"
46.101.116.244 - - [30/May/2025:04:00:37 +0200] "GET /Jurek/smxdesign/feeds/smxdesign_mallsiSH.xml HTTP/2.0" 200 1829484 "-" "-"
51.77.52.107 - - [30/May/2025:04:00:49 +0200] "GET /Jurek/eurofirany/images/456103/0.jpg HTTP/2.0" 200 60021 "-" "baselinker"
89.161.206.59 - - [30/May/2025:04:00:57 +0200] "GET /Jurek/kambukka/feeds/kambukka_amazonfr.xml HTTP/1.0" 200 1023467 "-" "-"
89.161.206.59 - - [30/May/2025:04:00:57 +0200] "GET /Jurek/kambukka/feeds/kambukka_amazonit.xml HTTP/1.0" 200 1023473 "-" "-"
89.161.206.59 - - [30/May/2025:04:00:57 +0200] "GET /Jurek/kambukka/feeds/kambukka_amazones.xml HTTP/1.0" 200 1023467 "-" "-"
89.161.206.59 - - [30/May/2025:04:00:57 +0200] "GET /Jurek/kambukka/feeds/kambukka_amazonnl.xml HTTP/1.0" 200 1023327 "-" "-"
89.161.206.59 - - [30/May/2025:04:00:57 +0200] "GET /Jurek/kambukka/feeds/kambukka_amazonse.xml HTTP/1.0" 200 1023741 "-" "-"
46.101.116.244 - - [30/May/2025:04:00:58 +0200] "GET /Jurek/alucon/feeds/alucon_mallsiSH.xml HTTP/2.0" 200 553705 "-" "-"
51.77.52.107 - - [30/May/2025:04:01:03 +0200] "GET /Jurek/eurofirany/images/456103/0.jpg HTTP/2.0" 200 60021 "-" "baselinker"
46.101.116.244 - - [30/May/2025:04:01:08 +0200] "GET /Jurek/evil/feeds/evil_mallsiSH.xml HTTP/2.0" 200 306389 "-" "-"
89.161.206.59 - - [30/May/2025:04:01:10 +0200] "GET /Jurek/eurofirany/feeds/eurofirany_amazonNL.xml HTTP/1.0" 200 18718705 "-" "-"
89.161.206.59 - - [30/May/2025:04:01:12 +0200] "GET /Jurek/eurofirany/feeds/eurofirany_amazonES.xml HTTP/1.0" 200 18718873 "-" "-"
89.161.206.59 - - [30/May/2025:04:01:14 +0200] "GET /Jurek/eurofirany/feeds/eurofirany_amazonIT.xml HTTP/1.0" 200 18718902 "-" "-"
89.161.206.59 - - [30/May/2025:04:01:16 +0200] "GET /Jurek/eurofirany/feeds/eurofirany_amazonFR.xml HTTP/1.0" 200 18718617 "-" "-"
89.161.206.59 - - [30/May/2025:04:01:18 +0200] "GET /Jurek/eurofirany/feeds/eurofirany_amazonSE.xml HTTP/1.0" 200 18735719 "-" "-"
46.101.116.244 - - [30/May/2025:04:01:19 +0200] "GET /Jurek/hlo/feeds/hlo_mallsiSH.xml HTTP/2.0" 200 4838671 "-" "-"
89.161.206.59 - - [30/May/2025:04:01:21 +0200] "GET /Jurek/eurofirany/feeds/eurofirany_amazonBE.xml HTTP/1.0" 200 18718561 "-" "-"
35.204.39.32 - - [30/May/2025:04:01:21 +0200] "GET /marketplaces/vente/results/vente_nl.csv HTTP/1.1" 200 2289398 "-" "Mirakl HttpClient"
51.77.52.107 - - [30/May/2025:04:01:21 +0200] "GET /Jurek/eurofirany/images/456103/0.jpg HTTP/2.0" 200 60021 "-" "baselinker"
35.204.39.32 - - [30/May/2025:04:01:22 +0200] "GET /marketplaces/vente/results/vente_fr.csv HTTP/1.1" 200 2562672 "-" "Mirakl HttpClient"
35.204.39.32 - - [30/May/2025:04:01:23 +0200] "GET /marketplaces/vente/results/vente_be.csv HTTP/1.1" 200 2289388 "-" "Mirakl HttpClient"
35.204.39.32 - - [30/May/2025:04:01:23 +0200] "GET /marketplaces/vente/results/vente_it.csv HTTP/1.1" 200 2321988 "-" "Mirakl HttpClient"
89.161.206.59 - - [30/May/2025:04:01:24 +0200] "GET /Jurek/eurofirany/feeds/eurofirany_amazaon_de.xml HTTP/1.0" 200 18718856 "-" "-"
35.204.39.32 - - [30/May/2025:04:01:24 +0200] "GET /marketplaces/vente/results/vente_es.csv HTTP/1.1" 200 2288971 "-" "Mirakl HttpClient"
35.204.39.32 - - [30/May/2025:04:01:25 +0200] "GET /marketplaces/vente/results/vente_de.csv HTTP/1.1" 200 2288830 "-" "Mirakl HttpClient"
89.161.206.59 - - [30/May/2025:04:01:27 +0200] "GET /Jurek/pupus/feeds/pupus_amazonfr.xml HTTP/1.0" 200 6154489 "-" "-"
89.161.206.59 - - [30/May/2025:04:01:27 +0200] "GET /Jurek/pupus/feeds/pupus_amazonde.xml HTTP/1.0" 200 6154265 "-" "-"
89.161.206.59 - - [30/May/2025:04:01:27 +0200] "GET /Jurek/pupus/feeds/pupus_amazonnl.xml HTTP/1.0" 200 6154391 "-" "-"
89.161.206.59 - - [30/May/2025:04:01:27 +0200] "GET /Jurek/pupus/feeds/pupus_amazonse.xml HTTP/1.0" 200 6156526 "-" "-"
89.161.206.59 - - [30/May/2025:04:01:28 +0200] "GET /Jurek/pupus/feeds/pupus_amazonbe.xml HTTP/1.0" 200 6154445 "-" "-"
89.161.206.59 - - [30/May/2025:04:01:28 +0200] "GET /Jurek/pupus/feeds/pupus_amazonit.xml HTTP/1.0" 200 6154587 "-" "-"
89.161.206.59 - - [30/May/2025:04:01:28 +0200] "GET /Jurek/pupus/feeds/pupus_amazones.xml HTTP/1.0" 200 6154435 "-" "-"
46.101.116.244 - - [30/May/2025:04:01:29 +0200] "GET /Jurek/lgbtshop/feeds/lgbtshop_mallsiSH.xml HTTP/2.0" 200 219253 "-" "-"
46.101.116.244 - - [30/May/2025:04:01:40 +0200] "GET /Jurek/madrex/feeds/madrex_mallsiSH.xml HTTP/2.0" 200 466777 "-" "-"
46.101.116.244 - - [30/May/2025:04:01:44 +0200] "GET /Jurek/piotrmiedz/feeds/piotrmiedz_amazonnl.xml HTTP/1.0" 200 91082440 "-" "-"
51.77.52.107 - - [30/May/2025:04:01:44 +0200] "GET /Jurek/eurofirany/images/456113/0.jpg HTTP/2.0" 200 106376 "-" "baselinker"
46.101.116.244 - - [30/May/2025:04:01:50 +0200] "GET /Jurek/piotrmiedz/feeds/piotrmiedz_amazones.xml HTTP/1.0" 200 91082439 "-" "-"
46.101.116.244 - - [30/May/2025:04:01:50 +0200] "GET /Jurek/motofan/feeds/motofan_mallsiSH.xml HTTP/2.0" 200 2392151 "-" "-"
46.101.116.244 - - [30/May/2025:04:01:57 +0200] "GET /Jurek/piotrmiedz/feeds/piotrmiedz_amazonit.xml HTTP/1.0" 200 91082439 "-" "-"
52.17.80.36 - - [30/May/2025:04:02:00 +0200] "GET /marketplaces/rue/results/rue.csv HTTP/1.1" 200 7590001 "-" "Mirakl HttpClient"
46.101.116.244 - - [30/May/2025:04:02:01 +0200] "GET /Jurek/najtanszysport/feeds/najtanszysport_mallsiSH.xml HTTP/2.0" 200 3982445 "-" "-"
46.101.116.244 - - [30/May/2025:04:02:06 +0200] "GET /Jurek/piotrmiedz/feeds/piotrmiedz_amazonfr.xml HTTP/1.0" 200 91082438 "-" "-"
46.101.116.244 - - [30/May/2025:04:02:11 +0200] "GET /Jurek/nexus/feeds/nexus_mallsiSH.xml HTTP/2.0" 200 226758 "-" "-"
51.77.52.107 - - [30/May/2025:04:02:12 +0200] "GET /Jurek/eurofirany/images/456113/0.jpg HTTP/2.0" 200 106376 "-" "baselinker"
46.101.116.244 - - [30/May/2025:04:02:22 +0200] "GET /Jurek/playcob/feeds/playcob_mallsiSH.xml HTTP/2.0" 200 6982939 "-" "-"
51.77.52.107 - - [30/May/2025:04:02:31 +0200] "GET /Jurek/eurofirany/images/456113/0.jpg HTTP/2.0" 200 106376 "-" "baselinker"
46.101.116.244 - - [30/May/2025:04:02:32 +0200] "GET /Jurek/cbdgreen/feeds/cbdgreen_mallsiSH.xml HTTP/2.0" 200 50556 "-" "-"
51.77.52.107 - - [30/May/2025:04:02:35 +0200] "GET /Jurek/eurofirany/images/456114/0.jpg HTTP/2.0" 200 68739 "-" "baselinker"
89.161.206.59 - - [30/May/2025:04:02:42 +0200] "GET /Jurek/tsjerzy/feeds/tsjerzy_emagro.xml HTTP/1.0" 200 3906895 "-" "-"
46.101.116.244 - - [30/May/2025:04:02:43 +0200] "GET /Jurek/cbdgreen/feeds/cbdgreen_mallsiSH.xml HTTP/2.0" 200 50556 "-" "-"
89.161.206.59 - - [30/May/2025:04:02:43 +0200] "GET /Jurek/zenex/feeds/zenex_emagro.xml HTTP/1.0" 200 541782 "-" "-"
46.101.116.244 - - [30/May/2025:04:02:53 +0200] "GET /Jurek/dekornatort/feeds/dekornatort_mallsiSH.xml HTTP/2.0" 200 225937 "-" "-"
51.77.52.107 - - [30/May/2025:04:02:54 +0200] "GET /Jurek/eurofirany/images/456114/0.jpg HTTP/2.0" 200 68739 "-" "baselinker"
46.101.116.244 - - [30/May/2025:04:03:03 +0200] "GET /Jurek/eurofryz2/feeds/eurofryz2_mallsiSH.xml HTTP/2.0" 200 1377767 "-" "-"
51.77.52.107 - - [30/May/2025:04:03:11 +0200] "GET /Jurek/eurofirany/images/456114/0.jpg HTTP/2.0" 200 68739 "-" "baselinker"
46.101.116.244 - - [30/May/2025:04:03:14 +0200] "GET /Jurek/eurofryz3/feeds/eurofryz3_mallsiSH.xml HTTP/2.0" 200 172300 "-" "-"
46.101.116.244 - - [30/May/2025:04:03:24 +0200] "GET /Jurek/globaldeli/feeds/globaldeli_mallsiSH.xml HTTP/2.0" 200 2590906 "-" "-"
52.209.168.113 - - [30/May/2025:04:03:29 +0200] "GET /marketplaces/carrefour/results/carrefour.csv HTTP/1.1" 200 147221 "-" "Mirakl HttpClient"
51.77.52.107 - - [30/May/2025:04:03:30 +0200] "GET /Jurek/eurofirany/images/456115/0.jpg HTTP/2.0" 200 46629 "-" "baselinker"
89.161.206.59 - - [30/May/2025:04:03:35 +0200] "GET /Jurek/kamar/feeds/kamar_emagro.xml HTTP/1.0" 200 25595968 "-" "-"
52.18.22.0 - - [30/May/2025:04:03:40 +0200] "GET /marketplaces/ubaldi/results/ubaldi.csv HTTP/1.1" 200 3562970 "-" "Mirakl HttpClient"
46.101.116.244 - - [30/May/2025:04:03:45 +0200] "GET /Jurek/lendo/feeds/lendo_mallsiSH.xml HTTP/2.0" 200 330388 "-" "-"
51.77.52.107 - - [30/May/2025:04:03:47 +0200] "GET /Jurek/eurofirany/images/456115/0.jpg HTTP/2.0" 200 46629 "-" "baselinker"
51.77.52.107 - - [30/May/2025:04:04:05 +0200] "GET /Jurek/eurofirany/images/456115/0.jpg HTTP/2.0" 200 46629 "-" "baselinker"
46.101.116.244 - - [30/May/2025:04:04:05 +0200] "GET /Jurek/naszedzieci/feeds/naszedzieci_mallsiSH.xml HTTP/2.0" 200 833172423 "-" "-"
85.14.86.141 - - [30/May/2025:04:04:10 +0200] "GET /Jurek/kinghoff/feeds/kinghoff_morele.xml HTTP/2.0" 200 15634685 "-" "MarketplaceAPI curl/7.74.0 PHP/8"
51.77.52.107 - - [30/May/2025:04:04:10 +0200] "GET /Jurek/eurofirany/images/379125/0.jpg HTTP/2.0" 200 155769 "-" "baselinker"
51.77.52.107 - - [30/May/2025:04:04:27 +0200] "GET /Jurek/eurofirany/images/379125/0.jpg HTTP/2.0" 200 155769 "-" "baselinker"
89.161.206.59 - - [30/May/2025:04:04:30 +0200] "GET /Jurek/winoszarnia/feeds/winoszarnia_emagro.xml HTTP/1.0" 200 6068380 "-" "-"
51.77.52.107 - - [30/May/2025:04:04:33 +0200] "GET /Jurek/eurofirany/images/379125/0.jpg HTTP/2.0" 200 155769 "-" "baselinker"
51.77.52.107 - - [30/May/2025:04:04:43 +0200] "GET /Jurek/eurofirany/images/379144/0.jpg HTTP/2.0" 200 86537 "-" "baselinker"
51.77.52.107 - - [30/May/2025:04:04:54 +0200] "GET /Jurek/eurofirany/images/379144/0.jpg HTTP/2.0" 200 86537 "-" "baselinker"
51.77.52.107 - - [30/May/2025:04:05:07 +0200] "GET /Jurek/eurofirany/images/379144/0.jpg HTTP/2.0" 200 86537 "-" "baselinker"
51.77.52.107 - - [30/May/2025:04:05:29 +0200] "GET /Jurek/eurofirany/images/459254/0.jpg HTTP/2.0" 200 121348 "-" "baselinker"
51.77.52.107 - - [30/May/2025:04:05:47 +0200] "GET /Jurek/eurofirany/images/459254/0.jpg HTTP/2.0" 200 121348 "-" "baselinker"
51.77.52.107 - - [30/May/2025:04:05:50 +0200] "GET /Jurek/eurofirany/images/459254/0.jpg HTTP/2.0" 200 121348 "-" "baselinker"
89.161.206.59 - - [30/May/2025:04:06:00 +0200] "GET /Jurek/waks/feeds/waks_amazonde.xml HTTP/1.0" 200 1596552 "-" "-"
89.161.206.59 - - [30/May/2025:04:06:00 +0200] "GET /Jurek/waks/feeds/waks_amazonfr.xml HTTP/1.0" 200 1596552 "-" "-"
89.161.206.59 - - [30/May/2025:04:06:01 +0200] "GET /Jurek/waks/feeds/waks_amazonit.xml HTTP/1.0" 200 1596551 "-" "-"
89.161.206.59 - - [30/May/2025:04:06:01 +0200] "GET /Jurek/waks/feeds/waks_amazones.xml HTTP/1.0" 200 1596552 "-" "-"
89.161.206.59 - - [30/May/2025:04:06:01 +0200] "GET /Jurek/waks/feeds/waks_amazonnl.xml HTTP/1.0" 200 1596551 "-" "-"
89.161.206.59 - - [30/May/2025:04:06:01 +0200] "GET /Jurek/waks/feeds/waks_amazonse.xml HTTP/1.0" 200 1598639 "-" "-"
89.161.206.59 - - [30/May/2025:04:06:02 +0200] "GET /Jurek/hdwr/feeds/hdwr_amazonse.xml HTTP/1.0" 200 790166 "-" "-"
89.161.206.59 - - [30/May/2025:04:06:03 +0200] "GET /Jurek/eroplace/feeds/eroplace_amazonde.xml HTTP/1.0" 200 52205842 "-" "-"
51.77.52.107 - - [30/May/2025:04:06:04 +0200] "GET /Jurek/eurofirany/images/459296/0.jpg HTTP/2.0" 200 73457 "-" "baselinker"
89.161.206.59 - - [30/May/2025:04:06:06 +0200] "GET /Jurek/eroplace/feeds/eroplace_amazonse.xml HTTP/1.0" 200 52205867 "-" "-"
89.161.206.59 - - [30/May/2025:04:06:08 +0200] "GET /Jurek/eroplace/feeds/eroplace_amazonnl.xml HTTP/1.0" 200 52205844 "-" "-"
89.161.206.59 - - [30/May/2025:04:06:11 +0200] "GET /Jurek/eroplace/feeds/eroplace_amazonfr.xml HTTP/1.0" 200 52205842 "-" "-"
89.161.206.59 - - [30/May/2025:04:06:14 +0200] "GET /Jurek/eroplace/feeds/eroplace_amazonit.xml HTTP/1.0" 200 52205844 "-" "-"
89.161.206.59 - - [30/May/2025:04:06:17 +0200] "GET /Jurek/eroplace/feeds/eroplace_amazones.xml HTTP/1.0" 200 52205844 "-" "-"
51.77.52.107 - - [30/May/2025:04:06:20 +0200] "GET /Jurek/eurofirany/images/459296/0.jpg HTTP/2.0" 200 73457 "-" "baselinker"
89.161.206.59 - - [30/May/2025:04:06:24 +0200] "GET /Jurek/benetech/feeds/benetech_amazonnl.xml HTTP/1.0" 200 4166031 "-" "-"
89.161.206.59 - - [30/May/2025:04:06:24 +0200] "GET /Jurek/benetech/feeds/benetech_amazonit.xml HTTP/1.0" 200 4166030 "-" "-"
89.161.206.59 - - [30/May/2025:04:06:25 +0200] "GET /Jurek/benetech/feeds/benetech_amazones.xml HTTP/1.0" 200 4166031 "-" "-"
89.161.206.59 - - [30/May/2025:04:06:25 +0200] "GET /Jurek/benetech/feeds/benetech_amazonfr.xml HTTP/1.0" 200 4166031 "-" "-"
89.161.206.59 - - [30/May/2025:04:06:25 +0200] "GET /Jurek/benetech/feeds/benetech_amazonbe.xml HTTP/1.0" 200 4166029 "-" "-"
89.161.206.59 - - [30/May/2025:04:06:26 +0200] "GET /Jurek/benetech/feeds/benetech_amazonse.xml HTTP/1.0" 200 4166416 "-" "-"
89.161.206.59 - - [30/May/2025:04:06:27 +0200] "GET /Jurek/dekoele/feeds/dekoele_amazonde.xml HTTP/1.0" 200 734115 "-" "-"
89.161.206.59 - - [30/May/2025:04:06:27 +0200] "GET /Jurek/dekoele/feeds/dekoele_amazonit.xml HTTP/1.0" 200 734115 "-" "-"
89.161.206.59 - - [30/May/2025:04:06:27 +0200] "GET /Jurek/dekoele/feeds/dekoele_amazonfr.xml HTTP/1.0" 200 734115 "-" "-"
89.161.206.59 - - [30/May/2025:04:06:27 +0200] "GET /Jurek/dekoele/feeds/dekoele_amazones.xml HTTP/1.0" 200 734115 "-" "-"
89.161.206.59 - - [30/May/2025:04:06:27 +0200] "GET /Jurek/dekoele/feeds/dekoele_amazonnl.xml HTTP/1.0" 200 734115 "-" "-"
89.161.206.59 - - [30/May/2025:04:06:27 +0200] "GET /Jurek/dekoele/feeds/dekoele_amazonse.xml HTTP/1.0" 200 734188 "-" "-"
89.161.206.59 - - [30/May/2025:04:06:27 +0200] "GET /Jurek/dekoele/feeds/dekoele_amazonbe.xml HTTP/1.0" 200 734115 "-" "-"
89.161.206.59 - - [30/May/2025:04:06:29 +0200] "GET /Jurek/artdog/feeds/artdog_amazonfr.xml HTTP/1.0" 200 17173192 "-" "-"
89.161.206.59 - - [30/May/2025:04:06:30 +0200] "GET /Jurek/carbonyway/feeds/carbonyway_amazonde.xml HTTP/1.0" 200 3076780 "-" "-"
89.161.206.59 - - [30/May/2025:04:06:31 +0200] "GET /Jurek/kamar/feeds/kamar_amazonde.xml HTTP/1.0" 200 25584292 "-" "-"
51.77.52.107 - - [30/May/2025:04:06:34 +0200] "GET /Jurek/eurofirany/images/459296/0.jpg HTTP/2.0" 200 73457 "-" "baselinker"
51.77.52.107 - - [30/May/2025:04:06:39 +0200] "GET /Jurek/eurofirany/images/459297/0.jpg HTTP/2.0" 200 73457 "-" "baselinker"
51.77.52.107 - - [30/May/2025:04:06:54 +0200] "GET /Jurek/eurofirany/images/459297/0.jpg HTTP/2.0" 200 73457 "-" "baselinker"
51.77.52.107 - - [30/May/2025:04:07:07 +0200] "GET /Jurek/eurofirany/images/459297/0.jpg HTTP/2.0" 200 73457 "-" "baselinker"
51.77.52.107 - - [30/May/2025:04:07:12 +0200] "GET /Jurek/eurofirany/images/459298/0.jpg HTTP/2.0" 200 73457 "-" "baselinker"
51.77.52.107 - - [30/May/2025:04:07:18 +0200] "GET /Jurek/eurofirany/images/459298/0.jpg HTTP/2.0" 200 73457 "-" "baselinker"
51.77.52.107 - - [30/May/2025:04:07:32 +0200] "GET /Jurek/eurofirany/images/459298/0.jpg HTTP/2.0" 200 73457 "-" "baselinker"
85.14.86.141 - - [30/May/2025:04:07:37 +0200] "GET /Jurek/eurofirany/feeds/eurofirany_morele.xml HTTP/2.0" 200 18720286 "-" "MarketplaceAPI curl/7.74.0 PHP/8"
51.77.52.107 - - [30/May/2025:04:07:45 +0200] "GET /Jurek/eurofirany/images/459302/0.jpg HTTP/2.0" 200 116834 "-" "baselinker"
85.14.86.141 - - [30/May/2025:04:07:54 +0200] "GET /Jurek/vivaldi/feeds/vivaldi_Morele-PL.xml HTTP/2.0" 200 344674 "-" "MarketplaceAPI curl/7.74.0 PHP/8"
51.77.52.107 - - [30/May/2025:04:08:03 +0200] "GET /Jurek/eurofirany/images/459302/0.jpg HTTP/2.0" 200 116834 "-" "baselinker"
51.77.52.107 - - [30/May/2025:04:08:16 +0200] "GET /Jurek/eurofirany/images/459302/0.jpg HTTP/2.0" 200 116834 "-" "baselinker"
51.77.52.107 - - [30/May/2025:04:08:21 +0200] "GET /Jurek/eurofirany/images/459305/0.jpg HTTP/2.0" 200 110815 "-" "baselinker"
51.77.52.107 - - [30/May/2025:04:08:27 +0200] "GET /Jurek/eurofirany/images/459305/0.jpg HTTP/2.0" 200 110815 "-" "baselinker"
51.77.52.107 - - [30/May/2025:04:08:47 +0200] "GET /Jurek/eurofirany/images/459305/0.jpg HTTP/2.0" 200 110815 "-" "baselinker"
40.77.167.22 - - [30/May/2025:04:08:54 +0200] "GET /Jurek/eurofirany/images/406484/1.jpg HTTP/2.0" 200 57303 "-" "Mozilla/5.0 AppleWebKit/537.36 (KHTML, like Gecko; compatible; bingbot/2.0; +http://www.bing.com/bingbot.htm) Chrome/116.0.1938.76 Safari/537.36"
51.77.52.107 - - [30/May/2025:04:09:04 +0200] "GET /Jurek/eurofirany/images/459306/0.jpg HTTP/2.0" 200 110815 "-" "baselinker"
185.6.76.166 - - [30/May/2025:04:09:16 +0200] "GET /Jurek/eurofirany/images/410909/0.jpg HTTP/1.1" 200 147219 "-" "Skroutz ImageBot v1"
185.6.76.166 - - [30/May/2025:04:09:18 +0200] "GET /Jurek/eurofirany/images/419764/0.jpg HTTP/1.1" 200 6595 "-" "Skroutz ImageBot v1"
51.77.52.107 - - [30/May/2025:04:09:25 +0200] "GET /Jurek/eurofirany/images/459306/0.jpg HTTP/2.0" 200 110815 "-" "baselinker"
85.14.86.141 - - [30/May/2025:04:09:29 +0200] "GET /Jurek/vida_morele/feeds/VidaPL_morele.xml HTTP/2.0" 200 878971483 "-" "MarketplaceAPI curl/7.74.0 PHP/8"
85.14.86.141 - - [30/May/2025:04:09:37 +0200] "GET /Jurek/aw/feeds/awnarzedzia_morele.xml HTTP/2.0" 200 91145190 "-" "MarketplaceAPI curl/7.74.0 PHP/8"
51.77.52.107 - - [30/May/2025:04:09:41 +0200] "GET /Jurek/eurofirany/images/459306/0.jpg HTTP/2.0" 200 110815 "-" "baselinker"
46.101.116.244 - - [30/May/2025:04:09:45 +0200] "GET /Jurek/reman/feeds/reman_mallsiSH.xml HTTP/2.0" 200 1394777 "-" "-"
51.77.52.107 - - [30/May/2025:04:09:46 +0200] "GET /Jurek/eurofirany/images/459307/0.jpg HTTP/2.0" 200 113178 "-" "baselinker"
46.101.116.244 - - [30/May/2025:04:09:56 +0200] "GET /Jurek/sartrix/feeds/sartrix_mallsiSH.xml HTTP/2.0" 200 649660 "-" "-"
51.77.52.107 - - [30/May/2025:04:10:01 +0200] "GET /Jurek/eurofirany/images/459307/0.jpg HTTP/2.0" 200 113178 "-" "baselinker"
51.77.52.107 - - [30/May/2025:04:10:06 +0200] "GET /Jurek/eurofirany/images/459307/0.jpg HTTP/2.0" 200 113178 "-" "baselinker"
46.101.116.244 - - [30/May/2025:04:10:06 +0200] "GET /Jurek/szpaklampy/feeds/szpaklampy_mallsiSH.xml HTTP/2.0" 200 388474 "-" "-"
46.101.116.244 - - [30/May/2025:04:10:17 +0200] "GET /Jurek/benetech/feeds/benetech_mallsiSH.xml HTTP/2.0" 200 4166031 "-" "-"
51.77.52.107 - - [30/May/2025:04:10:24 +0200] "GET /Jurek/eurofirany/images/459308/0.jpg HTTP/2.0" 200 110815 "-" "baselinker"
46.101.116.244 - - [30/May/2025:04:10:27 +0200] "GET /Jurek/dekoele/feeds/dekoele_mallsish.xml HTTP/2.0" 200 734115 "-" "-"
51.77.52.107 - - [30/May/2025:04:10:30 +0200] "GET /Jurek/eurofirany/images/459308/0.jpg HTTP/2.0" 200 110815 "-" "baselinker"
46.101.116.244 - - [30/May/2025:04:10:38 +0200] "GET /Jurek/drewdon/feeds/drewdon_mallsish.xml HTTP/2.0" 200 504520 "-" "-"
85.14.86.141 - - [30/May/2025:04:10:42 +0200] "GET /Jurek/beliani/feeds/beliani_morele.xml HTTP/2.0" 200 30665083 "-" "MarketplaceAPI curl/7.74.0 PHP/8"
51.77.52.107 - - [30/May/2025:04:10:44 +0200] "GET /Jurek/eurofirany/images/459308/0.jpg HTTP/2.0" 200 110815 "-" "baselinker"
46.101.116.244 - - [30/May/2025:04:10:49 +0200] "GET /Jurek/emaja24/feeds/emaja24_mallsiSH.xml HTTP/2.0" 200 5117146 "-" "-"
51.77.52.107 - - [30/May/2025:04:10:59 +0200] "GET /Jurek/eurofirany/images/459310/0.jpg HTTP/2.0" 200 113178 "-" "baselinker"
46.101.116.244 - - [30/May/2025:04:11:02 +0200] "GET /Jurek/muminky/feeds/muminky_mallsiSH.xml HTTP/2.0" 200 2677679 "-" "-"
46.101.116.244 - - [30/May/2025:04:11:13 +0200] "GET /Jurek/pupus/feeds/pupus_mallsiSH.xml HTTP/2.0" 200 6154590 "-" "-"
51.77.52.107 - - [30/May/2025:04:11:14 +0200] "GET /Jurek/eurofirany/images/459310/0.jpg HTTP/2.0" 200 113178 "-" "baselinker"
51.77.52.107 - - [30/May/2025:04:11:20 +0200] "GET /Jurek/eurofirany/images/459310/0.jpg HTTP/2.0" 200 113178 "-" "baselinker"
46.101.116.244 - - [30/May/2025:04:11:22 +0200] "GET /Jurek/fernity/feeds/fernity_cdiscount.xml HTTP/1.0" 200 3143461 "-" "-"
46.101.116.244 - - [30/May/2025:04:11:24 +0200] "GET /Jurek/erohurtownia/feeds/erohurtownia_mallsish.xml HTTP/2.0" 200 22847729 "-" "-"
51.77.52.107 - - [30/May/2025:04:11:38 +0200] "GET /Jurek/eurofirany/images/459333/0.jpg HTTP/2.0" 200 102128 "-" "baselinker"
46.101.116.244 - - [30/May/2025:04:11:40 +0200] "GET /Jurek/oromed/feeds/oromed_mallsish.xml HTTP/2.0" 200 1290091 "-" "-"
51.77.52.107 - - [30/May/2025:04:11:52 +0200] "GET /Jurek/eurofirany/images/459333/0.jpg HTTP/2.0" 200 102128 "-" "baselinker"
51.77.52.107 - - [30/May/2025:04:11:56 +0200] "GET /Jurek/eurofirany/images/459333/0.jpg HTTP/2.0" 200 102128 "-" "baselinker"
51.77.52.107 - - [30/May/2025:04:12:01 +0200] "GET /Jurek/eurofirany/images/459335/0.jpg HTTP/2.0" 200 102128 "-" "baselinker"
46.101.116.244 - - [30/May/2025:04:12:06 +0200] "GET /Jurek/urwiskowo/feeds/urwiskowo_mallsish.xml HTTP/2.0" 200 9115101 "-" "-"
51.77.52.107 - - [30/May/2025:04:12:18 +0200] "GET /Jurek/eurofirany/images/459335/0.jpg HTTP/2.0" 200 102128 "-" "baselinker"
46.101.116.244 - - [30/May/2025:04:12:19 +0200] "GET /Jurek/eroplace/feeds/eroplace_mallsish.xml HTTP/2.0" 200 52182366 "-" "-"
51.77.52.107 - - [30/May/2025:04:12:25 +0200] "GET /Jurek/eurofirany/images/459335/0.jpg HTTP/2.0" 200 102128 "-" "baselinker"
51.77.52.107 - - [30/May/2025:04:12:31 +0200] "GET /Jurek/eurofirany/images/459397/0.jpg HTTP/2.0" 200 88567 "-" "baselinker"
46.101.116.244 - - [30/May/2025:04:12:39 +0200] "GET /Jurek/bass_new/feeds/bass_mallsish.xml HTTP/2.0" 200 7039570 "-" "-"
46.101.116.244 - - [30/May/2025:04:12:45 +0200] "GET /Jurek/kinghoff/feeds/kinghoff_allegro.xml HTTP/1.0" 200 15635646 "-" "-"
51.77.52.107 - - [30/May/2025:04:12:50 +0200] "GET /Jurek/eurofirany/images/459397/0.jpg HTTP/2.0" 200 88567 "-" "baselinker"
46.101.116.244 - - [30/May/2025:04:12:50 +0200] "GET /Jurek/ekuchcikowo/feeds/ekuchcikowo_mallsish.xml HTTP/2.0" 200 12476194 "-" "-"
51.77.52.107 - - [30/May/2025:04:12:53 +0200] "GET /Jurek/eurofirany/images/459397/0.jpg HTTP/2.0" 200 88567 "-" "baselinker"
46.101.116.244 - - [30/May/2025:04:13:01 +0200] "GET /Jurek/sempler/feeds/sempler_mallsish.xml HTTP/2.0" 200 6791390 "-" "-"
51.77.52.107 - - [30/May/2025:04:13:07 +0200] "GET /Jurek/eurofirany/images/459399/0.jpg HTTP/2.0" 200 88567 "-" "baselinker"
51.77.52.107 - - [30/May/2025:04:13:21 +0200] "GET /Jurek/eurofirany/images/459399/0.jpg HTTP/2.0" 200 88567 "-" "baselinker"
46.101.116.244 - - [30/May/2025:04:13:35 +0200] "GET /Jurek/slayo/feeds/slayo_mallsish.xml HTTP/2.0" 200 183622 "-" "-"
51.77.52.107 - - [30/May/2025:04:13:35 +0200] "GET /Jurek/eurofirany/images/459399/0.jpg HTTP/2.0" 200 88567 "-" "baselinker"
46.101.116.244 - - [30/May/2025:04:13:45 +0200] "GET /Jurek/mosti/feeds/mosti_mallsish.xml HTTP/2.0" 200 4632161 "-" "-"
46.101.116.244 - - [30/May/2025:04:13:45 +0200] "GET /Jurek/amzteam/feeds/amzteam_mallsish.xml HTTP/2.0" 200 97837 "-" "-"
46.101.116.244 - - [30/May/2025:04:13:46 +0200] "GET /Jurek/artdog/feeds/artdog_mallsish.xml HTTP/2.0" 200 17173192 "-" "-"
46.101.116.244 - - [30/May/2025:04:13:47 +0200] "GET /Jurek/kambukka/feeds/kambukka_mallsish.xml HTTP/2.0" 200 1023152 "-" "-"
51.77.52.107 - - [30/May/2025:04:13:49 +0200] "GET /Jurek/eurofirany/images/459416/0.jpg HTTP/2.0" 200 93178 "-" "baselinker"
51.77.52.107 - - [30/May/2025:04:13:54 +0200] "GET /Jurek/eurofirany/images/459416/0.jpg HTTP/2.0" 200 93178 "-" "baselinker"
