77.79.248.229 - - [30/May/2025:11:29:04 +0200] "GET /Jurek/velinda/feeds/velinda_piguEX.xml HTTP/1.1" 200 4226895 "-" "Python-urllib/3.11"
77.79.248.229 - - [30/May/2025:11:29:04 +0200] "GET /Jurek/smxdesign/feeds/smxdesign_manoFR.xml HTTP/1.1" 200 1829022 "-" "Python-urllib/3.11"
77.79.248.229 - - [30/May/2025:11:29:04 +0200] "GET /Jurek/techrebalina/feeds/techrebalina_manoFR.xml HTTP/1.1" 200 2011217 "-" "Python-urllib/3.11"
77.79.248.229 - - [30/May/2025:11:29:04 +0200] "GET /Jurek/velinda/feeds/velinda_piguEX.xml HTTP/1.1" 200 4226895 "-" "Python-urllib/3.11"
77.79.248.229 - - [30/May/2025:11:29:04 +0200] "GET /Jurek/cdata/feeds/cdata_manoFR.xml HTTP/1.1" 200 1445166 "-" "Python-urllib/3.11"
77.79.248.229 - - [30/May/2025:11:29:05 +0200] "GET /Jurek/omi/feeds/omi_manoFR.xml HTTP/1.1" 200 8100659 "-" "Python-urllib/3.11"
77.79.248.229 - - [30/May/2025:11:29:05 +0200] "GET /Jurek/erohurtownia/feeds/erohurtownia_piguEX.xml HTTP/1.1" 200 22841533 "-" "Python-urllib/3.11"
193.33.8.61 - - [30/May/2025:11:29:05 +0200] "GET /Jurek/drewdon/feeds/drewdon_bol.xml HTTP/1.1" 200 504445 "-" "python-requests/2.32.3"
77.79.248.229 - - [30/May/2025:11:29:05 +0200] "GET /Jurek/tsjerzy/feeds/tsjerzy_manoFR.xml HTTP/1.1" 200 3897668 "-" "Python-urllib/3.11"
77.79.248.229 - - [30/May/2025:11:29:05 +0200] "GET /Jurek/narzbud/feeds/narzbud_manoFR.xml HTTP/1.1" 200 1901232 "-" "Python-urllib/3.11"
77.79.248.229 - - [30/May/2025:11:29:05 +0200] "GET /Jurek/erohurtownia/feeds/erohurtownia_pigufiEX.xml HTTP/1.1" 200 22841395 "-" "Python-urllib/3.11"
77.79.248.229 - - [30/May/2025:11:29:05 +0200] "GET /Jurek/makow/feeds/makow_manoFR.xml HTTP/1.1" 200 21203821 "-" "Python-urllib/3.11"
193.33.8.61 - - [30/May/2025:11:29:05 +0200] "GET /Jurek/najtanszysport/feeds/najtanszysport_bol.xml HTTP/1.1" 200 3982833 "-" "python-requests/2.32.3"
77.79.248.229 - - [30/May/2025:11:29:05 +0200] "GET /Jurek/erohurtownia/feeds/erohurtownia_piguEX.xml HTTP/1.1" 200 22841533 "-" "Python-urllib/3.11"
77.79.248.229 - - [30/May/2025:11:29:05 +0200] "GET /Jurek/jankeski/feeds/jankeski_manoFR.xml HTTP/1.1" 200 6571201 "-" "Python-urllib/3.11"
77.79.248.229 - - [30/May/2025:11:29:06 +0200] "GET /Jurek/gandalf/feeds/gandalf_manoFR.xml HTTP/1.1" 200 1082539 "-" "Python-urllib/3.11"
77.79.248.229 - - [30/May/2025:11:29:06 +0200] "GET /Jurek/erohurtownia/feeds/erohurtownia_piguEX.xml HTTP/1.1" 200 22841533 "-" "Python-urllib/3.11"
77.79.248.229 - - [30/May/2025:11:29:06 +0200] "GET /Jurek/reman/feeds/reman_piguEX.xml HTTP/1.1" 200 1394822 "-" "Python-urllib/3.11"
193.33.8.61 - - [30/May/2025:11:29:06 +0200] "GET /Jurek/princelh/feeds/princelh_bol.xml HTTP/1.1" 200 133435 "-" "python-requests/2.32.3"
77.79.248.229 - - [30/May/2025:11:29:06 +0200] "GET /Jurek/reman/feeds/reman_pigufiEX.xml HTTP/1.1" 200 1394831 "-" "Python-urllib/3.11"
77.79.248.229 - - [30/May/2025:11:29:06 +0200] "GET /Jurek/zenex/feeds/zenex_manoFR.xml HTTP/1.1" 200 541212 "-" "Python-urllib/3.11"
77.79.248.229 - - [30/May/2025:11:29:06 +0200] "GET /Jurek/reman/feeds/reman_piguEX.xml HTTP/1.1" 200 1394822 "-" "Python-urllib/3.11"
77.79.248.229 - - [30/May/2025:11:29:06 +0200] "GET /Jurek/andex/feeds/andex_manoFR.xml HTTP/1.1" 200 1953390 "-" "Python-urllib/3.11"
77.79.248.229 - - [30/May/2025:11:29:06 +0200] "GET /Jurek/reman/feeds/reman_piguEX.xml HTTP/1.1" 200 1394822 "-" "Python-urllib/3.11"
77.79.248.229 - - [30/May/2025:11:29:06 +0200] "GET /Jurek/sebmart/feeds/sebmart_manoFR.xml HTTP/1.1" 200 1598675 "-" "Python-urllib/3.11"
193.33.8.61 - - [30/May/2025:11:29:06 +0200] "GET /Jurek/sklep24amk/feeds/sklep24amk_bol.xml HTTP/1.1" 200 3894602 "-" "python-requests/2.32.3"
77.79.248.229 - - [30/May/2025:11:29:06 +0200] "GET /Jurek/urwiskowo/feeds/urwiskowo_piguEX.xml HTTP/1.1" 200 9114239 "-" "Python-urllib/3.11"
77.79.248.229 - - [30/May/2025:11:29:06 +0200] "GET /Jurek/benetech/feeds/benetech_manofr.xml HTTP/1.1" 200 4165404 "-" "Python-urllib/3.11"
77.79.248.229 - - [30/May/2025:11:29:06 +0200] "GET /Jurek/dekoele/feeds/dekoele_manomanoFR.xml HTTP/1.1" 200 733940 "-" "Python-urllib/3.11"
193.33.8.61 - - [30/May/2025:11:29:06 +0200] "GET /Jurek/sartrix/feeds/sartrix_bol.xml HTTP/1.1" 200 649125 "-" "python-requests/2.32.3"
77.79.248.229 - - [30/May/2025:11:29:07 +0200] "GET /Jurek/urwiskowo/feeds/urwiskowo_pigufiEX.xml HTTP/1.1" 200 9114180 "-" "Python-urllib/3.11"
77.79.248.229 - - [30/May/2025:11:29:07 +0200] "GET /Jurek/mojeledy/feeds/mojeledy_manoFR.xml HTTP/1.1" 200 1018444 "-" "Python-urllib/3.11"
77.79.248.229 - - [30/May/2025:11:29:07 +0200] "GET /Jurek/rovato/feeds/rovato_manoFR.xml HTTP/1.1" 200 180835 "-" "Python-urllib/3.11"
77.79.248.229 - - [30/May/2025:11:29:07 +0200] "GET /Jurek/urwiskowo/feeds/urwiskowo_piguEX.xml HTTP/1.1" 200 9114239 "-" "Python-urllib/3.11"
77.79.248.229 - - [30/May/2025:11:29:07 +0200] "GET /Jurek/urwiskowo/feeds/urwiskowo_piguEX.xml HTTP/1.1" 200 9114239 "-" "Python-urllib/3.11"
77.79.248.229 - - [30/May/2025:11:29:07 +0200] "GET /Jurek/combine/feeds/combine_piguEX.xml HTTP/1.1" 200 210556 "-" "Python-urllib/3.11"
193.33.8.61 - - [30/May/2025:11:29:07 +0200] "GET /Jurek/purewear/feeds/purewear_bol.xml HTTP/1.1" 200 13350582 "-" "python-requests/2.32.3"
77.79.248.229 - - [30/May/2025:11:29:07 +0200] "GET /Jurek/combine/feeds/combine_pigufiEX.xml HTTP/1.1" 200 210552 "-" "Python-urllib/3.11"
77.79.248.229 - - [30/May/2025:11:29:08 +0200] "GET /Jurek/combine/feeds/combine_piguEX.xml HTTP/1.1" 200 210556 "-" "Python-urllib/3.11"
77.79.248.229 - - [30/May/2025:11:29:08 +0200] "GET /Jurek/combine/feeds/combine_piguEX.xml HTTP/1.1" 200 210556 "-" "Python-urllib/3.11"
77.79.248.229 - - [30/May/2025:11:29:08 +0200] "GET /Jurek/eldar/feeds/eldar_piguEX.xml HTTP/1.1" 200 7326749 "-" "Python-urllib/3.11"
193.33.8.61 - - [30/May/2025:11:29:08 +0200] "GET /Jurek/eoptimo/feeds/eoptimo_bol.xml HTTP/1.1" 200 2094374 "-" "python-requests/2.32.3"
77.79.248.229 - - [30/May/2025:11:29:08 +0200] "GET /Jurek/eldar/feeds/eldar_pigufiEX.xml HTTP/1.1" 200 7326303 "-" "Python-urllib/3.11"
193.33.8.61 - - [30/May/2025:11:29:08 +0200] "GET /Jurek/german/feeds/german_bol.xml HTTP/1.1" 200 2853560 "-" "python-requests/2.32.3"
77.79.248.229 - - [30/May/2025:11:29:08 +0200] "GET /Jurek/eldar/feeds/eldar_piguEX.xml HTTP/1.1" 200 7326749 "-" "Python-urllib/3.11"
77.79.248.229 - - [30/May/2025:11:29:08 +0200] "GET /Jurek/piotrmiedz/feeds/piotrmiedz_manoFR.xml HTTP/1.1" 200 91046100 "-" "Python-urllib/3.11"
193.33.8.61 - - [30/May/2025:11:29:08 +0200] "GET /Jurek/szpaklampy/feeds/szpaklampy_bol.xml HTTP/1.1" 200 388200 "-" "python-requests/2.32.3"
77.79.248.229 - - [30/May/2025:11:29:09 +0200] "GET /Jurek/sartrix/feeds/sartrix_manomanoFR.xml HTTP/1.1" 200 649169 "-" "Python-urllib/3.11"
77.79.248.229 - - [30/May/2025:11:29:09 +0200] "GET /Jurek/eldar/feeds/eldar_piguEX.xml HTTP/1.1" 200 7326749 "-" "Python-urllib/3.11"
77.79.248.229 - - [30/May/2025:11:29:09 +0200] "GET /Jurek/drewdon/feeds/drewdon_manomanoFR.xml HTTP/1.1" 200 504435 "-" "Python-urllib/3.11"
77.79.248.229 - - [30/May/2025:11:29:09 +0200] "GET /Jurek/kinghoff/feeds/kinghoff_piguEX.xml HTTP/1.1" 200 15633921 "-" "Python-urllib/3.11"
77.79.248.229 - - [30/May/2025:11:29:09 +0200] "GET /Jurek/pupus/feeds/pupus_manomanoFR.xml HTTP/1.1" 200 6154624 "-" "Python-urllib/3.11"
77.79.248.229 - - [30/May/2025:11:29:09 +0200] "GET /Jurek/artdog/feeds/artdog_manomanoFR.xml HTTP/1.1" 200 17157476 "-" "Python-urllib/3.11"
77.79.248.229 - - [30/May/2025:11:29:09 +0200] "GET /Jurek/kinghoff/feeds/kinghoff_pigufiEX.xml HTTP/1.1" 200 15634009 "-" "Python-urllib/3.11"
77.79.248.229 - - [30/May/2025:11:29:09 +0200] "GET /Jurek/reman/feeds/reman_manoamnoFR.xml HTTP/1.1" 200 1394827 "-" "Python-urllib/3.11"
77.79.248.229 - - [30/May/2025:11:29:10 +0200] "GET /Jurek/pawonik/feeds/pawonik_manoFR.xml HTTP/1.1" 200 2138445 "-" "Python-urllib/3.11"
77.79.248.229 - - [30/May/2025:11:29:10 +0200] "GET /Jurek/kinghoff/feeds/kinghoff_piguEX.xml HTTP/1.1" 200 15633921 "-" "Python-urllib/3.11"
77.79.248.229 - - [30/May/2025:11:29:10 +0200] "GET /Jurek/alucon/feeds/alucon_manoFR.xml HTTP/1.1" 200 553565 "-" "Python-urllib/3.11"
193.33.8.61 - - [30/May/2025:11:29:10 +0200] "GET /Jurek/rider/feeds/rider_bol.xml HTTP/1.1" 200 8165123 "-" "python-requests/2.32.3"
77.79.248.229 - - [30/May/2025:11:29:10 +0200] "GET /Jurek/sovapl/feeds/sovapl_manoFR.xml HTTP/1.1" 200 8999651 "-" "Python-urllib/3.11"
77.79.248.229 - - [30/May/2025:11:29:10 +0200] "GET /Jurek/kinghoff/feeds/kinghoff_piguEX.xml HTTP/1.1" 200 15633921 "-" "Python-urllib/3.11"
77.79.248.229 - - [30/May/2025:11:29:10 +0200] "GET /Jurek/missionair/feeds/missionair_manoFR.xml HTTP/1.1" 200 3154846 "-" "Python-urllib/3.11"
193.33.8.61 - - [30/May/2025:11:29:10 +0200] "GET /Jurek/motofan/feeds/motofan_bol.xml HTTP/1.1" 200 2392157 "-" "python-requests/2.32.3"
193.33.8.61 - - [30/May/2025:11:29:10 +0200] "GET /Jurek/dekoele/feeds/dekoele_bol.xml HTTP/1.1" 200 733937 "-" "python-requests/2.32.3"
193.33.8.61 - - [30/May/2025:11:29:10 +0200] "GET /Jurek/shiori/feeds/shiori_bol.xml HTTP/1.1" 200 453655 "-" "python-requests/2.32.3"
77.79.248.229 - - [30/May/2025:11:29:11 +0200] "GET /Jurek/action/feeds/action_piguEX.xml HTTP/1.1" 200 60147447 "-" "Python-urllib/3.11"
77.79.248.229 - - [30/May/2025:11:29:11 +0200] "GET /Jurek/action/feeds/action_pigufiEX.xml HTTP/1.1" 200 60148457 "-" "Python-urllib/3.11"
77.79.248.229 - - [30/May/2025:11:29:12 +0200] "GET /Jurek/action/feeds/action_piguEX.xml HTTP/1.1" 200 60147447 "-" "Python-urllib/3.11"
77.79.248.229 - - [30/May/2025:11:29:13 +0200] "GET /Jurek/action/feeds/action_piguEX.xml HTTP/1.1" 200 60147447 "-" "Python-urllib/3.11"
77.79.248.229 - - [30/May/2025:11:29:13 +0200] "GET /Jurek/apresto/feeds/apresto_manoFR.xml HTTP/1.1" 200 1327602 "-" "Python-urllib/3.11"
77.79.248.229 - - [30/May/2025:11:29:14 +0200] "GET /Jurek/aw/feeds/aw_piguEX.xml HTTP/1.1" 200 91214831 "-" "Python-urllib/3.11"
77.79.248.229 - - [30/May/2025:11:29:15 +0200] "GET /Jurek/hurtownia_przemyslowa/feeds/hp_manomanoit.xml HTTP/1.1" 200 49361841 "-" "Python-urllib/3.11"
77.79.248.229 - - [30/May/2025:11:29:15 +0200] "GET /Jurek/eurofirany/feeds/eurofirany_manomanoit.xml HTTP/1.1" 200 18718713 "-" "Python-urllib/3.11"
77.79.248.229 - - [30/May/2025:11:29:16 +0200] "GET /Jurek/aw/feeds/aw_pigufiEX.xml HTTP/1.1" 200 91218187 "-" "Python-urllib/3.11"
77.79.248.229 - - [30/May/2025:11:29:16 +0200] "GET /Jurek/fernity/feeds/fernity_manoIT.xml HTTP/1.1" 200 4718493 "-" "Python-urllib/3.11"
77.79.248.229 - - [30/May/2025:11:29:16 +0200] "GET /Jurek/topeshop/feeds/topeshop_manoIT.xml HTTP/1.1" 200 3024471 "-" "Python-urllib/3.11"
77.79.248.229 - - [30/May/2025:11:29:17 +0200] "GET /Jurek/aw/feeds/aw_piguEX.xml HTTP/1.1" 200 91214831 "-" "Python-urllib/3.11"
77.79.248.229 - - [30/May/2025:11:29:18 +0200] "GET /Jurek/action/feeds/action_manomano_IT.xml HTTP/1.1" 200 59471638 "-" "Python-urllib/3.11"
77.79.248.229 - - [30/May/2025:11:29:18 +0200] "GET /Jurek/activeshop/feeds/activeshop_manomanoit.xml HTTP/1.1" 200 10418484 "-" "Python-urllib/3.11"
77.79.248.229 - - [30/May/2025:11:29:18 +0200] "GET /Jurek/aw/feeds/aw_piguEX.xml HTTP/1.1" 200 91214831 "-" "Python-urllib/3.11"
77.79.248.229 - - [30/May/2025:11:29:19 +0200] "GET /Jurek/eurofirany/feeds/eurofirany_piguEX.xml HTTP/1.1" 200 18718701 "-" "Python-urllib/3.11"
77.79.248.229 - - [30/May/2025:11:29:19 +0200] "GET /Jurek/eurofirany/feeds/eurofirany_piguFIEX.xml HTTP/1.1" 200 18718751 "-" "Python-urllib/3.11"
77.79.248.229 - - [30/May/2025:11:29:20 +0200] "GET /Jurek/aw/feeds/awnarzedzia_manomanoIT.xml HTTP/1.1" 200 91228125 "-" "Python-urllib/3.11"
77.79.248.229 - - [30/May/2025:11:29:20 +0200] "GET /Jurek/eurofirany/feeds/eurofirany_piguEX.xml HTTP/1.1" 200 18718701 "-" "Python-urllib/3.11"
77.79.248.229 - - [30/May/2025:11:29:20 +0200] "GET /Jurek/eurofirany/feeds/eurofirany_piguEX.xml HTTP/1.1" 200 18718701 "-" "Python-urllib/3.11"
77.79.248.229 - - [30/May/2025:11:29:20 +0200] "GET /Jurek/barbecook/feeds/barbecook_manoit.xml HTTP/1.1" 200 87536 "-" "Python-urllib/3.11"
77.79.248.229 - - [30/May/2025:11:29:20 +0200] "GET /Jurek/drewdon/feeds/drewdon_manomanoIT.xml HTTP/1.1" 200 504447 "-" "Python-urllib/3.11"
193.33.8.61 - - [30/May/2025:11:29:21 +0200] "GET /Jurek/dropkz/feeds/dropkz_bol.xml HTTP/1.1" 200 70013939 "-" "python-requests/2.32.3"
77.79.248.229 - - [30/May/2025:11:29:21 +0200] "GET /Jurek/muminky/feeds/muminky_piguEX.xml HTTP/1.1" 200 2677683 "-" "Python-urllib/3.11"
77.79.248.229 - - [30/May/2025:11:29:21 +0200] "GET /Jurek/muminky/feeds/muminky_piguFIEX.xml HTTP/1.1" 200 2677703 "-" "Python-urllib/3.11"
77.79.248.229 - - [30/May/2025:11:29:21 +0200] "GET /Jurek/pupus/feeds/pupus_manomanoIT.xml HTTP/1.1" 200 6153972 "-" "Python-urllib/3.11"
77.79.248.229 - - [30/May/2025:11:29:21 +0200] "GET /Jurek/muminky/feeds/muminky_piguEX.xml HTTP/1.1" 200 2677683 "-" "Python-urllib/3.11"
77.79.248.229 - - [30/May/2025:11:29:21 +0200] "GET /Jurek/reman/feeds/reman_manoamnoIT.xml HTTP/1.1" 200 1394822 "-" "Python-urllib/3.11"
77.79.248.229 - - [30/May/2025:11:29:21 +0200] "GET /Jurek/muminky/feeds/muminky_piguEX.xml HTTP/1.1" 200 2677683 "-" "Python-urllib/3.11"
77.79.248.229 - - [30/May/2025:11:29:21 +0200] "GET /Jurek/artdog/feeds/artdog_manomanoIT.xml HTTP/1.1" 200 17159240 "-" "Python-urllib/3.11"
77.79.248.229 - - [30/May/2025:11:29:21 +0200] "GET /Jurek/benetech/feeds/benetech_piguEX.xml HTTP/1.1" 200 4165381 "-" "Python-urllib/3.11"
77.79.248.229 - - [30/May/2025:11:29:21 +0200] "GET /Jurek/sartrix/feeds/sartrix_manomanoIT.xml HTTP/1.1" 200 649187 "-" "Python-urllib/3.11"
77.79.248.229 - - [30/May/2025:11:29:21 +0200] "GET /Jurek/benetech/feeds/benetech_piguFIEX.xml HTTP/1.1" 200 4165407 "-" "Python-urllib/3.11"
77.79.248.229 - - [30/May/2025:11:29:21 +0200] "GET /Jurek/hlo/feeds/hlo_manomanoIT.xml HTTP/1.1" 200 4838655 "-" "Python-urllib/3.11"
77.79.248.229 - - [30/May/2025:11:29:21 +0200] "GET /Jurek/benetech/feeds/benetech_piguEX.xml HTTP/1.1" 200 4165381 "-" "Python-urllib/3.11"
77.79.248.229 - - [30/May/2025:11:29:21 +0200] "GET /Jurek/benetech/feeds/benetech_piguEX.xml HTTP/1.1" 200 4165381 "-" "Python-urllib/3.11"
77.79.248.229 - - [30/May/2025:11:29:22 +0200] "GET /Jurek/hurtmeblowy/feeds/hurtmeblowy_ManoIT.xml HTTP/1.1" 200 7739645 "-" "Python-urllib/3.11"
77.79.248.229 - - [30/May/2025:11:29:22 +0200] "GET /Jurek/pupus/feeds/pupus_piguEX.xml HTTP/1.1" 200 6154417 "-" "Python-urllib/3.11"
77.79.248.229 - - [30/May/2025:11:29:22 +0200] "GET /Jurek/pupus/feeds/pupus_piguFIEX.xml HTTP/1.1" 200 6154544 "-" "Python-urllib/3.11"
77.79.248.229 - - [30/May/2025:11:29:22 +0200] "GET /Jurek/pupus/feeds/pupus_piguEX.xml HTTP/1.1" 200 6154417 "-" "Python-urllib/3.11"
77.79.248.229 - - [30/May/2025:11:29:22 +0200] "GET /Jurek/szpaklampy/feeds/szpaklampy_manoIT.xml HTTP/1.1" 200 388213 "-" "Python-urllib/3.11"
77.79.248.229 - - [30/May/2025:11:29:22 +0200] "GET /Jurek/drops/feeds/dropsofficecolection_manoIT.xml HTTP/1.1" 200 790846 "-" "Python-urllib/3.11"
77.79.248.229 - - [30/May/2025:11:29:22 +0200] "GET /Jurek/pupus/feeds/pupus_piguEX.xml HTTP/1.1" 200 6154417 "-" "Python-urllib/3.11"
77.79.248.229 - - [30/May/2025:11:29:22 +0200] "GET /Jurek/kristronik/feeds/kristronik_manoIT.xml HTTP/1.1" 200 691987 "-" "Python-urllib/3.11"
77.79.248.229 - - [30/May/2025:11:29:22 +0200] "GET /Jurek/techrebal/feeds/techrebal_manoIT.xml HTTP/1.1" 200 1989740 "-" "Python-urllib/3.11"
77.79.248.229 - - [30/May/2025:11:29:22 +0200] "GET /Jurek/proparts/feeds/proparts_manoIT.xml HTTP/1.1" 200 707492 "-" "Python-urllib/3.11"
193.33.8.61 - - [30/May/2025:11:29:23 +0200] "GET /Jurek/urwiskowo/feeds/urwiskowo_bol.xml HTTP/1.1" 200 9114974 "-" "python-requests/2.32.3"
193.33.8.61 - - [30/May/2025:11:29:23 +0200] "GET /Jurek/beautycare/feeds/beautycare_bol.xml HTTP/1.1" 200 1181276 "-" "python-requests/2.32.3"
77.79.248.229 - - [30/May/2025:11:29:24 +0200] "GET /Jurek/ikonka/feeds/ikonka_piguEX.xml HTTP/1.1" 200 20822256 "-" "Python-urllib/3.11"
193.33.8.61 - - [30/May/2025:11:29:24 +0200] "GET /Jurek/takapara/feeds/takapara_bol.xml HTTP/1.1" 200 1342602 "-" "python-requests/2.32.3"
193.33.8.61 - - [30/May/2025:11:29:24 +0200] "GET /Jurek/smxdesign/feeds/smxdesign_bol.xml HTTP/1.1" 200 1829040 "-" "python-requests/2.32.3"
89.161.206.59 - - [30/May/2025:11:29:24 +0200] "GET /Jurek/lerutrade/feeds/lerutrade_manoFR.xml HTTP/1.0" 200 82821 "-" "-"
193.33.8.61 - - [30/May/2025:11:29:24 +0200] "GET /Jurek/proparts/feeds/proparts_bol.xml HTTP/1.1" 200 707491 "-" "python-requests/2.32.3"
77.79.248.229 - - [30/May/2025:11:29:24 +0200] "GET /Jurek/ikonka/feeds/ikonka_piguFIEX.xml HTTP/1.1" 200 20822271 "-" "Python-urllib/3.11"
77.79.248.229 - - [30/May/2025:11:29:24 +0200] "GET /Jurek/broers/feeds/broers_manoIT.xml HTTP/1.1" 200 1982530 "-" "Python-urllib/3.11"
77.79.248.229 - - [30/May/2025:11:29:24 +0200] "GET /Jurek/em3/feeds/em3_manoIT.xml HTTP/1.1" 200 258922 "-" "Python-urllib/3.11"
77.79.248.229 - - [30/May/2025:11:29:24 +0200] "GET /Jurek/ikonka/feeds/ikonka_piguEX.xml HTTP/1.1" 200 20822256 "-" "Python-urllib/3.11"
77.79.248.229 - - [30/May/2025:11:29:25 +0200] "GET /Jurek/evil/feeds/evil_manoIT.xml HTTP/1.1" 200 306388 "-" "Python-urllib/3.11"
77.79.248.229 - - [30/May/2025:11:29:25 +0200] "GET /Jurek/hdwr/feeds/hdwr_manoIT.xml HTTP/1.1" 200 789430 "-" "Python-urllib/3.11"
77.79.248.229 - - [30/May/2025:11:29:25 +0200] "GET /Jurek/ikonka/feeds/ikonka_piguEX.xml HTTP/1.1" 200 20822256 "-" "Python-urllib/3.11"
77.79.248.229 - - [30/May/2025:11:29:25 +0200] "GET /Jurek/lampart/feeds/lampart_manoIT.xml HTTP/1.1" 200 936036 "-" "Python-urllib/3.11"
77.79.248.229 - - [30/May/2025:11:29:25 +0200] "GET /Jurek/nonabox/feeds/nonabox_manoIT.xml HTTP/1.1" 200 33865 "-" "Python-urllib/3.11"
77.79.248.229 - - [30/May/2025:11:29:25 +0200] "GET /Jurek/beltimore/feeds/beltimore_piguEX.xml HTTP/1.1" 200 18652150 "-" "Python-urllib/3.11"
77.79.248.229 - - [30/May/2025:11:29:25 +0200] "GET /Jurek/smxdesign/feeds/smxdesign_manoIT.xml HTTP/1.1" 200 1829028 "-" "Python-urllib/3.11"
77.79.248.229 - - [30/May/2025:11:29:25 +0200] "GET /Jurek/techrebalina/feeds/techrebalina_manoIT.xml HTTP/1.1" 200 2011218 "-" "Python-urllib/3.11"
77.79.248.229 - - [30/May/2025:11:29:25 +0200] "GET /Jurek/beltimore/feeds/beltimore_piguFIEX.xml HTTP/1.1" 200 18652324 "-" "Python-urllib/3.11"
77.79.248.229 - - [30/May/2025:11:29:25 +0200] "GET /Jurek/omi/feeds/omi_manoIT.xml HTTP/1.1" 200 8100717 "-" "Python-urllib/3.11"
193.33.8.61 - - [30/May/2025:11:29:26 +0200] "GET /Jurek/makow/feeds/makow_bol.xml HTTP/1.1" 200 21203658 "-" "python-requests/2.32.3"
77.79.248.229 - - [30/May/2025:11:29:26 +0200] "GET /Jurek/tsjerzy/feeds/tsjerzy_manoIT.xml HTTP/1.1" 200 3897727 "-" "Python-urllib/3.11"
77.79.248.229 - - [30/May/2025:11:29:26 +0200] "GET /Jurek/beltimore/feeds/beltimore_piguEX.xml HTTP/1.1" 200 18652150 "-" "Python-urllib/3.11"
77.79.248.229 - - [30/May/2025:11:29:26 +0200] "GET /Jurek/narzbud/feeds/narzbud_manoIT.xml HTTP/1.1" 200 1901235 "-" "Python-urllib/3.11"
77.79.248.229 - - [30/May/2025:11:29:26 +0200] "GET /Jurek/makow/feeds/makow_manoIT.xml HTTP/1.1" 200 21203846 "-" "Python-urllib/3.11"
77.79.248.229 - - [30/May/2025:11:29:26 +0200] "GET /Jurek/beltimore/feeds/beltimore_piguEX.xml HTTP/1.1" 200 18652150 "-" "Python-urllib/3.11"
77.79.248.229 - - [30/May/2025:11:29:26 +0200] "GET /Jurek/jankeski/feeds/jankeski_manoIT.xml HTTP/1.1" 200 6571200 "-" "Python-urllib/3.11"
77.79.248.229 - - [30/May/2025:11:29:26 +0200] "GET /Jurek/gandalf/feeds/gandalf_manoIT.xml HTTP/1.1" 200 1082540 "-" "Python-urllib/3.11"
77.79.248.229 - - [30/May/2025:11:29:27 +0200] "GET /Jurek/zenex/feeds/zenex_manoIT.xml HTTP/1.1" 200 541212 "-" "Python-urllib/3.11"
77.79.248.229 - - [30/May/2025:11:29:27 +0200] "GET /Jurek/andex/feeds/andex_manoIT.xml HTTP/1.1" 200 1953385 "-" "Python-urllib/3.11"
77.79.248.229 - - [30/May/2025:11:29:27 +0200] "GET /Jurek/sebmart/feeds/sebmart_manoIT.xml HTTP/1.1" 200 1598714 "-" "Python-urllib/3.11"
77.79.248.229 - - [30/May/2025:11:29:27 +0200] "GET /Jurek/benetech/feeds/benetech_manoit.xml HTTP/1.1" 200 4165402 "-" "Python-urllib/3.11"
77.79.248.229 - - [30/May/2025:11:29:27 +0200] "GET /Jurek/dekoele/feeds/dekoele_manomanoIT.xml HTTP/1.1" 200 733939 "-" "Python-urllib/3.11"
77.79.248.229 - - [30/May/2025:11:29:28 +0200] "GET /Jurek/mojeledy/feeds/mojeledy_manoIT.xml HTTP/1.1" 200 1018438 "-" "Python-urllib/3.11"
77.79.248.229 - - [30/May/2025:11:29:28 +0200] "GET /Jurek/rovato/feeds/rovato_manoIT.xml HTTP/1.1" 200 180836 "-" "Python-urllib/3.11"
193.33.8.61 - - [30/May/2025:11:29:28 +0200] "GET /Jurek/kamar/feeds/kamar_bol.xml HTTP/1.1" 200 25550082 "-" "python-requests/2.32.3"
193.33.8.61 - - [30/May/2025:11:29:29 +0200] "GET /Jurek/em3/feeds/em3_bol.xml HTTP/1.1" 200 258916 "-" "python-requests/2.32.3"
77.79.248.229 - - [30/May/2025:11:29:29 +0200] "GET /Jurek/takapara/feeds/takapara_piguEX.xml HTTP/1.1" 200 1342591 "-" "Python-urllib/3.11"
77.79.248.229 - - [30/May/2025:11:29:29 +0200] "GET /Jurek/takapara/feeds/takapara_piguFIEX.xml HTTP/1.1" 200 1342346 "-" "Python-urllib/3.11"
193.33.8.61 - - [30/May/2025:11:29:29 +0200] "GET /Jurek/newtechele/feeds/newtechele_bol.xml HTTP/1.1" 200 2438474 "-" "python-requests/2.32.3"
77.79.248.229 - - [30/May/2025:11:29:29 +0200] "GET /Jurek/piotrmiedz/feeds/piotrmiedz_manoIT.xml HTTP/1.1" 200 91049247 "-" "Python-urllib/3.11"
77.79.248.229 - - [30/May/2025:11:29:29 +0200] "GET /Jurek/takapara/feeds/takapara_piguEX.xml HTTP/1.1" 200 1342591 "-" "Python-urllib/3.11"
77.79.248.229 - - [30/May/2025:11:29:29 +0200] "GET /Jurek/pawonik/feeds/pawonik_manoIT.xml HTTP/1.1" 200 2138439 "-" "Python-urllib/3.11"
77.79.248.229 - - [30/May/2025:11:29:29 +0200] "GET /Jurek/takapara/feeds/takapara_piguEX.xml HTTP/1.1" 200 1342591 "-" "Python-urllib/3.11"
77.79.248.229 - - [30/May/2025:11:29:29 +0200] "GET /Jurek/alucon/feeds/alucon_manoIT.xml HTTP/1.1" 200 553564 "-" "Python-urllib/3.11"
77.79.248.229 - - [30/May/2025:11:29:29 +0200] "GET /Jurek/tsjerzy/feeds/tsjerzy_piguEX.xml HTTP/1.1" 200 3897707 "-" "Python-urllib/3.11"
77.79.248.229 - - [30/May/2025:11:29:29 +0200] "GET /Jurek/sovapl/feeds/sovapl_manoIT.xml HTTP/1.1" 200 8999858 "-" "Python-urllib/3.11"
77.79.248.229 - - [30/May/2025:11:29:30 +0200] "GET /Jurek/tsjerzy/feeds/tsjerzy_piguFIEX.xml HTTP/1.1" 200 3897749 "-" "Python-urllib/3.11"
77.79.248.229 - - [30/May/2025:11:29:30 +0200] "GET /Jurek/missionair/feeds/missionair_manoIT.xml HTTP/1.1" 200 3154862 "-" "Python-urllib/3.11"
77.79.248.229 - - [30/May/2025:11:29:30 +0200] "GET /Jurek/tsjerzy/feeds/tsjerzy_piguEX.xml HTTP/1.1" 200 3897707 "-" "Python-urllib/3.11"
77.79.248.229 - - [30/May/2025:11:29:30 +0200] "GET /Jurek/tsjerzy/feeds/tsjerzy_piguEX.xml HTTP/1.1" 200 3897707 "-" "Python-urllib/3.11"
193.33.8.61 - - [30/May/2025:11:29:30 +0200] "GET /Jurek/galopi/feeds/galopi_bol.xml HTTP/1.1" 200 2111077 "-" "python-requests/2.32.3"
193.33.8.61 - - [30/May/2025:11:29:30 +0200] "GET /Jurek/techrebalina/feeds/techrebalina_bol.xml HTTP/1.1" 200 2011184 "-" "python-requests/2.32.3"
77.79.248.229 - - [30/May/2025:11:29:30 +0200] "GET /Jurek/narzbud/feeds/narzbud_piguEX.xml HTTP/1.1" 200 1901230 "-" "Python-urllib/3.11"
77.79.248.229 - - [30/May/2025:11:29:30 +0200] "GET /Jurek/narzbud/feeds/narzbud_piguFIEX.xml HTTP/1.1" 200 1901226 "-" "Python-urllib/3.11"
77.79.248.229 - - [30/May/2025:11:29:30 +0200] "GET /Jurek/narzbud/feeds/narzbud_piguEX.xml HTTP/1.1" 200 1901230 "-" "Python-urllib/3.11"
193.33.8.61 - - [30/May/2025:11:29:31 +0200] "GET /Jurek/tsjerzy/feeds/tsjerzy_bol.xml HTTP/1.1" 200 3897748 "-" "python-requests/2.32.3"
77.79.248.229 - - [30/May/2025:11:29:31 +0200] "GET /Jurek/narzbud/feeds/narzbud_piguEX.xml HTTP/1.1" 200 1901230 "-" "Python-urllib/3.11"
77.79.248.229 - - [30/May/2025:11:29:31 +0200] "GET /Jurek/pawonik/feeds/pawonik_piguEX.xml HTTP/1.1" 200 2138426 "-" "Python-urllib/3.11"
77.79.248.229 - - [30/May/2025:11:29:31 +0200] "GET /Jurek/pawonik/feeds/pawonik_piguFIEX.xml HTTP/1.1" 200 2138425 "-" "Python-urllib/3.11"
77.79.248.229 - - [30/May/2025:11:29:31 +0200] "GET /Jurek/pawonik/feeds/pawonik_piguEX.xml HTTP/1.1" 200 2138426 "-" "Python-urllib/3.11"
193.33.8.61 - - [30/May/2025:11:29:31 +0200] "GET /Jurek/fertes/feeds/fertes_bol.xml HTTP/1.1" 200 2361843 "-" "python-requests/2.32.3"
77.79.248.229 - - [30/May/2025:11:29:31 +0200] "GET /Jurek/pawonik/feeds/pawonik_piguEX.xml HTTP/1.1" 200 2138426 "-" "Python-urllib/3.11"
77.79.248.229 - - [30/May/2025:11:29:31 +0200] "GET /Jurek/princelh/feeds/princelh_piguEX.xml HTTP/1.1" 200 133439 "-" "Python-urllib/3.11"
77.79.248.229 - - [30/May/2025:11:29:31 +0200] "GET /Jurek/princelh/feeds/princelh_piguFIEX.xml HTTP/1.1" 200 133440 "-" "Python-urllib/3.11"
193.33.8.61 - - [30/May/2025:11:29:31 +0200] "GET /Jurek/carbonyway/feeds/carbonyway_bol.xml HTTP/1.1" 200 3075949 "-" "python-requests/2.32.3"
77.79.248.229 - - [30/May/2025:11:29:31 +0200] "GET /Jurek/princelh/feeds/princelh_piguEX.xml HTTP/1.1" 200 133439 "-" "Python-urllib/3.11"
193.33.8.61 - - [30/May/2025:11:29:31 +0200] "GET /Jurek/filmal/feeds/filmal_bol.xml HTTP/1.1" 200 139270 "-" "python-requests/2.32.3"
77.79.248.229 - - [30/May/2025:11:29:31 +0200] "GET /Jurek/princelh/feeds/princelh_piguEX.xml HTTP/1.1" 200 133439 "-" "Python-urllib/3.11"
77.79.248.229 - - [30/May/2025:11:29:31 +0200] "GET /Jurek/proparts/feeds/proparts_piguEX.xml HTTP/1.1" 200 707481 "-" "Python-urllib/3.11"
77.79.248.229 - - [30/May/2025:11:29:31 +0200] "GET /Jurek/proparts/feeds/proparts_piguFIEX.xml HTTP/1.1" 200 707508 "-" "Python-urllib/3.11"
77.79.248.229 - - [30/May/2025:11:29:32 +0200] "GET /Jurek/proparts/feeds/proparts_piguEX.xml HTTP/1.1" 200 707481 "-" "Python-urllib/3.11"
77.79.248.229 - - [30/May/2025:11:29:32 +0200] "GET /Jurek/proparts/feeds/proparts_piguEX.xml HTTP/1.1" 200 707481 "-" "Python-urllib/3.11"
77.79.248.229 - - [30/May/2025:11:29:32 +0200] "GET /Jurek/newtechele/feeds/newtechele_piguEX.xml HTTP/1.1" 200 2438485 "-" "Python-urllib/3.11"
77.79.248.229 - - [30/May/2025:11:29:32 +0200] "GET /Jurek/newtechele/feeds/newtechele_piguFIEX.xml HTTP/1.1" 200 2438491 "-" "Python-urllib/3.11"
77.79.248.229 - - [30/May/2025:11:29:32 +0200] "GET /Jurek/newtechele/feeds/newtechele_piguEX.xml HTTP/1.1" 200 2438485 "-" "Python-urllib/3.11"
77.79.248.229 - - [30/May/2025:11:29:32 +0200] "GET /Jurek/apresto/feeds/apresto_manoIT.xml HTTP/1.1" 200 1327621 "-" "Python-urllib/3.11"
77.79.248.229 - - [30/May/2025:11:29:32 +0200] "GET /Jurek/newtechele/feeds/newtechele_piguEX.xml HTTP/1.1" 200 2438485 "-" "Python-urllib/3.11"
193.33.8.61 - - [30/May/2025:11:29:32 +0200] "GET /Jurek/beltimore/feeds/beltimore_bol.xml HTTP/1.1" 200 18652326 "-" "python-requests/2.32.3"
77.79.248.229 - - [30/May/2025:11:29:32 +0200] "GET /Jurek/drewdon/feeds/drewdon_manomanoES.xml HTTP/1.1" 200 504432 "-" "Python-urllib/3.11"
77.79.248.229 - - [30/May/2025:11:29:32 +0200] "GET /Jurek/lampart/feeds/lampart_piguEX.xml HTTP/1.1" 200 936025 "-" "Python-urllib/3.11"
77.79.248.229 - - [30/May/2025:11:29:33 +0200] "GET /Jurek/lampart/feeds/lampart_piguFIEX.xml HTTP/1.1" 200 936028 "-" "Python-urllib/3.11"
77.79.248.229 - - [30/May/2025:11:29:33 +0200] "GET /Jurek/lampart/feeds/lampart_piguEX.xml HTTP/1.1" 200 936025 "-" "Python-urllib/3.11"
77.79.248.229 - - [30/May/2025:11:29:33 +0200] "GET /Jurek/lampart/feeds/lampart_piguEX.xml HTTP/1.1" 200 936025 "-" "Python-urllib/3.11"
77.79.248.229 - - [30/May/2025:11:29:33 +0200] "GET /Jurek/nonabox/feeds/nonabox_piguEX.xml HTTP/1.1" 200 33866 "-" "Python-urllib/3.11"
77.79.248.229 - - [30/May/2025:11:29:33 +0200] "GET /Jurek/nonabox/feeds/nonabox_piguFIEX.xml HTTP/1.1" 200 33865 "-" "Python-urllib/3.11"
77.79.248.229 - - [30/May/2025:11:29:33 +0200] "GET /Jurek/hurtownia_przemyslowa/feeds/hp_manomanoES.xml HTTP/1.1" 200 49362398 "-" "Python-urllib/3.11"
77.79.248.229 - - [30/May/2025:11:29:33 +0200] "GET /Jurek/nonabox/feeds/nonabox_piguEX.xml HTTP/1.1" 200 33866 "-" "Python-urllib/3.11"
77.79.248.229 - - [30/May/2025:11:29:33 +0200] "GET /Jurek/nonabox/feeds/nonabox_piguEX.xml HTTP/1.1" 200 33866 "-" "Python-urllib/3.11"
193.33.8.61 - - [30/May/2025:11:29:33 +0200] "GET /Jurek/spali/feeds/spali_bol.xml HTTP/1.1" 200 77055 "-" "python-requests/2.32.3"
193.33.8.61 - - [30/May/2025:11:29:34 +0200] "GET /Jurek/avenido/feeds/avenido_bol.xml HTTP/1.1" 200 720112 "-" "python-requests/2.32.3"
77.79.248.229 - - [30/May/2025:11:29:34 +0200] "GET /Jurek/pupus/feeds/pupus_manomanoES.xml HTTP/1.1" 200 6154488 "-" "Python-urllib/3.11"
193.33.8.61 - - [30/May/2025:11:29:34 +0200] "GET /Jurek/reman/feeds/reman_bol.xml HTTP/1.1" 200 1394821 "-" "python-requests/2.32.3"
77.79.248.229 - - [30/May/2025:11:29:34 +0200] "GET /Jurek/reman/feeds/reman_manoamnoES.xml HTTP/1.1" 200 1394825 "-" "Python-urllib/3.11"
77.79.248.229 - - [30/May/2025:11:29:34 +0200] "GET /Jurek/artdog/feeds/artdog_manomanoES.xml HTTP/1.1" 200 17158629 "-" "Python-urllib/3.11"
77.79.248.229 - - [30/May/2025:11:29:34 +0200] "GET /Jurek/sartrix/feeds/sartrix_manomanoES.xml HTTP/1.1" 200 649180 "-" "Python-urllib/3.11"
77.79.248.229 - - [30/May/2025:11:29:34 +0200] "GET /Jurek/hlo/feeds/hlo_manomanoES.xml HTTP/1.1" 200 4838614 "-" "Python-urllib/3.11"
193.33.8.61 - - [30/May/2025:11:29:35 +0200] "GET /Jurek/eurofirany/feeds/eurofirany_bol.xml HTTP/1.1" 200 18718619 "-" "python-requests/2.32.3"
77.79.248.229 - - [30/May/2025:11:29:35 +0200] "GET /Jurek/drops/feeds/dropsofficecolection_manoES.xml HTTP/1.1" 200 790797 "-" "Python-urllib/3.11"
77.79.248.229 - - [30/May/2025:11:29:35 +0200] "GET /Jurek/szpaklampy/feeds/szpaklampy_manoES.xml HTTP/1.1" 200 388208 "-" "Python-urllib/3.11"
77.79.248.229 - - [30/May/2025:11:29:35 +0200] "GET /Jurek/hurtmeblowy/feeds/hurtmeblowy_ManoES.xml HTTP/1.1" 200 7739646 "-" "Python-urllib/3.11"
77.79.248.229 - - [30/May/2025:11:29:36 +0200] "GET /Jurek/topeshop/feeds/topeshop_manoES.xml HTTP/1.1" 200 3024530 "-" "Python-urllib/3.11"
77.79.248.229 - - [30/May/2025:11:29:36 +0200] "GET /Jurek/kristronik/feeds/kristronik_manoES.xml HTTP/1.1" 200 691977 "-" "Python-urllib/3.11"
77.79.248.229 - - [30/May/2025:11:29:36 +0200] "GET /Jurek/techrebal/feeds/techrebal_manoES.xml HTTP/1.1" 200 1989743 "-" "Python-urllib/3.11"
77.79.248.229 - - [30/May/2025:11:29:36 +0200] "GET /Jurek/proparts/feeds/proparts_manoES.xml HTTP/1.1" 200 707502 "-" "Python-urllib/3.11"
193.33.8.61 - - [30/May/2025:11:29:36 +0200] "GET /Jurek/primohurt/feeds/primohurt_bol.xml HTTP/1.1" 200 17186682 "-" "python-requests/2.32.3"
193.33.8.61 - - [30/May/2025:11:29:37 +0200] "GET /Jurek/pupus/feeds/pupus_bol.xml HTTP/1.1" 200 6154566 "-" "python-requests/2.32.3"
193.33.8.61 - - [30/May/2025:11:29:37 +0200] "GET /Jurek/combine/feeds/combine_bol.xml HTTP/1.1" 200 210557 "-" "python-requests/2.32.3"
77.79.248.229 - - [30/May/2025:11:29:38 +0200] "GET /Jurek/broers/feeds/broers_manoES.xml HTTP/1.1" 200 1982561 "-" "Python-urllib/3.11"
77.79.248.229 - - [30/May/2025:11:29:38 +0200] "GET /Jurek/em3/feeds/em3_manoES.xml HTTP/1.1" 200 258921 "-" "Python-urllib/3.11"
193.33.8.61 - - [30/May/2025:11:29:38 +0200] "GET /Jurek/amzteam/feeds/amzteam_bol.xml HTTP/1.1" 200 97859 "-" "python-requests/2.32.3"
193.33.8.61 - - [30/May/2025:11:29:38 +0200] "GET /Jurek/equalo/feeds/equalo_bol.xml HTTP/1.1" 200 98007 "-" "python-requests/2.32.3"
193.33.8.61 - - [30/May/2025:11:29:38 +0200] "GET /Jurek/alucon/feeds/alucon_bol.xml HTTP/1.1" 200 553568 "-" "python-requests/2.32.3"
77.79.248.229 - - [30/May/2025:11:29:38 +0200] "GET /Jurek/evil/feeds/evil_manoES.xml HTTP/1.1" 200 306388 "-" "Python-urllib/3.11"
77.79.248.229 - - [30/May/2025:11:29:38 +0200] "GET /Jurek/hdwr/feeds/hdwr_manoES.xml HTTP/1.1" 200 789440 "-" "Python-urllib/3.11"
77.79.248.229 - - [30/May/2025:11:29:38 +0200] "GET /Jurek/lampart/feeds/lampart_manoES.xml HTTP/1.1" 200 936036 "-" "Python-urllib/3.11"
77.79.248.229 - - [30/May/2025:11:29:38 +0200] "GET /Jurek/nonabox/feeds/nonabox_manoES.xml HTTP/1.1" 200 33865 "-" "Python-urllib/3.11"
77.79.248.229 - - [30/May/2025:11:29:39 +0200] "GET /Jurek/smxdesign/feeds/smxdesign_manoES.xml HTTP/1.1" 200 1829040 "-" "Python-urllib/3.11"
77.79.248.229 - - [30/May/2025:11:29:39 +0200] "GET /Jurek/techrebalina/feeds/techrebalina_manoES.xml HTTP/1.1" 200 2011220 "-" "Python-urllib/3.11"
193.33.8.61 - - [30/May/2025:11:29:39 +0200] "GET /Jurek/jankeski/feeds/jankeski_bol.xml HTTP/1.1" 200 6571081 "-" "python-requests/2.32.3"
77.79.248.229 - - [30/May/2025:11:29:39 +0200] "GET /Jurek/cdata/feeds/cdata_manoES.xml HTTP/1.1" 200 1445164 "-" "Python-urllib/3.11"
77.79.248.229 - - [30/May/2025:11:29:39 +0200] "GET /Jurek/omi/feeds/omi_manoES.xml HTTP/1.1" 200 8100643 "-" "Python-urllib/3.11"
77.79.248.229 - - [30/May/2025:11:29:39 +0200] "GET /Jurek/tsjerzy/feeds/tsjerzy_manoES.xml HTTP/1.1" 200 3897695 "-" "Python-urllib/3.11"
77.79.248.229 - - [30/May/2025:11:29:39 +0200] "GET /Jurek/narzbud/feeds/narzbud_manoES.xml HTTP/1.1" 200 1901253 "-" "Python-urllib/3.11"
77.79.248.229 - - [30/May/2025:11:29:39 +0200] "GET /Jurek/makow/feeds/makow_manoES.xml HTTP/1.1" 200 21203954 "-" "Python-urllib/3.11"
77.79.248.229 - - [30/May/2025:11:29:40 +0200] "GET /Jurek/jankeski/feeds/jankeski_manoES.xml HTTP/1.1" 200 6571213 "-" "Python-urllib/3.11"
77.79.248.229 - - [30/May/2025:11:29:40 +0200] "GET /Jurek/gandalf/feeds/gandalf_manoES.xml HTTP/1.1" 200 1082538 "-" "Python-urllib/3.11"
193.33.8.61 - - [30/May/2025:11:29:40 +0200] "GET /Jurek/proadventure/feeds/proadventure_bol.xml HTTP/1.1" 200 10763292 "-" "python-requests/2.32.3"
77.79.248.229 - - [30/May/2025:11:29:40 +0200] "GET /Jurek/zenex/feeds/zenex_manoES.xml HTTP/1.1" 200 541212 "-" "Python-urllib/3.11"
77.79.248.229 - - [30/May/2025:11:29:40 +0200] "GET /Jurek/andex/feeds/andex_manoES.xml HTTP/1.1" 200 1953395 "-" "Python-urllib/3.11"
77.79.248.229 - - [30/May/2025:11:29:41 +0200] "GET /Jurek/sebmart/feeds/sebmart_manoES.xml HTTP/1.1" 200 1598728 "-" "Python-urllib/3.11"
77.79.248.229 - - [30/May/2025:11:29:41 +0200] "GET /Jurek/benetech/feeds/benetech_manoes.xml HTTP/1.1" 200 4165396 "-" "Python-urllib/3.11"
77.79.248.229 - - [30/May/2025:11:29:41 +0200] "GET /Jurek/dekoele/feeds/dekoele_manomanoES.xml HTTP/1.1" 200 733934 "-" "Python-urllib/3.11"
77.79.248.229 - - [30/May/2025:11:29:41 +0200] "GET /Jurek/mojeledy/feeds/mojeledy_manoES.xml HTTP/1.1" 200 1018456 "-" "Python-urllib/3.11"
77.79.248.229 - - [30/May/2025:11:29:41 +0200] "GET /Jurek/rovato/feeds/rovato_manoES.xml HTTP/1.1" 200 180833 "-" "Python-urllib/3.11"
193.33.8.61 - - [30/May/2025:11:29:41 +0200] "GET /Jurek/andex/feeds/andex_bol.xml HTTP/1.1" 200 1953445 "-" "python-requests/2.32.3"
193.33.8.61 - - [30/May/2025:11:29:42 +0200] "GET /Jurek/bloomglow/feeds/bloomglow_bol.xml HTTP/1.1" 200 14095243 "-" "python-requests/2.32.3"
77.79.248.229 - - [30/May/2025:11:29:43 +0200] "GET /Jurek/piotrmiedz/feeds/piotrmiedz_manoES.xml HTTP/1.1" 200 91045336 "-" "Python-urllib/3.11"
193.33.8.61 - - [30/May/2025:11:29:43 +0200] "GET /Jurek/drops/feeds/dropsofficecolection_bol.xml HTTP/1.1" 200 790787 "-" "python-requests/2.32.3"
77.79.248.229 - - [30/May/2025:11:29:43 +0200] "GET /Jurek/pawonik/feeds/pawonik_manoES.xml HTTP/1.1" 200 2138431 "-" "Python-urllib/3.11"
77.79.248.229 - - [30/May/2025:11:29:43 +0200] "GET /Jurek/alucon/feeds/alucon_manoES.xml HTTP/1.1" 200 553564 "-" "Python-urllib/3.11"
193.33.8.61 - - [30/May/2025:11:29:43 +0200] "GET /Jurek/sebmart/feeds/sebmart_bol.xml HTTP/1.1" 200 1598668 "-" "python-requests/2.32.3"
193.33.8.61 - - [30/May/2025:11:29:43 +0200] "GET /Jurek/najtanszysport/feeds/najtanszysport_zero.xml HTTP/2.0" 304 0 "-" "Mozilla/5.0 (Windows NT 10.0; Win64; x64) AppleWebKit/537.36 (KHTML, like Gecko) Chrome/136.0.0.0 Safari/537.36"
77.79.248.229 - - [30/May/2025:11:29:43 +0200] "GET /Jurek/sovapl/feeds/sovapl_manoES.xml HTTP/1.1" 200 8999927 "-" "Python-urllib/3.11"
77.79.248.229 - - [30/May/2025:11:29:43 +0200] "GET /Jurek/missionair/feeds/missionair_manoES.xml HTTP/1.1" 200 3154880 "-" "Python-urllib/3.11"
193.33.8.61 - - [30/May/2025:11:29:43 +0200] "GET /Jurek/missionair/feeds/missionair_bol.xml HTTP/1.1" 200 3154867 "-" "python-requests/2.32.3"
193.33.8.61 - - [30/May/2025:11:29:44 +0200] "GET /Jurek/sovapl/feeds/sovapl_bol.xml HTTP/1.1" 200 8999290 "-" "python-requests/2.32.3"
193.33.8.61 - - [30/May/2025:11:29:45 +0200] "GET /Jurek/apresto/feeds/apresto_bol.xml HTTP/1.1" 200 1327633 "-" "python-requests/2.32.3"
193.33.8.61 - - [30/May/2025:11:29:45 +0200] "GET /Jurek/mechdecor/feeds/mechdecor_bol.xml HTTP/1.1" 200 596187 "-" "python-requests/2.32.3"
193.33.8.61 - - [30/May/2025:11:29:45 +0200] "GET /Jurek/mojeledy/feeds/mojeledy_bol.xml HTTP/1.1" 200 1018443 "-" "python-requests/2.32.3"
77.79.248.229 - - [30/May/2025:11:29:46 +0200] "GET /Jurek/apresto/feeds/apresto_manoES.xml HTTP/1.1" 200 1327616 "-" "Python-urllib/3.11"
193.33.8.61 - - [30/May/2025:11:30:02 +0200] "GET /Jurek/action/feeds/action_bol.xml HTTP/1.1" 200 60147201 "-" "python-requests/2.32.3"
193.33.8.61 - - [30/May/2025:11:30:25 +0200] "GET /Jurek/rems/feeds/rems_bol.xml HTTP/1.1" 200 8706247 "-" "python-requests/2.32.3"
193.33.8.61 - - [30/May/2025:11:30:29 +0200] "GET /Jurek/ikonka/feeds/ikonka_bol.xml HTTP/1.1" 200 20822270 "-" "python-requests/2.32.3"
193.33.8.61 - - [30/May/2025:11:30:34 +0200] "GET /Jurek/amzteam/feeds/amzteam_bol.xml HTTP/1.1" 200 97859 "-" "python-requests/2.32.3"
193.33.8.61 - - [30/May/2025:11:30:34 +0200] "GET /Jurek/dekornatort/feeds/dekornatort_bol.xml HTTP/1.1" 200 225730 "-" "python-requests/2.32.3"
193.33.8.61 - - [30/May/2025:11:30:41 +0200] "GET /Jurek/riko/feeds/riko_bol.xml HTTP/1.1" 200 3784735 "-" "python-requests/2.32.3"
52.167.144.186 - - [30/May/2025:11:30:46 +0200] "GET /Jurek/topeshop/downloaded_images/5902838461273_3.png HTTP/2.0" 404 3551 "-" "Mozilla/5.0 AppleWebKit/537.36 (KHTML, like Gecko; compatible; bingbot/2.0; +http://www.bing.com/bingbot.htm) Chrome/116.0.1938.76 Safari/537.36"
193.33.8.61 - - [30/May/2025:11:30:47 +0200] "GET /Jurek/lampart/feeds/lampart_bol.xml HTTP/1.1" 200 936043 "-" "python-requests/2.32.3"
193.33.8.61 - - [30/May/2025:11:30:47 +0200] "GET /Jurek/cbdgreen/feeds/cbdgreen_bol.xml HTTP/1.1" 200 50542 "-" "python-requests/2.32.3"
193.33.8.61 - - [30/May/2025:11:30:47 +0200] "GET /Jurek/jakdroz/feeds/jakdroz_bol.xml HTTP/1.1" 200 4089942 "-" "python-requests/2.32.3"
193.33.8.61 - - [30/May/2025:11:30:48 +0200] "GET /Jurek/rovato/feeds/rovato_bol.xml HTTP/1.1" 200 180835 "-" "python-requests/2.32.3"
193.33.8.61 - - [30/May/2025:11:30:48 +0200] "GET /Jurek/bemipol/feeds/bemipol_bol.xml HTTP/1.1" 200 423631 "-" "python-requests/2.32.3"
193.33.8.61 - - [30/May/2025:11:30:48 +0200] "GET /Jurek/luxury/feeds/luxury_bol.xml HTTP/1.1" 200 1010062 "-" "python-requests/2.32.3"
193.33.8.61 - - [30/May/2025:11:30:48 +0200] "GET /Jurek/gandalf/feeds/gandalf_bol.xml HTTP/1.1" 200 1082540 "-" "python-requests/2.32.3"
193.33.8.61 - - [30/May/2025:11:30:48 +0200] "GET /Jurek/lerutrade/feeds/lerutrade_bol.xml HTTP/1.1" 200 82821 "-" "python-requests/2.32.3"
89.161.206.59 - - [30/May/2025:11:31:06 +0200] "GET /Jurek/zami/feeds/zami_amazonde.xml HTTP/1.0" 200 4472500 "-" "-"
89.161.206.59 - - [30/May/2025:11:33:38 +0200] "GET /Jurek/roger/feeds/roger_manoFR.xml HTTP/1.0" 200 1147468 "-" "-"
46.101.116.244 - - [30/May/2025:11:34:00 +0200] "GET /Jurek/eurofirany/feeds/eurofirany_ceneo.xml HTTP/1.0" 200 18722264 "-" "-"
85.232.241.194 - - [30/May/2025:11:34:31 +0200] "GET /Jurek/amzteam/feeds/amzteam_cdon_se.xml HTTP/1.1" 200 97918 "-" "python-requests/2.32.3"
85.232.241.194 - - [30/May/2025:11:34:31 +0200] "GET /Jurek/amzteam/feeds/amzteam_cdon_dk.xml HTTP/1.1" 200 97915 "-" "python-requests/2.32.3"
85.232.241.194 - - [30/May/2025:11:34:31 +0200] "GET /Jurek/amzteam/feeds/amzteam_cdon_fi.xml HTTP/1.1" 200 97871 "-" "python-requests/2.32.3"
85.232.241.194 - - [30/May/2025:11:34:36 +0200] "GET /Jurek/b3/feeds/b3_cdon_se.xml HTTP/1.1" 200 8039863 "-" "python-requests/2.32.3"
85.232.241.194 - - [30/May/2025:11:34:36 +0200] "GET /Jurek/b3/feeds/b3_cdon_dk.xml HTTP/1.1" 200 8039379 "-" "python-requests/2.32.3"
85.232.241.194 - - [30/May/2025:11:34:36 +0200] "GET /Jurek/b3/feeds/b3_cdon_fi.xml HTTP/1.1" 200 8036332 "-" "python-requests/2.32.3"
85.232.241.194 - - [30/May/2025:11:34:36 +0200] "GET /Jurek/oromed/feeds/oromed_cdon_se.xml HTTP/1.1" 200 1290311 "-" "python-requests/2.32.3"
85.232.241.194 - - [30/May/2025:11:34:36 +0200] "GET /Jurek/oromed/feeds/oromed_cdon_dk.xml HTTP/1.1" 200 1290303 "-" "python-requests/2.32.3"
85.232.241.194 - - [30/May/2025:11:34:37 +0200] "GET /Jurek/oromed/feeds/oromed_cdon_fi.xml HTTP/1.1" 200 1290085 "-" "python-requests/2.32.3"
85.232.241.194 - - [30/May/2025:11:34:37 +0200] "GET /Jurek/ralmetal/feeds/ralmetal_cdon_se.xml HTTP/1.1" 200 2040811 "-" "python-requests/2.32.3"
85.232.241.194 - - [30/May/2025:11:34:37 +0200] "GET /Jurek/ralmetal/feeds/ralmetal_cdon_dk.xml HTTP/1.1" 200 2040729 "-" "python-requests/2.32.3"
85.232.241.194 - - [30/May/2025:11:34:37 +0200] "GET /Jurek/ralmetal/feeds/ralmetal_cdon_fi.xml HTTP/1.1" 200 2039867 "-" "python-requests/2.32.3"
85.232.241.194 - - [30/May/2025:11:34:37 +0200] "GET /Jurek/drops/feeds/dropsofficecolection_cdon_se.xml HTTP/1.1" 200 791291 "-" "python-requests/2.32.3"
52.209.168.113 - - [30/May/2025:11:34:37 +0200] "GET /marketplaces/worten2/results/worten.csv HTTP/1.1" 200 147217 "-" "Mirakl HttpClient"
85.232.241.194 - - [30/May/2025:11:34:37 +0200] "GET /Jurek/drops/feeds/dropsofficecolection_cdon_dk.xml HTTP/1.1" 200 791332 "-" "python-requests/2.32.3"
85.232.241.194 - - [30/May/2025:11:34:37 +0200] "GET /Jurek/drops/feeds/dropsofficecolection_cdon_fi.xml HTTP/1.1" 200 790780 "-" "python-requests/2.32.3"
85.232.241.194 - - [30/May/2025:11:34:42 +0200] "GET /Jurek/narzbud/feeds/narzbud_cdon_se.xml HTTP/1.1" 200 1901975 "-" "python-requests/2.32.3"
85.232.241.194 - - [30/May/2025:11:34:42 +0200] "GET /Jurek/narzbud/feeds/narzbud_cdon_dk.xml HTTP/1.1" 200 1901975 "-" "python-requests/2.32.3"
85.232.241.194 - - [30/May/2025:11:34:42 +0200] "GET /Jurek/narzbud/feeds/narzbud_cdon_fi.xml HTTP/1.1" 200 1901215 "-" "python-requests/2.32.3"
85.232.241.194 - - [30/May/2025:11:34:42 +0200] "GET /Jurek/szpaklampy/feeds/szpaklampy_cdon_se.xml HTTP/1.1" 200 388365 "-" "python-requests/2.32.3"
85.232.241.194 - - [30/May/2025:11:34:42 +0200] "GET /Jurek/szpaklampy/feeds/szpaklampy_cdon_dk.xml HTTP/1.1" 200 388359 "-" "python-requests/2.32.3"
85.232.241.194 - - [30/May/2025:11:34:42 +0200] "GET /Jurek/szpaklampy/feeds/szpaklampy_cdon_fi.xml HTTP/1.1" 200 388217 "-" "python-requests/2.32.3"
85.232.241.194 - - [30/May/2025:11:34:43 +0200] "GET /Jurek/fertone/feeds/fertone_cdon_se.xml HTTP/1.1" 200 584239 "-" "python-requests/2.32.3"
85.232.241.194 - - [30/May/2025:11:34:43 +0200] "GET /Jurek/fertone/feeds/fertone_cdon_dk.xml HTTP/1.1" 200 584195 "-" "python-requests/2.32.3"
85.232.241.194 - - [30/May/2025:11:34:43 +0200] "GET /Jurek/fertone/feeds/fertone_cdon_fi.xml HTTP/1.1" 200 583885 "-" "python-requests/2.32.3"
85.232.241.194 - - [30/May/2025:11:34:49 +0200] "GET /Jurek/ekuchcikowo/feeds/ekuchcikowo_cdon_se.xml HTTP/1.1" 200 12473263 "-" "python-requests/2.32.3"
85.232.241.194 - - [30/May/2025:11:34:49 +0200] "GET /Jurek/ekuchcikowo/feeds/ekuchcikowo_cdon_dk.xml HTTP/1.1" 200 12473185 "-" "python-requests/2.32.3"
85.232.241.194 - - [30/May/2025:11:34:49 +0200] "GET /Jurek/ekuchcikowo/feeds/ekuchcikowo_cdon_fi.xml HTTP/1.1" 200 12471012 "-" "python-requests/2.32.3"
85.232.241.194 - - [30/May/2025:11:34:49 +0200] "GET /Jurek/galopi/feeds/galopi_cdon_se.xml HTTP/1.1" 200 2111674 "-" "python-requests/2.32.3"
85.232.241.194 - - [30/May/2025:11:34:50 +0200] "GET /Jurek/galopi/feeds/galopi_cdon_dk.xml HTTP/1.1" 200 2111646 "-" "python-requests/2.32.3"
85.232.241.194 - - [30/May/2025:11:34:50 +0200] "GET /Jurek/galopi/feeds/galopi_cdon_fi.xml HTTP/1.1" 200 2111076 "-" "python-requests/2.32.3"
85.232.241.194 - - [30/May/2025:11:34:50 +0200] "GET /Jurek/spali/feeds/spali_cdon_se.xml HTTP/1.1" 200 77078 "-" "python-requests/2.32.3"
85.232.241.194 - - [30/May/2025:11:34:50 +0200] "GET /Jurek/spali/feeds/spali_cdon_dk.xml HTTP/1.1" 200 77076 "-" "python-requests/2.32.3"
85.232.241.194 - - [30/May/2025:11:34:50 +0200] "GET /Jurek/spali/feeds/spali_cdon_fi.xml HTTP/1.1" 200 77058 "-" "python-requests/2.32.3"
85.232.241.194 - - [30/May/2025:11:34:50 +0200] "GET /Jurek/combine/feeds/combine_cdon_se.xml HTTP/1.1" 200 210585 "-" "python-requests/2.32.3"
85.232.241.194 - - [30/May/2025:11:34:50 +0200] "GET /Jurek/combine/feeds/combine_cdon_dk.xml HTTP/1.1" 200 210578 "-" "python-requests/2.32.3"
89.161.206.59 - - [30/May/2025:11:34:53 +0200] "GET /Jurek/sempler/feeds/sempler_skroutz.xml HTTP/1.0" 200 6779187 "-" "-"
89.161.206.59 - - [30/May/2025:11:34:54 +0200] "GET /Jurek/eroplace/feeds/eroplace_skroutz.xml HTTP/1.0" 200 51200987 "-" "-"
85.232.241.194 - - [30/May/2025:11:34:55 +0200] "GET /Jurek/combine/feeds/combine_cdon_fi.xml HTTP/1.1" 200 210549 "-" "python-requests/2.32.3"
85.232.241.194 - - [30/May/2025:11:34:55 +0200] "GET /Jurek/targethome/feeds/targethome_cdon_se.xml HTTP/1.1" 200 688758 "-" "python-requests/2.32.3"
85.232.241.194 - - [30/May/2025:11:34:55 +0200] "GET /Jurek/targethome/feeds/targethome_cdon_dk.xml HTTP/1.1" 200 688716 "-" "python-requests/2.32.3"
85.232.241.194 - - [30/May/2025:11:34:55 +0200] "GET /Jurek/targethome/feeds/targethome_cdon_fi.xml HTTP/1.1" 200 688624 "-" "python-requests/2.32.3"
89.161.206.59 - - [30/May/2025:11:34:57 +0200] "GET /Jurek/targethome/feeds/targethome_skroutz.xml HTTP/1.0" 200 688621 "-" "-"
85.232.241.194 - - [30/May/2025:11:35:03 +0200] "GET /Jurek/eroplace/feeds/eroplace_cdon_se.xml HTTP/1.1" 200 52158744 "-" "python-requests/2.32.3"
85.232.241.194 - - [30/May/2025:11:35:08 +0200] "GET /Jurek/eroplace/feeds/eroplace_cdon_dk.xml HTTP/1.1" 200 52157498 "-" "python-requests/2.32.3"
85.232.241.194 - - [30/May/2025:11:35:09 +0200] "GET /Jurek/eroplace/feeds/eroplace_cdon_fi.xml HTTP/1.1" 200 52134387 "-" "python-requests/2.32.3"
85.232.241.194 - - [30/May/2025:11:35:14 +0200] "GET /Jurek/velinda/feeds/velinda_cdon_se.xml HTTP/1.1" 200 4241740 "-" "python-requests/2.32.3"
85.232.241.194 - - [30/May/2025:11:35:14 +0200] "GET /Jurek/velinda/feeds/velinda_cdon_dk.xml HTTP/1.1" 200 4228627 "-" "python-requests/2.32.3"
85.232.241.194 - - [30/May/2025:11:35:14 +0200] "GET /Jurek/velinda/feeds/velinda_cdon_fi.xml HTTP/1.1" 200 4227342 "-" "python-requests/2.32.3"
85.232.241.194 - - [30/May/2025:11:35:27 +0200] "GET /Jurek/evil/feeds/evil_cdon_se.xml HTTP/1.1" 200 306448 "-" "python-requests/2.32.3"
85.232.241.194 - - [30/May/2025:11:35:27 +0200] "GET /Jurek/evil/feeds/evil_cdon_dk.xml HTTP/1.1" 200 306448 "-" "python-requests/2.32.3"
85.232.241.194 - - [30/May/2025:11:35:27 +0200] "GET /Jurek/evil/feeds/evil_cdon_fi.xml HTTP/1.1" 200 306389 "-" "python-requests/2.32.3"
85.232.241.194 - - [30/May/2025:11:35:28 +0200] "GET /Jurek/wenom/feeds/wenom_cdon_se.xml HTTP/1.1" 200 583136 "-" "python-requests/2.32.3"
85.232.241.194 - - [30/May/2025:11:35:28 +0200] "GET /Jurek/wenom/feeds/wenom_cdon_dk.xml HTTP/1.1" 200 583136 "-" "python-requests/2.32.3"
85.232.241.194 - - [30/May/2025:11:35:28 +0200] "GET /Jurek/wenom/feeds/wenom_cdon_fi.xml HTTP/1.1" 200 583077 "-" "python-requests/2.32.3"
85.232.241.194 - - [30/May/2025:11:35:28 +0200] "GET /Jurek/antiodor/feeds/antiodor_cdon_se.xml HTTP/1.1" 200 137882 "-" "python-requests/2.32.3"
85.232.241.194 - - [30/May/2025:11:35:28 +0200] "GET /Jurek/antiodor/feeds/antiodor_cdon_dk.xml HTTP/1.1" 200 137880 "-" "python-requests/2.32.3"
85.232.241.194 - - [30/May/2025:11:35:33 +0200] "GET /Jurek/antiodor/feeds/antiodor_cdon_fi.xml HTTP/1.1" 200 137847 "-" "python-requests/2.32.3"
85.232.241.194 - - [30/May/2025:11:35:33 +0200] "GET /Jurek/sartrix/feeds/sartrix_cdon_se.xml HTTP/1.1" 200 649373 "-" "python-requests/2.32.3"
85.232.241.194 - - [30/May/2025:11:35:33 +0200] "GET /Jurek/sartrix/feeds/sartrix_cdon_dk.xml HTTP/1.1" 200 649302 "-" "python-requests/2.32.3"
85.232.241.194 - - [30/May/2025:11:35:33 +0200] "GET /Jurek/sartrix/feeds/sartrix_cdon_fi.xml HTTP/1.1" 200 649152 "-" "python-requests/2.32.3"
85.232.241.194 - - [30/May/2025:11:35:34 +0200] "GET /Jurek/twojsklep/feeds/twojsklep_cdon_se.xml HTTP/1.1" 200 126851 "-" "python-requests/2.32.3"
85.232.241.194 - - [30/May/2025:11:35:34 +0200] "GET /Jurek/twojsklep/feeds/twojsklep_cdon_dk.xml HTTP/1.1" 200 126857 "-" "python-requests/2.32.3"
85.232.241.194 - - [30/May/2025:11:35:34 +0200] "GET /Jurek/twojsklep/feeds/twojsklep_cdon_fi.xml HTTP/1.1" 200 126797 "-" "python-requests/2.32.3"
85.232.241.194 - - [30/May/2025:11:35:34 +0200] "GET /Jurek/madrex/feeds/madrex_cdon_se.xml HTTP/1.1" 200 466750 "-" "python-requests/2.32.3"
85.232.241.194 - - [30/May/2025:11:35:34 +0200] "GET /Jurek/madrex/feeds/madrex_cdon_dk.xml HTTP/1.1" 200 466739 "-" "python-requests/2.32.3"
85.232.241.194 - - [30/May/2025:11:35:34 +0200] "GET /Jurek/madrex/feeds/madrex_cdon_fi.xml HTTP/1.1" 200 466728 "-" "python-requests/2.32.3"
85.232.241.194 - - [30/May/2025:11:35:34 +0200] "GET /Jurek/emaja24/feeds/emaja24_cdon_se.xml HTTP/1.1" 200 5106885 "-" "python-requests/2.32.3"
85.232.241.194 - - [30/May/2025:11:35:40 +0200] "GET /Jurek/emaja24/feeds/emaja24_cdon_dk.xml HTTP/1.1" 200 5106892 "-" "python-requests/2.32.3"
85.232.241.194 - - [30/May/2025:11:35:40 +0200] "GET /Jurek/emaja24/feeds/emaja24_cdon_fi.xml HTTP/1.1" 200 5101996 "-" "python-requests/2.32.3"
85.232.241.194 - - [30/May/2025:11:35:40 +0200] "GET /Jurek/drewdon/feeds/drewdon_cdon_se.xml HTTP/1.1" 200 504527 "-" "python-requests/2.32.3"
85.232.241.194 - - [30/May/2025:11:35:40 +0200] "GET /Jurek/drewdon/feeds/drewdon_cdon_dk.xml HTTP/1.1" 200 504526 "-" "python-requests/2.32.3"
85.232.241.194 - - [30/May/2025:11:35:41 +0200] "GET /Jurek/drewdon/feeds/drewdon_cdon_fi.xml HTTP/1.1" 200 504444 "-" "python-requests/2.32.3"
