77.79.248.229 - - [30/May/2025:14:58:23 +0200] "GET /Jurek/nonabox/feeds/nonabox_manoDE.xml HTTP/1.1" 200 33866 "-" "Python-urllib/3.11"
77.79.248.229 - - [30/May/2025:14:58:23 +0200] "GET /Jurek/smxdesign/feeds/smxdesign_manoDE.xml HTTP/1.1" 200 1828986 "-" "Python-urllib/3.11"
77.79.248.229 - - [30/May/2025:14:58:23 +0200] "GET /Jurek/techrebalina/feeds/techrebalina_manoDE.xml HTTP/1.1" 200 2011581 "-" "Python-urllib/3.11"
77.79.248.229 - - [30/May/2025:14:58:23 +0200] "GET /Jurek/cdata/feeds/cdata_manoDE.xml HTTP/1.1" 200 1445167 "-" "Python-urllib/3.11"
77.79.248.229 - - [30/May/2025:14:58:24 +0200] "GET /Jurek/omi/feeds/omi_manoDE.xml HTTP/1.1" 200 8100705 "-" "Python-urllib/3.11"
77.79.248.229 - - [30/May/2025:14:58:24 +0200] "GET /Jurek/tsjerzy/feeds/tsjerzy_manoDE.xml HTTP/1.1" 200 3897634 "-" "Python-urllib/3.11"
77.79.248.229 - - [30/May/2025:14:58:24 +0200] "GET /Jurek/narzbud/feeds/narzbud_manoDE.xml HTTP/1.1" 200 1901204 "-" "Python-urllib/3.11"
51.77.52.107 - - [30/May/2025:14:58:28 +0200] "GET /Jurek/eurofirany/images/464660/0.jpg HTTP/2.0" 200 221624 "-" "baselinker"
77.79.248.229 - - [30/May/2025:14:58:33 +0200] "GET /Jurek/makow/feeds/makow_manoDE.xml HTTP/1.1" 200 21203303 "-" "Python-urllib/3.11"
77.79.248.229 - - [30/May/2025:14:58:33 +0200] "GET /Jurek/jankeski/feeds/jankeski_manoDE.xml HTTP/1.1" 200 6571151 "-" "Python-urllib/3.11"
77.79.248.229 - - [30/May/2025:14:58:33 +0200] "GET /Jurek/gandalf/feeds/gandalf_manoDE.xml HTTP/1.1" 200 1082540 "-" "Python-urllib/3.11"
77.79.248.229 - - [30/May/2025:14:58:34 +0200] "GET /Jurek/zenex/feeds/zenex_manoDE.xml HTTP/1.1" 200 541212 "-" "Python-urllib/3.11"
77.79.248.229 - - [30/May/2025:14:58:35 +0200] "GET /Jurek/andex/feeds/andex_manoDE.xml HTTP/1.1" 200 1953349 "-" "Python-urllib/3.11"
77.79.248.229 - - [30/May/2025:14:58:35 +0200] "GET /Jurek/sebmart/feeds/sebmart_manoDE.xml HTTP/1.1" 200 1598723 "-" "Python-urllib/3.11"
77.79.248.229 - - [30/May/2025:14:58:36 +0200] "GET /Jurek/benetech/feeds/benetech_manode.xml HTTP/1.1" 200 4165379 "-" "Python-urllib/3.11"
77.79.248.229 - - [30/May/2025:14:58:36 +0200] "GET /Jurek/dekoele/feeds/dekoele_manomanoDE.xml HTTP/1.1" 200 733933 "-" "Python-urllib/3.11"
77.79.248.229 - - [30/May/2025:14:58:37 +0200] "GET /Jurek/mojeledy/feeds/mojeledy_manoDE.xml HTTP/1.1" 200 1018443 "-" "Python-urllib/3.11"
77.79.248.229 - - [30/May/2025:14:58:37 +0200] "GET /Jurek/rovato/feeds/rovato_manoDE.xml HTTP/1.1" 200 180835 "-" "Python-urllib/3.11"
77.79.248.229 - - [30/May/2025:14:58:39 +0200] "GET /Jurek/piotrmiedz/feeds/piotrmiedz_manoDE.xml HTTP/1.1" 200 91040672 "-" "Python-urllib/3.11"
77.79.248.229 - - [30/May/2025:14:58:40 +0200] "GET /Jurek/pawonik/feeds/pawonik_manoDE.xml HTTP/1.1" 200 2138420 "-" "Python-urllib/3.11"
77.79.248.229 - - [30/May/2025:14:58:40 +0200] "GET /Jurek/alucon/feeds/alucon_manoDE.xml HTTP/1.1" 200 553565 "-" "Python-urllib/3.11"
77.79.248.229 - - [30/May/2025:14:58:41 +0200] "GET /Jurek/sovapl/feeds/sovapl_manoDE.xml HTTP/1.1" 200 8999915 "-" "Python-urllib/3.11"
77.79.248.229 - - [30/May/2025:14:58:41 +0200] "GET /Jurek/missionair/feeds/missionair_manoDE.xml HTTP/1.1" 200 3154848 "-" "Python-urllib/3.11"
46.101.116.244 - - [30/May/2025:14:58:46 +0200] "GET /Jurek/octopia/feeds/octopia_kaufland.xml HTTP/2.0" 200 10116659 "-" "-"
77.79.248.229 - - [30/May/2025:14:58:46 +0200] "GET /Jurek/apresto/feeds/apresto_manoDE.xml HTTP/1.1" 200 1327605 "-" "Python-urllib/3.11"
77.79.248.229 - - [30/May/2025:14:58:46 +0200] "GET /Jurek/fernity/feeds/fernity_manomano.xml HTTP/1.1" 200 4718033 "-" "Python-urllib/3.11"
77.79.248.229 - - [30/May/2025:14:58:48 +0200] "GET /Jurek/eurofirany/feeds/eurofirany_manomanofr.xml HTTP/1.1" 200 18718518 "-" "Python-urllib/3.11"
77.79.248.229 - - [30/May/2025:14:58:49 +0200] "GET /Jurek/hurtownia_przemyslowa/feeds/hp_manomanofr.xml HTTP/1.1" 200 49361764 "-" "Python-urllib/3.11"
51.77.52.107 - - [30/May/2025:14:58:49 +0200] "GET /Jurek/eurofirany/images/464660/0.jpg HTTP/2.0" 200 221624 "-" "baselinker"
89.161.206.59 - - [30/May/2025:14:58:50 +0200] "GET /Jurek/artdog/feeds/artdog_allegro.xml HTTP/1.0" 200 17162209 "-" "-"
77.79.248.229 - - [30/May/2025:14:58:53 +0200] "GET /Jurek/kinghome/feeds/kinghome_manomanofr.xml HTTP/1.1" 200 6485889 "-" "Python-urllib/3.11"
77.79.248.229 - - [30/May/2025:14:58:53 +0200] "GET /Jurek/topeshop/feeds/topeshop_manoFR.xml HTTP/1.1" 200 3024471 "-" "Python-urllib/3.11"
51.77.52.107 - - [30/May/2025:14:58:55 +0200] "GET /Jurek/eurofirany/images/464661/0.jpg HTTP/2.0" 200 221624 "-" "baselinker"
77.79.248.229 - - [30/May/2025:14:58:55 +0200] "GET /Jurek/activeshop/feeds/activeshop_manomanofr.xml HTTP/1.1" 200 10445598 "-" "Python-urllib/3.11"
46.101.116.244 - - [30/May/2025:14:58:57 +0200] "GET /Jurek/rovicky/feeds/rovicky_kaufland.xml HTTP/2.0" 200 15176108 "-" "-"
77.79.248.229 - - [30/May/2025:14:58:58 +0200] "GET /Jurek/aw/feeds/awnarzedzia_manomanofr.xml HTTP/1.1" 200 91227277 "-" "Python-urllib/3.11"
51.77.52.107 - - [30/May/2025:14:59:00 +0200] "GET /Jurek/eurofirany/images/464661/0.jpg HTTP/2.0" 200 221624 "-" "baselinker"
77.79.248.229 - - [30/May/2025:14:59:06 +0200] "GET /Jurek/stema/feeds/stema_manofr.xml HTTP/1.1" 200 893935 "-" "Python-urllib/3.11"
51.77.52.107 - - [30/May/2025:14:59:06 +0200] "GET /Jurek/eurofirany/images/464661/0.jpg HTTP/2.0" 200 221624 "-" "baselinker"
46.101.116.244 - - [30/May/2025:14:59:08 +0200] "GET /Jurek/stema/feeds/stema_kauflandcz.xml HTTP/2.0" 200 894557 "-" "-"
77.79.248.229 - - [30/May/2025:14:59:08 +0200] "GET /Jurek/hurtmeblowy/feeds/hurtmeblowy_ManoFR.xml HTTP/1.1" 200 7739754 "-" "Python-urllib/3.11"
77.79.248.229 - - [30/May/2025:14:59:09 +0200] "GET /Jurek/szpaklampy/feeds/szpaklampy_manoFR.xml HTTP/1.1" 200 388216 "-" "Python-urllib/3.11"
77.79.248.229 - - [30/May/2025:14:59:09 +0200] "GET /Jurek/drops/feeds/dropsofficecolection_manoFR.xml HTTP/1.1" 200 790775 "-" "Python-urllib/3.11"
77.79.248.229 - - [30/May/2025:14:59:09 +0200] "GET /Jurek/kristronik/feeds/kristronik_manoFR.xml HTTP/1.1" 200 691973 "-" "Python-urllib/3.11"
77.79.248.229 - - [30/May/2025:14:59:10 +0200] "GET /Jurek/techrebal/feeds/techrebal_manoFR.xml HTTP/1.1" 200 1990091 "-" "Python-urllib/3.11"
77.79.248.229 - - [30/May/2025:14:59:10 +0200] "GET /Jurek/proparts/feeds/proparts_manoFR.xml HTTP/1.1" 200 707499 "-" "Python-urllib/3.11"
51.77.52.107 - - [30/May/2025:14:59:12 +0200] "GET /Jurek/eurofirany/images/464662/0.jpg HTTP/2.0" 200 138328 "-" "baselinker"
77.79.248.229 - - [30/May/2025:14:59:13 +0200] "GET /Jurek/broers/feeds/broers_manoFR.xml HTTP/1.1" 200 1982516 "-" "Python-urllib/3.11"
77.79.248.229 - - [30/May/2025:14:59:14 +0200] "GET /Jurek/em3/feeds/em3_manoFR.xml HTTP/1.1" 200 258922 "-" "Python-urllib/3.11"
77.79.248.229 - - [30/May/2025:14:59:15 +0200] "GET /Jurek/evil/feeds/evil_manoFR.xml HTTP/1.1" 200 306382 "-" "Python-urllib/3.11"
77.79.248.229 - - [30/May/2025:14:59:15 +0200] "GET /Jurek/hdwr/feeds/hdwr_manoFR.xml HTTP/1.1" 200 789426 "-" "Python-urllib/3.11"
77.79.248.229 - - [30/May/2025:14:59:15 +0200] "GET /Jurek/lampart/feeds/lampart_manoFR.xml HTTP/1.1" 200 936035 "-" "Python-urllib/3.11"
77.79.248.229 - - [30/May/2025:14:59:15 +0200] "GET /Jurek/nonabox/feeds/nonabox_manoFR.xml HTTP/1.1" 200 33866 "-" "Python-urllib/3.11"
77.79.248.229 - - [30/May/2025:14:59:16 +0200] "GET /Jurek/smxdesign/feeds/smxdesign_manoFR.xml HTTP/1.1" 200 1829022 "-" "Python-urllib/3.11"
77.79.248.229 - - [30/May/2025:14:59:16 +0200] "GET /Jurek/techrebalina/feeds/techrebalina_manoFR.xml HTTP/1.1" 200 2011581 "-" "Python-urllib/3.11"
77.79.248.229 - - [30/May/2025:14:59:16 +0200] "GET /Jurek/cdata/feeds/cdata_manoFR.xml HTTP/1.1" 200 1445166 "-" "Python-urllib/3.11"
77.79.248.229 - - [30/May/2025:14:59:16 +0200] "GET /Jurek/omi/feeds/omi_manoFR.xml HTTP/1.1" 200 8100659 "-" "Python-urllib/3.11"
77.79.248.229 - - [30/May/2025:14:59:17 +0200] "GET /Jurek/tsjerzy/feeds/tsjerzy_manoFR.xml HTTP/1.1" 200 3897668 "-" "Python-urllib/3.11"
77.79.248.229 - - [30/May/2025:14:59:17 +0200] "GET /Jurek/narzbud/feeds/narzbud_manoFR.xml HTTP/1.1" 200 1901233 "-" "Python-urllib/3.11"
77.79.248.229 - - [30/May/2025:14:59:17 +0200] "GET /Jurek/makow/feeds/makow_manoFR.xml HTTP/1.1" 200 21203821 "-" "Python-urllib/3.11"
77.79.248.229 - - [30/May/2025:14:59:18 +0200] "GET /Jurek/jankeski/feeds/jankeski_manoFR.xml HTTP/1.1" 200 6571200 "-" "Python-urllib/3.11"
77.79.248.229 - - [30/May/2025:14:59:18 +0200] "GET /Jurek/gandalf/feeds/gandalf_manoFR.xml HTTP/1.1" 200 1082539 "-" "Python-urllib/3.11"
46.101.116.244 - - [30/May/2025:14:59:19 +0200] "GET /Jurek/twm/feeds/twm-kaufland.xml HTTP/2.0" 200 2490429 "-" "-"
77.79.248.229 - - [30/May/2025:14:59:19 +0200] "GET /Jurek/zenex/feeds/zenex_manoFR.xml HTTP/1.1" 200 541212 "-" "Python-urllib/3.11"
77.79.248.229 - - [30/May/2025:14:59:19 +0200] "GET /Jurek/andex/feeds/andex_manoFR.xml HTTP/1.1" 200 1953390 "-" "Python-urllib/3.11"
77.79.248.229 - - [30/May/2025:14:59:19 +0200] "GET /Jurek/sebmart/feeds/sebmart_manoFR.xml HTTP/1.1" 200 1598675 "-" "Python-urllib/3.11"
77.79.248.229 - - [30/May/2025:14:59:20 +0200] "GET /Jurek/benetech/feeds/benetech_manofr.xml HTTP/1.1" 200 4165401 "-" "Python-urllib/3.11"
77.79.248.229 - - [30/May/2025:14:59:20 +0200] "GET /Jurek/dekoele/feeds/dekoele_manomanoFR.xml HTTP/1.1" 200 733940 "-" "Python-urllib/3.11"
77.79.248.229 - - [30/May/2025:14:59:21 +0200] "GET /Jurek/mojeledy/feeds/mojeledy_manoFR.xml HTTP/1.1" 200 1018446 "-" "Python-urllib/3.11"
77.79.248.229 - - [30/May/2025:14:59:21 +0200] "GET /Jurek/rovato/feeds/rovato_manoFR.xml HTTP/1.1" 200 180835 "-" "Python-urllib/3.11"
77.79.248.229 - - [30/May/2025:14:59:23 +0200] "GET /Jurek/piotrmiedz/feeds/piotrmiedz_manoFR.xml HTTP/1.1" 200 91046101 "-" "Python-urllib/3.11"
77.79.248.229 - - [30/May/2025:14:59:24 +0200] "GET /Jurek/sartrix/feeds/sartrix_manomanoFR.xml HTTP/1.1" 200 649169 "-" "Python-urllib/3.11"
77.79.248.229 - - [30/May/2025:14:59:24 +0200] "GET /Jurek/drewdon/feeds/drewdon_manomanoFR.xml HTTP/1.1" 200 504435 "-" "Python-urllib/3.11"
77.79.248.229 - - [30/May/2025:14:59:24 +0200] "GET /Jurek/pupus/feeds/pupus_manomanoFR.xml HTTP/1.1" 200 6154624 "-" "Python-urllib/3.11"
77.79.248.229 - - [30/May/2025:14:59:25 +0200] "GET /Jurek/artdog/feeds/artdog_manomanoFR.xml HTTP/1.1" 200 17157476 "-" "Python-urllib/3.11"
77.79.248.229 - - [30/May/2025:14:59:25 +0200] "GET /Jurek/reman/feeds/reman_manoamnoFR.xml HTTP/1.1" 200 1394827 "-" "Python-urllib/3.11"
77.79.248.229 - - [30/May/2025:14:59:26 +0200] "GET /Jurek/pawonik/feeds/pawonik_manoFR.xml HTTP/1.1" 200 2138445 "-" "Python-urllib/3.11"
77.79.248.229 - - [30/May/2025:14:59:26 +0200] "GET /Jurek/alucon/feeds/alucon_manoFR.xml HTTP/1.1" 200 553565 "-" "Python-urllib/3.11"
77.79.248.229 - - [30/May/2025:14:59:26 +0200] "GET /Jurek/sovapl/feeds/sovapl_manoFR.xml HTTP/1.1" 200 8999651 "-" "Python-urllib/3.11"
77.79.248.229 - - [30/May/2025:14:59:27 +0200] "GET /Jurek/missionair/feeds/missionair_manoFR.xml HTTP/1.1" 200 3154846 "-" "Python-urllib/3.11"
46.101.116.244 - - [30/May/2025:14:59:30 +0200] "GET /Jurek/unimet/feeds/unimet_kaufland.xml HTTP/2.0" 200 61207186 "-" "-"
77.79.248.229 - - [30/May/2025:14:59:31 +0200] "GET /Jurek/apresto/feeds/apresto_manoFR.xml HTTP/1.1" 200 1327602 "-" "Python-urllib/3.11"
51.77.52.107 - - [30/May/2025:14:59:31 +0200] "GET /Jurek/eurofirany/images/464662/0.jpg HTTP/2.0" 200 138328 "-" "baselinker"
77.79.248.229 - - [30/May/2025:14:59:33 +0200] "GET /Jurek/hurtownia_przemyslowa/feeds/hp_manomanoit.xml HTTP/1.1" 200 49361839 "-" "Python-urllib/3.11"
77.79.248.229 - - [30/May/2025:14:59:34 +0200] "GET /Jurek/eurofirany/feeds/eurofirany_manomanoit.xml HTTP/1.1" 200 18718713 "-" "Python-urllib/3.11"
77.79.248.229 - - [30/May/2025:14:59:37 +0200] "GET /Jurek/fernity/feeds/fernity_manoIT.xml HTTP/1.1" 200 4718493 "-" "Python-urllib/3.11"
77.79.248.229 - - [30/May/2025:14:59:38 +0200] "GET /Jurek/topeshop/feeds/topeshop_manoIT.xml HTTP/1.1" 200 3024480 "-" "Python-urllib/3.11"
77.79.248.229 - - [30/May/2025:14:59:39 +0200] "GET /Jurek/action/feeds/action_manomano_IT.xml HTTP/1.1" 200 59471500 "-" "Python-urllib/3.11"
77.79.248.229 - - [30/May/2025:14:59:40 +0200] "GET /Jurek/activeshop/feeds/activeshop_manomanoit.xml HTTP/1.1" 200 10445628 "-" "Python-urllib/3.11"
51.77.52.107 - - [30/May/2025:14:59:41 +0200] "GET /Jurek/eurofirany/images/464662/0.jpg HTTP/2.0" 200 138328 "-" "baselinker"
77.79.248.229 - - [30/May/2025:14:59:43 +0200] "GET /Jurek/aw/feeds/awnarzedzia_manomanoIT.xml HTTP/1.1" 200 91228125 "-" "Python-urllib/3.11"
77.79.248.229 - - [30/May/2025:14:59:44 +0200] "GET /Jurek/barbecook/feeds/barbecook_manoit.xml HTTP/1.1" 200 87536 "-" "Python-urllib/3.11"
77.79.248.229 - - [30/May/2025:14:59:45 +0200] "GET /Jurek/drewdon/feeds/drewdon_manomanoIT.xml HTTP/1.1" 200 504447 "-" "Python-urllib/3.11"
77.79.248.229 - - [30/May/2025:14:59:45 +0200] "GET /Jurek/pupus/feeds/pupus_manomanoIT.xml HTTP/1.1" 200 6153972 "-" "Python-urllib/3.11"
77.79.248.229 - - [30/May/2025:14:59:46 +0200] "GET /Jurek/reman/feeds/reman_manoamnoIT.xml HTTP/1.1" 200 1394822 "-" "Python-urllib/3.11"
77.79.248.229 - - [30/May/2025:14:59:46 +0200] "GET /Jurek/artdog/feeds/artdog_manomanoIT.xml HTTP/1.1" 200 17159240 "-" "Python-urllib/3.11"
77.79.248.229 - - [30/May/2025:14:59:47 +0200] "GET /Jurek/sartrix/feeds/sartrix_manomanoIT.xml HTTP/1.1" 200 649187 "-" "Python-urllib/3.11"
77.79.248.229 - - [30/May/2025:14:59:47 +0200] "GET /Jurek/hlo/feeds/hlo_manomanoIT.xml HTTP/1.1" 200 4838655 "-" "Python-urllib/3.11"
77.79.248.229 - - [30/May/2025:14:59:48 +0200] "GET /Jurek/hurtmeblowy/feeds/hurtmeblowy_ManoIT.xml HTTP/1.1" 200 7739645 "-" "Python-urllib/3.11"
77.79.248.229 - - [30/May/2025:14:59:48 +0200] "GET /Jurek/szpaklampy/feeds/szpaklampy_manoIT.xml HTTP/1.1" 200 388213 "-" "Python-urllib/3.11"
77.79.248.229 - - [30/May/2025:14:59:48 +0200] "GET /Jurek/drops/feeds/dropsofficecolection_manoIT.xml HTTP/1.1" 200 790847 "-" "Python-urllib/3.11"
77.79.248.229 - - [30/May/2025:14:59:49 +0200] "GET /Jurek/kristronik/feeds/kristronik_manoIT.xml HTTP/1.1" 200 691987 "-" "Python-urllib/3.11"
77.79.248.229 - - [30/May/2025:14:59:49 +0200] "GET /Jurek/techrebal/feeds/techrebal_manoIT.xml HTTP/1.1" 200 1990091 "-" "Python-urllib/3.11"
77.79.248.229 - - [30/May/2025:14:59:49 +0200] "GET /Jurek/proparts/feeds/proparts_manoIT.xml HTTP/1.1" 200 707492 "-" "Python-urllib/3.11"
77.79.248.229 - - [30/May/2025:14:59:51 +0200] "GET /Jurek/broers/feeds/broers_manoIT.xml HTTP/1.1" 200 1982530 "-" "Python-urllib/3.11"
77.79.248.229 - - [30/May/2025:14:59:51 +0200] "GET /Jurek/em3/feeds/em3_manoIT.xml HTTP/1.1" 200 258922 "-" "Python-urllib/3.11"
77.79.248.229 - - [30/May/2025:14:59:52 +0200] "GET /Jurek/evil/feeds/evil_manoIT.xml HTTP/1.1" 200 306388 "-" "Python-urllib/3.11"
77.79.248.229 - - [30/May/2025:14:59:52 +0200] "GET /Jurek/hdwr/feeds/hdwr_manoIT.xml HTTP/1.1" 200 789429 "-" "Python-urllib/3.11"
77.79.248.229 - - [30/May/2025:14:59:53 +0200] "GET /Jurek/lampart/feeds/lampart_manoIT.xml HTTP/1.1" 200 936036 "-" "Python-urllib/3.11"
77.79.248.229 - - [30/May/2025:14:59:53 +0200] "GET /Jurek/nonabox/feeds/nonabox_manoIT.xml HTTP/1.1" 200 33865 "-" "Python-urllib/3.11"
77.79.248.229 - - [30/May/2025:14:59:53 +0200] "GET /Jurek/smxdesign/feeds/smxdesign_manoIT.xml HTTP/1.1" 200 1829028 "-" "Python-urllib/3.11"
77.79.248.229 - - [30/May/2025:14:59:55 +0200] "GET /Jurek/techrebalina/feeds/techrebalina_manoIT.xml HTTP/1.1" 200 2011582 "-" "Python-urllib/3.11"
77.79.248.229 - - [30/May/2025:14:59:56 +0200] "GET /Jurek/omi/feeds/omi_manoIT.xml HTTP/1.1" 200 8100717 "-" "Python-urllib/3.11"
77.79.248.229 - - [30/May/2025:14:59:56 +0200] "GET /Jurek/tsjerzy/feeds/tsjerzy_manoIT.xml HTTP/1.1" 200 3897727 "-" "Python-urllib/3.11"
77.79.248.229 - - [30/May/2025:14:59:57 +0200] "GET /Jurek/narzbud/feeds/narzbud_manoIT.xml HTTP/1.1" 200 1901236 "-" "Python-urllib/3.11"
77.79.248.229 - - [30/May/2025:14:59:57 +0200] "GET /Jurek/makow/feeds/makow_manoIT.xml HTTP/1.1" 200 21203846 "-" "Python-urllib/3.11"
77.79.248.229 - - [30/May/2025:14:59:57 +0200] "GET /Jurek/jankeski/feeds/jankeski_manoIT.xml HTTP/1.1" 200 6571199 "-" "Python-urllib/3.11"
77.79.248.229 - - [30/May/2025:14:59:58 +0200] "GET /Jurek/gandalf/feeds/gandalf_manoIT.xml HTTP/1.1" 200 1082540 "-" "Python-urllib/3.11"
51.77.52.107 - - [30/May/2025:15:00:00 +0200] "GET /Jurek/eurofirany/images/463394/0.jpg HTTP/2.0" 200 161159 "-" "baselinker"
77.79.248.229 - - [30/May/2025:15:00:00 +0200] "GET /Jurek/zenex/feeds/zenex_manoIT.xml HTTP/1.1" 200 541212 "-" "Python-urllib/3.11"
77.79.248.229 - - [30/May/2025:15:00:01 +0200] "GET /Jurek/andex/feeds/andex_manoIT.xml HTTP/1.1" 200 1953385 "-" "Python-urllib/3.11"
77.79.248.229 - - [30/May/2025:15:00:02 +0200] "GET /Jurek/sebmart/feeds/sebmart_manoIT.xml HTTP/1.1" 200 1598714 "-" "Python-urllib/3.11"
77.79.248.229 - - [30/May/2025:15:00:03 +0200] "GET /Jurek/benetech/feeds/benetech_manoit.xml HTTP/1.1" 200 4165399 "-" "Python-urllib/3.11"
77.79.248.229 - - [30/May/2025:15:00:04 +0200] "GET /Jurek/dekoele/feeds/dekoele_manomanoIT.xml HTTP/1.1" 200 733939 "-" "Python-urllib/3.11"
77.79.248.229 - - [30/May/2025:15:00:05 +0200] "GET /Jurek/mojeledy/feeds/mojeledy_manoIT.xml HTTP/1.1" 200 1018438 "-" "Python-urllib/3.11"
77.79.248.229 - - [30/May/2025:15:00:05 +0200] "GET /Jurek/rovato/feeds/rovato_manoIT.xml HTTP/1.1" 200 180836 "-" "Python-urllib/3.11"
51.77.52.107 - - [30/May/2025:15:00:07 +0200] "GET /Jurek/eurofirany/images/463394/0.jpg HTTP/2.0" 200 161159 "-" "baselinker"
77.79.248.229 - - [30/May/2025:15:00:09 +0200] "GET /Jurek/piotrmiedz/feeds/piotrmiedz_manoIT.xml HTTP/1.1" 200 91049248 "-" "Python-urllib/3.11"
77.79.248.229 - - [30/May/2025:15:00:09 +0200] "GET /Jurek/pawonik/feeds/pawonik_manoIT.xml HTTP/1.1" 200 2138439 "-" "Python-urllib/3.11"
77.79.248.229 - - [30/May/2025:15:00:10 +0200] "GET /Jurek/alucon/feeds/alucon_manoIT.xml HTTP/1.1" 200 553564 "-" "Python-urllib/3.11"
77.79.248.229 - - [30/May/2025:15:00:10 +0200] "GET /Jurek/sovapl/feeds/sovapl_manoIT.xml HTTP/1.1" 200 8999858 "-" "Python-urllib/3.11"
77.79.248.229 - - [30/May/2025:15:00:11 +0200] "GET /Jurek/missionair/feeds/missionair_manoIT.xml HTTP/1.1" 200 3154862 "-" "Python-urllib/3.11"
77.79.248.229 - - [30/May/2025:15:00:17 +0200] "GET /Jurek/apresto/feeds/apresto_manoIT.xml HTTP/1.1" 200 1327621 "-" "Python-urllib/3.11"
77.79.248.229 - - [30/May/2025:15:00:17 +0200] "GET /Jurek/drewdon/feeds/drewdon_manomanoES.xml HTTP/1.1" 200 504432 "-" "Python-urllib/3.11"
35.204.39.32 - - [30/May/2025:15:00:18 +0200] "GET /marketplaces/carrefour_fr/results/carrefour_fr.csv HTTP/1.1" 200 147219 "-" "Mirakl HttpClient"
77.79.248.229 - - [30/May/2025:15:00:19 +0200] "GET /Jurek/hurtownia_przemyslowa/feeds/hp_manomanoES.xml HTTP/1.1" 200 49362398 "-" "Python-urllib/3.11"
77.79.248.229 - - [30/May/2025:15:00:20 +0200] "GET /Jurek/pupus/feeds/pupus_manomanoES.xml HTTP/1.1" 200 6154488 "-" "Python-urllib/3.11"
77.79.248.229 - - [30/May/2025:15:00:20 +0200] "GET /Jurek/reman/feeds/reman_manoamnoES.xml HTTP/1.1" 200 1394825 "-" "Python-urllib/3.11"
77.79.248.229 - - [30/May/2025:15:00:21 +0200] "GET /Jurek/artdog/feeds/artdog_manomanoES.xml HTTP/1.1" 200 17158629 "-" "Python-urllib/3.11"
77.79.248.229 - - [30/May/2025:15:00:22 +0200] "GET /Jurek/sartrix/feeds/sartrix_manomanoES.xml HTTP/1.1" 200 649180 "-" "Python-urllib/3.11"
77.79.248.229 - - [30/May/2025:15:00:22 +0200] "GET /Jurek/hlo/feeds/hlo_manomanoES.xml HTTP/1.1" 200 4838614 "-" "Python-urllib/3.11"
85.14.86.141 - - [30/May/2025:15:00:22 +0200] "GET /Jurek/vida_morele/feeds/VidaPL_all.xml HTTP/2.0" 200 879286888 "-" "MarketplaceAPI curl/7.74.0 PHP/8"
77.79.248.229 - - [30/May/2025:15:00:23 +0200] "GET /Jurek/drops/feeds/dropsofficecolection_manoES.xml HTTP/1.1" 200 790798 "-" "Python-urllib/3.11"
77.79.248.229 - - [30/May/2025:15:00:23 +0200] "GET /Jurek/szpaklampy/feeds/szpaklampy_manoES.xml HTTP/1.1" 200 388208 "-" "Python-urllib/3.11"
77.79.248.229 - - [30/May/2025:15:00:24 +0200] "GET /Jurek/hurtmeblowy/feeds/hurtmeblowy_ManoES.xml HTTP/1.1" 200 7739646 "-" "Python-urllib/3.11"
77.79.248.229 - - [30/May/2025:15:00:25 +0200] "GET /Jurek/topeshop/feeds/topeshop_manoES.xml HTTP/1.1" 200 3024539 "-" "Python-urllib/3.11"
77.79.248.229 - - [30/May/2025:15:00:25 +0200] "GET /Jurek/kristronik/feeds/kristronik_manoES.xml HTTP/1.1" 200 691977 "-" "Python-urllib/3.11"
77.79.248.229 - - [30/May/2025:15:00:25 +0200] "GET /Jurek/techrebal/feeds/techrebal_manoES.xml HTTP/1.1" 200 1990091 "-" "Python-urllib/3.11"
77.79.248.229 - - [30/May/2025:15:00:26 +0200] "GET /Jurek/proparts/feeds/proparts_manoES.xml HTTP/1.1" 200 707502 "-" "Python-urllib/3.11"
77.79.248.229 - - [30/May/2025:15:00:29 +0200] "GET /Jurek/broers/feeds/broers_manoES.xml HTTP/1.1" 200 1982561 "-" "Python-urllib/3.11"
77.79.248.229 - - [30/May/2025:15:00:29 +0200] "GET /Jurek/em3/feeds/em3_manoES.xml HTTP/1.1" 200 258921 "-" "Python-urllib/3.11"
77.79.248.229 - - [30/May/2025:15:00:30 +0200] "GET /Jurek/evil/feeds/evil_manoES.xml HTTP/1.1" 200 306388 "-" "Python-urllib/3.11"
77.79.248.229 - - [30/May/2025:15:00:30 +0200] "GET /Jurek/hdwr/feeds/hdwr_manoES.xml HTTP/1.1" 200 789439 "-" "Python-urllib/3.11"
77.79.248.229 - - [30/May/2025:15:00:30 +0200] "GET /Jurek/lampart/feeds/lampart_manoES.xml HTTP/1.1" 200 936036 "-" "Python-urllib/3.11"
77.79.248.229 - - [30/May/2025:15:00:30 +0200] "GET /Jurek/nonabox/feeds/nonabox_manoES.xml HTTP/1.1" 200 33865 "-" "Python-urllib/3.11"
77.79.248.229 - - [30/May/2025:15:00:31 +0200] "GET /Jurek/smxdesign/feeds/smxdesign_manoES.xml HTTP/1.1" 200 1829040 "-" "Python-urllib/3.11"
77.79.248.229 - - [30/May/2025:15:00:31 +0200] "GET /Jurek/techrebalina/feeds/techrebalina_manoES.xml HTTP/1.1" 200 2011582 "-" "Python-urllib/3.11"
77.79.248.229 - - [30/May/2025:15:00:31 +0200] "GET /Jurek/cdata/feeds/cdata_manoES.xml HTTP/1.1" 200 1445164 "-" "Python-urllib/3.11"
77.79.248.229 - - [30/May/2025:15:00:32 +0200] "GET /Jurek/omi/feeds/omi_manoES.xml HTTP/1.1" 200 8100643 "-" "Python-urllib/3.11"
77.79.248.229 - - [30/May/2025:15:00:32 +0200] "GET /Jurek/tsjerzy/feeds/tsjerzy_manoES.xml HTTP/1.1" 200 3897695 "-" "Python-urllib/3.11"
77.79.248.229 - - [30/May/2025:15:00:32 +0200] "GET /Jurek/narzbud/feeds/narzbud_manoES.xml HTTP/1.1" 200 1901254 "-" "Python-urllib/3.11"
77.79.248.229 - - [30/May/2025:15:00:33 +0200] "GET /Jurek/makow/feeds/makow_manoES.xml HTTP/1.1" 200 21203954 "-" "Python-urllib/3.11"
77.79.248.229 - - [30/May/2025:15:00:34 +0200] "GET /Jurek/jankeski/feeds/jankeski_manoES.xml HTTP/1.1" 200 6571212 "-" "Python-urllib/3.11"
77.79.248.229 - - [30/May/2025:15:00:34 +0200] "GET /Jurek/gandalf/feeds/gandalf_manoES.xml HTTP/1.1" 200 1082538 "-" "Python-urllib/3.11"
77.79.248.229 - - [30/May/2025:15:00:35 +0200] "GET /Jurek/zenex/feeds/zenex_manoES.xml HTTP/1.1" 200 541212 "-" "Python-urllib/3.11"
77.79.248.229 - - [30/May/2025:15:00:35 +0200] "GET /Jurek/andex/feeds/andex_manoES.xml HTTP/1.1" 200 1953395 "-" "Python-urllib/3.11"
77.79.248.229 - - [30/May/2025:15:00:35 +0200] "GET /Jurek/sebmart/feeds/sebmart_manoES.xml HTTP/1.1" 200 1598728 "-" "Python-urllib/3.11"
77.79.248.229 - - [30/May/2025:15:00:35 +0200] "GET /Jurek/benetech/feeds/benetech_manoes.xml HTTP/1.1" 200 4165394 "-" "Python-urllib/3.11"
77.79.248.229 - - [30/May/2025:15:00:35 +0200] "GET /Jurek/dekoele/feeds/dekoele_manomanoES.xml HTTP/1.1" 200 733934 "-" "Python-urllib/3.11"
77.79.248.229 - - [30/May/2025:15:00:36 +0200] "GET /Jurek/mojeledy/feeds/mojeledy_manoES.xml HTTP/1.1" 200 1018457 "-" "Python-urllib/3.11"
77.79.248.229 - - [30/May/2025:15:00:36 +0200] "GET /Jurek/rovato/feeds/rovato_manoES.xml HTTP/1.1" 200 180833 "-" "Python-urllib/3.11"
77.79.248.229 - - [30/May/2025:15:00:38 +0200] "GET /Jurek/piotrmiedz/feeds/piotrmiedz_manoES.xml HTTP/1.1" 200 91045337 "-" "Python-urllib/3.11"
77.79.248.229 - - [30/May/2025:15:00:38 +0200] "GET /Jurek/pawonik/feeds/pawonik_manoES.xml HTTP/1.1" 200 2138431 "-" "Python-urllib/3.11"
77.79.248.229 - - [30/May/2025:15:00:39 +0200] "GET /Jurek/alucon/feeds/alucon_manoES.xml HTTP/1.1" 200 553564 "-" "Python-urllib/3.11"
77.79.248.229 - - [30/May/2025:15:00:39 +0200] "GET /Jurek/sovapl/feeds/sovapl_manoES.xml HTTP/1.1" 200 8999927 "-" "Python-urllib/3.11"
77.79.248.229 - - [30/May/2025:15:00:39 +0200] "GET /Jurek/missionair/feeds/missionair_manoES.xml HTTP/1.1" 200 3154880 "-" "Python-urllib/3.11"
77.79.248.229 - - [30/May/2025:15:00:43 +0200] "GET /Jurek/apresto/feeds/apresto_manoES.xml HTTP/1.1" 200 1327618 "-" "Python-urllib/3.11"
52.18.22.0 - - [30/May/2025:15:00:47 +0200] "GET /marketplaces/ubaldi/results/ubaldi.csv HTTP/1.1" 200 147219 "-" "Mirakl HttpClient"
51.77.52.107 - - [30/May/2025:15:00:47 +0200] "GET /Jurek/eurofirany/images/463394/0.jpg HTTP/2.0" 200 161159 "-" "baselinker"
51.77.52.107 - - [30/May/2025:15:00:50 +0200] "GET /Jurek/eurofirany/images/463395/0.jpg HTTP/2.0" 200 161159 "-" "baselinker"
51.77.52.107 - - [30/May/2025:15:00:56 +0200] "GET /Jurek/eurofirany/images/463395/0.jpg HTTP/2.0" 200 161159 "-" "baselinker"
51.77.52.107 - - [30/May/2025:15:01:02 +0200] "GET /Jurek/eurofirany/images/463395/0.jpg HTTP/2.0" 200 161159 "-" "baselinker"
51.77.52.107 - - [30/May/2025:15:01:17 +0200] "GET /Jurek/eurofirany/images/463397/0.jpg HTTP/2.0" 200 161159 "-" "baselinker"
46.101.116.244 - - [30/May/2025:15:01:19 +0200] "GET /Jurek/hurtownia_przemyslowa/feeds/hp_alza.xml HTTP/2.0" 200 49379517 "-" "-"
51.77.52.107 - - [30/May/2025:15:01:25 +0200] "GET /Jurek/eurofirany/images/463397/0.jpg HTTP/2.0" 200 161159 "-" "baselinker"
51.77.52.107 - - [30/May/2025:15:01:35 +0200] "GET /Jurek/eurofirany/images/463397/0.jpg HTTP/2.0" 200 161159 "-" "baselinker"
46.101.116.244 - - [30/May/2025:15:01:39 +0200] "GET /Jurek/hurtownia_przemyslowa2/feeds/hp_alza.xml HTTP/2.0" 200 51108450 "-" "-"
51.77.52.107 - - [30/May/2025:15:01:41 +0200] "GET /Jurek/eurofirany/images/463403/0.jpg HTTP/2.0" 200 142077 "-" "baselinker"
35.204.39.32 - - [30/May/2025:15:01:41 +0200] "GET /marketplaces/vente/results/vente_nl.csv HTTP/1.1" 200 147219 "-" "Mirakl HttpClient"
35.204.39.32 - - [30/May/2025:15:01:42 +0200] "GET /marketplaces/vente/results/vente_fr.csv HTTP/1.1" 200 147219 "-" "Mirakl HttpClient"
35.204.39.32 - - [30/May/2025:15:01:42 +0200] "GET /marketplaces/vente/results/vente_be.csv HTTP/1.1" 200 147219 "-" "Mirakl HttpClient"
35.204.39.32 - - [30/May/2025:15:01:42 +0200] "GET /marketplaces/vente/results/vente_it.csv HTTP/1.1" 200 130835 "-" "Mirakl HttpClient"
35.204.39.32 - - [30/May/2025:15:01:42 +0200] "GET /marketplaces/vente/results/vente_es.csv HTTP/1.1" 200 147219 "-" "Mirakl HttpClient"
35.204.39.32 - - [30/May/2025:15:01:42 +0200] "GET /marketplaces/vente/results/vente_de.csv HTTP/1.1" 200 147219 "-" "Mirakl HttpClient"
51.77.52.107 - - [30/May/2025:15:01:48 +0200] "GET /Jurek/eurofirany/images/463403/0.jpg HTTP/2.0" 200 142077 "-" "baselinker"
46.101.116.244 - - [30/May/2025:15:01:54 +0200] "GET /Jurek/hurtownia_przemyslowa/feeds/hp_kaufcz.xml HTTP/2.0" 200 49380397 "-" "-"
51.77.52.107 - - [30/May/2025:15:01:57 +0200] "GET /Jurek/eurofirany/images/463403/0.jpg HTTP/2.0" 200 142077 "-" "baselinker"
52.17.80.36 - - [30/May/2025:15:01:57 +0200] "GET /marketplaces/rue/results/rue.csv HTTP/1.1" 200 147219 "-" "Mirakl HttpClient"
51.77.52.107 - - [30/May/2025:15:02:19 +0200] "GET /Jurek/eurofirany/images/463404/0.jpg HTTP/2.0" 200 142077 "-" "baselinker"
51.77.52.107 - - [30/May/2025:15:02:26 +0200] "GET /Jurek/eurofirany/images/463404/0.jpg HTTP/2.0" 200 142077 "-" "baselinker"
46.101.116.244 - - [30/May/2025:15:02:31 +0200] "GET /Jurek/kinghoff/feeds/kinghoff_empik.xml HTTP/1.0" 200 8217524 "-" "-"
46.101.116.244 - - [30/May/2025:15:02:33 +0200] "GET /Jurek/hurtownia_przemyslowa/feeds/hp_kaufsk.xml HTTP/2.0" 200 49360618 "-" "-"
51.77.52.107 - - [30/May/2025:15:02:44 +0200] "GET /Jurek/eurofirany/images/463404/0.jpg HTTP/2.0" 200 142077 "-" "baselinker"
51.77.52.107 - - [30/May/2025:15:02:51 +0200] "GET /Jurek/eurofirany/images/463405/0.jpg HTTP/2.0" 200 142077 "-" "baselinker"
51.77.52.107 - - [30/May/2025:15:02:58 +0200] "GET /Jurek/eurofirany/images/463405/0.jpg HTTP/2.0" 200 142077 "-" "baselinker"
51.77.52.107 - - [30/May/2025:15:03:02 +0200] "GET /Jurek/eurofirany/images/463405/0.jpg HTTP/2.0" 200 142077 "-" "baselinker"
46.101.116.244 - - [30/May/2025:15:03:05 +0200] "GET /Jurek/vivaldi/feeds/vivaldi_kaufland.xml HTTP/2.0" 200 344841 "-" "-"
46.101.116.244 - - [30/May/2025:15:03:09 +0200] "GET /Jurek/hurtownia_przemyslowa/feeds/hp_kaufde.xml HTTP/2.0" 200 49360049 "-" "-"
193.33.8.61 - - [30/May/2025:15:03:18 +0200] "GET /Jurek/mosti/feeds/mosti_zero.xml HTTP/2.0" 200 4627964 "https://konsola.dkkapusta1997.usermd.net/" "Mozilla/5.0 (Windows NT 10.0; Win64; x64) AppleWebKit/537.36 (KHTML, like Gecko) Chrome/136.0.0.0 Safari/537.36"
89.161.206.59 - - [30/May/2025:15:03:30 +0200] "GET /Jurek/reman/feeds/reman_allegro.xml HTTP/1.0" 200 1394881 "-" "-"
89.161.206.59 - - [30/May/2025:15:03:30 +0200] "GET /Jurek/sempler/feeds/sempler_allegro.xml HTTP/1.0" 200 6788368 "-" "-"
77.79.248.229 - - [30/May/2025:15:03:32 +0200] "GET /Jurek/mosti/feeds/mosti_zero.xml HTTP/1.1" 200 4627964 "-" "Python-urllib/3.11"
51.77.52.107 - - [30/May/2025:15:03:42 +0200] "GET /Jurek/eurofirany/images/370756/0.jpg HTTP/2.0" 200 70525 "-" "baselinker"
52.209.168.113 - - [30/May/2025:15:03:49 +0200] "GET /marketplaces/carrefour/results/carrefour.csv HTTP/1.1" 200 147219 "-" "Mirakl HttpClient"
85.14.86.141 - - [30/May/2025:15:04:03 +0200] "GET /Jurek/kinghoff/feeds/kinghoff_morele.xml HTTP/2.0" 200 8217420 "-" "MarketplaceAPI curl/7.74.0 PHP/8"
46.101.116.244 - - [30/May/2025:15:04:05 +0200] "GET /Jurek/kokiska/feeds/kokiska_allegro.xml HTTP/1.0" 200 9421487 "-" "-"
46.101.116.244 - - [30/May/2025:15:04:07 +0200] "GET /Jurek/vivaldi/feeds/vivaldi_allegro.xml HTTP/1.0" 200 344685 "-" "-"
46.101.116.244 - - [30/May/2025:15:04:10 +0200] "GET /Jurek/beliani/feeds/beliani_erli.xml HTTP/1.0" 200 30666930 "-" "-"
46.101.116.244 - - [30/May/2025:15:04:12 +0200] "GET /Jurek/eurofirany/feeds/eurofirany_erli.xml HTTP/1.0" 200 18722425 "-" "-"
46.101.116.244 - - [30/May/2025:15:04:14 +0200] "GET /Jurek/kokiska/feeds/kokiska_erli.xml HTTP/1.0" 200 9421674 "-" "-"
46.101.116.244 - - [30/May/2025:15:04:20 +0200] "GET /Jurek/ikonka/feeds/ikonka_erli.xml HTTP/1.0" 200 20822686 "-" "-"
89.161.206.59 - - [30/May/2025:15:04:21 +0200] "GET /Jurek/waks/feeds/waks_skroutz.xml HTTP/1.0" 200 1596552 "-" "-"
89.161.206.59 - - [30/May/2025:15:04:21 +0200] "GET /Jurek/slayo/feeds/slayo_skroutz.xml HTTP/1.0" 200 183610 "-" "-"
89.161.206.59 - - [30/May/2025:15:04:21 +0200] "GET /Jurek/hdwr/feeds/hdwr_skroutz.xml HTTP/1.0" 200 777085 "-" "-"
51.77.52.107 - - [30/May/2025:15:04:22 +0200] "GET /Jurek/eurofirany/images/370756/0.jpg HTTP/2.0" 200 70525 "-" "baselinker"
89.161.206.59 - - [30/May/2025:15:04:29 +0200] "GET /Jurek/artdog/feeds/artdog_amazonde.xml HTTP/1.0" 200 17158344 "-" "-"
46.175.227.131 - - [30/May/2025:15:04:31 +0200] "GET /Jurek/lampart/feeds/lampart_emagro.xml HTTP/2.0" 200 936219 "https://konsola.dkkapusta1997.usermd.net/" "Mozilla/5.0 (Windows NT 10.0; Win64; x64) AppleWebKit/537.36 (KHTML, like Gecko) Chrome/137.0.0.0 Safari/537.36"
51.77.52.107 - - [30/May/2025:15:04:36 +0200] "GET /Jurek/eurofirany/images/370756/0.jpg HTTP/2.0" 200 70525 "-" "baselinker"
89.161.206.59 - - [30/May/2025:15:04:40 +0200] "GET /Jurek/pawonik/feeds/pawonik_skroutz.xml HTTP/1.0" 200 2138429 "-" "-"
89.161.206.59 - - [30/May/2025:15:04:41 +0200] "GET /Jurek/artdog/feeds/artdog_skroutz.xml HTTP/1.0" 200 16658994 "-" "-"
77.79.248.229 - - [30/May/2025:15:04:42 +0200] "GET /Jurek/lampart/feeds/lampart_emagro.xml HTTP/1.1" 200 936219 "-" "Python-urllib/3.11"
51.77.52.107 - - [30/May/2025:15:05:00 +0200] "GET /Jurek/eurofirany/images/372432/0.jpg HTTP/2.0" 200 92691 "-" "baselinker"
89.161.206.59 - - [30/May/2025:15:05:07 +0200] "GET /Jurek/ralmetal/feeds/ralmetal_skroutz.xml HTTP/1.0" 200 2039884 "-" "-"
51.77.52.107 - - [30/May/2025:15:05:24 +0200] "GET /Jurek/eurofirany/images/372432/0.jpg HTTP/2.0" 200 92691 "-" "baselinker"
89.161.206.59 - - [30/May/2025:15:05:40 +0200] "GET /Jurek/spali/feeds/spali_skroutz.xml HTTP/1.0" 200 77057 "-" "-"
89.161.206.59 - - [30/May/2025:15:05:41 +0200] "GET /Jurek/eurofryz/feeds/eurofryz_skroutz.xml HTTP/1.0" 200 1381556 "-" "-"
35.198.123.211 - - [30/May/2025:15:05:42 +0200] "GET /Jurek/eurofirany/images/423951/0.jpg HTTP/2.0" 200 0 "-" "Mozilla/5.0 (Macintosh; Intel Mac OS X 10.15; rv:78.0) Gecko/20100101 Firefox/78.0"
89.161.206.59 - - [30/May/2025:15:05:43 +0200] "GET /Jurek/combine/feeds/combine_skroutz.xml HTTP/1.0" 200 210554 "-" "-"
51.77.52.107 - - [30/May/2025:15:05:48 +0200] "GET /Jurek/eurofirany/images/372432/0.jpg HTTP/2.0" 200 92691 "-" "baselinker"
46.101.116.244 - - [30/May/2025:15:05:53 +0200] "GET /Jurek/kamar/feeds/kamar_alza.xml HTTP/2.0" 200 25563215 "-" "-"
89.161.206.59 - - [30/May/2025:15:06:06 +0200] "GET /Jurek/reman/feeds/reman_skroutz.xml HTTP/1.0" 200 1394828 "-" "-"
51.77.52.107 - - [30/May/2025:15:06:15 +0200] "GET /Jurek/eurofirany/images/372435/0.jpg HTTP/2.0" 200 97644 "-" "baselinker"
46.101.116.244 - - [30/May/2025:15:06:29 +0200] "GET /Jurek/tsjerzy/feeds/tsjerzy_alza.xml HTTP/2.0" 200 3901455 "-" "-"
89.161.206.59 - - [30/May/2025:15:06:41 +0200] "GET /Jurek/evil/feeds/evil_skroutz.xml HTTP/1.0" 200 252476 "-" "-"
51.77.52.107 - - [30/May/2025:15:06:42 +0200] "GET /Jurek/eurofirany/images/372435/0.jpg HTTP/2.0" 200 97644 "-" "baselinker"
89.161.206.59 - - [30/May/2025:15:06:42 +0200] "GET /Jurek/antiodor/feeds/antiodor_skroutz.xml HTTP/1.0" 200 137847 "-" "-"
89.161.206.59 - - [30/May/2025:15:06:42 +0200] "GET /Jurek/sartrix/feeds/sartrix_skroutz.xml HTTP/1.0" 200 649188 "-" "-"
89.161.206.59 - - [30/May/2025:15:06:43 +0200] "GET /Jurek/madrex/feeds/madrex_skroutz.xml HTTP/1.0" 200 466733 "-" "-"
89.161.206.59 - - [30/May/2025:15:06:43 +0200] "GET /Jurek/luxma/feeds/luxma_skroutz.xml HTTP/1.0" 200 4419606 "-" "-"
89.161.206.59 - - [30/May/2025:15:06:44 +0200] "GET /Jurek/primohurt/feeds/primohurt_skroutz.xml HTTP/1.0" 200 17186405 "-" "-"
89.161.206.59 - - [30/May/2025:15:06:45 +0200] "GET /Jurek/dekoele/feeds/dekoele_skroutz.xml HTTP/1.0" 200 378806 "-" "-"
46.101.116.244 - - [30/May/2025:15:06:45 +0200] "GET /Jurek/vidaCZ/feeds/vida_Kaufland.xml HTTP/2.0" 200 828468640 "-" "-"
46.101.116.244 - - [30/May/2025:15:06:50 +0200] "GET /Jurek/hurtmeblowy/feeds/hurtmeblowy_alza.xml HTTP/2.0" 200 8546162 "-" "-"
46.101.116.244 - - [30/May/2025:15:07:02 +0200] "GET /Jurek/kobi/feeds/kobi_alza.xml HTTP/2.0" 200 677311 "-" "-"
85.14.86.141 - - [30/May/2025:15:07:03 +0200] "GET /Jurek/eurofirany/feeds/eurofirany_morele.xml HTTP/2.0" 200 18720286 "-" "MarketplaceAPI curl/7.74.0 PHP/8"
51.77.52.107 - - [30/May/2025:15:07:05 +0200] "GET /Jurek/eurofirany/images/372435/0.jpg HTTP/2.0" 200 97644 "-" "baselinker"
46.101.116.244 - - [30/May/2025:15:07:12 +0200] "GET /Jurek/madrex/feeds/madrex_alza.xml HTTP/2.0" 200 466764 "-" "-"
51.77.52.107 - - [30/May/2025:15:07:17 +0200] "GET /Jurek/eurofirany/images/373033/0.jpg HTTP/2.0" 200 85629 "-" "baselinker"
46.101.116.244 - - [30/May/2025:15:07:23 +0200] "GET /Jurek/matkam/feeds/matkam_alza.xml HTTP/2.0" 200 4426704 "-" "-"
89.161.206.59 - - [30/May/2025:15:07:26 +0200] "GET /Jurek/ekotex/feeds/ekotex_skroutz.xml HTTP/1.0" 200 197813 "-" "-"
89.161.206.59 - - [30/May/2025:15:07:27 +0200] "GET /Jurek/motofan/feeds/motofan_skroutz.xml HTTP/1.0" 200 2392158 "-" "-"
89.161.206.59 - - [30/May/2025:15:07:34 +0200] "GET /Jurek/sempler/feeds/sempler_amazonfr.xml HTTP/1.0" 200 6787999 "-" "-"
89.161.206.59 - - [30/May/2025:15:07:35 +0200] "GET /Jurek/sempler/feeds/sempler_amazonit.xml HTTP/1.0" 200 6788015 "-" "-"
89.161.206.59 - - [30/May/2025:15:07:35 +0200] "GET /Jurek/sempler/feeds/sempler_amazonnl.xml HTTP/1.0" 200 6787965 "-" "-"
89.161.206.59 - - [30/May/2025:15:07:38 +0200] "GET /Jurek/ralmetal/feeds/ralmetal_amazonnl.xml HTTP/1.0" 200 2039886 "-" "-"
51.77.52.107 - - [30/May/2025:15:07:43 +0200] "GET /Jurek/eurofirany/images/373033/0.jpg HTTP/2.0" 200 85629 "-" "baselinker"
89.161.206.59 - - [30/May/2025:15:07:51 +0200] "GET /Jurek/tsjerzy/feeds/tsjerzy_amazonde.xml HTTP/1.0" 200 3897645 "-" "-"
89.161.206.59 - - [30/May/2025:15:07:52 +0200] "GET /Jurek/reman/feeds/reman_amazonde.xml HTTP/1.0" 200 1394822 "-" "-"
89.161.206.59 - - [30/May/2025:15:07:52 +0200] "GET /Jurek/artdog/feeds/artdog_amazonfr.xml HTTP/1.0" 200 17158573 "-" "-"
89.161.206.59 - - [30/May/2025:15:07:55 +0200] "GET /Jurek/smxdesign/feeds/smxdesign_amazonde.xml HTTP/1.0" 200 1829011 "-" "-"
104.30.134.75 - - [30/May/2025:15:07:55 +0200] "GET /Jurek/eurofirany/images/459067/0.jpg HTTP/2.0" 200 158271 "https://earth.skroutz.gr/" "Mozilla/5.0 (X11; Linux x86_64) AppleWebKit/537.36 (KHTML, like Gecko) Chrome/137.0.0.0 Safari/537.36"
89.161.206.59 - - [30/May/2025:15:07:56 +0200] "GET /Jurek/snibbs/feeds/snibbs_amazonde.xml HTTP/1.0" 200 74392 "-" "-"
89.161.206.59 - - [30/May/2025:15:07:56 +0200] "GET /Jurek/riko/feeds/riko_amazonde.xml HTTP/1.0" 200 3784966 "-" "-"
89.161.206.59 - - [30/May/2025:15:07:56 +0200] "GET /Jurek/roger/feeds/roger_amazonde.xml HTTP/1.0" 200 1396623 "-" "-"
89.161.206.59 - - [30/May/2025:15:07:56 +0200] "GET /Jurek/sebmart/feeds/sebmart_amazonde.xml HTTP/1.0" 200 1598674 "-" "-"
85.14.86.141 - - [30/May/2025:15:07:57 +0200] "GET /Jurek/vivaldi/feeds/vivaldi_Morele-PL.xml HTTP/2.0" 200 344674 "-" "MarketplaceAPI curl/7.74.0 PHP/8"
51.77.52.107 - - [30/May/2025:15:07:59 +0200] "GET /Jurek/eurofirany/images/373033/0.jpg HTTP/2.0" 200 85629 "-" "baselinker"
46.175.227.131 - - [30/May/2025:15:08:03 +0200] "GET /Jurek/najtanszysport/feeds/najtanszysport_emagro.xml HTTP/2.0" 200 3984374 "https://konsola.dkkapusta1997.usermd.net/" "Mozilla/5.0 (Windows NT 10.0; Win64; x64) AppleWebKit/537.36 (KHTML, like Gecko) Chrome/137.0.0.0 Safari/537.36"
77.79.248.229 - - [30/May/2025:15:08:10 +0200] "GET /Jurek/najtanszysport/feeds/najtanszysport_emagro.xml HTTP/1.1" 200 3984374 "-" "Python-urllib/3.11"
89.161.206.59 - - [30/May/2025:15:08:23 +0200] "GET /Jurek/spali/feeds/spali_allegro.xml HTTP/1.0" 200 77068 "-" "-"
51.77.52.107 - - [30/May/2025:15:08:25 +0200] "GET /Jurek/eurofirany/images/373034/0.jpg HTTP/2.0" 200 86466 "-" "baselinker"
46.101.116.244 - - [30/May/2025:15:08:39 +0200] "GET /Jurek/kalama/feeds/kalama_alza.xml HTTP/2.0" 200 2662529 "-" "-"
89.161.206.59 - - [30/May/2025:15:08:48 +0200] "GET /Jurek/muminky/feeds/muminky_skroutz.xml HTTP/1.0" 200 2270345 "-" "-"
89.161.206.59 - - [30/May/2025:15:08:49 +0200] "GET /Jurek/pupus/feeds/pupus_skroutz.xml HTTP/1.0" 200 882657 "-" "-"
46.101.116.244 - - [30/May/2025:15:08:50 +0200] "GET /Jurek/proadventure/feeds/proadventure_alza.xml HTTP/2.0" 200 10767249 "-" "-"
51.77.52.107 - - [30/May/2025:15:08:52 +0200] "GET /Jurek/eurofirany/images/373034/0.jpg HTTP/2.0" 200 86466 "-" "baselinker"
89.161.206.59 - - [30/May/2025:15:09:00 +0200] "GET /Jurek/eurofryz3/feeds/eurofryz3_skroutz.xml HTTP/1.0" 200 172223 "-" "-"
89.161.206.59 - - [30/May/2025:15:09:00 +0200] "GET /Jurek/lendo/feeds/lendo_skroutz.xml HTTP/1.0" 200 330390 "-" "-"
46.101.116.244 - - [30/May/2025:15:09:02 +0200] "GET /Jurek/awparts/feeds/awparts_alza.xml HTTP/2.0" 200 142492831 "-" "-"
185.6.76.18 - - [30/May/2025:15:09:09 +0200] "GET /marketplaces/skroutz/feeds/shumee.xml HTTP/1.1" 200 411577349 "-" "SkroutzBot v1.0"
46.101.116.244 - - [30/May/2025:15:09:12 +0200] "GET /Jurek/hurtmeblowy/feeds/hurtmeblowy_kauflandsk.xml HTTP/2.0" 200 7518295 "-" "-"
85.14.86.141 - - [30/May/2025:15:09:12 +0200] "GET /Jurek/vida_morele/feeds/VidaPL_morele.xml HTTP/2.0" 200 530914379 "-" "MarketplaceAPI curl/7.74.0 PHP/8"
89.161.206.59 - - [30/May/2025:15:09:16 +0200] "GET /Jurek/makow/feeds/makow_emagro.xml HTTP/1.0" 200 21206221 "-" "-"
51.77.52.107 - - [30/May/2025:15:09:18 +0200] "GET /Jurek/eurofirany/images/373034/0.jpg HTTP/2.0" 200 86466 "-" "baselinker"
46.101.116.244 - - [30/May/2025:15:09:26 +0200] "GET /Jurek/kobi/feeds/kobi_kauflandsk.xml HTTP/2.0" 200 942903 "-" "-"
89.161.206.59 - - [30/May/2025:15:09:29 +0200] "GET /Jurek/playcob/feeds/playcob_skroutz.xml HTTP/1.0" 200 6980121 "-" "-"
89.161.206.59 - - [30/May/2025:15:09:30 +0200] "GET /Jurek/nexus/feeds/nexus_skroutz.xml HTTP/1.0" 200 226627 "-" "-"
89.161.206.59 - - [30/May/2025:15:09:31 +0200] "GET /Jurek/alucon/feeds/alucon_skroutz.xml HTTP/1.0" 200 553576 "-" "-"
66.135.223.40 - - [30/May/2025:15:09:36 +0200] "GET /Jurek/topeshop/downloaded_images/5902838463413_DENVER_BIEL(1).jpg HTTP/1.1" 404 3551 "http://www.ebay.com/" "Mozilla/5.0 (Windows NT 10.0; Win64; x64) AppleWebKit/537.36 (KHTML, like Gecko) Chrome/123.0.0.0 Safari/537.36"
66.135.223.44 - - [30/May/2025:15:09:36 +0200] "GET /Jurek/topeshop/downloaded_images/5902838463413_DENVER_BIEL(2).jpg HTTP/1.1" 404 3551 "http://www.ebay.com/" "Mozilla/5.0 (Windows NT 10.0; Win64; x64) AppleWebKit/537.36 (KHTML, like Gecko) Chrome/123.0.0.0 Safari/537.36"
66.135.223.44 - - [30/May/2025:15:09:36 +0200] "GET /Jurek/topeshop/downloaded_images/5902838463413_DENVER_BIEL(6).jpg HTTP/1.1" 404 3551 "http://www.ebay.com/" "Mozilla/5.0 (Windows NT 10.0; Win64; x64) AppleWebKit/537.36 (KHTML, like Gecko) Chrome/123.0.0.0 Safari/537.36"
66.135.223.40 - - [30/May/2025:15:09:36 +0200] "GET /Jurek/topeshop/downloaded_images/5902838463413_DENVER_BIEL(3).jpg HTTP/1.1" 404 3551 "http://www.ebay.com/" "Mozilla/5.0 (Windows NT 10.0; Win64; x64) AppleWebKit/537.36 (KHTML, like Gecko) Chrome/123.0.0.0 Safari/537.36"
66.135.223.44 - - [30/May/2025:15:09:36 +0200] "GET /Jurek/topeshop/downloaded_images/5902838463413_DENVER_BIEL(4).jpg HTTP/1.1" 404 3551 "http://www.ebay.com/" "Mozilla/5.0 (Windows NT 10.0; Win64; x64) AppleWebKit/537.36 (KHTML, like Gecko) Chrome/123.0.0.0 Safari/537.36"
66.135.223.44 - - [30/May/2025:15:09:36 +0200] "GET /Jurek/topeshop/downloaded_images/5902838463413_DENVER_BIEL(5).jpg HTTP/1.1" 404 3551 "http://www.ebay.com/" "Mozilla/5.0 (Windows NT 10.0; Win64; x64) AppleWebKit/537.36 (KHTML, like Gecko) Chrome/123.0.0.0 Safari/537.36"
46.101.116.244 - - [30/May/2025:15:09:36 +0200] "GET /Jurek/madrex/feeds/madrex_kauflandsk.xml HTTP/2.0" 200 466709 "-" "-"
66.135.223.41 - - [30/May/2025:15:09:36 +0200] "GET /Jurek/topeshop/downloaded_images/5902838463413_render_pop_.RGB_color.0010_kopia.png HTTP/1.1" 200 327122 "http://www.ebay.com/" "Mozilla/5.0 (Windows NT 10.0; Win64; x64) AppleWebKit/537.36 (KHTML, like Gecko) Chrome/123.0.0.0 Safari/537.36"
66.135.223.42 - - [30/May/2025:15:09:36 +0200] "GET /Jurek/topeshop/downloaded_images/5902838463413_render_pop_.RGB_color.0012_kopia.png HTTP/1.1" 200 337992 "http://www.ebay.com/" "Mozilla/5.0 (Windows NT 10.0; Win64; x64) AppleWebKit/537.36 (KHTML, like Gecko) Chrome/123.0.0.0 Safari/537.36"
89.161.206.59 - - [30/May/2025:15:09:37 +0200] "GET /Jurek/cbdgreen/feeds/cbdgreen_skroutz.xml HTTP/1.0" 200 30342 "-" "-"
66.135.223.42 - - [30/May/2025:15:09:37 +0200] "GET /Jurek/topeshop/downloaded_images/5902838463413_biel_matt.png HTTP/1.1" 200 1119197 "http://www.ebay.com/" "Mozilla/5.0 (Windows NT 10.0; Win64; x64) AppleWebKit/537.36 (KHTML, like Gecko) Chrome/123.0.0.0 Safari/537.36"
89.161.206.59 - - [30/May/2025:15:09:37 +0200] "GET /Jurek/aiofactory/feeds/aiofactory_ebayde.xml HTTP/1.0" 200 2123740 "-" "-"
85.14.86.141 - - [30/May/2025:15:09:39 +0200] "GET /Jurek/aw/feeds/awnarzedzia_morele.xml HTTP/2.0" 200 91239468 "-" "MarketplaceAPI curl/7.74.0 PHP/8"
51.77.52.107 - - [30/May/2025:15:09:45 +0200] "GET /Jurek/eurofirany/images/373035/0.jpg HTTP/2.0" 200 81742 "-" "baselinker"
46.101.116.244 - - [30/May/2025:15:09:49 +0200] "GET /Jurek/sportprise/feeds/sportprise_alza.xml HTTP/2.0" 200 12729818 "-" "-"
51.77.52.107 - - [30/May/2025:15:10:03 +0200] "GET /Jurek/eurofirany/images/373035/0.jpg HTTP/2.0" 200 81742 "-" "baselinker"
89.161.206.59 - - [30/May/2025:15:10:09 +0200] "GET /Jurek/rovato/feeds/rovato_skroutz.xml HTTP/1.0" 200 99164 "-" "-"
89.161.206.59 - - [30/May/2025:15:10:10 +0200] "GET /Jurek/snibbs/feeds/snibbs_skroutz.xml HTTP/1.0" 200 74398 "-" "-"
46.101.116.244 - - [30/May/2025:15:10:11 +0200] "GET /Jurek/action/feeds/action_kauflandsk.xml HTTP/2.0" 200 59482210 "-" "-"
89.161.206.59 - - [30/May/2025:15:10:11 +0200] "GET /Jurek/coppotech/feeds/coppotech_skroutz.xml HTTP/1.0" 200 37852809 "-" "-"
46.101.116.244 - - [30/May/2025:15:10:12 +0200] "GET /Jurek/coppotech/feeds/coppotech_alza.xml HTTP/2.0" 200 38061614 "-" "-"
51.77.52.107 - - [30/May/2025:15:10:18 +0200] "GET /Jurek/eurofirany/images/373035/0.jpg HTTP/2.0" 200 81742 "-" "baselinker"
89.161.206.59 - - [30/May/2025:15:10:19 +0200] "GET /Jurek/elavia/feeds/elavia_skroutz.xml HTTP/1.0" 200 2297059 "-" "-"
89.161.206.59 - - [30/May/2025:15:10:21 +0200] "GET /Jurek/maksik/feeds/maksik_skroutz.xml HTTP/1.0" 200 4084794 "-" "-"
89.161.206.59 - - [30/May/2025:15:10:23 +0200] "GET /Jurek/smxdesign/feeds/smxdesign_skroutz.xml HTTP/1.0" 200 1828974 "-" "-"
89.161.206.59 - - [30/May/2025:15:10:23 +0200] "GET /Jurek/proparts/feeds/proparts_skroutz.xml HTTP/1.0" 200 707497 "-" "-"
89.161.206.59 - - [30/May/2025:15:10:24 +0200] "GET /Jurek/techrebal/feeds/techrebal_skroutz.xml HTTP/1.0" 200 1969520 "-" "-"
89.161.206.59 - - [30/May/2025:15:10:24 +0200] "GET /Jurek/techrebalina/feeds/techrebalina_skroutz.xml HTTP/1.0" 200 2011582 "-" "-"
89.161.206.59 - - [30/May/2025:15:10:25 +0200] "GET /Jurek/omi/feeds/omi_skroutz.xml HTTP/1.0" 200 8100727 "-" "-"
46.101.116.244 - - [30/May/2025:15:10:26 +0200] "GET /Jurek/erohurtownia/feeds/erohurtownia_alza.xml HTTP/2.0" 200 22845865 "-" "-"
89.161.206.59 - - [30/May/2025:15:10:27 +0200] "GET /Jurek/eoptimo/feeds/eoptimo_skroutz.xml HTTP/1.0" 200 2094329 "-" "-"
51.77.52.107 - - [30/May/2025:15:10:33 +0200] "GET /Jurek/eurofirany/images/373036/0.jpg HTTP/2.0" 200 84138 "-" "baselinker"
85.14.86.141 - - [30/May/2025:15:10:37 +0200] "GET /Jurek/beliani/feeds/beliani_morele.xml HTTP/2.0" 200 30665083 "-" "MarketplaceAPI curl/7.74.0 PHP/8"
104.210.140.139 - - [30/May/2025:15:10:42 +0200] "GET /robots.txt HTTP/2.0" 404 3551 "-" "Mozilla/5.0 (Macintosh; Intel Mac OS X 10_15_7) AppleWebKit/537.36 (KHTML, like Gecko) Chrome/131.0.0.0 Safari/537.36; compatible; OAI-SearchBot/1.0; +https://openai.com/searchbot"
46.101.116.244 - - [30/May/2025:15:10:43 +0200] "GET /Jurek/euroshop/feeds/euroshop_alza.xml HTTP/2.0" 200 20021105 "-" "-"
104.210.140.131 - - [30/May/2025:15:10:44 +0200] "GET /robots.txt HTTP/1.1" 404 3551 "-" "Mozilla/5.0 (Macintosh; Intel Mac OS X 10_15_7) AppleWebKit/537.36 (KHTML, like Gecko) Chrome/131.0.0.0 Safari/537.36; compatible; OAI-SearchBot/1.0; +https://openai.com/searchbot"
89.161.206.59 - - [30/May/2025:15:10:45 +0200] "GET /Jurek/em3/feeds/em3_skroutz.xml HTTP/1.0" 200 258919 "-" "-"
46.175.227.131 - - [30/May/2025:15:10:47 +0200] "GET /Jurek/urwiskowo/feeds/urwiskowo_emagro.xml HTTP/2.0" 200 9115105 "https://konsola.dkkapusta1997.usermd.net/" "Mozilla/5.0 (Windows NT 10.0; Win64; x64) AppleWebKit/537.36 (KHTML, like Gecko) Chrome/137.0.0.0 Safari/537.36"
89.161.206.59 - - [30/May/2025:15:10:51 +0200] "GET /Jurek/regis/feeds/regis_skroutz.xml HTTP/1.0" 200 228467 "-" "-"
89.161.206.59 - - [30/May/2025:15:10:51 +0200] "GET /Jurek/equalo/feeds/equalo_skroutz.xml HTTP/1.0" 200 98004 "-" "-"
89.161.206.59 - - [30/May/2025:15:10:51 +0200] "GET /Jurek/lampart/feeds/lampart_skroutz.xml HTTP/1.0" 200 936026 "-" "-"
77.79.248.229 - - [30/May/2025:15:10:53 +0200] "GET /Jurek/urwiskowo/feeds/urwiskowo_emagro.xml HTTP/1.1" 200 9115105 "-" "Python-urllib/3.11"
46.101.116.244 - - [30/May/2025:15:10:55 +0200] "GET /Jurek/najtanszysport/feeds/najtanszysport_alza.xml HTTP/2.0" 200 3982656 "-" "-"
51.77.52.107 - - [30/May/2025:15:10:56 +0200] "GET /Jurek/eurofirany/images/373036/0.jpg HTTP/2.0" 200 84138 "-" "baselinker"
46.101.116.244 - - [30/May/2025:15:11:06 +0200] "GET /Jurek/rider/feeds/rider_alza.xml HTTP/2.0" 200 917504 "-" "-"
89.161.206.59 - - [30/May/2025:15:11:13 +0200] "GET /Jurek/carbonyway/feeds/carbonyway_skroutz.xml HTTP/1.0" 200 3075998 "-" "-"
89.161.206.59 - - [30/May/2025:15:11:14 +0200] "GET /Jurek/jakdroz/feeds/jakdroz_skroutz.xml HTTP/1.0" 200 1894295 "-" "-"
46.101.116.244 - - [30/May/2025:15:11:15 +0200] "GET /Jurek/andex/feeds/andex_kauflandsk.xml HTTP/2.0" 200 1953292 "-" "-"
89.161.206.59 - - [30/May/2025:15:11:16 +0200] "GET /Jurek/filmal/feeds/filmal_skroutz.xml HTTP/1.0" 200 139275 "-" "-"
89.161.206.59 - - [30/May/2025:15:11:16 +0200] "GET /Jurek/artdog/feeds/artdog_amazones.xml HTTP/1.0" 200 17159268 "-" "-"
89.161.206.59 - - [30/May/2025:15:11:17 +0200] "GET /Jurek/jakdroz/feeds/jakdroz_skroutz.xml HTTP/1.0" 200 1894295 "-" "-"
89.161.206.59 - - [30/May/2025:15:11:18 +0200] "GET /Jurek/bemipol/feeds/bemipol_skroutz.xml HTTP/1.0" 200 423629 "-" "-"
89.161.206.59 - - [30/May/2025:15:11:19 +0200] "GET /Jurek/gandalf/feeds/gandalf_skr.xml HTTP/1.0" 200 1082282 "-" "-"
89.161.206.59 - - [30/May/2025:15:11:20 +0200] "GET /Jurek/tsjerzy/feeds/tsjerzy_skr.xml HTTP/1.0" 200 3841006 "-" "-"
89.161.206.59 - - [30/May/2025:15:11:20 +0200] "GET /Jurek/harmonypost/feeds/harmonypost_skr.xml HTTP/1.0" 200 39903561 "-" "-"
51.77.52.107 - - [30/May/2025:15:11:20 +0200] "GET /Jurek/eurofirany/images/373036/0.jpg HTTP/2.0" 200 84138 "-" "baselinker"
89.161.206.59 - - [30/May/2025:15:11:24 +0200] "GET /Jurek/bentivolio/feeds/bentivolio_skr.xml HTTP/1.0" 200 1261313 "-" "-"
46.101.116.244 - - [30/May/2025:15:11:27 +0200] "GET /Jurek/aw/feeds/awnarzedzia_kauflandsk.xml HTTP/2.0" 200 91213056 "-" "-"
51.77.52.107 - - [30/May/2025:15:11:31 +0200] "GET /Jurek/eurofirany/images/373038/0.jpg HTTP/2.0" 200 80342 "-" "baselinker"
89.161.206.59 - - [30/May/2025:15:11:37 +0200] "GET /Jurek/sovapl/feeds/sovapl_skr.xml HTTP/1.0" 200 8999446 "-" "-"
89.161.206.59 - - [30/May/2025:15:11:37 +0200] "GET /Jurek/missionair/feeds/missionair_skr.xml HTTP/1.0" 200 3154862 "-" "-"
