66.135.223.40 - - [30/May/2025:10:01:52 +0200] "GET /Jurek/topeshop/downloaded_images/5902838468449_20_st.jpg HTTP/1.1" 200 75551 "http://www.ebay.com/" "Mozilla/5.0 (Windows NT 10.0; Win64; x64) AppleWebKit/537.36 (KHTML, like Gecko) Chrome/123.0.0.0 Safari/537.36"
66.135.223.40 - - [30/May/2025:10:01:52 +0200] "GET /Jurek/topeshop/downloaded_images/5902838468449_20_st_open.jpg HTTP/1.1" 200 61794 "http://www.ebay.com/" "Mozilla/5.0 (Windows NT 10.0; Win64; x64) AppleWebKit/537.36 (KHTML, like Gecko) Chrome/123.0.0.0 Safari/537.36"
66.135.223.42 - - [30/May/2025:10:01:52 +0200] "GET /Jurek/topeshop/downloaded_images/5902838468449_front.jpg HTTP/1.1" 200 56564 "http://www.ebay.com/" "Mozilla/5.0 (Windows NT 10.0; Win64; x64) AppleWebKit/537.36 (KHTML, like Gecko) Chrome/123.0.0.0 Safari/537.36"
66.135.223.43 - - [30/May/2025:10:01:52 +0200] "GET /Jurek/topeshop/downloaded_images/5902838468449_front_close.jpg HTTP/1.1" 200 76125 "http://www.ebay.com/" "Mozilla/5.0 (Windows NT 10.0; Win64; x64) AppleWebKit/537.36 (KHTML, like Gecko) Chrome/123.0.0.0 Safari/537.36"
66.135.223.42 - - [30/May/2025:10:01:52 +0200] "GET /Jurek/topeshop/downloaded_images/5902838468449_Artisan_x.jpg HTTP/1.1" 200 96939 "http://www.ebay.com/" "Mozilla/5.0 (Windows NT 10.0; Win64; x64) AppleWebKit/537.36 (KHTML, like Gecko) Chrome/123.0.0.0 Safari/537.36"
51.77.52.107 - - [30/May/2025:10:01:57 +0200] "GET /Jurek/eurofirany/images/397115/0.jpg HTTP/2.0" 200 40976 "-" "baselinker"
52.17.80.36 - - [30/May/2025:10:02:05 +0200] "GET /marketplaces/rue/results/rue.csv HTTP/1.1" 200 147219 "-" "Mirakl HttpClient"
51.77.52.107 - - [30/May/2025:10:02:14 +0200] "GET /Jurek/eurofirany/images/397116/0.jpg HTTP/2.0" 200 40976 "-" "baselinker"
51.77.52.107 - - [30/May/2025:10:02:36 +0200] "GET /Jurek/eurofirany/images/397116/0.jpg HTTP/2.0" 200 40976 "-" "baselinker"
51.77.52.107 - - [30/May/2025:10:02:38 +0200] "GET /Jurek/eurofirany/images/397116/0.jpg HTTP/2.0" 200 40976 "-" "baselinker"
51.77.52.107 - - [30/May/2025:10:02:46 +0200] "GET /Jurek/eurofirany/images/397117/0.jpg HTTP/2.0" 200 40976 "-" "baselinker"
51.77.52.107 - - [30/May/2025:10:02:51 +0200] "GET /Jurek/eurofirany/images/397117/0.jpg HTTP/2.0" 200 40976 "-" "baselinker"
51.77.52.107 - - [30/May/2025:10:03:07 +0200] "GET /Jurek/eurofirany/images/397117/0.jpg HTTP/2.0" 200 40976 "-" "baselinker"
51.77.52.107 - - [30/May/2025:10:03:21 +0200] "GET /Jurek/eurofirany/images/409411/0.jpg HTTP/2.0" 200 18565 "-" "baselinker"
51.77.52.107 - - [30/May/2025:10:03:26 +0200] "GET /Jurek/eurofirany/images/409411/0.jpg HTTP/2.0" 200 18565 "-" "baselinker"
51.77.52.107 - - [30/May/2025:10:03:31 +0200] "GET /Jurek/eurofirany/images/409411/0.jpg HTTP/2.0" 200 18565 "-" "baselinker"
193.33.8.61 - - [30/May/2025:10:03:31 +0200] "GET /Jurek/hurtownia_przemyslowa/feeds/hp_zero.xml HTTP/1.1" 200 49359061 "-" "Mozilla/5.0"
52.209.168.113 - - [30/May/2025:10:03:39 +0200] "GET /marketplaces/carrefour/results/carrefour.csv HTTP/1.1" 200 130837 "-" "Mirakl HttpClient"
51.77.52.107 - - [30/May/2025:10:03:40 +0200] "GET /Jurek/eurofirany/images/409412/0.jpg HTTP/2.0" 200 29127 "-" "baselinker"
51.77.52.107 - - [30/May/2025:10:04:12 +0200] "GET /Jurek/eurofirany/images/409412/0.jpg HTTP/2.0" 200 29127 "-" "baselinker"
51.77.52.107 - - [30/May/2025:10:04:18 +0200] "GET /Jurek/eurofirany/images/409412/0.jpg HTTP/2.0" 200 29127 "-" "baselinker"
193.33.8.61 - - [30/May/2025:10:04:27 +0200] "GET /Jurek/elavia/feeds/elavia_zero.xml HTTP/2.0" 200 2497287 "https://konsola.dkkapusta1997.usermd.net/" "Mozilla/5.0 (Windows NT 10.0; Win64; x64) AppleWebKit/537.36 (KHTML, like Gecko) Chrome/136.0.0.0 Safari/537.36"
51.77.52.107 - - [30/May/2025:10:04:36 +0200] "GET /Jurek/eurofirany/images/409413/0.jpg HTTP/2.0" 200 29127 "-" "baselinker"
85.14.86.141 - - [30/May/2025:10:04:47 +0200] "GET /Jurek/kinghoff/feeds/kinghoff_morele.xml HTTP/2.0" 200 15634685 "-" "MarketplaceAPI curl/7.74.0 PHP/8"
193.33.8.61 - - [30/May/2025:10:04:54 +0200] "GET /Jurek/elecomp/feeds/elecomp_zero.xml HTTP/2.0" 200 2867547 "https://konsola.dkkapusta1997.usermd.net/" "Mozilla/5.0 (Windows NT 10.0; Win64; x64) AppleWebKit/537.36 (KHTML, like Gecko) Chrome/136.0.0.0 Safari/537.36"
193.33.8.61 - - [30/May/2025:10:04:55 +0200] "GET /Jurek/em3/feeds/em3_zero.xml HTTP/2.0" 200 258912 "https://konsola.dkkapusta1997.usermd.net/" "Mozilla/5.0 (Windows NT 10.0; Win64; x64) AppleWebKit/537.36 (KHTML, like Gecko) Chrome/136.0.0.0 Safari/537.36"
51.77.52.107 - - [30/May/2025:10:05:04 +0200] "GET /Jurek/eurofirany/images/409413/0.jpg HTTP/2.0" 200 29127 "-" "baselinker"
51.77.52.107 - - [30/May/2025:10:05:09 +0200] "GET /Jurek/eurofirany/images/409413/0.jpg HTTP/2.0" 200 29127 "-" "baselinker"
51.77.52.107 - - [30/May/2025:10:05:16 +0200] "GET /Jurek/eurofirany/images/409416/0.jpg HTTP/2.0" 200 22943 "-" "baselinker"
51.77.52.107 - - [30/May/2025:10:05:23 +0200] "GET /Jurek/eurofirany/images/409416/0.jpg HTTP/2.0" 200 22943 "-" "baselinker"
51.77.52.107 - - [30/May/2025:10:05:29 +0200] "GET /Jurek/eurofirany/images/409416/0.jpg HTTP/2.0" 200 22943 "-" "baselinker"
193.33.8.61 - - [30/May/2025:10:05:45 +0200] "GET /Jurek/eoptimo/feeds/eoptimo_zero.xml HTTP/2.0" 200 2094568 "https://konsola.dkkapusta1997.usermd.net/" "Mozilla/5.0 (Windows NT 10.0; Win64; x64) AppleWebKit/537.36 (KHTML, like Gecko) Chrome/136.0.0.0 Safari/537.36"
193.33.8.61 - - [30/May/2025:10:05:50 +0200] "GET /Jurek/emaja24/feeds/emaja24_zero.xml HTTP/2.0" 200 5098192 "https://konsola.dkkapusta1997.usermd.net/" "Mozilla/5.0 (Windows NT 10.0; Win64; x64) AppleWebKit/537.36 (KHTML, like Gecko) Chrome/136.0.0.0 Safari/537.36"
51.77.52.107 - - [30/May/2025:10:05:50 +0200] "GET /Jurek/eurofirany/images/432116/0.jpg HTTP/2.0" 200 177166 "-" "baselinker"
51.77.52.107 - - [30/May/2025:10:06:10 +0200] "GET /Jurek/eurofirany/images/432116/0.jpg HTTP/2.0" 200 177166 "-" "baselinker"
193.33.8.61 - - [30/May/2025:10:06:14 +0200] "GET /Jurek/equalo/feeds/equalo_zero.xml HTTP/2.0" 200 98010 "https://konsola.dkkapusta1997.usermd.net/" "Mozilla/5.0 (Windows NT 10.0; Win64; x64) AppleWebKit/537.36 (KHTML, like Gecko) Chrome/136.0.0.0 Safari/537.36"
51.77.52.107 - - [30/May/2025:10:06:32 +0200] "GET /Jurek/eurofirany/images/432116/0.jpg HTTP/2.0" 200 177166 "-" "baselinker"
193.33.8.61 - - [30/May/2025:10:06:36 +0200] "GET /Jurek/eurofryz2/feeds/eurofryz2_zero.xml HTTP/2.0" 200 1376664 "https://konsola.dkkapusta1997.usermd.net/" "Mozilla/5.0 (Windows NT 10.0; Win64; x64) AppleWebKit/537.36 (KHTML, like Gecko) Chrome/136.0.0.0 Safari/537.36"
89.161.206.59 - - [30/May/2025:10:06:39 +0200] "GET /Jurek/hurtmeblowy/feeds/hurtmeblowy_skroutz.xml HTTP/1.0" 200 8542977 "-" "-"
193.33.8.61 - - [30/May/2025:10:06:42 +0200] "GET /Jurek/eurofryz/feeds/eurofryz_zero.xml HTTP/2.0" 200 1381515 "https://konsola.dkkapusta1997.usermd.net/" "Mozilla/5.0 (Windows NT 10.0; Win64; x64) AppleWebKit/537.36 (KHTML, like Gecko) Chrome/136.0.0.0 Safari/537.36"
193.33.8.61 - - [30/May/2025:10:06:49 +0200] "GET /Jurek/eurofryz3/feeds/eurofryz3_zero.xml HTTP/2.0" 200 172219 "https://konsola.dkkapusta1997.usermd.net/" "Mozilla/5.0 (Windows NT 10.0; Win64; x64) AppleWebKit/537.36 (KHTML, like Gecko) Chrome/136.0.0.0 Safari/537.36"
89.161.206.59 - - [30/May/2025:10:06:49 +0200] "GET /Jurek/roger/feeds/roger_manoFR.xml HTTP/1.0" 200 1148851 "-" "-"
51.77.52.107 - - [30/May/2025:10:06:50 +0200] "GET /Jurek/eurofirany/images/432169/0.jpg HTTP/2.0" 200 98487 "-" "baselinker"
193.33.8.61 - - [30/May/2025:10:07:00 +0200] "GET /Jurek/evil/feeds/evil_zero.xml HTTP/2.0" 200 306334 "https://konsola.dkkapusta1997.usermd.net/" "Mozilla/5.0 (Windows NT 10.0; Win64; x64) AppleWebKit/537.36 (KHTML, like Gecko) Chrome/136.0.0.0 Safari/537.36"
51.77.52.107 - - [30/May/2025:10:07:05 +0200] "GET /Jurek/eurofirany/images/432169/0.jpg HTTP/2.0" 200 98487 "-" "baselinker"
193.33.8.61 - - [30/May/2025:10:07:24 +0200] "GET /Jurek/euroshop/feeds/euroshop_zero.xml HTTP/2.0" 200 20020665 "https://konsola.dkkapusta1997.usermd.net/" "Mozilla/5.0 (Windows NT 10.0; Win64; x64) AppleWebKit/537.36 (KHTML, like Gecko) Chrome/136.0.0.0 Safari/537.36"
51.77.52.107 - - [30/May/2025:10:07:26 +0200] "GET /Jurek/eurofirany/images/432169/0.jpg HTTP/2.0" 200 98487 "-" "baselinker"
51.77.52.107 - - [30/May/2025:10:07:45 +0200] "GET /Jurek/eurofirany/images/441929/0.jpg HTTP/2.0" 200 33 "-" "baselinker"
51.77.52.107 - - [30/May/2025:10:07:46 +0200] "GET /Jurek/eurofirany/images/441929/0.jpg HTTP/2.0" 200 33 "-" "baselinker"
51.77.52.107 - - [30/May/2025:10:07:46 +0200] "GET /Jurek/eurofirany/images/441929/0.jpg HTTP/2.0" 200 33 "-" "baselinker"
51.77.52.107 - - [30/May/2025:10:07:51 +0200] "GET /Jurek/eurofirany/images/429741/0.jpg HTTP/2.0" 200 44593 "-" "baselinker"
51.77.52.107 - - [30/May/2025:10:08:07 +0200] "GET /Jurek/eurofirany/images/429741/0.jpg HTTP/2.0" 200 44593 "-" "baselinker"
85.14.86.141 - - [30/May/2025:10:08:08 +0200] "GET /Jurek/eurofirany/feeds/eurofirany_morele.xml HTTP/2.0" 200 18720286 "-" "MarketplaceAPI curl/7.74.0 PHP/8"
51.77.52.107 - - [30/May/2025:10:08:14 +0200] "GET /Jurek/eurofirany/images/429741/0.jpg HTTP/2.0" 200 44593 "-" "baselinker"
89.161.206.59 - - [30/May/2025:10:08:15 +0200] "GET /Jurek/eoptimo/feeds/eoptimo_skroutz.xml HTTP/1.0" 200 2094329 "-" "-"
85.14.86.141 - - [30/May/2025:10:08:32 +0200] "GET /Jurek/vivaldi/feeds/vivaldi_Morele-PL.xml HTTP/2.0" 200 344674 "-" "MarketplaceAPI curl/7.74.0 PHP/8"
51.77.52.107 - - [30/May/2025:10:08:43 +0200] "GET /Jurek/eurofirany/images/429743/0.jpg HTTP/2.0" 200 44593 "-" "baselinker"
51.77.52.107 - - [30/May/2025:10:08:53 +0200] "GET /Jurek/eurofirany/images/429743/0.jpg HTTP/2.0" 200 44593 "-" "baselinker"
51.77.52.107 - - [30/May/2025:10:09:01 +0200] "GET /Jurek/eurofirany/images/429743/0.jpg HTTP/2.0" 200 44593 "-" "baselinker"
185.6.76.18 - - [30/May/2025:10:09:09 +0200] "GET /marketplaces/skroutz/feeds/shumee.xml HTTP/1.1" 200 411577349 "-" "SkroutzBot v1.0"
51.77.52.107 - - [30/May/2025:10:09:28 +0200] "GET /Jurek/eurofirany/images/429748/0.jpg HTTP/2.0" 200 35952 "-" "baselinker"
51.77.52.107 - - [30/May/2025:10:09:33 +0200] "GET /Jurek/eurofirany/images/429748/0.jpg HTTP/2.0" 200 35952 "-" "baselinker"
51.77.52.107 - - [30/May/2025:10:09:52 +0200] "GET /Jurek/eurofirany/images/429748/0.jpg HTTP/2.0" 200 35952 "-" "baselinker"
51.77.52.107 - - [30/May/2025:10:09:58 +0200] "GET /Jurek/eurofirany/images/409414/0.jpg HTTP/2.0" 200 33 "-" "baselinker"
51.77.52.107 - - [30/May/2025:10:09:59 +0200] "GET /Jurek/eurofirany/images/409414/0.jpg HTTP/2.0" 200 33 "-" "baselinker"
89.161.206.59 - - [30/May/2025:10:09:59 +0200] "GET /Jurek/fertone/feeds/fertone_skroutz.xml HTTP/1.0" 200 583862 "-" "-"
51.77.52.107 - - [30/May/2025:10:09:59 +0200] "GET /Jurek/eurofirany/images/409414/0.jpg HTTP/2.0" 200 33 "-" "baselinker"
51.77.52.107 - - [30/May/2025:10:10:00 +0200] "GET /Jurek/eurofirany/images/409417/0.jpg HTTP/2.0" 200 33 "-" "baselinker"
51.77.52.107 - - [30/May/2025:10:10:01 +0200] "GET /Jurek/eurofirany/images/409417/0.jpg HTTP/2.0" 200 33 "-" "baselinker"
51.77.52.107 - - [30/May/2025:10:10:02 +0200] "GET /Jurek/eurofirany/images/409417/0.jpg HTTP/2.0" 200 33 "-" "baselinker"
51.77.52.107 - - [30/May/2025:10:10:03 +0200] "GET /Jurek/eurofirany/images/452246/0.jpg HTTP/2.0" 200 175270 "-" "baselinker"
51.77.52.107 - - [30/May/2025:10:10:12 +0200] "GET /Jurek/eurofirany/images/452246/0.jpg HTTP/2.0" 200 175270 "-" "baselinker"
51.77.52.107 - - [30/May/2025:10:10:19 +0200] "GET /Jurek/eurofirany/images/452246/0.jpg HTTP/2.0" 200 175270 "-" "baselinker"
89.161.206.59 - - [30/May/2025:10:10:27 +0200] "GET /Jurek/topeshop/feeds/topeshop_ebayDE.xml HTTP/1.0" 200 2553649 "-" "-"
85.14.86.141 - - [30/May/2025:10:10:46 +0200] "GET /Jurek/vida_morele/feeds/VidaPL_morele.xml HTTP/2.0" 200 878825171 "-" "MarketplaceAPI curl/7.74.0 PHP/8"
51.77.52.107 - - [30/May/2025:10:10:49 +0200] "GET /Jurek/eurofirany/images/452247/0.jpg HTTP/2.0" 200 175270 "-" "baselinker"
85.14.86.141 - - [30/May/2025:10:10:51 +0200] "GET /Jurek/aw/feeds/awnarzedzia_morele.xml HTTP/2.0" 200 91239468 "-" "MarketplaceAPI curl/7.74.0 PHP/8"
89.161.206.59 - - [30/May/2025:10:11:06 +0200] "GET /Jurek/madrex/feeds/madrex_skroutz.xml HTTP/1.0" 200 466777 "-" "-"
89.161.206.59 - - [30/May/2025:10:11:08 +0200] "GET /Jurek/zepnij/feeds/zepnij_skroutz.xml HTTP/1.0" 200 19522544 "-" "-"
89.161.206.59 - - [30/May/2025:10:11:08 +0200] "GET /Jurek/primohurt/feeds/primohurt_skroutz.xml HTTP/1.0" 200 17186405 "-" "-"
51.77.52.107 - - [30/May/2025:10:11:09 +0200] "GET /Jurek/eurofirany/images/452247/0.jpg HTTP/2.0" 200 175270 "-" "baselinker"
89.161.206.59 - - [30/May/2025:10:11:10 +0200] "GET /Jurek/emaja24/feeds/emaja24_skroutz.xml HTTP/1.0" 200 5102034 "-" "-"
89.161.206.59 - - [30/May/2025:10:11:23 +0200] "GET /Jurek/ekotex/feeds/ekotex_skroutz.xml HTTP/1.0" 200 197813 "-" "-"
89.161.206.59 - - [30/May/2025:10:11:24 +0200] "GET /Jurek/motofan/feeds/motofan_skroutz.xml HTTP/1.0" 200 2392158 "-" "-"
51.77.52.107 - - [30/May/2025:10:11:28 +0200] "GET /Jurek/eurofirany/images/452247/0.jpg HTTP/2.0" 200 175270 "-" "baselinker"
51.77.52.107 - - [30/May/2025:10:11:43 +0200] "GET /Jurek/eurofirany/images/452718/0.jpg HTTP/2.0" 200 129243 "-" "baselinker"
51.77.52.107 - - [30/May/2025:10:12:05 +0200] "GET /Jurek/eurofirany/images/452718/0.jpg HTTP/2.0" 200 129243 "-" "baselinker"
51.77.52.107 - - [30/May/2025:10:12:24 +0200] "GET /Jurek/eurofirany/images/452718/0.jpg HTTP/2.0" 200 129243 "-" "baselinker"
85.14.86.141 - - [30/May/2025:10:12:27 +0200] "GET /Jurek/beliani/feeds/beliani_morele.xml HTTP/2.0" 200 30665083 "-" "MarketplaceAPI curl/7.74.0 PHP/8"
51.77.52.107 - - [30/May/2025:10:12:27 +0200] "GET /Jurek/eurofirany/images/453515/0.jpg HTTP/2.0" 200 120496 "-" "baselinker"
46.101.116.244 - - [30/May/2025:10:12:30 +0200] "GET /Jurek/hurtmeblowy/feeds/hurtmeblowy_ebay.xml HTTP/1.0" 200 5869375 "-" "-"
51.77.52.107 - - [30/May/2025:10:12:46 +0200] "GET /Jurek/eurofirany/images/453515/0.jpg HTTP/2.0" 200 120496 "-" "baselinker"
51.77.52.107 - - [30/May/2025:10:13:06 +0200] "GET /Jurek/eurofirany/images/453515/0.jpg HTTP/2.0" 200 120496 "-" "baselinker"
51.77.52.107 - - [30/May/2025:10:13:32 +0200] "GET /Jurek/eurofirany/images/453519/0.jpg HTTP/2.0" 200 138944 "-" "baselinker"
51.77.52.107 - - [30/May/2025:10:13:52 +0200] "GET /Jurek/eurofirany/images/453519/0.jpg HTTP/2.0" 200 138944 "-" "baselinker"
77.79.248.229 - - [30/May/2025:10:14:10 +0200] "GET /Jurek/vida_morele/feeds/vidaPL_erli.xml HTTP/1.1" 200 878794460 "-" "Python-urllib/3.11"
51.77.52.107 - - [30/May/2025:10:14:24 +0200] "GET /Jurek/eurofirany/images/453519/0.jpg HTTP/2.0" 200 138944 "-" "baselinker"
51.77.52.107 - - [30/May/2025:10:14:37 +0200] "GET /Jurek/eurofirany/images/452236/0.jpg HTTP/2.0" 200 96600 "-" "baselinker"
51.77.52.107 - - [30/May/2025:10:14:58 +0200] "GET /Jurek/eurofirany/images/452236/0.jpg HTTP/2.0" 200 96600 "-" "baselinker"
51.77.52.107 - - [30/May/2025:10:15:03 +0200] "GET /Jurek/eurofirany/images/452236/0.jpg HTTP/2.0" 200 96600 "-" "baselinker"
51.77.52.107 - - [30/May/2025:10:15:26 +0200] "GET /Jurek/eurofirany/images/452237/0.jpg HTTP/2.0" 200 96600 "-" "baselinker"
51.77.52.107 - - [30/May/2025:10:15:40 +0200] "GET /Jurek/eurofirany/images/452237/0.jpg HTTP/2.0" 200 96600 "-" "baselinker"
51.77.52.107 - - [30/May/2025:10:15:59 +0200] "GET /Jurek/eurofirany/images/452237/0.jpg HTTP/2.0" 200 96600 "-" "baselinker"
51.77.52.107 - - [30/May/2025:10:16:06 +0200] "GET /Jurek/eurofirany/images/452238/0.jpg HTTP/2.0" 200 105368 "-" "baselinker"
77.79.248.229 - - [30/May/2025:10:16:21 +0200] "GET /Jurek/vida_morele/feeds/vidaPL_erli.xml HTTP/1.1" 200 878794460 "-" "Python-urllib/3.11"
51.77.52.107 - - [30/May/2025:10:16:34 +0200] "GET /Jurek/eurofirany/images/452238/0.jpg HTTP/2.0" 200 105368 "-" "baselinker"
51.77.52.107 - - [30/May/2025:10:16:50 +0200] "GET /Jurek/eurofirany/images/452238/0.jpg HTTP/2.0" 200 105368 "-" "baselinker"
51.77.52.107 - - [30/May/2025:10:16:57 +0200] "GET /Jurek/eurofirany/images/452239/0.jpg HTTP/2.0" 200 105368 "-" "baselinker"
51.77.52.107 - - [30/May/2025:10:17:16 +0200] "GET /Jurek/eurofirany/images/452239/0.jpg HTTP/2.0" 200 105368 "-" "baselinker"
51.77.52.107 - - [30/May/2025:10:17:21 +0200] "GET /Jurek/eurofirany/images/452239/0.jpg HTTP/2.0" 200 105368 "-" "baselinker"
46.101.116.244 - - [30/May/2025:10:17:27 +0200] "GET /Jurek/beliani/feeds/beliani_skroutz.xml HTTP/1.0" 200 29902988 "-" "-"
51.77.52.107 - - [30/May/2025:10:17:39 +0200] "GET /Jurek/eurofirany/images/452240/0.jpg HTTP/2.0" 200 98109 "-" "baselinker"
89.161.206.59 - - [30/May/2025:10:17:45 +0200] "GET /Jurek/benetech/feeds/benetech_amazonnl.xml HTTP/1.0" 200 4165403 "-" "-"
89.161.206.59 - - [30/May/2025:10:17:45 +0200] "GET /Jurek/benetech/feeds/benetech_amazonit.xml HTTP/1.0" 200 4165398 "-" "-"
89.161.206.59 - - [30/May/2025:10:17:45 +0200] "GET /Jurek/benetech/feeds/benetech_amazones.xml HTTP/1.0" 200 4165402 "-" "-"
89.161.206.59 - - [30/May/2025:10:17:46 +0200] "GET /Jurek/benetech/feeds/benetech_amazonfr.xml HTTP/1.0" 200 4165387 "-" "-"
89.161.206.59 - - [30/May/2025:10:17:46 +0200] "GET /Jurek/benetech/feeds/benetech_amazonbe.xml HTTP/1.0" 200 4165398 "-" "-"
89.161.206.59 - - [30/May/2025:10:17:47 +0200] "GET /Jurek/benetech/feeds/benetech_amazonse.xml HTTP/1.0" 200 4165784 "-" "-"
89.161.206.59 - - [30/May/2025:10:17:48 +0200] "GET /Jurek/emaja24/feeds/emaja24_amazonnl.xml HTTP/1.0" 200 5101988 "-" "-"
89.161.206.59 - - [30/May/2025:10:17:49 +0200] "GET /Jurek/emaja24/feeds/emaja24_amazones.xml HTTP/1.0" 200 5102064 "-" "-"
89.161.206.59 - - [30/May/2025:10:17:53 +0200] "GET /Jurek/carbonyway/feeds/carbonyway_amazonde.xml HTTP/1.0" 200 3075971 "-" "-"
89.161.206.59 - - [30/May/2025:10:17:53 +0200] "GET /Jurek/beautycare/feeds/beautycare_amazonde.xml HTTP/1.0" 200 1181267 "-" "-"
51.77.52.107 - - [30/May/2025:10:17:53 +0200] "GET /Jurek/eurofirany/images/452240/0.jpg HTTP/2.0" 200 98109 "-" "baselinker"
89.161.206.59 - - [30/May/2025:10:17:54 +0200] "GET /Jurek/avenido/feeds/avenido_amazonde.xml HTTP/1.0" 200 720106 "-" "-"
89.161.206.59 - - [30/May/2025:10:17:55 +0200] "GET /Jurek/beltimore/feeds/beltimore_amazonde.xml HTTP/1.0" 200 18652170 "-" "-"
51.77.52.107 - - [30/May/2025:10:17:56 +0200] "GET /Jurek/eurofirany/images/452240/0.jpg HTTP/2.0" 200 98109 "-" "baselinker"
89.161.206.59 - - [30/May/2025:10:17:56 +0200] "GET /Jurek/alucon/feeds/alucon_amazonde.xml HTTP/1.0" 200 553569 "-" "-"
51.77.52.107 - - [30/May/2025:10:18:16 +0200] "GET /Jurek/eurofirany/images/452241/0.jpg HTTP/2.0" 200 98109 "-" "baselinker"
77.79.248.229 - - [30/May/2025:10:18:17 +0200] "GET /Jurek/vida_morele/feeds/vidaPL_erli.xml HTTP/1.1" 200 878794460 "-" "Python-urllib/3.11"
51.77.52.107 - - [30/May/2025:10:18:34 +0200] "GET /Jurek/eurofirany/images/452241/0.jpg HTTP/2.0" 200 98109 "-" "baselinker"
89.161.206.59 - - [30/May/2025:10:18:36 +0200] "GET /Jurek/bisanti/feeds/bisanti_skroutz.xml HTTP/1.0" 200 1142298 "-" "-"
51.77.52.107 - - [30/May/2025:10:18:40 +0200] "GET /Jurek/eurofirany/images/452241/0.jpg HTTP/2.0" 200 98109 "-" "baselinker"
51.77.52.107 - - [30/May/2025:10:19:11 +0200] "GET /Jurek/eurofirany/images/452242/0.jpg HTTP/2.0" 200 119998 "-" "baselinker"
46.101.116.244 - - [30/May/2025:10:19:21 +0200] "GET /Jurek/kinghoff/feeds/kinghoff_ceneo.xml HTTP/1.0" 200 15634846 "-" "-"
89.161.206.59 - - [30/May/2025:10:19:24 +0200] "GET /Jurek/bisanti/feeds/bisanti_allegro.xml HTTP/1.0" 200 1142377 "-" "-"
89.161.206.59 - - [30/May/2025:10:19:24 +0200] "GET /Jurek/combine/feeds/combine_allegro.xml HTTP/1.0" 200 210566 "-" "-"
89.161.206.59 - - [30/May/2025:10:19:25 +0200] "GET /Jurek/benetech/feeds/benetech_allegro.xml HTTP/1.0" 200 4165674 "-" "-"
89.161.206.59 - - [30/May/2025:10:19:25 +0200] "GET /Jurek/targethome/feeds/targethome_allegro.xml HTTP/1.0" 200 689024 "-" "-"
51.77.52.107 - - [30/May/2025:10:19:31 +0200] "GET /Jurek/eurofirany/images/452242/0.jpg HTTP/2.0" 200 119998 "-" "baselinker"
51.77.52.107 - - [30/May/2025:10:19:51 +0200] "GET /Jurek/eurofirany/images/452242/0.jpg HTTP/2.0" 200 119998 "-" "baselinker"
51.77.52.107 - - [30/May/2025:10:20:12 +0200] "GET /Jurek/eurofirany/images/452243/0.jpg HTTP/2.0" 200 119998 "-" "baselinker"
51.77.52.107 - - [30/May/2025:10:20:33 +0200] "GET /Jurek/eurofirany/images/452243/0.jpg HTTP/2.0" 200 119998 "-" "baselinker"
89.161.206.59 - - [30/May/2025:10:20:54 +0200] "GET /Jurek/benetech/feeds/benetech_amazonde.xml HTTP/1.0" 200 4165323 "-" "-"
89.161.206.59 - - [30/May/2025:10:20:57 +0200] "GET /Jurek/combine/feeds/combine_amazonde.xml HTTP/1.0" 200 210556 "-" "-"
51.77.52.107 - - [30/May/2025:10:20:57 +0200] "GET /Jurek/eurofirany/images/452243/0.jpg HTTP/2.0" 200 119998 "-" "baselinker"
89.161.206.59 - - [30/May/2025:10:21:01 +0200] "GET /Jurek/dekoele/feeds/dekoele_amazonde.xml HTTP/1.0" 200 733940 "-" "-"
89.161.206.59 - - [30/May/2025:10:21:01 +0200] "GET /Jurek/dekoele/feeds/dekoele_amazonit.xml HTTP/1.0" 200 733939 "-" "-"
89.161.206.59 - - [30/May/2025:10:21:01 +0200] "GET /Jurek/dekoele/feeds/dekoele_amazonfr.xml HTTP/1.0" 200 733937 "-" "-"
89.161.206.59 - - [30/May/2025:10:21:02 +0200] "GET /Jurek/dekoele/feeds/dekoele_amazones.xml HTTP/1.0" 200 733936 "-" "-"
89.161.206.59 - - [30/May/2025:10:21:02 +0200] "GET /Jurek/dekoele/feeds/dekoele_amazonnl.xml HTTP/1.0" 200 733936 "-" "-"
89.161.206.59 - - [30/May/2025:10:21:03 +0200] "GET /Jurek/dekoele/feeds/dekoele_amazonse.xml HTTP/1.0" 200 734009 "-" "-"
89.161.206.59 - - [30/May/2025:10:21:03 +0200] "GET /Jurek/dekoele/feeds/dekoele_amazonbe.xml HTTP/1.0" 200 733936 "-" "-"
51.77.52.107 - - [30/May/2025:10:21:04 +0200] "GET /Jurek/eurofirany/images/452244/0.jpg HTTP/2.0" 200 119982 "-" "baselinker"
89.161.206.59 - - [30/May/2025:10:21:06 +0200] "GET /Jurek/cdata/feeds/cdata_amazonde.xml HTTP/1.0" 200 1445139 "-" "-"
89.161.206.59 - - [30/May/2025:10:21:08 +0200] "GET /Jurek/drewdon/feeds/drewdon_amazonde.xml HTTP/1.0" 200 504447 "-" "-"
51.77.52.107 - - [30/May/2025:10:21:22 +0200] "GET /Jurek/eurofirany/images/452244/0.jpg HTTP/2.0" 200 119982 "-" "baselinker"
51.77.52.107 - - [30/May/2025:10:21:26 +0200] "GET /Jurek/eurofirany/images/452244/0.jpg HTTP/2.0" 200 119982 "-" "baselinker"
51.77.52.107 - - [30/May/2025:10:21:55 +0200] "GET /Jurek/eurofirany/images/452245/0.jpg HTTP/2.0" 200 119982 "-" "baselinker"
51.77.52.107 - - [30/May/2025:10:22:13 +0200] "GET /Jurek/eurofirany/images/452245/0.jpg HTTP/2.0" 200 119982 "-" "baselinker"
46.101.116.244 - - [30/May/2025:10:22:37 +0200] "GET /Jurek/aw/feeds/awnarzedzia_skroutz.xml HTTP/1.0" 200 89730054 "-" "-"
51.77.52.107 - - [30/May/2025:10:22:47 +0200] "GET /Jurek/eurofirany/images/452245/0.jpg HTTP/2.0" 200 119982 "-" "baselinker"
46.101.116.244 - - [30/May/2025:10:22:48 +0200] "GET /Jurek/barbecook/feeds/barbecook_allegro.xml HTTP/1.0" 200 87554 "-" "-"
51.77.52.107 - - [30/May/2025:10:22:57 +0200] "GET /Jurek/eurofirany/images/456567/0.jpg HTTP/2.0" 200 76751 "-" "baselinker"
51.77.52.107 - - [30/May/2025:10:23:14 +0200] "GET /Jurek/eurofirany/images/456567/0.jpg HTTP/2.0" 200 76751 "-" "baselinker"
89.161.206.59 - - [30/May/2025:10:23:16 +0200] "GET /Jurek/benetech/feeds/benetech_aliex.xml HTTP/1.0" 200 4165647 "-" "-"
89.161.206.59 - - [30/May/2025:10:23:26 +0200] "GET /Jurek/targethome/feeds/targethome_aliex.xml HTTP/1.0" 200 689024 "-" "-"
89.161.206.59 - - [30/May/2025:10:23:27 +0200] "GET /Jurek/cbdgreen/feeds/cbdgreen_aliex.xml HTTP/1.0" 200 50549 "-" "-"
89.161.206.59 - - [30/May/2025:10:23:27 +0200] "GET /Jurek/drops/feeds/dropsofficecolection_aliex.xml HTTP/1.0" 200 791305 "-" "-"
51.77.52.107 - - [30/May/2025:10:23:33 +0200] "GET /Jurek/eurofirany/images/456567/0.jpg HTTP/2.0" 200 76751 "-" "baselinker"
89.161.206.59 - - [30/May/2025:10:23:35 +0200] "GET /Jurek/beltimore/feeds/beltimore_aliexpress.xml HTTP/1.0" 200 18654913 "-" "-"
89.161.206.59 - - [30/May/2025:10:23:37 +0200] "GET /Jurek/ekuchcikowo/feeds/ekuchcikowo_allegro.xml HTTP/1.0" 200 12472458 "-" "-"
89.161.206.59 - - [30/May/2025:10:23:54 +0200] "GET /Jurek/ekolight/feeds/ekolight_allegro.xml HTTP/1.0" 200 9055341 "-" "-"
51.77.52.107 - - [30/May/2025:10:23:56 +0200] "GET /Jurek/eurofirany/images/459367/0.jpg HTTP/2.0" 200 99656 "-" "baselinker"
51.77.52.107 - - [30/May/2025:10:24:15 +0200] "GET /Jurek/eurofirany/images/459367/0.jpg HTTP/2.0" 200 99656 "-" "baselinker"
89.161.206.59 - - [30/May/2025:10:24:17 +0200] "GET /Jurek/broers/feeds/broers_aliex.xml HTTP/1.0" 200 1982971 "-" "-"
89.161.206.59 - - [30/May/2025:10:24:19 +0200] "GET /Jurek/omi/feeds/omi_aliex.xml HTTP/1.0" 200 8101648 "-" "-"
89.161.206.59 - - [30/May/2025:10:24:21 +0200] "GET /Jurek/rosfix/feeds/rosfix_aliexpress.xml HTTP/1.0" 200 35781668 "-" "-"
89.161.206.59 - - [30/May/2025:10:24:22 +0200] "GET /Jurek/kamar/feeds/kamar_aliex.xml HTTP/1.0" 200 25554860 "-" "-"
89.161.206.59 - - [30/May/2025:10:24:26 +0200] "GET /Jurek/mojeledy/feeds/mojeledy_aliex.xml HTTP/1.0" 200 1018613 "-" "-"
89.161.206.59 - - [30/May/2025:10:24:28 +0200] "GET /Jurek/filmal/feeds/filmal_aliex.xml HTTP/1.0" 200 139295 "-" "-"
89.161.206.59 - - [30/May/2025:10:24:28 +0200] "GET /Jurek/fertes/feeds/fertes_aliex.xml HTTP/1.0" 200 2362266 "-" "-"
89.161.206.59 - - [30/May/2025:10:24:29 +0200] "GET /Jurek/mechdecor/feeds/mechdecor_aliex.xml HTTP/1.0" 200 596291 "-" "-"
89.161.206.59 - - [30/May/2025:10:24:31 +0200] "GET /Jurek/avenido/feeds/avenido_aliex.xml HTTP/1.0" 200 720159 "-" "-"
51.77.52.107 - - [30/May/2025:10:24:31 +0200] "GET /Jurek/eurofirany/images/459367/0.jpg HTTP/2.0" 200 99656 "-" "baselinker"
89.161.206.59 - - [30/May/2025:10:24:35 +0200] "GET /Jurek/sovapl/feeds/sovapl_aliex.xml HTTP/1.0" 200 9017827 "-" "-"
89.161.206.59 - - [30/May/2025:10:24:36 +0200] "GET /Jurek/missionair/feeds/missionair_aliex.xml HTTP/1.0" 200 3155067 "-" "-"
89.161.206.59 - - [30/May/2025:10:24:37 +0200] "GET /Jurek/apresto/feeds/apresto_aliex.xml HTTP/1.0" 200 1327800 "-" "-"
89.161.206.59 - - [30/May/2025:10:24:40 +0200] "GET /Jurek/riko/feeds/riko_aliex.xml HTTP/1.0" 200 3791689 "-" "-"
89.161.206.59 - - [30/May/2025:10:24:40 +0200] "GET /Jurek/gandalf/feeds/gandalf_aliex.xml HTTP/1.0" 200 1082569 "-" "-"
89.161.206.59 - - [30/May/2025:10:24:40 +0200] "GET /Jurek/andex/feeds/andex_aliex.xml HTTP/1.0" 200 1953927 "-" "-"
89.161.206.59 - - [30/May/2025:10:24:44 +0200] "GET /Jurek/jakdroz/feeds/jakdroz_aliex.xml HTTP/1.0" 200 4090140 "-" "-"
89.161.206.59 - - [30/May/2025:10:24:48 +0200] "GET /Jurek/sebmart/feeds/sebmart_aliex.xml HTTP/1.0" 200 1599408 "-" "-"
89.161.206.59 - - [30/May/2025:10:24:48 +0200] "GET /Jurek/kalama/feeds/kalama_aliex.xml HTTP/1.0" 200 2662098 "-" "-"
89.161.206.59 - - [30/May/2025:10:24:48 +0200] "GET /Jurek/bemipol/feeds/bemipol_aliex.xml HTTP/1.0" 200 423673 "-" "-"
89.161.206.59 - - [30/May/2025:10:24:49 +0200] "GET /Jurek/tsjerzy/feeds/tsjerzy_aliex.xml HTTP/1.0" 200 3906895 "-" "-"
51.77.52.107 - - [30/May/2025:10:24:50 +0200] "GET /Jurek/eurofirany/images/459351/0.jpg HTTP/2.0" 200 71249 "-" "baselinker"
89.161.206.59 - - [30/May/2025:10:24:50 +0200] "GET /Jurek/lampart/feeds/lampart_aliex.xml HTTP/1.0" 200 936194 "-" "-"
89.161.206.59 - - [30/May/2025:10:24:52 +0200] "GET /Jurek/takapara/feeds/takapara_aliex.xml HTTP/1.0" 200 1342566 "-" "-"
89.161.206.59 - - [30/May/2025:10:24:54 +0200] "GET /Jurek/equalo/feeds/equalo_aliex.xml HTTP/1.0" 200 98021 "-" "-"
89.161.206.59 - - [30/May/2025:10:24:54 +0200] "GET /Jurek/newtechele/feeds/newtechele_aliex.xml HTTP/1.0" 200 2438684 "-" "-"
89.161.206.59 - - [30/May/2025:10:24:55 +0200] "GET /Jurek/nonabox/feeds/nonabox_aliex.xml HTTP/1.0" 200 33874 "-" "-"
89.161.206.59 - - [30/May/2025:10:24:56 +0200] "GET /Jurek/cenoman/feeds/cenoman_aliex.xml HTTP/1.0" 200 5993725 "-" "-"
89.161.206.59 - - [30/May/2025:10:25:00 +0200] "GET /Jurek/regis/feeds/regis_aliex.xml HTTP/1.0" 200 228479 "-" "-"
89.161.206.59 - - [30/May/2025:10:25:01 +0200] "GET /Jurek/zami/feeds/zami_aliex.xml HTTP/1.0" 200 4474559 "-" "-"
89.161.206.59 - - [30/May/2025:10:25:02 +0200] "GET /Jurek/amzteam/feeds/amzteam_aliex.xml HTTP/1.0" 200 97903 "-" "-"
89.161.206.59 - - [30/May/2025:10:25:02 +0200] "GET /Jurek/zenex/feeds/zenex_aliex.xml HTTP/1.0" 200 541782 "-" "-"
89.161.206.59 - - [30/May/2025:10:25:02 +0200] "GET /Jurek/hurtownia_przemyslowa/feeds/hp_aliex.xml HTTP/1.0" 200 49368015 "-" "-"
89.161.206.59 - - [30/May/2025:10:25:07 +0200] "GET /Jurek/aiofactory/feeds/aiofactory_aliexPL.xml HTTP/1.0" 200 2123902 "-" "-"
51.77.52.107 - - [30/May/2025:10:25:08 +0200] "GET /Jurek/eurofirany/images/459351/0.jpg HTTP/2.0" 200 71249 "-" "baselinker"
51.77.52.107 - - [30/May/2025:10:25:24 +0200] "GET /Jurek/eurofirany/images/459351/0.jpg HTTP/2.0" 200 71249 "-" "baselinker"
46.101.116.244 - - [30/May/2025:10:25:31 +0200] "GET /Jurek/ikonka/feeds/ikonka_aliexpress.xml HTTP/1.0" 200 20820244 "-" "-"
89.161.206.59 - - [30/May/2025:10:25:42 +0200] "GET /Jurek/asortymenteu/feeds/asortymenteu_aliex.xml HTTP/1.0" 200 2422322 "-" "-"
51.77.52.107 - - [30/May/2025:10:25:50 +0200] "GET /Jurek/eurofirany/images/459352/0.jpg HTTP/2.0" 200 91476 "-" "baselinker"
89.161.206.59 - - [30/May/2025:10:25:54 +0200] "GET /Jurek/kinghoff/feeds/kinghoff_aliex.xml HTTP/1.0" 200 15633717 "-" "-"
89.161.206.59 - - [30/May/2025:10:26:01 +0200] "GET /Jurek/waks/feeds/waks_aliex.xml HTTP/1.0" 200 1598639 "-" "-"
51.77.52.107 - - [30/May/2025:10:26:06 +0200] "GET /Jurek/eurofirany/images/459352/0.jpg HTTP/2.0" 200 91476 "-" "baselinker"
89.161.206.59 - - [30/May/2025:10:26:07 +0200] "GET /Jurek/erohurtownia/feeds/erohurtownia_amazonde.xml HTTP/1.0" 200 22846435 "-" "-"
193.33.8.61 - - [30/May/2025:10:26:12 +0200] "GET /Jurek/aiofactory/feeds/aiofactory_bol.xml HTTP/2.0" 200 2123756 "https://konsola.dkkapusta1997.usermd.net/" "Mozilla/5.0 (Windows NT 10.0; Win64; x64) AppleWebKit/537.36 (KHTML, like Gecko) Chrome/136.0.0.0 Safari/537.36"
51.77.52.107 - - [30/May/2025:10:26:27 +0200] "GET /Jurek/eurofirany/images/459352/0.jpg HTTP/2.0" 200 91476 "-" "baselinker"
51.77.52.107 - - [30/May/2025:10:26:34 +0200] "GET /Jurek/eurofirany/images/462362/0.jpg HTTP/2.0" 200 84479 "-" "baselinker"
51.77.52.107 - - [30/May/2025:10:26:52 +0200] "GET /Jurek/eurofirany/images/462362/0.jpg HTTP/2.0" 200 84479 "-" "baselinker"
193.33.8.61 - - [30/May/2025:10:27:10 +0200] "GET /Jurek/aiofactory/feeds/aiofactory_zero.xml HTTP/2.0" 200 2123473 "https://konsola.dkkapusta1997.usermd.net/" "Mozilla/5.0 (Windows NT 10.0; Win64; x64) AppleWebKit/537.36 (KHTML, like Gecko) Chrome/136.0.0.0 Safari/537.36"
51.77.52.107 - - [30/May/2025:10:27:17 +0200] "GET /Jurek/eurofirany/images/462362/0.jpg HTTP/2.0" 200 84479 "-" "baselinker"
51.77.52.107 - - [30/May/2025:10:27:34 +0200] "GET /Jurek/eurofirany/images/463941/0.jpg HTTP/2.0" 200 104007 "-" "baselinker"
40.77.167.69 - - [30/May/2025:10:27:40 +0200] "GET /Jurek/eurofirany/images/416150/1.jpg HTTP/2.0" 200 66161 "-" "Mozilla/5.0 AppleWebKit/537.36 (KHTML, like Gecko; compatible; bingbot/2.0; +http://www.bing.com/bingbot.htm) Chrome/116.0.1938.76 Safari/537.36"
51.77.52.107 - - [30/May/2025:10:27:52 +0200] "GET /Jurek/eurofirany/images/463941/0.jpg HTTP/2.0" 200 104007 "-" "baselinker"
51.77.52.107 - - [30/May/2025:10:28:13 +0200] "GET /Jurek/eurofirany/images/463941/0.jpg HTTP/2.0" 200 104007 "-" "baselinker"
51.77.52.107 - - [30/May/2025:10:28:32 +0200] "GET /Jurek/eurofirany/images/463997/0.jpg HTTP/2.0" 200 86095 "-" "baselinker"
51.77.52.107 - - [30/May/2025:10:28:37 +0200] "GET /Jurek/eurofirany/images/463997/0.jpg HTTP/2.0" 200 86095 "-" "baselinker"
51.77.52.107 - - [30/May/2025:10:28:41 +0200] "GET /Jurek/eurofirany/images/463997/0.jpg HTTP/2.0" 200 86095 "-" "baselinker"
66.135.223.44 - - [30/May/2025:10:28:45 +0200] "GET /Jurek/topeshop/downloaded_images/5904507207472_Front_mijas_Prawy_niebieski.png HTTP/1.1" 404 3551 "http://www.ebay.com/" "Mozilla/5.0 (Windows NT 10.0; Win64; x64) AppleWebKit/537.36 (KHTML, like Gecko) Chrome/123.0.0.0 Safari/537.36"
66.135.223.42 - - [30/May/2025:10:28:45 +0200] "GET /Jurek/topeshop/downloaded_images/5904507207472_mijas_prawyniebieski.jpg HTTP/1.1" 200 128106 "http://www.ebay.com/" "Mozilla/5.0 (Windows NT 10.0; Win64; x64) AppleWebKit/537.36 (KHTML, like Gecko) Chrome/123.0.0.0 Safari/537.36"
66.135.223.42 - - [30/May/2025:10:28:45 +0200] "GET /Jurek/topeshop/downloaded_images/5904507207472_20st_mijas_prawy_open_niebieski.png HTTP/1.1" 404 3551 "http://www.ebay.com/" "Mozilla/5.0 (Windows NT 10.0; Win64; x64) AppleWebKit/537.36 (KHTML, like Gecko) Chrome/123.0.0.0 Safari/537.36"
66.135.223.41 - - [30/May/2025:10:28:46 +0200] "GET /Jurek/topeshop/downloaded_images/5904507207472_20st_mijas_prawy_niebieski.png HTTP/1.1" 200 245526 "http://www.ebay.com/" "Mozilla/5.0 (Windows NT 10.0; Win64; x64) AppleWebKit/537.36 (KHTML, like Gecko) Chrome/123.0.0.0 Safari/537.36"
51.77.52.107 - - [30/May/2025:10:28:46 +0200] "GET /Jurek/eurofirany/images/463999/0.jpg HTTP/2.0" 200 101803 "-" "baselinker"
51.77.52.107 - - [30/May/2025:10:29:08 +0200] "GET /Jurek/eurofirany/images/463999/0.jpg HTTP/2.0" 200 101803 "-" "baselinker"
51.77.52.107 - - [30/May/2025:10:29:13 +0200] "GET /Jurek/eurofirany/images/463999/0.jpg HTTP/2.0" 200 101803 "-" "baselinker"
51.77.52.107 - - [30/May/2025:10:29:27 +0200] "GET /Jurek/eurofirany/images/464001/0.jpg HTTP/2.0" 200 98414 "-" "baselinker"
51.77.52.107 - - [30/May/2025:10:29:52 +0200] "GET /Jurek/eurofirany/images/464001/0.jpg HTTP/2.0" 200 98414 "-" "baselinker"
51.77.52.107 - - [30/May/2025:10:29:57 +0200] "GET /Jurek/eurofirany/images/464001/0.jpg HTTP/2.0" 200 98414 "-" "baselinker"
51.77.52.107 - - [30/May/2025:10:30:02 +0200] "GET /Jurek/eurofirany/images/464002/0.jpg HTTP/2.0" 200 96159 "-" "baselinker"
51.77.52.107 - - [30/May/2025:10:30:07 +0200] "GET /Jurek/eurofirany/images/464002/0.jpg HTTP/2.0" 200 96159 "-" "baselinker"
51.77.52.107 - - [30/May/2025:10:30:12 +0200] "GET /Jurek/eurofirany/images/464002/0.jpg HTTP/2.0" 200 96159 "-" "baselinker"
51.77.52.107 - - [30/May/2025:10:30:16 +0200] "GET /Jurek/eurofirany/images/464007/0.jpg HTTP/2.0" 200 97816 "-" "baselinker"
51.77.52.107 - - [30/May/2025:10:30:22 +0200] "GET /Jurek/eurofirany/images/464007/0.jpg HTTP/2.0" 200 97816 "-" "baselinker"
51.77.52.107 - - [30/May/2025:10:30:48 +0200] "GET /Jurek/eurofirany/images/464007/0.jpg HTTP/2.0" 200 97816 "-" "baselinker"
89.161.206.59 - - [30/May/2025:10:31:03 +0200] "GET /Jurek/eurofirany/feeds/eurofirany_amazonES.xml HTTP/1.0" 200 18718873 "-" "-"
51.77.52.107 - - [30/May/2025:10:31:03 +0200] "GET /Jurek/eurofirany/images/464008/0.jpg HTTP/2.0" 200 100112 "-" "baselinker"
89.161.206.59 - - [30/May/2025:10:31:04 +0200] "GET /Jurek/eurofirany/feeds/eurofirany_amazonFR.xml HTTP/1.0" 200 18718617 "-" "-"
89.161.206.59 - - [30/May/2025:10:31:06 +0200] "GET /Jurek/eurofirany/feeds/eurofirany_amazonBE.xml HTTP/1.0" 200 18718561 "-" "-"
89.161.206.59 - - [30/May/2025:10:31:07 +0200] "GET /Jurek/eurofirany/feeds/eurofirany_amazaon_de.xml HTTP/1.0" 200 18718856 "-" "-"
51.77.52.107 - - [30/May/2025:10:31:09 +0200] "GET /Jurek/eurofirany/images/464008/0.jpg HTTP/2.0" 200 100112 "-" "baselinker"
89.161.206.59 - - [30/May/2025:10:31:12 +0200] "GET /Jurek/hurtmeblowy/feeds/hurtmeblowy_amazonde.xml HTTP/1.0" 200 7518222 "-" "-"
89.161.206.59 - - [30/May/2025:10:31:15 +0200] "GET /Jurek/tsjerzy/feeds/tsjerzy_amazonde.xml HTTP/1.0" 200 3904128 "-" "-"
51.77.52.107 - - [30/May/2025:10:31:15 +0200] "GET /Jurek/eurofirany/images/464008/0.jpg HTTP/2.0" 200 100112 "-" "baselinker"
89.161.206.59 - - [30/May/2025:10:31:17 +0200] "GET /Jurek/equalo/feeds/equalo_amazonde.xml HTTP/1.0" 200 98005 "-" "-"
89.161.206.59 - - [30/May/2025:10:31:17 +0200] "GET /Jurek/elavia/feeds/elavia_amazonde.xml HTTP/1.0" 200 2497290 "-" "-"
89.161.206.59 - - [30/May/2025:10:31:19 +0200] "GET /Jurek/roger/feeds/roger_amazonde.xml HTTP/1.0" 200 1398024 "-" "-"
51.77.52.107 - - [30/May/2025:10:31:25 +0200] "GET /Jurek/eurofirany/images/464009/0.jpg HTTP/2.0" 200 100204 "-" "baselinker"
51.77.52.107 - - [30/May/2025:10:31:50 +0200] "GET /Jurek/eurofirany/images/464009/0.jpg HTTP/2.0" 200 100204 "-" "baselinker"
51.77.52.107 - - [30/May/2025:10:32:13 +0200] "GET /Jurek/eurofirany/images/464009/0.jpg HTTP/2.0" 200 100204 "-" "baselinker"
51.77.52.107 - - [30/May/2025:10:32:36 +0200] "GET /Jurek/eurofirany/images/464011/0.jpg HTTP/2.0" 200 100733 "-" "baselinker"
51.77.52.107 - - [30/May/2025:10:32:59 +0200] "GET /Jurek/eurofirany/images/464011/0.jpg HTTP/2.0" 200 100733 "-" "baselinker"
51.77.52.107 - - [30/May/2025:10:33:15 +0200] "GET /Jurek/eurofirany/images/464011/0.jpg HTTP/2.0" 200 100733 "-" "baselinker"
51.77.52.107 - - [30/May/2025:10:33:42 +0200] "GET /Jurek/eurofirany/images/464012/0.jpg HTTP/2.0" 200 104458 "-" "baselinker"
51.77.52.107 - - [30/May/2025:10:34:07 +0200] "GET /Jurek/eurofirany/images/464012/0.jpg HTTP/2.0" 200 104458 "-" "baselinker"
51.77.52.107 - - [30/May/2025:10:34:12 +0200] "GET /Jurek/eurofirany/images/464012/0.jpg HTTP/2.0" 200 104458 "-" "baselinker"
89.161.206.59 - - [30/May/2025:10:34:19 +0200] "GET /Jurek/alucon/feeds/alucon_emagro.xml HTTP/1.0" 200 553608 "-" "-"
89.161.206.59 - - [30/May/2025:10:34:26 +0200] "GET /Jurek/targethome/feeds/targethome_emagro.xml HTTP/1.0" 200 689024 "-" "-"
51.77.52.107 - - [30/May/2025:10:34:39 +0200] "GET /Jurek/eurofirany/images/464014/0.jpg HTTP/2.0" 200 94443 "-" "baselinker"
51.77.52.107 - - [30/May/2025:10:35:00 +0200] "GET /Jurek/eurofirany/images/464014/0.jpg HTTP/2.0" 200 94443 "-" "baselinker"
51.77.52.107 - - [30/May/2025:10:35:04 +0200] "GET /Jurek/eurofirany/images/464014/0.jpg HTTP/2.0" 200 94443 "-" "baselinker"
51.77.52.107 - - [30/May/2025:10:35:09 +0200] "GET /Jurek/eurofirany/images/464015/0.jpg HTTP/2.0" 200 104744 "-" "baselinker"
51.77.52.107 - - [30/May/2025:10:35:14 +0200] "GET /Jurek/eurofirany/images/464015/0.jpg HTTP/2.0" 200 104744 "-" "baselinker"
51.77.52.107 - - [30/May/2025:10:35:19 +0200] "GET /Jurek/eurofirany/images/464015/0.jpg HTTP/2.0" 200 104744 "-" "baselinker"
51.77.52.107 - - [30/May/2025:10:35:44 +0200] "GET /Jurek/eurofirany/images/464017/0.jpg HTTP/2.0" 200 92897 "-" "baselinker"
40.77.167.62 - - [30/May/2025:10:35:45 +0200] "GET /marketplaces/xxxlutz/create_csv_nonvida.py HTTP/2.0" 200 2482 "-" "Mozilla/5.0 AppleWebKit/537.36 (KHTML, like Gecko; compatible; bingbot/2.0; +http://www.bing.com/bingbot.htm) Chrome/116.0.1938.76 Safari/537.36"
51.77.52.107 - - [30/May/2025:10:35:50 +0200] "GET /Jurek/eurofirany/images/464017/0.jpg HTTP/2.0" 200 92897 "-" "baselinker"
51.77.52.107 - - [30/May/2025:10:36:13 +0200] "GET /Jurek/eurofirany/images/464017/0.jpg HTTP/2.0" 200 92897 "-" "baselinker"
51.77.52.107 - - [30/May/2025:10:36:38 +0200] "GET /Jurek/eurofirany/images/464018/0.jpg HTTP/2.0" 200 103854 "-" "baselinker"
51.77.52.107 - - [30/May/2025:10:36:43 +0200] "GET /Jurek/eurofirany/images/464018/0.jpg HTTP/2.0" 200 103854 "-" "baselinker"
52.209.168.113 - - [30/May/2025:10:36:54 +0200] "GET /marketplaces/worten2/results/worten.csv HTTP/1.1" 200 147217 "-" "Mirakl HttpClient"
51.77.52.107 - - [30/May/2025:10:37:04 +0200] "GET /Jurek/eurofirany/images/464018/0.jpg HTTP/2.0" 200 103854 "-" "baselinker"
51.77.52.107 - - [30/May/2025:10:37:06 +0200] "GET /Jurek/eurofirany/images/464019/0.jpg HTTP/2.0" 200 110059 "-" "baselinker"
51.77.52.107 - - [30/May/2025:10:37:13 +0200] "GET /Jurek/eurofirany/images/464019/0.jpg HTTP/2.0" 200 110059 "-" "baselinker"
51.77.52.107 - - [30/May/2025:10:37:17 +0200] "GET /Jurek/eurofirany/images/464019/0.jpg HTTP/2.0" 200 110059 "-" "baselinker"
89.161.206.59 - - [30/May/2025:10:37:38 +0200] "GET /Jurek/edruk/feeds/edruk_emagro.xml HTTP/1.0" 200 14151334 "-" "-"
51.77.52.107 - - [30/May/2025:10:37:45 +0200] "GET /Jurek/eurofirany/images/467811/0.jpg HTTP/2.0" 200 80213 "-" "baselinker"
51.77.52.107 - - [30/May/2025:10:38:02 +0200] "GET /Jurek/eurofirany/images/467811/0.jpg HTTP/2.0" 200 80213 "-" "baselinker"
89.161.206.59 - - [30/May/2025:10:38:13 +0200] "GET /Jurek/hurtownia_przemyslowa/feeds/hp_allegro_cz.xml HTTP/1.0" 200 49368644 "-" "-"
89.161.206.59 - - [30/May/2025:10:38:15 +0200] "GET /Jurek/benetech/feeds/benetech_emagro.xml HTTP/1.0" 200 4165668 "-" "-"
89.161.206.59 - - [30/May/2025:10:38:23 +0200] "GET /Jurek/ekuchcikowo/feeds/ekuchcikowo_emagro.xml HTTP/1.0" 200 12472708 "-" "-"
89.161.206.59 - - [30/May/2025:10:38:23 +0200] "GET /Jurek/drops/feeds/dropsofficecolection_emagro.xml HTTP/1.0" 200 790980 "-" "-"
51.77.52.107 - - [30/May/2025:10:38:24 +0200] "GET /Jurek/eurofirany/images/467811/0.jpg HTTP/2.0" 200 80213 "-" "baselinker"
89.161.206.59 - - [30/May/2025:10:38:25 +0200] "GET /Jurek/galopi/feeds/galopi_emagro.xml HTTP/1.0" 200 2111357 "-" "-"
89.161.206.59 - - [30/May/2025:10:38:26 +0200] "GET /Jurek/cbdgreen/feeds/cbdgreen_emagro.xml HTTP/1.0" 200 50548 "-" "-"
89.161.206.59 - - [30/May/2025:10:38:26 +0200] "GET /Jurek/combine/feeds/combine_EMAGRO.xml HTTP/1.0" 200 210573 "-" "-"
89.161.206.59 - - [30/May/2025:10:38:28 +0200] "GET /Jurek/erohurtownia/feeds/erohurtownia_emagro.xml HTTP/1.0" 200 22856368 "-" "-"
89.161.206.59 - - [30/May/2025:10:38:31 +0200] "GET /Jurek/ekotex/feeds/ekotex_emagro.xml HTTP/1.0" 200 197970 "-" "-"
89.161.206.59 - - [30/May/2025:10:38:32 +0200] "GET /Jurek/domzapachy/feeds/domzapachy_emagro.xml HTTP/1.0" 200 179806 "-" "-"
89.161.206.59 - - [30/May/2025:10:38:33 +0200] "GET /Jurek/drewdon/feeds/drewdon_emagro.xml HTTP/1.0" 200 504528 "-" "-"
89.161.206.59 - - [30/May/2025:10:38:33 +0200] "GET /Jurek/dekoele/feeds/dekoele_emagro.xml HTTP/1.0" 200 733965 "-" "-"
89.161.206.59 - - [30/May/2025:10:38:36 +0200] "GET /Jurek/bentivolio/feeds/bentivolio_emagro.xml HTTP/1.0" 200 3498444 "-" "-"
89.161.206.59 - - [30/May/2025:10:38:36 +0200] "GET /Jurek/beltimore/feeds/beltimore_emagro.xml HTTP/1.0" 200 18653950 "-" "-"
89.161.206.59 - - [30/May/2025:10:38:39 +0200] "GET /Jurek/evil/feeds/evil_emagro.xml HTTP/1.0" 200 306430 "-" "-"
51.77.52.107 - - [30/May/2025:10:38:40 +0200] "GET /Jurek/eurofirany/images/467812/0.jpg HTTP/2.0" 200 74575 "-" "baselinker"
89.161.206.59 - - [30/May/2025:10:38:41 +0200] "GET /Jurek/hurtownia_przemyslowa/feeds/hp_emagro.xml HTTP/1.0" 200 42444149 "-" "-"
89.161.206.59 - - [30/May/2025:10:38:43 +0200] "GET /Jurek/drops/feeds/dropsofficecolection_skroutz.xml HTTP/1.0" 200 790794 "-" "-"
89.161.206.59 - - [30/May/2025:10:38:47 +0200] "GET /Jurek/galopi/feeds/galopi_skroutz.xml HTTP/1.0" 200 2111093 "-" "-"
89.161.206.59 - - [30/May/2025:10:38:47 +0200] "GET /Jurek/combine/feeds/combine_skroutz.xml HTTP/1.0" 200 210554 "-" "-"
89.161.206.59 - - [30/May/2025:10:38:47 +0200] "GET /Jurek/eurofryz/feeds/eurofryz_skroutz.xml HTTP/1.0" 200 1381556 "-" "-"
89.161.206.59 - - [30/May/2025:10:38:50 +0200] "GET /Jurek/coppotech/feeds/coppotech_emagro.xml HTTP/1.0" 200 38056583 "-" "-"
89.161.206.59 - - [30/May/2025:10:38:51 +0200] "GET /Jurek/eoptimo/feeds/eoptimo_emagro.xml HTTP/1.0" 200 2094705 "-" "-"
89.161.206.59 - - [30/May/2025:10:38:52 +0200] "GET /Jurek/galopibhp/feeds/galopibhp_emagro.xml HTTP/1.0" 200 1973747 "-" "-"
89.161.206.59 - - [30/May/2025:10:38:52 +0200] "GET /Jurek/bisanti/feeds/bisanti_emagro.xml HTTP/1.0" 200 1142488 "-" "-"
89.161.206.59 - - [30/May/2025:10:38:56 +0200] "GET /Jurek/elavia/feeds/elavia_emagro.xml HTTP/1.0" 200 2497452 "-" "-"
66.135.223.43 - - [30/May/2025:10:38:56 +0200] "GET /Jurek/topeshop/downloaded_images/5904507201883_MIJASBIURKOBRY%C5%81KAANTRACYTPRAWEFRONTZM.jpg HTTP/1.1" 404 3551 "http://www.ebay.com/" "Mozilla/5.0 (Windows NT 10.0; Win64; x64) AppleWebKit/537.36 (KHTML, like Gecko) Chrome/123.0.0.0 Safari/537.36"
66.135.223.42 - - [30/May/2025:10:38:56 +0200] "GET /Jurek/topeshop/downloaded_images/5904507201883_MIJASBIURKOBRY%C5%81KAANTRACYTPRAWEBOKOT.jpg HTTP/1.1" 404 3551 "http://www.ebay.com/" "Mozilla/5.0 (Windows NT 10.0; Win64; x64) AppleWebKit/537.36 (KHTML, like Gecko) Chrome/123.0.0.0 Safari/537.36"
66.135.223.40 - - [30/May/2025:10:38:56 +0200] "GET /Jurek/topeshop/downloaded_images/5904507201883_MIJASBIURKOANTRACYTPRAWE.png HTTP/1.1" 404 3551 "http://www.ebay.com/" "Mozilla/5.0 (Windows NT 10.0; Win64; x64) AppleWebKit/537.36 (KHTML, like Gecko) Chrome/123.0.0.0 Safari/537.36"
66.135.223.41 - - [30/May/2025:10:38:56 +0200] "GET /Jurek/topeshop/downloaded_images/5904507201883_MIJASBIURKOBRY%C5%81KAANTRACYTPRAWEBOKZM.jpg HTTP/1.1" 404 3551 "http://www.ebay.com/" "Mozilla/5.0 (Windows NT 10.0; Win64; x64) AppleWebKit/537.36 (KHTML, like Gecko) Chrome/123.0.0.0 Safari/537.36"
66.135.223.43 - - [30/May/2025:10:38:56 +0200] "GET /Jurek/topeshop/downloaded_images/5904507201883_MIJASBIURKOANTRACYTPRAWE.2tif.png HTTP/1.1" 404 3551 "http://www.ebay.com/" "Mozilla/5.0 (Windows NT 10.0; Win64; x64) AppleWebKit/537.36 (KHTML, like Gecko) Chrome/123.0.0.0 Safari/537.36"
89.161.206.59 - - [30/May/2025:10:38:57 +0200] "GET /Jurek/cdata/feeds/cdata_emagro.xml HTTP/1.0" 200 1445643 "-" "-"
51.77.52.107 - - [30/May/2025:10:38:58 +0200] "GET /Jurek/eurofirany/images/467812/0.jpg HTTP/2.0" 200 74575 "-" "baselinker"
89.161.206.59 - - [30/May/2025:10:38:58 +0200] "GET /Jurek/broers/feeds/broers_emagro.xml HTTP/1.0" 200 1983007 "-" "-"
89.161.206.59 - - [30/May/2025:10:38:58 +0200] "GET /Jurek/em3/feeds/em3_emagro.xml HTTP/1.0" 200 259004 "-" "-"
89.161.206.59 - - [30/May/2025:10:38:59 +0200] "GET /Jurek/equalo/feeds/equalo_emagro.xml HTTP/1.0" 200 98025 "-" "-"
51.77.52.107 - - [30/May/2025:10:39:02 +0200] "GET /Jurek/eurofirany/images/467812/0.jpg HTTP/2.0" 200 74575 "-" "baselinker"
89.161.206.59 - - [30/May/2025:10:39:03 +0200] "GET /Jurek/carbonyway/feeds/carbonyway_emagro.xml HTTP/1.0" 200 3076312 "-" "-"
89.161.206.59 - - [30/May/2025:10:39:03 +0200] "GET /Jurek/kamar/feeds/kamar_emagro.xml HTTP/1.0" 200 25554997 "-" "-"
89.161.206.59 - - [30/May/2025:10:39:03 +0200] "GET /Jurek/filmal/feeds/filmal_emagro.xml HTTP/1.0" 200 139308 "-" "-"
89.161.206.59 - - [30/May/2025:10:39:04 +0200] "GET /Jurek/beautycare/feeds/beautycare_emagro.xml HTTP/1.0" 200 1181602 "-" "-"
89.161.206.59 - - [30/May/2025:10:39:05 +0200] "GET /Jurek/jakdroz/feeds/jakdroz_emagro.xml HTTP/1.0" 200 4090809 "-" "-"
89.161.206.59 - - [30/May/2025:10:39:07 +0200] "GET /Jurek/gandalf/feeds/gandalf_emagro.xml HTTP/1.0" 200 1082610 "-" "-"
89.161.206.59 - - [30/May/2025:10:39:07 +0200] "GET /Jurek/andex/feeds/andex_emagro.xml HTTP/1.0" 200 1953944 "-" "-"
89.161.206.59 - - [30/May/2025:10:39:07 +0200] "GET /Jurek/kalama/feeds/kalama_emagro.xml HTTP/1.0" 200 2662084 "-" "-"
89.161.206.59 - - [30/May/2025:10:39:07 +0200] "GET /Jurek/bemipol/feeds/bemipol_emagro.xml HTTP/1.0" 200 423670 "-" "-"
51.77.52.107 - - [30/May/2025:10:39:18 +0200] "GET /Jurek/eurofirany/images/468393/0.jpg HTTP/2.0" 200 63787 "-" "baselinker"
66.211.183.70 - - [30/May/2025:10:39:21 +0200] "GET /Jurek/eurofirany/images/389888/0.jpg HTTP/1.1" 200 54466 "-" "Java/17.0.13.0.101"
89.161.206.59 - - [30/May/2025:10:39:34 +0200] "GET /Jurek/kobi/feeds/kobi_emagro.xml HTTP/1.0" 200 249026 "-" "-"
89.161.206.59 - - [30/May/2025:10:39:35 +0200] "GET /Jurek/evil/feeds/evil_skroutz.xml HTTP/1.0" 200 252476 "-" "-"
89.161.206.59 - - [30/May/2025:10:39:35 +0200] "GET /Jurek/antiodor/feeds/antiodor_skroutz.xml HTTP/1.0" 200 137847 "-" "-"
51.77.52.107 - - [30/May/2025:10:39:39 +0200] "GET /Jurek/eurofirany/images/468393/0.jpg HTTP/2.0" 200 63787 "-" "baselinker"
89.161.206.59 - - [30/May/2025:10:39:49 +0200] "GET /Jurek/jankeski/feeds/jankeski_emagro.xml HTTP/1.0" 200 6571523 "-" "-"
89.161.206.59 - - [30/May/2025:10:39:50 +0200] "GET /Jurek/elecomp/feeds/elecomp_skroutz.xml HTTP/1.0" 200 2769789 "-" "-"
89.161.206.59 - - [30/May/2025:10:39:51 +0200] "GET /Jurek/wenom/feeds/wenom_emagro.xml HTTP/1.0" 200 583077 "-" "-"
89.161.206.59 - - [30/May/2025:10:39:51 +0200] "GET /Jurek/emaja24/feeds/emaja24_emagro.xml HTTP/1.0" 200 5102267 "-" "-"
89.161.206.59 - - [30/May/2025:10:39:52 +0200] "GET /Jurek/zepnij/feeds/zepnij_emagro.xml HTTP/1.0" 200 19523697 "-" "-"
89.161.206.59 - - [30/May/2025:10:39:54 +0200] "GET /Jurek/pagmil/feeds/pagmil_emaghu.xml HTTP/1.0" 200 1803746 "-" "-"
89.161.206.59 - - [30/May/2025:10:39:57 +0200] "GET /Jurek/polzoo/feeds/polzoo_emagro.xml HTTP/1.0" 200 48128665 "-" "-"
51.77.52.107 - - [30/May/2025:10:39:59 +0200] "GET /Jurek/eurofirany/images/468393/0.jpg HTTP/2.0" 200 63787 "-" "baselinker"
89.161.206.59 - - [30/May/2025:10:39:59 +0200] "GET /Jurek/german/feeds/german_emagro.xml HTTP/1.0" 200 2853985 "-" "-"
51.77.52.107 - - [30/May/2025:10:40:23 +0200] "GET /Jurek/eurofirany/images/467976/0.jpg HTTP/2.0" 200 114304 "-" "baselinker"
51.77.52.107 - - [30/May/2025:10:40:28 +0200] "GET /Jurek/eurofirany/images/467976/0.jpg HTTP/2.0" 200 114304 "-" "baselinker"
89.161.206.59 - - [30/May/2025:10:40:49 +0200] "GET /Jurek/topeshop/feeds/topeshop_amazonSE.xml HTTP/1.0" 200 3025227 "-" "-"
51.77.52.107 - - [30/May/2025:10:40:50 +0200] "GET /Jurek/eurofirany/images/467976/0.jpg HTTP/2.0" 200 114304 "-" "baselinker"
89.161.206.59 - - [30/May/2025:10:40:53 +0200] "GET /Jurek/hdwr/feeds/hdwr_amazonde.xml HTTP/1.0" 200 789426 "-" "-"
89.161.206.59 - - [30/May/2025:10:40:55 +0200] "GET /Jurek/hdwr/feeds/hdwr_amazonfr.xml HTTP/1.0" 200 789435 "-" "-"
51.77.52.107 - - [30/May/2025:10:40:56 +0200] "GET /Jurek/eurofirany/images/467977/0.jpg HTTP/2.0" 200 125363 "-" "baselinker"
89.161.206.59 - - [30/May/2025:10:40:56 +0200] "GET /Jurek/hdwr/feeds/hdwr_amazonse.xml HTTP/1.0" 200 789712 "-" "-"
51.77.52.107 - - [30/May/2025:10:41:02 +0200] "GET /Jurek/eurofirany/images/467977/0.jpg HTTP/2.0" 200 125363 "-" "baselinker"
51.77.52.107 - - [30/May/2025:10:41:09 +0200] "GET /Jurek/eurofirany/images/467977/0.jpg HTTP/2.0" 200 125363 "-" "baselinker"
89.161.206.59 - - [30/May/2025:10:41:09 +0200] "GET /Jurek/kamar/feeds/kamar_amazonde.xml HTTP/1.0" 200 25549760 "-" "-"
51.77.52.107 - - [30/May/2025:10:41:15 +0200] "GET /Jurek/eurofirany/images/464077/0.jpg HTTP/2.0" 200 147629 "-" "baselinker"
