85.232.241.194 - - [30/May/2025:14:07:25 +0200] "GET /Jurek/octopia/feeds/octopia_wortenES.xml HTTP/1.1" 200 10105092 "-" "Python-urllib/3.11"
89.161.206.59 - - [30/May/2025:14:07:27 +0200] "GET /Jurek/matkam/feeds/matkam_aliexpress.xml HTTP/1.0" 200 5000717 "-" "-"
51.77.52.107 - - [30/May/2025:14:07:34 +0200] "GET /Jurek/eurofirany/images/452623/0.jpg HTTP/2.0" 200 118839 "-" "baselinker"
51.77.52.107 - - [30/May/2025:14:07:43 +0200] "GET /Jurek/eurofirany/images/452623/0.jpg HTTP/2.0" 200 118839 "-" "baselinker"
51.77.52.107 - - [30/May/2025:14:07:51 +0200] "GET /Jurek/eurofirany/images/452624/0.jpg HTTP/2.0" 200 118814 "-" "baselinker"
51.77.52.107 - - [30/May/2025:14:08:00 +0200] "GET /Jurek/eurofirany/images/452624/0.jpg HTTP/2.0" 200 118814 "-" "baselinker"
85.14.86.141 - - [30/May/2025:14:08:05 +0200] "GET /Jurek/vivaldi/feeds/vivaldi_Morele-PL.xml HTTP/2.0" 200 344674 "-" "MarketplaceAPI curl/7.74.0 PHP/8"
51.77.52.107 - - [30/May/2025:14:08:06 +0200] "GET /Jurek/eurofirany/images/452624/0.jpg HTTP/2.0" 200 118814 "-" "baselinker"
85.232.241.194 - - [30/May/2025:14:08:10 +0200] "GET /Jurek/ikonka/feeds/ikonka_worten.xml HTTP/1.1" 200 20822292 "-" "Python-urllib/3.11"
85.232.241.194 - - [30/May/2025:14:08:10 +0200] "GET /Jurek/ikonka/feeds/ikonka_wortenES.xml HTTP/1.1" 200 20822303 "-" "Python-urllib/3.11"
51.77.52.107 - - [30/May/2025:14:08:11 +0200] "GET /Jurek/eurofirany/images/452627/0.jpg HTTP/2.0" 200 102850 "-" "baselinker"
193.33.8.61 - - [30/May/2025:14:08:18 +0200] "GET /Jurek/eany_blc/ HTTP/2.0" 304 0 "-" "Mozilla/5.0 (Windows NT 10.0; Win64; x64) AppleWebKit/537.36 (KHTML, like Gecko) Chrome/136.0.0.0 Safari/537.36"
51.77.52.107 - - [30/May/2025:14:08:19 +0200] "GET /Jurek/eurofirany/images/452627/0.jpg HTTP/2.0" 200 102850 "-" "baselinker"
51.77.52.107 - - [30/May/2025:14:08:25 +0200] "GET /Jurek/eurofirany/images/452627/0.jpg HTTP/2.0" 200 102850 "-" "baselinker"
51.77.52.107 - - [30/May/2025:14:08:31 +0200] "GET /Jurek/eurofirany/images/452628/0.jpg HTTP/2.0" 200 109034 "-" "baselinker"
193.33.8.61 - - [30/May/2025:14:08:33 +0200] "GET /Jurek/eany_blc/data.csv HTTP/2.0" 200 85397570 "https://dkkapusta1997.usermd.net/Jurek/eany_blc/" "Mozilla/5.0 (Windows NT 10.0; Win64; x64) AppleWebKit/537.36 (KHTML, like Gecko) Chrome/136.0.0.0 Safari/537.36"
85.232.241.194 - - [30/May/2025:14:08:37 +0200] "GET /Jurek/intsell/feeds/intsell_worten.xml HTTP/1.1" 200 342009117 "-" "Python-urllib/3.11"
85.232.241.194 - - [30/May/2025:14:08:42 +0200] "GET /Jurek/intsell/feeds/intsell_wortenES.xml HTTP/1.1" 200 342009848 "-" "Python-urllib/3.11"
85.232.241.194 - - [30/May/2025:14:08:52 +0200] "GET /Jurek/b3/feeds/b3_worten.xml HTTP/1.1" 200 8013377 "-" "Python-urllib/3.11"
85.232.241.194 - - [30/May/2025:14:08:52 +0200] "GET /Jurek/b3/feeds/b3_wortenES.xml HTTP/1.1" 200 8013425 "-" "Python-urllib/3.11"
85.232.241.194 - - [30/May/2025:14:08:52 +0200] "GET /Jurek/ekuchcikowo/feeds/ekuchcikowo_worten.xml HTTP/1.1" 200 12470926 "-" "Python-urllib/3.11"
85.232.241.194 - - [30/May/2025:14:08:52 +0200] "GET /Jurek/ekuchcikowo/feeds/ekuchcikowo_wortenES.xml HTTP/1.1" 200 12471031 "-" "Python-urllib/3.11"
85.232.241.194 - - [30/May/2025:14:08:52 +0200] "GET /Jurek/fertone/feeds/fertone_worten.xml HTTP/1.1" 200 583760 "-" "Python-urllib/3.11"
85.232.241.194 - - [30/May/2025:14:08:52 +0200] "GET /Jurek/fertone/feeds/fertone_wortenES.xml HTTP/1.1" 200 583893 "-" "Python-urllib/3.11"
51.77.52.107 - - [30/May/2025:14:08:54 +0200] "GET /Jurek/eurofirany/images/452628/0.jpg HTTP/2.0" 200 109034 "-" "baselinker"
85.232.241.194 - - [30/May/2025:14:08:57 +0200] "GET /Jurek/sempler/feeds/sempler_worten.xml HTTP/1.1" 200 6787941 "-" "Python-urllib/3.11"
85.232.241.194 - - [30/May/2025:14:08:58 +0200] "GET /Jurek/sempler/feeds/sempler_wortenES.xml HTTP/1.1" 200 6787962 "-" "Python-urllib/3.11"
85.232.241.194 - - [30/May/2025:14:08:58 +0200] "GET /Jurek/euroshop/feeds/euroshop_worten.xml HTTP/1.1" 200 20025466 "-" "Python-urllib/3.11"
85.232.241.194 - - [30/May/2025:14:08:58 +0200] "GET /Jurek/euroshop/feeds/euroshop_wortenES.xml HTTP/1.1" 200 20025568 "-" "Python-urllib/3.11"
85.232.241.194 - - [30/May/2025:14:08:58 +0200] "GET /Jurek/ekolight/feeds/ekolight_worten.xml HTTP/1.1" 200 9053007 "-" "Python-urllib/3.11"
85.232.241.194 - - [30/May/2025:14:08:58 +0200] "GET /Jurek/ekolight/feeds/ekolight_wortenES.xml HTTP/1.1" 200 9053180 "-" "Python-urllib/3.11"
85.232.241.194 - - [30/May/2025:14:08:58 +0200] "GET /Jurek/erohurtownia/feeds/erohurtownia_worten.xml HTTP/1.1" 200 22846415 "-" "Python-urllib/3.11"
85.232.241.194 - - [30/May/2025:14:09:04 +0200] "GET /Jurek/erohurtownia/feeds/erohurtownia_wortenES.xml HTTP/1.1" 200 22846476 "-" "Python-urllib/3.11"
85.232.241.194 - - [30/May/2025:14:09:09 +0200] "GET /Jurek/elecomp/feeds/elecomp_worten.xml HTTP/1.1" 200 2867719 "-" "Python-urllib/3.11"
85.232.241.194 - - [30/May/2025:14:09:09 +0200] "GET /Jurek/elecomp/feeds/elecomp_wortenES.xml HTTP/1.1" 200 2867766 "-" "Python-urllib/3.11"
85.232.241.194 - - [30/May/2025:14:09:09 +0200] "GET /Jurek/kambukka/feeds/kambukka_worten.xml HTTP/1.1" 200 1023463 "-" "Python-urllib/3.11"
85.232.241.194 - - [30/May/2025:14:09:09 +0200] "GET /Jurek/kambukka/feeds/kambukka_wortenES.xml HTTP/1.1" 200 1023307 "-" "Python-urllib/3.11"
85.232.241.194 - - [30/May/2025:14:09:09 +0200] "GET /Jurek/waks/feeds/waks_worten.xml HTTP/1.1" 200 1596552 "-" "Python-urllib/3.11"
85.232.241.194 - - [30/May/2025:14:09:15 +0200] "GET /Jurek/waks/feeds/waks_wortenES.xml HTTP/1.1" 200 1596552 "-" "Python-urllib/3.11"
85.232.241.194 - - [30/May/2025:14:09:15 +0200] "GET /Jurek/oromed/feeds/oromed_worten.xml HTTP/1.1" 200 1290096 "-" "Python-urllib/3.11"
85.232.241.194 - - [30/May/2025:14:09:15 +0200] "GET /Jurek/oromed/feeds/oromed_wortenES.xml HTTP/1.1" 200 1290098 "-" "Python-urllib/3.11"
85.232.241.194 - - [30/May/2025:14:09:15 +0200] "GET /Jurek/benetech/feeds/benetech_worten.xml HTTP/1.1" 200 4165404 "-" "Python-urllib/3.11"
85.232.241.194 - - [30/May/2025:14:09:15 +0200] "GET /Jurek/benetech/feeds/benetech_wortenES.xml HTTP/1.1" 200 4165413 "-" "Python-urllib/3.11"
85.232.241.194 - - [30/May/2025:14:09:15 +0200] "GET /Jurek/spali/feeds/spali_worten.xml HTTP/1.1" 200 77055 "-" "Python-urllib/3.11"
85.232.241.194 - - [30/May/2025:14:09:15 +0200] "GET /Jurek/spali/feeds/spali_wortenES.xml HTTP/1.1" 200 77058 "-" "Python-urllib/3.11"
85.232.241.194 - - [30/May/2025:14:09:15 +0200] "GET /Jurek/najtanszysport/feeds/najtanszysport_worten.xml HTTP/1.1" 200 3982878 "-" "Python-urllib/3.11"
51.77.52.107 - - [30/May/2025:14:09:19 +0200] "GET /Jurek/eurofirany/images/452628/0.jpg HTTP/2.0" 200 109034 "-" "baselinker"
85.232.241.194 - - [30/May/2025:14:09:20 +0200] "GET /Jurek/najtanszysport/feeds/najtanszysport_wortenES.xml HTTP/1.1" 200 3982925 "-" "Python-urllib/3.11"
85.232.241.194 - - [30/May/2025:14:09:20 +0200] "GET /Jurek/maksik/feeds/maksik_worten.xml HTTP/1.1" 200 4084739 "-" "Python-urllib/3.11"
85.232.241.194 - - [30/May/2025:14:09:20 +0200] "GET /Jurek/maksik/feeds/maksik_wortenES.xml HTTP/1.1" 200 4084783 "-" "Python-urllib/3.11"
85.232.241.194 - - [30/May/2025:14:09:20 +0200] "GET /Jurek/urwiskowo/feeds/urwiskowo_worten.xml HTTP/1.1" 200 9115096 "-" "Python-urllib/3.11"
85.232.241.194 - - [30/May/2025:14:09:20 +0200] "GET /Jurek/urwiskowo/feeds/urwiskowo_wortenES.xml HTTP/1.1" 200 9111856 "-" "Python-urllib/3.11"
85.232.241.194 - - [30/May/2025:14:09:20 +0200] "GET /Jurek/combine/feeds/combine_worten.xml HTTP/1.1" 200 210556 "-" "Python-urllib/3.11"
85.232.241.194 - - [30/May/2025:14:09:20 +0200] "GET /Jurek/combine/feeds/combine_wortenES.xml HTTP/1.1" 200 210556 "-" "Python-urllib/3.11"
185.6.76.18 - - [30/May/2025:14:09:29 +0200] "GET /marketplaces/skroutz/feeds/shumee.xml HTTP/1.1" 200 411577349 "-" "SkroutzBot v1.0"
85.232.241.194 - - [30/May/2025:14:09:31 +0200] "GET /Jurek/eurofirany/feeds/eurofirany_worten.xml HTTP/1.1" 200 18718701 "-" "Python-urllib/3.11"
85.232.241.194 - - [30/May/2025:14:09:31 +0200] "GET /Jurek/eurofirany/feeds/eurofirany_wortenES.xml HTTP/1.1" 200 18718734 "-" "Python-urllib/3.11"
85.232.241.194 - - [30/May/2025:14:09:37 +0200] "GET /Jurek/kidshop/feeds/kidshop_worten.xml HTTP/1.1" 200 19850620 "-" "Python-urllib/3.11"
85.232.241.194 - - [30/May/2025:14:09:37 +0200] "GET /Jurek/kidshop/feeds/kidshop_wortenES.xml HTTP/1.1" 200 19850677 "-" "Python-urllib/3.11"
85.232.241.194 - - [30/May/2025:14:09:37 +0200] "GET /Jurek/rider/feeds/rider_worten.xml HTTP/1.1" 200 8165191 "-" "Python-urllib/3.11"
85.232.241.194 - - [30/May/2025:14:09:37 +0200] "GET /Jurek/rider/feeds/rider_wortenES.xml HTTP/1.1" 200 8165173 "-" "Python-urllib/3.11"
85.14.86.141 - - [30/May/2025:14:09:46 +0200] "GET /Jurek/vida_morele/feeds/VidaPL_morele.xml HTTP/2.0" 200 879288362 "-" "MarketplaceAPI curl/7.74.0 PHP/8"
51.77.52.107 - - [30/May/2025:14:09:59 +0200] "GET /Jurek/eurofirany/images/452629/0.jpg HTTP/2.0" 200 123290 "-" "baselinker"
85.232.241.194 - - [30/May/2025:14:09:59 +0200] "GET /Jurek/luxma/feeds/luxma_worten.xml HTTP/1.1" 200 8058627 "-" "Python-urllib/3.11"
85.232.241.194 - - [30/May/2025:14:10:00 +0200] "GET /Jurek/luxma/feeds/luxma_wortenES.xml HTTP/1.1" 200 8058570 "-" "Python-urllib/3.11"
85.14.86.141 - - [30/May/2025:14:10:02 +0200] "GET /Jurek/aw/feeds/awnarzedzia_morele.xml HTTP/2.0" 200 91239468 "-" "MarketplaceAPI curl/7.74.0 PHP/8"
77.79.248.229 - - [30/May/2025:14:10:05 +0200] "GET /Jurek/ikonka/feeds/ikonka_cdon_se.xml HTTP/1.1" 200 20824364 "-" "python-requests/2.32.3"
77.79.248.229 - - [30/May/2025:14:10:06 +0200] "GET /Jurek/ikonka/feeds/ikonka_cdon_dk.xml HTTP/1.1" 200 20824271 "-" "python-requests/2.32.3"
77.79.248.229 - - [30/May/2025:14:10:06 +0200] "GET /Jurek/ikonka/feeds/ikonka_cdon_fi.xml HTTP/1.1" 200 20822300 "-" "python-requests/2.32.3"
77.79.248.229 - - [30/May/2025:14:10:13 +0200] "GET /Jurek/rovicky/feeds/rovicky_cdonSE.xml HTTP/1.1" 200 15176300 "-" "python-requests/2.32.3"
77.79.248.229 - - [30/May/2025:14:10:13 +0200] "GET /Jurek/rovicky/feeds/rovicky_cdonDK.xml HTTP/1.1" 200 15176283 "-" "python-requests/2.32.3"
77.79.248.229 - - [30/May/2025:14:10:13 +0200] "GET /Jurek/rovicky/feeds/rovicky_cdonFI.xml HTTP/1.1" 200 15170914 "-" "python-requests/2.32.3"
77.79.248.229 - - [30/May/2025:14:10:14 +0200] "GET /Jurek/benbaby/feeds/benbaby_cdon_se.xml HTTP/1.1" 200 3740590 "-" "python-requests/2.32.3"
77.79.248.229 - - [30/May/2025:14:10:14 +0200] "GET /Jurek/benbaby/feeds/benbaby_cdon_dk.xml HTTP/1.1" 200 3740423 "-" "python-requests/2.32.3"
77.79.248.229 - - [30/May/2025:14:10:14 +0200] "GET /Jurek/benbaby/feeds/benbaby_cdon_fi.xml HTTP/1.1" 200 3737670 "-" "python-requests/2.32.3"
77.79.248.229 - - [30/May/2025:14:10:15 +0200] "GET /Jurek/candellux/feeds/candellux_cdon_se.xml HTTP/1.1" 200 466166 "-" "python-requests/2.32.3"
77.79.248.229 - - [30/May/2025:14:10:15 +0200] "GET /Jurek/candellux/feeds/candellux_cdon_dk.xml HTTP/1.1" 200 466129 "-" "python-requests/2.32.3"
77.79.248.229 - - [30/May/2025:14:10:15 +0200] "GET /Jurek/candellux/feeds/candellux_cdon_fi.xml HTTP/1.1" 200 465745 "-" "python-requests/2.32.3"
66.211.183.74 - - [30/May/2025:14:10:15 +0200] "GET /Jurek/eurofirany/images/461416/0.jpg HTTP/1.1" 200 145679 "-" "Java/17.0.13.0.101"
77.79.248.229 - - [30/May/2025:14:10:17 +0200] "GET /Jurek/topeshop/feeds/topeshop_cdon_se.xml HTTP/1.1" 200 3025266 "-" "python-requests/2.32.3"
77.79.248.229 - - [30/May/2025:14:10:17 +0200] "GET /Jurek/topeshop/feeds/topeshop_cdon_dk.xml HTTP/1.1" 200 3025011 "-" "python-requests/2.32.3"
77.79.248.229 - - [30/May/2025:14:10:18 +0200] "GET /Jurek/topeshop/feeds/topeshop_cdon_fi.xml HTTP/1.1" 200 3024529 "-" "python-requests/2.32.3"
77.79.248.229 - - [30/May/2025:14:10:18 +0200] "GET /Jurek/asortymenteu/feeds/asortymenteu_cdon_se.xml HTTP/1.1" 200 2873096 "-" "python-requests/2.32.3"
77.79.248.229 - - [30/May/2025:14:10:18 +0200] "GET /Jurek/asortymenteu/feeds/asortymenteu_cdon_dk.xml HTTP/1.1" 200 2873043 "-" "python-requests/2.32.3"
77.79.248.229 - - [30/May/2025:14:10:18 +0200] "GET /Jurek/asortymenteu/feeds/asortymenteu_cdon_fi.xml HTTP/1.1" 200 2872053 "-" "python-requests/2.32.3"
77.79.248.229 - - [30/May/2025:14:10:18 +0200] "GET /Jurek/fernity/feeds/fernity_cdon_se.xml HTTP/1.1" 200 4721012 "-" "python-requests/2.32.3"
85.232.241.194 - - [30/May/2025:14:10:18 +0200] "GET /Jurek/naszedzieci/feeds/naszedzieci_worten.xml HTTP/1.1" 200 833169214 "-" "Python-urllib/3.11"
77.79.248.229 - - [30/May/2025:14:10:18 +0200] "GET /Jurek/fernity/feeds/fernity_cdon_dk.xml HTTP/1.1" 200 4720548 "-" "python-requests/2.32.3"
77.79.248.229 - - [30/May/2025:14:10:18 +0200] "GET /Jurek/fernity/feeds/fernity_cdon_fi.xml HTTP/1.1" 200 4717864 "-" "python-requests/2.32.3"
77.79.248.229 - - [30/May/2025:14:10:19 +0200] "GET /Jurek/aw/feeds/awnarzedzia_cdon_se.xml HTTP/1.1" 200 91316444 "-" "python-requests/2.32.3"
77.79.248.229 - - [30/May/2025:14:10:21 +0200] "GET /Jurek/aw/feeds/awnarzedzia_cdon_dk.xml HTTP/1.1" 200 91312337 "-" "python-requests/2.32.3"
77.79.248.229 - - [30/May/2025:14:10:22 +0200] "GET /Jurek/aw/feeds/awnarzedzia_cdon_fi.xml HTTP/1.1" 200 91228372 "-" "python-requests/2.32.3"
77.79.248.229 - - [30/May/2025:14:10:22 +0200] "GET /Jurek/activeshop/feeds/activeshop_cdon_se.xml HTTP/1.1" 200 10422025 "-" "python-requests/2.32.3"
77.79.248.229 - - [30/May/2025:14:10:22 +0200] "GET /Jurek/activeshop/feeds/activeshop_cdon_dk.xml HTTP/1.1" 200 10421670 "-" "python-requests/2.32.3"
77.79.248.229 - - [30/May/2025:14:10:22 +0200] "GET /Jurek/activeshop/feeds/activeshop_cdon_fi.xml HTTP/1.1" 200 10418311 "-" "python-requests/2.32.3"
77.79.248.229 - - [30/May/2025:14:10:23 +0200] "GET /Jurek/ikonka/feeds/ikonka_cdon_se.xml HTTP/1.1" 200 20824364 "-" "python-requests/2.32.3"
77.79.248.229 - - [30/May/2025:14:10:23 +0200] "GET /Jurek/ikonka/feeds/ikonka_cdon_dk.xml HTTP/1.1" 200 20824271 "-" "python-requests/2.32.3"
77.79.248.229 - - [30/May/2025:14:10:24 +0200] "GET /Jurek/ikonka/feeds/ikonka_cdon_fi.xml HTTP/1.1" 200 20822300 "-" "python-requests/2.32.3"
77.79.248.229 - - [30/May/2025:14:10:25 +0200] "GET /Jurek/swiatecznygoliat/feeds/swiatecznygoliat_cdon_se.xml HTTP/1.1" 200 7053438 "-" "python-requests/2.32.3"
51.77.52.107 - - [30/May/2025:14:10:25 +0200] "GET /Jurek/eurofirany/images/452629/0.jpg HTTP/2.0" 200 123290 "-" "baselinker"
77.79.248.229 - - [30/May/2025:14:10:25 +0200] "GET /Jurek/swiatecznygoliat/feeds/swiatecznygoliat_cdon_dk.xml HTTP/1.1" 200 7053359 "-" "python-requests/2.32.3"
77.79.248.229 - - [30/May/2025:14:10:25 +0200] "GET /Jurek/swiatecznygoliat/feeds/swiatecznygoliat_cdon_fi.xml HTTP/1.1" 200 7050874 "-" "python-requests/2.32.3"
77.79.248.229 - - [30/May/2025:14:10:25 +0200] "GET /Jurek/slayo/feeds/slayo_cdon_se.xml HTTP/1.1" 200 183624 "-" "python-requests/2.32.3"
77.79.248.229 - - [30/May/2025:14:10:25 +0200] "GET /Jurek/slayo/feeds/slayo_cdon_dk.xml HTTP/1.1" 200 183625 "-" "python-requests/2.32.3"
77.79.248.229 - - [30/May/2025:14:10:25 +0200] "GET /Jurek/slayo/feeds/slayo_cdon_fi.xml HTTP/1.1" 200 183611 "-" "python-requests/2.32.3"
77.79.248.229 - - [30/May/2025:14:10:26 +0200] "GET /Jurek/bass/feeds/bass_cdon_se.xml HTTP/1.1" 200 3973612 "-" "python-requests/2.32.3"
77.79.248.229 - - [30/May/2025:14:10:26 +0200] "GET /Jurek/bass/feeds/bass_cdon_dk.xml HTTP/1.1" 200 3973423 "-" "python-requests/2.32.3"
77.79.248.229 - - [30/May/2025:14:10:26 +0200] "GET /Jurek/bass/feeds/bass_cdon_fi.xml HTTP/1.1" 200 3971971 "-" "python-requests/2.32.3"
77.79.248.229 - - [30/May/2025:14:10:26 +0200] "GET /Jurek/benetech/feeds/benetech_cdon_se.xml HTTP/1.1" 200 4165793 "-" "python-requests/2.32.3"
77.79.248.229 - - [30/May/2025:14:10:26 +0200] "GET /Jurek/benetech/feeds/benetech_cdon_dk.xml HTTP/1.1" 200 4165747 "-" "python-requests/2.32.3"
77.79.248.229 - - [30/May/2025:14:10:26 +0200] "GET /Jurek/benetech/feeds/benetech_cdon_fi.xml HTTP/1.1" 200 4165400 "-" "python-requests/2.32.3"
77.79.248.229 - - [30/May/2025:14:10:26 +0200] "GET /Jurek/waks/feeds/waks_cdon_se.xml HTTP/1.1" 200 1598639 "-" "python-requests/2.32.3"
77.79.248.229 - - [30/May/2025:14:10:26 +0200] "GET /Jurek/waks/feeds/waks_cdon_dk.xml HTTP/1.1" 200 1598639 "-" "python-requests/2.32.3"
77.79.248.229 - - [30/May/2025:14:10:26 +0200] "GET /Jurek/waks/feeds/waks_cdon_fi.xml HTTP/1.1" 200 1596552 "-" "python-requests/2.32.3"
77.79.248.229 - - [30/May/2025:14:10:26 +0200] "GET /Jurek/kambukka/feeds/kambukka_cdon_se.xml HTTP/1.1" 200 1023744 "-" "python-requests/2.32.3"
77.79.248.229 - - [30/May/2025:14:10:26 +0200] "GET /Jurek/kambukka/feeds/kambukka_cdon_dk.xml HTTP/1.1" 200 1023738 "-" "python-requests/2.32.3"
77.79.248.229 - - [30/May/2025:14:10:26 +0200] "GET /Jurek/kambukka/feeds/kambukka_cdon_fi.xml HTTP/1.1" 200 1023473 "-" "python-requests/2.32.3"
77.79.248.229 - - [30/May/2025:14:10:26 +0200] "GET /Jurek/hdwr/feeds/hdwr_cdon_se.xml HTTP/1.1" 200 789710 "-" "python-requests/2.32.3"
77.79.248.229 - - [30/May/2025:14:10:26 +0200] "GET /Jurek/hdwr/feeds/hdwr_cdon_dk.xml HTTP/1.1" 200 789654 "-" "python-requests/2.32.3"
77.79.248.229 - - [30/May/2025:14:10:26 +0200] "GET /Jurek/hdwr/feeds/hdwr_cdon_fi.xml HTTP/1.1" 200 789437 "-" "python-requests/2.32.3"
77.79.248.229 - - [30/May/2025:14:10:27 +0200] "GET /Jurek/targethome/feeds/targethome_cdon_se.xml HTTP/1.1" 200 689024 "-" "python-requests/2.32.3"
77.79.248.229 - - [30/May/2025:14:10:27 +0200] "GET /Jurek/targethome/feeds/targethome_cdon_dk.xml HTTP/1.1" 200 688892 "-" "python-requests/2.32.3"
77.79.248.229 - - [30/May/2025:14:10:27 +0200] "GET /Jurek/targethome/feeds/targethome_cdon_fi.xml HTTP/1.1" 200 688892 "-" "python-requests/2.32.3"
77.79.248.229 - - [30/May/2025:14:10:27 +0200] "GET /Jurek/eroplace/feeds/eroplace_cdon_se.xml HTTP/1.1" 200 52158744 "-" "python-requests/2.32.3"
77.79.248.229 - - [30/May/2025:14:10:28 +0200] "GET /Jurek/eroplace/feeds/eroplace_cdon_dk.xml HTTP/1.1" 200 52157498 "-" "python-requests/2.32.3"
77.79.248.229 - - [30/May/2025:14:10:28 +0200] "GET /Jurek/eroplace/feeds/eroplace_cdon_fi.xml HTTP/1.1" 200 52134387 "-" "python-requests/2.32.3"
77.79.248.229 - - [30/May/2025:14:10:29 +0200] "GET /Jurek/artdog/feeds/artdog_cdon_se.xml HTTP/1.1" 200 17166320 "-" "python-requests/2.32.3"
77.79.248.229 - - [30/May/2025:14:10:29 +0200] "GET /Jurek/artdog/feeds/artdog_cdon_dk.xml HTTP/1.1" 200 17166530 "-" "python-requests/2.32.3"
77.79.248.229 - - [30/May/2025:14:10:29 +0200] "GET /Jurek/artdog/feeds/artdog_cdon_fi.xml HTTP/1.1" 200 17159596 "-" "python-requests/2.32.3"
77.79.248.229 - - [30/May/2025:14:10:29 +0200] "GET /Jurek/sempler/feeds/sempler_cdon_se.xml HTTP/1.1" 200 6789176 "-" "python-requests/2.32.3"
77.79.248.229 - - [30/May/2025:14:10:29 +0200] "GET /Jurek/sempler/feeds/sempler_cdon_dk.xml HTTP/1.1" 200 6789154 "-" "python-requests/2.32.3"
77.79.248.229 - - [30/May/2025:14:10:29 +0200] "GET /Jurek/sempler/feeds/sempler_cdon_fi.xml HTTP/1.1" 200 6787927 "-" "python-requests/2.32.3"
77.79.248.229 - - [30/May/2025:14:10:29 +0200] "GET /Jurek/oromed/feeds/oromed_cdon_se.xml HTTP/1.1" 200 1290311 "-" "python-requests/2.32.3"
77.79.248.229 - - [30/May/2025:14:10:29 +0200] "GET /Jurek/oromed/feeds/oromed_cdon_dk.xml HTTP/1.1" 200 1290303 "-" "python-requests/2.32.3"
77.79.248.229 - - [30/May/2025:14:10:29 +0200] "GET /Jurek/oromed/feeds/oromed_cdon_fi.xml HTTP/1.1" 200 1290085 "-" "python-requests/2.32.3"
77.79.248.229 - - [30/May/2025:14:10:30 +0200] "GET /Jurek/hurtmeblowy/feeds/hurtmeblowy_cdon_se.xml HTTP/1.1" 200 8545313 "-" "python-requests/2.32.3"
77.79.248.229 - - [30/May/2025:14:10:30 +0200] "GET /Jurek/hurtmeblowy/feeds/hurtmeblowy_cdon_dk.xml HTTP/1.1" 200 8544898 "-" "python-requests/2.32.3"
77.79.248.229 - - [30/May/2025:14:10:30 +0200] "GET /Jurek/hurtmeblowy/feeds/hurtmeblowy_cdon_fi.xml HTTP/1.1" 200 8543089 "-" "python-requests/2.32.3"
77.79.248.229 - - [30/May/2025:14:10:30 +0200] "GET /Jurek/narzbud/feeds/narzbud_cdon_se.xml HTTP/1.1" 200 1901976 "-" "python-requests/2.32.3"
77.79.248.229 - - [30/May/2025:14:10:30 +0200] "GET /Jurek/narzbud/feeds/narzbud_cdon_dk.xml HTTP/1.1" 200 1901976 "-" "python-requests/2.32.3"
77.79.248.229 - - [30/May/2025:14:10:30 +0200] "GET /Jurek/narzbud/feeds/narzbud_cdon_fi.xml HTTP/1.1" 200 1901216 "-" "python-requests/2.32.3"
77.79.248.229 - - [30/May/2025:14:10:30 +0200] "GET /Jurek/livinhill/feeds/livinhill_cdon_se.xml HTTP/1.1" 200 212134 "-" "python-requests/2.32.3"
77.79.248.229 - - [30/May/2025:14:10:30 +0200] "GET /Jurek/livinhill/feeds/livinhill_cdon_dk.xml HTTP/1.1" 200 1534232 "-" "python-requests/2.32.3"
77.79.248.229 - - [30/May/2025:14:10:30 +0200] "GET /Jurek/livinhill/feeds/livinhill_cdon_fi.xml HTTP/1.1" 200 1533780 "-" "python-requests/2.32.3"
77.79.248.229 - - [30/May/2025:14:10:30 +0200] "GET /Jurek/ekuchcikowo/feeds/ekuchcikowo_cdon_se.xml HTTP/1.1" 200 12473263 "-" "python-requests/2.32.3"
77.79.248.229 - - [30/May/2025:14:10:30 +0200] "GET /Jurek/ekuchcikowo/feeds/ekuchcikowo_cdon_dk.xml HTTP/1.1" 200 12473185 "-" "python-requests/2.32.3"
77.79.248.229 - - [30/May/2025:14:10:31 +0200] "GET /Jurek/ekuchcikowo/feeds/ekuchcikowo_cdon_fi.xml HTTP/1.1" 200 12471012 "-" "python-requests/2.32.3"
77.79.248.229 - - [30/May/2025:14:10:31 +0200] "GET /Jurek/fertone/feeds/fertone_cdon_se.xml HTTP/1.1" 200 584239 "-" "python-requests/2.32.3"
77.79.248.229 - - [30/May/2025:14:10:31 +0200] "GET /Jurek/fertone/feeds/fertone_cdon_dk.xml HTTP/1.1" 200 584196 "-" "python-requests/2.32.3"
77.79.248.229 - - [30/May/2025:14:10:31 +0200] "GET /Jurek/fertone/feeds/fertone_cdon_fi.xml HTTP/1.1" 200 583885 "-" "python-requests/2.32.3"
77.79.248.229 - - [30/May/2025:14:10:32 +0200] "GET /Jurek/cbdgreen/feeds/cbdgreen_cdon_se.xml HTTP/1.1" 200 50550 "-" "python-requests/2.32.3"
77.79.248.229 - - [30/May/2025:14:10:32 +0200] "GET /Jurek/cbdgreen/feeds/cbdgreen_cdon_dk.xml HTTP/1.1" 200 50548 "-" "python-requests/2.32.3"
77.79.248.229 - - [30/May/2025:14:10:32 +0200] "GET /Jurek/cbdgreen/feeds/cbdgreen_cdon_fi.xml HTTP/1.1" 200 50543 "-" "python-requests/2.32.3"
77.79.248.229 - - [30/May/2025:14:10:32 +0200] "GET /Jurek/pawonik/feeds/pawonik_cdon_se.xml HTTP/1.1" 200 2138756 "-" "python-requests/2.32.3"
77.79.248.229 - - [30/May/2025:14:10:32 +0200] "GET /Jurek/pawonik/feeds/pawonik_cdon_dk.xml HTTP/1.1" 200 2138734 "-" "python-requests/2.32.3"
77.79.248.229 - - [30/May/2025:14:10:32 +0200] "GET /Jurek/pawonik/feeds/pawonik_cdon_fi.xml HTTP/1.1" 200 2138406 "-" "python-requests/2.32.3"
77.79.248.229 - - [30/May/2025:14:10:32 +0200] "GET /Jurek/mosti/feeds/mosti_cdon_se.xml HTTP/1.1" 200 4634970 "-" "python-requests/2.32.3"
77.79.248.229 - - [30/May/2025:14:10:32 +0200] "GET /Jurek/mosti/feeds/mosti_cdon_dk.xml HTTP/1.1" 200 4634900 "-" "python-requests/2.32.3"
77.79.248.229 - - [30/May/2025:14:10:32 +0200] "GET /Jurek/mosti/feeds/mosti_cdon_fi.xml HTTP/1.1" 200 4633476 "-" "python-requests/2.32.3"
77.79.248.229 - - [30/May/2025:14:10:32 +0200] "GET /Jurek/winoszarnia/feeds/winoszarnia_cdon_se.xml HTTP/1.1" 200 6068380 "-" "python-requests/2.32.3"
77.79.248.229 - - [30/May/2025:14:10:32 +0200] "GET /Jurek/winoszarnia/feeds/winoszarnia_cdon_dk.xml HTTP/1.1" 200 6068380 "-" "python-requests/2.32.3"
77.79.248.229 - - [30/May/2025:14:10:33 +0200] "GET /Jurek/winoszarnia/feeds/winoszarnia_cdon_fi.xml HTTP/1.1" 200 6066982 "-" "python-requests/2.32.3"
85.232.241.194 - - [30/May/2025:14:10:33 +0200] "GET /Jurek/naszedzieci/feeds/naszedzieci_wortenES.xml HTTP/1.1" 200 833170182 "-" "Python-urllib/3.11"
77.79.248.229 - - [30/May/2025:14:10:33 +0200] "GET /Jurek/pupus/feeds/pupus_cdon_se.xml HTTP/1.1" 200 6156497 "-" "python-requests/2.32.3"
77.79.248.229 - - [30/May/2025:14:10:34 +0200] "GET /Jurek/pupus/feeds/pupus_cdon_dk.xml HTTP/1.1" 200 6156363 "-" "python-requests/2.32.3"
77.79.248.229 - - [30/May/2025:14:10:34 +0200] "GET /Jurek/pupus/feeds/pupus_cdon_fi.xml HTTP/1.1" 200 6154436 "-" "python-requests/2.32.3"
51.77.52.107 - - [30/May/2025:14:10:35 +0200] "GET /Jurek/eurofirany/images/452629/0.jpg HTTP/2.0" 200 123290 "-" "baselinker"
77.79.248.229 - - [30/May/2025:14:10:35 +0200] "GET /Jurek/harmonypost/feeds/harmonypost_cdon_se.xml HTTP/1.1" 200 39921619 "-" "python-requests/2.32.3"
77.79.248.229 - - [30/May/2025:14:10:36 +0200] "GET /Jurek/harmonypost/feeds/harmonypost_cdon_dk.xml HTTP/1.1" 200 39915815 "-" "python-requests/2.32.3"
77.79.248.229 - - [30/May/2025:14:10:36 +0200] "GET /Jurek/harmonypost/feeds/harmonypost_cdon_fi.xml HTTP/1.1" 200 39903561 "-" "python-requests/2.32.3"
77.79.248.229 - - [30/May/2025:14:10:36 +0200] "GET /Jurek/pasiekaslodka/feeds/pasiekaslodka_cdon_se.xml HTTP/1.1" 200 119696 "-" "python-requests/2.32.3"
77.79.248.229 - - [30/May/2025:14:10:36 +0200] "GET /Jurek/pasiekaslodka/feeds/pasiekaslodka_cdon_dk.xml HTTP/1.1" 200 119694 "-" "python-requests/2.32.3"
77.79.248.229 - - [30/May/2025:14:10:36 +0200] "GET /Jurek/pasiekaslodka/feeds/pasiekaslodka_cdon_fi.xml HTTP/1.1" 200 119665 "-" "python-requests/2.32.3"
85.232.241.194 - - [30/May/2025:14:10:38 +0200] "GET /Jurek/awparts/feeds/awparts_worten.xml HTTP/1.1" 200 142301385 "-" "Python-urllib/3.11"
51.77.52.107 - - [30/May/2025:14:10:39 +0200] "GET /Jurek/eurofirany/images/452631/0.jpg HTTP/2.0" 200 143621 "-" "baselinker"
85.232.241.194 - - [30/May/2025:14:10:39 +0200] "GET /Jurek/awparts/feeds/awparts_wortenES.xml HTTP/1.1" 200 142303602 "-" "Python-urllib/3.11"
77.79.248.229 - - [30/May/2025:14:10:40 +0200] "GET /Jurek/lerutrade/feeds/lerutrade_cdon_se.xml HTTP/1.1" 200 82835 "-" "python-requests/2.32.3"
77.79.248.229 - - [30/May/2025:14:10:40 +0200] "GET /Jurek/lerutrade/feeds/lerutrade_cdon_dk.xml HTTP/1.1" 200 82829 "-" "python-requests/2.32.3"
77.79.248.229 - - [30/May/2025:14:10:40 +0200] "GET /Jurek/lerutrade/feeds/lerutrade_cdon_fi.xml HTTP/1.1" 200 82822 "-" "python-requests/2.32.3"
85.232.241.194 - - [30/May/2025:14:10:43 +0200] "GET /Jurek/straganspoz/feeds/straganspoz_worten.xml HTTP/1.1" 200 9513973 "-" "Python-urllib/3.11"
85.232.241.194 - - [30/May/2025:14:10:43 +0200] "GET /Jurek/straganspoz/feeds/straganspoz_wortenES.xml HTTP/1.1" 200 9514327 "-" "Python-urllib/3.11"
85.232.241.194 - - [30/May/2025:14:10:43 +0200] "GET /Jurek/straganbiur/feeds/straganbiur_worten.xml HTTP/1.1" 200 8893064 "-" "Python-urllib/3.11"
85.232.241.194 - - [30/May/2025:14:10:43 +0200] "GET /Jurek/straganbiur/feeds/straganbiur_wortenES.xml HTTP/1.1" 200 8893040 "-" "Python-urllib/3.11"
85.232.241.194 - - [30/May/2025:14:10:43 +0200] "GET /Jurek/elavia/feeds/elavia_worten.xml HTTP/1.1" 200 2497283 "-" "Python-urllib/3.11"
85.232.241.194 - - [30/May/2025:14:10:43 +0200] "GET /Jurek/elavia/feeds/elavia_wortenES.xml HTTP/1.1" 200 2497275 "-" "Python-urllib/3.11"
89.161.206.59 - - [30/May/2025:14:10:48 +0200] "GET /Jurek/beautycare/feeds/beautycare_skroutz.xml HTTP/1.0" 200 1181286 "-" "-"
52.167.144.180 - - [30/May/2025:14:10:50 +0200] "GET /Jurek/eurofirany/images/423209/0.jpg HTTP/2.0" 200 0 "-" "Mozilla/5.0 AppleWebKit/537.36 (KHTML, like Gecko; compatible; bingbot/2.0; +http://www.bing.com/bingbot.htm) Chrome/116.0.1938.76 Safari/537.36"
52.167.144.180 - - [30/May/2025:14:10:50 +0200] "GET /Jurek/eurofirany/images/423213/0.jpg HTTP/2.0" 200 0 "-" "Mozilla/5.0 AppleWebKit/537.36 (KHTML, like Gecko; compatible; bingbot/2.0; +http://www.bing.com/bingbot.htm) Chrome/116.0.1938.76 Safari/537.36"
89.161.206.59 - - [30/May/2025:14:10:57 +0200] "GET /Jurek/luxma/feeds/luxma_aliex.xml HTTP/1.0" 200 8058709 "-" "-"
85.14.86.141 - - [30/May/2025:14:11:00 +0200] "GET /Jurek/beliani/feeds/beliani_morele.xml HTTP/2.0" 200 30665083 "-" "MarketplaceAPI curl/7.74.0 PHP/8"
85.232.241.194 - - [30/May/2025:14:11:02 +0200] "GET /Jurek/eurofryz2/feeds/eurofryz2_worten.xml HTTP/1.1" 200 1376814 "-" "Python-urllib/3.11"
85.232.241.194 - - [30/May/2025:14:11:02 +0200] "GET /Jurek/eurofryz2/feeds/eurofryz2_wortenES.xml HTTP/1.1" 200 1376792 "-" "Python-urllib/3.11"
85.232.241.194 - - [30/May/2025:14:11:02 +0200] "GET /Jurek/roger/feeds/roger_worten.xml HTTP/1.1" 200 1396607 "-" "Python-urllib/3.11"
85.232.241.194 - - [30/May/2025:14:11:02 +0200] "GET /Jurek/roger/feeds/roger_wortenES.xml HTTP/1.1" 200 1396604 "-" "Python-urllib/3.11"
89.161.206.59 - - [30/May/2025:14:11:06 +0200] "GET /Jurek/beautycare/feeds/beautycare_cdsc.xml HTTP/1.0" 200 1181326 "-" "-"
85.232.241.194 - - [30/May/2025:14:11:08 +0200] "GET /Jurek/eldar/feeds/eldar_worten.xml HTTP/1.1" 200 7328864 "-" "Python-urllib/3.11"
85.232.241.194 - - [30/May/2025:14:11:08 +0200] "GET /Jurek/eldar/feeds/eldar_wortenES.xml HTTP/1.1" 200 7329289 "-" "Python-urllib/3.11"
85.232.241.194 - - [30/May/2025:14:11:08 +0200] "GET /Jurek/playcob/feeds/playcob_worten.xml HTTP/1.1" 200 6980047 "-" "Python-urllib/3.11"
85.232.241.194 - - [30/May/2025:14:11:11 +0200] "GET /Jurek/playcob/feeds/playcob_wortenES.xml HTTP/1.1" 200 6980151 "-" "Python-urllib/3.11"
85.232.241.194 - - [30/May/2025:14:11:11 +0200] "GET /Jurek/dropkz/feeds/dropkz_worten.xml HTTP/1.1" 200 70014648 "-" "Python-urllib/3.11"
85.232.241.194 - - [30/May/2025:14:11:12 +0200] "GET /Jurek/dropkz/feeds/dropkz_wortenES.xml HTTP/1.1" 200 70014834 "-" "Python-urllib/3.11"
85.232.241.194 - - [30/May/2025:14:11:12 +0200] "GET /Jurek/kristronik/feeds/kristronik_worten.xml HTTP/1.1" 200 691983 "-" "Python-urllib/3.11"
85.232.241.194 - - [30/May/2025:14:11:12 +0200] "GET /Jurek/kristronik/feeds/kristronik_wortenES.xml HTTP/1.1" 200 691984 "-" "Python-urllib/3.11"
51.77.52.107 - - [30/May/2025:14:11:12 +0200] "GET /Jurek/eurofirany/images/452631/0.jpg HTTP/2.0" 200 143621 "-" "baselinker"
85.232.241.194 - - [30/May/2025:14:11:16 +0200] "GET /Jurek/beltimore/feeds/beltimore_worten.xml HTTP/1.1" 200 18652368 "-" "Python-urllib/3.11"
85.232.241.194 - - [30/May/2025:14:11:16 +0200] "GET /Jurek/beltimore/feeds/beltimore_wortenES.xml HTTP/1.1" 200 18651679 "-" "Python-urllib/3.11"
85.232.241.194 - - [30/May/2025:14:11:16 +0200] "GET /Jurek/globaldeli/feeds/globaldeli_worten.xml HTTP/1.1" 200 2590906 "-" "Python-urllib/3.11"
85.232.241.194 - - [30/May/2025:14:11:16 +0200] "GET /Jurek/globaldeli/feeds/globaldeli_wortenES.xml HTTP/1.1" 200 2590048 "-" "Python-urllib/3.11"
85.232.241.194 - - [30/May/2025:14:11:17 +0200] "GET /Jurek/eurofryz/feeds/eurofryz_worten.xml HTTP/1.1" 200 1381566 "-" "Python-urllib/3.11"
85.232.241.194 - - [30/May/2025:14:11:17 +0200] "GET /Jurek/eurofryz/feeds/eurofryz_wortenES.xml HTTP/1.1" 200 1381561 "-" "Python-urllib/3.11"
85.232.241.194 - - [30/May/2025:14:11:17 +0200] "GET /Jurek/eurofryz3/feeds/eurofryz3_worten.xml HTTP/1.1" 200 172223 "-" "Python-urllib/3.11"
85.232.241.194 - - [30/May/2025:14:11:21 +0200] "GET /Jurek/eurofryz3/feeds/eurofryz3_wortenES.xml HTTP/1.1" 200 172224 "-" "Python-urllib/3.11"
85.232.241.194 - - [30/May/2025:14:11:21 +0200] "GET /Jurek/oknobest/feeds/oknobest_worten.xml HTTP/1.1" 200 2708298 "-" "Python-urllib/3.11"
85.232.241.194 - - [30/May/2025:14:11:21 +0200] "GET /Jurek/oknobest/feeds/oknobest_wortenES.xml HTTP/1.1" 200 2708294 "-" "Python-urllib/3.11"
85.232.241.194 - - [30/May/2025:14:11:21 +0200] "GET /Jurek/eoptimo/feeds/eoptimo_worten.xml HTTP/1.1" 200 2094362 "-" "Python-urllib/3.11"
85.232.241.194 - - [30/May/2025:14:11:21 +0200] "GET /Jurek/eoptimo/feeds/eoptimo_wortenES.xml HTTP/1.1" 200 2094372 "-" "Python-urllib/3.11"
85.232.241.194 - - [30/May/2025:14:11:21 +0200] "GET /Jurek/sklep24amk/feeds/sklep24amk_worten.xml HTTP/1.1" 200 3894599 "-" "Python-urllib/3.11"
85.232.241.194 - - [30/May/2025:14:11:21 +0200] "GET /Jurek/sklep24amk/feeds/sklep24amk_wortenES.xml HTTP/1.1" 200 3894626 "-" "Python-urllib/3.11"
85.232.241.194 - - [30/May/2025:14:11:26 +0200] "GET /Jurek/hlo/feeds/hlo_worten.xml HTTP/1.1" 200 4838688 "-" "Python-urllib/3.11"
85.232.241.194 - - [30/May/2025:14:11:26 +0200] "GET /Jurek/hlo/feeds/hlo_wortenES.xml HTTP/1.1" 200 4838674 "-" "Python-urllib/3.11"
85.232.241.194 - - [30/May/2025:14:11:26 +0200] "GET /Jurek/sternhoff/feeds/sternhoff_worten.xml HTTP/1.1" 200 1775241 "-" "Python-urllib/3.11"
85.232.241.194 - - [30/May/2025:14:11:26 +0200] "GET /Jurek/sternhoff/feeds/sternhoff_wortenES.xml HTTP/1.1" 200 1775279 "-" "Python-urllib/3.11"
85.232.241.194 - - [30/May/2025:14:11:26 +0200] "GET /Jurek/alucon/feeds/alucon_worten.xml HTTP/1.1" 200 553571 "-" "Python-urllib/3.11"
85.232.241.194 - - [30/May/2025:14:11:26 +0200] "GET /Jurek/alucon/feeds/alucon_wortenES.xml HTTP/1.1" 200 553577 "-" "Python-urllib/3.11"
85.232.241.194 - - [30/May/2025:14:11:26 +0200] "GET /Jurek/galopi/feeds/galopi_worten.xml HTTP/1.1" 200 2111091 "-" "Python-urllib/3.11"
85.232.241.194 - - [30/May/2025:14:11:26 +0200] "GET /Jurek/galopi/feeds/galopi_wortenES.xml HTTP/1.1" 200 2111086 "-" "Python-urllib/3.11"
85.232.241.194 - - [30/May/2025:14:11:32 +0200] "GET /Jurek/jankeski/feeds/jankeski_worten.xml HTTP/1.1" 200 6571135 "-" "Python-urllib/3.11"
85.232.241.194 - - [30/May/2025:14:11:32 +0200] "GET /Jurek/jankeski/feeds/jankeski_wortenES.xml HTTP/1.1" 200 6571146 "-" "Python-urllib/3.11"
85.232.241.194 - - [30/May/2025:14:11:32 +0200] "GET /Jurek/purewear/feeds/purewear_worten.xml HTTP/1.1" 200 13351011 "-" "Python-urllib/3.11"
89.161.206.59 - - [30/May/2025:14:11:32 +0200] "GET /Jurek/bemipol/feeds/bemipol_amazonde.xml HTTP/1.0" 200 423625 "-" "-"
85.232.241.194 - - [30/May/2025:14:11:36 +0200] "GET /Jurek/purewear/feeds/purewear_wortenES.xml HTTP/1.1" 200 13351009 "-" "Python-urllib/3.11"
85.232.241.194 - - [30/May/2025:14:11:36 +0200] "GET /Jurek/sportprise/feeds/sportprise_worten.xml HTTP/1.1" 200 12725773 "-" "Python-urllib/3.11"
85.232.241.194 - - [30/May/2025:14:11:36 +0200] "GET /Jurek/sportprise/feeds/sportprise_wortenES.xml HTTP/1.1" 200 12726105 "-" "Python-urllib/3.11"
85.232.241.194 - - [30/May/2025:14:11:36 +0200] "GET /Jurek/zbimatyja/feeds/zbimatyja_worten.xml HTTP/1.1" 200 11669682 "-" "Python-urllib/3.11"
85.232.241.194 - - [30/May/2025:14:11:37 +0200] "GET /Jurek/zbimatyja/feeds/zbimatyja_wortenES.xml HTTP/1.1" 200 11669682 "-" "Python-urllib/3.11"
85.232.241.194 - - [30/May/2025:14:11:37 +0200] "GET /Jurek/broers/feeds/broers_worten.xml HTTP/1.1" 200 1982554 "-" "Python-urllib/3.11"
85.232.241.194 - - [30/May/2025:14:11:37 +0200] "GET /Jurek/broers/feeds/broers_wortenES.xml HTTP/1.1" 200 1982615 "-" "Python-urllib/3.11"
51.77.52.107 - - [30/May/2025:14:11:39 +0200] "GET /Jurek/eurofirany/images/452631/0.jpg HTTP/2.0" 200 143621 "-" "baselinker"
85.232.241.194 - - [30/May/2025:14:11:41 +0200] "GET /Jurek/cdata/feeds/cdata_worten.xml HTTP/1.1" 200 1445199 "-" "Python-urllib/3.11"
85.232.241.194 - - [30/May/2025:14:11:41 +0200] "GET /Jurek/cdata/feeds/cdata_wortenES.xml HTTP/1.1" 200 1445189 "-" "Python-urllib/3.11"
85.232.241.194 - - [30/May/2025:14:11:41 +0200] "GET /Jurek/asortymenteu/feeds/asortymenteu_worten.xml HTTP/1.1" 200 2872031 "-" "Python-urllib/3.11"
85.232.241.194 - - [30/May/2025:14:11:41 +0200] "GET /Jurek/cdata/feeds/cdata_wortenES.xml HTTP/1.1" 200 1445189 "-" "Python-urllib/3.11"
85.232.241.194 - - [30/May/2025:14:11:42 +0200] "GET /Jurek/newtechele/feeds/newtechele_worten.xml HTTP/1.1" 200 2438499 "-" "Python-urllib/3.11"
85.232.241.194 - - [30/May/2025:14:11:42 +0200] "GET /Jurek/newtechele/feeds/newtechele_wortenES.xml HTTP/1.1" 200 2438497 "-" "Python-urllib/3.11"
85.232.241.194 - - [30/May/2025:14:11:42 +0200] "GET /Jurek/omi/feeds/omi_worten.xml HTTP/1.1" 200 8100713 "-" "Python-urllib/3.11"
85.232.241.194 - - [30/May/2025:14:11:42 +0200] "GET /Jurek/omi/feeds/omi_wortenES.xml HTTP/1.1" 200 8100740 "-" "Python-urllib/3.11"
89.161.206.59 - - [30/May/2025:14:11:46 +0200] "GET /Jurek/lampart/feeds/lampart_amazonde.xml HTTP/1.0" 200 936035 "-" "-"
85.232.241.194 - - [30/May/2025:14:11:46 +0200] "GET /Jurek/cenoman/feeds/cenoman_worten.xml HTTP/1.1" 200 5993176 "-" "Python-urllib/3.11"
85.232.241.194 - - [30/May/2025:14:11:47 +0200] "GET /Jurek/cenoman/feeds/cenoman_wortenES.xml HTTP/1.1" 200 5993147 "-" "Python-urllib/3.11"
85.232.241.194 - - [30/May/2025:14:11:47 +0200] "GET /Jurek/kamar/feeds/kamar_worten.xml HTTP/1.1" 200 25549800 "-" "Python-urllib/3.11"
89.161.206.59 - - [30/May/2025:14:11:48 +0200] "GET /Jurek/bemipol/feeds/bemipol_cdsc.xml HTTP/1.0" 200 423626 "-" "-"
51.77.52.107 - - [30/May/2025:14:11:49 +0200] "GET /Jurek/eurofirany/images/452632/0.jpg HTTP/2.0" 200 128873 "-" "baselinker"
85.232.241.194 - - [30/May/2025:14:11:50 +0200] "GET /Jurek/kamar/feeds/kamar_wortenES.xml HTTP/1.1" 200 25549580 "-" "Python-urllib/3.11"
85.232.241.194 - - [30/May/2025:14:11:50 +0200] "GET /Jurek/beautycare/feeds/beautycare_worten.xml HTTP/1.1" 200 1181333 "-" "Python-urllib/3.11"
85.232.241.194 - - [30/May/2025:14:11:50 +0200] "GET /Jurek/beautycare/feeds/beautycare_wortenES.xml HTTP/1.1" 200 1181261 "-" "Python-urllib/3.11"
85.232.241.194 - - [30/May/2025:14:11:50 +0200] "GET /Jurek/avenido/feeds/avenido_worten.xml HTTP/1.1" 200 720111 "-" "Python-urllib/3.11"
85.232.241.194 - - [30/May/2025:14:11:50 +0200] "GET /Jurek/avenido/feeds/avenido_wortenES.xml HTTP/1.1" 200 720115 "-" "Python-urllib/3.11"
85.232.241.194 - - [30/May/2025:14:11:50 +0200] "GET /Jurek/zenex/feeds/zenex_worten.xml HTTP/1.1" 200 541212 "-" "Python-urllib/3.11"
85.232.241.194 - - [30/May/2025:14:11:51 +0200] "GET /Jurek/zenex/feeds/zenex_wortenES.xml HTTP/1.1" 200 540642 "-" "Python-urllib/3.11"
85.232.241.194 - - [30/May/2025:14:11:51 +0200] "GET /Jurek/filmal/feeds/filmal_worten.xml HTTP/1.1" 200 139267 "-" "Python-urllib/3.11"
85.232.241.194 - - [30/May/2025:14:11:51 +0200] "GET /Jurek/filmal/feeds/filmal_wortenES.xml HTTP/1.1" 200 139278 "-" "Python-urllib/3.11"
85.232.241.194 - - [30/May/2025:14:11:51 +0200] "GET /Jurek/fertes/feeds/fertes_worten.xml HTTP/1.1" 200 2361870 "-" "Python-urllib/3.11"
85.232.241.194 - - [30/May/2025:14:11:51 +0200] "GET /Jurek/fertes/feeds/fertes_wortenES.xml HTTP/1.1" 200 2361802 "-" "Python-urllib/3.11"
85.232.241.194 - - [30/May/2025:14:11:55 +0200] "GET /Jurek/makow/feeds/makow_worten.xml HTTP/1.1" 200 21203844 "-" "Python-urllib/3.11"
85.232.241.194 - - [30/May/2025:14:11:55 +0200] "GET /Jurek/makow/feeds/makow_wortenES.xml HTTP/1.1" 200 21204020 "-" "Python-urllib/3.11"
85.232.241.194 - - [30/May/2025:14:11:56 +0200] "GET /Jurek/proadventure/feeds/proadventure_worten.xml HTTP/1.1" 200 10763597 "-" "Python-urllib/3.11"
85.232.241.194 - - [30/May/2025:14:12:01 +0200] "GET /Jurek/proadventure/feeds/proadventure_wortenES.xml HTTP/1.1" 200 10763656 "-" "Python-urllib/3.11"
85.232.241.194 - - [30/May/2025:14:12:01 +0200] "GET /Jurek/apresto/feeds/apresto_worten.xml HTTP/1.1" 200 1327671 "-" "Python-urllib/3.11"
85.232.241.194 - - [30/May/2025:14:12:01 +0200] "GET /Jurek/apresto/feeds/apresto_wortenES.xml HTTP/1.1" 200 1327666 "-" "Python-urllib/3.11"
85.232.241.194 - - [30/May/2025:14:12:05 +0200] "GET /Jurek/carbonyway/feeds/carbonyway_worten.xml HTTP/1.1" 200 3075947 "-" "Python-urllib/3.11"
85.232.241.194 - - [30/May/2025:14:12:05 +0200] "GET /Jurek/carbonyway/feeds/carbonyway_wortenES.xml HTTP/1.1" 200 3076012 "-" "Python-urllib/3.11"
85.232.241.194 - - [30/May/2025:14:12:05 +0200] "GET /Jurek/mojeledy/feeds/mojeledy_worten.xml HTTP/1.1" 200 1018446 "-" "Python-urllib/3.11"
85.232.241.194 - - [30/May/2025:14:12:05 +0200] "GET /Jurek/mojeledy/feeds/mojeledy_wortenES.xml HTTP/1.1" 200 1018454 "-" "Python-urllib/3.11"
85.232.241.194 - - [30/May/2025:14:12:05 +0200] "GET /Jurek/sovapl/feeds/sovapl_worten.xml HTTP/1.1" 200 8999837 "-" "Python-urllib/3.11"
85.232.241.194 - - [30/May/2025:14:12:06 +0200] "GET /Jurek/sovapl/feeds/sovapl_wortenES.xml HTTP/1.1" 200 8999623 "-" "Python-urllib/3.11"
51.77.52.107 - - [30/May/2025:14:12:25 +0200] "GET /Jurek/eurofirany/images/452632/0.jpg HTTP/2.0" 200 128873 "-" "baselinker"
89.161.206.59 - - [30/May/2025:14:12:27 +0200] "GET /Jurek/broers/feeds/broers_amazonde.xml HTTP/1.0" 200 1982475 "-" "-"
85.232.241.194 - - [30/May/2025:14:12:33 +0200] "GET /Jurek/kalama/feeds/kalama_worten.xml HTTP/1.1" 200 2661731 "-" "Python-urllib/3.11"
85.232.241.194 - - [30/May/2025:14:12:33 +0200] "GET /Jurek/kalama/feeds/kalama_wortenES.xml HTTP/1.1" 200 2661779 "-" "Python-urllib/3.11"
89.161.206.59 - - [30/May/2025:14:12:33 +0200] "GET /Jurek/kobi/feeds/kobi_aliexpress.xml HTTP/1.0" 200 1993181 "-" "-"
85.232.241.194 - - [30/May/2025:14:12:38 +0200] "GET /Jurek/bloomglow/feeds/bloomglow_worten.xml HTTP/1.1" 200 14095523 "-" "Python-urllib/3.11"
85.232.241.194 - - [30/May/2025:14:12:38 +0200] "GET /Jurek/bloomglow/feeds/bloomglow_wortenES.xml HTTP/1.1" 200 14095551 "-" "Python-urllib/3.11"
51.77.52.107 - - [30/May/2025:14:12:59 +0200] "GET /Jurek/eurofirany/images/452632/0.jpg HTTP/2.0" 200 128873 "-" "baselinker"
89.161.206.59 - - [30/May/2025:14:13:01 +0200] "GET /Jurek/cbdgreen/feeds/cbdgreen_amazonde.xml HTTP/1.0" 200 50543 "-" "-"
51.77.52.107 - - [30/May/2025:14:13:38 +0200] "GET /Jurek/eurofirany/images/452635/0.jpg HTTP/2.0" 200 83499 "-" "baselinker"
51.77.52.107 - - [30/May/2025:14:13:45 +0200] "GET /Jurek/eurofirany/images/452635/0.jpg HTTP/2.0" 200 83499 "-" "baselinker"
51.77.52.107 - - [30/May/2025:14:13:51 +0200] "GET /Jurek/eurofirany/images/452635/0.jpg HTTP/2.0" 200 83499 "-" "baselinker"
89.161.206.59 - - [30/May/2025:14:14:16 +0200] "GET /Jurek/hdwr/feeds/hdwr_emaghu.xml HTTP/1.0" 200 790139 "-" "-"
51.77.52.107 - - [30/May/2025:14:14:26 +0200] "GET /Jurek/eurofirany/images/452639/0.jpg HTTP/2.0" 200 104276 "-" "baselinker"
46.101.116.244 - - [30/May/2025:14:14:26 +0200] "GET /Jurek/kokiska/feeds/kokiska_ceneo.xml HTTP/1.0" 200 9421868 "-" "-"
51.77.52.107 - - [30/May/2025:14:14:33 +0200] "GET /Jurek/eurofirany/images/452639/0.jpg HTTP/2.0" 200 104276 "-" "baselinker"
51.77.52.107 - - [30/May/2025:14:14:37 +0200] "GET /Jurek/eurofirany/images/452639/0.jpg HTTP/2.0" 200 104276 "-" "baselinker"
46.101.116.244 - - [30/May/2025:14:14:37 +0200] "GET /Jurek/chemex/feeds/Chemex_allegro.xml HTTP/1.0" 200 47823094 "-" "-"
51.77.52.107 - - [30/May/2025:14:14:43 +0200] "GET /Jurek/eurofirany/images/452642/0.jpg HTTP/2.0" 200 120390 "-" "baselinker"
89.161.206.59 - - [30/May/2025:14:14:49 +0200] "GET /Jurek/hdwr/feeds/hdwr_amazonnl.xml HTTP/1.0" 200 789443 "-" "-"
51.77.52.107 - - [30/May/2025:14:14:49 +0200] "GET /Jurek/eurofirany/images/452642/0.jpg HTTP/2.0" 200 120390 "-" "baselinker"
193.33.8.61 - - [30/May/2025:14:14:49 +0200] "GET /Jurek/narzbud/feeds/narzbud_zero.xml HTTP/2.0" 200 1900889 "https://konsola.dkkapusta1997.usermd.net/" "Mozilla/5.0 (Windows NT 10.0; Win64; x64) AppleWebKit/537.36 (KHTML, like Gecko) Chrome/136.0.0.0 Safari/537.36"
77.79.248.229 - - [30/May/2025:14:14:58 +0200] "GET /Jurek/narzbud/feeds/narzbud_zero.xml HTTP/1.1" 200 1900889 "-" "Python-urllib/3.11"
89.161.206.59 - - [30/May/2025:14:15:03 +0200] "GET /Jurek/hdwr/feeds/hdwr_amazonit.xml HTTP/1.0" 200 789451 "-" "-"
51.77.52.107 - - [30/May/2025:14:15:13 +0200] "GET /Jurek/eurofirany/images/452642/0.jpg HTTP/2.0" 200 120390 "-" "baselinker"
89.161.206.59 - - [30/May/2025:14:15:20 +0200] "GET /Jurek/hdwr/feeds/hdwr_amazones.xml HTTP/1.0" 200 789460 "-" "-"
89.161.206.59 - - [30/May/2025:14:15:34 +0200] "GET /Jurek/hdwr/feeds/hdwr_amazonbe.xml HTTP/1.0" 200 789431 "-" "-"
40.77.167.74 - - [30/May/2025:14:15:41 +0200] "GET /Jurek/topeshop/downloaded_images/5902838466209_KUBABIURKOBRY%C5%81KASONOMABOKZM.jpg HTTP/2.0" 404 3551 "-" "Mozilla/5.0 AppleWebKit/537.36 (KHTML, like Gecko; compatible; bingbot/2.0; +http://www.bing.com/bingbot.htm) Chrome/116.0.1938.76 Safari/537.36"
51.77.52.107 - - [30/May/2025:14:15:43 +0200] "GET /Jurek/eurofirany/images/452647/0.jpg HTTP/2.0" 200 141521 "-" "baselinker"
51.77.52.107 - - [30/May/2025:14:15:49 +0200] "GET /Jurek/eurofirany/images/452647/0.jpg HTTP/2.0" 200 141521 "-" "baselinker"
89.161.206.59 - - [30/May/2025:14:15:55 +0200] "GET /Jurek/harmonypost/feeds/harmonypost_emagro.xml HTTP/1.0" 200 39914523 "-" "-"
51.77.52.107 - - [30/May/2025:14:15:56 +0200] "GET /Jurek/eurofirany/images/452647/0.jpg HTTP/2.0" 200 141521 "-" "baselinker"
85.232.241.194 - - [30/May/2025:14:16:09 +0200] "GET /Jurek/coppotech/feeds/coppotech_worten.xml HTTP/1.1" 200 38049016 "-" "Python-urllib/3.11"
85.232.241.194 - - [30/May/2025:14:16:09 +0200] "GET /Jurek/coppotech/feeds/coppotech_wortenES.xml HTTP/1.1" 200 38049321 "-" "Python-urllib/3.11"
51.77.52.107 - - [30/May/2025:14:16:19 +0200] "GET /Jurek/eurofirany/images/452656/0.jpg HTTP/2.0" 200 101315 "-" "baselinker"
51.77.52.107 - - [30/May/2025:14:16:28 +0200] "GET /Jurek/eurofirany/images/452656/0.jpg HTTP/2.0" 200 101315 "-" "baselinker"
51.77.52.107 - - [30/May/2025:14:16:44 +0200] "GET /Jurek/eurofirany/images/452656/0.jpg HTTP/2.0" 200 101315 "-" "baselinker"
89.161.206.59 - - [30/May/2025:14:16:50 +0200] "GET /Jurek/german/feeds/german_cdsc.xml HTTP/1.0" 200 1638692 "-" "-"
51.77.52.107 - - [30/May/2025:14:16:50 +0200] "GET /Jurek/eurofirany/images/452658/0.jpg HTTP/2.0" 200 135189 "-" "baselinker"
51.77.52.107 - - [30/May/2025:14:17:12 +0200] "GET /Jurek/eurofirany/images/452658/0.jpg HTTP/2.0" 200 135189 "-" "baselinker"
51.77.52.107 - - [30/May/2025:14:17:20 +0200] "GET /Jurek/eurofirany/images/452658/0.jpg HTTP/2.0" 200 135189 "-" "baselinker"
51.77.52.107 - - [30/May/2025:14:17:23 +0200] "GET /Jurek/eurofirany/images/452702/0.jpg HTTP/2.0" 200 148499 "-" "baselinker"
89.161.206.59 - - [30/May/2025:14:17:25 +0200] "GET /Jurek/galopi/feeds/galopi_aliex.xml HTTP/1.0" 200 2111302 "-" "-"
89.161.206.59 - - [30/May/2025:14:17:34 +0200] "GET /Jurek/coppotech/feeds/coppotech_bol.xml HTTP/1.0" 200 38048880 "-" "-"
51.77.52.107 - - [30/May/2025:14:17:48 +0200] "GET /Jurek/eurofirany/images/452702/0.jpg HTTP/2.0" 200 148499 "-" "baselinker"
51.77.52.107 - - [30/May/2025:14:18:03 +0200] "GET /Jurek/eurofirany/images/452702/0.jpg HTTP/2.0" 200 148499 "-" "baselinker"
51.77.52.107 - - [30/May/2025:14:18:13 +0200] "GET /Jurek/eurofirany/images/452703/0.jpg HTTP/2.0" 200 148499 "-" "baselinker"
89.161.206.59 - - [30/May/2025:14:18:14 +0200] "GET /Jurek/evil/feeds/evil_cdsc.xml HTTP/1.0" 200 258375 "-" "-"
51.77.52.107 - - [30/May/2025:14:18:30 +0200] "GET /Jurek/eurofirany/images/452703/0.jpg HTTP/2.0" 200 148499 "-" "baselinker"
89.161.206.59 - - [30/May/2025:14:18:31 +0200] "GET /Jurek/evil/feeds/evil_amazonde.xml HTTP/1.0" 200 306382 "-" "-"
193.33.8.61 - - [30/May/2025:14:18:40 +0200] "GET /Jurek/benetech/feeds/benetech_zero.xml HTTP/2.0" 200 4165325 "https://konsola.dkkapusta1997.usermd.net/" "Mozilla/5.0 (Windows NT 10.0; Win64; x64) AppleWebKit/537.36 (KHTML, like Gecko) Chrome/136.0.0.0 Safari/537.36"
51.77.52.107 - - [30/May/2025:14:18:40 +0200] "GET /Jurek/eurofirany/images/452703/0.jpg HTTP/2.0" 200 148499 "-" "baselinker"
89.161.206.59 - - [30/May/2025:14:18:41 +0200] "GET /Jurek/benetech/feeds/benetech_amazonnl.xml HTTP/1.0" 200 4165403 "-" "-"
89.161.206.59 - - [30/May/2025:14:18:41 +0200] "GET /Jurek/benetech/feeds/benetech_amazonit.xml HTTP/1.0" 200 4165397 "-" "-"
89.161.206.59 - - [30/May/2025:14:18:42 +0200] "GET /Jurek/benetech/feeds/benetech_amazones.xml HTTP/1.0" 200 4165399 "-" "-"
89.161.206.59 - - [30/May/2025:14:18:42 +0200] "GET /Jurek/benetech/feeds/benetech_amazonfr.xml HTTP/1.0" 200 4165385 "-" "-"
89.161.206.59 - - [30/May/2025:14:18:42 +0200] "GET /Jurek/benetech/feeds/benetech_amazonbe.xml HTTP/1.0" 200 4165396 "-" "-"
89.161.206.59 - - [30/May/2025:14:18:42 +0200] "GET /Jurek/benetech/feeds/benetech_amazonse.xml HTTP/1.0" 200 4165782 "-" "-"
89.161.206.59 - - [30/May/2025:14:18:44 +0200] "GET /Jurek/emaja24/feeds/emaja24_amazonnl.xml HTTP/1.0" 200 5101988 "-" "-"
89.161.206.59 - - [30/May/2025:14:18:44 +0200] "GET /Jurek/emaja24/feeds/emaja24_amazones.xml HTTP/1.0" 200 5102064 "-" "-"
89.161.206.59 - - [30/May/2025:14:18:47 +0200] "GET /Jurek/drops/feeds/dropsofficecolection_amazonde.xml HTTP/1.0" 200 790824 "-" "-"
89.161.206.59 - - [30/May/2025:14:18:48 +0200] "GET /Jurek/carbonyway/feeds/carbonyway_amazonde.xml HTTP/1.0" 200 3075971 "-" "-"
89.161.206.59 - - [30/May/2025:14:18:49 +0200] "GET /Jurek/beautycare/feeds/beautycare_amazonde.xml HTTP/1.0" 200 1181267 "-" "-"
89.161.206.59 - - [30/May/2025:14:18:49 +0200] "GET /Jurek/avenido/feeds/avenido_amazonde.xml HTTP/1.0" 200 720106 "-" "-"
51.77.52.107 - - [30/May/2025:14:18:49 +0200] "GET /Jurek/eurofirany/images/452716/0.jpg HTTP/2.0" 200 148499 "-" "baselinker"
89.161.206.59 - - [30/May/2025:14:18:50 +0200] "GET /Jurek/beltimore/feeds/beltimore_amazonde.xml HTTP/1.0" 200 18652173 "-" "-"
89.161.206.59 - - [30/May/2025:14:18:51 +0200] "GET /Jurek/alucon/feeds/alucon_amazonde.xml HTTP/1.0" 200 553569 "-" "-"
89.161.206.59 - - [30/May/2025:14:18:52 +0200] "GET /Jurek/euroshop/feeds/euroshop_bol.xml HTTP/1.0" 200 20025438 "-" "-"
77.79.248.229 - - [30/May/2025:14:18:59 +0200] "GET /Jurek/benetech/feeds/benetech_zero.xml HTTP/1.1" 200 4165325 "-" "Python-urllib/3.11"
51.77.52.107 - - [30/May/2025:14:19:12 +0200] "GET /Jurek/eurofirany/images/452716/0.jpg HTTP/2.0" 200 148499 "-" "baselinker"
89.161.206.59 - - [30/May/2025:14:19:12 +0200] "GET /Jurek/euroshop/feeds/euroshop_aliex.xml HTTP/1.0" 200 20027749 "-" "-"
51.77.52.107 - - [30/May/2025:14:19:16 +0200] "GET /Jurek/eurofirany/images/452716/0.jpg HTTP/2.0" 200 148499 "-" "baselinker"
51.77.52.107 - - [30/May/2025:14:19:24 +0200] "GET /Jurek/eurofirany/images/452719/0.jpg HTTP/2.0" 200 129243 "-" "baselinker"
89.161.206.59 - - [30/May/2025:14:19:32 +0200] "GET /Jurek/edruk/feeds/edruk_skroutz.xml HTTP/1.0" 200 14146897 "-" "-"
89.161.206.59 - - [30/May/2025:14:19:32 +0200] "GET /Jurek/eurofryz/feeds/eurofryz_bol.xml HTTP/1.0" 200 1381546 "-" "-"
51.77.52.107 - - [30/May/2025:14:19:42 +0200] "GET /Jurek/eurofirany/images/452719/0.jpg HTTP/2.0" 200 129243 "-" "baselinker"
51.77.52.107 - - [30/May/2025:14:19:47 +0200] "GET /Jurek/eurofirany/images/452719/0.jpg HTTP/2.0" 200 129243 "-" "baselinker"
89.161.206.59 - - [30/May/2025:14:19:50 +0200] "GET /Jurek/eurofryz/feeds/eurofryz_amazonse.xml HTTP/1.0" 200 1381924 "-" "-"
89.161.206.59 - - [30/May/2025:14:19:52 +0200] "GET /Jurek/ekolight/feeds/ekolight_ebay.xml HTTP/1.0" 200 9053018 "-" "-"
