77.79.248.229 - - [30/May/2025:05:38:38 +0200] "GET /Jurek/galopi/feeds/galopi_bigbang.xml HTTP/1.1" 200 2110499 "-" "Python-urllib/3.11"
77.79.248.229 - - [30/May/2025:05:38:38 +0200] "GET /Jurek/hurtmeblowy/feeds/hurtmeblowy_bigbang.xml HTTP/1.1" 200 8542865 "-" "Python-urllib/3.11"
51.77.52.107 - - [30/May/2025:05:38:53 +0200] "GET /Jurek/eurofirany/images/461813/0.jpg HTTP/2.0" 200 95159 "-" "baselinker"
51.77.52.107 - - [30/May/2025:05:38:58 +0200] "GET /Jurek/eurofirany/images/461816/0.jpg HTTP/2.0" 200 78767 "-" "baselinker"
51.77.52.107 - - [30/May/2025:05:39:17 +0200] "GET /Jurek/eurofirany/images/461816/0.jpg HTTP/2.0" 200 78767 "-" "baselinker"
51.77.52.107 - - [30/May/2025:05:39:33 +0200] "GET /Jurek/eurofirany/images/461816/0.jpg HTTP/2.0" 200 78767 "-" "baselinker"
51.77.52.107 - - [30/May/2025:05:39:50 +0200] "GET /Jurek/eurofirany/images/458142/0.jpg HTTP/2.0" 200 97681 "-" "baselinker"
51.77.52.107 - - [30/May/2025:05:40:04 +0200] "GET /Jurek/eurofirany/images/458142/0.jpg HTTP/2.0" 200 97681 "-" "baselinker"
51.77.52.107 - - [30/May/2025:05:40:09 +0200] "GET /Jurek/eurofirany/images/458142/0.jpg HTTP/2.0" 200 97681 "-" "baselinker"
51.77.52.107 - - [30/May/2025:05:40:17 +0200] "GET /Jurek/eurofirany/images/455795/0.jpg HTTP/2.0" 200 73761 "-" "baselinker"
51.77.52.107 - - [30/May/2025:05:40:33 +0200] "GET /Jurek/eurofirany/images/455795/0.jpg HTTP/2.0" 200 73761 "-" "baselinker"
77.79.248.229 - - [30/May/2025:05:40:33 +0200] "GET /Jurek/kinghoff/feeds/kinghoff_SkroutzGR.xml HTTP/1.1" 200 14741172 "-" "Python-urllib/3.11"
77.79.248.229 - - [30/May/2025:05:40:34 +0200] "GET /Jurek/aw/feeds/awnarzedzia_skroutz.xml HTTP/1.1" 200 89680984 "-" "Python-urllib/3.11"
77.79.248.229 - - [30/May/2025:05:40:35 +0200] "GET /Jurek/eurofirany/feeds/eurofirany_skroutz.xml HTTP/1.1" 200 18244084 "-" "Python-urllib/3.11"
77.79.248.229 - - [30/May/2025:05:40:35 +0200] "GET /Jurek/fernity/feeds/fernity_skroutz.xml HTTP/1.1" 200 4592722 "-" "Python-urllib/3.11"
51.77.52.107 - - [30/May/2025:05:40:40 +0200] "GET /Jurek/eurofirany/images/455795/0.jpg HTTP/2.0" 200 73761 "-" "baselinker"
89.161.206.59 - - [30/May/2025:05:40:52 +0200] "GET /Jurek/swiatecznygoliat/feeds/swiatecznygoliat_amazonde.xml HTTP/1.0" 200 7050811 "-" "-"
51.77.52.107 - - [30/May/2025:05:41:00 +0200] "GET /Jurek/eurofirany/images/462494/0.jpg HTTP/2.0" 200 290287 "-" "baselinker"
51.77.52.107 - - [30/May/2025:05:41:16 +0200] "GET /Jurek/eurofirany/images/462494/0.jpg HTTP/2.0" 200 290287 "-" "baselinker"
51.77.52.107 - - [30/May/2025:05:41:25 +0200] "GET /Jurek/eurofirany/images/462494/0.jpg HTTP/2.0" 200 290287 "-" "baselinker"
51.77.52.107 - - [30/May/2025:05:41:44 +0200] "GET /Jurek/eurofirany/images/462499/0.jpg HTTP/2.0" 200 281142 "-" "baselinker"
51.77.52.107 - - [30/May/2025:05:42:03 +0200] "GET /Jurek/eurofirany/images/462499/0.jpg HTTP/2.0" 200 281142 "-" "baselinker"
51.77.52.107 - - [30/May/2025:05:42:20 +0200] "GET /Jurek/eurofirany/images/462499/0.jpg HTTP/2.0" 200 281142 "-" "baselinker"
51.77.52.107 - - [30/May/2025:05:42:32 +0200] "GET /Jurek/eurofirany/images/462502/0.jpg HTTP/2.0" 200 273306 "-" "baselinker"
46.101.116.244 - - [30/May/2025:05:42:53 +0200] "GET /Jurek/hurtmeblowy/feeds/hurtmeblowy_kauflandcz.xml HTTP/2.0" 200 7521219 "-" "-"
51.77.52.107 - - [30/May/2025:05:42:53 +0200] "GET /Jurek/eurofirany/images/462502/0.jpg HTTP/2.0" 200 273306 "-" "baselinker"
51.77.52.107 - - [30/May/2025:05:42:58 +0200] "GET /Jurek/eurofirany/images/462502/0.jpg HTTP/2.0" 200 273306 "-" "baselinker"
46.101.116.244 - - [30/May/2025:05:43:06 +0200] "GET /Jurek/kobi/feeds/kobi_kauflandcz.xml HTTP/2.0" 200 942998 "-" "-"
51.77.52.107 - - [30/May/2025:05:43:06 +0200] "GET /Jurek/eurofirany/images/455796/0.jpg HTTP/2.0" 200 73761 "-" "baselinker"
46.101.116.244 - - [30/May/2025:05:43:16 +0200] "GET /Jurek/madrex/feeds/madrex_kauflandcz.xml HTTP/2.0" 200 466808 "-" "-"
51.77.52.107 - - [30/May/2025:05:43:24 +0200] "GET /Jurek/eurofirany/images/455796/0.jpg HTTP/2.0" 200 73761 "-" "baselinker"
51.77.52.107 - - [30/May/2025:05:43:41 +0200] "GET /Jurek/eurofirany/images/455796/0.jpg HTTP/2.0" 200 73761 "-" "baselinker"
46.101.116.244 - - [30/May/2025:05:43:50 +0200] "GET /Jurek/action/feeds/action_kaufland.xml HTTP/2.0" 200 59524655 "-" "-"
51.77.52.107 - - [30/May/2025:05:43:54 +0200] "GET /Jurek/eurofirany/images/455797/0.jpg HTTP/2.0" 200 73761 "-" "baselinker"
51.77.52.107 - - [30/May/2025:05:44:10 +0200] "GET /Jurek/eurofirany/images/455797/0.jpg HTTP/2.0" 200 73761 "-" "baselinker"
51.77.52.107 - - [30/May/2025:05:44:28 +0200] "GET /Jurek/eurofirany/images/455797/0.jpg HTTP/2.0" 200 73761 "-" "baselinker"
51.77.52.107 - - [30/May/2025:05:44:34 +0200] "GET /Jurek/eurofirany/images/455813/0.jpg HTTP/2.0" 200 159592 "-" "baselinker"
46.101.116.244 - - [30/May/2025:05:44:35 +0200] "GET /Jurek/andex/feeds/andex_kaufland.xml HTTP/2.0" 200 1952769 "-" "-"
46.101.116.244 - - [30/May/2025:05:44:46 +0200] "GET /Jurek/aw/feeds/awnarzedzia_kauflandcz.xml HTTP/2.0" 200 91241554 "-" "-"
51.77.52.107 - - [30/May/2025:05:44:47 +0200] "GET /Jurek/eurofirany/images/455813/0.jpg HTTP/2.0" 200 159592 "-" "baselinker"
51.77.52.107 - - [30/May/2025:05:44:50 +0200] "GET /Jurek/eurofirany/images/455813/0.jpg HTTP/2.0" 200 159592 "-" "baselinker"
46.101.116.244 - - [30/May/2025:05:45:05 +0200] "GET /Jurek/b3/feeds/b3_kaufland.xml HTTP/2.0" 200 8072961 "-" "-"
51.77.52.107 - - [30/May/2025:05:45:12 +0200] "GET /Jurek/eurofirany/images/458143/0.jpg HTTP/2.0" 200 97681 "-" "baselinker"
46.101.116.244 - - [30/May/2025:05:45:16 +0200] "GET /Jurek/barbecook/feeds/barbecook_kaufland.xml HTTP/2.0" 200 87616 "-" "-"
51.77.52.107 - - [30/May/2025:05:45:25 +0200] "GET /Jurek/eurofirany/images/458143/0.jpg HTTP/2.0" 200 97681 "-" "baselinker"
46.101.116.244 - - [30/May/2025:05:45:26 +0200] "GET /Jurek/bass/feeds/bass_kaufland.xml HTTP/2.0" 200 3974255 "-" "-"
51.77.52.107 - - [30/May/2025:05:45:28 +0200] "GET /Jurek/eurofirany/images/458143/0.jpg HTTP/2.0" 200 97681 "-" "baselinker"
46.101.116.244 - - [30/May/2025:05:45:37 +0200] "GET /Jurek/beliani/feeds/beliani_cz_kaufland.xml HTTP/2.0" 200 33749269 "-" "-"
51.77.52.107 - - [30/May/2025:05:45:48 +0200] "GET /Jurek/eurofirany/images/457765/0.jpg HTTP/2.0" 200 64115 "-" "baselinker"
46.101.116.244 - - [30/May/2025:05:45:49 +0200] "GET /Jurek/benbaby/feeds/benbaby_kaufland.xml HTTP/2.0" 200 3740658 "-" "-"
46.101.116.244 - - [30/May/2025:05:46:00 +0200] "GET /Jurek/detian/feeds/detian_kaufland.xml HTTP/2.0" 404 3551 "-" "-"
51.77.52.107 - - [30/May/2025:05:46:07 +0200] "GET /Jurek/eurofirany/images/457765/0.jpg HTTP/2.0" 200 64115 "-" "baselinker"
46.101.116.244 - - [30/May/2025:05:46:10 +0200] "GET /Jurek/emibig/feeds/emibig_kaufland.xml HTTP/2.0" 200 2524216 "-" "-"
89.161.206.59 - - [30/May/2025:05:46:15 +0200] "GET /Jurek/artdog/feeds/artdog_amazonbe.xml HTTP/1.0" 200 17173192 "-" "-"
46.101.116.244 - - [30/May/2025:05:46:21 +0200] "GET /Jurek/eurofirany/feeds/eurofirany_kaufland_greatstore.xml HTTP/2.0" 200 18737449 "-" "-"
51.77.52.107 - - [30/May/2025:05:46:31 +0200] "GET /Jurek/eurofirany/images/457765/0.jpg HTTP/2.0" 200 64115 "-" "baselinker"
46.101.116.244 - - [30/May/2025:05:46:33 +0200] "GET /Jurek/fernity/feeds/fernity_kaufland.xml HTTP/2.0" 200 4721759 "-" "-"
51.77.52.107 - - [30/May/2025:05:46:44 +0200] "GET /Jurek/eurofirany/images/455962/0.jpg HTTP/2.0" 200 36889 "-" "baselinker"
89.161.206.59 - - [30/May/2025:05:46:52 +0200] "GET /Jurek/eurofirany/feeds/eurofirany_manomanofr.xml HTTP/1.0" 200 18718518 "-" "-"
46.101.116.244 - - [30/May/2025:05:46:55 +0200] "GET /Jurek/hurtownia_przemyslowa/feeds/hp_kaufcz.xml HTTP/2.0" 200 49359377 "-" "-"
51.77.52.107 - - [30/May/2025:05:47:02 +0200] "GET /Jurek/eurofirany/images/455962/0.jpg HTTP/2.0" 200 36889 "-" "baselinker"
51.77.52.107 - - [30/May/2025:05:47:08 +0200] "GET /Jurek/eurofirany/images/455962/0.jpg HTTP/2.0" 200 36889 "-" "baselinker"
46.101.116.244 - - [30/May/2025:05:47:25 +0200] "GET /Jurek/ikonka/feeds/ikonka_kaufland.xml HTTP/2.0" 200 20824565 "-" "-"
51.77.52.107 - - [30/May/2025:05:47:33 +0200] "GET /Jurek/eurofirany/images/455963/0.jpg HTTP/2.0" 200 38319 "-" "baselinker"
46.101.116.244 - - [30/May/2025:05:47:37 +0200] "GET /Jurek/kinghoff/feeds/kinghoff_kaufland.xml HTTP/2.0" 200 15637243 "-" "-"
51.77.52.107 - - [30/May/2025:05:47:47 +0200] "GET /Jurek/eurofirany/images/455963/0.jpg HTTP/2.0" 200 38319 "-" "baselinker"
46.101.116.244 - - [30/May/2025:05:47:48 +0200] "GET /Jurek/awparts/feeds/awparts_manoFR.xml HTTP/1.0" 200 142563676 "-" "-"
46.101.116.244 - - [30/May/2025:05:47:52 +0200] "GET /Jurek/kinghome/feeds/kinghome_kaufland.xml HTTP/2.0" 200 6490796 "-" "-"
51.77.52.107 - - [30/May/2025:05:48:03 +0200] "GET /Jurek/eurofirany/images/455963/0.jpg HTTP/2.0" 200 38319 "-" "baselinker"
51.77.52.107 - - [30/May/2025:05:48:06 +0200] "GET /Jurek/eurofirany/images/455978/0.jpg HTTP/2.0" 200 77714 "-" "baselinker"
51.77.52.107 - - [30/May/2025:05:48:22 +0200] "GET /Jurek/eurofirany/images/455978/0.jpg HTTP/2.0" 200 77714 "-" "baselinker"
51.77.52.107 - - [30/May/2025:05:48:27 +0200] "GET /Jurek/eurofirany/images/455978/0.jpg HTTP/2.0" 200 77714 "-" "baselinker"
46.101.116.244 - - [30/May/2025:05:48:29 +0200] "GET /Jurek/octopia/feeds/octopia_kaufland.xml HTTP/2.0" 200 10116659 "-" "-"
46.101.116.244 - - [30/May/2025:05:48:40 +0200] "GET /Jurek/rovicky/feeds/rovicky_kaufland.xml HTTP/2.0" 200 15176122 "-" "-"
51.77.52.107 - - [30/May/2025:05:48:42 +0200] "GET /Jurek/eurofirany/images/459779/0.jpg HTTP/2.0" 200 80729 "-" "baselinker"
46.101.116.244 - - [30/May/2025:05:48:51 +0200] "GET /Jurek/stema/feeds/stema_kauflandcz.xml HTTP/2.0" 200 894559 "-" "-"
51.77.52.107 - - [30/May/2025:05:48:57 +0200] "GET /Jurek/eurofirany/images/459779/0.jpg HTTP/2.0" 200 80729 "-" "baselinker"
46.101.116.244 - - [30/May/2025:05:49:02 +0200] "GET /Jurek/twm/feeds/twm-kaufland.xml HTTP/2.0" 200 2490429 "-" "-"
46.101.116.244 - - [30/May/2025:05:49:13 +0200] "GET /Jurek/unimet/feeds/unimet_kaufland.xml HTTP/2.0" 200 61207193 "-" "-"
51.77.52.107 - - [30/May/2025:05:49:13 +0200] "GET /Jurek/eurofirany/images/459779/0.jpg HTTP/2.0" 200 80729 "-" "baselinker"
51.77.52.107 - - [30/May/2025:05:49:30 +0200] "GET /Jurek/eurofirany/images/460719/0.jpg HTTP/2.0" 200 76146 "-" "baselinker"
51.77.52.107 - - [30/May/2025:05:49:46 +0200] "GET /Jurek/eurofirany/images/460719/0.jpg HTTP/2.0" 200 76146 "-" "baselinker"
51.77.52.107 - - [30/May/2025:05:50:04 +0200] "GET /Jurek/eurofirany/images/460719/0.jpg HTTP/2.0" 200 76146 "-" "baselinker"
51.77.52.107 - - [30/May/2025:05:50:26 +0200] "GET /Jurek/eurofirany/images/460720/0.jpg HTTP/2.0" 200 77960 "-" "baselinker"
89.161.206.59 - - [30/May/2025:05:50:39 +0200] "GET /Jurek/roger/feeds/roger_manoFR.xml HTTP/1.0" 200 1148851 "-" "-"
51.77.52.107 - - [30/May/2025:05:50:46 +0200] "GET /Jurek/eurofirany/images/460720/0.jpg HTTP/2.0" 200 77960 "-" "baselinker"
51.77.52.107 - - [30/May/2025:05:51:05 +0200] "GET /Jurek/eurofirany/images/460720/0.jpg HTTP/2.0" 200 77960 "-" "baselinker"
51.77.52.107 - - [30/May/2025:05:51:23 +0200] "GET /Jurek/eurofirany/images/460721/0.jpg HTTP/2.0" 200 76181 "-" "baselinker"
51.77.52.107 - - [30/May/2025:05:51:46 +0200] "GET /Jurek/eurofirany/images/460721/0.jpg HTTP/2.0" 200 76181 "-" "baselinker"
46.101.116.244 - - [30/May/2025:05:51:54 +0200] "GET /Jurek/vivaldi/feeds/vivaldi_kaufland.xml HTTP/2.0" 200 344841 "-" "-"
51.77.52.107 - - [30/May/2025:05:52:00 +0200] "GET /Jurek/eurofirany/images/460721/0.jpg HTTP/2.0" 200 76181 "-" "baselinker"
51.77.52.107 - - [30/May/2025:05:52:18 +0200] "GET /Jurek/eurofirany/images/387708/0.jpg HTTP/2.0" 200 88040 "-" "baselinker"
51.77.52.107 - - [30/May/2025:05:52:32 +0200] "GET /Jurek/eurofirany/images/387708/0.jpg HTTP/2.0" 200 88040 "-" "baselinker"
51.77.52.107 - - [30/May/2025:05:52:48 +0200] "GET /Jurek/eurofirany/images/387708/0.jpg HTTP/2.0" 200 88040 "-" "baselinker"
51.77.52.107 - - [30/May/2025:05:53:05 +0200] "GET /Jurek/eurofirany/images/387709/0.jpg HTTP/2.0" 200 88799 "-" "baselinker"
51.77.52.107 - - [30/May/2025:05:53:24 +0200] "GET /Jurek/eurofirany/images/387709/0.jpg HTTP/2.0" 200 88799 "-" "baselinker"
51.77.52.107 - - [30/May/2025:05:53:37 +0200] "GET /Jurek/eurofirany/images/387709/0.jpg HTTP/2.0" 200 88799 "-" "baselinker"
51.77.52.107 - - [30/May/2025:05:53:40 +0200] "GET /Jurek/eurofirany/images/387710/0.jpg HTTP/2.0" 200 75191 "-" "baselinker"
51.77.52.107 - - [30/May/2025:05:53:46 +0200] "GET /Jurek/eurofirany/images/387710/0.jpg HTTP/2.0" 200 75191 "-" "baselinker"
46.101.116.244 - - [30/May/2025:05:54:03 +0200] "GET /Jurek/vidaCZ/feeds/vida_Kaufland.xml HTTP/2.0" 200 828582921 "-" "-"
89.161.206.59 - - [30/May/2025:05:54:16 +0200] "GET /Jurek/hurtmeblowy/feeds/hurtmeblowy_skroutz.xml HTTP/1.0" 200 8542954 "-" "-"
51.77.52.107 - - [30/May/2025:05:54:22 +0200] "GET /Jurek/eurofirany/images/387710/0.jpg HTTP/2.0" 200 75191 "-" "baselinker"
51.77.52.107 - - [30/May/2025:05:54:27 +0200] "GET /Jurek/eurofirany/images/387711/0.jpg HTTP/2.0" 200 80512 "-" "baselinker"
51.77.52.107 - - [30/May/2025:05:54:33 +0200] "GET /Jurek/eurofirany/images/387711/0.jpg HTTP/2.0" 200 80512 "-" "baselinker"
51.77.52.107 - - [30/May/2025:05:54:38 +0200] "GET /Jurek/eurofirany/images/387711/0.jpg HTTP/2.0" 200 80512 "-" "baselinker"
51.77.52.107 - - [30/May/2025:05:54:57 +0200] "GET /Jurek/eurofirany/images/387712/0.jpg HTTP/2.0" 200 38035 "-" "baselinker"
89.161.206.59 - - [30/May/2025:05:55:12 +0200] "GET /Jurek/eoptimo/feeds/eoptimo_skroutz.xml HTTP/1.0" 200 2093990 "-" "-"
51.77.52.107 - - [30/May/2025:05:55:15 +0200] "GET /Jurek/eurofirany/images/387712/0.jpg HTTP/2.0" 200 38035 "-" "baselinker"
51.77.52.107 - - [30/May/2025:05:55:19 +0200] "GET /Jurek/eurofirany/images/387712/0.jpg HTTP/2.0" 200 38035 "-" "baselinker"
51.77.52.107 - - [30/May/2025:05:55:24 +0200] "GET /Jurek/eurofirany/images/387713/0.jpg HTTP/2.0" 200 88842 "-" "baselinker"
51.77.52.107 - - [30/May/2025:05:55:28 +0200] "GET /Jurek/eurofirany/images/387713/0.jpg HTTP/2.0" 200 88842 "-" "baselinker"
51.77.52.107 - - [30/May/2025:05:55:34 +0200] "GET /Jurek/eurofirany/images/387713/0.jpg HTTP/2.0" 200 88842 "-" "baselinker"
51.77.52.107 - - [30/May/2025:05:55:39 +0200] "GET /Jurek/eurofirany/images/428984/0.jpg HTTP/2.0" 200 43159 "-" "baselinker"
51.77.52.107 - - [30/May/2025:05:55:47 +0200] "GET /Jurek/eurofirany/images/428984/0.jpg HTTP/2.0" 200 43159 "-" "baselinker"
51.77.52.107 - - [30/May/2025:05:55:53 +0200] "GET /Jurek/eurofirany/images/428984/0.jpg HTTP/2.0" 200 43159 "-" "baselinker"
89.161.206.59 - - [30/May/2025:05:55:57 +0200] "GET /Jurek/beautycare/feeds/beautycare_amazonde.xml HTTP/1.0" 200 1182237 "-" "-"
89.161.206.59 - - [30/May/2025:05:55:57 +0200] "GET /Jurek/princelh/feeds/princelh_amazonde.xml HTTP/1.0" 200 133491 "-" "-"
89.161.206.59 - - [30/May/2025:05:55:58 +0200] "GET /Jurek/omi/feeds/omi_amazonde.xml HTTP/1.0" 200 8103114 "-" "-"
89.161.206.59 - - [30/May/2025:05:55:58 +0200] "GET /Jurek/smxdesign/feeds/smxdesign_amazonde.xml HTTP/1.0" 200 1829171 "-" "-"
46.101.116.244 - - [30/May/2025:05:56:01 +0200] "GET /Jurek/hurtmeblowy/feeds/hurtmeblowy_kauflandsk.xml HTTP/2.0" 200 7518273 "-" "-"
51.77.52.107 - - [30/May/2025:05:56:10 +0200] "GET /Jurek/eurofirany/images/453003/0.jpg HTTP/2.0" 200 76398 "-" "baselinker"
46.101.116.244 - - [30/May/2025:05:56:14 +0200] "GET /Jurek/kobi/feeds/kobi_kauflandsk.xml HTTP/2.0" 200 942613 "-" "-"
46.101.116.244 - - [30/May/2025:05:56:25 +0200] "GET /Jurek/madrex/feeds/madrex_kauflandsk.xml HTTP/2.0" 200 466777 "-" "-"
51.77.52.107 - - [30/May/2025:05:56:33 +0200] "GET /Jurek/eurofirany/images/453003/0.jpg HTTP/2.0" 200 76398 "-" "baselinker"
46.101.116.244 - - [30/May/2025:05:56:44 +0200] "GET /Jurek/beliani/feeds/beliani_skroutz.xml HTTP/1.0" 200 29902988 "-" "-"
216.113.184.101 - - [30/May/2025:05:56:54 +0200] "GET /Jurek/eurofirany/images/379495/0.jpg HTTP/1.1" 200 52269 "-" "Java/17.0.13.0.101"
51.77.52.107 - - [30/May/2025:05:56:57 +0200] "GET /Jurek/eurofirany/images/453003/0.jpg HTTP/2.0" 200 76398 "-" "baselinker"
46.101.116.244 - - [30/May/2025:05:56:59 +0200] "GET /Jurek/action/feeds/action_kauflandsk.xml HTTP/2.0" 200 59482344 "-" "-"
216.113.184.103 - - [30/May/2025:05:57:01 +0200] "GET /Jurek/eurofirany/images/435115/0.jpg HTTP/1.1" 200 114885 "-" "Java/17.0.13.0.101"
51.77.52.107 - - [30/May/2025:05:57:21 +0200] "GET /Jurek/eurofirany/images/459701/0.jpg HTTP/2.0" 200 98271 "-" "baselinker"
51.77.52.107 - - [30/May/2025:05:57:39 +0200] "GET /Jurek/eurofirany/images/459701/0.jpg HTTP/2.0" 200 98271 "-" "baselinker"
46.101.116.244 - - [30/May/2025:05:57:43 +0200] "GET /Jurek/andex/feeds/andex_kauflandsk.xml HTTP/2.0" 200 1952077 "-" "-"
51.77.52.107 - - [30/May/2025:05:57:44 +0200] "GET /Jurek/eurofirany/images/459701/0.jpg HTTP/2.0" 200 98271 "-" "baselinker"
46.101.116.244 - - [30/May/2025:05:57:54 +0200] "GET /Jurek/aw/feeds/awnarzedzia_kauflandsk.xml HTTP/2.0" 200 91118786 "-" "-"
51.77.52.107 - - [30/May/2025:05:57:56 +0200] "GET /Jurek/eurofirany/images/459704/0.jpg HTTP/2.0" 200 103246 "-" "baselinker"
51.77.52.107 - - [30/May/2025:05:58:03 +0200] "GET /Jurek/eurofirany/images/459704/0.jpg HTTP/2.0" 200 103246 "-" "baselinker"
46.101.116.244 - - [30/May/2025:05:58:12 +0200] "GET /Jurek/b3/feeds/b3_kauflandsk.xml HTTP/2.0" 200 8068279 "-" "-"
51.77.52.107 - - [30/May/2025:05:58:20 +0200] "GET /Jurek/eurofirany/images/459704/0.jpg HTTP/2.0" 200 103246 "-" "baselinker"
46.101.116.244 - - [30/May/2025:05:58:23 +0200] "GET /Jurek/barbecook/feeds/barbecook_kauflandsk.xml HTTP/2.0" 200 87527 "-" "-"
46.101.116.244 - - [30/May/2025:05:58:33 +0200] "GET /Jurek/bass/feeds/bass_kauflandsk.xml HTTP/2.0" 200 3971907 "-" "-"
51.77.52.107 - - [30/May/2025:05:58:36 +0200] "GET /Jurek/eurofirany/images/459706/0.jpg HTTP/2.0" 200 126014 "-" "baselinker"
46.101.116.244 - - [30/May/2025:05:58:44 +0200] "GET /Jurek/beliani/feeds/beliani_sk_kaufland.xml HTTP/2.0" 200 33841895 "-" "-"
51.77.52.107 - - [30/May/2025:05:58:51 +0200] "GET /Jurek/eurofirany/images/459706/0.jpg HTTP/2.0" 200 126014 "-" "baselinker"
46.101.116.244 - - [30/May/2025:05:58:57 +0200] "GET /Jurek/benbaby/feeds/benbaby_kauflandsk.xml HTTP/2.0" 200 3737798 "-" "-"
51.77.52.107 - - [30/May/2025:05:58:58 +0200] "GET /Jurek/eurofirany/images/459706/0.jpg HTTP/2.0" 200 126014 "-" "baselinker"
46.101.116.244 - - [30/May/2025:05:59:08 +0200] "GET /Jurek/detian/feeds/detian_kauflandsk.xml HTTP/2.0" 404 3551 "-" "-"
51.77.52.107 - - [30/May/2025:05:59:10 +0200] "GET /Jurek/eurofirany/images/459707/0.jpg HTTP/2.0" 200 83798 "-" "baselinker"
51.77.52.107 - - [30/May/2025:05:59:16 +0200] "GET /Jurek/eurofirany/images/459707/0.jpg HTTP/2.0" 200 83798 "-" "baselinker"
46.101.116.244 - - [30/May/2025:05:59:18 +0200] "GET /Jurek/emibig/feeds/emibig_kauflandsk.xml HTTP/2.0" 200 2522183 "-" "-"
51.77.52.107 - - [30/May/2025:05:59:23 +0200] "GET /Jurek/eurofirany/images/459707/0.jpg HTTP/2.0" 200 83798 "-" "baselinker"
51.77.52.107 - - [30/May/2025:05:59:27 +0200] "GET /Jurek/eurofirany/images/459708/0.jpg HTTP/2.0" 200 101035 "-" "baselinker"
46.101.116.244 - - [30/May/2025:05:59:29 +0200] "GET /Jurek/eurofirany/feeds/eurofirany_kaufland_sk.xml HTTP/2.0" 200 18718755 "-" "-"
46.101.116.244 - - [30/May/2025:05:59:41 +0200] "GET /Jurek/fernity/feeds/fernity_kauflandsk.xml HTTP/2.0" 200 4717774 "-" "-"
51.77.52.107 - - [30/May/2025:05:59:44 +0200] "GET /Jurek/eurofirany/images/459708/0.jpg HTTP/2.0" 200 101035 "-" "baselinker"
51.77.52.107 - - [30/May/2025:05:59:46 +0200] "GET /Jurek/eurofirany/images/459708/0.jpg HTTP/2.0" 200 101035 "-" "baselinker"
51.77.52.107 - - [30/May/2025:05:59:49 +0200] "GET /Jurek/eurofirany/images/459710/0.jpg HTTP/2.0" 200 133138 "-" "baselinker"
51.77.52.107 - - [30/May/2025:06:00:02 +0200] "GET /Jurek/eurofirany/images/459710/0.jpg HTTP/2.0" 200 133138 "-" "baselinker"
46.101.116.244 - - [30/May/2025:06:00:03 +0200] "GET /Jurek/hurtownia_przemyslowa/feeds/hp_kaufsk.xml HTTP/2.0" 200 49329778 "-" "-"
51.77.52.107 - - [30/May/2025:06:00:06 +0200] "GET /Jurek/eurofirany/images/459710/0.jpg HTTP/2.0" 200 133138 "-" "baselinker"
35.204.39.32 - - [30/May/2025:06:00:15 +0200] "GET /marketplaces/carrefour_fr/results/carrefour_fr.csv HTTP/1.1" 200 6207517 "-" "Mirakl HttpClient"
85.14.86.141 - - [30/May/2025:06:00:17 +0200] "GET /Jurek/vida_morele/feeds/VidaPL_all.xml HTTP/2.0" 200 878823698 "-" "MarketplaceAPI curl/7.74.0 PHP/8"
46.101.116.244 - - [30/May/2025:06:00:20 +0200] "GET /Jurek/aw/feeds/awnarzedzia_skroutz.xml HTTP/1.0" 200 89680984 "-" "-"
51.77.52.107 - - [30/May/2025:06:00:22 +0200] "GET /Jurek/eurofirany/images/459711/0.jpg HTTP/2.0" 200 118943 "-" "baselinker"
46.101.116.244 - - [30/May/2025:06:00:33 +0200] "GET /Jurek/ikonka/feeds/ikonka_kauflandsk.xml HTTP/2.0" 200 20822265 "-" "-"
52.18.22.0 - - [30/May/2025:06:00:36 +0200] "GET /marketplaces/ubaldi/results/ubaldi.csv HTTP/1.1" 200 147219 "-" "Mirakl HttpClient"
51.77.52.107 - - [30/May/2025:06:00:44 +0200] "GET /Jurek/eurofirany/images/459711/0.jpg HTTP/2.0" 200 118943 "-" "baselinker"
46.101.116.244 - - [30/May/2025:06:00:44 +0200] "GET /Jurek/kinghoff/feeds/kinghoff_kauflandsk.xml HTTP/2.0" 200 15633875 "-" "-"
46.101.116.244 - - [30/May/2025:06:01:00 +0200] "GET /Jurek/kinghome/feeds/kinghome_kauflandsk.xml HTTP/2.0" 200 6485148 "-" "-"
51.77.52.107 - - [30/May/2025:06:01:02 +0200] "GET /Jurek/eurofirany/images/459711/0.jpg HTTP/2.0" 200 118943 "-" "baselinker"
35.204.39.32 - - [30/May/2025:06:01:17 +0200] "GET /marketplaces/vente/results/vente_nl.csv HTTP/1.1" 200 147219 "-" "Mirakl HttpClient"
35.204.39.32 - - [30/May/2025:06:01:17 +0200] "GET /marketplaces/vente/results/vente_fr.csv HTTP/1.1" 200 147219 "-" "Mirakl HttpClient"
35.204.39.32 - - [30/May/2025:06:01:17 +0200] "GET /marketplaces/vente/results/vente_be.csv HTTP/1.1" 200 147219 "-" "Mirakl HttpClient"
35.204.39.32 - - [30/May/2025:06:01:17 +0200] "GET /marketplaces/vente/results/vente_it.csv HTTP/1.1" 200 147219 "-" "Mirakl HttpClient"
35.204.39.32 - - [30/May/2025:06:01:17 +0200] "GET /marketplaces/vente/results/vente_es.csv HTTP/1.1" 200 147219 "-" "Mirakl HttpClient"
35.204.39.32 - - [30/May/2025:06:01:18 +0200] "GET /marketplaces/vente/results/vente_de.csv HTTP/1.1" 200 147219 "-" "Mirakl HttpClient"
51.77.52.107 - - [30/May/2025:06:01:20 +0200] "GET /Jurek/eurofirany/images/459713/0.jpg HTTP/2.0" 200 113706 "-" "baselinker"
46.101.116.244 - - [30/May/2025:06:01:36 +0200] "GET /Jurek/octopia/feeds/octopia_kauflandsk.xml HTTP/2.0" 200 10103788 "-" "-"
51.77.52.107 - - [30/May/2025:06:01:37 +0200] "GET /Jurek/eurofirany/images/459713/0.jpg HTTP/2.0" 200 113706 "-" "baselinker"
46.101.116.244 - - [30/May/2025:06:01:47 +0200] "GET /Jurek/rovicky/feeds/rovicky_kauflandsk.xml HTTP/2.0" 200 15170907 "-" "-"
51.77.52.107 - - [30/May/2025:06:01:53 +0200] "GET /Jurek/eurofirany/images/459713/0.jpg HTTP/2.0" 200 113706 "-" "baselinker"
46.101.116.244 - - [30/May/2025:06:01:58 +0200] "GET /Jurek/stema/feeds/stema_kauflandsk.xml HTTP/2.0" 200 893834 "-" "-"
89.161.206.59 - - [30/May/2025:06:02:01 +0200] "GET /Jurek/fertone/feeds/fertone_skroutz.xml HTTP/1.0" 200 583862 "-" "-"
52.17.80.36 - - [30/May/2025:06:02:01 +0200] "GET /marketplaces/rue/results/rue.csv HTTP/1.1" 200 147219 "-" "Mirakl HttpClient"
46.101.116.244 - - [30/May/2025:06:02:09 +0200] "GET /Jurek/twm/feeds/twm-kauflandsk.xml HTTP/2.0" 200 2489378 "-" "-"
51.77.52.107 - - [30/May/2025:06:02:17 +0200] "GET /Jurek/eurofirany/images/459714/0.jpg HTTP/2.0" 200 107663 "-" "baselinker"
46.101.116.244 - - [30/May/2025:06:02:20 +0200] "GET /Jurek/unimet/feeds/unimet_kauflandsk.xml HTTP/2.0" 200 61141480 "-" "-"
51.77.52.107 - - [30/May/2025:06:02:34 +0200] "GET /Jurek/eurofirany/images/459714/0.jpg HTTP/2.0" 200 107663 "-" "baselinker"
51.77.52.107 - - [30/May/2025:06:02:41 +0200] "GET /Jurek/eurofirany/images/459714/0.jpg HTTP/2.0" 200 107663 "-" "baselinker"
46.101.116.244 - - [30/May/2025:06:02:42 +0200] "GET /Jurek/kinghoff/feeds/kinghoff_empik.xml HTTP/1.0" 200 15634779 "-" "-"
89.161.206.59 - - [30/May/2025:06:03:08 +0200] "GET /Jurek/topeshop/feeds/topeshop_ebayDE.xml HTTP/1.0" 200 2553638 "-" "-"
51.77.52.107 - - [30/May/2025:06:03:13 +0200] "GET /Jurek/eurofirany/images/459715/0.jpg HTTP/2.0" 200 127106 "-" "baselinker"
89.161.206.59 - - [30/May/2025:06:03:22 +0200] "GET /Jurek/madrex/feeds/madrex_skroutz.xml HTTP/1.0" 200 466777 "-" "-"
89.161.206.59 - - [30/May/2025:06:03:23 +0200] "GET /Jurek/primohurt/feeds/primohurt_skroutz.xml HTTP/1.0" 200 17186405 "-" "-"
89.161.206.59 - - [30/May/2025:06:03:23 +0200] "GET /Jurek/zepnij/feeds/zepnij_skroutz.xml HTTP/1.0" 200 19522544 "-" "-"
89.161.206.59 - - [30/May/2025:06:03:26 +0200] "GET /Jurek/emaja24/feeds/emaja24_skroutz.xml HTTP/1.0" 200 5117146 "-" "-"
51.77.52.107 - - [30/May/2025:06:03:29 +0200] "GET /Jurek/eurofirany/images/459715/0.jpg HTTP/2.0" 200 127106 "-" "baselinker"
52.209.168.113 - - [30/May/2025:06:03:35 +0200] "GET /marketplaces/carrefour/results/carrefour.csv HTTP/1.1" 200 147221 "-" "Mirakl HttpClient"
89.161.206.59 - - [30/May/2025:06:03:43 +0200] "GET /Jurek/ekotex/feeds/ekotex_skroutz.xml HTTP/1.0" 200 197970 "-" "-"
89.161.206.59 - - [30/May/2025:06:03:43 +0200] "GET /Jurek/motofan/feeds/motofan_skroutz.xml HTTP/1.0" 200 2392151 "-" "-"
51.77.52.107 - - [30/May/2025:06:03:47 +0200] "GET /Jurek/eurofirany/images/459715/0.jpg HTTP/2.0" 200 127106 "-" "baselinker"
85.14.86.141 - - [30/May/2025:06:03:52 +0200] "GET /Jurek/kinghoff/feeds/kinghoff_morele.xml HTTP/2.0" 200 15634685 "-" "MarketplaceAPI curl/7.74.0 PHP/8"
46.101.116.244 - - [30/May/2025:06:04:04 +0200] "GET /Jurek/kokiska/feeds/kokiska_allegro.xml HTTP/1.0" 200 9402533 "-" "-"
51.77.52.107 - - [30/May/2025:06:04:11 +0200] "GET /Jurek/eurofirany/images/459250/0.jpg HTTP/2.0" 200 108759 "-" "baselinker"
46.101.116.244 - - [30/May/2025:06:04:17 +0200] "GET /Jurek/vivaldi/feeds/vivaldi_allegro.xml HTTP/1.0" 200 344685 "-" "-"
51.77.52.107 - - [30/May/2025:06:04:18 +0200] "GET /Jurek/eurofirany/images/459250/0.jpg HTTP/2.0" 200 108759 "-" "baselinker"
46.101.116.244 - - [30/May/2025:06:04:19 +0200] "GET /Jurek/beliani/feeds/beliani_erli.xml HTTP/1.0" 200 30666930 "-" "-"
46.101.116.244 - - [30/May/2025:06:04:22 +0200] "GET /Jurek/kokiska/feeds/kokiska_erli.xml HTTP/1.0" 200 9402720 "-" "-"
46.101.116.244 - - [30/May/2025:06:04:28 +0200] "GET /Jurek/ikonka/feeds/ikonka_erli.xml HTTP/1.0" 200 20822696 "-" "-"
51.77.52.107 - - [30/May/2025:06:04:35 +0200] "GET /Jurek/eurofirany/images/459250/0.jpg HTTP/2.0" 200 108759 "-" "baselinker"
89.161.206.59 - - [30/May/2025:06:04:39 +0200] "GET /Jurek/hurtownia_przemyslowa/feeds/hp_emagHU.xml HTTP/1.0" 200 49374176 "-" "-"
51.77.52.107 - - [30/May/2025:06:04:53 +0200] "GET /Jurek/eurofirany/images/459251/0.jpg HTTP/2.0" 200 108759 "-" "baselinker"
46.101.116.244 - - [30/May/2025:06:04:54 +0200] "GET /Jurek/vivaldi/feeds/vivaldi_kauflandsk.xml HTTP/2.0" 200 344642 "-" "-"
51.77.52.107 - - [30/May/2025:06:05:11 +0200] "GET /Jurek/eurofirany/images/459251/0.jpg HTTP/2.0" 200 108759 "-" "baselinker"
51.77.52.107 - - [30/May/2025:06:05:33 +0200] "GET /Jurek/eurofirany/images/459251/0.jpg HTTP/2.0" 200 108759 "-" "baselinker"
51.77.52.107 - - [30/May/2025:06:05:51 +0200] "GET /Jurek/eurofirany/images/459258/0.jpg HTTP/2.0" 200 117331 "-" "baselinker"
51.77.52.107 - - [30/May/2025:06:06:06 +0200] "GET /Jurek/eurofirany/images/459258/0.jpg HTTP/2.0" 200 117331 "-" "baselinker"
51.77.52.107 - - [30/May/2025:06:06:12 +0200] "GET /Jurek/eurofirany/images/459258/0.jpg HTTP/2.0" 200 117331 "-" "baselinker"
85.14.86.141 - - [30/May/2025:06:06:22 +0200] "GET /Jurek/eurofirany/feeds/eurofirany_morele.xml HTTP/2.0" 200 18720286 "-" "MarketplaceAPI curl/7.74.0 PHP/8"
51.77.52.107 - - [30/May/2025:06:06:29 +0200] "GET /Jurek/eurofirany/images/459259/0.jpg HTTP/2.0" 200 111934 "-" "baselinker"
85.14.86.141 - - [30/May/2025:06:06:40 +0200] "GET /Jurek/vivaldi/feeds/vivaldi_Morele-PL.xml HTTP/2.0" 200 344674 "-" "MarketplaceAPI curl/7.74.0 PHP/8"
51.77.52.107 - - [30/May/2025:06:06:48 +0200] "GET /Jurek/eurofirany/images/459259/0.jpg HTTP/2.0" 200 111934 "-" "baselinker"
51.77.52.107 - - [30/May/2025:06:06:55 +0200] "GET /Jurek/eurofirany/images/459259/0.jpg HTTP/2.0" 200 111934 "-" "baselinker"
51.77.52.107 - - [30/May/2025:06:07:01 +0200] "GET /Jurek/eurofirany/images/459260/0.jpg HTTP/2.0" 200 111934 "-" "baselinker"
46.101.116.244 - - [30/May/2025:06:07:04 +0200] "GET /Jurek/vidaSK/feeds/vida_kaufland.xml HTTP/2.0" 200 809475956 "-" "-"
51.77.52.107 - - [30/May/2025:06:07:09 +0200] "GET /Jurek/eurofirany/images/459260/0.jpg HTTP/2.0" 200 111934 "-" "baselinker"
51.77.52.107 - - [30/May/2025:06:07:22 +0200] "GET /Jurek/eurofirany/images/459260/0.jpg HTTP/2.0" 200 111934 "-" "baselinker"
51.77.52.107 - - [30/May/2025:06:07:48 +0200] "GET /Jurek/eurofirany/images/459263/0.jpg HTTP/2.0" 200 90203 "-" "baselinker"
46.101.116.244 - - [30/May/2025:06:08:02 +0200] "GET /Jurek/madrex/feeds/madrex_kauflandde.xml HTTP/2.0" 200 466777 "-" "-"
51.77.52.107 - - [30/May/2025:06:08:05 +0200] "GET /Jurek/eurofirany/images/459263/0.jpg HTTP/2.0" 200 90203 "-" "baselinker"
46.101.116.244 - - [30/May/2025:06:08:13 +0200] "GET /Jurek/hurtmeblowy/feeds/hurtmeblowy_kauflandde.xml HTTP/2.0" 200 7518075 "-" "-"
51.77.52.107 - - [30/May/2025:06:08:22 +0200] "GET /Jurek/eurofirany/images/459263/0.jpg HTTP/2.0" 200 90203 "-" "baselinker"
46.101.116.244 - - [30/May/2025:06:08:26 +0200] "GET /Jurek/kobi/feeds/kobi_kauflandde.xml HTTP/2.0" 200 942421 "-" "-"
85.14.86.141 - - [30/May/2025:06:08:28 +0200] "GET /Jurek/vida_morele/feeds/VidaPL_morele.xml HTTP/2.0" 200 878825171 "-" "MarketplaceAPI curl/7.74.0 PHP/8"
46.101.116.244 - - [30/May/2025:06:08:35 +0200] "GET /Jurek/hurtmeblowy/feeds/hurtmeblowy_ebay.xml HTTP/1.0" 200 5869354 "-" "-"
85.14.86.141 - - [30/May/2025:06:08:36 +0200] "GET /Jurek/aw/feeds/awnarzedzia_morele.xml HTTP/2.0" 200 91145190 "-" "MarketplaceAPI curl/7.74.0 PHP/8"
46.101.116.244 - - [30/May/2025:06:08:36 +0200] "GET /Jurek/matkam/feeds/matkam_kauflandde.xml HTTP/2.0" 200 4424497 "-" "-"
51.77.52.107 - - [30/May/2025:06:08:39 +0200] "GET /Jurek/eurofirany/images/459114/0.jpg HTTP/2.0" 200 96202 "-" "baselinker"
185.6.76.18 - - [30/May/2025:06:08:43 +0200] "GET /marketplaces/skroutz/feeds/shumee.xml HTTP/1.1" 200 411635055 "-" "SkroutzBot v1.0"
51.77.52.107 - - [30/May/2025:06:08:45 +0200] "GET /Jurek/eurofirany/images/459114/0.jpg HTTP/2.0" 200 96202 "-" "baselinker"
46.101.116.244 - - [30/May/2025:06:08:48 +0200] "GET /Jurek/action/feeds/action_kauflandde.xml HTTP/2.0" 200 60145657 "-" "-"
51.77.52.107 - - [30/May/2025:06:08:51 +0200] "GET /Jurek/eurofirany/images/459114/0.jpg HTTP/2.0" 200 96202 "-" "baselinker"
51.77.52.107 - - [30/May/2025:06:09:09 +0200] "GET /Jurek/eurofirany/images/459116/0.jpg HTTP/2.0" 200 96202 "-" "baselinker"
51.77.52.107 - - [30/May/2025:06:09:24 +0200] "GET /Jurek/eurofirany/images/459116/0.jpg HTTP/2.0" 200 96202 "-" "baselinker"
85.14.86.141 - - [30/May/2025:06:09:41 +0200] "GET /Jurek/beliani/feeds/beliani_morele.xml HTTP/2.0" 200 30665083 "-" "MarketplaceAPI curl/7.74.0 PHP/8"
51.77.52.107 - - [30/May/2025:06:09:59 +0200] "GET /Jurek/eurofirany/images/459116/0.jpg HTTP/2.0" 200 96202 "-" "baselinker"
77.79.248.229 - - [30/May/2025:06:10:06 +0200] "GET /Jurek/ikonka/feeds/ikonka_cdon_se.xml HTTP/1.1" 200 20824372 "-" "python-requests/2.32.3"
77.79.248.229 - - [30/May/2025:06:10:07 +0200] "GET /Jurek/ikonka/feeds/ikonka_cdon_dk.xml HTTP/1.1" 200 20824281 "-" "python-requests/2.32.3"
77.79.248.229 - - [30/May/2025:06:10:08 +0200] "GET /Jurek/ikonka/feeds/ikonka_cdon_fi.xml HTTP/1.1" 200 20822309 "-" "python-requests/2.32.3"
77.79.248.229 - - [30/May/2025:06:10:14 +0200] "GET /Jurek/rovicky/feeds/rovicky_cdonSE.xml HTTP/1.1" 200 15176304 "-" "python-requests/2.32.3"
77.79.248.229 - - [30/May/2025:06:10:16 +0200] "GET /Jurek/rovicky/feeds/rovicky_cdonDK.xml HTTP/1.1" 200 15176285 "-" "python-requests/2.32.3"
77.79.248.229 - - [30/May/2025:06:10:17 +0200] "GET /Jurek/rovicky/feeds/rovicky_cdonFI.xml HTTP/1.1" 200 15170915 "-" "python-requests/2.32.3"
77.79.248.229 - - [30/May/2025:06:10:17 +0200] "GET /Jurek/benbaby/feeds/benbaby_cdon_se.xml HTTP/1.1" 200 3740590 "-" "python-requests/2.32.3"
77.79.248.229 - - [30/May/2025:06:10:17 +0200] "GET /Jurek/benbaby/feeds/benbaby_cdon_dk.xml HTTP/1.1" 200 3740423 "-" "python-requests/2.32.3"
77.79.248.229 - - [30/May/2025:06:10:18 +0200] "GET /Jurek/benbaby/feeds/benbaby_cdon_fi.xml HTTP/1.1" 200 3737670 "-" "python-requests/2.32.3"
77.79.248.229 - - [30/May/2025:06:10:18 +0200] "GET /Jurek/candellux/feeds/candellux_cdon_se.xml HTTP/1.1" 200 466166 "-" "python-requests/2.32.3"
77.79.248.229 - - [30/May/2025:06:10:18 +0200] "GET /Jurek/candellux/feeds/candellux_cdon_dk.xml HTTP/1.1" 200 466129 "-" "python-requests/2.32.3"
77.79.248.229 - - [30/May/2025:06:10:18 +0200] "GET /Jurek/candellux/feeds/candellux_cdon_fi.xml HTTP/1.1" 200 465745 "-" "python-requests/2.32.3"
51.77.52.107 - - [30/May/2025:06:10:21 +0200] "GET /Jurek/eurofirany/images/459117/0.jpg HTTP/2.0" 200 96202 "-" "baselinker"
77.79.248.229 - - [30/May/2025:06:10:22 +0200] "GET /Jurek/topeshop/feeds/topeshop_cdon_se.xml HTTP/1.1" 200 3025246 "-" "python-requests/2.32.3"
77.79.248.229 - - [30/May/2025:06:10:22 +0200] "GET /Jurek/topeshop/feeds/topeshop_cdon_dk.xml HTTP/1.1" 200 3024991 "-" "python-requests/2.32.3"
77.79.248.229 - - [30/May/2025:06:10:22 +0200] "GET /Jurek/topeshop/feeds/topeshop_cdon_fi.xml HTTP/1.1" 200 3024509 "-" "python-requests/2.32.3"
77.79.248.229 - - [30/May/2025:06:10:22 +0200] "GET /Jurek/asortymenteu/feeds/asortymenteu_cdon_se.xml HTTP/1.1" 200 2873096 "-" "python-requests/2.32.3"
77.79.248.229 - - [30/May/2025:06:10:22 +0200] "GET /Jurek/asortymenteu/feeds/asortymenteu_cdon_dk.xml HTTP/1.1" 200 2873043 "-" "python-requests/2.32.3"
77.79.248.229 - - [30/May/2025:06:10:22 +0200] "GET /Jurek/asortymenteu/feeds/asortymenteu_cdon_fi.xml HTTP/1.1" 200 2872053 "-" "python-requests/2.32.3"
77.79.248.229 - - [30/May/2025:06:10:23 +0200] "GET /Jurek/fernity/feeds/fernity_cdon_se.xml HTTP/1.1" 200 4721013 "-" "python-requests/2.32.3"
77.79.248.229 - - [30/May/2025:06:10:23 +0200] "GET /Jurek/fernity/feeds/fernity_cdon_dk.xml HTTP/1.1" 200 4720549 "-" "python-requests/2.32.3"
77.79.248.229 - - [30/May/2025:06:10:23 +0200] "GET /Jurek/fernity/feeds/fernity_cdon_fi.xml HTTP/1.1" 200 4717865 "-" "python-requests/2.32.3"
77.79.248.229 - - [30/May/2025:06:10:25 +0200] "GET /Jurek/aw/feeds/awnarzedzia_cdon_se.xml HTTP/1.1" 200 91222151 "-" "python-requests/2.32.3"
77.79.248.229 - - [30/May/2025:06:10:27 +0200] "GET /Jurek/aw/feeds/awnarzedzia_cdon_dk.xml HTTP/1.1" 200 91218033 "-" "python-requests/2.32.3"
51.77.52.107 - - [30/May/2025:06:10:28 +0200] "GET /Jurek/eurofirany/images/459117/0.jpg HTTP/2.0" 200 96202 "-" "baselinker"
77.79.248.229 - - [30/May/2025:06:10:28 +0200] "GET /Jurek/aw/feeds/awnarzedzia_cdon_fi.xml HTTP/1.1" 200 91134100 "-" "python-requests/2.32.3"
77.79.248.229 - - [30/May/2025:06:10:28 +0200] "GET /Jurek/activeshop/feeds/activeshop_cdon_se.xml HTTP/1.1" 200 10422025 "-" "python-requests/2.32.3"
77.79.248.229 - - [30/May/2025:06:10:28 +0200] "GET /Jurek/activeshop/feeds/activeshop_cdon_dk.xml HTTP/1.1" 200 10421670 "-" "python-requests/2.32.3"
77.79.248.229 - - [30/May/2025:06:10:29 +0200] "GET /Jurek/activeshop/feeds/activeshop_cdon_fi.xml HTTP/1.1" 200 10418311 "-" "python-requests/2.32.3"
77.79.248.229 - - [30/May/2025:06:10:29 +0200] "GET /Jurek/ikonka/feeds/ikonka_cdon_se.xml HTTP/1.1" 200 20824372 "-" "python-requests/2.32.3"
77.79.248.229 - - [30/May/2025:06:10:30 +0200] "GET /Jurek/ikonka/feeds/ikonka_cdon_dk.xml HTTP/1.1" 200 20824281 "-" "python-requests/2.32.3"
77.79.248.229 - - [30/May/2025:06:10:30 +0200] "GET /Jurek/ikonka/feeds/ikonka_cdon_fi.xml HTTP/1.1" 200 20822309 "-" "python-requests/2.32.3"
77.79.248.229 - - [30/May/2025:06:10:31 +0200] "GET /Jurek/swiatecznygoliat/feeds/swiatecznygoliat_cdon_se.xml HTTP/1.1" 200 7053438 "-" "python-requests/2.32.3"
77.79.248.229 - - [30/May/2025:06:10:31 +0200] "GET /Jurek/swiatecznygoliat/feeds/swiatecznygoliat_cdon_dk.xml HTTP/1.1" 200 7053359 "-" "python-requests/2.32.3"
77.79.248.229 - - [30/May/2025:06:10:31 +0200] "GET /Jurek/swiatecznygoliat/feeds/swiatecznygoliat_cdon_fi.xml HTTP/1.1" 200 7050874 "-" "python-requests/2.32.3"
77.79.248.229 - - [30/May/2025:06:10:32 +0200] "GET /Jurek/slayo/feeds/slayo_cdon_se.xml HTTP/1.1" 200 183639 "-" "python-requests/2.32.3"
77.79.248.229 - - [30/May/2025:06:10:32 +0200] "GET /Jurek/slayo/feeds/slayo_cdon_dk.xml HTTP/1.1" 200 183639 "-" "python-requests/2.32.3"
77.79.248.229 - - [30/May/2025:06:10:32 +0200] "GET /Jurek/slayo/feeds/slayo_cdon_fi.xml HTTP/1.1" 200 183623 "-" "python-requests/2.32.3"
51.77.52.107 - - [30/May/2025:06:10:32 +0200] "GET /Jurek/eurofirany/images/459117/0.jpg HTTP/2.0" 200 96202 "-" "baselinker"
77.79.248.229 - - [30/May/2025:06:10:33 +0200] "GET /Jurek/bass/feeds/bass_cdon_se.xml HTTP/1.1" 200 3973613 "-" "python-requests/2.32.3"
77.79.248.229 - - [30/May/2025:06:10:33 +0200] "GET /Jurek/bass/feeds/bass_cdon_dk.xml HTTP/1.1" 200 3973425 "-" "python-requests/2.32.3"
77.79.248.229 - - [30/May/2025:06:10:33 +0200] "GET /Jurek/bass/feeds/bass_cdon_fi.xml HTTP/1.1" 200 3971973 "-" "python-requests/2.32.3"
77.79.248.229 - - [30/May/2025:06:10:33 +0200] "GET /Jurek/benetech/feeds/benetech_cdon_se.xml HTTP/1.1" 200 4166416 "-" "python-requests/2.32.3"
77.79.248.229 - - [30/May/2025:06:10:33 +0200] "GET /Jurek/benetech/feeds/benetech_cdon_dk.xml HTTP/1.1" 200 4166416 "-" "python-requests/2.32.3"
77.79.248.229 - - [30/May/2025:06:10:34 +0200] "GET /Jurek/benetech/feeds/benetech_cdon_fi.xml HTTP/1.1" 200 4166030 "-" "python-requests/2.32.3"
77.79.248.229 - - [30/May/2025:06:10:34 +0200] "GET /Jurek/waks/feeds/waks_cdon_se.xml HTTP/1.1" 200 1598639 "-" "python-requests/2.32.3"
77.79.248.229 - - [30/May/2025:06:10:34 +0200] "GET /Jurek/waks/feeds/waks_cdon_dk.xml HTTP/1.1" 200 1598639 "-" "python-requests/2.32.3"
77.79.248.229 - - [30/May/2025:06:10:34 +0200] "GET /Jurek/waks/feeds/waks_cdon_fi.xml HTTP/1.1" 200 1596552 "-" "python-requests/2.32.3"
77.79.248.229 - - [30/May/2025:06:10:34 +0200] "GET /Jurek/kambukka/feeds/kambukka_cdon_se.xml HTTP/1.1" 200 1023744 "-" "python-requests/2.32.3"
77.79.248.229 - - [30/May/2025:06:10:34 +0200] "GET /Jurek/kambukka/feeds/kambukka_cdon_dk.xml HTTP/1.1" 200 1023738 "-" "python-requests/2.32.3"
77.79.248.229 - - [30/May/2025:06:10:34 +0200] "GET /Jurek/kambukka/feeds/kambukka_cdon_fi.xml HTTP/1.1" 200 1023473 "-" "python-requests/2.32.3"
77.79.248.229 - - [30/May/2025:06:10:34 +0200] "GET /Jurek/hdwr/feeds/hdwr_cdon_se.xml HTTP/1.1" 200 790166 "-" "python-requests/2.32.3"
77.79.248.229 - - [30/May/2025:06:10:34 +0200] "GET /Jurek/hdwr/feeds/hdwr_cdon_dk.xml HTTP/1.1" 200 790167 "-" "python-requests/2.32.3"
77.79.248.229 - - [30/May/2025:06:10:34 +0200] "GET /Jurek/hdwr/feeds/hdwr_cdon_fi.xml HTTP/1.1" 200 789908 "-" "python-requests/2.32.3"
77.79.248.229 - - [30/May/2025:06:10:35 +0200] "GET /Jurek/targethome/feeds/targethome_cdon_se.xml HTTP/1.1" 200 689024 "-" "python-requests/2.32.3"
77.79.248.229 - - [30/May/2025:06:10:35 +0200] "GET /Jurek/targethome/feeds/targethome_cdon_dk.xml HTTP/1.1" 200 688892 "-" "python-requests/2.32.3"
77.79.248.229 - - [30/May/2025:06:10:35 +0200] "GET /Jurek/targethome/feeds/targethome_cdon_fi.xml HTTP/1.1" 200 688892 "-" "python-requests/2.32.3"
77.79.248.229 - - [30/May/2025:06:10:36 +0200] "GET /Jurek/eroplace/feeds/eroplace_cdon_se.xml HTTP/1.1" 200 52205869 "-" "python-requests/2.32.3"
77.79.248.229 - - [30/May/2025:06:10:37 +0200] "GET /Jurek/eroplace/feeds/eroplace_cdon_dk.xml HTTP/1.1" 200 52229330 "-" "python-requests/2.32.3"
77.79.248.229 - - [30/May/2025:06:10:37 +0200] "GET /Jurek/eroplace/feeds/eroplace_cdon_fi.xml HTTP/1.1" 200 52205846 "-" "python-requests/2.32.3"
77.79.248.229 - - [30/May/2025:06:10:38 +0200] "GET /Jurek/artdog/feeds/artdog_cdon_se.xml HTTP/1.1" 200 17180825 "-" "python-requests/2.32.3"
77.79.248.229 - - [30/May/2025:06:10:38 +0200] "GET /Jurek/artdog/feeds/artdog_cdon_dk.xml HTTP/1.1" 200 17180825 "-" "python-requests/2.32.3"
51.77.52.107 - - [30/May/2025:06:10:38 +0200] "GET /Jurek/eurofirany/images/459130/0.jpg HTTP/2.0" 200 99583 "-" "baselinker"
77.79.248.229 - - [30/May/2025:06:10:38 +0200] "GET /Jurek/artdog/feeds/artdog_cdon_fi.xml HTTP/1.1" 200 17173192 "-" "python-requests/2.32.3"
77.79.248.229 - - [30/May/2025:06:10:38 +0200] "GET /Jurek/sempler/feeds/sempler_cdon_se.xml HTTP/1.1" 200 6792648 "-" "python-requests/2.32.3"
77.79.248.229 - - [30/May/2025:06:10:39 +0200] "GET /Jurek/sempler/feeds/sempler_cdon_dk.xml HTTP/1.1" 200 6792648 "-" "python-requests/2.32.3"
77.79.248.229 - - [30/May/2025:06:10:39 +0200] "GET /Jurek/sempler/feeds/sempler_cdon_fi.xml HTTP/1.1" 200 6791391 "-" "python-requests/2.32.3"
77.79.248.229 - - [30/May/2025:06:10:39 +0200] "GET /Jurek/oromed/feeds/oromed_cdon_se.xml HTTP/1.1" 200 1290309 "-" "python-requests/2.32.3"
77.79.248.229 - - [30/May/2025:06:10:39 +0200] "GET /Jurek/oromed/feeds/oromed_cdon_dk.xml HTTP/1.1" 200 1290301 "-" "python-requests/2.32.3"
77.79.248.229 - - [30/May/2025:06:10:39 +0200] "GET /Jurek/oromed/feeds/oromed_cdon_fi.xml HTTP/1.1" 200 1290083 "-" "python-requests/2.32.3"
77.79.248.229 - - [30/May/2025:06:10:39 +0200] "GET /Jurek/hurtmeblowy/feeds/hurtmeblowy_cdon_se.xml HTTP/1.1" 200 8545289 "-" "python-requests/2.32.3"
77.79.248.229 - - [30/May/2025:06:10:39 +0200] "GET /Jurek/hurtmeblowy/feeds/hurtmeblowy_cdon_dk.xml HTTP/1.1" 200 8544875 "-" "python-requests/2.32.3"
77.79.248.229 - - [30/May/2025:06:10:39 +0200] "GET /Jurek/hurtmeblowy/feeds/hurtmeblowy_cdon_fi.xml HTTP/1.1" 200 8543064 "-" "python-requests/2.32.3"
77.79.248.229 - - [30/May/2025:06:10:39 +0200] "GET /Jurek/narzbud/feeds/narzbud_cdon_se.xml HTTP/1.1" 200 1902817 "-" "python-requests/2.32.3"
77.79.248.229 - - [30/May/2025:06:10:39 +0200] "GET /Jurek/narzbud/feeds/narzbud_cdon_dk.xml HTTP/1.1" 200 1903553 "-" "python-requests/2.32.3"
77.79.248.229 - - [30/May/2025:06:10:40 +0200] "GET /Jurek/narzbud/feeds/narzbud_cdon_fi.xml HTTP/1.1" 200 1902817 "-" "python-requests/2.32.3"
77.79.248.229 - - [30/May/2025:06:10:40 +0200] "GET /Jurek/livinhill/feeds/livinhill_cdon_se.xml HTTP/1.1" 200 212134 "-" "python-requests/2.32.3"
77.79.248.229 - - [30/May/2025:06:10:40 +0200] "GET /Jurek/livinhill/feeds/livinhill_cdon_dk.xml HTTP/1.1" 200 1526959 "-" "python-requests/2.32.3"
77.79.248.229 - - [30/May/2025:06:10:40 +0200] "GET /Jurek/livinhill/feeds/livinhill_cdon_fi.xml HTTP/1.1" 200 1526509 "-" "python-requests/2.32.3"
77.79.248.229 - - [30/May/2025:06:10:40 +0200] "GET /Jurek/ekuchcikowo/feeds/ekuchcikowo_cdon_se.xml HTTP/1.1" 200 12476197 "-" "python-requests/2.32.3"
77.79.248.229 - - [30/May/2025:06:10:40 +0200] "GET /Jurek/ekuchcikowo/feeds/ekuchcikowo_cdon_dk.xml HTTP/1.1" 200 12476196 "-" "python-requests/2.32.3"
77.79.248.229 - - [30/May/2025:06:10:40 +0200] "GET /Jurek/ekuchcikowo/feeds/ekuchcikowo_cdon_fi.xml HTTP/1.1" 200 12476192 "-" "python-requests/2.32.3"
77.79.248.229 - - [30/May/2025:06:10:40 +0200] "GET /Jurek/fertone/feeds/fertone_cdon_se.xml HTTP/1.1" 200 584239 "-" "python-requests/2.32.3"
77.79.248.229 - - [30/May/2025:06:10:40 +0200] "GET /Jurek/fertone/feeds/fertone_cdon_dk.xml HTTP/1.1" 200 584195 "-" "python-requests/2.32.3"
77.79.248.229 - - [30/May/2025:06:10:41 +0200] "GET /Jurek/fertone/feeds/fertone_cdon_fi.xml HTTP/1.1" 200 583885 "-" "python-requests/2.32.3"
77.79.248.229 - - [30/May/2025:06:10:42 +0200] "GET /Jurek/cbdgreen/feeds/cbdgreen_cdon_se.xml HTTP/1.1" 200 50563 "-" "python-requests/2.32.3"
77.79.248.229 - - [30/May/2025:06:10:42 +0200] "GET /Jurek/cbdgreen/feeds/cbdgreen_cdon_dk.xml HTTP/1.1" 200 50563 "-" "python-requests/2.32.3"
77.79.248.229 - - [30/May/2025:06:10:42 +0200] "GET /Jurek/cbdgreen/feeds/cbdgreen_cdon_fi.xml HTTP/1.1" 200 50556 "-" "python-requests/2.32.3"
77.79.248.229 - - [30/May/2025:06:10:42 +0200] "GET /Jurek/pawonik/feeds/pawonik_cdon_se.xml HTTP/1.1" 200 2138985 "-" "python-requests/2.32.3"
77.79.248.229 - - [30/May/2025:06:10:42 +0200] "GET /Jurek/pawonik/feeds/pawonik_cdon_dk.xml HTTP/1.1" 200 2139298 "-" "python-requests/2.32.3"
77.79.248.229 - - [30/May/2025:06:10:42 +0200] "GET /Jurek/pawonik/feeds/pawonik_cdon_fi.xml HTTP/1.1" 200 2138984 "-" "python-requests/2.32.3"
77.79.248.229 - - [30/May/2025:06:10:42 +0200] "GET /Jurek/mosti/feeds/mosti_cdon_se.xml HTTP/1.1" 200 4639018 "-" "python-requests/2.32.3"
77.79.248.229 - - [30/May/2025:06:10:42 +0200] "GET /Jurek/mosti/feeds/mosti_cdon_dk.xml HTTP/1.1" 200 4639010 "-" "python-requests/2.32.3"
77.79.248.229 - - [30/May/2025:06:10:42 +0200] "GET /Jurek/mosti/feeds/mosti_cdon_fi.xml HTTP/1.1" 200 4637526 "-" "python-requests/2.32.3"
77.79.248.229 - - [30/May/2025:06:10:43 +0200] "GET /Jurek/winoszarnia/feeds/winoszarnia_cdon_se.xml HTTP/1.1" 200 6068380 "-" "python-requests/2.32.3"
77.79.248.229 - - [30/May/2025:06:10:43 +0200] "GET /Jurek/winoszarnia/feeds/winoszarnia_cdon_dk.xml HTTP/1.1" 200 6068380 "-" "python-requests/2.32.3"
77.79.248.229 - - [30/May/2025:06:10:43 +0200] "GET /Jurek/winoszarnia/feeds/winoszarnia_cdon_fi.xml HTTP/1.1" 200 6066982 "-" "python-requests/2.32.3"
77.79.248.229 - - [30/May/2025:06:10:44 +0200] "GET /Jurek/pupus/feeds/pupus_cdon_se.xml HTTP/1.1" 200 6156497 "-" "python-requests/2.32.3"
77.79.248.229 - - [30/May/2025:06:10:44 +0200] "GET /Jurek/pupus/feeds/pupus_cdon_dk.xml HTTP/1.1" 200 6156363 "-" "python-requests/2.32.3"
77.79.248.229 - - [30/May/2025:06:10:44 +0200] "GET /Jurek/pupus/feeds/pupus_cdon_fi.xml HTTP/1.1" 200 6154436 "-" "python-requests/2.32.3"
77.79.248.229 - - [30/May/2025:06:10:45 +0200] "GET /Jurek/harmonypost/feeds/harmonypost_cdon_se.xml HTTP/1.1" 200 39921619 "-" "python-requests/2.32.3"
51.77.52.107 - - [30/May/2025:06:10:46 +0200] "GET /Jurek/eurofirany/images/459130/0.jpg HTTP/2.0" 200 99583 "-" "baselinker"
77.79.248.229 - - [30/May/2025:06:10:46 +0200] "GET /Jurek/harmonypost/feeds/harmonypost_cdon_dk.xml HTTP/1.1" 200 39915815 "-" "python-requests/2.32.3"
77.79.248.229 - - [30/May/2025:06:10:47 +0200] "GET /Jurek/harmonypost/feeds/harmonypost_cdon_fi.xml HTTP/1.1" 200 39903561 "-" "python-requests/2.32.3"
77.79.248.229 - - [30/May/2025:06:10:48 +0200] "GET /Jurek/pasiekaslodka/feeds/pasiekaslodka_cdon_se.xml HTTP/1.1" 200 119735 "-" "python-requests/2.32.3"
77.79.248.229 - - [30/May/2025:06:10:48 +0200] "GET /Jurek/pasiekaslodka/feeds/pasiekaslodka_cdon_dk.xml HTTP/1.1" 200 119735 "-" "python-requests/2.32.3"
77.79.248.229 - - [30/May/2025:06:10:48 +0200] "GET /Jurek/pasiekaslodka/feeds/pasiekaslodka_cdon_fi.xml HTTP/1.1" 200 119713 "-" "python-requests/2.32.3"
77.79.248.229 - - [30/May/2025:06:10:52 +0200] "GET /Jurek/lerutrade/feeds/lerutrade_cdon_se.xml HTTP/1.1" 200 82850 "-" "python-requests/2.32.3"
77.79.248.229 - - [30/May/2025:06:10:52 +0200] "GET /Jurek/lerutrade/feeds/lerutrade_cdon_dk.xml HTTP/1.1" 200 82850 "-" "python-requests/2.32.3"
77.79.248.229 - - [30/May/2025:06:10:52 +0200] "GET /Jurek/lerutrade/feeds/lerutrade_cdon_fi.xml HTTP/1.1" 200 82836 "-" "python-requests/2.32.3"
46.101.116.244 - - [30/May/2025:06:10:54 +0200] "GET /Jurek/kinghoff/feeds/kinghoff_kauflandde.xml HTTP/2.0" 200 15633706 "-" "-"
51.77.52.107 - - [30/May/2025:06:11:08 +0200] "GET /Jurek/eurofirany/images/459130/0.jpg HTTP/2.0" 200 99583 "-" "baselinker"
46.101.116.244 - - [30/May/2025:06:11:21 +0200] "GET /Jurek/unimet/feeds/unimet_kauflandde.xml HTTP/2.0" 200 61138976 "-" "-"
51.77.52.107 - - [30/May/2025:06:11:22 +0200] "GET /Jurek/eurofirany/images/459135/0.jpg HTTP/2.0" 200 87252 "-" "baselinker"
51.77.52.107 - - [30/May/2025:06:11:39 +0200] "GET /Jurek/eurofirany/images/459135/0.jpg HTTP/2.0" 200 87252 "-" "baselinker"
51.77.52.107 - - [30/May/2025:06:11:58 +0200] "GET /Jurek/eurofirany/images/459135/0.jpg HTTP/2.0" 200 87252 "-" "baselinker"
51.77.52.107 - - [30/May/2025:06:12:04 +0200] "GET /Jurek/eurofirany/images/459281/0.jpg HTTP/2.0" 200 88654 "-" "baselinker"
51.77.52.107 - - [30/May/2025:06:12:10 +0200] "GET /Jurek/eurofirany/images/459281/0.jpg HTTP/2.0" 200 88654 "-" "baselinker"
46.101.116.244 - - [30/May/2025:06:12:23 +0200] "GET /Jurek/kinghoff/feeds/kinghoff_ceneo.xml HTTP/1.0" 200 15634846 "-" "-"
51.77.52.107 - - [30/May/2025:06:12:27 +0200] "GET /Jurek/eurofirany/images/459281/0.jpg HTTP/2.0" 200 88654 "-" "baselinker"
51.77.52.107 - - [30/May/2025:06:12:49 +0200] "GET /Jurek/eurofirany/images/459282/0.jpg HTTP/2.0" 200 84150 "-" "baselinker"
51.77.52.107 - - [30/May/2025:06:13:09 +0200] "GET /Jurek/eurofirany/images/459282/0.jpg HTTP/2.0" 200 84150 "-" "baselinker"
51.77.52.107 - - [30/May/2025:06:13:24 +0200] "GET /Jurek/eurofirany/images/459282/0.jpg HTTP/2.0" 200 84150 "-" "baselinker"
51.77.52.107 - - [30/May/2025:06:13:32 +0200] "GET /Jurek/eurofirany/images/459283/0.jpg HTTP/2.0" 200 81436 "-" "baselinker"
46.101.116.244 - - [30/May/2025:06:13:44 +0200] "GET /Jurek/barbecook/feeds/barbecook_allegro.xml HTTP/1.0" 200 87554 "-" "-"
51.77.52.107 - - [30/May/2025:06:13:52 +0200] "GET /Jurek/eurofirany/images/459283/0.jpg HTTP/2.0" 200 81436 "-" "baselinker"
51.77.52.107 - - [30/May/2025:06:14:04 +0200] "GET /Jurek/eurofirany/images/459283/0.jpg HTTP/2.0" 200 81436 "-" "baselinker"
46.101.116.244 - - [30/May/2025:06:14:14 +0200] "GET /Jurek/hurtownia_przemyslowa/feeds/hp_kaufde.xml HTTP/2.0" 200 49329778 "-" "-"
51.77.52.107 - - [30/May/2025:06:14:27 +0200] "GET /Jurek/eurofirany/images/459287/0.jpg HTTP/2.0" 200 82545 "-" "baselinker"
46.101.116.244 - - [30/May/2025:06:14:43 +0200] "GET /Jurek/piotrmiedz/feeds/piotrmiedz_mallsi.xml HTTP/2.0" 200 91040937 "-" "-"
51.77.52.107 - - [30/May/2025:06:14:45 +0200] "GET /Jurek/eurofirany/images/459287/0.jpg HTTP/2.0" 200 82545 "-" "baselinker"
