51.77.52.107 - - [30/May/2025:01:30:01 +0200] "GET /Jurek/eurofirany/images/440414/0.jpg HTTP/2.0" 200 133580 "-" "baselinker"
51.77.52.107 - - [30/May/2025:01:30:21 +0200] "GET /Jurek/eurofirany/images/440414/0.jpg HTTP/2.0" 200 133580 "-" "baselinker"
66.135.223.40 - - [30/May/2025:01:30:27 +0200] "GET /Jurek/eurofirany/images/461474/0.jpg HTTP/1.1" 200 242219 "-" "Java/17.0.13.0.101"
51.77.52.107 - - [30/May/2025:01:30:28 +0200] "GET /Jurek/eurofirany/images/440414/0.jpg HTTP/2.0" 200 133580 "-" "baselinker"
89.161.206.59 - - [30/May/2025:01:30:33 +0200] "GET /Jurek/roger/feeds/roger_manoFR.xml HTTP/1.0" 200 1148851 "-" "-"
51.77.52.107 - - [30/May/2025:01:30:34 +0200] "GET /Jurek/eurofirany/images/440415/0.jpg HTTP/2.0" 200 130261 "-" "baselinker"
89.161.206.59 - - [30/May/2025:01:30:41 +0200] "GET /Jurek/eroplace/feeds/eroplace_emagro.xml HTTP/1.0" 200 52229325 "-" "-"
51.77.52.107 - - [30/May/2025:01:30:52 +0200] "GET /Jurek/eurofirany/images/440415/0.jpg HTTP/2.0" 200 130261 "-" "baselinker"
51.77.52.107 - - [30/May/2025:01:30:55 +0200] "GET /Jurek/eurofirany/images/440415/0.jpg HTTP/2.0" 200 130261 "-" "baselinker"
66.211.183.73 - - [30/May/2025:01:31:03 +0200] "GET /Jurek/eurofirany/images/461473/0.jpg HTTP/1.1" 200 172580 "-" "Java/17.0.13.0.101"
51.77.52.107 - - [30/May/2025:01:31:14 +0200] "GET /Jurek/eurofirany/images/440536/0.jpg HTTP/2.0" 200 109264 "-" "baselinker"
89.161.206.59 - - [30/May/2025:01:31:23 +0200] "GET /Jurek/kinghome/feeds/kinghome_emagro.xml HTTP/1.0" 200 6488062 "-" "-"
51.77.52.107 - - [30/May/2025:01:31:34 +0200] "GET /Jurek/eurofirany/images/440536/0.jpg HTTP/2.0" 200 109264 "-" "baselinker"
51.77.52.107 - - [30/May/2025:01:31:37 +0200] "GET /Jurek/eurofirany/images/440536/0.jpg HTTP/2.0" 200 109264 "-" "baselinker"
89.161.206.59 - - [30/May/2025:01:31:39 +0200] "GET /Jurek/artdog/feeds/artdog_emagro.xml HTTP/1.0" 200 17180826 "-" "-"
51.77.52.107 - - [30/May/2025:01:31:57 +0200] "GET /Jurek/eurofirany/images/440537/0.jpg HTTP/2.0" 200 114103 "-" "baselinker"
89.161.206.59 - - [30/May/2025:01:31:58 +0200] "GET /Jurek/snibbs/feeds/snibbs_emagro.xml HTTP/1.0" 200 74426 "-" "-"
89.161.206.59 - - [30/May/2025:01:32:03 +0200] "GET /Jurek/livinhill/feeds/livinhill_emagro.xml HTTP/1.0" 200 167741 "-" "-"
51.77.52.107 - - [30/May/2025:01:32:03 +0200] "GET /Jurek/eurofirany/images/440537/0.jpg HTTP/2.0" 200 114103 "-" "baselinker"
51.77.52.107 - - [30/May/2025:01:32:07 +0200] "GET /Jurek/eurofirany/images/440537/0.jpg HTTP/2.0" 200 114103 "-" "baselinker"
89.161.206.59 - - [30/May/2025:01:32:09 +0200] "GET /Jurek/carbonyway/feeds/carbonyway_emagro.xml HTTP/1.0" 200 3077269 "-" "-"
89.161.206.59 - - [30/May/2025:01:32:11 +0200] "GET /Jurek/jakdroz/feeds/jakdroz_emagro.xml HTTP/1.0" 200 4093275 "-" "-"
89.161.206.59 - - [30/May/2025:01:32:12 +0200] "GET /Jurek/andex/feeds/andex_emagro.xml HTTP/1.0" 200 1952769 "-" "-"
89.161.206.59 - - [30/May/2025:01:32:12 +0200] "GET /Jurek/riko/feeds/riko_emagro.xml HTTP/1.0" 200 3791689 "-" "-"
89.161.206.59 - - [30/May/2025:01:32:12 +0200] "GET /Jurek/gandalf/feeds/gandalf_emagro.xml HTTP/1.0" 200 1082610 "-" "-"
89.161.206.59 - - [30/May/2025:01:32:12 +0200] "GET /Jurek/kalama/feeds/kalama_emagro.xml HTTP/1.0" 200 2663757 "-" "-"
89.161.206.59 - - [30/May/2025:01:32:13 +0200] "GET /Jurek/bemipol/feeds/bemipol_emagro.xml HTTP/1.0" 200 423725 "-" "-"
89.161.206.59 - - [30/May/2025:01:32:13 +0200] "GET /Jurek/apresto/feeds/apresto_emagro.xml HTTP/1.0" 200 1328683 "-" "-"
89.161.206.59 - - [30/May/2025:01:32:13 +0200] "GET /Jurek/sovapl/feeds/sovapl_emagro.xml HTTP/1.0" 200 9017827 "-" "-"
89.161.206.59 - - [30/May/2025:01:32:14 +0200] "GET /Jurek/mechdecor/feeds/mechdecor_emagro.xml HTTP/1.0" 200 596557 "-" "-"
89.161.206.59 - - [30/May/2025:01:32:15 +0200] "GET /Jurek/mojeledy/feeds/mojeledy_emagro.xml HTTP/1.0" 200 1019886 "-" "-"
89.161.206.59 - - [30/May/2025:01:32:15 +0200] "GET /Jurek/zami/feeds/zami_emagro.xml HTTP/1.0" 200 4475689 "-" "-"
89.161.206.59 - - [30/May/2025:01:32:16 +0200] "GET /Jurek/proadventure/feeds/proadventure_emag.xml HTTP/1.0" 200 10765315 "-" "-"
89.161.206.59 - - [30/May/2025:01:32:18 +0200] "GET /Jurek/rems/feeds/rems_emag.xml HTTP/1.0" 200 8706535 "-" "-"
51.77.52.107 - - [30/May/2025:01:32:23 +0200] "GET /Jurek/eurofirany/images/40891/0.jpg HTTP/2.0" 200 209941 "-" "baselinker"
89.161.206.59 - - [30/May/2025:01:32:25 +0200] "GET /Jurek/lerutrade/feeds/lerutrade_emag.xml HTTP/1.0" 200 82848 "-" "-"
89.161.206.59 - - [30/May/2025:01:32:33 +0200] "GET /Jurek/kobi/feeds/kobi_emagro.xml HTTP/1.0" 200 248987 "-" "-"
46.101.116.244 - - [30/May/2025:01:32:35 +0200] "GET /Jurek/piotrmiedz/feeds/piotrmiedz_emagro.xml HTTP/1.0" 200 91123940 "-" "-"
46.101.116.244 - - [30/May/2025:01:32:35 +0200] "GET /Jurek/awparts/feeds/awparts_emagro.xml HTTP/1.0" 200 142878856 "-" "-"
51.77.52.107 - - [30/May/2025:01:32:39 +0200] "GET /Jurek/eurofirany/images/40891/0.jpg HTTP/2.0" 200 209941 "-" "baselinker"
51.77.52.107 - - [30/May/2025:01:32:42 +0200] "GET /Jurek/eurofirany/images/40891/0.jpg HTTP/2.0" 200 209941 "-" "baselinker"
51.77.52.107 - - [30/May/2025:01:32:59 +0200] "GET /Jurek/eurofirany/images/382104/0.jpg HTTP/2.0" 200 209372 "-" "baselinker"
51.77.52.107 - - [30/May/2025:01:33:16 +0200] "GET /Jurek/eurofirany/images/382104/0.jpg HTTP/2.0" 200 209372 "-" "baselinker"
51.77.52.107 - - [30/May/2025:01:33:41 +0200] "GET /Jurek/eurofirany/images/382104/0.jpg HTTP/2.0" 200 209372 "-" "baselinker"
51.77.52.107 - - [30/May/2025:01:33:47 +0200] "GET /Jurek/eurofirany/images/382105/0.jpg HTTP/2.0" 200 209372 "-" "baselinker"
51.77.52.107 - - [30/May/2025:01:34:00 +0200] "GET /Jurek/eurofirany/images/382105/0.jpg HTTP/2.0" 200 209372 "-" "baselinker"
85.232.241.194 - - [30/May/2025:01:34:04 +0200] "GET /Jurek/action/feeds/action_carrefour.xml HTTP/1.1" 200 60148950 "-" "Python-urllib/3.11"
85.232.241.194 - - [30/May/2025:01:34:05 +0200] "GET /Jurek/aw/feeds/aw_carrefour.xml HTTP/1.1" 200 91134514 "-" "Python-urllib/3.11"
51.77.52.107 - - [30/May/2025:01:34:15 +0200] "GET /Jurek/eurofirany/images/382105/0.jpg HTTP/2.0" 200 209372 "-" "baselinker"
51.77.52.107 - - [30/May/2025:01:34:30 +0200] "GET /Jurek/eurofirany/images/387454/0.jpg HTTP/2.0" 200 191792 "-" "baselinker"
51.77.52.107 - - [30/May/2025:01:34:46 +0200] "GET /Jurek/eurofirany/images/387454/0.jpg HTTP/2.0" 200 191792 "-" "baselinker"
89.161.206.59 - - [30/May/2025:01:34:50 +0200] "GET /Jurek/shiori/feeds/shiori_emagro.xml HTTP/1.0" 200 453873 "-" "-"
51.77.52.107 - - [30/May/2025:01:35:05 +0200] "GET /Jurek/eurofirany/images/387454/0.jpg HTTP/2.0" 200 191792 "-" "baselinker"
85.232.241.194 - - [30/May/2025:01:35:06 +0200] "GET /Jurek/action/feeds/action_carrefour_fr.xml HTTP/1.1" 200 60148270 "-" "Python-urllib/3.11"
85.232.241.194 - - [30/May/2025:01:35:07 +0200] "GET /Jurek/aw/feeds/aw_carrefour_fr.xml HTTP/1.1" 200 91133900 "-" "Python-urllib/3.11"
62.146.215.34 - - [30/May/2025:01:35:22 +0200] "GET /Jurek/topeshop/downloaded_images/5904507209377_profill.jpg HTTP/2.0" 304 0 "-" "billigerbot/1.0"
51.77.52.107 - - [30/May/2025:01:35:23 +0200] "GET /Jurek/eurofirany/images/452763/0.jpg HTTP/2.0" 200 71884 "-" "baselinker"
216.113.184.105 - - [30/May/2025:01:35:30 +0200] "GET /Jurek/eurofirany/images/461411/0.jpg HTTP/1.1" 200 124501 "-" "Java/17.0.13.0.101"
51.77.52.107 - - [30/May/2025:01:35:42 +0200] "GET /Jurek/eurofirany/images/452763/0.jpg HTTP/2.0" 200 71884 "-" "baselinker"
52.167.144.221 - - [30/May/2025:01:35:51 +0200] "GET /Jurek/topeshop/downloaded_images/5902838466681_3.png HTTP/2.0" 404 3551 "-" "Mozilla/5.0 AppleWebKit/537.36 (KHTML, like Gecko; compatible; bingbot/2.0; +http://www.bing.com/bingbot.htm) Chrome/116.0.1938.76 Safari/537.36"
51.77.52.107 - - [30/May/2025:01:36:00 +0200] "GET /Jurek/eurofirany/images/452763/0.jpg HTTP/2.0" 200 71884 "-" "baselinker"
51.77.52.107 - - [30/May/2025:01:36:04 +0200] "GET /Jurek/eurofirany/images/452764/0.jpg HTTP/2.0" 200 71884 "-" "baselinker"
77.79.248.229 - - [30/May/2025:01:36:12 +0200] "GET /Jurek/eurofirany/feeds/eurofirany_cdon_se.xml HTTP/1.1" 200 18735493 "-" "python-requests/2.32.3"
77.79.248.229 - - [30/May/2025:01:36:12 +0200] "GET /Jurek/eurofirany/feeds/eurofirany_cdon_dk.xml HTTP/1.1" 200 18735550 "-" "python-requests/2.32.3"
77.79.248.229 - - [30/May/2025:01:36:12 +0200] "GET /Jurek/eurofirany/feeds/eurofirany_cdon_fi.xml HTTP/1.1" 200 18718869 "-" "python-requests/2.32.3"
77.79.248.229 - - [30/May/2025:01:36:13 +0200] "GET /Jurek/stema/feeds/stema_cdon_se.xml HTTP/1.1" 200 894491 "-" "python-requests/2.32.3"
77.79.248.229 - - [30/May/2025:01:36:13 +0200] "GET /Jurek/stema/feeds/stema_cdon_dk.xml HTTP/1.1" 200 894370 "-" "python-requests/2.32.3"
77.79.248.229 - - [30/May/2025:01:36:13 +0200] "GET /Jurek/stema/feeds/stema_cdon_fi.xml HTTP/1.1" 200 894093 "-" "python-requests/2.32.3"
77.79.248.229 - - [30/May/2025:01:36:14 +0200] "GET /Jurek/aw/feeds/awnarzedzia_cdon_se.xml HTTP/1.1" 200 91222151 "-" "python-requests/2.32.3"
77.79.248.229 - - [30/May/2025:01:36:15 +0200] "GET /Jurek/aw/feeds/awnarzedzia_cdon_dk.xml HTTP/1.1" 200 91218033 "-" "python-requests/2.32.3"
77.79.248.229 - - [30/May/2025:01:36:16 +0200] "GET /Jurek/aw/feeds/awnarzedzia_cdon_fi.xml HTTP/1.1" 200 91134100 "-" "python-requests/2.32.3"
52.209.168.113 - - [30/May/2025:01:36:19 +0200] "GET /marketplaces/worten2/results/worten.csv HTTP/1.1" 200 147217 "-" "Mirakl HttpClient"
77.79.248.229 - - [30/May/2025:01:36:21 +0200] "GET /Jurek/ikonka/feeds/ikonka_cdon_se.xml HTTP/1.1" 200 20824372 "-" "python-requests/2.32.3"
77.79.248.229 - - [30/May/2025:01:36:21 +0200] "GET /Jurek/ikonka/feeds/ikonka_cdon_dk.xml HTTP/1.1" 200 20824281 "-" "python-requests/2.32.3"
77.79.248.229 - - [30/May/2025:01:36:21 +0200] "GET /Jurek/ikonka/feeds/ikonka_cdon_fi.xml HTTP/1.1" 200 20822309 "-" "python-requests/2.32.3"
77.79.248.229 - - [30/May/2025:01:36:22 +0200] "GET /Jurek/fernity/feeds/fernity_cdon_fi.xml HTTP/1.1" 200 4717867 "-" "python-requests/2.32.3"
77.79.248.229 - - [30/May/2025:01:36:22 +0200] "GET /Jurek/fernity/feeds/fernity_cdon_se.xml HTTP/1.1" 200 4721015 "-" "python-requests/2.32.3"
77.79.248.229 - - [30/May/2025:01:36:22 +0200] "GET /Jurek/fernity/feeds/fernity_cdon_dk.xml HTTP/1.1" 200 4720551 "-" "python-requests/2.32.3"
51.77.52.107 - - [30/May/2025:01:36:22 +0200] "GET /Jurek/eurofirany/images/452764/0.jpg HTTP/2.0" 200 71884 "-" "baselinker"
77.79.248.229 - - [30/May/2025:01:36:22 +0200] "GET /Jurek/activeshop/feeds/activeshop_cdon_se.xml HTTP/1.1" 200 10423406 "-" "python-requests/2.32.3"
77.79.248.229 - - [30/May/2025:01:36:22 +0200] "GET /Jurek/activeshop/feeds/activeshop_cdon_dk.xml HTTP/1.1" 200 10423050 "-" "python-requests/2.32.3"
77.79.248.229 - - [30/May/2025:01:36:22 +0200] "GET /Jurek/activeshop/feeds/activeshop_cdon_fi.xml HTTP/1.1" 200 10419690 "-" "python-requests/2.32.3"
77.79.248.229 - - [30/May/2025:01:36:23 +0200] "GET /Jurek/barbecook/feeds/barbecook_cdon_se.xml HTTP/1.1" 200 87595 "-" "python-requests/2.32.3"
77.79.248.229 - - [30/May/2025:01:36:23 +0200] "GET /Jurek/barbecook/feeds/barbecook_cdon_dk.xml HTTP/1.1" 200 87590 "-" "python-requests/2.32.3"
77.79.248.229 - - [30/May/2025:01:36:23 +0200] "GET /Jurek/barbecook/feeds/barbecook_cdon_fi.xml HTTP/1.1" 200 87531 "-" "python-requests/2.32.3"
77.79.248.229 - - [30/May/2025:01:36:24 +0200] "GET /Jurek/action/feeds/action_cdon_se.xml HTTP/1.1" 200 59518594 "-" "python-requests/2.32.3"
77.79.248.229 - - [30/May/2025:01:36:24 +0200] "GET /Jurek/action/feeds/action_cdon_dk.xml HTTP/1.1" 200 59513265 "-" "python-requests/2.32.3"
216.113.184.103 - - [30/May/2025:01:36:25 +0200] "GET /Jurek/eurofirany/images/461109/0.jpg HTTP/1.1" 200 215022 "-" "Java/17.0.13.0.101"
77.79.248.229 - - [30/May/2025:01:36:25 +0200] "GET /Jurek/action/feeds/action_cdon_fi.xml HTTP/1.1" 200 59487142 "-" "python-requests/2.32.3"
77.79.248.229 - - [30/May/2025:01:36:33 +0200] "GET /Jurek/piotrmiedz/feeds/piotrmiedz_cdon_se.xml HTTP/1.1" 200 91123944 "-" "python-requests/2.32.3"
77.79.248.229 - - [30/May/2025:01:36:34 +0200] "GET /Jurek/piotrmiedz/feeds/piotrmiedz_cdon_dk.xml HTTP/1.1" 200 91123942 "-" "python-requests/2.32.3"
77.79.248.229 - - [30/May/2025:01:36:34 +0200] "GET /Jurek/piotrmiedz/feeds/piotrmiedz_cdon_fi.xml HTTP/1.1" 200 91082439 "-" "python-requests/2.32.3"
51.77.52.107 - - [30/May/2025:01:36:50 +0200] "GET /Jurek/eurofirany/images/452764/0.jpg HTTP/2.0" 200 71884 "-" "baselinker"
51.77.52.107 - - [30/May/2025:01:37:05 +0200] "GET /Jurek/eurofirany/images/452772/0.jpg HTTP/2.0" 200 67162 "-" "baselinker"
216.113.184.104 - - [30/May/2025:01:37:21 +0200] "GET /Jurek/eurofirany/images/460151/0.jpg HTTP/1.1" 200 148222 "-" "Java/17.0.13.0.101"
51.77.52.107 - - [30/May/2025:01:37:25 +0200] "GET /Jurek/eurofirany/images/452772/0.jpg HTTP/2.0" 200 67162 "-" "baselinker"
51.77.52.107 - - [30/May/2025:01:37:45 +0200] "GET /Jurek/eurofirany/images/452772/0.jpg HTTP/2.0" 200 67162 "-" "baselinker"
51.77.52.107 - - [30/May/2025:01:38:04 +0200] "GET /Jurek/eurofirany/images/452776/0.jpg HTTP/2.0" 200 73494 "-" "baselinker"
77.79.248.229 - - [30/May/2025:01:38:08 +0200] "GET /Jurek/vidaSI/feeds/vidaSI_bigbang.xml HTTP/1.1" 200 781916053 "-" "Python-urllib/3.11"
77.79.248.229 - - [30/May/2025:01:38:09 +0200] "GET /Jurek/cenoman/feeds/cenoman_bigbang.xml HTTP/1.1" 200 5993957 "-" "Python-urllib/3.11"
77.79.248.229 - - [30/May/2025:01:38:09 +0200] "GET /Jurek/matkam/feeds/matkam_bigbang.xml HTTP/1.1" 200 5000194 "-" "Python-urllib/3.11"
77.79.248.229 - - [30/May/2025:01:38:09 +0200] "GET /Jurek/fertes/feeds/fertes_bigbang.xml HTTP/1.1" 200 2363879 "-" "Python-urllib/3.11"
77.79.248.229 - - [30/May/2025:01:38:09 +0200] "GET /Jurek/makow/feeds/makow_bigbang.xml HTTP/1.1" 200 21213343 "-" "Python-urllib/3.11"
77.79.248.229 - - [30/May/2025:01:38:09 +0200] "GET /Jurek/kalama/feeds/kalama_bigbang.xml HTTP/1.1" 200 2663184 "-" "Python-urllib/3.11"
51.77.52.107 - - [30/May/2025:01:38:10 +0200] "GET /Jurek/eurofirany/images/452776/0.jpg HTTP/2.0" 200 73494 "-" "baselinker"
77.79.248.229 - - [30/May/2025:01:38:11 +0200] "GET /Jurek/zbimatyja/feeds/zbimatyja_bigbang.xml HTTP/1.1" 200 11667158 "-" "Python-urllib/3.11"
51.77.52.107 - - [30/May/2025:01:38:15 +0200] "GET /Jurek/eurofirany/images/452776/0.jpg HTTP/2.0" 200 73494 "-" "baselinker"
51.77.52.107 - - [30/May/2025:01:38:21 +0200] "GET /Jurek/eurofirany/images/456574/0.jpg HTTP/2.0" 200 110563 "-" "baselinker"
77.79.248.229 - - [30/May/2025:01:38:22 +0200] "GET /Jurek/aw/feeds/awnarzedzia_bigbang.xml HTTP/1.1" 200 91109611 "-" "Python-urllib/3.11"
77.79.248.229 - - [30/May/2025:01:38:24 +0200] "GET /Jurek/action/feeds/action_bigbang.xml HTTP/1.1" 200 59481959 "-" "Python-urllib/3.11"
77.79.248.229 - - [30/May/2025:01:38:24 +0200] "GET /Jurek/ikonka/feeds/ikonka_bigbang.xml HTTP/1.1" 200 20822248 "-" "Python-urllib/3.11"
77.79.248.229 - - [30/May/2025:01:38:26 +0200] "GET /Jurek/activeshop/feeds/activeshop_bigbang.xml HTTP/1.1" 200 10419787 "-" "Python-urllib/3.11"
77.79.248.229 - - [30/May/2025:01:38:27 +0200] "GET /Jurek/b3/feeds/b3_bigbang.xml HTTP/1.1" 200 8068241 "-" "Python-urllib/3.11"
77.79.248.229 - - [30/May/2025:01:38:27 +0200] "GET /Jurek/asortymenteu/feeds/asortymenteu_bigbang.xml HTTP/1.1" 200 2872072 "-" "Python-urllib/3.11"
77.79.248.229 - - [30/May/2025:01:38:27 +0200] "GET /Jurek/stema/feeds/stema_bigbang.xml HTTP/1.1" 200 893934 "-" "Python-urllib/3.11"
77.79.248.229 - - [30/May/2025:01:38:27 +0200] "GET /Jurek/sempler/feeds/sempler_bigbang.xml HTTP/1.1" 200 6791390 "-" "Python-urllib/3.11"
77.79.248.229 - - [30/May/2025:01:38:27 +0200] "GET /Jurek/benetech/feeds/benetech_bigbang.xml HTTP/1.1" 200 4166030 "-" "Python-urllib/3.11"
77.79.248.229 - - [30/May/2025:01:38:28 +0200] "GET /Jurek/ekuchcikowo/feeds/ekuchcikowo_bigbang.xml HTTP/1.1" 200 12476194 "-" "Python-urllib/3.11"
77.79.248.229 - - [30/May/2025:01:38:28 +0200] "GET /Jurek/erohurtownia/feeds/erohurtownia_bigbang.xml HTTP/1.1" 200 22847747 "-" "Python-urllib/3.11"
77.79.248.229 - - [30/May/2025:01:38:29 +0200] "GET /Jurek/awparts/feeds/awparts_bigbang.xml HTTP/1.1" 200 142721225 "-" "Python-urllib/3.11"
77.79.248.229 - - [30/May/2025:01:38:30 +0200] "GET /Jurek/najtanszysport/feeds/najtanszysport_bigbang.xml HTTP/1.1" 200 3982445 "-" "Python-urllib/3.11"
77.79.248.229 - - [30/May/2025:01:38:30 +0200] "GET /Jurek/playcob/feeds/playcob_bigbang.xml HTTP/1.1" 200 6982938 "-" "Python-urllib/3.11"
77.79.248.229 - - [30/May/2025:01:38:30 +0200] "GET /Jurek/kidshop/feeds/kidshop_bigbang.xml HTTP/1.1" 200 19845640 "-" "Python-urllib/3.11"
77.79.248.229 - - [30/May/2025:01:38:30 +0200] "GET /Jurek/elavia/feeds/elavia_bigbang.xml HTTP/1.1" 200 2498026 "-" "Python-urllib/3.11"
77.79.248.229 - - [30/May/2025:01:38:31 +0200] "GET /Jurek/straganbiur/feeds/straganbiur_bigbang.xml HTTP/1.1" 200 8914209 "-" "Python-urllib/3.11"
77.79.248.229 - - [30/May/2025:01:38:31 +0200] "GET /Jurek/elecomp/feeds/elecomp_bigbang.xml HTTP/1.1" 200 2867781 "-" "Python-urllib/3.11"
77.79.248.229 - - [30/May/2025:01:38:31 +0200] "GET /Jurek/roger/feeds/roger_bigbang.xml HTTP/1.1" 200 1398025 "-" "Python-urllib/3.11"
77.79.248.229 - - [30/May/2025:01:38:31 +0200] "GET /Jurek/kristronik/feeds/kristronik_bigbang.xml HTTP/1.1" 200 692275 "-" "Python-urllib/3.11"
77.79.248.229 - - [30/May/2025:01:38:31 +0200] "GET /Jurek/oknobest/feeds/oknobest_bigbang.xml HTTP/1.1" 200 2709616 "-" "Python-urllib/3.11"
77.79.248.229 - - [30/May/2025:01:38:31 +0200] "GET /Jurek/globaldeli/feeds/globaldeli_bigbang.xml HTTP/1.1" 200 2590049 "-" "Python-urllib/3.11"
77.79.248.229 - - [30/May/2025:01:38:31 +0200] "GET /Jurek/rider/feeds/rider_bigbang.xml HTTP/1.1" 200 8165151 "-" "Python-urllib/3.11"
77.79.248.229 - - [30/May/2025:01:38:32 +0200] "GET /Jurek/luxma/feeds/luxma_bigbang.xml HTTP/1.1" 200 8061644 "-" "Python-urllib/3.11"
77.79.248.229 - - [30/May/2025:01:38:32 +0200] "GET /Jurek/smxdesign/feeds/smxdesign_bigbang.xml HTTP/1.1" 200 1829484 "-" "Python-urllib/3.11"
77.79.248.229 - - [30/May/2025:01:38:33 +0200] "GET /Jurek/dropkz/feeds/dropkz_bigbang.xml HTTP/1.1" 200 70087984 "-" "Python-urllib/3.11"
77.79.248.229 - - [30/May/2025:01:38:33 +0200] "GET /Jurek/pawonik/feeds/pawonik_bigbang.xml HTTP/1.1" 200 2138984 "-" "Python-urllib/3.11"
77.79.248.229 - - [30/May/2025:01:38:33 +0200] "GET /Jurek/spali/feeds/spali_bigbang.xml HTTP/1.1" 200 77034 "-" "Python-urllib/3.11"
77.79.248.229 - - [30/May/2025:01:38:33 +0200] "GET /Jurek/newtechele/feeds/newtechele_bigbang.xml HTTP/1.1" 200 2438977 "-" "Python-urllib/3.11"
77.79.248.229 - - [30/May/2025:01:38:33 +0200] "GET /Jurek/maksik/feeds/maksik_bigbang.xml HTTP/1.1" 200 4084860 "-" "Python-urllib/3.11"
77.79.248.229 - - [30/May/2025:01:38:33 +0200] "GET /Jurek/beltimore/feeds/beltimore_bigbang.xml HTTP/1.1" 200 18658198 "-" "Python-urllib/3.11"
77.79.248.229 - - [30/May/2025:01:38:33 +0200] "GET /Jurek/rovato/feeds/rovato_bigbang.xml HTTP/1.1" 200 180808 "-" "Python-urllib/3.11"
77.79.248.229 - - [30/May/2025:01:38:34 +0200] "GET /Jurek/eurofryz/feeds/eurofryz_bigbang.xml HTTP/1.1" 200 1381511 "-" "Python-urllib/3.11"
77.79.248.229 - - [30/May/2025:01:38:34 +0200] "GET /Jurek/alucon/feeds/alucon_bigbang.xml HTTP/1.1" 200 553705 "-" "Python-urllib/3.11"
77.79.248.229 - - [30/May/2025:01:38:34 +0200] "GET /Jurek/omi/feeds/omi_bigbang.xml HTTP/1.1" 200 8104369 "-" "Python-urllib/3.11"
77.79.248.229 - - [30/May/2025:01:38:34 +0200] "GET /Jurek/kamar/feeds/kamar_bigbang.xml HTTP/1.1" 200 25584361 "-" "Python-urllib/3.11"
77.79.248.229 - - [30/May/2025:01:38:34 +0200] "GET /Jurek/beautycare/feeds/beautycare_bigbang.xml HTTP/1.1" 200 1182237 "-" "Python-urllib/3.11"
77.79.248.229 - - [30/May/2025:01:38:34 +0200] "GET /Jurek/avenido/feeds/avenido_bigbang.xml HTTP/1.1" 200 720175 "-" "Python-urllib/3.11"
77.79.248.229 - - [30/May/2025:01:38:34 +0200] "GET /Jurek/zenex/feeds/zenex_bigbang.xml HTTP/1.1" 200 541212 "-" "Python-urllib/3.11"
77.79.248.229 - - [30/May/2025:01:38:34 +0200] "GET /Jurek/sternhoff/feeds/sternhoff_bigbang.xml HTTP/1.1" 200 1777446 "-" "Python-urllib/3.11"
77.79.248.229 - - [30/May/2025:01:38:35 +0200] "GET /Jurek/straganspoz/feeds/straganspoz_bigbang.xml HTTP/1.1" 200 9514941 "-" "Python-urllib/3.11"
77.79.248.229 - - [30/May/2025:01:38:35 +0200] "GET /Jurek/apresto/feeds/apresto_bigbang.xml HTTP/1.1" 200 1328369 "-" "Python-urllib/3.11"
77.79.248.229 - - [30/May/2025:01:38:35 +0200] "GET /Jurek/fertone/feeds/fertone_bigbang.xml HTTP/1.1" 200 583869 "-" "Python-urllib/3.11"
77.79.248.229 - - [30/May/2025:01:38:35 +0200] "GET /Jurek/fernity/feeds/fernity_bigbang.xml HTTP/1.1" 200 4718081 "-" "Python-urllib/3.11"
77.79.248.229 - - [30/May/2025:01:38:35 +0200] "GET /Jurek/jankeski/feeds/jankeski_bigbang.xml HTTP/1.1" 200 6575696 "-" "Python-urllib/3.11"
77.79.248.229 - - [30/May/2025:01:38:35 +0200] "GET /Jurek/bloomglow/feeds/bloomglow_bigbang.xml HTTP/1.1" 200 14108807 "-" "Python-urllib/3.11"
77.79.248.229 - - [30/May/2025:01:38:36 +0200] "GET /Jurek/galopi/feeds/galopi_bigbang.xml HTTP/1.1" 200 2110499 "-" "Python-urllib/3.11"
77.79.248.229 - - [30/May/2025:01:38:36 +0200] "GET /Jurek/hurtmeblowy/feeds/hurtmeblowy_bigbang.xml HTTP/1.1" 200 8542865 "-" "Python-urllib/3.11"
51.77.52.107 - - [30/May/2025:01:38:38 +0200] "GET /Jurek/eurofirany/images/456574/0.jpg HTTP/2.0" 200 110563 "-" "baselinker"
51.77.52.107 - - [30/May/2025:01:38:53 +0200] "GET /Jurek/eurofirany/images/456574/0.jpg HTTP/2.0" 200 110563 "-" "baselinker"
51.77.52.107 - - [30/May/2025:01:39:12 +0200] "GET /Jurek/eurofirany/images/457600/0.jpg HTTP/2.0" 200 77880 "-" "baselinker"
51.77.52.107 - - [30/May/2025:01:39:35 +0200] "GET /Jurek/eurofirany/images/457600/0.jpg HTTP/2.0" 200 77880 "-" "baselinker"
51.77.52.107 - - [30/May/2025:01:39:52 +0200] "GET /Jurek/eurofirany/images/457600/0.jpg HTTP/2.0" 200 77880 "-" "baselinker"
51.77.52.107 - - [30/May/2025:01:40:07 +0200] "GET /Jurek/eurofirany/images/454738/0.jpg HTTP/2.0" 200 73248 "-" "baselinker"
51.77.52.107 - - [30/May/2025:01:40:22 +0200] "GET /Jurek/eurofirany/images/454738/0.jpg HTTP/2.0" 200 73248 "-" "baselinker"
77.79.248.229 - - [30/May/2025:01:40:34 +0200] "GET /Jurek/kinghoff/feeds/kinghoff_SkroutzGR.xml HTTP/1.1" 200 14741172 "-" "Python-urllib/3.11"
77.79.248.229 - - [30/May/2025:01:40:35 +0200] "GET /Jurek/aw/feeds/awnarzedzia_skroutz.xml HTTP/1.1" 200 89680984 "-" "Python-urllib/3.11"
77.79.248.229 - - [30/May/2025:01:40:36 +0200] "GET /Jurek/eurofirany/feeds/eurofirany_skroutz.xml HTTP/1.1" 200 18244084 "-" "Python-urllib/3.11"
77.79.248.229 - - [30/May/2025:01:40:36 +0200] "GET /Jurek/fernity/feeds/fernity_skroutz.xml HTTP/1.1" 200 4592724 "-" "Python-urllib/3.11"
51.77.52.107 - - [30/May/2025:01:40:38 +0200] "GET /Jurek/eurofirany/images/454738/0.jpg HTTP/2.0" 200 73248 "-" "baselinker"
89.161.206.59 - - [30/May/2025:01:40:45 +0200] "GET /Jurek/swiatecznygoliat/feeds/swiatecznygoliat_amazonde.xml HTTP/1.0" 200 7050811 "-" "-"
51.77.52.107 - - [30/May/2025:01:40:52 +0200] "GET /Jurek/eurofirany/images/454739/0.jpg HTTP/2.0" 200 67846 "-" "baselinker"
51.77.52.107 - - [30/May/2025:01:41:07 +0200] "GET /Jurek/eurofirany/images/454739/0.jpg HTTP/2.0" 200 67846 "-" "baselinker"
51.77.52.107 - - [30/May/2025:01:41:25 +0200] "GET /Jurek/eurofirany/images/454739/0.jpg HTTP/2.0" 200 67846 "-" "baselinker"
51.77.52.107 - - [30/May/2025:01:41:32 +0200] "GET /Jurek/eurofirany/images/458039/0.jpg HTTP/2.0" 200 116381 "-" "baselinker"
51.77.52.107 - - [30/May/2025:01:41:38 +0200] "GET /Jurek/eurofirany/images/458039/0.jpg HTTP/2.0" 200 116381 "-" "baselinker"
51.77.52.107 - - [30/May/2025:01:41:57 +0200] "GET /Jurek/eurofirany/images/458039/0.jpg HTTP/2.0" 200 116381 "-" "baselinker"
89.161.206.59 - - [30/May/2025:01:41:59 +0200] "GET /Jurek/artdog/feeds/artdog_amazonbe.xml HTTP/1.0" 200 17173192 "-" "-"
51.77.52.107 - - [30/May/2025:01:42:04 +0200] "GET /Jurek/eurofirany/images/458041/0.jpg HTTP/2.0" 200 116381 "-" "baselinker"
51.77.52.107 - - [30/May/2025:01:42:09 +0200] "GET /Jurek/eurofirany/images/458041/0.jpg HTTP/2.0" 200 116381 "-" "baselinker"
5.134.208.158 - - [30/May/2025:01:42:12 +0200] "GET /Jurek/eurofirany/images/459838/0.jpg HTTP/1.1" 206 256 "https://www.ceneo.pl" "Mozilla/5.0 (Windows NT 10.0; Win64; x64) AppleWebKit/537.36 (KHTML, like Gecko) Chrome/87.0.4280.141 Safari/537.36"
51.77.52.107 - - [30/May/2025:01:42:16 +0200] "GET /Jurek/eurofirany/images/458041/0.jpg HTTP/2.0" 200 116381 "-" "baselinker"
51.77.52.107 - - [30/May/2025:01:42:22 +0200] "GET /Jurek/eurofirany/images/460835/0.jpg HTTP/2.0" 200 105599 "-" "baselinker"
51.77.52.107 - - [30/May/2025:01:42:43 +0200] "GET /Jurek/eurofirany/images/460835/0.jpg HTTP/2.0" 200 105599 "-" "baselinker"
51.77.52.107 - - [30/May/2025:01:43:05 +0200] "GET /Jurek/eurofirany/images/460835/0.jpg HTTP/2.0" 200 105599 "-" "baselinker"
51.77.52.107 - - [30/May/2025:01:43:27 +0200] "GET /Jurek/eurofirany/images/460836/0.jpg HTTP/2.0" 200 108781 "-" "baselinker"
66.211.183.72 - - [30/May/2025:01:43:30 +0200] "GET /Jurek/eurofirany/images/460196/0.jpg HTTP/1.1" 200 99003 "-" "Java/17.0.13.0.101"
51.77.52.107 - - [30/May/2025:01:43:46 +0200] "GET /Jurek/eurofirany/images/460836/0.jpg HTTP/2.0" 200 108781 "-" "baselinker"
51.77.52.107 - - [30/May/2025:01:44:04 +0200] "GET /Jurek/eurofirany/images/460836/0.jpg HTTP/2.0" 200 108781 "-" "baselinker"
51.77.52.107 - - [30/May/2025:01:44:28 +0200] "GET /Jurek/eurofirany/images/460230/0.jpg HTTP/2.0" 200 69233 "-" "baselinker"
66.249.69.170 - - [30/May/2025:01:44:41 +0200] "GET /Jurek/eurofirany/images/383056/3.jpg HTTP/1.1" 200 6595 "-" "Googlebot-Image/1.0"
51.77.52.107 - - [30/May/2025:01:44:47 +0200] "GET /Jurek/eurofirany/images/460230/0.jpg HTTP/2.0" 200 69233 "-" "baselinker"
51.77.52.107 - - [30/May/2025:01:44:53 +0200] "GET /Jurek/eurofirany/images/460230/0.jpg HTTP/2.0" 200 69233 "-" "baselinker"
51.77.52.107 - - [30/May/2025:01:45:03 +0200] "GET /Jurek/eurofirany/images/460231/0.jpg HTTP/2.0" 200 59915 "-" "baselinker"
51.77.52.107 - - [30/May/2025:01:45:06 +0200] "GET /Jurek/eurofirany/images/460231/0.jpg HTTP/2.0" 200 59915 "-" "baselinker"
62.146.215.34 - - [30/May/2025:01:45:07 +0200] "GET /Jurek/eurofirany/images/383353/0.jpg HTTP/2.0" 200 79685 "-" "billigerbot/1.0"
51.77.52.107 - - [30/May/2025:01:45:13 +0200] "GET /Jurek/eurofirany/images/460231/0.jpg HTTP/2.0" 200 59915 "-" "baselinker"
51.77.52.107 - - [30/May/2025:01:45:34 +0200] "GET /Jurek/eurofirany/images/460232/0.jpg HTTP/2.0" 200 77981 "-" "baselinker"
51.77.52.107 - - [30/May/2025:01:45:57 +0200] "GET /Jurek/eurofirany/images/460232/0.jpg HTTP/2.0" 200 77981 "-" "baselinker"
51.77.52.107 - - [30/May/2025:01:46:04 +0200] "GET /Jurek/eurofirany/images/460232/0.jpg HTTP/2.0" 200 77981 "-" "baselinker"
51.77.52.107 - - [30/May/2025:01:46:22 +0200] "GET /Jurek/eurofirany/images/460233/0.jpg HTTP/2.0" 200 81130 "-" "baselinker"
51.77.52.107 - - [30/May/2025:01:46:29 +0200] "GET /Jurek/eurofirany/images/460233/0.jpg HTTP/2.0" 200 81130 "-" "baselinker"
46.101.116.244 - - [30/May/2025:01:46:37 +0200] "GET /Jurek/vivaldi/feeds/vivaldi_allegro.xml HTTP/1.0" 200 344685 "-" "-"
46.101.116.244 - - [30/May/2025:01:46:38 +0200] "GET /Jurek/kokiska/feeds/kokiska_allegro.xml HTTP/1.0" 200 9404717 "-" "-"
51.77.52.107 - - [30/May/2025:01:46:48 +0200] "GET /Jurek/eurofirany/images/460233/0.jpg HTTP/2.0" 200 81130 "-" "baselinker"
51.77.52.107 - - [30/May/2025:01:46:55 +0200] "GET /Jurek/eurofirany/images/460329/0.jpg HTTP/2.0" 200 73137 "-" "baselinker"
51.77.52.107 - - [30/May/2025:01:47:13 +0200] "GET /Jurek/eurofirany/images/460329/0.jpg HTTP/2.0" 200 73137 "-" "baselinker"
51.77.52.107 - - [30/May/2025:01:47:33 +0200] "GET /Jurek/eurofirany/images/460329/0.jpg HTTP/2.0" 200 73137 "-" "baselinker"
51.77.52.107 - - [30/May/2025:01:47:51 +0200] "GET /Jurek/eurofirany/images/460834/0.jpg HTTP/2.0" 200 122946 "-" "baselinker"
51.77.52.107 - - [30/May/2025:01:48:13 +0200] "GET /Jurek/eurofirany/images/460834/0.jpg HTTP/2.0" 200 122946 "-" "baselinker"
51.77.52.107 - - [30/May/2025:01:48:17 +0200] "GET /Jurek/eurofirany/images/460834/0.jpg HTTP/2.0" 200 122946 "-" "baselinker"
51.77.52.107 - - [30/May/2025:01:48:34 +0200] "GET /Jurek/eurofirany/images/40892/0.jpg HTTP/2.0" 200 209941 "-" "baselinker"
51.77.52.107 - - [30/May/2025:01:48:38 +0200] "GET /Jurek/eurofirany/images/40892/0.jpg HTTP/2.0" 200 209941 "-" "baselinker"
51.77.52.107 - - [30/May/2025:01:48:55 +0200] "GET /Jurek/eurofirany/images/40892/0.jpg HTTP/2.0" 200 209941 "-" "baselinker"
51.77.52.107 - - [30/May/2025:01:49:13 +0200] "GET /Jurek/eurofirany/images/459794/0.jpg HTTP/2.0" 200 173107 "-" "baselinker"
51.77.52.107 - - [30/May/2025:01:49:28 +0200] "GET /Jurek/eurofirany/images/459794/0.jpg HTTP/2.0" 200 173107 "-" "baselinker"
51.77.52.107 - - [30/May/2025:01:49:50 +0200] "GET /Jurek/eurofirany/images/459794/0.jpg HTTP/2.0" 200 173107 "-" "baselinker"
5.134.208.158 - - [30/May/2025:01:49:53 +0200] "GET /Jurek/eurofirany/images/426299/0.jpg HTTP/1.1" 206 256 "https://www.ceneo.pl" "Mozilla/5.0 (Windows NT 10.0; Win64; x64) AppleWebKit/537.36 (KHTML, like Gecko) Chrome/87.0.4280.141 Safari/537.36"
51.77.52.107 - - [30/May/2025:01:49:59 +0200] "GET /Jurek/eurofirany/images/459792/0.jpg HTTP/2.0" 200 205217 "-" "baselinker"
51.77.52.107 - - [30/May/2025:01:50:20 +0200] "GET /Jurek/eurofirany/images/459792/0.jpg HTTP/2.0" 200 205217 "-" "baselinker"
51.77.52.107 - - [30/May/2025:01:50:26 +0200] "GET /Jurek/eurofirany/images/459792/0.jpg HTTP/2.0" 200 205217 "-" "baselinker"
51.77.52.107 - - [30/May/2025:01:50:29 +0200] "GET /Jurek/eurofirany/images/459793/0.jpg HTTP/2.0" 200 173107 "-" "baselinker"
89.161.206.59 - - [30/May/2025:01:50:44 +0200] "GET /Jurek/topeshop/feeds/topeshop_cdsc.xml HTTP/1.0" 200 2629703 "-" "-"
89.161.206.59 - - [30/May/2025:01:50:46 +0200] "GET /Jurek/kobi/feeds/kobi_cdsc.xml HTTP/1.0" 200 543970 "-" "-"
89.161.206.59 - - [30/May/2025:01:50:46 +0200] "GET /Jurek/hurtmeblowy/feeds/hurtmeblowy_cdsc.xml HTTP/1.0" 200 5248571 "-" "-"
51.77.52.107 - - [30/May/2025:01:50:46 +0200] "GET /Jurek/eurofirany/images/459793/0.jpg HTTP/2.0" 200 173107 "-" "baselinker"
89.161.206.59 - - [30/May/2025:01:50:47 +0200] "GET /Jurek/maksik/feeds/maksik_cdsc.xml HTTP/1.0" 200 2927583 "-" "-"
89.161.206.59 - - [30/May/2025:01:50:48 +0200] "GET /Jurek/drops/feeds/dropsofficecolection_cdsc.xml HTTP/1.0" 200 784519 "-" "-"
51.77.52.107 - - [30/May/2025:01:50:53 +0200] "GET /Jurek/eurofirany/images/459793/0.jpg HTTP/2.0" 200 173107 "-" "baselinker"
89.161.206.59 - - [30/May/2025:01:50:58 +0200] "GET /Jurek/beltimore/feeds/beltimore_cdsc.xml HTTP/1.0" 200 11142444 "-" "-"
89.161.206.59 - - [30/May/2025:01:50:59 +0200] "GET /Jurek/benetech/feeds/benetech_cdsc.xml HTTP/1.0" 200 2362050 "-" "-"
89.161.206.59 - - [30/May/2025:01:50:59 +0200] "GET /Jurek/pawonik/feeds/pawonik_cdsc.xml HTTP/1.0" 200 1382717 "-" "-"
89.161.206.59 - - [30/May/2025:01:50:59 +0200] "GET /Jurek/hdwr/feeds/hdwr_cdsc.xml HTTP/1.0" 200 746183 "-" "-"
89.161.206.59 - - [30/May/2025:01:51:00 +0200] "GET /Jurek/szpaklampy/feeds/szpaklampy_cdsc.xml HTTP/1.0" 200 396077 "-" "-"
89.161.206.59 - - [30/May/2025:01:51:00 +0200] "GET /Jurek/sartrix/feeds/sartrix_cdsc.xml HTTP/1.0" 200 867982 "-" "-"
89.161.206.59 - - [30/May/2025:01:51:03 +0200] "GET /Jurek/beautycare/feeds/beautycare_amazonde.xml HTTP/1.0" 200 1182237 "-" "-"
89.161.206.59 - - [30/May/2025:01:51:03 +0200] "GET /Jurek/princelh/feeds/princelh_amazonde.xml HTTP/1.0" 200 133491 "-" "-"
89.161.206.59 - - [30/May/2025:01:51:04 +0200] "GET /Jurek/omi/feeds/omi_amazonde.xml HTTP/1.0" 200 8103114 "-" "-"
89.161.206.59 - - [30/May/2025:01:51:04 +0200] "GET /Jurek/smxdesign/feeds/smxdesign_amazonde.xml HTTP/1.0" 200 1829171 "-" "-"
51.77.52.107 - - [30/May/2025:01:51:12 +0200] "GET /Jurek/eurofirany/images/387445/0.jpg HTTP/2.0" 200 113307 "-" "baselinker"
51.77.52.107 - - [30/May/2025:01:51:31 +0200] "GET /Jurek/eurofirany/images/387445/0.jpg HTTP/2.0" 200 113307 "-" "baselinker"
51.77.52.107 - - [30/May/2025:01:51:55 +0200] "GET /Jurek/eurofirany/images/387445/0.jpg HTTP/2.0" 200 113307 "-" "baselinker"
51.77.52.107 - - [30/May/2025:01:52:24 +0200] "GET /Jurek/eurofirany/images/387451/0.jpg HTTP/2.0" 200 113307 "-" "baselinker"
51.77.52.107 - - [30/May/2025:01:52:51 +0200] "GET /Jurek/eurofirany/images/387451/0.jpg HTTP/2.0" 200 113307 "-" "baselinker"
5.134.208.158 - - [30/May/2025:01:52:53 +0200] "GET /Jurek/eurofirany/images/461773/0.jpg HTTP/1.1" 206 256 "https://www.ceneo.pl" "Mozilla/5.0 (Windows NT 10.0; Win64; x64) AppleWebKit/537.36 (KHTML, like Gecko) Chrome/87.0.4280.141 Safari/537.36"
51.77.52.107 - - [30/May/2025:01:53:21 +0200] "GET /Jurek/eurofirany/images/387451/0.jpg HTTP/2.0" 200 113307 "-" "baselinker"
46.101.116.244 - - [30/May/2025:01:53:32 +0200] "GET /Jurek/kinghoff/feeds/kinghoff_ceneo.xml HTTP/1.0" 200 15634846 "-" "-"
46.101.116.244 - - [30/May/2025:01:53:33 +0200] "GET /Jurek/barbecook/feeds/barbecook_allegro.xml HTTP/1.0" 200 87554 "-" "-"
46.101.116.244 - - [30/May/2025:01:53:36 +0200] "GET /Jurek/vida_morele/feeds/vidaPL_velomarket_category0.xml HTTP/1.0" 200 159300904 "-" "-"
51.77.52.107 - - [30/May/2025:01:53:37 +0200] "GET /Jurek/eurofirany/images/387456/0.jpg HTTP/2.0" 200 130800 "-" "baselinker"
46.101.116.244 - - [30/May/2025:01:53:44 +0200] "GET /Jurek/vida_morele/feeds/vidaPL_velomarket_category2.xml HTTP/1.0" 200 54905920 "-" "-"
46.101.116.244 - - [30/May/2025:01:53:50 +0200] "GET /Jurek/vida_morele/feeds/vidaPL_velomarket_category4.xml HTTP/1.0" 200 58475364 "-" "-"
46.101.116.244 - - [30/May/2025:01:53:55 +0200] "GET /Jurek/vida_morele/feeds/vidaPL_velomarket_category5.xml HTTP/1.0" 200 149438108 "-" "-"
51.77.52.107 - - [30/May/2025:01:54:02 +0200] "GET /Jurek/eurofirany/images/387456/0.jpg HTTP/2.0" 200 130800 "-" "baselinker"
66.249.69.170 - - [30/May/2025:01:54:11 +0200] "GET /Jurek/eurofirany/images/383059/3.jpg HTTP/1.1" 200 6595 "-" "Googlebot-Image/1.0"
51.77.52.107 - - [30/May/2025:01:54:22 +0200] "GET /Jurek/eurofirany/images/387456/0.jpg HTTP/2.0" 200 130800 "-" "baselinker"
51.77.52.107 - - [30/May/2025:01:54:38 +0200] "GET /Jurek/eurofirany/images/459790/0.jpg HTTP/2.0" 200 205217 "-" "baselinker"
89.161.206.59 - - [30/May/2025:01:55:07 +0200] "GET /Jurek/dropkz/feeds/dropkz_emagro.xml HTTP/1.0" 200 70116067 "-" "-"
51.77.52.107 - - [30/May/2025:01:55:08 +0200] "GET /Jurek/eurofirany/images/459790/0.jpg HTTP/2.0" 200 205217 "-" "baselinker"
51.77.52.107 - - [30/May/2025:01:55:34 +0200] "GET /Jurek/eurofirany/images/459790/0.jpg HTTP/2.0" 200 205217 "-" "baselinker"
51.77.52.107 - - [30/May/2025:01:55:50 +0200] "GET /Jurek/eurofirany/images/461800/0.jpg HTTP/2.0" 200 153866 "-" "baselinker"
51.77.52.107 - - [30/May/2025:01:56:00 +0200] "GET /Jurek/eurofirany/images/461800/0.jpg HTTP/2.0" 200 153866 "-" "baselinker"
51.77.52.107 - - [30/May/2025:01:56:19 +0200] "GET /Jurek/eurofirany/images/461800/0.jpg HTTP/2.0" 200 153866 "-" "baselinker"
35.198.123.211 - - [30/May/2025:01:56:38 +0200] "GET /Jurek/eurofirany/images/423950/0.jpg HTTP/2.0" 200 0 "-" "Mozilla/5.0 (Macintosh; Intel Mac OS X 10.15; rv:78.0) Gecko/20100101 Firefox/78.0"
46.101.116.244 - - [30/May/2025:01:56:38 +0200] "GET /Jurek/beliani/feeds/beliani_skroutz.xml HTTP/1.0" 200 29912553 "-" "-"
51.77.52.107 - - [30/May/2025:01:56:40 +0200] "GET /Jurek/eurofirany/images/387457/0.jpg HTTP/2.0" 200 130800 "-" "baselinker"
51.77.52.107 - - [30/May/2025:01:56:59 +0200] "GET /Jurek/eurofirany/images/387457/0.jpg HTTP/2.0" 200 130800 "-" "baselinker"
51.77.52.107 - - [30/May/2025:01:57:19 +0200] "GET /Jurek/eurofirany/images/387457/0.jpg HTTP/2.0" 200 130800 "-" "baselinker"
66.249.69.170 - - [30/May/2025:01:57:41 +0200] "GET /Jurek/eurofirany/images/398804/8.jpg HTTP/1.1" 200 6625 "-" "Googlebot-Image/1.0"
51.77.52.107 - - [30/May/2025:01:57:42 +0200] "GET /Jurek/eurofirany/images/461802/0.jpg HTTP/2.0" 200 152753 "-" "baselinker"
51.77.52.107 - - [30/May/2025:01:58:02 +0200] "GET /Jurek/eurofirany/images/461802/0.jpg HTTP/2.0" 200 152753 "-" "baselinker"
51.77.52.107 - - [30/May/2025:01:58:21 +0200] "GET /Jurek/eurofirany/images/461802/0.jpg HTTP/2.0" 200 152753 "-" "baselinker"
51.77.52.107 - - [30/May/2025:01:58:50 +0200] "GET /Jurek/eurofirany/images/461823/0.jpg HTTP/2.0" 200 156861 "-" "baselinker"
51.77.52.107 - - [30/May/2025:01:59:08 +0200] "GET /Jurek/eurofirany/images/461823/0.jpg HTTP/2.0" 200 156861 "-" "baselinker"
51.77.52.107 - - [30/May/2025:01:59:36 +0200] "GET /Jurek/eurofirany/images/461823/0.jpg HTTP/2.0" 200 156861 "-" "baselinker"
51.77.52.107 - - [30/May/2025:01:59:45 +0200] "GET /Jurek/eurofirany/images/461825/0.jpg HTTP/2.0" 200 138390 "-" "baselinker"
51.77.52.107 - - [30/May/2025:02:00:12 +0200] "GET /Jurek/eurofirany/images/461825/0.jpg HTTP/2.0" 200 138390 "-" "baselinker"
46.101.116.244 - - [30/May/2025:02:00:15 +0200] "GET /Jurek/aw/feeds/awnarzedzia_skroutz.xml HTTP/1.0" 200 89680984 "-" "-"
35.204.39.32 - - [30/May/2025:02:00:15 +0200] "GET /marketplaces/carrefour_fr/results/carrefour_fr.csv HTTP/1.1" 200 6207526 "-" "Mirakl HttpClient"
89.161.206.59 - - [30/May/2025:02:00:35 +0200] "GET /Jurek/waks/feeds/waks_skroutz.xml HTTP/1.0" 200 1596552 "-" "-"
51.77.52.107 - - [30/May/2025:02:00:36 +0200] "GET /Jurek/eurofirany/images/461825/0.jpg HTTP/2.0" 200 138390 "-" "baselinker"
51.77.52.107 - - [30/May/2025:02:00:39 +0200] "GET /Jurek/eurofirany/images/461826/0.jpg HTTP/2.0" 200 153202 "-" "baselinker"
52.18.22.0 - - [30/May/2025:02:00:45 +0200] "GET /marketplaces/ubaldi/results/ubaldi.csv HTTP/1.1" 200 147219 "-" "Mirakl HttpClient"
51.77.52.107 - - [30/May/2025:02:01:15 +0200] "GET /Jurek/eurofirany/images/461826/0.jpg HTTP/2.0" 200 153202 "-" "baselinker"
51.77.52.107 - - [30/May/2025:02:01:18 +0200] "GET /Jurek/eurofirany/images/461826/0.jpg HTTP/2.0" 200 153202 "-" "baselinker"
89.161.206.59 - - [30/May/2025:02:01:59 +0200] "GET /Jurek/fertone/feeds/fertone_skroutz.xml HTTP/1.0" 200 583862 "-" "-"
35.204.39.32 - - [30/May/2025:02:02:00 +0200] "GET /marketplaces/vente/results/vente_nl.csv HTTP/1.1" 200 147219 "-" "Mirakl HttpClient"
35.204.39.32 - - [30/May/2025:02:02:00 +0200] "GET /marketplaces/vente/results/vente_fr.csv HTTP/1.1" 200 147219 "-" "Mirakl HttpClient"
35.204.39.32 - - [30/May/2025:02:02:01 +0200] "GET /marketplaces/vente/results/vente_be.csv HTTP/1.1" 200 147219 "-" "Mirakl HttpClient"
35.204.39.32 - - [30/May/2025:02:02:01 +0200] "GET /marketplaces/vente/results/vente_it.csv HTTP/1.1" 200 147219 "-" "Mirakl HttpClient"
35.204.39.32 - - [30/May/2025:02:02:01 +0200] "GET /marketplaces/vente/results/vente_es.csv HTTP/1.1" 200 147219 "-" "Mirakl HttpClient"
35.204.39.32 - - [30/May/2025:02:02:01 +0200] "GET /marketplaces/vente/results/vente_de.csv HTTP/1.1" 200 147219 "-" "Mirakl HttpClient"
51.77.52.107 - - [30/May/2025:02:02:07 +0200] "GET /Jurek/eurofirany/images/461827/0.jpg HTTP/2.0" 200 125432 "-" "baselinker"
51.77.52.107 - - [30/May/2025:02:02:29 +0200] "GET /Jurek/eurofirany/images/461827/0.jpg HTTP/2.0" 200 125432 "-" "baselinker"
89.161.206.59 - - [30/May/2025:02:02:33 +0200] "GET /Jurek/topeshop/feeds/topeshop_ebayDE.xml HTTP/1.0" 200 2553639 "-" "-"
51.77.52.107 - - [30/May/2025:02:02:58 +0200] "GET /Jurek/eurofirany/images/461827/0.jpg HTTP/2.0" 200 125432 "-" "baselinker"
52.17.80.36 - - [30/May/2025:02:02:59 +0200] "GET /marketplaces/rue/results/rue.csv HTTP/1.1" 200 114451 "-" "Mirakl HttpClient"
51.77.52.107 - - [30/May/2025:02:03:07 +0200] "GET /Jurek/eurofirany/images/461828/0.jpg HTTP/2.0" 200 132930 "-" "baselinker"
51.77.52.107 - - [30/May/2025:02:03:20 +0200] "GET /Jurek/eurofirany/images/461828/0.jpg HTTP/2.0" 200 132930 "-" "baselinker"
89.161.206.59 - - [30/May/2025:02:03:20 +0200] "GET /Jurek/primohurt/feeds/primohurt_skroutz.xml HTTP/1.0" 200 17186405 "-" "-"
89.161.206.59 - - [30/May/2025:02:03:20 +0200] "GET /Jurek/zepnij/feeds/zepnij_skroutz.xml HTTP/1.0" 200 19522544 "-" "-"
89.161.206.59 - - [30/May/2025:02:03:22 +0200] "GET /Jurek/emaja24/feeds/emaja24_skroutz.xml HTTP/1.0" 200 5117146 "-" "-"
51.77.52.107 - - [30/May/2025:02:03:25 +0200] "GET /Jurek/eurofirany/images/461828/0.jpg HTTP/2.0" 200 132930 "-" "baselinker"
89.161.206.59 - - [30/May/2025:02:03:31 +0200] "GET /Jurek/eurofirany/feeds/eurofirany_skroutz.xml HTTP/1.0" 200 18244084 "-" "-"
52.209.168.113 - - [30/May/2025:02:03:35 +0200] "GET /marketplaces/carrefour/results/carrefour.csv HTTP/1.1" 200 114453 "-" "Mirakl HttpClient"
51.77.52.107 - - [30/May/2025:02:03:37 +0200] "GET /Jurek/eurofirany/images/461829/0.jpg HTTP/2.0" 200 155840 "-" "baselinker"
89.161.206.59 - - [30/May/2025:02:03:38 +0200] "GET /Jurek/ekotex/feeds/ekotex_skroutz.xml HTTP/1.0" 200 197970 "-" "-"
89.161.206.59 - - [30/May/2025:02:03:39 +0200] "GET /Jurek/motofan/feeds/motofan_skroutz.xml HTTP/1.0" 200 2392151 "-" "-"
51.77.52.107 - - [30/May/2025:02:04:03 +0200] "GET /Jurek/eurofirany/images/461829/0.jpg HTTP/2.0" 200 155840 "-" "baselinker"
51.77.52.107 - - [30/May/2025:02:04:13 +0200] "GET /Jurek/eurofirany/images/461829/0.jpg HTTP/2.0" 200 155840 "-" "baselinker"
51.77.52.107 - - [30/May/2025:02:04:16 +0200] "GET /Jurek/eurofirany/images/461831/0.jpg HTTP/2.0" 200 150454 "-" "baselinker"
46.101.116.244 - - [30/May/2025:02:04:30 +0200] "GET /Jurek/hurtmeblowy/feeds/hurtmeblowy_ebay.xml HTTP/1.0" 200 5869354 "-" "-"
89.161.206.59 - - [30/May/2025:02:04:45 +0200] "GET /Jurek/photho/feeds/photho_emagro.xml HTTP/1.0" 200 1052785 "-" "-"
51.77.52.107 - - [30/May/2025:02:04:47 +0200] "GET /Jurek/eurofirany/images/461831/0.jpg HTTP/2.0" 200 150454 "-" "baselinker"
51.77.52.107 - - [30/May/2025:02:05:15 +0200] "GET /Jurek/eurofirany/images/461831/0.jpg HTTP/2.0" 200 150454 "-" "baselinker"
40.77.167.51 - - [30/May/2025:02:05:33 +0200] "GET /Jurek/topeshop/downloaded_images/5904507201951_3.jpg HTTP/2.0" 404 3551 "-" "Mozilla/5.0 AppleWebKit/537.36 (KHTML, like Gecko; compatible; bingbot/2.0; +http://www.bing.com/bingbot.htm) Chrome/116.0.1938.76 Safari/537.36"
89.161.206.59 - - [30/May/2025:02:05:37 +0200] "GET /Jurek/bentivolio/feeds/bentivolio_skr.xml HTTP/1.0" 200 1261313 "-" "-"
89.161.206.59 - - [30/May/2025:02:05:43 +0200] "GET /Jurek/beltimore/feeds/beltimore_skroutz.xml HTTP/1.0" 200 18655158 "-" "-"
89.161.206.59 - - [30/May/2025:02:05:45 +0200] "GET /Jurek/winoszarnia/feeds/winoszarnia_skroutz.xml HTTP/1.0" 200 6066982 "-" "-"
51.77.52.107 - - [30/May/2025:02:05:49 +0200] "GET /Jurek/eurofirany/images/452129/0.jpg HTTP/2.0" 200 118298 "-" "baselinker"
51.77.52.107 - - [30/May/2025:02:06:20 +0200] "GET /Jurek/eurofirany/images/452129/0.jpg HTTP/2.0" 200 118298 "-" "baselinker"
51.77.52.107 - - [30/May/2025:02:06:29 +0200] "GET /Jurek/eurofirany/images/452129/0.jpg HTTP/2.0" 200 118298 "-" "baselinker"
89.161.206.59 - - [30/May/2025:02:06:34 +0200] "GET /Jurek/asortymenteu/feeds/asortymenteu_skroutz_great.xml HTTP/1.0" 200 2766660 "-" "-"
51.77.52.107 - - [30/May/2025:02:06:38 +0200] "GET /Jurek/eurofirany/images/452131/0.jpg HTTP/2.0" 200 98325 "-" "baselinker"
51.77.52.107 - - [30/May/2025:02:07:03 +0200] "GET /Jurek/eurofirany/images/452131/0.jpg HTTP/2.0" 200 98325 "-" "baselinker"
51.77.52.107 - - [30/May/2025:02:07:09 +0200] "GET /Jurek/eurofirany/images/452131/0.jpg HTTP/2.0" 200 98325 "-" "baselinker"
89.161.206.59 - - [30/May/2025:02:07:12 +0200] "GET /Jurek/sempler/feeds/sempler_skroutz.xml HTTP/1.0" 200 6782655 "-" "-"
51.77.52.107 - - [30/May/2025:02:07:16 +0200] "GET /Jurek/eurofirany/images/452134/0.jpg HTTP/2.0" 200 98972 "-" "baselinker"
89.161.206.59 - - [30/May/2025:02:07:19 +0200] "GET /Jurek/jakdroz/feeds/jakdroz_skroutz.xml HTTP/1.0" 200 1895343 "-" "-"
89.161.206.59 - - [30/May/2025:02:07:19 +0200] "GET /Jurek/jakdroz/feeds/jakdroz_skroutz.xml HTTP/1.0" 200 1895343 "-" "-"
89.161.206.59 - - [30/May/2025:02:07:22 +0200] "GET /Jurek/rovato/feeds/rovato_emagro.xml HTTP/1.0" 200 180808 "-" "-"
89.161.206.59 - - [30/May/2025:02:07:22 +0200] "GET /Jurek/cdata/feeds/cdata_skr.xml HTTP/1.0" 200 1446506 "-" "-"
5.134.208.158 - - [30/May/2025:02:07:41 +0200] "GET /Jurek/eurofirany/images/461817/0.jpg HTTP/1.1" 206 256 "https://www.ceneo.pl" "Mozilla/5.0 (Windows NT 10.0; Win64; x64) AppleWebKit/537.36 (KHTML, like Gecko) Chrome/87.0.4280.141 Safari/537.36"
51.77.52.107 - - [30/May/2025:02:07:49 +0200] "GET /Jurek/eurofirany/images/452134/0.jpg HTTP/2.0" 200 98972 "-" "baselinker"
89.161.206.59 - - [30/May/2025:02:07:55 +0200] "GET /Jurek/lampart/feeds/lampart_skroutz.xml HTTP/1.0" 200 936672 "-" "-"
51.77.52.107 - - [30/May/2025:02:07:57 +0200] "GET /Jurek/eurofirany/images/452134/0.jpg HTTP/2.0" 200 98972 "-" "baselinker"
51.77.52.107 - - [30/May/2025:02:08:03 +0200] "GET /Jurek/eurofirany/images/452136/0.jpg HTTP/2.0" 200 101967 "-" "baselinker"
89.161.206.59 - - [30/May/2025:02:08:11 +0200] "GET /Jurek/jankeski/feeds/jankeski_emagro.xml HTTP/1.0" 200 6577520 "-" "-"
51.77.52.107 - - [30/May/2025:02:08:18 +0200] "GET /Jurek/eurofirany/images/452136/0.jpg HTTP/2.0" 200 101967 "-" "baselinker"
51.77.52.107 - - [30/May/2025:02:08:34 +0200] "GET /Jurek/eurofirany/images/452136/0.jpg HTTP/2.0" 200 101967 "-" "baselinker"
51.77.52.107 - - [30/May/2025:02:08:58 +0200] "GET /Jurek/eurofirany/images/452137/0.jpg HTTP/2.0" 200 102989 "-" "baselinker"
51.77.52.107 - - [30/May/2025:02:09:17 +0200] "GET /Jurek/eurofirany/images/452137/0.jpg HTTP/2.0" 200 102989 "-" "baselinker"
89.161.206.59 - - [30/May/2025:02:09:31 +0200] "GET /Jurek/waks/feeds/waks_emagro.xml HTTP/1.0" 200 1598638 "-" "-"
51.77.52.107 - - [30/May/2025:02:09:32 +0200] "GET /Jurek/eurofirany/images/452137/0.jpg HTTP/2.0" 200 102989 "-" "baselinker"
89.161.206.59 - - [30/May/2025:02:09:33 +0200] "GET /Jurek/fertone/feeds/fertone_emagro.xml HTTP/1.0" 200 583977 "-" "-"
89.161.206.59 - - [30/May/2025:02:09:33 +0200] "GET /Jurek/edruk/feeds/edruk_emagro.xml HTTP/1.0" 200 14151334 "-" "-"
51.77.52.107 - - [30/May/2025:02:09:38 +0200] "GET /Jurek/eurofirany/images/452138/0.jpg HTTP/2.0" 200 47725 "-" "baselinker"
51.77.52.107 - - [30/May/2025:02:09:58 +0200] "GET /Jurek/eurofirany/images/452138/0.jpg HTTP/2.0" 200 47725 "-" "baselinker"
77.79.248.229 - - [30/May/2025:02:10:05 +0200] "GET /Jurek/ikonka/feeds/ikonka_cdon_se.xml HTTP/1.1" 200 20824372 "-" "python-requests/2.32.3"
77.79.248.229 - - [30/May/2025:02:10:05 +0200] "GET /Jurek/ikonka/feeds/ikonka_cdon_dk.xml HTTP/1.1" 200 20824281 "-" "python-requests/2.32.3"
77.79.248.229 - - [30/May/2025:02:10:05 +0200] "GET /Jurek/ikonka/feeds/ikonka_cdon_fi.xml HTTP/1.1" 200 20822309 "-" "python-requests/2.32.3"
51.77.52.107 - - [30/May/2025:02:10:05 +0200] "GET /Jurek/eurofirany/images/452138/0.jpg HTTP/2.0" 200 47725 "-" "baselinker"
89.161.206.59 - - [30/May/2025:02:10:09 +0200] "GET /Jurek/madrex/feeds/madrex_emagro.xml HTTP/1.0" 200 466808 "-" "-"
77.79.248.229 - - [30/May/2025:02:10:10 +0200] "GET /Jurek/rovicky/feeds/rovicky_cdonSE.xml HTTP/1.1" 200 15176303 "-" "python-requests/2.32.3"
77.79.248.229 - - [30/May/2025:02:10:10 +0200] "GET /Jurek/rovicky/feeds/rovicky_cdonDK.xml HTTP/1.1" 200 15176286 "-" "python-requests/2.32.3"
77.79.248.229 - - [30/May/2025:02:10:11 +0200] "GET /Jurek/rovicky/feeds/rovicky_cdonFI.xml HTTP/1.1" 200 15170916 "-" "python-requests/2.32.3"
77.79.248.229 - - [30/May/2025:02:10:11 +0200] "GET /Jurek/benbaby/feeds/benbaby_cdon_se.xml HTTP/1.1" 200 3712396 "-" "python-requests/2.32.3"
77.79.248.229 - - [30/May/2025:02:10:11 +0200] "GET /Jurek/benbaby/feeds/benbaby_cdon_dk.xml HTTP/1.1" 200 3712234 "-" "python-requests/2.32.3"
77.79.248.229 - - [30/May/2025:02:10:11 +0200] "GET /Jurek/benbaby/feeds/benbaby_cdon_fi.xml HTTP/1.1" 200 3709495 "-" "python-requests/2.32.3"
77.79.248.229 - - [30/May/2025:02:10:12 +0200] "GET /Jurek/candellux/feeds/candellux_cdon_se.xml HTTP/1.1" 200 466166 "-" "python-requests/2.32.3"
77.79.248.229 - - [30/May/2025:02:10:12 +0200] "GET /Jurek/candellux/feeds/candellux_cdon_dk.xml HTTP/1.1" 200 466129 "-" "python-requests/2.32.3"
77.79.248.229 - - [30/May/2025:02:10:12 +0200] "GET /Jurek/candellux/feeds/candellux_cdon_fi.xml HTTP/1.1" 200 465745 "-" "python-requests/2.32.3"
51.77.52.107 - - [30/May/2025:02:10:14 +0200] "GET /Jurek/eurofirany/images/452150/0.jpg HTTP/2.0" 200 91862 "-" "baselinker"
77.79.248.229 - - [30/May/2025:02:10:14 +0200] "GET /Jurek/topeshop/feeds/topeshop_cdon_se.xml HTTP/1.1" 200 3025247 "-" "python-requests/2.32.3"
77.79.248.229 - - [30/May/2025:02:10:14 +0200] "GET /Jurek/topeshop/feeds/topeshop_cdon_dk.xml HTTP/1.1" 200 3024992 "-" "python-requests/2.32.3"
77.79.248.229 - - [30/May/2025:02:10:14 +0200] "GET /Jurek/topeshop/feeds/topeshop_cdon_fi.xml HTTP/1.1" 200 3024510 "-" "python-requests/2.32.3"
77.79.248.229 - - [30/May/2025:02:10:14 +0200] "GET /Jurek/asortymenteu/feeds/asortymenteu_cdon_se.xml HTTP/1.1" 200 2873096 "-" "python-requests/2.32.3"
77.79.248.229 - - [30/May/2025:02:10:15 +0200] "GET /Jurek/asortymenteu/feeds/asortymenteu_cdon_dk.xml HTTP/1.1" 200 2873043 "-" "python-requests/2.32.3"
77.79.248.229 - - [30/May/2025:02:10:15 +0200] "GET /Jurek/asortymenteu/feeds/asortymenteu_cdon_fi.xml HTTP/1.1" 200 2872053 "-" "python-requests/2.32.3"
77.79.248.229 - - [30/May/2025:02:10:15 +0200] "GET /Jurek/fernity/feeds/fernity_cdon_se.xml HTTP/1.1" 200 4721015 "-" "python-requests/2.32.3"
77.79.248.229 - - [30/May/2025:02:10:15 +0200] "GET /Jurek/fernity/feeds/fernity_cdon_dk.xml HTTP/1.1" 200 4720551 "-" "python-requests/2.32.3"
77.79.248.229 - - [30/May/2025:02:10:15 +0200] "GET /Jurek/fernity/feeds/fernity_cdon_fi.xml HTTP/1.1" 200 4717867 "-" "python-requests/2.32.3"
77.79.248.229 - - [30/May/2025:02:10:16 +0200] "GET /Jurek/aw/feeds/awnarzedzia_cdon_se.xml HTTP/1.1" 200 91222151 "-" "python-requests/2.32.3"
77.79.248.229 - - [30/May/2025:02:10:17 +0200] "GET /Jurek/aw/feeds/awnarzedzia_cdon_dk.xml HTTP/1.1" 200 91218033 "-" "python-requests/2.32.3"
77.79.248.229 - - [30/May/2025:02:10:18 +0200] "GET /Jurek/aw/feeds/awnarzedzia_cdon_fi.xml HTTP/1.1" 200 91134100 "-" "python-requests/2.32.3"
