51.77.52.107 - - [30/May/2025:12:25:48 +0200] "GET /Jurek/eurofirany/images/470018/0.jpg HTTP/2.0" 200 208168 "-" "baselinker"
51.77.52.107 - - [30/May/2025:12:26:06 +0200] "GET /Jurek/eurofirany/images/470018/0.jpg HTTP/2.0" 200 208168 "-" "baselinker"
51.77.52.107 - - [30/May/2025:12:26:11 +0200] "GET /Jurek/eurofirany/images/470018/0.jpg HTTP/2.0" 200 208168 "-" "baselinker"
51.77.52.107 - - [30/May/2025:12:26:16 +0200] "GET /Jurek/eurofirany/images/470019/0.jpg HTTP/2.0" 200 185145 "-" "baselinker"
51.77.52.107 - - [30/May/2025:12:26:21 +0200] "GET /Jurek/eurofirany/images/470019/0.jpg HTTP/2.0" 200 185145 "-" "baselinker"
89.161.206.59 - - [30/May/2025:12:26:25 +0200] "GET /Jurek/zami/feeds/zami_skr.xml HTTP/1.0" 200 4472608 "-" "-"
51.77.52.107 - - [30/May/2025:12:26:41 +0200] "GET /Jurek/eurofirany/images/470019/0.jpg HTTP/2.0" 200 185145 "-" "baselinker"
51.77.52.107 - - [30/May/2025:12:27:03 +0200] "GET /Jurek/eurofirany/images/470021/0.jpg HTTP/2.0" 200 184460 "-" "baselinker"
51.77.52.107 - - [30/May/2025:12:27:10 +0200] "GET /Jurek/eurofirany/images/470021/0.jpg HTTP/2.0" 200 184460 "-" "baselinker"
51.77.52.107 - - [30/May/2025:12:27:14 +0200] "GET /Jurek/eurofirany/images/470021/0.jpg HTTP/2.0" 200 184460 "-" "baselinker"
51.77.52.107 - - [30/May/2025:12:27:42 +0200] "GET /Jurek/eurofirany/images/470025/0.jpg HTTP/2.0" 200 87870 "-" "baselinker"
5.134.208.158 - - [30/May/2025:12:27:44 +0200] "GET /Jurek/eurofirany/images/396805/0.jpg HTTP/1.1" 200 54824 "-" "-"
51.77.52.107 - - [30/May/2025:12:28:08 +0200] "GET /Jurek/eurofirany/images/470025/0.jpg HTTP/2.0" 200 87870 "-" "baselinker"
51.77.52.107 - - [30/May/2025:12:28:13 +0200] "GET /Jurek/eurofirany/images/470025/0.jpg HTTP/2.0" 200 87870 "-" "baselinker"
51.77.52.107 - - [30/May/2025:12:28:18 +0200] "GET /Jurek/eurofirany/images/470026/0.jpg HTTP/2.0" 200 145697 "-" "baselinker"
51.77.52.107 - - [30/May/2025:12:28:42 +0200] "GET /Jurek/eurofirany/images/470026/0.jpg HTTP/2.0" 200 145697 "-" "baselinker"
51.77.52.107 - - [30/May/2025:12:28:49 +0200] "GET /Jurek/eurofirany/images/470026/0.jpg HTTP/2.0" 200 145697 "-" "baselinker"
51.77.52.107 - - [30/May/2025:12:28:56 +0200] "GET /Jurek/eurofirany/images/470028/0.jpg HTTP/2.0" 200 148943 "-" "baselinker"
51.77.52.107 - - [30/May/2025:12:29:18 +0200] "GET /Jurek/eurofirany/images/470028/0.jpg HTTP/2.0" 200 148943 "-" "baselinker"
46.101.116.244 - - [30/May/2025:12:29:21 +0200] "GET /Jurek/hurtownia_przemyslowa/feeds/hp_cdiscount.xml HTTP/1.0" 200 36714673 "-" "-"
89.161.206.59 - - [30/May/2025:12:29:24 +0200] "GET /Jurek/bass_new/feeds/bass_ebayde.xml HTTP/1.0" 200 4806534 "-" "-"
51.77.52.107 - - [30/May/2025:12:29:25 +0200] "GET /Jurek/eurofirany/images/470028/0.jpg HTTP/2.0" 200 148943 "-" "baselinker"
51.77.52.107 - - [30/May/2025:12:29:33 +0200] "GET /Jurek/eurofirany/images/470029/0.jpg HTTP/2.0" 200 148514 "-" "baselinker"
51.77.52.107 - - [30/May/2025:12:29:56 +0200] "GET /Jurek/eurofirany/images/470029/0.jpg HTTP/2.0" 200 148514 "-" "baselinker"
51.77.52.107 - - [30/May/2025:12:30:01 +0200] "GET /Jurek/eurofirany/images/470029/0.jpg HTTP/2.0" 200 148514 "-" "baselinker"
51.77.52.107 - - [30/May/2025:12:30:10 +0200] "GET /Jurek/eurofirany/images/470030/0.jpg HTTP/2.0" 200 147970 "-" "baselinker"
51.77.52.107 - - [30/May/2025:12:30:41 +0200] "GET /Jurek/eurofirany/images/470030/0.jpg HTTP/2.0" 200 147970 "-" "baselinker"
51.77.52.107 - - [30/May/2025:12:30:49 +0200] "GET /Jurek/eurofirany/images/470030/0.jpg HTTP/2.0" 200 147970 "-" "baselinker"
51.77.52.107 - - [30/May/2025:12:30:56 +0200] "GET /Jurek/eurofirany/images/464084/0.jpg HTTP/2.0" 200 103179 "-" "baselinker"
51.77.52.107 - - [30/May/2025:12:31:01 +0200] "GET /Jurek/eurofirany/images/464084/0.jpg HTTP/2.0" 200 103179 "-" "baselinker"
51.77.52.107 - - [30/May/2025:12:31:21 +0200] "GET /Jurek/eurofirany/images/464084/0.jpg HTTP/2.0" 200 103179 "-" "baselinker"
51.77.52.107 - - [30/May/2025:12:31:45 +0200] "GET /Jurek/eurofirany/images/464093/0.jpg HTTP/2.0" 200 103179 "-" "baselinker"
3.74.7.74 - - [30/May/2025:12:31:54 +0200] "GET /Jurek/eurofirany/images/459269/0.jpg HTTP/2.0" 200 116173 "-" "Mozilla/5.0 (Windows NT 10.0; Win64; x64) AppleWebKit/537.36 (KHTML, like Gecko) Chrome/109.0.0.0 Safari/537.36"
51.77.52.107 - - [30/May/2025:12:32:06 +0200] "GET /Jurek/eurofirany/images/464093/0.jpg HTTP/2.0" 200 103179 "-" "baselinker"
51.77.52.107 - - [30/May/2025:12:32:13 +0200] "GET /Jurek/eurofirany/images/464093/0.jpg HTTP/2.0" 200 103179 "-" "baselinker"
51.77.52.107 - - [30/May/2025:12:32:33 +0200] "GET /Jurek/eurofirany/images/464102/0.jpg HTTP/2.0" 200 103179 "-" "baselinker"
51.77.52.107 - - [30/May/2025:12:32:44 +0200] "GET /Jurek/eurofirany/images/464102/0.jpg HTTP/2.0" 200 103179 "-" "baselinker"
51.77.52.107 - - [30/May/2025:12:32:50 +0200] "GET /Jurek/eurofirany/images/464102/0.jpg HTTP/2.0" 200 103179 "-" "baselinker"
51.77.52.107 - - [30/May/2025:12:32:55 +0200] "GET /Jurek/eurofirany/images/464078/0.jpg HTTP/2.0" 200 158000 "-" "baselinker"
89.161.206.59 - - [30/May/2025:12:33:07 +0200] "GET /Jurek/takapara/feeds/takapara_skroutz.xml HTTP/1.0" 200 1342569 "-" "-"
51.77.52.107 - - [30/May/2025:12:33:13 +0200] "GET /Jurek/eurofirany/images/464078/0.jpg HTTP/2.0" 200 158000 "-" "baselinker"
51.77.52.107 - - [30/May/2025:12:33:16 +0200] "GET /Jurek/eurofirany/images/464078/0.jpg HTTP/2.0" 200 158000 "-" "baselinker"
51.77.52.107 - - [30/May/2025:12:33:22 +0200] "GET /Jurek/eurofirany/images/464099/0.jpg HTTP/2.0" 200 158000 "-" "baselinker"
51.77.52.107 - - [30/May/2025:12:33:45 +0200] "GET /Jurek/eurofirany/images/464099/0.jpg HTTP/2.0" 200 158000 "-" "baselinker"
51.77.52.107 - - [30/May/2025:12:33:59 +0200] "GET /Jurek/eurofirany/images/464099/0.jpg HTTP/2.0" 200 158000 "-" "baselinker"
51.77.52.107 - - [30/May/2025:12:34:01 +0200] "GET /Jurek/eurofirany/images/469606/0.jpg HTTP/2.0" 200 178659 "-" "baselinker"
51.77.52.107 - - [30/May/2025:12:34:23 +0200] "GET /Jurek/eurofirany/images/469606/0.jpg HTTP/2.0" 200 178659 "-" "baselinker"
51.77.52.107 - - [30/May/2025:12:34:29 +0200] "GET /Jurek/eurofirany/images/469606/0.jpg HTTP/2.0" 200 178659 "-" "baselinker"
51.77.52.107 - - [30/May/2025:12:34:50 +0200] "GET /Jurek/eurofirany/images/469607/0.jpg HTTP/2.0" 200 178659 "-" "baselinker"
51.77.52.107 - - [30/May/2025:12:34:58 +0200] "GET /Jurek/eurofirany/images/469607/0.jpg HTTP/2.0" 200 178659 "-" "baselinker"
46.101.116.244 - - [30/May/2025:12:35:01 +0200] "GET /Jurek/awparts/feeds/awparts_emagro.xml HTTP/1.0" 200 142417350 "-" "-"
51.77.52.107 - - [30/May/2025:12:35:13 +0200] "GET /Jurek/eurofirany/images/469607/0.jpg HTTP/2.0" 200 178659 "-" "baselinker"
51.77.52.107 - - [30/May/2025:12:35:39 +0200] "GET /Jurek/eurofirany/images/469608/0.jpg HTTP/2.0" 200 178659 "-" "baselinker"
51.77.52.107 - - [30/May/2025:12:35:48 +0200] "GET /Jurek/eurofirany/images/469608/0.jpg HTTP/2.0" 200 178659 "-" "baselinker"
51.77.52.107 - - [30/May/2025:12:36:04 +0200] "GET /Jurek/eurofirany/images/469608/0.jpg HTTP/2.0" 200 178659 "-" "baselinker"
89.161.206.59 - - [30/May/2025:12:36:18 +0200] "GET /Jurek/kinghoff/feeds/kinghoff_emaghu.xml HTTP/1.0" 200 15641381 "-" "-"
51.77.52.107 - - [30/May/2025:12:36:22 +0200] "GET /Jurek/eurofirany/images/469609/0.jpg HTTP/2.0" 200 128911 "-" "baselinker"
51.77.52.107 - - [30/May/2025:12:36:27 +0200] "GET /Jurek/eurofirany/images/469609/0.jpg HTTP/2.0" 200 128911 "-" "baselinker"
51.77.52.107 - - [30/May/2025:12:36:30 +0200] "GET /Jurek/eurofirany/images/469609/0.jpg HTTP/2.0" 200 128911 "-" "baselinker"
85.232.241.194 - - [30/May/2025:12:36:35 +0200] "GET /Jurek/aw/feeds/aw_rue.xml HTTP/1.1" 200 91231698 "-" "Python-urllib/3.11"
51.77.52.107 - - [30/May/2025:12:36:39 +0200] "GET /Jurek/eurofirany/images/469610/0.jpg HTTP/2.0" 200 128911 "-" "baselinker"
52.209.168.113 - - [30/May/2025:12:36:45 +0200] "GET /marketplaces/worten2/results/worten.csv HTTP/1.1" 200 114449 "-" "Mirakl HttpClient"
85.232.241.194 - - [30/May/2025:12:36:47 +0200] "GET /Jurek/hurtownia_przemyslowa/feeds/hp_rue.xml HTTP/1.1" 200 49362016 "-" "Python-urllib/3.11"
51.77.52.107 - - [30/May/2025:12:36:47 +0200] "GET /Jurek/eurofirany/images/469610/0.jpg HTTP/2.0" 200 128911 "-" "baselinker"
85.232.241.194 - - [30/May/2025:12:36:52 +0200] "GET /Jurek/action/feeds/action_rue.xml HTTP/1.1" 200 59484750 "-" "Python-urllib/3.11"
51.77.52.107 - - [30/May/2025:12:36:59 +0200] "GET /Jurek/eurofirany/images/469610/0.jpg HTTP/2.0" 200 128911 "-" "baselinker"
89.161.206.59 - - [30/May/2025:12:36:59 +0200] "GET /Jurek/eurofirany/feeds/eurofirany_emagro.xml HTTP/1.0" 200 18729495 "-" "-"
51.77.52.107 - - [30/May/2025:12:37:01 +0200] "GET /Jurek/eurofirany/images/469611/0.jpg HTTP/2.0" 200 128911 "-" "baselinker"
89.161.206.59 - - [30/May/2025:12:37:04 +0200] "GET /Jurek/swiatecznygoliat/feeds/swiatecznygoliat_emagro.xml HTTP/1.0" 200 7051388 "-" "-"
51.77.52.107 - - [30/May/2025:12:37:17 +0200] "GET /Jurek/eurofirany/images/469611/0.jpg HTTP/2.0" 200 128911 "-" "baselinker"
89.161.206.59 - - [30/May/2025:12:37:26 +0200] "GET /Jurek/globaldeli/feeds/globaldeli_emagro.xml HTTP/1.0" 200 2590918 "-" "-"
89.161.206.59 - - [30/May/2025:12:37:26 +0200] "GET /Jurek/dekornatort/feeds/dekornatort_emagro.xml HTTP/1.0" 200 225748 "-" "-"
89.161.206.59 - - [30/May/2025:12:37:30 +0200] "GET /Jurek/fernity/feeds/fernity_emagro.xml HTTP/1.0" 200 4719928 "-" "-"
85.232.241.194 - - [30/May/2025:12:37:35 +0200] "GET /Jurek/ikonka/feeds/ikonka_rue.xml HTTP/1.1" 200 20822275 "-" "Python-urllib/3.11"
85.232.241.194 - - [30/May/2025:12:37:35 +0200] "GET /Jurek/kinghome/feeds/kinghome_rue.xml HTTP/1.1" 200 6485893 "-" "Python-urllib/3.11"
85.232.241.194 - - [30/May/2025:12:37:35 +0200] "GET /Jurek/fernity/feeds/fernity_rue.xml HTTP/1.1" 200 4718228 "-" "Python-urllib/3.11"
89.161.206.59 - - [30/May/2025:12:37:35 +0200] "GET /Jurek/hlo/feeds/hlo_emagro.xml HTTP/1.0" 200 4838786 "-" "-"
85.232.241.194 - - [30/May/2025:12:37:36 +0200] "GET /Jurek/topeshop/feeds/topeshop_rue.xml HTTP/1.1" 200 3024502 "-" "Python-urllib/3.11"
89.161.206.59 - - [30/May/2025:12:37:39 +0200] "GET /Jurek/winoszarnia/feeds/winoszarnia_emagro.xml HTTP/1.0" 200 6064968 "-" "-"
51.77.52.107 - - [30/May/2025:12:37:41 +0200] "GET /Jurek/eurofirany/images/469611/0.jpg HTTP/2.0" 200 128911 "-" "baselinker"
85.232.241.194 - - [30/May/2025:12:37:42 +0200] "GET /Jurek/kinghoff/feeds/kinghoff_rue.xml HTTP/1.1" 200 15633923 "-" "Python-urllib/3.11"
89.161.206.59 - - [30/May/2025:12:37:43 +0200] "GET /Jurek/zenga/feeds/zenga_emagro.xml HTTP/1.0" 200 222863 "-" "-"
85.232.241.194 - - [30/May/2025:12:37:48 +0200] "GET /Jurek/emibig/feeds/emibig_rue.xml HTTP/1.1" 200 2522446 "-" "Python-urllib/3.11"
85.232.241.194 - - [30/May/2025:12:37:48 +0200] "GET /Jurek/eurofirany/feeds/eurofirany_rue.xml HTTP/1.1" 200 18718778 "-" "Python-urllib/3.11"
85.232.241.194 - - [30/May/2025:12:37:49 +0200] "GET /Jurek/amzteam/feeds/amzteam_rue.xml HTTP/1.1" 200 97868 "-" "Python-urllib/3.11"
85.232.241.194 - - [30/May/2025:12:37:49 +0200] "GET /Jurek/kambukka/feeds/kambukka_rue.xml HTTP/1.1" 200 1023461 "-" "Python-urllib/3.11"
85.232.241.194 - - [30/May/2025:12:37:49 +0200] "GET /Jurek/benetech/feeds/benetech_RUE.xml HTTP/1.1" 200 4165390 "-" "Python-urllib/3.11"
85.232.241.194 - - [30/May/2025:12:37:49 +0200] "GET /Jurek/swiatecznygoliat/feeds/swiatecznygoliat_RUE.xml HTTP/1.1" 200 7050832 "-" "Python-urllib/3.11"
85.232.241.194 - - [30/May/2025:12:37:49 +0200] "GET /Jurek/artdog/feeds/artdog_RUE.xml HTTP/1.1" 200 17157693 "-" "Python-urllib/3.11"
85.232.241.194 - - [30/May/2025:12:37:49 +0200] "GET /Jurek/hdwr/feeds/hdwr_RUE.xml HTTP/1.1" 200 789438 "-" "Python-urllib/3.11"
89.161.206.59 - - [30/May/2025:12:37:54 +0200] "GET /Jurek/avenido/feeds/avenido_emagro.xml HTTP/1.0" 200 720163 "-" "-"
85.232.241.194 - - [30/May/2025:12:37:55 +0200] "GET /Jurek/sempler/feeds/sempler_rue.xml HTTP/1.1" 200 6787935 "-" "Python-urllib/3.11"
85.232.241.194 - - [30/May/2025:12:37:55 +0200] "GET /Jurek/waks/feeds/waks_RUE.xml HTTP/1.1" 200 1596552 "-" "Python-urllib/3.11"
85.232.241.194 - - [30/May/2025:12:37:56 +0200] "GET /Jurek/oromed/feeds/oromed_rue.xml HTTP/1.1" 200 1290078 "-" "Python-urllib/3.11"
89.161.206.59 - - [30/May/2025:12:37:56 +0200] "GET /Jurek/zenex/feeds/zenex_emagro.xml HTTP/1.0" 200 541782 "-" "-"
85.232.241.194 - - [30/May/2025:12:37:56 +0200] "GET /Jurek/ekuchcikowo/feeds/ekuchcikowo_rue.xml HTTP/1.1" 200 12471057 "-" "Python-urllib/3.11"
85.232.241.194 - - [30/May/2025:12:37:56 +0200] "GET /Jurek/ekolight/feeds/ekolight_rue.xml HTTP/1.1" 200 9052730 "-" "Python-urllib/3.11"
85.232.241.194 - - [30/May/2025:12:37:56 +0200] "GET /Jurek/euroshop/feeds/euroshop_rue.xml HTTP/1.1" 200 20025427 "-" "Python-urllib/3.11"
51.77.52.107 - - [30/May/2025:12:38:00 +0200] "GET /Jurek/eurofirany/images/469618/0.jpg HTTP/2.0" 200 149531 "-" "baselinker"
85.232.241.194 - - [30/May/2025:12:38:03 +0200] "GET /Jurek/galopi/feeds/galopi_rue.xml HTTP/1.1" 200 2111080 "-" "Python-urllib/3.11"
85.232.241.194 - - [30/May/2025:12:38:03 +0200] "GET /Jurek/szpaklampy/feeds/szpaklampy_rue.xml HTTP/1.1" 200 388218 "-" "Python-urllib/3.11"
85.232.241.194 - - [30/May/2025:12:38:14 +0200] "GET /Jurek/intsell/feeds/intsell_rue.xml HTTP/1.1" 200 342009695 "-" "Python-urllib/3.11"
85.232.241.194 - - [30/May/2025:12:38:15 +0200] "GET /Jurek/spali/feeds/spali_rue.xml HTTP/1.1" 200 77058 "-" "Python-urllib/3.11"
85.232.241.194 - - [30/May/2025:12:38:15 +0200] "GET /Jurek/najtanszysport/feeds/najtanszysport_rue.xml HTTP/1.1" 200 3982837 "-" "Python-urllib/3.11"
85.232.241.194 - - [30/May/2025:12:38:15 +0200] "GET /Jurek/maksik/feeds/maksik_rue.xml HTTP/1.1" 200 4084782 "-" "Python-urllib/3.11"
85.232.241.194 - - [30/May/2025:12:38:15 +0200] "GET /Jurek/urwiskowo/feeds/urwiskowo_rue.xml HTTP/1.1" 200 9115098 "-" "Python-urllib/3.11"
51.77.52.107 - - [30/May/2025:12:38:21 +0200] "GET /Jurek/eurofirany/images/469618/0.jpg HTTP/2.0" 200 149531 "-" "baselinker"
46.101.116.244 - - [30/May/2025:12:38:33 +0200] "GET /Jurek/piotrmiedz/feeds/piotrmiedz_emagro.xml HTTP/1.0" 200 91072417 "-" "-"
85.232.241.194 - - [30/May/2025:12:38:39 +0200] "GET /Jurek/naszedzieci/feeds/naszedzieci_rue.xml HTTP/1.1" 200 833177309 "-" "Python-urllib/3.11"
85.232.241.194 - - [30/May/2025:12:38:39 +0200] "GET /Jurek/aiofactory/feeds/aiofactory_rue.xml HTTP/1.1" 200 2123755 "-" "Python-urllib/3.11"
85.232.241.194 - - [30/May/2025:12:38:39 +0200] "GET /Jurek/velinda/feeds/velinda_rue.xml HTTP/1.1" 200 4227175 "-" "Python-urllib/3.11"
85.232.241.194 - - [30/May/2025:12:38:39 +0200] "GET /Jurek/globaldeli/feeds/globaldeli_rue.xml HTTP/1.1" 200 2590049 "-" "Python-urllib/3.11"
51.77.52.107 - - [30/May/2025:12:38:39 +0200] "GET /Jurek/eurofirany/images/469618/0.jpg HTTP/2.0" 200 149531 "-" "baselinker"
85.232.241.194 - - [30/May/2025:12:38:39 +0200] "GET /Jurek/straganbiur/feeds/straganbiur_rue.xml HTTP/1.1" 200 8893063 "-" "Python-urllib/3.11"
85.232.241.194 - - [30/May/2025:12:38:39 +0200] "GET /Jurek/kidshop/feeds/kidshop_rue.xml HTTP/1.1" 200 19850631 "-" "Python-urllib/3.11"
51.77.52.107 - - [30/May/2025:12:38:42 +0200] "GET /Jurek/eurofirany/images/469619/0.jpg HTTP/2.0" 200 149531 "-" "baselinker"
85.232.241.194 - - [30/May/2025:12:38:46 +0200] "GET /Jurek/elecomp/feeds/elecomp_rue.xml HTTP/1.1" 200 2867703 "-" "Python-urllib/3.11"
85.232.241.194 - - [30/May/2025:12:38:46 +0200] "GET /Jurek/luxma/feeds/luxma_rue.xml HTTP/1.1" 200 8058623 "-" "Python-urllib/3.11"
85.232.241.194 - - [30/May/2025:12:38:46 +0200] "GET /Jurek/kobi/feeds/kobi_rue.xml HTTP/1.1" 200 1993110 "-" "Python-urllib/3.11"
85.232.241.194 - - [30/May/2025:12:38:46 +0200] "GET /Jurek/hanex/feeds/hanex_rue.xml HTTP/1.1" 200 13931503 "-" "Python-urllib/3.11"
85.232.241.194 - - [30/May/2025:12:38:46 +0200] "GET /Jurek/kristronik/feeds/kristronik_rue.xml HTTP/1.1" 200 691984 "-" "Python-urllib/3.11"
85.232.241.194 - - [30/May/2025:12:38:51 +0200] "GET /Jurek/roger/feeds/roger_rue.xml HTTP/1.1" 200 1396604 "-" "Python-urllib/3.11"
85.232.241.194 - - [30/May/2025:12:38:52 +0200] "GET /Jurek/oknobest/feeds/oknobest_rue.xml HTTP/1.1" 200 2708287 "-" "Python-urllib/3.11"
85.232.241.194 - - [30/May/2025:12:38:52 +0200] "GET /Jurek/erohurtownia/feeds/erohurtownia_rue.xml HTTP/1.1" 200 22846461 "-" "Python-urllib/3.11"
85.232.241.194 - - [30/May/2025:12:38:58 +0200] "GET /Jurek/awparts/feeds/awparts_rue.xml HTTP/1.1" 200 142300634 "-" "Python-urllib/3.11"
85.232.241.194 - - [30/May/2025:12:38:58 +0200] "GET /Jurek/eurofryz3/feeds/eurofryz3_rue.xml HTTP/1.1" 200 172218 "-" "Python-urllib/3.11"
85.232.241.194 - - [30/May/2025:12:38:58 +0200] "GET /Jurek/german/feeds/german_rue.xml HTTP/1.1" 200 2853560 "-" "Python-urllib/3.11"
51.77.52.107 - - [30/May/2025:12:39:02 +0200] "GET /Jurek/eurofirany/images/469619/0.jpg HTTP/2.0" 200 149531 "-" "baselinker"
85.232.241.194 - - [30/May/2025:12:39:04 +0200] "GET /Jurek/dropkz/feeds/dropkz_rue.xml HTTP/1.1" 200 70014651 "-" "Python-urllib/3.11"
85.232.241.194 - - [30/May/2025:12:39:04 +0200] "GET /Jurek/shiori/feeds/shiori_rue.xml HTTP/1.1" 200 453658 "-" "Python-urllib/3.11"
85.232.241.194 - - [30/May/2025:12:39:04 +0200] "GET /Jurek/straganspoz/feeds/straganspoz_rue.xml HTTP/1.1" 200 9514324 "-" "Python-urllib/3.11"
85.232.241.194 - - [30/May/2025:12:39:04 +0200] "GET /Jurek/sternhoff/feeds/sternhoff_rue.xml HTTP/1.1" 200 1775263 "-" "Python-urllib/3.11"
51.77.52.107 - - [30/May/2025:12:39:05 +0200] "GET /Jurek/eurofirany/images/469619/0.jpg HTTP/2.0" 200 149531 "-" "baselinker"
85.232.241.194 - - [30/May/2025:12:39:10 +0200] "GET /Jurek/playcob/feeds/playcob_rue.xml HTTP/1.1" 200 6980138 "-" "Python-urllib/3.11"
85.232.241.194 - - [30/May/2025:12:39:10 +0200] "GET /Jurek/broers/feeds/broers_rue.xml HTTP/1.1" 200 1982587 "-" "Python-urllib/3.11"
85.232.241.194 - - [30/May/2025:12:39:10 +0200] "GET /Jurek/jankeski/feeds/jankeski_rue.xml HTTP/1.1" 200 6571130 "-" "Python-urllib/3.11"
85.232.241.194 - - [30/May/2025:12:39:10 +0200] "GET /Jurek/zbimatyja/feeds/zbimatyja_rue.xml HTTP/1.1" 200 11669683 "-" "Python-urllib/3.11"
51.77.52.107 - - [30/May/2025:12:39:11 +0200] "GET /Jurek/eurofirany/images/469620/0.jpg HTTP/2.0" 200 149531 "-" "baselinker"
85.232.241.194 - - [30/May/2025:12:39:16 +0200] "GET /Jurek/rider/feeds/rider_rue.xml HTTP/1.1" 200 8165194 "-" "Python-urllib/3.11"
85.232.241.194 - - [30/May/2025:12:39:16 +0200] "GET /Jurek/omi/feeds/omi_rue.xml HTTP/1.1" 200 8100723 "-" "Python-urllib/3.11"
85.232.241.194 - - [30/May/2025:12:39:16 +0200] "GET /Jurek/hlo/feeds/hlo_rue.xml HTTP/1.1" 200 4837763 "-" "Python-urllib/3.11"
85.232.241.194 - - [30/May/2025:12:39:16 +0200] "GET /Jurek/asortymenteu/feeds/asortymenteu_rue.xml HTTP/1.1" 200 2872058 "-" "Python-urllib/3.11"
85.232.241.194 - - [30/May/2025:12:39:16 +0200] "GET /Jurek/smxdesign/feeds/smxdesign_rue.xml HTTP/1.1" 200 1829005 "-" "Python-urllib/3.11"
85.232.241.194 - - [30/May/2025:12:39:16 +0200] "GET /Jurek/cdata/feeds/cdata_rue.xml HTTP/1.1" 200 1445179 "-" "Python-urllib/3.11"
85.232.241.194 - - [30/May/2025:12:39:16 +0200] "GET /Jurek/newtechele/feeds/newtechele_rue.xml HTTP/1.1" 200 2438479 "-" "Python-urllib/3.11"
85.232.241.194 - - [30/May/2025:12:39:16 +0200] "GET /Jurek/sebmart/feeds/sebmart_rue.xml HTTP/1.1" 200 1598725 "-" "Python-urllib/3.11"
51.77.52.107 - - [30/May/2025:12:39:17 +0200] "GET /Jurek/eurofirany/images/469620/0.jpg HTTP/2.0" 200 149531 "-" "baselinker"
85.232.241.194 - - [30/May/2025:12:39:21 +0200] "GET /Jurek/tsjerzy/feeds/tsjerzy_rue.xml HTTP/1.1" 200 3897727 "-" "Python-urllib/3.11"
85.232.241.194 - - [30/May/2025:12:39:21 +0200] "GET /Jurek/carbonyway/feeds/carbonyway_rue.xml HTTP/1.1" 200 3075966 "-" "Python-urllib/3.11"
85.232.241.194 - - [30/May/2025:12:39:21 +0200] "GET /Jurek/kamar/feeds/kamar_rue.xml HTTP/1.1" 200 25550292 "-" "Python-urllib/3.11"
85.232.241.194 - - [30/May/2025:12:39:21 +0200] "GET /Jurek/beautycare/feeds/beautycare_rue.xml HTTP/1.1" 200 1181327 "-" "Python-urllib/3.11"
85.232.241.194 - - [30/May/2025:12:39:21 +0200] "GET /Jurek/avenido/feeds/avenido_rue.xml HTTP/1.1" 200 720111 "-" "Python-urllib/3.11"
85.232.241.194 - - [30/May/2025:12:39:21 +0200] "GET /Jurek/zenex/feeds/zenex_rue.xml HTTP/1.1" 200 541212 "-" "Python-urllib/3.11"
85.232.241.194 - - [30/May/2025:12:39:21 +0200] "GET /Jurek/filmal/feeds/filmal_rue.xml HTTP/1.1" 200 139271 "-" "Python-urllib/3.11"
85.232.241.194 - - [30/May/2025:12:39:21 +0200] "GET /Jurek/fertes/feeds/fertes_rue.xml HTTP/1.1" 200 2361839 "-" "Python-urllib/3.11"
85.232.241.194 - - [30/May/2025:12:39:21 +0200] "GET /Jurek/jakdroz/feeds/jakdroz_rue.xml HTTP/1.1" 200 4089822 "-" "Python-urllib/3.11"
85.232.241.194 - - [30/May/2025:12:39:27 +0200] "GET /Jurek/makow/feeds/makow_rue.xml HTTP/1.1" 200 21203642 "-" "Python-urllib/3.11"
85.232.241.194 - - [30/May/2025:12:39:27 +0200] "GET /Jurek/apresto/feeds/apresto_rue.xml HTTP/1.1" 200 1327669 "-" "Python-urllib/3.11"
85.232.241.194 - - [30/May/2025:12:39:27 +0200] "GET /Jurek/kalama/feeds/kalama_rue.xml HTTP/1.1" 200 2661765 "-" "Python-urllib/3.11"
85.232.241.194 - - [30/May/2025:12:39:27 +0200] "GET /Jurek/proadventure/feeds/proadventure_rue.xml HTTP/1.1" 200 10763489 "-" "Python-urllib/3.11"
51.77.52.107 - - [30/May/2025:12:39:30 +0200] "GET /Jurek/eurofirany/images/469620/0.jpg HTTP/2.0" 200 149531 "-" "baselinker"
85.232.241.194 - - [30/May/2025:12:39:33 +0200] "GET /Jurek/bloomglow/feeds/bloomglow_rue.xml HTTP/1.1" 200 14095450 "-" "Python-urllib/3.11"
51.77.52.107 - - [30/May/2025:12:39:35 +0200] "GET /Jurek/eurofirany/images/469621/0.jpg HTTP/2.0" 200 144291 "-" "baselinker"
51.77.52.107 - - [30/May/2025:12:39:42 +0200] "GET /Jurek/eurofirany/images/469621/0.jpg HTTP/2.0" 200 144291 "-" "baselinker"
51.77.52.107 - - [30/May/2025:12:39:48 +0200] "GET /Jurek/eurofirany/images/469621/0.jpg HTTP/2.0" 200 144291 "-" "baselinker"
51.77.52.107 - - [30/May/2025:12:40:00 +0200] "GET /Jurek/eurofirany/images/469623/0.jpg HTTP/2.0" 200 144291 "-" "baselinker"
51.77.52.107 - - [30/May/2025:12:40:08 +0200] "GET /Jurek/eurofirany/images/469623/0.jpg HTTP/2.0" 200 144291 "-" "baselinker"
51.77.52.107 - - [30/May/2025:12:40:29 +0200] "GET /Jurek/eurofirany/images/469623/0.jpg HTTP/2.0" 200 144291 "-" "baselinker"
51.77.52.107 - - [30/May/2025:12:40:43 +0200] "GET /Jurek/eurofirany/images/469584/0.jpg HTTP/2.0" 200 176499 "-" "baselinker"
51.77.52.107 - - [30/May/2025:12:41:01 +0200] "GET /Jurek/eurofirany/images/469584/0.jpg HTTP/2.0" 200 176499 "-" "baselinker"
51.77.52.107 - - [30/May/2025:12:41:07 +0200] "GET /Jurek/eurofirany/images/469584/0.jpg HTTP/2.0" 200 176499 "-" "baselinker"
51.77.52.107 - - [30/May/2025:12:41:25 +0200] "GET /Jurek/eurofirany/images/469586/0.jpg HTTP/2.0" 200 176499 "-" "baselinker"
51.77.52.107 - - [30/May/2025:12:41:40 +0200] "GET /Jurek/eurofirany/images/469586/0.jpg HTTP/2.0" 200 176499 "-" "baselinker"
51.77.52.107 - - [30/May/2025:12:41:57 +0200] "GET /Jurek/eurofirany/images/469586/0.jpg HTTP/2.0" 200 176499 "-" "baselinker"
85.232.241.194 - - [30/May/2025:12:42:09 +0200] "GET /Jurek/b3/feeds/b3_rue.xml HTTP/1.1" 200 8013537 "-" "Python-urllib/3.11"
51.77.52.107 - - [30/May/2025:12:42:17 +0200] "GET /Jurek/eurofirany/images/469587/0.jpg HTTP/2.0" 200 136603 "-" "baselinker"
85.232.241.194 - - [30/May/2025:12:42:21 +0200] "GET /Jurek/fertone/feeds/fertone_rue.xml HTTP/1.1" 200 583879 "-" "Python-urllib/3.11"
51.77.52.107 - - [30/May/2025:12:42:32 +0200] "GET /Jurek/eurofirany/images/469587/0.jpg HTTP/2.0" 200 136603 "-" "baselinker"
85.232.241.194 - - [30/May/2025:12:42:32 +0200] "GET /Jurek/coppotech/feeds/coppotech_rue.xml HTTP/1.1" 200 38049335 "-" "Python-urllib/3.11"
51.77.52.107 - - [30/May/2025:12:42:54 +0200] "GET /Jurek/eurofirany/images/469587/0.jpg HTTP/2.0" 200 136603 "-" "baselinker"
51.77.52.107 - - [30/May/2025:12:43:09 +0200] "GET /Jurek/eurofirany/images/469590/0.jpg HTTP/2.0" 200 136603 "-" "baselinker"
77.79.248.229 - - [30/May/2025:12:43:10 +0200] "GET /Jurek/vidaSI/feeds/vidaSI_bigbang.xml HTTP/1.1" 200 779917096 "-" "Python-urllib/3.11"
77.79.248.229 - - [30/May/2025:12:43:10 +0200] "GET /Jurek/cenoman/feeds/cenoman_bigbang.xml HTTP/1.1" 200 5993113 "-" "Python-urllib/3.11"
77.79.248.229 - - [30/May/2025:12:43:10 +0200] "GET /Jurek/matkam/feeds/matkam_bigbang.xml HTTP/1.1" 200 5000193 "-" "Python-urllib/3.11"
77.79.248.229 - - [30/May/2025:12:43:11 +0200] "GET /Jurek/fertes/feeds/fertes_bigbang.xml HTTP/1.1" 200 2361872 "-" "Python-urllib/3.11"
77.79.248.229 - - [30/May/2025:12:43:11 +0200] "GET /Jurek/makow/feeds/makow_bigbang.xml HTTP/1.1" 200 21203585 "-" "Python-urllib/3.11"
77.79.248.229 - - [30/May/2025:12:43:11 +0200] "GET /Jurek/kalama/feeds/kalama_bigbang.xml HTTP/1.1" 200 2661725 "-" "Python-urllib/3.11"
77.79.248.229 - - [30/May/2025:12:43:14 +0200] "GET /Jurek/zbimatyja/feeds/zbimatyja_bigbang.xml HTTP/1.1" 200 11667155 "-" "Python-urllib/3.11"
51.77.52.107 - - [30/May/2025:12:43:25 +0200] "GET /Jurek/eurofirany/images/469590/0.jpg HTTP/2.0" 200 136603 "-" "baselinker"
77.79.248.229 - - [30/May/2025:12:43:26 +0200] "GET /Jurek/aw/feeds/awnarzedzia_bigbang.xml HTTP/1.1" 200 91203878 "-" "Python-urllib/3.11"
77.79.248.229 - - [30/May/2025:12:43:29 +0200] "GET /Jurek/action/feeds/action_bigbang.xml HTTP/1.1" 200 59481948 "-" "Python-urllib/3.11"
77.79.248.229 - - [30/May/2025:12:43:29 +0200] "GET /Jurek/ikonka/feeds/ikonka_bigbang.xml HTTP/1.1" 200 20822239 "-" "Python-urllib/3.11"
77.79.248.229 - - [30/May/2025:12:43:32 +0200] "GET /Jurek/activeshop/feeds/activeshop_bigbang.xml HTTP/1.1" 200 10418407 "-" "Python-urllib/3.11"
77.79.248.229 - - [30/May/2025:12:43:33 +0200] "GET /Jurek/b3/feeds/b3_bigbang.xml HTTP/1.1" 200 8013321 "-" "Python-urllib/3.11"
77.79.248.229 - - [30/May/2025:12:43:33 +0200] "GET /Jurek/asortymenteu/feeds/asortymenteu_bigbang.xml HTTP/1.1" 200 2872072 "-" "Python-urllib/3.11"
77.79.248.229 - - [30/May/2025:12:43:33 +0200] "GET /Jurek/stema/feeds/stema_bigbang.xml HTTP/1.1" 200 893933 "-" "Python-urllib/3.11"
77.79.248.229 - - [30/May/2025:12:43:33 +0200] "GET /Jurek/sempler/feeds/sempler_bigbang.xml HTTP/1.1" 200 6787945 "-" "Python-urllib/3.11"
77.79.248.229 - - [30/May/2025:12:43:33 +0200] "GET /Jurek/benetech/feeds/benetech_bigbang.xml HTTP/1.1" 200 4165378 "-" "Python-urllib/3.11"
77.79.248.229 - - [30/May/2025:12:43:34 +0200] "GET /Jurek/ekuchcikowo/feeds/ekuchcikowo_bigbang.xml HTTP/1.1" 200 12470937 "-" "Python-urllib/3.11"
77.79.248.229 - - [30/May/2025:12:43:34 +0200] "GET /Jurek/erohurtownia/feeds/erohurtownia_bigbang.xml HTTP/1.1" 200 22846274 "-" "Python-urllib/3.11"
77.79.248.229 - - [30/May/2025:12:43:36 +0200] "GET /Jurek/awparts/feeds/awparts_bigbang.xml HTTP/1.1" 200 142296371 "-" "Python-urllib/3.11"
77.79.248.229 - - [30/May/2025:12:43:36 +0200] "GET /Jurek/najtanszysport/feeds/najtanszysport_bigbang.xml HTTP/1.1" 200 3982882 "-" "Python-urllib/3.11"
77.79.248.229 - - [30/May/2025:12:43:36 +0200] "GET /Jurek/playcob/feeds/playcob_bigbang.xml HTTP/1.1" 200 6980114 "-" "Python-urllib/3.11"
77.79.248.229 - - [30/May/2025:12:43:37 +0200] "GET /Jurek/kidshop/feeds/kidshop_bigbang.xml HTTP/1.1" 200 19845640 "-" "Python-urllib/3.11"
77.79.248.229 - - [30/May/2025:12:43:37 +0200] "GET /Jurek/elavia/feeds/elavia_bigbang.xml HTTP/1.1" 200 2497291 "-" "Python-urllib/3.11"
77.79.248.229 - - [30/May/2025:12:43:37 +0200] "GET /Jurek/straganbiur/feeds/straganbiur_bigbang.xml HTTP/1.1" 200 8892999 "-" "Python-urllib/3.11"
77.79.248.229 - - [30/May/2025:12:43:37 +0200] "GET /Jurek/elecomp/feeds/elecomp_bigbang.xml HTTP/1.1" 200 2867711 "-" "Python-urllib/3.11"
77.79.248.229 - - [30/May/2025:12:43:37 +0200] "GET /Jurek/roger/feeds/roger_bigbang.xml HTTP/1.1" 200 1396636 "-" "Python-urllib/3.11"
77.79.248.229 - - [30/May/2025:12:43:38 +0200] "GET /Jurek/kristronik/feeds/kristronik_bigbang.xml HTTP/1.1" 200 691989 "-" "Python-urllib/3.11"
77.79.248.229 - - [30/May/2025:12:43:38 +0200] "GET /Jurek/oknobest/feeds/oknobest_bigbang.xml HTTP/1.1" 200 2708290 "-" "Python-urllib/3.11"
77.79.248.229 - - [30/May/2025:12:43:38 +0200] "GET /Jurek/globaldeli/feeds/globaldeli_bigbang.xml HTTP/1.1" 200 2590049 "-" "Python-urllib/3.11"
77.79.248.229 - - [30/May/2025:12:43:38 +0200] "GET /Jurek/rider/feeds/rider_bigbang.xml HTTP/1.1" 200 8165150 "-" "Python-urllib/3.11"
77.79.248.229 - - [30/May/2025:12:43:38 +0200] "GET /Jurek/luxma/feeds/luxma_bigbang.xml HTTP/1.1" 200 8058618 "-" "Python-urllib/3.11"
77.79.248.229 - - [30/May/2025:12:43:38 +0200] "GET /Jurek/smxdesign/feeds/smxdesign_bigbang.xml HTTP/1.1" 200 1829034 "-" "Python-urllib/3.11"
77.79.248.229 - - [30/May/2025:12:43:39 +0200] "GET /Jurek/dropkz/feeds/dropkz_bigbang.xml HTTP/1.1" 200 70013903 "-" "Python-urllib/3.11"
51.77.52.107 - - [30/May/2025:12:43:40 +0200] "GET /Jurek/eurofirany/images/469590/0.jpg HTTP/2.0" 200 136603 "-" "baselinker"
77.79.248.229 - - [30/May/2025:12:43:40 +0200] "GET /Jurek/pawonik/feeds/pawonik_bigbang.xml HTTP/1.1" 200 2138412 "-" "Python-urllib/3.11"
77.79.248.229 - - [30/May/2025:12:43:40 +0200] "GET /Jurek/spali/feeds/spali_bigbang.xml HTTP/1.1" 200 77053 "-" "Python-urllib/3.11"
77.79.248.229 - - [30/May/2025:12:43:40 +0200] "GET /Jurek/newtechele/feeds/newtechele_bigbang.xml HTTP/1.1" 200 2438469 "-" "Python-urllib/3.11"
77.79.248.229 - - [30/May/2025:12:43:40 +0200] "GET /Jurek/maksik/feeds/maksik_bigbang.xml HTTP/1.1" 200 4084788 "-" "Python-urllib/3.11"
77.79.248.229 - - [30/May/2025:12:43:41 +0200] "GET /Jurek/beltimore/feeds/beltimore_bigbang.xml HTTP/1.1" 200 18652245 "-" "Python-urllib/3.11"
77.79.248.229 - - [30/May/2025:12:43:41 +0200] "GET /Jurek/rovato/feeds/rovato_bigbang.xml HTTP/1.1" 200 180833 "-" "Python-urllib/3.11"
77.79.248.229 - - [30/May/2025:12:43:41 +0200] "GET /Jurek/eurofryz/feeds/eurofryz_bigbang.xml HTTP/1.1" 200 1381542 "-" "Python-urllib/3.11"
77.79.248.229 - - [30/May/2025:12:43:41 +0200] "GET /Jurek/alucon/feeds/alucon_bigbang.xml HTTP/1.1" 200 553569 "-" "Python-urllib/3.11"
77.79.248.229 - - [30/May/2025:12:43:41 +0200] "GET /Jurek/omi/feeds/omi_bigbang.xml HTTP/1.1" 200 8100712 "-" "Python-urllib/3.11"
77.79.248.229 - - [30/May/2025:12:43:42 +0200] "GET /Jurek/kamar/feeds/kamar_bigbang.xml HTTP/1.1" 200 25550119 "-" "Python-urllib/3.11"
77.79.248.229 - - [30/May/2025:12:43:42 +0200] "GET /Jurek/beautycare/feeds/beautycare_bigbang.xml HTTP/1.1" 200 1181270 "-" "Python-urllib/3.11"
77.79.248.229 - - [30/May/2025:12:43:42 +0200] "GET /Jurek/avenido/feeds/avenido_bigbang.xml HTTP/1.1" 200 720113 "-" "Python-urllib/3.11"
77.79.248.229 - - [30/May/2025:12:43:42 +0200] "GET /Jurek/zenex/feeds/zenex_bigbang.xml HTTP/1.1" 200 541212 "-" "Python-urllib/3.11"
77.79.248.229 - - [30/May/2025:12:43:42 +0200] "GET /Jurek/sternhoff/feeds/sternhoff_bigbang.xml HTTP/1.1" 200 1775243 "-" "Python-urllib/3.11"
77.79.248.229 - - [30/May/2025:12:43:42 +0200] "GET /Jurek/straganspoz/feeds/straganspoz_bigbang.xml HTTP/1.1" 200 9514390 "-" "Python-urllib/3.11"
77.79.248.229 - - [30/May/2025:12:43:42 +0200] "GET /Jurek/apresto/feeds/apresto_bigbang.xml HTTP/1.1" 200 1327606 "-" "Python-urllib/3.11"
77.79.248.229 - - [30/May/2025:12:43:43 +0200] "GET /Jurek/fertone/feeds/fertone_bigbang.xml HTTP/1.1" 200 583869 "-" "Python-urllib/3.11"
77.79.248.229 - - [30/May/2025:12:43:43 +0200] "GET /Jurek/fernity/feeds/fernity_bigbang.xml HTTP/1.1" 200 4718078 "-" "Python-urllib/3.11"
77.79.248.229 - - [30/May/2025:12:43:43 +0200] "GET /Jurek/jankeski/feeds/jankeski_bigbang.xml HTTP/1.1" 200 6571143 "-" "Python-urllib/3.11"
77.79.248.229 - - [30/May/2025:12:43:43 +0200] "GET /Jurek/bloomglow/feeds/bloomglow_bigbang.xml HTTP/1.1" 200 14095289 "-" "Python-urllib/3.11"
77.79.248.229 - - [30/May/2025:12:43:43 +0200] "GET /Jurek/galopi/feeds/galopi_bigbang.xml HTTP/1.1" 200 2111075 "-" "Python-urllib/3.11"
77.79.248.229 - - [30/May/2025:12:43:44 +0200] "GET /Jurek/hurtmeblowy/feeds/hurtmeblowy_bigbang.xml HTTP/1.1" 200 8542893 "-" "Python-urllib/3.11"
193.33.8.61 - - [30/May/2025:12:43:52 +0200] "GET /Jurek/eany/Smoking%20Red%20Vloeipapier%20met%20Filters%2033%20papieren HTTP/2.0" 404 3551 "-" "Mozilla/5.0 (Windows NT 10.0; Win64; x64) AppleWebKit/537.36 (KHTML, like Gecko) Chrome/136.0.0.0 Safari/537.36"
51.77.52.107 - - [30/May/2025:12:43:52 +0200] "GET /Jurek/eurofirany/images/469591/0.jpg HTTP/2.0" 200 136603 "-" "baselinker"
51.77.52.107 - - [30/May/2025:12:43:58 +0200] "GET /Jurek/eurofirany/images/469591/0.jpg HTTP/2.0" 200 136603 "-" "baselinker"
51.77.52.107 - - [30/May/2025:12:44:17 +0200] "GET /Jurek/eurofirany/images/469591/0.jpg HTTP/2.0" 200 136603 "-" "baselinker"
51.77.52.107 - - [30/May/2025:12:44:24 +0200] "GET /Jurek/eurofirany/images/469612/0.jpg HTTP/2.0" 200 159953 "-" "baselinker"
51.77.52.107 - - [30/May/2025:12:44:28 +0200] "GET /Jurek/eurofirany/images/469612/0.jpg HTTP/2.0" 200 159953 "-" "baselinker"
51.77.52.107 - - [30/May/2025:12:44:44 +0200] "GET /Jurek/eurofirany/images/469612/0.jpg HTTP/2.0" 200 159953 "-" "baselinker"
51.77.52.107 - - [30/May/2025:12:44:50 +0200] "GET /Jurek/eurofirany/images/469613/0.jpg HTTP/2.0" 200 159953 "-" "baselinker"
51.77.52.107 - - [30/May/2025:12:44:56 +0200] "GET /Jurek/eurofirany/images/469613/0.jpg HTTP/2.0" 200 159953 "-" "baselinker"
51.77.52.107 - - [30/May/2025:12:45:15 +0200] "GET /Jurek/eurofirany/images/469613/0.jpg HTTP/2.0" 200 159953 "-" "baselinker"
51.77.52.107 - - [30/May/2025:12:45:33 +0200] "GET /Jurek/eurofirany/images/469614/0.jpg HTTP/2.0" 200 159953 "-" "baselinker"
51.77.52.107 - - [30/May/2025:12:45:46 +0200] "GET /Jurek/eurofirany/images/469614/0.jpg HTTP/2.0" 200 159953 "-" "baselinker"
51.77.52.107 - - [30/May/2025:12:45:52 +0200] "GET /Jurek/eurofirany/images/469614/0.jpg HTTP/2.0" 200 159953 "-" "baselinker"
51.77.52.107 - - [30/May/2025:12:46:08 +0200] "GET /Jurek/eurofirany/images/469615/0.jpg HTTP/2.0" 200 165861 "-" "baselinker"
51.77.52.107 - - [30/May/2025:12:46:13 +0200] "GET /Jurek/eurofirany/images/469615/0.jpg HTTP/2.0" 200 165861 "-" "baselinker"
46.101.116.244 - - [30/May/2025:12:46:13 +0200] "GET /Jurek/eurofirany/feeds/eurofirany_empik.xml HTTP/1.0" 200 18720092 "-" "-"
51.77.52.107 - - [30/May/2025:12:46:18 +0200] "GET /Jurek/eurofirany/images/469615/0.jpg HTTP/2.0" 200 165861 "-" "baselinker"
46.101.116.244 - - [30/May/2025:12:46:22 +0200] "GET /Jurek/b3/feeds/b3_alza.xml HTTP/2.0" 200 8018120 "-" "-"
51.77.52.107 - - [30/May/2025:12:46:33 +0200] "GET /Jurek/eurofirany/images/469616/0.jpg HTTP/2.0" 200 165861 "-" "baselinker"
46.101.116.244 - - [30/May/2025:12:46:46 +0200] "GET /Jurek/action/feeds/action_alza.xml HTTP/2.0" 200 59524598 "-" "-"
51.77.52.107 - - [30/May/2025:12:46:51 +0200] "GET /Jurek/eurofirany/images/469616/0.jpg HTTP/2.0" 200 165861 "-" "baselinker"
46.101.116.244 - - [30/May/2025:12:46:55 +0200] "GET /Jurek/chemex/feeds/chemex_empik.xml HTTP/1.0" 200 47822490 "-" "-"
51.77.52.107 - - [30/May/2025:12:47:07 +0200] "GET /Jurek/eurofirany/images/469616/0.jpg HTTP/2.0" 200 165861 "-" "baselinker"
51.77.52.107 - - [30/May/2025:12:47:14 +0200] "GET /Jurek/eurofirany/images/469617/0.jpg HTTP/2.0" 200 165861 "-" "baselinker"
51.77.52.107 - - [30/May/2025:12:47:18 +0200] "GET /Jurek/eurofirany/images/469617/0.jpg HTTP/2.0" 200 165861 "-" "baselinker"
51.77.52.107 - - [30/May/2025:12:47:23 +0200] "GET /Jurek/eurofirany/images/469617/0.jpg HTTP/2.0" 200 165861 "-" "baselinker"
51.77.52.107 - - [30/May/2025:12:47:30 +0200] "GET /Jurek/eurofirany/images/468192/0.jpg HTTP/2.0" 200 70986 "-" "baselinker"
51.77.52.107 - - [30/May/2025:12:47:47 +0200] "GET /Jurek/eurofirany/images/468192/0.jpg HTTP/2.0" 200 70986 "-" "baselinker"
51.77.52.107 - - [30/May/2025:12:48:00 +0200] "GET /Jurek/eurofirany/images/468192/0.jpg HTTP/2.0" 200 70986 "-" "baselinker"
46.101.116.244 - - [30/May/2025:12:48:18 +0200] "GET /Jurek/unimet/feeds/unimet_alza.xml HTTP/2.0" 200 61207225 "-" "-"
51.77.52.107 - - [30/May/2025:12:48:25 +0200] "GET /Jurek/eurofirany/images/468193/0.jpg HTTP/2.0" 200 96601 "-" "baselinker"
66.211.183.74 - - [30/May/2025:12:48:26 +0200] "GET /Jurek/topeshop/downloaded_images/5904507202392_20_st.jpg HTTP/1.1" 200 33576 "http://www.ebay.com/" "Mozilla/5.0 (Windows NT 10.0; Win64; x64) AppleWebKit/537.36 (KHTML, like Gecko) Chrome/123.0.0.0 Safari/537.36"
66.211.183.72 - - [30/May/2025:12:48:26 +0200] "GET /Jurek/topeshop/downloaded_images/5904507202392_Wymiary_biel_Obszar_roboczy_1.jpg HTTP/1.1" 200 37398 "http://www.ebay.com/" "Mozilla/5.0 (Windows NT 10.0; Win64; x64) AppleWebKit/537.36 (KHTML, like Gecko) Chrome/123.0.0.0 Safari/537.36"
66.211.183.72 - - [30/May/2025:12:48:26 +0200] "GET /Jurek/topeshop/downloaded_images/5904507202392_Modern2P_Biel(3).jpg HTTP/1.1" 404 3551 "http://www.ebay.com/" "Mozilla/5.0 (Windows NT 10.0; Win64; x64) AppleWebKit/537.36 (KHTML, like Gecko) Chrome/123.0.0.0 Safari/537.36"
66.211.183.70 - - [30/May/2025:12:48:26 +0200] "GET /Jurek/topeshop/downloaded_images/5904507202392_front.jpg HTTP/1.1" 200 29847 "http://www.ebay.com/" "Mozilla/5.0 (Windows NT 10.0; Win64; x64) AppleWebKit/537.36 (KHTML, like Gecko) Chrome/123.0.0.0 Safari/537.36"
66.211.183.72 - - [30/May/2025:12:48:26 +0200] "GET /Jurek/topeshop/downloaded_images/5904507202392_Modern2P_Biel(1).jpg HTTP/1.1" 404 3551 "http://www.ebay.com/" "Mozilla/5.0 (Windows NT 10.0; Win64; x64) AppleWebKit/537.36 (KHTML, like Gecko) Chrome/123.0.0.0 Safari/537.36"
66.211.183.72 - - [30/May/2025:12:48:26 +0200] "GET /Jurek/topeshop/downloaded_images/5904507202392_Modern2P_Biel(4).jpg HTTP/1.1" 404 3551 "http://www.ebay.com/" "Mozilla/5.0 (Windows NT 10.0; Win64; x64) AppleWebKit/537.36 (KHTML, like Gecko) Chrome/123.0.0.0 Safari/537.36"
66.211.183.71 - - [30/May/2025:12:48:26 +0200] "GET /Jurek/topeshop/downloaded_images/5904507202392_Modern2P_Biel(5).jpg HTTP/1.1" 404 3551 "http://www.ebay.com/" "Mozilla/5.0 (Windows NT 10.0; Win64; x64) AppleWebKit/537.36 (KHTML, like Gecko) Chrome/123.0.0.0 Safari/537.36"
66.211.183.72 - - [30/May/2025:12:48:26 +0200] "GET /Jurek/topeshop/downloaded_images/5904507202392_Modern2P_Biel(2).jpg HTTP/1.1" 404 3551 "http://www.ebay.com/" "Mozilla/5.0 (Windows NT 10.0; Win64; x64) AppleWebKit/537.36 (KHTML, like Gecko) Chrome/123.0.0.0 Safari/537.36"
66.211.183.70 - - [30/May/2025:12:48:27 +0200] "GET /Jurek/topeshop/downloaded_images/5904507202392_biel.png HTTP/1.1" 200 1318714 "http://www.ebay.com/" "Mozilla/5.0 (Windows NT 10.0; Win64; x64) AppleWebKit/537.36 (KHTML, like Gecko) Chrome/123.0.0.0 Safari/537.36"
51.77.52.107 - - [30/May/2025:12:48:31 +0200] "GET /Jurek/eurofirany/images/468193/0.jpg HTTP/2.0" 200 96601 "-" "baselinker"
51.77.52.107 - - [30/May/2025:12:48:49 +0200] "GET /Jurek/eurofirany/images/468193/0.jpg HTTP/2.0" 200 96601 "-" "baselinker"
46.101.116.244 - - [30/May/2025:12:49:08 +0200] "GET /Jurek/fernity/feeds/fernity_manomano.xml HTTP/1.0" 200 4718033 "-" "-"
51.77.52.107 - - [30/May/2025:12:49:15 +0200] "GET /Jurek/eurofirany/images/468195/0.jpg HTTP/2.0" 200 88200 "-" "baselinker"
51.77.52.107 - - [30/May/2025:12:49:19 +0200] "GET /Jurek/eurofirany/images/468195/0.jpg HTTP/2.0" 200 88200 "-" "baselinker"
51.77.52.107 - - [30/May/2025:12:49:31 +0200] "GET /Jurek/eurofirany/images/468195/0.jpg HTTP/2.0" 200 88200 "-" "baselinker"
89.161.206.59 - - [30/May/2025:12:49:32 +0200] "GET /Jurek/reman/feeds/reman_cdsc.xml HTTP/1.0" 200 400872 "-" "-"
89.161.206.59 - - [30/May/2025:12:49:35 +0200] "GET /Jurek/takapara/feeds/takapara_cdsc.xml HTTP/1.0" 200 1398924 "-" "-"
51.77.52.107 - - [30/May/2025:12:49:38 +0200] "GET /Jurek/eurofirany/images/468196/0.jpg HTTP/2.0" 200 102375 "-" "baselinker"
46.101.116.244 - - [30/May/2025:12:49:52 +0200] "GET /Jurek/andex/feeds/andex_alza.xml HTTP/2.0" 200 1954468 "-" "-"
51.77.52.107 - - [30/May/2025:12:50:01 +0200] "GET /Jurek/eurofirany/images/468196/0.jpg HTTP/2.0" 200 102375 "-" "baselinker"
46.101.116.244 - - [30/May/2025:12:50:04 +0200] "GET /Jurek/aw/feeds/awnarzedzia_alza.xml HTTP/2.0" 200 91332247 "-" "-"
51.77.52.107 - - [30/May/2025:12:50:05 +0200] "GET /Jurek/eurofirany/images/468196/0.jpg HTTP/2.0" 200 102375 "-" "baselinker"
51.77.52.107 - - [30/May/2025:12:50:11 +0200] "GET /Jurek/eurofirany/images/468197/0.jpg HTTP/2.0" 200 133806 "-" "baselinker"
51.77.52.107 - - [30/May/2025:12:50:17 +0200] "GET /Jurek/eurofirany/images/468197/0.jpg HTTP/2.0" 200 133806 "-" "baselinker"
51.77.52.107 - - [30/May/2025:12:50:23 +0200] "GET /Jurek/eurofirany/images/468197/0.jpg HTTP/2.0" 200 133806 "-" "baselinker"
46.101.116.244 - - [30/May/2025:12:50:24 +0200] "GET /Jurek/detian/feeds/detian_alza.xml HTTP/2.0" 404 3551 "-" "-"
46.101.116.244 - - [30/May/2025:12:50:27 +0200] "GET /Jurek/awparts/feeds/awparts_manoFR.xml HTTP/1.0" 200 142299344 "-" "-"
51.77.52.107 - - [30/May/2025:12:50:28 +0200] "GET /Jurek/eurofirany/images/468198/0.jpg HTTP/2.0" 200 106450 "-" "baselinker"
51.77.52.107 - - [30/May/2025:12:50:34 +0200] "GET /Jurek/eurofirany/images/468198/0.jpg HTTP/2.0" 200 106450 "-" "baselinker"
46.101.116.244 - - [30/May/2025:12:50:35 +0200] "GET /Jurek/fernity/feeds/fernity_alza.xml HTTP/2.0" 200 4721907 "-" "-"
46.101.116.244 - - [30/May/2025:12:50:46 +0200] "GET /Jurek/fernity/feeds/fernity_cdiscount.xml HTTP/1.0" 200 3143460 "-" "-"
89.161.206.59 - - [30/May/2025:12:50:47 +0200] "GET /Jurek/szpaklampy/feeds/szpaklampy_cdsc.xml HTTP/1.0" 200 395822 "-" "-"
89.161.206.59 - - [30/May/2025:12:50:47 +0200] "GET /Jurek/sartrix/feeds/sartrix_cdsc.xml HTTP/1.0" 200 867434 "-" "-"
51.77.52.107 - - [30/May/2025:12:50:49 +0200] "GET /Jurek/eurofirany/images/468198/0.jpg HTTP/2.0" 200 106450 "-" "baselinker"
51.77.52.107 - - [30/May/2025:12:50:55 +0200] "GET /Jurek/eurofirany/images/448512/0.jpg HTTP/2.0" 200 132718 "-" "baselinker"
46.101.116.244 - - [30/May/2025:12:50:57 +0200] "GET /Jurek/octopia/feeds/octopia_alzacz.xml HTTP/2.0" 200 10117156 "-" "-"
46.101.116.244 - - [30/May/2025:12:51:09 +0200] "GET /Jurek/unimet/feeds/unimet_alza.xml HTTP/2.0" 200 61207225 "-" "-"
46.101.116.244 - - [30/May/2025:12:51:13 +0200] "GET /Jurek/piotrmiedz/feeds/piotrmiedz_amazonbe.xml HTTP/1.0" 200 91041723 "-" "-"
51.77.52.107 - - [30/May/2025:12:51:15 +0200] "GET /Jurek/eurofirany/images/448512/0.jpg HTTP/2.0" 200 132718 "-" "baselinker"
5.134.208.159 - - [30/May/2025:12:51:20 +0200] "GET /Jurek/eurofirany/images/398782/0.jpg HTTP/1.1" 200 20032 "-" "-"
46.101.116.244 - - [30/May/2025:12:51:22 +0200] "GET /Jurek/piotrmiedz/feeds/piotrmiedz_amazonnl.xml HTTP/1.0" 200 91046829 "-" "-"
46.101.116.244 - - [30/May/2025:12:51:28 +0200] "GET /Jurek/piotrmiedz/feeds/piotrmiedz_amazones.xml HTTP/1.0" 200 91049654 "-" "-"
46.101.116.244 - - [30/May/2025:12:51:31 +0200] "GET /Jurek/eurofirany/feeds/eurofirany_alza.xml HTTP/2.0" 200 18687756 "-" "-"
51.77.52.107 - - [30/May/2025:12:51:31 +0200] "GET /Jurek/eurofirany/images/448512/0.jpg HTTP/2.0" 200 132718 "-" "baselinker"
46.101.116.244 - - [30/May/2025:12:51:40 +0200] "GET /Jurek/piotrmiedz/feeds/piotrmiedz_amazonse.xml HTTP/1.0" 200 91091325 "-" "-"
46.101.116.244 - - [30/May/2025:12:51:47 +0200] "GET /Jurek/beliani/feeds/beliani_alza.xml HTTP/2.0" 200 15198130 "-" "-"
51.77.52.107 - - [30/May/2025:12:51:50 +0200] "GET /Jurek/eurofirany/images/389830/0.jpg HTTP/2.0" 200 107409 "-" "baselinker"
46.101.116.244 - - [30/May/2025:12:52:06 +0200] "GET /Jurek/vivaldi/feeds/vivaldi_alza.xml HTTP/2.0" 200 344841 "-" "-"
89.161.206.59 - - [30/May/2025:12:52:10 +0200] "GET /Jurek/techrebalina/feeds/techrebalina_cdsc.xml HTTP/1.0" 200 1363226 "-" "-"
51.77.52.107 - - [30/May/2025:12:52:11 +0200] "GET /Jurek/eurofirany/images/389830/0.jpg HTTP/2.0" 200 107409 "-" "baselinker"
46.101.116.244 - - [30/May/2025:12:52:17 +0200] "GET /Jurek/ikonka/feeds/ikonka_alza.xml HTTP/2.0" 200 20824564 "-" "-"
51.77.52.107 - - [30/May/2025:12:52:27 +0200] "GET /Jurek/eurofirany/images/389830/0.jpg HTTP/2.0" 200 107409 "-" "baselinker"
46.101.116.244 - - [30/May/2025:12:52:29 +0200] "GET /Jurek/stema/feeds/stema_alza.xml HTTP/2.0" 200 894546 "-" "-"
89.161.206.59 - - [30/May/2025:12:52:30 +0200] "GET /Jurek/smxdesign/feeds/smxdesign_cdsc.xml HTTP/1.0" 200 1154221 "-" "-"
51.77.52.107 - - [30/May/2025:12:52:35 +0200] "GET /Jurek/eurofirany/images/389908/0.jpg HTTP/2.0" 200 41765 "-" "baselinker"
46.101.116.244 - - [30/May/2025:12:52:40 +0200] "GET /Jurek/kinghoff/feeds/kinghoff_alza.xml HTTP/2.0" 200 15637165 "-" "-"
51.77.52.107 - - [30/May/2025:12:52:42 +0200] "GET /Jurek/eurofirany/images/389908/0.jpg HTTP/2.0" 200 41765 "-" "baselinker"
89.161.206.59 - - [30/May/2025:12:52:51 +0200] "GET /Jurek/techrebal/feeds/techrebal_cdsc.xml HTTP/1.0" 200 1423352 "-" "-"
51.77.52.107 - - [30/May/2025:12:53:00 +0200] "GET /Jurek/eurofirany/images/389908/0.jpg HTTP/2.0" 200 41765 "-" "baselinker"
51.77.52.107 - - [30/May/2025:12:53:11 +0200] "GET /Jurek/eurofirany/images/424079/0.jpg HTTP/2.0" 200 105852 "-" "baselinker"
51.77.52.107 - - [30/May/2025:12:53:26 +0200] "GET /Jurek/eurofirany/images/424079/0.jpg HTTP/2.0" 200 105852 "-" "baselinker"
51.77.52.107 - - [30/May/2025:12:53:49 +0200] "GET /Jurek/eurofirany/images/424079/0.jpg HTTP/2.0" 200 105852 "-" "baselinker"
89.161.206.59 - - [30/May/2025:12:54:06 +0200] "GET /Jurek/aiofactory/feeds/aiofactory_allegro.xml HTTP/1.0" 200 2124016 "-" "-"
46.101.116.244 - - [30/May/2025:12:54:10 +0200] "GET /Jurek/piotrmiedz/feeds/piotrmiedz_mallsish.xml HTTP/2.0" 200 91047879 "-" "-"
89.161.206.59 - - [30/May/2025:12:54:11 +0200] "GET /Jurek/tsjerzy/feeds/tsjerzy_cdsc.xml HTTP/1.0" 200 4383108 "-" "-"
51.77.52.107 - - [30/May/2025:12:54:13 +0200] "GET /Jurek/eurofirany/images/428728/0.jpg HTTP/2.0" 200 93599 "-" "baselinker"
51.77.52.107 - - [30/May/2025:12:54:27 +0200] "GET /Jurek/eurofirany/images/428728/0.jpg HTTP/2.0" 200 93599 "-" "baselinker"
51.77.52.107 - - [30/May/2025:12:54:41 +0200] "GET /Jurek/eurofirany/images/428728/0.jpg HTTP/2.0" 200 93599 "-" "baselinker"
51.77.52.107 - - [30/May/2025:12:54:56 +0200] "GET /Jurek/eurofirany/images/433825/0.jpg HTTP/2.0" 200 73821 "-" "baselinker"
51.77.52.107 - - [30/May/2025:12:55:11 +0200] "GET /Jurek/eurofirany/images/433825/0.jpg HTTP/2.0" 200 73821 "-" "baselinker"
51.77.52.107 - - [30/May/2025:12:55:25 +0200] "GET /Jurek/eurofirany/images/433825/0.jpg HTTP/2.0" 200 73821 "-" "baselinker"
51.77.52.107 - - [30/May/2025:12:55:44 +0200] "GET /Jurek/eurofirany/images/462361/0.jpg HTTP/2.0" 200 74776 "-" "baselinker"
51.77.52.107 - - [30/May/2025:12:56:07 +0200] "GET /Jurek/eurofirany/images/462361/0.jpg HTTP/2.0" 200 74776 "-" "baselinker"
51.77.52.107 - - [30/May/2025:12:56:24 +0200] "GET /Jurek/eurofirany/images/462361/0.jpg HTTP/2.0" 200 74776 "-" "baselinker"
51.77.52.107 - - [30/May/2025:12:56:40 +0200] "GET /Jurek/eurofirany/images/467979/0.jpg HTTP/2.0" 200 65217 "-" "baselinker"
51.77.52.107 - - [30/May/2025:12:56:56 +0200] "GET /Jurek/eurofirany/images/467979/0.jpg HTTP/2.0" 200 65217 "-" "baselinker"
51.77.52.107 - - [30/May/2025:12:57:18 +0200] "GET /Jurek/eurofirany/images/467979/0.jpg HTTP/2.0" 200 65217 "-" "baselinker"
51.77.52.107 - - [30/May/2025:12:57:35 +0200] "GET /Jurek/eurofirany/images/467982/0.jpg HTTP/2.0" 200 84479 "-" "baselinker"
46.101.116.244 - - [30/May/2025:12:57:49 +0200] "GET /Jurek/beltimore/feeds/beltimore_mallsish.xml HTTP/2.0" 200 18652225 "-" "-"
51.77.52.107 - - [30/May/2025:12:57:51 +0200] "GET /Jurek/eurofirany/images/467982/0.jpg HTTP/2.0" 200 84479 "-" "baselinker"
89.161.206.59 - - [30/May/2025:12:58:00 +0200] "GET /Jurek/andex/feeds/andex_cdsc.xml HTTP/1.0" 200 1073519 "-" "-"
46.101.116.244 - - [30/May/2025:12:58:06 +0200] "GET /Jurek/drops/feeds/dropsofficecolection_mallsish.xml HTTP/2.0" 200 790853 "-" "-"
51.77.52.107 - - [30/May/2025:12:58:11 +0200] "GET /Jurek/eurofirany/images/467982/0.jpg HTTP/2.0" 200 84479 "-" "baselinker"
46.101.116.244 - - [30/May/2025:12:58:17 +0200] "GET /Jurek/hdwr/feeds/hdwr_mallsish.xml HTTP/2.0" 200 789416 "-" "-"
46.101.116.244 - - [30/May/2025:12:58:27 +0200] "GET /Jurek/narzbud/feeds/narzbud_mallsish.xml HTTP/2.0" 200 1901231 "-" "-"
51.77.52.107 - - [30/May/2025:12:58:36 +0200] "GET /Jurek/eurofirany/images/467996/0.jpg HTTP/2.0" 200 91476 "-" "baselinker"
46.101.116.244 - - [30/May/2025:12:58:38 +0200] "GET /Jurek/newtechele/feeds/newtechele_mallsish.xml HTTP/2.0" 200 2438475 "-" "-"
51.77.52.107 - - [30/May/2025:12:58:56 +0200] "GET /Jurek/eurofirany/images/467996/0.jpg HTTP/2.0" 200 91476 "-" "baselinker"
46.101.116.244 - - [30/May/2025:12:58:59 +0200] "GET /Jurek/pawonik/feeds/pawonik_mallsish.xml HTTP/2.0" 200 2138406 "-" "-"
46.101.116.244 - - [30/May/2025:12:59:09 +0200] "GET /Jurek/proadventure/feeds/proadventure_mallsish.xml HTTP/2.0" 200 10763323 "-" "-"
51.77.52.107 - - [30/May/2025:12:59:19 +0200] "GET /Jurek/eurofirany/images/467996/0.jpg HTTP/2.0" 200 91476 "-" "baselinker"
46.101.116.244 - - [30/May/2025:12:59:21 +0200] "GET /Jurek/rems/feeds/rems_mallsish.xml HTTP/2.0" 200 8706188 "-" "-"
46.101.116.244 - - [30/May/2025:12:59:32 +0200] "GET /Jurek/roger/feeds/roger_mallsish.xml HTTP/2.0" 200 1396629 "-" "-"
51.77.52.107 - - [30/May/2025:12:59:42 +0200] "GET /Jurek/eurofirany/images/467997/0.jpg HTTP/2.0" 200 89536 "-" "baselinker"
46.101.116.244 - - [30/May/2025:12:59:42 +0200] "GET /Jurek/sovapl/feeds/sovapl_mallsish.xml HTTP/2.0" 200 8999848 "-" "-"
51.77.52.107 - - [30/May/2025:12:59:59 +0200] "GET /Jurek/eurofirany/images/467997/0.jpg HTTP/2.0" 200 89536 "-" "baselinker"
51.77.52.107 - - [30/May/2025:13:00:10 +0200] "GET /Jurek/eurofirany/images/467997/0.jpg HTTP/2.0" 200 89536 "-" "baselinker"
85.14.86.141 - - [30/May/2025:13:00:14 +0200] "GET /Jurek/vida_morele/feeds/VidaPL_all.xml HTTP/2.0" 200 879286888 "-" "MarketplaceAPI curl/7.74.0 PHP/8"
35.204.39.32 - - [30/May/2025:13:00:15 +0200] "GET /marketplaces/carrefour_fr/results/carrefour_fr.csv HTTP/1.1" 200 147219 "-" "Mirakl HttpClient"
46.101.116.244 - - [30/May/2025:13:00:25 +0200] "GET /Jurek/stiv/feeds/stiv_mallsish.xml HTTP/2.0" 200 2056820 "-" "-"
