77.79.248.229 - - [30/May/2025:13:36:17 +0200] "GET /Jurek/aw/feeds/awnarzedzia_cdon_dk.xml HTTP/1.1" 200 91312337 "-" "python-requests/2.32.3"
77.79.248.229 - - [30/May/2025:13:36:18 +0200] "GET /Jurek/aw/feeds/awnarzedzia_cdon_fi.xml HTTP/1.1" 200 91228372 "-" "python-requests/2.32.3"
89.161.206.59 - - [30/May/2025:13:36:22 +0200] "GET /Jurek/spali/feeds/spali_ebay.xml HTTP/1.0" 200 68087 "-" "-"
77.79.248.229 - - [30/May/2025:13:36:23 +0200] "GET /Jurek/ikonka/feeds/ikonka_cdon_se.xml HTTP/1.1" 200 20824364 "-" "python-requests/2.32.3"
77.79.248.229 - - [30/May/2025:13:36:24 +0200] "GET /Jurek/ikonka/feeds/ikonka_cdon_dk.xml HTTP/1.1" 200 20824271 "-" "python-requests/2.32.3"
77.79.248.229 - - [30/May/2025:13:36:24 +0200] "GET /Jurek/ikonka/feeds/ikonka_cdon_fi.xml HTTP/1.1" 200 20822300 "-" "python-requests/2.32.3"
77.79.248.229 - - [30/May/2025:13:36:24 +0200] "GET /Jurek/fernity/feeds/fernity_cdon_fi.xml HTTP/1.1" 200 4717864 "-" "python-requests/2.32.3"
77.79.248.229 - - [30/May/2025:13:36:24 +0200] "GET /Jurek/fernity/feeds/fernity_cdon_se.xml HTTP/1.1" 200 4721012 "-" "python-requests/2.32.3"
77.79.248.229 - - [30/May/2025:13:36:24 +0200] "GET /Jurek/fernity/feeds/fernity_cdon_dk.xml HTTP/1.1" 200 4720548 "-" "python-requests/2.32.3"
77.79.248.229 - - [30/May/2025:13:36:25 +0200] "GET /Jurek/activeshop/feeds/activeshop_cdon_se.xml HTTP/1.1" 200 10422025 "-" "python-requests/2.32.3"
77.79.248.229 - - [30/May/2025:13:36:25 +0200] "GET /Jurek/activeshop/feeds/activeshop_cdon_dk.xml HTTP/1.1" 200 10421670 "-" "python-requests/2.32.3"
77.79.248.229 - - [30/May/2025:13:36:25 +0200] "GET /Jurek/activeshop/feeds/activeshop_cdon_fi.xml HTTP/1.1" 200 10418311 "-" "python-requests/2.32.3"
77.79.248.229 - - [30/May/2025:13:36:25 +0200] "GET /Jurek/barbecook/feeds/barbecook_cdon_se.xml HTTP/1.1" 200 87595 "-" "python-requests/2.32.3"
77.79.248.229 - - [30/May/2025:13:36:25 +0200] "GET /Jurek/barbecook/feeds/barbecook_cdon_dk.xml HTTP/1.1" 200 87590 "-" "python-requests/2.32.3"
77.79.248.229 - - [30/May/2025:13:36:25 +0200] "GET /Jurek/barbecook/feeds/barbecook_cdon_fi.xml HTTP/1.1" 200 87531 "-" "python-requests/2.32.3"
77.79.248.229 - - [30/May/2025:13:36:26 +0200] "GET /Jurek/action/feeds/action_cdon_se.xml HTTP/1.1" 200 59518567 "-" "python-requests/2.32.3"
193.33.8.61 - - [30/May/2025:13:36:26 +0200] "GET /Filip/janshop_orders/exports/great_2025-05-30_12.txt HTTP/2.0" 401 3550 "https://dkkapusta1997.usermd.net/Filip/janshop_orders/exports/" "Mozilla/5.0 (Macintosh; Intel Mac OS X 10_15_7) AppleWebKit/605.1.15 (KHTML, like Gecko) Version/17.5 Safari/605.1.15"
193.33.8.61 - maria [30/May/2025:13:36:27 +0200] "GET /Filip/janshop_orders/exports/great_2025-05-30_12.txt HTTP/2.0" 200 3595 "https://dkkapusta1997.usermd.net/Filip/janshop_orders/exports/" "Mozilla/5.0 (Macintosh; Intel Mac OS X 10_15_7) AppleWebKit/605.1.15 (KHTML, like Gecko) Version/17.5 Safari/605.1.15"
77.79.248.229 - - [30/May/2025:13:36:27 +0200] "GET /Jurek/action/feeds/action_cdon_dk.xml HTTP/1.1" 200 59513242 "-" "python-requests/2.32.3"
77.79.248.229 - - [30/May/2025:13:36:27 +0200] "GET /Jurek/action/feeds/action_cdon_fi.xml HTTP/1.1" 200 59487118 "-" "python-requests/2.32.3"
193.33.8.61 - maria [30/May/2025:13:36:28 +0200] "GET /Filip/janshop_orders/exports/extra_2025-05-30_12.txt HTTP/2.0" 200 1366 "https://dkkapusta1997.usermd.net/Filip/janshop_orders/exports/" "Mozilla/5.0 (Macintosh; Intel Mac OS X 10_15_7) AppleWebKit/605.1.15 (KHTML, like Gecko) Version/17.5 Safari/605.1.15"
193.33.8.61 - maria [30/May/2025:13:36:29 +0200] "GET /Filip/janshop_orders/exports/shumee_2025-05-30_12.txt HTTP/2.0" 200 7075 "https://dkkapusta1997.usermd.net/Filip/janshop_orders/exports/" "Mozilla/5.0 (Macintosh; Intel Mac OS X 10_15_7) AppleWebKit/605.1.15 (KHTML, like Gecko) Version/17.5 Safari/605.1.15"
77.79.248.229 - - [30/May/2025:13:36:37 +0200] "GET /Jurek/piotrmiedz/feeds/piotrmiedz_cdon_se.xml HTTP/1.1" 200 91088126 "-" "python-requests/2.32.3"
77.79.248.229 - - [30/May/2025:13:36:38 +0200] "GET /Jurek/piotrmiedz/feeds/piotrmiedz_cdon_dk.xml HTTP/1.1" 200 91091136 "-" "python-requests/2.32.3"
77.79.248.229 - - [30/May/2025:13:36:39 +0200] "GET /Jurek/piotrmiedz/feeds/piotrmiedz_cdon_fi.xml HTTP/1.1" 200 91044836 "-" "python-requests/2.32.3"
51.77.52.107 - - [30/May/2025:13:36:47 +0200] "GET /Jurek/eurofirany/images/465138/0.jpg HTTP/2.0" 200 37780 "-" "baselinker"
89.161.206.59 - - [30/May/2025:13:36:50 +0200] "GET /Jurek/snibbs/feeds/snibbs_cdsc.xml HTTP/1.0" 200 76363 "-" "-"
193.33.8.61 - maria [30/May/2025:13:36:56 +0200] "POST /Filip/janshop_orders/exports/ HTTP/2.0" 200 72375 "https://dkkapusta1997.usermd.net/Filip/janshop_orders/exports/" "Mozilla/5.0 (Macintosh; Intel Mac OS X 10_15_7) AppleWebKit/605.1.15 (KHTML, like Gecko) Version/17.5 Safari/605.1.15"
51.77.52.107 - - [30/May/2025:13:37:02 +0200] "GET /Jurek/eurofirany/images/465139/0.jpg HTTP/2.0" 200 37780 "-" "baselinker"
89.161.206.59 - - [30/May/2025:13:37:06 +0200] "GET /Jurek/snibbs/feeds/snibbs_bol.xml HTTP/1.0" 200 74398 "-" "-"
51.77.52.107 - - [30/May/2025:13:37:08 +0200] "GET /Jurek/eurofirany/images/465139/0.jpg HTTP/2.0" 200 37780 "-" "baselinker"
85.232.241.194 - - [30/May/2025:13:37:12 +0200] "GET /Jurek/action/feeds/action_ubaldi.xml HTTP/1.1" 200 59484594 "-" "Python-urllib/3.11"
51.77.52.107 - - [30/May/2025:13:37:14 +0200] "GET /Jurek/eurofirany/images/465139/0.jpg HTTP/2.0" 200 37780 "-" "baselinker"
85.232.241.194 - - [30/May/2025:13:37:18 +0200] "GET /Jurek/hurtownia_przemyslowa/feeds/hp_ubaldi.xml HTTP/1.1" 200 49362087 "-" "Python-urllib/3.11"
85.232.241.194 - - [30/May/2025:13:37:22 +0200] "GET /Jurek/aw/feeds/aw_ubaldi.xml HTTP/1.1" 200 91231297 "-" "Python-urllib/3.11"
85.232.241.194 - - [30/May/2025:13:37:32 +0200] "GET /Jurek/intsell/feeds/intsell_rue.xml HTTP/1.1" 200 342009695 "-" "Python-urllib/3.11"
85.232.241.194 - - [30/May/2025:13:37:32 +0200] "GET /Jurek/ekuchcikowo/feeds/ekuchcikowo_rue.xml HTTP/1.1" 200 12471057 "-" "Python-urllib/3.11"
51.77.52.107 - - [30/May/2025:13:37:33 +0200] "GET /Jurek/eurofirany/images/325011/0.jpg HTTP/2.0" 200 150451 "-" "baselinker"
89.161.206.59 - - [30/May/2025:13:37:45 +0200] "GET /Jurek/slayo/feeds/slayo_amazonde.xml HTTP/1.0" 200 183608 "-" "-"
51.77.52.107 - - [30/May/2025:13:37:45 +0200] "GET /Jurek/slayo/resized_photos/slayo_5905701210404_0.jpg HTTP/2.0" 200 110079 "-" "Baselinker/1.0"
85.232.241.194 - - [30/May/2025:13:37:47 +0200] "GET /Jurek/naszedzieci/feeds/naszedzieci_ubaldi.xml HTTP/1.1" 200 833168061 "-" "Python-urllib/3.11"
85.232.241.194 - - [30/May/2025:13:37:47 +0200] "GET /Jurek/kidshop/feeds/kidshop_ubaldi.xml HTTP/1.1" 200 19850637 "-" "Python-urllib/3.11"
85.232.241.194 - - [30/May/2025:13:37:47 +0200] "GET /Jurek/kobi/feeds/kobi_ubaldi.xml HTTP/1.1" 200 1993081 "-" "Python-urllib/3.11"
85.232.241.194 - - [30/May/2025:13:37:47 +0200] "GET /Jurek/najtanszysport/feeds/najtanszysport_ubaldi.xml HTTP/1.1" 200 3983044 "-" "Python-urllib/3.11"
85.232.241.194 - - [30/May/2025:13:37:47 +0200] "GET /Jurek/luxma/feeds/luxma_ubaldi.xml HTTP/1.1" 200 8058615 "-" "Python-urllib/3.11"
85.232.241.194 - - [30/May/2025:13:37:48 +0200] "GET /Jurek/kristronik/feeds/kristronik_ubaldi.xml HTTP/1.1" 200 691979 "-" "Python-urllib/3.11"
85.232.241.194 - - [30/May/2025:13:37:48 +0200] "GET /Jurek/rider/feeds/rider_ubaldi.xml HTTP/1.1" 200 8165197 "-" "Python-urllib/3.11"
85.232.241.194 - - [30/May/2025:13:37:48 +0200] "GET /Jurek/broers/feeds/broers_ubaldi.xml HTTP/1.1" 200 1982599 "-" "Python-urllib/3.11"
85.232.241.194 - - [30/May/2025:13:37:52 +0200] "GET /Jurek/straganbiur/feeds/straganbiur_ubaldi.xml HTTP/1.1" 200 8893081 "-" "Python-urllib/3.11"
85.232.241.194 - - [30/May/2025:13:37:52 +0200] "GET /Jurek/b3/feeds/b3_ubaldi.xml HTTP/1.1" 200 8013470 "-" "Python-urllib/3.11"
85.232.241.194 - - [30/May/2025:13:37:52 +0200] "GET /Jurek/kinghoff/feeds/kinghoff_ubaldi.xml HTTP/1.1" 200 8217177 "-" "Python-urllib/3.11"
85.232.241.194 - - [30/May/2025:13:37:52 +0200] "GET /Jurek/topeshop/feeds/topeshop_ubaldi.xml HTTP/1.1" 200 3024487 "-" "Python-urllib/3.11"
85.232.241.194 - - [30/May/2025:13:37:52 +0200] "GET /Jurek/sempler/feeds/sempler_ubaldi.xml HTTP/1.1" 200 6787918 "-" "Python-urllib/3.11"
85.232.241.194 - - [30/May/2025:13:37:52 +0200] "GET /Jurek/asortymenteu/feeds/asortymenteu_ubaldi.xml HTTP/1.1" 200 2872090 "-" "Python-urllib/3.11"
85.232.241.194 - - [30/May/2025:13:37:53 +0200] "GET /Jurek/hlo/feeds/hlo_ubaldi.xml HTTP/1.1" 200 4837703 "-" "Python-urllib/3.11"
85.232.241.194 - - [30/May/2025:13:37:53 +0200] "GET /Jurek/elavia/feeds/elavia_ubaldi.xml HTTP/1.1" 200 2497283 "-" "Python-urllib/3.11"
51.77.52.107 - - [30/May/2025:13:37:53 +0200] "GET /Jurek/eurofirany/images/325011/0.jpg HTTP/2.0" 200 150451 "-" "baselinker"
85.232.241.194 - - [30/May/2025:13:37:53 +0200] "GET /Jurek/cdata/feeds/cdata_ubaldi.xml HTTP/1.1" 200 1445151 "-" "Python-urllib/3.11"
85.232.241.194 - - [30/May/2025:13:37:53 +0200] "GET /Jurek/cenoman/feeds/cenoman_ubaldi.xml HTTP/1.1" 200 5993047 "-" "Python-urllib/3.11"
85.232.241.194 - - [30/May/2025:13:37:57 +0200] "GET /Jurek/kamar/feeds/kamar_ubaldi.xml HTTP/1.1" 200 25550195 "-" "Python-urllib/3.11"
85.232.241.194 - - [30/May/2025:13:37:57 +0200] "GET /Jurek/avenido/feeds/avenido_ubaldi.xml HTTP/1.1" 200 720112 "-" "Python-urllib/3.11"
85.232.241.194 - - [30/May/2025:13:37:57 +0200] "GET /Jurek/zenex/feeds/zenex_ubaldi.xml HTTP/1.1" 200 540642 "-" "Python-urllib/3.11"
85.232.241.194 - - [30/May/2025:13:37:57 +0200] "GET /Jurek/makow/feeds/makow_ubaldi.xml HTTP/1.1" 200 21203596 "-" "Python-urllib/3.11"
85.232.241.194 - - [30/May/2025:13:37:58 +0200] "GET /Jurek/apresto/feeds/apresto_ubaldi.xml HTTP/1.1" 200 1327680 "-" "Python-urllib/3.11"
51.77.52.107 - - [30/May/2025:13:38:00 +0200] "GET /Jurek/eurofirany/images/325011/0.jpg HTTP/2.0" 200 150451 "-" "baselinker"
85.232.241.194 - - [30/May/2025:13:38:03 +0200] "GET /Jurek/carbonyway/feeds/carbonyway_ubaldi.xml HTTP/1.1" 200 3075941 "-" "Python-urllib/3.11"
89.161.206.59 - - [30/May/2025:13:38:05 +0200] "GET /Jurek/sklep24amk/feeds/sklep24amk_aliex.xml HTTP/1.0" 200 3894565 "-" "-"
85.232.241.194 - - [30/May/2025:13:38:08 +0200] "GET /Jurek/awparts/feeds/awparts_ubaldi.xml HTTP/1.1" 200 142300448 "-" "Python-urllib/3.11"
85.232.241.194 - - [30/May/2025:13:38:08 +0200] "GET /Jurek/kalama/feeds/kalama_ubaldi.xml HTTP/1.1" 200 2661767 "-" "Python-urllib/3.11"
85.232.241.194 - - [30/May/2025:13:38:08 +0200] "GET /Jurek/bloomglow/feeds/bloomglow_ubaldi.xml HTTP/1.1" 200 14095426 "-" "Python-urllib/3.11"
85.232.241.194 - - [30/May/2025:13:38:08 +0200] "GET /Jurek/zbimatyja/feeds/zbimatyja_ubaldi.xml HTTP/1.1" 200 11667156 "-" "Python-urllib/3.11"
77.79.248.229 - - [30/May/2025:13:38:09 +0200] "GET /Jurek/vidaSI/feeds/vidaSI_bigbang.xml HTTP/1.1" 200 779917096 "-" "Python-urllib/3.11"
77.79.248.229 - - [30/May/2025:13:38:09 +0200] "GET /Jurek/cenoman/feeds/cenoman_bigbang.xml HTTP/1.1" 200 5993113 "-" "Python-urllib/3.11"
77.79.248.229 - - [30/May/2025:13:38:09 +0200] "GET /Jurek/matkam/feeds/matkam_bigbang.xml HTTP/1.1" 200 5000193 "-" "Python-urllib/3.11"
77.79.248.229 - - [30/May/2025:13:38:10 +0200] "GET /Jurek/fertes/feeds/fertes_bigbang.xml HTTP/1.1" 200 2361872 "-" "Python-urllib/3.11"
77.79.248.229 - - [30/May/2025:13:38:10 +0200] "GET /Jurek/makow/feeds/makow_bigbang.xml HTTP/1.1" 200 21203585 "-" "Python-urllib/3.11"
77.79.248.229 - - [30/May/2025:13:38:10 +0200] "GET /Jurek/kalama/feeds/kalama_bigbang.xml HTTP/1.1" 200 2661725 "-" "Python-urllib/3.11"
77.79.248.229 - - [30/May/2025:13:38:13 +0200] "GET /Jurek/zbimatyja/feeds/zbimatyja_bigbang.xml HTTP/1.1" 200 11667155 "-" "Python-urllib/3.11"
51.77.52.107 - - [30/May/2025:13:38:13 +0200] "GET /Jurek/eurofirany/images/325014/0.jpg HTTP/2.0" 200 164854 "-" "baselinker"
77.79.248.229 - - [30/May/2025:13:38:24 +0200] "GET /Jurek/aw/feeds/awnarzedzia_bigbang.xml HTTP/1.1" 200 91203878 "-" "Python-urllib/3.11"
77.79.248.229 - - [30/May/2025:13:38:26 +0200] "GET /Jurek/action/feeds/action_bigbang.xml HTTP/1.1" 200 59481948 "-" "Python-urllib/3.11"
77.79.248.229 - - [30/May/2025:13:38:26 +0200] "GET /Jurek/ikonka/feeds/ikonka_bigbang.xml HTTP/1.1" 200 20822239 "-" "Python-urllib/3.11"
89.161.206.59 - - [30/May/2025:13:38:28 +0200] "GET /Jurek/sempler/feeds/sempler_emaghu.xml HTTP/1.0" 200 6791076 "-" "-"
51.77.52.107 - - [30/May/2025:13:38:28 +0200] "GET /Jurek/eurofirany/images/325014/0.jpg HTTP/2.0" 200 164854 "-" "baselinker"
77.79.248.229 - - [30/May/2025:13:38:28 +0200] "GET /Jurek/activeshop/feeds/activeshop_bigbang.xml HTTP/1.1" 200 10418407 "-" "Python-urllib/3.11"
77.79.248.229 - - [30/May/2025:13:38:29 +0200] "GET /Jurek/b3/feeds/b3_bigbang.xml HTTP/1.1" 200 8013321 "-" "Python-urllib/3.11"
77.79.248.229 - - [30/May/2025:13:38:29 +0200] "GET /Jurek/asortymenteu/feeds/asortymenteu_bigbang.xml HTTP/1.1" 200 2872072 "-" "Python-urllib/3.11"
77.79.248.229 - - [30/May/2025:13:38:29 +0200] "GET /Jurek/stema/feeds/stema_bigbang.xml HTTP/1.1" 200 893932 "-" "Python-urllib/3.11"
77.79.248.229 - - [30/May/2025:13:38:29 +0200] "GET /Jurek/sempler/feeds/sempler_bigbang.xml HTTP/1.1" 200 6787945 "-" "Python-urllib/3.11"
77.79.248.229 - - [30/May/2025:13:38:29 +0200] "GET /Jurek/benetech/feeds/benetech_bigbang.xml HTTP/1.1" 200 4165377 "-" "Python-urllib/3.11"
77.79.248.229 - - [30/May/2025:13:38:30 +0200] "GET /Jurek/ekuchcikowo/feeds/ekuchcikowo_bigbang.xml HTTP/1.1" 200 12470937 "-" "Python-urllib/3.11"
77.79.248.229 - - [30/May/2025:13:38:30 +0200] "GET /Jurek/erohurtownia/feeds/erohurtownia_bigbang.xml HTTP/1.1" 200 22846274 "-" "Python-urllib/3.11"
77.79.248.229 - - [30/May/2025:13:38:31 +0200] "GET /Jurek/awparts/feeds/awparts_bigbang.xml HTTP/1.1" 200 142296371 "-" "Python-urllib/3.11"
77.79.248.229 - - [30/May/2025:13:38:32 +0200] "GET /Jurek/najtanszysport/feeds/najtanszysport_bigbang.xml HTTP/1.1" 200 3982882 "-" "Python-urllib/3.11"
77.79.248.229 - - [30/May/2025:13:38:32 +0200] "GET /Jurek/playcob/feeds/playcob_bigbang.xml HTTP/1.1" 200 6980114 "-" "Python-urllib/3.11"
51.77.52.107 - - [30/May/2025:13:38:32 +0200] "GET /Jurek/eurofirany/images/325014/0.jpg HTTP/2.0" 200 164854 "-" "baselinker"
77.79.248.229 - - [30/May/2025:13:38:32 +0200] "GET /Jurek/kidshop/feeds/kidshop_bigbang.xml HTTP/1.1" 200 19845640 "-" "Python-urllib/3.11"
77.79.248.229 - - [30/May/2025:13:38:32 +0200] "GET /Jurek/elavia/feeds/elavia_bigbang.xml HTTP/1.1" 200 2497291 "-" "Python-urllib/3.11"
77.79.248.229 - - [30/May/2025:13:38:33 +0200] "GET /Jurek/straganbiur/feeds/straganbiur_bigbang.xml HTTP/1.1" 200 8892999 "-" "Python-urllib/3.11"
77.79.248.229 - - [30/May/2025:13:38:33 +0200] "GET /Jurek/elecomp/feeds/elecomp_bigbang.xml HTTP/1.1" 200 2867710 "-" "Python-urllib/3.11"
77.79.248.229 - - [30/May/2025:13:38:33 +0200] "GET /Jurek/roger/feeds/roger_bigbang.xml HTTP/1.1" 200 1396636 "-" "Python-urllib/3.11"
77.79.248.229 - - [30/May/2025:13:38:33 +0200] "GET /Jurek/kristronik/feeds/kristronik_bigbang.xml HTTP/1.1" 200 691989 "-" "Python-urllib/3.11"
77.79.248.229 - - [30/May/2025:13:38:33 +0200] "GET /Jurek/oknobest/feeds/oknobest_bigbang.xml HTTP/1.1" 200 2708290 "-" "Python-urllib/3.11"
77.79.248.229 - - [30/May/2025:13:38:33 +0200] "GET /Jurek/globaldeli/feeds/globaldeli_bigbang.xml HTTP/1.1" 200 2590049 "-" "Python-urllib/3.11"
77.79.248.229 - - [30/May/2025:13:38:33 +0200] "GET /Jurek/rider/feeds/rider_bigbang.xml HTTP/1.1" 200 8165150 "-" "Python-urllib/3.11"
77.79.248.229 - - [30/May/2025:13:38:34 +0200] "GET /Jurek/luxma/feeds/luxma_bigbang.xml HTTP/1.1" 200 8058618 "-" "Python-urllib/3.11"
77.79.248.229 - - [30/May/2025:13:38:34 +0200] "GET /Jurek/smxdesign/feeds/smxdesign_bigbang.xml HTTP/1.1" 200 1829034 "-" "Python-urllib/3.11"
77.79.248.229 - - [30/May/2025:13:38:34 +0200] "GET /Jurek/dropkz/feeds/dropkz_bigbang.xml HTTP/1.1" 200 70013903 "-" "Python-urllib/3.11"
77.79.248.229 - - [30/May/2025:13:38:35 +0200] "GET /Jurek/pawonik/feeds/pawonik_bigbang.xml HTTP/1.1" 200 2138412 "-" "Python-urllib/3.11"
77.79.248.229 - - [30/May/2025:13:38:35 +0200] "GET /Jurek/spali/feeds/spali_bigbang.xml HTTP/1.1" 200 77053 "-" "Python-urllib/3.11"
77.79.248.229 - - [30/May/2025:13:38:35 +0200] "GET /Jurek/newtechele/feeds/newtechele_bigbang.xml HTTP/1.1" 200 2438469 "-" "Python-urllib/3.11"
77.79.248.229 - - [30/May/2025:13:38:35 +0200] "GET /Jurek/maksik/feeds/maksik_bigbang.xml HTTP/1.1" 200 4084788 "-" "Python-urllib/3.11"
77.79.248.229 - - [30/May/2025:13:38:35 +0200] "GET /Jurek/beltimore/feeds/beltimore_bigbang.xml HTTP/1.1" 200 18652248 "-" "Python-urllib/3.11"
77.79.248.229 - - [30/May/2025:13:38:35 +0200] "GET /Jurek/rovato/feeds/rovato_bigbang.xml HTTP/1.1" 200 180833 "-" "Python-urllib/3.11"
77.79.248.229 - - [30/May/2025:13:38:35 +0200] "GET /Jurek/eurofryz/feeds/eurofryz_bigbang.xml HTTP/1.1" 200 1381542 "-" "Python-urllib/3.11"
77.79.248.229 - - [30/May/2025:13:38:36 +0200] "GET /Jurek/alucon/feeds/alucon_bigbang.xml HTTP/1.1" 200 553569 "-" "Python-urllib/3.11"
77.79.248.229 - - [30/May/2025:13:38:36 +0200] "GET /Jurek/omi/feeds/omi_bigbang.xml HTTP/1.1" 200 8100712 "-" "Python-urllib/3.11"
77.79.248.229 - - [30/May/2025:13:38:36 +0200] "GET /Jurek/kamar/feeds/kamar_bigbang.xml HTTP/1.1" 200 25550119 "-" "Python-urllib/3.11"
77.79.248.229 - - [30/May/2025:13:38:36 +0200] "GET /Jurek/beautycare/feeds/beautycare_bigbang.xml HTTP/1.1" 200 1181270 "-" "Python-urllib/3.11"
77.79.248.229 - - [30/May/2025:13:38:36 +0200] "GET /Jurek/avenido/feeds/avenido_bigbang.xml HTTP/1.1" 200 720113 "-" "Python-urllib/3.11"
77.79.248.229 - - [30/May/2025:13:38:36 +0200] "GET /Jurek/zenex/feeds/zenex_bigbang.xml HTTP/1.1" 200 541212 "-" "Python-urllib/3.11"
77.79.248.229 - - [30/May/2025:13:38:36 +0200] "GET /Jurek/sternhoff/feeds/sternhoff_bigbang.xml HTTP/1.1" 200 1775243 "-" "Python-urllib/3.11"
77.79.248.229 - - [30/May/2025:13:38:37 +0200] "GET /Jurek/straganspoz/feeds/straganspoz_bigbang.xml HTTP/1.1" 200 9514390 "-" "Python-urllib/3.11"
77.79.248.229 - - [30/May/2025:13:38:37 +0200] "GET /Jurek/apresto/feeds/apresto_bigbang.xml HTTP/1.1" 200 1327606 "-" "Python-urllib/3.11"
77.79.248.229 - - [30/May/2025:13:38:37 +0200] "GET /Jurek/fertone/feeds/fertone_bigbang.xml HTTP/1.1" 200 583869 "-" "Python-urllib/3.11"
77.79.248.229 - - [30/May/2025:13:38:37 +0200] "GET /Jurek/fernity/feeds/fernity_bigbang.xml HTTP/1.1" 200 4718078 "-" "Python-urllib/3.11"
77.79.248.229 - - [30/May/2025:13:38:37 +0200] "GET /Jurek/jankeski/feeds/jankeski_bigbang.xml HTTP/1.1" 200 6571143 "-" "Python-urllib/3.11"
77.79.248.229 - - [30/May/2025:13:38:37 +0200] "GET /Jurek/bloomglow/feeds/bloomglow_bigbang.xml HTTP/1.1" 200 14095289 "-" "Python-urllib/3.11"
77.79.248.229 - - [30/May/2025:13:38:38 +0200] "GET /Jurek/galopi/feeds/galopi_bigbang.xml HTTP/1.1" 200 2111075 "-" "Python-urllib/3.11"
77.79.248.229 - - [30/May/2025:13:38:38 +0200] "GET /Jurek/hurtmeblowy/feeds/hurtmeblowy_bigbang.xml HTTP/1.1" 200 8542893 "-" "Python-urllib/3.11"
89.161.206.59 - - [30/May/2025:13:38:41 +0200] "GET /Jurek/sempler/feeds/sempler_ebay.xml HTTP/1.0" 200 9292641 "-" "-"
51.77.52.107 - - [30/May/2025:13:38:44 +0200] "GET /Jurek/eurofirany/images/325018/0.jpg HTTP/2.0" 200 150596 "-" "baselinker"
85.232.241.194 - - [30/May/2025:13:38:54 +0200] "GET /Jurek/tsjerzy/feeds/tsjerzy_ubaldi.xml HTTP/1.1" 200 3897776 "-" "Python-urllib/3.11"
51.77.52.107 - - [30/May/2025:13:39:02 +0200] "GET /Jurek/eurofirany/images/325018/0.jpg HTTP/2.0" 200 150596 "-" "baselinker"
89.161.206.59 - - [30/May/2025:13:39:02 +0200] "GET /Jurek/sempler/feeds/sempler_amazonse.xml HTTP/1.0" 200 6789259 "-" "-"
85.232.241.194 - - [30/May/2025:13:39:02 +0200] "GET /Jurek/velinda/feeds/velinda_ubaldi.xml HTTP/1.1" 200 4227266 "-" "Python-urllib/3.11"
85.232.241.194 - - [30/May/2025:13:39:03 +0200] "GET /Jurek/elecomp/feeds/elecomp_ubaldi.xml HTTP/1.1" 200 2867736 "-" "Python-urllib/3.11"
85.232.241.194 - - [30/May/2025:13:39:03 +0200] "GET /Jurek/oromed/feeds/oromed_ubaldi.xml HTTP/1.1" 200 1290084 "-" "Python-urllib/3.11"
89.161.206.59 - - [30/May/2025:13:39:19 +0200] "GET /Jurek/sempler/feeds/sempler_amazones.xml HTTP/1.0" 200 6788003 "-" "-"
193.33.8.61 - - [30/May/2025:13:39:21 +0200] "POST /Filip/janshop_orders/exports/ HTTP/2.0" 401 3550 "https://dkkapusta1997.usermd.net/Filip/janshop_orders/exports/" "Mozilla/5.0 (Macintosh; Intel Mac OS X 10_15_7) AppleWebKit/605.1.15 (KHTML, like Gecko) Version/17.5 Safari/605.1.15"
51.77.52.107 - - [30/May/2025:13:39:22 +0200] "GET /Jurek/eurofirany/images/325018/0.jpg HTTP/2.0" 200 150596 "-" "baselinker"
193.33.8.61 - maria [30/May/2025:13:39:22 +0200] "POST /Filip/janshop_orders/exports/ HTTP/2.0" 200 72382 "https://dkkapusta1997.usermd.net/Filip/janshop_orders/exports/" "Mozilla/5.0 (Macintosh; Intel Mac OS X 10_15_7) AppleWebKit/605.1.15 (KHTML, like Gecko) Version/17.5 Safari/605.1.15"
51.77.52.107 - - [30/May/2025:13:39:37 +0200] "GET /Jurek/eurofirany/images/325020/0.jpg HTTP/2.0" 200 135786 "-" "baselinker"
89.161.206.59 - - [30/May/2025:13:39:43 +0200] "GET /Jurek/tsjerzy/feeds/tsjerzy_cdsc.xml HTTP/1.0" 200 4383108 "-" "-"
46.101.116.244 - - [30/May/2025:13:39:47 +0200] "GET /Jurek/unimet/feeds/unimet_mallsish.xml HTTP/2.0" 200 61150173 "-" "-"
193.33.8.61 - maria [30/May/2025:13:39:49 +0200] "POST /Filip/janshop_orders/exports/ HTTP/2.0" 200 72389 "https://dkkapusta1997.usermd.net/Filip/janshop_orders/exports/" "Mozilla/5.0 (Macintosh; Intel Mac OS X 10_15_7) AppleWebKit/605.1.15 (KHTML, like Gecko) Version/17.5 Safari/605.1.15"
51.77.52.107 - - [30/May/2025:13:39:58 +0200] "GET /Jurek/eurofirany/images/325020/0.jpg HTTP/2.0" 200 135786 "-" "baselinker"
51.77.52.107 - - [30/May/2025:13:40:03 +0200] "GET /Jurek/eurofirany/images/325020/0.jpg HTTP/2.0" 200 135786 "-" "baselinker"
89.161.206.59 - - [30/May/2025:13:40:05 +0200] "GET /Jurek/sartrix/feeds/sartrix_amazonde.xml HTTP/1.0" 200 649180 "-" "-"
89.161.206.59 - - [30/May/2025:13:40:25 +0200] "GET /Jurek/rovato/feeds/rovato_cdsc.xml HTTP/1.0" 200 126485 "-" "-"
51.77.52.107 - - [30/May/2025:13:40:28 +0200] "GET /Jurek/eurofirany/images/349423/0.jpg HTTP/2.0" 200 164854 "-" "baselinker"
51.77.52.107 - - [30/May/2025:13:40:34 +0200] "GET /Jurek/eurofirany/images/349423/0.jpg HTTP/2.0" 200 164854 "-" "baselinker"
89.161.206.59 - - [30/May/2025:13:40:41 +0200] "GET /Jurek/rovato/feeds/rovato_amazonde.xml HTTP/1.0" 200 99166 "-" "-"
77.79.248.229 - - [30/May/2025:13:40:42 +0200] "GET /Jurek/kinghoff/feeds/kinghoff_SkroutzGR.xml HTTP/1.1" 200 7387110 "-" "Python-urllib/3.11"
77.79.248.229 - - [30/May/2025:13:40:44 +0200] "GET /Jurek/aw/feeds/awnarzedzia_skroutz.xml HTTP/1.1" 200 89730054 "-" "Python-urllib/3.11"
77.79.248.229 - - [30/May/2025:13:40:44 +0200] "GET /Jurek/eurofirany/feeds/eurofirany_skroutz.xml HTTP/1.1" 200 18244084 "-" "Python-urllib/3.11"
77.79.248.229 - - [30/May/2025:13:40:44 +0200] "GET /Jurek/fernity/feeds/fernity_skroutz.xml HTTP/1.1" 200 4592721 "-" "Python-urllib/3.11"
51.77.52.107 - - [30/May/2025:13:40:49 +0200] "GET /Jurek/eurofirany/images/349423/0.jpg HTTP/2.0" 200 164854 "-" "baselinker"
216.113.184.105 - - [30/May/2025:13:40:55 +0200] "GET /Jurek/topeshop/downloaded_images/5902838466742_Opal_garderoba_artisan.jpg HTTP/1.1" 404 3551 "http://www.ebay.com/" "Mozilla/5.0 (Windows NT 10.0; Win64; x64) AppleWebKit/537.36 (KHTML, like Gecko) Chrome/123.0.0.0 Safari/537.36"
216.113.184.103 - - [30/May/2025:13:40:55 +0200] "GET /Jurek/topeshop/downloaded_images/5902838466742_front_open.jpg HTTP/1.1" 200 59470 "http://www.ebay.com/" "Mozilla/5.0 (Windows NT 10.0; Win64; x64) AppleWebKit/537.36 (KHTML, like Gecko) Chrome/123.0.0.0 Safari/537.36"
216.113.184.105 - - [30/May/2025:13:40:55 +0200] "GET /Jurek/topeshop/downloaded_images/5902838466742_Artisan.jpg HTTP/1.1" 200 113292 "http://www.ebay.com/" "Mozilla/5.0 (Windows NT 10.0; Win64; x64) AppleWebKit/537.36 (KHTML, like Gecko) Chrome/123.0.0.0 Safari/537.36"
216.113.184.103 - - [30/May/2025:13:40:55 +0200] "GET /Jurek/topeshop/downloaded_images/5902838466742_front.jpg HTTP/1.1" 200 65288 "http://www.ebay.com/" "Mozilla/5.0 (Windows NT 10.0; Win64; x64) AppleWebKit/537.36 (KHTML, like Gecko) Chrome/123.0.0.0 Safari/537.36"
216.113.184.105 - - [30/May/2025:13:40:55 +0200] "GET /Jurek/topeshop/downloaded_images/5902838466742_20_st.jpg HTTP/1.1" 200 63928 "http://www.ebay.com/" "Mozilla/5.0 (Windows NT 10.0; Win64; x64) AppleWebKit/537.36 (KHTML, like Gecko) Chrome/123.0.0.0 Safari/537.36"
216.113.184.104 - - [30/May/2025:13:40:55 +0200] "GET /Jurek/topeshop/downloaded_images/5902838466742_20_st_open.jpg HTTP/1.1" 200 59908 "http://www.ebay.com/" "Mozilla/5.0 (Windows NT 10.0; Win64; x64) AppleWebKit/537.36 (KHTML, like Gecko) Chrome/123.0.0.0 Safari/537.36"
216.113.184.101 - - [30/May/2025:13:40:55 +0200] "GET /Jurek/topeshop/downloaded_images/5902838466742_wymiary_close_Obszar_roboczy_1.jpg HTTP/1.1" 200 80637 "http://www.ebay.com/" "Mozilla/5.0 (Windows NT 10.0; Win64; x64) AppleWebKit/537.36 (KHTML, like Gecko) Chrome/123.0.0.0 Safari/537.36"
216.113.184.102 - - [30/May/2025:13:40:55 +0200] "GET /Jurek/topeshop/downloaded_images/5902838466742_wymiary_open_Obszar_roboczy_1.jpg HTTP/1.1" 200 63926 "http://www.ebay.com/" "Mozilla/5.0 (Windows NT 10.0; Win64; x64) AppleWebKit/537.36 (KHTML, like Gecko) Chrome/123.0.0.0 Safari/537.36"
51.77.52.107 - - [30/May/2025:13:40:56 +0200] "GET /Jurek/eurofirany/images/349455/0.jpg HTTP/2.0" 200 164808 "-" "baselinker"
51.77.52.107 - - [30/May/2025:13:41:00 +0200] "GET /Jurek/eurofirany/images/349455/0.jpg HTTP/2.0" 200 164808 "-" "baselinker"
89.161.206.59 - - [30/May/2025:13:41:02 +0200] "GET /Jurek/rovato/feeds/rovato_aliex.xml HTTP/1.0" 200 180844 "-" "-"
51.77.52.107 - - [30/May/2025:13:41:06 +0200] "GET /Jurek/eurofirany/images/349455/0.jpg HTTP/2.0" 200 164808 "-" "baselinker"
51.77.52.107 - - [30/May/2025:13:41:25 +0200] "GET /Jurek/eurofirany/images/349462/0.jpg HTTP/2.0" 200 150596 "-" "baselinker"
51.77.52.107 - - [30/May/2025:13:41:32 +0200] "GET /Jurek/eurofirany/images/349462/0.jpg HTTP/2.0" 200 150596 "-" "baselinker"
46.101.116.244 - - [30/May/2025:13:41:33 +0200] "GET /Jurek/flhf/feeds/flhf_mallsish.xml HTTP/2.0" 404 3551 "-" "-"
51.77.52.107 - - [30/May/2025:13:41:48 +0200] "GET /Jurek/eurofirany/images/349462/0.jpg HTTP/2.0" 200 150596 "-" "baselinker"
46.101.116.244 - - [30/May/2025:13:41:53 +0200] "GET /Jurek/vidaSI/feeds/vidaSI_mallsh.xml HTTP/2.0" 200 779947216 "-" "-"
51.77.52.107 - - [30/May/2025:13:42:08 +0200] "GET /Jurek/eurofirany/images/349465/0.jpg HTTP/2.0" 200 135786 "-" "baselinker"
51.77.52.107 - - [30/May/2025:13:42:26 +0200] "GET /Jurek/eurofirany/images/349465/0.jpg HTTP/2.0" 200 135786 "-" "baselinker"
51.77.52.107 - - [30/May/2025:13:42:31 +0200] "GET /Jurek/eurofirany/images/349465/0.jpg HTTP/2.0" 200 135786 "-" "baselinker"
51.77.52.107 - - [30/May/2025:13:42:51 +0200] "GET /Jurek/eurofirany/images/349469/0.jpg HTTP/2.0" 200 152870 "-" "baselinker"
51.77.52.107 - - [30/May/2025:13:42:56 +0200] "GET /Jurek/eurofirany/images/349469/0.jpg HTTP/2.0" 200 152870 "-" "baselinker"
51.77.52.107 - - [30/May/2025:13:43:07 +0200] "GET /Jurek/eurofirany/images/349469/0.jpg HTTP/2.0" 200 152870 "-" "baselinker"
51.77.52.107 - - [30/May/2025:13:43:13 +0200] "GET /Jurek/eurofirany/images/349470/0.jpg HTTP/2.0" 200 152870 "-" "baselinker"
51.77.52.107 - - [30/May/2025:13:43:28 +0200] "GET /Jurek/eurofirany/images/349470/0.jpg HTTP/2.0" 200 152870 "-" "baselinker"
51.77.52.107 - - [30/May/2025:13:43:43 +0200] "GET /Jurek/eurofirany/images/349470/0.jpg HTTP/2.0" 200 152870 "-" "baselinker"
51.77.52.107 - - [30/May/2025:13:43:50 +0200] "GET /Jurek/eurofirany/images/366928/0.jpg HTTP/2.0" 200 120534 "-" "baselinker"
51.77.52.107 - - [30/May/2025:13:44:03 +0200] "GET /Jurek/eurofirany/images/366928/0.jpg HTTP/2.0" 200 120534 "-" "baselinker"
46.175.227.131 - - [30/May/2025:13:44:07 +0200] "GET /Jurek/hurtmeblowy/feeds/hurtmeblowy_vente_fr.xml HTTP/2.0" 200 8543197 "https://konsola.dkkapusta1997.usermd.net/" "Mozilla/5.0 (Windows NT 10.0; Win64; x64) AppleWebKit/537.36 (KHTML, like Gecko) Chrome/137.0.0.0 Safari/537.36"
51.77.52.107 - - [30/May/2025:13:44:18 +0200] "GET /Jurek/eurofirany/images/366928/0.jpg HTTP/2.0" 200 120534 "-" "baselinker"
51.77.52.107 - - [30/May/2025:13:44:23 +0200] "GET /Jurek/eurofirany/images/366930/0.jpg HTTP/2.0" 200 124057 "-" "baselinker"
89.161.206.59 - - [30/May/2025:13:44:34 +0200] "GET /Jurek/reman/feeds/reman_aliex.xml HTTP/1.0" 200 1394923 "-" "-"
51.77.52.107 - - [30/May/2025:13:44:37 +0200] "GET /Jurek/eurofirany/images/366930/0.jpg HTTP/2.0" 200 124057 "-" "baselinker"
51.77.52.107 - - [30/May/2025:13:44:41 +0200] "GET /Jurek/eurofirany/images/366930/0.jpg HTTP/2.0" 200 124057 "-" "baselinker"
51.77.52.107 - - [30/May/2025:13:44:50 +0200] "GET /Jurek/eurofirany/images/373795/0.jpg HTTP/2.0" 200 130959 "-" "baselinker"
89.161.206.59 - - [30/May/2025:13:44:57 +0200] "GET /Jurek/ralmetal/feeds/ralmetal_amazonse.xml HTTP/1.0" 200 2040794 "-" "-"
51.77.52.107 - - [30/May/2025:13:45:06 +0200] "GET /Jurek/eurofirany/images/373795/0.jpg HTTP/2.0" 200 130959 "-" "baselinker"
51.77.52.107 - - [30/May/2025:13:45:12 +0200] "GET /Jurek/eurofirany/images/373795/0.jpg HTTP/2.0" 200 130959 "-" "baselinker"
89.161.206.59 - - [30/May/2025:13:45:15 +0200] "GET /Jurek/ralmetal/feeds/ralmetal_amazonbe.xml HTTP/1.0" 200 2039882 "-" "-"
51.77.52.107 - - [30/May/2025:13:45:18 +0200] "GET /Jurek/eurofirany/images/373797/0.jpg HTTP/2.0" 200 130959 "-" "baselinker"
89.161.206.59 - - [30/May/2025:13:45:33 +0200] "GET /Jurek/amzteam/feeds/amzteam_emagro.xml HTTP/1.0" 200 97894 "-" "-"
89.161.206.59 - - [30/May/2025:13:45:33 +0200] "GET /Jurek/kambukka/feeds/kambukka_emagro.xml HTTP/1.0" 200 1023560 "-" "-"
51.77.52.107 - - [30/May/2025:13:45:36 +0200] "GET /Jurek/eurofirany/images/373797/0.jpg HTTP/2.0" 200 130959 "-" "baselinker"
51.77.52.107 - - [30/May/2025:13:45:40 +0200] "GET /Jurek/eurofirany/images/373797/0.jpg HTTP/2.0" 200 130959 "-" "baselinker"
89.161.206.59 - - [30/May/2025:13:45:41 +0200] "GET /Jurek/kinghoff/feeds/kinghoff_emagro.xml HTTP/1.0" 200 8218353 "-" "-"
89.161.206.59 - - [30/May/2025:13:45:43 +0200] "GET /Jurek/b3/feeds/b3_emagro.xml HTTP/1.0" 200 8016360 "-" "-"
51.77.52.107 - - [30/May/2025:13:45:45 +0200] "GET /Jurek/eurofirany/images/377777/0.jpg HTTP/2.0" 200 164808 "-" "baselinker"
89.161.206.59 - - [30/May/2025:13:45:45 +0200] "GET /Jurek/oromed/feeds/oromed_emagro.xml HTTP/1.0" 200 1290256 "-" "-"
51.77.52.107 - - [30/May/2025:13:45:53 +0200] "GET /Jurek/eurofirany/images/377777/0.jpg HTTP/2.0" 200 164808 "-" "baselinker"
89.161.206.59 - - [30/May/2025:13:45:54 +0200] "GET /Jurek/velinda/feeds/velinda_emagro.xml HTTP/1.0" 200 4228109 "-" "-"
89.161.206.59 - - [30/May/2025:13:45:54 +0200] "GET /Jurek/urwiskowo/feeds/urwiskowo_emagro.xml HTTP/1.0" 200 9115105 "-" "-"
89.161.206.59 - - [30/May/2025:13:45:55 +0200] "GET /Jurek/swiatecznygoliat/feeds/swiatecznygoliat_amazonde.xml HTTP/1.0" 200 7050811 "-" "-"
51.77.52.107 - - [30/May/2025:13:46:04 +0200] "GET /Jurek/eurofirany/images/377777/0.jpg HTTP/2.0" 200 164808 "-" "baselinker"
51.77.52.107 - - [30/May/2025:13:46:20 +0200] "GET /Jurek/eurofirany/images/377778/0.jpg HTTP/2.0" 200 165499 "-" "baselinker"
51.77.52.107 - - [30/May/2025:13:46:40 +0200] "GET /Jurek/eurofirany/images/377778/0.jpg HTTP/2.0" 200 165499 "-" "baselinker"
89.161.206.59 - - [30/May/2025:13:46:42 +0200] "GET /Jurek/apresto/feeds/apresto_emagro.xml HTTP/1.0" 200 1327810 "-" "-"
51.77.52.107 - - [30/May/2025:13:46:45 +0200] "GET /Jurek/eurofirany/images/377778/0.jpg HTTP/2.0" 200 165499 "-" "baselinker"
51.77.52.107 - - [30/May/2025:13:46:50 +0200] "GET /Jurek/eurofirany/images/377784/0.jpg HTTP/2.0" 200 120534 "-" "baselinker"
89.161.206.59 - - [30/May/2025:13:46:57 +0200] "GET /Jurek/zami/feeds/zami_emagro.xml HTTP/1.0" 200 4475689 "-" "-"
89.161.206.59 - - [30/May/2025:13:46:58 +0200] "GET /Jurek/qbox/feeds/qbox_allegro.xml HTTP/1.0" 200 398796 "-" "-"
51.77.52.107 - - [30/May/2025:13:47:13 +0200] "GET /Jurek/eurofirany/images/377784/0.jpg HTTP/2.0" 200 120534 "-" "baselinker"
46.101.116.244 - - [30/May/2025:13:47:21 +0200] "GET /Jurek/topeshop/feeds/topeshop_emagsm.xml HTTP/1.0" 200 3024844 "-" "-"
51.77.52.107 - - [30/May/2025:13:47:34 +0200] "GET /Jurek/eurofirany/images/377784/0.jpg HTTP/2.0" 200 120534 "-" "baselinker"
51.77.52.107 - - [30/May/2025:13:47:58 +0200] "GET /Jurek/eurofirany/images/377785/0.jpg HTTP/2.0" 200 152870 "-" "baselinker"
51.77.52.107 - - [30/May/2025:13:48:16 +0200] "GET /Jurek/eurofirany/images/377785/0.jpg HTTP/2.0" 200 152870 "-" "baselinker"
89.161.206.59 - - [30/May/2025:13:48:19 +0200] "GET /Jurek/purewear/feeds/purewear_bol.xml HTTP/1.0" 200 13350582 "-" "-"
51.77.52.107 - - [30/May/2025:13:48:22 +0200] "GET /Jurek/eurofirany/images/377785/0.jpg HTTP/2.0" 200 152870 "-" "baselinker"
51.77.52.107 - - [30/May/2025:13:48:29 +0200] "GET /Jurek/eurofirany/images/377786/0.jpg HTTP/2.0" 200 124057 "-" "baselinker"
66.211.183.73 - - [30/May/2025:13:48:35 +0200] "GET /Jurek/eurofirany/images/460154/0.jpg HTTP/1.1" 200 134165 "-" "Java/17.0.13.0.101"
89.161.206.59 - - [30/May/2025:13:48:36 +0200] "GET /Jurek/pupus/feeds/pupus_cdsc.xml HTTP/1.0" 200 7260657 "-" "-"
91.206.37.14 - - [30/May/2025:13:48:37 +0200] "GET /Jurek/eurofirany/images/433782/0.jpg HTTP/2.0" 200 69424 "-" "EmagContentMedia/1.0.0"
91.206.37.14 - - [30/May/2025:13:48:38 +0200] "GET /Jurek/eurofirany/images/433782/1.jpg HTTP/2.0" 200 44437 "-" "EmagContentMedia/1.0.0"
51.77.52.107 - - [30/May/2025:13:48:47 +0200] "GET /Jurek/eurofirany/images/377786/0.jpg HTTP/2.0" 200 124057 "-" "baselinker"
51.77.52.107 - - [30/May/2025:13:48:54 +0200] "GET /Jurek/eurofirany/images/377786/0.jpg HTTP/2.0" 200 124057 "-" "baselinker"
51.77.52.107 - - [30/May/2025:13:48:58 +0200] "GET /Jurek/eurofirany/images/377789/0.jpg HTTP/2.0" 200 164854 "-" "baselinker"
51.77.52.107 - - [30/May/2025:13:49:16 +0200] "GET /Jurek/eurofirany/images/377789/0.jpg HTTP/2.0" 200 164854 "-" "baselinker"
89.161.206.59 - - [30/May/2025:13:49:26 +0200] "GET /Jurek/proparts/feeds/proparts_amazonde.xml HTTP/1.0" 200 707492 "-" "-"
51.77.52.107 - - [30/May/2025:13:49:38 +0200] "GET /Jurek/eurofirany/images/377789/0.jpg HTTP/2.0" 200 164854 "-" "baselinker"
89.161.206.59 - - [30/May/2025:13:49:49 +0200] "GET /Jurek/primohurt/feeds/primohurt_emagro.xml HTTP/1.0" 200 17191501 "-" "-"
51.77.52.107 - - [30/May/2025:13:50:00 +0200] "GET /Jurek/eurofirany/images/378345/0.jpg HTTP/2.0" 200 131731 "-" "baselinker"
51.77.52.107 - - [30/May/2025:13:50:18 +0200] "GET /Jurek/eurofirany/images/378345/0.jpg HTTP/2.0" 200 131731 "-" "baselinker"
46.101.116.244 - - [30/May/2025:13:50:27 +0200] "GET /Jurek/piotrmiedz/feeds/piotrmiedz_cdsc.xml HTTP/1.0" 200 87653914 "-" "-"
51.77.52.107 - - [30/May/2025:13:50:40 +0200] "GET /Jurek/eurofirany/images/378345/0.jpg HTTP/2.0" 200 131731 "-" "baselinker"
51.77.52.107 - - [30/May/2025:13:50:45 +0200] "GET /Jurek/eurofirany/images/378351/0.jpg HTTP/2.0" 200 165499 "-" "baselinker"
89.161.206.59 - - [30/May/2025:13:50:46 +0200] "GET /Jurek/piotrmiedz/feeds/piotrmiedz_amazonde.xml HTTP/1.0" 200 91049378 "-" "-"
51.77.52.107 - - [30/May/2025:13:51:05 +0200] "GET /Jurek/eurofirany/images/378351/0.jpg HTTP/2.0" 200 165499 "-" "baselinker"
89.161.206.59 - - [30/May/2025:13:51:18 +0200] "GET /Jurek/piotrmiedz/feeds/piotrmiedz_bol.xml HTTP/1.0" 200 91039526 "-" "-"
51.77.52.107 - - [30/May/2025:13:51:25 +0200] "GET /Jurek/eurofirany/images/378351/0.jpg HTTP/2.0" 200 165499 "-" "baselinker"
51.77.52.107 - - [30/May/2025:13:51:30 +0200] "GET /Jurek/eurofirany/images/408367/0.jpg HTTP/2.0" 200 142167 "-" "baselinker"
51.77.52.107 - - [30/May/2025:13:51:52 +0200] "GET /Jurek/eurofirany/images/408367/0.jpg HTTP/2.0" 200 142167 "-" "baselinker"
51.77.52.107 - - [30/May/2025:13:52:00 +0200] "GET /Jurek/eurofirany/images/408367/0.jpg HTTP/2.0" 200 142167 "-" "baselinker"
51.77.52.107 - - [30/May/2025:13:52:27 +0200] "GET /Jurek/eurofirany/images/408368/0.jpg HTTP/2.0" 200 142167 "-" "baselinker"
85.232.241.194 - - [30/May/2025:13:52:38 +0200] "GET /Jurek/action/feeds/action_carrefour.xml HTTP/1.1" 200 60148927 "-" "Python-urllib/3.11"
85.232.241.194 - - [30/May/2025:13:52:38 +0200] "GET /Jurek/aw/feeds/aw_carrefour.xml HTTP/1.1" 200 91228780 "-" "Python-urllib/3.11"
51.77.52.107 - - [30/May/2025:13:52:48 +0200] "GET /Jurek/eurofirany/images/408368/0.jpg HTTP/2.0" 200 142167 "-" "baselinker"
51.77.52.107 - - [30/May/2025:13:52:55 +0200] "GET /Jurek/eurofirany/images/408368/0.jpg HTTP/2.0" 200 142167 "-" "baselinker"
89.161.206.59 - - [30/May/2025:13:53:05 +0200] "GET /Jurek/photho/feeds/photho_amazonde.xml HTTP/1.0" 200 1050918 "-" "-"
51.77.52.107 - - [30/May/2025:13:53:16 +0200] "GET /Jurek/eurofirany/images/408376/0.jpg HTTP/2.0" 200 131365 "-" "baselinker"
51.77.52.107 - - [30/May/2025:13:53:36 +0200] "GET /Jurek/eurofirany/images/408376/0.jpg HTTP/2.0" 200 131365 "-" "baselinker"
89.161.206.59 - - [30/May/2025:13:53:36 +0200] "GET /Jurek/pagmil/feeds/pagmil_emaghu.xml HTTP/1.0" 200 1803746 "-" "-"
51.77.52.107 - - [30/May/2025:13:53:49 +0200] "GET /Jurek/eurofirany/images/408376/0.jpg HTTP/2.0" 200 131365 "-" "baselinker"
51.77.52.107 - - [30/May/2025:13:53:56 +0200] "GET /Jurek/eurofirany/images/416783/0.jpg HTTP/2.0" 200 118973 "-" "baselinker"
51.77.52.107 - - [30/May/2025:13:54:19 +0200] "GET /Jurek/eurofirany/images/416783/0.jpg HTTP/2.0" 200 118973 "-" "baselinker"
51.77.52.107 - - [30/May/2025:13:54:26 +0200] "GET /Jurek/eurofirany/images/416783/0.jpg HTTP/2.0" 200 118973 "-" "baselinker"
89.161.206.59 - - [30/May/2025:13:54:31 +0200] "GET /Jurek/pagmil/feeds/pagmil_amazonse.xml HTTP/1.0" 200 1803236 "-" "-"
51.77.52.107 - - [30/May/2025:13:54:48 +0200] "GET /Jurek/eurofirany/images/416786/0.jpg HTTP/2.0" 200 118973 "-" "baselinker"
89.161.206.59 - - [30/May/2025:13:55:03 +0200] "GET /Jurek/pagmil/feeds/pagmil_amazonnl.xml HTTP/1.0" 200 1802833 "-" "-"
51.77.52.107 - - [30/May/2025:13:55:11 +0200] "GET /Jurek/eurofirany/images/416786/0.jpg HTTP/2.0" 200 118973 "-" "baselinker"
51.77.52.107 - - [30/May/2025:13:55:16 +0200] "GET /Jurek/eurofirany/images/416786/0.jpg HTTP/2.0" 200 118973 "-" "baselinker"
89.161.206.59 - - [30/May/2025:13:55:20 +0200] "GET /Jurek/pagmil/feeds/pagmil_amazonit.xml HTTP/1.0" 200 1802831 "-" "-"
51.77.52.107 - - [30/May/2025:13:55:22 +0200] "GET /Jurek/eurofirany/images/416788/0.jpg HTTP/2.0" 200 114800 "-" "baselinker"
51.77.52.107 - - [30/May/2025:13:55:41 +0200] "GET /Jurek/eurofirany/images/416788/0.jpg HTTP/2.0" 200 114800 "-" "baselinker"
51.77.52.107 - - [30/May/2025:13:56:03 +0200] "GET /Jurek/eurofirany/images/416788/0.jpg HTTP/2.0" 200 114800 "-" "baselinker"
51.77.52.107 - - [30/May/2025:13:56:08 +0200] "GET /Jurek/eurofirany/images/416790/0.jpg HTTP/2.0" 200 121794 "-" "baselinker"
51.77.52.107 - - [30/May/2025:13:56:26 +0200] "GET /Jurek/eurofirany/images/416790/0.jpg HTTP/2.0" 200 121794 "-" "baselinker"
89.161.206.59 - - [30/May/2025:13:56:34 +0200] "GET /Jurek/pagmil/feeds/pagmil_amazonfr.xml HTTP/1.0" 200 1802840 "-" "-"
51.77.52.107 - - [30/May/2025:13:56:41 +0200] "GET /Jurek/eurofirany/images/416790/0.jpg HTTP/2.0" 200 121794 "-" "baselinker"
51.77.52.107 - - [30/May/2025:13:56:46 +0200] "GET /Jurek/eurofirany/images/416791/0.jpg HTTP/2.0" 200 121794 "-" "baselinker"
89.161.206.59 - - [30/May/2025:13:56:47 +0200] "GET /Jurek/pagmil/feeds/pagmil_amazones.xml HTTP/1.0" 200 1802833 "-" "-"
51.77.52.107 - - [30/May/2025:13:56:52 +0200] "GET /Jurek/eurofirany/images/416791/0.jpg HTTP/2.0" 200 121794 "-" "baselinker"
89.161.206.59 - - [30/May/2025:13:56:57 +0200] "GET /Jurek/pagmil/feeds/pagmil_amazonde.xml HTTP/1.0" 200 1802840 "-" "-"
51.77.52.107 - - [30/May/2025:13:56:58 +0200] "GET /Jurek/eurofirany/images/416791/0.jpg HTTP/2.0" 200 121794 "-" "baselinker"
51.77.52.107 - - [30/May/2025:13:57:03 +0200] "GET /Jurek/eurofirany/images/416792/0.jpg HTTP/2.0" 200 117637 "-" "baselinker"
89.161.206.59 - - [30/May/2025:13:57:08 +0200] "GET /Jurek/pagmil/feeds/pagmil_amazonbe.xml HTTP/1.0" 200 1802835 "-" "-"
51.77.52.107 - - [30/May/2025:13:57:10 +0200] "GET /Jurek/eurofirany/images/416792/0.jpg HTTP/2.0" 200 117637 "-" "baselinker"
51.77.52.107 - - [30/May/2025:13:57:15 +0200] "GET /Jurek/eurofirany/images/416792/0.jpg HTTP/2.0" 200 117637 "-" "baselinker"
178.21.154.6 - - [30/May/2025:13:57:16 +0200] "GET /Jurek/eurofirany/images/401102/0.jpg HTTP/1.1" 200 97926 "-" "-"
89.161.206.59 - - [30/May/2025:13:57:35 +0200] "GET /Jurek/omi/feeds/omi_cdsc.xml HTTP/1.0" 200 8100741 "-" "-"
51.77.52.107 - - [30/May/2025:13:57:37 +0200] "GET /Jurek/eurofirany/images/416793/0.jpg HTTP/2.0" 200 117637 "-" "baselinker"
51.77.52.107 - - [30/May/2025:13:57:45 +0200] "GET /Jurek/eurofirany/images/416793/0.jpg HTTP/2.0" 200 117637 "-" "baselinker"
51.77.52.107 - - [30/May/2025:13:57:51 +0200] "GET /Jurek/eurofirany/images/416793/0.jpg HTTP/2.0" 200 117637 "-" "baselinker"
89.161.206.59 - - [30/May/2025:13:58:05 +0200] "GET /Jurek/nonabox/feeds/nonabox_amazonde.xml HTTP/1.0" 200 33866 "-" "-"
51.77.52.107 - - [30/May/2025:13:58:11 +0200] "GET /Jurek/eurofirany/images/423448/0.jpg HTTP/2.0" 200 126088 "-" "baselinker"
89.161.206.59 - - [30/May/2025:13:58:23 +0200] "GET /Jurek/nexus/feeds/nexus_leroy.xml HTTP/1.0" 200 226625 "-" "-"
51.77.52.107 - - [30/May/2025:13:58:35 +0200] "GET /Jurek/eurofirany/images/423448/0.jpg HTTP/2.0" 200 126088 "-" "baselinker"
51.77.52.107 - - [30/May/2025:13:58:41 +0200] "GET /Jurek/eurofirany/images/423448/0.jpg HTTP/2.0" 200 126088 "-" "baselinker"
89.161.206.59 - - [30/May/2025:13:58:43 +0200] "GET /Jurek/newtechele/feeds/newtechele_skroutz.xml HTTP/1.0" 200 2438473 "-" "-"
51.77.52.107 - - [30/May/2025:13:58:44 +0200] "GET /Jurek/eurofirany/images/423449/0.jpg HTTP/2.0" 200 104647 "-" "baselinker"
89.161.206.59 - - [30/May/2025:13:59:01 +0200] "GET /Jurek/newtechele/feeds/newtechele_cdsc.xml HTTP/1.0" 200 1957118 "-" "-"
51.77.52.107 - - [30/May/2025:13:59:18 +0200] "GET /Jurek/eurofirany/images/423449/0.jpg HTTP/2.0" 200 104647 "-" "baselinker"
51.77.52.107 - - [30/May/2025:13:59:42 +0200] "GET /Jurek/eurofirany/images/423449/0.jpg HTTP/2.0" 200 104647 "-" "baselinker"
51.77.52.107 - - [30/May/2025:13:59:47 +0200] "GET /Jurek/eurofirany/images/423450/0.jpg HTTP/2.0" 200 145775 "-" "baselinker"
51.77.52.107 - - [30/May/2025:14:00:09 +0200] "GET /Jurek/eurofirany/images/423450/0.jpg HTTP/2.0" 200 145775 "-" "baselinker"
35.204.39.32 - - [30/May/2025:14:00:15 +0200] "GET /marketplaces/carrefour_fr/results/carrefour_fr.csv HTTP/1.1" 200 147219 "-" "Mirakl HttpClient"
85.14.86.141 - - [30/May/2025:14:00:21 +0200] "GET /Jurek/vida_morele/feeds/VidaPL_all.xml HTTP/2.0" 200 879286888 "-" "MarketplaceAPI curl/7.74.0 PHP/8"
51.77.52.107 - - [30/May/2025:14:00:28 +0200] "GET /Jurek/eurofirany/images/423450/0.jpg HTTP/2.0" 200 145775 "-" "baselinker"
52.18.22.0 - - [30/May/2025:14:00:44 +0200] "GET /marketplaces/ubaldi/results/ubaldi.csv HTTP/1.1" 200 3562757 "-" "Mirakl HttpClient"
51.77.52.107 - - [30/May/2025:14:00:52 +0200] "GET /Jurek/eurofirany/images/436566/0.jpg HTTP/2.0" 200 114569 "-" "baselinker"
51.77.52.107 - - [30/May/2025:14:01:04 +0200] "GET /Jurek/eurofirany/images/436566/0.jpg HTTP/2.0" 200 114569 "-" "baselinker"
89.161.206.59 - - [30/May/2025:14:01:09 +0200] "GET /Jurek/narzbud/feeds/narzbud_aliex.xml HTTP/1.0" 200 1901417 "-" "-"
51.77.52.107 - - [30/May/2025:14:01:11 +0200] "GET /Jurek/eurofirany/images/436566/0.jpg HTTP/2.0" 200 114569 "-" "baselinker"
51.77.52.107 - - [30/May/2025:14:01:31 +0200] "GET /Jurek/eurofirany/images/436567/0.jpg HTTP/2.0" 200 114569 "-" "baselinker"
35.204.39.32 - - [30/May/2025:14:01:33 +0200] "GET /marketplaces/vente/results/vente_nl.csv HTTP/1.1" 200 2289659 "-" "Mirakl HttpClient"
35.204.39.32 - - [30/May/2025:14:01:34 +0200] "GET /marketplaces/vente/results/vente_fr.csv HTTP/1.1" 200 2562798 "-" "Mirakl HttpClient"
35.204.39.32 - - [30/May/2025:14:01:35 +0200] "GET /marketplaces/vente/results/vente_be.csv HTTP/1.1" 200 2289471 "-" "Mirakl HttpClient"
35.204.39.32 - - [30/May/2025:14:01:35 +0200] "GET /marketplaces/vente/results/vente_it.csv HTTP/1.1" 200 2322057 "-" "Mirakl HttpClient"
35.204.39.32 - - [30/May/2025:14:01:36 +0200] "GET /marketplaces/vente/results/vente_es.csv HTTP/1.1" 200 2289092 "-" "Mirakl HttpClient"
35.204.39.32 - - [30/May/2025:14:01:36 +0200] "GET /marketplaces/vente/results/vente_de.csv HTTP/1.1" 200 2288955 "-" "Mirakl HttpClient"
89.161.206.59 - - [30/May/2025:14:01:40 +0200] "GET /Jurek/muminky/feeds/muminky_amazonse.xml HTTP/1.0" 200 2678354 "-" "-"
89.161.206.59 - - [30/May/2025:14:01:52 +0200] "GET /Jurek/muminky/feeds/muminky_amazonbe.xml HTTP/1.0" 200 2677598 "-" "-"
51.77.52.107 - - [30/May/2025:14:01:54 +0200] "GET /Jurek/eurofirany/images/436567/0.jpg HTTP/2.0" 200 114569 "-" "baselinker"
52.17.80.36 - - [30/May/2025:14:02:00 +0200] "GET /marketplaces/rue/results/rue.csv HTTP/1.1" 200 147219 "-" "Mirakl HttpClient"
51.77.52.107 - - [30/May/2025:14:02:01 +0200] "GET /Jurek/eurofirany/images/436567/0.jpg HTTP/2.0" 200 114569 "-" "baselinker"
89.161.206.59 - - [30/May/2025:14:02:01 +0200] "GET /Jurek/muminky/feeds/muminky_amazonnl.xml HTTP/1.0" 200 2677722 "-" "-"
89.161.206.59 - - [30/May/2025:14:02:10 +0200] "GET /Jurek/muminky/feeds/muminky_amazones.xml HTTP/1.0" 200 2677722 "-" "-"
89.161.206.59 - - [30/May/2025:14:02:20 +0200] "GET /Jurek/muminky/feeds/muminky_amazonit.xml HTTP/1.0" 200 2677726 "-" "-"
51.77.52.107 - - [30/May/2025:14:02:30 +0200] "GET /Jurek/eurofirany/images/408362/0.jpg HTTP/2.0" 200 116999 "-" "baselinker"
89.161.206.59 - - [30/May/2025:14:02:34 +0200] "GET /Jurek/muminky/feeds/muminky_amazonfr.xml HTTP/1.0" 200 2677684 "-" "-"
89.161.206.59 - - [30/May/2025:14:02:42 +0200] "GET /Jurek/muminky/feeds/muminky_amazonde.xml HTTP/1.0" 200 2677640 "-" "-"
51.77.52.107 - - [30/May/2025:14:02:54 +0200] "GET /Jurek/eurofirany/images/408362/0.jpg HTTP/2.0" 200 116999 "-" "baselinker"
51.77.52.107 - - [30/May/2025:14:03:01 +0200] "GET /Jurek/eurofirany/images/408362/0.jpg HTTP/2.0" 200 116999 "-" "baselinker"
51.77.52.107 - - [30/May/2025:14:03:16 +0200] "GET /Jurek/eurofirany/images/378352/0.jpg HTTP/2.0" 200 165499 "-" "baselinker"
51.77.52.107 - - [30/May/2025:14:03:38 +0200] "GET /Jurek/eurofirany/images/378352/0.jpg HTTP/2.0" 200 165499 "-" "baselinker"
52.209.168.113 - - [30/May/2025:14:03:46 +0200] "GET /marketplaces/carrefour/results/carrefour.csv HTTP/1.1" 200 4358361 "-" "Mirakl HttpClient"
89.161.206.59 - - [30/May/2025:14:03:52 +0200] "GET /Jurek/mosti/feeds/mosti_emaghu.xml HTTP/1.0" 200 4631787 "-" "-"
51.77.52.107 - - [30/May/2025:14:03:56 +0200] "GET /Jurek/eurofirany/images/378352/0.jpg HTTP/2.0" 200 165499 "-" "baselinker"
85.14.86.141 - - [30/May/2025:14:04:10 +0200] "GET /Jurek/kinghoff/feeds/kinghoff_morele.xml HTTP/2.0" 200 8217420 "-" "MarketplaceAPI curl/7.74.0 PHP/8"
51.77.52.107 - - [30/May/2025:14:04:17 +0200] "GET /Jurek/eurofirany/images/378341/0.jpg HTTP/2.0" 200 156945 "-" "baselinker"
89.161.206.59 - - [30/May/2025:14:04:19 +0200] "GET /Jurek/mosti/feeds/mosti_ebay.xml HTTP/1.0" 200 3033069 "-" "-"
51.77.52.107 - - [30/May/2025:14:04:25 +0200] "GET /Jurek/eurofirany/images/378341/0.jpg HTTP/2.0" 200 156945 "-" "baselinker"
89.161.206.59 - - [30/May/2025:14:04:31 +0200] "GET /Jurek/mosti/feeds/mosti_cdsc.xml HTTP/1.0" 200 2488800 "-" "-"
89.161.206.59 - - [30/May/2025:14:04:45 +0200] "GET /Jurek/mosti/feeds/mosti_amazonde.xml HTTP/1.0" 200 4628103 "-" "-"
66.211.183.72 - - [30/May/2025:14:04:47 +0200] "GET /Jurek/eurofirany/images/390413/0.jpg HTTP/1.1" 200 97224 "-" "Java/17.0.13.0.101"
51.77.52.107 - - [30/May/2025:14:04:48 +0200] "GET /Jurek/eurofirany/images/378341/0.jpg HTTP/2.0" 200 156945 "-" "baselinker"
89.161.206.59 - - [30/May/2025:14:04:56 +0200] "GET /Jurek/mosti/feeds/mosti_aliex.xml HTTP/1.0" 200 4629076 "-" "-"
51.77.52.107 - - [30/May/2025:14:05:07 +0200] "GET /Jurek/eurofirany/images/378342/0.jpg HTTP/2.0" 200 156945 "-" "baselinker"
51.77.52.107 - - [30/May/2025:14:05:33 +0200] "GET /Jurek/eurofirany/images/378342/0.jpg HTTP/2.0" 200 156945 "-" "baselinker"
51.77.52.107 - - [30/May/2025:14:06:01 +0200] "GET /Jurek/eurofirany/images/378342/0.jpg HTTP/2.0" 200 156945 "-" "baselinker"
51.77.52.107 - - [30/May/2025:14:06:07 +0200] "GET /Jurek/eurofirany/images/452620/0.jpg HTTP/2.0" 200 49639 "-" "baselinker"
85.232.241.194 - - [30/May/2025:14:06:30 +0200] "GET /Jurek/aw/feeds/aw_worten.xml HTTP/1.1" 200 91228752 "-" "Python-urllib/3.11"
85.232.241.194 - - [30/May/2025:14:06:31 +0200] "GET /Jurek/aw/feeds/aw_wortenES.xml HTTP/1.1" 200 91229200 "-" "Python-urllib/3.11"
51.77.52.107 - - [30/May/2025:14:06:35 +0200] "GET /Jurek/eurofirany/images/452620/0.jpg HTTP/2.0" 200 49639 "-" "baselinker"
85.232.241.194 - - [30/May/2025:14:06:35 +0200] "GET /Jurek/action/feeds/action_worten.xml HTTP/1.1" 200 59485182 "-" "Python-urllib/3.11"
85.232.241.194 - - [30/May/2025:14:06:36 +0200] "GET /Jurek/action/feeds/action_wortenES.xml HTTP/1.1" 200 59485481 "-" "Python-urllib/3.11"
89.161.206.59 - - [30/May/2025:14:06:42 +0200] "GET /Jurek/matkam/feeds/matkam_ebayde.xml HTTP/1.0" 200 4424882 "-" "-"
51.77.52.107 - - [30/May/2025:14:06:57 +0200] "GET /Jurek/eurofirany/images/452620/0.jpg HTTP/2.0" 200 49639 "-" "baselinker"
89.161.206.59 - - [30/May/2025:14:06:57 +0200] "GET /Jurek/hurtmeblowy/feeds/hurtmeblowy_skroutz.xml HTTP/1.0" 200 8542977 "-" "-"
51.77.52.107 - - [30/May/2025:14:07:04 +0200] "GET /Jurek/eurofirany/images/452623/0.jpg HTTP/2.0" 200 118839 "-" "baselinker"
85.14.86.141 - - [30/May/2025:14:07:25 +0200] "GET /Jurek/eurofirany/feeds/eurofirany_morele.xml HTTP/2.0" 200 18720286 "-" "MarketplaceAPI curl/7.74.0 PHP/8"
85.232.241.194 - - [30/May/2025:14:07:25 +0200] "GET /Jurek/octopia/feeds/octopia_worten.xml HTTP/1.1" 200 10105104 "-" "Python-urllib/3.11"
