51.77.52.107 - - [30/May/2025:07:57:37 +0200] "GET /Jurek/eurofirany/images/448475/0.jpg HTTP/2.0" 200 134919 "-" "baselinker"
89.161.206.59 - - [30/May/2025:07:57:39 +0200] "GET /Jurek/activeshop/feeds/activeshop_skroutz.xml HTTP/1.0" 200 6608766 "-" "-"
51.77.52.107 - - [30/May/2025:07:57:54 +0200] "GET /Jurek/eurofirany/images/448475/0.jpg HTTP/2.0" 200 134919 "-" "baselinker"
51.77.52.107 - - [30/May/2025:07:58:01 +0200] "GET /Jurek/eurofirany/images/448476/0.jpg HTTP/2.0" 200 134919 "-" "baselinker"
5.134.208.158 - - [30/May/2025:07:58:03 +0200] "GET /Jurek/eurofirany/images/460838/0.jpg HTTP/1.1" 200 61055 "-" "-"
51.77.52.107 - - [30/May/2025:07:58:23 +0200] "GET /Jurek/eurofirany/images/448476/0.jpg HTTP/2.0" 200 134919 "-" "baselinker"
51.77.52.107 - - [30/May/2025:07:58:38 +0200] "GET /Jurek/eurofirany/images/448476/0.jpg HTTP/2.0" 200 134919 "-" "baselinker"
51.77.52.107 - - [30/May/2025:07:59:02 +0200] "GET /Jurek/eurofirany/images/448510/0.jpg HTTP/2.0" 200 138503 "-" "baselinker"
51.77.52.107 - - [30/May/2025:07:59:27 +0200] "GET /Jurek/eurofirany/images/448510/0.jpg HTTP/2.0" 200 138503 "-" "baselinker"
51.77.52.107 - - [30/May/2025:07:59:44 +0200] "GET /Jurek/eurofirany/images/448510/0.jpg HTTP/2.0" 200 138503 "-" "baselinker"
51.77.52.107 - - [30/May/2025:07:59:59 +0200] "GET /Jurek/eurofirany/images/459344/0.jpg HTTP/2.0" 200 79414 "-" "baselinker"
35.204.39.32 - - [30/May/2025:08:00:14 +0200] "GET /marketplaces/carrefour_fr/results/carrefour_fr.csv HTTP/1.1" 200 147219 "-" "Mirakl HttpClient"
51.77.52.107 - - [30/May/2025:08:00:17 +0200] "GET /Jurek/eurofirany/images/459344/0.jpg HTTP/2.0" 200 79414 "-" "baselinker"
85.14.86.141 - - [30/May/2025:08:00:18 +0200] "GET /Jurek/vida_morele/feeds/VidaPL_all.xml HTTP/2.0" 200 878823698 "-" "MarketplaceAPI curl/7.74.0 PHP/8"
51.77.52.107 - - [30/May/2025:08:00:33 +0200] "GET /Jurek/eurofirany/images/459344/0.jpg HTTP/2.0" 200 79414 "-" "baselinker"
52.18.22.0 - - [30/May/2025:08:00:40 +0200] "GET /marketplaces/ubaldi/results/ubaldi.csv HTTP/1.1" 200 3562968 "-" "Mirakl HttpClient"
51.77.52.107 - - [30/May/2025:08:00:56 +0200] "GET /Jurek/eurofirany/images/459346/0.jpg HTTP/2.0" 200 79301 "-" "baselinker"
46.101.116.244 - - [30/May/2025:08:01:01 +0200] "GET /Jurek/piotrmiedz/feeds/piotrmiedz_amazonde.xml HTTP/1.0" 200 91082439 "-" "-"
51.77.52.107 - - [30/May/2025:08:01:18 +0200] "GET /Jurek/eurofirany/images/459346/0.jpg HTTP/2.0" 200 79301 "-" "baselinker"
35.204.39.32 - - [30/May/2025:08:01:29 +0200] "GET /marketplaces/vente/results/vente_nl.csv HTTP/1.1" 200 2289398 "-" "Mirakl HttpClient"
35.204.39.32 - - [30/May/2025:08:01:29 +0200] "GET /marketplaces/vente/results/vente_fr.csv HTTP/1.1" 200 2562672 "-" "Mirakl HttpClient"
35.204.39.32 - - [30/May/2025:08:01:30 +0200] "GET /marketplaces/vente/results/vente_be.csv HTTP/1.1" 200 2289388 "-" "Mirakl HttpClient"
35.204.39.32 - - [30/May/2025:08:01:31 +0200] "GET /marketplaces/vente/results/vente_it.csv HTTP/1.1" 200 2321989 "-" "Mirakl HttpClient"
35.204.39.32 - - [30/May/2025:08:01:31 +0200] "GET /marketplaces/vente/results/vente_es.csv HTTP/1.1" 200 2288971 "-" "Mirakl HttpClient"
35.204.39.32 - - [30/May/2025:08:01:32 +0200] "GET /marketplaces/vente/results/vente_de.csv HTTP/1.1" 200 2288830 "-" "Mirakl HttpClient"
51.77.52.107 - - [30/May/2025:08:01:43 +0200] "GET /Jurek/eurofirany/images/459346/0.jpg HTTP/2.0" 200 79301 "-" "baselinker"
89.161.206.59 - - [30/May/2025:08:01:56 +0200] "GET /Jurek/kambukka/feeds/kambukka_amazonfr.xml HTTP/1.0" 200 1023467 "-" "-"
89.161.206.59 - - [30/May/2025:08:01:56 +0200] "GET /Jurek/kambukka/feeds/kambukka_amazonit.xml HTTP/1.0" 200 1023473 "-" "-"
89.161.206.59 - - [30/May/2025:08:01:57 +0200] "GET /Jurek/kambukka/feeds/kambukka_amazones.xml HTTP/1.0" 200 1023467 "-" "-"
89.161.206.59 - - [30/May/2025:08:01:57 +0200] "GET /Jurek/kambukka/feeds/kambukka_amazonnl.xml HTTP/1.0" 200 1023327 "-" "-"
89.161.206.59 - - [30/May/2025:08:01:57 +0200] "GET /Jurek/kambukka/feeds/kambukka_amazonse.xml HTTP/1.0" 200 1023741 "-" "-"
89.161.206.59 - - [30/May/2025:08:02:01 +0200] "GET /Jurek/eurofirany/feeds/eurofirany_amazonFR.xml HTTP/1.0" 200 18718617 "-" "-"
89.161.206.59 - - [30/May/2025:08:02:04 +0200] "GET /Jurek/eurofirany/feeds/eurofirany_amazonNL.xml HTTP/1.0" 200 18718705 "-" "-"
51.77.52.107 - - [30/May/2025:08:02:04 +0200] "GET /Jurek/eurofirany/images/459347/0.jpg HTTP/2.0" 200 89991 "-" "baselinker"
89.161.206.59 - - [30/May/2025:08:02:06 +0200] "GET /Jurek/eurofirany/feeds/eurofirany_amazonIT.xml HTTP/1.0" 200 18718902 "-" "-"
89.161.206.59 - - [30/May/2025:08:02:09 +0200] "GET /Jurek/eurofirany/feeds/eurofirany_amazonSE.xml HTTP/1.0" 200 18735719 "-" "-"
89.161.206.59 - - [30/May/2025:08:02:12 +0200] "GET /Jurek/eurofirany/feeds/eurofirany_amazonBE.xml HTTP/1.0" 200 18718561 "-" "-"
89.161.206.59 - - [30/May/2025:08:02:15 +0200] "GET /Jurek/eurofirany/feeds/eurofirany_amazaon_de.xml HTTP/1.0" 200 18718856 "-" "-"
89.161.206.59 - - [30/May/2025:08:02:18 +0200] "GET /Jurek/eurofirany/feeds/eurofirany_amazonES.xml HTTP/1.0" 200 18718873 "-" "-"
89.161.206.59 - - [30/May/2025:08:02:21 +0200] "GET /Jurek/pupus/feeds/pupus_amazonfr.xml HTTP/1.0" 200 6154489 "-" "-"
89.161.206.59 - - [30/May/2025:08:02:22 +0200] "GET /Jurek/pupus/feeds/pupus_amazonnl.xml HTTP/1.0" 200 6154391 "-" "-"
89.161.206.59 - - [30/May/2025:08:02:22 +0200] "GET /Jurek/pupus/feeds/pupus_amazonse.xml HTTP/1.0" 200 6156526 "-" "-"
89.161.206.59 - - [30/May/2025:08:02:22 +0200] "GET /Jurek/pupus/feeds/pupus_amazonbe.xml HTTP/1.0" 200 6154445 "-" "-"
89.161.206.59 - - [30/May/2025:08:02:22 +0200] "GET /Jurek/pupus/feeds/pupus_amazonit.xml HTTP/1.0" 200 6154587 "-" "-"
89.161.206.59 - - [30/May/2025:08:02:23 +0200] "GET /Jurek/pupus/feeds/pupus_amazonde.xml HTTP/1.0" 200 6154265 "-" "-"
89.161.206.59 - - [30/May/2025:08:02:23 +0200] "GET /Jurek/pupus/feeds/pupus_amazones.xml HTTP/1.0" 200 6154435 "-" "-"
51.77.52.107 - - [30/May/2025:08:02:25 +0200] "GET /Jurek/eurofirany/images/459347/0.jpg HTTP/2.0" 200 89991 "-" "baselinker"
51.77.52.107 - - [30/May/2025:08:02:42 +0200] "GET /Jurek/eurofirany/images/459347/0.jpg HTTP/2.0" 200 89991 "-" "baselinker"
52.17.80.36 - - [30/May/2025:08:02:46 +0200] "GET /marketplaces/rue/results/rue.csv HTTP/1.1" 200 7590008 "-" "Mirakl HttpClient"
51.77.52.107 - - [30/May/2025:08:02:59 +0200] "GET /Jurek/eurofirany/images/459350/0.jpg HTTP/2.0" 200 88041 "-" "baselinker"
46.101.116.244 - - [30/May/2025:08:03:17 +0200] "GET /Jurek/piotrmiedz/feeds/piotrmiedz_amazones.xml HTTP/1.0" 200 91082439 "-" "-"
51.77.52.107 - - [30/May/2025:08:03:19 +0200] "GET /Jurek/eurofirany/images/459350/0.jpg HTTP/2.0" 200 88041 "-" "baselinker"
46.101.116.244 - - [30/May/2025:08:03:28 +0200] "GET /Jurek/piotrmiedz/feeds/piotrmiedz_amazonnl.xml HTTP/1.0" 200 91082440 "-" "-"
46.101.116.244 - - [30/May/2025:08:03:38 +0200] "GET /Jurek/piotrmiedz/feeds/piotrmiedz_amazonfr.xml HTTP/1.0" 200 91082438 "-" "-"
52.209.168.113 - - [30/May/2025:08:03:40 +0200] "GET /marketplaces/carrefour/results/carrefour.csv HTTP/1.1" 200 147221 "-" "Mirakl HttpClient"
51.77.52.107 - - [30/May/2025:08:03:42 +0200] "GET /Jurek/eurofirany/images/459350/0.jpg HTTP/2.0" 200 88041 "-" "baselinker"
46.101.116.244 - - [30/May/2025:08:03:47 +0200] "GET /Jurek/piotrmiedz/feeds/piotrmiedz_amazonit.xml HTTP/1.0" 200 91082439 "-" "-"
51.77.52.107 - - [30/May/2025:08:04:00 +0200] "GET /Jurek/eurofirany/images/468258/0.jpg HTTP/2.0" 200 142568 "-" "baselinker"
51.77.52.107 - - [30/May/2025:08:04:08 +0200] "GET /Jurek/eurofirany/images/468258/0.jpg HTTP/2.0" 200 142568 "-" "baselinker"
85.14.86.141 - - [30/May/2025:08:04:10 +0200] "GET /Jurek/kinghoff/feeds/kinghoff_morele.xml HTTP/2.0" 200 15634685 "-" "MarketplaceAPI curl/7.74.0 PHP/8"
51.77.52.107 - - [30/May/2025:08:04:27 +0200] "GET /Jurek/eurofirany/images/468258/0.jpg HTTP/2.0" 200 142568 "-" "baselinker"
51.77.52.107 - - [30/May/2025:08:04:35 +0200] "GET /Jurek/eurofirany/images/410689/0.jpg HTTP/2.0" 200 65248 "-" "baselinker"
89.161.206.59 - - [30/May/2025:08:04:45 +0200] "GET /Jurek/zami/feeds/zami_skr.xml HTTP/1.0" 200 4472608 "-" "-"
51.77.52.107 - - [30/May/2025:08:04:55 +0200] "GET /Jurek/eurofirany/images/410689/0.jpg HTTP/2.0" 200 65248 "-" "baselinker"
51.77.52.107 - - [30/May/2025:08:05:11 +0200] "GET /Jurek/eurofirany/images/410689/0.jpg HTTP/2.0" 200 65248 "-" "baselinker"
51.77.52.107 - - [30/May/2025:08:05:25 +0200] "GET /Jurek/eurofirany/images/423519/0.jpg HTTP/2.0" 200 79499 "-" "baselinker"
89.161.206.59 - - [30/May/2025:08:05:36 +0200] "GET /Jurek/proadventure/feeds/proadventure_skr.xml HTTP/1.0" 200 10762220 "-" "-"
51.77.52.107 - - [30/May/2025:08:05:46 +0200] "GET /Jurek/eurofirany/images/423519/0.jpg HTTP/2.0" 200 79499 "-" "baselinker"
51.77.52.107 - - [30/May/2025:08:06:03 +0200] "GET /Jurek/eurofirany/images/423519/0.jpg HTTP/2.0" 200 79499 "-" "baselinker"
51.77.52.107 - - [30/May/2025:08:06:22 +0200] "GET /Jurek/eurofirany/images/428727/0.jpg HTTP/2.0" 200 100167 "-" "baselinker"
51.77.52.107 - - [30/May/2025:08:06:40 +0200] "GET /Jurek/eurofirany/images/428727/0.jpg HTTP/2.0" 200 100167 "-" "baselinker"
51.77.52.107 - - [30/May/2025:08:06:54 +0200] "GET /Jurek/eurofirany/images/428727/0.jpg HTTP/2.0" 200 100167 "-" "baselinker"
89.161.206.59 - - [30/May/2025:08:06:55 +0200] "GET /Jurek/benetech/feeds/benetech_aliex.xml HTTP/1.0" 200 4166040 "-" "-"
89.161.206.59 - - [30/May/2025:08:06:56 +0200] "GET /Jurek/slayo/feeds/slayo_aliex.xml HTTP/1.0" 200 183624 "-" "-"
89.161.206.59 - - [30/May/2025:08:06:56 +0200] "GET /Jurek/hdwr/feeds/hdwr_aliex.xml HTTP/1.0" 200 790165 "-" "-"
89.161.206.59 - - [30/May/2025:08:06:56 +0200] "GET /Jurek/targethome/feeds/targethome_aliex.xml HTTP/1.0" 200 689024 "-" "-"
89.161.206.59 - - [30/May/2025:08:06:56 +0200] "GET /Jurek/amzteam/feeds/amzteam_aliex.xml HTTP/1.0" 200 97903 "-" "-"
89.161.206.59 - - [30/May/2025:08:06:56 +0200] "GET /Jurek/ralmetal/feeds/ralmetal_aliex.xml HTTP/1.0" 200 2039855 "-" "-"
89.161.206.59 - - [30/May/2025:08:06:57 +0200] "GET /Jurek/cbdgreen/feeds/cbdgreen_aliex.xml HTTP/1.0" 200 50563 "-" "-"
89.161.206.59 - - [30/May/2025:08:06:57 +0200] "GET /Jurek/drops/feeds/dropsofficecolection_aliex.xml HTTP/1.0" 200 790864 "-" "-"
89.161.206.59 - - [30/May/2025:08:06:57 +0200] "GET /Jurek/szpaklampy/feeds/szpaklampy_aliex.xml HTTP/1.0" 200 388624 "-" "-"
89.161.206.59 - - [30/May/2025:08:06:57 +0200] "GET /Jurek/velinda/feeds/velinda_aliex.xml HTTP/1.0" 200 4228096 "-" "-"
89.161.206.59 - - [30/May/2025:08:06:58 +0200] "GET /Jurek/spali/feeds/spali_aliex.xml HTTP/1.0" 200 77055 "-" "-"
89.161.206.59 - - [30/May/2025:08:06:58 +0200] "GET /Jurek/topeshop/feeds/topeshop_aliexpress.xml HTTP/1.0" 200 3024759 "-" "-"
89.161.206.59 - - [30/May/2025:08:06:58 +0200] "GET /Jurek/beltimore/feeds/beltimore_aliexpress.xml HTTP/1.0" 200 18661259 "-" "-"
51.77.52.107 - - [30/May/2025:08:06:59 +0200] "GET /Jurek/eurofirany/images/432171/0.jpg HTTP/2.0" 200 100608 "-" "baselinker"
51.77.52.107 - - [30/May/2025:08:07:19 +0200] "GET /Jurek/eurofirany/images/432171/0.jpg HTTP/2.0" 200 100608 "-" "baselinker"
85.14.86.141 - - [30/May/2025:08:07:33 +0200] "GET /Jurek/eurofirany/feeds/eurofirany_morele.xml HTTP/2.0" 200 18720286 "-" "MarketplaceAPI curl/7.74.0 PHP/8"
51.77.52.107 - - [30/May/2025:08:07:38 +0200] "GET /Jurek/eurofirany/images/432171/0.jpg HTTP/2.0" 200 100608 "-" "baselinker"
51.77.52.107 - - [30/May/2025:08:08:02 +0200] "GET /Jurek/eurofirany/images/439519/0.jpg HTTP/2.0" 200 74793 "-" "baselinker"
85.14.86.141 - - [30/May/2025:08:08:15 +0200] "GET /Jurek/vivaldi/feeds/vivaldi_Morele-PL.xml HTTP/2.0" 200 344674 "-" "MarketplaceAPI curl/7.74.0 PHP/8"
51.77.52.107 - - [30/May/2025:08:08:24 +0200] "GET /Jurek/eurofirany/images/439519/0.jpg HTTP/2.0" 200 74793 "-" "baselinker"
51.77.52.107 - - [30/May/2025:08:08:33 +0200] "GET /Jurek/eurofirany/images/439519/0.jpg HTTP/2.0" 200 74793 "-" "baselinker"
51.77.52.107 - - [30/May/2025:08:08:36 +0200] "GET /Jurek/eurofirany/images/459349/0.jpg HTTP/2.0" 200 73951 "-" "baselinker"
89.161.206.59 - - [30/May/2025:08:08:54 +0200] "GET /Jurek/artdog/feeds/artdog_amazonfr.xml HTTP/1.0" 200 17173192 "-" "-"
51.77.52.107 - - [30/May/2025:08:08:57 +0200] "GET /Jurek/eurofirany/images/459349/0.jpg HTTP/2.0" 200 73951 "-" "baselinker"
89.161.206.59 - - [30/May/2025:08:09:08 +0200] "GET /Jurek/eroplace/feeds/eroplace_amazonit.xml HTTP/1.0" 200 52205844 "-" "-"
89.161.206.59 - - [30/May/2025:08:09:12 +0200] "GET /Jurek/eroplace/feeds/eroplace_amazonfr.xml HTTP/1.0" 200 52205842 "-" "-"
89.161.206.59 - - [30/May/2025:08:09:15 +0200] "GET /Jurek/eroplace/feeds/eroplace_amazonnl.xml HTTP/1.0" 200 52205844 "-" "-"
89.161.206.59 - - [30/May/2025:08:09:19 +0200] "GET /Jurek/benetech/feeds/benetech_amazonnl.xml HTTP/1.0" 200 4166031 "-" "-"
51.77.52.107 - - [30/May/2025:08:09:19 +0200] "GET /Jurek/eurofirany/images/459349/0.jpg HTTP/2.0" 200 73951 "-" "baselinker"
89.161.206.59 - - [30/May/2025:08:09:19 +0200] "GET /Jurek/benetech/feeds/benetech_amazonit.xml HTTP/1.0" 200 4166030 "-" "-"
89.161.206.59 - - [30/May/2025:08:09:19 +0200] "GET /Jurek/benetech/feeds/benetech_amazones.xml HTTP/1.0" 200 4166031 "-" "-"
89.161.206.59 - - [30/May/2025:08:09:20 +0200] "GET /Jurek/benetech/feeds/benetech_amazonfr.xml HTTP/1.0" 200 4166031 "-" "-"
89.161.206.59 - - [30/May/2025:08:09:20 +0200] "GET /Jurek/benetech/feeds/benetech_amazonbe.xml HTTP/1.0" 200 4166029 "-" "-"
89.161.206.59 - - [30/May/2025:08:09:20 +0200] "GET /Jurek/benetech/feeds/benetech_amazonse.xml HTTP/1.0" 200 4166416 "-" "-"
89.161.206.59 - - [30/May/2025:08:09:22 +0200] "GET /Jurek/eroplace/feeds/eroplace_amazonde.xml HTTP/1.0" 200 52205842 "-" "-"
185.6.76.18 - - [30/May/2025:08:09:25 +0200] "GET /marketplaces/skroutz/feeds/shumee.xml HTTP/1.1" 200 411577349 "-" "SkroutzBot v1.0"
89.161.206.59 - - [30/May/2025:08:09:26 +0200] "GET /Jurek/eroplace/feeds/eroplace_amazonse.xml HTTP/1.0" 200 52205867 "-" "-"
89.161.206.59 - - [30/May/2025:08:09:29 +0200] "GET /Jurek/eroplace/feeds/eroplace_amazones.xml HTTP/1.0" 200 52205844 "-" "-"
85.14.86.141 - - [30/May/2025:08:09:31 +0200] "GET /Jurek/aw/feeds/awnarzedzia_morele.xml HTTP/2.0" 200 91239468 "-" "MarketplaceAPI curl/7.74.0 PHP/8"
89.161.206.59 - - [30/May/2025:08:09:35 +0200] "GET /Jurek/waks/feeds/waks_amazonde.xml HTTP/1.0" 200 1596552 "-" "-"
89.161.206.59 - - [30/May/2025:08:09:35 +0200] "GET /Jurek/waks/feeds/waks_amazonfr.xml HTTP/1.0" 200 1596552 "-" "-"
89.161.206.59 - - [30/May/2025:08:09:36 +0200] "GET /Jurek/waks/feeds/waks_amazonit.xml HTTP/1.0" 200 1596551 "-" "-"
89.161.206.59 - - [30/May/2025:08:09:36 +0200] "GET /Jurek/waks/feeds/waks_amazones.xml HTTP/1.0" 200 1596552 "-" "-"
89.161.206.59 - - [30/May/2025:08:09:36 +0200] "GET /Jurek/waks/feeds/waks_amazonnl.xml HTTP/1.0" 200 1596551 "-" "-"
89.161.206.59 - - [30/May/2025:08:09:37 +0200] "GET /Jurek/waks/feeds/waks_amazonse.xml HTTP/1.0" 200 1598639 "-" "-"
89.161.206.59 - - [30/May/2025:08:09:37 +0200] "GET /Jurek/hdwr/feeds/hdwr_amazonse.xml HTTP/1.0" 200 790166 "-" "-"
89.161.206.59 - - [30/May/2025:08:09:38 +0200] "GET /Jurek/dekoele/feeds/dekoele_amazonde.xml HTTP/1.0" 200 734115 "-" "-"
89.161.206.59 - - [30/May/2025:08:09:38 +0200] "GET /Jurek/dekoele/feeds/dekoele_amazonit.xml HTTP/1.0" 200 734115 "-" "-"
85.14.86.141 - - [30/May/2025:08:09:38 +0200] "GET /Jurek/vida_morele/feeds/VidaPL_morele.xml HTTP/2.0" 200 878825171 "-" "MarketplaceAPI curl/7.74.0 PHP/8"
89.161.206.59 - - [30/May/2025:08:09:38 +0200] "GET /Jurek/dekoele/feeds/dekoele_amazonfr.xml HTTP/1.0" 200 734115 "-" "-"
89.161.206.59 - - [30/May/2025:08:09:38 +0200] "GET /Jurek/dekoele/feeds/dekoele_amazones.xml HTTP/1.0" 200 734115 "-" "-"
89.161.206.59 - - [30/May/2025:08:09:38 +0200] "GET /Jurek/dekoele/feeds/dekoele_amazonnl.xml HTTP/1.0" 200 734115 "-" "-"
89.161.206.59 - - [30/May/2025:08:09:38 +0200] "GET /Jurek/dekoele/feeds/dekoele_amazonse.xml HTTP/1.0" 200 734188 "-" "-"
89.161.206.59 - - [30/May/2025:08:09:38 +0200] "GET /Jurek/dekoele/feeds/dekoele_amazonbe.xml HTTP/1.0" 200 734115 "-" "-"
89.161.206.59 - - [30/May/2025:08:09:39 +0200] "GET /Jurek/carbonyway/feeds/carbonyway_amazonde.xml HTTP/1.0" 200 3076780 "-" "-"
89.161.206.59 - - [30/May/2025:08:09:40 +0200] "GET /Jurek/kamar/feeds/kamar_amazonde.xml HTTP/1.0" 200 25584292 "-" "-"
51.77.52.107 - - [30/May/2025:08:09:47 +0200] "GET /Jurek/eurofirany/images/468967/0.jpg HTTP/2.0" 200 61344 "-" "baselinker"
51.77.52.107 - - [30/May/2025:08:10:09 +0200] "GET /Jurek/eurofirany/images/468967/0.jpg HTTP/2.0" 200 61344 "-" "baselinker"
51.77.52.107 - - [30/May/2025:08:10:14 +0200] "GET /Jurek/eurofirany/images/468967/0.jpg HTTP/2.0" 200 61344 "-" "baselinker"
51.77.52.107 - - [30/May/2025:08:10:35 +0200] "GET /Jurek/eurofirany/images/468970/0.jpg HTTP/2.0" 200 75309 "-" "baselinker"
85.14.86.141 - - [30/May/2025:08:10:37 +0200] "GET /Jurek/beliani/feeds/beliani_morele.xml HTTP/2.0" 200 30665083 "-" "MarketplaceAPI curl/7.74.0 PHP/8"
66.135.223.40 - - [30/May/2025:08:10:43 +0200] "GET /Jurek/topeshop/downloaded_images/5902838463383_DENVER_SONOMA(6).jpg HTTP/1.1" 404 3551 "http://www.ebay.com/" "Mozilla/5.0 (Windows NT 10.0; Win64; x64) AppleWebKit/537.36 (KHTML, like Gecko) Chrome/123.0.0.0 Safari/537.36"
66.135.223.41 - - [30/May/2025:08:10:43 +0200] "GET /Jurek/topeshop/downloaded_images/5902838463383_DENVER_SONOMA(2).jpg HTTP/1.1" 404 3551 "http://www.ebay.com/" "Mozilla/5.0 (Windows NT 10.0; Win64; x64) AppleWebKit/537.36 (KHTML, like Gecko) Chrome/123.0.0.0 Safari/537.36"
66.135.223.43 - - [30/May/2025:08:10:43 +0200] "GET /Jurek/topeshop/downloaded_images/5902838463383_DENVER_SONOMA(3).jpg HTTP/1.1" 404 3551 "http://www.ebay.com/" "Mozilla/5.0 (Windows NT 10.0; Win64; x64) AppleWebKit/537.36 (KHTML, like Gecko) Chrome/123.0.0.0 Safari/537.36"
66.135.223.42 - - [30/May/2025:08:10:43 +0200] "GET /Jurek/topeshop/downloaded_images/5902838463383_DENVER_SONOMA(4).jpg HTTP/1.1" 404 3551 "http://www.ebay.com/" "Mozilla/5.0 (Windows NT 10.0; Win64; x64) AppleWebKit/537.36 (KHTML, like Gecko) Chrome/123.0.0.0 Safari/537.36"
66.135.223.44 - - [30/May/2025:08:10:43 +0200] "GET /Jurek/topeshop/downloaded_images/5902838463383_DENVER_SONOMA(5).jpg HTTP/1.1" 404 3551 "http://www.ebay.com/" "Mozilla/5.0 (Windows NT 10.0; Win64; x64) AppleWebKit/537.36 (KHTML, like Gecko) Chrome/123.0.0.0 Safari/537.36"
66.135.223.42 - - [30/May/2025:08:10:43 +0200] "GET /Jurek/topeshop/downloaded_images/5902838463383_DENVER_SONOMA(1).jpg HTTP/1.1" 404 3551 "http://www.ebay.com/" "Mozilla/5.0 (Windows NT 10.0; Win64; x64) AppleWebKit/537.36 (KHTML, like Gecko) Chrome/123.0.0.0 Safari/537.36"
66.135.223.41 - - [30/May/2025:08:10:44 +0200] "GET /Jurek/topeshop/downloaded_images/5902838463383_render_pop_.RGB_color.0016_kopia.png HTTP/1.1" 200 481006 "http://www.ebay.com/" "Mozilla/5.0 (Windows NT 10.0; Win64; x64) AppleWebKit/537.36 (KHTML, like Gecko) Chrome/123.0.0.0 Safari/537.36"
66.135.223.43 - - [30/May/2025:08:10:44 +0200] "GET /Jurek/topeshop/downloaded_images/5902838463383_render_pop_.RGB_color.0014_kopia.png HTTP/1.1" 200 478400 "http://www.ebay.com/" "Mozilla/5.0 (Windows NT 10.0; Win64; x64) AppleWebKit/537.36 (KHTML, like Gecko) Chrome/123.0.0.0 Safari/537.36"
66.135.223.41 - - [30/May/2025:08:10:45 +0200] "GET /Jurek/topeshop/downloaded_images/5902838463383_sonomaa.png HTTP/1.1" 200 1239453 "http://www.ebay.com/" "Mozilla/5.0 (Windows NT 10.0; Win64; x64) AppleWebKit/537.36 (KHTML, like Gecko) Chrome/123.0.0.0 Safari/537.36"
51.77.52.107 - - [30/May/2025:08:10:58 +0200] "GET /Jurek/eurofirany/images/468970/0.jpg HTTP/2.0" 200 75309 "-" "baselinker"
51.77.52.107 - - [30/May/2025:08:11:10 +0200] "GET /Jurek/eurofirany/images/468970/0.jpg HTTP/2.0" 200 75309 "-" "baselinker"
51.77.52.107 - - [30/May/2025:08:11:16 +0200] "GET /Jurek/eurofirany/images/468973/0.jpg HTTP/2.0" 200 74849 "-" "baselinker"
51.77.52.107 - - [30/May/2025:08:11:21 +0200] "GET /Jurek/eurofirany/images/468973/0.jpg HTTP/2.0" 200 74849 "-" "baselinker"
51.77.52.107 - - [30/May/2025:08:11:27 +0200] "GET /Jurek/eurofirany/images/468973/0.jpg HTTP/2.0" 200 74849 "-" "baselinker"
51.77.52.107 - - [30/May/2025:08:11:49 +0200] "GET /Jurek/eurofirany/images/468977/0.jpg HTTP/2.0" 200 86148 "-" "baselinker"
51.77.52.107 - - [30/May/2025:08:12:09 +0200] "GET /Jurek/eurofirany/images/468977/0.jpg HTTP/2.0" 200 86148 "-" "baselinker"
51.77.52.107 - - [30/May/2025:08:12:29 +0200] "GET /Jurek/eurofirany/images/468977/0.jpg HTTP/2.0" 200 86148 "-" "baselinker"
46.101.116.244 - - [30/May/2025:08:12:30 +0200] "GET /Jurek/activeshop/feeds/activeshop_mallhu.xml HTTP/2.0" 200 10418022 "-" "-"
51.77.52.107 - - [30/May/2025:08:12:42 +0200] "GET /Jurek/eurofirany/images/468980/0.jpg HTTP/2.0" 200 90505 "-" "baselinker"
51.77.52.107 - - [30/May/2025:08:13:03 +0200] "GET /Jurek/eurofirany/images/468980/0.jpg HTTP/2.0" 200 90505 "-" "baselinker"
46.101.116.244 - - [30/May/2025:08:13:17 +0200] "GET /Jurek/action/feeds/action_mallhugs.xml HTTP/2.0" 200 59564151 "-" "-"
46.101.116.244 - - [30/May/2025:08:13:21 +0200] "GET /Jurek/kinghoff/feeds/kinghoff_allegro.xml HTTP/1.0" 200 15635646 "-" "-"
51.77.52.107 - - [30/May/2025:08:13:28 +0200] "GET /Jurek/eurofirany/images/468980/0.jpg HTTP/2.0" 200 90505 "-" "baselinker"
46.101.116.244 - - [30/May/2025:08:13:35 +0200] "GET /Jurek/b3/feeds/b3_mallhugs.xml HTTP/2.0" 200 8076668 "-" "-"
51.77.52.107 - - [30/May/2025:08:13:46 +0200] "GET /Jurek/eurofirany/images/468968/0.jpg HTTP/2.0" 200 61344 "-" "baselinker"
46.101.116.244 - - [30/May/2025:08:13:46 +0200] "GET /Jurek/benbaby/feeds/benbaby_mallhugs.xml HTTP/2.0" 200 3743285 "-" "-"
46.101.116.244 - - [30/May/2025:08:13:57 +0200] "GET /Jurek/emibig/feeds/emibig_mallhugs.xml HTTP/2.0" 200 2530964 "-" "-"
46.101.116.244 - - [30/May/2025:08:14:09 +0200] "GET /Jurek/hurtownia_przemyslowa/feeds/hp_mallhugs.xml HTTP/2.0" 200 49374176 "-" "-"
51.77.52.107 - - [30/May/2025:08:14:10 +0200] "GET /Jurek/eurofirany/images/468968/0.jpg HTTP/2.0" 200 61344 "-" "baselinker"
51.77.52.107 - - [30/May/2025:08:14:29 +0200] "GET /Jurek/eurofirany/images/468968/0.jpg HTTP/2.0" 200 61344 "-" "baselinker"
51.77.52.107 - - [30/May/2025:08:14:34 +0200] "GET /Jurek/eurofirany/images/468969/0.jpg HTTP/2.0" 200 61344 "-" "baselinker"
51.77.52.107 - - [30/May/2025:08:14:52 +0200] "GET /Jurek/eurofirany/images/468969/0.jpg HTTP/2.0" 200 61344 "-" "baselinker"
46.101.116.244 - - [30/May/2025:08:14:56 +0200] "GET /Jurek/fernity/feeds/fernity_cdiscount.xml HTTP/1.0" 200 3143461 "-" "-"
89.161.206.59 - - [30/May/2025:08:15:00 +0200] "GET /Jurek/regis/feeds/regis_cdsc.xml HTTP/1.0" 200 231389 "-" "-"
89.161.206.59 - - [30/May/2025:08:15:01 +0200] "GET /Jurek/kristronik/feeds/kristronik_cdsc.xml HTTP/1.0" 200 430125 "-" "-"
51.77.52.107 - - [30/May/2025:08:15:05 +0200] "GET /Jurek/eurofirany/images/468969/0.jpg HTTP/2.0" 200 61344 "-" "baselinker"
89.161.206.59 - - [30/May/2025:08:15:06 +0200] "GET /Jurek/elecomp/feeds/elecomp_skroutz.xml HTTP/1.0" 200 2769810 "-" "-"
46.101.116.244 - - [30/May/2025:08:15:07 +0200] "GET /Jurek/kinghoff/feeds/kinghoff_mallhu.xml HTTP/2.0" 200 15640488 "-" "-"
46.101.116.244 - - [30/May/2025:08:15:19 +0200] "GET /Jurek/fernity/feeds/fernity_mallhu.xml HTTP/2.0" 200 4726278 "-" "-"
51.77.52.107 - - [30/May/2025:08:15:29 +0200] "GET /Jurek/eurofirany/images/468971/0.jpg HTTP/2.0" 200 75309 "-" "baselinker"
46.101.116.244 - - [30/May/2025:08:15:32 +0200] "GET /Jurek/beliani/feeds/beliani_hu.xml HTTP/2.0" 200 44879837 "-" "-"
51.77.52.107 - - [30/May/2025:08:15:49 +0200] "GET /Jurek/eurofirany/images/468971/0.jpg HTTP/2.0" 200 75309 "-" "baselinker"
46.101.116.244 - - [30/May/2025:08:15:58 +0200] "GET /Jurek/detian/feeds/detian_mallhu.xml HTTP/2.0" 404 3551 "-" "-"
46.101.116.244 - - [30/May/2025:08:16:08 +0200] "GET /Jurek/flhf/feeds/flhf_mallsi.xml HTTP/2.0" 404 3551 "-" "-"
51.77.52.107 - - [30/May/2025:08:16:10 +0200] "GET /Jurek/eurofirany/images/468971/0.jpg HTTP/2.0" 200 75309 "-" "baselinker"
51.77.52.107 - - [30/May/2025:08:16:26 +0200] "GET /Jurek/eurofirany/images/468974/0.jpg HTTP/2.0" 200 74849 "-" "baselinker"
51.77.52.107 - - [30/May/2025:08:16:47 +0200] "GET /Jurek/eurofirany/images/468974/0.jpg HTTP/2.0" 200 74849 "-" "baselinker"
51.77.52.107 - - [30/May/2025:08:17:04 +0200] "GET /Jurek/eurofirany/images/468974/0.jpg HTTP/2.0" 200 74849 "-" "baselinker"
51.77.52.107 - - [30/May/2025:08:17:17 +0200] "GET /Jurek/eurofirany/images/468976/0.jpg HTTP/2.0" 200 74849 "-" "baselinker"
51.77.52.107 - - [30/May/2025:08:17:47 +0200] "GET /Jurek/eurofirany/images/468976/0.jpg HTTP/2.0" 200 74849 "-" "baselinker"
51.77.52.107 - - [30/May/2025:08:18:10 +0200] "GET /Jurek/eurofirany/images/468976/0.jpg HTTP/2.0" 200 74849 "-" "baselinker"
51.77.52.107 - - [30/May/2025:08:18:13 +0200] "GET /Jurek/eurofirany/images/468978/0.jpg HTTP/2.0" 200 86148 "-" "baselinker"
51.77.52.107 - - [30/May/2025:08:18:29 +0200] "GET /Jurek/eurofirany/images/468978/0.jpg HTTP/2.0" 200 86148 "-" "baselinker"
51.77.52.107 - - [30/May/2025:08:18:47 +0200] "GET /Jurek/eurofirany/images/468978/0.jpg HTTP/2.0" 200 86148 "-" "baselinker"
51.77.52.107 - - [30/May/2025:08:19:06 +0200] "GET /Jurek/eurofirany/images/468979/0.jpg HTTP/2.0" 200 86148 "-" "baselinker"
66.249.69.170 - - [30/May/2025:08:19:10 +0200] "GET /Jurek/topeshop/downloaded_images/5904507200381_BILBAO7(3).jpg HTTP/1.1" 404 3551 "-" "Googlebot-Image/1.0"
51.77.52.107 - - [30/May/2025:08:19:11 +0200] "GET /Jurek/eurofirany/images/468979/0.jpg HTTP/2.0" 200 86148 "-" "baselinker"
51.77.52.107 - - [30/May/2025:08:19:14 +0200] "GET /Jurek/eurofirany/images/468979/0.jpg HTTP/2.0" 200 86148 "-" "baselinker"
51.77.52.107 - - [30/May/2025:08:19:30 +0200] "GET /Jurek/eurofirany/images/468981/0.jpg HTTP/2.0" 200 90505 "-" "baselinker"
51.77.52.107 - - [30/May/2025:08:19:48 +0200] "GET /Jurek/eurofirany/images/468981/0.jpg HTTP/2.0" 200 90505 "-" "baselinker"
51.77.52.107 - - [30/May/2025:08:20:16 +0200] "GET /Jurek/eurofirany/images/468981/0.jpg HTTP/2.0" 200 90505 "-" "baselinker"
51.77.52.107 - - [30/May/2025:08:20:40 +0200] "GET /Jurek/eurofirany/images/468982/0.jpg HTTP/2.0" 200 90505 "-" "baselinker"
51.77.52.107 - - [30/May/2025:08:20:46 +0200] "GET /Jurek/eurofirany/images/468982/0.jpg HTTP/2.0" 200 90505 "-" "baselinker"
51.77.52.107 - - [30/May/2025:08:21:07 +0200] "GET /Jurek/eurofirany/images/468982/0.jpg HTTP/2.0" 200 90505 "-" "baselinker"
193.33.8.61 - - [30/May/2025:08:21:08 +0200] "GET /Jurek/najtanszysport/feeds/najtanszysport_zero.xml HTTP/2.0" 200 3977941 "https://konsola.dkkapusta1997.usermd.net/" "Mozilla/5.0 (Windows NT 10.0; Win64; x64) AppleWebKit/537.36 (KHTML, like Gecko) Chrome/136.0.0.0 Safari/537.36"
51.77.52.107 - - [30/May/2025:08:21:13 +0200] "GET /Jurek/eurofirany/images/453034/0.jpg HTTP/2.0" 200 86707 "-" "baselinker"
193.33.8.61 - - [30/May/2025:08:21:16 +0200] "GET /favicon.ico HTTP/2.0" 404 3551 "https://dkkapusta1997.usermd.net/Jurek/najtanszysport/feeds/najtanszysport_zero.xml" "Mozilla/5.0 (Windows NT 10.0; Win64; x64) AppleWebKit/537.36 (KHTML, like Gecko) Chrome/136.0.0.0 Safari/537.36"
51.77.52.107 - - [30/May/2025:08:21:31 +0200] "GET /Jurek/eurofirany/images/453034/0.jpg HTTP/2.0" 200 86707 "-" "baselinker"
51.77.52.107 - - [30/May/2025:08:21:51 +0200] "GET /Jurek/eurofirany/images/453034/0.jpg HTTP/2.0" 200 86707 "-" "baselinker"
51.77.52.107 - - [30/May/2025:08:21:57 +0200] "GET /Jurek/eurofirany/images/453035/0.jpg HTTP/2.0" 200 86707 "-" "baselinker"
51.77.52.107 - - [30/May/2025:08:22:18 +0200] "GET /Jurek/eurofirany/images/453035/0.jpg HTTP/2.0" 200 86707 "-" "baselinker"
51.77.52.107 - - [30/May/2025:08:22:23 +0200] "GET /Jurek/eurofirany/images/453035/0.jpg HTTP/2.0" 200 86707 "-" "baselinker"
51.77.52.107 - - [30/May/2025:08:22:30 +0200] "GET /Jurek/eurofirany/images/453036/0.jpg HTTP/2.0" 200 87086 "-" "baselinker"
51.77.52.107 - - [30/May/2025:08:22:50 +0200] "GET /Jurek/eurofirany/images/453036/0.jpg HTTP/2.0" 200 87086 "-" "baselinker"
51.77.52.107 - - [30/May/2025:08:23:09 +0200] "GET /Jurek/eurofirany/images/453036/0.jpg HTTP/2.0" 200 87086 "-" "baselinker"
51.77.52.107 - - [30/May/2025:08:23:29 +0200] "GET /Jurek/eurofirany/images/453038/0.jpg HTTP/2.0" 200 80386 "-" "baselinker"
193.33.8.61 - - [30/May/2025:08:23:38 +0200] "GET /Filip/janshop_orders/exports/ HTTP/2.0" 401 3550 "-" "Mozilla/5.0 (Windows NT 10.0; Win64; x64) AppleWebKit/537.36 (KHTML, like Gecko) Chrome/136.0.0.0 Safari/537.36"
193.33.8.61 - maria [30/May/2025:08:23:40 +0200] "GET /Filip/janshop_orders/exports/ HTTP/2.0" 200 71732 "-" "Mozilla/5.0 (Windows NT 10.0; Win64; x64) AppleWebKit/537.36 (KHTML, like Gecko) Chrome/136.0.0.0 Safari/537.36"
193.33.8.61 - - [30/May/2025:08:23:40 +0200] "GET /favicon.ico HTTP/2.0" 404 3551 "https://dkkapusta1997.usermd.net/Filip/janshop_orders/exports/" "Mozilla/5.0 (Windows NT 10.0; Win64; x64) AppleWebKit/537.36 (KHTML, like Gecko) Chrome/136.0.0.0 Safari/537.36"
193.33.8.61 - maria [30/May/2025:08:23:43 +0200] "GET /Filip/janshop_orders/exports/great_2025-05-30_08.txt HTTP/2.0" 200 2752 "https://dkkapusta1997.usermd.net/Filip/janshop_orders/exports/" "Mozilla/5.0 (Windows NT 10.0; Win64; x64) AppleWebKit/537.36 (KHTML, like Gecko) Chrome/136.0.0.0 Safari/537.36"
193.33.8.61 - maria [30/May/2025:08:23:44 +0200] "GET /Filip/janshop_orders/exports/extra_2025-05-30_08.txt HTTP/2.0" 200 912 "https://dkkapusta1997.usermd.net/Filip/janshop_orders/exports/" "Mozilla/5.0 (Windows NT 10.0; Win64; x64) AppleWebKit/537.36 (KHTML, like Gecko) Chrome/136.0.0.0 Safari/537.36"
193.33.8.61 - maria [30/May/2025:08:23:45 +0200] "GET /Filip/janshop_orders/exports/shumee_2025-05-30_08.txt HTTP/2.0" 200 5890 "https://dkkapusta1997.usermd.net/Filip/janshop_orders/exports/" "Mozilla/5.0 (Windows NT 10.0; Win64; x64) AppleWebKit/537.36 (KHTML, like Gecko) Chrome/136.0.0.0 Safari/537.36"
193.33.8.61 - maria [30/May/2025:08:23:47 +0200] "POST /Filip/janshop_orders/exports/ HTTP/2.0" 200 71739 "https://dkkapusta1997.usermd.net/Filip/janshop_orders/exports/" "Mozilla/5.0 (Windows NT 10.0; Win64; x64) AppleWebKit/537.36 (KHTML, like Gecko) Chrome/136.0.0.0 Safari/537.36"
51.77.52.107 - - [30/May/2025:08:23:49 +0200] "GET /Jurek/eurofirany/images/453038/0.jpg HTTP/2.0" 200 80386 "-" "baselinker"
193.33.8.61 - maria [30/May/2025:08:23:49 +0200] "POST /Filip/janshop_orders/exports/ HTTP/2.0" 499 0 "https://dkkapusta1997.usermd.net/Filip/janshop_orders/exports/" "Mozilla/5.0 (Windows NT 10.0; Win64; x64) AppleWebKit/537.36 (KHTML, like Gecko) Chrome/136.0.0.0 Safari/537.36"
193.33.8.61 - maria [30/May/2025:08:23:53 +0200] "POST /Filip/janshop_orders/exports/ HTTP/2.0" 200 71753 "https://dkkapusta1997.usermd.net/Filip/janshop_orders/exports/" "Mozilla/5.0 (Windows NT 10.0; Win64; x64) AppleWebKit/537.36 (KHTML, like Gecko) Chrome/136.0.0.0 Safari/537.36"
51.77.52.107 - - [30/May/2025:08:24:04 +0200] "GET /Jurek/eurofirany/images/453038/0.jpg HTTP/2.0" 200 80386 "-" "baselinker"
51.77.52.107 - - [30/May/2025:08:24:24 +0200] "GET /Jurek/eurofirany/images/453039/0.jpg HTTP/2.0" 200 80386 "-" "baselinker"
51.77.52.107 - - [30/May/2025:08:24:41 +0200] "GET /Jurek/eurofirany/images/453039/0.jpg HTTP/2.0" 200 80386 "-" "baselinker"
46.101.116.244 - - [30/May/2025:08:24:56 +0200] "GET /Jurek/hurtownia_przemyslowa/feeds/hp_cdiscount.xml HTTP/1.0" 200 36700445 "-" "-"
51.77.52.107 - - [30/May/2025:08:25:05 +0200] "GET /Jurek/eurofirany/images/453039/0.jpg HTTP/2.0" 200 80386 "-" "baselinker"
51.77.52.107 - - [30/May/2025:08:25:11 +0200] "GET /Jurek/eurofirany/images/453040/0.jpg HTTP/2.0" 200 96705 "-" "baselinker"
51.77.52.107 - - [30/May/2025:08:25:30 +0200] "GET /Jurek/eurofirany/images/453040/0.jpg HTTP/2.0" 200 96705 "-" "baselinker"
51.77.52.107 - - [30/May/2025:08:26:01 +0200] "GET /Jurek/eurofirany/images/453040/0.jpg HTTP/2.0" 200 96705 "-" "baselinker"
51.77.52.107 - - [30/May/2025:08:26:20 +0200] "GET /Jurek/eurofirany/images/453048/0.jpg HTTP/2.0" 200 92628 "-" "baselinker"
51.77.52.107 - - [30/May/2025:08:26:38 +0200] "GET /Jurek/eurofirany/images/453048/0.jpg HTTP/2.0" 200 92628 "-" "baselinker"
51.77.52.107 - - [30/May/2025:08:26:43 +0200] "GET /Jurek/eurofirany/images/453048/0.jpg HTTP/2.0" 200 92628 "-" "baselinker"
51.77.52.107 - - [30/May/2025:08:27:01 +0200] "GET /Jurek/eurofirany/images/453050/0.jpg HTTP/2.0" 200 92628 "-" "baselinker"
51.77.52.107 - - [30/May/2025:08:27:06 +0200] "GET /Jurek/eurofirany/images/453050/0.jpg HTTP/2.0" 200 92628 "-" "baselinker"
51.77.52.107 - - [30/May/2025:08:27:12 +0200] "GET /Jurek/eurofirany/images/453050/0.jpg HTTP/2.0" 200 92628 "-" "baselinker"
51.77.52.107 - - [30/May/2025:08:27:31 +0200] "GET /Jurek/eurofirany/images/453042/0.jpg HTTP/2.0" 200 96705 "-" "baselinker"
51.77.52.107 - - [30/May/2025:08:27:51 +0200] "GET /Jurek/eurofirany/images/453042/0.jpg HTTP/2.0" 200 96705 "-" "baselinker"
89.161.206.59 - - [30/May/2025:08:28:02 +0200] "GET /Jurek/reman/feeds/reman_amazonde.xml HTTP/1.0" 200 1394777 "-" "-"
89.161.206.59 - - [30/May/2025:08:28:03 +0200] "GET /Jurek/equalo/feeds/equalo_amazonde.xml HTTP/1.0" 200 98005 "-" "-"
51.77.52.107 - - [30/May/2025:08:28:14 +0200] "GET /Jurek/eurofirany/images/453042/0.jpg HTTP/2.0" 200 96705 "-" "baselinker"
51.77.52.107 - - [30/May/2025:08:28:19 +0200] "GET /Jurek/eurofirany/images/458233/0.jpg HTTP/2.0" 200 91508 "-" "baselinker"
193.33.8.61 - - [30/May/2025:08:28:29 +0200] "GET /Jurek/erohurtownia/feeds/erohurtownia_zero.xml HTTP/2.0" 200 15744790 "https://konsola.dkkapusta1997.usermd.net/" "Mozilla/5.0 (Windows NT 10.0; Win64; x64) AppleWebKit/537.36 (KHTML, like Gecko) Chrome/136.0.0.0 Safari/537.36"
77.79.248.229 - - [30/May/2025:08:28:33 +0200] "GET /Jurek/erohurtownia/feeds/erohurtownia_zero.xml HTTP/1.1" 200 22820057 "-" "Python-urllib/3.11"
51.77.52.107 - - [30/May/2025:08:28:39 +0200] "GET /Jurek/eurofirany/images/458233/0.jpg HTTP/2.0" 200 91508 "-" "baselinker"
51.77.52.107 - - [30/May/2025:08:28:53 +0200] "GET /Jurek/eurofirany/images/458233/0.jpg HTTP/2.0" 200 91508 "-" "baselinker"
51.77.52.107 - - [30/May/2025:08:29:12 +0200] "GET /Jurek/eurofirany/images/458225/0.jpg HTTP/2.0" 200 93116 "-" "baselinker"
51.77.52.107 - - [30/May/2025:08:29:29 +0200] "GET /Jurek/eurofirany/images/458225/0.jpg HTTP/2.0" 200 93116 "-" "baselinker"
51.77.52.107 - - [30/May/2025:08:29:40 +0200] "GET /Jurek/eurofirany/images/458225/0.jpg HTTP/2.0" 200 93116 "-" "baselinker"
51.77.52.107 - - [30/May/2025:08:29:44 +0200] "GET /Jurek/eurofirany/images/468081/0.jpg HTTP/2.0" 200 139066 "-" "baselinker"
51.77.52.107 - - [30/May/2025:08:29:59 +0200] "GET /Jurek/eurofirany/images/468081/0.jpg HTTP/2.0" 200 139066 "-" "baselinker"
51.77.52.107 - - [30/May/2025:08:30:05 +0200] "GET /Jurek/eurofirany/images/468081/0.jpg HTTP/2.0" 200 139066 "-" "baselinker"
51.77.52.107 - - [30/May/2025:08:30:23 +0200] "GET /Jurek/eurofirany/images/470299/0.jpg HTTP/2.0" 200 91926 "-" "baselinker"
89.161.206.59 - - [30/May/2025:08:30:24 +0200] "GET /Jurek/eurofirany/feeds/eurofirany_emagro.xml HTTP/1.0" 200 18729495 "-" "-"
89.161.206.59 - - [30/May/2025:08:30:26 +0200] "GET /Jurek/qbox/feeds/qbox_emagro.xml HTTP/1.0" 200 398615 "-" "-"
89.161.206.59 - - [30/May/2025:08:30:27 +0200] "GET /Jurek/evil/feeds/evil_emagro.xml HTTP/1.0" 200 306430 "-" "-"
51.77.52.107 - - [30/May/2025:08:30:29 +0200] "GET /Jurek/eurofirany/images/470299/0.jpg HTTP/2.0" 200 91926 "-" "baselinker"
51.77.52.107 - - [30/May/2025:08:30:34 +0200] "GET /Jurek/eurofirany/images/470299/0.jpg HTTP/2.0" 200 91926 "-" "baselinker"
51.77.52.107 - - [30/May/2025:08:30:38 +0200] "GET /Jurek/eurofirany/images/470300/0.jpg HTTP/2.0" 200 74460 "-" "baselinker"
51.77.52.107 - - [30/May/2025:08:30:43 +0200] "GET /Jurek/eurofirany/images/470300/0.jpg HTTP/2.0" 200 74460 "-" "baselinker"
51.77.52.107 - - [30/May/2025:08:30:50 +0200] "GET /Jurek/eurofirany/images/470300/0.jpg HTTP/2.0" 200 74460 "-" "baselinker"
89.161.206.59 - - [30/May/2025:08:30:59 +0200] "GET /Jurek/takapara/feeds/takapara_skroutz.xml HTTP/1.0" 200 1342569 "-" "-"
51.77.52.107 - - [30/May/2025:08:31:09 +0200] "GET /Jurek/eurofirany/images/470303/0.jpg HTTP/2.0" 200 90275 "-" "baselinker"
89.161.206.59 - - [30/May/2025:08:31:21 +0200] "GET /Jurek/avenido/feeds/avenido_amazonde.xml HTTP/1.0" 200 720175 "-" "-"
89.161.206.59 - - [30/May/2025:08:31:21 +0200] "GET /Jurek/regis/feeds/regis_amazonde.xml HTTP/1.0" 200 228475 "-" "-"
89.161.206.59 - - [30/May/2025:08:31:22 +0200] "GET /Jurek/cdata/feeds/cdata_amazonde.xml HTTP/1.0" 200 1446506 "-" "-"
89.161.206.59 - - [30/May/2025:08:31:22 +0200] "GET /Jurek/drewdon/feeds/drewdon_amazonde.xml HTTP/1.0" 200 504520 "-" "-"
89.161.206.59 - - [30/May/2025:08:31:22 +0200] "GET /Jurek/alucon/feeds/alucon_amazonde.xml HTTP/1.0" 200 553625 "-" "-"
89.161.206.59 - - [30/May/2025:08:31:22 +0200] "GET /Jurek/snibbs/feeds/snibbs_amazonde.xml HTTP/1.0" 200 74414 "-" "-"
89.161.206.59 - - [30/May/2025:08:31:22 +0200] "GET /Jurek/nexus/feeds/nexus_amazonde.xml HTTP/1.0" 200 226682 "-" "-"
89.161.206.59 - - [30/May/2025:08:31:22 +0200] "GET /Jurek/riko/feeds/riko_amazonde.xml HTTP/1.0" 200 3789953 "-" "-"
89.161.206.59 - - [30/May/2025:08:31:23 +0200] "GET /Jurek/sebmart/feeds/sebmart_amazonde.xml HTTP/1.0" 200 1598994 "-" "-"
89.161.206.59 - - [30/May/2025:08:31:23 +0200] "GET /Jurek/narzbud/feeds/narzbud_amazonde.xml HTTP/1.0" 200 1902817 "-" "-"
51.77.52.107 - - [30/May/2025:08:31:24 +0200] "GET /Jurek/eurofirany/images/470303/0.jpg HTTP/2.0" 200 90275 "-" "baselinker"
51.77.52.107 - - [30/May/2025:08:31:30 +0200] "GET /Jurek/eurofirany/images/470303/0.jpg HTTP/2.0" 200 90275 "-" "baselinker"
51.77.52.107 - - [30/May/2025:08:31:33 +0200] "GET /Jurek/eurofirany/images/470306/0.jpg HTTP/2.0" 200 73643 "-" "baselinker"
51.77.52.107 - - [30/May/2025:08:31:40 +0200] "GET /Jurek/eurofirany/images/470306/0.jpg HTTP/2.0" 200 73643 "-" "baselinker"
51.77.52.107 - - [30/May/2025:08:31:46 +0200] "GET /Jurek/eurofirany/images/470306/0.jpg HTTP/2.0" 200 73643 "-" "baselinker"
51.77.52.107 - - [30/May/2025:08:31:51 +0200] "GET /Jurek/eurofirany/images/470739/0.jpg HTTP/2.0" 200 91538 "-" "baselinker"
51.77.52.107 - - [30/May/2025:08:32:25 +0200] "GET /Jurek/eurofirany/images/470739/0.jpg HTTP/2.0" 200 91538 "-" "baselinker"
51.77.52.107 - - [30/May/2025:08:32:31 +0200] "GET /Jurek/eurofirany/images/470739/0.jpg HTTP/2.0" 200 91538 "-" "baselinker"
51.77.52.107 - - [30/May/2025:08:32:38 +0200] "GET /Jurek/eurofirany/images/468080/0.jpg HTTP/2.0" 200 139066 "-" "baselinker"
51.77.52.107 - - [30/May/2025:08:32:57 +0200] "GET /Jurek/eurofirany/images/468080/0.jpg HTTP/2.0" 200 139066 "-" "baselinker"
51.77.52.107 - - [30/May/2025:08:33:04 +0200] "GET /Jurek/eurofirany/images/468080/0.jpg HTTP/2.0" 200 139066 "-" "baselinker"
51.77.52.107 - - [30/May/2025:08:33:22 +0200] "GET /Jurek/eurofirany/images/468095/0.jpg HTTP/2.0" 200 161080 "-" "baselinker"
51.77.52.107 - - [30/May/2025:08:33:41 +0200] "GET /Jurek/eurofirany/images/468095/0.jpg HTTP/2.0" 200 161080 "-" "baselinker"
51.77.52.107 - - [30/May/2025:08:33:48 +0200] "GET /Jurek/eurofirany/images/468095/0.jpg HTTP/2.0" 200 161080 "-" "baselinker"
51.77.52.107 - - [30/May/2025:08:33:53 +0200] "GET /Jurek/eurofirany/images/468098/0.jpg HTTP/2.0" 200 144316 "-" "baselinker"
51.77.52.107 - - [30/May/2025:08:34:15 +0200] "GET /Jurek/eurofirany/images/468098/0.jpg HTTP/2.0" 200 144316 "-" "baselinker"
51.77.52.107 - - [30/May/2025:08:34:21 +0200] "GET /Jurek/eurofirany/images/468098/0.jpg HTTP/2.0" 200 144316 "-" "baselinker"
51.77.52.107 - - [30/May/2025:08:34:29 +0200] "GET /Jurek/eurofirany/images/468102/0.jpg HTTP/2.0" 200 132826 "-" "baselinker"
193.33.8.61 - - [30/May/2025:08:34:46 +0200] "GET /Jurek/aiofactory/feeds/aiofactory_zero.xml HTTP/1.1" 200 2124588 "-" "Mozilla/5.0"
51.77.52.107 - - [30/May/2025:08:34:51 +0200] "GET /Jurek/eurofirany/images/468102/0.jpg HTTP/2.0" 200 132826 "-" "baselinker"
193.33.8.61 - - [30/May/2025:08:34:53 +0200] "GET /Jurek/aiofactory/feeds/aiofactory_zero.xml HTTP/1.1" 200 2124588 "-" "Mozilla/5.0"
51.77.52.107 - - [30/May/2025:08:34:59 +0200] "GET /Jurek/eurofirany/images/468102/0.jpg HTTP/2.0" 200 132826 "-" "baselinker"
51.77.52.107 - - [30/May/2025:08:35:09 +0200] "GET /Jurek/eurofirany/images/468171/0.jpg HTTP/2.0" 200 95886 "-" "baselinker"
89.161.206.59 - - [30/May/2025:08:35:25 +0200] "GET /Jurek/kinghoff/feeds/kinghoff_emaghu.xml HTTP/1.0" 200 15641381 "-" "-"
51.77.52.107 - - [30/May/2025:08:35:30 +0200] "GET /Jurek/eurofirany/images/468171/0.jpg HTTP/2.0" 200 95886 "-" "baselinker"
51.77.52.107 - - [30/May/2025:08:35:34 +0200] "GET /Jurek/eurofirany/images/468171/0.jpg HTTP/2.0" 200 95886 "-" "baselinker"
193.33.8.61 - - [30/May/2025:08:35:39 +0200] "GET /Jurek/alucon/feeds/alucon_zero.xml HTTP/1.1" 200 553705 "-" "Mozilla/5.0"
51.77.52.107 - - [30/May/2025:08:35:40 +0200] "GET /Jurek/eurofirany/images/468174/0.jpg HTTP/2.0" 200 95886 "-" "baselinker"
51.77.52.107 - - [30/May/2025:08:35:47 +0200] "GET /Jurek/eurofirany/images/468174/0.jpg HTTP/2.0" 200 95886 "-" "baselinker"
89.161.206.59 - - [30/May/2025:08:35:52 +0200] "GET /Jurek/mosti/feeds/mosti_emagro.xml HTTP/1.0" 200 4630763 "-" "-"
89.161.206.59 - - [30/May/2025:08:35:54 +0200] "GET /Jurek/targethome/feeds/targethome_emagro.xml HTTP/1.0" 200 689024 "-" "-"
89.161.206.59 - - [30/May/2025:08:36:00 +0200] "GET /Jurek/narzbud/feeds/narzbud_emagro.xml HTTP/1.0" 200 1903553 "-" "-"
89.161.206.59 - - [30/May/2025:08:36:00 +0200] "GET /Jurek/ekuchcikowo/feeds/ekuchcikowo_emagro.xml HTTP/1.0" 200 12478434 "-" "-"
89.161.206.59 - - [30/May/2025:08:36:00 +0200] "GET /Jurek/swiatecznygoliat/feeds/swiatecznygoliat_emagro.xml HTTP/1.0" 200 7051388 "-" "-"
89.161.206.59 - - [30/May/2025:08:36:00 +0200] "GET /Jurek/szpaklampy/feeds/szpaklampy_emagro.xml HTTP/1.0" 200 388624 "-" "-"
89.161.206.59 - - [30/May/2025:08:36:00 +0200] "GET /Jurek/galopi/feeds/galopi_emagro.xml HTTP/1.0" 200 2111091 "-" "-"
46.101.116.244 - - [30/May/2025:08:36:02 +0200] "GET /Jurek/piotrmiedz/feeds/piotrmiedz_amazonbe.xml HTTP/1.0" 200 91082439 "-" "-"
51.77.52.107 - - [30/May/2025:08:36:05 +0200] "GET /Jurek/eurofirany/images/468174/0.jpg HTTP/2.0" 200 95886 "-" "baselinker"
89.161.206.59 - - [30/May/2025:08:36:06 +0200] "GET /Jurek/sartrix/feeds/sartrix_emagro.xml HTTP/1.0" 200 649845 "-" "-"
46.101.116.244 - - [30/May/2025:08:36:07 +0200] "GET /Jurek/piotrmiedz/feeds/piotrmiedz_amazonse.xml HTTP/1.0" 200 91123942 "-" "-"
89.161.206.59 - - [30/May/2025:08:36:08 +0200] "GET /Jurek/twojsklep/feeds/twojsklep_emagro.xml HTTP/1.0" 200 127044 "-" "-"
89.161.206.59 - - [30/May/2025:08:36:08 +0200] "GET /Jurek/drewdon/feeds/drewdon_emagro.xml HTTP/1.0" 200 504612 "-" "-"
89.161.206.59 - - [30/May/2025:08:36:08 +0200] "GET /Jurek/dekoele/feeds/dekoele_emagro.xml HTTP/1.0" 200 734188 "-" "-"
89.161.206.59 - - [30/May/2025:08:36:11 +0200] "GET /Jurek/sternhoff/feeds/sternhoff_emagro.xml HTTP/1.0" 200 1778165 "-" "-"
51.77.52.107 - - [30/May/2025:08:36:11 +0200] "GET /Jurek/eurofirany/images/468176/0.jpg HTTP/2.0" 200 92383 "-" "baselinker"
89.161.206.59 - - [30/May/2025:08:36:13 +0200] "GET /Jurek/smxdesign/feeds/smxdesign_emagro.xml HTTP/1.0" 200 1829803 "-" "-"
89.161.206.59 - - [30/May/2025:08:36:14 +0200] "GET /Jurek/globaldeli/feeds/globaldeli_emagro.xml HTTP/1.0" 200 2590918 "-" "-"
89.161.206.59 - - [30/May/2025:08:36:14 +0200] "GET /Jurek/dekornatort/feeds/dekornatort_emagro.xml HTTP/1.0" 200 226004 "-" "-"
52.209.168.113 - - [30/May/2025:08:36:16 +0200] "GET /marketplaces/worten2/results/worten.csv HTTP/1.1" 200 19562821 "-" "Mirakl HttpClient"
89.161.206.59 - - [30/May/2025:08:36:16 +0200] "GET /Jurek/fernity/feeds/fernity_emagro.xml HTTP/1.0" 200 4719929 "-" "-"
89.161.206.59 - - [30/May/2025:08:36:21 +0200] "GET /Jurek/hlo/feeds/hlo_emagro.xml HTTP/1.0" 200 4838786 "-" "-"
89.161.206.59 - - [30/May/2025:08:36:24 +0200] "GET /Jurek/artdog/feeds/artdog_amazonit.xml HTTP/1.0" 200 17173192 "-" "-"
89.161.206.59 - - [30/May/2025:08:36:24 +0200] "GET /Jurek/luxma/feeds/luxma_emagro.xml HTTP/1.0" 200 8062679 "-" "-"
89.161.206.59 - - [30/May/2025:08:36:25 +0200] "GET /Jurek/winoszarnia/feeds/winoszarnia_emagro.xml HTTP/1.0" 200 6068380 "-" "-"
89.161.206.59 - - [30/May/2025:08:36:25 +0200] "GET /Jurek/artdog/feeds/artdog_amazonnl.xml HTTP/1.0" 200 17165558 "-" "-"
89.161.206.59 - - [30/May/2025:08:36:25 +0200] "GET /Jurek/coppotech/feeds/coppotech_emagro.xml HTTP/1.0" 200 38087407 "-" "-"
89.161.206.59 - - [30/May/2025:08:36:28 +0200] "GET /Jurek/zenga/feeds/zenga_emagro.xml HTTP/1.0" 200 222863 "-" "-"
51.77.52.107 - - [30/May/2025:08:36:31 +0200] "GET /Jurek/eurofirany/images/468176/0.jpg HTTP/2.0" 200 92383 "-" "baselinker"
89.161.206.59 - - [30/May/2025:08:36:33 +0200] "GET /Jurek/nonabox/feeds/nonabox_emagro.xml HTTP/1.0" 200 33899 "-" "-"
89.161.206.59 - - [30/May/2025:08:36:33 +0200] "GET /Jurek/em3/feeds/em3_emagro.xml HTTP/1.0" 200 259126 "-" "-"
89.161.206.59 - - [30/May/2025:08:36:33 +0200] "GET /Jurek/broers/feeds/broers_emagro.xml HTTP/1.0" 200 1984460 "-" "-"
89.161.206.59 - - [30/May/2025:08:36:33 +0200] "GET /Jurek/rosfix/feeds/rosfix_emagro.xml HTTP/1.0" 200 35781668 "-" "-"
89.161.206.59 - - [30/May/2025:08:36:33 +0200] "GET /Jurek/equalo/feeds/equalo_emagro.xml HTTP/1.0" 200 98025 "-" "-"
89.161.206.59 - - [30/May/2025:08:36:35 +0200] "GET /Jurek/omi/feeds/omi_emagro.xml HTTP/1.0" 200 8105626 "-" "-"
89.161.206.59 - - [30/May/2025:08:36:36 +0200] "GET /Jurek/takapara/feeds/takapara_emagro.xml HTTP/1.0" 200 1342426 "-" "-"
89.161.206.59 - - [30/May/2025:08:36:36 +0200] "GET /Jurek/purewear/feeds/purewear_emagro.xml HTTP/1.0" 200 13368790 "-" "-"
89.161.206.59 - - [30/May/2025:08:36:36 +0200] "GET /Jurek/newtechele/feeds/newtechele_emagro.xml HTTP/1.0" 200 2439308 "-" "-"
89.161.206.59 - - [30/May/2025:08:36:36 +0200] "GET /Jurek/lampart/feeds/lampart_emagro.xml HTTP/1.0" 200 936912 "-" "-"
89.161.206.59 - - [30/May/2025:08:36:37 +0200] "GET /Jurek/sebmart/feeds/sebmart_emagro.xml HTTP/1.0" 200 1599408 "-" "-"
89.161.206.59 - - [30/May/2025:08:36:38 +0200] "GET /Jurek/tsjerzy/feeds/tsjerzy_emagro.xml HTTP/1.0" 200 3906895 "-" "-"
89.161.206.59 - - [30/May/2025:08:36:39 +0200] "GET /Jurek/kamar/feeds/kamar_emagro.xml HTTP/1.0" 200 25595968 "-" "-"
89.161.206.59 - - [30/May/2025:08:36:39 +0200] "GET /Jurek/avenido/feeds/avenido_emagro.xml HTTP/1.0" 200 720251 "-" "-"
89.161.206.59 - - [30/May/2025:08:36:39 +0200] "GET /Jurek/filmal/feeds/filmal_emagro.xml HTTP/1.0" 200 139439 "-" "-"
89.161.206.59 - - [30/May/2025:08:36:40 +0200] "GET /Jurek/zenex/feeds/zenex_emagro.xml HTTP/1.0" 200 541782 "-" "-"
193.33.8.61 - - [30/May/2025:08:36:42 +0200] "GET /Jurek/erohurtownia/feeds/erohurtownia_zero.xml HTTP/1.1" 200 22820057 "-" "Mozilla/5.0"
89.161.206.59 - - [30/May/2025:08:36:43 +0200] "GET /Jurek/missionair/feeds/missionair_emagro.xml HTTP/1.0" 200 3155460 "-" "-"
51.77.52.107 - - [30/May/2025:08:36:48 +0200] "GET /Jurek/eurofirany/images/468176/0.jpg HTTP/2.0" 200 92383 "-" "baselinker"
51.77.52.107 - - [30/May/2025:08:36:57 +0200] "GET /Jurek/eurofirany/images/468180/0.jpg HTTP/2.0" 200 86088 "-" "baselinker"
51.77.52.107 - - [30/May/2025:08:37:11 +0200] "GET /Jurek/eurofirany/images/468180/0.jpg HTTP/2.0" 200 86088 "-" "baselinker"
51.77.52.107 - - [30/May/2025:08:37:17 +0200] "GET /Jurek/eurofirany/images/468180/0.jpg HTTP/2.0" 200 86088 "-" "baselinker"
51.77.52.107 - - [30/May/2025:08:37:44 +0200] "GET /Jurek/eurofirany/images/468181/0.jpg HTTP/2.0" 200 90461 "-" "baselinker"
51.77.52.107 - - [30/May/2025:08:37:57 +0200] "GET /Jurek/eurofirany/images/468181/0.jpg HTTP/2.0" 200 90461 "-" "baselinker"
51.77.52.107 - - [30/May/2025:08:38:04 +0200] "GET /Jurek/eurofirany/images/468181/0.jpg HTTP/2.0" 200 90461 "-" "baselinker"
66.135.223.40 - - [30/May/2025:08:38:04 +0200] "GET /Jurek/eurofirany/images/386608/0.jpg HTTP/1.1" 200 61738 "-" "Java/17.0.13.0.101"
89.161.206.59 - - [30/May/2025:08:38:06 +0200] "GET /Jurek/domzapachy/feeds/domzapachy_skroutz.xml HTTP/1.0" 200 179716 "-" "-"
89.161.206.59 - - [30/May/2025:08:38:06 +0200] "GET /Jurek/wenom/feeds/wenom_skroutz.xml HTTP/1.0" 200 583077 "-" "-"
51.77.52.107 - - [30/May/2025:08:38:09 +0200] "GET /Jurek/eurofirany/images/468182/0.jpg HTTP/2.0" 200 90461 "-" "baselinker"
89.161.206.59 - - [30/May/2025:08:38:09 +0200] "GET /Jurek/eurofryz2/feeds/eurofryz2_skroutz.xml HTTP/1.0" 200 1377767 "-" "-"
89.161.206.59 - - [30/May/2025:08:38:10 +0200] "GET /Jurek/euroshop/feeds/euroshop_skroutz.xml HTTP/1.0" 200 20044204 "-" "-"
89.161.206.59 - - [30/May/2025:08:38:12 +0200] "GET /Jurek/german/feeds/german_skroutz.xml HTTP/1.0" 200 2449549 "-" "-"
89.161.206.59 - - [30/May/2025:08:38:17 +0200] "GET /Jurek/jankeski/feeds/jankeski_skroutz.xml HTTP/1.0" 200 6575696 "-" "-"
89.161.206.59 - - [30/May/2025:08:38:20 +0200] "GET /Jurek/andex/feeds/andex_skr.xml HTTP/1.0" 200 932923 "-" "-"
89.161.206.59 - - [30/May/2025:08:38:21 +0200] "GET /Jurek/sklep24amk/feeds/sklep24amk_skroutz.xml HTTP/1.0" 200 3898968 "-" "-"
51.77.52.107 - - [30/May/2025:08:38:29 +0200] "GET /Jurek/eurofirany/images/468182/0.jpg HTTP/2.0" 200 90461 "-" "baselinker"
51.77.52.107 - - [30/May/2025:08:38:47 +0200] "GET /Jurek/eurofirany/images/468182/0.jpg HTTP/2.0" 200 90461 "-" "baselinker"
51.77.52.107 - - [30/May/2025:08:39:08 +0200] "GET /Jurek/eurofirany/images/468183/0.jpg HTTP/2.0" 200 90461 "-" "baselinker"
51.77.52.107 - - [30/May/2025:08:39:25 +0200] "GET /Jurek/eurofirany/images/468183/0.jpg HTTP/2.0" 200 90461 "-" "baselinker"
51.77.52.107 - - [30/May/2025:08:39:30 +0200] "GET /Jurek/eurofirany/images/468183/0.jpg HTTP/2.0" 200 90461 "-" "baselinker"
51.77.52.107 - - [30/May/2025:08:39:34 +0200] "GET /Jurek/eurofirany/images/468184/0.jpg HTTP/2.0" 200 96121 "-" "baselinker"
51.77.52.107 - - [30/May/2025:08:39:39 +0200] "GET /Jurek/eurofirany/images/468184/0.jpg HTTP/2.0" 200 96121 "-" "baselinker"
