51.77.52.107 - - [30/May/2025:08:39:56 +0200] "GET /Jurek/eurofirany/images/468184/0.jpg HTTP/2.0" 200 96121 "-" "baselinker"
51.77.52.107 - - [30/May/2025:08:40:14 +0200] "GET /Jurek/eurofirany/images/468186/0.jpg HTTP/2.0" 200 96121 "-" "baselinker"
51.77.52.107 - - [30/May/2025:08:40:20 +0200] "GET /Jurek/eurofirany/images/468186/0.jpg HTTP/2.0" 200 96121 "-" "baselinker"
51.77.52.107 - - [30/May/2025:08:40:23 +0200] "GET /Jurek/eurofirany/images/468186/0.jpg HTTP/2.0" 200 96121 "-" "baselinker"
51.77.52.107 - - [30/May/2025:08:40:33 +0200] "GET /Jurek/eurofirany/images/470297/0.jpg HTTP/2.0" 200 91926 "-" "baselinker"
51.77.52.107 - - [30/May/2025:08:40:41 +0200] "GET /Jurek/eurofirany/images/470297/0.jpg HTTP/2.0" 200 91926 "-" "baselinker"
51.77.52.107 - - [30/May/2025:08:40:59 +0200] "GET /Jurek/eurofirany/images/470297/0.jpg HTTP/2.0" 200 91926 "-" "baselinker"
51.77.52.107 - - [30/May/2025:08:41:12 +0200] "GET /Jurek/eurofirany/images/470298/0.jpg HTTP/2.0" 200 91926 "-" "baselinker"
51.77.52.107 - - [30/May/2025:08:41:19 +0200] "GET /Jurek/eurofirany/images/470298/0.jpg HTTP/2.0" 200 91926 "-" "baselinker"
51.77.52.107 - - [30/May/2025:08:41:25 +0200] "GET /Jurek/eurofirany/images/470298/0.jpg HTTP/2.0" 200 91926 "-" "baselinker"
51.77.52.107 - - [30/May/2025:08:41:42 +0200] "GET /Jurek/eurofirany/images/470301/0.jpg HTTP/2.0" 200 74460 "-" "baselinker"
51.77.52.107 - - [30/May/2025:08:42:02 +0200] "GET /Jurek/eurofirany/images/470301/0.jpg HTTP/2.0" 200 74460 "-" "baselinker"
69.171.249.10 - - [30/May/2025:08:42:09 +0200] "GET /robots.txt HTTP/2.0" 404 3551 "-" "facebookexternalhit/1.1 (+http://www.facebook.com/externalhit_uatext.php)"
51.77.52.107 - - [30/May/2025:08:42:11 +0200] "GET /Jurek/eurofirany/images/470301/0.jpg HTTP/2.0" 200 74460 "-" "baselinker"
51.77.52.107 - - [30/May/2025:08:42:30 +0200] "GET /Jurek/eurofirany/images/470302/0.jpg HTTP/2.0" 200 74460 "-" "baselinker"
51.77.52.107 - - [30/May/2025:08:42:38 +0200] "GET /Jurek/eurofirany/images/470302/0.jpg HTTP/2.0" 200 74460 "-" "baselinker"
51.77.52.107 - - [30/May/2025:08:42:43 +0200] "GET /Jurek/eurofirany/images/470302/0.jpg HTTP/2.0" 200 74460 "-" "baselinker"
51.77.52.107 - - [30/May/2025:08:42:48 +0200] "GET /Jurek/eurofirany/images/470304/0.jpg HTTP/2.0" 200 90275 "-" "baselinker"
51.77.52.107 - - [30/May/2025:08:42:55 +0200] "GET /Jurek/eurofirany/images/470304/0.jpg HTTP/2.0" 200 90275 "-" "baselinker"
51.77.52.107 - - [30/May/2025:08:43:01 +0200] "GET /Jurek/eurofirany/images/470304/0.jpg HTTP/2.0" 200 90275 "-" "baselinker"
51.77.52.107 - - [30/May/2025:08:43:07 +0200] "GET /Jurek/eurofirany/images/470305/0.jpg HTTP/2.0" 200 90275 "-" "baselinker"
51.77.52.107 - - [30/May/2025:08:43:13 +0200] "GET /Jurek/eurofirany/images/470305/0.jpg HTTP/2.0" 200 90275 "-" "baselinker"
51.77.52.107 - - [30/May/2025:08:43:18 +0200] "GET /Jurek/eurofirany/images/470305/0.jpg HTTP/2.0" 200 90275 "-" "baselinker"
51.77.52.107 - - [30/May/2025:08:43:24 +0200] "GET /Jurek/eurofirany/images/470307/0.jpg HTTP/2.0" 200 73643 "-" "baselinker"
51.77.52.107 - - [30/May/2025:08:43:30 +0200] "GET /Jurek/eurofirany/images/470307/0.jpg HTTP/2.0" 200 73643 "-" "baselinker"
51.77.52.107 - - [30/May/2025:08:43:36 +0200] "GET /Jurek/eurofirany/images/470307/0.jpg HTTP/2.0" 200 73643 "-" "baselinker"
51.77.52.107 - - [30/May/2025:08:43:42 +0200] "GET /Jurek/eurofirany/images/470308/0.jpg HTTP/2.0" 200 73643 "-" "baselinker"
51.77.52.107 - - [30/May/2025:08:43:47 +0200] "GET /Jurek/eurofirany/images/470308/0.jpg HTTP/2.0" 200 73643 "-" "baselinker"
51.77.52.107 - - [30/May/2025:08:43:53 +0200] "GET /Jurek/eurofirany/images/470308/0.jpg HTTP/2.0" 200 73643 "-" "baselinker"
51.77.52.107 - - [30/May/2025:08:43:59 +0200] "GET /Jurek/eurofirany/images/470740/0.jpg HTTP/2.0" 200 91538 "-" "baselinker"
51.77.52.107 - - [30/May/2025:08:44:20 +0200] "GET /Jurek/eurofirany/images/470740/0.jpg HTTP/2.0" 200 91538 "-" "baselinker"
51.77.52.107 - - [30/May/2025:08:44:42 +0200] "GET /Jurek/eurofirany/images/470740/0.jpg HTTP/2.0" 200 91538 "-" "baselinker"
51.77.52.107 - - [30/May/2025:08:44:59 +0200] "GET /Jurek/eurofirany/images/470741/0.jpg HTTP/2.0" 200 91538 "-" "baselinker"
51.77.52.107 - - [30/May/2025:08:45:06 +0200] "GET /Jurek/eurofirany/images/470741/0.jpg HTTP/2.0" 200 91538 "-" "baselinker"
51.77.52.107 - - [30/May/2025:08:45:12 +0200] "GET /Jurek/eurofirany/images/470741/0.jpg HTTP/2.0" 200 91538 "-" "baselinker"
51.77.52.107 - - [30/May/2025:08:45:19 +0200] "GET /Jurek/eurofirany/images/468949/0.jpg HTTP/2.0" 200 95029 "-" "baselinker"
51.77.52.107 - - [30/May/2025:08:45:24 +0200] "GET /Jurek/eurofirany/images/468949/0.jpg HTTP/2.0" 200 95029 "-" "baselinker"
51.77.52.107 - - [30/May/2025:08:45:29 +0200] "GET /Jurek/eurofirany/images/468949/0.jpg HTTP/2.0" 200 95029 "-" "baselinker"
46.101.116.244 - - [30/May/2025:08:46:00 +0200] "GET /Jurek/eurofirany/feeds/eurofirany_empik.xml HTTP/1.0" 200 18720092 "-" "-"
46.101.116.244 - - [30/May/2025:08:46:07 +0200] "GET /Jurek/chemex/feeds/chemex_empik.xml HTTP/1.0" 200 47822490 "-" "-"
51.77.52.107 - - [30/May/2025:08:46:17 +0200] "GET /Jurek/eurofirany/images/468950/0.jpg HTTP/2.0" 200 95029 "-" "baselinker"
51.77.52.107 - - [30/May/2025:08:46:23 +0200] "GET /Jurek/eurofirany/images/468950/0.jpg HTTP/2.0" 200 95029 "-" "baselinker"
51.77.52.107 - - [30/May/2025:08:46:39 +0200] "GET /Jurek/eurofirany/images/468950/0.jpg HTTP/2.0" 200 95029 "-" "baselinker"
51.77.52.107 - - [30/May/2025:08:47:01 +0200] "GET /Jurek/eurofirany/images/468951/0.jpg HTTP/2.0" 200 95029 "-" "baselinker"
213.144.3.154 - - [30/May/2025:08:47:06 +0200] "GET /Jurek/eurofirany/images/315130/0.jpg HTTP/2.0" 200 90957 "https://www.ebay.de/" "Mozilla/5.0 (Windows NT 10.0; Win64; x64; rv:139.0) Gecko/20100101 Firefox/139.0"
51.77.52.107 - - [30/May/2025:08:47:08 +0200] "GET /Jurek/eurofirany/images/468951/0.jpg HTTP/2.0" 200 95029 "-" "baselinker"
66.211.183.70 - - [30/May/2025:08:47:21 +0200] "GET /Jurek/eurofirany/images/435105/0.jpg HTTP/1.1" 200 53815 "-" "Java/17.0.13.0.101"
51.77.52.107 - - [30/May/2025:08:47:24 +0200] "GET /Jurek/eurofirany/images/468951/0.jpg HTTP/2.0" 200 95029 "-" "baselinker"
51.77.52.107 - - [30/May/2025:08:47:40 +0200] "GET /Jurek/eurofirany/images/468953/0.jpg HTTP/2.0" 200 92156 "-" "baselinker"
51.77.52.107 - - [30/May/2025:08:47:59 +0200] "GET /Jurek/eurofirany/images/468953/0.jpg HTTP/2.0" 200 92156 "-" "baselinker"
51.77.52.107 - - [30/May/2025:08:48:17 +0200] "GET /Jurek/eurofirany/images/468953/0.jpg HTTP/2.0" 200 92156 "-" "baselinker"
51.77.52.107 - - [30/May/2025:08:48:22 +0200] "GET /Jurek/eurofirany/images/468954/0.jpg HTTP/2.0" 200 92156 "-" "baselinker"
51.77.52.107 - - [30/May/2025:08:48:29 +0200] "GET /Jurek/eurofirany/images/468954/0.jpg HTTP/2.0" 200 92156 "-" "baselinker"
51.77.52.107 - - [30/May/2025:08:48:34 +0200] "GET /Jurek/eurofirany/images/468954/0.jpg HTTP/2.0" 200 92156 "-" "baselinker"
51.77.52.107 - - [30/May/2025:08:48:37 +0200] "GET /Jurek/eurofirany/images/468955/0.jpg HTTP/2.0" 200 92156 "-" "baselinker"
193.33.8.61 - - [30/May/2025:08:48:39 +0200] "GET /Jurek/cenoman/feeds/cenoman_zero.xml HTTP/2.0" 200 5993952 "https://konsola.dkkapusta1997.usermd.net/" "Mozilla/5.0 (Windows NT 10.0; Win64; x64) AppleWebKit/537.36 (KHTML, like Gecko) Chrome/136.0.0.0 Safari/537.36"
51.77.52.107 - - [30/May/2025:08:48:56 +0200] "GET /Jurek/eurofirany/images/468955/0.jpg HTTP/2.0" 200 92156 "-" "baselinker"
51.77.52.107 - - [30/May/2025:08:49:09 +0200] "GET /Jurek/eurofirany/images/468955/0.jpg HTTP/2.0" 200 92156 "-" "baselinker"
51.77.52.107 - - [30/May/2025:08:49:14 +0200] "GET /Jurek/eurofirany/images/468956/0.jpg HTTP/2.0" 200 100409 "-" "baselinker"
89.161.206.59 - - [30/May/2025:08:49:17 +0200] "GET /Jurek/kambukka/feeds/kambukka_emagro.xml HTTP/1.0" 200 1023562 "-" "-"
89.161.206.59 - - [30/May/2025:08:49:17 +0200] "GET /Jurek/amzteam/feeds/amzteam_emagro.xml HTTP/1.0" 200 97894 "-" "-"
89.161.206.59 - - [30/May/2025:08:49:17 +0200] "GET /Jurek/kinghoff/feeds/kinghoff_emagro.xml HTTP/1.0" 200 15635922 "-" "-"
89.161.206.59 - - [30/May/2025:08:49:18 +0200] "GET /Jurek/ralmetal/feeds/ralmetal_emag.xml HTTP/1.0" 200 1787426 "-" "-"
89.161.206.59 - - [30/May/2025:08:49:18 +0200] "GET /Jurek/oromed/feeds/oromed_emagro.xml HTTP/1.0" 200 1290254 "-" "-"
89.161.206.59 - - [30/May/2025:08:49:19 +0200] "GET /Jurek/b3/feeds/b3_emagro.xml HTTP/1.0" 200 8071291 "-" "-"
89.161.206.59 - - [30/May/2025:08:49:19 +0200] "GET /Jurek/drops/feeds/dropsofficecolection_emagro.xml HTTP/1.0" 200 790396 "-" "-"
89.161.206.59 - - [30/May/2025:08:49:20 +0200] "GET /Jurek/spali/feeds/spali_emagro.xml HTTP/1.0" 200 77055 "-" "-"
89.161.206.59 - - [30/May/2025:08:49:20 +0200] "GET /Jurek/combine/feeds/combine_EMAGRO.xml HTTP/1.0" 200 210558 "-" "-"
89.161.206.59 - - [30/May/2025:08:49:20 +0200] "GET /Jurek/urwiskowo/feeds/urwiskowo_emagro.xml HTTP/1.0" 200 9115107 "-" "-"
89.161.206.59 - - [30/May/2025:08:49:21 +0200] "GET /Jurek/reman/feeds/reman_emagro.xml HTTP/1.0" 200 1394777 "-" "-"
89.161.206.59 - - [30/May/2025:08:49:21 +0200] "GET /Jurek/erohurtownia/feeds/erohurtownia_emagro.xml HTTP/1.0" 200 22847727 "-" "-"
51.77.52.107 - - [30/May/2025:08:49:29 +0200] "GET /Jurek/eurofirany/images/468956/0.jpg HTTP/2.0" 200 100409 "-" "baselinker"
18.136.62.21 - - [30/May/2025:08:49:33 +0200] "GET /Jurek/topeshop/downloaded_images/5902838468425_Opal_Sonoma_Szafka.jpg HTTP/2.0" 404 3551 "-" "python-requests/2.30.0"
51.77.52.107 - - [30/May/2025:08:49:34 +0200] "GET /Jurek/eurofirany/images/468956/0.jpg HTTP/2.0" 200 100409 "-" "baselinker"
51.77.52.107 - - [30/May/2025:08:49:47 +0200] "GET /Jurek/eurofirany/images/468957/0.jpg HTTP/2.0" 200 100409 "-" "baselinker"
51.77.52.107 - - [30/May/2025:08:50:02 +0200] "GET /Jurek/eurofirany/images/468957/0.jpg HTTP/2.0" 200 100409 "-" "baselinker"
51.77.52.107 - - [30/May/2025:08:50:19 +0200] "GET /Jurek/eurofirany/images/468957/0.jpg HTTP/2.0" 200 100409 "-" "baselinker"
51.77.52.107 - - [30/May/2025:08:50:22 +0200] "GET /Jurek/eurofirany/images/468959/0.jpg HTTP/2.0" 200 110924 "-" "baselinker"
51.77.52.107 - - [30/May/2025:08:50:30 +0200] "GET /Jurek/eurofirany/images/468959/0.jpg HTTP/2.0" 200 110924 "-" "baselinker"
51.77.52.107 - - [30/May/2025:08:50:40 +0200] "GET /Jurek/eurofirany/images/468959/0.jpg HTTP/2.0" 200 110924 "-" "baselinker"
51.77.52.107 - - [30/May/2025:08:50:47 +0200] "GET /Jurek/eurofirany/images/468960/0.jpg HTTP/2.0" 200 110924 "-" "baselinker"
51.77.52.107 - - [30/May/2025:08:50:53 +0200] "GET /Jurek/eurofirany/images/468960/0.jpg HTTP/2.0" 200 110924 "-" "baselinker"
89.161.206.59 - - [30/May/2025:08:51:02 +0200] "GET /Jurek/velinda/feeds/velinda_emagro.xml HTTP/1.0" 200 4228101 "-" "-"
51.77.52.107 - - [30/May/2025:08:51:12 +0200] "GET /Jurek/eurofirany/images/468960/0.jpg HTTP/2.0" 200 110924 "-" "baselinker"
51.77.52.107 - - [30/May/2025:08:51:28 +0200] "GET /Jurek/eurofirany/images/468961/0.jpg HTTP/2.0" 200 110924 "-" "baselinker"
51.77.52.107 - - [30/May/2025:08:51:44 +0200] "GET /Jurek/eurofirany/images/468961/0.jpg HTTP/2.0" 200 110924 "-" "baselinker"
51.77.52.107 - - [30/May/2025:08:51:51 +0200] "GET /Jurek/eurofirany/images/468961/0.jpg HTTP/2.0" 200 110924 "-" "baselinker"
51.77.52.107 - - [30/May/2025:08:52:14 +0200] "GET /Jurek/eurofirany/images/468962/0.jpg HTTP/2.0" 200 140263 "-" "baselinker"
51.77.52.107 - - [30/May/2025:08:52:41 +0200] "GET /Jurek/eurofirany/images/468962/0.jpg HTTP/2.0" 200 140263 "-" "baselinker"
51.77.52.107 - - [30/May/2025:08:52:46 +0200] "GET /Jurek/eurofirany/images/468962/0.jpg HTTP/2.0" 200 140263 "-" "baselinker"
46.101.116.244 - - [30/May/2025:08:53:00 +0200] "GET /Jurek/intsell/feeds/intsell_emagro.xml HTTP/1.0" 200 342078912 "-" "-"
51.77.52.107 - - [30/May/2025:08:53:10 +0200] "GET /Jurek/eurofirany/images/468963/0.jpg HTTP/2.0" 200 140263 "-" "baselinker"
51.77.52.107 - - [30/May/2025:08:53:16 +0200] "GET /Jurek/eurofirany/images/468963/0.jpg HTTP/2.0" 200 140263 "-" "baselinker"
51.77.52.107 - - [30/May/2025:08:53:23 +0200] "GET /Jurek/eurofirany/images/468963/0.jpg HTTP/2.0" 200 140263 "-" "baselinker"
51.77.52.107 - - [30/May/2025:08:53:35 +0200] "GET /Jurek/eurofirany/images/468964/0.jpg HTTP/2.0" 200 140263 "-" "baselinker"
51.77.52.107 - - [30/May/2025:08:53:41 +0200] "GET /Jurek/eurofirany/images/468964/0.jpg HTTP/2.0" 200 140263 "-" "baselinker"
51.77.52.107 - - [30/May/2025:08:53:58 +0200] "GET /Jurek/eurofirany/images/468964/0.jpg HTTP/2.0" 200 140263 "-" "baselinker"
51.77.52.107 - - [30/May/2025:08:54:03 +0200] "GET /Jurek/eurofirany/images/398821/0.jpg HTTP/2.0" 200 28870 "-" "baselinker"
51.77.52.107 - - [30/May/2025:08:54:09 +0200] "GET /Jurek/eurofirany/images/398821/0.jpg HTTP/2.0" 200 28870 "-" "baselinker"
51.77.52.107 - - [30/May/2025:08:54:25 +0200] "GET /Jurek/eurofirany/images/398821/0.jpg HTTP/2.0" 200 28870 "-" "baselinker"
51.77.52.107 - - [30/May/2025:08:54:46 +0200] "GET /Jurek/eurofirany/images/467284/0.jpg HTTP/2.0" 200 89083 "-" "baselinker"
51.77.52.107 - - [30/May/2025:08:54:52 +0200] "GET /Jurek/eurofirany/images/467284/0.jpg HTTP/2.0" 200 89083 "-" "baselinker"
51.77.52.107 - - [30/May/2025:08:55:02 +0200] "GET /Jurek/eurofirany/images/467284/0.jpg HTTP/2.0" 200 89083 "-" "baselinker"
51.77.52.107 - - [30/May/2025:08:55:07 +0200] "GET /Jurek/eurofirany/images/467484/0.jpg HTTP/2.0" 200 64137 "-" "baselinker"
51.77.52.107 - - [30/May/2025:08:55:22 +0200] "GET /Jurek/eurofirany/images/467484/0.jpg HTTP/2.0" 200 64137 "-" "baselinker"
51.77.52.107 - - [30/May/2025:08:55:37 +0200] "GET /Jurek/eurofirany/images/467484/0.jpg HTTP/2.0" 200 64137 "-" "baselinker"
51.77.52.107 - - [30/May/2025:08:55:43 +0200] "GET /Jurek/eurofirany/images/466896/0.jpg HTTP/2.0" 200 68358 "-" "baselinker"
51.77.52.107 - - [30/May/2025:08:55:48 +0200] "GET /Jurek/eurofirany/images/466896/0.jpg HTTP/2.0" 200 68358 "-" "baselinker"
51.77.52.107 - - [30/May/2025:08:56:09 +0200] "GET /Jurek/eurofirany/images/466896/0.jpg HTTP/2.0" 200 68358 "-" "baselinker"
51.77.52.107 - - [30/May/2025:08:56:26 +0200] "GET /Jurek/eurofirany/images/419764/0.jpg HTTP/2.0" 200 6595 "-" "baselinker"
51.77.52.107 - - [30/May/2025:08:56:27 +0200] "GET /Jurek/eurofirany/images/419764/0.jpg HTTP/2.0" 200 6595 "-" "baselinker"
51.77.52.107 - - [30/May/2025:08:56:27 +0200] "GET /Jurek/eurofirany/images/419764/0.jpg HTTP/2.0" 200 6595 "-" "baselinker"
51.77.52.107 - - [30/May/2025:08:56:32 +0200] "GET /Jurek/eurofirany/images/433249/0.jpg HTTP/2.0" 200 6625 "-" "baselinker"
51.77.52.107 - - [30/May/2025:08:56:33 +0200] "GET /Jurek/eurofirany/images/433249/0.jpg HTTP/2.0" 200 6625 "-" "baselinker"
51.77.52.107 - - [30/May/2025:08:56:33 +0200] "GET /Jurek/eurofirany/images/433249/0.jpg HTTP/2.0" 200 6625 "-" "baselinker"
51.77.52.107 - - [30/May/2025:08:56:34 +0200] "GET /Jurek/eurofirany/images/433253/0.jpg HTTP/2.0" 200 6625 "-" "baselinker"
51.77.52.107 - - [30/May/2025:08:56:35 +0200] "GET /Jurek/eurofirany/images/433253/0.jpg HTTP/2.0" 200 6625 "-" "baselinker"
51.77.52.107 - - [30/May/2025:08:56:36 +0200] "GET /Jurek/eurofirany/images/433253/0.jpg HTTP/2.0" 200 6625 "-" "baselinker"
51.77.52.107 - - [30/May/2025:08:56:37 +0200] "GET /Jurek/eurofirany/images/433254/0.jpg HTTP/2.0" 200 6625 "-" "baselinker"
51.77.52.107 - - [30/May/2025:08:56:37 +0200] "GET /Jurek/eurofirany/images/433254/0.jpg HTTP/2.0" 200 6625 "-" "baselinker"
51.77.52.107 - - [30/May/2025:08:56:38 +0200] "GET /Jurek/eurofirany/images/433254/0.jpg HTTP/2.0" 200 6625 "-" "baselinker"
51.77.52.107 - - [30/May/2025:08:56:40 +0200] "GET /Jurek/eurofirany/images/433263/0.jpg HTTP/2.0" 200 6625 "-" "baselinker"
51.77.52.107 - - [30/May/2025:08:56:40 +0200] "GET /Jurek/eurofirany/images/433263/0.jpg HTTP/2.0" 200 6625 "-" "baselinker"
51.77.52.107 - - [30/May/2025:08:56:41 +0200] "GET /Jurek/eurofirany/images/433263/0.jpg HTTP/2.0" 200 6625 "-" "baselinker"
51.77.52.107 - - [30/May/2025:08:56:42 +0200] "GET /Jurek/eurofirany/images/5638/0.jpg HTTP/2.0" 200 6625 "-" "baselinker"
51.77.52.107 - - [30/May/2025:08:56:43 +0200] "GET /Jurek/eurofirany/images/5638/0.jpg HTTP/2.0" 200 6625 "-" "baselinker"
51.77.52.107 - - [30/May/2025:08:56:43 +0200] "GET /Jurek/eurofirany/images/5638/0.jpg HTTP/2.0" 200 6625 "-" "baselinker"
51.77.52.107 - - [30/May/2025:08:56:44 +0200] "GET /Jurek/eurofirany/images/401271/0.jpg HTTP/2.0" 200 182103 "-" "baselinker"
51.77.52.107 - - [30/May/2025:08:57:01 +0200] "GET /Jurek/eurofirany/images/401271/0.jpg HTTP/2.0" 200 182103 "-" "baselinker"
51.77.52.107 - - [30/May/2025:08:57:21 +0200] "GET /Jurek/eurofirany/images/401271/0.jpg HTTP/2.0" 200 182103 "-" "baselinker"
51.77.52.107 - - [30/May/2025:08:57:44 +0200] "GET /Jurek/eurofirany/images/404672/0.jpg HTTP/2.0" 200 59831 "-" "baselinker"
51.77.52.107 - - [30/May/2025:08:58:02 +0200] "GET /Jurek/eurofirany/images/404672/0.jpg HTTP/2.0" 200 59831 "-" "baselinker"
51.77.52.107 - - [30/May/2025:08:58:18 +0200] "GET /Jurek/eurofirany/images/404672/0.jpg HTTP/2.0" 200 59831 "-" "baselinker"
51.77.52.107 - - [30/May/2025:08:58:41 +0200] "GET /Jurek/eurofirany/images/430214/0.jpg HTTP/2.0" 200 67809 "-" "baselinker"
51.77.52.107 - - [30/May/2025:08:58:58 +0200] "GET /Jurek/eurofirany/images/430214/0.jpg HTTP/2.0" 200 67809 "-" "baselinker"
51.77.52.107 - - [30/May/2025:08:59:12 +0200] "GET /Jurek/eurofirany/images/430214/0.jpg HTTP/2.0" 200 67809 "-" "baselinker"
51.77.52.107 - - [30/May/2025:08:59:31 +0200] "GET /Jurek/eurofirany/images/439077/0.jpg HTTP/2.0" 200 122335 "-" "baselinker"
51.77.52.107 - - [30/May/2025:08:59:51 +0200] "GET /Jurek/eurofirany/images/439077/0.jpg HTTP/2.0" 200 122335 "-" "baselinker"
51.77.52.107 - - [30/May/2025:09:00:11 +0200] "GET /Jurek/eurofirany/images/439077/0.jpg HTTP/2.0" 200 122335 "-" "baselinker"
89.161.206.59 - - [30/May/2025:09:00:15 +0200] "GET /Jurek/swiatecznygoliat/feeds/swiatecznygoliat_skroutz.xml HTTP/1.0" 200 6874860 "-" "-"
35.204.39.32 - - [30/May/2025:09:00:17 +0200] "GET /marketplaces/carrefour_fr/results/carrefour_fr.csv HTTP/1.1" 200 147219 "-" "Mirakl HttpClient"
46.101.116.244 - - [30/May/2025:09:00:21 +0200] "GET /Jurek/intsell/feeds/intsell_skroutz.xml HTTP/1.0" 200 269821694 "-" "-"
85.14.86.141 - - [30/May/2025:09:00:21 +0200] "GET /Jurek/vida_morele/feeds/VidaPL_all.xml HTTP/2.0" 200 878823698 "-" "MarketplaceAPI curl/7.74.0 PHP/8"
51.77.52.107 - - [30/May/2025:09:00:30 +0200] "GET /Jurek/eurofirany/images/448468/0.jpg HTTP/2.0" 200 170027 "-" "baselinker"
89.161.206.59 - - [30/May/2025:09:00:37 +0200] "GET /Jurek/luxma/feeds/luxma_skroutz.xml HTTP/1.0" 200 4421688 "-" "-"
89.161.206.59 - - [30/May/2025:09:00:38 +0200] "GET /Jurek/dekornatort/feeds/dekornatort_skroutz.xml HTTP/1.0" 200 225937 "-" "-"
89.161.206.59 - - [30/May/2025:09:00:39 +0200] "GET /Jurek/smxdesign/feeds/smxdesign_skroutz.xml HTTP/1.0" 200 1829481 "-" "-"
89.161.206.59 - - [30/May/2025:09:00:39 +0200] "GET /Jurek/techrebalina/feeds/techrebalina_skroutz.xml HTTP/1.0" 200 2011582 "-" "-"
89.161.206.59 - - [30/May/2025:09:00:39 +0200] "GET /Jurek/techrebal/feeds/techrebal_skroutz.xml HTTP/1.0" 200 1969520 "-" "-"
89.161.206.59 - - [30/May/2025:09:00:39 +0200] "GET /Jurek/omi/feeds/omi_skroutz.xml HTTP/1.0" 200 8104369 "-" "-"
89.161.206.59 - - [30/May/2025:09:00:40 +0200] "GET /Jurek/regis/feeds/regis_skroutz.xml HTTP/1.0" 200 228467 "-" "-"
89.161.206.59 - - [30/May/2025:09:00:41 +0200] "GET /Jurek/riko/feeds/riko_skr.xml HTTP/1.0" 200 3788216 "-" "-"
52.18.22.0 - - [30/May/2025:09:00:41 +0200] "GET /marketplaces/ubaldi/results/ubaldi.csv HTTP/1.1" 200 147219 "-" "Mirakl HttpClient"
89.161.206.59 - - [30/May/2025:09:00:41 +0200] "GET /Jurek/sebmart/feeds/sebmart_skr.xml HTTP/1.0" 200 1598994 "-" "-"
89.161.206.59 - - [30/May/2025:09:00:41 +0200] "GET /Jurek/mechdecor/feeds/mechdecor_skr.xml HTTP/1.0" 200 596420 "-" "-"
89.161.206.59 - - [30/May/2025:09:00:41 +0200] "GET /Jurek/apresto/feeds/apresto_skr.xml HTTP/1.0" 200 1317499 "-" "-"
89.161.206.59 - - [30/May/2025:09:00:42 +0200] "GET /Jurek/sovapl/feeds/sovapl_skr.xml HTTP/1.0" 200 9006203 "-" "-"
51.77.52.107 - - [30/May/2025:09:00:53 +0200] "GET /Jurek/eurofirany/images/448468/0.jpg HTTP/2.0" 200 170027 "-" "baselinker"
51.77.52.107 - - [30/May/2025:09:01:17 +0200] "GET /Jurek/eurofirany/images/448468/0.jpg HTTP/2.0" 200 170027 "-" "baselinker"
51.77.52.107 - - [30/May/2025:09:01:40 +0200] "GET /Jurek/eurofirany/images/457598/0.jpg HTTP/2.0" 200 60580 "-" "baselinker"
35.204.39.32 - - [30/May/2025:09:01:43 +0200] "GET /marketplaces/vente/results/vente_nl.csv HTTP/1.1" 200 147219 "-" "Mirakl HttpClient"
35.204.39.32 - - [30/May/2025:09:01:43 +0200] "GET /marketplaces/vente/results/vente_fr.csv HTTP/1.1" 200 147219 "-" "Mirakl HttpClient"
35.204.39.32 - - [30/May/2025:09:01:43 +0200] "GET /marketplaces/vente/results/vente_be.csv HTTP/1.1" 200 147219 "-" "Mirakl HttpClient"
35.204.39.32 - - [30/May/2025:09:01:43 +0200] "GET /marketplaces/vente/results/vente_it.csv HTTP/1.1" 200 163603 "-" "Mirakl HttpClient"
35.204.39.32 - - [30/May/2025:09:01:43 +0200] "GET /marketplaces/vente/results/vente_es.csv HTTP/1.1" 200 147219 "-" "Mirakl HttpClient"
35.204.39.32 - - [30/May/2025:09:01:44 +0200] "GET /marketplaces/vente/results/vente_de.csv HTTP/1.1" 200 147219 "-" "Mirakl HttpClient"
51.77.52.107 - - [30/May/2025:09:02:00 +0200] "GET /Jurek/eurofirany/images/457598/0.jpg HTTP/2.0" 200 60580 "-" "baselinker"
52.17.80.36 - - [30/May/2025:09:02:25 +0200] "GET /marketplaces/rue/results/rue.csv HTTP/1.1" 200 147219 "-" "Mirakl HttpClient"
51.77.52.107 - - [30/May/2025:09:02:28 +0200] "GET /Jurek/eurofirany/images/457598/0.jpg HTTP/2.0" 200 60580 "-" "baselinker"
51.77.52.107 - - [30/May/2025:09:02:45 +0200] "GET /Jurek/eurofirany/images/459050/0.jpg HTTP/2.0" 200 116004 "-" "baselinker"
51.77.52.107 - - [30/May/2025:09:03:01 +0200] "GET /Jurek/eurofirany/images/459050/0.jpg HTTP/2.0" 200 116004 "-" "baselinker"
51.77.52.107 - - [30/May/2025:09:03:12 +0200] "GET /Jurek/eurofirany/images/459050/0.jpg HTTP/2.0" 200 116004 "-" "baselinker"
51.77.52.107 - - [30/May/2025:09:03:19 +0200] "GET /Jurek/eurofirany/images/459051/0.jpg HTTP/2.0" 200 116004 "-" "baselinker"
51.77.52.107 - - [30/May/2025:09:03:35 +0200] "GET /Jurek/eurofirany/images/459051/0.jpg HTTP/2.0" 200 116004 "-" "baselinker"
52.209.168.113 - - [30/May/2025:09:03:40 +0200] "GET /marketplaces/carrefour/results/carrefour.csv HTTP/1.1" 200 147221 "-" "Mirakl HttpClient"
51.77.52.107 - - [30/May/2025:09:03:41 +0200] "GET /Jurek/eurofirany/images/459051/0.jpg HTTP/2.0" 200 116004 "-" "baselinker"
51.77.52.107 - - [30/May/2025:09:03:50 +0200] "GET /Jurek/eurofirany/images/459052/0.jpg HTTP/2.0" 200 104124 "-" "baselinker"
51.77.52.107 - - [30/May/2025:09:04:00 +0200] "GET /Jurek/eurofirany/images/459052/0.jpg HTTP/2.0" 200 104124 "-" "baselinker"
51.77.52.107 - - [30/May/2025:09:04:03 +0200] "GET /Jurek/eurofirany/images/459052/0.jpg HTTP/2.0" 200 104124 "-" "baselinker"
51.77.52.107 - - [30/May/2025:09:04:09 +0200] "GET /Jurek/eurofirany/images/459053/0.jpg HTTP/2.0" 200 104124 "-" "baselinker"
85.14.86.141 - - [30/May/2025:09:04:13 +0200] "GET /Jurek/kinghoff/feeds/kinghoff_morele.xml HTTP/2.0" 200 15634685 "-" "MarketplaceAPI curl/7.74.0 PHP/8"
51.77.52.107 - - [30/May/2025:09:04:17 +0200] "GET /Jurek/eurofirany/images/459053/0.jpg HTTP/2.0" 200 104124 "-" "baselinker"
51.77.52.107 - - [30/May/2025:09:04:24 +0200] "GET /Jurek/eurofirany/images/459053/0.jpg HTTP/2.0" 200 104124 "-" "baselinker"
51.77.52.107 - - [30/May/2025:09:04:45 +0200] "GET /Jurek/eurofirany/images/459056/0.jpg HTTP/2.0" 200 81194 "-" "baselinker"
51.77.52.107 - - [30/May/2025:09:05:05 +0200] "GET /Jurek/eurofirany/images/459056/0.jpg HTTP/2.0" 200 81194 "-" "baselinker"
89.161.206.59 - - [30/May/2025:09:05:25 +0200] "GET /Jurek/ikonka/feeds/ikonka_ebayde.xml HTTP/1.0" 200 7123367 "-" "-"
51.77.52.107 - - [30/May/2025:09:05:26 +0200] "GET /Jurek/eurofirany/images/459056/0.jpg HTTP/2.0" 200 81194 "-" "baselinker"
51.77.52.107 - - [30/May/2025:09:05:35 +0200] "GET /Jurek/eurofirany/images/459060/0.jpg HTTP/2.0" 200 144283 "-" "baselinker"
89.161.206.59 - - [30/May/2025:09:05:52 +0200] "GET /Jurek/playcob/feeds/playcob_amazonde.xml HTTP/1.0" 200 6981875 "-" "-"
51.77.52.107 - - [30/May/2025:09:05:56 +0200] "GET /Jurek/eurofirany/images/459060/0.jpg HTTP/2.0" 200 144283 "-" "baselinker"
51.77.52.107 - - [30/May/2025:09:06:04 +0200] "GET /Jurek/eurofirany/images/459060/0.jpg HTTP/2.0" 200 144283 "-" "baselinker"
51.77.52.107 - - [30/May/2025:09:06:15 +0200] "GET /Jurek/eurofirany/images/459061/0.jpg HTTP/2.0" 200 144283 "-" "baselinker"
89.161.206.59 - - [30/May/2025:09:06:26 +0200] "GET /Jurek/aiofactory/feeds/aiofactory_ebayde.xml HTTP/1.0" 200 2124588 "-" "-"
89.161.206.59 - - [30/May/2025:09:06:33 +0200] "GET /Jurek/snibbs/feeds/snibbs_skroutz.xml HTTP/1.0" 200 74414 "-" "-"
89.161.206.59 - - [30/May/2025:09:06:33 +0200] "GET /Jurek/coppotech/feeds/coppotech_skroutz.xml HTTP/1.0" 200 37880567 "-" "-"
51.77.52.107 - - [30/May/2025:09:06:34 +0200] "GET /Jurek/eurofirany/images/459061/0.jpg HTTP/2.0" 200 144283 "-" "baselinker"
51.77.52.107 - - [30/May/2025:09:06:41 +0200] "GET /Jurek/eurofirany/images/459061/0.jpg HTTP/2.0" 200 144283 "-" "baselinker"
89.161.206.59 - - [30/May/2025:09:06:59 +0200] "GET /Jurek/elavia/feeds/elavia_skroutz.xml HTTP/1.0" 200 2297722 "-" "-"
51.77.52.107 - - [30/May/2025:09:07:03 +0200] "GET /Jurek/eurofirany/images/459068/0.jpg HTTP/2.0" 200 98238 "-" "baselinker"
51.77.52.107 - - [30/May/2025:09:07:10 +0200] "GET /Jurek/eurofirany/images/459068/0.jpg HTTP/2.0" 200 98238 "-" "baselinker"
85.14.86.141 - - [30/May/2025:09:07:12 +0200] "GET /Jurek/eurofirany/feeds/eurofirany_morele.xml HTTP/2.0" 200 18720286 "-" "MarketplaceAPI curl/7.74.0 PHP/8"
51.77.52.107 - - [30/May/2025:09:07:19 +0200] "GET /Jurek/eurofirany/images/459068/0.jpg HTTP/2.0" 200 98238 "-" "baselinker"
89.161.206.59 - - [30/May/2025:09:07:24 +0200] "GET /Jurek/maksik/feeds/maksik_skroutz.xml HTTP/1.0" 200 4084858 "-" "-"
51.77.52.107 - - [30/May/2025:09:07:26 +0200] "GET /Jurek/eurofirany/images/459069/0.jpg HTTP/2.0" 200 98238 "-" "baselinker"
89.161.206.59 - - [30/May/2025:09:07:28 +0200] "GET /Jurek/proparts/feeds/proparts_skroutz.xml HTTP/1.0" 200 707860 "-" "-"
51.77.52.107 - - [30/May/2025:09:07:43 +0200] "GET /Jurek/eurofirany/images/459069/0.jpg HTTP/2.0" 200 98238 "-" "baselinker"
51.77.52.107 - - [30/May/2025:09:07:50 +0200] "GET /Jurek/eurofirany/images/459069/0.jpg HTTP/2.0" 200 98238 "-" "baselinker"
51.77.52.107 - - [30/May/2025:09:07:58 +0200] "GET /Jurek/eurofirany/images/459057/0.jpg HTTP/2.0" 200 81194 "-" "baselinker"
85.14.86.141 - - [30/May/2025:09:08:08 +0200] "GET /Jurek/vivaldi/feeds/vivaldi_Morele-PL.xml HTTP/2.0" 200 344674 "-" "MarketplaceAPI curl/7.74.0 PHP/8"
51.77.52.107 - - [30/May/2025:09:08:15 +0200] "GET /Jurek/eurofirany/images/459057/0.jpg HTTP/2.0" 200 81194 "-" "baselinker"
51.77.52.107 - - [30/May/2025:09:08:22 +0200] "GET /Jurek/eurofirany/images/459057/0.jpg HTTP/2.0" 200 81194 "-" "baselinker"
51.77.52.107 - - [30/May/2025:09:08:31 +0200] "GET /Jurek/eurofirany/images/458337/0.jpg HTTP/2.0" 200 68438 "-" "baselinker"
51.77.52.107 - - [30/May/2025:09:08:38 +0200] "GET /Jurek/eurofirany/images/458337/0.jpg HTTP/2.0" 200 68438 "-" "baselinker"
51.77.52.107 - - [30/May/2025:09:08:45 +0200] "GET /Jurek/eurofirany/images/458337/0.jpg HTTP/2.0" 200 68438 "-" "baselinker"
51.77.52.107 - - [30/May/2025:09:08:53 +0200] "GET /Jurek/eurofirany/images/458338/0.jpg HTTP/2.0" 200 64104 "-" "baselinker"
51.77.52.107 - - [30/May/2025:09:09:14 +0200] "GET /Jurek/eurofirany/images/458338/0.jpg HTTP/2.0" 200 64104 "-" "baselinker"
185.6.76.18 - - [30/May/2025:09:09:17 +0200] "GET /marketplaces/skroutz/feeds/shumee.xml HTTP/1.1" 200 411577349 "-" "SkroutzBot v1.0"
51.77.52.107 - - [30/May/2025:09:09:20 +0200] "GET /Jurek/eurofirany/images/458338/0.jpg HTTP/2.0" 200 64104 "-" "baselinker"
51.77.52.107 - - [30/May/2025:09:09:29 +0200] "GET /Jurek/eurofirany/images/459074/0.jpg HTTP/2.0" 200 76076 "-" "baselinker"
85.14.86.141 - - [30/May/2025:09:09:31 +0200] "GET /Jurek/vida_morele/feeds/VidaPL_morele.xml HTTP/2.0" 200 878825171 "-" "MarketplaceAPI curl/7.74.0 PHP/8"
51.77.52.107 - - [30/May/2025:09:09:47 +0200] "GET /Jurek/eurofirany/images/459074/0.jpg HTTP/2.0" 200 76076 "-" "baselinker"
85.14.86.141 - - [30/May/2025:09:09:50 +0200] "GET /Jurek/aw/feeds/awnarzedzia_morele.xml HTTP/2.0" 200 91239468 "-" "MarketplaceAPI curl/7.74.0 PHP/8"
193.33.8.61 - - [30/May/2025:09:10:02 +0200] "POST /Filip/janshop_orders/exports/ HTTP/2.0" 401 3550 "https://dkkapusta1997.usermd.net/Filip/janshop_orders/exports/" "Mozilla/5.0 (Macintosh; Intel Mac OS X 10_15_7) AppleWebKit/605.1.15 (KHTML, like Gecko) Version/17.5 Safari/605.1.15"
193.33.8.61 - maria [30/May/2025:09:10:02 +0200] "POST /Filip/janshop_orders/exports/ HTTP/2.0" 200 71732 "https://dkkapusta1997.usermd.net/Filip/janshop_orders/exports/" "Mozilla/5.0 (Macintosh; Intel Mac OS X 10_15_7) AppleWebKit/605.1.15 (KHTML, like Gecko) Version/17.5 Safari/605.1.15"
193.33.8.61 - - [30/May/2025:09:10:02 +0200] "GET /apple-touch-icon-precomposed.png HTTP/2.0" 404 3551 "-" "Safari/19618.2.12.11.6 CFNetwork/1496.0.7 Darwin/23.5.0"
193.33.8.61 - - [30/May/2025:09:10:02 +0200] "GET /apple-touch-icon.png HTTP/2.0" 404 3551 "-" "Safari/19618.2.12.11.6 CFNetwork/1496.0.7 Darwin/23.5.0"
51.77.52.107 - - [30/May/2025:09:10:09 +0200] "GET /Jurek/eurofirany/images/459074/0.jpg HTTP/2.0" 200 76076 "-" "baselinker"
193.33.8.61 - maria [30/May/2025:09:10:10 +0200] "POST /Filip/janshop_orders/exports/ HTTP/2.0" 499 0 "https://dkkapusta1997.usermd.net/Filip/janshop_orders/exports/" "Mozilla/5.0 (Macintosh; Intel Mac OS X 10_15_7) AppleWebKit/605.1.15 (KHTML, like Gecko) Version/17.5 Safari/605.1.15"
193.33.8.61 - maria [30/May/2025:09:10:11 +0200] "POST /Filip/janshop_orders/exports/ HTTP/2.0" 200 71746 "https://dkkapusta1997.usermd.net/Filip/janshop_orders/exports/" "Mozilla/5.0 (Macintosh; Intel Mac OS X 10_15_7) AppleWebKit/605.1.15 (KHTML, like Gecko) Version/17.5 Safari/605.1.15"
193.33.8.61 - maria [30/May/2025:09:10:11 +0200] "POST /Filip/janshop_orders/exports/ HTTP/2.0" 200 71753 "https://dkkapusta1997.usermd.net/Filip/janshop_orders/exports/" "Mozilla/5.0 (Macintosh; Intel Mac OS X 10_15_7) AppleWebKit/605.1.15 (KHTML, like Gecko) Version/17.5 Safari/605.1.15"
51.77.52.107 - - [30/May/2025:09:10:21 +0200] "GET /Jurek/eurofirany/images/459075/0.jpg HTTP/2.0" 200 100372 "-" "baselinker"
51.77.52.107 - - [30/May/2025:09:10:28 +0200] "GET /Jurek/eurofirany/images/459075/0.jpg HTTP/2.0" 200 100372 "-" "baselinker"
51.77.52.107 - - [30/May/2025:09:10:39 +0200] "GET /Jurek/eurofirany/images/459075/0.jpg HTTP/2.0" 200 100372 "-" "baselinker"
51.77.52.107 - - [30/May/2025:09:10:47 +0200] "GET /Jurek/eurofirany/images/459076/0.jpg HTTP/2.0" 200 100139 "-" "baselinker"
85.14.86.141 - - [30/May/2025:09:11:01 +0200] "GET /Jurek/beliani/feeds/beliani_morele.xml HTTP/2.0" 200 30665083 "-" "MarketplaceAPI curl/7.74.0 PHP/8"
51.77.52.107 - - [30/May/2025:09:11:06 +0200] "GET /Jurek/eurofirany/images/459076/0.jpg HTTP/2.0" 200 100139 "-" "baselinker"
51.77.52.107 - - [30/May/2025:09:11:27 +0200] "GET /Jurek/eurofirany/images/459076/0.jpg HTTP/2.0" 200 100139 "-" "baselinker"
51.77.52.107 - - [30/May/2025:09:11:47 +0200] "GET /Jurek/eurofirany/images/459077/0.jpg HTTP/2.0" 200 100546 "-" "baselinker"
51.77.52.107 - - [30/May/2025:09:12:05 +0200] "GET /Jurek/eurofirany/images/459077/0.jpg HTTP/2.0" 200 100546 "-" "baselinker"
51.77.52.107 - - [30/May/2025:09:12:13 +0200] "GET /Jurek/eurofirany/images/459077/0.jpg HTTP/2.0" 200 100546 "-" "baselinker"
51.77.52.107 - - [30/May/2025:09:12:39 +0200] "GET /Jurek/eurofirany/images/459078/0.jpg HTTP/2.0" 200 100783 "-" "baselinker"
51.77.52.107 - - [30/May/2025:09:12:48 +0200] "GET /Jurek/eurofirany/images/459078/0.jpg HTTP/2.0" 200 100783 "-" "baselinker"
51.77.52.107 - - [30/May/2025:09:13:11 +0200] "GET /Jurek/eurofirany/images/459078/0.jpg HTTP/2.0" 200 100783 "-" "baselinker"
51.77.52.107 - - [30/May/2025:09:13:20 +0200] "GET /Jurek/eurofirany/images/459079/0.jpg HTTP/2.0" 200 78937 "-" "baselinker"
51.77.52.107 - - [30/May/2025:09:13:36 +0200] "GET /Jurek/eurofirany/images/459079/0.jpg HTTP/2.0" 200 78937 "-" "baselinker"
51.77.52.107 - - [30/May/2025:09:13:53 +0200] "GET /Jurek/eurofirany/images/459079/0.jpg HTTP/2.0" 200 78937 "-" "baselinker"
51.77.52.107 - - [30/May/2025:09:14:00 +0200] "GET /Jurek/eurofirany/images/459080/0.jpg HTTP/2.0" 200 101125 "-" "baselinker"
46.101.116.244 - - [30/May/2025:09:14:03 +0200] "GET /Jurek/topeshop/feeds/topeshop_alza.xml HTTP/2.0" 200 3025447 "-" "-"
51.77.52.107 - - [30/May/2025:09:14:09 +0200] "GET /Jurek/eurofirany/images/459080/0.jpg HTTP/2.0" 200 101125 "-" "baselinker"
46.101.116.244 - - [30/May/2025:09:14:14 +0200] "GET /Jurek/topeshop/feeds/topeshop_kauflandde.xml HTTP/2.0" 200 3024320 "-" "-"
51.77.52.107 - - [30/May/2025:09:14:18 +0200] "GET /Jurek/eurofirany/images/459080/0.jpg HTTP/2.0" 200 101125 "-" "baselinker"
46.101.116.244 - - [30/May/2025:09:14:24 +0200] "GET /Jurek/topeshop/feeds/topeshop_kauflandcz.xml HTTP/2.0" 200 3025445 "-" "-"
51.77.52.107 - - [30/May/2025:09:14:28 +0200] "GET /Jurek/eurofirany/images/459095/0.jpg HTTP/2.0" 200 103752 "-" "baselinker"
46.101.116.244 - - [30/May/2025:09:14:35 +0200] "GET /Jurek/topeshop/feeds/topeshop_kauflandsk.xml HTTP/2.0" 200 3024343 "-" "-"
51.77.52.107 - - [30/May/2025:09:14:45 +0200] "GET /Jurek/eurofirany/images/459095/0.jpg HTTP/2.0" 200 103752 "-" "baselinker"
46.101.116.244 - - [30/May/2025:09:14:46 +0200] "GET /Jurek/ikonka/feeds/ikonka_alza.xml HTTP/2.0" 200 20824574 "-" "-"
51.77.52.107 - - [30/May/2025:09:14:52 +0200] "GET /Jurek/eurofirany/images/459095/0.jpg HTTP/2.0" 200 103752 "-" "baselinker"
46.101.116.244 - - [30/May/2025:09:14:58 +0200] "GET /Jurek/ikonka/feeds/ikonka_kaufcz.xml HTTP/2.0" 200 20824521 "-" "-"
51.77.52.107 - - [30/May/2025:09:14:59 +0200] "GET /Jurek/eurofirany/images/459102/0.jpg HTTP/2.0" 200 96373 "-" "baselinker"
46.101.116.244 - - [30/May/2025:09:15:09 +0200] "GET /Jurek/ikonka/feeds/ikonka_kaufde.xml HTTP/2.0" 200 20822065 "-" "-"
51.77.52.107 - - [30/May/2025:09:15:16 +0200] "GET /Jurek/eurofirany/images/459102/0.jpg HTTP/2.0" 200 96373 "-" "baselinker"
51.77.52.107 - - [30/May/2025:09:15:26 +0200] "GET /Jurek/eurofirany/images/459102/0.jpg HTTP/2.0" 200 96373 "-" "baselinker"
51.77.52.107 - - [30/May/2025:09:15:44 +0200] "GET /Jurek/eurofirany/images/459103/0.jpg HTTP/2.0" 200 78335 "-" "baselinker"
46.101.116.244 - - [30/May/2025:09:15:53 +0200] "GET /Jurek/stema/feeds/stema_alza.xml HTTP/2.0" 200 894546 "-" "-"
46.101.116.244 - - [30/May/2025:09:16:03 +0200] "GET /Jurek/stema/feeds/stema_kaufcz.xml HTTP/2.0" 200 894550 "-" "-"
51.77.52.107 - - [30/May/2025:09:16:03 +0200] "GET /Jurek/eurofirany/images/459103/0.jpg HTTP/2.0" 200 78335 "-" "baselinker"
51.77.52.107 - - [30/May/2025:09:16:11 +0200] "GET /Jurek/eurofirany/images/459103/0.jpg HTTP/2.0" 200 78335 "-" "baselinker"
46.101.116.244 - - [30/May/2025:09:16:14 +0200] "GET /Jurek/stema/feeds/stema_kaufde.xml HTTP/2.0" 200 893828 "-" "-"
51.77.52.107 - - [30/May/2025:09:16:18 +0200] "GET /Jurek/eurofirany/images/459104/0.jpg HTTP/2.0" 200 100333 "-" "baselinker"
51.77.52.107 - - [30/May/2025:09:16:36 +0200] "GET /Jurek/eurofirany/images/459104/0.jpg HTTP/2.0" 200 100333 "-" "baselinker"
51.77.52.107 - - [30/May/2025:09:16:57 +0200] "GET /Jurek/eurofirany/images/459104/0.jpg HTTP/2.0" 200 100333 "-" "baselinker"
51.77.52.107 - - [30/May/2025:09:17:22 +0200] "GET /Jurek/eurofirany/images/459105/0.jpg HTTP/2.0" 200 102402 "-" "baselinker"
51.77.52.107 - - [30/May/2025:09:17:31 +0200] "GET /Jurek/eurofirany/images/459105/0.jpg HTTP/2.0" 200 102402 "-" "baselinker"
51.77.52.107 - - [30/May/2025:09:17:54 +0200] "GET /Jurek/eurofirany/images/459105/0.jpg HTTP/2.0" 200 102402 "-" "baselinker"
51.77.52.107 - - [30/May/2025:09:18:01 +0200] "GET /Jurek/eurofirany/images/459106/0.jpg HTTP/2.0" 200 64502 "-" "baselinker"
46.101.116.244 - - [30/May/2025:09:18:03 +0200] "GET /Jurek/gimmik/feeds/gimmik_mallsiex.xml HTTP/2.0" 404 3551 "-" "-"
51.77.52.107 - - [30/May/2025:09:18:08 +0200] "GET /Jurek/eurofirany/images/459106/0.jpg HTTP/2.0" 200 64502 "-" "baselinker"
51.77.52.107 - - [30/May/2025:09:18:15 +0200] "GET /Jurek/eurofirany/images/459106/0.jpg HTTP/2.0" 200 64502 "-" "baselinker"
46.101.116.244 - - [30/May/2025:09:18:18 +0200] "GET /Jurek/bimboland/feeds/bimboland_mallsiex.xml HTTP/2.0" 200 2779010 "-" "-"
51.77.52.107 - - [30/May/2025:09:18:23 +0200] "GET /Jurek/eurofirany/images/459107/0.jpg HTTP/2.0" 200 75532 "-" "baselinker"
51.77.52.107 - - [30/May/2025:09:18:43 +0200] "GET /Jurek/eurofirany/images/459107/0.jpg HTTP/2.0" 200 75532 "-" "baselinker"
46.101.116.244 - - [30/May/2025:09:18:51 +0200] "GET /Jurek/activeshop/feeds/activeshop_mallsiex.xml HTTP/2.0" 200 10418450 "-" "-"
46.101.116.244 - - [30/May/2025:09:18:55 +0200] "GET /Jurek/benbaby/feeds/benbaby_mallsi.xml HTTP/2.0" 200 3605416 "-" "-"
46.101.116.244 - - [30/May/2025:09:19:06 +0200] "GET /Jurek/bass/feeds/bass_mallsi.xml HTTP/2.0" 200 3971877 "-" "-"
51.77.52.107 - - [30/May/2025:09:19:09 +0200] "GET /Jurek/eurofirany/images/459107/0.jpg HTTP/2.0" 200 75532 "-" "baselinker"
46.101.116.244 - - [30/May/2025:09:19:17 +0200] "GET /Jurek/emibig/feeds/emibig_mallsi.xml HTTP/2.0" 200 2427383 "-" "-"
51.77.52.107 - - [30/May/2025:09:19:21 +0200] "GET /Jurek/eurofirany/images/459109/0.jpg HTTP/2.0" 200 99020 "-" "baselinker"
46.101.116.244 - - [30/May/2025:09:19:27 +0200] "GET /Jurek/b3/feeds/b3_mallsi.xml HTTP/2.0" 200 6513403 "-" "-"
51.77.52.107 - - [30/May/2025:09:19:32 +0200] "GET /Jurek/eurofirany/images/459109/0.jpg HTTP/2.0" 200 99020 "-" "baselinker"
51.77.52.107 - - [30/May/2025:09:19:38 +0200] "GET /Jurek/eurofirany/images/459109/0.jpg HTTP/2.0" 200 99020 "-" "baselinker"
46.101.116.244 - - [30/May/2025:09:19:39 +0200] "GET /Jurek/action/feeds/action_mallsi.xml HTTP/2.0" 200 59483798 "-" "-"
51.77.52.107 - - [30/May/2025:09:19:46 +0200] "GET /Jurek/eurofirany/images/459110/0.jpg HTTP/2.0" 200 94941 "-" "baselinker"
51.77.52.107 - - [30/May/2025:09:19:55 +0200] "GET /Jurek/eurofirany/images/459110/0.jpg HTTP/2.0" 200 94941 "-" "baselinker"
46.101.116.244 - - [30/May/2025:09:19:56 +0200] "GET /Jurek/aw/feeds/awnarzedzia_mallsiex.xml HTTP/2.0" 200 91228266 "-" "-"
89.161.206.59 - - [30/May/2025:09:20:07 +0200] "GET /Jurek/artdog/feeds/artdog_amazonse.xml HTTP/1.0" 200 17180825 "-" "-"
51.77.52.107 - - [30/May/2025:09:20:14 +0200] "GET /Jurek/eurofirany/images/459110/0.jpg HTTP/2.0" 200 94941 "-" "baselinker"
46.101.116.244 - - [30/May/2025:09:20:17 +0200] "GET /Jurek/eurofirany/feeds/eurofirany_mall_si_extrastore.xml HTTP/2.0" 200 18718324 "-" "-"
51.77.52.107 - - [30/May/2025:09:20:23 +0200] "GET /Jurek/eurofirany/images/459121/0.jpg HTTP/2.0" 200 92954 "-" "baselinker"
46.101.116.244 - - [30/May/2025:09:20:30 +0200] "GET /Jurek/fernity/feeds/fernity_mallslex.xml HTTP/2.0" 200 4718038 "-" "-"
46.101.116.244 - - [30/May/2025:09:20:40 +0200] "GET /Jurek/homla/feeds/homla_mallslex.xml HTTP/2.0" 404 3551 "-" "-"
51.77.52.107 - - [30/May/2025:09:20:44 +0200] "GET /Jurek/eurofirany/images/459121/0.jpg HTTP/2.0" 200 92954 "-" "baselinker"
46.101.116.244 - - [30/May/2025:09:20:51 +0200] "GET /Jurek/hurtownia_przemyslowa/feeds/hp_mallsi.xml HTTP/2.0" 200 49344576 "-" "-"
46.101.116.244 - - [30/May/2025:09:21:05 +0200] "GET /Jurek/ikonka/feeds/ikonka_mallsiex.xml HTTP/2.0" 200 20822313 "-" "-"
51.77.52.107 - - [30/May/2025:09:21:10 +0200] "GET /Jurek/eurofirany/images/459121/0.jpg HTTP/2.0" 200 92954 "-" "baselinker"
46.101.116.244 - - [30/May/2025:09:21:16 +0200] "GET /Jurek/kinghoff/feeds/kinghoff_mallslex.xml HTTP/2.0" 200 15634036 "-" "-"
51.77.52.107 - - [30/May/2025:09:21:18 +0200] "GET /Jurek/eurofirany/images/459123/0.jpg HTTP/2.0" 200 100850 "-" "baselinker"
51.77.52.107 - - [30/May/2025:09:21:25 +0200] "GET /Jurek/eurofirany/images/459123/0.jpg HTTP/2.0" 200 100850 "-" "baselinker"
51.77.52.107 - - [30/May/2025:09:21:30 +0200] "GET /Jurek/eurofirany/images/459123/0.jpg HTTP/2.0" 200 100850 "-" "baselinker"
51.77.52.107 - - [30/May/2025:09:21:39 +0200] "GET /Jurek/eurofirany/images/459124/0.jpg HTTP/2.0" 200 101347 "-" "baselinker"
46.101.116.244 - - [30/May/2025:09:21:54 +0200] "GET /Jurek/stema/feeds/stema_mallslex.xml HTTP/2.0" 200 893952 "-" "-"
51.77.52.107 - - [30/May/2025:09:21:57 +0200] "GET /Jurek/eurofirany/images/459124/0.jpg HTTP/2.0" 200 101347 "-" "baselinker"
51.77.52.107 - - [30/May/2025:09:22:00 +0200] "GET /Jurek/eurofirany/images/459124/0.jpg HTTP/2.0" 200 101347 "-" "baselinker"
46.101.116.244 - - [30/May/2025:09:22:05 +0200] "GET /Jurek/unimet/feeds/unimet_mallsiex.xml HTTP/2.0" 200 61151497 "-" "-"
51.77.52.107 - - [30/May/2025:09:22:19 +0200] "GET /Jurek/eurofirany/images/464218/0.jpg HTTP/2.0" 200 72310 "-" "baselinker"
46.101.116.244 - - [30/May/2025:09:22:26 +0200] "GET /Jurek/andex/feeds/andex_mallslex.xml HTTP/2.0" 200 1953393 "-" "-"
46.101.116.244 - - [30/May/2025:09:22:36 +0200] "GET /Jurek/barbecook/feeds/barbecook_mallslex.xml HTTP/2.0" 200 87532 "-" "-"
51.77.52.107 - - [30/May/2025:09:22:40 +0200] "GET /Jurek/eurofirany/images/464218/0.jpg HTTP/2.0" 200 72310 "-" "baselinker"
46.101.116.244 - - [30/May/2025:09:22:47 +0200] "GET /Jurek/beliani/feeds/beliani_si_mallsiex.xml HTTP/2.0" 200 30632864 "-" "-"
51.77.52.107 - - [30/May/2025:09:22:49 +0200] "GET /Jurek/eurofirany/images/464218/0.jpg HTTP/2.0" 200 72310 "-" "baselinker"
51.77.52.107 - - [30/May/2025:09:22:55 +0200] "GET /Jurek/eurofirany/images/464220/0.jpg HTTP/2.0" 200 61088 "-" "baselinker"
46.101.116.244 - - [30/May/2025:09:23:00 +0200] "GET /Jurek/chemex/feeds/chemex_mallsiex.xml HTTP/2.0" 200 47810433 "-" "-"
51.77.52.107 - - [30/May/2025:09:23:03 +0200] "GET /Jurek/eurofirany/images/464220/0.jpg HTTP/2.0" 200 61088 "-" "baselinker"
193.33.8.61 - - [30/May/2025:09:23:10 +0200] "GET /Jurek/aiofactory/feeds/aiofactory_zero.xml HTTP/1.1" 200 2123471 "-" "Mozilla/5.0"
46.101.116.244 - - [30/May/2025:09:23:13 +0200] "GET /Jurek/duka/feeds/duka_mallslex.xml HTTP/2.0" 200 57 "-" "-"
51.77.52.107 - - [30/May/2025:09:23:20 +0200] "GET /Jurek/eurofirany/images/464220/0.jpg HTTP/2.0" 200 61088 "-" "baselinker"
46.101.116.244 - - [30/May/2025:09:23:24 +0200] "GET /Jurek/flhf/feeds/flhf_mallsiex.xml HTTP/2.0" 404 3551 "-" "-"
46.101.116.244 - - [30/May/2025:09:23:34 +0200] "GET /Jurek/kinghome/feeds/kinghome_mallslex.xml HTTP/2.0" 200 6464327 "-" "-"
46.101.116.244 - - [30/May/2025:09:23:45 +0200] "GET /Jurek/kinghome/feeds/kinghome_mallslex.xml HTTP/2.0" 200 6464327 "-" "-"
51.77.52.107 - - [30/May/2025:09:23:46 +0200] "GET /Jurek/eurofirany/images/464221/0.jpg HTTP/2.0" 200 53096 "-" "baselinker"
46.101.116.244 - - [30/May/2025:09:23:56 +0200] "GET /Jurek/rovicky/feeds/rovicky_mallsiex.xml HTTP/2.0" 200 15170960 "-" "-"
51.77.52.107 - - [30/May/2025:09:24:04 +0200] "GET /Jurek/eurofirany/images/464221/0.jpg HTTP/2.0" 200 53096 "-" "baselinker"
46.101.116.244 - - [30/May/2025:09:24:07 +0200] "GET /Jurek/vivaldi/feeds/vivaldi_Mall-slex.xml HTTP/2.0" 200 344661 "-" "-"
51.77.52.107 - - [30/May/2025:09:24:23 +0200] "GET /Jurek/eurofirany/images/464221/0.jpg HTTP/2.0" 200 53096 "-" "baselinker"
51.77.52.107 - - [30/May/2025:09:24:31 +0200] "GET /Jurek/eurofirany/images/464226/0.jpg HTTP/2.0" 200 48117 "-" "baselinker"
51.77.52.107 - - [30/May/2025:09:24:48 +0200] "GET /Jurek/eurofirany/images/464226/0.jpg HTTP/2.0" 200 48117 "-" "baselinker"
51.77.52.107 - - [30/May/2025:09:24:53 +0200] "GET /Jurek/eurofirany/images/464226/0.jpg HTTP/2.0" 200 48117 "-" "baselinker"
51.77.52.107 - - [30/May/2025:09:25:17 +0200] "GET /Jurek/eurofirany/images/464228/0.jpg HTTP/2.0" 200 57021 "-" "baselinker"
51.77.52.107 - - [30/May/2025:09:25:24 +0200] "GET /Jurek/eurofirany/images/464228/0.jpg HTTP/2.0" 200 57021 "-" "baselinker"
51.77.52.107 - - [30/May/2025:09:25:30 +0200] "GET /Jurek/eurofirany/images/464228/0.jpg HTTP/2.0" 200 57021 "-" "baselinker"
51.77.52.107 - - [30/May/2025:09:25:50 +0200] "GET /Jurek/eurofirany/images/459048/0.jpg HTTP/2.0" 200 112049 "-" "baselinker"
51.77.52.107 - - [30/May/2025:09:25:58 +0200] "GET /Jurek/eurofirany/images/459048/0.jpg HTTP/2.0" 200 112049 "-" "baselinker"
51.77.52.107 - - [30/May/2025:09:26:15 +0200] "GET /Jurek/eurofirany/images/459048/0.jpg HTTP/2.0" 200 112049 "-" "baselinker"
51.77.52.107 - - [30/May/2025:09:26:22 +0200] "GET /Jurek/eurofirany/images/459049/0.jpg HTTP/2.0" 200 112049 "-" "baselinker"
51.77.52.107 - - [30/May/2025:09:26:29 +0200] "GET /Jurek/eurofirany/images/459049/0.jpg HTTP/2.0" 200 112049 "-" "baselinker"
51.77.52.107 - - [30/May/2025:09:26:34 +0200] "GET /Jurek/eurofirany/images/459049/0.jpg HTTP/2.0" 200 112049 "-" "baselinker"
51.77.52.107 - - [30/May/2025:09:26:51 +0200] "GET /Jurek/eurofirany/images/467116/0.jpg HTTP/2.0" 200 90283 "-" "baselinker"
51.77.52.107 - - [30/May/2025:09:27:00 +0200] "GET /Jurek/eurofirany/images/467116/0.jpg HTTP/2.0" 200 90283 "-" "baselinker"
51.77.52.107 - - [30/May/2025:09:27:16 +0200] "GET /Jurek/eurofirany/images/467116/0.jpg HTTP/2.0" 200 90283 "-" "baselinker"
51.77.52.107 - - [30/May/2025:09:27:34 +0200] "GET /Jurek/eurofirany/images/467344/0.jpg HTTP/2.0" 200 61262 "-" "baselinker"
51.77.52.107 - - [30/May/2025:09:27:55 +0200] "GET /Jurek/eurofirany/images/467344/0.jpg HTTP/2.0" 200 61262 "-" "baselinker"
51.77.52.107 - - [30/May/2025:09:28:04 +0200] "GET /Jurek/eurofirany/images/467344/0.jpg HTTP/2.0" 200 61262 "-" "baselinker"
51.77.52.107 - - [30/May/2025:09:28:11 +0200] "GET /Jurek/eurofirany/images/467346/0.jpg HTTP/2.0" 200 88087 "-" "baselinker"
51.77.52.107 - - [30/May/2025:09:28:16 +0200] "GET /Jurek/eurofirany/images/467346/0.jpg HTTP/2.0" 200 88087 "-" "baselinker"
51.77.52.107 - - [30/May/2025:09:28:18 +0200] "GET /Jurek/eurofirany/images/467346/0.jpg HTTP/2.0" 200 88087 "-" "baselinker"
51.77.52.107 - - [30/May/2025:09:28:39 +0200] "GET /Jurek/eurofirany/images/467415/0.jpg HTTP/2.0" 200 51469 "-" "baselinker"
51.77.52.107 - - [30/May/2025:09:29:00 +0200] "GET /Jurek/eurofirany/images/467415/0.jpg HTTP/2.0" 200 51469 "-" "baselinker"
51.77.52.107 - - [30/May/2025:09:29:08 +0200] "GET /Jurek/eurofirany/images/467415/0.jpg HTTP/2.0" 200 51469 "-" "baselinker"
51.77.52.107 - - [30/May/2025:09:29:15 +0200] "GET /Jurek/eurofirany/images/464834/0.jpg HTTP/2.0" 200 168658 "-" "baselinker"
51.77.52.107 - - [30/May/2025:09:29:34 +0200] "GET /Jurek/eurofirany/images/464834/0.jpg HTTP/2.0" 200 168658 "-" "baselinker"
51.77.52.107 - - [30/May/2025:09:29:40 +0200] "GET /Jurek/eurofirany/images/464834/0.jpg HTTP/2.0" 200 168658 "-" "baselinker"
51.77.52.107 - - [30/May/2025:09:29:54 +0200] "GET /Jurek/eurofirany/images/464843/0.jpg HTTP/2.0" 200 165864 "-" "baselinker"
51.77.52.107 - - [30/May/2025:09:30:18 +0200] "GET /Jurek/eurofirany/images/464843/0.jpg HTTP/2.0" 200 165864 "-" "baselinker"
51.77.52.107 - - [30/May/2025:09:30:34 +0200] "GET /Jurek/eurofirany/images/464843/0.jpg HTTP/2.0" 200 165864 "-" "baselinker"
51.77.52.107 - - [30/May/2025:09:30:49 +0200] "GET /Jurek/eurofirany/images/464941/0.jpg HTTP/2.0" 200 164213 "-" "baselinker"
51.77.52.107 - - [30/May/2025:09:31:09 +0200] "GET /Jurek/eurofirany/images/464941/0.jpg HTTP/2.0" 200 164213 "-" "baselinker"
51.77.52.107 - - [30/May/2025:09:31:23 +0200] "GET /Jurek/eurofirany/images/464941/0.jpg HTTP/2.0" 200 164213 "-" "baselinker"
51.77.52.107 - - [30/May/2025:09:31:49 +0200] "GET /Jurek/eurofirany/images/464942/0.jpg HTTP/2.0" 200 164213 "-" "baselinker"
51.77.52.107 - - [30/May/2025:09:32:09 +0200] "GET /Jurek/eurofirany/images/464942/0.jpg HTTP/2.0" 200 164213 "-" "baselinker"
51.77.52.107 - - [30/May/2025:09:32:12 +0200] "GET /Jurek/eurofirany/images/464942/0.jpg HTTP/2.0" 200 164213 "-" "baselinker"
51.77.52.107 - - [30/May/2025:09:32:30 +0200] "GET /Jurek/eurofirany/images/464951/0.jpg HTTP/2.0" 200 164817 "-" "baselinker"
51.77.52.107 - - [30/May/2025:09:32:48 +0200] "GET /Jurek/eurofirany/images/464951/0.jpg HTTP/2.0" 200 164817 "-" "baselinker"
51.77.52.107 - - [30/May/2025:09:33:14 +0200] "GET /Jurek/eurofirany/images/464951/0.jpg HTTP/2.0" 200 164817 "-" "baselinker"
51.77.52.107 - - [30/May/2025:09:33:31 +0200] "GET /Jurek/eurofirany/images/464090/0.jpg HTTP/2.0" 200 158000 "-" "baselinker"
51.77.52.107 - - [30/May/2025:09:33:48 +0200] "GET /Jurek/eurofirany/images/464090/0.jpg HTTP/2.0" 200 158000 "-" "baselinker"
51.77.52.107 - - [30/May/2025:09:34:11 +0200] "GET /Jurek/eurofirany/images/464090/0.jpg HTTP/2.0" 200 158000 "-" "baselinker"
51.77.52.107 - - [30/May/2025:09:34:27 +0200] "GET /Jurek/eurofirany/images/466889/0.jpg HTTP/2.0" 200 80848 "-" "baselinker"
51.77.52.107 - - [30/May/2025:09:34:33 +0200] "GET /Jurek/eurofirany/images/466889/0.jpg HTTP/2.0" 200 80848 "-" "baselinker"
51.77.52.107 - - [30/May/2025:09:35:01 +0200] "GET /Jurek/eurofirany/images/466889/0.jpg HTTP/2.0" 200 80848 "-" "baselinker"
51.77.52.107 - - [30/May/2025:09:35:09 +0200] "GET /Jurek/eurofirany/images/466891/0.jpg HTTP/2.0" 200 80715 "-" "baselinker"
46.101.116.244 - - [30/May/2025:09:35:16 +0200] "GET /Jurek/topeshop/feeds/topeshop_emagsm.xml HTTP/1.0" 200 3024833 "-" "-"
51.77.52.107 - - [30/May/2025:09:35:17 +0200] "GET /Jurek/eurofirany/images/466891/0.jpg HTTP/2.0" 200 80715 "-" "baselinker"
51.77.52.107 - - [30/May/2025:09:35:22 +0200] "GET /Jurek/eurofirany/images/466891/0.jpg HTTP/2.0" 200 80715 "-" "baselinker"
51.77.52.107 - - [30/May/2025:09:35:29 +0200] "GET /Jurek/eurofirany/images/378344/0.jpg HTTP/2.0" 200 131731 "-" "baselinker"
52.209.168.113 - - [30/May/2025:09:35:30 +0200] "GET /marketplaces/worten2/results/worten.csv HTTP/1.1" 200 147217 "-" "Mirakl HttpClient"
51.77.52.107 - - [30/May/2025:09:35:48 +0200] "GET /Jurek/eurofirany/images/378344/0.jpg HTTP/2.0" 200 131731 "-" "baselinker"
