77.79.248.229 - - [30/May/2025:11:27:41 +0200] "GET /Jurek/kobi/feeds/kobi_piguFI.xml HTTP/1.1" 200 1992429 "-" "Python-urllib/3.11"
77.79.248.229 - - [30/May/2025:11:27:41 +0200] "GET /Jurek/evil/feeds/evil_pigu.xml HTTP/1.1" 200 306390 "-" "Python-urllib/3.11"
77.79.248.229 - - [30/May/2025:11:27:41 +0200] "GET /Jurek/evil/feeds/evil_piguFI.xml HTTP/1.1" 200 306387 "-" "Python-urllib/3.11"
77.79.248.229 - - [30/May/2025:11:27:42 +0200] "GET /Jurek/erohurtownia/feeds/erohurtownia_pigu.xml HTTP/1.1" 200 22846494 "-" "Python-urllib/3.11"
77.79.248.229 - - [30/May/2025:11:27:42 +0200] "GET /Jurek/erohurtownia/feeds/erohurtownia_piguFI.xml HTTP/1.1" 200 22846461 "-" "Python-urllib/3.11"
77.79.248.229 - - [30/May/2025:11:27:42 +0200] "GET /Jurek/wenom/feeds/wenom_pigu.xml HTTP/1.1" 200 583077 "-" "Python-urllib/3.11"
77.79.248.229 - - [30/May/2025:11:27:42 +0200] "GET /Jurek/wenom/feeds/wenom_piguFI.xml HTTP/1.1" 200 583018 "-" "Python-urllib/3.11"
77.79.248.229 - - [30/May/2025:11:27:42 +0200] "GET /Jurek/elecomp/feeds/elecomp_pigu.xml HTTP/1.1" 200 2867705 "-" "Python-urllib/3.11"
77.79.248.229 - - [30/May/2025:11:27:43 +0200] "GET /Jurek/elecomp/feeds/elecomp_piguFI.xml HTTP/1.1" 200 2867717 "-" "Python-urllib/3.11"
77.79.248.229 - - [30/May/2025:11:27:43 +0200] "GET /Jurek/qbox/feeds/qbox_pigu.xml HTTP/1.1" 200 398692 "-" "Python-urllib/3.11"
77.79.248.229 - - [30/May/2025:11:27:43 +0200] "GET /Jurek/qbox/feeds/qbox_piguFI.xml HTTP/1.1" 200 398712 "-" "Python-urllib/3.11"
77.79.248.229 - - [30/May/2025:11:27:43 +0200] "GET /Jurek/antiodor/feeds/antiodor_pigu.xml HTTP/1.1" 200 137842 "-" "Python-urllib/3.11"
77.79.248.229 - - [30/May/2025:11:27:43 +0200] "GET /Jurek/antiodor/feeds/antiodor_piguFI.xml HTTP/1.1" 200 137840 "-" "Python-urllib/3.11"
77.79.248.229 - - [30/May/2025:11:27:43 +0200] "GET /Jurek/motofan/feeds/motofan_pigu.xml HTTP/1.1" 200 2392147 "-" "Python-urllib/3.11"
77.79.248.229 - - [30/May/2025:11:27:43 +0200] "GET /Jurek/motofan/feeds/motofan_piguFI.xml HTTP/1.1" 200 2391945 "-" "Python-urllib/3.11"
77.79.248.229 - - [30/May/2025:11:27:43 +0200] "GET /Jurek/aiofactory/feeds/aiofactory_pigu.xml HTTP/1.1" 200 2123724 "-" "Python-urllib/3.11"
77.79.248.229 - - [30/May/2025:11:27:44 +0200] "GET /Jurek/aiofactory/feeds/aiofactory_piguFI.xml HTTP/1.1" 200 2123736 "-" "Python-urllib/3.11"
77.79.248.229 - - [30/May/2025:11:27:44 +0200] "GET /Jurek/ekotex/feeds/ekotex_pigu.xml HTTP/1.1" 200 197845 "-" "Python-urllib/3.11"
77.79.248.229 - - [30/May/2025:11:27:44 +0200] "GET /Jurek/ekotex/feeds/ekotex_piguFI.xml HTTP/1.1" 200 197845 "-" "Python-urllib/3.11"
77.79.248.229 - - [30/May/2025:11:27:44 +0200] "GET /Jurek/sartrix/feeds/sartrix_pigu.xml HTTP/1.1" 200 649184 "-" "Python-urllib/3.11"
77.79.248.229 - - [30/May/2025:11:27:44 +0200] "GET /Jurek/sartrix/feeds/sartrix_piguFI.xml HTTP/1.1" 200 649188 "-" "Python-urllib/3.11"
77.79.248.229 - - [30/May/2025:11:27:44 +0200] "GET /Jurek/twojsklep/feeds/twojsklep_pigu.xml HTTP/1.1" 200 126804 "-" "Python-urllib/3.11"
77.79.248.229 - - [30/May/2025:11:27:44 +0200] "GET /Jurek/twojsklep/feeds/twojsklep_piguFI.xml HTTP/1.1" 200 126797 "-" "Python-urllib/3.11"
77.79.248.229 - - [30/May/2025:11:27:44 +0200] "GET /Jurek/madrex/feeds/madrex_pigu.xml HTTP/1.1" 200 466713 "-" "Python-urllib/3.11"
77.79.248.229 - - [30/May/2025:11:27:44 +0200] "GET /Jurek/madrex/feeds/madrex_piguFI.xml HTTP/1.1" 200 466711 "-" "Python-urllib/3.11"
77.79.248.229 - - [30/May/2025:11:27:44 +0200] "GET /Jurek/domzapachy/feeds/domzapachy_pigu.xml HTTP/1.1" 200 179761 "-" "Python-urllib/3.11"
77.79.248.229 - - [30/May/2025:11:27:44 +0200] "GET /Jurek/domzapachy/feeds/domzapachy_piguFI.xml HTTP/1.1" 200 179761 "-" "Python-urllib/3.11"
77.79.248.229 - - [30/May/2025:11:27:45 +0200] "GET /Jurek/luxma/feeds/luxma_pigu.xml HTTP/1.1" 200 8058579 "-" "Python-urllib/3.11"
77.79.248.229 - - [30/May/2025:11:27:45 +0200] "GET /Jurek/luxma/feeds/luxma_piguFI.xml HTTP/1.1" 200 8058613 "-" "Python-urllib/3.11"
77.79.248.229 - - [30/May/2025:11:27:45 +0200] "GET /Jurek/drewdon/feeds/drewdon_pigu.xml HTTP/1.1" 200 504448 "-" "Python-urllib/3.11"
77.79.248.229 - - [30/May/2025:11:27:45 +0200] "GET /Jurek/drewdon/feeds/drewdon_piguFI.xml HTTP/1.1" 200 504446 "-" "Python-urllib/3.11"
77.79.248.229 - - [30/May/2025:11:27:45 +0200] "GET /Jurek/primohurt/feeds/primohurt_pigu.xml HTTP/1.1" 200 17186923 "-" "Python-urllib/3.11"
77.79.248.229 - - [30/May/2025:11:27:45 +0200] "GET /Jurek/primohurt/feeds/primohurt_piguFI.xml HTTP/1.1" 200 17187052 "-" "Python-urllib/3.11"
77.79.248.229 - - [30/May/2025:11:27:45 +0200] "GET /Jurek/dekoele/feeds/dekoele_pigu.xml HTTP/1.1" 200 733943 "-" "Python-urllib/3.11"
77.79.248.229 - - [30/May/2025:11:27:46 +0200] "GET /Jurek/dekoele/feeds/dekoele_piguFI.xml HTTP/1.1" 200 733936 "-" "Python-urllib/3.11"
77.79.248.229 - - [30/May/2025:11:27:46 +0200] "GET /Jurek/rider/feeds/rider_pigu.xml HTTP/1.1" 200 8165173 "-" "Python-urllib/3.11"
77.79.248.229 - - [30/May/2025:11:27:46 +0200] "GET /Jurek/rider/feeds/rider_piguFI.xml HTTP/1.1" 200 8165147 "-" "Python-urllib/3.11"
77.79.248.229 - - [30/May/2025:11:27:46 +0200] "GET /Jurek/expertauto/feeds/expertauto_pigu.xml HTTP/1.1" 200 1158927 "-" "Python-urllib/3.11"
77.79.248.229 - - [30/May/2025:11:27:46 +0200] "GET /Jurek/expertauto/feeds/expertauto_piguFI.xml HTTP/1.1" 200 1158925 "-" "Python-urllib/3.11"
77.79.248.229 - - [30/May/2025:11:27:47 +0200] "GET /Jurek/awparts/feeds/awparts_pigu.xml HTTP/1.1" 200 142241194 "-" "Python-urllib/3.11"
77.79.248.229 - - [30/May/2025:11:27:49 +0200] "GET /Jurek/awparts/feeds/awparts_piguFI.xml HTTP/1.1" 200 142243948 "-" "Python-urllib/3.11"
77.79.248.229 - - [30/May/2025:11:27:49 +0200] "GET /Jurek/pupus/feeds/pupus_pigu.xml HTTP/1.1" 200 6154407 "-" "Python-urllib/3.11"
77.79.248.229 - - [30/May/2025:11:27:49 +0200] "GET /Jurek/pupus/feeds/pupus_piguFI.xml HTTP/1.1" 200 6154497 "-" "Python-urllib/3.11"
77.79.248.229 - - [30/May/2025:11:27:49 +0200] "GET /Jurek/muminky/feeds/muminky_pigu.xml HTTP/1.1" 200 2677708 "-" "Python-urllib/3.11"
77.79.248.229 - - [30/May/2025:11:27:49 +0200] "GET /Jurek/muminky/feeds/muminky_piguFI.xml HTTP/1.1" 200 2677689 "-" "Python-urllib/3.11"
77.79.248.229 - - [30/May/2025:11:27:49 +0200] "GET /Jurek/lendo/feeds/lendo_pigu.xml HTTP/1.1" 200 330385 "-" "Python-urllib/3.11"
77.79.248.229 - - [30/May/2025:11:27:49 +0200] "GET /Jurek/lendo/feeds/lendo_piguFI.xml HTTP/1.1" 200 330389 "-" "Python-urllib/3.11"
77.79.248.229 - - [30/May/2025:11:27:49 +0200] "GET /Jurek/dekornatort/feeds/dekornatort_pigu.xml HTTP/1.1" 200 225732 "-" "Python-urllib/3.11"
77.79.248.229 - - [30/May/2025:11:27:50 +0200] "GET /Jurek/dekornatort/feeds/dekornatort_piguFI.xml HTTP/1.1" 200 225730 "-" "Python-urllib/3.11"
77.79.248.229 - - [30/May/2025:11:27:50 +0200] "GET /Jurek/eurofryz/feeds/eurofryz_pigu.xml HTTP/1.1" 200 1381558 "-" "Python-urllib/3.11"
77.79.248.229 - - [30/May/2025:11:27:50 +0200] "GET /Jurek/eurofryz/feeds/eurofryz_piguFI.xml HTTP/1.1" 200 1381573 "-" "Python-urllib/3.11"
77.79.248.229 - - [30/May/2025:11:27:50 +0200] "GET /Jurek/eurofryz2/feeds/eurofryz2_pigu.xml HTTP/1.1" 200 1376766 "-" "Python-urllib/3.11"
77.79.248.229 - - [30/May/2025:11:27:50 +0200] "GET /Jurek/eurofryz2/feeds/eurofryz2_piguFI.xml HTTP/1.1" 200 1376800 "-" "Python-urllib/3.11"
77.79.248.229 - - [30/May/2025:11:27:50 +0200] "GET /Jurek/eurofryz3/feeds/eurofryz3_pigu.xml HTTP/1.1" 200 172217 "-" "Python-urllib/3.11"
77.79.248.229 - - [30/May/2025:11:27:50 +0200] "GET /Jurek/eurofryz3/feeds/eurofryz3_piguFI.xml HTTP/1.1" 200 172224 "-" "Python-urllib/3.11"
77.79.248.229 - - [30/May/2025:11:27:50 +0200] "GET /Jurek/alucon/feeds/alucon_pigu.xml HTTP/1.1" 200 553571 "-" "Python-urllib/3.11"
77.79.248.229 - - [30/May/2025:11:27:50 +0200] "GET /Jurek/alucon/feeds/alucon_piguFI.xml HTTP/1.1" 200 553574 "-" "Python-urllib/3.11"
77.79.248.229 - - [30/May/2025:11:27:50 +0200] "GET /Jurek/nexus/feeds/edruk_pigu.xml HTTP/1.1" 404 3551 "-" "Python-urllib/3.11"
77.79.248.229 - - [30/May/2025:11:27:50 +0200] "GET /Jurek/nexus/feeds/edruk_piguFI.xml HTTP/1.1" 404 3551 "-" "Python-urllib/3.11"
77.79.248.229 - - [30/May/2025:11:27:50 +0200] "GET /Jurek/hlo/feeds/hlo_pigu.xml HTTP/1.1" 200 4838661 "-" "Python-urllib/3.11"
77.79.248.229 - - [30/May/2025:11:27:51 +0200] "GET /Jurek/hlo/feeds/hlo_piguFI.xml HTTP/1.1" 200 4838660 "-" "Python-urllib/3.11"
77.79.248.229 - - [30/May/2025:11:27:51 +0200] "GET /Jurek/playcob/feeds/playcob_pigu.xml HTTP/1.1" 200 6980169 "-" "Python-urllib/3.11"
77.79.248.229 - - [30/May/2025:11:27:51 +0200] "GET /Jurek/playcob/feeds/playcob_piguFI.xml HTTP/1.1" 200 6980181 "-" "Python-urllib/3.11"
77.79.248.229 - - [30/May/2025:11:27:51 +0200] "GET /Jurek/eoptimo/feeds/eoptimo_pigu.xml HTTP/1.1" 200 2094380 "-" "Python-urllib/3.11"
77.79.248.229 - - [30/May/2025:11:27:51 +0200] "GET /Jurek/eoptimo/feeds/eoptimo_pigufi.xml HTTP/1.1" 200 2094351 "-" "Python-urllib/3.11"
77.79.248.229 - - [30/May/2025:11:27:51 +0200] "GET /Jurek/galopi/feeds/galopi_pigu.xml HTTP/1.1" 200 2111021 "-" "Python-urllib/3.11"
77.79.248.229 - - [30/May/2025:11:27:51 +0200] "GET /Jurek/galopi/feeds/galopi_piguFI.xml HTTP/1.1" 200 2111107 "-" "Python-urllib/3.11"
77.79.248.229 - - [30/May/2025:11:27:51 +0200] "GET /Jurek/galopibhp/feeds/galopibhp_pigu.xml HTTP/1.1" 200 1972908 "-" "Python-urllib/3.11"
77.79.248.229 - - [30/May/2025:11:27:52 +0200] "GET /Jurek/galopibhp/feeds/galopibhp_pigufi.xml HTTP/1.1" 200 1972961 "-" "Python-urllib/3.11"
77.79.248.229 - - [30/May/2025:11:27:52 +0200] "GET /Jurek/najtanszysport/feeds/najtanszysport_pigu.xml HTTP/1.1" 200 3982783 "-" "Python-urllib/3.11"
77.79.248.229 - - [30/May/2025:11:27:52 +0200] "GET /Jurek/najtanszysport/feeds/najtanszysport_piguFI.xml HTTP/1.1" 200 3982837 "-" "Python-urllib/3.11"
77.79.248.229 - - [30/May/2025:11:27:52 +0200] "GET /Jurek/globaldeli/feeds/globaldeli_pigu.xml HTTP/1.1" 200 2590908 "-" "Python-urllib/3.11"
77.79.248.229 - - [30/May/2025:11:27:52 +0200] "GET /Jurek/globaldeli/feeds/globaldeli_piguFI.xml HTTP/1.1" 200 2590903 "-" "Python-urllib/3.11"
77.79.248.229 - - [30/May/2025:11:27:52 +0200] "GET /Jurek/andex/feeds/andex_pigu.xml HTTP/1.1" 200 1953430 "-" "Python-urllib/3.11"
77.79.248.229 - - [30/May/2025:11:27:52 +0200] "GET /Jurek/andex/feeds/andex_piguFI.xml HTTP/1.1" 200 1953463 "-" "Python-urllib/3.11"
77.79.248.229 - - [30/May/2025:11:27:52 +0200] "GET /Jurek/maksik/feeds/maksik_pigu.xml HTTP/1.1" 200 4084796 "-" "Python-urllib/3.11"
77.79.248.229 - - [30/May/2025:11:27:53 +0200] "GET /Jurek/maksik/feeds/maksik_piguFI.xml HTTP/1.1" 200 4084791 "-" "Python-urllib/3.11"
77.79.248.229 - - [30/May/2025:11:27:53 +0200] "GET /Jurek/german/feeds/german_pigu.xml HTTP/1.1" 200 2853550 "-" "Python-urllib/3.11"
77.79.248.229 - - [30/May/2025:11:27:53 +0200] "GET /Jurek/german/feeds/german_piguFI.xml HTTP/1.1" 200 2853537 "-" "Python-urllib/3.11"
77.79.248.229 - - [30/May/2025:11:27:53 +0200] "GET /Jurek/smxdesign/feeds/smxdesign_pigu.xml HTTP/1.1" 200 1829028 "-" "Python-urllib/3.11"
77.79.248.229 - - [30/May/2025:11:27:53 +0200] "GET /Jurek/smxdesign/feeds/smxdesign_piguFI.xml HTTP/1.1" 200 1829022 "-" "Python-urllib/3.11"
77.79.248.229 - - [30/May/2025:11:27:53 +0200] "GET /Jurek/hanex/feeds/hanex_pigu.xml HTTP/1.1" 200 13931452 "-" "Python-urllib/3.11"
77.79.248.229 - - [30/May/2025:11:27:54 +0200] "GET /Jurek/hanex/feeds/hanex_piguFI.xml HTTP/1.1" 200 13931487 "-" "Python-urllib/3.11"
77.79.248.229 - - [30/May/2025:11:27:54 +0200] "GET /Jurek/roger/feeds/roger_pigu.xml HTTP/1.1" 200 1396597 "-" "Python-urllib/3.11"
77.79.248.229 - - [30/May/2025:11:27:54 +0200] "GET /Jurek/roger/feeds/roger_piguFI.xml HTTP/1.1" 200 1396622 "-" "Python-urllib/3.11"
77.79.248.229 - - [30/May/2025:11:27:54 +0200] "GET /Jurek/snibbs/feeds/snibbs_pigu.xml HTTP/1.1" 200 74398 "-" "Python-urllib/3.11"
77.79.248.229 - - [30/May/2025:11:27:54 +0200] "GET /Jurek/snibbs/feeds/snibbs_piguFI.xml HTTP/1.1" 200 74398 "-" "Python-urllib/3.11"
77.79.248.229 - - [30/May/2025:11:27:54 +0200] "GET /Jurek/matkam/feeds/matkam_pigu.xml HTTP/1.1" 200 5000266 "-" "Python-urllib/3.11"
77.79.248.229 - - [30/May/2025:11:27:54 +0200] "GET /Jurek/matkam/feeds/matkam_piguFI.xml HTTP/1.1" 200 5000369 "-" "Python-urllib/3.11"
77.79.248.229 - - [30/May/2025:11:27:54 +0200] "GET /Jurek/photho/feeds/photho_pigu.xml HTTP/1.1" 200 1050937 "-" "Python-urllib/3.11"
77.79.248.229 - - [30/May/2025:11:27:54 +0200] "GET /Jurek/photho/feeds/photho_piguFI.xml HTTP/1.1" 200 1050890 "-" "Python-urllib/3.11"
77.79.248.229 - - [30/May/2025:11:27:54 +0200] "GET /Jurek/proparts/feeds/proparts_pigu.xml HTTP/1.1" 200 707495 "-" "Python-urllib/3.11"
77.79.248.229 - - [30/May/2025:11:27:55 +0200] "GET /Jurek/proparts/feeds/proparts_piguFI.xml HTTP/1.1" 200 707508 "-" "Python-urllib/3.11"
77.79.248.229 - - [30/May/2025:11:27:55 +0200] "GET /Jurek/elavia/feeds/elavia_pigu.xml HTTP/1.1" 200 2497285 "-" "Python-urllib/3.11"
77.79.248.229 - - [30/May/2025:11:27:55 +0200] "GET /Jurek/elavia/feeds/elavia_piguFI.xml HTTP/1.1" 200 2497284 "-" "Python-urllib/3.11"
77.79.248.229 - - [30/May/2025:11:27:55 +0200] "GET /Jurek/techrebal/feeds/techrebal_pigu.xml HTTP/1.1" 200 1989734 "-" "Python-urllib/3.11"
77.79.248.229 - - [30/May/2025:11:27:55 +0200] "GET /Jurek/techrebal/feeds/techrebal_piguFI.xml HTTP/1.1" 200 1989730 "-" "Python-urllib/3.11"
77.79.248.229 - - [30/May/2025:11:27:55 +0200] "GET /Jurek/kristronik/feeds/kristronik_pigu.xml HTTP/1.1" 200 691981 "-" "Python-urllib/3.11"
77.79.248.229 - - [30/May/2025:11:27:55 +0200] "GET /Jurek/kristronik/feeds/kristronik_piguFI.xml HTTP/1.1" 200 691991 "-" "Python-urllib/3.11"
77.79.248.229 - - [30/May/2025:11:27:55 +0200] "GET /Jurek/sportprise/feeds/sportprise_pigu.xml HTTP/1.1" 200 12725421 "-" "Python-urllib/3.11"
77.79.248.229 - - [30/May/2025:11:27:56 +0200] "GET /Jurek/sportprise/feeds/sportprise_piguFI.xml HTTP/1.1" 200 12725434 "-" "Python-urllib/3.11"
77.79.248.229 - - [30/May/2025:11:27:56 +0200] "GET /Jurek/techrebalina/feeds/techrebalina_pigu.xml HTTP/1.1" 200 2011209 "-" "Python-urllib/3.11"
77.79.248.229 - - [30/May/2025:11:27:56 +0200] "GET /Jurek/techrebalina/feeds/techrebalina_piguFI.xml HTTP/1.1" 200 2011198 "-" "Python-urllib/3.11"
77.79.248.229 - - [30/May/2025:11:27:56 +0200] "GET /Jurek/oknobest/feeds/oknobest_pigu.xml HTTP/1.1" 200 2708312 "-" "Python-urllib/3.11"
77.79.248.229 - - [30/May/2025:11:27:56 +0200] "GET /Jurek/oknobest/feeds/oknobest_piguFI.xml HTTP/1.1" 200 2708320 "-" "Python-urllib/3.11"
77.79.248.229 - - [30/May/2025:11:27:56 +0200] "GET /Jurek/princelh/feeds/princelh_pigu.xml HTTP/1.1" 200 133440 "-" "Python-urllib/3.11"
77.79.248.229 - - [30/May/2025:11:27:56 +0200] "GET /Jurek/princelh/feeds/princelh_piguFI.xml HTTP/1.1" 200 133439 "-" "Python-urllib/3.11"
77.79.248.229 - - [30/May/2025:11:27:56 +0200] "GET /Jurek/rosfix/feeds/rosfix_pigu.xml HTTP/1.1" 200 34055873 "-" "Python-urllib/3.11"
77.79.248.229 - - [30/May/2025:11:27:57 +0200] "GET /Jurek/rosfix/feeds/rosfix_piguFI.xml HTTP/1.1" 200 34055894 "-" "Python-urllib/3.11"
77.79.248.229 - - [30/May/2025:11:27:57 +0200] "GET /Jurek/beltimore/feeds/beltimore_pigu.xml HTTP/1.1" 200 18652292 "-" "Python-urllib/3.11"
77.79.248.229 - - [30/May/2025:11:27:57 +0200] "GET /Jurek/beltimore/feeds/beltimore_piguFI.xml HTTP/1.1" 200 18652313 "-" "Python-urllib/3.11"
77.79.248.229 - - [30/May/2025:11:27:57 +0200] "GET /Jurek/omi/feeds/omi_pigu.xml HTTP/1.1" 200 8100721 "-" "Python-urllib/3.11"
77.79.248.229 - - [30/May/2025:11:27:58 +0200] "GET /Jurek/omi/feeds/omi_piguFI.xml HTTP/1.1" 200 8100691 "-" "Python-urllib/3.11"
77.79.248.229 - - [30/May/2025:11:27:58 +0200] "GET /Jurek/cdata/feeds/cdata_pigu.xml HTTP/1.1" 200 1445158 "-" "Python-urllib/3.11"
77.79.248.229 - - [30/May/2025:11:27:58 +0200] "GET /Jurek/cdata/feeds/cdata_piguFI.xml HTTP/1.1" 200 1445172 "-" "Python-urllib/3.11"
77.79.248.229 - - [30/May/2025:11:27:58 +0200] "GET /Jurek/zbimatyja/feeds/zbimatyja_pigu.xml HTTP/1.1" 200 11670123 "-" "Python-urllib/3.11"
77.79.248.229 - - [30/May/2025:11:27:58 +0200] "GET /Jurek/zbimatyja/feeds/zbimatyja_piguFI.xml HTTP/1.1" 200 11670118 "-" "Python-urllib/3.11"
77.79.248.229 - - [30/May/2025:11:27:58 +0200] "GET /Jurek/broers/feeds/broers_pigu.xml HTTP/1.1" 200 1982502 "-" "Python-urllib/3.11"
77.79.248.229 - - [30/May/2025:11:27:58 +0200] "GET /Jurek/broers/feeds/broers_piguFI.xml HTTP/1.1" 200 1982498 "-" "Python-urllib/3.11"
77.79.248.229 - - [30/May/2025:11:27:58 +0200] "GET /Jurek/nonabox/feeds/nonabox_pigu.xml HTTP/1.1" 200 33866 "-" "Python-urllib/3.11"
77.79.248.229 - - [30/May/2025:11:27:58 +0200] "GET /Jurek/nonabox/feeds/nonabox_piguFI.xml HTTP/1.1" 200 33866 "-" "Python-urllib/3.11"
77.79.248.229 - - [30/May/2025:11:27:59 +0200] "GET /Jurek/regis/feeds/regis_pigu.xml HTTP/1.1" 200 228472 "-" "Python-urllib/3.11"
77.79.248.229 - - [30/May/2025:11:27:59 +0200] "GET /Jurek/regis/feeds/regis_piguFI.xml HTTP/1.1" 200 228471 "-" "Python-urllib/3.11"
77.79.248.229 - - [30/May/2025:11:27:59 +0200] "GET /Jurek/em3/feeds/em3_pigu.xml HTTP/1.1" 200 258913 "-" "Python-urllib/3.11"
77.79.248.229 - - [30/May/2025:11:27:59 +0200] "GET /Jurek/em3/feeds/em3_piguFI.xml HTTP/1.1" 200 258919 "-" "Python-urllib/3.11"
77.79.248.229 - - [30/May/2025:11:27:59 +0200] "GET /Jurek/equalo/feeds/equalo_pigu.xml HTTP/1.1" 200 98007 "-" "Python-urllib/3.11"
77.79.248.229 - - [30/May/2025:11:27:59 +0200] "GET /Jurek/equalo/feeds/equalo_piguFI.xml HTTP/1.1" 200 98007 "-" "Python-urllib/3.11"
77.79.248.229 - - [30/May/2025:11:27:59 +0200] "GET /Jurek/takapara/feeds/takapara_pigu.xml HTTP/1.1" 200 1341923 "-" "Python-urllib/3.11"
77.79.248.229 - - [30/May/2025:11:28:00 +0200] "GET /Jurek/takapara/feeds/takapara_piguFI.xml HTTP/1.1" 200 1342602 "-" "Python-urllib/3.11"
77.79.248.229 - - [30/May/2025:11:28:00 +0200] "GET /Jurek/purewear/feeds/purewear_pigu.xml HTTP/1.1" 200 13350975 "-" "Python-urllib/3.11"
77.79.248.229 - - [30/May/2025:11:28:01 +0200] "GET /Jurek/purewear/feeds/purewear_piguFI.xml HTTP/1.1" 200 13351811 "-" "Python-urllib/3.11"
77.79.248.229 - - [30/May/2025:11:28:01 +0200] "GET /Jurek/newtechele/feeds/newtechele_pigu.xml HTTP/1.1" 200 2438471 "-" "Python-urllib/3.11"
77.79.248.229 - - [30/May/2025:11:28:01 +0200] "GET /Jurek/newtechele/feeds/newtechele_piguFI.xml HTTP/1.1" 200 2438469 "-" "Python-urllib/3.11"
77.79.248.229 - - [30/May/2025:11:28:01 +0200] "GET /Jurek/lampart/feeds/lampart_pigu.xml HTTP/1.1" 200 936047 "-" "Python-urllib/3.11"
77.79.248.229 - - [30/May/2025:11:28:01 +0200] "GET /Jurek/lampart/feeds/lampart_piguFI.xml HTTP/1.1" 200 936034 "-" "Python-urllib/3.11"
77.79.248.229 - - [30/May/2025:11:28:01 +0200] "GET /Jurek/sebmart/feeds/sebmart_pigu.xml HTTP/1.1" 200 1598698 "-" "Python-urllib/3.11"
77.79.248.229 - - [30/May/2025:11:28:01 +0200] "GET /Jurek/sebmart/feeds/sebmart_piguFI.xml HTTP/1.1" 200 1598731 "-" "Python-urllib/3.11"
77.79.248.229 - - [30/May/2025:11:28:02 +0200] "GET /Jurek/tsjerzy/feeds/tsjerzy_pigu.xml HTTP/1.1" 200 3897749 "-" "Python-urllib/3.11"
77.79.248.229 - - [30/May/2025:11:28:02 +0200] "GET /Jurek/tsjerzy/feeds/tsjerzy_piguFI.xml HTTP/1.1" 200 3897718 "-" "Python-urllib/3.11"
77.79.248.229 - - [30/May/2025:11:28:02 +0200] "GET /Jurek/carbonyway/feeds/carbonyway_pigu.xml HTTP/1.1" 200 3075918 "-" "Python-urllib/3.11"
77.79.248.229 - - [30/May/2025:11:28:02 +0200] "GET /Jurek/carbonyway/feeds/carbonyway_piguFI.xml HTTP/1.1" 200 3075998 "-" "Python-urllib/3.11"
77.79.248.229 - - [30/May/2025:11:28:02 +0200] "GET /Jurek/kamar/feeds/kamar_pigu.xml HTTP/1.1" 200 25550163 "-" "Python-urllib/3.11"
77.79.248.229 - - [30/May/2025:11:28:03 +0200] "GET /Jurek/kamar/feeds/kamar_piguFI.xml HTTP/1.1" 200 25550052 "-" "Python-urllib/3.11"
77.79.248.229 - - [30/May/2025:11:28:03 +0200] "GET /Jurek/avenido/feeds/avenido_pigu.xml HTTP/1.1" 200 720115 "-" "Python-urllib/3.11"
77.79.248.229 - - [30/May/2025:11:28:03 +0200] "GET /Jurek/avenido/feeds/avenido_piguFI.xml HTTP/1.1" 200 720111 "-" "Python-urllib/3.11"
77.79.248.229 - - [30/May/2025:11:28:03 +0200] "GET /Jurek/zenex/feeds/zenex_pigu.xml HTTP/1.1" 200 540642 "-" "Python-urllib/3.11"
77.79.248.229 - - [30/May/2025:11:28:03 +0200] "GET /Jurek/zenex/feeds/zenex_piguFI.xml HTTP/1.1" 200 541212 "-" "Python-urllib/3.11"
77.79.248.229 - - [30/May/2025:11:28:03 +0200] "GET /Jurek/filmal/feeds/filmal_pigu.xml HTTP/1.1" 200 139278 "-" "Python-urllib/3.11"
77.79.248.229 - - [30/May/2025:11:28:03 +0200] "GET /Jurek/filmal/feeds/filmal_piguFI.xml HTTP/1.1" 200 139280 "-" "Python-urllib/3.11"
77.79.248.229 - - [30/May/2025:11:28:03 +0200] "GET /Jurek/fertes/feeds/fertes_pigu.xml HTTP/1.1" 200 2361831 "-" "Python-urllib/3.11"
77.79.248.229 - - [30/May/2025:11:28:03 +0200] "GET /Jurek/fertes/feeds/fertes_piguFI.xml HTTP/1.1" 200 2361860 "-" "Python-urllib/3.11"
77.79.248.229 - - [30/May/2025:11:28:03 +0200] "GET /Jurek/jakdroz/feeds/jakdroz_pigu.xml HTTP/1.1" 200 4090020 "-" "Python-urllib/3.11"
77.79.248.229 - - [30/May/2025:11:28:04 +0200] "GET /Jurek/jakdroz/feeds/jakdroz_piguFI.xml HTTP/1.1" 200 4089976 "-" "Python-urllib/3.11"
77.79.248.229 - - [30/May/2025:11:28:05 +0200] "GET /Jurek/piotrmiedz/feeds/piotrmiedz_pigu.xml HTTP/1.1" 200 91049194 "-" "Python-urllib/3.11"
77.79.248.229 - - [30/May/2025:11:28:05 +0200] "GET /Jurek/piotrmiedz/feeds/piotrmiedz_piguEX.xml HTTP/1.1" 200 91045290 "-" "Python-urllib/3.11"
77.79.248.229 - - [30/May/2025:11:28:06 +0200] "GET /Jurek/riko/feeds/riko_pigu.xml HTTP/1.1" 200 3784961 "-" "Python-urllib/3.11"
77.79.248.229 - - [30/May/2025:11:28:06 +0200] "GET /Jurek/riko/feeds/riko_piguFI.xml HTTP/1.1" 200 3785151 "-" "Python-urllib/3.11"
77.79.248.229 - - [30/May/2025:11:28:06 +0200] "GET /Jurek/gandalf/feeds/gandalf_pigu.xml HTTP/1.1" 200 1082510 "-" "Python-urllib/3.11"
77.79.248.229 - - [30/May/2025:11:28:06 +0200] "GET /Jurek/gandalf/feeds/gandalf_piguFI.xml HTTP/1.1" 200 1082540 "-" "Python-urllib/3.11"
77.79.248.229 - - [30/May/2025:11:28:06 +0200] "GET /Jurek/kalama/feeds/kalama_pigu.xml HTTP/1.1" 200 2661742 "-" "Python-urllib/3.11"
77.79.248.229 - - [30/May/2025:11:28:06 +0200] "GET /Jurek/kalama/feeds/kalama_piguFI.xml HTTP/1.1" 200 2661769 "-" "Python-urllib/3.11"
77.79.248.229 - - [30/May/2025:11:28:06 +0200] "GET /Jurek/bemipol/feeds/bemipol_pigu.xml HTTP/1.1" 200 423627 "-" "Python-urllib/3.11"
77.79.248.229 - - [30/May/2025:11:28:06 +0200] "GET /Jurek/bemipol/feeds/bemipol_piguFI.xml HTTP/1.1" 200 423632 "-" "Python-urllib/3.11"
77.79.248.229 - - [30/May/2025:11:28:06 +0200] "GET /Jurek/missionair/feeds/missionair_pigu.xml HTTP/1.1" 200 3154878 "-" "Python-urllib/3.11"
77.79.248.229 - - [30/May/2025:11:28:06 +0200] "GET /Jurek/missionair/feeds/missionair_piguFI.xml HTTP/1.1" 200 3154898 "-" "Python-urllib/3.11"
77.79.248.229 - - [30/May/2025:11:28:07 +0200] "GET /Jurek/sovapl/feeds/sovapl_pigu.xml HTTP/1.1" 200 8999815 "-" "Python-urllib/3.11"
77.79.248.229 - - [30/May/2025:11:28:07 +0200] "GET /Jurek/sovapl/feeds/sovapl_piguFI.xml HTTP/1.1" 200 8999684 "-" "Python-urllib/3.11"
77.79.248.229 - - [30/May/2025:11:28:07 +0200] "GET /Jurek/apresto/feeds/apresto_pigu.xml HTTP/1.1" 200 1327631 "-" "Python-urllib/3.11"
77.79.248.229 - - [30/May/2025:11:28:07 +0200] "GET /Jurek/apresto/feeds/apresto_piguFI.xml HTTP/1.1" 200 1327652 "-" "Python-urllib/3.11"
77.79.248.229 - - [30/May/2025:11:28:07 +0200] "GET /Jurek/mechdecor/feeds/mechdecor_pigu.xml HTTP/1.1" 200 596185 "-" "Python-urllib/3.11"
77.79.248.229 - - [30/May/2025:11:28:07 +0200] "GET /Jurek/mechdecor/feeds/mechdecor_piguFI.xml HTTP/1.1" 200 596192 "-" "Python-urllib/3.11"
77.79.248.229 - - [30/May/2025:11:28:07 +0200] "GET /Jurek/mojeledy/feeds/mojeledy_pigu.xml HTTP/1.1" 200 1018449 "-" "Python-urllib/3.11"
77.79.248.229 - - [30/May/2025:11:28:07 +0200] "GET /Jurek/mojeledy/feeds/mojeledy_piguFI.xml HTTP/1.1" 200 1018444 "-" "Python-urllib/3.11"
77.79.248.229 - - [30/May/2025:11:28:07 +0200] "GET /Jurek/zami/feeds/zami_pigu.xml HTTP/1.1" 200 4472619 "-" "Python-urllib/3.11"
77.79.248.229 - - [30/May/2025:11:28:08 +0200] "GET /Jurek/zami/feeds/zami_piguFI.xml HTTP/1.1" 200 4472680 "-" "Python-urllib/3.11"
77.79.248.229 - - [30/May/2025:11:28:10 +0200] "GET /Jurek/proadventure/feeds/proadventure_pigu.xml HTTP/1.1" 200 10763373 "-" "Python-urllib/3.11"
77.79.248.229 - - [30/May/2025:11:28:10 +0200] "GET /Jurek/proadventure/feeds/proadventure_piguFI.xml HTTP/1.1" 200 10763520 "-" "Python-urllib/3.11"
77.79.248.229 - - [30/May/2025:11:28:13 +0200] "GET /Jurek/rems/feeds/rems_pigu.xml HTTP/1.1" 200 8706178 "-" "Python-urllib/3.11"
77.79.248.229 - - [30/May/2025:11:28:13 +0200] "GET /Jurek/rems/feeds/rems_piguFI.xml HTTP/1.1" 200 8706249 "-" "Python-urllib/3.11"
77.79.248.229 - - [30/May/2025:11:28:23 +0200] "GET /Jurek/lerutrade/feeds/lerutrade_pigu.xml HTTP/1.1" 200 82821 "-" "Python-urllib/3.11"
77.79.248.229 - - [30/May/2025:11:28:23 +0200] "GET /Jurek/lerutrade/feeds/lerutrade_piguFI.xml HTTP/1.1" 200 82819 "-" "Python-urllib/3.11"
193.33.8.61 - - [30/May/2025:11:28:25 +0200] "GET /Jurek/hlo/feeds/hlo_bol.xml HTTP/1.1" 200 4838667 "-" "python-requests/2.32.3"
193.33.8.61 - - [30/May/2025:11:28:27 +0200] "GET /Jurek/erohurtownia/feeds/erohurtownia_bol.xml HTTP/1.1" 200 22846398 "-" "python-requests/2.32.3"
193.33.8.61 - - [30/May/2025:11:28:29 +0200] "GET /Jurek/hdwr/feeds/hdwr_BOL.xml HTTP/1.1" 200 789423 "-" "python-requests/2.32.3"
193.33.8.61 - - [30/May/2025:11:28:33 +0200] "GET /Jurek/eroplace/feeds/eroplace_bol.xml HTTP/1.1" 200 52134609 "-" "python-requests/2.32.3"
77.79.248.229 - - [30/May/2025:11:28:33 +0200] "GET /Jurek/eurofirany/feeds/eurofirany_manomanode.xml HTTP/1.1" 200 18718617 "-" "Python-urllib/3.11"
77.79.248.229 - - [30/May/2025:11:28:35 +0200] "GET /Jurek/hurtownia_przemyslowa/feeds/hp_manomanode.xml HTTP/1.1" 200 49361663 "-" "Python-urllib/3.11"
77.79.248.229 - - [30/May/2025:11:28:36 +0200] "GET /Jurek/topeshop/feeds/topeshop_manoDE.xml HTTP/1.1" 200 3024411 "-" "Python-urllib/3.11"
77.79.248.229 - - [30/May/2025:11:28:37 +0200] "GET /Jurek/aw/feeds/awnarzedzia_manomanoDE.xml HTTP/1.1" 200 91225800 "-" "Python-urllib/3.11"
77.79.248.229 - - [30/May/2025:11:28:38 +0200] "GET /Jurek/action/feeds/action_manomano_DE.xml HTTP/1.1" 200 59469998 "-" "Python-urllib/3.11"
77.79.248.229 - - [30/May/2025:11:28:38 +0200] "GET /Jurek/drewdon/feeds/drewdon_manomanoDE.xml HTTP/1.1" 200 504438 "-" "Python-urllib/3.11"
77.79.248.229 - - [30/May/2025:11:28:39 +0200] "GET /Jurek/pupus/feeds/pupus_manomanoDE.xml HTTP/1.1" 200 6154530 "-" "Python-urllib/3.11"
77.79.248.229 - - [30/May/2025:11:28:39 +0200] "GET /Jurek/reman/feeds/reman_manoamnoDE.xml HTTP/1.1" 200 1394817 "-" "Python-urllib/3.11"
77.79.248.229 - - [30/May/2025:11:28:39 +0200] "GET /Jurek/artdog/feeds/artdog_manomanoDE.xml HTTP/1.1" 200 17158853 "-" "Python-urllib/3.11"
77.79.248.229 - - [30/May/2025:11:28:39 +0200] "GET /Jurek/sartrix/feeds/sartrix_manomanoDE.xml HTTP/1.1" 200 649171 "-" "Python-urllib/3.11"
77.79.248.229 - - [30/May/2025:11:28:39 +0200] "GET /Jurek/hlo/feeds/hlo_manomanoDE.xml HTTP/1.1" 200 4838600 "-" "Python-urllib/3.11"
77.79.248.229 - - [30/May/2025:11:28:40 +0200] "GET /Jurek/hurtmeblowy/feeds/hurtmeblowy_ManoDE.xml HTTP/1.1" 200 7739636 "-" "Python-urllib/3.11"
77.79.248.229 - - [30/May/2025:11:28:40 +0200] "GET /Jurek/drops/feeds/dropsofficecolection_manoDE.xml HTTP/1.1" 200 790828 "-" "Python-urllib/3.11"
77.79.248.229 - - [30/May/2025:11:28:40 +0200] "GET /Jurek/szpaklampy/feeds/szpaklampy_manoDE.xml HTTP/1.1" 200 388206 "-" "Python-urllib/3.11"
193.33.8.61 - - [30/May/2025:11:28:40 +0200] "GET /Jurek/muminky/feeds/muminky_bol.xml HTTP/1.1" 200 2677707 "-" "python-requests/2.32.3"
77.79.248.229 - - [30/May/2025:11:28:41 +0200] "GET /Jurek/kristronik/feeds/kristronik_manoDE.xml HTTP/1.1" 200 691985 "-" "Python-urllib/3.11"
77.79.248.229 - - [30/May/2025:11:28:41 +0200] "GET /Jurek/techrebal/feeds/techrebal_manoDE.xml HTTP/1.1" 200 1989734 "-" "Python-urllib/3.11"
193.33.8.61 - - [30/May/2025:11:28:41 +0200] "GET /Jurek/techrebal/feeds/techrebal_bol.xml HTTP/1.1" 200 1989712 "-" "python-requests/2.32.3"
77.79.248.229 - - [30/May/2025:11:28:41 +0200] "GET /Jurek/proparts/feeds/proparts_manoDE.xml HTTP/1.1" 200 707483 "-" "Python-urllib/3.11"
193.33.8.61 - - [30/May/2025:11:28:41 +0200] "GET /Jurek/nonabox/feeds/nonabox_bol.xml HTTP/1.1" 200 33866 "-" "python-requests/2.32.3"
193.33.8.61 - - [30/May/2025:11:28:42 +0200] "GET /Jurek/mosti/feeds/mosti_bol.xml HTTP/1.1" 200 4628137 "-" "python-requests/2.32.3"
77.79.248.229 - - [30/May/2025:11:28:42 +0200] "GET /Jurek/topeshop/feeds/topeshop_piguEX.xml HTTP/1.1" 200 3024615 "-" "Python-urllib/3.11"
77.79.248.229 - - [30/May/2025:11:28:42 +0200] "GET /Jurek/topeshop/feeds/topeshop_piguFIEX.xml HTTP/1.1" 200 3024681 "-" "Python-urllib/3.11"
77.79.248.229 - - [30/May/2025:11:28:43 +0200] "GET /Jurek/topeshop/feeds/topeshop_piguEX.xml HTTP/1.1" 200 3024615 "-" "Python-urllib/3.11"
77.79.248.229 - - [30/May/2025:11:28:43 +0200] "GET /Jurek/topeshop/feeds/topeshop_piguEX.xml HTTP/1.1" 200 3024615 "-" "Python-urllib/3.11"
77.79.248.229 - - [30/May/2025:11:28:43 +0200] "GET /Jurek/broers/feeds/broers_manoDE.xml HTTP/1.1" 200 1982405 "-" "Python-urllib/3.11"
77.79.248.229 - - [30/May/2025:11:28:43 +0200] "GET /Jurek/em3/feeds/em3_manoDE.xml HTTP/1.1" 200 258918 "-" "Python-urllib/3.11"
193.33.8.61 - - [30/May/2025:11:28:43 +0200] "GET /Jurek/benetech/feeds/benetech_bol.xml HTTP/1.1" 200 4165385 "-" "python-requests/2.32.3"
77.79.248.229 - - [30/May/2025:11:28:43 +0200] "GET /Jurek/evil/feeds/evil_manoDE.xml HTTP/1.1" 200 306380 "-" "Python-urllib/3.11"
77.79.248.229 - - [30/May/2025:11:28:43 +0200] "GET /Jurek/hdwr/feeds/hdwr_manoDE.xml HTTP/1.1" 200 789418 "-" "Python-urllib/3.11"
77.79.248.229 - - [30/May/2025:11:28:43 +0200] "GET /Jurek/lampart/feeds/lampart_manoDE.xml HTTP/1.1" 200 936032 "-" "Python-urllib/3.11"
193.33.8.61 - - [30/May/2025:11:28:43 +0200] "GET /Jurek/oromed/feeds/oromed_BOL.xml HTTP/1.1" 200 1290081 "-" "python-requests/2.32.3"
77.79.248.229 - - [30/May/2025:11:28:43 +0200] "GET /Jurek/nonabox/feeds/nonabox_manoDE.xml HTTP/1.1" 200 33866 "-" "Python-urllib/3.11"
77.79.248.229 - - [30/May/2025:11:28:43 +0200] "GET /Jurek/smxdesign/feeds/smxdesign_manoDE.xml HTTP/1.1" 200 1828986 "-" "Python-urllib/3.11"
77.79.248.229 - - [30/May/2025:11:28:44 +0200] "GET /Jurek/techrebalina/feeds/techrebalina_manoDE.xml HTTP/1.1" 200 2011210 "-" "Python-urllib/3.11"
77.79.248.229 - - [30/May/2025:11:28:44 +0200] "GET /Jurek/cdata/feeds/cdata_manoDE.xml HTTP/1.1" 200 1445167 "-" "Python-urllib/3.11"
77.79.248.229 - - [30/May/2025:11:28:44 +0200] "GET /Jurek/omi/feeds/omi_manoDE.xml HTTP/1.1" 200 8100705 "-" "Python-urllib/3.11"
77.79.248.229 - - [30/May/2025:11:28:44 +0200] "GET /Jurek/tsjerzy/feeds/tsjerzy_manoDE.xml HTTP/1.1" 200 3897634 "-" "Python-urllib/3.11"
77.79.248.229 - - [30/May/2025:11:28:44 +0200] "GET /Jurek/narzbud/feeds/narzbud_manoDE.xml HTTP/1.1" 200 1901203 "-" "Python-urllib/3.11"
77.79.248.229 - - [30/May/2025:11:28:45 +0200] "GET /Jurek/makow/feeds/makow_manoDE.xml HTTP/1.1" 200 21203303 "-" "Python-urllib/3.11"
77.79.248.229 - - [30/May/2025:11:28:45 +0200] "GET /Jurek/jankeski/feeds/jankeski_manoDE.xml HTTP/1.1" 200 6571152 "-" "Python-urllib/3.11"
77.79.248.229 - - [30/May/2025:11:28:45 +0200] "GET /Jurek/gandalf/feeds/gandalf_manoDE.xml HTTP/1.1" 200 1082540 "-" "Python-urllib/3.11"
193.33.8.61 - - [30/May/2025:11:28:45 +0200] "GET /Jurek/narzbud/feeds/narzbud_bol.xml HTTP/1.1" 200 1901226 "-" "python-requests/2.32.3"
193.33.8.61 - - [30/May/2025:11:28:46 +0200] "GET /Jurek/cdata/feeds/cdata_bol.xml HTTP/1.1" 200 1445153 "-" "python-requests/2.32.3"
77.79.248.229 - - [30/May/2025:11:28:46 +0200] "GET /Jurek/awparts/feeds/awparts_piguEX.xml HTTP/1.1" 200 142241722 "-" "Python-urllib/3.11"
77.79.248.229 - - [30/May/2025:11:28:46 +0200] "GET /Jurek/zenex/feeds/zenex_manoDE.xml HTTP/1.1" 200 541212 "-" "Python-urllib/3.11"
77.79.248.229 - - [30/May/2025:11:28:46 +0200] "GET /Jurek/andex/feeds/andex_manoDE.xml HTTP/1.1" 200 1953349 "-" "Python-urllib/3.11"
193.33.8.61 - - [30/May/2025:11:28:46 +0200] "GET /Jurek/topeshop/feeds/topeshop_bol.xml HTTP/1.1" 200 3024482 "-" "python-requests/2.32.3"
77.79.248.229 - - [30/May/2025:11:28:46 +0200] "GET /Jurek/sebmart/feeds/sebmart_manoDE.xml HTTP/1.1" 200 1598723 "-" "Python-urllib/3.11"
77.79.248.229 - - [30/May/2025:11:28:46 +0200] "GET /Jurek/benetech/feeds/benetech_manode.xml HTTP/1.1" 200 4165381 "-" "Python-urllib/3.11"
77.79.248.229 - - [30/May/2025:11:28:46 +0200] "GET /Jurek/dekoele/feeds/dekoele_manomanoDE.xml HTTP/1.1" 200 733933 "-" "Python-urllib/3.11"
193.33.8.61 - - [30/May/2025:11:28:46 +0200] "GET /Jurek/eldar/feeds/eldar_bol.xml HTTP/1.1" 200 7329285 "-" "python-requests/2.32.3"
77.79.248.229 - - [30/May/2025:11:28:46 +0200] "GET /Jurek/mojeledy/feeds/mojeledy_manoDE.xml HTTP/1.1" 200 1018442 "-" "Python-urllib/3.11"
77.79.248.229 - - [30/May/2025:11:28:47 +0200] "GET /Jurek/rovato/feeds/rovato_manoDE.xml HTTP/1.1" 200 180835 "-" "Python-urllib/3.11"
193.33.8.61 - - [30/May/2025:11:28:48 +0200] "GET /Jurek/sportprise/feeds/sportprise_bol.xml HTTP/1.1" 200 12725361 "-" "python-requests/2.32.3"
77.79.248.229 - - [30/May/2025:11:28:48 +0200] "GET /Jurek/awparts/feeds/awparts_pigufiEX.xml HTTP/1.1" 200 142246497 "-" "Python-urllib/3.11"
193.33.8.61 - - [30/May/2025:11:28:48 +0200] "GET /Jurek/maksik/feeds/maksik_bol.xml HTTP/1.1" 200 4084772 "-" "python-requests/2.32.3"
77.79.248.229 - - [30/May/2025:11:28:49 +0200] "GET /Jurek/piotrmiedz/feeds/piotrmiedz_manoDE.xml HTTP/1.1" 200 91040671 "-" "Python-urllib/3.11"
77.79.248.229 - - [30/May/2025:11:28:49 +0200] "GET /Jurek/pawonik/feeds/pawonik_manoDE.xml HTTP/1.1" 200 2138420 "-" "Python-urllib/3.11"
77.79.248.229 - - [30/May/2025:11:28:49 +0200] "GET /Jurek/alucon/feeds/alucon_manoDE.xml HTTP/1.1" 200 553565 "-" "Python-urllib/3.11"
193.33.8.61 - - [30/May/2025:11:28:49 +0200] "GET /Jurek/playcob/feeds/playcob_bol.xml HTTP/1.1" 200 6980096 "-" "python-requests/2.32.3"
77.79.248.229 - - [30/May/2025:11:28:49 +0200] "GET /Jurek/sovapl/feeds/sovapl_manoDE.xml HTTP/1.1" 200 8999915 "-" "Python-urllib/3.11"
77.79.248.229 - - [30/May/2025:11:28:49 +0200] "GET /Jurek/missionair/feeds/missionair_manoDE.xml HTTP/1.1" 200 3154848 "-" "Python-urllib/3.11"
77.79.248.229 - - [30/May/2025:11:28:50 +0200] "GET /Jurek/awparts/feeds/awparts_piguEX.xml HTTP/1.1" 200 142241722 "-" "Python-urllib/3.11"
193.33.8.61 - - [30/May/2025:11:28:51 +0200] "GET /Jurek/roger/feeds/roger_bol.xml HTTP/1.1" 200 1147451 "-" "python-requests/2.32.3"
193.33.8.61 - - [30/May/2025:11:28:51 +0200] "GET /Jurek/pawonik/feeds/pawonik_bol.xml HTTP/1.1" 200 2138419 "-" "python-requests/2.32.3"
77.79.248.229 - - [30/May/2025:11:28:51 +0200] "GET /Jurek/awparts/feeds/awparts_piguEX.xml HTTP/1.1" 200 142241722 "-" "Python-urllib/3.11"
77.79.248.229 - - [30/May/2025:11:28:51 +0200] "GET /Jurek/expertauto/feeds/expertauto_piguEX.xml HTTP/1.1" 200 1158934 "-" "Python-urllib/3.11"
77.79.248.229 - - [30/May/2025:11:28:51 +0200] "GET /Jurek/expertauto/feeds/expertauto_pigufiEX.xml HTTP/1.1" 200 1158937 "-" "Python-urllib/3.11"
77.79.248.229 - - [30/May/2025:11:28:52 +0200] "GET /Jurek/expertauto/feeds/expertauto_piguEX.xml HTTP/1.1" 200 1158934 "-" "Python-urllib/3.11"
77.79.248.229 - - [30/May/2025:11:28:52 +0200] "GET /Jurek/expertauto/feeds/expertauto_piguEX.xml HTTP/1.1" 200 1158934 "-" "Python-urllib/3.11"
77.79.248.229 - - [30/May/2025:11:28:52 +0200] "GET /Jurek/rider/feeds/rider_piguEX.xml HTTP/1.1" 200 8165178 "-" "Python-urllib/3.11"
77.79.248.229 - - [30/May/2025:11:28:53 +0200] "GET /Jurek/rider/feeds/rider_pigufiEX.xml HTTP/1.1" 200 8165201 "-" "Python-urllib/3.11"
77.79.248.229 - - [30/May/2025:11:28:53 +0200] "GET /Jurek/apresto/feeds/apresto_manoDE.xml HTTP/1.1" 200 1327605 "-" "Python-urllib/3.11"
77.79.248.229 - - [30/May/2025:11:28:53 +0200] "GET /Jurek/rider/feeds/rider_piguEX.xml HTTP/1.1" 200 8165178 "-" "Python-urllib/3.11"
77.79.248.229 - - [30/May/2025:11:28:53 +0200] "GET /Jurek/fernity/feeds/fernity_manomano.xml HTTP/1.1" 200 4718033 "-" "Python-urllib/3.11"
77.79.248.229 - - [30/May/2025:11:28:53 +0200] "GET /Jurek/rider/feeds/rider_piguEX.xml HTTP/1.1" 200 8165178 "-" "Python-urllib/3.11"
77.79.248.229 - - [30/May/2025:11:28:53 +0200] "GET /Jurek/dekoele/feeds/dekoele_piguEX.xml HTTP/1.1" 200 733943 "-" "Python-urllib/3.11"
77.79.248.229 - - [30/May/2025:11:28:53 +0200] "GET /Jurek/dekoele/feeds/dekoele_pigufiEX.xml HTTP/1.1" 200 733937 "-" "Python-urllib/3.11"
77.79.248.229 - - [30/May/2025:11:28:53 +0200] "GET /Jurek/dekoele/feeds/dekoele_piguEX.xml HTTP/1.1" 200 733943 "-" "Python-urllib/3.11"
77.79.248.229 - - [30/May/2025:11:28:53 +0200] "GET /Jurek/eurofirany/feeds/eurofirany_manomanofr.xml HTTP/1.1" 200 18718518 "-" "Python-urllib/3.11"
77.79.248.229 - - [30/May/2025:11:28:53 +0200] "GET /Jurek/dekoele/feeds/dekoele_piguEX.xml HTTP/1.1" 200 733943 "-" "Python-urllib/3.11"
77.79.248.229 - - [30/May/2025:11:28:54 +0200] "GET /Jurek/zepnij/feeds/zepnij_piguEX.xml HTTP/1.1" 200 19522799 "-" "Python-urllib/3.11"
77.79.248.229 - - [30/May/2025:11:28:54 +0200] "GET /Jurek/zepnij/feeds/zepnij_piguFIEX.xml HTTP/1.1" 200 19522481 "-" "Python-urllib/3.11"
77.79.248.229 - - [30/May/2025:11:28:54 +0200] "GET /Jurek/hurtownia_przemyslowa/feeds/hp_manomanofr.xml HTTP/1.1" 200 49361767 "-" "Python-urllib/3.11"
77.79.248.229 - - [30/May/2025:11:28:54 +0200] "GET /Jurek/zepnij/feeds/zepnij_piguEX.xml HTTP/1.1" 200 19522799 "-" "Python-urllib/3.11"
77.79.248.229 - - [30/May/2025:11:28:55 +0200] "GET /Jurek/zepnij/feeds/zepnij_piguEX.xml HTTP/1.1" 200 19522799 "-" "Python-urllib/3.11"
193.33.8.61 - - [30/May/2025:11:28:55 +0200] "GET /Jurek/kristronik/feeds/kristronik_bol.xml HTTP/1.1" 200 691987 "-" "python-requests/2.32.3"
77.79.248.229 - - [30/May/2025:11:28:55 +0200] "GET /Jurek/drewdon/feeds/drewdon_piguEX.xml HTTP/1.1" 200 504443 "-" "Python-urllib/3.11"
77.79.248.229 - - [30/May/2025:11:28:55 +0200] "GET /Jurek/drewdon/feeds/drewdon_pigufiEX.xml HTTP/1.1" 200 504450 "-" "Python-urllib/3.11"
77.79.248.229 - - [30/May/2025:11:28:55 +0200] "GET /Jurek/drewdon/feeds/drewdon_piguEX.xml HTTP/1.1" 200 504443 "-" "Python-urllib/3.11"
77.79.248.229 - - [30/May/2025:11:28:55 +0200] "GET /Jurek/drewdon/feeds/drewdon_piguEX.xml HTTP/1.1" 200 504443 "-" "Python-urllib/3.11"
193.33.8.61 - - [30/May/2025:11:28:55 +0200] "GET /Jurek/hurtmeblowy/feeds/hurtmeblowy_bol.xml HTTP/1.1" 200 8542996 "-" "python-requests/2.32.3"
77.79.248.229 - - [30/May/2025:11:28:55 +0200] "GET /Jurek/luxma/feeds/luxma_piguEX.xml HTTP/1.1" 200 8058627 "-" "Python-urllib/3.11"
77.79.248.229 - - [30/May/2025:11:28:55 +0200] "GET /Jurek/luxma/feeds/luxma_pigufiEX.xml HTTP/1.1" 200 8058663 "-" "Python-urllib/3.11"
77.79.248.229 - - [30/May/2025:11:28:56 +0200] "GET /Jurek/luxma/feeds/luxma_piguEX.xml HTTP/1.1" 200 8058627 "-" "Python-urllib/3.11"
77.79.248.229 - - [30/May/2025:11:28:56 +0200] "GET /Jurek/kinghome/feeds/kinghome_manomanofr.xml HTTP/1.1" 200 6485889 "-" "Python-urllib/3.11"
77.79.248.229 - - [30/May/2025:11:28:56 +0200] "GET /Jurek/luxma/feeds/luxma_piguEX.xml HTTP/1.1" 200 8058627 "-" "Python-urllib/3.11"
77.79.248.229 - - [30/May/2025:11:28:56 +0200] "GET /Jurek/topeshop/feeds/topeshop_manoFR.xml HTTP/1.1" 200 3024462 "-" "Python-urllib/3.11"
77.79.248.229 - - [30/May/2025:11:28:56 +0200] "GET /Jurek/domzapachy/feeds/domzapachy_piguEX.xml HTTP/1.1" 200 179761 "-" "Python-urllib/3.11"
77.79.248.229 - - [30/May/2025:11:28:56 +0200] "GET /Jurek/domzapachy/feeds/domzapachy_pigufiEX.xml HTTP/1.1" 200 179761 "-" "Python-urllib/3.11"
77.79.248.229 - - [30/May/2025:11:28:56 +0200] "GET /Jurek/domzapachy/feeds/domzapachy_piguEX.xml HTTP/1.1" 200 179761 "-" "Python-urllib/3.11"
77.79.248.229 - - [30/May/2025:11:28:56 +0200] "GET /Jurek/domzapachy/feeds/domzapachy_piguEX.xml HTTP/1.1" 200 179761 "-" "Python-urllib/3.11"
77.79.248.229 - - [30/May/2025:11:28:56 +0200] "GET /Jurek/madrex/feeds/madrex_piguEX.xml HTTP/1.1" 200 466718 "-" "Python-urllib/3.11"
77.79.248.229 - - [30/May/2025:11:28:56 +0200] "GET /Jurek/madrex/feeds/madrex_pigufiEX.xml HTTP/1.1" 200 466728 "-" "Python-urllib/3.11"
77.79.248.229 - - [30/May/2025:11:28:56 +0200] "GET /Jurek/madrex/feeds/madrex_piguEX.xml HTTP/1.1" 200 466718 "-" "Python-urllib/3.11"
77.79.248.229 - - [30/May/2025:11:28:56 +0200] "GET /Jurek/activeshop/feeds/activeshop_manomanofr.xml HTTP/1.1" 200 10418456 "-" "Python-urllib/3.11"
77.79.248.229 - - [30/May/2025:11:28:56 +0200] "GET /Jurek/madrex/feeds/madrex_piguEX.xml HTTP/1.1" 200 466718 "-" "Python-urllib/3.11"
77.79.248.229 - - [30/May/2025:11:28:57 +0200] "GET /Jurek/twojsklep/feeds/twojsklep_piguEX.xml HTTP/1.1" 200 126792 "-" "Python-urllib/3.11"
77.79.248.229 - - [30/May/2025:11:28:57 +0200] "GET /Jurek/twojsklep/feeds/twojsklep_pigufiEX.xml HTTP/1.1" 200 126799 "-" "Python-urllib/3.11"
77.79.248.229 - - [30/May/2025:11:28:57 +0200] "GET /Jurek/twojsklep/feeds/twojsklep_piguEX.xml HTTP/1.1" 200 126792 "-" "Python-urllib/3.11"
77.79.248.229 - - [30/May/2025:11:28:57 +0200] "GET /Jurek/twojsklep/feeds/twojsklep_piguEX.xml HTTP/1.1" 200 126792 "-" "Python-urllib/3.11"
77.79.248.229 - - [30/May/2025:11:28:57 +0200] "GET /Jurek/motofan/feeds/motofan_piguEX.xml HTTP/1.1" 200 2392084 "-" "Python-urllib/3.11"
77.79.248.229 - - [30/May/2025:11:28:57 +0200] "GET /Jurek/motofan/feeds/motofan_pigufiEX.xml HTTP/1.1" 200 2392081 "-" "Python-urllib/3.11"
77.79.248.229 - - [30/May/2025:11:28:57 +0200] "GET /Jurek/motofan/feeds/motofan_piguEX.xml HTTP/1.1" 200 2392084 "-" "Python-urllib/3.11"
193.33.8.61 - - [30/May/2025:11:28:57 +0200] "GET /Jurek/artdog/feeds/artdog_bol.xml HTTP/1.1" 200 17158099 "-" "python-requests/2.32.3"
77.79.248.229 - - [30/May/2025:11:28:57 +0200] "GET /Jurek/motofan/feeds/motofan_piguEX.xml HTTP/1.1" 200 2392084 "-" "Python-urllib/3.11"
77.79.248.229 - - [30/May/2025:11:28:58 +0200] "GET /Jurek/aw/feeds/awnarzedzia_manomanofr.xml HTTP/1.1" 200 91227277 "-" "Python-urllib/3.11"
77.79.248.229 - - [30/May/2025:11:28:58 +0200] "GET /Jurek/antiodor/feeds/antiodor_piguEX.xml HTTP/1.1" 200 137788 "-" "Python-urllib/3.11"
77.79.248.229 - - [30/May/2025:11:28:58 +0200] "GET /Jurek/antiodor/feeds/antiodor_pigufiEX.xml HTTP/1.1" 200 137787 "-" "Python-urllib/3.11"
77.79.248.229 - - [30/May/2025:11:28:58 +0200] "GET /Jurek/antiodor/feeds/antiodor_piguEX.xml HTTP/1.1" 200 137788 "-" "Python-urllib/3.11"
77.79.248.229 - - [30/May/2025:11:28:58 +0200] "GET /Jurek/antiodor/feeds/antiodor_piguEX.xml HTTP/1.1" 200 137788 "-" "Python-urllib/3.11"
193.33.8.61 - - [30/May/2025:11:28:58 +0200] "GET /Jurek/broers/feeds/broers_bol.xml HTTP/1.1" 200 1982542 "-" "python-requests/2.32.3"
77.79.248.229 - - [30/May/2025:11:28:58 +0200] "GET /Jurek/qbox/feeds/qbox_piguEX.xml HTTP/1.1" 200 398488 "-" "Python-urllib/3.11"
77.79.248.229 - - [30/May/2025:11:28:58 +0200] "GET /Jurek/qbox/feeds/qbox_pigufiEX.xml HTTP/1.1" 200 398488 "-" "Python-urllib/3.11"
77.79.248.229 - - [30/May/2025:11:28:58 +0200] "GET /Jurek/qbox/feeds/qbox_piguEX.xml HTTP/1.1" 200 398488 "-" "Python-urllib/3.11"
193.33.8.61 - - [30/May/2025:11:28:58 +0200] "GET /Jurek/waks/feeds/waks_bol.xml HTTP/1.1" 200 1596552 "-" "python-requests/2.32.3"
77.79.248.229 - - [30/May/2025:11:28:58 +0200] "GET /Jurek/qbox/feeds/qbox_piguEX.xml HTTP/1.1" 200 398488 "-" "Python-urllib/3.11"
77.79.248.229 - - [30/May/2025:11:28:58 +0200] "GET /Jurek/wenom/feeds/wenom_piguEX.xml HTTP/1.1" 200 583077 "-" "Python-urllib/3.11"
77.79.248.229 - - [30/May/2025:11:28:58 +0200] "GET /Jurek/wenom/feeds/wenom_pigufiEX.xml HTTP/1.1" 200 583077 "-" "Python-urllib/3.11"
77.79.248.229 - - [30/May/2025:11:28:58 +0200] "GET /Jurek/wenom/feeds/wenom_piguEX.xml HTTP/1.1" 200 583077 "-" "Python-urllib/3.11"
77.79.248.229 - - [30/May/2025:11:28:59 +0200] "GET /Jurek/wenom/feeds/wenom_piguEX.xml HTTP/1.1" 200 583077 "-" "Python-urllib/3.11"
77.79.248.229 - - [30/May/2025:11:28:59 +0200] "GET /Jurek/evil/feeds/evil_piguEX.xml HTTP/1.1" 200 306386 "-" "Python-urllib/3.11"
77.79.248.229 - - [30/May/2025:11:28:59 +0200] "GET /Jurek/evil/feeds/evil_pigufiEX.xml HTTP/1.1" 200 306383 "-" "Python-urllib/3.11"
77.79.248.229 - - [30/May/2025:11:28:59 +0200] "GET /Jurek/evil/feeds/evil_piguEX.xml HTTP/1.1" 200 306386 "-" "Python-urllib/3.11"
77.79.248.229 - - [30/May/2025:11:28:59 +0200] "GET /Jurek/evil/feeds/evil_piguEX.xml HTTP/1.1" 200 306386 "-" "Python-urllib/3.11"
77.79.248.229 - - [30/May/2025:11:29:00 +0200] "GET /Jurek/stema/feeds/stema_manofr.xml HTTP/1.1" 200 893936 "-" "Python-urllib/3.11"
193.33.8.61 - - [30/May/2025:11:29:00 +0200] "GET /Jurek/omi/feeds/omi_bol.xml HTTP/1.1" 200 8100662 "-" "python-requests/2.32.3"
77.79.248.229 - - [30/May/2025:11:29:01 +0200] "GET /Jurek/najtanszysport/feeds/najtanszysport_piguEX.xml HTTP/1.1" 200 3982943 "-" "Python-urllib/3.11"
193.33.8.61 - - [30/May/2025:11:29:01 +0200] "GET /Jurek/ekuchcikowo/feeds/ekuchcikowo_bol.xml HTTP/1.1" 200 12470929 "-" "python-requests/2.32.3"
77.79.248.229 - - [30/May/2025:11:29:01 +0200] "GET /Jurek/najtanszysport/feeds/najtanszysport_pigufiEX.xml HTTP/1.1" 200 3983071 "-" "Python-urllib/3.11"
77.79.248.229 - - [30/May/2025:11:29:01 +0200] "GET /Jurek/hurtmeblowy/feeds/hurtmeblowy_ManoFR.xml HTTP/1.1" 200 7739754 "-" "Python-urllib/3.11"
77.79.248.229 - - [30/May/2025:11:29:01 +0200] "GET /Jurek/najtanszysport/feeds/najtanszysport_piguEX.xml HTTP/1.1" 200 3982943 "-" "Python-urllib/3.11"
77.79.248.229 - - [30/May/2025:11:29:01 +0200] "GET /Jurek/szpaklampy/feeds/szpaklampy_manoFR.xml HTTP/1.1" 200 388216 "-" "Python-urllib/3.11"
77.79.248.229 - - [30/May/2025:11:29:01 +0200] "GET /Jurek/najtanszysport/feeds/najtanszysport_piguEX.xml HTTP/1.1" 200 3982943 "-" "Python-urllib/3.11"
77.79.248.229 - - [30/May/2025:11:29:01 +0200] "GET /Jurek/drops/feeds/dropsofficecolection_manoFR.xml HTTP/1.1" 200 790774 "-" "Python-urllib/3.11"
77.79.248.229 - - [30/May/2025:11:29:01 +0200] "GET /Jurek/bisanti/feeds/bisanti_piguEX.xml HTTP/1.1" 200 1141596 "-" "Python-urllib/3.11"
77.79.248.229 - - [30/May/2025:11:29:01 +0200] "GET /Jurek/kristronik/feeds/kristronik_manoFR.xml HTTP/1.1" 200 691973 "-" "Python-urllib/3.11"
77.79.248.229 - - [30/May/2025:11:29:01 +0200] "GET /Jurek/bisanti/feeds/bisanti_pigufiEX.xml HTTP/1.1" 200 1141573 "-" "Python-urllib/3.11"
77.79.248.229 - - [30/May/2025:11:29:01 +0200] "GET /Jurek/techrebal/feeds/techrebal_manoFR.xml HTTP/1.1" 200 1989742 "-" "Python-urllib/3.11"
77.79.248.229 - - [30/May/2025:11:29:02 +0200] "GET /Jurek/bisanti/feeds/bisanti_piguEX.xml HTTP/1.1" 200 1141596 "-" "Python-urllib/3.11"
77.79.248.229 - - [30/May/2025:11:29:02 +0200] "GET /Jurek/proparts/feeds/proparts_manoFR.xml HTTP/1.1" 200 707499 "-" "Python-urllib/3.11"
193.33.8.61 - - [30/May/2025:11:29:02 +0200] "GET /Jurek/luxma/feeds/luxma_bol.xml HTTP/1.1" 200 8058601 "-" "python-requests/2.32.3"
77.79.248.229 - - [30/May/2025:11:29:02 +0200] "GET /Jurek/bisanti/feeds/bisanti_piguEX.xml HTTP/1.1" 200 1141596 "-" "Python-urllib/3.11"
77.79.248.229 - - [30/May/2025:11:29:02 +0200] "GET /Jurek/eoptimo/feeds/eoptimo_piguEX.xml HTTP/1.1" 200 2094368 "-" "Python-urllib/3.11"
77.79.248.229 - - [30/May/2025:11:29:02 +0200] "GET /Jurek/eoptimo/feeds/eoptimo_pigufiEX.xml HTTP/1.1" 200 2094304 "-" "Python-urllib/3.11"
77.79.248.229 - - [30/May/2025:11:29:02 +0200] "GET /Jurek/eoptimo/feeds/eoptimo_piguEX.xml HTTP/1.1" 200 2094368 "-" "Python-urllib/3.11"
77.79.248.229 - - [30/May/2025:11:29:02 +0200] "GET /Jurek/eoptimo/feeds/eoptimo_piguEX.xml HTTP/1.1" 200 2094368 "-" "Python-urllib/3.11"
193.33.8.61 - - [30/May/2025:11:29:02 +0200] "GET /Jurek/elavia/feeds/elavia_bol.xml HTTP/1.1" 200 2497278 "-" "python-requests/2.32.3"
193.33.8.61 - - [30/May/2025:11:29:03 +0200] "GET /Jurek/sempler/feeds/sempler_BOL.xml HTTP/1.1" 200 6787906 "-" "python-requests/2.32.3"
77.79.248.229 - - [30/May/2025:11:29:03 +0200] "GET /Jurek/broers/feeds/broers_manoFR.xml HTTP/1.1" 200 1982516 "-" "Python-urllib/3.11"
77.79.248.229 - - [30/May/2025:11:29:03 +0200] "GET /Jurek/elecomp/feeds/elecomp_piguEX.xml HTTP/1.1" 200 2867664 "-" "Python-urllib/3.11"
77.79.248.229 - - [30/May/2025:11:29:03 +0200] "GET /Jurek/em3/feeds/em3_manoFR.xml HTTP/1.1" 200 258922 "-" "Python-urllib/3.11"
77.79.248.229 - - [30/May/2025:11:29:03 +0200] "GET /Jurek/elecomp/feeds/elecomp_pigufiEX.xml HTTP/1.1" 200 2867728 "-" "Python-urllib/3.11"
193.33.8.61 - - [30/May/2025:11:29:03 +0200] "GET /Jurek/livinhill/feeds/livinhill_bol.xml HTTP/1.1" 200 1506247 "-" "python-requests/2.32.3"
77.79.248.229 - - [30/May/2025:11:29:04 +0200] "GET /Jurek/elecomp/feeds/elecomp_piguEX.xml HTTP/1.1" 200 2867664 "-" "Python-urllib/3.11"
193.33.8.61 - - [30/May/2025:11:29:04 +0200] "GET /Jurek/nexus/feeds/nexus_bol.xml HTTP/1.1" 200 226627 "-" "python-requests/2.32.3"
77.79.248.229 - - [30/May/2025:11:29:04 +0200] "GET /Jurek/elecomp/feeds/elecomp_piguEX.xml HTTP/1.1" 200 2867664 "-" "Python-urllib/3.11"
77.79.248.229 - - [30/May/2025:11:29:04 +0200] "GET /Jurek/evil/feeds/evil_manoFR.xml HTTP/1.1" 200 306382 "-" "Python-urllib/3.11"
193.33.8.61 - - [30/May/2025:11:29:04 +0200] "GET /Jurek/evil/feeds/evil_bol.xml HTTP/1.1" 200 306380 "-" "python-requests/2.32.3"
77.79.248.229 - - [30/May/2025:11:29:04 +0200] "GET /Jurek/hdwr/feeds/hdwr_manoFR.xml HTTP/1.1" 200 789427 "-" "Python-urllib/3.11"
77.79.248.229 - - [30/May/2025:11:29:04 +0200] "GET /Jurek/velinda/feeds/velinda_piguEX.xml HTTP/1.1" 200 4226895 "-" "Python-urllib/3.11"
77.79.248.229 - - [30/May/2025:11:29:04 +0200] "GET /Jurek/lampart/feeds/lampart_manoFR.xml HTTP/1.1" 200 936035 "-" "Python-urllib/3.11"
77.79.248.229 - - [30/May/2025:11:29:04 +0200] "GET /Jurek/velinda/feeds/velinda_pigufiEX.xml HTTP/1.1" 200 4227339 "-" "Python-urllib/3.11"
77.79.248.229 - - [30/May/2025:11:29:04 +0200] "GET /Jurek/nonabox/feeds/nonabox_manoFR.xml HTTP/1.1" 200 33866 "-" "Python-urllib/3.11"
