51.77.52.107 - - [28/May/2025:00:00:07 +0200] "GET /Jurek/eurofirany/images/355013/0.jpg HTTP/2.0" 200 74074 "-" "baselinker"
35.204.39.32 - - [28/May/2025:00:00:14 +0200] "GET /marketplaces/carrefour_fr/results/carrefour_fr.csv HTTP/1.1" 200 147219 "-" "Mirakl HttpClient"
51.77.52.107 - - [28/May/2025:00:00:26 +0200] "GET /Jurek/eurofirany/images/355013/0.jpg HTTP/2.0" 200 74074 "-" "baselinker"
52.18.22.0 - - [28/May/2025:00:00:37 +0200] "GET /marketplaces/ubaldi/results/ubaldi.csv HTTP/1.1" 200 3563416 "-" "Mirakl HttpClient"
51.77.52.107 - - [28/May/2025:00:00:41 +0200] "GET /Jurek/eurofirany/images/355016/0.jpg HTTP/2.0" 200 65596 "-" "baselinker"
89.161.206.59 - - [28/May/2025:00:00:54 +0200] "GET /Jurek/muminky/feeds/muminky_skroutz.xml HTTP/1.0" 200 2270340 "-" "-"
89.161.206.59 - - [28/May/2025:00:00:56 +0200] "GET /Jurek/pupus/feeds/pupus_skroutz.xml HTTP/1.0" 200 882657 "-" "-"
51.77.52.107 - - [28/May/2025:00:01:02 +0200] "GET /Jurek/eurofirany/images/355016/0.jpg HTTP/2.0" 200 65596 "-" "baselinker"
89.161.206.59 - - [28/May/2025:00:01:07 +0200] "GET /Jurek/slayo/feeds/slayo_skroutz.xml HTTP/1.0" 200 183610 "-" "-"
51.77.52.107 - - [28/May/2025:00:01:22 +0200] "GET /Jurek/eurofirany/images/355016/0.jpg HTTP/2.0" 200 65596 "-" "baselinker"
35.204.39.32 - - [28/May/2025:00:01:22 +0200] "GET /marketplaces/vente/results/vente_nl.csv HTTP/1.1" 200 2289700 "-" "Mirakl HttpClient"
35.204.39.32 - - [28/May/2025:00:01:23 +0200] "GET /marketplaces/vente/results/vente_fr.csv HTTP/1.1" 200 2562832 "-" "Mirakl HttpClient"
35.204.39.32 - - [28/May/2025:00:01:24 +0200] "GET /marketplaces/vente/results/vente_be.csv HTTP/1.1" 200 2289536 "-" "Mirakl HttpClient"
35.204.39.32 - - [28/May/2025:00:01:26 +0200] "GET /marketplaces/vente/results/vente_it.csv HTTP/1.1" 200 2322138 "-" "Mirakl HttpClient"
35.204.39.32 - - [28/May/2025:00:01:27 +0200] "GET /marketplaces/vente/results/vente_es.csv HTTP/1.1" 200 2289102 "-" "Mirakl HttpClient"
35.204.39.32 - - [28/May/2025:00:01:27 +0200] "GET /marketplaces/vente/results/vente_de.csv HTTP/1.1" 200 2288950 "-" "Mirakl HttpClient"
51.77.52.107 - - [28/May/2025:00:01:43 +0200] "GET /Jurek/eurofirany/images/355017/0.jpg HTTP/2.0" 200 68976 "-" "baselinker"
51.77.52.107 - - [28/May/2025:00:02:09 +0200] "GET /Jurek/eurofirany/images/355017/0.jpg HTTP/2.0" 200 68976 "-" "baselinker"
51.77.52.107 - - [28/May/2025:00:02:30 +0200] "GET /Jurek/eurofirany/images/355017/0.jpg HTTP/2.0" 200 68976 "-" "baselinker"
51.77.52.107 - - [28/May/2025:00:02:46 +0200] "GET /Jurek/eurofirany/images/355019/0.jpg HTTP/2.0" 200 68649 "-" "baselinker"
52.17.80.36 - - [28/May/2025:00:02:48 +0200] "GET /marketplaces/rue/results/rue.csv HTTP/1.1" 200 7584588 "-" "Mirakl HttpClient"
66.249.70.37 - - [28/May/2025:00:03:01 +0200] "GET /Jurek/eurofirany/images/398813/2.jpg HTTP/1.1" 200 45726 "-" "Googlebot-Image/1.0"
51.77.52.107 - - [28/May/2025:00:03:05 +0200] "GET /Jurek/eurofirany/images/355019/0.jpg HTTP/2.0" 200 68649 "-" "baselinker"
51.77.52.107 - - [28/May/2025:00:03:25 +0200] "GET /Jurek/eurofirany/images/355019/0.jpg HTTP/2.0" 200 68649 "-" "baselinker"
89.161.206.59 - - [28/May/2025:00:03:47 +0200] "GET /Jurek/b3/feeds/b3_ebayde.xml HTTP/1.0" 200 5887325 "-" "-"
51.77.52.107 - - [28/May/2025:00:03:56 +0200] "GET /Jurek/eurofirany/images/355021/0.jpg HTTP/2.0" 200 71214 "-" "baselinker"
52.209.168.113 - - [28/May/2025:00:03:57 +0200] "GET /marketplaces/carrefour/results/carrefour.csv HTTP/1.1" 200 147221 "-" "Mirakl HttpClient"
51.77.52.107 - - [28/May/2025:00:04:18 +0200] "GET /Jurek/eurofirany/images/355021/0.jpg HTTP/2.0" 200 71214 "-" "baselinker"
51.77.52.107 - - [28/May/2025:00:04:38 +0200] "GET /Jurek/eurofirany/images/355021/0.jpg HTTP/2.0" 200 71214 "-" "baselinker"
51.77.52.107 - - [28/May/2025:00:04:57 +0200] "GET /Jurek/eurofirany/images/355022/0.jpg HTTP/2.0" 200 67384 "-" "baselinker"
51.77.52.107 - - [28/May/2025:00:05:11 +0200] "GET /Jurek/eurofirany/images/355022/0.jpg HTTP/2.0" 200 67384 "-" "baselinker"
51.77.52.107 - - [28/May/2025:00:05:33 +0200] "GET /Jurek/eurofirany/images/355022/0.jpg HTTP/2.0" 200 67384 "-" "baselinker"
89.161.206.59 - - [28/May/2025:00:05:37 +0200] "GET /Jurek/snibbs/feeds/snibbs_skroutz.xml HTTP/1.0" 200 74398 "-" "-"
89.161.206.59 - - [28/May/2025:00:05:43 +0200] "GET /Jurek/globaldeli/feeds/globaldeli_skroutz.xml HTTP/1.0" 200 2590887 "-" "-"
51.77.52.107 - - [28/May/2025:00:05:49 +0200] "GET /Jurek/eurofirany/images/370888/0.jpg HTTP/2.0" 200 101967 "-" "baselinker"
51.77.52.107 - - [28/May/2025:00:06:07 +0200] "GET /Jurek/eurofirany/images/370888/0.jpg HTTP/2.0" 200 101967 "-" "baselinker"
51.77.52.107 - - [28/May/2025:00:06:29 +0200] "GET /Jurek/eurofirany/images/370888/0.jpg HTTP/2.0" 200 101967 "-" "baselinker"
51.77.52.107 - - [28/May/2025:00:06:45 +0200] "GET /Jurek/eurofirany/images/370890/0.jpg HTTP/2.0" 200 93924 "-" "baselinker"
51.77.52.107 - - [28/May/2025:00:07:06 +0200] "GET /Jurek/eurofirany/images/370890/0.jpg HTTP/2.0" 200 93924 "-" "baselinker"
51.77.52.107 - - [28/May/2025:00:07:24 +0200] "GET /Jurek/eurofirany/images/370890/0.jpg HTTP/2.0" 200 93924 "-" "baselinker"
89.161.206.59 - - [28/May/2025:00:07:27 +0200] "GET /Jurek/zami/feeds/zami_skr.xml HTTP/1.0" 200 4472610 "-" "-"
89.161.206.59 - - [28/May/2025:00:07:30 +0200] "GET /Jurek/proadventure/feeds/proadventure_skr.xml HTTP/1.0" 200 10762219 "-" "-"
89.161.206.59 - - [28/May/2025:00:07:30 +0200] "GET /Jurek/rems/feeds/rems_skr.xml HTTP/1.0" 200 8706248 "-" "-"
89.161.206.59 - - [28/May/2025:00:07:32 +0200] "GET /Jurek/bloomglow/feeds/bloomglow_skr.xml HTTP/1.0" 200 11671713 "-" "-"
51.77.52.107 - - [28/May/2025:00:07:42 +0200] "GET /Jurek/eurofirany/images/390151/0.jpg HTTP/2.0" 200 97719 "-" "baselinker"
51.77.52.107 - - [28/May/2025:00:08:04 +0200] "GET /Jurek/eurofirany/images/390151/0.jpg HTTP/2.0" 200 97719 "-" "baselinker"
51.77.52.107 - - [28/May/2025:00:08:18 +0200] "GET /Jurek/eurofirany/images/390151/0.jpg HTTP/2.0" 200 97719 "-" "baselinker"
66.249.70.38 - - [28/May/2025:00:08:18 +0200] "GET /Jurek/eurofirany/images/408356/10.jpg HTTP/1.1" 200 173656 "-" "Googlebot-Image/1.0"
51.77.52.107 - - [28/May/2025:00:08:40 +0200] "GET /Jurek/eurofirany/images/392270/0.jpg HTTP/2.0" 200 100448 "-" "baselinker"
51.77.52.107 - - [28/May/2025:00:08:56 +0200] "GET /Jurek/eurofirany/images/392270/0.jpg HTTP/2.0" 200 100448 "-" "baselinker"
51.77.52.107 - - [28/May/2025:00:09:10 +0200] "GET /Jurek/eurofirany/images/392270/0.jpg HTTP/2.0" 200 100448 "-" "baselinker"
51.77.52.107 - - [28/May/2025:00:09:26 +0200] "GET /Jurek/eurofirany/images/396291/0.jpg HTTP/2.0" 200 64088 "-" "baselinker"
51.77.52.107 - - [28/May/2025:00:09:45 +0200] "GET /Jurek/eurofirany/images/396291/0.jpg HTTP/2.0" 200 64088 "-" "baselinker"
51.77.52.107 - - [28/May/2025:00:10:00 +0200] "GET /Jurek/eurofirany/images/396291/0.jpg HTTP/2.0" 200 64088 "-" "baselinker"
51.77.52.107 - - [28/May/2025:00:10:16 +0200] "GET /Jurek/eurofirany/images/399433/0.jpg HTTP/2.0" 200 69106 "-" "baselinker"
51.77.52.107 - - [28/May/2025:00:10:31 +0200] "GET /Jurek/eurofirany/images/399433/0.jpg HTTP/2.0" 200 69106 "-" "baselinker"
51.77.52.107 - - [28/May/2025:00:10:48 +0200] "GET /Jurek/eurofirany/images/399433/0.jpg HTTP/2.0" 200 69106 "-" "baselinker"
51.77.52.107 - - [28/May/2025:00:10:51 +0200] "GET /Jurek/eurofirany/images/401055/0.jpg HTTP/2.0" 200 46605 "-" "baselinker"
51.77.52.107 - - [28/May/2025:00:11:12 +0200] "GET /Jurek/eurofirany/images/401055/0.jpg HTTP/2.0" 200 46605 "-" "baselinker"
51.77.52.107 - - [28/May/2025:00:11:32 +0200] "GET /Jurek/eurofirany/images/401055/0.jpg HTTP/2.0" 200 46605 "-" "baselinker"
51.77.52.107 - - [28/May/2025:00:11:55 +0200] "GET /Jurek/eurofirany/images/426304/0.jpg HTTP/2.0" 200 6625 "-" "baselinker"
51.77.52.107 - - [28/May/2025:00:11:56 +0200] "GET /Jurek/eurofirany/images/426304/0.jpg HTTP/2.0" 200 6625 "-" "baselinker"
51.77.52.107 - - [28/May/2025:00:11:57 +0200] "GET /Jurek/eurofirany/images/426304/0.jpg HTTP/2.0" 200 6625 "-" "baselinker"
51.77.52.107 - - [28/May/2025:00:11:58 +0200] "GET /Jurek/eurofirany/images/463728/0.jpg HTTP/2.0" 200 120648 "-" "baselinker"
51.77.52.107 - - [28/May/2025:00:12:17 +0200] "GET /Jurek/eurofirany/images/463728/0.jpg HTTP/2.0" 200 120648 "-" "baselinker"
51.77.52.107 - - [28/May/2025:00:12:36 +0200] "GET /Jurek/eurofirany/images/463728/0.jpg HTTP/2.0" 200 120648 "-" "baselinker"
51.77.52.107 - - [28/May/2025:00:12:56 +0200] "GET /Jurek/eurofirany/images/463729/0.jpg HTTP/2.0" 200 112085 "-" "baselinker"
46.101.116.244 - - [28/May/2025:00:13:01 +0200] "GET /Jurek/eurofirany/feeds/eurofirany_erli.xml HTTP/1.0" 200 18722425 "-" "-"
51.77.52.107 - - [28/May/2025:00:13:16 +0200] "GET /Jurek/eurofirany/images/463729/0.jpg HTTP/2.0" 200 112085 "-" "baselinker"
51.77.52.107 - - [28/May/2025:00:13:39 +0200] "GET /Jurek/eurofirany/images/463729/0.jpg HTTP/2.0" 200 112085 "-" "baselinker"
51.77.52.107 - - [28/May/2025:00:13:54 +0200] "GET /Jurek/eurofirany/images/315127/0.jpg HTTP/2.0" 200 90075 "-" "baselinker"
51.77.52.107 - - [28/May/2025:00:14:11 +0200] "GET /Jurek/eurofirany/images/315127/0.jpg HTTP/2.0" 200 90075 "-" "baselinker"
51.77.52.107 - - [28/May/2025:00:14:24 +0200] "GET /Jurek/eurofirany/images/315127/0.jpg HTTP/2.0" 200 90075 "-" "baselinker"
51.77.52.107 - - [28/May/2025:00:14:45 +0200] "GET /Jurek/eurofirany/images/315131/0.jpg HTTP/2.0" 200 89782 "-" "baselinker"
51.77.52.107 - - [28/May/2025:00:15:06 +0200] "GET /Jurek/eurofirany/images/315131/0.jpg HTTP/2.0" 200 89782 "-" "baselinker"
51.77.52.107 - - [28/May/2025:00:15:09 +0200] "GET /Jurek/eurofirany/images/315131/0.jpg HTTP/2.0" 200 89782 "-" "baselinker"
51.77.52.107 - - [28/May/2025:00:15:20 +0200] "GET /Jurek/eurofirany/images/350434/0.jpg HTTP/2.0" 200 60794 "-" "baselinker"
51.77.52.107 - - [28/May/2025:00:15:37 +0200] "GET /Jurek/eurofirany/images/350434/0.jpg HTTP/2.0" 200 60794 "-" "baselinker"
51.77.52.107 - - [28/May/2025:00:15:48 +0200] "GET /Jurek/eurofirany/images/350434/0.jpg HTTP/2.0" 200 60794 "-" "baselinker"
51.77.52.107 - - [28/May/2025:00:16:08 +0200] "GET /Jurek/eurofirany/images/350432/0.jpg HTTP/2.0" 200 62541 "-" "baselinker"
51.77.52.107 - - [28/May/2025:00:16:28 +0200] "GET /Jurek/eurofirany/images/350432/0.jpg HTTP/2.0" 200 62541 "-" "baselinker"
51.77.52.107 - - [28/May/2025:00:16:48 +0200] "GET /Jurek/eurofirany/images/350432/0.jpg HTTP/2.0" 200 62541 "-" "baselinker"
51.77.52.107 - - [28/May/2025:00:17:08 +0200] "GET /Jurek/eurofirany/images/350443/0.jpg HTTP/2.0" 200 61858 "-" "baselinker"
51.77.52.107 - - [28/May/2025:00:17:26 +0200] "GET /Jurek/eurofirany/images/350443/0.jpg HTTP/2.0" 200 61858 "-" "baselinker"
178.21.154.6 - - [28/May/2025:00:17:30 +0200] "GET /Jurek/eurofirany/images/373081/0.jpg HTTP/1.1" 200 165353 "-" "-"
178.21.154.6 - - [28/May/2025:00:17:30 +0200] "GET /Jurek/eurofirany/images/388497/0.jpg HTTP/1.1" 200 153880 "-" "-"
178.21.154.6 - - [28/May/2025:00:17:30 +0200] "GET /Jurek/eurofirany/images/366969/0.jpg HTTP/1.1" 200 75336 "-" "-"
178.21.154.6 - - [28/May/2025:00:17:30 +0200] "GET /Jurek/eurofirany/images/454073/0.jpg HTTP/1.1" 200 106389 "-" "-"
178.21.154.6 - - [28/May/2025:00:17:30 +0200] "GET /Jurek/eurofirany/images/400287/0.jpg HTTP/1.1" 200 138680 "-" "-"
178.21.154.6 - - [28/May/2025:00:17:30 +0200] "GET /Jurek/eurofirany/images/422323/0.jpg HTTP/1.1" 200 99586 "-" "-"
178.21.154.6 - - [28/May/2025:00:17:30 +0200] "GET /Jurek/eurofirany/images/394049/0.jpg HTTP/1.1" 200 124360 "-" "-"
178.21.154.6 - - [28/May/2025:00:17:30 +0200] "GET /Jurek/eurofirany/images/460838/0.jpg HTTP/1.1" 200 61055 "-" "-"
178.21.154.6 - - [28/May/2025:00:17:30 +0200] "GET /Jurek/eurofirany/images/337256/0.jpg HTTP/1.1" 200 171682 "-" "-"
51.77.52.107 - - [28/May/2025:00:17:46 +0200] "GET /Jurek/eurofirany/images/350443/0.jpg HTTP/2.0" 200 61858 "-" "baselinker"
51.77.52.107 - - [28/May/2025:00:18:00 +0200] "GET /Jurek/eurofirany/images/367879/0.jpg HTTP/2.0" 200 69770 "-" "baselinker"
51.77.52.107 - - [28/May/2025:00:18:20 +0200] "GET /Jurek/eurofirany/images/367879/0.jpg HTTP/2.0" 200 69770 "-" "baselinker"
51.77.52.107 - - [28/May/2025:00:18:40 +0200] "GET /Jurek/eurofirany/images/367879/0.jpg HTTP/2.0" 200 69770 "-" "baselinker"
66.249.70.38 - - [28/May/2025:00:18:54 +0200] "GET /Jurek/eurofirany/images/405402/3.jpg HTTP/1.1" 200 16503 "-" "Googlebot-Image/1.0"
51.77.52.107 - - [28/May/2025:00:18:58 +0200] "GET /Jurek/eurofirany/images/367880/0.jpg HTTP/2.0" 200 64720 "-" "baselinker"
51.77.52.107 - - [28/May/2025:00:19:18 +0200] "GET /Jurek/eurofirany/images/367880/0.jpg HTTP/2.0" 200 64720 "-" "baselinker"
51.77.52.107 - - [28/May/2025:00:19:35 +0200] "GET /Jurek/eurofirany/images/367880/0.jpg HTTP/2.0" 200 64720 "-" "baselinker"
51.77.52.107 - - [28/May/2025:00:19:53 +0200] "GET /Jurek/eurofirany/images/367886/0.jpg HTTP/2.0" 200 56233 "-" "baselinker"
51.77.52.107 - - [28/May/2025:00:20:11 +0200] "GET /Jurek/eurofirany/images/367886/0.jpg HTTP/2.0" 200 56233 "-" "baselinker"
51.77.52.107 - - [28/May/2025:00:20:31 +0200] "GET /Jurek/eurofirany/images/367886/0.jpg HTTP/2.0" 200 56233 "-" "baselinker"
51.77.52.107 - - [28/May/2025:00:20:51 +0200] "GET /Jurek/eurofirany/images/371974/0.jpg HTTP/2.0" 200 152177 "-" "baselinker"
51.77.52.107 - - [28/May/2025:00:21:12 +0200] "GET /Jurek/eurofirany/images/371974/0.jpg HTTP/2.0" 200 152177 "-" "baselinker"
51.77.52.107 - - [28/May/2025:00:21:24 +0200] "GET /Jurek/eurofirany/images/371974/0.jpg HTTP/2.0" 200 152177 "-" "baselinker"
51.77.52.107 - - [28/May/2025:00:21:43 +0200] "GET /Jurek/eurofirany/images/379495/0.jpg HTTP/2.0" 200 52269 "-" "baselinker"
51.77.52.107 - - [28/May/2025:00:22:04 +0200] "GET /Jurek/eurofirany/images/379495/0.jpg HTTP/2.0" 200 52269 "-" "baselinker"
51.77.52.107 - - [28/May/2025:00:22:24 +0200] "GET /Jurek/eurofirany/images/379495/0.jpg HTTP/2.0" 200 52269 "-" "baselinker"
51.77.52.107 - - [28/May/2025:00:22:39 +0200] "GET /Jurek/eurofirany/images/379496/0.jpg HTTP/2.0" 200 16503 "-" "baselinker"
51.77.52.107 - - [28/May/2025:00:22:58 +0200] "GET /Jurek/eurofirany/images/379496/0.jpg HTTP/2.0" 200 16503 "-" "baselinker"
51.77.52.107 - - [28/May/2025:00:23:14 +0200] "GET /Jurek/eurofirany/images/379496/0.jpg HTTP/2.0" 200 16503 "-" "baselinker"
51.77.52.107 - - [28/May/2025:00:23:18 +0200] "GET /Jurek/eurofirany/images/383180/0.jpg HTTP/2.0" 200 75147 "-" "baselinker"
51.77.52.107 - - [28/May/2025:00:23:26 +0200] "GET /Jurek/eurofirany/images/383180/0.jpg HTTP/2.0" 200 75147 "-" "baselinker"
51.77.52.107 - - [28/May/2025:00:23:33 +0200] "GET /Jurek/eurofirany/images/383180/0.jpg HTTP/2.0" 200 75147 "-" "baselinker"
51.77.52.107 - - [28/May/2025:00:23:54 +0200] "GET /Jurek/eurofirany/images/383183/0.jpg HTTP/2.0" 200 75147 "-" "baselinker"
51.77.52.107 - - [28/May/2025:00:24:11 +0200] "GET /Jurek/eurofirany/images/383183/0.jpg HTTP/2.0" 200 75147 "-" "baselinker"
66.249.70.36 - - [28/May/2025:00:24:11 +0200] "GET /Jurek/eurofirany/images/333276/4.jpg HTTP/1.1" 200 76998 "-" "Googlebot-Image/1.0"
51.77.52.107 - - [28/May/2025:00:24:14 +0200] "GET /Jurek/eurofirany/images/383183/0.jpg HTTP/2.0" 200 75147 "-" "baselinker"
51.77.52.107 - - [28/May/2025:00:24:20 +0200] "GET /Jurek/eurofirany/images/383353/0.jpg HTTP/2.0" 200 79685 "-" "baselinker"
51.77.52.107 - - [28/May/2025:00:24:27 +0200] "GET /Jurek/eurofirany/images/383353/0.jpg HTTP/2.0" 200 79685 "-" "baselinker"
89.161.206.59 - - [28/May/2025:00:24:41 +0200] "GET /Jurek/topeshop/feeds/topeshop_cdsc.xml HTTP/1.0" 200 2629171 "-" "-"
51.77.52.107 - - [28/May/2025:00:24:41 +0200] "GET /Jurek/eurofirany/images/383353/0.jpg HTTP/2.0" 200 79685 "-" "baselinker"
51.77.52.107 - - [28/May/2025:00:24:57 +0200] "GET /Jurek/eurofirany/images/383392/0.jpg HTTP/2.0" 200 77082 "-" "baselinker"
89.161.206.59 - - [28/May/2025:00:25:04 +0200] "GET /Jurek/kobi/feeds/kobi_cdsc.xml HTTP/1.0" 200 544070 "-" "-"
89.161.206.59 - - [28/May/2025:00:25:04 +0200] "GET /Jurek/hurtmeblowy/feeds/hurtmeblowy_cdsc.xml HTTP/1.0" 200 5248611 "-" "-"
89.161.206.59 - - [28/May/2025:00:25:04 +0200] "GET /Jurek/maksik/feeds/maksik_cdsc.xml HTTP/1.0" 200 2927530 "-" "-"
89.161.206.59 - - [28/May/2025:00:25:05 +0200] "GET /Jurek/beltimore/feeds/beltimore_cdsc.xml HTTP/1.0" 200 11136417 "-" "-"
89.161.206.59 - - [28/May/2025:00:25:05 +0200] "GET /Jurek/benetech/feeds/benetech_cdsc.xml HTTP/1.0" 200 2361749 "-" "-"
89.161.206.59 - - [28/May/2025:00:25:06 +0200] "GET /Jurek/pawonik/feeds/pawonik_cdsc.xml HTTP/1.0" 200 1382182 "-" "-"
89.161.206.59 - - [28/May/2025:00:25:06 +0200] "GET /Jurek/hdwr/feeds/hdwr_cdsc.xml HTTP/1.0" 200 745729 "-" "-"
89.161.206.59 - - [28/May/2025:00:25:06 +0200] "GET /Jurek/drops/feeds/dropsofficecolection_cdsc.xml HTTP/1.0" 200 784465 "-" "-"
89.161.206.59 - - [28/May/2025:00:25:06 +0200] "GET /Jurek/szpaklampy/feeds/szpaklampy_cdsc.xml HTTP/1.0" 200 395822 "-" "-"
89.161.206.59 - - [28/May/2025:00:25:07 +0200] "GET /Jurek/sartrix/feeds/sartrix_cdsc.xml HTTP/1.0" 200 867434 "-" "-"
89.161.206.59 - - [28/May/2025:00:25:07 +0200] "GET /Jurek/reman/feeds/reman_cdsc.xml HTTP/1.0" 200 400871 "-" "-"
89.161.206.59 - - [28/May/2025:00:25:07 +0200] "GET /Jurek/eurofirany/feeds/eurofirany_cdiscount.xml HTTP/1.0" 200 22259804 "-" "-"
89.161.206.59 - - [28/May/2025:00:25:09 +0200] "GET /Jurek/cdata/feeds/cdata_cdsc.xml HTTP/1.0" 200 1865849 "-" "-"
89.161.206.59 - - [28/May/2025:00:25:09 +0200] "GET /Jurek/drewdon/feeds/drewdon_cdsc.xml HTTP/1.0" 200 483675 "-" "-"
89.161.206.59 - - [28/May/2025:00:25:09 +0200] "GET /Jurek/dekoele/feeds/dekoele_cdsc.xml HTTP/1.0" 200 478907 "-" "-"
89.161.206.59 - - [28/May/2025:00:25:09 +0200] "GET /Jurek/amzteam/feeds/amzteam_cdsc.xml HTTP/1.0" 200 145375 "-" "-"
89.161.206.59 - - [28/May/2025:00:25:10 +0200] "GET /Jurek/playcob/feeds/playcob_cdsc.xml HTTP/1.0" 200 6624618 "-" "-"
89.161.206.59 - - [28/May/2025:00:25:11 +0200] "GET /Jurek/elavia/feeds/elavia_cdsc.xml HTTP/1.0" 200 2085748 "-" "-"
89.161.206.59 - - [28/May/2025:00:25:11 +0200] "GET /Jurek/princelh/feeds/princelh_cdsc.xml HTTP/1.0" 200 123625 "-" "-"
89.161.206.59 - - [28/May/2025:00:25:11 +0200] "GET /Jurek/proparts/feeds/proparts_cdsc.xml HTTP/1.0" 200 556003 "-" "-"
89.161.206.59 - - [28/May/2025:00:25:12 +0200] "GET /Jurek/muminky/feeds/muminky_cdsc.xml HTTP/1.0" 200 2935829 "-" "-"
89.161.206.59 - - [28/May/2025:00:25:12 +0200] "GET /Jurek/nexus/feeds/nexus_cdsc.xml HTTP/1.0" 200 325903 "-" "-"
89.161.206.59 - - [28/May/2025:00:25:12 +0200] "GET /Jurek/alucon/feeds/alucon_cdsc.xml HTTP/1.0" 200 378663 "-" "-"
89.161.206.59 - - [28/May/2025:00:25:12 +0200] "GET /Jurek/equalo/feeds/equalo_cdsc.xml HTTP/1.0" 200 134205 "-" "-"
89.161.206.59 - - [28/May/2025:00:25:12 +0200] "GET /Jurek/techrebalina/feeds/techrebalina_cdsc.xml HTTP/1.0" 200 1363223 "-" "-"
89.161.206.59 - - [28/May/2025:00:25:12 +0200] "GET /Jurek/smxdesign/feeds/smxdesign_cdsc.xml HTTP/1.0" 200 1154218 "-" "-"
89.161.206.59 - - [28/May/2025:00:25:13 +0200] "GET /Jurek/techrebal/feeds/techrebal_cdsc.xml HTTP/1.0" 200 1423355 "-" "-"
89.161.206.59 - - [28/May/2025:00:25:14 +0200] "GET /Jurek/broers/feeds/broers_cdsc.xml HTTP/1.0" 200 2303305 "-" "-"
89.161.206.59 - - [28/May/2025:00:25:14 +0200] "GET /Jurek/nonabox/feeds/nonabox_cdsc.xml HTTP/1.0" 200 39043 "-" "-"
51.77.52.107 - - [28/May/2025:00:25:14 +0200] "GET /Jurek/eurofirany/images/383392/0.jpg HTTP/2.0" 200 77082 "-" "baselinker"
51.77.52.107 - - [28/May/2025:00:25:20 +0200] "GET /Jurek/eurofirany/images/383392/0.jpg HTTP/2.0" 200 77082 "-" "baselinker"
51.77.52.107 - - [28/May/2025:00:25:37 +0200] "GET /Jurek/eurofirany/images/383556/0.jpg HTTP/2.0" 200 75275 "-" "baselinker"
51.77.52.107 - - [28/May/2025:00:26:13 +0200] "GET /Jurek/eurofirany/images/383556/0.jpg HTTP/2.0" 200 75275 "-" "baselinker"
51.77.52.107 - - [28/May/2025:00:26:18 +0200] "GET /Jurek/eurofirany/images/383556/0.jpg HTTP/2.0" 200 75275 "-" "baselinker"
51.77.52.107 - - [28/May/2025:00:26:24 +0200] "GET /Jurek/eurofirany/images/391773/0.jpg HTTP/2.0" 200 151656 "-" "baselinker"
51.77.52.107 - - [28/May/2025:00:26:42 +0200] "GET /Jurek/eurofirany/images/391773/0.jpg HTTP/2.0" 200 151656 "-" "baselinker"
51.77.52.107 - - [28/May/2025:00:27:07 +0200] "GET /Jurek/eurofirany/images/391773/0.jpg HTTP/2.0" 200 151656 "-" "baselinker"
51.77.52.107 - - [28/May/2025:00:27:25 +0200] "GET /Jurek/eurofirany/images/398375/0.jpg HTTP/2.0" 200 191799 "-" "baselinker"
51.77.52.107 - - [28/May/2025:00:27:45 +0200] "GET /Jurek/eurofirany/images/398375/0.jpg HTTP/2.0" 200 191799 "-" "baselinker"
51.77.52.107 - - [28/May/2025:00:28:02 +0200] "GET /Jurek/eurofirany/images/398375/0.jpg HTTP/2.0" 200 191799 "-" "baselinker"
51.77.52.107 - - [28/May/2025:00:28:20 +0200] "GET /Jurek/eurofirany/images/421828/0.jpg HTTP/2.0" 200 140315 "-" "baselinker"
89.161.206.59 - - [28/May/2025:00:28:26 +0200] "GET /Jurek/hurtmeblowy/feeds/hurtmeblowy_skroutz.xml HTTP/1.0" 200 8543020 "-" "-"
51.77.52.107 - - [28/May/2025:00:28:42 +0200] "GET /Jurek/eurofirany/images/421828/0.jpg HTTP/2.0" 200 140315 "-" "baselinker"
51.77.52.107 - - [28/May/2025:00:29:00 +0200] "GET /Jurek/eurofirany/images/421828/0.jpg HTTP/2.0" 200 140315 "-" "baselinker"
51.77.52.107 - - [28/May/2025:00:29:17 +0200] "GET /Jurek/eurofirany/images/398776/0.jpg HTTP/2.0" 200 20032 "-" "baselinker"
89.161.206.59 - - [28/May/2025:00:29:28 +0200] "GET /Jurek/coppotech/feeds/coppotech_skroutz.xml HTTP/1.0" 200 37852809 "-" "-"
51.77.52.107 - - [28/May/2025:00:29:29 +0200] "GET /Jurek/eurofirany/images/398776/0.jpg HTTP/2.0" 200 20032 "-" "baselinker"
66.249.70.38 - - [28/May/2025:00:29:29 +0200] "GET /Jurek/eurofirany/images/408356/5.jpg HTTP/1.1" 200 193304 "-" "Googlebot-Image/1.0"
89.161.206.59 - - [28/May/2025:00:29:32 +0200] "GET /Jurek/elavia/feeds/elavia_skroutz.xml HTTP/1.0" 200 2297059 "-" "-"
89.161.206.59 - - [28/May/2025:00:29:41 +0200] "GET /Jurek/maksik/feeds/maksik_skroutz.xml HTTP/1.0" 200 4084811 "-" "-"
51.77.52.107 - - [28/May/2025:00:29:46 +0200] "GET /Jurek/eurofirany/images/398776/0.jpg HTTP/2.0" 200 20032 "-" "baselinker"
89.161.206.59 - - [28/May/2025:00:29:56 +0200] "GET /Jurek/smxdesign/feeds/smxdesign_skroutz.xml HTTP/1.0" 200 1828972 "-" "-"
89.161.206.59 - - [28/May/2025:00:29:56 +0200] "GET /Jurek/princelh/feeds/princelh_skroutz.xml HTTP/1.0" 200 133435 "-" "-"
89.161.206.59 - - [28/May/2025:00:29:59 +0200] "GET /Jurek/proparts/feeds/proparts_skroutz.xml HTTP/1.0" 200 707497 "-" "-"
89.161.206.59 - - [28/May/2025:00:30:06 +0200] "GET /Jurek/beltimore/feeds/beltimore_skroutz.xml HTTP/1.0" 200 18651567 "-" "-"
89.161.206.59 - - [28/May/2025:00:30:07 +0200] "GET /Jurek/kristronik/feeds/kristronik_skroutz.xml HTTP/1.0" 200 691991 "-" "-"
51.77.52.107 - - [28/May/2025:00:30:08 +0200] "GET /Jurek/eurofirany/images/398784/0.jpg HTTP/2.0" 200 20032 "-" "baselinker"
46.101.116.244 - - [28/May/2025:00:30:19 +0200] "GET /Jurek/topeshop/feeds/topeshop_alza.xml HTTP/2.0" 200 3022003 "-" "-"
89.161.206.59 - - [28/May/2025:00:30:21 +0200] "GET /Jurek/madrex/feeds/madrex_skroutz.xml HTTP/1.0" 200 466735 "-" "-"
51.77.52.107 - - [28/May/2025:00:30:23 +0200] "GET /Jurek/eurofirany/images/398784/0.jpg HTTP/2.0" 200 20032 "-" "baselinker"
5.134.208.158 - - [28/May/2025:00:30:26 +0200] "GET /Jurek/eurofirany/images/467315/0.jpg HTTP/1.1" 200 27289 "-" "-"
5.134.208.158 - - [28/May/2025:00:30:28 +0200] "GET /Jurek/eurofirany/images/395218/0.jpg HTTP/1.1" 200 29548 "-" "-"
46.101.116.244 - - [28/May/2025:00:30:30 +0200] "GET /Jurek/topeshop/feeds/topeshop_kauflandde.xml HTTP/2.0" 200 3020876 "-" "-"
89.161.206.59 - - [28/May/2025:00:30:31 +0200] "GET /Jurek/techrebalina/feeds/techrebalina_skroutz.xml HTTP/1.0" 200 2011191 "-" "-"
89.161.206.59 - - [28/May/2025:00:30:32 +0200] "GET /Jurek/techrebal/feeds/techrebal_skroutz.xml HTTP/1.0" 200 1969160 "-" "-"
89.161.206.59 - - [28/May/2025:00:30:36 +0200] "GET /Jurek/nonabox/feeds/nonabox_skroutz.xml HTTP/1.0" 200 33864 "-" "-"
89.161.206.59 - - [28/May/2025:00:30:37 +0200] "GET /Jurek/omi/feeds/omi_skroutz.xml HTTP/1.0" 200 8100728 "-" "-"
46.101.116.244 - - [28/May/2025:00:30:41 +0200] "GET /Jurek/topeshop/feeds/topeshop_kauflandcz.xml HTTP/2.0" 200 3022001 "-" "-"
51.77.52.107 - - [28/May/2025:00:30:44 +0200] "GET /Jurek/eurofirany/images/398784/0.jpg HTTP/2.0" 200 20032 "-" "baselinker"
89.161.206.59 - - [28/May/2025:00:30:45 +0200] "GET /Jurek/winoszarnia/feeds/winoszarnia_skroutz.xml HTTP/1.0" 200 6064803 "-" "-"
89.161.206.59 - - [28/May/2025:00:30:46 +0200] "GET /Jurek/eoptimo/feeds/eoptimo_skroutz.xml HTTP/1.0" 200 2094329 "-" "-"
46.101.116.244 - - [28/May/2025:00:30:51 +0200] "GET /Jurek/topeshop/feeds/topeshop_kauflandsk.xml HTTP/2.0" 200 3020900 "-" "-"
46.101.116.244 - - [28/May/2025:00:31:02 +0200] "GET /Jurek/ikonka/feeds/ikonka_alza.xml HTTP/2.0" 200 20742500 "-" "-"
51.77.52.107 - - [28/May/2025:00:31:08 +0200] "GET /Jurek/eurofirany/images/398787/0.jpg HTTP/2.0" 200 41085 "-" "baselinker"
46.101.116.244 - - [28/May/2025:00:31:14 +0200] "GET /Jurek/ikonka/feeds/ikonka_kaufcz.xml HTTP/2.0" 200 20742463 "-" "-"
51.77.52.107 - - [28/May/2025:00:31:24 +0200] "GET /Jurek/eurofirany/images/398787/0.jpg HTTP/2.0" 200 41085 "-" "baselinker"
46.101.116.244 - - [28/May/2025:00:31:26 +0200] "GET /Jurek/ikonka/feeds/ikonka_kaufde.xml HTTP/2.0" 200 20740005 "-" "-"
51.77.52.107 - - [28/May/2025:00:31:40 +0200] "GET /Jurek/eurofirany/images/398787/0.jpg HTTP/2.0" 200 41085 "-" "baselinker"
51.77.52.107 - - [28/May/2025:00:32:01 +0200] "GET /Jurek/eurofirany/images/398789/0.jpg HTTP/2.0" 200 41085 "-" "baselinker"
46.101.116.244 - - [28/May/2025:00:32:10 +0200] "GET /Jurek/stema/feeds/stema_alza.xml HTTP/2.0" 200 894533 "-" "-"
51.77.52.107 - - [28/May/2025:00:32:17 +0200] "GET /Jurek/eurofirany/images/398789/0.jpg HTTP/2.0" 200 41085 "-" "baselinker"
46.101.116.244 - - [28/May/2025:00:32:20 +0200] "GET /Jurek/stema/feeds/stema_kaufcz.xml HTTP/2.0" 200 894537 "-" "-"
51.77.52.107 - - [28/May/2025:00:32:23 +0200] "GET /Jurek/eurofirany/images/398789/0.jpg HTTP/2.0" 200 41085 "-" "baselinker"
51.77.52.107 - - [28/May/2025:00:32:29 +0200] "GET /Jurek/eurofirany/images/398824/0.jpg HTTP/2.0" 200 35427 "-" "baselinker"
46.101.116.244 - - [28/May/2025:00:32:31 +0200] "GET /Jurek/stema/feeds/stema_kaufde.xml HTTP/2.0" 200 893815 "-" "-"
51.77.52.107 - - [28/May/2025:00:32:45 +0200] "GET /Jurek/eurofirany/images/398824/0.jpg HTTP/2.0" 200 35427 "-" "baselinker"
89.161.206.59 - - [28/May/2025:00:32:57 +0200] "GET /Jurek/lampart/feeds/lampart_cdsc.xml HTTP/1.0" 200 1057913 "-" "-"
89.161.206.59 - - [28/May/2025:00:32:57 +0200] "GET /Jurek/zenex/feeds/zenex_cdsc.xml HTTP/1.0" 200 540180 "-" "-"
89.161.206.59 - - [28/May/2025:00:32:58 +0200] "GET /Jurek/avenido/feeds/avenido_cdsc.xml HTTP/1.0" 200 449226 "-" "-"
89.161.206.59 - - [28/May/2025:00:32:58 +0200] "GET /Jurek/filmal/feeds/filmal_cdsc.xml HTTP/1.0" 200 105878 "-" "-"
89.161.206.59 - - [28/May/2025:00:32:58 +0200] "GET /Jurek/takapara/feeds/takapara_cdsc.xml HTTP/1.0" 200 1398932 "-" "-"
89.161.206.59 - - [28/May/2025:00:32:58 +0200] "GET /Jurek/tsjerzy/feeds/tsjerzy_cdsc.xml HTTP/1.0" 200 4383112 "-" "-"
89.161.206.59 - - [28/May/2025:00:32:59 +0200] "GET /Jurek/riko/feeds/riko_cdsc.xml HTTP/1.0" 200 3648814 "-" "-"
89.161.206.59 - - [28/May/2025:00:33:00 +0200] "GET /Jurek/carbonyway/feeds/carbonyway_cdsc.xml HTTP/1.0" 200 2759403 "-" "-"
89.161.206.59 - - [28/May/2025:00:33:00 +0200] "GET /Jurek/ikonka/feeds/ikonka_cdsc.xml HTTP/1.0" 200 20740199 "-" "-"
89.161.206.59 - - [28/May/2025:00:33:02 +0200] "GET /Jurek/narzbud/feeds/narzbud_cdsc.xml HTTP/1.0" 200 1227796 "-" "-"
51.77.52.107 - - [28/May/2025:00:33:04 +0200] "GET /Jurek/eurofirany/images/398824/0.jpg HTTP/2.0" 200 35427 "-" "baselinker"
51.77.52.107 - - [28/May/2025:00:33:12 +0200] "GET /Jurek/eurofirany/images/398825/0.jpg HTTP/2.0" 200 35427 "-" "baselinker"
51.77.52.107 - - [28/May/2025:00:33:30 +0200] "GET /Jurek/eurofirany/images/398825/0.jpg HTTP/2.0" 200 35427 "-" "baselinker"
51.77.52.107 - - [28/May/2025:00:33:44 +0200] "GET /Jurek/eurofirany/images/398825/0.jpg HTTP/2.0" 200 35427 "-" "baselinker"
51.77.52.107 - - [28/May/2025:00:33:50 +0200] "GET /Jurek/eurofirany/images/432165/0.jpg HTTP/2.0" 200 63386 "-" "baselinker"
51.77.52.107 - - [28/May/2025:00:34:05 +0200] "GET /Jurek/eurofirany/images/432165/0.jpg HTTP/2.0" 200 63386 "-" "baselinker"
46.101.116.244 - - [28/May/2025:00:34:21 +0200] "GET /Jurek/gimmik/feeds/gimmik_mallsiex.xml HTTP/2.0" 404 3551 "-" "-"
51.77.52.107 - - [28/May/2025:00:34:35 +0200] "GET /Jurek/eurofirany/images/432165/0.jpg HTTP/2.0" 200 63386 "-" "baselinker"
46.101.116.244 - - [28/May/2025:00:34:37 +0200] "GET /Jurek/bimboland/feeds/bimboland_mallsiex.xml HTTP/2.0" 200 2778883 "-" "-"
51.77.52.107 - - [28/May/2025:00:34:52 +0200] "GET /Jurek/eurofirany/images/439709/0.jpg HTTP/2.0" 200 73871 "-" "baselinker"
51.77.52.107 - - [28/May/2025:00:35:10 +0200] "GET /Jurek/eurofirany/images/439709/0.jpg HTTP/2.0" 200 73871 "-" "baselinker"
46.101.116.244 - - [28/May/2025:00:35:11 +0200] "GET /Jurek/activeshop/feeds/activeshop_mallsiex.xml HTTP/2.0" 200 10392280 "-" "-"
46.101.116.244 - - [28/May/2025:00:35:15 +0200] "GET /Jurek/benbaby/feeds/benbaby_mallsi.xml HTTP/2.0" 200 3573050 "-" "-"
51.77.52.107 - - [28/May/2025:00:35:26 +0200] "GET /Jurek/eurofirany/images/439709/0.jpg HTTP/2.0" 200 73871 "-" "baselinker"
46.101.116.244 - - [28/May/2025:00:35:26 +0200] "GET /Jurek/bass/feeds/bass_mallsi.xml HTTP/2.0" 200 3971870 "-" "-"
46.101.116.244 - - [28/May/2025:00:35:37 +0200] "GET /Jurek/emibig/feeds/emibig_mallsi.xml HTTP/2.0" 200 2427383 "-" "-"
46.101.116.244 - - [28/May/2025:00:35:48 +0200] "GET /Jurek/b3/feeds/b3_mallsi.xml HTTP/2.0" 200 6513420 "-" "-"
51.77.52.107 - - [28/May/2025:00:35:50 +0200] "GET /Jurek/eurofirany/images/433783/0.jpg HTTP/2.0" 200 69424 "-" "baselinker"
46.101.116.244 - - [28/May/2025:00:36:00 +0200] "GET /Jurek/action/feeds/action_mallsi.xml HTTP/2.0" 200 59484077 "-" "-"
89.161.206.59 - - [28/May/2025:00:36:02 +0200] "GET /Jurek/playcob/feeds/playcob_amazonde.xml HTTP/1.0" 200 6980098 "-" "-"
51.77.52.107 - - [28/May/2025:00:36:04 +0200] "GET /Jurek/eurofirany/images/433783/0.jpg HTTP/2.0" 200 69424 "-" "baselinker"
46.101.116.244 - - [28/May/2025:00:36:17 +0200] "GET /Jurek/aw/feeds/awnarzedzia_mallsiex.xml HTTP/2.0" 200 91103423 "-" "-"
51.77.52.107 - - [28/May/2025:00:36:19 +0200] "GET /Jurek/eurofirany/images/433783/0.jpg HTTP/2.0" 200 69424 "-" "baselinker"
51.77.52.107 - - [28/May/2025:00:36:25 +0200] "GET /Jurek/eurofirany/images/433780/0.jpg HTTP/2.0" 200 69424 "-" "baselinker"
52.209.168.113 - - [28/May/2025:00:36:28 +0200] "GET /marketplaces/worten2/results/worten.csv HTTP/1.1" 200 19508732 "-" "Mirakl HttpClient"
51.77.52.107 - - [28/May/2025:00:36:30 +0200] "GET /Jurek/eurofirany/images/433780/0.jpg HTTP/2.0" 200 69424 "-" "baselinker"
46.101.116.244 - - [28/May/2025:00:36:36 +0200] "GET /Jurek/eurofirany/feeds/eurofirany_mall_si_extrastore.xml HTTP/2.0" 200 18718324 "-" "-"
51.77.52.107 - - [28/May/2025:00:36:38 +0200] "GET /Jurek/eurofirany/images/433780/0.jpg HTTP/2.0" 200 69424 "-" "baselinker"
46.101.116.244 - - [28/May/2025:00:36:48 +0200] "GET /Jurek/fernity/feeds/fernity_mallslex.xml HTTP/2.0" 200 4718023 "-" "-"
46.101.116.244 - - [28/May/2025:00:36:59 +0200] "GET /Jurek/homla/feeds/homla_mallslex.xml HTTP/2.0" 404 3551 "-" "-"
51.77.52.107 - - [28/May/2025:00:37:00 +0200] "GET /Jurek/eurofirany/images/433781/0.jpg HTTP/2.0" 200 69424 "-" "baselinker"
51.77.52.107 - - [28/May/2025:00:37:05 +0200] "GET /Jurek/eurofirany/images/433781/0.jpg HTTP/2.0" 200 69424 "-" "baselinker"
46.101.116.244 - - [28/May/2025:00:37:11 +0200] "GET /Jurek/hurtownia_przemyslowa/feeds/hp_mallsi.xml HTTP/2.0" 200 49361990 "-" "-"
51.77.52.107 - - [28/May/2025:00:37:18 +0200] "GET /Jurek/eurofirany/images/433781/0.jpg HTTP/2.0" 200 69424 "-" "baselinker"
46.101.116.244 - - [28/May/2025:00:37:24 +0200] "GET /Jurek/ikonka/feeds/ikonka_mallsiex.xml HTTP/2.0" 200 20740254 "-" "-"
51.77.52.107 - - [28/May/2025:00:37:31 +0200] "GET /Jurek/eurofirany/images/433782/0.jpg HTTP/2.0" 200 69424 "-" "baselinker"
46.101.116.244 - - [28/May/2025:00:37:35 +0200] "GET /Jurek/kinghoff/feeds/kinghoff_mallslex.xml HTTP/2.0" 200 15642474 "-" "-"
51.77.52.107 - - [28/May/2025:00:37:46 +0200] "GET /Jurek/eurofirany/images/433782/0.jpg HTTP/2.0" 200 69424 "-" "baselinker"
51.77.52.107 - - [28/May/2025:00:38:07 +0200] "GET /Jurek/eurofirany/images/433782/0.jpg HTTP/2.0" 200 69424 "-" "baselinker"
46.101.116.244 - - [28/May/2025:00:38:13 +0200] "GET /Jurek/stema/feeds/stema_mallslex.xml HTTP/2.0" 200 893939 "-" "-"
51.77.52.107 - - [28/May/2025:00:38:24 +0200] "GET /Jurek/eurofirany/images/433784/0.jpg HTTP/2.0" 200 67986 "-" "baselinker"
46.101.116.244 - - [28/May/2025:00:38:25 +0200] "GET /Jurek/unimet/feeds/unimet_mallsiex.xml HTTP/2.0" 200 61151333 "-" "-"
51.77.52.107 - - [28/May/2025:00:38:30 +0200] "GET /Jurek/eurofirany/images/433784/0.jpg HTTP/2.0" 200 67986 "-" "baselinker"
51.77.52.107 - - [28/May/2025:00:38:36 +0200] "GET /Jurek/eurofirany/images/433784/0.jpg HTTP/2.0" 200 67986 "-" "baselinker"
46.101.116.244 - - [28/May/2025:00:38:45 +0200] "GET /Jurek/andex/feeds/andex_mallslex.xml HTTP/2.0" 200 1953393 "-" "-"
51.77.52.107 - - [28/May/2025:00:38:53 +0200] "GET /Jurek/eurofirany/images/433785/0.jpg HTTP/2.0" 200 67986 "-" "baselinker"
46.101.116.244 - - [28/May/2025:00:38:56 +0200] "GET /Jurek/barbecook/feeds/barbecook_mallslex.xml HTTP/2.0" 200 87532 "-" "-"
46.101.116.244 - - [28/May/2025:00:39:07 +0200] "GET /Jurek/beliani/feeds/beliani_si_mallsiex.xml HTTP/2.0" 200 29732191 "-" "-"
51.77.52.107 - - [28/May/2025:00:39:11 +0200] "GET /Jurek/eurofirany/images/433785/0.jpg HTTP/2.0" 200 67986 "-" "baselinker"
51.77.52.107 - - [28/May/2025:00:39:17 +0200] "GET /Jurek/eurofirany/images/433785/0.jpg HTTP/2.0" 200 67986 "-" "baselinker"
46.101.116.244 - - [28/May/2025:00:39:20 +0200] "GET /Jurek/chemex/feeds/chemex_mallsiex.xml HTTP/2.0" 200 47810433 "-" "-"
213.180.203.6 - - [28/May/2025:00:39:23 +0200] "GET /robots.txt HTTP/1.1" 404 3551 "-" "Mozilla/5.0 (compatible; YandexBot/3.0; +http://yandex.com/bots)"
95.108.213.231 - - [28/May/2025:00:39:24 +0200] "GET /Jurek/images/ios-desktop.png HTTP/1.1" 404 3551 "-" "Mozilla/5.0 (compatible; YandexFavicons/1.0; +http://yandex.com/bots)"
46.101.116.244 - - [28/May/2025:00:39:32 +0200] "GET /Jurek/duka/feeds/duka_mallslex.xml HTTP/2.0" 200 57 "-" "-"
46.101.116.244 - - [28/May/2025:00:39:42 +0200] "GET /Jurek/flhf/feeds/flhf_mallsiex.xml HTTP/2.0" 404 3551 "-" "-"
51.77.52.107 - - [28/May/2025:00:39:50 +0200] "GET /Jurek/eurofirany/images/433786/0.jpg HTTP/2.0" 200 67986 "-" "baselinker"
46.101.116.244 - - [28/May/2025:00:39:53 +0200] "GET /Jurek/kinghome/feeds/kinghome_mallslex.xml HTTP/2.0" 200 6336134 "-" "-"
46.101.116.244 - - [28/May/2025:00:40:04 +0200] "GET /Jurek/kinghome/feeds/kinghome_mallslex.xml HTTP/2.0" 200 6336134 "-" "-"
66.249.70.36 - - [28/May/2025:00:40:04 +0200] "GET /Jurek/eurofirany/images/398820/0.jpg HTTP/1.1" 200 28870 "-" "Googlebot-Image/1.0"
51.77.52.107 - - [28/May/2025:00:40:06 +0200] "GET /Jurek/eurofirany/images/433786/0.jpg HTTP/2.0" 200 67986 "-" "baselinker"
51.77.52.107 - - [28/May/2025:00:40:13 +0200] "GET /Jurek/eurofirany/images/433786/0.jpg HTTP/2.0" 200 67986 "-" "baselinker"
46.101.116.244 - - [28/May/2025:00:40:15 +0200] "GET /Jurek/rovicky/feeds/rovicky_mallsiex.xml HTTP/2.0" 200 14974036 "-" "-"
46.101.116.244 - - [28/May/2025:00:40:26 +0200] "GET /Jurek/vivaldi/feeds/vivaldi_Mall-slex.xml HTTP/2.0" 200 344661 "-" "-"
51.77.52.107 - - [28/May/2025:00:40:27 +0200] "GET /Jurek/eurofirany/images/433789/0.jpg HTTP/2.0" 200 70710 "-" "baselinker"
51.77.52.107 - - [28/May/2025:00:41:28 +0200] "GET /Jurek/eurofirany/images/433789/0.jpg HTTP/2.0" 200 70710 "-" "baselinker"
51.77.52.107 - - [28/May/2025:00:41:35 +0200] "GET /Jurek/eurofirany/images/433789/0.jpg HTTP/2.0" 200 70710 "-" "baselinker"
51.77.52.107 - - [28/May/2025:00:41:42 +0200] "GET /Jurek/eurofirany/images/453986/0.jpg HTTP/2.0" 200 71308 "-" "baselinker"
51.77.52.107 - - [28/May/2025:00:42:03 +0200] "GET /Jurek/eurofirany/images/453986/0.jpg HTTP/2.0" 200 71308 "-" "baselinker"
51.77.52.107 - - [28/May/2025:00:42:20 +0200] "GET /Jurek/eurofirany/images/453986/0.jpg HTTP/2.0" 200 71308 "-" "baselinker"
51.77.52.107 - - [28/May/2025:00:42:40 +0200] "GET /Jurek/eurofirany/images/453022/0.jpg HTTP/2.0" 200 84875 "-" "baselinker"
51.77.52.107 - - [28/May/2025:00:43:05 +0200] "GET /Jurek/eurofirany/images/453022/0.jpg HTTP/2.0" 200 84875 "-" "baselinker"
51.77.52.107 - - [28/May/2025:00:43:20 +0200] "GET /Jurek/eurofirany/images/453022/0.jpg HTTP/2.0" 200 84875 "-" "baselinker"
51.77.52.107 - - [28/May/2025:00:43:43 +0200] "GET /Jurek/eurofirany/images/454015/0.jpg HTTP/2.0" 200 81922 "-" "baselinker"
51.77.52.107 - - [28/May/2025:00:44:13 +0200] "GET /Jurek/eurofirany/images/454015/0.jpg HTTP/2.0" 200 81922 "-" "baselinker"
51.77.52.107 - - [28/May/2025:00:44:32 +0200] "GET /Jurek/eurofirany/images/454015/0.jpg HTTP/2.0" 200 81922 "-" "baselinker"
89.161.206.59 - - [28/May/2025:00:44:32 +0200] "GET /Jurek/artdog/feeds/artdog_cdsc.xml HTTP/1.0" 200 17921661 "-" "-"
89.161.206.59 - - [28/May/2025:00:44:34 +0200] "GET /Jurek/lerutrade/feeds/lerutrade_cdsc.xml HTTP/1.0" 200 53854 "-" "-"
89.161.206.59 - - [28/May/2025:00:44:34 +0200] "GET /Jurek/jakdroz/feeds/jakdroz_cdsc.xml HTTP/1.0" 200 2543039 "-" "-"
89.161.206.59 - - [28/May/2025:00:44:34 +0200] "GET /Jurek/gandalf/feeds/gandalf_cdsc.xml HTTP/1.0" 200 586347 "-" "-"
51.77.52.107 - - [28/May/2025:00:44:54 +0200] "GET /Jurek/eurofirany/images/454016/0.jpg HTTP/2.0" 200 71768 "-" "baselinker"
51.77.52.107 - - [28/May/2025:00:45:17 +0200] "GET /Jurek/eurofirany/images/454016/0.jpg HTTP/2.0" 200 71768 "-" "baselinker"
66.249.70.36 - - [28/May/2025:00:45:22 +0200] "GET /Jurek/eurofirany/images/367116/1.jpg HTTP/1.1" 200 54413 "-" "Googlebot-Image/1.0"
51.77.52.107 - - [28/May/2025:00:45:36 +0200] "GET /Jurek/eurofirany/images/454016/0.jpg HTTP/2.0" 200 71768 "-" "baselinker"
89.161.206.59 - - [28/May/2025:00:45:44 +0200] "GET /Jurek/activeshop/feeds/activeshop_emagro.xml HTTP/1.0" 200 10394024 "-" "-"
51.77.52.107 - - [28/May/2025:00:45:58 +0200] "GET /Jurek/eurofirany/images/454017/0.jpg HTTP/2.0" 200 84117 "-" "baselinker"
51.77.52.107 - - [28/May/2025:00:46:17 +0200] "GET /Jurek/eurofirany/images/454017/0.jpg HTTP/2.0" 200 84117 "-" "baselinker"
89.161.206.59 - - [28/May/2025:00:46:18 +0200] "GET /Jurek/maksik/feeds/maksik_emagro.xml HTTP/1.0" 200 4085235 "-" "-"
89.161.206.59 - - [28/May/2025:00:46:18 +0200] "GET /Jurek/playcob/feeds/playcob_emagro.xml HTTP/1.0" 200 6981062 "-" "-"
89.161.206.59 - - [28/May/2025:00:46:21 +0200] "GET /Jurek/artdog/feeds/artdog_amazonse.xml HTTP/1.0" 200 17167040 "-" "-"
89.161.206.59 - - [28/May/2025:00:46:25 +0200] "GET /Jurek/hurtownia_przemyslowa/feeds/hp_ebayde.xml HTTP/1.0" 200 35620220 "-" "-"
51.77.52.107 - - [28/May/2025:00:46:44 +0200] "GET /Jurek/eurofirany/images/454017/0.jpg HTTP/2.0" 200 84117 "-" "baselinker"
51.77.52.107 - - [28/May/2025:00:47:05 +0200] "GET /Jurek/eurofirany/images/454019/0.jpg HTTP/2.0" 200 87420 "-" "baselinker"
51.77.52.107 - - [28/May/2025:00:47:25 +0200] "GET /Jurek/eurofirany/images/454019/0.jpg HTTP/2.0" 200 87420 "-" "baselinker"
51.77.52.107 - - [28/May/2025:00:47:46 +0200] "GET /Jurek/eurofirany/images/454019/0.jpg HTTP/2.0" 200 87420 "-" "baselinker"
51.77.52.107 - - [28/May/2025:00:48:05 +0200] "GET /Jurek/eurofirany/images/454021/0.jpg HTTP/2.0" 200 100222 "-" "baselinker"
89.161.206.59 - - [28/May/2025:00:48:19 +0200] "GET /Jurek/artdog/feeds/artdog_emagro.xml HTTP/1.0" 200 17164728 "-" "-"
89.161.206.59 - - [28/May/2025:00:48:21 +0200] "GET /Jurek/carbonyway/feeds/carbonyway_emagro.xml HTTP/1.0" 200 3076316 "-" "-"
89.161.206.59 - - [28/May/2025:00:48:21 +0200] "GET /Jurek/livinhill/feeds/livinhill_emagro.xml HTTP/1.0" 200 167749 "-" "-"
89.161.206.59 - - [28/May/2025:00:48:21 +0200] "GET /Jurek/snibbs/feeds/snibbs_emagro.xml HTTP/1.0" 200 74410 "-" "-"
89.161.206.59 - - [28/May/2025:00:48:21 +0200] "GET /Jurek/jakdroz/feeds/jakdroz_emagro.xml HTTP/1.0" 200 4090830 "-" "-"
51.77.52.107 - - [28/May/2025:00:48:21 +0200] "GET /Jurek/eurofirany/images/454021/0.jpg HTTP/2.0" 200 100222 "-" "baselinker"
89.161.206.59 - - [28/May/2025:00:48:22 +0200] "GET /Jurek/bemipol/feeds/bemipol_emagro.xml HTTP/1.0" 200 423670 "-" "-"
89.161.206.59 - - [28/May/2025:00:48:22 +0200] "GET /Jurek/apresto/feeds/apresto_emagro.xml HTTP/1.0" 200 1327809 "-" "-"
89.161.206.59 - - [28/May/2025:00:48:22 +0200] "GET /Jurek/mojeledy/feeds/mojeledy_emagro.xml HTTP/1.0" 200 1018623 "-" "-"
89.161.206.59 - - [28/May/2025:00:48:22 +0200] "GET /Jurek/andex/feeds/andex_emagro.xml HTTP/1.0" 200 1953944 "-" "-"
89.161.206.59 - - [28/May/2025:00:48:23 +0200] "GET /Jurek/riko/feeds/riko_emagro.xml HTTP/1.0" 200 3786609 "-" "-"
89.161.206.59 - - [28/May/2025:00:48:24 +0200] "GET /Jurek/sovapl/feeds/sovapl_emagro.xml HTTP/1.0" 200 9002680 "-" "-"
89.161.206.59 - - [28/May/2025:00:48:25 +0200] "GET /Jurek/mechdecor/feeds/mechdecor_emagro.xml HTTP/1.0" 200 596294 "-" "-"
89.161.206.59 - - [28/May/2025:00:48:25 +0200] "GET /Jurek/kalama/feeds/kalama_emagro.xml HTTP/1.0" 200 2662088 "-" "-"
51.77.52.107 - - [28/May/2025:00:48:35 +0200] "GET /Jurek/eurofirany/images/454021/0.jpg HTTP/2.0" 200 100222 "-" "baselinker"
51.77.52.107 - - [28/May/2025:00:48:49 +0200] "GET /Jurek/eurofirany/images/454030/0.jpg HTTP/2.0" 200 74011 "-" "baselinker"
51.77.52.107 - - [28/May/2025:00:49:16 +0200] "GET /Jurek/eurofirany/images/454030/0.jpg HTTP/2.0" 200 74011 "-" "baselinker"
51.77.52.107 - - [28/May/2025:00:49:32 +0200] "GET /Jurek/eurofirany/images/454030/0.jpg HTTP/2.0" 200 74011 "-" "baselinker"
51.77.52.107 - - [28/May/2025:00:49:51 +0200] "GET /Jurek/eurofirany/images/454031/0.jpg HTTP/2.0" 200 91972 "-" "baselinker"
51.77.52.107 - - [28/May/2025:00:50:09 +0200] "GET /Jurek/eurofirany/images/454031/0.jpg HTTP/2.0" 200 91972 "-" "baselinker"
51.77.52.107 - - [28/May/2025:00:50:26 +0200] "GET /Jurek/eurofirany/images/454031/0.jpg HTTP/2.0" 200 91972 "-" "baselinker"
51.77.52.107 - - [28/May/2025:00:50:30 +0200] "GET /Jurek/eurofirany/images/454032/0.jpg HTTP/2.0" 200 97759 "-" "baselinker"
66.249.70.37 - - [28/May/2025:00:50:40 +0200] "GET /Jurek/eurofirany/images/408356/14.jpg HTTP/1.1" 200 143379 "-" "Googlebot-Image/1.0"
51.77.52.107 - - [28/May/2025:00:50:49 +0200] "GET /Jurek/eurofirany/images/454032/0.jpg HTTP/2.0" 200 97759 "-" "baselinker"
51.77.52.107 - - [28/May/2025:00:51:06 +0200] "GET /Jurek/eurofirany/images/454032/0.jpg HTTP/2.0" 200 97759 "-" "baselinker"
51.77.52.107 - - [28/May/2025:00:51:26 +0200] "GET /Jurek/eurofirany/images/454034/0.jpg HTTP/2.0" 200 100371 "-" "baselinker"
51.77.52.107 - - [28/May/2025:00:51:39 +0200] "GET /Jurek/eurofirany/images/454034/0.jpg HTTP/2.0" 200 100371 "-" "baselinker"
51.77.52.107 - - [28/May/2025:00:51:56 +0200] "GET /Jurek/eurofirany/images/454034/0.jpg HTTP/2.0" 200 100371 "-" "baselinker"
51.77.52.107 - - [28/May/2025:00:52:10 +0200] "GET /Jurek/eurofirany/images/460848/0.jpg HTTP/2.0" 200 145145 "-" "baselinker"
51.77.52.107 - - [28/May/2025:00:52:28 +0200] "GET /Jurek/eurofirany/images/460848/0.jpg HTTP/2.0" 200 145145 "-" "baselinker"
51.77.52.107 - - [28/May/2025:00:52:48 +0200] "GET /Jurek/eurofirany/images/460848/0.jpg HTTP/2.0" 200 145145 "-" "baselinker"
89.161.206.59 - - [28/May/2025:00:52:49 +0200] "GET /Jurek/gandalf/feeds/gandalf_emagro.xml HTTP/1.0" 200 1082610 "-" "-"
89.161.206.59 - - [28/May/2025:00:52:49 +0200] "GET /Jurek/zami/feeds/zami_emagro.xml HTTP/1.0" 200 4475691 "-" "-"
51.77.52.107 - - [28/May/2025:00:53:10 +0200] "GET /Jurek/eurofirany/images/460849/0.jpg HTTP/2.0" 200 184733 "-" "baselinker"
89.161.206.59 - - [28/May/2025:00:53:26 +0200] "GET /Jurek/proadventure/feeds/proadventure_emag.xml HTTP/1.0" 200 10765310 "-" "-"
51.77.52.107 - - [28/May/2025:00:53:29 +0200] "GET /Jurek/eurofirany/images/460849/0.jpg HTTP/2.0" 200 184733 "-" "baselinker"
89.161.206.59 - - [28/May/2025:00:53:34 +0200] "GET /Jurek/rems/feeds/rems_emag.xml HTTP/1.0" 200 8706536 "-" "-"
89.161.206.59 - - [28/May/2025:00:53:36 +0200] "GET /Jurek/lerutrade/feeds/lerutrade_emag.xml HTTP/1.0" 200 82823 "-" "-"
46.101.116.244 - - [28/May/2025:00:53:38 +0200] "GET /Jurek/vivaldi/feeds/vivaldi_allegro.xml HTTP/1.0" 200 344685 "-" "-"
46.101.116.244 - - [28/May/2025:00:53:40 +0200] "GET /Jurek/kokiska/feeds/kokiska_allegro.xml HTTP/1.0" 200 9390897 "-" "-"
46.101.116.244 - - [28/May/2025:00:53:42 +0200] "GET /Jurek/hurtownia_przemyslowa/feeds/hp_cdiscount.xml HTTP/1.0" 200 36714698 "-" "-"
89.161.206.59 - - [28/May/2025:00:53:47 +0200] "GET /Jurek/kobi/feeds/kobi_emagro.xml HTTP/1.0" 200 249047 "-" "-"
51.77.52.107 - - [28/May/2025:00:53:48 +0200] "GET /Jurek/eurofirany/images/460849/0.jpg HTTP/2.0" 200 184733 "-" "baselinker"
46.101.116.244 - - [28/May/2025:00:53:50 +0200] "GET /Jurek/awparts/feeds/awparts_emagro.xml HTTP/1.0" 200 142417641 "-" "-"
51.77.52.107 - - [28/May/2025:00:54:18 +0200] "GET /Jurek/eurofirany/images/460850/0.jpg HTTP/2.0" 200 152480 "-" "baselinker"
51.77.52.107 - - [28/May/2025:00:54:36 +0200] "GET /Jurek/eurofirany/images/460850/0.jpg HTTP/2.0" 200 152480 "-" "baselinker"
51.77.52.107 - - [28/May/2025:00:54:53 +0200] "GET /Jurek/eurofirany/images/460850/0.jpg HTTP/2.0" 200 152480 "-" "baselinker"
51.77.52.107 - - [28/May/2025:00:54:56 +0200] "GET /Jurek/eurofirany/images/460851/0.jpg HTTP/2.0" 200 157975 "-" "baselinker"
51.77.52.107 - - [28/May/2025:00:55:16 +0200] "GET /Jurek/eurofirany/images/460851/0.jpg HTTP/2.0" 200 157975 "-" "baselinker"
51.77.52.107 - - [28/May/2025:00:55:34 +0200] "GET /Jurek/eurofirany/images/460851/0.jpg HTTP/2.0" 200 157975 "-" "baselinker"
51.77.52.107 - - [28/May/2025:00:55:50 +0200] "GET /Jurek/eurofirany/images/457754/0.jpg HTTP/2.0" 200 111417 "-" "baselinker"
66.249.70.38 - - [28/May/2025:00:55:57 +0200] "GET /Jurek/eurofirany/images/386714/4.jpg HTTP/1.1" 200 212100 "-" "Googlebot-Image/1.0"
51.77.52.107 - - [28/May/2025:00:56:11 +0200] "GET /Jurek/eurofirany/images/457754/0.jpg HTTP/2.0" 200 111417 "-" "baselinker"
51.77.52.107 - - [28/May/2025:00:56:16 +0200] "GET /Jurek/eurofirany/images/457754/0.jpg HTTP/2.0" 200 111417 "-" "baselinker"
51.77.52.107 - - [28/May/2025:00:56:22 +0200] "GET /Jurek/eurofirany/images/457748/0.jpg HTTP/2.0" 200 148285 "-" "baselinker"
89.161.206.59 - - [28/May/2025:00:56:32 +0200] "GET /Jurek/jankeski/feeds/jankeski_emagro.xml HTTP/1.0" 200 6571516 "-" "-"
89.161.206.59 - - [28/May/2025:00:56:36 +0200] "GET /Jurek/rovato/feeds/rovato_emagro.xml HTTP/1.0" 200 180855 "-" "-"
51.77.52.107 - - [28/May/2025:00:56:42 +0200] "GET /Jurek/eurofirany/images/457748/0.jpg HTTP/2.0" 200 148285 "-" "baselinker"
51.77.52.107 - - [28/May/2025:00:56:51 +0200] "GET /Jurek/eurofirany/images/457748/0.jpg HTTP/2.0" 200 148285 "-" "baselinker"
51.77.52.107 - - [28/May/2025:00:57:16 +0200] "GET /Jurek/eurofirany/images/457749/0.jpg HTTP/2.0" 200 148421 "-" "baselinker"
51.77.52.107 - - [28/May/2025:00:57:23 +0200] "GET /Jurek/eurofirany/images/457749/0.jpg HTTP/2.0" 200 148421 "-" "baselinker"
51.77.52.107 - - [28/May/2025:00:57:30 +0200] "GET /Jurek/eurofirany/images/457749/0.jpg HTTP/2.0" 200 148421 "-" "baselinker"
51.77.52.107 - - [28/May/2025:00:57:53 +0200] "GET /Jurek/eurofirany/images/457751/0.jpg HTTP/2.0" 200 142466 "-" "baselinker"
51.77.52.107 - - [28/May/2025:00:58:14 +0200] "GET /Jurek/eurofirany/images/457751/0.jpg HTTP/2.0" 200 142466 "-" "baselinker"
51.77.52.107 - - [28/May/2025:00:58:33 +0200] "GET /Jurek/eurofirany/images/457751/0.jpg HTTP/2.0" 200 142466 "-" "baselinker"
51.77.52.107 - - [28/May/2025:00:58:40 +0200] "GET /Jurek/eurofirany/images/457752/0.jpg HTTP/2.0" 200 138424 "-" "baselinker"
51.77.52.107 - - [28/May/2025:00:58:59 +0200] "GET /Jurek/eurofirany/images/457752/0.jpg HTTP/2.0" 200 138424 "-" "baselinker"
51.77.52.107 - - [28/May/2025:00:59:14 +0200] "GET /Jurek/eurofirany/images/457752/0.jpg HTTP/2.0" 200 138424 "-" "baselinker"
89.161.206.59 - - [28/May/2025:00:59:16 +0200] "GET /Jurek/eroplace/feeds/eroplace_skroutz.xml HTTP/1.0" 200 51200987 "-" "-"
89.161.206.59 - - [28/May/2025:00:59:20 +0200] "GET /Jurek/swiatecznygoliat/feeds/swiatecznygoliat_skroutz.xml HTTP/1.0" 200 6874860 "-" "-"
51.77.52.107 - - [28/May/2025:00:59:20 +0200] "GET /Jurek/eurofirany/images/454036/0.jpg HTTP/2.0" 200 97326 "-" "baselinker"
89.161.206.59 - - [28/May/2025:00:59:31 +0200] "GET /Jurek/regis/feeds/regis_skroutz.xml HTTP/1.0" 200 228467 "-" "-"
51.77.52.107 - - [28/May/2025:00:59:40 +0200] "GET /Jurek/eurofirany/images/454036/0.jpg HTTP/2.0" 200 97326 "-" "baselinker"
51.77.52.107 - - [28/May/2025:01:00:01 +0200] "GET /Jurek/eurofirany/images/454036/0.jpg HTTP/2.0" 200 97326 "-" "baselinker"
35.204.39.32 - - [28/May/2025:01:00:16 +0200] "GET /marketplaces/carrefour_fr/results/carrefour_fr.csv HTTP/1.1" 200 147219 "-" "Mirakl HttpClient"
51.77.52.107 - - [28/May/2025:01:00:29 +0200] "GET /Jurek/eurofirany/images/454038/0.jpg HTTP/2.0" 200 72958 "-" "baselinker"
52.18.22.0 - - [28/May/2025:01:00:33 +0200] "GET /marketplaces/ubaldi/results/ubaldi.csv HTTP/1.1" 200 147219 "-" "Mirakl HttpClient"
51.77.52.107 - - [28/May/2025:01:00:46 +0200] "GET /Jurek/eurofirany/images/454038/0.jpg HTTP/2.0" 200 72958 "-" "baselinker"
51.77.52.107 - - [28/May/2025:01:01:02 +0200] "GET /Jurek/eurofirany/images/454038/0.jpg HTTP/2.0" 200 72958 "-" "baselinker"
66.249.70.37 - - [28/May/2025:01:01:16 +0200] "GET /Jurek/eurofirany/images/386714/8.jpg HTTP/1.1" 200 232179 "-" "Googlebot-Image/1.0"
35.204.39.32 - - [28/May/2025:01:01:19 +0200] "GET /marketplaces/vente/results/vente_nl.csv HTTP/1.1" 200 147219 "-" "Mirakl HttpClient"
35.204.39.32 - - [28/May/2025:01:01:20 +0200] "GET /marketplaces/vente/results/vente_fr.csv HTTP/1.1" 200 147219 "-" "Mirakl HttpClient"
