66.135.223.40 - - [28/May/2025:13:52:18 +0200] "GET /Jurek/topeshop/downloaded_images/5904507207458_20st_mijas_Lewy_open_zielony.png HTTP/1.1" 404 3551 "http://www.ebay.com/" "Mozilla/5.0 (Windows NT 10.0; Win64; x64) AppleWebKit/537.36 (KHTML, like Gecko) Chrome/123.0.0.0 Safari/537.36"
66.135.223.43 - - [28/May/2025:13:52:18 +0200] "GET /Jurek/topeshop/downloaded_images/5904507207458_Front_mijas_Lewy_zielony.png HTTP/1.1" 404 3551 "http://www.ebay.com/" "Mozilla/5.0 (Windows NT 10.0; Win64; x64) AppleWebKit/537.36 (KHTML, like Gecko) Chrome/123.0.0.0 Safari/537.36"
66.135.223.41 - - [28/May/2025:13:52:19 +0200] "GET /Jurek/topeshop/downloaded_images/5904507207458_20st_mijas_lewy_zielonykopia.png HTTP/1.1" 200 259990 "http://www.ebay.com/" "Mozilla/5.0 (Windows NT 10.0; Win64; x64) AppleWebKit/537.36 (KHTML, like Gecko) Chrome/123.0.0.0 Safari/537.36"
51.77.52.107 - - [28/May/2025:13:52:34 +0200] "GET /Jurek/eurofirany/images/465127/0.jpg HTTP/2.0" 200 38633 "-" "baselinker"
89.161.206.59 - - [28/May/2025:13:52:51 +0200] "GET /Jurek/motofan/feeds/motofan_emagro.xml HTTP/1.0" 200 2392206 "-" "-"
89.161.206.59 - - [28/May/2025:13:52:51 +0200] "GET /Jurek/sartrix/feeds/sartrix_emagro.xml HTTP/1.0" 200 649221 "-" "-"
89.161.206.59 - - [28/May/2025:13:52:51 +0200] "GET /Jurek/dekoele/feeds/dekoele_emagro.xml HTTP/1.0" 200 733965 "-" "-"
89.161.206.59 - - [28/May/2025:13:52:51 +0200] "GET /Jurek/expertauto/feeds/expertauto_emagro.xml HTTP/1.0" 200 1159159 "-" "-"
89.161.206.59 - - [28/May/2025:13:52:52 +0200] "GET /Jurek/rider/feeds/rider_emagro.xml HTTP/1.0" 200 8165967 "-" "-"
51.77.52.107 - - [28/May/2025:13:52:53 +0200] "GET /Jurek/eurofirany/images/465127/0.jpg HTTP/2.0" 200 38633 "-" "baselinker"
89.161.206.59 - - [28/May/2025:13:52:53 +0200] "GET /Jurek/pupus/feeds/pupus_emagro.xml HTTP/1.0" 200 6155017 "-" "-"
89.161.206.59 - - [28/May/2025:13:52:53 +0200] "GET /Jurek/beltimore/feeds/beltimore_emagro.xml HTTP/1.0" 200 18653945 "-" "-"
89.161.206.59 - - [28/May/2025:13:52:54 +0200] "GET /Jurek/smxdesign/feeds/smxdesign_emagro.xml HTTP/1.0" 200 1829161 "-" "-"
89.161.206.59 - - [28/May/2025:13:52:55 +0200] "GET /Jurek/muminky/feeds/muminky_emagro.xml HTTP/1.0" 200 2678092 "-" "-"
89.161.206.59 - - [28/May/2025:13:52:56 +0200] "GET /Jurek/eurofirany/feeds/eurofirany_emagro.xml HTTP/1.0" 200 18729495 "-" "-"
89.161.206.59 - - [28/May/2025:13:52:57 +0200] "GET /Jurek/qbox/feeds/qbox_emagro.xml HTTP/1.0" 200 398857 "-" "-"
89.161.206.59 - - [28/May/2025:13:52:58 +0200] "GET /Jurek/evil/feeds/evil_emagro.xml HTTP/1.0" 200 306430 "-" "-"
89.161.206.59 - - [28/May/2025:13:52:59 +0200] "GET /Jurek/lerutrade/feeds/lerutrade_manoFR.xml HTTP/1.0" 200 82821 "-" "-"
51.77.52.107 - - [28/May/2025:13:53:00 +0200] "GET /Jurek/eurofirany/images/465127/0.jpg HTTP/2.0" 200 38633 "-" "baselinker"
89.161.206.59 - - [28/May/2025:13:53:00 +0200] "GET /Jurek/emaja24/feeds/emaja24_amazonnl.xml HTTP/1.0" 200 5101991 "-" "-"
89.161.206.59 - - [28/May/2025:13:53:01 +0200] "GET /Jurek/emaja24/feeds/emaja24_amazones.xml HTTP/1.0" 200 5102059 "-" "-"
51.77.52.107 - - [28/May/2025:13:53:18 +0200] "GET /Jurek/eurofirany/images/465128/0.jpg HTTP/2.0" 200 38633 "-" "baselinker"
51.77.52.107 - - [28/May/2025:13:53:24 +0200] "GET /Jurek/eurofirany/images/465128/0.jpg HTTP/2.0" 200 38633 "-" "baselinker"
51.77.52.107 - - [28/May/2025:13:53:31 +0200] "GET /Jurek/eurofirany/images/465128/0.jpg HTTP/2.0" 200 38633 "-" "baselinker"
216.113.184.103 - - [28/May/2025:13:53:35 +0200] "GET /Jurek/topeshop/downloaded_images/5904507207472_Front_mijas_Prawy_niebieski.png HTTP/1.1" 404 3551 "http://www.ebay.com/" "Mozilla/5.0 (Windows NT 10.0; Win64; x64) AppleWebKit/537.36 (KHTML, like Gecko) Chrome/123.0.0.0 Safari/537.36"
216.113.184.103 - - [28/May/2025:13:53:35 +0200] "GET /Jurek/topeshop/downloaded_images/5904507207472_mijas_prawyniebieski.jpg HTTP/1.1" 200 128106 "http://www.ebay.com/" "Mozilla/5.0 (Windows NT 10.0; Win64; x64) AppleWebKit/537.36 (KHTML, like Gecko) Chrome/123.0.0.0 Safari/537.36"
216.113.184.105 - - [28/May/2025:13:53:35 +0200] "GET /Jurek/topeshop/downloaded_images/5904507207472_20st_mijas_prawy_open_niebieski.png HTTP/1.1" 404 3551 "http://www.ebay.com/" "Mozilla/5.0 (Windows NT 10.0; Win64; x64) AppleWebKit/537.36 (KHTML, like Gecko) Chrome/123.0.0.0 Safari/537.36"
216.113.184.101 - - [28/May/2025:13:53:35 +0200] "GET /Jurek/topeshop/downloaded_images/5904507207472_20st_mijas_prawy_niebieski.png HTTP/1.1" 200 245526 "http://www.ebay.com/" "Mozilla/5.0 (Windows NT 10.0; Win64; x64) AppleWebKit/537.36 (KHTML, like Gecko) Chrome/123.0.0.0 Safari/537.36"
51.77.52.107 - - [28/May/2025:13:53:39 +0200] "GET /Jurek/eurofirany/images/465129/0.jpg HTTP/2.0" 200 38633 "-" "baselinker"
51.77.52.107 - - [28/May/2025:13:54:34 +0200] "GET /Jurek/eurofirany/images/465129/0.jpg HTTP/2.0" 200 38633 "-" "baselinker"
89.161.206.59 - - [28/May/2025:13:54:38 +0200] "GET /Jurek/ekotex/feeds/ekotex_emagro.xml HTTP/1.0" 200 197970 "-" "-"
89.161.206.59 - - [28/May/2025:13:54:38 +0200] "GET /Jurek/twojsklep/feeds/twojsklep_emagro.xml HTTP/1.0" 200 126814 "-" "-"
89.161.206.59 - - [28/May/2025:13:54:38 +0200] "GET /Jurek/drewdon/feeds/drewdon_emagro.xml HTTP/1.0" 200 504528 "-" "-"
89.161.206.59 - - [28/May/2025:13:54:38 +0200] "GET /Jurek/wezer/feeds/wezer_emagro.xml HTTP/1.0" 200 210963 "-" "-"
89.161.206.59 - - [28/May/2025:13:54:38 +0200] "GET /Jurek/pasiekaslodka/feeds/pasiekaslodka_emagro.xml HTTP/1.0" 200 119684 "-" "-"
89.161.206.59 - - [28/May/2025:13:54:39 +0200] "GET /Jurek/lendo/feeds/lendo_emagro.xml HTTP/1.0" 200 330409 "-" "-"
51.77.52.107 - - [28/May/2025:13:54:40 +0200] "GET /Jurek/eurofirany/images/465129/0.jpg HTTP/2.0" 200 38633 "-" "baselinker"
89.161.206.59 - - [28/May/2025:13:54:40 +0200] "GET /Jurek/hurtmeblowy/feeds/hurtmeblowy_emagro.xml HTTP/1.0" 200 8544331 "-" "-"
89.161.206.59 - - [28/May/2025:13:54:41 +0200] "GET /Jurek/ikonka/feeds/ikonka_emagro.xml HTTP/1.0" 200 20777138 "-" "-"
89.161.206.59 - - [28/May/2025:13:54:44 +0200] "GET /Jurek/ekuchcikowo/feeds/ekuchcikowo_emagro.xml HTTP/1.0" 200 12472715 "-" "-"
51.77.52.107 - - [28/May/2025:13:54:48 +0200] "GET /Jurek/eurofirany/images/465130/0.jpg HTTP/2.0" 200 38633 "-" "baselinker"
46.101.116.244 - - [28/May/2025:13:54:51 +0200] "GET /Jurek/vivaldi/feeds/vivaldi_allegro.xml HTTP/1.0" 200 344685 "-" "-"
46.101.116.244 - - [28/May/2025:13:54:53 +0200] "GET /Jurek/kokiska/feeds/kokiska_allegro.xml HTTP/1.0" 200 9407205 "-" "-"
51.77.52.107 - - [28/May/2025:13:55:02 +0200] "GET /Jurek/eurofirany/images/465130/0.jpg HTTP/2.0" 200 38633 "-" "baselinker"
51.77.52.107 - - [28/May/2025:13:55:09 +0200] "GET /Jurek/eurofirany/images/465130/0.jpg HTTP/2.0" 200 38633 "-" "baselinker"
51.77.52.107 - - [28/May/2025:13:55:29 +0200] "GET /Jurek/eurofirany/images/465131/0.jpg HTTP/2.0" 200 38633 "-" "baselinker"
51.77.52.107 - - [28/May/2025:13:55:47 +0200] "GET /Jurek/eurofirany/images/465131/0.jpg HTTP/2.0" 200 38633 "-" "baselinker"
89.161.206.59 - - [28/May/2025:13:55:55 +0200] "GET /Jurek/hurtmeblowy/feeds/hurtmeblowy_amazonde.xml HTTP/1.0" 200 7518223 "-" "-"
89.161.206.59 - - [28/May/2025:13:55:57 +0200] "GET /Jurek/tsjerzy/feeds/tsjerzy_amazonde.xml HTTP/1.0" 200 3897649 "-" "-"
89.161.206.59 - - [28/May/2025:13:55:58 +0200] "GET /Jurek/elavia/feeds/elavia_amazonde.xml HTTP/1.0" 200 2497290 "-" "-"
89.161.206.59 - - [28/May/2025:13:55:59 +0200] "GET /Jurek/beltimore/feeds/beltimore_amazonde.xml HTTP/1.0" 200 18652165 "-" "-"
89.161.206.59 - - [28/May/2025:13:56:00 +0200] "GET /Jurek/roger/feeds/roger_amazonde.xml HTTP/1.0" 200 1396573 "-" "-"
51.77.52.107 - - [28/May/2025:13:56:07 +0200] "GET /Jurek/eurofirany/images/465131/0.jpg HTTP/2.0" 200 38633 "-" "baselinker"
51.77.52.107 - - [28/May/2025:13:56:10 +0200] "GET /Jurek/eurofirany/images/465132/0.jpg HTTP/2.0" 200 38633 "-" "baselinker"
51.77.52.107 - - [28/May/2025:13:56:26 +0200] "GET /Jurek/eurofirany/images/465132/0.jpg HTTP/2.0" 200 38633 "-" "baselinker"
51.77.52.107 - - [28/May/2025:13:56:44 +0200] "GET /Jurek/eurofirany/images/465132/0.jpg HTTP/2.0" 200 38633 "-" "baselinker"
89.161.206.59 - - [28/May/2025:13:57:01 +0200] "GET /Jurek/hurtmeblowy/feeds/hurtmeblowy_skroutz.xml HTTP/1.0" 200 8542982 "-" "-"
51.77.52.107 - - [28/May/2025:13:57:04 +0200] "GET /Jurek/eurofirany/images/465134/0.jpg HTTP/2.0" 200 37780 "-" "baselinker"
89.161.206.59 - - [28/May/2025:13:57:17 +0200] "GET /Jurek/eroplace/feeds/eroplace_emagro.xml HTTP/1.0" 200 52150040 "-" "-"
89.161.206.59 - - [28/May/2025:13:57:18 +0200] "GET /Jurek/kinghome/feeds/kinghome_emagro.xml HTTP/1.0" 200 6359586 "-" "-"
51.77.52.107 - - [28/May/2025:13:57:27 +0200] "GET /Jurek/eurofirany/images/465134/0.jpg HTTP/2.0" 200 37780 "-" "baselinker"
51.77.52.107 - - [28/May/2025:13:57:32 +0200] "GET /Jurek/eurofirany/images/465134/0.jpg HTTP/2.0" 200 37780 "-" "baselinker"
51.77.52.107 - - [28/May/2025:13:57:38 +0200] "GET /Jurek/eurofirany/images/465135/0.jpg HTTP/2.0" 200 37780 "-" "baselinker"
89.161.206.59 - - [28/May/2025:13:57:47 +0200] "GET /Jurek/coppotech/feeds/coppotech_skroutz.xml HTTP/1.0" 200 37852809 "-" "-"
89.161.206.59 - - [28/May/2025:13:57:51 +0200] "GET /Jurek/elavia/feeds/elavia_skroutz.xml HTTP/1.0" 200 2297060 "-" "-"
89.161.206.59 - - [28/May/2025:13:57:57 +0200] "GET /Jurek/maksik/feeds/maksik_skroutz.xml HTTP/1.0" 200 4084804 "-" "-"
51.77.52.107 - - [28/May/2025:13:58:00 +0200] "GET /Jurek/eurofirany/images/465135/0.jpg HTTP/2.0" 200 37780 "-" "baselinker"
51.77.52.107 - - [28/May/2025:13:58:06 +0200] "GET /Jurek/eurofirany/images/465135/0.jpg HTTP/2.0" 200 37780 "-" "baselinker"
89.161.206.59 - - [28/May/2025:13:58:07 +0200] "GET /Jurek/smxdesign/feeds/smxdesign_skroutz.xml HTTP/1.0" 200 1828973 "-" "-"
46.101.116.244 - - [28/May/2025:13:58:08 +0200] "GET /Jurek/intsell/feeds/intsell_emagro.xml HTTP/1.0" 200 342078912 "-" "-"
89.161.206.59 - - [28/May/2025:13:58:08 +0200] "GET /Jurek/princelh/feeds/princelh_skroutz.xml HTTP/1.0" 200 133435 "-" "-"
89.161.206.59 - - [28/May/2025:13:58:10 +0200] "GET /Jurek/proparts/feeds/proparts_skroutz.xml HTTP/1.0" 200 707497 "-" "-"
51.77.52.107 - - [28/May/2025:13:58:14 +0200] "GET /Jurek/eurofirany/images/465136/0.jpg HTTP/2.0" 200 37780 "-" "baselinker"
89.161.206.59 - - [28/May/2025:13:58:15 +0200] "GET /Jurek/beltimore/feeds/beltimore_skroutz.xml HTTP/1.0" 200 18651567 "-" "-"
89.161.206.59 - - [28/May/2025:13:58:16 +0200] "GET /Jurek/kristronik/feeds/kristronik_skroutz.xml HTTP/1.0" 200 691991 "-" "-"
51.77.52.107 - - [28/May/2025:13:58:21 +0200] "GET /Jurek/eurofirany/images/465136/0.jpg HTTP/2.0" 200 37780 "-" "baselinker"
89.161.206.59 - - [28/May/2025:13:58:24 +0200] "GET /Jurek/pagmil/feeds/pagmil_emaghu.xml HTTP/1.0" 200 1803748 "-" "-"
89.161.206.59 - - [28/May/2025:13:58:25 +0200] "GET /Jurek/livinhill/feeds/livinhill_emagro.xml HTTP/1.0" 200 167749 "-" "-"
89.161.206.59 - - [28/May/2025:13:58:25 +0200] "GET /Jurek/snibbs/feeds/snibbs_emagro.xml HTTP/1.0" 200 74410 "-" "-"
89.161.206.59 - - [28/May/2025:13:58:25 +0200] "GET /Jurek/jakdroz/feeds/jakdroz_emagro.xml HTTP/1.0" 200 4090823 "-" "-"
89.161.206.59 - - [28/May/2025:13:58:26 +0200] "GET /Jurek/bemipol/feeds/bemipol_emagro.xml HTTP/1.0" 200 423670 "-" "-"
89.161.206.59 - - [28/May/2025:13:58:26 +0200] "GET /Jurek/madrex/feeds/madrex_skroutz.xml HTTP/1.0" 200 466734 "-" "-"
89.161.206.59 - - [28/May/2025:13:58:26 +0200] "GET /Jurek/apresto/feeds/apresto_emagro.xml HTTP/1.0" 200 1327809 "-" "-"
89.161.206.59 - - [28/May/2025:13:58:26 +0200] "GET /Jurek/mojeledy/feeds/mojeledy_emagro.xml HTTP/1.0" 200 1018624 "-" "-"
89.161.206.59 - - [28/May/2025:13:58:26 +0200] "GET /Jurek/andex/feeds/andex_emagro.xml HTTP/1.0" 200 1953944 "-" "-"
89.161.206.59 - - [28/May/2025:13:58:27 +0200] "GET /Jurek/riko/feeds/riko_emagro.xml HTTP/1.0" 200 3786609 "-" "-"
89.161.206.59 - - [28/May/2025:13:58:27 +0200] "GET /Jurek/sovapl/feeds/sovapl_emagro.xml HTTP/1.0" 200 9002680 "-" "-"
89.161.206.59 - - [28/May/2025:13:58:28 +0200] "GET /Jurek/mechdecor/feeds/mechdecor_emagro.xml HTTP/1.0" 200 596294 "-" "-"
89.161.206.59 - - [28/May/2025:13:58:28 +0200] "GET /Jurek/kalama/feeds/kalama_emagro.xml HTTP/1.0" 200 2662086 "-" "-"
89.161.206.59 - - [28/May/2025:13:58:31 +0200] "GET /Jurek/techrebalina/feeds/techrebalina_skroutz.xml HTTP/1.0" 200 2011190 "-" "-"
89.161.206.59 - - [28/May/2025:13:58:32 +0200] "GET /Jurek/techrebal/feeds/techrebal_skroutz.xml HTTP/1.0" 200 1969160 "-" "-"
51.77.52.107 - - [28/May/2025:13:58:33 +0200] "GET /Jurek/eurofirany/images/465136/0.jpg HTTP/2.0" 200 37780 "-" "baselinker"
89.161.206.59 - - [28/May/2025:13:58:35 +0200] "GET /Jurek/nonabox/feeds/nonabox_skroutz.xml HTTP/1.0" 200 33864 "-" "-"
89.161.206.59 - - [28/May/2025:13:58:35 +0200] "GET /Jurek/omi/feeds/omi_skroutz.xml HTTP/1.0" 200 8100727 "-" "-"
89.161.206.59 - - [28/May/2025:13:58:40 +0200] "GET /Jurek/winoszarnia/feeds/winoszarnia_skroutz.xml HTTP/1.0" 200 6064792 "-" "-"
89.161.206.59 - - [28/May/2025:13:58:41 +0200] "GET /Jurek/eoptimo/feeds/eoptimo_skroutz.xml HTTP/1.0" 200 2094329 "-" "-"
51.77.52.107 - - [28/May/2025:13:58:42 +0200] "GET /Jurek/eurofirany/images/465137/0.jpg HTTP/2.0" 200 37780 "-" "baselinker"
51.77.52.107 - - [28/May/2025:13:58:59 +0200] "GET /Jurek/eurofirany/images/465137/0.jpg HTTP/2.0" 200 37780 "-" "baselinker"
51.77.52.107 - - [28/May/2025:13:59:14 +0200] "GET /Jurek/eurofirany/images/465137/0.jpg HTTP/2.0" 200 37780 "-" "baselinker"
51.77.52.107 - - [28/May/2025:13:59:25 +0200] "GET /Jurek/eurofirany/images/465138/0.jpg HTTP/2.0" 200 37780 "-" "baselinker"
51.77.52.107 - - [28/May/2025:13:59:53 +0200] "GET /Jurek/eurofirany/images/465138/0.jpg HTTP/2.0" 200 37780 "-" "baselinker"
35.204.39.32 - - [28/May/2025:14:00:12 +0200] "GET /marketplaces/carrefour_fr/results/carrefour_fr.csv HTTP/1.1" 200 6207611 "-" "Mirakl HttpClient"
51.77.52.107 - - [28/May/2025:14:00:13 +0200] "GET /Jurek/eurofirany/images/465138/0.jpg HTTP/2.0" 200 37780 "-" "baselinker"
85.14.86.141 - - [28/May/2025:14:00:18 +0200] "GET /Jurek/vida_morele/feeds/VidaPL_all.xml HTTP/2.0" 200 767081609 "-" "MarketplaceAPI curl/7.74.0 PHP/8"
51.77.52.107 - - [28/May/2025:14:00:22 +0200] "GET /Jurek/eurofirany/images/465139/0.jpg HTTP/2.0" 200 37780 "-" "baselinker"
51.77.52.107 - - [28/May/2025:14:00:36 +0200] "GET /Jurek/eurofirany/images/465139/0.jpg HTTP/2.0" 200 37780 "-" "baselinker"
13.213.171.53 - - [28/May/2025:14:00:41 +0200] "GET /Jurek/eurofirany/images/378046/5.jpg HTTP/2.0" 200 33 "-" "python-requests/2.30.0"
52.18.22.0 - - [28/May/2025:14:00:43 +0200] "GET /marketplaces/ubaldi/results/ubaldi.csv HTTP/1.1" 200 147219 "-" "Mirakl HttpClient"
51.77.52.107 - - [28/May/2025:14:00:50 +0200] "GET /Jurek/eurofirany/images/465139/0.jpg HTTP/2.0" 200 37780 "-" "baselinker"
51.77.52.107 - - [28/May/2025:14:01:14 +0200] "GET /Jurek/eurofirany/images/325011/0.jpg HTTP/2.0" 200 150451 "-" "baselinker"
35.204.39.32 - - [28/May/2025:14:01:24 +0200] "GET /marketplaces/vente/results/vente_nl.csv HTTP/1.1" 200 147219 "-" "Mirakl HttpClient"
35.204.39.32 - - [28/May/2025:14:01:24 +0200] "GET /marketplaces/vente/results/vente_fr.csv HTTP/1.1" 200 147219 "-" "Mirakl HttpClient"
35.204.39.32 - - [28/May/2025:14:01:24 +0200] "GET /marketplaces/vente/results/vente_be.csv HTTP/1.1" 200 163603 "-" "Mirakl HttpClient"
35.204.39.32 - - [28/May/2025:14:01:24 +0200] "GET /marketplaces/vente/results/vente_it.csv HTTP/1.1" 200 147219 "-" "Mirakl HttpClient"
35.204.39.32 - - [28/May/2025:14:01:24 +0200] "GET /marketplaces/vente/results/vente_es.csv HTTP/1.1" 200 147219 "-" "Mirakl HttpClient"
35.204.39.32 - - [28/May/2025:14:01:24 +0200] "GET /marketplaces/vente/results/vente_de.csv HTTP/1.1" 200 147219 "-" "Mirakl HttpClient"
51.77.52.107 - - [28/May/2025:14:01:45 +0200] "GET /Jurek/eurofirany/images/325011/0.jpg HTTP/2.0" 200 150451 "-" "baselinker"
52.17.80.36 - - [28/May/2025:14:02:01 +0200] "GET /marketplaces/rue/results/rue.csv HTTP/1.1" 200 147219 "-" "Mirakl HttpClient"
51.77.52.107 - - [28/May/2025:14:02:10 +0200] "GET /Jurek/eurofirany/images/325011/0.jpg HTTP/2.0" 200 150451 "-" "baselinker"
51.77.52.107 - - [28/May/2025:14:02:36 +0200] "GET /Jurek/eurofirany/images/325014/0.jpg HTTP/2.0" 200 164854 "-" "baselinker"
51.77.52.107 - - [28/May/2025:14:02:42 +0200] "GET /Jurek/eurofirany/images/325014/0.jpg HTTP/2.0" 200 164854 "-" "baselinker"
51.77.52.107 - - [28/May/2025:14:03:00 +0200] "GET /Jurek/eurofirany/images/325014/0.jpg HTTP/2.0" 200 164854 "-" "baselinker"
89.161.206.59 - - [28/May/2025:14:03:06 +0200] "GET /Jurek/slayo/feeds/slayo_skroutz.xml HTTP/1.0" 200 183610 "-" "-"
51.77.52.107 - - [28/May/2025:14:03:24 +0200] "GET /Jurek/eurofirany/images/325018/0.jpg HTTP/2.0" 200 150596 "-" "baselinker"
52.209.168.113 - - [28/May/2025:14:03:38 +0200] "GET /marketplaces/carrefour/results/carrefour.csv HTTP/1.1" 200 800419 "-" "Mirakl HttpClient"
89.161.206.59 - - [28/May/2025:14:03:41 +0200] "GET /Jurek/gandalf/feeds/gandalf_emagro.xml HTTP/1.0" 200 1082610 "-" "-"
89.161.206.59 - - [28/May/2025:14:03:41 +0200] "GET /Jurek/zami/feeds/zami_emagro.xml HTTP/1.0" 200 4475691 "-" "-"
66.249.70.36 - - [28/May/2025:14:03:42 +0200] "GET /Jurek/topeshop/downloaded_images/5902838468425_Opal_Sonoma_Szafka.jpg HTTP/1.1" 404 3551 "-" "Googlebot-Image/1.0"
66.249.70.36 - - [28/May/2025:14:03:49 +0200] "GET /Jurek/topeshop/downloaded_images/5902838463338_Dallas_Sonoma(5).jpg HTTP/1.1" 404 3551 "-" "Googlebot-Image/1.0"
51.77.52.107 - - [28/May/2025:14:03:53 +0200] "GET /Jurek/eurofirany/images/325018/0.jpg HTTP/2.0" 200 150596 "-" "baselinker"
51.77.52.107 - - [28/May/2025:14:04:14 +0200] "GET /Jurek/eurofirany/images/325018/0.jpg HTTP/2.0" 200 150596 "-" "baselinker"
85.14.86.141 - - [28/May/2025:14:04:32 +0200] "GET /Jurek/kinghoff/feeds/kinghoff_morele.xml HTTP/2.0" 200 15620340 "-" "MarketplaceAPI curl/7.74.0 PHP/8"
51.77.52.107 - - [28/May/2025:14:04:36 +0200] "GET /Jurek/eurofirany/images/325020/0.jpg HTTP/2.0" 200 135786 "-" "baselinker"
216.113.184.101 - - [28/May/2025:14:04:38 +0200] "GET /Jurek/topeshop/downloaded_images/5904507200367_BILBAO7(1).jpg HTTP/1.1" 404 3551 "http://www.ebay.com/" "Mozilla/5.0 (Windows NT 10.0; Win64; x64) AppleWebKit/537.36 (KHTML, like Gecko) Chrome/123.0.0.0 Safari/537.36"
216.113.184.102 - - [28/May/2025:14:04:38 +0200] "GET /Jurek/topeshop/downloaded_images/5904507200367_BILBAO7(2).jpg HTTP/1.1" 404 3551 "http://www.ebay.com/" "Mozilla/5.0 (Windows NT 10.0; Win64; x64) AppleWebKit/537.36 (KHTML, like Gecko) Chrome/123.0.0.0 Safari/537.36"
216.113.184.104 - - [28/May/2025:14:04:38 +0200] "GET /Jurek/topeshop/downloaded_images/5904507200367_wizualizacja.jpg HTTP/1.1" 200 65961 "http://www.ebay.com/" "Mozilla/5.0 (Windows NT 10.0; Win64; x64) AppleWebKit/537.36 (KHTML, like Gecko) Chrome/123.0.0.0 Safari/537.36"
216.113.184.104 - - [28/May/2025:14:04:38 +0200] "GET /Jurek/topeshop/downloaded_images/5904507200367_3--.jpg HTTP/1.1" 200 52014 "http://www.ebay.com/" "Mozilla/5.0 (Windows NT 10.0; Win64; x64) AppleWebKit/537.36 (KHTML, like Gecko) Chrome/123.0.0.0 Safari/537.36"
216.113.184.103 - - [28/May/2025:14:04:38 +0200] "GET /Jurek/topeshop/downloaded_images/5904507200367_BILBAO7(3).jpg HTTP/1.1" 404 3551 "http://www.ebay.com/" "Mozilla/5.0 (Windows NT 10.0; Win64; x64) AppleWebKit/537.36 (KHTML, like Gecko) Chrome/123.0.0.0 Safari/537.36"
216.113.184.104 - - [28/May/2025:14:04:38 +0200] "GET /Jurek/topeshop/downloaded_images/5904507200367_BILBAO7(4).jpg HTTP/1.1" 404 3551 "http://www.ebay.com/" "Mozilla/5.0 (Windows NT 10.0; Win64; x64) AppleWebKit/537.36 (KHTML, like Gecko) Chrome/123.0.0.0 Safari/537.36"
216.113.184.102 - - [28/May/2025:14:04:38 +0200] "GET /Jurek/topeshop/downloaded_images/5904507200367_biel.png HTTP/1.1" 200 102179 "http://www.ebay.com/" "Mozilla/5.0 (Windows NT 10.0; Win64; x64) AppleWebKit/537.36 (KHTML, like Gecko) Chrome/123.0.0.0 Safari/537.36"
216.113.184.103 - - [28/May/2025:14:04:39 +0200] "GET /Jurek/topeshop/downloaded_images/5904507200367_1.jpg HTTP/1.1" 200 29380 "http://www.ebay.com/" "Mozilla/5.0 (Windows NT 10.0; Win64; x64) AppleWebKit/537.36 (KHTML, like Gecko) Chrome/123.0.0.0 Safari/537.36"
89.161.206.59 - - [28/May/2025:14:04:53 +0200] "GET /Jurek/b3/feeds/b3_ebayde.xml HTTP/1.0" 200 5887320 "-" "-"
51.77.52.107 - - [28/May/2025:14:05:08 +0200] "GET /Jurek/eurofirany/images/325020/0.jpg HTTP/2.0" 200 135786 "-" "baselinker"
51.77.52.107 - - [28/May/2025:14:05:29 +0200] "GET /Jurek/eurofirany/images/325020/0.jpg HTTP/2.0" 200 135786 "-" "baselinker"
51.77.52.107 - - [28/May/2025:14:05:36 +0200] "GET /Jurek/eurofirany/images/349423/0.jpg HTTP/2.0" 200 164854 "-" "baselinker"
89.161.206.59 - - [28/May/2025:14:05:56 +0200] "GET /Jurek/proadventure/feeds/proadventure_emag.xml HTTP/1.0" 200 10765310 "-" "-"
51.77.52.107 - - [28/May/2025:14:06:00 +0200] "GET /Jurek/eurofirany/images/349423/0.jpg HTTP/2.0" 200 164854 "-" "baselinker"
51.77.52.107 - - [28/May/2025:14:06:03 +0200] "GET /Jurek/eurofirany/images/349423/0.jpg HTTP/2.0" 200 164854 "-" "baselinker"
51.77.52.107 - - [28/May/2025:14:06:22 +0200] "GET /Jurek/eurofirany/images/349455/0.jpg HTTP/2.0" 200 164808 "-" "baselinker"
51.77.52.107 - - [28/May/2025:14:06:55 +0200] "GET /Jurek/eurofirany/images/349455/0.jpg HTTP/2.0" 200 164808 "-" "baselinker"
89.161.206.59 - - [28/May/2025:14:07:10 +0200] "GET /Jurek/snibbs/feeds/snibbs_skroutz.xml HTTP/1.0" 200 74398 "-" "-"
51.77.52.107 - - [28/May/2025:14:07:13 +0200] "GET /Jurek/eurofirany/images/349455/0.jpg HTTP/2.0" 200 164808 "-" "baselinker"
89.161.206.59 - - [28/May/2025:14:07:32 +0200] "GET /Jurek/globaldeli/feeds/globaldeli_skroutz.xml HTTP/1.0" 200 2590887 "-" "-"
51.77.52.107 - - [28/May/2025:14:07:35 +0200] "GET /Jurek/eurofirany/images/349462/0.jpg HTTP/2.0" 200 150596 "-" "baselinker"
89.161.206.59 - - [28/May/2025:14:07:39 +0200] "GET /Jurek/rems/feeds/rems_emag.xml HTTP/1.0" 200 8706535 "-" "-"
85.14.86.141 - - [28/May/2025:14:07:41 +0200] "GET /Jurek/eurofirany/feeds/eurofirany_morele.xml HTTP/2.0" 200 18720286 "-" "MarketplaceAPI curl/7.74.0 PHP/8"
51.77.52.107 - - [28/May/2025:14:07:53 +0200] "GET /Jurek/eurofirany/images/349462/0.jpg HTTP/2.0" 200 150596 "-" "baselinker"
85.14.86.141 - - [28/May/2025:14:07:59 +0200] "GET /Jurek/vivaldi/feeds/vivaldi_Morele-PL.xml HTTP/2.0" 200 344674 "-" "MarketplaceAPI curl/7.74.0 PHP/8"
89.161.206.59 - - [28/May/2025:14:07:59 +0200] "GET /Jurek/ikonka/feeds/ikonka_allegro_cz.xml HTTP/1.0" 200 20776534 "-" "-"
51.77.52.107 - - [28/May/2025:14:08:02 +0200] "GET /Jurek/eurofirany/images/349462/0.jpg HTTP/2.0" 200 150596 "-" "baselinker"
51.77.52.107 - - [28/May/2025:14:08:23 +0200] "GET /Jurek/eurofirany/images/349465/0.jpg HTTP/2.0" 200 135786 "-" "baselinker"
51.77.52.107 - - [28/May/2025:14:08:31 +0200] "GET /Jurek/eurofirany/images/349465/0.jpg HTTP/2.0" 200 135786 "-" "baselinker"
51.77.52.107 - - [28/May/2025:14:08:39 +0200] "GET /Jurek/eurofirany/images/349465/0.jpg HTTP/2.0" 200 135786 "-" "baselinker"
89.161.206.59 - - [28/May/2025:14:08:50 +0200] "GET /Jurek/regis/feeds/regis_skroutz.xml HTTP/1.0" 200 228467 "-" "-"
51.77.52.107 - - [28/May/2025:14:08:58 +0200] "GET /Jurek/eurofirany/images/349469/0.jpg HTTP/2.0" 200 152870 "-" "baselinker"
51.77.52.107 - - [28/May/2025:14:09:35 +0200] "GET /Jurek/eurofirany/images/349469/0.jpg HTTP/2.0" 200 152870 "-" "baselinker"
185.6.76.18 - - [28/May/2025:14:09:45 +0200] "GET /marketplaces/skroutz/feeds/shumee.xml HTTP/1.1" 200 411715375 "-" "SkroutzBot v1.0"
85.14.86.141 - - [28/May/2025:14:09:50 +0200] "GET /Jurek/vida_morele/feeds/VidaPL_morele.xml HTTP/2.0" 200 767082792 "-" "MarketplaceAPI curl/7.74.0 PHP/8"
85.14.86.141 - - [28/May/2025:14:09:54 +0200] "GET /Jurek/aw/feeds/awnarzedzia_morele.xml HTTP/2.0" 200 91123092 "-" "MarketplaceAPI curl/7.74.0 PHP/8"
51.77.52.107 - - [28/May/2025:14:09:56 +0200] "GET /Jurek/eurofirany/images/349469/0.jpg HTTP/2.0" 200 152870 "-" "baselinker"
51.77.52.107 - - [28/May/2025:14:10:03 +0200] "GET /Jurek/eurofirany/images/349470/0.jpg HTTP/2.0" 200 152870 "-" "baselinker"
77.79.248.229 - - [28/May/2025:14:10:06 +0200] "GET /Jurek/ikonka/feeds/ikonka_cdon_se.xml HTTP/1.1" 200 20778012 "-" "python-requests/2.32.3"
77.79.248.229 - - [28/May/2025:14:10:07 +0200] "GET /Jurek/ikonka/feeds/ikonka_cdon_dk.xml HTTP/1.1" 200 20777915 "-" "python-requests/2.32.3"
77.79.248.229 - - [28/May/2025:14:10:08 +0200] "GET /Jurek/ikonka/feeds/ikonka_cdon_fi.xml HTTP/1.1" 200 20775962 "-" "python-requests/2.32.3"
77.79.248.229 - - [28/May/2025:14:10:15 +0200] "GET /Jurek/rovicky/feeds/rovicky_cdonSE.xml HTTP/1.1" 200 14979313 "-" "python-requests/2.32.3"
77.79.248.229 - - [28/May/2025:14:10:15 +0200] "GET /Jurek/rovicky/feeds/rovicky_cdonDK.xml HTTP/1.1" 200 14979292 "-" "python-requests/2.32.3"
77.79.248.229 - - [28/May/2025:14:10:16 +0200] "GET /Jurek/rovicky/feeds/rovicky_cdonFI.xml HTTP/1.1" 200 14973993 "-" "python-requests/2.32.3"
77.79.248.229 - - [28/May/2025:14:10:16 +0200] "GET /Jurek/benbaby/feeds/benbaby_cdon_se.xml HTTP/1.1" 200 3706323 "-" "python-requests/2.32.3"
77.79.248.229 - - [28/May/2025:14:10:16 +0200] "GET /Jurek/benbaby/feeds/benbaby_cdon_dk.xml HTTP/1.1" 200 3706161 "-" "python-requests/2.32.3"
77.79.248.229 - - [28/May/2025:14:10:16 +0200] "GET /Jurek/benbaby/feeds/benbaby_cdon_fi.xml HTTP/1.1" 200 3703426 "-" "python-requests/2.32.3"
77.79.248.229 - - [28/May/2025:14:10:17 +0200] "GET /Jurek/candellux/feeds/candellux_cdon_se.xml HTTP/1.1" 200 466166 "-" "python-requests/2.32.3"
77.79.248.229 - - [28/May/2025:14:10:17 +0200] "GET /Jurek/candellux/feeds/candellux_cdon_dk.xml HTTP/1.1" 200 466129 "-" "python-requests/2.32.3"
77.79.248.229 - - [28/May/2025:14:10:17 +0200] "GET /Jurek/candellux/feeds/candellux_cdon_fi.xml HTTP/1.1" 200 465745 "-" "python-requests/2.32.3"
51.77.52.107 - - [28/May/2025:14:10:22 +0200] "GET /Jurek/eurofirany/images/349470/0.jpg HTTP/2.0" 200 152870 "-" "baselinker"
77.79.248.229 - - [28/May/2025:14:10:22 +0200] "GET /Jurek/topeshop/feeds/topeshop_cdon_se.xml HTTP/1.1" 200 3021806 "-" "python-requests/2.32.3"
77.79.248.229 - - [28/May/2025:14:10:23 +0200] "GET /Jurek/topeshop/feeds/topeshop_cdon_dk.xml HTTP/1.1" 200 3021551 "-" "python-requests/2.32.3"
77.79.248.229 - - [28/May/2025:14:10:23 +0200] "GET /Jurek/topeshop/feeds/topeshop_cdon_fi.xml HTTP/1.1" 200 3021070 "-" "python-requests/2.32.3"
77.79.248.229 - - [28/May/2025:14:10:23 +0200] "GET /Jurek/asortymenteu/feeds/asortymenteu_cdon_se.xml HTTP/1.1" 200 2872964 "-" "python-requests/2.32.3"
77.79.248.229 - - [28/May/2025:14:10:23 +0200] "GET /Jurek/asortymenteu/feeds/asortymenteu_cdon_dk.xml HTTP/1.1" 200 2872911 "-" "python-requests/2.32.3"
77.79.248.229 - - [28/May/2025:14:10:23 +0200] "GET /Jurek/asortymenteu/feeds/asortymenteu_cdon_fi.xml HTTP/1.1" 200 2871922 "-" "python-requests/2.32.3"
77.79.248.229 - - [28/May/2025:14:10:23 +0200] "GET /Jurek/fernity/feeds/fernity_cdon_se.xml HTTP/1.1" 200 4721019 "-" "python-requests/2.32.3"
77.79.248.229 - - [28/May/2025:14:10:24 +0200] "GET /Jurek/fernity/feeds/fernity_cdon_dk.xml HTTP/1.1" 200 4720555 "-" "python-requests/2.32.3"
77.79.248.229 - - [28/May/2025:14:10:24 +0200] "GET /Jurek/fernity/feeds/fernity_cdon_fi.xml HTTP/1.1" 200 4717871 "-" "python-requests/2.32.3"
77.79.248.229 - - [28/May/2025:14:10:25 +0200] "GET /Jurek/aw/feeds/awnarzedzia_cdon_se.xml HTTP/1.1" 200 91200058 "-" "python-requests/2.32.3"
77.79.248.229 - - [28/May/2025:14:10:27 +0200] "GET /Jurek/aw/feeds/awnarzedzia_cdon_dk.xml HTTP/1.1" 200 91195937 "-" "python-requests/2.32.3"
89.161.206.59 - - [28/May/2025:14:10:28 +0200] "GET /Jurek/lerutrade/feeds/lerutrade_emag.xml HTTP/1.0" 200 82823 "-" "-"
51.77.52.107 - - [28/May/2025:14:10:28 +0200] "GET /Jurek/eurofirany/images/349470/0.jpg HTTP/2.0" 200 152870 "-" "baselinker"
77.79.248.229 - - [28/May/2025:14:10:29 +0200] "GET /Jurek/aw/feeds/awnarzedzia_cdon_fi.xml HTTP/1.1" 200 91112004 "-" "python-requests/2.32.3"
77.79.248.229 - - [28/May/2025:14:10:29 +0200] "GET /Jurek/activeshop/feeds/activeshop_cdon_se.xml HTTP/1.1" 200 10395826 "-" "python-requests/2.32.3"
77.79.248.229 - - [28/May/2025:14:10:29 +0200] "GET /Jurek/activeshop/feeds/activeshop_cdon_dk.xml HTTP/1.1" 200 10395468 "-" "python-requests/2.32.3"
77.79.248.229 - - [28/May/2025:14:10:30 +0200] "GET /Jurek/activeshop/feeds/activeshop_cdon_fi.xml HTTP/1.1" 200 10392109 "-" "python-requests/2.32.3"
77.79.248.229 - - [28/May/2025:14:10:32 +0200] "GET /Jurek/ikonka/feeds/ikonka_cdon_se.xml HTTP/1.1" 200 20778012 "-" "python-requests/2.32.3"
77.79.248.229 - - [28/May/2025:14:10:32 +0200] "GET /Jurek/ikonka/feeds/ikonka_cdon_dk.xml HTTP/1.1" 200 20777915 "-" "python-requests/2.32.3"
77.79.248.229 - - [28/May/2025:14:10:33 +0200] "GET /Jurek/ikonka/feeds/ikonka_cdon_fi.xml HTTP/1.1" 200 20775962 "-" "python-requests/2.32.3"
77.79.248.229 - - [28/May/2025:14:10:35 +0200] "GET /Jurek/swiatecznygoliat/feeds/swiatecznygoliat_cdon_se.xml HTTP/1.1" 200 7053438 "-" "python-requests/2.32.3"
77.79.248.229 - - [28/May/2025:14:10:35 +0200] "GET /Jurek/swiatecznygoliat/feeds/swiatecznygoliat_cdon_dk.xml HTTP/1.1" 200 7053359 "-" "python-requests/2.32.3"
77.79.248.229 - - [28/May/2025:14:10:35 +0200] "GET /Jurek/swiatecznygoliat/feeds/swiatecznygoliat_cdon_fi.xml HTTP/1.1" 200 7050874 "-" "python-requests/2.32.3"
77.79.248.229 - - [28/May/2025:14:10:35 +0200] "GET /Jurek/slayo/feeds/slayo_cdon_se.xml HTTP/1.1" 200 183624 "-" "python-requests/2.32.3"
77.79.248.229 - - [28/May/2025:14:10:35 +0200] "GET /Jurek/slayo/feeds/slayo_cdon_dk.xml HTTP/1.1" 200 183625 "-" "python-requests/2.32.3"
77.79.248.229 - - [28/May/2025:14:10:35 +0200] "GET /Jurek/slayo/feeds/slayo_cdon_fi.xml HTTP/1.1" 200 183611 "-" "python-requests/2.32.3"
77.79.248.229 - - [28/May/2025:14:10:36 +0200] "GET /Jurek/bass/feeds/bass_cdon_se.xml HTTP/1.1" 200 3973603 "-" "python-requests/2.32.3"
77.79.248.229 - - [28/May/2025:14:10:37 +0200] "GET /Jurek/bass/feeds/bass_cdon_dk.xml HTTP/1.1" 200 3973413 "-" "python-requests/2.32.3"
77.79.248.229 - - [28/May/2025:14:10:37 +0200] "GET /Jurek/bass/feeds/bass_cdon_fi.xml HTTP/1.1" 200 3971963 "-" "python-requests/2.32.3"
77.79.248.229 - - [28/May/2025:14:10:37 +0200] "GET /Jurek/benetech/feeds/benetech_cdon_se.xml HTTP/1.1" 200 4165797 "-" "python-requests/2.32.3"
77.79.248.229 - - [28/May/2025:14:10:37 +0200] "GET /Jurek/benetech/feeds/benetech_cdon_dk.xml HTTP/1.1" 200 4165753 "-" "python-requests/2.32.3"
77.79.248.229 - - [28/May/2025:14:10:37 +0200] "GET /Jurek/benetech/feeds/benetech_cdon_fi.xml HTTP/1.1" 200 4165407 "-" "python-requests/2.32.3"
77.79.248.229 - - [28/May/2025:14:10:37 +0200] "GET /Jurek/waks/feeds/waks_cdon_se.xml HTTP/1.1" 200 1598639 "-" "python-requests/2.32.3"
77.79.248.229 - - [28/May/2025:14:10:37 +0200] "GET /Jurek/waks/feeds/waks_cdon_dk.xml HTTP/1.1" 200 1598639 "-" "python-requests/2.32.3"
77.79.248.229 - - [28/May/2025:14:10:38 +0200] "GET /Jurek/waks/feeds/waks_cdon_fi.xml HTTP/1.1" 200 1596552 "-" "python-requests/2.32.3"
77.79.248.229 - - [28/May/2025:14:10:38 +0200] "GET /Jurek/kambukka/feeds/kambukka_cdon_se.xml HTTP/1.1" 200 1023749 "-" "python-requests/2.32.3"
77.79.248.229 - - [28/May/2025:14:10:38 +0200] "GET /Jurek/kambukka/feeds/kambukka_cdon_dk.xml HTTP/1.1" 200 1023743 "-" "python-requests/2.32.3"
89.161.206.59 - - [28/May/2025:14:10:38 +0200] "GET /Jurek/topeshop/feeds/topeshop_amazonSE.xml HTTP/1.0" 200 3021776 "-" "-"
77.79.248.229 - - [28/May/2025:14:10:38 +0200] "GET /Jurek/kambukka/feeds/kambukka_cdon_fi.xml HTTP/1.1" 200 1023478 "-" "python-requests/2.32.3"
85.14.86.141 - - [28/May/2025:14:10:38 +0200] "GET /Jurek/beliani/feeds/beliani_morele.xml HTTP/2.0" 200 29763733 "-" "MarketplaceAPI curl/7.74.0 PHP/8"
77.79.248.229 - - [28/May/2025:14:10:38 +0200] "GET /Jurek/hdwr/feeds/hdwr_cdon_se.xml HTTP/1.1" 200 789715 "-" "python-requests/2.32.3"
77.79.248.229 - - [28/May/2025:14:10:38 +0200] "GET /Jurek/hdwr/feeds/hdwr_cdon_dk.xml HTTP/1.1" 200 789659 "-" "python-requests/2.32.3"
77.79.248.229 - - [28/May/2025:14:10:38 +0200] "GET /Jurek/hdwr/feeds/hdwr_cdon_fi.xml HTTP/1.1" 200 789442 "-" "python-requests/2.32.3"
77.79.248.229 - - [28/May/2025:14:10:39 +0200] "GET /Jurek/targethome/feeds/targethome_cdon_se.xml HTTP/1.1" 200 688758 "-" "python-requests/2.32.3"
77.79.248.229 - - [28/May/2025:14:10:40 +0200] "GET /Jurek/targethome/feeds/targethome_cdon_dk.xml HTTP/1.1" 200 688716 "-" "python-requests/2.32.3"
77.79.248.229 - - [28/May/2025:14:10:40 +0200] "GET /Jurek/targethome/feeds/targethome_cdon_fi.xml HTTP/1.1" 200 688624 "-" "python-requests/2.32.3"
77.79.248.229 - - [28/May/2025:14:10:41 +0200] "GET /Jurek/eroplace/feeds/eroplace_cdon_se.xml HTTP/1.1" 200 52158744 "-" "python-requests/2.32.3"
77.79.248.229 - - [28/May/2025:14:10:42 +0200] "GET /Jurek/eroplace/feeds/eroplace_cdon_dk.xml HTTP/1.1" 200 52157498 "-" "python-requests/2.32.3"
77.79.248.229 - - [28/May/2025:14:10:43 +0200] "GET /Jurek/eroplace/feeds/eroplace_cdon_fi.xml HTTP/1.1" 200 52134387 "-" "python-requests/2.32.3"
77.79.248.229 - - [28/May/2025:14:10:44 +0200] "GET /Jurek/artdog/feeds/artdog_cdon_se.xml HTTP/1.1" 200 17166320 "-" "python-requests/2.32.3"
77.79.248.229 - - [28/May/2025:14:10:44 +0200] "GET /Jurek/artdog/feeds/artdog_cdon_dk.xml HTTP/1.1" 200 17166530 "-" "python-requests/2.32.3"
77.79.248.229 - - [28/May/2025:14:10:45 +0200] "GET /Jurek/artdog/feeds/artdog_cdon_fi.xml HTTP/1.1" 200 17159596 "-" "python-requests/2.32.3"
77.79.248.229 - - [28/May/2025:14:10:45 +0200] "GET /Jurek/sempler/feeds/sempler_cdon_se.xml HTTP/1.1" 200 6789188 "-" "python-requests/2.32.3"
77.79.248.229 - - [28/May/2025:14:10:45 +0200] "GET /Jurek/sempler/feeds/sempler_cdon_dk.xml HTTP/1.1" 200 6789163 "-" "python-requests/2.32.3"
77.79.248.229 - - [28/May/2025:14:10:45 +0200] "GET /Jurek/sempler/feeds/sempler_cdon_fi.xml HTTP/1.1" 200 6787932 "-" "python-requests/2.32.3"
77.79.248.229 - - [28/May/2025:14:10:45 +0200] "GET /Jurek/oromed/feeds/oromed_cdon_se.xml HTTP/1.1" 200 1290281 "-" "python-requests/2.32.3"
77.79.248.229 - - [28/May/2025:14:10:46 +0200] "GET /Jurek/oromed/feeds/oromed_cdon_dk.xml HTTP/1.1" 200 1290273 "-" "python-requests/2.32.3"
77.79.248.229 - - [28/May/2025:14:10:46 +0200] "GET /Jurek/oromed/feeds/oromed_cdon_fi.xml HTTP/1.1" 200 1290055 "-" "python-requests/2.32.3"
77.79.248.229 - - [28/May/2025:14:10:46 +0200] "GET /Jurek/hurtmeblowy/feeds/hurtmeblowy_cdon_se.xml HTTP/1.1" 200 8545317 "-" "python-requests/2.32.3"
77.79.248.229 - - [28/May/2025:14:10:46 +0200] "GET /Jurek/hurtmeblowy/feeds/hurtmeblowy_cdon_dk.xml HTTP/1.1" 200 8544902 "-" "python-requests/2.32.3"
77.79.248.229 - - [28/May/2025:14:10:46 +0200] "GET /Jurek/hurtmeblowy/feeds/hurtmeblowy_cdon_fi.xml HTTP/1.1" 200 8543091 "-" "python-requests/2.32.3"
77.79.248.229 - - [28/May/2025:14:10:47 +0200] "GET /Jurek/narzbud/feeds/narzbud_cdon_se.xml HTTP/1.1" 200 1901963 "-" "python-requests/2.32.3"
77.79.248.229 - - [28/May/2025:14:10:47 +0200] "GET /Jurek/narzbud/feeds/narzbud_cdon_dk.xml HTTP/1.1" 200 1901963 "-" "python-requests/2.32.3"
77.79.248.229 - - [28/May/2025:14:10:47 +0200] "GET /Jurek/narzbud/feeds/narzbud_cdon_fi.xml HTTP/1.1" 200 1901203 "-" "python-requests/2.32.3"
77.79.248.229 - - [28/May/2025:14:10:47 +0200] "GET /Jurek/livinhill/feeds/livinhill_cdon_se.xml HTTP/1.1" 200 212125 "-" "python-requests/2.32.3"
77.79.248.229 - - [28/May/2025:14:10:47 +0200] "GET /Jurek/livinhill/feeds/livinhill_cdon_dk.xml HTTP/1.1" 200 1492914 "-" "python-requests/2.32.3"
77.79.248.229 - - [28/May/2025:14:10:47 +0200] "GET /Jurek/livinhill/feeds/livinhill_cdon_fi.xml HTTP/1.1" 200 1492473 "-" "python-requests/2.32.3"
77.79.248.229 - - [28/May/2025:14:10:47 +0200] "GET /Jurek/ekuchcikowo/feeds/ekuchcikowo_cdon_se.xml HTTP/1.1" 200 12473270 "-" "python-requests/2.32.3"
77.79.248.229 - - [28/May/2025:14:10:48 +0200] "GET /Jurek/ekuchcikowo/feeds/ekuchcikowo_cdon_dk.xml HTTP/1.1" 200 12473192 "-" "python-requests/2.32.3"
77.79.248.229 - - [28/May/2025:14:10:48 +0200] "GET /Jurek/ekuchcikowo/feeds/ekuchcikowo_cdon_fi.xml HTTP/1.1" 200 12471019 "-" "python-requests/2.32.3"
77.79.248.229 - - [28/May/2025:14:10:48 +0200] "GET /Jurek/fertone/feeds/fertone_cdon_se.xml HTTP/1.1" 200 584240 "-" "python-requests/2.32.3"
77.79.248.229 - - [28/May/2025:14:10:48 +0200] "GET /Jurek/fertone/feeds/fertone_cdon_dk.xml HTTP/1.1" 200 584196 "-" "python-requests/2.32.3"
77.79.248.229 - - [28/May/2025:14:10:48 +0200] "GET /Jurek/fertone/feeds/fertone_cdon_fi.xml HTTP/1.1" 200 583887 "-" "python-requests/2.32.3"
77.79.248.229 - - [28/May/2025:14:10:50 +0200] "GET /Jurek/cbdgreen/feeds/cbdgreen_cdon_se.xml HTTP/1.1" 200 50550 "-" "python-requests/2.32.3"
77.79.248.229 - - [28/May/2025:14:10:50 +0200] "GET /Jurek/cbdgreen/feeds/cbdgreen_cdon_dk.xml HTTP/1.1" 200 50548 "-" "python-requests/2.32.3"
77.79.248.229 - - [28/May/2025:14:10:50 +0200] "GET /Jurek/cbdgreen/feeds/cbdgreen_cdon_fi.xml HTTP/1.1" 200 50543 "-" "python-requests/2.32.3"
77.79.248.229 - - [28/May/2025:14:10:50 +0200] "GET /Jurek/pawonik/feeds/pawonik_cdon_se.xml HTTP/1.1" 200 2138756 "-" "python-requests/2.32.3"
77.79.248.229 - - [28/May/2025:14:10:50 +0200] "GET /Jurek/pawonik/feeds/pawonik_cdon_dk.xml HTTP/1.1" 200 2138734 "-" "python-requests/2.32.3"
77.79.248.229 - - [28/May/2025:14:10:50 +0200] "GET /Jurek/pawonik/feeds/pawonik_cdon_fi.xml HTTP/1.1" 200 2138406 "-" "python-requests/2.32.3"
77.79.248.229 - - [28/May/2025:14:10:50 +0200] "GET /Jurek/mosti/feeds/mosti_cdon_se.xml HTTP/1.1" 200 4634972 "-" "python-requests/2.32.3"
77.79.248.229 - - [28/May/2025:14:10:50 +0200] "GET /Jurek/mosti/feeds/mosti_cdon_dk.xml HTTP/1.1" 200 4634902 "-" "python-requests/2.32.3"
77.79.248.229 - - [28/May/2025:14:10:51 +0200] "GET /Jurek/mosti/feeds/mosti_cdon_fi.xml HTTP/1.1" 200 4633478 "-" "python-requests/2.32.3"
77.79.248.229 - - [28/May/2025:14:10:51 +0200] "GET /Jurek/winoszarnia/feeds/winoszarnia_cdon_se.xml HTTP/1.1" 200 6066066 "-" "python-requests/2.32.3"
77.79.248.229 - - [28/May/2025:14:10:51 +0200] "GET /Jurek/winoszarnia/feeds/winoszarnia_cdon_dk.xml HTTP/1.1" 200 6066196 "-" "python-requests/2.32.3"
77.79.248.229 - - [28/May/2025:14:10:51 +0200] "GET /Jurek/winoszarnia/feeds/winoszarnia_cdon_fi.xml HTTP/1.1" 200 6064768 "-" "python-requests/2.32.3"
77.79.248.229 - - [28/May/2025:14:10:53 +0200] "GET /Jurek/pupus/feeds/pupus_cdon_se.xml HTTP/1.1" 200 6156497 "-" "python-requests/2.32.3"
77.79.248.229 - - [28/May/2025:14:10:53 +0200] "GET /Jurek/pupus/feeds/pupus_cdon_dk.xml HTTP/1.1" 200 6156363 "-" "python-requests/2.32.3"
77.79.248.229 - - [28/May/2025:14:10:54 +0200] "GET /Jurek/pupus/feeds/pupus_cdon_fi.xml HTTP/1.1" 200 6154436 "-" "python-requests/2.32.3"
77.79.248.229 - - [28/May/2025:14:10:55 +0200] "GET /Jurek/harmonypost/feeds/harmonypost_cdon_se.xml HTTP/1.1" 200 39921619 "-" "python-requests/2.32.3"
51.77.52.107 - - [28/May/2025:14:10:56 +0200] "GET /Jurek/eurofirany/images/366928/0.jpg HTTP/2.0" 200 120534 "-" "baselinker"
77.79.248.229 - - [28/May/2025:14:10:57 +0200] "GET /Jurek/harmonypost/feeds/harmonypost_cdon_dk.xml HTTP/1.1" 200 39915815 "-" "python-requests/2.32.3"
77.79.248.229 - - [28/May/2025:14:10:59 +0200] "GET /Jurek/harmonypost/feeds/harmonypost_cdon_fi.xml HTTP/1.1" 200 39903561 "-" "python-requests/2.32.3"
77.79.248.229 - - [28/May/2025:14:10:59 +0200] "GET /Jurek/pasiekaslodka/feeds/pasiekaslodka_cdon_se.xml HTTP/1.1" 200 119696 "-" "python-requests/2.32.3"
77.79.248.229 - - [28/May/2025:14:10:59 +0200] "GET /Jurek/pasiekaslodka/feeds/pasiekaslodka_cdon_dk.xml HTTP/1.1" 200 119694 "-" "python-requests/2.32.3"
77.79.248.229 - - [28/May/2025:14:10:59 +0200] "GET /Jurek/pasiekaslodka/feeds/pasiekaslodka_cdon_fi.xml HTTP/1.1" 200 119665 "-" "python-requests/2.32.3"
77.79.248.229 - - [28/May/2025:14:11:06 +0200] "GET /Jurek/lerutrade/feeds/lerutrade_cdon_se.xml HTTP/1.1" 200 82835 "-" "python-requests/2.32.3"
77.79.248.229 - - [28/May/2025:14:11:06 +0200] "GET /Jurek/lerutrade/feeds/lerutrade_cdon_dk.xml HTTP/1.1" 200 82829 "-" "python-requests/2.32.3"
77.79.248.229 - - [28/May/2025:14:11:06 +0200] "GET /Jurek/lerutrade/feeds/lerutrade_cdon_fi.xml HTTP/1.1" 200 82822 "-" "python-requests/2.32.3"
178.21.154.6 - - [28/May/2025:14:11:07 +0200] "GET /Jurek/eurofirany/images/460415/0.jpg HTTP/1.1" 200 41762 "-" "-"
51.77.52.107 - - [28/May/2025:14:11:19 +0200] "GET /Jurek/eurofirany/images/366928/0.jpg HTTP/2.0" 200 120534 "-" "baselinker"
66.135.223.41 - - [28/May/2025:14:11:32 +0200] "GET /Jurek/topeshop/downloaded_images/5902838466742_20_st.jpg HTTP/1.1" 200 63928 "http://www.ebay.com/" "Mozilla/5.0 (Windows NT 10.0; Win64; x64) AppleWebKit/537.36 (KHTML, like Gecko) Chrome/123.0.0.0 Safari/537.36"
66.135.223.43 - - [28/May/2025:14:11:32 +0200] "GET /Jurek/topeshop/downloaded_images/5902838466742_20_st_open.jpg HTTP/1.1" 200 59908 "http://www.ebay.com/" "Mozilla/5.0 (Windows NT 10.0; Win64; x64) AppleWebKit/537.36 (KHTML, like Gecko) Chrome/123.0.0.0 Safari/537.36"
66.135.223.44 - - [28/May/2025:14:11:32 +0200] "GET /Jurek/topeshop/downloaded_images/5902838466742_Opal_garderoba_artisan.jpg HTTP/1.1" 404 3551 "http://www.ebay.com/" "Mozilla/5.0 (Windows NT 10.0; Win64; x64) AppleWebKit/537.36 (KHTML, like Gecko) Chrome/123.0.0.0 Safari/537.36"
66.135.223.41 - - [28/May/2025:14:11:32 +0200] "GET /Jurek/topeshop/downloaded_images/5902838466742_front_open.jpg HTTP/1.1" 200 59470 "http://www.ebay.com/" "Mozilla/5.0 (Windows NT 10.0; Win64; x64) AppleWebKit/537.36 (KHTML, like Gecko) Chrome/123.0.0.0 Safari/537.36"
66.135.223.44 - - [28/May/2025:14:11:32 +0200] "GET /Jurek/topeshop/downloaded_images/5902838466742_front.jpg HTTP/1.1" 200 65288 "http://www.ebay.com/" "Mozilla/5.0 (Windows NT 10.0; Win64; x64) AppleWebKit/537.36 (KHTML, like Gecko) Chrome/123.0.0.0 Safari/537.36"
66.135.223.42 - - [28/May/2025:14:11:32 +0200] "GET /Jurek/topeshop/downloaded_images/5902838466742_Artisan.jpg HTTP/1.1" 200 113292 "http://www.ebay.com/" "Mozilla/5.0 (Windows NT 10.0; Win64; x64) AppleWebKit/537.36 (KHTML, like Gecko) Chrome/123.0.0.0 Safari/537.36"
66.135.223.41 - - [28/May/2025:14:11:32 +0200] "GET /Jurek/topeshop/downloaded_images/5902838466742_wymiary_close_Obszar_roboczy_1.jpg HTTP/1.1" 200 80637 "http://www.ebay.com/" "Mozilla/5.0 (Windows NT 10.0; Win64; x64) AppleWebKit/537.36 (KHTML, like Gecko) Chrome/123.0.0.0 Safari/537.36"
66.135.223.44 - - [28/May/2025:14:11:32 +0200] "GET /Jurek/topeshop/downloaded_images/5902838466742_wymiary_open_Obszar_roboczy_1.jpg HTTP/1.1" 200 63926 "http://www.ebay.com/" "Mozilla/5.0 (Windows NT 10.0; Win64; x64) AppleWebKit/537.36 (KHTML, like Gecko) Chrome/123.0.0.0 Safari/537.36"
51.77.52.107 - - [28/May/2025:14:11:39 +0200] "GET /Jurek/eurofirany/images/366928/0.jpg HTTP/2.0" 200 120534 "-" "baselinker"
51.77.52.107 - - [28/May/2025:14:11:49 +0200] "GET /Jurek/eurofirany/images/366930/0.jpg HTTP/2.0" 200 124057 "-" "baselinker"
51.77.52.107 - - [28/May/2025:14:12:07 +0200] "GET /Jurek/eurofirany/images/366930/0.jpg HTTP/2.0" 200 124057 "-" "baselinker"
51.77.52.107 - - [28/May/2025:14:12:15 +0200] "GET /Jurek/eurofirany/images/366930/0.jpg HTTP/2.0" 200 124057 "-" "baselinker"
89.161.206.59 - - [28/May/2025:14:12:21 +0200] "GET /Jurek/ikonka/feeds/ikonka_ebayde.xml HTTP/1.0" 200 7099880 "-" "-"
51.77.52.107 - - [28/May/2025:14:12:22 +0200] "GET /Jurek/eurofirany/images/373795/0.jpg HTTP/2.0" 200 130959 "-" "baselinker"
46.101.116.244 - - [28/May/2025:14:12:22 +0200] "GET /Jurek/kokiska/feeds/kokiska_ceneo.xml HTTP/1.0" 200 9407584 "-" "-"
51.77.52.107 - - [28/May/2025:14:12:29 +0200] "GET /Jurek/eurofirany/images/373795/0.jpg HTTP/2.0" 200 130959 "-" "baselinker"
46.101.116.244 - - [28/May/2025:14:12:32 +0200] "GET /Jurek/chemex/feeds/Chemex_allegro.xml HTTP/1.0" 200 47823094 "-" "-"
51.77.52.107 - - [28/May/2025:14:12:35 +0200] "GET /Jurek/eurofirany/images/373795/0.jpg HTTP/2.0" 200 130959 "-" "baselinker"
51.77.52.107 - - [28/May/2025:14:12:59 +0200] "GET /Jurek/eurofirany/images/373797/0.jpg HTTP/2.0" 200 130959 "-" "baselinker"
46.101.116.244 - - [28/May/2025:14:13:11 +0200] "GET /Jurek/kokiska/feeds/kokiska_erli.xml HTTP/1.0" 200 9407390 "-" "-"
51.77.52.107 - - [28/May/2025:14:13:20 +0200] "GET /Jurek/eurofirany/images/373797/0.jpg HTTP/2.0" 200 130959 "-" "baselinker"
51.77.52.107 - - [28/May/2025:14:13:36 +0200] "GET /Jurek/eurofirany/images/373797/0.jpg HTTP/2.0" 200 130959 "-" "baselinker"
51.77.52.107 - - [28/May/2025:14:13:42 +0200] "GET /Jurek/eurofirany/images/377777/0.jpg HTTP/2.0" 200 164808 "-" "baselinker"
51.77.52.107 - - [28/May/2025:14:13:49 +0200] "GET /Jurek/eurofirany/images/377777/0.jpg HTTP/2.0" 200 164808 "-" "baselinker"
54.254.110.64 - - [28/May/2025:14:14:11 +0200] "GET /Jurek/topeshop/downloaded_images/5904507201982_BILBAO_4P1_1.png HTTP/2.0" 200 624336 "-" "python-requests/2.30.0"
51.77.52.107 - - [28/May/2025:14:14:12 +0200] "GET /Jurek/eurofirany/images/377777/0.jpg HTTP/2.0" 200 164808 "-" "baselinker"
46.101.116.244 - - [28/May/2025:14:14:16 +0200] "GET /Jurek/piotrmiedz/feeds/piotrmiedz_emagro.xml HTTP/1.0" 200 91072444 "-" "-"
89.161.206.59 - - [28/May/2025:14:14:20 +0200] "GET /Jurek/kobi/feeds/kobi_emagro.xml HTTP/1.0" 200 249047 "-" "-"
46.101.116.244 - - [28/May/2025:14:14:22 +0200] "GET /Jurek/awparts/feeds/awparts_emagro.xml HTTP/1.0" 200 142417493 "-" "-"
51.77.52.107 - - [28/May/2025:14:14:27 +0200] "GET /Jurek/eurofirany/images/377778/0.jpg HTTP/2.0" 200 165499 "-" "baselinker"
193.33.8.61 - - [28/May/2025:14:14:37 +0200] "POST /Filip/janshop_orders/exports/ HTTP/2.0" 401 3550 "https://dkkapusta1997.usermd.net/Filip/janshop_orders/exports/" "Mozilla/5.0 (Macintosh; Intel Mac OS X 10_15_7) AppleWebKit/605.1.15 (KHTML, like Gecko) Version/17.5 Safari/605.1.15"
193.33.8.61 - maria [28/May/2025:14:14:37 +0200] "POST /Filip/janshop_orders/exports/ HTTP/2.0" 200 68784 "https://dkkapusta1997.usermd.net/Filip/janshop_orders/exports/" "Mozilla/5.0 (Macintosh; Intel Mac OS X 10_15_7) AppleWebKit/605.1.15 (KHTML, like Gecko) Version/17.5 Safari/605.1.15"
51.77.52.107 - - [28/May/2025:14:14:40 +0200] "POST /subskrypcje/mondex/bl/ro/baselinker-ceneo-shumee.php HTTP/2.0" 200 303 "-" "BaseLinker/1.0"
46.101.116.244 - - [28/May/2025:14:14:48 +0200] "GET /Jurek/vivaldi/feeds/vivaldi_allegro.xml HTTP/1.0" 200 344685 "-" "-"
51.77.52.107 - - [28/May/2025:14:14:57 +0200] "POST /subskrypcje/mondex/bl/bg/baselinker-ceneo-shumee.php HTTP/2.0" 200 303 "-" "BaseLinker/1.0"
51.77.52.107 - - [28/May/2025:14:14:59 +0200] "GET /Jurek/eurofirany/images/377778/0.jpg HTTP/2.0" 200 165499 "-" "baselinker"
51.77.52.107 - - [28/May/2025:14:15:18 +0200] "GET /Jurek/eurofirany/images/377778/0.jpg HTTP/2.0" 200 165499 "-" "baselinker"
46.101.116.244 - - [28/May/2025:14:15:29 +0200] "GET /Jurek/eurofirany/feeds/eurofirany_allegro.xml HTTP/1.0" 200 18722670 "-" "-"
46.101.116.244 - - [28/May/2025:14:15:32 +0200] "GET /Jurek/aw/feeds/awnarzedzia_allegro.xml HTTP/1.0" 200 91134291 "-" "-"
46.101.116.244 - - [28/May/2025:14:15:37 +0200] "GET /Jurek/beliani/feeds/beliani_allegro.xml HTTP/1.0" 200 29762377 "-" "-"
46.101.116.244 - - [28/May/2025:14:15:37 +0200] "GET /Jurek/beliani/feeds/beliani_empik.xml HTTP/1.0" 200 29762377 "-" "-"
46.101.116.244 - - [28/May/2025:14:15:37 +0200] "GET /Jurek/beliani/feeds/beliani_erli.xml HTTP/1.0" 200 29765559 "-" "-"
51.77.52.107 - - [28/May/2025:14:15:40 +0200] "GET /Jurek/eurofirany/images/377784/0.jpg HTTP/2.0" 200 120534 "-" "baselinker"
85.232.241.194 - - [28/May/2025:14:15:54 +0200] "GET /subskrypcje/mondex/feeds/mondex_kaufland_de.xml HTTP/1.1" 200 2204485 "-" "-"
51.77.52.107 - - [28/May/2025:14:15:54 +0200] "POST /subskrypcje/mondex/bl/kauf/baselinker-ceneo-shumee.php HTTP/2.0" 200 305 "-" "BaseLinker/1.0"
85.232.241.194 - - [28/May/2025:14:15:55 +0200] "GET /subskrypcje/mondex/feeds/mondex_mall_cz.xml HTTP/1.1" 200 2203515 "-" "-"
51.77.52.107 - - [28/May/2025:14:15:56 +0200] "POST /Filip/salesconnect/baselinker-ceneo-shumee.php HTTP/2.0" 200 297 "-" "BaseLinker/1.0"
46.101.116.244 - - [28/May/2025:14:15:59 +0200] "GET /Jurek/kinghoff/feeds/kinghoff_empik.xml HTTP/1.0" 200 15620439 "-" "-"
51.77.52.107 - - [28/May/2025:14:16:06 +0200] "GET /Jurek/eurofirany/images/377784/0.jpg HTTP/2.0" 200 120534 "-" "baselinker"
46.101.116.244 - - [28/May/2025:14:16:16 +0200] "GET /Jurek/action/feeds/action_allegro.xml HTTP/1.0" 200 59494685 "-" "-"
46.101.116.244 - - [28/May/2025:14:16:20 +0200] "GET /Jurek/ikonka/feeds/ikonka_allegro.xml HTTP/1.0" 200 20776153 "-" "-"
46.101.116.244 - - [28/May/2025:14:16:21 +0200] "GET /Jurek/teamson/feeds/teamson_allegro.xml HTTP/1.0" 200 592796 "-" "-"
51.77.52.107 - - [28/May/2025:14:16:29 +0200] "GET /Jurek/eurofirany/images/377784/0.jpg HTTP/2.0" 200 120534 "-" "baselinker"
51.77.52.107 - - [28/May/2025:14:16:32 +0200] "POST /Jurek/ikonka/baselinker/smart/baselinker-ceneo-shumee.php HTTP/2.0" 404 3551 "-" "BaseLinker/1.0"
51.77.52.107 - - [28/May/2025:14:16:37 +0200] "GET /Jurek/eurofirany/images/377785/0.jpg HTTP/2.0" 200 152870 "-" "baselinker"
46.101.116.244 - - [28/May/2025:14:16:52 +0200] "GET /Jurek/hurtownia_przemyslowa/feeds/hp_allegro.xml HTTP/1.0" 200 49365768 "-" "-"
51.77.52.107 - - [28/May/2025:14:17:12 +0200] "GET /Jurek/eurofirany/images/377785/0.jpg HTTP/2.0" 200 152870 "-" "baselinker"
85.232.241.194 - - [28/May/2025:14:17:14 +0200] "GET /Filip/Rovicky/xlsx_ceneo.xml HTTP/1.1" 200 3255746 "-" "-"
51.77.52.107 - - [28/May/2025:14:17:18 +0200] "GET /Jurek/eurofirany/images/377785/0.jpg HTTP/2.0" 200 152870 "-" "baselinker"
51.77.52.107 - - [28/May/2025:14:17:18 +0200] "POST /Filip/Rovicky/baselinker/baselinker-ceneo-shumee.php HTTP/2.0" 200 303 "-" "BaseLinker/1.0"
51.77.52.107 - - [28/May/2025:14:17:40 +0200] "GET /Jurek/eurofirany/images/377786/0.jpg HTTP/2.0" 200 124057 "-" "baselinker"
46.101.116.244 - - [28/May/2025:14:17:49 +0200] "GET /Jurek/unimet/feeds/unimet_allegro.xml HTTP/1.0" 200 61154712 "-" "-"
51.77.52.107 - - [28/May/2025:14:17:49 +0200] "GET /Jurek/eurofirany/images/377786/0.jpg HTTP/2.0" 200 124057 "-" "baselinker"
