51.77.52.107 - - [28/May/2025:04:40:34 +0200] "GET /Jurek/eurofirany/images/423203/0.jpg HTTP/2.0" 200 0 "-" "baselinker"
51.77.52.107 - - [28/May/2025:04:40:40 +0200] "GET /Jurek/eurofirany/images/423204/0.jpg HTTP/2.0" 200 0 "-" "baselinker"
51.77.52.107 - - [28/May/2025:04:40:45 +0200] "GET /Jurek/eurofirany/images/423204/0.jpg HTTP/2.0" 200 0 "-" "baselinker"
51.77.52.107 - - [28/May/2025:04:40:49 +0200] "GET /Jurek/eurofirany/images/423204/0.jpg HTTP/2.0" 200 0 "-" "baselinker"
51.77.52.107 - - [28/May/2025:04:40:56 +0200] "GET /Jurek/eurofirany/images/423205/0.jpg HTTP/2.0" 200 0 "-" "baselinker"
51.77.52.107 - - [28/May/2025:04:41:00 +0200] "GET /Jurek/eurofirany/images/423205/0.jpg HTTP/2.0" 200 0 "-" "baselinker"
89.161.206.59 - - [28/May/2025:04:41:01 +0200] "GET /Jurek/playcob/feeds/playcob_amazonde.xml HTTP/1.0" 200 6980097 "-" "-"
51.77.52.107 - - [28/May/2025:04:41:04 +0200] "GET /Jurek/eurofirany/images/423205/0.jpg HTTP/2.0" 200 0 "-" "baselinker"
51.77.52.107 - - [28/May/2025:04:41:10 +0200] "GET /Jurek/eurofirany/images/423235/0.jpg HTTP/2.0" 200 127706 "-" "baselinker"
51.77.52.107 - - [28/May/2025:04:41:20 +0200] "GET /Jurek/eurofirany/images/423235/0.jpg HTTP/2.0" 200 127706 "-" "baselinker"
51.77.52.107 - - [28/May/2025:04:41:38 +0200] "GET /Jurek/eurofirany/images/423235/0.jpg HTTP/2.0" 200 127706 "-" "baselinker"
51.77.52.107 - - [28/May/2025:04:41:59 +0200] "GET /Jurek/eurofirany/images/420722/0.jpg HTTP/2.0" 200 40748 "-" "baselinker"
51.77.52.107 - - [28/May/2025:04:42:14 +0200] "GET /Jurek/eurofirany/images/420722/0.jpg HTTP/2.0" 200 40748 "-" "baselinker"
51.77.52.107 - - [28/May/2025:04:42:17 +0200] "GET /Jurek/eurofirany/images/420722/0.jpg HTTP/2.0" 200 40748 "-" "baselinker"
51.77.52.107 - - [28/May/2025:04:42:25 +0200] "GET /Jurek/eurofirany/images/420726/0.jpg HTTP/2.0" 200 32429 "-" "baselinker"
51.77.52.107 - - [28/May/2025:04:42:40 +0200] "GET /Jurek/eurofirany/images/420726/0.jpg HTTP/2.0" 200 32429 "-" "baselinker"
51.77.52.107 - - [28/May/2025:04:42:59 +0200] "GET /Jurek/eurofirany/images/420726/0.jpg HTTP/2.0" 200 32429 "-" "baselinker"
51.77.52.107 - - [28/May/2025:04:43:13 +0200] "GET /Jurek/eurofirany/images/420727/0.jpg HTTP/2.0" 200 32429 "-" "baselinker"
51.77.52.107 - - [28/May/2025:04:43:28 +0200] "GET /Jurek/eurofirany/images/420727/0.jpg HTTP/2.0" 200 32429 "-" "baselinker"
51.77.52.107 - - [28/May/2025:04:43:31 +0200] "GET /Jurek/eurofirany/images/420727/0.jpg HTTP/2.0" 200 32429 "-" "baselinker"
51.77.52.107 - - [28/May/2025:04:43:48 +0200] "GET /Jurek/eurofirany/images/420728/0.jpg HTTP/2.0" 200 32429 "-" "baselinker"
51.77.52.107 - - [28/May/2025:04:44:06 +0200] "GET /Jurek/eurofirany/images/420728/0.jpg HTTP/2.0" 200 32429 "-" "baselinker"
51.77.52.107 - - [28/May/2025:04:44:18 +0200] "GET /Jurek/eurofirany/images/420728/0.jpg HTTP/2.0" 200 32429 "-" "baselinker"
51.77.52.107 - - [28/May/2025:04:44:40 +0200] "GET /Jurek/eurofirany/images/420730/0.jpg HTTP/2.0" 200 32429 "-" "baselinker"
51.77.52.107 - - [28/May/2025:04:44:58 +0200] "GET /Jurek/eurofirany/images/420730/0.jpg HTTP/2.0" 200 32429 "-" "baselinker"
51.77.52.107 - - [28/May/2025:04:45:07 +0200] "GET /Jurek/eurofirany/images/420730/0.jpg HTTP/2.0" 200 32429 "-" "baselinker"
51.77.52.107 - - [28/May/2025:04:45:21 +0200] "GET /Jurek/eurofirany/images/420738/0.jpg HTTP/2.0" 200 28577 "-" "baselinker"
18.199.24.1 - - [28/May/2025:04:45:30 +0200] "GET /Jurek/eurofirany/images/383321/0.jpg HTTP/1.1" 200 87977 "-" "Mozilla/5.0 (compatible; idealo-bot inventory-image-downloader; https://partner.idealo.com/de/bot)"
51.77.52.107 - - [28/May/2025:04:45:42 +0200] "GET /Jurek/eurofirany/images/420738/0.jpg HTTP/2.0" 200 28577 "-" "baselinker"
51.77.52.107 - - [28/May/2025:04:45:46 +0200] "GET /Jurek/eurofirany/images/420738/0.jpg HTTP/2.0" 200 28577 "-" "baselinker"
51.77.52.107 - - [28/May/2025:04:46:03 +0200] "GET /Jurek/eurofirany/images/420739/0.jpg HTTP/2.0" 200 28577 "-" "baselinker"
51.77.52.107 - - [28/May/2025:04:46:17 +0200] "GET /Jurek/eurofirany/images/420739/0.jpg HTTP/2.0" 200 28577 "-" "baselinker"
89.161.206.59 - - [28/May/2025:04:46:21 +0200] "GET /Jurek/artdog/feeds/artdog_amazonse.xml HTTP/1.0" 200 17167040 "-" "-"
51.77.52.107 - - [28/May/2025:04:46:32 +0200] "GET /Jurek/eurofirany/images/420739/0.jpg HTTP/2.0" 200 28577 "-" "baselinker"
51.77.52.107 - - [28/May/2025:04:46:47 +0200] "GET /Jurek/eurofirany/images/420744/0.jpg HTTP/2.0" 200 35765 "-" "baselinker"
51.77.52.107 - - [28/May/2025:04:47:16 +0200] "GET /Jurek/eurofirany/images/420744/0.jpg HTTP/2.0" 200 35765 "-" "baselinker"
51.77.52.107 - - [28/May/2025:04:47:22 +0200] "GET /Jurek/eurofirany/images/420744/0.jpg HTTP/2.0" 200 35765 "-" "baselinker"
51.77.52.107 - - [28/May/2025:04:47:38 +0200] "GET /Jurek/eurofirany/images/429703/0.jpg HTTP/2.0" 200 66712 "-" "baselinker"
51.77.52.107 - - [28/May/2025:04:47:44 +0200] "GET /Jurek/eurofirany/images/429703/0.jpg HTTP/2.0" 200 66712 "-" "baselinker"
51.77.52.107 - - [28/May/2025:04:47:57 +0200] "GET /Jurek/eurofirany/images/429703/0.jpg HTTP/2.0" 200 66712 "-" "baselinker"
51.77.52.107 - - [28/May/2025:04:48:02 +0200] "GET /Jurek/eurofirany/images/429705/0.jpg HTTP/2.0" 200 55752 "-" "baselinker"
51.77.52.107 - - [28/May/2025:04:48:16 +0200] "GET /Jurek/eurofirany/images/429705/0.jpg HTTP/2.0" 200 55752 "-" "baselinker"
51.77.52.107 - - [28/May/2025:04:48:22 +0200] "GET /Jurek/eurofirany/images/429705/0.jpg HTTP/2.0" 200 55752 "-" "baselinker"
51.77.52.107 - - [28/May/2025:04:48:28 +0200] "GET /Jurek/eurofirany/images/429707/0.jpg HTTP/2.0" 200 76982 "-" "baselinker"
51.77.52.107 - - [28/May/2025:04:48:33 +0200] "GET /Jurek/eurofirany/images/429707/0.jpg HTTP/2.0" 200 76982 "-" "baselinker"
51.77.52.107 - - [28/May/2025:04:48:43 +0200] "GET /Jurek/eurofirany/images/429707/0.jpg HTTP/2.0" 200 76982 "-" "baselinker"
51.77.52.107 - - [28/May/2025:04:48:47 +0200] "GET /Jurek/eurofirany/images/432081/0.jpg HTTP/2.0" 200 116980 "-" "baselinker"
51.77.52.107 - - [28/May/2025:04:49:12 +0200] "GET /Jurek/eurofirany/images/432081/0.jpg HTTP/2.0" 200 116980 "-" "baselinker"
51.77.52.107 - - [28/May/2025:04:49:32 +0200] "GET /Jurek/eurofirany/images/432081/0.jpg HTTP/2.0" 200 116980 "-" "baselinker"
66.211.183.72 - - [28/May/2025:04:49:50 +0200] "GET /Jurek/eurofirany/images/461568/0.jpg HTTP/1.1" 200 81068 "-" "Java/17.0.13.0.101"
51.77.52.107 - - [28/May/2025:04:49:52 +0200] "GET /Jurek/eurofirany/images/435573/0.jpg HTTP/2.0" 200 59614 "-" "baselinker"
51.77.52.107 - - [28/May/2025:04:50:06 +0200] "GET /Jurek/eurofirany/images/435573/0.jpg HTTP/2.0" 200 59614 "-" "baselinker"
51.77.52.107 - - [28/May/2025:04:50:21 +0200] "GET /Jurek/eurofirany/images/435573/0.jpg HTTP/2.0" 200 59614 "-" "baselinker"
51.77.52.107 - - [28/May/2025:04:50:28 +0200] "GET /Jurek/eurofirany/images/436058/0.jpg HTTP/2.0" 200 144177 "-" "baselinker"
51.77.52.107 - - [28/May/2025:04:50:46 +0200] "GET /Jurek/eurofirany/images/436058/0.jpg HTTP/2.0" 200 144177 "-" "baselinker"
51.77.52.107 - - [28/May/2025:04:51:04 +0200] "GET /Jurek/eurofirany/images/436058/0.jpg HTTP/2.0" 200 144177 "-" "baselinker"
51.77.52.107 - - [28/May/2025:04:51:19 +0200] "GET /Jurek/eurofirany/images/436579/0.jpg HTTP/2.0" 200 202715 "-" "baselinker"
66.211.183.74 - - [28/May/2025:04:51:25 +0200] "GET /Jurek/eurofirany/images/459334/0.jpg HTTP/1.1" 200 102128 "-" "Java/17.0.13.0.101"
51.77.52.107 - - [28/May/2025:04:51:34 +0200] "GET /Jurek/eurofirany/images/436579/0.jpg HTTP/2.0" 200 202715 "-" "baselinker"
51.77.52.107 - - [28/May/2025:04:51:55 +0200] "GET /Jurek/eurofirany/images/436579/0.jpg HTTP/2.0" 200 202715 "-" "baselinker"
89.161.206.59 - - [28/May/2025:04:52:08 +0200] "GET /Jurek/artdog/feeds/artdog_cdsc.xml HTTP/1.0" 200 17921661 "-" "-"
89.161.206.59 - - [28/May/2025:04:52:11 +0200] "GET /Jurek/lerutrade/feeds/lerutrade_cdsc.xml HTTP/1.0" 200 53854 "-" "-"
89.161.206.59 - - [28/May/2025:04:52:11 +0200] "GET /Jurek/jakdroz/feeds/jakdroz_cdsc.xml HTTP/1.0" 200 2543039 "-" "-"
89.161.206.59 - - [28/May/2025:04:52:11 +0200] "GET /Jurek/gandalf/feeds/gandalf_cdsc.xml HTTP/1.0" 200 586347 "-" "-"
51.77.52.107 - - [28/May/2025:04:52:13 +0200] "GET /Jurek/eurofirany/images/436598/0.jpg HTTP/2.0" 200 188101 "-" "baselinker"
51.77.52.107 - - [28/May/2025:04:52:21 +0200] "GET /Jurek/eurofirany/images/436598/0.jpg HTTP/2.0" 200 188101 "-" "baselinker"
51.77.52.107 - - [28/May/2025:04:52:40 +0200] "GET /Jurek/eurofirany/images/436598/0.jpg HTTP/2.0" 200 188101 "-" "baselinker"
51.77.52.107 - - [28/May/2025:04:53:03 +0200] "GET /Jurek/eurofirany/images/436599/0.jpg HTTP/2.0" 200 175868 "-" "baselinker"
51.77.52.107 - - [28/May/2025:04:53:12 +0200] "GET /Jurek/eurofirany/images/436599/0.jpg HTTP/2.0" 200 175868 "-" "baselinker"
51.77.52.107 - - [28/May/2025:04:53:24 +0200] "GET /Jurek/eurofirany/images/436599/0.jpg HTTP/2.0" 200 175868 "-" "baselinker"
51.77.52.107 - - [28/May/2025:04:53:27 +0200] "GET /Jurek/eurofirany/images/436659/0.jpg HTTP/2.0" 200 205497 "-" "baselinker"
51.77.52.107 - - [28/May/2025:04:53:34 +0200] "GET /Jurek/eurofirany/images/436659/0.jpg HTTP/2.0" 200 205497 "-" "baselinker"
51.77.52.107 - - [28/May/2025:04:53:55 +0200] "GET /Jurek/eurofirany/images/436659/0.jpg HTTP/2.0" 200 205497 "-" "baselinker"
51.77.52.107 - - [28/May/2025:04:54:03 +0200] "GET /Jurek/eurofirany/images/440405/0.jpg HTTP/2.0" 200 113281 "-" "baselinker"
51.77.52.107 - - [28/May/2025:04:54:20 +0200] "GET /Jurek/eurofirany/images/440405/0.jpg HTTP/2.0" 200 113281 "-" "baselinker"
51.77.52.107 - - [28/May/2025:04:54:38 +0200] "GET /Jurek/eurofirany/images/440405/0.jpg HTTP/2.0" 200 113281 "-" "baselinker"
51.77.52.107 - - [28/May/2025:04:54:57 +0200] "GET /Jurek/eurofirany/images/440406/0.jpg HTTP/2.0" 200 104437 "-" "baselinker"
89.161.206.59 - - [28/May/2025:04:55:00 +0200] "GET /Jurek/activeshop/feeds/activeshop_emagro.xml HTTP/1.0" 200 10394022 "-" "-"
51.77.52.107 - - [28/May/2025:04:55:15 +0200] "GET /Jurek/eurofirany/images/440406/0.jpg HTTP/2.0" 200 104437 "-" "baselinker"
51.77.52.107 - - [28/May/2025:04:55:24 +0200] "GET /Jurek/eurofirany/images/440406/0.jpg HTTP/2.0" 200 104437 "-" "baselinker"
89.161.206.59 - - [28/May/2025:04:55:32 +0200] "GET /Jurek/maksik/feeds/maksik_emagro.xml HTTP/1.0" 200 4085235 "-" "-"
51.77.52.107 - - [28/May/2025:04:55:32 +0200] "GET /Jurek/eurofirany/images/440408/0.jpg HTTP/2.0" 200 118533 "-" "baselinker"
89.161.206.59 - - [28/May/2025:04:55:32 +0200] "GET /Jurek/playcob/feeds/playcob_emagro.xml HTTP/1.0" 200 6981062 "-" "-"
51.77.52.107 - - [28/May/2025:04:55:39 +0200] "GET /Jurek/eurofirany/images/440408/0.jpg HTTP/2.0" 200 118533 "-" "baselinker"
51.77.52.107 - - [28/May/2025:04:55:58 +0200] "GET /Jurek/eurofirany/images/440408/0.jpg HTTP/2.0" 200 118533 "-" "baselinker"
89.161.206.59 - - [28/May/2025:04:56:05 +0200] "GET /Jurek/artdog/feeds/artdog_emagro.xml HTTP/1.0" 200 17164728 "-" "-"
51.77.52.107 - - [28/May/2025:04:56:07 +0200] "GET /Jurek/eurofirany/images/440414/0.jpg HTTP/2.0" 200 133580 "-" "baselinker"
89.161.206.59 - - [28/May/2025:04:56:07 +0200] "GET /Jurek/carbonyway/feeds/carbonyway_emagro.xml HTTP/1.0" 200 3076316 "-" "-"
51.77.52.107 - - [28/May/2025:04:56:26 +0200] "GET /Jurek/eurofirany/images/440414/0.jpg HTTP/2.0" 200 133580 "-" "baselinker"
51.77.52.107 - - [28/May/2025:04:56:29 +0200] "GET /Jurek/eurofirany/images/440414/0.jpg HTTP/2.0" 200 133580 "-" "baselinker"
51.77.52.107 - - [28/May/2025:04:56:33 +0200] "GET /Jurek/eurofirany/images/440415/0.jpg HTTP/2.0" 200 130261 "-" "baselinker"
51.77.52.107 - - [28/May/2025:04:56:51 +0200] "GET /Jurek/eurofirany/images/440415/0.jpg HTTP/2.0" 200 130261 "-" "baselinker"
51.77.52.107 - - [28/May/2025:04:56:55 +0200] "GET /Jurek/eurofirany/images/440415/0.jpg HTTP/2.0" 200 130261 "-" "baselinker"
51.77.52.107 - - [28/May/2025:04:57:10 +0200] "GET /Jurek/eurofirany/images/440536/0.jpg HTTP/2.0" 200 109264 "-" "baselinker"
51.77.52.107 - - [28/May/2025:04:57:18 +0200] "GET /Jurek/eurofirany/images/440536/0.jpg HTTP/2.0" 200 109264 "-" "baselinker"
51.77.52.107 - - [28/May/2025:04:57:36 +0200] "GET /Jurek/eurofirany/images/440536/0.jpg HTTP/2.0" 200 109264 "-" "baselinker"
51.77.52.107 - - [28/May/2025:04:57:54 +0200] "GET /Jurek/eurofirany/images/440537/0.jpg HTTP/2.0" 200 114103 "-" "baselinker"
51.77.52.107 - - [28/May/2025:04:58:01 +0200] "GET /Jurek/eurofirany/images/440537/0.jpg HTTP/2.0" 200 114103 "-" "baselinker"
51.77.52.107 - - [28/May/2025:04:58:13 +0200] "GET /Jurek/eurofirany/images/440537/0.jpg HTTP/2.0" 200 114103 "-" "baselinker"
51.77.52.107 - - [28/May/2025:04:58:28 +0200] "GET /Jurek/eurofirany/images/40891/0.jpg HTTP/2.0" 200 209941 "-" "baselinker"
89.161.206.59 - - [28/May/2025:04:58:44 +0200] "GET /Jurek/hurtownia_przemyslowa/feeds/hp_ebayde.xml HTTP/1.0" 200 35620210 "-" "-"
51.77.52.107 - - [28/May/2025:04:58:45 +0200] "GET /Jurek/eurofirany/images/40891/0.jpg HTTP/2.0" 200 209941 "-" "baselinker"
51.77.52.107 - - [28/May/2025:04:58:58 +0200] "GET /Jurek/eurofirany/images/40891/0.jpg HTTP/2.0" 200 209941 "-" "baselinker"
51.77.52.107 - - [28/May/2025:04:59:01 +0200] "GET /Jurek/eurofirany/images/382104/0.jpg HTTP/2.0" 200 209372 "-" "baselinker"
51.77.52.107 - - [28/May/2025:04:59:19 +0200] "GET /Jurek/eurofirany/images/382104/0.jpg HTTP/2.0" 200 209372 "-" "baselinker"
51.77.52.107 - - [28/May/2025:04:59:38 +0200] "GET /Jurek/eurofirany/images/382104/0.jpg HTTP/2.0" 200 209372 "-" "baselinker"
51.77.52.107 - - [28/May/2025:04:59:47 +0200] "GET /Jurek/eurofirany/images/382105/0.jpg HTTP/2.0" 200 209372 "-" "baselinker"
89.161.206.59 - - [28/May/2025:04:59:47 +0200] "GET /Jurek/slayo/feeds/slayo_skroutz.xml HTTP/1.0" 200 183610 "-" "-"
89.161.206.59 - - [28/May/2025:04:59:58 +0200] "GET /Jurek/eroplace/feeds/eroplace_skroutz.xml HTTP/1.0" 200 51200987 "-" "-"
51.77.52.107 - - [28/May/2025:05:00:01 +0200] "GET /Jurek/eurofirany/images/382105/0.jpg HTTP/2.0" 200 209372 "-" "baselinker"
89.161.206.59 - - [28/May/2025:05:00:16 +0200] "GET /Jurek/hurtmeblowy/feeds/hurtmeblowy_skroutz.xml HTTP/1.0" 200 8543020 "-" "-"
35.204.39.32 - - [28/May/2025:05:00:17 +0200] "GET /marketplaces/carrefour_fr/results/carrefour_fr.csv HTTP/1.1" 200 163603 "-" "Mirakl HttpClient"
51.77.52.107 - - [28/May/2025:05:00:22 +0200] "GET /Jurek/eurofirany/images/382105/0.jpg HTTP/2.0" 200 209372 "-" "baselinker"
85.14.86.141 - - [28/May/2025:05:00:23 +0200] "GET /Jurek/vida_morele/feeds/VidaPL_all.xml HTTP/2.0" 200 767434984 "-" "MarketplaceAPI curl/7.74.0 PHP/8"
51.77.52.107 - - [28/May/2025:05:00:25 +0200] "GET /Jurek/eurofirany/images/387454/0.jpg HTTP/2.0" 200 191792 "-" "baselinker"
52.18.22.0 - - [28/May/2025:05:00:36 +0200] "GET /marketplaces/ubaldi/results/ubaldi.csv HTTP/1.1" 200 147219 "-" "Mirakl HttpClient"
51.77.52.107 - - [28/May/2025:05:00:42 +0200] "GET /Jurek/eurofirany/images/387454/0.jpg HTTP/2.0" 200 191792 "-" "baselinker"
51.77.52.107 - - [28/May/2025:05:00:57 +0200] "GET /Jurek/eurofirany/images/387454/0.jpg HTTP/2.0" 200 191792 "-" "baselinker"
35.204.39.32 - - [28/May/2025:05:01:11 +0200] "GET /marketplaces/vente/results/vente_nl.csv HTTP/1.1" 200 147219 "-" "Mirakl HttpClient"
35.204.39.32 - - [28/May/2025:05:01:12 +0200] "GET /marketplaces/vente/results/vente_fr.csv HTTP/1.1" 200 147219 "-" "Mirakl HttpClient"
35.204.39.32 - - [28/May/2025:05:01:12 +0200] "GET /marketplaces/vente/results/vente_be.csv HTTP/1.1" 200 147219 "-" "Mirakl HttpClient"
35.204.39.32 - - [28/May/2025:05:01:12 +0200] "GET /marketplaces/vente/results/vente_it.csv HTTP/1.1" 200 163603 "-" "Mirakl HttpClient"
35.204.39.32 - - [28/May/2025:05:01:12 +0200] "GET /marketplaces/vente/results/vente_es.csv HTTP/1.1" 200 130835 "-" "Mirakl HttpClient"
35.204.39.32 - - [28/May/2025:05:01:12 +0200] "GET /marketplaces/vente/results/vente_de.csv HTTP/1.1" 200 147219 "-" "Mirakl HttpClient"
51.77.52.107 - - [28/May/2025:05:01:14 +0200] "GET /Jurek/eurofirany/images/452763/0.jpg HTTP/2.0" 200 71884 "-" "baselinker"
89.161.206.59 - - [28/May/2025:05:01:16 +0200] "GET /Jurek/b3/feeds/b3_ebayde.xml HTTP/1.0" 200 5887325 "-" "-"
51.77.52.107 - - [28/May/2025:05:01:20 +0200] "GET /Jurek/eurofirany/images/452763/0.jpg HTTP/2.0" 200 71884 "-" "baselinker"
51.77.52.107 - - [28/May/2025:05:01:37 +0200] "GET /Jurek/eurofirany/images/452763/0.jpg HTTP/2.0" 200 71884 "-" "baselinker"
89.161.206.59 - - [28/May/2025:05:01:42 +0200] "GET /Jurek/swiatecznygoliat/feeds/swiatecznygoliat_skroutz.xml HTTP/1.0" 200 6874860 "-" "-"
51.77.52.107 - - [28/May/2025:05:01:44 +0200] "GET /Jurek/eurofirany/images/452764/0.jpg HTTP/2.0" 200 71884 "-" "baselinker"
89.161.206.59 - - [28/May/2025:05:01:45 +0200] "GET /Jurek/regis/feeds/regis_skroutz.xml HTTP/1.0" 200 228467 "-" "-"
89.161.206.59 - - [28/May/2025:05:01:47 +0200] "GET /Jurek/madrex/feeds/madrex_skroutz.xml HTTP/1.0" 200 466735 "-" "-"
52.17.80.36 - - [28/May/2025:05:01:55 +0200] "GET /marketplaces/rue/results/rue.csv HTTP/1.1" 200 147219 "-" "Mirakl HttpClient"
51.77.52.107 - - [28/May/2025:05:02:02 +0200] "GET /Jurek/eurofirany/images/452764/0.jpg HTTP/2.0" 200 71884 "-" "baselinker"
51.77.52.107 - - [28/May/2025:05:02:07 +0200] "GET /Jurek/eurofirany/images/452764/0.jpg HTTP/2.0" 200 71884 "-" "baselinker"
51.77.52.107 - - [28/May/2025:05:02:36 +0200] "GET /Jurek/eurofirany/images/452772/0.jpg HTTP/2.0" 200 67162 "-" "baselinker"
51.77.52.107 - - [28/May/2025:05:02:56 +0200] "GET /Jurek/eurofirany/images/452772/0.jpg HTTP/2.0" 200 67162 "-" "baselinker"
51.77.52.107 - - [28/May/2025:05:03:14 +0200] "GET /Jurek/eurofirany/images/452772/0.jpg HTTP/2.0" 200 67162 "-" "baselinker"
51.77.52.107 - - [28/May/2025:05:03:20 +0200] "GET /Jurek/eurofirany/images/452776/0.jpg HTTP/2.0" 200 73494 "-" "baselinker"
51.77.52.107 - - [28/May/2025:05:03:42 +0200] "GET /Jurek/eurofirany/images/452776/0.jpg HTTP/2.0" 200 73494 "-" "baselinker"
52.209.168.113 - - [28/May/2025:05:03:44 +0200] "GET /marketplaces/carrefour/results/carrefour.csv HTTP/1.1" 200 147221 "-" "Mirakl HttpClient"
51.77.52.107 - - [28/May/2025:05:03:56 +0200] "GET /Jurek/eurofirany/images/452776/0.jpg HTTP/2.0" 200 73494 "-" "baselinker"
89.161.206.59 - - [28/May/2025:05:03:58 +0200] "GET /Jurek/snibbs/feeds/snibbs_skroutz.xml HTTP/1.0" 200 74398 "-" "-"
185.6.76.166 - - [28/May/2025:05:03:59 +0200] "GET /Jurek/eurofirany/images/432646/0.jpg HTTP/1.1" 200 6625 "-" "Skroutz ImageBot v1"
89.161.206.59 - - [28/May/2025:05:04:00 +0200] "GET /Jurek/coppotech/feeds/coppotech_skroutz.xml HTTP/1.0" 200 37852809 "-" "-"
51.77.52.107 - - [28/May/2025:05:04:01 +0200] "GET /Jurek/eurofirany/images/456574/0.jpg HTTP/2.0" 200 110563 "-" "baselinker"
85.14.86.141 - - [28/May/2025:05:04:02 +0200] "GET /Jurek/kinghoff/feeds/kinghoff_morele.xml HTTP/2.0" 200 15629128 "-" "MarketplaceAPI curl/7.74.0 PHP/8"
89.161.206.59 - - [28/May/2025:05:04:19 +0200] "GET /Jurek/elavia/feeds/elavia_skroutz.xml HTTP/1.0" 200 2297059 "-" "-"
51.77.52.107 - - [28/May/2025:05:04:21 +0200] "GET /Jurek/eurofirany/images/456574/0.jpg HTTP/2.0" 200 110563 "-" "baselinker"
89.161.206.59 - - [28/May/2025:05:04:29 +0200] "GET /Jurek/maksik/feeds/maksik_skroutz.xml HTTP/1.0" 200 4084811 "-" "-"
89.161.206.59 - - [28/May/2025:05:04:30 +0200] "GET /Jurek/globaldeli/feeds/globaldeli_skroutz.xml HTTP/1.0" 200 2590887 "-" "-"
89.161.206.59 - - [28/May/2025:05:04:36 +0200] "GET /Jurek/smxdesign/feeds/smxdesign_skroutz.xml HTTP/1.0" 200 1828972 "-" "-"
89.161.206.59 - - [28/May/2025:05:04:37 +0200] "GET /Jurek/princelh/feeds/princelh_skroutz.xml HTTP/1.0" 200 133435 "-" "-"
89.161.206.59 - - [28/May/2025:05:04:38 +0200] "GET /Jurek/proparts/feeds/proparts_skroutz.xml HTTP/1.0" 200 707497 "-" "-"
89.161.206.59 - - [28/May/2025:05:04:41 +0200] "GET /Jurek/winoszarnia/feeds/winoszarnia_skroutz.xml HTTP/1.0" 200 6064791 "-" "-"
89.161.206.59 - - [28/May/2025:05:04:43 +0200] "GET /Jurek/kristronik/feeds/kristronik_skroutz.xml HTTP/1.0" 200 691991 "-" "-"
89.161.206.59 - - [28/May/2025:05:04:44 +0200] "GET /Jurek/beltimore/feeds/beltimore_skroutz.xml HTTP/1.0" 200 18651567 "-" "-"
89.161.206.59 - - [28/May/2025:05:04:45 +0200] "GET /Jurek/techrebalina/feeds/techrebalina_skroutz.xml HTTP/1.0" 200 2011191 "-" "-"
51.77.52.107 - - [28/May/2025:05:04:45 +0200] "GET /Jurek/eurofirany/images/456574/0.jpg HTTP/2.0" 200 110563 "-" "baselinker"
89.161.206.59 - - [28/May/2025:05:04:46 +0200] "GET /Jurek/techrebal/feeds/techrebal_skroutz.xml HTTP/1.0" 200 1969160 "-" "-"
89.161.206.59 - - [28/May/2025:05:04:49 +0200] "GET /Jurek/nonabox/feeds/nonabox_skroutz.xml HTTP/1.0" 200 33864 "-" "-"
89.161.206.59 - - [28/May/2025:05:04:50 +0200] "GET /Jurek/omi/feeds/omi_skroutz.xml HTTP/1.0" 200 8100728 "-" "-"
89.161.206.59 - - [28/May/2025:05:05:01 +0200] "GET /Jurek/eoptimo/feeds/eoptimo_skroutz.xml HTTP/1.0" 200 2094329 "-" "-"
51.77.52.107 - - [28/May/2025:05:05:09 +0200] "GET /Jurek/eurofirany/images/457600/0.jpg HTTP/2.0" 200 77880 "-" "baselinker"
51.77.52.107 - - [28/May/2025:05:05:26 +0200] "GET /Jurek/eurofirany/images/457600/0.jpg HTTP/2.0" 200 77880 "-" "baselinker"
20.71.215.11 - - [28/May/2025:05:05:36 +0200] "GET /Jurek/altex_all/feeds/altex.xml HTTP/2.0" 200 872936 "-" "Mozilla/5.0 (Windows; U; Windows NT 5.1; en-US; rv:1.8.1.13) Gecko/20080311 Firefox/2.0.0.13"
51.77.52.107 - - [28/May/2025:05:05:42 +0200] "GET /Jurek/eurofirany/images/457600/0.jpg HTTP/2.0" 200 77880 "-" "baselinker"
89.161.206.59 - - [28/May/2025:05:06:03 +0200] "GET /Jurek/swiatecznygoliat/feeds/swiatecznygoliat_amazonde.xml HTTP/1.0" 200 7050811 "-" "-"
51.77.52.107 - - [28/May/2025:05:06:03 +0200] "GET /Jurek/eurofirany/images/454738/0.jpg HTTP/2.0" 200 73248 "-" "baselinker"
51.77.52.107 - - [28/May/2025:05:06:09 +0200] "GET /Jurek/eurofirany/images/454738/0.jpg HTTP/2.0" 200 73248 "-" "baselinker"
51.77.52.107 - - [28/May/2025:05:06:24 +0200] "GET /Jurek/eurofirany/images/454738/0.jpg HTTP/2.0" 200 73248 "-" "baselinker"
51.77.52.107 - - [28/May/2025:05:06:30 +0200] "GET /Jurek/eurofirany/images/454739/0.jpg HTTP/2.0" 200 67846 "-" "baselinker"
89.161.206.59 - - [28/May/2025:05:06:31 +0200] "GET /Jurek/artdog/feeds/artdog_amazonbe.xml HTTP/1.0" 200 17158741 "-" "-"
51.77.52.107 - - [28/May/2025:05:06:49 +0200] "GET /Jurek/eurofirany/images/454739/0.jpg HTTP/2.0" 200 67846 "-" "baselinker"
85.14.86.141 - - [28/May/2025:05:06:54 +0200] "GET /Jurek/eurofirany/feeds/eurofirany_morele.xml HTTP/2.0" 200 18720286 "-" "MarketplaceAPI curl/7.74.0 PHP/8"
51.77.52.107 - - [28/May/2025:05:06:55 +0200] "GET /Jurek/eurofirany/images/454739/0.jpg HTTP/2.0" 200 67846 "-" "baselinker"
51.77.52.107 - - [28/May/2025:05:07:10 +0200] "GET /Jurek/eurofirany/images/458039/0.jpg HTTP/2.0" 200 116381 "-" "baselinker"
85.14.86.141 - - [28/May/2025:05:07:10 +0200] "GET /Jurek/vivaldi/feeds/vivaldi_Morele-PL.xml HTTP/2.0" 200 344674 "-" "MarketplaceAPI curl/7.74.0 PHP/8"
51.77.52.107 - - [28/May/2025:05:07:16 +0200] "GET /Jurek/eurofirany/images/458039/0.jpg HTTP/2.0" 200 116381 "-" "baselinker"
51.77.52.107 - - [28/May/2025:05:07:24 +0200] "GET /Jurek/eurofirany/images/458039/0.jpg HTTP/2.0" 200 116381 "-" "baselinker"
51.77.52.107 - - [28/May/2025:05:07:31 +0200] "GET /Jurek/eurofirany/images/458041/0.jpg HTTP/2.0" 200 116381 "-" "baselinker"
51.77.52.107 - - [28/May/2025:05:07:37 +0200] "GET /Jurek/eurofirany/images/458041/0.jpg HTTP/2.0" 200 116381 "-" "baselinker"
51.77.52.107 - - [28/May/2025:05:07:50 +0200] "GET /Jurek/eurofirany/images/458041/0.jpg HTTP/2.0" 200 116381 "-" "baselinker"
51.77.52.107 - - [28/May/2025:05:07:59 +0200] "GET /Jurek/eurofirany/images/460835/0.jpg HTTP/2.0" 200 105599 "-" "baselinker"
51.77.52.107 - - [28/May/2025:05:08:17 +0200] "GET /Jurek/eurofirany/images/460835/0.jpg HTTP/2.0" 200 105599 "-" "baselinker"
85.14.86.141 - - [28/May/2025:05:08:33 +0200] "GET /Jurek/vida_morele/feeds/VidaPL_morele.xml HTTP/2.0" 200 767436166 "-" "MarketplaceAPI curl/7.74.0 PHP/8"
51.77.52.107 - - [28/May/2025:05:08:33 +0200] "GET /Jurek/eurofirany/images/460835/0.jpg HTTP/2.0" 200 105599 "-" "baselinker"
85.14.86.141 - - [28/May/2025:05:08:35 +0200] "GET /Jurek/aw/feeds/awnarzedzia_morele.xml HTTP/2.0" 200 91114625 "-" "MarketplaceAPI curl/7.74.0 PHP/8"
185.6.76.18 - - [28/May/2025:05:08:43 +0200] "GET /marketplaces/skroutz/feeds/shumee.xml HTTP/1.1" 200 411747168 "-" "SkroutzBot v1.0"
51.77.52.107 - - [28/May/2025:05:08:51 +0200] "GET /Jurek/eurofirany/images/460836/0.jpg HTTP/2.0" 200 108781 "-" "baselinker"
51.77.52.107 - - [28/May/2025:05:09:07 +0200] "GET /Jurek/eurofirany/images/460836/0.jpg HTTP/2.0" 200 108781 "-" "baselinker"
51.77.52.107 - - [28/May/2025:05:09:23 +0200] "GET /Jurek/eurofirany/images/460836/0.jpg HTTP/2.0" 200 108781 "-" "baselinker"
85.14.86.141 - - [28/May/2025:05:09:37 +0200] "GET /Jurek/beliani/feeds/beliani_morele.xml HTTP/2.0" 200 29763733 "-" "MarketplaceAPI curl/7.74.0 PHP/8"
51.77.52.107 - - [28/May/2025:05:09:44 +0200] "GET /Jurek/eurofirany/images/460230/0.jpg HTTP/2.0" 200 69233 "-" "baselinker"
51.77.52.107 - - [28/May/2025:05:09:51 +0200] "GET /Jurek/eurofirany/images/460230/0.jpg HTTP/2.0" 200 69233 "-" "baselinker"
51.77.52.107 - - [28/May/2025:05:09:57 +0200] "GET /Jurek/eurofirany/images/460230/0.jpg HTTP/2.0" 200 69233 "-" "baselinker"
51.77.52.107 - - [28/May/2025:05:10:16 +0200] "GET /Jurek/eurofirany/images/460231/0.jpg HTTP/2.0" 200 59915 "-" "baselinker"
185.6.76.166 - - [28/May/2025:05:10:19 +0200] "GET /Jurek/eurofirany/images/432649/0.jpg HTTP/1.1" 200 6625 "-" "Skroutz ImageBot v1"
51.77.52.107 - - [28/May/2025:05:10:23 +0200] "GET /Jurek/eurofirany/images/460231/0.jpg HTTP/2.0" 200 59915 "-" "baselinker"
51.77.52.107 - - [28/May/2025:05:10:27 +0200] "GET /Jurek/eurofirany/images/460231/0.jpg HTTP/2.0" 200 59915 "-" "baselinker"
51.77.52.107 - - [28/May/2025:05:10:32 +0200] "GET /Jurek/eurofirany/images/460232/0.jpg HTTP/2.0" 200 77981 "-" "baselinker"
51.77.52.107 - - [28/May/2025:05:10:41 +0200] "GET /Jurek/eurofirany/images/460232/0.jpg HTTP/2.0" 200 77981 "-" "baselinker"
51.77.52.107 - - [28/May/2025:05:11:05 +0200] "GET /Jurek/eurofirany/images/460232/0.jpg HTTP/2.0" 200 77981 "-" "baselinker"
51.77.52.107 - - [28/May/2025:05:11:09 +0200] "GET /Jurek/eurofirany/images/460233/0.jpg HTTP/2.0" 200 81130 "-" "baselinker"
51.77.52.107 - - [28/May/2025:05:11:16 +0200] "GET /Jurek/eurofirany/images/460233/0.jpg HTTP/2.0" 200 81130 "-" "baselinker"
51.77.52.107 - - [28/May/2025:05:11:22 +0200] "GET /Jurek/eurofirany/images/460233/0.jpg HTTP/2.0" 200 81130 "-" "baselinker"
51.77.52.107 - - [28/May/2025:05:11:28 +0200] "GET /Jurek/eurofirany/images/460329/0.jpg HTTP/2.0" 200 73137 "-" "baselinker"
51.77.52.107 - - [28/May/2025:05:11:47 +0200] "GET /Jurek/eurofirany/images/460329/0.jpg HTTP/2.0" 200 73137 "-" "baselinker"
51.77.52.107 - - [28/May/2025:05:12:02 +0200] "GET /Jurek/eurofirany/images/460329/0.jpg HTTP/2.0" 200 73137 "-" "baselinker"
51.77.52.107 - - [28/May/2025:05:12:18 +0200] "GET /Jurek/eurofirany/images/460834/0.jpg HTTP/2.0" 200 122946 "-" "baselinker"
51.77.52.107 - - [28/May/2025:05:12:37 +0200] "GET /Jurek/eurofirany/images/460834/0.jpg HTTP/2.0" 200 122946 "-" "baselinker"
51.77.52.107 - - [28/May/2025:05:13:00 +0200] "GET /Jurek/eurofirany/images/460834/0.jpg HTTP/2.0" 200 122946 "-" "baselinker"
51.77.52.107 - - [28/May/2025:05:13:17 +0200] "GET /Jurek/eurofirany/images/40892/0.jpg HTTP/2.0" 200 209941 "-" "baselinker"
51.77.52.107 - - [28/May/2025:05:13:32 +0200] "GET /Jurek/eurofirany/images/40892/0.jpg HTTP/2.0" 200 209941 "-" "baselinker"
51.77.52.107 - - [28/May/2025:05:13:35 +0200] "GET /Jurek/eurofirany/images/40892/0.jpg HTTP/2.0" 200 209941 "-" "baselinker"
51.77.52.107 - - [28/May/2025:05:13:44 +0200] "GET /Jurek/eurofirany/images/459794/0.jpg HTTP/2.0" 200 173107 "-" "baselinker"
51.77.52.107 - - [28/May/2025:05:14:00 +0200] "GET /Jurek/eurofirany/images/459794/0.jpg HTTP/2.0" 200 173107 "-" "baselinker"
51.77.52.107 - - [28/May/2025:05:14:17 +0200] "GET /Jurek/eurofirany/images/459794/0.jpg HTTP/2.0" 200 173107 "-" "baselinker"
51.77.52.107 - - [28/May/2025:05:14:36 +0200] "GET /Jurek/eurofirany/images/459792/0.jpg HTTP/2.0" 200 205217 "-" "baselinker"
51.77.52.107 - - [28/May/2025:05:14:52 +0200] "GET /Jurek/eurofirany/images/459792/0.jpg HTTP/2.0" 200 205217 "-" "baselinker"
51.77.52.107 - - [28/May/2025:05:15:12 +0200] "GET /Jurek/eurofirany/images/459792/0.jpg HTTP/2.0" 200 205217 "-" "baselinker"
51.77.52.107 - - [28/May/2025:05:15:31 +0200] "GET /Jurek/eurofirany/images/459793/0.jpg HTTP/2.0" 200 173107 "-" "baselinker"
51.77.52.107 - - [28/May/2025:05:15:38 +0200] "GET /Jurek/eurofirany/images/459793/0.jpg HTTP/2.0" 200 173107 "-" "baselinker"
51.77.52.107 - - [28/May/2025:05:15:47 +0200] "GET /Jurek/eurofirany/images/459793/0.jpg HTTP/2.0" 200 173107 "-" "baselinker"
51.77.52.107 - - [28/May/2025:05:16:07 +0200] "GET /Jurek/eurofirany/images/387445/0.jpg HTTP/2.0" 200 113307 "-" "baselinker"
51.77.52.107 - - [28/May/2025:05:16:24 +0200] "GET /Jurek/eurofirany/images/387445/0.jpg HTTP/2.0" 200 113307 "-" "baselinker"
51.77.52.107 - - [28/May/2025:05:16:30 +0200] "GET /Jurek/eurofirany/images/387445/0.jpg HTTP/2.0" 200 113307 "-" "baselinker"
51.77.52.107 - - [28/May/2025:05:16:44 +0200] "GET /Jurek/eurofirany/images/387451/0.jpg HTTP/2.0" 200 113307 "-" "baselinker"
51.77.52.107 - - [28/May/2025:05:16:58 +0200] "GET /Jurek/eurofirany/images/387451/0.jpg HTTP/2.0" 200 113307 "-" "baselinker"
51.77.52.107 - - [28/May/2025:05:17:02 +0200] "GET /Jurek/eurofirany/images/387451/0.jpg HTTP/2.0" 200 113307 "-" "baselinker"
51.77.52.107 - - [28/May/2025:05:17:15 +0200] "GET /Jurek/eurofirany/images/387456/0.jpg HTTP/2.0" 200 130800 "-" "baselinker"
51.77.52.107 - - [28/May/2025:05:17:37 +0200] "GET /Jurek/eurofirany/images/387456/0.jpg HTTP/2.0" 200 130800 "-" "baselinker"
51.77.52.107 - - [28/May/2025:05:17:54 +0200] "GET /Jurek/eurofirany/images/387456/0.jpg HTTP/2.0" 200 130800 "-" "baselinker"
51.77.52.107 - - [28/May/2025:05:18:12 +0200] "GET /Jurek/eurofirany/images/459790/0.jpg HTTP/2.0" 200 205217 "-" "baselinker"
51.77.52.107 - - [28/May/2025:05:18:19 +0200] "GET /Jurek/eurofirany/images/459790/0.jpg HTTP/2.0" 200 205217 "-" "baselinker"
51.77.52.107 - - [28/May/2025:05:18:27 +0200] "GET /Jurek/eurofirany/images/459790/0.jpg HTTP/2.0" 200 205217 "-" "baselinker"
51.77.52.107 - - [28/May/2025:05:18:45 +0200] "GET /Jurek/eurofirany/images/461800/0.jpg HTTP/2.0" 200 153866 "-" "baselinker"
51.77.52.107 - - [28/May/2025:05:18:53 +0200] "GET /Jurek/eurofirany/images/461800/0.jpg HTTP/2.0" 200 153866 "-" "baselinker"
51.77.52.107 - - [28/May/2025:05:19:01 +0200] "GET /Jurek/eurofirany/images/461800/0.jpg HTTP/2.0" 200 153866 "-" "baselinker"
51.77.52.107 - - [28/May/2025:05:19:20 +0200] "GET /Jurek/eurofirany/images/387457/0.jpg HTTP/2.0" 200 130800 "-" "baselinker"
185.6.76.167 - - [28/May/2025:05:19:25 +0200] "GET /Jurek/eurofirany/images/419778/0.jpg HTTP/1.1" 200 6595 "-" "Skroutz ImageBot v1"
185.6.76.167 - - [28/May/2025:05:19:25 +0200] "GET /Jurek/eurofirany/images/419779/0.jpg HTTP/1.1" 200 6595 "-" "Skroutz ImageBot v1"
51.77.52.107 - - [28/May/2025:05:19:36 +0200] "GET /Jurek/eurofirany/images/387457/0.jpg HTTP/2.0" 200 130800 "-" "baselinker"
51.77.52.107 - - [28/May/2025:05:19:39 +0200] "GET /Jurek/eurofirany/images/387457/0.jpg HTTP/2.0" 200 130800 "-" "baselinker"
51.77.52.107 - - [28/May/2025:05:19:53 +0200] "GET /Jurek/eurofirany/images/461802/0.jpg HTTP/2.0" 200 152753 "-" "baselinker"
51.77.52.107 - - [28/May/2025:05:20:11 +0200] "GET /Jurek/eurofirany/images/461802/0.jpg HTTP/2.0" 200 152753 "-" "baselinker"
51.77.52.107 - - [28/May/2025:05:20:27 +0200] "GET /Jurek/eurofirany/images/461802/0.jpg HTTP/2.0" 200 152753 "-" "baselinker"
51.77.52.107 - - [28/May/2025:05:20:35 +0200] "GET /Jurek/eurofirany/images/461823/0.jpg HTTP/2.0" 200 156861 "-" "baselinker"
46.101.116.244 - - [28/May/2025:05:20:40 +0200] "GET /Jurek/kokiska/feeds/kokiska_allegro.xml HTTP/1.0" 200 9390897 "-" "-"
46.101.116.244 - - [28/May/2025:05:20:42 +0200] "GET /Jurek/vivaldi/feeds/vivaldi_allegro.xml HTTP/1.0" 200 344685 "-" "-"
51.77.52.107 - - [28/May/2025:05:20:55 +0200] "GET /Jurek/eurofirany/images/461823/0.jpg HTTP/2.0" 200 156861 "-" "baselinker"
46.101.116.244 - - [28/May/2025:05:20:59 +0200] "GET /Jurek/hurtownia_przemyslowa/feeds/hp_cdiscount.xml HTTP/1.0" 200 36714688 "-" "-"
51.77.52.107 - - [28/May/2025:05:21:07 +0200] "GET /Jurek/eurofirany/images/461823/0.jpg HTTP/2.0" 200 156861 "-" "baselinker"
51.77.52.107 - - [28/May/2025:05:21:28 +0200] "GET /Jurek/eurofirany/images/461825/0.jpg HTTP/2.0" 200 138390 "-" "baselinker"
86.120.252.23 - - [28/May/2025:05:21:35 +0200] "GET /Jurek/eurofirany/images/225245/3.jpg HTTP/2.0" 200 122915 "https://www.emag.ro/perdea-rebecca-pregata-140x250-cm-albastru-marine-eurofirany-225245/pd/DRTH8LMBM/?X-Search-Id=2878b3e9226bb7262a34&X-Product-Id=105200308&X-Search-Page=20&X-Search-Position=13&X-Section=search&X-MB=0&X-Search-Action=view" "Mozilla/5.0 (Windows NT 10.0; Win64; x64) AppleWebKit/537.36 (KHTML, like Gecko) Chrome/136.0.0.0 Safari/537.36"
86.120.252.23 - - [28/May/2025:05:21:35 +0200] "GET /Jurek/eurofirany/images/225245/1.jpg HTTP/2.0" 200 125228 "https://www.emag.ro/perdea-rebecca-pregata-140x250-cm-albastru-marine-eurofirany-225245/pd/DRTH8LMBM/?X-Search-Id=2878b3e9226bb7262a34&X-Product-Id=105200308&X-Search-Page=20&X-Search-Position=13&X-Section=search&X-MB=0&X-Search-Action=view" "Mozilla/5.0 (Windows NT 10.0; Win64; x64) AppleWebKit/537.36 (KHTML, like Gecko) Chrome/136.0.0.0 Safari/537.36"
86.120.252.23 - - [28/May/2025:05:21:35 +0200] "GET /Jurek/eurofirany/images/225245/5.jpg HTTP/2.0" 200 154247 "https://www.emag.ro/perdea-rebecca-pregata-140x250-cm-albastru-marine-eurofirany-225245/pd/DRTH8LMBM/?X-Search-Id=2878b3e9226bb7262a34&X-Product-Id=105200308&X-Search-Page=20&X-Search-Position=13&X-Section=search&X-MB=0&X-Search-Action=view" "Mozilla/5.0 (Windows NT 10.0; Win64; x64) AppleWebKit/537.36 (KHTML, like Gecko) Chrome/136.0.0.0 Safari/537.36"
86.120.252.23 - - [28/May/2025:05:21:35 +0200] "GET /Jurek/eurofirany/images/225245/2.jpg HTTP/2.0" 200 49078 "https://www.emag.ro/perdea-rebecca-pregata-140x250-cm-albastru-marine-eurofirany-225245/pd/DRTH8LMBM/?X-Search-Id=2878b3e9226bb7262a34&X-Product-Id=105200308&X-Search-Page=20&X-Search-Position=13&X-Section=search&X-MB=0&X-Search-Action=view" "Mozilla/5.0 (Windows NT 10.0; Win64; x64) AppleWebKit/537.36 (KHTML, like Gecko) Chrome/136.0.0.0 Safari/537.36"
86.120.252.23 - - [28/May/2025:05:21:35 +0200] "GET /Jurek/eurofirany/images/225245/4.jpg HTTP/2.0" 200 251894 "https://www.emag.ro/perdea-rebecca-pregata-140x250-cm-albastru-marine-eurofirany-225245/pd/DRTH8LMBM/?X-Search-Id=2878b3e9226bb7262a34&X-Product-Id=105200308&X-Search-Page=20&X-Search-Position=13&X-Section=search&X-MB=0&X-Search-Action=view" "Mozilla/5.0 (Windows NT 10.0; Win64; x64) AppleWebKit/537.36 (KHTML, like Gecko) Chrome/136.0.0.0 Safari/537.36"
51.77.52.107 - - [28/May/2025:05:21:50 +0200] "GET /Jurek/eurofirany/images/461825/0.jpg HTTP/2.0" 200 138390 "-" "baselinker"
51.77.52.107 - - [28/May/2025:05:21:54 +0200] "GET /Jurek/eurofirany/images/461825/0.jpg HTTP/2.0" 200 138390 "-" "baselinker"
51.77.52.107 - - [28/May/2025:05:22:10 +0200] "GET /Jurek/eurofirany/images/461826/0.jpg HTTP/2.0" 200 153202 "-" "baselinker"
51.77.52.107 - - [28/May/2025:05:22:17 +0200] "GET /Jurek/eurofirany/images/461826/0.jpg HTTP/2.0" 200 153202 "-" "baselinker"
86.120.252.23 - - [28/May/2025:05:22:33 +0200] "GET /Jurek/eurofirany/images/406483/6.jpg HTTP/2.0" 200 54908 "https://www.emag.ro/pregata-perdea-rita-140x250-cm-grafit-eurofirany-406483/pd/DTZB8LMBM/?ref=graph_profiled_similar_fallback_1_20&provider=rec&recid=rec_49_c2f2b483003a9eef99ed5f4d92e7a19c62d23fbf64d793d2dc691798fb836710_1748402494&scenario_ID=49" "Mozilla/5.0 (Windows NT 10.0; Win64; x64) AppleWebKit/537.36 (KHTML, like Gecko) Chrome/136.0.0.0 Safari/537.36"
86.120.252.23 - - [28/May/2025:05:22:33 +0200] "GET /Jurek/eurofirany/images/406483/1.jpg HTTP/2.0" 200 50503 "https://www.emag.ro/pregata-perdea-rita-140x250-cm-grafit-eurofirany-406483/pd/DTZB8LMBM/?ref=graph_profiled_similar_fallback_1_20&provider=rec&recid=rec_49_c2f2b483003a9eef99ed5f4d92e7a19c62d23fbf64d793d2dc691798fb836710_1748402494&scenario_ID=49" "Mozilla/5.0 (Windows NT 10.0; Win64; x64) AppleWebKit/537.36 (KHTML, like Gecko) Chrome/136.0.0.0 Safari/537.36"
86.120.252.23 - - [28/May/2025:05:22:33 +0200] "GET /Jurek/eurofirany/images/406483/2.jpg HTTP/2.0" 200 33011 "https://www.emag.ro/pregata-perdea-rita-140x250-cm-grafit-eurofirany-406483/pd/DTZB8LMBM/?ref=graph_profiled_similar_fallback_1_20&provider=rec&recid=rec_49_c2f2b483003a9eef99ed5f4d92e7a19c62d23fbf64d793d2dc691798fb836710_1748402494&scenario_ID=49" "Mozilla/5.0 (Windows NT 10.0; Win64; x64) AppleWebKit/537.36 (KHTML, like Gecko) Chrome/136.0.0.0 Safari/537.36"
86.120.252.23 - - [28/May/2025:05:22:33 +0200] "GET /Jurek/eurofirany/images/406483/3.jpg HTTP/2.0" 200 97219 "https://www.emag.ro/pregata-perdea-rita-140x250-cm-grafit-eurofirany-406483/pd/DTZB8LMBM/?ref=graph_profiled_similar_fallback_1_20&provider=rec&recid=rec_49_c2f2b483003a9eef99ed5f4d92e7a19c62d23fbf64d793d2dc691798fb836710_1748402494&scenario_ID=49" "Mozilla/5.0 (Windows NT 10.0; Win64; x64) AppleWebKit/537.36 (KHTML, like Gecko) Chrome/136.0.0.0 Safari/537.36"
86.120.252.23 - - [28/May/2025:05:22:33 +0200] "GET /Jurek/eurofirany/images/406483/4.jpg HTTP/2.0" 200 193432 "https://www.emag.ro/pregata-perdea-rita-140x250-cm-grafit-eurofirany-406483/pd/DTZB8LMBM/?ref=graph_profiled_similar_fallback_1_20&provider=rec&recid=rec_49_c2f2b483003a9eef99ed5f4d92e7a19c62d23fbf64d793d2dc691798fb836710_1748402494&scenario_ID=49" "Mozilla/5.0 (Windows NT 10.0; Win64; x64) AppleWebKit/537.36 (KHTML, like Gecko) Chrome/136.0.0.0 Safari/537.36"
86.120.252.23 - - [28/May/2025:05:22:33 +0200] "GET /Jurek/eurofirany/images/406483/5.jpg HTTP/2.0" 200 96203 "https://www.emag.ro/pregata-perdea-rita-140x250-cm-grafit-eurofirany-406483/pd/DTZB8LMBM/?ref=graph_profiled_similar_fallback_1_20&provider=rec&recid=rec_49_c2f2b483003a9eef99ed5f4d92e7a19c62d23fbf64d793d2dc691798fb836710_1748402494&scenario_ID=49" "Mozilla/5.0 (Windows NT 10.0; Win64; x64) AppleWebKit/537.36 (KHTML, like Gecko) Chrome/136.0.0.0 Safari/537.36"
51.77.52.107 - - [28/May/2025:05:22:33 +0200] "GET /Jurek/eurofirany/images/461826/0.jpg HTTP/2.0" 200 153202 "-" "baselinker"
86.120.252.23 - - [28/May/2025:05:22:33 +0200] "GET /Jurek/eurofirany/images/406483/7.jpg HTTP/2.0" 200 141705 "https://www.emag.ro/pregata-perdea-rita-140x250-cm-grafit-eurofirany-406483/pd/DTZB8LMBM/?ref=graph_profiled_similar_fallback_1_20&provider=rec&recid=rec_49_c2f2b483003a9eef99ed5f4d92e7a19c62d23fbf64d793d2dc691798fb836710_1748402494&scenario_ID=49" "Mozilla/5.0 (Windows NT 10.0; Win64; x64) AppleWebKit/537.36 (KHTML, like Gecko) Chrome/136.0.0.0 Safari/537.36"
86.120.252.23 - - [28/May/2025:05:22:33 +0200] "GET /Jurek/eurofirany/images/406483/8.jpg HTTP/2.0" 200 125950 "https://www.emag.ro/pregata-perdea-rita-140x250-cm-grafit-eurofirany-406483/pd/DTZB8LMBM/?ref=graph_profiled_similar_fallback_1_20&provider=rec&recid=rec_49_c2f2b483003a9eef99ed5f4d92e7a19c62d23fbf64d793d2dc691798fb836710_1748402494&scenario_ID=49" "Mozilla/5.0 (Windows NT 10.0; Win64; x64) AppleWebKit/537.36 (KHTML, like Gecko) Chrome/136.0.0.0 Safari/537.36"
51.77.52.107 - - [28/May/2025:05:22:50 +0200] "GET /Jurek/eurofirany/images/461827/0.jpg HTTP/2.0" 200 125432 "-" "baselinker"
51.77.52.107 - - [28/May/2025:05:23:06 +0200] "GET /Jurek/eurofirany/images/461827/0.jpg HTTP/2.0" 200 125432 "-" "baselinker"
51.77.52.107 - - [28/May/2025:05:23:28 +0200] "GET /Jurek/eurofirany/images/461827/0.jpg HTTP/2.0" 200 125432 "-" "baselinker"
51.77.52.107 - - [28/May/2025:05:23:50 +0200] "GET /Jurek/eurofirany/images/461828/0.jpg HTTP/2.0" 200 132930 "-" "baselinker"
51.77.52.107 - - [28/May/2025:05:24:07 +0200] "GET /Jurek/eurofirany/images/461828/0.jpg HTTP/2.0" 200 132930 "-" "baselinker"
86.120.252.23 - - [28/May/2025:05:24:20 +0200] "GET /Jurek/eurofirany/images/408981/1.jpg HTTP/2.0" 200 145978 "https://www.emag.ro/perdea-dina-pregata-pe-banda-140x270-cm-alba-eurofirany-408981/pd/D4ZB8LMBM/?X-Search-Id=06d16307eab41ac73ed2&X-Product-Id=240799614&X-Search-Page=21&X-Search-Position=14&X-Section=search&X-MB=0&X-Search-Action=view" "Mozilla/5.0 (Windows NT 10.0; Win64; x64) AppleWebKit/537.36 (KHTML, like Gecko) Chrome/136.0.0.0 Safari/537.36"
86.120.252.23 - - [28/May/2025:05:24:20 +0200] "GET /Jurek/eurofirany/images/408981/16.jpg HTTP/2.0" 200 161444 "https://www.emag.ro/perdea-dina-pregata-pe-banda-140x270-cm-alba-eurofirany-408981/pd/D4ZB8LMBM/?X-Search-Id=06d16307eab41ac73ed2&X-Product-Id=240799614&X-Search-Page=21&X-Search-Position=14&X-Section=search&X-MB=0&X-Search-Action=view" "Mozilla/5.0 (Windows NT 10.0; Win64; x64) AppleWebKit/537.36 (KHTML, like Gecko) Chrome/136.0.0.0 Safari/537.36"
86.120.252.23 - - [28/May/2025:05:24:20 +0200] "GET /Jurek/eurofirany/images/408981/3.jpg HTTP/2.0" 200 82440 "https://www.emag.ro/perdea-dina-pregata-pe-banda-140x270-cm-alba-eurofirany-408981/pd/D4ZB8LMBM/?X-Search-Id=06d16307eab41ac73ed2&X-Product-Id=240799614&X-Search-Page=21&X-Search-Position=14&X-Section=search&X-MB=0&X-Search-Action=view" "Mozilla/5.0 (Windows NT 10.0; Win64; x64) AppleWebKit/537.36 (KHTML, like Gecko) Chrome/136.0.0.0 Safari/537.36"
86.120.252.23 - - [28/May/2025:05:24:20 +0200] "GET /Jurek/eurofirany/images/408981/2.jpg HTTP/2.0" 200 101347 "https://www.emag.ro/perdea-dina-pregata-pe-banda-140x270-cm-alba-eurofirany-408981/pd/D4ZB8LMBM/?X-Search-Id=06d16307eab41ac73ed2&X-Product-Id=240799614&X-Search-Page=21&X-Search-Position=14&X-Section=search&X-MB=0&X-Search-Action=view" "Mozilla/5.0 (Windows NT 10.0; Win64; x64) AppleWebKit/537.36 (KHTML, like Gecko) Chrome/136.0.0.0 Safari/537.36"
86.120.252.23 - - [28/May/2025:05:24:21 +0200] "GET /Jurek/eurofirany/images/408981/6.jpg HTTP/2.0" 200 200258 "https://www.emag.ro/perdea-dina-pregata-pe-banda-140x270-cm-alba-eurofirany-408981/pd/D4ZB8LMBM/?X-Search-Id=06d16307eab41ac73ed2&X-Product-Id=240799614&X-Search-Page=21&X-Search-Position=14&X-Section=search&X-MB=0&X-Search-Action=view" "Mozilla/5.0 (Windows NT 10.0; Win64; x64) AppleWebKit/537.36 (KHTML, like Gecko) Chrome/136.0.0.0 Safari/537.36"
86.120.252.23 - - [28/May/2025:05:24:21 +0200] "GET /Jurek/eurofirany/images/408981/5.jpg HTTP/2.0" 200 237370 "https://www.emag.ro/perdea-dina-pregata-pe-banda-140x270-cm-alba-eurofirany-408981/pd/D4ZB8LMBM/?X-Search-Id=06d16307eab41ac73ed2&X-Product-Id=240799614&X-Search-Page=21&X-Search-Position=14&X-Section=search&X-MB=0&X-Search-Action=view" "Mozilla/5.0 (Windows NT 10.0; Win64; x64) AppleWebKit/537.36 (KHTML, like Gecko) Chrome/136.0.0.0 Safari/537.36"
86.120.252.23 - - [28/May/2025:05:24:21 +0200] "GET /Jurek/eurofirany/images/408981/4.jpg HTTP/2.0" 200 174723 "https://www.emag.ro/perdea-dina-pregata-pe-banda-140x270-cm-alba-eurofirany-408981/pd/D4ZB8LMBM/?X-Search-Id=06d16307eab41ac73ed2&X-Product-Id=240799614&X-Search-Page=21&X-Search-Position=14&X-Section=search&X-MB=0&X-Search-Action=view" "Mozilla/5.0 (Windows NT 10.0; Win64; x64) AppleWebKit/537.36 (KHTML, like Gecko) Chrome/136.0.0.0 Safari/537.36"
86.120.252.23 - - [28/May/2025:05:24:21 +0200] "GET /Jurek/eurofirany/images/408981/11.jpg HTTP/2.0" 200 167191 "https://www.emag.ro/perdea-dina-pregata-pe-banda-140x270-cm-alba-eurofirany-408981/pd/D4ZB8LMBM/?X-Search-Id=06d16307eab41ac73ed2&X-Product-Id=240799614&X-Search-Page=21&X-Search-Position=14&X-Section=search&X-MB=0&X-Search-Action=view" "Mozilla/5.0 (Windows NT 10.0; Win64; x64) AppleWebKit/537.36 (KHTML, like Gecko) Chrome/136.0.0.0 Safari/537.36"
86.120.252.23 - - [28/May/2025:05:24:21 +0200] "GET /Jurek/eurofirany/images/408981/10.jpg HTTP/2.0" 200 193104 "https://www.emag.ro/perdea-dina-pregata-pe-banda-140x270-cm-alba-eurofirany-408981/pd/D4ZB8LMBM/?X-Search-Id=06d16307eab41ac73ed2&X-Product-Id=240799614&X-Search-Page=21&X-Search-Position=14&X-Section=search&X-MB=0&X-Search-Action=view" "Mozilla/5.0 (Windows NT 10.0; Win64; x64) AppleWebKit/537.36 (KHTML, like Gecko) Chrome/136.0.0.0 Safari/537.36"
86.120.252.23 - - [28/May/2025:05:24:21 +0200] "GET /Jurek/eurofirany/images/408981/9.jpg HTTP/2.0" 200 224823 "https://www.emag.ro/perdea-dina-pregata-pe-banda-140x270-cm-alba-eurofirany-408981/pd/D4ZB8LMBM/?X-Search-Id=06d16307eab41ac73ed2&X-Product-Id=240799614&X-Search-Page=21&X-Search-Position=14&X-Section=search&X-MB=0&X-Search-Action=view" "Mozilla/5.0 (Windows NT 10.0; Win64; x64) AppleWebKit/537.36 (KHTML, like Gecko) Chrome/136.0.0.0 Safari/537.36"
86.120.252.23 - - [28/May/2025:05:24:21 +0200] "GET /Jurek/eurofirany/images/408981/8.jpg HTTP/2.0" 200 193568 "https://www.emag.ro/perdea-dina-pregata-pe-banda-140x270-cm-alba-eurofirany-408981/pd/D4ZB8LMBM/?X-Search-Id=06d16307eab41ac73ed2&X-Product-Id=240799614&X-Search-Page=21&X-Search-Position=14&X-Section=search&X-MB=0&X-Search-Action=view" "Mozilla/5.0 (Windows NT 10.0; Win64; x64) AppleWebKit/537.36 (KHTML, like Gecko) Chrome/136.0.0.0 Safari/537.36"
86.120.252.23 - - [28/May/2025:05:24:22 +0200] "GET /Jurek/eurofirany/images/408981/7.jpg HTTP/2.0" 200 179449 "https://www.emag.ro/perdea-dina-pregata-pe-banda-140x270-cm-alba-eurofirany-408981/pd/D4ZB8LMBM/?X-Search-Id=06d16307eab41ac73ed2&X-Product-Id=240799614&X-Search-Page=21&X-Search-Position=14&X-Section=search&X-MB=0&X-Search-Action=view" "Mozilla/5.0 (Windows NT 10.0; Win64; x64) AppleWebKit/537.36 (KHTML, like Gecko) Chrome/136.0.0.0 Safari/537.36"
86.120.252.23 - - [28/May/2025:05:24:22 +0200] "GET /Jurek/eurofirany/images/408981/15.jpg HTTP/2.0" 200 159335 "https://www.emag.ro/perdea-dina-pregata-pe-banda-140x270-cm-alba-eurofirany-408981/pd/D4ZB8LMBM/?X-Search-Id=06d16307eab41ac73ed2&X-Product-Id=240799614&X-Search-Page=21&X-Search-Position=14&X-Section=search&X-MB=0&X-Search-Action=view" "Mozilla/5.0 (Windows NT 10.0; Win64; x64) AppleWebKit/537.36 (KHTML, like Gecko) Chrome/136.0.0.0 Safari/537.36"
86.120.252.23 - - [28/May/2025:05:24:22 +0200] "GET /Jurek/eurofirany/images/408981/14.jpg HTTP/2.0" 200 180793 "https://www.emag.ro/perdea-dina-pregata-pe-banda-140x270-cm-alba-eurofirany-408981/pd/D4ZB8LMBM/?X-Search-Id=06d16307eab41ac73ed2&X-Product-Id=240799614&X-Search-Page=21&X-Search-Position=14&X-Section=search&X-MB=0&X-Search-Action=view" "Mozilla/5.0 (Windows NT 10.0; Win64; x64) AppleWebKit/537.36 (KHTML, like Gecko) Chrome/136.0.0.0 Safari/537.36"
86.120.252.23 - - [28/May/2025:05:24:22 +0200] "GET /Jurek/eurofirany/images/408981/13.jpg HTTP/2.0" 200 149245 "https://www.emag.ro/perdea-dina-pregata-pe-banda-140x270-cm-alba-eurofirany-408981/pd/D4ZB8LMBM/?X-Search-Id=06d16307eab41ac73ed2&X-Product-Id=240799614&X-Search-Page=21&X-Search-Position=14&X-Section=search&X-MB=0&X-Search-Action=view" "Mozilla/5.0 (Windows NT 10.0; Win64; x64) AppleWebKit/537.36 (KHTML, like Gecko) Chrome/136.0.0.0 Safari/537.36"
86.120.252.23 - - [28/May/2025:05:24:22 +0200] "GET /Jurek/eurofirany/images/408981/12.jpg HTTP/2.0" 200 175043 "https://www.emag.ro/perdea-dina-pregata-pe-banda-140x270-cm-alba-eurofirany-408981/pd/D4ZB8LMBM/?X-Search-Id=06d16307eab41ac73ed2&X-Product-Id=240799614&X-Search-Page=21&X-Search-Position=14&X-Section=search&X-MB=0&X-Search-Action=view" "Mozilla/5.0 (Windows NT 10.0; Win64; x64) AppleWebKit/537.36 (KHTML, like Gecko) Chrome/136.0.0.0 Safari/537.36"
51.77.52.107 - - [28/May/2025:05:24:31 +0200] "GET /Jurek/eurofirany/images/461828/0.jpg HTTP/2.0" 200 132930 "-" "baselinker"
51.77.52.107 - - [28/May/2025:05:24:41 +0200] "GET /Jurek/eurofirany/images/461829/0.jpg HTTP/2.0" 200 155840 "-" "baselinker"
51.77.52.107 - - [28/May/2025:05:25:17 +0200] "GET /Jurek/eurofirany/images/461829/0.jpg HTTP/2.0" 200 155840 "-" "baselinker"
51.77.52.107 - - [28/May/2025:05:25:24 +0200] "GET /Jurek/eurofirany/images/461829/0.jpg HTTP/2.0" 200 155840 "-" "baselinker"
51.77.52.107 - - [28/May/2025:05:25:34 +0200] "GET /Jurek/eurofirany/images/461831/0.jpg HTTP/2.0" 200 150454 "-" "baselinker"
51.77.52.107 - - [28/May/2025:05:25:51 +0200] "GET /Jurek/eurofirany/images/461831/0.jpg HTTP/2.0" 200 150454 "-" "baselinker"
51.77.52.107 - - [28/May/2025:05:26:08 +0200] "GET /Jurek/eurofirany/images/461831/0.jpg HTTP/2.0" 200 150454 "-" "baselinker"
51.77.52.107 - - [28/May/2025:05:26:19 +0200] "GET /Jurek/eurofirany/images/452129/0.jpg HTTP/2.0" 200 118298 "-" "baselinker"
51.77.52.107 - - [28/May/2025:05:26:41 +0200] "GET /Jurek/eurofirany/images/452129/0.jpg HTTP/2.0" 200 118298 "-" "baselinker"
51.77.52.107 - - [28/May/2025:05:26:46 +0200] "GET /Jurek/eurofirany/images/452129/0.jpg HTTP/2.0" 200 118298 "-" "baselinker"
51.77.52.107 - - [28/May/2025:05:27:04 +0200] "GET /Jurek/eurofirany/images/452131/0.jpg HTTP/2.0" 200 98325 "-" "baselinker"
51.77.52.107 - - [28/May/2025:05:27:23 +0200] "GET /Jurek/eurofirany/images/452131/0.jpg HTTP/2.0" 200 98325 "-" "baselinker"
51.77.52.107 - - [28/May/2025:05:27:44 +0200] "GET /Jurek/eurofirany/images/452131/0.jpg HTTP/2.0" 200 98325 "-" "baselinker"
51.77.52.107 - - [28/May/2025:05:27:49 +0200] "GET /Jurek/eurofirany/images/452134/0.jpg HTTP/2.0" 200 98972 "-" "baselinker"
51.77.52.107 - - [28/May/2025:05:28:07 +0200] "GET /Jurek/eurofirany/images/452134/0.jpg HTTP/2.0" 200 98972 "-" "baselinker"
51.77.52.107 - - [28/May/2025:05:28:12 +0200] "GET /Jurek/eurofirany/images/452134/0.jpg HTTP/2.0" 200 98972 "-" "baselinker"
51.77.52.107 - - [28/May/2025:05:28:35 +0200] "GET /Jurek/eurofirany/images/452136/0.jpg HTTP/2.0" 200 101967 "-" "baselinker"
51.77.52.107 - - [28/May/2025:05:28:43 +0200] "GET /Jurek/eurofirany/images/452136/0.jpg HTTP/2.0" 200 101967 "-" "baselinker"
51.77.52.107 - - [28/May/2025:05:28:48 +0200] "GET /Jurek/eurofirany/images/452136/0.jpg HTTP/2.0" 200 101967 "-" "baselinker"
51.77.52.107 - - [28/May/2025:05:29:11 +0200] "GET /Jurek/eurofirany/images/452137/0.jpg HTTP/2.0" 200 102989 "-" "baselinker"
