89.161.206.59 - - [28/May/2025:03:57:09 +0200] "GET /Jurek/drops/feeds/dropsofficecolection_skroutz.xml HTTP/1.0" 200 790786 "-" "-"
89.161.206.59 - - [28/May/2025:03:57:10 +0200] "GET /Jurek/szpaklampy/feeds/szpaklampy_skroutz.xml HTTP/1.0" 200 388216 "-" "-"
51.77.52.107 - - [28/May/2025:03:57:11 +0200] "GET /Jurek/eurofirany/images/460877/0.jpg HTTP/2.0" 200 117637 "-" "baselinker"
46.101.116.244 - - [28/May/2025:03:57:18 +0200] "GET /Jurek/lgbtshop/feeds/lgbtshop_mallsiSH.xml HTTP/2.0" 200 219253 "-" "-"
46.101.116.244 - - [28/May/2025:03:57:29 +0200] "GET /Jurek/madrex/feeds/madrex_mallsiSH.xml HTTP/2.0" 200 466713 "-" "-"
89.161.206.59 - - [28/May/2025:03:57:32 +0200] "GET /Jurek/spali/feeds/spali_skroutz.xml HTTP/1.0" 200 77057 "-" "-"
89.161.206.59 - - [28/May/2025:03:57:32 +0200] "GET /Jurek/galopi/feeds/galopi_skroutz.xml HTTP/1.0" 200 2111095 "-" "-"
89.161.206.59 - - [28/May/2025:03:57:32 +0200] "GET /Jurek/combine/feeds/combine_skroutz.xml HTTP/1.0" 200 210554 "-" "-"
89.161.206.59 - - [28/May/2025:03:57:33 +0200] "GET /Jurek/eurofryz/feeds/eurofryz_skroutz.xml HTTP/1.0" 200 1381558 "-" "-"
51.77.52.107 - - [28/May/2025:03:57:33 +0200] "GET /Jurek/eurofirany/images/460872/0.jpg HTTP/2.0" 200 81584 "-" "baselinker"
89.161.206.59 - - [28/May/2025:03:57:37 +0200] "GET /Jurek/erohurtownia/feeds/erohurtownia_skroutz.xml HTTP/1.0" 200 22767687 "-" "-"
46.101.116.244 - - [28/May/2025:03:57:39 +0200] "GET /Jurek/motofan/feeds/motofan_mallsiSH.xml HTTP/2.0" 200 2392158 "-" "-"
89.161.206.59 - - [28/May/2025:03:57:39 +0200] "GET /Jurek/reman/feeds/reman_skroutz.xml HTTP/1.0" 200 1394827 "-" "-"
89.161.206.59 - - [28/May/2025:03:57:40 +0200] "GET /Jurek/urwiskowo/feeds/urwiskowo_skroutz.xml HTTP/1.0" 200 9114980 "-" "-"
46.101.116.244 - - [28/May/2025:03:57:50 +0200] "GET /Jurek/najtanszysport/feeds/najtanszysport_mallsiSH.xml HTTP/2.0" 200 3983130 "-" "-"
51.77.52.107 - - [28/May/2025:03:57:56 +0200] "GET /Jurek/eurofirany/images/460872/0.jpg HTTP/2.0" 200 81584 "-" "baselinker"
46.101.116.244 - - [28/May/2025:03:58:00 +0200] "GET /Jurek/nexus/feeds/nexus_mallsiSH.xml HTTP/2.0" 200 226610 "-" "-"
46.101.116.244 - - [28/May/2025:03:58:11 +0200] "GET /Jurek/playcob/feeds/playcob_mallsiSH.xml HTTP/2.0" 200 6980133 "-" "-"
51.77.52.107 - - [28/May/2025:03:58:19 +0200] "GET /Jurek/eurofirany/images/460872/0.jpg HTTP/2.0" 200 81584 "-" "baselinker"
46.101.116.244 - - [28/May/2025:03:58:21 +0200] "GET /Jurek/cbdgreen/feeds/cbdgreen_mallsiSH.xml HTTP/2.0" 200 50541 "-" "-"
51.77.52.107 - - [28/May/2025:03:58:23 +0200] "GET /Jurek/eurofirany/images/460873/0.jpg HTTP/2.0" 200 77059 "-" "baselinker"
51.77.52.107 - - [28/May/2025:03:58:30 +0200] "GET /Jurek/eurofirany/images/460873/0.jpg HTTP/2.0" 200 77059 "-" "baselinker"
46.101.116.244 - - [28/May/2025:03:58:32 +0200] "GET /Jurek/cbdgreen/feeds/cbdgreen_mallsiSH.xml HTTP/2.0" 200 50541 "-" "-"
46.101.116.244 - - [28/May/2025:03:58:42 +0200] "GET /Jurek/dekornatort/feeds/dekornatort_mallsiSH.xml HTTP/2.0" 200 225730 "-" "-"
46.101.116.244 - - [28/May/2025:03:58:52 +0200] "GET /Jurek/eurofryz2/feeds/eurofryz2_mallsiSH.xml HTTP/2.0" 200 1376746 "-" "-"
51.77.52.107 - - [28/May/2025:03:58:53 +0200] "GET /Jurek/eurofirany/images/460873/0.jpg HTTP/2.0" 200 77059 "-" "baselinker"
46.101.116.244 - - [28/May/2025:03:59:02 +0200] "GET /Jurek/eurofryz3/feeds/eurofryz3_mallsiSH.xml HTTP/2.0" 200 172223 "-" "-"
46.101.116.244 - - [28/May/2025:03:59:13 +0200] "GET /Jurek/globaldeli/feeds/globaldeli_mallsiSH.xml HTTP/2.0" 200 2590906 "-" "-"
51.77.52.107 - - [28/May/2025:03:59:19 +0200] "GET /Jurek/eurofirany/images/460874/0.jpg HTTP/2.0" 200 87336 "-" "baselinker"
89.161.206.59 - - [28/May/2025:03:59:21 +0200] "GET /Jurek/ekuchcikowo/feeds/ekuchcikowo_skroutz.xml HTTP/1.0" 200 12414595 "-" "-"
46.101.116.244 - - [28/May/2025:03:59:34 +0200] "GET /Jurek/lendo/feeds/lendo_mallsiSH.xml HTTP/2.0" 200 330388 "-" "-"
89.161.206.59 - - [28/May/2025:03:59:35 +0200] "GET /Jurek/evil/feeds/evil_skroutz.xml HTTP/1.0" 200 252476 "-" "-"
89.161.206.59 - - [28/May/2025:03:59:35 +0200] "GET /Jurek/twojsklep/feeds/twojsklep_skroutz.xml HTTP/1.0" 200 126797 "-" "-"
89.161.206.59 - - [28/May/2025:03:59:36 +0200] "GET /Jurek/antiodor/feeds/antiodor_skroutz.xml HTTP/1.0" 200 137847 "-" "-"
89.161.206.59 - - [28/May/2025:03:59:37 +0200] "GET /Jurek/sartrix/feeds/sartrix_skroutz.xml HTTP/1.0" 200 649188 "-" "-"
51.77.52.107 - - [28/May/2025:03:59:37 +0200] "GET /Jurek/eurofirany/images/460874/0.jpg HTTP/2.0" 200 87336 "-" "baselinker"
89.161.206.59 - - [28/May/2025:03:59:40 +0200] "GET /Jurek/drewdon/feeds/drewdon_skroutz.xml HTTP/1.0" 200 358906 "-" "-"
89.161.206.59 - - [28/May/2025:03:59:41 +0200] "GET /Jurek/dekoele/feeds/dekoele_skroutz.xml HTTP/1.0" 200 378806 "-" "-"
89.161.206.59 - - [28/May/2025:03:59:41 +0200] "GET /Jurek/rider/feeds/rider_skroutz.xml HTTP/1.0" 200 8165148 "-" "-"
89.161.206.59 - - [28/May/2025:03:59:42 +0200] "GET /Jurek/expertauto/feeds/expertauto_skroutz.xml HTTP/1.0" 200 1158917 "-" "-"
89.161.206.59 - - [28/May/2025:03:59:45 +0200] "GET /Jurek/qbox/feeds/qbox_skroutz.xml HTTP/1.0" 200 398694 "-" "-"
173.252.95.6 - - [28/May/2025:03:59:46 +0200] "GET /Jurek/eurofirany/images/390692/1.jpg HTTP/2.0" 200 109898 "https://www.emag.hu/dagi-dekorativ-uvegfigura-05-11x11x15-cm-turkiz-eurofirany-390692/pd/D1D6GLMBM/?fbclid=IwZXh0bgNhZW0CMTEAAR73tjd8Qe3_2-qbh8Dpc9Y0KieOoXfelD3SB65lYUYlfX_yCxHVLSHQbc51Eg_aem_jcr5XYWdfl9jUovlKPbSzA" "facebookexternalhit/1.1 (+http://www.facebook.com/externalhit_uatext.php)"
51.77.52.107 - - [28/May/2025:04:00:00 +0200] "GET /Jurek/eurofirany/images/460874/0.jpg HTTP/2.0" 200 87336 "-" "baselinker"
173.252.95.24 - - [28/May/2025:04:00:10 +0200] "GET /Jurek/eurofirany/images/390692/1.jpg HTTP/2.0" 200 109898 "-" "facebookexternalhit/1.1 (+http://www.facebook.com/externalhit_uatext.php)"
85.14.86.141 - - [28/May/2025:04:00:17 +0200] "GET /Jurek/vida_morele/feeds/VidaPL_all.xml HTTP/2.0" 200 767434984 "-" "MarketplaceAPI curl/7.74.0 PHP/8"
35.204.39.32 - - [28/May/2025:04:00:21 +0200] "GET /marketplaces/carrefour_fr/results/carrefour_fr.csv HTTP/1.1" 200 163603 "-" "Mirakl HttpClient"
51.77.52.107 - - [28/May/2025:04:00:22 +0200] "GET /Jurek/eurofirany/images/462097/0.jpg HTTP/2.0" 200 74569 "-" "baselinker"
89.161.206.59 - - [28/May/2025:04:00:42 +0200] "GET /Jurek/najtanszysport/feeds/najtanszysport_skroutz.xml HTTP/1.0" 200 3291288 "-" "-"
46.101.116.244 - - [28/May/2025:04:00:43 +0200] "GET /Jurek/naszedzieci/feeds/naszedzieci_mallsiSH.xml HTTP/2.0" 200 833172423 "-" "-"
51.77.52.107 - - [28/May/2025:04:00:52 +0200] "GET /Jurek/eurofirany/images/462097/0.jpg HTTP/2.0" 200 74569 "-" "baselinker"
51.77.52.107 - - [28/May/2025:04:01:11 +0200] "GET /Jurek/eurofirany/images/462097/0.jpg HTTP/2.0" 200 74569 "-" "baselinker"
35.204.39.32 - - [28/May/2025:04:01:19 +0200] "GET /marketplaces/vente/results/vente_nl.csv HTTP/1.1" 200 2289700 "-" "Mirakl HttpClient"
35.204.39.32 - - [28/May/2025:04:01:19 +0200] "GET /marketplaces/vente/results/vente_fr.csv HTTP/1.1" 200 2562832 "-" "Mirakl HttpClient"
35.204.39.32 - - [28/May/2025:04:01:20 +0200] "GET /marketplaces/vente/results/vente_be.csv HTTP/1.1" 200 2289536 "-" "Mirakl HttpClient"
35.204.39.32 - - [28/May/2025:04:01:21 +0200] "GET /marketplaces/vente/results/vente_it.csv HTTP/1.1" 200 2322138 "-" "Mirakl HttpClient"
35.204.39.32 - - [28/May/2025:04:01:21 +0200] "GET /marketplaces/vente/results/vente_es.csv HTTP/1.1" 200 2289102 "-" "Mirakl HttpClient"
35.204.39.32 - - [28/May/2025:04:01:22 +0200] "GET /marketplaces/vente/results/vente_de.csv HTTP/1.1" 200 2288950 "-" "Mirakl HttpClient"
51.77.52.107 - - [28/May/2025:04:01:48 +0200] "GET /Jurek/eurofirany/images/460878/0.jpg HTTP/2.0" 200 83785 "-" "baselinker"
51.77.52.107 - - [28/May/2025:04:02:07 +0200] "GET /Jurek/eurofirany/images/460878/0.jpg HTTP/2.0" 200 83785 "-" "baselinker"
52.17.80.36 - - [28/May/2025:04:02:09 +0200] "GET /marketplaces/rue/results/rue.csv HTTP/1.1" 200 7584578 "-" "Mirakl HttpClient"
89.161.206.59 - - [28/May/2025:04:02:26 +0200] "GET /Jurek/muminky/feeds/muminky_skroutz.xml HTTP/1.0" 200 2270341 "-" "-"
51.77.52.107 - - [28/May/2025:04:02:27 +0200] "GET /Jurek/eurofirany/images/460878/0.jpg HTTP/2.0" 200 83785 "-" "baselinker"
89.161.206.59 - - [28/May/2025:04:02:28 +0200] "GET /Jurek/pupus/feeds/pupus_skroutz.xml HTTP/1.0" 200 882657 "-" "-"
51.77.52.107 - - [28/May/2025:04:02:48 +0200] "GET /Jurek/eurofirany/images/459549/0.jpg HTTP/2.0" 200 60022 "-" "baselinker"
89.161.206.59 - - [28/May/2025:04:02:56 +0200] "GET /Jurek/benetech/feeds/benetech_aliex.xml HTTP/1.0" 200 4165649 "-" "-"
89.161.206.59 - - [28/May/2025:04:02:57 +0200] "GET /Jurek/slayo/feeds/slayo_aliex.xml HTTP/1.0" 200 183627 "-" "-"
89.161.206.59 - - [28/May/2025:04:02:57 +0200] "GET /Jurek/hdwr/feeds/hdwr_aliex.xml HTTP/1.0" 200 789617 "-" "-"
89.161.206.59 - - [28/May/2025:04:02:57 +0200] "GET /Jurek/targethome/feeds/targethome_aliex.xml HTTP/1.0" 200 688678 "-" "-"
89.161.206.59 - - [28/May/2025:04:02:57 +0200] "GET /Jurek/amzteam/feeds/amzteam_aliex.xml HTTP/1.0" 200 97903 "-" "-"
89.161.206.59 - - [28/May/2025:04:02:58 +0200] "GET /Jurek/ralmetal/feeds/ralmetal_aliex.xml HTTP/1.0" 200 2040574 "-" "-"
89.161.206.59 - - [28/May/2025:04:02:58 +0200] "GET /Jurek/cbdgreen/feeds/cbdgreen_aliex.xml HTTP/1.0" 200 50549 "-" "-"
89.161.206.59 - - [28/May/2025:04:02:58 +0200] "GET /Jurek/drops/feeds/dropsofficecolection_aliex.xml HTTP/1.0" 200 791298 "-" "-"
89.161.206.59 - - [28/May/2025:04:02:59 +0200] "GET /Jurek/szpaklampy/feeds/szpaklampy_aliex.xml HTTP/1.0" 200 388361 "-" "-"
89.161.206.59 - - [28/May/2025:04:02:59 +0200] "GET /Jurek/velinda/feeds/velinda_aliex.xml HTTP/1.0" 200 4228104 "-" "-"
89.161.206.59 - - [28/May/2025:04:02:59 +0200] "GET /Jurek/spali/feeds/spali_aliex.xml HTTP/1.0" 200 77074 "-" "-"
89.161.206.59 - - [28/May/2025:04:03:00 +0200] "GET /Jurek/topeshop/feeds/topeshop_aliexpress.xml HTTP/1.0" 200 3021316 "-" "-"
89.161.206.59 - - [28/May/2025:04:03:00 +0200] "GET /Jurek/beltimore/feeds/beltimore_aliexpress.xml HTTP/1.0" 200 18654908 "-" "-"
51.77.52.107 - - [28/May/2025:04:03:06 +0200] "GET /Jurek/eurofirany/images/459549/0.jpg HTTP/2.0" 200 60022 "-" "baselinker"
51.77.52.107 - - [28/May/2025:04:03:25 +0200] "GET /Jurek/eurofirany/images/459549/0.jpg HTTP/2.0" 200 60022 "-" "baselinker"
52.18.22.0 - - [28/May/2025:04:03:39 +0200] "GET /marketplaces/ubaldi/results/ubaldi.csv HTTP/1.1" 200 3563415 "-" "Mirakl HttpClient"
52.209.168.113 - - [28/May/2025:04:03:45 +0200] "GET /marketplaces/carrefour/results/carrefour.csv HTTP/1.1" 200 800809 "-" "Mirakl HttpClient"
89.161.206.59 - - [28/May/2025:04:03:47 +0200] "GET /Jurek/galopibhp/feeds/galopibhp_skroutz.xml HTTP/1.0" 200 1852282 "-" "-"
51.77.52.107 - - [28/May/2025:04:03:53 +0200] "GET /Jurek/eurofirany/images/459550/0.jpg HTTP/2.0" 200 60022 "-" "baselinker"
51.77.52.107 - - [28/May/2025:04:04:13 +0200] "GET /Jurek/eurofirany/images/459550/0.jpg HTTP/2.0" 200 60022 "-" "baselinker"
51.77.52.107 - - [28/May/2025:04:04:18 +0200] "GET /Jurek/eurofirany/images/459550/0.jpg HTTP/2.0" 200 60022 "-" "baselinker"
85.14.86.141 - - [28/May/2025:04:04:24 +0200] "GET /Jurek/kinghoff/feeds/kinghoff_morele.xml HTTP/2.0" 200 15629128 "-" "MarketplaceAPI curl/7.74.0 PHP/8"
89.161.206.59 - - [28/May/2025:04:04:34 +0200] "GET /Jurek/purewear/feeds/purewear_skroutz.xml HTTP/1.0" 200 13350978 "-" "-"
51.77.52.107 - - [28/May/2025:04:04:39 +0200] "GET /Jurek/eurofirany/images/459561/0.jpg HTTP/2.0" 200 89409 "-" "baselinker"
51.77.52.107 - - [28/May/2025:04:04:55 +0200] "GET /Jurek/eurofirany/images/459561/0.jpg HTTP/2.0" 200 89409 "-" "baselinker"
51.77.52.107 - - [28/May/2025:04:05:13 +0200] "GET /Jurek/eurofirany/images/459561/0.jpg HTTP/2.0" 200 89409 "-" "baselinker"
51.77.52.107 - - [28/May/2025:04:05:20 +0200] "GET /Jurek/eurofirany/images/459552/0.jpg HTTP/2.0" 200 81438 "-" "baselinker"
51.77.52.107 - - [28/May/2025:04:05:27 +0200] "GET /Jurek/eurofirany/images/459552/0.jpg HTTP/2.0" 200 81438 "-" "baselinker"
51.77.52.107 - - [28/May/2025:04:05:33 +0200] "GET /Jurek/eurofirany/images/459552/0.jpg HTTP/2.0" 200 81438 "-" "baselinker"
89.161.206.59 - - [28/May/2025:04:05:38 +0200] "GET /Jurek/cdata/feeds/cdata_skr.xml HTTP/1.0" 200 1445188 "-" "-"
51.77.52.107 - - [28/May/2025:04:05:39 +0200] "GET /Jurek/eurofirany/images/459559/0.jpg HTTP/2.0" 200 76876 "-" "baselinker"
46.101.116.244 - - [28/May/2025:04:05:55 +0200] "GET /Jurek/reman/feeds/reman_mallsiSH.xml HTTP/2.0" 200 1394822 "-" "-"
51.77.52.107 - - [28/May/2025:04:05:58 +0200] "GET /Jurek/eurofirany/images/459559/0.jpg HTTP/2.0" 200 76876 "-" "baselinker"
51.77.52.107 - - [28/May/2025:04:06:04 +0200] "GET /Jurek/eurofirany/images/459559/0.jpg HTTP/2.0" 200 76876 "-" "baselinker"
46.101.116.244 - - [28/May/2025:04:06:06 +0200] "GET /Jurek/sartrix/feeds/sartrix_mallsiSH.xml HTTP/2.0" 200 649179 "-" "-"
51.77.52.107 - - [28/May/2025:04:06:09 +0200] "GET /Jurek/eurofirany/images/459564/0.jpg HTTP/2.0" 200 80303 "-" "baselinker"
46.101.116.244 - - [28/May/2025:04:06:16 +0200] "GET /Jurek/szpaklampy/feeds/szpaklampy_mallsiSH.xml HTTP/2.0" 200 388203 "-" "-"
51.77.52.107 - - [28/May/2025:04:06:24 +0200] "GET /Jurek/eurofirany/images/459564/0.jpg HTTP/2.0" 200 80303 "-" "baselinker"
46.101.116.244 - - [28/May/2025:04:06:27 +0200] "GET /Jurek/benetech/feeds/benetech_mallsiSH.xml HTTP/2.0" 200 4165399 "-" "-"
51.77.52.107 - - [28/May/2025:04:06:29 +0200] "GET /Jurek/eurofirany/images/459564/0.jpg HTTP/2.0" 200 80303 "-" "baselinker"
51.77.52.107 - - [28/May/2025:04:06:37 +0200] "GET /Jurek/eurofirany/images/459565/0.jpg HTTP/2.0" 200 80303 "-" "baselinker"
46.101.116.244 - - [28/May/2025:04:06:37 +0200] "GET /Jurek/dekoele/feeds/dekoele_mallsish.xml HTTP/2.0" 200 733937 "-" "-"
46.101.116.244 - - [28/May/2025:04:06:48 +0200] "GET /Jurek/drewdon/feeds/drewdon_mallsish.xml HTTP/2.0" 200 504446 "-" "-"
51.77.52.107 - - [28/May/2025:04:06:50 +0200] "GET /Jurek/eurofirany/images/459565/0.jpg HTTP/2.0" 200 80303 "-" "baselinker"
51.77.52.107 - - [28/May/2025:04:06:55 +0200] "GET /Jurek/eurofirany/images/459565/0.jpg HTTP/2.0" 200 80303 "-" "baselinker"
46.101.116.244 - - [28/May/2025:04:06:58 +0200] "GET /Jurek/emaja24/feeds/emaja24_mallsiSH.xml HTTP/2.0" 200 5102057 "-" "-"
51.77.52.107 - - [28/May/2025:04:07:06 +0200] "GET /Jurek/eurofirany/images/459566/0.jpg HTTP/2.0" 200 80303 "-" "baselinker"
51.77.52.107 - - [28/May/2025:04:07:10 +0200] "GET /Jurek/eurofirany/images/459566/0.jpg HTTP/2.0" 200 80303 "-" "baselinker"
46.101.116.244 - - [28/May/2025:04:07:12 +0200] "GET /Jurek/muminky/feeds/muminky_mallsiSH.xml HTTP/2.0" 200 2677674 "-" "-"
46.101.116.244 - - [28/May/2025:04:07:22 +0200] "GET /Jurek/pupus/feeds/pupus_mallsiSH.xml HTTP/2.0" 200 6154590 "-" "-"
51.77.52.107 - - [28/May/2025:04:07:24 +0200] "GET /Jurek/eurofirany/images/459566/0.jpg HTTP/2.0" 200 80303 "-" "baselinker"
51.77.52.107 - - [28/May/2025:04:07:29 +0200] "GET /Jurek/eurofirany/images/459551/0.jpg HTTP/2.0" 200 81438 "-" "baselinker"
46.101.116.244 - - [28/May/2025:04:07:34 +0200] "GET /Jurek/erohurtownia/feeds/erohurtownia_mallsish.xml HTTP/2.0" 200 22846560 "-" "-"
85.14.86.141 - - [28/May/2025:04:07:44 +0200] "GET /Jurek/eurofirany/feeds/eurofirany_morele.xml HTTP/2.0" 200 18720286 "-" "MarketplaceAPI curl/7.74.0 PHP/8"
51.77.52.107 - - [28/May/2025:04:07:45 +0200] "GET /Jurek/eurofirany/images/459551/0.jpg HTTP/2.0" 200 81438 "-" "baselinker"
51.77.52.107 - - [28/May/2025:04:07:47 +0200] "GET /Jurek/eurofirany/images/459551/0.jpg HTTP/2.0" 200 81438 "-" "baselinker"
46.101.116.244 - - [28/May/2025:04:07:51 +0200] "GET /Jurek/oromed/feeds/oromed_mallsish.xml HTTP/2.0" 200 1290062 "-" "-"
85.14.86.141 - - [28/May/2025:04:08:00 +0200] "GET /Jurek/vivaldi/feeds/vivaldi_Morele-PL.xml HTTP/2.0" 200 344674 "-" "MarketplaceAPI curl/7.74.0 PHP/8"
51.77.52.107 - - [28/May/2025:04:08:01 +0200] "GET /Jurek/eurofirany/images/459553/0.jpg HTTP/2.0" 200 81438 "-" "baselinker"
46.101.116.244 - - [28/May/2025:04:08:18 +0200] "GET /Jurek/urwiskowo/feeds/urwiskowo_mallsish.xml HTTP/2.0" 200 9115003 "-" "-"
51.77.52.107 - - [28/May/2025:04:08:21 +0200] "GET /Jurek/eurofirany/images/459553/0.jpg HTTP/2.0" 200 81438 "-" "baselinker"
51.77.52.107 - - [28/May/2025:04:08:26 +0200] "GET /Jurek/eurofirany/images/459553/0.jpg HTTP/2.0" 200 81438 "-" "baselinker"
46.101.116.244 - - [28/May/2025:04:08:30 +0200] "GET /Jurek/eroplace/feeds/eroplace_mallsish.xml HTTP/2.0" 200 52134623 "-" "-"
51.77.52.107 - - [28/May/2025:04:08:32 +0200] "GET /Jurek/eurofirany/images/459562/0.jpg HTTP/2.0" 200 89409 "-" "baselinker"
51.77.52.107 - - [28/May/2025:04:08:38 +0200] "GET /Jurek/eurofirany/images/459562/0.jpg HTTP/2.0" 200 89409 "-" "baselinker"
51.77.52.107 - - [28/May/2025:04:08:43 +0200] "GET /Jurek/eurofirany/images/459562/0.jpg HTTP/2.0" 200 89409 "-" "baselinker"
46.101.116.244 - - [28/May/2025:04:08:51 +0200] "GET /Jurek/bass_new/feeds/bass_mallsish.xml HTTP/2.0" 200 7040758 "-" "-"
51.77.52.107 - - [28/May/2025:04:08:55 +0200] "GET /Jurek/eurofirany/images/458749/0.jpg HTTP/2.0" 200 97129 "-" "baselinker"
46.101.116.244 - - [28/May/2025:04:09:02 +0200] "GET /Jurek/ekuchcikowo/feeds/ekuchcikowo_mallsish.xml HTTP/2.0" 200 12470960 "-" "-"
85.14.86.141 - - [28/May/2025:04:09:11 +0200] "GET /Jurek/vida_morele/feeds/VidaPL_morele.xml HTTP/2.0" 200 767436166 "-" "MarketplaceAPI curl/7.74.0 PHP/8"
51.77.52.107 - - [28/May/2025:04:09:12 +0200] "GET /Jurek/eurofirany/images/458749/0.jpg HTTP/2.0" 200 97129 "-" "baselinker"
46.101.116.244 - - [28/May/2025:04:09:13 +0200] "GET /Jurek/sempler/feeds/sempler_mallsish.xml HTTP/2.0" 200 6788000 "-" "-"
85.14.86.141 - - [28/May/2025:04:09:17 +0200] "GET /Jurek/aw/feeds/awnarzedzia_morele.xml HTTP/2.0" 200 91114625 "-" "MarketplaceAPI curl/7.74.0 PHP/8"
51.77.52.107 - - [28/May/2025:04:09:19 +0200] "GET /Jurek/eurofirany/images/458749/0.jpg HTTP/2.0" 200 97129 "-" "baselinker"
51.77.52.107 - - [28/May/2025:04:09:36 +0200] "GET /Jurek/eurofirany/images/458757/0.jpg HTTP/2.0" 200 97129 "-" "baselinker"
46.101.116.244 - - [28/May/2025:04:09:47 +0200] "GET /Jurek/slayo/feeds/slayo_mallsish.xml HTTP/2.0" 200 183609 "-" "-"
46.101.116.244 - - [28/May/2025:04:09:58 +0200] "GET /Jurek/mosti/feeds/mosti_mallsish.xml HTTP/2.0" 200 4628235 "-" "-"
46.101.116.244 - - [28/May/2025:04:09:58 +0200] "GET /Jurek/amzteam/feeds/amzteam_mallsish.xml HTTP/2.0" 200 97837 "-" "-"
46.101.116.244 - - [28/May/2025:04:09:59 +0200] "GET /Jurek/artdog/feeds/artdog_mallsish.xml HTTP/2.0" 200 17158775 "-" "-"
46.101.116.244 - - [28/May/2025:04:10:00 +0200] "GET /Jurek/kambukka/feeds/kambukka_mallsish.xml HTTP/2.0" 200 1023157 "-" "-"
85.14.86.141 - - [28/May/2025:04:10:03 +0200] "GET /Jurek/beliani/feeds/beliani_morele.xml HTTP/2.0" 200 29763733 "-" "MarketplaceAPI curl/7.74.0 PHP/8"
51.77.52.107 - - [28/May/2025:04:10:06 +0200] "GET /Jurek/eurofirany/images/458757/0.jpg HTTP/2.0" 200 97129 "-" "baselinker"
46.101.116.244 - - [28/May/2025:04:10:14 +0200] "GET /Jurek/swiatecznygoliat/feeds/swiatecznygoliat_mallsish.xml HTTP/2.0" 200 7050899 "-" "-"
51.77.52.107 - - [28/May/2025:04:10:14 +0200] "GET /Jurek/eurofirany/images/458757/0.jpg HTTP/2.0" 200 97129 "-" "baselinker"
51.77.52.107 - - [28/May/2025:04:10:31 +0200] "GET /Jurek/eurofirany/images/458736/0.jpg HTTP/2.0" 200 167903 "-" "baselinker"
51.77.52.107 - - [28/May/2025:04:10:53 +0200] "GET /Jurek/eurofirany/images/458736/0.jpg HTTP/2.0" 200 167903 "-" "baselinker"
185.6.76.166 - - [28/May/2025:04:10:56 +0200] "GET /Jurek/eurofirany/images/410909/0.jpg HTTP/1.1" 200 147219 "-" "Skroutz ImageBot v1"
185.6.76.166 - - [28/May/2025:04:10:57 +0200] "GET /Jurek/eurofirany/images/419764/0.jpg HTTP/1.1" 200 6595 "-" "Skroutz ImageBot v1"
51.77.52.107 - - [28/May/2025:04:10:59 +0200] "GET /Jurek/eurofirany/images/458736/0.jpg HTTP/2.0" 200 167903 "-" "baselinker"
46.101.116.244 - - [28/May/2025:04:11:11 +0200] "GET /Jurek/octopia/feeds/octopia_mallsish.xml HTTP/2.0" 200 10103817 "-" "-"
51.77.52.107 - - [28/May/2025:04:11:20 +0200] "GET /Jurek/eurofirany/images/459211/0.jpg HTTP/2.0" 200 157255 "-" "baselinker"
46.101.116.244 - - [28/May/2025:04:11:26 +0200] "GET /Jurek/topeshop/feeds/topeshop_mallsish.xml HTTP/2.0" 200 3021048 "-" "-"
51.77.52.107 - - [28/May/2025:04:11:29 +0200] "GET /Jurek/eurofirany/images/459211/0.jpg HTTP/2.0" 200 157255 "-" "baselinker"
51.77.52.107 - - [28/May/2025:04:11:36 +0200] "GET /Jurek/eurofirany/images/459211/0.jpg HTTP/2.0" 200 157255 "-" "baselinker"
51.77.52.107 - - [28/May/2025:04:11:52 +0200] "GET /Jurek/eurofirany/images/459219/0.jpg HTTP/2.0" 200 152298 "-" "baselinker"
66.249.70.36 - - [28/May/2025:04:12:06 +0200] "GET /Jurek/eurofirany/images/404523/2.jpg HTTP/1.1" 200 33 "-" "Googlebot-Image/1.0"
51.77.52.107 - - [28/May/2025:04:12:10 +0200] "GET /Jurek/eurofirany/images/459219/0.jpg HTTP/2.0" 200 152298 "-" "baselinker"
51.77.52.107 - - [28/May/2025:04:12:27 +0200] "GET /Jurek/eurofirany/images/459219/0.jpg HTTP/2.0" 200 152298 "-" "baselinker"
51.77.52.107 - - [28/May/2025:04:12:33 +0200] "GET /Jurek/eurofirany/images/458756/0.jpg HTTP/2.0" 200 135167 "-" "baselinker"
51.77.52.107 - - [28/May/2025:04:12:50 +0200] "GET /Jurek/eurofirany/images/458756/0.jpg HTTP/2.0" 200 135167 "-" "baselinker"
51.77.52.107 - - [28/May/2025:04:13:08 +0200] "GET /Jurek/eurofirany/images/458756/0.jpg HTTP/2.0" 200 135167 "-" "baselinker"
51.77.52.107 - - [28/May/2025:04:13:24 +0200] "GET /Jurek/eurofirany/images/458773/0.jpg HTTP/2.0" 200 135167 "-" "baselinker"
51.77.52.107 - - [28/May/2025:04:13:43 +0200] "GET /Jurek/eurofirany/images/458773/0.jpg HTTP/2.0" 200 135167 "-" "baselinker"
51.77.52.107 - - [28/May/2025:04:13:51 +0200] "GET /Jurek/eurofirany/images/458773/0.jpg HTTP/2.0" 200 135167 "-" "baselinker"
51.77.52.107 - - [28/May/2025:04:13:58 +0200] "GET /Jurek/eurofirany/images/462003/0.jpg HTTP/2.0" 200 154224 "-" "baselinker"
46.101.116.244 - - [28/May/2025:04:14:10 +0200] "GET /Jurek/activeshop/feeds/activeshop_mallsish.xml HTTP/2.0" 200 10392114 "-" "-"
51.77.52.107 - - [28/May/2025:04:14:13 +0200] "GET /Jurek/eurofirany/images/462003/0.jpg HTTP/2.0" 200 154224 "-" "baselinker"
51.77.52.107 - - [28/May/2025:04:14:24 +0200] "GET /Jurek/eurofirany/images/462003/0.jpg HTTP/2.0" 200 154224 "-" "baselinker"
89.161.206.59 - - [28/May/2025:04:14:37 +0200] "GET /Jurek/zami/feeds/zami_skr.xml HTTP/1.0" 200 4472610 "-" "-"
51.77.52.107 - - [28/May/2025:04:14:41 +0200] "GET /Jurek/eurofirany/images/462018/0.jpg HTTP/2.0" 200 154101 "-" "baselinker"
51.77.52.107 - - [28/May/2025:04:14:47 +0200] "GET /Jurek/eurofirany/images/462018/0.jpg HTTP/2.0" 200 154101 "-" "baselinker"
51.77.52.107 - - [28/May/2025:04:14:51 +0200] "GET /Jurek/eurofirany/images/462018/0.jpg HTTP/2.0" 200 154101 "-" "baselinker"
51.77.52.107 - - [28/May/2025:04:15:16 +0200] "GET /Jurek/eurofirany/images/462019/0.jpg HTTP/2.0" 200 145523 "-" "baselinker"
89.161.206.59 - - [28/May/2025:04:15:31 +0200] "GET /Jurek/proadventure/feeds/proadventure_skr.xml HTTP/1.0" 200 10762219 "-" "-"
51.77.52.107 - - [28/May/2025:04:15:31 +0200] "GET /Jurek/eurofirany/images/462019/0.jpg HTTP/2.0" 200 145523 "-" "baselinker"
89.161.206.59 - - [28/May/2025:04:15:31 +0200] "GET /Jurek/bloomglow/feeds/bloomglow_skr.xml HTTP/1.0" 200 11671712 "-" "-"
51.77.52.107 - - [28/May/2025:04:15:37 +0200] "GET /Jurek/eurofirany/images/462019/0.jpg HTTP/2.0" 200 145523 "-" "baselinker"
89.161.206.59 - - [28/May/2025:04:15:49 +0200] "GET /Jurek/rems/feeds/rems_skr.xml HTTP/1.0" 200 8706248 "-" "-"
51.77.52.107 - - [28/May/2025:04:15:57 +0200] "GET /Jurek/eurofirany/images/462021/0.jpg HTTP/2.0" 200 154449 "-" "baselinker"
51.77.52.107 - - [28/May/2025:04:16:16 +0200] "GET /Jurek/eurofirany/images/462021/0.jpg HTTP/2.0" 200 154449 "-" "baselinker"
51.77.52.107 - - [28/May/2025:04:16:35 +0200] "GET /Jurek/eurofirany/images/462021/0.jpg HTTP/2.0" 200 154449 "-" "baselinker"
51.77.52.107 - - [28/May/2025:04:16:42 +0200] "GET /Jurek/eurofirany/images/462022/0.jpg HTTP/2.0" 200 149486 "-" "baselinker"
51.77.52.107 - - [28/May/2025:04:16:58 +0200] "GET /Jurek/eurofirany/images/462022/0.jpg HTTP/2.0" 200 149486 "-" "baselinker"
51.77.52.107 - - [28/May/2025:04:17:16 +0200] "GET /Jurek/eurofirany/images/462022/0.jpg HTTP/2.0" 200 149486 "-" "baselinker"
51.77.52.107 - - [28/May/2025:04:17:35 +0200] "GET /Jurek/eurofirany/images/40882/0.jpg HTTP/2.0" 200 220862 "-" "baselinker"
51.77.52.107 - - [28/May/2025:04:17:53 +0200] "GET /Jurek/eurofirany/images/40882/0.jpg HTTP/2.0" 200 220862 "-" "baselinker"
51.77.52.107 - - [28/May/2025:04:18:12 +0200] "GET /Jurek/eurofirany/images/40882/0.jpg HTTP/2.0" 200 220862 "-" "baselinker"
51.77.52.107 - - [28/May/2025:04:18:39 +0200] "GET /Jurek/eurofirany/images/40883/0.jpg HTTP/2.0" 200 220862 "-" "baselinker"
51.77.52.107 - - [28/May/2025:04:19:01 +0200] "GET /Jurek/eurofirany/images/40883/0.jpg HTTP/2.0" 200 220862 "-" "baselinker"
46.101.116.244 - - [28/May/2025:04:19:12 +0200] "GET /Jurek/action/feeds/action_mallsish.xml HTTP/2.0" 200 59483735 "-" "-"
51.77.52.107 - - [28/May/2025:04:19:13 +0200] "GET /Jurek/eurofirany/images/40883/0.jpg HTTP/2.0" 200 220862 "-" "baselinker"
51.77.52.107 - - [28/May/2025:04:19:33 +0200] "GET /Jurek/eurofirany/images/40885/0.jpg HTTP/2.0" 200 196771 "-" "baselinker"
51.77.52.107 - - [28/May/2025:04:19:54 +0200] "GET /Jurek/eurofirany/images/40885/0.jpg HTTP/2.0" 200 196771 "-" "baselinker"
51.77.52.107 - - [28/May/2025:04:20:11 +0200] "GET /Jurek/eurofirany/images/40885/0.jpg HTTP/2.0" 200 196771 "-" "baselinker"
51.77.52.107 - - [28/May/2025:04:20:32 +0200] "GET /Jurek/eurofirany/images/40886/0.jpg HTTP/2.0" 200 196771 "-" "baselinker"
51.77.52.107 - - [28/May/2025:04:20:50 +0200] "GET /Jurek/eurofirany/images/40886/0.jpg HTTP/2.0" 200 196771 "-" "baselinker"
51.77.52.107 - - [28/May/2025:04:21:14 +0200] "GET /Jurek/eurofirany/images/40886/0.jpg HTTP/2.0" 200 196771 "-" "baselinker"
46.101.116.244 - - [28/May/2025:04:21:16 +0200] "GET /Jurek/beliani/feeds/beliani_si_mallsi.xml HTTP/2.0" 200 29732191 "-" "-"
51.77.52.107 - - [28/May/2025:04:21:25 +0200] "GET /Jurek/eurofirany/images/74916/0.jpg HTTP/2.0" 200 239768 "-" "baselinker"
51.77.52.107 - - [28/May/2025:04:21:47 +0200] "GET /Jurek/eurofirany/images/74916/0.jpg HTTP/2.0" 200 239768 "-" "baselinker"
46.101.116.244 - - [28/May/2025:04:21:57 +0200] "GET /Jurek/rovicky/feeds/rovicky_mallsish.xml HTTP/2.0" 200 14973645 "-" "-"
51.77.52.107 - - [28/May/2025:04:22:04 +0200] "GET /Jurek/eurofirany/images/74916/0.jpg HTTP/2.0" 200 239768 "-" "baselinker"
46.101.116.244 - - [28/May/2025:04:22:08 +0200] "GET /Jurek/detian/feeds/detian_mallsish.xml HTTP/2.0" 404 3551 "-" "-"
46.101.116.244 - - [28/May/2025:04:22:18 +0200] "GET /Jurek/ikonka/feeds/ikonka_mallsish.xml HTTP/2.0" 200 20740181 "-" "-"
51.77.52.107 - - [28/May/2025:04:22:26 +0200] "GET /Jurek/eurofirany/images/74917/0.jpg HTTP/2.0" 200 239768 "-" "baselinker"
46.101.116.244 - - [28/May/2025:04:22:31 +0200] "GET /Jurek/candellux/feeds/candellux_mallsish.xml HTTP/2.0" 200 465720 "-" "-"
46.101.116.244 - - [28/May/2025:04:22:37 +0200] "GET /Jurek/piotrmiedz/feeds/piotrmiedz_skr.xml HTTP/1.0" 200 91045029 "-" "-"
46.101.116.244 - - [28/May/2025:04:22:42 +0200] "GET /Jurek/andex/feeds/andex_mallslsh.xml HTTP/2.0" 200 1953433 "-" "-"
51.77.52.107 - - [28/May/2025:04:22:45 +0200] "GET /Jurek/eurofirany/images/74917/0.jpg HTTP/2.0" 200 239768 "-" "baselinker"
46.101.116.244 - - [28/May/2025:04:22:53 +0200] "GET /Jurek/chemex/feeds/chemex_mallsish.xml HTTP/2.0" 200 47809880 "-" "-"
51.77.52.107 - - [28/May/2025:04:22:57 +0200] "GET /Jurek/eurofirany/images/74917/0.jpg HTTP/2.0" 200 239768 "-" "baselinker"
46.101.116.244 - - [28/May/2025:04:23:07 +0200] "GET /Jurek/aw/feeds/awnarzedzia_mallsish.xml HTTP/2.0" 200 91103442 "-" "-"
51.77.52.107 - - [28/May/2025:04:23:19 +0200] "GET /Jurek/eurofirany/images/349998/0.jpg HTTP/2.0" 200 254420 "-" "baselinker"
51.77.52.107 - - [28/May/2025:04:23:37 +0200] "GET /Jurek/eurofirany/images/349998/0.jpg HTTP/2.0" 200 254420 "-" "baselinker"
51.77.52.107 - - [28/May/2025:04:23:47 +0200] "GET /Jurek/eurofirany/images/349998/0.jpg HTTP/2.0" 200 254420 "-" "baselinker"
51.77.52.107 - - [28/May/2025:04:24:03 +0200] "GET /Jurek/eurofirany/images/350000/0.jpg HTTP/2.0" 200 254420 "-" "baselinker"
51.77.52.107 - - [28/May/2025:04:24:31 +0200] "GET /Jurek/eurofirany/images/350000/0.jpg HTTP/2.0" 200 254420 "-" "baselinker"
46.101.116.244 - - [28/May/2025:04:24:37 +0200] "GET /Jurek/barbecook/feeds/barbecook_mallslsh.xml HTTP/2.0" 200 87532 "-" "-"
46.101.116.244 - - [28/May/2025:04:24:37 +0200] "GET /Jurek/eurofirany/feeds/eurofirany_erli.xml HTTP/1.0" 200 18722425 "-" "-"
51.77.52.107 - - [28/May/2025:04:24:39 +0200] "GET /Jurek/eurofirany/images/350000/0.jpg HTTP/2.0" 200 254420 "-" "baselinker"
46.101.116.244 - - [28/May/2025:04:24:47 +0200] "GET /Jurek/duka/feeds/duka_mallslsh.xml HTTP/2.0" 200 57 "-" "-"
89.161.206.59 - - [28/May/2025:04:24:50 +0200] "GET /Jurek/topeshop/feeds/topeshop_cdsc.xml HTTP/1.0" 200 2629171 "-" "-"
46.101.116.244 - - [28/May/2025:04:24:58 +0200] "GET /Jurek/miloohome/feeds/miloohome_mallsish.xml HTTP/2.0" 200 1421025 "-" "-"
51.77.52.107 - - [28/May/2025:04:25:02 +0200] "GET /Jurek/eurofirany/images/378046/0.jpg HTTP/2.0" 200 116833 "-" "baselinker"
46.101.116.244 - - [28/May/2025:04:25:08 +0200] "GET /Jurek/stema/feeds/stema_mallslsh.xml HTTP/2.0" 200 894017 "-" "-"
89.161.206.59 - - [28/May/2025:04:25:15 +0200] "GET /Jurek/playcob/feeds/playcob_cdsc.xml HTTP/1.0" 200 6624617 "-" "-"
89.161.206.59 - - [28/May/2025:04:25:16 +0200] "GET /Jurek/elavia/feeds/elavia_cdsc.xml HTTP/1.0" 200 2085748 "-" "-"
89.161.206.59 - - [28/May/2025:04:25:16 +0200] "GET /Jurek/princelh/feeds/princelh_cdsc.xml HTTP/1.0" 200 123625 "-" "-"
89.161.206.59 - - [28/May/2025:04:25:16 +0200] "GET /Jurek/proparts/feeds/proparts_cdsc.xml HTTP/1.0" 200 556003 "-" "-"
89.161.206.59 - - [28/May/2025:04:25:17 +0200] "GET /Jurek/muminky/feeds/muminky_cdsc.xml HTTP/1.0" 200 2935830 "-" "-"
89.161.206.59 - - [28/May/2025:04:25:17 +0200] "GET /Jurek/nexus/feeds/nexus_cdsc.xml HTTP/1.0" 200 325903 "-" "-"
51.77.52.107 - - [28/May/2025:04:25:17 +0200] "GET /Jurek/eurofirany/images/378046/0.jpg HTTP/2.0" 200 116833 "-" "baselinker"
89.161.206.59 - - [28/May/2025:04:25:17 +0200] "GET /Jurek/alucon/feeds/alucon_cdsc.xml HTTP/1.0" 200 378663 "-" "-"
89.161.206.59 - - [28/May/2025:04:25:17 +0200] "GET /Jurek/equalo/feeds/equalo_cdsc.xml HTTP/1.0" 200 134205 "-" "-"
89.161.206.59 - - [28/May/2025:04:25:17 +0200] "GET /Jurek/techrebalina/feeds/techrebalina_cdsc.xml HTTP/1.0" 200 1363223 "-" "-"
89.161.206.59 - - [28/May/2025:04:25:18 +0200] "GET /Jurek/smxdesign/feeds/smxdesign_cdsc.xml HTTP/1.0" 200 1154218 "-" "-"
89.161.206.59 - - [28/May/2025:04:25:18 +0200] "GET /Jurek/techrebal/feeds/techrebal_cdsc.xml HTTP/1.0" 200 1423355 "-" "-"
89.161.206.59 - - [28/May/2025:04:25:19 +0200] "GET /Jurek/broers/feeds/broers_cdsc.xml HTTP/1.0" 200 2303305 "-" "-"
89.161.206.59 - - [28/May/2025:04:25:19 +0200] "GET /Jurek/nonabox/feeds/nonabox_cdsc.xml HTTP/1.0" 200 39043 "-" "-"
46.101.116.244 - - [28/May/2025:04:25:19 +0200] "GET /Jurek/fernity/feeds/fernity_mallslsh.xml HTTP/2.0" 200 4717869 "-" "-"
51.77.52.107 - - [28/May/2025:04:25:36 +0200] "GET /Jurek/eurofirany/images/378046/0.jpg HTTP/2.0" 200 116833 "-" "baselinker"
51.77.52.107 - - [28/May/2025:04:25:44 +0200] "GET /Jurek/eurofirany/images/378049/0.jpg HTTP/2.0" 200 116833 "-" "baselinker"
46.101.116.244 - - [28/May/2025:04:26:01 +0200] "GET /Jurek/kinghome/feeds/kinghome_mallslsh.xml HTTP/2.0" 200 6336332 "-" "-"
51.77.52.107 - - [28/May/2025:04:26:03 +0200] "GET /Jurek/eurofirany/images/378049/0.jpg HTTP/2.0" 200 116833 "-" "baselinker"
51.77.52.107 - - [28/May/2025:04:26:10 +0200] "GET /Jurek/eurofirany/images/378049/0.jpg HTTP/2.0" 200 116833 "-" "baselinker"
46.101.116.244 - - [28/May/2025:04:26:12 +0200] "GET /Jurek/vivaldi/feeds/vivaldi_Mall-slsh.xml HTTP/2.0" 200 344662 "-" "-"
51.77.52.107 - - [28/May/2025:04:26:20 +0200] "GET /Jurek/eurofirany/images/387455/0.jpg HTTP/2.0" 200 191792 "-" "baselinker"
46.101.116.244 - - [28/May/2025:04:26:23 +0200] "GET /Jurek/eurofirany/feeds/eurofirany_mall_si_shumee.xml HTTP/2.0" 200 18718704 "-" "-"
51.77.52.107 - - [28/May/2025:04:26:37 +0200] "GET /Jurek/eurofirany/images/387455/0.jpg HTTP/2.0" 200 191792 "-" "baselinker"
51.77.52.107 - - [28/May/2025:04:26:57 +0200] "GET /Jurek/eurofirany/images/387455/0.jpg HTTP/2.0" 200 191792 "-" "baselinker"
86.120.252.23 - - [28/May/2025:04:27:10 +0200] "GET /Jurek/eurofirany/images/333886/2.jpg HTTP/2.0" 200 26359 "https://www.emag.ro/perdea-ready-esim-140x250-cm-alba-eurofirany-333886/pd/DVN68LMBM/?X-Search-Id=8b6fe877fdc96d899c52&X-Product-Id=101907704&X-Search-Page=5&X-Search-Position=25&X-Section=search&X-MB=0&X-Search-Action=view" "Mozilla/5.0 (Windows NT 10.0; Win64; x64) AppleWebKit/537.36 (KHTML, like Gecko) Chrome/136.0.0.0 Safari/537.36"
86.120.252.23 - - [28/May/2025:04:27:10 +0200] "GET /Jurek/eurofirany/images/333886/5.jpg HTTP/2.0" 200 44556 "https://www.emag.ro/perdea-ready-esim-140x250-cm-alba-eurofirany-333886/pd/DVN68LMBM/?X-Search-Id=8b6fe877fdc96d899c52&X-Product-Id=101907704&X-Search-Page=5&X-Search-Position=25&X-Section=search&X-MB=0&X-Search-Action=view" "Mozilla/5.0 (Windows NT 10.0; Win64; x64) AppleWebKit/537.36 (KHTML, like Gecko) Chrome/136.0.0.0 Safari/537.36"
86.120.252.23 - - [28/May/2025:04:27:10 +0200] "GET /Jurek/eurofirany/images/333886/1.jpg HTTP/2.0" 200 55732 "https://www.emag.ro/perdea-ready-esim-140x250-cm-alba-eurofirany-333886/pd/DVN68LMBM/?X-Search-Id=8b6fe877fdc96d899c52&X-Product-Id=101907704&X-Search-Page=5&X-Search-Position=25&X-Section=search&X-MB=0&X-Search-Action=view" "Mozilla/5.0 (Windows NT 10.0; Win64; x64) AppleWebKit/537.36 (KHTML, like Gecko) Chrome/136.0.0.0 Safari/537.36"
86.120.252.23 - - [28/May/2025:04:27:10 +0200] "GET /Jurek/eurofirany/images/333886/4.jpg HTTP/2.0" 200 139282 "https://www.emag.ro/perdea-ready-esim-140x250-cm-alba-eurofirany-333886/pd/DVN68LMBM/?X-Search-Id=8b6fe877fdc96d899c52&X-Product-Id=101907704&X-Search-Page=5&X-Search-Position=25&X-Section=search&X-MB=0&X-Search-Action=view" "Mozilla/5.0 (Windows NT 10.0; Win64; x64) AppleWebKit/537.36 (KHTML, like Gecko) Chrome/136.0.0.0 Safari/537.36"
86.120.252.23 - - [28/May/2025:04:27:10 +0200] "GET /Jurek/eurofirany/images/333886/6.jpg HTTP/2.0" 200 89803 "https://www.emag.ro/perdea-ready-esim-140x250-cm-alba-eurofirany-333886/pd/DVN68LMBM/?X-Search-Id=8b6fe877fdc96d899c52&X-Product-Id=101907704&X-Search-Page=5&X-Search-Position=25&X-Section=search&X-MB=0&X-Search-Action=view" "Mozilla/5.0 (Windows NT 10.0; Win64; x64) AppleWebKit/537.36 (KHTML, like Gecko) Chrome/136.0.0.0 Safari/537.36"
86.120.252.23 - - [28/May/2025:04:27:10 +0200] "GET /Jurek/eurofirany/images/333886/3.jpg HTTP/2.0" 200 50905 "https://www.emag.ro/perdea-ready-esim-140x250-cm-alba-eurofirany-333886/pd/DVN68LMBM/?X-Search-Id=8b6fe877fdc96d899c52&X-Product-Id=101907704&X-Search-Page=5&X-Search-Position=25&X-Section=search&X-MB=0&X-Search-Action=view" "Mozilla/5.0 (Windows NT 10.0; Win64; x64) AppleWebKit/537.36 (KHTML, like Gecko) Chrome/136.0.0.0 Safari/537.36"
51.77.52.107 - - [28/May/2025:04:27:16 +0200] "GET /Jurek/eurofirany/images/387461/0.jpg HTTP/2.0" 200 159119 "-" "baselinker"
51.77.52.107 - - [28/May/2025:04:27:34 +0200] "GET /Jurek/eurofirany/images/387461/0.jpg HTTP/2.0" 200 159119 "-" "baselinker"
66.249.70.36 - - [28/May/2025:04:27:39 +0200] "GET /Jurek/topeshop/downloaded_images/5904507200367_BILBAO7(3).jpg HTTP/1.1" 404 3551 "-" "Googlebot-Image/1.0"
51.77.52.107 - - [28/May/2025:04:27:52 +0200] "GET /Jurek/eurofirany/images/387461/0.jpg HTTP/2.0" 200 159119 "-" "baselinker"
51.77.52.107 - - [28/May/2025:04:28:00 +0200] "GET /Jurek/eurofirany/images/387462/0.jpg HTTP/2.0" 200 159119 "-" "baselinker"
51.77.52.107 - - [28/May/2025:04:28:15 +0200] "GET /Jurek/eurofirany/images/387462/0.jpg HTTP/2.0" 200 159119 "-" "baselinker"
51.77.52.107 - - [28/May/2025:04:28:36 +0200] "GET /Jurek/eurofirany/images/387462/0.jpg HTTP/2.0" 200 159119 "-" "baselinker"
51.77.52.107 - - [28/May/2025:04:28:44 +0200] "GET /Jurek/eurofirany/images/387465/0.jpg HTTP/2.0" 200 166391 "-" "baselinker"
51.77.52.107 - - [28/May/2025:04:28:51 +0200] "GET /Jurek/eurofirany/images/387465/0.jpg HTTP/2.0" 200 166391 "-" "baselinker"
51.77.52.107 - - [28/May/2025:04:29:11 +0200] "GET /Jurek/eurofirany/images/387465/0.jpg HTTP/2.0" 200 166391 "-" "baselinker"
51.77.52.107 - - [28/May/2025:04:29:15 +0200] "GET /Jurek/eurofirany/images/387466/0.jpg HTTP/2.0" 200 166391 "-" "baselinker"
51.77.52.107 - - [28/May/2025:04:29:31 +0200] "GET /Jurek/eurofirany/images/387466/0.jpg HTTP/2.0" 200 166391 "-" "baselinker"
51.77.52.107 - - [28/May/2025:04:29:50 +0200] "GET /Jurek/eurofirany/images/387466/0.jpg HTTP/2.0" 200 166391 "-" "baselinker"
51.77.52.107 - - [28/May/2025:04:30:15 +0200] "GET /Jurek/eurofirany/images/387467/0.jpg HTTP/2.0" 200 201570 "-" "baselinker"
51.77.52.107 - - [28/May/2025:04:30:39 +0200] "GET /Jurek/eurofirany/images/387467/0.jpg HTTP/2.0" 200 201570 "-" "baselinker"
51.77.52.107 - - [28/May/2025:04:30:45 +0200] "GET /Jurek/eurofirany/images/387467/0.jpg HTTP/2.0" 200 201570 "-" "baselinker"
51.77.52.107 - - [28/May/2025:04:30:53 +0200] "GET /Jurek/eurofirany/images/387468/0.jpg HTTP/2.0" 200 201570 "-" "baselinker"
51.77.52.107 - - [28/May/2025:04:31:09 +0200] "GET /Jurek/eurofirany/images/387468/0.jpg HTTP/2.0" 200 201570 "-" "baselinker"
46.101.116.244 - - [28/May/2025:04:31:17 +0200] "GET /Jurek/unimet/feeds/unimet_mallsish.xml HTTP/2.0" 200 61150022 "-" "-"
51.77.52.107 - - [28/May/2025:04:31:32 +0200] "GET /Jurek/eurofirany/images/387468/0.jpg HTTP/2.0" 200 201570 "-" "baselinker"
51.77.52.107 - - [28/May/2025:04:31:49 +0200] "GET /Jurek/eurofirany/images/387473/0.jpg HTTP/2.0" 200 189766 "-" "baselinker"
51.77.52.107 - - [28/May/2025:04:32:06 +0200] "GET /Jurek/eurofirany/images/387473/0.jpg HTTP/2.0" 200 189766 "-" "baselinker"
51.77.52.107 - - [28/May/2025:04:32:14 +0200] "GET /Jurek/eurofirany/images/387473/0.jpg HTTP/2.0" 200 189766 "-" "baselinker"
51.77.52.107 - - [28/May/2025:04:32:22 +0200] "GET /Jurek/eurofirany/images/387474/0.jpg HTTP/2.0" 200 189766 "-" "baselinker"
51.77.52.107 - - [28/May/2025:04:32:45 +0200] "GET /Jurek/eurofirany/images/387474/0.jpg HTTP/2.0" 200 189766 "-" "baselinker"
46.101.116.244 - - [28/May/2025:04:32:46 +0200] "GET /Jurek/flhf/feeds/flhf_mallsish.xml HTTP/2.0" 404 3551 "-" "-"
51.77.52.107 - - [28/May/2025:04:32:57 +0200] "GET /Jurek/eurofirany/images/387474/0.jpg HTTP/2.0" 200 189766 "-" "baselinker"
51.77.52.107 - - [28/May/2025:04:33:14 +0200] "GET /Jurek/eurofirany/images/390892/0.jpg HTTP/2.0" 200 134550 "-" "baselinker"
51.77.52.107 - - [28/May/2025:04:33:23 +0200] "GET /Jurek/eurofirany/images/390892/0.jpg HTTP/2.0" 200 134550 "-" "baselinker"
46.101.116.244 - - [28/May/2025:04:33:27 +0200] "GET /Jurek/vidaSI/feeds/vidaSI_mallsh.xml HTTP/2.0" 200 684438281 "-" "-"
51.77.52.107 - - [28/May/2025:04:33:38 +0200] "GET /Jurek/eurofirany/images/390892/0.jpg HTTP/2.0" 200 134550 "-" "baselinker"
51.77.52.107 - - [28/May/2025:04:34:01 +0200] "GET /Jurek/eurofirany/images/390893/0.jpg HTTP/2.0" 200 116376 "-" "baselinker"
51.77.52.107 - - [28/May/2025:04:34:09 +0200] "GET /Jurek/eurofirany/images/390893/0.jpg HTTP/2.0" 200 116376 "-" "baselinker"
89.161.206.59 - - [28/May/2025:04:34:24 +0200] "GET /Jurek/kobi/feeds/kobi_cdsc.xml HTTP/1.0" 200 544070 "-" "-"
89.161.206.59 - - [28/May/2025:04:34:24 +0200] "GET /Jurek/hurtmeblowy/feeds/hurtmeblowy_cdsc.xml HTTP/1.0" 200 5248611 "-" "-"
89.161.206.59 - - [28/May/2025:04:34:25 +0200] "GET /Jurek/maksik/feeds/maksik_cdsc.xml HTTP/1.0" 200 2927530 "-" "-"
89.161.206.59 - - [28/May/2025:04:34:26 +0200] "GET /Jurek/beltimore/feeds/beltimore_cdsc.xml HTTP/1.0" 200 11136417 "-" "-"
89.161.206.59 - - [28/May/2025:04:34:26 +0200] "GET /Jurek/benetech/feeds/benetech_cdsc.xml HTTP/1.0" 200 2361749 "-" "-"
89.161.206.59 - - [28/May/2025:04:34:26 +0200] "GET /Jurek/pawonik/feeds/pawonik_cdsc.xml HTTP/1.0" 200 1382182 "-" "-"
89.161.206.59 - - [28/May/2025:04:34:27 +0200] "GET /Jurek/hdwr/feeds/hdwr_cdsc.xml HTTP/1.0" 200 745729 "-" "-"
89.161.206.59 - - [28/May/2025:04:34:27 +0200] "GET /Jurek/drops/feeds/dropsofficecolection_cdsc.xml HTTP/1.0" 200 784465 "-" "-"
89.161.206.59 - - [28/May/2025:04:34:27 +0200] "GET /Jurek/szpaklampy/feeds/szpaklampy_cdsc.xml HTTP/1.0" 200 395822 "-" "-"
89.161.206.59 - - [28/May/2025:04:34:27 +0200] "GET /Jurek/sartrix/feeds/sartrix_cdsc.xml HTTP/1.0" 200 867434 "-" "-"
89.161.206.59 - - [28/May/2025:04:34:27 +0200] "GET /Jurek/reman/feeds/reman_cdsc.xml HTTP/1.0" 200 400871 "-" "-"
89.161.206.59 - - [28/May/2025:04:34:28 +0200] "GET /Jurek/eurofirany/feeds/eurofirany_cdiscount.xml HTTP/1.0" 200 22259804 "-" "-"
89.161.206.59 - - [28/May/2025:04:34:29 +0200] "GET /Jurek/cdata/feeds/cdata_cdsc.xml HTTP/1.0" 200 1865849 "-" "-"
89.161.206.59 - - [28/May/2025:04:34:29 +0200] "GET /Jurek/drewdon/feeds/drewdon_cdsc.xml HTTP/1.0" 200 483675 "-" "-"
51.77.52.107 - - [28/May/2025:04:34:30 +0200] "GET /Jurek/eurofirany/images/390893/0.jpg HTTP/2.0" 200 116376 "-" "baselinker"
89.161.206.59 - - [28/May/2025:04:34:30 +0200] "GET /Jurek/dekoele/feeds/dekoele_cdsc.xml HTTP/1.0" 200 478907 "-" "-"
89.161.206.59 - - [28/May/2025:04:34:30 +0200] "GET /Jurek/amzteam/feeds/amzteam_cdsc.xml HTTP/1.0" 200 145375 "-" "-"
89.161.206.59 - - [28/May/2025:04:34:31 +0200] "GET /Jurek/lampart/feeds/lampart_cdsc.xml HTTP/1.0" 200 1057913 "-" "-"
89.161.206.59 - - [28/May/2025:04:34:32 +0200] "GET /Jurek/zenex/feeds/zenex_cdsc.xml HTTP/1.0" 200 540180 "-" "-"
89.161.206.59 - - [28/May/2025:04:34:32 +0200] "GET /Jurek/avenido/feeds/avenido_cdsc.xml HTTP/1.0" 200 449226 "-" "-"
89.161.206.59 - - [28/May/2025:04:34:32 +0200] "GET /Jurek/filmal/feeds/filmal_cdsc.xml HTTP/1.0" 200 105878 "-" "-"
89.161.206.59 - - [28/May/2025:04:34:32 +0200] "GET /Jurek/takapara/feeds/takapara_cdsc.xml HTTP/1.0" 200 1398932 "-" "-"
89.161.206.59 - - [28/May/2025:04:34:33 +0200] "GET /Jurek/tsjerzy/feeds/tsjerzy_cdsc.xml HTTP/1.0" 200 4383112 "-" "-"
51.77.52.107 - - [28/May/2025:04:34:33 +0200] "GET /Jurek/eurofirany/images/390901/0.jpg HTTP/2.0" 200 159355 "-" "baselinker"
89.161.206.59 - - [28/May/2025:04:34:34 +0200] "GET /Jurek/riko/feeds/riko_cdsc.xml HTTP/1.0" 200 3648814 "-" "-"
89.161.206.59 - - [28/May/2025:04:34:34 +0200] "GET /Jurek/carbonyway/feeds/carbonyway_cdsc.xml HTTP/1.0" 200 2759403 "-" "-"
89.161.206.59 - - [28/May/2025:04:34:35 +0200] "GET /Jurek/ikonka/feeds/ikonka_cdsc.xml HTTP/1.0" 200 20740193 "-" "-"
89.161.206.59 - - [28/May/2025:04:34:36 +0200] "GET /Jurek/narzbud/feeds/narzbud_cdsc.xml HTTP/1.0" 200 1227796 "-" "-"
51.77.52.107 - - [28/May/2025:04:34:50 +0200] "GET /Jurek/eurofirany/images/390901/0.jpg HTTP/2.0" 200 159355 "-" "baselinker"
51.77.52.107 - - [28/May/2025:04:35:51 +0200] "GET /Jurek/eurofirany/images/390901/0.jpg HTTP/2.0" 200 159355 "-" "baselinker"
51.77.52.107 - - [28/May/2025:04:35:57 +0200] "GET /Jurek/eurofirany/images/390902/0.jpg HTTP/2.0" 200 150969 "-" "baselinker"
51.77.52.107 - - [28/May/2025:04:36:21 +0200] "GET /Jurek/eurofirany/images/390902/0.jpg HTTP/2.0" 200 150969 "-" "baselinker"
51.77.52.107 - - [28/May/2025:04:36:25 +0200] "GET /Jurek/eurofirany/images/390902/0.jpg HTTP/2.0" 200 150969 "-" "baselinker"
51.77.52.107 - - [28/May/2025:04:36:40 +0200] "GET /Jurek/eurofirany/images/398658/0.jpg HTTP/2.0" 200 16504 "-" "baselinker"
51.77.52.107 - - [28/May/2025:04:36:58 +0200] "GET /Jurek/eurofirany/images/398658/0.jpg HTTP/2.0" 200 16504 "-" "baselinker"
51.77.52.107 - - [28/May/2025:04:37:13 +0200] "GET /Jurek/eurofirany/images/398658/0.jpg HTTP/2.0" 200 16504 "-" "baselinker"
52.209.168.113 - - [28/May/2025:04:37:13 +0200] "GET /marketplaces/worten2/results/worten.csv HTTP/1.1" 200 19508715 "-" "Mirakl HttpClient"
51.77.52.107 - - [28/May/2025:04:37:29 +0200] "GET /Jurek/eurofirany/images/398660/0.jpg HTTP/2.0" 200 68131 "-" "baselinker"
51.77.52.107 - - [28/May/2025:04:37:48 +0200] "GET /Jurek/eurofirany/images/398660/0.jpg HTTP/2.0" 200 68131 "-" "baselinker"
51.77.52.107 - - [28/May/2025:04:38:00 +0200] "GET /Jurek/eurofirany/images/398660/0.jpg HTTP/2.0" 200 68131 "-" "baselinker"
51.77.52.107 - - [28/May/2025:04:38:17 +0200] "GET /Jurek/eurofirany/images/408708/0.jpg HTTP/2.0" 200 118573 "-" "baselinker"
86.120.252.23 - - [28/May/2025:04:38:20 +0200] "GET /Jurek/eurofirany/images/398635/1.jpg HTTP/2.0" 200 143444 "https://www.emag.ro/perdea-pregata-bella-140x250-cm-roz-inchis-eurofirany-398635/pd/DMZB8LMBM/?X-Search-Id=455a6535d3c8e1275492&X-Product-Id=108016054&X-Search-Page=14&X-Search-Position=2&X-Section=search&X-MB=0&X-Search-Action=view" "Mozilla/5.0 (Windows NT 10.0; Win64; x64) AppleWebKit/537.36 (KHTML, like Gecko) Chrome/136.0.0.0 Safari/537.36"
86.120.252.23 - - [28/May/2025:04:38:20 +0200] "GET /Jurek/eurofirany/images/398635/4.jpg HTTP/2.0" 200 153256 "https://www.emag.ro/perdea-pregata-bella-140x250-cm-roz-inchis-eurofirany-398635/pd/DMZB8LMBM/?X-Search-Id=455a6535d3c8e1275492&X-Product-Id=108016054&X-Search-Page=14&X-Search-Position=2&X-Section=search&X-MB=0&X-Search-Action=view" "Mozilla/5.0 (Windows NT 10.0; Win64; x64) AppleWebKit/537.36 (KHTML, like Gecko) Chrome/136.0.0.0 Safari/537.36"
86.120.252.23 - - [28/May/2025:04:38:20 +0200] "GET /Jurek/eurofirany/images/398635/2.jpg HTTP/2.0" 200 74644 "https://www.emag.ro/perdea-pregata-bella-140x250-cm-roz-inchis-eurofirany-398635/pd/DMZB8LMBM/?X-Search-Id=455a6535d3c8e1275492&X-Product-Id=108016054&X-Search-Page=14&X-Search-Position=2&X-Section=search&X-MB=0&X-Search-Action=view" "Mozilla/5.0 (Windows NT 10.0; Win64; x64) AppleWebKit/537.36 (KHTML, like Gecko) Chrome/136.0.0.0 Safari/537.36"
86.120.252.23 - - [28/May/2025:04:38:20 +0200] "GET /Jurek/eurofirany/images/398635/3.jpg HTTP/2.0" 200 135431 "https://www.emag.ro/perdea-pregata-bella-140x250-cm-roz-inchis-eurofirany-398635/pd/DMZB8LMBM/?X-Search-Id=455a6535d3c8e1275492&X-Product-Id=108016054&X-Search-Page=14&X-Search-Position=2&X-Section=search&X-MB=0&X-Search-Action=view" "Mozilla/5.0 (Windows NT 10.0; Win64; x64) AppleWebKit/537.36 (KHTML, like Gecko) Chrome/136.0.0.0 Safari/537.36"
86.120.252.23 - - [28/May/2025:04:38:20 +0200] "GET /Jurek/eurofirany/images/398635/8.jpg HTTP/2.0" 200 189942 "https://www.emag.ro/perdea-pregata-bella-140x250-cm-roz-inchis-eurofirany-398635/pd/DMZB8LMBM/?X-Search-Id=455a6535d3c8e1275492&X-Product-Id=108016054&X-Search-Page=14&X-Search-Position=2&X-Section=search&X-MB=0&X-Search-Action=view" "Mozilla/5.0 (Windows NT 10.0; Win64; x64) AppleWebKit/537.36 (KHTML, like Gecko) Chrome/136.0.0.0 Safari/537.36"
86.120.252.23 - - [28/May/2025:04:38:20 +0200] "GET /Jurek/eurofirany/images/398635/7.jpg HTTP/2.0" 200 232033 "https://www.emag.ro/perdea-pregata-bella-140x250-cm-roz-inchis-eurofirany-398635/pd/DMZB8LMBM/?X-Search-Id=455a6535d3c8e1275492&X-Product-Id=108016054&X-Search-Page=14&X-Search-Position=2&X-Section=search&X-MB=0&X-Search-Action=view" "Mozilla/5.0 (Windows NT 10.0; Win64; x64) AppleWebKit/537.36 (KHTML, like Gecko) Chrome/136.0.0.0 Safari/537.36"
86.120.252.23 - - [28/May/2025:04:38:20 +0200] "GET /Jurek/eurofirany/images/398635/6.jpg HTTP/2.0" 200 129495 "https://www.emag.ro/perdea-pregata-bella-140x250-cm-roz-inchis-eurofirany-398635/pd/DMZB8LMBM/?X-Search-Id=455a6535d3c8e1275492&X-Product-Id=108016054&X-Search-Page=14&X-Search-Position=2&X-Section=search&X-MB=0&X-Search-Action=view" "Mozilla/5.0 (Windows NT 10.0; Win64; x64) AppleWebKit/537.36 (KHTML, like Gecko) Chrome/136.0.0.0 Safari/537.36"
86.120.252.23 - - [28/May/2025:04:38:20 +0200] "GET /Jurek/eurofirany/images/398635/5.jpg HTTP/2.0" 200 157718 "https://www.emag.ro/perdea-pregata-bella-140x250-cm-roz-inchis-eurofirany-398635/pd/DMZB8LMBM/?X-Search-Id=455a6535d3c8e1275492&X-Product-Id=108016054&X-Search-Page=14&X-Search-Position=2&X-Section=search&X-MB=0&X-Search-Action=view" "Mozilla/5.0 (Windows NT 10.0; Win64; x64) AppleWebKit/537.36 (KHTML, like Gecko) Chrome/136.0.0.0 Safari/537.36"
86.120.252.23 - - [28/May/2025:04:38:21 +0200] "GET /Jurek/eurofirany/images/398635/9.jpg HTTP/2.0" 200 188075 "https://www.emag.ro/perdea-pregata-bella-140x250-cm-roz-inchis-eurofirany-398635/pd/DMZB8LMBM/?X-Search-Id=455a6535d3c8e1275492&X-Product-Id=108016054&X-Search-Page=14&X-Search-Position=2&X-Section=search&X-MB=0&X-Search-Action=view" "Mozilla/5.0 (Windows NT 10.0; Win64; x64) AppleWebKit/537.36 (KHTML, like Gecko) Chrome/136.0.0.0 Safari/537.36"
51.77.52.107 - - [28/May/2025:04:38:43 +0200] "GET /Jurek/eurofirany/images/408708/0.jpg HTTP/2.0" 200 118573 "-" "baselinker"
51.77.52.107 - - [28/May/2025:04:39:04 +0200] "GET /Jurek/eurofirany/images/408708/0.jpg HTTP/2.0" 200 118573 "-" "baselinker"
51.77.52.107 - - [28/May/2025:04:39:22 +0200] "GET /Jurek/eurofirany/images/408709/0.jpg HTTP/2.0" 200 142428 "-" "baselinker"
51.77.52.107 - - [28/May/2025:04:39:37 +0200] "GET /Jurek/eurofirany/images/408709/0.jpg HTTP/2.0" 200 142428 "-" "baselinker"
51.77.52.107 - - [28/May/2025:04:39:57 +0200] "GET /Jurek/eurofirany/images/408709/0.jpg HTTP/2.0" 200 142428 "-" "baselinker"
51.77.52.107 - - [28/May/2025:04:40:07 +0200] "GET /Jurek/eurofirany/images/423202/0.jpg HTTP/2.0" 200 0 "-" "baselinker"
51.77.52.107 - - [28/May/2025:04:40:11 +0200] "GET /Jurek/eurofirany/images/423202/0.jpg HTTP/2.0" 200 0 "-" "baselinker"
51.77.52.107 - - [28/May/2025:04:40:18 +0200] "GET /Jurek/eurofirany/images/423202/0.jpg HTTP/2.0" 200 0 "-" "baselinker"
51.77.52.107 - - [28/May/2025:04:40:25 +0200] "GET /Jurek/eurofirany/images/423203/0.jpg HTTP/2.0" 200 0 "-" "baselinker"
51.77.52.107 - - [28/May/2025:04:40:31 +0200] "GET /Jurek/eurofirany/images/423203/0.jpg HTTP/2.0" 200 0 "-" "baselinker"
