89.161.206.59 - - [28/May/2025:12:32:34 +0200] "GET /Jurek/alucon/feeds/alucon_cdsc.xml HTTP/1.0" 200 378662 "-" "-"
89.161.206.59 - - [28/May/2025:12:32:35 +0200] "GET /Jurek/equalo/feeds/equalo_cdsc.xml HTTP/1.0" 200 134205 "-" "-"
89.161.206.59 - - [28/May/2025:12:32:35 +0200] "GET /Jurek/techrebalina/feeds/techrebalina_cdsc.xml HTTP/1.0" 200 1363222 "-" "-"
89.161.206.59 - - [28/May/2025:12:32:35 +0200] "GET /Jurek/smxdesign/feeds/smxdesign_cdsc.xml HTTP/1.0" 200 1154219 "-" "-"
51.77.52.107 - - [28/May/2025:12:32:40 +0200] "GET /Jurek/eurofirany/images/470011/0.jpg HTTP/2.0" 200 142506 "-" "baselinker"
51.77.52.107 - - [28/May/2025:12:32:50 +0200] "GET /Jurek/eurofirany/images/470011/0.jpg HTTP/2.0" 200 142506 "-" "baselinker"
89.161.206.59 - - [28/May/2025:12:32:55 +0200] "GET /Jurek/techrebal/feeds/techrebal_cdsc.xml HTTP/1.0" 200 1423356 "-" "-"
51.77.52.107 - - [28/May/2025:12:32:57 +0200] "GET /Jurek/eurofirany/images/470011/0.jpg HTTP/2.0" 200 142506 "-" "baselinker"
89.161.206.59 - - [28/May/2025:12:32:57 +0200] "GET /Jurek/broers/feeds/broers_cdsc.xml HTTP/1.0" 200 2303305 "-" "-"
89.161.206.59 - - [28/May/2025:12:32:57 +0200] "GET /Jurek/nonabox/feeds/nonabox_cdsc.xml HTTP/1.0" 200 39043 "-" "-"
51.77.52.107 - - [28/May/2025:12:33:03 +0200] "GET /Jurek/eurofirany/images/470012/0.jpg HTTP/2.0" 200 137437 "-" "baselinker"
51.77.52.107 - - [28/May/2025:12:33:22 +0200] "GET /Jurek/eurofirany/images/470012/0.jpg HTTP/2.0" 200 137437 "-" "baselinker"
51.77.52.107 - - [28/May/2025:12:33:30 +0200] "GET /Jurek/eurofirany/images/470012/0.jpg HTTP/2.0" 200 137437 "-" "baselinker"
51.77.52.107 - - [28/May/2025:12:33:35 +0200] "GET /Jurek/eurofirany/images/464085/0.jpg HTTP/2.0" 200 188112 "-" "baselinker"
51.77.52.107 - - [28/May/2025:12:34:01 +0200] "GET /Jurek/eurofirany/images/464085/0.jpg HTTP/2.0" 200 188112 "-" "baselinker"
51.77.52.107 - - [28/May/2025:12:34:05 +0200] "GET /Jurek/eurofirany/images/464085/0.jpg HTTP/2.0" 200 188112 "-" "baselinker"
89.161.206.59 - - [28/May/2025:12:34:05 +0200] "GET /Jurek/zami/feeds/zami_skr.xml HTTP/1.0" 200 4472610 "-" "-"
51.77.52.107 - - [28/May/2025:12:34:29 +0200] "GET /Jurek/eurofirany/images/464089/0.jpg HTTP/2.0" 200 162350 "-" "baselinker"
51.77.52.107 - - [28/May/2025:12:34:35 +0200] "GET /Jurek/eurofirany/images/464089/0.jpg HTTP/2.0" 200 162350 "-" "baselinker"
51.77.52.107 - - [28/May/2025:12:34:41 +0200] "GET /Jurek/eurofirany/images/464089/0.jpg HTTP/2.0" 200 162350 "-" "baselinker"
89.161.206.59 - - [28/May/2025:12:34:54 +0200] "GET /Jurek/proadventure/feeds/proadventure_skr.xml HTTP/1.0" 200 10762219 "-" "-"
89.161.206.59 - - [28/May/2025:12:34:54 +0200] "GET /Jurek/bloomglow/feeds/bloomglow_skr.xml HTTP/1.0" 200 11671709 "-" "-"
51.77.52.107 - - [28/May/2025:12:34:59 +0200] "GET /Jurek/eurofirany/images/464094/0.jpg HTTP/2.0" 200 188112 "-" "baselinker"
51.77.52.107 - - [28/May/2025:12:35:06 +0200] "GET /Jurek/eurofirany/images/464094/0.jpg HTTP/2.0" 200 188112 "-" "baselinker"
51.77.52.107 - - [28/May/2025:12:35:13 +0200] "GET /Jurek/eurofirany/images/464094/0.jpg HTTP/2.0" 200 188112 "-" "baselinker"
89.161.206.59 - - [28/May/2025:12:35:14 +0200] "GET /Jurek/rems/feeds/rems_skr.xml HTTP/1.0" 200 8706248 "-" "-"
51.77.52.107 - - [28/May/2025:12:35:38 +0200] "GET /Jurek/eurofirany/images/464103/0.jpg HTTP/2.0" 200 188112 "-" "baselinker"
51.77.52.107 - - [28/May/2025:12:35:58 +0200] "GET /Jurek/eurofirany/images/464103/0.jpg HTTP/2.0" 200 188112 "-" "baselinker"
51.77.52.107 - - [28/May/2025:12:36:06 +0200] "GET /Jurek/eurofirany/images/464103/0.jpg HTTP/2.0" 200 188112 "-" "baselinker"
51.77.52.107 - - [28/May/2025:12:36:25 +0200] "GET /Jurek/eurofirany/images/464107/0.jpg HTTP/2.0" 200 162350 "-" "baselinker"
52.209.168.113 - - [28/May/2025:12:36:41 +0200] "GET /marketplaces/worten2/results/worten.csv HTTP/1.1" 200 19508801 "-" "Mirakl HttpClient"
51.77.52.107 - - [28/May/2025:12:36:49 +0200] "GET /Jurek/eurofirany/images/464107/0.jpg HTTP/2.0" 200 162350 "-" "baselinker"
51.77.52.107 - - [28/May/2025:12:36:55 +0200] "GET /Jurek/eurofirany/images/464107/0.jpg HTTP/2.0" 200 162350 "-" "baselinker"
51.77.52.107 - - [28/May/2025:12:37:02 +0200] "GET /Jurek/eurofirany/images/469593/0.jpg HTTP/2.0" 200 201159 "-" "baselinker"
46.101.116.244 - - [28/May/2025:12:37:11 +0200] "GET /Jurek/vida_morele/feeds/vidaPL_velomarket_category1.xml HTTP/1.0" 200 176226207 "-" "-"
89.161.206.59 - - [28/May/2025:12:37:13 +0200] "GET /Jurek/swiatecznygoliat/feeds/swiatecznygoliat_emagro.xml HTTP/1.0" 200 7051388 "-" "-"
46.101.116.244 - - [28/May/2025:12:37:21 +0200] "GET /Jurek/vida_morele/feeds/vidaPL_velomarket_category3.xml HTTP/1.0" 200 51198055 "-" "-"
51.77.52.107 - - [28/May/2025:12:37:27 +0200] "GET /Jurek/eurofirany/images/469593/0.jpg HTTP/2.0" 200 201159 "-" "baselinker"
89.161.206.59 - - [28/May/2025:12:37:27 +0200] "GET /Jurek/sternhoff/feeds/sternhoff_emagro.xml HTTP/1.0" 200 1775475 "-" "-"
89.161.206.59 - - [28/May/2025:12:37:32 +0200] "GET /Jurek/globaldeli/feeds/globaldeli_emagro.xml HTTP/1.0" 200 2590918 "-" "-"
89.161.206.59 - - [28/May/2025:12:37:32 +0200] "GET /Jurek/dekornatort/feeds/dekornatort_emagro.xml HTTP/1.0" 200 225748 "-" "-"
89.161.206.59 - - [28/May/2025:12:37:33 +0200] "GET /Jurek/benetech/feeds/benetech_aliex.xml HTTP/1.0" 200 4165649 "-" "-"
89.161.206.59 - - [28/May/2025:12:37:33 +0200] "GET /Jurek/slayo/feeds/slayo_aliex.xml HTTP/1.0" 200 183627 "-" "-"
89.161.206.59 - - [28/May/2025:12:37:34 +0200] "GET /Jurek/hdwr/feeds/hdwr_aliex.xml HTTP/1.0" 200 789617 "-" "-"
89.161.206.59 - - [28/May/2025:12:37:34 +0200] "GET /Jurek/targethome/feeds/targethome_aliex.xml HTTP/1.0" 200 688678 "-" "-"
89.161.206.59 - - [28/May/2025:12:37:34 +0200] "GET /Jurek/amzteam/feeds/amzteam_aliex.xml HTTP/1.0" 200 97903 "-" "-"
89.161.206.59 - - [28/May/2025:12:37:34 +0200] "GET /Jurek/ralmetal/feeds/ralmetal_aliex.xml HTTP/1.0" 200 2040573 "-" "-"
89.161.206.59 - - [28/May/2025:12:37:34 +0200] "GET /Jurek/cbdgreen/feeds/cbdgreen_aliex.xml HTTP/1.0" 200 50549 "-" "-"
89.161.206.59 - - [28/May/2025:12:37:35 +0200] "GET /Jurek/drops/feeds/dropsofficecolection_aliex.xml HTTP/1.0" 200 791299 "-" "-"
89.161.206.59 - - [28/May/2025:12:37:35 +0200] "GET /Jurek/szpaklampy/feeds/szpaklampy_aliex.xml HTTP/1.0" 200 388361 "-" "-"
89.161.206.59 - - [28/May/2025:12:37:35 +0200] "GET /Jurek/velinda/feeds/velinda_aliex.xml HTTP/1.0" 200 4228104 "-" "-"
89.161.206.59 - - [28/May/2025:12:37:36 +0200] "GET /Jurek/spali/feeds/spali_aliex.xml HTTP/1.0" 200 77074 "-" "-"
89.161.206.59 - - [28/May/2025:12:37:36 +0200] "GET /Jurek/topeshop/feeds/topeshop_aliexpress.xml HTTP/1.0" 200 3021314 "-" "-"
89.161.206.59 - - [28/May/2025:12:37:36 +0200] "GET /Jurek/beltimore/feeds/beltimore_aliexpress.xml HTTP/1.0" 200 18654908 "-" "-"
89.161.206.59 - - [28/May/2025:12:37:39 +0200] "GET /Jurek/broers/feeds/broers_aliex.xml HTTP/1.0" 200 1982971 "-" "-"
89.161.206.59 - - [28/May/2025:12:37:39 +0200] "GET /Jurek/omi/feeds/omi_aliex.xml HTTP/1.0" 200 8101648 "-" "-"
89.161.206.59 - - [28/May/2025:12:37:40 +0200] "GET /Jurek/rosfix/feeds/rosfix_aliexpress.xml HTTP/1.0" 200 35771829 "-" "-"
89.161.206.59 - - [28/May/2025:12:37:40 +0200] "GET /Jurek/hlo/feeds/hlo_emagro.xml HTTP/1.0" 200 4838786 "-" "-"
51.77.52.107 - - [28/May/2025:12:37:41 +0200] "GET /Jurek/eurofirany/images/469593/0.jpg HTTP/2.0" 200 201159 "-" "baselinker"
89.161.206.59 - - [28/May/2025:12:37:42 +0200] "GET /Jurek/kamar/feeds/kamar_aliex.xml HTTP/1.0" 200 25554881 "-" "-"
89.161.206.59 - - [28/May/2025:12:37:43 +0200] "GET /Jurek/luxma/feeds/luxma_emagro.xml HTTP/1.0" 200 8059142 "-" "-"
89.161.206.59 - - [28/May/2025:12:37:44 +0200] "GET /Jurek/mojeledy/feeds/mojeledy_aliex.xml HTTP/1.0" 200 1018605 "-" "-"
89.161.206.59 - - [28/May/2025:12:37:45 +0200] "GET /Jurek/filmal/feeds/filmal_aliex.xml HTTP/1.0" 200 139295 "-" "-"
89.161.206.59 - - [28/May/2025:12:37:45 +0200] "GET /Jurek/fertes/feeds/fertes_aliex.xml HTTP/1.0" 200 2362266 "-" "-"
89.161.206.59 - - [28/May/2025:12:37:45 +0200] "GET /Jurek/mechdecor/feeds/mechdecor_aliex.xml HTTP/1.0" 200 596291 "-" "-"
89.161.206.59 - - [28/May/2025:12:37:45 +0200] "GET /Jurek/avenido/feeds/avenido_aliex.xml HTTP/1.0" 200 720159 "-" "-"
89.161.206.59 - - [28/May/2025:12:37:46 +0200] "GET /Jurek/sovapl/feeds/sovapl_aliex.xml HTTP/1.0" 200 9002686 "-" "-"
89.161.206.59 - - [28/May/2025:12:37:47 +0200] "GET /Jurek/missionair/feeds/missionair_aliex.xml HTTP/1.0" 200 3155068 "-" "-"
89.161.206.59 - - [28/May/2025:12:37:47 +0200] "GET /Jurek/apresto/feeds/apresto_aliex.xml HTTP/1.0" 200 1327800 "-" "-"
89.161.206.59 - - [28/May/2025:12:37:47 +0200] "GET /Jurek/riko/feeds/riko_aliex.xml HTTP/1.0" 200 3786459 "-" "-"
89.161.206.59 - - [28/May/2025:12:37:47 +0200] "GET /Jurek/zenga/feeds/zenga_emagro.xml HTTP/1.0" 200 222863 "-" "-"
89.161.206.59 - - [28/May/2025:12:37:48 +0200] "GET /Jurek/gandalf/feeds/gandalf_aliex.xml HTTP/1.0" 200 1082569 "-" "-"
89.161.206.59 - - [28/May/2025:12:37:48 +0200] "GET /Jurek/andex/feeds/andex_aliex.xml HTTP/1.0" 200 1953927 "-" "-"
89.161.206.59 - - [28/May/2025:12:37:48 +0200] "GET /Jurek/jakdroz/feeds/jakdroz_aliex.xml HTTP/1.0" 200 4090154 "-" "-"
89.161.206.59 - - [28/May/2025:12:37:49 +0200] "GET /Jurek/sebmart/feeds/sebmart_aliex.xml HTTP/1.0" 200 1599110 "-" "-"
89.161.206.59 - - [28/May/2025:12:37:49 +0200] "GET /Jurek/kalama/feeds/kalama_aliex.xml HTTP/1.0" 200 2662099 "-" "-"
89.161.206.59 - - [28/May/2025:12:37:49 +0200] "GET /Jurek/bemipol/feeds/bemipol_aliex.xml HTTP/1.0" 200 423673 "-" "-"
89.161.206.59 - - [28/May/2025:12:37:50 +0200] "GET /Jurek/tsjerzy/feeds/tsjerzy_aliex.xml HTTP/1.0" 200 3899770 "-" "-"
89.161.206.59 - - [28/May/2025:12:37:50 +0200] "GET /Jurek/lampart/feeds/lampart_aliex.xml HTTP/1.0" 200 936194 "-" "-"
89.161.206.59 - - [28/May/2025:12:37:50 +0200] "GET /Jurek/takapara/feeds/takapara_aliex.xml HTTP/1.0" 200 1342574 "-" "-"
89.161.206.59 - - [28/May/2025:12:37:51 +0200] "GET /Jurek/equalo/feeds/equalo_aliex.xml HTTP/1.0" 200 98022 "-" "-"
89.161.206.59 - - [28/May/2025:12:37:51 +0200] "GET /Jurek/newtechele/feeds/newtechele_aliex.xml HTTP/1.0" 200 2438684 "-" "-"
89.161.206.59 - - [28/May/2025:12:37:51 +0200] "GET /Jurek/nonabox/feeds/nonabox_aliex.xml HTTP/1.0" 200 33874 "-" "-"
89.161.206.59 - - [28/May/2025:12:37:51 +0200] "GET /Jurek/cenoman/feeds/cenoman_aliex.xml HTTP/1.0" 200 5993728 "-" "-"
89.161.206.59 - - [28/May/2025:12:37:52 +0200] "GET /Jurek/regis/feeds/regis_aliex.xml HTTP/1.0" 200 228479 "-" "-"
89.161.206.59 - - [28/May/2025:12:37:53 +0200] "GET /Jurek/zami/feeds/zami_aliex.xml HTTP/1.0" 200 4474561 "-" "-"
89.161.206.59 - - [28/May/2025:12:37:53 +0200] "GET /Jurek/amzteam/feeds/amzteam_aliex.xml HTTP/1.0" 200 97903 "-" "-"
89.161.206.59 - - [28/May/2025:12:37:53 +0200] "GET /Jurek/zenex/feeds/zenex_aliex.xml HTTP/1.0" 200 540471 "-" "-"
89.161.206.59 - - [28/May/2025:12:37:54 +0200] "GET /Jurek/hurtownia_przemyslowa/feeds/hp_aliex.xml HTTP/1.0" 200 49368067 "-" "-"
89.161.206.59 - - [28/May/2025:12:37:57 +0200] "GET /Jurek/aiofactory/feeds/aiofactory_aliexPL.xml HTTP/1.0" 200 2123891 "-" "-"
46.101.116.244 - - [28/May/2025:12:37:59 +0200] "GET /Jurek/reman/feeds/reman_mallsi.xml HTTP/2.0" 200 1394822 "-" "-"
51.77.52.107 - - [28/May/2025:12:38:03 +0200] "GET /Jurek/eurofirany/images/469594/0.jpg HTTP/2.0" 200 201159 "-" "baselinker"
46.101.116.244 - - [28/May/2025:12:38:09 +0200] "GET /Jurek/sartrix/feeds/sartrix_mallsi.xml HTTP/2.0" 200 649179 "-" "-"
66.211.183.73 - - [28/May/2025:12:38:17 +0200] "GET /Jurek/topeshop/downloaded_images/5904507206789_20_st.jpg HTTP/1.1" 200 38111 "http://www.ebay.com/" "Mozilla/5.0 (Windows NT 10.0; Win64; x64) AppleWebKit/537.36 (KHTML, like Gecko) Chrome/123.0.0.0 Safari/537.36"
66.211.183.74 - - [28/May/2025:12:38:17 +0200] "GET /Jurek/topeshop/downloaded_images/5904507206789_Wymiary_Artisan_Obszar_roboczy_1.jpg HTTP/1.1" 200 44225 "http://www.ebay.com/" "Mozilla/5.0 (Windows NT 10.0; Win64; x64) AppleWebKit/537.36 (KHTML, like Gecko) Chrome/123.0.0.0 Safari/537.36"
66.211.183.72 - - [28/May/2025:12:38:17 +0200] "GET /Jurek/topeshop/downloaded_images/5904507206789_front.jpg HTTP/1.1" 200 35805 "http://www.ebay.com/" "Mozilla/5.0 (Windows NT 10.0; Win64; x64) AppleWebKit/537.36 (KHTML, like Gecko) Chrome/123.0.0.0 Safari/537.36"
66.211.183.73 - - [28/May/2025:12:38:17 +0200] "GET /Jurek/topeshop/downloaded_images/5904507206789_Modern2p_Antracyt_Artisan(4).jpg HTTP/1.1" 404 3551 "http://www.ebay.com/" "Mozilla/5.0 (Windows NT 10.0; Win64; x64) AppleWebKit/537.36 (KHTML, like Gecko) Chrome/123.0.0.0 Safari/537.36"
66.211.183.73 - - [28/May/2025:12:38:17 +0200] "GET /Jurek/topeshop/downloaded_images/5904507206789_Modern2p_Antracyt_Artisan(3).jpg HTTP/1.1" 404 3551 "http://www.ebay.com/" "Mozilla/5.0 (Windows NT 10.0; Win64; x64) AppleWebKit/537.36 (KHTML, like Gecko) Chrome/123.0.0.0 Safari/537.36"
66.211.183.73 - - [28/May/2025:12:38:17 +0200] "GET /Jurek/topeshop/downloaded_images/5904507206789_Modern0011.jpg HTTP/1.1" 404 3551 "http://www.ebay.com/" "Mozilla/5.0 (Windows NT 10.0; Win64; x64) AppleWebKit/537.36 (KHTML, like Gecko) Chrome/123.0.0.0 Safari/537.36"
66.211.183.74 - - [28/May/2025:12:38:17 +0200] "GET /Jurek/topeshop/downloaded_images/5904507206789_Warstwa0.jpg HTTP/1.1" 404 3551 "http://www.ebay.com/" "Mozilla/5.0 (Windows NT 10.0; Win64; x64) AppleWebKit/537.36 (KHTML, like Gecko) Chrome/123.0.0.0 Safari/537.36"
66.211.183.74 - - [28/May/2025:12:38:17 +0200] "GET /Jurek/topeshop/downloaded_images/5904507206789_Modern0012.jpg HTTP/1.1" 404 3551 "http://www.ebay.com/" "Mozilla/5.0 (Windows NT 10.0; Win64; x64) AppleWebKit/537.36 (KHTML, like Gecko) Chrome/123.0.0.0 Safari/537.36"
66.211.183.73 - - [28/May/2025:12:38:17 +0200] "GET /Jurek/topeshop/downloaded_images/5904507206789_antracyt-allegro.jpg HTTP/1.1" 200 165184 "http://www.ebay.com/" "Mozilla/5.0 (Windows NT 10.0; Win64; x64) AppleWebKit/537.36 (KHTML, like Gecko) Chrome/123.0.0.0 Safari/537.36"
46.101.116.244 - - [28/May/2025:12:38:20 +0200] "GET /Jurek/szpaklampy/feeds/szpaklampy_mallsi.xml HTTP/2.0" 200 388203 "-" "-"
51.77.52.107 - - [28/May/2025:12:38:21 +0200] "GET /Jurek/eurofirany/images/469594/0.jpg HTTP/2.0" 200 201159 "-" "baselinker"
46.101.116.244 - - [28/May/2025:12:38:30 +0200] "GET /Jurek/benetech/feeds/benetech_mallsi.xml HTTP/2.0" 200 4165399 "-" "-"
46.101.116.244 - - [28/May/2025:12:38:41 +0200] "GET /Jurek/dekoele/feeds/dekoele_mallsi.xml HTTP/2.0" 200 733937 "-" "-"
51.77.52.107 - - [28/May/2025:12:38:41 +0200] "GET /Jurek/eurofirany/images/469594/0.jpg HTTP/2.0" 200 201159 "-" "baselinker"
46.101.116.244 - - [28/May/2025:12:38:51 +0200] "GET /Jurek/drewdon/feeds/drewdon_mallsi.xml HTTP/2.0" 200 504446 "-" "-"
51.77.52.107 - - [28/May/2025:12:38:56 +0200] "GET /Jurek/eurofirany/images/469595/0.jpg HTTP/2.0" 200 201159 "-" "baselinker"
46.101.116.244 - - [28/May/2025:12:39:02 +0200] "GET /Jurek/emaja24/feeds/emaja24_mallsi.xml HTTP/2.0" 200 5102056 "-" "-"
51.77.52.107 - - [28/May/2025:12:39:14 +0200] "GET /Jurek/eurofirany/images/469595/0.jpg HTTP/2.0" 200 201159 "-" "baselinker"
46.101.116.244 - - [28/May/2025:12:39:17 +0200] "GET /Jurek/muminky/feeds/muminky_mallsi.xml HTTP/2.0" 200 2677675 "-" "-"
46.101.116.244 - - [28/May/2025:12:39:27 +0200] "GET /Jurek/pupus/feeds/pupus_mallsi.xml HTTP/2.0" 200 6154590 "-" "-"
51.77.52.107 - - [28/May/2025:12:39:31 +0200] "GET /Jurek/eurofirany/images/469595/0.jpg HTTP/2.0" 200 201159 "-" "baselinker"
46.101.116.244 - - [28/May/2025:12:39:39 +0200] "GET /Jurek/erohurtownia/feeds/erohurtownia_mallsi.xml HTTP/2.0" 200 22846559 "-" "-"
51.77.52.107 - - [28/May/2025:12:39:47 +0200] "GET /Jurek/eurofirany/images/470016/0.jpg HTTP/2.0" 200 146090 "-" "baselinker"
46.101.116.244 - - [28/May/2025:12:39:56 +0200] "GET /Jurek/oromed/feeds/oromed_mallsi.xml HTTP/2.0" 200 1290062 "-" "-"
51.77.52.107 - - [28/May/2025:12:40:09 +0200] "GET /Jurek/eurofirany/images/470016/0.jpg HTTP/2.0" 200 146090 "-" "baselinker"
51.77.52.107 - - [28/May/2025:12:40:15 +0200] "GET /Jurek/eurofirany/images/470016/0.jpg HTTP/2.0" 200 146090 "-" "baselinker"
51.77.52.107 - - [28/May/2025:12:40:22 +0200] "GET /Jurek/eurofirany/images/470017/0.jpg HTTP/2.0" 200 179140 "-" "baselinker"
46.101.116.244 - - [28/May/2025:12:40:23 +0200] "GET /Jurek/urwiskowo/feeds/urwiskowo_mallsi.xml HTTP/2.0" 200 9115003 "-" "-"
51.77.52.107 - - [28/May/2025:12:40:27 +0200] "GET /Jurek/eurofirany/images/470017/0.jpg HTTP/2.0" 200 179140 "-" "baselinker"
51.77.52.107 - - [28/May/2025:12:40:32 +0200] "GET /Jurek/eurofirany/images/470017/0.jpg HTTP/2.0" 200 179140 "-" "baselinker"
46.101.116.244 - - [28/May/2025:12:40:35 +0200] "GET /Jurek/eroplace/feeds/eroplace_mallsi.xml HTTP/2.0" 200 52134622 "-" "-"
51.77.52.107 - - [28/May/2025:12:40:37 +0200] "GET /Jurek/eurofirany/images/470018/0.jpg HTTP/2.0" 200 208168 "-" "baselinker"
51.77.52.107 - - [28/May/2025:12:40:44 +0200] "GET /Jurek/eurofirany/images/470018/0.jpg HTTP/2.0" 200 208168 "-" "baselinker"
51.77.52.107 - - [28/May/2025:12:40:50 +0200] "GET /Jurek/eurofirany/images/470018/0.jpg HTTP/2.0" 200 208168 "-" "baselinker"
51.77.52.107 - - [28/May/2025:12:40:57 +0200] "GET /Jurek/eurofirany/images/470019/0.jpg HTTP/2.0" 200 185145 "-" "baselinker"
46.101.116.244 - - [28/May/2025:12:40:58 +0200] "GET /Jurek/bass_new/feeds/bass_mallsi.xml HTTP/2.0" 200 7040758 "-" "-"
89.161.206.59 - - [28/May/2025:12:41:03 +0200] "GET /Jurek/playcob/feeds/playcob_amazonde.xml HTTP/1.0" 200 6980096 "-" "-"
46.101.116.244 - - [28/May/2025:12:41:09 +0200] "GET /Jurek/ekuchcikowo/feeds/ekuchcikowo_mallsi.xml HTTP/2.0" 200 12470959 "-" "-"
13.213.171.53 - - [28/May/2025:12:41:10 +0200] "GET /Jurek/topeshop/downloaded_images/5902838468425_wymiary_close_Obszar_roboczy_1.jpg HTTP/2.0" 200 98344 "-" "python-requests/2.30.0"
46.101.116.244 - - [28/May/2025:12:41:20 +0200] "GET /Jurek/sempler/feeds/sempler_mallsi.xml HTTP/2.0" 200 6787999 "-" "-"
51.77.52.107 - - [28/May/2025:12:41:22 +0200] "GET /Jurek/eurofirany/images/470019/0.jpg HTTP/2.0" 200 185145 "-" "baselinker"
51.77.52.107 - - [28/May/2025:12:41:28 +0200] "GET /Jurek/eurofirany/images/470019/0.jpg HTTP/2.0" 200 185145 "-" "baselinker"
51.77.52.107 - - [28/May/2025:12:41:32 +0200] "GET /Jurek/eurofirany/images/470021/0.jpg HTTP/2.0" 200 184460 "-" "baselinker"
46.101.116.244 - - [28/May/2025:12:41:54 +0200] "GET /Jurek/slayo/feeds/slayo_mallsi.xml HTTP/2.0" 200 183609 "-" "-"
51.77.52.107 - - [28/May/2025:12:41:56 +0200] "GET /Jurek/eurofirany/images/470021/0.jpg HTTP/2.0" 200 184460 "-" "baselinker"
51.77.52.107 - - [28/May/2025:12:42:02 +0200] "GET /Jurek/eurofirany/images/470021/0.jpg HTTP/2.0" 200 184460 "-" "baselinker"
46.101.116.244 - - [28/May/2025:12:42:05 +0200] "GET /Jurek/mosti/feeds/mosti_mallsi.xml HTTP/2.0" 200 4628235 "-" "-"
46.101.116.244 - - [28/May/2025:12:42:05 +0200] "GET /Jurek/amzteam/feeds/amzteam_mallsi.xml HTTP/2.0" 200 97837 "-" "-"
46.101.116.244 - - [28/May/2025:12:42:06 +0200] "GET /Jurek/artdog/feeds/artdog_mallsi.xml HTTP/2.0" 200 17158775 "-" "-"
46.101.116.244 - - [28/May/2025:12:42:07 +0200] "GET /Jurek/kambukka/feeds/kambukka_mallsi.xml HTTP/2.0" 200 1023157 "-" "-"
51.77.52.107 - - [28/May/2025:12:42:09 +0200] "GET /Jurek/eurofirany/images/470025/0.jpg HTTP/2.0" 200 87870 "-" "baselinker"
51.77.52.107 - - [28/May/2025:12:42:15 +0200] "GET /Jurek/eurofirany/images/470025/0.jpg HTTP/2.0" 200 87870 "-" "baselinker"
51.77.52.107 - - [28/May/2025:12:42:21 +0200] "GET /Jurek/eurofirany/images/470025/0.jpg HTTP/2.0" 200 87870 "-" "baselinker"
46.101.116.244 - - [28/May/2025:12:42:22 +0200] "GET /Jurek/swiatecznygoliat/feeds/swiatecznygoliat_mallsi.xml HTTP/2.0" 200 7050899 "-" "-"
51.77.52.107 - - [28/May/2025:12:42:41 +0200] "GET /Jurek/eurofirany/images/470026/0.jpg HTTP/2.0" 200 145697 "-" "baselinker"
51.77.52.107 - - [28/May/2025:12:43:03 +0200] "GET /Jurek/eurofirany/images/470026/0.jpg HTTP/2.0" 200 145697 "-" "baselinker"
46.101.116.244 - - [28/May/2025:12:43:07 +0200] "GET /Jurek/octopia/feeds/octopia_mallsi.xml HTTP/2.0" 200 10103817 "-" "-"
51.77.52.107 - - [28/May/2025:12:43:22 +0200] "GET /Jurek/eurofirany/images/470026/0.jpg HTTP/2.0" 200 145697 "-" "baselinker"
46.101.116.244 - - [28/May/2025:12:43:22 +0200] "GET /Jurek/topeshop/feeds/topeshop_mallsi.xml HTTP/2.0" 200 3021046 "-" "-"
51.77.52.107 - - [28/May/2025:12:43:45 +0200] "GET /Jurek/eurofirany/images/470028/0.jpg HTTP/2.0" 200 148943 "-" "baselinker"
51.77.52.107 - - [28/May/2025:12:43:50 +0200] "GET /Jurek/eurofirany/images/470028/0.jpg HTTP/2.0" 200 148943 "-" "baselinker"
51.77.52.107 - - [28/May/2025:12:44:20 +0200] "GET /Jurek/eurofirany/images/470028/0.jpg HTTP/2.0" 200 148943 "-" "baselinker"
51.77.52.107 - - [28/May/2025:12:44:42 +0200] "GET /Jurek/eurofirany/images/470029/0.jpg HTTP/2.0" 200 148514 "-" "baselinker"
51.77.52.107 - - [28/May/2025:12:44:48 +0200] "GET /Jurek/eurofirany/images/470029/0.jpg HTTP/2.0" 200 148514 "-" "baselinker"
89.161.206.59 - - [28/May/2025:12:44:51 +0200] "GET /Jurek/kobi/feeds/kobi_cdsc.xml HTTP/1.0" 200 544070 "-" "-"
89.161.206.59 - - [28/May/2025:12:44:51 +0200] "GET /Jurek/hurtmeblowy/feeds/hurtmeblowy_cdsc.xml HTTP/1.0" 200 5248596 "-" "-"
51.77.52.107 - - [28/May/2025:12:44:54 +0200] "GET /Jurek/eurofirany/images/470029/0.jpg HTTP/2.0" 200 148514 "-" "baselinker"
51.77.52.107 - - [28/May/2025:12:45:02 +0200] "GET /Jurek/eurofirany/images/470030/0.jpg HTTP/2.0" 200 147970 "-" "baselinker"
89.161.206.59 - - [28/May/2025:12:45:14 +0200] "GET /Jurek/maksik/feeds/maksik_cdsc.xml HTTP/1.0" 200 2927530 "-" "-"
89.161.206.59 - - [28/May/2025:12:45:15 +0200] "GET /Jurek/beltimore/feeds/beltimore_cdsc.xml HTTP/1.0" 200 11136417 "-" "-"
89.161.206.59 - - [28/May/2025:12:45:15 +0200] "GET /Jurek/benetech/feeds/benetech_cdsc.xml HTTP/1.0" 200 2361749 "-" "-"
89.161.206.59 - - [28/May/2025:12:45:16 +0200] "GET /Jurek/pawonik/feeds/pawonik_cdsc.xml HTTP/1.0" 200 1382182 "-" "-"
89.161.206.59 - - [28/May/2025:12:45:16 +0200] "GET /Jurek/hdwr/feeds/hdwr_cdsc.xml HTTP/1.0" 200 745729 "-" "-"
89.161.206.59 - - [28/May/2025:12:45:16 +0200] "GET /Jurek/drops/feeds/dropsofficecolection_cdsc.xml HTTP/1.0" 200 784466 "-" "-"
89.161.206.59 - - [28/May/2025:12:45:16 +0200] "GET /Jurek/szpaklampy/feeds/szpaklampy_cdsc.xml HTTP/1.0" 200 395822 "-" "-"
89.161.206.59 - - [28/May/2025:12:45:16 +0200] "GET /Jurek/sartrix/feeds/sartrix_cdsc.xml HTTP/1.0" 200 867434 "-" "-"
89.161.206.59 - - [28/May/2025:12:45:17 +0200] "GET /Jurek/reman/feeds/reman_cdsc.xml HTTP/1.0" 200 400871 "-" "-"
89.161.206.59 - - [28/May/2025:12:45:17 +0200] "GET /Jurek/eurofirany/feeds/eurofirany_cdiscount.xml HTTP/1.0" 200 22259804 "-" "-"
89.161.206.59 - - [28/May/2025:12:45:18 +0200] "GET /Jurek/cdata/feeds/cdata_cdsc.xml HTTP/1.0" 200 1865849 "-" "-"
89.161.206.59 - - [28/May/2025:12:45:19 +0200] "GET /Jurek/drewdon/feeds/drewdon_cdsc.xml HTTP/1.0" 200 483675 "-" "-"
89.161.206.59 - - [28/May/2025:12:45:19 +0200] "GET /Jurek/dekoele/feeds/dekoele_cdsc.xml HTTP/1.0" 200 478907 "-" "-"
89.161.206.59 - - [28/May/2025:12:45:19 +0200] "GET /Jurek/amzteam/feeds/amzteam_cdsc.xml HTTP/1.0" 200 145375 "-" "-"
51.77.52.107 - - [28/May/2025:12:45:26 +0200] "GET /Jurek/eurofirany/images/470030/0.jpg HTTP/2.0" 200 147970 "-" "baselinker"
51.77.52.107 - - [28/May/2025:12:45:31 +0200] "GET /Jurek/eurofirany/images/470030/0.jpg HTTP/2.0" 200 147970 "-" "baselinker"
51.77.52.107 - - [28/May/2025:12:45:49 +0200] "GET /Jurek/eurofirany/images/464084/0.jpg HTTP/2.0" 200 103179 "-" "baselinker"
89.161.206.59 - - [28/May/2025:12:46:02 +0200] "GET /Jurek/lampart/feeds/lampart_cdsc.xml HTTP/1.0" 200 1057913 "-" "-"
89.161.206.59 - - [28/May/2025:12:46:02 +0200] "GET /Jurek/zenex/feeds/zenex_cdsc.xml HTTP/1.0" 200 540179 "-" "-"
89.161.206.59 - - [28/May/2025:12:46:03 +0200] "GET /Jurek/avenido/feeds/avenido_cdsc.xml HTTP/1.0" 200 449226 "-" "-"
89.161.206.59 - - [28/May/2025:12:46:03 +0200] "GET /Jurek/filmal/feeds/filmal_cdsc.xml HTTP/1.0" 200 105878 "-" "-"
89.161.206.59 - - [28/May/2025:12:46:03 +0200] "GET /Jurek/takapara/feeds/takapara_cdsc.xml HTTP/1.0" 200 1398932 "-" "-"
89.161.206.59 - - [28/May/2025:12:46:03 +0200] "GET /Jurek/tsjerzy/feeds/tsjerzy_cdsc.xml HTTP/1.0" 200 4383112 "-" "-"
89.161.206.59 - - [28/May/2025:12:46:05 +0200] "GET /Jurek/riko/feeds/riko_cdsc.xml HTTP/1.0" 200 3648814 "-" "-"
89.161.206.59 - - [28/May/2025:12:46:05 +0200] "GET /Jurek/carbonyway/feeds/carbonyway_cdsc.xml HTTP/1.0" 200 2759401 "-" "-"
51.77.52.107 - - [28/May/2025:12:46:06 +0200] "GET /Jurek/eurofirany/images/464084/0.jpg HTTP/2.0" 200 103179 "-" "baselinker"
46.101.116.244 - - [28/May/2025:12:46:06 +0200] "GET /Jurek/activeshop/feeds/activeshop_mallsi.xml HTTP/2.0" 200 10392110 "-" "-"
89.161.206.59 - - [28/May/2025:12:46:06 +0200] "GET /Jurek/ikonka/feeds/ikonka_cdsc.xml HTTP/1.0" 200 20775913 "-" "-"
51.77.52.107 - - [28/May/2025:12:46:26 +0200] "GET /Jurek/eurofirany/images/464084/0.jpg HTTP/2.0" 200 103179 "-" "baselinker"
51.77.52.107 - - [28/May/2025:12:46:45 +0200] "GET /Jurek/eurofirany/images/464093/0.jpg HTTP/2.0" 200 103179 "-" "baselinker"
89.161.206.59 - - [28/May/2025:12:46:49 +0200] "GET /Jurek/narzbud/feeds/narzbud_cdsc.xml HTTP/1.0" 200 1227796 "-" "-"
51.77.52.107 - - [28/May/2025:12:46:50 +0200] "GET /Jurek/eurofirany/images/464093/0.jpg HTTP/2.0" 200 103179 "-" "baselinker"
51.77.52.107 - - [28/May/2025:12:46:57 +0200] "GET /Jurek/eurofirany/images/464093/0.jpg HTTP/2.0" 200 103179 "-" "baselinker"
51.77.52.107 - - [28/May/2025:12:47:16 +0200] "GET /Jurek/eurofirany/images/464102/0.jpg HTTP/2.0" 200 103179 "-" "baselinker"
51.77.52.107 - - [28/May/2025:12:47:41 +0200] "GET /Jurek/eurofirany/images/464102/0.jpg HTTP/2.0" 200 103179 "-" "baselinker"
51.77.52.107 - - [28/May/2025:12:47:47 +0200] "GET /Jurek/eurofirany/images/464102/0.jpg HTTP/2.0" 200 103179 "-" "baselinker"
51.77.52.107 - - [28/May/2025:12:48:05 +0200] "GET /Jurek/eurofirany/images/464078/0.jpg HTTP/2.0" 200 158000 "-" "baselinker"
51.77.52.107 - - [28/May/2025:12:48:26 +0200] "GET /Jurek/eurofirany/images/464078/0.jpg HTTP/2.0" 200 158000 "-" "baselinker"
51.77.52.107 - - [28/May/2025:12:48:49 +0200] "GET /Jurek/eurofirany/images/464078/0.jpg HTTP/2.0" 200 158000 "-" "baselinker"
51.77.52.107 - - [28/May/2025:12:49:09 +0200] "GET /Jurek/eurofirany/images/464099/0.jpg HTTP/2.0" 200 158000 "-" "baselinker"
51.77.52.107 - - [28/May/2025:12:49:15 +0200] "GET /Jurek/eurofirany/images/464099/0.jpg HTTP/2.0" 200 158000 "-" "baselinker"
51.77.52.107 - - [28/May/2025:12:49:20 +0200] "GET /Jurek/eurofirany/images/464099/0.jpg HTTP/2.0" 200 158000 "-" "baselinker"
51.77.52.107 - - [28/May/2025:12:49:42 +0200] "GET /Jurek/eurofirany/images/469606/0.jpg HTTP/2.0" 200 178659 "-" "baselinker"
51.77.52.107 - - [28/May/2025:12:50:02 +0200] "GET /Jurek/eurofirany/images/469606/0.jpg HTTP/2.0" 200 178659 "-" "baselinker"
51.77.52.107 - - [28/May/2025:12:50:22 +0200] "GET /Jurek/eurofirany/images/469606/0.jpg HTTP/2.0" 200 178659 "-" "baselinker"
46.101.116.244 - - [28/May/2025:12:50:23 +0200] "GET /Jurek/action/feeds/action_mallsigs.xml HTTP/2.0" 200 59484234 "-" "-"
46.101.116.244 - - [28/May/2025:12:50:39 +0200] "GET /Jurek/b3/feeds/b3_mallsigs.xml HTTP/2.0" 200 8068014 "-" "-"
51.77.52.107 - - [28/May/2025:12:50:46 +0200] "GET /Jurek/eurofirany/images/469607/0.jpg HTTP/2.0" 200 178659 "-" "baselinker"
46.101.116.244 - - [28/May/2025:12:50:51 +0200] "GET /Jurek/benbaby/feeds/benbaby_mallsigs.xml HTTP/2.0" 200 3703372 "-" "-"
46.101.116.244 - - [28/May/2025:12:51:02 +0200] "GET /Jurek/emibig/feeds/emibig_mallsigs.xml HTTP/2.0" 200 2427383 "-" "-"
51.77.52.107 - - [28/May/2025:12:51:13 +0200] "GET /Jurek/eurofirany/images/469607/0.jpg HTTP/2.0" 200 178659 "-" "baselinker"
89.161.206.59 - - [28/May/2025:12:51:24 +0200] "GET /Jurek/artdog/feeds/artdog_amazonse.xml HTTP/1.0" 200 17167040 "-" "-"
51.77.52.107 - - [28/May/2025:12:51:32 +0200] "GET /Jurek/eurofirany/images/469607/0.jpg HTTP/2.0" 200 178659 "-" "baselinker"
51.77.52.107 - - [28/May/2025:12:51:38 +0200] "GET /Jurek/eurofirany/images/469608/0.jpg HTTP/2.0" 200 178659 "-" "baselinker"
216.113.184.104 - - [28/May/2025:12:51:47 +0200] "GET /Jurek/topeshop/downloaded_images/5904507202002_BILBAO4P__ARTISAN(1).jpg HTTP/1.1" 404 3551 "http://www.ebay.com/" "Mozilla/5.0 (Windows NT 10.0; Win64; x64) AppleWebKit/537.36 (KHTML, like Gecko) Chrome/123.0.0.0 Safari/537.36"
216.113.184.101 - - [28/May/2025:12:51:47 +0200] "GET /Jurek/topeshop/downloaded_images/5904507202002_BILBAO4P__ARTISAN(2).jpg HTTP/1.1" 404 3551 "http://www.ebay.com/" "Mozilla/5.0 (Windows NT 10.0; Win64; x64) AppleWebKit/537.36 (KHTML, like Gecko) Chrome/123.0.0.0 Safari/537.36"
216.113.184.102 - - [28/May/2025:12:51:47 +0200] "GET /Jurek/topeshop/downloaded_images/5904507202002_BILBAO4P__ARTISAN(3).jpg HTTP/1.1" 404 3551 "http://www.ebay.com/" "Mozilla/5.0 (Windows NT 10.0; Win64; x64) AppleWebKit/537.36 (KHTML, like Gecko) Chrome/123.0.0.0 Safari/537.36"
216.113.184.104 - - [28/May/2025:12:51:47 +0200] "GET /Jurek/topeshop/downloaded_images/5904507202002_BILBAO4P__ARTISAN(4).jpg HTTP/1.1" 404 3551 "http://www.ebay.com/" "Mozilla/5.0 (Windows NT 10.0; Win64; x64) AppleWebKit/537.36 (KHTML, like Gecko) Chrome/123.0.0.0 Safari/537.36"
216.113.184.101 - - [28/May/2025:12:51:48 +0200] "GET /Jurek/topeshop/downloaded_images/5904507202002_BILBAO_4P1_3.png HTTP/1.1" 200 571721 "http://www.ebay.com/" "Mozilla/5.0 (Windows NT 10.0; Win64; x64) AppleWebKit/537.36 (KHTML, like Gecko) Chrome/123.0.0.0 Safari/537.36"
216.113.184.103 - - [28/May/2025:12:51:48 +0200] "GET /Jurek/topeshop/downloaded_images/5904507202002_BILBAO_4P1_3_.png HTTP/1.1" 200 810253 "http://www.ebay.com/" "Mozilla/5.0 (Windows NT 10.0; Win64; x64) AppleWebKit/537.36 (KHTML, like Gecko) Chrome/123.0.0.0 Safari/537.36"
216.113.184.104 - - [28/May/2025:12:51:48 +0200] "GET /Jurek/topeshop/downloaded_images/5904507202002_BILBAO_4P_2_3.png HTTP/1.1" 200 1269265 "http://www.ebay.com/" "Mozilla/5.0 (Windows NT 10.0; Win64; x64) AppleWebKit/537.36 (KHTML, like Gecko) Chrome/123.0.0.0 Safari/537.36"
216.113.184.102 - - [28/May/2025:12:51:48 +0200] "GET /Jurek/topeshop/downloaded_images/5904507202002_BILBAO_4P_1_3.png HTTP/1.1" 200 1340462 "http://www.ebay.com/" "Mozilla/5.0 (Windows NT 10.0; Win64; x64) AppleWebKit/537.36 (KHTML, like Gecko) Chrome/123.0.0.0 Safari/537.36"
51.77.52.107 - - [28/May/2025:12:51:58 +0200] "GET /Jurek/eurofirany/images/469608/0.jpg HTTP/2.0" 200 178659 "-" "baselinker"
51.77.52.107 - - [28/May/2025:12:52:18 +0200] "GET /Jurek/eurofirany/images/469608/0.jpg HTTP/2.0" 200 178659 "-" "baselinker"
46.101.116.244 - - [28/May/2025:12:52:32 +0200] "GET /Jurek/piotrmiedz/feeds/piotrmiedz_skr.xml HTTP/1.0" 200 91046853 "-" "-"
51.77.52.107 - - [28/May/2025:12:52:39 +0200] "GET /Jurek/eurofirany/images/469609/0.jpg HTTP/2.0" 200 128911 "-" "baselinker"
51.77.52.107 - - [28/May/2025:12:52:46 +0200] "GET /Jurek/eurofirany/images/469609/0.jpg HTTP/2.0" 200 128911 "-" "baselinker"
51.77.52.107 - - [28/May/2025:12:52:52 +0200] "GET /Jurek/eurofirany/images/469609/0.jpg HTTP/2.0" 200 128911 "-" "baselinker"
51.77.52.107 - - [28/May/2025:12:53:09 +0200] "GET /Jurek/eurofirany/images/469610/0.jpg HTTP/2.0" 200 128911 "-" "baselinker"
69.171.230.10 - - [28/May/2025:12:53:19 +0200] "GET /robots.txt HTTP/1.1" 404 3551 "-" "facebookexternalhit/1.1 (+http://www.facebook.com/externalhit_uatext.php)"
51.77.52.107 - - [28/May/2025:12:53:26 +0200] "GET /Jurek/eurofirany/images/469610/0.jpg HTTP/2.0" 200 128911 "-" "baselinker"
46.101.116.244 - - [28/May/2025:12:53:43 +0200] "GET /Jurek/beliani/feeds/beliani_si_mallsi.xml HTTP/2.0" 200 29732191 "-" "-"
51.77.52.107 - - [28/May/2025:12:53:46 +0200] "GET /Jurek/eurofirany/images/469610/0.jpg HTTP/2.0" 200 128911 "-" "baselinker"
51.77.52.107 - - [28/May/2025:12:54:01 +0200] "GET /Jurek/eurofirany/images/469611/0.jpg HTTP/2.0" 200 128911 "-" "baselinker"
80.96.21.160 - - [28/May/2025:12:54:12 +0200] "GET /Jurek/eurofirany/images/333886/2.jpg HTTP/2.0" 200 26359 "https://www.emag.ro/perdea-ready-esim-140x250-cm-alba-eurofirany-333886/pd/DVN68LMBM/" "Mozilla/5.0 (Windows NT 10.0; Win64; x64) AppleWebKit/537.36 (KHTML, like Gecko) Chrome/136.0.0.0 Safari/537.36 Edg/136.0.0.0"
80.96.21.160 - - [28/May/2025:12:54:12 +0200] "GET /Jurek/eurofirany/images/333886/6.jpg HTTP/2.0" 200 89803 "https://www.emag.ro/perdea-ready-esim-140x250-cm-alba-eurofirany-333886/pd/DVN68LMBM/" "Mozilla/5.0 (Windows NT 10.0; Win64; x64) AppleWebKit/537.36 (KHTML, like Gecko) Chrome/136.0.0.0 Safari/537.36 Edg/136.0.0.0"
80.96.21.160 - - [28/May/2025:12:54:12 +0200] "GET /Jurek/eurofirany/images/333886/1.jpg HTTP/2.0" 200 55732 "https://www.emag.ro/perdea-ready-esim-140x250-cm-alba-eurofirany-333886/pd/DVN68LMBM/" "Mozilla/5.0 (Windows NT 10.0; Win64; x64) AppleWebKit/537.36 (KHTML, like Gecko) Chrome/136.0.0.0 Safari/537.36 Edg/136.0.0.0"
80.96.21.160 - - [28/May/2025:12:54:12 +0200] "GET /Jurek/eurofirany/images/333886/4.jpg HTTP/2.0" 200 139282 "https://www.emag.ro/perdea-ready-esim-140x250-cm-alba-eurofirany-333886/pd/DVN68LMBM/" "Mozilla/5.0 (Windows NT 10.0; Win64; x64) AppleWebKit/537.36 (KHTML, like Gecko) Chrome/136.0.0.0 Safari/537.36 Edg/136.0.0.0"
80.96.21.160 - - [28/May/2025:12:54:12 +0200] "GET /Jurek/eurofirany/images/333886/5.jpg HTTP/2.0" 200 44556 "https://www.emag.ro/perdea-ready-esim-140x250-cm-alba-eurofirany-333886/pd/DVN68LMBM/" "Mozilla/5.0 (Windows NT 10.0; Win64; x64) AppleWebKit/537.36 (KHTML, like Gecko) Chrome/136.0.0.0 Safari/537.36 Edg/136.0.0.0"
80.96.21.160 - - [28/May/2025:12:54:12 +0200] "GET /Jurek/eurofirany/images/333886/3.jpg HTTP/2.0" 200 50905 "https://www.emag.ro/perdea-ready-esim-140x250-cm-alba-eurofirany-333886/pd/DVN68LMBM/" "Mozilla/5.0 (Windows NT 10.0; Win64; x64) AppleWebKit/537.36 (KHTML, like Gecko) Chrome/136.0.0.0 Safari/537.36 Edg/136.0.0.0"
51.77.52.107 - - [28/May/2025:12:54:21 +0200] "GET /Jurek/eurofirany/images/469611/0.jpg HTTP/2.0" 200 128911 "-" "baselinker"
51.77.52.107 - - [28/May/2025:12:54:26 +0200] "GET /Jurek/eurofirany/images/469611/0.jpg HTTP/2.0" 200 128911 "-" "baselinker"
46.101.116.244 - - [28/May/2025:12:54:28 +0200] "GET /Jurek/rovicky/feeds/rovicky_mallsi.xml HTTP/2.0" 200 14973878 "-" "-"
46.101.116.244 - - [28/May/2025:12:54:39 +0200] "GET /Jurek/detian/feeds/detian_mallsi.xml HTTP/2.0" 404 3551 "-" "-"
51.77.52.107 - - [28/May/2025:12:54:47 +0200] "GET /Jurek/eurofirany/images/469618/0.jpg HTTP/2.0" 200 149531 "-" "baselinker"
46.101.116.244 - - [28/May/2025:12:54:50 +0200] "GET /Jurek/ikonka/feeds/ikonka_mallsi.xml HTTP/2.0" 200 20775920 "-" "-"
46.101.116.244 - - [28/May/2025:12:55:04 +0200] "GET /Jurek/candellux/feeds/candellux_mallsi.xml HTTP/2.0" 200 465691 "-" "-"
51.77.52.107 - - [28/May/2025:12:55:05 +0200] "GET /Jurek/eurofirany/images/469618/0.jpg HTTP/2.0" 200 149531 "-" "baselinker"
46.101.116.244 - - [28/May/2025:12:55:15 +0200] "GET /Jurek/andex/feeds/andex_mallsl.xml HTTP/2.0" 200 1953433 "-" "-"
51.77.52.107 - - [28/May/2025:12:55:21 +0200] "GET /Jurek/eurofirany/images/469618/0.jpg HTTP/2.0" 200 149531 "-" "baselinker"
46.101.116.244 - - [28/May/2025:12:55:26 +0200] "GET /Jurek/chemex/feeds/chemex_mallsi.xml HTTP/2.0" 200 47809540 "-" "-"
51.77.52.107 - - [28/May/2025:12:55:31 +0200] "GET /Jurek/eurofirany/images/469619/0.jpg HTTP/2.0" 200 149531 "-" "baselinker"
46.101.116.244 - - [28/May/2025:12:55:41 +0200] "GET /Jurek/aw/feeds/awnarzedzia_mallsi.xml HTTP/2.0" 200 91111830 "-" "-"
51.77.52.107 - - [28/May/2025:12:55:57 +0200] "GET /Jurek/eurofirany/images/469619/0.jpg HTTP/2.0" 200 149531 "-" "baselinker"
51.77.52.107 - - [28/May/2025:12:56:02 +0200] "GET /Jurek/eurofirany/images/469619/0.jpg HTTP/2.0" 200 149531 "-" "baselinker"
51.77.52.107 - - [28/May/2025:12:56:23 +0200] "GET /Jurek/eurofirany/images/469620/0.jpg HTTP/2.0" 200 149531 "-" "baselinker"
51.77.52.107 - - [28/May/2025:12:56:46 +0200] "GET /Jurek/eurofirany/images/469620/0.jpg HTTP/2.0" 200 149531 "-" "baselinker"
51.77.52.107 - - [28/May/2025:12:56:51 +0200] "GET /Jurek/eurofirany/images/469620/0.jpg HTTP/2.0" 200 149531 "-" "baselinker"
51.77.52.107 - - [28/May/2025:12:56:59 +0200] "GET /Jurek/eurofirany/images/469621/0.jpg HTTP/2.0" 200 144291 "-" "baselinker"
51.77.52.107 - - [28/May/2025:12:57:22 +0200] "GET /Jurek/eurofirany/images/469621/0.jpg HTTP/2.0" 200 144291 "-" "baselinker"
46.101.116.244 - - [28/May/2025:12:57:31 +0200] "GET /Jurek/barbecook/feeds/barbecook_mallsl.xml HTTP/2.0" 200 87533 "-" "-"
51.77.52.107 - - [28/May/2025:12:57:41 +0200] "GET /Jurek/eurofirany/images/469621/0.jpg HTTP/2.0" 200 144291 "-" "baselinker"
46.101.116.244 - - [28/May/2025:12:57:42 +0200] "GET /Jurek/duka/feeds/duka_mallsl.xml HTTP/2.0" 200 57 "-" "-"
46.101.116.244 - - [28/May/2025:12:57:52 +0200] "GET /Jurek/miloohome/feeds/miloohome_mallsi.xml HTTP/2.0" 200 1421056 "-" "-"
51.77.52.107 - - [28/May/2025:12:57:58 +0200] "GET /Jurek/eurofirany/images/469623/0.jpg HTTP/2.0" 200 144291 "-" "baselinker"
46.101.116.244 - - [28/May/2025:12:58:03 +0200] "GET /Jurek/stema/feeds/stema_mallsl.xml HTTP/2.0" 200 894016 "-" "-"
51.77.52.107 - - [28/May/2025:12:58:05 +0200] "GET /Jurek/eurofirany/images/469623/0.jpg HTTP/2.0" 200 144291 "-" "baselinker"
46.101.116.244 - - [28/May/2025:12:58:14 +0200] "GET /Jurek/fernity/feeds/fernity_mallsl.xml HTTP/2.0" 200 4717890 "-" "-"
51.77.52.107 - - [28/May/2025:12:58:16 +0200] "GET /Jurek/eurofirany/images/469623/0.jpg HTTP/2.0" 200 144291 "-" "baselinker"
51.77.52.107 - - [28/May/2025:12:58:33 +0200] "GET /Jurek/eurofirany/images/469584/0.jpg HTTP/2.0" 200 176499 "-" "baselinker"
46.101.116.244 - - [28/May/2025:12:58:53 +0200] "GET /Jurek/kinghome/feeds/kinghome_mallsl.xml HTTP/2.0" 200 6336155 "-" "-"
51.77.52.107 - - [28/May/2025:12:58:56 +0200] "GET /Jurek/eurofirany/images/469584/0.jpg HTTP/2.0" 200 176499 "-" "baselinker"
46.101.116.244 - - [28/May/2025:12:59:04 +0200] "GET /Jurek/vivaldi/feeds/vivaldi_Mall-sl.xml HTTP/2.0" 200 344595 "-" "-"
46.101.116.244 - - [28/May/2025:12:59:15 +0200] "GET /Jurek/eurofirany/feeds/eurofirany_mall_si_shumee.xml HTTP/2.0" 200 18718704 "-" "-"
51.77.52.107 - - [28/May/2025:12:59:18 +0200] "GET /Jurek/eurofirany/images/469584/0.jpg HTTP/2.0" 200 176499 "-" "baselinker"
51.77.52.107 - - [28/May/2025:12:59:38 +0200] "GET /Jurek/eurofirany/images/469586/0.jpg HTTP/2.0" 200 176499 "-" "baselinker"
51.77.52.107 - - [28/May/2025:12:59:43 +0200] "GET /Jurek/eurofirany/images/469586/0.jpg HTTP/2.0" 200 176499 "-" "baselinker"
51.77.52.107 - - [28/May/2025:12:59:57 +0200] "GET /Jurek/eurofirany/images/469586/0.jpg HTTP/2.0" 200 176499 "-" "baselinker"
51.77.52.107 - - [28/May/2025:13:00:03 +0200] "GET /Jurek/eurofirany/images/469587/0.jpg HTTP/2.0" 200 136603 "-" "baselinker"
35.204.39.32 - - [28/May/2025:13:00:14 +0200] "GET /marketplaces/carrefour_fr/results/carrefour_fr.csv HTTP/1.1" 200 147219 "-" "Mirakl HttpClient"
85.14.86.141 - - [28/May/2025:13:00:17 +0200] "GET /Jurek/vida_morele/feeds/VidaPL_all.xml HTTP/2.0" 200 767221799 "-" "MarketplaceAPI curl/7.74.0 PHP/8"
51.77.52.107 - - [28/May/2025:13:00:25 +0200] "GET /Jurek/eurofirany/images/469587/0.jpg HTTP/2.0" 200 136603 "-" "baselinker"
51.77.52.107 - - [28/May/2025:13:00:31 +0200] "GET /Jurek/eurofirany/images/469587/0.jpg HTTP/2.0" 200 136603 "-" "baselinker"
52.18.22.0 - - [28/May/2025:13:00:40 +0200] "GET /marketplaces/ubaldi/results/ubaldi.csv HTTP/1.1" 200 147219 "-" "Mirakl HttpClient"
51.77.52.107 - - [28/May/2025:13:00:56 +0200] "GET /Jurek/eurofirany/images/469590/0.jpg HTTP/2.0" 200 136603 "-" "baselinker"
51.77.52.107 - - [28/May/2025:13:01:03 +0200] "GET /Jurek/eurofirany/images/469590/0.jpg HTTP/2.0" 200 136603 "-" "baselinker"
51.77.52.107 - - [28/May/2025:13:01:09 +0200] "GET /Jurek/eurofirany/images/469590/0.jpg HTTP/2.0" 200 136603 "-" "baselinker"
35.204.39.32 - - [28/May/2025:13:01:18 +0200] "GET /marketplaces/vente/results/vente_nl.csv HTTP/1.1" 200 147219 "-" "Mirakl HttpClient"
35.204.39.32 - - [28/May/2025:13:01:18 +0200] "GET /marketplaces/vente/results/vente_fr.csv HTTP/1.1" 200 147219 "-" "Mirakl HttpClient"
35.204.39.32 - - [28/May/2025:13:01:18 +0200] "GET /marketplaces/vente/results/vente_be.csv HTTP/1.1" 200 163603 "-" "Mirakl HttpClient"
35.204.39.32 - - [28/May/2025:13:01:18 +0200] "GET /marketplaces/vente/results/vente_it.csv HTTP/1.1" 200 163603 "-" "Mirakl HttpClient"
35.204.39.32 - - [28/May/2025:13:01:19 +0200] "GET /marketplaces/vente/results/vente_es.csv HTTP/1.1" 200 147219 "-" "Mirakl HttpClient"
35.204.39.32 - - [28/May/2025:13:01:19 +0200] "GET /marketplaces/vente/results/vente_de.csv HTTP/1.1" 200 147219 "-" "Mirakl HttpClient"
51.77.52.107 - - [28/May/2025:13:01:28 +0200] "GET /Jurek/eurofirany/images/469591/0.jpg HTTP/2.0" 200 136603 "-" "baselinker"
51.77.52.107 - - [28/May/2025:13:01:50 +0200] "GET /Jurek/eurofirany/images/469591/0.jpg HTTP/2.0" 200 136603 "-" "baselinker"
52.17.80.36 - - [28/May/2025:13:01:55 +0200] "GET /marketplaces/rue/results/rue.csv HTTP/1.1" 200 147219 "-" "Mirakl HttpClient"
51.77.52.107 - - [28/May/2025:13:02:05 +0200] "GET /Jurek/eurofirany/images/469591/0.jpg HTTP/2.0" 200 136603 "-" "baselinker"
51.77.52.107 - - [28/May/2025:13:02:27 +0200] "GET /Jurek/eurofirany/images/469612/0.jpg HTTP/2.0" 200 159953 "-" "baselinker"
51.77.52.107 - - [28/May/2025:13:02:47 +0200] "GET /Jurek/eurofirany/images/469612/0.jpg HTTP/2.0" 200 159953 "-" "baselinker"
51.77.52.107 - - [28/May/2025:13:02:54 +0200] "GET /Jurek/eurofirany/images/469612/0.jpg HTTP/2.0" 200 159953 "-" "baselinker"
51.77.52.107 - - [28/May/2025:13:03:01 +0200] "GET /Jurek/eurofirany/images/469613/0.jpg HTTP/2.0" 200 159953 "-" "baselinker"
51.77.52.107 - - [28/May/2025:13:03:23 +0200] "GET /Jurek/eurofirany/images/469613/0.jpg HTTP/2.0" 200 159953 "-" "baselinker"
51.77.52.107 - - [28/May/2025:13:03:42 +0200] "GET /Jurek/eurofirany/images/469613/0.jpg HTTP/2.0" 200 159953 "-" "baselinker"
52.209.168.113 - - [28/May/2025:13:03:42 +0200] "GET /marketplaces/carrefour/results/carrefour.csv HTTP/1.1" 200 147221 "-" "Mirakl HttpClient"
51.77.52.107 - - [28/May/2025:13:03:50 +0200] "GET /Jurek/eurofirany/images/469614/0.jpg HTTP/2.0" 200 159953 "-" "baselinker"
51.77.52.107 - - [28/May/2025:13:04:08 +0200] "GET /Jurek/eurofirany/images/469614/0.jpg HTTP/2.0" 200 159953 "-" "baselinker"
51.77.52.107 - - [28/May/2025:13:04:17 +0200] "GET /Jurek/eurofirany/images/469614/0.jpg HTTP/2.0" 200 159953 "-" "baselinker"
85.14.86.141 - - [28/May/2025:13:04:30 +0200] "GET /Jurek/kinghoff/feeds/kinghoff_morele.xml HTTP/2.0" 200 15629128 "-" "MarketplaceAPI curl/7.74.0 PHP/8"
51.77.52.107 - - [28/May/2025:13:04:38 +0200] "GET /Jurek/eurofirany/images/469615/0.jpg HTTP/2.0" 200 165861 "-" "baselinker"
51.77.52.107 - - [28/May/2025:13:05:00 +0200] "GET /Jurek/eurofirany/images/469615/0.jpg HTTP/2.0" 200 165861 "-" "baselinker"
51.77.52.107 - - [28/May/2025:13:05:22 +0200] "GET /Jurek/eurofirany/images/469615/0.jpg HTTP/2.0" 200 165861 "-" "baselinker"
89.161.206.59 - - [28/May/2025:13:05:23 +0200] "GET /Jurek/eroplace/feeds/eroplace_skroutz.xml HTTP/1.0" 200 51200988 "-" "-"
51.77.52.107 - - [28/May/2025:13:05:26 +0200] "GET /Jurek/eurofirany/images/469616/0.jpg HTTP/2.0" 200 165861 "-" "baselinker"
51.77.52.107 - - [28/May/2025:13:05:34 +0200] "GET /Jurek/eurofirany/images/469616/0.jpg HTTP/2.0" 200 165861 "-" "baselinker"
51.77.52.107 - - [28/May/2025:13:05:37 +0200] "GET /Jurek/eurofirany/images/469616/0.jpg HTTP/2.0" 200 165861 "-" "baselinker"
51.77.52.107 - - [28/May/2025:13:05:44 +0200] "GET /Jurek/eurofirany/images/469617/0.jpg HTTP/2.0" 200 165861 "-" "baselinker"
51.77.52.107 - - [28/May/2025:13:06:04 +0200] "GET /Jurek/eurofirany/images/469617/0.jpg HTTP/2.0" 200 165861 "-" "baselinker"
51.77.52.107 - - [28/May/2025:13:06:23 +0200] "GET /Jurek/eurofirany/images/469617/0.jpg HTTP/2.0" 200 165861 "-" "baselinker"
51.77.52.107 - - [28/May/2025:13:06:45 +0200] "GET /Jurek/eurofirany/images/468192/0.jpg HTTP/2.0" 200 70986 "-" "baselinker"
51.77.52.107 - - [28/May/2025:13:06:52 +0200] "GET /Jurek/eurofirany/images/468192/0.jpg HTTP/2.0" 200 70986 "-" "baselinker"
46.101.116.244 - - [28/May/2025:13:06:56 +0200] "GET /Jurek/unimet/feeds/unimet_mallsi.xml HTTP/2.0" 200 61150415 "-" "-"
51.77.52.107 - - [28/May/2025:13:07:17 +0200] "GET /Jurek/eurofirany/images/468192/0.jpg HTTP/2.0" 200 70986 "-" "baselinker"
51.77.52.107 - - [28/May/2025:13:07:24 +0200] "GET /Jurek/eurofirany/images/468193/0.jpg HTTP/2.0" 200 96601 "-" "baselinker"
51.77.52.107 - - [28/May/2025:13:07:34 +0200] "GET /Jurek/eurofirany/images/468193/0.jpg HTTP/2.0" 200 96601 "-" "baselinker"
51.77.52.107 - - [28/May/2025:13:07:41 +0200] "GET /Jurek/eurofirany/images/468193/0.jpg HTTP/2.0" 200 96601 "-" "baselinker"
85.14.86.141 - - [28/May/2025:13:07:42 +0200] "GET /Jurek/eurofirany/feeds/eurofirany_morele.xml HTTP/2.0" 200 18720286 "-" "MarketplaceAPI curl/7.74.0 PHP/8"
51.77.52.107 - - [28/May/2025:13:07:48 +0200] "GET /Jurek/eurofirany/images/468195/0.jpg HTTP/2.0" 200 88200 "-" "baselinker"
51.77.52.107 - - [28/May/2025:13:07:54 +0200] "GET /Jurek/eurofirany/images/468195/0.jpg HTTP/2.0" 200 88200 "-" "baselinker"
51.77.52.107 - - [28/May/2025:13:08:00 +0200] "GET /Jurek/eurofirany/images/468195/0.jpg HTTP/2.0" 200 88200 "-" "baselinker"
85.14.86.141 - - [28/May/2025:13:08:02 +0200] "GET /Jurek/vivaldi/feeds/vivaldi_Morele-PL.xml HTTP/2.0" 200 344674 "-" "MarketplaceAPI curl/7.74.0 PHP/8"
51.77.52.107 - - [28/May/2025:13:08:08 +0200] "GET /Jurek/eurofirany/images/468196/0.jpg HTTP/2.0" 200 102375 "-" "baselinker"
51.77.52.107 - - [28/May/2025:13:08:35 +0200] "GET /Jurek/eurofirany/images/468196/0.jpg HTTP/2.0" 200 102375 "-" "baselinker"
46.101.116.244 - - [28/May/2025:13:08:36 +0200] "GET /Jurek/vidaSI/feeds/vidaSI_mall.xml HTTP/2.0" 200 691045943 "-" "-"
51.77.52.107 - - [28/May/2025:13:08:42 +0200] "GET /Jurek/eurofirany/images/468196/0.jpg HTTP/2.0" 200 102375 "-" "baselinker"
51.77.52.107 - - [28/May/2025:13:08:50 +0200] "GET /Jurek/eurofirany/images/468197/0.jpg HTTP/2.0" 200 133806 "-" "baselinker"
51.77.52.107 - - [28/May/2025:13:09:00 +0200] "GET /Jurek/eurofirany/images/468197/0.jpg HTTP/2.0" 200 133806 "-" "baselinker"
51.77.52.107 - - [28/May/2025:13:09:07 +0200] "GET /Jurek/eurofirany/images/468197/0.jpg HTTP/2.0" 200 133806 "-" "baselinker"
185.6.76.18 - - [28/May/2025:13:09:27 +0200] "GET /marketplaces/skroutz/feeds/shumee.xml HTTP/1.1" 200 411715375 "-" "SkroutzBot v1.0"
85.14.86.141 - - [28/May/2025:13:09:32 +0200] "GET /Jurek/vida_morele/feeds/VidaPL_morele.xml HTTP/2.0" 200 767222984 "-" "MarketplaceAPI curl/7.74.0 PHP/8"
51.77.52.107 - - [28/May/2025:13:09:37 +0200] "GET /Jurek/eurofirany/images/468198/0.jpg HTTP/2.0" 200 106450 "-" "baselinker"
85.14.86.141 - - [28/May/2025:13:09:52 +0200] "GET /Jurek/aw/feeds/awnarzedzia_morele.xml HTTP/2.0" 200 91123092 "-" "MarketplaceAPI curl/7.74.0 PHP/8"
51.77.52.107 - - [28/May/2025:13:10:03 +0200] "GET /Jurek/eurofirany/images/468198/0.jpg HTTP/2.0" 200 106450 "-" "baselinker"
51.77.52.107 - - [28/May/2025:13:10:10 +0200] "GET /Jurek/eurofirany/images/468198/0.jpg HTTP/2.0" 200 106450 "-" "baselinker"
89.161.206.59 - - [28/May/2025:13:10:16 +0200] "GET /Jurek/artdog/feeds/artdog_cdsc.xml HTTP/1.0" 200 17921661 "-" "-"
89.161.206.59 - - [28/May/2025:13:10:17 +0200] "GET /Jurek/lerutrade/feeds/lerutrade_cdsc.xml HTTP/1.0" 200 53854 "-" "-"
89.161.206.59 - - [28/May/2025:13:10:17 +0200] "GET /Jurek/jakdroz/feeds/jakdroz_cdsc.xml HTTP/1.0" 200 2543032 "-" "-"
89.161.206.59 - - [28/May/2025:13:10:18 +0200] "GET /Jurek/gandalf/feeds/gandalf_cdsc.xml HTTP/1.0" 200 586347 "-" "-"
85.14.86.141 - - [28/May/2025:13:10:35 +0200] "GET /Jurek/beliani/feeds/beliani_morele.xml HTTP/2.0" 200 29763733 "-" "MarketplaceAPI curl/7.74.0 PHP/8"
51.77.52.107 - - [28/May/2025:13:10:36 +0200] "GET /Jurek/eurofirany/images/448512/0.jpg HTTP/2.0" 200 132718 "-" "baselinker"
51.77.52.107 - - [28/May/2025:13:10:56 +0200] "GET /Jurek/eurofirany/images/448512/0.jpg HTTP/2.0" 200 132718 "-" "baselinker"
51.77.52.107 - - [28/May/2025:13:11:09 +0200] "GET /Jurek/eurofirany/images/448512/0.jpg HTTP/2.0" 200 132718 "-" "baselinker"
51.77.52.107 - - [28/May/2025:13:11:25 +0200] "GET /Jurek/eurofirany/images/389830/0.jpg HTTP/2.0" 200 107409 "-" "baselinker"
216.113.184.102 - - [28/May/2025:13:11:42 +0200] "GET /Jurek/topeshop/downloaded_images/5902838467534_RIVA-SZAFKA-BIEL1.jpg HTTP/1.1" 200 24817 "http://www.ebay.com/" "Mozilla/5.0 (Windows NT 10.0; Win64; x64) AppleWebKit/537.36 (KHTML, like Gecko) Chrome/123.0.0.0 Safari/537.36"
216.113.184.104 - - [28/May/2025:13:11:42 +0200] "GET /Jurek/topeshop/downloaded_images/5902838467534_RIVA-SZAFKA-BIEL.jpg HTTP/1.1" 200 89644 "http://www.ebay.com/" "Mozilla/5.0 (Windows NT 10.0; Win64; x64) AppleWebKit/537.36 (KHTML, like Gecko) Chrome/123.0.0.0 Safari/537.36"
216.113.184.105 - - [28/May/2025:13:11:42 +0200] "GET /Jurek/topeshop/downloaded_images/5902838467534_Riva_wieszak-opal_biel.jpg HTTP/1.1" 404 3551 "http://www.ebay.com/" "Mozilla/5.0 (Windows NT 10.0; Win64; x64) AppleWebKit/537.36 (KHTML, like Gecko) Chrome/123.0.0.0 Safari/537.36"
216.113.184.101 - - [28/May/2025:13:11:42 +0200] "GET /Jurek/topeshop/downloaded_images/5902838467534_RIVA-SZAFKA-BIEL2.png HTTP/1.1" 200 171507 "http://www.ebay.com/" "Mozilla/5.0 (Windows NT 10.0; Win64; x64) AppleWebKit/537.36 (KHTML, like Gecko) Chrome/123.0.0.0 Safari/537.36"
89.161.206.59 - - [28/May/2025:13:11:43 +0200] "GET /Jurek/activeshop/feeds/activeshop_emagro.xml HTTP/1.0" 200 10394018 "-" "-"
89.161.206.59 - - [28/May/2025:13:11:45 +0200] "GET /Jurek/maksik/feeds/maksik_emagro.xml HTTP/1.0" 200 4085228 "-" "-"
89.161.206.59 - - [28/May/2025:13:11:46 +0200] "GET /Jurek/playcob/feeds/playcob_emagro.xml HTTP/1.0" 200 6981062 "-" "-"
51.77.52.107 - - [28/May/2025:13:11:47 +0200] "GET /Jurek/eurofirany/images/389830/0.jpg HTTP/2.0" 200 107409 "-" "baselinker"
