77.79.248.229 - - [28/May/2025:11:58:12 +0200] "GET /Filip/zalando/zalando-logo.jpg HTTP/1.1" 200 5121 "-" "-"
77.79.248.229 - - [28/May/2025:11:58:13 +0200] "GET /Filip/zalando/zalando-logo.jpg HTTP/1.1" 200 5121 "-" "-"
46.101.116.244 - - [28/May/2025:11:59:25 +0200] "GET /Jurek/beliani/feeds/beliani_skroutz.xml HTTP/1.0" 200 29044593 "-" "-"
46.101.116.244 - - [28/May/2025:11:59:26 +0200] "GET /Jurek/vidaCZ/feeds/vida_Kaufland.xml HTTP/2.0" 200 728180209 "-" "-"
89.161.206.59 - - [28/May/2025:11:59:35 +0200] "GET /Jurek/ekotex/feeds/ekotex_skroutz.xml HTTP/1.0" 200 197813 "-" "-"
89.161.206.59 - - [28/May/2025:11:59:35 +0200] "GET /Jurek/motofan/feeds/motofan_skroutz.xml HTTP/1.0" 200 2392158 "-" "-"
89.161.206.59 - - [28/May/2025:11:59:35 +0200] "GET /Jurek/elecomp/feeds/elecomp_skroutz.xml HTTP/1.0" 200 2769787 "-" "-"
5.134.208.158 - - [28/May/2025:12:00:06 +0200] "GET /Jurek/eurofirany/images/470206/0.jpg HTTP/1.1" 200 58144 "-" "-"
35.204.39.32 - - [28/May/2025:12:00:15 +0200] "GET /marketplaces/carrefour_fr/results/carrefour_fr.csv HTTP/1.1" 200 130835 "-" "Mirakl HttpClient"
85.14.86.141 - - [28/May/2025:12:00:17 +0200] "GET /Jurek/vida_morele/feeds/VidaPL_all.xml HTTP/2.0" 200 767221799 "-" "MarketplaceAPI curl/7.74.0 PHP/8"
52.18.22.0 - - [28/May/2025:12:00:44 +0200] "GET /marketplaces/ubaldi/results/ubaldi.csv HTTP/1.1" 200 3563401 "-" "Mirakl HttpClient"
35.204.39.32 - - [28/May/2025:12:01:23 +0200] "GET /marketplaces/vente/results/vente_nl.csv HTTP/1.1" 200 2289701 "-" "Mirakl HttpClient"
35.204.39.32 - - [28/May/2025:12:01:24 +0200] "GET /marketplaces/vente/results/vente_fr.csv HTTP/1.1" 200 2562833 "-" "Mirakl HttpClient"
35.204.39.32 - - [28/May/2025:12:01:24 +0200] "GET /marketplaces/vente/results/vente_be.csv HTTP/1.1" 200 2289535 "-" "Mirakl HttpClient"
35.204.39.32 - - [28/May/2025:12:01:25 +0200] "GET /marketplaces/vente/results/vente_it.csv HTTP/1.1" 200 2322138 "-" "Mirakl HttpClient"
35.204.39.32 - - [28/May/2025:12:01:26 +0200] "GET /marketplaces/vente/results/vente_es.csv HTTP/1.1" 200 2289103 "-" "Mirakl HttpClient"
35.204.39.32 - - [28/May/2025:12:01:26 +0200] "GET /marketplaces/vente/results/vente_de.csv HTTP/1.1" 200 2288947 "-" "Mirakl HttpClient"
89.161.206.59 - - [28/May/2025:12:01:48 +0200] "GET /Jurek/waks/feeds/waks_skroutz.xml HTTP/1.0" 200 1596552 "-" "-"
46.101.116.244 - - [28/May/2025:12:01:50 +0200] "GET /Jurek/hurtmeblowy/feeds/hurtmeblowy_kauflandsk.xml HTTP/2.0" 200 7518297 "-" "-"
52.17.80.36 - - [28/May/2025:12:02:00 +0200] "GET /marketplaces/rue/results/rue.csv HTTP/1.1" 200 7584618 "-" "Mirakl HttpClient"
46.101.116.244 - - [28/May/2025:12:02:03 +0200] "GET /Jurek/kobi/feeds/kobi_kauflandsk.xml HTTP/2.0" 200 942924 "-" "-"
46.101.116.244 - - [28/May/2025:12:02:14 +0200] "GET /Jurek/madrex/feeds/madrex_kauflandsk.xml HTTP/2.0" 200 466711 "-" "-"
46.101.116.244 - - [28/May/2025:12:02:38 +0200] "GET /Jurek/aw/feeds/awnarzedzia_skroutz.xml HTTP/1.0" 200 89680926 "-" "-"
89.161.206.59 - - [28/May/2025:12:02:40 +0200] "GET /Jurek/eurofryz3/feeds/eurofryz3_skroutz.xml HTTP/1.0" 200 172223 "-" "-"
89.161.206.59 - - [28/May/2025:12:02:43 +0200] "GET /Jurek/lendo/feeds/lendo_skroutz.xml HTTP/1.0" 200 330389 "-" "-"
89.161.206.59 - - [28/May/2025:12:02:43 +0200] "GET /Jurek/cbdgreen/feeds/cbdgreen_skroutz.xml HTTP/1.0" 200 30342 "-" "-"
89.161.206.59 - - [28/May/2025:12:02:43 +0200] "GET /Jurek/eurofryz2/feeds/eurofryz2_skroutz.xml HTTP/1.0" 200 1376737 "-" "-"
89.161.206.59 - - [28/May/2025:12:02:44 +0200] "GET /Jurek/nexus/feeds/nexus_skroutz.xml HTTP/1.0" 200 226627 "-" "-"
89.161.206.59 - - [28/May/2025:12:02:44 +0200] "GET /Jurek/alucon/feeds/alucon_skroutz.xml HTTP/1.0" 200 553576 "-" "-"
46.101.116.244 - - [28/May/2025:12:02:48 +0200] "GET /Jurek/action/feeds/action_kauflandsk.xml HTTP/2.0" 200 59482563 "-" "-"
89.161.206.59 - - [28/May/2025:12:02:50 +0200] "GET /Jurek/playcob/feeds/playcob_skroutz.xml HTTP/1.0" 200 6980126 "-" "-"
89.161.206.59 - - [28/May/2025:12:03:17 +0200] "GET /Jurek/fertone/feeds/fertone_skroutz.xml HTTP/1.0" 200 583864 "-" "-"
46.101.116.244 - - [28/May/2025:12:03:40 +0200] "GET /Jurek/andex/feeds/andex_kauflandsk.xml HTTP/2.0" 200 1953292 "-" "-"
52.209.168.113 - - [28/May/2025:12:03:51 +0200] "GET /marketplaces/carrefour/results/carrefour.csv HTTP/1.1" 200 147221 "-" "Mirakl HttpClient"
46.101.116.244 - - [28/May/2025:12:03:52 +0200] "GET /Jurek/aw/feeds/awnarzedzia_kauflandsk.xml HTTP/2.0" 200 91096690 "-" "-"
89.161.206.59 - - [28/May/2025:12:04:02 +0200] "GET /Jurek/em3/feeds/em3_skroutz.xml HTTP/1.0" 200 258919 "-" "-"
46.101.116.244 - - [28/May/2025:12:04:11 +0200] "GET /Jurek/b3/feeds/b3_kauflandsk.xml HTTP/2.0" 200 8068291 "-" "-"
89.161.206.59 - - [28/May/2025:12:04:11 +0200] "GET /Jurek/equalo/feeds/equalo_skroutz.xml HTTP/1.0" 200 98004 "-" "-"
89.161.206.59 - - [28/May/2025:12:04:12 +0200] "GET /Jurek/lampart/feeds/lampart_skroutz.xml HTTP/1.0" 200 936026 "-" "-"
46.101.116.244 - - [28/May/2025:12:04:22 +0200] "GET /Jurek/barbecook/feeds/barbecook_kauflandsk.xml HTTP/2.0" 200 87527 "-" "-"
89.161.206.59 - - [28/May/2025:12:04:27 +0200] "GET /Jurek/zepnij/feeds/zepnij_skroutz.xml HTTP/1.0" 200 19522544 "-" "-"
89.161.206.59 - - [28/May/2025:12:04:27 +0200] "GET /Jurek/primohurt/feeds/primohurt_skroutz.xml HTTP/1.0" 200 17186405 "-" "-"
89.161.206.59 - - [28/May/2025:12:04:28 +0200] "GET /Jurek/emaja24/feeds/emaja24_skroutz.xml HTTP/1.0" 200 5102037 "-" "-"
46.101.116.244 - - [28/May/2025:12:04:32 +0200] "GET /Jurek/bass/feeds/bass_kauflandsk.xml HTTP/2.0" 200 3971900 "-" "-"
46.101.116.244 - - [28/May/2025:12:04:43 +0200] "GET /Jurek/beliani/feeds/beliani_sk_kaufland.xml HTTP/2.0" 200 32524645 "-" "-"
85.14.86.141 - - [28/May/2025:12:04:47 +0200] "GET /Jurek/kinghoff/feeds/kinghoff_morele.xml HTTP/2.0" 200 15629128 "-" "MarketplaceAPI curl/7.74.0 PHP/8"
46.101.116.244 - - [28/May/2025:12:04:56 +0200] "GET /Jurek/benbaby/feeds/benbaby_kauflandsk.xml HTTP/2.0" 200 3703553 "-" "-"
89.161.206.59 - - [28/May/2025:12:05:00 +0200] "GET /Jurek/bass_new/feeds/bass_ebayde.xml HTTP/1.0" 200 4806527 "-" "-"
89.161.206.59 - - [28/May/2025:12:05:01 +0200] "GET /Jurek/riko/feeds/riko_skr.xml HTTP/1.0" 200 3784995 "-" "-"
193.33.8.61 - - [28/May/2025:12:05:02 +0200] "POST /Filip/janshop_orders/exports/ HTTP/2.0" 401 3550 "https://dkkapusta1997.usermd.net/Filip/janshop_orders/exports/" "Mozilla/5.0 (Macintosh; Intel Mac OS X 10_15_7) AppleWebKit/605.1.15 (KHTML, like Gecko) Version/17.5 Safari/605.1.15"
193.33.8.61 - maria [28/May/2025:12:05:03 +0200] "POST /Filip/janshop_orders/exports/ HTTP/2.0" 200 68763 "https://dkkapusta1997.usermd.net/Filip/janshop_orders/exports/" "Mozilla/5.0 (Macintosh; Intel Mac OS X 10_15_7) AppleWebKit/605.1.15 (KHTML, like Gecko) Version/17.5 Safari/605.1.15"
46.101.116.244 - - [28/May/2025:12:05:06 +0200] "GET /Jurek/detian/feeds/detian_kauflandsk.xml HTTP/2.0" 404 3551 "-" "-"
193.33.8.61 - maria [28/May/2025:12:05:16 +0200] "GET /Filip/janshop_orders/exports/great_2025-05-28_12.txt HTTP/2.0" 200 2961 "https://dkkapusta1997.usermd.net/Filip/janshop_orders/exports/" "Mozilla/5.0 (Macintosh; Intel Mac OS X 10_15_7) AppleWebKit/605.1.15 (KHTML, like Gecko) Version/17.5 Safari/605.1.15"
46.101.116.244 - - [28/May/2025:12:05:17 +0200] "GET /Jurek/emibig/feeds/emibig_kauflandsk.xml HTTP/2.0" 200 2522183 "-" "-"
193.33.8.61 - maria [28/May/2025:12:05:17 +0200] "GET /Filip/janshop_orders/exports/extra_2025-05-28_12.txt HTTP/2.0" 200 2279 "https://dkkapusta1997.usermd.net/Filip/janshop_orders/exports/" "Mozilla/5.0 (Macintosh; Intel Mac OS X 10_15_7) AppleWebKit/605.1.15 (KHTML, like Gecko) Version/17.5 Safari/605.1.15"
193.33.8.61 - maria [28/May/2025:12:05:18 +0200] "GET /Filip/janshop_orders/exports/shumee_2025-05-28_12.txt HTTP/2.0" 200 5698 "https://dkkapusta1997.usermd.net/Filip/janshop_orders/exports/" "Mozilla/5.0 (Macintosh; Intel Mac OS X 10_15_7) AppleWebKit/605.1.15 (KHTML, like Gecko) Version/17.5 Safari/605.1.15"
46.101.116.244 - - [28/May/2025:12:05:28 +0200] "GET /Jurek/eurofirany/feeds/eurofirany_kaufland_sk.xml HTTP/2.0" 200 18718755 "-" "-"
51.77.52.107 - - [28/May/2025:12:05:36 +0200] "GET /Jurek/eurofirany/images/464008/0.jpg HTTP/2.0" 200 100112 "-" "baselinker"
46.101.116.244 - - [28/May/2025:12:05:40 +0200] "GET /Jurek/fernity/feeds/fernity_kauflandsk.xml HTTP/2.0" 200 4717780 "-" "-"
89.161.206.59 - - [28/May/2025:12:05:44 +0200] "GET /Jurek/eurofirany/feeds/eurofirany_skroutz.xml HTTP/1.0" 200 18244084 "-" "-"
89.161.206.59 - - [28/May/2025:12:05:50 +0200] "GET /Jurek/rovato/feeds/rovato_skroutz.xml HTTP/1.0" 200 99164 "-" "-"
193.33.8.61 - maria [28/May/2025:12:05:51 +0200] "POST /Filip/janshop_orders/exports/ HTTP/2.0" 200 68770 "https://dkkapusta1997.usermd.net/Filip/janshop_orders/exports/" "Mozilla/5.0 (Macintosh; Intel Mac OS X 10_15_7) AppleWebKit/605.1.15 (KHTML, like Gecko) Version/17.5 Safari/605.1.15"
51.77.52.107 - - [28/May/2025:12:06:00 +0200] "GET /Jurek/eurofirany/images/464008/0.jpg HTTP/2.0" 200 100112 "-" "baselinker"
46.101.116.244 - - [28/May/2025:12:06:03 +0200] "GET /Jurek/hurtownia_przemyslowa/feeds/hp_kaufsk.xml HTTP/2.0" 200 49360686 "-" "-"
51.77.52.107 - - [28/May/2025:12:06:06 +0200] "GET /Jurek/eurofirany/images/464008/0.jpg HTTP/2.0" 200 100112 "-" "baselinker"
51.77.52.107 - - [28/May/2025:12:06:12 +0200] "GET /Jurek/eurofirany/images/464009/0.jpg HTTP/2.0" 200 100204 "-" "baselinker"
51.77.52.107 - - [28/May/2025:12:06:17 +0200] "GET /Jurek/eurofirany/images/464009/0.jpg HTTP/2.0" 200 100204 "-" "baselinker"
193.33.8.61 - maria [28/May/2025:12:06:30 +0200] "POST /Filip/janshop_orders/exports/ HTTP/2.0" 200 68777 "https://dkkapusta1997.usermd.net/Filip/janshop_orders/exports/" "Mozilla/5.0 (Macintosh; Intel Mac OS X 10_15_7) AppleWebKit/605.1.15 (KHTML, like Gecko) Version/17.5 Safari/605.1.15"
51.77.52.107 - - [28/May/2025:12:06:32 +0200] "GET /Jurek/eurofirany/images/464009/0.jpg HTTP/2.0" 200 100204 "-" "baselinker"
46.101.116.244 - - [28/May/2025:12:06:35 +0200] "GET /Jurek/ikonka/feeds/ikonka_kauflandsk.xml HTTP/2.0" 200 20775922 "-" "-"
51.77.52.107 - - [28/May/2025:12:06:46 +0200] "GET /Jurek/eurofirany/images/464011/0.jpg HTTP/2.0" 200 100733 "-" "baselinker"
46.101.116.244 - - [28/May/2025:12:06:46 +0200] "GET /Jurek/kinghoff/feeds/kinghoff_kauflandsk.xml HTTP/2.0" 200 15628323 "-" "-"
51.77.52.107 - - [28/May/2025:12:06:55 +0200] "GET /Jurek/eurofirany/images/464011/0.jpg HTTP/2.0" 200 100733 "-" "baselinker"
51.77.52.107 - - [28/May/2025:12:07:00 +0200] "GET /Jurek/eurofirany/images/464011/0.jpg HTTP/2.0" 200 100733 "-" "baselinker"
46.101.116.244 - - [28/May/2025:12:07:02 +0200] "GET /Jurek/kinghome/feeds/kinghome_kauflandsk.xml HTTP/2.0" 200 6356730 "-" "-"
51.77.52.107 - - [28/May/2025:12:07:24 +0200] "GET /Jurek/eurofirany/images/464012/0.jpg HTTP/2.0" 200 104458 "-" "baselinker"
51.77.52.107 - - [28/May/2025:12:07:30 +0200] "GET /Jurek/eurofirany/images/464012/0.jpg HTTP/2.0" 200 104458 "-" "baselinker"
51.77.52.107 - - [28/May/2025:12:07:34 +0200] "GET /Jurek/eurofirany/images/464012/0.jpg HTTP/2.0" 200 104458 "-" "baselinker"
51.77.52.107 - - [28/May/2025:12:07:39 +0200] "GET /Jurek/eurofirany/images/464014/0.jpg HTTP/2.0" 200 94443 "-" "baselinker"
46.101.116.244 - - [28/May/2025:12:07:42 +0200] "GET /Jurek/octopia/feeds/octopia_kauflandsk.xml HTTP/2.0" 200 10103788 "-" "-"
51.77.52.107 - - [28/May/2025:12:07:46 +0200] "GET /Jurek/eurofirany/images/464014/0.jpg HTTP/2.0" 200 94443 "-" "baselinker"
51.77.52.107 - - [28/May/2025:12:07:51 +0200] "GET /Jurek/eurofirany/images/464014/0.jpg HTTP/2.0" 200 94443 "-" "baselinker"
46.101.116.244 - - [28/May/2025:12:07:53 +0200] "GET /Jurek/rovicky/feeds/rovicky_kauflandsk.xml HTTP/2.0" 200 14973996 "-" "-"
51.77.52.107 - - [28/May/2025:12:07:56 +0200] "GET /Jurek/eurofirany/images/464015/0.jpg HTTP/2.0" 200 104744 "-" "baselinker"
46.101.116.244 - - [28/May/2025:12:08:04 +0200] "GET /Jurek/stema/feeds/stema_kauflandsk.xml HTTP/2.0" 200 893819 "-" "-"
85.14.86.141 - - [28/May/2025:12:08:07 +0200] "GET /Jurek/eurofirany/feeds/eurofirany_morele.xml HTTP/2.0" 200 18720286 "-" "MarketplaceAPI curl/7.74.0 PHP/8"
89.161.206.59 - - [28/May/2025:12:08:14 +0200] "GET /Jurek/gandalf/feeds/gandalf_skr.xml HTTP/1.0" 200 1082282 "-" "-"
51.77.52.107 - - [28/May/2025:12:08:15 +0200] "GET /Jurek/eurofirany/images/464015/0.jpg HTTP/2.0" 200 104744 "-" "baselinker"
46.101.116.244 - - [28/May/2025:12:08:15 +0200] "GET /Jurek/twm/feeds/twm-kauflandsk.xml HTTP/2.0" 200 2489378 "-" "-"
51.77.52.107 - - [28/May/2025:12:08:19 +0200] "GET /Jurek/eurofirany/images/464015/0.jpg HTTP/2.0" 200 104744 "-" "baselinker"
85.14.86.141 - - [28/May/2025:12:08:23 +0200] "GET /Jurek/vivaldi/feeds/vivaldi_Morele-PL.xml HTTP/2.0" 200 344674 "-" "MarketplaceAPI curl/7.74.0 PHP/8"
51.77.52.107 - - [28/May/2025:12:08:25 +0200] "GET /Jurek/eurofirany/images/464017/0.jpg HTTP/2.0" 200 92897 "-" "baselinker"
46.101.116.244 - - [28/May/2025:12:08:26 +0200] "GET /Jurek/unimet/feeds/unimet_kauflandsk.xml HTTP/2.0" 200 61141418 "-" "-"
89.161.206.59 - - [28/May/2025:12:08:40 +0200] "GET /Jurek/asortymenteu/feeds/asortymenteu_skroutz_great.xml HTTP/1.0" 200 2766528 "-" "-"
89.161.206.59 - - [28/May/2025:12:08:42 +0200] "GET /Jurek/missionair/feeds/missionair_skr.xml HTTP/1.0" 200 3154863 "-" "-"
89.161.206.59 - - [28/May/2025:12:08:44 +0200] "GET /Jurek/relogy/feeds/relogy_skroutz.xml HTTP/1.0" 200 66605852 "-" "-"
89.161.206.59 - - [28/May/2025:12:08:46 +0200] "GET /Jurek/wezer/feeds/wezer_skroutz.xml HTTP/1.0" 200 202561 "-" "-"
89.161.206.59 - - [28/May/2025:12:08:48 +0200] "GET /Jurek/shiori/feeds/shiori_skroutz.xml HTTP/1.0" 200 453650 "-" "-"
51.77.52.107 - - [28/May/2025:12:08:56 +0200] "GET /Jurek/eurofirany/images/464017/0.jpg HTTP/2.0" 200 92897 "-" "baselinker"
51.77.52.107 - - [28/May/2025:12:09:03 +0200] "GET /Jurek/eurofirany/images/464017/0.jpg HTTP/2.0" 200 92897 "-" "baselinker"
51.77.52.107 - - [28/May/2025:12:09:09 +0200] "GET /Jurek/eurofirany/images/464018/0.jpg HTTP/2.0" 200 103854 "-" "baselinker"
185.6.76.18 - - [28/May/2025:12:09:22 +0200] "GET /marketplaces/skroutz/feeds/shumee.xml HTTP/1.1" 200 411715375 "-" "SkroutzBot v1.0"
51.77.52.107 - - [28/May/2025:12:09:36 +0200] "GET /Jurek/eurofirany/images/464018/0.jpg HTTP/2.0" 200 103854 "-" "baselinker"
51.77.52.107 - - [28/May/2025:12:09:42 +0200] "GET /Jurek/eurofirany/images/464018/0.jpg HTTP/2.0" 200 103854 "-" "baselinker"
51.77.52.107 - - [28/May/2025:12:09:49 +0200] "GET /Jurek/eurofirany/images/464019/0.jpg HTTP/2.0" 200 110059 "-" "baselinker"
51.77.52.107 - - [28/May/2025:12:09:54 +0200] "GET /Jurek/eurofirany/images/464019/0.jpg HTTP/2.0" 200 110059 "-" "baselinker"
85.14.86.141 - - [28/May/2025:12:09:59 +0200] "GET /Jurek/vida_morele/feeds/VidaPL_morele.xml HTTP/2.0" 200 767222984 "-" "MarketplaceAPI curl/7.74.0 PHP/8"
51.77.52.107 - - [28/May/2025:12:10:00 +0200] "GET /Jurek/eurofirany/images/464019/0.jpg HTTP/2.0" 200 110059 "-" "baselinker"
51.77.52.107 - - [28/May/2025:12:10:08 +0200] "GET /Jurek/eurofirany/images/467811/0.jpg HTTP/2.0" 200 80213 "-" "baselinker"
85.14.86.141 - - [28/May/2025:12:10:09 +0200] "GET /Jurek/aw/feeds/awnarzedzia_morele.xml HTTP/2.0" 200 91123092 "-" "MarketplaceAPI curl/7.74.0 PHP/8"
51.77.52.107 - - [28/May/2025:12:10:28 +0200] "GET /Jurek/eurofirany/images/467811/0.jpg HTTP/2.0" 200 80213 "-" "baselinker"
51.77.52.107 - - [28/May/2025:12:10:46 +0200] "GET /Jurek/eurofirany/images/467811/0.jpg HTTP/2.0" 200 80213 "-" "baselinker"
85.14.86.141 - - [28/May/2025:12:10:55 +0200] "GET /Jurek/beliani/feeds/beliani_morele.xml HTTP/2.0" 200 29763733 "-" "MarketplaceAPI curl/7.74.0 PHP/8"
51.77.52.107 - - [28/May/2025:12:11:06 +0200] "GET /Jurek/eurofirany/images/467812/0.jpg HTTP/2.0" 200 74575 "-" "baselinker"
51.77.52.107 - - [28/May/2025:12:11:22 +0200] "GET /Jurek/eurofirany/images/467812/0.jpg HTTP/2.0" 200 74575 "-" "baselinker"
46.101.116.244 - - [28/May/2025:12:11:32 +0200] "GET /Jurek/vivaldi/feeds/vivaldi_kauflandsk.xml HTTP/2.0" 200 344642 "-" "-"
89.161.206.59 - - [28/May/2025:12:11:48 +0200] "GET /Jurek/jankeski/feeds/jankeski_skroutz.xml HTTP/1.0" 200 6571162 "-" "-"
51.77.52.107 - - [28/May/2025:12:11:52 +0200] "GET /Jurek/eurofirany/images/467812/0.jpg HTTP/2.0" 200 74575 "-" "baselinker"
51.77.52.107 - - [28/May/2025:12:12:09 +0200] "GET /Jurek/eurofirany/images/468393/0.jpg HTTP/2.0" 200 63787 "-" "baselinker"
89.161.206.59 - - [28/May/2025:12:12:14 +0200] "GET /Jurek/hdwr/feeds/hdwr_skroutz.xml HTTP/1.0" 200 777090 "-" "-"
89.161.206.59 - - [28/May/2025:12:12:16 +0200] "GET /Jurek/mechdecor/feeds/mechdecor_skr.xml HTTP/1.0" 200 596178 "-" "-"
89.161.206.59 - - [28/May/2025:12:12:22 +0200] "GET /Jurek/kambukka/feeds/kambukka_skroutz.xml HTTP/1.0" 200 1022109 "-" "-"
89.161.206.59 - - [28/May/2025:12:12:23 +0200] "GET /Jurek/benetech/feeds/benetech_skroutz.xml HTTP/1.0" 200 2686422 "-" "-"
89.161.206.59 - - [28/May/2025:12:12:29 +0200] "GET /Jurek/sempler/feeds/sempler_skroutz.xml HTTP/1.0" 200 6779199 "-" "-"
89.161.206.59 - - [28/May/2025:12:12:30 +0200] "GET /Jurek/targethome/feeds/targethome_skroutz.xml HTTP/1.0" 200 688621 "-" "-"
51.77.52.107 - - [28/May/2025:12:12:38 +0200] "GET /Jurek/eurofirany/images/468393/0.jpg HTTP/2.0" 200 63787 "-" "baselinker"
89.161.206.59 - - [28/May/2025:12:12:54 +0200] "GET /Jurek/sklep24amk/feeds/sklep24amk_skroutz.xml HTTP/1.0" 200 3894612 "-" "-"
89.161.206.59 - - [28/May/2025:12:12:55 +0200] "GET /Jurek/bisanti/feeds/bisanti_skroutz.xml HTTP/1.0" 200 1142298 "-" "-"
51.77.52.107 - - [28/May/2025:12:13:05 +0200] "GET /Jurek/eurofirany/images/468393/0.jpg HTTP/2.0" 200 63787 "-" "baselinker"
51.77.52.107 - - [28/May/2025:12:13:28 +0200] "GET /Jurek/eurofirany/images/467976/0.jpg HTTP/2.0" 200 114304 "-" "baselinker"
89.161.206.59 - - [28/May/2025:12:13:29 +0200] "GET /Jurek/pawonik/feeds/pawonik_skroutz.xml HTTP/1.0" 200 2138429 "-" "-"
89.161.206.59 - - [28/May/2025:12:13:30 +0200] "GET /Jurek/amzteam/feeds/amzteam_skroutz.xml HTTP/1.0" 200 95893 "-" "-"
89.161.206.59 - - [28/May/2025:12:13:30 +0200] "GET /Jurek/mosti/feeds/mosti_skroutz.xml HTTP/1.0" 200 4633405 "-" "-"
89.161.206.59 - - [28/May/2025:12:13:32 +0200] "GET /Jurek/artdog/feeds/artdog_skroutz.xml HTTP/1.0" 200 16658994 "-" "-"
51.77.52.107 - - [28/May/2025:12:13:38 +0200] "GET /Jurek/eurofirany/images/467976/0.jpg HTTP/2.0" 200 114304 "-" "baselinker"
51.77.52.107 - - [28/May/2025:12:14:00 +0200] "GET /Jurek/eurofirany/images/467976/0.jpg HTTP/2.0" 200 114304 "-" "baselinker"
46.101.116.244 - - [28/May/2025:12:14:13 +0200] "GET /Jurek/vidaSK/feeds/vida_kaufland.xml HTTP/2.0" 200 715549082 "-" "-"
51.77.52.107 - - [28/May/2025:12:14:28 +0200] "GET /Jurek/eurofirany/images/467977/0.jpg HTTP/2.0" 200 125363 "-" "baselinker"
51.77.52.107 - - [28/May/2025:12:14:38 +0200] "GET /Jurek/eurofirany/images/467977/0.jpg HTTP/2.0" 200 125363 "-" "baselinker"
66.249.70.36 - - [28/May/2025:12:15:00 +0200] "GET /Jurek/eurofirany/images/383350/5.jpg HTTP/1.1" 200 6595 "-" "Googlebot-Image/1.0"
51.77.52.107 - - [28/May/2025:12:15:09 +0200] "GET /Jurek/eurofirany/images/467977/0.jpg HTTP/2.0" 200 125363 "-" "baselinker"
46.101.116.244 - - [28/May/2025:12:15:13 +0200] "GET /Jurek/madrex/feeds/madrex_kauflandde.xml HTTP/2.0" 200 466712 "-" "-"
51.77.52.107 - - [28/May/2025:12:15:15 +0200] "GET /Jurek/eurofirany/images/464077/0.jpg HTTP/2.0" 200 147629 "-" "baselinker"
46.101.116.244 - - [28/May/2025:12:15:23 +0200] "GET /Jurek/hurtmeblowy/feeds/hurtmeblowy_kauflandde.xml HTTP/2.0" 200 7518099 "-" "-"
51.77.52.107 - - [28/May/2025:12:15:35 +0200] "GET /Jurek/eurofirany/images/464077/0.jpg HTTP/2.0" 200 147629 "-" "baselinker"
46.101.116.244 - - [28/May/2025:12:15:38 +0200] "GET /Jurek/kobi/feeds/kobi_kauflandde.xml HTTP/2.0" 200 942917 "-" "-"
51.77.52.107 - - [28/May/2025:12:15:42 +0200] "GET /Jurek/eurofirany/images/464077/0.jpg HTTP/2.0" 200 147629 "-" "baselinker"
46.101.116.244 - - [28/May/2025:12:15:49 +0200] "GET /Jurek/matkam/feeds/matkam_kauflandde.xml HTTP/2.0" 200 4424489 "-" "-"
51.77.52.107 - - [28/May/2025:12:15:50 +0200] "GET /Jurek/eurofirany/images/464079/0.jpg HTTP/2.0" 200 191748 "-" "baselinker"
46.101.116.244 - - [28/May/2025:12:16:02 +0200] "GET /Jurek/action/feeds/action_kauflandde.xml HTTP/2.0" 200 60146696 "-" "-"
66.135.223.44 - - [28/May/2025:12:16:04 +0200] "GET /Jurek/topeshop/downloaded_images/5904507200381_1-bez-dodatk%C3%B3w-wymiary.jpg HTTP/1.1" 200 38026 "http://www.ebay.com/" "Mozilla/5.0 (Windows NT 10.0; Win64; x64) AppleWebKit/537.36 (KHTML, like Gecko) Chrome/123.0.0.0 Safari/537.36"
66.135.223.44 - - [28/May/2025:12:16:04 +0200] "GET /Jurek/topeshop/downloaded_images/5904507200381_wizualizacja.jpg HTTP/1.1" 200 89100 "http://www.ebay.com/" "Mozilla/5.0 (Windows NT 10.0; Win64; x64) AppleWebKit/537.36 (KHTML, like Gecko) Chrome/123.0.0.0 Safari/537.36"
66.135.223.44 - - [28/May/2025:12:16:04 +0200] "GET /Jurek/topeshop/downloaded_images/5904507200381_BILBAO7(1).jpg HTTP/1.1" 404 3551 "http://www.ebay.com/" "Mozilla/5.0 (Windows NT 10.0; Win64; x64) AppleWebKit/537.36 (KHTML, like Gecko) Chrome/123.0.0.0 Safari/537.36"
66.135.223.44 - - [28/May/2025:12:16:04 +0200] "GET /Jurek/topeshop/downloaded_images/5904507200381_1_(1)1.jpg HTTP/1.1" 200 59850 "http://www.ebay.com/" "Mozilla/5.0 (Windows NT 10.0; Win64; x64) AppleWebKit/537.36 (KHTML, like Gecko) Chrome/123.0.0.0 Safari/537.36"
66.135.223.40 - - [28/May/2025:12:16:04 +0200] "GET /Jurek/topeshop/downloaded_images/5904507200381_artisan-wymiary_Obszar-roboczy-1.jpg HTTP/1.1" 200 59050 "http://www.ebay.com/" "Mozilla/5.0 (Windows NT 10.0; Win64; x64) AppleWebKit/537.36 (KHTML, like Gecko) Chrome/123.0.0.0 Safari/537.36"
66.135.223.43 - - [28/May/2025:12:16:05 +0200] "GET /Jurek/topeshop/downloaded_images/5904507200381_BILBAO7(4).jpg HTTP/1.1" 404 3551 "http://www.ebay.com/" "Mozilla/5.0 (Windows NT 10.0; Win64; x64) AppleWebKit/537.36 (KHTML, like Gecko) Chrome/123.0.0.0 Safari/537.36"
66.135.223.41 - - [28/May/2025:12:16:05 +0200] "GET /Jurek/topeshop/downloaded_images/5904507200381_BILBAO7(3).jpg HTTP/1.1" 404 3551 "http://www.ebay.com/" "Mozilla/5.0 (Windows NT 10.0; Win64; x64) AppleWebKit/537.36 (KHTML, like Gecko) Chrome/123.0.0.0 Safari/537.36"
51.77.52.107 - - [28/May/2025:12:16:10 +0200] "GET /Jurek/eurofirany/images/464079/0.jpg HTTP/2.0" 200 191748 "-" "baselinker"
89.161.206.59 - - [28/May/2025:12:16:11 +0200] "GET /Jurek/oromed/feeds/oromed_skroutz.xml HTTP/1.0" 200 1290064 "-" "-"
89.161.206.59 - - [28/May/2025:12:16:13 +0200] "GET /Jurek/ralmetal/feeds/ralmetal_skroutz.xml HTTP/1.0" 200 2039886 "-" "-"
51.77.52.107 - - [28/May/2025:12:16:17 +0200] "GET /Jurek/eurofirany/images/464079/0.jpg HTTP/2.0" 200 191748 "-" "baselinker"
89.161.206.59 - - [28/May/2025:12:16:24 +0200] "GET /Jurek/narzbud/feeds/narzbud_skroutz.xml HTTP/1.0" 200 1901226 "-" "-"
89.161.206.59 - - [28/May/2025:12:16:25 +0200] "GET /Jurek/drops/feeds/dropsofficecolection_skroutz.xml HTTP/1.0" 200 790787 "-" "-"
89.161.206.59 - - [28/May/2025:12:16:25 +0200] "GET /Jurek/szpaklampy/feeds/szpaklampy_skroutz.xml HTTP/1.0" 200 388216 "-" "-"
51.77.52.107 - - [28/May/2025:12:16:37 +0200] "GET /Jurek/eurofirany/images/464086/0.jpg HTTP/2.0" 200 169982 "-" "baselinker"
89.161.206.59 - - [28/May/2025:12:16:43 +0200] "GET /Jurek/spali/feeds/spali_skroutz.xml HTTP/1.0" 200 77057 "-" "-"
89.161.206.59 - - [28/May/2025:12:16:44 +0200] "GET /Jurek/galopi/feeds/galopi_skroutz.xml HTTP/1.0" 200 2111095 "-" "-"
89.161.206.59 - - [28/May/2025:12:16:44 +0200] "GET /Jurek/combine/feeds/combine_skroutz.xml HTTP/1.0" 200 210554 "-" "-"
89.161.206.59 - - [28/May/2025:12:16:44 +0200] "GET /Jurek/eurofryz/feeds/eurofryz_skroutz.xml HTTP/1.0" 200 1381557 "-" "-"
89.161.206.59 - - [28/May/2025:12:16:48 +0200] "GET /Jurek/erohurtownia/feeds/erohurtownia_skroutz.xml HTTP/1.0" 200 22767686 "-" "-"
89.161.206.59 - - [28/May/2025:12:16:50 +0200] "GET /Jurek/reman/feeds/reman_skroutz.xml HTTP/1.0" 200 1394827 "-" "-"
89.161.206.59 - - [28/May/2025:12:16:50 +0200] "GET /Jurek/urwiskowo/feeds/urwiskowo_skroutz.xml HTTP/1.0" 200 9114981 "-" "-"
51.77.52.107 - - [28/May/2025:12:16:57 +0200] "GET /Jurek/eurofirany/images/464086/0.jpg HTTP/2.0" 200 169982 "-" "baselinker"
51.77.52.107 - - [28/May/2025:12:17:06 +0200] "GET /Jurek/eurofirany/images/464086/0.jpg HTTP/2.0" 200 169982 "-" "baselinker"
51.77.52.107 - - [28/May/2025:12:17:14 +0200] "GET /Jurek/eurofirany/images/464087/0.jpg HTTP/2.0" 200 178605 "-" "baselinker"
51.77.52.107 - - [28/May/2025:12:17:35 +0200] "GET /Jurek/eurofirany/images/464087/0.jpg HTTP/2.0" 200 178605 "-" "baselinker"
51.77.52.107 - - [28/May/2025:12:17:42 +0200] "GET /Jurek/eurofirany/images/464087/0.jpg HTTP/2.0" 200 178605 "-" "baselinker"
51.77.52.107 - - [28/May/2025:12:17:48 +0200] "GET /Jurek/eurofirany/images/464088/0.jpg HTTP/2.0" 200 172422 "-" "baselinker"
51.77.52.107 - - [28/May/2025:12:18:07 +0200] "GET /Jurek/eurofirany/images/464088/0.jpg HTTP/2.0" 200 172422 "-" "baselinker"
5.134.208.158 - - [28/May/2025:12:18:12 +0200] "GET /Jurek/eurofirany/images/388680/0.jpg HTTP/1.1" 200 204458 "-" "-"
89.161.206.59 - - [28/May/2025:12:18:32 +0200] "GET /Jurek/ekuchcikowo/feeds/ekuchcikowo_skroutz.xml HTTP/1.0" 200 12414594 "-" "-"
46.101.116.244 - - [28/May/2025:12:18:36 +0200] "GET /Jurek/kinghoff/feeds/kinghoff_kauflandde.xml HTTP/2.0" 200 15628153 "-" "-"
89.161.206.59 - - [28/May/2025:12:18:43 +0200] "GET /Jurek/evil/feeds/evil_skroutz.xml HTTP/1.0" 200 252476 "-" "-"
89.161.206.59 - - [28/May/2025:12:18:44 +0200] "GET /Jurek/twojsklep/feeds/twojsklep_skroutz.xml HTTP/1.0" 200 126797 "-" "-"
89.161.206.59 - - [28/May/2025:12:18:44 +0200] "GET /Jurek/antiodor/feeds/antiodor_skroutz.xml HTTP/1.0" 200 137847 "-" "-"
89.161.206.59 - - [28/May/2025:12:18:45 +0200] "GET /Jurek/sartrix/feeds/sartrix_skroutz.xml HTTP/1.0" 200 649188 "-" "-"
51.77.52.107 - - [28/May/2025:12:18:45 +0200] "GET /Jurek/eurofirany/images/464088/0.jpg HTTP/2.0" 200 172422 "-" "baselinker"
89.161.206.59 - - [28/May/2025:12:18:46 +0200] "GET /Jurek/andex/feeds/andex_skr.xml HTTP/1.0" 200 933056 "-" "-"
89.161.206.59 - - [28/May/2025:12:18:48 +0200] "GET /Jurek/drewdon/feeds/drewdon_skroutz.xml HTTP/1.0" 200 358906 "-" "-"
89.161.206.59 - - [28/May/2025:12:18:48 +0200] "GET /Jurek/dekoele/feeds/dekoele_skroutz.xml HTTP/1.0" 200 378806 "-" "-"
89.161.206.59 - - [28/May/2025:12:18:49 +0200] "GET /Jurek/rider/feeds/rider_skroutz.xml HTTP/1.0" 200 8165261 "-" "-"
89.161.206.59 - - [28/May/2025:12:18:49 +0200] "GET /Jurek/expertauto/feeds/expertauto_skroutz.xml HTTP/1.0" 200 1158917 "-" "-"
51.77.52.107 - - [28/May/2025:12:18:52 +0200] "GET /Jurek/eurofirany/images/464092/0.jpg HTTP/2.0" 200 148944 "-" "baselinker"
89.161.206.59 - - [28/May/2025:12:18:52 +0200] "GET /Jurek/qbox/feeds/qbox_skroutz.xml HTTP/1.0" 200 398694 "-" "-"
51.77.52.107 - - [28/May/2025:12:18:57 +0200] "GET /Jurek/eurofirany/images/464092/0.jpg HTTP/2.0" 200 148944 "-" "baselinker"
89.161.206.59 - - [28/May/2025:12:18:57 +0200] "GET /Jurek/takapara/feeds/takapara_skroutz.xml HTTP/1.0" 200 1342577 "-" "-"
51.77.52.107 - - [28/May/2025:12:19:04 +0200] "GET /Jurek/eurofirany/images/464092/0.jpg HTTP/2.0" 200 148944 "-" "baselinker"
46.101.116.244 - - [28/May/2025:12:19:04 +0200] "GET /Jurek/unimet/feeds/unimet_kauflandde.xml HTTP/2.0" 200 61138914 "-" "-"
51.77.52.107 - - [28/May/2025:12:19:10 +0200] "GET /Jurek/eurofirany/images/464100/0.jpg HTTP/2.0" 200 191748 "-" "baselinker"
51.77.52.107 - - [28/May/2025:12:19:18 +0200] "GET /Jurek/eurofirany/images/464100/0.jpg HTTP/2.0" 200 191748 "-" "baselinker"
51.77.52.107 - - [28/May/2025:12:19:34 +0200] "GET /Jurek/eurofirany/images/464100/0.jpg HTTP/2.0" 200 191748 "-" "baselinker"
51.77.52.107 - - [28/May/2025:12:19:38 +0200] "GET /Jurek/eurofirany/images/464101/0.jpg HTTP/2.0" 200 148944 "-" "baselinker"
89.161.206.59 - - [28/May/2025:12:19:43 +0200] "GET /Jurek/najtanszysport/feeds/najtanszysport_skroutz.xml HTTP/1.0" 200 3291288 "-" "-"
84.232.193.35 - - [28/May/2025:12:19:52 +0200] "GET /Jurek/eurofirany/images/391710/1.jpg HTTP/2.0" 200 109989 "https://www.emag.ro/perdea-pregata-adina-140x250-cm-otel-eurofirany-391710/pd/DJQB8LMBM/?X-Search-Id=c037b95458672d3b62a2&X-Product-Id=230742952&X-Search-Page=5&X-Search-Position=3&X-Section=search&X-MB=0&X-Search-Action=view" "Mozilla/5.0 (Windows NT 10.0; Win64; x64) AppleWebKit/537.36 (KHTML, like Gecko) Chrome/134.0.0.0 Safari/537.36"
84.232.193.35 - - [28/May/2025:12:19:53 +0200] "GET /Jurek/eurofirany/images/391710/3.jpg HTTP/2.0" 200 106358 "https://www.emag.ro/perdea-pregata-adina-140x250-cm-otel-eurofirany-391710/pd/DJQB8LMBM/?X-Search-Id=c037b95458672d3b62a2&X-Product-Id=230742952&X-Search-Page=5&X-Search-Position=3&X-Section=search&X-MB=0&X-Search-Action=view" "Mozilla/5.0 (Windows NT 10.0; Win64; x64) AppleWebKit/537.36 (KHTML, like Gecko) Chrome/134.0.0.0 Safari/537.36"
84.232.193.35 - - [28/May/2025:12:19:53 +0200] "GET /Jurek/eurofirany/images/391710/6.jpg HTTP/2.0" 200 94746 "https://www.emag.ro/perdea-pregata-adina-140x250-cm-otel-eurofirany-391710/pd/DJQB8LMBM/?X-Search-Id=c037b95458672d3b62a2&X-Product-Id=230742952&X-Search-Page=5&X-Search-Position=3&X-Section=search&X-MB=0&X-Search-Action=view" "Mozilla/5.0 (Windows NT 10.0; Win64; x64) AppleWebKit/537.36 (KHTML, like Gecko) Chrome/134.0.0.0 Safari/537.36"
84.232.193.35 - - [28/May/2025:12:19:53 +0200] "GET /Jurek/eurofirany/images/391710/4.jpg HTTP/2.0" 200 163339 "https://www.emag.ro/perdea-pregata-adina-140x250-cm-otel-eurofirany-391710/pd/DJQB8LMBM/?X-Search-Id=c037b95458672d3b62a2&X-Product-Id=230742952&X-Search-Page=5&X-Search-Position=3&X-Section=search&X-MB=0&X-Search-Action=view" "Mozilla/5.0 (Windows NT 10.0; Win64; x64) AppleWebKit/537.36 (KHTML, like Gecko) Chrome/134.0.0.0 Safari/537.36"
84.232.193.35 - - [28/May/2025:12:19:53 +0200] "GET /Jurek/eurofirany/images/391710/5.jpg HTTP/2.0" 200 140450 "https://www.emag.ro/perdea-pregata-adina-140x250-cm-otel-eurofirany-391710/pd/DJQB8LMBM/?X-Search-Id=c037b95458672d3b62a2&X-Product-Id=230742952&X-Search-Page=5&X-Search-Position=3&X-Section=search&X-MB=0&X-Search-Action=view" "Mozilla/5.0 (Windows NT 10.0; Win64; x64) AppleWebKit/537.36 (KHTML, like Gecko) Chrome/134.0.0.0 Safari/537.36"
84.232.193.35 - - [28/May/2025:12:19:53 +0200] "GET /Jurek/eurofirany/images/391710/2.jpg HTTP/2.0" 200 61101 "https://www.emag.ro/perdea-pregata-adina-140x250-cm-otel-eurofirany-391710/pd/DJQB8LMBM/?X-Search-Id=c037b95458672d3b62a2&X-Product-Id=230742952&X-Search-Page=5&X-Search-Position=3&X-Section=search&X-MB=0&X-Search-Action=view" "Mozilla/5.0 (Windows NT 10.0; Win64; x64) AppleWebKit/537.36 (KHTML, like Gecko) Chrome/134.0.0.0 Safari/537.36"
84.232.193.35 - - [28/May/2025:12:19:53 +0200] "GET /Jurek/eurofirany/images/391710/7.jpg HTTP/2.0" 200 162397 "https://www.emag.ro/perdea-pregata-adina-140x250-cm-otel-eurofirany-391710/pd/DJQB8LMBM/?X-Search-Id=c037b95458672d3b62a2&X-Product-Id=230742952&X-Search-Page=5&X-Search-Position=3&X-Section=search&X-MB=0&X-Search-Action=view" "Mozilla/5.0 (Windows NT 10.0; Win64; x64) AppleWebKit/537.36 (KHTML, like Gecko) Chrome/134.0.0.0 Safari/537.36"
84.232.193.35 - - [28/May/2025:12:19:53 +0200] "GET /Jurek/eurofirany/images/391710/8.jpg HTTP/2.0" 200 150560 "https://www.emag.ro/perdea-pregata-adina-140x250-cm-otel-eurofirany-391710/pd/DJQB8LMBM/?X-Search-Id=c037b95458672d3b62a2&X-Product-Id=230742952&X-Search-Page=5&X-Search-Position=3&X-Section=search&X-MB=0&X-Search-Action=view" "Mozilla/5.0 (Windows NT 10.0; Win64; x64) AppleWebKit/537.36 (KHTML, like Gecko) Chrome/134.0.0.0 Safari/537.36"
84.232.193.35 - - [28/May/2025:12:19:53 +0200] "GET /Jurek/eurofirany/images/391710/9.jpg HTTP/2.0" 200 102507 "https://www.emag.ro/perdea-pregata-adina-140x250-cm-otel-eurofirany-391710/pd/DJQB8LMBM/?X-Search-Id=c037b95458672d3b62a2&X-Product-Id=230742952&X-Search-Page=5&X-Search-Position=3&X-Section=search&X-MB=0&X-Search-Action=view" "Mozilla/5.0 (Windows NT 10.0; Win64; x64) AppleWebKit/537.36 (KHTML, like Gecko) Chrome/134.0.0.0 Safari/537.36"
51.77.52.107 - - [28/May/2025:12:20:00 +0200] "GET /Jurek/eurofirany/images/464101/0.jpg HTTP/2.0" 200 148944 "-" "baselinker"
51.77.52.107 - - [28/May/2025:12:20:06 +0200] "GET /Jurek/eurofirany/images/464101/0.jpg HTTP/2.0" 200 148944 "-" "baselinker"
51.77.52.107 - - [28/May/2025:12:20:30 +0200] "GET /Jurek/eurofirany/images/464104/0.jpg HTTP/2.0" 200 169982 "-" "baselinker"
66.211.183.74 - - [28/May/2025:12:20:30 +0200] "GET /Jurek/topeshop/downloaded_images/5904507200282_SD-50sonoma20008orgina%C5%82(29).png HTTP/1.1" 404 3551 "http://www.ebay.com/" "Mozilla/5.0 (Windows NT 10.0; Win64; x64) AppleWebKit/537.36 (KHTML, like Gecko) Chrome/123.0.0.0 Safari/537.36"
66.211.183.73 - - [28/May/2025:12:20:30 +0200] "GET /Jurek/topeshop/downloaded_images/5904507200282_4-(1).jpg HTTP/1.1" 404 3551 "http://www.ebay.com/" "Mozilla/5.0 (Windows NT 10.0; Win64; x64) AppleWebKit/537.36 (KHTML, like Gecko) Chrome/123.0.0.0 Safari/537.36"
66.211.183.72 - - [28/May/2025:12:20:30 +0200] "GET /Jurek/topeshop/downloaded_images/5904507200282_4.jpg HTTP/1.1" 200 28279 "http://www.ebay.com/" "Mozilla/5.0 (Windows NT 10.0; Win64; x64) AppleWebKit/537.36 (KHTML, like Gecko) Chrome/123.0.0.0 Safari/537.36"
66.211.183.73 - - [28/May/2025:12:20:30 +0200] "GET /Jurek/topeshop/downloaded_images/5904507200282_SD-50sonoma20008orgina%C5%82(27).png HTTP/1.1" 404 3551 "http://www.ebay.com/" "Mozilla/5.0 (Windows NT 10.0; Win64; x64) AppleWebKit/537.36 (KHTML, like Gecko) Chrome/123.0.0.0 Safari/537.36"
66.211.183.70 - - [28/May/2025:12:20:30 +0200] "GET /Jurek/topeshop/downloaded_images/5904507200282_SD-50sonoma20008orgina%C5%82(28).png HTTP/1.1" 404 3551 "http://www.ebay.com/" "Mozilla/5.0 (Windows NT 10.0; Win64; x64) AppleWebKit/537.36 (KHTML, like Gecko) Chrome/123.0.0.0 Safari/537.36"
66.211.183.71 - - [28/May/2025:12:20:30 +0200] "GET /Jurek/topeshop/downloaded_images/5904507200282_SD-50sonoma20008orgina%C5%82(26).png HTTP/1.1" 404 3551 "http://www.ebay.com/" "Mozilla/5.0 (Windows NT 10.0; Win64; x64) AppleWebKit/537.36 (KHTML, like Gecko) Chrome/123.0.0.0 Safari/537.36"
66.211.183.73 - - [28/May/2025:12:20:30 +0200] "GET /Jurek/topeshop/downloaded_images/5904507200282_mini.jpg HTTP/1.1" 404 3551 "http://www.ebay.com/" "Mozilla/5.0 (Windows NT 10.0; Win64; x64) AppleWebKit/537.36 (KHTML, like Gecko) Chrome/123.0.0.0 Safari/537.36"
66.211.183.74 - - [28/May/2025:12:20:30 +0200] "GET /Jurek/topeshop/downloaded_images/5904507200282_3.jpg HTTP/1.1" 200 24121 "http://www.ebay.com/" "Mozilla/5.0 (Windows NT 10.0; Win64; x64) AppleWebKit/537.36 (KHTML, like Gecko) Chrome/123.0.0.0 Safari/537.36"
51.77.52.107 - - [28/May/2025:12:20:54 +0200] "GET /Jurek/eurofirany/images/464104/0.jpg HTTP/2.0" 200 169982 "-" "baselinker"
51.77.52.107 - - [28/May/2025:12:21:12 +0200] "GET /Jurek/eurofirany/images/464104/0.jpg HTTP/2.0" 200 169982 "-" "baselinker"
89.161.206.59 - - [28/May/2025:12:21:24 +0200] "GET /Jurek/muminky/feeds/muminky_skroutz.xml HTTP/1.0" 200 2270342 "-" "-"
51.77.52.107 - - [28/May/2025:12:21:33 +0200] "GET /Jurek/eurofirany/images/464106/0.jpg HTTP/2.0" 200 172422 "-" "baselinker"
89.161.206.59 - - [28/May/2025:12:21:33 +0200] "GET /Jurek/pupus/feeds/pupus_skroutz.xml HTTP/1.0" 200 882657 "-" "-"
51.77.52.107 - - [28/May/2025:12:21:52 +0200] "GET /Jurek/eurofirany/images/464106/0.jpg HTTP/2.0" 200 172422 "-" "baselinker"
51.77.52.107 - - [28/May/2025:12:22:11 +0200] "GET /Jurek/eurofirany/images/464106/0.jpg HTTP/2.0" 200 172422 "-" "baselinker"
51.77.52.107 - - [28/May/2025:12:22:32 +0200] "GET /Jurek/eurofirany/images/467985/0.jpg HTTP/2.0" 200 79414 "-" "baselinker"
46.101.116.244 - - [28/May/2025:12:22:37 +0200] "GET /Jurek/hurtownia_przemyslowa/feeds/hp_kaufde.xml HTTP/2.0" 200 49360117 "-" "-"
51.77.52.107 - - [28/May/2025:12:22:50 +0200] "GET /Jurek/eurofirany/images/467985/0.jpg HTTP/2.0" 200 79414 "-" "baselinker"
89.161.206.59 - - [28/May/2025:12:22:56 +0200] "GET /Jurek/galopibhp/feeds/galopibhp_skroutz.xml HTTP/1.0" 200 1852282 "-" "-"
46.101.116.244 - - [28/May/2025:12:23:08 +0200] "GET /Jurek/piotrmiedz/feeds/piotrmiedz_mallsi.xml HTTP/2.0" 200 91047906 "-" "-"
51.77.52.107 - - [28/May/2025:12:23:14 +0200] "GET /Jurek/eurofirany/images/467985/0.jpg HTTP/2.0" 200 79414 "-" "baselinker"
51.77.52.107 - - [28/May/2025:12:23:39 +0200] "GET /Jurek/eurofirany/images/467986/0.jpg HTTP/2.0" 200 90226 "-" "baselinker"
89.161.206.59 - - [28/May/2025:12:23:41 +0200] "GET /Jurek/purewear/feeds/purewear_skroutz.xml HTTP/1.0" 200 13350978 "-" "-"
46.101.116.244 - - [28/May/2025:12:23:59 +0200] "GET /Jurek/broers/feeds/broers_mallsigs.xml HTTP/2.0" 200 1982507 "-" "-"
51.77.52.107 - - [28/May/2025:12:24:00 +0200] "GET /Jurek/eurofirany/images/467986/0.jpg HTTP/2.0" 200 90226 "-" "baselinker"
46.101.116.244 - - [28/May/2025:12:24:10 +0200] "GET /Jurek/cdata/feeds/cdata_mallsigs.xml HTTP/2.0" 200 1445152 "-" "-"
51.77.52.107 - - [28/May/2025:12:24:20 +0200] "GET /Jurek/eurofirany/images/467986/0.jpg HTTP/2.0" 200 90226 "-" "baselinker"
46.101.116.244 - - [28/May/2025:12:24:20 +0200] "GET /Jurek/elavia/feeds/elavia_mallsigs.xml HTTP/2.0" 200 2497287 "-" "-"
46.101.116.244 - - [28/May/2025:12:24:31 +0200] "GET /Jurek/filmal/feeds/filmal_mallsigs.xml HTTP/2.0" 200 139276 "-" "-"
51.77.52.107 - - [28/May/2025:12:24:37 +0200] "GET /Jurek/eurofirany/images/467981/0.jpg HTTP/2.0" 200 74776 "-" "baselinker"
89.161.206.59 - - [28/May/2025:12:24:40 +0200] "GET /Jurek/cdata/feeds/cdata_skr.xml HTTP/1.0" 200 1445188 "-" "-"
46.101.116.244 - - [28/May/2025:12:24:41 +0200] "GET /Jurek/jakdroz/feeds/jakdroz_mallsigs.xml HTTP/2.0" 200 4089996 "-" "-"
46.101.116.244 - - [28/May/2025:12:24:53 +0200] "GET /Jurek/kristronik/feeds/kristronik_mallsigs.xml HTTP/2.0" 200 691988 "-" "-"
51.77.52.107 - - [28/May/2025:12:24:57 +0200] "GET /Jurek/eurofirany/images/467981/0.jpg HTTP/2.0" 200 74776 "-" "baselinker"
46.101.116.244 - - [28/May/2025:12:25:03 +0200] "GET /Jurek/nonabox/feeds/nonabox_mallsigs.xml HTTP/2.0" 200 33863 "-" "-"
51.77.52.107 - - [28/May/2025:12:25:10 +0200] "GET /Jurek/eurofirany/images/467981/0.jpg HTTP/2.0" 200 74776 "-" "baselinker"
46.101.116.244 - - [28/May/2025:12:25:13 +0200] "GET /Jurek/omi/feeds/omi_mallsigs.xml HTTP/2.0" 200 8100725 "-" "-"
46.101.116.244 - - [28/May/2025:12:25:25 +0200] "GET /Jurek/proparts/feeds/proparts_mallsigs.xml HTTP/2.0" 200 707480 "-" "-"
51.77.52.107 - - [28/May/2025:12:25:29 +0200] "GET /Jurek/eurofirany/images/467984/0.jpg HTTP/2.0" 200 88731 "-" "baselinker"
46.101.116.244 - - [28/May/2025:12:25:49 +0200] "GET /Jurek/snibbs/feeds/snibbs_mallsigs.xml HTTP/2.0" 200 74398 "-" "-"
89.161.206.59 - - [28/May/2025:12:25:50 +0200] "GET /Jurek/aiofactory/feeds/aiofactory_ebayde.xml HTTP/1.0" 200 2123729 "-" "-"
51.77.52.107 - - [28/May/2025:12:25:54 +0200] "GET /Jurek/eurofirany/images/467984/0.jpg HTTP/2.0" 200 88731 "-" "baselinker"
46.101.116.244 - - [28/May/2025:12:26:12 +0200] "GET /Jurek/techrebal/feeds/techrebal_mallsigs.xml HTTP/2.0" 200 1989736 "-" "-"
51.77.52.107 - - [28/May/2025:12:26:14 +0200] "GET /Jurek/eurofirany/images/467984/0.jpg HTTP/2.0" 200 88731 "-" "baselinker"
46.101.116.244 - - [28/May/2025:12:26:23 +0200] "GET /Jurek/techrebalina/feeds/techrebalina_mallsigs.xml HTTP/2.0" 200 2011204 "-" "-"
46.101.116.244 - - [28/May/2025:12:26:28 +0200] "GET /Jurek/eurofirany/feeds/eurofirany_erli.xml HTTP/1.0" 200 18722425 "-" "-"
46.101.116.244 - - [28/May/2025:12:26:30 +0200] "GET /Jurek/topeshop/feeds/topeshop_emagsm.xml HTTP/1.0" 200 3021387 "-" "-"
51.77.52.107 - - [28/May/2025:12:26:34 +0200] "GET /Jurek/eurofirany/images/467987/0.jpg HTTP/2.0" 200 82746 "-" "baselinker"
46.101.116.244 - - [28/May/2025:12:26:46 +0200] "GET /Jurek/maksik/feeds/maksik_mallsi.xml HTTP/2.0" 200 4084773 "-" "-"
46.101.116.244 - - [28/May/2025:12:26:57 +0200] "GET /Jurek/andex/feeds/andex_mallsi.xml HTTP/2.0" 200 1953413 "-" "-"
51.77.52.107 - - [28/May/2025:12:26:57 +0200] "GET /Jurek/eurofirany/images/467987/0.jpg HTTP/2.0" 200 82746 "-" "baselinker"
46.101.116.244 - - [28/May/2025:12:27:08 +0200] "GET /Jurek/german/feeds/german_mallsi.xml HTTP/2.0" 200 2853571 "-" "-"
51.77.52.107 - - [28/May/2025:12:27:16 +0200] "GET /Jurek/eurofirany/images/467987/0.jpg HTTP/2.0" 200 82746 "-" "baselinker"
46.101.116.244 - - [28/May/2025:12:27:33 +0200] "GET /Jurek/maksik/feeds/maksik_mallsi.xml HTTP/2.0" 200 4084773 "-" "-"
51.77.52.107 - - [28/May/2025:12:27:37 +0200] "GET /Jurek/eurofirany/images/469974/0.jpg HTTP/2.0" 200 90603 "-" "baselinker"
46.101.116.244 - - [28/May/2025:12:27:44 +0200] "GET /Jurek/smxdesign/feeds/smxdesign_mallsi.xml HTTP/2.0" 200 1829002 "-" "-"
52.167.144.196 - - [28/May/2025:12:27:47 +0200] "GET /Filip/stare/Cenniki/ HTTP/2.0" 200 720 "-" "Mozilla/5.0 AppleWebKit/537.36 (KHTML, like Gecko; compatible; bingbot/2.0; +http://www.bing.com/bingbot.htm) Chrome/116.0.1938.76 Safari/537.36"
51.77.52.107 - - [28/May/2025:12:28:01 +0200] "GET /Jurek/eurofirany/images/469974/0.jpg HTTP/2.0" 200 90603 "-" "baselinker"
46.101.116.244 - - [28/May/2025:12:28:07 +0200] "GET /Jurek/alucon/feeds/alucon_mallsi.xml HTTP/2.0" 200 553567 "-" "-"
51.77.52.107 - - [28/May/2025:12:28:07 +0200] "GET /Jurek/eurofirany/images/469974/0.jpg HTTP/2.0" 200 90603 "-" "baselinker"
51.77.52.107 - - [28/May/2025:12:28:13 +0200] "GET /Jurek/eurofirany/images/469975/0.jpg HTTP/2.0" 200 96670 "-" "baselinker"
46.101.116.244 - - [28/May/2025:12:28:17 +0200] "GET /Jurek/evil/feeds/evil_mallsi.xml HTTP/2.0" 200 306389 "-" "-"
46.101.116.244 - - [28/May/2025:12:28:27 +0200] "GET /Jurek/hlo/feeds/hlo_mallsi.xml HTTP/2.0" 200 4838671 "-" "-"
51.77.52.107 - - [28/May/2025:12:28:37 +0200] "GET /Jurek/eurofirany/images/469975/0.jpg HTTP/2.0" 200 96670 "-" "baselinker"
46.101.116.244 - - [28/May/2025:12:28:38 +0200] "GET /Jurek/lgbtshop/feeds/lgbtshop_mallsi.xml HTTP/2.0" 200 219253 "-" "-"
46.101.116.244 - - [28/May/2025:12:28:48 +0200] "GET /Jurek/madrex/feeds/madrex_mallsi.xml HTTP/2.0" 200 466712 "-" "-"
51.77.52.107 - - [28/May/2025:12:28:57 +0200] "GET /Jurek/eurofirany/images/469975/0.jpg HTTP/2.0" 200 96670 "-" "baselinker"
46.101.116.244 - - [28/May/2025:12:28:58 +0200] "GET /Jurek/motofan/feeds/motofan_mallsi.xml HTTP/2.0" 200 2392158 "-" "-"
51.77.52.107 - - [28/May/2025:12:29:03 +0200] "GET /Jurek/eurofirany/images/469976/0.jpg HTTP/2.0" 200 92171 "-" "baselinker"
46.101.116.244 - - [28/May/2025:12:29:09 +0200] "GET /Jurek/najtanszysport/feeds/najtanszysport_mallsi.xml HTTP/2.0" 200 3983130 "-" "-"
51.77.52.107 - - [28/May/2025:12:29:09 +0200] "GET /Jurek/eurofirany/images/469976/0.jpg HTTP/2.0" 200 92171 "-" "baselinker"
51.77.52.107 - - [28/May/2025:12:29:16 +0200] "GET /Jurek/eurofirany/images/469976/0.jpg HTTP/2.0" 200 92171 "-" "baselinker"
46.101.116.244 - - [28/May/2025:12:29:20 +0200] "GET /Jurek/nexus/feeds/nexus_mallsi.xml HTTP/2.0" 200 226610 "-" "-"
51.77.52.107 - - [28/May/2025:12:29:22 +0200] "GET /Jurek/eurofirany/images/469977/0.jpg HTTP/2.0" 200 92040 "-" "baselinker"
51.77.52.107 - - [28/May/2025:12:29:27 +0200] "GET /Jurek/eurofirany/images/469977/0.jpg HTTP/2.0" 200 92040 "-" "baselinker"
46.101.116.244 - - [28/May/2025:12:29:30 +0200] "GET /Jurek/playcob/feeds/playcob_mallsi.xml HTTP/2.0" 200 6980132 "-" "-"
51.77.52.107 - - [28/May/2025:12:29:33 +0200] "GET /Jurek/eurofirany/images/469977/0.jpg HTTP/2.0" 200 92040 "-" "baselinker"
51.77.52.107 - - [28/May/2025:12:29:39 +0200] "GET /Jurek/eurofirany/images/469978/0.jpg HTTP/2.0" 200 219530 "-" "baselinker"
46.101.116.244 - - [28/May/2025:12:29:41 +0200] "GET /Jurek/zepnij/feeds/zepnij_mallsi.xml HTTP/2.0" 200 19522728 "-" "-"
51.77.52.107 - - [28/May/2025:12:29:44 +0200] "GET /Jurek/eurofirany/images/469978/0.jpg HTTP/2.0" 200 219530 "-" "baselinker"
51.77.52.107 - - [28/May/2025:12:29:50 +0200] "GET /Jurek/eurofirany/images/469978/0.jpg HTTP/2.0" 200 219530 "-" "baselinker"
46.101.116.244 - - [28/May/2025:12:29:52 +0200] "GET /Jurek/cbdgreen/feeds/cbdgreen_mallsi.xml HTTP/2.0" 200 50541 "-" "-"
51.77.52.107 - - [28/May/2025:12:29:53 +0200] "GET /Jurek/eurofirany/images/470006/0.jpg HTTP/2.0" 200 220315 "-" "baselinker"
51.77.52.107 - - [28/May/2025:12:30:00 +0200] "GET /Jurek/eurofirany/images/470006/0.jpg HTTP/2.0" 200 220315 "-" "baselinker"
46.101.116.244 - - [28/May/2025:12:30:02 +0200] "GET /Jurek/dekornatort/feeds/dekornatort_mallsi.xml HTTP/2.0" 200 225730 "-" "-"
216.113.184.101 - - [28/May/2025:12:30:04 +0200] "GET /Jurek/topeshop/downloaded_images/5902838463420_DENVER_BIEL_PO%C5%81YSK(2).jpg HTTP/1.1" 404 3551 "http://www.ebay.com/" "Mozilla/5.0 (Windows NT 10.0; Win64; x64) AppleWebKit/537.36 (KHTML, like Gecko) Chrome/123.0.0.0 Safari/537.36"
216.113.184.102 - - [28/May/2025:12:30:04 +0200] "GET /Jurek/topeshop/downloaded_images/5902838463420_DENVER_BIEL_PO%C5%81YSK(6).jpg HTTP/1.1" 404 3551 "http://www.ebay.com/" "Mozilla/5.0 (Windows NT 10.0; Win64; x64) AppleWebKit/537.36 (KHTML, like Gecko) Chrome/123.0.0.0 Safari/537.36"
216.113.184.103 - - [28/May/2025:12:30:04 +0200] "GET /Jurek/topeshop/downloaded_images/5902838463420_DENVER_BIEL_PO%C5%81YSK(1).jpg HTTP/1.1" 404 3551 "http://www.ebay.com/" "Mozilla/5.0 (Windows NT 10.0; Win64; x64) AppleWebKit/537.36 (KHTML, like Gecko) Chrome/123.0.0.0 Safari/537.36"
216.113.184.104 - - [28/May/2025:12:30:04 +0200] "GET /Jurek/topeshop/downloaded_images/5902838463420_DENVER_BIEL_PO%C5%81YSK(3).jpg HTTP/1.1" 404 3551 "http://www.ebay.com/" "Mozilla/5.0 (Windows NT 10.0; Win64; x64) AppleWebKit/537.36 (KHTML, like Gecko) Chrome/123.0.0.0 Safari/537.36"
216.113.184.102 - - [28/May/2025:12:30:04 +0200] "GET /Jurek/topeshop/downloaded_images/5902838463420_DENVER_BIEL_PO%C5%81YSK(4).jpg HTTP/1.1" 404 3551 "http://www.ebay.com/" "Mozilla/5.0 (Windows NT 10.0; Win64; x64) AppleWebKit/537.36 (KHTML, like Gecko) Chrome/123.0.0.0 Safari/537.36"
216.113.184.105 - - [28/May/2025:12:30:04 +0200] "GET /Jurek/topeshop/downloaded_images/5902838463420_DENVER_BIEL_PO%C5%81YSK(5).jpg HTTP/1.1" 404 3551 "http://www.ebay.com/" "Mozilla/5.0 (Windows NT 10.0; Win64; x64) AppleWebKit/537.36 (KHTML, like Gecko) Chrome/123.0.0.0 Safari/537.36"
216.113.184.102 - - [28/May/2025:12:30:04 +0200] "GET /Jurek/topeshop/downloaded_images/5902838463420_ar2_.RGB_color.0002.jpg HTTP/1.1" 200 167356 "http://www.ebay.com/" "Mozilla/5.0 (Windows NT 10.0; Win64; x64) AppleWebKit/537.36 (KHTML, like Gecko) Chrome/123.0.0.0 Safari/537.36"
216.113.184.103 - - [28/May/2025:12:30:04 +0200] "GET /Jurek/topeshop/downloaded_images/5902838463420_render_pop_.RGB_color.0006_kopia.png HTTP/1.1" 200 325009 "http://www.ebay.com/" "Mozilla/5.0 (Windows NT 10.0; Win64; x64) AppleWebKit/537.36 (KHTML, like Gecko) Chrome/123.0.0.0 Safari/537.36"
216.113.184.102 - - [28/May/2025:12:30:04 +0200] "GET /Jurek/topeshop/downloaded_images/5902838463420_render_pop_.RGB_color.0008_kopia.png HTTP/1.1" 200 337486 "http://www.ebay.com/" "Mozilla/5.0 (Windows NT 10.0; Win64; x64) AppleWebKit/537.36 (KHTML, like Gecko) Chrome/123.0.0.0 Safari/537.36"
89.161.206.59 - - [28/May/2025:12:30:08 +0200] "GET /Jurek/topeshop/feeds/topeshop_cdsc.xml HTTP/1.0" 200 2629169 "-" "-"
46.101.116.244 - - [28/May/2025:12:30:13 +0200] "GET /Jurek/globaldeli/feeds/globaldeli_mallsi.xml HTTP/2.0" 200 2590906 "-" "-"
51.77.52.107 - - [28/May/2025:12:30:19 +0200] "GET /Jurek/eurofirany/images/470006/0.jpg HTTP/2.0" 200 220315 "-" "baselinker"
46.101.116.244 - - [28/May/2025:12:30:35 +0200] "GET /Jurek/lendo/feeds/lendo_mallsi.xml HTTP/2.0" 200 330388 "-" "-"
51.77.52.107 - - [28/May/2025:12:30:40 +0200] "GET /Jurek/eurofirany/images/470007/0.jpg HTTP/2.0" 200 213436 "-" "baselinker"
51.77.52.107 - - [28/May/2025:12:30:49 +0200] "GET /Jurek/eurofirany/images/470007/0.jpg HTTP/2.0" 200 213436 "-" "baselinker"
51.77.52.107 - - [28/May/2025:12:30:57 +0200] "GET /Jurek/eurofirany/images/470007/0.jpg HTTP/2.0" 200 213436 "-" "baselinker"
51.77.52.107 - - [28/May/2025:12:31:03 +0200] "GET /Jurek/eurofirany/images/470008/0.jpg HTTP/2.0" 200 204542 "-" "baselinker"
51.77.52.107 - - [28/May/2025:12:31:29 +0200] "GET /Jurek/eurofirany/images/470008/0.jpg HTTP/2.0" 200 204542 "-" "baselinker"
51.77.52.107 - - [28/May/2025:12:31:35 +0200] "GET /Jurek/eurofirany/images/470008/0.jpg HTTP/2.0" 200 204542 "-" "baselinker"
51.77.52.107 - - [28/May/2025:12:31:41 +0200] "GET /Jurek/eurofirany/images/470009/0.jpg HTTP/2.0" 200 163481 "-" "baselinker"
51.77.52.107 - - [28/May/2025:12:32:05 +0200] "GET /Jurek/eurofirany/images/470009/0.jpg HTTP/2.0" 200 163481 "-" "baselinker"
51.77.52.107 - - [28/May/2025:12:32:11 +0200] "GET /Jurek/eurofirany/images/470009/0.jpg HTTP/2.0" 200 163481 "-" "baselinker"
51.77.52.107 - - [28/May/2025:12:32:18 +0200] "GET /Jurek/eurofirany/images/470010/0.jpg HTTP/2.0" 200 145505 "-" "baselinker"
51.77.52.107 - - [28/May/2025:12:32:25 +0200] "GET /Jurek/eurofirany/images/470010/0.jpg HTTP/2.0" 200 145505 "-" "baselinker"
51.77.52.107 - - [28/May/2025:12:32:31 +0200] "GET /Jurek/eurofirany/images/470010/0.jpg HTTP/2.0" 200 145505 "-" "baselinker"
89.161.206.59 - - [28/May/2025:12:32:32 +0200] "GET /Jurek/playcob/feeds/playcob_cdsc.xml HTTP/1.0" 200 6624616 "-" "-"
89.161.206.59 - - [28/May/2025:12:32:32 +0200] "GET /Jurek/elavia/feeds/elavia_cdsc.xml HTTP/1.0" 200 2085749 "-" "-"
89.161.206.59 - - [28/May/2025:12:32:34 +0200] "GET /Jurek/princelh/feeds/princelh_cdsc.xml HTTP/1.0" 200 123625 "-" "-"
89.161.206.59 - - [28/May/2025:12:32:34 +0200] "GET /Jurek/proparts/feeds/proparts_cdsc.xml HTTP/1.0" 200 556003 "-" "-"
46.101.116.244 - - [28/May/2025:12:32:34 +0200] "GET /Jurek/naszedzieci/feeds/naszedzieci_mallsi.xml HTTP/2.0" 200 833172423 "-" "-"
89.161.206.59 - - [28/May/2025:12:32:34 +0200] "GET /Jurek/muminky/feeds/muminky_cdsc.xml HTTP/1.0" 200 2935831 "-" "-"
89.161.206.59 - - [28/May/2025:12:32:34 +0200] "GET /Jurek/nexus/feeds/nexus_cdsc.xml HTTP/1.0" 200 325903 "-" "-"
