89.161.206.59 - - [28/May/2025:18:05:13 +0200] "GET /Jurek/hurtmeblowy/feeds/hurtmeblowy_emagro.xml HTTP/1.0" 200 8544331 "-" "-"
89.161.206.59 - - [28/May/2025:18:05:13 +0200] "GET /Jurek/ikonka/feeds/ikonka_emagro.xml HTTP/1.0" 200 20805043 "-" "-"
89.161.206.59 - - [28/May/2025:18:05:16 +0200] "GET /Jurek/ekuchcikowo/feeds/ekuchcikowo_emagro.xml HTTP/1.0" 200 12472715 "-" "-"
51.77.52.107 - - [28/May/2025:18:05:29 +0200] "GET /Jurek/eurofirany/images/464365/0.jpg HTTP/2.0" 200 117529 "-" "baselinker"
46.101.116.244 - - [28/May/2025:18:05:31 +0200] "GET /Jurek/kamar/feeds/kamar_alza.xml HTTP/2.0" 200 25563235 "-" "-"
51.77.52.107 - - [28/May/2025:18:05:57 +0200] "GET /Jurek/eurofirany/images/464365/0.jpg HTTP/2.0" 200 117529 "-" "baselinker"
46.101.116.244 - - [28/May/2025:18:06:07 +0200] "GET /Jurek/tsjerzy/feeds/tsjerzy_alza.xml HTTP/2.0" 200 3901459 "-" "-"
51.77.52.107 - - [28/May/2025:18:06:21 +0200] "GET /Jurek/eurofirany/images/464366/0.jpg HTTP/2.0" 200 116960 "-" "baselinker"
46.101.116.244 - - [28/May/2025:18:06:29 +0200] "GET /Jurek/hurtmeblowy/feeds/hurtmeblowy_alza.xml HTTP/2.0" 200 8546156 "-" "-"
46.101.116.244 - - [28/May/2025:18:06:41 +0200] "GET /Jurek/kobi/feeds/kobi_alza.xml HTTP/2.0" 200 677298 "-" "-"
51.77.52.107 - - [28/May/2025:18:06:46 +0200] "GET /Jurek/eurofirany/images/464366/0.jpg HTTP/2.0" 200 116960 "-" "baselinker"
46.101.116.244 - - [28/May/2025:18:06:52 +0200] "GET /Jurek/madrex/feeds/madrex_alza.xml HTTP/2.0" 200 466765 "-" "-"
46.101.116.244 - - [28/May/2025:18:07:02 +0200] "GET /Jurek/matkam/feeds/matkam_alza.xml HTTP/2.0" 200 4426700 "-" "-"
85.14.86.141 - - [28/May/2025:18:07:02 +0200] "GET /Jurek/eurofirany/feeds/eurofirany_morele.xml HTTP/2.0" 200 18720286 "-" "MarketplaceAPI curl/7.74.0 PHP/8"
51.77.52.107 - - [28/May/2025:18:07:05 +0200] "GET /Jurek/eurofirany/images/464366/0.jpg HTTP/2.0" 200 116960 "-" "baselinker"
51.77.52.107 - - [28/May/2025:18:07:25 +0200] "GET /Jurek/eurofirany/images/464368/0.jpg HTTP/2.0" 200 114433 "-" "baselinker"
89.161.206.59 - - [28/May/2025:18:07:28 +0200] "GET /Jurek/eroplace/feeds/eroplace_emagro.xml HTTP/1.0" 200 52150040 "-" "-"
89.161.206.59 - - [28/May/2025:18:07:28 +0200] "GET /Jurek/kinghome/feeds/kinghome_emagro.xml HTTP/1.0" 200 6488062 "-" "-"
51.77.52.107 - - [28/May/2025:18:07:48 +0200] "GET /Jurek/eurofirany/images/464368/0.jpg HTTP/2.0" 200 114433 "-" "baselinker"
46.101.116.244 - - [28/May/2025:18:07:51 +0200] "GET /Jurek/intsell/feeds/intsell_emagro.xml HTTP/1.0" 200 342078912 "-" "-"
89.161.206.59 - - [28/May/2025:18:08:06 +0200] "GET /Jurek/pagmil/feeds/pagmil_emaghu.xml HTTP/1.0" 200 1803748 "-" "-"
89.161.206.59 - - [28/May/2025:18:08:06 +0200] "GET /Jurek/artdog/feeds/artdog_emagro.xml HTTP/1.0" 200 17164728 "-" "-"
51.77.52.107 - - [28/May/2025:18:08:07 +0200] "GET /Jurek/eurofirany/images/464368/0.jpg HTTP/2.0" 200 114433 "-" "baselinker"
89.161.206.59 - - [28/May/2025:18:08:08 +0200] "GET /Jurek/carbonyway/feeds/carbonyway_emagro.xml HTTP/1.0" 200 3076314 "-" "-"
89.161.206.59 - - [28/May/2025:18:08:08 +0200] "GET /Jurek/livinhill/feeds/livinhill_emagro.xml HTTP/1.0" 200 167749 "-" "-"
89.161.206.59 - - [28/May/2025:18:08:08 +0200] "GET /Jurek/snibbs/feeds/snibbs_emagro.xml HTTP/1.0" 200 74410 "-" "-"
89.161.206.59 - - [28/May/2025:18:08:09 +0200] "GET /Jurek/jakdroz/feeds/jakdroz_emagro.xml HTTP/1.0" 200 4090814 "-" "-"
85.14.86.141 - - [28/May/2025:18:08:15 +0200] "GET /Jurek/vivaldi/feeds/vivaldi_Morele-PL.xml HTTP/2.0" 200 344674 "-" "MarketplaceAPI curl/7.74.0 PHP/8"
46.101.116.244 - - [28/May/2025:18:08:18 +0200] "GET /Jurek/kalama/feeds/kalama_alza.xml HTTP/2.0" 200 2662530 "-" "-"
46.101.116.244 - - [28/May/2025:18:08:29 +0200] "GET /Jurek/proadventure/feeds/proadventure_alza.xml HTTP/2.0" 200 10767259 "-" "-"
51.77.52.107 - - [28/May/2025:18:08:30 +0200] "GET /Jurek/eurofirany/images/466414/0.jpg HTTP/2.0" 200 93532 "-" "baselinker"
46.101.116.244 - - [28/May/2025:18:08:42 +0200] "GET /Jurek/awparts/feeds/awparts_alza.xml HTTP/2.0" 200 142493154 "-" "-"
89.161.206.59 - - [28/May/2025:18:08:43 +0200] "GET /Jurek/bemipol/feeds/bemipol_emagro.xml HTTP/1.0" 200 423670 "-" "-"
89.161.206.59 - - [28/May/2025:18:08:43 +0200] "GET /Jurek/apresto/feeds/apresto_emagro.xml HTTP/1.0" 200 1327809 "-" "-"
185.6.76.18 - - [28/May/2025:18:08:43 +0200] "GET /marketplaces/skroutz/feeds/shumee.xml HTTP/1.1" 200 411742111 "-" "SkroutzBot v1.0"
89.161.206.59 - - [28/May/2025:18:08:44 +0200] "GET /Jurek/mojeledy/feeds/mojeledy_emagro.xml HTTP/1.0" 200 1018626 "-" "-"
89.161.206.59 - - [28/May/2025:18:08:44 +0200] "GET /Jurek/andex/feeds/andex_emagro.xml HTTP/1.0" 200 1953944 "-" "-"
89.161.206.59 - - [28/May/2025:18:08:44 +0200] "GET /Jurek/riko/feeds/riko_emagro.xml HTTP/1.0" 200 3786609 "-" "-"
89.161.206.59 - - [28/May/2025:18:08:45 +0200] "GET /Jurek/sovapl/feeds/sovapl_emagro.xml HTTP/1.0" 200 9002680 "-" "-"
89.161.206.59 - - [28/May/2025:18:08:45 +0200] "GET /Jurek/mechdecor/feeds/mechdecor_emagro.xml HTTP/1.0" 200 596294 "-" "-"
89.161.206.59 - - [28/May/2025:18:08:46 +0200] "GET /Jurek/kalama/feeds/kalama_emagro.xml HTTP/1.0" 200 2662086 "-" "-"
51.77.52.107 - - [28/May/2025:18:08:49 +0200] "GET /Jurek/eurofirany/images/466414/0.jpg HTTP/2.0" 200 93532 "-" "baselinker"
51.77.52.107 - - [28/May/2025:18:09:15 +0200] "GET /Jurek/eurofirany/images/466414/0.jpg HTTP/2.0" 200 93532 "-" "baselinker"
46.101.116.244 - - [28/May/2025:18:09:29 +0200] "GET /Jurek/sportprise/feeds/sportprise_alza.xml HTTP/2.0" 200 12729794 "-" "-"
51.77.52.107 - - [28/May/2025:18:09:34 +0200] "GET /Jurek/eurofirany/images/466415/0.jpg HTTP/2.0" 200 104197 "-" "baselinker"
85.14.86.141 - - [28/May/2025:18:09:45 +0200] "GET /Jurek/vida_morele/feeds/VidaPL_morele.xml HTTP/2.0" 200 782985343 "-" "MarketplaceAPI curl/7.74.0 PHP/8"
89.161.206.59 - - [28/May/2025:18:09:52 +0200] "GET /Jurek/zami/feeds/zami_skr.xml HTTP/1.0" 200 4472608 "-" "-"
51.77.52.107 - - [28/May/2025:18:09:52 +0200] "GET /Jurek/eurofirany/images/466415/0.jpg HTTP/2.0" 200 104197 "-" "baselinker"
46.101.116.244 - - [28/May/2025:18:09:52 +0200] "GET /Jurek/coppotech/feeds/coppotech_alza.xml HTTP/2.0" 200 38061614 "-" "-"
77.79.248.229 - - [28/May/2025:18:10:04 +0200] "GET /Jurek/ikonka/feeds/ikonka_cdon_se.xml HTTP/1.1" 200 20805922 "-" "python-requests/2.32.3"
77.79.248.229 - - [28/May/2025:18:10:04 +0200] "GET /Jurek/ikonka/feeds/ikonka_cdon_dk.xml HTTP/1.1" 200 20805831 "-" "python-requests/2.32.3"
77.79.248.229 - - [28/May/2025:18:10:05 +0200] "GET /Jurek/ikonka/feeds/ikonka_cdon_fi.xml HTTP/1.1" 200 20803869 "-" "python-requests/2.32.3"
46.101.116.244 - - [28/May/2025:18:10:06 +0200] "GET /Jurek/erohurtownia/feeds/erohurtownia_alza.xml HTTP/2.0" 200 22845823 "-" "-"
77.79.248.229 - - [28/May/2025:18:10:09 +0200] "GET /Jurek/rovicky/feeds/rovicky_cdonSE.xml HTTP/1.1" 200 15052561 "-" "python-requests/2.32.3"
77.79.248.229 - - [28/May/2025:18:10:09 +0200] "GET /Jurek/rovicky/feeds/rovicky_cdonDK.xml HTTP/1.1" 200 15052534 "-" "python-requests/2.32.3"
77.79.248.229 - - [28/May/2025:18:10:09 +0200] "GET /Jurek/rovicky/feeds/rovicky_cdonFI.xml HTTP/1.1" 200 15047217 "-" "python-requests/2.32.3"
77.79.248.229 - - [28/May/2025:18:10:10 +0200] "GET /Jurek/benbaby/feeds/benbaby_cdon_se.xml HTTP/1.1" 200 3706323 "-" "python-requests/2.32.3"
77.79.248.229 - - [28/May/2025:18:10:10 +0200] "GET /Jurek/benbaby/feeds/benbaby_cdon_dk.xml HTTP/1.1" 200 3706161 "-" "python-requests/2.32.3"
77.79.248.229 - - [28/May/2025:18:10:10 +0200] "GET /Jurek/benbaby/feeds/benbaby_cdon_fi.xml HTTP/1.1" 200 3703426 "-" "python-requests/2.32.3"
77.79.248.229 - - [28/May/2025:18:10:10 +0200] "GET /Jurek/candellux/feeds/candellux_cdon_se.xml HTTP/1.1" 200 466166 "-" "python-requests/2.32.3"
77.79.248.229 - - [28/May/2025:18:10:10 +0200] "GET /Jurek/candellux/feeds/candellux_cdon_dk.xml HTTP/1.1" 200 466129 "-" "python-requests/2.32.3"
77.79.248.229 - - [28/May/2025:18:10:10 +0200] "GET /Jurek/candellux/feeds/candellux_cdon_fi.xml HTTP/1.1" 200 465745 "-" "python-requests/2.32.3"
77.79.248.229 - - [28/May/2025:18:10:13 +0200] "GET /Jurek/topeshop/feeds/topeshop_cdon_se.xml HTTP/1.1" 200 3021806 "-" "python-requests/2.32.3"
77.79.248.229 - - [28/May/2025:18:10:13 +0200] "GET /Jurek/topeshop/feeds/topeshop_cdon_dk.xml HTTP/1.1" 200 3021551 "-" "python-requests/2.32.3"
77.79.248.229 - - [28/May/2025:18:10:13 +0200] "GET /Jurek/topeshop/feeds/topeshop_cdon_fi.xml HTTP/1.1" 200 3021070 "-" "python-requests/2.32.3"
77.79.248.229 - - [28/May/2025:18:10:13 +0200] "GET /Jurek/asortymenteu/feeds/asortymenteu_cdon_se.xml HTTP/1.1" 200 2872964 "-" "python-requests/2.32.3"
77.79.248.229 - - [28/May/2025:18:10:13 +0200] "GET /Jurek/asortymenteu/feeds/asortymenteu_cdon_dk.xml HTTP/1.1" 200 2872911 "-" "python-requests/2.32.3"
77.79.248.229 - - [28/May/2025:18:10:13 +0200] "GET /Jurek/asortymenteu/feeds/asortymenteu_cdon_fi.xml HTTP/1.1" 200 2871922 "-" "python-requests/2.32.3"
51.77.52.107 - - [28/May/2025:18:10:13 +0200] "GET /Jurek/eurofirany/images/466415/0.jpg HTTP/2.0" 200 104197 "-" "baselinker"
77.79.248.229 - - [28/May/2025:18:10:13 +0200] "GET /Jurek/fernity/feeds/fernity_cdon_se.xml HTTP/1.1" 200 4721019 "-" "python-requests/2.32.3"
77.79.248.229 - - [28/May/2025:18:10:13 +0200] "GET /Jurek/fernity/feeds/fernity_cdon_dk.xml HTTP/1.1" 200 4720555 "-" "python-requests/2.32.3"
77.79.248.229 - - [28/May/2025:18:10:13 +0200] "GET /Jurek/fernity/feeds/fernity_cdon_fi.xml HTTP/1.1" 200 4717871 "-" "python-requests/2.32.3"
77.79.248.229 - - [28/May/2025:18:10:14 +0200] "GET /Jurek/aw/feeds/awnarzedzia_cdon_se.xml HTTP/1.1" 200 91200058 "-" "python-requests/2.32.3"
77.79.248.229 - - [28/May/2025:18:10:15 +0200] "GET /Jurek/aw/feeds/awnarzedzia_cdon_dk.xml HTTP/1.1" 200 91195937 "-" "python-requests/2.32.3"
77.79.248.229 - - [28/May/2025:18:10:16 +0200] "GET /Jurek/aw/feeds/awnarzedzia_cdon_fi.xml HTTP/1.1" 200 91112004 "-" "python-requests/2.32.3"
77.79.248.229 - - [28/May/2025:18:10:16 +0200] "GET /Jurek/activeshop/feeds/activeshop_cdon_se.xml HTTP/1.1" 200 10395823 "-" "python-requests/2.32.3"
77.79.248.229 - - [28/May/2025:18:10:17 +0200] "GET /Jurek/activeshop/feeds/activeshop_cdon_dk.xml HTTP/1.1" 200 10395465 "-" "python-requests/2.32.3"
77.79.248.229 - - [28/May/2025:18:10:17 +0200] "GET /Jurek/activeshop/feeds/activeshop_cdon_fi.xml HTTP/1.1" 200 10392106 "-" "python-requests/2.32.3"
77.79.248.229 - - [28/May/2025:18:10:17 +0200] "GET /Jurek/ikonka/feeds/ikonka_cdon_se.xml HTTP/1.1" 200 20805922 "-" "python-requests/2.32.3"
77.79.248.229 - - [28/May/2025:18:10:18 +0200] "GET /Jurek/ikonka/feeds/ikonka_cdon_dk.xml HTTP/1.1" 200 20805831 "-" "python-requests/2.32.3"
77.79.248.229 - - [28/May/2025:18:10:18 +0200] "GET /Jurek/ikonka/feeds/ikonka_cdon_fi.xml HTTP/1.1" 200 20803869 "-" "python-requests/2.32.3"
77.79.248.229 - - [28/May/2025:18:10:19 +0200] "GET /Jurek/swiatecznygoliat/feeds/swiatecznygoliat_cdon_se.xml HTTP/1.1" 200 7053438 "-" "python-requests/2.32.3"
77.79.248.229 - - [28/May/2025:18:10:19 +0200] "GET /Jurek/swiatecznygoliat/feeds/swiatecznygoliat_cdon_dk.xml HTTP/1.1" 200 7053359 "-" "python-requests/2.32.3"
77.79.248.229 - - [28/May/2025:18:10:19 +0200] "GET /Jurek/swiatecznygoliat/feeds/swiatecznygoliat_cdon_fi.xml HTTP/1.1" 200 7050874 "-" "python-requests/2.32.3"
77.79.248.229 - - [28/May/2025:18:10:19 +0200] "GET /Jurek/slayo/feeds/slayo_cdon_se.xml HTTP/1.1" 200 183624 "-" "python-requests/2.32.3"
77.79.248.229 - - [28/May/2025:18:10:19 +0200] "GET /Jurek/slayo/feeds/slayo_cdon_dk.xml HTTP/1.1" 200 183625 "-" "python-requests/2.32.3"
77.79.248.229 - - [28/May/2025:18:10:19 +0200] "GET /Jurek/slayo/feeds/slayo_cdon_fi.xml HTTP/1.1" 200 183611 "-" "python-requests/2.32.3"
77.79.248.229 - - [28/May/2025:18:10:21 +0200] "GET /Jurek/bass/feeds/bass_cdon_se.xml HTTP/1.1" 200 3973603 "-" "python-requests/2.32.3"
77.79.248.229 - - [28/May/2025:18:10:21 +0200] "GET /Jurek/bass/feeds/bass_cdon_dk.xml HTTP/1.1" 200 3973413 "-" "python-requests/2.32.3"
77.79.248.229 - - [28/May/2025:18:10:21 +0200] "GET /Jurek/bass/feeds/bass_cdon_fi.xml HTTP/1.1" 200 3971963 "-" "python-requests/2.32.3"
77.79.248.229 - - [28/May/2025:18:10:21 +0200] "GET /Jurek/benetech/feeds/benetech_cdon_se.xml HTTP/1.1" 200 4165796 "-" "python-requests/2.32.3"
77.79.248.229 - - [28/May/2025:18:10:21 +0200] "GET /Jurek/benetech/feeds/benetech_cdon_dk.xml HTTP/1.1" 200 4165752 "-" "python-requests/2.32.3"
77.79.248.229 - - [28/May/2025:18:10:21 +0200] "GET /Jurek/benetech/feeds/benetech_cdon_fi.xml HTTP/1.1" 200 4165406 "-" "python-requests/2.32.3"
77.79.248.229 - - [28/May/2025:18:10:21 +0200] "GET /Jurek/waks/feeds/waks_cdon_se.xml HTTP/1.1" 200 1598639 "-" "python-requests/2.32.3"
77.79.248.229 - - [28/May/2025:18:10:21 +0200] "GET /Jurek/waks/feeds/waks_cdon_dk.xml HTTP/1.1" 200 1598639 "-" "python-requests/2.32.3"
77.79.248.229 - - [28/May/2025:18:10:21 +0200] "GET /Jurek/waks/feeds/waks_cdon_fi.xml HTTP/1.1" 200 1596552 "-" "python-requests/2.32.3"
77.79.248.229 - - [28/May/2025:18:10:21 +0200] "GET /Jurek/kambukka/feeds/kambukka_cdon_se.xml HTTP/1.1" 200 1023749 "-" "python-requests/2.32.3"
77.79.248.229 - - [28/May/2025:18:10:21 +0200] "GET /Jurek/kambukka/feeds/kambukka_cdon_dk.xml HTTP/1.1" 200 1023743 "-" "python-requests/2.32.3"
77.79.248.229 - - [28/May/2025:18:10:22 +0200] "GET /Jurek/kambukka/feeds/kambukka_cdon_fi.xml HTTP/1.1" 200 1023478 "-" "python-requests/2.32.3"
77.79.248.229 - - [28/May/2025:18:10:22 +0200] "GET /Jurek/hdwr/feeds/hdwr_cdon_se.xml HTTP/1.1" 200 789714 "-" "python-requests/2.32.3"
77.79.248.229 - - [28/May/2025:18:10:22 +0200] "GET /Jurek/hdwr/feeds/hdwr_cdon_dk.xml HTTP/1.1" 200 789658 "-" "python-requests/2.32.3"
77.79.248.229 - - [28/May/2025:18:10:22 +0200] "GET /Jurek/hdwr/feeds/hdwr_cdon_fi.xml HTTP/1.1" 200 789441 "-" "python-requests/2.32.3"
46.101.116.244 - - [28/May/2025:18:10:22 +0200] "GET /Jurek/euroshop/feeds/euroshop_alza.xml HTTP/2.0" 200 20021106 "-" "-"
77.79.248.229 - - [28/May/2025:18:10:22 +0200] "GET /Jurek/targethome/feeds/targethome_cdon_se.xml HTTP/1.1" 200 688758 "-" "python-requests/2.32.3"
77.79.248.229 - - [28/May/2025:18:10:22 +0200] "GET /Jurek/targethome/feeds/targethome_cdon_dk.xml HTTP/1.1" 200 688716 "-" "python-requests/2.32.3"
77.79.248.229 - - [28/May/2025:18:10:22 +0200] "GET /Jurek/targethome/feeds/targethome_cdon_fi.xml HTTP/1.1" 200 688624 "-" "python-requests/2.32.3"
77.79.248.229 - - [28/May/2025:18:10:23 +0200] "GET /Jurek/eroplace/feeds/eroplace_cdon_se.xml HTTP/1.1" 200 52158744 "-" "python-requests/2.32.3"
77.79.248.229 - - [28/May/2025:18:10:24 +0200] "GET /Jurek/eroplace/feeds/eroplace_cdon_dk.xml HTTP/1.1" 200 52157498 "-" "python-requests/2.32.3"
77.79.248.229 - - [28/May/2025:18:10:24 +0200] "GET /Jurek/eroplace/feeds/eroplace_cdon_fi.xml HTTP/1.1" 200 52134387 "-" "python-requests/2.32.3"
77.79.248.229 - - [28/May/2025:18:10:24 +0200] "GET /Jurek/artdog/feeds/artdog_cdon_se.xml HTTP/1.1" 200 17166320 "-" "python-requests/2.32.3"
77.79.248.229 - - [28/May/2025:18:10:24 +0200] "GET /Jurek/artdog/feeds/artdog_cdon_dk.xml HTTP/1.1" 200 17166530 "-" "python-requests/2.32.3"
77.79.248.229 - - [28/May/2025:18:10:25 +0200] "GET /Jurek/artdog/feeds/artdog_cdon_fi.xml HTTP/1.1" 200 17159596 "-" "python-requests/2.32.3"
77.79.248.229 - - [28/May/2025:18:10:25 +0200] "GET /Jurek/sempler/feeds/sempler_cdon_se.xml HTTP/1.1" 200 6789188 "-" "python-requests/2.32.3"
77.79.248.229 - - [28/May/2025:18:10:25 +0200] "GET /Jurek/sempler/feeds/sempler_cdon_dk.xml HTTP/1.1" 200 6789163 "-" "python-requests/2.32.3"
77.79.248.229 - - [28/May/2025:18:10:25 +0200] "GET /Jurek/sempler/feeds/sempler_cdon_fi.xml HTTP/1.1" 200 6787932 "-" "python-requests/2.32.3"
77.79.248.229 - - [28/May/2025:18:10:25 +0200] "GET /Jurek/oromed/feeds/oromed_cdon_se.xml HTTP/1.1" 200 1290311 "-" "python-requests/2.32.3"
77.79.248.229 - - [28/May/2025:18:10:25 +0200] "GET /Jurek/oromed/feeds/oromed_cdon_dk.xml HTTP/1.1" 200 1290303 "-" "python-requests/2.32.3"
77.79.248.229 - - [28/May/2025:18:10:25 +0200] "GET /Jurek/oromed/feeds/oromed_cdon_fi.xml HTTP/1.1" 200 1290085 "-" "python-requests/2.32.3"
77.79.248.229 - - [28/May/2025:18:10:26 +0200] "GET /Jurek/hurtmeblowy/feeds/hurtmeblowy_cdon_se.xml HTTP/1.1" 200 8545317 "-" "python-requests/2.32.3"
77.79.248.229 - - [28/May/2025:18:10:26 +0200] "GET /Jurek/hurtmeblowy/feeds/hurtmeblowy_cdon_dk.xml HTTP/1.1" 200 8544902 "-" "python-requests/2.32.3"
77.79.248.229 - - [28/May/2025:18:10:26 +0200] "GET /Jurek/hurtmeblowy/feeds/hurtmeblowy_cdon_fi.xml HTTP/1.1" 200 8543091 "-" "python-requests/2.32.3"
77.79.248.229 - - [28/May/2025:18:10:26 +0200] "GET /Jurek/narzbud/feeds/narzbud_cdon_se.xml HTTP/1.1" 200 1901962 "-" "python-requests/2.32.3"
77.79.248.229 - - [28/May/2025:18:10:26 +0200] "GET /Jurek/narzbud/feeds/narzbud_cdon_dk.xml HTTP/1.1" 200 1901962 "-" "python-requests/2.32.3"
77.79.248.229 - - [28/May/2025:18:10:26 +0200] "GET /Jurek/narzbud/feeds/narzbud_cdon_fi.xml HTTP/1.1" 200 1901202 "-" "python-requests/2.32.3"
77.79.248.229 - - [28/May/2025:18:10:26 +0200] "GET /Jurek/livinhill/feeds/livinhill_cdon_se.xml HTTP/1.1" 200 212125 "-" "python-requests/2.32.3"
77.79.248.229 - - [28/May/2025:18:10:26 +0200] "GET /Jurek/livinhill/feeds/livinhill_cdon_dk.xml HTTP/1.1" 200 1509138 "-" "python-requests/2.32.3"
77.79.248.229 - - [28/May/2025:18:10:26 +0200] "GET /Jurek/livinhill/feeds/livinhill_cdon_fi.xml HTTP/1.1" 200 1508694 "-" "python-requests/2.32.3"
77.79.248.229 - - [28/May/2025:18:10:26 +0200] "GET /Jurek/ekuchcikowo/feeds/ekuchcikowo_cdon_se.xml HTTP/1.1" 200 12473270 "-" "python-requests/2.32.3"
77.79.248.229 - - [28/May/2025:18:10:26 +0200] "GET /Jurek/ekuchcikowo/feeds/ekuchcikowo_cdon_dk.xml HTTP/1.1" 200 12473192 "-" "python-requests/2.32.3"
77.79.248.229 - - [28/May/2025:18:10:26 +0200] "GET /Jurek/ekuchcikowo/feeds/ekuchcikowo_cdon_fi.xml HTTP/1.1" 200 12471019 "-" "python-requests/2.32.3"
77.79.248.229 - - [28/May/2025:18:10:26 +0200] "GET /Jurek/fertone/feeds/fertone_cdon_se.xml HTTP/1.1" 200 584240 "-" "python-requests/2.32.3"
77.79.248.229 - - [28/May/2025:18:10:26 +0200] "GET /Jurek/fertone/feeds/fertone_cdon_dk.xml HTTP/1.1" 200 584196 "-" "python-requests/2.32.3"
77.79.248.229 - - [28/May/2025:18:10:26 +0200] "GET /Jurek/fertone/feeds/fertone_cdon_fi.xml HTTP/1.1" 200 583887 "-" "python-requests/2.32.3"
77.79.248.229 - - [28/May/2025:18:10:27 +0200] "GET /Jurek/cbdgreen/feeds/cbdgreen_cdon_se.xml HTTP/1.1" 200 50550 "-" "python-requests/2.32.3"
77.79.248.229 - - [28/May/2025:18:10:27 +0200] "GET /Jurek/cbdgreen/feeds/cbdgreen_cdon_dk.xml HTTP/1.1" 200 50548 "-" "python-requests/2.32.3"
77.79.248.229 - - [28/May/2025:18:10:27 +0200] "GET /Jurek/cbdgreen/feeds/cbdgreen_cdon_fi.xml HTTP/1.1" 200 50543 "-" "python-requests/2.32.3"
77.79.248.229 - - [28/May/2025:18:10:27 +0200] "GET /Jurek/pawonik/feeds/pawonik_cdon_se.xml HTTP/1.1" 200 2138756 "-" "python-requests/2.32.3"
77.79.248.229 - - [28/May/2025:18:10:28 +0200] "GET /Jurek/pawonik/feeds/pawonik_cdon_dk.xml HTTP/1.1" 200 2138734 "-" "python-requests/2.32.3"
77.79.248.229 - - [28/May/2025:18:10:28 +0200] "GET /Jurek/pawonik/feeds/pawonik_cdon_fi.xml HTTP/1.1" 200 2138406 "-" "python-requests/2.32.3"
77.79.248.229 - - [28/May/2025:18:10:28 +0200] "GET /Jurek/mosti/feeds/mosti_cdon_se.xml HTTP/1.1" 200 4634972 "-" "python-requests/2.32.3"
77.79.248.229 - - [28/May/2025:18:10:28 +0200] "GET /Jurek/mosti/feeds/mosti_cdon_dk.xml HTTP/1.1" 200 4634902 "-" "python-requests/2.32.3"
77.79.248.229 - - [28/May/2025:18:10:28 +0200] "GET /Jurek/mosti/feeds/mosti_cdon_fi.xml HTTP/1.1" 200 4633478 "-" "python-requests/2.32.3"
77.79.248.229 - - [28/May/2025:18:10:28 +0200] "GET /Jurek/winoszarnia/feeds/winoszarnia_cdon_se.xml HTTP/1.1" 200 6066066 "-" "python-requests/2.32.3"
77.79.248.229 - - [28/May/2025:18:10:28 +0200] "GET /Jurek/winoszarnia/feeds/winoszarnia_cdon_dk.xml HTTP/1.1" 200 6066196 "-" "python-requests/2.32.3"
77.79.248.229 - - [28/May/2025:18:10:28 +0200] "GET /Jurek/winoszarnia/feeds/winoszarnia_cdon_fi.xml HTTP/1.1" 200 6064768 "-" "python-requests/2.32.3"
77.79.248.229 - - [28/May/2025:18:10:29 +0200] "GET /Jurek/pupus/feeds/pupus_cdon_se.xml HTTP/1.1" 200 6156497 "-" "python-requests/2.32.3"
77.79.248.229 - - [28/May/2025:18:10:29 +0200] "GET /Jurek/pupus/feeds/pupus_cdon_dk.xml HTTP/1.1" 200 6156363 "-" "python-requests/2.32.3"
77.79.248.229 - - [28/May/2025:18:10:29 +0200] "GET /Jurek/pupus/feeds/pupus_cdon_fi.xml HTTP/1.1" 200 6154436 "-" "python-requests/2.32.3"
77.79.248.229 - - [28/May/2025:18:10:30 +0200] "GET /Jurek/harmonypost/feeds/harmonypost_cdon_se.xml HTTP/1.1" 200 39921619 "-" "python-requests/2.32.3"
77.79.248.229 - - [28/May/2025:18:10:30 +0200] "GET /Jurek/harmonypost/feeds/harmonypost_cdon_dk.xml HTTP/1.1" 200 39915815 "-" "python-requests/2.32.3"
77.79.248.229 - - [28/May/2025:18:10:30 +0200] "GET /Jurek/harmonypost/feeds/harmonypost_cdon_fi.xml HTTP/1.1" 200 39903561 "-" "python-requests/2.32.3"
77.79.248.229 - - [28/May/2025:18:10:30 +0200] "GET /Jurek/pasiekaslodka/feeds/pasiekaslodka_cdon_se.xml HTTP/1.1" 200 119696 "-" "python-requests/2.32.3"
77.79.248.229 - - [28/May/2025:18:10:31 +0200] "GET /Jurek/pasiekaslodka/feeds/pasiekaslodka_cdon_dk.xml HTTP/1.1" 200 119694 "-" "python-requests/2.32.3"
77.79.248.229 - - [28/May/2025:18:10:31 +0200] "GET /Jurek/pasiekaslodka/feeds/pasiekaslodka_cdon_fi.xml HTTP/1.1" 200 119665 "-" "python-requests/2.32.3"
51.77.52.107 - - [28/May/2025:18:10:33 +0200] "GET /Jurek/eurofirany/images/463996/0.jpg HTTP/2.0" 200 85424 "-" "baselinker"
46.101.116.244 - - [28/May/2025:18:10:34 +0200] "GET /Jurek/najtanszysport/feeds/najtanszysport_alza.xml HTTP/2.0" 200 3982629 "-" "-"
77.79.248.229 - - [28/May/2025:18:10:35 +0200] "GET /Jurek/lerutrade/feeds/lerutrade_cdon_se.xml HTTP/1.1" 200 82835 "-" "python-requests/2.32.3"
77.79.248.229 - - [28/May/2025:18:10:35 +0200] "GET /Jurek/lerutrade/feeds/lerutrade_cdon_dk.xml HTTP/1.1" 200 82829 "-" "python-requests/2.32.3"
77.79.248.229 - - [28/May/2025:18:10:35 +0200] "GET /Jurek/lerutrade/feeds/lerutrade_cdon_fi.xml HTTP/1.1" 200 82822 "-" "python-requests/2.32.3"
89.161.206.59 - - [28/May/2025:18:10:37 +0200] "GET /Jurek/proadventure/feeds/proadventure_skr.xml HTTP/1.0" 200 10762215 "-" "-"
89.161.206.59 - - [28/May/2025:18:10:38 +0200] "GET /Jurek/bloomglow/feeds/bloomglow_skr.xml HTTP/1.0" 200 11671701 "-" "-"
51.77.52.107 - - [28/May/2025:18:10:40 +0200] "GET /Jurek/eurofirany/images/463996/0.jpg HTTP/2.0" 200 85424 "-" "baselinker"
85.14.86.141 - - [28/May/2025:18:10:41 +0200] "GET /Jurek/aw/feeds/awnarzedzia_morele.xml HTTP/2.0" 200 91123092 "-" "MarketplaceAPI curl/7.74.0 PHP/8"
46.101.116.244 - - [28/May/2025:18:10:45 +0200] "GET /Jurek/rider/feeds/rider_alza.xml HTTP/2.0" 200 8166390 "-" "-"
46.101.116.244 - - [28/May/2025:18:11:00 +0200] "GET /Jurek/intsell/feeds/intsell_alza.xml HTTP/2.0" 200 342157477 "-" "-"
51.77.52.107 - - [28/May/2025:18:11:01 +0200] "GET /Jurek/eurofirany/images/463996/0.jpg HTTP/2.0" 200 85424 "-" "baselinker"
51.77.52.107 - - [28/May/2025:18:11:07 +0200] "GET /Jurek/eurofirany/images/464000/0.jpg HTTP/2.0" 200 102354 "-" "baselinker"
85.14.86.141 - - [28/May/2025:18:11:10 +0200] "GET /Jurek/beliani/feeds/beliani_morele.xml HTTP/2.0" 200 29763733 "-" "MarketplaceAPI curl/7.74.0 PHP/8"
51.77.52.107 - - [28/May/2025:18:11:53 +0200] "GET /Jurek/eurofirany/images/464000/0.jpg HTTP/2.0" 200 102354 "-" "baselinker"
51.77.52.107 - - [28/May/2025:18:11:58 +0200] "GET /Jurek/eurofirany/images/464000/0.jpg HTTP/2.0" 200 102354 "-" "baselinker"
51.77.52.107 - - [28/May/2025:18:12:39 +0200] "GET /Jurek/eurofirany/images/464005/0.jpg HTTP/2.0" 200 99123 "-" "baselinker"
51.77.52.107 - - [28/May/2025:18:12:45 +0200] "GET /Jurek/eurofirany/images/464005/0.jpg HTTP/2.0" 200 99123 "-" "baselinker"
46.101.116.244 - - [28/May/2025:18:12:59 +0200] "GET /Jurek/sempler/feeds/sempler_alza.xml HTTP/2.0" 200 6789377 "-" "-"
89.161.206.59 - - [28/May/2025:18:13:02 +0200] "GET /Jurek/ikonka/feeds/ikonka_ebayde.xml HTTP/1.0" 200 7104919 "-" "-"
51.77.52.107 - - [28/May/2025:18:13:10 +0200] "GET /Jurek/eurofirany/images/464005/0.jpg HTTP/2.0" 200 99123 "-" "baselinker"
46.101.116.244 - - [28/May/2025:18:13:11 +0200] "GET /Jurek/eroplace/feeds/eroplace_alza.xml HTTP/2.0" 200 52164020 "-" "-"
51.77.52.107 - - [28/May/2025:18:13:14 +0200] "GET /Jurek/eurofirany/images/464006/0.jpg HTTP/2.0" 200 101769 "-" "baselinker"
46.101.116.244 - - [28/May/2025:18:13:24 +0200] "GET /Jurek/mosti/feeds/mosti_alza.xml HTTP/2.0" 200 4629106 "-" "-"
46.101.116.244 - - [28/May/2025:18:13:25 +0200] "GET /Jurek/biokominki/feeds/biokomiinki_alza.xml HTTP/2.0" 200 1422347 "-" "-"
51.77.52.107 - - [28/May/2025:18:13:47 +0200] "GET /Jurek/eurofirany/images/464006/0.jpg HTTP/2.0" 200 101769 "-" "baselinker"
51.77.52.107 - - [28/May/2025:18:13:52 +0200] "GET /Jurek/eurofirany/images/464006/0.jpg HTTP/2.0" 200 101769 "-" "baselinker"
89.161.206.59 - - [28/May/2025:18:14:00 +0200] "GET /Jurek/ikonka/feeds/ikonka_allegro_cz.xml HTTP/1.0" 200 20804445 "-" "-"
77.79.248.229 - - [28/May/2025:18:14:10 +0200] "GET /Jurek/vida_morele/feeds/vidaPL_erli.xml HTTP/1.1" 200 782956217 "-" "Python-urllib/3.11"
51.77.52.107 - - [28/May/2025:18:14:17 +0200] "GET /Jurek/eurofirany/images/464010/0.jpg HTTP/2.0" 200 100806 "-" "baselinker"
46.101.116.244 - - [28/May/2025:18:14:22 +0200] "GET /Jurek/vida_morele/feeds/vida_alza.xml HTTP/2.0" 200 782507512 "-" "-"
51.77.52.107 - - [28/May/2025:18:14:37 +0200] "GET /Jurek/eurofirany/images/464010/0.jpg HTTP/2.0" 200 100806 "-" "baselinker"
51.77.52.107 - - [28/May/2025:18:15:04 +0200] "GET /Jurek/eurofirany/images/464010/0.jpg HTTP/2.0" 200 100806 "-" "baselinker"
51.77.52.107 - - [28/May/2025:18:15:23 +0200] "GET /Jurek/eurofirany/images/464013/0.jpg HTTP/2.0" 200 103468 "-" "baselinker"
89.161.206.59 - - [28/May/2025:18:15:46 +0200] "GET /Jurek/topeshop/feeds/topeshop_amazonSE.xml HTTP/1.0" 200 3021776 "-" "-"
51.77.52.107 - - [28/May/2025:18:15:49 +0200] "GET /Jurek/eurofirany/images/464013/0.jpg HTTP/2.0" 200 103468 "-" "baselinker"
51.77.52.107 - - [28/May/2025:18:15:53 +0200] "GET /Jurek/eurofirany/images/464013/0.jpg HTTP/2.0" 200 103468 "-" "baselinker"
51.77.52.107 - - [28/May/2025:18:16:01 +0200] "GET /Jurek/eurofirany/images/464026/0.jpg HTTP/2.0" 200 31953 "-" "baselinker"
77.79.248.229 - - [28/May/2025:18:16:09 +0200] "GET /Jurek/vida_morele/feeds/vidaPL_erli.xml HTTP/1.1" 200 782956217 "-" "Python-urllib/3.11"
51.77.52.107 - - [28/May/2025:18:16:24 +0200] "GET /Jurek/eurofirany/images/464026/0.jpg HTTP/2.0" 200 31953 "-" "baselinker"
89.161.206.59 - - [28/May/2025:18:16:36 +0200] "GET /Jurek/gandalf/feeds/gandalf_emagro.xml HTTP/1.0" 200 1082610 "-" "-"
89.161.206.59 - - [28/May/2025:18:16:36 +0200] "GET /Jurek/zami/feeds/zami_emagro.xml HTTP/1.0" 200 4475689 "-" "-"
51.77.52.107 - - [28/May/2025:18:16:42 +0200] "GET /Jurek/eurofirany/images/464026/0.jpg HTTP/2.0" 200 31953 "-" "baselinker"
188.27.154.142 - - [28/May/2025:18:16:47 +0200] "GET /Jurek/eurofirany/images/333886/2.jpg HTTP/2.0" 200 26359 "https://www.emag.ro/perdea-ready-esim-140x250-cm-alba-eurofirany-333886/pd/DVN68LMBM/description" "Mozilla/5.0 (Linux; Android 13; CPH2205 Build/TP1A.220905.001; wv) AppleWebKit/537.36 (KHTML, like Gecko) Version/4.0 Chrome/136.0.7103.61 Mobile Safari/537.36"
188.27.154.142 - - [28/May/2025:18:16:47 +0200] "GET /Jurek/eurofirany/images/333886/1.jpg HTTP/2.0" 200 55732 "https://www.emag.ro/perdea-ready-esim-140x250-cm-alba-eurofirany-333886/pd/DVN68LMBM/description" "Mozilla/5.0 (Linux; Android 13; CPH2205 Build/TP1A.220905.001; wv) AppleWebKit/537.36 (KHTML, like Gecko) Version/4.0 Chrome/136.0.7103.61 Mobile Safari/537.36"
188.27.154.142 - - [28/May/2025:18:16:47 +0200] "GET /Jurek/eurofirany/images/333886/3.jpg HTTP/2.0" 200 50905 "https://www.emag.ro/perdea-ready-esim-140x250-cm-alba-eurofirany-333886/pd/DVN68LMBM/description" "Mozilla/5.0 (Linux; Android 13; CPH2205 Build/TP1A.220905.001; wv) AppleWebKit/537.36 (KHTML, like Gecko) Version/4.0 Chrome/136.0.7103.61 Mobile Safari/537.36"
188.27.154.142 - - [28/May/2025:18:16:47 +0200] "GET /Jurek/eurofirany/images/333886/4.jpg HTTP/2.0" 200 139282 "https://www.emag.ro/perdea-ready-esim-140x250-cm-alba-eurofirany-333886/pd/DVN68LMBM/description" "Mozilla/5.0 (Linux; Android 13; CPH2205 Build/TP1A.220905.001; wv) AppleWebKit/537.36 (KHTML, like Gecko) Version/4.0 Chrome/136.0.7103.61 Mobile Safari/537.36"
188.27.154.142 - - [28/May/2025:18:16:47 +0200] "GET /Jurek/eurofirany/images/333886/5.jpg HTTP/2.0" 200 44556 "https://www.emag.ro/perdea-ready-esim-140x250-cm-alba-eurofirany-333886/pd/DVN68LMBM/description" "Mozilla/5.0 (Linux; Android 13; CPH2205 Build/TP1A.220905.001; wv) AppleWebKit/537.36 (KHTML, like Gecko) Version/4.0 Chrome/136.0.7103.61 Mobile Safari/537.36"
188.27.154.142 - - [28/May/2025:18:16:47 +0200] "GET /Jurek/eurofirany/images/333886/6.jpg HTTP/2.0" 200 89803 "https://www.emag.ro/perdea-ready-esim-140x250-cm-alba-eurofirany-333886/pd/DVN68LMBM/description" "Mozilla/5.0 (Linux; Android 13; CPH2205 Build/TP1A.220905.001; wv) AppleWebKit/537.36 (KHTML, like Gecko) Version/4.0 Chrome/136.0.7103.61 Mobile Safari/537.36"
51.77.52.107 - - [28/May/2025:18:16:47 +0200] "GET /Jurek/eurofirany/images/464027/0.jpg HTTP/2.0" 200 40278 "-" "baselinker"
51.77.52.107 - - [28/May/2025:18:17:09 +0200] "GET /Jurek/eurofirany/images/464027/0.jpg HTTP/2.0" 200 40278 "-" "baselinker"
51.77.52.107 - - [28/May/2025:18:17:14 +0200] "GET /Jurek/eurofirany/images/464027/0.jpg HTTP/2.0" 200 40278 "-" "baselinker"
51.77.52.107 - - [28/May/2025:18:17:19 +0200] "GET /Jurek/eurofirany/images/464029/0.jpg HTTP/2.0" 200 45351 "-" "baselinker"
89.161.206.59 - - [28/May/2025:18:17:21 +0200] "GET /Jurek/proadventure/feeds/proadventure_emag.xml HTTP/1.0" 200 10765309 "-" "-"
46.101.116.244 - - [28/May/2025:18:17:35 +0200] "GET /Jurek/piotrmiedz/feeds/piotrmiedz_skr.xml HTTP/1.0" 200 91046852 "-" "-"
51.77.52.107 - - [28/May/2025:18:17:44 +0200] "GET /Jurek/eurofirany/images/464029/0.jpg HTTP/2.0" 200 45351 "-" "baselinker"
89.161.206.59 - - [28/May/2025:18:18:05 +0200] "GET /Jurek/rems/feeds/rems_emag.xml HTTP/1.0" 200 8706535 "-" "-"
89.161.206.59 - - [28/May/2025:18:18:07 +0200] "GET /Jurek/lerutrade/feeds/lerutrade_emag.xml HTTP/1.0" 200 82823 "-" "-"
51.77.52.107 - - [28/May/2025:18:18:09 +0200] "GET /Jurek/eurofirany/images/464029/0.jpg HTTP/2.0" 200 45351 "-" "baselinker"
77.79.248.229 - - [28/May/2025:18:18:09 +0200] "GET /Jurek/vida_morele/feeds/vidaPL_erli.xml HTTP/1.1" 200 782956217 "-" "Python-urllib/3.11"
51.77.52.107 - - [28/May/2025:18:18:37 +0200] "GET /Jurek/eurofirany/images/464030/0.jpg HTTP/2.0" 200 51340 "-" "baselinker"
34.56.40.173 - - [28/May/2025:18:18:39 +0200] "GET /Jurek/topeshop/downloaded_images/5902838466681_Artisan_Rtv.jpg HTTP/1.1" 404 3551 "-" "Mozilla/5.0 (X11; Linux x86_64) AppleWebKit/537.36 (KHTML, like Gecko) Chrome/110.0.0.0 Safari/537.36"
34.29.253.61 - - [28/May/2025:18:18:40 +0200] "GET /Jurek/topeshop/downloaded_images/5902838461273_2.png HTTP/1.1" 404 3551 "-" "Mozilla/5.0 (X11; Linux x86_64) AppleWebKit/537.36 (KHTML, like Gecko) Chrome/110.0.0.0 Safari/537.36"
34.123.56.223 - - [28/May/2025:18:18:42 +0200] "GET /Jurek/topeshop/downloaded_images/5902838466681_Artisan_Rtv.jpg HTTP/1.1" 404 3551 "-" "Mozilla/5.0 (X11; Linux x86_64) AppleWebKit/537.36 (KHTML, like Gecko) Chrome/110.0.0.0 Safari/537.36"
34.29.253.61 - - [28/May/2025:18:18:42 +0200] "GET /Jurek/topeshop/downloaded_images/5902838461273_2.png HTTP/1.1" 404 3551 "-" "Mozilla/5.0 (X11; Linux x86_64) AppleWebKit/537.36 (KHTML, like Gecko) Chrome/110.0.0.0 Safari/537.36"
34.123.56.223 - - [28/May/2025:18:18:47 +0200] "GET /Jurek/topeshop/downloaded_images/5902838461273_2.png HTTP/1.1" 404 3551 "-" "Mozilla/5.0 (X11; Linux x86_64) AppleWebKit/537.36 (KHTML, like Gecko) Chrome/110.0.0.0 Safari/537.36"
34.56.40.173 - - [28/May/2025:18:18:47 +0200] "GET /Jurek/topeshop/downloaded_images/5902838466681_Artisan_Rtv.jpg HTTP/1.1" 404 3551 "-" "Mozilla/5.0 (X11; Linux x86_64) AppleWebKit/537.36 (KHTML, like Gecko) Chrome/110.0.0.0 Safari/537.36"
192.171.88.248 - - [28/May/2025:18:18:54 +0200] "GET /Jurek/topeshop/downloaded_images/5902838461273_2.png HTTP/2.0" 404 3551 "-" "Mozilla/5.0 (X11; Linux x86_64) AppleWebKit/537.36 (KHTML, like Gecko) Chrome/110.0.0.0 Safari/537.36"
199.101.143.163 - - [28/May/2025:18:18:54 +0200] "GET /Jurek/topeshop/downloaded_images/5902838466681_Artisan_Rtv.jpg HTTP/2.0" 404 3551 "-" "Mozilla/5.0 (X11; Linux x86_64) AppleWebKit/537.36 (KHTML, like Gecko) Chrome/110.0.0.0 Safari/537.36"
51.77.52.107 - - [28/May/2025:18:18:59 +0200] "GET /Jurek/eurofirany/images/464030/0.jpg HTTP/2.0" 200 51340 "-" "baselinker"
216.213.27.240 - - [28/May/2025:18:19:02 +0200] "GET /Jurek/topeshop/downloaded_images/5902838461273_2.png HTTP/2.0" 404 3551 "-" "Mozilla/5.0 (X11; Linux x86_64) AppleWebKit/537.36 (KHTML, like Gecko) Chrome/110.0.0.0 Safari/537.36"
209.163.116.133 - - [28/May/2025:18:19:02 +0200] "GET /Jurek/topeshop/downloaded_images/5902838466681_Artisan_Rtv.jpg HTTP/2.0" 404 3551 "-" "Mozilla/5.0 (X11; Linux x86_64) AppleWebKit/537.36 (KHTML, like Gecko) Chrome/110.0.0.0 Safari/537.36"
34.29.253.61 - - [28/May/2025:18:19:03 +0200] "GET /Jurek/topeshop/downloaded_images/5902838466681_3.png HTTP/1.1" 404 3551 "-" "Mozilla/5.0 (X11; Linux x86_64) AppleWebKit/537.36 (KHTML, like Gecko) Chrome/110.0.0.0 Safari/537.36"
51.77.52.107 - - [28/May/2025:18:19:04 +0200] "GET /Jurek/eurofirany/images/464030/0.jpg HTTP/2.0" 200 51340 "-" "baselinker"
34.29.253.61 - - [28/May/2025:18:19:04 +0200] "GET /Jurek/topeshop/downloaded_images/5902838461273_3.png HTTP/1.1" 404 3551 "-" "Mozilla/5.0 (X11; Linux x86_64) AppleWebKit/537.36 (KHTML, like Gecko) Chrome/110.0.0.0 Safari/537.36"
34.56.40.173 - - [28/May/2025:18:19:06 +0200] "GET /Jurek/topeshop/downloaded_images/5902838466681_3.png HTTP/1.1" 404 3551 "-" "Mozilla/5.0 (X11; Linux x86_64) AppleWebKit/537.36 (KHTML, like Gecko) Chrome/110.0.0.0 Safari/537.36"
34.29.253.61 - - [28/May/2025:18:19:07 +0200] "GET /Jurek/topeshop/downloaded_images/5902838461273_3.png HTTP/1.1" 404 3551 "-" "Mozilla/5.0 (X11; Linux x86_64) AppleWebKit/537.36 (KHTML, like Gecko) Chrome/110.0.0.0 Safari/537.36"
34.29.253.61 - - [28/May/2025:18:19:11 +0200] "GET /Jurek/topeshop/downloaded_images/5902838466681_3.png HTTP/1.1" 404 3551 "-" "Mozilla/5.0 (X11; Linux x86_64) AppleWebKit/537.36 (KHTML, like Gecko) Chrome/110.0.0.0 Safari/537.36"
34.56.40.173 - - [28/May/2025:18:19:11 +0200] "GET /Jurek/topeshop/downloaded_images/5902838461273_3.png HTTP/1.1" 404 3551 "-" "Mozilla/5.0 (X11; Linux x86_64) AppleWebKit/537.36 (KHTML, like Gecko) Chrome/110.0.0.0 Safari/537.36"
192.177.109.88 - - [28/May/2025:18:19:17 +0200] "GET /Jurek/topeshop/downloaded_images/5902838466681_3.png HTTP/2.0" 404 3551 "-" "Mozilla/5.0 (X11; Linux x86_64) AppleWebKit/537.36 (KHTML, like Gecko) Chrome/110.0.0.0 Safari/537.36"
158.62.223.254 - - [28/May/2025:18:19:18 +0200] "GET /Jurek/topeshop/downloaded_images/5902838461273_3.png HTTP/2.0" 404 3551 "-" "Mozilla/5.0 (X11; Linux x86_64) AppleWebKit/537.36 (KHTML, like Gecko) Chrome/110.0.0.0 Safari/537.36"
51.77.52.107 - - [28/May/2025:18:19:23 +0200] "GET /Jurek/eurofirany/images/464032/0.jpg HTTP/2.0" 200 48863 "-" "baselinker"
172.96.80.175 - - [28/May/2025:18:19:26 +0200] "GET /Jurek/topeshop/downloaded_images/5902838466681_3.png HTTP/2.0" 404 3551 "-" "Mozilla/5.0 (X11; Linux x86_64) AppleWebKit/537.36 (KHTML, like Gecko) Chrome/110.0.0.0 Safari/537.36"
170.199.227.144 - - [28/May/2025:18:19:27 +0200] "GET /Jurek/topeshop/downloaded_images/5902838461273_3.png HTTP/2.0" 404 3551 "-" "Mozilla/5.0 (X11; Linux x86_64) AppleWebKit/537.36 (KHTML, like Gecko) Chrome/110.0.0.0 Safari/537.36"
46.101.116.244 - - [28/May/2025:18:19:40 +0200] "GET /Jurek/piotrmiedz/feeds/piotrmiedz_emagro.xml HTTP/1.0" 200 91072443 "-" "-"
51.77.52.107 - - [28/May/2025:18:19:44 +0200] "GET /Jurek/eurofirany/images/464032/0.jpg HTTP/2.0" 200 48863 "-" "baselinker"
89.161.206.59 - - [28/May/2025:18:19:45 +0200] "GET /Jurek/kobi/feeds/kobi_emagro.xml HTTP/1.0" 200 249047 "-" "-"
46.101.116.244 - - [28/May/2025:18:19:47 +0200] "GET /Jurek/awparts/feeds/awparts_emagro.xml HTTP/1.0" 200 142417459 "-" "-"
51.77.52.107 - - [28/May/2025:18:19:49 +0200] "GET /Jurek/eurofirany/images/464032/0.jpg HTTP/2.0" 200 48863 "-" "baselinker"
66.249.70.36 - - [28/May/2025:18:19:57 +0200] "GET /Jurek/topeshop/downloaded_images/5902838463413_DENVER_BIEL(3).jpg HTTP/1.1" 404 3551 "-" "Googlebot-Image/1.0"
66.249.70.36 - - [28/May/2025:18:19:59 +0200] "GET /Jurek/topeshop/downloaded_images/5902838463413_DENVER_BIEL(5).jpg HTTP/1.1" 404 3551 "-" "Googlebot-Image/1.0"
66.249.70.36 - - [28/May/2025:18:20:00 +0200] "GET /Jurek/topeshop/downloaded_images/5902838463413_DENVER_BIEL(4).jpg HTTP/1.1" 404 3551 "-" "Googlebot-Image/1.0"
51.77.52.107 - - [28/May/2025:18:20:02 +0200] "GET /Jurek/eurofirany/images/464033/0.jpg HTTP/2.0" 200 45666 "-" "baselinker"
66.249.70.36 - - [28/May/2025:18:20:08 +0200] "GET /Jurek/topeshop/downloaded_images/5902838463277_14255.jpg HTTP/1.1" 404 3551 "-" "Googlebot-Image/1.0"
51.77.52.107 - - [28/May/2025:18:20:08 +0200] "GET /Jurek/eurofirany/images/464033/0.jpg HTTP/2.0" 200 45666 "-" "baselinker"
66.249.70.36 - - [28/May/2025:18:20:08 +0200] "GET /Jurek/topeshop/downloaded_images/5902838463277_Dallas_Biel(4).jpg HTTP/1.1" 404 3551 "-" "Googlebot-Image/1.0"
66.249.70.36 - - [28/May/2025:18:20:10 +0200] "GET /Jurek/topeshop/downloaded_images/5902838463277_Dallas_Biel(6).jpg HTTP/1.1" 404 3551 "-" "Googlebot-Image/1.0"
66.249.70.36 - - [28/May/2025:18:20:12 +0200] "GET /Jurek/topeshop/downloaded_images/5902838463277_Dallas_Biel(1).jpg HTTP/1.1" 404 3551 "-" "Googlebot-Image/1.0"
66.249.70.36 - - [28/May/2025:18:20:13 +0200] "GET /Jurek/topeshop/downloaded_images/5902838463277_Dallas_Biel(5).jpg HTTP/1.1" 404 3551 "-" "Googlebot-Image/1.0"
51.77.52.107 - - [28/May/2025:18:20:14 +0200] "GET /Jurek/eurofirany/images/464033/0.jpg HTTP/2.0" 200 45666 "-" "baselinker"
66.249.70.36 - - [28/May/2025:18:20:16 +0200] "GET /Jurek/topeshop/downloaded_images/5902838463277_Dallas_Biel(3).jpg HTTP/1.1" 404 3551 "-" "Googlebot-Image/1.0"
89.161.206.59 - - [28/May/2025:18:20:23 +0200] "GET /Jurek/hurtownia_przemyslowa/feeds/hp_allegro_cz.xml HTTP/1.0" 200 49368683 "-" "-"
89.161.206.59 - - [28/May/2025:18:20:27 +0200] "GET /Jurek/benetech/feeds/benetech_allegro.xml HTTP/1.0" 200 4165675 "-" "-"
89.161.206.59 - - [28/May/2025:18:20:27 +0200] "GET /Jurek/sempler/feeds/sempler_allegro.xml HTTP/1.0" 200 6788376 "-" "-"
89.161.206.59 - - [28/May/2025:18:20:27 +0200] "GET /Jurek/targethome/feeds/targethome_allegro.xml HTTP/1.0" 200 688657 "-" "-"
89.161.206.59 - - [28/May/2025:18:20:27 +0200] "GET /Jurek/kambukka/feeds/kambukka_allegro.xml HTTP/1.0" 200 1023552 "-" "-"
89.161.206.59 - - [28/May/2025:18:20:28 +0200] "GET /Jurek/artdog/feeds/artdog_allegro.xml HTTP/1.0" 200 17162209 "-" "-"
89.161.206.59 - - [28/May/2025:18:20:28 +0200] "GET /Jurek/oromed/feeds/oromed_allegro.xml HTTP/1.0" 200 1290253 "-" "-"
89.161.206.59 - - [28/May/2025:18:20:29 +0200] "GET /Jurek/ekuchcikowo/feeds/ekuchcikowo_allegro.xml HTTP/1.0" 200 12472465 "-" "-"
89.161.206.59 - - [28/May/2025:18:20:29 +0200] "GET /Jurek/livinhill/feeds/livinhill_allegro.xml HTTP/1.0" 200 1488749 "-" "-"
89.161.206.59 - - [28/May/2025:18:20:29 +0200] "GET /Jurek/narzbud/feeds/narzbud_allegro.xml HTTP/1.0" 200 1901319 "-" "-"
89.161.206.59 - - [28/May/2025:18:20:29 +0200] "GET /Jurek/bisanti/feeds/bisanti_allegro.xml HTTP/1.0" 200 1142377 "-" "-"
89.161.206.59 - - [28/May/2025:18:20:29 +0200] "GET /Jurek/combine/feeds/combine_allegro.xml HTTP/1.0" 200 210566 "-" "-"
89.161.206.59 - - [28/May/2025:18:20:30 +0200] "GET /Jurek/spali/feeds/spali_allegro.xml HTTP/1.0" 200 77068 "-" "-"
89.161.206.59 - - [28/May/2025:18:20:30 +0200] "GET /Jurek/ekolight/feeds/ekolight_allegro.xml HTTP/1.0" 200 9055339 "-" "-"
89.161.206.59 - - [28/May/2025:18:20:30 +0200] "GET /Jurek/urwiskowo/feeds/urwiskowo_allegro.xml HTTP/1.0" 200 9115606 "-" "-"
89.161.206.59 - - [28/May/2025:18:20:31 +0200] "GET /Jurek/reman/feeds/reman_allegro.xml HTTP/1.0" 200 1394879 "-" "-"
51.77.52.107 - - [28/May/2025:18:20:42 +0200] "GET /Jurek/eurofirany/images/464034/0.jpg HTTP/2.0" 200 53403 "-" "baselinker"
51.77.52.107 - - [28/May/2025:18:21:06 +0200] "GET /Jurek/eurofirany/images/464034/0.jpg HTTP/2.0" 200 53403 "-" "baselinker"
51.77.52.107 - - [28/May/2025:18:21:13 +0200] "GET /Jurek/eurofirany/images/464034/0.jpg HTTP/2.0" 200 53403 "-" "baselinker"
51.77.52.107 - - [28/May/2025:18:21:40 +0200] "GET /Jurek/eurofirany/images/464035/0.jpg HTTP/2.0" 200 54468 "-" "baselinker"
51.77.52.107 - - [28/May/2025:18:21:46 +0200] "GET /Jurek/eurofirany/images/464035/0.jpg HTTP/2.0" 200 54468 "-" "baselinker"
51.77.52.107 - - [28/May/2025:18:21:50 +0200] "GET /Jurek/eurofirany/images/464035/0.jpg HTTP/2.0" 200 54468 "-" "baselinker"
51.77.52.107 - - [28/May/2025:18:22:19 +0200] "GET /Jurek/eurofirany/images/464044/0.jpg HTTP/2.0" 200 51166 "-" "baselinker"
89.161.206.59 - - [28/May/2025:18:22:20 +0200] "GET /Jurek/broers/feeds/broers_skroutz.xml HTTP/1.0" 200 1981481 "-" "-"
51.77.52.107 - - [28/May/2025:18:22:24 +0200] "GET /Jurek/eurofirany/images/464044/0.jpg HTTP/2.0" 200 51166 "-" "baselinker"
51.77.52.107 - - [28/May/2025:18:22:54 +0200] "GET /Jurek/eurofirany/images/464044/0.jpg HTTP/2.0" 200 51166 "-" "baselinker"
46.101.116.244 - - [28/May/2025:18:23:03 +0200] "GET /Jurek/hurtmeblowy/feeds/hurtmeblowy_ebay.xml HTTP/1.0" 200 5869383 "-" "-"
51.77.52.107 - - [28/May/2025:18:23:10 +0200] "GET /Jurek/eurofirany/images/464045/0.jpg HTTP/2.0" 200 48788 "-" "baselinker"
51.77.52.107 - - [28/May/2025:18:23:17 +0200] "GET /Jurek/eurofirany/images/464045/0.jpg HTTP/2.0" 200 48788 "-" "baselinker"
51.77.52.107 - - [28/May/2025:18:23:37 +0200] "GET /Jurek/eurofirany/images/464045/0.jpg HTTP/2.0" 200 48788 "-" "baselinker"
51.77.52.107 - - [28/May/2025:18:23:42 +0200] "GET /Jurek/eurofirany/images/464049/0.jpg HTTP/2.0" 200 50102 "-" "baselinker"
51.77.52.107 - - [28/May/2025:18:23:49 +0200] "GET /Jurek/eurofirany/images/464049/0.jpg HTTP/2.0" 200 50102 "-" "baselinker"
51.77.52.107 - - [28/May/2025:18:23:53 +0200] "GET /Jurek/eurofirany/images/464049/0.jpg HTTP/2.0" 200 50102 "-" "baselinker"
51.77.52.107 - - [28/May/2025:18:24:11 +0200] "GET /Jurek/eurofirany/images/464050/0.jpg HTTP/2.0" 200 67173 "-" "baselinker"
51.77.52.107 - - [28/May/2025:18:24:16 +0200] "GET /Jurek/eurofirany/images/464050/0.jpg HTTP/2.0" 200 67173 "-" "baselinker"
51.77.52.107 - - [28/May/2025:18:24:40 +0200] "GET /Jurek/eurofirany/images/464050/0.jpg HTTP/2.0" 200 67173 "-" "baselinker"
34.123.56.223 - - [28/May/2025:18:25:00 +0200] "GET /Jurek/topeshop/downloaded_images/5904507201951_rtv140aaaa.jpg HTTP/1.1" 200 135975 "-" "Mozilla/5.0 (X11; Linux x86_64) AppleWebKit/537.36 (KHTML, like Gecko) Chrome/110.0.0.0 Safari/537.36"
34.123.56.223 - - [28/May/2025:18:25:01 +0200] "GET /Jurek/topeshop/downloaded_images/5904507201951_wiz1.jpg HTTP/1.1" 200 135073 "-" "Mozilla/5.0 (X11; Linux x86_64) AppleWebKit/537.36 (KHTML, like Gecko) Chrome/110.0.0.0 Safari/537.36"
34.123.56.223 - - [28/May/2025:18:25:02 +0200] "GET /Jurek/topeshop/downloaded_images/5904507201951_artisan140.jpg HTTP/1.1" 404 3551 "-" "Mozilla/5.0 (X11; Linux x86_64) AppleWebKit/537.36 (KHTML, like Gecko) Chrome/110.0.0.0 Safari/537.36"
34.56.40.173 - - [28/May/2025:18:25:05 +0200] "GET /Jurek/topeshop/downloaded_images/5904507201951_artisan140.jpg HTTP/1.1" 404 3551 "-" "Mozilla/5.0 (X11; Linux x86_64) AppleWebKit/537.36 (KHTML, like Gecko) Chrome/110.0.0.0 Safari/537.36"
51.77.52.107 - - [28/May/2025:18:25:06 +0200] "GET /Jurek/eurofirany/images/464051/0.jpg HTTP/2.0" 200 52148 "-" "baselinker"
34.29.253.61 - - [28/May/2025:18:25:10 +0200] "GET /Jurek/topeshop/downloaded_images/5904507201951_artisan140.jpg HTTP/1.1" 404 3551 "-" "Mozilla/5.0 (X11; Linux x86_64) AppleWebKit/537.36 (KHTML, like Gecko) Chrome/110.0.0.0 Safari/537.36"
192.171.82.235 - - [28/May/2025:18:25:19 +0200] "GET /Jurek/topeshop/downloaded_images/5904507201951_artisan140.jpg HTTP/2.0" 404 3551 "-" "Mozilla/5.0 (X11; Linux x86_64) AppleWebKit/537.36 (KHTML, like Gecko) Chrome/110.0.0.0 Safari/537.36"
51.77.52.107 - - [28/May/2025:18:25:21 +0200] "GET /Jurek/eurofirany/images/464051/0.jpg HTTP/2.0" 200 52148 "-" "baselinker"
51.77.52.107 - - [28/May/2025:18:25:27 +0200] "GET /Jurek/eurofirany/images/464051/0.jpg HTTP/2.0" 200 52148 "-" "baselinker"
156.239.60.190 - - [28/May/2025:18:25:28 +0200] "GET /Jurek/topeshop/downloaded_images/5904507201951_artisan140.jpg HTTP/2.0" 404 3551 "-" "Mozilla/5.0 (X11; Linux x86_64) AppleWebKit/537.36 (KHTML, like Gecko) Chrome/110.0.0.0 Safari/537.36"
34.29.253.61 - - [28/May/2025:18:25:29 +0200] "GET /Jurek/topeshop/downloaded_images/5904507201951_3.jpg HTTP/1.1" 404 3551 "-" "Mozilla/5.0 (X11; Linux x86_64) AppleWebKit/537.36 (KHTML, like Gecko) Chrome/110.0.0.0 Safari/537.36"
34.29.253.61 - - [28/May/2025:18:25:31 +0200] "GET /Jurek/topeshop/downloaded_images/5904507201951_3.jpg HTTP/1.1" 404 3551 "-" "Mozilla/5.0 (X11; Linux x86_64) AppleWebKit/537.36 (KHTML, like Gecko) Chrome/110.0.0.0 Safari/537.36"
34.29.253.61 - - [28/May/2025:18:25:36 +0200] "GET /Jurek/topeshop/downloaded_images/5904507201951_3.jpg HTTP/1.1" 404 3551 "-" "Mozilla/5.0 (X11; Linux x86_64) AppleWebKit/537.36 (KHTML, like Gecko) Chrome/110.0.0.0 Safari/537.36"
51.77.52.107 - - [28/May/2025:18:25:42 +0200] "GET /Jurek/eurofirany/images/464052/0.jpg HTTP/2.0" 200 41666 "-" "baselinker"
139.180.225.48 - - [28/May/2025:18:25:44 +0200] "GET /Jurek/topeshop/downloaded_images/5904507201951_3.jpg HTTP/2.0" 404 3551 "-" "Mozilla/5.0 (X11; Linux x86_64) AppleWebKit/537.36 (KHTML, like Gecko) Chrome/110.0.0.0 Safari/537.36"
162.244.144.175 - - [28/May/2025:18:25:53 +0200] "GET /Jurek/topeshop/downloaded_images/5904507201951_3.jpg HTTP/2.0" 404 3551 "-" "Mozilla/5.0 (X11; Linux x86_64) AppleWebKit/537.36 (KHTML, like Gecko) Chrome/110.0.0.0 Safari/537.36"
51.77.52.107 - - [28/May/2025:18:25:56 +0200] "GET /Jurek/eurofirany/images/464052/0.jpg HTTP/2.0" 200 41666 "-" "baselinker"
51.77.52.107 - - [28/May/2025:18:26:02 +0200] "GET /Jurek/eurofirany/images/464052/0.jpg HTTP/2.0" 200 41666 "-" "baselinker"
51.77.52.107 - - [28/May/2025:18:26:07 +0200] "GET /Jurek/eurofirany/images/464053/0.jpg HTTP/2.0" 200 52280 "-" "baselinker"
51.77.52.107 - - [28/May/2025:18:26:28 +0200] "GET /Jurek/eurofirany/images/464053/0.jpg HTTP/2.0" 200 52280 "-" "baselinker"
51.77.52.107 - - [28/May/2025:18:26:36 +0200] "GET /Jurek/eurofirany/images/464053/0.jpg HTTP/2.0" 200 52280 "-" "baselinker"
51.77.52.107 - - [28/May/2025:18:26:45 +0200] "GET /Jurek/eurofirany/images/464054/0.jpg HTTP/2.0" 200 48395 "-" "baselinker"
51.77.52.107 - - [28/May/2025:18:26:52 +0200] "GET /Jurek/eurofirany/images/464054/0.jpg HTTP/2.0" 200 48395 "-" "baselinker"
66.249.70.36 - - [28/May/2025:18:27:12 +0200] "GET /Jurek/topeshop/downloaded_images/5902838467886_Plus_sonoma_wiz.jpg HTTP/1.1" 404 3551 "-" "Googlebot-Image/1.0"
51.77.52.107 - - [28/May/2025:18:27:14 +0200] "GET /Jurek/eurofirany/images/464054/0.jpg HTTP/2.0" 200 48395 "-" "baselinker"
51.77.52.107 - - [28/May/2025:18:27:39 +0200] "GET /Jurek/eurofirany/images/468029/0.jpg HTTP/2.0" 200 52873 "-" "baselinker"
51.77.52.107 - - [28/May/2025:18:27:58 +0200] "GET /Jurek/eurofirany/images/468029/0.jpg HTTP/2.0" 200 52873 "-" "baselinker"
51.77.52.107 - - [28/May/2025:18:28:04 +0200] "GET /Jurek/eurofirany/images/468029/0.jpg HTTP/2.0" 200 52873 "-" "baselinker"
51.77.52.107 - - [28/May/2025:18:28:10 +0200] "GET /Jurek/eurofirany/images/468030/0.jpg HTTP/2.0" 200 86038 "-" "baselinker"
178.21.154.6 - - [28/May/2025:18:28:11 +0200] "GET /Jurek/eurofirany/images/410962/0.jpg HTTP/1.1" 200 184062 "-" "-"
51.77.52.107 - - [28/May/2025:18:28:15 +0200] "GET /Jurek/eurofirany/images/468030/0.jpg HTTP/2.0" 200 86038 "-" "baselinker"
51.77.52.107 - - [28/May/2025:18:28:20 +0200] "GET /Jurek/eurofirany/images/468030/0.jpg HTTP/2.0" 200 86038 "-" "baselinker"
51.77.52.107 - - [28/May/2025:18:28:26 +0200] "GET /Jurek/eurofirany/images/468031/0.jpg HTTP/2.0" 200 47881 "-" "baselinker"
51.77.52.107 - - [28/May/2025:18:28:49 +0200] "GET /Jurek/eurofirany/images/468031/0.jpg HTTP/2.0" 200 47881 "-" "baselinker"
51.77.52.107 - - [28/May/2025:18:28:55 +0200] "GET /Jurek/eurofirany/images/468031/0.jpg HTTP/2.0" 200 47881 "-" "baselinker"
51.77.52.107 - - [28/May/2025:18:29:01 +0200] "GET /Jurek/eurofirany/images/468036/0.jpg HTTP/2.0" 200 78554 "-" "baselinker"
178.21.154.6 - - [28/May/2025:18:29:15 +0200] "GET /Jurek/eurofirany/images/371974/0.jpg HTTP/1.1" 200 152177 "-" "-"
51.77.52.107 - - [28/May/2025:18:29:21 +0200] "GET /Jurek/eurofirany/images/468036/0.jpg HTTP/2.0" 200 78554 "-" "baselinker"
51.77.52.107 - - [28/May/2025:18:29:29 +0200] "GET /Jurek/eurofirany/images/468036/0.jpg HTTP/2.0" 200 78554 "-" "baselinker"
51.77.52.107 - - [28/May/2025:18:29:35 +0200] "GET /Jurek/eurofirany/images/468038/0.jpg HTTP/2.0" 200 62811 "-" "baselinker"
51.77.52.107 - - [28/May/2025:18:29:44 +0200] "GET /Jurek/eurofirany/images/468038/0.jpg HTTP/2.0" 200 62811 "-" "baselinker"
51.77.52.107 - - [28/May/2025:18:29:48 +0200] "GET /Jurek/eurofirany/images/468038/0.jpg HTTP/2.0" 200 62811 "-" "baselinker"
66.249.70.36 - - [28/May/2025:18:29:56 +0200] "GET /Jurek/topeshop/downloaded_images/5904507201906_MIJASBIURKOANTRACYTLEWE.2tif.png HTTP/1.1" 404 3551 "-" "Googlebot-Image/1.0"
51.77.52.107 - - [28/May/2025:18:29:59 +0200] "GET /Jurek/eurofirany/images/468039/0.jpg HTTP/2.0" 200 91103 "-" "baselinker"
66.249.70.36 - - [28/May/2025:18:29:59 +0200] "GET /Jurek/topeshop/downloaded_images/5904507201906_MIJASBIURKOANTRACYTLEWE.png HTTP/1.1" 404 3551 "-" "Googlebot-Image/1.0"
