51.77.52.107 - - [28/May/2025:09:45:37 +0200] "GET /Jurek/eurofirany/images/467100/0.jpg HTTP/2.0" 200 102728 "-" "baselinker"
51.77.52.107 - - [28/May/2025:09:45:41 +0200] "GET /Jurek/eurofirany/images/467100/0.jpg HTTP/2.0" 200 102728 "-" "baselinker"
51.77.52.107 - - [28/May/2025:09:45:46 +0200] "GET /Jurek/eurofirany/images/467100/0.jpg HTTP/2.0" 200 102728 "-" "baselinker"
51.77.52.107 - - [28/May/2025:09:45:57 +0200] "GET /Jurek/eurofirany/images/467116/0.jpg HTTP/2.0" 200 90283 "-" "baselinker"
51.77.52.107 - - [28/May/2025:09:46:12 +0200] "GET /Jurek/eurofirany/images/467116/0.jpg HTTP/2.0" 200 90283 "-" "baselinker"
51.77.52.107 - - [28/May/2025:09:46:31 +0200] "GET /Jurek/eurofirany/images/467116/0.jpg HTTP/2.0" 200 90283 "-" "baselinker"
51.77.52.107 - - [28/May/2025:09:46:39 +0200] "GET /Jurek/eurofirany/images/467344/0.jpg HTTP/2.0" 200 61262 "-" "baselinker"
51.77.52.107 - - [28/May/2025:09:46:45 +0200] "GET /Jurek/eurofirany/images/467344/0.jpg HTTP/2.0" 200 61262 "-" "baselinker"
51.77.52.107 - - [28/May/2025:09:46:52 +0200] "GET /Jurek/eurofirany/images/467344/0.jpg HTTP/2.0" 200 61262 "-" "baselinker"
46.101.116.244 - - [28/May/2025:09:46:54 +0200] "GET /Jurek/aw/feeds/awnarzedzia_fnacFR.xml HTTP/1.0" 200 91110822 "-" "-"
51.77.52.107 - - [28/May/2025:09:46:58 +0200] "GET /Jurek/eurofirany/images/467346/0.jpg HTTP/2.0" 200 88087 "-" "baselinker"
46.101.116.244 - - [28/May/2025:09:47:01 +0200] "GET /Jurek/unimet/feeds/unimet_alza.xml HTTP/2.0" 200 61207116 "-" "-"
51.77.52.107 - - [28/May/2025:09:47:09 +0200] "GET /Jurek/eurofirany/images/467346/0.jpg HTTP/2.0" 200 88087 "-" "baselinker"
51.77.52.107 - - [28/May/2025:09:47:17 +0200] "GET /Jurek/eurofirany/images/467346/0.jpg HTTP/2.0" 200 88087 "-" "baselinker"
51.77.52.107 - - [28/May/2025:09:47:30 +0200] "GET /Jurek/eurofirany/images/467415/0.jpg HTTP/2.0" 200 51469 "-" "baselinker"
51.77.52.107 - - [28/May/2025:09:47:50 +0200] "GET /Jurek/eurofirany/images/467415/0.jpg HTTP/2.0" 200 51469 "-" "baselinker"
51.77.52.107 - - [28/May/2025:09:47:59 +0200] "GET /Jurek/eurofirany/images/467415/0.jpg HTTP/2.0" 200 51469 "-" "baselinker"
89.161.206.59 - - [28/May/2025:09:48:18 +0200] "GET /Jurek/mosti/feeds/mosti_emagro.xml HTTP/1.0" 200 4628129 "-" "-"
89.161.206.59 - - [28/May/2025:09:48:18 +0200] "GET /Jurek/targethome/feeds/targethome_emagro.xml HTTP/1.0" 200 688680 "-" "-"
51.77.52.107 - - [28/May/2025:09:48:20 +0200] "GET /Jurek/eurofirany/images/464834/0.jpg HTTP/2.0" 200 168658 "-" "baselinker"
89.161.206.59 - - [28/May/2025:09:48:21 +0200] "GET /Jurek/waks/feeds/waks_emagro.xml HTTP/1.0" 200 1598638 "-" "-"
89.161.206.59 - - [28/May/2025:09:48:24 +0200] "GET /Jurek/ikonka/feeds/ikonka_emagro.xml HTTP/1.0" 200 20741416 "-" "-"
89.161.206.59 - - [28/May/2025:09:48:26 +0200] "GET /Jurek/eurofirany/feeds/eurofirany_emagro.xml HTTP/1.0" 200 18729495 "-" "-"
89.161.206.59 - - [28/May/2025:09:48:27 +0200] "GET /Jurek/b3/feeds/b3_emagro.xml HTTP/1.0" 200 8071308 "-" "-"
46.101.116.244 - - [28/May/2025:09:48:27 +0200] "GET /Jurek/awparts/feeds/awparts_manoFR.xml HTTP/1.0" 200 142299849 "-" "-"
89.161.206.59 - - [28/May/2025:09:48:28 +0200] "GET /Jurek/hurtmeblowy/feeds/hurtmeblowy_emagro.xml HTTP/1.0" 200 8544331 "-" "-"
89.161.206.59 - - [28/May/2025:09:48:28 +0200] "GET /Jurek/ralmetal/feeds/ralmetal_emag.xml HTTP/1.0" 200 1787426 "-" "-"
89.161.206.59 - - [28/May/2025:09:48:29 +0200] "GET /Jurek/oromed/feeds/oromed_emagro.xml HTTP/1.0" 200 1290226 "-" "-"
89.161.206.59 - - [28/May/2025:09:48:30 +0200] "GET /Jurek/fertone/feeds/fertone_emagro.xml HTTP/1.0" 200 583980 "-" "-"
89.161.206.59 - - [28/May/2025:09:48:32 +0200] "GET /Jurek/narzbud/feeds/narzbud_emagro.xml HTTP/1.0" 200 1901325 "-" "-"
89.161.206.59 - - [28/May/2025:09:48:32 +0200] "GET /Jurek/ekuchcikowo/feeds/ekuchcikowo_emagro.xml HTTP/1.0" 200 12472715 "-" "-"
89.161.206.59 - - [28/May/2025:09:48:33 +0200] "GET /Jurek/drops/feeds/dropsofficecolection_emagro.xml HTTP/1.0" 200 790973 "-" "-"
89.161.206.59 - - [28/May/2025:09:48:33 +0200] "GET /Jurek/szpaklampy/feeds/szpaklampy_emagro.xml HTTP/1.0" 200 388346 "-" "-"
89.161.206.59 - - [28/May/2025:09:48:34 +0200] "GET /Jurek/spali/feeds/spali_emagro.xml HTTP/1.0" 200 77073 "-" "-"
46.101.116.244 - - [28/May/2025:09:48:35 +0200] "GET /Jurek/andex/feeds/andex_alza.xml HTTP/2.0" 200 1954468 "-" "-"
89.161.206.59 - - [28/May/2025:09:48:35 +0200] "GET /Jurek/edruk/feeds/edruk_emagro.xml HTTP/1.0" 200 14151334 "-" "-"
89.161.206.59 - - [28/May/2025:09:48:36 +0200] "GET /Jurek/eldar/feeds/eldar_emagro.xml HTTP/1.0" 200 7337545 "-" "-"
89.161.206.59 - - [28/May/2025:09:48:37 +0200] "GET /Jurek/combine/feeds/combine_EMAGRO.xml HTTP/1.0" 200 210573 "-" "-"
89.161.206.59 - - [28/May/2025:09:48:37 +0200] "GET /Jurek/cbdgreen/feeds/cbdgreen_emagro.xml HTTP/1.0" 200 50548 "-" "-"
89.161.206.59 - - [28/May/2025:09:48:38 +0200] "GET /Jurek/velinda/feeds/velinda_emagro.xml HTTP/1.0" 200 4228109 "-" "-"
89.161.206.59 - - [28/May/2025:09:48:39 +0200] "GET /Jurek/urwiskowo/feeds/urwiskowo_emagro.xml HTTP/1.0" 200 9116370 "-" "-"
89.161.206.59 - - [28/May/2025:09:48:39 +0200] "GET /Jurek/reman/feeds/reman_emagro.xml HTTP/1.0" 200 1394889 "-" "-"
89.161.206.59 - - [28/May/2025:09:48:40 +0200] "GET /Jurek/erohurtownia/feeds/erohurtownia_emagro.xml HTTP/1.0" 200 22856371 "-" "-"
51.77.52.107 - - [28/May/2025:09:48:41 +0200] "GET /Jurek/eurofirany/images/464834/0.jpg HTTP/2.0" 200 168658 "-" "baselinker"
89.161.206.59 - - [28/May/2025:09:48:42 +0200] "GET /Jurek/qbox/feeds/qbox_emagro.xml HTTP/1.0" 200 398859 "-" "-"
46.101.116.244 - - [28/May/2025:09:48:42 +0200] "GET /Jurek/hurtownia_przemyslowa/feeds/hp_fnacfr.xml HTTP/1.0" 200 49361759 "-" "-"
89.161.206.59 - - [28/May/2025:09:48:44 +0200] "GET /Jurek/motofan/feeds/motofan_emagro.xml HTTP/1.0" 200 2392206 "-" "-"
89.161.206.59 - - [28/May/2025:09:48:44 +0200] "GET /Jurek/ekotex/feeds/ekotex_emagro.xml HTTP/1.0" 200 197970 "-" "-"
89.161.206.59 - - [28/May/2025:09:48:44 +0200] "GET /Jurek/sartrix/feeds/sartrix_emagro.xml HTTP/1.0" 200 649221 "-" "-"
89.161.206.59 - - [28/May/2025:09:48:45 +0200] "GET /Jurek/twojsklep/feeds/twojsklep_emagro.xml HTTP/1.0" 200 126814 "-" "-"
89.161.206.59 - - [28/May/2025:09:48:45 +0200] "GET /Jurek/madrex/feeds/madrex_emagro.xml HTTP/1.0" 200 466714 "-" "-"
46.101.116.244 - - [28/May/2025:09:48:46 +0200] "GET /Jurek/aw/feeds/awnarzedzia_alza.xml HTTP/2.0" 200 91215822 "-" "-"
89.161.206.59 - - [28/May/2025:09:48:47 +0200] "GET /Jurek/drewdon/feeds/drewdon_emagro.xml HTTP/1.0" 200 504528 "-" "-"
89.161.206.59 - - [28/May/2025:09:48:47 +0200] "GET /Jurek/dekoele/feeds/dekoele_emagro.xml HTTP/1.0" 200 733965 "-" "-"
89.161.206.59 - - [28/May/2025:09:48:47 +0200] "GET /Jurek/expertauto/feeds/expertauto_emagro.xml HTTP/1.0" 200 1159159 "-" "-"
89.161.206.59 - - [28/May/2025:09:48:47 +0200] "GET /Jurek/rider/feeds/rider_emagro.xml HTTP/1.0" 200 8165854 "-" "-"
89.161.206.59 - - [28/May/2025:09:48:49 +0200] "GET /Jurek/pupus/feeds/pupus_emagro.xml HTTP/1.0" 200 6155017 "-" "-"
89.161.206.59 - - [28/May/2025:09:48:50 +0200] "GET /Jurek/wezer/feeds/wezer_emagro.xml HTTP/1.0" 200 210964 "-" "-"
89.161.206.59 - - [28/May/2025:09:48:50 +0200] "GET /Jurek/beltimore/feeds/beltimore_emagro.xml HTTP/1.0" 200 18653945 "-" "-"
89.161.206.59 - - [28/May/2025:09:48:51 +0200] "GET /Jurek/pasiekaslodka/feeds/pasiekaslodka_emagro.xml HTTP/1.0" 200 119684 "-" "-"
89.161.206.59 - - [28/May/2025:09:48:52 +0200] "GET /Jurek/muminky/feeds/muminky_emagro.xml HTTP/1.0" 200 2678092 "-" "-"
89.161.206.59 - - [28/May/2025:09:48:52 +0200] "GET /Jurek/smxdesign/feeds/smxdesign_emagro.xml HTTP/1.0" 200 1829160 "-" "-"
89.161.206.59 - - [28/May/2025:09:48:53 +0200] "GET /Jurek/evil/feeds/evil_emagro.xml HTTP/1.0" 200 306430 "-" "-"
89.161.206.59 - - [28/May/2025:09:48:54 +0200] "GET /Jurek/lendo/feeds/lendo_emagro.xml HTTP/1.0" 200 330409 "-" "-"
51.77.52.107 - - [28/May/2025:09:48:58 +0200] "GET /Jurek/eurofirany/images/464834/0.jpg HTTP/2.0" 200 168658 "-" "baselinker"
89.161.206.59 - - [28/May/2025:09:49:03 +0200] "GET /Jurek/snibbs/feeds/snibbs_emagro.xml HTTP/1.0" 200 74410 "-" "-"
46.101.116.244 - - [28/May/2025:09:49:08 +0200] "GET /Jurek/detian/feeds/detian_alza.xml HTTP/2.0" 404 3551 "-" "-"
89.161.206.59 - - [28/May/2025:09:49:10 +0200] "GET /Jurek/livinhill/feeds/livinhill_emagro.xml HTTP/1.0" 200 167749 "-" "-"
89.161.206.59 - - [28/May/2025:09:49:14 +0200] "GET /Jurek/oknobest/feeds/oknobest_emagro.xml HTTP/1.0" 200 2708613 "-" "-"
46.101.116.244 - - [28/May/2025:09:49:19 +0200] "GET /Jurek/fernity/feeds/fernity_alza.xml HTTP/2.0" 200 4721893 "-" "-"
51.77.52.107 - - [28/May/2025:09:49:21 +0200] "GET /Jurek/eurofirany/images/464843/0.jpg HTTP/2.0" 200 165864 "-" "baselinker"
89.161.206.59 - - [28/May/2025:09:49:23 +0200] "GET /Jurek/beautycare/feeds/beautycare_emagro.xml HTTP/1.0" 200 1181602 "-" "-"
89.161.206.59 - - [28/May/2025:09:49:24 +0200] "GET /Jurek/jakdroz/feeds/jakdroz_emagro.xml HTTP/1.0" 200 4090830 "-" "-"
89.161.206.59 - - [28/May/2025:09:49:25 +0200] "GET /Jurek/riko/feeds/riko_emagro.xml HTTP/1.0" 200 3786609 "-" "-"
89.161.206.59 - - [28/May/2025:09:49:25 +0200] "GET /Jurek/andex/feeds/andex_emagro.xml HTTP/1.0" 200 1953944 "-" "-"
89.161.206.59 - - [28/May/2025:09:49:25 +0200] "GET /Jurek/gandalf/feeds/gandalf_emagro.xml HTTP/1.0" 200 1082610 "-" "-"
89.161.206.59 - - [28/May/2025:09:49:25 +0200] "GET /Jurek/kalama/feeds/kalama_emagro.xml HTTP/1.0" 200 2662088 "-" "-"
89.161.206.59 - - [28/May/2025:09:49:25 +0200] "GET /Jurek/bemipol/feeds/bemipol_emagro.xml HTTP/1.0" 200 423670 "-" "-"
89.161.206.59 - - [28/May/2025:09:49:27 +0200] "GET /Jurek/mechdecor/feeds/mechdecor_emagro.xml HTTP/1.0" 200 596294 "-" "-"
89.161.206.59 - - [28/May/2025:09:49:28 +0200] "GET /Jurek/apresto/feeds/apresto_emagro.xml HTTP/1.0" 200 1327809 "-" "-"
89.161.206.59 - - [28/May/2025:09:49:28 +0200] "GET /Jurek/mojeledy/feeds/mojeledy_emagro.xml HTTP/1.0" 200 1018623 "-" "-"
89.161.206.59 - - [28/May/2025:09:49:28 +0200] "GET /Jurek/zami/feeds/zami_emagro.xml HTTP/1.0" 200 4475691 "-" "-"
89.161.206.59 - - [28/May/2025:09:49:28 +0200] "GET /Jurek/sovapl/feeds/sovapl_emagro.xml HTTP/1.0" 200 9002680 "-" "-"
89.161.206.59 - - [28/May/2025:09:49:31 +0200] "GET /Jurek/proadventure/feeds/proadventure_emag.xml HTTP/1.0" 200 10765310 "-" "-"
89.161.206.59 - - [28/May/2025:09:49:34 +0200] "GET /Jurek/rems/feeds/rems_emag.xml HTTP/1.0" 200 8706536 "-" "-"
51.77.52.107 - - [28/May/2025:09:49:38 +0200] "GET /Jurek/eurofirany/images/464843/0.jpg HTTP/2.0" 200 165864 "-" "baselinker"
46.101.116.244 - - [28/May/2025:09:49:41 +0200] "GET /Jurek/octopia/feeds/octopia_alzacz.xml HTTP/2.0" 200 10117156 "-" "-"
89.161.206.59 - - [28/May/2025:09:49:43 +0200] "GET /Jurek/lerutrade/feeds/lerutrade_emag.xml HTTP/1.0" 200 82823 "-" "-"
46.101.116.244 - - [28/May/2025:09:49:53 +0200] "GET /Jurek/unimet/feeds/unimet_alza.xml HTTP/2.0" 200 61207116 "-" "-"
89.161.206.59 - - [28/May/2025:09:49:58 +0200] "GET /Jurek/kobi/feeds/kobi_emagro.xml HTTP/1.0" 200 249047 "-" "-"
89.161.206.59 - - [28/May/2025:09:49:58 +0200] "GET /Jurek/lerutrade/feeds/lerutrade_manoFR.xml HTTP/1.0" 200 82821 "-" "-"
46.101.116.244 - - [28/May/2025:09:50:00 +0200] "GET /Jurek/awparts/feeds/awparts_emagro.xml HTTP/1.0" 200 142417683 "-" "-"
51.77.52.107 - - [28/May/2025:09:50:02 +0200] "GET /Jurek/eurofirany/images/464843/0.jpg HTTP/2.0" 200 165864 "-" "baselinker"
46.101.116.244 - - [28/May/2025:09:50:17 +0200] "GET /Jurek/eurofirany/feeds/eurofirany_alza.xml HTTP/2.0" 200 18687756 "-" "-"
51.77.52.107 - - [28/May/2025:09:50:18 +0200] "GET /Jurek/eurofirany/images/464941/0.jpg HTTP/2.0" 200 164213 "-" "baselinker"
89.161.206.59 - - [28/May/2025:09:50:20 +0200] "GET /Jurek/jankeski/feeds/jankeski_emagro.xml HTTP/1.0" 200 6571516 "-" "-"
89.161.206.59 - - [28/May/2025:09:50:20 +0200] "GET /Jurek/rovato/feeds/rovato_emagro.xml HTTP/1.0" 200 180855 "-" "-"
51.77.52.107 - - [28/May/2025:09:50:23 +0200] "GET /Jurek/eurofirany/images/464941/0.jpg HTTP/2.0" 200 164213 "-" "baselinker"
46.101.116.244 - - [28/May/2025:09:50:34 +0200] "GET /Jurek/beliani/feeds/beliani_alza.xml HTTP/2.0" 200 14590083 "-" "-"
51.77.52.107 - - [28/May/2025:09:50:41 +0200] "GET /Jurek/eurofirany/images/464941/0.jpg HTTP/2.0" 200 164213 "-" "baselinker"
51.77.52.107 - - [28/May/2025:09:50:44 +0200] "GET /Jurek/eurofirany/images/464942/0.jpg HTTP/2.0" 200 164213 "-" "baselinker"
46.101.116.244 - - [28/May/2025:09:50:54 +0200] "GET /Jurek/vivaldi/feeds/vivaldi_alza.xml HTTP/2.0" 200 344841 "-" "-"
89.161.206.59 - - [28/May/2025:09:51:02 +0200] "GET /Jurek/emaja24/feeds/emaja24_amazonnl.xml HTTP/1.0" 200 5101989 "-" "-"
89.161.206.59 - - [28/May/2025:09:51:03 +0200] "GET /Jurek/emaja24/feeds/emaja24_amazones.xml HTTP/1.0" 200 5102060 "-" "-"
51.77.52.107 - - [28/May/2025:09:51:03 +0200] "GET /Jurek/eurofirany/images/464942/0.jpg HTTP/2.0" 200 164213 "-" "baselinker"
89.161.206.59 - - [28/May/2025:09:51:04 +0200] "GET /Jurek/hurtmeblowy/feeds/hurtmeblowy_amazonde.xml HTTP/1.0" 200 7518223 "-" "-"
46.101.116.244 - - [28/May/2025:09:51:04 +0200] "GET /Jurek/ikonka/feeds/ikonka_alza.xml HTTP/2.0" 200 20742494 "-" "-"
89.161.206.59 - - [28/May/2025:09:51:05 +0200] "GET /Jurek/tsjerzy/feeds/tsjerzy_amazonde.xml HTTP/1.0" 200 3897649 "-" "-"
89.161.206.59 - - [28/May/2025:09:51:07 +0200] "GET /Jurek/elavia/feeds/elavia_amazonde.xml HTTP/1.0" 200 2497290 "-" "-"
89.161.206.59 - - [28/May/2025:09:51:08 +0200] "GET /Jurek/beltimore/feeds/beltimore_amazonde.xml HTTP/1.0" 200 18652165 "-" "-"
89.161.206.59 - - [28/May/2025:09:51:08 +0200] "GET /Jurek/roger/feeds/roger_amazonde.xml HTTP/1.0" 200 1396579 "-" "-"
46.101.116.244 - - [28/May/2025:09:51:16 +0200] "GET /Jurek/stema/feeds/stema_alza.xml HTTP/2.0" 200 894532 "-" "-"
51.77.52.107 - - [28/May/2025:09:51:17 +0200] "GET /Jurek/eurofirany/images/464942/0.jpg HTTP/2.0" 200 164213 "-" "baselinker"
46.101.116.244 - - [28/May/2025:09:51:27 +0200] "GET /Jurek/kinghoff/feeds/kinghoff_alza.xml HTTP/2.0" 200 15631609 "-" "-"
51.77.52.107 - - [28/May/2025:09:51:31 +0200] "GET /Jurek/eurofirany/images/464951/0.jpg HTTP/2.0" 200 164817 "-" "baselinker"
51.77.52.107 - - [28/May/2025:09:51:50 +0200] "GET /Jurek/eurofirany/images/464951/0.jpg HTTP/2.0" 200 164817 "-" "baselinker"
89.161.206.59 - - [28/May/2025:09:52:00 +0200] "GET /Jurek/drewdon/feeds/drewdon_piguEX.xml HTTP/1.0" 200 504443 "-" "-"
89.161.206.59 - - [28/May/2025:09:52:11 +0200] "GET /Jurek/sempler/feeds/sempler_BOL.xml HTTP/1.0" 200 6787914 "-" "-"
89.161.206.59 - - [28/May/2025:09:52:12 +0200] "GET /Jurek/benetech/feeds/benetech_bol.xml HTTP/1.0" 200 4165389 "-" "-"
51.77.52.107 - - [28/May/2025:09:52:12 +0200] "GET /Jurek/eurofirany/images/464951/0.jpg HTTP/2.0" 200 164817 "-" "baselinker"
89.161.206.59 - - [28/May/2025:09:52:14 +0200] "GET /Jurek/oromed/feeds/oromed_BOL.xml HTTP/1.0" 200 1290051 "-" "-"
89.161.206.59 - - [28/May/2025:09:52:14 +0200] "GET /Jurek/narzbud/feeds/narzbud_bol.xml HTTP/1.0" 200 1901215 "-" "-"
89.161.206.59 - - [28/May/2025:09:52:15 +0200] "GET /Jurek/artdog/feeds/artdog_bol.xml HTTP/1.0" 200 17158099 "-" "-"
89.161.206.59 - - [28/May/2025:09:52:15 +0200] "GET /Jurek/livinhill/feeds/livinhill_bol.xml HTTP/1.0" 200 1468662 "-" "-"
89.161.206.59 - - [28/May/2025:09:52:16 +0200] "GET /Jurek/ekuchcikowo/feeds/ekuchcikowo_bol.xml HTTP/1.0" 200 12470936 "-" "-"
89.161.206.59 - - [28/May/2025:09:52:17 +0200] "GET /Jurek/erohurtownia/feeds/erohurtownia_bol.xml HTTP/1.0" 200 22846406 "-" "-"
89.161.206.59 - - [28/May/2025:09:52:19 +0200] "GET /Jurek/urwiskowo/feeds/urwiskowo_bol.xml HTTP/1.0" 200 9114985 "-" "-"
89.161.206.59 - - [28/May/2025:09:52:19 +0200] "GET /Jurek/combine/feeds/combine_bol.xml HTTP/1.0" 200 210557 "-" "-"
89.161.206.59 - - [28/May/2025:09:52:19 +0200] "GET /Jurek/spali/feeds/spali_bol.xml HTTP/1.0" 200 77055 "-" "-"
89.161.206.59 - - [28/May/2025:09:52:20 +0200] "GET /Jurek/galopi/feeds/galopi_bol.xml HTTP/1.0" 200 2111078 "-" "-"
89.161.206.59 - - [28/May/2025:09:52:26 +0200] "GET /Jurek/hurtmeblowy/feeds/hurtmeblowy_bol.xml HTTP/1.0" 200 8542995 "-" "-"
51.77.52.107 - - [28/May/2025:09:52:28 +0200] "GET /Jurek/eurofirany/images/464952/0.jpg HTTP/2.0" 200 164817 "-" "baselinker"
89.161.206.59 - - [28/May/2025:09:52:28 +0200] "GET /Jurek/eldar/feeds/eldar_bol.xml HTTP/1.0" 200 7329319 "-" "-"
89.161.206.59 - - [28/May/2025:09:52:30 +0200] "GET /Jurek/primohurt/feeds/primohurt_bol.xml HTTP/1.0" 200 17186682 "-" "-"
89.161.206.59 - - [28/May/2025:09:52:31 +0200] "GET /Jurek/rider/feeds/rider_bol.xml HTTP/1.0" 200 8165092 "-" "-"
89.161.206.59 - - [28/May/2025:09:52:31 +0200] "GET /Jurek/najtanszysport/feeds/najtanszysport_bol.xml HTTP/1.0" 200 3983014 "-" "-"
89.161.206.59 - - [28/May/2025:09:52:32 +0200] "GET /Jurek/motofan/feeds/motofan_bol.xml HTTP/1.0" 200 2392157 "-" "-"
89.161.206.59 - - [28/May/2025:09:52:33 +0200] "GET /Jurek/topeshop/feeds/topeshop_bol.xml HTTP/1.0" 200 3021027 "-" "-"
89.161.206.59 - - [28/May/2025:09:52:34 +0200] "GET /Jurek/eurofirany/feeds/eurofirany_bol.xml HTTP/1.0" 200 18718619 "-" "-"
89.161.206.59 - - [28/May/2025:09:52:36 +0200] "GET /Jurek/pupus/feeds/pupus_bol.xml HTTP/1.0" 200 6154566 "-" "-"
89.161.206.59 - - [28/May/2025:09:52:37 +0200] "GET /Jurek/playcob/feeds/playcob_bol.xml HTTP/1.0" 200 6980101 "-" "-"
89.161.206.59 - - [28/May/2025:09:52:38 +0200] "GET /Jurek/maksik/feeds/maksik_bol.xml HTTP/1.0" 200 4084789 "-" "-"
89.161.206.59 - - [28/May/2025:09:52:39 +0200] "GET /Jurek/roger/feeds/roger_bol.xml HTTP/1.0" 200 1147412 "-" "-"
89.161.206.59 - - [28/May/2025:09:52:40 +0200] "GET /Jurek/smxdesign/feeds/smxdesign_bol.xml HTTP/1.0" 200 1829037 "-" "-"
89.161.206.59 - - [28/May/2025:09:52:40 +0200] "GET /Jurek/shiori/feeds/shiori_bol.xml HTTP/1.0" 200 453655 "-" "-"
89.161.206.59 - - [28/May/2025:09:52:41 +0200] "GET /Jurek/dropkz/feeds/dropkz_bol.xml HTTP/1.0" 200 70014290 "-" "-"
89.161.206.59 - - [28/May/2025:09:52:46 +0200] "GET /Jurek/eoptimo/feeds/eoptimo_bol.xml HTTP/1.0" 200 2094374 "-" "-"
89.161.206.59 - - [28/May/2025:09:52:47 +0200] "GET /Jurek/sklep24amk/feeds/sklep24amk_bol.xml HTTP/1.0" 200 3894610 "-" "-"
89.161.206.59 - - [28/May/2025:09:52:48 +0200] "GET /Jurek/sportprise/feeds/sportprise_bol.xml HTTP/1.0" 200 12725313 "-" "-"
51.77.52.107 - - [28/May/2025:09:52:49 +0200] "GET /Jurek/eurofirany/images/464952/0.jpg HTTP/2.0" 200 164817 "-" "baselinker"
89.161.206.59 - - [28/May/2025:09:52:49 +0200] "GET /Jurek/elavia/feeds/elavia_bol.xml HTTP/1.0" 200 2497278 "-" "-"
89.161.206.59 - - [28/May/2025:09:52:50 +0200] "GET /Jurek/cdata/feeds/cdata_bol.xml HTTP/1.0" 200 1445153 "-" "-"
89.161.206.59 - - [28/May/2025:09:52:51 +0200] "GET /Jurek/broers/feeds/broers_bol.xml HTTP/1.0" 200 1982542 "-" "-"
89.161.206.59 - - [28/May/2025:09:52:51 +0200] "GET /Jurek/princelh/feeds/princelh_bol.xml HTTP/1.0" 200 133435 "-" "-"
89.161.206.59 - - [28/May/2025:09:52:52 +0200] "GET /Jurek/mosti/feeds/mosti_bol.xml HTTP/1.0" 200 4628139 "-" "-"
89.161.206.59 - - [28/May/2025:09:52:55 +0200] "GET /Jurek/evil/feeds/evil_bol.xml HTTP/1.0" 200 306380 "-" "-"
89.161.206.59 - - [28/May/2025:09:52:55 +0200] "GET /Jurek/drewdon/feeds/drewdon_bol.xml HTTP/1.0" 200 504445 "-" "-"
89.161.206.59 - - [28/May/2025:09:52:55 +0200] "GET /Jurek/dekoele/feeds/dekoele_bol.xml HTTP/1.0" 200 733937 "-" "-"
89.161.206.59 - - [28/May/2025:09:52:55 +0200] "GET /Jurek/pawonik/feeds/pawonik_bol.xml HTTP/1.0" 200 2138419 "-" "-"
89.161.206.59 - - [28/May/2025:09:52:56 +0200] "GET /Jurek/sartrix/feeds/sartrix_bol.xml HTTP/1.0" 200 649125 "-" "-"
89.161.206.59 - - [28/May/2025:09:52:56 +0200] "GET /Jurek/hdwr/feeds/hdwr_BOL.xml HTTP/1.0" 200 789427 "-" "-"
89.161.206.59 - - [28/May/2025:09:52:56 +0200] "GET /Jurek/szpaklampy/feeds/szpaklampy_bol.xml HTTP/1.0" 200 388200 "-" "-"
89.161.206.59 - - [28/May/2025:09:52:56 +0200] "GET /Jurek/techrebal/feeds/techrebal_bol.xml HTTP/1.0" 200 1989715 "-" "-"
89.161.206.59 - - [28/May/2025:09:52:56 +0200] "GET /Jurek/muminky/feeds/muminky_bol.xml HTTP/1.0" 200 2677704 "-" "-"
89.161.206.59 - - [28/May/2025:09:52:57 +0200] "GET /Jurek/nonabox/feeds/nonabox_bol.xml HTTP/1.0" 200 33866 "-" "-"
89.161.206.59 - - [28/May/2025:09:52:57 +0200] "GET /Jurek/nexus/feeds/nexus_bol.xml HTTP/1.0" 200 226627 "-" "-"
89.161.206.59 - - [28/May/2025:09:52:58 +0200] "GET /Jurek/proparts/feeds/proparts_bol.xml HTTP/1.0" 200 707491 "-" "-"
89.161.206.59 - - [28/May/2025:09:52:58 +0200] "GET /Jurek/techrebalina/feeds/techrebalina_bol.xml HTTP/1.0" 200 2011181 "-" "-"
89.161.206.59 - - [28/May/2025:09:52:59 +0200] "GET /Jurek/newtechele/feeds/newtechele_bol.xml HTTP/1.0" 200 2438474 "-" "-"
89.161.206.59 - - [28/May/2025:09:52:59 +0200] "GET /Jurek/beltimore/feeds/beltimore_bol.xml HTTP/1.0" 200 18652321 "-" "-"
89.161.206.59 - - [28/May/2025:09:53:00 +0200] "GET /Jurek/em3/feeds/em3_bol.xml HTTP/1.0" 200 258916 "-" "-"
89.161.206.59 - - [28/May/2025:09:53:00 +0200] "GET /Jurek/reman/feeds/reman_bol.xml HTTP/1.0" 200 1394820 "-" "-"
89.161.206.59 - - [28/May/2025:09:53:00 +0200] "GET /Jurek/takapara/feeds/takapara_bol.xml HTTP/1.0" 200 1342610 "-" "-"
89.161.206.59 - - [28/May/2025:09:53:01 +0200] "GET /Jurek/kamar/feeds/kamar_bol.xml HTTP/1.0" 200 25550102 "-" "-"
89.161.206.59 - - [28/May/2025:09:53:02 +0200] "GET /Jurek/zenex/feeds/zenex_bol.xml HTTP/1.0" 200 540173 "-" "-"
89.161.206.59 - - [28/May/2025:09:53:02 +0200] "GET /Jurek/tsjerzy/feeds/tsjerzy_bol.xml HTTP/1.0" 200 3897752 "-" "-"
89.161.206.59 - - [28/May/2025:09:53:03 +0200] "GET /Jurek/carbonyway/feeds/carbonyway_bol.xml HTTP/1.0" 200 3075953 "-" "-"
89.161.206.59 - - [28/May/2025:09:53:03 +0200] "GET /Jurek/avenido/feeds/avenido_bol.xml HTTP/1.0" 200 720112 "-" "-"
89.161.206.59 - - [28/May/2025:09:53:03 +0200] "GET /Jurek/fertes/feeds/fertes_bol.xml HTTP/1.0" 200 2361843 "-" "-"
89.161.206.59 - - [28/May/2025:09:53:04 +0200] "GET /Jurek/filmal/feeds/filmal_bol.xml HTTP/1.0" 200 139270 "-" "-"
89.161.206.59 - - [28/May/2025:09:53:04 +0200] "GET /Jurek/sebmart/feeds/sebmart_bol.xml HTTP/1.0" 200 1598683 "-" "-"
89.161.206.59 - - [28/May/2025:09:53:05 +0200] "GET /Jurek/amzteam/feeds/amzteam_bol.xml HTTP/1.0" 200 97859 "-" "-"
89.161.206.59 - - [28/May/2025:09:53:05 +0200] "GET /Jurek/equalo/feeds/equalo_bol.xml HTTP/1.0" 200 98007 "-" "-"
89.161.206.59 - - [28/May/2025:09:53:05 +0200] "GET /Jurek/mojeledy/feeds/mojeledy_bol.xml HTTP/1.0" 200 1018435 "-" "-"
89.161.206.59 - - [28/May/2025:09:53:05 +0200] "GET /Jurek/sovapl/feeds/sovapl_bol.xml HTTP/1.0" 200 8999290 "-" "-"
89.161.206.59 - - [28/May/2025:09:53:06 +0200] "GET /Jurek/apresto/feeds/apresto_bol.xml HTTP/1.0" 200 1327633 "-" "-"
89.161.206.59 - - [28/May/2025:09:53:06 +0200] "GET /Jurek/missionair/feeds/missionair_bol.xml HTTP/1.0" 200 3154868 "-" "-"
89.161.206.59 - - [28/May/2025:09:53:06 +0200] "GET /Jurek/mechdecor/feeds/mechdecor_bol.xml HTTP/1.0" 200 596187 "-" "-"
89.161.206.59 - - [28/May/2025:09:53:07 +0200] "GET /Jurek/jankeski/feeds/jankeski_bol.xml HTTP/1.0" 200 6571074 "-" "-"
89.161.206.59 - - [28/May/2025:09:53:08 +0200] "GET /Jurek/alucon/feeds/alucon_bol.xml HTTP/1.0" 200 553568 "-" "-"
89.161.206.59 - - [28/May/2025:09:53:08 +0200] "GET /Jurek/proadventure/feeds/proadventure_bol.xml HTTP/1.0" 200 10763292 "-" "-"
89.161.206.59 - - [28/May/2025:09:53:09 +0200] "GET /Jurek/lampart/feeds/lampart_bol.xml HTTP/1.0" 200 936043 "-" "-"
51.77.52.107 - - [28/May/2025:09:53:09 +0200] "GET /Jurek/eurofirany/images/464952/0.jpg HTTP/2.0" 200 164817 "-" "baselinker"
89.161.206.59 - - [28/May/2025:09:53:10 +0200] "GET /Jurek/drops/feeds/dropsofficecolection_bol.xml HTTP/1.0" 200 790778 "-" "-"
89.161.206.59 - - [28/May/2025:09:53:10 +0200] "GET /Jurek/andex/feeds/andex_bol.xml HTTP/1.0" 200 1953445 "-" "-"
89.161.206.59 - - [28/May/2025:09:53:10 +0200] "GET /Jurek/bloomglow/feeds/bloomglow_bol.xml HTTP/1.0" 200 14095244 "-" "-"
46.101.116.244 - - [28/May/2025:09:53:12 +0200] "GET /Jurek/piotrmiedz/feeds/piotrmiedz_mallsish.xml HTTP/2.0" 200 91044717 "-" "-"
66.249.70.36 - - [28/May/2025:09:53:14 +0200] "GET /robots.txt HTTP/1.1" 404 3551 "-" "Mozilla/5.0 (compatible; Googlebot/2.1; +http://www.google.com/bot.html)"
89.161.206.59 - - [28/May/2025:09:53:17 +0200] "GET /Jurek/rovato/feeds/rovato_bol.xml HTTP/1.0" 200 180835 "-" "-"
89.161.206.59 - - [28/May/2025:09:53:20 +0200] "GET /Jurek/jakdroz/feeds/jakdroz_bol.xml HTTP/1.0" 200 4089963 "-" "-"
66.249.70.36 - - [28/May/2025:09:53:20 +0200] "GET /Jurek/topeshop/downloaded_images/5902838463338_Dallas_Sonoma(7).jpg HTTP/1.1" 404 3551 "-" "Googlebot-Image/1.0"
89.161.206.59 - - [28/May/2025:09:53:20 +0200] "GET /Jurek/luxury/feeds/luxury_bol.xml HTTP/1.0" 200 1010063 "-" "-"
89.161.206.59 - - [28/May/2025:09:53:22 +0200] "GET /Jurek/ikonka/feeds/ikonka_bol.xml HTTP/1.0" 200 20740208 "-" "-"
89.161.206.59 - - [28/May/2025:09:53:24 +0200] "GET /Jurek/riko/feeds/riko_bol.xml HTTP/1.0" 200 3784734 "-" "-"
89.161.206.59 - - [28/May/2025:09:53:24 +0200] "GET /Jurek/zami/feeds/zami_bol.xml HTTP/1.0" 200 4472680 "-" "-"
89.161.206.59 - - [28/May/2025:09:53:25 +0200] "GET /Jurek/bemipol/feeds/bemipol_bol.xml HTTP/1.0" 200 423631 "-" "-"
89.161.206.59 - - [28/May/2025:09:53:26 +0200] "GET /Jurek/gandalf/feeds/gandalf_bol.xml HTTP/1.0" 200 1082540 "-" "-"
51.77.52.107 - - [28/May/2025:09:53:29 +0200] "GET /Jurek/eurofirany/images/464090/0.jpg HTTP/2.0" 200 158000 "-" "baselinker"
89.161.206.59 - - [28/May/2025:09:53:33 +0200] "GET /Jurek/rems/feeds/rems_bol.xml HTTP/1.0" 200 8706248 "-" "-"
89.161.206.59 - - [28/May/2025:09:53:46 +0200] "GET /Jurek/lerutrade/feeds/lerutrade_bol.xml HTTP/1.0" 200 82821 "-" "-"
51.77.52.107 - - [28/May/2025:09:53:48 +0200] "GET /Jurek/eurofirany/images/464090/0.jpg HTTP/2.0" 200 158000 "-" "baselinker"
89.161.206.59 - - [28/May/2025:09:53:53 +0200] "GET /Jurek/cbdgreen/feeds/cbdgreen_bol.xml HTTP/1.0" 200 50542 "-" "-"
89.161.206.59 - - [28/May/2025:09:53:54 +0200] "GET /Jurek/action/feeds/action_bol.xml HTTP/1.0" 200 60147476 "-" "-"
51.77.52.107 - - [28/May/2025:09:53:56 +0200] "GET /Jurek/eurofirany/images/464090/0.jpg HTTP/2.0" 200 158000 "-" "baselinker"
51.77.52.107 - - [28/May/2025:09:54:00 +0200] "GET /Jurek/eurofirany/images/466889/0.jpg HTTP/2.0" 200 80848 "-" "baselinker"
51.77.52.107 - - [28/May/2025:09:54:28 +0200] "GET /Jurek/eurofirany/images/466889/0.jpg HTTP/2.0" 200 80848 "-" "baselinker"
51.77.52.107 - - [28/May/2025:09:54:49 +0200] "GET /Jurek/eurofirany/images/466889/0.jpg HTTP/2.0" 200 80848 "-" "baselinker"
89.161.206.59 - - [28/May/2025:09:54:59 +0200] "GET /Jurek/eroplace/feeds/eroplace_bol.xml HTTP/1.0" 200 52134608 "-" "-"
89.161.206.59 - - [28/May/2025:09:55:02 +0200] "GET /Jurek/waks/feeds/waks_bol.xml HTTP/1.0" 200 1596552 "-" "-"
89.161.206.59 - - [28/May/2025:09:55:03 +0200] "GET /Jurek/luxma/feeds/luxma_bol.xml HTTP/1.0" 200 8058601 "-" "-"
89.161.206.59 - - [28/May/2025:09:55:03 +0200] "GET /Jurek/german/feeds/german_bol.xml HTTP/1.0" 200 2853560 "-" "-"
89.161.206.59 - - [28/May/2025:09:55:03 +0200] "GET /Jurek/kristronik/feeds/kristronik_bol.xml HTTP/1.0" 200 691989 "-" "-"
46.101.116.244 - - [28/May/2025:09:55:03 +0200] "GET /Jurek/beltimore/feeds/beltimore_mallsish.xml HTTP/2.0" 200 18652220 "-" "-"
89.161.206.59 - - [28/May/2025:09:55:04 +0200] "GET /Jurek/hlo/feeds/hlo_bol.xml HTTP/1.0" 200 4838667 "-" "-"
89.161.206.59 - - [28/May/2025:09:55:04 +0200] "GET /Jurek/omi/feeds/omi_bol.xml HTTP/1.0" 200 8100663 "-" "-"
89.161.206.59 - - [28/May/2025:09:55:04 +0200] "GET /Jurek/makow/feeds/makow_bol.xml HTTP/1.0" 200 21203658 "-" "-"
89.161.206.59 - - [28/May/2025:09:55:05 +0200] "GET /Jurek/beautycare/feeds/beautycare_bol.xml HTTP/1.0" 200 1181276 "-" "-"
89.161.206.59 - - [28/May/2025:09:55:06 +0200] "GET /Jurek/dekornatort/feeds/dekornatort_bol.xml HTTP/1.0" 200 225730 "-" "-"
51.77.52.107 - - [28/May/2025:09:55:14 +0200] "GET /Jurek/eurofirany/images/466891/0.jpg HTTP/2.0" 200 80715 "-" "baselinker"
46.101.116.244 - - [28/May/2025:09:55:15 +0200] "GET /Jurek/drops/feeds/dropsofficecolection_mallsish.xml HTTP/2.0" 200 790846 "-" "-"
46.101.116.244 - - [28/May/2025:09:55:19 +0200] "GET /Jurek/rovicky/feeds/rovicky_zalando.xml HTTP/1.0" 200 15195994 "-" "-"
46.101.116.244 - - [28/May/2025:09:55:26 +0200] "GET /Jurek/hdwr/feeds/hdwr_mallsish.xml HTTP/2.0" 200 789420 "-" "-"
89.161.206.59 - - [28/May/2025:09:55:29 +0200] "GET /Jurek/pawonik/feeds/pawonik_emagro.xml HTTP/1.0" 200 2138652 "-" "-"
51.77.52.107 - - [28/May/2025:09:55:31 +0200] "GET /Jurek/eurofirany/images/466891/0.jpg HTTP/2.0" 200 80715 "-" "baselinker"
46.101.116.244 - - [28/May/2025:09:55:36 +0200] "GET /Jurek/narzbud/feeds/narzbud_mallsish.xml HTTP/2.0" 200 1901220 "-" "-"
46.101.116.244 - - [28/May/2025:09:55:47 +0200] "GET /Jurek/newtechele/feeds/newtechele_mallsish.xml HTTP/2.0" 200 2438475 "-" "-"
51.77.52.107 - - [28/May/2025:09:55:57 +0200] "GET /Jurek/eurofirany/images/466891/0.jpg HTTP/2.0" 200 80715 "-" "baselinker"
89.161.206.59 - - [28/May/2025:09:56:09 +0200] "GET /Jurek/roger/feeds/roger_emagro.xml HTTP/1.0" 200 1396787 "-" "-"
46.101.116.244 - - [28/May/2025:09:56:09 +0200] "GET /Jurek/pawonik/feeds/pawonik_mallsish.xml HTTP/2.0" 200 2138406 "-" "-"
89.161.206.59 - - [28/May/2025:09:56:10 +0200] "GET /Jurek/nexus/feeds/nexus_emagro.xml HTTP/1.0" 200 226683 "-" "-"
51.77.52.107 - - [28/May/2025:09:56:15 +0200] "GET /Jurek/eurofirany/images/378344/0.jpg HTTP/2.0" 200 131731 "-" "baselinker"
46.101.116.244 - - [28/May/2025:09:56:20 +0200] "GET /Jurek/proadventure/feeds/proadventure_mallsish.xml HTTP/2.0" 200 10763337 "-" "-"
51.77.52.107 - - [28/May/2025:09:56:21 +0200] "GET /Jurek/eurofirany/images/378344/0.jpg HTTP/2.0" 200 131731 "-" "baselinker"
51.77.52.107 - - [28/May/2025:09:56:24 +0200] "GET /Jurek/eurofirany/images/378344/0.jpg HTTP/2.0" 200 131731 "-" "baselinker"
46.101.116.244 - - [28/May/2025:09:56:32 +0200] "GET /Jurek/rems/feeds/rems_mallsish.xml HTTP/2.0" 200 8706189 "-" "-"
46.101.116.244 - - [28/May/2025:09:56:42 +0200] "GET /Jurek/roger/feeds/roger_mallsish.xml HTTP/2.0" 200 1396585 "-" "-"
54.255.66.232 - - [28/May/2025:09:56:45 +0200] "GET /Jurek/topeshop/downloaded_images/5904507202408_Modern2P_Sonoma(5).jpg HTTP/2.0" 404 3551 "-" "python-requests/2.30.0"
51.77.52.107 - - [28/May/2025:09:56:47 +0200] "GET /Jurek/eurofirany/images/400227/0.jpg HTTP/2.0" 200 21115 "-" "baselinker"
89.161.206.59 - - [28/May/2025:09:56:49 +0200] "GET /Jurek/techrebal/feeds/techrebal_emagro.xml HTTP/1.0" 200 1989862 "-" "-"
89.161.206.59 - - [28/May/2025:09:56:50 +0200] "GET /Jurek/kristronik/feeds/kristronik_emagro.xml HTTP/1.0" 200 692095 "-" "-"
89.161.206.59 - - [28/May/2025:09:56:50 +0200] "GET /Jurek/techrebalina/feeds/techrebalina_emagro.xml HTTP/1.0" 200 2011333 "-" "-"
46.101.116.244 - - [28/May/2025:09:56:53 +0200] "GET /Jurek/sovapl/feeds/sovapl_mallsish.xml HTTP/2.0" 200 8999848 "-" "-"
89.161.206.59 - - [28/May/2025:09:56:55 +0200] "GET /Jurek/eroplace/feeds/eroplace_emagro.xml HTTP/1.0" 200 52150039 "-" "-"
89.161.206.59 - - [28/May/2025:09:56:55 +0200] "GET /Jurek/kinghome/feeds/kinghome_emagro.xml HTTP/1.0" 200 6359586 "-" "-"
51.77.52.107 - - [28/May/2025:09:57:04 +0200] "GET /Jurek/eurofirany/images/400227/0.jpg HTTP/2.0" 200 21115 "-" "baselinker"
51.77.52.107 - - [28/May/2025:09:57:09 +0200] "GET /Jurek/eurofirany/images/400227/0.jpg HTTP/2.0" 200 21115 "-" "baselinker"
46.101.116.244 - - [28/May/2025:09:57:09 +0200] "GET /Jurek/stiv/feeds/stiv_mallsish.xml HTTP/2.0" 200 2056824 "-" "-"
46.101.116.244 - - [28/May/2025:09:57:20 +0200] "GET /Jurek/fertes/feeds/fertes_mallsish.xml HTTP/2.0" 200 2361873 "-" "-"
66.249.70.36 - - [28/May/2025:09:57:21 +0200] "GET /Jurek/eurofirany/images/378497/3.jpg HTTP/1.1" 200 57425 "-" "Googlebot-Image/1.0"
51.77.52.107 - - [28/May/2025:09:57:25 +0200] "GET /Jurek/eurofirany/images/398823/0.jpg HTTP/2.0" 200 28870 "-" "baselinker"
46.101.116.244 - - [28/May/2025:09:57:30 +0200] "GET /Jurek/avenido/feeds/avenido_mallsish.xml HTTP/2.0" 200 720110 "-" "-"
51.77.52.107 - - [28/May/2025:09:57:40 +0200] "GET /Jurek/eurofirany/images/398823/0.jpg HTTP/2.0" 200 28870 "-" "baselinker"
46.101.116.244 - - [28/May/2025:09:57:41 +0200] "GET /Jurek/carbonyway/feeds/carbonyway_mallsish.xml HTTP/2.0" 200 3075948 "-" "-"
51.77.52.107 - - [28/May/2025:09:57:46 +0200] "GET /Jurek/eurofirany/images/398823/0.jpg HTTP/2.0" 200 28870 "-" "baselinker"
51.77.52.107 - - [28/May/2025:09:57:53 +0200] "GET /Jurek/eurofirany/images/398834/0.jpg HTTP/2.0" 200 35427 "-" "baselinker"
46.101.116.244 - - [28/May/2025:09:58:02 +0200] "GET /Jurek/equalo/feeds/equalo_mallsish.xml HTTP/2.0" 200 98005 "-" "-"
51.77.52.107 - - [28/May/2025:09:58:12 +0200] "GET /Jurek/eurofirany/images/398834/0.jpg HTTP/2.0" 200 35427 "-" "baselinker"
46.101.116.244 - - [28/May/2025:09:58:13 +0200] "GET /Jurek/kamar/feeds/kamar_mallsish.xml HTTP/2.0" 200 25549435 "-" "-"
46.101.116.244 - - [28/May/2025:09:58:24 +0200] "GET /Jurek/piotrmiedz/feeds/piotrmiedz_emagro.xml HTTP/1.0" 200 91067754 "-" "-"
46.101.116.244 - - [28/May/2025:09:58:28 +0200] "GET /Jurek/lampart/feeds/lampart_mallsish.xml HTTP/2.0" 200 936040 "-" "-"
89.161.206.59 - - [28/May/2025:09:58:31 +0200] "GET /Jurek/photho/feeds/photho_emagro.xml HTTP/1.0" 200 1051382 "-" "-"
51.77.52.107 - - [28/May/2025:09:58:33 +0200] "GET /Jurek/eurofirany/images/398834/0.jpg HTTP/2.0" 200 35427 "-" "baselinker"
46.101.116.244 - - [28/May/2025:09:58:38 +0200] "GET /Jurek/makow/feeds/makow_mallsish.xml HTTP/2.0" 200 21203644 "-" "-"
46.101.116.244 - - [28/May/2025:09:58:50 +0200] "GET /Jurek/regis/feeds/regis_mallsish.xml HTTP/2.0" 200 228475 "-" "-"
51.77.52.107 - - [28/May/2025:09:58:51 +0200] "GET /Jurek/eurofirany/images/406011/0.jpg HTTP/2.0" 200 30690 "-" "baselinker"
46.101.116.244 - - [28/May/2025:09:59:01 +0200] "GET /Jurek/sebmart/feeds/sebmart_mallsish.xml HTTP/2.0" 200 1598717 "-" "-"
51.77.52.107 - - [28/May/2025:09:59:08 +0200] "GET /Jurek/eurofirany/images/406011/0.jpg HTTP/2.0" 200 30690 "-" "baselinker"
46.101.116.244 - - [28/May/2025:09:59:12 +0200] "GET /Jurek/takapara/feeds/takapara_mallsish.xml HTTP/2.0" 200 1342564 "-" "-"
51.77.52.107 - - [28/May/2025:09:59:21 +0200] "GET /Jurek/eurofirany/images/406011/0.jpg HTTP/2.0" 200 30690 "-" "baselinker"
46.101.116.244 - - [28/May/2025:09:59:23 +0200] "GET /Jurek/tsjerzy/feeds/tsjerzy_mallsish.xml HTTP/2.0" 200 3897655 "-" "-"
46.101.116.244 - - [28/May/2025:09:59:34 +0200] "GET /Jurek/andex/feeds/andex_mallsiSH.xml HTTP/2.0" 200 1953413 "-" "-"
51.77.52.107 - - [28/May/2025:09:59:40 +0200] "GET /Jurek/eurofirany/images/406034/0.jpg HTTP/2.0" 200 598371 "-" "baselinker"
51.77.52.107 - - [28/May/2025:09:59:41 +0200] "GET /Jurek/eurofirany/images/406034/0.jpg HTTP/2.0" 200 598371 "-" "baselinker"
51.77.52.107 - - [28/May/2025:09:59:42 +0200] "GET /Jurek/eurofirany/images/406034/0.jpg HTTP/2.0" 200 598371 "-" "baselinker"
51.77.52.107 - - [28/May/2025:09:59:43 +0200] "GET /Jurek/eurofirany/images/459027/0.jpg HTTP/2.0" 200 100245 "-" "baselinker"
46.101.116.244 - - [28/May/2025:09:59:45 +0200] "GET /Jurek/german/feeds/german_mallsiSH.xml HTTP/2.0" 200 2853571 "-" "-"
51.77.52.107 - - [28/May/2025:10:00:00 +0200] "GET /Jurek/eurofirany/images/459027/0.jpg HTTP/2.0" 200 100245 "-" "baselinker"
46.101.116.244 - - [28/May/2025:10:00:10 +0200] "GET /Jurek/maksik/feeds/maksik_mallsiSH.xml HTTP/2.0" 200 4084773 "-" "-"
85.14.86.141 - - [28/May/2025:10:00:16 +0200] "GET /Jurek/vida_morele/feeds/VidaPL_all.xml HTTP/2.0" 200 767434984 "-" "MarketplaceAPI curl/7.74.0 PHP/8"
35.204.39.32 - - [28/May/2025:10:00:18 +0200] "GET /marketplaces/carrefour_fr/results/carrefour_fr.csv HTTP/1.1" 200 6207627 "-" "Mirakl HttpClient"
46.101.116.244 - - [28/May/2025:10:00:21 +0200] "GET /Jurek/smxdesign/feeds/smxdesign_mallsiSH.xml HTTP/2.0" 200 1829002 "-" "-"
51.77.52.107 - - [28/May/2025:10:00:24 +0200] "GET /Jurek/eurofirany/images/459027/0.jpg HTTP/2.0" 200 100245 "-" "baselinker"
46.101.116.244 - - [28/May/2025:10:00:44 +0200] "GET /Jurek/alucon/feeds/alucon_mallsiSH.xml HTTP/2.0" 200 553568 "-" "-"
52.18.22.0 - - [28/May/2025:10:00:47 +0200] "GET /marketplaces/ubaldi/results/ubaldi.csv HTTP/1.1" 200 130835 "-" "Mirakl HttpClient"
51.77.52.107 - - [28/May/2025:10:00:52 +0200] "GET /Jurek/eurofirany/images/458997/0.jpg HTTP/2.0" 200 102188 "-" "baselinker"
46.101.116.244 - - [28/May/2025:10:00:54 +0200] "GET /Jurek/evil/feeds/evil_mallsiSH.xml HTTP/2.0" 200 306389 "-" "-"
51.77.52.107 - - [28/May/2025:10:00:58 +0200] "GET /Jurek/eurofirany/images/458997/0.jpg HTTP/2.0" 200 102188 "-" "baselinker"
46.101.116.244 - - [28/May/2025:10:01:05 +0200] "GET /Jurek/hlo/feeds/hlo_mallsiSH.xml HTTP/2.0" 200 4838671 "-" "-"
46.101.116.244 - - [28/May/2025:10:01:16 +0200] "GET /Jurek/lgbtshop/feeds/lgbtshop_mallsiSH.xml HTTP/2.0" 200 219253 "-" "-"
46.101.116.244 - - [28/May/2025:10:01:26 +0200] "GET /Jurek/madrex/feeds/madrex_mallsiSH.xml HTTP/2.0" 200 466713 "-" "-"
35.204.39.32 - - [28/May/2025:10:01:30 +0200] "GET /marketplaces/vente/results/vente_nl.csv HTTP/1.1" 200 147219 "-" "Mirakl HttpClient"
35.204.39.32 - - [28/May/2025:10:01:30 +0200] "GET /marketplaces/vente/results/vente_fr.csv HTTP/1.1" 200 147219 "-" "Mirakl HttpClient"
35.204.39.32 - - [28/May/2025:10:01:30 +0200] "GET /marketplaces/vente/results/vente_be.csv HTTP/1.1" 200 147219 "-" "Mirakl HttpClient"
35.204.39.32 - - [28/May/2025:10:01:30 +0200] "GET /marketplaces/vente/results/vente_it.csv HTTP/1.1" 200 147219 "-" "Mirakl HttpClient"
35.204.39.32 - - [28/May/2025:10:01:30 +0200] "GET /marketplaces/vente/results/vente_es.csv HTTP/1.1" 200 147219 "-" "Mirakl HttpClient"
35.204.39.32 - - [28/May/2025:10:01:30 +0200] "GET /marketplaces/vente/results/vente_de.csv HTTP/1.1" 200 163603 "-" "Mirakl HttpClient"
51.77.52.107 - - [28/May/2025:10:01:36 +0200] "GET /Jurek/eurofirany/images/458997/0.jpg HTTP/2.0" 200 102188 "-" "baselinker"
46.101.116.244 - - [28/May/2025:10:01:36 +0200] "GET /Jurek/motofan/feeds/motofan_mallsiSH.xml HTTP/2.0" 200 2392158 "-" "-"
46.101.116.244 - - [28/May/2025:10:01:47 +0200] "GET /Jurek/najtanszysport/feeds/najtanszysport_mallsiSH.xml HTTP/2.0" 200 3983130 "-" "-"
51.77.52.107 - - [28/May/2025:10:01:52 +0200] "GET /Jurek/eurofirany/images/459008/0.jpg HTTP/2.0" 200 102188 "-" "baselinker"
46.101.116.244 - - [28/May/2025:10:01:58 +0200] "GET /Jurek/nexus/feeds/nexus_mallsiSH.xml HTTP/2.0" 200 226610 "-" "-"
51.77.52.107 - - [28/May/2025:10:02:00 +0200] "GET /Jurek/eurofirany/images/459008/0.jpg HTTP/2.0" 200 102188 "-" "baselinker"
51.77.52.107 - - [28/May/2025:10:02:08 +0200] "GET /Jurek/eurofirany/images/459008/0.jpg HTTP/2.0" 200 102188 "-" "baselinker"
46.101.116.244 - - [28/May/2025:10:02:08 +0200] "GET /Jurek/playcob/feeds/playcob_mallsiSH.xml HTTP/2.0" 200 6980132 "-" "-"
52.17.80.36 - - [28/May/2025:10:02:09 +0200] "GET /marketplaces/rue/results/rue.csv HTTP/1.1" 200 147219 "-" "Mirakl HttpClient"
193.33.8.61 - - [28/May/2025:10:02:16 +0200] "GET /favicon.ico HTTP/2.0" 404 3551 "https://dkkapusta1997.usermd.net/Jurek/eany/" "Mozilla/5.0 (Windows NT 10.0; Win64; x64) AppleWebKit/537.36 (KHTML, like Gecko) Chrome/136.0.0.0 Safari/537.36"
46.101.116.244 - - [28/May/2025:10:02:19 +0200] "GET /Jurek/cbdgreen/feeds/cbdgreen_mallsiSH.xml HTTP/2.0" 200 50541 "-" "-"
46.101.116.244 - - [28/May/2025:10:02:29 +0200] "GET /Jurek/cbdgreen/feeds/cbdgreen_mallsiSH.xml HTTP/2.0" 200 50541 "-" "-"
51.77.52.107 - - [28/May/2025:10:02:33 +0200] "GET /Jurek/eurofirany/images/459012/0.jpg HTTP/2.0" 200 126528 "-" "baselinker"
46.101.116.244 - - [28/May/2025:10:02:40 +0200] "GET /Jurek/dekornatort/feeds/dekornatort_mallsiSH.xml HTTP/2.0" 200 225730 "-" "-"
51.77.52.107 - - [28/May/2025:10:02:42 +0200] "GET /Jurek/eurofirany/images/459012/0.jpg HTTP/2.0" 200 126528 "-" "baselinker"
46.101.116.244 - - [28/May/2025:10:02:50 +0200] "GET /Jurek/eurofryz2/feeds/eurofryz2_mallsiSH.xml HTTP/2.0" 200 1376746 "-" "-"
46.101.116.244 - - [28/May/2025:10:03:00 +0200] "GET /Jurek/eurofryz3/feeds/eurofryz3_mallsiSH.xml HTTP/2.0" 200 172223 "-" "-"
51.77.52.107 - - [28/May/2025:10:03:02 +0200] "GET /Jurek/eurofirany/images/459012/0.jpg HTTP/2.0" 200 126528 "-" "baselinker"
51.77.52.107 - - [28/May/2025:10:03:10 +0200] "GET /Jurek/eurofirany/images/459020/0.jpg HTTP/2.0" 200 115293 "-" "baselinker"
46.101.116.244 - - [28/May/2025:10:03:11 +0200] "GET /Jurek/globaldeli/feeds/globaldeli_mallsiSH.xml HTTP/2.0" 200 2590906 "-" "-"
89.161.206.59 - - [28/May/2025:10:03:25 +0200] "GET /Jurek/ikonka/feeds/ikonka_allegro_cz.xml HTTP/1.0" 200 20740814 "-" "-"
46.101.116.244 - - [28/May/2025:10:03:31 +0200] "GET /Jurek/lendo/feeds/lendo_mallsiSH.xml HTTP/2.0" 200 330388 "-" "-"
51.77.52.107 - - [28/May/2025:10:03:43 +0200] "GET /Jurek/eurofirany/images/459020/0.jpg HTTP/2.0" 200 115293 "-" "baselinker"
52.209.168.113 - - [28/May/2025:10:03:54 +0200] "GET /marketplaces/carrefour/results/carrefour.csv HTTP/1.1" 200 147221 "-" "Mirakl HttpClient"
51.77.52.107 - - [28/May/2025:10:04:13 +0200] "GET /Jurek/eurofirany/images/459020/0.jpg HTTP/2.0" 200 115293 "-" "baselinker"
51.77.52.107 - - [28/May/2025:10:04:31 +0200] "GET /Jurek/eurofirany/images/130742/0.jpg HTTP/2.0" 200 6625 "-" "baselinker"
85.14.86.141 - - [28/May/2025:10:04:31 +0200] "GET /Jurek/kinghoff/feeds/kinghoff_morele.xml HTTP/2.0" 200 15629128 "-" "MarketplaceAPI curl/7.74.0 PHP/8"
51.77.52.107 - - [28/May/2025:10:04:32 +0200] "GET /Jurek/eurofirany/images/130742/0.jpg HTTP/2.0" 200 6625 "-" "baselinker"
51.77.52.107 - - [28/May/2025:10:04:32 +0200] "GET /Jurek/eurofirany/images/130742/0.jpg HTTP/2.0" 200 6625 "-" "baselinker"
51.77.52.107 - - [28/May/2025:10:04:33 +0200] "GET /Jurek/eurofirany/images/325019/0.jpg HTTP/2.0" 200 135786 "-" "baselinker"
46.101.116.244 - - [28/May/2025:10:04:33 +0200] "GET /Jurek/naszedzieci/feeds/naszedzieci_mallsiSH.xml HTTP/2.0" 200 833172423 "-" "-"
51.77.52.107 - - [28/May/2025:10:04:42 +0200] "GET /Jurek/eurofirany/images/325019/0.jpg HTTP/2.0" 200 135786 "-" "baselinker"
51.77.52.107 - - [28/May/2025:10:04:48 +0200] "GET /Jurek/eurofirany/images/325019/0.jpg HTTP/2.0" 200 135786 "-" "baselinker"
51.77.52.107 - - [28/May/2025:10:04:56 +0200] "GET /Jurek/eurofirany/images/351249/0.jpg HTTP/2.0" 200 64620 "-" "baselinker"
51.77.52.107 - - [28/May/2025:10:05:20 +0200] "GET /Jurek/eurofirany/images/351249/0.jpg HTTP/2.0" 200 64620 "-" "baselinker"
51.77.52.107 - - [28/May/2025:10:05:41 +0200] "GET /Jurek/eurofirany/images/351249/0.jpg HTTP/2.0" 200 64620 "-" "baselinker"
51.77.52.107 - - [28/May/2025:10:05:57 +0200] "GET /Jurek/eurofirany/images/393143/0.jpg HTTP/2.0" 200 46195 "-" "baselinker"
51.77.52.107 - - [28/May/2025:10:06:04 +0200] "GET /Jurek/eurofirany/images/393143/0.jpg HTTP/2.0" 200 46195 "-" "baselinker"
51.77.52.107 - - [28/May/2025:10:06:11 +0200] "GET /Jurek/eurofirany/images/393143/0.jpg HTTP/2.0" 200 46195 "-" "baselinker"
51.77.52.107 - - [28/May/2025:10:06:31 +0200] "GET /Jurek/eurofirany/images/397056/0.jpg HTTP/2.0" 200 23712 "-" "baselinker"
51.77.52.107 - - [28/May/2025:10:06:40 +0200] "GET /Jurek/eurofirany/images/397056/0.jpg HTTP/2.0" 200 23712 "-" "baselinker"
51.77.52.107 - - [28/May/2025:10:06:47 +0200] "GET /Jurek/eurofirany/images/397056/0.jpg HTTP/2.0" 200 23712 "-" "baselinker"
51.77.52.107 - - [28/May/2025:10:07:11 +0200] "GET /Jurek/eurofirany/images/397060/0.jpg HTTP/2.0" 200 30123 "-" "baselinker"
51.77.52.107 - - [28/May/2025:10:07:16 +0200] "GET /Jurek/eurofirany/images/397060/0.jpg HTTP/2.0" 200 30123 "-" "baselinker"
51.77.52.107 - - [28/May/2025:10:07:21 +0200] "GET /Jurek/eurofirany/images/397060/0.jpg HTTP/2.0" 200 30123 "-" "baselinker"
51.77.52.107 - - [28/May/2025:10:07:27 +0200] "GET /Jurek/eurofirany/images/397061/0.jpg HTTP/2.0" 200 30123 "-" "baselinker"
85.14.86.141 - - [28/May/2025:10:07:36 +0200] "GET /Jurek/eurofirany/feeds/eurofirany_morele.xml HTTP/2.0" 200 18720286 "-" "MarketplaceAPI curl/7.74.0 PHP/8"
51.77.52.107 - - [28/May/2025:10:07:44 +0200] "GET /Jurek/eurofirany/images/397061/0.jpg HTTP/2.0" 200 30123 "-" "baselinker"
51.77.52.107 - - [28/May/2025:10:07:51 +0200] "GET /Jurek/eurofirany/images/397061/0.jpg HTTP/2.0" 200 30123 "-" "baselinker"
85.14.86.141 - - [28/May/2025:10:07:52 +0200] "GET /Jurek/vivaldi/feeds/vivaldi_Morele-PL.xml HTTP/2.0" 200 344674 "-" "MarketplaceAPI curl/7.74.0 PHP/8"
51.77.52.107 - - [28/May/2025:10:08:10 +0200] "GET /Jurek/eurofirany/images/397062/0.jpg HTTP/2.0" 200 46195 "-" "baselinker"
51.77.52.107 - - [28/May/2025:10:08:18 +0200] "GET /Jurek/eurofirany/images/397062/0.jpg HTTP/2.0" 200 46195 "-" "baselinker"
51.77.52.107 - - [28/May/2025:10:08:23 +0200] "GET /Jurek/eurofirany/images/397062/0.jpg HTTP/2.0" 200 46195 "-" "baselinker"
51.77.52.107 - - [28/May/2025:10:08:32 +0200] "GET /Jurek/eurofirany/images/397064/0.jpg HTTP/2.0" 200 46195 "-" "baselinker"
51.77.52.107 - - [28/May/2025:10:08:39 +0200] "GET /Jurek/eurofirany/images/397064/0.jpg HTTP/2.0" 200 46195 "-" "baselinker"
51.77.52.107 - - [28/May/2025:10:08:46 +0200] "GET /Jurek/eurofirany/images/397064/0.jpg HTTP/2.0" 200 46195 "-" "baselinker"
185.6.76.18 - - [28/May/2025:10:08:52 +0200] "GET /marketplaces/skroutz/feeds/shumee.xml HTTP/1.1" 200 411707521 "-" "SkroutzBot v1.0"
89.161.206.59 - - [28/May/2025:10:08:57 +0200] "GET /Jurek/topeshop/feeds/topeshop_amazonSE.xml HTTP/1.0" 200 3021770 "-" "-"
89.161.206.59 - - [28/May/2025:10:09:07 +0200] "GET /Jurek/makow/feeds/makow_emagro.xml HTTP/1.0" 200 21206221 "-" "-"
51.77.52.107 - - [28/May/2025:10:09:07 +0200] "GET /Jurek/eurofirany/images/397065/0.jpg HTTP/2.0" 200 42257 "-" "baselinker"
89.161.206.59 - - [28/May/2025:10:09:07 +0200] "GET /Jurek/topeshop/feeds/topeshop_ebayDE.xml HTTP/1.0" 200 2553105 "-" "-"
89.161.206.59 - - [28/May/2025:10:09:08 +0200] "GET /Jurek/hdwr/feeds/hdwr_emagro.xml HTTP/1.0" 200 789596 "-" "-"
46.101.116.244 - - [28/May/2025:10:09:15 +0200] "GET /Jurek/intsell/feeds/intsell_skroutz.xml HTTP/1.0" 200 269821694 "-" "-"
51.77.52.107 - - [28/May/2025:10:09:16 +0200] "GET /Jurek/eurofirany/images/397065/0.jpg HTTP/2.0" 200 42257 "-" "baselinker"
85.14.86.141 - - [28/May/2025:10:09:38 +0200] "GET /Jurek/vida_morele/feeds/VidaPL_morele.xml HTTP/2.0" 200 767436166 "-" "MarketplaceAPI curl/7.74.0 PHP/8"
51.77.52.107 - - [28/May/2025:10:09:41 +0200] "GET /Jurek/eurofirany/images/397065/0.jpg HTTP/2.0" 200 42257 "-" "baselinker"
89.161.206.59 - - [28/May/2025:10:09:50 +0200] "GET /Jurek/luxma/feeds/luxma_skroutz.xml HTTP/1.0" 200 4419606 "-" "-"
66.249.70.36 - - [28/May/2025:10:09:52 +0200] "GET /Jurek/topeshop/downloaded_images/5902838466209_KUBABIURKOBRY%C5%81KASONOMAFRONTOT.jpg HTTP/1.1" 404 3551 "-" "Googlebot-Image/1.0"
89.161.206.59 - - [28/May/2025:10:09:52 +0200] "GET /Jurek/apresto/feeds/apresto_skr.xml HTTP/1.0" 200 1316761 "-" "-"
89.161.206.59 - - [28/May/2025:10:09:55 +0200] "GET /Jurek/mojeledy/feeds/mojeledy_skr.xml HTTP/1.0" 200 1015547 "-" "-"
89.161.206.59 - - [28/May/2025:10:09:55 +0200] "GET /Jurek/sovapl/feeds/sovapl_skr.xml HTTP/1.0" 200 8999446 "-" "-"
89.161.206.59 - - [28/May/2025:10:09:57 +0200] "GET /Jurek/fertes/feeds/fertes_skr.xml HTTP/1.0" 200 2361853 "-" "-"
89.161.206.59 - - [28/May/2025:10:09:57 +0200] "GET /Jurek/kamar/feeds/kamar_skr.xml HTTP/1.0" 200 25549985 "-" "-"
85.14.86.141 - - [28/May/2025:10:09:57 +0200] "GET /Jurek/aw/feeds/awnarzedzia_morele.xml HTTP/2.0" 200 91123092 "-" "MarketplaceAPI curl/7.74.0 PHP/8"
51.77.52.107 - - [28/May/2025:10:10:02 +0200] "GET /Jurek/eurofirany/images/397066/0.jpg HTTP/2.0" 200 42257 "-" "baselinker"
77.79.248.229 - - [28/May/2025:10:10:07 +0200] "GET /Jurek/ikonka/feeds/ikonka_cdon_se.xml HTTP/1.1" 200 20742294 "-" "python-requests/2.32.3"
77.79.248.229 - - [28/May/2025:10:10:08 +0200] "GET /Jurek/ikonka/feeds/ikonka_cdon_dk.xml HTTP/1.1" 200 20742196 "-" "python-requests/2.32.3"
77.79.248.229 - - [28/May/2025:10:10:09 +0200] "GET /Jurek/ikonka/feeds/ikonka_cdon_fi.xml HTTP/1.1" 200 20740242 "-" "python-requests/2.32.3"
77.79.248.229 - - [28/May/2025:10:10:18 +0200] "GET /Jurek/rovicky/feeds/rovicky_cdonSE.xml HTTP/1.1" 200 14979314 "-" "python-requests/2.32.3"
77.79.248.229 - - [28/May/2025:10:10:19 +0200] "GET /Jurek/rovicky/feeds/rovicky_cdonDK.xml HTTP/1.1" 200 14979291 "-" "python-requests/2.32.3"
77.79.248.229 - - [28/May/2025:10:10:19 +0200] "GET /Jurek/rovicky/feeds/rovicky_cdonFI.xml HTTP/1.1" 200 14973996 "-" "python-requests/2.32.3"
77.79.248.229 - - [28/May/2025:10:10:19 +0200] "GET /Jurek/benbaby/feeds/benbaby_cdon_se.xml HTTP/1.1" 200 3706323 "-" "python-requests/2.32.3"
77.79.248.229 - - [28/May/2025:10:10:20 +0200] "GET /Jurek/benbaby/feeds/benbaby_cdon_dk.xml HTTP/1.1" 200 3706161 "-" "python-requests/2.32.3"
77.79.248.229 - - [28/May/2025:10:10:20 +0200] "GET /Jurek/benbaby/feeds/benbaby_cdon_fi.xml HTTP/1.1" 200 3703426 "-" "python-requests/2.32.3"
77.79.248.229 - - [28/May/2025:10:10:20 +0200] "GET /Jurek/candellux/feeds/candellux_cdon_se.xml HTTP/1.1" 200 466166 "-" "python-requests/2.32.3"
77.79.248.229 - - [28/May/2025:10:10:21 +0200] "GET /Jurek/candellux/feeds/candellux_cdon_dk.xml HTTP/1.1" 200 466129 "-" "python-requests/2.32.3"
77.79.248.229 - - [28/May/2025:10:10:21 +0200] "GET /Jurek/candellux/feeds/candellux_cdon_fi.xml HTTP/1.1" 200 465745 "-" "python-requests/2.32.3"
51.77.52.107 - - [28/May/2025:10:10:21 +0200] "GET /Jurek/eurofirany/images/397066/0.jpg HTTP/2.0" 200 42257 "-" "baselinker"
66.249.70.37 - - [28/May/2025:10:10:22 +0200] "GET /Jurek/topeshop/downloaded_images/5902838466209_KUBABIURKOSONOMA.png HTTP/1.1" 404 3551 "-" "Googlebot-Image/1.0"
77.79.248.229 - - [28/May/2025:10:10:26 +0200] "GET /Jurek/topeshop/feeds/topeshop_cdon_se.xml HTTP/1.1" 200 3021799 "-" "python-requests/2.32.3"
77.79.248.229 - - [28/May/2025:10:10:26 +0200] "GET /Jurek/topeshop/feeds/topeshop_cdon_dk.xml HTTP/1.1" 200 3021545 "-" "python-requests/2.32.3"
77.79.248.229 - - [28/May/2025:10:10:26 +0200] "GET /Jurek/topeshop/feeds/topeshop_cdon_fi.xml HTTP/1.1" 200 3021064 "-" "python-requests/2.32.3"
