51.77.52.107 - - [28/May/2025:07:43:49 +0200] "GET /Jurek/eurofirany/images/353305/0.jpg HTTP/2.0" 200 71154 "-" "baselinker"
77.79.248.229 - - [28/May/2025:07:44:02 +0200] "GET /Jurek/aw/feeds/awnarzedzia_leroy.xml HTTP/1.1" 200 91102560 "-" "Python-urllib/3.11"
51.77.52.107 - - [28/May/2025:07:44:02 +0200] "GET /Jurek/eurofirany/images/353308/0.jpg HTTP/2.0" 200 59504 "-" "baselinker"
77.79.248.229 - - [28/May/2025:07:44:04 +0200] "GET /Jurek/action/feeds/action_leroy.xml HTTP/1.1" 200 59485593 "-" "Python-urllib/3.11"
77.79.248.229 - - [28/May/2025:07:44:07 +0200] "GET /Jurek/b3/feeds/b3_leroy.xml HTTP/1.1" 200 8068401 "-" "Python-urllib/3.11"
77.79.248.229 - - [28/May/2025:07:44:08 +0200] "GET /Jurek/topeshop/feeds/topeshop_leroy.xml HTTP/1.1" 200 3021040 "-" "Python-urllib/3.11"
51.77.52.107 - - [28/May/2025:07:44:09 +0200] "GET /Jurek/eurofirany/images/353308/0.jpg HTTP/2.0" 200 59504 "-" "baselinker"
77.79.248.229 - - [28/May/2025:07:44:10 +0200] "GET /Jurek/eurofirany/feeds/eurofirany_leroy.xml HTTP/1.1" 200 18718655 "-" "Python-urllib/3.11"
77.79.248.229 - - [28/May/2025:07:44:10 +0200] "GET /Jurek/fernity/feeds/fernity_leroy.xml HTTP/1.1" 200 4718354 "-" "Python-urllib/3.11"
77.79.248.229 - - [28/May/2025:07:44:11 +0200] "GET /Jurek/kambukka/feeds/kambukka_leroy.xml HTTP/1.1" 200 1023477 "-" "Python-urllib/3.11"
77.79.248.229 - - [28/May/2025:07:44:11 +0200] "GET /Jurek/ikonka/feeds/ikonka_leroy.xml HTTP/1.1" 200 20740179 "-" "Python-urllib/3.11"
77.79.248.229 - - [28/May/2025:07:44:12 +0200] "GET /Jurek/oromed/feeds/oromed_leroy.xml HTTP/1.1" 200 1290066 "-" "Python-urllib/3.11"
77.79.248.229 - - [28/May/2025:07:44:12 +0200] "GET /Jurek/benetech/feeds/benetech_leroy.xml HTTP/1.1" 200 4165399 "-" "Python-urllib/3.11"
77.79.248.229 - - [28/May/2025:07:44:12 +0200] "GET /Jurek/octopia/feeds/octopia_leroy.xml HTTP/1.1" 200 10104975 "-" "Python-urllib/3.11"
77.79.248.229 - - [28/May/2025:07:44:12 +0200] "GET /Jurek/waks/feeds/waks_leroy.xml HTTP/1.1" 200 1596552 "-" "Python-urllib/3.11"
77.79.248.229 - - [28/May/2025:07:44:13 +0200] "GET /Jurek/hdwr/feeds/hdwr_leroy.xml HTTP/1.1" 200 789417 "-" "Python-urllib/3.11"
77.79.248.229 - - [28/May/2025:07:44:14 +0200] "GET /Jurek/barbecook/feeds/barbecook_leroy.xml HTTP/1.1" 200 87520 "-" "Python-urllib/3.11"
77.79.248.229 - - [28/May/2025:07:44:14 +0200] "GET /Jurek/sempler/feeds/sempler_leroy.xml HTTP/1.1" 200 6787942 "-" "Python-urllib/3.11"
77.79.248.229 - - [28/May/2025:07:44:14 +0200] "GET /Jurek/kinghome/feeds/kinghome_leroy.xml HTTP/1.1" 200 6357055 "-" "Python-urllib/3.11"
77.79.248.229 - - [28/May/2025:07:44:15 +0200] "GET /Jurek/ekolight/feeds/ekolioght_leroy.xml HTTP/1.1" 200 9052911 "-" "Python-urllib/3.11"
77.79.248.229 - - [28/May/2025:07:44:15 +0200] "GET /Jurek/bimboland/feeds/bimboland_leroy.xml HTTP/1.1" 200 2779012 "-" "Python-urllib/3.11"
77.79.248.229 - - [28/May/2025:07:44:16 +0200] "GET /Jurek/hurtmeblowy/feeds/hurtmeblowy_leroy.xml HTTP/1.1" 200 8543192 "-" "Python-urllib/3.11"
77.79.248.229 - - [28/May/2025:07:44:16 +0200] "GET /Jurek/fertone/feeds/fertone_leroy.xml HTTP/1.1" 200 583732 "-" "Python-urllib/3.11"
77.79.248.229 - - [28/May/2025:07:44:17 +0200] "GET /Jurek/ekuchcikowo/feeds/ekuchcikowo_leroy.xml HTTP/1.1" 200 12470973 "-" "Python-urllib/3.11"
77.79.248.229 - - [28/May/2025:07:44:21 +0200] "GET /Jurek/intsell/feeds/intsell_leroy.xml HTTP/1.1" 200 342009326 "-" "Python-urllib/3.11"
77.79.248.229 - - [28/May/2025:07:44:21 +0200] "GET /Jurek/velinda/feeds/velinda_leroy.xml HTTP/1.1" 200 4227169 "-" "Python-urllib/3.11"
77.79.248.229 - - [28/May/2025:07:44:21 +0200] "GET /Jurek/spali/feeds/spali_leroy.xml HTTP/1.1" 200 77056 "-" "Python-urllib/3.11"
77.79.248.229 - - [28/May/2025:07:44:21 +0200] "GET /Jurek/urwiskowo/feeds/urwiskowo_leroy.xml HTTP/1.1" 200 9114947 "-" "Python-urllib/3.11"
77.79.248.229 - - [28/May/2025:07:44:22 +0200] "GET /Jurek/erohurtownia/feeds/erohurtownia_leroy.xml HTTP/1.1" 200 22846506 "-" "Python-urllib/3.11"
77.79.248.229 - - [28/May/2025:07:44:22 +0200] "GET /Jurek/elecomp/feeds/elecomp_leroy.xml HTTP/1.1" 200 2867745 "-" "Python-urllib/3.11"
77.79.248.229 - - [28/May/2025:07:44:22 +0200] "GET /Jurek/rider/feeds/rider_leroy.xml HTTP/1.1" 200 8165184 "-" "Python-urllib/3.11"
77.79.248.229 - - [28/May/2025:07:44:22 +0200] "GET /Jurek/eurofryz2/feeds/eurofryz2_leroy.xml HTTP/1.1" 200 1376744 "-" "Python-urllib/3.11"
77.79.248.229 - - [28/May/2025:07:44:23 +0200] "GET /Jurek/expertauto/feeds/expertauto_leroy.xml HTTP/1.1" 200 1158929 "-" "Python-urllib/3.11"
77.79.248.229 - - [28/May/2025:07:44:23 +0200] "GET /Jurek/najtanszysport/feeds/najtanszysport_leroy.xml HTTP/1.1" 200 3983185 "-" "Python-urllib/3.11"
77.79.248.229 - - [28/May/2025:07:44:24 +0200] "GET /Jurek/narzbud/feeds/narzbud_leroy.xml HTTP/1.1" 200 1901219 "-" "Python-urllib/3.11"
77.79.248.229 - - [28/May/2025:07:44:26 +0200] "GET /Jurek/awparts/feeds/awparts_leroy.xml HTTP/1.1" 200 142299862 "-" "Python-urllib/3.11"
77.79.248.229 - - [28/May/2025:07:44:26 +0200] "GET /Jurek/kidshop/feeds/kidshop_leroy.xml HTTP/1.1" 200 19850599 "-" "Python-urllib/3.11"
77.79.248.229 - - [28/May/2025:07:44:26 +0200] "GET /Jurek/playcob/feeds/playcob_leroy.xml HTTP/1.1" 200 6980180 "-" "Python-urllib/3.11"
77.79.248.229 - - [28/May/2025:07:44:28 +0200] "GET /Jurek/dropkz/feeds/dropkz_leroy.xml HTTP/1.1" 200 70014398 "-" "Python-urllib/3.11"
77.79.248.229 - - [28/May/2025:07:44:29 +0200] "GET /Jurek/straganbiur/feeds/straganbiur_leroy.xml HTTP/1.1" 200 8893205 "-" "Python-urllib/3.11"
77.79.248.229 - - [28/May/2025:07:44:29 +0200] "GET /Jurek/roger/feeds/roger_leroy.xml HTTP/1.1" 200 1396584 "-" "Python-urllib/3.11"
77.79.248.229 - - [28/May/2025:07:44:29 +0200] "GET /Jurek/sportprise/feeds/sportprise_leroy.xml HTTP/1.1" 200 12725398 "-" "Python-urllib/3.11"
77.79.248.229 - - [28/May/2025:07:44:29 +0200] "GET /Jurek/hurtmeblowy/feeds/hurtmeblowy_leroy.xml HTTP/1.1" 200 8543192 "-" "Python-urllib/3.11"
51.77.52.107 - - [28/May/2025:07:44:29 +0200] "GET /Jurek/eurofirany/images/353308/0.jpg HTTP/2.0" 200 59504 "-" "baselinker"
77.79.248.229 - - [28/May/2025:07:44:30 +0200] "GET /Jurek/oknobest/feeds/oknobest_leroy.xml HTTP/1.1" 200 2708302 "-" "Python-urllib/3.11"
77.79.248.229 - - [28/May/2025:07:44:30 +0200] "GET /Jurek/german/feeds/german_leroy.xml HTTP/1.1" 200 2853551 "-" "Python-urllib/3.11"
77.79.248.229 - - [28/May/2025:07:44:30 +0200] "GET /Jurek/kristronik/feeds/kristronik_leroy.xml HTTP/1.1" 200 691981 "-" "Python-urllib/3.11"
77.79.248.229 - - [28/May/2025:07:44:30 +0200] "GET /Jurek/erohurtownia/feeds/erohurtownia_leroy.xml HTTP/1.1" 200 22846506 "-" "Python-urllib/3.11"
77.79.248.229 - - [28/May/2025:07:44:31 +0200] "GET /Jurek/smxdesign/feeds/smxdesign_leroy.xml HTTP/1.1" 200 1829025 "-" "Python-urllib/3.11"
77.79.248.229 - - [28/May/2025:07:44:31 +0200] "GET /Jurek/elavia/feeds/elavia_leroy.xml HTTP/1.1" 200 2497278 "-" "Python-urllib/3.11"
77.79.248.229 - - [28/May/2025:07:44:32 +0200] "GET /Jurek/relogy/feeds/relogy_leroy.xml HTTP/1.1" 200 66653234 "-" "Python-urllib/3.11"
77.79.248.229 - - [28/May/2025:07:44:32 +0200] "GET /Jurek/hlo/feeds/hlo_leroy.xml HTTP/1.1" 200 4838667 "-" "Python-urllib/3.11"
77.79.248.229 - - [28/May/2025:07:44:32 +0200] "GET /Jurek/aiofactory/feeds/aiofactory_leroy.xml HTTP/1.1" 200 2123745 "-" "Python-urllib/3.11"
77.79.248.229 - - [28/May/2025:07:44:32 +0200] "GET /Jurek/broers/feeds/broers_leroy.xml HTTP/1.1" 200 1982553 "-" "Python-urllib/3.11"
77.79.248.229 - - [28/May/2025:07:44:32 +0200] "GET /Jurek/euroshop/feeds/euroshop_leroy.xml HTTP/1.1" 200 20025518 "-" "Python-urllib/3.11"
77.79.248.229 - - [28/May/2025:07:44:32 +0200] "GET /Jurek/jankeski/feeds/jankeski_leroy.xml HTTP/1.1" 200 6571115 "-" "Python-urllib/3.11"
77.79.248.229 - - [28/May/2025:07:44:32 +0200] "GET /Jurek/zbimatyja/feeds/zbimatyja_leroy.xml HTTP/1.1" 200 11670217 "-" "Python-urllib/3.11"
77.79.248.229 - - [28/May/2025:07:44:33 +0200] "GET /Jurek/cdata/feeds/cdata_leroy.xml HTTP/1.1" 200 1445136 "-" "Python-urllib/3.11"
77.79.248.229 - - [28/May/2025:07:44:33 +0200] "GET /Jurek/asortymenteu/feeds/asortymenteu_leroy.xml HTTP/1.1" 200 2871963 "-" "Python-urllib/3.11"
77.79.248.229 - - [28/May/2025:07:44:33 +0200] "GET /Jurek/biokominki/feeds/biokominki_leroy.xml HTTP/1.1" 200 1422255 "-" "Python-urllib/3.11"
77.79.248.229 - - [28/May/2025:07:44:33 +0200] "GET /Jurek/newtechele/feeds/newtechele_leroy.xml HTTP/1.1" 200 2438478 "-" "Python-urllib/3.11"
77.79.248.229 - - [28/May/2025:07:44:33 +0200] "GET /Jurek/matkam/feeds/matkam_leroy.xml HTTP/1.1" 200 5000326 "-" "Python-urllib/3.11"
77.79.248.229 - - [28/May/2025:07:44:33 +0200] "GET /Jurek/cenoman/feeds/cenoman_leroy.xml HTTP/1.1" 200 5993127 "-" "Python-urllib/3.11"
77.79.248.229 - - [28/May/2025:07:44:34 +0200] "GET /Jurek/kamar/feeds/kamar_leroy.xml HTTP/1.1" 200 25550383 "-" "Python-urllib/3.11"
77.79.248.229 - - [28/May/2025:07:44:34 +0200] "GET /Jurek/avenido/feeds/avenido_leroy.xml HTTP/1.1" 200 720114 "-" "Python-urllib/3.11"
77.79.248.229 - - [28/May/2025:07:44:34 +0200] "GET /Jurek/zenex/feeds/zenex_leroy.xml HTTP/1.1" 200 540180 "-" "Python-urllib/3.11"
77.79.248.229 - - [28/May/2025:07:44:34 +0200] "GET /Jurek/filmal/feeds/filmal_leroy.xml HTTP/1.1" 200 139275 "-" "Python-urllib/3.11"
77.79.248.229 - - [28/May/2025:07:44:34 +0200] "GET /Jurek/makow/feeds/makow_leroy.xml HTTP/1.1" 200 21203870 "-" "Python-urllib/3.11"
77.79.248.229 - - [28/May/2025:07:44:34 +0200] "GET /Jurek/szpaklampy/feeds/szpaklampy_leroy.xml HTTP/1.1" 200 388189 "-" "Python-urllib/3.11"
77.79.248.229 - - [28/May/2025:07:44:35 +0200] "GET /Jurek/apresto/feeds/apresto_leroy.xml HTTP/1.1" 200 1327650 "-" "Python-urllib/3.11"
77.79.248.229 - - [28/May/2025:07:44:35 +0200] "GET /Jurek/nexus/feeds/nexus_leroy.xml HTTP/1.1" 200 226625 "-" "Python-urllib/3.11"
77.79.248.229 - - [28/May/2025:07:44:35 +0200] "GET /Jurek/em3/feeds/em3_leroy.xml HTTP/1.1" 200 258915 "-" "Python-urllib/3.11"
77.79.248.229 - - [28/May/2025:07:44:35 +0200] "GET /Jurek/mojeledy/feeds/mojeledy_leroy.xml HTTP/1.1" 200 1018446 "-" "Python-urllib/3.11"
77.79.248.229 - - [28/May/2025:07:44:35 +0200] "GET /Jurek/carbonyway/feeds/carbonyway_leroy.xml HTTP/1.1" 200 3075987 "-" "Python-urllib/3.11"
77.79.248.229 - - [28/May/2025:07:44:35 +0200] "GET /Jurek/kalama/feeds/kalama_leroy.xml HTTP/1.1" 200 2661753 "-" "Python-urllib/3.11"
77.79.248.229 - - [28/May/2025:07:44:35 +0200] "GET /Jurek/proadventure/feeds/proadventure_leroy.xml HTTP/1.1" 200 10763437 "-" "Python-urllib/3.11"
77.79.248.229 - - [28/May/2025:07:44:35 +0200] "GET /Jurek/sklep24amk/feeds/sklep24amk_leroy.xml HTTP/1.1" 200 3894635 "-" "Python-urllib/3.11"
77.79.248.229 - - [28/May/2025:07:44:37 +0200] "GET /Jurek/bloomglow/feeds/bloomglow_leroy.xml HTTP/1.1" 200 14095132 "-" "Python-urllib/3.11"
51.77.52.107 - - [28/May/2025:07:44:38 +0200] "GET /Jurek/eurofirany/images/353322/0.jpg HTTP/2.0" 200 63662 "-" "baselinker"
77.79.248.229 - - [28/May/2025:07:44:45 +0200] "GET /Jurek/coppotech/feeds/coppotech_leroy.xml HTTP/1.1" 200 38049244 "-" "Python-urllib/3.11"
51.77.52.107 - - [28/May/2025:07:44:53 +0200] "GET /Jurek/eurofirany/images/353322/0.jpg HTTP/2.0" 200 63662 "-" "baselinker"
51.77.52.107 - - [28/May/2025:07:45:10 +0200] "GET /Jurek/eurofirany/images/353322/0.jpg HTTP/2.0" 200 63662 "-" "baselinker"
51.77.52.107 - - [28/May/2025:07:45:26 +0200] "GET /Jurek/eurofirany/images/378228/0.jpg HTTP/2.0" 200 50319 "-" "baselinker"
51.77.52.107 - - [28/May/2025:07:45:43 +0200] "GET /Jurek/eurofirany/images/378228/0.jpg HTTP/2.0" 200 50319 "-" "baselinker"
51.77.52.107 - - [28/May/2025:07:45:55 +0200] "GET /Jurek/eurofirany/images/378228/0.jpg HTTP/2.0" 200 50319 "-" "baselinker"
51.77.52.107 - - [28/May/2025:07:46:10 +0200] "GET /Jurek/eurofirany/images/378229/0.jpg HTTP/2.0" 200 42740 "-" "baselinker"
46.101.116.244 - - [28/May/2025:07:46:11 +0200] "GET /Jurek/piotrmiedz/feeds/piotrmiedz_cdsc.xml HTTP/1.0" 200 87650658 "-" "-"
85.232.241.194 - - [28/May/2025:07:46:11 +0200] "GET /Jurek/coppotech/feeds/coppotech_worten.xml HTTP/1.1" 200 38049016 "-" "Python-urllib/3.11"
85.232.241.194 - - [28/May/2025:07:46:12 +0200] "GET /Jurek/coppotech/feeds/coppotech_wortenES.xml HTTP/1.1" 200 38049321 "-" "Python-urllib/3.11"
51.77.52.107 - - [28/May/2025:07:46:27 +0200] "GET /Jurek/eurofirany/images/378229/0.jpg HTTP/2.0" 200 42740 "-" "baselinker"
51.77.52.107 - - [28/May/2025:07:46:44 +0200] "GET /Jurek/eurofirany/images/378229/0.jpg HTTP/2.0" 200 42740 "-" "baselinker"
51.77.52.107 - - [28/May/2025:07:46:49 +0200] "GET /Jurek/eurofirany/images/378234/0.jpg HTTP/2.0" 200 46605 "-" "baselinker"
66.249.70.37 - - [28/May/2025:07:46:50 +0200] "GET /Jurek/eurofirany/images/409428/5.jpg HTTP/1.1" 200 598576 "-" "Googlebot-Image/1.0"
51.77.52.107 - - [28/May/2025:07:47:04 +0200] "GET /Jurek/eurofirany/images/378234/0.jpg HTTP/2.0" 200 46605 "-" "baselinker"
51.77.52.107 - - [28/May/2025:07:47:26 +0200] "GET /Jurek/eurofirany/images/378234/0.jpg HTTP/2.0" 200 46605 "-" "baselinker"
46.101.116.244 - - [28/May/2025:07:47:34 +0200] "GET /Jurek/fernity/feeds/fernity_manomano.xml HTTP/1.0" 200 4718019 "-" "-"
89.161.206.59 - - [28/May/2025:07:47:37 +0200] "GET /Jurek/eurofirany/feeds/eurofirany_manomanofr.xml HTTP/1.0" 200 18718518 "-" "-"
51.77.52.107 - - [28/May/2025:07:47:44 +0200] "GET /Jurek/eurofirany/images/382444/0.jpg HTTP/2.0" 200 16503 "-" "baselinker"
51.77.52.107 - - [28/May/2025:07:48:02 +0200] "GET /Jurek/eurofirany/images/382444/0.jpg HTTP/2.0" 200 16503 "-" "baselinker"
51.77.52.107 - - [28/May/2025:07:48:04 +0200] "GET /Jurek/eurofirany/images/382444/0.jpg HTTP/2.0" 200 16503 "-" "baselinker"
89.161.206.59 - - [28/May/2025:07:48:22 +0200] "GET /Jurek/roger/feeds/roger_manoFR.xml HTTP/1.0" 200 1147428 "-" "-"
51.77.52.107 - - [28/May/2025:07:48:23 +0200] "GET /Jurek/eurofirany/images/382445/0.jpg HTTP/2.0" 200 16503 "-" "baselinker"
51.77.52.107 - - [28/May/2025:07:48:42 +0200] "GET /Jurek/eurofirany/images/382445/0.jpg HTTP/2.0" 200 16503 "-" "baselinker"
51.77.52.107 - - [28/May/2025:07:48:55 +0200] "GET /Jurek/eurofirany/images/382445/0.jpg HTTP/2.0" 200 16503 "-" "baselinker"
51.77.52.107 - - [28/May/2025:07:48:58 +0200] "GET /Jurek/eurofirany/images/432122/0.jpg HTTP/2.0" 200 64302 "-" "baselinker"
51.77.52.107 - - [28/May/2025:07:49:19 +0200] "GET /Jurek/eurofirany/images/432122/0.jpg HTTP/2.0" 200 64302 "-" "baselinker"
51.77.52.107 - - [28/May/2025:07:49:35 +0200] "GET /Jurek/eurofirany/images/432122/0.jpg HTTP/2.0" 200 64302 "-" "baselinker"
51.77.52.107 - - [28/May/2025:07:49:50 +0200] "GET /Jurek/eurofirany/images/432123/0.jpg HTTP/2.0" 200 72410 "-" "baselinker"
51.77.52.107 - - [28/May/2025:07:50:15 +0200] "GET /Jurek/eurofirany/images/432123/0.jpg HTTP/2.0" 200 72410 "-" "baselinker"
51.77.52.107 - - [28/May/2025:07:50:28 +0200] "GET /Jurek/eurofirany/images/432123/0.jpg HTTP/2.0" 200 72410 "-" "baselinker"
51.77.52.107 - - [28/May/2025:07:50:41 +0200] "GET /Jurek/eurofirany/images/432124/0.jpg HTTP/2.0" 200 68100 "-" "baselinker"
51.77.52.107 - - [28/May/2025:07:51:01 +0200] "GET /Jurek/eurofirany/images/432124/0.jpg HTTP/2.0" 200 68100 "-" "baselinker"
51.77.52.107 - - [28/May/2025:07:51:10 +0200] "GET /Jurek/eurofirany/images/432124/0.jpg HTTP/2.0" 200 68100 "-" "baselinker"
51.77.52.107 - - [28/May/2025:07:51:22 +0200] "GET /Jurek/eurofirany/images/432125/0.jpg HTTP/2.0" 200 73871 "-" "baselinker"
51.77.52.107 - - [28/May/2025:07:51:43 +0200] "GET /Jurek/eurofirany/images/432125/0.jpg HTTP/2.0" 200 73871 "-" "baselinker"
51.77.52.107 - - [28/May/2025:07:52:01 +0200] "GET /Jurek/eurofirany/images/432125/0.jpg HTTP/2.0" 200 73871 "-" "baselinker"
51.77.52.107 - - [28/May/2025:07:52:20 +0200] "GET /Jurek/eurofirany/images/432126/0.jpg HTTP/2.0" 200 77354 "-" "baselinker"
89.161.206.59 - - [28/May/2025:07:52:25 +0200] "GET /Jurek/reman/feeds/reman_amazonde.xml HTTP/1.0" 200 1394821 "-" "-"
89.161.206.59 - - [28/May/2025:07:52:27 +0200] "GET /Jurek/equalo/feeds/equalo_amazonde.xml HTTP/1.0" 200 98006 "-" "-"
89.161.206.59 - - [28/May/2025:07:52:27 +0200] "GET /Jurek/cdata/feeds/cdata_amazonde.xml HTTP/1.0" 200 1445139 "-" "-"
89.161.206.59 - - [28/May/2025:07:52:27 +0200] "GET /Jurek/drewdon/feeds/drewdon_amazonde.xml HTTP/1.0" 200 504447 "-" "-"
89.161.206.59 - - [28/May/2025:07:52:27 +0200] "GET /Jurek/alucon/feeds/alucon_amazonde.xml HTTP/1.0" 200 553569 "-" "-"
89.161.206.59 - - [28/May/2025:07:52:27 +0200] "GET /Jurek/snibbs/feeds/snibbs_amazonde.xml HTTP/1.0" 200 74392 "-" "-"
89.161.206.59 - - [28/May/2025:07:52:27 +0200] "GET /Jurek/riko/feeds/riko_amazonde.xml HTTP/1.0" 200 3784965 "-" "-"
89.161.206.59 - - [28/May/2025:07:52:28 +0200] "GET /Jurek/narzbud/feeds/narzbud_amazonde.xml HTTP/1.0" 200 1901242 "-" "-"
51.77.52.107 - - [28/May/2025:07:52:37 +0200] "GET /Jurek/eurofirany/images/432126/0.jpg HTTP/2.0" 200 77354 "-" "baselinker"
46.101.116.244 - - [28/May/2025:07:52:39 +0200] "GET /Jurek/piotrmiedz/feeds/piotrmiedz_amazonbe.xml HTTP/1.0" 200 91038467 "-" "-"
51.77.52.107 - - [28/May/2025:07:52:42 +0200] "GET /Jurek/eurofirany/images/432126/0.jpg HTTP/2.0" 200 77354 "-" "baselinker"
46.101.116.244 - - [28/May/2025:07:52:49 +0200] "GET /Jurek/piotrmiedz/feeds/piotrmiedz_amazonse.xml HTTP/1.0" 200 91088115 "-" "-"
51.77.52.107 - - [28/May/2025:07:53:04 +0200] "GET /Jurek/eurofirany/images/432130/0.jpg HTTP/2.0" 200 68100 "-" "baselinker"
51.77.52.107 - - [28/May/2025:07:53:22 +0200] "GET /Jurek/eurofirany/images/432130/0.jpg HTTP/2.0" 200 68100 "-" "baselinker"
51.77.52.107 - - [28/May/2025:07:53:36 +0200] "GET /Jurek/eurofirany/images/432130/0.jpg HTTP/2.0" 200 68100 "-" "baselinker"
89.161.206.59 - - [28/May/2025:07:53:44 +0200] "GET /Jurek/artdog/feeds/artdog_amazonit.xml HTTP/1.0" 200 17158731 "-" "-"
89.161.206.59 - - [28/May/2025:07:53:46 +0200] "GET /Jurek/artdog/feeds/artdog_amazonnl.xml HTTP/1.0" 200 17159032 "-" "-"
205.210.31.212 - - [28/May/2025:07:53:47 +0200] "GET / HTTP/1.1" 403 3541 "-" "Expanse, a Palo Alto Networks company, searches across the global IPv4 space multiple times per day to identify customers' presences on the Internet. If you would like to be excluded from our scans, please send IP addresses/domains to: scaninfo@paloaltonetworks.com"
51.77.52.107 - - [28/May/2025:07:53:53 +0200] "GET /Jurek/eurofirany/images/432131/0.jpg HTTP/2.0" 200 68100 "-" "baselinker"
89.161.206.59 - - [28/May/2025:07:54:06 +0200] "GET /Jurek/avenido/feeds/avenido_amazonde.xml HTTP/1.0" 200 720106 "-" "-"
89.161.206.59 - - [28/May/2025:07:54:06 +0200] "GET /Jurek/regis/feeds/regis_amazonde.xml HTTP/1.0" 200 228475 "-" "-"
89.161.206.59 - - [28/May/2025:07:54:06 +0200] "GET /Jurek/nexus/feeds/nexus_amazonde.xml HTTP/1.0" 200 226618 "-" "-"
89.161.206.59 - - [28/May/2025:07:54:06 +0200] "GET /Jurek/sebmart/feeds/sebmart_amazonde.xml HTTP/1.0" 200 1598690 "-" "-"
51.77.52.107 - - [28/May/2025:07:54:13 +0200] "GET /Jurek/eurofirany/images/432131/0.jpg HTTP/2.0" 200 68100 "-" "baselinker"
77.79.248.229 - - [28/May/2025:07:54:15 +0200] "GET /Jurek/vidaSI/feeds/vidaSI_bigbang.xml HTTP/1.1" 200 684260834 "-" "Python-urllib/3.11"
51.77.52.107 - - [28/May/2025:07:54:31 +0200] "GET /Jurek/eurofirany/images/432131/0.jpg HTTP/2.0" 200 68100 "-" "baselinker"
51.77.52.107 - - [28/May/2025:07:54:47 +0200] "GET /Jurek/eurofirany/images/432132/0.jpg HTTP/2.0" 200 68100 "-" "baselinker"
51.77.52.107 - - [28/May/2025:07:55:02 +0200] "GET /Jurek/eurofirany/images/432132/0.jpg HTTP/2.0" 200 68100 "-" "baselinker"
51.77.52.107 - - [28/May/2025:07:55:17 +0200] "GET /Jurek/eurofirany/images/432132/0.jpg HTTP/2.0" 200 68100 "-" "baselinker"
51.77.52.107 - - [28/May/2025:07:55:34 +0200] "GET /Jurek/eurofirany/images/434702/0.jpg HTTP/2.0" 200 61509 "-" "baselinker"
51.77.52.107 - - [28/May/2025:07:55:54 +0200] "GET /Jurek/eurofirany/images/434702/0.jpg HTTP/2.0" 200 61509 "-" "baselinker"
51.77.52.107 - - [28/May/2025:07:56:04 +0200] "GET /Jurek/eurofirany/images/434702/0.jpg HTTP/2.0" 200 61509 "-" "baselinker"
51.77.52.107 - - [28/May/2025:07:56:21 +0200] "GET /Jurek/eurofirany/images/378223/0.jpg HTTP/2.0" 200 49262 "-" "baselinker"
51.77.52.107 - - [28/May/2025:07:56:39 +0200] "GET /Jurek/eurofirany/images/378223/0.jpg HTTP/2.0" 200 49262 "-" "baselinker"
51.77.52.107 - - [28/May/2025:07:56:54 +0200] "GET /Jurek/eurofirany/images/378223/0.jpg HTTP/2.0" 200 49262 "-" "baselinker"
51.77.52.107 - - [28/May/2025:07:57:11 +0200] "GET /Jurek/eurofirany/images/458186/0.jpg HTTP/2.0" 200 71113 "-" "baselinker"
51.77.52.107 - - [28/May/2025:07:57:30 +0200] "GET /Jurek/eurofirany/images/458186/0.jpg HTTP/2.0" 200 71113 "-" "baselinker"
51.77.52.107 - - [28/May/2025:07:57:48 +0200] "GET /Jurek/eurofirany/images/458186/0.jpg HTTP/2.0" 200 71113 "-" "baselinker"
46.101.116.244 - - [28/May/2025:07:57:49 +0200] "GET /Jurek/beliani/feeds/beliani_skroutz.xml HTTP/1.0" 200 29044593 "-" "-"
51.77.52.107 - - [28/May/2025:07:58:15 +0200] "GET /Jurek/eurofirany/images/461391/0.jpg HTTP/2.0" 200 90592 "-" "baselinker"
51.77.52.107 - - [28/May/2025:07:58:32 +0200] "GET /Jurek/eurofirany/images/461391/0.jpg HTTP/2.0" 200 90592 "-" "baselinker"
51.77.52.107 - - [28/May/2025:07:58:49 +0200] "GET /Jurek/eurofirany/images/461391/0.jpg HTTP/2.0" 200 90592 "-" "baselinker"
51.77.52.107 - - [28/May/2025:07:59:03 +0200] "GET /Jurek/eurofirany/images/418658/0.jpg HTTP/2.0" 200 6595 "-" "baselinker"
51.77.52.107 - - [28/May/2025:07:59:04 +0200] "GET /Jurek/eurofirany/images/418658/0.jpg HTTP/2.0" 200 6595 "-" "baselinker"
51.77.52.107 - - [28/May/2025:07:59:05 +0200] "GET /Jurek/eurofirany/images/418658/0.jpg HTTP/2.0" 200 6595 "-" "baselinker"
51.77.52.107 - - [28/May/2025:07:59:06 +0200] "GET /Jurek/eurofirany/images/422322/0.jpg HTTP/2.0" 200 77311 "-" "baselinker"
51.77.52.107 - - [28/May/2025:07:59:28 +0200] "GET /Jurek/eurofirany/images/422322/0.jpg HTTP/2.0" 200 77311 "-" "baselinker"
51.77.52.107 - - [28/May/2025:07:59:45 +0200] "GET /Jurek/eurofirany/images/422322/0.jpg HTTP/2.0" 200 77311 "-" "baselinker"
51.77.52.107 - - [28/May/2025:08:00:02 +0200] "GET /Jurek/eurofirany/images/423901/0.jpg HTTP/2.0" 200 137839 "-" "baselinker"
35.204.39.32 - - [28/May/2025:08:00:13 +0200] "GET /marketplaces/carrefour_fr/results/carrefour_fr.csv HTTP/1.1" 200 147219 "-" "Mirakl HttpClient"
85.14.86.141 - - [28/May/2025:08:00:16 +0200] "GET /Jurek/vida_morele/feeds/VidaPL_all.xml HTTP/2.0" 200 767434984 "-" "MarketplaceAPI curl/7.74.0 PHP/8"
51.77.52.107 - - [28/May/2025:08:00:21 +0200] "GET /Jurek/eurofirany/images/423901/0.jpg HTTP/2.0" 200 137839 "-" "baselinker"
46.101.116.244 - - [28/May/2025:08:00:39 +0200] "GET /Jurek/vida_morele/feeds/vidaPL_velomarket_category1.xml HTTP/1.0" 200 176341878 "-" "-"
52.18.22.0 - - [28/May/2025:08:00:41 +0200] "GET /marketplaces/ubaldi/results/ubaldi.csv HTTP/1.1" 200 3563419 "-" "Mirakl HttpClient"
46.101.116.244 - - [28/May/2025:08:00:51 +0200] "GET /Jurek/vida_morele/feeds/vidaPL_velomarket_category3.xml HTTP/1.0" 200 51207653 "-" "-"
51.77.52.107 - - [28/May/2025:08:00:52 +0200] "GET /Jurek/eurofirany/images/423901/0.jpg HTTP/2.0" 200 137839 "-" "baselinker"
46.101.116.244 - - [28/May/2025:08:01:08 +0200] "GET /Jurek/aw/feeds/awnarzedzia_skroutz.xml HTTP/1.0" 200 89690092 "-" "-"
35.204.39.32 - - [28/May/2025:08:01:09 +0200] "GET /marketplaces/vente/results/vente_nl.csv HTTP/1.1" 200 2289700 "-" "Mirakl HttpClient"
46.101.116.244 - - [28/May/2025:08:01:10 +0200] "GET /Jurek/topeshop/feeds/topeshop_emagsm.xml HTTP/1.0" 200 3021389 "-" "-"
35.204.39.32 - - [28/May/2025:08:01:10 +0200] "GET /marketplaces/vente/results/vente_fr.csv HTTP/1.1" 200 2562839 "-" "Mirakl HttpClient"
35.204.39.32 - - [28/May/2025:08:01:11 +0200] "GET /marketplaces/vente/results/vente_be.csv HTTP/1.1" 200 2289536 "-" "Mirakl HttpClient"
35.204.39.32 - - [28/May/2025:08:01:12 +0200] "GET /marketplaces/vente/results/vente_it.csv HTTP/1.1" 200 2322138 "-" "Mirakl HttpClient"
35.204.39.32 - - [28/May/2025:08:01:12 +0200] "GET /marketplaces/vente/results/vente_es.csv HTTP/1.1" 200 2289102 "-" "Mirakl HttpClient"
35.204.39.32 - - [28/May/2025:08:01:13 +0200] "GET /marketplaces/vente/results/vente_de.csv HTTP/1.1" 200 2288876 "-" "Mirakl HttpClient"
51.77.52.107 - - [28/May/2025:08:01:14 +0200] "GET /Jurek/eurofirany/images/423902/0.jpg HTTP/2.0" 200 137680 "-" "baselinker"
51.77.52.107 - - [28/May/2025:08:01:39 +0200] "GET /Jurek/eurofirany/images/423902/0.jpg HTTP/2.0" 200 137680 "-" "baselinker"
52.17.80.36 - - [28/May/2025:08:02:04 +0200] "GET /marketplaces/rue/results/rue.csv HTTP/1.1" 200 7584624 "-" "Mirakl HttpClient"
51.77.52.107 - - [28/May/2025:08:02:08 +0200] "GET /Jurek/eurofirany/images/423902/0.jpg HTTP/2.0" 200 137680 "-" "baselinker"
51.77.52.107 - - [28/May/2025:08:02:31 +0200] "GET /Jurek/eurofirany/images/448473/0.jpg HTTP/2.0" 200 137872 "-" "baselinker"
51.77.52.107 - - [28/May/2025:08:02:51 +0200] "GET /Jurek/eurofirany/images/448473/0.jpg HTTP/2.0" 200 137872 "-" "baselinker"
51.77.52.107 - - [28/May/2025:08:03:00 +0200] "GET /Jurek/eurofirany/images/448473/0.jpg HTTP/2.0" 200 137872 "-" "baselinker"
51.77.52.107 - - [28/May/2025:08:03:24 +0200] "GET /Jurek/eurofirany/images/448474/0.jpg HTTP/2.0" 200 137876 "-" "baselinker"
51.77.52.107 - - [28/May/2025:08:03:43 +0200] "GET /Jurek/eurofirany/images/448474/0.jpg HTTP/2.0" 200 137876 "-" "baselinker"
193.33.8.61 - - [28/May/2025:08:03:49 +0200] "GET /favicon.ico HTTP/2.0" 404 3551 "https://dkkapusta1997.usermd.net/Jurek/eany_blc/" "Mozilla/5.0 (Windows NT 10.0; Win64; x64) AppleWebKit/537.36 (KHTML, like Gecko) Chrome/136.0.0.0 Safari/537.36"
193.33.8.61 - - [28/May/2025:08:03:55 +0200] "GET /Jurek/eany_blc/data.csv HTTP/2.0" 200 85397570 "https://dkkapusta1997.usermd.net/Jurek/eany_blc/" "Mozilla/5.0 (Windows NT 10.0; Win64; x64) AppleWebKit/537.36 (KHTML, like Gecko) Chrome/136.0.0.0 Safari/537.36"
51.77.52.107 - - [28/May/2025:08:04:05 +0200] "GET /Jurek/eurofirany/images/448474/0.jpg HTTP/2.0" 200 137876 "-" "baselinker"
89.161.206.59 - - [28/May/2025:08:04:10 +0200] "GET /Jurek/eurofirany/feeds/eurofirany_skroutz.xml HTTP/1.0" 200 18244084 "-" "-"
51.77.52.107 - - [28/May/2025:08:04:15 +0200] "GET /Jurek/eurofirany/images/448475/0.jpg HTTP/2.0" 200 134919 "-" "baselinker"
85.14.86.141 - - [28/May/2025:08:04:15 +0200] "GET /Jurek/kinghoff/feeds/kinghoff_morele.xml HTTP/2.0" 200 15629128 "-" "MarketplaceAPI curl/7.74.0 PHP/8"
51.77.52.107 - - [28/May/2025:08:04:42 +0200] "GET /Jurek/eurofirany/images/448475/0.jpg HTTP/2.0" 200 134919 "-" "baselinker"
52.209.168.113 - - [28/May/2025:08:04:53 +0200] "GET /marketplaces/carrefour/results/carrefour.csv HTTP/1.1" 200 147221 "-" "Mirakl HttpClient"
51.77.52.107 - - [28/May/2025:08:05:04 +0200] "GET /Jurek/eurofirany/images/448475/0.jpg HTTP/2.0" 200 134919 "-" "baselinker"
51.77.52.107 - - [28/May/2025:08:05:17 +0200] "GET /Jurek/eurofirany/images/448476/0.jpg HTTP/2.0" 200 134919 "-" "baselinker"
51.77.52.107 - - [28/May/2025:08:05:40 +0200] "GET /Jurek/eurofirany/images/448476/0.jpg HTTP/2.0" 200 134919 "-" "baselinker"
51.77.52.107 - - [28/May/2025:08:06:03 +0200] "GET /Jurek/eurofirany/images/448476/0.jpg HTTP/2.0" 200 134919 "-" "baselinker"
51.77.52.107 - - [28/May/2025:08:06:20 +0200] "GET /Jurek/eurofirany/images/448510/0.jpg HTTP/2.0" 200 138503 "-" "baselinker"
51.77.52.107 - - [28/May/2025:08:06:40 +0200] "GET /Jurek/eurofirany/images/448510/0.jpg HTTP/2.0" 200 138503 "-" "baselinker"
51.77.52.107 - - [28/May/2025:08:06:59 +0200] "GET /Jurek/eurofirany/images/448510/0.jpg HTTP/2.0" 200 138503 "-" "baselinker"
89.161.206.59 - - [28/May/2025:08:07:06 +0200] "GET /Jurek/asortymenteu/feeds/asortymenteu_skroutz_great.xml HTTP/1.0" 200 2766528 "-" "-"
85.14.86.141 - - [28/May/2025:08:07:14 +0200] "GET /Jurek/eurofirany/feeds/eurofirany_morele.xml HTTP/2.0" 200 18720286 "-" "MarketplaceAPI curl/7.74.0 PHP/8"
51.77.52.107 - - [28/May/2025:08:07:15 +0200] "GET /Jurek/eurofirany/images/459344/0.jpg HTTP/2.0" 200 79414 "-" "baselinker"
85.14.86.141 - - [28/May/2025:08:07:32 +0200] "GET /Jurek/vivaldi/feeds/vivaldi_Morele-PL.xml HTTP/2.0" 200 344674 "-" "MarketplaceAPI curl/7.74.0 PHP/8"
89.161.206.59 - - [28/May/2025:08:07:33 +0200] "GET /Jurek/benetech/feeds/benetech_skroutz.xml HTTP/1.0" 200 2686422 "-" "-"
51.77.52.107 - - [28/May/2025:08:07:35 +0200] "GET /Jurek/eurofirany/images/459344/0.jpg HTTP/2.0" 200 79414 "-" "baselinker"
89.161.206.59 - - [28/May/2025:08:07:36 +0200] "GET /Jurek/kambukka/feeds/kambukka_skroutz.xml HTTP/1.0" 200 1022109 "-" "-"
89.161.206.59 - - [28/May/2025:08:07:42 +0200] "GET /Jurek/hdwr/feeds/hdwr_skroutz.xml HTTP/1.0" 200 777090 "-" "-"
51.77.52.107 - - [28/May/2025:08:07:50 +0200] "GET /Jurek/eurofirany/images/459344/0.jpg HTTP/2.0" 200 79414 "-" "baselinker"
89.161.206.59 - - [28/May/2025:08:08:05 +0200] "GET /Jurek/sempler/feeds/sempler_skroutz.xml HTTP/1.0" 200 6779200 "-" "-"
51.77.52.107 - - [28/May/2025:08:08:07 +0200] "GET /Jurek/eurofirany/images/459346/0.jpg HTTP/2.0" 200 79301 "-" "baselinker"
89.161.206.59 - - [28/May/2025:08:08:07 +0200] "GET /Jurek/targethome/feeds/targethome_skroutz.xml HTTP/1.0" 200 688621 "-" "-"
89.161.206.59 - - [28/May/2025:08:08:22 +0200] "GET /Jurek/pawonik/feeds/pawonik_skroutz.xml HTTP/1.0" 200 2138429 "-" "-"
89.161.206.59 - - [28/May/2025:08:08:23 +0200] "GET /Jurek/amzteam/feeds/amzteam_skroutz.xml HTTP/1.0" 200 95893 "-" "-"
51.77.52.107 - - [28/May/2025:08:08:24 +0200] "GET /Jurek/eurofirany/images/459346/0.jpg HTTP/2.0" 200 79301 "-" "baselinker"
89.161.206.59 - - [28/May/2025:08:08:25 +0200] "GET /Jurek/artdog/feeds/artdog_skroutz.xml HTTP/1.0" 200 16658994 "-" "-"
89.161.206.59 - - [28/May/2025:08:08:25 +0200] "GET /Jurek/mosti/feeds/mosti_skroutz.xml HTTP/1.0" 200 4633405 "-" "-"
51.77.52.107 - - [28/May/2025:08:08:43 +0200] "GET /Jurek/eurofirany/images/459346/0.jpg HTTP/2.0" 200 79301 "-" "baselinker"
89.161.206.59 - - [28/May/2025:08:08:50 +0200] "GET /Jurek/oromed/feeds/oromed_skroutz.xml HTTP/1.0" 200 1290064 "-" "-"
89.161.206.59 - - [28/May/2025:08:08:51 +0200] "GET /Jurek/ralmetal/feeds/ralmetal_skroutz.xml HTTP/1.0" 200 2039887 "-" "-"
185.6.76.18 - - [28/May/2025:08:08:54 +0200] "GET /marketplaces/skroutz/feeds/shumee.xml HTTP/1.1" 200 411707521 "-" "SkroutzBot v1.0"
85.14.86.141 - - [28/May/2025:08:09:01 +0200] "GET /Jurek/vida_morele/feeds/VidaPL_morele.xml HTTP/2.0" 200 767436166 "-" "MarketplaceAPI curl/7.74.0 PHP/8"
51.77.52.107 - - [28/May/2025:08:09:05 +0200] "GET /Jurek/eurofirany/images/459347/0.jpg HTTP/2.0" 200 89991 "-" "baselinker"
85.14.86.141 - - [28/May/2025:08:09:15 +0200] "GET /Jurek/aw/feeds/awnarzedzia_morele.xml HTTP/2.0" 200 91123092 "-" "MarketplaceAPI curl/7.74.0 PHP/8"
89.161.206.59 - - [28/May/2025:08:09:22 +0200] "GET /Jurek/narzbud/feeds/narzbud_skroutz.xml HTTP/1.0" 200 1901226 "-" "-"
89.161.206.59 - - [28/May/2025:08:09:25 +0200] "GET /Jurek/drops/feeds/dropsofficecolection_skroutz.xml HTTP/1.0" 200 790786 "-" "-"
89.161.206.59 - - [28/May/2025:08:09:26 +0200] "GET /Jurek/szpaklampy/feeds/szpaklampy_skroutz.xml HTTP/1.0" 200 388216 "-" "-"
51.77.52.107 - - [28/May/2025:08:09:27 +0200] "GET /Jurek/eurofirany/images/459347/0.jpg HTTP/2.0" 200 89991 "-" "baselinker"
89.161.206.59 - - [28/May/2025:08:09:40 +0200] "GET /Jurek/spali/feeds/spali_skroutz.xml HTTP/1.0" 200 77057 "-" "-"
89.161.206.59 - - [28/May/2025:08:09:41 +0200] "GET /Jurek/eurofryz/feeds/eurofryz_skroutz.xml HTTP/1.0" 200 1381558 "-" "-"
89.161.206.59 - - [28/May/2025:08:09:43 +0200] "GET /Jurek/combine/feeds/combine_skroutz.xml HTTP/1.0" 200 210554 "-" "-"
51.77.52.107 - - [28/May/2025:08:09:45 +0200] "GET /Jurek/eurofirany/images/459347/0.jpg HTTP/2.0" 200 89991 "-" "baselinker"
85.14.86.141 - - [28/May/2025:08:10:03 +0200] "GET /Jurek/beliani/feeds/beliani_morele.xml HTTP/2.0" 200 29763733 "-" "MarketplaceAPI curl/7.74.0 PHP/8"
89.161.206.59 - - [28/May/2025:08:10:04 +0200] "GET /Jurek/erohurtownia/feeds/erohurtownia_skroutz.xml HTTP/1.0" 200 22767687 "-" "-"
51.77.52.107 - - [28/May/2025:08:10:05 +0200] "GET /Jurek/eurofirany/images/459350/0.jpg HTTP/2.0" 200 88041 "-" "baselinker"
89.161.206.59 - - [28/May/2025:08:10:06 +0200] "GET /Jurek/reman/feeds/reman_skroutz.xml HTTP/1.0" 200 1394827 "-" "-"
89.161.206.59 - - [28/May/2025:08:10:07 +0200] "GET /Jurek/urwiskowo/feeds/urwiskowo_skroutz.xml HTTP/1.0" 200 9114980 "-" "-"
51.77.52.107 - - [28/May/2025:08:10:24 +0200] "GET /Jurek/eurofirany/images/459350/0.jpg HTTP/2.0" 200 88041 "-" "baselinker"
51.77.52.107 - - [28/May/2025:08:10:34 +0200] "GET /Jurek/eurofirany/images/459350/0.jpg HTTP/2.0" 200 88041 "-" "baselinker"
89.161.206.59 - - [28/May/2025:08:10:40 +0200] "GET /Jurek/evil/feeds/evil_skroutz.xml HTTP/1.0" 200 252476 "-" "-"
89.161.206.59 - - [28/May/2025:08:10:40 +0200] "GET /Jurek/antiodor/feeds/antiodor_skroutz.xml HTTP/1.0" 200 137847 "-" "-"
89.161.206.59 - - [28/May/2025:08:10:40 +0200] "GET /Jurek/sartrix/feeds/sartrix_skroutz.xml HTTP/1.0" 200 649188 "-" "-"
89.161.206.59 - - [28/May/2025:08:10:41 +0200] "GET /Jurek/twojsklep/feeds/twojsklep_skroutz.xml HTTP/1.0" 200 126797 "-" "-"
89.161.206.59 - - [28/May/2025:08:10:42 +0200] "GET /Jurek/drewdon/feeds/drewdon_skroutz.xml HTTP/1.0" 200 358906 "-" "-"
89.161.206.59 - - [28/May/2025:08:10:43 +0200] "GET /Jurek/dekoele/feeds/dekoele_skroutz.xml HTTP/1.0" 200 378806 "-" "-"
89.161.206.59 - - [28/May/2025:08:10:44 +0200] "GET /Jurek/rider/feeds/rider_skroutz.xml HTTP/1.0" 200 8165148 "-" "-"
89.161.206.59 - - [28/May/2025:08:10:45 +0200] "GET /Jurek/expertauto/feeds/expertauto_skroutz.xml HTTP/1.0" 200 1158917 "-" "-"
89.161.206.59 - - [28/May/2025:08:10:45 +0200] "GET /Jurek/qbox/feeds/qbox_skroutz.xml HTTP/1.0" 200 398694 "-" "-"
51.77.52.107 - - [28/May/2025:08:10:57 +0200] "GET /Jurek/eurofirany/images/468258/0.jpg HTTP/2.0" 200 142568 "-" "baselinker"
51.77.52.107 - - [28/May/2025:08:11:02 +0200] "GET /Jurek/eurofirany/images/468258/0.jpg HTTP/2.0" 200 142568 "-" "baselinker"
89.161.206.59 - - [28/May/2025:08:11:09 +0200] "GET /Jurek/najtanszysport/feeds/najtanszysport_skroutz.xml HTTP/1.0" 200 3291288 "-" "-"
51.77.52.107 - - [28/May/2025:08:11:09 +0200] "GET /Jurek/eurofirany/images/468258/0.jpg HTTP/2.0" 200 142568 "-" "baselinker"
51.77.52.107 - - [28/May/2025:08:11:16 +0200] "GET /Jurek/eurofirany/images/410689/0.jpg HTTP/2.0" 200 65248 "-" "baselinker"
51.77.52.107 - - [28/May/2025:08:11:36 +0200] "GET /Jurek/eurofirany/images/410689/0.jpg HTTP/2.0" 200 65248 "-" "baselinker"
89.161.206.59 - - [28/May/2025:08:11:44 +0200] "GET /Jurek/muminky/feeds/muminky_skroutz.xml HTTP/1.0" 200 2270341 "-" "-"
89.161.206.59 - - [28/May/2025:08:11:44 +0200] "GET /Jurek/pupus/feeds/pupus_skroutz.xml HTTP/1.0" 200 882657 "-" "-"
89.161.206.59 - - [28/May/2025:08:11:50 +0200] "GET /Jurek/aiofactory/feeds/aiofactory_ebayde.xml HTTP/1.0" 200 2123730 "-" "-"
51.77.52.107 - - [28/May/2025:08:11:55 +0200] "GET /Jurek/eurofirany/images/410689/0.jpg HTTP/2.0" 200 65248 "-" "baselinker"
51.77.52.107 - - [28/May/2025:08:12:13 +0200] "GET /Jurek/eurofirany/images/423519/0.jpg HTTP/2.0" 200 79499 "-" "baselinker"
51.77.52.107 - - [28/May/2025:08:12:36 +0200] "GET /Jurek/eurofirany/images/423519/0.jpg HTTP/2.0" 200 79499 "-" "baselinker"
51.77.52.107 - - [28/May/2025:08:12:52 +0200] "GET /Jurek/eurofirany/images/423519/0.jpg HTTP/2.0" 200 79499 "-" "baselinker"
51.77.52.107 - - [28/May/2025:08:13:10 +0200] "GET /Jurek/eurofirany/images/428727/0.jpg HTTP/2.0" 200 100167 "-" "baselinker"
51.77.52.107 - - [28/May/2025:08:13:25 +0200] "GET /Jurek/eurofirany/images/428727/0.jpg HTTP/2.0" 200 100167 "-" "baselinker"
51.77.52.107 - - [28/May/2025:08:13:45 +0200] "GET /Jurek/eurofirany/images/428727/0.jpg HTTP/2.0" 200 100167 "-" "baselinker"
51.77.52.107 - - [28/May/2025:08:14:06 +0200] "GET /Jurek/eurofirany/images/432171/0.jpg HTTP/2.0" 200 100608 "-" "baselinker"
51.77.52.107 - - [28/May/2025:08:14:25 +0200] "GET /Jurek/eurofirany/images/432171/0.jpg HTTP/2.0" 200 100608 "-" "baselinker"
51.77.52.107 - - [28/May/2025:08:14:41 +0200] "GET /Jurek/eurofirany/images/432171/0.jpg HTTP/2.0" 200 100608 "-" "baselinker"
51.77.52.107 - - [28/May/2025:08:14:56 +0200] "GET /Jurek/eurofirany/images/439519/0.jpg HTTP/2.0" 200 74793 "-" "baselinker"
66.249.70.36 - - [28/May/2025:08:15:02 +0200] "GET /Jurek/eurofirany/images/383319/3.jpg HTTP/1.1" 200 6595 "-" "Googlebot-Image/1.0"
51.77.52.107 - - [28/May/2025:08:15:14 +0200] "GET /Jurek/eurofirany/images/439519/0.jpg HTTP/2.0" 200 74793 "-" "baselinker"
51.77.52.107 - - [28/May/2025:08:15:38 +0200] "GET /Jurek/eurofirany/images/439519/0.jpg HTTP/2.0" 200 74793 "-" "baselinker"
89.161.206.59 - - [28/May/2025:08:15:46 +0200] "GET /Jurek/galopi/feeds/galopi_skroutz.xml HTTP/1.0" 200 2111095 "-" "-"
51.77.52.107 - - [28/May/2025:08:15:56 +0200] "GET /Jurek/eurofirany/images/459349/0.jpg HTTP/2.0" 200 73951 "-" "baselinker"
51.77.52.107 - - [28/May/2025:08:16:16 +0200] "GET /Jurek/eurofirany/images/459349/0.jpg HTTP/2.0" 200 73951 "-" "baselinker"
51.77.52.107 - - [28/May/2025:08:16:31 +0200] "GET /Jurek/eurofirany/images/459349/0.jpg HTTP/2.0" 200 73951 "-" "baselinker"
51.77.52.107 - - [28/May/2025:08:16:54 +0200] "GET /Jurek/eurofirany/images/468967/0.jpg HTTP/2.0" 200 61344 "-" "baselinker"
51.77.52.107 - - [28/May/2025:08:17:02 +0200] "GET /Jurek/eurofirany/images/468967/0.jpg HTTP/2.0" 200 61344 "-" "baselinker"
46.101.116.244 - - [28/May/2025:08:17:04 +0200] "GET /Jurek/topeshop/feeds/topeshop_alza.xml HTTP/2.0" 200 3022003 "-" "-"
46.101.116.244 - - [28/May/2025:08:17:15 +0200] "GET /Jurek/topeshop/feeds/topeshop_kauflandde.xml HTTP/2.0" 200 3020876 "-" "-"
51.77.52.107 - - [28/May/2025:08:17:22 +0200] "GET /Jurek/eurofirany/images/468967/0.jpg HTTP/2.0" 200 61344 "-" "baselinker"
46.101.116.244 - - [28/May/2025:08:17:26 +0200] "GET /Jurek/topeshop/feeds/topeshop_kauflandcz.xml HTTP/2.0" 200 3022001 "-" "-"
46.101.116.244 - - [28/May/2025:08:17:37 +0200] "GET /Jurek/topeshop/feeds/topeshop_kauflandsk.xml HTTP/2.0" 200 3020900 "-" "-"
89.161.206.59 - - [28/May/2025:08:17:41 +0200] "GET /Jurek/ekuchcikowo/feeds/ekuchcikowo_skroutz.xml HTTP/1.0" 200 12414595 "-" "-"
51.77.52.107 - - [28/May/2025:08:17:43 +0200] "GET /Jurek/eurofirany/images/468970/0.jpg HTTP/2.0" 200 75309 "-" "baselinker"
46.101.116.244 - - [28/May/2025:08:17:48 +0200] "GET /Jurek/ikonka/feeds/ikonka_alza.xml HTTP/2.0" 200 20742494 "-" "-"
51.77.52.107 - - [28/May/2025:08:17:59 +0200] "GET /Jurek/eurofirany/images/468970/0.jpg HTTP/2.0" 200 75309 "-" "baselinker"
46.101.116.244 - - [28/May/2025:08:18:00 +0200] "GET /Jurek/ikonka/feeds/ikonka_kaufcz.xml HTTP/2.0" 200 20742457 "-" "-"
89.161.206.59 - - [28/May/2025:08:18:12 +0200] "GET /Jurek/zami/feeds/zami_skr.xml HTTP/1.0" 200 4472610 "-" "-"
46.101.116.244 - - [28/May/2025:08:18:12 +0200] "GET /Jurek/ikonka/feeds/ikonka_kaufde.xml HTTP/2.0" 200 20739999 "-" "-"
89.161.206.59 - - [28/May/2025:08:18:17 +0200] "GET /Jurek/proadventure/feeds/proadventure_skr.xml HTTP/1.0" 200 10762219 "-" "-"
89.161.206.59 - - [28/May/2025:08:18:17 +0200] "GET /Jurek/rems/feeds/rems_skr.xml HTTP/1.0" 200 8706248 "-" "-"
89.161.206.59 - - [28/May/2025:08:18:18 +0200] "GET /Jurek/bloomglow/feeds/bloomglow_skr.xml HTTP/1.0" 200 11671712 "-" "-"
51.77.52.107 - - [28/May/2025:08:18:20 +0200] "GET /Jurek/eurofirany/images/468970/0.jpg HTTP/2.0" 200 75309 "-" "baselinker"
51.77.52.107 - - [28/May/2025:08:18:26 +0200] "GET /Jurek/eurofirany/images/468973/0.jpg HTTP/2.0" 200 74849 "-" "baselinker"
51.77.52.107 - - [28/May/2025:08:18:46 +0200] "GET /Jurek/eurofirany/images/468973/0.jpg HTTP/2.0" 200 74849 "-" "baselinker"
46.101.116.244 - - [28/May/2025:08:18:55 +0200] "GET /Jurek/stema/feeds/stema_alza.xml HTTP/2.0" 200 894533 "-" "-"
46.101.116.244 - - [28/May/2025:08:19:06 +0200] "GET /Jurek/stema/feeds/stema_kaufcz.xml HTTP/2.0" 200 894537 "-" "-"
51.77.52.107 - - [28/May/2025:08:19:10 +0200] "GET /Jurek/eurofirany/images/468973/0.jpg HTTP/2.0" 200 74849 "-" "baselinker"
46.101.116.244 - - [28/May/2025:08:19:16 +0200] "GET /Jurek/stema/feeds/stema_kaufde.xml HTTP/2.0" 200 893815 "-" "-"
51.77.52.107 - - [28/May/2025:08:19:31 +0200] "GET /Jurek/eurofirany/images/468977/0.jpg HTTP/2.0" 200 86148 "-" "baselinker"
51.77.52.107 - - [28/May/2025:08:19:48 +0200] "GET /Jurek/eurofirany/images/468977/0.jpg HTTP/2.0" 200 86148 "-" "baselinker"
51.77.52.107 - - [28/May/2025:08:20:12 +0200] "GET /Jurek/eurofirany/images/468977/0.jpg HTTP/2.0" 200 86148 "-" "baselinker"
51.77.52.107 - - [28/May/2025:08:20:27 +0200] "GET /Jurek/eurofirany/images/468980/0.jpg HTTP/2.0" 200 90505 "-" "baselinker"
51.77.52.107 - - [28/May/2025:08:20:33 +0200] "GET /Jurek/eurofirany/images/468980/0.jpg HTTP/2.0" 200 90505 "-" "baselinker"
51.77.52.107 - - [28/May/2025:08:20:39 +0200] "GET /Jurek/eurofirany/images/468980/0.jpg HTTP/2.0" 200 90505 "-" "baselinker"
46.101.116.244 - - [28/May/2025:08:21:05 +0200] "GET /Jurek/gimmik/feeds/gimmik_mallsiex.xml HTTP/2.0" 404 3551 "-" "-"
51.77.52.107 - - [28/May/2025:08:21:13 +0200] "GET /Jurek/eurofirany/images/468968/0.jpg HTTP/2.0" 200 61344 "-" "baselinker"
46.101.116.244 - - [28/May/2025:08:21:22 +0200] "GET /Jurek/bimboland/feeds/bimboland_mallsiex.xml HTTP/2.0" 200 2779040 "-" "-"
51.77.52.107 - - [28/May/2025:08:21:32 +0200] "GET /Jurek/eurofirany/images/468968/0.jpg HTTP/2.0" 200 61344 "-" "baselinker"
51.77.52.107 - - [28/May/2025:08:21:46 +0200] "GET /Jurek/eurofirany/images/468968/0.jpg HTTP/2.0" 200 61344 "-" "baselinker"
51.77.52.107 - - [28/May/2025:08:21:51 +0200] "GET /Jurek/eurofirany/images/468969/0.jpg HTTP/2.0" 200 61344 "-" "baselinker"
46.101.116.244 - - [28/May/2025:08:21:55 +0200] "GET /Jurek/activeshop/feeds/activeshop_mallsiex.xml HTTP/2.0" 200 10392274 "-" "-"
51.77.52.107 - - [28/May/2025:08:21:57 +0200] "GET /Jurek/eurofirany/images/468969/0.jpg HTTP/2.0" 200 61344 "-" "baselinker"
46.101.116.244 - - [28/May/2025:08:21:59 +0200] "GET /Jurek/benbaby/feeds/benbaby_mallsi.xml HTTP/2.0" 200 3573049 "-" "-"
46.101.116.244 - - [28/May/2025:08:22:10 +0200] "GET /Jurek/bass/feeds/bass_mallsi.xml HTTP/2.0" 200 3971870 "-" "-"
89.161.206.59 - - [28/May/2025:08:22:17 +0200] "GET /Jurek/galopibhp/feeds/galopibhp_skroutz.xml HTTP/1.0" 200 1852282 "-" "-"
46.101.116.244 - - [28/May/2025:08:22:20 +0200] "GET /Jurek/emibig/feeds/emibig_mallsi.xml HTTP/2.0" 200 2427383 "-" "-"
51.77.52.107 - - [28/May/2025:08:22:22 +0200] "GET /Jurek/eurofirany/images/468969/0.jpg HTTP/2.0" 200 61344 "-" "baselinker"
51.77.52.107 - - [28/May/2025:08:22:30 +0200] "GET /Jurek/eurofirany/images/468971/0.jpg HTTP/2.0" 200 75309 "-" "baselinker"
46.101.116.244 - - [28/May/2025:08:22:31 +0200] "GET /Jurek/b3/feeds/b3_mallsi.xml HTTP/2.0" 200 6513420 "-" "-"
46.101.116.244 - - [28/May/2025:08:22:43 +0200] "GET /Jurek/action/feeds/action_mallsi.xml HTTP/2.0" 200 59484060 "-" "-"
51.77.52.107 - - [28/May/2025:08:22:49 +0200] "GET /Jurek/eurofirany/images/468971/0.jpg HTTP/2.0" 200 75309 "-" "baselinker"
51.77.52.107 - - [28/May/2025:08:22:55 +0200] "GET /Jurek/eurofirany/images/468971/0.jpg HTTP/2.0" 200 75309 "-" "baselinker"
46.101.116.244 - - [28/May/2025:08:23:00 +0200] "GET /Jurek/aw/feeds/awnarzedzia_mallsiex.xml HTTP/2.0" 200 91111898 "-" "-"
89.161.206.59 - - [28/May/2025:08:23:03 +0200] "GET /Jurek/purewear/feeds/purewear_skroutz.xml HTTP/1.0" 200 13350978 "-" "-"
193.33.8.61 - - [28/May/2025:08:23:05 +0200] "POST /Filip/janshop_orders/exports/ HTTP/2.0" 401 3550 "https://dkkapusta1997.usermd.net/Filip/janshop_orders/exports/" "Mozilla/5.0 (Macintosh; Intel Mac OS X 10_15_7) AppleWebKit/605.1.15 (KHTML, like Gecko) Version/17.5 Safari/605.1.15"
193.33.8.61 - maria [28/May/2025:08:23:05 +0200] "POST /Filip/janshop_orders/exports/ HTTP/2.0" 200 68127 "https://dkkapusta1997.usermd.net/Filip/janshop_orders/exports/" "Mozilla/5.0 (Macintosh; Intel Mac OS X 10_15_7) AppleWebKit/605.1.15 (KHTML, like Gecko) Version/17.5 Safari/605.1.15"
193.33.8.61 - maria [28/May/2025:08:23:07 +0200] "GET /Filip/janshop_orders/exports/great_2025-05-28_08.txt HTTP/2.0" 200 2752 "https://dkkapusta1997.usermd.net/Filip/janshop_orders/exports/" "Mozilla/5.0 (Macintosh; Intel Mac OS X 10_15_7) AppleWebKit/605.1.15 (KHTML, like Gecko) Version/17.5 Safari/605.1.15"
193.33.8.61 - maria [28/May/2025:08:23:08 +0200] "GET /Filip/janshop_orders/exports/extra_2025-05-28_08.txt HTTP/2.0" 200 2278 "https://dkkapusta1997.usermd.net/Filip/janshop_orders/exports/" "Mozilla/5.0 (Macintosh; Intel Mac OS X 10_15_7) AppleWebKit/605.1.15 (KHTML, like Gecko) Version/17.5 Safari/605.1.15"
193.33.8.61 - maria [28/May/2025:08:23:10 +0200] "GET /Filip/janshop_orders/exports/shumee_2025-05-28_08.txt HTTP/2.0" 200 7662 "https://dkkapusta1997.usermd.net/Filip/janshop_orders/exports/" "Mozilla/5.0 (Macintosh; Intel Mac OS X 10_15_7) AppleWebKit/605.1.15 (KHTML, like Gecko) Version/17.5 Safari/605.1.15"
51.77.52.107 - - [28/May/2025:08:23:11 +0200] "GET /Jurek/eurofirany/images/468972/0.jpg HTTP/2.0" 200 75309 "-" "baselinker"
46.101.116.244 - - [28/May/2025:08:23:19 +0200] "GET /Jurek/eurofirany/feeds/eurofirany_mall_si_extrastore.xml HTTP/2.0" 200 18718324 "-" "-"
46.101.116.244 - - [28/May/2025:08:23:30 +0200] "GET /Jurek/fernity/feeds/fernity_mallslex.xml HTTP/2.0" 200 4718023 "-" "-"
51.77.52.107 - - [28/May/2025:08:23:34 +0200] "GET /Jurek/eurofirany/images/468972/0.jpg HTTP/2.0" 200 75309 "-" "baselinker"
51.77.52.107 - - [28/May/2025:08:23:41 +0200] "GET /Jurek/eurofirany/images/468972/0.jpg HTTP/2.0" 200 75309 "-" "baselinker"
46.101.116.244 - - [28/May/2025:08:23:41 +0200] "GET /Jurek/homla/feeds/homla_mallslex.xml HTTP/2.0" 404 3551 "-" "-"
5.134.208.158 - - [28/May/2025:08:23:43 +0200] "GET /Jurek/eurofirany/images/460883/0.jpg HTTP/1.1" 200 119147 "-" "-"
46.101.116.244 - - [28/May/2025:08:23:52 +0200] "GET /Jurek/hurtownia_przemyslowa/feeds/hp_mallsi.xml HTTP/2.0" 200 49361979 "-" "-"
51.77.52.107 - - [28/May/2025:08:23:58 +0200] "GET /Jurek/eurofirany/images/468974/0.jpg HTTP/2.0" 200 74849 "-" "baselinker"
46.101.116.244 - - [28/May/2025:08:24:05 +0200] "GET /Jurek/ikonka/feeds/ikonka_mallsiex.xml HTTP/2.0" 200 20740248 "-" "-"
89.161.206.59 - - [28/May/2025:08:24:10 +0200] "GET /Jurek/cdata/feeds/cdata_skr.xml HTTP/1.0" 200 1445188 "-" "-"
51.77.52.107 - - [28/May/2025:08:24:15 +0200] "GET /Jurek/eurofirany/images/468974/0.jpg HTTP/2.0" 200 74849 "-" "baselinker"
46.101.116.244 - - [28/May/2025:08:24:17 +0200] "GET /Jurek/kinghoff/feeds/kinghoff_mallslex.xml HTTP/2.0" 200 15628483 "-" "-"
51.77.52.107 - - [28/May/2025:08:24:36 +0200] "GET /Jurek/eurofirany/images/468974/0.jpg HTTP/2.0" 200 74849 "-" "baselinker"
193.33.8.61 - - [28/May/2025:08:24:40 +0200] "POST /Filip/janshop_orders/exports/ HTTP/2.0" 401 3550 "https://dkkapusta1997.usermd.net/Filip/janshop_orders/exports/" "Mozilla/5.0 (Macintosh; Intel Mac OS X 10_15_7) AppleWebKit/605.1.15 (KHTML, like Gecko) Version/17.5 Safari/605.1.15"
193.33.8.61 - maria [28/May/2025:08:24:41 +0200] "POST /Filip/janshop_orders/exports/ HTTP/2.0" 200 68134 "https://dkkapusta1997.usermd.net/Filip/janshop_orders/exports/" "Mozilla/5.0 (Macintosh; Intel Mac OS X 10_15_7) AppleWebKit/605.1.15 (KHTML, like Gecko) Version/17.5 Safari/605.1.15"
193.33.8.61 - maria [28/May/2025:08:24:45 +0200] "POST /Filip/janshop_orders/exports/ HTTP/2.0" 200 68141 "https://dkkapusta1997.usermd.net/Filip/janshop_orders/exports/" "Mozilla/5.0 (Macintosh; Intel Mac OS X 10_15_7) AppleWebKit/605.1.15 (KHTML, like Gecko) Version/17.5 Safari/605.1.15"
51.77.52.107 - - [28/May/2025:08:24:55 +0200] "GET /Jurek/eurofirany/images/468976/0.jpg HTTP/2.0" 200 74849 "-" "baselinker"
46.101.116.244 - - [28/May/2025:08:24:57 +0200] "GET /Jurek/stema/feeds/stema_mallslex.xml HTTP/2.0" 200 893939 "-" "-"
46.101.116.244 - - [28/May/2025:08:25:09 +0200] "GET /Jurek/unimet/feeds/unimet_mallsiex.xml HTTP/2.0" 200 61151374 "-" "-"
51.77.52.107 - - [28/May/2025:08:25:11 +0200] "GET /Jurek/eurofirany/images/468976/0.jpg HTTP/2.0" 200 74849 "-" "baselinker"
46.101.116.244 - - [28/May/2025:08:25:31 +0200] "GET /Jurek/andex/feeds/andex_mallslex.xml HTTP/2.0" 200 1953393 "-" "-"
46.101.116.244 - - [28/May/2025:08:25:36 +0200] "GET /Jurek/eurofirany/feeds/eurofirany_erli.xml HTTP/1.0" 200 18722425 "-" "-"
51.77.52.107 - - [28/May/2025:08:25:37 +0200] "GET /Jurek/eurofirany/images/468976/0.jpg HTTP/2.0" 200 74849 "-" "baselinker"
46.101.116.244 - - [28/May/2025:08:25:42 +0200] "GET /Jurek/barbecook/feeds/barbecook_mallslex.xml HTTP/2.0" 200 87532 "-" "-"
51.77.52.107 - - [28/May/2025:08:25:44 +0200] "GET /Jurek/eurofirany/images/468978/0.jpg HTTP/2.0" 200 86148 "-" "baselinker"
46.101.116.244 - - [28/May/2025:08:25:52 +0200] "GET /Jurek/beliani/feeds/beliani_si_mallsiex.xml HTTP/2.0" 200 29732191 "-" "-"
46.101.116.244 - - [28/May/2025:08:26:06 +0200] "GET /Jurek/chemex/feeds/chemex_mallsiex.xml HTTP/2.0" 200 47810433 "-" "-"
51.77.52.107 - - [28/May/2025:08:26:07 +0200] "GET /Jurek/eurofirany/images/468978/0.jpg HTTP/2.0" 200 86148 "-" "baselinker"
46.101.116.244 - - [28/May/2025:08:26:19 +0200] "GET /Jurek/duka/feeds/duka_mallslex.xml HTTP/2.0" 200 57 "-" "-"
51.77.52.107 - - [28/May/2025:08:26:25 +0200] "GET /Jurek/eurofirany/images/468978/0.jpg HTTP/2.0" 200 86148 "-" "baselinker"
46.101.116.244 - - [28/May/2025:08:26:29 +0200] "GET /Jurek/flhf/feeds/flhf_mallsiex.xml HTTP/2.0" 404 3551 "-" "-"
46.101.116.244 - - [28/May/2025:08:26:39 +0200] "GET /Jurek/kinghome/feeds/kinghome_mallslex.xml HTTP/2.0" 200 6336134 "-" "-"
51.77.52.107 - - [28/May/2025:08:26:43 +0200] "GET /Jurek/eurofirany/images/468979/0.jpg HTTP/2.0" 200 86148 "-" "baselinker"
46.101.116.244 - - [28/May/2025:08:26:50 +0200] "GET /Jurek/kinghome/feeds/kinghome_mallslex.xml HTTP/2.0" 200 6336134 "-" "-"
46.101.116.244 - - [28/May/2025:08:27:01 +0200] "GET /Jurek/rovicky/feeds/rovicky_mallsiex.xml HTTP/2.0" 200 14974036 "-" "-"
51.77.52.107 - - [28/May/2025:08:27:02 +0200] "GET /Jurek/eurofirany/images/468979/0.jpg HTTP/2.0" 200 86148 "-" "baselinker"
