77.79.248.229 - - [28/May/2025:14:59:13 +0200] "GET /Jurek/apresto/feeds/apresto_manoFR.xml HTTP/1.1" 200 1327601 "-" "Python-urllib/3.11"
77.79.248.229 - - [28/May/2025:14:59:16 +0200] "GET /Jurek/hurtownia_przemyslowa/feeds/hp_manomanoit.xml HTTP/1.1" 200 49361882 "-" "Python-urllib/3.11"
77.79.248.229 - - [28/May/2025:14:59:17 +0200] "GET /Jurek/eurofirany/feeds/eurofirany_manomanoit.xml HTTP/1.1" 200 18718713 "-" "Python-urllib/3.11"
77.79.248.229 - - [28/May/2025:14:59:20 +0200] "GET /Jurek/fernity/feeds/fernity_manoIT.xml HTTP/1.1" 200 4718500 "-" "Python-urllib/3.11"
77.79.248.229 - - [28/May/2025:14:59:20 +0200] "GET /Jurek/topeshop/feeds/topeshop_manoIT.xml HTTP/1.1" 200 3021021 "-" "Python-urllib/3.11"
77.79.248.229 - - [28/May/2025:14:59:22 +0200] "GET /Jurek/action/feeds/action_manomano_IT.xml HTTP/1.1" 200 59471844 "-" "Python-urllib/3.11"
77.79.248.229 - - [28/May/2025:14:59:23 +0200] "GET /Jurek/activeshop/feeds/activeshop_manomanoit.xml HTTP/1.1" 200 10392282 "-" "Python-urllib/3.11"
77.79.248.229 - - [28/May/2025:14:59:25 +0200] "GET /Jurek/aw/feeds/awnarzedzia_manomanoIT.xml HTTP/1.1" 200 91111769 "-" "Python-urllib/3.11"
77.79.248.229 - - [28/May/2025:14:59:26 +0200] "GET /Jurek/barbecook/feeds/barbecook_manoit.xml HTTP/1.1" 200 87536 "-" "Python-urllib/3.11"
77.79.248.229 - - [28/May/2025:14:59:26 +0200] "GET /Jurek/drewdon/feeds/drewdon_manomanoIT.xml HTTP/1.1" 200 504447 "-" "Python-urllib/3.11"
77.79.248.229 - - [28/May/2025:14:59:27 +0200] "GET /Jurek/pupus/feeds/pupus_manomanoIT.xml HTTP/1.1" 200 6153972 "-" "Python-urllib/3.11"
77.79.248.229 - - [28/May/2025:14:59:27 +0200] "GET /Jurek/reman/feeds/reman_manoamnoIT.xml HTTP/1.1" 200 1394821 "-" "Python-urllib/3.11"
77.79.248.229 - - [28/May/2025:14:59:28 +0200] "GET /Jurek/artdog/feeds/artdog_manomanoIT.xml HTTP/1.1" 200 17159240 "-" "Python-urllib/3.11"
77.79.248.229 - - [28/May/2025:14:59:28 +0200] "GET /Jurek/sartrix/feeds/sartrix_manomanoIT.xml HTTP/1.1" 200 649187 "-" "Python-urllib/3.11"
77.79.248.229 - - [28/May/2025:14:59:28 +0200] "GET /Jurek/hlo/feeds/hlo_manomanoIT.xml HTTP/1.1" 200 4838655 "-" "Python-urllib/3.11"
77.79.248.229 - - [28/May/2025:14:59:29 +0200] "GET /Jurek/hurtmeblowy/feeds/hurtmeblowy_ManoIT.xml HTTP/1.1" 200 7739644 "-" "Python-urllib/3.11"
77.79.248.229 - - [28/May/2025:14:59:30 +0200] "GET /Jurek/szpaklampy/feeds/szpaklampy_manoIT.xml HTTP/1.1" 200 388213 "-" "Python-urllib/3.11"
77.79.248.229 - - [28/May/2025:14:59:30 +0200] "GET /Jurek/drops/feeds/dropsofficecolection_manoIT.xml HTTP/1.1" 200 790838 "-" "Python-urllib/3.11"
77.79.248.229 - - [28/May/2025:14:59:30 +0200] "GET /Jurek/kristronik/feeds/kristronik_manoIT.xml HTTP/1.1" 200 691989 "-" "Python-urllib/3.11"
77.79.248.229 - - [28/May/2025:14:59:30 +0200] "GET /Jurek/techrebal/feeds/techrebal_manoIT.xml HTTP/1.1" 200 1989743 "-" "Python-urllib/3.11"
77.79.248.229 - - [28/May/2025:14:59:31 +0200] "GET /Jurek/proparts/feeds/proparts_manoIT.xml HTTP/1.1" 200 707492 "-" "Python-urllib/3.11"
77.79.248.229 - - [28/May/2025:14:59:33 +0200] "GET /Jurek/broers/feeds/broers_manoIT.xml HTTP/1.1" 200 1982530 "-" "Python-urllib/3.11"
77.79.248.229 - - [28/May/2025:14:59:33 +0200] "GET /Jurek/em3/feeds/em3_manoIT.xml HTTP/1.1" 200 258922 "-" "Python-urllib/3.11"
77.79.248.229 - - [28/May/2025:14:59:33 +0200] "GET /Jurek/evil/feeds/evil_manoIT.xml HTTP/1.1" 200 306388 "-" "Python-urllib/3.11"
77.79.248.229 - - [28/May/2025:14:59:33 +0200] "GET /Jurek/hdwr/feeds/hdwr_manoIT.xml HTTP/1.1" 200 789434 "-" "Python-urllib/3.11"
77.79.248.229 - - [28/May/2025:14:59:34 +0200] "GET /Jurek/lampart/feeds/lampart_manoIT.xml HTTP/1.1" 200 936036 "-" "Python-urllib/3.11"
77.79.248.229 - - [28/May/2025:14:59:34 +0200] "GET /Jurek/nonabox/feeds/nonabox_manoIT.xml HTTP/1.1" 200 33865 "-" "Python-urllib/3.11"
77.79.248.229 - - [28/May/2025:14:59:34 +0200] "GET /Jurek/smxdesign/feeds/smxdesign_manoIT.xml HTTP/1.1" 200 1829027 "-" "Python-urllib/3.11"
77.79.248.229 - - [28/May/2025:14:59:34 +0200] "GET /Jurek/techrebalina/feeds/techrebalina_manoIT.xml HTTP/1.1" 200 2011214 "-" "Python-urllib/3.11"
77.79.248.229 - - [28/May/2025:14:59:34 +0200] "GET /Jurek/omi/feeds/omi_manoIT.xml HTTP/1.1" 200 8100717 "-" "Python-urllib/3.11"
77.79.248.229 - - [28/May/2025:14:59:35 +0200] "GET /Jurek/tsjerzy/feeds/tsjerzy_manoIT.xml HTTP/1.1" 200 3897731 "-" "Python-urllib/3.11"
77.79.248.229 - - [28/May/2025:14:59:35 +0200] "GET /Jurek/narzbud/feeds/narzbud_manoIT.xml HTTP/1.1" 200 1901223 "-" "Python-urllib/3.11"
77.79.248.229 - - [28/May/2025:14:59:36 +0200] "GET /Jurek/makow/feeds/makow_manoIT.xml HTTP/1.1" 200 21203847 "-" "Python-urllib/3.11"
77.79.248.229 - - [28/May/2025:14:59:36 +0200] "GET /Jurek/jankeski/feeds/jankeski_manoIT.xml HTTP/1.1" 200 6571185 "-" "Python-urllib/3.11"
77.79.248.229 - - [28/May/2025:14:59:36 +0200] "GET /Jurek/gandalf/feeds/gandalf_manoIT.xml HTTP/1.1" 200 1082540 "-" "Python-urllib/3.11"
77.79.248.229 - - [28/May/2025:14:59:37 +0200] "GET /Jurek/zenex/feeds/zenex_manoIT.xml HTTP/1.1" 200 540158 "-" "Python-urllib/3.11"
77.79.248.229 - - [28/May/2025:14:59:37 +0200] "GET /Jurek/andex/feeds/andex_manoIT.xml HTTP/1.1" 200 1953385 "-" "Python-urllib/3.11"
77.79.248.229 - - [28/May/2025:14:59:38 +0200] "GET /Jurek/sebmart/feeds/sebmart_manoIT.xml HTTP/1.1" 200 1598734 "-" "Python-urllib/3.11"
77.79.248.229 - - [28/May/2025:14:59:38 +0200] "GET /Jurek/benetech/feeds/benetech_manoit.xml HTTP/1.1" 200 4165405 "-" "Python-urllib/3.11"
77.79.248.229 - - [28/May/2025:14:59:38 +0200] "GET /Jurek/dekoele/feeds/dekoele_manomanoIT.xml HTTP/1.1" 200 733939 "-" "Python-urllib/3.11"
77.79.248.229 - - [28/May/2025:14:59:38 +0200] "GET /Jurek/mojeledy/feeds/mojeledy_manoIT.xml HTTP/1.1" 200 1018433 "-" "Python-urllib/3.11"
77.79.248.229 - - [28/May/2025:14:59:39 +0200] "GET /Jurek/rovato/feeds/rovato_manoIT.xml HTTP/1.1" 200 180836 "-" "Python-urllib/3.11"
77.79.248.229 - - [28/May/2025:14:59:41 +0200] "GET /Jurek/piotrmiedz/feeds/piotrmiedz_manoIT.xml HTTP/1.1" 200 91049275 "-" "Python-urllib/3.11"
77.79.248.229 - - [28/May/2025:14:59:41 +0200] "GET /Jurek/pawonik/feeds/pawonik_manoIT.xml HTTP/1.1" 200 2138439 "-" "Python-urllib/3.11"
77.79.248.229 - - [28/May/2025:14:59:41 +0200] "GET /Jurek/alucon/feeds/alucon_manoIT.xml HTTP/1.1" 200 553563 "-" "Python-urllib/3.11"
77.79.248.229 - - [28/May/2025:14:59:42 +0200] "GET /Jurek/sovapl/feeds/sovapl_manoIT.xml HTTP/1.1" 200 8999858 "-" "Python-urllib/3.11"
77.79.248.229 - - [28/May/2025:14:59:42 +0200] "GET /Jurek/missionair/feeds/missionair_manoIT.xml HTTP/1.1" 200 3154863 "-" "Python-urllib/3.11"
51.77.52.107 - - [28/May/2025:14:59:46 +0200] "GET /Jurek/eurofirany/images/432711/0.jpg HTTP/2.0" 200 34960 "-" "baselinker"
77.79.248.229 - - [28/May/2025:14:59:47 +0200] "GET /Jurek/apresto/feeds/apresto_manoIT.xml HTTP/1.1" 200 1327620 "-" "Python-urllib/3.11"
77.79.248.229 - - [28/May/2025:14:59:47 +0200] "GET /Jurek/drewdon/feeds/drewdon_manomanoES.xml HTTP/1.1" 200 504432 "-" "Python-urllib/3.11"
77.79.248.229 - - [28/May/2025:14:59:48 +0200] "GET /Jurek/hurtownia_przemyslowa/feeds/hp_manomanoES.xml HTTP/1.1" 200 49362430 "-" "Python-urllib/3.11"
77.79.248.229 - - [28/May/2025:14:59:49 +0200] "GET /Jurek/pupus/feeds/pupus_manomanoES.xml HTTP/1.1" 200 6154488 "-" "Python-urllib/3.11"
77.79.248.229 - - [28/May/2025:14:59:49 +0200] "GET /Jurek/reman/feeds/reman_manoamnoES.xml HTTP/1.1" 200 1394825 "-" "Python-urllib/3.11"
77.79.248.229 - - [28/May/2025:14:59:50 +0200] "GET /Jurek/artdog/feeds/artdog_manomanoES.xml HTTP/1.1" 200 17158629 "-" "Python-urllib/3.11"
77.79.248.229 - - [28/May/2025:14:59:50 +0200] "GET /Jurek/sartrix/feeds/sartrix_manomanoES.xml HTTP/1.1" 200 649180 "-" "Python-urllib/3.11"
77.79.248.229 - - [28/May/2025:14:59:50 +0200] "GET /Jurek/hlo/feeds/hlo_manomanoES.xml HTTP/1.1" 200 4838614 "-" "Python-urllib/3.11"
77.79.248.229 - - [28/May/2025:14:59:51 +0200] "GET /Jurek/drops/feeds/dropsofficecolection_manoES.xml HTTP/1.1" 200 790790 "-" "Python-urllib/3.11"
77.79.248.229 - - [28/May/2025:14:59:51 +0200] "GET /Jurek/szpaklampy/feeds/szpaklampy_manoES.xml HTTP/1.1" 200 388208 "-" "Python-urllib/3.11"
77.79.248.229 - - [28/May/2025:14:59:52 +0200] "GET /Jurek/hurtmeblowy/feeds/hurtmeblowy_ManoES.xml HTTP/1.1" 200 7739645 "-" "Python-urllib/3.11"
51.77.52.107 - - [28/May/2025:14:59:52 +0200] "GET /Jurek/eurofirany/images/432711/0.jpg HTTP/2.0" 200 34960 "-" "baselinker"
77.79.248.229 - - [28/May/2025:14:59:53 +0200] "GET /Jurek/topeshop/feeds/topeshop_manoES.xml HTTP/1.1" 200 3021080 "-" "Python-urllib/3.11"
77.79.248.229 - - [28/May/2025:14:59:53 +0200] "GET /Jurek/kristronik/feeds/kristronik_manoES.xml HTTP/1.1" 200 691979 "-" "Python-urllib/3.11"
77.79.248.229 - - [28/May/2025:14:59:53 +0200] "GET /Jurek/techrebal/feeds/techrebal_manoES.xml HTTP/1.1" 200 1989746 "-" "Python-urllib/3.11"
77.79.248.229 - - [28/May/2025:14:59:53 +0200] "GET /Jurek/proparts/feeds/proparts_manoES.xml HTTP/1.1" 200 707502 "-" "Python-urllib/3.11"
77.79.248.229 - - [28/May/2025:14:59:56 +0200] "GET /Jurek/broers/feeds/broers_manoES.xml HTTP/1.1" 200 1982561 "-" "Python-urllib/3.11"
77.79.248.229 - - [28/May/2025:14:59:56 +0200] "GET /Jurek/em3/feeds/em3_manoES.xml HTTP/1.1" 200 258921 "-" "Python-urllib/3.11"
77.79.248.229 - - [28/May/2025:14:59:56 +0200] "GET /Jurek/evil/feeds/evil_manoES.xml HTTP/1.1" 200 306388 "-" "Python-urllib/3.11"
77.79.248.229 - - [28/May/2025:14:59:57 +0200] "GET /Jurek/hdwr/feeds/hdwr_manoES.xml HTTP/1.1" 200 789444 "-" "Python-urllib/3.11"
77.79.248.229 - - [28/May/2025:14:59:57 +0200] "GET /Jurek/lampart/feeds/lampart_manoES.xml HTTP/1.1" 200 936036 "-" "Python-urllib/3.11"
77.79.248.229 - - [28/May/2025:14:59:57 +0200] "GET /Jurek/nonabox/feeds/nonabox_manoES.xml HTTP/1.1" 200 33865 "-" "Python-urllib/3.11"
77.79.248.229 - - [28/May/2025:14:59:58 +0200] "GET /Jurek/smxdesign/feeds/smxdesign_manoES.xml HTTP/1.1" 200 1829039 "-" "Python-urllib/3.11"
77.79.248.229 - - [28/May/2025:14:59:58 +0200] "GET /Jurek/techrebalina/feeds/techrebalina_manoES.xml HTTP/1.1" 200 2011216 "-" "Python-urllib/3.11"
77.79.248.229 - - [28/May/2025:14:59:58 +0200] "GET /Jurek/cdata/feeds/cdata_manoES.xml HTTP/1.1" 200 1445164 "-" "Python-urllib/3.11"
77.79.248.229 - - [28/May/2025:14:59:58 +0200] "GET /Jurek/omi/feeds/omi_manoES.xml HTTP/1.1" 200 8100643 "-" "Python-urllib/3.11"
77.79.248.229 - - [28/May/2025:14:59:58 +0200] "GET /Jurek/tsjerzy/feeds/tsjerzy_manoES.xml HTTP/1.1" 200 3897699 "-" "Python-urllib/3.11"
77.79.248.229 - - [28/May/2025:14:59:58 +0200] "GET /Jurek/narzbud/feeds/narzbud_manoES.xml HTTP/1.1" 200 1901241 "-" "Python-urllib/3.11"
77.79.248.229 - - [28/May/2025:15:00:00 +0200] "GET /Jurek/makow/feeds/makow_manoES.xml HTTP/1.1" 200 21203954 "-" "Python-urllib/3.11"
51.77.52.107 - - [28/May/2025:15:00:01 +0200] "GET /Jurek/eurofirany/images/432712/0.jpg HTTP/2.0" 200 34960 "-" "baselinker"
77.79.248.229 - - [28/May/2025:15:00:01 +0200] "GET /Jurek/jankeski/feeds/jankeski_manoES.xml HTTP/1.1" 200 6571198 "-" "Python-urllib/3.11"
77.79.248.229 - - [28/May/2025:15:00:02 +0200] "GET /Jurek/gandalf/feeds/gandalf_manoES.xml HTTP/1.1" 200 1082538 "-" "Python-urllib/3.11"
77.79.248.229 - - [28/May/2025:15:00:04 +0200] "GET /Jurek/zenex/feeds/zenex_manoES.xml HTTP/1.1" 200 540159 "-" "Python-urllib/3.11"
77.79.248.229 - - [28/May/2025:15:00:04 +0200] "GET /Jurek/andex/feeds/andex_manoES.xml HTTP/1.1" 200 1953395 "-" "Python-urllib/3.11"
77.79.248.229 - - [28/May/2025:15:00:05 +0200] "GET /Jurek/sebmart/feeds/sebmart_manoES.xml HTTP/1.1" 200 1598744 "-" "Python-urllib/3.11"
77.79.248.229 - - [28/May/2025:15:00:05 +0200] "GET /Jurek/benetech/feeds/benetech_manoes.xml HTTP/1.1" 200 4165398 "-" "Python-urllib/3.11"
77.79.248.229 - - [28/May/2025:15:00:06 +0200] "GET /Jurek/dekoele/feeds/dekoele_manomanoES.xml HTTP/1.1" 200 733934 "-" "Python-urllib/3.11"
77.79.248.229 - - [28/May/2025:15:00:07 +0200] "GET /Jurek/mojeledy/feeds/mojeledy_manoES.xml HTTP/1.1" 200 1018451 "-" "Python-urllib/3.11"
77.79.248.229 - - [28/May/2025:15:00:07 +0200] "GET /Jurek/rovato/feeds/rovato_manoES.xml HTTP/1.1" 200 180833 "-" "Python-urllib/3.11"
77.79.248.229 - - [28/May/2025:15:00:10 +0200] "GET /Jurek/piotrmiedz/feeds/piotrmiedz_manoES.xml HTTP/1.1" 200 91045364 "-" "Python-urllib/3.11"
77.79.248.229 - - [28/May/2025:15:00:10 +0200] "GET /Jurek/pawonik/feeds/pawonik_manoES.xml HTTP/1.1" 200 2138431 "-" "Python-urllib/3.11"
77.79.248.229 - - [28/May/2025:15:00:10 +0200] "GET /Jurek/alucon/feeds/alucon_manoES.xml HTTP/1.1" 200 553563 "-" "Python-urllib/3.11"
77.79.248.229 - - [28/May/2025:15:00:11 +0200] "GET /Jurek/sovapl/feeds/sovapl_manoES.xml HTTP/1.1" 200 8999927 "-" "Python-urllib/3.11"
77.79.248.229 - - [28/May/2025:15:00:11 +0200] "GET /Jurek/missionair/feeds/missionair_manoES.xml HTTP/1.1" 200 3154881 "-" "Python-urllib/3.11"
77.79.248.229 - - [28/May/2025:15:00:15 +0200] "GET /Jurek/apresto/feeds/apresto_manoES.xml HTTP/1.1" 200 1327614 "-" "Python-urllib/3.11"
85.14.86.141 - - [28/May/2025:15:00:16 +0200] "GET /Jurek/vida_morele/feeds/VidaPL_all.xml HTTP/2.0" 200 767081609 "-" "MarketplaceAPI curl/7.74.0 PHP/8"
35.204.39.32 - - [28/May/2025:15:00:19 +0200] "GET /marketplaces/carrefour_fr/results/carrefour_fr.csv HTTP/1.1" 200 147219 "-" "Mirakl HttpClient"
51.77.52.107 - - [28/May/2025:15:00:29 +0200] "GET /Jurek/eurofirany/images/432712/0.jpg HTTP/2.0" 200 34960 "-" "baselinker"
52.18.22.0 - - [28/May/2025:15:00:41 +0200] "GET /marketplaces/ubaldi/results/ubaldi.csv HTTP/1.1" 200 147219 "-" "Mirakl HttpClient"
51.77.52.107 - - [28/May/2025:15:00:48 +0200] "GET /Jurek/eurofirany/images/432712/0.jpg HTTP/2.0" 200 34960 "-" "baselinker"
51.77.52.107 - - [28/May/2025:15:01:06 +0200] "GET /Jurek/eurofirany/images/432720/0.jpg HTTP/2.0" 200 39850 "-" "baselinker"
51.77.52.107 - - [28/May/2025:15:01:13 +0200] "GET /Jurek/eurofirany/images/432720/0.jpg HTTP/2.0" 200 39850 "-" "baselinker"
46.101.116.244 - - [28/May/2025:15:01:17 +0200] "GET /Jurek/hurtownia_przemyslowa/feeds/hp_alza.xml HTTP/2.0" 200 49379531 "-" "-"
51.77.52.107 - - [28/May/2025:15:01:29 +0200] "GET /Jurek/eurofirany/images/432720/0.jpg HTTP/2.0" 200 39850 "-" "baselinker"
46.101.116.244 - - [28/May/2025:15:01:36 +0200] "GET /Jurek/hurtownia_przemyslowa2/feeds/hp_alza.xml HTTP/2.0" 200 51108494 "-" "-"
35.204.39.32 - - [28/May/2025:15:01:38 +0200] "GET /marketplaces/vente/results/vente_nl.csv HTTP/1.1" 200 147219 "-" "Mirakl HttpClient"
35.204.39.32 - - [28/May/2025:15:01:38 +0200] "GET /marketplaces/vente/results/vente_fr.csv HTTP/1.1" 200 163603 "-" "Mirakl HttpClient"
35.204.39.32 - - [28/May/2025:15:01:38 +0200] "GET /marketplaces/vente/results/vente_be.csv HTTP/1.1" 200 147219 "-" "Mirakl HttpClient"
35.204.39.32 - - [28/May/2025:15:01:38 +0200] "GET /marketplaces/vente/results/vente_it.csv HTTP/1.1" 200 147219 "-" "Mirakl HttpClient"
35.204.39.32 - - [28/May/2025:15:01:38 +0200] "GET /marketplaces/vente/results/vente_es.csv HTTP/1.1" 200 147219 "-" "Mirakl HttpClient"
35.204.39.32 - - [28/May/2025:15:01:38 +0200] "GET /marketplaces/vente/results/vente_de.csv HTTP/1.1" 200 147219 "-" "Mirakl HttpClient"
46.101.116.244 - - [28/May/2025:15:01:50 +0200] "GET /Jurek/hurtownia_przemyslowa/feeds/hp_kaufcz.xml HTTP/2.0" 200 49380433 "-" "-"
52.17.80.36 - - [28/May/2025:15:01:55 +0200] "GET /marketplaces/rue/results/rue.csv HTTP/1.1" 200 147219 "-" "Mirakl HttpClient"
51.77.52.107 - - [28/May/2025:15:01:56 +0200] "GET /Jurek/eurofirany/images/432727/0.jpg HTTP/2.0" 200 40163 "-" "baselinker"
85.232.241.194 - - [28/May/2025:15:02:09 +0200] "GET /Jurek/kobi/feeds/kobi_vente_fr.xml HTTP/1.1" 200 942939 "-" "Python-urllib/3.11"
207.46.13.155 - - [28/May/2025:15:02:12 +0200] "GET /convert/import/topsecret/product_descriptions.xml HTTP/2.0" 200 5400096 "-" "Mozilla/5.0 AppleWebKit/537.36 (KHTML, like Gecko; compatible; bingbot/2.0; +http://www.bing.com/bingbot.htm) Chrome/116.0.1938.76 Safari/537.36"
85.232.241.194 - - [28/May/2025:15:02:21 +0200] "GET /Jurek/topeshop/feeds/topeshop_vente_fr.xml HTTP/1.1" 200 3021036 "-" "Python-urllib/3.11"
85.232.241.194 - - [28/May/2025:15:02:22 +0200] "GET /Jurek/fernity/feeds/fernity_vente_fr.xml HTTP/1.1" 200 3089138 "-" "Python-urllib/3.11"
51.77.52.107 - - [28/May/2025:15:02:22 +0200] "GET /Jurek/eurofirany/images/432727/0.jpg HTTP/2.0" 200 40163 "-" "baselinker"
85.232.241.194 - - [28/May/2025:15:02:22 +0200] "GET /Jurek/kinghome/feeds/kinghome_vente_fr.xml HTTP/1.1" 200 5619419 "-" "Python-urllib/3.11"
46.101.116.244 - - [28/May/2025:15:02:24 +0200] "GET /Jurek/hurtownia_przemyslowa/feeds/hp_kaufsk.xml HTTP/2.0" 200 49360678 "-" "-"
85.232.241.194 - - [28/May/2025:15:02:28 +0200] "GET /Jurek/emibig/feeds/emibig_vente_fr.xml HTTP/1.1" 200 2522418 "-" "Python-urllib/3.11"
85.232.241.194 - - [28/May/2025:15:02:28 +0200] "GET /Jurek/b3/feeds/b3_vente_fr.xml HTTP/1.1" 200 8068318 "-" "Python-urllib/3.11"
85.232.241.194 - - [28/May/2025:15:02:34 +0200] "GET /Jurek/aw/feeds/aw_vente_fr.xml HTTP/1.1" 200 91110723 "-" "Python-urllib/3.11"
85.232.241.194 - - [28/May/2025:15:02:48 +0200] "GET /Jurek/asortymenteu/feeds/asortymenteu_vente_fr.xml HTTP/1.1" 200 2871937 "-" "Python-urllib/3.11"
51.77.52.107 - - [28/May/2025:15:02:50 +0200] "GET /Jurek/eurofirany/images/432727/0.jpg HTTP/2.0" 200 40163 "-" "baselinker"
85.232.241.194 - - [28/May/2025:15:02:53 +0200] "GET /Jurek/hurtownia_przemyslowa/feeds/hp_vente_fr.xml HTTP/1.1" 200 49362429 "-" "Python-urllib/3.11"
46.101.116.244 - - [28/May/2025:15:02:54 +0200] "GET /Jurek/kinghoff/feeds/kinghoff_ceneo.xml HTTP/1.0" 200 15620503 "-" "-"
46.101.116.244 - - [28/May/2025:15:02:54 +0200] "GET /Jurek/hurtownia_przemyslowa/feeds/hp_kaufde.xml HTTP/2.0" 200 49360110 "-" "-"
46.101.116.244 - - [28/May/2025:15:02:55 +0200] "GET /Jurek/barbecook/feeds/barbecook_allegro.xml HTTP/1.0" 200 87554 "-" "-"
51.77.52.107 - - [28/May/2025:15:02:59 +0200] "GET /Jurek/eurofirany/images/432674/0.jpg HTTP/2.0" 200 24822 "-" "baselinker"
46.101.116.244 - - [28/May/2025:15:03:00 +0200] "GET /Jurek/vida_morele/feeds/vidaPL_velomarket_category0.xml HTTP/1.0" 200 158947928 "-" "-"
85.232.241.194 - - [28/May/2025:15:03:08 +0200] "GET /Jurek/hurtmeblowy/feeds/hurtmeblowy_vente_fr.xml HTTP/1.1" 200 8543198 "-" "Python-urllib/3.11"
46.101.116.244 - - [28/May/2025:15:03:10 +0200] "GET /Jurek/vida_morele/feeds/vidaPL_velomarket_category2.xml HTTP/1.0" 200 52691530 "-" "-"
51.77.52.107 - - [28/May/2025:15:03:20 +0200] "GET /Jurek/eurofirany/images/432674/0.jpg HTTP/2.0" 200 24822 "-" "baselinker"
51.77.52.107 - - [28/May/2025:15:03:28 +0200] "GET /Jurek/eurofirany/images/432674/0.jpg HTTP/2.0" 200 24822 "-" "baselinker"
51.77.52.107 - - [28/May/2025:15:03:39 +0200] "GET /Jurek/eurofirany/images/432675/0.jpg HTTP/2.0" 200 24822 "-" "baselinker"
52.209.168.113 - - [28/May/2025:15:03:42 +0200] "GET /marketplaces/carrefour/results/carrefour.csv HTTP/1.1" 200 147221 "-" "Mirakl HttpClient"
51.77.52.107 - - [28/May/2025:15:04:02 +0200] "GET /Jurek/eurofirany/images/432675/0.jpg HTTP/2.0" 200 24822 "-" "baselinker"
51.77.52.107 - - [28/May/2025:15:04:21 +0200] "GET /Jurek/eurofirany/images/432675/0.jpg HTTP/2.0" 200 24822 "-" "baselinker"
85.14.86.141 - - [28/May/2025:15:04:30 +0200] "GET /Jurek/kinghoff/feeds/kinghoff_morele.xml HTTP/2.0" 200 15620340 "-" "MarketplaceAPI curl/7.74.0 PHP/8"
51.77.52.107 - - [28/May/2025:15:04:41 +0200] "GET /Jurek/eurofirany/images/432676/0.jpg HTTP/2.0" 200 24822 "-" "baselinker"
85.232.241.194 - - [28/May/2025:15:05:31 +0200] "GET /Jurek/kobi/feeds/kobi_vente_be.xml HTTP/1.1" 200 942936 "-" "Python-urllib/3.11"
85.232.241.194 - - [28/May/2025:15:05:36 +0200] "GET /Jurek/topeshop/feeds/topeshop_vente_be.xml HTTP/1.1" 200 3021066 "-" "Python-urllib/3.11"
85.232.241.194 - - [28/May/2025:15:05:36 +0200] "GET /Jurek/fernity/feeds/fernity_vente_be.xml HTTP/1.1" 200 3088948 "-" "Python-urllib/3.11"
85.232.241.194 - - [28/May/2025:15:05:37 +0200] "GET /Jurek/kinghome/feeds/kinghome_vente_be.xml HTTP/1.1" 200 5619292 "-" "Python-urllib/3.11"
85.232.241.194 - - [28/May/2025:15:05:37 +0200] "GET /Jurek/emibig/feeds/emibig_vente_be.xml HTTP/1.1" 200 2522249 "-" "Python-urllib/3.11"
85.232.241.194 - - [28/May/2025:15:05:37 +0200] "GET /Jurek/b3/feeds/b3_vente_be.xml HTTP/1.1" 200 8068232 "-" "Python-urllib/3.11"
46.101.116.244 - - [28/May/2025:15:05:37 +0200] "GET /Jurek/kamar/feeds/kamar_alza.xml HTTP/2.0" 200 25563239 "-" "-"
51.77.52.107 - - [28/May/2025:15:05:42 +0200] "GET /Jurek/eurofirany/images/432676/0.jpg HTTP/2.0" 200 24822 "-" "baselinker"
85.232.241.194 - - [28/May/2025:15:05:42 +0200] "GET /Jurek/aw/feeds/aw_vente_be.xml HTTP/1.1" 200 91109782 "-" "Python-urllib/3.11"
85.232.241.194 - - [28/May/2025:15:05:49 +0200] "GET /Jurek/asortymenteu/feeds/asortymenteu_vente_be.xml HTTP/1.1" 200 2871924 "-" "Python-urllib/3.11"
85.232.241.194 - - [28/May/2025:15:05:54 +0200] "GET /Jurek/hurtownia_przemyslowa/feeds/hp_vente_be.xml HTTP/1.1" 200 49361755 "-" "Python-urllib/3.11"
46.101.116.244 - - [28/May/2025:15:06:15 +0200] "GET /Jurek/tsjerzy/feeds/tsjerzy_alza.xml HTTP/2.0" 200 3901459 "-" "-"
51.77.52.107 - - [28/May/2025:15:06:26 +0200] "GET /Jurek/eurofirany/images/432676/0.jpg HTTP/2.0" 200 24822 "-" "baselinker"
46.101.116.244 - - [28/May/2025:15:06:36 +0200] "GET /Jurek/hurtmeblowy/feeds/hurtmeblowy_alza.xml HTTP/2.0" 200 8546156 "-" "-"
51.77.52.107 - - [28/May/2025:15:06:37 +0200] "GET /Jurek/eurofirany/images/432677/0.jpg HTTP/2.0" 200 24822 "-" "baselinker"
46.101.116.244 - - [28/May/2025:15:06:48 +0200] "GET /Jurek/kobi/feeds/kobi_alza.xml HTTP/2.0" 200 677298 "-" "-"
85.232.241.194 - - [28/May/2025:15:06:55 +0200] "GET /Jurek/action/feeds/action_carrefour.xml HTTP/1.1" 200 60149347 "-" "Python-urllib/3.11"
46.101.116.244 - - [28/May/2025:15:06:59 +0200] "GET /Jurek/madrex/feeds/madrex_alza.xml HTTP/2.0" 200 466765 "-" "-"
51.77.52.107 - - [28/May/2025:15:07:02 +0200] "GET /Jurek/eurofirany/images/432677/0.jpg HTTP/2.0" 200 24822 "-" "baselinker"
85.232.241.194 - - [28/May/2025:15:07:03 +0200] "GET /Jurek/aw/feeds/aw_carrefour.xml HTTP/1.1" 200 91112424 "-" "Python-urllib/3.11"
46.101.116.244 - - [28/May/2025:15:07:09 +0200] "GET /Jurek/matkam/feeds/matkam_alza.xml HTTP/2.0" 200 4426697 "-" "-"
85.14.86.141 - - [28/May/2025:15:07:13 +0200] "GET /Jurek/eurofirany/feeds/eurofirany_morele.xml HTTP/2.0" 200 18720286 "-" "MarketplaceAPI curl/7.74.0 PHP/8"
51.77.52.107 - - [28/May/2025:15:07:20 +0200] "GET /Jurek/eurofirany/images/432677/0.jpg HTTP/2.0" 200 24822 "-" "baselinker"
85.14.86.141 - - [28/May/2025:15:07:29 +0200] "GET /Jurek/vivaldi/feeds/vivaldi_Morele-PL.xml HTTP/2.0" 200 344674 "-" "MarketplaceAPI curl/7.74.0 PHP/8"
85.232.241.194 - - [28/May/2025:15:07:48 +0200] "GET /Jurek/kobi/feeds/kobi_vente_es.xml HTTP/1.1" 200 942910 "-" "Python-urllib/3.11"
51.77.52.107 - - [28/May/2025:15:07:50 +0200] "GET /Jurek/eurofirany/images/432678/0.jpg HTTP/2.0" 200 24822 "-" "baselinker"
85.232.241.194 - - [28/May/2025:15:08:04 +0200] "GET /Jurek/topeshop/feeds/topeshop_vente_es.xml HTTP/1.1" 200 3021080 "-" "Python-urllib/3.11"
85.232.241.194 - - [28/May/2025:15:08:04 +0200] "GET /Jurek/fernity/feeds/fernity_vente_es.xml HTTP/1.1" 200 3089055 "-" "Python-urllib/3.11"
85.232.241.194 - - [28/May/2025:15:08:04 +0200] "GET /Jurek/kinghome/feeds/kinghome_vente_es.xml HTTP/1.1" 200 5619513 "-" "Python-urllib/3.11"
89.161.206.59 - - [28/May/2025:15:08:05 +0200] "GET /Jurek/domzapachy/feeds/domzapachy_skroutz.xml HTTP/1.0" 200 179716 "-" "-"
89.161.206.59 - - [28/May/2025:15:08:05 +0200] "GET /Jurek/wenom/feeds/wenom_skroutz.xml HTTP/1.0" 200 583071 "-" "-"
89.161.206.59 - - [28/May/2025:15:08:06 +0200] "GET /Jurek/euroshop/feeds/euroshop_skroutz.xml HTTP/1.0" 200 20025494 "-" "-"
89.161.206.59 - - [28/May/2025:15:08:07 +0200] "GET /Jurek/german/feeds/german_skroutz.xml HTTP/1.0" 200 2449519 "-" "-"
85.232.241.194 - - [28/May/2025:15:08:09 +0200] "GET /Jurek/emibig/feeds/emibig_vente_es.xml HTTP/1.1" 200 2522555 "-" "Python-urllib/3.11"
85.232.241.194 - - [28/May/2025:15:08:09 +0200] "GET /Jurek/b3/feeds/b3_vente_es.xml HTTP/1.1" 200 8068413 "-" "Python-urllib/3.11"
85.232.241.194 - - [28/May/2025:15:08:09 +0200] "GET /Jurek/aw/feeds/aw_vente_es.xml HTTP/1.1" 200 91113162 "-" "Python-urllib/3.11"
51.77.52.107 - - [28/May/2025:15:08:11 +0200] "GET /Jurek/eurofirany/images/432678/0.jpg HTTP/2.0" 200 24822 "-" "baselinker"
85.232.241.194 - - [28/May/2025:15:08:22 +0200] "GET /Jurek/asortymenteu/feeds/asortymenteu_vente_es.xml HTTP/1.1" 200 2871954 "-" "Python-urllib/3.11"
46.101.116.244 - - [28/May/2025:15:08:27 +0200] "GET /Jurek/kalama/feeds/kalama_alza.xml HTTP/2.0" 200 2662530 "-" "-"
85.232.241.194 - - [28/May/2025:15:08:29 +0200] "GET /Jurek/hurtownia_przemyslowa/feeds/hp_vente_es.xml HTTP/1.1" 200 49362464 "-" "Python-urllib/3.11"
51.77.52.107 - - [28/May/2025:15:08:29 +0200] "GET /Jurek/eurofirany/images/432678/0.jpg HTTP/2.0" 200 24822 "-" "baselinker"
46.101.116.244 - - [28/May/2025:15:08:38 +0200] "GET /Jurek/proadventure/feeds/proadventure_alza.xml HTTP/2.0" 200 10767260 "-" "-"
46.101.116.244 - - [28/May/2025:15:08:51 +0200] "GET /Jurek/awparts/feeds/awparts_alza.xml HTTP/2.0" 200 142493154 "-" "-"
51.77.52.107 - - [28/May/2025:15:08:55 +0200] "GET /Jurek/eurofirany/images/432681/0.jpg HTTP/2.0" 200 24822 "-" "baselinker"
89.161.206.59 - - [28/May/2025:15:09:09 +0200] "GET /Jurek/elecomp/feeds/elecomp_emagro.xml HTTP/1.0" 200 2868335 "-" "-"
51.77.52.107 - - [28/May/2025:15:09:22 +0200] "GET /Jurek/eurofirany/images/432681/0.jpg HTTP/2.0" 200 24822 "-" "baselinker"
85.14.86.141 - - [28/May/2025:15:09:23 +0200] "GET /Jurek/vida_morele/feeds/VidaPL_morele.xml HTTP/2.0" 200 767082792 "-" "MarketplaceAPI curl/7.74.0 PHP/8"
185.6.76.18 - - [28/May/2025:15:09:36 +0200] "GET /marketplaces/skroutz/feeds/shumee.xml HTTP/1.1" 200 411715375 "-" "SkroutzBot v1.0"
46.101.116.244 - - [28/May/2025:15:09:45 +0200] "GET /Jurek/sportprise/feeds/sportprise_alza.xml HTTP/2.0" 200 12729768 "-" "-"
51.77.52.107 - - [28/May/2025:15:09:51 +0200] "GET /Jurek/eurofirany/images/432681/0.jpg HTTP/2.0" 200 24822 "-" "baselinker"
51.77.52.107 - - [28/May/2025:15:09:57 +0200] "GET /Jurek/eurofirany/images/432714/0.jpg HTTP/2.0" 200 39850 "-" "baselinker"
46.101.116.244 - - [28/May/2025:15:10:08 +0200] "GET /Jurek/coppotech/feeds/coppotech_alza.xml HTTP/2.0" 200 38061614 "-" "-"
51.77.52.107 - - [28/May/2025:15:10:19 +0200] "GET /Jurek/eurofirany/images/432714/0.jpg HTTP/2.0" 200 39850 "-" "baselinker"
46.101.116.244 - - [28/May/2025:15:10:22 +0200] "GET /Jurek/erohurtownia/feeds/erohurtownia_alza.xml HTTP/2.0" 200 22845823 "-" "-"
51.77.52.107 - - [28/May/2025:15:10:29 +0200] "GET /Jurek/eurofirany/images/432714/0.jpg HTTP/2.0" 200 39850 "-" "baselinker"
85.14.86.141 - - [28/May/2025:15:10:34 +0200] "GET /Jurek/aw/feeds/awnarzedzia_morele.xml HTTP/2.0" 200 91123092 "-" "MarketplaceAPI curl/7.74.0 PHP/8"
46.101.116.244 - - [28/May/2025:15:10:40 +0200] "GET /Jurek/euroshop/feeds/euroshop_alza.xml HTTP/2.0" 200 20021106 "-" "-"
85.232.241.194 - - [28/May/2025:15:10:49 +0200] "GET /Jurek/kobi/feeds/kobi_vente_it.xml HTTP/1.1" 200 942934 "-" "Python-urllib/3.11"
46.101.116.244 - - [28/May/2025:15:10:51 +0200] "GET /Jurek/najtanszysport/feeds/najtanszysport_alza.xml HTTP/2.0" 200 3982633 "-" "-"
51.77.52.107 - - [28/May/2025:15:10:53 +0200] "GET /Jurek/eurofirany/images/432716/0.jpg HTTP/2.0" 200 39850 "-" "baselinker"
85.232.241.194 - - [28/May/2025:15:10:57 +0200] "GET /Jurek/topeshop/feeds/topeshop_vente_it.xml HTTP/1.1" 200 3021051 "-" "Python-urllib/3.11"
85.232.241.194 - - [28/May/2025:15:10:57 +0200] "GET /Jurek/fernity/feeds/fernity_vente_it.xml HTTP/1.1" 200 3089055 "-" "Python-urllib/3.11"
85.232.241.194 - - [28/May/2025:15:10:57 +0200] "GET /Jurek/kinghome/feeds/kinghome_vente_it.xml HTTP/1.1" 200 5619463 "-" "Python-urllib/3.11"
85.232.241.194 - - [28/May/2025:15:10:57 +0200] "GET /Jurek/emibig/feeds/emibig_vente_it.xml HTTP/1.1" 200 2522440 "-" "Python-urllib/3.11"
85.232.241.194 - - [28/May/2025:15:11:02 +0200] "GET /Jurek/b3/feeds/b3_vente_it.xml HTTP/1.1" 200 8068352 "-" "Python-urllib/3.11"
46.101.116.244 - - [28/May/2025:15:11:02 +0200] "GET /Jurek/rider/feeds/rider_alza.xml HTTP/2.0" 200 8166390 "-" "-"
85.232.241.194 - - [28/May/2025:15:11:03 +0200] "GET /Jurek/aw/feeds/aw_vente_it.xml HTTP/1.1" 200 91111719 "-" "Python-urllib/3.11"
85.14.86.141 - - [28/May/2025:15:11:04 +0200] "GET /Jurek/beliani/feeds/beliani_morele.xml HTTP/2.0" 200 29763733 "-" "MarketplaceAPI curl/7.74.0 PHP/8"
51.77.52.107 - - [28/May/2025:15:11:11 +0200] "GET /Jurek/eurofirany/images/432716/0.jpg HTTP/2.0" 200 39850 "-" "baselinker"
85.232.241.194 - - [28/May/2025:15:11:14 +0200] "GET /Jurek/asortymenteu/feeds/asortymenteu_vente_it.xml HTTP/1.1" 200 2871915 "-" "Python-urllib/3.11"
85.232.241.194 - - [28/May/2025:15:11:15 +0200] "GET /Jurek/hurtownia_przemyslowa/feeds/hp_vente_it.xml HTTP/1.1" 200 49362143 "-" "Python-urllib/3.11"
46.101.116.244 - - [28/May/2025:15:11:20 +0200] "GET /Jurek/intsell/feeds/intsell_alza.xml HTTP/2.0" 200 342157477 "-" "-"
51.77.52.107 - - [28/May/2025:15:11:33 +0200] "GET /Jurek/eurofirany/images/432716/0.jpg HTTP/2.0" 200 39850 "-" "baselinker"
51.77.52.107 - - [28/May/2025:15:11:55 +0200] "GET /Jurek/eurofirany/images/432718/0.jpg HTTP/2.0" 200 39850 "-" "baselinker"
66.249.70.36 - - [28/May/2025:15:12:16 +0200] "GET /Jurek/eurofirany/images/383324/1.jpg HTTP/1.1" 200 50357 "-" "Googlebot-Image/1.0"
51.77.52.107 - - [28/May/2025:15:12:26 +0200] "GET /Jurek/eurofirany/images/432718/0.jpg HTTP/2.0" 200 39850 "-" "baselinker"
51.77.52.107 - - [28/May/2025:15:12:49 +0200] "GET /Jurek/eurofirany/images/432718/0.jpg HTTP/2.0" 200 39850 "-" "baselinker"
51.77.52.107 - - [28/May/2025:15:12:58 +0200] "GET /Jurek/eurofirany/images/432719/0.jpg HTTP/2.0" 200 39850 "-" "baselinker"
51.77.52.107 - - [28/May/2025:15:13:05 +0200] "GET /Jurek/eurofirany/images/432719/0.jpg HTTP/2.0" 200 39850 "-" "baselinker"
46.101.116.244 - - [28/May/2025:15:13:12 +0200] "GET /Jurek/sempler/feeds/sempler_alza.xml HTTP/2.0" 200 6789377 "-" "-"
85.232.241.194 - - [28/May/2025:15:13:16 +0200] "GET /Jurek/kobi/feeds/kobi_vente_ne.xml HTTP/1.1" 200 942931 "-" "Python-urllib/3.11"
85.232.241.194 - - [28/May/2025:15:13:22 +0200] "GET /Jurek/topeshop/feeds/topeshop_vente_ne.xml HTTP/1.1" 200 3021037 "-" "Python-urllib/3.11"
85.232.241.194 - - [28/May/2025:15:13:22 +0200] "GET /Jurek/fernity/feeds/fernity_vente_ne.xml HTTP/1.1" 200 649611 "-" "Python-urllib/3.11"
85.232.241.194 - - [28/May/2025:15:13:22 +0200] "GET /Jurek/kinghome/feeds/kinghome_vente_ne.xml HTTP/1.1" 200 5619329 "-" "Python-urllib/3.11"
85.232.241.194 - - [28/May/2025:15:13:22 +0200] "GET /Jurek/emibig/feeds/emibig_vente_ne.xml HTTP/1.1" 200 2522247 "-" "Python-urllib/3.11"
85.232.241.194 - - [28/May/2025:15:13:22 +0200] "GET /Jurek/b3/feeds/b3_vente_nl.xml HTTP/1.1" 200 8068187 "-" "Python-urllib/3.11"
46.101.116.244 - - [28/May/2025:15:13:24 +0200] "GET /Jurek/eroplace/feeds/eroplace_alza.xml HTTP/2.0" 200 52164020 "-" "-"
51.77.52.107 - - [28/May/2025:15:13:27 +0200] "GET /Jurek/eurofirany/images/432719/0.jpg HTTP/2.0" 200 39850 "-" "baselinker"
85.232.241.194 - - [28/May/2025:15:13:29 +0200] "GET /Jurek/aw/feeds/aw_vente_nl.xml HTTP/1.1" 200 91110075 "-" "Python-urllib/3.11"
85.232.241.194 - - [28/May/2025:15:13:35 +0200] "GET /Jurek/asortymenteu/feeds/asortymenteu_vente_nl.xml HTTP/1.1" 200 2871917 "-" "Python-urllib/3.11"
85.232.241.194 - - [28/May/2025:15:13:36 +0200] "GET /Jurek/hurtownia_przemyslowa/feeds/hp_vente_nl.xml HTTP/1.1" 200 49361923 "-" "Python-urllib/3.11"
46.101.116.244 - - [28/May/2025:15:13:37 +0200] "GET /Jurek/mosti/feeds/mosti_alza.xml HTTP/2.0" 200 4629106 "-" "-"
46.101.116.244 - - [28/May/2025:15:13:37 +0200] "GET /Jurek/biokominki/feeds/biokomiinki_alza.xml HTTP/2.0" 200 1422347 "-" "-"
51.77.52.107 - - [28/May/2025:15:13:48 +0200] "GET /Jurek/eurofirany/images/432722/0.jpg HTTP/2.0" 200 40163 "-" "baselinker"
51.77.52.107 - - [28/May/2025:15:13:55 +0200] "GET /Jurek/eurofirany/images/432722/0.jpg HTTP/2.0" 200 40163 "-" "baselinker"
51.77.52.107 - - [28/May/2025:15:14:22 +0200] "GET /Jurek/eurofirany/images/432722/0.jpg HTTP/2.0" 200 40163 "-" "baselinker"
46.101.116.244 - - [28/May/2025:15:14:34 +0200] "GET /Jurek/vida_morele/feeds/vida_alza.xml HTTP/2.0" 200 766610455 "-" "-"
51.77.52.107 - - [28/May/2025:15:14:41 +0200] "GET /Jurek/eurofirany/images/432723/0.jpg HTTP/2.0" 200 40163 "-" "baselinker"
51.77.52.107 - - [28/May/2025:15:15:05 +0200] "GET /Jurek/eurofirany/images/432723/0.jpg HTTP/2.0" 200 40163 "-" "baselinker"
51.77.52.107 - - [28/May/2025:15:15:25 +0200] "GET /Jurek/eurofirany/images/432723/0.jpg HTTP/2.0" 200 40163 "-" "baselinker"
85.232.241.194 - - [28/May/2025:15:15:33 +0200] "GET /Jurek/kobi/feeds/kobi_vente_de.xml HTTP/1.1" 200 942907 "-" "Python-urllib/3.11"
85.232.241.194 - - [28/May/2025:15:15:40 +0200] "GET /Jurek/topeshop/feeds/topeshop_vente_de.xml HTTP/1.1" 200 3020955 "-" "Python-urllib/3.11"
85.232.241.194 - - [28/May/2025:15:15:40 +0200] "GET /Jurek/fernity/feeds/fernity_vente_de.xml HTTP/1.1" 200 3088929 "-" "Python-urllib/3.11"
85.232.241.194 - - [28/May/2025:15:15:40 +0200] "GET /Jurek/kinghome/feeds/kinghome_vente_de.xml HTTP/1.1" 200 3907297 "-" "Python-urllib/3.11"
85.232.241.194 - - [28/May/2025:15:15:40 +0200] "GET /Jurek/emibig/feeds/emibig_vente_de.xml HTTP/1.1" 200 2522294 "-" "Python-urllib/3.11"
89.161.206.59 - - [28/May/2025:15:15:42 +0200] "GET /Jurek/stema/feeds/stema_skroutz.xml HTTP/1.0" 200 429103 "-" "-"
51.77.52.107 - - [28/May/2025:15:15:44 +0200] "GET /Jurek/eurofirany/images/432724/0.jpg HTTP/2.0" 200 40163 "-" "baselinker"
85.232.241.194 - - [28/May/2025:15:15:45 +0200] "GET /Jurek/b3/feeds/b3_vente_de.xml HTTP/1.1" 200 8068105 "-" "Python-urllib/3.11"
85.232.241.194 - - [28/May/2025:15:15:46 +0200] "GET /Jurek/aw/feeds/aw_vente_de.xml HTTP/1.1" 200 91109590 "-" "Python-urllib/3.11"
66.135.223.43 - - [28/May/2025:15:15:48 +0200] "GET /Jurek/topeshop/downloaded_images/5904507201876_KUBABIURKOBRY%C5%81KAANTRACYTBOKZM.jpg HTTP/1.1" 404 3551 "http://www.ebay.com/" "Mozilla/5.0 (Windows NT 10.0; Win64; x64) AppleWebKit/537.36 (KHTML, like Gecko) Chrome/123.0.0.0 Safari/537.36"
66.135.223.43 - - [28/May/2025:15:15:48 +0200] "GET /Jurek/topeshop/downloaded_images/5904507201876_KUBABIURKOBRY%C5%81KAANTRACYTFRONTZM.jpg HTTP/1.1" 404 3551 "http://www.ebay.com/" "Mozilla/5.0 (Windows NT 10.0; Win64; x64) AppleWebKit/537.36 (KHTML, like Gecko) Chrome/123.0.0.0 Safari/537.36"
66.135.223.43 - - [28/May/2025:15:15:48 +0200] "GET /Jurek/topeshop/downloaded_images/5904507201876_KUBABIURKOBRY%C5%81KAANTRACYTBOKOT.jpg HTTP/1.1" 404 3551 "http://www.ebay.com/" "Mozilla/5.0 (Windows NT 10.0; Win64; x64) AppleWebKit/537.36 (KHTML, like Gecko) Chrome/123.0.0.0 Safari/537.36"
66.135.223.43 - - [28/May/2025:15:15:48 +0200] "GET /Jurek/topeshop/downloaded_images/5904507201876_KUBABIURKOBRY%C5%81KAANTRACYTFRONTOT.jpg HTTP/1.1" 404 3551 "http://www.ebay.com/" "Mozilla/5.0 (Windows NT 10.0; Win64; x64) AppleWebKit/537.36 (KHTML, like Gecko) Chrome/123.0.0.0 Safari/537.36"
66.135.223.42 - - [28/May/2025:15:15:48 +0200] "GET /Jurek/topeshop/downloaded_images/5904507201876_KUBABIURKOARTISAN2.png HTTP/1.1" 404 3551 "http://www.ebay.com/" "Mozilla/5.0 (Windows NT 10.0; Win64; x64) AppleWebKit/537.36 (KHTML, like Gecko) Chrome/123.0.0.0 Safari/537.36"
66.135.223.40 - - [28/May/2025:15:15:49 +0200] "GET /Jurek/topeshop/downloaded_images/5904507201876_KUBABIURKOANTRACYT.png HTTP/1.1" 404 3551 "http://www.ebay.com/" "Mozilla/5.0 (Windows NT 10.0; Win64; x64) AppleWebKit/537.36 (KHTML, like Gecko) Chrome/123.0.0.0 Safari/537.36"
51.77.52.107 - - [28/May/2025:15:15:52 +0200] "GET /Jurek/eurofirany/images/432724/0.jpg HTTP/2.0" 200 40163 "-" "baselinker"
85.232.241.194 - - [28/May/2025:15:15:52 +0200] "GET /Jurek/asortymenteu/feeds/asortymenteu_vente_de.xml HTTP/1.1" 200 2871889 "-" "Python-urllib/3.11"
85.232.241.194 - - [28/May/2025:15:15:57 +0200] "GET /Jurek/hurtownia_przemyslowa/feeds/hp_vente_de.xml HTTP/1.1" 200 49361743 "-" "Python-urllib/3.11"
51.77.52.107 - - [28/May/2025:15:16:10 +0200] "GET /Jurek/eurofirany/images/432724/0.jpg HTTP/2.0" 200 40163 "-" "baselinker"
89.161.206.59 - - [28/May/2025:15:16:14 +0200] "GET /Jurek/hurtownia_przemyslowa/feeds/hp_emagro.xml HTTP/1.0" 200 42444190 "-" "-"
89.161.206.59 - - [28/May/2025:15:16:16 +0200] "GET /Jurek/topeshop/feeds/topeshop_emagro.xml HTTP/1.0" 200 914910 "-" "-"
51.77.52.107 - - [28/May/2025:15:16:31 +0200] "GET /Jurek/eurofirany/images/432725/0.jpg HTTP/2.0" 200 40163 "-" "baselinker"
51.77.52.107 - - [28/May/2025:15:16:38 +0200] "GET /Jurek/eurofirany/images/432725/0.jpg HTTP/2.0" 200 40163 "-" "baselinker"
51.77.52.107 - - [28/May/2025:15:16:46 +0200] "GET /Jurek/eurofirany/images/432725/0.jpg HTTP/2.0" 200 40163 "-" "baselinker"
51.77.52.107 - - [28/May/2025:15:16:52 +0200] "GET /Jurek/eurofirany/images/432726/0.jpg HTTP/2.0" 200 40163 "-" "baselinker"
51.77.52.107 - - [28/May/2025:15:17:11 +0200] "GET /Jurek/eurofirany/images/432726/0.jpg HTTP/2.0" 200 40163 "-" "baselinker"
51.77.52.107 - - [28/May/2025:15:17:36 +0200] "GET /Jurek/eurofirany/images/432726/0.jpg HTTP/2.0" 200 40163 "-" "baselinker"
51.77.52.107 - - [28/May/2025:15:18:08 +0200] "GET /Jurek/eurofirany/images/452584/0.jpg HTTP/2.0" 200 59953 "-" "baselinker"
104.210.140.140 - - [28/May/2025:15:18:09 +0200] "GET /robots.txt HTTP/2.0" 404 3551 "-" "Mozilla/5.0 (Macintosh; Intel Mac OS X 10_15_7) AppleWebKit/537.36 (KHTML, like Gecko) Chrome/131.0.0.0 Safari/537.36; compatible; OAI-SearchBot/1.0; +https://openai.com/searchbot"
104.210.140.134 - - [28/May/2025:15:18:09 +0200] "GET /robots.txt HTTP/1.1" 404 3551 "-" "Mozilla/5.0 (Macintosh; Intel Mac OS X 10_15_7) AppleWebKit/537.36 (KHTML, like Gecko) Chrome/131.0.0.0 Safari/537.36; compatible; OAI-SearchBot/1.0; +https://openai.com/searchbot"
51.77.52.107 - - [28/May/2025:15:18:34 +0200] "GET /Jurek/eurofirany/images/452584/0.jpg HTTP/2.0" 200 59953 "-" "baselinker"
51.77.52.107 - - [28/May/2025:15:18:38 +0200] "GET /Jurek/eurofirany/images/452584/0.jpg HTTP/2.0" 200 59953 "-" "baselinker"
51.77.52.107 - - [28/May/2025:15:18:46 +0200] "GET /Jurek/eurofirany/images/452588/0.jpg HTTP/2.0" 200 60482 "-" "baselinker"
89.161.206.59 - - [28/May/2025:15:18:55 +0200] "GET /Jurek/oromed/feeds/oromed_amazones.xml HTTP/1.0" 200 1290060 "-" "-"
89.161.206.59 - - [28/May/2025:15:18:55 +0200] "GET /Jurek/oromed/feeds/oromed_amazonse.xml HTTP/1.0" 200 1290308 "-" "-"
89.161.206.59 - - [28/May/2025:15:18:55 +0200] "GET /Jurek/oromed/feeds/oromed_amazonbe.xml HTTP/1.0" 200 1290065 "-" "-"
89.161.206.59 - - [28/May/2025:15:18:55 +0200] "GET /Jurek/oromed/feeds/oromed_amazonfr.xml HTTP/1.0" 200 1290064 "-" "-"
89.161.206.59 - - [28/May/2025:15:18:55 +0200] "GET /Jurek/oromed/feeds/oromed_amazonit.xml HTTP/1.0" 200 1290070 "-" "-"
89.161.206.59 - - [28/May/2025:15:18:56 +0200] "GET /Jurek/oromed/feeds/oromed_amazonnl.xml HTTP/1.0" 200 1290060 "-" "-"
89.161.206.59 - - [28/May/2025:15:18:56 +0200] "GET /Jurek/combine/feeds/combine_amazonde.xml HTTP/1.0" 200 210556 "-" "-"
51.77.52.107 - - [28/May/2025:15:19:10 +0200] "GET /Jurek/eurofirany/images/452588/0.jpg HTTP/2.0" 200 60482 "-" "baselinker"
66.249.70.37 - - [28/May/2025:15:19:17 +0200] "GET /Jurek/topeshop/downloaded_images/5902838463338_Dallas_Sonoma(1).jpg HTTP/1.1" 404 3551 "-" "Googlebot-Image/1.0"
51.77.52.107 - - [28/May/2025:15:19:33 +0200] "GET /Jurek/eurofirany/images/452588/0.jpg HTTP/2.0" 200 60482 "-" "baselinker"
51.77.52.107 - - [28/May/2025:15:19:39 +0200] "GET /Jurek/eurofirany/images/452591/0.jpg HTTP/2.0" 200 73502 "-" "baselinker"
51.77.52.107 - - [28/May/2025:15:19:47 +0200] "GET /Jurek/eurofirany/images/452591/0.jpg HTTP/2.0" 200 73502 "-" "baselinker"
51.77.52.107 - - [28/May/2025:15:19:54 +0200] "GET /Jurek/eurofirany/images/452591/0.jpg HTTP/2.0" 200 73502 "-" "baselinker"
51.77.52.107 - - [28/May/2025:15:20:04 +0200] "GET /Jurek/eurofirany/images/452592/0.jpg HTTP/2.0" 200 73502 "-" "baselinker"
51.77.52.107 - - [28/May/2025:15:20:13 +0200] "GET /Jurek/eurofirany/images/452592/0.jpg HTTP/2.0" 200 73502 "-" "baselinker"
193.33.8.61 - - [28/May/2025:15:20:16 +0200] "GET /favicon.ico HTTP/2.0" 404 3551 "https://dkkapusta1997.usermd.net/Jurek/eany/" "Mozilla/5.0 (Windows NT 10.0; Win64; x64) AppleWebKit/537.36 (KHTML, like Gecko) Chrome/136.0.0.0 Safari/537.36"
51.77.52.107 - - [28/May/2025:15:20:22 +0200] "GET /Jurek/eurofirany/images/452592/0.jpg HTTP/2.0" 200 73502 "-" "baselinker"
185.6.76.167 - - [28/May/2025:15:20:24 +0200] "GET /Jurek/eurofirany/images/432646/0.jpg HTTP/1.1" 200 6625 "-" "Skroutz ImageBot v1"
51.77.52.107 - - [28/May/2025:15:20:27 +0200] "GET /Jurek/eurofirany/images/452594/0.jpg HTTP/2.0" 200 71387 "-" "baselinker"
51.77.52.107 - - [28/May/2025:15:20:36 +0200] "GET /Jurek/eurofirany/images/452594/0.jpg HTTP/2.0" 200 71387 "-" "baselinker"
51.77.52.107 - - [28/May/2025:15:20:54 +0200] "GET /Jurek/eurofirany/images/452594/0.jpg HTTP/2.0" 200 71387 "-" "baselinker"
51.77.52.107 - - [28/May/2025:15:21:19 +0200] "GET /Jurek/eurofirany/images/452597/0.jpg HTTP/2.0" 200 71387 "-" "baselinker"
51.77.52.107 - - [28/May/2025:15:21:32 +0200] "GET /Jurek/eurofirany/images/452597/0.jpg HTTP/2.0" 200 71387 "-" "baselinker"
66.249.70.37 - - [28/May/2025:15:21:53 +0200] "GET /Jurek/eurofirany/images/404523/0.jpg HTTP/1.1" 200 76196 "-" "Googlebot-Image/1.0"
85.232.241.194 - - [28/May/2025:15:22:08 +0200] "GET /Jurek/action/feeds/action_ubaldi.xml HTTP/1.1" 200 59484717 "-" "Python-urllib/3.11"
51.77.52.107 - - [28/May/2025:15:22:13 +0200] "GET /Jurek/eurofirany/images/452597/0.jpg HTTP/2.0" 200 71387 "-" "baselinker"
85.232.241.194 - - [28/May/2025:15:22:22 +0200] "GET /Jurek/hurtownia_przemyslowa/feeds/hp_ubaldi.xml HTTP/1.1" 200 49362123 "-" "Python-urllib/3.11"
51.77.52.107 - - [28/May/2025:15:22:24 +0200] "GET /Jurek/eurofirany/images/452598/0.jpg HTTP/2.0" 200 71387 "-" "baselinker"
85.232.241.194 - - [28/May/2025:15:22:27 +0200] "GET /Jurek/aw/feeds/aw_ubaldi.xml HTTP/1.1" 200 91114932 "-" "Python-urllib/3.11"
85.232.241.194 - - [28/May/2025:15:22:37 +0200] "GET /Jurek/intsell/feeds/intsell_rue.xml HTTP/1.1" 200 342009695 "-" "Python-urllib/3.11"
85.232.241.194 - - [28/May/2025:15:22:37 +0200] "GET /Jurek/ekuchcikowo/feeds/ekuchcikowo_rue.xml HTTP/1.1" 200 12471064 "-" "Python-urllib/3.11"
51.77.52.107 - - [28/May/2025:15:22:49 +0200] "GET /Jurek/eurofirany/images/452598/0.jpg HTTP/2.0" 200 71387 "-" "baselinker"
85.232.241.194 - - [28/May/2025:15:22:55 +0200] "GET /Jurek/naszedzieci/feeds/naszedzieci_ubaldi.xml HTTP/1.1" 200 833168061 "-" "Python-urllib/3.11"
85.232.241.194 - - [28/May/2025:15:22:58 +0200] "GET /Jurek/kidshop/feeds/kidshop_ubaldi.xml HTTP/1.1" 200 19850637 "-" "Python-urllib/3.11"
85.232.241.194 - - [28/May/2025:15:22:58 +0200] "GET /Jurek/kobi/feeds/kobi_ubaldi.xml HTTP/1.1" 200 1993090 "-" "Python-urllib/3.11"
85.232.241.194 - - [28/May/2025:15:22:59 +0200] "GET /Jurek/najtanszysport/feeds/najtanszysport_ubaldi.xml HTTP/1.1" 200 3983021 "-" "Python-urllib/3.11"
85.232.241.194 - - [28/May/2025:15:22:59 +0200] "GET /Jurek/luxma/feeds/luxma_ubaldi.xml HTTP/1.1" 200 8058615 "-" "Python-urllib/3.11"
85.232.241.194 - - [28/May/2025:15:22:59 +0200] "GET /Jurek/kristronik/feeds/kristronik_ubaldi.xml HTTP/1.1" 200 691981 "-" "Python-urllib/3.11"
85.232.241.194 - - [28/May/2025:15:22:59 +0200] "GET /Jurek/rider/feeds/rider_ubaldi.xml HTTP/1.1" 200 8165196 "-" "Python-urllib/3.11"
51.77.52.107 - - [28/May/2025:15:23:00 +0200] "GET /Jurek/eurofirany/images/452598/0.jpg HTTP/2.0" 200 71387 "-" "baselinker"
85.232.241.194 - - [28/May/2025:15:23:03 +0200] "GET /Jurek/broers/feeds/broers_ubaldi.xml HTTP/1.1" 200 1982599 "-" "Python-urllib/3.11"
85.232.241.194 - - [28/May/2025:15:23:03 +0200] "GET /Jurek/straganbiur/feeds/straganbiur_ubaldi.xml HTTP/1.1" 200 8893038 "-" "Python-urllib/3.11"
85.232.241.194 - - [28/May/2025:15:23:03 +0200] "GET /Jurek/b3/feeds/b3_ubaldi.xml HTTP/1.1" 200 8068395 "-" "Python-urllib/3.11"
85.232.241.194 - - [28/May/2025:15:23:03 +0200] "GET /Jurek/kinghoff/feeds/kinghoff_ubaldi.xml HTTP/1.1" 200 15619561 "-" "Python-urllib/3.11"
85.232.241.194 - - [28/May/2025:15:23:04 +0200] "GET /Jurek/topeshop/feeds/topeshop_ubaldi.xml HTTP/1.1" 200 3021037 "-" "Python-urllib/3.11"
85.232.241.194 - - [28/May/2025:15:23:04 +0200] "GET /Jurek/sempler/feeds/sempler_ubaldi.xml HTTP/1.1" 200 6787929 "-" "Python-urllib/3.11"
85.232.241.194 - - [28/May/2025:15:23:04 +0200] "GET /Jurek/asortymenteu/feeds/asortymenteu_ubaldi.xml HTTP/1.1" 200 2871958 "-" "Python-urllib/3.11"
85.232.241.194 - - [28/May/2025:15:23:04 +0200] "GET /Jurek/hlo/feeds/hlo_ubaldi.xml HTTP/1.1" 200 4837703 "-" "Python-urllib/3.11"
51.77.52.107 - - [28/May/2025:15:23:07 +0200] "GET /Jurek/eurofirany/images/452599/0.jpg HTTP/2.0" 200 74593 "-" "baselinker"
85.232.241.194 - - [28/May/2025:15:23:08 +0200] "GET /Jurek/elavia/feeds/elavia_ubaldi.xml HTTP/1.1" 200 2497284 "-" "Python-urllib/3.11"
85.232.241.194 - - [28/May/2025:15:23:08 +0200] "GET /Jurek/cdata/feeds/cdata_ubaldi.xml HTTP/1.1" 200 1445151 "-" "Python-urllib/3.11"
85.232.241.194 - - [28/May/2025:15:23:08 +0200] "GET /Jurek/cenoman/feeds/cenoman_ubaldi.xml HTTP/1.1" 200 5993050 "-" "Python-urllib/3.11"
85.232.241.194 - - [28/May/2025:15:23:08 +0200] "GET /Jurek/kamar/feeds/kamar_ubaldi.xml HTTP/1.1" 200 25550219 "-" "Python-urllib/3.11"
85.232.241.194 - - [28/May/2025:15:23:09 +0200] "GET /Jurek/avenido/feeds/avenido_ubaldi.xml HTTP/1.1" 200 720112 "-" "Python-urllib/3.11"
85.232.241.194 - - [28/May/2025:15:23:09 +0200] "GET /Jurek/zenex/feeds/zenex_ubaldi.xml HTTP/1.1" 200 540165 "-" "Python-urllib/3.11"
85.232.241.194 - - [28/May/2025:15:23:09 +0200] "GET /Jurek/makow/feeds/makow_ubaldi.xml HTTP/1.1" 200 21203596 "-" "Python-urllib/3.11"
51.77.52.107 - - [28/May/2025:15:23:12 +0200] "GET /Jurek/eurofirany/images/452599/0.jpg HTTP/2.0" 200 74593 "-" "baselinker"
85.232.241.194 - - [28/May/2025:15:23:14 +0200] "GET /Jurek/apresto/feeds/apresto_ubaldi.xml HTTP/1.1" 200 1327679 "-" "Python-urllib/3.11"
85.232.241.194 - - [28/May/2025:15:23:17 +0200] "GET /Jurek/carbonyway/feeds/carbonyway_ubaldi.xml HTTP/1.1" 200 3075943 "-" "Python-urllib/3.11"
85.232.241.194 - - [28/May/2025:15:23:18 +0200] "GET /Jurek/awparts/feeds/awparts_ubaldi.xml HTTP/1.1" 200 142300769 "-" "Python-urllib/3.11"
85.232.241.194 - - [28/May/2025:15:23:18 +0200] "GET /Jurek/kalama/feeds/kalama_ubaldi.xml HTTP/1.1" 200 2661767 "-" "Python-urllib/3.11"
51.77.52.107 - - [28/May/2025:15:23:20 +0200] "GET /Jurek/eurofirany/images/452599/0.jpg HTTP/2.0" 200 74593 "-" "baselinker"
85.232.241.194 - - [28/May/2025:15:23:22 +0200] "GET /Jurek/bloomglow/feeds/bloomglow_ubaldi.xml HTTP/1.1" 200 14095424 "-" "Python-urllib/3.11"
85.232.241.194 - - [28/May/2025:15:23:22 +0200] "GET /Jurek/zbimatyja/feeds/zbimatyja_ubaldi.xml HTTP/1.1" 200 11670163 "-" "Python-urllib/3.11"
51.77.52.107 - - [28/May/2025:15:23:26 +0200] "GET /Jurek/eurofirany/images/452600/0.jpg HTTP/2.0" 200 74593 "-" "baselinker"
51.77.52.107 - - [28/May/2025:15:23:31 +0200] "GET /Jurek/eurofirany/images/452600/0.jpg HTTP/2.0" 200 74593 "-" "baselinker"
51.77.52.107 - - [28/May/2025:15:23:37 +0200] "GET /Jurek/eurofirany/images/452600/0.jpg HTTP/2.0" 200 74593 "-" "baselinker"
51.77.52.107 - - [28/May/2025:15:23:52 +0200] "GET /Jurek/eurofirany/images/452601/0.jpg HTTP/2.0" 200 74593 "-" "baselinker"
85.232.241.194 - - [28/May/2025:15:23:56 +0200] "GET /Jurek/tsjerzy/feeds/tsjerzy_ubaldi.xml HTTP/1.1" 200 3897780 "-" "Python-urllib/3.11"
51.77.52.107 - - [28/May/2025:15:24:02 +0200] "GET /Jurek/eurofirany/images/452601/0.jpg HTTP/2.0" 200 74593 "-" "baselinker"
46.101.116.244 - - [28/May/2025:15:24:05 +0200] "GET /Jurek/topeshop/feeds/topeshop_alza.xml HTTP/2.0" 200 3022006 "-" "-"
85.232.241.194 - - [28/May/2025:15:24:06 +0200] "GET /Jurek/velinda/feeds/velinda_ubaldi.xml HTTP/1.1" 200 4227266 "-" "Python-urllib/3.11"
85.232.241.194 - - [28/May/2025:15:24:07 +0200] "GET /Jurek/elecomp/feeds/elecomp_ubaldi.xml HTTP/1.1" 200 2867728 "-" "Python-urllib/3.11"
85.232.241.194 - - [28/May/2025:15:24:07 +0200] "GET /Jurek/oromed/feeds/oromed_ubaldi.xml HTTP/1.1" 200 1290054 "-" "Python-urllib/3.11"
85.232.241.194 - - [28/May/2025:15:24:10 +0200] "GET /Jurek/aw/feeds/aw_worten.xml HTTP/1.1" 200 91112386 "-" "Python-urllib/3.11"
85.232.241.194 - - [28/May/2025:15:24:11 +0200] "GET /Jurek/aw/feeds/aw_wortenES.xml HTTP/1.1" 200 91112825 "-" "Python-urllib/3.11"
85.232.241.194 - - [28/May/2025:15:24:11 +0200] "GET /Jurek/action/feeds/action_worten.xml HTTP/1.1" 200 59485518 "-" "Python-urllib/3.11"
85.232.241.194 - - [28/May/2025:15:24:15 +0200] "GET /Jurek/action/feeds/action_wortenES.xml HTTP/1.1" 200 59485718 "-" "Python-urllib/3.11"
46.101.116.244 - - [28/May/2025:15:24:17 +0200] "GET /Jurek/topeshop/feeds/topeshop_kauflandde.xml HTTP/2.0" 200 3020881 "-" "-"
51.77.52.107 - - [28/May/2025:15:24:21 +0200] "GET /Jurek/eurofirany/images/452601/0.jpg HTTP/2.0" 200 74593 "-" "baselinker"
46.101.116.244 - - [28/May/2025:15:24:28 +0200] "GET /Jurek/topeshop/feeds/topeshop_kauflandcz.xml HTTP/2.0" 200 3022005 "-" "-"
46.101.116.244 - - [28/May/2025:15:24:38 +0200] "GET /Jurek/topeshop/feeds/topeshop_kauflandsk.xml HTTP/2.0" 200 3020904 "-" "-"
46.101.116.244 - - [28/May/2025:15:24:49 +0200] "GET /Jurek/ikonka/feeds/ikonka_alza.xml HTTP/2.0" 200 20806125 "-" "-"
51.77.52.107 - - [28/May/2025:15:24:49 +0200] "GET /Jurek/eurofirany/images/452602/0.jpg HTTP/2.0" 200 72126 "-" "baselinker"
46.101.116.244 - - [28/May/2025:15:25:01 +0200] "GET /Jurek/ikonka/feeds/ikonka_kaufcz.xml HTTP/2.0" 200 20806072 "-" "-"
51.77.52.107 - - [28/May/2025:15:25:09 +0200] "GET /Jurek/eurofirany/images/452602/0.jpg HTTP/2.0" 200 72126 "-" "baselinker"
46.101.116.244 - - [28/May/2025:15:25:13 +0200] "GET /Jurek/ikonka/feeds/ikonka_kaufde.xml HTTP/2.0" 200 20803620 "-" "-"
