51.77.52.107 - - [28/May/2025:08:27:09 +0200] "GET /Jurek/eurofirany/images/468979/0.jpg HTTP/2.0" 200 86148 "-" "baselinker"
46.101.116.244 - - [28/May/2025:08:27:12 +0200] "GET /Jurek/vivaldi/feeds/vivaldi_Mall-slex.xml HTTP/2.0" 200 344661 "-" "-"
51.77.52.107 - - [28/May/2025:08:27:27 +0200] "GET /Jurek/eurofirany/images/468981/0.jpg HTTP/2.0" 200 90505 "-" "baselinker"
89.161.206.59 - - [28/May/2025:08:27:30 +0200] "GET /Jurek/topeshop/feeds/topeshop_cdsc.xml HTTP/1.0" 200 2629171 "-" "-"
51.77.52.107 - - [28/May/2025:08:27:44 +0200] "GET /Jurek/eurofirany/images/468981/0.jpg HTTP/2.0" 200 90505 "-" "baselinker"
89.161.206.59 - - [28/May/2025:08:27:54 +0200] "GET /Jurek/playcob/feeds/playcob_cdsc.xml HTTP/1.0" 200 6624617 "-" "-"
89.161.206.59 - - [28/May/2025:08:27:55 +0200] "GET /Jurek/elavia/feeds/elavia_cdsc.xml HTTP/1.0" 200 2085748 "-" "-"
89.161.206.59 - - [28/May/2025:08:27:55 +0200] "GET /Jurek/princelh/feeds/princelh_cdsc.xml HTTP/1.0" 200 123625 "-" "-"
89.161.206.59 - - [28/May/2025:08:27:55 +0200] "GET /Jurek/proparts/feeds/proparts_cdsc.xml HTTP/1.0" 200 556003 "-" "-"
89.161.206.59 - - [28/May/2025:08:27:56 +0200] "GET /Jurek/muminky/feeds/muminky_cdsc.xml HTTP/1.0" 200 2935830 "-" "-"
89.161.206.59 - - [28/May/2025:08:27:56 +0200] "GET /Jurek/nexus/feeds/nexus_cdsc.xml HTTP/1.0" 200 325903 "-" "-"
89.161.206.59 - - [28/May/2025:08:27:56 +0200] "GET /Jurek/alucon/feeds/alucon_cdsc.xml HTTP/1.0" 200 378663 "-" "-"
89.161.206.59 - - [28/May/2025:08:27:56 +0200] "GET /Jurek/equalo/feeds/equalo_cdsc.xml HTTP/1.0" 200 134205 "-" "-"
89.161.206.59 - - [28/May/2025:08:27:56 +0200] "GET /Jurek/techrebalina/feeds/techrebalina_cdsc.xml HTTP/1.0" 200 1363223 "-" "-"
89.161.206.59 - - [28/May/2025:08:27:56 +0200] "GET /Jurek/smxdesign/feeds/smxdesign_cdsc.xml HTTP/1.0" 200 1154218 "-" "-"
51.77.52.107 - - [28/May/2025:08:28:04 +0200] "GET /Jurek/eurofirany/images/468981/0.jpg HTTP/2.0" 200 90505 "-" "baselinker"
51.77.52.107 - - [28/May/2025:08:28:14 +0200] "GET /Jurek/eurofirany/images/468982/0.jpg HTTP/2.0" 200 90505 "-" "baselinker"
89.161.206.59 - - [28/May/2025:08:28:16 +0200] "GET /Jurek/techrebal/feeds/techrebal_cdsc.xml HTTP/1.0" 200 1423355 "-" "-"
89.161.206.59 - - [28/May/2025:08:28:17 +0200] "GET /Jurek/broers/feeds/broers_cdsc.xml HTTP/1.0" 200 2303305 "-" "-"
89.161.206.59 - - [28/May/2025:08:28:18 +0200] "GET /Jurek/nonabox/feeds/nonabox_cdsc.xml HTTP/1.0" 200 39043 "-" "-"
51.77.52.107 - - [28/May/2025:08:28:25 +0200] "GET /Jurek/eurofirany/images/468982/0.jpg HTTP/2.0" 200 90505 "-" "baselinker"
51.77.52.107 - - [28/May/2025:08:28:41 +0200] "GET /Jurek/eurofirany/images/468982/0.jpg HTTP/2.0" 200 90505 "-" "baselinker"
193.33.8.61 - - [28/May/2025:08:28:57 +0200] "POST /Filip/janshop_orders/exports/ HTTP/2.0" 401 3550 "https://dkkapusta1997.usermd.net/Filip/janshop_orders/exports/" "Mozilla/5.0 (Macintosh; Intel Mac OS X 10_15_7) AppleWebKit/605.1.15 (KHTML, like Gecko) Version/17.5 Safari/605.1.15"
193.33.8.61 - maria [28/May/2025:08:28:57 +0200] "POST /Filip/janshop_orders/exports/ HTTP/2.0" 200 68148 "https://dkkapusta1997.usermd.net/Filip/janshop_orders/exports/" "Mozilla/5.0 (Macintosh; Intel Mac OS X 10_15_7) AppleWebKit/605.1.15 (KHTML, like Gecko) Version/17.5 Safari/605.1.15"
51.77.52.107 - - [28/May/2025:08:29:01 +0200] "GET /Jurek/eurofirany/images/453034/0.jpg HTTP/2.0" 200 86707 "-" "baselinker"
66.135.223.44 - - [28/May/2025:08:29:18 +0200] "GET /Jurek/topeshop/downloaded_images/5904507209377__szafa-duo0013(3).jpg HTTP/1.1" 200 107706 "http://www.ebay.com/" "Mozilla/5.0 (Windows NT 10.0; Win64; x64) AppleWebKit/537.36 (KHTML, like Gecko) Chrome/123.0.0.0 Safari/537.36"
66.135.223.43 - - [28/May/2025:08:29:18 +0200] "GET /Jurek/topeshop/downloaded_images/5904507209377_profill.jpg HTTP/1.1" 200 77572 "http://www.ebay.com/" "Mozilla/5.0 (Windows NT 10.0; Win64; x64) AppleWebKit/537.36 (KHTML, like Gecko) Chrome/123.0.0.0 Safari/537.36"
66.135.223.43 - - [28/May/2025:08:29:18 +0200] "GET /Jurek/topeshop/downloaded_images/5904507209377__szafa-duo0013(1)111.jpg HTTP/1.1" 200 102835 "http://www.ebay.com/" "Mozilla/5.0 (Windows NT 10.0; Win64; x64) AppleWebKit/537.36 (KHTML, like Gecko) Chrome/123.0.0.0 Safari/537.36"
66.135.223.41 - - [28/May/2025:08:29:18 +0200] "GET /Jurek/topeshop/downloaded_images/5904507209377_GLINASZAFADUOFRONTOT.jpg HTTP/1.1" 404 3551 "http://www.ebay.com/" "Mozilla/5.0 (Windows NT 10.0; Win64; x64) AppleWebKit/537.36 (KHTML, like Gecko) Chrome/123.0.0.0 Safari/537.36"
66.135.223.44 - - [28/May/2025:08:29:18 +0200] "GET /Jurek/topeshop/downloaded_images/5904507209377_bry%C5%82ka0009.jpg HTTP/1.1" 200 37381 "http://www.ebay.com/" "Mozilla/5.0 (Windows NT 10.0; Win64; x64) AppleWebKit/537.36 (KHTML, like Gecko) Chrome/123.0.0.0 Safari/537.36"
66.135.223.42 - - [28/May/2025:08:29:18 +0200] "GET /Jurek/topeshop/downloaded_images/5904507209377_GLINASZAFADUOFRONTZM.jpg HTTP/1.1" 404 3551 "http://www.ebay.com/" "Mozilla/5.0 (Windows NT 10.0; Win64; x64) AppleWebKit/537.36 (KHTML, like Gecko) Chrome/123.0.0.0 Safari/537.36"
66.135.223.41 - - [28/May/2025:08:29:18 +0200] "GET /Jurek/topeshop/downloaded_images/5904507209377_bry%C5%82ka0013.jpg HTTP/1.1" 200 40158 "http://www.ebay.com/" "Mozilla/5.0 (Windows NT 10.0; Win64; x64) AppleWebKit/537.36 (KHTML, like Gecko) Chrome/123.0.0.0 Safari/537.36"
66.135.223.42 - - [28/May/2025:08:29:18 +0200] "GET /Jurek/topeshop/downloaded_images/5904507209377_bry%C5%82ka0015.jpg HTTP/1.1" 200 63019 "http://www.ebay.com/" "Mozilla/5.0 (Windows NT 10.0; Win64; x64) AppleWebKit/537.36 (KHTML, like Gecko) Chrome/123.0.0.0 Safari/537.36"
66.135.223.42 - - [28/May/2025:08:29:18 +0200] "GET /Jurek/topeshop/downloaded_images/5904507209377__szafa-duo0013(2).jpg HTTP/1.1" 200 88926 "http://www.ebay.com/" "Mozilla/5.0 (Windows NT 10.0; Win64; x64) AppleWebKit/537.36 (KHTML, like Gecko) Chrome/123.0.0.0 Safari/537.36"
66.135.223.40 - - [28/May/2025:08:29:18 +0200] "GET /Jurek/topeshop/downloaded_images/5904507209377_bry%C5%82ka0011.jpg HTTP/1.1" 200 62470 "http://www.ebay.com/" "Mozilla/5.0 (Windows NT 10.0; Win64; x64) AppleWebKit/537.36 (KHTML, like Gecko) Chrome/123.0.0.0 Safari/537.36"
66.135.223.43 - - [28/May/2025:08:29:18 +0200] "GET /Jurek/topeshop/downloaded_images/5904507209377__szafa-duo0013(1).jpg HTTP/1.1" 200 83048 "http://www.ebay.com/" "Mozilla/5.0 (Windows NT 10.0; Win64; x64) AppleWebKit/537.36 (KHTML, like Gecko) Chrome/123.0.0.0 Safari/537.36"
51.77.52.107 - - [28/May/2025:08:29:25 +0200] "GET /Jurek/eurofirany/images/453034/0.jpg HTTP/2.0" 200 86707 "-" "baselinker"
51.77.52.107 - - [28/May/2025:08:29:49 +0200] "GET /Jurek/eurofirany/images/453034/0.jpg HTTP/2.0" 200 86707 "-" "baselinker"
51.77.52.107 - - [28/May/2025:08:30:07 +0200] "GET /Jurek/eurofirany/images/453035/0.jpg HTTP/2.0" 200 86707 "-" "baselinker"
51.77.52.107 - - [28/May/2025:08:30:28 +0200] "GET /Jurek/eurofirany/images/453035/0.jpg HTTP/2.0" 200 86707 "-" "baselinker"
51.77.52.107 - - [28/May/2025:08:30:46 +0200] "GET /Jurek/eurofirany/images/453035/0.jpg HTTP/2.0" 200 86707 "-" "baselinker"
51.77.52.107 - - [28/May/2025:08:30:53 +0200] "GET /Jurek/eurofirany/images/453036/0.jpg HTTP/2.0" 200 87086 "-" "baselinker"
89.161.206.59 - - [28/May/2025:08:30:57 +0200] "GET /Jurek/benetech/feeds/benetech_aliex.xml HTTP/1.0" 200 4165649 "-" "-"
89.161.206.59 - - [28/May/2025:08:30:58 +0200] "GET /Jurek/slayo/feeds/slayo_aliex.xml HTTP/1.0" 200 183627 "-" "-"
89.161.206.59 - - [28/May/2025:08:30:58 +0200] "GET /Jurek/hdwr/feeds/hdwr_aliex.xml HTTP/1.0" 200 789617 "-" "-"
89.161.206.59 - - [28/May/2025:08:30:58 +0200] "GET /Jurek/targethome/feeds/targethome_aliex.xml HTTP/1.0" 200 688678 "-" "-"
89.161.206.59 - - [28/May/2025:08:30:58 +0200] "GET /Jurek/amzteam/feeds/amzteam_aliex.xml HTTP/1.0" 200 97903 "-" "-"
89.161.206.59 - - [28/May/2025:08:30:58 +0200] "GET /Jurek/ralmetal/feeds/ralmetal_aliex.xml HTTP/1.0" 200 2040574 "-" "-"
89.161.206.59 - - [28/May/2025:08:30:59 +0200] "GET /Jurek/cbdgreen/feeds/cbdgreen_aliex.xml HTTP/1.0" 200 50549 "-" "-"
89.161.206.59 - - [28/May/2025:08:30:59 +0200] "GET /Jurek/drops/feeds/dropsofficecolection_aliex.xml HTTP/1.0" 200 791298 "-" "-"
89.161.206.59 - - [28/May/2025:08:30:59 +0200] "GET /Jurek/szpaklampy/feeds/szpaklampy_aliex.xml HTTP/1.0" 200 388361 "-" "-"
89.161.206.59 - - [28/May/2025:08:30:59 +0200] "GET /Jurek/velinda/feeds/velinda_aliex.xml HTTP/1.0" 200 4228104 "-" "-"
51.77.52.107 - - [28/May/2025:08:30:59 +0200] "GET /Jurek/eurofirany/images/453036/0.jpg HTTP/2.0" 200 87086 "-" "baselinker"
89.161.206.59 - - [28/May/2025:08:31:00 +0200] "GET /Jurek/spali/feeds/spali_aliex.xml HTTP/1.0" 200 77074 "-" "-"
89.161.206.59 - - [28/May/2025:08:31:00 +0200] "GET /Jurek/topeshop/feeds/topeshop_aliexpress.xml HTTP/1.0" 200 3021316 "-" "-"
89.161.206.59 - - [28/May/2025:08:31:00 +0200] "GET /Jurek/beltimore/feeds/beltimore_aliexpress.xml HTTP/1.0" 200 18654908 "-" "-"
51.77.52.107 - - [28/May/2025:08:31:22 +0200] "GET /Jurek/eurofirany/images/453036/0.jpg HTTP/2.0" 200 87086 "-" "baselinker"
51.77.52.107 - - [28/May/2025:08:32:23 +0200] "GET /Jurek/eurofirany/images/453038/0.jpg HTTP/2.0" 200 80386 "-" "baselinker"
51.77.52.107 - - [28/May/2025:08:32:31 +0200] "GET /Jurek/eurofirany/images/453038/0.jpg HTTP/2.0" 200 80386 "-" "baselinker"
51.77.52.107 - - [28/May/2025:08:32:45 +0200] "GET /Jurek/eurofirany/images/453038/0.jpg HTTP/2.0" 200 80386 "-" "baselinker"
51.77.52.107 - - [28/May/2025:08:32:49 +0200] "GET /Jurek/eurofirany/images/453039/0.jpg HTTP/2.0" 200 80386 "-" "baselinker"
51.77.52.107 - - [28/May/2025:08:33:03 +0200] "GET /Jurek/eurofirany/images/453039/0.jpg HTTP/2.0" 200 80386 "-" "baselinker"
66.135.223.42 - - [28/May/2025:08:33:17 +0200] "GET /Jurek/topeshop/downloaded_images/5902838463277_Dallas_Biel(1).jpg HTTP/1.1" 404 3551 "http://www.ebay.com/" "Mozilla/5.0 (Windows NT 10.0; Win64; x64) AppleWebKit/537.36 (KHTML, like Gecko) Chrome/123.0.0.0 Safari/537.36"
66.135.223.40 - - [28/May/2025:08:33:18 +0200] "GET /Jurek/topeshop/downloaded_images/5902838463277_Dallas_Biel(6).jpg HTTP/1.1" 404 3551 "http://www.ebay.com/" "Mozilla/5.0 (Windows NT 10.0; Win64; x64) AppleWebKit/537.36 (KHTML, like Gecko) Chrome/123.0.0.0 Safari/537.36"
66.135.223.43 - - [28/May/2025:08:33:18 +0200] "GET /Jurek/topeshop/downloaded_images/5902838463277_14255.jpg HTTP/1.1" 404 3551 "http://www.ebay.com/" "Mozilla/5.0 (Windows NT 10.0; Win64; x64) AppleWebKit/537.36 (KHTML, like Gecko) Chrome/123.0.0.0 Safari/537.36"
66.135.223.44 - - [28/May/2025:08:33:18 +0200] "GET /Jurek/topeshop/downloaded_images/5902838463277_Dallas_Biel(3).jpg HTTP/1.1" 404 3551 "http://www.ebay.com/" "Mozilla/5.0 (Windows NT 10.0; Win64; x64) AppleWebKit/537.36 (KHTML, like Gecko) Chrome/123.0.0.0 Safari/537.36"
66.135.223.42 - - [28/May/2025:08:33:18 +0200] "GET /Jurek/topeshop/downloaded_images/5902838463277_Dallas_Biel(4).jpg HTTP/1.1" 404 3551 "http://www.ebay.com/" "Mozilla/5.0 (Windows NT 10.0; Win64; x64) AppleWebKit/537.36 (KHTML, like Gecko) Chrome/123.0.0.0 Safari/537.36"
66.135.223.43 - - [28/May/2025:08:33:18 +0200] "GET /Jurek/topeshop/downloaded_images/5902838463277_Dallas_Biel(5).jpg HTTP/1.1" 404 3551 "http://www.ebay.com/" "Mozilla/5.0 (Windows NT 10.0; Win64; x64) AppleWebKit/537.36 (KHTML, like Gecko) Chrome/123.0.0.0 Safari/537.36"
66.135.223.43 - - [28/May/2025:08:33:18 +0200] "GET /Jurek/topeshop/downloaded_images/5902838463277_ar1.jpg HTTP/1.1" 200 135885 "http://www.ebay.com/" "Mozilla/5.0 (Windows NT 10.0; Win64; x64) AppleWebKit/537.36 (KHTML, like Gecko) Chrome/123.0.0.0 Safari/537.36"
66.135.223.40 - - [28/May/2025:08:33:18 +0200] "GET /Jurek/topeshop/downloaded_images/5902838463277_render_pop_.RGB_color.0009_kopia.png HTTP/1.1" 200 399484 "http://www.ebay.com/" "Mozilla/5.0 (Windows NT 10.0; Win64; x64) AppleWebKit/537.36 (KHTML, like Gecko) Chrome/123.0.0.0 Safari/537.36"
51.77.52.107 - - [28/May/2025:08:33:24 +0200] "GET /Jurek/eurofirany/images/453039/0.jpg HTTP/2.0" 200 80386 "-" "baselinker"
51.77.52.107 - - [28/May/2025:08:33:47 +0200] "GET /Jurek/eurofirany/images/453040/0.jpg HTTP/2.0" 200 96705 "-" "baselinker"
51.77.52.107 - - [28/May/2025:08:34:03 +0200] "GET /Jurek/eurofirany/images/453040/0.jpg HTTP/2.0" 200 96705 "-" "baselinker"
51.77.52.107 - - [28/May/2025:08:34:08 +0200] "GET /Jurek/eurofirany/images/453040/0.jpg HTTP/2.0" 200 96705 "-" "baselinker"
51.77.52.107 - - [28/May/2025:08:34:27 +0200] "GET /Jurek/eurofirany/images/453048/0.jpg HTTP/2.0" 200 92628 "-" "baselinker"
51.77.52.107 - - [28/May/2025:08:34:45 +0200] "GET /Jurek/eurofirany/images/453048/0.jpg HTTP/2.0" 200 92628 "-" "baselinker"
51.77.52.107 - - [28/May/2025:08:35:01 +0200] "GET /Jurek/eurofirany/images/453048/0.jpg HTTP/2.0" 200 92628 "-" "baselinker"
51.77.52.107 - - [28/May/2025:08:35:21 +0200] "GET /Jurek/eurofirany/images/453050/0.jpg HTTP/2.0" 200 92628 "-" "baselinker"
51.77.52.107 - - [28/May/2025:08:35:40 +0200] "GET /Jurek/eurofirany/images/453050/0.jpg HTTP/2.0" 200 92628 "-" "baselinker"
51.77.52.107 - - [28/May/2025:08:35:57 +0200] "GET /Jurek/eurofirany/images/453050/0.jpg HTTP/2.0" 200 92628 "-" "baselinker"
51.77.52.107 - - [28/May/2025:08:36:13 +0200] "GET /Jurek/eurofirany/images/453042/0.jpg HTTP/2.0" 200 96705 "-" "baselinker"
52.209.168.113 - - [28/May/2025:08:36:17 +0200] "GET /marketplaces/worten2/results/worten.csv HTTP/1.1" 200 19508847 "-" "Mirakl HttpClient"
51.77.52.107 - - [28/May/2025:08:36:34 +0200] "GET /Jurek/eurofirany/images/453042/0.jpg HTTP/2.0" 200 96705 "-" "baselinker"
51.77.52.107 - - [28/May/2025:08:36:40 +0200] "GET /Jurek/eurofirany/images/453042/0.jpg HTTP/2.0" 200 96705 "-" "baselinker"
89.161.206.59 - - [28/May/2025:08:36:44 +0200] "GET /Jurek/swiatecznygoliat/feeds/swiatecznygoliat_emagro.xml HTTP/1.0" 200 7051388 "-" "-"
89.161.206.59 - - [28/May/2025:08:36:59 +0200] "GET /Jurek/sternhoff/feeds/sternhoff_emagro.xml HTTP/1.0" 200 1775475 "-" "-"
51.77.52.107 - - [28/May/2025:08:36:59 +0200] "GET /Jurek/eurofirany/images/458233/0.jpg HTTP/2.0" 200 91508 "-" "baselinker"
89.161.206.59 - - [28/May/2025:08:37:03 +0200] "GET /Jurek/globaldeli/feeds/globaldeli_emagro.xml HTTP/1.0" 200 2590918 "-" "-"
89.161.206.59 - - [28/May/2025:08:37:04 +0200] "GET /Jurek/dekornatort/feeds/dekornatort_emagro.xml HTTP/1.0" 200 225748 "-" "-"
51.77.52.107 - - [28/May/2025:08:37:05 +0200] "GET /Jurek/eurofirany/images/458233/0.jpg HTTP/2.0" 200 91508 "-" "baselinker"
89.161.206.59 - - [28/May/2025:08:37:10 +0200] "GET /Jurek/hlo/feeds/hlo_emagro.xml HTTP/1.0" 200 4838786 "-" "-"
51.77.52.107 - - [28/May/2025:08:37:11 +0200] "GET /Jurek/eurofirany/images/458233/0.jpg HTTP/2.0" 200 91508 "-" "baselinker"
89.161.206.59 - - [28/May/2025:08:37:13 +0200] "GET /Jurek/luxma/feeds/luxma_emagro.xml HTTP/1.0" 200 8059142 "-" "-"
89.161.206.59 - - [28/May/2025:08:37:16 +0200] "GET /Jurek/zenga/feeds/zenga_emagro.xml HTTP/1.0" 200 222863 "-" "-"
51.77.52.107 - - [28/May/2025:08:37:33 +0200] "GET /Jurek/eurofirany/images/458225/0.jpg HTTP/2.0" 200 93116 "-" "baselinker"
51.77.52.107 - - [28/May/2025:08:37:39 +0200] "GET /Jurek/eurofirany/images/458225/0.jpg HTTP/2.0" 200 93116 "-" "baselinker"
51.77.52.107 - - [28/May/2025:08:37:44 +0200] "GET /Jurek/eurofirany/images/458225/0.jpg HTTP/2.0" 200 93116 "-" "baselinker"
51.77.52.107 - - [28/May/2025:08:37:59 +0200] "GET /Jurek/eurofirany/images/468081/0.jpg HTTP/2.0" 200 139066 "-" "baselinker"
51.77.52.107 - - [28/May/2025:08:38:19 +0200] "GET /Jurek/eurofirany/images/468081/0.jpg HTTP/2.0" 200 139066 "-" "baselinker"
51.77.52.107 - - [28/May/2025:08:38:26 +0200] "GET /Jurek/eurofirany/images/468081/0.jpg HTTP/2.0" 200 139066 "-" "baselinker"
51.77.52.107 - - [28/May/2025:08:38:32 +0200] "GET /Jurek/eurofirany/images/470299/0.jpg HTTP/2.0" 200 91926 "-" "baselinker"
51.77.52.107 - - [28/May/2025:08:38:38 +0200] "GET /Jurek/eurofirany/images/470299/0.jpg HTTP/2.0" 200 91926 "-" "baselinker"
51.77.52.107 - - [28/May/2025:08:38:40 +0200] "GET /Jurek/eurofirany/images/470299/0.jpg HTTP/2.0" 200 91926 "-" "baselinker"
51.77.52.107 - - [28/May/2025:08:38:45 +0200] "GET /Jurek/eurofirany/images/470300/0.jpg HTTP/2.0" 200 74460 "-" "baselinker"
51.77.52.107 - - [28/May/2025:08:38:51 +0200] "GET /Jurek/eurofirany/images/470300/0.jpg HTTP/2.0" 200 74460 "-" "baselinker"
51.77.52.107 - - [28/May/2025:08:38:55 +0200] "GET /Jurek/eurofirany/images/470300/0.jpg HTTP/2.0" 200 74460 "-" "baselinker"
51.77.52.107 - - [28/May/2025:08:39:03 +0200] "GET /Jurek/eurofirany/images/470303/0.jpg HTTP/2.0" 200 90275 "-" "baselinker"
51.77.52.107 - - [28/May/2025:08:39:08 +0200] "GET /Jurek/eurofirany/images/470303/0.jpg HTTP/2.0" 200 90275 "-" "baselinker"
51.77.52.107 - - [28/May/2025:08:39:16 +0200] "GET /Jurek/eurofirany/images/470303/0.jpg HTTP/2.0" 200 90275 "-" "baselinker"
51.77.52.107 - - [28/May/2025:08:39:23 +0200] "GET /Jurek/eurofirany/images/470306/0.jpg HTTP/2.0" 200 73643 "-" "baselinker"
89.161.206.59 - - [28/May/2025:08:39:26 +0200] "GET /Jurek/kobi/feeds/kobi_cdsc.xml HTTP/1.0" 200 544070 "-" "-"
89.161.206.59 - - [28/May/2025:08:39:26 +0200] "GET /Jurek/hurtmeblowy/feeds/hurtmeblowy_cdsc.xml HTTP/1.0" 200 5248611 "-" "-"
89.161.206.59 - - [28/May/2025:08:39:26 +0200] "GET /Jurek/maksik/feeds/maksik_cdsc.xml HTTP/1.0" 200 2927530 "-" "-"
89.161.206.59 - - [28/May/2025:08:39:27 +0200] "GET /Jurek/beltimore/feeds/beltimore_cdsc.xml HTTP/1.0" 200 11136417 "-" "-"
89.161.206.59 - - [28/May/2025:08:39:28 +0200] "GET /Jurek/benetech/feeds/benetech_cdsc.xml HTTP/1.0" 200 2361749 "-" "-"
89.161.206.59 - - [28/May/2025:08:39:28 +0200] "GET /Jurek/pawonik/feeds/pawonik_cdsc.xml HTTP/1.0" 200 1382182 "-" "-"
89.161.206.59 - - [28/May/2025:08:39:28 +0200] "GET /Jurek/hdwr/feeds/hdwr_cdsc.xml HTTP/1.0" 200 745729 "-" "-"
89.161.206.59 - - [28/May/2025:08:39:28 +0200] "GET /Jurek/drops/feeds/dropsofficecolection_cdsc.xml HTTP/1.0" 200 784465 "-" "-"
89.161.206.59 - - [28/May/2025:08:39:28 +0200] "GET /Jurek/szpaklampy/feeds/szpaklampy_cdsc.xml HTTP/1.0" 200 395822 "-" "-"
89.161.206.59 - - [28/May/2025:08:39:29 +0200] "GET /Jurek/sartrix/feeds/sartrix_cdsc.xml HTTP/1.0" 200 867434 "-" "-"
89.161.206.59 - - [28/May/2025:08:39:29 +0200] "GET /Jurek/reman/feeds/reman_cdsc.xml HTTP/1.0" 200 400871 "-" "-"
89.161.206.59 - - [28/May/2025:08:39:29 +0200] "GET /Jurek/eurofirany/feeds/eurofirany_cdiscount.xml HTTP/1.0" 200 22259804 "-" "-"
89.161.206.59 - - [28/May/2025:08:39:31 +0200] "GET /Jurek/cdata/feeds/cdata_cdsc.xml HTTP/1.0" 200 1865849 "-" "-"
89.161.206.59 - - [28/May/2025:08:39:31 +0200] "GET /Jurek/drewdon/feeds/drewdon_cdsc.xml HTTP/1.0" 200 483675 "-" "-"
89.161.206.59 - - [28/May/2025:08:39:31 +0200] "GET /Jurek/dekoele/feeds/dekoele_cdsc.xml HTTP/1.0" 200 478907 "-" "-"
89.161.206.59 - - [28/May/2025:08:39:31 +0200] "GET /Jurek/amzteam/feeds/amzteam_cdsc.xml HTTP/1.0" 200 145375 "-" "-"
89.161.206.59 - - [28/May/2025:08:39:32 +0200] "GET /Jurek/lampart/feeds/lampart_cdsc.xml HTTP/1.0" 200 1057913 "-" "-"
89.161.206.59 - - [28/May/2025:08:39:33 +0200] "GET /Jurek/zenex/feeds/zenex_cdsc.xml HTTP/1.0" 200 540180 "-" "-"
89.161.206.59 - - [28/May/2025:08:39:33 +0200] "GET /Jurek/avenido/feeds/avenido_cdsc.xml HTTP/1.0" 200 449226 "-" "-"
89.161.206.59 - - [28/May/2025:08:39:33 +0200] "GET /Jurek/filmal/feeds/filmal_cdsc.xml HTTP/1.0" 200 105878 "-" "-"
89.161.206.59 - - [28/May/2025:08:39:33 +0200] "GET /Jurek/takapara/feeds/takapara_cdsc.xml HTTP/1.0" 200 1398932 "-" "-"
89.161.206.59 - - [28/May/2025:08:39:34 +0200] "GET /Jurek/tsjerzy/feeds/tsjerzy_cdsc.xml HTTP/1.0" 200 4383112 "-" "-"
89.161.206.59 - - [28/May/2025:08:39:35 +0200] "GET /Jurek/riko/feeds/riko_cdsc.xml HTTP/1.0" 200 3648814 "-" "-"
89.161.206.59 - - [28/May/2025:08:39:35 +0200] "GET /Jurek/carbonyway/feeds/carbonyway_cdsc.xml HTTP/1.0" 200 2759403 "-" "-"
89.161.206.59 - - [28/May/2025:08:39:36 +0200] "GET /Jurek/ikonka/feeds/ikonka_cdsc.xml HTTP/1.0" 200 20740193 "-" "-"
89.161.206.59 - - [28/May/2025:08:39:37 +0200] "GET /Jurek/narzbud/feeds/narzbud_cdsc.xml HTTP/1.0" 200 1227796 "-" "-"
51.77.52.107 - - [28/May/2025:08:39:41 +0200] "GET /Jurek/eurofirany/images/470306/0.jpg HTTP/2.0" 200 73643 "-" "baselinker"
51.77.52.107 - - [28/May/2025:08:39:47 +0200] "GET /Jurek/eurofirany/images/470306/0.jpg HTTP/2.0" 200 73643 "-" "baselinker"
51.77.52.107 - - [28/May/2025:08:40:11 +0200] "GET /Jurek/eurofirany/images/470739/0.jpg HTTP/2.0" 200 91538 "-" "baselinker"
51.77.52.107 - - [28/May/2025:08:40:18 +0200] "GET /Jurek/eurofirany/images/470739/0.jpg HTTP/2.0" 200 91538 "-" "baselinker"
51.77.52.107 - - [28/May/2025:08:40:23 +0200] "GET /Jurek/eurofirany/images/470739/0.jpg HTTP/2.0" 200 91538 "-" "baselinker"
51.77.52.107 - - [28/May/2025:08:40:41 +0200] "GET /Jurek/eurofirany/images/468080/0.jpg HTTP/2.0" 200 139066 "-" "baselinker"
89.161.206.59 - - [28/May/2025:08:41:03 +0200] "GET /Jurek/playcob/feeds/playcob_amazonde.xml HTTP/1.0" 200 6980097 "-" "-"
51.77.52.107 - - [28/May/2025:08:41:05 +0200] "GET /Jurek/eurofirany/images/468080/0.jpg HTTP/2.0" 200 139066 "-" "baselinker"
51.77.52.107 - - [28/May/2025:08:41:13 +0200] "GET /Jurek/eurofirany/images/468080/0.jpg HTTP/2.0" 200 139066 "-" "baselinker"
51.77.52.107 - - [28/May/2025:08:41:20 +0200] "GET /Jurek/eurofirany/images/468095/0.jpg HTTP/2.0" 200 161080 "-" "baselinker"
51.77.52.107 - - [28/May/2025:08:41:36 +0200] "GET /Jurek/eurofirany/images/468095/0.jpg HTTP/2.0" 200 161080 "-" "baselinker"
51.77.52.107 - - [28/May/2025:08:41:41 +0200] "GET /Jurek/eurofirany/images/468095/0.jpg HTTP/2.0" 200 161080 "-" "baselinker"
51.77.52.107 - - [28/May/2025:08:41:50 +0200] "GET /Jurek/eurofirany/images/468098/0.jpg HTTP/2.0" 200 144316 "-" "baselinker"
51.77.52.107 - - [28/May/2025:08:41:57 +0200] "GET /Jurek/eurofirany/images/468098/0.jpg HTTP/2.0" 200 144316 "-" "baselinker"
46.101.116.244 - - [28/May/2025:08:42:04 +0200] "GET /Jurek/piotrmiedz/feeds/piotrmiedz_skr.xml HTTP/1.0" 200 91045029 "-" "-"
51.77.52.107 - - [28/May/2025:08:42:16 +0200] "GET /Jurek/eurofirany/images/468098/0.jpg HTTP/2.0" 200 144316 "-" "baselinker"
51.77.52.107 - - [28/May/2025:08:42:25 +0200] "GET /Jurek/eurofirany/images/468102/0.jpg HTTP/2.0" 200 132826 "-" "baselinker"
51.77.52.107 - - [28/May/2025:08:42:44 +0200] "GET /Jurek/eurofirany/images/468102/0.jpg HTTP/2.0" 200 132826 "-" "baselinker"
51.77.52.107 - - [28/May/2025:08:43:07 +0200] "GET /Jurek/eurofirany/images/468102/0.jpg HTTP/2.0" 200 132826 "-" "baselinker"
51.77.52.107 - - [28/May/2025:08:43:12 +0200] "GET /Jurek/eurofirany/images/468171/0.jpg HTTP/2.0" 200 95886 "-" "baselinker"
51.77.52.107 - - [28/May/2025:08:43:36 +0200] "GET /Jurek/eurofirany/images/468171/0.jpg HTTP/2.0" 200 95886 "-" "baselinker"
51.77.52.107 - - [28/May/2025:08:44:00 +0200] "GET /Jurek/eurofirany/images/468171/0.jpg HTTP/2.0" 200 95886 "-" "baselinker"
51.77.52.107 - - [28/May/2025:08:44:21 +0200] "GET /Jurek/eurofirany/images/468174/0.jpg HTTP/2.0" 200 95886 "-" "baselinker"
51.77.52.107 - - [28/May/2025:08:44:31 +0200] "GET /Jurek/eurofirany/images/468174/0.jpg HTTP/2.0" 200 95886 "-" "baselinker"
51.77.52.107 - - [28/May/2025:08:44:52 +0200] "GET /Jurek/eurofirany/images/468174/0.jpg HTTP/2.0" 200 95886 "-" "baselinker"
51.77.52.107 - - [28/May/2025:08:45:01 +0200] "GET /Jurek/eurofirany/images/468175/0.jpg HTTP/2.0" 200 92383 "-" "baselinker"
51.77.52.107 - - [28/May/2025:08:45:26 +0200] "GET /Jurek/eurofirany/images/468175/0.jpg HTTP/2.0" 200 92383 "-" "baselinker"
51.77.52.107 - - [28/May/2025:08:45:32 +0200] "GET /Jurek/eurofirany/images/468175/0.jpg HTTP/2.0" 200 92383 "-" "baselinker"
51.77.52.107 - - [28/May/2025:08:45:38 +0200] "GET /Jurek/eurofirany/images/468176/0.jpg HTTP/2.0" 200 92383 "-" "baselinker"
51.77.52.107 - - [28/May/2025:08:45:47 +0200] "GET /Jurek/eurofirany/images/468176/0.jpg HTTP/2.0" 200 92383 "-" "baselinker"
51.77.52.107 - - [28/May/2025:08:45:52 +0200] "GET /Jurek/eurofirany/images/468176/0.jpg HTTP/2.0" 200 92383 "-" "baselinker"
51.77.52.107 - - [28/May/2025:08:46:16 +0200] "GET /Jurek/eurofirany/images/468177/0.jpg HTTP/2.0" 200 92383 "-" "baselinker"
51.77.52.107 - - [28/May/2025:08:46:37 +0200] "GET /Jurek/eurofirany/images/468177/0.jpg HTTP/2.0" 200 92383 "-" "baselinker"
51.77.52.107 - - [28/May/2025:08:46:57 +0200] "GET /Jurek/eurofirany/images/468177/0.jpg HTTP/2.0" 200 92383 "-" "baselinker"
51.77.52.107 - - [28/May/2025:08:47:17 +0200] "GET /Jurek/eurofirany/images/468180/0.jpg HTTP/2.0" 200 86088 "-" "baselinker"
51.77.52.107 - - [28/May/2025:08:47:36 +0200] "GET /Jurek/eurofirany/images/468180/0.jpg HTTP/2.0" 200 86088 "-" "baselinker"
51.77.52.107 - - [28/May/2025:08:47:42 +0200] "GET /Jurek/eurofirany/images/468180/0.jpg HTTP/2.0" 200 86088 "-" "baselinker"
51.77.52.107 - - [28/May/2025:08:47:47 +0200] "GET /Jurek/eurofirany/images/468181/0.jpg HTTP/2.0" 200 90461 "-" "baselinker"
51.77.52.107 - - [28/May/2025:08:47:52 +0200] "GET /Jurek/eurofirany/images/468181/0.jpg HTTP/2.0" 200 90461 "-" "baselinker"
51.77.52.107 - - [28/May/2025:08:48:14 +0200] "GET /Jurek/eurofirany/images/468181/0.jpg HTTP/2.0" 200 90461 "-" "baselinker"
51.77.52.107 - - [28/May/2025:08:48:32 +0200] "GET /Jurek/eurofirany/images/468182/0.jpg HTTP/2.0" 200 90461 "-" "baselinker"
51.77.52.107 - - [28/May/2025:08:48:40 +0200] "GET /Jurek/eurofirany/images/468182/0.jpg HTTP/2.0" 200 90461 "-" "baselinker"
51.77.52.107 - - [28/May/2025:08:48:48 +0200] "GET /Jurek/eurofirany/images/468182/0.jpg HTTP/2.0" 200 90461 "-" "baselinker"
51.77.52.107 - - [28/May/2025:08:48:51 +0200] "GET /Jurek/eurofirany/images/468183/0.jpg HTTP/2.0" 200 90461 "-" "baselinker"
66.135.223.43 - - [28/May/2025:08:48:52 +0200] "GET /Jurek/topeshop/downloaded_images/5904507201883_MIJASBIURKOBRY%C5%81KAANTRACYTPRAWEBOKZM.jpg HTTP/1.1" 404 3551 "http://www.ebay.com/" "Mozilla/5.0 (Windows NT 10.0; Win64; x64) AppleWebKit/537.36 (KHTML, like Gecko) Chrome/123.0.0.0 Safari/537.36"
66.135.223.43 - - [28/May/2025:08:48:52 +0200] "GET /Jurek/topeshop/downloaded_images/5904507201883_MIJASBIURKOANTRACYTPRAWE.png HTTP/1.1" 404 3551 "http://www.ebay.com/" "Mozilla/5.0 (Windows NT 10.0; Win64; x64) AppleWebKit/537.36 (KHTML, like Gecko) Chrome/123.0.0.0 Safari/537.36"
66.135.223.44 - - [28/May/2025:08:48:52 +0200] "GET /Jurek/topeshop/downloaded_images/5904507201883_MIJASBIURKOANTRACYTPRAWE.2tif.png HTTP/1.1" 404 3551 "http://www.ebay.com/" "Mozilla/5.0 (Windows NT 10.0; Win64; x64) AppleWebKit/537.36 (KHTML, like Gecko) Chrome/123.0.0.0 Safari/537.36"
66.135.223.41 - - [28/May/2025:08:48:52 +0200] "GET /Jurek/topeshop/downloaded_images/5904507201883_MIJASBIURKOBRY%C5%81KAANTRACYTPRAWEBOKOT.jpg HTTP/1.1" 404 3551 "http://www.ebay.com/" "Mozilla/5.0 (Windows NT 10.0; Win64; x64) AppleWebKit/537.36 (KHTML, like Gecko) Chrome/123.0.0.0 Safari/537.36"
66.135.223.41 - - [28/May/2025:08:48:52 +0200] "GET /Jurek/topeshop/downloaded_images/5904507201883_MIJASBIURKOBRY%C5%81KAANTRACYTPRAWEFRONTZM.jpg HTTP/1.1" 404 3551 "http://www.ebay.com/" "Mozilla/5.0 (Windows NT 10.0; Win64; x64) AppleWebKit/537.36 (KHTML, like Gecko) Chrome/123.0.0.0 Safari/537.36"
51.77.52.107 - - [28/May/2025:08:48:56 +0200] "GET /Jurek/eurofirany/images/468183/0.jpg HTTP/2.0" 200 90461 "-" "baselinker"
51.77.52.107 - - [28/May/2025:08:49:02 +0200] "GET /Jurek/eurofirany/images/468183/0.jpg HTTP/2.0" 200 90461 "-" "baselinker"
51.77.52.107 - - [28/May/2025:08:49:08 +0200] "GET /Jurek/eurofirany/images/468184/0.jpg HTTP/2.0" 200 96121 "-" "baselinker"
51.77.52.107 - - [28/May/2025:08:49:13 +0200] "GET /Jurek/eurofirany/images/468184/0.jpg HTTP/2.0" 200 96121 "-" "baselinker"
51.77.52.107 - - [28/May/2025:08:49:32 +0200] "GET /Jurek/eurofirany/images/468184/0.jpg HTTP/2.0" 200 96121 "-" "baselinker"
51.77.52.107 - - [28/May/2025:08:49:49 +0200] "GET /Jurek/eurofirany/images/468186/0.jpg HTTP/2.0" 200 96121 "-" "baselinker"
89.161.206.59 - - [28/May/2025:08:50:43 +0200] "GET /Jurek/artdog/feeds/artdog_amazonse.xml HTTP/1.0" 200 17167040 "-" "-"
51.77.52.107 - - [28/May/2025:08:50:44 +0200] "GET /Jurek/eurofirany/images/468186/0.jpg HTTP/2.0" 200 96121 "-" "baselinker"
51.77.52.107 - - [28/May/2025:08:50:48 +0200] "GET /Jurek/eurofirany/images/468186/0.jpg HTTP/2.0" 200 96121 "-" "baselinker"
51.77.52.107 - - [28/May/2025:08:50:55 +0200] "GET /Jurek/eurofirany/images/470297/0.jpg HTTP/2.0" 200 91926 "-" "baselinker"
51.77.52.107 - - [28/May/2025:08:51:01 +0200] "GET /Jurek/eurofirany/images/470297/0.jpg HTTP/2.0" 200 91926 "-" "baselinker"
51.77.52.107 - - [28/May/2025:08:51:08 +0200] "GET /Jurek/eurofirany/images/470297/0.jpg HTTP/2.0" 200 91926 "-" "baselinker"
51.77.52.107 - - [28/May/2025:08:51:14 +0200] "GET /Jurek/eurofirany/images/470298/0.jpg HTTP/2.0" 200 91926 "-" "baselinker"
51.77.52.107 - - [28/May/2025:08:51:52 +0200] "GET /Jurek/eurofirany/images/470298/0.jpg HTTP/2.0" 200 91926 "-" "baselinker"
51.77.52.107 - - [28/May/2025:08:51:58 +0200] "GET /Jurek/eurofirany/images/470298/0.jpg HTTP/2.0" 200 91926 "-" "baselinker"
51.77.52.107 - - [28/May/2025:08:52:07 +0200] "GET /Jurek/eurofirany/images/470301/0.jpg HTTP/2.0" 200 74460 "-" "baselinker"
51.77.52.107 - - [28/May/2025:08:52:30 +0200] "GET /Jurek/eurofirany/images/470301/0.jpg HTTP/2.0" 200 74460 "-" "baselinker"
51.77.52.107 - - [28/May/2025:08:52:48 +0200] "GET /Jurek/eurofirany/images/470301/0.jpg HTTP/2.0" 200 74460 "-" "baselinker"
51.77.52.107 - - [28/May/2025:08:53:49 +0200] "GET /Jurek/eurofirany/images/470302/0.jpg HTTP/2.0" 200 74460 "-" "baselinker"
51.77.52.107 - - [28/May/2025:08:54:11 +0200] "GET /Jurek/eurofirany/images/470302/0.jpg HTTP/2.0" 200 74460 "-" "baselinker"
51.77.52.107 - - [28/May/2025:08:54:16 +0200] "GET /Jurek/eurofirany/images/470302/0.jpg HTTP/2.0" 200 74460 "-" "baselinker"
51.77.52.107 - - [28/May/2025:08:54:27 +0200] "GET /Jurek/eurofirany/images/470304/0.jpg HTTP/2.0" 200 90275 "-" "baselinker"
51.77.52.107 - - [28/May/2025:08:54:44 +0200] "GET /Jurek/eurofirany/images/470304/0.jpg HTTP/2.0" 200 90275 "-" "baselinker"
51.77.52.107 - - [28/May/2025:08:54:49 +0200] "GET /Jurek/eurofirany/images/470304/0.jpg HTTP/2.0" 200 90275 "-" "baselinker"
51.77.52.107 - - [28/May/2025:08:55:00 +0200] "GET /Jurek/eurofirany/images/470305/0.jpg HTTP/2.0" 200 90275 "-" "baselinker"
51.77.52.107 - - [28/May/2025:08:55:06 +0200] "GET /Jurek/eurofirany/images/470305/0.jpg HTTP/2.0" 200 90275 "-" "baselinker"
51.77.52.107 - - [28/May/2025:08:55:26 +0200] "GET /Jurek/eurofirany/images/470305/0.jpg HTTP/2.0" 200 90275 "-" "baselinker"
51.77.52.107 - - [28/May/2025:08:55:47 +0200] "GET /Jurek/eurofirany/images/470307/0.jpg HTTP/2.0" 200 73643 "-" "baselinker"
51.77.52.107 - - [28/May/2025:08:55:53 +0200] "GET /Jurek/eurofirany/images/470307/0.jpg HTTP/2.0" 200 73643 "-" "baselinker"
51.77.52.107 - - [28/May/2025:08:55:59 +0200] "GET /Jurek/eurofirany/images/470307/0.jpg HTTP/2.0" 200 73643 "-" "baselinker"
51.77.52.107 - - [28/May/2025:08:56:23 +0200] "GET /Jurek/eurofirany/images/470308/0.jpg HTTP/2.0" 200 73643 "-" "baselinker"
51.77.52.107 - - [28/May/2025:08:56:36 +0200] "GET /Jurek/eurofirany/images/470308/0.jpg HTTP/2.0" 200 73643 "-" "baselinker"
51.77.52.107 - - [28/May/2025:08:56:44 +0200] "GET /Jurek/eurofirany/images/470308/0.jpg HTTP/2.0" 200 73643 "-" "baselinker"
51.77.52.107 - - [28/May/2025:08:56:56 +0200] "GET /Jurek/eurofirany/images/470740/0.jpg HTTP/2.0" 200 91538 "-" "baselinker"
51.77.52.107 - - [28/May/2025:08:57:15 +0200] "GET /Jurek/eurofirany/images/470740/0.jpg HTTP/2.0" 200 91538 "-" "baselinker"
51.77.52.107 - - [28/May/2025:08:57:21 +0200] "GET /Jurek/eurofirany/images/470740/0.jpg HTTP/2.0" 200 91538 "-" "baselinker"
51.77.52.107 - - [28/May/2025:08:57:42 +0200] "GET /Jurek/eurofirany/images/470741/0.jpg HTTP/2.0" 200 91538 "-" "baselinker"
51.77.52.107 - - [28/May/2025:08:57:48 +0200] "GET /Jurek/eurofirany/images/470741/0.jpg HTTP/2.0" 200 91538 "-" "baselinker"
51.77.52.107 - - [28/May/2025:08:57:53 +0200] "GET /Jurek/eurofirany/images/470741/0.jpg HTTP/2.0" 200 91538 "-" "baselinker"
51.77.52.107 - - [28/May/2025:08:58:03 +0200] "GET /Jurek/eurofirany/images/468949/0.jpg HTTP/2.0" 200 95029 "-" "baselinker"
51.77.52.107 - - [28/May/2025:08:58:10 +0200] "GET /Jurek/eurofirany/images/468949/0.jpg HTTP/2.0" 200 95029 "-" "baselinker"
51.77.52.107 - - [28/May/2025:08:58:15 +0200] "GET /Jurek/eurofirany/images/468949/0.jpg HTTP/2.0" 200 95029 "-" "baselinker"
51.77.52.107 - - [28/May/2025:08:58:37 +0200] "GET /Jurek/eurofirany/images/468950/0.jpg HTTP/2.0" 200 95029 "-" "baselinker"
89.161.206.59 - - [28/May/2025:08:58:55 +0200] "GET /Jurek/hurtownia_przemyslowa/feeds/hp_ebayde.xml HTTP/1.0" 200 35620210 "-" "-"
51.77.52.107 - - [28/May/2025:08:58:58 +0200] "GET /Jurek/eurofirany/images/468950/0.jpg HTTP/2.0" 200 95029 "-" "baselinker"
51.77.52.107 - - [28/May/2025:08:59:05 +0200] "GET /Jurek/eurofirany/images/468950/0.jpg HTTP/2.0" 200 95029 "-" "baselinker"
51.77.52.107 - - [28/May/2025:08:59:13 +0200] "GET /Jurek/eurofirany/images/468951/0.jpg HTTP/2.0" 200 95029 "-" "baselinker"
51.77.52.107 - - [28/May/2025:08:59:20 +0200] "GET /Jurek/eurofirany/images/468951/0.jpg HTTP/2.0" 200 95029 "-" "baselinker"
216.113.184.105 - - [28/May/2025:08:59:24 +0200] "GET /Jurek/topeshop/downloaded_images/5904507200299_4-final-artisan.jpg HTTP/1.1" 200 34216 "http://www.ebay.com/" "Mozilla/5.0 (Windows NT 10.0; Win64; x64) AppleWebKit/537.36 (KHTML, like Gecko) Chrome/123.0.0.0 Safari/537.36"
216.113.184.103 - - [28/May/2025:08:59:24 +0200] "GET /Jurek/topeshop/downloaded_images/5904507200299_4.jpg HTTP/1.1" 200 27718 "http://www.ebay.com/" "Mozilla/5.0 (Windows NT 10.0; Win64; x64) AppleWebKit/537.36 (KHTML, like Gecko) Chrome/123.0.0.0 Safari/537.36"
216.113.184.105 - - [28/May/2025:08:59:24 +0200] "GET /Jurek/topeshop/downloaded_images/5904507200299_3.jpg HTTP/1.1" 200 23598 "http://www.ebay.com/" "Mozilla/5.0 (Windows NT 10.0; Win64; x64) AppleWebKit/537.36 (KHTML, like Gecko) Chrome/123.0.0.0 Safari/537.36"
216.113.184.105 - - [28/May/2025:08:59:24 +0200] "GET /Jurek/topeshop/downloaded_images/5904507200299_porawny-1-artisan.jpg HTTP/1.1" 200 21469 "http://www.ebay.com/" "Mozilla/5.0 (Windows NT 10.0; Win64; x64) AppleWebKit/537.36 (KHTML, like Gecko) Chrome/123.0.0.0 Safari/537.36"
216.113.184.101 - - [28/May/2025:08:59:24 +0200] "GET /Jurek/topeshop/downloaded_images/5904507200299_3-otwarty-artisan.jpg HTTP/1.1" 200 38910 "http://www.ebay.com/" "Mozilla/5.0 (Windows NT 10.0; Win64; x64) AppleWebKit/537.36 (KHTML, like Gecko) Chrome/123.0.0.0 Safari/537.36"
216.113.184.105 - - [28/May/2025:08:59:24 +0200] "GET /Jurek/topeshop/downloaded_images/5904507200299_SD-50artisan20008orgina%C5%82(26).png HTTP/1.1" 404 3551 "http://www.ebay.com/" "Mozilla/5.0 (Windows NT 10.0; Win64; x64) AppleWebKit/537.36 (KHTML, like Gecko) Chrome/123.0.0.0 Safari/537.36"
216.113.184.103 - - [28/May/2025:08:59:24 +0200] "GET /Jurek/topeshop/downloaded_images/5904507200299_SD-50artisan20008orgina%C5%82(27).png HTTP/1.1" 404 3551 "http://www.ebay.com/" "Mozilla/5.0 (Windows NT 10.0; Win64; x64) AppleWebKit/537.36 (KHTML, like Gecko) Chrome/123.0.0.0 Safari/537.36"
216.113.184.105 - - [28/May/2025:08:59:24 +0200] "GET /Jurek/topeshop/downloaded_images/5904507200299_SD-50artisan20008orgina%C5%82(28).png HTTP/1.1" 404 3551 "http://www.ebay.com/" "Mozilla/5.0 (Windows NT 10.0; Win64; x64) AppleWebKit/537.36 (KHTML, like Gecko) Chrome/123.0.0.0 Safari/537.36"
216.113.184.105 - - [28/May/2025:08:59:24 +0200] "GET /Jurek/topeshop/downloaded_images/5904507200299_SD-50artisan20008orgina%C5%82(25).png HTTP/1.1" 404 3551 "http://www.ebay.com/" "Mozilla/5.0 (Windows NT 10.0; Win64; x64) AppleWebKit/537.36 (KHTML, like Gecko) Chrome/123.0.0.0 Safari/537.36"
51.77.52.107 - - [28/May/2025:08:59:37 +0200] "GET /Jurek/eurofirany/images/468951/0.jpg HTTP/2.0" 200 95029 "-" "baselinker"
51.77.52.107 - - [28/May/2025:08:59:42 +0200] "GET /Jurek/eurofirany/images/468953/0.jpg HTTP/2.0" 200 92156 "-" "baselinker"
51.77.52.107 - - [28/May/2025:09:00:02 +0200] "GET /Jurek/eurofirany/images/468953/0.jpg HTTP/2.0" 200 92156 "-" "baselinker"
51.77.52.107 - - [28/May/2025:09:00:07 +0200] "GET /Jurek/eurofirany/images/468953/0.jpg HTTP/2.0" 200 92156 "-" "baselinker"
35.204.39.32 - - [28/May/2025:09:00:14 +0200] "GET /marketplaces/carrefour_fr/results/carrefour_fr.csv HTTP/1.1" 200 147219 "-" "Mirakl HttpClient"
85.14.86.141 - - [28/May/2025:09:00:18 +0200] "GET /Jurek/vida_morele/feeds/VidaPL_all.xml HTTP/2.0" 200 767434984 "-" "MarketplaceAPI curl/7.74.0 PHP/8"
51.77.52.107 - - [28/May/2025:09:00:20 +0200] "GET /Jurek/eurofirany/images/468954/0.jpg HTTP/2.0" 200 92156 "-" "baselinker"
51.77.52.107 - - [28/May/2025:09:00:40 +0200] "GET /Jurek/eurofirany/images/468954/0.jpg HTTP/2.0" 200 92156 "-" "baselinker"
52.18.22.0 - - [28/May/2025:09:00:42 +0200] "GET /marketplaces/ubaldi/results/ubaldi.csv HTTP/1.1" 200 147219 "-" "Mirakl HttpClient"
89.161.206.59 - - [28/May/2025:09:00:50 +0200] "GET /Jurek/artdog/feeds/artdog_cdsc.xml HTTP/1.0" 200 17921661 "-" "-"
89.161.206.59 - - [28/May/2025:09:00:51 +0200] "GET /Jurek/lerutrade/feeds/lerutrade_cdsc.xml HTTP/1.0" 200 53854 "-" "-"
89.161.206.59 - - [28/May/2025:09:00:51 +0200] "GET /Jurek/jakdroz/feeds/jakdroz_cdsc.xml HTTP/1.0" 200 2543039 "-" "-"
89.161.206.59 - - [28/May/2025:09:00:52 +0200] "GET /Jurek/gandalf/feeds/gandalf_cdsc.xml HTTP/1.0" 200 586347 "-" "-"
51.77.52.107 - - [28/May/2025:09:01:00 +0200] "GET /Jurek/eurofirany/images/468954/0.jpg HTTP/2.0" 200 92156 "-" "baselinker"
51.77.52.107 - - [28/May/2025:09:01:08 +0200] "GET /Jurek/eurofirany/images/468955/0.jpg HTTP/2.0" 200 92156 "-" "baselinker"
35.204.39.32 - - [28/May/2025:09:01:15 +0200] "GET /marketplaces/vente/results/vente_nl.csv HTTP/1.1" 200 147219 "-" "Mirakl HttpClient"
35.204.39.32 - - [28/May/2025:09:01:16 +0200] "GET /marketplaces/vente/results/vente_fr.csv HTTP/1.1" 200 147219 "-" "Mirakl HttpClient"
35.204.39.32 - - [28/May/2025:09:01:16 +0200] "GET /marketplaces/vente/results/vente_be.csv HTTP/1.1" 200 163603 "-" "Mirakl HttpClient"
35.204.39.32 - - [28/May/2025:09:01:16 +0200] "GET /marketplaces/vente/results/vente_it.csv HTTP/1.1" 200 147219 "-" "Mirakl HttpClient"
35.204.39.32 - - [28/May/2025:09:01:16 +0200] "GET /marketplaces/vente/results/vente_es.csv HTTP/1.1" 200 163603 "-" "Mirakl HttpClient"
35.204.39.32 - - [28/May/2025:09:01:16 +0200] "GET /marketplaces/vente/results/vente_de.csv HTTP/1.1" 200 147219 "-" "Mirakl HttpClient"
46.101.116.244 - - [28/May/2025:09:01:16 +0200] "GET /Jurek/hurtownia_przemyslowa/feeds/hp_alza.xml HTTP/2.0" 200 49379511 "-" "-"
51.77.52.107 - - [28/May/2025:09:01:31 +0200] "GET /Jurek/eurofirany/images/468955/0.jpg HTTP/2.0" 200 92156 "-" "baselinker"
46.101.116.244 - - [28/May/2025:09:01:35 +0200] "GET /Jurek/hurtownia_przemyslowa2/feeds/hp_alza.xml HTTP/2.0" 200 51095147 "-" "-"
51.77.52.107 - - [28/May/2025:09:01:38 +0200] "GET /Jurek/eurofirany/images/468955/0.jpg HTTP/2.0" 200 92156 "-" "baselinker"
51.77.52.107 - - [28/May/2025:09:01:45 +0200] "GET /Jurek/eurofirany/images/468956/0.jpg HTTP/2.0" 200 100409 "-" "baselinker"
46.101.116.244 - - [28/May/2025:09:01:49 +0200] "GET /Jurek/hurtownia_przemyslowa/feeds/hp_kaufcz.xml HTTP/2.0" 200 49380410 "-" "-"
52.17.80.36 - - [28/May/2025:09:01:56 +0200] "GET /marketplaces/rue/results/rue.csv HTTP/1.1" 200 147219 "-" "Mirakl HttpClient"
51.77.52.107 - - [28/May/2025:09:02:04 +0200] "GET /Jurek/eurofirany/images/468956/0.jpg HTTP/2.0" 200 100409 "-" "baselinker"
89.161.206.59 - - [28/May/2025:09:02:05 +0200] "GET /Jurek/activeshop/feeds/activeshop_emagro.xml HTTP/1.0" 200 10394018 "-" "-"
46.101.116.244 - - [28/May/2025:09:02:22 +0200] "GET /Jurek/hurtownia_przemyslowa/feeds/hp_kaufsk.xml HTTP/2.0" 200 49360655 "-" "-"
89.161.206.59 - - [28/May/2025:09:02:24 +0200] "GET /Jurek/slayo/feeds/slayo_skroutz.xml HTTP/1.0" 200 183610 "-" "-"
51.77.52.107 - - [28/May/2025:09:02:27 +0200] "GET /Jurek/eurofirany/images/468956/0.jpg HTTP/2.0" 200 100409 "-" "baselinker"
51.77.52.107 - - [28/May/2025:09:02:44 +0200] "GET /Jurek/eurofirany/images/468957/0.jpg HTTP/2.0" 200 100409 "-" "baselinker"
89.161.206.59 - - [28/May/2025:09:02:46 +0200] "GET /Jurek/maksik/feeds/maksik_emagro.xml HTTP/1.0" 200 4085235 "-" "-"
89.161.206.59 - - [28/May/2025:09:02:46 +0200] "GET /Jurek/playcob/feeds/playcob_emagro.xml HTTP/1.0" 200 6981061 "-" "-"
89.161.206.59 - - [28/May/2025:09:02:52 +0200] "GET /Jurek/eroplace/feeds/eroplace_skroutz.xml HTTP/1.0" 200 51200987 "-" "-"
46.101.116.244 - - [28/May/2025:09:02:52 +0200] "GET /Jurek/hurtownia_przemyslowa/feeds/hp_kaufde.xml HTTP/2.0" 200 49360086 "-" "-"
51.77.52.107 - - [28/May/2025:09:02:54 +0200] "GET /Jurek/eurofirany/images/468957/0.jpg HTTP/2.0" 200 100409 "-" "baselinker"
51.77.52.107 - - [28/May/2025:09:03:01 +0200] "GET /Jurek/eurofirany/images/468957/0.jpg HTTP/2.0" 200 100409 "-" "baselinker"
51.77.52.107 - - [28/May/2025:09:03:07 +0200] "GET /Jurek/eurofirany/images/468958/0.jpg HTTP/2.0" 200 100409 "-" "baselinker"
89.161.206.59 - - [28/May/2025:09:03:11 +0200] "GET /Jurek/hurtmeblowy/feeds/hurtmeblowy_skroutz.xml HTTP/1.0" 200 8542982 "-" "-"
51.77.52.107 - - [28/May/2025:09:03:15 +0200] "GET /Jurek/eurofirany/images/468958/0.jpg HTTP/2.0" 200 100409 "-" "baselinker"
51.77.52.107 - - [28/May/2025:09:03:32 +0200] "GET /Jurek/eurofirany/images/468958/0.jpg HTTP/2.0" 200 100409 "-" "baselinker"
51.77.52.107 - - [28/May/2025:09:03:39 +0200] "GET /Jurek/eurofirany/images/468959/0.jpg HTTP/2.0" 200 110924 "-" "baselinker"
52.209.168.113 - - [28/May/2025:09:03:43 +0200] "GET /marketplaces/carrefour/results/carrefour.csv HTTP/1.1" 200 147221 "-" "Mirakl HttpClient"
51.77.52.107 - - [28/May/2025:09:04:04 +0200] "GET /Jurek/eurofirany/images/468959/0.jpg HTTP/2.0" 200 110924 "-" "baselinker"
85.14.86.141 - - [28/May/2025:09:04:07 +0200] "GET /Jurek/kinghoff/feeds/kinghoff_morele.xml HTTP/2.0" 200 15629128 "-" "MarketplaceAPI curl/7.74.0 PHP/8"
46.101.116.244 - - [28/May/2025:09:04:08 +0200] "GET /Jurek/intsell/feeds/intsell_emagro.xml HTTP/1.0" 200 342078912 "-" "-"
89.161.206.59 - - [28/May/2025:09:04:26 +0200] "GET /Jurek/pagmil/feeds/pagmil_emaghu.xml HTTP/1.0" 200 1803749 "-" "-"
89.161.206.59 - - [28/May/2025:09:04:26 +0200] "GET /Jurek/artdog/feeds/artdog_emagro.xml HTTP/1.0" 200 17164728 "-" "-"
89.161.206.59 - - [28/May/2025:09:04:27 +0200] "GET /Jurek/carbonyway/feeds/carbonyway_emagro.xml HTTP/1.0" 200 3076316 "-" "-"
51.77.52.107 - - [28/May/2025:09:04:28 +0200] "GET /Jurek/eurofirany/images/468959/0.jpg HTTP/2.0" 200 110924 "-" "baselinker"
89.161.206.59 - - [28/May/2025:09:04:28 +0200] "GET /Jurek/b3/feeds/b3_ebayde.xml HTTP/1.0" 200 5887325 "-" "-"
51.77.52.107 - - [28/May/2025:09:04:32 +0200] "GET /Jurek/eurofirany/images/468960/0.jpg HTTP/2.0" 200 110924 "-" "baselinker"
51.77.52.107 - - [28/May/2025:09:04:49 +0200] "GET /Jurek/eurofirany/images/468960/0.jpg HTTP/2.0" 200 110924 "-" "baselinker"
216.113.184.104 - - [28/May/2025:09:05:02 +0200] "GET /Jurek/topeshop/downloaded_images/5902838467541_RIVA-SZAFKA-SONOMA1.jpg HTTP/1.1" 200 60801 "http://www.ebay.com/" "Mozilla/5.0 (Windows NT 10.0; Win64; x64) AppleWebKit/537.36 (KHTML, like Gecko) Chrome/123.0.0.0 Safari/537.36"
216.113.184.105 - - [28/May/2025:09:05:02 +0200] "GET /Jurek/topeshop/downloaded_images/5902838467541_RIVA-SZAFKA-SONOMA.jpg HTTP/1.1" 200 100179 "http://www.ebay.com/" "Mozilla/5.0 (Windows NT 10.0; Win64; x64) AppleWebKit/537.36 (KHTML, like Gecko) Chrome/123.0.0.0 Safari/537.36"
216.113.184.102 - - [28/May/2025:09:05:02 +0200] "GET /Jurek/topeshop/downloaded_images/5902838467541_Riva_wieszak-opal_Sonoma.jpg HTTP/1.1" 404 3551 "http://www.ebay.com/" "Mozilla/5.0 (Windows NT 10.0; Win64; x64) AppleWebKit/537.36 (KHTML, like Gecko) Chrome/123.0.0.0 Safari/537.36"
216.113.184.104 - - [28/May/2025:09:05:03 +0200] "GET /Jurek/topeshop/downloaded_images/5902838467541_RIVA-SZAFKA-SONOMA2.png HTTP/1.1" 200 434436 "http://www.ebay.com/" "Mozilla/5.0 (Windows NT 10.0; Win64; x64) AppleWebKit/537.36 (KHTML, like Gecko) Chrome/123.0.0.0 Safari/537.36"
51.77.52.107 - - [28/May/2025:09:05:13 +0200] "GET /Jurek/eurofirany/images/468960/0.jpg HTTP/2.0" 200 110924 "-" "baselinker"
89.161.206.59 - - [28/May/2025:09:05:18 +0200] "GET /Jurek/madrex/feeds/madrex_skroutz.xml HTTP/1.0" 200 466735 "-" "-"
51.77.52.107 - - [28/May/2025:09:05:28 +0200] "GET /Jurek/eurofirany/images/468961/0.jpg HTTP/2.0" 200 110924 "-" "baselinker"
46.101.116.244 - - [28/May/2025:09:05:30 +0200] "GET /Jurek/kamar/feeds/kamar_alza.xml HTTP/2.0" 200 25563238 "-" "-"
51.77.52.107 - - [28/May/2025:09:05:47 +0200] "GET /Jurek/eurofirany/images/468961/0.jpg HTTP/2.0" 200 110924 "-" "baselinker"
51.77.52.107 - - [28/May/2025:09:06:00 +0200] "GET /Jurek/eurofirany/images/468961/0.jpg HTTP/2.0" 200 110924 "-" "baselinker"
46.101.116.244 - - [28/May/2025:09:06:07 +0200] "GET /Jurek/tsjerzy/feeds/tsjerzy_alza.xml HTTP/2.0" 200 3901459 "-" "-"
51.77.52.107 - - [28/May/2025:09:06:23 +0200] "GET /Jurek/eurofirany/images/468962/0.jpg HTTP/2.0" 200 140263 "-" "baselinker"
46.101.116.244 - - [28/May/2025:09:06:29 +0200] "GET /Jurek/hurtmeblowy/feeds/hurtmeblowy_alza.xml HTTP/2.0" 200 8546156 "-" "-"
89.161.206.59 - - [28/May/2025:09:06:40 +0200] "GET /Jurek/snibbs/feeds/snibbs_skroutz.xml HTTP/1.0" 200 74398 "-" "-"
89.161.206.59 - - [28/May/2025:09:06:40 +0200] "GET /Jurek/coppotech/feeds/coppotech_skroutz.xml HTTP/1.0" 200 37852809 "-" "-"
46.101.116.244 - - [28/May/2025:09:06:41 +0200] "GET /Jurek/kobi/feeds/kobi_alza.xml HTTP/2.0" 200 677298 "-" "-"
51.77.52.107 - - [28/May/2025:09:06:44 +0200] "GET /Jurek/eurofirany/images/468962/0.jpg HTTP/2.0" 200 140263 "-" "baselinker"
89.161.206.59 - - [28/May/2025:09:06:51 +0200] "GET /Jurek/elavia/feeds/elavia_skroutz.xml HTTP/1.0" 200 2297059 "-" "-"
46.101.116.244 - - [28/May/2025:09:06:52 +0200] "GET /Jurek/madrex/feeds/madrex_alza.xml HTTP/2.0" 200 466766 "-" "-"
85.14.86.141 - - [28/May/2025:09:06:54 +0200] "GET /Jurek/eurofirany/feeds/eurofirany_morele.xml HTTP/2.0" 200 18720286 "-" "MarketplaceAPI curl/7.74.0 PHP/8"
89.161.206.59 - - [28/May/2025:09:06:55 +0200] "GET /Jurek/maksik/feeds/maksik_skroutz.xml HTTP/1.0" 200 4084811 "-" "-"
89.161.206.59 - - [28/May/2025:09:06:57 +0200] "GET /Jurek/globaldeli/feeds/globaldeli_skroutz.xml HTTP/1.0" 200 2590887 "-" "-"
51.77.52.107 - - [28/May/2025:09:06:59 +0200] "GET /Jurek/eurofirany/images/468962/0.jpg HTTP/2.0" 200 140263 "-" "baselinker"
89.161.206.59 - - [28/May/2025:09:07:02 +0200] "GET /Jurek/smxdesign/feeds/smxdesign_skroutz.xml HTTP/1.0" 200 1828972 "-" "-"
46.101.116.244 - - [28/May/2025:09:07:02 +0200] "GET /Jurek/matkam/feeds/matkam_alza.xml HTTP/2.0" 200 4426697 "-" "-"
89.161.206.59 - - [28/May/2025:09:07:04 +0200] "GET /Jurek/princelh/feeds/princelh_skroutz.xml HTTP/1.0" 200 133435 "-" "-"
89.161.206.59 - - [28/May/2025:09:07:05 +0200] "GET /Jurek/proparts/feeds/proparts_skroutz.xml HTTP/1.0" 200 707497 "-" "-"
89.161.206.59 - - [28/May/2025:09:07:08 +0200] "GET /Jurek/winoszarnia/feeds/winoszarnia_skroutz.xml HTTP/1.0" 200 6064791 "-" "-"
89.161.206.59 - - [28/May/2025:09:07:10 +0200] "GET /Jurek/kristronik/feeds/kristronik_skroutz.xml HTTP/1.0" 200 691991 "-" "-"
89.161.206.59 - - [28/May/2025:09:07:12 +0200] "GET /Jurek/beltimore/feeds/beltimore_skroutz.xml HTTP/1.0" 200 18651567 "-" "-"
89.161.206.59 - - [28/May/2025:09:07:13 +0200] "GET /Jurek/techrebalina/feeds/techrebalina_skroutz.xml HTTP/1.0" 200 2011191 "-" "-"
89.161.206.59 - - [28/May/2025:09:07:14 +0200] "GET /Jurek/techrebal/feeds/techrebal_skroutz.xml HTTP/1.0" 200 1969160 "-" "-"
85.14.86.141 - - [28/May/2025:09:07:18 +0200] "GET /Jurek/vivaldi/feeds/vivaldi_Morele-PL.xml HTTP/2.0" 200 344674 "-" "MarketplaceAPI curl/7.74.0 PHP/8"
89.161.206.59 - - [28/May/2025:09:07:23 +0200] "GET /Jurek/nonabox/feeds/nonabox_skroutz.xml HTTP/1.0" 200 33864 "-" "-"
89.161.206.59 - - [28/May/2025:09:07:24 +0200] "GET /Jurek/omi/feeds/omi_skroutz.xml HTTP/1.0" 200 8100728 "-" "-"
51.77.52.107 - - [28/May/2025:09:07:32 +0200] "GET /Jurek/eurofirany/images/468963/0.jpg HTTP/2.0" 200 140263 "-" "baselinker"
51.77.52.107 - - [28/May/2025:09:07:58 +0200] "GET /Jurek/eurofirany/images/468963/0.jpg HTTP/2.0" 200 140263 "-" "baselinker"
89.161.206.59 - - [28/May/2025:09:08:05 +0200] "GET /Jurek/eoptimo/feeds/eoptimo_skroutz.xml HTTP/1.0" 200 2094329 "-" "-"
89.161.206.59 - - [28/May/2025:09:08:17 +0200] "GET /Jurek/swiatecznygoliat/feeds/swiatecznygoliat_skroutz.xml HTTP/1.0" 200 6874860 "-" "-"
51.77.52.107 - - [28/May/2025:09:08:19 +0200] "GET /Jurek/eurofirany/images/468963/0.jpg HTTP/2.0" 200 140263 "-" "baselinker"
46.101.116.244 - - [28/May/2025:09:08:19 +0200] "GET /Jurek/kalama/feeds/kalama_alza.xml HTTP/2.0" 200 2662532 "-" "-"
51.77.52.107 - - [28/May/2025:09:08:25 +0200] "GET /Jurek/eurofirany/images/468964/0.jpg HTTP/2.0" 200 140263 "-" "baselinker"
46.101.116.244 - - [28/May/2025:09:08:30 +0200] "GET /Jurek/proadventure/feeds/proadventure_alza.xml HTTP/2.0" 200 10767260 "-" "-"
51.77.52.107 - - [28/May/2025:09:08:32 +0200] "GET /Jurek/eurofirany/images/468964/0.jpg HTTP/2.0" 200 140263 "-" "baselinker"
89.161.206.59 - - [28/May/2025:09:08:35 +0200] "GET /Jurek/regis/feeds/regis_skroutz.xml HTTP/1.0" 200 228467 "-" "-"
51.77.52.107 - - [28/May/2025:09:08:37 +0200] "GET /Jurek/eurofirany/images/468964/0.jpg HTTP/2.0" 200 140263 "-" "baselinker"
46.101.116.244 - - [28/May/2025:09:08:42 +0200] "GET /Jurek/awparts/feeds/awparts_alza.xml HTTP/2.0" 200 142493368 "-" "-"
51.77.52.107 - - [28/May/2025:09:08:46 +0200] "GET /Jurek/eurofirany/images/398821/0.jpg HTTP/2.0" 200 28870 "-" "baselinker"
185.6.76.18 - - [28/May/2025:09:08:59 +0200] "GET /marketplaces/skroutz/feeds/shumee.xml HTTP/1.1" 200 411707521 "-" "SkroutzBot v1.0"
51.77.52.107 - - [28/May/2025:09:09:03 +0200] "GET /Jurek/eurofirany/images/398821/0.jpg HTTP/2.0" 200 28870 "-" "baselinker"
