193.33.8.61 - - [26/May/2025:15:48:49 +0200] "GET /Jurek/fertes/feeds/fertes_zero.xml HTTP/1.1" 200 2361864 "-" "python-requests/2.31.0"
193.33.8.61 - - [26/May/2025:15:48:50 +0200] "GET /Jurek/jakdroz/feeds/jakdroz_zero.xml HTTP/1.1" 200 4089687 "-" "python-requests/2.31.0"
193.33.8.61 - - [26/May/2025:15:48:50 +0200] "GET /Jurek/lerutrade/feeds/lerutrade_zero.xml HTTP/1.1" 200 82810 "-" "python-requests/2.31.0"
193.33.8.61 - - [26/May/2025:15:48:50 +0200] "GET /Jurek/bemipol/feeds/bemipol_zero.xml HTTP/1.1" 200 423630 "-" "python-requests/2.31.0"
193.33.8.61 - - [26/May/2025:15:48:51 +0200] "GET /Jurek/makow/feeds/makow_zero.xml HTTP/1.1" 200 21206570 "-" "python-requests/2.31.0"
193.33.8.61 - - [26/May/2025:15:48:53 +0200] "GET /Jurek/ekuchcikowo/feeds/ekuchcikowo_zero.xml HTTP/1.1" 200 12471787 "-" "python-requests/2.31.0"
193.33.8.61 - - [26/May/2025:15:48:54 +0200] "GET /Jurek/pawonik/feeds/pawonik_zero.xml HTTP/1.1" 200 2138426 "-" "python-requests/2.31.0"
193.33.8.61 - - [26/May/2025:15:48:54 +0200] "GET /Jurek/zami/feeds/zami_zero.xml HTTP/1.1" 200 4473413 "-" "python-requests/2.31.0"
193.33.8.61 - - [26/May/2025:15:48:55 +0200] "GET /Jurek/proadventure/feeds/proadventure_zero.xml HTTP/1.1" 200 10764223 "-" "python-requests/2.31.0"
193.33.8.61 - - [26/May/2025:15:48:55 +0200] "GET /Jurek/luxury/feeds/luxury_zero.xml HTTP/1.1" 200 1009941 "-" "python-requests/2.31.0"
193.33.8.61 - - [26/May/2025:15:48:56 +0200] "GET /Jurek/rems/feeds/rems_zero.xml HTTP/1.1" 200 8705890 "-" "python-requests/2.31.0"
193.33.8.61 - - [26/May/2025:15:48:56 +0200] "GET /Jurek/stiv/feeds/stiv_zero.xml HTTP/1.1" 200 2056852 "-" "python-requests/2.31.0"
193.33.8.61 - - [26/May/2025:15:48:56 +0200] "GET /Jurek/mojeledy/feeds/mojeledy_zero.xml HTTP/1.1" 200 1018406 "-" "python-requests/2.31.0"
193.33.8.61 - - [26/May/2025:15:48:57 +0200] "GET /Jurek/sovapl/feeds/sovapl_zero.xml HTTP/1.1" 200 8999846 "-" "python-requests/2.31.0"
193.33.8.61 - - [26/May/2025:15:48:57 +0200] "GET /Jurek/apresto/feeds/apresto_zero.xml HTTP/1.1" 200 1327463 "-" "python-requests/2.31.0"
193.33.8.61 - - [26/May/2025:15:48:57 +0200] "GET /Jurek/missionair/feeds/missionair_zero.xml HTTP/1.1" 200 3155038 "-" "python-requests/2.31.0"
193.33.8.61 - - [26/May/2025:15:48:58 +0200] "GET /Jurek/mechdecor/feeds/mechdecor_zero.xml HTTP/1.1" 200 596161 "-" "python-requests/2.31.0"
193.33.8.61 - - [26/May/2025:15:48:58 +0200] "GET /Jurek/gigitoys/feeds/gigitoys_zero.xml HTTP/1.1" 404 3551 "-" "python-requests/2.31.0"
193.33.8.61 - - [26/May/2025:15:48:58 +0200] "GET /Jurek/gandalf/feeds/gandalf_zero.xml HTTP/1.1" 200 1082467 "-" "python-requests/2.31.0"
193.33.8.61 - - [26/May/2025:15:48:58 +0200] "GET /Jurek/riko/feeds/riko_zero.xml HTTP/1.1" 200 3785950 "-" "python-requests/2.31.0"
51.77.52.107 - - [26/May/2025:15:49:00 +0200] "GET /Jurek/eurofirany/images/465108/0.jpg HTTP/2.0" 200 37113 "-" "baselinker"
51.77.52.107 - - [26/May/2025:15:49:05 +0200] "GET /Jurek/eurofirany/images/465108/0.jpg HTTP/2.0" 200 37113 "-" "baselinker"
193.33.8.61 - - [26/May/2025:15:49:09 +0200] "GET /Jurek/piotrmiedz/feeds/piotrmiedz_zero.xml HTTP/1.1" 200 91010934 "-" "python-requests/2.31.0"
193.33.8.61 - - [26/May/2025:15:49:11 +0200] "GET /Jurek/newtechele/feeds/newtechele_zero.xml HTTP/1.1" 200 2438576 "-" "python-requests/2.31.0"
193.33.8.61 - - [26/May/2025:15:49:11 +0200] "GET /Jurek/golden/feeds/golden_zero.xml HTTP/1.1" 200 1102021 "-" "python-requests/2.31.0"
51.77.52.107 - - [26/May/2025:15:49:20 +0200] "GET /Jurek/eurofirany/images/465109/0.jpg HTTP/2.0" 200 37113 "-" "baselinker"
51.77.52.107 - - [26/May/2025:15:49:37 +0200] "GET /Jurek/eurofirany/images/465109/0.jpg HTTP/2.0" 200 37113 "-" "baselinker"
51.77.52.107 - - [26/May/2025:15:49:50 +0200] "GET /Jurek/eurofirany/images/465109/0.jpg HTTP/2.0" 200 37113 "-" "baselinker"
51.77.52.107 - - [26/May/2025:15:50:06 +0200] "GET /Jurek/eurofirany/images/465110/0.jpg HTTP/2.0" 200 37113 "-" "baselinker"
51.77.52.107 - - [26/May/2025:15:50:12 +0200] "GET /Jurek/eurofirany/images/465110/0.jpg HTTP/2.0" 200 37113 "-" "baselinker"
51.77.52.107 - - [26/May/2025:15:50:29 +0200] "GET /Jurek/eurofirany/images/465110/0.jpg HTTP/2.0" 200 37113 "-" "baselinker"
51.77.52.107 - - [26/May/2025:15:50:36 +0200] "GET /Jurek/eurofirany/images/465111/0.jpg HTTP/2.0" 200 23111 "-" "baselinker"
89.161.206.59 - - [26/May/2025:15:50:49 +0200] "GET /Jurek/mosti/feeds/mosti_emagro.xml HTTP/1.0" 200 4628129 "-" "-"
51.77.52.107 - - [26/May/2025:15:50:55 +0200] "GET /Jurek/eurofirany/images/465111/0.jpg HTTP/2.0" 200 23111 "-" "baselinker"
51.77.52.107 - - [26/May/2025:15:51:12 +0200] "GET /Jurek/eurofirany/images/465111/0.jpg HTTP/2.0" 200 23111 "-" "baselinker"
51.77.52.107 - - [26/May/2025:15:51:29 +0200] "GET /Jurek/eurofirany/images/465112/0.jpg HTTP/2.0" 200 23111 "-" "baselinker"
51.77.52.107 - - [26/May/2025:15:51:36 +0200] "GET /Jurek/eurofirany/images/465112/0.jpg HTTP/2.0" 200 23111 "-" "baselinker"
46.101.116.244 - - [26/May/2025:15:51:40 +0200] "GET /Jurek/beliani/feeds/beliani_si_mallsi.xml HTTP/2.0" 200 29760263 "-" "-"
51.77.52.107 - - [26/May/2025:15:51:40 +0200] "GET /Jurek/eurofirany/images/465112/0.jpg HTTP/2.0" 200 23111 "-" "baselinker"
51.77.52.107 - - [26/May/2025:15:51:56 +0200] "GET /Jurek/eurofirany/images/465113/0.jpg HTTP/2.0" 200 23111 "-" "baselinker"
51.77.52.107 - - [26/May/2025:15:52:10 +0200] "GET /Jurek/eurofirany/images/465113/0.jpg HTTP/2.0" 200 23111 "-" "baselinker"
51.77.52.107 - - [26/May/2025:15:52:16 +0200] "GET /Jurek/eurofirany/images/465113/0.jpg HTTP/2.0" 200 23111 "-" "baselinker"
46.101.116.244 - - [26/May/2025:15:52:27 +0200] "GET /Jurek/rovicky/feeds/rovicky_mallsi.xml HTTP/2.0" 200 14708797 "-" "-"
51.77.52.107 - - [26/May/2025:15:52:33 +0200] "GET /Jurek/eurofirany/images/465114/0.jpg HTTP/2.0" 200 23111 "-" "baselinker"
46.101.116.244 - - [26/May/2025:15:52:38 +0200] "GET /Jurek/detian/feeds/detian_mallsi.xml HTTP/2.0" 404 3551 "-" "-"
46.101.116.244 - - [26/May/2025:15:52:49 +0200] "GET /Jurek/ikonka/feeds/ikonka_mallsi.xml HTTP/2.0" 200 20739504 "-" "-"
51.77.52.107 - - [26/May/2025:15:52:50 +0200] "GET /Jurek/eurofirany/images/465114/0.jpg HTTP/2.0" 200 23111 "-" "baselinker"
46.101.116.244 - - [26/May/2025:15:53:03 +0200] "GET /Jurek/candellux/feeds/candellux_mallsi.xml HTTP/2.0" 200 465691 "-" "-"
51.77.52.107 - - [26/May/2025:15:53:05 +0200] "GET /Jurek/eurofirany/images/465114/0.jpg HTTP/2.0" 200 23111 "-" "baselinker"
51.77.52.107 - - [26/May/2025:15:53:11 +0200] "GET /Jurek/eurofirany/images/465115/0.jpg HTTP/2.0" 200 23111 "-" "baselinker"
46.101.116.244 - - [26/May/2025:15:53:13 +0200] "GET /Jurek/andex/feeds/andex_mallsl.xml HTTP/2.0" 200 1953430 "-" "-"
46.101.116.244 - - [26/May/2025:15:53:25 +0200] "GET /Jurek/chemex/feeds/chemex_mallsi.xml HTTP/2.0" 200 47809540 "-" "-"
51.77.52.107 - - [26/May/2025:15:53:27 +0200] "GET /Jurek/eurofirany/images/465115/0.jpg HTTP/2.0" 200 23111 "-" "baselinker"
46.101.116.244 - - [26/May/2025:15:53:39 +0200] "GET /Jurek/aw/feeds/awnarzedzia_mallsi.xml HTTP/2.0" 200 91086728 "-" "-"
51.77.52.107 - - [26/May/2025:15:53:46 +0200] "GET /Jurek/eurofirany/images/465115/0.jpg HTTP/2.0" 200 23111 "-" "baselinker"
51.77.52.107 - - [26/May/2025:15:54:03 +0200] "GET /Jurek/eurofirany/images/465116/0.jpg HTTP/2.0" 200 23111 "-" "baselinker"
77.79.248.229 - - [26/May/2025:15:54:10 +0200] "GET /Jurek/vidaSI/feeds/vidaSI_bigbang.xml HTTP/1.1" 200 778188113 "-" "Python-urllib/3.11"
51.77.52.107 - - [26/May/2025:15:54:23 +0200] "GET /Jurek/eurofirany/images/465116/0.jpg HTTP/2.0" 200 23111 "-" "baselinker"
51.77.52.107 - - [26/May/2025:15:54:35 +0200] "GET /Jurek/eurofirany/images/465116/0.jpg HTTP/2.0" 200 23111 "-" "baselinker"
51.77.52.107 - - [26/May/2025:15:54:53 +0200] "GET /Jurek/eurofirany/images/465117/0.jpg HTTP/2.0" 200 23111 "-" "baselinker"
51.77.52.107 - - [26/May/2025:15:55:02 +0200] "GET /Jurek/eurofirany/images/465117/0.jpg HTTP/2.0" 200 23111 "-" "baselinker"
51.77.52.107 - - [26/May/2025:15:55:21 +0200] "GET /Jurek/eurofirany/images/465117/0.jpg HTTP/2.0" 200 23111 "-" "baselinker"
46.101.116.244 - - [26/May/2025:15:55:27 +0200] "GET /Jurek/barbecook/feeds/barbecook_mallsl.xml HTTP/2.0" 200 87533 "-" "-"
51.77.52.107 - - [26/May/2025:15:55:34 +0200] "GET /Jurek/eurofirany/images/465119/0.jpg HTTP/2.0" 200 41494 "-" "baselinker"
46.101.116.244 - - [26/May/2025:15:55:38 +0200] "GET /Jurek/duka/feeds/duka_mallsl.xml HTTP/2.0" 200 57 "-" "-"
51.77.52.107 - - [26/May/2025:15:55:39 +0200] "GET /Jurek/eurofirany/images/465119/0.jpg HTTP/2.0" 200 41494 "-" "baselinker"
51.77.52.107 - - [26/May/2025:15:55:46 +0200] "GET /Jurek/eurofirany/images/465119/0.jpg HTTP/2.0" 200 41494 "-" "baselinker"
46.101.116.244 - - [26/May/2025:15:55:48 +0200] "GET /Jurek/miloohome/feeds/miloohome_mallsi.xml HTTP/2.0" 200 1421056 "-" "-"
46.101.116.244 - - [26/May/2025:15:55:59 +0200] "GET /Jurek/stema/feeds/stema_mallsl.xml HTTP/2.0" 200 894016 "-" "-"
51.77.52.107 - - [26/May/2025:15:56:08 +0200] "GET /Jurek/eurofirany/images/465120/0.jpg HTTP/2.0" 200 41494 "-" "baselinker"
46.101.116.244 - - [26/May/2025:15:56:10 +0200] "GET /Jurek/fernity/feeds/fernity_mallsl.xml HTTP/2.0" 200 4717874 "-" "-"
51.77.52.107 - - [26/May/2025:15:56:24 +0200] "GET /Jurek/eurofirany/images/465120/0.jpg HTTP/2.0" 200 41494 "-" "baselinker"
51.77.52.107 - - [26/May/2025:15:56:30 +0200] "GET /Jurek/eurofirany/images/465120/0.jpg HTTP/2.0" 200 41494 "-" "baselinker"
51.77.52.107 - - [26/May/2025:15:56:36 +0200] "GET /Jurek/eurofirany/images/465121/0.jpg HTTP/2.0" 200 41494 "-" "baselinker"
51.77.52.107 - - [26/May/2025:15:56:42 +0200] "GET /Jurek/eurofirany/images/465121/0.jpg HTTP/2.0" 200 41494 "-" "baselinker"
51.77.52.107 - - [26/May/2025:15:56:50 +0200] "GET /Jurek/eurofirany/images/465121/0.jpg HTTP/2.0" 200 41494 "-" "baselinker"
46.101.116.244 - - [26/May/2025:15:57:04 +0200] "GET /Jurek/kinghome/feeds/kinghome_mallsl.xml HTTP/2.0" 200 6336155 "-" "-"
51.77.52.107 - - [26/May/2025:15:57:05 +0200] "GET /Jurek/eurofirany/images/465122/0.jpg HTTP/2.0" 200 41494 "-" "baselinker"
51.77.52.107 - - [26/May/2025:15:57:13 +0200] "GET /Jurek/eurofirany/images/465122/0.jpg HTTP/2.0" 200 41494 "-" "baselinker"
46.101.116.244 - - [26/May/2025:15:57:15 +0200] "GET /Jurek/vivaldi/feeds/vivaldi_Mall-sl.xml HTTP/2.0" 200 344595 "-" "-"
46.101.116.244 - - [26/May/2025:15:57:26 +0200] "GET /Jurek/eurofirany/feeds/eurofirany_mall_si_shumee.xml HTTP/2.0" 200 18718704 "-" "-"
51.77.52.107 - - [26/May/2025:15:57:27 +0200] "GET /Jurek/eurofirany/images/465122/0.jpg HTTP/2.0" 200 41494 "-" "baselinker"
51.77.52.107 - - [26/May/2025:15:57:34 +0200] "GET /Jurek/eurofirany/images/465123/0.jpg HTTP/2.0" 200 41494 "-" "baselinker"
51.77.52.107 - - [26/May/2025:15:57:41 +0200] "GET /Jurek/eurofirany/images/465123/0.jpg HTTP/2.0" 200 41494 "-" "baselinker"
51.77.52.107 - - [26/May/2025:15:57:45 +0200] "GET /Jurek/eurofirany/images/465123/0.jpg HTTP/2.0" 200 41494 "-" "baselinker"
51.77.52.107 - - [26/May/2025:15:58:03 +0200] "GET /Jurek/eurofirany/images/465124/0.jpg HTTP/2.0" 200 41494 "-" "baselinker"
51.77.52.107 - - [26/May/2025:15:58:19 +0200] "GET /Jurek/eurofirany/images/465124/0.jpg HTTP/2.0" 200 41494 "-" "baselinker"
51.77.52.107 - - [26/May/2025:15:58:38 +0200] "GET /Jurek/eurofirany/images/465124/0.jpg HTTP/2.0" 200 41494 "-" "baselinker"
51.77.52.107 - - [26/May/2025:15:58:46 +0200] "GET /Jurek/eurofirany/images/465125/0.jpg HTTP/2.0" 200 41494 "-" "baselinker"
51.77.52.107 - - [26/May/2025:15:59:06 +0200] "GET /Jurek/eurofirany/images/465125/0.jpg HTTP/2.0" 200 41494 "-" "baselinker"
51.77.52.107 - - [26/May/2025:15:59:12 +0200] "GET /Jurek/eurofirany/images/465125/0.jpg HTTP/2.0" 200 41494 "-" "baselinker"
51.77.52.107 - - [26/May/2025:15:59:18 +0200] "GET /Jurek/eurofirany/images/465126/0.jpg HTTP/2.0" 200 38633 "-" "baselinker"
51.77.52.107 - - [26/May/2025:15:59:33 +0200] "GET /Jurek/eurofirany/images/465126/0.jpg HTTP/2.0" 200 38633 "-" "baselinker"
51.77.52.107 - - [26/May/2025:15:59:47 +0200] "GET /Jurek/eurofirany/images/465126/0.jpg HTTP/2.0" 200 38633 "-" "baselinker"
51.77.52.107 - - [26/May/2025:15:59:53 +0200] "GET /Jurek/eurofirany/images/465127/0.jpg HTTP/2.0" 200 38633 "-" "baselinker"
51.77.52.107 - - [26/May/2025:15:59:59 +0200] "GET /Jurek/eurofirany/images/465127/0.jpg HTTP/2.0" 200 38633 "-" "baselinker"
51.77.52.107 - - [26/May/2025:16:00:08 +0200] "GET /Jurek/eurofirany/images/465127/0.jpg HTTP/2.0" 200 38633 "-" "baselinker"
85.14.86.141 - - [26/May/2025:16:00:12 +0200] "GET /Jurek/vida_morele/feeds/VidaPL_all.xml HTTP/2.0" 200 867288649 "-" "MarketplaceAPI curl/7.74.0 PHP/8"
35.204.39.32 - - [26/May/2025:16:00:12 +0200] "GET /marketplaces/carrefour_fr/results/carrefour_fr.csv HTTP/1.1" 200 147219 "-" "Mirakl HttpClient"
51.77.52.107 - - [26/May/2025:16:00:24 +0200] "GET /Jurek/eurofirany/images/465128/0.jpg HTTP/2.0" 200 38633 "-" "baselinker"
51.77.52.107 - - [26/May/2025:16:00:29 +0200] "GET /Jurek/eurofirany/images/465128/0.jpg HTTP/2.0" 200 38633 "-" "baselinker"
51.77.52.107 - - [26/May/2025:16:00:36 +0200] "GET /Jurek/eurofirany/images/465128/0.jpg HTTP/2.0" 200 38633 "-" "baselinker"
52.18.22.0 - - [26/May/2025:16:00:45 +0200] "GET /marketplaces/ubaldi/results/ubaldi.csv HTTP/1.1" 200 3563479 "-" "Mirakl HttpClient"
51.77.52.107 - - [26/May/2025:16:00:50 +0200] "GET /Jurek/eurofirany/images/465129/0.jpg HTTP/2.0" 200 38633 "-" "baselinker"
89.161.206.59 - - [26/May/2025:16:00:51 +0200] "GET /Jurek/playcob/feeds/playcob_amazonde.xml HTTP/1.0" 200 6980100 "-" "-"
216.113.184.101 - - [26/May/2025:16:00:58 +0200] "GET /Jurek/topeshop/downloaded_images/5902838464359_KUBABIURKOBIEL_.png HTTP/1.1" 404 3551 "http://www.ebay.com/" "Mozilla/5.0 (Windows NT 10.0; Win64; x64) AppleWebKit/537.36 (KHTML, like Gecko) Chrome/123.0.0.0 Safari/537.36"
216.113.184.104 - - [26/May/2025:16:00:58 +0200] "GET /Jurek/topeshop/downloaded_images/5902838464359_KUBABIURKOBRY%C5%81KABIELFRONTZM.jpg HTTP/1.1" 404 3551 "http://www.ebay.com/" "Mozilla/5.0 (Windows NT 10.0; Win64; x64) AppleWebKit/537.36 (KHTML, like Gecko) Chrome/123.0.0.0 Safari/537.36"
216.113.184.104 - - [26/May/2025:16:00:58 +0200] "GET /Jurek/topeshop/downloaded_images/5902838464359_KUBABIURKOBIEL2.png HTTP/1.1" 404 3551 "http://www.ebay.com/" "Mozilla/5.0 (Windows NT 10.0; Win64; x64) AppleWebKit/537.36 (KHTML, like Gecko) Chrome/123.0.0.0 Safari/537.36"
216.113.184.101 - - [26/May/2025:16:00:58 +0200] "GET /Jurek/topeshop/downloaded_images/5902838464359_KUBABIURKOBIEL2OT.png HTTP/1.1" 404 3551 "http://www.ebay.com/" "Mozilla/5.0 (Windows NT 10.0; Win64; x64) AppleWebKit/537.36 (KHTML, like Gecko) Chrome/123.0.0.0 Safari/537.36"
216.113.184.104 - - [26/May/2025:16:00:58 +0200] "GET /Jurek/topeshop/downloaded_images/5902838464359_KUBABIURKOBRY%C5%81KABIELBOKZM.jpg HTTP/1.1" 404 3551 "http://www.ebay.com/" "Mozilla/5.0 (Windows NT 10.0; Win64; x64) AppleWebKit/537.36 (KHTML, like Gecko) Chrome/123.0.0.0 Safari/537.36"
216.113.184.101 - - [26/May/2025:16:00:58 +0200] "GET /Jurek/topeshop/downloaded_images/5902838464359_KUBABIURKOBRY%C5%81KABIELBOKOT.jpg HTTP/1.1" 404 3551 "http://www.ebay.com/" "Mozilla/5.0 (Windows NT 10.0; Win64; x64) AppleWebKit/537.36 (KHTML, like Gecko) Chrome/123.0.0.0 Safari/537.36"
216.113.184.101 - - [26/May/2025:16:00:58 +0200] "GET /Jurek/topeshop/downloaded_images/5902838464359_KUBABIURKOBRY%C5%81KABIELFRONTOT.jpg HTTP/1.1" 404 3551 "http://www.ebay.com/" "Mozilla/5.0 (Windows NT 10.0; Win64; x64) AppleWebKit/537.36 (KHTML, like Gecko) Chrome/123.0.0.0 Safari/537.36"
35.204.39.32 - - [26/May/2025:16:01:22 +0200] "GET /marketplaces/vente/results/vente_nl.csv HTTP/1.1" 200 2289696 "-" "Mirakl HttpClient"
35.204.39.32 - - [26/May/2025:16:01:22 +0200] "GET /marketplaces/vente/results/vente_fr.csv HTTP/1.1" 200 2457507 "-" "Mirakl HttpClient"
35.204.39.32 - - [26/May/2025:16:01:23 +0200] "GET /marketplaces/vente/results/vente_be.csv HTTP/1.1" 200 2289531 "-" "Mirakl HttpClient"
35.204.39.32 - - [26/May/2025:16:01:24 +0200] "GET /marketplaces/vente/results/vente_it.csv HTTP/1.1" 200 2322138 "-" "Mirakl HttpClient"
35.204.39.32 - - [26/May/2025:16:01:25 +0200] "GET /marketplaces/vente/results/vente_es.csv HTTP/1.1" 200 2289100 "-" "Mirakl HttpClient"
35.204.39.32 - - [26/May/2025:16:01:25 +0200] "GET /marketplaces/vente/results/vente_de.csv HTTP/1.1" 200 2288946 "-" "Mirakl HttpClient"
89.161.206.59 - - [26/May/2025:16:01:37 +0200] "GET /Jurek/galopibhp/feeds/galopibhp_skroutz.xml HTTP/1.0" 200 1852230 "-" "-"
89.161.206.59 - - [26/May/2025:16:01:44 +0200] "GET /Jurek/artdog/feeds/artdog_amazonse.xml HTTP/1.0" 200 17167040 "-" "-"
51.77.52.107 - - [26/May/2025:16:01:51 +0200] "GET /Jurek/eurofirany/images/465129/0.jpg HTTP/2.0" 200 38633 "-" "baselinker"
51.77.52.107 - - [26/May/2025:16:01:56 +0200] "GET /Jurek/eurofirany/images/465129/0.jpg HTTP/2.0" 200 38633 "-" "baselinker"
52.17.80.36 - - [26/May/2025:16:02:14 +0200] "GET /marketplaces/rue/results/rue.csv HTTP/1.1" 200 7584522 "-" "Mirakl HttpClient"
51.77.52.107 - - [26/May/2025:16:02:57 +0200] "GET /Jurek/eurofirany/images/465130/0.jpg HTTP/2.0" 200 38633 "-" "baselinker"
89.161.206.59 - - [26/May/2025:16:03:00 +0200] "GET /Jurek/purewear/feeds/purewear_skroutz.xml HTTP/1.0" 200 13350979 "-" "-"
52.209.168.113 - - [26/May/2025:16:03:03 +0200] "GET /marketplaces/carrefour/results/carrefour.csv HTTP/1.1" 200 147221 "-" "Mirakl HttpClient"
51.77.52.107 - - [26/May/2025:16:03:18 +0200] "GET /Jurek/eurofirany/images/465130/0.jpg HTTP/2.0" 200 38633 "-" "baselinker"
51.77.52.107 - - [26/May/2025:16:03:26 +0200] "GET /Jurek/eurofirany/images/465130/0.jpg HTTP/2.0" 200 38633 "-" "baselinker"
51.77.52.107 - - [26/May/2025:16:03:32 +0200] "GET /Jurek/eurofirany/images/465131/0.jpg HTTP/2.0" 200 38633 "-" "baselinker"
51.77.52.107 - - [26/May/2025:16:03:40 +0200] "GET /Jurek/eurofirany/images/465131/0.jpg HTTP/2.0" 200 38633 "-" "baselinker"
51.77.52.107 - - [26/May/2025:16:03:55 +0200] "GET /Jurek/eurofirany/images/465131/0.jpg HTTP/2.0" 200 38633 "-" "baselinker"
66.249.70.36 - - [26/May/2025:16:03:56 +0200] "GET /Jurek/topeshop/downloaded_images/5902838466209_KUBABIURKOBRY%C5%81KASONOMABOKZM.jpg HTTP/1.1" 404 3551 "-" "Googlebot-Image/1.0"
85.14.86.141 - - [26/May/2025:16:04:30 +0200] "GET /Jurek/kinghoff/feeds/kinghoff_morele.xml HTTP/2.0" 200 15662312 "-" "MarketplaceAPI curl/7.74.0 PHP/8"
51.77.52.107 - - [26/May/2025:16:04:56 +0200] "GET /Jurek/eurofirany/images/465132/0.jpg HTTP/2.0" 200 38633 "-" "baselinker"
51.77.52.107 - - [26/May/2025:16:05:02 +0200] "GET /Jurek/eurofirany/images/465132/0.jpg HTTP/2.0" 200 38633 "-" "baselinker"
89.161.206.59 - - [26/May/2025:16:05:06 +0200] "GET /Jurek/swiatecznygoliat/feeds/swiatecznygoliat_emagro.xml HTTP/1.0" 200 7051388 "-" "-"
46.101.116.244 - - [26/May/2025:16:05:12 +0200] "GET /Jurek/unimet/feeds/unimet_mallsi.xml HTTP/2.0" 200 61150236 "-" "-"
51.77.52.107 - - [26/May/2025:16:05:17 +0200] "GET /Jurek/eurofirany/images/465132/0.jpg HTTP/2.0" 200 38633 "-" "baselinker"
51.77.52.107 - - [26/May/2025:16:05:23 +0200] "GET /Jurek/eurofirany/images/465134/0.jpg HTTP/2.0" 200 37780 "-" "baselinker"
51.77.52.107 - - [26/May/2025:16:05:44 +0200] "GET /Jurek/eurofirany/images/465134/0.jpg HTTP/2.0" 200 37780 "-" "baselinker"
51.77.52.107 - - [26/May/2025:16:05:52 +0200] "GET /Jurek/eurofirany/images/465134/0.jpg HTTP/2.0" 200 37780 "-" "baselinker"
51.77.52.107 - - [26/May/2025:16:05:59 +0200] "GET /Jurek/eurofirany/images/465135/0.jpg HTTP/2.0" 200 37780 "-" "baselinker"
51.77.52.107 - - [26/May/2025:16:06:25 +0200] "GET /Jurek/eurofirany/images/465135/0.jpg HTTP/2.0" 200 37780 "-" "baselinker"
89.161.206.59 - - [26/May/2025:16:07:19 +0200] "GET /Jurek/bass_new/feeds/bass_ebayde.xml HTTP/1.0" 200 4806527 "-" "-"
51.77.52.107 - - [26/May/2025:16:07:25 +0200] "GET /Jurek/eurofirany/images/465135/0.jpg HTTP/2.0" 200 37780 "-" "baselinker"
85.14.86.141 - - [26/May/2025:16:07:38 +0200] "GET /Jurek/eurofirany/feeds/eurofirany_morele.xml HTTP/2.0" 200 18720286 "-" "MarketplaceAPI curl/7.74.0 PHP/8"
51.77.52.107 - - [26/May/2025:16:07:39 +0200] "GET /Jurek/eurofirany/images/465136/0.jpg HTTP/2.0" 200 37780 "-" "baselinker"
51.77.52.107 - - [26/May/2025:16:07:59 +0200] "GET /Jurek/eurofirany/images/465136/0.jpg HTTP/2.0" 200 37780 "-" "baselinker"
85.14.86.141 - - [26/May/2025:16:07:59 +0200] "GET /Jurek/vivaldi/feeds/vivaldi_Morele-PL.xml HTTP/2.0" 200 344674 "-" "MarketplaceAPI curl/7.74.0 PHP/8"
51.77.52.107 - - [26/May/2025:16:08:10 +0200] "GET /Jurek/eurofirany/images/465136/0.jpg HTTP/2.0" 200 37780 "-" "baselinker"
51.77.52.107 - - [26/May/2025:16:08:21 +0200] "GET /Jurek/eurofirany/images/465137/0.jpg HTTP/2.0" 200 37780 "-" "baselinker"
51.77.52.107 - - [26/May/2025:16:08:45 +0200] "GET /Jurek/eurofirany/images/465137/0.jpg HTTP/2.0" 200 37780 "-" "baselinker"
51.77.52.107 - - [26/May/2025:16:08:52 +0200] "GET /Jurek/eurofirany/images/465137/0.jpg HTTP/2.0" 200 37780 "-" "baselinker"
193.33.8.61 - - [26/May/2025:16:09:10 +0200] "GET /Filip HTTP/2.0" 301 247 "-" "Mozilla/5.0 (Macintosh; Intel Mac OS X 10_15_7) AppleWebKit/537.36 (KHTML, like Gecko) Chrome/136.0.0.0 Safari/537.36"
193.33.8.61 - - [26/May/2025:16:09:10 +0200] "GET /Filip/ HTTP/2.0" 200 3144 "-" "Mozilla/5.0 (Macintosh; Intel Mac OS X 10_15_7) AppleWebKit/537.36 (KHTML, like Gecko) Chrome/136.0.0.0 Safari/537.36"
193.33.8.61 - - [26/May/2025:16:09:10 +0200] "GET /favicon.ico HTTP/2.0" 404 3551 "https://dkkapusta1997.usermd.net/Filip/" "Mozilla/5.0 (Macintosh; Intel Mac OS X 10_15_7) AppleWebKit/537.36 (KHTML, like Gecko) Chrome/136.0.0.0 Safari/537.36"
51.77.52.107 - - [26/May/2025:16:09:15 +0200] "GET /Jurek/eurofirany/images/465138/0.jpg HTTP/2.0" 200 37780 "-" "baselinker"
193.33.8.61 - - [26/May/2025:16:09:20 +0200] "GET /Filip/janshop_orders HTTP/2.0" 401 3550 "-" "Mozilla/5.0 (Macintosh; Intel Mac OS X 10_15_7) AppleWebKit/537.36 (KHTML, like Gecko) Chrome/136.0.0.0 Safari/537.36"
193.33.8.61 - maria [26/May/2025:16:09:21 +0200] "GET /Filip/janshop_orders HTTP/2.0" 301 262 "-" "Mozilla/5.0 (Macintosh; Intel Mac OS X 10_15_7) AppleWebKit/537.36 (KHTML, like Gecko) Chrome/136.0.0.0 Safari/537.36"
193.33.8.61 - maria [26/May/2025:16:09:21 +0200] "GET /Filip/janshop_orders/ HTTP/2.0" 200 1395 "-" "Mozilla/5.0 (Macintosh; Intel Mac OS X 10_15_7) AppleWebKit/537.36 (KHTML, like Gecko) Chrome/136.0.0.0 Safari/537.36"
185.6.76.18 - - [26/May/2025:16:09:21 +0200] "GET /marketplaces/skroutz/feeds/shumee.xml HTTP/1.1" 200 411807880 "-" "SkroutzBot v1.0"
193.33.8.61 - maria [26/May/2025:16:09:24 +0200] "GET /Filip/janshop_orders/exports/ HTTP/2.0" 200 36787 "https://dkkapusta1997.usermd.net/Filip/janshop_orders/" "Mozilla/5.0 (Macintosh; Intel Mac OS X 10_15_7) AppleWebKit/537.36 (KHTML, like Gecko) Chrome/136.0.0.0 Safari/537.36"
51.77.52.107 - - [26/May/2025:16:09:28 +0200] "GET /Jurek/eurofirany/images/465138/0.jpg HTTP/2.0" 200 37780 "-" "baselinker"
46.101.116.244 - - [26/May/2025:16:09:28 +0200] "GET /Jurek/vidaSI/feeds/vidaSI_mall.xml HTTP/2.0" 200 778216876 "-" "-"
85.14.86.141 - - [26/May/2025:16:09:29 +0200] "GET /Jurek/vida_morele/feeds/VidaPL_morele.xml HTTP/2.0" 200 867290084 "-" "MarketplaceAPI curl/7.74.0 PHP/8"
51.77.52.107 - - [26/May/2025:16:09:35 +0200] "GET /Jurek/eurofirany/images/465138/0.jpg HTTP/2.0" 200 37780 "-" "baselinker"
51.77.52.107 - - [26/May/2025:16:09:40 +0200] "GET /Jurek/eurofirany/images/465139/0.jpg HTTP/2.0" 200 37780 "-" "baselinker"
85.14.86.141 - - [26/May/2025:16:09:42 +0200] "GET /Jurek/aw/feeds/awnarzedzia_morele.xml HTTP/2.0" 200 91097992 "-" "MarketplaceAPI curl/7.74.0 PHP/8"
51.77.52.107 - - [26/May/2025:16:09:47 +0200] "GET /Jurek/eurofirany/images/465139/0.jpg HTTP/2.0" 200 37780 "-" "baselinker"
51.77.52.107 - - [26/May/2025:16:09:52 +0200] "GET /Jurek/eurofirany/images/465139/0.jpg HTTP/2.0" 200 37780 "-" "baselinker"
51.77.52.107 - - [26/May/2025:16:10:09 +0200] "GET /Jurek/eurofirany/images/325011/0.jpg HTTP/2.0" 200 150451 "-" "baselinker"
51.77.52.107 - - [26/May/2025:16:10:18 +0200] "GET /Jurek/eurofirany/images/325011/0.jpg HTTP/2.0" 200 150451 "-" "baselinker"
51.77.52.107 - - [26/May/2025:16:10:25 +0200] "GET /Jurek/eurofirany/images/325011/0.jpg HTTP/2.0" 200 150451 "-" "baselinker"
51.77.52.107 - - [26/May/2025:16:10:30 +0200] "GET /Jurek/eurofirany/images/325014/0.jpg HTTP/2.0" 200 164854 "-" "baselinker"
85.14.86.141 - - [26/May/2025:16:10:38 +0200] "GET /Jurek/beliani/feeds/beliani_morele.xml HTTP/2.0" 200 29791798 "-" "MarketplaceAPI curl/7.74.0 PHP/8"
51.77.52.107 - - [26/May/2025:16:10:39 +0200] "GET /Jurek/eurofirany/images/325014/0.jpg HTTP/2.0" 200 164854 "-" "baselinker"
51.77.52.107 - - [26/May/2025:16:10:47 +0200] "GET /Jurek/eurofirany/images/325014/0.jpg HTTP/2.0" 200 164854 "-" "baselinker"
89.161.206.59 - - [26/May/2025:16:10:51 +0200] "GET /Jurek/mechdecor/feeds/mechdecor_skr.xml HTTP/1.0" 200 596178 "-" "-"
89.161.206.59 - - [26/May/2025:16:10:52 +0200] "GET /Jurek/apresto/feeds/apresto_skr.xml HTTP/1.0" 200 1316760 "-" "-"
89.161.206.59 - - [26/May/2025:16:10:54 +0200] "GET /Jurek/mojeledy/feeds/mojeledy_skr.xml HTTP/1.0" 200 1015547 "-" "-"
89.161.206.59 - - [26/May/2025:16:10:55 +0200] "GET /Jurek/sovapl/feeds/sovapl_skr.xml HTTP/1.0" 200 8999446 "-" "-"
89.161.206.59 - - [26/May/2025:16:10:56 +0200] "GET /Jurek/fertes/feeds/fertes_skr.xml HTTP/1.0" 200 2361857 "-" "-"
89.161.206.59 - - [26/May/2025:16:10:57 +0200] "GET /Jurek/kamar/feeds/kamar_skr.xml HTTP/1.0" 200 25549999 "-" "-"
51.77.52.107 - - [26/May/2025:16:11:05 +0200] "GET /Jurek/eurofirany/images/325018/0.jpg HTTP/2.0" 200 150596 "-" "baselinker"
51.77.52.107 - - [26/May/2025:16:11:23 +0200] "GET /Jurek/eurofirany/images/325018/0.jpg HTTP/2.0" 200 150596 "-" "baselinker"
51.77.52.107 - - [26/May/2025:16:11:30 +0200] "GET /Jurek/eurofirany/images/325018/0.jpg HTTP/2.0" 200 150596 "-" "baselinker"
51.77.52.107 - - [26/May/2025:16:11:33 +0200] "GET /Jurek/eurofirany/images/325020/0.jpg HTTP/2.0" 200 135786 "-" "baselinker"
51.77.52.107 - - [26/May/2025:16:12:01 +0200] "GET /Jurek/eurofirany/images/325020/0.jpg HTTP/2.0" 200 135786 "-" "baselinker"
51.77.52.107 - - [26/May/2025:16:12:24 +0200] "GET /Jurek/eurofirany/images/325020/0.jpg HTTP/2.0" 200 135786 "-" "baselinker"
51.77.52.107 - - [26/May/2025:16:12:36 +0200] "GET /Jurek/eurofirany/images/349423/0.jpg HTTP/2.0" 200 164854 "-" "baselinker"
51.77.52.107 - - [26/May/2025:16:12:54 +0200] "GET /Jurek/eurofirany/images/349423/0.jpg HTTP/2.0" 200 164854 "-" "baselinker"
51.77.52.107 - - [26/May/2025:16:12:59 +0200] "GET /Jurek/eurofirany/images/349423/0.jpg HTTP/2.0" 200 164854 "-" "baselinker"
51.77.52.107 - - [26/May/2025:16:13:02 +0200] "GET /Jurek/eurofirany/images/349455/0.jpg HTTP/2.0" 200 164808 "-" "baselinker"
51.77.52.107 - - [26/May/2025:16:13:24 +0200] "GET /Jurek/eurofirany/images/349455/0.jpg HTTP/2.0" 200 164808 "-" "baselinker"
51.77.52.107 - - [26/May/2025:16:13:49 +0200] "GET /Jurek/eurofirany/images/349455/0.jpg HTTP/2.0" 200 164808 "-" "baselinker"
51.77.52.107 - - [26/May/2025:16:14:10 +0200] "GET /Jurek/eurofirany/images/349462/0.jpg HTTP/2.0" 200 150596 "-" "baselinker"
51.77.52.107 - - [26/May/2025:16:14:51 +0200] "GET /Jurek/eurofirany/images/349462/0.jpg HTTP/2.0" 200 150596 "-" "baselinker"
51.77.52.107 - - [26/May/2025:16:15:11 +0200] "GET /Jurek/eurofirany/images/349462/0.jpg HTTP/2.0" 200 150596 "-" "baselinker"
51.77.52.107 - - [26/May/2025:16:15:17 +0200] "GET /Jurek/eurofirany/images/349465/0.jpg HTTP/2.0" 200 135786 "-" "baselinker"
193.33.8.61 - maria [26/May/2025:16:15:35 +0200] "GET /Filip/janshop_orders/exports/ HTTP/2.0" 200 66047 "https://dkkapusta1997.usermd.net/Filip/janshop_orders/" "Mozilla/5.0 (Macintosh; Intel Mac OS X 10_15_7) AppleWebKit/537.36 (KHTML, like Gecko) Chrome/136.0.0.0 Safari/537.36"
51.77.52.107 - - [26/May/2025:16:15:38 +0200] "GET /Jurek/eurofirany/images/349465/0.jpg HTTP/2.0" 200 135786 "-" "baselinker"
193.33.8.61 - maria [26/May/2025:16:15:41 +0200] "POST /Filip/janshop_orders/exports/ HTTP/2.0" 200 66054 "https://dkkapusta1997.usermd.net/Filip/janshop_orders/exports/" "Mozilla/5.0 (Macintosh; Intel Mac OS X 10_15_7) AppleWebKit/537.36 (KHTML, like Gecko) Chrome/136.0.0.0 Safari/537.36"
51.77.52.107 - - [26/May/2025:16:15:42 +0200] "GET /Jurek/eurofirany/images/349465/0.jpg HTTP/2.0" 200 135786 "-" "baselinker"
193.33.8.61 - maria [26/May/2025:16:15:45 +0200] "POST /Filip/janshop_orders/exports/ HTTP/2.0" 499 0 "https://dkkapusta1997.usermd.net/Filip/janshop_orders/exports/" "Mozilla/5.0 (Macintosh; Intel Mac OS X 10_15_7) AppleWebKit/537.36 (KHTML, like Gecko) Chrome/136.0.0.0 Safari/537.36"
193.33.8.61 - maria [26/May/2025:16:15:47 +0200] "POST /Filip/janshop_orders/exports/ HTTP/2.0" 200 66068 "https://dkkapusta1997.usermd.net/Filip/janshop_orders/exports/" "Mozilla/5.0 (Macintosh; Intel Mac OS X 10_15_7) AppleWebKit/537.36 (KHTML, like Gecko) Chrome/136.0.0.0 Safari/537.36"
51.77.52.107 - - [26/May/2025:16:15:51 +0200] "GET /Jurek/eurofirany/images/349469/0.jpg HTTP/2.0" 200 152870 "-" "baselinker"
193.33.8.61 - - [26/May/2025:16:15:55 +0200] "GET /Filip/janshop_orders/exports/ HTTP/2.0" 401 3550 "-" "Mozilla/5.0 (Macintosh; Intel Mac OS X 10_15_7) AppleWebKit/537.36 (KHTML, like Gecko) Chrome/136.0.0.0 Safari/537.36"
193.33.8.61 - maria [26/May/2025:16:15:57 +0200] "GET /Filip/janshop_orders/exports/ HTTP/2.0" 200 66068 "-" "Mozilla/5.0 (Macintosh; Intel Mac OS X 10_15_7) AppleWebKit/537.36 (KHTML, like Gecko) Chrome/136.0.0.0 Safari/537.36"
193.33.8.61 - maria [26/May/2025:16:16:03 +0200] "POST /Filip/janshop_orders/exports/ HTTP/2.0" 200 66061 "https://dkkapusta1997.usermd.net/Filip/janshop_orders/exports/" "Mozilla/5.0 (Macintosh; Intel Mac OS X 10_15_7) AppleWebKit/537.36 (KHTML, like Gecko) Chrome/136.0.0.0 Safari/537.36"
193.33.8.61 - maria [26/May/2025:16:16:09 +0200] "POST /Filip/janshop_orders/exports/ HTTP/2.0" 200 66054 "https://dkkapusta1997.usermd.net/Filip/janshop_orders/exports/" "Mozilla/5.0 (Macintosh; Intel Mac OS X 10_15_7) AppleWebKit/537.36 (KHTML, like Gecko) Chrome/136.0.0.0 Safari/537.36"
193.33.8.61 - maria [26/May/2025:16:16:10 +0200] "POST /Filip/janshop_orders/exports/ HTTP/2.0" 200 66068 "https://dkkapusta1997.usermd.net/Filip/janshop_orders/exports/" "Mozilla/5.0 (Macintosh; Intel Mac OS X 10_15_7) AppleWebKit/537.36 (KHTML, like Gecko) Chrome/136.0.0.0 Safari/537.36"
51.77.52.107 - - [26/May/2025:16:16:13 +0200] "GET /Jurek/eurofirany/images/349469/0.jpg HTTP/2.0" 200 152870 "-" "baselinker"
193.33.8.61 - maria [26/May/2025:16:16:15 +0200] "GET /Filip/janshop_orders/exports/ HTTP/2.0" 200 66068 "-" "Mozilla/5.0 (Macintosh; Intel Mac OS X 10_15_7) AppleWebKit/537.36 (KHTML, like Gecko) Chrome/136.0.0.0 Safari/537.36"
51.77.52.107 - - [26/May/2025:16:16:19 +0200] "GET /Jurek/eurofirany/images/349469/0.jpg HTTP/2.0" 200 152870 "-" "baselinker"
193.33.8.61 - maria [26/May/2025:16:16:22 +0200] "GET /Filip/janshop_orders/exports/ HTTP/2.0" 200 66068 "-" "Mozilla/5.0 (Macintosh; Intel Mac OS X 10_15_7) AppleWebKit/537.36 (KHTML, like Gecko) Chrome/136.0.0.0 Safari/537.36"
193.33.8.61 - maria [26/May/2025:16:16:27 +0200] "POST /Filip/janshop_orders/exports/ HTTP/2.0" 499 0 "https://dkkapusta1997.usermd.net/Filip/janshop_orders/exports/" "Mozilla/5.0 (Macintosh; Intel Mac OS X 10_15_7) AppleWebKit/537.36 (KHTML, like Gecko) Chrome/136.0.0.0 Safari/537.36"
193.33.8.61 - maria [26/May/2025:16:16:28 +0200] "POST /Filip/janshop_orders/exports/ HTTP/2.0" 499 0 "https://dkkapusta1997.usermd.net/Filip/janshop_orders/exports/" "Mozilla/5.0 (Macintosh; Intel Mac OS X 10_15_7) AppleWebKit/537.36 (KHTML, like Gecko) Chrome/136.0.0.0 Safari/537.36"
193.33.8.61 - maria [26/May/2025:16:16:28 +0200] "POST /Filip/janshop_orders/exports/ HTTP/2.0" 200 66047 "https://dkkapusta1997.usermd.net/Filip/janshop_orders/exports/" "Mozilla/5.0 (Macintosh; Intel Mac OS X 10_15_7) AppleWebKit/537.36 (KHTML, like Gecko) Chrome/136.0.0.0 Safari/537.36"
51.77.52.107 - - [26/May/2025:16:16:28 +0200] "GET /Jurek/eurofirany/images/349470/0.jpg HTTP/2.0" 200 152870 "-" "baselinker"
193.33.8.61 - maria [26/May/2025:16:16:34 +0200] "GET /Filip/janshop_orders/exports/ HTTP/2.0" 200 66047 "-" "Mozilla/5.0 (Macintosh; Intel Mac OS X 10_15_7) AppleWebKit/537.36 (KHTML, like Gecko) Chrome/136.0.0.0 Safari/537.36"
51.77.52.107 - - [26/May/2025:16:16:37 +0200] "GET /Jurek/eurofirany/images/349470/0.jpg HTTP/2.0" 200 152870 "-" "baselinker"
193.33.8.61 - - [26/May/2025:16:16:46 +0200] "GET /Filip/janshop_orders HTTP/2.0" 401 3550 "-" "Mozilla/5.0 (Macintosh; Intel Mac OS X 10_15_7) AppleWebKit/537.36 (KHTML, like Gecko) Chrome/136.0.0.0 Safari/537.36"
193.33.8.61 - maria [26/May/2025:16:16:47 +0200] "GET /Filip/janshop_orders HTTP/2.0" 301 262 "-" "Mozilla/5.0 (Macintosh; Intel Mac OS X 10_15_7) AppleWebKit/537.36 (KHTML, like Gecko) Chrome/136.0.0.0 Safari/537.36"
193.33.8.61 - maria [26/May/2025:16:16:47 +0200] "GET /Filip/janshop_orders/ HTTP/2.0" 200 1395 "-" "Mozilla/5.0 (Macintosh; Intel Mac OS X 10_15_7) AppleWebKit/537.36 (KHTML, like Gecko) Chrome/136.0.0.0 Safari/537.36"
193.33.8.61 - maria [26/May/2025:16:16:53 +0200] "GET /Filip/janshop_orders/exports/ HTTP/2.0" 200 66047 "https://dkkapusta1997.usermd.net/Filip/janshop_orders/" "Mozilla/5.0 (Macintosh; Intel Mac OS X 10_15_7) AppleWebKit/537.36 (KHTML, like Gecko) Chrome/136.0.0.0 Safari/537.36"
51.77.52.107 - - [26/May/2025:16:16:55 +0200] "GET /Jurek/eurofirany/images/349470/0.jpg HTTP/2.0" 200 152870 "-" "baselinker"
193.33.8.61 - maria [26/May/2025:16:17:00 +0200] "POST /Filip/janshop_orders/exports/ HTTP/2.0" 200 66054 "https://dkkapusta1997.usermd.net/Filip/janshop_orders/exports/" "Mozilla/5.0 (Macintosh; Intel Mac OS X 10_15_7) AppleWebKit/537.36 (KHTML, like Gecko) Chrome/136.0.0.0 Safari/537.36"
51.77.52.107 - - [26/May/2025:16:17:02 +0200] "GET /Jurek/eurofirany/images/366928/0.jpg HTTP/2.0" 200 120534 "-" "baselinker"
193.33.8.61 - maria [26/May/2025:16:17:06 +0200] "GET /Filip/janshop_orders/exports/ HTTP/2.0" 200 66054 "-" "Mozilla/5.0 (Macintosh; Intel Mac OS X 10_15_7) AppleWebKit/537.36 (KHTML, like Gecko) Chrome/136.0.0.0 Safari/537.36"
193.33.8.61 - maria [26/May/2025:16:17:13 +0200] "POST /Filip/janshop_orders/exports/ HTTP/2.0" 200 66047 "https://dkkapusta1997.usermd.net/Filip/janshop_orders/exports/" "Mozilla/5.0 (Macintosh; Intel Mac OS X 10_15_7) AppleWebKit/537.36 (KHTML, like Gecko) Chrome/136.0.0.0 Safari/537.36"
51.77.52.107 - - [26/May/2025:16:17:20 +0200] "GET /Jurek/eurofirany/images/366928/0.jpg HTTP/2.0" 200 120534 "-" "baselinker"
193.33.8.61 - maria [26/May/2025:16:17:20 +0200] "GET /Filip/janshop_orders/exports/ HTTP/2.0" 200 66047 "-" "Mozilla/5.0 (Macintosh; Intel Mac OS X 10_15_7) AppleWebKit/537.36 (KHTML, like Gecko) Chrome/136.0.0.0 Safari/537.36"
51.77.52.107 - - [26/May/2025:16:17:39 +0200] "GET /Jurek/eurofirany/images/366928/0.jpg HTTP/2.0" 200 120534 "-" "baselinker"
46.101.116.244 - - [26/May/2025:16:17:49 +0200] "GET /Jurek/aw/feeds/awnarzedzia_fnacFR.xml HTTP/1.0" 200 91085717 "-" "-"
51.77.52.107 - - [26/May/2025:16:18:00 +0200] "GET /Jurek/eurofirany/images/366930/0.jpg HTTP/2.0" 200 124057 "-" "baselinker"
51.77.52.107 - - [26/May/2025:16:18:20 +0200] "GET /Jurek/eurofirany/images/366930/0.jpg HTTP/2.0" 200 124057 "-" "baselinker"
51.77.52.107 - - [26/May/2025:16:18:34 +0200] "GET /Jurek/eurofirany/images/366930/0.jpg HTTP/2.0" 200 124057 "-" "baselinker"
51.77.52.107 - - [26/May/2025:16:18:52 +0200] "GET /Jurek/eurofirany/images/373795/0.jpg HTTP/2.0" 200 130959 "-" "baselinker"
51.77.52.107 - - [26/May/2025:16:19:15 +0200] "GET /Jurek/eurofirany/images/373795/0.jpg HTTP/2.0" 200 130959 "-" "baselinker"
51.77.52.107 - - [26/May/2025:16:19:36 +0200] "GET /Jurek/eurofirany/images/373795/0.jpg HTTP/2.0" 200 130959 "-" "baselinker"
51.77.52.107 - - [26/May/2025:16:19:44 +0200] "GET /Jurek/eurofirany/images/373797/0.jpg HTTP/2.0" 200 130959 "-" "baselinker"
51.77.52.107 - - [26/May/2025:16:20:23 +0200] "GET /Jurek/eurofirany/images/373797/0.jpg HTTP/2.0" 200 130959 "-" "baselinker"
51.77.52.107 - - [26/May/2025:16:20:41 +0200] "GET /Jurek/eurofirany/images/373797/0.jpg HTTP/2.0" 200 130959 "-" "baselinker"
51.77.52.107 - - [26/May/2025:16:21:04 +0200] "GET /Jurek/eurofirany/images/377777/0.jpg HTTP/2.0" 200 164808 "-" "baselinker"
51.77.52.107 - - [26/May/2025:16:21:12 +0200] "GET /Jurek/eurofirany/images/377777/0.jpg HTTP/2.0" 200 164808 "-" "baselinker"
51.77.52.107 - - [26/May/2025:16:21:32 +0200] "GET /Jurek/eurofirany/images/377777/0.jpg HTTP/2.0" 200 164808 "-" "baselinker"
51.77.52.107 - - [26/May/2025:16:21:47 +0200] "GET /Jurek/eurofirany/images/377778/0.jpg HTTP/2.0" 200 165499 "-" "baselinker"
51.77.52.107 - - [26/May/2025:16:22:06 +0200] "GET /Jurek/eurofirany/images/377778/0.jpg HTTP/2.0" 200 165499 "-" "baselinker"
51.77.52.107 - - [26/May/2025:16:22:36 +0200] "GET /Jurek/eurofirany/images/377778/0.jpg HTTP/2.0" 200 165499 "-" "baselinker"
51.77.52.107 - - [26/May/2025:16:22:52 +0200] "GET /Jurek/eurofirany/images/377784/0.jpg HTTP/2.0" 200 120534 "-" "baselinker"
51.77.52.107 - - [26/May/2025:16:23:21 +0200] "GET /Jurek/eurofirany/images/377784/0.jpg HTTP/2.0" 200 120534 "-" "baselinker"
51.77.52.107 - - [26/May/2025:16:23:42 +0200] "GET /Jurek/eurofirany/images/377784/0.jpg HTTP/2.0" 200 120534 "-" "baselinker"
51.77.52.107 - - [26/May/2025:16:24:02 +0200] "GET /Jurek/eurofirany/images/377785/0.jpg HTTP/2.0" 200 152870 "-" "baselinker"
51.77.52.107 - - [26/May/2025:16:24:31 +0200] "GET /Jurek/eurofirany/images/377785/0.jpg HTTP/2.0" 200 152870 "-" "baselinker"
51.77.52.107 - - [26/May/2025:16:24:51 +0200] "GET /Jurek/eurofirany/images/377785/0.jpg HTTP/2.0" 200 152870 "-" "baselinker"
89.161.206.59 - - [26/May/2025:16:25:03 +0200] "GET /Jurek/eurofryz/feeds/eurofryz_cdsc.xml HTTP/1.0" 200 830800 "-" "-"
89.161.206.59 - - [26/May/2025:16:25:04 +0200] "GET /Jurek/fertes/feeds/fertes_cdsc.xml HTTP/1.0" 200 2192567 "-" "-"
89.161.206.59 - - [26/May/2025:16:25:04 +0200] "GET /Jurek/kamar/feeds/kamar_cdsc.xml HTTP/1.0" 200 37126801 "-" "-"
51.77.52.107 - - [26/May/2025:16:25:16 +0200] "GET /Jurek/eurofirany/images/377786/0.jpg HTTP/2.0" 200 124057 "-" "baselinker"
89.161.206.59 - - [26/May/2025:16:25:35 +0200] "GET /Jurek/rovato/feeds/rovato_skroutz.xml HTTP/1.0" 200 99164 "-" "-"
51.77.52.107 - - [26/May/2025:16:25:39 +0200] "GET /Jurek/eurofirany/images/377786/0.jpg HTTP/2.0" 200 124057 "-" "baselinker"
51.77.52.107 - - [26/May/2025:16:25:47 +0200] "GET /Jurek/eurofirany/images/377786/0.jpg HTTP/2.0" 200 124057 "-" "baselinker"
89.161.206.59 - - [26/May/2025:16:26:01 +0200] "GET /Jurek/missionair/feeds/missionair_skr.xml HTTP/1.0" 200 3154863 "-" "-"
89.161.206.59 - - [26/May/2025:16:26:02 +0200] "GET /Jurek/andex/feeds/andex_skr.xml HTTP/1.0" 200 933056 "-" "-"
51.77.52.107 - - [26/May/2025:16:26:12 +0200] "GET /Jurek/eurofirany/images/377789/0.jpg HTTP/2.0" 200 164854 "-" "baselinker"
89.161.206.59 - - [26/May/2025:16:26:14 +0200] "GET /Jurek/sklep24amk/feeds/sklep24amk_skroutz.xml HTTP/1.0" 200 3894613 "-" "-"
89.161.206.59 - - [26/May/2025:16:26:14 +0200] "GET /Jurek/wezer/feeds/wezer_skroutz.xml HTTP/1.0" 200 202561 "-" "-"
89.161.206.59 - - [26/May/2025:16:26:14 +0200] "GET /Jurek/shiori/feeds/shiori_skroutz.xml HTTP/1.0" 200 453652 "-" "-"
89.161.206.59 - - [26/May/2025:16:26:15 +0200] "GET /Jurek/bisanti/feeds/bisanti_skroutz.xml HTTP/1.0" 200 1142298 "-" "-"
51.77.52.107 - - [26/May/2025:16:26:31 +0200] "GET /Jurek/eurofirany/images/377789/0.jpg HTTP/2.0" 200 164854 "-" "baselinker"
51.77.52.107 - - [26/May/2025:16:26:59 +0200] "GET /Jurek/eurofirany/images/377789/0.jpg HTTP/2.0" 200 164854 "-" "baselinker"
51.77.52.107 - - [26/May/2025:16:27:22 +0200] "GET /Jurek/eurofirany/images/378345/0.jpg HTTP/2.0" 200 131731 "-" "baselinker"
51.77.52.107 - - [26/May/2025:16:27:45 +0200] "GET /Jurek/eurofirany/images/378345/0.jpg HTTP/2.0" 200 131731 "-" "baselinker"
51.77.52.107 - - [26/May/2025:16:27:48 +0200] "GET /Jurek/eurofirany/images/378345/0.jpg HTTP/2.0" 200 131731 "-" "baselinker"
51.77.52.107 - - [26/May/2025:16:28:11 +0200] "GET /Jurek/eurofirany/images/378351/0.jpg HTTP/2.0" 200 165499 "-" "baselinker"
51.77.52.107 - - [26/May/2025:16:28:29 +0200] "GET /Jurek/eurofirany/images/378351/0.jpg HTTP/2.0" 200 165499 "-" "baselinker"
51.77.52.107 - - [26/May/2025:16:28:37 +0200] "GET /Jurek/eurofirany/images/378351/0.jpg HTTP/2.0" 200 165499 "-" "baselinker"
51.77.52.107 - - [26/May/2025:16:28:43 +0200] "GET /Jurek/eurofirany/images/408367/0.jpg HTTP/2.0" 200 142167 "-" "baselinker"
51.77.52.107 - - [26/May/2025:16:28:51 +0200] "GET /Jurek/eurofirany/images/408367/0.jpg HTTP/2.0" 200 142167 "-" "baselinker"
51.77.52.107 - - [26/May/2025:16:29:09 +0200] "GET /Jurek/eurofirany/images/408367/0.jpg HTTP/2.0" 200 142167 "-" "baselinker"
51.77.52.107 - - [26/May/2025:16:29:15 +0200] "GET /Jurek/eurofirany/images/408368/0.jpg HTTP/2.0" 200 142167 "-" "baselinker"
51.77.52.107 - - [26/May/2025:16:29:36 +0200] "GET /Jurek/eurofirany/images/408368/0.jpg HTTP/2.0" 200 142167 "-" "baselinker"
66.211.183.72 - - [26/May/2025:16:29:36 +0200] "GET /Jurek/topeshop/downloaded_images/5902838461273_I_RTV-140-MALWA_2_S.jpg HTTP/1.1" 200 131398 "http://www.ebay.com/" "Mozilla/5.0 (Windows NT 10.0; Win64; x64) AppleWebKit/537.36 (KHTML, like Gecko) Chrome/123.0.0.0 Safari/537.36"
66.211.183.72 - - [26/May/2025:16:29:37 +0200] "GET /Jurek/topeshop/downloaded_images/5902838461273_Sonoma_Rtv.jpg HTTP/1.1" 404 3551 "http://www.ebay.com/" "Mozilla/5.0 (Windows NT 10.0; Win64; x64) AppleWebKit/537.36 (KHTML, like Gecko) Chrome/123.0.0.0 Safari/537.36"
66.211.183.72 - - [26/May/2025:16:29:37 +0200] "GET /Jurek/topeshop/downloaded_images/5902838461273_3.png HTTP/1.1" 404 3551 "http://www.ebay.com/" "Mozilla/5.0 (Windows NT 10.0; Win64; x64) AppleWebKit/537.36 (KHTML, like Gecko) Chrome/123.0.0.0 Safari/537.36"
66.211.183.74 - - [26/May/2025:16:29:37 +0200] "GET /Jurek/topeshop/downloaded_images/5902838461273_2.png HTTP/1.1" 404 3551 "http://www.ebay.com/" "Mozilla/5.0 (Windows NT 10.0; Win64; x64) AppleWebKit/537.36 (KHTML, like Gecko) Chrome/123.0.0.0 Safari/537.36"
66.211.183.72 - - [26/May/2025:16:29:37 +0200] "GET /Jurek/topeshop/downloaded_images/5902838461273_I_RTV-140-MALWA_o_S.jpg HTTP/1.1" 200 140612 "http://www.ebay.com/" "Mozilla/5.0 (Windows NT 10.0; Win64; x64) AppleWebKit/537.36 (KHTML, like Gecko) Chrome/123.0.0.0 Safari/537.36"
66.211.183.73 - - [26/May/2025:16:29:37 +0200] "GET /Jurek/topeshop/downloaded_images/5902838461273_I_RTV-140-MALWA_S.jpg HTTP/1.1" 200 141531 "http://www.ebay.com/" "Mozilla/5.0 (Windows NT 10.0; Win64; x64) AppleWebKit/537.36 (KHTML, like Gecko) Chrome/123.0.0.0 Safari/537.36"
66.211.183.70 - - [26/May/2025:16:29:37 +0200] "GET /Jurek/topeshop/downloaded_images/5902838461273_ar2_ss_.RGB_color.0003.jpg HTTP/1.1" 200 137343 "http://www.ebay.com/" "Mozilla/5.0 (Windows NT 10.0; Win64; x64) AppleWebKit/537.36 (KHTML, like Gecko) Chrome/123.0.0.0 Safari/537.36"
51.77.52.107 - - [26/May/2025:16:29:44 +0200] "GET /Jurek/eurofirany/images/408368/0.jpg HTTP/2.0" 200 142167 "-" "baselinker"
89.161.206.59 - - [26/May/2025:16:29:49 +0200] "GET /Jurek/drewdon/feeds/drewdon_piguEX.xml HTTP/1.0" 200 504443 "-" "-"
51.77.52.107 - - [26/May/2025:16:29:51 +0200] "GET /Jurek/eurofirany/images/408376/0.jpg HTTP/2.0" 200 131365 "-" "baselinker"
89.161.206.59 - - [26/May/2025:16:30:10 +0200] "GET /Jurek/sempler/feeds/sempler_BOL.xml HTTP/1.0" 200 6787917 "-" "-"
89.161.206.59 - - [26/May/2025:16:30:10 +0200] "GET /Jurek/benetech/feeds/benetech_bol.xml HTTP/1.0" 200 4165391 "-" "-"
51.77.52.107 - - [26/May/2025:16:30:13 +0200] "GET /Jurek/eurofirany/images/408376/0.jpg HTTP/2.0" 200 131365 "-" "baselinker"
89.161.206.59 - - [26/May/2025:16:30:15 +0200] "GET /Jurek/oromed/feeds/oromed_BOL.xml HTTP/1.0" 200 1289828 "-" "-"
89.161.206.59 - - [26/May/2025:16:30:16 +0200] "GET /Jurek/narzbud/feeds/narzbud_bol.xml HTTP/1.0" 200 1901217 "-" "-"
89.161.206.59 - - [26/May/2025:16:30:16 +0200] "GET /Jurek/artdog/feeds/artdog_bol.xml HTTP/1.0" 200 17158099 "-" "-"
89.161.206.59 - - [26/May/2025:16:30:17 +0200] "GET /Jurek/livinhill/feeds/livinhill_bol.xml HTTP/1.0" 200 1470369 "-" "-"
89.161.206.59 - - [26/May/2025:16:30:17 +0200] "GET /Jurek/ekuchcikowo/feeds/ekuchcikowo_bol.xml HTTP/1.0" 200 12470934 "-" "-"
89.161.206.59 - - [26/May/2025:16:30:18 +0200] "GET /Jurek/erohurtownia/feeds/erohurtownia_bol.xml HTTP/1.0" 200 22846349 "-" "-"
89.161.206.59 - - [26/May/2025:16:30:20 +0200] "GET /Jurek/urwiskowo/feeds/urwiskowo_bol.xml HTTP/1.0" 200 9114996 "-" "-"
89.161.206.59 - - [26/May/2025:16:30:20 +0200] "GET /Jurek/combine/feeds/combine_bol.xml HTTP/1.0" 200 210557 "-" "-"
89.161.206.59 - - [26/May/2025:16:30:22 +0200] "GET /Jurek/spali/feeds/spali_bol.xml HTTP/1.0" 200 77055 "-" "-"
89.161.206.59 - - [26/May/2025:16:30:24 +0200] "GET /Jurek/galopi/feeds/galopi_bol.xml HTTP/1.0" 200 2111080 "-" "-"
51.77.52.107 - - [26/May/2025:16:30:36 +0200] "GET /Jurek/eurofirany/images/408376/0.jpg HTTP/2.0" 200 131365 "-" "baselinker"
51.77.52.107 - - [26/May/2025:16:30:45 +0200] "GET /Jurek/eurofirany/images/416783/0.jpg HTTP/2.0" 200 118973 "-" "baselinker"
89.161.206.59 - - [26/May/2025:16:30:46 +0200] "GET /Jurek/hurtmeblowy/feeds/hurtmeblowy_bol.xml HTTP/1.0" 200 8543059 "-" "-"
89.161.206.59 - - [26/May/2025:16:30:47 +0200] "GET /Jurek/rider/feeds/rider_bol.xml HTTP/1.0" 200 8165099 "-" "-"
89.161.206.59 - - [26/May/2025:16:30:47 +0200] "GET /Jurek/eldar/feeds/eldar_bol.xml HTTP/1.0" 200 7329316 "-" "-"
89.161.206.59 - - [26/May/2025:16:30:48 +0200] "GET /Jurek/primohurt/feeds/primohurt_bol.xml HTTP/1.0" 200 17186682 "-" "-"
89.161.206.59 - - [26/May/2025:16:30:50 +0200] "GET /Jurek/najtanszysport/feeds/najtanszysport_bol.xml HTTP/1.0" 200 3983014 "-" "-"
89.161.206.59 - - [26/May/2025:16:30:51 +0200] "GET /Jurek/motofan/feeds/motofan_bol.xml HTTP/1.0" 200 2392157 "-" "-"
89.161.206.59 - - [26/May/2025:16:30:52 +0200] "GET /Jurek/topeshop/feeds/topeshop_bol.xml HTTP/1.0" 200 3016821 "-" "-"
89.161.206.59 - - [26/May/2025:16:30:58 +0200] "GET /Jurek/eurofirany/feeds/eurofirany_bol.xml HTTP/1.0" 200 18718619 "-" "-"
51.77.52.107 - - [26/May/2025:16:31:03 +0200] "GET /Jurek/eurofirany/images/416783/0.jpg HTTP/2.0" 200 118973 "-" "baselinker"
89.161.206.59 - - [26/May/2025:16:31:08 +0200] "GET /Jurek/pupus/feeds/pupus_bol.xml HTTP/1.0" 200 6154566 "-" "-"
89.161.206.59 - - [26/May/2025:16:31:11 +0200] "GET /Jurek/playcob/feeds/playcob_bol.xml HTTP/1.0" 200 6980105 "-" "-"
89.161.206.59 - - [26/May/2025:16:31:12 +0200] "GET /Jurek/maksik/feeds/maksik_bol.xml HTTP/1.0" 200 4084786 "-" "-"
89.161.206.59 - - [26/May/2025:16:31:14 +0200] "GET /Jurek/roger/feeds/roger_bol.xml HTTP/1.0" 200 1147426 "-" "-"
89.161.206.59 - - [26/May/2025:16:31:15 +0200] "GET /Jurek/smxdesign/feeds/smxdesign_bol.xml HTTP/1.0" 200 1829039 "-" "-"
89.161.206.59 - - [26/May/2025:16:31:16 +0200] "GET /Jurek/shiori/feeds/shiori_bol.xml HTTP/1.0" 200 453657 "-" "-"
89.161.206.59 - - [26/May/2025:16:31:17 +0200] "GET /Jurek/dropkz/feeds/dropkz_bol.xml HTTP/1.0" 200 70014350 "-" "-"
89.161.206.59 - - [26/May/2025:16:31:21 +0200] "GET /Jurek/eoptimo/feeds/eoptimo_bol.xml HTTP/1.0" 200 2094375 "-" "-"
89.161.206.59 - - [26/May/2025:16:31:22 +0200] "GET /Jurek/sklep24amk/feeds/sklep24amk_bol.xml HTTP/1.0" 200 3894611 "-" "-"
89.161.206.59 - - [26/May/2025:16:31:24 +0200] "GET /Jurek/sportprise/feeds/sportprise_bol.xml HTTP/1.0" 200 12725327 "-" "-"
89.161.206.59 - - [26/May/2025:16:31:24 +0200] "GET /Jurek/elavia/feeds/elavia_bol.xml HTTP/1.0" 200 2497279 "-" "-"
51.77.52.107 - - [26/May/2025:16:31:27 +0200] "GET /Jurek/eurofirany/images/416783/0.jpg HTTP/2.0" 200 118973 "-" "baselinker"
89.161.206.59 - - [26/May/2025:16:31:28 +0200] "GET /Jurek/cdata/feeds/cdata_bol.xml HTTP/1.0" 200 1445153 "-" "-"
89.161.206.59 - - [26/May/2025:16:31:28 +0200] "GET /Jurek/broers/feeds/broers_bol.xml HTTP/1.0" 200 1982542 "-" "-"
89.161.206.59 - - [26/May/2025:16:31:29 +0200] "GET /Jurek/princelh/feeds/princelh_bol.xml HTTP/1.0" 200 133435 "-" "-"
89.161.206.59 - - [26/May/2025:16:31:30 +0200] "GET /Jurek/mosti/feeds/mosti_bol.xml HTTP/1.0" 200 4628139 "-" "-"
89.161.206.59 - - [26/May/2025:16:31:31 +0200] "GET /Jurek/evil/feeds/evil_bol.xml HTTP/1.0" 200 306380 "-" "-"
89.161.206.59 - - [26/May/2025:16:31:31 +0200] "GET /Jurek/drewdon/feeds/drewdon_bol.xml HTTP/1.0" 200 504445 "-" "-"
89.161.206.59 - - [26/May/2025:16:31:31 +0200] "GET /Jurek/dekoele/feeds/dekoele_bol.xml HTTP/1.0" 200 733935 "-" "-"
89.161.206.59 - - [26/May/2025:16:31:31 +0200] "GET /Jurek/pawonik/feeds/pawonik_bol.xml HTTP/1.0" 200 2138419 "-" "-"
89.161.206.59 - - [26/May/2025:16:31:31 +0200] "GET /Jurek/sartrix/feeds/sartrix_bol.xml HTTP/1.0" 200 649125 "-" "-"
89.161.206.59 - - [26/May/2025:16:31:32 +0200] "GET /Jurek/hdwr/feeds/hdwr_BOL.xml HTTP/1.0" 200 789421 "-" "-"
89.161.206.59 - - [26/May/2025:16:31:32 +0200] "GET /Jurek/szpaklampy/feeds/szpaklampy_bol.xml HTTP/1.0" 200 388197 "-" "-"
89.161.206.59 - - [26/May/2025:16:31:33 +0200] "GET /Jurek/techrebal/feeds/techrebal_bol.xml HTTP/1.0" 200 1989716 "-" "-"
89.161.206.59 - - [26/May/2025:16:31:33 +0200] "GET /Jurek/muminky/feeds/muminky_bol.xml HTTP/1.0" 200 2677704 "-" "-"
89.161.206.59 - - [26/May/2025:16:31:33 +0200] "GET /Jurek/nonabox/feeds/nonabox_bol.xml HTTP/1.0" 200 33866 "-" "-"
89.161.206.59 - - [26/May/2025:16:31:33 +0200] "GET /Jurek/nexus/feeds/nexus_bol.xml HTTP/1.0" 200 226627 "-" "-"
89.161.206.59 - - [26/May/2025:16:31:35 +0200] "GET /Jurek/proparts/feeds/proparts_bol.xml HTTP/1.0" 200 707491 "-" "-"
89.161.206.59 - - [26/May/2025:16:31:35 +0200] "GET /Jurek/techrebalina/feeds/techrebalina_bol.xml HTTP/1.0" 200 2011182 "-" "-"
89.161.206.59 - - [26/May/2025:16:31:36 +0200] "GET /Jurek/newtechele/feeds/newtechele_bol.xml HTTP/1.0" 200 2438474 "-" "-"
