51.77.52.107 - - [26/May/2025:12:04:04 +0200] "GET /Jurek/eurofirany/images/397066/0.jpg HTTP/2.0" 200 42257 "-" "baselinker"
51.77.52.107 - - [26/May/2025:12:04:11 +0200] "GET /Jurek/eurofirany/images/397067/0.jpg HTTP/2.0" 200 42257 "-" "baselinker"
51.77.52.107 - - [26/May/2025:12:04:34 +0200] "GET /Jurek/eurofirany/images/397067/0.jpg HTTP/2.0" 200 42257 "-" "baselinker"
51.77.52.107 - - [26/May/2025:12:04:54 +0200] "GET /Jurek/eurofirany/images/397067/0.jpg HTTP/2.0" 200 42257 "-" "baselinker"
85.14.86.141 - - [26/May/2025:12:05:02 +0200] "GET /Jurek/kinghoff/feeds/kinghoff_morele.xml HTTP/2.0" 200 15703731 "-" "MarketplaceAPI curl/7.74.0 PHP/8"
51.77.52.107 - - [26/May/2025:12:05:04 +0200] "GET /Jurek/eurofirany/images/397068/0.jpg HTTP/2.0" 200 42257 "-" "baselinker"
51.77.52.107 - - [26/May/2025:12:05:11 +0200] "GET /Jurek/eurofirany/images/397068/0.jpg HTTP/2.0" 200 42257 "-" "baselinker"
51.77.52.107 - - [26/May/2025:12:05:16 +0200] "GET /Jurek/eurofirany/images/397068/0.jpg HTTP/2.0" 200 42257 "-" "baselinker"
51.77.52.107 - - [26/May/2025:12:05:24 +0200] "GET /Jurek/eurofirany/images/397069/0.jpg HTTP/2.0" 200 42257 "-" "baselinker"
51.77.52.107 - - [26/May/2025:12:05:31 +0200] "GET /Jurek/eurofirany/images/397069/0.jpg HTTP/2.0" 200 42257 "-" "baselinker"
51.77.52.107 - - [26/May/2025:12:05:37 +0200] "GET /Jurek/eurofirany/images/397069/0.jpg HTTP/2.0" 200 42257 "-" "baselinker"
46.101.116.244 - - [26/May/2025:12:05:38 +0200] "GET /Jurek/kamar/feeds/kamar_alza.xml HTTP/2.0" 200 25563253 "-" "-"
51.77.52.107 - - [26/May/2025:12:05:42 +0200] "GET /Jurek/eurofirany/images/397070/0.jpg HTTP/2.0" 200 42257 "-" "baselinker"
51.77.52.107 - - [26/May/2025:12:06:08 +0200] "GET /Jurek/eurofirany/images/397070/0.jpg HTTP/2.0" 200 42257 "-" "baselinker"
46.101.116.244 - - [26/May/2025:12:06:15 +0200] "GET /Jurek/tsjerzy/feeds/tsjerzy_alza.xml HTTP/2.0" 200 3901471 "-" "-"
51.77.52.107 - - [26/May/2025:12:06:26 +0200] "GET /Jurek/eurofirany/images/397070/0.jpg HTTP/2.0" 200 42257 "-" "baselinker"
51.77.52.107 - - [26/May/2025:12:06:34 +0200] "GET /Jurek/eurofirany/images/397071/0.jpg HTTP/2.0" 200 47634 "-" "baselinker"
46.101.116.244 - - [26/May/2025:12:06:37 +0200] "GET /Jurek/hurtmeblowy/feeds/hurtmeblowy_alza.xml HTTP/2.0" 200 8546220 "-" "-"
51.77.52.107 - - [26/May/2025:12:06:41 +0200] "GET /Jurek/eurofirany/images/397071/0.jpg HTTP/2.0" 200 47634 "-" "baselinker"
46.101.116.244 - - [26/May/2025:12:06:49 +0200] "GET /Jurek/kobi/feeds/kobi_alza.xml HTTP/2.0" 200 677298 "-" "-"
46.101.116.244 - - [26/May/2025:12:07:00 +0200] "GET /Jurek/madrex/feeds/madrex_alza.xml HTTP/2.0" 200 466766 "-" "-"
51.77.52.107 - - [26/May/2025:12:07:06 +0200] "GET /Jurek/eurofirany/images/397071/0.jpg HTTP/2.0" 200 47634 "-" "baselinker"
46.101.116.244 - - [26/May/2025:12:07:10 +0200] "GET /Jurek/matkam/feeds/matkam_alza.xml HTTP/2.0" 200 4426702 "-" "-"
51.77.52.107 - - [26/May/2025:12:07:21 +0200] "GET /Jurek/eurofirany/images/397090/0.jpg HTTP/2.0" 200 23563 "-" "baselinker"
51.77.52.107 - - [26/May/2025:12:07:41 +0200] "GET /Jurek/eurofirany/images/397090/0.jpg HTTP/2.0" 200 23563 "-" "baselinker"
51.77.52.107 - - [26/May/2025:12:07:46 +0200] "GET /Jurek/eurofirany/images/397090/0.jpg HTTP/2.0" 200 23563 "-" "baselinker"
51.77.52.107 - - [26/May/2025:12:07:53 +0200] "GET /Jurek/eurofirany/images/397091/0.jpg HTTP/2.0" 200 23563 "-" "baselinker"
51.77.52.107 - - [26/May/2025:12:08:17 +0200] "GET /Jurek/eurofirany/images/397091/0.jpg HTTP/2.0" 200 23563 "-" "baselinker"
85.14.86.141 - - [26/May/2025:12:08:18 +0200] "GET /Jurek/eurofirany/feeds/eurofirany_morele.xml HTTP/2.0" 200 18720286 "-" "MarketplaceAPI curl/7.74.0 PHP/8"
46.101.116.244 - - [26/May/2025:12:08:29 +0200] "GET /Jurek/kalama/feeds/kalama_alza.xml HTTP/2.0" 200 2662534 "-" "-"
46.101.116.244 - - [26/May/2025:12:08:40 +0200] "GET /Jurek/proadventure/feeds/proadventure_alza.xml HTTP/2.0" 200 10767262 "-" "-"
51.77.52.107 - - [26/May/2025:12:08:43 +0200] "GET /Jurek/eurofirany/images/397091/0.jpg HTTP/2.0" 200 23563 "-" "baselinker"
85.14.86.141 - - [26/May/2025:12:08:50 +0200] "GET /Jurek/vivaldi/feeds/vivaldi_Morele-PL.xml HTTP/2.0" 200 344674 "-" "MarketplaceAPI curl/7.74.0 PHP/8"
46.101.116.244 - - [26/May/2025:12:08:53 +0200] "GET /Jurek/awparts/feeds/awparts_alza.xml HTTP/2.0" 200 142493374 "-" "-"
46.101.116.244 - - [26/May/2025:12:09:06 +0200] "GET /Jurek/topeshop/feeds/topeshop_skr.xml HTTP/1.0" 200 877100 "-" "-"
51.77.52.107 - - [26/May/2025:12:09:06 +0200] "GET /Jurek/eurofirany/images/397092/0.jpg HTTP/2.0" 200 23563 "-" "baselinker"
185.6.76.18 - - [26/May/2025:12:09:07 +0200] "GET /marketplaces/skroutz/feeds/shumee.xml HTTP/1.1" 200 411853746 "-" "SkroutzBot v1.0"
51.77.52.107 - - [26/May/2025:12:09:13 +0200] "GET /Jurek/eurofirany/images/397092/0.jpg HTTP/2.0" 200 23563 "-" "baselinker"
51.77.52.107 - - [26/May/2025:12:09:16 +0200] "GET /Jurek/eurofirany/images/397092/0.jpg HTTP/2.0" 200 23563 "-" "baselinker"
66.135.223.40 - - [26/May/2025:12:09:19 +0200] "GET /Jurek/topeshop/downloaded_images/5904507209421_modern2p-slim.jpg HTTP/1.1" 200 48915 "http://www.ebay.com/" "Mozilla/5.0 (Windows NT 10.0; Win64; x64) AppleWebKit/537.36 (KHTML, like Gecko) Chrome/123.0.0.0 Safari/537.36"
66.135.223.40 - - [26/May/2025:12:09:19 +0200] "GET /Jurek/topeshop/downloaded_images/5904507209421_modern2p-slim2.jpg HTTP/1.1" 200 42640 "http://www.ebay.com/" "Mozilla/5.0 (Windows NT 10.0; Win64; x64) AppleWebKit/537.36 (KHTML, like Gecko) Chrome/123.0.0.0 Safari/537.36"
66.135.223.43 - - [26/May/2025:12:09:19 +0200] "GET /Jurek/topeshop/downloaded_images/5904507209421_Modern2PSLIM(1).jpg HTTP/1.1" 404 3551 "http://www.ebay.com/" "Mozilla/5.0 (Windows NT 10.0; Win64; x64) AppleWebKit/537.36 (KHTML, like Gecko) Chrome/123.0.0.0 Safari/537.36"
66.135.223.40 - - [26/May/2025:12:09:19 +0200] "GET /Jurek/topeshop/downloaded_images/5904507209421_Modern2PSLIM(3).jpg HTTP/1.1" 404 3551 "http://www.ebay.com/" "Mozilla/5.0 (Windows NT 10.0; Win64; x64) AppleWebKit/537.36 (KHTML, like Gecko) Chrome/123.0.0.0 Safari/537.36"
66.135.223.40 - - [26/May/2025:12:09:19 +0200] "GET /Jurek/topeshop/downloaded_images/5904507209421_wizmodern2PSlim.jpg HTTP/1.1" 200 130063 "http://www.ebay.com/" "Mozilla/5.0 (Windows NT 10.0; Win64; x64) AppleWebKit/537.36 (KHTML, like Gecko) Chrome/123.0.0.0 Safari/537.36"
66.135.223.42 - - [26/May/2025:12:09:19 +0200] "GET /Jurek/topeshop/downloaded_images/5904507209421_Modern2PSLIM(2).jpg HTTP/1.1" 404 3551 "http://www.ebay.com/" "Mozilla/5.0 (Windows NT 10.0; Win64; x64) AppleWebKit/537.36 (KHTML, like Gecko) Chrome/123.0.0.0 Safari/537.36"
66.135.223.40 - - [26/May/2025:12:09:19 +0200] "GET /Jurek/topeshop/downloaded_images/5904507209421_Modern2PSLIM(5).jpg HTTP/1.1" 404 3551 "http://www.ebay.com/" "Mozilla/5.0 (Windows NT 10.0; Win64; x64) AppleWebKit/537.36 (KHTML, like Gecko) Chrome/123.0.0.0 Safari/537.36"
66.135.223.41 - - [26/May/2025:12:09:19 +0200] "GET /Jurek/topeshop/downloaded_images/5904507209421_Modern2PSLIM(4).jpg HTTP/1.1" 404 3551 "http://www.ebay.com/" "Mozilla/5.0 (Windows NT 10.0; Win64; x64) AppleWebKit/537.36 (KHTML, like Gecko) Chrome/123.0.0.0 Safari/537.36"
66.135.223.40 - - [26/May/2025:12:09:19 +0200] "GET /Jurek/topeshop/downloaded_images/5904507209421_modern2p-slim-20st.jpg HTTP/1.1" 200 53719 "http://www.ebay.com/" "Mozilla/5.0 (Windows NT 10.0; Win64; x64) AppleWebKit/537.36 (KHTML, like Gecko) Chrome/123.0.0.0 Safari/537.36"
51.77.52.107 - - [26/May/2025:12:09:39 +0200] "GET /Jurek/eurofirany/images/397093/0.jpg HTTP/2.0" 200 23563 "-" "baselinker"
46.101.116.244 - - [26/May/2025:12:09:46 +0200] "GET /Jurek/sportprise/feeds/sportprise_alza.xml HTTP/2.0" 200 12729788 "-" "-"
51.77.52.107 - - [26/May/2025:12:09:46 +0200] "GET /Jurek/eurofirany/images/397093/0.jpg HTTP/2.0" 200 23563 "-" "baselinker"
51.77.52.107 - - [26/May/2025:12:09:52 +0200] "GET /Jurek/eurofirany/images/397093/0.jpg HTTP/2.0" 200 23563 "-" "baselinker"
46.101.116.244 - - [26/May/2025:12:10:10 +0200] "GET /Jurek/coppotech/feeds/coppotech_alza.xml HTTP/2.0" 200 38061614 "-" "-"
46.101.116.244 - - [26/May/2025:12:10:25 +0200] "GET /Jurek/erohurtownia/feeds/erohurtownia_alza.xml HTTP/2.0" 200 22845768 "-" "-"
85.14.86.141 - - [26/May/2025:12:10:29 +0200] "GET /Jurek/vida_morele/feeds/VidaPL_morele.xml HTTP/2.0" 200 868673501 "-" "MarketplaceAPI curl/7.74.0 PHP/8"
89.161.206.59 - - [26/May/2025:12:10:34 +0200] "GET /Jurek/gandalf/feeds/gandalf_skr.xml HTTP/1.0" 200 1082282 "-" "-"
89.161.206.59 - - [26/May/2025:12:10:38 +0200] "GET /Jurek/mechdecor/feeds/mechdecor_skr.xml HTTP/1.0" 200 596178 "-" "-"
89.161.206.59 - - [26/May/2025:12:10:39 +0200] "GET /Jurek/apresto/feeds/apresto_skr.xml HTTP/1.0" 200 1316760 "-" "-"
89.161.206.59 - - [26/May/2025:12:10:40 +0200] "GET /Jurek/mojeledy/feeds/mojeledy_skr.xml HTTP/1.0" 200 1015545 "-" "-"
89.161.206.59 - - [26/May/2025:12:10:41 +0200] "GET /Jurek/sovapl/feeds/sovapl_skr.xml HTTP/1.0" 200 8999446 "-" "-"
46.101.116.244 - - [26/May/2025:12:10:42 +0200] "GET /Jurek/euroshop/feeds/euroshop_alza.xml HTTP/2.0" 200 20021106 "-" "-"
89.161.206.59 - - [26/May/2025:12:10:43 +0200] "GET /Jurek/fertes/feeds/fertes_skr.xml HTTP/1.0" 200 2361852 "-" "-"
89.161.206.59 - - [26/May/2025:12:10:44 +0200] "GET /Jurek/kamar/feeds/kamar_skr.xml HTTP/1.0" 200 25549999 "-" "-"
85.14.86.141 - - [26/May/2025:12:10:44 +0200] "GET /Jurek/aw/feeds/awnarzedzia_morele.xml HTTP/2.0" 200 91097992 "-" "MarketplaceAPI curl/7.74.0 PHP/8"
89.161.206.59 - - [26/May/2025:12:10:45 +0200] "GET /Jurek/relogy/feeds/relogy_skroutz.xml HTTP/1.0" 200 66605852 "-" "-"
51.77.52.107 - - [26/May/2025:12:10:52 +0200] "GET /Jurek/eurofirany/images/397095/0.jpg HTTP/2.0" 200 23563 "-" "baselinker"
46.101.116.244 - - [26/May/2025:12:10:53 +0200] "GET /Jurek/najtanszysport/feeds/najtanszysport_alza.xml HTTP/2.0" 200 3982847 "-" "-"
51.77.52.107 - - [26/May/2025:12:11:03 +0200] "GET /Jurek/eurofirany/images/397095/0.jpg HTTP/2.0" 200 23563 "-" "baselinker"
46.101.116.244 - - [26/May/2025:12:11:04 +0200] "GET /Jurek/rider/feeds/rider_alza.xml HTTP/2.0" 200 8166369 "-" "-"
51.77.52.107 - - [26/May/2025:12:11:08 +0200] "GET /Jurek/eurofirany/images/397095/0.jpg HTTP/2.0" 200 23563 "-" "baselinker"
104.30.134.75 - - [26/May/2025:12:11:13 +0200] "GET /Jurek/topeshop/downloaded_images/5904507209643_20_kaszmir.jpg HTTP/2.0" 200 23394 "https://earth.skroutz.gr/" "Mozilla/5.0 (X11; Linux x86_64) AppleWebKit/537.36 (KHTML, like Gecko) Chrome/136.0.0.0 Safari/537.36"
51.77.52.107 - - [26/May/2025:12:11:19 +0200] "GET /Jurek/eurofirany/images/397101/0.jpg HTTP/2.0" 200 37466 "-" "baselinker"
46.101.116.244 - - [26/May/2025:12:11:20 +0200] "GET /Jurek/intsell/feeds/intsell_alza.xml HTTP/2.0" 200 342157477 "-" "-"
51.77.52.107 - - [26/May/2025:12:11:26 +0200] "GET /Jurek/eurofirany/images/397101/0.jpg HTTP/2.0" 200 37466 "-" "baselinker"
104.30.134.75 - - [26/May/2025:12:11:27 +0200] "GET /Jurek/eurofirany/images/468061/0.jpg HTTP/2.0" 200 159939 "https://earth.skroutz.gr/" "Mozilla/5.0 (X11; Linux x86_64) AppleWebKit/537.36 (KHTML, like Gecko) Chrome/136.0.0.0 Safari/537.36"
85.14.86.141 - - [26/May/2025:12:11:33 +0200] "GET /Jurek/beliani/feeds/beliani_morele.xml HTTP/2.0" 200 29791798 "-" "MarketplaceAPI curl/7.74.0 PHP/8"
51.77.52.107 - - [26/May/2025:12:11:48 +0200] "GET /Jurek/eurofirany/images/397101/0.jpg HTTP/2.0" 200 37466 "-" "baselinker"
51.77.52.107 - - [26/May/2025:12:12:07 +0200] "GET /Jurek/eurofirany/images/397102/0.jpg HTTP/2.0" 200 37466 "-" "baselinker"
51.77.52.107 - - [26/May/2025:12:12:12 +0200] "GET /Jurek/eurofirany/images/397102/0.jpg HTTP/2.0" 200 37466 "-" "baselinker"
51.77.52.107 - - [26/May/2025:12:12:31 +0200] "GET /Jurek/eurofirany/images/397102/0.jpg HTTP/2.0" 200 37466 "-" "baselinker"
46.101.116.244 - - [26/May/2025:12:13:10 +0200] "GET /Jurek/sempler/feeds/sempler_alza.xml HTTP/2.0" 200 6789371 "-" "-"
46.101.116.244 - - [26/May/2025:12:13:21 +0200] "GET /Jurek/eroplace/feeds/eroplace_alza.xml HTTP/2.0" 200 52164015 "-" "-"
51.77.52.107 - - [26/May/2025:12:13:26 +0200] "GET /Jurek/eurofirany/images/397103/0.jpg HTTP/2.0" 200 37466 "-" "baselinker"
51.77.52.107 - - [26/May/2025:12:13:32 +0200] "GET /Jurek/eurofirany/images/397103/0.jpg HTTP/2.0" 200 37466 "-" "baselinker"
46.101.116.244 - - [26/May/2025:12:13:34 +0200] "GET /Jurek/mosti/feeds/mosti_alza.xml HTTP/2.0" 200 4629106 "-" "-"
51.77.52.107 - - [26/May/2025:12:13:35 +0200] "GET /Jurek/eurofirany/images/397103/0.jpg HTTP/2.0" 200 37466 "-" "baselinker"
46.101.116.244 - - [26/May/2025:12:13:35 +0200] "GET /Jurek/biokominki/feeds/biokomiinki_alza.xml HTTP/2.0" 200 1422347 "-" "-"
51.77.52.107 - - [26/May/2025:12:13:44 +0200] "GET /Jurek/eurofirany/images/397104/0.jpg HTTP/2.0" 200 37466 "-" "baselinker"
51.77.52.107 - - [26/May/2025:12:14:09 +0200] "GET /Jurek/eurofirany/images/397104/0.jpg HTTP/2.0" 200 37466 "-" "baselinker"
51.77.52.107 - - [26/May/2025:12:14:21 +0200] "GET /Jurek/eurofirany/images/397104/0.jpg HTTP/2.0" 200 37466 "-" "baselinker"
51.77.52.107 - - [26/May/2025:12:14:27 +0200] "GET /Jurek/eurofirany/images/397105/0.jpg HTTP/2.0" 200 37057 "-" "baselinker"
51.77.52.107 - - [26/May/2025:12:14:36 +0200] "GET /Jurek/eurofirany/images/397105/0.jpg HTTP/2.0" 200 37057 "-" "baselinker"
46.101.116.244 - - [26/May/2025:12:14:43 +0200] "GET /Jurek/vida_morele/feeds/vida_alza.xml HTTP/2.0" 200 868162689 "-" "-"
89.161.206.59 - - [26/May/2025:12:14:49 +0200] "GET /Jurek/rovato/feeds/rovato_skroutz.xml HTTP/1.0" 200 99164 "-" "-"
51.77.52.107 - - [26/May/2025:12:14:52 +0200] "GET /Jurek/eurofirany/images/397105/0.jpg HTTP/2.0" 200 37057 "-" "baselinker"
51.77.52.107 - - [26/May/2025:12:14:59 +0200] "GET /Jurek/eurofirany/images/397106/0.jpg HTTP/2.0" 200 37057 "-" "baselinker"
193.33.8.61 - - [26/May/2025:12:15:00 +0200] "GET /Filip/janshop_orders/exports/ HTTP/2.0" 401 3550 "-" "Mozilla/5.0 (Macintosh; Intel Mac OS X 10_15_7) AppleWebKit/605.1.15 (KHTML, like Gecko) Version/17.5 Safari/605.1.15"
193.33.8.61 - maria [26/May/2025:12:15:01 +0200] "GET /Filip/janshop_orders/exports/ HTTP/2.0" 200 36331 "-" "Mozilla/5.0 (Macintosh; Intel Mac OS X 10_15_7) AppleWebKit/605.1.15 (KHTML, like Gecko) Version/17.5 Safari/605.1.15"
193.33.8.61 - maria [26/May/2025:12:15:04 +0200] "GET /Filip/janshop_orders/exports/ HTTP/2.0" 200 36331 "-" "Mozilla/5.0 (Macintosh; Intel Mac OS X 10_15_7) AppleWebKit/605.1.15 (KHTML, like Gecko) Version/17.5 Safari/605.1.15"
51.77.52.107 - - [26/May/2025:12:15:05 +0200] "GET /Jurek/eurofirany/images/397106/0.jpg HTTP/2.0" 200 37057 "-" "baselinker"
89.161.206.59 - - [26/May/2025:12:15:06 +0200] "GET /Jurek/ekotex/feeds/ekotex_skroutz.xml HTTP/1.0" 200 197813 "-" "-"
89.161.206.59 - - [26/May/2025:12:15:06 +0200] "GET /Jurek/motofan/feeds/motofan_skroutz.xml HTTP/1.0" 200 2392156 "-" "-"
89.161.206.59 - - [26/May/2025:12:15:06 +0200] "GET /Jurek/elecomp/feeds/elecomp_skroutz.xml HTTP/1.0" 200 2769773 "-" "-"
89.161.206.59 - - [26/May/2025:12:15:18 +0200] "GET /Jurek/missionair/feeds/missionair_skr.xml HTTP/1.0" 200 3154863 "-" "-"
89.161.206.59 - - [26/May/2025:12:15:20 +0200] "GET /Jurek/andex/feeds/andex_skr.xml HTTP/1.0" 200 933056 "-" "-"
51.77.52.107 - - [26/May/2025:12:15:25 +0200] "GET /Jurek/eurofirany/images/397106/0.jpg HTTP/2.0" 200 37057 "-" "baselinker"
89.161.206.59 - - [26/May/2025:12:15:30 +0200] "GET /Jurek/sklep24amk/feeds/sklep24amk_skroutz.xml HTTP/1.0" 200 3894613 "-" "-"
89.161.206.59 - - [26/May/2025:12:15:30 +0200] "GET /Jurek/wezer/feeds/wezer_skroutz.xml HTTP/1.0" 200 202561 "-" "-"
51.77.52.107 - - [26/May/2025:12:15:31 +0200] "GET /Jurek/eurofirany/images/397107/0.jpg HTTP/2.0" 200 37057 "-" "baselinker"
89.161.206.59 - - [26/May/2025:12:15:31 +0200] "GET /Jurek/shiori/feeds/shiori_skroutz.xml HTTP/1.0" 200 453652 "-" "-"
89.161.206.59 - - [26/May/2025:12:15:32 +0200] "GET /Jurek/bisanti/feeds/bisanti_skroutz.xml HTTP/1.0" 200 1142298 "-" "-"
51.77.52.107 - - [26/May/2025:12:15:37 +0200] "GET /Jurek/eurofirany/images/397107/0.jpg HTTP/2.0" 200 37057 "-" "baselinker"
51.77.52.107 - - [26/May/2025:12:15:49 +0200] "GET /Jurek/eurofirany/images/397107/0.jpg HTTP/2.0" 200 37057 "-" "baselinker"
51.77.52.107 - - [26/May/2025:12:16:11 +0200] "GET /Jurek/eurofirany/images/397108/0.jpg HTTP/2.0" 200 37057 "-" "baselinker"
51.77.52.107 - - [26/May/2025:12:16:29 +0200] "GET /Jurek/eurofirany/images/397108/0.jpg HTTP/2.0" 200 37057 "-" "baselinker"
51.77.52.107 - - [26/May/2025:12:16:46 +0200] "GET /Jurek/eurofirany/images/397108/0.jpg HTTP/2.0" 200 37057 "-" "baselinker"
51.77.52.107 - - [26/May/2025:12:16:54 +0200] "GET /Jurek/eurofirany/images/397109/0.jpg HTTP/2.0" 200 37057 "-" "baselinker"
51.77.52.107 - - [26/May/2025:12:17:01 +0200] "GET /Jurek/eurofirany/images/397109/0.jpg HTTP/2.0" 200 37057 "-" "baselinker"
193.33.8.61 - - [26/May/2025:12:17:06 +0200] "GET /Filip/janshop_orders/exports/ HTTP/2.0" 401 3550 "-" "Mozilla/5.0 (Macintosh; Intel Mac OS X 10_15_7) AppleWebKit/605.1.15 (KHTML, like Gecko) Version/17.5 Safari/605.1.15"
51.77.52.107 - - [26/May/2025:12:17:06 +0200] "GET /Jurek/eurofirany/images/397109/0.jpg HTTP/2.0" 200 37057 "-" "baselinker"
193.33.8.61 - maria [26/May/2025:12:17:07 +0200] "GET /Filip/janshop_orders/exports/ HTTP/2.0" 200 36331 "-" "Mozilla/5.0 (Macintosh; Intel Mac OS X 10_15_7) AppleWebKit/605.1.15 (KHTML, like Gecko) Version/17.5 Safari/605.1.15"
51.77.52.107 - - [26/May/2025:12:17:13 +0200] "GET /Jurek/eurofirany/images/397110/0.jpg HTTP/2.0" 200 37057 "-" "baselinker"
51.77.52.107 - - [26/May/2025:12:17:20 +0200] "GET /Jurek/eurofirany/images/397110/0.jpg HTTP/2.0" 200 37057 "-" "baselinker"
51.77.52.107 - - [26/May/2025:12:17:35 +0200] "GET /Jurek/eurofirany/images/397110/0.jpg HTTP/2.0" 200 37057 "-" "baselinker"
51.77.52.107 - - [26/May/2025:12:17:42 +0200] "GET /Jurek/eurofirany/images/397111/0.jpg HTTP/2.0" 200 40976 "-" "baselinker"
51.77.52.107 - - [26/May/2025:12:18:04 +0200] "GET /Jurek/eurofirany/images/397111/0.jpg HTTP/2.0" 200 40976 "-" "baselinker"
51.77.52.107 - - [26/May/2025:12:18:08 +0200] "GET /Jurek/eurofirany/images/397111/0.jpg HTTP/2.0" 200 40976 "-" "baselinker"
51.77.52.107 - - [26/May/2025:12:18:11 +0200] "GET /Jurek/eurofirany/images/397112/0.jpg HTTP/2.0" 200 40976 "-" "baselinker"
51.77.52.107 - - [26/May/2025:12:18:29 +0200] "GET /Jurek/eurofirany/images/397112/0.jpg HTTP/2.0" 200 40976 "-" "baselinker"
51.77.52.107 - - [26/May/2025:12:18:47 +0200] "GET /Jurek/eurofirany/images/397112/0.jpg HTTP/2.0" 200 40976 "-" "baselinker"
193.33.8.61 - - [26/May/2025:12:18:54 +0200] "GET /Filip/janshop_orders/exports/extra_2025-05-26_12.txt HTTP/2.0" 401 3550 "https://dkkapusta1997.usermd.net/Filip/janshop_orders/exports/" "Mozilla/5.0 (Macintosh; Intel Mac OS X 10_15_7) AppleWebKit/605.1.15 (KHTML, like Gecko) Version/17.5 Safari/605.1.15"
193.33.8.61 - maria [26/May/2025:12:18:54 +0200] "GET /Filip/janshop_orders/exports/extra_2025-05-26_12.txt HTTP/2.0" 200 684 "https://dkkapusta1997.usermd.net/Filip/janshop_orders/exports/" "Mozilla/5.0 (Macintosh; Intel Mac OS X 10_15_7) AppleWebKit/605.1.15 (KHTML, like Gecko) Version/17.5 Safari/605.1.15"
104.30.134.75 - - [26/May/2025:12:18:58 +0200] "GET /Jurek/eurofirany/images/459066/0.jpg HTTP/2.0" 200 158271 "https://earth.skroutz.gr/" "Mozilla/5.0 (X11; Linux x86_64) AppleWebKit/537.36 (KHTML, like Gecko) Chrome/136.0.0.0 Safari/537.36"
51.77.52.107 - - [26/May/2025:12:19:04 +0200] "GET /Jurek/eurofirany/images/397113/0.jpg HTTP/2.0" 200 40976 "-" "baselinker"
51.77.52.107 - - [26/May/2025:12:19:27 +0200] "GET /Jurek/eurofirany/images/397113/0.jpg HTTP/2.0" 200 40976 "-" "baselinker"
51.77.52.107 - - [26/May/2025:12:19:37 +0200] "GET /Jurek/eurofirany/images/397113/0.jpg HTTP/2.0" 200 40976 "-" "baselinker"
51.77.52.107 - - [26/May/2025:12:19:49 +0200] "GET /Jurek/eurofirany/images/397114/0.jpg HTTP/2.0" 200 40976 "-" "baselinker"
51.77.52.107 - - [26/May/2025:12:20:06 +0200] "GET /Jurek/eurofirany/images/397114/0.jpg HTTP/2.0" 200 40976 "-" "baselinker"
51.77.52.107 - - [26/May/2025:12:20:15 +0200] "GET /Jurek/eurofirany/images/397114/0.jpg HTTP/2.0" 200 40976 "-" "baselinker"
51.77.52.107 - - [26/May/2025:12:20:22 +0200] "GET /Jurek/eurofirany/images/397115/0.jpg HTTP/2.0" 200 40976 "-" "baselinker"
51.77.52.107 - - [26/May/2025:12:20:42 +0200] "GET /Jurek/eurofirany/images/397115/0.jpg HTTP/2.0" 200 40976 "-" "baselinker"
51.77.52.107 - - [26/May/2025:12:20:49 +0200] "GET /Jurek/eurofirany/images/397115/0.jpg HTTP/2.0" 200 40976 "-" "baselinker"
89.161.206.59 - - [26/May/2025:12:21:05 +0200] "GET /Jurek/em3/feeds/em3_skroutz.xml HTTP/1.0" 200 258919 "-" "-"
51.77.52.107 - - [26/May/2025:12:21:13 +0200] "GET /Jurek/eurofirany/images/397116/0.jpg HTTP/2.0" 200 40976 "-" "baselinker"
89.161.206.59 - - [26/May/2025:12:21:15 +0200] "GET /Jurek/equalo/feeds/equalo_skroutz.xml HTTP/1.0" 200 98001 "-" "-"
89.161.206.59 - - [26/May/2025:12:21:15 +0200] "GET /Jurek/lampart/feeds/lampart_skroutz.xml HTTP/1.0" 200 936026 "-" "-"
51.77.52.107 - - [26/May/2025:12:21:31 +0200] "GET /Jurek/eurofirany/images/397116/0.jpg HTTP/2.0" 200 40976 "-" "baselinker"
51.77.52.107 - - [26/May/2025:12:21:52 +0200] "GET /Jurek/eurofirany/images/397116/0.jpg HTTP/2.0" 200 40976 "-" "baselinker"
51.77.52.107 - - [26/May/2025:12:22:01 +0200] "GET /Jurek/eurofirany/images/397117/0.jpg HTTP/2.0" 200 40976 "-" "baselinker"
157.55.39.52 - - [26/May/2025:12:22:13 +0200] "GET /logs/access/2025-03-27.log HTTP/2.0" 200 2154212 "-" "Mozilla/5.0 AppleWebKit/537.36 (KHTML, like Gecko; compatible; bingbot/2.0; +http://www.bing.com/bingbot.htm) Chrome/116.0.1938.76 Safari/537.36"
51.77.52.107 - - [26/May/2025:12:22:16 +0200] "GET /Jurek/eurofirany/images/397117/0.jpg HTTP/2.0" 200 40976 "-" "baselinker"
51.77.52.107 - - [26/May/2025:12:22:32 +0200] "GET /Jurek/eurofirany/images/397117/0.jpg HTTP/2.0" 200 40976 "-" "baselinker"
51.77.52.107 - - [26/May/2025:12:22:48 +0200] "GET /Jurek/eurofirany/images/409411/0.jpg HTTP/2.0" 200 18565 "-" "baselinker"
51.77.52.107 - - [26/May/2025:12:23:07 +0200] "GET /Jurek/eurofirany/images/409411/0.jpg HTTP/2.0" 200 18565 "-" "baselinker"
51.77.52.107 - - [26/May/2025:12:23:25 +0200] "GET /Jurek/eurofirany/images/409411/0.jpg HTTP/2.0" 200 18565 "-" "baselinker"
51.77.52.107 - - [26/May/2025:12:23:31 +0200] "GET /Jurek/eurofirany/images/409412/0.jpg HTTP/2.0" 200 29127 "-" "baselinker"
51.77.52.107 - - [26/May/2025:12:23:56 +0200] "GET /Jurek/eurofirany/images/409412/0.jpg HTTP/2.0" 200 29127 "-" "baselinker"
51.77.52.107 - - [26/May/2025:12:24:02 +0200] "GET /Jurek/eurofirany/images/409412/0.jpg HTTP/2.0" 200 29127 "-" "baselinker"
51.77.52.107 - - [26/May/2025:12:24:20 +0200] "GET /Jurek/eurofirany/images/409413/0.jpg HTTP/2.0" 200 29127 "-" "baselinker"
51.77.52.107 - - [26/May/2025:12:24:37 +0200] "GET /Jurek/eurofirany/images/409413/0.jpg HTTP/2.0" 200 29127 "-" "baselinker"
51.77.52.107 - - [26/May/2025:12:24:45 +0200] "GET /Jurek/eurofirany/images/409413/0.jpg HTTP/2.0" 200 29127 "-" "baselinker"
51.77.52.107 - - [26/May/2025:12:24:52 +0200] "GET /Jurek/eurofirany/images/409416/0.jpg HTTP/2.0" 200 22943 "-" "baselinker"
46.101.116.244 - - [26/May/2025:12:25:01 +0200] "GET /Jurek/piotrmiedz/feeds/piotrmiedz_skr.xml HTTP/1.0" 200 91045064 "-" "-"
51.77.52.107 - - [26/May/2025:12:25:03 +0200] "GET /Jurek/eurofirany/images/409416/0.jpg HTTP/2.0" 200 22943 "-" "baselinker"
51.77.52.107 - - [26/May/2025:12:25:19 +0200] "GET /Jurek/eurofirany/images/409416/0.jpg HTTP/2.0" 200 22943 "-" "baselinker"
51.77.52.107 - - [26/May/2025:12:25:38 +0200] "GET /Jurek/eurofirany/images/432116/0.jpg HTTP/2.0" 200 177166 "-" "baselinker"
51.77.52.107 - - [26/May/2025:12:26:00 +0200] "GET /Jurek/eurofirany/images/432116/0.jpg HTTP/2.0" 200 177166 "-" "baselinker"
51.77.52.107 - - [26/May/2025:12:26:18 +0200] "GET /Jurek/eurofirany/images/432116/0.jpg HTTP/2.0" 200 177166 "-" "baselinker"
51.77.52.107 - - [26/May/2025:12:26:30 +0200] "GET /Jurek/eurofirany/images/432169/0.jpg HTTP/2.0" 200 98487 "-" "baselinker"
51.77.52.107 - - [26/May/2025:12:26:47 +0200] "GET /Jurek/eurofirany/images/432169/0.jpg HTTP/2.0" 200 98487 "-" "baselinker"
51.77.52.107 - - [26/May/2025:12:27:05 +0200] "GET /Jurek/eurofirany/images/432169/0.jpg HTTP/2.0" 200 98487 "-" "baselinker"
51.77.52.107 - - [26/May/2025:12:27:32 +0200] "GET /Jurek/eurofirany/images/409415/0.jpg HTTP/2.0" 200 45924 "-" "baselinker"
51.77.52.107 - - [26/May/2025:12:27:50 +0200] "GET /Jurek/eurofirany/images/409415/0.jpg HTTP/2.0" 200 45924 "-" "baselinker"
51.77.52.107 - - [26/May/2025:12:28:11 +0200] "GET /Jurek/eurofirany/images/409415/0.jpg HTTP/2.0" 200 45924 "-" "baselinker"
51.77.52.107 - - [26/May/2025:12:28:17 +0200] "GET /Jurek/eurofirany/images/441929/0.jpg HTTP/2.0" 200 33 "-" "baselinker"
51.77.52.107 - - [26/May/2025:12:28:17 +0200] "GET /Jurek/eurofirany/images/441929/0.jpg HTTP/2.0" 200 33 "-" "baselinker"
51.77.52.107 - - [26/May/2025:12:28:18 +0200] "GET /Jurek/eurofirany/images/441929/0.jpg HTTP/2.0" 200 33 "-" "baselinker"
51.77.52.107 - - [26/May/2025:12:28:19 +0200] "GET /Jurek/eurofirany/images/429741/0.jpg HTTP/2.0" 200 44593 "-" "baselinker"
51.77.52.107 - - [26/May/2025:12:28:35 +0200] "GET /Jurek/eurofirany/images/429741/0.jpg HTTP/2.0" 200 44593 "-" "baselinker"
51.77.52.107 - - [26/May/2025:12:28:40 +0200] "GET /Jurek/eurofirany/images/429741/0.jpg HTTP/2.0" 200 44593 "-" "baselinker"
51.77.52.107 - - [26/May/2025:12:28:47 +0200] "GET /Jurek/eurofirany/images/429743/0.jpg HTTP/2.0" 200 44593 "-" "baselinker"
89.161.206.59 - - [26/May/2025:12:28:51 +0200] "GET /Jurek/jankeski/feeds/jankeski_skroutz.xml HTTP/1.0" 200 6571160 "-" "-"
51.77.52.107 - - [26/May/2025:12:29:08 +0200] "GET /Jurek/eurofirany/images/429743/0.jpg HTTP/2.0" 200 44593 "-" "baselinker"
51.77.52.107 - - [26/May/2025:12:29:20 +0200] "GET /Jurek/eurofirany/images/429743/0.jpg HTTP/2.0" 200 44593 "-" "baselinker"
51.77.52.107 - - [26/May/2025:12:29:26 +0200] "GET /Jurek/eurofirany/images/429748/0.jpg HTTP/2.0" 200 35952 "-" "baselinker"
51.77.52.107 - - [26/May/2025:12:29:34 +0200] "GET /Jurek/eurofirany/images/429748/0.jpg HTTP/2.0" 200 35952 "-" "baselinker"
51.77.52.107 - - [26/May/2025:12:29:38 +0200] "GET /Jurek/eurofirany/images/429748/0.jpg HTTP/2.0" 200 35952 "-" "baselinker"
193.33.8.61 - - [26/May/2025:12:29:39 +0200] "GET /favicon.ico HTTP/2.0" 404 3551 "https://dkkapusta1997.usermd.net/Jurek/eany/" "Mozilla/5.0 (Windows NT 10.0; Win64; x64) AppleWebKit/537.36 (KHTML, like Gecko) Chrome/136.0.0.0 Safari/537.36"
51.77.52.107 - - [26/May/2025:12:29:45 +0200] "GET /Jurek/eurofirany/images/409414/0.jpg HTTP/2.0" 200 33 "-" "baselinker"
51.77.52.107 - - [26/May/2025:12:29:46 +0200] "GET /Jurek/eurofirany/images/409414/0.jpg HTTP/2.0" 200 33 "-" "baselinker"
51.77.52.107 - - [26/May/2025:12:29:46 +0200] "GET /Jurek/eurofirany/images/409414/0.jpg HTTP/2.0" 200 33 "-" "baselinker"
51.77.52.107 - - [26/May/2025:12:29:48 +0200] "GET /Jurek/eurofirany/images/409417/0.jpg HTTP/2.0" 200 33 "-" "baselinker"
51.77.52.107 - - [26/May/2025:12:29:49 +0200] "GET /Jurek/eurofirany/images/409417/0.jpg HTTP/2.0" 200 33 "-" "baselinker"
51.77.52.107 - - [26/May/2025:12:29:49 +0200] "GET /Jurek/eurofirany/images/409417/0.jpg HTTP/2.0" 200 33 "-" "baselinker"
51.77.52.107 - - [26/May/2025:12:29:50 +0200] "GET /Jurek/eurofirany/images/452246/0.jpg HTTP/2.0" 200 175270 "-" "baselinker"
193.33.8.61 - - [26/May/2025:12:29:53 +0200] "GET /Filip/janshop_orders/exports/ HTTP/2.0" 401 3550 "-" "Mozilla/5.0 (Macintosh; Intel Mac OS X 10_15_7) AppleWebKit/605.1.15 (KHTML, like Gecko) Version/17.5 Safari/605.1.15"
193.33.8.61 - maria [26/May/2025:12:29:53 +0200] "GET /Filip/janshop_orders/exports/ HTTP/2.0" 200 36331 "-" "Mozilla/5.0 (Macintosh; Intel Mac OS X 10_15_7) AppleWebKit/605.1.15 (KHTML, like Gecko) Version/17.5 Safari/605.1.15"
51.77.52.107 - - [26/May/2025:12:30:11 +0200] "GET /Jurek/eurofirany/images/452246/0.jpg HTTP/2.0" 200 175270 "-" "baselinker"
51.77.52.107 - - [26/May/2025:12:30:32 +0200] "GET /Jurek/eurofirany/images/452246/0.jpg HTTP/2.0" 200 175270 "-" "baselinker"
51.77.52.107 - - [26/May/2025:12:30:49 +0200] "GET /Jurek/eurofirany/images/452247/0.jpg HTTP/2.0" 200 175270 "-" "baselinker"
51.77.52.107 - - [26/May/2025:12:31:07 +0200] "GET /Jurek/eurofirany/images/452247/0.jpg HTTP/2.0" 200 175270 "-" "baselinker"
51.77.52.107 - - [26/May/2025:12:31:10 +0200] "GET /Jurek/eurofirany/images/452247/0.jpg HTTP/2.0" 200 175270 "-" "baselinker"
51.77.52.107 - - [26/May/2025:12:31:25 +0200] "GET /Jurek/eurofirany/images/452718/0.jpg HTTP/2.0" 200 129243 "-" "baselinker"
51.77.52.107 - - [26/May/2025:12:31:46 +0200] "GET /Jurek/eurofirany/images/452718/0.jpg HTTP/2.0" 200 129243 "-" "baselinker"
51.77.52.107 - - [26/May/2025:12:32:03 +0200] "GET /Jurek/eurofirany/images/452718/0.jpg HTTP/2.0" 200 129243 "-" "baselinker"
51.77.52.107 - - [26/May/2025:12:32:14 +0200] "GET /Jurek/eurofirany/images/453515/0.jpg HTTP/2.0" 200 120496 "-" "baselinker"
51.77.52.107 - - [26/May/2025:12:32:31 +0200] "GET /Jurek/eurofirany/images/453515/0.jpg HTTP/2.0" 200 120496 "-" "baselinker"
51.77.52.107 - - [26/May/2025:12:32:47 +0200] "GET /Jurek/eurofirany/images/453515/0.jpg HTTP/2.0" 200 120496 "-" "baselinker"
89.161.206.59 - - [26/May/2025:12:32:56 +0200] "GET /Jurek/cbdgreen/feeds/cbdgreen_emagro.xml HTTP/1.0" 200 50548 "-" "-"
89.161.206.59 - - [26/May/2025:12:32:57 +0200] "GET /Jurek/eldar/feeds/eldar_emagro.xml HTTP/1.0" 200 7337554 "-" "-"
89.161.206.59 - - [26/May/2025:12:32:58 +0200] "GET /Jurek/motofan/feeds/motofan_emagro.xml HTTP/1.0" 200 2392204 "-" "-"
89.161.206.59 - - [26/May/2025:12:32:59 +0200] "GET /Jurek/sartrix/feeds/sartrix_emagro.xml HTTP/1.0" 200 649221 "-" "-"
89.161.206.59 - - [26/May/2025:12:32:59 +0200] "GET /Jurek/dekoele/feeds/dekoele_emagro.xml HTTP/1.0" 200 733963 "-" "-"
89.161.206.59 - - [26/May/2025:12:32:59 +0200] "GET /Jurek/expertauto/feeds/expertauto_emagro.xml HTTP/1.0" 200 1159159 "-" "-"
89.161.206.59 - - [26/May/2025:12:32:59 +0200] "GET /Jurek/rider/feeds/rider_emagro.xml HTTP/1.0" 200 8165863 "-" "-"
51.77.52.107 - - [26/May/2025:12:33:06 +0200] "GET /Jurek/eurofirany/images/453517/0.jpg HTTP/2.0" 200 112113 "-" "baselinker"
51.77.52.107 - - [26/May/2025:12:33:33 +0200] "GET /Jurek/eurofirany/images/453517/0.jpg HTTP/2.0" 200 112113 "-" "baselinker"
89.161.206.59 - - [26/May/2025:12:33:45 +0200] "GET /Jurek/pupus/feeds/pupus_emagro.xml HTTP/1.0" 200 6155017 "-" "-"
89.161.206.59 - - [26/May/2025:12:33:45 +0200] "GET /Jurek/beltimore/feeds/beltimore_emagro.xml HTTP/1.0" 200 18653945 "-" "-"
89.161.206.59 - - [26/May/2025:12:33:46 +0200] "GET /Jurek/smxdesign/feeds/smxdesign_emagro.xml HTTP/1.0" 200 1829163 "-" "-"
89.161.206.59 - - [26/May/2025:12:33:46 +0200] "GET /Jurek/muminky/feeds/muminky_emagro.xml HTTP/1.0" 200 2678092 "-" "-"
51.77.52.107 - - [26/May/2025:12:33:55 +0200] "GET /Jurek/eurofirany/images/453517/0.jpg HTTP/2.0" 200 112113 "-" "baselinker"
51.77.52.107 - - [26/May/2025:12:34:15 +0200] "GET /Jurek/eurofirany/images/453519/0.jpg HTTP/2.0" 200 138944 "-" "baselinker"
51.77.52.107 - - [26/May/2025:12:34:37 +0200] "GET /Jurek/eurofirany/images/453519/0.jpg HTTP/2.0" 200 138944 "-" "baselinker"
89.161.206.59 - - [26/May/2025:12:34:48 +0200] "GET /Jurek/eurofirany/feeds/eurofirany_emagro.xml HTTP/1.0" 200 18729495 "-" "-"
89.161.206.59 - - [26/May/2025:12:34:49 +0200] "GET /Jurek/qbox/feeds/qbox_emagro.xml HTTP/1.0" 200 398859 "-" "-"
89.161.206.59 - - [26/May/2025:12:34:50 +0200] "GET /Jurek/evil/feeds/evil_emagro.xml HTTP/1.0" 200 306430 "-" "-"
89.161.206.59 - - [26/May/2025:12:34:50 +0200] "GET /Jurek/dekornatort/feeds/dekornatort_emagro.xml HTTP/1.0" 200 225748 "-" "-"
89.161.206.59 - - [26/May/2025:12:34:50 +0200] "GET /Jurek/ekotex/feeds/ekotex_emagro.xml HTTP/1.0" 200 197970 "-" "-"
89.161.206.59 - - [26/May/2025:12:34:51 +0200] "GET /Jurek/twojsklep/feeds/twojsklep_emagro.xml HTTP/1.0" 200 126814 "-" "-"
89.161.206.59 - - [26/May/2025:12:34:51 +0200] "GET /Jurek/drewdon/feeds/drewdon_emagro.xml HTTP/1.0" 200 504528 "-" "-"
89.161.206.59 - - [26/May/2025:12:34:51 +0200] "GET /Jurek/wezer/feeds/wezer_emagro.xml HTTP/1.0" 200 210964 "-" "-"
89.161.206.59 - - [26/May/2025:12:34:51 +0200] "GET /Jurek/pasiekaslodka/feeds/pasiekaslodka_emagro.xml HTTP/1.0" 200 119684 "-" "-"
89.161.206.59 - - [26/May/2025:12:34:51 +0200] "GET /Jurek/lendo/feeds/lendo_emagro.xml HTTP/1.0" 200 330414 "-" "-"
89.161.206.59 - - [26/May/2025:12:34:53 +0200] "GET /Jurek/hurtmeblowy/feeds/hurtmeblowy_emagro.xml HTTP/1.0" 200 8544395 "-" "-"
89.161.206.59 - - [26/May/2025:12:34:53 +0200] "GET /Jurek/ikonka/feeds/ikonka_emagro.xml HTTP/1.0" 200 20726124 "-" "-"
51.77.52.107 - - [26/May/2025:12:34:59 +0200] "GET /Jurek/eurofirany/images/453519/0.jpg HTTP/2.0" 200 138944 "-" "baselinker"
51.77.52.107 - - [26/May/2025:12:35:18 +0200] "GET /Jurek/eurofirany/images/452236/0.jpg HTTP/2.0" 200 96600 "-" "baselinker"
51.77.52.107 - - [26/May/2025:12:35:24 +0200] "GET /Jurek/eurofirany/images/452236/0.jpg HTTP/2.0" 200 96600 "-" "baselinker"
89.161.206.59 - - [26/May/2025:12:35:24 +0200] "GET /Jurek/waks/feeds/waks_emagro.xml HTTP/1.0" 200 1598638 "-" "-"
89.161.206.59 - - [26/May/2025:12:35:30 +0200] "GET /Jurek/fertone/feeds/fertone_emagro.xml HTTP/1.0" 200 583981 "-" "-"
89.161.206.59 - - [26/May/2025:12:35:30 +0200] "GET /Jurek/artdog/feeds/artdog_emagro.xml HTTP/1.0" 200 17164728 "-" "-"
89.161.206.59 - - [26/May/2025:12:35:32 +0200] "GET /Jurek/ekuchcikowo/feeds/ekuchcikowo_emagro.xml HTTP/1.0" 200 12472714 "-" "-"
89.161.206.59 - - [26/May/2025:12:35:35 +0200] "GET /Jurek/edruk/feeds/edruk_emagro.xml HTTP/1.0" 200 14151334 "-" "-"
51.77.52.107 - - [26/May/2025:12:35:40 +0200] "GET /Jurek/eurofirany/images/452236/0.jpg HTTP/2.0" 200 96600 "-" "baselinker"
89.161.206.59 - - [26/May/2025:12:35:42 +0200] "GET /Jurek/madrex/feeds/madrex_emagro.xml HTTP/1.0" 200 466714 "-" "-"
89.161.206.59 - - [26/May/2025:12:35:46 +0200] "GET /Jurek/sternhoff/feeds/sternhoff_emagro.xml HTTP/1.0" 200 1775476 "-" "-"
89.161.206.59 - - [26/May/2025:12:35:51 +0200] "GET /Jurek/globaldeli/feeds/globaldeli_emagro.xml HTTP/1.0" 200 2590918 "-" "-"
52.209.168.113 - - [26/May/2025:12:35:53 +0200] "GET /marketplaces/worten2/results/worten.csv HTTP/1.1" 200 19508992 "-" "Mirakl HttpClient"
89.161.206.59 - - [26/May/2025:12:35:56 +0200] "GET /Jurek/kinghome/feeds/kinghome_emagro.xml HTTP/1.0" 200 6359586 "-" "-"
89.161.206.59 - - [26/May/2025:12:36:00 +0200] "GET /Jurek/hlo/feeds/hlo_emagro.xml HTTP/1.0" 200 4838786 "-" "-"
89.161.206.59 - - [26/May/2025:12:36:01 +0200] "GET /Jurek/roger/feeds/roger_emagro.xml HTTP/1.0" 200 1396806 "-" "-"
89.161.206.59 - - [26/May/2025:12:36:01 +0200] "GET /Jurek/nexus/feeds/nexus_emagro.xml HTTP/1.0" 200 226683 "-" "-"
89.161.206.59 - - [26/May/2025:12:36:04 +0200] "GET /Jurek/luxma/feeds/luxma_emagro.xml HTTP/1.0" 200 8059142 "-" "-"
51.77.52.107 - - [26/May/2025:12:36:04 +0200] "GET /Jurek/eurofirany/images/452237/0.jpg HTTP/2.0" 200 96600 "-" "baselinker"
66.249.70.36 - - [26/May/2025:12:36:06 +0200] "GET /Jurek/eurofirany/images/398808/8.jpg HTTP/1.1" 200 6625 "-" "Googlebot-Image/1.0"
89.161.206.59 - - [26/May/2025:12:36:06 +0200] "GET /Jurek/coppotech/feeds/coppotech_emagro.xml HTTP/1.0" 200 38056583 "-" "-"
89.161.206.59 - - [26/May/2025:12:36:09 +0200] "GET /Jurek/zenga/feeds/zenga_emagro.xml HTTP/1.0" 200 222863 "-" "-"
46.101.116.244 - - [26/May/2025:12:36:10 +0200] "GET /Jurek/fernity/feeds/fernity_cdiscount.xml HTTP/1.0" 200 3143469 "-" "-"
51.77.52.107 - - [26/May/2025:12:36:10 +0200] "GET /Jurek/eurofirany/images/452237/0.jpg HTTP/2.0" 200 96600 "-" "baselinker"
89.161.206.59 - - [26/May/2025:12:36:11 +0200] "GET /Jurek/kristronik/feeds/kristronik_cdsc.xml HTTP/1.0" 200 429828 "-" "-"
89.161.206.59 - - [26/May/2025:12:36:14 +0200] "GET /Jurek/oknobest/feeds/oknobest_emagro.xml HTTP/1.0" 200 2708613 "-" "-"
89.161.206.59 - - [26/May/2025:12:36:23 +0200] "GET /Jurek/beautycare/feeds/beautycare_emagro.xml HTTP/1.0" 200 1181602 "-" "-"
89.161.206.59 - - [26/May/2025:12:36:24 +0200] "GET /Jurek/jakdroz/feeds/jakdroz_emagro.xml HTTP/1.0" 200 4090806 "-" "-"
89.161.206.59 - - [26/May/2025:12:36:25 +0200] "GET /Jurek/andex/feeds/andex_emagro.xml HTTP/1.0" 200 1953941 "-" "-"
89.161.206.59 - - [26/May/2025:12:36:25 +0200] "GET /Jurek/riko/feeds/riko_emagro.xml HTTP/1.0" 200 3786617 "-" "-"
89.161.206.59 - - [26/May/2025:12:36:25 +0200] "GET /Jurek/kalama/feeds/kalama_emagro.xml HTTP/1.0" 200 2662089 "-" "-"
89.161.206.59 - - [26/May/2025:12:36:27 +0200] "GET /Jurek/missionair/feeds/missionair_emagro.xml HTTP/1.0" 200 3155054 "-" "-"
89.161.206.59 - - [26/May/2025:12:36:27 +0200] "GET /Jurek/sovapl/feeds/sovapl_emagro.xml HTTP/1.0" 200 9002680 "-" "-"
89.161.206.59 - - [26/May/2025:12:36:28 +0200] "GET /Jurek/mojeledy/feeds/mojeledy_emagro.xml HTTP/1.0" 200 1018621 "-" "-"
51.77.52.107 - - [26/May/2025:12:36:30 +0200] "GET /Jurek/eurofirany/images/452237/0.jpg HTTP/2.0" 200 96600 "-" "baselinker"
89.161.206.59 - - [26/May/2025:12:36:31 +0200] "GET /Jurek/proadventure/feeds/proadventure_emag.xml HTTP/1.0" 200 10765311 "-" "-"
89.161.206.59 - - [26/May/2025:12:36:34 +0200] "GET /Jurek/rems/feeds/rems_emag.xml HTTP/1.0" 200 8706536 "-" "-"
51.77.52.107 - - [26/May/2025:12:36:37 +0200] "GET /Jurek/eurofirany/images/452238/0.jpg HTTP/2.0" 200 105368 "-" "baselinker"
89.161.206.59 - - [26/May/2025:12:36:45 +0200] "GET /Jurek/lerutrade/feeds/lerutrade_emag.xml HTTP/1.0" 200 82823 "-" "-"
193.33.8.61 - - [26/May/2025:12:36:52 +0200] "GET /Jurek/eany/ HTTP/2.0" 200 634 "-" "Mozilla/5.0 (Windows NT 10.0; Win64; x64) AppleWebKit/537.36 (KHTML, like Gecko) Chrome/136.0.0.0 Safari/537.36"
193.33.8.61 - - [26/May/2025:12:36:52 +0200] "GET /Jurek/eany/styles.css HTTP/2.0" 200 2070 "https://dkkapusta1997.usermd.net/Jurek/eany/" "Mozilla/5.0 (Windows NT 10.0; Win64; x64) AppleWebKit/537.36 (KHTML, like Gecko) Chrome/136.0.0.0 Safari/537.36"
193.33.8.61 - - [26/May/2025:12:36:52 +0200] "GET /Jurek/eany/script.js HTTP/2.0" 200 4251 "https://dkkapusta1997.usermd.net/Jurek/eany/" "Mozilla/5.0 (Windows NT 10.0; Win64; x64) AppleWebKit/537.36 (KHTML, like Gecko) Chrome/136.0.0.0 Safari/537.36"
193.33.8.61 - - [26/May/2025:12:36:52 +0200] "GET /favicon.ico HTTP/2.0" 404 3551 "https://dkkapusta1997.usermd.net/Jurek/eany/" "Mozilla/5.0 (Windows NT 10.0; Win64; x64) AppleWebKit/537.36 (KHTML, like Gecko) Chrome/136.0.0.0 Safari/537.36"
193.33.8.61 - - [26/May/2025:12:36:56 +0200] "GET /Jurek/eany/data.csv HTTP/2.0" 200 26438611 "https://dkkapusta1997.usermd.net/Jurek/eany/" "Mozilla/5.0 (Windows NT 10.0; Win64; x64) AppleWebKit/537.36 (KHTML, like Gecko) Chrome/136.0.0.0 Safari/537.36"
89.161.206.59 - - [26/May/2025:12:36:59 +0200] "GET /Jurek/kobi/feeds/kobi_emagro.xml HTTP/1.0" 200 249047 "-" "-"
46.101.116.244 - - [26/May/2025:12:37:01 +0200] "GET /Jurek/piotrmiedz/feeds/piotrmiedz_emagro.xml HTTP/1.0" 200 91067789 "-" "-"
51.77.52.107 - - [26/May/2025:12:37:04 +0200] "GET /Jurek/eurofirany/images/452238/0.jpg HTTP/2.0" 200 105368 "-" "baselinker"
51.77.52.107 - - [26/May/2025:12:37:09 +0200] "GET /Jurek/eurofirany/images/452238/0.jpg HTTP/2.0" 200 105368 "-" "baselinker"
89.161.206.59 - - [26/May/2025:12:37:19 +0200] "GET /Jurek/rovato/feeds/rovato_emagro.xml HTTP/1.0" 200 180855 "-" "-"
51.77.52.107 - - [26/May/2025:12:37:19 +0200] "GET /Jurek/eurofirany/images/452239/0.jpg HTTP/2.0" 200 105368 "-" "baselinker"
89.161.206.59 - - [26/May/2025:12:37:21 +0200] "GET /Jurek/jankeski/feeds/jankeski_emagro.xml HTTP/1.0" 200 6571521 "-" "-"
51.77.52.107 - - [26/May/2025:12:37:46 +0200] "GET /Jurek/eurofirany/images/452239/0.jpg HTTP/2.0" 200 105368 "-" "baselinker"
51.77.52.107 - - [26/May/2025:12:37:52 +0200] "GET /Jurek/eurofirany/images/452239/0.jpg HTTP/2.0" 200 105368 "-" "baselinker"
51.77.52.107 - - [26/May/2025:12:38:00 +0200] "GET /Jurek/eurofirany/images/452240/0.jpg HTTP/2.0" 200 98109 "-" "baselinker"
51.77.52.107 - - [26/May/2025:12:38:06 +0200] "GET /Jurek/eurofirany/images/452240/0.jpg HTTP/2.0" 200 98109 "-" "baselinker"
51.77.52.107 - - [26/May/2025:12:38:10 +0200] "GET /Jurek/eurofirany/images/452240/0.jpg HTTP/2.0" 200 98109 "-" "baselinker"
51.77.52.107 - - [26/May/2025:12:38:27 +0200] "GET /Jurek/eurofirany/images/452241/0.jpg HTTP/2.0" 200 98109 "-" "baselinker"
51.77.52.107 - - [26/May/2025:12:38:48 +0200] "GET /Jurek/eurofirany/images/452241/0.jpg HTTP/2.0" 200 98109 "-" "baselinker"
51.77.52.107 - - [26/May/2025:12:39:04 +0200] "GET /Jurek/eurofirany/images/452241/0.jpg HTTP/2.0" 200 98109 "-" "baselinker"
51.77.52.107 - - [26/May/2025:12:39:09 +0200] "GET /Jurek/eurofirany/images/452242/0.jpg HTTP/2.0" 200 119998 "-" "baselinker"
51.77.52.107 - - [26/May/2025:12:39:28 +0200] "GET /Jurek/eurofirany/images/452242/0.jpg HTTP/2.0" 200 119998 "-" "baselinker"
51.77.52.107 - - [26/May/2025:12:39:47 +0200] "GET /Jurek/eurofirany/images/452242/0.jpg HTTP/2.0" 200 119998 "-" "baselinker"
51.77.52.107 - - [26/May/2025:12:39:52 +0200] "GET /Jurek/eurofirany/images/452243/0.jpg HTTP/2.0" 200 119998 "-" "baselinker"
66.249.70.36 - - [26/May/2025:12:39:54 +0200] "GET /Jurek/eurofirany/images/383336/4.jpg HTTP/1.1" 200 6595 "-" "Googlebot-Image/1.0"
51.77.52.107 - - [26/May/2025:12:40:08 +0200] "GET /Jurek/eurofirany/images/452243/0.jpg HTTP/2.0" 200 119998 "-" "baselinker"
51.77.52.107 - - [26/May/2025:12:40:24 +0200] "GET /Jurek/eurofirany/images/452243/0.jpg HTTP/2.0" 200 119998 "-" "baselinker"
89.161.206.59 - - [26/May/2025:12:40:27 +0200] "GET /Jurek/regis/feeds/regis_cdsc.xml HTTP/1.0" 200 231389 "-" "-"
46.101.116.244 - - [26/May/2025:12:40:38 +0200] "GET /Jurek/kinghoff/feeds/kinghoff_ceneo.xml HTTP/1.0" 200 15703899 "-" "-"
46.101.116.244 - - [26/May/2025:12:40:39 +0200] "GET /Jurek/barbecook/feeds/barbecook_allegro.xml HTTP/1.0" 200 87554 "-" "-"
51.77.52.107 - - [26/May/2025:12:40:43 +0200] "GET /Jurek/eurofirany/images/452244/0.jpg HTTP/2.0" 200 119982 "-" "baselinker"
46.101.116.244 - - [26/May/2025:12:40:43 +0200] "GET /Jurek/vida_morele/feeds/vidaPL_velomarket_category0.xml HTTP/1.0" 200 159353512 "-" "-"
46.101.116.244 - - [26/May/2025:12:40:53 +0200] "GET /Jurek/vida_morele/feeds/vidaPL_velomarket_category2.xml HTTP/1.0" 200 53594056 "-" "-"
46.101.116.244 - - [26/May/2025:12:40:59 +0200] "GET /Jurek/vida_morele/feeds/vidaPL_velomarket_category1.xml HTTP/1.0" 200 193119101 "-" "-"
51.77.52.107 - - [26/May/2025:12:41:01 +0200] "GET /Jurek/eurofirany/images/452244/0.jpg HTTP/2.0" 200 119982 "-" "baselinker"
46.101.116.244 - - [26/May/2025:12:41:11 +0200] "GET /Jurek/vida_morele/feeds/vidaPL_velomarket_category3.xml HTTP/1.0" 200 60176049 "-" "-"
51.77.52.107 - - [26/May/2025:12:41:22 +0200] "GET /Jurek/eurofirany/images/452244/0.jpg HTTP/2.0" 200 119982 "-" "baselinker"
51.77.52.107 - - [26/May/2025:12:41:28 +0200] "GET /Jurek/eurofirany/images/452245/0.jpg HTTP/2.0" 200 119982 "-" "baselinker"
51.77.52.107 - - [26/May/2025:12:41:46 +0200] "GET /Jurek/eurofirany/images/452245/0.jpg HTTP/2.0" 200 119982 "-" "baselinker"
51.77.52.107 - - [26/May/2025:12:41:59 +0200] "GET /Jurek/eurofirany/images/452245/0.jpg HTTP/2.0" 200 119982 "-" "baselinker"
51.77.52.107 - - [26/May/2025:12:42:17 +0200] "GET /Jurek/eurofirany/images/456567/0.jpg HTTP/2.0" 200 76751 "-" "baselinker"
51.77.52.107 - - [26/May/2025:12:42:35 +0200] "GET /Jurek/eurofirany/images/456567/0.jpg HTTP/2.0" 200 76751 "-" "baselinker"
51.77.52.107 - - [26/May/2025:12:42:56 +0200] "GET /Jurek/eurofirany/images/456567/0.jpg HTTP/2.0" 200 76751 "-" "baselinker"
51.77.52.107 - - [26/May/2025:12:43:11 +0200] "GET /Jurek/eurofirany/images/459367/0.jpg HTTP/2.0" 200 99656 "-" "baselinker"
51.77.52.107 - - [26/May/2025:12:43:32 +0200] "GET /Jurek/eurofirany/images/459367/0.jpg HTTP/2.0" 200 99656 "-" "baselinker"
51.77.52.107 - - [26/May/2025:12:43:58 +0200] "GET /Jurek/eurofirany/images/459367/0.jpg HTTP/2.0" 200 99656 "-" "baselinker"
51.77.52.107 - - [26/May/2025:12:44:19 +0200] "GET /Jurek/eurofirany/images/459351/0.jpg HTTP/2.0" 200 71249 "-" "baselinker"
82.135.82.203 - - [26/May/2025:12:44:26 +0200] "GET /Jurek/topeshop/downloaded_images/5904507201296_NEL-III-BIEL-MAT-KOSZ-CROP.png HTTP/2.0" 200 411946 "-" "Mozilla/5.0 (Linux; Android 12; SM-N970F Build/SP1A.210812.016; wv) AppleWebKit/537.36 (KHTML, like Gecko) Version/4.0 Chrome/136.0.7103.125 Mobile Safari/537.36"
51.77.52.107 - - [26/May/2025:12:44:37 +0200] "GET /Jurek/eurofirany/images/459351/0.jpg HTTP/2.0" 200 71249 "-" "baselinker"
51.77.52.107 - - [26/May/2025:12:44:55 +0200] "GET /Jurek/eurofirany/images/459351/0.jpg HTTP/2.0" 200 71249 "-" "baselinker"
46.101.116.244 - - [26/May/2025:12:44:58 +0200] "GET /Jurek/b3/feeds/b3_alza.xml HTTP/2.0" 200 8072210 "-" "-"
51.77.52.107 - - [26/May/2025:12:45:16 +0200] "GET /Jurek/eurofirany/images/459352/0.jpg HTTP/2.0" 200 91476 "-" "baselinker"
46.101.116.244 - - [26/May/2025:12:45:22 +0200] "GET /Jurek/action/feeds/action_alza.xml HTTP/2.0" 200 58697291 "-" "-"
51.77.52.107 - - [26/May/2025:12:45:33 +0200] "GET /Jurek/eurofirany/images/459352/0.jpg HTTP/2.0" 200 91476 "-" "baselinker"
51.77.52.107 - - [26/May/2025:12:45:51 +0200] "GET /Jurek/eurofirany/images/459352/0.jpg HTTP/2.0" 200 91476 "-" "baselinker"
46.101.116.244 - - [26/May/2025:12:45:52 +0200] "GET /Jurek/eurofirany/feeds/eurofirany_empik.xml HTTP/1.0" 200 18720092 "-" "-"
82.135.82.203 - - [26/May/2025:12:46:06 +0200] "GET /Jurek/topeshop/downloaded_images/5904507201326_NEL-IV-BIEL-MAT-CROP.png HTTP/2.0" 200 414964 "-" "Mozilla/5.0 (Linux; Android 12; SM-N970F Build/SP1A.210812.016; wv) AppleWebKit/537.36 (KHTML, like Gecko) Version/4.0 Chrome/136.0.7103.125 Mobile Safari/537.36"
51.77.52.107 - - [26/May/2025:12:46:10 +0200] "GET /Jurek/eurofirany/images/462362/0.jpg HTTP/2.0" 200 84479 "-" "baselinker"
89.161.206.59 - - [26/May/2025:12:46:21 +0200] "GET /Jurek/swiatecznygoliat/feeds/swiatecznygoliat_amazonde.xml HTTP/1.0" 200 7050811 "-" "-"
51.77.52.107 - - [26/May/2025:12:46:29 +0200] "GET /Jurek/eurofirany/images/462362/0.jpg HTTP/2.0" 200 84479 "-" "baselinker"
51.77.52.107 - - [26/May/2025:12:46:46 +0200] "GET /Jurek/eurofirany/images/462362/0.jpg HTTP/2.0" 200 84479 "-" "baselinker"
46.101.116.244 - - [26/May/2025:12:46:49 +0200] "GET /Jurek/unimet/feeds/unimet_alza.xml HTTP/2.0" 200 61207033 "-" "-"
51.77.52.107 - - [26/May/2025:12:47:06 +0200] "GET /Jurek/eurofirany/images/463941/0.jpg HTTP/2.0" 200 104007 "-" "baselinker"
51.77.52.107 - - [26/May/2025:12:47:31 +0200] "GET /Jurek/eurofirany/images/463941/0.jpg HTTP/2.0" 200 104007 "-" "baselinker"
51.77.52.107 - - [26/May/2025:12:47:34 +0200] "GET /Jurek/eurofirany/images/463941/0.jpg HTTP/2.0" 200 104007 "-" "baselinker"
104.30.134.75 - - [26/May/2025:12:47:43 +0200] "GET /Jurek/topeshop/downloaded_images/5904507209629_R25_20st_bielPROFILOWE.jpg HTTP/2.0" 200 20456 "https://earth.skroutz.gr/" "Mozilla/5.0 (X11; Linux x86_64) AppleWebKit/537.36 (KHTML, like Gecko) Chrome/136.0.0.0 Safari/537.36"
51.77.52.107 - - [26/May/2025:12:47:47 +0200] "GET /Jurek/eurofirany/images/463997/0.jpg HTTP/2.0" 200 86095 "-" "baselinker"
51.77.52.107 - - [26/May/2025:12:48:05 +0200] "GET /Jurek/eurofirany/images/463997/0.jpg HTTP/2.0" 200 86095 "-" "baselinker"
46.101.116.244 - - [26/May/2025:12:48:17 +0200] "GET /Jurek/andex/feeds/andex_alza.xml HTTP/2.0" 200 1954465 "-" "-"
46.101.116.244 - - [26/May/2025:12:48:29 +0200] "GET /Jurek/aw/feeds/awnarzedzia_alza.xml HTTP/2.0" 200 91190717 "-" "-"
46.101.116.244 - - [26/May/2025:12:48:45 +0200] "GET /Jurek/chemex/feeds/chemex_empik.xml HTTP/1.0" 200 47822490 "-" "-"
46.101.116.244 - - [26/May/2025:12:48:49 +0200] "GET /Jurek/detian/feeds/detian_alza.xml HTTP/2.0" 404 3551 "-" "-"
46.101.116.244 - - [26/May/2025:12:49:00 +0200] "GET /Jurek/fernity/feeds/fernity_alza.xml HTTP/2.0" 200 4721898 "-" "-"
89.161.206.59 - - [26/May/2025:12:49:04 +0200] "GET /Jurek/waks/feeds/waks_skroutz.xml HTTP/1.0" 200 1596552 "-" "-"
66.135.223.44 - - [26/May/2025:12:49:06 +0200] "GET /Jurek/topeshop/downloaded_images/5904507201951_artisan140.jpg HTTP/1.1" 404 3551 "http://www.ebay.com/" "Mozilla/5.0 (Windows NT 10.0; Win64; x64) AppleWebKit/537.36 (KHTML, like Gecko) Chrome/123.0.0.0 Safari/537.36"
66.135.223.44 - - [26/May/2025:12:49:06 +0200] "GET /Jurek/topeshop/downloaded_images/5904507201951_aaaartv140.jpg HTTP/1.1" 200 125198 "http://www.ebay.com/" "Mozilla/5.0 (Windows NT 10.0; Win64; x64) AppleWebKit/537.36 (KHTML, like Gecko) Chrome/123.0.0.0 Safari/537.36"
66.135.223.42 - - [26/May/2025:12:49:06 +0200] "GET /Jurek/topeshop/downloaded_images/5904507201951_2.jpg HTTP/1.1" 404 3551 "http://www.ebay.com/" "Mozilla/5.0 (Windows NT 10.0; Win64; x64) AppleWebKit/537.36 (KHTML, like Gecko) Chrome/123.0.0.0 Safari/537.36"
66.135.223.40 - - [26/May/2025:12:49:06 +0200] "GET /Jurek/topeshop/downloaded_images/5904507201951_20st_1.jpg HTTP/1.1" 404 3551 "http://www.ebay.com/" "Mozilla/5.0 (Windows NT 10.0; Win64; x64) AppleWebKit/537.36 (KHTML, like Gecko) Chrome/123.0.0.0 Safari/537.36"
89.161.206.59 - - [26/May/2025:12:49:06 +0200] "GET /Jurek/fertone/feeds/fertone_skroutz.xml HTTP/1.0" 200 583866 "-" "-"
51.77.52.107 - - [26/May/2025:12:49:06 +0200] "GET /Jurek/eurofirany/images/463997/0.jpg HTTP/2.0" 200 86095 "-" "baselinker"
66.135.223.43 - - [26/May/2025:12:49:06 +0200] "GET /Jurek/topeshop/downloaded_images/5904507201951_rtv140aaaa.jpg HTTP/1.1" 200 135975 "http://www.ebay.com/" "Mozilla/5.0 (Windows NT 10.0; Win64; x64) AppleWebKit/537.36 (KHTML, like Gecko) Chrome/123.0.0.0 Safari/537.36"
66.135.223.40 - - [26/May/2025:12:49:06 +0200] "GET /Jurek/topeshop/downloaded_images/5904507201951_wiz1.jpg HTTP/1.1" 200 135073 "http://www.ebay.com/" "Mozilla/5.0 (Windows NT 10.0; Win64; x64) AppleWebKit/537.36 (KHTML, like Gecko) Chrome/123.0.0.0 Safari/537.36"
