51.77.52.107 - - [26/May/2025:05:54:41 +0200] "GET /Jurek/eurofirany/images/460253/0.jpg HTTP/2.0" 200 81735 "-" "baselinker"
89.161.206.59 - - [26/May/2025:05:54:46 +0200] "GET /Jurek/activeshop/feeds/activeshop_skroutz.xml HTTP/1.0" 200 6597606 "-" "-"
51.77.52.107 - - [26/May/2025:05:54:46 +0200] "GET /Jurek/eurofirany/images/460253/0.jpg HTTP/2.0" 200 81735 "-" "baselinker"
51.77.52.107 - - [26/May/2025:05:54:50 +0200] "GET /Jurek/eurofirany/images/460254/0.jpg HTTP/2.0" 200 81735 "-" "baselinker"
46.101.116.244 - - [26/May/2025:05:54:58 +0200] "GET /Jurek/beliani/feeds/beliani_skroutz.xml HTTP/1.0" 200 29052955 "-" "-"
51.77.52.107 - - [26/May/2025:05:55:03 +0200] "GET /Jurek/eurofirany/images/460254/0.jpg HTTP/2.0" 200 81735 "-" "baselinker"
51.77.52.107 - - [26/May/2025:05:55:08 +0200] "GET /Jurek/eurofirany/images/460254/0.jpg HTTP/2.0" 200 81735 "-" "baselinker"
46.101.116.244 - - [26/May/2025:05:55:08 +0200] "GET /Jurek/ikonka/feeds/ikonka_kauflandsk.xml HTTP/2.0" 200 20675508 "-" "-"
51.77.52.107 - - [26/May/2025:05:55:12 +0200] "GET /Jurek/eurofirany/images/460264/0.jpg HTTP/2.0" 200 47845 "-" "baselinker"
46.101.116.244 - - [26/May/2025:05:55:19 +0200] "GET /Jurek/kinghoff/feeds/kinghoff_kauflandsk.xml HTTP/2.0" 200 15702924 "-" "-"
51.77.52.107 - - [26/May/2025:05:55:26 +0200] "GET /Jurek/eurofirany/images/460264/0.jpg HTTP/2.0" 200 47845 "-" "baselinker"
51.77.52.107 - - [26/May/2025:05:55:29 +0200] "GET /Jurek/eurofirany/images/460264/0.jpg HTTP/2.0" 200 47845 "-" "baselinker"
51.77.52.107 - - [26/May/2025:05:55:34 +0200] "GET /Jurek/eurofirany/images/460265/0.jpg HTTP/2.0" 200 79980 "-" "baselinker"
46.101.116.244 - - [26/May/2025:05:55:35 +0200] "GET /Jurek/kinghome/feeds/kinghome_kauflandsk.xml HTTP/2.0" 200 6356730 "-" "-"
51.77.52.107 - - [26/May/2025:05:55:39 +0200] "GET /Jurek/eurofirany/images/460265/0.jpg HTTP/2.0" 200 79980 "-" "baselinker"
51.77.52.107 - - [26/May/2025:05:55:43 +0200] "GET /Jurek/eurofirany/images/460265/0.jpg HTTP/2.0" 200 79980 "-" "baselinker"
51.77.52.107 - - [26/May/2025:05:55:48 +0200] "GET /Jurek/eurofirany/images/460266/0.jpg HTTP/2.0" 200 79980 "-" "baselinker"
51.77.52.107 - - [26/May/2025:05:55:53 +0200] "GET /Jurek/eurofirany/images/460266/0.jpg HTTP/2.0" 200 79980 "-" "baselinker"
51.77.52.107 - - [26/May/2025:05:55:57 +0200] "GET /Jurek/eurofirany/images/460266/0.jpg HTTP/2.0" 200 79980 "-" "baselinker"
51.77.52.107 - - [26/May/2025:05:56:02 +0200] "GET /Jurek/eurofirany/images/460267/0.jpg HTTP/2.0" 200 57925 "-" "baselinker"
51.77.52.107 - - [26/May/2025:05:56:07 +0200] "GET /Jurek/eurofirany/images/460267/0.jpg HTTP/2.0" 200 57925 "-" "baselinker"
46.101.116.244 - - [26/May/2025:05:56:10 +0200] "GET /Jurek/octopia/feeds/octopia_kauflandsk.xml HTTP/2.0" 200 10103788 "-" "-"
51.77.52.107 - - [26/May/2025:05:56:12 +0200] "GET /Jurek/eurofirany/images/460267/0.jpg HTTP/2.0" 200 57925 "-" "baselinker"
51.77.52.107 - - [26/May/2025:05:56:16 +0200] "GET /Jurek/eurofirany/images/460269/0.jpg HTTP/2.0" 200 58329 "-" "baselinker"
51.77.52.107 - - [26/May/2025:05:56:21 +0200] "GET /Jurek/eurofirany/images/460269/0.jpg HTTP/2.0" 200 58329 "-" "baselinker"
46.101.116.244 - - [26/May/2025:05:56:21 +0200] "GET /Jurek/rovicky/feeds/rovicky_kauflandsk.xml HTTP/2.0" 200 14714162 "-" "-"
51.77.52.107 - - [26/May/2025:05:56:24 +0200] "GET /Jurek/eurofirany/images/460269/0.jpg HTTP/2.0" 200 58329 "-" "baselinker"
51.77.52.107 - - [26/May/2025:05:56:28 +0200] "GET /Jurek/eurofirany/images/460271/0.jpg HTTP/2.0" 200 79024 "-" "baselinker"
46.101.116.244 - - [26/May/2025:05:56:33 +0200] "GET /Jurek/stema/feeds/stema_kauflandsk.xml HTTP/2.0" 200 893818 "-" "-"
51.77.52.107 - - [26/May/2025:05:56:41 +0200] "GET /Jurek/eurofirany/images/460271/0.jpg HTTP/2.0" 200 79024 "-" "baselinker"
46.101.116.244 - - [26/May/2025:05:56:43 +0200] "GET /Jurek/twm/feeds/twm-kauflandsk.xml HTTP/2.0" 200 2489378 "-" "-"
51.77.52.107 - - [26/May/2025:05:56:48 +0200] "GET /Jurek/eurofirany/images/460271/0.jpg HTTP/2.0" 200 79024 "-" "baselinker"
51.77.52.107 - - [26/May/2025:05:56:53 +0200] "GET /Jurek/eurofirany/images/460272/0.jpg HTTP/2.0" 200 79024 "-" "baselinker"
46.101.116.244 - - [26/May/2025:05:56:54 +0200] "GET /Jurek/unimet/feeds/unimet_kauflandsk.xml HTTP/2.0" 200 61141296 "-" "-"
51.77.52.107 - - [26/May/2025:05:56:58 +0200] "GET /Jurek/eurofirany/images/460272/0.jpg HTTP/2.0" 200 79024 "-" "baselinker"
51.77.52.107 - - [26/May/2025:05:57:03 +0200] "GET /Jurek/eurofirany/images/460272/0.jpg HTTP/2.0" 200 79024 "-" "baselinker"
51.77.52.107 - - [26/May/2025:05:57:08 +0200] "GET /Jurek/eurofirany/images/379123/0.jpg HTTP/2.0" 200 127377 "-" "baselinker"
51.77.52.107 - - [26/May/2025:05:57:20 +0200] "GET /Jurek/eurofirany/images/379123/0.jpg HTTP/2.0" 200 127377 "-" "baselinker"
51.77.52.107 - - [26/May/2025:05:57:27 +0200] "GET /Jurek/eurofirany/images/379123/0.jpg HTTP/2.0" 200 127377 "-" "baselinker"
51.77.52.107 - - [26/May/2025:05:57:36 +0200] "GET /Jurek/eurofirany/images/379148/0.jpg HTTP/2.0" 200 106168 "-" "baselinker"
51.77.52.107 - - [26/May/2025:05:57:52 +0200] "GET /Jurek/eurofirany/images/379148/0.jpg HTTP/2.0" 200 106168 "-" "baselinker"
46.101.116.244 - - [26/May/2025:05:57:52 +0200] "GET /Jurek/aw/feeds/awnarzedzia_skroutz.xml HTTP/1.0" 200 89688065 "-" "-"
89.161.206.59 - - [26/May/2025:05:57:55 +0200] "GET /Jurek/hurtownia_przemyslowa/feeds/hp_allegro_cz.xml HTTP/1.0" 200 49368725 "-" "-"
89.161.206.59 - - [26/May/2025:05:57:56 +0200] "GET /Jurek/benetech/feeds/benetech_allegro.xml HTTP/1.0" 200 4165678 "-" "-"
89.161.206.59 - - [26/May/2025:05:57:56 +0200] "GET /Jurek/sempler/feeds/sempler_allegro.xml HTTP/1.0" 200 6788372 "-" "-"
89.161.206.59 - - [26/May/2025:05:57:56 +0200] "GET /Jurek/targethome/feeds/targethome_allegro.xml HTTP/1.0" 200 688662 "-" "-"
89.161.206.59 - - [26/May/2025:05:57:56 +0200] "GET /Jurek/kambukka/feeds/kambukka_allegro.xml HTTP/1.0" 200 1023554 "-" "-"
89.161.206.59 - - [26/May/2025:05:57:56 +0200] "GET /Jurek/swiatecznygoliat/feeds/swiatecznygoliat_allegro.xml HTTP/1.0" 200 7054771 "-" "-"
89.161.206.59 - - [26/May/2025:05:57:56 +0200] "GET /Jurek/artdog/feeds/artdog_allegro.xml HTTP/1.0" 200 17162209 "-" "-"
89.161.206.59 - - [26/May/2025:05:57:57 +0200] "GET /Jurek/oromed/feeds/oromed_allegro.xml HTTP/1.0" 200 1290001 "-" "-"
89.161.206.59 - - [26/May/2025:05:57:57 +0200] "GET /Jurek/ekuchcikowo/feeds/ekuchcikowo_allegro.xml HTTP/1.0" 200 12472462 "-" "-"
89.161.206.59 - - [26/May/2025:05:57:57 +0200] "GET /Jurek/livinhill/feeds/livinhill_allegro.xml HTTP/1.0" 200 1470720 "-" "-"
89.161.206.59 - - [26/May/2025:05:57:57 +0200] "GET /Jurek/narzbud/feeds/narzbud_allegro.xml HTTP/1.0" 200 1901327 "-" "-"
89.161.206.59 - - [26/May/2025:05:57:57 +0200] "GET /Jurek/bisanti/feeds/bisanti_allegro.xml HTTP/1.0" 200 1142377 "-" "-"
89.161.206.59 - - [26/May/2025:05:57:57 +0200] "GET /Jurek/combine/feeds/combine_allegro.xml HTTP/1.0" 200 210566 "-" "-"
89.161.206.59 - - [26/May/2025:05:57:58 +0200] "GET /Jurek/spali/feeds/spali_allegro.xml HTTP/1.0" 200 77068 "-" "-"
89.161.206.59 - - [26/May/2025:05:57:58 +0200] "GET /Jurek/ekolight/feeds/ekolight_allegro.xml HTTP/1.0" 200 9055349 "-" "-"
89.161.206.59 - - [26/May/2025:05:57:58 +0200] "GET /Jurek/urwiskowo/feeds/urwiskowo_allegro.xml HTTP/1.0" 200 9115622 "-" "-"
89.161.206.59 - - [26/May/2025:05:57:59 +0200] "GET /Jurek/reman/feeds/reman_allegro.xml HTTP/1.0" 200 1394881 "-" "-"
51.77.52.107 - - [26/May/2025:05:58:04 +0200] "GET /Jurek/eurofirany/images/379148/0.jpg HTTP/2.0" 200 106168 "-" "baselinker"
51.77.52.107 - - [26/May/2025:05:58:09 +0200] "GET /Jurek/eurofirany/images/387914/0.jpg HTTP/2.0" 200 153448 "-" "baselinker"
89.161.206.59 - - [26/May/2025:05:58:12 +0200] "GET /Jurek/cdata/feeds/cdata_skr.xml HTTP/1.0" 200 1445185 "-" "-"
51.77.52.107 - - [26/May/2025:05:58:29 +0200] "GET /Jurek/eurofirany/images/387914/0.jpg HTTP/2.0" 200 153448 "-" "baselinker"
51.77.52.107 - - [26/May/2025:05:58:33 +0200] "GET /Jurek/eurofirany/images/387914/0.jpg HTTP/2.0" 200 153448 "-" "baselinker"
51.77.52.107 - - [26/May/2025:05:58:48 +0200] "GET /Jurek/eurofirany/images/387915/0.jpg HTTP/2.0" 200 155777 "-" "baselinker"
51.77.52.107 - - [26/May/2025:05:58:55 +0200] "GET /Jurek/eurofirany/images/387915/0.jpg HTTP/2.0" 200 155777 "-" "baselinker"
51.77.52.107 - - [26/May/2025:05:59:06 +0200] "GET /Jurek/eurofirany/images/387915/0.jpg HTTP/2.0" 200 155777 "-" "baselinker"
51.77.52.107 - - [26/May/2025:05:59:19 +0200] "GET /Jurek/eurofirany/images/423233/0.jpg HTTP/2.0" 200 119387 "-" "baselinker"
46.101.116.244 - - [26/May/2025:05:59:23 +0200] "GET /Jurek/vivaldi/feeds/vivaldi_kauflandsk.xml HTTP/2.0" 200 344642 "-" "-"
51.77.52.107 - - [26/May/2025:05:59:35 +0200] "GET /Jurek/eurofirany/images/423233/0.jpg HTTP/2.0" 200 119387 "-" "baselinker"
51.77.52.107 - - [26/May/2025:06:00:08 +0200] "GET /Jurek/eurofirany/images/423233/0.jpg HTTP/2.0" 200 119387 "-" "baselinker"
51.77.52.107 - - [26/May/2025:06:00:11 +0200] "GET /Jurek/eurofirany/images/423234/0.jpg HTTP/2.0" 200 120064 "-" "baselinker"
35.204.39.32 - - [26/May/2025:06:00:12 +0200] "GET /marketplaces/carrefour_fr/results/carrefour_fr.csv HTTP/1.1" 200 6207689 "-" "Mirakl HttpClient"
85.14.86.141 - - [26/May/2025:06:00:18 +0200] "GET /Jurek/vida_morele/feeds/VidaPL_all.xml HTTP/2.0" 200 609337783 "-" "MarketplaceAPI curl/7.74.0 PHP/8"
51.77.52.107 - - [26/May/2025:06:00:26 +0200] "GET /Jurek/eurofirany/images/423234/0.jpg HTTP/2.0" 200 120064 "-" "baselinker"
46.101.116.244 - - [26/May/2025:06:00:29 +0200] "GET /Jurek/vidaSK/feeds/vida_kaufland.xml HTTP/2.0" 200 807281117 "-" "-"
52.209.168.113 - - [26/May/2025:06:00:39 +0200] "GET /marketplaces/ubaldi/results/ubaldi.csv HTTP/1.1" 200 147219 "-" "Mirakl HttpClient"
51.77.52.107 - - [26/May/2025:06:00:40 +0200] "GET /Jurek/eurofirany/images/423234/0.jpg HTTP/2.0" 200 120064 "-" "baselinker"
51.77.52.107 - - [26/May/2025:06:01:00 +0200] "GET /Jurek/eurofirany/images/423241/0.jpg HTTP/2.0" 200 174551 "-" "baselinker"
35.204.39.32 - - [26/May/2025:06:01:11 +0200] "GET /marketplaces/vente/results/vente_nl.csv HTTP/1.1" 200 147219 "-" "Mirakl HttpClient"
35.204.39.32 - - [26/May/2025:06:01:11 +0200] "GET /marketplaces/vente/results/vente_fr.csv HTTP/1.1" 200 147219 "-" "Mirakl HttpClient"
35.204.39.32 - - [26/May/2025:06:01:11 +0200] "GET /marketplaces/vente/results/vente_be.csv HTTP/1.1" 200 147219 "-" "Mirakl HttpClient"
35.204.39.32 - - [26/May/2025:06:01:11 +0200] "GET /marketplaces/vente/results/vente_it.csv HTTP/1.1" 200 147219 "-" "Mirakl HttpClient"
35.204.39.32 - - [26/May/2025:06:01:11 +0200] "GET /marketplaces/vente/results/vente_es.csv HTTP/1.1" 200 147219 "-" "Mirakl HttpClient"
35.204.39.32 - - [26/May/2025:06:01:11 +0200] "GET /marketplaces/vente/results/vente_de.csv HTTP/1.1" 200 147219 "-" "Mirakl HttpClient"
51.77.52.107 - - [26/May/2025:06:01:17 +0200] "GET /Jurek/eurofirany/images/423241/0.jpg HTTP/2.0" 200 174551 "-" "baselinker"
46.101.116.244 - - [26/May/2025:06:01:32 +0200] "GET /Jurek/madrex/feeds/madrex_kauflandde.xml HTTP/2.0" 200 466712 "-" "-"
51.77.52.107 - - [26/May/2025:06:01:34 +0200] "GET /Jurek/eurofirany/images/423241/0.jpg HTTP/2.0" 200 174551 "-" "baselinker"
46.101.116.244 - - [26/May/2025:06:01:42 +0200] "GET /Jurek/hurtmeblowy/feeds/hurtmeblowy_kauflandde.xml HTTP/2.0" 200 7518151 "-" "-"
51.77.52.107 - - [26/May/2025:06:01:45 +0200] "GET /Jurek/eurofirany/images/423242/0.jpg HTTP/2.0" 200 165101 "-" "baselinker"
51.77.52.107 - - [26/May/2025:06:01:53 +0200] "GET /Jurek/eurofirany/images/423242/0.jpg HTTP/2.0" 200 165101 "-" "baselinker"
46.101.116.244 - - [26/May/2025:06:01:55 +0200] "GET /Jurek/kobi/feeds/kobi_kauflandde.xml HTTP/2.0" 200 942917 "-" "-"
46.101.116.244 - - [26/May/2025:06:02:06 +0200] "GET /Jurek/matkam/feeds/matkam_kauflandde.xml HTTP/2.0" 200 4424494 "-" "-"
51.77.52.107 - - [26/May/2025:06:02:10 +0200] "GET /Jurek/eurofirany/images/423242/0.jpg HTTP/2.0" 200 165101 "-" "baselinker"
52.209.168.113 - - [26/May/2025:06:02:15 +0200] "GET /marketplaces/rue/results/rue.csv HTTP/1.1" 200 147219 "-" "Mirakl HttpClient"
46.101.116.244 - - [26/May/2025:06:02:17 +0200] "GET /Jurek/action/feeds/action_kauflandde.xml HTTP/2.0" 200 58654902 "-" "-"
51.77.52.107 - - [26/May/2025:06:02:30 +0200] "GET /Jurek/eurofirany/images/423250/0.jpg HTTP/2.0" 200 193788 "-" "baselinker"
46.101.116.244 - - [26/May/2025:06:02:42 +0200] "GET /Jurek/kinghoff/feeds/kinghoff_empik.xml HTTP/1.0" 200 15703832 "-" "-"
51.77.52.107 - - [26/May/2025:06:02:46 +0200] "GET /Jurek/eurofirany/images/423250/0.jpg HTTP/2.0" 200 193788 "-" "baselinker"
51.77.52.107 - - [26/May/2025:06:02:50 +0200] "GET /Jurek/eurofirany/images/423250/0.jpg HTTP/2.0" 200 193788 "-" "baselinker"
51.77.52.107 - - [26/May/2025:06:02:54 +0200] "GET /Jurek/eurofirany/images/423251/0.jpg HTTP/2.0" 200 185938 "-" "baselinker"
51.77.52.107 - - [26/May/2025:06:03:13 +0200] "GET /Jurek/eurofirany/images/423251/0.jpg HTTP/2.0" 200 185938 "-" "baselinker"
89.161.206.59 - - [26/May/2025:06:03:21 +0200] "GET /Jurek/slayo/feeds/slayo_skroutz.xml HTTP/1.0" 200 183610 "-" "-"
51.77.52.107 - - [26/May/2025:06:03:28 +0200] "GET /Jurek/eurofirany/images/423251/0.jpg HTTP/2.0" 200 185938 "-" "baselinker"
52.18.22.0 - - [26/May/2025:06:03:36 +0200] "GET /marketplaces/carrefour/results/carrefour.csv HTTP/1.1" 200 800910 "-" "Mirakl HttpClient"
85.14.86.141 - - [26/May/2025:06:03:42 +0200] "GET /Jurek/kinghoff/feeds/kinghoff_morele.xml HTTP/2.0" 200 15703732 "-" "MarketplaceAPI curl/7.74.0 PHP/8"
51.77.52.107 - - [26/May/2025:06:03:47 +0200] "GET /Jurek/eurofirany/images/436054/0.jpg HTTP/2.0" 200 136620 "-" "baselinker"
51.77.52.107 - - [26/May/2025:06:04:06 +0200] "GET /Jurek/eurofirany/images/436054/0.jpg HTTP/2.0" 200 136620 "-" "baselinker"
46.101.116.244 - - [26/May/2025:06:04:07 +0200] "GET /Jurek/beliani/feeds/beliani_erli.xml HTTP/1.0" 200 29793663 "-" "-"
46.101.116.244 - - [26/May/2025:06:04:10 +0200] "GET /Jurek/kokiska/feeds/kokiska_erli.xml HTTP/1.0" 200 9408350 "-" "-"
46.101.116.244 - - [26/May/2025:06:04:16 +0200] "GET /Jurek/ikonka/feeds/ikonka_erli.xml HTTP/1.0" 200 20675933 "-" "-"
89.161.206.59 - - [26/May/2025:06:04:25 +0200] "GET /Jurek/hurtownia_przemyslowa/feeds/hp_emagHU.xml HTTP/1.0" 200 49400512 "-" "-"
51.77.52.107 - - [26/May/2025:06:04:26 +0200] "GET /Jurek/eurofirany/images/436054/0.jpg HTTP/2.0" 200 136620 "-" "baselinker"
46.101.116.244 - - [26/May/2025:06:04:29 +0200] "GET /Jurek/kinghoff/feeds/kinghoff_kauflandde.xml HTTP/2.0" 200 15702753 "-" "-"
51.77.52.107 - - [26/May/2025:06:04:42 +0200] "GET /Jurek/eurofirany/images/436055/0.jpg HTTP/2.0" 200 135678 "-" "baselinker"
89.161.206.59 - - [26/May/2025:06:04:44 +0200] "GET /Jurek/topeshop/feeds/topeshop_amazonFR.xml HTTP/1.0" 200 3013569 "-" "-"
89.161.206.59 - - [26/May/2025:06:04:45 +0200] "GET /Jurek/topeshop/feeds/topeshop_amazonIT.xml HTTP/1.0" 200 3013601 "-" "-"
89.161.206.59 - - [26/May/2025:06:04:45 +0200] "GET /Jurek/topeshop/feeds/topeshop_amazonDE.xml HTTP/1.0" 200 3013501 "-" "-"
89.161.206.59 - - [26/May/2025:06:04:45 +0200] "GET /Jurek/topeshop/feeds/topeshop_amazonES.xml HTTP/1.0" 200 3013600 "-" "-"
89.161.206.59 - - [26/May/2025:06:04:46 +0200] "GET /Jurek/topeshop/feeds/topeshop_amazonNL.xml HTTP/1.0" 200 3013574 "-" "-"
89.161.206.59 - - [26/May/2025:06:04:46 +0200] "GET /Jurek/topeshop/feeds/topeshop_amazonBE.xml HTTP/1.0" 200 3013587 "-" "-"
46.101.116.244 - - [26/May/2025:06:04:57 +0200] "GET /Jurek/unimet/feeds/unimet_kauflandde.xml HTTP/2.0" 200 61138792 "-" "-"
51.77.52.107 - - [26/May/2025:06:05:01 +0200] "GET /Jurek/eurofirany/images/436055/0.jpg HTTP/2.0" 200 135678 "-" "baselinker"
51.77.52.107 - - [26/May/2025:06:05:16 +0200] "GET /Jurek/eurofirany/images/436055/0.jpg HTTP/2.0" 200 135678 "-" "baselinker"
51.77.52.107 - - [26/May/2025:06:05:24 +0200] "GET /Jurek/eurofirany/images/436062/0.jpg HTTP/2.0" 200 153983 "-" "baselinker"
51.77.52.107 - - [26/May/2025:06:05:31 +0200] "GET /Jurek/eurofirany/images/436062/0.jpg HTTP/2.0" 200 153983 "-" "baselinker"
51.77.52.107 - - [26/May/2025:06:05:38 +0200] "GET /Jurek/eurofirany/images/436062/0.jpg HTTP/2.0" 200 153983 "-" "baselinker"
52.167.144.214 - - [26/May/2025:06:05:38 +0200] "GET /Jurek/topeshop/downloaded_images/5902838468821_DUOCZERNBRYLKABOKZM.jpg HTTP/2.0" 404 3551 "-" "Mozilla/5.0 AppleWebKit/537.36 (KHTML, like Gecko; compatible; bingbot/2.0; +http://www.bing.com/bingbot.htm) Chrome/116.0.1938.76 Safari/537.36"
51.77.52.107 - - [26/May/2025:06:05:56 +0200] "GET /Jurek/eurofirany/images/440525/0.jpg HTTP/2.0" 200 129565 "-" "baselinker"
51.77.52.107 - - [26/May/2025:06:06:12 +0200] "GET /Jurek/eurofirany/images/440525/0.jpg HTTP/2.0" 200 129565 "-" "baselinker"
89.161.206.59 - - [26/May/2025:06:06:22 +0200] "GET /Jurek/b3/feeds/b3_ebayde.xml HTTP/1.0" 200 5901134 "-" "-"
85.14.86.141 - - [26/May/2025:06:06:23 +0200] "GET /Jurek/eurofirany/feeds/eurofirany_morele.xml HTTP/2.0" 200 18720286 "-" "MarketplaceAPI curl/7.74.0 PHP/8"
51.77.52.107 - - [26/May/2025:06:06:29 +0200] "GET /Jurek/eurofirany/images/440525/0.jpg HTTP/2.0" 200 129565 "-" "baselinker"
85.14.86.141 - - [26/May/2025:06:06:37 +0200] "GET /Jurek/vivaldi/feeds/vivaldi_Morele-PL.xml HTTP/2.0" 200 344674 "-" "MarketplaceAPI curl/7.74.0 PHP/8"
46.101.116.244 - - [26/May/2025:06:06:41 +0200] "GET /Jurek/intsell/feeds/intsell_skroutz.xml HTTP/1.0" 200 269821694 "-" "-"
51.77.52.107 - - [26/May/2025:06:06:45 +0200] "GET /Jurek/eurofirany/images/440528/0.jpg HTTP/2.0" 200 198053 "-" "baselinker"
51.77.52.107 - - [26/May/2025:06:07:02 +0200] "GET /Jurek/eurofirany/images/440528/0.jpg HTTP/2.0" 200 198053 "-" "baselinker"
51.77.52.107 - - [26/May/2025:06:07:16 +0200] "GET /Jurek/eurofirany/images/440528/0.jpg HTTP/2.0" 200 198053 "-" "baselinker"
51.77.52.107 - - [26/May/2025:06:07:29 +0200] "GET /Jurek/eurofirany/images/440529/0.jpg HTTP/2.0" 200 177008 "-" "baselinker"
89.161.206.59 - - [26/May/2025:06:07:44 +0200] "GET /Jurek/madrex/feeds/madrex_skroutz.xml HTTP/1.0" 200 466735 "-" "-"
89.161.206.59 - - [26/May/2025:06:07:44 +0200] "GET /Jurek/luxma/feeds/luxma_skroutz.xml HTTP/1.0" 200 4419606 "-" "-"
51.77.52.107 - - [26/May/2025:06:07:45 +0200] "GET /Jurek/eurofirany/images/440529/0.jpg HTTP/2.0" 200 177008 "-" "baselinker"
51.77.52.107 - - [26/May/2025:06:07:53 +0200] "GET /Jurek/eurofirany/images/440529/0.jpg HTTP/2.0" 200 177008 "-" "baselinker"
46.101.116.244 - - [26/May/2025:06:08:03 +0200] "GET /Jurek/hurtownia_przemyslowa/feeds/hp_kaufde.xml HTTP/2.0" 200 49360168 "-" "-"
85.14.86.141 - - [26/May/2025:06:08:05 +0200] "GET /Jurek/aw/feeds/awnarzedzia_morele.xml HTTP/2.0" 200 91099492 "-" "MarketplaceAPI curl/7.74.0 PHP/8"
85.14.86.141 - - [26/May/2025:06:08:07 +0200] "GET /Jurek/vida_morele/feeds/VidaPL_morele.xml HTTP/2.0" 200 386070999 "-" "MarketplaceAPI curl/7.74.0 PHP/8"
51.77.52.107 - - [26/May/2025:06:08:10 +0200] "GET /Jurek/eurofirany/images/379122/0.jpg HTTP/2.0" 200 127377 "-" "baselinker"
51.77.52.107 - - [26/May/2025:06:08:27 +0200] "GET /Jurek/eurofirany/images/379122/0.jpg HTTP/2.0" 200 127377 "-" "baselinker"
46.101.116.244 - - [26/May/2025:06:08:34 +0200] "GET /Jurek/piotrmiedz/feeds/piotrmiedz_mallsi.xml HTTP/2.0" 200 91044757 "-" "-"
85.14.86.141 - - [26/May/2025:06:08:37 +0200] "GET /Jurek/beliani/feeds/beliani_morele.xml HTTP/2.0" 200 29791834 "-" "MarketplaceAPI curl/7.74.0 PHP/8"
51.77.52.107 - - [26/May/2025:06:08:42 +0200] "GET /Jurek/eurofirany/images/379122/0.jpg HTTP/2.0" 200 127377 "-" "baselinker"
89.161.206.59 - - [26/May/2025:06:08:46 +0200] "GET /Jurek/bass_new/feeds/bass_ebayde.xml HTTP/1.0" 200 4806532 "-" "-"
51.77.52.107 - - [26/May/2025:06:09:04 +0200] "GET /Jurek/eurofirany/images/436570/0.jpg HTTP/2.0" 200 150934 "-" "baselinker"
51.77.52.107 - - [26/May/2025:06:09:19 +0200] "GET /Jurek/eurofirany/images/436570/0.jpg HTTP/2.0" 200 150934 "-" "baselinker"
185.6.76.18 - - [26/May/2025:06:09:21 +0200] "GET /marketplaces/skroutz/feeds/shumee.xml HTTP/1.1" 200 412038592 "-" "SkroutzBot v1.0"
46.101.116.244 - - [26/May/2025:06:09:25 +0200] "GET /Jurek/broers/feeds/broers_mallsigs.xml HTTP/2.0" 200 1982507 "-" "-"
51.77.52.107 - - [26/May/2025:06:09:31 +0200] "GET /Jurek/eurofirany/images/436570/0.jpg HTTP/2.0" 200 150934 "-" "baselinker"
46.101.116.244 - - [26/May/2025:06:09:35 +0200] "GET /Jurek/cdata/feeds/cdata_mallsigs.xml HTTP/2.0" 200 1445149 "-" "-"
46.101.116.244 - - [26/May/2025:06:09:46 +0200] "GET /Jurek/elavia/feeds/elavia_mallsigs.xml HTTP/2.0" 200 2497288 "-" "-"
51.77.52.107 - - [26/May/2025:06:09:50 +0200] "GET /Jurek/eurofirany/images/436571/0.jpg HTTP/2.0" 200 171714 "-" "baselinker"
46.101.116.244 - - [26/May/2025:06:09:56 +0200] "GET /Jurek/filmal/feeds/filmal_mallsigs.xml HTTP/2.0" 200 139276 "-" "-"
51.77.52.107 - - [26/May/2025:06:10:03 +0200] "GET /Jurek/eurofirany/images/436571/0.jpg HTTP/2.0" 200 171714 "-" "baselinker"
77.79.248.229 - - [26/May/2025:06:10:04 +0200] "GET /Jurek/ikonka/feeds/ikonka_cdon_se.xml HTTP/1.1" 200 20677596 "-" "python-requests/2.32.3"
77.79.248.229 - - [26/May/2025:06:10:04 +0200] "GET /Jurek/ikonka/feeds/ikonka_cdon_dk.xml HTTP/1.1" 200 20677499 "-" "python-requests/2.32.3"
77.79.248.229 - - [26/May/2025:06:10:05 +0200] "GET /Jurek/ikonka/feeds/ikonka_cdon_fi.xml HTTP/1.1" 200 20675552 "-" "python-requests/2.32.3"
46.101.116.244 - - [26/May/2025:06:10:07 +0200] "GET /Jurek/jakdroz/feeds/jakdroz_mallsigs.xml HTTP/2.0" 200 4089979 "-" "-"
77.79.248.229 - - [26/May/2025:06:10:07 +0200] "GET /Jurek/rovicky/feeds/rovicky_cdonSE.xml HTTP/1.1" 200 14719409 "-" "python-requests/2.32.3"
77.79.248.229 - - [26/May/2025:06:10:07 +0200] "GET /Jurek/rovicky/feeds/rovicky_cdonDK.xml HTTP/1.1" 200 14719395 "-" "python-requests/2.32.3"
77.79.248.229 - - [26/May/2025:06:10:08 +0200] "GET /Jurek/rovicky/feeds/rovicky_cdonFI.xml HTTP/1.1" 200 14714167 "-" "python-requests/2.32.3"
77.79.248.229 - - [26/May/2025:06:10:08 +0200] "GET /Jurek/benbaby/feeds/benbaby_cdon_se.xml HTTP/1.1" 200 3706325 "-" "python-requests/2.32.3"
77.79.248.229 - - [26/May/2025:06:10:08 +0200] "GET /Jurek/benbaby/feeds/benbaby_cdon_dk.xml HTTP/1.1" 200 3706163 "-" "python-requests/2.32.3"
77.79.248.229 - - [26/May/2025:06:10:08 +0200] "GET /Jurek/benbaby/feeds/benbaby_cdon_fi.xml HTTP/1.1" 200 3703428 "-" "python-requests/2.32.3"
77.79.248.229 - - [26/May/2025:06:10:08 +0200] "GET /Jurek/candellux/feeds/candellux_cdon_se.xml HTTP/1.1" 200 466166 "-" "python-requests/2.32.3"
77.79.248.229 - - [26/May/2025:06:10:08 +0200] "GET /Jurek/candellux/feeds/candellux_cdon_dk.xml HTTP/1.1" 200 466129 "-" "python-requests/2.32.3"
77.79.248.229 - - [26/May/2025:06:10:08 +0200] "GET /Jurek/candellux/feeds/candellux_cdon_fi.xml HTTP/1.1" 200 465745 "-" "python-requests/2.32.3"
77.79.248.229 - - [26/May/2025:06:10:11 +0200] "GET /Jurek/topeshop/feeds/topeshop_cdon_se.xml HTTP/1.1" 200 3014352 "-" "python-requests/2.32.3"
77.79.248.229 - - [26/May/2025:06:10:11 +0200] "GET /Jurek/topeshop/feeds/topeshop_cdon_dk.xml HTTP/1.1" 200 3014098 "-" "python-requests/2.32.3"
77.79.248.229 - - [26/May/2025:06:10:11 +0200] "GET /Jurek/topeshop/feeds/topeshop_cdon_fi.xml HTTP/1.1" 200 3013612 "-" "python-requests/2.32.3"
77.79.248.229 - - [26/May/2025:06:10:11 +0200] "GET /Jurek/asortymenteu/feeds/asortymenteu_cdon_se.xml HTTP/1.1" 200 2865979 "-" "python-requests/2.32.3"
77.79.248.229 - - [26/May/2025:06:10:11 +0200] "GET /Jurek/asortymenteu/feeds/asortymenteu_cdon_dk.xml HTTP/1.1" 200 2865926 "-" "python-requests/2.32.3"
77.79.248.229 - - [26/May/2025:06:10:12 +0200] "GET /Jurek/asortymenteu/feeds/asortymenteu_cdon_fi.xml HTTP/1.1" 200 2864939 "-" "python-requests/2.32.3"
77.79.248.229 - - [26/May/2025:06:10:12 +0200] "GET /Jurek/fernity/feeds/fernity_cdon_se.xml HTTP/1.1" 200 4721004 "-" "python-requests/2.32.3"
77.79.248.229 - - [26/May/2025:06:10:12 +0200] "GET /Jurek/fernity/feeds/fernity_cdon_dk.xml HTTP/1.1" 200 4720540 "-" "python-requests/2.32.3"
77.79.248.229 - - [26/May/2025:06:10:12 +0200] "GET /Jurek/fernity/feeds/fernity_cdon_fi.xml HTTP/1.1" 200 4717856 "-" "python-requests/2.32.3"
77.79.248.229 - - [26/May/2025:06:10:13 +0200] "GET /Jurek/aw/feeds/awnarzedzia_cdon_se.xml HTTP/1.1" 200 91176436 "-" "python-requests/2.32.3"
77.79.248.229 - - [26/May/2025:06:10:14 +0200] "GET /Jurek/aw/feeds/awnarzedzia_cdon_dk.xml HTTP/1.1" 200 91172291 "-" "python-requests/2.32.3"
77.79.248.229 - - [26/May/2025:06:10:15 +0200] "GET /Jurek/aw/feeds/awnarzedzia_cdon_fi.xml HTTP/1.1" 200 91088396 "-" "python-requests/2.32.3"
77.79.248.229 - - [26/May/2025:06:10:15 +0200] "GET /Jurek/activeshop/feeds/activeshop_cdon_se.xml HTTP/1.1" 200 10388028 "-" "python-requests/2.32.3"
77.79.248.229 - - [26/May/2025:06:10:15 +0200] "GET /Jurek/activeshop/feeds/activeshop_cdon_dk.xml HTTP/1.1" 200 10387667 "-" "python-requests/2.32.3"
77.79.248.229 - - [26/May/2025:06:10:15 +0200] "GET /Jurek/activeshop/feeds/activeshop_cdon_fi.xml HTTP/1.1" 200 10384309 "-" "python-requests/2.32.3"
77.79.248.229 - - [26/May/2025:06:10:16 +0200] "GET /Jurek/ikonka/feeds/ikonka_cdon_se.xml HTTP/1.1" 200 20677596 "-" "python-requests/2.32.3"
77.79.248.229 - - [26/May/2025:06:10:16 +0200] "GET /Jurek/ikonka/feeds/ikonka_cdon_dk.xml HTTP/1.1" 200 20677499 "-" "python-requests/2.32.3"
77.79.248.229 - - [26/May/2025:06:10:16 +0200] "GET /Jurek/ikonka/feeds/ikonka_cdon_fi.xml HTTP/1.1" 200 20675552 "-" "python-requests/2.32.3"
77.79.248.229 - - [26/May/2025:06:10:17 +0200] "GET /Jurek/swiatecznygoliat/feeds/swiatecznygoliat_cdon_se.xml HTTP/1.1" 200 7056943 "-" "python-requests/2.32.3"
77.79.248.229 - - [26/May/2025:06:10:17 +0200] "GET /Jurek/swiatecznygoliat/feeds/swiatecznygoliat_cdon_dk.xml HTTP/1.1" 200 7056910 "-" "python-requests/2.32.3"
77.79.248.229 - - [26/May/2025:06:10:17 +0200] "GET /Jurek/swiatecznygoliat/feeds/swiatecznygoliat_cdon_fi.xml HTTP/1.1" 200 7054362 "-" "python-requests/2.32.3"
77.79.248.229 - - [26/May/2025:06:10:18 +0200] "GET /Jurek/slayo/feeds/slayo_cdon_se.xml HTTP/1.1" 200 183624 "-" "python-requests/2.32.3"
77.79.248.229 - - [26/May/2025:06:10:18 +0200] "GET /Jurek/slayo/feeds/slayo_cdon_dk.xml HTTP/1.1" 200 183625 "-" "python-requests/2.32.3"
77.79.248.229 - - [26/May/2025:06:10:18 +0200] "GET /Jurek/slayo/feeds/slayo_cdon_fi.xml HTTP/1.1" 200 183611 "-" "python-requests/2.32.3"
46.101.116.244 - - [26/May/2025:06:10:18 +0200] "GET /Jurek/kristronik/feeds/kristronik_mallsigs.xml HTTP/2.0" 200 691988 "-" "-"
51.77.52.107 - - [26/May/2025:06:10:18 +0200] "GET /Jurek/eurofirany/images/436571/0.jpg HTTP/2.0" 200 171714 "-" "baselinker"
77.79.248.229 - - [26/May/2025:06:10:18 +0200] "GET /Jurek/bass/feeds/bass_cdon_se.xml HTTP/1.1" 200 3973610 "-" "python-requests/2.32.3"
77.79.248.229 - - [26/May/2025:06:10:18 +0200] "GET /Jurek/bass/feeds/bass_cdon_dk.xml HTTP/1.1" 200 3973420 "-" "python-requests/2.32.3"
77.79.248.229 - - [26/May/2025:06:10:18 +0200] "GET /Jurek/bass/feeds/bass_cdon_fi.xml HTTP/1.1" 200 3971970 "-" "python-requests/2.32.3"
77.79.248.229 - - [26/May/2025:06:10:18 +0200] "GET /Jurek/benetech/feeds/benetech_cdon_se.xml HTTP/1.1" 200 4165801 "-" "python-requests/2.32.3"
77.79.248.229 - - [26/May/2025:06:10:18 +0200] "GET /Jurek/benetech/feeds/benetech_cdon_dk.xml HTTP/1.1" 200 4165757 "-" "python-requests/2.32.3"
77.79.248.229 - - [26/May/2025:06:10:18 +0200] "GET /Jurek/benetech/feeds/benetech_cdon_fi.xml HTTP/1.1" 200 4165408 "-" "python-requests/2.32.3"
77.79.248.229 - - [26/May/2025:06:10:18 +0200] "GET /Jurek/waks/feeds/waks_cdon_se.xml HTTP/1.1" 200 1598639 "-" "python-requests/2.32.3"
77.79.248.229 - - [26/May/2025:06:10:19 +0200] "GET /Jurek/waks/feeds/waks_cdon_dk.xml HTTP/1.1" 200 1598639 "-" "python-requests/2.32.3"
77.79.248.229 - - [26/May/2025:06:10:19 +0200] "GET /Jurek/waks/feeds/waks_cdon_fi.xml HTTP/1.1" 200 1596552 "-" "python-requests/2.32.3"
77.79.248.229 - - [26/May/2025:06:10:19 +0200] "GET /Jurek/kambukka/feeds/kambukka_cdon_se.xml HTTP/1.1" 200 1023751 "-" "python-requests/2.32.3"
77.79.248.229 - - [26/May/2025:06:10:19 +0200] "GET /Jurek/kambukka/feeds/kambukka_cdon_dk.xml HTTP/1.1" 200 1023745 "-" "python-requests/2.32.3"
77.79.248.229 - - [26/May/2025:06:10:19 +0200] "GET /Jurek/kambukka/feeds/kambukka_cdon_fi.xml HTTP/1.1" 200 1023480 "-" "python-requests/2.32.3"
77.79.248.229 - - [26/May/2025:06:10:19 +0200] "GET /Jurek/hdwr/feeds/hdwr_cdon_se.xml HTTP/1.1" 200 789710 "-" "python-requests/2.32.3"
77.79.248.229 - - [26/May/2025:06:10:19 +0200] "GET /Jurek/hdwr/feeds/hdwr_cdon_dk.xml HTTP/1.1" 200 789654 "-" "python-requests/2.32.3"
77.79.248.229 - - [26/May/2025:06:10:19 +0200] "GET /Jurek/hdwr/feeds/hdwr_cdon_fi.xml HTTP/1.1" 200 789437 "-" "python-requests/2.32.3"
77.79.248.229 - - [26/May/2025:06:10:19 +0200] "GET /Jurek/targethome/feeds/targethome_cdon_se.xml HTTP/1.1" 200 688763 "-" "python-requests/2.32.3"
77.79.248.229 - - [26/May/2025:06:10:19 +0200] "GET /Jurek/targethome/feeds/targethome_cdon_dk.xml HTTP/1.1" 200 688721 "-" "python-requests/2.32.3"
77.79.248.229 - - [26/May/2025:06:10:20 +0200] "GET /Jurek/targethome/feeds/targethome_cdon_fi.xml HTTP/1.1" 200 688629 "-" "python-requests/2.32.3"
77.79.248.229 - - [26/May/2025:06:10:20 +0200] "GET /Jurek/eroplace/feeds/eroplace_cdon_se.xml HTTP/1.1" 200 52158748 "-" "python-requests/2.32.3"
77.79.248.229 - - [26/May/2025:06:10:20 +0200] "GET /Jurek/eroplace/feeds/eroplace_cdon_dk.xml HTTP/1.1" 200 52157502 "-" "python-requests/2.32.3"
77.79.248.229 - - [26/May/2025:06:10:21 +0200] "GET /Jurek/eroplace/feeds/eroplace_cdon_fi.xml HTTP/1.1" 200 52134391 "-" "python-requests/2.32.3"
77.79.248.229 - - [26/May/2025:06:10:22 +0200] "GET /Jurek/artdog/feeds/artdog_cdon_se.xml HTTP/1.1" 200 17166320 "-" "python-requests/2.32.3"
77.79.248.229 - - [26/May/2025:06:10:22 +0200] "GET /Jurek/artdog/feeds/artdog_cdon_dk.xml HTTP/1.1" 200 17166530 "-" "python-requests/2.32.3"
77.79.248.229 - - [26/May/2025:06:10:22 +0200] "GET /Jurek/artdog/feeds/artdog_cdon_fi.xml HTTP/1.1" 200 17159596 "-" "python-requests/2.32.3"
77.79.248.229 - - [26/May/2025:06:10:22 +0200] "GET /Jurek/sempler/feeds/sempler_cdon_se.xml HTTP/1.1" 200 6789181 "-" "python-requests/2.32.3"
77.79.248.229 - - [26/May/2025:06:10:22 +0200] "GET /Jurek/sempler/feeds/sempler_cdon_dk.xml HTTP/1.1" 200 6789156 "-" "python-requests/2.32.3"
77.79.248.229 - - [26/May/2025:06:10:22 +0200] "GET /Jurek/sempler/feeds/sempler_cdon_fi.xml HTTP/1.1" 200 6787928 "-" "python-requests/2.32.3"
77.79.248.229 - - [26/May/2025:06:10:22 +0200] "GET /Jurek/oromed/feeds/oromed_cdon_se.xml HTTP/1.1" 200 1290059 "-" "python-requests/2.32.3"
77.79.248.229 - - [26/May/2025:06:10:22 +0200] "GET /Jurek/oromed/feeds/oromed_cdon_dk.xml HTTP/1.1" 200 1290051 "-" "python-requests/2.32.3"
77.79.248.229 - - [26/May/2025:06:10:22 +0200] "GET /Jurek/oromed/feeds/oromed_cdon_fi.xml HTTP/1.1" 200 1289833 "-" "python-requests/2.32.3"
77.79.248.229 - - [26/May/2025:06:10:22 +0200] "GET /Jurek/hurtmeblowy/feeds/hurtmeblowy_cdon_se.xml HTTP/1.1" 200 8545399 "-" "python-requests/2.32.3"
77.79.248.229 - - [26/May/2025:06:10:22 +0200] "GET /Jurek/hurtmeblowy/feeds/hurtmeblowy_cdon_dk.xml HTTP/1.1" 200 8544984 "-" "python-requests/2.32.3"
77.79.248.229 - - [26/May/2025:06:10:23 +0200] "GET /Jurek/hurtmeblowy/feeds/hurtmeblowy_cdon_fi.xml HTTP/1.1" 200 8543173 "-" "python-requests/2.32.3"
77.79.248.229 - - [26/May/2025:06:10:23 +0200] "GET /Jurek/narzbud/feeds/narzbud_cdon_se.xml HTTP/1.1" 200 1901970 "-" "python-requests/2.32.3"
77.79.248.229 - - [26/May/2025:06:10:23 +0200] "GET /Jurek/narzbud/feeds/narzbud_cdon_dk.xml HTTP/1.1" 200 1901970 "-" "python-requests/2.32.3"
77.79.248.229 - - [26/May/2025:06:10:23 +0200] "GET /Jurek/narzbud/feeds/narzbud_cdon_fi.xml HTTP/1.1" 200 1901210 "-" "python-requests/2.32.3"
77.79.248.229 - - [26/May/2025:06:10:23 +0200] "GET /Jurek/livinhill/feeds/livinhill_cdon_se.xml HTTP/1.1" 200 212125 "-" "python-requests/2.32.3"
77.79.248.229 - - [26/May/2025:06:10:23 +0200] "GET /Jurek/livinhill/feeds/livinhill_cdon_dk.xml HTTP/1.1" 200 1491145 "-" "python-requests/2.32.3"
77.79.248.229 - - [26/May/2025:06:10:23 +0200] "GET /Jurek/livinhill/feeds/livinhill_cdon_fi.xml HTTP/1.1" 200 1490706 "-" "python-requests/2.32.3"
77.79.248.229 - - [26/May/2025:06:10:23 +0200] "GET /Jurek/ekuchcikowo/feeds/ekuchcikowo_cdon_se.xml HTTP/1.1" 200 12473268 "-" "python-requests/2.32.3"
77.79.248.229 - - [26/May/2025:06:10:23 +0200] "GET /Jurek/ekuchcikowo/feeds/ekuchcikowo_cdon_dk.xml HTTP/1.1" 200 12473190 "-" "python-requests/2.32.3"
77.79.248.229 - - [26/May/2025:06:10:23 +0200] "GET /Jurek/ekuchcikowo/feeds/ekuchcikowo_cdon_fi.xml HTTP/1.1" 200 12471016 "-" "python-requests/2.32.3"
77.79.248.229 - - [26/May/2025:06:10:23 +0200] "GET /Jurek/fertone/feeds/fertone_cdon_se.xml HTTP/1.1" 200 584241 "-" "python-requests/2.32.3"
77.79.248.229 - - [26/May/2025:06:10:23 +0200] "GET /Jurek/fertone/feeds/fertone_cdon_dk.xml HTTP/1.1" 200 584197 "-" "python-requests/2.32.3"
77.79.248.229 - - [26/May/2025:06:10:23 +0200] "GET /Jurek/fertone/feeds/fertone_cdon_fi.xml HTTP/1.1" 200 583888 "-" "python-requests/2.32.3"
77.79.248.229 - - [26/May/2025:06:10:24 +0200] "GET /Jurek/cbdgreen/feeds/cbdgreen_cdon_se.xml HTTP/1.1" 200 50550 "-" "python-requests/2.32.3"
77.79.248.229 - - [26/May/2025:06:10:24 +0200] "GET /Jurek/cbdgreen/feeds/cbdgreen_cdon_dk.xml HTTP/1.1" 200 50548 "-" "python-requests/2.32.3"
77.79.248.229 - - [26/May/2025:06:10:24 +0200] "GET /Jurek/cbdgreen/feeds/cbdgreen_cdon_fi.xml HTTP/1.1" 200 50543 "-" "python-requests/2.32.3"
77.79.248.229 - - [26/May/2025:06:10:24 +0200] "GET /Jurek/pawonik/feeds/pawonik_cdon_se.xml HTTP/1.1" 200 2138756 "-" "python-requests/2.32.3"
77.79.248.229 - - [26/May/2025:06:10:24 +0200] "GET /Jurek/pawonik/feeds/pawonik_cdon_dk.xml HTTP/1.1" 200 2138734 "-" "python-requests/2.32.3"
77.79.248.229 - - [26/May/2025:06:10:24 +0200] "GET /Jurek/pawonik/feeds/pawonik_cdon_fi.xml HTTP/1.1" 200 2138406 "-" "python-requests/2.32.3"
77.79.248.229 - - [26/May/2025:06:10:25 +0200] "GET /Jurek/mosti/feeds/mosti_cdon_se.xml HTTP/1.1" 200 4634972 "-" "python-requests/2.32.3"
77.79.248.229 - - [26/May/2025:06:10:25 +0200] "GET /Jurek/mosti/feeds/mosti_cdon_dk.xml HTTP/1.1" 200 4634902 "-" "python-requests/2.32.3"
77.79.248.229 - - [26/May/2025:06:10:25 +0200] "GET /Jurek/mosti/feeds/mosti_cdon_fi.xml HTTP/1.1" 200 4633478 "-" "python-requests/2.32.3"
77.79.248.229 - - [26/May/2025:06:10:25 +0200] "GET /Jurek/winoszarnia/feeds/winoszarnia_cdon_se.xml HTTP/1.1" 200 6066080 "-" "python-requests/2.32.3"
77.79.248.229 - - [26/May/2025:06:10:25 +0200] "GET /Jurek/winoszarnia/feeds/winoszarnia_cdon_dk.xml HTTP/1.1" 200 6066210 "-" "python-requests/2.32.3"
77.79.248.229 - - [26/May/2025:06:10:25 +0200] "GET /Jurek/winoszarnia/feeds/winoszarnia_cdon_fi.xml HTTP/1.1" 200 6064781 "-" "python-requests/2.32.3"
77.79.248.229 - - [26/May/2025:06:10:26 +0200] "GET /Jurek/pupus/feeds/pupus_cdon_se.xml HTTP/1.1" 200 6156497 "-" "python-requests/2.32.3"
77.79.248.229 - - [26/May/2025:06:10:26 +0200] "GET /Jurek/pupus/feeds/pupus_cdon_dk.xml HTTP/1.1" 200 6156363 "-" "python-requests/2.32.3"
77.79.248.229 - - [26/May/2025:06:10:26 +0200] "GET /Jurek/pupus/feeds/pupus_cdon_fi.xml HTTP/1.1" 200 6154436 "-" "python-requests/2.32.3"
77.79.248.229 - - [26/May/2025:06:10:26 +0200] "GET /Jurek/harmonypost/feeds/harmonypost_cdon_se.xml HTTP/1.1" 200 39921621 "-" "python-requests/2.32.3"
77.79.248.229 - - [26/May/2025:06:10:27 +0200] "GET /Jurek/harmonypost/feeds/harmonypost_cdon_dk.xml HTTP/1.1" 200 39915817 "-" "python-requests/2.32.3"
77.79.248.229 - - [26/May/2025:06:10:27 +0200] "GET /Jurek/harmonypost/feeds/harmonypost_cdon_fi.xml HTTP/1.1" 200 39903563 "-" "python-requests/2.32.3"
77.79.248.229 - - [26/May/2025:06:10:27 +0200] "GET /Jurek/pasiekaslodka/feeds/pasiekaslodka_cdon_se.xml HTTP/1.1" 200 119696 "-" "python-requests/2.32.3"
77.79.248.229 - - [26/May/2025:06:10:27 +0200] "GET /Jurek/pasiekaslodka/feeds/pasiekaslodka_cdon_dk.xml HTTP/1.1" 200 119694 "-" "python-requests/2.32.3"
77.79.248.229 - - [26/May/2025:06:10:27 +0200] "GET /Jurek/pasiekaslodka/feeds/pasiekaslodka_cdon_fi.xml HTTP/1.1" 200 119665 "-" "python-requests/2.32.3"
46.101.116.244 - - [26/May/2025:06:10:28 +0200] "GET /Jurek/nonabox/feeds/nonabox_mallsigs.xml HTTP/2.0" 200 33863 "-" "-"
77.79.248.229 - - [26/May/2025:06:10:32 +0200] "GET /Jurek/lerutrade/feeds/lerutrade_cdon_se.xml HTTP/1.1" 200 82835 "-" "python-requests/2.32.3"
77.79.248.229 - - [26/May/2025:06:10:32 +0200] "GET /Jurek/lerutrade/feeds/lerutrade_cdon_dk.xml HTTP/1.1" 200 82829 "-" "python-requests/2.32.3"
77.79.248.229 - - [26/May/2025:06:10:32 +0200] "GET /Jurek/lerutrade/feeds/lerutrade_cdon_fi.xml HTTP/1.1" 200 82822 "-" "python-requests/2.32.3"
51.77.52.107 - - [26/May/2025:06:10:34 +0200] "GET /Jurek/eurofirany/images/456017/0.jpg HTTP/2.0" 200 99673 "-" "baselinker"
46.101.116.244 - - [26/May/2025:06:10:39 +0200] "GET /Jurek/omi/feeds/omi_mallsigs.xml HTTP/2.0" 200 8100723 "-" "-"
51.77.52.107 - - [26/May/2025:06:10:47 +0200] "GET /Jurek/eurofirany/images/456017/0.jpg HTTP/2.0" 200 99673 "-" "baselinker"
46.101.116.244 - - [26/May/2025:06:10:50 +0200] "GET /Jurek/proparts/feeds/proparts_mallsigs.xml HTTP/2.0" 200 707480 "-" "-"
51.77.52.107 - - [26/May/2025:06:11:00 +0200] "GET /Jurek/eurofirany/images/456017/0.jpg HTTP/2.0" 200 99673 "-" "baselinker"
51.77.52.107 - - [26/May/2025:06:11:08 +0200] "GET /Jurek/eurofirany/images/452284/0.jpg HTTP/2.0" 200 116594 "-" "baselinker"
46.101.116.244 - - [26/May/2025:06:11:14 +0200] "GET /Jurek/snibbs/feeds/snibbs_mallsigs.xml HTTP/2.0" 200 74399 "-" "-"
51.77.52.107 - - [26/May/2025:06:11:23 +0200] "GET /Jurek/eurofirany/images/452284/0.jpg HTTP/2.0" 200 116594 "-" "baselinker"
51.77.52.107 - - [26/May/2025:06:11:36 +0200] "GET /Jurek/eurofirany/images/452284/0.jpg HTTP/2.0" 200 116594 "-" "baselinker"
46.101.116.244 - - [26/May/2025:06:11:37 +0200] "GET /Jurek/techrebal/feeds/techrebal_mallsigs.xml HTTP/2.0" 200 1989733 "-" "-"
51.77.52.107 - - [26/May/2025:06:11:44 +0200] "GET /Jurek/eurofirany/images/456116/0.jpg HTTP/2.0" 200 35973 "-" "baselinker"
46.101.116.244 - - [26/May/2025:06:11:48 +0200] "GET /Jurek/techrebalina/feeds/techrebalina_mallsigs.xml HTTP/2.0" 200 2011206 "-" "-"
51.77.52.107 - - [26/May/2025:06:11:50 +0200] "GET /Jurek/eurofirany/images/456116/0.jpg HTTP/2.0" 200 35973 "-" "baselinker"
51.77.52.107 - - [26/May/2025:06:12:02 +0200] "GET /Jurek/eurofirany/images/456116/0.jpg HTTP/2.0" 200 35973 "-" "baselinker"
46.101.116.244 - - [26/May/2025:06:12:10 +0200] "GET /Jurek/maksik/feeds/maksik_mallsi.xml HTTP/2.0" 200 4084771 "-" "-"
51.77.52.107 - - [26/May/2025:06:12:15 +0200] "GET /Jurek/eurofirany/images/456061/0.jpg HTTP/2.0" 200 52338 "-" "baselinker"
46.101.116.244 - - [26/May/2025:06:12:21 +0200] "GET /Jurek/andex/feeds/andex_mallsi.xml HTTP/2.0" 200 1953410 "-" "-"
51.77.52.107 - - [26/May/2025:06:12:26 +0200] "GET /Jurek/eurofirany/images/456061/0.jpg HTTP/2.0" 200 52338 "-" "baselinker"
46.101.116.244 - - [26/May/2025:06:12:32 +0200] "GET /Jurek/german/feeds/german_mallsi.xml HTTP/2.0" 200 2853572 "-" "-"
89.161.206.59 - - [26/May/2025:06:12:36 +0200] "GET /Jurek/eurofryz2/feeds/eurofryz2_skroutz.xml HTTP/1.0" 200 1376716 "-" "-"
89.161.206.59 - - [26/May/2025:06:12:36 +0200] "GET /Jurek/eurofryz3/feeds/eurofryz3_skroutz.xml HTTP/1.0" 200 172220 "-" "-"
89.161.206.59 - - [26/May/2025:06:12:38 +0200] "GET /Jurek/lendo/feeds/lendo_skroutz.xml HTTP/1.0" 200 330394 "-" "-"
89.161.206.59 - - [26/May/2025:06:12:38 +0200] "GET /Jurek/dekornatort/feeds/dekornatort_skroutz.xml HTTP/1.0" 200 225753 "-" "-"
89.161.206.59 - - [26/May/2025:06:12:40 +0200] "GET /Jurek/ikonka/feeds/ikonka_ebayde.xml HTTP/1.0" 200 7017373 "-" "-"
51.77.52.107 - - [26/May/2025:06:12:41 +0200] "GET /Jurek/eurofirany/images/456061/0.jpg HTTP/2.0" 200 52338 "-" "baselinker"
89.161.206.59 - - [26/May/2025:06:12:42 +0200] "GET /Jurek/nexus/feeds/nexus_skroutz.xml HTTP/1.0" 200 226627 "-" "-"
89.161.206.59 - - [26/May/2025:06:12:42 +0200] "GET /Jurek/playcob/feeds/playcob_skroutz.xml HTTP/1.0" 200 6980126 "-" "-"
89.161.206.59 - - [26/May/2025:06:12:42 +0200] "GET /Jurek/alucon/feeds/alucon_skroutz.xml HTTP/1.0" 200 553574 "-" "-"
89.161.206.59 - - [26/May/2025:06:12:47 +0200] "GET /Jurek/aiofactory/feeds/aiofactory_ebayde.xml HTTP/1.0" 200 2123745 "-" "-"
89.161.206.59 - - [26/May/2025:06:12:47 +0200] "GET /Jurek/cbdgreen/feeds/cbdgreen_skroutz.xml HTTP/1.0" 200 30342 "-" "-"
51.77.52.107 - - [26/May/2025:06:12:52 +0200] "GET /Jurek/eurofirany/images/456063/0.jpg HTTP/2.0" 200 53208 "-" "baselinker"
46.101.116.244 - - [26/May/2025:06:12:54 +0200] "GET /Jurek/maksik/feeds/maksik_mallsi.xml HTTP/2.0" 200 4084771 "-" "-"
46.101.116.244 - - [26/May/2025:06:13:05 +0200] "GET /Jurek/smxdesign/feeds/smxdesign_mallsi.xml HTTP/2.0" 200 1829006 "-" "-"
51.77.52.107 - - [26/May/2025:06:13:06 +0200] "GET /Jurek/eurofirany/images/456063/0.jpg HTTP/2.0" 200 53208 "-" "baselinker"
51.77.52.107 - - [26/May/2025:06:13:24 +0200] "GET /Jurek/eurofirany/images/456063/0.jpg HTTP/2.0" 200 53208 "-" "baselinker"
46.101.116.244 - - [26/May/2025:06:13:25 +0200] "GET /Jurek/alucon/feeds/alucon_mallsi.xml HTTP/2.0" 200 553569 "-" "-"
51.77.52.107 - - [26/May/2025:06:13:34 +0200] "GET /Jurek/eurofirany/images/456065/0.jpg HTTP/2.0" 200 64266 "-" "baselinker"
46.101.116.244 - - [26/May/2025:06:13:36 +0200] "GET /Jurek/evil/feeds/evil_mallsi.xml HTTP/2.0" 200 306389 "-" "-"
46.101.116.244 - - [26/May/2025:06:13:46 +0200] "GET /Jurek/hlo/feeds/hlo_mallsi.xml HTTP/2.0" 200 4838671 "-" "-"
51.77.52.107 - - [26/May/2025:06:13:51 +0200] "GET /Jurek/eurofirany/images/456065/0.jpg HTTP/2.0" 200 64266 "-" "baselinker"
46.101.116.244 - - [26/May/2025:06:13:57 +0200] "GET /Jurek/lgbtshop/feeds/lgbtshop_mallsi.xml HTTP/2.0" 200 219253 "-" "-"
46.101.116.244 - - [26/May/2025:06:14:07 +0200] "GET /Jurek/madrex/feeds/madrex_mallsi.xml HTTP/2.0" 200 466713 "-" "-"
51.77.52.107 - - [26/May/2025:06:14:08 +0200] "GET /Jurek/eurofirany/images/456065/0.jpg HTTP/2.0" 200 64266 "-" "baselinker"
51.77.52.107 - - [26/May/2025:06:14:15 +0200] "GET /Jurek/eurofirany/images/456071/0.jpg HTTP/2.0" 200 94173 "-" "baselinker"
46.101.116.244 - - [26/May/2025:06:14:17 +0200] "GET /Jurek/motofan/feeds/motofan_mallsi.xml HTTP/2.0" 200 2392156 "-" "-"
51.77.52.107 - - [26/May/2025:06:14:26 +0200] "GET /Jurek/eurofirany/images/456071/0.jpg HTTP/2.0" 200 94173 "-" "baselinker"
46.101.116.244 - - [26/May/2025:06:14:28 +0200] "GET /Jurek/najtanszysport/feeds/najtanszysport_mallsi.xml HTTP/2.0" 200 3983146 "-" "-"
89.161.206.59 - - [26/May/2025:06:14:31 +0200] "GET /Jurek/snibbs/feeds/snibbs_skroutz.xml HTTP/1.0" 200 74399 "-" "-"
89.161.206.59 - - [26/May/2025:06:14:31 +0200] "GET /Jurek/coppotech/feeds/coppotech_skroutz.xml HTTP/1.0" 200 37852809 "-" "-"
51.77.52.107 - - [26/May/2025:06:14:32 +0200] "GET /Jurek/eurofirany/images/456071/0.jpg HTTP/2.0" 200 94173 "-" "baselinker"
89.161.206.59 - - [26/May/2025:06:14:35 +0200] "GET /Jurek/elavia/feeds/elavia_skroutz.xml HTTP/1.0" 200 2297061 "-" "-"
46.101.116.244 - - [26/May/2025:06:14:39 +0200] "GET /Jurek/nexus/feeds/nexus_mallsi.xml HTTP/2.0" 200 226610 "-" "-"
89.161.206.59 - - [26/May/2025:06:14:41 +0200] "GET /Jurek/maksik/feeds/maksik_skroutz.xml HTTP/1.0" 200 4084809 "-" "-"
89.161.206.59 - - [26/May/2025:06:14:42 +0200] "GET /Jurek/globaldeli/feeds/globaldeli_skroutz.xml HTTP/1.0" 200 2590887 "-" "-"
89.161.206.59 - - [26/May/2025:06:14:47 +0200] "GET /Jurek/smxdesign/feeds/smxdesign_skroutz.xml HTTP/1.0" 200 1828975 "-" "-"
89.161.206.59 - - [26/May/2025:06:14:47 +0200] "GET /Jurek/princelh/feeds/princelh_skroutz.xml HTTP/1.0" 200 133435 "-" "-"
51.77.52.107 - - [26/May/2025:06:14:48 +0200] "GET /Jurek/eurofirany/images/456077/0.jpg HTTP/2.0" 200 34402 "-" "baselinker"
89.161.206.59 - - [26/May/2025:06:14:48 +0200] "GET /Jurek/proparts/feeds/proparts_skroutz.xml HTTP/1.0" 200 707497 "-" "-"
46.101.116.244 - - [26/May/2025:06:14:49 +0200] "GET /Jurek/playcob/feeds/playcob_mallsi.xml HTTP/2.0" 200 6980132 "-" "-"
89.161.206.59 - - [26/May/2025:06:14:52 +0200] "GET /Jurek/winoszarnia/feeds/winoszarnia_skroutz.xml HTTP/1.0" 200 6064805 "-" "-"
51.77.52.107 - - [26/May/2025:06:14:53 +0200] "GET /Jurek/eurofirany/images/456077/0.jpg HTTP/2.0" 200 34402 "-" "baselinker"
89.161.206.59 - - [26/May/2025:06:14:55 +0200] "GET /Jurek/kristronik/feeds/kristronik_skroutz.xml HTTP/1.0" 200 691991 "-" "-"
89.161.206.59 - - [26/May/2025:06:14:55 +0200] "GET /Jurek/beltimore/feeds/beltimore_skroutz.xml HTTP/1.0" 200 18651566 "-" "-"
89.161.206.59 - - [26/May/2025:06:14:56 +0200] "GET /Jurek/techrebalina/feeds/techrebalina_skroutz.xml HTTP/1.0" 200 2011192 "-" "-"
89.161.206.59 - - [26/May/2025:06:14:57 +0200] "GET /Jurek/techrebal/feeds/techrebal_skroutz.xml HTTP/1.0" 200 1969160 "-" "-"
51.77.52.107 - - [26/May/2025:06:14:58 +0200] "GET /Jurek/eurofirany/images/456077/0.jpg HTTP/2.0" 200 34402 "-" "baselinker"
46.101.116.244 - - [26/May/2025:06:15:00 +0200] "GET /Jurek/zepnij/feeds/zepnij_mallsi.xml HTTP/2.0" 200 19522728 "-" "-"
89.161.206.59 - - [26/May/2025:06:15:01 +0200] "GET /Jurek/nonabox/feeds/nonabox_skroutz.xml HTTP/1.0" 200 33864 "-" "-"
51.77.52.107 - - [26/May/2025:06:15:01 +0200] "GET /Jurek/eurofirany/images/456078/0.jpg HTTP/2.0" 200 77535 "-" "baselinker"
89.161.206.59 - - [26/May/2025:06:15:02 +0200] "GET /Jurek/omi/feeds/omi_skroutz.xml HTTP/1.0" 200 8100726 "-" "-"
46.101.116.244 - - [26/May/2025:06:15:12 +0200] "GET /Jurek/cbdgreen/feeds/cbdgreen_mallsi.xml HTTP/2.0" 200 50541 "-" "-"
51.77.52.107 - - [26/May/2025:06:15:16 +0200] "GET /Jurek/eurofirany/images/456078/0.jpg HTTP/2.0" 200 77535 "-" "baselinker"
46.101.116.244 - - [26/May/2025:06:15:22 +0200] "GET /Jurek/dekornatort/feeds/dekornatort_mallsi.xml HTTP/2.0" 200 225749 "-" "-"
51.77.52.107 - - [26/May/2025:06:15:22 +0200] "GET /Jurek/eurofirany/images/456078/0.jpg HTTP/2.0" 200 77535 "-" "baselinker"
89.161.206.59 - - [26/May/2025:06:15:29 +0200] "GET /Jurek/eoptimo/feeds/eoptimo_skroutz.xml HTTP/1.0" 200 2094330 "-" "-"
89.161.206.59 - - [26/May/2025:06:15:30 +0200] "GET /Jurek/broers/feeds/broers_skroutz.xml HTTP/1.0" 200 1981481 "-" "-"
46.101.116.244 - - [26/May/2025:06:15:32 +0200] "GET /Jurek/globaldeli/feeds/globaldeli_mallsi.xml HTTP/2.0" 200 2590906 "-" "-"
51.77.52.107 - - [26/May/2025:06:15:46 +0200] "GET /Jurek/eurofirany/images/456090/0.jpg HTTP/2.0" 200 60972 "-" "baselinker"
46.101.116.244 - - [26/May/2025:06:15:53 +0200] "GET /Jurek/lendo/feeds/lendo_mallsi.xml HTTP/2.0" 200 330393 "-" "-"
51.77.52.107 - - [26/May/2025:06:16:00 +0200] "GET /Jurek/eurofirany/images/456090/0.jpg HTTP/2.0" 200 60972 "-" "baselinker"
51.77.52.107 - - [26/May/2025:06:16:17 +0200] "GET /Jurek/eurofirany/images/456090/0.jpg HTTP/2.0" 200 60972 "-" "baselinker"
51.77.52.107 - - [26/May/2025:06:16:24 +0200] "GET /Jurek/eurofirany/images/456095/0.jpg HTTP/2.0" 200 34794 "-" "baselinker"
51.77.52.107 - - [26/May/2025:06:16:29 +0200] "GET /Jurek/eurofirany/images/456095/0.jpg HTTP/2.0" 200 34794 "-" "baselinker"
51.77.52.107 - - [26/May/2025:06:16:34 +0200] "GET /Jurek/eurofirany/images/456095/0.jpg HTTP/2.0" 200 34794 "-" "baselinker"
89.161.206.59 - - [26/May/2025:06:16:44 +0200] "GET /Jurek/galopibhp/feeds/galopibhp_skroutz.xml HTTP/1.0" 200 1852230 "-" "-"
51.77.52.107 - - [26/May/2025:06:16:52 +0200] "GET /Jurek/eurofirany/images/456097/0.jpg HTTP/2.0" 200 56324 "-" "baselinker"
51.77.52.107 - - [26/May/2025:06:17:02 +0200] "GET /Jurek/eurofirany/images/456097/0.jpg HTTP/2.0" 200 56324 "-" "baselinker"
51.77.52.107 - - [26/May/2025:06:17:14 +0200] "GET /Jurek/eurofirany/images/456097/0.jpg HTTP/2.0" 200 56324 "-" "baselinker"
51.77.52.107 - - [26/May/2025:06:17:28 +0200] "GET /Jurek/eurofirany/images/456103/0.jpg HTTP/2.0" 200 60021 "-" "baselinker"
51.77.52.107 - - [26/May/2025:06:17:43 +0200] "GET /Jurek/eurofirany/images/456103/0.jpg HTTP/2.0" 200 60021 "-" "baselinker"
89.161.206.59 - - [26/May/2025:06:17:46 +0200] "GET /Jurek/purewear/feeds/purewear_skroutz.xml HTTP/1.0" 200 13350979 "-" "-"
51.77.52.107 - - [26/May/2025:06:17:58 +0200] "GET /Jurek/eurofirany/images/456103/0.jpg HTTP/2.0" 200 60021 "-" "baselinker"
51.77.52.107 - - [26/May/2025:06:18:11 +0200] "GET /Jurek/eurofirany/images/456113/0.jpg HTTP/2.0" 200 106376 "-" "baselinker"
51.77.52.107 - - [26/May/2025:06:18:25 +0200] "GET /Jurek/eurofirany/images/456113/0.jpg HTTP/2.0" 200 106376 "-" "baselinker"
51.77.52.107 - - [26/May/2025:06:18:29 +0200] "GET /Jurek/eurofirany/images/456113/0.jpg HTTP/2.0" 200 106376 "-" "baselinker"
89.161.206.59 - - [26/May/2025:06:18:32 +0200] "GET /Jurek/carbonyway/feeds/carbonyway_skroutz.xml HTTP/1.0" 200 3075969 "-" "-"
89.161.206.59 - - [26/May/2025:06:18:33 +0200] "GET /Jurek/filmal/feeds/filmal_skroutz.xml HTTP/1.0" 200 139275 "-" "-"
89.161.206.59 - - [26/May/2025:06:18:34 +0200] "GET /Jurek/jakdroz/feeds/jakdroz_skroutz.xml HTTP/1.0" 200 1894278 "-" "-"
89.161.206.59 - - [26/May/2025:06:18:34 +0200] "GET /Jurek/jakdroz/feeds/jakdroz_skroutz.xml HTTP/1.0" 200 1894278 "-" "-"
89.161.206.59 - - [26/May/2025:06:18:34 +0200] "GET /Jurek/riko/feeds/riko_skr.xml HTTP/1.0" 200 3785003 "-" "-"
89.161.206.59 - - [26/May/2025:06:18:39 +0200] "GET /Jurek/tsjerzy/feeds/tsjerzy_skr.xml HTTP/1.0" 200 3841022 "-" "-"
51.77.52.107 - - [26/May/2025:06:18:45 +0200] "GET /Jurek/eurofirany/images/456114/0.jpg HTTP/2.0" 200 68739 "-" "baselinker"
89.161.206.59 - - [26/May/2025:06:18:46 +0200] "GET /Jurek/sebmart/feeds/sebmart_skr.xml HTTP/1.0" 200 1598728 "-" "-"
89.161.206.59 - - [26/May/2025:06:18:47 +0200] "GET /Jurek/harmonypost/feeds/harmonypost_skr.xml HTTP/1.0" 200 39903563 "-" "-"
51.77.52.107 - - [26/May/2025:06:18:59 +0200] "GET /Jurek/eurofirany/images/456114/0.jpg HTTP/2.0" 200 68739 "-" "baselinker"
51.77.52.107 - - [26/May/2025:06:19:17 +0200] "GET /Jurek/eurofirany/images/456114/0.jpg HTTP/2.0" 200 68739 "-" "baselinker"
