89.161.206.59 - - [26/May/2025:07:21:32 +0200] "GET /Jurek/carbonyway/feeds/carbonyway_amazonde.xml HTTP/1.0" 200 3075942 "-" "-"
89.161.206.59 - - [26/May/2025:07:21:33 +0200] "GET /Jurek/kamar/feeds/kamar_amazonde.xml HTTP/1.0" 200 25549788 "-" "-"
89.161.206.59 - - [26/May/2025:07:21:35 +0200] "GET /Jurek/reman/feeds/reman_amazonde.xml HTTP/1.0" 200 1394823 "-" "-"
89.161.206.59 - - [26/May/2025:07:21:36 +0200] "GET /Jurek/equalo/feeds/equalo_amazonde.xml HTTP/1.0" 200 98003 "-" "-"
89.161.206.59 - - [26/May/2025:07:21:36 +0200] "GET /Jurek/cdata/feeds/cdata_amazonde.xml HTTP/1.0" 200 1445136 "-" "-"
89.161.206.59 - - [26/May/2025:07:21:37 +0200] "GET /Jurek/drewdon/feeds/drewdon_amazonde.xml HTTP/1.0" 200 504447 "-" "-"
89.161.206.59 - - [26/May/2025:07:21:37 +0200] "GET /Jurek/alucon/feeds/alucon_amazonde.xml HTTP/1.0" 200 553565 "-" "-"
89.161.206.59 - - [26/May/2025:07:21:37 +0200] "GET /Jurek/riko/feeds/riko_amazonde.xml HTTP/1.0" 200 3784973 "-" "-"
89.161.206.59 - - [26/May/2025:07:21:38 +0200] "GET /Jurek/narzbud/feeds/narzbud_amazonde.xml HTTP/1.0" 200 1901248 "-" "-"
51.77.52.107 - - [26/May/2025:07:21:43 +0200] "GET /Jurek/eurofirany/images/454072/0.jpg HTTP/2.0" 200 100680 "-" "baselinker"
51.77.52.107 - - [26/May/2025:07:21:57 +0200] "GET /Jurek/eurofirany/images/454072/0.jpg HTTP/2.0" 200 100680 "-" "baselinker"
51.77.52.107 - - [26/May/2025:07:22:12 +0200] "GET /Jurek/eurofirany/images/454072/0.jpg HTTP/2.0" 200 100680 "-" "baselinker"
85.232.241.194 - - [26/May/2025:07:22:17 +0200] "GET /Jurek/action/feeds/action_ubaldi.xml HTTP/1.1" 200 58657795 "-" "Python-urllib/3.11"
51.77.52.107 - - [26/May/2025:07:22:33 +0200] "GET /Jurek/eurofirany/images/454073/0.jpg HTTP/2.0" 200 106389 "-" "baselinker"
51.77.52.107 - - [26/May/2025:07:22:48 +0200] "GET /Jurek/eurofirany/images/454073/0.jpg HTTP/2.0" 200 106389 "-" "baselinker"
85.232.241.194 - - [26/May/2025:07:22:48 +0200] "GET /Jurek/hurtownia_przemyslowa/feeds/hp_ubaldi.xml HTTP/1.1" 200 49362189 "-" "Python-urllib/3.11"
85.232.241.194 - - [26/May/2025:07:23:00 +0200] "GET /Jurek/aw/feeds/aw_ubaldi.xml HTTP/1.1" 200 91091316 "-" "Python-urllib/3.11"
51.77.52.107 - - [26/May/2025:07:23:06 +0200] "GET /Jurek/eurofirany/images/454073/0.jpg HTTP/2.0" 200 106389 "-" "baselinker"
85.232.241.194 - - [26/May/2025:07:23:13 +0200] "GET /Jurek/intsell/feeds/intsell_rue.xml HTTP/1.1" 200 342009695 "-" "Python-urllib/3.11"
51.77.52.107 - - [26/May/2025:07:23:18 +0200] "GET /Jurek/eurofirany/images/454074/0.jpg HTTP/2.0" 200 85501 "-" "baselinker"
85.232.241.194 - - [26/May/2025:07:23:19 +0200] "GET /Jurek/ekuchcikowo/feeds/ekuchcikowo_rue.xml HTTP/1.1" 200 12471062 "-" "Python-urllib/3.11"
51.77.52.107 - - [26/May/2025:07:23:23 +0200] "GET /Jurek/eurofirany/images/454074/0.jpg HTTP/2.0" 200 85501 "-" "baselinker"
51.77.52.107 - - [26/May/2025:07:23:37 +0200] "GET /Jurek/eurofirany/images/454074/0.jpg HTTP/2.0" 200 85501 "-" "baselinker"
85.232.241.194 - - [26/May/2025:07:23:46 +0200] "GET /Jurek/naszedzieci/feeds/naszedzieci_ubaldi.xml HTTP/1.1" 200 833168061 "-" "Python-urllib/3.11"
51.77.52.107 - - [26/May/2025:07:23:47 +0200] "GET /Jurek/eurofirany/images/454075/0.jpg HTTP/2.0" 200 106487 "-" "baselinker"
85.232.241.194 - - [26/May/2025:07:23:51 +0200] "GET /Jurek/kidshop/feeds/kidshop_ubaldi.xml HTTP/1.1" 200 19850637 "-" "Python-urllib/3.11"
85.232.241.194 - - [26/May/2025:07:23:51 +0200] "GET /Jurek/kobi/feeds/kobi_ubaldi.xml HTTP/1.1" 200 1993090 "-" "Python-urllib/3.11"
85.232.241.194 - - [26/May/2025:07:23:52 +0200] "GET /Jurek/najtanszysport/feeds/najtanszysport_ubaldi.xml HTTP/1.1" 200 3983237 "-" "Python-urllib/3.11"
85.232.241.194 - - [26/May/2025:07:23:58 +0200] "GET /Jurek/luxma/feeds/luxma_ubaldi.xml HTTP/1.1" 200 8058615 "-" "Python-urllib/3.11"
85.232.241.194 - - [26/May/2025:07:23:58 +0200] "GET /Jurek/kristronik/feeds/kristronik_ubaldi.xml HTTP/1.1" 200 691981 "-" "Python-urllib/3.11"
85.232.241.194 - - [26/May/2025:07:23:59 +0200] "GET /Jurek/rider/feeds/rider_ubaldi.xml HTTP/1.1" 200 8165179 "-" "Python-urllib/3.11"
85.232.241.194 - - [26/May/2025:07:23:59 +0200] "GET /Jurek/broers/feeds/broers_ubaldi.xml HTTP/1.1" 200 1982599 "-" "Python-urllib/3.11"
51.77.52.107 - - [26/May/2025:07:24:01 +0200] "GET /Jurek/eurofirany/images/454075/0.jpg HTTP/2.0" 200 106487 "-" "baselinker"
85.232.241.194 - - [26/May/2025:07:24:05 +0200] "GET /Jurek/straganbiur/feeds/straganbiur_ubaldi.xml HTTP/1.1" 200 8893099 "-" "Python-urllib/3.11"
85.232.241.194 - - [26/May/2025:07:24:06 +0200] "GET /Jurek/b3/feeds/b3_ubaldi.xml HTTP/1.1" 200 8081280 "-" "Python-urllib/3.11"
85.232.241.194 - - [26/May/2025:07:24:06 +0200] "GET /Jurek/kinghoff/feeds/kinghoff_ubaldi.xml HTTP/1.1" 200 15702950 "-" "Python-urllib/3.11"
85.232.241.194 - - [26/May/2025:07:24:11 +0200] "GET /Jurek/topeshop/feeds/topeshop_ubaldi.xml HTTP/1.1" 200 3013579 "-" "Python-urllib/3.11"
85.232.241.194 - - [26/May/2025:07:24:11 +0200] "GET /Jurek/sempler/feeds/sempler_ubaldi.xml HTTP/1.1" 200 6787925 "-" "Python-urllib/3.11"
85.232.241.194 - - [26/May/2025:07:24:11 +0200] "GET /Jurek/asortymenteu/feeds/asortymenteu_ubaldi.xml HTTP/1.1" 200 2864975 "-" "Python-urllib/3.11"
85.232.241.194 - - [26/May/2025:07:24:11 +0200] "GET /Jurek/hlo/feeds/hlo_ubaldi.xml HTTP/1.1" 200 4837703 "-" "Python-urllib/3.11"
85.232.241.194 - - [26/May/2025:07:24:12 +0200] "GET /Jurek/elavia/feeds/elavia_ubaldi.xml HTTP/1.1" 200 2497285 "-" "Python-urllib/3.11"
85.232.241.194 - - [26/May/2025:07:24:12 +0200] "GET /Jurek/cdata/feeds/cdata_ubaldi.xml HTTP/1.1" 200 1445148 "-" "Python-urllib/3.11"
51.77.52.107 - - [26/May/2025:07:24:14 +0200] "GET /Jurek/eurofirany/images/454075/0.jpg HTTP/2.0" 200 106487 "-" "baselinker"
85.232.241.194 - - [26/May/2025:07:24:18 +0200] "GET /Jurek/cenoman/feeds/cenoman_ubaldi.xml HTTP/1.1" 200 5993056 "-" "Python-urllib/3.11"
85.232.241.194 - - [26/May/2025:07:24:18 +0200] "GET /Jurek/kamar/feeds/kamar_ubaldi.xml HTTP/1.1" 200 25550226 "-" "Python-urllib/3.11"
85.232.241.194 - - [26/May/2025:07:24:19 +0200] "GET /Jurek/avenido/feeds/avenido_ubaldi.xml HTTP/1.1" 200 720112 "-" "Python-urllib/3.11"
85.232.241.194 - - [26/May/2025:07:24:19 +0200] "GET /Jurek/zenex/feeds/zenex_ubaldi.xml HTTP/1.1" 200 540166 "-" "Python-urllib/3.11"
85.232.241.194 - - [26/May/2025:07:24:24 +0200] "GET /Jurek/makow/feeds/makow_ubaldi.xml HTTP/1.1" 200 21203601 "-" "Python-urllib/3.11"
51.77.52.107 - - [26/May/2025:07:24:26 +0200] "GET /Jurek/eurofirany/images/458276/0.jpg HTTP/2.0" 200 120881 "-" "baselinker"
85.232.241.194 - - [26/May/2025:07:24:31 +0200] "GET /Jurek/apresto/feeds/apresto_ubaldi.xml HTTP/1.1" 200 1327679 "-" "Python-urllib/3.11"
85.232.241.194 - - [26/May/2025:07:24:31 +0200] "GET /Jurek/aw/feeds/aw_worten.xml HTTP/1.1" 200 91087277 "-" "Python-urllib/3.11"
85.232.241.194 - - [26/May/2025:07:24:31 +0200] "GET /Jurek/carbonyway/feeds/carbonyway_ubaldi.xml HTTP/1.1" 200 3075912 "-" "Python-urllib/3.11"
51.77.52.107 - - [26/May/2025:07:24:38 +0200] "GET /Jurek/eurofirany/images/458276/0.jpg HTTP/2.0" 200 120881 "-" "baselinker"
85.232.241.194 - - [26/May/2025:07:24:38 +0200] "GET /Jurek/aw/feeds/aw_wortenES.xml HTTP/1.1" 200 91089225 "-" "Python-urllib/3.11"
85.232.241.194 - - [26/May/2025:07:24:43 +0200] "GET /Jurek/awparts/feeds/awparts_ubaldi.xml HTTP/1.1" 200 142300602 "-" "Python-urllib/3.11"
51.77.52.107 - - [26/May/2025:07:24:43 +0200] "GET /Jurek/eurofirany/images/458276/0.jpg HTTP/2.0" 200 120881 "-" "baselinker"
85.232.241.194 - - [26/May/2025:07:24:44 +0200] "GET /Jurek/kalama/feeds/kalama_ubaldi.xml HTTP/1.1" 200 2661774 "-" "Python-urllib/3.11"
85.232.241.194 - - [26/May/2025:07:24:44 +0200] "GET /Jurek/bloomglow/feeds/bloomglow_ubaldi.xml HTTP/1.1" 200 14095448 "-" "Python-urllib/3.11"
85.232.241.194 - - [26/May/2025:07:24:44 +0200] "GET /Jurek/action/feeds/action_worten.xml HTTP/1.1" 200 59309835 "-" "Python-urllib/3.11"
51.77.52.107 - - [26/May/2025:07:24:49 +0200] "GET /Jurek/eurofirany/images/458281/0.jpg HTTP/2.0" 200 109331 "-" "baselinker"
85.232.241.194 - - [26/May/2025:07:24:49 +0200] "GET /Jurek/zbimatyja/feeds/zbimatyja_ubaldi.xml HTTP/1.1" 200 11670166 "-" "Python-urllib/3.11"
85.232.241.194 - - [26/May/2025:07:24:50 +0200] "GET /Jurek/action/feeds/action_wortenES.xml HTTP/1.1" 200 58658707 "-" "Python-urllib/3.11"
51.77.52.107 - - [26/May/2025:07:24:54 +0200] "GET /Jurek/eurofirany/images/458281/0.jpg HTTP/2.0" 200 109331 "-" "baselinker"
51.77.52.107 - - [26/May/2025:07:24:58 +0200] "GET /Jurek/eurofirany/images/458281/0.jpg HTTP/2.0" 200 109331 "-" "baselinker"
51.77.52.107 - - [26/May/2025:07:25:03 +0200] "GET /Jurek/eurofirany/images/458283/0.jpg HTTP/2.0" 200 107856 "-" "baselinker"
51.77.52.107 - - [26/May/2025:07:25:07 +0200] "GET /Jurek/eurofirany/images/458283/0.jpg HTTP/2.0" 200 107856 "-" "baselinker"
34.56.40.173 - - [26/May/2025:07:25:11 +0200] "GET /Jurek/eurofirany/images/452344/1.jpg HTTP/1.1" 200 180350 "-" "Mozilla/5.0 (X11; Linux x86_64) AppleWebKit/537.36 (KHTML, like Gecko) Chrome/110.0.0.0 Safari/537.36"
34.123.56.223 - - [26/May/2025:07:25:11 +0200] "GET /Jurek/eurofirany/images/452345/1.jpg HTTP/1.1" 200 200128 "-" "Mozilla/5.0 (X11; Linux x86_64) AppleWebKit/537.36 (KHTML, like Gecko) Chrome/110.0.0.0 Safari/537.36"
34.56.40.173 - - [26/May/2025:07:25:11 +0200] "GET /Jurek/eurofirany/images/452344/0.jpg HTTP/1.1" 200 156970 "-" "Mozilla/5.0 (X11; Linux x86_64) AppleWebKit/537.36 (KHTML, like Gecko) Chrome/110.0.0.0 Safari/537.36"
51.77.52.107 - - [26/May/2025:07:25:12 +0200] "GET /Jurek/eurofirany/images/458283/0.jpg HTTP/2.0" 200 107856 "-" "baselinker"
34.29.253.61 - - [26/May/2025:07:25:12 +0200] "GET /Jurek/eurofirany/images/452345/2.jpg HTTP/1.1" 200 167438 "-" "Mozilla/5.0 (X11; Linux x86_64) AppleWebKit/537.36 (KHTML, like Gecko) Chrome/110.0.0.0 Safari/537.36"
34.29.253.61 - - [26/May/2025:07:25:13 +0200] "GET /Jurek/eurofirany/images/452345/3.jpg HTTP/1.1" 200 180350 "-" "Mozilla/5.0 (X11; Linux x86_64) AppleWebKit/537.36 (KHTML, like Gecko) Chrome/110.0.0.0 Safari/537.36"
34.29.253.61 - - [26/May/2025:07:25:13 +0200] "GET /Jurek/eurofirany/images/452345/0.jpg HTTP/1.1" 200 148062 "-" "Mozilla/5.0 (X11; Linux x86_64) AppleWebKit/537.36 (KHTML, like Gecko) Chrome/110.0.0.0 Safari/537.36"
51.77.52.107 - - [26/May/2025:07:25:16 +0200] "GET /Jurek/eurofirany/images/458284/0.jpg HTTP/2.0" 200 107856 "-" "baselinker"
51.77.52.107 - - [26/May/2025:07:25:21 +0200] "GET /Jurek/eurofirany/images/458284/0.jpg HTTP/2.0" 200 107856 "-" "baselinker"
51.77.52.107 - - [26/May/2025:07:25:24 +0200] "GET /Jurek/eurofirany/images/458284/0.jpg HTTP/2.0" 200 107856 "-" "baselinker"
51.77.52.107 - - [26/May/2025:07:25:29 +0200] "GET /Jurek/eurofirany/images/458285/0.jpg HTTP/2.0" 200 107856 "-" "baselinker"
85.232.241.194 - - [26/May/2025:07:25:30 +0200] "GET /Jurek/tsjerzy/feeds/tsjerzy_ubaldi.xml HTTP/1.1" 200 3897792 "-" "Python-urllib/3.11"
51.77.52.107 - - [26/May/2025:07:25:33 +0200] "GET /Jurek/eurofirany/images/458285/0.jpg HTTP/2.0" 200 107856 "-" "baselinker"
85.232.241.194 - - [26/May/2025:07:25:41 +0200] "GET /Jurek/velinda/feeds/velinda_ubaldi.xml HTTP/1.1" 200 23437 "-" "Python-urllib/3.11"
85.232.241.194 - - [26/May/2025:07:25:41 +0200] "GET /Jurek/elecomp/feeds/elecomp_ubaldi.xml HTTP/1.1" 200 2867720 "-" "Python-urllib/3.11"
51.77.52.107 - - [26/May/2025:07:25:42 +0200] "GET /Jurek/eurofirany/images/458285/0.jpg HTTP/2.0" 200 107856 "-" "baselinker"
85.232.241.194 - - [26/May/2025:07:25:46 +0200] "GET /Jurek/oromed/feeds/oromed_ubaldi.xml HTTP/1.1" 200 1289832 "-" "Python-urllib/3.11"
51.77.52.107 - - [26/May/2025:07:25:47 +0200] "GET /Jurek/eurofirany/images/458289/0.jpg HTTP/2.0" 200 57188 "-" "baselinker"
89.161.206.59 - - [26/May/2025:07:25:47 +0200] "GET /Jurek/avenido/feeds/avenido_amazonde.xml HTTP/1.0" 200 720106 "-" "-"
89.161.206.59 - - [26/May/2025:07:25:48 +0200] "GET /Jurek/regis/feeds/regis_amazonde.xml HTTP/1.0" 200 228475 "-" "-"
89.161.206.59 - - [26/May/2025:07:25:48 +0200] "GET /Jurek/snibbs/feeds/snibbs_amazonde.xml HTTP/1.0" 200 74393 "-" "-"
89.161.206.59 - - [26/May/2025:07:25:48 +0200] "GET /Jurek/nexus/feeds/nexus_amazonde.xml HTTP/1.0" 200 226618 "-" "-"
89.161.206.59 - - [26/May/2025:07:25:49 +0200] "GET /Jurek/sebmart/feeds/sebmart_amazonde.xml HTTP/1.0" 200 1598691 "-" "-"
51.77.52.107 - - [26/May/2025:07:25:51 +0200] "GET /Jurek/eurofirany/images/458289/0.jpg HTTP/2.0" 200 57188 "-" "baselinker"
51.77.52.107 - - [26/May/2025:07:25:55 +0200] "GET /Jurek/eurofirany/images/458289/0.jpg HTTP/2.0" 200 57188 "-" "baselinker"
66.211.183.73 - - [26/May/2025:07:25:59 +0200] "GET /Jurek/eurofirany/images/452344/0.jpg HTTP/1.1" 200 156970 "http://www.ebay.com/" "Mozilla/5.0 (Windows NT 10.0; Win64; x64) AppleWebKit/537.36 (KHTML, like Gecko) Chrome/123.0.0.0 Safari/537.36"
66.211.183.72 - - [26/May/2025:07:25:59 +0200] "GET /Jurek/eurofirany/images/452344/1.jpg HTTP/1.1" 200 180350 "http://www.ebay.com/" "Mozilla/5.0 (Windows NT 10.0; Win64; x64) AppleWebKit/537.36 (KHTML, like Gecko) Chrome/123.0.0.0 Safari/537.36"
51.77.52.107 - - [26/May/2025:07:26:00 +0200] "GET /Jurek/eurofirany/images/458291/0.jpg HTTP/2.0" 200 102795 "-" "baselinker"
51.77.52.107 - - [26/May/2025:07:26:05 +0200] "GET /Jurek/eurofirany/images/458291/0.jpg HTTP/2.0" 200 102795 "-" "baselinker"
51.77.52.107 - - [26/May/2025:07:26:09 +0200] "GET /Jurek/eurofirany/images/458291/0.jpg HTTP/2.0" 200 102795 "-" "baselinker"
51.77.52.107 - - [26/May/2025:07:26:13 +0200] "GET /Jurek/eurofirany/images/458292/0.jpg HTTP/2.0" 200 102795 "-" "baselinker"
85.232.241.194 - - [26/May/2025:07:26:17 +0200] "GET /Jurek/topeshop/feeds/topeshop_xxxlutz.xml HTTP/1.1" 200 3013476 "-" "Python-urllib/3.11"
51.77.52.107 - - [26/May/2025:07:26:17 +0200] "GET /Jurek/eurofirany/images/458292/0.jpg HTTP/2.0" 200 102795 "-" "baselinker"
85.232.241.194 - - [26/May/2025:07:26:17 +0200] "GET /Jurek/hurtownia_przemyslowa/feeds/hp_xxxlutz.xml HTTP/1.1" 200 49361841 "-" "Python-urllib/3.11"
85.232.241.194 - - [26/May/2025:07:26:24 +0200] "GET /Jurek/fernity/feeds/fernity_xxxlutz.xml HTTP/1.1" 200 4718075 "-" "Python-urllib/3.11"
51.77.52.107 - - [26/May/2025:07:26:28 +0200] "GET /Jurek/eurofirany/images/458292/0.jpg HTTP/2.0" 200 102795 "-" "baselinker"
85.232.241.194 - - [26/May/2025:07:26:30 +0200] "GET /Jurek/benetech/feeds/benetech_xxlutz.xml HTTP/1.1" 200 4165347 "-" "Python-urllib/3.11"
85.232.241.194 - - [26/May/2025:07:26:30 +0200] "GET /Jurek/ekolight/feeds/ekolioght_xxlutz.xml HTTP/1.1" 200 9052767 "-" "Python-urllib/3.11"
85.232.241.194 - - [26/May/2025:07:26:30 +0200] "GET /Jurek/waks/feeds/waks_xxlutz.xml HTTP/1.1" 200 1596552 "-" "Python-urllib/3.11"
66.211.183.72 - - [26/May/2025:07:26:30 +0200] "GET /Jurek/eurofirany/images/452344/0.jpg HTTP/1.1" 200 156970 "-" "Java/17.0.13.0.101"
85.232.241.194 - - [26/May/2025:07:26:30 +0200] "GET /Jurek/ekuchcikowo/feeds/ekuchcikowo_xxxlutz.xml HTTP/1.1" 200 12471007 "-" "Python-urllib/3.11"
85.232.241.194 - - [26/May/2025:07:26:30 +0200] "GET /Jurek/fertone/feeds/fertone_xxlutz.xml HTTP/1.1" 200 583882 "-" "Python-urllib/3.11"
51.77.52.107 - - [26/May/2025:07:26:32 +0200] "GET /Jurek/eurofirany/images/458293/0.jpg HTTP/2.0" 200 102795 "-" "baselinker"
51.77.52.107 - - [26/May/2025:07:26:36 +0200] "GET /Jurek/eurofirany/images/458293/0.jpg HTTP/2.0" 200 102795 "-" "baselinker"
51.77.52.107 - - [26/May/2025:07:26:41 +0200] "GET /Jurek/eurofirany/images/458293/0.jpg HTTP/2.0" 200 102795 "-" "baselinker"
51.77.52.107 - - [26/May/2025:07:26:46 +0200] "GET /Jurek/eurofirany/images/458297/0.jpg HTTP/2.0" 200 90138 "-" "baselinker"
51.77.52.107 - - [26/May/2025:07:26:52 +0200] "GET /Jurek/eurofirany/images/458297/0.jpg HTTP/2.0" 200 90138 "-" "baselinker"
85.232.241.194 - - [26/May/2025:07:26:55 +0200] "GET /Jurek/intsell/feeds/intsell_xxxlutz.xml HTTP/1.1" 200 342006527 "-" "Python-urllib/3.11"
85.232.241.194 - - [26/May/2025:07:27:01 +0200] "GET /Jurek/action/feeds/action_xxxlutz.xml HTTP/1.1" 200 58658522 "-" "Python-urllib/3.11"
85.232.241.194 - - [26/May/2025:07:27:01 +0200] "GET /Jurek/b3/feeds/b3_xxxlutz.xml HTTP/1.1" 200 8082131 "-" "Python-urllib/3.11"
51.77.52.107 - - [26/May/2025:07:27:04 +0200] "GET /Jurek/eurofirany/images/458297/0.jpg HTTP/2.0" 200 90138 "-" "baselinker"
85.232.241.194 - - [26/May/2025:07:27:07 +0200] "GET /Jurek/aw/feeds/aw_xxxlutz.xml HTTP/1.1" 200 91088923 "-" "Python-urllib/3.11"
51.77.52.107 - - [26/May/2025:07:27:09 +0200] "GET /Jurek/eurofirany/images/458299/0.jpg HTTP/2.0" 200 94179 "-" "baselinker"
51.77.52.107 - - [26/May/2025:07:27:14 +0200] "GET /Jurek/eurofirany/images/458299/0.jpg HTTP/2.0" 200 94179 "-" "baselinker"
51.77.52.107 - - [26/May/2025:07:27:19 +0200] "GET /Jurek/eurofirany/images/458299/0.jpg HTTP/2.0" 200 94179 "-" "baselinker"
51.77.52.107 - - [26/May/2025:07:27:22 +0200] "GET /Jurek/eurofirany/images/458302/0.jpg HTTP/2.0" 200 135704 "-" "baselinker"
51.77.52.107 - - [26/May/2025:07:27:27 +0200] "GET /Jurek/eurofirany/images/458302/0.jpg HTTP/2.0" 200 135704 "-" "baselinker"
216.113.184.103 - - [26/May/2025:07:27:28 +0200] "GET /Jurek/eurofirany/images/452345/0.jpg HTTP/1.1" 200 148062 "http://www.ebay.com/" "Mozilla/5.0 (Windows NT 10.0; Win64; x64) AppleWebKit/537.36 (KHTML, like Gecko) Chrome/123.0.0.0 Safari/537.36"
216.113.184.105 - - [26/May/2025:07:27:28 +0200] "GET /Jurek/eurofirany/images/452345/2.jpg HTTP/1.1" 200 167438 "http://www.ebay.com/" "Mozilla/5.0 (Windows NT 10.0; Win64; x64) AppleWebKit/537.36 (KHTML, like Gecko) Chrome/123.0.0.0 Safari/537.36"
216.113.184.102 - - [26/May/2025:07:27:28 +0200] "GET /Jurek/eurofirany/images/452345/3.jpg HTTP/1.1" 200 180350 "http://www.ebay.com/" "Mozilla/5.0 (Windows NT 10.0; Win64; x64) AppleWebKit/537.36 (KHTML, like Gecko) Chrome/123.0.0.0 Safari/537.36"
216.113.184.102 - - [26/May/2025:07:27:28 +0200] "GET /Jurek/eurofirany/images/452345/1.jpg HTTP/1.1" 200 200128 "http://www.ebay.com/" "Mozilla/5.0 (Windows NT 10.0; Win64; x64) AppleWebKit/537.36 (KHTML, like Gecko) Chrome/123.0.0.0 Safari/537.36"
51.77.52.107 - - [26/May/2025:07:27:40 +0200] "GET /Jurek/eurofirany/images/458302/0.jpg HTTP/2.0" 200 135704 "-" "baselinker"
51.77.52.107 - - [26/May/2025:07:27:46 +0200] "GET /Jurek/eurofirany/images/460557/0.jpg HTTP/2.0" 200 68973 "-" "baselinker"
85.232.241.194 - - [26/May/2025:07:27:46 +0200] "GET /Jurek/octopia/feeds/octopia_worten.xml HTTP/1.1" 200 10105104 "-" "Python-urllib/3.11"
85.232.241.194 - - [26/May/2025:07:27:47 +0200] "GET /Jurek/octopia/feeds/octopia_wortenES.xml HTTP/1.1" 200 10105092 "-" "Python-urllib/3.11"
85.232.241.194 - - [26/May/2025:07:28:05 +0200] "GET /Jurek/kinghome/feeds/kinghome_xxxlutz.xml HTTP/1.1" 200 6357408 "-" "Python-urllib/3.11"
51.77.52.107 - - [26/May/2025:07:28:06 +0200] "GET /Jurek/eurofirany/images/460557/0.jpg HTTP/2.0" 200 68973 "-" "baselinker"
85.232.241.194 - - [26/May/2025:07:28:18 +0200] "GET /Jurek/aw/feeds/aw_rue.xml HTTP/1.1" 200 91090222 "-" "Python-urllib/3.11"
51.77.52.107 - - [26/May/2025:07:28:19 +0200] "GET /Jurek/eurofirany/images/460557/0.jpg HTTP/2.0" 200 68973 "-" "baselinker"
51.77.52.107 - - [26/May/2025:07:28:23 +0200] "GET /Jurek/eurofirany/images/460566/0.jpg HTTP/2.0" 200 78797 "-" "baselinker"
85.232.241.194 - - [26/May/2025:07:28:24 +0200] "GET /Jurek/najtanszysport/feeds/najtanszysport_xxxlutz.xml HTTP/1.1" 200 3982974 "-" "Python-urllib/3.11"
85.232.241.194 - - [26/May/2025:07:28:24 +0200] "GET /Jurek/kinghoff/feeds/kinghoff_xxxlutz.xml HTTP/1.1" 200 15703036 "-" "Python-urllib/3.11"
85.232.241.194 - - [26/May/2025:07:28:25 +0200] "GET /Jurek/asortymenteu/feeds/asortymenteu_xxxlutz.xml HTTP/1.1" 200 2864962 "-" "Python-urllib/3.11"
85.232.241.194 - - [26/May/2025:07:28:30 +0200] "GET /Jurek/hurtownia_przemyslowa/feeds/hp_rue.xml HTTP/1.1" 200 49362121 "-" "Python-urllib/3.11"
85.232.241.194 - - [26/May/2025:07:28:31 +0200] "GET /Jurek/kidshop/feeds/kidshop_xxxlutz.xml HTTP/1.1" 200 19850677 "-" "Python-urllib/3.11"
85.232.241.194 - - [26/May/2025:07:28:31 +0200] "GET /Jurek/action/feeds/action_rue.xml HTTP/1.1" 200 58657915 "-" "Python-urllib/3.11"
51.77.52.107 - - [26/May/2025:07:28:36 +0200] "GET /Jurek/eurofirany/images/460566/0.jpg HTTP/2.0" 200 78797 "-" "baselinker"
51.77.52.107 - - [26/May/2025:07:28:51 +0200] "GET /Jurek/eurofirany/images/460566/0.jpg HTTP/2.0" 200 78797 "-" "baselinker"
85.232.241.194 - - [26/May/2025:07:29:03 +0200] "GET /Jurek/naszedzieci/feeds/naszedzieci_xxxlutz.xml HTTP/1.1" 200 833165963 "-" "Python-urllib/3.11"
51.77.52.107 - - [26/May/2025:07:29:03 +0200] "GET /Jurek/eurofirany/images/459402/0.jpg HTTP/2.0" 200 93178 "-" "baselinker"
85.232.241.194 - - [26/May/2025:07:29:03 +0200] "GET /Jurek/hanex/feeds/hanex_xxxlutz.xml HTTP/1.1" 200 13931589 "-" "Python-urllib/3.11"
85.232.241.194 - - [26/May/2025:07:29:03 +0200] "GET /Jurek/roger/feeds/roger_xxxlutz.xml HTTP/1.1" 200 1396571 "-" "Python-urllib/3.11"
85.232.241.194 - - [26/May/2025:07:29:09 +0200] "GET /Jurek/matkam/feeds/matkam_xxxlutz.xml HTTP/1.1" 200 5000239 "-" "Python-urllib/3.11"
85.232.241.194 - - [26/May/2025:07:29:09 +0200] "GET /Jurek/broers/feeds/broers_xxxlutz.xml HTTP/1.1" 200 1982532 "-" "Python-urllib/3.11"
85.232.241.194 - - [26/May/2025:07:29:09 +0200] "GET /Jurek/smxdesign/feeds/smxdesign_xxxlutz.xml HTTP/1.1" 200 1829027 "-" "Python-urllib/3.11"
85.232.241.194 - - [26/May/2025:07:29:14 +0200] "GET /Jurek/kamar/feeds/kamar_xxxlutz.xml HTTP/1.1" 200 25550021 "-" "Python-urllib/3.11"
51.77.52.107 - - [26/May/2025:07:29:19 +0200] "GET /Jurek/eurofirany/images/459402/0.jpg HTTP/2.0" 200 93178 "-" "baselinker"
85.232.241.194 - - [26/May/2025:07:29:20 +0200] "GET /Jurek/awparts/feeds/awparts_xxxlutz.xml HTTP/1.1" 200 142297389 "-" "Python-urllib/3.11"
85.232.241.194 - - [26/May/2025:07:29:20 +0200] "GET /Jurek/cenoman/feeds/cenoman_xxxlutz.xml HTTP/1.1" 200 5993177 "-" "Python-urllib/3.11"
85.232.241.194 - - [26/May/2025:07:29:20 +0200] "GET /Jurek/makow/feeds/makow_xxxlutz.xml HTTP/1.1" 200 21203610 "-" "Python-urllib/3.11"
85.232.241.194 - - [26/May/2025:07:29:20 +0200] "GET /Jurek/apresto/feeds/apresto_xxxlutz.xml HTTP/1.1" 200 1327641 "-" "Python-urllib/3.11"
85.232.241.194 - - [26/May/2025:07:29:27 +0200] "GET /Jurek/stiv/feeds/stiv_xxlutz.xml HTTP/1.1" 200 2056774 "-" "Python-urllib/3.11"
51.77.52.107 - - [26/May/2025:07:29:32 +0200] "GET /Jurek/eurofirany/images/459402/0.jpg HTTP/2.0" 200 93178 "-" "baselinker"
51.77.52.107 - - [26/May/2025:07:29:44 +0200] "GET /Jurek/eurofirany/images/459403/0.jpg HTTP/2.0" 200 93178 "-" "baselinker"
85.232.241.194 - - [26/May/2025:07:29:46 +0200] "GET /Jurek/ikonka/feeds/ikonka_worten.xml HTTP/1.1" 200 20675541 "-" "Python-urllib/3.11"
51.77.52.107 - - [26/May/2025:07:29:49 +0200] "GET /Jurek/eurofirany/images/459403/0.jpg HTTP/2.0" 200 93178 "-" "baselinker"
85.232.241.194 - - [26/May/2025:07:29:51 +0200] "GET /Jurek/ikonka/feeds/ikonka_wortenES.xml HTTP/1.1" 200 20675553 "-" "Python-urllib/3.11"
66.211.183.73 - - [26/May/2025:07:30:01 +0200] "GET /Jurek/eurofirany/images/452345/0.jpg HTTP/1.1" 200 148062 "-" "Java/17.0.13.0.101"
51.77.52.107 - - [26/May/2025:07:30:03 +0200] "GET /Jurek/eurofirany/images/459403/0.jpg HTTP/2.0" 200 93178 "-" "baselinker"
51.77.52.107 - - [26/May/2025:07:30:17 +0200] "GET /Jurek/eurofirany/images/458274/0.jpg HTTP/2.0" 200 120881 "-" "baselinker"
51.77.52.107 - - [26/May/2025:07:30:22 +0200] "GET /Jurek/eurofirany/images/458274/0.jpg HTTP/2.0" 200 120881 "-" "baselinker"
85.232.241.194 - - [26/May/2025:07:30:24 +0200] "GET /Jurek/ikonka/feeds/ikonka_rue.xml HTTP/1.1" 200 20675521 "-" "Python-urllib/3.11"
51.77.52.107 - - [26/May/2025:07:30:26 +0200] "GET /Jurek/eurofirany/images/458274/0.jpg HTTP/2.0" 200 120881 "-" "baselinker"
85.232.241.194 - - [26/May/2025:07:30:29 +0200] "GET /Jurek/kinghome/feeds/kinghome_rue.xml HTTP/1.1" 200 6357450 "-" "Python-urllib/3.11"
85.232.241.194 - - [26/May/2025:07:30:29 +0200] "GET /Jurek/fernity/feeds/fernity_rue.xml HTTP/1.1" 200 4718219 "-" "Python-urllib/3.11"
85.232.241.194 - - [26/May/2025:07:30:29 +0200] "GET /Jurek/intsell/feeds/intsell_worten.xml HTTP/1.1" 200 342009117 "-" "Python-urllib/3.11"
85.232.241.194 - - [26/May/2025:07:30:30 +0200] "GET /Jurek/topeshop/feeds/topeshop_rue.xml HTTP/1.1" 200 3013594 "-" "Python-urllib/3.11"
51.77.52.107 - - [26/May/2025:07:30:31 +0200] "GET /Jurek/eurofirany/images/458275/0.jpg HTTP/2.0" 200 120881 "-" "baselinker"
51.77.52.107 - - [26/May/2025:07:30:36 +0200] "GET /Jurek/eurofirany/images/458275/0.jpg HTTP/2.0" 200 120881 "-" "baselinker"
85.232.241.194 - - [26/May/2025:07:30:41 +0200] "GET /Jurek/intsell/feeds/intsell_wortenES.xml HTTP/1.1" 200 342009848 "-" "Python-urllib/3.11"
51.77.52.107 - - [26/May/2025:07:30:41 +0200] "GET /Jurek/eurofirany/images/458275/0.jpg HTTP/2.0" 200 120881 "-" "baselinker"
51.77.52.107 - - [26/May/2025:07:30:51 +0200] "GET /Jurek/eurofirany/images/458278/0.jpg HTTP/2.0" 200 120881 "-" "baselinker"
85.232.241.194 - - [26/May/2025:07:30:54 +0200] "GET /Jurek/b3/feeds/b3_worten.xml HTTP/1.1" 200 8081185 "-" "Python-urllib/3.11"
85.232.241.194 - - [26/May/2025:07:30:54 +0200] "GET /Jurek/b3/feeds/b3_wortenES.xml HTTP/1.1" 200 8081239 "-" "Python-urllib/3.11"
85.232.241.194 - - [26/May/2025:07:30:54 +0200] "GET /Jurek/ekuchcikowo/feeds/ekuchcikowo_worten.xml HTTP/1.1" 200 12470931 "-" "Python-urllib/3.11"
85.232.241.194 - - [26/May/2025:07:30:55 +0200] "GET /Jurek/ekuchcikowo/feeds/ekuchcikowo_wortenES.xml HTTP/1.1" 200 12471035 "-" "Python-urllib/3.11"
85.232.241.194 - - [26/May/2025:07:30:55 +0200] "GET /Jurek/fertone/feeds/fertone_worten.xml HTTP/1.1" 200 583767 "-" "Python-urllib/3.11"
85.232.241.194 - - [26/May/2025:07:31:00 +0200] "GET /Jurek/fertone/feeds/fertone_wortenES.xml HTTP/1.1" 200 583896 "-" "Python-urllib/3.11"
85.232.241.194 - - [26/May/2025:07:31:00 +0200] "GET /Jurek/kinghoff/feeds/kinghoff_rue.xml HTTP/1.1" 200 15702971 "-" "Python-urllib/3.11"
85.232.241.194 - - [26/May/2025:07:31:01 +0200] "GET /Jurek/emibig/feeds/emibig_rue.xml HTTP/1.1" 200 2522446 "-" "Python-urllib/3.11"
85.232.241.194 - - [26/May/2025:07:31:01 +0200] "GET /Jurek/sempler/feeds/sempler_worten.xml HTTP/1.1" 200 6787944 "-" "Python-urllib/3.11"
46.101.116.244 - - [26/May/2025:07:31:02 +0200] "GET /Jurek/piotrmiedz/feeds/piotrmiedz_amazonbe.xml HTTP/1.0" 200 91038505 "-" "-"
85.232.241.194 - - [26/May/2025:07:31:07 +0200] "GET /Jurek/sempler/feeds/sempler_wortenES.xml HTTP/1.1" 200 6787960 "-" "Python-urllib/3.11"
85.232.241.194 - - [26/May/2025:07:31:07 +0200] "GET /Jurek/euroshop/feeds/euroshop_worten.xml HTTP/1.1" 200 20025465 "-" "Python-urllib/3.11"
85.232.241.194 - - [26/May/2025:07:31:07 +0200] "GET /Jurek/eurofirany/feeds/eurofirany_rue.xml HTTP/1.1" 200 18718778 "-" "Python-urllib/3.11"
51.77.52.107 - - [26/May/2025:07:31:08 +0200] "GET /Jurek/eurofirany/images/458278/0.jpg HTTP/2.0" 200 120881 "-" "baselinker"
85.232.241.194 - - [26/May/2025:07:31:08 +0200] "GET /Jurek/amzteam/feeds/amzteam_rue.xml HTTP/1.1" 200 97868 "-" "Python-urllib/3.11"
85.232.241.194 - - [26/May/2025:07:31:08 +0200] "GET /Jurek/euroshop/feeds/euroshop_wortenES.xml HTTP/1.1" 200 20025568 "-" "Python-urllib/3.11"
89.161.206.59 - - [26/May/2025:07:31:08 +0200] "GET /Jurek/artdog/feeds/artdog_amazonnl.xml HTTP/1.0" 200 17159032 "-" "-"
85.232.241.194 - - [26/May/2025:07:31:08 +0200] "GET /Jurek/kambukka/feeds/kambukka_rue.xml HTTP/1.1" 200 1023468 "-" "Python-urllib/3.11"
46.101.116.244 - - [26/May/2025:07:31:12 +0200] "GET /Jurek/piotrmiedz/feeds/piotrmiedz_amazonse.xml HTTP/1.0" 200 91088153 "-" "-"
85.232.241.194 - - [26/May/2025:07:31:14 +0200] "GET /Jurek/ekolight/feeds/ekolight_worten.xml HTTP/1.1" 200 9053014 "-" "Python-urllib/3.11"
85.232.241.194 - - [26/May/2025:07:31:14 +0200] "GET /Jurek/benetech/feeds/benetech_RUE.xml HTTP/1.1" 200 4165397 "-" "Python-urllib/3.11"
85.232.241.194 - - [26/May/2025:07:31:14 +0200] "GET /Jurek/ekolight/feeds/ekolight_wortenES.xml HTTP/1.1" 200 9053187 "-" "Python-urllib/3.11"
85.232.241.194 - - [26/May/2025:07:31:14 +0200] "GET /Jurek/swiatecznygoliat/feeds/swiatecznygoliat_RUE.xml HTTP/1.1" 200 7054498 "-" "Python-urllib/3.11"
85.232.241.194 - - [26/May/2025:07:31:15 +0200] "GET /Jurek/erohurtownia/feeds/erohurtownia_worten.xml HTTP/1.1" 200 22846388 "-" "Python-urllib/3.11"
85.232.241.194 - - [26/May/2025:07:31:15 +0200] "GET /Jurek/artdog/feeds/artdog_RUE.xml HTTP/1.1" 200 17157693 "-" "Python-urllib/3.11"
85.232.241.194 - - [26/May/2025:07:31:15 +0200] "GET /Jurek/hdwr/feeds/hdwr_RUE.xml HTTP/1.1" 200 789437 "-" "Python-urllib/3.11"
85.232.241.194 - - [26/May/2025:07:31:20 +0200] "GET /Jurek/sempler/feeds/sempler_rue.xml HTTP/1.1" 200 6787941 "-" "Python-urllib/3.11"
85.232.241.194 - - [26/May/2025:07:31:20 +0200] "GET /Jurek/erohurtownia/feeds/erohurtownia_wortenES.xml HTTP/1.1" 200 22846442 "-" "Python-urllib/3.11"
85.232.241.194 - - [26/May/2025:07:31:20 +0200] "GET /Jurek/waks/feeds/waks_RUE.xml HTTP/1.1" 200 1596552 "-" "Python-urllib/3.11"
85.232.241.194 - - [26/May/2025:07:31:20 +0200] "GET /Jurek/oromed/feeds/oromed_rue.xml HTTP/1.1" 200 1289826 "-" "Python-urllib/3.11"
85.232.241.194 - - [26/May/2025:07:31:21 +0200] "GET /Jurek/ekuchcikowo/feeds/ekuchcikowo_rue.xml HTTP/1.1" 200 12471062 "-" "Python-urllib/3.11"
51.77.52.107 - - [26/May/2025:07:31:21 +0200] "GET /Jurek/eurofirany/images/458278/0.jpg HTTP/2.0" 200 120881 "-" "baselinker"
85.232.241.194 - - [26/May/2025:07:31:21 +0200] "GET /Jurek/ekolight/feeds/ekolight_rue.xml HTTP/1.1" 200 9052737 "-" "Python-urllib/3.11"
85.232.241.194 - - [26/May/2025:07:31:27 +0200] "GET /Jurek/euroshop/feeds/euroshop_rue.xml HTTP/1.1" 200 20025426 "-" "Python-urllib/3.11"
85.232.241.194 - - [26/May/2025:07:31:27 +0200] "GET /Jurek/elecomp/feeds/elecomp_worten.xml HTTP/1.1" 200 2867708 "-" "Python-urllib/3.11"
85.232.241.194 - - [26/May/2025:07:31:28 +0200] "GET /Jurek/elecomp/feeds/elecomp_wortenES.xml HTTP/1.1" 200 2867749 "-" "Python-urllib/3.11"
85.232.241.194 - - [26/May/2025:07:31:28 +0200] "GET /Jurek/galopi/feeds/galopi_rue.xml HTTP/1.1" 200 2111081 "-" "Python-urllib/3.11"
85.232.241.194 - - [26/May/2025:07:31:28 +0200] "GET /Jurek/szpaklampy/feeds/szpaklampy_rue.xml HTTP/1.1" 200 388217 "-" "Python-urllib/3.11"
51.77.52.107 - - [26/May/2025:07:31:33 +0200] "GET /Jurek/eurofirany/images/458279/0.jpg HTTP/2.0" 200 109331 "-" "baselinker"
85.232.241.194 - - [26/May/2025:07:31:33 +0200] "GET /Jurek/kambukka/feeds/kambukka_worten.xml HTTP/1.1" 200 1023470 "-" "Python-urllib/3.11"
85.232.241.194 - - [26/May/2025:07:31:33 +0200] "GET /Jurek/kambukka/feeds/kambukka_wortenES.xml HTTP/1.1" 200 1023316 "-" "Python-urllib/3.11"
85.232.241.194 - - [26/May/2025:07:31:34 +0200] "GET /Jurek/waks/feeds/waks_worten.xml HTTP/1.1" 200 1596552 "-" "Python-urllib/3.11"
85.232.241.194 - - [26/May/2025:07:31:34 +0200] "GET /Jurek/waks/feeds/waks_wortenES.xml HTTP/1.1" 200 1596552 "-" "Python-urllib/3.11"
51.77.52.107 - - [26/May/2025:07:31:38 +0200] "GET /Jurek/eurofirany/images/458279/0.jpg HTTP/2.0" 200 109331 "-" "baselinker"
85.232.241.194 - - [26/May/2025:07:31:39 +0200] "GET /Jurek/oromed/feeds/oromed_worten.xml HTTP/1.1" 200 1289844 "-" "Python-urllib/3.11"
85.232.241.194 - - [26/May/2025:07:31:40 +0200] "GET /Jurek/oromed/feeds/oromed_wortenES.xml HTTP/1.1" 200 1289846 "-" "Python-urllib/3.11"
85.232.241.194 - - [26/May/2025:07:31:40 +0200] "GET /Jurek/intsell/feeds/intsell_rue.xml HTTP/1.1" 200 342009695 "-" "Python-urllib/3.11"
85.232.241.194 - - [26/May/2025:07:31:40 +0200] "GET /Jurek/benetech/feeds/benetech_worten.xml HTTP/1.1" 200 4165410 "-" "Python-urllib/3.11"
85.232.241.194 - - [26/May/2025:07:31:40 +0200] "GET /Jurek/spali/feeds/spali_rue.xml HTTP/1.1" 200 77058 "-" "Python-urllib/3.11"
85.232.241.194 - - [26/May/2025:07:31:40 +0200] "GET /Jurek/benetech/feeds/benetech_wortenES.xml HTTP/1.1" 200 4165420 "-" "Python-urllib/3.11"
85.232.241.194 - - [26/May/2025:07:31:40 +0200] "GET /Jurek/najtanszysport/feeds/najtanszysport_rue.xml HTTP/1.1" 200 3983031 "-" "Python-urllib/3.11"
85.232.241.194 - - [26/May/2025:07:31:40 +0200] "GET /Jurek/spali/feeds/spali_worten.xml HTTP/1.1" 200 77055 "-" "Python-urllib/3.11"
51.77.52.107 - - [26/May/2025:07:31:42 +0200] "GET /Jurek/eurofirany/images/458279/0.jpg HTTP/2.0" 200 109331 "-" "baselinker"
85.232.241.194 - - [26/May/2025:07:31:46 +0200] "GET /Jurek/spali/feeds/spali_wortenES.xml HTTP/1.1" 200 77058 "-" "Python-urllib/3.11"
85.232.241.194 - - [26/May/2025:07:31:47 +0200] "GET /Jurek/maksik/feeds/maksik_rue.xml HTTP/1.1" 200 4084797 "-" "Python-urllib/3.11"
85.232.241.194 - - [26/May/2025:07:31:47 +0200] "GET /Jurek/najtanszysport/feeds/najtanszysport_worten.xml HTTP/1.1" 200 3983073 "-" "Python-urllib/3.11"
85.232.241.194 - - [26/May/2025:07:31:47 +0200] "GET /Jurek/urwiskowo/feeds/urwiskowo_rue.xml HTTP/1.1" 200 9114988 "-" "Python-urllib/3.11"
85.232.241.194 - - [26/May/2025:07:31:47 +0200] "GET /Jurek/najtanszysport/feeds/najtanszysport_wortenES.xml HTTP/1.1" 200 3983117 "-" "Python-urllib/3.11"
51.77.52.107 - - [26/May/2025:07:31:47 +0200] "GET /Jurek/eurofirany/images/458280/0.jpg HTTP/2.0" 200 109331 "-" "baselinker"
51.77.52.107 - - [26/May/2025:07:31:51 +0200] "GET /Jurek/eurofirany/images/458280/0.jpg HTTP/2.0" 200 109331 "-" "baselinker"
85.232.241.194 - - [26/May/2025:07:31:52 +0200] "GET /Jurek/maksik/feeds/maksik_worten.xml HTTP/1.1" 200 4084754 "-" "Python-urllib/3.11"
85.232.241.194 - - [26/May/2025:07:31:52 +0200] "GET /Jurek/maksik/feeds/maksik_wortenES.xml HTTP/1.1" 200 4084798 "-" "Python-urllib/3.11"
85.232.241.194 - - [26/May/2025:07:31:53 +0200] "GET /Jurek/urwiskowo/feeds/urwiskowo_worten.xml HTTP/1.1" 200 9114951 "-" "Python-urllib/3.11"
85.232.241.194 - - [26/May/2025:07:31:53 +0200] "GET /Jurek/urwiskowo/feeds/urwiskowo_wortenES.xml HTTP/1.1" 200 9113941 "-" "Python-urllib/3.11"
85.232.241.194 - - [26/May/2025:07:31:53 +0200] "GET /Jurek/combine/feeds/combine_worten.xml HTTP/1.1" 200 210556 "-" "Python-urllib/3.11"
89.161.206.59 - - [26/May/2025:07:31:54 +0200] "GET /Jurek/artdog/feeds/artdog_amazonit.xml HTTP/1.0" 200 17158731 "-" "-"
51.77.52.107 - - [26/May/2025:07:31:56 +0200] "GET /Jurek/eurofirany/images/458280/0.jpg HTTP/2.0" 200 109331 "-" "baselinker"
85.232.241.194 - - [26/May/2025:07:31:58 +0200] "GET /Jurek/combine/feeds/combine_wortenES.xml HTTP/1.1" 200 210556 "-" "Python-urllib/3.11"
51.77.52.107 - - [26/May/2025:07:32:02 +0200] "GET /Jurek/eurofirany/images/457116/0.jpg HTTP/2.0" 200 60471 "-" "baselinker"
85.232.241.194 - - [26/May/2025:07:32:06 +0200] "GET /Jurek/eurofirany/feeds/eurofirany_worten.xml HTTP/1.1" 200 18718701 "-" "Python-urllib/3.11"
85.232.241.194 - - [26/May/2025:07:32:12 +0200] "GET /Jurek/eurofirany/feeds/eurofirany_wortenES.xml HTTP/1.1" 200 18718734 "-" "Python-urllib/3.11"
85.232.241.194 - - [26/May/2025:07:32:12 +0200] "GET /Jurek/kinghoff/feeds/kinghoff_skrSH.xml HTTP/1.1" 200 14862132 "-" "Python-urllib/3.11"
51.77.52.107 - - [26/May/2025:07:32:14 +0200] "GET /Jurek/eurofirany/images/457116/0.jpg HTTP/2.0" 200 60471 "-" "baselinker"
85.232.241.194 - - [26/May/2025:07:32:18 +0200] "GET /Jurek/aw/feeds/aw_skroutzSH.xml HTTP/1.1" 200 91088535 "-" "Python-urllib/3.11"
85.232.241.194 - - [26/May/2025:07:32:24 +0200] "GET /Jurek/eurofirany/feeds/eurofirany_skrSH.xml HTTP/1.1" 200 18718732 "-" "Python-urllib/3.11"
51.77.52.107 - - [26/May/2025:07:32:27 +0200] "GET /Jurek/eurofirany/images/457116/0.jpg HTTP/2.0" 200 60471 "-" "baselinker"
85.232.241.194 - - [26/May/2025:07:32:29 +0200] "GET /Jurek/kidshop/feeds/kidshop_worten.xml HTTP/1.1" 200 19850620 "-" "Python-urllib/3.11"
85.232.241.194 - - [26/May/2025:07:32:30 +0200] "GET /Jurek/fernity/feeds/fernity_skrSH.xml HTTP/1.1" 200 4718426 "-" "Python-urllib/3.11"
85.232.241.194 - - [26/May/2025:07:32:30 +0200] "GET /Jurek/kidshop/feeds/kidshop_wortenES.xml HTTP/1.1" 200 19850677 "-" "Python-urllib/3.11"
85.232.241.194 - - [26/May/2025:07:32:30 +0200] "GET /Jurek/rider/feeds/rider_worten.xml HTTP/1.1" 200 8165173 "-" "Python-urllib/3.11"
85.232.241.194 - - [26/May/2025:07:32:30 +0200] "GET /Jurek/hurtownia_przemyslowa/feeds/hp_skrSH.xml HTTP/1.1" 200 49362186 "-" "Python-urllib/3.11"
85.232.241.194 - - [26/May/2025:07:32:30 +0200] "GET /Jurek/rider/feeds/rider_wortenES.xml HTTP/1.1" 200 8165155 "-" "Python-urllib/3.11"
85.232.241.194 - - [26/May/2025:07:32:36 +0200] "GET /Jurek/naszedzieci/feeds/naszedzieci_rue.xml HTTP/1.1" 200 833177309 "-" "Python-urllib/3.11"
85.232.241.194 - - [26/May/2025:07:32:36 +0200] "GET /Jurek/stema/feeds/stema_skrSH.xml HTTP/1.1" 200 435955 "-" "Python-urllib/3.11"
85.232.241.194 - - [26/May/2025:07:32:36 +0200] "GET /Jurek/aiofactory/feeds/aiofactory_rue.xml HTTP/1.1" 200 2123760 "-" "Python-urllib/3.11"
89.161.206.59 - - [26/May/2025:07:32:36 +0200] "GET /Jurek/maksik/feeds/maksik_cdsc.xml HTTP/1.0" 200 2927528 "-" "-"
85.232.241.194 - - [26/May/2025:07:32:36 +0200] "GET /Jurek/velinda/feeds/velinda_rue.xml HTTP/1.1" 200 23436 "-" "Python-urllib/3.11"
85.232.241.194 - - [26/May/2025:07:32:36 +0200] "GET /Jurek/globaldeli/feeds/globaldeli_rue.xml HTTP/1.1" 200 2590049 "-" "Python-urllib/3.11"
89.161.206.59 - - [26/May/2025:07:32:37 +0200] "GET /Jurek/beltimore/feeds/beltimore_cdsc.xml HTTP/1.0" 200 11136416 "-" "-"
89.161.206.59 - - [26/May/2025:07:32:37 +0200] "GET /Jurek/benetech/feeds/benetech_cdsc.xml HTTP/1.0" 200 2361754 "-" "-"
89.161.206.59 - - [26/May/2025:07:32:37 +0200] "GET /Jurek/pawonik/feeds/pawonik_cdsc.xml HTTP/1.0" 200 1382182 "-" "-"
89.161.206.59 - - [26/May/2025:07:32:38 +0200] "GET /Jurek/hdwr/feeds/hdwr_cdsc.xml HTTP/1.0" 200 745724 "-" "-"
89.161.206.59 - - [26/May/2025:07:32:38 +0200] "GET /Jurek/drops/feeds/dropsofficecolection_cdsc.xml HTTP/1.0" 200 784465 "-" "-"
89.161.206.59 - - [26/May/2025:07:32:38 +0200] "GET /Jurek/szpaklampy/feeds/szpaklampy_cdsc.xml HTTP/1.0" 200 395822 "-" "-"
89.161.206.59 - - [26/May/2025:07:32:38 +0200] "GET /Jurek/sartrix/feeds/sartrix_cdsc.xml HTTP/1.0" 200 867435 "-" "-"
89.161.206.59 - - [26/May/2025:07:32:38 +0200] "GET /Jurek/reman/feeds/reman_cdsc.xml HTTP/1.0" 200 400873 "-" "-"
89.161.206.59 - - [26/May/2025:07:32:38 +0200] "GET /Jurek/eurofirany/feeds/eurofirany_cdiscount.xml HTTP/1.0" 200 22259804 "-" "-"
51.77.52.107 - - [26/May/2025:07:32:39 +0200] "GET /Jurek/eurofirany/images/457117/0.jpg HTTP/2.0" 200 61928 "-" "baselinker"
85.232.241.194 - - [26/May/2025:07:32:42 +0200] "GET /Jurek/straganbiur/feeds/straganbiur_rue.xml HTTP/1.1" 200 8893084 "-" "Python-urllib/3.11"
85.232.241.194 - - [26/May/2025:07:32:42 +0200] "GET /Jurek/kidshop/feeds/kidshop_rue.xml HTTP/1.1" 200 19850631 "-" "Python-urllib/3.11"
89.161.206.59 - - [26/May/2025:07:32:42 +0200] "GET /Jurek/lampart/feeds/lampart_cdsc.xml HTTP/1.0" 200 1057913 "-" "-"
89.161.206.59 - - [26/May/2025:07:32:43 +0200] "GET /Jurek/tsjerzy/feeds/tsjerzy_cdsc.xml HTTP/1.0" 200 4383124 "-" "-"
89.161.206.59 - - [26/May/2025:07:32:44 +0200] "GET /Jurek/narzbud/feeds/narzbud_cdsc.xml HTTP/1.0" 200 1227802 "-" "-"
89.161.206.59 - - [26/May/2025:07:32:45 +0200] "GET /Jurek/eurofryz/feeds/eurofryz_cdsc.xml HTTP/1.0" 200 830801 "-" "-"
89.161.206.59 - - [26/May/2025:07:32:45 +0200] "GET /Jurek/fertes/feeds/fertes_cdsc.xml HTTP/1.0" 200 2192558 "-" "-"
89.161.206.59 - - [26/May/2025:07:32:46 +0200] "GET /Jurek/kamar/feeds/kamar_cdsc.xml HTTP/1.0" 200 37126795 "-" "-"
85.232.241.194 - - [26/May/2025:07:32:48 +0200] "GET /Jurek/elecomp/feeds/elecomp_rue.xml HTTP/1.1" 200 2867686 "-" "Python-urllib/3.11"
85.232.241.194 - - [26/May/2025:07:32:48 +0200] "GET /Jurek/luxma/feeds/luxma_rue.xml HTTP/1.1" 200 8058623 "-" "Python-urllib/3.11"
51.77.52.107 - - [26/May/2025:07:32:52 +0200] "GET /Jurek/eurofirany/images/457117/0.jpg HTTP/2.0" 200 61928 "-" "baselinker"
85.232.241.194 - - [26/May/2025:07:32:55 +0200] "GET /Jurek/kobi/feeds/kobi_rue.xml HTTP/1.1" 200 1993147 "-" "Python-urllib/3.11"
85.232.241.194 - - [26/May/2025:07:32:55 +0200] "GET /Jurek/hanex/feeds/hanex_rue.xml HTTP/1.1" 200 13931583 "-" "Python-urllib/3.11"
85.232.241.194 - - [26/May/2025:07:32:55 +0200] "GET /Jurek/kristronik/feeds/kristronik_rue.xml HTTP/1.1" 200 691986 "-" "Python-urllib/3.11"
85.232.241.194 - - [26/May/2025:07:32:55 +0200] "GET /Jurek/roger/feeds/roger_rue.xml HTTP/1.1" 200 1396578 "-" "Python-urllib/3.11"
85.232.241.194 - - [26/May/2025:07:32:55 +0200] "GET /Jurek/oknobest/feeds/oknobest_rue.xml HTTP/1.1" 200 2708287 "-" "Python-urllib/3.11"
85.232.241.194 - - [26/May/2025:07:33:01 +0200] "GET /Jurek/erohurtownia/feeds/erohurtownia_rue.xml HTTP/1.1" 200 22846434 "-" "Python-urllib/3.11"
51.77.52.107 - - [26/May/2025:07:33:07 +0200] "GET /Jurek/eurofirany/images/457117/0.jpg HTTP/2.0" 200 61928 "-" "baselinker"
85.232.241.194 - - [26/May/2025:07:33:12 +0200] "GET /Jurek/eroplace/feeds/eroplace_skroutz.xml HTTP/1.1" 200 51200989 "-" "Python-urllib/3.11"
85.232.241.194 - - [26/May/2025:07:33:12 +0200] "GET /Jurek/awparts/feeds/awparts_rue.xml HTTP/1.1" 200 142300799 "-" "Python-urllib/3.11"
85.232.241.194 - - [26/May/2025:07:33:12 +0200] "GET /Jurek/bass_new/feeds/bass_skroutz.xml HTTP/1.1" 200 7040778 "-" "Python-urllib/3.11"
85.232.241.194 - - [26/May/2025:07:33:12 +0200] "GET /Jurek/eurofryz3/feeds/eurofryz3_rue.xml HTTP/1.1" 200 172215 "-" "Python-urllib/3.11"
85.232.241.194 - - [26/May/2025:07:33:12 +0200] "GET /Jurek/german/feeds/german_rue.xml HTTP/1.1" 200 2853560 "-" "Python-urllib/3.11"
89.161.206.59 - - [26/May/2025:07:33:15 +0200] "GET /Jurek/gandalf/feeds/gandalf_skr.xml HTTP/1.0" 200 1082282 "-" "-"
85.232.241.194 - - [26/May/2025:07:33:18 +0200] "GET /Jurek/topeshop/feeds/topeshop_skr.xml HTTP/1.1" 200 877100 "-" "Python-urllib/3.11"
85.232.241.194 - - [26/May/2025:07:33:19 +0200] "GET /Jurek/dropkz/feeds/dropkz_rue.xml HTTP/1.1" 200 70015062 "-" "Python-urllib/3.11"
51.77.52.107 - - [26/May/2025:07:33:20 +0200] "GET /Jurek/eurofirany/images/457118/0.jpg HTTP/2.0" 200 61340 "-" "baselinker"
85.232.241.194 - - [26/May/2025:07:33:24 +0200] "GET /Jurek/shiori/feeds/shiori_rue.xml HTTP/1.1" 200 453660 "-" "Python-urllib/3.11"
85.232.241.194 - - [26/May/2025:07:33:24 +0200] "GET /Jurek/straganspoz/feeds/straganspoz_rue.xml HTTP/1.1" 200 9514327 "-" "Python-urllib/3.11"
85.232.241.194 - - [26/May/2025:07:33:24 +0200] "GET /Jurek/sternhoff/feeds/sternhoff_rue.xml HTTP/1.1" 200 1775264 "-" "Python-urllib/3.11"
85.232.241.194 - - [26/May/2025:07:33:30 +0200] "GET /Jurek/playcob/feeds/playcob_rue.xml HTTP/1.1" 200 6980142 "-" "Python-urllib/3.11"
51.77.52.107 - - [26/May/2025:07:33:31 +0200] "GET /Jurek/eurofirany/images/457118/0.jpg HTTP/2.0" 200 61340 "-" "baselinker"
85.232.241.194 - - [26/May/2025:07:33:36 +0200] "GET /Jurek/broers/feeds/broers_rue.xml HTTP/1.1" 200 1982587 "-" "Python-urllib/3.11"
85.232.241.194 - - [26/May/2025:07:33:36 +0200] "GET /Jurek/jankeski/feeds/jankeski_rue.xml HTTP/1.1" 200 6571130 "-" "Python-urllib/3.11"
85.232.241.194 - - [26/May/2025:07:33:36 +0200] "GET /Jurek/luxma/feeds/luxma_worten.xml HTTP/1.1" 200 8058627 "-" "Python-urllib/3.11"
85.232.241.194 - - [26/May/2025:07:33:37 +0200] "GET /Jurek/luxma/feeds/luxma_wortenES.xml HTTP/1.1" 200 8058570 "-" "Python-urllib/3.11"
51.77.52.107 - - [26/May/2025:07:33:43 +0200] "GET /Jurek/eurofirany/images/457118/0.jpg HTTP/2.0" 200 61340 "-" "baselinker"
85.232.241.194 - - [26/May/2025:07:33:43 +0200] "GET /Jurek/zbimatyja/feeds/zbimatyja_rue.xml HTTP/1.1" 200 11670214 "-" "Python-urllib/3.11"
85.232.241.194 - - [26/May/2025:07:33:43 +0200] "GET /Jurek/rider/feeds/rider_rue.xml HTTP/1.1" 200 8165176 "-" "Python-urllib/3.11"
89.161.206.59 - - [26/May/2025:07:33:49 +0200] "GET /Jurek/relogy/feeds/relogy_skroutz.xml HTTP/1.0" 200 66605852 "-" "-"
85.232.241.194 - - [26/May/2025:07:33:49 +0200] "GET /Jurek/omi/feeds/omi_rue.xml HTTP/1.1" 200 8100722 "-" "Python-urllib/3.11"
85.232.241.194 - - [26/May/2025:07:33:49 +0200] "GET /Jurek/hlo/feeds/hlo_rue.xml HTTP/1.1" 200 4837763 "-" "Python-urllib/3.11"
85.232.241.194 - - [26/May/2025:07:33:49 +0200] "GET /Jurek/asortymenteu/feeds/asortymenteu_rue.xml HTTP/1.1" 200 2864945 "-" "Python-urllib/3.11"
85.232.241.194 - - [26/May/2025:07:33:50 +0200] "GET /Jurek/smxdesign/feeds/smxdesign_rue.xml HTTP/1.1" 200 1829006 "-" "Python-urllib/3.11"
85.232.241.194 - - [26/May/2025:07:33:55 +0200] "GET /Jurek/cdata/feeds/cdata_rue.xml HTTP/1.1" 200 1445176 "-" "Python-urllib/3.11"
85.232.241.194 - - [26/May/2025:07:33:55 +0200] "GET /Jurek/newtechele/feeds/newtechele_rue.xml HTTP/1.1" 200 2438479 "-" "Python-urllib/3.11"
85.232.241.194 - - [26/May/2025:07:33:55 +0200] "GET /Jurek/sebmart/feeds/sebmart_rue.xml HTTP/1.1" 200 1598742 "-" "Python-urllib/3.11"
85.232.241.194 - - [26/May/2025:07:33:55 +0200] "GET /Jurek/tsjerzy/feeds/tsjerzy_rue.xml HTTP/1.1" 200 3897743 "-" "Python-urllib/3.11"
85.232.241.194 - - [26/May/2025:07:33:56 +0200] "GET /Jurek/carbonyway/feeds/carbonyway_rue.xml HTTP/1.1" 200 3075937 "-" "Python-urllib/3.11"
51.77.52.107 - - [26/May/2025:07:33:59 +0200] "GET /Jurek/eurofirany/images/457119/0.jpg HTTP/2.0" 200 64921 "-" "baselinker"
85.232.241.194 - - [26/May/2025:07:34:02 +0200] "GET /Jurek/kamar/feeds/kamar_rue.xml HTTP/1.1" 200 25550323 "-" "Python-urllib/3.11"
85.232.241.194 - - [26/May/2025:07:34:02 +0200] "GET /Jurek/beautycare/feeds/beautycare_rue.xml HTTP/1.1" 200 1181327 "-" "Python-urllib/3.11"
85.232.241.194 - - [26/May/2025:07:34:02 +0200] "GET /Jurek/avenido/feeds/avenido_rue.xml HTTP/1.1" 200 720111 "-" "Python-urllib/3.11"
85.232.241.194 - - [26/May/2025:07:34:02 +0200] "GET /Jurek/zenex/feeds/zenex_rue.xml HTTP/1.1" 200 540203 "-" "Python-urllib/3.11"
85.232.241.194 - - [26/May/2025:07:34:08 +0200] "GET /Jurek/filmal/feeds/filmal_rue.xml HTTP/1.1" 200 139271 "-" "Python-urllib/3.11"
85.232.241.194 - - [26/May/2025:07:34:08 +0200] "GET /Jurek/fertes/feeds/fertes_rue.xml HTTP/1.1" 200 2361834 "-" "Python-urllib/3.11"
85.232.241.194 - - [26/May/2025:07:34:08 +0200] "GET /Jurek/jakdroz/feeds/jakdroz_rue.xml HTTP/1.1" 200 4089819 "-" "Python-urllib/3.11"
85.232.241.194 - - [26/May/2025:07:34:08 +0200] "GET /Jurek/makow/feeds/makow_rue.xml HTTP/1.1" 200 21203638 "-" "Python-urllib/3.11"
51.77.52.107 - - [26/May/2025:07:34:13 +0200] "GET /Jurek/eurofirany/images/457119/0.jpg HTTP/2.0" 200 64921 "-" "baselinker"
85.232.241.194 - - [26/May/2025:07:34:14 +0200] "GET /Jurek/apresto/feeds/apresto_rue.xml HTTP/1.1" 200 1327669 "-" "Python-urllib/3.11"
85.232.241.194 - - [26/May/2025:07:34:15 +0200] "GET /Jurek/kalama/feeds/kalama_rue.xml HTTP/1.1" 200 2661773 "-" "Python-urllib/3.11"
85.232.241.194 - - [26/May/2025:07:34:20 +0200] "GET /Jurek/proadventure/feeds/proadventure_rue.xml HTTP/1.1" 200 10763491 "-" "Python-urllib/3.11"
85.232.241.194 - - [26/May/2025:07:34:21 +0200] "GET /Jurek/bloomglow/feeds/bloomglow_rue.xml HTTP/1.1" 200 14095472 "-" "Python-urllib/3.11"
85.232.241.194 - - [26/May/2025:07:34:21 +0200] "GET /Jurek/naszedzieci/feeds/naszedzieci_worten.xml HTTP/1.1" 200 833169214 "-" "Python-urllib/3.11"
51.77.52.107 - - [26/May/2025:07:34:25 +0200] "GET /Jurek/eurofirany/images/457119/0.jpg HTTP/2.0" 200 64921 "-" "baselinker"
51.77.52.107 - - [26/May/2025:07:34:38 +0200] "GET /Jurek/eurofirany/images/462698/0.jpg HTTP/2.0" 200 143615 "-" "baselinker"
51.77.52.107 - - [26/May/2025:07:34:50 +0200] "GET /Jurek/eurofirany/images/462698/0.jpg HTTP/2.0" 200 143615 "-" "baselinker"
51.77.52.107 - - [26/May/2025:07:34:55 +0200] "GET /Jurek/eurofirany/images/462698/0.jpg HTTP/2.0" 200 143615 "-" "baselinker"
85.232.241.194 - - [26/May/2025:07:35:03 +0200] "GET /Jurek/naszedzieci/feeds/naszedzieci_wortenES.xml HTTP/1.1" 200 833170182 "-" "Python-urllib/3.11"
51.77.52.107 - - [26/May/2025:07:35:07 +0200] "GET /Jurek/eurofirany/images/461566/0.jpg HTTP/2.0" 200 82115 "-" "baselinker"
85.232.241.194 - - [26/May/2025:07:35:10 +0200] "GET /Jurek/awparts/feeds/awparts_worten.xml HTTP/1.1" 200 142301673 "-" "Python-urllib/3.11"
85.232.241.194 - - [26/May/2025:07:35:17 +0200] "GET /Jurek/awparts/feeds/awparts_wortenES.xml HTTP/1.1" 200 142303801 "-" "Python-urllib/3.11"
51.77.52.107 - - [26/May/2025:07:35:21 +0200] "GET /Jurek/eurofirany/images/461566/0.jpg HTTP/2.0" 200 82115 "-" "baselinker"
85.232.241.194 - - [26/May/2025:07:35:22 +0200] "GET /Jurek/straganspoz/feeds/straganspoz_worten.xml HTTP/1.1" 200 9513972 "-" "Python-urllib/3.11"
85.232.241.194 - - [26/May/2025:07:35:23 +0200] "GET /Jurek/straganspoz/feeds/straganspoz_wortenES.xml HTTP/1.1" 200 9514330 "-" "Python-urllib/3.11"
85.232.241.194 - - [26/May/2025:07:35:28 +0200] "GET /Jurek/straganbiur/feeds/straganbiur_worten.xml HTTP/1.1" 200 8893083 "-" "Python-urllib/3.11"
85.232.241.194 - - [26/May/2025:07:35:29 +0200] "GET /Jurek/straganbiur/feeds/straganbiur_wortenES.xml HTTP/1.1" 200 8893053 "-" "Python-urllib/3.11"
85.232.241.194 - - [26/May/2025:07:35:29 +0200] "GET /Jurek/elavia/feeds/elavia_worten.xml HTTP/1.1" 200 2497285 "-" "Python-urllib/3.11"
85.232.241.194 - - [26/May/2025:07:35:29 +0200] "GET /Jurek/elavia/feeds/elavia_wortenES.xml HTTP/1.1" 200 2497277 "-" "Python-urllib/3.11"
51.77.52.107 - - [26/May/2025:07:35:37 +0200] "GET /Jurek/eurofirany/images/461566/0.jpg HTTP/2.0" 200 82115 "-" "baselinker"
51.77.52.107 - - [26/May/2025:07:35:43 +0200] "GET /Jurek/eurofirany/images/461568/0.jpg HTTP/2.0" 200 81068 "-" "baselinker"
51.77.52.107 - - [26/May/2025:07:35:54 +0200] "GET /Jurek/eurofirany/images/461568/0.jpg HTTP/2.0" 200 81068 "-" "baselinker"
51.77.52.107 - - [26/May/2025:07:36:07 +0200] "GET /Jurek/eurofirany/images/461568/0.jpg HTTP/2.0" 200 81068 "-" "baselinker"
46.101.116.244 - - [26/May/2025:07:36:18 +0200] "GET /Jurek/aw/feeds/awnarzedzia_fnacFR.xml HTTP/1.0" 200 91087221 "-" "-"
85.232.241.194 - - [26/May/2025:07:36:20 +0200] "GET /Jurek/eurofryz2/feeds/eurofryz2_worten.xml HTTP/1.1" 200 1376764 "-" "Python-urllib/3.11"
85.232.241.194 - - [26/May/2025:07:36:20 +0200] "GET /Jurek/eurofryz2/feeds/eurofryz2_wortenES.xml HTTP/1.1" 200 1376742 "-" "Python-urllib/3.11"
