85.232.241.194 - - [26/May/2025:03:36:55 +0200] "GET /Jurek/awparts/feeds/awparts_worten.xml HTTP/1.1" 200 142301673 "-" "Python-urllib/3.11"
89.161.206.59 - - [26/May/2025:03:36:55 +0200] "GET /Jurek/riko/feeds/riko_bol.xml HTTP/1.0" 200 3784742 "-" "-"
89.161.206.59 - - [26/May/2025:03:36:55 +0200] "GET /Jurek/zami/feeds/zami_bol.xml HTTP/1.0" 200 4472685 "-" "-"
89.161.206.59 - - [26/May/2025:03:36:56 +0200] "GET /Jurek/bemipol/feeds/bemipol_bol.xml HTTP/1.0" 200 423630 "-" "-"
89.161.206.59 - - [26/May/2025:03:36:58 +0200] "GET /Jurek/gandalf/feeds/gandalf_bol.xml HTTP/1.0" 200 1082540 "-" "-"
51.77.52.107 - - [26/May/2025:03:37:00 +0200] "GET /Jurek/eurofirany/images/452136/0.jpg HTTP/2.0" 200 101967 "-" "baselinker"
85.232.241.194 - - [26/May/2025:03:37:01 +0200] "GET /Jurek/awparts/feeds/awparts_wortenES.xml HTTP/1.1" 200 142303801 "-" "Python-urllib/3.11"
85.232.241.194 - - [26/May/2025:03:37:02 +0200] "GET /Jurek/b3/feeds/b3_rue.xml HTTP/1.1" 200 8081349 "-" "Python-urllib/3.11"
51.77.52.107 - - [26/May/2025:03:37:04 +0200] "GET /Jurek/eurofirany/images/452136/0.jpg HTTP/2.0" 200 101967 "-" "baselinker"
85.232.241.194 - - [26/May/2025:03:37:06 +0200] "GET /Jurek/straganspoz/feeds/straganspoz_worten.xml HTTP/1.1" 200 9513972 "-" "Python-urllib/3.11"
85.232.241.194 - - [26/May/2025:03:37:06 +0200] "GET /Jurek/straganspoz/feeds/straganspoz_wortenES.xml HTTP/1.1" 200 9514330 "-" "Python-urllib/3.11"
85.232.241.194 - - [26/May/2025:03:37:06 +0200] "GET /Jurek/straganbiur/feeds/straganbiur_worten.xml HTTP/1.1" 200 8893083 "-" "Python-urllib/3.11"
85.232.241.194 - - [26/May/2025:03:37:07 +0200] "GET /Jurek/straganbiur/feeds/straganbiur_wortenES.xml HTTP/1.1" 200 8893053 "-" "Python-urllib/3.11"
85.232.241.194 - - [26/May/2025:03:37:07 +0200] "GET /Jurek/elavia/feeds/elavia_worten.xml HTTP/1.1" 200 2497285 "-" "Python-urllib/3.11"
89.161.206.59 - - [26/May/2025:03:37:07 +0200] "GET /Jurek/rems/feeds/rems_bol.xml HTTP/1.0" 200 8706248 "-" "-"
51.77.52.107 - - [26/May/2025:03:37:08 +0200] "GET /Jurek/eurofirany/images/452137/0.jpg HTTP/2.0" 200 102989 "-" "baselinker"
85.232.241.194 - - [26/May/2025:03:37:13 +0200] "GET /Jurek/elavia/feeds/elavia_wortenES.xml HTTP/1.1" 200 2497277 "-" "Python-urllib/3.11"
51.77.52.107 - - [26/May/2025:03:37:14 +0200] "GET /Jurek/eurofirany/images/452137/0.jpg HTTP/2.0" 200 102989 "-" "baselinker"
85.232.241.194 - - [26/May/2025:03:37:15 +0200] "GET /Jurek/fertone/feeds/fertone_rue.xml HTTP/1.1" 200 583882 "-" "Python-urllib/3.11"
51.77.52.107 - - [26/May/2025:03:37:16 +0200] "GET /Jurek/eurofirany/images/452137/0.jpg HTTP/2.0" 200 102989 "-" "baselinker"
51.77.52.107 - - [26/May/2025:03:37:20 +0200] "GET /Jurek/eurofirany/images/452138/0.jpg HTTP/2.0" 200 47725 "-" "baselinker"
89.161.206.59 - - [26/May/2025:03:37:23 +0200] "GET /Jurek/lerutrade/feeds/lerutrade_bol.xml HTTP/1.0" 200 82821 "-" "-"
51.77.52.107 - - [26/May/2025:03:37:23 +0200] "GET /Jurek/eurofirany/images/452138/0.jpg HTTP/2.0" 200 47725 "-" "baselinker"
85.232.241.194 - - [26/May/2025:03:37:26 +0200] "GET /Jurek/coppotech/feeds/coppotech_rue.xml HTTP/1.1" 200 38049335 "-" "Python-urllib/3.11"
89.161.206.59 - - [26/May/2025:03:37:29 +0200] "GET /Jurek/cbdgreen/feeds/cbdgreen_bol.xml HTTP/1.0" 200 50542 "-" "-"
89.161.206.59 - - [26/May/2025:03:37:30 +0200] "GET /Jurek/action/feeds/action_bol.xml HTTP/1.0" 200 58655700 "-" "-"
51.77.52.107 - - [26/May/2025:03:37:38 +0200] "GET /Jurek/eurofirany/images/452138/0.jpg HTTP/2.0" 200 47725 "-" "baselinker"
46.101.116.244 - - [26/May/2025:03:37:40 +0200] "GET /Jurek/piotrmiedz/feeds/piotrmiedz_bol.xml HTTP/1.0" 200 91037743 "-" "-"
66.135.223.42 - - [26/May/2025:03:37:43 +0200] "GET /Jurek/eurofirany/images/416908/0.jpg HTTP/1.1" 200 68930 "-" "Java/17.0.13.0.101"
51.77.52.107 - - [26/May/2025:03:37:56 +0200] "GET /Jurek/eurofirany/images/452150/0.jpg HTTP/2.0" 200 91862 "-" "baselinker"
85.232.241.194 - - [26/May/2025:03:37:58 +0200] "GET /Jurek/eurofryz2/feeds/eurofryz2_worten.xml HTTP/1.1" 200 1376764 "-" "Python-urllib/3.11"
85.232.241.194 - - [26/May/2025:03:38:04 +0200] "GET /Jurek/eurofryz2/feeds/eurofryz2_wortenES.xml HTTP/1.1" 200 1376742 "-" "Python-urllib/3.11"
85.232.241.194 - - [26/May/2025:03:38:05 +0200] "GET /Jurek/roger/feeds/roger_worten.xml HTTP/1.1" 200 1396583 "-" "Python-urllib/3.11"
85.232.241.194 - - [26/May/2025:03:38:05 +0200] "GET /Jurek/roger/feeds/roger_wortenES.xml HTTP/1.1" 200 1396578 "-" "Python-urllib/3.11"
51.77.52.107 - - [26/May/2025:03:38:11 +0200] "GET /Jurek/eurofirany/images/452150/0.jpg HTTP/2.0" 200 91862 "-" "baselinker"
51.77.52.107 - - [26/May/2025:03:38:16 +0200] "GET /Jurek/eurofirany/images/452150/0.jpg HTTP/2.0" 200 91862 "-" "baselinker"
85.232.241.194 - - [26/May/2025:03:38:17 +0200] "GET /Jurek/eldar/feeds/eldar_worten.xml HTTP/1.1" 200 7328917 "-" "Python-urllib/3.11"
51.77.52.107 - - [26/May/2025:03:38:19 +0200] "GET /Jurek/eurofirany/images/452152/0.jpg HTTP/2.0" 200 79352 "-" "baselinker"
85.232.241.194 - - [26/May/2025:03:38:22 +0200] "GET /Jurek/eldar/feeds/eldar_wortenES.xml HTTP/1.1" 200 7329342 "-" "Python-urllib/3.11"
85.232.241.194 - - [26/May/2025:03:38:22 +0200] "GET /Jurek/playcob/feeds/playcob_worten.xml HTTP/1.1" 200 6980051 "-" "Python-urllib/3.11"
85.232.241.194 - - [26/May/2025:03:38:23 +0200] "GET /Jurek/playcob/feeds/playcob_wortenES.xml HTTP/1.1" 200 6980156 "-" "Python-urllib/3.11"
85.232.241.194 - - [26/May/2025:03:38:23 +0200] "GET /Jurek/dropkz/feeds/dropkz_worten.xml HTTP/1.1" 200 70015059 "-" "Python-urllib/3.11"
85.232.241.194 - - [26/May/2025:03:38:29 +0200] "GET /Jurek/dropkz/feeds/dropkz_wortenES.xml HTTP/1.1" 200 70015245 "-" "Python-urllib/3.11"
85.232.241.194 - - [26/May/2025:03:38:29 +0200] "GET /Jurek/kristronik/feeds/kristronik_worten.xml HTTP/1.1" 200 691985 "-" "Python-urllib/3.11"
85.232.241.194 - - [26/May/2025:03:38:29 +0200] "GET /Jurek/kristronik/feeds/kristronik_wortenES.xml HTTP/1.1" 200 691986 "-" "Python-urllib/3.11"
85.232.241.194 - - [26/May/2025:03:38:29 +0200] "GET /Jurek/beltimore/feeds/beltimore_worten.xml HTTP/1.1" 200 18652359 "-" "Python-urllib/3.11"
89.161.206.59 - - [26/May/2025:03:38:33 +0200] "GET /Jurek/eroplace/feeds/eroplace_bol.xml HTTP/1.0" 200 52134610 "-" "-"
89.161.206.59 - - [26/May/2025:03:38:36 +0200] "GET /Jurek/waks/feeds/waks_bol.xml HTTP/1.0" 200 1596552 "-" "-"
85.232.241.194 - - [26/May/2025:03:38:36 +0200] "GET /Jurek/beltimore/feeds/beltimore_wortenES.xml HTTP/1.1" 200 18651670 "-" "Python-urllib/3.11"
85.232.241.194 - - [26/May/2025:03:38:36 +0200] "GET /Jurek/globaldeli/feeds/globaldeli_worten.xml HTTP/1.1" 200 2590906 "-" "Python-urllib/3.11"
85.232.241.194 - - [26/May/2025:03:38:36 +0200] "GET /Jurek/globaldeli/feeds/globaldeli_wortenES.xml HTTP/1.1" 200 2590048 "-" "Python-urllib/3.11"
51.77.52.107 - - [26/May/2025:03:38:36 +0200] "GET /Jurek/eurofirany/images/452152/0.jpg HTTP/2.0" 200 79352 "-" "baselinker"
89.161.206.59 - - [26/May/2025:03:38:36 +0200] "GET /Jurek/luxma/feeds/luxma_bol.xml HTTP/1.0" 200 8058601 "-" "-"
89.161.206.59 - - [26/May/2025:03:38:37 +0200] "GET /Jurek/german/feeds/german_bol.xml HTTP/1.0" 200 2853559 "-" "-"
89.161.206.59 - - [26/May/2025:03:38:37 +0200] "GET /Jurek/kristronik/feeds/kristronik_bol.xml HTTP/1.0" 200 691989 "-" "-"
89.161.206.59 - - [26/May/2025:03:38:37 +0200] "GET /Jurek/hlo/feeds/hlo_bol.xml HTTP/1.0" 200 4838667 "-" "-"
89.161.206.59 - - [26/May/2025:03:38:38 +0200] "GET /Jurek/omi/feeds/omi_bol.xml HTTP/1.0" 200 8100661 "-" "-"
89.161.206.59 - - [26/May/2025:03:38:38 +0200] "GET /Jurek/makow/feeds/makow_bol.xml HTTP/1.0" 200 21203658 "-" "-"
89.161.206.59 - - [26/May/2025:03:38:39 +0200] "GET /Jurek/beautycare/feeds/beautycare_bol.xml HTTP/1.0" 200 1181276 "-" "-"
51.77.52.107 - - [26/May/2025:03:38:41 +0200] "GET /Jurek/eurofirany/images/452152/0.jpg HTTP/2.0" 200 79352 "-" "baselinker"
85.232.241.194 - - [26/May/2025:03:38:42 +0200] "GET /Jurek/eurofryz/feeds/eurofryz_worten.xml HTTP/1.1" 200 1381569 "-" "Python-urllib/3.11"
85.232.241.194 - - [26/May/2025:03:38:42 +0200] "GET /Jurek/eurofryz/feeds/eurofryz_wortenES.xml HTTP/1.1" 200 1381564 "-" "Python-urllib/3.11"
85.232.241.194 - - [26/May/2025:03:38:42 +0200] "GET /Jurek/eurofryz3/feeds/eurofryz3_worten.xml HTTP/1.1" 200 172220 "-" "Python-urllib/3.11"
85.232.241.194 - - [26/May/2025:03:38:42 +0200] "GET /Jurek/eurofryz3/feeds/eurofryz3_wortenES.xml HTTP/1.1" 200 172221 "-" "Python-urllib/3.11"
85.232.241.194 - - [26/May/2025:03:38:42 +0200] "GET /Jurek/oknobest/feeds/oknobest_worten.xml HTTP/1.1" 200 2708297 "-" "Python-urllib/3.11"
51.77.52.107 - - [26/May/2025:03:38:46 +0200] "GET /Jurek/eurofirany/images/452153/0.jpg HTTP/2.0" 200 84744 "-" "baselinker"
85.232.241.194 - - [26/May/2025:03:38:48 +0200] "GET /Jurek/oknobest/feeds/oknobest_wortenES.xml HTTP/1.1" 200 2708294 "-" "Python-urllib/3.11"
85.232.241.194 - - [26/May/2025:03:38:48 +0200] "GET /Jurek/eoptimo/feeds/eoptimo_worten.xml HTTP/1.1" 200 2094363 "-" "Python-urllib/3.11"
85.232.241.194 - - [26/May/2025:03:38:48 +0200] "GET /Jurek/eoptimo/feeds/eoptimo_wortenES.xml HTTP/1.1" 200 2094373 "-" "Python-urllib/3.11"
46.101.116.244 - - [26/May/2025:03:38:48 +0200] "GET /Jurek/rovicky/feeds/rovicky_zalando.xml HTTP/1.0" 200 14936427 "-" "-"
85.232.241.194 - - [26/May/2025:03:38:48 +0200] "GET /Jurek/sklep24amk/feeds/sklep24amk_worten.xml HTTP/1.1" 200 3894608 "-" "Python-urllib/3.11"
51.77.52.107 - - [26/May/2025:03:38:51 +0200] "GET /Jurek/eurofirany/images/452153/0.jpg HTTP/2.0" 200 84744 "-" "baselinker"
85.232.241.194 - - [26/May/2025:03:38:55 +0200] "GET /Jurek/sklep24amk/feeds/sklep24amk_wortenES.xml HTTP/1.1" 200 3894635 "-" "Python-urllib/3.11"
89.161.206.59 - - [26/May/2025:03:38:55 +0200] "GET /Jurek/targethome/feeds/targethome_emagro.xml HTTP/1.0" 200 688685 "-" "-"
89.161.206.59 - - [26/May/2025:03:38:55 +0200] "GET /Jurek/mosti/feeds/mosti_emagro.xml HTTP/1.0" 200 4628129 "-" "-"
89.161.206.59 - - [26/May/2025:03:38:56 +0200] "GET /Jurek/ralmetal/feeds/ralmetal_emag.xml HTTP/1.0" 200 1787426 "-" "-"
89.161.206.59 - - [26/May/2025:03:38:56 +0200] "GET /Jurek/oromed/feeds/oromed_emagro.xml HTTP/1.0" 200 1290004 "-" "-"
51.77.52.107 - - [26/May/2025:03:38:56 +0200] "GET /Jurek/eurofirany/images/452153/0.jpg HTTP/2.0" 200 84744 "-" "baselinker"
89.161.206.59 - - [26/May/2025:03:38:56 +0200] "GET /Jurek/b3/feeds/b3_emagro.xml HTTP/1.0" 200 8084184 "-" "-"
89.161.206.59 - - [26/May/2025:03:38:57 +0200] "GET /Jurek/narzbud/feeds/narzbud_emagro.xml HTTP/1.0" 200 1901331 "-" "-"
89.161.206.59 - - [26/May/2025:03:38:57 +0200] "GET /Jurek/drops/feeds/dropsofficecolection_emagro.xml HTTP/1.0" 200 790973 "-" "-"
89.161.206.59 - - [26/May/2025:03:38:57 +0200] "GET /Jurek/szpaklampy/feeds/szpaklampy_emagro.xml HTTP/1.0" 200 388346 "-" "-"
89.161.206.59 - - [26/May/2025:03:38:58 +0200] "GET /Jurek/spali/feeds/spali_emagro.xml HTTP/1.0" 200 77073 "-" "-"
89.161.206.59 - - [26/May/2025:03:38:58 +0200] "GET /Jurek/combine/feeds/combine_EMAGRO.xml HTTP/1.0" 200 210573 "-" "-"
89.161.206.59 - - [26/May/2025:03:38:58 +0200] "GET /Jurek/velinda/feeds/velinda_emagro.xml HTTP/1.0" 200 23440 "-" "-"
89.161.206.59 - - [26/May/2025:03:38:58 +0200] "GET /Jurek/urwiskowo/feeds/urwiskowo_emagro.xml HTTP/1.0" 200 9116383 "-" "-"
89.161.206.59 - - [26/May/2025:03:38:59 +0200] "GET /Jurek/reman/feeds/reman_emagro.xml HTTP/1.0" 200 1394891 "-" "-"
89.161.206.59 - - [26/May/2025:03:38:59 +0200] "GET /Jurek/erohurtownia/feeds/erohurtownia_emagro.xml HTTP/1.0" 200 22856341 "-" "-"
85.232.241.194 - - [26/May/2025:03:39:01 +0200] "GET /Jurek/hlo/feeds/hlo_worten.xml HTTP/1.1" 200 4838688 "-" "Python-urllib/3.11"
85.232.241.194 - - [26/May/2025:03:39:01 +0200] "GET /Jurek/hlo/feeds/hlo_wortenES.xml HTTP/1.1" 200 4838674 "-" "Python-urllib/3.11"
89.161.206.59 - - [26/May/2025:03:39:01 +0200] "GET /Jurek/swiatecznygoliat/feeds/swiatecznygoliat_emagro.xml HTTP/1.0" 200 7051406 "-" "-"
85.232.241.194 - - [26/May/2025:03:39:01 +0200] "GET /Jurek/sternhoff/feeds/sternhoff_worten.xml HTTP/1.1" 200 1775240 "-" "Python-urllib/3.11"
85.232.241.194 - - [26/May/2025:03:39:01 +0200] "GET /Jurek/sternhoff/feeds/sternhoff_wortenES.xml HTTP/1.1" 200 1775280 "-" "Python-urllib/3.11"
51.77.52.107 - - [26/May/2025:03:39:02 +0200] "GET /Jurek/eurofirany/images/452154/0.jpg HTTP/2.0" 200 71196 "-" "baselinker"
89.161.206.59 - - [26/May/2025:03:39:02 +0200] "GET /Jurek/elecomp/feeds/elecomp_emagro.xml HTTP/1.0" 200 2868324 "-" "-"
85.232.241.194 - - [26/May/2025:03:39:08 +0200] "GET /Jurek/alucon/feeds/alucon_worten.xml HTTP/1.1" 200 553570 "-" "Python-urllib/3.11"
85.232.241.194 - - [26/May/2025:03:39:08 +0200] "GET /Jurek/alucon/feeds/alucon_wortenES.xml HTTP/1.1" 200 553575 "-" "Python-urllib/3.11"
85.232.241.194 - - [26/May/2025:03:39:08 +0200] "GET /Jurek/galopi/feeds/galopi_worten.xml HTTP/1.1" 200 2111086 "-" "Python-urllib/3.11"
85.232.241.194 - - [26/May/2025:03:39:08 +0200] "GET /Jurek/galopi/feeds/galopi_wortenES.xml HTTP/1.1" 200 2111083 "-" "Python-urllib/3.11"
51.77.52.107 - - [26/May/2025:03:39:19 +0200] "GET /Jurek/eurofirany/images/452154/0.jpg HTTP/2.0" 200 71196 "-" "baselinker"
85.232.241.194 - - [26/May/2025:03:39:20 +0200] "GET /Jurek/jankeski/feeds/jankeski_worten.xml HTTP/1.1" 200 6571123 "-" "Python-urllib/3.11"
85.232.241.194 - - [26/May/2025:03:39:27 +0200] "GET /Jurek/jankeski/feeds/jankeski_wortenES.xml HTTP/1.1" 200 6571147 "-" "Python-urllib/3.11"
85.232.241.194 - - [26/May/2025:03:39:27 +0200] "GET /Jurek/purewear/feeds/purewear_worten.xml HTTP/1.1" 200 13351012 "-" "Python-urllib/3.11"
85.232.241.194 - - [26/May/2025:03:39:27 +0200] "GET /Jurek/purewear/feeds/purewear_wortenES.xml HTTP/1.1" 200 13351010 "-" "Python-urllib/3.11"
85.232.241.194 - - [26/May/2025:03:39:27 +0200] "GET /Jurek/sportprise/feeds/sportprise_worten.xml HTTP/1.1" 200 12725748 "-" "Python-urllib/3.11"
85.232.241.194 - - [26/May/2025:03:39:33 +0200] "GET /Jurek/sportprise/feeds/sportprise_wortenES.xml HTTP/1.1" 200 12726079 "-" "Python-urllib/3.11"
85.232.241.194 - - [26/May/2025:03:39:33 +0200] "GET /Jurek/zbimatyja/feeds/zbimatyja_worten.xml HTTP/1.1" 200 11670284 "-" "Python-urllib/3.11"
85.232.241.194 - - [26/May/2025:03:39:33 +0200] "GET /Jurek/zbimatyja/feeds/zbimatyja_wortenES.xml HTTP/1.1" 200 11670268 "-" "Python-urllib/3.11"
85.232.241.194 - - [26/May/2025:03:39:33 +0200] "GET /Jurek/broers/feeds/broers_worten.xml HTTP/1.1" 200 1982554 "-" "Python-urllib/3.11"
89.161.206.59 - - [26/May/2025:03:39:34 +0200] "GET /Jurek/pawonik/feeds/pawonik_emagro.xml HTTP/1.0" 200 2138652 "-" "-"
51.77.52.107 - - [26/May/2025:03:39:37 +0200] "GET /Jurek/eurofirany/images/452154/0.jpg HTTP/2.0" 200 71196 "-" "baselinker"
85.232.241.194 - - [26/May/2025:03:39:39 +0200] "GET /Jurek/broers/feeds/broers_wortenES.xml HTTP/1.1" 200 1982615 "-" "Python-urllib/3.11"
85.232.241.194 - - [26/May/2025:03:39:39 +0200] "GET /Jurek/cdata/feeds/cdata_worten.xml HTTP/1.1" 200 1445196 "-" "Python-urllib/3.11"
51.77.52.107 - - [26/May/2025:03:39:41 +0200] "GET /Jurek/eurofirany/images/452156/0.jpg HTTP/2.0" 200 75834 "-" "baselinker"
85.232.241.194 - - [26/May/2025:03:39:46 +0200] "GET /Jurek/cdata/feeds/cdata_wortenES.xml HTTP/1.1" 200 1445187 "-" "Python-urllib/3.11"
85.232.241.194 - - [26/May/2025:03:39:46 +0200] "GET /Jurek/asortymenteu/feeds/asortymenteu_worten.xml HTTP/1.1" 200 2864915 "-" "Python-urllib/3.11"
85.232.241.194 - - [26/May/2025:03:39:46 +0200] "GET /Jurek/cdata/feeds/cdata_wortenES.xml HTTP/1.1" 200 1445187 "-" "Python-urllib/3.11"
85.232.241.194 - - [26/May/2025:03:39:46 +0200] "GET /Jurek/newtechele/feeds/newtechele_worten.xml HTTP/1.1" 200 2438499 "-" "Python-urllib/3.11"
85.232.241.194 - - [26/May/2025:03:39:46 +0200] "GET /Jurek/newtechele/feeds/newtechele_wortenES.xml HTTP/1.1" 200 2438497 "-" "Python-urllib/3.11"
85.232.241.194 - - [26/May/2025:03:39:47 +0200] "GET /Jurek/omi/feeds/omi_worten.xml HTTP/1.1" 200 8100712 "-" "Python-urllib/3.11"
85.232.241.194 - - [26/May/2025:03:39:52 +0200] "GET /Jurek/omi/feeds/omi_wortenES.xml HTTP/1.1" 200 8100739 "-" "Python-urllib/3.11"
85.232.241.194 - - [26/May/2025:03:39:52 +0200] "GET /Jurek/cenoman/feeds/cenoman_worten.xml HTTP/1.1" 200 5993189 "-" "Python-urllib/3.11"
85.232.241.194 - - [26/May/2025:03:39:52 +0200] "GET /Jurek/cenoman/feeds/cenoman_wortenES.xml HTTP/1.1" 200 5993159 "-" "Python-urllib/3.11"
85.232.241.194 - - [26/May/2025:03:39:52 +0200] "GET /Jurek/kamar/feeds/kamar_worten.xml HTTP/1.1" 200 25549830 "-" "Python-urllib/3.11"
51.77.52.107 - - [26/May/2025:03:39:56 +0200] "GET /Jurek/eurofirany/images/452156/0.jpg HTTP/2.0" 200 75834 "-" "baselinker"
85.232.241.194 - - [26/May/2025:03:39:59 +0200] "GET /Jurek/kamar/feeds/kamar_wortenES.xml HTTP/1.1" 200 25549612 "-" "Python-urllib/3.11"
85.232.241.194 - - [26/May/2025:03:39:59 +0200] "GET /Jurek/beautycare/feeds/beautycare_worten.xml HTTP/1.1" 200 1181333 "-" "Python-urllib/3.11"
85.232.241.194 - - [26/May/2025:03:39:59 +0200] "GET /Jurek/beautycare/feeds/beautycare_wortenES.xml HTTP/1.1" 200 1181261 "-" "Python-urllib/3.11"
85.232.241.194 - - [26/May/2025:03:39:59 +0200] "GET /Jurek/avenido/feeds/avenido_worten.xml HTTP/1.1" 200 720111 "-" "Python-urllib/3.11"
85.232.241.194 - - [26/May/2025:03:40:00 +0200] "GET /Jurek/avenido/feeds/avenido_wortenES.xml HTTP/1.1" 200 720115 "-" "Python-urllib/3.11"
85.232.241.194 - - [26/May/2025:03:40:00 +0200] "GET /Jurek/zenex/feeds/zenex_worten.xml HTTP/1.1" 200 540164 "-" "Python-urllib/3.11"
51.77.52.107 - - [26/May/2025:03:40:00 +0200] "GET /Jurek/eurofirany/images/452156/0.jpg HTTP/2.0" 200 75834 "-" "baselinker"
5.134.208.158 - - [26/May/2025:03:40:00 +0200] "GET /Jurek/eurofirany/images/470171/0.jpg HTTP/1.1" 206 256 "https://www.ceneo.pl" "Mozilla/5.0 (Windows NT 10.0; Win64; x64) AppleWebKit/537.36 (KHTML, like Gecko) Chrome/87.0.4280.141 Safari/537.36"
51.77.52.107 - - [26/May/2025:03:40:04 +0200] "GET /Jurek/eurofirany/images/452161/0.jpg HTTP/2.0" 200 97238 "-" "baselinker"
85.232.241.194 - - [26/May/2025:03:40:05 +0200] "GET /Jurek/zenex/feeds/zenex_wortenES.xml HTTP/1.1" 200 540175 "-" "Python-urllib/3.11"
85.232.241.194 - - [26/May/2025:03:40:05 +0200] "GET /Jurek/filmal/feeds/filmal_worten.xml HTTP/1.1" 200 139267 "-" "Python-urllib/3.11"
85.232.241.194 - - [26/May/2025:03:40:05 +0200] "GET /Jurek/filmal/feeds/filmal_wortenES.xml HTTP/1.1" 200 139278 "-" "Python-urllib/3.11"
85.232.241.194 - - [26/May/2025:03:40:05 +0200] "GET /Jurek/fertes/feeds/fertes_worten.xml HTTP/1.1" 200 2361865 "-" "Python-urllib/3.11"
89.161.206.59 - - [26/May/2025:03:40:07 +0200] "GET /Jurek/techrebal/feeds/techrebal_emagro.xml HTTP/1.0" 200 1989862 "-" "-"
89.161.206.59 - - [26/May/2025:03:40:07 +0200] "GET /Jurek/kristronik/feeds/kristronik_emagro.xml HTTP/1.0" 200 692095 "-" "-"
89.161.206.59 - - [26/May/2025:03:40:07 +0200] "GET /Jurek/techrebalina/feeds/techrebalina_emagro.xml HTTP/1.0" 200 2011335 "-" "-"
51.77.52.107 - - [26/May/2025:03:40:11 +0200] "GET /Jurek/eurofirany/images/452161/0.jpg HTTP/2.0" 200 97238 "-" "baselinker"
85.232.241.194 - - [26/May/2025:03:40:12 +0200] "GET /Jurek/fertes/feeds/fertes_wortenES.xml HTTP/1.1" 200 2361797 "-" "Python-urllib/3.11"
85.232.241.194 - - [26/May/2025:03:40:12 +0200] "GET /Jurek/makow/feeds/makow_worten.xml HTTP/1.1" 200 21203841 "-" "Python-urllib/3.11"
85.232.241.194 - - [26/May/2025:03:40:12 +0200] "GET /Jurek/makow/feeds/makow_wortenES.xml HTTP/1.1" 200 21204021 "-" "Python-urllib/3.11"
51.77.52.107 - - [26/May/2025:03:40:26 +0200] "GET /Jurek/eurofirany/images/452161/0.jpg HTTP/2.0" 200 97238 "-" "baselinker"
51.77.52.107 - - [26/May/2025:03:40:32 +0200] "GET /Jurek/eurofirany/images/452167/0.jpg HTTP/2.0" 200 75404 "-" "baselinker"
85.232.241.194 - - [26/May/2025:03:40:32 +0200] "GET /Jurek/proadventure/feeds/proadventure_worten.xml HTTP/1.1" 200 10763608 "-" "Python-urllib/3.11"
85.232.241.194 - - [26/May/2025:03:40:32 +0200] "GET /Jurek/proadventure/feeds/proadventure_wortenES.xml HTTP/1.1" 200 10763647 "-" "Python-urllib/3.11"
85.232.241.194 - - [26/May/2025:03:40:32 +0200] "GET /Jurek/apresto/feeds/apresto_worten.xml HTTP/1.1" 200 1327672 "-" "Python-urllib/3.11"
85.232.241.194 - - [26/May/2025:03:40:38 +0200] "GET /Jurek/apresto/feeds/apresto_wortenES.xml HTTP/1.1" 200 1327666 "-" "Python-urllib/3.11"
51.77.52.107 - - [26/May/2025:03:40:44 +0200] "GET /Jurek/eurofirany/images/452167/0.jpg HTTP/2.0" 200 75404 "-" "baselinker"
85.232.241.194 - - [26/May/2025:03:40:45 +0200] "GET /Jurek/carbonyway/feeds/carbonyway_worten.xml HTTP/1.1" 200 3075919 "-" "Python-urllib/3.11"
85.232.241.194 - - [26/May/2025:03:40:51 +0200] "GET /Jurek/carbonyway/feeds/carbonyway_wortenES.xml HTTP/1.1" 200 3075982 "-" "Python-urllib/3.11"
85.232.241.194 - - [26/May/2025:03:40:51 +0200] "GET /Jurek/mojeledy/feeds/mojeledy_worten.xml HTTP/1.1" 200 1018438 "-" "Python-urllib/3.11"
85.232.241.194 - - [26/May/2025:03:40:51 +0200] "GET /Jurek/mojeledy/feeds/mojeledy_wortenES.xml HTTP/1.1" 200 1018446 "-" "Python-urllib/3.11"
85.232.241.194 - - [26/May/2025:03:40:52 +0200] "GET /Jurek/sovapl/feeds/sovapl_worten.xml HTTP/1.1" 200 8999837 "-" "Python-urllib/3.11"
85.232.241.194 - - [26/May/2025:03:40:57 +0200] "GET /Jurek/sovapl/feeds/sovapl_wortenES.xml HTTP/1.1" 200 8999623 "-" "Python-urllib/3.11"
51.77.52.107 - - [26/May/2025:03:40:58 +0200] "GET /Jurek/eurofirany/images/452167/0.jpg HTTP/2.0" 200 75404 "-" "baselinker"
51.77.52.107 - - [26/May/2025:03:41:03 +0200] "GET /Jurek/eurofirany/images/452168/0.jpg HTTP/2.0" 200 94310 "-" "baselinker"
51.77.52.107 - - [26/May/2025:03:41:18 +0200] "GET /Jurek/eurofirany/images/452168/0.jpg HTTP/2.0" 200 94310 "-" "baselinker"
89.161.206.59 - - [26/May/2025:03:41:18 +0200] "GET /Jurek/eroplace/feeds/eroplace_emagro.xml HTTP/1.0" 200 52150039 "-" "-"
51.77.52.107 - - [26/May/2025:03:41:31 +0200] "GET /Jurek/eurofirany/images/452168/0.jpg HTTP/2.0" 200 94310 "-" "baselinker"
51.77.52.107 - - [26/May/2025:03:41:36 +0200] "GET /Jurek/eurofirany/images/456474/0.jpg HTTP/2.0" 200 84077 "-" "baselinker"
51.77.52.107 - - [26/May/2025:03:41:41 +0200] "GET /Jurek/eurofirany/images/456474/0.jpg HTTP/2.0" 200 84077 "-" "baselinker"
51.77.52.107 - - [26/May/2025:03:41:46 +0200] "GET /Jurek/eurofirany/images/456474/0.jpg HTTP/2.0" 200 84077 "-" "baselinker"
51.77.52.107 - - [26/May/2025:03:41:52 +0200] "GET /Jurek/eurofirany/images/456475/0.jpg HTTP/2.0" 200 61839 "-" "baselinker"
85.232.241.194 - - [26/May/2025:03:42:09 +0200] "GET /Jurek/kalama/feeds/kalama_worten.xml HTTP/1.1" 200 2661735 "-" "Python-urllib/3.11"
85.232.241.194 - - [26/May/2025:03:42:09 +0200] "GET /Jurek/kalama/feeds/kalama_wortenES.xml HTTP/1.1" 200 2661786 "-" "Python-urllib/3.11"
85.232.241.194 - - [26/May/2025:03:42:15 +0200] "GET /Jurek/bloomglow/feeds/bloomglow_worten.xml HTTP/1.1" 200 14095545 "-" "Python-urllib/3.11"
85.232.241.194 - - [26/May/2025:03:42:15 +0200] "GET /Jurek/bloomglow/feeds/bloomglow_wortenES.xml HTTP/1.1" 200 14095573 "-" "Python-urllib/3.11"
51.77.52.107 - - [26/May/2025:03:42:17 +0200] "GET /Jurek/eurofirany/images/456475/0.jpg HTTP/2.0" 200 61839 "-" "baselinker"
51.77.52.107 - - [26/May/2025:03:42:21 +0200] "GET /Jurek/eurofirany/images/456475/0.jpg HTTP/2.0" 200 61839 "-" "baselinker"
46.101.116.244 - - [26/May/2025:03:42:31 +0200] "GET /Jurek/b3/feeds/b3_alza.xml HTTP/2.0" 200 8085958 "-" "-"
51.77.52.107 - - [26/May/2025:03:42:36 +0200] "GET /Jurek/eurofirany/images/456476/0.jpg HTTP/2.0" 200 54021 "-" "baselinker"
51.77.52.107 - - [26/May/2025:03:42:51 +0200] "GET /Jurek/eurofirany/images/456476/0.jpg HTTP/2.0" 200 54021 "-" "baselinker"
46.101.116.244 - - [26/May/2025:03:42:54 +0200] "GET /Jurek/action/feeds/action_alza.xml HTTP/2.0" 200 58697291 "-" "-"
51.77.52.107 - - [26/May/2025:03:43:09 +0200] "GET /Jurek/eurofirany/images/456476/0.jpg HTTP/2.0" 200 54021 "-" "baselinker"
51.77.52.107 - - [26/May/2025:03:43:14 +0200] "GET /Jurek/eurofirany/images/456482/0.jpg HTTP/2.0" 200 64153 "-" "baselinker"
51.77.52.107 - - [26/May/2025:03:43:18 +0200] "GET /Jurek/eurofirany/images/456482/0.jpg HTTP/2.0" 200 64153 "-" "baselinker"
51.77.52.107 - - [26/May/2025:03:43:24 +0200] "GET /Jurek/eurofirany/images/456482/0.jpg HTTP/2.0" 200 64153 "-" "baselinker"
51.77.52.107 - - [26/May/2025:03:43:29 +0200] "GET /Jurek/eurofirany/images/456484/0.jpg HTTP/2.0" 200 52401 "-" "baselinker"
89.161.206.59 - - [26/May/2025:03:43:44 +0200] "GET /Jurek/jankeski/feeds/jankeski_emagro.xml HTTP/1.0" 200 6571521 "-" "-"
51.77.52.107 - - [26/May/2025:03:43:45 +0200] "GET /Jurek/eurofirany/images/456484/0.jpg HTTP/2.0" 200 52401 "-" "baselinker"
51.77.52.107 - - [26/May/2025:03:43:49 +0200] "GET /Jurek/eurofirany/images/456484/0.jpg HTTP/2.0" 200 52401 "-" "baselinker"
77.79.248.229 - - [26/May/2025:03:44:02 +0200] "GET /Jurek/aw/feeds/awnarzedzia_leroy.xml HTTP/1.1" 200 91087422 "-" "Python-urllib/3.11"
77.79.248.229 - - [26/May/2025:03:44:03 +0200] "GET /Jurek/action/feeds/action_leroy.xml HTTP/1.1" 200 59309894 "-" "Python-urllib/3.11"
77.79.248.229 - - [26/May/2025:03:44:05 +0200] "GET /Jurek/b3/feeds/b3_leroy.xml HTTP/1.1" 200 8081272 "-" "Python-urllib/3.11"
51.77.52.107 - - [26/May/2025:03:44:05 +0200] "GET /Jurek/eurofirany/images/456486/0.jpg HTTP/2.0" 200 70826 "-" "baselinker"
77.79.248.229 - - [26/May/2025:03:44:06 +0200] "GET /Jurek/topeshop/feeds/topeshop_leroy.xml HTTP/1.1" 200 3013586 "-" "Python-urllib/3.11"
77.79.248.229 - - [26/May/2025:03:44:06 +0200] "GET /Jurek/eurofirany/feeds/eurofirany_leroy.xml HTTP/1.1" 200 18718655 "-" "Python-urllib/3.11"
77.79.248.229 - - [26/May/2025:03:44:07 +0200] "GET /Jurek/fernity/feeds/fernity_leroy.xml HTTP/1.1" 200 4718360 "-" "Python-urllib/3.11"
77.79.248.229 - - [26/May/2025:03:44:07 +0200] "GET /Jurek/kambukka/feeds/kambukka_leroy.xml HTTP/1.1" 200 1023479 "-" "Python-urllib/3.11"
77.79.248.229 - - [26/May/2025:03:44:07 +0200] "GET /Jurek/ikonka/feeds/ikonka_leroy.xml HTTP/1.1" 200 20675487 "-" "Python-urllib/3.11"
77.79.248.229 - - [26/May/2025:03:44:08 +0200] "GET /Jurek/oromed/feeds/oromed_leroy.xml HTTP/1.1" 200 1289844 "-" "Python-urllib/3.11"
77.79.248.229 - - [26/May/2025:03:44:08 +0200] "GET /Jurek/benetech/feeds/benetech_leroy.xml HTTP/1.1" 200 4165401 "-" "Python-urllib/3.11"
77.79.248.229 - - [26/May/2025:03:44:08 +0200] "GET /Jurek/octopia/feeds/octopia_leroy.xml HTTP/1.1" 200 10104975 "-" "Python-urllib/3.11"
77.79.248.229 - - [26/May/2025:03:44:08 +0200] "GET /Jurek/waks/feeds/waks_leroy.xml HTTP/1.1" 200 1596552 "-" "Python-urllib/3.11"
77.79.248.229 - - [26/May/2025:03:44:09 +0200] "GET /Jurek/hdwr/feeds/hdwr_leroy.xml HTTP/1.1" 200 789412 "-" "Python-urllib/3.11"
77.79.248.229 - - [26/May/2025:03:44:09 +0200] "GET /Jurek/barbecook/feeds/barbecook_leroy.xml HTTP/1.1" 200 87520 "-" "Python-urllib/3.11"
77.79.248.229 - - [26/May/2025:03:44:09 +0200] "GET /Jurek/sempler/feeds/sempler_leroy.xml HTTP/1.1" 200 6787937 "-" "Python-urllib/3.11"
77.79.248.229 - - [26/May/2025:03:44:09 +0200] "GET /Jurek/kinghome/feeds/kinghome_leroy.xml HTTP/1.1" 200 6357055 "-" "Python-urllib/3.11"
51.77.52.107 - - [26/May/2025:03:44:09 +0200] "GET /Jurek/eurofirany/images/456486/0.jpg HTTP/2.0" 200 70826 "-" "baselinker"
77.79.248.229 - - [26/May/2025:03:44:09 +0200] "GET /Jurek/ekolight/feeds/ekolioght_leroy.xml HTTP/1.1" 200 9052921 "-" "Python-urllib/3.11"
77.79.248.229 - - [26/May/2025:03:44:09 +0200] "GET /Jurek/bimboland/feeds/bimboland_leroy.xml HTTP/1.1" 200 2778855 "-" "Python-urllib/3.11"
77.79.248.229 - - [26/May/2025:03:44:10 +0200] "GET /Jurek/hurtmeblowy/feeds/hurtmeblowy_leroy.xml HTTP/1.1" 200 8543236 "-" "Python-urllib/3.11"
77.79.248.229 - - [26/May/2025:03:44:11 +0200] "GET /Jurek/fertone/feeds/fertone_leroy.xml HTTP/1.1" 200 583734 "-" "Python-urllib/3.11"
77.79.248.229 - - [26/May/2025:03:44:11 +0200] "GET /Jurek/ekuchcikowo/feeds/ekuchcikowo_leroy.xml HTTP/1.1" 200 12470968 "-" "Python-urllib/3.11"
77.79.248.229 - - [26/May/2025:03:44:14 +0200] "GET /Jurek/intsell/feeds/intsell_leroy.xml HTTP/1.1" 200 342009326 "-" "Python-urllib/3.11"
77.79.248.229 - - [26/May/2025:03:44:14 +0200] "GET /Jurek/velinda/feeds/velinda_leroy.xml HTTP/1.1" 200 23436 "-" "Python-urllib/3.11"
77.79.248.229 - - [26/May/2025:03:44:14 +0200] "GET /Jurek/spali/feeds/spali_leroy.xml HTTP/1.1" 200 77056 "-" "Python-urllib/3.11"
77.79.248.229 - - [26/May/2025:03:44:14 +0200] "GET /Jurek/urwiskowo/feeds/urwiskowo_leroy.xml HTTP/1.1" 200 9114960 "-" "Python-urllib/3.11"
77.79.248.229 - - [26/May/2025:03:44:14 +0200] "GET /Jurek/erohurtownia/feeds/erohurtownia_leroy.xml HTTP/1.1" 200 22846479 "-" "Python-urllib/3.11"
77.79.248.229 - - [26/May/2025:03:44:14 +0200] "GET /Jurek/elecomp/feeds/elecomp_leroy.xml HTTP/1.1" 200 2867733 "-" "Python-urllib/3.11"
77.79.248.229 - - [26/May/2025:03:44:15 +0200] "GET /Jurek/rider/feeds/rider_leroy.xml HTTP/1.1" 200 8165197 "-" "Python-urllib/3.11"
77.79.248.229 - - [26/May/2025:03:44:15 +0200] "GET /Jurek/eurofryz2/feeds/eurofryz2_leroy.xml HTTP/1.1" 200 1376723 "-" "Python-urllib/3.11"
77.79.248.229 - - [26/May/2025:03:44:15 +0200] "GET /Jurek/expertauto/feeds/expertauto_leroy.xml HTTP/1.1" 200 1158929 "-" "Python-urllib/3.11"
77.79.248.229 - - [26/May/2025:03:44:15 +0200] "GET /Jurek/najtanszysport/feeds/najtanszysport_leroy.xml HTTP/1.1" 200 3983200 "-" "Python-urllib/3.11"
77.79.248.229 - - [26/May/2025:03:44:16 +0200] "GET /Jurek/narzbud/feeds/narzbud_leroy.xml HTTP/1.1" 200 1901225 "-" "Python-urllib/3.11"
77.79.248.229 - - [26/May/2025:03:44:17 +0200] "GET /Jurek/awparts/feeds/awparts_leroy.xml HTTP/1.1" 200 142299529 "-" "Python-urllib/3.11"
77.79.248.229 - - [26/May/2025:03:44:17 +0200] "GET /Jurek/kidshop/feeds/kidshop_leroy.xml HTTP/1.1" 200 19850599 "-" "Python-urllib/3.11"
77.79.248.229 - - [26/May/2025:03:44:17 +0200] "GET /Jurek/playcob/feeds/playcob_leroy.xml HTTP/1.1" 200 6980179 "-" "Python-urllib/3.11"
77.79.248.229 - - [26/May/2025:03:44:18 +0200] "GET /Jurek/dropkz/feeds/dropkz_leroy.xml HTTP/1.1" 200 70014458 "-" "Python-urllib/3.11"
77.79.248.229 - - [26/May/2025:03:44:19 +0200] "GET /Jurek/straganbiur/feeds/straganbiur_leroy.xml HTTP/1.1" 200 8893256 "-" "Python-urllib/3.11"
77.79.248.229 - - [26/May/2025:03:44:19 +0200] "GET /Jurek/roger/feeds/roger_leroy.xml HTTP/1.1" 200 1396600 "-" "Python-urllib/3.11"
77.79.248.229 - - [26/May/2025:03:44:19 +0200] "GET /Jurek/sportprise/feeds/sportprise_leroy.xml HTTP/1.1" 200 12725420 "-" "Python-urllib/3.11"
77.79.248.229 - - [26/May/2025:03:44:19 +0200] "GET /Jurek/hurtmeblowy/feeds/hurtmeblowy_leroy.xml HTTP/1.1" 200 8543236 "-" "Python-urllib/3.11"
77.79.248.229 - - [26/May/2025:03:44:19 +0200] "GET /Jurek/oknobest/feeds/oknobest_leroy.xml HTTP/1.1" 200 2708303 "-" "Python-urllib/3.11"
77.79.248.229 - - [26/May/2025:03:44:19 +0200] "GET /Jurek/german/feeds/german_leroy.xml HTTP/1.1" 200 2853551 "-" "Python-urllib/3.11"
77.79.248.229 - - [26/May/2025:03:44:19 +0200] "GET /Jurek/kristronik/feeds/kristronik_leroy.xml HTTP/1.1" 200 691981 "-" "Python-urllib/3.11"
77.79.248.229 - - [26/May/2025:03:44:20 +0200] "GET /Jurek/erohurtownia/feeds/erohurtownia_leroy.xml HTTP/1.1" 200 22846479 "-" "Python-urllib/3.11"
77.79.248.229 - - [26/May/2025:03:44:20 +0200] "GET /Jurek/smxdesign/feeds/smxdesign_leroy.xml HTTP/1.1" 200 1829029 "-" "Python-urllib/3.11"
77.79.248.229 - - [26/May/2025:03:44:20 +0200] "GET /Jurek/elavia/feeds/elavia_leroy.xml HTTP/1.1" 200 2497280 "-" "Python-urllib/3.11"
77.79.248.229 - - [26/May/2025:03:44:21 +0200] "GET /Jurek/relogy/feeds/relogy_leroy.xml HTTP/1.1" 200 66653234 "-" "Python-urllib/3.11"
77.79.248.229 - - [26/May/2025:03:44:21 +0200] "GET /Jurek/hlo/feeds/hlo_leroy.xml HTTP/1.1" 200 4838667 "-" "Python-urllib/3.11"
77.79.248.229 - - [26/May/2025:03:44:21 +0200] "GET /Jurek/aiofactory/feeds/aiofactory_leroy.xml HTTP/1.1" 200 2123760 "-" "Python-urllib/3.11"
77.79.248.229 - - [26/May/2025:03:44:21 +0200] "GET /Jurek/broers/feeds/broers_leroy.xml HTTP/1.1" 200 1982553 "-" "Python-urllib/3.11"
77.79.248.229 - - [26/May/2025:03:44:21 +0200] "GET /Jurek/euroshop/feeds/euroshop_leroy.xml HTTP/1.1" 200 20025521 "-" "Python-urllib/3.11"
77.79.248.229 - - [26/May/2025:03:44:22 +0200] "GET /Jurek/jankeski/feeds/jankeski_leroy.xml HTTP/1.1" 200 6571129 "-" "Python-urllib/3.11"
46.101.116.244 - - [26/May/2025:03:44:22 +0200] "GET /Jurek/unimet/feeds/unimet_alza.xml HTTP/2.0" 200 61207048 "-" "-"
77.79.248.229 - - [26/May/2025:03:44:22 +0200] "GET /Jurek/zbimatyja/feeds/zbimatyja_leroy.xml HTTP/1.1" 200 11670220 "-" "Python-urllib/3.11"
77.79.248.229 - - [26/May/2025:03:44:22 +0200] "GET /Jurek/cdata/feeds/cdata_leroy.xml HTTP/1.1" 200 1445134 "-" "Python-urllib/3.11"
77.79.248.229 - - [26/May/2025:03:44:22 +0200] "GET /Jurek/asortymenteu/feeds/asortymenteu_leroy.xml HTTP/1.1" 200 2864980 "-" "Python-urllib/3.11"
77.79.248.229 - - [26/May/2025:03:44:22 +0200] "GET /Jurek/biokominki/feeds/biokominki_leroy.xml HTTP/1.1" 200 1422255 "-" "Python-urllib/3.11"
77.79.248.229 - - [26/May/2025:03:44:22 +0200] "GET /Jurek/newtechele/feeds/newtechele_leroy.xml HTTP/1.1" 200 2438478 "-" "Python-urllib/3.11"
77.79.248.229 - - [26/May/2025:03:44:22 +0200] "GET /Jurek/matkam/feeds/matkam_leroy.xml HTTP/1.1" 200 5000330 "-" "Python-urllib/3.11"
77.79.248.229 - - [26/May/2025:03:44:22 +0200] "GET /Jurek/cenoman/feeds/cenoman_leroy.xml HTTP/1.1" 200 5993135 "-" "Python-urllib/3.11"
77.79.248.229 - - [26/May/2025:03:44:23 +0200] "GET /Jurek/kamar/feeds/kamar_leroy.xml HTTP/1.1" 200 25550391 "-" "Python-urllib/3.11"
77.79.248.229 - - [26/May/2025:03:44:23 +0200] "GET /Jurek/avenido/feeds/avenido_leroy.xml HTTP/1.1" 200 720114 "-" "Python-urllib/3.11"
77.79.248.229 - - [26/May/2025:03:44:23 +0200] "GET /Jurek/zenex/feeds/zenex_leroy.xml HTTP/1.1" 200 540180 "-" "Python-urllib/3.11"
77.79.248.229 - - [26/May/2025:03:44:23 +0200] "GET /Jurek/filmal/feeds/filmal_leroy.xml HTTP/1.1" 200 139275 "-" "Python-urllib/3.11"
77.79.248.229 - - [26/May/2025:03:44:23 +0200] "GET /Jurek/makow/feeds/makow_leroy.xml HTTP/1.1" 200 21203868 "-" "Python-urllib/3.11"
77.79.248.229 - - [26/May/2025:03:44:23 +0200] "GET /Jurek/szpaklampy/feeds/szpaklampy_leroy.xml HTTP/1.1" 200 388189 "-" "Python-urllib/3.11"
77.79.248.229 - - [26/May/2025:03:44:23 +0200] "GET /Jurek/apresto/feeds/apresto_leroy.xml HTTP/1.1" 200 1327650 "-" "Python-urllib/3.11"
77.79.248.229 - - [26/May/2025:03:44:24 +0200] "GET /Jurek/nexus/feeds/nexus_leroy.xml HTTP/1.1" 200 226625 "-" "Python-urllib/3.11"
77.79.248.229 - - [26/May/2025:03:44:24 +0200] "GET /Jurek/em3/feeds/em3_leroy.xml HTTP/1.1" 200 258915 "-" "Python-urllib/3.11"
77.79.248.229 - - [26/May/2025:03:44:24 +0200] "GET /Jurek/mojeledy/feeds/mojeledy_leroy.xml HTTP/1.1" 200 1018443 "-" "Python-urllib/3.11"
77.79.248.229 - - [26/May/2025:03:44:24 +0200] "GET /Jurek/carbonyway/feeds/carbonyway_leroy.xml HTTP/1.1" 200 3075954 "-" "Python-urllib/3.11"
77.79.248.229 - - [26/May/2025:03:44:24 +0200] "GET /Jurek/kalama/feeds/kalama_leroy.xml HTTP/1.1" 200 2661756 "-" "Python-urllib/3.11"
77.79.248.229 - - [26/May/2025:03:44:24 +0200] "GET /Jurek/proadventure/feeds/proadventure_leroy.xml HTTP/1.1" 200 10763437 "-" "Python-urllib/3.11"
77.79.248.229 - - [26/May/2025:03:44:24 +0200] "GET /Jurek/sklep24amk/feeds/sklep24amk_leroy.xml HTTP/1.1" 200 3894634 "-" "Python-urllib/3.11"
51.77.52.107 - - [26/May/2025:03:44:25 +0200] "GET /Jurek/eurofirany/images/456486/0.jpg HTTP/2.0" 200 70826 "-" "baselinker"
77.79.248.229 - - [26/May/2025:03:44:26 +0200] "GET /Jurek/bloomglow/feeds/bloomglow_leroy.xml HTTP/1.1" 200 14095152 "-" "Python-urllib/3.11"
51.77.52.107 - - [26/May/2025:03:44:32 +0200] "GET /Jurek/eurofirany/images/456499/0.jpg HTTP/2.0" 200 66223 "-" "baselinker"
77.79.248.229 - - [26/May/2025:03:44:34 +0200] "GET /Jurek/coppotech/feeds/coppotech_leroy.xml HTTP/1.1" 200 38049244 "-" "Python-urllib/3.11"
51.77.52.107 - - [26/May/2025:03:44:52 +0200] "GET /Jurek/eurofirany/images/456499/0.jpg HTTP/2.0" 200 66223 "-" "baselinker"
51.77.52.107 - - [26/May/2025:03:44:57 +0200] "GET /Jurek/eurofirany/images/456499/0.jpg HTTP/2.0" 200 66223 "-" "baselinker"
51.77.52.107 - - [26/May/2025:03:45:15 +0200] "GET /Jurek/eurofirany/images/456500/0.jpg HTTP/2.0" 200 72216 "-" "baselinker"
51.77.52.107 - - [26/May/2025:03:45:20 +0200] "GET /Jurek/eurofirany/images/456500/0.jpg HTTP/2.0" 200 72216 "-" "baselinker"
51.77.52.107 - - [26/May/2025:03:45:25 +0200] "GET /Jurek/eurofirany/images/456500/0.jpg HTTP/2.0" 200 72216 "-" "baselinker"
51.77.52.107 - - [26/May/2025:03:45:36 +0200] "GET /Jurek/eurofirany/images/456501/0.jpg HTTP/2.0" 200 44064 "-" "baselinker"
51.77.52.107 - - [26/May/2025:03:45:43 +0200] "GET /Jurek/eurofirany/images/456501/0.jpg HTTP/2.0" 200 44064 "-" "baselinker"
46.101.116.244 - - [26/May/2025:03:45:47 +0200] "GET /Jurek/andex/feeds/andex_alza.xml HTTP/2.0" 200 1954465 "-" "-"
46.101.116.244 - - [26/May/2025:03:45:59 +0200] "GET /Jurek/aw/feeds/awnarzedzia_alza.xml HTTP/2.0" 200 91192213 "-" "-"
51.77.52.107 - - [26/May/2025:03:46:03 +0200] "GET /Jurek/eurofirany/images/456501/0.jpg HTTP/2.0" 200 44064 "-" "baselinker"
51.77.52.107 - - [26/May/2025:03:46:07 +0200] "GET /Jurek/eurofirany/images/456502/0.jpg HTTP/2.0" 200 67595 "-" "baselinker"
46.101.116.244 - - [26/May/2025:03:46:18 +0200] "GET /Jurek/detian/feeds/detian_alza.xml HTTP/2.0" 404 3551 "-" "-"
51.77.52.107 - - [26/May/2025:03:46:23 +0200] "GET /Jurek/eurofirany/images/456502/0.jpg HTTP/2.0" 200 67595 "-" "baselinker"
46.101.116.244 - - [26/May/2025:03:46:29 +0200] "GET /Jurek/fernity/feeds/fernity_alza.xml HTTP/2.0" 200 4721899 "-" "-"
89.161.206.59 - - [26/May/2025:03:46:29 +0200] "GET /Jurek/eurofirany/feeds/eurofirany_skroutz.xml HTTP/1.0" 200 18244084 "-" "-"
51.77.52.107 - - [26/May/2025:03:46:40 +0200] "GET /Jurek/eurofirany/images/456502/0.jpg HTTP/2.0" 200 67595 "-" "baselinker"
51.77.52.107 - - [26/May/2025:03:46:46 +0200] "GET /Jurek/eurofirany/images/456503/0.jpg HTTP/2.0" 200 71298 "-" "baselinker"
46.101.116.244 - - [26/May/2025:03:46:51 +0200] "GET /Jurek/octopia/feeds/octopia_alzacz.xml HTTP/2.0" 200 10117156 "-" "-"
51.77.52.107 - - [26/May/2025:03:47:00 +0200] "GET /Jurek/eurofirany/images/456503/0.jpg HTTP/2.0" 200 71298 "-" "baselinker"
46.101.116.244 - - [26/May/2025:03:47:03 +0200] "GET /Jurek/unimet/feeds/unimet_alza.xml HTTP/2.0" 200 61207048 "-" "-"
51.77.52.107 - - [26/May/2025:03:47:03 +0200] "GET /Jurek/eurofirany/images/456503/0.jpg HTTP/2.0" 200 71298 "-" "baselinker"
51.77.52.107 - - [26/May/2025:03:47:08 +0200] "GET /Jurek/eurofirany/images/456504/0.jpg HTTP/2.0" 200 83099 "-" "baselinker"
51.77.52.107 - - [26/May/2025:03:47:12 +0200] "GET /Jurek/eurofirany/images/456504/0.jpg HTTP/2.0" 200 83099 "-" "baselinker"
51.77.52.107 - - [26/May/2025:03:47:17 +0200] "GET /Jurek/eurofirany/images/456504/0.jpg HTTP/2.0" 200 83099 "-" "baselinker"
51.77.52.107 - - [26/May/2025:03:47:22 +0200] "GET /Jurek/eurofirany/images/461227/0.jpg HTTP/2.0" 200 70608 "-" "baselinker"
46.101.116.244 - - [26/May/2025:03:47:23 +0200] "GET /Jurek/eurofirany/feeds/eurofirany_alza.xml HTTP/2.0" 200 18687756 "-" "-"
51.77.52.107 - - [26/May/2025:03:47:37 +0200] "GET /Jurek/eurofirany/images/461227/0.jpg HTTP/2.0" 200 70608 "-" "baselinker"
46.101.116.244 - - [26/May/2025:03:47:39 +0200] "GET /Jurek/beliani/feeds/beliani_alza.xml HTTP/2.0" 200 14606899 "-" "-"
89.161.206.59 - - [26/May/2025:03:47:44 +0200] "GET /Jurek/waks/feeds/waks_emagro.xml HTTP/1.0" 200 1598638 "-" "-"
51.77.52.107 - - [26/May/2025:03:47:45 +0200] "GET /Jurek/eurofirany/images/461227/0.jpg HTTP/2.0" 200 70608 "-" "baselinker"
46.101.116.244 - - [26/May/2025:03:47:57 +0200] "GET /Jurek/vivaldi/feeds/vivaldi_alza.xml HTTP/2.0" 200 344841 "-" "-"
51.77.52.107 - - [26/May/2025:03:47:57 +0200] "GET /Jurek/eurofirany/images/461228/0.jpg HTTP/2.0" 200 34835 "-" "baselinker"
51.77.52.107 - - [26/May/2025:03:48:03 +0200] "GET /Jurek/eurofirany/images/461228/0.jpg HTTP/2.0" 200 34835 "-" "baselinker"
46.101.116.244 - - [26/May/2025:03:48:08 +0200] "GET /Jurek/ikonka/feeds/ikonka_alza.xml HTTP/2.0" 200 20677787 "-" "-"
46.101.116.244 - - [26/May/2025:03:48:19 +0200] "GET /Jurek/stema/feeds/stema_alza.xml HTTP/2.0" 200 894531 "-" "-"
51.77.52.107 - - [26/May/2025:03:48:20 +0200] "GET /Jurek/eurofirany/images/461228/0.jpg HTTP/2.0" 200 34835 "-" "baselinker"
51.77.52.107 - - [26/May/2025:03:48:25 +0200] "GET /Jurek/eurofirany/images/461229/0.jpg HTTP/2.0" 200 77174 "-" "baselinker"
46.101.116.244 - - [26/May/2025:03:48:30 +0200] "GET /Jurek/kinghoff/feeds/kinghoff_alza.xml HTTP/2.0" 200 15706222 "-" "-"
89.161.206.59 - - [26/May/2025:03:48:30 +0200] "GET /Jurek/fertone/feeds/fertone_emagro.xml HTTP/1.0" 200 583982 "-" "-"
46.101.116.244 - - [26/May/2025:03:48:37 +0200] "GET /Jurek/topeshop/feeds/topeshop_skr.xml HTTP/1.0" 200 877100 "-" "-"
5.134.208.158 - - [26/May/2025:03:48:39 +0200] "GET /Jurek/eurofirany/images/436657/0.jpg HTTP/1.1" 206 256 "https://www.ceneo.pl" "Mozilla/5.0 (Windows NT 10.0; Win64; x64) AppleWebKit/537.36 (KHTML, like Gecko) Chrome/87.0.4280.141 Safari/537.36"
51.77.52.107 - - [26/May/2025:03:48:41 +0200] "GET /Jurek/eurofirany/images/461229/0.jpg HTTP/2.0" 200 77174 "-" "baselinker"
51.77.52.107 - - [26/May/2025:03:48:56 +0200] "GET /Jurek/eurofirany/images/461229/0.jpg HTTP/2.0" 200 77174 "-" "baselinker"
89.161.206.59 - - [26/May/2025:03:49:04 +0200] "GET /Jurek/edruk/feeds/edruk_emagro.xml HTTP/1.0" 200 14151334 "-" "-"
51.77.52.107 - - [26/May/2025:03:49:17 +0200] "GET /Jurek/eurofirany/images/461230/0.jpg HTTP/2.0" 200 35921 "-" "baselinker"
89.161.206.59 - - [26/May/2025:03:49:17 +0200] "GET /Jurek/asortymenteu/feeds/asortymenteu_skroutz_great.xml HTTP/1.0" 200 2763070 "-" "-"
51.77.52.107 - - [26/May/2025:03:49:21 +0200] "GET /Jurek/eurofirany/images/461230/0.jpg HTTP/2.0" 200 35921 "-" "baselinker"
85.232.241.194 - - [26/May/2025:03:49:23 +0200] "GET /Jurek/coppotech/feeds/coppotech_worten.xml HTTP/1.1" 200 38049017 "-" "Python-urllib/3.11"
85.232.241.194 - - [26/May/2025:03:49:24 +0200] "GET /Jurek/coppotech/feeds/coppotech_wortenES.xml HTTP/1.1" 200 38049321 "-" "Python-urllib/3.11"
89.161.206.59 - - [26/May/2025:03:49:24 +0200] "GET /Jurek/roger/feeds/roger_manoFR.xml HTTP/1.0" 200 1147444 "-" "-"
51.77.52.107 - - [26/May/2025:03:49:36 +0200] "GET /Jurek/eurofirany/images/461230/0.jpg HTTP/2.0" 200 35921 "-" "baselinker"
46.101.116.244 - - [26/May/2025:03:49:37 +0200] "GET /Jurek/awparts/feeds/awparts_manoFR.xml HTTP/1.0" 200 142299496 "-" "-"
51.77.52.107 - - [26/May/2025:03:49:42 +0200] "GET /Jurek/eurofirany/images/461231/0.jpg HTTP/2.0" 200 73914 "-" "baselinker"
89.161.206.59 - - [26/May/2025:03:49:49 +0200] "GET /Jurek/wenom/feeds/wenom_emagro.xml HTTP/1.0" 200 583120 "-" "-"
89.161.206.59 - - [26/May/2025:03:49:49 +0200] "GET /Jurek/madrex/feeds/madrex_emagro.xml HTTP/1.0" 200 466714 "-" "-"
89.161.206.59 - - [26/May/2025:03:49:49 +0200] "GET /Jurek/emaja24/feeds/emaja24_emagro.xml HTTP/1.0" 200 5102276 "-" "-"
89.161.206.59 - - [26/May/2025:03:49:50 +0200] "GET /Jurek/zepnij/feeds/zepnij_emagro.xml HTTP/1.0" 200 19523697 "-" "-"
51.77.52.107 - - [26/May/2025:03:49:57 +0200] "GET /Jurek/eurofirany/images/461231/0.jpg HTTP/2.0" 200 73914 "-" "baselinker"
51.77.52.107 - - [26/May/2025:03:50:01 +0200] "GET /Jurek/eurofirany/images/461231/0.jpg HTTP/2.0" 200 73914 "-" "baselinker"
46.101.116.244 - - [26/May/2025:03:50:02 +0200] "GET /Jurek/piotrmiedz/feeds/piotrmiedz_mallsish.xml HTTP/2.0" 200 91044757 "-" "-"
77.79.248.229 - - [26/May/2025:03:50:02 +0200] "GET /Jurek/eurofirany/feeds/eurofirany_allsweet.xml HTTP/1.1" 200 18722752 "-" "Python-urllib/3.11"
77.79.248.229 - - [26/May/2025:03:50:03 +0200] "GET /Jurek/ikonka/feeds/ikonka_all_sweet.xml HTTP/1.1" 200 20675994 "-" "Python-urllib/3.11"
77.79.248.229 - - [26/May/2025:03:50:03 +0200] "GET /Jurek/stema/feeds/stema_all.xml HTTP/1.1" 200 894085 "-" "Python-urllib/3.11"
77.79.248.229 - - [26/May/2025:03:50:04 +0200] "GET /Jurek/eurofirany/feeds/eurofirany_all_cz.xml HTTP/1.1" 200 18737173 "-" "Python-urllib/3.11"
77.79.248.229 - - [26/May/2025:03:50:04 +0200] "GET /Jurek/ikonka/feeds/ikonka_all_cz.xml HTTP/1.1" 200 20677731 "-" "Python-urllib/3.11"
77.79.248.229 - - [26/May/2025:03:50:04 +0200] "GET /Jurek/stema/feeds/stema_all_cz.xml HTTP/1.1" 200 894546 "-" "Python-urllib/3.11"
77.79.248.229 - - [26/May/2025:03:50:05 +0200] "GET /Jurek/eurofirany/feeds/eurofirany_all_sk.xml HTTP/1.1" 200 18717345 "-" "Python-urllib/3.11"
77.79.248.229 - - [26/May/2025:03:50:05 +0200] "GET /Jurek/ikonka/feeds/ikonka_all_sk.xml HTTP/1.1" 200 20675286 "-" "Python-urllib/3.11"
77.79.248.229 - - [26/May/2025:03:50:05 +0200] "GET /Jurek/stema/feeds/stema_all_sk.xml HTTP/1.1" 200 893770 "-" "Python-urllib/3.11"
89.161.206.59 - - [26/May/2025:03:50:12 +0200] "GET /Jurek/zenga/feeds/zenga_emagro.xml HTTP/1.0" 200 222863 "-" "-"
89.161.206.59 - - [26/May/2025:03:50:13 +0200] "GET /Jurek/sternhoff/feeds/sternhoff_emagro.xml HTTP/1.0" 200 1775476 "-" "-"
51.77.52.107 - - [26/May/2025:03:50:16 +0200] "GET /Jurek/eurofirany/images/461232/0.jpg HTTP/2.0" 200 40648 "-" "baselinker"
51.77.52.107 - - [26/May/2025:03:50:33 +0200] "GET /Jurek/eurofirany/images/461232/0.jpg HTTP/2.0" 200 40648 "-" "baselinker"
51.77.52.107 - - [26/May/2025:03:50:37 +0200] "GET /Jurek/eurofirany/images/461232/0.jpg HTTP/2.0" 200 40648 "-" "baselinker"
89.161.206.59 - - [26/May/2025:03:50:38 +0200] "GET /Jurek/hlo/feeds/hlo_emagro.xml HTTP/1.0" 200 4838786 "-" "-"
89.161.206.59 - - [26/May/2025:03:50:39 +0200] "GET /Jurek/polzoo/feeds/polzoo_emagro.xml HTTP/1.0" 200 48128654 "-" "-"
89.161.206.59 - - [26/May/2025:03:50:41 +0200] "GET /Jurek/luxma/feeds/luxma_emagro.xml HTTP/1.0" 200 8059142 "-" "-"
89.161.206.59 - - [26/May/2025:03:50:41 +0200] "GET /Jurek/german/feeds/german_emagro.xml HTTP/1.0" 200 2853987 "-" "-"
51.77.52.107 - - [26/May/2025:03:50:42 +0200] "GET /Jurek/eurofirany/images/461233/0.jpg HTTP/2.0" 200 50225 "-" "baselinker"
89.161.206.59 - - [26/May/2025:03:50:43 +0200] "GET /Jurek/oknobest/feeds/oknobest_emagro.xml HTTP/1.0" 200 2708613 "-" "-"
89.161.206.59 - - [26/May/2025:03:50:44 +0200] "GET /Jurek/beautycare/feeds/beautycare_emagro.xml HTTP/1.0" 200 1181602 "-" "-"
89.161.206.59 - - [26/May/2025:03:50:44 +0200] "GET /Jurek/makow/feeds/makow_emagro.xml HTTP/1.0" 200 21206221 "-" "-"
89.161.206.59 - - [26/May/2025:03:50:45 +0200] "GET /Jurek/globaldeli/feeds/globaldeli_emagro.xml HTTP/1.0" 200 2590918 "-" "-"
89.161.206.59 - - [26/May/2025:03:50:45 +0200] "GET /Jurek/hdwr/feeds/hdwr_emagro.xml HTTP/1.0" 200 789591 "-" "-"
51.77.52.107 - - [26/May/2025:03:50:57 +0200] "GET /Jurek/eurofirany/images/461233/0.jpg HTTP/2.0" 200 50225 "-" "baselinker"
51.77.52.107 - - [26/May/2025:03:51:02 +0200] "GET /Jurek/eurofirany/images/461233/0.jpg HTTP/2.0" 200 50225 "-" "baselinker"
51.77.52.107 - - [26/May/2025:03:51:06 +0200] "GET /Jurek/eurofirany/images/461234/0.jpg HTTP/2.0" 200 51632 "-" "baselinker"
51.77.52.107 - - [26/May/2025:03:51:10 +0200] "GET /Jurek/eurofirany/images/461234/0.jpg HTTP/2.0" 200 51632 "-" "baselinker"
89.161.206.59 - - [26/May/2025:03:51:11 +0200] "GET /Jurek/lerutrade/feeds/lerutrade_manoFR.xml HTTP/1.0" 200 82821 "-" "-"
51.77.52.107 - - [26/May/2025:03:51:24 +0200] "GET /Jurek/eurofirany/images/461234/0.jpg HTTP/2.0" 200 51632 "-" "baselinker"
51.77.52.107 - - [26/May/2025:03:51:35 +0200] "GET /Jurek/eurofirany/images/461235/0.jpg HTTP/2.0" 200 41568 "-" "baselinker"
51.77.52.107 - - [26/May/2025:03:51:40 +0200] "GET /Jurek/eurofirany/images/461235/0.jpg HTTP/2.0" 200 41568 "-" "baselinker"
46.101.116.244 - - [26/May/2025:03:51:43 +0200] "GET /Jurek/beltimore/feeds/beltimore_mallsish.xml HTTP/2.0" 200 18652219 "-" "-"
51.77.52.107 - - [26/May/2025:03:51:44 +0200] "GET /Jurek/eurofirany/images/461235/0.jpg HTTP/2.0" 200 41568 "-" "baselinker"
46.101.116.244 - - [26/May/2025:03:51:55 +0200] "GET /Jurek/drops/feeds/dropsofficecolection_mallsish.xml HTTP/2.0" 200 790846 "-" "-"
46.101.116.244 - - [26/May/2025:03:52:06 +0200] "GET /Jurek/hdwr/feeds/hdwr_mallsish.xml HTTP/2.0" 200 789415 "-" "-"
46.101.116.244 - - [26/May/2025:03:52:16 +0200] "GET /Jurek/narzbud/feeds/narzbud_mallsish.xml HTTP/2.0" 200 1901226 "-" "-"
46.101.116.244 - - [26/May/2025:03:52:27 +0200] "GET /Jurek/newtechele/feeds/newtechele_mallsish.xml HTTP/2.0" 200 2438475 "-" "-"
46.101.116.244 - - [26/May/2025:03:52:48 +0200] "GET /Jurek/pawonik/feeds/pawonik_mallsish.xml HTTP/2.0" 200 2138406 "-" "-"
46.101.116.244 - - [26/May/2025:03:52:58 +0200] "GET /Jurek/proadventure/feeds/proadventure_mallsish.xml HTTP/2.0" 200 10763338 "-" "-"
46.101.116.244 - - [26/May/2025:03:53:10 +0200] "GET /Jurek/rems/feeds/rems_mallsish.xml HTTP/2.0" 200 8706189 "-" "-"
46.101.116.244 - - [26/May/2025:03:53:21 +0200] "GET /Jurek/roger/feeds/roger_mallsish.xml HTTP/2.0" 200 1396605 "-" "-"
46.101.116.244 - - [26/May/2025:03:53:31 +0200] "GET /Jurek/sovapl/feeds/sovapl_mallsish.xml HTTP/2.0" 200 8999848 "-" "-"
46.101.116.244 - - [26/May/2025:03:53:47 +0200] "GET /Jurek/stiv/feeds/stiv_mallsish.xml HTTP/2.0" 200 2056817 "-" "-"
89.161.206.59 - - [26/May/2025:03:53:57 +0200] "GET /Jurek/pawonik/feeds/pawonik_skroutz.xml HTTP/1.0" 200 2138429 "-" "-"
89.161.206.59 - - [26/May/2025:03:53:57 +0200] "GET /Jurek/amzteam/feeds/amzteam_skroutz.xml HTTP/1.0" 200 95893 "-" "-"
46.101.116.244 - - [26/May/2025:03:53:57 +0200] "GET /Jurek/fertes/feeds/fertes_mallsish.xml HTTP/2.0" 200 2361868 "-" "-"
89.161.206.59 - - [26/May/2025:03:53:58 +0200] "GET /Jurek/mosti/feeds/mosti_skroutz.xml HTTP/1.0" 200 4633405 "-" "-"
89.161.206.59 - - [26/May/2025:03:54:00 +0200] "GET /Jurek/swiatecznygoliat/feeds/swiatecznygoliat_skroutz.xml HTTP/1.0" 200 6878427 "-" "-"
89.161.206.59 - - [26/May/2025:03:54:01 +0200] "GET /Jurek/artdog/feeds/artdog_skroutz.xml HTTP/1.0" 200 16658994 "-" "-"
46.101.116.244 - - [26/May/2025:03:54:08 +0200] "GET /Jurek/avenido/feeds/avenido_mallsish.xml HTTP/2.0" 200 720110 "-" "-"
