77.79.248.229 - - [26/May/2025:06:58:47 +0200] "GET /Jurek/artdog/feeds/artdog_manomanoIT.xml HTTP/1.1" 200 17159240 "-" "Python-urllib/3.11"
77.79.248.229 - - [26/May/2025:06:58:47 +0200] "GET /Jurek/sartrix/feeds/sartrix_manomanoIT.xml HTTP/1.1" 200 649188 "-" "Python-urllib/3.11"
77.79.248.229 - - [26/May/2025:06:58:47 +0200] "GET /Jurek/hlo/feeds/hlo_manomanoIT.xml HTTP/1.1" 200 4838655 "-" "Python-urllib/3.11"
77.79.248.229 - - [26/May/2025:06:58:47 +0200] "GET /Jurek/hurtmeblowy/feeds/hurtmeblowy_ManoIT.xml HTTP/1.1" 200 7739700 "-" "Python-urllib/3.11"
77.79.248.229 - - [26/May/2025:06:58:48 +0200] "GET /Jurek/szpaklampy/feeds/szpaklampy_manoIT.xml HTTP/1.1" 200 388213 "-" "Python-urllib/3.11"
77.79.248.229 - - [26/May/2025:06:58:48 +0200] "GET /Jurek/drops/feeds/dropsofficecolection_manoIT.xml HTTP/1.1" 200 790837 "-" "Python-urllib/3.11"
77.79.248.229 - - [26/May/2025:06:58:48 +0200] "GET /Jurek/kristronik/feeds/kristronik_manoIT.xml HTTP/1.1" 200 691989 "-" "Python-urllib/3.11"
77.79.248.229 - - [26/May/2025:06:58:48 +0200] "GET /Jurek/techrebal/feeds/techrebal_manoIT.xml HTTP/1.1" 200 1989742 "-" "Python-urllib/3.11"
77.79.248.229 - - [26/May/2025:06:58:48 +0200] "GET /Jurek/proparts/feeds/proparts_manoIT.xml HTTP/1.1" 200 707492 "-" "Python-urllib/3.11"
51.77.52.107 - - [26/May/2025:06:58:48 +0200] "GET /Jurek/eurofirany/images/461306/0.jpg HTTP/2.0" 200 125694 "-" "baselinker"
77.79.248.229 - - [26/May/2025:06:58:50 +0200] "GET /Jurek/broers/feeds/broers_manoIT.xml HTTP/1.1" 200 1982530 "-" "Python-urllib/3.11"
77.79.248.229 - - [26/May/2025:06:58:50 +0200] "GET /Jurek/em3/feeds/em3_manoIT.xml HTTP/1.1" 200 258922 "-" "Python-urllib/3.11"
77.79.248.229 - - [26/May/2025:06:58:50 +0200] "GET /Jurek/evil/feeds/evil_manoIT.xml HTTP/1.1" 200 306388 "-" "Python-urllib/3.11"
77.79.248.229 - - [26/May/2025:06:58:50 +0200] "GET /Jurek/hdwr/feeds/hdwr_manoIT.xml HTTP/1.1" 200 789429 "-" "Python-urllib/3.11"
77.79.248.229 - - [26/May/2025:06:58:50 +0200] "GET /Jurek/lampart/feeds/lampart_manoIT.xml HTTP/1.1" 200 936036 "-" "Python-urllib/3.11"
77.79.248.229 - - [26/May/2025:06:58:50 +0200] "GET /Jurek/nonabox/feeds/nonabox_manoIT.xml HTTP/1.1" 200 33865 "-" "Python-urllib/3.11"
77.79.248.229 - - [26/May/2025:06:58:50 +0200] "GET /Jurek/smxdesign/feeds/smxdesign_manoIT.xml HTTP/1.1" 200 1829030 "-" "Python-urllib/3.11"
77.79.248.229 - - [26/May/2025:06:58:50 +0200] "GET /Jurek/techrebalina/feeds/techrebalina_manoIT.xml HTTP/1.1" 200 2011216 "-" "Python-urllib/3.11"
77.79.248.229 - - [26/May/2025:06:58:51 +0200] "GET /Jurek/omi/feeds/omi_manoIT.xml HTTP/1.1" 200 8100716 "-" "Python-urllib/3.11"
77.79.248.229 - - [26/May/2025:06:58:51 +0200] "GET /Jurek/tsjerzy/feeds/tsjerzy_manoIT.xml HTTP/1.1" 200 3897743 "-" "Python-urllib/3.11"
77.79.248.229 - - [26/May/2025:06:58:51 +0200] "GET /Jurek/narzbud/feeds/narzbud_manoIT.xml HTTP/1.1" 200 1901230 "-" "Python-urllib/3.11"
77.79.248.229 - - [26/May/2025:06:58:51 +0200] "GET /Jurek/makow/feeds/makow_manoIT.xml HTTP/1.1" 200 21203847 "-" "Python-urllib/3.11"
77.79.248.229 - - [26/May/2025:06:58:51 +0200] "GET /Jurek/jankeski/feeds/jankeski_manoIT.xml HTTP/1.1" 200 6571188 "-" "Python-urllib/3.11"
77.79.248.229 - - [26/May/2025:06:58:51 +0200] "GET /Jurek/gandalf/feeds/gandalf_manoIT.xml HTTP/1.1" 200 1082540 "-" "Python-urllib/3.11"
77.79.248.229 - - [26/May/2025:06:58:52 +0200] "GET /Jurek/zenex/feeds/zenex_manoIT.xml HTTP/1.1" 200 540159 "-" "Python-urllib/3.11"
77.79.248.229 - - [26/May/2025:06:58:52 +0200] "GET /Jurek/andex/feeds/andex_manoIT.xml HTTP/1.1" 200 1953382 "-" "Python-urllib/3.11"
77.79.248.229 - - [26/May/2025:06:58:52 +0200] "GET /Jurek/sebmart/feeds/sebmart_manoIT.xml HTTP/1.1" 200 1598735 "-" "Python-urllib/3.11"
77.79.248.229 - - [26/May/2025:06:58:52 +0200] "GET /Jurek/benetech/feeds/benetech_manoit.xml HTTP/1.1" 200 4165409 "-" "Python-urllib/3.11"
77.79.248.229 - - [26/May/2025:06:58:52 +0200] "GET /Jurek/dekoele/feeds/dekoele_manomanoIT.xml HTTP/1.1" 200 733937 "-" "Python-urllib/3.11"
77.79.248.229 - - [26/May/2025:06:58:53 +0200] "GET /Jurek/mojeledy/feeds/mojeledy_manoIT.xml HTTP/1.1" 200 1018427 "-" "Python-urllib/3.11"
77.79.248.229 - - [26/May/2025:06:58:53 +0200] "GET /Jurek/rovato/feeds/rovato_manoIT.xml HTTP/1.1" 200 180836 "-" "Python-urllib/3.11"
77.79.248.229 - - [26/May/2025:06:58:54 +0200] "GET /Jurek/piotrmiedz/feeds/piotrmiedz_manoIT.xml HTTP/1.1" 200 91046058 "-" "Python-urllib/3.11"
77.79.248.229 - - [26/May/2025:06:58:54 +0200] "GET /Jurek/pawonik/feeds/pawonik_manoIT.xml HTTP/1.1" 200 2138439 "-" "Python-urllib/3.11"
77.79.248.229 - - [26/May/2025:06:58:54 +0200] "GET /Jurek/alucon/feeds/alucon_manoIT.xml HTTP/1.1" 200 553560 "-" "Python-urllib/3.11"
77.79.248.229 - - [26/May/2025:06:58:54 +0200] "GET /Jurek/sovapl/feeds/sovapl_manoIT.xml HTTP/1.1" 200 8999858 "-" "Python-urllib/3.11"
77.79.248.229 - - [26/May/2025:06:58:54 +0200] "GET /Jurek/missionair/feeds/missionair_manoIT.xml HTTP/1.1" 200 3154862 "-" "Python-urllib/3.11"
77.79.248.229 - - [26/May/2025:06:58:57 +0200] "GET /Jurek/apresto/feeds/apresto_manoIT.xml HTTP/1.1" 200 1327621 "-" "Python-urllib/3.11"
77.79.248.229 - - [26/May/2025:06:58:57 +0200] "GET /Jurek/drewdon/feeds/drewdon_manomanoES.xml HTTP/1.1" 200 504432 "-" "Python-urllib/3.11"
77.79.248.229 - - [26/May/2025:06:58:58 +0200] "GET /Jurek/hurtownia_przemyslowa/feeds/hp_manomanoES.xml HTTP/1.1" 200 49362490 "-" "Python-urllib/3.11"
77.79.248.229 - - [26/May/2025:06:58:59 +0200] "GET /Jurek/pupus/feeds/pupus_manomanoES.xml HTTP/1.1" 200 6154488 "-" "Python-urllib/3.11"
77.79.248.229 - - [26/May/2025:06:58:59 +0200] "GET /Jurek/reman/feeds/reman_manoamnoES.xml HTTP/1.1" 200 1394827 "-" "Python-urllib/3.11"
77.79.248.229 - - [26/May/2025:06:58:59 +0200] "GET /Jurek/artdog/feeds/artdog_manomanoES.xml HTTP/1.1" 200 17158629 "-" "Python-urllib/3.11"
77.79.248.229 - - [26/May/2025:06:58:59 +0200] "GET /Jurek/sartrix/feeds/sartrix_manomanoES.xml HTTP/1.1" 200 649181 "-" "Python-urllib/3.11"
77.79.248.229 - - [26/May/2025:06:58:59 +0200] "GET /Jurek/hlo/feeds/hlo_manomanoES.xml HTTP/1.1" 200 4838614 "-" "Python-urllib/3.11"
77.79.248.229 - - [26/May/2025:06:59:00 +0200] "GET /Jurek/drops/feeds/dropsofficecolection_manoES.xml HTTP/1.1" 200 790789 "-" "Python-urllib/3.11"
77.79.248.229 - - [26/May/2025:06:59:01 +0200] "GET /Jurek/szpaklampy/feeds/szpaklampy_manoES.xml HTTP/1.1" 200 388209 "-" "Python-urllib/3.11"
77.79.248.229 - - [26/May/2025:06:59:01 +0200] "GET /Jurek/hurtmeblowy/feeds/hurtmeblowy_ManoES.xml HTTP/1.1" 200 7739701 "-" "Python-urllib/3.11"
77.79.248.229 - - [26/May/2025:06:59:02 +0200] "GET /Jurek/topeshop/feeds/topeshop_manoES.xml HTTP/1.1" 200 3013622 "-" "Python-urllib/3.11"
77.79.248.229 - - [26/May/2025:06:59:02 +0200] "GET /Jurek/kristronik/feeds/kristronik_manoES.xml HTTP/1.1" 200 691979 "-" "Python-urllib/3.11"
77.79.248.229 - - [26/May/2025:06:59:02 +0200] "GET /Jurek/techrebal/feeds/techrebal_manoES.xml HTTP/1.1" 200 1989745 "-" "Python-urllib/3.11"
77.79.248.229 - - [26/May/2025:06:59:02 +0200] "GET /Jurek/proparts/feeds/proparts_manoES.xml HTTP/1.1" 200 707502 "-" "Python-urllib/3.11"
51.77.52.107 - - [26/May/2025:06:59:02 +0200] "GET /Jurek/eurofirany/images/461318/0.jpg HTTP/2.0" 200 123204 "-" "baselinker"
77.79.248.229 - - [26/May/2025:06:59:04 +0200] "GET /Jurek/broers/feeds/broers_manoES.xml HTTP/1.1" 200 1982561 "-" "Python-urllib/3.11"
77.79.248.229 - - [26/May/2025:06:59:04 +0200] "GET /Jurek/em3/feeds/em3_manoES.xml HTTP/1.1" 200 258921 "-" "Python-urllib/3.11"
77.79.248.229 - - [26/May/2025:06:59:04 +0200] "GET /Jurek/evil/feeds/evil_manoES.xml HTTP/1.1" 200 306388 "-" "Python-urllib/3.11"
77.79.248.229 - - [26/May/2025:06:59:05 +0200] "GET /Jurek/hdwr/feeds/hdwr_manoES.xml HTTP/1.1" 200 789439 "-" "Python-urllib/3.11"
77.79.248.229 - - [26/May/2025:06:59:05 +0200] "GET /Jurek/lampart/feeds/lampart_manoES.xml HTTP/1.1" 200 936036 "-" "Python-urllib/3.11"
77.79.248.229 - - [26/May/2025:06:59:05 +0200] "GET /Jurek/nonabox/feeds/nonabox_manoES.xml HTTP/1.1" 200 33865 "-" "Python-urllib/3.11"
77.79.248.229 - - [26/May/2025:06:59:05 +0200] "GET /Jurek/smxdesign/feeds/smxdesign_manoES.xml HTTP/1.1" 200 1829042 "-" "Python-urllib/3.11"
77.79.248.229 - - [26/May/2025:06:59:05 +0200] "GET /Jurek/techrebalina/feeds/techrebalina_manoES.xml HTTP/1.1" 200 2011218 "-" "Python-urllib/3.11"
77.79.248.229 - - [26/May/2025:06:59:05 +0200] "GET /Jurek/cdata/feeds/cdata_manoES.xml HTTP/1.1" 200 1445161 "-" "Python-urllib/3.11"
77.79.248.229 - - [26/May/2025:06:59:05 +0200] "GET /Jurek/omi/feeds/omi_manoES.xml HTTP/1.1" 200 8100642 "-" "Python-urllib/3.11"
77.79.248.229 - - [26/May/2025:06:59:05 +0200] "GET /Jurek/tsjerzy/feeds/tsjerzy_manoES.xml HTTP/1.1" 200 3897711 "-" "Python-urllib/3.11"
77.79.248.229 - - [26/May/2025:06:59:06 +0200] "GET /Jurek/narzbud/feeds/narzbud_manoES.xml HTTP/1.1" 200 1901248 "-" "Python-urllib/3.11"
77.79.248.229 - - [26/May/2025:06:59:06 +0200] "GET /Jurek/makow/feeds/makow_manoES.xml HTTP/1.1" 200 21203952 "-" "Python-urllib/3.11"
77.79.248.229 - - [26/May/2025:06:59:06 +0200] "GET /Jurek/jankeski/feeds/jankeski_manoES.xml HTTP/1.1" 200 6571213 "-" "Python-urllib/3.11"
77.79.248.229 - - [26/May/2025:06:59:06 +0200] "GET /Jurek/gandalf/feeds/gandalf_manoES.xml HTTP/1.1" 200 1082538 "-" "Python-urllib/3.11"
77.79.248.229 - - [26/May/2025:06:59:07 +0200] "GET /Jurek/zenex/feeds/zenex_manoES.xml HTTP/1.1" 200 540160 "-" "Python-urllib/3.11"
77.79.248.229 - - [26/May/2025:06:59:07 +0200] "GET /Jurek/andex/feeds/andex_manoES.xml HTTP/1.1" 200 1953392 "-" "Python-urllib/3.11"
77.79.248.229 - - [26/May/2025:06:59:07 +0200] "GET /Jurek/sebmart/feeds/sebmart_manoES.xml HTTP/1.1" 200 1598745 "-" "Python-urllib/3.11"
77.79.248.229 - - [26/May/2025:06:59:07 +0200] "GET /Jurek/benetech/feeds/benetech_manoes.xml HTTP/1.1" 200 4165402 "-" "Python-urllib/3.11"
77.79.248.229 - - [26/May/2025:06:59:07 +0200] "GET /Jurek/dekoele/feeds/dekoele_manomanoES.xml HTTP/1.1" 200 733932 "-" "Python-urllib/3.11"
77.79.248.229 - - [26/May/2025:06:59:08 +0200] "GET /Jurek/mojeledy/feeds/mojeledy_manoES.xml HTTP/1.1" 200 1018446 "-" "Python-urllib/3.11"
77.79.248.229 - - [26/May/2025:06:59:08 +0200] "GET /Jurek/rovato/feeds/rovato_manoES.xml HTTP/1.1" 200 180833 "-" "Python-urllib/3.11"
77.79.248.229 - - [26/May/2025:06:59:09 +0200] "GET /Jurek/piotrmiedz/feeds/piotrmiedz_manoES.xml HTTP/1.1" 200 91043515 "-" "Python-urllib/3.11"
77.79.248.229 - - [26/May/2025:06:59:09 +0200] "GET /Jurek/pawonik/feeds/pawonik_manoES.xml HTTP/1.1" 200 2138431 "-" "Python-urllib/3.11"
77.79.248.229 - - [26/May/2025:06:59:09 +0200] "GET /Jurek/alucon/feeds/alucon_manoES.xml HTTP/1.1" 200 553560 "-" "Python-urllib/3.11"
77.79.248.229 - - [26/May/2025:06:59:10 +0200] "GET /Jurek/sovapl/feeds/sovapl_manoES.xml HTTP/1.1" 200 8999927 "-" "Python-urllib/3.11"
77.79.248.229 - - [26/May/2025:06:59:10 +0200] "GET /Jurek/missionair/feeds/missionair_manoES.xml HTTP/1.1" 200 3154881 "-" "Python-urllib/3.11"
77.79.248.229 - - [26/May/2025:06:59:13 +0200] "GET /Jurek/apresto/feeds/apresto_manoES.xml HTTP/1.1" 200 1327614 "-" "Python-urllib/3.11"
51.77.52.107 - - [26/May/2025:06:59:16 +0200] "GET /Jurek/eurofirany/images/461318/0.jpg HTTP/2.0" 200 123204 "-" "baselinker"
51.77.52.107 - - [26/May/2025:06:59:21 +0200] "GET /Jurek/eurofirany/images/461318/0.jpg HTTP/2.0" 200 123204 "-" "baselinker"
51.77.52.107 - - [26/May/2025:06:59:38 +0200] "GET /Jurek/eurofirany/images/371619/0.jpg HTTP/2.0" 200 124934 "-" "baselinker"
51.77.52.107 - - [26/May/2025:06:59:42 +0200] "GET /Jurek/eurofirany/images/371619/0.jpg HTTP/2.0" 200 124934 "-" "baselinker"
51.77.52.107 - - [26/May/2025:06:59:47 +0200] "GET /Jurek/eurofirany/images/371619/0.jpg HTTP/2.0" 200 124934 "-" "baselinker"
51.77.52.107 - - [26/May/2025:07:00:00 +0200] "GET /Jurek/eurofirany/images/379003/0.jpg HTTP/2.0" 200 80191 "-" "baselinker"
51.77.52.107 - - [26/May/2025:07:00:15 +0200] "GET /Jurek/eurofirany/images/379003/0.jpg HTTP/2.0" 200 80191 "-" "baselinker"
35.204.39.32 - - [26/May/2025:07:00:16 +0200] "GET /marketplaces/carrefour_fr/results/carrefour_fr.csv HTTP/1.1" 200 147219 "-" "Mirakl HttpClient"
85.14.86.141 - - [26/May/2025:07:00:18 +0200] "GET /Jurek/vida_morele/feeds/VidaPL_all.xml HTTP/2.0" 200 868672068 "-" "MarketplaceAPI curl/7.74.0 PHP/8"
51.77.52.107 - - [26/May/2025:07:00:21 +0200] "GET /Jurek/eurofirany/images/379003/0.jpg HTTP/2.0" 200 80191 "-" "baselinker"
51.77.52.107 - - [26/May/2025:07:00:29 +0200] "GET /Jurek/eurofirany/images/379097/0.jpg HTTP/2.0" 200 130403 "-" "baselinker"
51.77.52.107 - - [26/May/2025:07:00:34 +0200] "GET /Jurek/eurofirany/images/379097/0.jpg HTTP/2.0" 200 130403 "-" "baselinker"
52.209.168.113 - - [26/May/2025:07:00:39 +0200] "GET /marketplaces/ubaldi/results/ubaldi.csv HTTP/1.1" 200 147219 "-" "Mirakl HttpClient"
51.77.52.107 - - [26/May/2025:07:00:52 +0200] "GET /Jurek/eurofirany/images/379097/0.jpg HTTP/2.0" 200 130403 "-" "baselinker"
89.161.206.59 - - [26/May/2025:07:01:00 +0200] "GET /Jurek/eurofirany/feeds/eurofirany_amazonNL.xml HTTP/1.0" 200 18718705 "-" "-"
89.161.206.59 - - [26/May/2025:07:01:01 +0200] "GET /Jurek/eurofirany/feeds/eurofirany_amazonIT.xml HTTP/1.0" 200 18718902 "-" "-"
89.161.206.59 - - [26/May/2025:07:01:02 +0200] "GET /Jurek/eurofirany/feeds/eurofirany_amazonFR.xml HTTP/1.0" 200 18718617 "-" "-"
89.161.206.59 - - [26/May/2025:07:01:04 +0200] "GET /Jurek/eurofirany/feeds/eurofirany_amazonSE.xml HTTP/1.0" 200 18735719 "-" "-"
89.161.206.59 - - [26/May/2025:07:01:05 +0200] "GET /Jurek/eurofirany/feeds/eurofirany_amazonBE.xml HTTP/1.0" 200 18718561 "-" "-"
89.161.206.59 - - [26/May/2025:07:01:08 +0200] "GET /Jurek/pupus/feeds/pupus_amazonfr.xml HTTP/1.0" 200 6154489 "-" "-"
89.161.206.59 - - [26/May/2025:07:01:08 +0200] "GET /Jurek/pupus/feeds/pupus_amazonnl.xml HTTP/1.0" 200 6154391 "-" "-"
89.161.206.59 - - [26/May/2025:07:01:08 +0200] "GET /Jurek/pupus/feeds/pupus_amazonse.xml HTTP/1.0" 200 6156526 "-" "-"
89.161.206.59 - - [26/May/2025:07:01:08 +0200] "GET /Jurek/pupus/feeds/pupus_amazonbe.xml HTTP/1.0" 200 6154445 "-" "-"
89.161.206.59 - - [26/May/2025:07:01:08 +0200] "GET /Jurek/pupus/feeds/pupus_amazonit.xml HTTP/1.0" 200 6154587 "-" "-"
89.161.206.59 - - [26/May/2025:07:01:09 +0200] "GET /Jurek/pupus/feeds/pupus_amazones.xml HTTP/1.0" 200 6154435 "-" "-"
51.77.52.107 - - [26/May/2025:07:01:13 +0200] "GET /Jurek/eurofirany/images/379142/0.jpg HTTP/2.0" 200 131147 "-" "baselinker"
51.77.52.107 - - [26/May/2025:07:01:22 +0200] "GET /Jurek/eurofirany/images/379142/0.jpg HTTP/2.0" 200 131147 "-" "baselinker"
51.77.52.107 - - [26/May/2025:07:01:25 +0200] "GET /Jurek/eurofirany/images/379142/0.jpg HTTP/2.0" 200 131147 "-" "baselinker"
89.161.206.59 - - [26/May/2025:07:01:26 +0200] "GET /Jurek/photho/feeds/photho_emagro.xml HTTP/1.0" 200 1051381 "-" "-"
35.204.39.32 - - [26/May/2025:07:01:27 +0200] "GET /marketplaces/vente/results/vente_nl.csv HTTP/1.1" 200 147219 "-" "Mirakl HttpClient"
35.204.39.32 - - [26/May/2025:07:01:27 +0200] "GET /marketplaces/vente/results/vente_fr.csv HTTP/1.1" 200 147219 "-" "Mirakl HttpClient"
35.204.39.32 - - [26/May/2025:07:01:27 +0200] "GET /marketplaces/vente/results/vente_be.csv HTTP/1.1" 200 147219 "-" "Mirakl HttpClient"
35.204.39.32 - - [26/May/2025:07:01:27 +0200] "GET /marketplaces/vente/results/vente_it.csv HTTP/1.1" 200 147219 "-" "Mirakl HttpClient"
35.204.39.32 - - [26/May/2025:07:01:27 +0200] "GET /marketplaces/vente/results/vente_es.csv HTTP/1.1" 200 147219 "-" "Mirakl HttpClient"
35.204.39.32 - - [26/May/2025:07:01:27 +0200] "GET /marketplaces/vente/results/vente_de.csv HTTP/1.1" 200 147219 "-" "Mirakl HttpClient"
46.101.116.244 - - [26/May/2025:07:01:27 +0200] "GET /Jurek/piotrmiedz/feeds/piotrmiedz_amazonde.xml HTTP/1.0" 200 91046153 "-" "-"
46.101.116.244 - - [26/May/2025:07:01:34 +0200] "GET /Jurek/piotrmiedz/feeds/piotrmiedz_amazonnl.xml HTTP/1.0" 200 91042221 "-" "-"
51.77.52.107 - - [26/May/2025:07:01:36 +0200] "GET /Jurek/eurofirany/images/459249/0.jpg HTTP/2.0" 200 121521 "-" "baselinker"
46.101.116.244 - - [26/May/2025:07:01:40 +0200] "GET /Jurek/piotrmiedz/feeds/piotrmiedz_amazones.xml HTTP/1.0" 200 91046520 "-" "-"
46.101.116.244 - - [26/May/2025:07:01:47 +0200] "GET /Jurek/piotrmiedz/feeds/piotrmiedz_amazonit.xml HTTP/1.0" 200 91045384 "-" "-"
51.77.52.107 - - [26/May/2025:07:01:49 +0200] "GET /Jurek/eurofirany/images/459249/0.jpg HTTP/2.0" 200 121521 "-" "baselinker"
52.209.168.113 - - [26/May/2025:07:02:06 +0200] "GET /marketplaces/rue/results/rue.csv HTTP/1.1" 200 147219 "-" "Mirakl HttpClient"
51.77.52.107 - - [26/May/2025:07:02:07 +0200] "GET /Jurek/eurofirany/images/459249/0.jpg HTTP/2.0" 200 121521 "-" "baselinker"
85.232.241.194 - - [26/May/2025:07:02:16 +0200] "GET /Jurek/kobi/feeds/kobi_vente_fr.xml HTTP/1.1" 200 942939 "-" "Python-urllib/3.11"
85.232.241.194 - - [26/May/2025:07:02:22 +0200] "GET /Jurek/topeshop/feeds/topeshop_vente_fr.xml HTTP/1.1" 200 3013578 "-" "Python-urllib/3.11"
85.232.241.194 - - [26/May/2025:07:02:22 +0200] "GET /Jurek/fernity/feeds/fernity_vente_fr.xml HTTP/1.1" 200 3089141 "-" "Python-urllib/3.11"
51.77.52.107 - - [26/May/2025:07:02:23 +0200] "GET /Jurek/eurofirany/images/459248/0.jpg HTTP/2.0" 200 121521 "-" "baselinker"
85.232.241.194 - - [26/May/2025:07:02:28 +0200] "GET /Jurek/kinghome/feeds/kinghome_vente_fr.xml HTTP/1.1" 200 5619419 "-" "Python-urllib/3.11"
85.232.241.194 - - [26/May/2025:07:02:28 +0200] "GET /Jurek/emibig/feeds/emibig_vente_fr.xml HTTP/1.1" 200 2522418 "-" "Python-urllib/3.11"
85.232.241.194 - - [26/May/2025:07:02:28 +0200] "GET /Jurek/b3/feeds/b3_vente_fr.xml HTTP/1.1" 200 8081201 "-" "Python-urllib/3.11"
51.77.52.107 - - [26/May/2025:07:02:38 +0200] "GET /Jurek/eurofirany/images/459248/0.jpg HTTP/2.0" 200 121521 "-" "baselinker"
85.232.241.194 - - [26/May/2025:07:02:40 +0200] "GET /Jurek/aw/feeds/aw_vente_fr.xml HTTP/1.1" 200 91087149 "-" "Python-urllib/3.11"
51.77.52.107 - - [26/May/2025:07:02:42 +0200] "GET /Jurek/eurofirany/images/459248/0.jpg HTTP/2.0" 200 121521 "-" "baselinker"
51.77.52.107 - - [26/May/2025:07:02:48 +0200] "GET /Jurek/eurofirany/images/459529/0.jpg HTTP/2.0" 200 112794 "-" "baselinker"
85.232.241.194 - - [26/May/2025:07:03:00 +0200] "GET /Jurek/asortymenteu/feeds/asortymenteu_vente_fr.xml HTTP/1.1" 200 2864955 "-" "Python-urllib/3.11"
85.232.241.194 - - [26/May/2025:07:03:05 +0200] "GET /Jurek/hurtownia_przemyslowa/feeds/hp_vente_fr.xml HTTP/1.1" 200 49362498 "-" "Python-urllib/3.11"
51.77.52.107 - - [26/May/2025:07:03:10 +0200] "GET /Jurek/eurofirany/images/459529/0.jpg HTTP/2.0" 200 112794 "-" "baselinker"
51.77.52.107 - - [26/May/2025:07:03:25 +0200] "GET /Jurek/eurofirany/images/459529/0.jpg HTTP/2.0" 200 112794 "-" "baselinker"
52.18.22.0 - - [26/May/2025:07:03:31 +0200] "GET /marketplaces/carrefour/results/carrefour.csv HTTP/1.1" 200 114453 "-" "Mirakl HttpClient"
51.77.52.107 - - [26/May/2025:07:03:41 +0200] "GET /Jurek/eurofirany/images/459531/0.jpg HTTP/2.0" 200 120650 "-" "baselinker"
51.77.52.107 - - [26/May/2025:07:03:58 +0200] "GET /Jurek/eurofirany/images/459531/0.jpg HTTP/2.0" 200 120650 "-" "baselinker"
51.77.52.107 - - [26/May/2025:07:04:04 +0200] "GET /Jurek/eurofirany/images/459531/0.jpg HTTP/2.0" 200 120650 "-" "baselinker"
85.14.86.141 - - [26/May/2025:07:04:12 +0200] "GET /Jurek/kinghoff/feeds/kinghoff_morele.xml HTTP/2.0" 200 15703732 "-" "MarketplaceAPI curl/7.74.0 PHP/8"
51.77.52.107 - - [26/May/2025:07:04:20 +0200] "GET /Jurek/eurofirany/images/459532/0.jpg HTTP/2.0" 200 120650 "-" "baselinker"
51.77.52.107 - - [26/May/2025:07:04:37 +0200] "GET /Jurek/eurofirany/images/459532/0.jpg HTTP/2.0" 200 120650 "-" "baselinker"
51.77.52.107 - - [26/May/2025:07:04:44 +0200] "GET /Jurek/eurofirany/images/459532/0.jpg HTTP/2.0" 200 120650 "-" "baselinker"
51.77.52.107 - - [26/May/2025:07:04:56 +0200] "GET /Jurek/eurofirany/images/459540/0.jpg HTTP/2.0" 200 100549 "-" "baselinker"
51.77.52.107 - - [26/May/2025:07:05:11 +0200] "GET /Jurek/eurofirany/images/459540/0.jpg HTTP/2.0" 200 100549 "-" "baselinker"
51.77.52.107 - - [26/May/2025:07:05:22 +0200] "GET /Jurek/eurofirany/images/459540/0.jpg HTTP/2.0" 200 100549 "-" "baselinker"
51.77.52.107 - - [26/May/2025:07:05:39 +0200] "GET /Jurek/eurofirany/images/378998/0.jpg HTTP/2.0" 200 127750 "-" "baselinker"
46.101.116.244 - - [26/May/2025:07:05:43 +0200] "GET /Jurek/piotrmiedz/feeds/piotrmiedz_amazonfr.xml HTTP/1.0" 200 91037078 "-" "-"
51.77.52.107 - - [26/May/2025:07:05:45 +0200] "GET /Jurek/eurofirany/images/378998/0.jpg HTTP/2.0" 200 127750 "-" "baselinker"
89.161.206.59 - - [26/May/2025:07:05:48 +0200] "GET /Jurek/eroplace/feeds/eroplace_amazonfr.xml HTTP/1.0" 200 52134809 "-" "-"
85.232.241.194 - - [26/May/2025:07:05:51 +0200] "GET /Jurek/kobi/feeds/kobi_vente_be.xml HTTP/1.1" 200 942936 "-" "Python-urllib/3.11"
157.55.39.52 - - [26/May/2025:07:05:51 +0200] "GET /Jurek/topeshop/downloaded_images/5902838468463_1sonoma.png HTTP/2.0" 404 3551 "-" "Mozilla/5.0 AppleWebKit/537.36 (KHTML, like Gecko; compatible; bingbot/2.0; +http://www.bing.com/bingbot.htm) Chrome/116.0.1938.76 Safari/537.36"
89.161.206.59 - - [26/May/2025:07:05:51 +0200] "GET /Jurek/eroplace/feeds/eroplace_amazonit.xml HTTP/1.0" 200 52134827 "-" "-"
85.232.241.194 - - [26/May/2025:07:05:58 +0200] "GET /Jurek/topeshop/feeds/topeshop_vente_be.xml HTTP/1.1" 200 3013608 "-" "Python-urllib/3.11"
85.232.241.194 - - [26/May/2025:07:05:58 +0200] "GET /Jurek/fernity/feeds/fernity_vente_be.xml HTTP/1.1" 200 3088951 "-" "Python-urllib/3.11"
51.77.52.107 - - [26/May/2025:07:06:02 +0200] "GET /Jurek/eurofirany/images/378998/0.jpg HTTP/2.0" 200 127750 "-" "baselinker"
85.232.241.194 - - [26/May/2025:07:06:04 +0200] "GET /Jurek/kinghome/feeds/kinghome_vente_be.xml HTTP/1.1" 200 5619292 "-" "Python-urllib/3.11"
85.232.241.194 - - [26/May/2025:07:06:04 +0200] "GET /Jurek/emibig/feeds/emibig_vente_be.xml HTTP/1.1" 200 2522249 "-" "Python-urllib/3.11"
85.232.241.194 - - [26/May/2025:07:06:04 +0200] "GET /Jurek/b3/feeds/b3_vente_be.xml HTTP/1.1" 200 8081118 "-" "Python-urllib/3.11"
51.77.52.107 - - [26/May/2025:07:06:08 +0200] "GET /Jurek/eurofirany/images/379001/0.jpg HTTP/2.0" 200 127750 "-" "baselinker"
85.232.241.194 - - [26/May/2025:07:06:10 +0200] "GET /Jurek/aw/feeds/aw_vente_be.xml HTTP/1.1" 200 91086164 "-" "Python-urllib/3.11"
51.77.52.107 - - [26/May/2025:07:06:22 +0200] "GET /Jurek/eurofirany/images/379001/0.jpg HTTP/2.0" 200 127750 "-" "baselinker"
85.232.241.194 - - [26/May/2025:07:06:24 +0200] "GET /Jurek/asortymenteu/feeds/asortymenteu_vente_be.xml HTTP/1.1" 200 2864941 "-" "Python-urllib/3.11"
51.77.52.107 - - [26/May/2025:07:06:26 +0200] "GET /Jurek/eurofirany/images/379001/0.jpg HTTP/2.0" 200 127750 "-" "baselinker"
85.232.241.194 - - [26/May/2025:07:06:31 +0200] "GET /Jurek/hurtownia_przemyslowa/feeds/hp_vente_be.xml HTTP/1.1" 200 49361815 "-" "Python-urllib/3.11"
51.77.52.107 - - [26/May/2025:07:06:31 +0200] "GET /Jurek/eurofirany/images/459530/0.jpg HTTP/2.0" 200 120650 "-" "baselinker"
51.77.52.107 - - [26/May/2025:07:06:45 +0200] "GET /Jurek/eurofirany/images/459530/0.jpg HTTP/2.0" 200 120650 "-" "baselinker"
85.14.86.141 - - [26/May/2025:07:06:56 +0200] "GET /Jurek/eurofirany/feeds/eurofirany_morele.xml HTTP/2.0" 200 18720286 "-" "MarketplaceAPI curl/7.74.0 PHP/8"
51.77.52.107 - - [26/May/2025:07:06:57 +0200] "GET /Jurek/eurofirany/images/459530/0.jpg HTTP/2.0" 200 120650 "-" "baselinker"
89.161.206.59 - - [26/May/2025:07:07:10 +0200] "GET /Jurek/eroplace/feeds/eroplace_amazonnl.xml HTTP/1.0" 200 52134390 "-" "-"
85.14.86.141 - - [26/May/2025:07:07:12 +0200] "GET /Jurek/vivaldi/feeds/vivaldi_Morele-PL.xml HTTP/2.0" 200 344674 "-" "MarketplaceAPI curl/7.74.0 PHP/8"
51.77.52.107 - - [26/May/2025:07:07:13 +0200] "GET /Jurek/eurofirany/images/461785/0.jpg HTTP/2.0" 200 205424 "-" "baselinker"
89.161.206.59 - - [26/May/2025:07:07:16 +0200] "GET /Jurek/eroplace/feeds/eroplace_amazonde.xml HTTP/1.0" 200 52134196 "-" "-"
89.161.206.59 - - [26/May/2025:07:07:21 +0200] "GET /Jurek/eroplace/feeds/eroplace_amazonse.xml HTTP/1.0" 200 52158675 "-" "-"
89.161.206.59 - - [26/May/2025:07:07:24 +0200] "GET /Jurek/eroplace/feeds/eroplace_amazones.xml HTTP/1.0" 200 52134674 "-" "-"
51.77.52.107 - - [26/May/2025:07:07:28 +0200] "GET /Jurek/eurofirany/images/461785/0.jpg HTTP/2.0" 200 205424 "-" "baselinker"
89.161.206.59 - - [26/May/2025:07:07:28 +0200] "GET /Jurek/ikonka/feeds/ikonka_amazonDE.xml HTTP/1.0" 200 20675513 "-" "-"
89.161.206.59 - - [26/May/2025:07:07:29 +0200] "GET /Jurek/ikonka/feeds/ikonka_amazonIT.xml HTTP/1.0" 200 20675547 "-" "-"
89.161.206.59 - - [26/May/2025:07:07:30 +0200] "GET /Jurek/ikonka/feeds/ikonka_amazonFR.xml HTTP/1.0" 200 20675542 "-" "-"
89.161.206.59 - - [26/May/2025:07:07:31 +0200] "GET /Jurek/ikonka/feeds/ikonka_amazonES.xml HTTP/1.0" 200 20675583 "-" "-"
89.161.206.59 - - [26/May/2025:07:07:33 +0200] "GET /Jurek/ikonka/feeds/ikonka_amazonNL.xml HTTP/1.0" 200 20675510 "-" "-"
89.161.206.59 - - [26/May/2025:07:07:34 +0200] "GET /Jurek/waks/feeds/waks_amazonde.xml HTTP/1.0" 200 1596552 "-" "-"
89.161.206.59 - - [26/May/2025:07:07:34 +0200] "GET /Jurek/waks/feeds/waks_amazonfr.xml HTTP/1.0" 200 1596552 "-" "-"
89.161.206.59 - - [26/May/2025:07:07:34 +0200] "GET /Jurek/waks/feeds/waks_amazonit.xml HTTP/1.0" 200 1596551 "-" "-"
89.161.206.59 - - [26/May/2025:07:07:35 +0200] "GET /Jurek/waks/feeds/waks_amazones.xml HTTP/1.0" 200 1596552 "-" "-"
89.161.206.59 - - [26/May/2025:07:07:35 +0200] "GET /Jurek/waks/feeds/waks_amazonnl.xml HTTP/1.0" 200 1596551 "-" "-"
89.161.206.59 - - [26/May/2025:07:07:35 +0200] "GET /Jurek/waks/feeds/waks_amazonse.xml HTTP/1.0" 200 1598639 "-" "-"
51.77.52.107 - - [26/May/2025:07:07:50 +0200] "GET /Jurek/eurofirany/images/461785/0.jpg HTTP/2.0" 200 205424 "-" "baselinker"
51.77.52.107 - - [26/May/2025:07:08:05 +0200] "GET /Jurek/eurofirany/images/452362/0.jpg HTTP/2.0" 200 145296 "-" "baselinker"
51.77.52.107 - - [26/May/2025:07:08:20 +0200] "GET /Jurek/eurofirany/images/452362/0.jpg HTTP/2.0" 200 145296 "-" "baselinker"
85.14.86.141 - - [26/May/2025:07:08:47 +0200] "GET /Jurek/aw/feeds/awnarzedzia_morele.xml HTTP/2.0" 200 91097992 "-" "MarketplaceAPI curl/7.74.0 PHP/8"
85.14.86.141 - - [26/May/2025:07:08:48 +0200] "GET /Jurek/vida_morele/feeds/VidaPL_morele.xml HTTP/2.0" 200 868673501 "-" "MarketplaceAPI curl/7.74.0 PHP/8"
51.77.52.107 - - [26/May/2025:07:08:49 +0200] "GET /Jurek/eurofirany/images/452362/0.jpg HTTP/2.0" 200 145296 "-" "baselinker"
51.77.52.107 - - [26/May/2025:07:08:55 +0200] "GET /Jurek/eurofirany/images/452368/0.jpg HTTP/2.0" 200 125488 "-" "baselinker"
46.101.116.244 - - [26/May/2025:07:08:57 +0200] "GET /Jurek/kinghoff/feeds/kinghoff_allegro.xml HTTP/1.0" 200 15704693 "-" "-"
51.77.52.107 - - [26/May/2025:07:09:02 +0200] "GET /Jurek/eurofirany/images/452368/0.jpg HTTP/2.0" 200 125488 "-" "baselinker"
51.77.52.107 - - [26/May/2025:07:09:05 +0200] "GET /Jurek/eurofirany/images/452368/0.jpg HTTP/2.0" 200 125488 "-" "baselinker"
85.232.241.194 - - [26/May/2025:07:09:06 +0200] "GET /Jurek/kobi/feeds/kobi_vente_es.xml HTTP/1.1" 200 942910 "-" "Python-urllib/3.11"
85.232.241.194 - - [26/May/2025:07:09:12 +0200] "GET /Jurek/topeshop/feeds/topeshop_vente_es.xml HTTP/1.1" 200 3013622 "-" "Python-urllib/3.11"
85.232.241.194 - - [26/May/2025:07:09:12 +0200] "GET /Jurek/fernity/feeds/fernity_vente_es.xml HTTP/1.1" 200 3089058 "-" "Python-urllib/3.11"
85.232.241.194 - - [26/May/2025:07:09:12 +0200] "GET /Jurek/kinghome/feeds/kinghome_vente_es.xml HTTP/1.1" 200 5619513 "-" "Python-urllib/3.11"
85.232.241.194 - - [26/May/2025:07:09:12 +0200] "GET /Jurek/emibig/feeds/emibig_vente_es.xml HTTP/1.1" 200 2522555 "-" "Python-urllib/3.11"
85.232.241.194 - - [26/May/2025:07:09:13 +0200] "GET /Jurek/b3/feeds/b3_vente_es.xml HTTP/1.1" 200 8081297 "-" "Python-urllib/3.11"
185.6.76.18 - - [26/May/2025:07:09:13 +0200] "GET /marketplaces/skroutz/feeds/shumee.xml HTTP/1.1" 200 412038592 "-" "SkroutzBot v1.0"
51.77.52.107 - - [26/May/2025:07:09:22 +0200] "GET /Jurek/eurofirany/images/460277/0.jpg HTTP/2.0" 200 114588 "-" "baselinker"
85.232.241.194 - - [26/May/2025:07:09:25 +0200] "GET /Jurek/aw/feeds/aw_vente_es.xml HTTP/1.1" 200 91089555 "-" "Python-urllib/3.11"
51.77.52.107 - - [26/May/2025:07:09:36 +0200] "GET /Jurek/eurofirany/images/460277/0.jpg HTTP/2.0" 200 114588 "-" "baselinker"
85.232.241.194 - - [26/May/2025:07:09:38 +0200] "GET /Jurek/asortymenteu/feeds/asortymenteu_vente_es.xml HTTP/1.1" 200 2864971 "-" "Python-urllib/3.11"
85.232.241.194 - - [26/May/2025:07:09:38 +0200] "GET /Jurek/hurtownia_przemyslowa/feeds/hp_vente_es.xml HTTP/1.1" 200 49362530 "-" "Python-urllib/3.11"
51.77.52.107 - - [26/May/2025:07:09:41 +0200] "GET /Jurek/eurofirany/images/460277/0.jpg HTTP/2.0" 200 114588 "-" "baselinker"
85.14.86.141 - - [26/May/2025:07:09:41 +0200] "GET /Jurek/beliani/feeds/beliani_morele.xml HTTP/2.0" 200 29791798 "-" "MarketplaceAPI curl/7.74.0 PHP/8"
51.77.52.107 - - [26/May/2025:07:09:46 +0200] "GET /Jurek/eurofirany/images/460642/0.jpg HTTP/2.0" 200 82684 "-" "baselinker"
51.77.52.107 - - [26/May/2025:07:09:50 +0200] "GET /Jurek/eurofirany/images/460642/0.jpg HTTP/2.0" 200 82684 "-" "baselinker"
51.77.52.107 - - [26/May/2025:07:09:54 +0200] "GET /Jurek/eurofirany/images/460642/0.jpg HTTP/2.0" 200 82684 "-" "baselinker"
51.77.52.107 - - [26/May/2025:07:10:04 +0200] "GET /Jurek/eurofirany/images/460643/0.jpg HTTP/2.0" 200 52491 "-" "baselinker"
51.77.52.107 - - [26/May/2025:07:10:13 +0200] "GET /Jurek/eurofirany/images/460643/0.jpg HTTP/2.0" 200 52491 "-" "baselinker"
51.77.52.107 - - [26/May/2025:07:10:18 +0200] "GET /Jurek/eurofirany/images/460643/0.jpg HTTP/2.0" 200 52491 "-" "baselinker"
51.77.52.107 - - [26/May/2025:07:10:35 +0200] "GET /Jurek/eurofirany/images/460645/0.jpg HTTP/2.0" 200 75389 "-" "baselinker"
51.77.52.107 - - [26/May/2025:07:10:45 +0200] "GET /Jurek/eurofirany/images/460645/0.jpg HTTP/2.0" 200 75389 "-" "baselinker"
51.77.52.107 - - [26/May/2025:07:10:50 +0200] "GET /Jurek/eurofirany/images/460645/0.jpg HTTP/2.0" 200 75389 "-" "baselinker"
51.77.52.107 - - [26/May/2025:07:10:55 +0200] "GET /Jurek/eurofirany/images/462360/0.jpg HTTP/2.0" 200 118937 "-" "baselinker"
51.77.52.107 - - [26/May/2025:07:11:00 +0200] "GET /Jurek/eurofirany/images/462360/0.jpg HTTP/2.0" 200 118937 "-" "baselinker"
51.77.52.107 - - [26/May/2025:07:11:12 +0200] "GET /Jurek/eurofirany/images/462360/0.jpg HTTP/2.0" 200 118937 "-" "baselinker"
51.77.52.107 - - [26/May/2025:07:11:19 +0200] "GET /Jurek/eurofirany/images/460644/0.jpg HTTP/2.0" 200 106383 "-" "baselinker"
51.77.52.107 - - [26/May/2025:07:11:24 +0200] "GET /Jurek/eurofirany/images/460644/0.jpg HTTP/2.0" 200 106383 "-" "baselinker"
51.77.52.107 - - [26/May/2025:07:11:31 +0200] "GET /Jurek/eurofirany/images/460644/0.jpg HTTP/2.0" 200 106383 "-" "baselinker"
51.77.52.107 - - [26/May/2025:07:11:35 +0200] "GET /Jurek/eurofirany/images/463027/0.jpg HTTP/2.0" 200 163065 "-" "baselinker"
51.77.52.107 - - [26/May/2025:07:11:50 +0200] "GET /Jurek/eurofirany/images/463027/0.jpg HTTP/2.0" 200 163065 "-" "baselinker"
51.77.52.107 - - [26/May/2025:07:12:01 +0200] "GET /Jurek/eurofirany/images/463027/0.jpg HTTP/2.0" 200 163065 "-" "baselinker"
51.77.52.107 - - [26/May/2025:07:12:06 +0200] "GET /Jurek/eurofirany/images/463028/0.jpg HTTP/2.0" 200 148246 "-" "baselinker"
51.77.52.107 - - [26/May/2025:07:12:10 +0200] "GET /Jurek/eurofirany/images/463028/0.jpg HTTP/2.0" 200 148246 "-" "baselinker"
51.77.52.107 - - [26/May/2025:07:12:17 +0200] "GET /Jurek/eurofirany/images/463028/0.jpg HTTP/2.0" 200 148246 "-" "baselinker"
51.77.52.107 - - [26/May/2025:07:12:23 +0200] "GET /Jurek/eurofirany/images/463406/0.jpg HTTP/2.0" 200 128895 "-" "baselinker"
85.232.241.194 - - [26/May/2025:07:12:24 +0200] "GET /Jurek/kobi/feeds/kobi_vente_it.xml HTTP/1.1" 200 942934 "-" "Python-urllib/3.11"
51.77.52.107 - - [26/May/2025:07:12:28 +0200] "GET /Jurek/eurofirany/images/463406/0.jpg HTTP/2.0" 200 128895 "-" "baselinker"
85.232.241.194 - - [26/May/2025:07:12:31 +0200] "GET /Jurek/topeshop/feeds/topeshop_vente_it.xml HTTP/1.1" 200 3013593 "-" "Python-urllib/3.11"
85.232.241.194 - - [26/May/2025:07:12:31 +0200] "GET /Jurek/fernity/feeds/fernity_vente_it.xml HTTP/1.1" 200 3089058 "-" "Python-urllib/3.11"
51.77.52.107 - - [26/May/2025:07:12:35 +0200] "GET /Jurek/eurofirany/images/463406/0.jpg HTTP/2.0" 200 128895 "-" "baselinker"
85.232.241.194 - - [26/May/2025:07:12:37 +0200] "GET /Jurek/kinghome/feeds/kinghome_vente_it.xml HTTP/1.1" 200 5619463 "-" "Python-urllib/3.11"
85.232.241.194 - - [26/May/2025:07:12:37 +0200] "GET /Jurek/emibig/feeds/emibig_vente_it.xml HTTP/1.1" 200 2522440 "-" "Python-urllib/3.11"
85.232.241.194 - - [26/May/2025:07:12:37 +0200] "GET /Jurek/b3/feeds/b3_vente_it.xml HTTP/1.1" 200 8081240 "-" "Python-urllib/3.11"
51.77.52.107 - - [26/May/2025:07:12:40 +0200] "GET /Jurek/eurofirany/images/461943/0.jpg HTTP/2.0" 200 58457 "-" "baselinker"
85.232.241.194 - - [26/May/2025:07:12:44 +0200] "GET /Jurek/aw/feeds/aw_vente_it.xml HTTP/1.1" 200 91088111 "-" "Python-urllib/3.11"
51.77.52.107 - - [26/May/2025:07:12:45 +0200] "GET /Jurek/eurofirany/images/461943/0.jpg HTTP/2.0" 200 58457 "-" "baselinker"
51.77.52.107 - - [26/May/2025:07:12:49 +0200] "GET /Jurek/eurofirany/images/461943/0.jpg HTTP/2.0" 200 58457 "-" "baselinker"
51.77.52.107 - - [26/May/2025:07:12:53 +0200] "GET /Jurek/eurofirany/images/458718/0.jpg HTTP/2.0" 200 113419 "-" "baselinker"
51.77.52.107 - - [26/May/2025:07:13:02 +0200] "GET /Jurek/eurofirany/images/458718/0.jpg HTTP/2.0" 200 113419 "-" "baselinker"
85.232.241.194 - - [26/May/2025:07:13:03 +0200] "GET /Jurek/asortymenteu/feeds/asortymenteu_vente_it.xml HTTP/1.1" 200 2864932 "-" "Python-urllib/3.11"
85.232.241.194 - - [26/May/2025:07:13:04 +0200] "GET /Jurek/hurtownia_przemyslowa/feeds/hp_vente_it.xml HTTP/1.1" 200 49362199 "-" "Python-urllib/3.11"
51.77.52.107 - - [26/May/2025:07:13:08 +0200] "GET /Jurek/eurofirany/images/458718/0.jpg HTTP/2.0" 200 113419 "-" "baselinker"
51.77.52.107 - - [26/May/2025:07:13:17 +0200] "GET /Jurek/eurofirany/images/382872/0.jpg HTTP/2.0" 200 101098 "-" "baselinker"
51.77.52.107 - - [26/May/2025:07:13:30 +0200] "GET /Jurek/eurofirany/images/382872/0.jpg HTTP/2.0" 200 101098 "-" "baselinker"
51.77.52.107 - - [26/May/2025:07:13:43 +0200] "GET /Jurek/eurofirany/images/382872/0.jpg HTTP/2.0" 200 101098 "-" "baselinker"
51.77.52.107 - - [26/May/2025:07:14:00 +0200] "GET /Jurek/eurofirany/images/419875/0.jpg HTTP/2.0" 200 77742 "-" "baselinker"
51.77.52.107 - - [26/May/2025:07:14:14 +0200] "GET /Jurek/eurofirany/images/419875/0.jpg HTTP/2.0" 200 77742 "-" "baselinker"
89.161.206.59 - - [26/May/2025:07:14:24 +0200] "GET /Jurek/topeshop/feeds/topeshop_cdsc.xml HTTP/1.0" 200 2624772 "-" "-"
89.161.206.59 - - [26/May/2025:07:14:25 +0200] "GET /Jurek/kobi/feeds/kobi_cdsc.xml HTTP/1.0" 200 544070 "-" "-"
89.161.206.59 - - [26/May/2025:07:14:25 +0200] "GET /Jurek/hurtmeblowy/feeds/hurtmeblowy_cdsc.xml HTTP/1.0" 200 5248648 "-" "-"
89.161.206.59 - - [26/May/2025:07:14:27 +0200] "GET /Jurek/cdata/feeds/cdata_cdsc.xml HTTP/1.0" 200 1865846 "-" "-"
51.77.52.107 - - [26/May/2025:07:14:28 +0200] "GET /Jurek/eurofirany/images/419875/0.jpg HTTP/2.0" 200 77742 "-" "baselinker"
89.161.206.59 - - [26/May/2025:07:14:28 +0200] "GET /Jurek/drewdon/feeds/drewdon_cdsc.xml HTTP/1.0" 200 483675 "-" "-"
89.161.206.59 - - [26/May/2025:07:14:28 +0200] "GET /Jurek/dekoele/feeds/dekoele_cdsc.xml HTTP/1.0" 200 478905 "-" "-"
89.161.206.59 - - [26/May/2025:07:14:28 +0200] "GET /Jurek/amzteam/feeds/amzteam_cdsc.xml HTTP/1.0" 200 145375 "-" "-"
89.161.206.59 - - [26/May/2025:07:14:29 +0200] "GET /Jurek/playcob/feeds/playcob_cdsc.xml HTTP/1.0" 200 6624616 "-" "-"
89.161.206.59 - - [26/May/2025:07:14:29 +0200] "GET /Jurek/elavia/feeds/elavia_cdsc.xml HTTP/1.0" 200 2085750 "-" "-"
89.161.206.59 - - [26/May/2025:07:14:30 +0200] "GET /Jurek/princelh/feeds/princelh_cdsc.xml HTTP/1.0" 200 123625 "-" "-"
89.161.206.59 - - [26/May/2025:07:14:30 +0200] "GET /Jurek/proparts/feeds/proparts_cdsc.xml HTTP/1.0" 200 556003 "-" "-"
89.161.206.59 - - [26/May/2025:07:14:30 +0200] "GET /Jurek/muminky/feeds/muminky_cdsc.xml HTTP/1.0" 200 2935831 "-" "-"
89.161.206.59 - - [26/May/2025:07:14:30 +0200] "GET /Jurek/nexus/feeds/nexus_cdsc.xml HTTP/1.0" 200 325903 "-" "-"
89.161.206.59 - - [26/May/2025:07:14:31 +0200] "GET /Jurek/alucon/feeds/alucon_cdsc.xml HTTP/1.0" 200 378661 "-" "-"
89.161.206.59 - - [26/May/2025:07:14:31 +0200] "GET /Jurek/equalo/feeds/equalo_cdsc.xml HTTP/1.0" 200 134202 "-" "-"
89.161.206.59 - - [26/May/2025:07:14:31 +0200] "GET /Jurek/techrebalina/feeds/techrebalina_cdsc.xml HTTP/1.0" 200 1363224 "-" "-"
89.161.206.59 - - [26/May/2025:07:14:31 +0200] "GET /Jurek/smxdesign/feeds/smxdesign_cdsc.xml HTTP/1.0" 200 1154222 "-" "-"
89.161.206.59 - - [26/May/2025:07:14:32 +0200] "GET /Jurek/techrebal/feeds/techrebal_cdsc.xml HTTP/1.0" 200 1423354 "-" "-"
89.161.206.59 - - [26/May/2025:07:14:32 +0200] "GET /Jurek/broers/feeds/broers_cdsc.xml HTTP/1.0" 200 2303305 "-" "-"
89.161.206.59 - - [26/May/2025:07:14:32 +0200] "GET /Jurek/nonabox/feeds/nonabox_cdsc.xml HTTP/1.0" 200 39043 "-" "-"
89.161.206.59 - - [26/May/2025:07:14:33 +0200] "GET /Jurek/zenex/feeds/zenex_cdsc.xml HTTP/1.0" 200 540180 "-" "-"
89.161.206.59 - - [26/May/2025:07:14:33 +0200] "GET /Jurek/avenido/feeds/avenido_cdsc.xml HTTP/1.0" 200 449226 "-" "-"
89.161.206.59 - - [26/May/2025:07:14:33 +0200] "GET /Jurek/filmal/feeds/filmal_cdsc.xml HTTP/1.0" 200 105878 "-" "-"
89.161.206.59 - - [26/May/2025:07:14:34 +0200] "GET /Jurek/takapara/feeds/takapara_cdsc.xml HTTP/1.0" 200 1398932 "-" "-"
89.161.206.59 - - [26/May/2025:07:14:35 +0200] "GET /Jurek/riko/feeds/riko_cdsc.xml HTTP/1.0" 200 3648822 "-" "-"
89.161.206.59 - - [26/May/2025:07:14:35 +0200] "GET /Jurek/carbonyway/feeds/carbonyway_cdsc.xml HTTP/1.0" 200 2759370 "-" "-"
89.161.206.59 - - [26/May/2025:07:14:36 +0200] "GET /Jurek/ikonka/feeds/ikonka_cdsc.xml HTTP/1.0" 200 20675496 "-" "-"
89.161.206.59 - - [26/May/2025:07:14:38 +0200] "GET /Jurek/artdog/feeds/artdog_cdsc.xml HTTP/1.0" 200 17921661 "-" "-"
89.161.206.59 - - [26/May/2025:07:14:40 +0200] "GET /Jurek/lerutrade/feeds/lerutrade_cdsc.xml HTTP/1.0" 200 53854 "-" "-"
89.161.206.59 - - [26/May/2025:07:14:40 +0200] "GET /Jurek/jakdroz/feeds/jakdroz_cdsc.xml HTTP/1.0" 200 2543015 "-" "-"
51.77.52.107 - - [26/May/2025:07:14:40 +0200] "GET /Jurek/eurofirany/images/430456/0.jpg HTTP/2.0" 200 134485 "-" "baselinker"
89.161.206.59 - - [26/May/2025:07:14:40 +0200] "GET /Jurek/gandalf/feeds/gandalf_cdsc.xml HTTP/1.0" 200 586347 "-" "-"
51.77.52.107 - - [26/May/2025:07:14:51 +0200] "GET /Jurek/eurofirany/images/430456/0.jpg HTTP/2.0" 200 134485 "-" "baselinker"
51.77.52.107 - - [26/May/2025:07:14:57 +0200] "GET /Jurek/eurofirany/images/430456/0.jpg HTTP/2.0" 200 134485 "-" "baselinker"
51.77.52.107 - - [26/May/2025:07:15:07 +0200] "GET /Jurek/eurofirany/images/430497/0.jpg HTTP/2.0" 200 175709 "-" "baselinker"
51.77.52.107 - - [26/May/2025:07:15:19 +0200] "GET /Jurek/eurofirany/images/430497/0.jpg HTTP/2.0" 200 175709 "-" "baselinker"
51.77.52.107 - - [26/May/2025:07:15:24 +0200] "GET /Jurek/eurofirany/images/430497/0.jpg HTTP/2.0" 200 175709 "-" "baselinker"
51.77.52.107 - - [26/May/2025:07:15:28 +0200] "GET /Jurek/eurofirany/images/430501/0.jpg HTTP/2.0" 200 175709 "-" "baselinker"
85.232.241.194 - - [26/May/2025:07:15:31 +0200] "GET /Jurek/kobi/feeds/kobi_vente_ne.xml HTTP/1.1" 200 942931 "-" "Python-urllib/3.11"
85.232.241.194 - - [26/May/2025:07:15:37 +0200] "GET /Jurek/topeshop/feeds/topeshop_vente_ne.xml HTTP/1.1" 200 3013579 "-" "Python-urllib/3.11"
89.161.206.59 - - [26/May/2025:07:15:42 +0200] "GET /Jurek/kambukka/feeds/kambukka_amazonfr.xml HTTP/1.0" 200 1023474 "-" "-"
89.161.206.59 - - [26/May/2025:07:15:42 +0200] "GET /Jurek/kambukka/feeds/kambukka_amazonit.xml HTTP/1.0" 200 1023480 "-" "-"
89.161.206.59 - - [26/May/2025:07:15:42 +0200] "GET /Jurek/kambukka/feeds/kambukka_amazones.xml HTTP/1.0" 200 1023474 "-" "-"
89.161.206.59 - - [26/May/2025:07:15:42 +0200] "GET /Jurek/kambukka/feeds/kambukka_amazonnl.xml HTTP/1.0" 200 1023334 "-" "-"
89.161.206.59 - - [26/May/2025:07:15:42 +0200] "GET /Jurek/kambukka/feeds/kambukka_amazonse.xml HTTP/1.0" 200 1023748 "-" "-"
51.77.52.107 - - [26/May/2025:07:15:43 +0200] "GET /Jurek/eurofirany/images/430501/0.jpg HTTP/2.0" 200 175709 "-" "baselinker"
89.161.206.59 - - [26/May/2025:07:15:43 +0200] "GET /Jurek/hdwr/feeds/hdwr_amazonse.xml HTTP/1.0" 200 789711 "-" "-"
85.232.241.194 - - [26/May/2025:07:15:44 +0200] "GET /Jurek/fernity/feeds/fernity_vente_ne.xml HTTP/1.1" 200 3088919 "-" "Python-urllib/3.11"
85.232.241.194 - - [26/May/2025:07:15:44 +0200] "GET /Jurek/kinghome/feeds/kinghome_vente_ne.xml HTTP/1.1" 200 5619329 "-" "Python-urllib/3.11"
85.232.241.194 - - [26/May/2025:07:15:44 +0200] "GET /Jurek/emibig/feeds/emibig_vente_ne.xml HTTP/1.1" 200 2522247 "-" "Python-urllib/3.11"
85.232.241.194 - - [26/May/2025:07:15:44 +0200] "GET /Jurek/b3/feeds/b3_vente_nl.xml HTTP/1.1" 200 8081073 "-" "Python-urllib/3.11"
85.232.241.194 - - [26/May/2025:07:15:50 +0200] "GET /Jurek/aw/feeds/aw_vente_nl.xml HTTP/1.1" 200 91086452 "-" "Python-urllib/3.11"
89.161.206.59 - - [26/May/2025:07:15:56 +0200] "GET /Jurek/eurofirany/feeds/eurofirany_amazonES.xml HTTP/1.0" 200 18718873 "-" "-"
51.77.52.107 - - [26/May/2025:07:15:57 +0200] "GET /Jurek/eurofirany/images/430501/0.jpg HTTP/2.0" 200 175709 "-" "baselinker"
89.161.206.59 - - [26/May/2025:07:15:58 +0200] "GET /Jurek/benetech/feeds/benetech_amazonnl.xml HTTP/1.0" 200 4165412 "-" "-"
89.161.206.59 - - [26/May/2025:07:15:59 +0200] "GET /Jurek/benetech/feeds/benetech_amazonit.xml HTTP/1.0" 200 4165403 "-" "-"
89.161.206.59 - - [26/May/2025:07:15:59 +0200] "GET /Jurek/benetech/feeds/benetech_amazones.xml HTTP/1.0" 200 4165410 "-" "-"
89.161.206.59 - - [26/May/2025:07:15:59 +0200] "GET /Jurek/benetech/feeds/benetech_amazonfr.xml HTTP/1.0" 200 4165395 "-" "-"
89.161.206.59 - - [26/May/2025:07:15:59 +0200] "GET /Jurek/benetech/feeds/benetech_amazonbe.xml HTTP/1.0" 200 4165403 "-" "-"
89.161.206.59 - - [26/May/2025:07:16:00 +0200] "GET /Jurek/benetech/feeds/benetech_amazonse.xml HTTP/1.0" 200 4165791 "-" "-"
89.161.206.59 - - [26/May/2025:07:16:00 +0200] "GET /Jurek/eurofirany/feeds/eurofirany_amazaon_de.xml HTTP/1.0" 200 18718856 "-" "-"
51.77.52.107 - - [26/May/2025:07:16:01 +0200] "GET /Jurek/eurofirany/images/430561/0.jpg HTTP/2.0" 200 187280 "-" "baselinker"
89.161.206.59 - - [26/May/2025:07:16:02 +0200] "GET /Jurek/pupus/feeds/pupus_amazonde.xml HTTP/1.0" 200 6154265 "-" "-"
89.161.206.59 - - [26/May/2025:07:16:02 +0200] "GET /Jurek/dekoele/feeds/dekoele_amazonde.xml HTTP/1.0" 200 733938 "-" "-"
89.161.206.59 - - [26/May/2025:07:16:02 +0200] "GET /Jurek/dekoele/feeds/dekoele_amazonit.xml HTTP/1.0" 200 733937 "-" "-"
89.161.206.59 - - [26/May/2025:07:16:03 +0200] "GET /Jurek/dekoele/feeds/dekoele_amazonfr.xml HTTP/1.0" 200 733935 "-" "-"
89.161.206.59 - - [26/May/2025:07:16:03 +0200] "GET /Jurek/dekoele/feeds/dekoele_amazones.xml HTTP/1.0" 200 733934 "-" "-"
89.161.206.59 - - [26/May/2025:07:16:03 +0200] "GET /Jurek/dekoele/feeds/dekoele_amazonnl.xml HTTP/1.0" 200 733934 "-" "-"
89.161.206.59 - - [26/May/2025:07:16:03 +0200] "GET /Jurek/dekoele/feeds/dekoele_amazonse.xml HTTP/1.0" 200 734007 "-" "-"
89.161.206.59 - - [26/May/2025:07:16:03 +0200] "GET /Jurek/dekoele/feeds/dekoele_amazonbe.xml HTTP/1.0" 200 733934 "-" "-"
85.232.241.194 - - [26/May/2025:07:16:04 +0200] "GET /Jurek/asortymenteu/feeds/asortymenteu_vente_nl.xml HTTP/1.1" 200 2864934 "-" "Python-urllib/3.11"
85.232.241.194 - - [26/May/2025:07:16:04 +0200] "GET /Jurek/hurtownia_przemyslowa/feeds/hp_vente_nl.xml HTTP/1.1" 200 49361975 "-" "Python-urllib/3.11"
89.161.206.59 - - [26/May/2025:07:16:07 +0200] "GET /Jurek/artdog/feeds/artdog_amazonfr.xml HTTP/1.0" 200 17158573 "-" "-"
51.77.52.107 - - [26/May/2025:07:16:13 +0200] "GET /Jurek/eurofirany/images/430561/0.jpg HTTP/2.0" 200 187280 "-" "baselinker"
51.77.52.107 - - [26/May/2025:07:16:16 +0200] "GET /Jurek/eurofirany/images/430561/0.jpg HTTP/2.0" 200 187280 "-" "baselinker"
51.77.52.107 - - [26/May/2025:07:16:28 +0200] "GET /Jurek/eurofirany/images/430835/0.jpg HTTP/2.0" 200 175709 "-" "baselinker"
51.77.52.107 - - [26/May/2025:07:16:40 +0200] "GET /Jurek/eurofirany/images/430835/0.jpg HTTP/2.0" 200 175709 "-" "baselinker"
51.77.52.107 - - [26/May/2025:07:16:52 +0200] "GET /Jurek/eurofirany/images/430835/0.jpg HTTP/2.0" 200 175709 "-" "baselinker"
51.77.52.107 - - [26/May/2025:07:16:56 +0200] "GET /Jurek/eurofirany/images/433255/0.jpg HTTP/2.0" 200 6625 "-" "baselinker"
51.77.52.107 - - [26/May/2025:07:16:57 +0200] "GET /Jurek/eurofirany/images/433255/0.jpg HTTP/2.0" 200 6625 "-" "baselinker"
51.77.52.107 - - [26/May/2025:07:16:57 +0200] "GET /Jurek/eurofirany/images/433255/0.jpg HTTP/2.0" 200 6625 "-" "baselinker"
51.77.52.107 - - [26/May/2025:07:16:58 +0200] "GET /Jurek/eurofirany/images/433257/0.jpg HTTP/2.0" 200 6625 "-" "baselinker"
51.77.52.107 - - [26/May/2025:07:16:59 +0200] "GET /Jurek/eurofirany/images/433257/0.jpg HTTP/2.0" 200 6625 "-" "baselinker"
51.77.52.107 - - [26/May/2025:07:17:00 +0200] "GET /Jurek/eurofirany/images/433257/0.jpg HTTP/2.0" 200 6625 "-" "baselinker"
51.77.52.107 - - [26/May/2025:07:17:01 +0200] "GET /Jurek/eurofirany/images/433272/0.jpg HTTP/2.0" 200 6625 "-" "baselinker"
51.77.52.107 - - [26/May/2025:07:17:02 +0200] "GET /Jurek/eurofirany/images/433272/0.jpg HTTP/2.0" 200 6625 "-" "baselinker"
51.77.52.107 - - [26/May/2025:07:17:02 +0200] "GET /Jurek/eurofirany/images/433272/0.jpg HTTP/2.0" 200 6625 "-" "baselinker"
51.77.52.107 - - [26/May/2025:07:17:03 +0200] "GET /Jurek/eurofirany/images/440182/0.jpg HTTP/2.0" 200 89309 "-" "baselinker"
51.77.52.107 - - [26/May/2025:07:17:09 +0200] "GET /Jurek/eurofirany/images/440182/0.jpg HTTP/2.0" 200 89309 "-" "baselinker"
51.77.52.107 - - [26/May/2025:07:17:13 +0200] "GET /Jurek/eurofirany/images/440182/0.jpg HTTP/2.0" 200 89309 "-" "baselinker"
51.77.52.107 - - [26/May/2025:07:17:18 +0200] "GET /Jurek/eurofirany/images/454057/0.jpg HTTP/2.0" 200 88175 "-" "baselinker"
51.77.52.107 - - [26/May/2025:07:17:31 +0200] "GET /Jurek/eurofirany/images/454057/0.jpg HTTP/2.0" 200 88175 "-" "baselinker"
51.77.52.107 - - [26/May/2025:07:17:43 +0200] "GET /Jurek/eurofirany/images/454057/0.jpg HTTP/2.0" 200 88175 "-" "baselinker"
51.77.52.107 - - [26/May/2025:07:17:57 +0200] "GET /Jurek/eurofirany/images/454064/0.jpg HTTP/2.0" 200 100028 "-" "baselinker"
51.77.52.107 - - [26/May/2025:07:18:10 +0200] "GET /Jurek/eurofirany/images/454064/0.jpg HTTP/2.0" 200 100028 "-" "baselinker"
51.77.52.107 - - [26/May/2025:07:18:23 +0200] "GET /Jurek/eurofirany/images/454064/0.jpg HTTP/2.0" 200 100028 "-" "baselinker"
51.77.52.107 - - [26/May/2025:07:18:38 +0200] "GET /Jurek/eurofirany/images/454066/0.jpg HTTP/2.0" 200 99514 "-" "baselinker"
51.77.52.107 - - [26/May/2025:07:18:52 +0200] "GET /Jurek/eurofirany/images/454066/0.jpg HTTP/2.0" 200 99514 "-" "baselinker"
51.77.52.107 - - [26/May/2025:07:19:10 +0200] "GET /Jurek/eurofirany/images/454066/0.jpg HTTP/2.0" 200 99514 "-" "baselinker"
51.77.52.107 - - [26/May/2025:07:19:28 +0200] "GET /Jurek/eurofirany/images/454068/0.jpg HTTP/2.0" 200 81121 "-" "baselinker"
85.232.241.194 - - [26/May/2025:07:19:36 +0200] "GET /Jurek/kobi/feeds/kobi_vente_de.xml HTTP/1.1" 200 942907 "-" "Python-urllib/3.11"
51.77.52.107 - - [26/May/2025:07:19:41 +0200] "GET /Jurek/eurofirany/images/454068/0.jpg HTTP/2.0" 200 81121 "-" "baselinker"
85.232.241.194 - - [26/May/2025:07:19:43 +0200] "GET /Jurek/topeshop/feeds/topeshop_vente_de.xml HTTP/1.1" 200 3013497 "-" "Python-urllib/3.11"
85.232.241.194 - - [26/May/2025:07:19:43 +0200] "GET /Jurek/fernity/feeds/fernity_vente_de.xml HTTP/1.1" 200 3088932 "-" "Python-urllib/3.11"
85.232.241.194 - - [26/May/2025:07:19:43 +0200] "GET /Jurek/kinghome/feeds/kinghome_vente_de.xml HTTP/1.1" 200 5619303 "-" "Python-urllib/3.11"
85.232.241.194 - - [26/May/2025:07:19:44 +0200] "GET /Jurek/emibig/feeds/emibig_vente_de.xml HTTP/1.1" 200 2522294 "-" "Python-urllib/3.11"
85.232.241.194 - - [26/May/2025:07:19:49 +0200] "GET /Jurek/b3/feeds/b3_vente_de.xml HTTP/1.1" 200 8080991 "-" "Python-urllib/3.11"
51.77.52.107 - - [26/May/2025:07:19:54 +0200] "GET /Jurek/eurofirany/images/454068/0.jpg HTTP/2.0" 200 81121 "-" "baselinker"
85.232.241.194 - - [26/May/2025:07:19:56 +0200] "GET /Jurek/aw/feeds/aw_vente_de.xml HTTP/1.1" 200 91085992 "-" "Python-urllib/3.11"
66.249.70.37 - - [26/May/2025:07:20:05 +0200] "GET /robots.txt HTTP/1.1" 404 3551 "-" "Mozilla/5.0 (compatible; Googlebot/2.1; +http://www.google.com/bot.html)"
66.249.70.37 - - [26/May/2025:07:20:07 +0200] "GET /Jurek/topeshop/downloaded_images/5902838468449_open_20_st_Obszar_roboczy_1.jpg HTTP/1.1" 200 68529 "-" "Googlebot-Image/1.0"
85.232.241.194 - - [26/May/2025:07:20:09 +0200] "GET /Jurek/asortymenteu/feeds/asortymenteu_vente_de.xml HTTP/1.1" 200 2864907 "-" "Python-urllib/3.11"
85.232.241.194 - - [26/May/2025:07:20:10 +0200] "GET /Jurek/hurtownia_przemyslowa/feeds/hp_vente_de.xml HTTP/1.1" 200 49361804 "-" "Python-urllib/3.11"
51.77.52.107 - - [26/May/2025:07:20:11 +0200] "GET /Jurek/eurofirany/images/454070/0.jpg HTTP/2.0" 200 105251 "-" "baselinker"
51.77.52.107 - - [26/May/2025:07:20:25 +0200] "GET /Jurek/eurofirany/images/454070/0.jpg HTTP/2.0" 200 105251 "-" "baselinker"
51.77.52.107 - - [26/May/2025:07:20:39 +0200] "GET /Jurek/eurofirany/images/454070/0.jpg HTTP/2.0" 200 105251 "-" "baselinker"
51.77.52.107 - - [26/May/2025:07:20:59 +0200] "GET /Jurek/eurofirany/images/454071/0.jpg HTTP/2.0" 200 105096 "-" "baselinker"
51.77.52.107 - - [26/May/2025:07:21:13 +0200] "GET /Jurek/eurofirany/images/454071/0.jpg HTTP/2.0" 200 105096 "-" "baselinker"
51.77.52.107 - - [26/May/2025:07:21:29 +0200] "GET /Jurek/eurofirany/images/454071/0.jpg HTTP/2.0" 200 105096 "-" "baselinker"
