216.113.184.102 - - [26/May/2025:07:57:41 +0200] "GET /Jurek/eurofirany/images/420741/4.jpg HTTP/1.1" 200 84429 "http://www.ebay.com/" "Mozilla/5.0 (Windows NT 10.0; Win64; x64) AppleWebKit/537.36 (KHTML, like Gecko) Chrome/123.0.0.0 Safari/537.36"
216.113.184.104 - - [26/May/2025:07:57:41 +0200] "GET /Jurek/eurofirany/images/420741/3.jpg HTTP/1.1" 200 163127 "http://www.ebay.com/" "Mozilla/5.0 (Windows NT 10.0; Win64; x64) AppleWebKit/537.36 (KHTML, like Gecko) Chrome/123.0.0.0 Safari/537.36"
34.29.253.61 - - [26/May/2025:07:57:44 +0200] "GET /Jurek/eurofirany/images/460642/1.jpg HTTP/1.1" 200 127149 "-" "Mozilla/5.0 (X11; Linux x86_64) AppleWebKit/537.36 (KHTML, like Gecko) Chrome/110.0.0.0 Safari/537.36"
34.29.253.61 - - [26/May/2025:07:57:44 +0200] "GET /Jurek/eurofirany/images/460642/2.jpg HTTP/1.1" 200 98345 "-" "Mozilla/5.0 (X11; Linux x86_64) AppleWebKit/537.36 (KHTML, like Gecko) Chrome/110.0.0.0 Safari/537.36"
34.29.253.61 - - [26/May/2025:07:57:44 +0200] "GET /Jurek/eurofirany/images/460642/3.jpg HTTP/1.1" 200 123026 "-" "Mozilla/5.0 (X11; Linux x86_64) AppleWebKit/537.36 (KHTML, like Gecko) Chrome/110.0.0.0 Safari/537.36"
34.123.56.223 - - [26/May/2025:07:57:45 +0200] "GET /Jurek/eurofirany/images/460642/0.jpg HTTP/1.1" 200 82684 "-" "Mozilla/5.0 (X11; Linux x86_64) AppleWebKit/537.36 (KHTML, like Gecko) Chrome/110.0.0.0 Safari/537.36"
34.123.56.223 - - [26/May/2025:07:58:02 +0200] "GET /Jurek/eurofirany/images/440308/4.jpg HTTP/1.1" 200 110722 "-" "Mozilla/5.0 (X11; Linux x86_64) AppleWebKit/537.36 (KHTML, like Gecko) Chrome/110.0.0.0 Safari/537.36"
34.123.56.223 - - [26/May/2025:07:58:03 +0200] "GET /Jurek/eurofirany/images/440308/1.jpg HTTP/1.1" 200 98884 "-" "Mozilla/5.0 (X11; Linux x86_64) AppleWebKit/537.36 (KHTML, like Gecko) Chrome/110.0.0.0 Safari/537.36"
66.211.183.72 - - [26/May/2025:07:58:03 +0200] "GET /Jurek/eurofirany/images/440308/0.jpg HTTP/1.1" 200 90498 "-" "Java/17.0.13.0.101"
34.123.56.223 - - [26/May/2025:07:58:03 +0200] "GET /Jurek/eurofirany/images/440308/2.jpg HTTP/1.1" 200 115068 "-" "Mozilla/5.0 (X11; Linux x86_64) AppleWebKit/537.36 (KHTML, like Gecko) Chrome/110.0.0.0 Safari/537.36"
34.123.56.223 - - [26/May/2025:07:58:04 +0200] "GET /Jurek/eurofirany/images/440308/3.jpg HTTP/1.1" 200 125557 "-" "Mozilla/5.0 (X11; Linux x86_64) AppleWebKit/537.36 (KHTML, like Gecko) Chrome/110.0.0.0 Safari/537.36"
34.123.56.223 - - [26/May/2025:07:58:05 +0200] "GET /Jurek/eurofirany/images/440308/0.jpg HTTP/1.1" 200 90498 "-" "Mozilla/5.0 (X11; Linux x86_64) AppleWebKit/537.36 (KHTML, like Gecko) Chrome/110.0.0.0 Safari/537.36"
66.135.223.42 - - [26/May/2025:07:58:13 +0200] "GET /Jurek/eurofirany/images/440308/0.jpg HTTP/1.1" 200 90498 "http://www.ebay.com/" "Mozilla/5.0 (Windows NT 10.0; Win64; x64) AppleWebKit/537.36 (KHTML, like Gecko) Chrome/123.0.0.0 Safari/537.36"
66.135.223.44 - - [26/May/2025:07:58:13 +0200] "GET /Jurek/eurofirany/images/440308/1.jpg HTTP/1.1" 200 98884 "http://www.ebay.com/" "Mozilla/5.0 (Windows NT 10.0; Win64; x64) AppleWebKit/537.36 (KHTML, like Gecko) Chrome/123.0.0.0 Safari/537.36"
66.135.223.42 - - [26/May/2025:07:58:13 +0200] "GET /Jurek/eurofirany/images/440308/2.jpg HTTP/1.1" 200 115068 "http://www.ebay.com/" "Mozilla/5.0 (Windows NT 10.0; Win64; x64) AppleWebKit/537.36 (KHTML, like Gecko) Chrome/123.0.0.0 Safari/537.36"
66.135.223.43 - - [26/May/2025:07:58:13 +0200] "GET /Jurek/eurofirany/images/440308/4.jpg HTTP/1.1" 200 110722 "http://www.ebay.com/" "Mozilla/5.0 (Windows NT 10.0; Win64; x64) AppleWebKit/537.36 (KHTML, like Gecko) Chrome/123.0.0.0 Safari/537.36"
66.135.223.40 - - [26/May/2025:07:58:13 +0200] "GET /Jurek/eurofirany/images/440308/3.jpg HTTP/1.1" 200 125557 "http://www.ebay.com/" "Mozilla/5.0 (Windows NT 10.0; Win64; x64) AppleWebKit/537.36 (KHTML, like Gecko) Chrome/123.0.0.0 Safari/537.36"
35.204.39.32 - - [26/May/2025:08:00:12 +0200] "GET /marketplaces/carrefour_fr/results/carrefour_fr.csv HTTP/1.1" 200 147219 "-" "Mirakl HttpClient"
85.14.86.141 - - [26/May/2025:08:00:17 +0200] "GET /Jurek/vida_morele/feeds/VidaPL_all.xml HTTP/2.0" 200 868672068 "-" "MarketplaceAPI curl/7.74.0 PHP/8"
52.209.168.113 - - [26/May/2025:08:00:43 +0200] "GET /marketplaces/ubaldi/results/ubaldi.csv HTTP/1.1" 200 3563491 "-" "Mirakl HttpClient"
35.204.39.32 - - [26/May/2025:08:01:10 +0200] "GET /marketplaces/vente/results/vente_nl.csv HTTP/1.1" 200 2289696 "-" "Mirakl HttpClient"
35.204.39.32 - - [26/May/2025:08:01:11 +0200] "GET /marketplaces/vente/results/vente_fr.csv HTTP/1.1" 200 2457503 "-" "Mirakl HttpClient"
35.204.39.32 - - [26/May/2025:08:01:11 +0200] "GET /marketplaces/vente/results/vente_be.csv HTTP/1.1" 200 2289531 "-" "Mirakl HttpClient"
35.204.39.32 - - [26/May/2025:08:01:12 +0200] "GET /marketplaces/vente/results/vente_it.csv HTTP/1.1" 200 2322138 "-" "Mirakl HttpClient"
35.204.39.32 - - [26/May/2025:08:01:12 +0200] "GET /marketplaces/vente/results/vente_es.csv HTTP/1.1" 200 2289100 "-" "Mirakl HttpClient"
35.204.39.32 - - [26/May/2025:08:01:12 +0200] "GET /marketplaces/vente/results/vente_de.csv HTTP/1.1" 200 2288946 "-" "Mirakl HttpClient"
66.211.183.70 - - [26/May/2025:08:01:32 +0200] "GET /Jurek/eurofirany/images/462438/0.jpg HTTP/1.1" 200 135442 "-" "Java/17.0.13.0.101"
52.209.168.113 - - [26/May/2025:08:02:06 +0200] "GET /marketplaces/rue/results/rue.csv HTTP/1.1" 200 130835 "-" "Mirakl HttpClient"
193.33.8.61 - - [26/May/2025:08:03:13 +0200] "GET /Jurek/eany_blc/data.csv HTTP/2.0" 200 85397570 "https://dkkapusta1997.usermd.net/Jurek/eany_blc/" "Mozilla/5.0 (Windows NT 10.0; Win64; x64) AppleWebKit/537.36 (KHTML, like Gecko) Chrome/136.0.0.0 Safari/537.36"
193.33.8.61 - - [26/May/2025:08:03:30 +0200] "GET /favicon.ico HTTP/2.0" 404 3551 "https://dkkapusta1997.usermd.net/Jurek/eany_blc/" "Mozilla/5.0 (Windows NT 10.0; Win64; x64) AppleWebKit/537.36 (KHTML, like Gecko) Chrome/136.0.0.0 Safari/537.36"
52.18.22.0 - - [26/May/2025:08:03:37 +0200] "GET /marketplaces/carrefour/results/carrefour.csv HTTP/1.1" 200 147221 "-" "Mirakl HttpClient"
193.33.8.61 - - [26/May/2025:08:03:52 +0200] "GET /Filip/janshop_orders/exports/ HTTP/2.0" 401 3550 "-" "Mozilla/5.0 (Macintosh; Intel Mac OS X 10_15_7) AppleWebKit/605.1.15 (KHTML, like Gecko) Version/17.5 Safari/605.1.15"
193.33.8.61 - maria [26/May/2025:08:03:52 +0200] "GET /Filip/janshop_orders/exports/ HTTP/2.0" 200 36103 "-" "Mozilla/5.0 (Macintosh; Intel Mac OS X 10_15_7) AppleWebKit/605.1.15 (KHTML, like Gecko) Version/17.5 Safari/605.1.15"
193.33.8.61 - maria [26/May/2025:08:03:57 +0200] "GET /Filip/janshop_orders/exports/ HTTP/2.0" 200 36103 "-" "Mozilla/5.0 (Macintosh; Intel Mac OS X 10_15_7) AppleWebKit/605.1.15 (KHTML, like Gecko) Version/17.5 Safari/605.1.15"
46.101.116.244 - - [26/May/2025:08:04:03 +0200] "GET /Jurek/activeshop/feeds/activeshop_mallhu.xml HTTP/2.0" 200 10384015 "-" "-"
85.14.86.141 - - [26/May/2025:08:04:20 +0200] "GET /Jurek/kinghoff/feeds/kinghoff_morele.xml HTTP/2.0" 200 15703732 "-" "MarketplaceAPI curl/7.74.0 PHP/8"
193.33.8.61 - maria [26/May/2025:08:04:27 +0200] "GET /Filip/janshop_orders/exports/ HTTP/2.0" 200 36103 "-" "Mozilla/5.0 (Macintosh; Intel Mac OS X 10_15_7) AppleWebKit/605.1.15 (KHTML, like Gecko) Version/17.5 Safari/605.1.15"
193.33.8.61 - maria [26/May/2025:08:04:30 +0200] "GET /Filip/janshop_orders/exports/ HTTP/2.0" 200 36103 "-" "Mozilla/5.0 (Macintosh; Intel Mac OS X 10_15_7) AppleWebKit/605.1.15 (KHTML, like Gecko) Version/17.5 Safari/605.1.15"
46.101.116.244 - - [26/May/2025:08:04:50 +0200] "GET /Jurek/action/feeds/action_mallhugs.xml HTTP/2.0" 200 59388428 "-" "-"
46.101.116.244 - - [26/May/2025:08:05:09 +0200] "GET /Jurek/b3/feeds/b3_mallhugs.xml HTTP/2.0" 200 8089566 "-" "-"
46.101.116.244 - - [26/May/2025:08:05:20 +0200] "GET /Jurek/benbaby/feeds/benbaby_mallhugs.xml HTTP/2.0" 200 3708995 "-" "-"
46.101.116.244 - - [26/May/2025:08:05:31 +0200] "GET /Jurek/emibig/feeds/emibig_mallhugs.xml HTTP/2.0" 200 2530964 "-" "-"
46.101.116.244 - - [26/May/2025:08:05:43 +0200] "GET /Jurek/hurtownia_przemyslowa/feeds/hp_mallhugs.xml HTTP/2.0" 200 49398096 "-" "-"
89.161.206.59 - - [26/May/2025:08:05:52 +0200] "GET /Jurek/eurofirany/feeds/eurofirany_skroutz.xml HTTP/1.0" 200 18244084 "-" "-"
46.101.116.244 - - [26/May/2025:08:06:43 +0200] "GET /Jurek/kinghoff/feeds/kinghoff_mallhu.xml HTTP/2.0" 200 15709554 "-" "-"
66.249.70.36 - - [26/May/2025:08:06:49 +0200] "GET /Jurek/eurofirany/images/383350/2.jpg HTTP/1.1" 200 51424 "-" "Googlebot-Image/1.0"
46.101.116.244 - - [26/May/2025:08:06:56 +0200] "GET /Jurek/fernity/feeds/fernity_mallhu.xml HTTP/2.0" 200 4726268 "-" "-"
85.14.86.141 - - [26/May/2025:08:07:00 +0200] "GET /Jurek/eurofirany/feeds/eurofirany_morele.xml HTTP/2.0" 200 18720286 "-" "MarketplaceAPI curl/7.74.0 PHP/8"
46.101.116.244 - - [26/May/2025:08:07:10 +0200] "GET /Jurek/beliani/feeds/beliani_hu.xml HTTP/2.0" 200 42768870 "-" "-"
85.14.86.141 - - [26/May/2025:08:07:14 +0200] "GET /Jurek/vivaldi/feeds/vivaldi_Morele-PL.xml HTTP/2.0" 200 344674 "-" "MarketplaceAPI curl/7.74.0 PHP/8"
46.101.116.244 - - [26/May/2025:08:07:35 +0200] "GET /Jurek/detian/feeds/detian_mallhu.xml HTTP/2.0" 404 3551 "-" "-"
46.101.116.244 - - [26/May/2025:08:07:45 +0200] "GET /Jurek/flhf/feeds/flhf_mallsi.xml HTTP/2.0" 404 3551 "-" "-"
46.101.116.244 - - [26/May/2025:08:08:01 +0200] "GET /Jurek/topeshop/feeds/topeshop_skr.xml HTTP/1.0" 200 877100 "-" "-"
89.161.206.59 - - [26/May/2025:08:08:41 +0200] "GET /Jurek/asortymenteu/feeds/asortymenteu_skroutz_great.xml HTTP/1.0" 200 2763070 "-" "-"
85.14.86.141 - - [26/May/2025:08:09:00 +0200] "GET /Jurek/vida_morele/feeds/VidaPL_morele.xml HTTP/2.0" 200 868673501 "-" "MarketplaceAPI curl/7.74.0 PHP/8"
193.33.8.61 - - [26/May/2025:08:09:01 +0200] "GET /Filip/janshop_orders/exports/ HTTP/2.0" 401 3550 "-" "Mozilla/5.0 (Macintosh; Intel Mac OS X 10_15_7) AppleWebKit/605.1.15 (KHTML, like Gecko) Version/17.5 Safari/605.1.15"
193.33.8.61 - maria [26/May/2025:08:09:01 +0200] "GET /Filip/janshop_orders/exports/ HTTP/2.0" 200 36103 "-" "Mozilla/5.0 (Macintosh; Intel Mac OS X 10_15_7) AppleWebKit/605.1.15 (KHTML, like Gecko) Version/17.5 Safari/605.1.15"
185.6.76.18 - - [26/May/2025:08:09:01 +0200] "GET /marketplaces/skroutz/feeds/shumee.xml HTTP/1.1" 200 411859741 "-" "SkroutzBot v1.0"
89.161.206.59 - - [26/May/2025:08:09:19 +0200] "GET /Jurek/waks/feeds/waks_skroutz.xml HTTP/1.0" 200 1596552 "-" "-"
85.14.86.141 - - [26/May/2025:08:09:21 +0200] "GET /Jurek/aw/feeds/awnarzedzia_morele.xml HTTP/2.0" 200 91097992 "-" "MarketplaceAPI curl/7.74.0 PHP/8"
66.249.70.38 - - [26/May/2025:08:09:23 +0200] "GET /Jurek/eurofirany/images/383350/4.jpg HTTP/1.1" 200 37718 "-" "Googlebot-Image/1.0"
193.33.8.61 - maria [26/May/2025:08:09:48 +0200] "GET /Filip/janshop_orders/exports/ HTTP/2.0" 200 36103 "-" "Mozilla/5.0 (Macintosh; Intel Mac OS X 10_15_7) AppleWebKit/605.1.15 (KHTML, like Gecko) Version/17.5 Safari/605.1.15"
193.33.8.61 - maria [26/May/2025:08:09:50 +0200] "GET /Filip/janshop_orders/exports/ HTTP/2.0" 200 36103 "-" "Mozilla/5.0 (Macintosh; Intel Mac OS X 10_15_7) AppleWebKit/605.1.15 (KHTML, like Gecko) Version/17.5 Safari/605.1.15"
89.161.206.59 - - [26/May/2025:08:10:05 +0200] "GET /Jurek/amzteam/feeds/amzteam_skroutz.xml HTTP/1.0" 200 95893 "-" "-"
89.161.206.59 - - [26/May/2025:08:10:05 +0200] "GET /Jurek/pawonik/feeds/pawonik_skroutz.xml HTTP/1.0" 200 2138429 "-" "-"
89.161.206.59 - - [26/May/2025:08:10:07 +0200] "GET /Jurek/artdog/feeds/artdog_skroutz.xml HTTP/1.0" 200 16658994 "-" "-"
89.161.206.59 - - [26/May/2025:08:10:07 +0200] "GET /Jurek/mosti/feeds/mosti_skroutz.xml HTTP/1.0" 200 4633405 "-" "-"
85.14.86.141 - - [26/May/2025:08:10:12 +0200] "GET /Jurek/beliani/feeds/beliani_morele.xml HTTP/2.0" 200 29791798 "-" "MarketplaceAPI curl/7.74.0 PHP/8"
89.161.206.59 - - [26/May/2025:08:10:23 +0200] "GET /Jurek/rovato/feeds/rovato_skroutz.xml HTTP/1.0" 200 99164 "-" "-"
89.161.206.59 - - [26/May/2025:08:10:25 +0200] "GET /Jurek/mechdecor/feeds/mechdecor_skr.xml HTTP/1.0" 200 596178 "-" "-"
89.161.206.59 - - [26/May/2025:08:10:26 +0200] "GET /Jurek/apresto/feeds/apresto_skr.xml HTTP/1.0" 200 1316760 "-" "-"
89.161.206.59 - - [26/May/2025:08:10:29 +0200] "GET /Jurek/mojeledy/feeds/mojeledy_skr.xml HTTP/1.0" 200 1015544 "-" "-"
89.161.206.59 - - [26/May/2025:08:10:29 +0200] "GET /Jurek/sovapl/feeds/sovapl_skr.xml HTTP/1.0" 200 8999446 "-" "-"
89.161.206.59 - - [26/May/2025:08:10:30 +0200] "GET /Jurek/fertes/feeds/fertes_skr.xml HTTP/1.0" 200 2361848 "-" "-"
89.161.206.59 - - [26/May/2025:08:10:31 +0200] "GET /Jurek/kamar/feeds/kamar_skr.xml HTTP/1.0" 200 25549991 "-" "-"
89.161.206.59 - - [26/May/2025:08:10:41 +0200] "GET /Jurek/cbdgreen/feeds/cbdgreen_emagro.xml HTTP/1.0" 200 50548 "-" "-"
89.161.206.59 - - [26/May/2025:08:10:42 +0200] "GET /Jurek/eldar/feeds/eldar_emagro.xml HTTP/1.0" 200 7337564 "-" "-"
89.161.206.59 - - [26/May/2025:08:10:43 +0200] "GET /Jurek/motofan/feeds/motofan_emagro.xml HTTP/1.0" 200 2392204 "-" "-"
89.161.206.59 - - [26/May/2025:08:10:43 +0200] "GET /Jurek/sartrix/feeds/sartrix_emagro.xml HTTP/1.0" 200 649222 "-" "-"
89.161.206.59 - - [26/May/2025:08:10:43 +0200] "GET /Jurek/dekoele/feeds/dekoele_emagro.xml HTTP/1.0" 200 733963 "-" "-"
89.161.206.59 - - [26/May/2025:08:10:43 +0200] "GET /Jurek/expertauto/feeds/expertauto_emagro.xml HTTP/1.0" 200 1159159 "-" "-"
89.161.206.59 - - [26/May/2025:08:10:43 +0200] "GET /Jurek/rider/feeds/rider_emagro.xml HTTP/1.0" 200 8165867 "-" "-"
89.161.206.59 - - [26/May/2025:08:10:45 +0200] "GET /Jurek/pupus/feeds/pupus_emagro.xml HTTP/1.0" 200 6155017 "-" "-"
89.161.206.59 - - [26/May/2025:08:10:45 +0200] "GET /Jurek/fertone/feeds/fertone_skroutz.xml HTTP/1.0" 200 583865 "-" "-"
89.161.206.59 - - [26/May/2025:08:10:45 +0200] "GET /Jurek/beltimore/feeds/beltimore_emagro.xml HTTP/1.0" 200 18653944 "-" "-"
89.161.206.59 - - [26/May/2025:08:10:46 +0200] "GET /Jurek/smxdesign/feeds/smxdesign_emagro.xml HTTP/1.0" 200 1829164 "-" "-"
89.161.206.59 - - [26/May/2025:08:10:46 +0200] "GET /Jurek/muminky/feeds/muminky_emagro.xml HTTP/1.0" 200 2678092 "-" "-"
89.161.206.59 - - [26/May/2025:08:10:47 +0200] "GET /Jurek/eurofirany/feeds/eurofirany_emagro.xml HTTP/1.0" 200 18729495 "-" "-"
89.161.206.59 - - [26/May/2025:08:10:48 +0200] "GET /Jurek/qbox/feeds/qbox_emagro.xml HTTP/1.0" 200 398859 "-" "-"
89.161.206.59 - - [26/May/2025:08:10:49 +0200] "GET /Jurek/evil/feeds/evil_emagro.xml HTTP/1.0" 200 306430 "-" "-"
89.161.206.59 - - [26/May/2025:08:10:49 +0200] "GET /Jurek/dekornatort/feeds/dekornatort_emagro.xml HTTP/1.0" 200 225767 "-" "-"
89.161.206.59 - - [26/May/2025:08:10:49 +0200] "GET /Jurek/ekotex/feeds/ekotex_emagro.xml HTTP/1.0" 200 197970 "-" "-"
89.161.206.59 - - [26/May/2025:08:10:49 +0200] "GET /Jurek/twojsklep/feeds/twojsklep_emagro.xml HTTP/1.0" 200 126814 "-" "-"
89.161.206.59 - - [26/May/2025:08:10:49 +0200] "GET /Jurek/drewdon/feeds/drewdon_emagro.xml HTTP/1.0" 200 504528 "-" "-"
89.161.206.59 - - [26/May/2025:08:10:50 +0200] "GET /Jurek/wezer/feeds/wezer_emagro.xml HTTP/1.0" 200 210964 "-" "-"
89.161.206.59 - - [26/May/2025:08:10:50 +0200] "GET /Jurek/pasiekaslodka/feeds/pasiekaslodka_emagro.xml HTTP/1.0" 200 119684 "-" "-"
89.161.206.59 - - [26/May/2025:08:10:50 +0200] "GET /Jurek/lendo/feeds/lendo_emagro.xml HTTP/1.0" 200 330414 "-" "-"
89.161.206.59 - - [26/May/2025:08:10:51 +0200] "GET /Jurek/hurtmeblowy/feeds/hurtmeblowy_emagro.xml HTTP/1.0" 200 8544413 "-" "-"
89.161.206.59 - - [26/May/2025:08:10:52 +0200] "GET /Jurek/ikonka/feeds/ikonka_emagro.xml HTTP/1.0" 200 20676723 "-" "-"
89.161.206.59 - - [26/May/2025:08:10:52 +0200] "GET /Jurek/missionair/feeds/missionair_skr.xml HTTP/1.0" 200 3154863 "-" "-"
89.161.206.59 - - [26/May/2025:08:10:54 +0200] "GET /Jurek/andex/feeds/andex_skr.xml HTTP/1.0" 200 933056 "-" "-"
89.161.206.59 - - [26/May/2025:08:10:55 +0200] "GET /Jurek/ekuchcikowo/feeds/ekuchcikowo_emagro.xml HTTP/1.0" 200 12472714 "-" "-"
178.21.154.6 - - [26/May/2025:08:11:04 +0200] "GET /Jurek/eurofirany/images/383267/0.jpg HTTP/1.1" 200 81569 "-" "-"
89.161.206.59 - - [26/May/2025:08:11:04 +0200] "GET /Jurek/sklep24amk/feeds/sklep24amk_skroutz.xml HTTP/1.0" 200 3894613 "-" "-"
89.161.206.59 - - [26/May/2025:08:11:04 +0200] "GET /Jurek/wezer/feeds/wezer_skroutz.xml HTTP/1.0" 200 202561 "-" "-"
89.161.206.59 - - [26/May/2025:08:11:04 +0200] "GET /Jurek/shiori/feeds/shiori_skroutz.xml HTTP/1.0" 200 453652 "-" "-"
89.161.206.59 - - [26/May/2025:08:11:06 +0200] "GET /Jurek/bisanti/feeds/bisanti_skroutz.xml HTTP/1.0" 200 1142298 "-" "-"
89.161.206.59 - - [26/May/2025:08:11:42 +0200] "GET /Jurek/roger/feeds/roger_emagro.xml HTTP/1.0" 200 1396807 "-" "-"
89.161.206.59 - - [26/May/2025:08:11:42 +0200] "GET /Jurek/nexus/feeds/nexus_emagro.xml HTTP/1.0" 200 226683 "-" "-"
89.161.206.59 - - [26/May/2025:08:12:06 +0200] "GET /Jurek/zepnij/feeds/zepnij_skroutz.xml HTTP/1.0" 200 19522544 "-" "-"
89.161.206.59 - - [26/May/2025:08:12:06 +0200] "GET /Jurek/primohurt/feeds/primohurt_skroutz.xml HTTP/1.0" 200 17186405 "-" "-"
89.161.206.59 - - [26/May/2025:08:12:09 +0200] "GET /Jurek/emaja24/feeds/emaja24_skroutz.xml HTTP/1.0" 200 5102041 "-" "-"
89.161.206.59 - - [26/May/2025:08:12:17 +0200] "GET /Jurek/hdwr/feeds/hdwr_skroutz.xml HTTP/1.0" 200 777085 "-" "-"
89.161.206.59 - - [26/May/2025:08:12:22 +0200] "GET /Jurek/ekotex/feeds/ekotex_skroutz.xml HTTP/1.0" 200 197813 "-" "-"
89.161.206.59 - - [26/May/2025:08:12:23 +0200] "GET /Jurek/motofan/feeds/motofan_skroutz.xml HTTP/1.0" 200 2392156 "-" "-"
89.161.206.59 - - [26/May/2025:08:12:24 +0200] "GET /Jurek/elecomp/feeds/elecomp_skroutz.xml HTTP/1.0" 200 2769772 "-" "-"
89.161.206.59 - - [26/May/2025:08:12:25 +0200] "GET /Jurek/kambukka/feeds/kambukka_skroutz.xml HTTP/1.0" 200 1022111 "-" "-"
89.161.206.59 - - [26/May/2025:08:12:26 +0200] "GET /Jurek/coppotech/feeds/coppotech_emagro.xml HTTP/1.0" 200 38056583 "-" "-"
89.161.206.59 - - [26/May/2025:08:12:26 +0200] "GET /Jurek/benetech/feeds/benetech_skroutz.xml HTTP/1.0" 200 2686426 "-" "-"
89.161.206.59 - - [26/May/2025:08:12:32 +0200] "GET /Jurek/sempler/feeds/sempler_skroutz.xml HTTP/1.0" 200 6779193 "-" "-"
89.161.206.59 - - [26/May/2025:08:12:33 +0200] "GET /Jurek/targethome/feeds/targethome_skroutz.xml HTTP/1.0" 200 688626 "-" "-"
193.33.8.61 - - [26/May/2025:08:12:59 +0200] "GET /Filip/janshop_orders/exports/ HTTP/2.0" 401 3550 "-" "Mozilla/5.0 (Macintosh; Intel Mac OS X 10_15_7) AppleWebKit/605.1.15 (KHTML, like Gecko) Version/17.5 Safari/605.1.15"
193.33.8.61 - maria [26/May/2025:08:12:59 +0200] "GET /Filip/janshop_orders/exports/ HTTP/2.0" 200 36103 "-" "Mozilla/5.0 (Macintosh; Intel Mac OS X 10_15_7) AppleWebKit/605.1.15 (KHTML, like Gecko) Version/17.5 Safari/605.1.15"
193.33.8.61 - maria [26/May/2025:08:13:00 +0200] "GET /Filip/janshop_orders/exports/great_2025-05-26_08.txt HTTP/2.0" 200 6352 "https://dkkapusta1997.usermd.net/Filip/janshop_orders/exports/" "Mozilla/5.0 (Macintosh; Intel Mac OS X 10_15_7) AppleWebKit/605.1.15 (KHTML, like Gecko) Version/17.5 Safari/605.1.15"
193.33.8.61 - maria [26/May/2025:08:13:02 +0200] "GET /Filip/janshop_orders/exports/extra_2025-05-26_08.txt HTTP/2.0" 200 1823 "https://dkkapusta1997.usermd.net/Filip/janshop_orders/exports/" "Mozilla/5.0 (Macintosh; Intel Mac OS X 10_15_7) AppleWebKit/605.1.15 (KHTML, like Gecko) Version/17.5 Safari/605.1.15"
89.161.206.59 - - [26/May/2025:08:13:15 +0200] "GET /Jurek/kinghome/feeds/kinghome_emagro.xml HTTP/1.0" 200 6359586 "-" "-"
89.161.206.59 - - [26/May/2025:08:13:17 +0200] "GET /Jurek/artdog/feeds/artdog_emagro.xml HTTP/1.0" 200 17164728 "-" "-"
89.161.206.59 - - [26/May/2025:08:13:19 +0200] "GET /Jurek/jakdroz/feeds/jakdroz_emagro.xml HTTP/1.0" 200 4090806 "-" "-"
89.161.206.59 - - [26/May/2025:08:13:19 +0200] "GET /Jurek/missionair/feeds/missionair_emagro.xml HTTP/1.0" 200 3155053 "-" "-"
89.161.206.59 - - [26/May/2025:08:13:19 +0200] "GET /Jurek/mojeledy/feeds/mojeledy_emagro.xml HTTP/1.0" 200 1018620 "-" "-"
89.161.206.59 - - [26/May/2025:08:13:20 +0200] "GET /Jurek/andex/feeds/andex_emagro.xml HTTP/1.0" 200 1953941 "-" "-"
89.161.206.59 - - [26/May/2025:08:13:20 +0200] "GET /Jurek/riko/feeds/riko_emagro.xml HTTP/1.0" 200 3786617 "-" "-"
89.161.206.59 - - [26/May/2025:08:13:20 +0200] "GET /Jurek/sovapl/feeds/sovapl_emagro.xml HTTP/1.0" 200 9002680 "-" "-"
89.161.206.59 - - [26/May/2025:08:13:21 +0200] "GET /Jurek/kalama/feeds/kalama_emagro.xml HTTP/1.0" 200 2662091 "-" "-"
89.161.206.59 - - [26/May/2025:08:13:22 +0200] "GET /Jurek/proadventure/feeds/proadventure_emag.xml HTTP/1.0" 200 10765311 "-" "-"
89.161.206.59 - - [26/May/2025:08:13:29 +0200] "GET /Jurek/rems/feeds/rems_emag.xml HTTP/1.0" 200 8706536 "-" "-"
89.161.206.59 - - [26/May/2025:08:13:30 +0200] "GET /Jurek/swiatecznygoliat/feeds/swiatecznygoliat_skroutz.xml HTTP/1.0" 200 6878427 "-" "-"
89.161.206.59 - - [26/May/2025:08:13:31 +0200] "GET /Jurek/lerutrade/feeds/lerutrade_emag.xml HTTP/1.0" 200 82823 "-" "-"
46.101.116.244 - - [26/May/2025:08:13:42 +0200] "GET /Jurek/piotrmiedz/feeds/piotrmiedz_emagro.xml HTTP/1.0" 200 91067792 "-" "-"
89.161.206.59 - - [26/May/2025:08:13:46 +0200] "GET /Jurek/kobi/feeds/kobi_emagro.xml HTTP/1.0" 200 249047 "-" "-"
66.249.70.37 - - [26/May/2025:08:14:32 +0200] "GET /Jurek/eurofirany/images/383350/3.jpg HTTP/1.1" 200 49288 "-" "Googlebot-Image/1.0"
89.161.206.59 - - [26/May/2025:08:15:24 +0200] "GET /Jurek/em3/feeds/em3_skroutz.xml HTTP/1.0" 200 258919 "-" "-"
89.161.206.59 - - [26/May/2025:08:15:41 +0200] "GET /Jurek/jankeski/feeds/jankeski_emagro.xml HTTP/1.0" 200 6571521 "-" "-"
5.134.208.158 - - [26/May/2025:08:15:44 +0200] "GET /Jurek/eurofirany/images/400287/0.jpg HTTP/1.1" 200 138680 "-" "-"
89.161.206.59 - - [26/May/2025:08:15:46 +0200] "GET /Jurek/equalo/feeds/equalo_skroutz.xml HTTP/1.0" 200 98001 "-" "-"
89.161.206.59 - - [26/May/2025:08:15:46 +0200] "GET /Jurek/rovato/feeds/rovato_emagro.xml HTTP/1.0" 200 180855 "-" "-"
89.161.206.59 - - [26/May/2025:08:15:47 +0200] "GET /Jurek/lampart/feeds/lampart_skroutz.xml HTTP/1.0" 200 936026 "-" "-"
89.161.206.59 - - [26/May/2025:08:16:49 +0200] "GET /Jurek/bemipol/feeds/bemipol_skroutz.xml HTTP/1.0" 200 423627 "-" "-"
89.161.206.59 - - [26/May/2025:08:17:12 +0200] "GET /Jurek/bentivolio/feeds/bentivolio_skr.xml HTTP/1.0" 200 1261313 "-" "-"
89.161.206.59 - - [26/May/2025:08:17:14 +0200] "GET /Jurek/jankeski/feeds/jankeski_skroutz.xml HTTP/1.0" 200 6571160 "-" "-"
89.161.206.59 - - [26/May/2025:08:17:24 +0200] "GET /Jurek/galopi/feeds/galopi_skroutz.xml HTTP/1.0" 200 2111098 "-" "-"
193.33.8.61 - - [26/May/2025:08:18:04 +0200] "GET /Filip/janshop_orders/exports/ HTTP/2.0" 401 3550 "-" "Mozilla/5.0 (Macintosh; Intel Mac OS X 10_15_7) AppleWebKit/605.1.15 (KHTML, like Gecko) Version/17.5 Safari/605.1.15"
193.33.8.61 - maria [26/May/2025:08:18:04 +0200] "GET /Filip/janshop_orders/exports/ HTTP/2.0" 200 36103 "-" "Mozilla/5.0 (Macintosh; Intel Mac OS X 10_15_7) AppleWebKit/605.1.15 (KHTML, like Gecko) Version/17.5 Safari/605.1.15"
89.161.206.59 - - [26/May/2025:08:19:09 +0200] "GET /Jurek/ekuchcikowo/feeds/ekuchcikowo_skroutz.xml HTTP/1.0" 200 12414592 "-" "-"
66.249.70.37 - - [26/May/2025:08:19:44 +0200] "GET /Jurek/topeshop/downloaded_images/5904507201951_rtv140aaaa.jpg HTTP/1.1" 200 135975 "-" "Googlebot-Image/1.0"
89.161.206.59 - - [26/May/2025:08:19:45 +0200] "GET /Jurek/waks/feeds/waks_emagro.xml HTTP/1.0" 200 1598638 "-" "-"
46.101.116.244 - - [26/May/2025:08:20:32 +0200] "GET /Jurek/piotrmiedz/feeds/piotrmiedz_skr.xml HTTP/1.0" 200 91045067 "-" "-"
89.161.206.59 - - [26/May/2025:08:21:02 +0200] "GET /Jurek/fertone/feeds/fertone_emagro.xml HTTP/1.0" 200 583982 "-" "-"
89.161.206.59 - - [26/May/2025:08:21:41 +0200] "GET /Jurek/edruk/feeds/edruk_emagro.xml HTTP/1.0" 200 14151334 "-" "-"
89.161.206.59 - - [26/May/2025:08:22:58 +0200] "GET /Jurek/wenom/feeds/wenom_emagro.xml HTTP/1.0" 200 583120 "-" "-"
89.161.206.59 - - [26/May/2025:08:22:58 +0200] "GET /Jurek/madrex/feeds/madrex_emagro.xml HTTP/1.0" 200 466714 "-" "-"
89.161.206.59 - - [26/May/2025:08:22:58 +0200] "GET /Jurek/emaja24/feeds/emaja24_emagro.xml HTTP/1.0" 200 5102276 "-" "-"
89.161.206.59 - - [26/May/2025:08:22:59 +0200] "GET /Jurek/zepnij/feeds/zepnij_emagro.xml HTTP/1.0" 200 19523697 "-" "-"
89.161.206.59 - - [26/May/2025:08:23:36 +0200] "GET /Jurek/zenga/feeds/zenga_emagro.xml HTTP/1.0" 200 222863 "-" "-"
89.161.206.59 - - [26/May/2025:08:23:36 +0200] "GET /Jurek/sternhoff/feeds/sternhoff_emagro.xml HTTP/1.0" 200 1775476 "-" "-"
216.113.184.105 - - [26/May/2025:08:23:54 +0200] "GET /Jurek/topeshop/downloaded_images/5904507207458_Front_mijas_Lewy_zielony.png HTTP/1.1" 404 3551 "http://www.ebay.com/" "Mozilla/5.0 (Windows NT 10.0; Win64; x64) AppleWebKit/537.36 (KHTML, like Gecko) Chrome/123.0.0.0 Safari/537.36"
216.113.184.104 - - [26/May/2025:08:23:54 +0200] "GET /Jurek/topeshop/downloaded_images/5904507207458_mijas_zielony_mirorkopia.jpg HTTP/1.1" 200 126456 "http://www.ebay.com/" "Mozilla/5.0 (Windows NT 10.0; Win64; x64) AppleWebKit/537.36 (KHTML, like Gecko) Chrome/123.0.0.0 Safari/537.36"
216.113.184.104 - - [26/May/2025:08:23:54 +0200] "GET /Jurek/topeshop/downloaded_images/5904507207458_20st_mijas_Lewy_open_zielony.png HTTP/1.1" 404 3551 "http://www.ebay.com/" "Mozilla/5.0 (Windows NT 10.0; Win64; x64) AppleWebKit/537.36 (KHTML, like Gecko) Chrome/123.0.0.0 Safari/537.36"
216.113.184.101 - - [26/May/2025:08:23:55 +0200] "GET /Jurek/topeshop/downloaded_images/5904507207458_20st_mijas_lewy_zielonykopia.png HTTP/1.1" 200 259990 "http://www.ebay.com/" "Mozilla/5.0 (Windows NT 10.0; Win64; x64) AppleWebKit/537.36 (KHTML, like Gecko) Chrome/123.0.0.0 Safari/537.36"
89.161.206.59 - - [26/May/2025:08:24:14 +0200] "GET /Jurek/hlo/feeds/hlo_emagro.xml HTTP/1.0" 200 4838786 "-" "-"
89.161.206.59 - - [26/May/2025:08:24:15 +0200] "GET /Jurek/polzoo/feeds/polzoo_emagro.xml HTTP/1.0" 200 48128654 "-" "-"
89.161.206.59 - - [26/May/2025:08:24:17 +0200] "GET /Jurek/luxma/feeds/luxma_emagro.xml HTTP/1.0" 200 8059142 "-" "-"
89.161.206.59 - - [26/May/2025:08:24:18 +0200] "GET /Jurek/german/feeds/german_emagro.xml HTTP/1.0" 200 2853987 "-" "-"
89.161.206.59 - - [26/May/2025:08:24:20 +0200] "GET /Jurek/oknobest/feeds/oknobest_emagro.xml HTTP/1.0" 200 2708613 "-" "-"
89.161.206.59 - - [26/May/2025:08:24:20 +0200] "GET /Jurek/beautycare/feeds/beautycare_emagro.xml HTTP/1.0" 200 1181602 "-" "-"
89.161.206.59 - - [26/May/2025:08:24:21 +0200] "GET /Jurek/makow/feeds/makow_emagro.xml HTTP/1.0" 200 21206221 "-" "-"
89.161.206.59 - - [26/May/2025:08:24:22 +0200] "GET /Jurek/globaldeli/feeds/globaldeli_emagro.xml HTTP/1.0" 200 2590918 "-" "-"
89.161.206.59 - - [26/May/2025:08:24:22 +0200] "GET /Jurek/hdwr/feeds/hdwr_emagro.xml HTTP/1.0" 200 789591 "-" "-"
66.249.70.38 - - [26/May/2025:08:24:49 +0200] "GET /Jurek/eurofirany/images/383350/7.jpg HTTP/1.1" 200 64895 "-" "Googlebot-Image/1.0"
89.161.206.59 - - [26/May/2025:08:25:35 +0200] "GET /Jurek/stema/feeds/stema_skroutz.xml HTTP/1.0" 200 429102 "-" "-"
216.113.184.105 - - [26/May/2025:08:26:50 +0200] "GET /Jurek/topeshop/downloaded_images/5904507206789_20_st.jpg HTTP/1.1" 200 38111 "http://www.ebay.com/" "Mozilla/5.0 (Windows NT 10.0; Win64; x64) AppleWebKit/537.36 (KHTML, like Gecko) Chrome/123.0.0.0 Safari/537.36"
216.113.184.104 - - [26/May/2025:08:26:50 +0200] "GET /Jurek/topeshop/downloaded_images/5904507206789_front.jpg HTTP/1.1" 200 35805 "http://www.ebay.com/" "Mozilla/5.0 (Windows NT 10.0; Win64; x64) AppleWebKit/537.36 (KHTML, like Gecko) Chrome/123.0.0.0 Safari/537.36"
216.113.184.101 - - [26/May/2025:08:26:50 +0200] "GET /Jurek/topeshop/downloaded_images/5904507206789_Modern2p_Antracyt_Artisan(3).jpg HTTP/1.1" 404 3551 "http://www.ebay.com/" "Mozilla/5.0 (Windows NT 10.0; Win64; x64) AppleWebKit/537.36 (KHTML, like Gecko) Chrome/123.0.0.0 Safari/537.36"
216.113.184.104 - - [26/May/2025:08:26:50 +0200] "GET /Jurek/topeshop/downloaded_images/5904507206789_Modern2p_Antracyt_Artisan(4).jpg HTTP/1.1" 404 3551 "http://www.ebay.com/" "Mozilla/5.0 (Windows NT 10.0; Win64; x64) AppleWebKit/537.36 (KHTML, like Gecko) Chrome/123.0.0.0 Safari/537.36"
216.113.184.103 - - [26/May/2025:08:26:50 +0200] "GET /Jurek/topeshop/downloaded_images/5904507206789_Warstwa0.jpg HTTP/1.1" 404 3551 "http://www.ebay.com/" "Mozilla/5.0 (Windows NT 10.0; Win64; x64) AppleWebKit/537.36 (KHTML, like Gecko) Chrome/123.0.0.0 Safari/537.36"
216.113.184.105 - - [26/May/2025:08:26:50 +0200] "GET /Jurek/topeshop/downloaded_images/5904507206789_Modern0011.jpg HTTP/1.1" 404 3551 "http://www.ebay.com/" "Mozilla/5.0 (Windows NT 10.0; Win64; x64) AppleWebKit/537.36 (KHTML, like Gecko) Chrome/123.0.0.0 Safari/537.36"
216.113.184.103 - - [26/May/2025:08:26:50 +0200] "GET /Jurek/topeshop/downloaded_images/5904507206789_Wymiary_Artisan_Obszar_roboczy_1.jpg HTTP/1.1" 200 44225 "http://www.ebay.com/" "Mozilla/5.0 (Windows NT 10.0; Win64; x64) AppleWebKit/537.36 (KHTML, like Gecko) Chrome/123.0.0.0 Safari/537.36"
216.113.184.104 - - [26/May/2025:08:26:50 +0200] "GET /Jurek/topeshop/downloaded_images/5904507206789_Modern0012.jpg HTTP/1.1" 404 3551 "http://www.ebay.com/" "Mozilla/5.0 (Windows NT 10.0; Win64; x64) AppleWebKit/537.36 (KHTML, like Gecko) Chrome/123.0.0.0 Safari/537.36"
216.113.184.105 - - [26/May/2025:08:26:50 +0200] "GET /Jurek/topeshop/downloaded_images/5904507206789_antracyt-allegro.jpg HTTP/1.1" 200 165184 "http://www.ebay.com/" "Mozilla/5.0 (Windows NT 10.0; Win64; x64) AppleWebKit/537.36 (KHTML, like Gecko) Chrome/123.0.0.0 Safari/537.36"
178.21.154.6 - - [26/May/2025:08:27:40 +0200] "GET /Jurek/eurofirany/images/438720/0.jpg HTTP/1.1" 200 105392 "-" "-"
178.21.154.6 - - [26/May/2025:08:27:40 +0200] "GET /Jurek/eurofirany/images/422874/0.jpg HTTP/1.1" 200 136431 "-" "-"
178.21.154.6 - - [26/May/2025:08:27:40 +0200] "GET /Jurek/eurofirany/images/392045/0.jpg HTTP/1.1" 200 152784 "-" "-"
66.249.70.38 - - [26/May/2025:08:29:02 +0200] "GET / HTTP/1.1" 200 1559 "-" "GoogleOther"
77.79.248.229 - - [26/May/2025:08:29:07 +0200] "GET /Jurek/action/feeds/action_zero.xml HTTP/1.1" 200 59310139 "-" "Python-urllib/3.11"
193.33.8.61 - - [26/May/2025:08:29:07 +0200] "GET /Jurek/action/feeds/action_zero.xml HTTP/2.0" 200 59310139 "https://konsola.dkkapusta1997.usermd.net/" "Mozilla/5.0 (Windows NT 10.0; Win64; x64) AppleWebKit/537.36 (KHTML, like Gecko) Chrome/136.0.0.0 Safari/537.36"
89.161.206.59 - - [26/May/2025:08:29:14 +0200] "GET /Jurek/kristronik/feeds/kristronik_cdsc.xml HTTP/1.0" 200 429828 "-" "-"
66.135.223.42 - - [26/May/2025:08:29:36 +0200] "GET /Jurek/topeshop/downloaded_images/5902838466742_20_st.jpg HTTP/1.1" 200 63928 "http://www.ebay.com/" "Mozilla/5.0 (Windows NT 10.0; Win64; x64) AppleWebKit/537.36 (KHTML, like Gecko) Chrome/123.0.0.0 Safari/537.36"
66.135.223.42 - - [26/May/2025:08:29:36 +0200] "GET /Jurek/topeshop/downloaded_images/5902838466742_front.jpg HTTP/1.1" 200 65288 "http://www.ebay.com/" "Mozilla/5.0 (Windows NT 10.0; Win64; x64) AppleWebKit/537.36 (KHTML, like Gecko) Chrome/123.0.0.0 Safari/537.36"
66.135.223.43 - - [26/May/2025:08:29:36 +0200] "GET /Jurek/topeshop/downloaded_images/5902838466742_20_st_open.jpg HTTP/1.1" 200 59908 "http://www.ebay.com/" "Mozilla/5.0 (Windows NT 10.0; Win64; x64) AppleWebKit/537.36 (KHTML, like Gecko) Chrome/123.0.0.0 Safari/537.36"
66.135.223.43 - - [26/May/2025:08:29:36 +0200] "GET /Jurek/topeshop/downloaded_images/5902838466742_Opal_garderoba_artisan.jpg HTTP/1.1" 404 3551 "http://www.ebay.com/" "Mozilla/5.0 (Windows NT 10.0; Win64; x64) AppleWebKit/537.36 (KHTML, like Gecko) Chrome/123.0.0.0 Safari/537.36"
66.135.223.44 - - [26/May/2025:08:29:36 +0200] "GET /Jurek/topeshop/downloaded_images/5902838466742_front_open.jpg HTTP/1.1" 200 59470 "http://www.ebay.com/" "Mozilla/5.0 (Windows NT 10.0; Win64; x64) AppleWebKit/537.36 (KHTML, like Gecko) Chrome/123.0.0.0 Safari/537.36"
66.135.223.42 - - [26/May/2025:08:29:36 +0200] "GET /Jurek/topeshop/downloaded_images/5902838466742_wymiary_close_Obszar_roboczy_1.jpg HTTP/1.1" 200 80637 "http://www.ebay.com/" "Mozilla/5.0 (Windows NT 10.0; Win64; x64) AppleWebKit/537.36 (KHTML, like Gecko) Chrome/123.0.0.0 Safari/537.36"
66.135.223.40 - - [26/May/2025:08:29:36 +0200] "GET /Jurek/topeshop/downloaded_images/5902838466742_Artisan.jpg HTTP/1.1" 200 113292 "http://www.ebay.com/" "Mozilla/5.0 (Windows NT 10.0; Win64; x64) AppleWebKit/537.36 (KHTML, like Gecko) Chrome/123.0.0.0 Safari/537.36"
66.135.223.44 - - [26/May/2025:08:29:36 +0200] "GET /Jurek/topeshop/downloaded_images/5902838466742_wymiary_open_Obszar_roboczy_1.jpg HTTP/1.1" 200 63926 "http://www.ebay.com/" "Mozilla/5.0 (Windows NT 10.0; Win64; x64) AppleWebKit/537.36 (KHTML, like Gecko) Chrome/123.0.0.0 Safari/537.36"
178.21.154.6 - - [26/May/2025:08:29:57 +0200] "GET /Jurek/eurofirany/images/440558/0.jpg HTTP/1.1" 200 166111 "-" "-"
89.161.206.59 - - [26/May/2025:08:30:56 +0200] "GET /Jurek/regis/feeds/regis_cdsc.xml HTTP/1.0" 200 231389 "-" "-"
66.211.183.71 - - [26/May/2025:08:31:29 +0200] "GET /Jurek/topeshop/downloaded_images/5904507207465_Front_mijas_Lewy_r%C3%B3%C5%BCowy.png HTTP/1.1" 404 3551 "http://www.ebay.com/" "Mozilla/5.0 (Windows NT 10.0; Win64; x64) AppleWebKit/537.36 (KHTML, like Gecko) Chrome/123.0.0.0 Safari/537.36"
66.211.183.70 - - [26/May/2025:08:31:29 +0200] "GET /Jurek/topeshop/downloaded_images/5904507207465_20st_mijas_Lewy_open_r%C3%B3%C5%BCowy.png HTTP/1.1" 404 3551 "http://www.ebay.com/" "Mozilla/5.0 (Windows NT 10.0; Win64; x64) AppleWebKit/537.36 (KHTML, like Gecko) Chrome/123.0.0.0 Safari/537.36"
66.211.183.72 - - [26/May/2025:08:31:29 +0200] "GET /Jurek/topeshop/downloaded_images/5904507207465_mijas_r%C3%B3%C5%BCowy_mirorrrr.jpg HTTP/1.1" 200 126503 "http://www.ebay.com/" "Mozilla/5.0 (Windows NT 10.0; Win64; x64) AppleWebKit/537.36 (KHTML, like Gecko) Chrome/123.0.0.0 Safari/537.36"
66.211.183.72 - - [26/May/2025:08:31:30 +0200] "GET /Jurek/topeshop/downloaded_images/5904507207465_20st_mijas_lewy_r%C3%B3%C5%BCowykopia.png HTTP/1.1" 200 253819 "http://www.ebay.com/" "Mozilla/5.0 (Windows NT 10.0; Win64; x64) AppleWebKit/537.36 (KHTML, like Gecko) Chrome/123.0.0.0 Safari/537.36"
193.33.8.61 - - [26/May/2025:08:33:16 +0200] "GET /Filip/janshop_orders/exports/ HTTP/2.0" 401 3550 "-" "Mozilla/5.0 (Macintosh; Intel Mac OS X 10_15_7) AppleWebKit/605.1.15 (KHTML, like Gecko) Version/17.5 Safari/605.1.15"
193.33.8.61 - maria [26/May/2025:08:33:16 +0200] "GET /Filip/janshop_orders/exports/ HTTP/2.0" 200 36103 "-" "Mozilla/5.0 (Macintosh; Intel Mac OS X 10_15_7) AppleWebKit/605.1.15 (KHTML, like Gecko) Version/17.5 Safari/605.1.15"
193.33.8.61 - maria [26/May/2025:08:33:22 +0200] "GET /Filip/janshop_orders/exports/ HTTP/2.0" 200 36103 "-" "Mozilla/5.0 (Macintosh; Intel Mac OS X 10_15_7) AppleWebKit/605.1.15 (KHTML, like Gecko) Version/17.5 Safari/605.1.15"
66.249.70.37 - - [26/May/2025:08:35:06 +0200] "GET /Jurek/topeshop/downloaded_images/5904507201951_wiz1.jpg HTTP/1.1" 200 135073 "-" "Googlebot-Image/1.0"
85.217.193.216 - - [26/May/2025:08:35:09 +0200] "GET /Jurek/eurofirany/images/366930/1.jpg HTTP/2.0" 200 82208 "https://www.google.com/" "Mozilla/5.0 (Linux; Android 12; SM-G975F Build/SP1A.210812.016; wv) AppleWebKit/537.36 (KHTML, like Gecko) Version/4.0 Chrome/136.0.7103.60 Mobile Safari/537.36 GoogleApp/16.19.43.ve.arm64"
193.33.8.61 - - [26/May/2025:08:35:15 +0200] "GET /Jurek/action/download/action.xml HTTP/2.0" 200 157400894 "https://konsola.dkkapusta1997.usermd.net/" "Mozilla/5.0 (Windows NT 10.0; Win64; x64) AppleWebKit/537.36 (KHTML, like Gecko) Chrome/136.0.0.0 Safari/537.36"
46.101.116.244 - - [26/May/2025:08:35:35 +0200] "GET /Jurek/fernity/feeds/fernity_cdiscount.xml HTTP/1.0" 200 3143469 "-" "-"
52.17.80.36 - - [26/May/2025:08:35:42 +0200] "GET /marketplaces/worten2/results/worten.csv HTTP/1.1" 200 19508585 "-" "Mirakl HttpClient"
46.101.116.244 - - [26/May/2025:08:35:45 +0200] "GET /Jurek/kinghoff/feeds/kinghoff_ceneo.xml HTTP/1.0" 200 15703900 "-" "-"
46.101.116.244 - - [26/May/2025:08:35:45 +0200] "GET /Jurek/barbecook/feeds/barbecook_allegro.xml HTTP/1.0" 200 87554 "-" "-"
46.101.116.244 - - [26/May/2025:08:35:49 +0200] "GET /Jurek/vida_morele/feeds/vidaPL_velomarket_category0.xml HTTP/1.0" 200 159353512 "-" "-"
46.101.116.244 - - [26/May/2025:08:35:58 +0200] "GET /Jurek/vida_morele/feeds/vidaPL_velomarket_category2.xml HTTP/1.0" 200 53594056 "-" "-"
46.101.116.244 - - [26/May/2025:08:36:10 +0200] "GET /Jurek/vida_morele/feeds/vidaPL_velomarket_category1.xml HTTP/1.0" 200 193119101 "-" "-"
46.101.116.244 - - [26/May/2025:08:36:20 +0200] "GET /Jurek/vida_morele/feeds/vidaPL_velomarket_category3.xml HTTP/1.0" 200 60176049 "-" "-"
193.33.8.61 - - [26/May/2025:08:37:13 +0200] "GET /Jurek/eurofirany/feeds/eurofirany_zero.xml HTTP/2.0" 200 15744862 "https://konsola.dkkapusta1997.usermd.net/" "Mozilla/5.0 (Windows NT 10.0; Win64; x64) AppleWebKit/537.36 (KHTML, like Gecko) Chrome/136.0.0.0 Safari/537.36"
77.79.248.229 - - [26/May/2025:08:37:14 +0200] "GET /Jurek/eurofirany/feeds/eurofirany_zero.xml HTTP/1.1" 200 18714671 "-" "Python-urllib/3.11"
193.33.8.61 - - [26/May/2025:08:38:53 +0200] "GET /Filip/janshop_orders/exports/ HTTP/2.0" 401 3550 "-" "Mozilla/5.0 (Macintosh; Intel Mac OS X 10_15_7) AppleWebKit/605.1.15 (KHTML, like Gecko) Version/17.5 Safari/605.1.15"
193.33.8.61 - maria [26/May/2025:08:38:53 +0200] "GET /Filip/janshop_orders/exports/ HTTP/2.0" 200 36218 "-" "Mozilla/5.0 (Macintosh; Intel Mac OS X 10_15_7) AppleWebKit/605.1.15 (KHTML, like Gecko) Version/17.5 Safari/605.1.15"
193.33.8.61 - maria [26/May/2025:08:39:00 +0200] "GET /Filip/janshop_orders/exports/shumee_2025-05-26_08.txt HTTP/2.0" 200 7858 "https://dkkapusta1997.usermd.net/Filip/janshop_orders/exports/" "Mozilla/5.0 (Macintosh; Intel Mac OS X 10_15_7) AppleWebKit/605.1.15 (KHTML, like Gecko) Version/17.5 Safari/605.1.15"
66.135.223.43 - - [26/May/2025:08:39:13 +0200] "GET /Jurek/topeshop/downloaded_images/5904507207472_Front_mijas_Prawy_niebieski.png HTTP/1.1" 404 3551 "http://www.ebay.com/" "Mozilla/5.0 (Windows NT 10.0; Win64; x64) AppleWebKit/537.36 (KHTML, like Gecko) Chrome/123.0.0.0 Safari/537.36"
66.135.223.42 - - [26/May/2025:08:39:13 +0200] "GET /Jurek/topeshop/downloaded_images/5904507207472_20st_mijas_prawy_open_niebieski.png HTTP/1.1" 404 3551 "http://www.ebay.com/" "Mozilla/5.0 (Windows NT 10.0; Win64; x64) AppleWebKit/537.36 (KHTML, like Gecko) Chrome/123.0.0.0 Safari/537.36"
66.135.223.40 - - [26/May/2025:08:39:13 +0200] "GET /Jurek/topeshop/downloaded_images/5904507207472_mijas_prawyniebieski.jpg HTTP/1.1" 200 128106 "http://www.ebay.com/" "Mozilla/5.0 (Windows NT 10.0; Win64; x64) AppleWebKit/537.36 (KHTML, like Gecko) Chrome/123.0.0.0 Safari/537.36"
66.135.223.43 - - [26/May/2025:08:39:14 +0200] "GET /Jurek/topeshop/downloaded_images/5904507207472_20st_mijas_prawy_niebieski.png HTTP/1.1" 200 245526 "http://www.ebay.com/" "Mozilla/5.0 (Windows NT 10.0; Win64; x64) AppleWebKit/537.36 (KHTML, like Gecko) Chrome/123.0.0.0 Safari/537.36"
89.161.206.59 - - [26/May/2025:08:39:38 +0200] "GET /Jurek/takapara/feeds/takapara_skroutz.xml HTTP/1.0" 200 1342577 "-" "-"
66.249.70.36 - - [26/May/2025:08:40:15 +0200] "GET /Jurek/eurofirany/images/383350/1.jpg HTTP/1.1" 200 73776 "-" "Googlebot-Image/1.0"
77.79.248.229 - - [26/May/2025:08:40:21 +0200] "GET /Jurek/aw/feeds/awnarzedzia_zero.xml HTTP/1.1" 200 91060154 "-" "Python-urllib/3.11"
193.33.8.61 - - [26/May/2025:08:40:28 +0200] "GET /Jurek/aw/feeds/awnarzedzia_zero.xml HTTP/2.0" 200 25190229 "https://konsola.dkkapusta1997.usermd.net/" "Mozilla/5.0 (Windows NT 10.0; Win64; x64) AppleWebKit/537.36 (KHTML, like Gecko) Chrome/136.0.0.0 Safari/537.36"
89.161.206.59 - - [26/May/2025:08:42:13 +0200] "GET /Jurek/kinghoff/feeds/kinghoff_emaghu.xml HTTP/1.0" 200 15710455 "-" "-"
89.161.206.59 - - [26/May/2025:08:43:02 +0200] "GET /Jurek/domzapachy/feeds/domzapachy_emagro.xml HTTP/1.0" 200 179806 "-" "-"
89.161.206.59 - - [26/May/2025:08:43:19 +0200] "GET /Jurek/pastelnitka/feeds/pastelnitka_zero.xml HTTP/1.0" 200 1827914 "-" "-"
89.161.206.59 - - [26/May/2025:08:43:35 +0200] "GET /Jurek/princelh/feeds/princelh_emagro.xml HTTP/1.0" 200 133460 "-" "-"
3.126.202.245 - - [26/May/2025:08:43:39 +0200] "GET /Jurek/topeshop/downloaded_images/5904507209421_modern2p-slim-20st.jpg HTTP/2.0" 200 53719 "-" "Mozilla/5.0 (Windows NT 10.0; Win64; x64) AppleWebKit/537.36 (KHTML, like Gecko) Chrome/109.0.0.0 Safari/537.36"
46.101.116.244 - - [26/May/2025:08:44:31 +0200] "GET /Jurek/eurofirany/feeds/eurofirany_empik.xml HTTP/1.0" 200 18720092 "-" "-"
89.161.206.59 - - [26/May/2025:08:44:35 +0200] "GET /Jurek/princelh/feeds/princelh_emagro.xml HTTP/1.0" 200 133460 "-" "-"
66.249.70.37 - - [26/May/2025:08:45:24 +0200] "GET /Jurek/eurofirany/images/383350/8.jpg HTTP/1.1" 200 38324 "-" "Googlebot-Image/1.0"
89.161.206.59 - - [26/May/2025:08:45:41 +0200] "GET /Jurek/swiatecznygoliat/feeds/swiatecznygoliat_amazonde.xml HTTP/1.0" 200 7054387 "-" "-"
46.101.116.244 - - [26/May/2025:08:46:27 +0200] "GET /Jurek/chemex/feeds/chemex_empik.xml HTTP/1.0" 200 47822490 "-" "-"
89.161.206.59 - - [26/May/2025:08:46:40 +0200] "GET /Jurek/artdog/feeds/artdog_amazonbe.xml HTTP/1.0" 200 17158741 "-" "-"
66.249.70.36 - - [26/May/2025:08:47:00 +0200] "GET /Jurek/topeshop/downloaded_images/5904507209421_Modern2PSLIM(2).jpg HTTP/1.1" 404 3551 "-" "Googlebot-Image/1.0"
66.249.70.36 - - [26/May/2025:08:47:57 +0200] "GET /Jurek/eurofirany/images/424077/0.jpg HTTP/1.1" 200 80844 "-" "Googlebot-Image/1.0"
66.249.70.37 - - [26/May/2025:08:53:07 +0200] "GET /Jurek/eurofirany/images/383350/6.jpg HTTP/1.1" 200 148829 "-" "Googlebot-Image/1.0"
66.135.223.42 - - [26/May/2025:08:57:09 +0200] "GET /Jurek/topeshop/downloaded_images/5904507207489_20st_mijas_prawy_open_zielony.png HTTP/1.1" 404 3551 "http://www.ebay.com/" "Mozilla/5.0 (Windows NT 10.0; Win64; x64) AppleWebKit/537.36 (KHTML, like Gecko) Chrome/123.0.0.0 Safari/537.36"
66.135.223.40 - - [26/May/2025:08:57:10 +0200] "GET /Jurek/topeshop/downloaded_images/5904507207489_mijas_zielonykopiaaa.jpg HTTP/1.1" 200 126282 "http://www.ebay.com/" "Mozilla/5.0 (Windows NT 10.0; Win64; x64) AppleWebKit/537.36 (KHTML, like Gecko) Chrome/123.0.0.0 Safari/537.36"
66.135.223.44 - - [26/May/2025:08:57:10 +0200] "GET /Jurek/topeshop/downloaded_images/5904507207489_Front_mijas_Prawy_zielony.png HTTP/1.1" 404 3551 "http://www.ebay.com/" "Mozilla/5.0 (Windows NT 10.0; Win64; x64) AppleWebKit/537.36 (KHTML, like Gecko) Chrome/123.0.0.0 Safari/537.36"
66.135.223.41 - - [26/May/2025:08:57:10 +0200] "GET /Jurek/topeshop/downloaded_images/5904507207489_20st_mijas_prawy_zielonykopia.png HTTP/1.1" 200 223941 "http://www.ebay.com/" "Mozilla/5.0 (Windows NT 10.0; Win64; x64) AppleWebKit/537.36 (KHTML, like Gecko) Chrome/123.0.0.0 Safari/537.36"
66.211.183.70 - - [26/May/2025:08:58:23 +0200] "GET /Jurek/topeshop/downloaded_images/5904507200282_4.jpg HTTP/1.1" 200 28279 "http://www.ebay.com/" "Mozilla/5.0 (Windows NT 10.0; Win64; x64) AppleWebKit/537.36 (KHTML, like Gecko) Chrome/123.0.0.0 Safari/537.36"
66.211.183.72 - - [26/May/2025:08:58:23 +0200] "GET /Jurek/topeshop/downloaded_images/5904507200282_SD-50sonoma20008orgina%C5%82(26).png HTTP/1.1" 404 3551 "http://www.ebay.com/" "Mozilla/5.0 (Windows NT 10.0; Win64; x64) AppleWebKit/537.36 (KHTML, like Gecko) Chrome/123.0.0.0 Safari/537.36"
66.211.183.72 - - [26/May/2025:08:58:23 +0200] "GET /Jurek/topeshop/downloaded_images/5904507200282_mini.jpg HTTP/1.1" 404 3551 "http://www.ebay.com/" "Mozilla/5.0 (Windows NT 10.0; Win64; x64) AppleWebKit/537.36 (KHTML, like Gecko) Chrome/123.0.0.0 Safari/537.36"
66.211.183.71 - - [26/May/2025:08:58:23 +0200] "GET /Jurek/topeshop/downloaded_images/5904507200282_4-(1).jpg HTTP/1.1" 404 3551 "http://www.ebay.com/" "Mozilla/5.0 (Windows NT 10.0; Win64; x64) AppleWebKit/537.36 (KHTML, like Gecko) Chrome/123.0.0.0 Safari/537.36"
66.211.183.72 - - [26/May/2025:08:58:24 +0200] "GET /Jurek/topeshop/downloaded_images/5904507200282_3.jpg HTTP/1.1" 200 24121 "http://www.ebay.com/" "Mozilla/5.0 (Windows NT 10.0; Win64; x64) AppleWebKit/537.36 (KHTML, like Gecko) Chrome/123.0.0.0 Safari/537.36"
66.211.183.74 - - [26/May/2025:08:58:24 +0200] "GET /Jurek/topeshop/downloaded_images/5904507200282_SD-50sonoma20008orgina%C5%82(27).png HTTP/1.1" 404 3551 "http://www.ebay.com/" "Mozilla/5.0 (Windows NT 10.0; Win64; x64) AppleWebKit/537.36 (KHTML, like Gecko) Chrome/123.0.0.0 Safari/537.36"
66.211.183.72 - - [26/May/2025:08:58:24 +0200] "GET /Jurek/topeshop/downloaded_images/5904507200282_SD-50sonoma20008orgina%C5%82(28).png HTTP/1.1" 404 3551 "http://www.ebay.com/" "Mozilla/5.0 (Windows NT 10.0; Win64; x64) AppleWebKit/537.36 (KHTML, like Gecko) Chrome/123.0.0.0 Safari/537.36"
66.211.183.73 - - [26/May/2025:08:58:24 +0200] "GET /Jurek/topeshop/downloaded_images/5904507200282_SD-50sonoma20008orgina%C5%82(29).png HTTP/1.1" 404 3551 "http://www.ebay.com/" "Mozilla/5.0 (Windows NT 10.0; Win64; x64) AppleWebKit/537.36 (KHTML, like Gecko) Chrome/123.0.0.0 Safari/537.36"
35.204.39.32 - - [26/May/2025:09:00:17 +0200] "GET /marketplaces/carrefour_fr/results/carrefour_fr.csv HTTP/1.1" 200 147219 "-" "Mirakl HttpClient"
85.14.86.141 - - [26/May/2025:09:00:17 +0200] "GET /Jurek/vida_morele/feeds/VidaPL_all.xml HTTP/2.0" 200 868672068 "-" "MarketplaceAPI curl/7.74.0 PHP/8"
52.209.168.113 - - [26/May/2025:09:00:51 +0200] "GET /marketplaces/ubaldi/results/ubaldi.csv HTTP/1.1" 200 147219 "-" "Mirakl HttpClient"
35.204.39.32 - - [26/May/2025:09:01:17 +0200] "GET /marketplaces/vente/results/vente_nl.csv HTTP/1.1" 200 147219 "-" "Mirakl HttpClient"
35.204.39.32 - - [26/May/2025:09:01:17 +0200] "GET /marketplaces/vente/results/vente_fr.csv HTTP/1.1" 200 147219 "-" "Mirakl HttpClient"
35.204.39.32 - - [26/May/2025:09:01:17 +0200] "GET /marketplaces/vente/results/vente_be.csv HTTP/1.1" 200 163603 "-" "Mirakl HttpClient"
35.204.39.32 - - [26/May/2025:09:01:17 +0200] "GET /marketplaces/vente/results/vente_it.csv HTTP/1.1" 200 147219 "-" "Mirakl HttpClient"
35.204.39.32 - - [26/May/2025:09:01:17 +0200] "GET /marketplaces/vente/results/vente_es.csv HTTP/1.1" 200 147219 "-" "Mirakl HttpClient"
35.204.39.32 - - [26/May/2025:09:01:17 +0200] "GET /marketplaces/vente/results/vente_de.csv HTTP/1.1" 200 147219 "-" "Mirakl HttpClient"
89.161.206.59 - - [26/May/2025:09:02:06 +0200] "GET /Jurek/kobi/feeds/kobi_ebayde.xml HTTP/1.0" 200 713508 "-" "-"
52.209.168.113 - - [26/May/2025:09:02:09 +0200] "GET /marketplaces/rue/results/rue.csv HTTP/1.1" 200 7584538 "-" "Mirakl HttpClient"
46.101.116.244 - - [26/May/2025:09:02:54 +0200] "GET /Jurek/topeshop/feeds/topeshop_alza.xml HTTP/2.0" 200 3014557 "-" "-"
46.101.116.244 - - [26/May/2025:09:03:05 +0200] "GET /Jurek/topeshop/feeds/topeshop_kauflandde.xml HTTP/2.0" 200 3013423 "-" "-"
46.101.116.244 - - [26/May/2025:09:03:16 +0200] "GET /Jurek/topeshop/feeds/topeshop_kauflandcz.xml HTTP/2.0" 200 3014556 "-" "-"
46.101.116.244 - - [26/May/2025:09:03:27 +0200] "GET /Jurek/topeshop/feeds/topeshop_kauflandsk.xml HTTP/2.0" 200 3013446 "-" "-"
52.18.22.0 - - [26/May/2025:09:03:37 +0200] "GET /marketplaces/carrefour/results/carrefour.csv HTTP/1.1" 200 147221 "-" "Mirakl HttpClient"
46.101.116.244 - - [26/May/2025:09:03:38 +0200] "GET /Jurek/ikonka/feeds/ikonka_alza.xml HTTP/2.0" 200 20677787 "-" "-"
46.101.116.244 - - [26/May/2025:09:03:50 +0200] "GET /Jurek/ikonka/feeds/ikonka_kaufcz.xml HTTP/2.0" 200 20677771 "-" "-"
46.101.116.244 - - [26/May/2025:09:04:02 +0200] "GET /Jurek/ikonka/feeds/ikonka_kaufde.xml HTTP/2.0" 200 20675319 "-" "-"
85.14.86.141 - - [26/May/2025:09:04:18 +0200] "GET /Jurek/kinghoff/feeds/kinghoff_morele.xml HTTP/2.0" 200 15703732 "-" "MarketplaceAPI curl/7.74.0 PHP/8"
66.249.70.37 - - [26/May/2025:09:04:25 +0200] "GET /Jurek/eurofirany/images/383350/0.jpg HTTP/1.1" 200 67932 "-" "Googlebot-Image/1.0"
46.101.116.244 - - [26/May/2025:09:04:46 +0200] "GET /Jurek/stema/feeds/stema_alza.xml HTTP/2.0" 200 894531 "-" "-"
46.101.116.244 - - [26/May/2025:09:04:56 +0200] "GET /Jurek/stema/feeds/stema_kaufcz.xml HTTP/2.0" 200 894535 "-" "-"
46.101.116.244 - - [26/May/2025:09:05:07 +0200] "GET /Jurek/stema/feeds/stema_kaufde.xml HTTP/2.0" 200 893813 "-" "-"
89.161.206.59 - - [26/May/2025:09:05:49 +0200] "GET /Jurek/beautycare/feeds/beautycare_amazonde.xml HTTP/1.0" 200 1181267 "-" "-"
89.161.206.59 - - [26/May/2025:09:05:49 +0200] "GET /Jurek/princelh/feeds/princelh_amazonde.xml HTTP/1.0" 200 133438 "-" "-"
89.161.206.59 - - [26/May/2025:09:05:49 +0200] "GET /Jurek/omi/feeds/omi_amazonde.xml HTTP/1.0" 200 8100682 "-" "-"
89.161.206.59 - - [26/May/2025:09:05:50 +0200] "GET /Jurek/smxdesign/feeds/smxdesign_amazonde.xml HTTP/1.0" 200 1829013 "-" "-"
89.161.206.59 - - [26/May/2025:09:05:58 +0200] "GET /Jurek/eroplace/feeds/eroplace_skroutz.xml HTTP/1.0" 200 51200989 "-" "-"
89.161.206.59 - - [26/May/2025:09:06:28 +0200] "GET /Jurek/kambukka/feeds/kambukka_emagro.xml HTTP/1.0" 200 1023569 "-" "-"
89.161.206.59 - - [26/May/2025:09:06:28 +0200] "GET /Jurek/amzteam/feeds/amzteam_emagro.xml HTTP/1.0" 200 97894 "-" "-"
178.21.154.6 - - [26/May/2025:09:06:28 +0200] "GET /Jurek/topeshop/downloaded_images/5902838468685_KOLKA-GUMOWE-KAUCZUKOWE-MOCNE-DO-FOTELA-OBROTOWEGO.jpg HTTP/1.1" 200 21599 "-" "-"
89.161.206.59 - - [26/May/2025:09:06:28 +0200] "GET /Jurek/benetech/feeds/benetech_emagro.xml HTTP/1.0" 200 4165674 "-" "-"
89.161.206.59 - - [26/May/2025:09:06:28 +0200] "GET /Jurek/sempler/feeds/sempler_emagro.xml HTTP/1.0" 200 6788435 "-" "-"
89.161.206.59 - - [26/May/2025:09:06:29 +0200] "GET /Jurek/kinghoff/feeds/kinghoff_emagro.xml HTTP/1.0" 200 15704974 "-" "-"
89.161.206.59 - - [26/May/2025:09:06:30 +0200] "GET /Jurek/slayo/feeds/slayo_emagro.xml HTTP/1.0" 200 183625 "-" "-"
46.101.116.244 - - [26/May/2025:09:06:56 +0200] "GET /Jurek/gimmik/feeds/gimmik_mallsiex.xml HTTP/2.0" 404 3551 "-" "-"
85.14.86.141 - - [26/May/2025:09:07:08 +0200] "GET /Jurek/eurofirany/feeds/eurofirany_morele.xml HTTP/2.0" 200 18720286 "-" "MarketplaceAPI curl/7.74.0 PHP/8"
