46.101.116.244 - - [26/May/2025:15:04:14 +0200] "GET /Jurek/octopia/feeds/octopia_kauflandsk.xml HTTP/2.0" 200 10103788 "-" "-"
51.77.52.107 - - [26/May/2025:15:04:23 +0200] "GET /Jurek/eurofirany/images/469621/0.jpg HTTP/2.0" 200 144291 "-" "baselinker"
46.101.116.244 - - [26/May/2025:15:04:26 +0200] "GET /Jurek/rovicky/feeds/rovicky_kauflandsk.xml HTTP/2.0" 200 14714156 "-" "-"
85.14.86.141 - - [26/May/2025:15:04:33 +0200] "GET /Jurek/kinghoff/feeds/kinghoff_morele.xml HTTP/2.0" 200 15662312 "-" "MarketplaceAPI curl/7.74.0 PHP/8"
46.101.116.244 - - [26/May/2025:15:04:37 +0200] "GET /Jurek/stema/feeds/stema_kauflandsk.xml HTTP/2.0" 200 893819 "-" "-"
51.77.52.107 - - [26/May/2025:15:04:43 +0200] "GET /Jurek/eurofirany/images/469621/0.jpg HTTP/2.0" 200 144291 "-" "baselinker"
46.101.116.244 - - [26/May/2025:15:04:47 +0200] "GET /Jurek/twm/feeds/twm-kauflandsk.xml HTTP/2.0" 200 2489378 "-" "-"
46.101.116.244 - - [26/May/2025:15:04:54 +0200] "GET /Jurek/vida_morele/feeds/vidaPL_velomarket_category4.xml HTTP/1.0" 200 57251888 "-" "-"
46.101.116.244 - - [26/May/2025:15:04:59 +0200] "GET /Jurek/unimet/feeds/unimet_kauflandsk.xml HTTP/2.0" 200 61141281 "-" "-"
46.101.116.244 - - [26/May/2025:15:05:02 +0200] "GET /Jurek/vida_morele/feeds/vidaPL_velomarket_category5.xml HTTP/1.0" 200 144911985 "-" "-"
85.232.241.194 - - [26/May/2025:15:05:03 +0200] "GET /Jurek/kobi/feeds/kobi_vente_be.xml HTTP/1.1" 200 942936 "-" "Python-urllib/3.11"
85.232.241.194 - - [26/May/2025:15:05:04 +0200] "GET /Jurek/topeshop/feeds/topeshop_vente_be.xml HTTP/1.1" 200 3016856 "-" "Python-urllib/3.11"
51.77.52.107 - - [26/May/2025:15:05:09 +0200] "GET /Jurek/eurofirany/images/469621/0.jpg HTTP/2.0" 200 144291 "-" "baselinker"
85.232.241.194 - - [26/May/2025:15:05:10 +0200] "GET /Jurek/fernity/feeds/fernity_vente_be.xml HTTP/1.1" 200 3088950 "-" "Python-urllib/3.11"
85.232.241.194 - - [26/May/2025:15:05:10 +0200] "GET /Jurek/kinghome/feeds/kinghome_vente_be.xml HTTP/1.1" 200 5619292 "-" "Python-urllib/3.11"
85.232.241.194 - - [26/May/2025:15:05:10 +0200] "GET /Jurek/emibig/feeds/emibig_vente_be.xml HTTP/1.1" 200 2522249 "-" "Python-urllib/3.11"
85.232.241.194 - - [26/May/2025:15:05:10 +0200] "GET /Jurek/b3/feeds/b3_vente_be.xml HTTP/1.1" 200 8067372 "-" "Python-urllib/3.11"
85.232.241.194 - - [26/May/2025:15:05:17 +0200] "GET /Jurek/aw/feeds/aw_vente_be.xml HTTP/1.1" 200 91084668 "-" "Python-urllib/3.11"
51.77.52.107 - - [26/May/2025:15:05:20 +0200] "GET /Jurek/eurofirany/images/469623/0.jpg HTTP/2.0" 200 144291 "-" "baselinker"
170.39.217.236 - - [26/May/2025:15:05:27 +0200] "GET /.git/HEAD HTTP/1.1" 404 3551 "-" "-"
157.55.39.8 - - [26/May/2025:15:05:37 +0200] "GET /Jurek/topeshop/downloaded_images/5904507201906_MIJASBIURKOBRY%C5%81KAANTRACYTLEWEBOKZM.jpg HTTP/2.0" 404 3551 "-" "Mozilla/5.0 AppleWebKit/537.36 (KHTML, like Gecko; compatible; bingbot/2.0; +http://www.bing.com/bingbot.htm) Chrome/116.0.1938.76 Safari/537.36"
51.77.52.107 - - [26/May/2025:15:05:40 +0200] "GET /Jurek/eurofirany/images/469623/0.jpg HTTP/2.0" 200 144291 "-" "baselinker"
40.77.167.32 - - [26/May/2025:15:05:43 +0200] "GET /Jurek/topeshop/downloaded_images/5904507200084_MIJASBIURKOBRY%C5%81KABIELPRAWEBOKZM.jpg HTTP/2.0" 404 3551 "-" "Mozilla/5.0 AppleWebKit/537.36 (KHTML, like Gecko; compatible; bingbot/2.0; +http://www.bing.com/bingbot.htm) Chrome/116.0.1938.76 Safari/537.36"
85.232.241.194 - - [26/May/2025:15:05:43 +0200] "GET /Jurek/asortymenteu/feeds/asortymenteu_vente_be.xml HTTP/1.1" 200 2868466 "-" "Python-urllib/3.11"
51.77.52.107 - - [26/May/2025:15:05:48 +0200] "GET /Jurek/eurofirany/images/469623/0.jpg HTTP/2.0" 200 144291 "-" "baselinker"
89.161.206.59 - - [26/May/2025:15:05:48 +0200] "GET /Jurek/madrex/feeds/madrex_skroutz.xml HTTP/1.0" 200 466735 "-" "-"
85.232.241.194 - - [26/May/2025:15:05:49 +0200] "GET /Jurek/hurtownia_przemyslowa/feeds/hp_vente_be.xml HTTP/1.1" 200 49361821 "-" "Python-urllib/3.11"
51.77.52.107 - - [26/May/2025:15:05:52 +0200] "GET /Jurek/eurofirany/images/469584/0.jpg HTTP/2.0" 200 176499 "-" "baselinker"
51.77.52.107 - - [26/May/2025:15:05:58 +0200] "GET /Jurek/eurofirany/images/469584/0.jpg HTTP/2.0" 200 176499 "-" "baselinker"
51.77.52.107 - - [26/May/2025:15:06:26 +0200] "GET /Jurek/eurofirany/images/469584/0.jpg HTTP/2.0" 200 176499 "-" "baselinker"
193.33.8.61 - - [26/May/2025:15:06:36 +0200] "GET /Filip/janshop_orders/exports/ HTTP/2.0" 401 3550 "-" "Mozilla/5.0 (Macintosh; Intel Mac OS X 10_15_7) AppleWebKit/605.1.15 (KHTML, like Gecko) Version/17.5 Safari/605.1.15"
193.33.8.61 - maria [26/May/2025:15:06:36 +0200] "GET /Filip/janshop_orders/exports/ HTTP/2.0" 200 36787 "-" "Mozilla/5.0 (Macintosh; Intel Mac OS X 10_15_7) AppleWebKit/605.1.15 (KHTML, like Gecko) Version/17.5 Safari/605.1.15"
89.161.206.59 - - [26/May/2025:15:06:37 +0200] "GET /Jurek/eurofirany/feeds/eurofirany_amazonFR.xml HTTP/1.0" 200 18718617 "-" "-"
193.33.8.61 - maria [26/May/2025:15:06:39 +0200] "GET /Filip/janshop_orders/exports/great_2025-05-26_15.txt HTTP/2.0" 200 4022 "https://dkkapusta1997.usermd.net/Filip/janshop_orders/exports/" "Mozilla/5.0 (Macintosh; Intel Mac OS X 10_15_7) AppleWebKit/605.1.15 (KHTML, like Gecko) Version/17.5 Safari/605.1.15"
89.161.206.59 - - [26/May/2025:15:06:39 +0200] "GET /Jurek/eurofirany/feeds/eurofirany_amazonNL.xml HTTP/1.0" 200 18718705 "-" "-"
193.33.8.61 - maria [26/May/2025:15:06:40 +0200] "GET /Filip/janshop_orders/exports/extra_2025-05-26_15.txt HTTP/2.0" 200 2275 "https://dkkapusta1997.usermd.net/Filip/janshop_orders/exports/" "Mozilla/5.0 (Macintosh; Intel Mac OS X 10_15_7) AppleWebKit/605.1.15 (KHTML, like Gecko) Version/17.5 Safari/605.1.15"
193.33.8.61 - maria [26/May/2025:15:06:40 +0200] "GET /Filip/janshop_orders/exports/shumee_2025-05-26_15.txt HTTP/2.0" 200 1377 "https://dkkapusta1997.usermd.net/Filip/janshop_orders/exports/" "Mozilla/5.0 (Macintosh; Intel Mac OS X 10_15_7) AppleWebKit/605.1.15 (KHTML, like Gecko) Version/17.5 Safari/605.1.15"
89.161.206.59 - - [26/May/2025:15:06:41 +0200] "GET /Jurek/eurofirany/feeds/eurofirany_amazonIT.xml HTTP/1.0" 200 18718902 "-" "-"
89.161.206.59 - - [26/May/2025:15:06:43 +0200] "GET /Jurek/eurofirany/feeds/eurofirany_amazonSE.xml HTTP/1.0" 200 18735719 "-" "-"
40.77.167.32 - - [26/May/2025:15:06:46 +0200] "GET /convert/eurofirany-to-ceneo.php HTTP/2.0" 499 0 "-" "Mozilla/5.0 AppleWebKit/537.36 (KHTML, like Gecko; compatible; bingbot/2.0; +http://www.bing.com/bingbot.htm) Chrome/116.0.1938.76 Safari/537.36"
89.161.206.59 - - [26/May/2025:15:06:46 +0200] "GET /Jurek/eurofirany/feeds/eurofirany_amazonBE.xml HTTP/1.0" 200 18718561 "-" "-"
89.161.206.59 - - [26/May/2025:15:06:51 +0200] "GET /Jurek/pupus/feeds/pupus_amazonfr.xml HTTP/1.0" 200 6154489 "-" "-"
89.161.206.59 - - [26/May/2025:15:06:51 +0200] "GET /Jurek/pupus/feeds/pupus_amazonnl.xml HTTP/1.0" 200 6154391 "-" "-"
51.77.52.107 - - [26/May/2025:15:06:52 +0200] "GET /Jurek/eurofirany/images/469586/0.jpg HTTP/2.0" 200 176499 "-" "baselinker"
89.161.206.59 - - [26/May/2025:15:06:52 +0200] "GET /Jurek/pupus/feeds/pupus_amazonse.xml HTTP/1.0" 200 6156526 "-" "-"
89.161.206.59 - - [26/May/2025:15:06:52 +0200] "GET /Jurek/pupus/feeds/pupus_amazonbe.xml HTTP/1.0" 200 6154445 "-" "-"
89.161.206.59 - - [26/May/2025:15:06:52 +0200] "GET /Jurek/pupus/feeds/pupus_amazonit.xml HTTP/1.0" 200 6154587 "-" "-"
89.161.206.59 - - [26/May/2025:15:06:53 +0200] "GET /Jurek/pupus/feeds/pupus_amazones.xml HTTP/1.0" 200 6154435 "-" "-"
85.14.86.141 - - [26/May/2025:15:07:44 +0200] "GET /Jurek/eurofirany/feeds/eurofirany_morele.xml HTTP/2.0" 200 18720286 "-" "MarketplaceAPI curl/7.74.0 PHP/8"
51.77.52.107 - - [26/May/2025:15:07:52 +0200] "GET /Jurek/eurofirany/images/469586/0.jpg HTTP/2.0" 200 176499 "-" "baselinker"
89.161.206.59 - - [26/May/2025:15:07:54 +0200] "GET /Jurek/eurofryz2/feeds/eurofryz2_skroutz.xml HTTP/1.0" 200 1376739 "-" "-"
89.161.206.59 - - [26/May/2025:15:07:54 +0200] "GET /Jurek/eurofryz3/feeds/eurofryz3_skroutz.xml HTTP/1.0" 200 172220 "-" "-"
46.101.116.244 - - [26/May/2025:15:07:54 +0200] "GET /Jurek/vivaldi/feeds/vivaldi_kauflandsk.xml HTTP/2.0" 200 344642 "-" "-"
89.161.206.59 - - [26/May/2025:15:07:55 +0200] "GET /Jurek/lendo/feeds/lendo_skroutz.xml HTTP/1.0" 200 330394 "-" "-"
51.77.52.107 - - [26/May/2025:15:07:58 +0200] "GET /Jurek/eurofirany/images/469586/0.jpg HTTP/2.0" 200 176499 "-" "baselinker"
85.232.241.194 - - [26/May/2025:15:08:10 +0200] "GET /Jurek/kobi/feeds/kobi_vente_es.xml HTTP/1.1" 200 942910 "-" "Python-urllib/3.11"
46.101.116.244 - - [26/May/2025:15:08:11 +0200] "GET /Jurek/piotrmiedz/feeds/piotrmiedz_amazonde.xml HTTP/1.0" 200 91046150 "-" "-"
46.101.116.244 - - [26/May/2025:15:08:16 +0200] "GET /Jurek/vidaSK/feeds/vida_kaufland.xml HTTP/2.0" 200 551898916 "-" "-"
85.232.241.194 - - [26/May/2025:15:08:17 +0200] "GET /Jurek/topeshop/feeds/topeshop_vente_es.xml HTTP/1.1" 200 3016870 "-" "Python-urllib/3.11"
85.232.241.194 - - [26/May/2025:15:08:18 +0200] "GET /Jurek/fernity/feeds/fernity_vente_es.xml HTTP/1.1" 200 3089057 "-" "Python-urllib/3.11"
85.232.241.194 - - [26/May/2025:15:08:23 +0200] "GET /Jurek/kinghome/feeds/kinghome_vente_es.xml HTTP/1.1" 200 5619513 "-" "Python-urllib/3.11"
85.232.241.194 - - [26/May/2025:15:08:23 +0200] "GET /Jurek/emibig/feeds/emibig_vente_es.xml HTTP/1.1" 200 2522555 "-" "Python-urllib/3.11"
85.232.241.194 - - [26/May/2025:15:08:23 +0200] "GET /Jurek/b3/feeds/b3_vente_es.xml HTTP/1.1" 200 8067553 "-" "Python-urllib/3.11"
85.232.241.194 - - [26/May/2025:15:08:23 +0200] "GET /Jurek/aw/feeds/aw_vente_es.xml HTTP/1.1" 200 91088050 "-" "Python-urllib/3.11"
51.77.52.107 - - [26/May/2025:15:08:24 +0200] "GET /Jurek/eurofirany/images/469587/0.jpg HTTP/2.0" 200 136603 "-" "baselinker"
85.14.86.141 - - [26/May/2025:15:08:32 +0200] "GET /Jurek/vivaldi/feeds/vivaldi_Morele-PL.xml HTTP/2.0" 200 344674 "-" "MarketplaceAPI curl/7.74.0 PHP/8"
51.77.52.107 - - [26/May/2025:15:08:32 +0200] "GET /Jurek/eurofirany/images/469587/0.jpg HTTP/2.0" 200 136603 "-" "baselinker"
85.232.241.194 - - [26/May/2025:15:08:36 +0200] "GET /Jurek/asortymenteu/feeds/asortymenteu_vente_es.xml HTTP/1.1" 200 2868496 "-" "Python-urllib/3.11"
85.232.241.194 - - [26/May/2025:15:08:37 +0200] "GET /Jurek/hurtownia_przemyslowa/feeds/hp_vente_es.xml HTTP/1.1" 200 49362536 "-" "Python-urllib/3.11"
51.77.52.107 - - [26/May/2025:15:08:38 +0200] "GET /Jurek/eurofirany/images/469587/0.jpg HTTP/2.0" 200 136603 "-" "baselinker"
89.161.206.59 - - [26/May/2025:15:08:41 +0200] "GET /Jurek/playcob/feeds/playcob_skroutz.xml HTTP/1.0" 200 6980130 "-" "-"
51.77.52.107 - - [26/May/2025:15:08:45 +0200] "GET /Jurek/eurofirany/images/469590/0.jpg HTTP/2.0" 200 136603 "-" "baselinker"
89.161.206.59 - - [26/May/2025:15:08:46 +0200] "GET /Jurek/nexus/feeds/nexus_skroutz.xml HTTP/1.0" 200 226627 "-" "-"
89.161.206.59 - - [26/May/2025:15:08:47 +0200] "GET /Jurek/alucon/feeds/alucon_skroutz.xml HTTP/1.0" 200 553574 "-" "-"
51.77.52.107 - - [26/May/2025:15:09:04 +0200] "GET /Jurek/eurofirany/images/469590/0.jpg HTTP/2.0" 200 136603 "-" "baselinker"
46.101.116.244 - - [26/May/2025:15:09:04 +0200] "GET /Jurek/madrex/feeds/madrex_kauflandde.xml HTTP/2.0" 200 466712 "-" "-"
89.161.206.59 - - [26/May/2025:15:09:06 +0200] "GET /Jurek/cbdgreen/feeds/cbdgreen_skroutz.xml HTTP/1.0" 200 30342 "-" "-"
89.161.206.59 - - [26/May/2025:15:09:07 +0200] "GET /Jurek/aiofactory/feeds/aiofactory_ebayde.xml HTTP/1.0" 200 2123746 "-" "-"
185.6.76.18 - - [26/May/2025:15:09:13 +0200] "GET /marketplaces/skroutz/feeds/shumee.xml HTTP/1.1" 200 411853746 "-" "SkroutzBot v1.0"
46.101.116.244 - - [26/May/2025:15:09:15 +0200] "GET /Jurek/hurtmeblowy/feeds/hurtmeblowy_kauflandde.xml HTTP/2.0" 200 7518135 "-" "-"
89.161.206.59 - - [26/May/2025:15:09:24 +0200] "GET /Jurek/snibbs/feeds/snibbs_skroutz.xml HTTP/1.0" 200 74398 "-" "-"
89.161.206.59 - - [26/May/2025:15:09:24 +0200] "GET /Jurek/coppotech/feeds/coppotech_skroutz.xml HTTP/1.0" 200 37852809 "-" "-"
89.161.206.59 - - [26/May/2025:15:09:26 +0200] "GET /Jurek/elavia/feeds/elavia_skroutz.xml HTTP/1.0" 200 2297061 "-" "-"
51.77.52.107 - - [26/May/2025:15:09:26 +0200] "GET /Jurek/eurofirany/images/469590/0.jpg HTTP/2.0" 200 136603 "-" "baselinker"
46.101.116.244 - - [26/May/2025:15:09:27 +0200] "GET /Jurek/piotrmiedz/feeds/piotrmiedz_amazonnl.xml HTTP/1.0" 200 91042218 "-" "-"
89.161.206.59 - - [26/May/2025:15:09:28 +0200] "GET /Jurek/maksik/feeds/maksik_skroutz.xml HTTP/1.0" 200 4084808 "-" "-"
89.161.206.59 - - [26/May/2025:15:09:30 +0200] "GET /Jurek/globaldeli/feeds/globaldeli_skroutz.xml HTTP/1.0" 200 2590887 "-" "-"
89.161.206.59 - - [26/May/2025:15:09:34 +0200] "GET /Jurek/smxdesign/feeds/smxdesign_skroutz.xml HTTP/1.0" 200 1828975 "-" "-"
46.101.116.244 - - [26/May/2025:15:09:34 +0200] "GET /Jurek/piotrmiedz/feeds/piotrmiedz_amazones.xml HTTP/1.0" 200 91046517 "-" "-"
51.77.52.107 - - [26/May/2025:15:09:35 +0200] "GET /Jurek/eurofirany/images/469591/0.jpg HTTP/2.0" 200 136603 "-" "baselinker"
89.161.206.59 - - [26/May/2025:15:09:35 +0200] "GET /Jurek/princelh/feeds/princelh_skroutz.xml HTTP/1.0" 200 133435 "-" "-"
89.161.206.59 - - [26/May/2025:15:09:36 +0200] "GET /Jurek/proparts/feeds/proparts_skroutz.xml HTTP/1.0" 200 707497 "-" "-"
46.101.116.244 - - [26/May/2025:15:09:37 +0200] "GET /Jurek/kobi/feeds/kobi_kauflandde.xml HTTP/2.0" 200 942917 "-" "-"
89.161.206.59 - - [26/May/2025:15:09:39 +0200] "GET /Jurek/winoszarnia/feeds/winoszarnia_skroutz.xml HTTP/1.0" 200 6064801 "-" "-"
89.161.206.59 - - [26/May/2025:15:09:41 +0200] "GET /Jurek/kristronik/feeds/kristronik_skroutz.xml HTTP/1.0" 200 691991 "-" "-"
89.161.206.59 - - [26/May/2025:15:09:42 +0200] "GET /Jurek/beltimore/feeds/beltimore_skroutz.xml HTTP/1.0" 200 18651567 "-" "-"
46.101.116.244 - - [26/May/2025:15:09:42 +0200] "GET /Jurek/piotrmiedz/feeds/piotrmiedz_amazonit.xml HTTP/1.0" 200 91045381 "-" "-"
51.77.52.107 - - [26/May/2025:15:09:42 +0200] "GET /Jurek/eurofirany/images/469591/0.jpg HTTP/2.0" 200 136603 "-" "baselinker"
89.161.206.59 - - [26/May/2025:15:09:43 +0200] "GET /Jurek/techrebalina/feeds/techrebalina_skroutz.xml HTTP/1.0" 200 2011192 "-" "-"
89.161.206.59 - - [26/May/2025:15:09:43 +0200] "GET /Jurek/techrebal/feeds/techrebal_skroutz.xml HTTP/1.0" 200 1969161 "-" "-"
89.161.206.59 - - [26/May/2025:15:09:44 +0200] "GET /Jurek/nonabox/feeds/nonabox_skroutz.xml HTTP/1.0" 200 33864 "-" "-"
89.161.206.59 - - [26/May/2025:15:09:46 +0200] "GET /Jurek/omi/feeds/omi_skroutz.xml HTTP/1.0" 200 8100726 "-" "-"
46.101.116.244 - - [26/May/2025:15:09:48 +0200] "GET /Jurek/matkam/feeds/matkam_kauflandde.xml HTTP/2.0" 200 4424494 "-" "-"
46.101.116.244 - - [26/May/2025:15:09:50 +0200] "GET /Jurek/piotrmiedz/feeds/piotrmiedz_amazonfr.xml HTTP/1.0" 200 91037075 "-" "-"
51.77.52.107 - - [26/May/2025:15:09:50 +0200] "GET /Jurek/eurofirany/images/469591/0.jpg HTTP/2.0" 200 136603 "-" "baselinker"
89.161.206.59 - - [26/May/2025:15:09:55 +0200] "GET /Jurek/eoptimo/feeds/eoptimo_skroutz.xml HTTP/1.0" 200 2094330 "-" "-"
85.14.86.141 - - [26/May/2025:15:09:55 +0200] "GET /Jurek/vida_morele/feeds/VidaPL_morele.xml HTTP/2.0" 200 867290084 "-" "MarketplaceAPI curl/7.74.0 PHP/8"
89.161.206.59 - - [26/May/2025:15:09:56 +0200] "GET /Jurek/broers/feeds/broers_skroutz.xml HTTP/1.0" 200 1981481 "-" "-"
46.101.116.244 - - [26/May/2025:15:09:59 +0200] "GET /Jurek/action/feeds/action_kauflandde.xml HTTP/2.0" 200 58654902 "-" "-"
85.14.86.141 - - [26/May/2025:15:10:06 +0200] "GET /Jurek/aw/feeds/awnarzedzia_morele.xml HTTP/2.0" 200 91097992 "-" "MarketplaceAPI curl/7.74.0 PHP/8"
51.77.52.107 - - [26/May/2025:15:10:14 +0200] "GET /Jurek/eurofirany/images/469612/0.jpg HTTP/2.0" 200 159953 "-" "baselinker"
51.77.52.107 - - [26/May/2025:15:10:36 +0200] "GET /Jurek/eurofirany/images/469612/0.jpg HTTP/2.0" 200 159953 "-" "baselinker"
40.77.167.25 - - [26/May/2025:15:10:40 +0200] "GET /Jurek/topeshop/downloaded_images/5902838464359_KUBABIURKOBRY%C5%81KABIELBOKZM.jpg HTTP/2.0" 404 3551 "-" "Mozilla/5.0 AppleWebKit/537.36 (KHTML, like Gecko; compatible; bingbot/2.0; +http://www.bing.com/bingbot.htm) Chrome/116.0.1938.76 Safari/537.36"
89.161.206.59 - - [26/May/2025:15:10:48 +0200] "GET /Jurek/ikonka/feeds/ikonka_amazonDE.xml HTTP/1.0" 200 20724913 "-" "-"
89.161.206.59 - - [26/May/2025:15:10:49 +0200] "GET /Jurek/ikonka/feeds/ikonka_amazonIT.xml HTTP/1.0" 200 20724949 "-" "-"
89.161.206.59 - - [26/May/2025:15:10:50 +0200] "GET /Jurek/ikonka/feeds/ikonka_amazonFR.xml HTTP/1.0" 200 20724943 "-" "-"
89.161.206.59 - - [26/May/2025:15:10:51 +0200] "GET /Jurek/ikonka/feeds/ikonka_amazonES.xml HTTP/1.0" 200 20724982 "-" "-"
89.161.206.59 - - [26/May/2025:15:10:52 +0200] "GET /Jurek/ikonka/feeds/ikonka_amazonNL.xml HTTP/1.0" 200 20724913 "-" "-"
89.161.206.59 - - [26/May/2025:15:10:57 +0200] "GET /Jurek/waks/feeds/waks_amazonde.xml HTTP/1.0" 200 1596552 "-" "-"
51.77.52.107 - - [26/May/2025:15:10:58 +0200] "GET /Jurek/eurofirany/images/469612/0.jpg HTTP/2.0" 200 159953 "-" "baselinker"
89.161.206.59 - - [26/May/2025:15:10:58 +0200] "GET /Jurek/waks/feeds/waks_amazonfr.xml HTTP/1.0" 200 1596552 "-" "-"
89.161.206.59 - - [26/May/2025:15:10:58 +0200] "GET /Jurek/waks/feeds/waks_amazonit.xml HTTP/1.0" 200 1596551 "-" "-"
89.161.206.59 - - [26/May/2025:15:10:58 +0200] "GET /Jurek/waks/feeds/waks_amazones.xml HTTP/1.0" 200 1596552 "-" "-"
89.161.206.59 - - [26/May/2025:15:10:58 +0200] "GET /Jurek/carbonyway/feeds/carbonyway_skroutz.xml HTTP/1.0" 200 3075968 "-" "-"
89.161.206.59 - - [26/May/2025:15:10:58 +0200] "GET /Jurek/jakdroz/feeds/jakdroz_skroutz.xml HTTP/1.0" 200 1894278 "-" "-"
89.161.206.59 - - [26/May/2025:15:10:58 +0200] "GET /Jurek/waks/feeds/waks_amazonnl.xml HTTP/1.0" 200 1596551 "-" "-"
89.161.206.59 - - [26/May/2025:15:10:59 +0200] "GET /Jurek/waks/feeds/waks_amazonse.xml HTTP/1.0" 200 1598639 "-" "-"
89.161.206.59 - - [26/May/2025:15:10:59 +0200] "GET /Jurek/eroplace/feeds/eroplace_amazonde.xml HTTP/1.0" 200 52134196 "-" "-"
89.161.206.59 - - [26/May/2025:15:11:00 +0200] "GET /Jurek/filmal/feeds/filmal_skroutz.xml HTTP/1.0" 200 139275 "-" "-"
89.161.206.59 - - [26/May/2025:15:11:00 +0200] "GET /Jurek/jakdroz/feeds/jakdroz_skroutz.xml HTTP/1.0" 200 1894278 "-" "-"
89.161.206.59 - - [26/May/2025:15:11:01 +0200] "GET /Jurek/riko/feeds/riko_skr.xml HTTP/1.0" 200 3785003 "-" "-"
85.232.241.194 - - [26/May/2025:15:11:02 +0200] "GET /Jurek/kobi/feeds/kobi_vente_it.xml HTTP/1.1" 200 942934 "-" "Python-urllib/3.11"
89.161.206.59 - - [26/May/2025:15:11:02 +0200] "GET /Jurek/tsjerzy/feeds/tsjerzy_skr.xml HTTP/1.0" 200 3841022 "-" "-"
89.161.206.59 - - [26/May/2025:15:11:02 +0200] "GET /Jurek/sebmart/feeds/sebmart_skr.xml HTTP/1.0" 200 1598728 "-" "-"
89.161.206.59 - - [26/May/2025:15:11:03 +0200] "GET /Jurek/eroplace/feeds/eroplace_amazonse.xml HTTP/1.0" 200 52158675 "-" "-"
89.161.206.59 - - [26/May/2025:15:11:03 +0200] "GET /Jurek/harmonypost/feeds/harmonypost_skr.xml HTTP/1.0" 200 39903562 "-" "-"
89.161.206.59 - - [26/May/2025:15:11:05 +0200] "GET /Jurek/eroplace/feeds/eroplace_amazonnl.xml HTTP/1.0" 200 52134390 "-" "-"
85.232.241.194 - - [26/May/2025:15:11:07 +0200] "GET /Jurek/topeshop/feeds/topeshop_vente_it.xml HTTP/1.1" 200 3016841 "-" "Python-urllib/3.11"
85.232.241.194 - - [26/May/2025:15:11:07 +0200] "GET /Jurek/fernity/feeds/fernity_vente_it.xml HTTP/1.1" 200 3089057 "-" "Python-urllib/3.11"
85.232.241.194 - - [26/May/2025:15:11:07 +0200] "GET /Jurek/kinghome/feeds/kinghome_vente_it.xml HTTP/1.1" 200 5619463 "-" "Python-urllib/3.11"
89.161.206.59 - - [26/May/2025:15:11:07 +0200] "GET /Jurek/eroplace/feeds/eroplace_amazonfr.xml HTTP/1.0" 200 52134809 "-" "-"
85.232.241.194 - - [26/May/2025:15:11:08 +0200] "GET /Jurek/emibig/feeds/emibig_vente_it.xml HTTP/1.1" 200 2522440 "-" "Python-urllib/3.11"
85.14.86.141 - - [26/May/2025:15:11:11 +0200] "GET /Jurek/beliani/feeds/beliani_morele.xml HTTP/2.0" 200 29791798 "-" "MarketplaceAPI curl/7.74.0 PHP/8"
89.161.206.59 - - [26/May/2025:15:11:11 +0200] "GET /Jurek/eroplace/feeds/eroplace_amazonit.xml HTTP/1.0" 200 52134827 "-" "-"
89.161.206.59 - - [26/May/2025:15:11:11 +0200] "GET /Jurek/eroplace/feeds/eroplace_amazones.xml HTTP/1.0" 200 52134674 "-" "-"
85.232.241.194 - - [26/May/2025:15:11:13 +0200] "GET /Jurek/b3/feeds/b3_vente_it.xml HTTP/1.1" 200 8067492 "-" "Python-urllib/3.11"
85.232.241.194 - - [26/May/2025:15:11:13 +0200] "GET /Jurek/aw/feeds/aw_vente_it.xml HTTP/1.1" 200 91086610 "-" "Python-urllib/3.11"
51.77.52.107 - - [26/May/2025:15:11:19 +0200] "GET /Jurek/eurofirany/images/469613/0.jpg HTTP/2.0" 200 159953 "-" "baselinker"
85.232.241.194 - - [26/May/2025:15:11:27 +0200] "GET /Jurek/asortymenteu/feeds/asortymenteu_vente_it.xml HTTP/1.1" 200 2868457 "-" "Python-urllib/3.11"
85.232.241.194 - - [26/May/2025:15:11:33 +0200] "GET /Jurek/hurtownia_przemyslowa/feeds/hp_vente_it.xml HTTP/1.1" 200 49362214 "-" "Python-urllib/3.11"
51.77.52.107 - - [26/May/2025:15:12:19 +0200] "GET /Jurek/eurofirany/images/469613/0.jpg HTTP/2.0" 200 159953 "-" "baselinker"
51.77.52.107 - - [26/May/2025:15:12:27 +0200] "GET /Jurek/eurofirany/images/469613/0.jpg HTTP/2.0" 200 159953 "-" "baselinker"
46.101.116.244 - - [26/May/2025:15:12:27 +0200] "GET /Jurek/kinghoff/feeds/kinghoff_kauflandde.xml HTTP/2.0" 200 15661337 "-" "-"
66.211.183.70 - - [26/May/2025:15:12:45 +0200] "GET /Jurek/topeshop/downloaded_images/5904507200299_SD-50artisan20008orgina%C5%82(25).png HTTP/1.1" 404 3551 "http://www.ebay.com/" "Mozilla/5.0 (Windows NT 10.0; Win64; x64) AppleWebKit/537.36 (KHTML, like Gecko) Chrome/123.0.0.0 Safari/537.36"
66.211.183.71 - - [26/May/2025:15:12:45 +0200] "GET /Jurek/topeshop/downloaded_images/5904507200299_3.jpg HTTP/1.1" 200 23598 "http://www.ebay.com/" "Mozilla/5.0 (Windows NT 10.0; Win64; x64) AppleWebKit/537.36 (KHTML, like Gecko) Chrome/123.0.0.0 Safari/537.36"
66.211.183.72 - - [26/May/2025:15:12:45 +0200] "GET /Jurek/topeshop/downloaded_images/5904507200299_SD-50artisan20008orgina%C5%82(28).png HTTP/1.1" 404 3551 "http://www.ebay.com/" "Mozilla/5.0 (Windows NT 10.0; Win64; x64) AppleWebKit/537.36 (KHTML, like Gecko) Chrome/123.0.0.0 Safari/537.36"
66.211.183.72 - - [26/May/2025:15:12:45 +0200] "GET /Jurek/topeshop/downloaded_images/5904507200299_SD-50artisan20008orgina%C5%82(26).png HTTP/1.1" 404 3551 "http://www.ebay.com/" "Mozilla/5.0 (Windows NT 10.0; Win64; x64) AppleWebKit/537.36 (KHTML, like Gecko) Chrome/123.0.0.0 Safari/537.36"
66.211.183.72 - - [26/May/2025:15:12:45 +0200] "GET /Jurek/topeshop/downloaded_images/5904507200299_3-otwarty-artisan.jpg HTTP/1.1" 200 38910 "http://www.ebay.com/" "Mozilla/5.0 (Windows NT 10.0; Win64; x64) AppleWebKit/537.36 (KHTML, like Gecko) Chrome/123.0.0.0 Safari/537.36"
66.211.183.74 - - [26/May/2025:15:12:45 +0200] "GET /Jurek/topeshop/downloaded_images/5904507200299_4-final-artisan.jpg HTTP/1.1" 200 34216 "http://www.ebay.com/" "Mozilla/5.0 (Windows NT 10.0; Win64; x64) AppleWebKit/537.36 (KHTML, like Gecko) Chrome/123.0.0.0 Safari/537.36"
66.211.183.71 - - [26/May/2025:15:12:45 +0200] "GET /Jurek/topeshop/downloaded_images/5904507200299_SD-50artisan20008orgina%C5%82(27).png HTTP/1.1" 404 3551 "http://www.ebay.com/" "Mozilla/5.0 (Windows NT 10.0; Win64; x64) AppleWebKit/537.36 (KHTML, like Gecko) Chrome/123.0.0.0 Safari/537.36"
66.211.183.72 - - [26/May/2025:15:12:45 +0200] "GET /Jurek/topeshop/downloaded_images/5904507200299_4.jpg HTTP/1.1" 200 27718 "http://www.ebay.com/" "Mozilla/5.0 (Windows NT 10.0; Win64; x64) AppleWebKit/537.36 (KHTML, like Gecko) Chrome/123.0.0.0 Safari/537.36"
66.211.183.73 - - [26/May/2025:15:12:45 +0200] "GET /Jurek/topeshop/downloaded_images/5904507200299_porawny-1-artisan.jpg HTTP/1.1" 200 21469 "http://www.ebay.com/" "Mozilla/5.0 (Windows NT 10.0; Win64; x64) AppleWebKit/537.36 (KHTML, like Gecko) Chrome/123.0.0.0 Safari/537.36"
51.77.52.107 - - [26/May/2025:15:12:46 +0200] "GET /Jurek/eurofirany/images/469614/0.jpg HTTP/2.0" 200 159953 "-" "baselinker"
46.101.116.244 - - [26/May/2025:15:12:57 +0200] "GET /Jurek/unimet/feeds/unimet_kauflandde.xml HTTP/2.0" 200 61138777 "-" "-"
51.77.52.107 - - [26/May/2025:15:13:16 +0200] "GET /Jurek/eurofirany/images/469614/0.jpg HTTP/2.0" 200 159953 "-" "baselinker"
51.77.52.107 - - [26/May/2025:15:13:33 +0200] "GET /Jurek/eurofirany/images/469614/0.jpg HTTP/2.0" 200 159953 "-" "baselinker"
51.77.52.107 - - [26/May/2025:15:13:49 +0200] "GET /Jurek/eurofirany/images/469615/0.jpg HTTP/2.0" 200 165861 "-" "baselinker"
51.77.52.107 - - [26/May/2025:15:13:54 +0200] "GET /Jurek/eurofirany/images/469615/0.jpg HTTP/2.0" 200 165861 "-" "baselinker"
46.101.116.244 - - [26/May/2025:15:13:56 +0200] "GET /Jurek/kinghoff/feeds/kinghoff_allegro.xml HTTP/1.0" 200 15663269 "-" "-"
85.232.241.194 - - [26/May/2025:15:13:56 +0200] "GET /Jurek/kobi/feeds/kobi_vente_ne.xml HTTP/1.1" 200 942931 "-" "Python-urllib/3.11"
85.232.241.194 - - [26/May/2025:15:14:03 +0200] "GET /Jurek/topeshop/feeds/topeshop_vente_ne.xml HTTP/1.1" 200 3016827 "-" "Python-urllib/3.11"
85.232.241.194 - - [26/May/2025:15:14:03 +0200] "GET /Jurek/fernity/feeds/fernity_vente_ne.xml HTTP/1.1" 200 3088918 "-" "Python-urllib/3.11"
85.232.241.194 - - [26/May/2025:15:14:04 +0200] "GET /Jurek/kinghome/feeds/kinghome_vente_ne.xml HTTP/1.1" 200 5619329 "-" "Python-urllib/3.11"
85.232.241.194 - - [26/May/2025:15:14:04 +0200] "GET /Jurek/emibig/feeds/emibig_vente_ne.xml HTTP/1.1" 200 2522247 "-" "Python-urllib/3.11"
85.232.241.194 - - [26/May/2025:15:14:10 +0200] "GET /Jurek/b3/feeds/b3_vente_nl.xml HTTP/1.1" 200 8067327 "-" "Python-urllib/3.11"
85.232.241.194 - - [26/May/2025:15:14:16 +0200] "GET /Jurek/aw/feeds/aw_vente_nl.xml HTTP/1.1" 200 91084952 "-" "Python-urllib/3.11"
51.77.52.107 - - [26/May/2025:15:14:18 +0200] "GET /Jurek/eurofirany/images/469615/0.jpg HTTP/2.0" 200 165861 "-" "baselinker"
51.77.52.107 - - [26/May/2025:15:14:29 +0200] "GET /Jurek/eurofirany/images/469616/0.jpg HTTP/2.0" 200 165861 "-" "baselinker"
85.232.241.194 - - [26/May/2025:15:14:30 +0200] "GET /Jurek/asortymenteu/feeds/asortymenteu_vente_nl.xml HTTP/1.1" 200 2868459 "-" "Python-urllib/3.11"
85.232.241.194 - - [26/May/2025:15:14:36 +0200] "GET /Jurek/hurtownia_przemyslowa/feeds/hp_vente_nl.xml HTTP/1.1" 200 49361984 "-" "Python-urllib/3.11"
193.33.8.61 - - [26/May/2025:15:14:46 +0200] "GET /Jurek/eany_blc/data.csv HTTP/2.0" 200 85397570 "https://dkkapusta1997.usermd.net/Jurek/eany_blc/" "Mozilla/5.0 (Windows NT 10.0; Win64; x64) AppleWebKit/537.36 (KHTML, like Gecko) Chrome/136.0.0.0 Safari/537.36"
51.77.52.107 - - [26/May/2025:15:14:54 +0200] "GET /Jurek/eurofirany/images/469616/0.jpg HTTP/2.0" 200 165861 "-" "baselinker"
51.77.52.107 - - [26/May/2025:15:15:14 +0200] "GET /Jurek/eurofirany/images/469616/0.jpg HTTP/2.0" 200 165861 "-" "baselinker"
51.77.52.107 - - [26/May/2025:15:15:18 +0200] "GET /Jurek/eurofirany/images/469617/0.jpg HTTP/2.0" 200 165861 "-" "baselinker"
51.77.52.107 - - [26/May/2025:15:15:38 +0200] "GET /Jurek/eurofirany/images/469617/0.jpg HTTP/2.0" 200 165861 "-" "baselinker"
51.77.52.107 - - [26/May/2025:15:15:46 +0200] "GET /Jurek/eurofirany/images/469617/0.jpg HTTP/2.0" 200 165861 "-" "baselinker"
51.77.52.107 - - [26/May/2025:15:16:04 +0200] "GET /Jurek/eurofirany/images/468192/0.jpg HTTP/2.0" 200 70986 "-" "baselinker"
89.161.206.59 - - [26/May/2025:15:16:09 +0200] "GET /Jurek/kambukka/feeds/kambukka_amazonfr.xml HTTP/1.0" 200 1023474 "-" "-"
89.161.206.59 - - [26/May/2025:15:16:09 +0200] "GET /Jurek/kambukka/feeds/kambukka_amazonit.xml HTTP/1.0" 200 1023480 "-" "-"
89.161.206.59 - - [26/May/2025:15:16:09 +0200] "GET /Jurek/kambukka/feeds/kambukka_amazones.xml HTTP/1.0" 200 1023474 "-" "-"
89.161.206.59 - - [26/May/2025:15:16:09 +0200] "GET /Jurek/kambukka/feeds/kambukka_amazonnl.xml HTTP/1.0" 200 1023334 "-" "-"
89.161.206.59 - - [26/May/2025:15:16:10 +0200] "GET /Jurek/kambukka/feeds/kambukka_amazonse.xml HTTP/1.0" 200 1023748 "-" "-"
46.101.116.244 - - [26/May/2025:15:16:10 +0200] "GET /Jurek/hurtownia_przemyslowa/feeds/hp_kaufde.xml HTTP/2.0" 200 49360176 "-" "-"
89.161.206.59 - - [26/May/2025:15:16:11 +0200] "GET /Jurek/hdwr/feeds/hdwr_amazonse.xml HTTP/1.0" 200 789710 "-" "-"
40.77.167.14 - - [26/May/2025:15:16:16 +0200] "GET /Jurek/eurofirany/images/423209/0.jpg HTTP/2.0" 200 0 "-" "Mozilla/5.0 AppleWebKit/537.36 (KHTML, like Gecko; compatible; bingbot/2.0; +http://www.bing.com/bingbot.htm) Chrome/116.0.1938.76 Safari/537.36"
157.55.39.49 - - [26/May/2025:15:16:21 +0200] "GET /Jurek/topeshop/downloaded_images/5904507201876_KUBABIURKOBRY%C5%81KAANTRACYTBOKZM.jpg HTTP/2.0" 404 3551 "-" "Mozilla/5.0 AppleWebKit/537.36 (KHTML, like Gecko; compatible; bingbot/2.0; +http://www.bing.com/bingbot.htm) Chrome/116.0.1938.76 Safari/537.36"
89.161.206.59 - - [26/May/2025:15:16:25 +0200] "GET /Jurek/eurofirany/feeds/eurofirany_amazonES.xml HTTP/1.0" 200 18718873 "-" "-"
51.77.52.107 - - [26/May/2025:15:16:26 +0200] "GET /Jurek/eurofirany/images/468192/0.jpg HTTP/2.0" 200 70986 "-" "baselinker"
89.161.206.59 - - [26/May/2025:15:16:27 +0200] "GET /Jurek/benetech/feeds/benetech_amazonnl.xml HTTP/1.0" 200 4165411 "-" "-"
89.161.206.59 - - [26/May/2025:15:16:28 +0200] "GET /Jurek/benetech/feeds/benetech_amazonit.xml HTTP/1.0" 200 4165402 "-" "-"
89.161.206.59 - - [26/May/2025:15:16:28 +0200] "GET /Jurek/benetech/feeds/benetech_amazones.xml HTTP/1.0" 200 4165409 "-" "-"
89.161.206.59 - - [26/May/2025:15:16:28 +0200] "GET /Jurek/benetech/feeds/benetech_amazonfr.xml HTTP/1.0" 200 4165394 "-" "-"
89.161.206.59 - - [26/May/2025:15:16:28 +0200] "GET /Jurek/benetech/feeds/benetech_amazonbe.xml HTTP/1.0" 200 4165402 "-" "-"
89.161.206.59 - - [26/May/2025:15:16:29 +0200] "GET /Jurek/benetech/feeds/benetech_amazonse.xml HTTP/1.0" 200 4165790 "-" "-"
89.161.206.59 - - [26/May/2025:15:16:29 +0200] "GET /Jurek/eurofirany/feeds/eurofirany_amazaon_de.xml HTTP/1.0" 200 18718856 "-" "-"
69.63.184.21 - - [26/May/2025:15:16:30 +0200] "GET /Jurek/eurofirany/images/400252/1.jpg HTTP/2.0" 200 38052 "https://www.emag.hu/nova-lepedo-160x210-cm-vilagos-szurke-eurofirany-400252/pd/DL1D5LMBM/?fbclid=IwZXh0bgNhZW0CMTEAAR5-LQhl4STZccevi5eKqYZcAnbJNifKD63VnkxiANipVJakjpVsFy0ALQP5CA_aem_UvmgNjYWvJ-T-al6_fxYew" "facebookexternalhit/1.1 (+http://www.facebook.com/externalhit_uatext.php)"
69.63.184.21 - - [26/May/2025:15:16:30 +0200] "GET /Jurek/eurofirany/images/400252/2.jpg HTTP/2.0" 200 46617 "https://www.emag.hu/nova-lepedo-160x210-cm-vilagos-szurke-eurofirany-400252/pd/DL1D5LMBM/?fbclid=IwZXh0bgNhZW0CMTEAAR5-LQhl4STZccevi5eKqYZcAnbJNifKD63VnkxiANipVJakjpVsFy0ALQP5CA_aem_UvmgNjYWvJ-T-al6_fxYew" "facebookexternalhit/1.1 (+http://www.facebook.com/externalhit_uatext.php)"
69.63.184.21 - - [26/May/2025:15:16:30 +0200] "GET /Jurek/eurofirany/images/400252/3.jpg HTTP/2.0" 200 118477 "https://www.emag.hu/nova-lepedo-160x210-cm-vilagos-szurke-eurofirany-400252/pd/DL1D5LMBM/?fbclid=IwZXh0bgNhZW0CMTEAAR5-LQhl4STZccevi5eKqYZcAnbJNifKD63VnkxiANipVJakjpVsFy0ALQP5CA_aem_UvmgNjYWvJ-T-al6_fxYew" "facebookexternalhit/1.1 (+http://www.facebook.com/externalhit_uatext.php)"
69.63.184.21 - - [26/May/2025:15:16:30 +0200] "GET /Jurek/eurofirany/images/400252/4.jpg HTTP/2.0" 200 60735 "https://www.emag.hu/nova-lepedo-160x210-cm-vilagos-szurke-eurofirany-400252/pd/DL1D5LMBM/?fbclid=IwZXh0bgNhZW0CMTEAAR5-LQhl4STZccevi5eKqYZcAnbJNifKD63VnkxiANipVJakjpVsFy0ALQP5CA_aem_UvmgNjYWvJ-T-al6_fxYew" "facebookexternalhit/1.1 (+http://www.facebook.com/externalhit_uatext.php)"
69.63.184.21 - - [26/May/2025:15:16:30 +0200] "GET /Jurek/eurofirany/images/400252/5.jpg HTTP/2.0" 200 95302 "https://www.emag.hu/nova-lepedo-160x210-cm-vilagos-szurke-eurofirany-400252/pd/DL1D5LMBM/?fbclid=IwZXh0bgNhZW0CMTEAAR5-LQhl4STZccevi5eKqYZcAnbJNifKD63VnkxiANipVJakjpVsFy0ALQP5CA_aem_UvmgNjYWvJ-T-al6_fxYew" "facebookexternalhit/1.1 (+http://www.facebook.com/externalhit_uatext.php)"
69.63.184.21 - - [26/May/2025:15:16:31 +0200] "GET /Jurek/eurofirany/images/400252/6.jpg HTTP/2.0" 200 90946 "https://www.emag.hu/nova-lepedo-160x210-cm-vilagos-szurke-eurofirany-400252/pd/DL1D5LMBM/?fbclid=IwZXh0bgNhZW0CMTEAAR5-LQhl4STZccevi5eKqYZcAnbJNifKD63VnkxiANipVJakjpVsFy0ALQP5CA_aem_UvmgNjYWvJ-T-al6_fxYew" "facebookexternalhit/1.1 (+http://www.facebook.com/externalhit_uatext.php)"
89.161.206.59 - - [26/May/2025:15:16:31 +0200] "GET /Jurek/pupus/feeds/pupus_amazonde.xml HTTP/1.0" 200 6154265 "-" "-"
89.161.206.59 - - [26/May/2025:15:16:31 +0200] "GET /Jurek/dekoele/feeds/dekoele_amazonde.xml HTTP/1.0" 200 733938 "-" "-"
89.161.206.59 - - [26/May/2025:15:16:32 +0200] "GET /Jurek/dekoele/feeds/dekoele_amazonit.xml HTTP/1.0" 200 733937 "-" "-"
89.161.206.59 - - [26/May/2025:15:16:32 +0200] "GET /Jurek/dekoele/feeds/dekoele_amazonfr.xml HTTP/1.0" 200 733935 "-" "-"
89.161.206.59 - - [26/May/2025:15:16:32 +0200] "GET /Jurek/dekoele/feeds/dekoele_amazones.xml HTTP/1.0" 200 733934 "-" "-"
89.161.206.59 - - [26/May/2025:15:16:32 +0200] "GET /Jurek/dekoele/feeds/dekoele_amazonnl.xml HTTP/1.0" 200 733934 "-" "-"
89.161.206.59 - - [26/May/2025:15:16:32 +0200] "GET /Jurek/dekoele/feeds/dekoele_amazonse.xml HTTP/1.0" 200 734007 "-" "-"
89.161.206.59 - - [26/May/2025:15:16:32 +0200] "GET /Jurek/dekoele/feeds/dekoele_amazonbe.xml HTTP/1.0" 200 733934 "-" "-"
51.77.52.107 - - [26/May/2025:15:16:33 +0200] "GET /Jurek/eurofirany/images/468192/0.jpg HTTP/2.0" 200 70986 "-" "baselinker"
89.161.206.59 - - [26/May/2025:15:16:37 +0200] "GET /Jurek/artdog/feeds/artdog_amazonfr.xml HTTP/1.0" 200 17158573 "-" "-"
51.77.52.107 - - [26/May/2025:15:16:44 +0200] "GET /Jurek/eurofirany/images/468193/0.jpg HTTP/2.0" 200 96601 "-" "baselinker"
69.171.249.1 - - [26/May/2025:15:16:54 +0200] "GET /robots.txt HTTP/2.0" 404 3551 "-" "facebookexternalhit/1.1 (+http://www.facebook.com/externalhit_uatext.php)"
85.232.241.194 - - [26/May/2025:15:16:55 +0200] "GET /Jurek/kobi/feeds/kobi_vente_de.xml HTTP/1.1" 200 942907 "-" "Python-urllib/3.11"
69.171.249.5 - - [26/May/2025:15:16:55 +0200] "GET /Jurek/eurofirany/images/400252/1.jpg HTTP/2.0" 200 38052 "-" "facebookexternalhit/1.1 (+http://www.facebook.com/externalhit_uatext.php)"
69.171.249.7 - - [26/May/2025:15:16:55 +0200] "GET /Jurek/eurofirany/images/400252/2.jpg HTTP/2.0" 200 46617 "-" "facebookexternalhit/1.1 (+http://www.facebook.com/externalhit_uatext.php)"
69.171.249.9 - - [26/May/2025:15:16:56 +0200] "GET /Jurek/eurofirany/images/400252/6.jpg HTTP/2.0" 200 90946 "-" "facebookexternalhit/1.1 (+http://www.facebook.com/externalhit_uatext.php)"
69.171.249.8 - - [26/May/2025:15:16:56 +0200] "GET /Jurek/eurofirany/images/400252/5.jpg HTTP/2.0" 200 95302 "-" "facebookexternalhit/1.1 (+http://www.facebook.com/externalhit_uatext.php)"
69.171.249.4 - - [26/May/2025:15:16:56 +0200] "GET /Jurek/eurofirany/images/400252/4.jpg HTTP/2.0" 200 60735 "-" "facebookexternalhit/1.1 (+http://www.facebook.com/externalhit_uatext.php)"
69.171.249.10 - - [26/May/2025:15:16:56 +0200] "GET /Jurek/eurofirany/images/400252/3.jpg HTTP/2.0" 200 118477 "-" "facebookexternalhit/1.1 (+http://www.facebook.com/externalhit_uatext.php)"
46.101.116.244 - - [26/May/2025:15:16:59 +0200] "GET /Jurek/piotrmiedz/feeds/piotrmiedz_mallsi.xml HTTP/2.0" 200 91044754 "-" "-"
85.232.241.194 - - [26/May/2025:15:17:01 +0200] "GET /Jurek/topeshop/feeds/topeshop_vente_de.xml HTTP/1.1" 200 3016745 "-" "Python-urllib/3.11"
85.232.241.194 - - [26/May/2025:15:17:01 +0200] "GET /Jurek/fernity/feeds/fernity_vente_de.xml HTTP/1.1" 200 3088931 "-" "Python-urllib/3.11"
85.232.241.194 - - [26/May/2025:15:17:01 +0200] "GET /Jurek/kinghome/feeds/kinghome_vente_de.xml HTTP/1.1" 200 5619303 "-" "Python-urllib/3.11"
85.232.241.194 - - [26/May/2025:15:17:01 +0200] "GET /Jurek/emibig/feeds/emibig_vente_de.xml HTTP/1.1" 200 2522294 "-" "Python-urllib/3.11"
85.232.241.194 - - [26/May/2025:15:17:02 +0200] "GET /Jurek/b3/feeds/b3_vente_de.xml HTTP/1.1" 200 8067245 "-" "Python-urllib/3.11"
85.232.241.194 - - [26/May/2025:15:17:08 +0200] "GET /Jurek/aw/feeds/aw_vente_de.xml HTTP/1.1" 200 91084489 "-" "Python-urllib/3.11"
51.77.52.107 - - [26/May/2025:15:17:11 +0200] "GET /Jurek/eurofirany/images/468193/0.jpg HTTP/2.0" 200 96601 "-" "baselinker"
85.232.241.194 - - [26/May/2025:15:17:27 +0200] "GET /Jurek/asortymenteu/feeds/asortymenteu_vente_de.xml HTTP/1.1" 200 2868431 "-" "Python-urllib/3.11"
85.232.241.194 - - [26/May/2025:15:17:27 +0200] "GET /Jurek/hurtownia_przemyslowa/feeds/hp_vente_de.xml HTTP/1.1" 200 49361810 "-" "Python-urllib/3.11"
51.77.52.107 - - [26/May/2025:15:17:30 +0200] "GET /Jurek/eurofirany/images/468193/0.jpg HTTP/2.0" 200 96601 "-" "baselinker"
69.171.249.112 - - [26/May/2025:15:17:36 +0200] "GET /Jurek/eurofirany/images/400252/3.jpg HTTP/2.0" 200 118477 "-" "facebookexternalhit/1.1 (+http://www.facebook.com/externalhit_uatext.php)"
51.77.52.107 - - [26/May/2025:15:17:36 +0200] "GET /Jurek/eurofirany/images/468195/0.jpg HTTP/2.0" 200 88200 "-" "baselinker"
69.171.249.5 - - [26/May/2025:15:17:36 +0200] "GET /Jurek/eurofirany/images/400252/6.jpg HTTP/2.0" 200 90946 "-" "facebookexternalhit/1.1 (+http://www.facebook.com/externalhit_uatext.php)"
69.171.249.116 - - [26/May/2025:15:17:36 +0200] "GET /Jurek/eurofirany/images/400252/5.jpg HTTP/2.0" 200 95302 "-" "facebookexternalhit/1.1 (+http://www.facebook.com/externalhit_uatext.php)"
69.171.249.8 - - [26/May/2025:15:17:36 +0200] "GET /Jurek/eurofirany/images/400252/4.jpg HTTP/2.0" 200 60735 "-" "facebookexternalhit/1.1 (+http://www.facebook.com/externalhit_uatext.php)"
69.171.249.114 - - [26/May/2025:15:17:37 +0200] "GET /Jurek/eurofirany/images/400252/2.jpg HTTP/2.0" 200 46617 "-" "facebookexternalhit/1.1 (+http://www.facebook.com/externalhit_uatext.php)"
69.171.249.1 - - [26/May/2025:15:17:37 +0200] "GET /Jurek/eurofirany/images/400252/1.jpg HTTP/2.0" 200 38052 "-" "facebookexternalhit/1.1 (+http://www.facebook.com/externalhit_uatext.php)"
51.77.52.107 - - [26/May/2025:15:17:42 +0200] "GET /Jurek/eurofirany/images/468195/0.jpg HTTP/2.0" 200 88200 "-" "baselinker"
51.77.52.107 - - [26/May/2025:15:17:48 +0200] "GET /Jurek/eurofirany/images/468195/0.jpg HTTP/2.0" 200 88200 "-" "baselinker"
51.77.52.107 - - [26/May/2025:15:17:55 +0200] "GET /Jurek/eurofirany/images/468196/0.jpg HTTP/2.0" 200 102375 "-" "baselinker"
46.101.116.244 - - [26/May/2025:15:17:55 +0200] "GET /Jurek/broers/feeds/broers_mallsigs.xml HTTP/2.0" 200 1982507 "-" "-"
51.77.52.107 - - [26/May/2025:15:18:01 +0200] "GET /Jurek/eurofirany/images/468196/0.jpg HTTP/2.0" 200 102375 "-" "baselinker"
46.101.116.244 - - [26/May/2025:15:18:06 +0200] "GET /Jurek/cdata/feeds/cdata_mallsigs.xml HTTP/2.0" 200 1445152 "-" "-"
51.77.52.107 - - [26/May/2025:15:18:10 +0200] "GET /Jurek/eurofirany/images/468196/0.jpg HTTP/2.0" 200 102375 "-" "baselinker"
51.77.52.107 - - [26/May/2025:15:18:16 +0200] "GET /Jurek/eurofirany/images/468197/0.jpg HTTP/2.0" 200 133806 "-" "baselinker"
46.101.116.244 - - [26/May/2025:15:18:17 +0200] "GET /Jurek/elavia/feeds/elavia_mallsigs.xml HTTP/2.0" 200 2497288 "-" "-"
46.101.116.244 - - [26/May/2025:15:18:27 +0200] "GET /Jurek/filmal/feeds/filmal_mallsigs.xml HTTP/2.0" 200 139276 "-" "-"
51.77.52.107 - - [26/May/2025:15:18:36 +0200] "GET /Jurek/eurofirany/images/468197/0.jpg HTTP/2.0" 200 133806 "-" "baselinker"
46.101.116.244 - - [26/May/2025:15:18:38 +0200] "GET /Jurek/jakdroz/feeds/jakdroz_mallsigs.xml HTTP/2.0" 200 4089979 "-" "-"
51.77.52.107 - - [26/May/2025:15:18:40 +0200] "GET /Jurek/eurofirany/images/468197/0.jpg HTTP/2.0" 200 133806 "-" "baselinker"
51.77.52.107 - - [26/May/2025:15:18:46 +0200] "GET /Jurek/eurofirany/images/468198/0.jpg HTTP/2.0" 200 106450 "-" "baselinker"
46.101.116.244 - - [26/May/2025:15:18:49 +0200] "GET /Jurek/kristronik/feeds/kristronik_mallsigs.xml HTTP/2.0" 200 691988 "-" "-"
51.77.52.107 - - [26/May/2025:15:18:51 +0200] "GET /Jurek/eurofirany/images/468198/0.jpg HTTP/2.0" 200 106450 "-" "baselinker"
46.101.116.244 - - [26/May/2025:15:18:59 +0200] "GET /Jurek/nonabox/feeds/nonabox_mallsigs.xml HTTP/2.0" 200 33863 "-" "-"
46.101.116.244 - - [26/May/2025:15:19:09 +0200] "GET /Jurek/omi/feeds/omi_mallsigs.xml HTTP/2.0" 200 8100723 "-" "-"
51.77.52.107 - - [26/May/2025:15:19:14 +0200] "GET /Jurek/eurofirany/images/468198/0.jpg HTTP/2.0" 200 106450 "-" "baselinker"
46.101.116.244 - - [26/May/2025:15:19:21 +0200] "GET /Jurek/proparts/feeds/proparts_mallsigs.xml HTTP/2.0" 200 707480 "-" "-"
51.77.52.107 - - [26/May/2025:15:19:21 +0200] "GET /Jurek/eurofirany/images/448512/0.jpg HTTP/2.0" 200 132718 "-" "baselinker"
51.77.52.107 - - [26/May/2025:15:19:39 +0200] "GET /Jurek/eurofirany/images/448512/0.jpg HTTP/2.0" 200 132718 "-" "baselinker"
51.77.52.107 - - [26/May/2025:15:19:54 +0200] "GET /Jurek/eurofirany/images/448512/0.jpg HTTP/2.0" 200 132718 "-" "baselinker"
46.101.116.244 - - [26/May/2025:15:19:59 +0200] "GET /Jurek/snibbs/feeds/snibbs_mallsigs.xml HTTP/2.0" 200 74398 "-" "-"
51.77.52.107 - - [26/May/2025:15:20:12 +0200] "GET /Jurek/eurofirany/images/389830/0.jpg HTTP/2.0" 200 107409 "-" "baselinker"
51.77.52.107 - - [26/May/2025:15:20:34 +0200] "GET /Jurek/eurofirany/images/389830/0.jpg HTTP/2.0" 200 107409 "-" "baselinker"
46.101.116.244 - - [26/May/2025:15:20:35 +0200] "GET /Jurek/techrebal/feeds/techrebal_mallsigs.xml HTTP/2.0" 200 1989735 "-" "-"
89.161.206.59 - - [26/May/2025:15:20:45 +0200] "GET /Jurek/lerutrade/feeds/lerutrade_skr.xml HTTP/1.0" 200 82819 "-" "-"
46.101.116.244 - - [26/May/2025:15:20:46 +0200] "GET /Jurek/techrebalina/feeds/techrebalina_mallsigs.xml HTTP/2.0" 200 2011206 "-" "-"
157.55.39.49 - - [26/May/2025:15:20:47 +0200] "GET /Jurek/topeshop/downloaded_images/5904507201883_MIJASBIURKOBRY%C5%81KAANTRACYTPRAWEBOKZM.jpg HTTP/2.0" 404 3551 "-" "Mozilla/5.0 AppleWebKit/537.36 (KHTML, like Gecko; compatible; bingbot/2.0; +http://www.bing.com/bingbot.htm) Chrome/116.0.1938.76 Safari/537.36"
51.77.52.107 - - [26/May/2025:15:20:51 +0200] "GET /Jurek/eurofirany/images/389830/0.jpg HTTP/2.0" 200 107409 "-" "baselinker"
51.77.52.107 - - [26/May/2025:15:21:15 +0200] "GET /Jurek/eurofirany/images/389908/0.jpg HTTP/2.0" 200 41765 "-" "baselinker"
46.101.116.244 - - [26/May/2025:15:21:20 +0200] "GET /Jurek/maksik/feeds/maksik_mallsi.xml HTTP/2.0" 200 4084770 "-" "-"
51.77.52.107 - - [26/May/2025:15:21:22 +0200] "GET /Jurek/eurofirany/images/389908/0.jpg HTTP/2.0" 200 41765 "-" "baselinker"
51.77.52.107 - - [26/May/2025:15:21:29 +0200] "GET /Jurek/eurofirany/images/389908/0.jpg HTTP/2.0" 200 41765 "-" "baselinker"
46.101.116.244 - - [26/May/2025:15:21:31 +0200] "GET /Jurek/andex/feeds/andex_mallsi.xml HTTP/2.0" 200 1953410 "-" "-"
51.77.52.107 - - [26/May/2025:15:21:34 +0200] "GET /Jurek/eurofirany/images/424079/0.jpg HTTP/2.0" 200 105852 "-" "baselinker"
46.101.116.244 - - [26/May/2025:15:21:41 +0200] "GET /Jurek/german/feeds/german_mallsi.xml HTTP/2.0" 200 2853572 "-" "-"
51.77.52.107 - - [26/May/2025:15:21:52 +0200] "GET /Jurek/eurofirany/images/424079/0.jpg HTTP/2.0" 200 105852 "-" "baselinker"
46.101.116.244 - - [26/May/2025:15:22:08 +0200] "GET /Jurek/maksik/feeds/maksik_mallsi.xml HTTP/2.0" 200 4084770 "-" "-"
51.77.52.107 - - [26/May/2025:15:22:10 +0200] "GET /Jurek/eurofirany/images/424079/0.jpg HTTP/2.0" 200 105852 "-" "baselinker"
85.232.241.194 - - [26/May/2025:15:22:15 +0200] "GET /Jurek/action/feeds/action_ubaldi.xml HTTP/1.1" 200 58657795 "-" "Python-urllib/3.11"
46.101.116.244 - - [26/May/2025:15:22:18 +0200] "GET /Jurek/smxdesign/feeds/smxdesign_mallsi.xml HTTP/2.0" 200 1829005 "-" "-"
51.77.52.107 - - [26/May/2025:15:22:32 +0200] "GET /Jurek/eurofirany/images/428728/0.jpg HTTP/2.0" 200 93599 "-" "baselinker"
46.101.116.244 - - [26/May/2025:15:22:41 +0200] "GET /Jurek/alucon/feeds/alucon_mallsi.xml HTTP/2.0" 200 553569 "-" "-"
46.101.116.244 - - [26/May/2025:15:22:51 +0200] "GET /Jurek/evil/feeds/evil_mallsi.xml HTTP/2.0" 200 306389 "-" "-"
51.77.52.107 - - [26/May/2025:15:22:54 +0200] "GET /Jurek/eurofirany/images/428728/0.jpg HTTP/2.0" 200 93599 "-" "baselinker"
46.101.116.244 - - [26/May/2025:15:23:02 +0200] "GET /Jurek/hlo/feeds/hlo_mallsi.xml HTTP/2.0" 200 4838671 "-" "-"
46.101.116.244 - - [26/May/2025:15:23:12 +0200] "GET /Jurek/lgbtshop/feeds/lgbtshop_mallsi.xml HTTP/2.0" 200 219253 "-" "-"
85.232.241.194 - - [26/May/2025:15:23:14 +0200] "GET /Jurek/hurtownia_przemyslowa/feeds/hp_ubaldi.xml HTTP/1.1" 200 49362194 "-" "Python-urllib/3.11"
51.77.52.107 - - [26/May/2025:15:23:18 +0200] "GET /Jurek/eurofirany/images/428728/0.jpg HTTP/2.0" 200 93599 "-" "baselinker"
85.232.241.194 - - [26/May/2025:15:23:20 +0200] "GET /Jurek/aw/feeds/aw_ubaldi.xml HTTP/1.1" 200 91089817 "-" "Python-urllib/3.11"
46.101.116.244 - - [26/May/2025:15:23:22 +0200] "GET /Jurek/madrex/feeds/madrex_mallsi.xml HTTP/2.0" 200 466713 "-" "-"
46.101.116.244 - - [26/May/2025:15:23:33 +0200] "GET /Jurek/motofan/feeds/motofan_mallsi.xml HTTP/2.0" 200 2392158 "-" "-"
85.232.241.194 - - [26/May/2025:15:23:34 +0200] "GET /Jurek/intsell/feeds/intsell_rue.xml HTTP/1.1" 200 342009695 "-" "Python-urllib/3.11"
51.77.52.107 - - [26/May/2025:15:23:37 +0200] "GET /Jurek/eurofirany/images/433825/0.jpg HTTP/2.0" 200 73821 "-" "baselinker"
85.232.241.194 - - [26/May/2025:15:23:39 +0200] "GET /Jurek/ekuchcikowo/feeds/ekuchcikowo_rue.xml HTTP/1.1" 200 12471062 "-" "Python-urllib/3.11"
46.101.116.244 - - [26/May/2025:15:23:43 +0200] "GET /Jurek/najtanszysport/feeds/najtanszysport_mallsi.xml HTTP/2.0" 200 3983131 "-" "-"
46.101.116.244 - - [26/May/2025:15:23:54 +0200] "GET /Jurek/nexus/feeds/nexus_mallsi.xml HTTP/2.0" 200 226610 "-" "-"
51.77.52.107 - - [26/May/2025:15:23:56 +0200] "GET /Jurek/eurofirany/images/433825/0.jpg HTTP/2.0" 200 73821 "-" "baselinker"
46.101.116.244 - - [26/May/2025:15:24:05 +0200] "GET /Jurek/playcob/feeds/playcob_mallsi.xml HTTP/2.0" 200 6980136 "-" "-"
85.232.241.194 - - [26/May/2025:15:24:11 +0200] "GET /Jurek/naszedzieci/feeds/naszedzieci_ubaldi.xml HTTP/1.1" 200 833168061 "-" "Python-urllib/3.11"
85.232.241.194 - - [26/May/2025:15:24:11 +0200] "GET /Jurek/kidshop/feeds/kidshop_ubaldi.xml HTTP/1.1" 200 19850637 "-" "Python-urllib/3.11"
85.232.241.194 - - [26/May/2025:15:24:12 +0200] "GET /Jurek/kobi/feeds/kobi_ubaldi.xml HTTP/1.1" 200 1993090 "-" "Python-urllib/3.11"
51.77.52.107 - - [26/May/2025:15:24:14 +0200] "GET /Jurek/eurofirany/images/433825/0.jpg HTTP/2.0" 200 73821 "-" "baselinker"
46.101.116.244 - - [26/May/2025:15:24:16 +0200] "GET /Jurek/zepnij/feeds/zepnij_mallsi.xml HTTP/2.0" 200 19522728 "-" "-"
85.232.241.194 - - [26/May/2025:15:24:19 +0200] "GET /Jurek/najtanszysport/feeds/najtanszysport_ubaldi.xml HTTP/1.1" 200 3983225 "-" "Python-urllib/3.11"
85.232.241.194 - - [26/May/2025:15:24:19 +0200] "GET /Jurek/luxma/feeds/luxma_ubaldi.xml HTTP/1.1" 200 8058615 "-" "Python-urllib/3.11"
85.232.241.194 - - [26/May/2025:15:24:19 +0200] "GET /Jurek/kristronik/feeds/kristronik_ubaldi.xml HTTP/1.1" 200 691981 "-" "Python-urllib/3.11"
85.232.241.194 - - [26/May/2025:15:24:19 +0200] "GET /Jurek/rider/feeds/rider_ubaldi.xml HTTP/1.1" 200 8165173 "-" "Python-urllib/3.11"
85.232.241.194 - - [26/May/2025:15:24:24 +0200] "GET /Jurek/broers/feeds/broers_ubaldi.xml HTTP/1.1" 200 1982599 "-" "Python-urllib/3.11"
85.232.241.194 - - [26/May/2025:15:24:24 +0200] "GET /Jurek/straganbiur/feeds/straganbiur_ubaldi.xml HTTP/1.1" 200 8893072 "-" "Python-urllib/3.11"
85.232.241.194 - - [26/May/2025:15:24:25 +0200] "GET /Jurek/aw/feeds/aw_worten.xml HTTP/1.1" 200 91087277 "-" "Python-urllib/3.11"
85.232.241.194 - - [26/May/2025:15:24:25 +0200] "GET /Jurek/b3/feeds/b3_ubaldi.xml HTTP/1.1" 200 8067535 "-" "Python-urllib/3.11"
85.232.241.194 - - [26/May/2025:15:24:25 +0200] "GET /Jurek/kinghoff/feeds/kinghoff_ubaldi.xml HTTP/1.1" 200 15661532 "-" "Python-urllib/3.11"
46.101.116.244 - - [26/May/2025:15:24:27 +0200] "GET /Jurek/cbdgreen/feeds/cbdgreen_mallsi.xml HTTP/2.0" 200 50541 "-" "-"
85.232.241.194 - - [26/May/2025:15:24:30 +0200] "GET /Jurek/topeshop/feeds/topeshop_ubaldi.xml HTTP/1.1" 200 3016827 "-" "Python-urllib/3.11"
85.232.241.194 - - [26/May/2025:15:24:30 +0200] "GET /Jurek/aw/feeds/aw_wortenES.xml HTTP/1.1" 200 91087723 "-" "Python-urllib/3.11"
85.232.241.194 - - [26/May/2025:15:24:30 +0200] "GET /Jurek/sempler/feeds/sempler_ubaldi.xml HTTP/1.1" 200 6787931 "-" "Python-urllib/3.11"
85.232.241.194 - - [26/May/2025:15:24:30 +0200] "GET /Jurek/asortymenteu/feeds/asortymenteu_ubaldi.xml HTTP/1.1" 200 2868500 "-" "Python-urllib/3.11"
85.232.241.194 - - [26/May/2025:15:24:31 +0200] "GET /Jurek/action/feeds/action_worten.xml HTTP/1.1" 200 59309433 "-" "Python-urllib/3.11"
85.232.241.194 - - [26/May/2025:15:24:31 +0200] "GET /Jurek/hlo/feeds/hlo_ubaldi.xml HTTP/1.1" 200 4837703 "-" "Python-urllib/3.11"
85.232.241.194 - - [26/May/2025:15:24:31 +0200] "GET /Jurek/action/feeds/action_wortenES.xml HTTP/1.1" 200 58658707 "-" "Python-urllib/3.11"
85.232.241.194 - - [26/May/2025:15:24:31 +0200] "GET /Jurek/elavia/feeds/elavia_ubaldi.xml HTTP/1.1" 200 2497285 "-" "Python-urllib/3.11"
51.77.52.107 - - [26/May/2025:15:24:31 +0200] "GET /Jurek/eurofirany/images/462361/0.jpg HTTP/2.0" 200 74776 "-" "baselinker"
85.232.241.194 - - [26/May/2025:15:24:37 +0200] "GET /Jurek/cdata/feeds/cdata_ubaldi.xml HTTP/1.1" 200 1445151 "-" "Python-urllib/3.11"
46.101.116.244 - - [26/May/2025:15:24:37 +0200] "GET /Jurek/dekornatort/feeds/dekornatort_mallsi.xml HTTP/2.0" 200 225730 "-" "-"
85.232.241.194 - - [26/May/2025:15:24:38 +0200] "GET /Jurek/cenoman/feeds/cenoman_ubaldi.xml HTTP/1.1" 200 5993048 "-" "Python-urllib/3.11"
85.232.241.194 - - [26/May/2025:15:24:38 +0200] "GET /Jurek/kamar/feeds/kamar_ubaldi.xml HTTP/1.1" 200 25550233 "-" "Python-urllib/3.11"
85.232.241.194 - - [26/May/2025:15:24:38 +0200] "GET /Jurek/avenido/feeds/avenido_ubaldi.xml HTTP/1.1" 200 720112 "-" "Python-urllib/3.11"
85.232.241.194 - - [26/May/2025:15:24:38 +0200] "GET /Jurek/zenex/feeds/zenex_ubaldi.xml HTTP/1.1" 200 540166 "-" "Python-urllib/3.11"
85.232.241.194 - - [26/May/2025:15:24:44 +0200] "GET /Jurek/makow/feeds/makow_ubaldi.xml HTTP/1.1" 200 21203596 "-" "Python-urllib/3.11"
46.101.116.244 - - [26/May/2025:15:24:48 +0200] "GET /Jurek/globaldeli/feeds/globaldeli_mallsi.xml HTTP/2.0" 200 2590906 "-" "-"
