89.161.206.59 - - [21/May/2025:11:52:20 +0200] "GET /Jurek/najtanszysport/feeds/najtanszysport_emagro.xml HTTP/1.0" 200 3984567 "-" "-"
51.77.52.107 - - [21/May/2025:11:53:01 +0200] "GET /Jurek/eurofirany/images/397093/0.jpg HTTP/2.0" 200 23563 "-" "baselinker"
85.232.241.194 - - [21/May/2025:11:53:09 +0200] "GET /Jurek/coppotech/feeds/coppotech_worten.xml HTTP/1.1" 200 38049016 "-" "Python-urllib/3.11"
85.232.241.194 - - [21/May/2025:11:53:09 +0200] "GET /Jurek/coppotech/feeds/coppotech_wortenES.xml HTTP/1.1" 200 38049321 "-" "Python-urllib/3.11"
51.77.52.107 - - [21/May/2025:11:53:13 +0200] "GET /Jurek/eurofirany/images/397095/0.jpg HTTP/2.0" 200 23563 "-" "baselinker"
89.161.206.59 - - [21/May/2025:11:53:44 +0200] "GET /Jurek/bentivolio/feeds/bentivolio_emagro.xml HTTP/1.0" 200 3498444 "-" "-"
89.161.206.59 - - [21/May/2025:11:53:45 +0200] "GET /Jurek/techrebal/feeds/techrebal_emagro.xml HTTP/1.0" 200 1989865 "-" "-"
89.161.206.59 - - [21/May/2025:11:53:45 +0200] "GET /Jurek/kristronik/feeds/kristronik_emagro.xml HTTP/1.0" 200 692093 "-" "-"
89.161.206.59 - - [21/May/2025:11:53:45 +0200] "GET /Jurek/techrebalina/feeds/techrebalina_emagro.xml HTTP/1.0" 200 2011337 "-" "-"
51.77.52.107 - - [21/May/2025:11:53:55 +0200] "GET /Jurek/eurofirany/images/397095/0.jpg HTTP/2.0" 200 23563 "-" "baselinker"
51.77.52.107 - - [21/May/2025:11:54:02 +0200] "GET /Jurek/eurofirany/images/397095/0.jpg HTTP/2.0" 200 23563 "-" "baselinker"
77.79.248.229 - - [21/May/2025:11:54:09 +0200] "GET /Jurek/vidaSI/feeds/vidaSI_bigbang.xml HTTP/1.1" 200 776712462 "-" "Python-urllib/3.11"
51.77.52.107 - - [21/May/2025:11:54:20 +0200] "GET /Jurek/eurofirany/images/397101/0.jpg HTTP/2.0" 200 37466 "-" "baselinker"
89.161.206.59 - - [21/May/2025:11:54:22 +0200] "GET /Jurek/proparts/feeds/proparts_emagro.xml HTTP/1.0" 200 707599 "-" "-"
89.161.206.59 - - [21/May/2025:11:54:22 +0200] "GET /Jurek/sportprise/feeds/sportprise_emagro.xml HTTP/1.0" 200 12728036 "-" "-"
89.161.206.59 - - [21/May/2025:11:54:22 +0200] "GET /Jurek/elavia/feeds/elavia_emagro.xml HTTP/1.0" 200 2497456 "-" "-"
89.161.206.59 - - [21/May/2025:11:54:23 +0200] "GET /Jurek/cdata/feeds/cdata_emagro.xml HTTP/1.0" 200 1445631 "-" "-"
89.161.206.59 - - [21/May/2025:11:54:24 +0200] "GET /Jurek/fernity/feeds/fernity_emagro.xml HTTP/1.0" 200 4721189 "-" "-"
89.161.206.59 - - [21/May/2025:11:54:28 +0200] "GET /Jurek/rosfix/feeds/rosfix_emagro.xml HTTP/1.0" 200 35771633 "-" "-"
89.161.206.59 - - [21/May/2025:11:54:29 +0200] "GET /Jurek/broers/feeds/broers_emagro.xml HTTP/1.0" 200 1983007 "-" "-"
89.161.206.59 - - [21/May/2025:11:54:29 +0200] "GET /Jurek/nonabox/feeds/nonabox_emagro.xml HTTP/1.0" 200 33872 "-" "-"
89.161.206.59 - - [21/May/2025:11:54:29 +0200] "GET /Jurek/em3/feeds/em3_emagro.xml HTTP/1.0" 200 259004 "-" "-"
89.161.206.59 - - [21/May/2025:11:54:30 +0200] "GET /Jurek/galopi/feeds/galopi_emagro.xml HTTP/1.0" 200 2111367 "-" "-"
89.161.206.59 - - [21/May/2025:11:54:30 +0200] "GET /Jurek/purewear/feeds/purewear_emagro.xml HTTP/1.0" 200 13354992 "-" "-"
89.161.206.59 - - [21/May/2025:11:54:32 +0200] "GET /Jurek/omi/feeds/omi_emagro.xml HTTP/1.0" 200 8101656 "-" "-"
89.161.206.59 - - [21/May/2025:11:54:32 +0200] "GET /Jurek/sebmart/feeds/sebmart_emagro.xml HTTP/1.0" 200 1599110 "-" "-"
89.161.206.59 - - [21/May/2025:11:54:32 +0200] "GET /Jurek/tsjerzy/feeds/tsjerzy_emagro.xml HTTP/1.0" 200 3899919 "-" "-"
89.161.206.59 - - [21/May/2025:11:54:33 +0200] "GET /Jurek/avenido/feeds/avenido_emagro.xml HTTP/1.0" 200 720164 "-" "-"
89.161.206.59 - - [21/May/2025:11:54:33 +0200] "GET /Jurek/kamar/feeds/kamar_emagro.xml HTTP/1.0" 200 25555034 "-" "-"
89.161.206.59 - - [21/May/2025:11:54:35 +0200] "GET /Jurek/winoszarnia/feeds/winoszarnia_emagro.xml HTTP/1.0" 200 6065001 "-" "-"
89.161.206.59 - - [21/May/2025:11:54:36 +0200] "GET /Jurek/zenex/feeds/zenex_emagro.xml HTTP/1.0" 200 540560 "-" "-"
51.77.52.107 - - [21/May/2025:11:54:38 +0200] "GET /Jurek/eurofirany/images/397101/0.jpg HTTP/2.0" 200 37466 "-" "baselinker"
51.77.52.107 - - [21/May/2025:11:54:57 +0200] "GET /Jurek/eurofirany/images/397101/0.jpg HTTP/2.0" 200 37466 "-" "baselinker"
51.77.52.107 - - [21/May/2025:11:55:15 +0200] "GET /Jurek/eurofirany/images/397102/0.jpg HTTP/2.0" 200 37466 "-" "baselinker"
46.101.116.244 - - [21/May/2025:11:55:26 +0200] "GET /Jurek/hurtmeblowy/feeds/hurtmeblowy_kauflandcz.xml HTTP/2.0" 200 7521319 "-" "-"
193.33.8.61 - - [21/May/2025:11:55:33 +0200] "GET /favicon.ico HTTP/2.0" 404 3551 "https://dkkapusta1997.usermd.net/Jurek/eany/" "Mozilla/5.0 (Windows NT 10.0; Win64; x64) AppleWebKit/537.36 (KHTML, like Gecko) Chrome/136.0.0.0 Safari/537.36"
46.101.116.244 - - [21/May/2025:11:55:40 +0200] "GET /Jurek/kobi/feeds/kobi_kauflandcz.xml HTTP/2.0" 200 943156 "-" "-"
51.77.52.107 - - [21/May/2025:11:55:48 +0200] "GET /Jurek/eurofirany/images/397102/0.jpg HTTP/2.0" 200 37466 "-" "baselinker"
46.101.116.244 - - [21/May/2025:11:55:51 +0200] "GET /Jurek/madrex/feeds/madrex_kauflandcz.xml HTTP/2.0" 200 466762 "-" "-"
66.211.183.71 - - [21/May/2025:11:55:53 +0200] "GET /Jurek/topeshop/downloaded_images/5904507200381_1-bez-dodatk%C3%B3w-wymiary.jpg HTTP/1.1" 200 38026 "http://www.ebay.com/" "Mozilla/5.0 (Windows NT 10.0; Win64; x64) AppleWebKit/537.36 (KHTML, like Gecko) Chrome/123.0.0.0 Safari/537.36"
66.211.183.70 - - [21/May/2025:11:55:53 +0200] "GET /Jurek/topeshop/downloaded_images/5904507200381_wizualizacja.jpg HTTP/1.1" 200 89100 "http://www.ebay.com/" "Mozilla/5.0 (Windows NT 10.0; Win64; x64) AppleWebKit/537.36 (KHTML, like Gecko) Chrome/123.0.0.0 Safari/537.36"
66.211.183.73 - - [21/May/2025:11:55:53 +0200] "GET /Jurek/topeshop/downloaded_images/5904507200381_BILBAO7(4).jpg HTTP/1.1" 404 3551 "http://www.ebay.com/" "Mozilla/5.0 (Windows NT 10.0; Win64; x64) AppleWebKit/537.36 (KHTML, like Gecko) Chrome/123.0.0.0 Safari/537.36"
66.211.183.74 - - [21/May/2025:11:55:53 +0200] "GET /Jurek/topeshop/downloaded_images/5904507200381_1_(1)1.jpg HTTP/1.1" 200 59850 "http://www.ebay.com/" "Mozilla/5.0 (Windows NT 10.0; Win64; x64) AppleWebKit/537.36 (KHTML, like Gecko) Chrome/123.0.0.0 Safari/537.36"
66.211.183.70 - - [21/May/2025:11:55:53 +0200] "GET /Jurek/topeshop/downloaded_images/5904507200381_BILBAO7(3).jpg HTTP/1.1" 404 3551 "http://www.ebay.com/" "Mozilla/5.0 (Windows NT 10.0; Win64; x64) AppleWebKit/537.36 (KHTML, like Gecko) Chrome/123.0.0.0 Safari/537.36"
66.211.183.74 - - [21/May/2025:11:55:53 +0200] "GET /Jurek/topeshop/downloaded_images/5904507200381_BILBAO7(1).jpg HTTP/1.1" 404 3551 "http://www.ebay.com/" "Mozilla/5.0 (Windows NT 10.0; Win64; x64) AppleWebKit/537.36 (KHTML, like Gecko) Chrome/123.0.0.0 Safari/537.36"
66.211.183.70 - - [21/May/2025:11:55:53 +0200] "GET /Jurek/topeshop/downloaded_images/5904507200381_artisan-wymiary_Obszar-roboczy-1.jpg HTTP/1.1" 200 59050 "http://www.ebay.com/" "Mozilla/5.0 (Windows NT 10.0; Win64; x64) AppleWebKit/537.36 (KHTML, like Gecko) Chrome/123.0.0.0 Safari/537.36"
51.77.52.107 - - [21/May/2025:11:56:04 +0200] "GET /Jurek/eurofirany/images/397102/0.jpg HTTP/2.0" 200 37466 "-" "baselinker"
51.77.52.107 - - [21/May/2025:11:56:18 +0200] "GET /Jurek/eurofirany/images/397103/0.jpg HTTP/2.0" 200 37466 "-" "baselinker"
46.101.116.244 - - [21/May/2025:11:56:25 +0200] "GET /Jurek/action/feeds/action_kaufland.xml HTTP/2.0" 200 58429099 "-" "-"
51.77.52.107 - - [21/May/2025:11:56:34 +0200] "GET /Jurek/eurofirany/images/397103/0.jpg HTTP/2.0" 200 37466 "-" "baselinker"
51.77.52.107 - - [21/May/2025:11:56:56 +0200] "GET /Jurek/eurofirany/images/397103/0.jpg HTTP/2.0" 200 37466 "-" "baselinker"
51.77.52.107 - - [21/May/2025:11:57:06 +0200] "GET /Jurek/eurofirany/images/397104/0.jpg HTTP/2.0" 200 37466 "-" "baselinker"
46.101.116.244 - - [21/May/2025:11:57:12 +0200] "GET /Jurek/andex/feeds/andex_kaufland.xml HTTP/2.0" 200 1954171 "-" "-"
51.77.52.107 - - [21/May/2025:11:57:13 +0200] "GET /Jurek/eurofirany/images/397104/0.jpg HTTP/2.0" 200 37466 "-" "baselinker"
46.101.116.244 - - [21/May/2025:11:57:24 +0200] "GET /Jurek/aw/feeds/awnarzedzia_kauflandcz.xml HTTP/2.0" 200 90948608 "-" "-"
193.33.8.61 - - [21/May/2025:11:57:31 +0200] "GET /Jurek/hurtmeblowy/feeds/hurtmeblowy_ManoDE.xml HTTP/2.0" 200 7739715 "https://konsola.dkkapusta1997.usermd.net/" "Mozilla/5.0 (Macintosh; Intel Mac OS X 10_15_7) AppleWebKit/537.36 (KHTML, like Gecko) Chrome/136.0.0.0 Safari/537.36"
51.77.52.107 - - [21/May/2025:11:57:32 +0200] "GET /Jurek/eurofirany/images/397104/0.jpg HTTP/2.0" 200 37466 "-" "baselinker"
193.33.8.61 - - [21/May/2025:11:57:37 +0200] "GET /Jurek/hurtmeblowy/download HTTP/2.0" 301 268 "-" "Mozilla/5.0 (Macintosh; Intel Mac OS X 10_15_7) AppleWebKit/537.36 (KHTML, like Gecko) Chrome/136.0.0.0 Safari/537.36"
193.33.8.61 - - [21/May/2025:11:57:37 +0200] "GET /Jurek/hurtmeblowy/download/ HTTP/2.0" 200 1108 "-" "Mozilla/5.0 (Macintosh; Intel Mac OS X 10_15_7) AppleWebKit/537.36 (KHTML, like Gecko) Chrome/136.0.0.0 Safari/537.36"
46.101.116.244 - - [21/May/2025:11:57:41 +0200] "GET /Jurek/b3/feeds/b3_kaufland.xml HTTP/2.0" 200 8084362 "-" "-"
51.77.52.107 - - [21/May/2025:11:57:50 +0200] "GET /Jurek/eurofirany/images/397105/0.jpg HTTP/2.0" 200 37057 "-" "baselinker"
46.101.116.244 - - [21/May/2025:11:57:52 +0200] "GET /Jurek/barbecook/feeds/barbecook_kaufland.xml HTTP/2.0" 200 87616 "-" "-"
46.101.116.244 - - [21/May/2025:11:58:02 +0200] "GET /Jurek/bass/feeds/bass_kaufland.xml HTTP/2.0" 200 3974251 "-" "-"
77.79.248.229 - - [21/May/2025:11:58:05 +0200] "GET /Filip/zalando/zalando-logo.jpg HTTP/1.1" 200 5121 "-" "-"
77.79.248.229 - - [21/May/2025:11:58:05 +0200] "GET /Filip/zalando/zalando-logo.jpg HTTP/1.1" 200 5121 "-" "-"
51.77.52.107 - - [21/May/2025:11:58:07 +0200] "GET /Jurek/eurofirany/images/397105/0.jpg HTTP/2.0" 200 37057 "-" "baselinker"
46.101.116.244 - - [21/May/2025:11:58:13 +0200] "GET /Jurek/beliani/feeds/beliani_cz_kaufland.xml HTTP/2.0" 200 33385261 "-" "-"
51.77.52.107 - - [21/May/2025:11:58:25 +0200] "GET /Jurek/eurofirany/images/397105/0.jpg HTTP/2.0" 200 37057 "-" "baselinker"
46.101.116.244 - - [21/May/2025:11:58:26 +0200] "GET /Jurek/benbaby/feeds/benbaby_kaufland.xml HTTP/2.0" 200 3709396 "-" "-"
51.77.52.107 - - [21/May/2025:11:58:33 +0200] "GET /Jurek/eurofirany/images/397106/0.jpg HTTP/2.0" 200 37057 "-" "baselinker"
46.101.116.244 - - [21/May/2025:11:58:36 +0200] "GET /Jurek/detian/feeds/detian_kaufland.xml HTTP/2.0" 404 3551 "-" "-"
51.77.52.107 - - [21/May/2025:11:58:39 +0200] "GET /Jurek/eurofirany/images/397106/0.jpg HTTP/2.0" 200 37057 "-" "baselinker"
46.101.116.244 - - [21/May/2025:11:58:46 +0200] "GET /Jurek/emibig/feeds/emibig_kaufland.xml HTTP/2.0" 200 2524216 "-" "-"
51.77.52.107 - - [21/May/2025:11:58:51 +0200] "GET /Jurek/eurofirany/images/397106/0.jpg HTTP/2.0" 200 37057 "-" "baselinker"
46.101.116.244 - - [21/May/2025:11:58:57 +0200] "GET /Jurek/eurofirany/feeds/eurofirany_kaufland_greatstore.xml HTTP/2.0" 200 18862784 "-" "-"
51.77.52.107 - - [21/May/2025:11:59:08 +0200] "GET /Jurek/eurofirany/images/397107/0.jpg HTTP/2.0" 200 37057 "-" "baselinker"
46.101.116.244 - - [21/May/2025:11:59:09 +0200] "GET /Jurek/fernity/feeds/fernity_kaufland.xml HTTP/2.0" 200 4723018 "-" "-"
51.77.52.107 - - [21/May/2025:11:59:12 +0200] "GET /Jurek/eurofirany/images/397107/0.jpg HTTP/2.0" 200 37057 "-" "baselinker"
89.161.206.59 - - [21/May/2025:11:59:19 +0200] "GET /Jurek/waks/feeds/waks_emagro.xml HTTP/1.0" 200 1598638 "-" "-"
51.77.52.107 - - [21/May/2025:11:59:30 +0200] "GET /Jurek/eurofirany/images/397107/0.jpg HTTP/2.0" 200 37057 "-" "baselinker"
46.101.116.244 - - [21/May/2025:11:59:32 +0200] "GET /Jurek/hurtownia_przemyslowa/feeds/hp_kaufcz.xml HTTP/2.0" 200 49379983 "-" "-"
51.77.52.107 - - [21/May/2025:11:59:46 +0200] "GET /Jurek/eurofirany/images/397108/0.jpg HTTP/2.0" 200 37057 "-" "baselinker"
114.119.128.6 - - [21/May/2025:11:59:51 +0200] "GET /robots.txt HTTP/1.1" 404 3551 "-" "Mozilla/5.0 (compatible;PetalBot;+https://webmaster.petalsearch.com/site/petalbot)"
46.101.116.244 - - [21/May/2025:12:00:01 +0200] "GET /Jurek/ikonka/feeds/ikonka_kaufland.xml HTTP/2.0" 200 20908144 "-" "-"
51.77.52.107 - - [21/May/2025:12:00:06 +0200] "GET /Jurek/eurofirany/images/397108/0.jpg HTTP/2.0" 200 37057 "-" "baselinker"
46.101.116.244 - - [21/May/2025:12:00:14 +0200] "GET /Jurek/kinghoff/feeds/kinghoff_kaufland.xml HTTP/2.0" 200 15592572 "-" "-"
89.161.206.59 - - [21/May/2025:12:00:21 +0200] "GET /Jurek/fertone/feeds/fertone_emagro.xml HTTP/1.0" 200 583985 "-" "-"
89.161.206.59 - - [21/May/2025:12:00:21 +0200] "GET /Jurek/edruk/feeds/edruk_emagro.xml HTTP/1.0" 200 14151334 "-" "-"
35.204.39.32 - - [21/May/2025:12:00:21 +0200] "GET /marketplaces/carrefour_fr/results/carrefour_fr.csv HTTP/1.1" 200 147219 "-" "Mirakl HttpClient"
85.14.86.141 - - [21/May/2025:12:00:25 +0200] "GET /Jurek/vida_morele/feeds/VidaPL_all.xml HTTP/2.0" 200 865187561 "-" "MarketplaceAPI curl/7.74.0 PHP/8"
51.77.52.107 - - [21/May/2025:12:00:28 +0200] "GET /Jurek/eurofirany/images/397108/0.jpg HTTP/2.0" 200 37057 "-" "baselinker"
46.101.116.244 - - [21/May/2025:12:00:30 +0200] "GET /Jurek/kinghome/feeds/kinghome_kaufland.xml HTTP/2.0" 200 6230542 "-" "-"
52.209.168.113 - - [21/May/2025:12:00:46 +0200] "GET /marketplaces/ubaldi/results/ubaldi.csv HTTP/1.1" 200 3563747 "-" "Mirakl HttpClient"
51.77.52.107 - - [21/May/2025:12:00:47 +0200] "GET /Jurek/eurofirany/images/397109/0.jpg HTTP/2.0" 200 37057 "-" "baselinker"
46.101.116.244 - - [21/May/2025:12:00:49 +0200] "GET /Jurek/topeshop/feeds/topeshop_skr.xml HTTP/1.0" 200 878005 "-" "-"
51.77.52.107 - - [21/May/2025:12:01:06 +0200] "GET /Jurek/eurofirany/images/397109/0.jpg HTTP/2.0" 200 37057 "-" "baselinker"
46.101.116.244 - - [21/May/2025:12:01:12 +0200] "GET /Jurek/octopia/feeds/octopia_kaufland.xml HTTP/2.0" 200 10116659 "-" "-"
51.77.52.107 - - [21/May/2025:12:01:13 +0200] "GET /Jurek/eurofirany/images/397109/0.jpg HTTP/2.0" 200 37057 "-" "baselinker"
51.77.52.107 - - [21/May/2025:12:01:19 +0200] "GET /Jurek/eurofirany/images/397110/0.jpg HTTP/2.0" 200 37057 "-" "baselinker"
46.101.116.244 - - [21/May/2025:12:01:23 +0200] "GET /Jurek/rovicky/feeds/rovicky_kaufland.xml HTTP/2.0" 200 14570523 "-" "-"
46.101.116.244 - - [21/May/2025:12:01:34 +0200] "GET /Jurek/stema/feeds/stema_kauflandcz.xml HTTP/2.0" 200 894542 "-" "-"
51.77.52.107 - - [21/May/2025:12:01:41 +0200] "GET /Jurek/eurofirany/images/397110/0.jpg HTTP/2.0" 200 37057 "-" "baselinker"
46.101.116.244 - - [21/May/2025:12:01:45 +0200] "GET /Jurek/twm/feeds/twm-kaufland.xml HTTP/2.0" 200 2490429 "-" "-"
51.77.52.107 - - [21/May/2025:12:01:50 +0200] "GET /Jurek/eurofirany/images/397110/0.jpg HTTP/2.0" 200 37057 "-" "baselinker"
89.161.206.59 - - [21/May/2025:12:01:51 +0200] "GET /Jurek/wenom/feeds/wenom_emagro.xml HTTP/1.0" 200 583120 "-" "-"
89.161.206.59 - - [21/May/2025:12:01:51 +0200] "GET /Jurek/madrex/feeds/madrex_emagro.xml HTTP/1.0" 200 466715 "-" "-"
89.161.206.59 - - [21/May/2025:12:01:51 +0200] "GET /Jurek/emaja24/feeds/emaja24_emagro.xml HTTP/1.0" 200 5102275 "-" "-"
89.161.206.59 - - [21/May/2025:12:01:52 +0200] "GET /Jurek/zepnij/feeds/zepnij_emagro.xml HTTP/1.0" 200 19523697 "-" "-"
46.101.116.244 - - [21/May/2025:12:01:56 +0200] "GET /Jurek/unimet/feeds/unimet_kaufland.xml HTTP/2.0" 200 61206957 "-" "-"
51.77.52.107 - - [21/May/2025:12:01:57 +0200] "GET /Jurek/eurofirany/images/397111/0.jpg HTTP/2.0" 200 40976 "-" "baselinker"
52.18.22.0 - - [21/May/2025:12:02:03 +0200] "GET /marketplaces/rue/results/rue.csv HTTP/1.1" 200 7584320 "-" "Mirakl HttpClient"
51.77.52.107 - - [21/May/2025:12:02:04 +0200] "GET /Jurek/eurofirany/images/397111/0.jpg HTTP/2.0" 200 40976 "-" "baselinker"
51.77.52.107 - - [21/May/2025:12:02:27 +0200] "GET /Jurek/eurofirany/images/397111/0.jpg HTTP/2.0" 200 40976 "-" "baselinker"
51.77.52.107 - - [21/May/2025:12:02:39 +0200] "GET /Jurek/eurofirany/images/397112/0.jpg HTTP/2.0" 200 40976 "-" "baselinker"
51.77.52.107 - - [21/May/2025:12:02:46 +0200] "GET /Jurek/eurofirany/images/397112/0.jpg HTTP/2.0" 200 40976 "-" "baselinker"
51.77.52.107 - - [21/May/2025:12:03:00 +0200] "GET /Jurek/eurofirany/images/397112/0.jpg HTTP/2.0" 200 40976 "-" "baselinker"
51.77.52.107 - - [21/May/2025:12:03:15 +0200] "GET /Jurek/eurofirany/images/397113/0.jpg HTTP/2.0" 200 40976 "-" "baselinker"
89.161.206.59 - - [21/May/2025:12:03:18 +0200] "GET /Jurek/zenga/feeds/zenga_emagro.xml HTTP/1.0" 200 222863 "-" "-"
89.161.206.59 - - [21/May/2025:12:03:18 +0200] "GET /Jurek/sternhoff/feeds/sternhoff_emagro.xml HTTP/1.0" 200 1775476 "-" "-"
35.204.39.32 - - [21/May/2025:12:03:23 +0200] "GET /marketplaces/vente/results/vente_nl.csv HTTP/1.1" 200 2289704 "-" "Mirakl HttpClient"
51.77.52.107 - - [21/May/2025:12:03:23 +0200] "GET /Jurek/eurofirany/images/397113/0.jpg HTTP/2.0" 200 40976 "-" "baselinker"
35.204.39.32 - - [21/May/2025:12:03:24 +0200] "GET /marketplaces/vente/results/vente_fr.csv HTTP/1.1" 200 2457495 "-" "Mirakl HttpClient"
35.204.39.32 - - [21/May/2025:12:03:26 +0200] "GET /marketplaces/vente/results/vente_be.csv HTTP/1.1" 200 2289538 "-" "Mirakl HttpClient"
35.204.39.32 - - [21/May/2025:12:03:28 +0200] "GET /marketplaces/vente/results/vente_it.csv HTTP/1.1" 200 2322147 "-" "Mirakl HttpClient"
35.204.39.32 - - [21/May/2025:12:03:29 +0200] "GET /marketplaces/vente/results/vente_es.csv HTTP/1.1" 200 2289108 "-" "Mirakl HttpClient"
35.204.39.32 - - [21/May/2025:12:03:31 +0200] "GET /marketplaces/vente/results/vente_de.csv HTTP/1.1" 200 2288953 "-" "Mirakl HttpClient"
89.161.206.59 - - [21/May/2025:12:03:39 +0200] "GET /Jurek/hurtmeblowy/feeds/hurtmeblowy_skroutz.xml HTTP/1.0" 200 8509240 "-" "-"
51.77.52.107 - - [21/May/2025:12:03:44 +0200] "GET /Jurek/eurofirany/images/397113/0.jpg HTTP/2.0" 200 40976 "-" "baselinker"
52.209.168.113 - - [21/May/2025:12:03:46 +0200] "GET /marketplaces/carrefour/results/carrefour.csv HTTP/1.1" 200 147221 "-" "Mirakl HttpClient"
51.77.52.107 - - [21/May/2025:12:03:49 +0200] "GET /Jurek/eurofirany/images/397114/0.jpg HTTP/2.0" 200 40976 "-" "baselinker"
51.77.52.107 - - [21/May/2025:12:04:07 +0200] "GET /Jurek/eurofirany/images/397114/0.jpg HTTP/2.0" 200 40976 "-" "baselinker"
85.14.86.141 - - [21/May/2025:12:04:09 +0200] "GET /Jurek/kinghoff/feeds/kinghoff_morele.xml HTTP/2.0" 200 15590024 "-" "MarketplaceAPI curl/7.74.0 PHP/8"
51.77.52.107 - - [21/May/2025:12:04:14 +0200] "GET /Jurek/eurofirany/images/397114/0.jpg HTTP/2.0" 200 40976 "-" "baselinker"
51.77.52.107 - - [21/May/2025:12:04:32 +0200] "GET /Jurek/eurofirany/images/397115/0.jpg HTTP/2.0" 200 40976 "-" "baselinker"
89.161.206.59 - - [21/May/2025:12:04:34 +0200] "GET /Jurek/hurtmeblowy/feeds/hurtmeblowy_amazonde.xml HTTP/1.0" 200 7518299 "-" "-"
89.161.206.59 - - [21/May/2025:12:04:35 +0200] "GET /Jurek/tsjerzy/feeds/tsjerzy_amazonde.xml HTTP/1.0" 200 3897601 "-" "-"
89.161.206.59 - - [21/May/2025:12:04:37 +0200] "GET /Jurek/elavia/feeds/elavia_amazonde.xml HTTP/1.0" 200 2497294 "-" "-"
89.161.206.59 - - [21/May/2025:12:04:38 +0200] "GET /Jurek/roger/feeds/roger_amazonde.xml HTTP/1.0" 200 1396533 "-" "-"
89.161.206.59 - - [21/May/2025:12:04:38 +0200] "GET /Jurek/beltimore/feeds/beltimore_amazonde.xml HTTP/1.0" 200 18651622 "-" "-"
89.161.206.59 - - [21/May/2025:12:04:40 +0200] "GET /Jurek/hlo/feeds/hlo_emagro.xml HTTP/1.0" 200 4838786 "-" "-"
89.161.206.59 - - [21/May/2025:12:04:41 +0200] "GET /Jurek/luxma/feeds/luxma_emagro.xml HTTP/1.0" 200 8059142 "-" "-"
46.101.116.244 - - [21/May/2025:12:04:47 +0200] "GET /Jurek/vivaldi/feeds/vivaldi_kaufland.xml HTTP/2.0" 200 344841 "-" "-"
51.77.52.107 - - [21/May/2025:12:04:52 +0200] "GET /Jurek/eurofirany/images/397115/0.jpg HTTP/2.0" 200 40976 "-" "baselinker"
46.101.116.244 - - [21/May/2025:12:04:56 +0200] "GET /Jurek/piotrmiedz/feeds/piotrmiedz_amazonde.xml HTTP/1.0" 200 91046231 "-" "-"
51.77.52.107 - - [21/May/2025:12:05:09 +0200] "GET /Jurek/eurofirany/images/397115/0.jpg HTTP/2.0" 200 40976 "-" "baselinker"
51.77.52.107 - - [21/May/2025:12:05:16 +0200] "GET /Jurek/eurofirany/images/397116/0.jpg HTTP/2.0" 200 40976 "-" "baselinker"
51.77.52.107 - - [21/May/2025:12:05:39 +0200] "GET /Jurek/eurofirany/images/397116/0.jpg HTTP/2.0" 200 40976 "-" "baselinker"
89.161.206.59 - - [21/May/2025:12:05:43 +0200] "GET /Jurek/oknobest/feeds/oknobest_emagro.xml HTTP/1.0" 200 2708613 "-" "-"
89.161.206.59 - - [21/May/2025:12:05:48 +0200] "GET /Jurek/beautycare/feeds/beautycare_amazonde.xml HTTP/1.0" 200 1181267 "-" "-"
89.161.206.59 - - [21/May/2025:12:05:48 +0200] "GET /Jurek/princelh/feeds/princelh_amazonde.xml HTTP/1.0" 200 133438 "-" "-"
89.161.206.59 - - [21/May/2025:12:05:49 +0200] "GET /Jurek/omi/feeds/omi_amazonde.xml HTTP/1.0" 200 8100685 "-" "-"
89.161.206.59 - - [21/May/2025:12:05:49 +0200] "GET /Jurek/smxdesign/feeds/smxdesign_amazonde.xml HTTP/1.0" 200 1829017 "-" "-"
51.77.52.107 - - [21/May/2025:12:05:58 +0200] "GET /Jurek/eurofirany/images/397116/0.jpg HTTP/2.0" 200 40976 "-" "baselinker"
51.77.52.107 - - [21/May/2025:12:06:14 +0200] "GET /Jurek/eurofirany/images/397117/0.jpg HTTP/2.0" 200 40976 "-" "baselinker"
51.77.52.107 - - [21/May/2025:12:06:20 +0200] "GET /Jurek/eurofirany/images/397117/0.jpg HTTP/2.0" 200 40976 "-" "baselinker"
89.161.206.59 - - [21/May/2025:12:06:21 +0200] "GET /Jurek/ekotex/feeds/ekotex_skroutz.xml HTTP/1.0" 200 197813 "-" "-"
89.161.206.59 - - [21/May/2025:12:06:22 +0200] "GET /Jurek/motofan/feeds/motofan_skroutz.xml HTTP/1.0" 200 2392155 "-" "-"
89.161.206.59 - - [21/May/2025:12:06:23 +0200] "GET /Jurek/elecomp/feeds/elecomp_skroutz.xml HTTP/1.0" 200 2769774 "-" "-"
89.161.206.59 - - [21/May/2025:12:06:31 +0200] "GET /Jurek/najtanszysport/feeds/najtanszysport_skroutz.xml HTTP/1.0" 200 3291292 "-" "-"
89.161.206.59 - - [21/May/2025:12:06:36 +0200] "GET /Jurek/makow/feeds/makow_emagro.xml HTTP/1.0" 200 21206222 "-" "-"
89.161.206.59 - - [21/May/2025:12:06:37 +0200] "GET /Jurek/globaldeli/feeds/globaldeli_emagro.xml HTTP/1.0" 200 2590918 "-" "-"
51.77.52.107 - - [21/May/2025:12:06:38 +0200] "GET /Jurek/eurofirany/images/397117/0.jpg HTTP/2.0" 200 40976 "-" "baselinker"
85.14.86.141 - - [21/May/2025:12:06:56 +0200] "GET /Jurek/eurofirany/feeds/eurofirany_morele.xml HTTP/2.0" 200 18846997 "-" "MarketplaceAPI curl/7.74.0 PHP/8"
51.77.52.107 - - [21/May/2025:12:07:04 +0200] "GET /Jurek/eurofirany/images/409411/0.jpg HTTP/2.0" 200 18565 "-" "baselinker"
193.33.8.61 - - [21/May/2025:12:07:08 +0200] "GET /Jurek/hurtmeblowy/download/add_per_sku.csv HTTP/1.1" 200 250451 "-" "python-requests/2.31.0"
51.77.52.107 - - [21/May/2025:12:07:10 +0200] "GET /Jurek/eurofirany/images/409411/0.jpg HTTP/2.0" 200 18565 "-" "baselinker"
85.14.86.141 - - [21/May/2025:12:07:12 +0200] "GET /Jurek/vivaldi/feeds/vivaldi_Morele-PL.xml HTTP/2.0" 200 344674 "-" "MarketplaceAPI curl/7.74.0 PHP/8"
89.161.206.59 - - [21/May/2025:12:07:27 +0200] "GET /Jurek/muminky/feeds/muminky_skroutz.xml HTTP/1.0" 200 2270343 "-" "-"
89.161.206.59 - - [21/May/2025:12:07:28 +0200] "GET /Jurek/pupus/feeds/pupus_skroutz.xml HTTP/1.0" 200 882654 "-" "-"
51.77.52.107 - - [21/May/2025:12:07:29 +0200] "GET /Jurek/eurofirany/images/409411/0.jpg HTTP/2.0" 200 18565 "-" "baselinker"
89.161.206.59 - - [21/May/2025:12:07:35 +0200] "GET /Jurek/eurofryz3/feeds/eurofryz3_skroutz.xml HTTP/1.0" 200 172222 "-" "-"
89.161.206.59 - - [21/May/2025:12:07:35 +0200] "GET /Jurek/eurofryz2/feeds/eurofryz2_skroutz.xml HTTP/1.0" 200 1376780 "-" "-"
89.161.206.59 - - [21/May/2025:12:07:35 +0200] "GET /Jurek/lendo/feeds/lendo_skroutz.xml HTTP/1.0" 200 330395 "-" "-"
89.161.206.59 - - [21/May/2025:12:07:35 +0200] "GET /Jurek/dekornatort/feeds/dekornatort_skroutz.xml HTTP/1.0" 200 225753 "-" "-"
89.161.206.59 - - [21/May/2025:12:07:37 +0200] "GET /Jurek/playcob/feeds/playcob_skroutz.xml HTTP/1.0" 200 6980152 "-" "-"
89.161.206.59 - - [21/May/2025:12:07:37 +0200] "GET /Jurek/nexus/feeds/nexus_skroutz.xml HTTP/1.0" 200 226627 "-" "-"
89.161.206.59 - - [21/May/2025:12:07:37 +0200] "GET /Jurek/alucon/feeds/alucon_skroutz.xml HTTP/1.0" 200 553575 "-" "-"
89.161.206.59 - - [21/May/2025:12:07:39 +0200] "GET /Jurek/cbdgreen/feeds/cbdgreen_skroutz.xml HTTP/1.0" 200 30342 "-" "-"
89.161.206.59 - - [21/May/2025:12:07:45 +0200] "GET /Jurek/coppotech/feeds/coppotech_skroutz.xml HTTP/1.0" 200 37852809 "-" "-"
51.77.52.107 - - [21/May/2025:12:07:47 +0200] "GET /Jurek/eurofirany/images/409412/0.jpg HTTP/2.0" 200 29127 "-" "baselinker"
89.161.206.59 - - [21/May/2025:12:07:51 +0200] "GET /Jurek/elavia/feeds/elavia_skroutz.xml HTTP/1.0" 200 2297068 "-" "-"
89.161.206.59 - - [21/May/2025:12:07:54 +0200] "GET /Jurek/maksik/feeds/maksik_skroutz.xml HTTP/1.0" 200 4084799 "-" "-"
89.161.206.59 - - [21/May/2025:12:08:02 +0200] "GET /Jurek/smxdesign/feeds/smxdesign_skroutz.xml HTTP/1.0" 200 1828985 "-" "-"
89.161.206.59 - - [21/May/2025:12:08:04 +0200] "GET /Jurek/princelh/feeds/princelh_skroutz.xml HTTP/1.0" 200 133435 "-" "-"
89.161.206.59 - - [21/May/2025:12:08:05 +0200] "GET /Jurek/proparts/feeds/proparts_skroutz.xml HTTP/1.0" 200 707497 "-" "-"
51.77.52.107 - - [21/May/2025:12:08:07 +0200] "GET /Jurek/eurofirany/images/409412/0.jpg HTTP/2.0" 200 29127 "-" "baselinker"
193.33.8.61 - - [21/May/2025:12:08:13 +0200] "GET /Jurek/hurtmeblowy/download/add_per_sku.csv HTTP/1.1" 200 250451 "-" "python-requests/2.31.0"
51.77.52.107 - - [21/May/2025:12:08:14 +0200] "GET /Jurek/eurofirany/images/409412/0.jpg HTTP/2.0" 200 29127 "-" "baselinker"
89.161.206.59 - - [21/May/2025:12:08:18 +0200] "GET /Jurek/kristronik/feeds/kristronik_skroutz.xml HTTP/1.0" 200 691990 "-" "-"
89.161.206.59 - - [21/May/2025:12:08:21 +0200] "GET /Jurek/techrebalina/feeds/techrebalina_skroutz.xml HTTP/1.0" 200 2011194 "-" "-"
51.77.52.107 - - [21/May/2025:12:08:21 +0200] "GET /Jurek/eurofirany/images/409413/0.jpg HTTP/2.0" 200 29127 "-" "baselinker"
193.33.8.61 - - [21/May/2025:12:08:22 +0200] "GET /Filip/janshop_orders/exports/ HTTP/2.0" 401 3550 "-" "Mozilla/5.0 (Macintosh; Intel Mac OS X 10_15_7) AppleWebKit/605.1.15 (KHTML, like Gecko) Version/17.5 Safari/605.1.15"
89.161.206.59 - - [21/May/2025:12:08:22 +0200] "GET /Jurek/techrebal/feeds/techrebal_skroutz.xml HTTP/1.0" 200 1969163 "-" "-"
193.33.8.61 - maria [21/May/2025:12:08:22 +0200] "GET /Filip/janshop_orders/exports/ HTTP/2.0" 200 32237 "-" "Mozilla/5.0 (Macintosh; Intel Mac OS X 10_15_7) AppleWebKit/605.1.15 (KHTML, like Gecko) Version/17.5 Safari/605.1.15"
193.33.8.61 - maria [21/May/2025:12:08:24 +0200] "GET /Filip/janshop_orders/exports/shumee_2025-05-21_12.txt HTTP/2.0" 200 4916 "https://dkkapusta1997.usermd.net/Filip/janshop_orders/exports/" "Mozilla/5.0 (Macintosh; Intel Mac OS X 10_15_7) AppleWebKit/605.1.15 (KHTML, like Gecko) Version/17.5 Safari/605.1.15"
193.33.8.61 - maria [21/May/2025:12:08:25 +0200] "GET /Filip/janshop_orders/exports/great_2025-05-21_12.txt HTTP/2.0" 200 212 "https://dkkapusta1997.usermd.net/Filip/janshop_orders/exports/" "Mozilla/5.0 (Macintosh; Intel Mac OS X 10_15_7) AppleWebKit/605.1.15 (KHTML, like Gecko) Version/17.5 Safari/605.1.15"
193.33.8.61 - maria [21/May/2025:12:08:26 +0200] "GET /Filip/janshop_orders/exports/extra_2025-05-21_12.txt HTTP/2.0" 200 3189 "https://dkkapusta1997.usermd.net/Filip/janshop_orders/exports/" "Mozilla/5.0 (Macintosh; Intel Mac OS X 10_15_7) AppleWebKit/605.1.15 (KHTML, like Gecko) Version/17.5 Safari/605.1.15"
89.161.206.59 - - [21/May/2025:12:08:35 +0200] "GET /Jurek/nonabox/feeds/nonabox_skroutz.xml HTTP/1.0" 200 33864 "-" "-"
46.101.116.244 - - [21/May/2025:12:08:36 +0200] "GET /Jurek/vidaCZ/feeds/vida_Kaufland.xml HTTP/2.0" 200 824053880 "-" "-"
89.161.206.59 - - [21/May/2025:12:08:36 +0200] "GET /Jurek/omi/feeds/omi_skroutz.xml HTTP/1.0" 200 8100729 "-" "-"
51.77.52.107 - - [21/May/2025:12:08:39 +0200] "GET /Jurek/eurofirany/images/409413/0.jpg HTTP/2.0" 200 29127 "-" "baselinker"
51.77.52.107 - - [21/May/2025:12:08:43 +0200] "GET /Jurek/eurofirany/images/409413/0.jpg HTTP/2.0" 200 29127 "-" "baselinker"
89.161.206.59 - - [21/May/2025:12:08:48 +0200] "GET /Jurek/eoptimo/feeds/eoptimo_skroutz.xml HTTP/1.0" 200 2094330 "-" "-"
51.77.52.107 - - [21/May/2025:12:08:48 +0200] "GET /Jurek/eurofirany/images/409416/0.jpg HTTP/2.0" 200 22943 "-" "baselinker"
89.161.206.59 - - [21/May/2025:12:08:49 +0200] "GET /Jurek/broers/feeds/broers_skroutz.xml HTTP/1.0" 200 1981481 "-" "-"
85.14.86.141 - - [21/May/2025:12:08:51 +0200] "GET /Jurek/vida_morele/feeds/VidaPL_morele.xml HTTP/2.0" 200 865188932 "-" "MarketplaceAPI curl/7.74.0 PHP/8"
85.14.86.141 - - [21/May/2025:12:09:07 +0200] "GET /Jurek/aw/feeds/awnarzedzia_morele.xml HTTP/2.0" 200 90852494 "-" "MarketplaceAPI curl/7.74.0 PHP/8"
185.6.76.18 - - [21/May/2025:12:09:07 +0200] "GET /marketplaces/skroutz/feeds/shumee.xml HTTP/1.1" 200 412248608 "-" "SkroutzBot v1.0"
51.77.52.107 - - [21/May/2025:12:09:20 +0200] "GET /Jurek/eurofirany/images/409416/0.jpg HTTP/2.0" 200 22943 "-" "baselinker"
51.77.52.107 - - [21/May/2025:12:09:37 +0200] "GET /Jurek/eurofirany/images/409416/0.jpg HTTP/2.0" 200 22943 "-" "baselinker"
51.77.52.107 - - [21/May/2025:12:09:53 +0200] "GET /Jurek/eurofirany/images/432116/0.jpg HTTP/2.0" 200 177166 "-" "baselinker"
51.77.52.107 - - [21/May/2025:12:10:13 +0200] "GET /Jurek/eurofirany/images/432116/0.jpg HTTP/2.0" 200 177166 "-" "baselinker"
85.14.86.141 - - [21/May/2025:12:10:17 +0200] "GET /Jurek/beliani/feeds/beliani_morele.xml HTTP/2.0" 200 30713555 "-" "MarketplaceAPI curl/7.74.0 PHP/8"
89.161.206.59 - - [21/May/2025:12:10:25 +0200] "GET /Jurek/carbonyway/feeds/carbonyway_skroutz.xml HTTP/1.0" 200 3075975 "-" "-"
89.161.206.59 - - [21/May/2025:12:10:26 +0200] "GET /Jurek/jakdroz/feeds/jakdroz_skroutz.xml HTTP/1.0" 200 1894290 "-" "-"
89.161.206.59 - - [21/May/2025:12:10:27 +0200] "GET /Jurek/filmal/feeds/filmal_skroutz.xml HTTP/1.0" 200 139273 "-" "-"
89.161.206.59 - - [21/May/2025:12:10:27 +0200] "GET /Jurek/jakdroz/feeds/jakdroz_skroutz.xml HTTP/1.0" 200 1894290 "-" "-"
89.161.206.59 - - [21/May/2025:12:10:28 +0200] "GET /Jurek/riko/feeds/riko_skr.xml HTTP/1.0" 200 3785004 "-" "-"
89.161.206.59 - - [21/May/2025:12:10:29 +0200] "GET /Jurek/tsjerzy/feeds/tsjerzy_skr.xml HTTP/1.0" 200 3840962 "-" "-"
89.161.206.59 - - [21/May/2025:12:10:30 +0200] "GET /Jurek/sebmart/feeds/sebmart_skr.xml HTTP/1.0" 200 1598728 "-" "-"
89.161.206.59 - - [21/May/2025:12:10:31 +0200] "GET /Jurek/harmonypost/feeds/harmonypost_skr.xml HTTP/1.0" 200 39903565 "-" "-"
51.77.52.107 - - [21/May/2025:12:10:31 +0200] "GET /Jurek/eurofirany/images/432116/0.jpg HTTP/2.0" 200 177166 "-" "baselinker"
51.77.52.107 - - [21/May/2025:12:10:50 +0200] "GET /Jurek/eurofirany/images/432169/0.jpg HTTP/2.0" 200 98487 "-" "baselinker"
46.101.116.244 - - [21/May/2025:12:11:07 +0200] "GET /Jurek/hurtmeblowy/feeds/hurtmeblowy_kauflandsk.xml HTTP/2.0" 200 7518373 "-" "-"
51.77.52.107 - - [21/May/2025:12:11:08 +0200] "GET /Jurek/eurofirany/images/432169/0.jpg HTTP/2.0" 200 98487 "-" "baselinker"
46.101.116.244 - - [21/May/2025:12:11:20 +0200] "GET /Jurek/kobi/feeds/kobi_kauflandsk.xml HTTP/2.0" 200 942929 "-" "-"
51.77.52.107 - - [21/May/2025:12:11:27 +0200] "GET /Jurek/eurofirany/images/432169/0.jpg HTTP/2.0" 200 98487 "-" "baselinker"
46.101.116.244 - - [21/May/2025:12:11:31 +0200] "GET /Jurek/madrex/feeds/madrex_kauflandsk.xml HTTP/2.0" 200 466707 "-" "-"
51.77.52.107 - - [21/May/2025:12:11:48 +0200] "GET /Jurek/eurofirany/images/409415/0.jpg HTTP/2.0" 200 45924 "-" "baselinker"
46.101.116.244 - - [21/May/2025:12:12:05 +0200] "GET /Jurek/action/feeds/action_kauflandsk.xml HTTP/2.0" 200 58388258 "-" "-"
51.77.52.107 - - [21/May/2025:12:12:06 +0200] "GET /Jurek/eurofirany/images/409415/0.jpg HTTP/2.0" 200 45924 "-" "baselinker"
51.77.52.107 - - [21/May/2025:12:12:12 +0200] "GET /Jurek/eurofirany/images/409415/0.jpg HTTP/2.0" 200 45924 "-" "baselinker"
51.77.52.107 - - [21/May/2025:12:12:18 +0200] "GET /Jurek/eurofirany/images/441929/0.jpg HTTP/2.0" 200 33 "-" "baselinker"
51.77.52.107 - - [21/May/2025:12:12:19 +0200] "GET /Jurek/eurofirany/images/441929/0.jpg HTTP/2.0" 200 33 "-" "baselinker"
51.77.52.107 - - [21/May/2025:12:12:19 +0200] "GET /Jurek/eurofirany/images/441929/0.jpg HTTP/2.0" 200 33 "-" "baselinker"
51.77.52.107 - - [21/May/2025:12:12:20 +0200] "GET /Jurek/eurofirany/images/429741/0.jpg HTTP/2.0" 200 44593 "-" "baselinker"
51.77.52.107 - - [21/May/2025:12:12:38 +0200] "GET /Jurek/eurofirany/images/429741/0.jpg HTTP/2.0" 200 44593 "-" "baselinker"
46.101.116.244 - - [21/May/2025:12:12:51 +0200] "GET /Jurek/andex/feeds/andex_kauflandsk.xml HTTP/2.0" 200 1953289 "-" "-"
51.77.52.107 - - [21/May/2025:12:12:59 +0200] "GET /Jurek/eurofirany/images/429741/0.jpg HTTP/2.0" 200 44593 "-" "baselinker"
46.101.116.244 - - [21/May/2025:12:13:03 +0200] "GET /Jurek/aw/feeds/awnarzedzia_kauflandsk.xml HTTP/2.0" 200 90826169 "-" "-"
51.77.52.107 - - [21/May/2025:12:13:18 +0200] "GET /Jurek/eurofirany/images/429743/0.jpg HTTP/2.0" 200 44593 "-" "baselinker"
46.101.116.244 - - [21/May/2025:12:13:21 +0200] "GET /Jurek/b3/feeds/b3_kauflandsk.xml HTTP/2.0" 200 8079647 "-" "-"
51.77.52.107 - - [21/May/2025:12:13:23 +0200] "GET /Jurek/eurofirany/images/429743/0.jpg HTTP/2.0" 200 44593 "-" "baselinker"
46.101.116.244 - - [21/May/2025:12:13:32 +0200] "GET /Jurek/barbecook/feeds/barbecook_kauflandsk.xml HTTP/2.0" 200 87527 "-" "-"
51.77.52.107 - - [21/May/2025:12:13:40 +0200] "GET /Jurek/eurofirany/images/429743/0.jpg HTTP/2.0" 200 44593 "-" "baselinker"
46.101.116.244 - - [21/May/2025:12:13:42 +0200] "GET /Jurek/bass/feeds/bass_kauflandsk.xml HTTP/2.0" 200 3971903 "-" "-"
51.77.52.107 - - [21/May/2025:12:13:47 +0200] "GET /Jurek/eurofirany/images/429748/0.jpg HTTP/2.0" 200 35952 "-" "baselinker"
46.101.116.244 - - [21/May/2025:12:13:53 +0200] "GET /Jurek/beliani/feeds/beliani_sk_kaufland.xml HTTP/2.0" 200 33514388 "-" "-"
51.77.52.107 - - [21/May/2025:12:14:06 +0200] "GET /Jurek/eurofirany/images/429748/0.jpg HTTP/2.0" 200 35952 "-" "baselinker"
46.101.116.244 - - [21/May/2025:12:14:06 +0200] "GET /Jurek/benbaby/feeds/benbaby_kauflandsk.xml HTTP/2.0" 200 3706555 "-" "-"
46.101.116.244 - - [21/May/2025:12:14:16 +0200] "GET /Jurek/detian/feeds/detian_kauflandsk.xml HTTP/2.0" 404 3551 "-" "-"
51.77.52.107 - - [21/May/2025:12:14:21 +0200] "GET /Jurek/eurofirany/images/429748/0.jpg HTTP/2.0" 200 35952 "-" "baselinker"
46.101.116.244 - - [21/May/2025:12:14:27 +0200] "GET /Jurek/emibig/feeds/emibig_kauflandsk.xml HTTP/2.0" 200 2522183 "-" "-"
89.161.206.59 - - [21/May/2025:12:14:30 +0200] "GET /Jurek/maksik/feeds/maksik_cdsc.xml HTTP/1.0" 200 2927518 "-" "-"
89.161.206.59 - - [21/May/2025:12:14:30 +0200] "GET /Jurek/beltimore/feeds/beltimore_cdsc.xml HTTP/1.0" 200 11135872 "-" "-"
89.161.206.59 - - [21/May/2025:12:14:31 +0200] "GET /Jurek/benetech/feeds/benetech_cdsc.xml HTTP/1.0" 200 2361757 "-" "-"
89.161.206.59 - - [21/May/2025:12:14:31 +0200] "GET /Jurek/pawonik/feeds/pawonik_cdsc.xml HTTP/1.0" 200 1382169 "-" "-"
89.161.206.59 - - [21/May/2025:12:14:31 +0200] "GET /Jurek/hdwr/feeds/hdwr_cdsc.xml HTTP/1.0" 200 745723 "-" "-"
89.161.206.59 - - [21/May/2025:12:14:31 +0200] "GET /Jurek/drops/feeds/dropsofficecolection_cdsc.xml HTTP/1.0" 200 784442 "-" "-"
89.161.206.59 - - [21/May/2025:12:14:32 +0200] "GET /Jurek/szpaklampy/feeds/szpaklampy_cdsc.xml HTTP/1.0" 200 395822 "-" "-"
89.161.206.59 - - [21/May/2025:12:14:32 +0200] "GET /Jurek/sartrix/feeds/sartrix_cdsc.xml HTTP/1.0" 200 867436 "-" "-"
89.161.206.59 - - [21/May/2025:12:14:32 +0200] "GET /Jurek/reman/feeds/reman_cdsc.xml HTTP/1.0" 200 400872 "-" "-"
89.161.206.59 - - [21/May/2025:12:14:32 +0200] "GET /Jurek/eurofirany/feeds/eurofirany_cdiscount.xml HTTP/1.0" 200 2739539 "-" "-"
46.101.116.244 - - [21/May/2025:12:14:37 +0200] "GET /Jurek/eurofirany/feeds/eurofirany_kaufland_sk.xml HTTP/2.0" 200 18843973 "-" "-"
51.77.52.107 - - [21/May/2025:12:14:39 +0200] "GET /Jurek/eurofirany/images/409414/0.jpg HTTP/2.0" 200 33 "-" "baselinker"
51.77.52.107 - - [21/May/2025:12:14:40 +0200] "GET /Jurek/eurofirany/images/409414/0.jpg HTTP/2.0" 200 33 "-" "baselinker"
51.77.52.107 - - [21/May/2025:12:14:40 +0200] "GET /Jurek/eurofirany/images/409414/0.jpg HTTP/2.0" 200 33 "-" "baselinker"
51.77.52.107 - - [21/May/2025:12:14:41 +0200] "GET /Jurek/eurofirany/images/409417/0.jpg HTTP/2.0" 200 33 "-" "baselinker"
51.77.52.107 - - [21/May/2025:12:14:42 +0200] "GET /Jurek/eurofirany/images/409417/0.jpg HTTP/2.0" 200 33 "-" "baselinker"
51.77.52.107 - - [21/May/2025:12:14:42 +0200] "GET /Jurek/eurofirany/images/409417/0.jpg HTTP/2.0" 200 33 "-" "baselinker"
51.77.52.107 - - [21/May/2025:12:14:43 +0200] "GET /Jurek/eurofirany/images/452246/0.jpg HTTP/2.0" 200 175270 "-" "baselinker"
46.101.116.244 - - [21/May/2025:12:14:49 +0200] "GET /Jurek/fernity/feeds/fernity_kauflandsk.xml HTTP/2.0" 200 4719032 "-" "-"
51.77.52.107 - - [21/May/2025:12:15:02 +0200] "GET /Jurek/eurofirany/images/452246/0.jpg HTTP/2.0" 200 175270 "-" "baselinker"
89.161.206.59 - - [21/May/2025:12:15:04 +0200] "GET /Jurek/lampart/feeds/lampart_cdsc.xml HTTP/1.0" 200 1057913 "-" "-"
89.161.206.59 - - [21/May/2025:12:15:05 +0200] "GET /Jurek/tsjerzy/feeds/tsjerzy_cdsc.xml HTTP/1.0" 200 4383064 "-" "-"
51.77.52.107 - - [21/May/2025:12:15:08 +0200] "GET /Jurek/eurofirany/images/452246/0.jpg HTTP/2.0" 200 175270 "-" "baselinker"
46.101.116.244 - - [21/May/2025:12:15:12 +0200] "GET /Jurek/hurtownia_przemyslowa/feeds/hp_kaufsk.xml HTTP/2.0" 200 49360214 "-" "-"
51.77.52.107 - - [21/May/2025:12:15:27 +0200] "GET /Jurek/eurofirany/images/452247/0.jpg HTTP/2.0" 200 175270 "-" "baselinker"
46.101.116.244 - - [21/May/2025:12:15:43 +0200] "GET /Jurek/ikonka/feeds/ikonka_kauflandsk.xml HTTP/2.0" 200 20905853 "-" "-"
51.77.52.107 - - [21/May/2025:12:15:50 +0200] "GET /Jurek/eurofirany/images/452247/0.jpg HTTP/2.0" 200 175270 "-" "baselinker"
46.101.116.244 - - [21/May/2025:12:15:55 +0200] "GET /Jurek/kinghoff/feeds/kinghoff_kauflandsk.xml HTTP/2.0" 200 15589218 "-" "-"
51.77.52.107 - - [21/May/2025:12:16:00 +0200] "GET /Jurek/eurofirany/images/452247/0.jpg HTTP/2.0" 200 175270 "-" "baselinker"
46.101.116.244 - - [21/May/2025:12:16:11 +0200] "GET /Jurek/kinghome/feeds/kinghome_kauflandsk.xml HTTP/2.0" 200 6225101 "-" "-"
51.77.52.107 - - [21/May/2025:12:16:23 +0200] "GET /Jurek/eurofirany/images/452718/0.jpg HTTP/2.0" 200 129243 "-" "baselinker"
51.77.52.107 - - [21/May/2025:12:16:30 +0200] "GET /Jurek/eurofirany/images/452718/0.jpg HTTP/2.0" 200 129243 "-" "baselinker"
46.101.116.244 - - [21/May/2025:12:16:49 +0200] "GET /Jurek/octopia/feeds/octopia_kauflandsk.xml HTTP/2.0" 200 10103788 "-" "-"
51.77.52.107 - - [21/May/2025:12:16:50 +0200] "GET /Jurek/eurofirany/images/452718/0.jpg HTTP/2.0" 200 129243 "-" "baselinker"
51.77.52.107 - - [21/May/2025:12:16:58 +0200] "GET /Jurek/eurofirany/images/453519/0.jpg HTTP/2.0" 200 138944 "-" "baselinker"
46.101.116.244 - - [21/May/2025:12:17:00 +0200] "GET /Jurek/rovicky/feeds/rovicky_kauflandsk.xml HTTP/2.0" 200 14565531 "-" "-"
46.101.116.244 - - [21/May/2025:12:17:11 +0200] "GET /Jurek/stema/feeds/stema_kauflandsk.xml HTTP/2.0" 200 893817 "-" "-"
51.77.52.107 - - [21/May/2025:12:17:15 +0200] "GET /Jurek/eurofirany/images/453519/0.jpg HTTP/2.0" 200 138944 "-" "baselinker"
89.161.206.59 - - [21/May/2025:12:17:19 +0200] "GET /Jurek/purewear/feeds/purewear_skroutz.xml HTTP/1.0" 200 13350980 "-" "-"
46.101.116.244 - - [21/May/2025:12:17:22 +0200] "GET /Jurek/twm/feeds/twm-kauflandsk.xml HTTP/2.0" 200 2489378 "-" "-"
51.77.52.107 - - [21/May/2025:12:17:24 +0200] "GET /Jurek/eurofirany/images/453519/0.jpg HTTP/2.0" 200 138944 "-" "baselinker"
46.101.116.244 - - [21/May/2025:12:17:33 +0200] "GET /Jurek/unimet/feeds/unimet_kauflandsk.xml HTTP/2.0" 200 61141244 "-" "-"
51.77.52.107 - - [21/May/2025:12:17:47 +0200] "GET /Jurek/eurofirany/images/452236/0.jpg HTTP/2.0" 200 96600 "-" "baselinker"
51.77.52.107 - - [21/May/2025:12:17:52 +0200] "GET /Jurek/eurofirany/images/452236/0.jpg HTTP/2.0" 200 96600 "-" "baselinker"
51.77.52.107 - - [21/May/2025:12:18:12 +0200] "GET /Jurek/eurofirany/images/452236/0.jpg HTTP/2.0" 200 96600 "-" "baselinker"
51.77.52.107 - - [21/May/2025:12:18:16 +0200] "GET /Jurek/eurofirany/images/452237/0.jpg HTTP/2.0" 200 96600 "-" "baselinker"
89.161.206.59 - - [21/May/2025:12:18:17 +0200] "GET /Jurek/narzbud/feeds/narzbud_cdsc.xml HTTP/1.0" 200 1227811 "-" "-"
89.161.206.59 - - [21/May/2025:12:18:20 +0200] "GET /Jurek/cdata/feeds/cdata_skr.xml HTTP/1.0" 200 1445176 "-" "-"
51.77.52.107 - - [21/May/2025:12:18:34 +0200] "GET /Jurek/eurofirany/images/452237/0.jpg HTTP/2.0" 200 96600 "-" "baselinker"
51.77.52.107 - - [21/May/2025:12:18:39 +0200] "GET /Jurek/eurofirany/images/452237/0.jpg HTTP/2.0" 200 96600 "-" "baselinker"
51.77.52.107 - - [21/May/2025:12:19:01 +0200] "GET /Jurek/eurofirany/images/452238/0.jpg HTTP/2.0" 200 105368 "-" "baselinker"
51.77.52.107 - - [21/May/2025:12:19:06 +0200] "GET /Jurek/eurofirany/images/452238/0.jpg HTTP/2.0" 200 105368 "-" "baselinker"
51.77.52.107 - - [21/May/2025:12:19:27 +0200] "GET /Jurek/eurofirany/images/452238/0.jpg HTTP/2.0" 200 105368 "-" "baselinker"
51.77.52.107 - - [21/May/2025:12:19:33 +0200] "GET /Jurek/eurofirany/images/452239/0.jpg HTTP/2.0" 200 105368 "-" "baselinker"
51.77.52.107 - - [21/May/2025:12:19:50 +0200] "GET /Jurek/eurofirany/images/452239/0.jpg HTTP/2.0" 200 105368 "-" "baselinker"
51.77.52.107 - - [21/May/2025:12:20:18 +0200] "GET /Jurek/eurofirany/images/452239/0.jpg HTTP/2.0" 200 105368 "-" "baselinker"
51.77.52.107 - - [21/May/2025:12:20:23 +0200] "GET /Jurek/eurofirany/images/452240/0.jpg HTTP/2.0" 200 98109 "-" "baselinker"
46.101.116.244 - - [21/May/2025:12:20:24 +0200] "GET /Jurek/vivaldi/feeds/vivaldi_kauflandsk.xml HTTP/2.0" 200 344642 "-" "-"
51.77.52.107 - - [21/May/2025:12:20:44 +0200] "GET /Jurek/eurofirany/images/452240/0.jpg HTTP/2.0" 200 98109 "-" "baselinker"
51.77.52.107 - - [21/May/2025:12:21:04 +0200] "GET /Jurek/eurofirany/images/452240/0.jpg HTTP/2.0" 200 98109 "-" "baselinker"
89.161.206.59 - - [21/May/2025:12:21:17 +0200] "GET /Jurek/eurofryz/feeds/eurofryz_cdsc.xml HTTP/1.0" 200 830804 "-" "-"
89.161.206.59 - - [21/May/2025:12:21:19 +0200] "GET /Jurek/fertes/feeds/fertes_cdsc.xml HTTP/1.0" 200 2192536 "-" "-"
89.161.206.59 - - [21/May/2025:12:21:20 +0200] "GET /Jurek/kamar/feeds/kamar_cdsc.xml HTTP/1.0" 200 37126815 "-" "-"
89.161.206.59 - - [21/May/2025:12:21:23 +0200] "GET /Jurek/lerutrade/feeds/lerutrade_cdsc.xml HTTP/1.0" 200 53854 "-" "-"
89.161.206.59 - - [21/May/2025:12:21:24 +0200] "GET /Jurek/jakdroz/feeds/jakdroz_cdsc.xml HTTP/1.0" 200 2543044 "-" "-"
89.161.206.59 - - [21/May/2025:12:21:24 +0200] "GET /Jurek/gandalf/feeds/gandalf_cdsc.xml HTTP/1.0" 200 586346 "-" "-"
51.77.52.107 - - [21/May/2025:12:21:26 +0200] "GET /Jurek/eurofirany/images/452241/0.jpg HTTP/2.0" 200 98109 "-" "baselinker"
51.77.52.107 - - [21/May/2025:12:22:26 +0200] "GET /Jurek/eurofirany/images/452241/0.jpg HTTP/2.0" 200 98109 "-" "baselinker"
66.135.223.40 - - [21/May/2025:12:22:46 +0200] "GET /Jurek/topeshop/downloaded_images/5904507200275_SD-50biel20008orgina%C5%82(32).png HTTP/1.1" 404 3551 "http://www.ebay.com/" "Mozilla/5.0 (Windows NT 10.0; Win64; x64) AppleWebKit/537.36 (KHTML, like Gecko) Chrome/123.0.0.0 Safari/537.36"
66.135.223.43 - - [21/May/2025:12:22:46 +0200] "GET /Jurek/topeshop/downloaded_images/5904507200275_3.jpg HTTP/1.1" 200 11912 "http://www.ebay.com/" "Mozilla/5.0 (Windows NT 10.0; Win64; x64) AppleWebKit/537.36 (KHTML, like Gecko) Chrome/123.0.0.0 Safari/537.36"
66.135.223.40 - - [21/May/2025:12:22:46 +0200] "GET /Jurek/topeshop/downloaded_images/5904507200275_SD-50biel20008orgina%C5%82(34).png HTTP/1.1" 404 3551 "http://www.ebay.com/" "Mozilla/5.0 (Windows NT 10.0; Win64; x64) AppleWebKit/537.36 (KHTML, like Gecko) Chrome/123.0.0.0 Safari/537.36"
66.135.223.43 - - [21/May/2025:12:22:46 +0200] "GET /Jurek/topeshop/downloaded_images/5904507200275_4-final-biel.jpg HTTP/1.1" 200 18557 "http://www.ebay.com/" "Mozilla/5.0 (Windows NT 10.0; Win64; x64) AppleWebKit/537.36 (KHTML, like Gecko) Chrome/123.0.0.0 Safari/537.36"
66.135.223.41 - - [21/May/2025:12:22:46 +0200] "GET /Jurek/topeshop/downloaded_images/5904507200275_SD-50biel20008orgina%C5%82(33).png HTTP/1.1" 404 3551 "http://www.ebay.com/" "Mozilla/5.0 (Windows NT 10.0; Win64; x64) AppleWebKit/537.36 (KHTML, like Gecko) Chrome/123.0.0.0 Safari/537.36"
66.135.223.42 - - [21/May/2025:12:22:46 +0200] "GET /Jurek/topeshop/downloaded_images/5904507200275_4.jpg HTTP/1.1" 200 13168 "http://www.ebay.com/" "Mozilla/5.0 (Windows NT 10.0; Win64; x64) AppleWebKit/537.36 (KHTML, like Gecko) Chrome/123.0.0.0 Safari/537.36"
66.135.223.40 - - [21/May/2025:12:22:46 +0200] "GET /Jurek/topeshop/downloaded_images/5904507200275_2-otwarty-biel.jpg HTTP/1.1" 200 25561 "http://www.ebay.com/" "Mozilla/5.0 (Windows NT 10.0; Win64; x64) AppleWebKit/537.36 (KHTML, like Gecko) Chrome/123.0.0.0 Safari/537.36"
66.135.223.40 - - [21/May/2025:12:22:46 +0200] "GET /Jurek/topeshop/downloaded_images/5904507200275_3-otwarty-biel.jpg HTTP/1.1" 200 25710 "http://www.ebay.com/" "Mozilla/5.0 (Windows NT 10.0; Win64; x64) AppleWebKit/537.36 (KHTML, like Gecko) Chrome/123.0.0.0 Safari/537.36"
51.77.52.107 - - [21/May/2025:12:22:58 +0200] "GET /Jurek/eurofirany/images/452241/0.jpg HTTP/2.0" 200 98109 "-" "baselinker"
51.77.52.107 - - [21/May/2025:12:23:12 +0200] "GET /Jurek/eurofirany/images/452242/0.jpg HTTP/2.0" 200 119998 "-" "baselinker"
51.77.52.107 - - [21/May/2025:12:23:18 +0200] "GET /Jurek/eurofirany/images/452242/0.jpg HTTP/2.0" 200 119998 "-" "baselinker"
89.161.206.59 - - [21/May/2025:12:23:27 +0200] "GET /Jurek/emaja24/feeds/emaja24_amazonnl.xml HTTP/1.0" 200 5101997 "-" "-"
89.161.206.59 - - [21/May/2025:12:23:28 +0200] "GET /Jurek/emaja24/feeds/emaja24_amazones.xml HTTP/1.0" 200 5102059 "-" "-"
51.77.52.107 - - [21/May/2025:12:23:43 +0200] "GET /Jurek/eurofirany/images/452242/0.jpg HTTP/2.0" 200 119998 "-" "baselinker"
51.77.52.107 - - [21/May/2025:12:24:01 +0200] "GET /Jurek/eurofirany/images/452243/0.jpg HTTP/2.0" 200 119998 "-" "baselinker"
46.101.116.244 - - [21/May/2025:12:24:11 +0200] "GET /Jurek/vidaSK/feeds/vida_kaufland.xml HTTP/2.0" 200 804346359 "-" "-"
89.161.206.59 - - [21/May/2025:12:24:14 +0200] "GET /Jurek/regis/feeds/regis_cdsc.xml HTTP/1.0" 200 231389 "-" "-"
51.77.52.107 - - [21/May/2025:12:24:23 +0200] "GET /Jurek/eurofirany/images/452243/0.jpg HTTP/2.0" 200 119998 "-" "baselinker"
89.161.206.59 - - [21/May/2025:12:24:46 +0200] "GET /Jurek/jankeski/feeds/jankeski_skroutz.xml HTTP/1.0" 200 6571103 "-" "-"
51.77.52.107 - - [21/May/2025:12:24:47 +0200] "GET /Jurek/eurofirany/images/452243/0.jpg HTTP/2.0" 200 119998 "-" "baselinker"
51.77.52.107 - - [21/May/2025:12:25:00 +0200] "GET /Jurek/eurofirany/images/452244/0.jpg HTTP/2.0" 200 119982 "-" "baselinker"
46.101.116.244 - - [21/May/2025:12:25:12 +0200] "GET /Jurek/madrex/feeds/madrex_kauflandde.xml HTTP/2.0" 200 466708 "-" "-"
46.101.116.244 - - [21/May/2025:12:25:17 +0200] "GET /Jurek/vida_morele/feeds/vidaPL_velomarket_category4.xml HTTP/1.0" 200 57392916 "-" "-"
51.77.52.107 - - [21/May/2025:12:25:20 +0200] "GET /Jurek/eurofirany/images/452244/0.jpg HTTP/2.0" 200 119982 "-" "baselinker"
46.101.116.244 - - [21/May/2025:12:25:22 +0200] "GET /Jurek/hurtmeblowy/feeds/hurtmeblowy_kauflandde.xml HTTP/2.0" 200 7518175 "-" "-"
46.101.116.244 - - [21/May/2025:12:25:24 +0200] "GET /Jurek/vida_morele/feeds/vidaPL_velomarket_category5.xml HTTP/1.0" 200 144621553 "-" "-"
51.77.52.107 - - [21/May/2025:12:25:27 +0200] "GET /Jurek/eurofirany/images/452244/0.jpg HTTP/2.0" 200 119982 "-" "baselinker"
46.101.116.244 - - [21/May/2025:12:25:38 +0200] "GET /Jurek/hurtownia_przemyslowa/feeds/hp_cdiscount.xml HTTP/1.0" 200 36714277 "-" "-"
46.101.116.244 - - [21/May/2025:12:25:38 +0200] "GET /Jurek/kobi/feeds/kobi_kauflandde.xml HTTP/2.0" 200 942922 "-" "-"
89.161.206.59 - - [21/May/2025:12:25:39 +0200] "GET /Jurek/benetech/feeds/benetech_aliex.xml HTTP/1.0" 200 4165655 "-" "-"
89.161.206.59 - - [21/May/2025:12:25:39 +0200] "GET /Jurek/slayo/feeds/slayo_aliex.xml HTTP/1.0" 200 183627 "-" "-"
89.161.206.59 - - [21/May/2025:12:25:39 +0200] "GET /Jurek/hdwr/feeds/hdwr_aliex.xml HTTP/1.0" 200 789611 "-" "-"
89.161.206.59 - - [21/May/2025:12:25:39 +0200] "GET /Jurek/targethome/feeds/targethome_aliex.xml HTTP/1.0" 200 688683 "-" "-"
89.161.206.59 - - [21/May/2025:12:25:39 +0200] "GET /Jurek/amzteam/feeds/amzteam_aliex.xml HTTP/1.0" 200 97903 "-" "-"
89.161.206.59 - - [21/May/2025:12:25:40 +0200] "GET /Jurek/ralmetal/feeds/ralmetal_aliex.xml HTTP/1.0" 200 2040589 "-" "-"
89.161.206.59 - - [21/May/2025:12:25:40 +0200] "GET /Jurek/cbdgreen/feeds/cbdgreen_aliex.xml HTTP/1.0" 200 50549 "-" "-"
89.161.206.59 - - [21/May/2025:12:25:40 +0200] "GET /Jurek/drops/feeds/dropsofficecolection_aliex.xml HTTP/1.0" 200 791275 "-" "-"
89.161.206.59 - - [21/May/2025:12:25:40 +0200] "GET /Jurek/szpaklampy/feeds/szpaklampy_aliex.xml HTTP/1.0" 200 388363 "-" "-"
89.161.206.59 - - [21/May/2025:12:25:40 +0200] "GET /Jurek/velinda/feeds/velinda_aliex.xml HTTP/1.0" 200 23440 "-" "-"
89.161.206.59 - - [21/May/2025:12:25:41 +0200] "GET /Jurek/spali/feeds/spali_aliex.xml HTTP/1.0" 200 77074 "-" "-"
89.161.206.59 - - [21/May/2025:12:25:41 +0200] "GET /Jurek/topeshop/feeds/topeshop_aliexpress.xml HTTP/1.0" 200 2988673 "-" "-"
89.161.206.59 - - [21/May/2025:12:25:41 +0200] "GET /Jurek/beltimore/feeds/beltimore_aliexpress.xml HTTP/1.0" 200 18654361 "-" "-"
51.77.52.107 - - [21/May/2025:12:25:45 +0200] "GET /Jurek/eurofirany/images/452245/0.jpg HTTP/2.0" 200 119982 "-" "baselinker"
46.101.116.244 - - [21/May/2025:12:25:49 +0200] "GET /Jurek/matkam/feeds/matkam_kauflandde.xml HTTP/2.0" 200 4424501 "-" "-"
46.101.116.244 - - [21/May/2025:12:25:49 +0200] "GET /Jurek/topeshop/feeds/topeshop_emagsm.xml HTTP/1.0" 200 2988767 "-" "-"
46.101.116.244 - - [21/May/2025:12:26:00 +0200] "GET /Jurek/action/feeds/action_kauflandde.xml HTTP/2.0" 200 58385670 "-" "-"
51.77.52.107 - - [21/May/2025:12:26:02 +0200] "GET /Jurek/eurofirany/images/452245/0.jpg HTTP/2.0" 200 119982 "-" "baselinker"
