77.79.248.229 - - [21/May/2025:06:58:22 +0200] "GET /Jurek/broers/feeds/broers_manoFR.xml HTTP/1.1" 200 1982516 "-" "Python-urllib/3.11"
77.79.248.229 - - [21/May/2025:06:58:22 +0200] "GET /Jurek/em3/feeds/em3_manoFR.xml HTTP/1.1" 200 258922 "-" "Python-urllib/3.11"
77.79.248.229 - - [21/May/2025:06:58:22 +0200] "GET /Jurek/evil/feeds/evil_manoFR.xml HTTP/1.1" 200 306382 "-" "Python-urllib/3.11"
77.79.248.229 - - [21/May/2025:06:58:22 +0200] "GET /Jurek/hdwr/feeds/hdwr_manoFR.xml HTTP/1.1" 200 789425 "-" "Python-urllib/3.11"
77.79.248.229 - - [21/May/2025:06:58:23 +0200] "GET /Jurek/lampart/feeds/lampart_manoFR.xml HTTP/1.1" 200 936035 "-" "Python-urllib/3.11"
77.79.248.229 - - [21/May/2025:06:58:23 +0200] "GET /Jurek/nonabox/feeds/nonabox_manoFR.xml HTTP/1.1" 200 33866 "-" "Python-urllib/3.11"
77.79.248.229 - - [21/May/2025:06:58:23 +0200] "GET /Jurek/smxdesign/feeds/smxdesign_manoFR.xml HTTP/1.1" 200 1829030 "-" "Python-urllib/3.11"
77.79.248.229 - - [21/May/2025:06:58:23 +0200] "GET /Jurek/techrebalina/feeds/techrebalina_manoFR.xml HTTP/1.1" 200 2011217 "-" "Python-urllib/3.11"
77.79.248.229 - - [21/May/2025:06:58:23 +0200] "GET /Jurek/cdata/feeds/cdata_manoFR.xml HTTP/1.1" 200 1445152 "-" "Python-urllib/3.11"
77.79.248.229 - - [21/May/2025:06:58:23 +0200] "GET /Jurek/omi/feeds/omi_manoFR.xml HTTP/1.1" 200 8100661 "-" "Python-urllib/3.11"
77.79.248.229 - - [21/May/2025:06:58:23 +0200] "GET /Jurek/tsjerzy/feeds/tsjerzy_manoFR.xml HTTP/1.1" 200 3897624 "-" "Python-urllib/3.11"
77.79.248.229 - - [21/May/2025:06:58:23 +0200] "GET /Jurek/narzbud/feeds/narzbud_manoFR.xml HTTP/1.1" 200 1901236 "-" "Python-urllib/3.11"
77.79.248.229 - - [21/May/2025:06:58:24 +0200] "GET /Jurek/makow/feeds/makow_manoFR.xml HTTP/1.1" 200 21203827 "-" "Python-urllib/3.11"
77.79.248.229 - - [21/May/2025:06:58:24 +0200] "GET /Jurek/jankeski/feeds/jankeski_manoFR.xml HTTP/1.1" 200 6571140 "-" "Python-urllib/3.11"
77.79.248.229 - - [21/May/2025:06:58:24 +0200] "GET /Jurek/gandalf/feeds/gandalf_manoFR.xml HTTP/1.1" 200 1082538 "-" "Python-urllib/3.11"
77.79.248.229 - - [21/May/2025:06:58:24 +0200] "GET /Jurek/zenex/feeds/zenex_manoFR.xml HTTP/1.1" 200 540164 "-" "Python-urllib/3.11"
77.79.248.229 - - [21/May/2025:06:58:24 +0200] "GET /Jurek/andex/feeds/andex_manoFR.xml HTTP/1.1" 200 1953384 "-" "Python-urllib/3.11"
77.79.248.229 - - [21/May/2025:06:58:24 +0200] "GET /Jurek/sebmart/feeds/sebmart_manoFR.xml HTTP/1.1" 200 1598695 "-" "Python-urllib/3.11"
77.79.248.229 - - [21/May/2025:06:58:24 +0200] "GET /Jurek/benetech/feeds/benetech_manofr.xml HTTP/1.1" 200 4165412 "-" "Python-urllib/3.11"
77.79.248.229 - - [21/May/2025:06:58:24 +0200] "GET /Jurek/dekoele/feeds/dekoele_manomanoFR.xml HTTP/1.1" 200 733939 "-" "Python-urllib/3.11"
77.79.248.229 - - [21/May/2025:06:58:25 +0200] "GET /Jurek/mojeledy/feeds/mojeledy_manoFR.xml HTTP/1.1" 200 1018436 "-" "Python-urllib/3.11"
77.79.248.229 - - [21/May/2025:06:58:25 +0200] "GET /Jurek/rovato/feeds/rovato_manoFR.xml HTTP/1.1" 200 180835 "-" "Python-urllib/3.11"
77.79.248.229 - - [21/May/2025:06:58:26 +0200] "GET /Jurek/piotrmiedz/feeds/piotrmiedz_manoFR.xml HTTP/1.1" 200 91042934 "-" "Python-urllib/3.11"
77.79.248.229 - - [21/May/2025:06:58:26 +0200] "GET /Jurek/sartrix/feeds/sartrix_manomanoFR.xml HTTP/1.1" 200 649171 "-" "Python-urllib/3.11"
77.79.248.229 - - [21/May/2025:06:58:26 +0200] "GET /Jurek/drewdon/feeds/drewdon_manomanoFR.xml HTTP/1.1" 200 504436 "-" "Python-urllib/3.11"
77.79.248.229 - - [21/May/2025:06:58:26 +0200] "GET /Jurek/pupus/feeds/pupus_manomanoFR.xml HTTP/1.1" 200 6154621 "-" "Python-urllib/3.11"
77.79.248.229 - - [21/May/2025:06:58:26 +0200] "GET /Jurek/artdog/feeds/artdog_manomanoFR.xml HTTP/1.1" 200 17157476 "-" "Python-urllib/3.11"
77.79.248.229 - - [21/May/2025:06:58:26 +0200] "GET /Jurek/reman/feeds/reman_manoamnoFR.xml HTTP/1.1" 200 1394826 "-" "Python-urllib/3.11"
77.79.248.229 - - [21/May/2025:06:58:27 +0200] "GET /Jurek/pawonik/feeds/pawonik_manoFR.xml HTTP/1.1" 200 2138432 "-" "Python-urllib/3.11"
77.79.248.229 - - [21/May/2025:06:58:27 +0200] "GET /Jurek/alucon/feeds/alucon_manoFR.xml HTTP/1.1" 200 553561 "-" "Python-urllib/3.11"
77.79.248.229 - - [21/May/2025:06:58:27 +0200] "GET /Jurek/sovapl/feeds/sovapl_manoFR.xml HTTP/1.1" 200 8999651 "-" "Python-urllib/3.11"
77.79.248.229 - - [21/May/2025:06:58:27 +0200] "GET /Jurek/missionair/feeds/missionair_manoFR.xml HTTP/1.1" 200 3154846 "-" "Python-urllib/3.11"
77.79.248.229 - - [21/May/2025:06:58:29 +0200] "GET /Jurek/apresto/feeds/apresto_manoFR.xml HTTP/1.1" 200 1327601 "-" "Python-urllib/3.11"
77.79.248.229 - - [21/May/2025:06:58:30 +0200] "GET /Jurek/hurtownia_przemyslowa/feeds/hp_manomanoit.xml HTTP/1.1" 200 49361411 "-" "Python-urllib/3.11"
77.79.248.229 - - [21/May/2025:06:58:30 +0200] "GET /Jurek/eurofirany/feeds/eurofirany_manomanoit.xml HTTP/1.1" 200 18818456 "-" "Python-urllib/3.11"
77.79.248.229 - - [21/May/2025:06:58:31 +0200] "GET /Jurek/fernity/feeds/fernity_manoIT.xml HTTP/1.1" 200 4719750 "-" "Python-urllib/3.11"
77.79.248.229 - - [21/May/2025:06:58:31 +0200] "GET /Jurek/topeshop/feeds/topeshop_manoIT.xml HTTP/1.1" 200 2988382 "-" "Python-urllib/3.11"
77.79.248.229 - - [21/May/2025:06:58:32 +0200] "GET /Jurek/action/feeds/action_manomano_IT.xml HTTP/1.1" 200 58377699 "-" "Python-urllib/3.11"
77.79.248.229 - - [21/May/2025:06:58:32 +0200] "GET /Jurek/activeshop/feeds/activeshop_manomanoit.xml HTTP/1.1" 200 10407015 "-" "Python-urllib/3.11"
77.79.248.229 - - [21/May/2025:06:58:33 +0200] "GET /Jurek/aw/feeds/awnarzedzia_manomanoIT.xml HTTP/1.1" 200 65276083 "-" "Python-urllib/3.11"
77.79.248.229 - - [21/May/2025:06:58:33 +0200] "GET /Jurek/barbecook/feeds/barbecook_manoit.xml HTTP/1.1" 200 87536 "-" "Python-urllib/3.11"
77.79.248.229 - - [21/May/2025:06:58:34 +0200] "GET /Jurek/drewdon/feeds/drewdon_manomanoIT.xml HTTP/1.1" 200 504448 "-" "Python-urllib/3.11"
77.79.248.229 - - [21/May/2025:06:58:34 +0200] "GET /Jurek/pupus/feeds/pupus_manomanoIT.xml HTTP/1.1" 200 6153968 "-" "Python-urllib/3.11"
77.79.248.229 - - [21/May/2025:06:58:34 +0200] "GET /Jurek/reman/feeds/reman_manoamnoIT.xml HTTP/1.1" 200 1394821 "-" "Python-urllib/3.11"
77.79.248.229 - - [21/May/2025:06:58:34 +0200] "GET /Jurek/artdog/feeds/artdog_manomanoIT.xml HTTP/1.1" 200 17159240 "-" "Python-urllib/3.11"
77.79.248.229 - - [21/May/2025:06:58:34 +0200] "GET /Jurek/sartrix/feeds/sartrix_manomanoIT.xml HTTP/1.1" 200 649189 "-" "Python-urllib/3.11"
77.79.248.229 - - [21/May/2025:06:58:34 +0200] "GET /Jurek/hlo/feeds/hlo_manomanoIT.xml HTTP/1.1" 200 4838655 "-" "Python-urllib/3.11"
77.79.248.229 - - [21/May/2025:06:58:35 +0200] "GET /Jurek/hurtmeblowy/feeds/hurtmeblowy_ManoIT.xml HTTP/1.1" 200 7739763 "-" "Python-urllib/3.11"
77.79.248.229 - - [21/May/2025:06:58:35 +0200] "GET /Jurek/szpaklampy/feeds/szpaklampy_manoIT.xml HTTP/1.1" 200 388213 "-" "Python-urllib/3.11"
77.79.248.229 - - [21/May/2025:06:58:35 +0200] "GET /Jurek/drops/feeds/dropsofficecolection_manoIT.xml HTTP/1.1" 200 790814 "-" "Python-urllib/3.11"
77.79.248.229 - - [21/May/2025:06:58:35 +0200] "GET /Jurek/kristronik/feeds/kristronik_manoIT.xml HTTP/1.1" 200 691989 "-" "Python-urllib/3.11"
77.79.248.229 - - [21/May/2025:06:58:35 +0200] "GET /Jurek/techrebal/feeds/techrebal_manoIT.xml HTTP/1.1" 200 1989743 "-" "Python-urllib/3.11"
77.79.248.229 - - [21/May/2025:06:58:35 +0200] "GET /Jurek/proparts/feeds/proparts_manoIT.xml HTTP/1.1" 200 707492 "-" "Python-urllib/3.11"
77.79.248.229 - - [21/May/2025:06:58:37 +0200] "GET /Jurek/broers/feeds/broers_manoIT.xml HTTP/1.1" 200 1982530 "-" "Python-urllib/3.11"
77.79.248.229 - - [21/May/2025:06:58:37 +0200] "GET /Jurek/em3/feeds/em3_manoIT.xml HTTP/1.1" 200 258922 "-" "Python-urllib/3.11"
77.79.248.229 - - [21/May/2025:06:58:37 +0200] "GET /Jurek/evil/feeds/evil_manoIT.xml HTTP/1.1" 200 306388 "-" "Python-urllib/3.11"
77.79.248.229 - - [21/May/2025:06:58:37 +0200] "GET /Jurek/hdwr/feeds/hdwr_manoIT.xml HTTP/1.1" 200 789428 "-" "Python-urllib/3.11"
77.79.248.229 - - [21/May/2025:06:58:37 +0200] "GET /Jurek/lampart/feeds/lampart_manoIT.xml HTTP/1.1" 200 936036 "-" "Python-urllib/3.11"
51.77.52.107 - - [21/May/2025:06:58:37 +0200] "GET /Jurek/eurofirany/images/390151/0.jpg HTTP/2.0" 200 97719 "-" "baselinker"
77.79.248.229 - - [21/May/2025:06:58:37 +0200] "GET /Jurek/nonabox/feeds/nonabox_manoIT.xml HTTP/1.1" 200 33865 "-" "Python-urllib/3.11"
77.79.248.229 - - [21/May/2025:06:58:37 +0200] "GET /Jurek/smxdesign/feeds/smxdesign_manoIT.xml HTTP/1.1" 200 1829036 "-" "Python-urllib/3.11"
77.79.248.229 - - [21/May/2025:06:58:37 +0200] "GET /Jurek/techrebalina/feeds/techrebalina_manoIT.xml HTTP/1.1" 200 2011218 "-" "Python-urllib/3.11"
77.79.248.229 - - [21/May/2025:06:58:38 +0200] "GET /Jurek/omi/feeds/omi_manoIT.xml HTTP/1.1" 200 8100719 "-" "Python-urllib/3.11"
77.79.248.229 - - [21/May/2025:06:58:38 +0200] "GET /Jurek/tsjerzy/feeds/tsjerzy_manoIT.xml HTTP/1.1" 200 3897683 "-" "Python-urllib/3.11"
77.79.248.229 - - [21/May/2025:06:58:38 +0200] "GET /Jurek/narzbud/feeds/narzbud_manoIT.xml HTTP/1.1" 200 1901239 "-" "Python-urllib/3.11"
77.79.248.229 - - [21/May/2025:06:58:38 +0200] "GET /Jurek/makow/feeds/makow_manoIT.xml HTTP/1.1" 200 21203848 "-" "Python-urllib/3.11"
77.79.248.229 - - [21/May/2025:06:58:38 +0200] "GET /Jurek/jankeski/feeds/jankeski_manoIT.xml HTTP/1.1" 200 6571133 "-" "Python-urllib/3.11"
77.79.248.229 - - [21/May/2025:06:58:38 +0200] "GET /Jurek/gandalf/feeds/gandalf_manoIT.xml HTTP/1.1" 200 1082539 "-" "Python-urllib/3.11"
77.79.248.229 - - [21/May/2025:06:58:39 +0200] "GET /Jurek/zenex/feeds/zenex_manoIT.xml HTTP/1.1" 200 540160 "-" "Python-urllib/3.11"
77.79.248.229 - - [21/May/2025:06:58:40 +0200] "GET /Jurek/andex/feeds/andex_manoIT.xml HTTP/1.1" 200 1953379 "-" "Python-urllib/3.11"
77.79.248.229 - - [21/May/2025:06:58:40 +0200] "GET /Jurek/sebmart/feeds/sebmart_manoIT.xml HTTP/1.1" 200 1598735 "-" "Python-urllib/3.11"
77.79.248.229 - - [21/May/2025:06:58:40 +0200] "GET /Jurek/benetech/feeds/benetech_manoit.xml HTTP/1.1" 200 4165415 "-" "Python-urllib/3.11"
77.79.248.229 - - [21/May/2025:06:58:40 +0200] "GET /Jurek/dekoele/feeds/dekoele_manomanoIT.xml HTTP/1.1" 200 733938 "-" "Python-urllib/3.11"
77.79.248.229 - - [21/May/2025:06:58:40 +0200] "GET /Jurek/mojeledy/feeds/mojeledy_manoIT.xml HTTP/1.1" 200 1018428 "-" "Python-urllib/3.11"
77.79.248.229 - - [21/May/2025:06:58:40 +0200] "GET /Jurek/rovato/feeds/rovato_manoIT.xml HTTP/1.1" 200 180836 "-" "Python-urllib/3.11"
77.79.248.229 - - [21/May/2025:06:58:41 +0200] "GET /Jurek/piotrmiedz/feeds/piotrmiedz_manoIT.xml HTTP/1.1" 200 91046139 "-" "Python-urllib/3.11"
77.79.248.229 - - [21/May/2025:06:58:42 +0200] "GET /Jurek/pawonik/feeds/pawonik_manoIT.xml HTTP/1.1" 200 2138426 "-" "Python-urllib/3.11"
77.79.248.229 - - [21/May/2025:06:58:42 +0200] "GET /Jurek/alucon/feeds/alucon_manoIT.xml HTTP/1.1" 200 553560 "-" "Python-urllib/3.11"
77.79.248.229 - - [21/May/2025:06:58:42 +0200] "GET /Jurek/sovapl/feeds/sovapl_manoIT.xml HTTP/1.1" 200 8999858 "-" "Python-urllib/3.11"
77.79.248.229 - - [21/May/2025:06:58:42 +0200] "GET /Jurek/missionair/feeds/missionair_manoIT.xml HTTP/1.1" 200 3154863 "-" "Python-urllib/3.11"
77.79.248.229 - - [21/May/2025:06:58:44 +0200] "GET /Jurek/apresto/feeds/apresto_manoIT.xml HTTP/1.1" 200 1327621 "-" "Python-urllib/3.11"
77.79.248.229 - - [21/May/2025:06:58:44 +0200] "GET /Jurek/drewdon/feeds/drewdon_manomanoES.xml HTTP/1.1" 200 504433 "-" "Python-urllib/3.11"
77.79.248.229 - - [21/May/2025:06:58:45 +0200] "GET /Jurek/hurtownia_przemyslowa/feeds/hp_manomanoES.xml HTTP/1.1" 200 49361970 "-" "Python-urllib/3.11"
77.79.248.229 - - [21/May/2025:06:58:45 +0200] "GET /Jurek/pupus/feeds/pupus_manomanoES.xml HTTP/1.1" 200 6154486 "-" "Python-urllib/3.11"
77.79.248.229 - - [21/May/2025:06:58:45 +0200] "GET /Jurek/reman/feeds/reman_manoamnoES.xml HTTP/1.1" 200 1394826 "-" "Python-urllib/3.11"
77.79.248.229 - - [21/May/2025:06:58:46 +0200] "GET /Jurek/artdog/feeds/artdog_manomanoES.xml HTTP/1.1" 200 17158629 "-" "Python-urllib/3.11"
77.79.248.229 - - [21/May/2025:06:58:46 +0200] "GET /Jurek/sartrix/feeds/sartrix_manomanoES.xml HTTP/1.1" 200 649182 "-" "Python-urllib/3.11"
77.79.248.229 - - [21/May/2025:06:58:46 +0200] "GET /Jurek/hlo/feeds/hlo_manomanoES.xml HTTP/1.1" 200 4838614 "-" "Python-urllib/3.11"
77.79.248.229 - - [21/May/2025:06:58:46 +0200] "GET /Jurek/drops/feeds/dropsofficecolection_manoES.xml HTTP/1.1" 200 790766 "-" "Python-urllib/3.11"
77.79.248.229 - - [21/May/2025:06:58:46 +0200] "GET /Jurek/szpaklampy/feeds/szpaklampy_manoES.xml HTTP/1.1" 200 388209 "-" "Python-urllib/3.11"
77.79.248.229 - - [21/May/2025:06:58:46 +0200] "GET /Jurek/hurtmeblowy/feeds/hurtmeblowy_ManoES.xml HTTP/1.1" 200 7739764 "-" "Python-urllib/3.11"
77.79.248.229 - - [21/May/2025:06:58:47 +0200] "GET /Jurek/topeshop/feeds/topeshop_manoES.xml HTTP/1.1" 200 2988441 "-" "Python-urllib/3.11"
77.79.248.229 - - [21/May/2025:06:58:47 +0200] "GET /Jurek/kristronik/feeds/kristronik_manoES.xml HTTP/1.1" 200 691977 "-" "Python-urllib/3.11"
77.79.248.229 - - [21/May/2025:06:58:47 +0200] "GET /Jurek/techrebal/feeds/techrebal_manoES.xml HTTP/1.1" 200 1989747 "-" "Python-urllib/3.11"
77.79.248.229 - - [21/May/2025:06:58:47 +0200] "GET /Jurek/proparts/feeds/proparts_manoES.xml HTTP/1.1" 200 707502 "-" "Python-urllib/3.11"
77.79.248.229 - - [21/May/2025:06:58:49 +0200] "GET /Jurek/broers/feeds/broers_manoES.xml HTTP/1.1" 200 1982561 "-" "Python-urllib/3.11"
77.79.248.229 - - [21/May/2025:06:58:49 +0200] "GET /Jurek/em3/feeds/em3_manoES.xml HTTP/1.1" 200 258921 "-" "Python-urllib/3.11"
77.79.248.229 - - [21/May/2025:06:58:49 +0200] "GET /Jurek/evil/feeds/evil_manoES.xml HTTP/1.1" 200 306388 "-" "Python-urllib/3.11"
77.79.248.229 - - [21/May/2025:06:58:49 +0200] "GET /Jurek/hdwr/feeds/hdwr_manoES.xml HTTP/1.1" 200 789438 "-" "Python-urllib/3.11"
77.79.248.229 - - [21/May/2025:06:58:49 +0200] "GET /Jurek/lampart/feeds/lampart_manoES.xml HTTP/1.1" 200 936036 "-" "Python-urllib/3.11"
77.79.248.229 - - [21/May/2025:06:58:49 +0200] "GET /Jurek/nonabox/feeds/nonabox_manoES.xml HTTP/1.1" 200 33865 "-" "Python-urllib/3.11"
77.79.248.229 - - [21/May/2025:06:58:49 +0200] "GET /Jurek/smxdesign/feeds/smxdesign_manoES.xml HTTP/1.1" 200 1829048 "-" "Python-urllib/3.11"
77.79.248.229 - - [21/May/2025:06:58:49 +0200] "GET /Jurek/techrebalina/feeds/techrebalina_manoES.xml HTTP/1.1" 200 2011220 "-" "Python-urllib/3.11"
77.79.248.229 - - [21/May/2025:06:58:49 +0200] "GET /Jurek/cdata/feeds/cdata_manoES.xml HTTP/1.1" 200 1445154 "-" "Python-urllib/3.11"
77.79.248.229 - - [21/May/2025:06:58:49 +0200] "GET /Jurek/omi/feeds/omi_manoES.xml HTTP/1.1" 200 8100646 "-" "Python-urllib/3.11"
77.79.248.229 - - [21/May/2025:06:58:50 +0200] "GET /Jurek/tsjerzy/feeds/tsjerzy_manoES.xml HTTP/1.1" 200 3897651 "-" "Python-urllib/3.11"
77.79.248.229 - - [21/May/2025:06:58:50 +0200] "GET /Jurek/narzbud/feeds/narzbud_manoES.xml HTTP/1.1" 200 1901257 "-" "Python-urllib/3.11"
77.79.248.229 - - [21/May/2025:06:58:50 +0200] "GET /Jurek/makow/feeds/makow_manoES.xml HTTP/1.1" 200 21203952 "-" "Python-urllib/3.11"
77.79.248.229 - - [21/May/2025:06:58:50 +0200] "GET /Jurek/jankeski/feeds/jankeski_manoES.xml HTTP/1.1" 200 6571158 "-" "Python-urllib/3.11"
77.79.248.229 - - [21/May/2025:06:58:50 +0200] "GET /Jurek/gandalf/feeds/gandalf_manoES.xml HTTP/1.1" 200 1082537 "-" "Python-urllib/3.11"
77.79.248.229 - - [21/May/2025:06:58:51 +0200] "GET /Jurek/zenex/feeds/zenex_manoES.xml HTTP/1.1" 200 540161 "-" "Python-urllib/3.11"
77.79.248.229 - - [21/May/2025:06:58:51 +0200] "GET /Jurek/andex/feeds/andex_manoES.xml HTTP/1.1" 200 1953388 "-" "Python-urllib/3.11"
77.79.248.229 - - [21/May/2025:06:58:51 +0200] "GET /Jurek/sebmart/feeds/sebmart_manoES.xml HTTP/1.1" 200 1598745 "-" "Python-urllib/3.11"
77.79.248.229 - - [21/May/2025:06:58:51 +0200] "GET /Jurek/benetech/feeds/benetech_manoes.xml HTTP/1.1" 200 4165404 "-" "Python-urllib/3.11"
77.79.248.229 - - [21/May/2025:06:58:51 +0200] "GET /Jurek/dekoele/feeds/dekoele_manomanoES.xml HTTP/1.1" 200 733933 "-" "Python-urllib/3.11"
77.79.248.229 - - [21/May/2025:06:58:51 +0200] "GET /Jurek/mojeledy/feeds/mojeledy_manoES.xml HTTP/1.1" 200 1018447 "-" "Python-urllib/3.11"
77.79.248.229 - - [21/May/2025:06:58:51 +0200] "GET /Jurek/rovato/feeds/rovato_manoES.xml HTTP/1.1" 200 180833 "-" "Python-urllib/3.11"
77.79.248.229 - - [21/May/2025:06:58:52 +0200] "GET /Jurek/piotrmiedz/feeds/piotrmiedz_manoES.xml HTTP/1.1" 200 91043596 "-" "Python-urllib/3.11"
77.79.248.229 - - [21/May/2025:06:58:52 +0200] "GET /Jurek/pawonik/feeds/pawonik_manoES.xml HTTP/1.1" 200 2138418 "-" "Python-urllib/3.11"
77.79.248.229 - - [21/May/2025:06:58:53 +0200] "GET /Jurek/alucon/feeds/alucon_manoES.xml HTTP/1.1" 200 553560 "-" "Python-urllib/3.11"
77.79.248.229 - - [21/May/2025:06:58:53 +0200] "GET /Jurek/sovapl/feeds/sovapl_manoES.xml HTTP/1.1" 200 8999927 "-" "Python-urllib/3.11"
77.79.248.229 - - [21/May/2025:06:58:53 +0200] "GET /Jurek/missionair/feeds/missionair_manoES.xml HTTP/1.1" 200 3154882 "-" "Python-urllib/3.11"
77.79.248.229 - - [21/May/2025:06:58:55 +0200] "GET /Jurek/apresto/feeds/apresto_manoES.xml HTTP/1.1" 200 1327618 "-" "Python-urllib/3.11"
51.77.52.107 - - [21/May/2025:06:58:56 +0200] "GET /Jurek/eurofirany/images/390151/0.jpg HTTP/2.0" 200 97719 "-" "baselinker"
51.77.52.107 - - [21/May/2025:06:59:14 +0200] "GET /Jurek/eurofirany/images/392270/0.jpg HTTP/2.0" 200 100448 "-" "baselinker"
51.77.52.107 - - [21/May/2025:06:59:33 +0200] "GET /Jurek/eurofirany/images/392270/0.jpg HTTP/2.0" 200 100448 "-" "baselinker"
51.77.52.107 - - [21/May/2025:06:59:47 +0200] "GET /Jurek/eurofirany/images/392270/0.jpg HTTP/2.0" 200 100448 "-" "baselinker"
51.77.52.107 - - [21/May/2025:07:00:04 +0200] "GET /Jurek/eurofirany/images/396291/0.jpg HTTP/2.0" 200 64088 "-" "baselinker"
35.204.39.32 - - [21/May/2025:07:00:17 +0200] "GET /marketplaces/carrefour_fr/results/carrefour_fr.csv HTTP/1.1" 200 147219 "-" "Mirakl HttpClient"
85.14.86.141 - - [21/May/2025:07:00:20 +0200] "GET /Jurek/vida_morele/feeds/VidaPL_all.xml HTTP/2.0" 200 865187561 "-" "MarketplaceAPI curl/7.74.0 PHP/8"
51.77.52.107 - - [21/May/2025:07:00:24 +0200] "GET /Jurek/eurofirany/images/396291/0.jpg HTTP/2.0" 200 64088 "-" "baselinker"
52.18.22.0 - - [21/May/2025:07:00:34 +0200] "GET /marketplaces/ubaldi/results/ubaldi.csv HTTP/1.1" 200 147219 "-" "Mirakl HttpClient"
51.77.52.107 - - [21/May/2025:07:00:43 +0200] "GET /Jurek/eurofirany/images/396291/0.jpg HTTP/2.0" 200 64088 "-" "baselinker"
51.77.52.107 - - [21/May/2025:07:01:03 +0200] "GET /Jurek/eurofirany/images/399433/0.jpg HTTP/2.0" 200 69106 "-" "baselinker"
35.204.39.32 - - [21/May/2025:07:01:12 +0200] "GET /marketplaces/vente/results/vente_nl.csv HTTP/1.1" 200 147219 "-" "Mirakl HttpClient"
35.204.39.32 - - [21/May/2025:07:01:12 +0200] "GET /marketplaces/vente/results/vente_fr.csv HTTP/1.1" 200 147219 "-" "Mirakl HttpClient"
35.204.39.32 - - [21/May/2025:07:01:13 +0200] "GET /marketplaces/vente/results/vente_be.csv HTTP/1.1" 200 147219 "-" "Mirakl HttpClient"
35.204.39.32 - - [21/May/2025:07:01:13 +0200] "GET /marketplaces/vente/results/vente_it.csv HTTP/1.1" 200 163603 "-" "Mirakl HttpClient"
35.204.39.32 - - [21/May/2025:07:01:13 +0200] "GET /marketplaces/vente/results/vente_es.csv HTTP/1.1" 200 147219 "-" "Mirakl HttpClient"
35.204.39.32 - - [21/May/2025:07:01:13 +0200] "GET /marketplaces/vente/results/vente_de.csv HTTP/1.1" 200 147219 "-" "Mirakl HttpClient"
51.77.52.107 - - [21/May/2025:07:01:19 +0200] "GET /Jurek/eurofirany/images/399433/0.jpg HTTP/2.0" 200 69106 "-" "baselinker"
51.77.52.107 - - [21/May/2025:07:01:33 +0200] "GET /Jurek/eurofirany/images/399433/0.jpg HTTP/2.0" 200 69106 "-" "baselinker"
51.77.52.107 - - [21/May/2025:07:01:46 +0200] "GET /Jurek/eurofirany/images/401055/0.jpg HTTP/2.0" 200 46605 "-" "baselinker"
52.18.22.0 - - [21/May/2025:07:01:58 +0200] "GET /marketplaces/rue/results/rue.csv HTTP/1.1" 200 147219 "-" "Mirakl HttpClient"
51.77.52.107 - - [21/May/2025:07:02:05 +0200] "GET /Jurek/eurofirany/images/401055/0.jpg HTTP/2.0" 200 46605 "-" "baselinker"
85.232.241.194 - - [21/May/2025:07:02:11 +0200] "GET /Jurek/kobi/feeds/kobi_vente_fr.xml HTTP/1.1" 200 942944 "-" "Python-urllib/3.11"
51.77.52.107 - - [21/May/2025:07:02:20 +0200] "GET /Jurek/eurofirany/images/401055/0.jpg HTTP/2.0" 200 46605 "-" "baselinker"
85.232.241.194 - - [21/May/2025:07:02:25 +0200] "GET /Jurek/topeshop/feeds/topeshop_vente_fr.xml HTTP/1.1" 200 2988397 "-" "Python-urllib/3.11"
85.232.241.194 - - [21/May/2025:07:02:25 +0200] "GET /Jurek/fernity/feeds/fernity_vente_fr.xml HTTP/1.1" 200 3095522 "-" "Python-urllib/3.11"
85.232.241.194 - - [21/May/2025:07:02:30 +0200] "GET /Jurek/kinghome/feeds/kinghome_vente_fr.xml HTTP/1.1" 200 5623318 "-" "Python-urllib/3.11"
85.232.241.194 - - [21/May/2025:07:02:31 +0200] "GET /Jurek/emibig/feeds/emibig_vente_fr.xml HTTP/1.1" 200 2522418 "-" "Python-urllib/3.11"
85.232.241.194 - - [21/May/2025:07:02:31 +0200] "GET /Jurek/b3/feeds/b3_vente_fr.xml HTTP/1.1" 200 8079690 "-" "Python-urllib/3.11"
85.232.241.194 - - [21/May/2025:07:02:31 +0200] "GET /Jurek/aw/feeds/aw_vente_fr.xml HTTP/1.1" 200 65275348 "-" "Python-urllib/3.11"
51.77.52.107 - - [21/May/2025:07:02:32 +0200] "GET /Jurek/eurofirany/images/401262/0.jpg HTTP/2.0" 200 92843 "-" "baselinker"
51.77.52.107 - - [21/May/2025:07:02:52 +0200] "GET /Jurek/eurofirany/images/401262/0.jpg HTTP/2.0" 200 92843 "-" "baselinker"
85.232.241.194 - - [21/May/2025:07:03:04 +0200] "GET /Jurek/asortymenteu/feeds/asortymenteu_vente_fr.xml HTTP/1.1" 200 2858200 "-" "Python-urllib/3.11"
85.232.241.194 - - [21/May/2025:07:03:04 +0200] "GET /Jurek/hurtownia_przemyslowa/feeds/hp_vente_fr.xml HTTP/1.1" 200 49361965 "-" "Python-urllib/3.11"
51.77.52.107 - - [21/May/2025:07:03:19 +0200] "GET /Jurek/eurofirany/images/401262/0.jpg HTTP/2.0" 200 92843 "-" "baselinker"
104.210.140.134 - - [21/May/2025:07:03:19 +0200] "GET /robots.txt HTTP/2.0" 404 3551 "-" "Mozilla/5.0 (Macintosh; Intel Mac OS X 10_15_7) AppleWebKit/537.36 (KHTML, like Gecko) Chrome/131.0.0.0 Safari/537.36; compatible; OAI-SearchBot/1.0; +https://openai.com/searchbot"
104.210.140.136 - - [21/May/2025:07:03:19 +0200] "GET /robots.txt HTTP/1.1" 404 3551 "-" "Mozilla/5.0 (Macintosh; Intel Mac OS X 10_15_7) AppleWebKit/537.36 (KHTML, like Gecko) Chrome/131.0.0.0 Safari/537.36; compatible; OAI-SearchBot/1.0; +https://openai.com/searchbot"
51.77.52.107 - - [21/May/2025:07:03:35 +0200] "GET /Jurek/eurofirany/images/426304/0.jpg HTTP/2.0" 200 6625 "-" "baselinker"
51.77.52.107 - - [21/May/2025:07:03:35 +0200] "GET /Jurek/eurofirany/images/426304/0.jpg HTTP/2.0" 200 6625 "-" "baselinker"
51.77.52.107 - - [21/May/2025:07:03:36 +0200] "GET /Jurek/eurofirany/images/426304/0.jpg HTTP/2.0" 200 6625 "-" "baselinker"
51.77.52.107 - - [21/May/2025:07:03:37 +0200] "GET /Jurek/eurofirany/images/463728/0.jpg HTTP/2.0" 200 120648 "-" "baselinker"
52.209.168.113 - - [21/May/2025:07:03:38 +0200] "GET /marketplaces/carrefour/results/carrefour.csv HTTP/1.1" 200 147221 "-" "Mirakl HttpClient"
85.14.86.141 - - [21/May/2025:07:03:51 +0200] "GET /Jurek/kinghoff/feeds/kinghoff_morele.xml HTTP/2.0" 200 15593848 "-" "MarketplaceAPI curl/7.74.0 PHP/8"
51.77.52.107 - - [21/May/2025:07:03:55 +0200] "GET /Jurek/eurofirany/images/463728/0.jpg HTTP/2.0" 200 120648 "-" "baselinker"
89.161.206.59 - - [21/May/2025:07:03:56 +0200] "GET /Jurek/hdwr/feeds/hdwr_skroutz.xml HTTP/1.0" 200 777084 "-" "-"
89.161.206.59 - - [21/May/2025:07:04:05 +0200] "GET /Jurek/benetech/feeds/benetech_skroutz.xml HTTP/1.0" 200 2686430 "-" "-"
51.77.52.107 - - [21/May/2025:07:04:14 +0200] "GET /Jurek/eurofirany/images/463728/0.jpg HTTP/2.0" 200 120648 "-" "baselinker"
89.161.206.59 - - [21/May/2025:07:04:15 +0200] "GET /Jurek/sempler/feeds/sempler_skroutz.xml HTTP/1.0" 200 6779211 "-" "-"
89.161.206.59 - - [21/May/2025:07:04:16 +0200] "GET /Jurek/targethome/feeds/targethome_skroutz.xml HTTP/1.0" 200 688626 "-" "-"
51.77.52.107 - - [21/May/2025:07:04:29 +0200] "GET /Jurek/eurofirany/images/463729/0.jpg HTTP/2.0" 200 112085 "-" "baselinker"
85.232.241.194 - - [21/May/2025:07:04:56 +0200] "GET /Jurek/kobi/feeds/kobi_vente_be.xml HTTP/1.1" 200 942941 "-" "Python-urllib/3.11"
51.77.52.107 - - [21/May/2025:07:04:57 +0200] "GET /Jurek/eurofirany/images/463729/0.jpg HTTP/2.0" 200 112085 "-" "baselinker"
85.232.241.194 - - [21/May/2025:07:05:10 +0200] "GET /Jurek/topeshop/feeds/topeshop_vente_be.xml HTTP/1.1" 200 2988427 "-" "Python-urllib/3.11"
85.232.241.194 - - [21/May/2025:07:05:10 +0200] "GET /Jurek/fernity/feeds/fernity_vente_be.xml HTTP/1.1" 200 3095332 "-" "Python-urllib/3.11"
85.232.241.194 - - [21/May/2025:07:05:10 +0200] "GET /Jurek/kinghome/feeds/kinghome_vente_be.xml HTTP/1.1" 200 5623192 "-" "Python-urllib/3.11"
85.232.241.194 - - [21/May/2025:07:05:10 +0200] "GET /Jurek/emibig/feeds/emibig_vente_be.xml HTTP/1.1" 200 2522249 "-" "Python-urllib/3.11"
85.232.241.194 - - [21/May/2025:07:05:11 +0200] "GET /Jurek/b3/feeds/b3_vente_be.xml HTTP/1.1" 200 8079605 "-" "Python-urllib/3.11"
85.232.241.194 - - [21/May/2025:07:05:16 +0200] "GET /Jurek/aw/feeds/aw_vente_be.xml HTTP/1.1" 200 65274915 "-" "Python-urllib/3.11"
85.232.241.194 - - [21/May/2025:07:05:43 +0200] "GET /Jurek/asortymenteu/feeds/asortymenteu_vente_be.xml HTTP/1.1" 200 2858187 "-" "Python-urllib/3.11"
85.232.241.194 - - [21/May/2025:07:05:43 +0200] "GET /Jurek/hurtownia_przemyslowa/feeds/hp_vente_be.xml HTTP/1.1" 200 49361289 "-" "Python-urllib/3.11"
51.77.52.107 - - [21/May/2025:07:05:53 +0200] "GET /Jurek/eurofirany/images/463729/0.jpg HTTP/2.0" 200 112085 "-" "baselinker"
51.77.52.107 - - [21/May/2025:07:06:10 +0200] "GET /Jurek/eurofirany/images/315131/0.jpg HTTP/2.0" 200 89782 "-" "baselinker"
85.14.86.141 - - [21/May/2025:07:06:16 +0200] "GET /Jurek/eurofirany/feeds/eurofirany_morele.xml HTTP/2.0" 200 18820019 "-" "MarketplaceAPI curl/7.74.0 PHP/8"
51.77.52.107 - - [21/May/2025:07:06:29 +0200] "GET /Jurek/eurofirany/images/315131/0.jpg HTTP/2.0" 200 89782 "-" "baselinker"
85.14.86.141 - - [21/May/2025:07:06:30 +0200] "GET /Jurek/vivaldi/feeds/vivaldi_Morele-PL.xml HTTP/2.0" 200 344674 "-" "MarketplaceAPI curl/7.74.0 PHP/8"
51.77.52.107 - - [21/May/2025:07:06:44 +0200] "GET /Jurek/eurofirany/images/315131/0.jpg HTTP/2.0" 200 89782 "-" "baselinker"
51.77.52.107 - - [21/May/2025:07:07:03 +0200] "GET /Jurek/eurofirany/images/350434/0.jpg HTTP/2.0" 200 60794 "-" "baselinker"
51.77.52.107 - - [21/May/2025:07:07:21 +0200] "GET /Jurek/eurofirany/images/350434/0.jpg HTTP/2.0" 200 60794 "-" "baselinker"
85.232.241.194 - - [21/May/2025:07:07:37 +0200] "GET /Jurek/kobi/feeds/kobi_vente_es.xml HTTP/1.1" 200 942915 "-" "Python-urllib/3.11"
51.77.52.107 - - [21/May/2025:07:07:38 +0200] "GET /Jurek/eurofirany/images/350434/0.jpg HTTP/2.0" 200 60794 "-" "baselinker"
89.161.206.59 - - [21/May/2025:07:07:46 +0200] "GET /Jurek/ikonka/feeds/ikonka_ebayde.xml HTTP/1.0" 200 7010872 "-" "-"
85.232.241.194 - - [21/May/2025:07:07:50 +0200] "GET /Jurek/topeshop/feeds/topeshop_vente_es.xml HTTP/1.1" 200 2988441 "-" "Python-urllib/3.11"
85.232.241.194 - - [21/May/2025:07:07:50 +0200] "GET /Jurek/fernity/feeds/fernity_vente_es.xml HTTP/1.1" 200 3095438 "-" "Python-urllib/3.11"
85.232.241.194 - - [21/May/2025:07:07:50 +0200] "GET /Jurek/kinghome/feeds/kinghome_vente_es.xml HTTP/1.1" 200 5623413 "-" "Python-urllib/3.11"
85.232.241.194 - - [21/May/2025:07:07:50 +0200] "GET /Jurek/emibig/feeds/emibig_vente_es.xml HTTP/1.1" 200 2522555 "-" "Python-urllib/3.11"
85.232.241.194 - - [21/May/2025:07:07:50 +0200] "GET /Jurek/b3/feeds/b3_vente_es.xml HTTP/1.1" 200 8079796 "-" "Python-urllib/3.11"
85.232.241.194 - - [21/May/2025:07:07:57 +0200] "GET /Jurek/aw/feeds/aw_vente_es.xml HTTP/1.1" 200 65277067 "-" "Python-urllib/3.11"
51.77.52.107 - - [21/May/2025:07:08:00 +0200] "GET /Jurek/eurofirany/images/350435/0.jpg HTTP/2.0" 200 64439 "-" "baselinker"
85.14.86.141 - - [21/May/2025:07:08:13 +0200] "GET /Jurek/vida_morele/feeds/VidaPL_morele.xml HTTP/2.0" 200 865188932 "-" "MarketplaceAPI curl/7.74.0 PHP/8"
51.77.52.107 - - [21/May/2025:07:08:15 +0200] "GET /Jurek/eurofirany/images/350435/0.jpg HTTP/2.0" 200 64439 "-" "baselinker"
85.14.86.141 - - [21/May/2025:07:08:20 +0200] "GET /Jurek/aw/feeds/awnarzedzia_morele.xml HTTP/2.0" 200 90852494 "-" "MarketplaceAPI curl/7.74.0 PHP/8"
85.232.241.194 - - [21/May/2025:07:08:23 +0200] "GET /Jurek/asortymenteu/feeds/asortymenteu_vente_es.xml HTTP/1.1" 200 2858216 "-" "Python-urllib/3.11"
85.232.241.194 - - [21/May/2025:07:08:23 +0200] "GET /Jurek/hurtownia_przemyslowa/feeds/hp_vente_es.xml HTTP/1.1" 200 49362005 "-" "Python-urllib/3.11"
51.77.52.107 - - [21/May/2025:07:08:30 +0200] "GET /Jurek/eurofirany/images/350435/0.jpg HTTP/2.0" 200 64439 "-" "baselinker"
51.77.52.107 - - [21/May/2025:07:08:41 +0200] "GET /Jurek/eurofirany/images/350432/0.jpg HTTP/2.0" 200 62541 "-" "baselinker"
185.6.76.18 - - [21/May/2025:07:08:53 +0200] "GET /marketplaces/skroutz/feeds/shumee.xml HTTP/1.1" 200 395078083 "-" "SkroutzBot v1.0"
51.77.52.107 - - [21/May/2025:07:09:00 +0200] "GET /Jurek/eurofirany/images/350432/0.jpg HTTP/2.0" 200 62541 "-" "baselinker"
85.14.86.141 - - [21/May/2025:07:09:05 +0200] "GET /Jurek/beliani/feeds/beliani_morele.xml HTTP/2.0" 200 30713555 "-" "MarketplaceAPI curl/7.74.0 PHP/8"
51.77.52.107 - - [21/May/2025:07:09:06 +0200] "GET /Jurek/eurofirany/images/350432/0.jpg HTTP/2.0" 200 62541 "-" "baselinker"
51.77.52.107 - - [21/May/2025:07:09:20 +0200] "GET /Jurek/eurofirany/images/350443/0.jpg HTTP/2.0" 200 61858 "-" "baselinker"
89.161.206.59 - - [21/May/2025:07:09:35 +0200] "GET /Jurek/kobi/feeds/kobi_cdsc.xml HTTP/1.0" 200 544074 "-" "-"
89.161.206.59 - - [21/May/2025:07:09:36 +0200] "GET /Jurek/hurtmeblowy/feeds/hurtmeblowy_cdsc.xml HTTP/1.0" 200 5248685 "-" "-"
89.161.206.59 - - [21/May/2025:07:09:39 +0200] "GET /Jurek/cdata/feeds/cdata_cdsc.xml HTTP/1.0" 200 1865837 "-" "-"
89.161.206.59 - - [21/May/2025:07:09:39 +0200] "GET /Jurek/drewdon/feeds/drewdon_cdsc.xml HTTP/1.0" 200 483676 "-" "-"
89.161.206.59 - - [21/May/2025:07:09:39 +0200] "GET /Jurek/dekoele/feeds/dekoele_cdsc.xml HTTP/1.0" 200 478906 "-" "-"
89.161.206.59 - - [21/May/2025:07:09:40 +0200] "GET /Jurek/amzteam/feeds/amzteam_cdsc.xml HTTP/1.0" 200 145375 "-" "-"
51.77.52.107 - - [21/May/2025:07:09:41 +0200] "GET /Jurek/eurofirany/images/350443/0.jpg HTTP/2.0" 200 61858 "-" "baselinker"
51.77.52.107 - - [21/May/2025:07:09:57 +0200] "GET /Jurek/eurofirany/images/350443/0.jpg HTTP/2.0" 200 61858 "-" "baselinker"
89.161.206.59 - - [21/May/2025:07:10:00 +0200] "GET /Jurek/playcob/feeds/playcob_cdsc.xml HTTP/1.0" 200 6624644 "-" "-"
51.77.52.107 - - [21/May/2025:07:10:16 +0200] "GET /Jurek/eurofirany/images/350452/0.jpg HTTP/2.0" 200 75792 "-" "baselinker"
51.77.52.107 - - [21/May/2025:07:10:32 +0200] "GET /Jurek/eurofirany/images/350452/0.jpg HTTP/2.0" 200 75792 "-" "baselinker"
85.232.241.194 - - [21/May/2025:07:10:35 +0200] "GET /Jurek/kobi/feeds/kobi_vente_it.xml HTTP/1.1" 200 942939 "-" "Python-urllib/3.11"
89.161.206.59 - - [21/May/2025:07:10:38 +0200] "GET /Jurek/elavia/feeds/elavia_cdsc.xml HTTP/1.0" 200 2085756 "-" "-"
85.232.241.194 - - [21/May/2025:07:10:48 +0200] "GET /Jurek/topeshop/feeds/topeshop_vente_it.xml HTTP/1.1" 200 2988412 "-" "Python-urllib/3.11"
85.232.241.194 - - [21/May/2025:07:10:49 +0200] "GET /Jurek/fernity/feeds/fernity_vente_it.xml HTTP/1.1" 200 3095439 "-" "Python-urllib/3.11"
85.232.241.194 - - [21/May/2025:07:10:49 +0200] "GET /Jurek/kinghome/feeds/kinghome_vente_it.xml HTTP/1.1" 200 5623362 "-" "Python-urllib/3.11"
51.77.52.107 - - [21/May/2025:07:10:51 +0200] "GET /Jurek/eurofirany/images/350452/0.jpg HTTP/2.0" 200 75792 "-" "baselinker"
85.232.241.194 - - [21/May/2025:07:10:54 +0200] "GET /Jurek/emibig/feeds/emibig_vente_it.xml HTTP/1.1" 200 2522440 "-" "Python-urllib/3.11"
85.232.241.194 - - [21/May/2025:07:10:54 +0200] "GET /Jurek/b3/feeds/b3_vente_it.xml HTTP/1.1" 200 8079731 "-" "Python-urllib/3.11"
85.232.241.194 - - [21/May/2025:07:10:54 +0200] "GET /Jurek/aw/feeds/aw_vente_it.xml HTTP/1.1" 200 65276185 "-" "Python-urllib/3.11"
89.161.206.59 - - [21/May/2025:07:11:07 +0200] "GET /Jurek/ekotex/feeds/ekotex_skroutz.xml HTTP/1.0" 200 197813 "-" "-"
51.77.52.107 - - [21/May/2025:07:11:08 +0200] "GET /Jurek/eurofirany/images/353305/0.jpg HTTP/2.0" 200 71154 "-" "baselinker"
89.161.206.59 - - [21/May/2025:07:11:08 +0200] "GET /Jurek/motofan/feeds/motofan_skroutz.xml HTTP/1.0" 200 2392155 "-" "-"
89.161.206.59 - - [21/May/2025:07:11:11 +0200] "GET /Jurek/elecomp/feeds/elecomp_skroutz.xml HTTP/1.0" 200 2769780 "-" "-"
89.161.206.59 - - [21/May/2025:07:11:16 +0200] "GET /Jurek/princelh/feeds/princelh_cdsc.xml HTTP/1.0" 200 123625 "-" "-"
85.232.241.194 - - [21/May/2025:07:11:19 +0200] "GET /Jurek/asortymenteu/feeds/asortymenteu_vente_it.xml HTTP/1.1" 200 2858177 "-" "Python-urllib/3.11"
85.232.241.194 - - [21/May/2025:07:11:20 +0200] "GET /Jurek/hurtownia_przemyslowa/feeds/hp_vente_it.xml HTTP/1.1" 200 49361673 "-" "Python-urllib/3.11"
51.77.52.107 - - [21/May/2025:07:11:24 +0200] "GET /Jurek/eurofirany/images/353305/0.jpg HTTP/2.0" 200 71154 "-" "baselinker"
89.161.206.59 - - [21/May/2025:07:11:32 +0200] "GET /Jurek/artdog/feeds/artdog_amazonbe.xml HTTP/1.0" 200 17158741 "-" "-"
89.161.206.59 - - [21/May/2025:07:11:35 +0200] "GET /Jurek/proparts/feeds/proparts_cdsc.xml HTTP/1.0" 200 556003 "-" "-"
89.161.206.59 - - [21/May/2025:07:11:35 +0200] "GET /Jurek/muminky/feeds/muminky_cdsc.xml HTTP/1.0" 200 2935832 "-" "-"
89.161.206.59 - - [21/May/2025:07:11:35 +0200] "GET /Jurek/nexus/feeds/nexus_cdsc.xml HTTP/1.0" 200 325903 "-" "-"
89.161.206.59 - - [21/May/2025:07:11:36 +0200] "GET /Jurek/alucon/feeds/alucon_cdsc.xml HTTP/1.0" 200 378661 "-" "-"
89.161.206.59 - - [21/May/2025:07:11:36 +0200] "GET /Jurek/equalo/feeds/equalo_cdsc.xml HTTP/1.0" 200 134206 "-" "-"
89.161.206.59 - - [21/May/2025:07:11:37 +0200] "GET /Jurek/techrebalina/feeds/techrebalina_cdsc.xml HTTP/1.0" 200 1363226 "-" "-"
89.161.206.59 - - [21/May/2025:07:11:37 +0200] "GET /Jurek/smxdesign/feeds/smxdesign_cdsc.xml HTTP/1.0" 200 1154228 "-" "-"
51.77.52.107 - - [21/May/2025:07:11:41 +0200] "GET /Jurek/eurofirany/images/353305/0.jpg HTTP/2.0" 200 71154 "-" "baselinker"
89.161.206.59 - - [21/May/2025:07:11:50 +0200] "GET /Jurek/najtanszysport/feeds/najtanszysport_skroutz.xml HTTP/1.0" 200 3291299 "-" "-"
51.77.52.107 - - [21/May/2025:07:11:56 +0200] "GET /Jurek/eurofirany/images/367879/0.jpg HTTP/2.0" 200 69770 "-" "baselinker"
51.77.52.107 - - [21/May/2025:07:12:08 +0200] "GET /Jurek/eurofirany/images/367879/0.jpg HTTP/2.0" 200 69770 "-" "baselinker"
89.161.206.59 - - [21/May/2025:07:12:13 +0200] "GET /Jurek/wenom/feeds/wenom_emagro.xml HTTP/1.0" 200 583120 "-" "-"
89.161.206.59 - - [21/May/2025:07:12:13 +0200] "GET /Jurek/emaja24/feeds/emaja24_emagro.xml HTTP/1.0" 200 5102275 "-" "-"
89.161.206.59 - - [21/May/2025:07:12:14 +0200] "GET /Jurek/zepnij/feeds/zepnij_emagro.xml HTTP/1.0" 200 19523697 "-" "-"
51.77.52.107 - - [21/May/2025:07:12:24 +0200] "GET /Jurek/eurofirany/images/367879/0.jpg HTTP/2.0" 200 69770 "-" "baselinker"
51.77.52.107 - - [21/May/2025:07:12:39 +0200] "GET /Jurek/eurofirany/images/367880/0.jpg HTTP/2.0" 200 64720 "-" "baselinker"
89.161.206.59 - - [21/May/2025:07:12:54 +0200] "GET /Jurek/techrebal/feeds/techrebal_cdsc.xml HTTP/1.0" 200 1423355 "-" "-"
51.77.52.107 - - [21/May/2025:07:12:56 +0200] "GET /Jurek/eurofirany/images/367880/0.jpg HTTP/2.0" 200 64720 "-" "baselinker"
51.77.52.107 - - [21/May/2025:07:13:03 +0200] "GET /Jurek/eurofirany/images/367880/0.jpg HTTP/2.0" 200 64720 "-" "baselinker"
85.232.241.194 - - [21/May/2025:07:13:13 +0200] "GET /Jurek/kobi/feeds/kobi_vente_ne.xml HTTP/1.1" 200 942936 "-" "Python-urllib/3.11"
89.161.206.59 - - [21/May/2025:07:13:20 +0200] "GET /Jurek/makow/feeds/makow_emagro.xml HTTP/1.0" 200 21206233 "-" "-"
51.77.52.107 - - [21/May/2025:07:13:20 +0200] "GET /Jurek/eurofirany/images/367886/0.jpg HTTP/2.0" 200 56233 "-" "baselinker"
85.232.241.194 - - [21/May/2025:07:13:26 +0200] "GET /Jurek/topeshop/feeds/topeshop_vente_ne.xml HTTP/1.1" 200 2988398 "-" "Python-urllib/3.11"
85.232.241.194 - - [21/May/2025:07:13:26 +0200] "GET /Jurek/fernity/feeds/fernity_vente_ne.xml HTTP/1.1" 200 3095300 "-" "Python-urllib/3.11"
85.232.241.194 - - [21/May/2025:07:13:32 +0200] "GET /Jurek/kinghome/feeds/kinghome_vente_ne.xml HTTP/1.1" 200 5623229 "-" "Python-urllib/3.11"
85.232.241.194 - - [21/May/2025:07:13:33 +0200] "GET /Jurek/emibig/feeds/emibig_vente_ne.xml HTTP/1.1" 200 2522247 "-" "Python-urllib/3.11"
85.232.241.194 - - [21/May/2025:07:13:33 +0200] "GET /Jurek/b3/feeds/b3_vente_nl.xml HTTP/1.1" 200 8079560 "-" "Python-urllib/3.11"
51.77.52.107 - - [21/May/2025:07:13:35 +0200] "GET /Jurek/eurofirany/images/367886/0.jpg HTTP/2.0" 200 56233 "-" "baselinker"
89.161.206.59 - - [21/May/2025:07:13:37 +0200] "GET /Jurek/muminky/feeds/muminky_skroutz.xml HTTP/1.0" 200 2270343 "-" "-"
89.161.206.59 - - [21/May/2025:07:13:39 +0200] "GET /Jurek/pupus/feeds/pupus_skroutz.xml HTTP/1.0" 200 882654 "-" "-"
85.232.241.194 - - [21/May/2025:07:13:40 +0200] "GET /Jurek/aw/feeds/aw_vente_nl.xml HTTP/1.1" 200 65274993 "-" "Python-urllib/3.11"
51.77.52.107 - - [21/May/2025:07:13:50 +0200] "GET /Jurek/eurofirany/images/367886/0.jpg HTTP/2.0" 200 56233 "-" "baselinker"
89.161.206.59 - - [21/May/2025:07:13:54 +0200] "GET /Jurek/hurtmeblowy/feeds/hurtmeblowy_skroutz.xml HTTP/1.0" 200 8509138 "-" "-"
51.77.52.107 - - [21/May/2025:07:14:03 +0200] "GET /Jurek/eurofirany/images/371974/0.jpg HTTP/2.0" 200 152177 "-" "baselinker"
85.232.241.194 - - [21/May/2025:07:14:06 +0200] "GET /Jurek/asortymenteu/feeds/asortymenteu_vente_nl.xml HTTP/1.1" 200 2858178 "-" "Python-urllib/3.11"
85.232.241.194 - - [21/May/2025:07:14:06 +0200] "GET /Jurek/hurtownia_przemyslowa/feeds/hp_vente_nl.xml HTTP/1.1" 200 49361457 "-" "Python-urllib/3.11"
89.161.206.59 - - [21/May/2025:07:14:11 +0200] "GET /Jurek/broers/feeds/broers_cdsc.xml HTTP/1.0" 200 2303305 "-" "-"
89.161.206.59 - - [21/May/2025:07:14:12 +0200] "GET /Jurek/nonabox/feeds/nonabox_cdsc.xml HTTP/1.0" 200 39043 "-" "-"
89.161.206.59 - - [21/May/2025:07:14:15 +0200] "GET /Jurek/eurofryz3/feeds/eurofryz3_skroutz.xml HTTP/1.0" 200 172222 "-" "-"
89.161.206.59 - - [21/May/2025:07:14:16 +0200] "GET /Jurek/dekornatort/feeds/dekornatort_skroutz.xml HTTP/1.0" 200 225753 "-" "-"
89.161.206.59 - - [21/May/2025:07:14:17 +0200] "GET /Jurek/lendo/feeds/lendo_skroutz.xml HTTP/1.0" 200 330395 "-" "-"
89.161.206.59 - - [21/May/2025:07:14:17 +0200] "GET /Jurek/cbdgreen/feeds/cbdgreen_skroutz.xml HTTP/1.0" 200 30342 "-" "-"
89.161.206.59 - - [21/May/2025:07:14:18 +0200] "GET /Jurek/eurofryz2/feeds/eurofryz2_skroutz.xml HTTP/1.0" 200 1376780 "-" "-"
89.161.206.59 - - [21/May/2025:07:14:19 +0200] "GET /Jurek/nexus/feeds/nexus_skroutz.xml HTTP/1.0" 200 226627 "-" "-"
89.161.206.59 - - [21/May/2025:07:14:19 +0200] "GET /Jurek/alucon/feeds/alucon_skroutz.xml HTTP/1.0" 200 553574 "-" "-"
51.77.52.107 - - [21/May/2025:07:14:19 +0200] "GET /Jurek/eurofirany/images/371974/0.jpg HTTP/2.0" 200 152177 "-" "baselinker"
178.21.154.6 - - [21/May/2025:07:14:23 +0200] "GET /Jurek/eurofirany/images/431870/0.jpg HTTP/1.1" 200 44875 "-" "-"
89.161.206.59 - - [21/May/2025:07:14:27 +0200] "GET /Jurek/playcob/feeds/playcob_skroutz.xml HTTP/1.0" 200 6980152 "-" "-"
89.161.206.59 - - [21/May/2025:07:14:32 +0200] "GET /Jurek/zenex/feeds/zenex_cdsc.xml HTTP/1.0" 200 540181 "-" "-"
89.161.206.59 - - [21/May/2025:07:14:32 +0200] "GET /Jurek/avenido/feeds/avenido_cdsc.xml HTTP/1.0" 200 449226 "-" "-"
89.161.206.59 - - [21/May/2025:07:14:32 +0200] "GET /Jurek/filmal/feeds/filmal_cdsc.xml HTTP/1.0" 200 105876 "-" "-"
89.161.206.59 - - [21/May/2025:07:14:32 +0200] "GET /Jurek/takapara/feeds/takapara_cdsc.xml HTTP/1.0" 200 1398936 "-" "-"
89.161.206.59 - - [21/May/2025:07:14:36 +0200] "GET /Jurek/coppotech/feeds/coppotech_skroutz.xml HTTP/1.0" 200 37852809 "-" "-"
51.77.52.107 - - [21/May/2025:07:14:38 +0200] "GET /Jurek/eurofirany/images/371974/0.jpg HTTP/2.0" 200 152177 "-" "baselinker"
89.161.206.59 - - [21/May/2025:07:14:40 +0200] "GET /Jurek/elavia/feeds/elavia_skroutz.xml HTTP/1.0" 200 2297068 "-" "-"
89.161.206.59 - - [21/May/2025:07:14:45 +0200] "GET /Jurek/maksik/feeds/maksik_skroutz.xml HTTP/1.0" 200 4084799 "-" "-"
51.77.52.107 - - [21/May/2025:07:14:49 +0200] "GET /Jurek/eurofirany/images/379495/0.jpg HTTP/2.0" 200 52269 "-" "baselinker"
89.161.206.59 - - [21/May/2025:07:14:54 +0200] "GET /Jurek/smxdesign/feeds/smxdesign_skroutz.xml HTTP/1.0" 200 1828983 "-" "-"
89.161.206.59 - - [21/May/2025:07:14:55 +0200] "GET /Jurek/princelh/feeds/princelh_skroutz.xml HTTP/1.0" 200 133435 "-" "-"
89.161.206.59 - - [21/May/2025:07:14:56 +0200] "GET /Jurek/proparts/feeds/proparts_skroutz.xml HTTP/1.0" 200 707497 "-" "-"
89.161.206.59 - - [21/May/2025:07:15:01 +0200] "GET /Jurek/kristronik/feeds/kristronik_skroutz.xml HTTP/1.0" 200 691990 "-" "-"
51.77.52.107 - - [21/May/2025:07:15:06 +0200] "GET /Jurek/eurofirany/images/379495/0.jpg HTTP/2.0" 200 52269 "-" "baselinker"
89.161.206.59 - - [21/May/2025:07:15:15 +0200] "GET /Jurek/techrebalina/feeds/techrebalina_skroutz.xml HTTP/1.0" 200 2011194 "-" "-"
89.161.206.59 - - [21/May/2025:07:15:15 +0200] "GET /Jurek/techrebal/feeds/techrebal_skroutz.xml HTTP/1.0" 200 1969161 "-" "-"
89.161.206.59 - - [21/May/2025:07:15:18 +0200] "GET /Jurek/nonabox/feeds/nonabox_skroutz.xml HTTP/1.0" 200 33864 "-" "-"
89.161.206.59 - - [21/May/2025:07:15:19 +0200] "GET /Jurek/omi/feeds/omi_skroutz.xml HTTP/1.0" 200 8100729 "-" "-"
51.77.52.107 - - [21/May/2025:07:15:24 +0200] "GET /Jurek/eurofirany/images/379495/0.jpg HTTP/2.0" 200 52269 "-" "baselinker"
89.161.206.59 - - [21/May/2025:07:15:42 +0200] "GET /Jurek/eoptimo/feeds/eoptimo_skroutz.xml HTTP/1.0" 200 2094330 "-" "-"
89.161.206.59 - - [21/May/2025:07:15:42 +0200] "GET /Jurek/broers/feeds/broers_skroutz.xml HTTP/1.0" 200 1981481 "-" "-"
51.77.52.107 - - [21/May/2025:07:15:44 +0200] "GET /Jurek/eurofirany/images/379496/0.jpg HTTP/2.0" 200 16503 "-" "baselinker"
51.77.52.107 - - [21/May/2025:07:16:03 +0200] "GET /Jurek/eurofirany/images/379496/0.jpg HTTP/2.0" 200 16503 "-" "baselinker"
85.232.241.194 - - [21/May/2025:07:16:05 +0200] "GET /Jurek/kobi/feeds/kobi_vente_de.xml HTTP/1.1" 200 942912 "-" "Python-urllib/3.11"
85.232.241.194 - - [21/May/2025:07:16:11 +0200] "GET /Jurek/topeshop/feeds/topeshop_vente_de.xml HTTP/1.1" 200 2988316 "-" "Python-urllib/3.11"
89.161.206.59 - - [21/May/2025:07:16:11 +0200] "GET /Jurek/purewear/feeds/purewear_skroutz.xml HTTP/1.0" 200 13350980 "-" "-"
85.232.241.194 - - [21/May/2025:07:16:11 +0200] "GET /Jurek/fernity/feeds/fernity_vente_de.xml HTTP/1.1" 200 3095313 "-" "Python-urllib/3.11"
85.232.241.194 - - [21/May/2025:07:16:17 +0200] "GET /Jurek/kinghome/feeds/kinghome_vente_de.xml HTTP/1.1" 200 5623203 "-" "Python-urllib/3.11"
85.232.241.194 - - [21/May/2025:07:16:17 +0200] "GET /Jurek/emibig/feeds/emibig_vente_de.xml HTTP/1.1" 200 2522294 "-" "Python-urllib/3.11"
85.232.241.194 - - [21/May/2025:07:16:17 +0200] "GET /Jurek/b3/feeds/b3_vente_de.xml HTTP/1.1" 200 8079473 "-" "Python-urllib/3.11"
85.232.241.194 - - [21/May/2025:07:16:18 +0200] "GET /Jurek/aw/feeds/aw_vente_de.xml HTTP/1.1" 200 65274699 "-" "Python-urllib/3.11"
51.77.52.107 - - [21/May/2025:07:16:22 +0200] "GET /Jurek/eurofirany/images/379496/0.jpg HTTP/2.0" 200 16503 "-" "baselinker"
89.161.206.59 - - [21/May/2025:07:16:28 +0200] "GET /Jurek/riko/feeds/riko_cdsc.xml HTTP/1.0" 200 3649110 "-" "-"
51.77.52.107 - - [21/May/2025:07:16:39 +0200] "GET /Jurek/eurofirany/images/383180/0.jpg HTTP/2.0" 200 75147 "-" "baselinker"
85.232.241.194 - - [21/May/2025:07:16:44 +0200] "GET /Jurek/asortymenteu/feeds/asortymenteu_vente_de.xml HTTP/1.1" 200 2858152 "-" "Python-urllib/3.11"
85.232.241.194 - - [21/May/2025:07:16:51 +0200] "GET /Jurek/hurtownia_przemyslowa/feeds/hp_vente_de.xml HTTP/1.1" 200 49361271 "-" "Python-urllib/3.11"
51.77.52.107 - - [21/May/2025:07:16:56 +0200] "GET /Jurek/eurofirany/images/383180/0.jpg HTTP/2.0" 200 75147 "-" "baselinker"
89.161.206.59 - - [21/May/2025:07:16:57 +0200] "GET /Jurek/carbonyway/feeds/carbonyway_skroutz.xml HTTP/1.0" 200 3075977 "-" "-"
89.161.206.59 - - [21/May/2025:07:16:58 +0200] "GET /Jurek/filmal/feeds/filmal_skroutz.xml HTTP/1.0" 200 139273 "-" "-"
89.161.206.59 - - [21/May/2025:07:16:59 +0200] "GET /Jurek/jakdroz/feeds/jakdroz_skroutz.xml HTTP/1.0" 200 1894290 "-" "-"
89.161.206.59 - - [21/May/2025:07:17:00 +0200] "GET /Jurek/jakdroz/feeds/jakdroz_skroutz.xml HTTP/1.0" 200 1894290 "-" "-"
89.161.206.59 - - [21/May/2025:07:17:00 +0200] "GET /Jurek/riko/feeds/riko_skr.xml HTTP/1.0" 200 3784985 "-" "-"
89.161.206.59 - - [21/May/2025:07:17:06 +0200] "GET /Jurek/carbonyway/feeds/carbonyway_cdsc.xml HTTP/1.0" 200 2759378 "-" "-"
89.161.206.59 - - [21/May/2025:07:17:06 +0200] "GET /Jurek/ikonka/feeds/ikonka_cdsc.xml HTTP/1.0" 200 20838730 "-" "-"
89.161.206.59 - - [21/May/2025:07:17:08 +0200] "GET /Jurek/tsjerzy/feeds/tsjerzy_skr.xml HTTP/1.0" 200 3840962 "-" "-"
51.77.52.107 - - [21/May/2025:07:17:13 +0200] "GET /Jurek/eurofirany/images/383180/0.jpg HTTP/2.0" 200 75147 "-" "baselinker"
89.161.206.59 - - [21/May/2025:07:17:17 +0200] "GET /Jurek/cdata/feeds/cdata_skr.xml HTTP/1.0" 200 1445176 "-" "-"
89.161.206.59 - - [21/May/2025:07:17:18 +0200] "GET /Jurek/sebmart/feeds/sebmart_skr.xml HTTP/1.0" 200 1598728 "-" "-"
89.161.206.59 - - [21/May/2025:07:17:18 +0200] "GET /Jurek/harmonypost/feeds/harmonypost_skr.xml HTTP/1.0" 200 39903565 "-" "-"
51.77.52.107 - - [21/May/2025:07:17:27 +0200] "GET /Jurek/eurofirany/images/383183/0.jpg HTTP/2.0" 200 75147 "-" "baselinker"
51.77.52.107 - - [21/May/2025:07:17:32 +0200] "GET /Jurek/eurofirany/images/383183/0.jpg HTTP/2.0" 200 75147 "-" "baselinker"
51.77.52.107 - - [21/May/2025:07:17:37 +0200] "GET /Jurek/eurofirany/images/383183/0.jpg HTTP/2.0" 200 75147 "-" "baselinker"
51.77.52.107 - - [21/May/2025:07:17:54 +0200] "GET /Jurek/eurofirany/images/383353/0.jpg HTTP/2.0" 200 79685 "-" "baselinker"
51.77.52.107 - - [21/May/2025:07:18:10 +0200] "GET /Jurek/eurofirany/images/383353/0.jpg HTTP/2.0" 200 79685 "-" "baselinker"
51.77.52.107 - - [21/May/2025:07:18:23 +0200] "GET /Jurek/eurofirany/images/383353/0.jpg HTTP/2.0" 200 79685 "-" "baselinker"
51.77.52.107 - - [21/May/2025:07:18:38 +0200] "GET /Jurek/eurofirany/images/383392/0.jpg HTTP/2.0" 200 77082 "-" "baselinker"
51.77.52.107 - - [21/May/2025:07:18:44 +0200] "GET /Jurek/eurofirany/images/383392/0.jpg HTTP/2.0" 200 77082 "-" "baselinker"
51.77.52.107 - - [21/May/2025:07:18:49 +0200] "GET /Jurek/eurofirany/images/383392/0.jpg HTTP/2.0" 200 77082 "-" "baselinker"
51.77.52.107 - - [21/May/2025:07:19:01 +0200] "GET /Jurek/eurofirany/images/383556/0.jpg HTTP/2.0" 200 75275 "-" "baselinker"
51.77.52.107 - - [21/May/2025:07:19:19 +0200] "GET /Jurek/eurofirany/images/383556/0.jpg HTTP/2.0" 200 75275 "-" "baselinker"
51.77.52.107 - - [21/May/2025:07:19:36 +0200] "GET /Jurek/eurofirany/images/383556/0.jpg HTTP/2.0" 200 75275 "-" "baselinker"
89.161.206.59 - - [21/May/2025:07:19:45 +0200] "GET /Jurek/artdog/feeds/artdog_cdsc.xml HTTP/1.0" 200 17921661 "-" "-"
51.77.52.107 - - [21/May/2025:07:19:51 +0200] "GET /Jurek/eurofirany/images/391773/0.jpg HTTP/2.0" 200 151656 "-" "baselinker"
51.77.52.107 - - [21/May/2025:07:20:09 +0200] "GET /Jurek/eurofirany/images/391773/0.jpg HTTP/2.0" 200 151656 "-" "baselinker"
51.77.52.107 - - [21/May/2025:07:20:12 +0200] "GET /Jurek/eurofirany/images/391773/0.jpg HTTP/2.0" 200 151656 "-" "baselinker"
51.77.52.107 - - [21/May/2025:07:20:31 +0200] "GET /Jurek/eurofirany/images/398375/0.jpg HTTP/2.0" 200 191799 "-" "baselinker"
51.77.52.107 - - [21/May/2025:07:20:48 +0200] "GET /Jurek/eurofirany/images/398375/0.jpg HTTP/2.0" 200 191799 "-" "baselinker"
185.6.76.167 - - [21/May/2025:07:21:02 +0200] "GET /Jurek/eurofirany/images/432649/0.jpg HTTP/1.1" 200 6625 "-" "Skroutz ImageBot v1"
51.77.52.107 - - [21/May/2025:07:21:07 +0200] "GET /Jurek/eurofirany/images/398375/0.jpg HTTP/2.0" 200 191799 "-" "baselinker"
89.161.206.59 - - [21/May/2025:07:21:08 +0200] "GET /Jurek/waks/feeds/waks_skroutz.xml HTTP/1.0" 200 1596552 "-" "-"
51.77.52.107 - - [21/May/2025:07:21:27 +0200] "GET /Jurek/eurofirany/images/421828/0.jpg HTTP/2.0" 200 140315 "-" "baselinker"
51.77.52.107 - - [21/May/2025:07:21:46 +0200] "GET /Jurek/eurofirany/images/421828/0.jpg HTTP/2.0" 200 140315 "-" "baselinker"
89.161.206.59 - - [21/May/2025:07:22:05 +0200] "GET /Jurek/eroplace/feeds/eroplace_skroutz.xml HTTP/1.0" 200 51201698 "-" "-"
51.77.52.107 - - [21/May/2025:07:22:11 +0200] "GET /Jurek/eurofirany/images/421828/0.jpg HTTP/2.0" 200 140315 "-" "baselinker"
85.232.241.194 - - [21/May/2025:07:22:15 +0200] "GET /Jurek/action/feeds/action_ubaldi.xml HTTP/1.1" 200 58390335 "-" "Python-urllib/3.11"
46.101.116.244 - - [21/May/2025:07:22:22 +0200] "GET /Jurek/fernity/feeds/fernity_cdiscount.xml HTTP/1.0" 200 3149955 "-" "-"
51.77.52.107 - - [21/May/2025:07:22:28 +0200] "GET /Jurek/eurofirany/images/398776/0.jpg HTTP/2.0" 200 20032 "-" "baselinker"
51.77.52.107 - - [21/May/2025:07:22:45 +0200] "GET /Jurek/eurofirany/images/398776/0.jpg HTTP/2.0" 200 20032 "-" "baselinker"
51.77.52.107 - - [21/May/2025:07:23:06 +0200] "GET /Jurek/eurofirany/images/398776/0.jpg HTTP/2.0" 200 20032 "-" "baselinker"
51.77.52.107 - - [21/May/2025:07:23:22 +0200] "GET /Jurek/eurofirany/images/398784/0.jpg HTTP/2.0" 200 20032 "-" "baselinker"
85.232.241.194 - - [21/May/2025:07:23:30 +0200] "GET /Jurek/hurtownia_przemyslowa/feeds/hp_ubaldi.xml HTTP/1.1" 200 49361671 "-" "Python-urllib/3.11"
85.232.241.194 - - [21/May/2025:07:23:30 +0200] "GET /Jurek/aw/feeds/aw_ubaldi.xml HTTP/1.1" 200 65278022 "-" "Python-urllib/3.11"
51.77.52.107 - - [21/May/2025:07:23:45 +0200] "GET /Jurek/eurofirany/images/398784/0.jpg HTTP/2.0" 200 20032 "-" "baselinker"
46.101.116.244 - - [21/May/2025:07:23:50 +0200] "GET /Jurek/intsell/feeds/intsell_skroutz.xml HTTP/1.0" 200 269821694 "-" "-"
