46.101.116.244 - - [21/May/2025:12:26:05 +0200] "GET /Jurek/eurofirany/feeds/eurofirany_erli.xml HTTP/1.0" 200 18849177 "-" "-"
51.77.52.107 - - [21/May/2025:12:26:18 +0200] "GET /Jurek/eurofirany/images/452245/0.jpg HTTP/2.0" 200 119982 "-" "baselinker"
51.77.52.107 - - [21/May/2025:12:26:40 +0200] "GET /Jurek/eurofirany/images/456567/0.jpg HTTP/2.0" 200 76751 "-" "baselinker"
51.77.52.107 - - [21/May/2025:12:27:04 +0200] "GET /Jurek/eurofirany/images/456567/0.jpg HTTP/2.0" 200 76751 "-" "baselinker"
51.77.52.107 - - [21/May/2025:12:27:21 +0200] "GET /Jurek/eurofirany/images/456567/0.jpg HTTP/2.0" 200 76751 "-" "baselinker"
89.161.206.59 - - [21/May/2025:12:27:32 +0200] "GET /Jurek/zami/feeds/zami_skr.xml HTTP/1.0" 200 4472605 "-" "-"
51.77.52.107 - - [21/May/2025:12:27:43 +0200] "GET /Jurek/eurofirany/images/459367/0.jpg HTTP/2.0" 200 99656 "-" "baselinker"
51.77.52.107 - - [21/May/2025:12:28:02 +0200] "GET /Jurek/eurofirany/images/459367/0.jpg HTTP/2.0" 200 99656 "-" "baselinker"
51.77.52.107 - - [21/May/2025:12:28:21 +0200] "GET /Jurek/eurofirany/images/459367/0.jpg HTTP/2.0" 200 99656 "-" "baselinker"
89.161.206.59 - - [21/May/2025:12:28:24 +0200] "GET /Jurek/proadventure/feeds/proadventure_skr.xml HTTP/1.0" 200 10762226 "-" "-"
89.161.206.59 - - [21/May/2025:12:28:25 +0200] "GET /Jurek/bloomglow/feeds/bloomglow_skr.xml HTTP/1.0" 200 11671687 "-" "-"
46.101.116.244 - - [21/May/2025:12:28:28 +0200] "GET /Jurek/kinghoff/feeds/kinghoff_kauflandde.xml HTTP/2.0" 200 15589048 "-" "-"
89.161.206.59 - - [21/May/2025:12:28:35 +0200] "GET /Jurek/ekotex/feeds/ekotex_emagro.xml HTTP/1.0" 200 197970 "-" "-"
89.161.206.59 - - [21/May/2025:12:28:37 +0200] "GET /Jurek/twojsklep/feeds/twojsklep_emagro.xml HTTP/1.0" 200 126814 "-" "-"
89.161.206.59 - - [21/May/2025:12:28:37 +0200] "GET /Jurek/drewdon/feeds/drewdon_emagro.xml HTTP/1.0" 200 504529 "-" "-"
89.161.206.59 - - [21/May/2025:12:28:41 +0200] "GET /Jurek/wezer/feeds/wezer_emagro.xml HTTP/1.0" 200 210966 "-" "-"
51.77.52.107 - - [21/May/2025:12:28:42 +0200] "GET /Jurek/eurofirany/images/459351/0.jpg HTTP/2.0" 200 71249 "-" "baselinker"
89.161.206.59 - - [21/May/2025:12:28:43 +0200] "GET /Jurek/pasiekaslodka/feeds/pasiekaslodka_emagro.xml HTTP/1.0" 200 119684 "-" "-"
89.161.206.59 - - [21/May/2025:12:28:43 +0200] "GET /Jurek/rems/feeds/rems_skr.xml HTTP/1.0" 200 8706253 "-" "-"
51.77.52.107 - - [21/May/2025:12:28:49 +0200] "GET /Jurek/eurofirany/images/459351/0.jpg HTTP/2.0" 200 71249 "-" "baselinker"
46.101.116.244 - - [21/May/2025:12:28:55 +0200] "GET /Jurek/unimet/feeds/unimet_kauflandde.xml HTTP/2.0" 200 61138740 "-" "-"
51.77.52.107 - - [21/May/2025:12:29:11 +0200] "GET /Jurek/eurofirany/images/459351/0.jpg HTTP/2.0" 200 71249 "-" "baselinker"
51.77.52.107 - - [21/May/2025:12:29:34 +0200] "GET /Jurek/eurofirany/images/459352/0.jpg HTTP/2.0" 200 91476 "-" "baselinker"
51.77.52.107 - - [21/May/2025:12:29:52 +0200] "GET /Jurek/eurofirany/images/459352/0.jpg HTTP/2.0" 200 91476 "-" "baselinker"
51.77.52.107 - - [21/May/2025:12:30:14 +0200] "GET /Jurek/eurofirany/images/459352/0.jpg HTTP/2.0" 200 91476 "-" "baselinker"
51.77.52.107 - - [21/May/2025:12:30:37 +0200] "GET /Jurek/eurofirany/images/462362/0.jpg HTTP/2.0" 200 84479 "-" "baselinker"
51.77.52.107 - - [21/May/2025:12:31:05 +0200] "GET /Jurek/eurofirany/images/462362/0.jpg HTTP/2.0" 200 84479 "-" "baselinker"
51.77.52.107 - - [21/May/2025:12:31:22 +0200] "GET /Jurek/eurofirany/images/462362/0.jpg HTTP/2.0" 200 84479 "-" "baselinker"
51.77.52.107 - - [21/May/2025:12:31:36 +0200] "GET /Jurek/eurofirany/images/463941/0.jpg HTTP/2.0" 200 104007 "-" "baselinker"
89.161.206.59 - - [21/May/2025:12:31:49 +0200] "GET /Jurek/galopibhp/feeds/galopibhp_skroutz.xml HTTP/1.0" 200 1852202 "-" "-"
46.101.116.244 - - [21/May/2025:12:31:55 +0200] "GET /Jurek/hurtownia_przemyslowa/feeds/hp_kaufde.xml HTTP/2.0" 200 49359642 "-" "-"
51.77.52.107 - - [21/May/2025:12:31:59 +0200] "GET /Jurek/eurofirany/images/463941/0.jpg HTTP/2.0" 200 104007 "-" "baselinker"
89.161.206.59 - - [21/May/2025:12:32:09 +0200] "GET /Jurek/takapara/feeds/takapara_skroutz.xml HTTP/1.0" 200 1342581 "-" "-"
51.77.52.107 - - [21/May/2025:12:32:17 +0200] "GET /Jurek/eurofirany/images/463941/0.jpg HTTP/2.0" 200 104007 "-" "baselinker"
46.101.116.244 - - [21/May/2025:12:32:27 +0200] "GET /Jurek/piotrmiedz/feeds/piotrmiedz_mallsi.xml HTTP/2.0" 200 91044833 "-" "-"
51.77.52.107 - - [21/May/2025:12:32:36 +0200] "GET /Jurek/eurofirany/images/463997/0.jpg HTTP/2.0" 200 86095 "-" "baselinker"
51.77.52.107 - - [21/May/2025:12:32:41 +0200] "GET /Jurek/eurofirany/images/463997/0.jpg HTTP/2.0" 200 86095 "-" "baselinker"
51.77.52.107 - - [21/May/2025:12:32:47 +0200] "GET /Jurek/eurofirany/images/463997/0.jpg HTTP/2.0" 200 86095 "-" "baselinker"
51.77.52.107 - - [21/May/2025:12:32:53 +0200] "GET /Jurek/eurofirany/images/463999/0.jpg HTTP/2.0" 200 101803 "-" "baselinker"
51.77.52.107 - - [21/May/2025:12:33:15 +0200] "GET /Jurek/eurofirany/images/463999/0.jpg HTTP/2.0" 200 101803 "-" "baselinker"
46.101.116.244 - - [21/May/2025:12:33:21 +0200] "GET /Jurek/broers/feeds/broers_mallsigs.xml HTTP/2.0" 200 1982507 "-" "-"
51.77.52.107 - - [21/May/2025:12:33:22 +0200] "GET /Jurek/eurofirany/images/463999/0.jpg HTTP/2.0" 200 101803 "-" "baselinker"
51.77.52.107 - - [21/May/2025:12:33:26 +0200] "GET /Jurek/eurofirany/images/464001/0.jpg HTTP/2.0" 200 98414 "-" "baselinker"
51.77.52.107 - - [21/May/2025:12:33:30 +0200] "GET /Jurek/eurofirany/images/464001/0.jpg HTTP/2.0" 200 98414 "-" "baselinker"
46.101.116.244 - - [21/May/2025:12:33:32 +0200] "GET /Jurek/cdata/feeds/cdata_mallsigs.xml HTTP/2.0" 200 1445140 "-" "-"
46.101.116.244 - - [21/May/2025:12:33:42 +0200] "GET /Jurek/elavia/feeds/elavia_mallsigs.xml HTTP/2.0" 200 2497292 "-" "-"
51.77.52.107 - - [21/May/2025:12:33:48 +0200] "GET /Jurek/eurofirany/images/464001/0.jpg HTTP/2.0" 200 98414 "-" "baselinker"
46.101.116.244 - - [21/May/2025:12:33:53 +0200] "GET /Jurek/filmal/feeds/filmal_mallsigs.xml HTTP/2.0" 200 139276 "-" "-"
46.101.116.244 - - [21/May/2025:12:34:03 +0200] "GET /Jurek/jakdroz/feeds/jakdroz_mallsigs.xml HTTP/2.0" 200 4090008 "-" "-"
51.77.52.107 - - [21/May/2025:12:34:12 +0200] "GET /Jurek/eurofirany/images/464002/0.jpg HTTP/2.0" 200 96159 "-" "baselinker"
46.101.116.244 - - [21/May/2025:12:34:14 +0200] "GET /Jurek/kristronik/feeds/kristronik_mallsigs.xml HTTP/2.0" 200 691987 "-" "-"
46.101.116.244 - - [21/May/2025:12:34:24 +0200] "GET /Jurek/nonabox/feeds/nonabox_mallsigs.xml HTTP/2.0" 200 33863 "-" "-"
51.77.52.107 - - [21/May/2025:12:34:34 +0200] "GET /Jurek/eurofirany/images/464002/0.jpg HTTP/2.0" 200 96159 "-" "baselinker"
46.101.116.244 - - [21/May/2025:12:34:35 +0200] "GET /Jurek/omi/feeds/omi_mallsigs.xml HTTP/2.0" 200 8100726 "-" "-"
51.77.52.107 - - [21/May/2025:12:34:40 +0200] "GET /Jurek/eurofirany/images/464002/0.jpg HTTP/2.0" 200 96159 "-" "baselinker"
46.101.116.244 - - [21/May/2025:12:34:46 +0200] "GET /Jurek/proparts/feeds/proparts_mallsigs.xml HTTP/2.0" 200 707480 "-" "-"
51.77.52.107 - - [21/May/2025:12:35:02 +0200] "GET /Jurek/eurofirany/images/464004/0.jpg HTTP/2.0" 200 97823 "-" "baselinker"
51.77.52.107 - - [21/May/2025:12:35:21 +0200] "GET /Jurek/eurofirany/images/464004/0.jpg HTTP/2.0" 200 97823 "-" "baselinker"
46.101.116.244 - - [21/May/2025:12:35:23 +0200] "GET /Jurek/snibbs/feeds/snibbs_mallsigs.xml HTTP/2.0" 200 74399 "-" "-"
52.18.22.0 - - [21/May/2025:12:35:35 +0200] "GET /marketplaces/worten2/results/worten.csv HTTP/1.1" 200 147217 "-" "Mirakl HttpClient"
46.101.116.244 - - [21/May/2025:12:35:46 +0200] "GET /Jurek/piotrmiedz/feeds/piotrmiedz_skr.xml HTTP/1.0" 200 91045143 "-" "-"
51.77.52.107 - - [21/May/2025:12:35:46 +0200] "GET /Jurek/eurofirany/images/464004/0.jpg HTTP/2.0" 200 97823 "-" "baselinker"
46.101.116.244 - - [21/May/2025:12:35:54 +0200] "GET /Jurek/techrebal/feeds/techrebal_mallsigs.xml HTTP/2.0" 200 1989736 "-" "-"
46.101.116.244 - - [21/May/2025:12:36:05 +0200] "GET /Jurek/techrebalina/feeds/techrebalina_mallsigs.xml HTTP/2.0" 200 2011208 "-" "-"
51.77.52.107 - - [21/May/2025:12:36:10 +0200] "GET /Jurek/eurofirany/images/464007/0.jpg HTTP/2.0" 200 97816 "-" "baselinker"
104.236.227.206 - - [21/May/2025:12:36:16 +0200] "GET / HTTP/1.1" 200 1559 "-" "Mozilla/5.0 (X11; Linux x86_64; rv:136.0) Gecko/20100101 Firefox/136.0"
104.236.227.206 - - [21/May/2025:12:36:16 +0200] "GET /favicon.ico HTTP/1.1" 404 3551 "http://www.dkkapusta1997.usermd.net/" "Mozilla/5.0 (X11; Linux x86_64; rv:136.0) Gecko/20100101 Firefox/136.0"
104.236.227.206 - - [21/May/2025:12:36:17 +0200] "GET /ads.txt HTTP/1.1" 404 3551 "-" "Mozilla/5.0 (X11; Linux x86_64; rv:136.0) Gecko/20100101 Firefox/136.0"
104.236.227.206 - - [21/May/2025:12:36:17 +0200] "GET / HTTP/1.1" 200 1559 "-" "Mozilla/5.0 (X11; Linux x86_64; rv:136.0) Gecko/20100101 Firefox/136.0"
104.236.227.206 - - [21/May/2025:12:36:21 +0200] "GET /favicon.ico HTTP/1.1" 404 3551 "https://www.dkkapusta1997.usermd.net/" "Mozilla/5.0 (X11; Linux x86_64; rv:136.0) Gecko/20100101 Firefox/136.0"
104.236.227.206 - - [21/May/2025:12:36:21 +0200] "GET /ads.txt HTTP/1.1" 404 3551 "-" "Mozilla/5.0 (X11; Linux x86_64; rv:136.0) Gecko/20100101 Firefox/136.0"
51.77.52.107 - - [21/May/2025:12:36:35 +0200] "GET /Jurek/eurofirany/images/464007/0.jpg HTTP/2.0" 200 97816 "-" "baselinker"
46.101.116.244 - - [21/May/2025:12:36:35 +0200] "GET /Jurek/maksik/feeds/maksik_mallsi.xml HTTP/2.0" 200 4084761 "-" "-"
51.77.52.107 - - [21/May/2025:12:36:40 +0200] "GET /Jurek/eurofirany/images/464007/0.jpg HTTP/2.0" 200 97816 "-" "baselinker"
51.77.52.107 - - [21/May/2025:12:36:44 +0200] "GET /Jurek/eurofirany/images/464008/0.jpg HTTP/2.0" 200 100112 "-" "baselinker"
46.101.116.244 - - [21/May/2025:12:36:46 +0200] "GET /Jurek/andex/feeds/andex_mallsi.xml HTTP/2.0" 200 1953406 "-" "-"
51.77.52.107 - - [21/May/2025:12:36:49 +0200] "GET /Jurek/eurofirany/images/464008/0.jpg HTTP/2.0" 200 100112 "-" "baselinker"
51.77.52.107 - - [21/May/2025:12:36:53 +0200] "GET /Jurek/eurofirany/images/464008/0.jpg HTTP/2.0" 200 100112 "-" "baselinker"
46.101.116.244 - - [21/May/2025:12:36:57 +0200] "GET /Jurek/german/feeds/german_mallsi.xml HTTP/2.0" 200 2853572 "-" "-"
51.77.52.107 - - [21/May/2025:12:36:57 +0200] "GET /Jurek/eurofirany/images/464009/0.jpg HTTP/2.0" 200 100204 "-" "baselinker"
89.161.206.59 - - [21/May/2025:12:37:06 +0200] "GET /Jurek/ikonka/feeds/ikonka_skroutz.xml HTTP/1.0" 200 20905899 "-" "-"
51.77.52.107 - - [21/May/2025:12:37:18 +0200] "GET /Jurek/eurofirany/images/464009/0.jpg HTTP/2.0" 200 100204 "-" "baselinker"
46.101.116.244 - - [21/May/2025:12:37:21 +0200] "GET /Jurek/maksik/feeds/maksik_mallsi.xml HTTP/2.0" 200 4084761 "-" "-"
46.101.116.244 - - [21/May/2025:12:37:32 +0200] "GET /Jurek/smxdesign/feeds/smxdesign_mallsi.xml HTTP/2.0" 200 1829012 "-" "-"
5.134.208.158 - - [21/May/2025:12:37:36 +0200] "GET /Jurek/eurofirany/images/390444/0.jpg HTTP/1.1" 200 144267 "-" "-"
51.77.52.107 - - [21/May/2025:12:37:40 +0200] "GET /Jurek/eurofirany/images/464009/0.jpg HTTP/2.0" 200 100204 "-" "baselinker"
46.101.116.244 - - [21/May/2025:12:37:54 +0200] "GET /Jurek/alucon/feeds/alucon_mallsi.xml HTTP/2.0" 200 553570 "-" "-"
51.77.52.107 - - [21/May/2025:12:37:59 +0200] "GET /Jurek/eurofirany/images/464011/0.jpg HTTP/2.0" 200 100733 "-" "baselinker"
46.101.116.244 - - [21/May/2025:12:38:04 +0200] "GET /Jurek/evil/feeds/evil_mallsi.xml HTTP/2.0" 200 306389 "-" "-"
46.101.116.244 - - [21/May/2025:12:38:15 +0200] "GET /Jurek/hlo/feeds/hlo_mallsi.xml HTTP/2.0" 200 4838671 "-" "-"
46.101.116.244 - - [21/May/2025:12:38:25 +0200] "GET /Jurek/lgbtshop/feeds/lgbtshop_mallsi.xml HTTP/2.0" 200 219253 "-" "-"
51.77.52.107 - - [21/May/2025:12:38:26 +0200] "GET /Jurek/eurofirany/images/464011/0.jpg HTTP/2.0" 200 100733 "-" "baselinker"
51.77.52.107 - - [21/May/2025:12:38:30 +0200] "GET /Jurek/eurofirany/images/464011/0.jpg HTTP/2.0" 200 100733 "-" "baselinker"
46.101.116.244 - - [21/May/2025:12:38:36 +0200] "GET /Jurek/madrex/feeds/madrex_mallsi.xml HTTP/2.0" 200 466713 "-" "-"
51.77.52.107 - - [21/May/2025:12:38:36 +0200] "GET /Jurek/eurofirany/images/464012/0.jpg HTTP/2.0" 200 104458 "-" "baselinker"
46.101.116.244 - - [21/May/2025:12:38:46 +0200] "GET /Jurek/motofan/feeds/motofan_mallsi.xml HTTP/2.0" 200 2392155 "-" "-"
51.77.52.107 - - [21/May/2025:12:38:49 +0200] "GET /Jurek/eurofirany/images/464012/0.jpg HTTP/2.0" 200 104458 "-" "baselinker"
89.161.206.59 - - [21/May/2025:12:38:53 +0200] "GET /Jurek/fernity/feeds/fernity_skroutz.xml HTTP/1.0" 200 4601934 "-" "-"
51.77.52.107 - - [21/May/2025:12:38:54 +0200] "GET /Jurek/eurofirany/images/464012/0.jpg HTTP/2.0" 200 104458 "-" "baselinker"
46.101.116.244 - - [21/May/2025:12:38:56 +0200] "GET /Jurek/najtanszysport/feeds/najtanszysport_mallsi.xml HTTP/2.0" 200 3983145 "-" "-"
51.77.52.107 - - [21/May/2025:12:39:00 +0200] "GET /Jurek/eurofirany/images/464015/0.jpg HTTP/2.0" 200 104744 "-" "baselinker"
89.161.206.59 - - [21/May/2025:12:39:03 +0200] "GET /Jurek/activeshop/feeds/activeshop_skroutz.xml HTTP/1.0" 200 6619621 "-" "-"
46.101.116.244 - - [21/May/2025:12:39:07 +0200] "GET /Jurek/nexus/feeds/nexus_mallsi.xml HTTP/2.0" 200 226610 "-" "-"
46.101.116.244 - - [21/May/2025:12:39:17 +0200] "GET /Jurek/beliani/feeds/beliani_skroutz.xml HTTP/1.0" 200 30008371 "-" "-"
46.101.116.244 - - [21/May/2025:12:39:18 +0200] "GET /Jurek/playcob/feeds/playcob_mallsi.xml HTTP/2.0" 200 6980159 "-" "-"
51.77.52.107 - - [21/May/2025:12:39:24 +0200] "GET /Jurek/eurofirany/images/464015/0.jpg HTTP/2.0" 200 104744 "-" "baselinker"
46.101.116.244 - - [21/May/2025:12:39:28 +0200] "GET /Jurek/zepnij/feeds/zepnij_mallsi.xml HTTP/2.0" 200 19522728 "-" "-"
51.77.52.107 - - [21/May/2025:12:39:29 +0200] "GET /Jurek/eurofirany/images/464015/0.jpg HTTP/2.0" 200 104744 "-" "baselinker"
51.77.52.107 - - [21/May/2025:12:39:34 +0200] "GET /Jurek/eurofirany/images/464017/0.jpg HTTP/2.0" 200 92897 "-" "baselinker"
46.101.116.244 - - [21/May/2025:12:39:40 +0200] "GET /Jurek/cbdgreen/feeds/cbdgreen_mallsi.xml HTTP/2.0" 200 50541 "-" "-"
46.101.116.244 - - [21/May/2025:12:39:50 +0200] "GET /Jurek/dekornatort/feeds/dekornatort_mallsi.xml HTTP/2.0" 200 225749 "-" "-"
51.77.52.107 - - [21/May/2025:12:39:55 +0200] "GET /Jurek/eurofirany/images/464017/0.jpg HTTP/2.0" 200 92897 "-" "baselinker"
46.101.116.244 - - [21/May/2025:12:40:00 +0200] "GET /Jurek/globaldeli/feeds/globaldeli_mallsi.xml HTTP/2.0" 200 2590906 "-" "-"
89.161.206.59 - - [21/May/2025:12:40:19 +0200] "GET /Jurek/topeshop/feeds/topeshop_cdsc.xml HTTP/1.0" 200 2620082 "-" "-"
46.101.116.244 - - [21/May/2025:12:40:22 +0200] "GET /Jurek/lendo/feeds/lendo_mallsi.xml HTTP/2.0" 200 330394 "-" "-"
51.77.52.107 - - [21/May/2025:12:40:22 +0200] "GET /Jurek/eurofirany/images/464017/0.jpg HTTP/2.0" 200 92897 "-" "baselinker"
51.77.52.107 - - [21/May/2025:12:40:28 +0200] "GET /Jurek/eurofirany/images/464018/0.jpg HTTP/2.0" 200 103854 "-" "baselinker"
51.77.52.107 - - [21/May/2025:12:40:51 +0200] "GET /Jurek/eurofirany/images/464018/0.jpg HTTP/2.0" 200 103854 "-" "baselinker"
66.249.70.36 - - [21/May/2025:12:40:54 +0200] "GET /Jurek/topeshop/downloaded_images/5902838463420_DENVER_BIEL_PO%C5%81YSK(1).jpg HTTP/1.1" 404 3551 "-" "Googlebot-Image/1.0"
51.77.52.107 - - [21/May/2025:12:41:12 +0200] "GET /Jurek/eurofirany/images/464018/0.jpg HTTP/2.0" 200 103854 "-" "baselinker"
89.161.206.59 - - [21/May/2025:12:41:19 +0200] "GET /Jurek/kobi/feeds/kobi_ebayde.xml HTTP/1.0" 200 713512 "-" "-"
51.77.52.107 - - [21/May/2025:12:41:44 +0200] "GET /Jurek/eurofirany/images/464019/0.jpg HTTP/2.0" 200 110059 "-" "baselinker"
46.101.116.244 - - [21/May/2025:12:42:08 +0200] "GET /Jurek/naszedzieci/feeds/naszedzieci_mallsi.xml HTTP/2.0" 200 833172423 "-" "-"
51.77.52.107 - - [21/May/2025:12:42:09 +0200] "GET /Jurek/eurofirany/images/464019/0.jpg HTTP/2.0" 200 110059 "-" "baselinker"
51.77.52.107 - - [21/May/2025:12:42:29 +0200] "GET /Jurek/eurofirany/images/464019/0.jpg HTTP/2.0" 200 110059 "-" "baselinker"
51.77.52.107 - - [21/May/2025:12:42:34 +0200] "GET /Jurek/eurofirany/images/467812/0.jpg HTTP/2.0" 200 74575 "-" "baselinker"
89.161.206.59 - - [21/May/2025:12:42:44 +0200] "GET /Jurek/kambukka/feeds/kambukka_emagro.xml HTTP/1.0" 200 1023573 "-" "-"
89.161.206.59 - - [21/May/2025:12:42:44 +0200] "GET /Jurek/amzteam/feeds/amzteam_emagro.xml HTTP/1.0" 200 97894 "-" "-"
89.161.206.59 - - [21/May/2025:12:42:44 +0200] "GET /Jurek/benetech/feeds/benetech_emagro.xml HTTP/1.0" 200 4165677 "-" "-"
89.161.206.59 - - [21/May/2025:12:42:44 +0200] "GET /Jurek/sempler/feeds/sempler_emagro.xml HTTP/1.0" 200 6788454 "-" "-"
89.161.206.59 - - [21/May/2025:12:42:45 +0200] "GET /Jurek/kinghoff/feeds/kinghoff_emagro.xml HTTP/1.0" 200 15591249 "-" "-"
89.161.206.59 - - [21/May/2025:12:42:45 +0200] "GET /Jurek/slayo/feeds/slayo_emagro.xml HTTP/1.0" 200 183625 "-" "-"
51.77.52.107 - - [21/May/2025:12:42:57 +0200] "GET /Jurek/eurofirany/images/467812/0.jpg HTTP/2.0" 200 74575 "-" "baselinker"
66.135.223.44 - - [21/May/2025:12:43:03 +0200] "GET /Jurek/topeshop/downloaded_images/5904507201876_KUBABIURKOBRY%C5%81KAANTRACYTFRONTOT.jpg HTTP/1.1" 404 3551 "http://www.ebay.com/" "Mozilla/5.0 (Windows NT 10.0; Win64; x64) AppleWebKit/537.36 (KHTML, like Gecko) Chrome/123.0.0.0 Safari/537.36"
66.135.223.40 - - [21/May/2025:12:43:03 +0200] "GET /Jurek/topeshop/downloaded_images/5904507201876_KUBABIURKOBRY%C5%81KAANTRACYTBOKOT.jpg HTTP/1.1" 404 3551 "http://www.ebay.com/" "Mozilla/5.0 (Windows NT 10.0; Win64; x64) AppleWebKit/537.36 (KHTML, like Gecko) Chrome/123.0.0.0 Safari/537.36"
66.135.223.40 - - [21/May/2025:12:43:03 +0200] "GET /Jurek/topeshop/downloaded_images/5904507201876_KUBABIURKOARTISAN2.png HTTP/1.1" 404 3551 "http://www.ebay.com/" "Mozilla/5.0 (Windows NT 10.0; Win64; x64) AppleWebKit/537.36 (KHTML, like Gecko) Chrome/123.0.0.0 Safari/537.36"
66.135.223.42 - - [21/May/2025:12:43:03 +0200] "GET /Jurek/topeshop/downloaded_images/5904507201876_KUBABIURKOANTRACYT.png HTTP/1.1" 404 3551 "http://www.ebay.com/" "Mozilla/5.0 (Windows NT 10.0; Win64; x64) AppleWebKit/537.36 (KHTML, like Gecko) Chrome/123.0.0.0 Safari/537.36"
66.135.223.40 - - [21/May/2025:12:43:03 +0200] "GET /Jurek/topeshop/downloaded_images/5904507201876_KUBABIURKOBRY%C5%81KAANTRACYTFRONTZM.jpg HTTP/1.1" 404 3551 "http://www.ebay.com/" "Mozilla/5.0 (Windows NT 10.0; Win64; x64) AppleWebKit/537.36 (KHTML, like Gecko) Chrome/123.0.0.0 Safari/537.36"
66.135.223.43 - - [21/May/2025:12:43:03 +0200] "GET /Jurek/topeshop/downloaded_images/5904507201876_KUBABIURKOBRY%C5%81KAANTRACYTBOKZM.jpg HTTP/1.1" 404 3551 "http://www.ebay.com/" "Mozilla/5.0 (Windows NT 10.0; Win64; x64) AppleWebKit/537.36 (KHTML, like Gecko) Chrome/123.0.0.0 Safari/537.36"
46.101.116.244 - - [21/May/2025:12:43:12 +0200] "GET /Jurek/aw/feeds/awnarzedzia_skroutz.xml HTTP/1.0" 200 89736004 "-" "-"
51.77.52.107 - - [21/May/2025:12:43:18 +0200] "GET /Jurek/eurofirany/images/467812/0.jpg HTTP/2.0" 200 74575 "-" "baselinker"
51.77.52.107 - - [21/May/2025:12:43:32 +0200] "GET /Jurek/eurofirany/images/468393/0.jpg HTTP/2.0" 200 63787 "-" "baselinker"
51.77.52.107 - - [21/May/2025:12:43:52 +0200] "GET /Jurek/eurofirany/images/468393/0.jpg HTTP/2.0" 200 63787 "-" "baselinker"
89.161.206.59 - - [21/May/2025:12:44:09 +0200] "GET /Jurek/coppotech/feeds/coppotech_emagro.xml HTTP/1.0" 200 38056583 "-" "-"
89.161.206.59 - - [21/May/2025:12:44:11 +0200] "GET /Jurek/eroplace/feeds/eroplace_emagro.xml HTTP/1.0" 200 52150555 "-" "-"
51.77.52.107 - - [21/May/2025:12:44:14 +0200] "GET /Jurek/eurofirany/images/468393/0.jpg HTTP/2.0" 200 63787 "-" "baselinker"
89.161.206.59 - - [21/May/2025:12:44:14 +0200] "GET /Jurek/kinghome/feeds/kinghome_emagro.xml HTTP/1.0" 200 6227902 "-" "-"
51.77.52.107 - - [21/May/2025:12:44:36 +0200] "GET /Jurek/eurofirany/images/467976/0.jpg HTTP/2.0" 200 114304 "-" "baselinker"
89.161.206.59 - - [21/May/2025:12:44:48 +0200] "GET /Jurek/takapara/feeds/takapara_emagro.xml HTTP/1.0" 200 1342438 "-" "-"
89.161.206.59 - - [21/May/2025:12:44:48 +0200] "GET /Jurek/artdog/feeds/artdog_emagro.xml HTTP/1.0" 200 17164728 "-" "-"
89.161.206.59 - - [21/May/2025:12:44:50 +0200] "GET /Jurek/jakdroz/feeds/jakdroz_emagro.xml HTTP/1.0" 200 4090835 "-" "-"
89.161.206.59 - - [21/May/2025:12:44:51 +0200] "GET /Jurek/missionair/feeds/missionair_emagro.xml HTTP/1.0" 200 3155054 "-" "-"
89.161.206.59 - - [21/May/2025:12:44:51 +0200] "GET /Jurek/mojeledy/feeds/mojeledy_emagro.xml HTTP/1.0" 200 1018622 "-" "-"
89.161.206.59 - - [21/May/2025:12:44:51 +0200] "GET /Jurek/andex/feeds/andex_emagro.xml HTTP/1.0" 200 1953941 "-" "-"
89.161.206.59 - - [21/May/2025:12:44:51 +0200] "GET /Jurek/riko/feeds/riko_emagro.xml HTTP/1.0" 200 3786618 "-" "-"
89.161.206.59 - - [21/May/2025:12:44:52 +0200] "GET /Jurek/sovapl/feeds/sovapl_emagro.xml HTTP/1.0" 200 9002680 "-" "-"
89.161.206.59 - - [21/May/2025:12:44:53 +0200] "GET /Jurek/kalama/feeds/kalama_emagro.xml HTTP/1.0" 200 2662092 "-" "-"
51.77.52.107 - - [21/May/2025:12:44:53 +0200] "GET /Jurek/eurofirany/images/467976/0.jpg HTTP/2.0" 200 114304 "-" "baselinker"
51.77.52.107 - - [21/May/2025:12:44:56 +0200] "GET /Jurek/eurofirany/images/467976/0.jpg HTTP/2.0" 200 114304 "-" "baselinker"
89.161.206.59 - - [21/May/2025:12:46:02 +0200] "GET /Jurek/eurofirany/feeds/eurofirany_skroutz.xml HTTP/1.0" 200 18399421 "-" "-"
178.21.154.6 - - [21/May/2025:12:46:04 +0200] "GET /Jurek/eurofirany/images/383719/0.jpg HTTP/1.1" 200 70891 "-" "-"
178.21.154.6 - - [21/May/2025:12:46:04 +0200] "GET /Jurek/eurofirany/images/361837/0.jpg HTTP/1.1" 200 59210 "-" "-"
178.21.154.6 - - [21/May/2025:12:46:04 +0200] "GET /Jurek/eurofirany/images/366700/0.jpg HTTP/1.1" 200 91544 "-" "-"
178.21.154.6 - - [21/May/2025:12:46:04 +0200] "GET /Jurek/eurofirany/images/373798/0.jpg HTTP/1.1" 200 16503 "-" "-"
178.21.154.6 - - [21/May/2025:12:46:04 +0200] "GET /Jurek/eurofirany/images/415879/0.jpg HTTP/1.1" 200 100744 "-" "-"
178.21.154.6 - - [21/May/2025:12:46:04 +0200] "GET /Jurek/eurofirany/images/372423/0.jpg HTTP/1.1" 200 108915 "-" "-"
178.21.154.6 - - [21/May/2025:12:46:04 +0200] "GET /Jurek/eurofirany/images/373039/0.jpg HTTP/1.1" 200 85650 "-" "-"
178.21.154.6 - - [21/May/2025:12:46:04 +0200] "GET /Jurek/eurofirany/images/428673/0.jpg HTTP/1.1" 200 89133 "-" "-"
216.113.184.101 - - [21/May/2025:12:46:54 +0200] "GET /Jurek/eurofirany/images/423950/0.jpg HTTP/1.1" 200 0 "-" "Java/17.0.13.0.101"
66.211.183.71 - - [21/May/2025:12:47:16 +0200] "GET /Jurek/eurofirany/images/424077/0.jpg HTTP/1.1" 200 80844 "-" "Java/17.0.13.0.101"
66.211.183.71 - - [21/May/2025:12:47:25 +0200] "GET /Jurek/eurofirany/images/378181/0.jpg HTTP/1.1" 200 16503 "-" "Java/17.0.13.0.101"
216.113.184.103 - - [21/May/2025:12:47:26 +0200] "GET /Jurek/eurofirany/images/410690/0.jpg HTTP/1.1" 200 70320 "-" "Java/17.0.13.0.101"
46.101.116.244 - - [21/May/2025:12:47:44 +0200] "GET /Jurek/reman/feeds/reman_mallsi.xml HTTP/2.0" 200 1394825 "-" "-"
216.113.184.102 - - [21/May/2025:12:47:48 +0200] "GET /Jurek/eurofirany/images/425638/3.jpg HTTP/1.1" 200 43120 "http://www.ebay.com/" "Mozilla/5.0 (Windows NT 10.0; Win64; x64) AppleWebKit/537.36 (KHTML, like Gecko) Chrome/123.0.0.0 Safari/537.36"
216.113.184.103 - - [21/May/2025:12:47:48 +0200] "GET /Jurek/eurofirany/images/425638/2.jpg HTTP/1.1" 200 33398 "http://www.ebay.com/" "Mozilla/5.0 (Windows NT 10.0; Win64; x64) AppleWebKit/537.36 (KHTML, like Gecko) Chrome/123.0.0.0 Safari/537.36"
216.113.184.102 - - [21/May/2025:12:47:48 +0200] "GET /Jurek/eurofirany/images/425638/6.jpg HTTP/1.1" 200 96190 "http://www.ebay.com/" "Mozilla/5.0 (Windows NT 10.0; Win64; x64) AppleWebKit/537.36 (KHTML, like Gecko) Chrome/123.0.0.0 Safari/537.36"
216.113.184.102 - - [21/May/2025:12:47:48 +0200] "GET /Jurek/eurofirany/images/425638/10.jpg HTTP/1.1" 200 58949 "http://www.ebay.com/" "Mozilla/5.0 (Windows NT 10.0; Win64; x64) AppleWebKit/537.36 (KHTML, like Gecko) Chrome/123.0.0.0 Safari/537.36"
216.113.184.101 - - [21/May/2025:12:47:48 +0200] "GET /Jurek/eurofirany/images/425638/9.jpg HTTP/1.1" 200 58824 "http://www.ebay.com/" "Mozilla/5.0 (Windows NT 10.0; Win64; x64) AppleWebKit/537.36 (KHTML, like Gecko) Chrome/123.0.0.0 Safari/537.36"
216.113.184.101 - - [21/May/2025:12:47:48 +0200] "GET /Jurek/eurofirany/images/425638/0.jpg HTTP/1.1" 200 130087 "http://www.ebay.com/" "Mozilla/5.0 (Windows NT 10.0; Win64; x64) AppleWebKit/537.36 (KHTML, like Gecko) Chrome/123.0.0.0 Safari/537.36"
216.113.184.104 - - [21/May/2025:12:47:48 +0200] "GET /Jurek/eurofirany/images/425638/7.jpg HTTP/1.1" 200 34537 "http://www.ebay.com/" "Mozilla/5.0 (Windows NT 10.0; Win64; x64) AppleWebKit/537.36 (KHTML, like Gecko) Chrome/123.0.0.0 Safari/537.36"
216.113.184.102 - - [21/May/2025:12:47:48 +0200] "GET /Jurek/eurofirany/images/425638/8.jpg HTTP/1.1" 200 39397 "http://www.ebay.com/" "Mozilla/5.0 (Windows NT 10.0; Win64; x64) AppleWebKit/537.36 (KHTML, like Gecko) Chrome/123.0.0.0 Safari/537.36"
216.113.184.101 - - [21/May/2025:12:47:48 +0200] "GET /Jurek/eurofirany/images/425638/5.jpg HTTP/1.1" 200 34958 "http://www.ebay.com/" "Mozilla/5.0 (Windows NT 10.0; Win64; x64) AppleWebKit/537.36 (KHTML, like Gecko) Chrome/123.0.0.0 Safari/537.36"
216.113.184.103 - - [21/May/2025:12:47:48 +0200] "GET /Jurek/eurofirany/images/425638/1.jpg HTTP/1.1" 200 139261 "http://www.ebay.com/" "Mozilla/5.0 (Windows NT 10.0; Win64; x64) AppleWebKit/537.36 (KHTML, like Gecko) Chrome/123.0.0.0 Safari/537.36"
216.113.184.102 - - [21/May/2025:12:47:49 +0200] "GET /Jurek/eurofirany/images/425638/4.jpg HTTP/1.1" 200 247964 "http://www.ebay.com/" "Mozilla/5.0 (Windows NT 10.0; Win64; x64) AppleWebKit/537.36 (KHTML, like Gecko) Chrome/123.0.0.0 Safari/537.36"
66.135.223.40 - - [21/May/2025:12:47:51 +0200] "GET /Jurek/eurofirany/images/416908/0.jpg HTTP/1.1" 200 68930 "http://www.ebay.com/" "Mozilla/5.0 (Windows NT 10.0; Win64; x64) AppleWebKit/537.36 (KHTML, like Gecko) Chrome/123.0.0.0 Safari/537.36"
66.135.223.42 - - [21/May/2025:12:47:51 +0200] "GET /Jurek/eurofirany/images/416908/1.jpg HTTP/1.1" 200 84306 "http://www.ebay.com/" "Mozilla/5.0 (Windows NT 10.0; Win64; x64) AppleWebKit/537.36 (KHTML, like Gecko) Chrome/123.0.0.0 Safari/537.36"
66.135.223.43 - - [21/May/2025:12:47:51 +0200] "GET /Jurek/eurofirany/images/416908/2.jpg HTTP/1.1" 200 37830 "http://www.ebay.com/" "Mozilla/5.0 (Windows NT 10.0; Win64; x64) AppleWebKit/537.36 (KHTML, like Gecko) Chrome/123.0.0.0 Safari/537.36"
66.135.223.40 - - [21/May/2025:12:47:51 +0200] "GET /Jurek/eurofirany/images/416908/3.jpg HTTP/1.1" 200 91027 "http://www.ebay.com/" "Mozilla/5.0 (Windows NT 10.0; Win64; x64) AppleWebKit/537.36 (KHTML, like Gecko) Chrome/123.0.0.0 Safari/537.36"
66.135.223.42 - - [21/May/2025:12:47:51 +0200] "GET /Jurek/eurofirany/images/416908/6.jpg HTTP/1.1" 200 98520 "http://www.ebay.com/" "Mozilla/5.0 (Windows NT 10.0; Win64; x64) AppleWebKit/537.36 (KHTML, like Gecko) Chrome/123.0.0.0 Safari/537.36"
66.135.223.44 - - [21/May/2025:12:47:51 +0200] "GET /Jurek/eurofirany/images/416908/5.jpg HTTP/1.1" 200 163902 "http://www.ebay.com/" "Mozilla/5.0 (Windows NT 10.0; Win64; x64) AppleWebKit/537.36 (KHTML, like Gecko) Chrome/123.0.0.0 Safari/537.36"
66.135.223.42 - - [21/May/2025:12:47:51 +0200] "GET /Jurek/eurofirany/images/416908/7.jpg HTTP/1.1" 200 177778 "http://www.ebay.com/" "Mozilla/5.0 (Windows NT 10.0; Win64; x64) AppleWebKit/537.36 (KHTML, like Gecko) Chrome/123.0.0.0 Safari/537.36"
66.135.223.41 - - [21/May/2025:12:47:52 +0200] "GET /Jurek/eurofirany/images/416908/4.jpg HTTP/1.1" 200 279117 "http://www.ebay.com/" "Mozilla/5.0 (Windows NT 10.0; Win64; x64) AppleWebKit/537.36 (KHTML, like Gecko) Chrome/123.0.0.0 Safari/537.36"
46.101.116.244 - - [21/May/2025:12:47:54 +0200] "GET /Jurek/sartrix/feeds/sartrix_mallsi.xml HTTP/2.0" 200 649181 "-" "-"
46.101.116.244 - - [21/May/2025:12:48:04 +0200] "GET /Jurek/szpaklampy/feeds/szpaklampy_mallsi.xml HTTP/2.0" 200 388202 "-" "-"
66.211.183.71 - - [21/May/2025:12:48:07 +0200] "GET /Jurek/eurofirany/images/410690/3.jpg HTTP/1.1" 200 73345 "http://www.ebay.com/" "Mozilla/5.0 (Windows NT 10.0; Win64; x64) AppleWebKit/537.36 (KHTML, like Gecko) Chrome/123.0.0.0 Safari/537.36"
66.211.183.71 - - [21/May/2025:12:48:07 +0200] "GET /Jurek/eurofirany/images/410690/0.jpg HTTP/1.1" 200 70320 "http://www.ebay.com/" "Mozilla/5.0 (Windows NT 10.0; Win64; x64) AppleWebKit/537.36 (KHTML, like Gecko) Chrome/123.0.0.0 Safari/537.36"
66.211.183.71 - - [21/May/2025:12:48:07 +0200] "GET /Jurek/eurofirany/images/410690/5.jpg HTTP/1.1" 200 97633 "http://www.ebay.com/" "Mozilla/5.0 (Windows NT 10.0; Win64; x64) AppleWebKit/537.36 (KHTML, like Gecko) Chrome/123.0.0.0 Safari/537.36"
66.211.183.73 - - [21/May/2025:12:48:07 +0200] "GET /Jurek/eurofirany/images/410690/1.jpg HTTP/1.1" 200 86099 "http://www.ebay.com/" "Mozilla/5.0 (Windows NT 10.0; Win64; x64) AppleWebKit/537.36 (KHTML, like Gecko) Chrome/123.0.0.0 Safari/537.36"
66.211.183.72 - - [21/May/2025:12:48:07 +0200] "GET /Jurek/eurofirany/images/410690/6.jpg HTTP/1.1" 200 79547 "http://www.ebay.com/" "Mozilla/5.0 (Windows NT 10.0; Win64; x64) AppleWebKit/537.36 (KHTML, like Gecko) Chrome/123.0.0.0 Safari/537.36"
66.211.183.70 - - [21/May/2025:12:48:07 +0200] "GET /Jurek/eurofirany/images/410690/4.jpg HTTP/1.1" 200 113547 "http://www.ebay.com/" "Mozilla/5.0 (Windows NT 10.0; Win64; x64) AppleWebKit/537.36 (KHTML, like Gecko) Chrome/123.0.0.0 Safari/537.36"
66.211.183.70 - - [21/May/2025:12:48:07 +0200] "GET /Jurek/eurofirany/images/410690/2.jpg HTTP/1.1" 200 37011 "http://www.ebay.com/" "Mozilla/5.0 (Windows NT 10.0; Win64; x64) AppleWebKit/537.36 (KHTML, like Gecko) Chrome/123.0.0.0 Safari/537.36"
66.211.183.73 - - [21/May/2025:12:48:07 +0200] "GET /Jurek/eurofirany/images/410690/7.jpg HTTP/1.1" 200 118323 "http://www.ebay.com/" "Mozilla/5.0 (Windows NT 10.0; Win64; x64) AppleWebKit/537.36 (KHTML, like Gecko) Chrome/123.0.0.0 Safari/537.36"
66.211.183.74 - - [21/May/2025:12:48:07 +0200] "GET /Jurek/eurofirany/images/410690/8.jpg HTTP/1.1" 200 59269 "http://www.ebay.com/" "Mozilla/5.0 (Windows NT 10.0; Win64; x64) AppleWebKit/537.36 (KHTML, like Gecko) Chrome/123.0.0.0 Safari/537.36"
80.187.121.33 - - [21/May/2025:12:48:07 +0200] "GET /Jurek/topeshop/downloaded_images/5904507209667_PROFILOWEE.jpg HTTP/2.0" 200 69731 "-" "Mozilla/5.0 (iPhone; CPU iPhone OS 18_4_1 like Mac OS X) AppleWebKit/605.1.15 (KHTML, like Gecko) Mobile/15E148"
80.187.121.33 - - [21/May/2025:12:48:07 +0200] "GET /Jurek/topeshop/downloaded_images/5904507209667_PROFILOWEE.jpg HTTP/2.0" 200 69731 "-" "Mozilla/5.0 (iPhone; CPU iPhone OS 18_4_1 like Mac OS X) AppleWebKit/605.1.15 (KHTML, like Gecko) Mobile/15E148"
46.101.116.244 - - [21/May/2025:12:48:15 +0200] "GET /Jurek/benetech/feeds/benetech_mallsi.xml HTTP/2.0" 200 4165408 "-" "-"
216.113.184.103 - - [21/May/2025:12:48:25 +0200] "GET /Jurek/eurofirany/images/407610/5.jpg HTTP/1.1" 200 97269 "http://www.ebay.com/" "Mozilla/5.0 (Windows NT 10.0; Win64; x64) AppleWebKit/537.36 (KHTML, like Gecko) Chrome/123.0.0.0 Safari/537.36"
216.113.184.101 - - [21/May/2025:12:48:25 +0200] "GET /Jurek/eurofirany/images/407610/3.jpg HTTP/1.1" 200 97254 "http://www.ebay.com/" "Mozilla/5.0 (Windows NT 10.0; Win64; x64) AppleWebKit/537.36 (KHTML, like Gecko) Chrome/123.0.0.0 Safari/537.36"
216.113.184.105 - - [21/May/2025:12:48:25 +0200] "GET /Jurek/eurofirany/images/407610/1.jpg HTTP/1.1" 200 65804 "http://www.ebay.com/" "Mozilla/5.0 (Windows NT 10.0; Win64; x64) AppleWebKit/537.36 (KHTML, like Gecko) Chrome/123.0.0.0 Safari/537.36"
216.113.184.101 - - [21/May/2025:12:48:25 +0200] "GET /Jurek/eurofirany/images/407610/2.jpg HTTP/1.1" 200 45830 "http://www.ebay.com/" "Mozilla/5.0 (Windows NT 10.0; Win64; x64) AppleWebKit/537.36 (KHTML, like Gecko) Chrome/123.0.0.0 Safari/537.36"
216.113.184.101 - - [21/May/2025:12:48:25 +0200] "GET /Jurek/eurofirany/images/407610/7.jpg HTTP/1.1" 200 115272 "http://www.ebay.com/" "Mozilla/5.0 (Windows NT 10.0; Win64; x64) AppleWebKit/537.36 (KHTML, like Gecko) Chrome/123.0.0.0 Safari/537.36"
216.113.184.102 - - [21/May/2025:12:48:25 +0200] "GET /Jurek/eurofirany/images/407610/4.jpg HTTP/1.1" 200 114304 "http://www.ebay.com/" "Mozilla/5.0 (Windows NT 10.0; Win64; x64) AppleWebKit/537.36 (KHTML, like Gecko) Chrome/123.0.0.0 Safari/537.36"
216.113.184.105 - - [21/May/2025:12:48:25 +0200] "GET /Jurek/eurofirany/images/407610/6.jpg HTTP/1.1" 200 76220 "http://www.ebay.com/" "Mozilla/5.0 (Windows NT 10.0; Win64; x64) AppleWebKit/537.36 (KHTML, like Gecko) Chrome/123.0.0.0 Safari/537.36"
216.113.184.102 - - [21/May/2025:12:48:25 +0200] "GET /Jurek/eurofirany/images/407610/0.jpg HTTP/1.1" 200 84241 "http://www.ebay.com/" "Mozilla/5.0 (Windows NT 10.0; Win64; x64) AppleWebKit/537.36 (KHTML, like Gecko) Chrome/123.0.0.0 Safari/537.36"
216.113.184.103 - - [21/May/2025:12:48:25 +0200] "GET /Jurek/eurofirany/images/407610/8.jpg HTTP/1.1" 200 145440 "http://www.ebay.com/" "Mozilla/5.0 (Windows NT 10.0; Win64; x64) AppleWebKit/537.36 (KHTML, like Gecko) Chrome/123.0.0.0 Safari/537.36"
46.101.116.244 - - [21/May/2025:12:48:26 +0200] "GET /Jurek/dekoele/feeds/dekoele_mallsi.xml HTTP/2.0" 200 733936 "-" "-"
46.101.116.244 - - [21/May/2025:12:48:30 +0200] "GET /Jurek/kinghoff/feeds/kinghoff_allegro.xml HTTP/1.0" 200 15590969 "-" "-"
66.211.183.72 - - [21/May/2025:12:48:31 +0200] "GET /Jurek/eurofirany/images/416907/0.jpg HTTP/1.1" 200 70462 "http://www.ebay.com/" "Mozilla/5.0 (Windows NT 10.0; Win64; x64) AppleWebKit/537.36 (KHTML, like Gecko) Chrome/123.0.0.0 Safari/537.36"
66.211.183.71 - - [21/May/2025:12:48:31 +0200] "GET /Jurek/eurofirany/images/416907/1.jpg HTTP/1.1" 200 86315 "http://www.ebay.com/" "Mozilla/5.0 (Windows NT 10.0; Win64; x64) AppleWebKit/537.36 (KHTML, like Gecko) Chrome/123.0.0.0 Safari/537.36"
66.211.183.74 - - [21/May/2025:12:48:31 +0200] "GET /Jurek/eurofirany/images/416907/2.jpg HTTP/1.1" 200 37646 "http://www.ebay.com/" "Mozilla/5.0 (Windows NT 10.0; Win64; x64) AppleWebKit/537.36 (KHTML, like Gecko) Chrome/123.0.0.0 Safari/537.36"
66.211.183.71 - - [21/May/2025:12:48:31 +0200] "GET /Jurek/eurofirany/images/416907/3.jpg HTTP/1.1" 200 113979 "http://www.ebay.com/" "Mozilla/5.0 (Windows NT 10.0; Win64; x64) AppleWebKit/537.36 (KHTML, like Gecko) Chrome/123.0.0.0 Safari/537.36"
66.211.183.71 - - [21/May/2025:12:48:31 +0200] "GET /Jurek/eurofirany/images/416907/5.jpg HTTP/1.1" 200 98797 "http://www.ebay.com/" "Mozilla/5.0 (Windows NT 10.0; Win64; x64) AppleWebKit/537.36 (KHTML, like Gecko) Chrome/123.0.0.0 Safari/537.36"
66.211.183.73 - - [21/May/2025:12:48:31 +0200] "GET /Jurek/eurofirany/images/416907/4.jpg HTTP/1.1" 200 148814 "http://www.ebay.com/" "Mozilla/5.0 (Windows NT 10.0; Win64; x64) AppleWebKit/537.36 (KHTML, like Gecko) Chrome/123.0.0.0 Safari/537.36"
89.161.206.59 - - [21/May/2025:12:48:31 +0200] "GET /Jurek/ikonka/feeds/ikonka_allegro_cz.xml HTTP/1.0" 200 20906495 "-" "-"
66.211.183.72 - - [21/May/2025:12:48:31 +0200] "GET /Jurek/eurofirany/images/416907/7.jpg HTTP/1.1" 200 126654 "http://www.ebay.com/" "Mozilla/5.0 (Windows NT 10.0; Win64; x64) AppleWebKit/537.36 (KHTML, like Gecko) Chrome/123.0.0.0 Safari/537.36"
66.211.183.71 - - [21/May/2025:12:48:31 +0200] "GET /Jurek/eurofirany/images/416907/6.jpg HTTP/1.1" 200 70928 "http://www.ebay.com/" "Mozilla/5.0 (Windows NT 10.0; Win64; x64) AppleWebKit/537.36 (KHTML, like Gecko) Chrome/123.0.0.0 Safari/537.36"
66.211.183.70 - - [21/May/2025:12:48:31 +0200] "GET /Jurek/eurofirany/images/416907/8.jpg HTTP/1.1" 200 118887 "http://www.ebay.com/" "Mozilla/5.0 (Windows NT 10.0; Win64; x64) AppleWebKit/537.36 (KHTML, like Gecko) Chrome/123.0.0.0 Safari/537.36"
66.211.183.73 - - [21/May/2025:12:48:31 +0200] "GET /Jurek/eurofirany/images/416907/9.jpg HTTP/1.1" 200 134942 "http://www.ebay.com/" "Mozilla/5.0 (Windows NT 10.0; Win64; x64) AppleWebKit/537.36 (KHTML, like Gecko) Chrome/123.0.0.0 Safari/537.36"
46.101.116.244 - - [21/May/2025:12:48:36 +0200] "GET /Jurek/drewdon/feeds/drewdon_mallsi.xml HTTP/2.0" 200 504447 "-" "-"
89.161.206.59 - - [21/May/2025:12:48:39 +0200] "GET /Jurek/hurtownia_przemyslowa/feeds/hp_ebayde.xml HTTP/1.0" 200 35619795 "-" "-"
66.135.223.41 - - [21/May/2025:12:48:41 +0200] "GET /Jurek/eurofirany/images/378181/3.jpg HTTP/1.1" 200 16502 "http://www.ebay.com/" "Mozilla/5.0 (Windows NT 10.0; Win64; x64) AppleWebKit/537.36 (KHTML, like Gecko) Chrome/123.0.0.0 Safari/537.36"
66.135.223.40 - - [21/May/2025:12:48:41 +0200] "GET /Jurek/eurofirany/images/378181/6.jpg HTTP/1.1" 200 16502 "http://www.ebay.com/" "Mozilla/5.0 (Windows NT 10.0; Win64; x64) AppleWebKit/537.36 (KHTML, like Gecko) Chrome/123.0.0.0 Safari/537.36"
66.135.223.43 - - [21/May/2025:12:48:41 +0200] "GET /Jurek/eurofirany/images/378181/0.jpg HTTP/1.1" 200 16503 "http://www.ebay.com/" "Mozilla/5.0 (Windows NT 10.0; Win64; x64) AppleWebKit/537.36 (KHTML, like Gecko) Chrome/123.0.0.0 Safari/537.36"
66.135.223.41 - - [21/May/2025:12:48:41 +0200] "GET /Jurek/eurofirany/images/378181/4.jpg HTTP/1.1" 200 16502 "http://www.ebay.com/" "Mozilla/5.0 (Windows NT 10.0; Win64; x64) AppleWebKit/537.36 (KHTML, like Gecko) Chrome/123.0.0.0 Safari/537.36"
66.135.223.41 - - [21/May/2025:12:48:41 +0200] "GET /Jurek/eurofirany/images/378181/5.jpg HTTP/1.1" 200 16502 "http://www.ebay.com/" "Mozilla/5.0 (Windows NT 10.0; Win64; x64) AppleWebKit/537.36 (KHTML, like Gecko) Chrome/123.0.0.0 Safari/537.36"
66.135.223.40 - - [21/May/2025:12:48:41 +0200] "GET /Jurek/eurofirany/images/378181/2.jpg HTTP/1.1" 200 16503 "http://www.ebay.com/" "Mozilla/5.0 (Windows NT 10.0; Win64; x64) AppleWebKit/537.36 (KHTML, like Gecko) Chrome/123.0.0.0 Safari/537.36"
66.135.223.40 - - [21/May/2025:12:48:42 +0200] "GET /Jurek/eurofirany/images/378181/1.jpg HTTP/1.1" 200 210477 "http://www.ebay.com/" "Mozilla/5.0 (Windows NT 10.0; Win64; x64) AppleWebKit/537.36 (KHTML, like Gecko) Chrome/123.0.0.0 Safari/537.36"
46.101.116.244 - - [21/May/2025:12:48:46 +0200] "GET /Jurek/emaja24/feeds/emaja24_mallsi.xml HTTP/2.0" 200 5102035 "-" "-"
216.113.184.104 - - [21/May/2025:12:48:53 +0200] "GET /Jurek/eurofirany/images/458150/0.jpg HTTP/1.1" 200 67615 "http://www.ebay.com/" "Mozilla/5.0 (Windows NT 10.0; Win64; x64) AppleWebKit/537.36 (KHTML, like Gecko) Chrome/123.0.0.0 Safari/537.36"
216.113.184.103 - - [21/May/2025:12:48:53 +0200] "GET /Jurek/eurofirany/images/458150/2.jpg HTTP/1.1" 200 28128 "http://www.ebay.com/" "Mozilla/5.0 (Windows NT 10.0; Win64; x64) AppleWebKit/537.36 (KHTML, like Gecko) Chrome/123.0.0.0 Safari/537.36"
216.113.184.105 - - [21/May/2025:12:48:53 +0200] "GET /Jurek/eurofirany/images/458150/7.jpg HTTP/1.1" 200 86185 "http://www.ebay.com/" "Mozilla/5.0 (Windows NT 10.0; Win64; x64) AppleWebKit/537.36 (KHTML, like Gecko) Chrome/123.0.0.0 Safari/537.36"
216.113.184.102 - - [21/May/2025:12:48:53 +0200] "GET /Jurek/eurofirany/images/458150/6.jpg HTTP/1.1" 200 99154 "http://www.ebay.com/" "Mozilla/5.0 (Windows NT 10.0; Win64; x64) AppleWebKit/537.36 (KHTML, like Gecko) Chrome/123.0.0.0 Safari/537.36"
216.113.184.102 - - [21/May/2025:12:48:53 +0200] "GET /Jurek/eurofirany/images/458150/1.jpg HTTP/1.1" 200 63207 "http://www.ebay.com/" "Mozilla/5.0 (Windows NT 10.0; Win64; x64) AppleWebKit/537.36 (KHTML, like Gecko) Chrome/123.0.0.0 Safari/537.36"
216.113.184.104 - - [21/May/2025:12:48:53 +0200] "GET /Jurek/eurofirany/images/458150/3.jpg HTTP/1.1" 200 56729 "http://www.ebay.com/" "Mozilla/5.0 (Windows NT 10.0; Win64; x64) AppleWebKit/537.36 (KHTML, like Gecko) Chrome/123.0.0.0 Safari/537.36"
216.113.184.101 - - [21/May/2025:12:48:53 +0200] "GET /Jurek/eurofirany/images/458150/4.jpg HTTP/1.1" 200 117783 "http://www.ebay.com/" "Mozilla/5.0 (Windows NT 10.0; Win64; x64) AppleWebKit/537.36 (KHTML, like Gecko) Chrome/123.0.0.0 Safari/537.36"
216.113.184.104 - - [21/May/2025:12:48:53 +0200] "GET /Jurek/eurofirany/images/458150/5.jpg HTTP/1.1" 200 56476 "http://www.ebay.com/" "Mozilla/5.0 (Windows NT 10.0; Win64; x64) AppleWebKit/537.36 (KHTML, like Gecko) Chrome/123.0.0.0 Safari/537.36"
216.113.184.101 - - [21/May/2025:12:48:53 +0200] "GET /Jurek/eurofirany/images/458150/8.jpg HTTP/1.1" 200 105861 "http://www.ebay.com/" "Mozilla/5.0 (Windows NT 10.0; Win64; x64) AppleWebKit/537.36 (KHTML, like Gecko) Chrome/123.0.0.0 Safari/537.36"
46.101.116.244 - - [21/May/2025:12:49:00 +0200] "GET /Jurek/muminky/feeds/muminky_mallsi.xml HTTP/2.0" 200 2677676 "-" "-"
216.113.184.101 - - [21/May/2025:12:49:07 +0200] "GET /Jurek/eurofirany/images/350264/1.jpg HTTP/1.1" 200 77964 "http://www.ebay.com/" "Mozilla/5.0 (Windows NT 10.0; Win64; x64) AppleWebKit/537.36 (KHTML, like Gecko) Chrome/123.0.0.0 Safari/537.36"
216.113.184.105 - - [21/May/2025:12:49:07 +0200] "GET /Jurek/eurofirany/images/350264/6.jpg HTTP/1.1" 200 16503 "http://www.ebay.com/" "Mozilla/5.0 (Windows NT 10.0; Win64; x64) AppleWebKit/537.36 (KHTML, like Gecko) Chrome/123.0.0.0 Safari/537.36"
216.113.184.103 - - [21/May/2025:12:49:07 +0200] "GET /Jurek/eurofirany/images/350264/3.jpg HTTP/1.1" 200 16503 "http://www.ebay.com/" "Mozilla/5.0 (Windows NT 10.0; Win64; x64) AppleWebKit/537.36 (KHTML, like Gecko) Chrome/123.0.0.0 Safari/537.36"
216.113.184.101 - - [21/May/2025:12:49:07 +0200] "GET /Jurek/eurofirany/images/350264/7.jpg HTTP/1.1" 200 16503 "http://www.ebay.com/" "Mozilla/5.0 (Windows NT 10.0; Win64; x64) AppleWebKit/537.36 (KHTML, like Gecko) Chrome/123.0.0.0 Safari/537.36"
216.113.184.103 - - [21/May/2025:12:49:07 +0200] "GET /Jurek/eurofirany/images/350264/4.jpg HTTP/1.1" 200 16503 "http://www.ebay.com/" "Mozilla/5.0 (Windows NT 10.0; Win64; x64) AppleWebKit/537.36 (KHTML, like Gecko) Chrome/123.0.0.0 Safari/537.36"
216.113.184.105 - - [21/May/2025:12:49:07 +0200] "GET /Jurek/eurofirany/images/350264/2.jpg HTTP/1.1" 200 16503 "http://www.ebay.com/" "Mozilla/5.0 (Windows NT 10.0; Win64; x64) AppleWebKit/537.36 (KHTML, like Gecko) Chrome/123.0.0.0 Safari/537.36"
216.113.184.101 - - [21/May/2025:12:49:07 +0200] "GET /Jurek/eurofirany/images/350264/0.jpg HTTP/1.1" 200 16503 "http://www.ebay.com/" "Mozilla/5.0 (Windows NT 10.0; Win64; x64) AppleWebKit/537.36 (KHTML, like Gecko) Chrome/123.0.0.0 Safari/537.36"
216.113.184.104 - - [21/May/2025:12:49:07 +0200] "GET /Jurek/eurofirany/images/350264/5.jpg HTTP/1.1" 200 16503 "http://www.ebay.com/" "Mozilla/5.0 (Windows NT 10.0; Win64; x64) AppleWebKit/537.36 (KHTML, like Gecko) Chrome/123.0.0.0 Safari/537.36"
46.101.116.244 - - [21/May/2025:12:49:11 +0200] "GET /Jurek/pupus/feeds/pupus_mallsi.xml HTTP/2.0" 200 6154587 "-" "-"
89.161.206.59 - - [21/May/2025:12:49:12 +0200] "GET /Jurek/asortymenteu/feeds/asortymenteu_skroutz_great.xml HTTP/1.0" 200 2763553 "-" "-"
216.113.184.101 - - [21/May/2025:12:49:17 +0200] "GET /Jurek/eurofirany/images/423950/0.jpg HTTP/1.1" 200 0 "-" "Java/17.0.13.0.101"
66.211.183.72 - - [21/May/2025:12:49:18 +0200] "GET /Jurek/eurofirany/images/424078/1.jpg HTTP/1.1" 200 110617 "http://www.ebay.com/" "Mozilla/5.0 (Windows NT 10.0; Win64; x64) AppleWebKit/537.36 (KHTML, like Gecko) Chrome/123.0.0.0 Safari/537.36"
66.211.183.72 - - [21/May/2025:12:49:18 +0200] "GET /Jurek/eurofirany/images/424078/6.jpg HTTP/1.1" 200 111827 "http://www.ebay.com/" "Mozilla/5.0 (Windows NT 10.0; Win64; x64) AppleWebKit/537.36 (KHTML, like Gecko) Chrome/123.0.0.0 Safari/537.36"
66.211.183.72 - - [21/May/2025:12:49:18 +0200] "GET /Jurek/eurofirany/images/424078/0.jpg HTTP/1.1" 200 106761 "http://www.ebay.com/" "Mozilla/5.0 (Windows NT 10.0; Win64; x64) AppleWebKit/537.36 (KHTML, like Gecko) Chrome/123.0.0.0 Safari/537.36"
66.211.183.72 - - [21/May/2025:12:49:18 +0200] "GET /Jurek/eurofirany/images/424078/2.jpg HTTP/1.1" 200 52814 "http://www.ebay.com/" "Mozilla/5.0 (Windows NT 10.0; Win64; x64) AppleWebKit/537.36 (KHTML, like Gecko) Chrome/123.0.0.0 Safari/537.36"
66.211.183.71 - - [21/May/2025:12:49:18 +0200] "GET /Jurek/eurofirany/images/424078/3.jpg HTTP/1.1" 200 135056 "http://www.ebay.com/" "Mozilla/5.0 (Windows NT 10.0; Win64; x64) AppleWebKit/537.36 (KHTML, like Gecko) Chrome/123.0.0.0 Safari/537.36"
66.211.183.72 - - [21/May/2025:12:49:18 +0200] "GET /Jurek/eurofirany/images/424078/4.jpg HTTP/1.1" 200 173190 "http://www.ebay.com/" "Mozilla/5.0 (Windows NT 10.0; Win64; x64) AppleWebKit/537.36 (KHTML, like Gecko) Chrome/123.0.0.0 Safari/537.36"
66.211.183.73 - - [21/May/2025:12:49:18 +0200] "GET /Jurek/eurofirany/images/424078/5.jpg HTTP/1.1" 200 151858 "http://www.ebay.com/" "Mozilla/5.0 (Windows NT 10.0; Win64; x64) AppleWebKit/537.36 (KHTML, like Gecko) Chrome/123.0.0.0 Safari/537.36"
66.211.183.70 - - [21/May/2025:12:49:18 +0200] "GET /Jurek/eurofirany/images/424078/7.jpg HTTP/1.1" 200 154435 "http://www.ebay.com/" "Mozilla/5.0 (Windows NT 10.0; Win64; x64) AppleWebKit/537.36 (KHTML, like Gecko) Chrome/123.0.0.0 Safari/537.36"
46.101.116.244 - - [21/May/2025:12:49:23 +0200] "GET /Jurek/erohurtownia/feeds/erohurtownia_mallsi.xml HTTP/2.0" 200 22846610 "-" "-"
46.101.116.244 - - [21/May/2025:12:49:40 +0200] "GET /Jurek/oromed/feeds/oromed_mallsi.xml HTTP/2.0" 200 1267007 "-" "-"
216.113.184.105 - - [21/May/2025:12:49:40 +0200] "GET /Jurek/eurofirany/images/424077/3.jpg HTTP/1.1" 200 38520 "http://www.ebay.com/" "Mozilla/5.0 (Windows NT 10.0; Win64; x64) AppleWebKit/537.36 (KHTML, like Gecko) Chrome/123.0.0.0 Safari/537.36"
216.113.184.104 - - [21/May/2025:12:49:40 +0200] "GET /Jurek/eurofirany/images/424077/10.jpg HTTP/1.1" 200 104796 "http://www.ebay.com/" "Mozilla/5.0 (Windows NT 10.0; Win64; x64) AppleWebKit/537.36 (KHTML, like Gecko) Chrome/123.0.0.0 Safari/537.36"
216.113.184.105 - - [21/May/2025:12:49:40 +0200] "GET /Jurek/eurofirany/images/424077/12.jpg HTTP/1.1" 200 6585 "http://www.ebay.com/" "Mozilla/5.0 (Windows NT 10.0; Win64; x64) AppleWebKit/537.36 (KHTML, like Gecko) Chrome/123.0.0.0 Safari/537.36"
216.113.184.105 - - [21/May/2025:12:49:40 +0200] "GET /Jurek/eurofirany/images/424077/7.jpg HTTP/1.1" 200 87127 "http://www.ebay.com/" "Mozilla/5.0 (Windows NT 10.0; Win64; x64) AppleWebKit/537.36 (KHTML, like Gecko) Chrome/123.0.0.0 Safari/537.36"
216.113.184.101 - - [21/May/2025:12:49:40 +0200] "GET /Jurek/eurofirany/images/424077/2.jpg HTTP/1.1" 200 87606 "http://www.ebay.com/" "Mozilla/5.0 (Windows NT 10.0; Win64; x64) AppleWebKit/537.36 (KHTML, like Gecko) Chrome/123.0.0.0 Safari/537.36"
216.113.184.104 - - [21/May/2025:12:49:40 +0200] "GET /Jurek/eurofirany/images/424077/13.jpg HTTP/1.1" 200 6585 "http://www.ebay.com/" "Mozilla/5.0 (Windows NT 10.0; Win64; x64) AppleWebKit/537.36 (KHTML, like Gecko) Chrome/123.0.0.0 Safari/537.36"
216.113.184.101 - - [21/May/2025:12:49:40 +0200] "GET /Jurek/eurofirany/images/424077/4.jpg HTTP/1.1" 200 66768 "http://www.ebay.com/" "Mozilla/5.0 (Windows NT 10.0; Win64; x64) AppleWebKit/537.36 (KHTML, like Gecko) Chrome/123.0.0.0 Safari/537.36"
216.113.184.101 - - [21/May/2025:12:49:40 +0200] "GET /Jurek/eurofirany/images/424077/1.jpg HTTP/1.1" 200 101101 "http://www.ebay.com/" "Mozilla/5.0 (Windows NT 10.0; Win64; x64) AppleWebKit/537.36 (KHTML, like Gecko) Chrome/123.0.0.0 Safari/537.36"
216.113.184.101 - - [21/May/2025:12:49:40 +0200] "GET /Jurek/eurofirany/images/424077/15.jpg HTTP/1.1" 200 6585 "http://www.ebay.com/" "Mozilla/5.0 (Windows NT 10.0; Win64; x64) AppleWebKit/537.36 (KHTML, like Gecko) Chrome/123.0.0.0 Safari/537.36"
216.113.184.102 - - [21/May/2025:12:49:40 +0200] "GET /Jurek/eurofirany/images/424077/0.jpg HTTP/1.1" 200 80844 "http://www.ebay.com/" "Mozilla/5.0 (Windows NT 10.0; Win64; x64) AppleWebKit/537.36 (KHTML, like Gecko) Chrome/123.0.0.0 Safari/537.36"
216.113.184.102 - - [21/May/2025:12:49:40 +0200] "GET /Jurek/eurofirany/images/424077/11.jpg HTTP/1.1" 200 6585 "http://www.ebay.com/" "Mozilla/5.0 (Windows NT 10.0; Win64; x64) AppleWebKit/537.36 (KHTML, like Gecko) Chrome/123.0.0.0 Safari/537.36"
216.113.184.103 - - [21/May/2025:12:49:40 +0200] "GET /Jurek/eurofirany/images/424077/6.jpg HTTP/1.1" 200 151898 "http://www.ebay.com/" "Mozilla/5.0 (Windows NT 10.0; Win64; x64) AppleWebKit/537.36 (KHTML, like Gecko) Chrome/123.0.0.0 Safari/537.36"
216.113.184.101 - - [21/May/2025:12:49:40 +0200] "GET /Jurek/eurofirany/images/424077/14.jpg HTTP/1.1" 200 152688 "http://www.ebay.com/" "Mozilla/5.0 (Windows NT 10.0; Win64; x64) AppleWebKit/537.36 (KHTML, like Gecko) Chrome/123.0.0.0 Safari/537.36"
216.113.184.102 - - [21/May/2025:12:49:40 +0200] "GET /Jurek/eurofirany/images/424077/8.jpg HTTP/1.1" 200 164639 "http://www.ebay.com/" "Mozilla/5.0 (Windows NT 10.0; Win64; x64) AppleWebKit/537.36 (KHTML, like Gecko) Chrome/123.0.0.0 Safari/537.36"
216.113.184.105 - - [21/May/2025:12:49:41 +0200] "GET /Jurek/eurofirany/images/424077/5.jpg HTTP/1.1" 200 225539 "http://www.ebay.com/" "Mozilla/5.0 (Windows NT 10.0; Win64; x64) AppleWebKit/537.36 (KHTML, like Gecko) Chrome/123.0.0.0 Safari/537.36"
216.113.184.102 - - [21/May/2025:12:49:41 +0200] "GET /Jurek/eurofirany/images/424077/9.jpg HTTP/1.1" 200 248236 "http://www.ebay.com/" "Mozilla/5.0 (Windows NT 10.0; Win64; x64) AppleWebKit/537.36 (KHTML, like Gecko) Chrome/123.0.0.0 Safari/537.36"
66.135.223.41 - - [21/May/2025:12:49:49 +0200] "GET /Jurek/eurofirany/images/422323/6.jpg HTTP/1.1" 200 120106 "http://www.ebay.com/" "Mozilla/5.0 (Windows NT 10.0; Win64; x64) AppleWebKit/537.36 (KHTML, like Gecko) Chrome/123.0.0.0 Safari/537.36"
66.135.223.44 - - [21/May/2025:12:49:49 +0200] "GET /Jurek/eurofirany/images/422323/2.jpg HTTP/1.1" 200 51385 "http://www.ebay.com/" "Mozilla/5.0 (Windows NT 10.0; Win64; x64) AppleWebKit/537.36 (KHTML, like Gecko) Chrome/123.0.0.0 Safari/537.36"
66.135.223.42 - - [21/May/2025:12:49:49 +0200] "GET /Jurek/eurofirany/images/422323/0.jpg HTTP/1.1" 200 99586 "http://www.ebay.com/" "Mozilla/5.0 (Windows NT 10.0; Win64; x64) AppleWebKit/537.36 (KHTML, like Gecko) Chrome/123.0.0.0 Safari/537.36"
66.135.223.44 - - [21/May/2025:12:49:49 +0200] "GET /Jurek/eurofirany/images/422323/1.jpg HTTP/1.1" 200 105833 "http://www.ebay.com/" "Mozilla/5.0 (Windows NT 10.0; Win64; x64) AppleWebKit/537.36 (KHTML, like Gecko) Chrome/123.0.0.0 Safari/537.36"
