77.79.248.229 - - [21/May/2025:02:58:49 +0200] "GET /Jurek/sartrix/feeds/sartrix_manomanoES.xml HTTP/1.1" 200 649182 "-" "Python-urllib/3.11"
77.79.248.229 - - [21/May/2025:02:58:49 +0200] "GET /Jurek/hlo/feeds/hlo_manomanoES.xml HTTP/1.1" 200 4838614 "-" "Python-urllib/3.11"
77.79.248.229 - - [21/May/2025:02:58:50 +0200] "GET /Jurek/drops/feeds/dropsofficecolection_manoES.xml HTTP/1.1" 200 790766 "-" "Python-urllib/3.11"
77.79.248.229 - - [21/May/2025:02:58:50 +0200] "GET /Jurek/szpaklampy/feeds/szpaklampy_manoES.xml HTTP/1.1" 200 388209 "-" "Python-urllib/3.11"
77.79.248.229 - - [21/May/2025:02:58:50 +0200] "GET /Jurek/hurtmeblowy/feeds/hurtmeblowy_ManoES.xml HTTP/1.1" 200 7739764 "-" "Python-urllib/3.11"
51.77.52.107 - - [21/May/2025:02:58:50 +0200] "GET /Jurek/eurofirany/images/461254/0.jpg HTTP/2.0" 200 83230 "-" "baselinker"
77.79.248.229 - - [21/May/2025:02:58:50 +0200] "GET /Jurek/topeshop/feeds/topeshop_manoES.xml HTTP/1.1" 200 2988441 "-" "Python-urllib/3.11"
77.79.248.229 - - [21/May/2025:02:58:51 +0200] "GET /Jurek/kristronik/feeds/kristronik_manoES.xml HTTP/1.1" 200 691977 "-" "Python-urllib/3.11"
77.79.248.229 - - [21/May/2025:02:58:51 +0200] "GET /Jurek/techrebal/feeds/techrebal_manoES.xml HTTP/1.1" 200 1989747 "-" "Python-urllib/3.11"
77.79.248.229 - - [21/May/2025:02:58:51 +0200] "GET /Jurek/proparts/feeds/proparts_manoES.xml HTTP/1.1" 200 707502 "-" "Python-urllib/3.11"
77.79.248.229 - - [21/May/2025:02:58:52 +0200] "GET /Jurek/broers/feeds/broers_manoES.xml HTTP/1.1" 200 1982561 "-" "Python-urllib/3.11"
77.79.248.229 - - [21/May/2025:02:58:52 +0200] "GET /Jurek/em3/feeds/em3_manoES.xml HTTP/1.1" 200 258921 "-" "Python-urllib/3.11"
46.101.116.244 - - [21/May/2025:02:58:52 +0200] "GET /Jurek/action/feeds/action_kauflandde.xml HTTP/2.0" 200 58385670 "-" "-"
77.79.248.229 - - [21/May/2025:02:58:52 +0200] "GET /Jurek/evil/feeds/evil_manoES.xml HTTP/1.1" 200 306388 "-" "Python-urllib/3.11"
77.79.248.229 - - [21/May/2025:02:58:52 +0200] "GET /Jurek/hdwr/feeds/hdwr_manoES.xml HTTP/1.1" 200 789438 "-" "Python-urllib/3.11"
77.79.248.229 - - [21/May/2025:02:58:52 +0200] "GET /Jurek/lampart/feeds/lampart_manoES.xml HTTP/1.1" 200 936036 "-" "Python-urllib/3.11"
77.79.248.229 - - [21/May/2025:02:58:53 +0200] "GET /Jurek/nonabox/feeds/nonabox_manoES.xml HTTP/1.1" 200 33865 "-" "Python-urllib/3.11"
77.79.248.229 - - [21/May/2025:02:58:53 +0200] "GET /Jurek/smxdesign/feeds/smxdesign_manoES.xml HTTP/1.1" 200 1829048 "-" "Python-urllib/3.11"
77.79.248.229 - - [21/May/2025:02:58:53 +0200] "GET /Jurek/techrebalina/feeds/techrebalina_manoES.xml HTTP/1.1" 200 2011220 "-" "Python-urllib/3.11"
77.79.248.229 - - [21/May/2025:02:58:53 +0200] "GET /Jurek/cdata/feeds/cdata_manoES.xml HTTP/1.1" 200 1445154 "-" "Python-urllib/3.11"
77.79.248.229 - - [21/May/2025:02:58:53 +0200] "GET /Jurek/omi/feeds/omi_manoES.xml HTTP/1.1" 200 8100646 "-" "Python-urllib/3.11"
77.79.248.229 - - [21/May/2025:02:58:53 +0200] "GET /Jurek/tsjerzy/feeds/tsjerzy_manoES.xml HTTP/1.1" 200 3897651 "-" "Python-urllib/3.11"
77.79.248.229 - - [21/May/2025:02:58:53 +0200] "GET /Jurek/narzbud/feeds/narzbud_manoES.xml HTTP/1.1" 200 1901257 "-" "Python-urllib/3.11"
77.79.248.229 - - [21/May/2025:02:58:53 +0200] "GET /Jurek/makow/feeds/makow_manoES.xml HTTP/1.1" 200 21203954 "-" "Python-urllib/3.11"
77.79.248.229 - - [21/May/2025:02:58:54 +0200] "GET /Jurek/jankeski/feeds/jankeski_manoES.xml HTTP/1.1" 200 6571158 "-" "Python-urllib/3.11"
77.79.248.229 - - [21/May/2025:02:58:54 +0200] "GET /Jurek/gandalf/feeds/gandalf_manoES.xml HTTP/1.1" 200 1082537 "-" "Python-urllib/3.11"
77.79.248.229 - - [21/May/2025:02:58:54 +0200] "GET /Jurek/zenex/feeds/zenex_manoES.xml HTTP/1.1" 200 540161 "-" "Python-urllib/3.11"
77.79.248.229 - - [21/May/2025:02:58:54 +0200] "GET /Jurek/andex/feeds/andex_manoES.xml HTTP/1.1" 200 1953388 "-" "Python-urllib/3.11"
77.79.248.229 - - [21/May/2025:02:58:54 +0200] "GET /Jurek/sebmart/feeds/sebmart_manoES.xml HTTP/1.1" 200 1598745 "-" "Python-urllib/3.11"
77.79.248.229 - - [21/May/2025:02:58:54 +0200] "GET /Jurek/benetech/feeds/benetech_manoes.xml HTTP/1.1" 200 4165404 "-" "Python-urllib/3.11"
77.79.248.229 - - [21/May/2025:02:58:54 +0200] "GET /Jurek/dekoele/feeds/dekoele_manomanoES.xml HTTP/1.1" 200 733933 "-" "Python-urllib/3.11"
77.79.248.229 - - [21/May/2025:02:58:55 +0200] "GET /Jurek/mojeledy/feeds/mojeledy_manoES.xml HTTP/1.1" 200 1018447 "-" "Python-urllib/3.11"
77.79.248.229 - - [21/May/2025:02:58:55 +0200] "GET /Jurek/rovato/feeds/rovato_manoES.xml HTTP/1.1" 200 180833 "-" "Python-urllib/3.11"
77.79.248.229 - - [21/May/2025:02:58:56 +0200] "GET /Jurek/piotrmiedz/feeds/piotrmiedz_manoES.xml HTTP/1.1" 200 91043596 "-" "Python-urllib/3.11"
77.79.248.229 - - [21/May/2025:02:58:56 +0200] "GET /Jurek/pawonik/feeds/pawonik_manoES.xml HTTP/1.1" 200 2138418 "-" "Python-urllib/3.11"
77.79.248.229 - - [21/May/2025:02:58:56 +0200] "GET /Jurek/alucon/feeds/alucon_manoES.xml HTTP/1.1" 200 553560 "-" "Python-urllib/3.11"
77.79.248.229 - - [21/May/2025:02:58:56 +0200] "GET /Jurek/sovapl/feeds/sovapl_manoES.xml HTTP/1.1" 200 8999927 "-" "Python-urllib/3.11"
77.79.248.229 - - [21/May/2025:02:58:56 +0200] "GET /Jurek/missionair/feeds/missionair_manoES.xml HTTP/1.1" 200 3154882 "-" "Python-urllib/3.11"
77.79.248.229 - - [21/May/2025:02:58:59 +0200] "GET /Jurek/apresto/feeds/apresto_manoES.xml HTTP/1.1" 200 1327618 "-" "Python-urllib/3.11"
51.77.52.107 - - [21/May/2025:02:59:10 +0200] "GET /Jurek/eurofirany/images/461254/0.jpg HTTP/2.0" 200 83230 "-" "baselinker"
51.77.52.107 - - [21/May/2025:02:59:29 +0200] "GET /Jurek/eurofirany/images/461254/0.jpg HTTP/2.0" 200 83230 "-" "baselinker"
51.77.52.107 - - [21/May/2025:02:59:51 +0200] "GET /Jurek/eurofirany/images/461255/0.jpg HTTP/2.0" 200 120984 "-" "baselinker"
35.204.39.32 - - [21/May/2025:03:00:15 +0200] "GET /marketplaces/carrefour_fr/results/carrefour_fr.csv HTTP/1.1" 200 147219 "-" "Mirakl HttpClient"
51.77.52.107 - - [21/May/2025:03:00:15 +0200] "GET /Jurek/eurofirany/images/461255/0.jpg HTTP/2.0" 200 120984 "-" "baselinker"
51.77.52.107 - - [21/May/2025:03:00:21 +0200] "GET /Jurek/eurofirany/images/461255/0.jpg HTTP/2.0" 200 120984 "-" "baselinker"
51.77.52.107 - - [21/May/2025:03:00:28 +0200] "GET /Jurek/eurofirany/images/466880/0.jpg HTTP/2.0" 200 87028 "-" "baselinker"
52.18.22.0 - - [21/May/2025:03:00:33 +0200] "GET /marketplaces/ubaldi/results/ubaldi.csv HTTP/1.1" 200 147219 "-" "Mirakl HttpClient"
51.77.52.107 - - [21/May/2025:03:00:33 +0200] "GET /Jurek/eurofirany/images/466880/0.jpg HTTP/2.0" 200 87028 "-" "baselinker"
51.77.52.107 - - [21/May/2025:03:00:38 +0200] "GET /Jurek/eurofirany/images/466880/0.jpg HTTP/2.0" 200 87028 "-" "baselinker"
51.77.52.107 - - [21/May/2025:03:00:48 +0200] "GET /Jurek/eurofirany/images/452758/0.jpg HTTP/2.0" 200 90441 "-" "baselinker"
51.77.52.107 - - [21/May/2025:03:01:07 +0200] "GET /Jurek/eurofirany/images/452758/0.jpg HTTP/2.0" 200 90441 "-" "baselinker"
35.204.39.32 - - [21/May/2025:03:01:08 +0200] "GET /marketplaces/vente/results/vente_nl.csv HTTP/1.1" 200 147219 "-" "Mirakl HttpClient"
35.204.39.32 - - [21/May/2025:03:01:08 +0200] "GET /marketplaces/vente/results/vente_fr.csv HTTP/1.1" 200 147219 "-" "Mirakl HttpClient"
35.204.39.32 - - [21/May/2025:03:01:08 +0200] "GET /marketplaces/vente/results/vente_be.csv HTTP/1.1" 200 147219 "-" "Mirakl HttpClient"
35.204.39.32 - - [21/May/2025:03:01:08 +0200] "GET /marketplaces/vente/results/vente_it.csv HTTP/1.1" 200 147219 "-" "Mirakl HttpClient"
35.204.39.32 - - [21/May/2025:03:01:08 +0200] "GET /marketplaces/vente/results/vente_es.csv HTTP/1.1" 200 147219 "-" "Mirakl HttpClient"
35.204.39.32 - - [21/May/2025:03:01:08 +0200] "GET /marketplaces/vente/results/vente_de.csv HTTP/1.1" 200 147219 "-" "Mirakl HttpClient"
46.101.116.244 - - [21/May/2025:03:01:09 +0200] "GET /Jurek/kinghoff/feeds/kinghoff_kauflandde.xml HTTP/2.0" 200 15592872 "-" "-"
51.77.52.107 - - [21/May/2025:03:01:29 +0200] "GET /Jurek/eurofirany/images/452758/0.jpg HTTP/2.0" 200 90441 "-" "baselinker"
46.101.116.244 - - [21/May/2025:03:01:37 +0200] "GET /Jurek/unimet/feeds/unimet_kauflandde.xml HTTP/2.0" 200 61138688 "-" "-"
51.77.52.107 - - [21/May/2025:03:01:54 +0200] "GET /Jurek/eurofirany/images/465191/0.jpg HTTP/2.0" 200 81433 "-" "baselinker"
51.77.52.107 - - [21/May/2025:03:02:00 +0200] "GET /Jurek/eurofirany/images/465191/0.jpg HTTP/2.0" 200 81433 "-" "baselinker"
85.232.241.194 - - [21/May/2025:03:02:14 +0200] "GET /Jurek/kobi/feeds/kobi_vente_fr.xml HTTP/1.1" 200 942944 "-" "Python-urllib/3.11"
51.77.52.107 - - [21/May/2025:03:02:22 +0200] "GET /Jurek/eurofirany/images/465191/0.jpg HTTP/2.0" 200 81433 "-" "baselinker"
85.232.241.194 - - [21/May/2025:03:02:27 +0200] "GET /Jurek/topeshop/feeds/topeshop_vente_fr.xml HTTP/1.1" 200 2988397 "-" "Python-urllib/3.11"
85.232.241.194 - - [21/May/2025:03:02:28 +0200] "GET /Jurek/fernity/feeds/fernity_vente_fr.xml HTTP/1.1" 200 3095523 "-" "Python-urllib/3.11"
51.77.52.107 - - [21/May/2025:03:02:29 +0200] "GET /Jurek/eurofirany/images/465195/0.jpg HTTP/2.0" 200 81897 "-" "baselinker"
85.232.241.194 - - [21/May/2025:03:02:33 +0200] "GET /Jurek/kinghome/feeds/kinghome_vente_fr.xml HTTP/1.1" 200 5623318 "-" "Python-urllib/3.11"
85.232.241.194 - - [21/May/2025:03:02:33 +0200] "GET /Jurek/emibig/feeds/emibig_vente_fr.xml HTTP/1.1" 200 2522418 "-" "Python-urllib/3.11"
85.232.241.194 - - [21/May/2025:03:02:33 +0200] "GET /Jurek/b3/feeds/b3_vente_fr.xml HTTP/1.1" 200 8079690 "-" "Python-urllib/3.11"
51.77.52.107 - - [21/May/2025:03:02:35 +0200] "GET /Jurek/eurofirany/images/465195/0.jpg HTTP/2.0" 200 81897 "-" "baselinker"
51.77.52.107 - - [21/May/2025:03:02:38 +0200] "GET /Jurek/eurofirany/images/465195/0.jpg HTTP/2.0" 200 81897 "-" "baselinker"
85.232.241.194 - - [21/May/2025:03:02:40 +0200] "GET /Jurek/aw/feeds/aw_vente_fr.xml HTTP/1.1" 200 65275348 "-" "Python-urllib/3.11"
51.77.52.107 - - [21/May/2025:03:02:45 +0200] "GET /Jurek/eurofirany/images/465207/0.jpg HTTP/2.0" 200 53276 "-" "baselinker"
51.77.52.107 - - [21/May/2025:03:02:54 +0200] "GET /Jurek/eurofirany/images/465207/0.jpg HTTP/2.0" 200 53276 "-" "baselinker"
52.18.22.0 - - [21/May/2025:03:02:56 +0200] "GET /marketplaces/rue/results/rue.csv HTTP/1.1" 200 147219 "-" "Mirakl HttpClient"
85.232.241.194 - - [21/May/2025:03:03:06 +0200] "GET /Jurek/asortymenteu/feeds/asortymenteu_vente_fr.xml HTTP/1.1" 200 2858200 "-" "Python-urllib/3.11"
85.232.241.194 - - [21/May/2025:03:03:06 +0200] "GET /Jurek/hurtownia_przemyslowa/feeds/hp_vente_fr.xml HTTP/1.1" 200 49361964 "-" "Python-urllib/3.11"
51.77.52.107 - - [21/May/2025:03:03:07 +0200] "GET /Jurek/eurofirany/images/465207/0.jpg HTTP/2.0" 200 53276 "-" "baselinker"
51.77.52.107 - - [21/May/2025:03:03:15 +0200] "GET /Jurek/eurofirany/images/465245/0.jpg HTTP/2.0" 200 78642 "-" "baselinker"
89.161.206.59 - - [21/May/2025:03:03:18 +0200] "GET /Jurek/benetech/feeds/benetech_skroutz.xml HTTP/1.0" 200 2686430 "-" "-"
89.161.206.59 - - [21/May/2025:03:03:24 +0200] "GET /Jurek/hdwr/feeds/hdwr_skroutz.xml HTTP/1.0" 200 777084 "-" "-"
89.161.206.59 - - [21/May/2025:03:03:28 +0200] "GET /Jurek/ikonka/feeds/ikonka_skroutz.xml HTTP/1.0" 200 20836071 "-" "-"
51.77.52.107 - - [21/May/2025:03:03:36 +0200] "GET /Jurek/eurofirany/images/465245/0.jpg HTTP/2.0" 200 78642 "-" "baselinker"
89.161.206.59 - - [21/May/2025:03:03:38 +0200] "GET /Jurek/sempler/feeds/sempler_skroutz.xml HTTP/1.0" 200 6779211 "-" "-"
52.209.168.113 - - [21/May/2025:03:03:38 +0200] "GET /marketplaces/carrefour/results/carrefour.csv HTTP/1.1" 200 147221 "-" "Mirakl HttpClient"
89.161.206.59 - - [21/May/2025:03:03:39 +0200] "GET /Jurek/targethome/feeds/targethome_skroutz.xml HTTP/1.0" 200 688626 "-" "-"
51.77.52.107 - - [21/May/2025:03:03:42 +0200] "GET /Jurek/eurofirany/images/465245/0.jpg HTTP/2.0" 200 78642 "-" "baselinker"
51.77.52.107 - - [21/May/2025:03:03:51 +0200] "GET /Jurek/eurofirany/images/465188/0.jpg HTTP/2.0" 200 73881 "-" "baselinker"
51.77.52.107 - - [21/May/2025:03:03:57 +0200] "GET /Jurek/eurofirany/images/465188/0.jpg HTTP/2.0" 200 73881 "-" "baselinker"
51.77.52.107 - - [21/May/2025:03:04:03 +0200] "GET /Jurek/eurofirany/images/465188/0.jpg HTTP/2.0" 200 73881 "-" "baselinker"
89.161.206.59 - - [21/May/2025:03:04:19 +0200] "GET /Jurek/kobi/feeds/kobi_cdsc.xml HTTP/1.0" 200 544074 "-" "-"
89.161.206.59 - - [21/May/2025:03:04:19 +0200] "GET /Jurek/hurtmeblowy/feeds/hurtmeblowy_cdsc.xml HTTP/1.0" 200 5248685 "-" "-"
51.77.52.107 - - [21/May/2025:03:04:21 +0200] "GET /Jurek/eurofirany/images/466925/0.jpg HTTP/2.0" 200 94310 "-" "baselinker"
89.161.206.59 - - [21/May/2025:03:04:21 +0200] "GET /Jurek/cdata/feeds/cdata_cdsc.xml HTTP/1.0" 200 1865837 "-" "-"
89.161.206.59 - - [21/May/2025:03:04:22 +0200] "GET /Jurek/drewdon/feeds/drewdon_cdsc.xml HTTP/1.0" 200 483676 "-" "-"
89.161.206.59 - - [21/May/2025:03:04:22 +0200] "GET /Jurek/dekoele/feeds/dekoele_cdsc.xml HTTP/1.0" 200 478906 "-" "-"
89.161.206.59 - - [21/May/2025:03:04:22 +0200] "GET /Jurek/amzteam/feeds/amzteam_cdsc.xml HTTP/1.0" 200 145375 "-" "-"
89.161.206.59 - - [21/May/2025:03:04:24 +0200] "GET /Jurek/playcob/feeds/playcob_cdsc.xml HTTP/1.0" 200 6624644 "-" "-"
89.161.206.59 - - [21/May/2025:03:04:25 +0200] "GET /Jurek/elavia/feeds/elavia_cdsc.xml HTTP/1.0" 200 2085756 "-" "-"
89.161.206.59 - - [21/May/2025:03:04:26 +0200] "GET /Jurek/princelh/feeds/princelh_cdsc.xml HTTP/1.0" 200 123625 "-" "-"
89.161.206.59 - - [21/May/2025:03:04:26 +0200] "GET /Jurek/proparts/feeds/proparts_cdsc.xml HTTP/1.0" 200 556003 "-" "-"
89.161.206.59 - - [21/May/2025:03:04:27 +0200] "GET /Jurek/muminky/feeds/muminky_cdsc.xml HTTP/1.0" 200 2935832 "-" "-"
89.161.206.59 - - [21/May/2025:03:04:27 +0200] "GET /Jurek/nexus/feeds/nexus_cdsc.xml HTTP/1.0" 200 325903 "-" "-"
89.161.206.59 - - [21/May/2025:03:04:27 +0200] "GET /Jurek/alucon/feeds/alucon_cdsc.xml HTTP/1.0" 200 378661 "-" "-"
89.161.206.59 - - [21/May/2025:03:04:28 +0200] "GET /Jurek/equalo/feeds/equalo_cdsc.xml HTTP/1.0" 200 134206 "-" "-"
89.161.206.59 - - [21/May/2025:03:04:28 +0200] "GET /Jurek/techrebalina/feeds/techrebalina_cdsc.xml HTTP/1.0" 200 1363226 "-" "-"
89.161.206.59 - - [21/May/2025:03:04:29 +0200] "GET /Jurek/smxdesign/feeds/smxdesign_cdsc.xml HTTP/1.0" 200 1154228 "-" "-"
89.161.206.59 - - [21/May/2025:03:04:30 +0200] "GET /Jurek/techrebal/feeds/techrebal_cdsc.xml HTTP/1.0" 200 1423355 "-" "-"
89.161.206.59 - - [21/May/2025:03:04:30 +0200] "GET /Jurek/broers/feeds/broers_cdsc.xml HTTP/1.0" 200 2303305 "-" "-"
89.161.206.59 - - [21/May/2025:03:04:30 +0200] "GET /Jurek/nonabox/feeds/nonabox_cdsc.xml HTTP/1.0" 200 39043 "-" "-"
89.161.206.59 - - [21/May/2025:03:04:31 +0200] "GET /Jurek/zenex/feeds/zenex_cdsc.xml HTTP/1.0" 200 540181 "-" "-"
89.161.206.59 - - [21/May/2025:03:04:32 +0200] "GET /Jurek/avenido/feeds/avenido_cdsc.xml HTTP/1.0" 200 449226 "-" "-"
89.161.206.59 - - [21/May/2025:03:04:32 +0200] "GET /Jurek/filmal/feeds/filmal_cdsc.xml HTTP/1.0" 200 105876 "-" "-"
89.161.206.59 - - [21/May/2025:03:04:32 +0200] "GET /Jurek/filmal/feeds/filmal_cdsc.xml HTTP/1.0" 200 105876 "-" "-"
89.161.206.59 - - [21/May/2025:03:04:32 +0200] "GET /Jurek/takapara/feeds/takapara_cdsc.xml HTTP/1.0" 200 1398936 "-" "-"
89.161.206.59 - - [21/May/2025:03:04:32 +0200] "GET /Jurek/takapara/feeds/takapara_cdsc.xml HTTP/1.0" 200 1398936 "-" "-"
89.161.206.59 - - [21/May/2025:03:04:34 +0200] "GET /Jurek/riko/feeds/riko_cdsc.xml HTTP/1.0" 200 3649110 "-" "-"
89.161.206.59 - - [21/May/2025:03:04:34 +0200] "GET /Jurek/riko/feeds/riko_cdsc.xml HTTP/1.0" 200 3649110 "-" "-"
89.161.206.59 - - [21/May/2025:03:04:35 +0200] "GET /Jurek/carbonyway/feeds/carbonyway_cdsc.xml HTTP/1.0" 200 2759378 "-" "-"
89.161.206.59 - - [21/May/2025:03:04:35 +0200] "GET /Jurek/carbonyway/feeds/carbonyway_cdsc.xml HTTP/1.0" 200 2759378 "-" "-"
51.77.52.107 - - [21/May/2025:03:04:35 +0200] "GET /Jurek/eurofirany/images/466925/0.jpg HTTP/2.0" 200 94310 "-" "baselinker"
89.161.206.59 - - [21/May/2025:03:04:35 +0200] "GET /Jurek/ikonka/feeds/ikonka_cdsc.xml HTTP/1.0" 200 20836018 "-" "-"
89.161.206.59 - - [21/May/2025:03:04:35 +0200] "GET /Jurek/ikonka/feeds/ikonka_cdsc.xml HTTP/1.0" 200 20836018 "-" "-"
89.161.206.59 - - [21/May/2025:03:04:38 +0200] "GET /Jurek/artdog/feeds/artdog_cdsc.xml HTTP/1.0" 200 17921661 "-" "-"
46.101.116.244 - - [21/May/2025:03:04:38 +0200] "GET /Jurek/hurtownia_przemyslowa/feeds/hp_kaufde.xml HTTP/2.0" 200 49359642 "-" "-"
51.77.52.107 - - [21/May/2025:03:04:41 +0200] "GET /Jurek/eurofirany/images/466925/0.jpg HTTP/2.0" 200 94310 "-" "baselinker"
51.77.52.107 - - [21/May/2025:03:04:55 +0200] "GET /Jurek/eurofirany/images/466940/0.jpg HTTP/2.0" 200 116807 "-" "baselinker"
51.77.52.107 - - [21/May/2025:03:05:00 +0200] "GET /Jurek/eurofirany/images/466940/0.jpg HTTP/2.0" 200 116807 "-" "baselinker"
89.161.206.59 - - [21/May/2025:03:05:00 +0200] "GET /Jurek/fernity/feeds/fernity_skroutz.xml HTTP/1.0" 200 4601935 "-" "-"
46.101.116.244 - - [21/May/2025:03:05:09 +0200] "GET /Jurek/piotrmiedz/feeds/piotrmiedz_mallsi.xml HTTP/2.0" 200 91044838 "-" "-"
85.232.241.194 - - [21/May/2025:03:05:09 +0200] "GET /Jurek/kobi/feeds/kobi_vente_be.xml HTTP/1.1" 200 942941 "-" "Python-urllib/3.11"
51.77.52.107 - - [21/May/2025:03:05:12 +0200] "GET /Jurek/eurofirany/images/466940/0.jpg HTTP/2.0" 200 116807 "-" "baselinker"
89.161.206.59 - - [21/May/2025:03:05:16 +0200] "GET /Jurek/activeshop/feeds/activeshop_skroutz.xml HTTP/1.0" 200 6619621 "-" "-"
85.232.241.194 - - [21/May/2025:03:05:22 +0200] "GET /Jurek/topeshop/feeds/topeshop_vente_be.xml HTTP/1.1" 200 2988427 "-" "Python-urllib/3.11"
85.232.241.194 - - [21/May/2025:03:05:22 +0200] "GET /Jurek/fernity/feeds/fernity_vente_be.xml HTTP/1.1" 200 3095333 "-" "Python-urllib/3.11"
85.232.241.194 - - [21/May/2025:03:05:22 +0200] "GET /Jurek/kinghome/feeds/kinghome_vente_be.xml HTTP/1.1" 200 5623192 "-" "Python-urllib/3.11"
85.232.241.194 - - [21/May/2025:03:05:22 +0200] "GET /Jurek/emibig/feeds/emibig_vente_be.xml HTTP/1.1" 200 2522249 "-" "Python-urllib/3.11"
85.232.241.194 - - [21/May/2025:03:05:22 +0200] "GET /Jurek/b3/feeds/b3_vente_be.xml HTTP/1.1" 200 8079605 "-" "Python-urllib/3.11"
51.77.52.107 - - [21/May/2025:03:05:23 +0200] "GET /Jurek/eurofirany/images/463314/0.jpg HTTP/2.0" 200 124383 "-" "baselinker"
85.232.241.194 - - [21/May/2025:03:05:27 +0200] "GET /Jurek/aw/feeds/aw_vente_be.xml HTTP/1.1" 200 65274915 "-" "Python-urllib/3.11"
46.101.116.244 - - [21/May/2025:03:05:30 +0200] "GET /Jurek/beliani/feeds/beliani_skroutz.xml HTTP/1.0" 200 30008371 "-" "-"
85.232.241.194 - - [21/May/2025:03:05:34 +0200] "GET /Jurek/asortymenteu/feeds/asortymenteu_vente_be.xml HTTP/1.1" 200 2858187 "-" "Python-urllib/3.11"
85.232.241.194 - - [21/May/2025:03:05:39 +0200] "GET /Jurek/hurtownia_przemyslowa/feeds/hp_vente_be.xml HTTP/1.1" 200 49361288 "-" "Python-urllib/3.11"
51.77.52.107 - - [21/May/2025:03:05:43 +0200] "GET /Jurek/eurofirany/images/463314/0.jpg HTTP/2.0" 200 124383 "-" "baselinker"
51.77.52.107 - - [21/May/2025:03:05:49 +0200] "GET /Jurek/eurofirany/images/463314/0.jpg HTTP/2.0" 200 124383 "-" "baselinker"
51.77.52.107 - - [21/May/2025:03:05:58 +0200] "GET /Jurek/eurofirany/images/463460/0.jpg HTTP/2.0" 200 117133 "-" "baselinker"
46.101.116.244 - - [21/May/2025:03:06:01 +0200] "GET /Jurek/broers/feeds/broers_mallsigs.xml HTTP/2.0" 200 1982507 "-" "-"
46.101.116.244 - - [21/May/2025:03:06:12 +0200] "GET /Jurek/cdata/feeds/cdata_mallsigs.xml HTTP/2.0" 200 1445140 "-" "-"
46.101.116.244 - - [21/May/2025:03:06:22 +0200] "GET /Jurek/elavia/feeds/elavia_mallsigs.xml HTTP/2.0" 200 2497292 "-" "-"
46.101.116.244 - - [21/May/2025:03:06:33 +0200] "GET /Jurek/filmal/feeds/filmal_mallsigs.xml HTTP/2.0" 200 139276 "-" "-"
51.77.52.107 - - [21/May/2025:03:06:37 +0200] "GET /Jurek/eurofirany/images/463460/0.jpg HTTP/2.0" 200 117133 "-" "baselinker"
46.101.116.244 - - [21/May/2025:03:06:43 +0200] "GET /Jurek/jakdroz/feeds/jakdroz_mallsigs.xml HTTP/2.0" 200 4090008 "-" "-"
51.77.52.107 - - [21/May/2025:03:06:44 +0200] "GET /Jurek/eurofirany/images/463460/0.jpg HTTP/2.0" 200 117133 "-" "baselinker"
46.101.116.244 - - [21/May/2025:03:06:54 +0200] "GET /Jurek/kristronik/feeds/kristronik_mallsigs.xml HTTP/2.0" 200 691987 "-" "-"
51.77.52.107 - - [21/May/2025:03:07:03 +0200] "GET /Jurek/eurofirany/images/463461/0.jpg HTTP/2.0" 200 105932 "-" "baselinker"
46.101.116.244 - - [21/May/2025:03:07:05 +0200] "GET /Jurek/nonabox/feeds/nonabox_mallsigs.xml HTTP/2.0" 200 33863 "-" "-"
46.101.116.244 - - [21/May/2025:03:07:15 +0200] "GET /Jurek/omi/feeds/omi_mallsigs.xml HTTP/2.0" 200 8100726 "-" "-"
89.161.206.59 - - [21/May/2025:03:07:16 +0200] "GET /Jurek/ikonka/feeds/ikonka_ebayde.xml HTTP/1.0" 200 7010875 "-" "-"
51.77.52.107 - - [21/May/2025:03:07:22 +0200] "GET /Jurek/eurofirany/images/463461/0.jpg HTTP/2.0" 200 105932 "-" "baselinker"
46.101.116.244 - - [21/May/2025:03:07:26 +0200] "GET /Jurek/proparts/feeds/proparts_mallsigs.xml HTTP/2.0" 200 707480 "-" "-"
51.77.52.107 - - [21/May/2025:03:07:28 +0200] "GET /Jurek/eurofirany/images/463461/0.jpg HTTP/2.0" 200 105932 "-" "baselinker"
89.161.206.59 - - [21/May/2025:03:07:31 +0200] "GET /Jurek/maksik/feeds/maksik_skroutz.xml HTTP/1.0" 200 4084799 "-" "-"
85.232.241.194 - - [21/May/2025:03:07:32 +0200] "GET /Jurek/kobi/feeds/kobi_vente_es.xml HTTP/1.1" 200 942915 "-" "Python-urllib/3.11"
89.161.206.59 - - [21/May/2025:03:07:37 +0200] "GET /Jurek/smxdesign/feeds/smxdesign_skroutz.xml HTTP/1.0" 200 1828983 "-" "-"
89.161.206.59 - - [21/May/2025:03:07:39 +0200] "GET /Jurek/princelh/feeds/princelh_skroutz.xml HTTP/1.0" 200 133435 "-" "-"
89.161.206.59 - - [21/May/2025:03:07:40 +0200] "GET /Jurek/proparts/feeds/proparts_skroutz.xml HTTP/1.0" 200 707497 "-" "-"
89.161.206.59 - - [21/May/2025:03:07:45 +0200] "GET /Jurek/kristronik/feeds/kristronik_skroutz.xml HTTP/1.0" 200 691990 "-" "-"
85.232.241.194 - - [21/May/2025:03:07:45 +0200] "GET /Jurek/topeshop/feeds/topeshop_vente_es.xml HTTP/1.1" 200 2988441 "-" "Python-urllib/3.11"
85.232.241.194 - - [21/May/2025:03:07:46 +0200] "GET /Jurek/fernity/feeds/fernity_vente_es.xml HTTP/1.1" 200 3095439 "-" "Python-urllib/3.11"
85.232.241.194 - - [21/May/2025:03:07:46 +0200] "GET /Jurek/kinghome/feeds/kinghome_vente_es.xml HTTP/1.1" 200 5623413 "-" "Python-urllib/3.11"
85.232.241.194 - - [21/May/2025:03:07:46 +0200] "GET /Jurek/emibig/feeds/emibig_vente_es.xml HTTP/1.1" 200 2522555 "-" "Python-urllib/3.11"
51.77.52.107 - - [21/May/2025:03:07:50 +0200] "GET /Jurek/eurofirany/images/463463/0.jpg HTTP/2.0" 200 119076 "-" "baselinker"
46.101.116.244 - - [21/May/2025:03:07:50 +0200] "GET /Jurek/snibbs/feeds/snibbs_mallsigs.xml HTTP/2.0" 200 74399 "-" "-"
85.232.241.194 - - [21/May/2025:03:07:51 +0200] "GET /Jurek/b3/feeds/b3_vente_es.xml HTTP/1.1" 200 8079796 "-" "Python-urllib/3.11"
85.232.241.194 - - [21/May/2025:03:07:52 +0200] "GET /Jurek/aw/feeds/aw_vente_es.xml HTTP/1.1" 200 65277067 "-" "Python-urllib/3.11"
46.101.116.244 - - [21/May/2025:03:08:13 +0200] "GET /Jurek/techrebal/feeds/techrebal_mallsigs.xml HTTP/2.0" 200 1989734 "-" "-"
51.77.52.107 - - [21/May/2025:03:08:14 +0200] "GET /Jurek/eurofirany/images/463463/0.jpg HTTP/2.0" 200 119076 "-" "baselinker"
85.232.241.194 - - [21/May/2025:03:08:18 +0200] "GET /Jurek/asortymenteu/feeds/asortymenteu_vente_es.xml HTTP/1.1" 200 2858216 "-" "Python-urllib/3.11"
51.77.52.107 - - [21/May/2025:03:08:20 +0200] "GET /Jurek/eurofirany/images/463463/0.jpg HTTP/2.0" 200 119076 "-" "baselinker"
46.101.116.244 - - [21/May/2025:03:08:24 +0200] "GET /Jurek/techrebalina/feeds/techrebalina_mallsigs.xml HTTP/2.0" 200 2011208 "-" "-"
85.232.241.194 - - [21/May/2025:03:08:24 +0200] "GET /Jurek/hurtownia_przemyslowa/feeds/hp_vente_es.xml HTTP/1.1" 200 49362004 "-" "Python-urllib/3.11"
51.77.52.107 - - [21/May/2025:03:08:26 +0200] "GET /Jurek/eurofirany/images/463465/0.jpg HTTP/2.0" 200 107791 "-" "baselinker"
89.161.206.59 - - [21/May/2025:03:08:33 +0200] "GET /Jurek/eoptimo/feeds/eoptimo_skroutz.xml HTTP/1.0" 200 2094330 "-" "-"
46.101.116.244 - - [21/May/2025:03:08:46 +0200] "GET /Jurek/maksik/feeds/maksik_mallsi.xml HTTP/2.0" 200 4084761 "-" "-"
51.77.52.107 - - [21/May/2025:03:08:47 +0200] "GET /Jurek/eurofirany/images/463465/0.jpg HTTP/2.0" 200 107791 "-" "baselinker"
51.77.52.107 - - [21/May/2025:03:08:53 +0200] "GET /Jurek/eurofirany/images/463465/0.jpg HTTP/2.0" 200 107791 "-" "baselinker"
46.101.116.244 - - [21/May/2025:03:08:57 +0200] "GET /Jurek/andex/feeds/andex_mallsi.xml HTTP/2.0" 200 1953406 "-" "-"
51.77.52.107 - - [21/May/2025:03:09:00 +0200] "GET /Jurek/eurofirany/images/463467/0.jpg HTTP/2.0" 200 130399 "-" "baselinker"
46.101.116.244 - - [21/May/2025:03:09:07 +0200] "GET /Jurek/german/feeds/german_mallsi.xml HTTP/2.0" 200 2853572 "-" "-"
51.77.52.107 - - [21/May/2025:03:09:10 +0200] "GET /Jurek/eurofirany/images/463467/0.jpg HTTP/2.0" 200 130399 "-" "baselinker"
89.161.206.59 - - [21/May/2025:03:09:11 +0200] "GET /Jurek/carbonyway/feeds/carbonyway_skroutz.xml HTTP/1.0" 200 3075977 "-" "-"
89.161.206.59 - - [21/May/2025:03:09:11 +0200] "GET /Jurek/jakdroz/feeds/jakdroz_skroutz.xml HTTP/1.0" 200 1894290 "-" "-"
89.161.206.59 - - [21/May/2025:03:09:12 +0200] "GET /Jurek/filmal/feeds/filmal_skroutz.xml HTTP/1.0" 200 139273 "-" "-"
89.161.206.59 - - [21/May/2025:03:09:13 +0200] "GET /Jurek/jakdroz/feeds/jakdroz_skroutz.xml HTTP/1.0" 200 1894290 "-" "-"
89.161.206.59 - - [21/May/2025:03:09:14 +0200] "GET /Jurek/riko/feeds/riko_skr.xml HTTP/1.0" 200 3784985 "-" "-"
89.161.206.59 - - [21/May/2025:03:09:15 +0200] "GET /Jurek/tsjerzy/feeds/tsjerzy_skr.xml HTTP/1.0" 200 3840962 "-" "-"
89.161.206.59 - - [21/May/2025:03:09:16 +0200] "GET /Jurek/sebmart/feeds/sebmart_skr.xml HTTP/1.0" 200 1598728 "-" "-"
51.77.52.107 - - [21/May/2025:03:09:16 +0200] "GET /Jurek/eurofirany/images/463467/0.jpg HTTP/2.0" 200 130399 "-" "baselinker"
89.161.206.59 - - [21/May/2025:03:09:17 +0200] "GET /Jurek/harmonypost/feeds/harmonypost_skr.xml HTTP/1.0" 200 39903565 "-" "-"
46.101.116.244 - - [21/May/2025:03:09:19 +0200] "GET /Jurek/aw/feeds/awnarzedzia_skroutz.xml HTTP/1.0" 200 64352664 "-" "-"
46.101.116.244 - - [21/May/2025:03:09:30 +0200] "GET /Jurek/maksik/feeds/maksik_mallsi.xml HTTP/2.0" 200 4084761 "-" "-"
51.77.52.107 - - [21/May/2025:03:09:40 +0200] "GET /Jurek/eurofirany/images/45593/0.jpg HTTP/2.0" 200 154993 "-" "baselinker"
46.101.116.244 - - [21/May/2025:03:09:40 +0200] "GET /Jurek/smxdesign/feeds/smxdesign_mallsi.xml HTTP/2.0" 200 1829005 "-" "-"
51.77.52.107 - - [21/May/2025:03:10:00 +0200] "GET /Jurek/eurofirany/images/45593/0.jpg HTTP/2.0" 200 154993 "-" "baselinker"
46.101.116.244 - - [21/May/2025:03:10:01 +0200] "GET /Jurek/alucon/feeds/alucon_mallsi.xml HTTP/2.0" 200 553569 "-" "-"
46.101.116.244 - - [21/May/2025:03:10:11 +0200] "GET /Jurek/evil/feeds/evil_mallsi.xml HTTP/2.0" 200 306389 "-" "-"
51.77.52.107 - - [21/May/2025:03:10:16 +0200] "GET /Jurek/eurofirany/images/45593/0.jpg HTTP/2.0" 200 154993 "-" "baselinker"
46.101.116.244 - - [21/May/2025:03:10:22 +0200] "GET /Jurek/hlo/feeds/hlo_mallsi.xml HTTP/2.0" 200 4838671 "-" "-"
46.101.116.244 - - [21/May/2025:03:10:32 +0200] "GET /Jurek/lgbtshop/feeds/lgbtshop_mallsi.xml HTTP/2.0" 200 219253 "-" "-"
51.77.52.107 - - [21/May/2025:03:10:34 +0200] "GET /Jurek/eurofirany/images/389957/0.jpg HTTP/2.0" 200 199278 "-" "baselinker"
85.232.241.194 - - [21/May/2025:03:10:42 +0200] "GET /Jurek/kobi/feeds/kobi_vente_it.xml HTTP/1.1" 200 942939 "-" "Python-urllib/3.11"
46.101.116.244 - - [21/May/2025:03:10:43 +0200] "GET /Jurek/madrex/feeds/madrex_mallsi.xml HTTP/2.0" 200 466713 "-" "-"
51.77.52.107 - - [21/May/2025:03:10:49 +0200] "GET /Jurek/eurofirany/images/389957/0.jpg HTTP/2.0" 200 199278 "-" "baselinker"
46.101.116.244 - - [21/May/2025:03:10:53 +0200] "GET /Jurek/motofan/feeds/motofan_mallsi.xml HTTP/2.0" 200 2392155 "-" "-"
85.232.241.194 - - [21/May/2025:03:10:55 +0200] "GET /Jurek/topeshop/feeds/topeshop_vente_it.xml HTTP/1.1" 200 2988412 "-" "Python-urllib/3.11"
85.232.241.194 - - [21/May/2025:03:10:55 +0200] "GET /Jurek/fernity/feeds/fernity_vente_it.xml HTTP/1.1" 200 3095440 "-" "Python-urllib/3.11"
85.232.241.194 - - [21/May/2025:03:10:55 +0200] "GET /Jurek/kinghome/feeds/kinghome_vente_it.xml HTTP/1.1" 200 5623362 "-" "Python-urllib/3.11"
85.232.241.194 - - [21/May/2025:03:10:56 +0200] "GET /Jurek/emibig/feeds/emibig_vente_it.xml HTTP/1.1" 200 2522440 "-" "Python-urllib/3.11"
85.232.241.194 - - [21/May/2025:03:11:01 +0200] "GET /Jurek/b3/feeds/b3_vente_it.xml HTTP/1.1" 200 8079731 "-" "Python-urllib/3.11"
85.232.241.194 - - [21/May/2025:03:11:01 +0200] "GET /Jurek/aw/feeds/aw_vente_it.xml HTTP/1.1" 200 65276185 "-" "Python-urllib/3.11"
89.161.206.59 - - [21/May/2025:03:11:02 +0200] "GET /Jurek/artdog/feeds/artdog_amazonbe.xml HTTP/1.0" 200 17158741 "-" "-"
46.101.116.244 - - [21/May/2025:03:11:03 +0200] "GET /Jurek/najtanszysport/feeds/najtanszysport_mallsi.xml HTTP/2.0" 200 3983154 "-" "-"
51.77.52.107 - - [21/May/2025:03:11:09 +0200] "GET /Jurek/eurofirany/images/389957/0.jpg HTTP/2.0" 200 199278 "-" "baselinker"
46.101.116.244 - - [21/May/2025:03:11:14 +0200] "GET /Jurek/nexus/feeds/nexus_mallsi.xml HTTP/2.0" 200 226610 "-" "-"
46.101.116.244 - - [21/May/2025:03:11:24 +0200] "GET /Jurek/playcob/feeds/playcob_mallsi.xml HTTP/2.0" 200 6980158 "-" "-"
51.77.52.107 - - [21/May/2025:03:11:25 +0200] "GET /Jurek/eurofirany/images/389970/0.jpg HTTP/2.0" 200 186061 "-" "baselinker"
46.101.116.244 - - [21/May/2025:03:11:35 +0200] "GET /Jurek/zepnij/feeds/zepnij_mallsi.xml HTTP/2.0" 200 19522728 "-" "-"
85.232.241.194 - - [21/May/2025:03:11:41 +0200] "GET /Jurek/asortymenteu/feeds/asortymenteu_vente_it.xml HTTP/1.1" 200 2858177 "-" "Python-urllib/3.11"
89.161.206.59 - - [21/May/2025:03:11:44 +0200] "GET /Jurek/eurofirany/feeds/eurofirany_skroutz.xml HTTP/1.0" 200 18394742 "-" "-"
46.101.116.244 - - [21/May/2025:03:11:46 +0200] "GET /Jurek/cbdgreen/feeds/cbdgreen_mallsi.xml HTTP/2.0" 200 50541 "-" "-"
85.232.241.194 - - [21/May/2025:03:11:47 +0200] "GET /Jurek/hurtownia_przemyslowa/feeds/hp_vente_it.xml HTTP/1.1" 200 49361672 "-" "Python-urllib/3.11"
51.77.52.107 - - [21/May/2025:03:11:49 +0200] "GET /Jurek/eurofirany/images/389970/0.jpg HTTP/2.0" 200 186061 "-" "baselinker"
46.101.116.244 - - [21/May/2025:03:11:57 +0200] "GET /Jurek/dekornatort/feeds/dekornatort_mallsi.xml HTTP/2.0" 200 225749 "-" "-"
46.101.116.244 - - [21/May/2025:03:12:07 +0200] "GET /Jurek/globaldeli/feeds/globaldeli_mallsi.xml HTTP/2.0" 200 2590906 "-" "-"
51.77.52.107 - - [21/May/2025:03:12:15 +0200] "GET /Jurek/eurofirany/images/389970/0.jpg HTTP/2.0" 200 186061 "-" "baselinker"
46.101.116.244 - - [21/May/2025:03:12:28 +0200] "GET /Jurek/lendo/feeds/lendo_mallsi.xml HTTP/2.0" 200 330394 "-" "-"
51.77.52.107 - - [21/May/2025:03:12:33 +0200] "GET /Jurek/eurofirany/images/439360/0.jpg HTTP/2.0" 200 77707 "-" "baselinker"
5.134.208.158 - - [21/May/2025:03:12:44 +0200] "GET /Jurek/eurofirany/images/430647/0.jpg HTTP/1.1" 206 256 "https://www.ceneo.pl" "Mozilla/5.0 (Windows NT 10.0; Win64; x64) AppleWebKit/537.36 (KHTML, like Gecko) Chrome/87.0.4280.141 Safari/537.36"
51.77.52.107 - - [21/May/2025:03:12:53 +0200] "GET /Jurek/eurofirany/images/439360/0.jpg HTTP/2.0" 200 77707 "-" "baselinker"
51.77.52.107 - - [21/May/2025:03:13:09 +0200] "GET /Jurek/eurofirany/images/439360/0.jpg HTTP/2.0" 200 77707 "-" "baselinker"
51.77.52.107 - - [21/May/2025:03:13:26 +0200] "GET /Jurek/eurofirany/images/450314/0.jpg HTTP/2.0" 200 74442 "-" "baselinker"
51.77.52.107 - - [21/May/2025:03:13:43 +0200] "GET /Jurek/eurofirany/images/450314/0.jpg HTTP/2.0" 200 74442 "-" "baselinker"
46.101.116.244 - - [21/May/2025:03:13:58 +0200] "GET /Jurek/topeshop/feeds/topeshop_skr.xml HTTP/1.0" 200 878007 "-" "-"
51.77.52.107 - - [21/May/2025:03:13:58 +0200] "GET /Jurek/eurofirany/images/450314/0.jpg HTTP/2.0" 200 74442 "-" "baselinker"
85.232.241.194 - - [21/May/2025:03:14:01 +0200] "GET /Jurek/kobi/feeds/kobi_vente_ne.xml HTTP/1.1" 200 942936 "-" "Python-urllib/3.11"
46.101.116.244 - - [21/May/2025:03:14:06 +0200] "GET /Jurek/fernity/feeds/fernity_cdiscount.xml HTTP/1.0" 200 3149955 "-" "-"
46.101.116.244 - - [21/May/2025:03:14:13 +0200] "GET /Jurek/barbecook/feeds/barbecook_allegro.xml HTTP/1.0" 200 87554 "-" "-"
85.232.241.194 - - [21/May/2025:03:14:14 +0200] "GET /Jurek/topeshop/feeds/topeshop_vente_ne.xml HTTP/1.1" 200 2988398 "-" "Python-urllib/3.11"
51.77.52.107 - - [21/May/2025:03:14:14 +0200] "GET /Jurek/eurofirany/images/461024/0.jpg HTTP/2.0" 200 74381 "-" "baselinker"
85.232.241.194 - - [21/May/2025:03:14:14 +0200] "GET /Jurek/fernity/feeds/fernity_vente_ne.xml HTTP/1.1" 200 3095301 "-" "Python-urllib/3.11"
85.232.241.194 - - [21/May/2025:03:14:14 +0200] "GET /Jurek/kinghome/feeds/kinghome_vente_ne.xml HTTP/1.1" 200 5623229 "-" "Python-urllib/3.11"
85.232.241.194 - - [21/May/2025:03:14:14 +0200] "GET /Jurek/emibig/feeds/emibig_vente_ne.xml HTTP/1.1" 200 2522247 "-" "Python-urllib/3.11"
85.232.241.194 - - [21/May/2025:03:14:15 +0200] "GET /Jurek/b3/feeds/b3_vente_nl.xml HTTP/1.1" 200 8079560 "-" "Python-urllib/3.11"
46.101.116.244 - - [21/May/2025:03:14:17 +0200] "GET /Jurek/vida_morele/feeds/vidaPL_velomarket_category0.xml HTTP/1.0" 200 159533784 "-" "-"
85.232.241.194 - - [21/May/2025:03:14:21 +0200] "GET /Jurek/aw/feeds/aw_vente_nl.xml HTTP/1.1" 200 65274993 "-" "Python-urllib/3.11"
46.101.116.244 - - [21/May/2025:03:14:26 +0200] "GET /Jurek/vida_morele/feeds/vidaPL_velomarket_category2.xml HTTP/1.0" 200 53733593 "-" "-"
51.77.52.107 - - [21/May/2025:03:14:30 +0200] "GET /Jurek/eurofirany/images/461024/0.jpg HTTP/2.0" 200 74381 "-" "baselinker"
46.101.116.244 - - [21/May/2025:03:14:32 +0200] "GET /Jurek/vida_morele/feeds/vidaPL_velomarket_category1.xml HTTP/1.0" 200 189733788 "-" "-"
85.232.241.194 - - [21/May/2025:03:14:40 +0200] "GET /Jurek/asortymenteu/feeds/asortymenteu_vente_nl.xml HTTP/1.1" 200 2858178 "-" "Python-urllib/3.11"
85.232.241.194 - - [21/May/2025:03:14:41 +0200] "GET /Jurek/hurtownia_przemyslowa/feeds/hp_vente_nl.xml HTTP/1.1" 200 49361456 "-" "Python-urllib/3.11"
46.101.116.244 - - [21/May/2025:03:14:41 +0200] "GET /Jurek/vida_morele/feeds/vidaPL_velomarket_category3.xml HTTP/1.0" 200 60247612 "-" "-"
89.161.206.59 - - [21/May/2025:03:14:42 +0200] "GET /Jurek/asortymenteu/feeds/asortymenteu_skroutz_great.xml HTTP/1.0" 200 2763553 "-" "-"
51.77.52.107 - - [21/May/2025:03:14:49 +0200] "GET /Jurek/eurofirany/images/461024/0.jpg HTTP/2.0" 200 74381 "-" "baselinker"
51.77.52.107 - - [21/May/2025:03:15:22 +0200] "GET /Jurek/eurofirany/images/458150/0.jpg HTTP/2.0" 200 67615 "-" "baselinker"
51.77.52.107 - - [21/May/2025:03:15:41 +0200] "GET /Jurek/eurofirany/images/458150/0.jpg HTTP/2.0" 200 67615 "-" "baselinker"
51.77.52.107 - - [21/May/2025:03:15:56 +0200] "GET /Jurek/eurofirany/images/458150/0.jpg HTTP/2.0" 200 67615 "-" "baselinker"
51.77.52.107 - - [21/May/2025:03:16:18 +0200] "GET /Jurek/eurofirany/images/457471/0.jpg HTTP/2.0" 200 116015 "-" "baselinker"
46.101.116.244 - - [21/May/2025:03:16:21 +0200] "GET /Jurek/naszedzieci/feeds/naszedzieci_mallsi.xml HTTP/2.0" 200 833172423 "-" "-"
51.77.52.107 - - [21/May/2025:03:16:37 +0200] "GET /Jurek/eurofirany/images/457471/0.jpg HTTP/2.0" 200 116015 "-" "baselinker"
85.232.241.194 - - [21/May/2025:03:16:48 +0200] "GET /Jurek/kobi/feeds/kobi_vente_de.xml HTTP/1.1" 200 942912 "-" "Python-urllib/3.11"
51.77.52.107 - - [21/May/2025:03:16:51 +0200] "GET /Jurek/eurofirany/images/457471/0.jpg HTTP/2.0" 200 116015 "-" "baselinker"
85.232.241.194 - - [21/May/2025:03:17:01 +0200] "GET /Jurek/topeshop/feeds/topeshop_vente_de.xml HTTP/1.1" 200 2988316 "-" "Python-urllib/3.11"
85.232.241.194 - - [21/May/2025:03:17:01 +0200] "GET /Jurek/fernity/feeds/fernity_vente_de.xml HTTP/1.1" 200 3095313 "-" "Python-urllib/3.11"
85.232.241.194 - - [21/May/2025:03:17:01 +0200] "GET /Jurek/kinghome/feeds/kinghome_vente_de.xml HTTP/1.1" 200 5623203 "-" "Python-urllib/3.11"
85.232.241.194 - - [21/May/2025:03:17:01 +0200] "GET /Jurek/emibig/feeds/emibig_vente_de.xml HTTP/1.1" 200 2522294 "-" "Python-urllib/3.11"
85.232.241.194 - - [21/May/2025:03:17:06 +0200] "GET /Jurek/b3/feeds/b3_vente_de.xml HTTP/1.1" 200 8079473 "-" "Python-urllib/3.11"
85.232.241.194 - - [21/May/2025:03:17:06 +0200] "GET /Jurek/aw/feeds/aw_vente_de.xml HTTP/1.1" 200 65274699 "-" "Python-urllib/3.11"
51.77.52.107 - - [21/May/2025:03:17:08 +0200] "GET /Jurek/eurofirany/images/463558/0.jpg HTTP/2.0" 200 121703 "-" "baselinker"
85.232.241.194 - - [21/May/2025:03:17:25 +0200] "GET /Jurek/asortymenteu/feeds/asortymenteu_vente_de.xml HTTP/1.1" 200 2858152 "-" "Python-urllib/3.11"
85.232.241.194 - - [21/May/2025:03:17:25 +0200] "GET /Jurek/hurtownia_przemyslowa/feeds/hp_vente_de.xml HTTP/1.1" 200 49361270 "-" "Python-urllib/3.11"
51.77.52.107 - - [21/May/2025:03:17:29 +0200] "GET /Jurek/eurofirany/images/463558/0.jpg HTTP/2.0" 200 121703 "-" "baselinker"
51.77.52.107 - - [21/May/2025:03:17:46 +0200] "GET /Jurek/eurofirany/images/463558/0.jpg HTTP/2.0" 200 121703 "-" "baselinker"
51.77.52.107 - - [21/May/2025:03:18:47 +0200] "GET /Jurek/eurofirany/images/459277/0.jpg HTTP/2.0" 200 87966 "-" "baselinker"
51.77.52.107 - - [21/May/2025:03:18:54 +0200] "GET /Jurek/eurofirany/images/459277/0.jpg HTTP/2.0" 200 87966 "-" "baselinker"
51.77.52.107 - - [21/May/2025:03:18:59 +0200] "GET /Jurek/eurofirany/images/459277/0.jpg HTTP/2.0" 200 87966 "-" "baselinker"
51.77.52.107 - - [21/May/2025:03:19:03 +0200] "GET /Jurek/eurofirany/images/459321/0.jpg HTTP/2.0" 200 96975 "-" "baselinker"
51.77.52.107 - - [21/May/2025:03:19:20 +0200] "GET /Jurek/eurofirany/images/459321/0.jpg HTTP/2.0" 200 96975 "-" "baselinker"
89.161.206.59 - - [21/May/2025:03:19:26 +0200] "GET /Jurek/swiatecznygoliat/feeds/swiatecznygoliat_skroutz.xml HTTP/1.0" 200 6878427 "-" "-"
51.77.52.107 - - [21/May/2025:03:19:26 +0200] "GET /Jurek/eurofirany/images/459321/0.jpg HTTP/2.0" 200 96975 "-" "baselinker"
51.77.52.107 - - [21/May/2025:03:19:43 +0200] "GET /Jurek/eurofirany/images/459326/0.jpg HTTP/2.0" 200 135803 "-" "baselinker"
51.77.52.107 - - [21/May/2025:03:19:49 +0200] "GET /Jurek/eurofirany/images/459326/0.jpg HTTP/2.0" 200 135803 "-" "baselinker"
51.77.52.107 - - [21/May/2025:03:19:54 +0200] "GET /Jurek/eurofirany/images/459326/0.jpg HTTP/2.0" 200 135803 "-" "baselinker"
51.77.52.107 - - [21/May/2025:03:20:00 +0200] "GET /Jurek/eurofirany/images/466453/0.jpg HTTP/2.0" 200 126352 "-" "baselinker"
51.77.52.107 - - [21/May/2025:03:20:19 +0200] "GET /Jurek/eurofirany/images/466453/0.jpg HTTP/2.0" 200 126352 "-" "baselinker"
51.77.52.107 - - [21/May/2025:03:20:36 +0200] "GET /Jurek/eurofirany/images/466453/0.jpg HTTP/2.0" 200 126352 "-" "baselinker"
51.77.52.107 - - [21/May/2025:03:20:55 +0200] "GET /Jurek/eurofirany/images/466454/0.jpg HTTP/2.0" 200 140547 "-" "baselinker"
51.77.52.107 - - [21/May/2025:03:21:10 +0200] "GET /Jurek/eurofirany/images/466454/0.jpg HTTP/2.0" 200 140547 "-" "baselinker"
51.77.52.107 - - [21/May/2025:03:21:26 +0200] "GET /Jurek/eurofirany/images/466454/0.jpg HTTP/2.0" 200 140547 "-" "baselinker"
46.101.116.244 - - [21/May/2025:03:21:33 +0200] "GET /Jurek/reman/feeds/reman_mallsi.xml HTTP/2.0" 200 1394825 "-" "-"
46.101.116.244 - - [21/May/2025:03:21:44 +0200] "GET /Jurek/sartrix/feeds/sartrix_mallsi.xml HTTP/2.0" 200 649181 "-" "-"
51.77.52.107 - - [21/May/2025:03:21:45 +0200] "GET /Jurek/eurofirany/images/466455/0.jpg HTTP/2.0" 200 103752 "-" "baselinker"
46.101.116.244 - - [21/May/2025:03:21:55 +0200] "GET /Jurek/szpaklampy/feeds/szpaklampy_mallsi.xml HTTP/2.0" 200 388202 "-" "-"
46.101.116.244 - - [21/May/2025:03:22:05 +0200] "GET /Jurek/benetech/feeds/benetech_mallsi.xml HTTP/2.0" 200 4165408 "-" "-"
51.77.52.107 - - [21/May/2025:03:22:07 +0200] "GET /Jurek/eurofirany/images/466455/0.jpg HTTP/2.0" 200 103752 "-" "baselinker"
85.232.241.194 - - [21/May/2025:03:22:15 +0200] "GET /Jurek/action/feeds/action_ubaldi.xml HTTP/1.1" 200 58390335 "-" "Python-urllib/3.11"
46.101.116.244 - - [21/May/2025:03:22:16 +0200] "GET /Jurek/dekoele/feeds/dekoele_mallsi.xml HTTP/2.0" 200 733936 "-" "-"
51.77.52.107 - - [21/May/2025:03:22:25 +0200] "GET /Jurek/eurofirany/images/466455/0.jpg HTTP/2.0" 200 103752 "-" "baselinker"
46.101.116.244 - - [21/May/2025:03:22:26 +0200] "GET /Jurek/drewdon/feeds/drewdon_mallsi.xml HTTP/2.0" 200 504447 "-" "-"
46.101.116.244 - - [21/May/2025:03:22:36 +0200] "GET /Jurek/emaja24/feeds/emaja24_mallsi.xml HTTP/2.0" 200 5102035 "-" "-"
51.77.52.107 - - [21/May/2025:03:22:43 +0200] "GET /Jurek/eurofirany/images/463559/0.jpg HTTP/2.0" 200 121705 "-" "baselinker"
46.101.116.244 - - [21/May/2025:03:22:51 +0200] "GET /Jurek/muminky/feeds/muminky_mallsi.xml HTTP/2.0" 200 2677676 "-" "-"
51.77.52.107 - - [21/May/2025:03:22:58 +0200] "GET /Jurek/eurofirany/images/463559/0.jpg HTTP/2.0" 200 121705 "-" "baselinker"
85.232.241.194 - - [21/May/2025:03:23:01 +0200] "GET /Jurek/hurtownia_przemyslowa/feeds/hp_ubaldi.xml HTTP/1.1" 200 49361670 "-" "Python-urllib/3.11"
46.101.116.244 - - [21/May/2025:03:23:01 +0200] "GET /Jurek/pupus/feeds/pupus_mallsi.xml HTTP/2.0" 200 6154587 "-" "-"
85.232.241.194 - - [21/May/2025:03:23:06 +0200] "GET /Jurek/aw/feeds/aw_ubaldi.xml HTTP/1.1" 200 65278022 "-" "Python-urllib/3.11"
46.101.116.244 - - [21/May/2025:03:23:13 +0200] "GET /Jurek/erohurtownia/feeds/erohurtownia_mallsi.xml HTTP/2.0" 200 22846610 "-" "-"
51.77.52.107 - - [21/May/2025:03:23:17 +0200] "GET /Jurek/eurofirany/images/463559/0.jpg HTTP/2.0" 200 121705 "-" "baselinker"
89.161.206.59 - - [21/May/2025:03:23:19 +0200] "GET /Jurek/waks/feeds/waks_emagro.xml HTTP/1.0" 200 1598638 "-" "-"
89.161.206.59 - - [21/May/2025:03:23:24 +0200] "GET /Jurek/fertone/feeds/fertone_emagro.xml HTTP/1.0" 200 583985 "-" "-"
89.161.206.59 - - [21/May/2025:03:23:27 +0200] "GET /Jurek/galopi/feeds/galopi_skroutz.xml HTTP/1.0" 200 2111099 "-" "-"
89.161.206.59 - - [21/May/2025:03:23:29 +0200] "GET /Jurek/edruk/feeds/edruk_emagro.xml HTTP/1.0" 200 14151334 "-" "-"
46.101.116.244 - - [21/May/2025:03:23:29 +0200] "GET /Jurek/oromed/feeds/oromed_mallsi.xml HTTP/2.0" 200 1244870 "-" "-"
51.77.52.107 - - [21/May/2025:03:23:33 +0200] "GET /Jurek/eurofirany/images/463503/0.jpg HTTP/2.0" 200 136518 "-" "baselinker"
89.161.206.59 - - [21/May/2025:03:23:34 +0200] "GET /Jurek/madrex/feeds/madrex_emagro.xml HTTP/1.0" 200 466715 "-" "-"
89.161.206.59 - - [21/May/2025:03:23:38 +0200] "GET /Jurek/sternhoff/feeds/sternhoff_emagro.xml HTTP/1.0" 200 1775476 "-" "-"
85.232.241.194 - - [21/May/2025:03:23:40 +0200] "GET /Jurek/intsell/feeds/intsell_rue.xml HTTP/1.1" 200 342009695 "-" "Python-urllib/3.11"
85.232.241.194 - - [21/May/2025:03:23:40 +0200] "GET /Jurek/ekuchcikowo/feeds/ekuchcikowo_rue.xml HTTP/1.1" 200 12471062 "-" "Python-urllib/3.11"
51.77.52.107 - - [21/May/2025:03:23:41 +0200] "GET /Jurek/eurofirany/images/463503/0.jpg HTTP/2.0" 200 136518 "-" "baselinker"
89.161.206.59 - - [21/May/2025:03:23:42 +0200] "GET /Jurek/globaldeli/feeds/globaldeli_emagro.xml HTTP/1.0" 200 2590918 "-" "-"
51.77.52.107 - - [21/May/2025:03:23:50 +0200] "GET /Jurek/eurofirany/images/463503/0.jpg HTTP/2.0" 200 136518 "-" "baselinker"
89.161.206.59 - - [21/May/2025:03:23:54 +0200] "GET /Jurek/hlo/feeds/hlo_emagro.xml HTTP/1.0" 200 4838786 "-" "-"
46.101.116.244 - - [21/May/2025:03:23:55 +0200] "GET /Jurek/urwiskowo/feeds/urwiskowo_mallsi.xml HTTP/2.0" 200 9115018 "-" "-"
51.77.52.107 - - [21/May/2025:03:23:57 +0200] "GET /Jurek/eurofirany/images/463507/0.jpg HTTP/2.0" 200 142910 "-" "baselinker"
89.161.206.59 - - [21/May/2025:03:23:58 +0200] "GET /Jurek/luxma/feeds/luxma_emagro.xml HTTP/1.0" 200 8059142 "-" "-"
89.161.206.59 - - [21/May/2025:03:24:02 +0200] "GET /Jurek/zenga/feeds/zenga_emagro.xml HTTP/1.0" 200 222863 "-" "-"
51.77.52.107 - - [21/May/2025:03:24:03 +0200] "GET /Jurek/eurofirany/images/463507/0.jpg HTTP/2.0" 200 142910 "-" "baselinker"
89.161.206.59 - - [21/May/2025:03:24:06 +0200] "GET /Jurek/oknobest/feeds/oknobest_emagro.xml HTTP/1.0" 200 2708613 "-" "-"
85.232.241.194 - - [21/May/2025:03:24:06 +0200] "GET /Jurek/naszedzieci/feeds/naszedzieci_ubaldi.xml HTTP/1.1" 200 833168061 "-" "Python-urllib/3.11"
85.232.241.194 - - [21/May/2025:03:24:07 +0200] "GET /Jurek/kidshop/feeds/kidshop_ubaldi.xml HTTP/1.1" 200 19850637 "-" "Python-urllib/3.11"
46.101.116.244 - - [21/May/2025:03:24:07 +0200] "GET /Jurek/eroplace/feeds/eroplace_mallsi.xml HTTP/2.0" 200 52134946 "-" "-"
85.232.241.194 - - [21/May/2025:03:24:07 +0200] "GET /Jurek/kobi/feeds/kobi_ubaldi.xml HTTP/1.1" 200 1993095 "-" "Python-urllib/3.11"
51.77.52.107 - - [21/May/2025:03:24:10 +0200] "GET /Jurek/eurofirany/images/463507/0.jpg HTTP/2.0" 200 142910 "-" "baselinker"
85.232.241.194 - - [21/May/2025:03:24:14 +0200] "GET /Jurek/najtanszysport/feeds/najtanszysport_ubaldi.xml HTTP/1.1" 200 3983243 "-" "Python-urllib/3.11"
51.77.52.107 - - [21/May/2025:03:24:16 +0200] "GET /Jurek/eurofirany/images/463510/0.jpg HTTP/2.0" 200 158812 "-" "baselinker"
85.232.241.194 - - [21/May/2025:03:24:19 +0200] "GET /Jurek/luxma/feeds/luxma_ubaldi.xml HTTP/1.1" 200 8058615 "-" "Python-urllib/3.11"
85.232.241.194 - - [21/May/2025:03:24:20 +0200] "GET /Jurek/kristronik/feeds/kristronik_ubaldi.xml HTTP/1.1" 200 691980 "-" "Python-urllib/3.11"
85.232.241.194 - - [21/May/2025:03:24:20 +0200] "GET /Jurek/rider/feeds/rider_ubaldi.xml HTTP/1.1" 200 8165152 "-" "Python-urllib/3.11"
85.232.241.194 - - [21/May/2025:03:24:20 +0200] "GET /Jurek/broers/feeds/broers_ubaldi.xml HTTP/1.1" 200 1982599 "-" "Python-urllib/3.11"
85.232.241.194 - - [21/May/2025:03:24:20 +0200] "GET /Jurek/straganbiur/feeds/straganbiur_ubaldi.xml HTTP/1.1" 200 8893044 "-" "Python-urllib/3.11"
46.101.116.244 - - [21/May/2025:03:24:26 +0200] "GET /Jurek/bass_new/feeds/bass_mallsi.xml HTTP/2.0" 200 7040764 "-" "-"
85.232.241.194 - - [21/May/2025:03:24:27 +0200] "GET /Jurek/b3/feeds/b3_ubaldi.xml HTTP/1.1" 200 8079771 "-" "Python-urllib/3.11"
85.232.241.194 - - [21/May/2025:03:24:27 +0200] "GET /Jurek/kinghoff/feeds/kinghoff_ubaldi.xml HTTP/1.1" 200 15593064 "-" "Python-urllib/3.11"
85.232.241.194 - - [21/May/2025:03:24:27 +0200] "GET /Jurek/topeshop/feeds/topeshop_ubaldi.xml HTTP/1.1" 200 2988399 "-" "Python-urllib/3.11"
51.77.52.107 - - [21/May/2025:03:24:32 +0200] "GET /Jurek/eurofirany/images/463510/0.jpg HTTP/2.0" 200 158812 "-" "baselinker"
85.232.241.194 - - [21/May/2025:03:24:32 +0200] "GET /Jurek/sempler/feeds/sempler_ubaldi.xml HTTP/1.1" 200 6787943 "-" "Python-urllib/3.11"
85.232.241.194 - - [21/May/2025:03:24:33 +0200] "GET /Jurek/asortymenteu/feeds/asortymenteu_ubaldi.xml HTTP/1.1" 200 2858222 "-" "Python-urllib/3.11"
85.232.241.194 - - [21/May/2025:03:24:33 +0200] "GET /Jurek/aw/feeds/aw_worten.xml HTTP/1.1" 200 65276548 "-" "Python-urllib/3.11"
85.232.241.194 - - [21/May/2025:03:24:33 +0200] "GET /Jurek/hlo/feeds/hlo_ubaldi.xml HTTP/1.1" 200 4837703 "-" "Python-urllib/3.11"
85.232.241.194 - - [21/May/2025:03:24:33 +0200] "GET /Jurek/elavia/feeds/elavia_ubaldi.xml HTTP/1.1" 200 2497290 "-" "Python-urllib/3.11"
85.232.241.194 - - [21/May/2025:03:24:33 +0200] "GET /Jurek/aw/feeds/aw_wortenES.xml HTTP/1.1" 200 65276664 "-" "Python-urllib/3.11"
85.232.241.194 - - [21/May/2025:03:24:33 +0200] "GET /Jurek/cdata/feeds/cdata_ubaldi.xml HTTP/1.1" 200 1445141 "-" "Python-urllib/3.11"
46.101.116.244 - - [21/May/2025:03:24:37 +0200] "GET /Jurek/ekuchcikowo/feeds/ekuchcikowo_mallsi.xml HTTP/2.0" 200 12470959 "-" "-"
85.232.241.194 - - [21/May/2025:03:24:40 +0200] "GET /Jurek/action/feeds/action_worten.xml HTTP/1.1" 200 58390946 "-" "Python-urllib/3.11"
85.232.241.194 - - [21/May/2025:03:24:40 +0200] "GET /Jurek/cenoman/feeds/cenoman_ubaldi.xml HTTP/1.1" 200 5993069 "-" "Python-urllib/3.11"
85.232.241.194 - - [21/May/2025:03:24:40 +0200] "GET /Jurek/kamar/feeds/kamar_ubaldi.xml HTTP/1.1" 200 25550248 "-" "Python-urllib/3.11"
85.232.241.194 - - [21/May/2025:03:24:40 +0200] "GET /Jurek/action/feeds/action_wortenES.xml HTTP/1.1" 200 58389191 "-" "Python-urllib/3.11"
85.232.241.194 - - [21/May/2025:03:24:40 +0200] "GET /Jurek/avenido/feeds/avenido_ubaldi.xml HTTP/1.1" 200 720112 "-" "Python-urllib/3.11"
85.232.241.194 - - [21/May/2025:03:24:40 +0200] "GET /Jurek/zenex/feeds/zenex_ubaldi.xml HTTP/1.1" 200 540167 "-" "Python-urllib/3.11"
85.232.241.194 - - [21/May/2025:03:24:46 +0200] "GET /Jurek/makow/feeds/makow_ubaldi.xml HTTP/1.1" 200 21203595 "-" "Python-urllib/3.11"
51.77.52.107 - - [21/May/2025:03:24:47 +0200] "GET /Jurek/eurofirany/images/463510/0.jpg HTTP/2.0" 200 158812 "-" "baselinker"
46.101.116.244 - - [21/May/2025:03:24:48 +0200] "GET /Jurek/sempler/feeds/sempler_mallsi.xml HTTP/2.0" 200 6788013 "-" "-"
51.77.52.107 - - [21/May/2025:03:24:54 +0200] "GET /Jurek/eurofirany/images/463512/0.jpg HTTP/2.0" 200 132589 "-" "baselinker"
85.232.241.194 - - [21/May/2025:03:25:06 +0200] "GET /Jurek/apresto/feeds/apresto_ubaldi.xml HTTP/1.1" 200 1327679 "-" "Python-urllib/3.11"
89.161.206.59 - - [21/May/2025:03:25:06 +0200] "GET /Jurek/ekuchcikowo/feeds/ekuchcikowo_skroutz.xml HTTP/1.0" 200 12414593 "-" "-"
85.232.241.194 - - [21/May/2025:03:25:06 +0200] "GET /Jurek/carbonyway/feeds/carbonyway_ubaldi.xml HTTP/1.1" 200 3075920 "-" "Python-urllib/3.11"
85.232.241.194 - - [21/May/2025:03:25:07 +0200] "GET /Jurek/awparts/feeds/awparts_ubaldi.xml HTTP/1.1" 200 142300475 "-" "Python-urllib/3.11"
51.77.52.107 - - [21/May/2025:03:25:11 +0200] "GET /Jurek/eurofirany/images/463512/0.jpg HTTP/2.0" 200 132589 "-" "baselinker"
85.232.241.194 - - [21/May/2025:03:25:13 +0200] "GET /Jurek/kalama/feeds/kalama_ubaldi.xml HTTP/1.1" 200 2661775 "-" "Python-urllib/3.11"
85.232.241.194 - - [21/May/2025:03:25:13 +0200] "GET /Jurek/bloomglow/feeds/bloomglow_ubaldi.xml HTTP/1.1" 200 14095399 "-" "Python-urllib/3.11"
85.232.241.194 - - [21/May/2025:03:25:13 +0200] "GET /Jurek/zbimatyja/feeds/zbimatyja_ubaldi.xml HTTP/1.1" 200 11670154 "-" "Python-urllib/3.11"
51.77.52.107 - - [21/May/2025:03:25:19 +0200] "GET /Jurek/eurofirany/images/463512/0.jpg HTTP/2.0" 200 132589 "-" "baselinker"
