66.135.223.44 - - [21/May/2025:09:39:39 +0200] "GET /Jurek/topeshop/downloaded_images/5904507200367_wizualizacja.jpg HTTP/1.1" 200 65961 "http://www.ebay.com/" "Mozilla/5.0 (Windows NT 10.0; Win64; x64) AppleWebKit/537.36 (KHTML, like Gecko) Chrome/123.0.0.0 Safari/537.36"
66.135.223.42 - - [21/May/2025:09:39:39 +0200] "GET /Jurek/topeshop/downloaded_images/5904507200367_3--.jpg HTTP/1.1" 200 52014 "http://www.ebay.com/" "Mozilla/5.0 (Windows NT 10.0; Win64; x64) AppleWebKit/537.36 (KHTML, like Gecko) Chrome/123.0.0.0 Safari/537.36"
66.135.223.43 - - [21/May/2025:09:39:39 +0200] "GET /Jurek/topeshop/downloaded_images/5904507200367_biel.png HTTP/1.1" 200 102179 "http://www.ebay.com/" "Mozilla/5.0 (Windows NT 10.0; Win64; x64) AppleWebKit/537.36 (KHTML, like Gecko) Chrome/123.0.0.0 Safari/537.36"
66.135.223.42 - - [21/May/2025:09:39:39 +0200] "GET /Jurek/topeshop/downloaded_images/5904507200367_BILBAO7(3).jpg HTTP/1.1" 404 3551 "http://www.ebay.com/" "Mozilla/5.0 (Windows NT 10.0; Win64; x64) AppleWebKit/537.36 (KHTML, like Gecko) Chrome/123.0.0.0 Safari/537.36"
66.135.223.42 - - [21/May/2025:09:39:39 +0200] "GET /Jurek/topeshop/downloaded_images/5904507200367_BILBAO7(4).jpg HTTP/1.1" 404 3551 "http://www.ebay.com/" "Mozilla/5.0 (Windows NT 10.0; Win64; x64) AppleWebKit/537.36 (KHTML, like Gecko) Chrome/123.0.0.0 Safari/537.36"
66.135.223.42 - - [21/May/2025:09:39:39 +0200] "GET /Jurek/topeshop/downloaded_images/5904507200367_BILBAO7(1).jpg HTTP/1.1" 404 3551 "http://www.ebay.com/" "Mozilla/5.0 (Windows NT 10.0; Win64; x64) AppleWebKit/537.36 (KHTML, like Gecko) Chrome/123.0.0.0 Safari/537.36"
51.77.52.107 - - [21/May/2025:09:39:47 +0200] "GET /Jurek/eurofirany/images/472097/0.jpg HTTP/2.0" 200 81419 "-" "baselinker"
51.77.52.107 - - [21/May/2025:09:40:05 +0200] "GET /Jurek/eurofirany/images/472098/0.jpg HTTP/2.0" 200 95773 "-" "baselinker"
51.77.52.107 - - [21/May/2025:09:40:24 +0200] "GET /Jurek/eurofirany/images/472098/0.jpg HTTP/2.0" 200 95773 "-" "baselinker"
77.79.248.229 - - [21/May/2025:09:40:39 +0200] "GET /Jurek/kinghoff/feeds/kinghoff_SkroutzGR.xml HTTP/1.1" 200 14868922 "-" "Python-urllib/3.11"
77.79.248.229 - - [21/May/2025:09:40:40 +0200] "GET /Jurek/aw/feeds/awnarzedzia_skroutz.xml HTTP/1.1" 200 89736004 "-" "Python-urllib/3.11"
51.77.52.107 - - [21/May/2025:09:40:40 +0200] "GET /Jurek/eurofirany/images/472098/0.jpg HTTP/2.0" 200 95773 "-" "baselinker"
77.79.248.229 - - [21/May/2025:09:40:40 +0200] "GET /Jurek/eurofirany/feeds/eurofirany_skroutz.xml HTTP/1.1" 200 18397926 "-" "Python-urllib/3.11"
77.79.248.229 - - [21/May/2025:09:40:41 +0200] "GET /Jurek/fernity/feeds/fernity_skroutz.xml HTTP/1.1" 200 4601934 "-" "Python-urllib/3.11"
51.77.52.107 - - [21/May/2025:09:41:00 +0200] "GET /Jurek/eurofirany/images/371453/0.jpg HTTP/2.0" 200 16503 "-" "baselinker"
51.77.52.107 - - [21/May/2025:09:41:20 +0200] "GET /Jurek/eurofirany/images/371453/0.jpg HTTP/2.0" 200 16503 "-" "baselinker"
51.77.52.107 - - [21/May/2025:09:41:26 +0200] "GET /Jurek/eurofirany/images/371453/0.jpg HTTP/2.0" 200 16503 "-" "baselinker"
51.77.52.107 - - [21/May/2025:09:41:31 +0200] "GET /Jurek/eurofirany/images/371450/0.jpg HTTP/2.0" 200 16502 "-" "baselinker"
51.77.52.107 - - [21/May/2025:09:41:47 +0200] "GET /Jurek/eurofirany/images/371450/0.jpg HTTP/2.0" 200 16502 "-" "baselinker"
51.77.52.107 - - [21/May/2025:09:41:52 +0200] "GET /Jurek/eurofirany/images/371450/0.jpg HTTP/2.0" 200 16502 "-" "baselinker"
51.77.52.107 - - [21/May/2025:09:42:08 +0200] "GET /Jurek/eurofirany/images/371451/0.jpg HTTP/2.0" 200 87119 "-" "baselinker"
66.135.223.43 - - [21/May/2025:09:42:14 +0200] "GET /Jurek/topeshop/downloaded_images/5904507207441_20st_mijas_Lewy_open_niebieski.png HTTP/1.1" 404 3551 "http://www.ebay.com/" "Mozilla/5.0 (Windows NT 10.0; Win64; x64) AppleWebKit/537.36 (KHTML, like Gecko) Chrome/123.0.0.0 Safari/537.36"
66.135.223.44 - - [21/May/2025:09:42:14 +0200] "GET /Jurek/topeshop/downloaded_images/5904507207441_Front_mijas_Lewy_niebieski.png HTTP/1.1" 404 3551 "http://www.ebay.com/" "Mozilla/5.0 (Windows NT 10.0; Win64; x64) AppleWebKit/537.36 (KHTML, like Gecko) Chrome/123.0.0.0 Safari/537.36"
66.135.223.40 - - [21/May/2025:09:42:14 +0200] "GET /Jurek/topeshop/downloaded_images/5904507207441_mijas_niebieski.jpg HTTP/1.1" 200 126677 "http://www.ebay.com/" "Mozilla/5.0 (Windows NT 10.0; Win64; x64) AppleWebKit/537.36 (KHTML, like Gecko) Chrome/123.0.0.0 Safari/537.36"
66.135.223.44 - - [21/May/2025:09:42:15 +0200] "GET /Jurek/topeshop/downloaded_images/5904507207441_20st_mijas_lewy_niebieskikopia.png HTTP/1.1" 200 251031 "http://www.ebay.com/" "Mozilla/5.0 (Windows NT 10.0; Win64; x64) AppleWebKit/537.36 (KHTML, like Gecko) Chrome/123.0.0.0 Safari/537.36"
51.77.52.107 - - [21/May/2025:09:42:27 +0200] "GET /Jurek/eurofirany/images/371451/0.jpg HTTP/2.0" 200 87119 "-" "baselinker"
51.77.52.107 - - [21/May/2025:09:42:51 +0200] "GET /Jurek/eurofirany/images/371451/0.jpg HTTP/2.0" 200 87119 "-" "baselinker"
51.77.52.107 - - [21/May/2025:09:42:59 +0200] "GET /Jurek/eurofirany/images/371452/0.jpg HTTP/2.0" 200 16502 "-" "baselinker"
89.161.206.59 - - [21/May/2025:09:43:07 +0200] "GET /Jurek/eurofirany/feeds/eurofirany_manomanofr.xml HTTP/1.0" 200 18843736 "-" "-"
51.77.52.107 - - [21/May/2025:09:43:19 +0200] "GET /Jurek/eurofirany/images/371452/0.jpg HTTP/2.0" 200 16502 "-" "baselinker"
51.77.52.107 - - [21/May/2025:09:43:47 +0200] "GET /Jurek/eurofirany/images/371452/0.jpg HTTP/2.0" 200 16502 "-" "baselinker"
51.77.52.107 - - [21/May/2025:09:44:10 +0200] "GET /Jurek/eurofirany/images/371455/0.jpg HTTP/2.0" 200 16503 "-" "baselinker"
51.77.52.107 - - [21/May/2025:09:44:29 +0200] "GET /Jurek/eurofirany/images/371455/0.jpg HTTP/2.0" 200 16503 "-" "baselinker"
46.101.116.244 - - [21/May/2025:09:44:31 +0200] "GET /Jurek/b3/feeds/b3_alza.xml HTTP/2.0" 200 8084455 "-" "-"
51.77.52.107 - - [21/May/2025:09:44:51 +0200] "GET /Jurek/eurofirany/images/371455/0.jpg HTTP/2.0" 200 16503 "-" "baselinker"
46.101.116.244 - - [21/May/2025:09:44:55 +0200] "GET /Jurek/action/feeds/action_alza.xml HTTP/2.0" 200 58428970 "-" "-"
51.77.52.107 - - [21/May/2025:09:45:14 +0200] "GET /Jurek/eurofirany/images/468967/0.jpg HTTP/2.0" 200 61344 "-" "baselinker"
51.77.52.107 - - [21/May/2025:09:45:34 +0200] "GET /Jurek/eurofirany/images/468967/0.jpg HTTP/2.0" 200 61344 "-" "baselinker"
51.77.52.107 - - [21/May/2025:09:45:39 +0200] "GET /Jurek/eurofirany/images/468967/0.jpg HTTP/2.0" 200 61344 "-" "baselinker"
89.161.206.59 - - [21/May/2025:09:45:43 +0200] "GET /Jurek/hdwr/feeds/hdwr_amazonde.xml HTTP/1.0" 200 789424 "-" "-"
89.161.206.59 - - [21/May/2025:09:45:43 +0200] "GET /Jurek/hdwr/feeds/hdwr_amazonfr.xml HTTP/1.0" 200 789433 "-" "-"
89.161.206.59 - - [21/May/2025:09:45:43 +0200] "GET /Jurek/sempler/feeds/sempler_amazonde.xml HTTP/1.0" 200 6787943 "-" "-"
89.161.206.59 - - [21/May/2025:09:45:43 +0200] "GET /Jurek/eroplace/feeds/eroplace_amazonde.xml HTTP/1.0" 200 52134227 "-" "-"
89.161.206.59 - - [21/May/2025:09:45:45 +0200] "GET /Jurek/eroplace/feeds/eroplace_amazonse.xml HTTP/1.0" 200 52158547 "-" "-"
89.161.206.59 - - [21/May/2025:09:45:46 +0200] "GET /Jurek/eroplace/feeds/eroplace_amazonnl.xml HTTP/1.0" 200 52134540 "-" "-"
89.161.206.59 - - [21/May/2025:09:45:46 +0200] "GET /Jurek/b3/feeds/b3_amazones.xml HTTP/1.0" 200 8079742 "-" "-"
89.161.206.59 - - [21/May/2025:09:45:47 +0200] "GET /Jurek/eroplace/feeds/eroplace_amazonfr.xml HTTP/1.0" 200 52134910 "-" "-"
89.161.206.59 - - [21/May/2025:09:45:47 +0200] "GET /Jurek/b3/feeds/b3_amazonnl.xml HTTP/1.0" 200 8079583 "-" "-"
89.161.206.59 - - [21/May/2025:09:45:47 +0200] "GET /Jurek/b3/feeds/b3_amazonfr.xml HTTP/1.0" 200 8079631 "-" "-"
89.161.206.59 - - [21/May/2025:09:45:48 +0200] "GET /Jurek/ralmetal/feeds/ralmetal_amazonde.xml HTTP/1.0" 200 2039903 "-" "-"
89.161.206.59 - - [21/May/2025:09:45:50 +0200] "GET /Jurek/eroplace/feeds/eroplace_amazonit.xml HTTP/1.0" 200 52135026 "-" "-"
89.161.206.59 - - [21/May/2025:09:45:51 +0200] "GET /Jurek/eroplace/feeds/eroplace_amazones.xml HTTP/1.0" 200 52135135 "-" "-"
89.161.206.59 - - [21/May/2025:09:45:55 +0200] "GET /Jurek/oromed/feeds/oromed_amazones.xml HTTP/1.0" 200 1267005 "-" "-"
89.161.206.59 - - [21/May/2025:09:45:55 +0200] "GET /Jurek/oromed/feeds/oromed_amazonse.xml HTTP/1.0" 200 1267250 "-" "-"
89.161.206.59 - - [21/May/2025:09:45:55 +0200] "GET /Jurek/oromed/feeds/oromed_amazonbe.xml HTTP/1.0" 200 1267010 "-" "-"
89.161.206.59 - - [21/May/2025:09:45:55 +0200] "GET /Jurek/oromed/feeds/oromed_amazonfr.xml HTTP/1.0" 200 1267011 "-" "-"
89.161.206.59 - - [21/May/2025:09:45:56 +0200] "GET /Jurek/oromed/feeds/oromed_amazonit.xml HTTP/1.0" 200 1267016 "-" "-"
89.161.206.59 - - [21/May/2025:09:45:56 +0200] "GET /Jurek/oromed/feeds/oromed_amazonnl.xml HTTP/1.0" 200 1267005 "-" "-"
89.161.206.59 - - [21/May/2025:09:45:56 +0200] "GET /Jurek/combine/feeds/combine_amazonde.xml HTTP/1.0" 200 210556 "-" "-"
51.77.52.107 - - [21/May/2025:09:45:58 +0200] "GET /Jurek/eurofirany/images/468970/0.jpg HTTP/2.0" 200 75309 "-" "baselinker"
89.161.206.59 - - [21/May/2025:09:46:01 +0200] "GET /Jurek/artdog/feeds/artdog_amazones.xml HTTP/1.0" 200 17159268 "-" "-"
51.77.52.107 - - [21/May/2025:09:46:16 +0200] "GET /Jurek/eurofirany/images/468970/0.jpg HTTP/2.0" 200 75309 "-" "baselinker"
89.161.206.59 - - [21/May/2025:09:46:22 +0200] "GET /Jurek/regis/feeds/regis_skroutz.xml HTTP/1.0" 200 228467 "-" "-"
5.134.208.206 - - [21/May/2025:09:46:23 +0200] "GET /Jurek/eurofirany/images/382444/0.jpg HTTP/2.0" 200 16503 "-" "Mozilla/5.0 (Windows NT 10.0; Win64; x64) AppleWebKit/537.36 (KHTML, like Gecko) Chrome/136.0.0.0 Safari/537.36"
46.101.116.244 - - [21/May/2025:09:46:26 +0200] "GET /Jurek/unimet/feeds/unimet_alza.xml HTTP/2.0" 200 61206974 "-" "-"
51.77.52.107 - - [21/May/2025:09:47:02 +0200] "GET /Jurek/eurofirany/images/468970/0.jpg HTTP/2.0" 200 75309 "-" "baselinker"
51.77.52.107 - - [21/May/2025:09:47:06 +0200] "GET /Jurek/eurofirany/images/468973/0.jpg HTTP/2.0" 200 74849 "-" "baselinker"
51.77.52.107 - - [21/May/2025:09:47:13 +0200] "GET /Jurek/eurofirany/images/468973/0.jpg HTTP/2.0" 200 74849 "-" "baselinker"
51.77.52.107 - - [21/May/2025:09:47:34 +0200] "GET /Jurek/eurofirany/images/468973/0.jpg HTTP/2.0" 200 74849 "-" "baselinker"
51.77.52.107 - - [21/May/2025:09:47:53 +0200] "GET /Jurek/eurofirany/images/468977/0.jpg HTTP/2.0" 200 86148 "-" "baselinker"
51.77.52.107 - - [21/May/2025:09:47:59 +0200] "GET /Jurek/eurofirany/images/468977/0.jpg HTTP/2.0" 200 86148 "-" "baselinker"
46.101.116.244 - - [21/May/2025:09:48:00 +0200] "GET /Jurek/andex/feeds/andex_alza.xml HTTP/2.0" 200 1954463 "-" "-"
46.101.116.244 - - [21/May/2025:09:48:08 +0200] "GET /Jurek/eurofirany/feeds/eurofirany_ceneo.xml HTTP/1.0" 200 18847508 "-" "-"
46.101.116.244 - - [21/May/2025:09:48:11 +0200] "GET /Jurek/aw/feeds/awnarzedzia_alza.xml HTTP/2.0" 200 90945033 "-" "-"
51.77.52.107 - - [21/May/2025:09:48:15 +0200] "GET /Jurek/eurofirany/images/468977/0.jpg HTTP/2.0" 200 86148 "-" "baselinker"
51.77.52.107 - - [21/May/2025:09:48:31 +0200] "GET /Jurek/eurofirany/images/468980/0.jpg HTTP/2.0" 200 90505 "-" "baselinker"
46.101.116.244 - - [21/May/2025:09:48:32 +0200] "GET /Jurek/detian/feeds/detian_alza.xml HTTP/2.0" 404 3551 "-" "-"
178.21.154.6 - - [21/May/2025:09:48:40 +0200] "GET /Jurek/eurofirany/images/392127/0.jpg HTTP/1.1" 200 32389 "-" "-"
46.101.116.244 - - [21/May/2025:09:48:42 +0200] "GET /Jurek/fernity/feeds/fernity_alza.xml HTTP/2.0" 200 4723165 "-" "-"
51.77.52.107 - - [21/May/2025:09:48:50 +0200] "GET /Jurek/eurofirany/images/468980/0.jpg HTTP/2.0" 200 90505 "-" "baselinker"
46.101.116.244 - - [21/May/2025:09:49:04 +0200] "GET /Jurek/octopia/feeds/octopia_alzacz.xml HTTP/2.0" 200 10117156 "-" "-"
51.77.52.107 - - [21/May/2025:09:49:10 +0200] "GET /Jurek/eurofirany/images/468980/0.jpg HTTP/2.0" 200 90505 "-" "baselinker"
46.101.116.244 - - [21/May/2025:09:49:16 +0200] "GET /Jurek/unimet/feeds/unimet_alza.xml HTTP/2.0" 200 61206974 "-" "-"
51.77.52.107 - - [21/May/2025:09:49:30 +0200] "GET /Jurek/eurofirany/images/468968/0.jpg HTTP/2.0" 200 61344 "-" "baselinker"
46.101.116.244 - - [21/May/2025:09:49:36 +0200] "GET /Jurek/eurofirany/feeds/eurofirany_alza.xml HTTP/2.0" 200 18812740 "-" "-"
51.77.52.107 - - [21/May/2025:09:49:52 +0200] "GET /Jurek/eurofirany/images/468968/0.jpg HTTP/2.0" 200 61344 "-" "baselinker"
46.101.116.244 - - [21/May/2025:09:49:53 +0200] "GET /Jurek/beliani/feeds/beliani_alza.xml HTTP/2.0" 200 15037079 "-" "-"
51.77.52.107 - - [21/May/2025:09:50:09 +0200] "GET /Jurek/eurofirany/images/468968/0.jpg HTTP/2.0" 200 61344 "-" "baselinker"
46.101.116.244 - - [21/May/2025:09:50:11 +0200] "GET /Jurek/vivaldi/feeds/vivaldi_alza.xml HTTP/2.0" 200 344841 "-" "-"
51.77.52.107 - - [21/May/2025:09:50:14 +0200] "GET /Jurek/eurofirany/images/468969/0.jpg HTTP/2.0" 200 61344 "-" "baselinker"
46.101.116.244 - - [21/May/2025:09:50:22 +0200] "GET /Jurek/ikonka/feeds/ikonka_alza.xml HTTP/2.0" 200 20841034 "-" "-"
51.77.52.107 - - [21/May/2025:09:50:29 +0200] "GET /Jurek/eurofirany/images/468969/0.jpg HTTP/2.0" 200 61344 "-" "baselinker"
46.101.116.244 - - [21/May/2025:09:50:33 +0200] "GET /Jurek/stema/feeds/stema_alza.xml HTTP/2.0" 200 894530 "-" "-"
51.77.52.107 - - [21/May/2025:09:50:36 +0200] "GET /Jurek/eurofirany/images/468969/0.jpg HTTP/2.0" 200 61344 "-" "baselinker"
89.161.206.59 - - [21/May/2025:09:50:37 +0200] "GET /Jurek/kambukka/feeds/kambukka_amazonde.xml HTTP/1.0" 200 1023327 "-" "-"
89.161.206.59 - - [21/May/2025:09:50:38 +0200] "GET /Jurek/benetech/feeds/benetech_amazonde.xml HTTP/1.0" 200 4165329 "-" "-"
89.161.206.59 - - [21/May/2025:09:50:38 +0200] "GET /Jurek/sempler/feeds/sempler_amazonbe.xml HTTP/1.0" 200 6787958 "-" "-"
89.161.206.59 - - [21/May/2025:09:50:38 +0200] "GET /Jurek/kambukka/feeds/kambukka_amazonbe.xml HTTP/1.0" 200 1023482 "-" "-"
89.161.206.59 - - [21/May/2025:09:50:38 +0200] "GET /Jurek/artdog/feeds/artdog_amazonde.xml HTTP/1.0" 200 17158344 "-" "-"
89.161.206.59 - - [21/May/2025:09:50:38 +0200] "GET /Jurek/pawonik/feeds/pawonik_amazonde.xml HTTP/1.0" 200 2138421 "-" "-"
89.161.206.59 - - [21/May/2025:09:50:39 +0200] "GET /Jurek/b3/feeds/b3_amazonde.xml HTTP/1.0" 200 8079507 "-" "-"
89.161.206.59 - - [21/May/2025:09:50:39 +0200] "GET /Jurek/sempler/feeds/sempler_amazonfr.xml HTTP/1.0" 200 6788022 "-" "-"
89.161.206.59 - - [21/May/2025:09:50:40 +0200] "GET /Jurek/sempler/feeds/sempler_amazonit.xml HTTP/1.0" 200 6788039 "-" "-"
89.161.206.59 - - [21/May/2025:09:50:40 +0200] "GET /Jurek/sempler/feeds/sempler_amazonnl.xml HTTP/1.0" 200 6787991 "-" "-"
89.161.206.59 - - [21/May/2025:09:50:41 +0200] "GET /Jurek/b3/feeds/b3_amazonit.xml HTTP/1.0" 200 8079673 "-" "-"
89.161.206.59 - - [21/May/2025:09:50:42 +0200] "GET /Jurek/oromed/feeds/oromed_amazonde.xml HTTP/1.0" 200 1267005 "-" "-"
51.77.52.107 - - [21/May/2025:09:50:42 +0200] "GET /Jurek/eurofirany/images/468971/0.jpg HTTP/2.0" 200 75309 "-" "baselinker"
89.161.206.59 - - [21/May/2025:09:50:42 +0200] "GET /Jurek/b3/feeds/b3_amazonse.xml HTTP/1.0" 200 8083175 "-" "-"
89.161.206.59 - - [21/May/2025:09:50:42 +0200] "GET /Jurek/b3/feeds/b3_amazonbe.xml HTTP/1.0" 200 8079618 "-" "-"
89.161.206.59 - - [21/May/2025:09:50:42 +0200] "GET /Jurek/ralmetal/feeds/ralmetal_amazonfr.xml HTTP/1.0" 200 2039881 "-" "-"
89.161.206.59 - - [21/May/2025:09:50:43 +0200] "GET /Jurek/ralmetal/feeds/ralmetal_amazonit.xml HTTP/1.0" 200 2039865 "-" "-"
89.161.206.59 - - [21/May/2025:09:50:43 +0200] "GET /Jurek/ralmetal/feeds/ralmetal_amazonnl.xml HTTP/1.0" 200 2039904 "-" "-"
89.161.206.59 - - [21/May/2025:09:50:43 +0200] "GET /Jurek/ralmetal/feeds/ralmetal_amazones.xml HTTP/1.0" 200 2039926 "-" "-"
89.161.206.59 - - [21/May/2025:09:50:43 +0200] "GET /Jurek/erohurtownia/feeds/erohurtownia_amazonde.xml HTTP/1.0" 200 22846510 "-" "-"
46.101.116.244 - - [21/May/2025:09:50:44 +0200] "GET /Jurek/kinghoff/feeds/kinghoff_alza.xml HTTP/2.0" 200 15592488 "-" "-"
51.77.52.107 - - [21/May/2025:09:50:48 +0200] "GET /Jurek/eurofirany/images/468971/0.jpg HTTP/2.0" 200 75309 "-" "baselinker"
51.77.52.107 - - [21/May/2025:09:50:54 +0200] "GET /Jurek/eurofirany/images/468971/0.jpg HTTP/2.0" 200 75309 "-" "baselinker"
51.77.52.107 - - [21/May/2025:09:51:01 +0200] "GET /Jurek/eurofirany/images/468972/0.jpg HTTP/2.0" 200 75309 "-" "baselinker"
51.77.52.107 - - [21/May/2025:09:51:22 +0200] "GET /Jurek/eurofirany/images/468972/0.jpg HTTP/2.0" 200 75309 "-" "baselinker"
51.77.52.107 - - [21/May/2025:09:51:38 +0200] "GET /Jurek/eurofirany/images/468972/0.jpg HTTP/2.0" 200 75309 "-" "baselinker"
51.77.52.107 - - [21/May/2025:09:51:43 +0200] "GET /Jurek/eurofirany/images/468974/0.jpg HTTP/2.0" 200 74849 "-" "baselinker"
51.77.52.107 - - [21/May/2025:09:51:56 +0200] "GET /Jurek/eurofirany/images/468974/0.jpg HTTP/2.0" 200 74849 "-" "baselinker"
51.77.52.107 - - [21/May/2025:09:52:01 +0200] "GET /Jurek/eurofirany/images/468974/0.jpg HTTP/2.0" 200 74849 "-" "baselinker"
51.77.52.107 - - [21/May/2025:09:52:20 +0200] "GET /Jurek/eurofirany/images/468976/0.jpg HTTP/2.0" 200 74849 "-" "baselinker"
46.101.116.244 - - [21/May/2025:09:52:36 +0200] "GET /Jurek/piotrmiedz/feeds/piotrmiedz_mallsish.xml HTTP/2.0" 200 91044838 "-" "-"
51.77.52.107 - - [21/May/2025:09:52:38 +0200] "GET /Jurek/eurofirany/images/468976/0.jpg HTTP/2.0" 200 74849 "-" "baselinker"
51.77.52.107 - - [21/May/2025:09:52:55 +0200] "GET /Jurek/eurofirany/images/468976/0.jpg HTTP/2.0" 200 74849 "-" "baselinker"
51.77.52.107 - - [21/May/2025:09:53:01 +0200] "GET /Jurek/eurofirany/images/468978/0.jpg HTTP/2.0" 200 86148 "-" "baselinker"
51.77.52.107 - - [21/May/2025:09:53:16 +0200] "GET /Jurek/eurofirany/images/468978/0.jpg HTTP/2.0" 200 86148 "-" "baselinker"
51.77.52.107 - - [21/May/2025:09:53:34 +0200] "GET /Jurek/eurofirany/images/468978/0.jpg HTTP/2.0" 200 86148 "-" "baselinker"
51.77.52.107 - - [21/May/2025:09:54:02 +0200] "GET /Jurek/eurofirany/images/468979/0.jpg HTTP/2.0" 200 86148 "-" "baselinker"
18.157.125.26 - - [21/May/2025:09:54:05 +0200] "GET /Jurek/topeshop/downloaded_images/5904507209100_Bry%C5%82a_kaszmir_20st0004.jpg HTTP/2.0" 200 29587 "-" "Mozilla/5.0 (Windows NT 10.0; Win64; x64) AppleWebKit/537.36 (KHTML, like Gecko) Chrome/109.0.0.0 Safari/537.36"
51.77.52.107 - - [21/May/2025:09:54:17 +0200] "GET /Jurek/eurofirany/images/468979/0.jpg HTTP/2.0" 200 86148 "-" "baselinker"
46.101.116.244 - - [21/May/2025:09:54:21 +0200] "GET /Jurek/beltimore/feeds/beltimore_mallsish.xml HTTP/2.0" 200 18651679 "-" "-"
51.77.52.107 - - [21/May/2025:09:54:26 +0200] "GET /Jurek/eurofirany/images/468979/0.jpg HTTP/2.0" 200 86148 "-" "baselinker"
46.101.116.244 - - [21/May/2025:09:54:32 +0200] "GET /Jurek/drops/feeds/dropsofficecolection_mallsish.xml HTTP/2.0" 200 790823 "-" "-"
46.101.116.244 - - [21/May/2025:09:54:43 +0200] "GET /Jurek/hdwr/feeds/hdwr_mallsish.xml HTTP/2.0" 200 789414 "-" "-"
46.101.116.244 - - [21/May/2025:09:54:53 +0200] "GET /Jurek/narzbud/feeds/narzbud_mallsish.xml HTTP/2.0" 200 1901235 "-" "-"
46.101.116.244 - - [21/May/2025:09:55:04 +0200] "GET /Jurek/newtechele/feeds/newtechele_mallsish.xml HTTP/2.0" 200 2438488 "-" "-"
46.101.116.244 - - [21/May/2025:09:55:27 +0200] "GET /Jurek/pawonik/feeds/pawonik_mallsish.xml HTTP/2.0" 200 2138393 "-" "-"
51.77.52.107 - - [21/May/2025:09:55:27 +0200] "GET /Jurek/eurofirany/images/468981/0.jpg HTTP/2.0" 200 90505 "-" "baselinker"
51.77.52.107 - - [21/May/2025:09:55:34 +0200] "GET /Jurek/eurofirany/images/468981/0.jpg HTTP/2.0" 200 90505 "-" "baselinker"
89.161.206.59 - - [21/May/2025:09:55:37 +0200] "GET /Jurek/ikonka/feeds/ikonka_amazonDE.xml HTTP/1.0" 200 20838731 "-" "-"
46.101.116.244 - - [21/May/2025:09:55:37 +0200] "GET /Jurek/proadventure/feeds/proadventure_mallsish.xml HTTP/2.0" 200 10763341 "-" "-"
89.161.206.59 - - [21/May/2025:09:55:38 +0200] "GET /Jurek/ikonka/feeds/ikonka_amazonIT.xml HTTP/1.0" 200 20838746 "-" "-"
89.161.206.59 - - [21/May/2025:09:55:38 +0200] "GET /Jurek/ikonka/feeds/ikonka_amazonFR.xml HTTP/1.0" 200 20838761 "-" "-"
89.161.206.59 - - [21/May/2025:09:55:39 +0200] "GET /Jurek/ikonka/feeds/ikonka_amazonES.xml HTTP/1.0" 200 20838809 "-" "-"
51.77.52.107 - - [21/May/2025:09:55:40 +0200] "GET /Jurek/eurofirany/images/468981/0.jpg HTTP/2.0" 200 90505 "-" "baselinker"
89.161.206.59 - - [21/May/2025:09:55:40 +0200] "GET /Jurek/ikonka/feeds/ikonka_amazonNL.xml HTTP/1.0" 200 20838745 "-" "-"
89.161.206.59 - - [21/May/2025:09:55:43 +0200] "GET /Jurek/waks/feeds/waks_amazonde.xml HTTP/1.0" 200 1596552 "-" "-"
89.161.206.59 - - [21/May/2025:09:55:44 +0200] "GET /Jurek/waks/feeds/waks_amazonfr.xml HTTP/1.0" 200 1596552 "-" "-"
89.161.206.59 - - [21/May/2025:09:55:44 +0200] "GET /Jurek/waks/feeds/waks_amazonit.xml HTTP/1.0" 200 1596551 "-" "-"
89.161.206.59 - - [21/May/2025:09:55:44 +0200] "GET /Jurek/waks/feeds/waks_amazones.xml HTTP/1.0" 200 1596552 "-" "-"
89.161.206.59 - - [21/May/2025:09:55:44 +0200] "GET /Jurek/waks/feeds/waks_amazonnl.xml HTTP/1.0" 200 1596551 "-" "-"
89.161.206.59 - - [21/May/2025:09:55:44 +0200] "GET /Jurek/waks/feeds/waks_amazonse.xml HTTP/1.0" 200 1598639 "-" "-"
51.77.52.107 - - [21/May/2025:09:55:45 +0200] "GET /Jurek/eurofirany/images/468982/0.jpg HTTP/2.0" 200 90505 "-" "baselinker"
46.101.116.244 - - [21/May/2025:09:55:49 +0200] "GET /Jurek/rems/feeds/rems_mallsish.xml HTTP/2.0" 200 8706194 "-" "-"
46.101.116.244 - - [21/May/2025:09:56:00 +0200] "GET /Jurek/roger/feeds/roger_mallsish.xml HTTP/2.0" 200 1396543 "-" "-"
3.74.7.74 - - [21/May/2025:09:56:03 +0200] "GET /Jurek/eurofirany/images/460830/0.jpg HTTP/2.0" 200 99638 "-" "Mozilla/5.0 (Windows NT 10.0; Win64; x64) AppleWebKit/537.36 (KHTML, like Gecko) Chrome/109.0.0.0 Safari/537.36"
51.77.52.107 - - [21/May/2025:09:56:05 +0200] "GET /Jurek/eurofirany/images/468982/0.jpg HTTP/2.0" 200 90505 "-" "baselinker"
46.101.116.244 - - [21/May/2025:09:56:10 +0200] "GET /Jurek/sovapl/feeds/sovapl_mallsish.xml HTTP/2.0" 200 8999848 "-" "-"
46.101.116.244 - - [21/May/2025:09:56:25 +0200] "GET /Jurek/stiv/feeds/stiv_mallsish.xml HTTP/2.0" 200 2056826 "-" "-"
51.77.52.107 - - [21/May/2025:09:56:26 +0200] "GET /Jurek/eurofirany/images/468982/0.jpg HTTP/2.0" 200 90505 "-" "baselinker"
51.77.52.107 - - [21/May/2025:09:56:32 +0200] "GET /Jurek/eurofirany/images/453034/0.jpg HTTP/2.0" 200 86707 "-" "baselinker"
46.101.116.244 - - [21/May/2025:09:56:36 +0200] "GET /Jurek/fertes/feeds/fertes_mallsish.xml HTTP/2.0" 200 2361846 "-" "-"
46.101.116.244 - - [21/May/2025:09:56:46 +0200] "GET /Jurek/avenido/feeds/avenido_mallsish.xml HTTP/2.0" 200 720110 "-" "-"
51.77.52.107 - - [21/May/2025:09:56:50 +0200] "GET /Jurek/eurofirany/images/453034/0.jpg HTTP/2.0" 200 86707 "-" "baselinker"
51.77.52.107 - - [21/May/2025:09:56:56 +0200] "GET /Jurek/eurofirany/images/453034/0.jpg HTTP/2.0" 200 86707 "-" "baselinker"
46.101.116.244 - - [21/May/2025:09:56:57 +0200] "GET /Jurek/carbonyway/feeds/carbonyway_mallsish.xml HTTP/2.0" 200 3075923 "-" "-"
51.77.52.107 - - [21/May/2025:09:57:17 +0200] "GET /Jurek/eurofirany/images/453035/0.jpg HTTP/2.0" 200 86707 "-" "baselinker"
18.157.125.26 - - [21/May/2025:09:57:21 +0200] "GET /Jurek/topeshop/downloaded_images/5904507201364_St_decor_0003.jpg HTTP/2.0" 200 71711 "-" "Mozilla/5.0 (Windows NT 10.0; Win64; x64) AppleWebKit/537.36 (KHTML, like Gecko) Chrome/109.0.0.0 Safari/537.36"
46.101.116.244 - - [21/May/2025:09:57:21 +0200] "GET /Jurek/equalo/feeds/equalo_mallsish.xml HTTP/2.0" 200 98006 "-" "-"
51.77.52.107 - - [21/May/2025:09:57:24 +0200] "GET /Jurek/eurofirany/images/453035/0.jpg HTTP/2.0" 200 86707 "-" "baselinker"
51.77.52.107 - - [21/May/2025:09:57:29 +0200] "GET /Jurek/eurofirany/images/453035/0.jpg HTTP/2.0" 200 86707 "-" "baselinker"
46.101.116.244 - - [21/May/2025:09:57:32 +0200] "GET /Jurek/kamar/feeds/kamar_mallsish.xml HTTP/2.0" 200 25549482 "-" "-"
51.77.52.107 - - [21/May/2025:09:57:46 +0200] "GET /Jurek/eurofirany/images/453036/0.jpg HTTP/2.0" 200 87086 "-" "baselinker"
46.101.116.244 - - [21/May/2025:09:57:47 +0200] "GET /Jurek/lampart/feeds/lampart_mallsish.xml HTTP/2.0" 200 936040 "-" "-"
51.77.52.107 - - [21/May/2025:09:57:50 +0200] "GET /Jurek/eurofirany/images/453036/0.jpg HTTP/2.0" 200 87086 "-" "baselinker"
51.77.52.107 - - [21/May/2025:09:57:55 +0200] "GET /Jurek/eurofirany/images/453036/0.jpg HTTP/2.0" 200 87086 "-" "baselinker"
46.101.116.244 - - [21/May/2025:09:57:58 +0200] "GET /Jurek/makow/feeds/makow_mallsish.xml HTTP/2.0" 200 21203644 "-" "-"
51.77.52.107 - - [21/May/2025:09:58:08 +0200] "GET /Jurek/eurofirany/images/453038/0.jpg HTTP/2.0" 200 80386 "-" "baselinker"
46.101.116.244 - - [21/May/2025:09:58:10 +0200] "GET /Jurek/regis/feeds/regis_mallsish.xml HTTP/2.0" 200 228475 "-" "-"
51.77.52.107 - - [21/May/2025:09:58:13 +0200] "GET /Jurek/eurofirany/images/453038/0.jpg HTTP/2.0" 200 80386 "-" "baselinker"
51.77.52.107 - - [21/May/2025:09:58:15 +0200] "GET /Jurek/eurofirany/images/453038/0.jpg HTTP/2.0" 200 80386 "-" "baselinker"
46.101.116.244 - - [21/May/2025:09:58:20 +0200] "GET /Jurek/sebmart/feeds/sebmart_mallsish.xml HTTP/2.0" 200 1598719 "-" "-"
51.77.52.107 - - [21/May/2025:09:58:20 +0200] "GET /Jurek/eurofirany/images/453039/0.jpg HTTP/2.0" 200 80386 "-" "baselinker"
46.101.116.244 - - [21/May/2025:09:58:31 +0200] "GET /Jurek/takapara/feeds/takapara_mallsish.xml HTTP/2.0" 200 1342568 "-" "-"
51.77.52.107 - - [21/May/2025:09:58:34 +0200] "GET /Jurek/eurofirany/images/453039/0.jpg HTTP/2.0" 200 80386 "-" "baselinker"
51.77.52.107 - - [21/May/2025:09:58:39 +0200] "GET /Jurek/eurofirany/images/453039/0.jpg HTTP/2.0" 200 80386 "-" "baselinker"
46.101.116.244 - - [21/May/2025:09:58:42 +0200] "GET /Jurek/tsjerzy/feeds/tsjerzy_mallsish.xml HTTP/2.0" 200 3897607 "-" "-"
46.101.116.244 - - [21/May/2025:09:58:54 +0200] "GET /Jurek/andex/feeds/andex_mallsiSH.xml HTTP/2.0" 200 1953406 "-" "-"
51.77.52.107 - - [21/May/2025:09:58:57 +0200] "GET /Jurek/eurofirany/images/453040/0.jpg HTTP/2.0" 200 96705 "-" "baselinker"
46.101.116.244 - - [21/May/2025:09:59:04 +0200] "GET /Jurek/german/feeds/german_mallsiSH.xml HTTP/2.0" 200 2853572 "-" "-"
51.77.52.107 - - [21/May/2025:09:59:14 +0200] "GET /Jurek/eurofirany/images/453040/0.jpg HTTP/2.0" 200 96705 "-" "baselinker"
46.101.116.244 - - [21/May/2025:09:59:29 +0200] "GET /Jurek/maksik/feeds/maksik_mallsiSH.xml HTTP/2.0" 200 4084761 "-" "-"
51.77.52.107 - - [21/May/2025:09:59:32 +0200] "GET /Jurek/eurofirany/images/453040/0.jpg HTTP/2.0" 200 96705 "-" "baselinker"
46.101.116.244 - - [21/May/2025:09:59:39 +0200] "GET /Jurek/smxdesign/feeds/smxdesign_mallsiSH.xml HTTP/2.0" 200 1829007 "-" "-"
51.77.52.107 - - [21/May/2025:09:59:50 +0200] "GET /Jurek/eurofirany/images/453048/0.jpg HTTP/2.0" 200 92628 "-" "baselinker"
51.77.52.107 - - [21/May/2025:09:59:54 +0200] "GET /Jurek/eurofirany/images/453048/0.jpg HTTP/2.0" 200 92628 "-" "baselinker"
46.101.116.244 - - [21/May/2025:10:00:01 +0200] "GET /Jurek/alucon/feeds/alucon_mallsiSH.xml HTTP/2.0" 200 553569 "-" "-"
51.77.52.107 - - [21/May/2025:10:00:12 +0200] "GET /Jurek/eurofirany/images/453048/0.jpg HTTP/2.0" 200 92628 "-" "baselinker"
46.101.116.244 - - [21/May/2025:10:00:12 +0200] "GET /Jurek/evil/feeds/evil_mallsiSH.xml HTTP/2.0" 200 306389 "-" "-"
35.204.39.32 - - [21/May/2025:10:00:15 +0200] "GET /marketplaces/carrefour_fr/results/carrefour_fr.csv HTTP/1.1" 200 6207659 "-" "Mirakl HttpClient"
85.14.86.141 - - [21/May/2025:10:00:20 +0200] "GET /Jurek/vida_morele/feeds/VidaPL_all.xml HTTP/2.0" 200 865187561 "-" "MarketplaceAPI curl/7.74.0 PHP/8"
46.101.116.244 - - [21/May/2025:10:00:22 +0200] "GET /Jurek/hlo/feeds/hlo_mallsiSH.xml HTTP/2.0" 200 4838671 "-" "-"
51.77.52.107 - - [21/May/2025:10:00:31 +0200] "GET /Jurek/eurofirany/images/453050/0.jpg HTTP/2.0" 200 92628 "-" "baselinker"
46.101.116.244 - - [21/May/2025:10:00:33 +0200] "GET /Jurek/lgbtshop/feeds/lgbtshop_mallsiSH.xml HTTP/2.0" 200 219253 "-" "-"
46.101.116.244 - - [21/May/2025:10:00:43 +0200] "GET /Jurek/madrex/feeds/madrex_mallsiSH.xml HTTP/2.0" 200 466713 "-" "-"
52.18.22.0 - - [21/May/2025:10:00:44 +0200] "GET /marketplaces/ubaldi/results/ubaldi.csv HTTP/1.1" 200 147219 "-" "Mirakl HttpClient"
46.101.116.244 - - [21/May/2025:10:00:53 +0200] "GET /Jurek/motofan/feeds/motofan_mallsiSH.xml HTTP/2.0" 200 2392155 "-" "-"
51.77.52.107 - - [21/May/2025:10:00:56 +0200] "GET /Jurek/eurofirany/images/453050/0.jpg HTTP/2.0" 200 92628 "-" "baselinker"
46.101.116.244 - - [21/May/2025:10:01:04 +0200] "GET /Jurek/najtanszysport/feeds/najtanszysport_mallsiSH.xml HTTP/2.0" 200 3983145 "-" "-"
178.21.154.6 - - [21/May/2025:10:01:11 +0200] "GET /Jurek/eurofirany/images/367241/0.jpg HTTP/1.1" 200 108795 "-" "-"
46.101.116.244 - - [21/May/2025:10:01:15 +0200] "GET /Jurek/nexus/feeds/nexus_mallsiSH.xml HTTP/2.0" 200 226610 "-" "-"
51.77.52.107 - - [21/May/2025:10:01:16 +0200] "GET /Jurek/eurofirany/images/453050/0.jpg HTTP/2.0" 200 92628 "-" "baselinker"
51.77.52.107 - - [21/May/2025:10:01:23 +0200] "GET /Jurek/eurofirany/images/453042/0.jpg HTTP/2.0" 200 96705 "-" "baselinker"
46.101.116.244 - - [21/May/2025:10:01:25 +0200] "GET /Jurek/playcob/feeds/playcob_mallsiSH.xml HTTP/2.0" 200 6980159 "-" "-"
35.204.39.32 - - [21/May/2025:10:01:31 +0200] "GET /marketplaces/vente/results/vente_nl.csv HTTP/1.1" 200 163603 "-" "Mirakl HttpClient"
35.204.39.32 - - [21/May/2025:10:01:31 +0200] "GET /marketplaces/vente/results/vente_fr.csv HTTP/1.1" 200 147219 "-" "Mirakl HttpClient"
35.204.39.32 - - [21/May/2025:10:01:31 +0200] "GET /marketplaces/vente/results/vente_be.csv HTTP/1.1" 200 147219 "-" "Mirakl HttpClient"
35.204.39.32 - - [21/May/2025:10:01:31 +0200] "GET /marketplaces/vente/results/vente_it.csv HTTP/1.1" 200 147219 "-" "Mirakl HttpClient"
35.204.39.32 - - [21/May/2025:10:01:31 +0200] "GET /marketplaces/vente/results/vente_es.csv HTTP/1.1" 200 147219 "-" "Mirakl HttpClient"
35.204.39.32 - - [21/May/2025:10:01:31 +0200] "GET /marketplaces/vente/results/vente_de.csv HTTP/1.1" 200 147219 "-" "Mirakl HttpClient"
46.101.116.244 - - [21/May/2025:10:01:36 +0200] "GET /Jurek/cbdgreen/feeds/cbdgreen_mallsiSH.xml HTTP/2.0" 200 50541 "-" "-"
51.77.52.107 - - [21/May/2025:10:01:44 +0200] "GET /Jurek/eurofirany/images/453042/0.jpg HTTP/2.0" 200 96705 "-" "baselinker"
46.101.116.244 - - [21/May/2025:10:01:46 +0200] "GET /Jurek/cbdgreen/feeds/cbdgreen_mallsiSH.xml HTTP/2.0" 200 50541 "-" "-"
46.101.116.244 - - [21/May/2025:10:01:56 +0200] "GET /Jurek/dekornatort/feeds/dekornatort_mallsiSH.xml HTTP/2.0" 200 225749 "-" "-"
46.101.116.244 - - [21/May/2025:10:02:06 +0200] "GET /Jurek/eurofryz2/feeds/eurofryz2_mallsiSH.xml HTTP/2.0" 200 1376789 "-" "-"
52.18.22.0 - - [21/May/2025:10:02:09 +0200] "GET /marketplaces/rue/results/rue.csv HTTP/1.1" 200 147219 "-" "Mirakl HttpClient"
51.77.52.107 - - [21/May/2025:10:02:16 +0200] "GET /Jurek/eurofirany/images/453042/0.jpg HTTP/2.0" 200 96705 "-" "baselinker"
46.101.116.244 - - [21/May/2025:10:02:17 +0200] "GET /Jurek/eurofryz3/feeds/eurofryz3_mallsiSH.xml HTTP/2.0" 200 172222 "-" "-"
46.101.116.244 - - [21/May/2025:10:02:27 +0200] "GET /Jurek/globaldeli/feeds/globaldeli_mallsiSH.xml HTTP/2.0" 200 2590906 "-" "-"
51.77.52.107 - - [21/May/2025:10:02:35 +0200] "GET /Jurek/eurofirany/images/458233/0.jpg HTTP/2.0" 200 91508 "-" "baselinker"
46.101.116.244 - - [21/May/2025:10:02:48 +0200] "GET /Jurek/lendo/feeds/lendo_mallsiSH.xml HTTP/2.0" 200 330394 "-" "-"
51.77.52.107 - - [21/May/2025:10:02:56 +0200] "GET /Jurek/eurofirany/images/458233/0.jpg HTTP/2.0" 200 91508 "-" "baselinker"
46.101.116.244 - - [21/May/2025:10:03:09 +0200] "GET /Jurek/naszedzieci/feeds/naszedzieci_mallsiSH.xml HTTP/2.0" 200 833172423 "-" "-"
51.77.52.107 - - [21/May/2025:10:03:11 +0200] "GET /Jurek/eurofirany/images/458233/0.jpg HTTP/2.0" 200 91508 "-" "baselinker"
51.77.52.107 - - [21/May/2025:10:03:16 +0200] "GET /Jurek/eurofirany/images/458225/0.jpg HTTP/2.0" 200 93116 "-" "baselinker"
51.77.52.107 - - [21/May/2025:10:03:23 +0200] "GET /Jurek/eurofirany/images/458225/0.jpg HTTP/2.0" 200 93116 "-" "baselinker"
51.77.52.107 - - [21/May/2025:10:03:27 +0200] "GET /Jurek/eurofirany/images/458225/0.jpg HTTP/2.0" 200 93116 "-" "baselinker"
51.77.52.107 - - [21/May/2025:10:03:31 +0200] "GET /Jurek/eurofirany/images/468081/0.jpg HTTP/2.0" 200 139066 "-" "baselinker"
51.77.52.107 - - [21/May/2025:10:03:36 +0200] "GET /Jurek/eurofirany/images/468081/0.jpg HTTP/2.0" 200 139066 "-" "baselinker"
51.77.52.107 - - [21/May/2025:10:03:41 +0200] "GET /Jurek/eurofirany/images/468081/0.jpg HTTP/2.0" 200 139066 "-" "baselinker"
52.209.168.113 - - [21/May/2025:10:03:45 +0200] "GET /marketplaces/carrefour/results/carrefour.csv HTTP/1.1" 200 801066 "-" "Mirakl HttpClient"
89.161.206.59 - - [21/May/2025:10:03:56 +0200] "GET /Jurek/slayo/feeds/slayo_skroutz.xml HTTP/1.0" 200 183610 "-" "-"
51.77.52.107 - - [21/May/2025:10:04:00 +0200] "GET /Jurek/eurofirany/images/470299/0.jpg HTTP/2.0" 200 91926 "-" "baselinker"
85.14.86.141 - - [21/May/2025:10:04:04 +0200] "GET /Jurek/kinghoff/feeds/kinghoff_morele.xml HTTP/2.0" 200 15590024 "-" "MarketplaceAPI curl/7.74.0 PHP/8"
51.77.52.107 - - [21/May/2025:10:04:06 +0200] "GET /Jurek/eurofirany/images/470299/0.jpg HTTP/2.0" 200 91926 "-" "baselinker"
51.77.52.107 - - [21/May/2025:10:04:27 +0200] "GET /Jurek/eurofirany/images/470299/0.jpg HTTP/2.0" 200 91926 "-" "baselinker"
89.161.206.59 - - [21/May/2025:10:04:33 +0200] "GET /Jurek/pawonik/feeds/pawonik_skroutz.xml HTTP/1.0" 200 2138416 "-" "-"
89.161.206.59 - - [21/May/2025:10:04:34 +0200] "GET /Jurek/amzteam/feeds/amzteam_skroutz.xml HTTP/1.0" 200 95893 "-" "-"
89.161.206.59 - - [21/May/2025:10:04:36 +0200] "GET /Jurek/artdog/feeds/artdog_skroutz.xml HTTP/1.0" 200 16658994 "-" "-"
89.161.206.59 - - [21/May/2025:10:04:37 +0200] "GET /Jurek/mosti/feeds/mosti_skroutz.xml HTTP/1.0" 200 4633409 "-" "-"
51.77.52.107 - - [21/May/2025:10:04:49 +0200] "GET /Jurek/eurofirany/images/470300/0.jpg HTTP/2.0" 200 74460 "-" "baselinker"
51.77.52.107 - - [21/May/2025:10:04:55 +0200] "GET /Jurek/eurofirany/images/470300/0.jpg HTTP/2.0" 200 74460 "-" "baselinker"
51.77.52.107 - - [21/May/2025:10:05:00 +0200] "GET /Jurek/eurofirany/images/470300/0.jpg HTTP/2.0" 200 74460 "-" "baselinker"
51.77.52.107 - - [21/May/2025:10:05:04 +0200] "GET /Jurek/eurofirany/images/470303/0.jpg HTTP/2.0" 200 90275 "-" "baselinker"
51.77.52.107 - - [21/May/2025:10:05:10 +0200] "GET /Jurek/eurofirany/images/470303/0.jpg HTTP/2.0" 200 90275 "-" "baselinker"
89.161.206.59 - - [21/May/2025:10:05:22 +0200] "GET /Jurek/oromed/feeds/oromed_skroutz.xml HTTP/1.0" 200 1267009 "-" "-"
89.161.206.59 - - [21/May/2025:10:05:24 +0200] "GET /Jurek/ralmetal/feeds/ralmetal_skroutz.xml HTTP/1.0" 200 2039901 "-" "-"
51.77.52.107 - - [21/May/2025:10:05:28 +0200] "GET /Jurek/eurofirany/images/470303/0.jpg HTTP/2.0" 200 90275 "-" "baselinker"
51.77.52.107 - - [21/May/2025:10:05:46 +0200] "GET /Jurek/eurofirany/images/470306/0.jpg HTTP/2.0" 200 73643 "-" "baselinker"
89.161.206.59 - - [21/May/2025:10:05:47 +0200] "GET /Jurek/narzbud/feeds/narzbud_skroutz.xml HTTP/1.0" 200 1901241 "-" "-"
89.161.206.59 - - [21/May/2025:10:05:50 +0200] "GET /Jurek/drops/feeds/dropsofficecolection_skroutz.xml HTTP/1.0" 200 790763 "-" "-"
89.161.206.59 - - [21/May/2025:10:05:51 +0200] "GET /Jurek/szpaklampy/feeds/szpaklampy_skroutz.xml HTTP/1.0" 200 388216 "-" "-"
51.77.52.107 - - [21/May/2025:10:05:51 +0200] "GET /Jurek/eurofirany/images/470306/0.jpg HTTP/2.0" 200 73643 "-" "baselinker"
89.161.206.59 - - [21/May/2025:10:05:52 +0200] "GET /Jurek/spali/feeds/spali_skroutz.xml HTTP/1.0" 200 77057 "-" "-"
89.161.206.59 - - [21/May/2025:10:05:53 +0200] "GET /Jurek/eurofryz/feeds/eurofryz_skroutz.xml HTTP/1.0" 200 1381562 "-" "-"
89.161.206.59 - - [21/May/2025:10:05:53 +0200] "GET /Jurek/combine/feeds/combine_skroutz.xml HTTP/1.0" 200 210554 "-" "-"
89.161.206.59 - - [21/May/2025:10:06:00 +0200] "GET /Jurek/velinda/feeds/velinda_skroutz.xml HTTP/1.0" 200 23448 "-" "-"
51.77.52.107 - - [21/May/2025:10:06:01 +0200] "GET /Jurek/eurofirany/images/470306/0.jpg HTTP/2.0" 200 73643 "-" "baselinker"
89.161.206.59 - - [21/May/2025:10:06:03 +0200] "GET /Jurek/erohurtownia/feeds/erohurtownia_skroutz.xml HTTP/1.0" 200 22767753 "-" "-"
89.161.206.59 - - [21/May/2025:10:06:04 +0200] "GET /Jurek/reman/feeds/reman_skroutz.xml HTTP/1.0" 200 1394829 "-" "-"
89.161.206.59 - - [21/May/2025:10:06:06 +0200] "GET /Jurek/urwiskowo/feeds/urwiskowo_skroutz.xml HTTP/1.0" 200 9114996 "-" "-"
51.77.52.107 - - [21/May/2025:10:06:06 +0200] "GET /Jurek/eurofirany/images/470739/0.jpg HTTP/2.0" 200 91538 "-" "baselinker"
89.161.206.59 - - [21/May/2025:10:06:07 +0200] "GET /Jurek/topeshop/feeds/topeshop_ebayDE.xml HTTP/1.0" 200 2576606 "-" "-"
51.77.52.107 - - [21/May/2025:10:06:13 +0200] "GET /Jurek/eurofirany/images/470739/0.jpg HTTP/2.0" 200 91538 "-" "baselinker"
51.77.52.107 - - [21/May/2025:10:06:19 +0200] "GET /Jurek/eurofirany/images/470739/0.jpg HTTP/2.0" 200 91538 "-" "baselinker"
51.77.52.107 - - [21/May/2025:10:06:28 +0200] "GET /Jurek/eurofirany/images/468080/0.jpg HTTP/2.0" 200 139066 "-" "baselinker"
51.77.52.107 - - [21/May/2025:10:06:49 +0200] "GET /Jurek/eurofirany/images/468080/0.jpg HTTP/2.0" 200 139066 "-" "baselinker"
85.14.86.141 - - [21/May/2025:10:06:49 +0200] "GET /Jurek/eurofirany/feeds/eurofirany_morele.xml HTTP/2.0" 200 18845501 "-" "MarketplaceAPI curl/7.74.0 PHP/8"
51.77.52.107 - - [21/May/2025:10:06:51 +0200] "GET /Jurek/eurofirany/images/468080/0.jpg HTTP/2.0" 200 139066 "-" "baselinker"
51.77.52.107 - - [21/May/2025:10:06:57 +0200] "GET /Jurek/eurofirany/images/468095/0.jpg HTTP/2.0" 200 161080 "-" "baselinker"
85.14.86.141 - - [21/May/2025:10:07:01 +0200] "GET /Jurek/vivaldi/feeds/vivaldi_Morele-PL.xml HTTP/2.0" 200 344674 "-" "MarketplaceAPI curl/7.74.0 PHP/8"
51.77.52.107 - - [21/May/2025:10:07:03 +0200] "GET /Jurek/eurofirany/images/468095/0.jpg HTTP/2.0" 200 161080 "-" "baselinker"
51.77.52.107 - - [21/May/2025:10:07:08 +0200] "GET /Jurek/eurofirany/images/468095/0.jpg HTTP/2.0" 200 161080 "-" "baselinker"
89.161.206.59 - - [21/May/2025:10:07:15 +0200] "GET /Jurek/evil/feeds/evil_skroutz.xml HTTP/1.0" 200 252476 "-" "-"
89.161.206.59 - - [21/May/2025:10:07:16 +0200] "GET /Jurek/antiodor/feeds/antiodor_skroutz.xml HTTP/1.0" 200 137842 "-" "-"
89.161.206.59 - - [21/May/2025:10:07:17 +0200] "GET /Jurek/sartrix/feeds/sartrix_skroutz.xml HTTP/1.0" 200 649190 "-" "-"
89.161.206.59 - - [21/May/2025:10:07:17 +0200] "GET /Jurek/twojsklep/feeds/twojsklep_skroutz.xml HTTP/1.0" 200 126797 "-" "-"
89.161.206.59 - - [21/May/2025:10:07:18 +0200] "GET /Jurek/madrex/feeds/madrex_skroutz.xml HTTP/1.0" 200 466731 "-" "-"
89.161.206.59 - - [21/May/2025:10:07:18 +0200] "GET /Jurek/drewdon/feeds/drewdon_skroutz.xml HTTP/1.0" 200 358907 "-" "-"
89.161.206.59 - - [21/May/2025:10:07:19 +0200] "GET /Jurek/dekoele/feeds/dekoele_skroutz.xml HTTP/1.0" 200 378805 "-" "-"
89.161.206.59 - - [21/May/2025:10:07:20 +0200] "GET /Jurek/rider/feeds/rider_skroutz.xml HTTP/1.0" 200 8165134 "-" "-"
89.161.206.59 - - [21/May/2025:10:07:20 +0200] "GET /Jurek/expertauto/feeds/expertauto_skroutz.xml HTTP/1.0" 200 1158917 "-" "-"
89.161.206.59 - - [21/May/2025:10:07:21 +0200] "GET /Jurek/qbox/feeds/qbox_skroutz.xml HTTP/1.0" 200 398701 "-" "-"
51.77.52.107 - - [21/May/2025:10:07:35 +0200] "GET /Jurek/eurofirany/images/468098/0.jpg HTTP/2.0" 200 144316 "-" "baselinker"
51.77.52.107 - - [21/May/2025:10:07:43 +0200] "GET /Jurek/eurofirany/images/468098/0.jpg HTTP/2.0" 200 144316 "-" "baselinker"
89.161.206.59 - - [21/May/2025:10:07:59 +0200] "GET /Jurek/eurofirany/feeds/eurofirany_amazonNL.xml HTTP/1.0" 200 18843915 "-" "-"
89.161.206.59 - - [21/May/2025:10:07:59 +0200] "GET /Jurek/eurofirany/feeds/eurofirany_amazonES.xml HTTP/1.0" 200 18844086 "-" "-"
89.161.206.59 - - [21/May/2025:10:07:59 +0200] "GET /Jurek/eurofirany/feeds/eurofirany_amazonIT.xml HTTP/1.0" 200 18844118 "-" "-"
89.161.206.59 - - [21/May/2025:10:08:01 +0200] "GET /Jurek/eurofirany/feeds/eurofirany_amazonFR.xml HTTP/1.0" 200 18843832 "-" "-"
89.161.206.59 - - [21/May/2025:10:08:03 +0200] "GET /Jurek/eurofirany/feeds/eurofirany_amazonSE.xml HTTP/1.0" 200 18861056 "-" "-"
51.77.52.107 - - [21/May/2025:10:08:03 +0200] "GET /Jurek/eurofirany/images/468098/0.jpg HTTP/2.0" 200 144316 "-" "baselinker"
89.161.206.59 - - [21/May/2025:10:08:04 +0200] "GET /Jurek/eurofirany/feeds/eurofirany_amazonBE.xml HTTP/1.0" 200 18843777 "-" "-"
89.161.206.59 - - [21/May/2025:10:08:06 +0200] "GET /Jurek/eurofirany/feeds/eurofirany_amazaon_de.xml HTTP/1.0" 200 18844073 "-" "-"
89.161.206.59 - - [21/May/2025:10:08:08 +0200] "GET /Jurek/benetech/feeds/benetech_amazonnl.xml HTTP/1.0" 200 4165417 "-" "-"
89.161.206.59 - - [21/May/2025:10:08:08 +0200] "GET /Jurek/benetech/feeds/benetech_amazonit.xml HTTP/1.0" 200 4165408 "-" "-"
51.77.52.107 - - [21/May/2025:10:08:08 +0200] "GET /Jurek/eurofirany/images/468102/0.jpg HTTP/2.0" 200 132826 "-" "baselinker"
89.161.206.59 - - [21/May/2025:10:08:08 +0200] "GET /Jurek/benetech/feeds/benetech_amazones.xml HTTP/1.0" 200 4165420 "-" "-"
89.161.206.59 - - [21/May/2025:10:08:08 +0200] "GET /Jurek/benetech/feeds/benetech_amazonfr.xml HTTP/1.0" 200 4165404 "-" "-"
89.161.206.59 - - [21/May/2025:10:08:08 +0200] "GET /Jurek/benetech/feeds/benetech_amazonbe.xml HTTP/1.0" 200 4165411 "-" "-"
89.161.206.59 - - [21/May/2025:10:08:08 +0200] "GET /Jurek/benetech/feeds/benetech_amazonse.xml HTTP/1.0" 200 4165796 "-" "-"
89.161.206.59 - - [21/May/2025:10:08:09 +0200] "GET /Jurek/pupus/feeds/pupus_amazonfr.xml HTTP/1.0" 200 6154486 "-" "-"
89.161.206.59 - - [21/May/2025:10:08:09 +0200] "GET /Jurek/pupus/feeds/pupus_amazonde.xml HTTP/1.0" 200 6154261 "-" "-"
89.161.206.59 - - [21/May/2025:10:08:09 +0200] "GET /Jurek/pupus/feeds/pupus_amazonnl.xml HTTP/1.0" 200 6154388 "-" "-"
89.161.206.59 - - [21/May/2025:10:08:10 +0200] "GET /Jurek/pupus/feeds/pupus_amazonse.xml HTTP/1.0" 200 6156523 "-" "-"
89.161.206.59 - - [21/May/2025:10:08:10 +0200] "GET /Jurek/pupus/feeds/pupus_amazonbe.xml HTTP/1.0" 200 6154443 "-" "-"
89.161.206.59 - - [21/May/2025:10:08:10 +0200] "GET /Jurek/pupus/feeds/pupus_amazonit.xml HTTP/1.0" 200 6154584 "-" "-"
89.161.206.59 - - [21/May/2025:10:08:10 +0200] "GET /Jurek/pupus/feeds/pupus_amazones.xml HTTP/1.0" 200 6154432 "-" "-"
89.161.206.59 - - [21/May/2025:10:08:10 +0200] "GET /Jurek/dekoele/feeds/dekoele_amazonde.xml HTTP/1.0" 200 733939 "-" "-"
89.161.206.59 - - [21/May/2025:10:08:11 +0200] "GET /Jurek/dekoele/feeds/dekoele_amazonit.xml HTTP/1.0" 200 733938 "-" "-"
89.161.206.59 - - [21/May/2025:10:08:11 +0200] "GET /Jurek/dekoele/feeds/dekoele_amazonfr.xml HTTP/1.0" 200 733936 "-" "-"
89.161.206.59 - - [21/May/2025:10:08:11 +0200] "GET /Jurek/dekoele/feeds/dekoele_amazones.xml HTTP/1.0" 200 733935 "-" "-"
89.161.206.59 - - [21/May/2025:10:08:11 +0200] "GET /Jurek/dekoele/feeds/dekoele_amazonnl.xml HTTP/1.0" 200 733935 "-" "-"
89.161.206.59 - - [21/May/2025:10:08:11 +0200] "GET /Jurek/dekoele/feeds/dekoele_amazonse.xml HTTP/1.0" 200 734008 "-" "-"
89.161.206.59 - - [21/May/2025:10:08:11 +0200] "GET /Jurek/dekoele/feeds/dekoele_amazonbe.xml HTTP/1.0" 200 733935 "-" "-"
89.161.206.59 - - [21/May/2025:10:08:16 +0200] "GET /Jurek/playcob/feeds/playcob_amazonde.xml HTTP/1.0" 200 6980125 "-" "-"
89.161.206.59 - - [21/May/2025:10:08:18 +0200] "GET /Jurek/artdog/feeds/artdog_amazonfr.xml HTTP/1.0" 200 4416261 "-" "-"
89.161.206.59 - - [21/May/2025:10:08:19 +0200] "GET /Jurek/kamar/feeds/kamar_amazonde.xml HTTP/1.0" 200 25549801 "-" "-"
89.161.206.59 - - [21/May/2025:10:08:20 +0200] "GET /Jurek/avenido/feeds/avenido_amazonde.xml HTTP/1.0" 200 720106 "-" "-"
89.161.206.59 - - [21/May/2025:10:08:20 +0200] "GET /Jurek/reman/feeds/reman_amazonde.xml HTTP/1.0" 200 1394823 "-" "-"
89.161.206.59 - - [21/May/2025:10:08:21 +0200] "GET /Jurek/drewdon/feeds/drewdon_amazonde.xml HTTP/1.0" 200 504448 "-" "-"
89.161.206.59 - - [21/May/2025:10:08:21 +0200] "GET /Jurek/snibbs/feeds/snibbs_amazonde.xml HTTP/1.0" 200 74393 "-" "-"
89.161.206.59 - - [21/May/2025:10:08:21 +0200] "GET /Jurek/nexus/feeds/nexus_amazonde.xml HTTP/1.0" 200 226618 "-" "-"
89.161.206.59 - - [21/May/2025:10:08:22 +0200] "GET /Jurek/sebmart/feeds/sebmart_amazonde.xml HTTP/1.0" 200 1598691 "-" "-"
51.77.52.107 - - [21/May/2025:10:08:28 +0200] "GET /Jurek/eurofirany/images/468102/0.jpg HTTP/2.0" 200 132826 "-" "baselinker"
46.101.116.244 - - [21/May/2025:10:08:29 +0200] "GET /Jurek/piotrmiedz/feeds/piotrmiedz_amazonse.xml HTTP/1.0" 200 91088234 "-" "-"
85.14.86.141 - - [21/May/2025:10:08:30 +0200] "GET /Jurek/vida_morele/feeds/VidaPL_morele.xml HTTP/2.0" 200 865188932 "-" "MarketplaceAPI curl/7.74.0 PHP/8"
46.101.116.244 - - [21/May/2025:10:08:40 +0200] "GET /Jurek/reman/feeds/reman_mallsiSH.xml HTTP/2.0" 200 1394825 "-" "-"
51.77.52.107 - - [21/May/2025:10:08:49 +0200] "GET /Jurek/eurofirany/images/468102/0.jpg HTTP/2.0" 200 132826 "-" "baselinker"
46.101.116.244 - - [21/May/2025:10:08:51 +0200] "GET /Jurek/sartrix/feeds/sartrix_mallsiSH.xml HTTP/2.0" 200 649181 "-" "-"
85.14.86.141 - - [21/May/2025:10:08:53 +0200] "GET /Jurek/aw/feeds/awnarzedzia_morele.xml HTTP/2.0" 200 90852494 "-" "MarketplaceAPI curl/7.74.0 PHP/8"
51.77.52.107 - - [21/May/2025:10:08:55 +0200] "GET /Jurek/eurofirany/images/468171/0.jpg HTTP/2.0" 200 95886 "-" "baselinker"
185.6.76.18 - - [21/May/2025:10:09:01 +0200] "GET /marketplaces/skroutz/feeds/shumee.xml HTTP/1.1" 200 395077040 "-" "SkroutzBot v1.0"
46.101.116.244 - - [21/May/2025:10:09:01 +0200] "GET /Jurek/szpaklampy/feeds/szpaklampy_mallsiSH.xml HTTP/2.0" 200 388202 "-" "-"
46.101.116.244 - - [21/May/2025:10:09:12 +0200] "GET /Jurek/benetech/feeds/benetech_mallsiSH.xml HTTP/2.0" 200 4165408 "-" "-"
51.77.52.107 - - [21/May/2025:10:09:13 +0200] "GET /Jurek/eurofirany/images/468171/0.jpg HTTP/2.0" 200 95886 "-" "baselinker"
51.77.52.107 - - [21/May/2025:10:09:20 +0200] "GET /Jurek/eurofirany/images/468171/0.jpg HTTP/2.0" 200 95886 "-" "baselinker"
46.101.116.244 - - [21/May/2025:10:09:22 +0200] "GET /Jurek/dekoele/feeds/dekoele_mallsish.xml HTTP/2.0" 200 733936 "-" "-"
46.101.116.244 - - [21/May/2025:10:09:33 +0200] "GET /Jurek/drewdon/feeds/drewdon_mallsish.xml HTTP/2.0" 200 504447 "-" "-"
51.77.52.107 - - [21/May/2025:10:09:33 +0200] "GET /Jurek/eurofirany/images/468174/0.jpg HTTP/2.0" 200 95886 "-" "baselinker"
85.14.86.141 - - [21/May/2025:10:09:37 +0200] "GET /Jurek/beliani/feeds/beliani_morele.xml HTTP/2.0" 200 30713555 "-" "MarketplaceAPI curl/7.74.0 PHP/8"
46.101.116.244 - - [21/May/2025:10:09:44 +0200] "GET /Jurek/emaja24/feeds/emaja24_mallsiSH.xml HTTP/2.0" 200 5102035 "-" "-"
51.77.52.107 - - [21/May/2025:10:09:54 +0200] "GET /Jurek/eurofirany/images/468174/0.jpg HTTP/2.0" 200 95886 "-" "baselinker"
46.101.116.244 - - [21/May/2025:10:09:57 +0200] "GET /Jurek/muminky/feeds/muminky_mallsiSH.xml HTTP/2.0" 200 2677676 "-" "-"
51.77.52.107 - - [21/May/2025:10:10:01 +0200] "GET /Jurek/eurofirany/images/468174/0.jpg HTTP/2.0" 200 95886 "-" "baselinker"
51.77.52.107 - - [21/May/2025:10:10:06 +0200] "GET /Jurek/eurofirany/images/468175/0.jpg HTTP/2.0" 200 92383 "-" "baselinker"
46.101.116.244 - - [21/May/2025:10:10:08 +0200] "GET /Jurek/pupus/feeds/pupus_mallsiSH.xml HTTP/2.0" 200 6154587 "-" "-"
77.79.248.229 - - [21/May/2025:10:10:13 +0200] "GET /Jurek/ikonka/feeds/ikonka_cdon_se.xml HTTP/1.1" 200 20840839 "-" "python-requests/2.32.3"
77.79.248.229 - - [21/May/2025:10:10:13 +0200] "GET /Jurek/ikonka/feeds/ikonka_cdon_dk.xml HTTP/1.1" 200 20840746 "-" "python-requests/2.32.3"
77.79.248.229 - - [21/May/2025:10:10:14 +0200] "GET /Jurek/ikonka/feeds/ikonka_cdon_fi.xml HTTP/1.1" 200 20838781 "-" "python-requests/2.32.3"
46.101.116.244 - - [21/May/2025:10:10:20 +0200] "GET /Jurek/erohurtownia/feeds/erohurtownia_mallsish.xml HTTP/2.0" 200 22846610 "-" "-"
77.79.248.229 - - [21/May/2025:10:10:30 +0200] "GET /Jurek/rovicky/feeds/rovicky_cdonSE.xml HTTP/1.1" 200 14570726 "-" "python-requests/2.32.3"
77.79.248.229 - - [21/May/2025:10:10:31 +0200] "GET /Jurek/rovicky/feeds/rovicky_cdonDK.xml HTTP/1.1" 200 14570709 "-" "python-requests/2.32.3"
77.79.248.229 - - [21/May/2025:10:10:31 +0200] "GET /Jurek/rovicky/feeds/rovicky_cdonFI.xml HTTP/1.1" 200 14565530 "-" "python-requests/2.32.3"
77.79.248.229 - - [21/May/2025:10:10:32 +0200] "GET /Jurek/benbaby/feeds/benbaby_cdon_se.xml HTTP/1.1" 200 3709326 "-" "python-requests/2.32.3"
77.79.248.229 - - [21/May/2025:10:10:32 +0200] "GET /Jurek/benbaby/feeds/benbaby_cdon_dk.xml HTTP/1.1" 200 3709164 "-" "python-requests/2.32.3"
77.79.248.229 - - [21/May/2025:10:10:32 +0200] "GET /Jurek/benbaby/feeds/benbaby_cdon_fi.xml HTTP/1.1" 200 3706428 "-" "python-requests/2.32.3"
77.79.248.229 - - [21/May/2025:10:10:34 +0200] "GET /Jurek/candellux/feeds/candellux_cdon_se.xml HTTP/1.1" 200 466166 "-" "python-requests/2.32.3"
77.79.248.229 - - [21/May/2025:10:10:34 +0200] "GET /Jurek/candellux/feeds/candellux_cdon_dk.xml HTTP/1.1" 200 466129 "-" "python-requests/2.32.3"
77.79.248.229 - - [21/May/2025:10:10:34 +0200] "GET /Jurek/candellux/feeds/candellux_cdon_fi.xml HTTP/1.1" 200 465745 "-" "python-requests/2.32.3"
51.77.52.107 - - [21/May/2025:10:10:35 +0200] "GET /Jurek/eurofirany/images/468175/0.jpg HTTP/2.0" 200 92383 "-" "baselinker"
46.101.116.244 - - [21/May/2025:10:10:37 +0200] "GET /Jurek/oromed/feeds/oromed_mallsish.xml HTTP/2.0" 200 1267007 "-" "-"
77.79.248.229 - - [21/May/2025:10:10:39 +0200] "GET /Jurek/topeshop/feeds/topeshop_cdon_se.xml HTTP/1.1" 200 2989179 "-" "python-requests/2.32.3"
77.79.248.229 - - [21/May/2025:10:10:40 +0200] "GET /Jurek/topeshop/feeds/topeshop_cdon_dk.xml HTTP/1.1" 200 2988924 "-" "python-requests/2.32.3"
77.79.248.229 - - [21/May/2025:10:10:40 +0200] "GET /Jurek/topeshop/feeds/topeshop_cdon_fi.xml HTTP/1.1" 200 2988427 "-" "python-requests/2.32.3"
77.79.248.229 - - [21/May/2025:10:10:40 +0200] "GET /Jurek/asortymenteu/feeds/asortymenteu_cdon_se.xml HTTP/1.1" 200 2859222 "-" "python-requests/2.32.3"
77.79.248.229 - - [21/May/2025:10:10:40 +0200] "GET /Jurek/asortymenteu/feeds/asortymenteu_cdon_dk.xml HTTP/1.1" 200 2859169 "-" "python-requests/2.32.3"
