91.171.105.103 - - [21/May/2025:11:05:59 +0200] "GET /Jurek/eurofirany/images/400815/4.jpg HTTP/2.0" 200 16503 "http://localhost:5173/" "Mozilla/5.0 (Macintosh; Intel Mac OS X 10.15; rv:139.0) Gecko/20100101 Firefox/139.0"
91.171.105.103 - - [21/May/2025:11:05:59 +0200] "GET /Jurek/eurofirany/images/400815/3.jpg HTTP/2.0" 200 16503 "http://localhost:5173/" "Mozilla/5.0 (Macintosh; Intel Mac OS X 10.15; rv:139.0) Gecko/20100101 Firefox/139.0"
91.171.105.103 - - [21/May/2025:11:05:59 +0200] "GET /Jurek/eurofirany/images/369507/1.jpg HTTP/2.0" 200 16503 "http://localhost:5173/" "Mozilla/5.0 (Macintosh; Intel Mac OS X 10.15; rv:139.0) Gecko/20100101 Firefox/139.0"
91.171.105.103 - - [21/May/2025:11:05:59 +0200] "GET /Jurek/eurofirany/images/369507/2.jpg HTTP/2.0" 200 31150 "http://localhost:5173/" "Mozilla/5.0 (Macintosh; Intel Mac OS X 10.15; rv:139.0) Gecko/20100101 Firefox/139.0"
91.171.105.103 - - [21/May/2025:11:05:59 +0200] "GET /Jurek/eurofirany/images/404956/0.jpg HTTP/2.0" 200 16504 "http://localhost:5173/" "Mozilla/5.0 (Macintosh; Intel Mac OS X 10.15; rv:139.0) Gecko/20100101 Firefox/139.0"
91.171.105.103 - - [21/May/2025:11:05:59 +0200] "GET /Jurek/eurofirany/images/404956/1.jpg HTTP/2.0" 200 16503 "http://localhost:5173/" "Mozilla/5.0 (Macintosh; Intel Mac OS X 10.15; rv:139.0) Gecko/20100101 Firefox/139.0"
91.171.105.103 - - [21/May/2025:11:05:59 +0200] "GET /Jurek/eurofirany/images/404956/2.jpg HTTP/2.0" 200 16504 "http://localhost:5173/" "Mozilla/5.0 (Macintosh; Intel Mac OS X 10.15; rv:139.0) Gecko/20100101 Firefox/139.0"
91.171.105.103 - - [21/May/2025:11:05:59 +0200] "GET /Jurek/eurofirany/images/369555/0.jpg HTTP/2.0" 200 16503 "http://localhost:5173/" "Mozilla/5.0 (Macintosh; Intel Mac OS X 10.15; rv:139.0) Gecko/20100101 Firefox/139.0"
91.171.105.103 - - [21/May/2025:11:05:59 +0200] "GET /Jurek/eurofirany/images/405211/0.jpg HTTP/2.0" 200 16503 "http://localhost:5173/" "Mozilla/5.0 (Macintosh; Intel Mac OS X 10.15; rv:139.0) Gecko/20100101 Firefox/139.0"
91.171.105.103 - - [21/May/2025:11:05:59 +0200] "GET /Jurek/eurofirany/images/400798/0.jpg HTTP/2.0" 200 16503 "http://localhost:5173/" "Mozilla/5.0 (Macintosh; Intel Mac OS X 10.15; rv:139.0) Gecko/20100101 Firefox/139.0"
91.171.105.103 - - [21/May/2025:11:05:59 +0200] "GET /Jurek/eurofirany/images/405211/2.jpg HTTP/2.0" 200 16503 "http://localhost:5173/" "Mozilla/5.0 (Macintosh; Intel Mac OS X 10.15; rv:139.0) Gecko/20100101 Firefox/139.0"
91.171.105.103 - - [21/May/2025:11:05:59 +0200] "GET /Jurek/eurofirany/images/369555/1.jpg HTTP/2.0" 200 44999 "http://localhost:5173/" "Mozilla/5.0 (Macintosh; Intel Mac OS X 10.15; rv:139.0) Gecko/20100101 Firefox/139.0"
91.171.105.103 - - [21/May/2025:11:05:59 +0200] "GET /Jurek/eurofirany/images/369555/2.jpg HTTP/2.0" 200 59202 "http://localhost:5173/" "Mozilla/5.0 (Macintosh; Intel Mac OS X 10.15; rv:139.0) Gecko/20100101 Firefox/139.0"
91.171.105.103 - - [21/May/2025:11:05:59 +0200] "GET /Jurek/eurofirany/images/369507/3.jpg HTTP/2.0" 200 64327 "http://localhost:5173/" "Mozilla/5.0 (Macintosh; Intel Mac OS X 10.15; rv:139.0) Gecko/20100101 Firefox/139.0"
91.171.105.103 - - [21/May/2025:11:05:59 +0200] "GET /Jurek/eurofirany/images/405211/1.jpg HTTP/2.0" 200 16503 "http://localhost:5173/" "Mozilla/5.0 (Macintosh; Intel Mac OS X 10.15; rv:139.0) Gecko/20100101 Firefox/139.0"
91.171.105.103 - - [21/May/2025:11:05:59 +0200] "GET /Jurek/eurofirany/images/400798/1.jpg HTTP/2.0" 200 16503 "http://localhost:5173/" "Mozilla/5.0 (Macintosh; Intel Mac OS X 10.15; rv:139.0) Gecko/20100101 Firefox/139.0"
91.171.105.103 - - [21/May/2025:11:05:59 +0200] "GET /Jurek/eurofirany/images/400798/2.jpg HTTP/2.0" 200 16503 "http://localhost:5173/" "Mozilla/5.0 (Macintosh; Intel Mac OS X 10.15; rv:139.0) Gecko/20100101 Firefox/139.0"
91.171.105.103 - - [21/May/2025:11:05:59 +0200] "GET /Jurek/eurofirany/images/400800/0.jpg HTTP/2.0" 200 16503 "http://localhost:5173/" "Mozilla/5.0 (Macintosh; Intel Mac OS X 10.15; rv:139.0) Gecko/20100101 Firefox/139.0"
91.171.105.103 - - [21/May/2025:11:05:59 +0200] "GET /Jurek/eurofirany/images/400798/4.jpg HTTP/2.0" 200 16502 "http://localhost:5173/" "Mozilla/5.0 (Macintosh; Intel Mac OS X 10.15; rv:139.0) Gecko/20100101 Firefox/139.0"
91.171.105.103 - - [21/May/2025:11:05:59 +0200] "GET /Jurek/eurofirany/images/400798/3.jpg HTTP/2.0" 200 16502 "http://localhost:5173/" "Mozilla/5.0 (Macintosh; Intel Mac OS X 10.15; rv:139.0) Gecko/20100101 Firefox/139.0"
91.171.105.103 - - [21/May/2025:11:05:59 +0200] "GET /Jurek/eurofirany/images/400800/1.jpg HTTP/2.0" 200 16503 "http://localhost:5173/" "Mozilla/5.0 (Macintosh; Intel Mac OS X 10.15; rv:139.0) Gecko/20100101 Firefox/139.0"
91.171.105.103 - - [21/May/2025:11:05:59 +0200] "GET /Jurek/eurofirany/images/400800/2.jpg HTTP/2.0" 200 16503 "http://localhost:5173/" "Mozilla/5.0 (Macintosh; Intel Mac OS X 10.15; rv:139.0) Gecko/20100101 Firefox/139.0"
91.171.105.103 - - [21/May/2025:11:05:59 +0200] "GET /Jurek/eurofirany/images/371455/0.jpg HTTP/2.0" 200 16503 "http://localhost:5173/" "Mozilla/5.0 (Macintosh; Intel Mac OS X 10.15; rv:139.0) Gecko/20100101 Firefox/139.0"
91.171.105.103 - - [21/May/2025:11:05:59 +0200] "GET /Jurek/eurofirany/images/400800/4.jpg HTTP/2.0" 200 16502 "http://localhost:5173/" "Mozilla/5.0 (Macintosh; Intel Mac OS X 10.15; rv:139.0) Gecko/20100101 Firefox/139.0"
91.171.105.103 - - [21/May/2025:11:05:59 +0200] "GET /Jurek/eurofirany/images/400800/3.jpg HTTP/2.0" 200 16502 "http://localhost:5173/" "Mozilla/5.0 (Macintosh; Intel Mac OS X 10.15; rv:139.0) Gecko/20100101 Firefox/139.0"
91.171.105.103 - - [21/May/2025:11:05:59 +0200] "GET /Jurek/eurofirany/images/398670/4.jpg HTTP/2.0" 200 16505 "http://localhost:5173/" "Mozilla/5.0 (Macintosh; Intel Mac OS X 10.15; rv:139.0) Gecko/20100101 Firefox/139.0"
91.171.105.103 - - [21/May/2025:11:05:59 +0200] "GET /Jurek/eurofirany/images/398670/3.jpg HTTP/2.0" 200 16504 "http://localhost:5173/" "Mozilla/5.0 (Macintosh; Intel Mac OS X 10.15; rv:139.0) Gecko/20100101 Firefox/139.0"
91.171.105.103 - - [21/May/2025:11:05:59 +0200] "GET /Jurek/eurofirany/images/398670/0.jpg HTTP/2.0" 200 16504 "http://localhost:5173/" "Mozilla/5.0 (Macintosh; Intel Mac OS X 10.15; rv:139.0) Gecko/20100101 Firefox/139.0"
91.171.105.103 - - [21/May/2025:11:05:59 +0200] "GET /Jurek/eurofirany/images/398670/2.jpg HTTP/2.0" 200 16504 "http://localhost:5173/" "Mozilla/5.0 (Macintosh; Intel Mac OS X 10.15; rv:139.0) Gecko/20100101 Firefox/139.0"
91.171.105.103 - - [21/May/2025:11:05:59 +0200] "GET /Jurek/eurofirany/images/371450/1.jpg HTTP/2.0" 200 16503 "http://localhost:5173/" "Mozilla/5.0 (Macintosh; Intel Mac OS X 10.15; rv:139.0) Gecko/20100101 Firefox/139.0"
91.171.105.103 - - [21/May/2025:11:05:59 +0200] "GET /Jurek/eurofirany/images/371455/2.jpg HTTP/2.0" 200 64975 "http://localhost:5173/" "Mozilla/5.0 (Macintosh; Intel Mac OS X 10.15; rv:139.0) Gecko/20100101 Firefox/139.0"
91.171.105.103 - - [21/May/2025:11:05:59 +0200] "GET /Jurek/eurofirany/images/371455/1.jpg HTTP/2.0" 200 45738 "http://localhost:5173/" "Mozilla/5.0 (Macintosh; Intel Mac OS X 10.15; rv:139.0) Gecko/20100101 Firefox/139.0"
91.171.105.103 - - [21/May/2025:11:05:59 +0200] "GET /Jurek/eurofirany/images/371450/0.jpg HTTP/2.0" 200 16502 "http://localhost:5173/" "Mozilla/5.0 (Macintosh; Intel Mac OS X 10.15; rv:139.0) Gecko/20100101 Firefox/139.0"
91.171.105.103 - - [21/May/2025:11:05:59 +0200] "GET /Jurek/eurofirany/images/367898/0.jpg HTTP/2.0" 200 16503 "http://localhost:5173/" "Mozilla/5.0 (Macintosh; Intel Mac OS X 10.15; rv:139.0) Gecko/20100101 Firefox/139.0"
91.171.105.103 - - [21/May/2025:11:05:59 +0200] "GET /Jurek/eurofirany/images/367898/2.jpg HTTP/2.0" 200 16503 "http://localhost:5173/" "Mozilla/5.0 (Macintosh; Intel Mac OS X 10.15; rv:139.0) Gecko/20100101 Firefox/139.0"
91.171.105.103 - - [21/May/2025:11:05:59 +0200] "GET /Jurek/eurofirany/images/371450/2.jpg HTTP/2.0" 200 34762 "http://localhost:5173/" "Mozilla/5.0 (Macintosh; Intel Mac OS X 10.15; rv:139.0) Gecko/20100101 Firefox/139.0"
91.171.105.103 - - [21/May/2025:11:05:59 +0200] "GET /Jurek/eurofirany/images/367898/3.jpg HTTP/2.0" 200 16503 "http://localhost:5173/" "Mozilla/5.0 (Macintosh; Intel Mac OS X 10.15; rv:139.0) Gecko/20100101 Firefox/139.0"
91.171.105.103 - - [21/May/2025:11:05:59 +0200] "GET /Jurek/eurofirany/images/371450/3.jpg HTTP/2.0" 200 64975 "http://localhost:5173/" "Mozilla/5.0 (Macintosh; Intel Mac OS X 10.15; rv:139.0) Gecko/20100101 Firefox/139.0"
91.171.105.103 - - [21/May/2025:11:05:59 +0200] "GET /Jurek/eurofirany/images/404939/1.jpg HTTP/2.0" 200 16503 "http://localhost:5173/" "Mozilla/5.0 (Macintosh; Intel Mac OS X 10.15; rv:139.0) Gecko/20100101 Firefox/139.0"
91.171.105.103 - - [21/May/2025:11:05:59 +0200] "GET /Jurek/eurofirany/images/404939/0.jpg HTTP/2.0" 200 16503 "http://localhost:5173/" "Mozilla/5.0 (Macintosh; Intel Mac OS X 10.15; rv:139.0) Gecko/20100101 Firefox/139.0"
91.171.105.103 - - [21/May/2025:11:05:59 +0200] "GET /Jurek/eurofirany/images/367898/4.jpg HTTP/2.0" 200 16503 "http://localhost:5173/" "Mozilla/5.0 (Macintosh; Intel Mac OS X 10.15; rv:139.0) Gecko/20100101 Firefox/139.0"
91.171.105.103 - - [21/May/2025:11:05:59 +0200] "GET /Jurek/eurofirany/images/404939/2.jpg HTTP/2.0" 200 16504 "http://localhost:5173/" "Mozilla/5.0 (Macintosh; Intel Mac OS X 10.15; rv:139.0) Gecko/20100101 Firefox/139.0"
91.171.105.103 - - [21/May/2025:11:05:59 +0200] "GET /Jurek/eurofirany/images/405210/0.jpg HTTP/2.0" 200 16504 "http://localhost:5173/" "Mozilla/5.0 (Macintosh; Intel Mac OS X 10.15; rv:139.0) Gecko/20100101 Firefox/139.0"
91.171.105.103 - - [21/May/2025:11:05:59 +0200] "GET /Jurek/eurofirany/images/379496/0.jpg HTTP/2.0" 200 16503 "http://localhost:5173/" "Mozilla/5.0 (Macintosh; Intel Mac OS X 10.15; rv:139.0) Gecko/20100101 Firefox/139.0"
91.171.105.103 - - [21/May/2025:11:05:59 +0200] "GET /Jurek/eurofirany/images/405210/2.jpg HTTP/2.0" 200 16503 "http://localhost:5173/" "Mozilla/5.0 (Macintosh; Intel Mac OS X 10.15; rv:139.0) Gecko/20100101 Firefox/139.0"
91.171.105.103 - - [21/May/2025:11:05:59 +0200] "GET /Jurek/eurofirany/images/405210/1.jpg HTTP/2.0" 200 16503 "http://localhost:5173/" "Mozilla/5.0 (Macintosh; Intel Mac OS X 10.15; rv:139.0) Gecko/20100101 Firefox/139.0"
91.171.105.103 - - [21/May/2025:11:05:59 +0200] "GET /Jurek/eurofirany/images/379496/2.jpg HTTP/2.0" 200 16503 "http://localhost:5173/" "Mozilla/5.0 (Macintosh; Intel Mac OS X 10.15; rv:139.0) Gecko/20100101 Firefox/139.0"
91.171.105.103 - - [21/May/2025:11:05:59 +0200] "GET /Jurek/eurofirany/images/379496/1.jpg HTTP/2.0" 200 64011 "http://localhost:5173/" "Mozilla/5.0 (Macintosh; Intel Mac OS X 10.15; rv:139.0) Gecko/20100101 Firefox/139.0"
91.171.105.103 - - [21/May/2025:11:05:59 +0200] "GET /Jurek/eurofirany/images/400814/0.jpg HTTP/2.0" 200 16503 "http://localhost:5173/" "Mozilla/5.0 (Macintosh; Intel Mac OS X 10.15; rv:139.0) Gecko/20100101 Firefox/139.0"
91.171.105.103 - - [21/May/2025:11:05:59 +0200] "GET /Jurek/eurofirany/images/379496/4.jpg HTTP/2.0" 200 16503 "http://localhost:5173/" "Mozilla/5.0 (Macintosh; Intel Mac OS X 10.15; rv:139.0) Gecko/20100101 Firefox/139.0"
91.171.105.103 - - [21/May/2025:11:05:59 +0200] "GET /Jurek/eurofirany/images/379496/3.jpg HTTP/2.0" 200 16503 "http://localhost:5173/" "Mozilla/5.0 (Macintosh; Intel Mac OS X 10.15; rv:139.0) Gecko/20100101 Firefox/139.0"
91.171.105.103 - - [21/May/2025:11:05:59 +0200] "GET /Jurek/eurofirany/images/400814/2.jpg HTTP/2.0" 200 16503 "http://localhost:5173/" "Mozilla/5.0 (Macintosh; Intel Mac OS X 10.15; rv:139.0) Gecko/20100101 Firefox/139.0"
91.171.105.103 - - [21/May/2025:11:05:59 +0200] "GET /Jurek/eurofirany/images/400799/0.jpg HTTP/2.0" 200 16503 "http://localhost:5173/" "Mozilla/5.0 (Macintosh; Intel Mac OS X 10.15; rv:139.0) Gecko/20100101 Firefox/139.0"
91.171.105.103 - - [21/May/2025:11:05:59 +0200] "GET /Jurek/eurofirany/images/400814/4.jpg HTTP/2.0" 200 16503 "http://localhost:5173/" "Mozilla/5.0 (Macintosh; Intel Mac OS X 10.15; rv:139.0) Gecko/20100101 Firefox/139.0"
91.171.105.103 - - [21/May/2025:11:05:59 +0200] "GET /Jurek/eurofirany/images/400814/3.jpg HTTP/2.0" 200 16503 "http://localhost:5173/" "Mozilla/5.0 (Macintosh; Intel Mac OS X 10.15; rv:139.0) Gecko/20100101 Firefox/139.0"
91.171.105.103 - - [21/May/2025:11:05:59 +0200] "GET /Jurek/eurofirany/images/400799/1.jpg HTTP/2.0" 200 16503 "http://localhost:5173/" "Mozilla/5.0 (Macintosh; Intel Mac OS X 10.15; rv:139.0) Gecko/20100101 Firefox/139.0"
91.171.105.103 - - [21/May/2025:11:05:59 +0200] "GET /Jurek/eurofirany/images/400799/2.jpg HTTP/2.0" 200 16503 "http://localhost:5173/" "Mozilla/5.0 (Macintosh; Intel Mac OS X 10.15; rv:139.0) Gecko/20100101 Firefox/139.0"
91.171.105.103 - - [21/May/2025:11:05:59 +0200] "GET /Jurek/eurofirany/images/405208/0.jpg HTTP/2.0" 200 16503 "http://localhost:5173/" "Mozilla/5.0 (Macintosh; Intel Mac OS X 10.15; rv:139.0) Gecko/20100101 Firefox/139.0"
91.171.105.103 - - [21/May/2025:11:05:59 +0200] "GET /Jurek/eurofirany/images/400799/4.jpg HTTP/2.0" 200 16502 "http://localhost:5173/" "Mozilla/5.0 (Macintosh; Intel Mac OS X 10.15; rv:139.0) Gecko/20100101 Firefox/139.0"
91.171.105.103 - - [21/May/2025:11:05:59 +0200] "GET /Jurek/eurofirany/images/400799/3.jpg HTTP/2.0" 200 16502 "http://localhost:5173/" "Mozilla/5.0 (Macintosh; Intel Mac OS X 10.15; rv:139.0) Gecko/20100101 Firefox/139.0"
91.171.105.103 - - [21/May/2025:11:05:59 +0200] "GET /Jurek/eurofirany/images/405208/1.jpg HTTP/2.0" 200 16503 "http://localhost:5173/" "Mozilla/5.0 (Macintosh; Intel Mac OS X 10.15; rv:139.0) Gecko/20100101 Firefox/139.0"
91.171.105.103 - - [21/May/2025:11:05:59 +0200] "GET /Jurek/eurofirany/images/405208/2.jpg HTTP/2.0" 200 16503 "http://localhost:5173/" "Mozilla/5.0 (Macintosh; Intel Mac OS X 10.15; rv:139.0) Gecko/20100101 Firefox/139.0"
91.171.105.103 - - [21/May/2025:11:05:59 +0200] "GET /Jurek/eurofirany/images/405409/1.jpg HTTP/2.0" 200 16503 "http://localhost:5173/" "Mozilla/5.0 (Macintosh; Intel Mac OS X 10.15; rv:139.0) Gecko/20100101 Firefox/139.0"
91.171.105.103 - - [21/May/2025:11:05:59 +0200] "GET /Jurek/eurofirany/images/405409/0.jpg HTTP/2.0" 200 16503 "http://localhost:5173/" "Mozilla/5.0 (Macintosh; Intel Mac OS X 10.15; rv:139.0) Gecko/20100101 Firefox/139.0"
91.171.105.103 - - [21/May/2025:11:05:59 +0200] "GET /Jurek/eurofirany/images/405409/3.jpg HTTP/2.0" 200 16503 "http://localhost:5173/" "Mozilla/5.0 (Macintosh; Intel Mac OS X 10.15; rv:139.0) Gecko/20100101 Firefox/139.0"
91.171.105.103 - - [21/May/2025:11:05:59 +0200] "GET /Jurek/eurofirany/images/405409/4.jpg HTTP/2.0" 200 16503 "http://localhost:5173/" "Mozilla/5.0 (Macintosh; Intel Mac OS X 10.15; rv:139.0) Gecko/20100101 Firefox/139.0"
91.171.105.103 - - [21/May/2025:11:05:59 +0200] "GET /Jurek/eurofirany/images/369505/2.jpg HTTP/2.0" 200 31150 "http://localhost:5173/" "Mozilla/5.0 (Macintosh; Intel Mac OS X 10.15; rv:139.0) Gecko/20100101 Firefox/139.0"
91.171.105.103 - - [21/May/2025:11:05:59 +0200] "GET /Jurek/eurofirany/images/369505/1.jpg HTTP/2.0" 200 16503 "http://localhost:5173/" "Mozilla/5.0 (Macintosh; Intel Mac OS X 10.15; rv:139.0) Gecko/20100101 Firefox/139.0"
91.171.105.103 - - [21/May/2025:11:05:59 +0200] "GET /Jurek/eurofirany/images/369505/0.jpg HTTP/2.0" 200 16503 "http://localhost:5173/" "Mozilla/5.0 (Macintosh; Intel Mac OS X 10.15; rv:139.0) Gecko/20100101 Firefox/139.0"
91.171.105.103 - - [21/May/2025:11:05:59 +0200] "GET /Jurek/eurofirany/images/369505/3.jpg HTTP/2.0" 200 64327 "http://localhost:5173/" "Mozilla/5.0 (Macintosh; Intel Mac OS X 10.15; rv:139.0) Gecko/20100101 Firefox/139.0"
91.171.105.103 - - [21/May/2025:11:05:59 +0200] "GET /Jurek/eurofirany/images/392089/0.jpg HTTP/2.0" 200 16503 "http://localhost:5173/" "Mozilla/5.0 (Macintosh; Intel Mac OS X 10.15; rv:139.0) Gecko/20100101 Firefox/139.0"
91.171.105.103 - - [21/May/2025:11:05:59 +0200] "GET /Jurek/eurofirany/images/369506/4.jpg HTTP/2.0" 200 82489 "http://localhost:5173/" "Mozilla/5.0 (Macintosh; Intel Mac OS X 10.15; rv:139.0) Gecko/20100101 Firefox/139.0"
91.171.105.103 - - [21/May/2025:11:05:59 +0200] "GET /Jurek/eurofirany/images/392085/1.jpg HTTP/2.0" 200 16504 "http://localhost:5173/" "Mozilla/5.0 (Macintosh; Intel Mac OS X 10.15; rv:139.0) Gecko/20100101 Firefox/139.0"
91.171.105.103 - - [21/May/2025:11:05:59 +0200] "GET /Jurek/eurofirany/images/392085/3.jpg HTTP/2.0" 200 16504 "http://localhost:5173/" "Mozilla/5.0 (Macintosh; Intel Mac OS X 10.15; rv:139.0) Gecko/20100101 Firefox/139.0"
91.171.105.103 - - [21/May/2025:11:05:59 +0200] "GET /Jurek/eurofirany/images/392085/2.jpg HTTP/2.0" 200 16504 "http://localhost:5173/" "Mozilla/5.0 (Macintosh; Intel Mac OS X 10.15; rv:139.0) Gecko/20100101 Firefox/139.0"
91.171.105.103 - - [21/May/2025:11:05:59 +0200] "GET /Jurek/eurofirany/images/382444/1.jpg HTTP/2.0" 200 87177 "http://localhost:5173/" "Mozilla/5.0 (Macintosh; Intel Mac OS X 10.15; rv:139.0) Gecko/20100101 Firefox/139.0"
91.171.105.103 - - [21/May/2025:11:05:59 +0200] "GET /Jurek/eurofirany/images/401264/1.jpg HTTP/2.0" 200 77309 "http://localhost:5173/" "Mozilla/5.0 (Macintosh; Intel Mac OS X 10.15; rv:139.0) Gecko/20100101 Firefox/139.0"
91.171.105.103 - - [21/May/2025:11:05:59 +0200] "GET /Jurek/eurofirany/images/400815/1.jpg HTTP/2.0" 200 95781 "http://localhost:5173/" "Mozilla/5.0 (Macintosh; Intel Mac OS X 10.15; rv:139.0) Gecko/20100101 Firefox/139.0"
91.171.105.103 - - [21/May/2025:11:05:59 +0200] "GET /Jurek/eurofirany/images/369507/4.jpg HTTP/2.0" 200 82489 "http://localhost:5173/" "Mozilla/5.0 (Macintosh; Intel Mac OS X 10.15; rv:139.0) Gecko/20100101 Firefox/139.0"
91.171.105.103 - - [21/May/2025:11:05:59 +0200] "GET /Jurek/eurofirany/images/369555/3.jpg HTTP/2.0" 200 90360 "http://localhost:5173/" "Mozilla/5.0 (Macintosh; Intel Mac OS X 10.15; rv:139.0) Gecko/20100101 Firefox/139.0"
91.171.105.103 - - [21/May/2025:11:05:59 +0200] "GET /Jurek/eurofirany/images/398670/1.jpg HTTP/2.0" 200 86543 "http://localhost:5173/" "Mozilla/5.0 (Macintosh; Intel Mac OS X 10.15; rv:139.0) Gecko/20100101 Firefox/139.0"
91.171.105.103 - - [21/May/2025:11:05:59 +0200] "GET /Jurek/eurofirany/images/371455/3.jpg HTTP/2.0" 200 72649 "http://localhost:5173/" "Mozilla/5.0 (Macintosh; Intel Mac OS X 10.15; rv:139.0) Gecko/20100101 Firefox/139.0"
91.171.105.103 - - [21/May/2025:11:05:59 +0200] "GET /Jurek/eurofirany/images/367898/1.jpg HTTP/2.0" 200 84314 "http://localhost:5173/" "Mozilla/5.0 (Macintosh; Intel Mac OS X 10.15; rv:139.0) Gecko/20100101 Firefox/139.0"
91.171.105.103 - - [21/May/2025:11:05:59 +0200] "GET /Jurek/eurofirany/images/371450/4.jpg HTTP/2.0" 200 72649 "http://localhost:5173/" "Mozilla/5.0 (Macintosh; Intel Mac OS X 10.15; rv:139.0) Gecko/20100101 Firefox/139.0"
91.171.105.103 - - [21/May/2025:11:05:59 +0200] "GET /Jurek/eurofirany/images/400814/1.jpg HTTP/2.0" 200 84568 "http://localhost:5173/" "Mozilla/5.0 (Macintosh; Intel Mac OS X 10.15; rv:139.0) Gecko/20100101 Firefox/139.0"
91.171.105.103 - - [21/May/2025:11:05:59 +0200] "GET /Jurek/eurofirany/images/369505/4.jpg HTTP/2.0" 200 82489 "http://localhost:5173/" "Mozilla/5.0 (Macintosh; Intel Mac OS X 10.15; rv:139.0) Gecko/20100101 Firefox/139.0"
91.171.105.103 - - [21/May/2025:11:05:59 +0200] "GET /Jurek/eurofirany/images/392085/4.jpg HTTP/2.0" 200 87328 "http://localhost:5173/" "Mozilla/5.0 (Macintosh; Intel Mac OS X 10.15; rv:139.0) Gecko/20100101 Firefox/139.0"
91.171.105.103 - - [21/May/2025:11:05:59 +0200] "GET /Jurek/eurofirany/images/405409/2.jpg HTTP/2.0" 200 219503 "http://localhost:5173/" "Mozilla/5.0 (Macintosh; Intel Mac OS X 10.15; rv:139.0) Gecko/20100101 Firefox/139.0"
51.77.52.107 - - [21/May/2025:11:06:05 +0200] "GET /Jurek/eurofirany/images/459121/0.jpg HTTP/2.0" 200 92954 "-" "baselinker"
85.232.241.194 - - [21/May/2025:11:06:07 +0200] "GET /Jurek/topeshop/feeds/topeshop_vente_be.xml HTTP/1.1" 200 2988424 "-" "Python-urllib/3.11"
85.232.241.194 - - [21/May/2025:11:06:07 +0200] "GET /Jurek/fernity/feeds/fernity_vente_be.xml HTTP/1.1" 200 3095332 "-" "Python-urllib/3.11"
85.232.241.194 - - [21/May/2025:11:06:07 +0200] "GET /Jurek/kinghome/feeds/kinghome_vente_be.xml HTTP/1.1" 200 5623192 "-" "Python-urllib/3.11"
85.232.241.194 - - [21/May/2025:11:06:07 +0200] "GET /Jurek/emibig/feeds/emibig_vente_be.xml HTTP/1.1" 200 2522249 "-" "Python-urllib/3.11"
51.77.52.107 - - [21/May/2025:11:06:12 +0200] "GET /Jurek/eurofirany/images/459121/0.jpg HTTP/2.0" 200 92954 "-" "baselinker"
85.232.241.194 - - [21/May/2025:11:06:14 +0200] "GET /Jurek/b3/feeds/b3_vente_be.xml HTTP/1.1" 200 8079602 "-" "Python-urllib/3.11"
85.232.241.194 - - [21/May/2025:11:06:14 +0200] "GET /Jurek/aw/feeds/aw_vente_be.xml HTTP/1.1" 200 90839204 "-" "Python-urllib/3.11"
51.77.52.107 - - [21/May/2025:11:06:21 +0200] "GET /Jurek/eurofirany/images/459121/0.jpg HTTP/2.0" 200 92954 "-" "baselinker"
51.77.52.107 - - [21/May/2025:11:06:27 +0200] "GET /Jurek/eurofirany/images/459123/0.jpg HTTP/2.0" 200 100850 "-" "baselinker"
85.232.241.194 - - [21/May/2025:11:06:42 +0200] "GET /Jurek/asortymenteu/feeds/asortymenteu_vente_be.xml HTTP/1.1" 200 2858187 "-" "Python-urllib/3.11"
51.77.52.107 - - [21/May/2025:11:06:46 +0200] "GET /Jurek/eurofirany/images/459123/0.jpg HTTP/2.0" 200 100850 "-" "baselinker"
85.14.86.141 - - [21/May/2025:11:06:48 +0200] "GET /Jurek/eurofirany/feeds/eurofirany_morele.xml HTTP/2.0" 200 18845501 "-" "MarketplaceAPI curl/7.74.0 PHP/8"
85.232.241.194 - - [21/May/2025:11:06:49 +0200] "GET /Jurek/hurtownia_przemyslowa/feeds/hp_vente_be.xml HTTP/1.1" 200 49361288 "-" "Python-urllib/3.11"
51.77.52.107 - - [21/May/2025:11:06:53 +0200] "GET /Jurek/eurofirany/images/459123/0.jpg HTTP/2.0" 200 100850 "-" "baselinker"
85.14.86.141 - - [21/May/2025:11:07:06 +0200] "GET /Jurek/vivaldi/feeds/vivaldi_Morele-PL.xml HTTP/2.0" 200 344674 "-" "MarketplaceAPI curl/7.74.0 PHP/8"
51.77.52.107 - - [21/May/2025:11:07:13 +0200] "GET /Jurek/eurofirany/images/459124/0.jpg HTTP/2.0" 200 101347 "-" "baselinker"
51.77.52.107 - - [21/May/2025:11:07:25 +0200] "GET /Jurek/eurofirany/images/459124/0.jpg HTTP/2.0" 200 101347 "-" "baselinker"
51.77.52.107 - - [21/May/2025:11:07:46 +0200] "GET /Jurek/eurofirany/images/459124/0.jpg HTTP/2.0" 200 101347 "-" "baselinker"
51.77.52.107 - - [21/May/2025:11:07:51 +0200] "GET /Jurek/eurofirany/images/464218/0.jpg HTTP/2.0" 200 72310 "-" "baselinker"
51.77.52.107 - - [21/May/2025:11:08:14 +0200] "GET /Jurek/eurofirany/images/464218/0.jpg HTTP/2.0" 200 72310 "-" "baselinker"
89.161.206.59 - - [21/May/2025:11:08:19 +0200] "GET /Jurek/ikonka/feeds/ikonka_ebayde.xml HTTP/1.0" 200 7013589 "-" "-"
51.77.52.107 - - [21/May/2025:11:08:20 +0200] "GET /Jurek/eurofirany/images/464218/0.jpg HTTP/2.0" 200 72310 "-" "baselinker"
51.77.52.107 - - [21/May/2025:11:08:28 +0200] "GET /Jurek/eurofirany/images/464220/0.jpg HTTP/2.0" 200 61088 "-" "baselinker"
51.77.52.107 - - [21/May/2025:11:08:49 +0200] "GET /Jurek/eurofirany/images/464220/0.jpg HTTP/2.0" 200 61088 "-" "baselinker"
85.14.86.141 - - [21/May/2025:11:08:52 +0200] "GET /Jurek/vida_morele/feeds/VidaPL_morele.xml HTTP/2.0" 200 865188932 "-" "MarketplaceAPI curl/7.74.0 PHP/8"
85.14.86.141 - - [21/May/2025:11:09:06 +0200] "GET /Jurek/aw/feeds/awnarzedzia_morele.xml HTTP/2.0" 200 90852494 "-" "MarketplaceAPI curl/7.74.0 PHP/8"
51.77.52.107 - - [21/May/2025:11:09:10 +0200] "GET /Jurek/eurofirany/images/464220/0.jpg HTTP/2.0" 200 61088 "-" "baselinker"
85.232.241.194 - - [21/May/2025:11:09:12 +0200] "GET /Jurek/kobi/feeds/kobi_vente_es.xml HTTP/1.1" 200 942915 "-" "Python-urllib/3.11"
89.161.206.59 - - [21/May/2025:11:09:15 +0200] "GET /Jurek/aiofactory/feeds/aiofactory_ebayde.xml HTTP/1.0" 200 2123722 "-" "-"
51.77.52.107 - - [21/May/2025:11:09:18 +0200] "GET /Jurek/eurofirany/images/464221/0.jpg HTTP/2.0" 200 53096 "-" "baselinker"
185.6.76.18 - - [21/May/2025:11:09:25 +0200] "GET /marketplaces/skroutz/feeds/shumee.xml HTTP/1.1" 200 395077040 "-" "SkroutzBot v1.0"
51.77.52.107 - - [21/May/2025:11:09:25 +0200] "GET /Jurek/eurofirany/images/464221/0.jpg HTTP/2.0" 200 53096 "-" "baselinker"
89.161.206.59 - - [21/May/2025:11:09:27 +0200] "GET /Jurek/snibbs/feeds/snibbs_skroutz.xml HTTP/1.0" 200 74399 "-" "-"
85.232.241.194 - - [21/May/2025:11:09:32 +0200] "GET /Jurek/topeshop/feeds/topeshop_vente_es.xml HTTP/1.1" 200 2988438 "-" "Python-urllib/3.11"
85.232.241.194 - - [21/May/2025:11:09:32 +0200] "GET /Jurek/fernity/feeds/fernity_vente_es.xml HTTP/1.1" 200 3095438 "-" "Python-urllib/3.11"
85.232.241.194 - - [21/May/2025:11:09:33 +0200] "GET /Jurek/kinghome/feeds/kinghome_vente_es.xml HTTP/1.1" 200 5623413 "-" "Python-urllib/3.11"
51.77.52.107 - - [21/May/2025:11:09:33 +0200] "GET /Jurek/eurofirany/images/464221/0.jpg HTTP/2.0" 200 53096 "-" "baselinker"
85.232.241.194 - - [21/May/2025:11:09:33 +0200] "GET /Jurek/emibig/feeds/emibig_vente_es.xml HTTP/1.1" 200 2522555 "-" "Python-urllib/3.11"
85.232.241.194 - - [21/May/2025:11:09:33 +0200] "GET /Jurek/b3/feeds/b3_vente_es.xml HTTP/1.1" 200 8079793 "-" "Python-urllib/3.11"
85.232.241.194 - - [21/May/2025:11:09:40 +0200] "GET /Jurek/aw/feeds/aw_vente_es.xml HTTP/1.1" 200 90842602 "-" "Python-urllib/3.11"
89.161.206.59 - - [21/May/2025:11:09:56 +0200] "GET /Jurek/globaldeli/feeds/globaldeli_skroutz.xml HTTP/1.0" 200 2590887 "-" "-"
51.77.52.107 - - [21/May/2025:11:10:03 +0200] "GET /Jurek/eurofirany/images/464225/0.jpg HTTP/2.0" 200 43770 "-" "baselinker"
51.77.52.107 - - [21/May/2025:11:10:09 +0200] "GET /Jurek/eurofirany/images/464225/0.jpg HTTP/2.0" 200 43770 "-" "baselinker"
85.232.241.194 - - [21/May/2025:11:10:15 +0200] "GET /Jurek/asortymenteu/feeds/asortymenteu_vente_es.xml HTTP/1.1" 200 2858216 "-" "Python-urllib/3.11"
85.232.241.194 - - [21/May/2025:11:10:16 +0200] "GET /Jurek/hurtownia_przemyslowa/feeds/hp_vente_es.xml HTTP/1.1" 200 49362004 "-" "Python-urllib/3.11"
51.77.52.107 - - [21/May/2025:11:10:17 +0200] "GET /Jurek/eurofirany/images/464225/0.jpg HTTP/2.0" 200 43770 "-" "baselinker"
85.14.86.141 - - [21/May/2025:11:10:21 +0200] "GET /Jurek/beliani/feeds/beliani_morele.xml HTTP/2.0" 200 30713555 "-" "MarketplaceAPI curl/7.74.0 PHP/8"
51.77.52.107 - - [21/May/2025:11:10:28 +0200] "GET /Jurek/eurofirany/images/464226/0.jpg HTTP/2.0" 200 48117 "-" "baselinker"
51.77.52.107 - - [21/May/2025:11:10:36 +0200] "GET /Jurek/eurofirany/images/464226/0.jpg HTTP/2.0" 200 48117 "-" "baselinker"
51.77.52.107 - - [21/May/2025:11:11:03 +0200] "GET /Jurek/eurofirany/images/464226/0.jpg HTTP/2.0" 200 48117 "-" "baselinker"
51.77.52.107 - - [21/May/2025:11:11:27 +0200] "GET /Jurek/eurofirany/images/464228/0.jpg HTTP/2.0" 200 57021 "-" "baselinker"
89.161.206.59 - - [21/May/2025:11:11:31 +0200] "GET /Jurek/bemipol/feeds/bemipol_skroutz.xml HTTP/1.0" 200 423628 "-" "-"
89.161.206.59 - - [21/May/2025:11:11:35 +0200] "GET /Jurek/bentivolio/feeds/bentivolio_skr.xml HTTP/1.0" 200 1261313 "-" "-"
51.77.52.107 - - [21/May/2025:11:11:35 +0200] "GET /Jurek/eurofirany/images/464228/0.jpg HTTP/2.0" 200 57021 "-" "baselinker"
89.161.206.59 - - [21/May/2025:11:11:37 +0200] "GET /Jurek/mechdecor/feeds/mechdecor_skr.xml HTTP/1.0" 200 596178 "-" "-"
89.161.206.59 - - [21/May/2025:11:11:37 +0200] "GET /Jurek/apresto/feeds/apresto_skr.xml HTTP/1.0" 200 1316761 "-" "-"
89.161.206.59 - - [21/May/2025:11:11:38 +0200] "GET /Jurek/mojeledy/feeds/mojeledy_skr.xml HTTP/1.0" 200 1015547 "-" "-"
89.161.206.59 - - [21/May/2025:11:11:39 +0200] "GET /Jurek/sovapl/feeds/sovapl_skr.xml HTTP/1.0" 200 8999446 "-" "-"
89.161.206.59 - - [21/May/2025:11:11:40 +0200] "GET /Jurek/missionair/feeds/missionair_skr.xml HTTP/1.0" 200 3154864 "-" "-"
89.161.206.59 - - [21/May/2025:11:11:41 +0200] "GET /Jurek/andex/feeds/andex_skr.xml HTTP/1.0" 200 933052 "-" "-"
89.161.206.59 - - [21/May/2025:11:11:41 +0200] "GET /Jurek/fertes/feeds/fertes_skr.xml HTTP/1.0" 200 2361826 "-" "-"
89.161.206.59 - - [21/May/2025:11:11:42 +0200] "GET /Jurek/kamar/feeds/kamar_skr.xml HTTP/1.0" 200 25550015 "-" "-"
51.77.52.107 - - [21/May/2025:11:11:42 +0200] "GET /Jurek/eurofirany/images/464228/0.jpg HTTP/2.0" 200 57021 "-" "baselinker"
89.161.206.59 - - [21/May/2025:11:11:42 +0200] "GET /Jurek/sklep24amk/feeds/sklep24amk_skroutz.xml HTTP/1.0" 200 3894612 "-" "-"
89.161.206.59 - - [21/May/2025:11:11:43 +0200] "GET /Jurek/wezer/feeds/wezer_skroutz.xml HTTP/1.0" 200 202563 "-" "-"
89.161.206.59 - - [21/May/2025:11:11:44 +0200] "GET /Jurek/shiori/feeds/shiori_skroutz.xml HTTP/1.0" 200 453652 "-" "-"
89.161.206.59 - - [21/May/2025:11:11:44 +0200] "GET /Jurek/bisanti/feeds/bisanti_skroutz.xml HTTP/1.0" 200 1142299 "-" "-"
51.77.52.107 - - [21/May/2025:11:11:55 +0200] "GET /Jurek/eurofirany/images/459048/0.jpg HTTP/2.0" 200 112049 "-" "baselinker"
89.161.206.59 - - [21/May/2025:11:11:59 +0200] "GET /Jurek/beautycare/feeds/beautycare_emagro.xml HTTP/1.0" 200 1181602 "-" "-"
51.77.52.107 - - [21/May/2025:11:12:02 +0200] "GET /Jurek/eurofirany/images/459048/0.jpg HTTP/2.0" 200 112049 "-" "baselinker"
51.77.52.107 - - [21/May/2025:11:12:21 +0200] "GET /Jurek/eurofirany/images/459048/0.jpg HTTP/2.0" 200 112049 "-" "baselinker"
51.77.52.107 - - [21/May/2025:11:12:29 +0200] "GET /Jurek/eurofirany/images/459049/0.jpg HTTP/2.0" 200 112049 "-" "baselinker"
51.77.52.107 - - [21/May/2025:11:12:37 +0200] "GET /Jurek/eurofirany/images/459049/0.jpg HTTP/2.0" 200 112049 "-" "baselinker"
51.77.52.107 - - [21/May/2025:11:12:46 +0200] "GET /Jurek/eurofirany/images/459049/0.jpg HTTP/2.0" 200 112049 "-" "baselinker"
85.232.241.194 - - [21/May/2025:11:12:47 +0200] "GET /Jurek/kobi/feeds/kobi_vente_it.xml HTTP/1.1" 200 942939 "-" "Python-urllib/3.11"
51.77.52.107 - - [21/May/2025:11:12:55 +0200] "GET /Jurek/eurofirany/images/467099/0.jpg HTTP/2.0" 200 106574 "-" "baselinker"
85.232.241.194 - - [21/May/2025:11:13:00 +0200] "GET /Jurek/topeshop/feeds/topeshop_vente_it.xml HTTP/1.1" 200 2988409 "-" "Python-urllib/3.11"
85.232.241.194 - - [21/May/2025:11:13:00 +0200] "GET /Jurek/fernity/feeds/fernity_vente_it.xml HTTP/1.1" 200 3095439 "-" "Python-urllib/3.11"
85.232.241.194 - - [21/May/2025:11:13:01 +0200] "GET /Jurek/kinghome/feeds/kinghome_vente_it.xml HTTP/1.1" 200 5623362 "-" "Python-urllib/3.11"
85.232.241.194 - - [21/May/2025:11:13:01 +0200] "GET /Jurek/emibig/feeds/emibig_vente_it.xml HTTP/1.1" 200 2522440 "-" "Python-urllib/3.11"
85.232.241.194 - - [21/May/2025:11:13:01 +0200] "GET /Jurek/b3/feeds/b3_vente_it.xml HTTP/1.1" 200 8079728 "-" "Python-urllib/3.11"
51.77.52.107 - - [21/May/2025:11:13:01 +0200] "GET /Jurek/eurofirany/images/467099/0.jpg HTTP/2.0" 200 106574 "-" "baselinker"
85.232.241.194 - - [21/May/2025:11:13:07 +0200] "GET /Jurek/aw/feeds/aw_vente_it.xml HTTP/1.1" 200 90841157 "-" "Python-urllib/3.11"
85.232.241.194 - - [21/May/2025:11:13:29 +0200] "GET /Jurek/asortymenteu/feeds/asortymenteu_vente_it.xml HTTP/1.1" 200 2858177 "-" "Python-urllib/3.11"
85.232.241.194 - - [21/May/2025:11:13:29 +0200] "GET /Jurek/hurtownia_przemyslowa/feeds/hp_vente_it.xml HTTP/1.1" 200 49361672 "-" "Python-urllib/3.11"
51.77.52.107 - - [21/May/2025:11:13:34 +0200] "GET /Jurek/eurofirany/images/467099/0.jpg HTTP/2.0" 200 106574 "-" "baselinker"
51.77.52.107 - - [21/May/2025:11:13:42 +0200] "GET /Jurek/eurofirany/images/467100/0.jpg HTTP/2.0" 200 102728 "-" "baselinker"
51.77.52.107 - - [21/May/2025:11:14:06 +0200] "GET /Jurek/eurofirany/images/467100/0.jpg HTTP/2.0" 200 102728 "-" "baselinker"
51.77.52.107 - - [21/May/2025:11:14:32 +0200] "GET /Jurek/eurofirany/images/467100/0.jpg HTTP/2.0" 200 102728 "-" "baselinker"
51.77.52.107 - - [21/May/2025:11:14:39 +0200] "GET /Jurek/eurofirany/images/467116/0.jpg HTTP/2.0" 200 90283 "-" "baselinker"
51.77.52.107 - - [21/May/2025:11:14:46 +0200] "GET /Jurek/eurofirany/images/467116/0.jpg HTTP/2.0" 200 90283 "-" "baselinker"
51.77.52.107 - - [21/May/2025:11:15:00 +0200] "GET /Jurek/eurofirany/images/467116/0.jpg HTTP/2.0" 200 90283 "-" "baselinker"
89.161.206.59 - - [21/May/2025:11:15:07 +0200] "GET /Jurek/stema/feeds/stema_skroutz.xml HTTP/1.0" 200 429099 "-" "-"
51.77.52.107 - - [21/May/2025:11:15:16 +0200] "GET /Jurek/eurofirany/images/467344/0.jpg HTTP/2.0" 200 61262 "-" "baselinker"
51.77.52.107 - - [21/May/2025:11:15:24 +0200] "GET /Jurek/eurofirany/images/467344/0.jpg HTTP/2.0" 200 61262 "-" "baselinker"
51.77.52.107 - - [21/May/2025:11:15:30 +0200] "GET /Jurek/eurofirany/images/467344/0.jpg HTTP/2.0" 200 61262 "-" "baselinker"
51.77.52.107 - - [21/May/2025:11:15:35 +0200] "GET /Jurek/eurofirany/images/467346/0.jpg HTTP/2.0" 200 88087 "-" "baselinker"
51.77.52.107 - - [21/May/2025:11:15:55 +0200] "GET /Jurek/eurofirany/images/467346/0.jpg HTTP/2.0" 200 88087 "-" "baselinker"
85.232.241.194 - - [21/May/2025:11:16:12 +0200] "GET /Jurek/kobi/feeds/kobi_vente_ne.xml HTTP/1.1" 200 942936 "-" "Python-urllib/3.11"
51.77.52.107 - - [21/May/2025:11:16:21 +0200] "GET /Jurek/eurofirany/images/467346/0.jpg HTTP/2.0" 200 88087 "-" "baselinker"
51.77.52.107 - - [21/May/2025:11:16:26 +0200] "GET /Jurek/eurofirany/images/467415/0.jpg HTTP/2.0" 200 51469 "-" "baselinker"
85.232.241.194 - - [21/May/2025:11:16:26 +0200] "GET /Jurek/topeshop/feeds/topeshop_vente_ne.xml HTTP/1.1" 200 2988395 "-" "Python-urllib/3.11"
85.232.241.194 - - [21/May/2025:11:16:26 +0200] "GET /Jurek/fernity/feeds/fernity_vente_ne.xml HTTP/1.1" 200 3095300 "-" "Python-urllib/3.11"
85.232.241.194 - - [21/May/2025:11:16:27 +0200] "GET /Jurek/kinghome/feeds/kinghome_vente_ne.xml HTTP/1.1" 200 5623229 "-" "Python-urllib/3.11"
85.232.241.194 - - [21/May/2025:11:16:27 +0200] "GET /Jurek/emibig/feeds/emibig_vente_ne.xml HTTP/1.1" 200 2522247 "-" "Python-urllib/3.11"
85.232.241.194 - - [21/May/2025:11:16:27 +0200] "GET /Jurek/b3/feeds/b3_vente_nl.xml HTTP/1.1" 200 8079557 "-" "Python-urllib/3.11"
85.232.241.194 - - [21/May/2025:11:16:34 +0200] "GET /Jurek/aw/feeds/aw_vente_nl.xml HTTP/1.1" 200 90839492 "-" "Python-urllib/3.11"
51.77.52.107 - - [21/May/2025:11:16:52 +0200] "GET /Jurek/eurofirany/images/467415/0.jpg HTTP/2.0" 200 51469 "-" "baselinker"
85.232.241.194 - - [21/May/2025:11:17:02 +0200] "GET /Jurek/asortymenteu/feeds/asortymenteu_vente_nl.xml HTTP/1.1" 200 2858178 "-" "Python-urllib/3.11"
85.232.241.194 - - [21/May/2025:11:17:02 +0200] "GET /Jurek/hurtownia_przemyslowa/feeds/hp_vente_nl.xml HTTP/1.1" 200 49361456 "-" "Python-urllib/3.11"
51.77.52.107 - - [21/May/2025:11:17:13 +0200] "GET /Jurek/eurofirany/images/467415/0.jpg HTTP/2.0" 200 51469 "-" "baselinker"
51.77.52.107 - - [21/May/2025:11:17:20 +0200] "GET /Jurek/eurofirany/images/464834/0.jpg HTTP/2.0" 200 168658 "-" "baselinker"
51.77.52.107 - - [21/May/2025:11:17:39 +0200] "GET /Jurek/eurofirany/images/464834/0.jpg HTTP/2.0" 200 168658 "-" "baselinker"
51.77.52.107 - - [21/May/2025:11:18:15 +0200] "GET /Jurek/eurofirany/images/464834/0.jpg HTTP/2.0" 200 168658 "-" "baselinker"
51.77.52.107 - - [21/May/2025:11:18:18 +0200] "GET /Jurek/eurofirany/images/464941/0.jpg HTTP/2.0" 200 164213 "-" "baselinker"
51.77.52.107 - - [21/May/2025:11:18:37 +0200] "GET /Jurek/eurofirany/images/464941/0.jpg HTTP/2.0" 200 164213 "-" "baselinker"
51.77.52.107 - - [21/May/2025:11:18:57 +0200] "GET /Jurek/eurofirany/images/464941/0.jpg HTTP/2.0" 200 164213 "-" "baselinker"
51.77.52.107 - - [21/May/2025:11:19:16 +0200] "GET /Jurek/eurofirany/images/464942/0.jpg HTTP/2.0" 200 164213 "-" "baselinker"
51.77.52.107 - - [21/May/2025:11:19:45 +0200] "GET /Jurek/eurofirany/images/464942/0.jpg HTTP/2.0" 200 164213 "-" "baselinker"
51.77.52.107 - - [21/May/2025:11:20:11 +0200] "GET /Jurek/eurofirany/images/464942/0.jpg HTTP/2.0" 200 164213 "-" "baselinker"
51.77.52.107 - - [21/May/2025:11:20:19 +0200] "GET /Jurek/eurofirany/images/464951/0.jpg HTTP/2.0" 200 164817 "-" "baselinker"
66.211.183.70 - - [21/May/2025:11:20:22 +0200] "GET /Jurek/topeshop/downloaded_images/5902838464359_KUBABIURKOBRY%C5%81KABIELBOKZM.jpg HTTP/1.1" 404 3551 "http://www.ebay.com/" "Mozilla/5.0 (Windows NT 10.0; Win64; x64) AppleWebKit/537.36 (KHTML, like Gecko) Chrome/123.0.0.0 Safari/537.36"
66.211.183.72 - - [21/May/2025:11:20:22 +0200] "GET /Jurek/topeshop/downloaded_images/5902838464359_KUBABIURKOBRY%C5%81KABIELFRONTOT.jpg HTTP/1.1" 404 3551 "http://www.ebay.com/" "Mozilla/5.0 (Windows NT 10.0; Win64; x64) AppleWebKit/537.36 (KHTML, like Gecko) Chrome/123.0.0.0 Safari/537.36"
66.211.183.73 - - [21/May/2025:11:20:22 +0200] "GET /Jurek/topeshop/downloaded_images/5902838464359_KUBABIURKOBIEL2OT.png HTTP/1.1" 404 3551 "http://www.ebay.com/" "Mozilla/5.0 (Windows NT 10.0; Win64; x64) AppleWebKit/537.36 (KHTML, like Gecko) Chrome/123.0.0.0 Safari/537.36"
66.211.183.73 - - [21/May/2025:11:20:22 +0200] "GET /Jurek/topeshop/downloaded_images/5902838464359_KUBABIURKOBRY%C5%81KABIELBOKOT.jpg HTTP/1.1" 404 3551 "http://www.ebay.com/" "Mozilla/5.0 (Windows NT 10.0; Win64; x64) AppleWebKit/537.36 (KHTML, like Gecko) Chrome/123.0.0.0 Safari/537.36"
66.211.183.70 - - [21/May/2025:11:20:22 +0200] "GET /Jurek/topeshop/downloaded_images/5902838464359_KUBABIURKOBRY%C5%81KABIELFRONTZM.jpg HTTP/1.1" 404 3551 "http://www.ebay.com/" "Mozilla/5.0 (Windows NT 10.0; Win64; x64) AppleWebKit/537.36 (KHTML, like Gecko) Chrome/123.0.0.0 Safari/537.36"
66.211.183.71 - - [21/May/2025:11:20:22 +0200] "GET /Jurek/topeshop/downloaded_images/5902838464359_KUBABIURKOBIEL2.png HTTP/1.1" 404 3551 "http://www.ebay.com/" "Mozilla/5.0 (Windows NT 10.0; Win64; x64) AppleWebKit/537.36 (KHTML, like Gecko) Chrome/123.0.0.0 Safari/537.36"
66.211.183.71 - - [21/May/2025:11:20:22 +0200] "GET /Jurek/topeshop/downloaded_images/5902838464359_KUBABIURKOBIEL_.png HTTP/1.1" 404 3551 "http://www.ebay.com/" "Mozilla/5.0 (Windows NT 10.0; Win64; x64) AppleWebKit/537.36 (KHTML, like Gecko) Chrome/123.0.0.0 Safari/537.36"
51.77.52.107 - - [21/May/2025:11:20:40 +0200] "GET /Jurek/eurofirany/images/464951/0.jpg HTTP/2.0" 200 164817 "-" "baselinker"
85.232.241.194 - - [21/May/2025:11:20:54 +0200] "GET /Jurek/kobi/feeds/kobi_vente_de.xml HTTP/1.1" 200 942912 "-" "Python-urllib/3.11"
51.77.52.107 - - [21/May/2025:11:21:01 +0200] "GET /Jurek/eurofirany/images/464951/0.jpg HTTP/2.0" 200 164817 "-" "baselinker"
85.232.241.194 - - [21/May/2025:11:21:02 +0200] "GET /Jurek/topeshop/feeds/topeshop_vente_de.xml HTTP/1.1" 200 2988313 "-" "Python-urllib/3.11"
85.232.241.194 - - [21/May/2025:11:21:02 +0200] "GET /Jurek/fernity/feeds/fernity_vente_de.xml HTTP/1.1" 200 3095313 "-" "Python-urllib/3.11"
85.232.241.194 - - [21/May/2025:11:21:02 +0200] "GET /Jurek/kinghome/feeds/kinghome_vente_de.xml HTTP/1.1" 200 5623203 "-" "Python-urllib/3.11"
85.232.241.194 - - [21/May/2025:11:21:02 +0200] "GET /Jurek/emibig/feeds/emibig_vente_de.xml HTTP/1.1" 200 2522294 "-" "Python-urllib/3.11"
85.232.241.194 - - [21/May/2025:11:21:02 +0200] "GET /Jurek/b3/feeds/b3_vente_de.xml HTTP/1.1" 200 8079470 "-" "Python-urllib/3.11"
185.6.76.166 - - [21/May/2025:11:21:04 +0200] "GET /Jurek/eurofirany/images/432649/0.jpg HTTP/1.1" 200 6625 "-" "Skroutz ImageBot v1"
85.232.241.194 - - [21/May/2025:11:21:09 +0200] "GET /Jurek/aw/feeds/aw_vente_de.xml HTTP/1.1" 200 90839059 "-" "Python-urllib/3.11"
51.77.52.107 - - [21/May/2025:11:21:20 +0200] "GET /Jurek/eurofirany/images/464952/0.jpg HTTP/2.0" 200 164817 "-" "baselinker"
85.232.241.194 - - [21/May/2025:11:21:44 +0200] "GET /Jurek/asortymenteu/feeds/asortymenteu_vente_de.xml HTTP/1.1" 200 2858152 "-" "Python-urllib/3.11"
85.232.241.194 - - [21/May/2025:11:21:44 +0200] "GET /Jurek/hurtownia_przemyslowa/feeds/hp_vente_de.xml HTTP/1.1" 200 49361270 "-" "Python-urllib/3.11"
51.77.52.107 - - [21/May/2025:11:21:45 +0200] "GET /Jurek/eurofirany/images/464952/0.jpg HTTP/2.0" 200 164817 "-" "baselinker"
89.161.206.59 - - [21/May/2025:11:21:45 +0200] "GET /Jurek/artdog/feeds/artdog_amazonbe.xml HTTP/1.0" 200 17158741 "-" "-"
51.77.52.107 - - [21/May/2025:11:22:15 +0200] "GET /Jurek/eurofirany/images/464952/0.jpg HTTP/2.0" 200 164817 "-" "baselinker"
85.232.241.194 - - [21/May/2025:11:22:19 +0200] "GET /Jurek/action/feeds/action_ubaldi.xml HTTP/1.1" 200 58390335 "-" "Python-urllib/3.11"
51.77.52.107 - - [21/May/2025:11:22:32 +0200] "GET /Jurek/eurofirany/images/464090/0.jpg HTTP/2.0" 200 158000 "-" "baselinker"
216.113.184.103 - - [21/May/2025:11:22:46 +0200] "GET /Jurek/topeshop/downloaded_images/5904507202002_BILBAO4P__ARTISAN(2).jpg HTTP/1.1" 404 3551 "http://www.ebay.com/" "Mozilla/5.0 (Windows NT 10.0; Win64; x64) AppleWebKit/537.36 (KHTML, like Gecko) Chrome/123.0.0.0 Safari/537.36"
216.113.184.103 - - [21/May/2025:11:22:46 +0200] "GET /Jurek/topeshop/downloaded_images/5904507202002_BILBAO4P__ARTISAN(1).jpg HTTP/1.1" 404 3551 "http://www.ebay.com/" "Mozilla/5.0 (Windows NT 10.0; Win64; x64) AppleWebKit/537.36 (KHTML, like Gecko) Chrome/123.0.0.0 Safari/537.36"
216.113.184.102 - - [21/May/2025:11:22:46 +0200] "GET /Jurek/topeshop/downloaded_images/5904507202002_BILBAO4P__ARTISAN(3).jpg HTTP/1.1" 404 3551 "http://www.ebay.com/" "Mozilla/5.0 (Windows NT 10.0; Win64; x64) AppleWebKit/537.36 (KHTML, like Gecko) Chrome/123.0.0.0 Safari/537.36"
216.113.184.102 - - [21/May/2025:11:22:46 +0200] "GET /Jurek/topeshop/downloaded_images/5904507202002_BILBAO4P__ARTISAN(4).jpg HTTP/1.1" 404 3551 "http://www.ebay.com/" "Mozilla/5.0 (Windows NT 10.0; Win64; x64) AppleWebKit/537.36 (KHTML, like Gecko) Chrome/123.0.0.0 Safari/537.36"
216.113.184.104 - - [21/May/2025:11:22:47 +0200] "GET /Jurek/topeshop/downloaded_images/5904507202002_BILBAO_4P1_3.png HTTP/1.1" 200 571721 "http://www.ebay.com/" "Mozilla/5.0 (Windows NT 10.0; Win64; x64) AppleWebKit/537.36 (KHTML, like Gecko) Chrome/123.0.0.0 Safari/537.36"
216.113.184.103 - - [21/May/2025:11:22:47 +0200] "GET /Jurek/topeshop/downloaded_images/5904507202002_BILBAO_4P1_3_.png HTTP/1.1" 200 810253 "http://www.ebay.com/" "Mozilla/5.0 (Windows NT 10.0; Win64; x64) AppleWebKit/537.36 (KHTML, like Gecko) Chrome/123.0.0.0 Safari/537.36"
216.113.184.102 - - [21/May/2025:11:22:47 +0200] "GET /Jurek/topeshop/downloaded_images/5904507202002_BILBAO_4P_1_3.png HTTP/1.1" 200 1340462 "http://www.ebay.com/" "Mozilla/5.0 (Windows NT 10.0; Win64; x64) AppleWebKit/537.36 (KHTML, like Gecko) Chrome/123.0.0.0 Safari/537.36"
216.113.184.103 - - [21/May/2025:11:22:47 +0200] "GET /Jurek/topeshop/downloaded_images/5904507202002_BILBAO_4P_2_3.png HTTP/1.1" 200 1269265 "http://www.ebay.com/" "Mozilla/5.0 (Windows NT 10.0; Win64; x64) AppleWebKit/537.36 (KHTML, like Gecko) Chrome/123.0.0.0 Safari/537.36"
51.77.52.107 - - [21/May/2025:11:22:49 +0200] "GET /Jurek/eurofirany/images/464090/0.jpg HTTP/2.0" 200 158000 "-" "baselinker"
51.77.52.107 - - [21/May/2025:11:23:01 +0200] "GET /Jurek/eurofirany/images/464090/0.jpg HTTP/2.0" 200 158000 "-" "baselinker"
85.232.241.194 - - [21/May/2025:11:23:16 +0200] "GET /Jurek/hurtownia_przemyslowa/feeds/hp_ubaldi.xml HTTP/1.1" 200 49361670 "-" "Python-urllib/3.11"
51.77.52.107 - - [21/May/2025:11:23:17 +0200] "GET /Jurek/eurofirany/images/468378/0.jpg HTTP/2.0" 200 107121 "-" "baselinker"
85.232.241.194 - - [21/May/2025:11:23:23 +0200] "GET /Jurek/aw/feeds/aw_ubaldi.xml HTTP/1.1" 200 90844347 "-" "Python-urllib/3.11"
85.232.241.194 - - [21/May/2025:11:23:44 +0200] "GET /Jurek/intsell/feeds/intsell_rue.xml HTTP/1.1" 200 342009695 "-" "Python-urllib/3.11"
51.77.52.107 - - [21/May/2025:11:23:47 +0200] "GET /Jurek/eurofirany/images/468378/0.jpg HTTP/2.0" 200 107121 "-" "baselinker"
85.232.241.194 - - [21/May/2025:11:23:51 +0200] "GET /Jurek/ekuchcikowo/feeds/ekuchcikowo_rue.xml HTTP/1.1" 200 12471061 "-" "Python-urllib/3.11"
178.21.154.6 - - [21/May/2025:11:23:55 +0200] "GET /Jurek/eurofirany/images/394034/0.jpg HTTP/1.1" 200 165941 "-" "-"
51.77.52.107 - - [21/May/2025:11:24:17 +0200] "GET /Jurek/eurofirany/images/468378/0.jpg HTTP/2.0" 200 107121 "-" "baselinker"
85.232.241.194 - - [21/May/2025:11:24:19 +0200] "GET /Jurek/naszedzieci/feeds/naszedzieci_ubaldi.xml HTTP/1.1" 200 833168061 "-" "Python-urllib/3.11"
85.232.241.194 - - [21/May/2025:11:24:19 +0200] "GET /Jurek/kidshop/feeds/kidshop_ubaldi.xml HTTP/1.1" 200 19850637 "-" "Python-urllib/3.11"
85.232.241.194 - - [21/May/2025:11:24:19 +0200] "GET /Jurek/kobi/feeds/kobi_ubaldi.xml HTTP/1.1" 200 1993095 "-" "Python-urllib/3.11"
51.77.52.107 - - [21/May/2025:11:24:20 +0200] "GET /Jurek/eurofirany/images/468385/0.jpg HTTP/2.0" 200 112801 "-" "baselinker"
85.232.241.194 - - [21/May/2025:11:24:26 +0200] "GET /Jurek/najtanszysport/feeds/najtanszysport_ubaldi.xml HTTP/1.1" 200 3983234 "-" "Python-urllib/3.11"
85.232.241.194 - - [21/May/2025:11:24:26 +0200] "GET /Jurek/luxma/feeds/luxma_ubaldi.xml HTTP/1.1" 200 8058615 "-" "Python-urllib/3.11"
85.232.241.194 - - [21/May/2025:11:24:26 +0200] "GET /Jurek/kristronik/feeds/kristronik_ubaldi.xml HTTP/1.1" 200 691980 "-" "Python-urllib/3.11"
85.232.241.194 - - [21/May/2025:11:24:27 +0200] "GET /Jurek/rider/feeds/rider_ubaldi.xml HTTP/1.1" 200 8165151 "-" "Python-urllib/3.11"
85.232.241.194 - - [21/May/2025:11:24:33 +0200] "GET /Jurek/broers/feeds/broers_ubaldi.xml HTTP/1.1" 200 1982599 "-" "Python-urllib/3.11"
85.232.241.194 - - [21/May/2025:11:24:33 +0200] "GET /Jurek/straganbiur/feeds/straganbiur_ubaldi.xml HTTP/1.1" 200 8893051 "-" "Python-urllib/3.11"
85.232.241.194 - - [21/May/2025:11:24:40 +0200] "GET /Jurek/b3/feeds/b3_ubaldi.xml HTTP/1.1" 200 8079768 "-" "Python-urllib/3.11"
85.232.241.194 - - [21/May/2025:11:24:40 +0200] "GET /Jurek/kinghoff/feeds/kinghoff_ubaldi.xml HTTP/1.1" 200 15589240 "-" "Python-urllib/3.11"
85.232.241.194 - - [21/May/2025:11:24:40 +0200] "GET /Jurek/topeshop/feeds/topeshop_ubaldi.xml HTTP/1.1" 200 2988396 "-" "Python-urllib/3.11"
85.232.241.194 - - [21/May/2025:11:24:40 +0200] "GET /Jurek/sempler/feeds/sempler_ubaldi.xml HTTP/1.1" 200 6787943 "-" "Python-urllib/3.11"
85.232.241.194 - - [21/May/2025:11:24:41 +0200] "GET /Jurek/aw/feeds/aw_worten.xml HTTP/1.1" 200 90841816 "-" "Python-urllib/3.11"
85.232.241.194 - - [21/May/2025:11:24:41 +0200] "GET /Jurek/asortymenteu/feeds/asortymenteu_ubaldi.xml HTTP/1.1" 200 2858222 "-" "Python-urllib/3.11"
51.77.52.107 - - [21/May/2025:11:24:41 +0200] "GET /Jurek/eurofirany/images/468385/0.jpg HTTP/2.0" 200 112801 "-" "baselinker"
85.232.241.194 - - [21/May/2025:11:24:47 +0200] "GET /Jurek/hlo/feeds/hlo_ubaldi.xml HTTP/1.1" 200 4837703 "-" "Python-urllib/3.11"
85.232.241.194 - - [21/May/2025:11:24:47 +0200] "GET /Jurek/elavia/feeds/elavia_ubaldi.xml HTTP/1.1" 200 2497290 "-" "Python-urllib/3.11"
85.232.241.194 - - [21/May/2025:11:24:47 +0200] "GET /Jurek/aw/feeds/aw_wortenES.xml HTTP/1.1" 200 90842246 "-" "Python-urllib/3.11"
51.77.52.107 - - [21/May/2025:11:24:47 +0200] "GET /Jurek/eurofirany/images/468385/0.jpg HTTP/2.0" 200 112801 "-" "baselinker"
85.232.241.194 - - [21/May/2025:11:24:47 +0200] "GET /Jurek/cdata/feeds/cdata_ubaldi.xml HTTP/1.1" 200 1445141 "-" "Python-urllib/3.11"
85.232.241.194 - - [21/May/2025:11:24:48 +0200] "GET /Jurek/cenoman/feeds/cenoman_ubaldi.xml HTTP/1.1" 200 5993068 "-" "Python-urllib/3.11"
85.232.241.194 - - [21/May/2025:11:24:48 +0200] "GET /Jurek/action/feeds/action_worten.xml HTTP/1.1" 200 58390946 "-" "Python-urllib/3.11"
85.232.241.194 - - [21/May/2025:11:24:48 +0200] "GET /Jurek/kamar/feeds/kamar_ubaldi.xml HTTP/1.1" 200 25550248 "-" "Python-urllib/3.11"
51.77.52.107 - - [21/May/2025:11:24:52 +0200] "GET /Jurek/eurofirany/images/466889/0.jpg HTTP/2.0" 200 80848 "-" "baselinker"
85.232.241.194 - - [21/May/2025:11:24:54 +0200] "GET /Jurek/avenido/feeds/avenido_ubaldi.xml HTTP/1.1" 200 720112 "-" "Python-urllib/3.11"
85.232.241.194 - - [21/May/2025:11:24:54 +0200] "GET /Jurek/zenex/feeds/zenex_ubaldi.xml HTTP/1.1" 200 540167 "-" "Python-urllib/3.11"
85.232.241.194 - - [21/May/2025:11:24:54 +0200] "GET /Jurek/action/feeds/action_wortenES.xml HTTP/1.1" 200 58389191 "-" "Python-urllib/3.11"
85.232.241.194 - - [21/May/2025:11:24:54 +0200] "GET /Jurek/makow/feeds/makow_ubaldi.xml HTTP/1.1" 200 21203595 "-" "Python-urllib/3.11"
51.77.52.107 - - [21/May/2025:11:25:02 +0200] "GET /Jurek/eurofirany/images/466889/0.jpg HTTP/2.0" 200 80848 "-" "baselinker"
51.77.52.107 - - [21/May/2025:11:25:10 +0200] "GET /Jurek/eurofirany/images/466889/0.jpg HTTP/2.0" 200 80848 "-" "baselinker"
85.232.241.194 - - [21/May/2025:11:25:16 +0200] "GET /Jurek/apresto/feeds/apresto_ubaldi.xml HTTP/1.1" 200 1327679 "-" "Python-urllib/3.11"
85.232.241.194 - - [21/May/2025:11:25:16 +0200] "GET /Jurek/carbonyway/feeds/carbonyway_ubaldi.xml HTTP/1.1" 200 3075920 "-" "Python-urllib/3.11"
51.77.52.107 - - [21/May/2025:11:25:19 +0200] "GET /Jurek/eurofirany/images/466891/0.jpg HTTP/2.0" 200 80715 "-" "baselinker"
85.232.241.194 - - [21/May/2025:11:25:23 +0200] "GET /Jurek/awparts/feeds/awparts_ubaldi.xml HTTP/1.1" 200 142301931 "-" "Python-urllib/3.11"
85.232.241.194 - - [21/May/2025:11:25:23 +0200] "GET /Jurek/kalama/feeds/kalama_ubaldi.xml HTTP/1.1" 200 2661775 "-" "Python-urllib/3.11"
51.77.52.107 - - [21/May/2025:11:25:28 +0200] "GET /Jurek/eurofirany/images/466891/0.jpg HTTP/2.0" 200 80715 "-" "baselinker"
85.232.241.194 - - [21/May/2025:11:25:29 +0200] "GET /Jurek/bloomglow/feeds/bloomglow_ubaldi.xml HTTP/1.1" 200 14095397 "-" "Python-urllib/3.11"
85.232.241.194 - - [21/May/2025:11:25:30 +0200] "GET /Jurek/zbimatyja/feeds/zbimatyja_ubaldi.xml HTTP/1.1" 200 11670154 "-" "Python-urllib/3.11"
51.77.52.107 - - [21/May/2025:11:25:33 +0200] "GET /Jurek/eurofirany/images/466891/0.jpg HTTP/2.0" 200 80715 "-" "baselinker"
51.77.52.107 - - [21/May/2025:11:25:38 +0200] "GET /Jurek/eurofirany/images/378344/0.jpg HTTP/2.0" 200 131731 "-" "baselinker"
216.113.184.101 - - [21/May/2025:11:25:41 +0200] "GET /Jurek/topeshop/downloaded_images/5904507207458_20st_mijas_Lewy_open_zielony.png HTTP/1.1" 404 3551 "http://www.ebay.com/" "Mozilla/5.0 (Windows NT 10.0; Win64; x64) AppleWebKit/537.36 (KHTML, like Gecko) Chrome/123.0.0.0 Safari/537.36"
216.113.184.104 - - [21/May/2025:11:25:41 +0200] "GET /Jurek/topeshop/downloaded_images/5904507207458_mijas_zielony_mirorkopia.jpg HTTP/1.1" 200 126456 "http://www.ebay.com/" "Mozilla/5.0 (Windows NT 10.0; Win64; x64) AppleWebKit/537.36 (KHTML, like Gecko) Chrome/123.0.0.0 Safari/537.36"
