51.77.52.107 - - [21/May/2025:02:37:45 +0200] "GET /Jurek/eurofirany/images/468574/0.jpg HTTP/2.0" 200 102544 "-" "baselinker"
46.101.116.244 - - [21/May/2025:02:37:49 +0200] "GET /Jurek/aw/feeds/awnarzedzia_kauflandcz.xml HTTP/2.0" 200 65346575 "-" "-"
51.77.52.107 - - [21/May/2025:02:37:50 +0200] "GET /Jurek/eurofirany/images/468574/0.jpg HTTP/2.0" 200 102544 "-" "baselinker"
51.77.52.107 - - [21/May/2025:02:37:54 +0200] "GET /Jurek/eurofirany/images/468575/0.jpg HTTP/2.0" 200 102544 "-" "baselinker"
46.101.116.244 - - [21/May/2025:02:38:04 +0200] "GET /Jurek/b3/feeds/b3_kaufland.xml HTTP/2.0" 200 8084365 "-" "-"
51.77.52.107 - - [21/May/2025:02:38:10 +0200] "GET /Jurek/eurofirany/images/468575/0.jpg HTTP/2.0" 200 102544 "-" "baselinker"
51.77.52.107 - - [21/May/2025:02:38:14 +0200] "GET /Jurek/eurofirany/images/468575/0.jpg HTTP/2.0" 200 102544 "-" "baselinker"
46.101.116.244 - - [21/May/2025:02:38:15 +0200] "GET /Jurek/barbecook/feeds/barbecook_kaufland.xml HTTP/2.0" 200 87616 "-" "-"
46.101.116.244 - - [21/May/2025:02:38:25 +0200] "GET /Jurek/bass/feeds/bass_kaufland.xml HTTP/2.0" 200 3974251 "-" "-"
51.77.52.107 - - [21/May/2025:02:38:27 +0200] "GET /Jurek/eurofirany/images/468576/0.jpg HTTP/2.0" 200 102544 "-" "baselinker"
51.77.52.107 - - [21/May/2025:02:38:33 +0200] "GET /Jurek/eurofirany/images/468576/0.jpg HTTP/2.0" 200 102544 "-" "baselinker"
46.101.116.244 - - [21/May/2025:02:38:36 +0200] "GET /Jurek/beliani/feeds/beliani_cz_kaufland.xml HTTP/2.0" 200 33385261 "-" "-"
51.77.52.107 - - [21/May/2025:02:38:38 +0200] "GET /Jurek/eurofirany/images/468576/0.jpg HTTP/2.0" 200 102544 "-" "baselinker"
51.77.52.107 - - [21/May/2025:02:38:42 +0200] "GET /Jurek/eurofirany/images/468577/0.jpg HTTP/2.0" 200 102544 "-" "baselinker"
51.77.52.107 - - [21/May/2025:02:38:47 +0200] "GET /Jurek/eurofirany/images/468577/0.jpg HTTP/2.0" 200 102544 "-" "baselinker"
46.101.116.244 - - [21/May/2025:02:38:48 +0200] "GET /Jurek/benbaby/feeds/benbaby_kaufland.xml HTTP/2.0" 200 3709396 "-" "-"
51.77.52.107 - - [21/May/2025:02:38:52 +0200] "GET /Jurek/eurofirany/images/468577/0.jpg HTTP/2.0" 200 102544 "-" "baselinker"
51.77.52.107 - - [21/May/2025:02:38:59 +0200] "GET /Jurek/eurofirany/images/468578/0.jpg HTTP/2.0" 200 102544 "-" "baselinker"
46.101.116.244 - - [21/May/2025:02:38:59 +0200] "GET /Jurek/detian/feeds/detian_kaufland.xml HTTP/2.0" 404 3551 "-" "-"
51.77.52.107 - - [21/May/2025:02:39:03 +0200] "GET /Jurek/eurofirany/images/468578/0.jpg HTTP/2.0" 200 102544 "-" "baselinker"
46.101.116.244 - - [21/May/2025:02:39:09 +0200] "GET /Jurek/emibig/feeds/emibig_kaufland.xml HTTP/2.0" 200 2524216 "-" "-"
46.101.116.244 - - [21/May/2025:02:39:20 +0200] "GET /Jurek/eurofirany/feeds/eurofirany_kaufland_greatstore.xml HTTP/2.0" 200 18826351 "-" "-"
51.77.52.107 - - [21/May/2025:02:39:24 +0200] "GET /Jurek/eurofirany/images/468578/0.jpg HTTP/2.0" 200 102544 "-" "baselinker"
46.101.116.244 - - [21/May/2025:02:39:32 +0200] "GET /Jurek/fernity/feeds/fernity_kaufland.xml HTTP/2.0" 200 4723020 "-" "-"
51.77.52.107 - - [21/May/2025:02:39:52 +0200] "GET /Jurek/eurofirany/images/468579/0.jpg HTTP/2.0" 200 102544 "-" "baselinker"
46.101.116.244 - - [21/May/2025:02:39:54 +0200] "GET /Jurek/hurtownia_przemyslowa/feeds/hp_kaufcz.xml HTTP/2.0" 200 49379997 "-" "-"
51.77.52.107 - - [21/May/2025:02:39:56 +0200] "GET /Jurek/eurofirany/images/468579/0.jpg HTTP/2.0" 200 102544 "-" "baselinker"
51.77.52.107 - - [21/May/2025:02:40:02 +0200] "GET /Jurek/eurofirany/images/468579/0.jpg HTTP/2.0" 200 102544 "-" "baselinker"
51.77.52.107 - - [21/May/2025:02:40:06 +0200] "GET /Jurek/eurofirany/images/468583/0.jpg HTTP/2.0" 200 100696 "-" "baselinker"
46.101.116.244 - - [21/May/2025:02:40:24 +0200] "GET /Jurek/ikonka/feeds/ikonka_kaufland.xml HTTP/2.0" 200 20838310 "-" "-"
51.77.52.107 - - [21/May/2025:02:40:25 +0200] "GET /Jurek/eurofirany/images/468583/0.jpg HTTP/2.0" 200 100696 "-" "baselinker"
46.101.116.244 - - [21/May/2025:02:40:35 +0200] "GET /Jurek/kinghoff/feeds/kinghoff_kaufland.xml HTTP/2.0" 200 15596396 "-" "-"
51.77.52.107 - - [21/May/2025:02:40:42 +0200] "GET /Jurek/eurofirany/images/468583/0.jpg HTTP/2.0" 200 100696 "-" "baselinker"
46.101.116.244 - - [21/May/2025:02:40:50 +0200] "GET /Jurek/kinghome/feeds/kinghome_kaufland.xml HTTP/2.0" 200 6230542 "-" "-"
51.77.52.107 - - [21/May/2025:02:40:57 +0200] "GET /Jurek/eurofirany/images/468584/0.jpg HTTP/2.0" 200 94988 "-" "baselinker"
46.101.116.244 - - [21/May/2025:02:40:57 +0200] "GET /Jurek/piotrmiedz/feeds/piotrmiedz_amazonnl.xml HTTP/1.0" 200 91042302 "-" "-"
46.101.116.244 - - [21/May/2025:02:41:04 +0200] "GET /Jurek/piotrmiedz/feeds/piotrmiedz_amazones.xml HTTP/1.0" 200 91046601 "-" "-"
5.134.208.158 - - [21/May/2025:02:41:08 +0200] "GET /Jurek/eurofirany/images/426312/0.jpg HTTP/1.1" 206 256 "https://www.ceneo.pl" "Mozilla/5.0 (Windows NT 10.0; Win64; x64) AppleWebKit/537.36 (KHTML, like Gecko) Chrome/87.0.4280.141 Safari/537.36"
5.134.208.158 - - [21/May/2025:02:41:08 +0200] "GET /Jurek/eurofirany/images/426312/0.jpg HTTP/1.1" 206 256 "https://www.ceneo.pl" "-"
5.134.208.158 - - [21/May/2025:02:41:08 +0200] "GET /Jurek/eurofirany/images/426312/0.jpg HTTP/1.1" 200 6625 "-" "-"
46.101.116.244 - - [21/May/2025:02:41:09 +0200] "GET /Jurek/piotrmiedz/feeds/piotrmiedz_amazonit.xml HTTP/1.0" 200 91045465 "-" "-"
51.77.52.107 - - [21/May/2025:02:41:14 +0200] "GET /Jurek/eurofirany/images/468584/0.jpg HTTP/2.0" 200 94988 "-" "baselinker"
46.101.116.244 - - [21/May/2025:02:41:16 +0200] "GET /Jurek/piotrmiedz/feeds/piotrmiedz_amazonfr.xml HTTP/1.0" 200 91037159 "-" "-"
51.77.52.107 - - [21/May/2025:02:41:18 +0200] "GET /Jurek/eurofirany/images/468584/0.jpg HTTP/2.0" 200 94988 "-" "baselinker"
51.77.52.107 - - [21/May/2025:02:41:24 +0200] "GET /Jurek/eurofirany/images/468585/0.jpg HTTP/2.0" 200 114616 "-" "baselinker"
46.101.116.244 - - [21/May/2025:02:41:26 +0200] "GET /Jurek/octopia/feeds/octopia_kaufland.xml HTTP/2.0" 200 10116659 "-" "-"
51.77.52.107 - - [21/May/2025:02:41:29 +0200] "GET /Jurek/eurofirany/images/468585/0.jpg HTTP/2.0" 200 114616 "-" "baselinker"
51.77.52.107 - - [21/May/2025:02:41:33 +0200] "GET /Jurek/eurofirany/images/468585/0.jpg HTTP/2.0" 200 114616 "-" "baselinker"
46.101.116.244 - - [21/May/2025:02:41:37 +0200] "GET /Jurek/rovicky/feeds/rovicky_kaufland.xml HTTP/2.0" 200 14570550 "-" "-"
51.77.52.107 - - [21/May/2025:02:41:39 +0200] "GET /Jurek/eurofirany/images/468586/0.jpg HTTP/2.0" 200 114616 "-" "baselinker"
46.101.116.244 - - [21/May/2025:02:41:48 +0200] "GET /Jurek/stema/feeds/stema_kauflandcz.xml HTTP/2.0" 200 894543 "-" "-"
51.77.52.107 - - [21/May/2025:02:41:54 +0200] "GET /Jurek/eurofirany/images/468586/0.jpg HTTP/2.0" 200 114616 "-" "baselinker"
46.101.116.244 - - [21/May/2025:02:41:59 +0200] "GET /Jurek/twm/feeds/twm-kaufland.xml HTTP/2.0" 200 2490429 "-" "-"
51.77.52.107 - - [21/May/2025:02:41:59 +0200] "GET /Jurek/eurofirany/images/468586/0.jpg HTTP/2.0" 200 114616 "-" "baselinker"
51.77.52.107 - - [21/May/2025:02:42:07 +0200] "GET /Jurek/eurofirany/images/468587/0.jpg HTTP/2.0" 200 114616 "-" "baselinker"
46.101.116.244 - - [21/May/2025:02:42:10 +0200] "GET /Jurek/unimet/feeds/unimet_kaufland.xml HTTP/2.0" 200 61206905 "-" "-"
51.77.52.107 - - [21/May/2025:02:42:13 +0200] "GET /Jurek/eurofirany/images/468587/0.jpg HTTP/2.0" 200 114616 "-" "baselinker"
51.77.52.107 - - [21/May/2025:02:42:17 +0200] "GET /Jurek/eurofirany/images/468587/0.jpg HTTP/2.0" 200 114616 "-" "baselinker"
51.77.52.107 - - [21/May/2025:02:42:23 +0200] "GET /Jurek/eurofirany/images/468588/0.jpg HTTP/2.0" 200 114616 "-" "baselinker"
51.77.52.107 - - [21/May/2025:02:42:39 +0200] "GET /Jurek/eurofirany/images/468588/0.jpg HTTP/2.0" 200 114616 "-" "baselinker"
51.77.52.107 - - [21/May/2025:02:42:52 +0200] "GET /Jurek/eurofirany/images/468588/0.jpg HTTP/2.0" 200 114616 "-" "baselinker"
51.77.52.107 - - [21/May/2025:02:43:05 +0200] "GET /Jurek/eurofirany/images/468589/0.jpg HTTP/2.0" 200 114616 "-" "baselinker"
51.77.52.107 - - [21/May/2025:02:43:09 +0200] "GET /Jurek/eurofirany/images/468589/0.jpg HTTP/2.0" 200 114616 "-" "baselinker"
51.77.52.107 - - [21/May/2025:02:43:14 +0200] "GET /Jurek/eurofirany/images/468589/0.jpg HTTP/2.0" 200 114616 "-" "baselinker"
51.77.52.107 - - [21/May/2025:02:43:19 +0200] "GET /Jurek/eurofirany/images/468590/0.jpg HTTP/2.0" 200 114616 "-" "baselinker"
51.77.52.107 - - [21/May/2025:02:43:26 +0200] "GET /Jurek/eurofirany/images/468590/0.jpg HTTP/2.0" 200 114616 "-" "baselinker"
51.77.52.107 - - [21/May/2025:02:43:31 +0200] "GET /Jurek/eurofirany/images/468590/0.jpg HTTP/2.0" 200 114616 "-" "baselinker"
51.77.52.107 - - [21/May/2025:02:43:37 +0200] "GET /Jurek/eurofirany/images/468591/0.jpg HTTP/2.0" 200 82539 "-" "baselinker"
51.77.52.107 - - [21/May/2025:02:43:41 +0200] "GET /Jurek/eurofirany/images/468591/0.jpg HTTP/2.0" 200 82539 "-" "baselinker"
51.77.52.107 - - [21/May/2025:02:43:47 +0200] "GET /Jurek/eurofirany/images/468591/0.jpg HTTP/2.0" 200 82539 "-" "baselinker"
51.77.52.107 - - [21/May/2025:02:43:51 +0200] "GET /Jurek/eurofirany/images/468592/0.jpg HTTP/2.0" 200 206631 "-" "baselinker"
51.77.52.107 - - [21/May/2025:02:43:55 +0200] "GET /Jurek/eurofirany/images/468592/0.jpg HTTP/2.0" 200 206631 "-" "baselinker"
51.77.52.107 - - [21/May/2025:02:44:01 +0200] "GET /Jurek/eurofirany/images/468592/0.jpg HTTP/2.0" 200 206631 "-" "baselinker"
51.77.52.107 - - [21/May/2025:02:44:06 +0200] "GET /Jurek/eurofirany/images/468593/0.jpg HTTP/2.0" 200 206631 "-" "baselinker"
51.77.52.107 - - [21/May/2025:02:44:11 +0200] "GET /Jurek/eurofirany/images/468593/0.jpg HTTP/2.0" 200 206631 "-" "baselinker"
51.77.52.107 - - [21/May/2025:02:44:26 +0200] "GET /Jurek/eurofirany/images/468593/0.jpg HTTP/2.0" 200 206631 "-" "baselinker"
89.161.206.59 - - [21/May/2025:02:44:30 +0200] "GET /Jurek/targethome/feeds/targethome_emagro.xml HTTP/1.0" 200 688685 "-" "-"
89.161.206.59 - - [21/May/2025:02:44:31 +0200] "GET /Jurek/mosti/feeds/mosti_emagro.xml HTTP/1.0" 200 4628133 "-" "-"
51.77.52.107 - - [21/May/2025:02:44:31 +0200] "GET /Jurek/eurofirany/images/468594/0.jpg HTTP/2.0" 200 98882 "-" "baselinker"
89.161.206.59 - - [21/May/2025:02:44:31 +0200] "GET /Jurek/ralmetal/feeds/ralmetal_emag.xml HTTP/1.0" 200 1787426 "-" "-"
89.161.206.59 - - [21/May/2025:02:44:32 +0200] "GET /Jurek/oromed/feeds/oromed_emagro.xml HTTP/1.0" 200 1245029 "-" "-"
89.161.206.59 - - [21/May/2025:02:44:33 +0200] "GET /Jurek/b3/feeds/b3_emagro.xml HTTP/1.0" 200 8082660 "-" "-"
89.161.206.59 - - [21/May/2025:02:44:33 +0200] "GET /Jurek/narzbud/feeds/narzbud_emagro.xml HTTP/1.0" 200 1901340 "-" "-"
89.161.206.59 - - [21/May/2025:02:44:34 +0200] "GET /Jurek/drops/feeds/dropsofficecolection_emagro.xml HTTP/1.0" 200 790950 "-" "-"
89.161.206.59 - - [21/May/2025:02:44:34 +0200] "GET /Jurek/szpaklampy/feeds/szpaklampy_emagro.xml HTTP/1.0" 200 388346 "-" "-"
89.161.206.59 - - [21/May/2025:02:44:35 +0200] "GET /Jurek/spali/feeds/spali_emagro.xml HTTP/1.0" 200 77073 "-" "-"
89.161.206.59 - - [21/May/2025:02:44:35 +0200] "GET /Jurek/combine/feeds/combine_EMAGRO.xml HTTP/1.0" 200 210573 "-" "-"
89.161.206.59 - - [21/May/2025:02:44:35 +0200] "GET /Jurek/velinda/feeds/velinda_emagro.xml HTTP/1.0" 200 23440 "-" "-"
89.161.206.59 - - [21/May/2025:02:44:36 +0200] "GET /Jurek/urwiskowo/feeds/urwiskowo_emagro.xml HTTP/1.0" 200 9116389 "-" "-"
89.161.206.59 - - [21/May/2025:02:44:37 +0200] "GET /Jurek/reman/feeds/reman_emagro.xml HTTP/1.0" 200 1394890 "-" "-"
46.101.116.244 - - [21/May/2025:02:44:37 +0200] "GET /Jurek/vivaldi/feeds/vivaldi_kaufland.xml HTTP/2.0" 200 344841 "-" "-"
51.77.52.107 - - [21/May/2025:02:44:37 +0200] "GET /Jurek/eurofirany/images/468594/0.jpg HTTP/2.0" 200 98882 "-" "baselinker"
89.161.206.59 - - [21/May/2025:02:44:38 +0200] "GET /Jurek/erohurtownia/feeds/erohurtownia_emagro.xml HTTP/1.0" 200 22856437 "-" "-"
89.161.206.59 - - [21/May/2025:02:44:40 +0200] "GET /Jurek/swiatecznygoliat/feeds/swiatecznygoliat_emagro.xml HTTP/1.0" 200 7051406 "-" "-"
51.77.52.107 - - [21/May/2025:02:44:46 +0200] "GET /Jurek/eurofirany/images/468594/0.jpg HTTP/2.0" 200 98882 "-" "baselinker"
51.77.52.107 - - [21/May/2025:02:44:50 +0200] "GET /Jurek/eurofirany/images/468595/0.jpg HTTP/2.0" 200 111945 "-" "baselinker"
51.77.52.107 - - [21/May/2025:02:45:07 +0200] "GET /Jurek/eurofirany/images/468595/0.jpg HTTP/2.0" 200 111945 "-" "baselinker"
51.77.52.107 - - [21/May/2025:02:45:11 +0200] "GET /Jurek/eurofirany/images/468595/0.jpg HTTP/2.0" 200 111945 "-" "baselinker"
51.77.52.107 - - [21/May/2025:02:45:17 +0200] "GET /Jurek/eurofirany/images/419800/0.jpg HTTP/2.0" 200 6595 "-" "baselinker"
51.77.52.107 - - [21/May/2025:02:45:17 +0200] "GET /Jurek/eurofirany/images/419800/0.jpg HTTP/2.0" 200 6595 "-" "baselinker"
51.77.52.107 - - [21/May/2025:02:45:18 +0200] "GET /Jurek/eurofirany/images/419800/0.jpg HTTP/2.0" 200 6595 "-" "baselinker"
51.77.52.107 - - [21/May/2025:02:45:19 +0200] "GET /Jurek/eurofirany/images/463825/0.jpg HTTP/2.0" 200 84882 "-" "baselinker"
51.77.52.107 - - [21/May/2025:02:45:24 +0200] "GET /Jurek/eurofirany/images/463825/0.jpg HTTP/2.0" 200 84882 "-" "baselinker"
51.77.52.107 - - [21/May/2025:02:45:36 +0200] "GET /Jurek/eurofirany/images/463825/0.jpg HTTP/2.0" 200 84882 "-" "baselinker"
51.77.52.107 - - [21/May/2025:02:45:40 +0200] "GET /Jurek/eurofirany/images/467756/0.jpg HTTP/2.0" 200 142473 "-" "baselinker"
89.161.206.59 - - [21/May/2025:02:45:55 +0200] "GET /Jurek/porzwkablach/feeds/porzwkablach_emag.xml HTTP/1.0" 200 1200417 "-" "-"
51.77.52.107 - - [21/May/2025:02:45:58 +0200] "GET /Jurek/eurofirany/images/467756/0.jpg HTTP/2.0" 200 142473 "-" "baselinker"
89.161.206.59 - - [21/May/2025:02:46:00 +0200] "GET /Jurek/lampart/feeds/lampart_emagro.xml HTTP/1.0" 200 936219 "-" "-"
89.161.206.59 - - [21/May/2025:02:46:00 +0200] "GET /Jurek/filmal/feeds/filmal_emagro.xml HTTP/1.0" 200 139308 "-" "-"
89.161.206.59 - - [21/May/2025:02:46:00 +0200] "GET /Jurek/newtechele/feeds/newtechele_emagro.xml HTTP/1.0" 200 2438700 "-" "-"
89.161.206.59 - - [21/May/2025:02:46:01 +0200] "GET /Jurek/equalo/feeds/equalo_emagro.xml HTTP/1.0" 200 98026 "-" "-"
46.101.116.244 - - [21/May/2025:02:46:12 +0200] "GET /Jurek/vidaCZ/feeds/vida_Kaufland.xml HTTP/2.0" 200 824249441 "-" "-"
51.77.52.107 - - [21/May/2025:02:46:16 +0200] "GET /Jurek/eurofirany/images/467756/0.jpg HTTP/2.0" 200 142473 "-" "baselinker"
51.77.52.107 - - [21/May/2025:02:46:26 +0200] "GET /Jurek/eurofirany/images/465288/0.jpg HTTP/2.0" 200 90120 "-" "baselinker"
89.161.206.59 - - [21/May/2025:02:46:29 +0200] "GET /Jurek/carbonyway/feeds/carbonyway_emagro.xml HTTP/1.0" 200 3076291 "-" "-"
89.161.206.59 - - [21/May/2025:02:46:29 +0200] "GET /Jurek/livinhill/feeds/livinhill_emagro.xml HTTP/1.0" 200 167749 "-" "-"
89.161.206.59 - - [21/May/2025:02:46:30 +0200] "GET /Jurek/snibbs/feeds/snibbs_emagro.xml HTTP/1.0" 200 74411 "-" "-"
89.161.206.59 - - [21/May/2025:02:46:30 +0200] "GET /Jurek/bemipol/feeds/bemipol_emagro.xml HTTP/1.0" 200 423670 "-" "-"
89.161.206.59 - - [21/May/2025:02:46:31 +0200] "GET /Jurek/apresto/feeds/apresto_emagro.xml HTTP/1.0" 200 1327807 "-" "-"
89.161.206.59 - - [21/May/2025:02:46:32 +0200] "GET /Jurek/mechdecor/feeds/mechdecor_emagro.xml HTTP/1.0" 200 596294 "-" "-"
89.161.206.59 - - [21/May/2025:02:46:32 +0200] "GET /Jurek/gandalf/feeds/gandalf_emagro.xml HTTP/1.0" 200 1082609 "-" "-"
89.161.206.59 - - [21/May/2025:02:46:33 +0200] "GET /Jurek/zami/feeds/zami_emagro.xml HTTP/1.0" 200 4475683 "-" "-"
89.161.206.59 - - [21/May/2025:02:46:36 +0200] "GET /Jurek/proadventure/feeds/proadventure_emag.xml HTTP/1.0" 200 10765321 "-" "-"
89.161.206.59 - - [21/May/2025:02:46:44 +0200] "GET /Jurek/rems/feeds/rems_emag.xml HTTP/1.0" 200 8706541 "-" "-"
51.77.52.107 - - [21/May/2025:02:46:45 +0200] "GET /Jurek/eurofirany/images/465288/0.jpg HTTP/2.0" 200 90120 "-" "baselinker"
89.161.206.59 - - [21/May/2025:02:46:46 +0200] "GET /Jurek/lerutrade/feeds/lerutrade_emag.xml HTTP/1.0" 200 82823 "-" "-"
51.77.52.107 - - [21/May/2025:02:47:03 +0200] "GET /Jurek/eurofirany/images/465288/0.jpg HTTP/2.0" 200 90120 "-" "baselinker"
51.77.52.107 - - [21/May/2025:02:47:25 +0200] "GET /Jurek/eurofirany/images/378348/0.jpg HTTP/2.0" 200 141429 "-" "baselinker"
46.101.116.244 - - [21/May/2025:02:47:31 +0200] "GET /Jurek/piotrmiedz/feeds/piotrmiedz_emagro.xml HTTP/1.0" 200 91067873 "-" "-"
89.161.206.59 - - [21/May/2025:02:47:35 +0200] "GET /Jurek/kobi/feeds/kobi_emagro.xml HTTP/1.0" 200 249048 "-" "-"
89.161.206.59 - - [21/May/2025:02:47:40 +0200] "GET /Jurek/photho/feeds/photho_emagro.xml HTTP/1.0" 200 1051381 "-" "-"
51.77.52.107 - - [21/May/2025:02:47:43 +0200] "GET /Jurek/eurofirany/images/378348/0.jpg HTTP/2.0" 200 141429 "-" "baselinker"
51.77.52.107 - - [21/May/2025:02:48:01 +0200] "GET /Jurek/eurofirany/images/378348/0.jpg HTTP/2.0" 200 141429 "-" "baselinker"
51.77.52.107 - - [21/May/2025:02:48:09 +0200] "GET /Jurek/eurofirany/images/457972/0.jpg HTTP/2.0" 200 122743 "-" "baselinker"
46.101.116.244 - - [21/May/2025:02:48:13 +0200] "GET /Jurek/hurtmeblowy/feeds/hurtmeblowy_kauflandsk.xml HTTP/2.0" 200 7518408 "-" "-"
51.77.52.107 - - [21/May/2025:02:48:14 +0200] "GET /Jurek/eurofirany/images/457972/0.jpg HTTP/2.0" 200 122743 "-" "baselinker"
46.101.116.244 - - [21/May/2025:02:48:26 +0200] "GET /Jurek/kobi/feeds/kobi_kauflandsk.xml HTTP/2.0" 200 942929 "-" "-"
46.101.116.244 - - [21/May/2025:02:48:36 +0200] "GET /Jurek/madrex/feeds/madrex_kauflandsk.xml HTTP/2.0" 200 466707 "-" "-"
89.161.206.59 - - [21/May/2025:02:48:38 +0200] "GET /Jurek/jankeski/feeds/jankeski_emagro.xml HTTP/1.0" 200 6571466 "-" "-"
51.77.52.107 - - [21/May/2025:02:48:39 +0200] "GET /Jurek/eurofirany/images/457972/0.jpg HTTP/2.0" 200 122743 "-" "baselinker"
51.77.52.107 - - [21/May/2025:02:48:44 +0200] "GET /Jurek/eurofirany/images/457983/0.jpg HTTP/2.0" 200 107142 "-" "baselinker"
51.77.52.107 - - [21/May/2025:02:48:51 +0200] "GET /Jurek/eurofirany/images/457983/0.jpg HTTP/2.0" 200 107142 "-" "baselinker"
51.77.52.107 - - [21/May/2025:02:49:07 +0200] "GET /Jurek/eurofirany/images/457983/0.jpg HTTP/2.0" 200 107142 "-" "baselinker"
46.101.116.244 - - [21/May/2025:02:49:10 +0200] "GET /Jurek/action/feeds/action_kauflandsk.xml HTTP/2.0" 200 58388258 "-" "-"
51.77.52.107 - - [21/May/2025:02:49:34 +0200] "GET /Jurek/eurofirany/images/457985/0.jpg HTTP/2.0" 200 70093 "-" "baselinker"
51.77.52.107 - - [21/May/2025:02:49:39 +0200] "GET /Jurek/eurofirany/images/457985/0.jpg HTTP/2.0" 200 70093 "-" "baselinker"
51.77.52.107 - - [21/May/2025:02:49:58 +0200] "GET /Jurek/eurofirany/images/457985/0.jpg HTTP/2.0" 200 70093 "-" "baselinker"
46.101.116.244 - - [21/May/2025:02:49:59 +0200] "GET /Jurek/andex/feeds/andex_kauflandsk.xml HTTP/2.0" 200 1953289 "-" "-"
46.101.116.244 - - [21/May/2025:02:50:10 +0200] "GET /Jurek/aw/feeds/awnarzedzia_kauflandsk.xml HTTP/2.0" 200 65267387 "-" "-"
51.77.52.107 - - [21/May/2025:02:50:18 +0200] "GET /Jurek/eurofirany/images/457989/0.jpg HTTP/2.0" 200 54616 "-" "baselinker"
51.77.52.107 - - [21/May/2025:02:50:23 +0200] "GET /Jurek/eurofirany/images/457989/0.jpg HTTP/2.0" 200 54616 "-" "baselinker"
46.101.116.244 - - [21/May/2025:02:50:26 +0200] "GET /Jurek/b3/feeds/b3_kauflandsk.xml HTTP/2.0" 200 8079650 "-" "-"
46.101.116.244 - - [21/May/2025:02:50:36 +0200] "GET /Jurek/barbecook/feeds/barbecook_kauflandsk.xml HTTP/2.0" 200 87527 "-" "-"
51.77.52.107 - - [21/May/2025:02:50:45 +0200] "GET /Jurek/eurofirany/images/457989/0.jpg HTTP/2.0" 200 54616 "-" "baselinker"
46.101.116.244 - - [21/May/2025:02:50:47 +0200] "GET /Jurek/bass/feeds/bass_kauflandsk.xml HTTP/2.0" 200 3971903 "-" "-"
89.161.206.59 - - [21/May/2025:02:50:48 +0200] "GET /Jurek/rovato/feeds/rovato_emagro.xml HTTP/1.0" 200 180855 "-" "-"
51.77.52.107 - - [21/May/2025:02:50:48 +0200] "GET /Jurek/eurofirany/images/457991/0.jpg HTTP/2.0" 200 64136 "-" "baselinker"
46.101.116.244 - - [21/May/2025:02:50:58 +0200] "GET /Jurek/beliani/feeds/beliani_sk_kaufland.xml HTTP/2.0" 200 33514388 "-" "-"
46.101.116.244 - - [21/May/2025:02:51:10 +0200] "GET /Jurek/benbaby/feeds/benbaby_kauflandsk.xml HTTP/2.0" 200 3706555 "-" "-"
51.77.52.107 - - [21/May/2025:02:51:15 +0200] "GET /Jurek/eurofirany/images/457991/0.jpg HTTP/2.0" 200 64136 "-" "baselinker"
46.101.116.244 - - [21/May/2025:02:51:20 +0200] "GET /Jurek/detian/feeds/detian_kauflandsk.xml HTTP/2.0" 404 3551 "-" "-"
46.101.116.244 - - [21/May/2025:02:51:30 +0200] "GET /Jurek/emibig/feeds/emibig_kauflandsk.xml HTTP/2.0" 200 2522183 "-" "-"
51.77.52.107 - - [21/May/2025:02:51:35 +0200] "GET /Jurek/eurofirany/images/457991/0.jpg HTTP/2.0" 200 64136 "-" "baselinker"
46.101.116.244 - - [21/May/2025:02:51:41 +0200] "GET /Jurek/eurofirany/feeds/eurofirany_kaufland_sk.xml HTTP/2.0" 200 18807609 "-" "-"
51.77.52.107 - - [21/May/2025:02:51:52 +0200] "GET /Jurek/eurofirany/images/457993/0.jpg HTTP/2.0" 200 128585 "-" "baselinker"
46.101.116.244 - - [21/May/2025:02:51:53 +0200] "GET /Jurek/fernity/feeds/fernity_kauflandsk.xml HTTP/2.0" 200 4719034 "-" "-"
51.77.52.107 - - [21/May/2025:02:52:10 +0200] "GET /Jurek/eurofirany/images/457993/0.jpg HTTP/2.0" 200 128585 "-" "baselinker"
51.77.52.107 - - [21/May/2025:02:52:15 +0200] "GET /Jurek/eurofirany/images/457993/0.jpg HTTP/2.0" 200 128585 "-" "baselinker"
46.101.116.244 - - [21/May/2025:02:52:15 +0200] "GET /Jurek/hurtownia_przemyslowa/feeds/hp_kaufsk.xml HTTP/2.0" 200 49360228 "-" "-"
51.77.52.107 - - [21/May/2025:02:52:18 +0200] "GET /Jurek/eurofirany/images/457995/0.jpg HTTP/2.0" 200 100951 "-" "baselinker"
51.77.52.107 - - [21/May/2025:02:52:38 +0200] "GET /Jurek/eurofirany/images/457995/0.jpg HTTP/2.0" 200 100951 "-" "baselinker"
46.101.116.244 - - [21/May/2025:02:52:44 +0200] "GET /Jurek/ikonka/feeds/ikonka_kauflandsk.xml HTTP/2.0" 200 20836026 "-" "-"
46.101.116.244 - - [21/May/2025:02:52:55 +0200] "GET /Jurek/kinghoff/feeds/kinghoff_kauflandsk.xml HTTP/2.0" 200 15593041 "-" "-"
51.77.52.107 - - [21/May/2025:02:52:56 +0200] "GET /Jurek/eurofirany/images/457995/0.jpg HTTP/2.0" 200 100951 "-" "baselinker"
51.77.52.107 - - [21/May/2025:02:53:02 +0200] "GET /Jurek/eurofirany/images/457997/0.jpg HTTP/2.0" 200 115440 "-" "baselinker"
51.77.52.107 - - [21/May/2025:02:53:08 +0200] "GET /Jurek/eurofirany/images/457997/0.jpg HTTP/2.0" 200 115440 "-" "baselinker"
46.101.116.244 - - [21/May/2025:02:53:10 +0200] "GET /Jurek/kinghome/feeds/kinghome_kauflandsk.xml HTTP/2.0" 200 6225101 "-" "-"
51.77.52.107 - - [21/May/2025:02:53:10 +0200] "GET /Jurek/eurofirany/images/457997/0.jpg HTTP/2.0" 200 115440 "-" "baselinker"
51.77.52.107 - - [21/May/2025:02:53:17 +0200] "GET /Jurek/eurofirany/images/458000/0.jpg HTTP/2.0" 200 74622 "-" "baselinker"
51.77.52.107 - - [21/May/2025:02:53:23 +0200] "GET /Jurek/eurofirany/images/458000/0.jpg HTTP/2.0" 200 74622 "-" "baselinker"
51.77.52.107 - - [21/May/2025:02:53:30 +0200] "GET /Jurek/eurofirany/images/458000/0.jpg HTTP/2.0" 200 74622 "-" "baselinker"
51.77.52.107 - - [21/May/2025:02:53:42 +0200] "GET /Jurek/eurofirany/images/458002/0.jpg HTTP/2.0" 200 88185 "-" "baselinker"
46.101.116.244 - - [21/May/2025:02:53:45 +0200] "GET /Jurek/octopia/feeds/octopia_kauflandsk.xml HTTP/2.0" 200 10103788 "-" "-"
46.101.116.244 - - [21/May/2025:02:53:57 +0200] "GET /Jurek/rovicky/feeds/rovicky_kauflandsk.xml HTTP/2.0" 200 14565544 "-" "-"
51.77.52.107 - - [21/May/2025:02:54:01 +0200] "GET /Jurek/eurofirany/images/458002/0.jpg HTTP/2.0" 200 88185 "-" "baselinker"
51.77.52.107 - - [21/May/2025:02:54:07 +0200] "GET /Jurek/eurofirany/images/458002/0.jpg HTTP/2.0" 200 88185 "-" "baselinker"
46.101.116.244 - - [21/May/2025:02:54:08 +0200] "GET /Jurek/stema/feeds/stema_kauflandsk.xml HTTP/2.0" 200 893818 "-" "-"
46.101.116.244 - - [21/May/2025:02:54:18 +0200] "GET /Jurek/twm/feeds/twm-kauflandsk.xml HTTP/2.0" 200 2489378 "-" "-"
46.101.116.244 - - [21/May/2025:02:54:24 +0200] "GET /Jurek/fernity/feeds/fernity_manomano.xml HTTP/1.0" 200 4719295 "-" "-"
51.77.52.107 - - [21/May/2025:02:54:26 +0200] "GET /Jurek/eurofirany/images/458004/0.jpg HTTP/2.0" 200 101427 "-" "baselinker"
46.101.116.244 - - [21/May/2025:02:54:29 +0200] "GET /Jurek/unimet/feeds/unimet_kauflandsk.xml HTTP/2.0" 200 61141192 "-" "-"
51.77.52.107 - - [21/May/2025:02:54:32 +0200] "GET /Jurek/eurofirany/images/458004/0.jpg HTTP/2.0" 200 101427 "-" "baselinker"
51.77.52.107 - - [21/May/2025:02:54:38 +0200] "GET /Jurek/eurofirany/images/458004/0.jpg HTTP/2.0" 200 101427 "-" "baselinker"
51.77.52.107 - - [21/May/2025:02:54:42 +0200] "GET /Jurek/eurofirany/images/458097/0.jpg HTTP/2.0" 200 88892 "-" "baselinker"
51.77.52.107 - - [21/May/2025:02:54:59 +0200] "GET /Jurek/eurofirany/images/458097/0.jpg HTTP/2.0" 200 88892 "-" "baselinker"
51.77.52.107 - - [21/May/2025:02:55:17 +0200] "GET /Jurek/eurofirany/images/458097/0.jpg HTTP/2.0" 200 88892 "-" "baselinker"
51.77.52.107 - - [21/May/2025:02:55:24 +0200] "GET /Jurek/eurofirany/images/458102/0.jpg HTTP/2.0" 200 80256 "-" "baselinker"
51.77.52.107 - - [21/May/2025:02:55:29 +0200] "GET /Jurek/eurofirany/images/458102/0.jpg HTTP/2.0" 200 80256 "-" "baselinker"
51.77.52.107 - - [21/May/2025:02:55:49 +0200] "GET /Jurek/eurofirany/images/458102/0.jpg HTTP/2.0" 200 80256 "-" "baselinker"
51.77.52.107 - - [21/May/2025:02:56:14 +0200] "GET /Jurek/eurofirany/images/457974/0.jpg HTTP/2.0" 200 106753 "-" "baselinker"
89.161.206.59 - - [21/May/2025:02:56:26 +0200] "GET /Jurek/wenom/feeds/wenom_emagro.xml HTTP/1.0" 200 583120 "-" "-"
89.161.206.59 - - [21/May/2025:02:56:26 +0200] "GET /Jurek/emaja24/feeds/emaja24_emagro.xml HTTP/1.0" 200 5102275 "-" "-"
89.161.206.59 - - [21/May/2025:02:56:27 +0200] "GET /Jurek/zepnij/feeds/zepnij_emagro.xml HTTP/1.0" 200 19523697 "-" "-"
51.77.52.107 - - [21/May/2025:02:56:35 +0200] "GET /Jurek/eurofirany/images/457974/0.jpg HTTP/2.0" 200 106753 "-" "baselinker"
51.77.52.107 - - [21/May/2025:02:56:41 +0200] "GET /Jurek/eurofirany/images/457974/0.jpg HTTP/2.0" 200 106753 "-" "baselinker"
51.77.52.107 - - [21/May/2025:02:56:46 +0200] "GET /Jurek/eurofirany/images/457987/0.jpg HTTP/2.0" 200 102721 "-" "baselinker"
51.77.52.107 - - [21/May/2025:02:56:52 +0200] "GET /Jurek/eurofirany/images/457987/0.jpg HTTP/2.0" 200 102721 "-" "baselinker"
51.77.52.107 - - [21/May/2025:02:56:58 +0200] "GET /Jurek/eurofirany/images/457987/0.jpg HTTP/2.0" 200 102721 "-" "baselinker"
51.77.52.107 - - [21/May/2025:02:57:04 +0200] "GET /Jurek/eurofirany/images/461664/0.jpg HTTP/2.0" 200 137379 "-" "baselinker"
51.77.52.107 - - [21/May/2025:02:57:08 +0200] "GET /Jurek/eurofirany/images/461664/0.jpg HTTP/2.0" 200 137379 "-" "baselinker"
46.101.116.244 - - [21/May/2025:02:57:09 +0200] "GET /Jurek/vivaldi/feeds/vivaldi_kauflandsk.xml HTTP/2.0" 200 344642 "-" "-"
51.77.52.107 - - [21/May/2025:02:57:12 +0200] "GET /Jurek/eurofirany/images/461664/0.jpg HTTP/2.0" 200 137379 "-" "baselinker"
51.77.52.107 - - [21/May/2025:02:57:17 +0200] "GET /Jurek/eurofirany/images/461667/0.jpg HTTP/2.0" 200 123182 "-" "baselinker"
46.101.116.244 - - [21/May/2025:02:57:24 +0200] "GET /Jurek/vidaSK/feeds/vida_kaufland.xml HTTP/2.0" 200 516729590 "-" "-"
51.77.52.107 - - [21/May/2025:02:57:25 +0200] "GET /Jurek/eurofirany/images/461667/0.jpg HTTP/2.0" 200 123182 "-" "baselinker"
89.161.206.59 - - [21/May/2025:02:57:26 +0200] "GET /Jurek/makow/feeds/makow_emagro.xml HTTP/1.0" 200 21206222 "-" "-"
51.77.52.107 - - [21/May/2025:02:57:38 +0200] "GET /Jurek/eurofirany/images/461667/0.jpg HTTP/2.0" 200 123182 "-" "baselinker"
51.77.52.107 - - [21/May/2025:02:57:44 +0200] "GET /Jurek/eurofirany/images/461982/0.jpg HTTP/2.0" 200 124629 "-" "baselinker"
77.79.248.229 - - [21/May/2025:02:58:01 +0200] "GET /Jurek/eurofirany/feeds/eurofirany_manomanode.xml HTTP/1.1" 200 18807473 "-" "Python-urllib/3.11"
51.77.52.107 - - [21/May/2025:02:58:02 +0200] "GET /Jurek/eurofirany/images/461982/0.jpg HTTP/2.0" 200 124629 "-" "baselinker"
77.79.248.229 - - [21/May/2025:02:58:03 +0200] "GET /Jurek/hurtownia_przemyslowa/feeds/hp_manomanode.xml HTTP/1.1" 200 49361233 "-" "Python-urllib/3.11"
89.161.206.59 - - [21/May/2025:02:58:03 +0200] "GET /Jurek/waks/feeds/waks_skroutz.xml HTTP/1.0" 200 1596552 "-" "-"
77.79.248.229 - - [21/May/2025:02:58:03 +0200] "GET /Jurek/topeshop/feeds/topeshop_manoDE.xml HTTP/1.1" 200 2988322 "-" "Python-urllib/3.11"
89.161.206.59 - - [21/May/2025:02:58:05 +0200] "GET /Jurek/eroplace/feeds/eroplace_skroutz.xml HTTP/1.0" 200 51201698 "-" "-"
77.79.248.229 - - [21/May/2025:02:58:05 +0200] "GET /Jurek/aw/feeds/awnarzedzia_manomanoDE.xml HTTP/1.1" 200 65274512 "-" "Python-urllib/3.11"
77.79.248.229 - - [21/May/2025:02:58:05 +0200] "GET /Jurek/action/feeds/action_manomano_DE.xml HTTP/1.1" 200 58376149 "-" "Python-urllib/3.11"
77.79.248.229 - - [21/May/2025:02:58:05 +0200] "GET /Jurek/drewdon/feeds/drewdon_manomanoDE.xml HTTP/1.1" 200 504439 "-" "Python-urllib/3.11"
77.79.248.229 - - [21/May/2025:02:58:06 +0200] "GET /Jurek/pupus/feeds/pupus_manomanoDE.xml HTTP/1.1" 200 6154527 "-" "Python-urllib/3.11"
77.79.248.229 - - [21/May/2025:02:58:06 +0200] "GET /Jurek/reman/feeds/reman_manoamnoDE.xml HTTP/1.1" 200 1394817 "-" "Python-urllib/3.11"
77.79.248.229 - - [21/May/2025:02:58:06 +0200] "GET /Jurek/artdog/feeds/artdog_manomanoDE.xml HTTP/1.1" 200 17158853 "-" "Python-urllib/3.11"
77.79.248.229 - - [21/May/2025:02:58:06 +0200] "GET /Jurek/sartrix/feeds/sartrix_manomanoDE.xml HTTP/1.1" 200 649173 "-" "Python-urllib/3.11"
77.79.248.229 - - [21/May/2025:02:58:06 +0200] "GET /Jurek/hlo/feeds/hlo_manomanoDE.xml HTTP/1.1" 200 4838600 "-" "Python-urllib/3.11"
77.79.248.229 - - [21/May/2025:02:58:07 +0200] "GET /Jurek/hurtmeblowy/feeds/hurtmeblowy_ManoDE.xml HTTP/1.1" 200 7739766 "-" "Python-urllib/3.11"
77.79.248.229 - - [21/May/2025:02:58:07 +0200] "GET /Jurek/drops/feeds/dropsofficecolection_manoDE.xml HTTP/1.1" 200 790796 "-" "Python-urllib/3.11"
77.79.248.229 - - [21/May/2025:02:58:07 +0200] "GET /Jurek/szpaklampy/feeds/szpaklampy_manoDE.xml HTTP/1.1" 200 388206 "-" "Python-urllib/3.11"
46.101.116.244 - - [21/May/2025:02:58:07 +0200] "GET /Jurek/madrex/feeds/madrex_kauflandde.xml HTTP/2.0" 200 466708 "-" "-"
77.79.248.229 - - [21/May/2025:02:58:07 +0200] "GET /Jurek/kristronik/feeds/kristronik_manoDE.xml HTTP/1.1" 200 691986 "-" "Python-urllib/3.11"
77.79.248.229 - - [21/May/2025:02:58:08 +0200] "GET /Jurek/techrebal/feeds/techrebal_manoDE.xml HTTP/1.1" 200 1989737 "-" "Python-urllib/3.11"
77.79.248.229 - - [21/May/2025:02:58:08 +0200] "GET /Jurek/proparts/feeds/proparts_manoDE.xml HTTP/1.1" 200 707483 "-" "Python-urllib/3.11"
77.79.248.229 - - [21/May/2025:02:58:09 +0200] "GET /Jurek/broers/feeds/broers_manoDE.xml HTTP/1.1" 200 1982405 "-" "Python-urllib/3.11"
77.79.248.229 - - [21/May/2025:02:58:09 +0200] "GET /Jurek/em3/feeds/em3_manoDE.xml HTTP/1.1" 200 258918 "-" "Python-urllib/3.11"
77.79.248.229 - - [21/May/2025:02:58:09 +0200] "GET /Jurek/evil/feeds/evil_manoDE.xml HTTP/1.1" 200 306380 "-" "Python-urllib/3.11"
77.79.248.229 - - [21/May/2025:02:58:10 +0200] "GET /Jurek/hdwr/feeds/hdwr_manoDE.xml HTTP/1.1" 200 789416 "-" "Python-urllib/3.11"
77.79.248.229 - - [21/May/2025:02:58:10 +0200] "GET /Jurek/lampart/feeds/lampart_manoDE.xml HTTP/1.1" 200 936032 "-" "Python-urllib/3.11"
77.79.248.229 - - [21/May/2025:02:58:10 +0200] "GET /Jurek/nonabox/feeds/nonabox_manoDE.xml HTTP/1.1" 200 33866 "-" "Python-urllib/3.11"
77.79.248.229 - - [21/May/2025:02:58:10 +0200] "GET /Jurek/smxdesign/feeds/smxdesign_manoDE.xml HTTP/1.1" 200 1828989 "-" "Python-urllib/3.11"
77.79.248.229 - - [21/May/2025:02:58:10 +0200] "GET /Jurek/techrebalina/feeds/techrebalina_manoDE.xml HTTP/1.1" 200 2011210 "-" "Python-urllib/3.11"
77.79.248.229 - - [21/May/2025:02:58:10 +0200] "GET /Jurek/cdata/feeds/cdata_manoDE.xml HTTP/1.1" 200 1445155 "-" "Python-urllib/3.11"
77.79.248.229 - - [21/May/2025:02:58:10 +0200] "GET /Jurek/omi/feeds/omi_manoDE.xml HTTP/1.1" 200 8100707 "-" "Python-urllib/3.11"
77.79.248.229 - - [21/May/2025:02:58:10 +0200] "GET /Jurek/tsjerzy/feeds/tsjerzy_manoDE.xml HTTP/1.1" 200 3897590 "-" "Python-urllib/3.11"
77.79.248.229 - - [21/May/2025:02:58:10 +0200] "GET /Jurek/narzbud/feeds/narzbud_manoDE.xml HTTP/1.1" 200 1901207 "-" "Python-urllib/3.11"
77.79.248.229 - - [21/May/2025:02:58:11 +0200] "GET /Jurek/makow/feeds/makow_manoDE.xml HTTP/1.1" 200 21203303 "-" "Python-urllib/3.11"
77.79.248.229 - - [21/May/2025:02:58:11 +0200] "GET /Jurek/jankeski/feeds/jankeski_manoDE.xml HTTP/1.1" 200 6571090 "-" "Python-urllib/3.11"
77.79.248.229 - - [21/May/2025:02:58:11 +0200] "GET /Jurek/gandalf/feeds/gandalf_manoDE.xml HTTP/1.1" 200 1082539 "-" "Python-urllib/3.11"
77.79.248.229 - - [21/May/2025:02:58:11 +0200] "GET /Jurek/zenex/feeds/zenex_manoDE.xml HTTP/1.1" 200 540162 "-" "Python-urllib/3.11"
77.79.248.229 - - [21/May/2025:02:58:11 +0200] "GET /Jurek/andex/feeds/andex_manoDE.xml HTTP/1.1" 200 1953343 "-" "Python-urllib/3.11"
77.79.248.229 - - [21/May/2025:02:58:11 +0200] "GET /Jurek/sebmart/feeds/sebmart_manoDE.xml HTTP/1.1" 200 1598740 "-" "Python-urllib/3.11"
77.79.248.229 - - [21/May/2025:02:58:12 +0200] "GET /Jurek/benetech/feeds/benetech_manode.xml HTTP/1.1" 200 4165388 "-" "Python-urllib/3.11"
77.79.248.229 - - [21/May/2025:02:58:12 +0200] "GET /Jurek/dekoele/feeds/dekoele_manomanoDE.xml HTTP/1.1" 200 733932 "-" "Python-urllib/3.11"
77.79.248.229 - - [21/May/2025:02:58:12 +0200] "GET /Jurek/mojeledy/feeds/mojeledy_manoDE.xml HTTP/1.1" 200 1018440 "-" "Python-urllib/3.11"
77.79.248.229 - - [21/May/2025:02:58:12 +0200] "GET /Jurek/rovato/feeds/rovato_manoDE.xml HTTP/1.1" 200 180835 "-" "Python-urllib/3.11"
77.79.248.229 - - [21/May/2025:02:58:14 +0200] "GET /Jurek/piotrmiedz/feeds/piotrmiedz_manoDE.xml HTTP/1.1" 200 91037470 "-" "Python-urllib/3.11"
77.79.248.229 - - [21/May/2025:02:58:14 +0200] "GET /Jurek/pawonik/feeds/pawonik_manoDE.xml HTTP/1.1" 200 2138407 "-" "Python-urllib/3.11"
77.79.248.229 - - [21/May/2025:02:58:14 +0200] "GET /Jurek/alucon/feeds/alucon_manoDE.xml HTTP/1.1" 200 553564 "-" "Python-urllib/3.11"
77.79.248.229 - - [21/May/2025:02:58:14 +0200] "GET /Jurek/sovapl/feeds/sovapl_manoDE.xml HTTP/1.1" 200 8999915 "-" "Python-urllib/3.11"
46.101.116.244 - - [21/May/2025:02:58:14 +0200] "GET /Jurek/intsell/feeds/intsell_skroutz.xml HTTP/1.0" 200 269821694 "-" "-"
77.79.248.229 - - [21/May/2025:02:58:14 +0200] "GET /Jurek/missionair/feeds/missionair_manoDE.xml HTTP/1.1" 200 3154849 "-" "Python-urllib/3.11"
77.79.248.229 - - [21/May/2025:02:58:17 +0200] "GET /Jurek/apresto/feeds/apresto_manoDE.xml HTTP/1.1" 200 1327606 "-" "Python-urllib/3.11"
77.79.248.229 - - [21/May/2025:02:58:18 +0200] "GET /Jurek/fernity/feeds/fernity_manomano.xml HTTP/1.1" 200 4719295 "-" "Python-urllib/3.11"
46.101.116.244 - - [21/May/2025:02:58:18 +0200] "GET /Jurek/hurtmeblowy/feeds/hurtmeblowy_kauflandde.xml HTTP/2.0" 200 7518207 "-" "-"
77.79.248.229 - - [21/May/2025:02:58:18 +0200] "GET /Jurek/eurofirany/feeds/eurofirany_manomanofr.xml HTTP/1.1" 200 18807371 "-" "Python-urllib/3.11"
51.77.52.107 - - [21/May/2025:02:58:18 +0200] "GET /Jurek/eurofirany/images/461982/0.jpg HTTP/2.0" 200 124629 "-" "baselinker"
77.79.248.229 - - [21/May/2025:02:58:18 +0200] "GET /Jurek/hurtownia_przemyslowa/feeds/hp_manomanofr.xml HTTP/1.1" 200 49361328 "-" "Python-urllib/3.11"
77.79.248.229 - - [21/May/2025:02:58:20 +0200] "GET /Jurek/kinghome/feeds/kinghome_manomanofr.xml HTTP/1.1" 200 6225821 "-" "Python-urllib/3.11"
77.79.248.229 - - [21/May/2025:02:58:20 +0200] "GET /Jurek/topeshop/feeds/topeshop_manoFR.xml HTTP/1.1" 200 2988373 "-" "Python-urllib/3.11"
77.79.248.229 - - [21/May/2025:02:58:20 +0200] "GET /Jurek/activeshop/feeds/activeshop_manomanofr.xml HTTP/1.1" 200 10406978 "-" "Python-urllib/3.11"
77.79.248.229 - - [21/May/2025:02:58:21 +0200] "GET /Jurek/aw/feeds/awnarzedzia_manomanofr.xml HTTP/1.1" 200 65275387 "-" "Python-urllib/3.11"
51.77.52.107 - - [21/May/2025:02:58:23 +0200] "GET /Jurek/eurofirany/images/458713/0.jpg HTTP/2.0" 200 87564 "-" "baselinker"
77.79.248.229 - - [21/May/2025:02:58:23 +0200] "GET /Jurek/stema/feeds/stema_manofr.xml HTTP/1.1" 200 893921 "-" "Python-urllib/3.11"
77.79.248.229 - - [21/May/2025:02:58:23 +0200] "GET /Jurek/hurtmeblowy/feeds/hurtmeblowy_ManoFR.xml HTTP/1.1" 200 7739859 "-" "Python-urllib/3.11"
77.79.248.229 - - [21/May/2025:02:58:23 +0200] "GET /Jurek/szpaklampy/feeds/szpaklampy_manoFR.xml HTTP/1.1" 200 388216 "-" "Python-urllib/3.11"
77.79.248.229 - - [21/May/2025:02:58:23 +0200] "GET /Jurek/drops/feeds/dropsofficecolection_manoFR.xml HTTP/1.1" 200 790744 "-" "Python-urllib/3.11"
77.79.248.229 - - [21/May/2025:02:58:24 +0200] "GET /Jurek/kristronik/feeds/kristronik_manoFR.xml HTTP/1.1" 200 691973 "-" "Python-urllib/3.11"
77.79.248.229 - - [21/May/2025:02:58:24 +0200] "GET /Jurek/techrebal/feeds/techrebal_manoFR.xml HTTP/1.1" 200 1989745 "-" "Python-urllib/3.11"
77.79.248.229 - - [21/May/2025:02:58:24 +0200] "GET /Jurek/proparts/feeds/proparts_manoFR.xml HTTP/1.1" 200 707499 "-" "Python-urllib/3.11"
77.79.248.229 - - [21/May/2025:02:58:25 +0200] "GET /Jurek/broers/feeds/broers_manoFR.xml HTTP/1.1" 200 1982516 "-" "Python-urllib/3.11"
77.79.248.229 - - [21/May/2025:02:58:25 +0200] "GET /Jurek/em3/feeds/em3_manoFR.xml HTTP/1.1" 200 258922 "-" "Python-urllib/3.11"
77.79.248.229 - - [21/May/2025:02:58:26 +0200] "GET /Jurek/evil/feeds/evil_manoFR.xml HTTP/1.1" 200 306382 "-" "Python-urllib/3.11"
77.79.248.229 - - [21/May/2025:02:58:26 +0200] "GET /Jurek/hdwr/feeds/hdwr_manoFR.xml HTTP/1.1" 200 789425 "-" "Python-urllib/3.11"
77.79.248.229 - - [21/May/2025:02:58:26 +0200] "GET /Jurek/lampart/feeds/lampart_manoFR.xml HTTP/1.1" 200 936035 "-" "Python-urllib/3.11"
77.79.248.229 - - [21/May/2025:02:58:26 +0200] "GET /Jurek/nonabox/feeds/nonabox_manoFR.xml HTTP/1.1" 200 33866 "-" "Python-urllib/3.11"
89.161.206.59 - - [21/May/2025:02:58:26 +0200] "GET /Jurek/domzapachy/feeds/domzapachy_skroutz.xml HTTP/1.0" 200 179716 "-" "-"
77.79.248.229 - - [21/May/2025:02:58:26 +0200] "GET /Jurek/smxdesign/feeds/smxdesign_manoFR.xml HTTP/1.1" 200 1829030 "-" "Python-urllib/3.11"
77.79.248.229 - - [21/May/2025:02:58:26 +0200] "GET /Jurek/techrebalina/feeds/techrebalina_manoFR.xml HTTP/1.1" 200 2011217 "-" "Python-urllib/3.11"
77.79.248.229 - - [21/May/2025:02:58:26 +0200] "GET /Jurek/cdata/feeds/cdata_manoFR.xml HTTP/1.1" 200 1445152 "-" "Python-urllib/3.11"
89.161.206.59 - - [21/May/2025:02:58:26 +0200] "GET /Jurek/wenom/feeds/wenom_skroutz.xml HTTP/1.0" 200 583071 "-" "-"
77.79.248.229 - - [21/May/2025:02:58:26 +0200] "GET /Jurek/omi/feeds/omi_manoFR.xml HTTP/1.1" 200 8100661 "-" "Python-urllib/3.11"
77.79.248.229 - - [21/May/2025:02:58:26 +0200] "GET /Jurek/tsjerzy/feeds/tsjerzy_manoFR.xml HTTP/1.1" 200 3897624 "-" "Python-urllib/3.11"
77.79.248.229 - - [21/May/2025:02:58:27 +0200] "GET /Jurek/narzbud/feeds/narzbud_manoFR.xml HTTP/1.1" 200 1901236 "-" "Python-urllib/3.11"
89.161.206.59 - - [21/May/2025:02:58:27 +0200] "GET /Jurek/luxma/feeds/luxma_skroutz.xml HTTP/1.0" 200 4419606 "-" "-"
77.79.248.229 - - [21/May/2025:02:58:27 +0200] "GET /Jurek/makow/feeds/makow_manoFR.xml HTTP/1.1" 200 21203825 "-" "Python-urllib/3.11"
77.79.248.229 - - [21/May/2025:02:58:27 +0200] "GET /Jurek/jankeski/feeds/jankeski_manoFR.xml HTTP/1.1" 200 6571140 "-" "Python-urllib/3.11"
77.79.248.229 - - [21/May/2025:02:58:27 +0200] "GET /Jurek/gandalf/feeds/gandalf_manoFR.xml HTTP/1.1" 200 1082538 "-" "Python-urllib/3.11"
77.79.248.229 - - [21/May/2025:02:58:27 +0200] "GET /Jurek/zenex/feeds/zenex_manoFR.xml HTTP/1.1" 200 540164 "-" "Python-urllib/3.11"
77.79.248.229 - - [21/May/2025:02:58:28 +0200] "GET /Jurek/andex/feeds/andex_manoFR.xml HTTP/1.1" 200 1953384 "-" "Python-urllib/3.11"
77.79.248.229 - - [21/May/2025:02:58:28 +0200] "GET /Jurek/sebmart/feeds/sebmart_manoFR.xml HTTP/1.1" 200 1598695 "-" "Python-urllib/3.11"
51.77.52.107 - - [21/May/2025:02:58:28 +0200] "GET /Jurek/eurofirany/images/458713/0.jpg HTTP/2.0" 200 87564 "-" "baselinker"
89.161.206.59 - - [21/May/2025:02:58:28 +0200] "GET /Jurek/euroshop/feeds/euroshop_skroutz.xml HTTP/1.0" 200 20025496 "-" "-"
77.79.248.229 - - [21/May/2025:02:58:28 +0200] "GET /Jurek/benetech/feeds/benetech_manofr.xml HTTP/1.1" 200 4165412 "-" "Python-urllib/3.11"
77.79.248.229 - - [21/May/2025:02:58:28 +0200] "GET /Jurek/dekoele/feeds/dekoele_manomanoFR.xml HTTP/1.1" 200 733939 "-" "Python-urllib/3.11"
77.79.248.229 - - [21/May/2025:02:58:28 +0200] "GET /Jurek/mojeledy/feeds/mojeledy_manoFR.xml HTTP/1.1" 200 1018436 "-" "Python-urllib/3.11"
77.79.248.229 - - [21/May/2025:02:58:28 +0200] "GET /Jurek/rovato/feeds/rovato_manoFR.xml HTTP/1.1" 200 180835 "-" "Python-urllib/3.11"
89.161.206.59 - - [21/May/2025:02:58:29 +0200] "GET /Jurek/german/feeds/german_skroutz.xml HTTP/1.0" 200 2449518 "-" "-"
77.79.248.229 - - [21/May/2025:02:58:29 +0200] "GET /Jurek/piotrmiedz/feeds/piotrmiedz_manoFR.xml HTTP/1.1" 200 91042934 "-" "Python-urllib/3.11"
77.79.248.229 - - [21/May/2025:02:58:30 +0200] "GET /Jurek/sartrix/feeds/sartrix_manomanoFR.xml HTTP/1.1" 200 649171 "-" "Python-urllib/3.11"
77.79.248.229 - - [21/May/2025:02:58:30 +0200] "GET /Jurek/drewdon/feeds/drewdon_manomanoFR.xml HTTP/1.1" 200 504436 "-" "Python-urllib/3.11"
77.79.248.229 - - [21/May/2025:02:58:30 +0200] "GET /Jurek/pupus/feeds/pupus_manomanoFR.xml HTTP/1.1" 200 6154621 "-" "Python-urllib/3.11"
77.79.248.229 - - [21/May/2025:02:58:30 +0200] "GET /Jurek/artdog/feeds/artdog_manomanoFR.xml HTTP/1.1" 200 17157476 "-" "Python-urllib/3.11"
77.79.248.229 - - [21/May/2025:02:58:30 +0200] "GET /Jurek/reman/feeds/reman_manoamnoFR.xml HTTP/1.1" 200 1394826 "-" "Python-urllib/3.11"
77.79.248.229 - - [21/May/2025:02:58:30 +0200] "GET /Jurek/pawonik/feeds/pawonik_manoFR.xml HTTP/1.1" 200 2138432 "-" "Python-urllib/3.11"
77.79.248.229 - - [21/May/2025:02:58:30 +0200] "GET /Jurek/alucon/feeds/alucon_manoFR.xml HTTP/1.1" 200 553561 "-" "Python-urllib/3.11"
46.101.116.244 - - [21/May/2025:02:58:30 +0200] "GET /Jurek/kobi/feeds/kobi_kauflandde.xml HTTP/2.0" 200 942922 "-" "-"
77.79.248.229 - - [21/May/2025:02:58:30 +0200] "GET /Jurek/sovapl/feeds/sovapl_manoFR.xml HTTP/1.1" 200 8999651 "-" "Python-urllib/3.11"
77.79.248.229 - - [21/May/2025:02:58:30 +0200] "GET /Jurek/missionair/feeds/missionair_manoFR.xml HTTP/1.1" 200 3154846 "-" "Python-urllib/3.11"
77.79.248.229 - - [21/May/2025:02:58:33 +0200] "GET /Jurek/apresto/feeds/apresto_manoFR.xml HTTP/1.1" 200 1327601 "-" "Python-urllib/3.11"
77.79.248.229 - - [21/May/2025:02:58:34 +0200] "GET /Jurek/hurtownia_przemyslowa/feeds/hp_manomanoit.xml HTTP/1.1" 200 49361410 "-" "Python-urllib/3.11"
77.79.248.229 - - [21/May/2025:02:58:35 +0200] "GET /Jurek/eurofirany/feeds/eurofirany_manomanoit.xml HTTP/1.1" 200 18807559 "-" "Python-urllib/3.11"
77.79.248.229 - - [21/May/2025:02:58:35 +0200] "GET /Jurek/fernity/feeds/fernity_manoIT.xml HTTP/1.1" 200 4719751 "-" "Python-urllib/3.11"
77.79.248.229 - - [21/May/2025:02:58:35 +0200] "GET /Jurek/topeshop/feeds/topeshop_manoIT.xml HTTP/1.1" 200 2988382 "-" "Python-urllib/3.11"
77.79.248.229 - - [21/May/2025:02:58:36 +0200] "GET /Jurek/action/feeds/action_manomano_IT.xml HTTP/1.1" 200 58377699 "-" "Python-urllib/3.11"
77.79.248.229 - - [21/May/2025:02:58:36 +0200] "GET /Jurek/activeshop/feeds/activeshop_manomanoit.xml HTTP/1.1" 200 10407016 "-" "Python-urllib/3.11"
77.79.248.229 - - [21/May/2025:02:58:37 +0200] "GET /Jurek/aw/feeds/awnarzedzia_manomanoIT.xml HTTP/1.1" 200 65276083 "-" "Python-urllib/3.11"
77.79.248.229 - - [21/May/2025:02:58:37 +0200] "GET /Jurek/barbecook/feeds/barbecook_manoit.xml HTTP/1.1" 200 87536 "-" "Python-urllib/3.11"
77.79.248.229 - - [21/May/2025:02:58:37 +0200] "GET /Jurek/drewdon/feeds/drewdon_manomanoIT.xml HTTP/1.1" 200 504448 "-" "Python-urllib/3.11"
77.79.248.229 - - [21/May/2025:02:58:38 +0200] "GET /Jurek/pupus/feeds/pupus_manomanoIT.xml HTTP/1.1" 200 6153968 "-" "Python-urllib/3.11"
77.79.248.229 - - [21/May/2025:02:58:38 +0200] "GET /Jurek/reman/feeds/reman_manoamnoIT.xml HTTP/1.1" 200 1394821 "-" "Python-urllib/3.11"
77.79.248.229 - - [21/May/2025:02:58:38 +0200] "GET /Jurek/artdog/feeds/artdog_manomanoIT.xml HTTP/1.1" 200 17159240 "-" "Python-urllib/3.11"
77.79.248.229 - - [21/May/2025:02:58:38 +0200] "GET /Jurek/sartrix/feeds/sartrix_manomanoIT.xml HTTP/1.1" 200 649189 "-" "Python-urllib/3.11"
77.79.248.229 - - [21/May/2025:02:58:38 +0200] "GET /Jurek/hlo/feeds/hlo_manomanoIT.xml HTTP/1.1" 200 4838655 "-" "Python-urllib/3.11"
77.79.248.229 - - [21/May/2025:02:58:39 +0200] "GET /Jurek/hurtmeblowy/feeds/hurtmeblowy_ManoIT.xml HTTP/1.1" 200 7739763 "-" "Python-urllib/3.11"
77.79.248.229 - - [21/May/2025:02:58:39 +0200] "GET /Jurek/szpaklampy/feeds/szpaklampy_manoIT.xml HTTP/1.1" 200 388213 "-" "Python-urllib/3.11"
77.79.248.229 - - [21/May/2025:02:58:39 +0200] "GET /Jurek/drops/feeds/dropsofficecolection_manoIT.xml HTTP/1.1" 200 790814 "-" "Python-urllib/3.11"
77.79.248.229 - - [21/May/2025:02:58:39 +0200] "GET /Jurek/kristronik/feeds/kristronik_manoIT.xml HTTP/1.1" 200 691989 "-" "Python-urllib/3.11"
77.79.248.229 - - [21/May/2025:02:58:39 +0200] "GET /Jurek/techrebal/feeds/techrebal_manoIT.xml HTTP/1.1" 200 1989743 "-" "Python-urllib/3.11"
77.79.248.229 - - [21/May/2025:02:58:39 +0200] "GET /Jurek/proparts/feeds/proparts_manoIT.xml HTTP/1.1" 200 707492 "-" "Python-urllib/3.11"
77.79.248.229 - - [21/May/2025:02:58:41 +0200] "GET /Jurek/broers/feeds/broers_manoIT.xml HTTP/1.1" 200 1982530 "-" "Python-urllib/3.11"
77.79.248.229 - - [21/May/2025:02:58:41 +0200] "GET /Jurek/em3/feeds/em3_manoIT.xml HTTP/1.1" 200 258922 "-" "Python-urllib/3.11"
46.101.116.244 - - [21/May/2025:02:58:41 +0200] "GET /Jurek/matkam/feeds/matkam_kauflandde.xml HTTP/2.0" 200 4424501 "-" "-"
77.79.248.229 - - [21/May/2025:02:58:41 +0200] "GET /Jurek/evil/feeds/evil_manoIT.xml HTTP/1.1" 200 306388 "-" "Python-urllib/3.11"
77.79.248.229 - - [21/May/2025:02:58:41 +0200] "GET /Jurek/hdwr/feeds/hdwr_manoIT.xml HTTP/1.1" 200 789428 "-" "Python-urllib/3.11"
77.79.248.229 - - [21/May/2025:02:58:41 +0200] "GET /Jurek/lampart/feeds/lampart_manoIT.xml HTTP/1.1" 200 936036 "-" "Python-urllib/3.11"
77.79.248.229 - - [21/May/2025:02:58:41 +0200] "GET /Jurek/nonabox/feeds/nonabox_manoIT.xml HTTP/1.1" 200 33865 "-" "Python-urllib/3.11"
77.79.248.229 - - [21/May/2025:02:58:41 +0200] "GET /Jurek/smxdesign/feeds/smxdesign_manoIT.xml HTTP/1.1" 200 1829036 "-" "Python-urllib/3.11"
77.79.248.229 - - [21/May/2025:02:58:41 +0200] "GET /Jurek/techrebalina/feeds/techrebalina_manoIT.xml HTTP/1.1" 200 2011218 "-" "Python-urllib/3.11"
77.79.248.229 - - [21/May/2025:02:58:42 +0200] "GET /Jurek/omi/feeds/omi_manoIT.xml HTTP/1.1" 200 8100719 "-" "Python-urllib/3.11"
77.79.248.229 - - [21/May/2025:02:58:42 +0200] "GET /Jurek/tsjerzy/feeds/tsjerzy_manoIT.xml HTTP/1.1" 200 3897683 "-" "Python-urllib/3.11"
77.79.248.229 - - [21/May/2025:02:58:42 +0200] "GET /Jurek/narzbud/feeds/narzbud_manoIT.xml HTTP/1.1" 200 1901239 "-" "Python-urllib/3.11"
77.79.248.229 - - [21/May/2025:02:58:42 +0200] "GET /Jurek/makow/feeds/makow_manoIT.xml HTTP/1.1" 200 21203849 "-" "Python-urllib/3.11"
77.79.248.229 - - [21/May/2025:02:58:42 +0200] "GET /Jurek/jankeski/feeds/jankeski_manoIT.xml HTTP/1.1" 200 6571133 "-" "Python-urllib/3.11"
77.79.248.229 - - [21/May/2025:02:58:42 +0200] "GET /Jurek/gandalf/feeds/gandalf_manoIT.xml HTTP/1.1" 200 1082539 "-" "Python-urllib/3.11"
77.79.248.229 - - [21/May/2025:02:58:43 +0200] "GET /Jurek/zenex/feeds/zenex_manoIT.xml HTTP/1.1" 200 540160 "-" "Python-urllib/3.11"
77.79.248.229 - - [21/May/2025:02:58:43 +0200] "GET /Jurek/andex/feeds/andex_manoIT.xml HTTP/1.1" 200 1953379 "-" "Python-urllib/3.11"
77.79.248.229 - - [21/May/2025:02:58:43 +0200] "GET /Jurek/sebmart/feeds/sebmart_manoIT.xml HTTP/1.1" 200 1598735 "-" "Python-urllib/3.11"
77.79.248.229 - - [21/May/2025:02:58:43 +0200] "GET /Jurek/benetech/feeds/benetech_manoit.xml HTTP/1.1" 200 4165415 "-" "Python-urllib/3.11"
77.79.248.229 - - [21/May/2025:02:58:43 +0200] "GET /Jurek/dekoele/feeds/dekoele_manomanoIT.xml HTTP/1.1" 200 733938 "-" "Python-urllib/3.11"
77.79.248.229 - - [21/May/2025:02:58:43 +0200] "GET /Jurek/mojeledy/feeds/mojeledy_manoIT.xml HTTP/1.1" 200 1018428 "-" "Python-urllib/3.11"
77.79.248.229 - - [21/May/2025:02:58:43 +0200] "GET /Jurek/rovato/feeds/rovato_manoIT.xml HTTP/1.1" 200 180836 "-" "Python-urllib/3.11"
77.79.248.229 - - [21/May/2025:02:58:45 +0200] "GET /Jurek/piotrmiedz/feeds/piotrmiedz_manoIT.xml HTTP/1.1" 200 91046139 "-" "Python-urllib/3.11"
77.79.248.229 - - [21/May/2025:02:58:45 +0200] "GET /Jurek/pawonik/feeds/pawonik_manoIT.xml HTTP/1.1" 200 2138426 "-" "Python-urllib/3.11"
77.79.248.229 - - [21/May/2025:02:58:45 +0200] "GET /Jurek/alucon/feeds/alucon_manoIT.xml HTTP/1.1" 200 553560 "-" "Python-urllib/3.11"
77.79.248.229 - - [21/May/2025:02:58:45 +0200] "GET /Jurek/sovapl/feeds/sovapl_manoIT.xml HTTP/1.1" 200 8999858 "-" "Python-urllib/3.11"
77.79.248.229 - - [21/May/2025:02:58:45 +0200] "GET /Jurek/missionair/feeds/missionair_manoIT.xml HTTP/1.1" 200 3154863 "-" "Python-urllib/3.11"
51.77.52.107 - - [21/May/2025:02:58:46 +0200] "GET /Jurek/eurofirany/images/458713/0.jpg HTTP/2.0" 200 87564 "-" "baselinker"
77.79.248.229 - - [21/May/2025:02:58:48 +0200] "GET /Jurek/apresto/feeds/apresto_manoIT.xml HTTP/1.1" 200 1327621 "-" "Python-urllib/3.11"
77.79.248.229 - - [21/May/2025:02:58:48 +0200] "GET /Jurek/drewdon/feeds/drewdon_manomanoES.xml HTTP/1.1" 200 504433 "-" "Python-urllib/3.11"
77.79.248.229 - - [21/May/2025:02:58:48 +0200] "GET /Jurek/hurtownia_przemyslowa/feeds/hp_manomanoES.xml HTTP/1.1" 200 49361984 "-" "Python-urllib/3.11"
77.79.248.229 - - [21/May/2025:02:58:49 +0200] "GET /Jurek/pupus/feeds/pupus_manomanoES.xml HTTP/1.1" 200 6154486 "-" "Python-urllib/3.11"
77.79.248.229 - - [21/May/2025:02:58:49 +0200] "GET /Jurek/reman/feeds/reman_manoamnoES.xml HTTP/1.1" 200 1394826 "-" "Python-urllib/3.11"
77.79.248.229 - - [21/May/2025:02:58:49 +0200] "GET /Jurek/artdog/feeds/artdog_manomanoES.xml HTTP/1.1" 200 17158629 "-" "Python-urllib/3.11"
