46.101.116.244 - - [20/May/2025:16:00:11 +0200] "GET /Jurek/cbdgreen/feeds/cbdgreen_mallsiSH.xml HTTP/2.0" 200 50541 "-" "-"
35.204.39.32 - - [20/May/2025:16:00:15 +0200] "GET /marketplaces/carrefour_fr/results/carrefour_fr.csv HTTP/1.1" 200 147219 "-" "Mirakl HttpClient"
51.77.52.107 - - [20/May/2025:16:00:19 +0200] "GET /Jurek/eurofirany/images/468980/0.jpg HTTP/2.0" 200 90505 "-" "baselinker"
46.101.116.244 - - [20/May/2025:16:00:22 +0200] "GET /Jurek/cbdgreen/feeds/cbdgreen_mallsiSH.xml HTTP/2.0" 200 50541 "-" "-"
85.14.86.141 - - [20/May/2025:16:00:23 +0200] "GET /Jurek/vida_morele/feeds/VidaPL_all.xml HTTP/2.0" 200 841395867 "-" "MarketplaceAPI curl/7.74.0 PHP/8"
46.101.116.244 - - [20/May/2025:16:00:32 +0200] "GET /Jurek/dekornatort/feeds/dekornatort_mallsiSH.xml HTTP/2.0" 200 225748 "-" "-"
51.77.52.107 - - [20/May/2025:16:00:39 +0200] "GET /Jurek/eurofirany/images/468968/0.jpg HTTP/2.0" 200 61344 "-" "baselinker"
46.101.116.244 - - [20/May/2025:16:00:42 +0200] "GET /Jurek/eurofryz2/feeds/eurofryz2_mallsiSH.xml HTTP/2.0" 200 1376791 "-" "-"
52.18.22.0 - - [20/May/2025:16:00:44 +0200] "GET /marketplaces/ubaldi/results/ubaldi.csv HTTP/1.1" 200 3562394 "-" "Mirakl HttpClient"
46.101.116.244 - - [20/May/2025:16:00:53 +0200] "GET /Jurek/eurofryz3/feeds/eurofryz3_mallsiSH.xml HTTP/2.0" 200 172222 "-" "-"
51.77.52.107 - - [20/May/2025:16:01:00 +0200] "GET /Jurek/eurofirany/images/468968/0.jpg HTTP/2.0" 200 61344 "-" "baselinker"
46.101.116.244 - - [20/May/2025:16:01:03 +0200] "GET /Jurek/globaldeli/feeds/globaldeli_mallsiSH.xml HTTP/2.0" 200 2590906 "-" "-"
35.204.39.32 - - [20/May/2025:16:01:21 +0200] "GET /marketplaces/vente/results/vente_nl.csv HTTP/1.1" 200 147219 "-" "Mirakl HttpClient"
35.204.39.32 - - [20/May/2025:16:01:21 +0200] "GET /marketplaces/vente/results/vente_fr.csv HTTP/1.1" 200 2393673 "-" "Mirakl HttpClient"
35.204.39.32 - - [20/May/2025:16:01:22 +0200] "GET /marketplaces/vente/results/vente_be.csv HTTP/1.1" 200 2172793 "-" "Mirakl HttpClient"
35.204.39.32 - - [20/May/2025:16:01:23 +0200] "GET /marketplaces/vente/results/vente_it.csv HTTP/1.1" 200 524051 "-" "Mirakl HttpClient"
35.204.39.32 - - [20/May/2025:16:01:23 +0200] "GET /marketplaces/vente/results/vente_es.csv HTTP/1.1" 200 147219 "-" "Mirakl HttpClient"
35.204.39.32 - - [20/May/2025:16:01:23 +0200] "GET /marketplaces/vente/results/vente_de.csv HTTP/1.1" 200 147219 "-" "Mirakl HttpClient"
46.101.116.244 - - [20/May/2025:16:01:24 +0200] "GET /Jurek/lendo/feeds/lendo_mallsiSH.xml HTTP/2.0" 200 330394 "-" "-"
51.77.52.107 - - [20/May/2025:16:01:29 +0200] "GET /Jurek/eurofirany/images/468968/0.jpg HTTP/2.0" 200 61344 "-" "baselinker"
46.101.116.244 - - [20/May/2025:16:01:44 +0200] "GET /Jurek/naszedzieci/feeds/naszedzieci_mallsiSH.xml HTTP/2.0" 200 833172423 "-" "-"
3.126.202.245 - - [20/May/2025:16:01:49 +0200] "GET /Jurek/topeshop/downloaded_images/5904507209667_PROFILOWEE.jpg HTTP/2.0" 200 69731 "-" "Mozilla/5.0 (Windows NT 10.0; Win64; x64) AppleWebKit/537.36 (KHTML, like Gecko) Chrome/109.0.0.0 Safari/537.36"
51.77.52.107 - - [20/May/2025:16:01:54 +0200] "GET /Jurek/eurofirany/images/468969/0.jpg HTTP/2.0" 200 61344 "-" "baselinker"
52.18.22.0 - - [20/May/2025:16:02:05 +0200] "GET /marketplaces/rue/results/rue.csv HTTP/1.1" 200 7583671 "-" "Mirakl HttpClient"
51.77.52.107 - - [20/May/2025:16:02:17 +0200] "GET /Jurek/eurofirany/images/468969/0.jpg HTTP/2.0" 200 61344 "-" "baselinker"
51.77.52.107 - - [20/May/2025:16:02:42 +0200] "GET /Jurek/eurofirany/images/468969/0.jpg HTTP/2.0" 200 61344 "-" "baselinker"
51.77.52.107 - - [20/May/2025:16:03:15 +0200] "GET /Jurek/eurofirany/images/468971/0.jpg HTTP/2.0" 200 75309 "-" "baselinker"
51.77.52.107 - - [20/May/2025:16:03:43 +0200] "GET /Jurek/eurofirany/images/468971/0.jpg HTTP/2.0" 200 75309 "-" "baselinker"
85.14.86.141 - - [20/May/2025:16:03:53 +0200] "GET /Jurek/kinghoff/feeds/kinghoff_morele.xml HTTP/2.0" 200 15605667 "-" "MarketplaceAPI curl/7.74.0 PHP/8"
52.209.168.113 - - [20/May/2025:16:03:55 +0200] "GET /marketplaces/carrefour/results/carrefour.csv HTTP/1.1" 200 147221 "-" "Mirakl HttpClient"
51.77.52.107 - - [20/May/2025:16:04:08 +0200] "GET /Jurek/eurofirany/images/468971/0.jpg HTTP/2.0" 200 75309 "-" "baselinker"
51.77.52.107 - - [20/May/2025:16:04:29 +0200] "GET /Jurek/eurofirany/images/468972/0.jpg HTTP/2.0" 200 75309 "-" "baselinker"
89.161.206.59 - - [20/May/2025:16:04:46 +0200] "GET /Jurek/slayo/feeds/slayo_skroutz.xml HTTP/1.0" 200 183610 "-" "-"
89.161.206.59 - - [20/May/2025:16:04:47 +0200] "GET /Jurek/kambukka/feeds/kambukka_skroutz.xml HTTP/1.0" 200 1022101 "-" "-"
51.77.52.107 - - [20/May/2025:16:04:53 +0200] "GET /Jurek/eurofirany/images/468972/0.jpg HTTP/2.0" 200 75309 "-" "baselinker"
51.77.52.107 - - [20/May/2025:16:05:18 +0200] "GET /Jurek/eurofirany/images/468972/0.jpg HTTP/2.0" 200 75309 "-" "baselinker"
51.77.52.107 - - [20/May/2025:16:05:42 +0200] "GET /Jurek/eurofirany/images/468974/0.jpg HTTP/2.0" 200 74849 "-" "baselinker"
89.161.206.59 - - [20/May/2025:16:05:51 +0200] "GET /Jurek/pawonik/feeds/pawonik_skroutz.xml HTTP/1.0" 200 2138416 "-" "-"
89.161.206.59 - - [20/May/2025:16:05:52 +0200] "GET /Jurek/amzteam/feeds/amzteam_skroutz.xml HTTP/1.0" 200 95893 "-" "-"
89.161.206.59 - - [20/May/2025:16:05:54 +0200] "GET /Jurek/artdog/feeds/artdog_skroutz.xml HTTP/1.0" 200 16658994 "-" "-"
89.161.206.59 - - [20/May/2025:16:05:56 +0200] "GET /Jurek/mosti/feeds/mosti_skroutz.xml HTTP/1.0" 200 4633410 "-" "-"
51.77.52.107 - - [20/May/2025:16:06:00 +0200] "GET /Jurek/eurofirany/images/468974/0.jpg HTTP/2.0" 200 74849 "-" "baselinker"
51.77.52.107 - - [20/May/2025:16:06:21 +0200] "GET /Jurek/eurofirany/images/468974/0.jpg HTTP/2.0" 200 74849 "-" "baselinker"
51.77.52.107 - - [20/May/2025:16:06:40 +0200] "GET /Jurek/eurofirany/images/468976/0.jpg HTTP/2.0" 200 74849 "-" "baselinker"
85.14.86.141 - - [20/May/2025:16:06:48 +0200] "GET /Jurek/eurofirany/feeds/eurofirany_morele.xml HTTP/2.0" 200 18809106 "-" "MarketplaceAPI curl/7.74.0 PHP/8"
46.101.116.244 - - [20/May/2025:16:06:57 +0200] "GET /Jurek/reman/feeds/reman_mallsiSH.xml HTTP/2.0" 200 1394825 "-" "-"
51.77.52.107 - - [20/May/2025:16:06:57 +0200] "GET /Jurek/eurofirany/images/468976/0.jpg HTTP/2.0" 200 74849 "-" "baselinker"
85.14.86.141 - - [20/May/2025:16:07:04 +0200] "GET /Jurek/vivaldi/feeds/vivaldi_Morele-PL.xml HTTP/2.0" 200 344674 "-" "MarketplaceAPI curl/7.74.0 PHP/8"
46.101.116.244 - - [20/May/2025:16:07:07 +0200] "GET /Jurek/sartrix/feeds/sartrix_mallsiSH.xml HTTP/2.0" 200 649181 "-" "-"
51.77.52.107 - - [20/May/2025:16:07:17 +0200] "GET /Jurek/eurofirany/images/468976/0.jpg HTTP/2.0" 200 74849 "-" "baselinker"
46.101.116.244 - - [20/May/2025:16:07:18 +0200] "GET /Jurek/szpaklampy/feeds/szpaklampy_mallsiSH.xml HTTP/2.0" 200 388202 "-" "-"
46.101.116.244 - - [20/May/2025:16:07:28 +0200] "GET /Jurek/benetech/feeds/benetech_mallsiSH.xml HTTP/2.0" 200 4165411 "-" "-"
51.77.52.107 - - [20/May/2025:16:07:35 +0200] "GET /Jurek/eurofirany/images/468978/0.jpg HTTP/2.0" 200 86148 "-" "baselinker"
46.101.116.244 - - [20/May/2025:16:07:39 +0200] "GET /Jurek/dekoele/feeds/dekoele_mallsish.xml HTTP/2.0" 200 733935 "-" "-"
51.77.52.107 - - [20/May/2025:16:07:43 +0200] "GET /Jurek/eurofirany/images/468978/0.jpg HTTP/2.0" 200 86148 "-" "baselinker"
46.101.116.244 - - [20/May/2025:16:07:49 +0200] "GET /Jurek/drewdon/feeds/drewdon_mallsish.xml HTTP/2.0" 200 504447 "-" "-"
46.101.116.244 - - [20/May/2025:16:08:00 +0200] "GET /Jurek/emaja24/feeds/emaja24_mallsiSH.xml HTTP/2.0" 200 5102036 "-" "-"
51.77.52.107 - - [20/May/2025:16:08:02 +0200] "GET /Jurek/eurofirany/images/468978/0.jpg HTTP/2.0" 200 86148 "-" "baselinker"
46.101.116.244 - - [20/May/2025:16:08:14 +0200] "GET /Jurek/muminky/feeds/muminky_mallsiSH.xml HTTP/2.0" 200 2677677 "-" "-"
51.77.52.107 - - [20/May/2025:16:08:25 +0200] "GET /Jurek/eurofirany/images/468979/0.jpg HTTP/2.0" 200 86148 "-" "baselinker"
46.101.116.244 - - [20/May/2025:16:08:25 +0200] "GET /Jurek/pupus/feeds/pupus_mallsiSH.xml HTTP/2.0" 200 6154587 "-" "-"
46.101.116.244 - - [20/May/2025:16:08:37 +0200] "GET /Jurek/erohurtownia/feeds/erohurtownia_mallsish.xml HTTP/2.0" 200 22846621 "-" "-"
185.6.76.18 - - [20/May/2025:16:08:49 +0200] "GET /marketplaces/skroutz/feeds/shumee.xml HTTP/1.1" 200 395123070 "-" "SkroutzBot v1.0"
46.101.116.244 - - [20/May/2025:16:08:54 +0200] "GET /Jurek/oromed/feeds/oromed_mallsish.xml HTTP/2.0" 200 1244872 "-" "-"
85.14.86.141 - - [20/May/2025:16:08:55 +0200] "GET /Jurek/vida_morele/feeds/VidaPL_morele.xml HTTP/2.0" 200 841397139 "-" "MarketplaceAPI curl/7.74.0 PHP/8"
51.77.52.107 - - [20/May/2025:16:09:10 +0200] "GET /Jurek/eurofirany/images/468979/0.jpg HTTP/2.0" 200 86148 "-" "baselinker"
89.161.206.59 - - [20/May/2025:16:09:19 +0200] "GET /Jurek/bass_new/feeds/bass_ebayde.xml HTTP/1.0" 200 4806534 "-" "-"
46.101.116.244 - - [20/May/2025:16:09:21 +0200] "GET /Jurek/urwiskowo/feeds/urwiskowo_mallsish.xml HTTP/2.0" 200 9115019 "-" "-"
46.101.116.244 - - [20/May/2025:16:09:33 +0200] "GET /Jurek/eroplace/feeds/eroplace_mallsish.xml HTTP/2.0" 200 52134946 "-" "-"
51.77.52.107 - - [20/May/2025:16:09:34 +0200] "GET /Jurek/eurofirany/images/468979/0.jpg HTTP/2.0" 200 86148 "-" "baselinker"
89.161.206.59 - - [20/May/2025:16:09:45 +0200] "GET /Jurek/emaja24/feeds/emaja24_amazonnl.xml HTTP/1.0" 200 5101997 "-" "-"
89.161.206.59 - - [20/May/2025:16:09:46 +0200] "GET /Jurek/emaja24/feeds/emaja24_amazones.xml HTTP/1.0" 200 5102059 "-" "-"
85.14.86.141 - - [20/May/2025:16:09:47 +0200] "GET /Jurek/aw/feeds/awnarzedzia_morele.xml HTTP/2.0" 200 65285045 "-" "MarketplaceAPI curl/7.74.0 PHP/8"
46.101.116.244 - - [20/May/2025:16:09:54 +0200] "GET /Jurek/bass_new/feeds/bass_mallsish.xml HTTP/2.0" 200 7040765 "-" "-"
51.77.52.107 - - [20/May/2025:16:09:55 +0200] "GET /Jurek/eurofirany/images/468981/0.jpg HTTP/2.0" 200 90505 "-" "baselinker"
89.161.206.59 - - [20/May/2025:16:10:02 +0200] "GET /Jurek/snibbs/feeds/snibbs_skroutz.xml HTTP/1.0" 200 74399 "-" "-"
176.175.249.85 - - [20/May/2025:16:10:04 +0200] "GET /Jurek/eurofirany/images/398670/1.jpg HTTP/2.0" 200 86543 "https://extraordinary-marzipan-92c5b5.netlify.app/" "Mozilla/5.0 (Macintosh; Intel Mac OS X 10_15_7) AppleWebKit/537.36 (KHTML, like Gecko) Chrome/136.0.0.0 Safari/537.36"
46.101.116.244 - - [20/May/2025:16:10:05 +0200] "GET /Jurek/ekuchcikowo/feeds/ekuchcikowo_mallsish.xml HTTP/2.0" 200 12470966 "-" "-"
51.77.52.107 - - [20/May/2025:16:10:16 +0200] "GET /Jurek/eurofirany/images/468981/0.jpg HTTP/2.0" 200 90505 "-" "baselinker"
46.101.116.244 - - [20/May/2025:16:10:16 +0200] "GET /Jurek/sempler/feeds/sempler_mallsish.xml HTTP/2.0" 200 6788018 "-" "-"
89.161.206.59 - - [20/May/2025:16:10:22 +0200] "GET /Jurek/globaldeli/feeds/globaldeli_skroutz.xml HTTP/1.0" 200 2590887 "-" "-"
51.77.52.107 - - [20/May/2025:16:10:23 +0200] "GET /Jurek/eurofirany/images/468981/0.jpg HTTP/2.0" 200 90505 "-" "baselinker"
85.14.86.141 - - [20/May/2025:16:10:31 +0200] "GET /Jurek/beliani/feeds/beliani_morele.xml HTTP/2.0" 200 30713555 "-" "MarketplaceAPI curl/7.74.0 PHP/8"
51.77.52.107 - - [20/May/2025:16:10:31 +0200] "GET /Jurek/eurofirany/images/468982/0.jpg HTTP/2.0" 200 90505 "-" "baselinker"
89.161.206.59 - - [20/May/2025:16:10:36 +0200] "GET /Jurek/winoszarnia/feeds/winoszarnia_skroutz.xml HTTP/1.0" 200 6064811 "-" "-"
89.161.206.59 - - [20/May/2025:16:10:41 +0200] "GET /Jurek/beltimore/feeds/beltimore_skroutz.xml HTTP/1.0" 200 18651029 "-" "-"
46.101.116.244 - - [20/May/2025:16:10:51 +0200] "GET /Jurek/slayo/feeds/slayo_mallsish.xml HTTP/2.0" 200 183609 "-" "-"
51.77.52.107 - - [20/May/2025:16:10:52 +0200] "GET /Jurek/eurofirany/images/468982/0.jpg HTTP/2.0" 200 90505 "-" "baselinker"
51.77.52.107 - - [20/May/2025:16:11:00 +0200] "GET /Jurek/eurofirany/images/468982/0.jpg HTTP/2.0" 200 90505 "-" "baselinker"
46.101.116.244 - - [20/May/2025:16:11:01 +0200] "GET /Jurek/mosti/feeds/mosti_mallsish.xml HTTP/2.0" 200 4628240 "-" "-"
46.101.116.244 - - [20/May/2025:16:11:02 +0200] "GET /Jurek/amzteam/feeds/amzteam_mallsish.xml HTTP/2.0" 200 97837 "-" "-"
46.101.116.244 - - [20/May/2025:16:11:02 +0200] "GET /Jurek/artdog/feeds/artdog_mallsish.xml HTTP/2.0" 200 17158775 "-" "-"
46.101.116.244 - - [20/May/2025:16:11:03 +0200] "GET /Jurek/kambukka/feeds/kambukka_mallsish.xml HTTP/2.0" 200 1023141 "-" "-"
46.101.116.244 - - [20/May/2025:16:11:18 +0200] "GET /Jurek/swiatecznygoliat/feeds/swiatecznygoliat_mallsish.xml HTTP/2.0" 200 7054379 "-" "-"
51.77.52.107 - - [20/May/2025:16:11:18 +0200] "GET /Jurek/eurofirany/images/453034/0.jpg HTTP/2.0" 200 86707 "-" "baselinker"
51.77.52.107 - - [20/May/2025:16:11:48 +0200] "GET /Jurek/eurofirany/images/453034/0.jpg HTTP/2.0" 200 86707 "-" "baselinker"
51.77.52.107 - - [20/May/2025:16:12:08 +0200] "GET /Jurek/eurofirany/images/453034/0.jpg HTTP/2.0" 200 86707 "-" "baselinker"
51.77.52.107 - - [20/May/2025:16:12:15 +0200] "GET /Jurek/eurofirany/images/453035/0.jpg HTTP/2.0" 200 86707 "-" "baselinker"
46.101.116.244 - - [20/May/2025:16:12:19 +0200] "GET /Jurek/octopia/feeds/octopia_mallsish.xml HTTP/2.0" 200 10103817 "-" "-"
89.161.206.59 - - [20/May/2025:16:12:26 +0200] "GET /Jurek/bemipol/feeds/bemipol_skroutz.xml HTTP/1.0" 200 423627 "-" "-"
89.161.206.59 - - [20/May/2025:16:12:31 +0200] "GET /Jurek/bentivolio/feeds/bentivolio_skr.xml HTTP/1.0" 200 1261313 "-" "-"
46.101.116.244 - - [20/May/2025:16:12:34 +0200] "GET /Jurek/topeshop/feeds/topeshop_mallsish.xml HTTP/2.0" 200 2988417 "-" "-"
51.77.52.107 - - [20/May/2025:16:12:43 +0200] "GET /Jurek/eurofirany/images/453035/0.jpg HTTP/2.0" 200 86707 "-" "baselinker"
51.77.52.107 - - [20/May/2025:16:12:49 +0200] "GET /Jurek/eurofirany/images/453035/0.jpg HTTP/2.0" 200 86707 "-" "baselinker"
51.77.52.107 - - [20/May/2025:16:12:56 +0200] "GET /Jurek/eurofirany/images/453036/0.jpg HTTP/2.0" 200 87086 "-" "baselinker"
51.77.52.107 - - [20/May/2025:16:13:18 +0200] "GET /Jurek/eurofirany/images/453036/0.jpg HTTP/2.0" 200 87086 "-" "baselinker"
51.77.52.107 - - [20/May/2025:16:13:23 +0200] "GET /Jurek/eurofirany/images/453036/0.jpg HTTP/2.0" 200 87086 "-" "baselinker"
51.77.52.107 - - [20/May/2025:16:13:29 +0200] "GET /Jurek/eurofirany/images/453038/0.jpg HTTP/2.0" 200 80386 "-" "baselinker"
51.77.52.107 - - [20/May/2025:16:13:35 +0200] "GET /Jurek/eurofirany/images/453038/0.jpg HTTP/2.0" 200 80386 "-" "baselinker"
51.77.52.107 - - [20/May/2025:16:13:52 +0200] "GET /Jurek/eurofirany/images/453038/0.jpg HTTP/2.0" 200 80386 "-" "baselinker"
51.77.52.107 - - [20/May/2025:16:14:16 +0200] "GET /Jurek/eurofirany/images/453039/0.jpg HTTP/2.0" 200 80386 "-" "baselinker"
51.77.52.107 - - [20/May/2025:16:14:50 +0200] "GET /Jurek/eurofirany/images/453039/0.jpg HTTP/2.0" 200 80386 "-" "baselinker"
51.77.52.107 - - [20/May/2025:16:14:54 +0200] "GET /Jurek/eurofirany/images/453039/0.jpg HTTP/2.0" 200 80386 "-" "baselinker"
89.161.206.59 - - [20/May/2025:16:15:06 +0200] "GET /Jurek/topeshop/feeds/topeshop_cdsc.xml HTTP/1.0" 200 2620086 "-" "-"
51.77.52.107 - - [20/May/2025:16:15:31 +0200] "GET /Jurek/eurofirany/images/453040/0.jpg HTTP/2.0" 200 96705 "-" "baselinker"
51.77.52.107 - - [20/May/2025:16:15:51 +0200] "GET /Jurek/eurofirany/images/453040/0.jpg HTTP/2.0" 200 96705 "-" "baselinker"
51.77.52.107 - - [20/May/2025:16:15:57 +0200] "GET /Jurek/eurofirany/images/453040/0.jpg HTTP/2.0" 200 96705 "-" "baselinker"
46.101.116.244 - - [20/May/2025:16:16:10 +0200] "GET /Jurek/activeshop/feeds/activeshop_mallsish.xml HTTP/2.0" 200 10406819 "-" "-"
51.77.52.107 - - [20/May/2025:16:16:19 +0200] "GET /Jurek/eurofirany/images/453048/0.jpg HTTP/2.0" 200 92628 "-" "baselinker"
51.77.52.107 - - [20/May/2025:16:16:27 +0200] "GET /Jurek/eurofirany/images/453048/0.jpg HTTP/2.0" 200 92628 "-" "baselinker"
51.77.52.107 - - [20/May/2025:16:16:34 +0200] "GET /Jurek/eurofirany/images/453048/0.jpg HTTP/2.0" 200 92628 "-" "baselinker"
51.77.52.107 - - [20/May/2025:16:16:41 +0200] "GET /Jurek/eurofirany/images/453050/0.jpg HTTP/2.0" 200 92628 "-" "baselinker"
51.77.52.107 - - [20/May/2025:16:17:07 +0200] "GET /Jurek/eurofirany/images/453050/0.jpg HTTP/2.0" 200 92628 "-" "baselinker"
89.161.206.59 - - [20/May/2025:16:17:11 +0200] "GET /Jurek/stema/feeds/stema_skroutz.xml HTTP/1.0" 200 429099 "-" "-"
51.77.52.107 - - [20/May/2025:16:17:16 +0200] "GET /Jurek/eurofirany/images/453050/0.jpg HTTP/2.0" 200 92628 "-" "baselinker"
51.77.52.107 - - [20/May/2025:16:17:21 +0200] "GET /Jurek/eurofirany/images/453042/0.jpg HTTP/2.0" 200 96705 "-" "baselinker"
51.77.52.107 - - [20/May/2025:16:17:27 +0200] "GET /Jurek/eurofirany/images/453042/0.jpg HTTP/2.0" 200 96705 "-" "baselinker"
51.77.52.107 - - [20/May/2025:16:17:32 +0200] "GET /Jurek/eurofirany/images/453042/0.jpg HTTP/2.0" 200 96705 "-" "baselinker"
51.77.52.107 - - [20/May/2025:16:17:40 +0200] "GET /Jurek/eurofirany/images/458233/0.jpg HTTP/2.0" 200 91508 "-" "baselinker"
51.77.52.107 - - [20/May/2025:16:17:56 +0200] "GET /Jurek/eurofirany/images/458233/0.jpg HTTP/2.0" 200 91508 "-" "baselinker"
51.77.52.107 - - [20/May/2025:16:18:14 +0200] "GET /Jurek/eurofirany/images/458233/0.jpg HTTP/2.0" 200 91508 "-" "baselinker"
51.77.52.107 - - [20/May/2025:16:18:35 +0200] "GET /Jurek/eurofirany/images/458225/0.jpg HTTP/2.0" 200 93116 "-" "baselinker"
51.77.52.107 - - [20/May/2025:16:18:43 +0200] "GET /Jurek/eurofirany/images/458225/0.jpg HTTP/2.0" 200 93116 "-" "baselinker"
51.77.52.107 - - [20/May/2025:16:18:46 +0200] "GET /Jurek/eurofirany/images/458225/0.jpg HTTP/2.0" 200 93116 "-" "baselinker"
51.77.52.107 - - [20/May/2025:16:19:12 +0200] "GET /Jurek/eurofirany/images/468081/0.jpg HTTP/2.0" 200 139066 "-" "baselinker"
51.77.52.107 - - [20/May/2025:16:19:33 +0200] "GET /Jurek/eurofirany/images/468081/0.jpg HTTP/2.0" 200 139066 "-" "baselinker"
51.77.52.107 - - [20/May/2025:16:19:41 +0200] "GET /Jurek/eurofirany/images/468081/0.jpg HTTP/2.0" 200 139066 "-" "baselinker"
51.77.52.107 - - [20/May/2025:16:20:03 +0200] "GET /Jurek/eurofirany/images/470299/0.jpg HTTP/2.0" 200 91926 "-" "baselinker"
51.77.52.107 - - [20/May/2025:16:20:12 +0200] "GET /Jurek/eurofirany/images/470299/0.jpg HTTP/2.0" 200 91926 "-" "baselinker"
51.77.52.107 - - [20/May/2025:16:20:23 +0200] "GET /Jurek/eurofirany/images/470299/0.jpg HTTP/2.0" 200 91926 "-" "baselinker"
51.77.52.107 - - [20/May/2025:16:20:30 +0200] "GET /Jurek/eurofirany/images/470300/0.jpg HTTP/2.0" 200 74460 "-" "baselinker"
51.77.52.107 - - [20/May/2025:16:20:40 +0200] "GET /Jurek/eurofirany/images/470300/0.jpg HTTP/2.0" 200 74460 "-" "baselinker"
51.77.52.107 - - [20/May/2025:16:20:45 +0200] "GET /Jurek/eurofirany/images/470300/0.jpg HTTP/2.0" 200 74460 "-" "baselinker"
51.77.52.107 - - [20/May/2025:16:20:54 +0200] "GET /Jurek/eurofirany/images/470303/0.jpg HTTP/2.0" 200 90275 "-" "baselinker"
51.77.52.107 - - [20/May/2025:16:20:59 +0200] "GET /Jurek/eurofirany/images/470303/0.jpg HTTP/2.0" 200 90275 "-" "baselinker"
51.77.52.107 - - [20/May/2025:16:21:04 +0200] "GET /Jurek/eurofirany/images/470303/0.jpg HTTP/2.0" 200 90275 "-" "baselinker"
51.77.52.107 - - [20/May/2025:16:21:11 +0200] "GET /Jurek/eurofirany/images/470306/0.jpg HTTP/2.0" 200 73643 "-" "baselinker"
51.77.52.107 - - [20/May/2025:16:21:18 +0200] "GET /Jurek/eurofirany/images/470306/0.jpg HTTP/2.0" 200 73643 "-" "baselinker"
46.101.116.244 - - [20/May/2025:16:21:29 +0200] "GET /Jurek/action/feeds/action_mallsish.xml HTTP/2.0" 200 58389357 "-" "-"
51.77.52.107 - - [20/May/2025:16:21:45 +0200] "GET /Jurek/eurofirany/images/470306/0.jpg HTTP/2.0" 200 73643 "-" "baselinker"
51.77.52.107 - - [20/May/2025:16:21:50 +0200] "GET /Jurek/eurofirany/images/470739/0.jpg HTTP/2.0" 200 91538 "-" "baselinker"
51.77.52.107 - - [20/May/2025:16:21:59 +0200] "GET /Jurek/eurofirany/images/470739/0.jpg HTTP/2.0" 200 91538 "-" "baselinker"
51.77.52.107 - - [20/May/2025:16:22:06 +0200] "GET /Jurek/eurofirany/images/470739/0.jpg HTTP/2.0" 200 91538 "-" "baselinker"
51.77.52.107 - - [20/May/2025:16:22:28 +0200] "GET /Jurek/eurofirany/images/468080/0.jpg HTTP/2.0" 200 139066 "-" "baselinker"
51.77.52.107 - - [20/May/2025:16:22:36 +0200] "GET /Jurek/eurofirany/images/468080/0.jpg HTTP/2.0" 200 139066 "-" "baselinker"
89.161.206.59 - - [20/May/2025:16:22:37 +0200] "GET /Jurek/kambukka/feeds/kambukka_emagro.xml HTTP/1.0" 200 1023555 "-" "-"
89.161.206.59 - - [20/May/2025:16:22:37 +0200] "GET /Jurek/amzteam/feeds/amzteam_emagro.xml HTTP/1.0" 200 97894 "-" "-"
89.161.206.59 - - [20/May/2025:16:22:38 +0200] "GET /Jurek/benetech/feeds/benetech_emagro.xml HTTP/1.0" 200 4165681 "-" "-"
89.161.206.59 - - [20/May/2025:16:22:39 +0200] "GET /Jurek/sempler/feeds/sempler_emagro.xml HTTP/1.0" 200 6788459 "-" "-"
89.161.206.59 - - [20/May/2025:16:22:40 +0200] "GET /Jurek/kinghoff/feeds/kinghoff_emagro.xml HTTP/1.0" 200 15606893 "-" "-"
89.161.206.59 - - [20/May/2025:16:22:41 +0200] "GET /Jurek/slayo/feeds/slayo_emagro.xml HTTP/1.0" 200 183625 "-" "-"
51.77.52.107 - - [20/May/2025:16:22:45 +0200] "GET /Jurek/eurofirany/images/468080/0.jpg HTTP/2.0" 200 139066 "-" "baselinker"
51.77.52.107 - - [20/May/2025:16:22:55 +0200] "GET /Jurek/eurofirany/images/468095/0.jpg HTTP/2.0" 200 161080 "-" "baselinker"
51.77.52.107 - - [20/May/2025:16:23:18 +0200] "GET /Jurek/eurofirany/images/468095/0.jpg HTTP/2.0" 200 161080 "-" "baselinker"
51.77.52.107 - - [20/May/2025:16:23:23 +0200] "GET /Jurek/eurofirany/images/468095/0.jpg HTTP/2.0" 200 161080 "-" "baselinker"
46.101.116.244 - - [20/May/2025:16:23:38 +0200] "GET /Jurek/beliani/feeds/beliani_si_mallsi.xml HTTP/2.0" 200 30681397 "-" "-"
51.77.52.107 - - [20/May/2025:16:23:46 +0200] "GET /Jurek/eurofirany/images/468098/0.jpg HTTP/2.0" 200 144316 "-" "baselinker"
51.77.52.107 - - [20/May/2025:16:23:54 +0200] "GET /Jurek/eurofirany/images/468098/0.jpg HTTP/2.0" 200 144316 "-" "baselinker"
51.77.52.107 - - [20/May/2025:16:24:01 +0200] "GET /Jurek/eurofirany/images/468098/0.jpg HTTP/2.0" 200 144316 "-" "baselinker"
46.101.116.244 - - [20/May/2025:16:24:21 +0200] "GET /Jurek/rovicky/feeds/rovicky_mallsish.xml HTTP/2.0" 200 14548225 "-" "-"
51.77.52.107 - - [20/May/2025:16:24:26 +0200] "GET /Jurek/eurofirany/images/468102/0.jpg HTTP/2.0" 200 132826 "-" "baselinker"
89.161.206.59 - - [20/May/2025:16:24:29 +0200] "GET /Jurek/topeshop/feeds/topeshop_ebayDE.xml HTTP/1.0" 200 2576610 "-" "-"
46.101.116.244 - - [20/May/2025:16:24:32 +0200] "GET /Jurek/detian/feeds/detian_mallsish.xml HTTP/2.0" 404 3551 "-" "-"
51.77.52.107 - - [20/May/2025:16:24:37 +0200] "GET /Jurek/eurofirany/images/468102/0.jpg HTTP/2.0" 200 132826 "-" "baselinker"
51.77.52.107 - - [20/May/2025:16:24:41 +0200] "GET /Jurek/eurofirany/images/468102/0.jpg HTTP/2.0" 200 132826 "-" "baselinker"
46.101.116.244 - - [20/May/2025:16:24:43 +0200] "GET /Jurek/ikonka/feeds/ikonka_mallsish.xml HTTP/2.0" 200 20886306 "-" "-"
51.77.52.107 - - [20/May/2025:16:24:50 +0200] "GET /Jurek/eurofirany/images/468171/0.jpg HTTP/2.0" 200 95886 "-" "baselinker"
46.101.116.244 - - [20/May/2025:16:24:57 +0200] "GET /Jurek/candellux/feeds/candellux_mallsish.xml HTTP/2.0" 200 465720 "-" "-"
46.101.116.244 - - [20/May/2025:16:25:07 +0200] "GET /Jurek/andex/feeds/andex_mallslsh.xml HTTP/2.0" 200 1953427 "-" "-"
51.77.52.107 - - [20/May/2025:16:25:11 +0200] "GET /Jurek/eurofirany/images/468171/0.jpg HTTP/2.0" 200 95886 "-" "baselinker"
46.101.116.244 - - [20/May/2025:16:25:19 +0200] "GET /Jurek/chemex/feeds/chemex_mallsish.xml HTTP/2.0" 200 47809880 "-" "-"
51.77.52.107 - - [20/May/2025:16:25:26 +0200] "GET /Jurek/eurofirany/images/468171/0.jpg HTTP/2.0" 200 95886 "-" "baselinker"
51.77.52.107 - - [20/May/2025:16:25:30 +0200] "GET /Jurek/eurofirany/images/468174/0.jpg HTTP/2.0" 200 95886 "-" "baselinker"
46.101.116.244 - - [20/May/2025:16:25:32 +0200] "GET /Jurek/aw/feeds/awnarzedzia_mallsish.xml HTTP/2.0" 200 65276471 "-" "-"
51.77.52.107 - - [20/May/2025:16:25:49 +0200] "GET /Jurek/eurofirany/images/468174/0.jpg HTTP/2.0" 200 95886 "-" "baselinker"
51.77.52.107 - - [20/May/2025:16:26:03 +0200] "GET /Jurek/eurofirany/images/468174/0.jpg HTTP/2.0" 200 95886 "-" "baselinker"
51.77.52.107 - - [20/May/2025:16:26:10 +0200] "GET /Jurek/eurofirany/images/468175/0.jpg HTTP/2.0" 200 92383 "-" "baselinker"
51.77.52.107 - - [20/May/2025:16:26:17 +0200] "GET /Jurek/eurofirany/images/468175/0.jpg HTTP/2.0" 200 92383 "-" "baselinker"
176.175.249.85 - - [20/May/2025:16:26:23 +0200] "GET /Jurek/eurofirany/images/405409/2.jpg HTTP/2.0" 200 219503 "https://extraordinary-marzipan-92c5b5.netlify.app/" "Mozilla/5.0 (Macintosh; Intel Mac OS X 10_15_7) AppleWebKit/537.36 (KHTML, like Gecko) Chrome/136.0.0.0 Safari/537.36"
66.249.70.36 - - [20/May/2025:16:26:33 +0200] "GET /robots.txt HTTP/1.1" 404 3551 "-" "Mozilla/5.0 (compatible; Googlebot/2.1; +http://www.google.com/bot.html)"
66.249.70.36 - - [20/May/2025:16:26:33 +0200] "GET /Jurek/topeshop/downloaded_images/5904507200374_BILBAO7(4).jpg HTTP/1.1" 404 3551 "-" "Googlebot-Image/1.0"
51.77.52.107 - - [20/May/2025:16:26:35 +0200] "GET /Jurek/eurofirany/images/468175/0.jpg HTTP/2.0" 200 92383 "-" "baselinker"
66.249.70.36 - - [20/May/2025:16:26:37 +0200] "GET /Jurek/topeshop/downloaded_images/5904507200374_BILBAO7(2).jpg HTTP/1.1" 404 3551 "-" "Googlebot-Image/1.0"
66.249.70.36 - - [20/May/2025:16:26:37 +0200] "GET /Jurek/topeshop/downloaded_images/5904507200374_BILBAO7(1).jpg HTTP/1.1" 404 3551 "-" "Googlebot-Image/1.0"
66.249.70.36 - - [20/May/2025:16:26:38 +0200] "GET /Jurek/topeshop/downloaded_images/5904507200374_BILBAO7(3).jpg HTTP/1.1" 404 3551 "-" "Googlebot-Image/1.0"
51.77.52.107 - - [20/May/2025:16:26:42 +0200] "GET /Jurek/eurofirany/images/468176/0.jpg HTTP/2.0" 200 92383 "-" "baselinker"
51.77.52.107 - - [20/May/2025:16:26:48 +0200] "GET /Jurek/eurofirany/images/468176/0.jpg HTTP/2.0" 200 92383 "-" "baselinker"
51.77.52.107 - - [20/May/2025:16:27:02 +0200] "GET /Jurek/eurofirany/images/468176/0.jpg HTTP/2.0" 200 92383 "-" "baselinker"
46.101.116.244 - - [20/May/2025:16:27:03 +0200] "GET /Jurek/barbecook/feeds/barbecook_mallslsh.xml HTTP/2.0" 200 87532 "-" "-"
51.77.52.107 - - [20/May/2025:16:27:09 +0200] "GET /Jurek/eurofirany/images/468177/0.jpg HTTP/2.0" 200 92383 "-" "baselinker"
46.101.116.244 - - [20/May/2025:16:27:14 +0200] "GET /Jurek/duka/feeds/duka_mallslsh.xml HTTP/2.0" 200 57 "-" "-"
46.101.116.244 - - [20/May/2025:16:27:24 +0200] "GET /Jurek/miloohome/feeds/miloohome_mallsish.xml HTTP/2.0" 200 1421025 "-" "-"
46.101.116.244 - - [20/May/2025:16:27:35 +0200] "GET /Jurek/stema/feeds/stema_mallslsh.xml HTTP/2.0" 200 894015 "-" "-"
46.101.116.244 - - [20/May/2025:16:27:46 +0200] "GET /Jurek/fernity/feeds/fernity_mallslsh.xml HTTP/2.0" 200 4719147 "-" "-"
51.77.52.107 - - [20/May/2025:16:28:15 +0200] "GET /Jurek/eurofirany/images/468177/0.jpg HTTP/2.0" 200 92383 "-" "baselinker"
51.77.52.107 - - [20/May/2025:16:28:19 +0200] "GET /Jurek/eurofirany/images/468177/0.jpg HTTP/2.0" 200 92383 "-" "baselinker"
46.101.116.244 - - [20/May/2025:16:28:27 +0200] "GET /Jurek/kinghome/feeds/kinghome_mallslsh.xml HTTP/2.0" 200 6205147 "-" "-"
51.77.52.107 - - [20/May/2025:16:28:28 +0200] "GET /Jurek/eurofirany/images/468178/0.jpg HTTP/2.0" 200 86088 "-" "baselinker"
51.77.52.107 - - [20/May/2025:16:28:34 +0200] "GET /Jurek/eurofirany/images/468178/0.jpg HTTP/2.0" 200 86088 "-" "baselinker"
46.101.116.244 - - [20/May/2025:16:28:38 +0200] "GET /Jurek/vivaldi/feeds/vivaldi_Mall-slsh.xml HTTP/2.0" 200 344662 "-" "-"
46.101.116.244 - - [20/May/2025:16:28:49 +0200] "GET /Jurek/eurofirany/feeds/eurofirany_mall_si_shumee.xml HTTP/2.0" 200 18807571 "-" "-"
51.77.52.107 - - [20/May/2025:16:28:54 +0200] "GET /Jurek/eurofirany/images/468178/0.jpg HTTP/2.0" 200 86088 "-" "baselinker"
51.77.52.107 - - [20/May/2025:16:29:02 +0200] "GET /Jurek/eurofirany/images/468180/0.jpg HTTP/2.0" 200 86088 "-" "baselinker"
51.77.52.107 - - [20/May/2025:16:29:09 +0200] "GET /Jurek/eurofirany/images/468180/0.jpg HTTP/2.0" 200 86088 "-" "baselinker"
51.77.52.107 - - [20/May/2025:16:29:16 +0200] "GET /Jurek/eurofirany/images/468180/0.jpg HTTP/2.0" 200 86088 "-" "baselinker"
51.77.52.107 - - [20/May/2025:16:29:23 +0200] "GET /Jurek/eurofirany/images/468181/0.jpg HTTP/2.0" 200 90461 "-" "baselinker"
51.77.52.107 - - [20/May/2025:16:29:45 +0200] "GET /Jurek/eurofirany/images/468181/0.jpg HTTP/2.0" 200 90461 "-" "baselinker"
51.77.52.107 - - [20/May/2025:16:29:50 +0200] "GET /Jurek/eurofirany/images/468181/0.jpg HTTP/2.0" 200 90461 "-" "baselinker"
89.161.206.59 - - [20/May/2025:16:29:51 +0200] "GET /Jurek/makow/feeds/makow_emagro.xml HTTP/1.0" 200 21206222 "-" "-"
51.77.52.107 - - [20/May/2025:16:29:59 +0200] "GET /Jurek/eurofirany/images/468182/0.jpg HTTP/2.0" 200 90461 "-" "baselinker"
51.77.52.107 - - [20/May/2025:16:30:10 +0200] "GET /Jurek/eurofirany/images/468182/0.jpg HTTP/2.0" 200 90461 "-" "baselinker"
51.77.52.107 - - [20/May/2025:16:30:15 +0200] "GET /Jurek/eurofirany/images/468182/0.jpg HTTP/2.0" 200 90461 "-" "baselinker"
51.77.52.107 - - [20/May/2025:16:30:41 +0200] "GET /Jurek/eurofirany/images/468183/0.jpg HTTP/2.0" 200 90461 "-" "baselinker"
51.77.52.107 - - [20/May/2025:16:31:02 +0200] "GET /Jurek/eurofirany/images/468183/0.jpg HTTP/2.0" 200 90461 "-" "baselinker"
51.77.52.107 - - [20/May/2025:16:31:10 +0200] "GET /Jurek/eurofirany/images/468183/0.jpg HTTP/2.0" 200 90461 "-" "baselinker"
51.77.52.107 - - [20/May/2025:16:31:32 +0200] "GET /Jurek/eurofirany/images/468184/0.jpg HTTP/2.0" 200 96121 "-" "baselinker"
51.77.52.107 - - [20/May/2025:16:31:38 +0200] "GET /Jurek/eurofirany/images/468184/0.jpg HTTP/2.0" 200 96121 "-" "baselinker"
51.77.52.107 - - [20/May/2025:16:31:59 +0200] "GET /Jurek/eurofirany/images/468184/0.jpg HTTP/2.0" 200 96121 "-" "baselinker"
51.77.52.107 - - [20/May/2025:16:32:06 +0200] "GET /Jurek/eurofirany/images/468186/0.jpg HTTP/2.0" 200 96121 "-" "baselinker"
51.77.52.107 - - [20/May/2025:16:32:12 +0200] "GET /Jurek/eurofirany/images/468186/0.jpg HTTP/2.0" 200 96121 "-" "baselinker"
51.77.52.107 - - [20/May/2025:16:32:17 +0200] "GET /Jurek/eurofirany/images/468186/0.jpg HTTP/2.0" 200 96121 "-" "baselinker"
51.77.52.107 - - [20/May/2025:16:32:23 +0200] "GET /Jurek/eurofirany/images/470297/0.jpg HTTP/2.0" 200 91926 "-" "baselinker"
51.77.52.107 - - [20/May/2025:16:32:30 +0200] "GET /Jurek/eurofirany/images/470297/0.jpg HTTP/2.0" 200 91926 "-" "baselinker"
51.77.52.107 - - [20/May/2025:16:32:38 +0200] "GET /Jurek/eurofirany/images/470297/0.jpg HTTP/2.0" 200 91926 "-" "baselinker"
51.77.52.107 - - [20/May/2025:16:32:44 +0200] "GET /Jurek/eurofirany/images/470298/0.jpg HTTP/2.0" 200 91926 "-" "baselinker"
51.77.52.107 - - [20/May/2025:16:32:50 +0200] "GET /Jurek/eurofirany/images/470298/0.jpg HTTP/2.0" 200 91926 "-" "baselinker"
51.77.52.107 - - [20/May/2025:16:32:56 +0200] "GET /Jurek/eurofirany/images/470298/0.jpg HTTP/2.0" 200 91926 "-" "baselinker"
51.77.52.107 - - [20/May/2025:16:33:13 +0200] "GET /Jurek/eurofirany/images/470301/0.jpg HTTP/2.0" 200 74460 "-" "baselinker"
51.77.52.107 - - [20/May/2025:16:33:36 +0200] "GET /Jurek/eurofirany/images/470301/0.jpg HTTP/2.0" 200 74460 "-" "baselinker"
51.77.52.107 - - [20/May/2025:16:33:43 +0200] "GET /Jurek/eurofirany/images/470301/0.jpg HTTP/2.0" 200 74460 "-" "baselinker"
51.77.52.107 - - [20/May/2025:16:33:57 +0200] "GET /Jurek/eurofirany/images/470302/0.jpg HTTP/2.0" 200 74460 "-" "baselinker"
46.101.116.244 - - [20/May/2025:16:34:38 +0200] "GET /Jurek/unimet/feeds/unimet_mallsish.xml HTTP/2.0" 200 61149885 "-" "-"
51.77.52.107 - - [20/May/2025:16:34:40 +0200] "GET /Jurek/eurofirany/images/470302/0.jpg HTTP/2.0" 200 74460 "-" "baselinker"
51.77.52.107 - - [20/May/2025:16:34:49 +0200] "GET /Jurek/eurofirany/images/470302/0.jpg HTTP/2.0" 200 74460 "-" "baselinker"
51.77.52.107 - - [20/May/2025:16:35:02 +0200] "GET /Jurek/eurofirany/images/470304/0.jpg HTTP/2.0" 200 90275 "-" "baselinker"
51.77.52.107 - - [20/May/2025:16:35:08 +0200] "GET /Jurek/eurofirany/images/470304/0.jpg HTTP/2.0" 200 90275 "-" "baselinker"
51.77.52.107 - - [20/May/2025:16:35:27 +0200] "GET /Jurek/eurofirany/images/470304/0.jpg HTTP/2.0" 200 90275 "-" "baselinker"
51.77.52.107 - - [20/May/2025:16:35:34 +0200] "GET /Jurek/eurofirany/images/470305/0.jpg HTTP/2.0" 200 90275 "-" "baselinker"
5.134.208.158 - - [20/May/2025:16:35:57 +0200] "GET /Jurek/eurofirany/images/458982/0.jpg HTTP/1.1" 200 130941 "-" "-"
5.134.208.158 - - [20/May/2025:16:35:59 +0200] "GET /Jurek/eurofirany/images/458973/0.jpg HTTP/1.1" 200 108744 "-" "-"
5.134.208.158 - - [20/May/2025:16:35:59 +0200] "GET /Jurek/eurofirany/images/391402/0.jpg HTTP/1.1" 200 94432 "-" "-"
5.134.208.158 - - [20/May/2025:16:35:59 +0200] "GET /Jurek/eurofirany/images/424322/0.jpg HTTP/1.1" 200 90826 "-" "-"
5.134.208.158 - - [20/May/2025:16:35:59 +0200] "GET /Jurek/eurofirany/images/424321/0.jpg HTTP/1.1" 200 90826 "-" "-"
5.134.208.158 - - [20/May/2025:16:35:59 +0200] "GET /Jurek/eurofirany/images/394034/0.jpg HTTP/1.1" 200 165941 "-" "-"
5.134.208.158 - - [20/May/2025:16:35:59 +0200] "GET /Jurek/eurofirany/images/463386/0.jpg HTTP/1.1" 200 153957 "-" "-"
51.77.52.107 - - [20/May/2025:16:36:05 +0200] "GET /Jurek/eurofirany/images/470305/0.jpg HTTP/2.0" 200 90275 "-" "baselinker"
46.101.116.244 - - [20/May/2025:16:36:13 +0200] "GET /Jurek/flhf/feeds/flhf_mallsish.xml HTTP/2.0" 404 3551 "-" "-"
51.77.52.107 - - [20/May/2025:16:36:30 +0200] "GET /Jurek/eurofirany/images/470305/0.jpg HTTP/2.0" 200 90275 "-" "baselinker"
46.101.116.244 - - [20/May/2025:16:36:44 +0200] "GET /Jurek/vidaSI/feeds/vidaSI_mallsh.xml HTTP/2.0" 200 751074434 "-" "-"
51.77.52.107 - - [20/May/2025:16:36:49 +0200] "GET /Jurek/eurofirany/images/470307/0.jpg HTTP/2.0" 200 73643 "-" "baselinker"
51.77.52.107 - - [20/May/2025:16:36:58 +0200] "GET /Jurek/eurofirany/images/470307/0.jpg HTTP/2.0" 200 73643 "-" "baselinker"
51.77.52.107 - - [20/May/2025:16:37:05 +0200] "GET /Jurek/eurofirany/images/470307/0.jpg HTTP/2.0" 200 73643 "-" "baselinker"
51.77.52.107 - - [20/May/2025:16:37:27 +0200] "GET /Jurek/eurofirany/images/470308/0.jpg HTTP/2.0" 200 73643 "-" "baselinker"
51.77.52.107 - - [20/May/2025:16:37:33 +0200] "GET /Jurek/eurofirany/images/470308/0.jpg HTTP/2.0" 200 73643 "-" "baselinker"
51.77.52.107 - - [20/May/2025:16:37:42 +0200] "GET /Jurek/eurofirany/images/470308/0.jpg HTTP/2.0" 200 73643 "-" "baselinker"
51.77.52.107 - - [20/May/2025:16:37:48 +0200] "GET /Jurek/eurofirany/images/470740/0.jpg HTTP/2.0" 200 91538 "-" "baselinker"
51.77.52.107 - - [20/May/2025:16:37:57 +0200] "GET /Jurek/eurofirany/images/470740/0.jpg HTTP/2.0" 200 91538 "-" "baselinker"
51.77.52.107 - - [20/May/2025:16:38:14 +0200] "GET /Jurek/eurofirany/images/470740/0.jpg HTTP/2.0" 200 91538 "-" "baselinker"
46.101.116.244 - - [20/May/2025:16:38:20 +0200] "GET /Jurek/kinghoff/feeds/kinghoff_allegro.xml HTTP/1.0" 200 15606611 "-" "-"
89.161.206.59 - - [20/May/2025:16:38:22 +0200] "GET /Jurek/ikonka/feeds/ikonka_allegro_cz.xml HTTP/1.0" 200 20886956 "-" "-"
51.77.52.107 - - [20/May/2025:16:38:22 +0200] "GET /Jurek/eurofirany/images/470741/0.jpg HTTP/2.0" 200 91538 "-" "baselinker"
51.77.52.107 - - [20/May/2025:16:38:38 +0200] "GET /Jurek/eurofirany/images/470741/0.jpg HTTP/2.0" 200 91538 "-" "baselinker"
51.77.52.107 - - [20/May/2025:16:38:45 +0200] "GET /Jurek/eurofirany/images/470741/0.jpg HTTP/2.0" 200 91538 "-" "baselinker"
52.17.80.36 - - [20/May/2025:16:38:47 +0200] "GET /marketplaces/worten2/results/worten.csv HTTP/1.1" 200 19490203 "-" "Mirakl HttpClient"
51.77.52.107 - - [20/May/2025:16:38:59 +0200] "GET /Jurek/eurofirany/images/468949/0.jpg HTTP/2.0" 200 95029 "-" "baselinker"
51.77.52.107 - - [20/May/2025:16:39:08 +0200] "GET /Jurek/eurofirany/images/468949/0.jpg HTTP/2.0" 200 95029 "-" "baselinker"
51.77.52.107 - - [20/May/2025:16:39:32 +0200] "GET /Jurek/eurofirany/images/468949/0.jpg HTTP/2.0" 200 95029 "-" "baselinker"
51.77.52.107 - - [20/May/2025:16:39:38 +0200] "GET /Jurek/eurofirany/images/468950/0.jpg HTTP/2.0" 200 95029 "-" "baselinker"
51.77.52.107 - - [20/May/2025:16:40:02 +0200] "GET /Jurek/eurofirany/images/468950/0.jpg HTTP/2.0" 200 95029 "-" "baselinker"
51.77.52.107 - - [20/May/2025:16:40:23 +0200] "GET /Jurek/eurofirany/images/468950/0.jpg HTTP/2.0" 200 95029 "-" "baselinker"
51.77.52.107 - - [20/May/2025:16:40:30 +0200] "GET /Jurek/eurofirany/images/468951/0.jpg HTTP/2.0" 200 95029 "-" "baselinker"
51.77.52.107 - - [20/May/2025:16:40:52 +0200] "GET /Jurek/eurofirany/images/468951/0.jpg HTTP/2.0" 200 95029 "-" "baselinker"
51.77.52.107 - - [20/May/2025:16:41:16 +0200] "GET /Jurek/eurofirany/images/468951/0.jpg HTTP/2.0" 200 95029 "-" "baselinker"
51.77.52.107 - - [20/May/2025:16:41:54 +0200] "GET /Jurek/eurofirany/images/468953/0.jpg HTTP/2.0" 200 92156 "-" "baselinker"
51.77.52.107 - - [20/May/2025:16:42:14 +0200] "GET /Jurek/eurofirany/images/468953/0.jpg HTTP/2.0" 200 92156 "-" "baselinker"
66.249.70.36 - - [20/May/2025:16:42:38 +0200] "GET /Jurek/topeshop/downloaded_images/5904507200282_SD-50sonoma20008orgina%C5%82(26).png HTTP/1.1" 404 3551 "-" "Googlebot-Image/1.0"
66.249.70.36 - - [20/May/2025:16:42:39 +0200] "GET /Jurek/topeshop/downloaded_images/5904507200282_4-(1).jpg HTTP/1.1" 404 3551 "-" "Googlebot-Image/1.0"
51.77.52.107 - - [20/May/2025:16:42:40 +0200] "GET /Jurek/eurofirany/images/468953/0.jpg HTTP/2.0" 200 92156 "-" "baselinker"
66.249.70.36 - - [20/May/2025:16:42:45 +0200] "GET /Jurek/topeshop/downloaded_images/5904507202392_Modern2P_Biel(3).jpg HTTP/1.1" 404 3551 "-" "Googlebot-Image/1.0"
66.249.70.36 - - [20/May/2025:16:42:52 +0200] "GET /Jurek/topeshop/downloaded_images/5904507200282_SD-50sonoma20008orgina%C5%82(27).png HTTP/1.1" 404 3551 "-" "Googlebot-Image/1.0"
89.161.206.59 - - [20/May/2025:16:43:00 +0200] "GET /Jurek/hurtownia_przemyslowa/feeds/hp_allegro_cz.xml HTTP/1.0" 200 49368362 "-" "-"
89.161.206.59 - - [20/May/2025:16:43:07 +0200] "GET /Jurek/benetech/feeds/benetech_allegro.xml HTTP/1.0" 200 4165686 "-" "-"
89.161.206.59 - - [20/May/2025:16:43:08 +0200] "GET /Jurek/sempler/feeds/sempler_allegro.xml HTTP/1.0" 200 6788395 "-" "-"
89.161.206.59 - - [20/May/2025:16:43:08 +0200] "GET /Jurek/targethome/feeds/targethome_allegro.xml HTTP/1.0" 200 688662 "-" "-"
89.161.206.59 - - [20/May/2025:16:43:09 +0200] "GET /Jurek/kambukka/feeds/kambukka_allegro.xml HTTP/1.0" 200 1023541 "-" "-"
89.161.206.59 - - [20/May/2025:16:43:09 +0200] "GET /Jurek/swiatecznygoliat/feeds/swiatecznygoliat_allegro.xml HTTP/1.0" 200 7054771 "-" "-"
89.161.206.59 - - [20/May/2025:16:43:11 +0200] "GET /Jurek/artdog/feeds/artdog_allegro.xml HTTP/1.0" 200 17162209 "-" "-"
89.161.206.59 - - [20/May/2025:16:43:11 +0200] "GET /Jurek/oromed/feeds/oromed_allegro.xml HTTP/1.0" 200 1245028 "-" "-"
89.161.206.59 - - [20/May/2025:16:43:12 +0200] "GET /Jurek/ekuchcikowo/feeds/ekuchcikowo_allegro.xml HTTP/1.0" 200 12472472 "-" "-"
89.161.206.59 - - [20/May/2025:16:43:12 +0200] "GET /Jurek/livinhill/feeds/livinhill_allegro.xml HTTP/1.0" 200 1470260 "-" "-"
89.161.206.59 - - [20/May/2025:16:43:12 +0200] "GET /Jurek/narzbud/feeds/narzbud_allegro.xml HTTP/1.0" 200 1901320 "-" "-"
89.161.206.59 - - [20/May/2025:16:43:13 +0200] "GET /Jurek/bisanti/feeds/bisanti_allegro.xml HTTP/1.0" 200 1142374 "-" "-"
89.161.206.59 - - [20/May/2025:16:43:13 +0200] "GET /Jurek/combine/feeds/combine_allegro.xml HTTP/1.0" 200 210566 "-" "-"
89.161.206.59 - - [20/May/2025:16:43:13 +0200] "GET /Jurek/spali/feeds/spali_allegro.xml HTTP/1.0" 200 77068 "-" "-"
89.161.206.59 - - [20/May/2025:16:43:13 +0200] "GET /Jurek/ekolight/feeds/ekolight_allegro.xml HTTP/1.0" 200 9055357 "-" "-"
89.161.206.59 - - [20/May/2025:16:43:14 +0200] "GET /Jurek/urwiskowo/feeds/urwiskowo_allegro.xml HTTP/1.0" 200 9115626 "-" "-"
51.77.52.107 - - [20/May/2025:16:43:15 +0200] "GET /Jurek/eurofirany/images/468954/0.jpg HTTP/2.0" 200 92156 "-" "baselinker"
89.161.206.59 - - [20/May/2025:16:43:15 +0200] "GET /Jurek/reman/feeds/reman_allegro.xml HTTP/1.0" 200 1394881 "-" "-"
51.77.52.107 - - [20/May/2025:16:43:38 +0200] "GET /Jurek/eurofirany/images/468954/0.jpg HTTP/2.0" 200 92156 "-" "baselinker"
51.77.52.107 - - [20/May/2025:16:44:00 +0200] "GET /Jurek/eurofirany/images/468954/0.jpg HTTP/2.0" 200 92156 "-" "baselinker"
51.77.52.107 - - [20/May/2025:16:44:08 +0200] "GET /Jurek/eurofirany/images/468955/0.jpg HTTP/2.0" 200 92156 "-" "baselinker"
51.77.52.107 - - [20/May/2025:16:44:14 +0200] "GET /Jurek/eurofirany/images/468955/0.jpg HTTP/2.0" 200 92156 "-" "baselinker"
51.77.52.107 - - [20/May/2025:16:44:20 +0200] "GET /Jurek/eurofirany/images/468955/0.jpg HTTP/2.0" 200 92156 "-" "baselinker"
51.77.52.107 - - [20/May/2025:16:44:29 +0200] "GET /Jurek/eurofirany/images/468956/0.jpg HTTP/2.0" 200 100409 "-" "baselinker"
51.77.52.107 - - [20/May/2025:16:44:56 +0200] "GET /Jurek/eurofirany/images/468956/0.jpg HTTP/2.0" 200 100409 "-" "baselinker"
51.77.52.107 - - [20/May/2025:16:45:01 +0200] "GET /Jurek/eurofirany/images/468956/0.jpg HTTP/2.0" 200 100409 "-" "baselinker"
51.77.52.107 - - [20/May/2025:16:45:39 +0200] "GET /Jurek/eurofirany/images/468957/0.jpg HTTP/2.0" 200 100409 "-" "baselinker"
51.77.52.107 - - [20/May/2025:16:46:02 +0200] "GET /Jurek/eurofirany/images/468957/0.jpg HTTP/2.0" 200 100409 "-" "baselinker"
89.161.206.59 - - [20/May/2025:16:46:09 +0200] "GET /Jurek/aiofactory/feeds/aiofactory_ebayde.xml HTTP/1.0" 200 2123740 "-" "-"
89.161.206.59 - - [20/May/2025:16:46:21 +0200] "GET /Jurek/kristronik/feeds/kristronik_cdsc.xml HTTP/1.0" 200 429827 "-" "-"
51.77.52.107 - - [20/May/2025:16:46:33 +0200] "GET /Jurek/eurofirany/images/468957/0.jpg HTTP/2.0" 200 100409 "-" "baselinker"
51.77.52.107 - - [20/May/2025:16:47:02 +0200] "GET /Jurek/eurofirany/images/468958/0.jpg HTTP/2.0" 200 100409 "-" "baselinker"
51.77.52.107 - - [20/May/2025:16:47:16 +0200] "GET /Jurek/eurofirany/images/468958/0.jpg HTTP/2.0" 200 100409 "-" "baselinker"
51.77.52.107 - - [20/May/2025:16:47:37 +0200] "GET /Jurek/eurofirany/images/468958/0.jpg HTTP/2.0" 200 100409 "-" "baselinker"
51.77.52.107 - - [20/May/2025:16:47:46 +0200] "GET /Jurek/eurofirany/images/468959/0.jpg HTTP/2.0" 200 110924 "-" "baselinker"
51.77.52.107 - - [20/May/2025:16:47:58 +0200] "GET /Jurek/eurofirany/images/468959/0.jpg HTTP/2.0" 200 110924 "-" "baselinker"
51.77.52.107 - - [20/May/2025:16:48:21 +0200] "GET /Jurek/eurofirany/images/468959/0.jpg HTTP/2.0" 200 110924 "-" "baselinker"
51.77.52.107 - - [20/May/2025:16:48:30 +0200] "GET /Jurek/eurofirany/images/468960/0.jpg HTTP/2.0" 200 110924 "-" "baselinker"
51.77.52.107 - - [20/May/2025:16:48:52 +0200] "GET /Jurek/eurofirany/images/468960/0.jpg HTTP/2.0" 200 110924 "-" "baselinker"
51.77.52.107 - - [20/May/2025:16:49:12 +0200] "GET /Jurek/eurofirany/images/468960/0.jpg HTTP/2.0" 200 110924 "-" "baselinker"
51.77.52.107 - - [20/May/2025:16:49:29 +0200] "GET /Jurek/eurofirany/images/468961/0.jpg HTTP/2.0" 200 110924 "-" "baselinker"
51.77.52.107 - - [20/May/2025:16:49:48 +0200] "GET /Jurek/eurofirany/images/468961/0.jpg HTTP/2.0" 200 110924 "-" "baselinker"
89.161.206.59 - - [20/May/2025:16:49:54 +0200] "GET /Jurek/topeshop/feeds/topeshop_amazonSE.xml HTTP/1.0" 200 2989152 "-" "-"
51.77.52.107 - - [20/May/2025:16:49:55 +0200] "GET /Jurek/eurofirany/images/468961/0.jpg HTTP/2.0" 200 110924 "-" "baselinker"
51.77.52.107 - - [20/May/2025:16:50:09 +0200] "GET /Jurek/eurofirany/images/468962/0.jpg HTTP/2.0" 200 140263 "-" "baselinker"
51.77.52.107 - - [20/May/2025:16:50:15 +0200] "GET /Jurek/eurofirany/images/468962/0.jpg HTTP/2.0" 200 140263 "-" "baselinker"
51.77.52.107 - - [20/May/2025:16:50:23 +0200] "GET /Jurek/eurofirany/images/468962/0.jpg HTTP/2.0" 200 140263 "-" "baselinker"
51.77.52.107 - - [20/May/2025:16:50:31 +0200] "GET /Jurek/eurofirany/images/468963/0.jpg HTTP/2.0" 200 140263 "-" "baselinker"
51.77.52.107 - - [20/May/2025:16:50:39 +0200] "GET /Jurek/eurofirany/images/468963/0.jpg HTTP/2.0" 200 140263 "-" "baselinker"
51.77.52.107 - - [20/May/2025:16:50:45 +0200] "GET /Jurek/eurofirany/images/468963/0.jpg HTTP/2.0" 200 140263 "-" "baselinker"
51.77.52.107 - - [20/May/2025:16:50:50 +0200] "GET /Jurek/eurofirany/images/468964/0.jpg HTTP/2.0" 200 140263 "-" "baselinker"
51.77.52.107 - - [20/May/2025:16:50:57 +0200] "GET /Jurek/eurofirany/images/468964/0.jpg HTTP/2.0" 200 140263 "-" "baselinker"
51.77.52.107 - - [20/May/2025:16:51:05 +0200] "GET /Jurek/eurofirany/images/468964/0.jpg HTTP/2.0" 200 140263 "-" "baselinker"
51.77.52.107 - - [20/May/2025:16:51:13 +0200] "GET /Jurek/eurofirany/images/398821/0.jpg HTTP/2.0" 200 28870 "-" "baselinker"
51.77.52.107 - - [20/May/2025:16:51:36 +0200] "GET /Jurek/eurofirany/images/398821/0.jpg HTTP/2.0" 200 28870 "-" "baselinker"
51.77.52.107 - - [20/May/2025:16:52:06 +0200] "GET /Jurek/eurofirany/images/398821/0.jpg HTTP/2.0" 200 28870 "-" "baselinker"
51.77.52.107 - - [20/May/2025:16:52:28 +0200] "GET /Jurek/eurofirany/images/468320/0.jpg HTTP/2.0" 200 112524 "-" "baselinker"
51.77.52.107 - - [20/May/2025:16:52:50 +0200] "GET /Jurek/eurofirany/images/468320/0.jpg HTTP/2.0" 200 112524 "-" "baselinker"
51.77.52.107 - - [20/May/2025:16:53:07 +0200] "GET /Jurek/eurofirany/images/468320/0.jpg HTTP/2.0" 200 112524 "-" "baselinker"
51.77.52.107 - - [20/May/2025:16:53:28 +0200] "GET /Jurek/eurofirany/images/467284/0.jpg HTTP/2.0" 200 89083 "-" "baselinker"
51.77.52.107 - - [20/May/2025:16:53:48 +0200] "GET /Jurek/eurofirany/images/467284/0.jpg HTTP/2.0" 200 89083 "-" "baselinker"
51.77.52.107 - - [20/May/2025:16:54:05 +0200] "GET /Jurek/eurofirany/images/467284/0.jpg HTTP/2.0" 200 89083 "-" "baselinker"
51.77.52.107 - - [20/May/2025:16:54:14 +0200] "GET /Jurek/eurofirany/images/467484/0.jpg HTTP/2.0" 200 64137 "-" "baselinker"
51.77.52.107 - - [20/May/2025:16:54:18 +0200] "GET /Jurek/eurofirany/images/467484/0.jpg HTTP/2.0" 200 64137 "-" "baselinker"
51.77.52.107 - - [20/May/2025:16:54:43 +0200] "GET /Jurek/eurofirany/images/467484/0.jpg HTTP/2.0" 200 64137 "-" "baselinker"
51.77.52.107 - - [20/May/2025:16:54:48 +0200] "GET /Jurek/eurofirany/images/466896/0.jpg HTTP/2.0" 200 68358 "-" "baselinker"
51.77.52.107 - - [20/May/2025:16:55:13 +0200] "GET /Jurek/eurofirany/images/466896/0.jpg HTTP/2.0" 200 68358 "-" "baselinker"
51.77.52.107 - - [20/May/2025:16:55:30 +0200] "GET /Jurek/eurofirany/images/466896/0.jpg HTTP/2.0" 200 68358 "-" "baselinker"
51.77.52.107 - - [20/May/2025:16:55:38 +0200] "GET /Jurek/eurofirany/images/466202/0.jpg HTTP/2.0" 200 32898 "-" "baselinker"
51.77.52.107 - - [20/May/2025:16:55:45 +0200] "GET /Jurek/eurofirany/images/466202/0.jpg HTTP/2.0" 200 32898 "-" "baselinker"
89.161.206.59 - - [20/May/2025:16:56:08 +0200] "GET /Jurek/oromed/feeds/oromed_skroutz.xml HTTP/1.0" 200 1244873 "-" "-"
89.161.206.59 - - [20/May/2025:16:56:10 +0200] "GET /Jurek/ralmetal/feeds/ralmetal_skroutz.xml HTTP/1.0" 200 2039903 "-" "-"
51.77.52.107 - - [20/May/2025:16:56:12 +0200] "GET /Jurek/eurofirany/images/466202/0.jpg HTTP/2.0" 200 32898 "-" "baselinker"
51.77.52.107 - - [20/May/2025:16:56:20 +0200] "GET /Jurek/eurofirany/images/419764/0.jpg HTTP/2.0" 200 6595 "-" "baselinker"
51.77.52.107 - - [20/May/2025:16:56:20 +0200] "GET /Jurek/eurofirany/images/419764/0.jpg HTTP/2.0" 200 6595 "-" "baselinker"
51.77.52.107 - - [20/May/2025:16:56:21 +0200] "GET /Jurek/eurofirany/images/419764/0.jpg HTTP/2.0" 200 6595 "-" "baselinker"
89.161.206.59 - - [20/May/2025:16:56:21 +0200] "GET /Jurek/narzbud/feeds/narzbud_skroutz.xml HTTP/1.0" 200 1901225 "-" "-"
89.161.206.59 - - [20/May/2025:16:56:22 +0200] "GET /Jurek/drops/feeds/dropsofficecolection_skroutz.xml HTTP/1.0" 200 790763 "-" "-"
51.77.52.107 - - [20/May/2025:16:56:22 +0200] "GET /Jurek/eurofirany/images/433249/0.jpg HTTP/2.0" 200 6625 "-" "baselinker"
89.161.206.59 - - [20/May/2025:16:56:22 +0200] "GET /Jurek/szpaklampy/feeds/szpaklampy_skroutz.xml HTTP/1.0" 200 388216 "-" "-"
51.77.52.107 - - [20/May/2025:16:56:23 +0200] "GET /Jurek/eurofirany/images/433249/0.jpg HTTP/2.0" 200 6625 "-" "baselinker"
51.77.52.107 - - [20/May/2025:16:56:26 +0200] "GET /Jurek/eurofirany/images/433249/0.jpg HTTP/2.0" 200 6625 "-" "baselinker"
51.77.52.107 - - [20/May/2025:16:56:27 +0200] "GET /Jurek/eurofirany/images/433253/0.jpg HTTP/2.0" 200 6625 "-" "baselinker"
51.77.52.107 - - [20/May/2025:16:56:29 +0200] "GET /Jurek/eurofirany/images/433253/0.jpg HTTP/2.0" 200 6625 "-" "baselinker"
51.77.52.107 - - [20/May/2025:16:56:30 +0200] "GET /Jurek/eurofirany/images/433253/0.jpg HTTP/2.0" 200 6625 "-" "baselinker"
51.77.52.107 - - [20/May/2025:16:56:31 +0200] "GET /Jurek/eurofirany/images/433254/0.jpg HTTP/2.0" 200 6625 "-" "baselinker"
51.77.52.107 - - [20/May/2025:16:56:31 +0200] "GET /Jurek/eurofirany/images/433254/0.jpg HTTP/2.0" 200 6625 "-" "baselinker"
51.77.52.107 - - [20/May/2025:16:56:32 +0200] "GET /Jurek/eurofirany/images/433254/0.jpg HTTP/2.0" 200 6625 "-" "baselinker"
51.77.52.107 - - [20/May/2025:16:56:33 +0200] "GET /Jurek/eurofirany/images/433260/0.jpg HTTP/2.0" 200 6625 "-" "baselinker"
51.77.52.107 - - [20/May/2025:16:56:34 +0200] "GET /Jurek/eurofirany/images/433260/0.jpg HTTP/2.0" 200 6625 "-" "baselinker"
51.77.52.107 - - [20/May/2025:16:56:34 +0200] "GET /Jurek/eurofirany/images/433260/0.jpg HTTP/2.0" 200 6625 "-" "baselinker"
51.77.52.107 - - [20/May/2025:16:56:35 +0200] "GET /Jurek/eurofirany/images/433263/0.jpg HTTP/2.0" 200 6625 "-" "baselinker"
51.77.52.107 - - [20/May/2025:16:56:36 +0200] "GET /Jurek/eurofirany/images/433263/0.jpg HTTP/2.0" 200 6625 "-" "baselinker"
51.77.52.107 - - [20/May/2025:16:56:36 +0200] "GET /Jurek/eurofirany/images/433263/0.jpg HTTP/2.0" 200 6625 "-" "baselinker"
51.77.52.107 - - [20/May/2025:16:56:37 +0200] "GET /Jurek/eurofirany/images/5638/0.jpg HTTP/2.0" 200 6625 "-" "baselinker"
51.77.52.107 - - [20/May/2025:16:56:38 +0200] "GET /Jurek/eurofirany/images/5638/0.jpg HTTP/2.0" 200 6625 "-" "baselinker"
51.77.52.107 - - [20/May/2025:16:56:39 +0200] "GET /Jurek/eurofirany/images/5638/0.jpg HTTP/2.0" 200 6625 "-" "baselinker"
51.77.52.107 - - [20/May/2025:16:56:40 +0200] "GET /Jurek/eurofirany/images/45095/0.jpg HTTP/2.0" 200 6625 "-" "baselinker"
