85.14.86.141 - - [20/May/2025:15:06:38 +0200] "GET /Jurek/eurofirany/feeds/eurofirany_morele.xml HTTP/2.0" 200 18810382 "-" "MarketplaceAPI curl/7.74.0 PHP/8"
85.14.86.141 - - [20/May/2025:15:06:56 +0200] "GET /Jurek/vivaldi/feeds/vivaldi_Morele-PL.xml HTTP/2.0" 200 344674 "-" "MarketplaceAPI curl/7.74.0 PHP/8"
85.232.241.194 - - [20/May/2025:15:07:25 +0200] "GET /Jurek/kobi/feeds/kobi_vente_es.xml HTTP/1.1" 200 942916 "-" "Python-urllib/3.11"
85.232.241.194 - - [20/May/2025:15:07:33 +0200] "GET /Jurek/topeshop/feeds/topeshop_vente_es.xml HTTP/1.1" 200 2988442 "-" "Python-urllib/3.11"
85.232.241.194 - - [20/May/2025:15:07:33 +0200] "GET /Jurek/fernity/feeds/fernity_vente_es.xml HTTP/1.1" 200 259396 "-" "Python-urllib/3.11"
89.161.206.59 - - [20/May/2025:15:07:36 +0200] "GET /Jurek/eurofirany/feeds/eurofirany_emagro.xml HTTP/1.0" 200 18819678 "-" "-"
89.161.206.59 - - [20/May/2025:15:07:37 +0200] "GET /Jurek/qbox/feeds/qbox_emagro.xml HTTP/1.0" 200 398869 "-" "-"
85.232.241.194 - - [20/May/2025:15:07:38 +0200] "GET /Jurek/kinghome/feeds/kinghome_vente_es.xml HTTP/1.1" 200 5623413 "-" "Python-urllib/3.11"
85.232.241.194 - - [20/May/2025:15:07:38 +0200] "GET /Jurek/emibig/feeds/emibig_vente_es.xml HTTP/1.1" 200 2522555 "-" "Python-urllib/3.11"
85.232.241.194 - - [20/May/2025:15:07:39 +0200] "GET /Jurek/b3/feeds/b3_vente_es.xml HTTP/1.1" 200 8079577 "-" "Python-urllib/3.11"
85.232.241.194 - - [20/May/2025:15:07:39 +0200] "GET /Jurek/aw/feeds/aw_vente_es.xml HTTP/1.1" 200 65277067 "-" "Python-urllib/3.11"
89.161.206.59 - - [20/May/2025:15:07:39 +0200] "GET /Jurek/evil/feeds/evil_emagro.xml HTTP/1.0" 200 306430 "-" "-"
89.161.206.59 - - [20/May/2025:15:07:40 +0200] "GET /Jurek/dekornatort/feeds/dekornatort_emagro.xml HTTP/1.0" 200 225766 "-" "-"
89.161.206.59 - - [20/May/2025:15:07:40 +0200] "GET /Jurek/ekotex/feeds/ekotex_emagro.xml HTTP/1.0" 200 197970 "-" "-"
89.161.206.59 - - [20/May/2025:15:07:40 +0200] "GET /Jurek/twojsklep/feeds/twojsklep_emagro.xml HTTP/1.0" 200 126814 "-" "-"
89.161.206.59 - - [20/May/2025:15:07:41 +0200] "GET /Jurek/drewdon/feeds/drewdon_emagro.xml HTTP/1.0" 200 504529 "-" "-"
89.161.206.59 - - [20/May/2025:15:07:41 +0200] "GET /Jurek/wezer/feeds/wezer_emagro.xml HTTP/1.0" 200 210966 "-" "-"
89.161.206.59 - - [20/May/2025:15:07:41 +0200] "GET /Jurek/pasiekaslodka/feeds/pasiekaslodka_emagro.xml HTTP/1.0" 200 119684 "-" "-"
89.161.206.59 - - [20/May/2025:15:07:42 +0200] "GET /Jurek/lendo/feeds/lendo_emagro.xml HTTP/1.0" 200 330415 "-" "-"
89.161.206.59 - - [20/May/2025:15:07:44 +0200] "GET /Jurek/pawonik/feeds/pawonik_emagro.xml HTTP/1.0" 200 2138639 "-" "-"
89.161.206.59 - - [20/May/2025:15:07:45 +0200] "GET /Jurek/hurtmeblowy/feeds/hurtmeblowy_emagro.xml HTTP/1.0" 200 8510485 "-" "-"
46.101.116.244 - - [20/May/2025:15:07:59 +0200] "GET /Jurek/kalama/feeds/kalama_alza.xml HTTP/2.0" 200 2662538 "-" "-"
85.232.241.194 - - [20/May/2025:15:08:06 +0200] "GET /Jurek/asortymenteu/feeds/asortymenteu_vente_es.xml HTTP/1.1" 200 2858217 "-" "Python-urllib/3.11"
85.232.241.194 - - [20/May/2025:15:08:06 +0200] "GET /Jurek/hurtownia_przemyslowa/feeds/hp_vente_es.xml HTTP/1.1" 200 49362036 "-" "Python-urllib/3.11"
46.101.116.244 - - [20/May/2025:15:08:09 +0200] "GET /Jurek/proadventure/feeds/proadventure_alza.xml HTTP/2.0" 200 10767269 "-" "-"
46.101.116.244 - - [20/May/2025:15:08:22 +0200] "GET /Jurek/awparts/feeds/awparts_alza.xml HTTP/2.0" 200 142492906 "-" "-"
89.161.206.59 - - [20/May/2025:15:08:30 +0200] "GET /Jurek/ikonka/feeds/ikonka_emagro.xml HTTP/1.0" 200 20885402 "-" "-"
51.77.52.107 - - [20/May/2025:15:08:35 +0200] "GET /Jurek/eurofirany/images/350263/0.jpg HTTP/2.0" 200 69293 "-" "baselinker"
89.161.206.59 - - [20/May/2025:15:08:38 +0200] "GET /Jurek/ekuchcikowo/feeds/ekuchcikowo_emagro.xml HTTP/1.0" 200 12472723 "-" "-"
89.161.206.59 - - [20/May/2025:15:08:39 +0200] "GET /Jurek/maksik/feeds/maksik_emagro.xml HTTP/1.0" 200 4085215 "-" "-"
89.161.206.59 - - [20/May/2025:15:08:40 +0200] "GET /Jurek/playcob/feeds/playcob_emagro.xml HTTP/1.0" 200 6981089 "-" "-"
89.161.206.59 - - [20/May/2025:15:08:40 +0200] "GET /Jurek/roger/feeds/roger_emagro.xml HTTP/1.0" 200 1396748 "-" "-"
85.14.86.141 - - [20/May/2025:15:08:49 +0200] "GET /Jurek/vida_morele/feeds/VidaPL_morele.xml HTTP/2.0" 200 841397139 "-" "MarketplaceAPI curl/7.74.0 PHP/8"
51.77.52.107 - - [20/May/2025:15:09:00 +0200] "GET /Jurek/eurofirany/images/350263/0.jpg HTTP/2.0" 200 69293 "-" "baselinker"
185.6.76.18 - - [20/May/2025:15:09:07 +0200] "GET /marketplaces/skroutz/feeds/shumee.xml HTTP/1.1" 200 395185387 "-" "SkroutzBot v1.0"
46.101.116.244 - - [20/May/2025:15:09:18 +0200] "GET /Jurek/sportprise/feeds/sportprise_alza.xml HTTP/2.0" 200 12729786 "-" "-"
85.14.86.141 - - [20/May/2025:15:09:19 +0200] "GET /Jurek/aw/feeds/awnarzedzia_morele.xml HTTP/2.0" 200 65285045 "-" "MarketplaceAPI curl/7.74.0 PHP/8"
51.77.52.107 - - [20/May/2025:15:09:21 +0200] "GET /Jurek/eurofirany/images/350263/0.jpg HTTP/2.0" 200 69293 "-" "baselinker"
46.101.116.244 - - [20/May/2025:15:09:42 +0200] "GET /Jurek/coppotech/feeds/coppotech_alza.xml HTTP/2.0" 200 38061615 "-" "-"
51.77.52.107 - - [20/May/2025:15:09:45 +0200] "GET /Jurek/eurofirany/images/350264/0.jpg HTTP/2.0" 200 16503 "-" "baselinker"
46.101.116.244 - - [20/May/2025:15:09:55 +0200] "GET /Jurek/erohurtownia/feeds/erohurtownia_alza.xml HTTP/2.0" 200 22845869 "-" "-"
89.161.206.59 - - [20/May/2025:15:09:59 +0200] "GET /Jurek/alucon/feeds/alucon_emagro.xml HTTP/1.0" 200 553609 "-" "-"
89.161.206.59 - - [20/May/2025:15:10:00 +0200] "GET /Jurek/dropkz/feeds/dropkz_emagro.xml HTTP/1.0" 200 70032086 "-" "-"
85.14.86.141 - - [20/May/2025:15:10:03 +0200] "GET /Jurek/beliani/feeds/beliani_morele.xml HTTP/2.0" 200 30713555 "-" "MarketplaceAPI curl/7.74.0 PHP/8"
89.161.206.59 - - [20/May/2025:15:10:05 +0200] "GET /Jurek/shiori/feeds/shiori_emagro.xml HTTP/1.0" 200 453701 "-" "-"
89.161.206.59 - - [20/May/2025:15:10:05 +0200] "GET /Jurek/eoptimo/feeds/eoptimo_emagro.xml HTTP/1.0" 200 2094706 "-" "-"
89.161.206.59 - - [20/May/2025:15:10:06 +0200] "GET /Jurek/galopibhp/feeds/galopibhp_emagro.xml HTTP/1.0" 200 1973644 "-" "-"
89.161.206.59 - - [20/May/2025:15:10:06 +0200] "GET /Jurek/bisanti/feeds/bisanti_emagro.xml HTTP/1.0" 200 1142487 "-" "-"
89.161.206.59 - - [20/May/2025:15:10:07 +0200] "GET /Jurek/najtanszysport/feeds/najtanszysport_emagro.xml HTTP/1.0" 200 3984581 "-" "-"
46.101.116.244 - - [20/May/2025:15:10:12 +0200] "GET /Jurek/euroshop/feeds/euroshop_alza.xml HTTP/2.0" 200 20021100 "-" "-"
51.77.52.107 - - [20/May/2025:15:10:15 +0200] "GET /Jurek/eurofirany/images/350264/0.jpg HTTP/2.0" 200 16503 "-" "baselinker"
46.101.116.244 - - [20/May/2025:15:10:23 +0200] "GET /Jurek/najtanszysport/feeds/najtanszysport_alza.xml HTTP/2.0" 200 3982859 "-" "-"
51.77.52.107 - - [20/May/2025:15:10:34 +0200] "GET /Jurek/eurofirany/images/350264/0.jpg HTTP/2.0" 200 16503 "-" "baselinker"
46.101.116.244 - - [20/May/2025:15:10:34 +0200] "GET /Jurek/rider/feeds/rider_alza.xml HTTP/2.0" 200 8166346 "-" "-"
51.77.52.107 - - [20/May/2025:15:10:36 +0200] "GET /Jurek/eurofirany/images/378181/0.jpg HTTP/2.0" 200 16503 "-" "baselinker"
46.101.116.244 - - [20/May/2025:15:10:49 +0200] "GET /Jurek/intsell/feeds/intsell_alza.xml HTTP/2.0" 200 342157477 "-" "-"
89.161.206.59 - - [20/May/2025:15:10:57 +0200] "GET /Jurek/bentivolio/feeds/bentivolio_emagro.xml HTTP/1.0" 200 3498444 "-" "-"
51.77.52.107 - - [20/May/2025:15:11:00 +0200] "GET /Jurek/eurofirany/images/378181/0.jpg HTTP/2.0" 200 16503 "-" "baselinker"
51.77.52.107 - - [20/May/2025:15:11:26 +0200] "GET /Jurek/eurofirany/images/378181/0.jpg HTTP/2.0" 200 16503 "-" "baselinker"
89.161.206.59 - - [20/May/2025:15:11:43 +0200] "GET /Jurek/techrebal/feeds/techrebal_emagro.xml HTTP/1.0" 200 1989862 "-" "-"
89.161.206.59 - - [20/May/2025:15:11:43 +0200] "GET /Jurek/kristronik/feeds/kristronik_emagro.xml HTTP/1.0" 200 692093 "-" "-"
89.161.206.59 - - [20/May/2025:15:11:44 +0200] "GET /Jurek/techrebalina/feeds/techrebalina_emagro.xml HTTP/1.0" 200 2011333 "-" "-"
51.77.52.107 - - [20/May/2025:15:11:53 +0200] "GET /Jurek/eurofirany/images/382445/0.jpg HTTP/2.0" 200 16503 "-" "baselinker"
51.77.52.107 - - [20/May/2025:15:12:13 +0200] "GET /Jurek/eurofirany/images/382445/0.jpg HTTP/2.0" 200 16503 "-" "baselinker"
89.161.206.59 - - [20/May/2025:15:12:25 +0200] "GET /Jurek/proparts/feeds/proparts_emagro.xml HTTP/1.0" 200 707599 "-" "-"
89.161.206.59 - - [20/May/2025:15:12:26 +0200] "GET /Jurek/sportprise/feeds/sportprise_emagro.xml HTTP/1.0" 200 12728049 "-" "-"
89.161.206.59 - - [20/May/2025:15:12:27 +0200] "GET /Jurek/elavia/feeds/elavia_emagro.xml HTTP/1.0" 200 2497453 "-" "-"
89.161.206.59 - - [20/May/2025:15:12:28 +0200] "GET /Jurek/cdata/feeds/cdata_emagro.xml HTTP/1.0" 200 1445632 "-" "-"
89.161.206.59 - - [20/May/2025:15:12:30 +0200] "GET /Jurek/fernity/feeds/fernity_emagro.xml HTTP/1.0" 200 4721191 "-" "-"
51.77.52.107 - - [20/May/2025:15:12:31 +0200] "GET /Jurek/eurofirany/images/382445/0.jpg HTTP/2.0" 200 16503 "-" "baselinker"
51.77.52.107 - - [20/May/2025:15:12:34 +0200] "GET /Jurek/eurofirany/images/407610/0.jpg HTTP/2.0" 200 84241 "-" "baselinker"
89.161.206.59 - - [20/May/2025:15:12:35 +0200] "GET /Jurek/rosfix/feeds/rosfix_emagro.xml HTTP/1.0" 200 35771643 "-" "-"
89.161.206.59 - - [20/May/2025:15:12:36 +0200] "GET /Jurek/broers/feeds/broers_emagro.xml HTTP/1.0" 200 1983007 "-" "-"
89.161.206.59 - - [20/May/2025:15:12:37 +0200] "GET /Jurek/nonabox/feeds/nonabox_emagro.xml HTTP/1.0" 200 33872 "-" "-"
89.161.206.59 - - [20/May/2025:15:12:37 +0200] "GET /Jurek/em3/feeds/em3_emagro.xml HTTP/1.0" 200 259004 "-" "-"
89.161.206.59 - - [20/May/2025:15:12:39 +0200] "GET /Jurek/galopi/feeds/galopi_emagro.xml HTTP/1.0" 200 2111367 "-" "-"
89.161.206.59 - - [20/May/2025:15:12:40 +0200] "GET /Jurek/purewear/feeds/purewear_emagro.xml HTTP/1.0" 200 13354991 "-" "-"
46.101.116.244 - - [20/May/2025:15:12:41 +0200] "GET /Jurek/sempler/feeds/sempler_alza.xml HTTP/2.0" 200 6789393 "-" "-"
89.161.206.59 - - [20/May/2025:15:12:41 +0200] "GET /Jurek/omi/feeds/omi_emagro.xml HTTP/1.0" 200 8101656 "-" "-"
89.161.206.59 - - [20/May/2025:15:12:42 +0200] "GET /Jurek/sebmart/feeds/sebmart_emagro.xml HTTP/1.0" 200 1599110 "-" "-"
89.161.206.59 - - [20/May/2025:15:12:43 +0200] "GET /Jurek/tsjerzy/feeds/tsjerzy_emagro.xml HTTP/1.0" 200 3899941 "-" "-"
89.161.206.59 - - [20/May/2025:15:12:44 +0200] "GET /Jurek/avenido/feeds/avenido_emagro.xml HTTP/1.0" 200 720163 "-" "-"
89.161.206.59 - - [20/May/2025:15:12:44 +0200] "GET /Jurek/kamar/feeds/kamar_emagro.xml HTTP/1.0" 200 25555012 "-" "-"
46.101.116.244 - - [20/May/2025:15:12:52 +0200] "GET /Jurek/eroplace/feeds/eroplace_alza.xml HTTP/2.0" 200 52164713 "-" "-"
51.77.52.107 - - [20/May/2025:15:12:53 +0200] "GET /Jurek/eurofirany/images/407610/0.jpg HTTP/2.0" 200 84241 "-" "baselinker"
46.101.116.244 - - [20/May/2025:15:13:05 +0200] "GET /Jurek/mosti/feeds/mosti_alza.xml HTTP/2.0" 200 4629111 "-" "-"
46.101.116.244 - - [20/May/2025:15:13:06 +0200] "GET /Jurek/biokominki/feeds/biokomiinki_alza.xml HTTP/2.0" 200 1422347 "-" "-"
51.77.52.107 - - [20/May/2025:15:13:17 +0200] "GET /Jurek/eurofirany/images/407610/0.jpg HTTP/2.0" 200 84241 "-" "baselinker"
89.161.206.59 - - [20/May/2025:15:13:33 +0200] "GET /Jurek/winoszarnia/feeds/winoszarnia_emagro.xml HTTP/1.0" 200 6064993 "-" "-"
89.161.206.59 - - [20/May/2025:15:13:35 +0200] "GET /Jurek/zenex/feeds/zenex_emagro.xml HTTP/1.0" 200 540563 "-" "-"
89.161.206.59 - - [20/May/2025:15:13:37 +0200] "GET /Jurek/coppotech/feeds/coppotech_emagro.xml HTTP/1.0" 200 38056583 "-" "-"
89.161.206.59 - - [20/May/2025:15:13:40 +0200] "GET /Jurek/eroplace/feeds/eroplace_emagro.xml HTTP/1.0" 200 52150555 "-" "-"
89.161.206.59 - - [20/May/2025:15:13:43 +0200] "GET /Jurek/kinghome/feeds/kinghome_emagro.xml HTTP/1.0" 200 6227902 "-" "-"
51.77.52.107 - - [20/May/2025:15:13:46 +0200] "GET /Jurek/eurofirany/images/410690/0.jpg HTTP/2.0" 200 70320 "-" "baselinker"
46.101.116.244 - - [20/May/2025:15:13:55 +0200] "GET /Jurek/vida_morele/feeds/vida_alza.xml HTTP/2.0" 200 840897661 "-" "-"
51.77.52.107 - - [20/May/2025:15:14:12 +0200] "GET /Jurek/eurofirany/images/410690/0.jpg HTTP/2.0" 200 70320 "-" "baselinker"
51.77.52.107 - - [20/May/2025:15:14:30 +0200] "GET /Jurek/eurofirany/images/410690/0.jpg HTTP/2.0" 200 70320 "-" "baselinker"
104.210.140.134 - - [20/May/2025:15:14:39 +0200] "GET /robots.txt HTTP/2.0" 404 3551 "-" "Mozilla/5.0 (Macintosh; Intel Mac OS X 10_15_7) AppleWebKit/537.36 (KHTML, like Gecko) Chrome/131.0.0.0 Safari/537.36; compatible; OAI-SearchBot/1.0; +https://openai.com/searchbot"
104.210.140.137 - - [20/May/2025:15:14:39 +0200] "GET /robots.txt HTTP/1.1" 404 3551 "-" "Mozilla/5.0 (Macintosh; Intel Mac OS X 10_15_7) AppleWebKit/537.36 (KHTML, like Gecko) Chrome/131.0.0.0 Safari/537.36; compatible; OAI-SearchBot/1.0; +https://openai.com/searchbot"
46.101.116.244 - - [20/May/2025:15:14:40 +0200] "GET /Jurek/intsell/feeds/intsell_emagro.xml HTTP/1.0" 200 342078912 "-" "-"
51.77.52.107 - - [20/May/2025:15:14:55 +0200] "GET /Jurek/eurofirany/images/416908/0.jpg HTTP/2.0" 200 68930 "-" "baselinker"
89.161.206.59 - - [20/May/2025:15:14:55 +0200] "GET /Jurek/pagmil/feeds/pagmil_emaghu.xml HTTP/1.0" 200 1803750 "-" "-"
51.77.52.107 - - [20/May/2025:15:15:19 +0200] "GET /Jurek/eurofirany/images/416908/0.jpg HTTP/2.0" 200 68930 "-" "baselinker"
51.77.52.107 - - [20/May/2025:15:15:22 +0200] "GET /Jurek/eurofirany/images/416908/0.jpg HTTP/2.0" 200 68930 "-" "baselinker"
89.161.206.59 - - [20/May/2025:15:15:42 +0200] "GET /Jurek/takapara/feeds/takapara_emagro.xml HTTP/1.0" 200 1342438 "-" "-"
89.161.206.59 - - [20/May/2025:15:15:43 +0200] "GET /Jurek/artdog/feeds/artdog_emagro.xml HTTP/1.0" 200 17164728 "-" "-"
51.77.52.107 - - [20/May/2025:15:15:46 +0200] "GET /Jurek/eurofirany/images/418655/0.jpg HTTP/2.0" 200 6595 "-" "baselinker"
51.77.52.107 - - [20/May/2025:15:15:47 +0200] "GET /Jurek/eurofirany/images/418655/0.jpg HTTP/2.0" 200 6595 "-" "baselinker"
89.161.206.59 - - [20/May/2025:15:15:48 +0200] "GET /Jurek/jakdroz/feeds/jakdroz_emagro.xml HTTP/1.0" 200 4090838 "-" "-"
51.77.52.107 - - [20/May/2025:15:15:48 +0200] "GET /Jurek/eurofirany/images/418655/0.jpg HTTP/2.0" 200 6595 "-" "baselinker"
89.161.206.59 - - [20/May/2025:15:15:49 +0200] "GET /Jurek/missionair/feeds/missionair_emagro.xml HTTP/1.0" 200 3155055 "-" "-"
51.77.52.107 - - [20/May/2025:15:15:49 +0200] "GET /Jurek/eurofirany/images/418658/0.jpg HTTP/2.0" 200 6595 "-" "baselinker"
89.161.206.59 - - [20/May/2025:15:15:49 +0200] "GET /Jurek/mojeledy/feeds/mojeledy_emagro.xml HTTP/1.0" 200 1018621 "-" "-"
51.77.52.107 - - [20/May/2025:15:15:49 +0200] "GET /Jurek/eurofirany/images/418658/0.jpg HTTP/2.0" 200 6595 "-" "baselinker"
89.161.206.59 - - [20/May/2025:15:15:50 +0200] "GET /Jurek/andex/feeds/andex_emagro.xml HTTP/1.0" 200 1953941 "-" "-"
51.77.52.107 - - [20/May/2025:15:15:50 +0200] "GET /Jurek/eurofirany/images/418658/0.jpg HTTP/2.0" 200 6595 "-" "baselinker"
89.161.206.59 - - [20/May/2025:15:15:50 +0200] "GET /Jurek/riko/feeds/riko_emagro.xml HTTP/1.0" 200 3786395 "-" "-"
51.77.52.107 - - [20/May/2025:15:15:51 +0200] "GET /Jurek/eurofirany/images/418659/0.jpg HTTP/2.0" 200 6595 "-" "baselinker"
89.161.206.59 - - [20/May/2025:15:15:51 +0200] "GET /Jurek/sovapl/feeds/sovapl_emagro.xml HTTP/1.0" 200 9002680 "-" "-"
51.77.52.107 - - [20/May/2025:15:15:52 +0200] "GET /Jurek/eurofirany/images/418659/0.jpg HTTP/2.0" 200 6595 "-" "baselinker"
89.161.206.59 - - [20/May/2025:15:15:52 +0200] "GET /Jurek/kalama/feeds/kalama_emagro.xml HTTP/1.0" 200 2662092 "-" "-"
51.77.52.107 - - [20/May/2025:15:15:52 +0200] "GET /Jurek/eurofirany/images/418659/0.jpg HTTP/2.0" 200 6595 "-" "baselinker"
51.77.52.107 - - [20/May/2025:15:15:53 +0200] "GET /Jurek/eurofirany/images/421079/0.jpg HTTP/2.0" 200 99945 "-" "baselinker"
51.77.52.107 - - [20/May/2025:15:16:28 +0200] "GET /Jurek/eurofirany/images/421079/0.jpg HTTP/2.0" 200 99945 "-" "baselinker"
51.77.52.107 - - [20/May/2025:15:17:10 +0200] "GET /Jurek/eurofirany/images/421079/0.jpg HTTP/2.0" 200 99945 "-" "baselinker"
46.101.116.244 - - [20/May/2025:15:17:15 +0200] "GET /Jurek/topeshop/feeds/topeshop_alza.xml HTTP/2.0" 200 2989400 "-" "-"
46.101.116.244 - - [20/May/2025:15:17:26 +0200] "GET /Jurek/topeshop/feeds/topeshop_kauflandde.xml HTTP/2.0" 200 2988246 "-" "-"
51.77.52.107 - - [20/May/2025:15:17:34 +0200] "GET /Jurek/eurofirany/images/422320/0.jpg HTTP/2.0" 200 85537 "-" "baselinker"
46.101.116.244 - - [20/May/2025:15:17:37 +0200] "GET /Jurek/topeshop/feeds/topeshop_kauflandcz.xml HTTP/2.0" 200 2989398 "-" "-"
46.101.116.244 - - [20/May/2025:15:17:48 +0200] "GET /Jurek/topeshop/feeds/topeshop_kauflandsk.xml HTTP/2.0" 200 2988268 "-" "-"
46.101.116.244 - - [20/May/2025:15:17:59 +0200] "GET /Jurek/ikonka/feeds/ikonka_alza.xml HTTP/2.0" 200 20888603 "-" "-"
51.77.52.107 - - [20/May/2025:15:18:05 +0200] "GET /Jurek/eurofirany/images/422320/0.jpg HTTP/2.0" 200 85537 "-" "baselinker"
46.101.116.244 - - [20/May/2025:15:18:11 +0200] "GET /Jurek/ikonka/feeds/ikonka_kaufcz.xml HTTP/2.0" 200 20888592 "-" "-"
46.101.116.244 - - [20/May/2025:15:18:22 +0200] "GET /Jurek/ikonka/feeds/ikonka_kaufde.xml HTTP/2.0" 200 20886111 "-" "-"
51.77.52.107 - - [20/May/2025:15:18:26 +0200] "GET /Jurek/eurofirany/images/422320/0.jpg HTTP/2.0" 200 85537 "-" "baselinker"
51.77.52.107 - - [20/May/2025:15:18:52 +0200] "GET /Jurek/eurofirany/images/422323/0.jpg HTTP/2.0" 200 99586 "-" "baselinker"
46.101.116.244 - - [20/May/2025:15:19:07 +0200] "GET /Jurek/stema/feeds/stema_alza.xml HTTP/2.0" 200 894531 "-" "-"
51.77.52.107 - - [20/May/2025:15:19:15 +0200] "GET /Jurek/eurofirany/images/422323/0.jpg HTTP/2.0" 200 99586 "-" "baselinker"
46.101.116.244 - - [20/May/2025:15:19:17 +0200] "GET /Jurek/stema/feeds/stema_kaufcz.xml HTTP/2.0" 200 894535 "-" "-"
46.101.116.244 - - [20/May/2025:15:19:28 +0200] "GET /Jurek/stema/feeds/stema_kaufde.xml HTTP/2.0" 200 893813 "-" "-"
51.77.52.107 - - [20/May/2025:15:19:38 +0200] "GET /Jurek/eurofirany/images/422323/0.jpg HTTP/2.0" 200 99586 "-" "baselinker"
193.33.8.61 - - [20/May/2025:15:19:40 +0200] "GET /Filip/janshop_orders/exports/ HTTP/2.0" 401 3550 "-" "Mozilla/5.0 (Macintosh; Intel Mac OS X 10_15_7) AppleWebKit/605.1.15 (KHTML, like Gecko) Version/17.5 Safari/605.1.15"
193.33.8.61 - maria [20/May/2025:15:19:40 +0200] "GET /Filip/janshop_orders/exports/ HTTP/2.0" 200 31555 "-" "Mozilla/5.0 (Macintosh; Intel Mac OS X 10_15_7) AppleWebKit/605.1.15 (KHTML, like Gecko) Version/17.5 Safari/605.1.15"
193.33.8.61 - maria [20/May/2025:15:19:44 +0200] "GET /Filip/janshop_orders/exports/shumee_2025-05-20_15.txt HTTP/2.0" 200 3535 "https://dkkapusta1997.usermd.net/Filip/janshop_orders/exports/" "Mozilla/5.0 (Macintosh; Intel Mac OS X 10_15_7) AppleWebKit/605.1.15 (KHTML, like Gecko) Version/17.5 Safari/605.1.15"
193.33.8.61 - maria [20/May/2025:15:19:46 +0200] "GET /Filip/janshop_orders/exports/great_2025-05-20_15.txt HTTP/2.0" 200 3812 "https://dkkapusta1997.usermd.net/Filip/janshop_orders/exports/" "Mozilla/5.0 (Macintosh; Intel Mac OS X 10_15_7) AppleWebKit/605.1.15 (KHTML, like Gecko) Version/17.5 Safari/605.1.15"
193.33.8.61 - maria [20/May/2025:15:19:47 +0200] "GET /Filip/janshop_orders/exports/extra_2025-05-20_15.txt HTTP/2.0" 200 228 "https://dkkapusta1997.usermd.net/Filip/janshop_orders/exports/" "Mozilla/5.0 (Macintosh; Intel Mac OS X 10_15_7) AppleWebKit/605.1.15 (KHTML, like Gecko) Version/17.5 Safari/605.1.15"
51.77.52.107 - - [20/May/2025:15:19:49 +0200] "GET /Jurek/eurofirany/images/423950/0.jpg HTTP/2.0" 200 0 "-" "baselinker"
51.77.52.107 - - [20/May/2025:15:19:56 +0200] "GET /Jurek/eurofirany/images/423950/0.jpg HTTP/2.0" 200 0 "-" "baselinker"
51.77.52.107 - - [20/May/2025:15:20:02 +0200] "GET /Jurek/eurofirany/images/423950/0.jpg HTTP/2.0" 200 0 "-" "baselinker"
51.77.52.107 - - [20/May/2025:15:20:12 +0200] "GET /Jurek/eurofirany/images/424078/0.jpg HTTP/2.0" 200 106761 "-" "baselinker"
51.77.52.107 - - [20/May/2025:15:20:36 +0200] "GET /Jurek/eurofirany/images/424078/0.jpg HTTP/2.0" 200 106761 "-" "baselinker"
51.77.52.107 - - [20/May/2025:15:20:55 +0200] "GET /Jurek/eurofirany/images/424078/0.jpg HTTP/2.0" 200 106761 "-" "baselinker"
51.77.52.107 - - [20/May/2025:15:21:13 +0200] "GET /Jurek/eurofirany/images/424077/0.jpg HTTP/2.0" 200 80844 "-" "baselinker"
46.101.116.244 - - [20/May/2025:15:21:20 +0200] "GET /Jurek/gimmik/feeds/gimmik_mallsiex.xml HTTP/2.0" 404 3551 "-" "-"
51.77.52.107 - - [20/May/2025:15:21:32 +0200] "GET /Jurek/eurofirany/images/424077/0.jpg HTTP/2.0" 200 80844 "-" "baselinker"
46.101.116.244 - - [20/May/2025:15:21:36 +0200] "GET /Jurek/bimboland/feeds/bimboland_mallsiex.xml HTTP/2.0" 200 2820181 "-" "-"
51.77.52.107 - - [20/May/2025:15:21:57 +0200] "GET /Jurek/eurofirany/images/424077/0.jpg HTTP/2.0" 200 80844 "-" "baselinker"
46.101.116.244 - - [20/May/2025:15:22:09 +0200] "GET /Jurek/activeshop/feeds/activeshop_mallsiex.xml HTTP/2.0" 200 10406981 "-" "-"
85.232.241.194 - - [20/May/2025:15:22:10 +0200] "GET /Jurek/action/feeds/action_ubaldi.xml HTTP/1.1" 200 58390374 "-" "Python-urllib/3.11"
46.101.116.244 - - [20/May/2025:15:22:13 +0200] "GET /Jurek/benbaby/feeds/benbaby_mallsi.xml HTTP/2.0" 200 3576054 "-" "-"
51.77.52.107 - - [20/May/2025:15:22:21 +0200] "GET /Jurek/eurofirany/images/425636/0.jpg HTTP/2.0" 200 130087 "-" "baselinker"
46.101.116.244 - - [20/May/2025:15:22:23 +0200] "GET /Jurek/bass/feeds/bass_mallsi.xml HTTP/2.0" 200 3971875 "-" "-"
85.232.241.194 - - [20/May/2025:15:22:33 +0200] "GET /Jurek/hurtownia_przemyslowa/feeds/hp_ubaldi.xml HTTP/1.1" 200 49361689 "-" "Python-urllib/3.11"
85.232.241.194 - - [20/May/2025:15:22:33 +0200] "GET /Jurek/aw/feeds/aw_ubaldi.xml HTTP/1.1" 200 65278022 "-" "Python-urllib/3.11"
46.101.116.244 - - [20/May/2025:15:22:34 +0200] "GET /Jurek/emibig/feeds/emibig_mallsi.xml HTTP/2.0" 200 2427383 "-" "-"
85.232.241.194 - - [20/May/2025:15:22:44 +0200] "GET /Jurek/intsell/feeds/intsell_rue.xml HTTP/1.1" 200 342009695 "-" "Python-urllib/3.11"
85.232.241.194 - - [20/May/2025:15:22:44 +0200] "GET /Jurek/ekuchcikowo/feeds/ekuchcikowo_rue.xml HTTP/1.1" 200 12471069 "-" "Python-urllib/3.11"
207.46.13.18 - - [20/May/2025:15:22:47 +0200] "GET /Jurek/eurofirany/images/406485/1.jpg HTTP/2.0" 200 57559 "-" "Mozilla/5.0 AppleWebKit/537.36 (KHTML, like Gecko; compatible; bingbot/2.0; +http://www.bing.com/bingbot.htm) Chrome/116.0.1938.76 Safari/537.36"
51.77.52.107 - - [20/May/2025:15:22:49 +0200] "GET /Jurek/eurofirany/images/425636/0.jpg HTTP/2.0" 200 130087 "-" "baselinker"
46.101.116.244 - - [20/May/2025:15:22:57 +0200] "GET /Jurek/b3/feeds/b3_mallsi.xml HTTP/2.0" 200 6524651 "-" "-"
193.33.8.61 - - [20/May/2025:15:23:05 +0200] "GET /Jurek/eany_blc/data.csv HTTP/2.0" 200 85397570 "https://dkkapusta1997.usermd.net/Jurek/eany_blc/" "Mozilla/5.0 (Windows NT 10.0; Win64; x64) AppleWebKit/537.36 (KHTML, like Gecko) Chrome/136.0.0.0 Safari/537.36"
85.232.241.194 - - [20/May/2025:15:23:06 +0200] "GET /Jurek/naszedzieci/feeds/naszedzieci_ubaldi.xml HTTP/1.1" 200 833168061 "-" "Python-urllib/3.11"
85.232.241.194 - - [20/May/2025:15:23:06 +0200] "GET /Jurek/kidshop/feeds/kidshop_ubaldi.xml HTTP/1.1" 200 19850637 "-" "Python-urllib/3.11"
85.232.241.194 - - [20/May/2025:15:23:06 +0200] "GET /Jurek/kobi/feeds/kobi_ubaldi.xml HTTP/1.1" 200 1993096 "-" "Python-urllib/3.11"
85.232.241.194 - - [20/May/2025:15:23:06 +0200] "GET /Jurek/najtanszysport/feeds/najtanszysport_ubaldi.xml HTTP/1.1" 200 3983248 "-" "Python-urllib/3.11"
85.232.241.194 - - [20/May/2025:15:23:06 +0200] "GET /Jurek/luxma/feeds/luxma_ubaldi.xml HTTP/1.1" 200 8058615 "-" "Python-urllib/3.11"
85.232.241.194 - - [20/May/2025:15:23:07 +0200] "GET /Jurek/kristronik/feeds/kristronik_ubaldi.xml HTTP/1.1" 200 691980 "-" "Python-urllib/3.11"
46.101.116.244 - - [20/May/2025:15:23:09 +0200] "GET /Jurek/action/feeds/action_mallsi.xml HTTP/2.0" 200 58389717 "-" "-"
85.232.241.194 - - [20/May/2025:15:23:12 +0200] "GET /Jurek/rider/feeds/rider_ubaldi.xml HTTP/1.1" 200 8165152 "-" "Python-urllib/3.11"
85.232.241.194 - - [20/May/2025:15:23:12 +0200] "GET /Jurek/broers/feeds/broers_ubaldi.xml HTTP/1.1" 200 1982599 "-" "Python-urllib/3.11"
85.232.241.194 - - [20/May/2025:15:23:12 +0200] "GET /Jurek/straganbiur/feeds/straganbiur_ubaldi.xml HTTP/1.1" 200 8893049 "-" "Python-urllib/3.11"
85.232.241.194 - - [20/May/2025:15:23:12 +0200] "GET /Jurek/b3/feeds/b3_ubaldi.xml HTTP/1.1" 200 8079552 "-" "Python-urllib/3.11"
85.232.241.194 - - [20/May/2025:15:23:12 +0200] "GET /Jurek/kinghoff/feeds/kinghoff_ubaldi.xml HTTP/1.1" 200 15604881 "-" "Python-urllib/3.11"
85.232.241.194 - - [20/May/2025:15:23:12 +0200] "GET /Jurek/topeshop/feeds/topeshop_ubaldi.xml HTTP/1.1" 200 2988400 "-" "Python-urllib/3.11"
85.232.241.194 - - [20/May/2025:15:23:12 +0200] "GET /Jurek/sempler/feeds/sempler_ubaldi.xml HTTP/1.1" 200 6787948 "-" "Python-urllib/3.11"
85.232.241.194 - - [20/May/2025:15:23:13 +0200] "GET /Jurek/asortymenteu/feeds/asortymenteu_ubaldi.xml HTTP/1.1" 200 2858223 "-" "Python-urllib/3.11"
51.77.52.107 - - [20/May/2025:15:23:16 +0200] "GET /Jurek/eurofirany/images/425636/0.jpg HTTP/2.0" 200 130087 "-" "baselinker"
85.232.241.194 - - [20/May/2025:15:23:18 +0200] "GET /Jurek/hlo/feeds/hlo_ubaldi.xml HTTP/1.1" 200 4837703 "-" "Python-urllib/3.11"
85.232.241.194 - - [20/May/2025:15:23:18 +0200] "GET /Jurek/elavia/feeds/elavia_ubaldi.xml HTTP/1.1" 200 2497291 "-" "Python-urllib/3.11"
85.232.241.194 - - [20/May/2025:15:23:18 +0200] "GET /Jurek/cdata/feeds/cdata_ubaldi.xml HTTP/1.1" 200 1445142 "-" "Python-urllib/3.11"
85.232.241.194 - - [20/May/2025:15:23:18 +0200] "GET /Jurek/cenoman/feeds/cenoman_ubaldi.xml HTTP/1.1" 200 5993098 "-" "Python-urllib/3.11"
85.232.241.194 - - [20/May/2025:15:23:18 +0200] "GET /Jurek/kamar/feeds/kamar_ubaldi.xml HTTP/1.1" 200 25550227 "-" "Python-urllib/3.11"
85.232.241.194 - - [20/May/2025:15:23:18 +0200] "GET /Jurek/avenido/feeds/avenido_ubaldi.xml HTTP/1.1" 200 720112 "-" "Python-urllib/3.11"
85.232.241.194 - - [20/May/2025:15:23:19 +0200] "GET /Jurek/zenex/feeds/zenex_ubaldi.xml HTTP/1.1" 200 540170 "-" "Python-urllib/3.11"
85.232.241.194 - - [20/May/2025:15:23:19 +0200] "GET /Jurek/makow/feeds/makow_ubaldi.xml HTTP/1.1" 200 21203595 "-" "Python-urllib/3.11"
85.232.241.194 - - [20/May/2025:15:23:24 +0200] "GET /Jurek/apresto/feeds/apresto_ubaldi.xml HTTP/1.1" 200 1327679 "-" "Python-urllib/3.11"
85.232.241.194 - - [20/May/2025:15:23:25 +0200] "GET /Jurek/carbonyway/feeds/carbonyway_ubaldi.xml HTTP/1.1" 200 3075921 "-" "Python-urllib/3.11"
46.101.116.244 - - [20/May/2025:15:23:25 +0200] "GET /Jurek/aw/feeds/awnarzedzia_mallsiex.xml HTTP/2.0" 200 65276158 "-" "-"
85.232.241.194 - - [20/May/2025:15:23:29 +0200] "GET /Jurek/awparts/feeds/awparts_ubaldi.xml HTTP/1.1" 200 142300481 "-" "Python-urllib/3.11"
85.232.241.194 - - [20/May/2025:15:23:29 +0200] "GET /Jurek/kalama/feeds/kalama_ubaldi.xml HTTP/1.1" 200 2661775 "-" "Python-urllib/3.11"
85.232.241.194 - - [20/May/2025:15:23:29 +0200] "GET /Jurek/bloomglow/feeds/bloomglow_ubaldi.xml HTTP/1.1" 200 14095405 "-" "Python-urllib/3.11"
85.232.241.194 - - [20/May/2025:15:23:30 +0200] "GET /Jurek/zbimatyja/feeds/zbimatyja_ubaldi.xml HTTP/1.1" 200 11670154 "-" "Python-urllib/3.11"
51.77.52.107 - - [20/May/2025:15:23:31 +0200] "GET /Jurek/eurofirany/images/428730/0.jpg HTTP/2.0" 200 80768 "-" "baselinker"
46.101.116.244 - - [20/May/2025:15:23:41 +0200] "GET /Jurek/eurofirany/feeds/eurofirany_mall_si_extrastore.xml HTTP/2.0" 200 18808457 "-" "-"
46.101.116.244 - - [20/May/2025:15:23:53 +0200] "GET /Jurek/fernity/feeds/fernity_mallslex.xml HTTP/2.0" 200 4719298 "-" "-"
51.77.52.107 - - [20/May/2025:15:23:55 +0200] "GET /Jurek/eurofirany/images/428730/0.jpg HTTP/2.0" 200 80768 "-" "baselinker"
46.101.116.244 - - [20/May/2025:15:24:04 +0200] "GET /Jurek/homla/feeds/homla_mallslex.xml HTTP/2.0" 404 3551 "-" "-"
85.232.241.194 - - [20/May/2025:15:24:13 +0200] "GET /Jurek/aw/feeds/aw_worten.xml HTTP/1.1" 200 65276548 "-" "Python-urllib/3.11"
85.232.241.194 - - [20/May/2025:15:24:14 +0200] "GET /Jurek/aw/feeds/aw_wortenES.xml HTTP/1.1" 200 65276664 "-" "Python-urllib/3.11"
85.232.241.194 - - [20/May/2025:15:24:14 +0200] "GET /Jurek/action/feeds/action_worten.xml HTTP/1.1" 200 58390980 "-" "Python-urllib/3.11"
46.101.116.244 - - [20/May/2025:15:24:15 +0200] "GET /Jurek/hurtownia_przemyslowa/feeds/hp_mallsi.xml HTTP/2.0" 200 49361571 "-" "-"
51.77.52.107 - - [20/May/2025:15:24:18 +0200] "GET /Jurek/eurofirany/images/428730/0.jpg HTTP/2.0" 200 80768 "-" "baselinker"
85.232.241.194 - - [20/May/2025:15:24:19 +0200] "GET /Jurek/action/feeds/action_wortenES.xml HTTP/1.1" 200 58389113 "-" "Python-urllib/3.11"
85.232.241.194 - - [20/May/2025:15:24:24 +0200] "GET /Jurek/tsjerzy/feeds/tsjerzy_ubaldi.xml HTTP/1.1" 200 3897754 "-" "Python-urllib/3.11"
46.101.116.244 - - [20/May/2025:15:24:28 +0200] "GET /Jurek/ikonka/feeds/ikonka_mallsiex.xml HTTP/2.0" 200 20886346 "-" "-"
85.232.241.194 - - [20/May/2025:15:24:32 +0200] "GET /Jurek/velinda/feeds/velinda_ubaldi.xml HTTP/1.1" 200 23437 "-" "Python-urllib/3.11"
85.232.241.194 - - [20/May/2025:15:24:36 +0200] "GET /Jurek/elecomp/feeds/elecomp_ubaldi.xml HTTP/1.1" 200 2867718 "-" "Python-urllib/3.11"
85.232.241.194 - - [20/May/2025:15:24:36 +0200] "GET /Jurek/oromed/feeds/oromed_ubaldi.xml HTTP/1.1" 200 1244865 "-" "Python-urllib/3.11"
51.77.52.107 - - [20/May/2025:15:24:39 +0200] "GET /Jurek/eurofirany/images/428731/0.jpg HTTP/2.0" 200 101606 "-" "baselinker"
46.101.116.244 - - [20/May/2025:15:24:39 +0200] "GET /Jurek/kinghoff/feeds/kinghoff_mallslex.xml HTTP/2.0" 200 15605017 "-" "-"
51.77.52.107 - - [20/May/2025:15:25:00 +0200] "GET /Jurek/eurofirany/images/428731/0.jpg HTTP/2.0" 200 101606 "-" "baselinker"
46.101.116.244 - - [20/May/2025:15:25:21 +0200] "GET /Jurek/stema/feeds/stema_mallslex.xml HTTP/2.0" 200 893937 "-" "-"
51.77.52.107 - - [20/May/2025:15:25:23 +0200] "GET /Jurek/eurofirany/images/428731/0.jpg HTTP/2.0" 200 101606 "-" "baselinker"
85.232.241.194 - - [20/May/2025:15:25:25 +0200] "GET /Jurek/octopia/feeds/octopia_worten.xml HTTP/1.1" 200 10105104 "-" "Python-urllib/3.11"
85.232.241.194 - - [20/May/2025:15:25:25 +0200] "GET /Jurek/octopia/feeds/octopia_wortenES.xml HTTP/1.1" 200 10105092 "-" "Python-urllib/3.11"
46.101.116.244 - - [20/May/2025:15:25:32 +0200] "GET /Jurek/unimet/feeds/unimet_mallsiex.xml HTTP/2.0" 200 61151195 "-" "-"
51.77.52.107 - - [20/May/2025:15:25:41 +0200] "GET /Jurek/eurofirany/images/428732/0.jpg HTTP/2.0" 200 101564 "-" "baselinker"
46.101.116.244 - - [20/May/2025:15:25:54 +0200] "GET /Jurek/andex/feeds/andex_mallslex.xml HTTP/2.0" 200 1953391 "-" "-"
51.77.52.107 - - [20/May/2025:15:26:02 +0200] "GET /Jurek/eurofirany/images/428732/0.jpg HTTP/2.0" 200 101564 "-" "baselinker"
46.101.116.244 - - [20/May/2025:15:26:04 +0200] "GET /Jurek/barbecook/feeds/barbecook_mallslex.xml HTTP/2.0" 200 87532 "-" "-"
85.232.241.194 - - [20/May/2025:15:26:10 +0200] "GET /Jurek/topeshop/feeds/topeshop_xxxlutz.xml HTTP/1.1" 200 2988296 "-" "Python-urllib/3.11"
85.232.241.194 - - [20/May/2025:15:26:14 +0200] "GET /Jurek/hurtownia_przemyslowa/feeds/hp_xxxlutz.xml HTTP/1.1" 200 49361356 "-" "Python-urllib/3.11"
85.232.241.194 - - [20/May/2025:15:26:14 +0200] "GET /Jurek/fernity/feeds/fernity_xxxlutz.xml HTTP/1.1" 200 4719344 "-" "Python-urllib/3.11"
46.101.116.244 - - [20/May/2025:15:26:14 +0200] "GET /Jurek/beliani/feeds/beliani_si_mallsiex.xml HTTP/2.0" 200 30681397 "-" "-"
85.232.241.194 - - [20/May/2025:15:26:15 +0200] "GET /Jurek/benetech/feeds/benetech_xxlutz.xml HTTP/1.1" 200 4165358 "-" "Python-urllib/3.11"
85.232.241.194 - - [20/May/2025:15:26:15 +0200] "GET /Jurek/ekolight/feeds/ekolioght_xxlutz.xml HTTP/1.1" 200 9052775 "-" "Python-urllib/3.11"
85.232.241.194 - - [20/May/2025:15:26:15 +0200] "GET /Jurek/waks/feeds/waks_xxlutz.xml HTTP/1.1" 200 1596552 "-" "Python-urllib/3.11"
85.232.241.194 - - [20/May/2025:15:26:20 +0200] "GET /Jurek/ekuchcikowo/feeds/ekuchcikowo_xxxlutz.xml HTTP/1.1" 200 12471016 "-" "Python-urllib/3.11"
85.232.241.194 - - [20/May/2025:15:26:20 +0200] "GET /Jurek/fertone/feeds/fertone_xxlutz.xml HTTP/1.1" 200 583885 "-" "Python-urllib/3.11"
85.232.241.194 - - [20/May/2025:15:26:20 +0200] "GET /Jurek/ikonka/feeds/ikonka_worten.xml HTTP/1.1" 200 20886347 "-" "Python-urllib/3.11"
85.232.241.194 - - [20/May/2025:15:26:20 +0200] "GET /Jurek/ikonka/feeds/ikonka_wortenES.xml HTTP/1.1" 200 20886338 "-" "Python-urllib/3.11"
51.77.52.107 - - [20/May/2025:15:26:26 +0200] "GET /Jurek/eurofirany/images/428732/0.jpg HTTP/2.0" 200 101564 "-" "baselinker"
85.232.241.194 - - [20/May/2025:15:26:27 +0200] "GET /Jurek/intsell/feeds/intsell_xxxlutz.xml HTTP/1.1" 200 342006527 "-" "Python-urllib/3.11"
46.101.116.244 - - [20/May/2025:15:26:27 +0200] "GET /Jurek/chemex/feeds/chemex_mallsiex.xml HTTP/2.0" 200 47810433 "-" "-"
85.232.241.194 - - [20/May/2025:15:26:32 +0200] "GET /Jurek/action/feeds/action_xxxlutz.xml HTTP/1.1" 200 58388934 "-" "Python-urllib/3.11"
85.232.241.194 - - [20/May/2025:15:26:32 +0200] "GET /Jurek/b3/feeds/b3_xxxlutz.xml HTTP/1.1" 200 8080386 "-" "Python-urllib/3.11"
85.232.241.194 - - [20/May/2025:15:26:33 +0200] "GET /Jurek/aw/feeds/aw_xxxlutz.xml HTTP/1.1" 200 65276527 "-" "Python-urllib/3.11"
46.101.116.244 - - [20/May/2025:15:26:40 +0200] "GET /Jurek/duka/feeds/duka_mallslex.xml HTTP/2.0" 200 57 "-" "-"
85.232.241.194 - - [20/May/2025:15:26:45 +0200] "GET /Jurek/intsell/feeds/intsell_worten.xml HTTP/1.1" 200 342009117 "-" "Python-urllib/3.11"
46.101.116.244 - - [20/May/2025:15:26:50 +0200] "GET /Jurek/flhf/feeds/flhf_mallsiex.xml HTTP/2.0" 404 3551 "-" "-"
51.77.52.107 - - [20/May/2025:15:26:53 +0200] "GET /Jurek/eurofirany/images/432127/0.jpg HTTP/2.0" 200 68100 "-" "baselinker"
85.232.241.194 - - [20/May/2025:15:26:56 +0200] "GET /Jurek/intsell/feeds/intsell_wortenES.xml HTTP/1.1" 200 342009848 "-" "Python-urllib/3.11"
46.101.116.244 - - [20/May/2025:15:27:00 +0200] "GET /Jurek/kinghome/feeds/kinghome_mallslex.xml HTTP/2.0" 200 6204953 "-" "-"
85.232.241.194 - - [20/May/2025:15:27:02 +0200] "GET /Jurek/kinghome/feeds/kinghome_xxxlutz.xml HTTP/1.1" 200 6225764 "-" "Python-urllib/3.11"
85.232.241.194 - - [20/May/2025:15:27:02 +0200] "GET /Jurek/b3/feeds/b3_worten.xml HTTP/1.1" 200 8079452 "-" "Python-urllib/3.11"
85.232.241.194 - - [20/May/2025:15:27:02 +0200] "GET /Jurek/b3/feeds/b3_wortenES.xml HTTP/1.1" 200 8079509 "-" "Python-urllib/3.11"
85.232.241.194 - - [20/May/2025:15:27:02 +0200] "GET /Jurek/ekuchcikowo/feeds/ekuchcikowo_worten.xml HTTP/1.1" 200 12470941 "-" "Python-urllib/3.11"
85.232.241.194 - - [20/May/2025:15:27:06 +0200] "GET /Jurek/ekuchcikowo/feeds/ekuchcikowo_wortenES.xml HTTP/1.1" 200 12471046 "-" "Python-urllib/3.11"
85.232.241.194 - - [20/May/2025:15:27:06 +0200] "GET /Jurek/fertone/feeds/fertone_worten.xml HTTP/1.1" 200 583774 "-" "Python-urllib/3.11"
85.232.241.194 - - [20/May/2025:15:27:07 +0200] "GET /Jurek/fertone/feeds/fertone_wortenES.xml HTTP/1.1" 200 583900 "-" "Python-urllib/3.11"
85.232.241.194 - - [20/May/2025:15:27:07 +0200] "GET /Jurek/sempler/feeds/sempler_worten.xml HTTP/1.1" 200 6787967 "-" "Python-urllib/3.11"
46.101.116.244 - - [20/May/2025:15:27:11 +0200] "GET /Jurek/kinghome/feeds/kinghome_mallslex.xml HTTP/2.0" 200 6204953 "-" "-"
85.232.241.194 - - [20/May/2025:15:27:12 +0200] "GET /Jurek/sempler/feeds/sempler_wortenES.xml HTTP/1.1" 200 6787983 "-" "Python-urllib/3.11"
85.232.241.194 - - [20/May/2025:15:27:12 +0200] "GET /Jurek/euroshop/feeds/euroshop_worten.xml HTTP/1.1" 200 20025446 "-" "Python-urllib/3.11"
85.232.241.194 - - [20/May/2025:15:27:13 +0200] "GET /Jurek/euroshop/feeds/euroshop_wortenES.xml HTTP/1.1" 200 20025567 "-" "Python-urllib/3.11"
85.232.241.194 - - [20/May/2025:15:27:13 +0200] "GET /Jurek/najtanszysport/feeds/najtanszysport_xxxlutz.xml HTTP/1.1" 200 3982985 "-" "Python-urllib/3.11"
85.232.241.194 - - [20/May/2025:15:27:13 +0200] "GET /Jurek/ekolight/feeds/ekolight_worten.xml HTTP/1.1" 200 9053021 "-" "Python-urllib/3.11"
85.232.241.194 - - [20/May/2025:15:27:13 +0200] "GET /Jurek/ekolight/feeds/ekolight_wortenES.xml HTTP/1.1" 200 9053195 "-" "Python-urllib/3.11"
85.232.241.194 - - [20/May/2025:15:27:13 +0200] "GET /Jurek/kinghoff/feeds/kinghoff_xxxlutz.xml HTTP/1.1" 200 15604968 "-" "Python-urllib/3.11"
85.232.241.194 - - [20/May/2025:15:27:13 +0200] "GET /Jurek/erohurtownia/feeds/erohurtownia_worten.xml HTTP/1.1" 200 22846461 "-" "Python-urllib/3.11"
85.232.241.194 - - [20/May/2025:15:27:13 +0200] "GET /Jurek/erohurtownia/feeds/erohurtownia_wortenES.xml HTTP/1.1" 200 22846549 "-" "Python-urllib/3.11"
85.232.241.194 - - [20/May/2025:15:27:17 +0200] "GET /Jurek/asortymenteu/feeds/asortymenteu_xxxlutz.xml HTTP/1.1" 200 2858209 "-" "Python-urllib/3.11"
85.232.241.194 - - [20/May/2025:15:27:17 +0200] "GET /Jurek/elecomp/feeds/elecomp_worten.xml HTTP/1.1" 200 2867716 "-" "Python-urllib/3.11"
85.232.241.194 - - [20/May/2025:15:27:17 +0200] "GET /Jurek/elecomp/feeds/elecomp_wortenES.xml HTTP/1.1" 200 2867766 "-" "Python-urllib/3.11"
85.232.241.194 - - [20/May/2025:15:27:17 +0200] "GET /Jurek/kambukka/feeds/kambukka_worten.xml HTTP/1.1" 200 1023461 "-" "Python-urllib/3.11"
85.232.241.194 - - [20/May/2025:15:27:21 +0200] "GET /Jurek/kambukka/feeds/kambukka_wortenES.xml HTTP/1.1" 200 1023302 "-" "Python-urllib/3.11"
85.232.241.194 - - [20/May/2025:15:27:22 +0200] "GET /Jurek/waks/feeds/waks_worten.xml HTTP/1.1" 200 1596552 "-" "Python-urllib/3.11"
85.232.241.194 - - [20/May/2025:15:27:22 +0200] "GET /Jurek/waks/feeds/waks_wortenES.xml HTTP/1.1" 200 1596552 "-" "Python-urllib/3.11"
85.232.241.194 - - [20/May/2025:15:27:22 +0200] "GET /Jurek/oromed/feeds/oromed_worten.xml HTTP/1.1" 200 1244874 "-" "Python-urllib/3.11"
85.232.241.194 - - [20/May/2025:15:27:22 +0200] "GET /Jurek/kidshop/feeds/kidshop_xxxlutz.xml HTTP/1.1" 200 19850677 "-" "Python-urllib/3.11"
85.232.241.194 - - [20/May/2025:15:27:22 +0200] "GET /Jurek/oromed/feeds/oromed_wortenES.xml HTTP/1.1" 200 1244877 "-" "Python-urllib/3.11"
46.101.116.244 - - [20/May/2025:15:27:22 +0200] "GET /Jurek/hurtownia_przemyslowa/feeds/hp_cdiscount.xml HTTP/1.0" 200 36714308 "-" "-"
85.232.241.194 - - [20/May/2025:15:27:22 +0200] "GET /Jurek/benetech/feeds/benetech_worten.xml HTTP/1.1" 200 4165424 "-" "Python-urllib/3.11"
85.232.241.194 - - [20/May/2025:15:27:22 +0200] "GET /Jurek/benetech/feeds/benetech_wortenES.xml HTTP/1.1" 200 4165430 "-" "Python-urllib/3.11"
85.232.241.194 - - [20/May/2025:15:27:22 +0200] "GET /Jurek/spali/feeds/spali_worten.xml HTTP/1.1" 200 77055 "-" "Python-urllib/3.11"
85.232.241.194 - - [20/May/2025:15:27:22 +0200] "GET /Jurek/spali/feeds/spali_wortenES.xml HTTP/1.1" 200 77058 "-" "Python-urllib/3.11"
46.101.116.244 - - [20/May/2025:15:27:22 +0200] "GET /Jurek/rovicky/feeds/rovicky_mallsiex.xml HTTP/2.0" 200 14548632 "-" "-"
85.232.241.194 - - [20/May/2025:15:27:22 +0200] "GET /Jurek/najtanszysport/feeds/najtanszysport_worten.xml HTTP/1.1" 200 3983086 "-" "Python-urllib/3.11"
51.77.52.107 - - [20/May/2025:15:27:23 +0200] "GET /Jurek/eurofirany/images/432127/0.jpg HTTP/2.0" 200 68100 "-" "baselinker"
85.232.241.194 - - [20/May/2025:15:27:26 +0200] "GET /Jurek/najtanszysport/feeds/najtanszysport_wortenES.xml HTTP/1.1" 200 3983128 "-" "Python-urllib/3.11"
85.232.241.194 - - [20/May/2025:15:27:27 +0200] "GET /Jurek/maksik/feeds/maksik_worten.xml HTTP/1.1" 200 4084736 "-" "Python-urllib/3.11"
85.232.241.194 - - [20/May/2025:15:27:27 +0200] "GET /Jurek/maksik/feeds/maksik_wortenES.xml HTTP/1.1" 200 4084780 "-" "Python-urllib/3.11"
85.232.241.194 - - [20/May/2025:15:27:27 +0200] "GET /Jurek/urwiskowo/feeds/urwiskowo_worten.xml HTTP/1.1" 200 9114957 "-" "Python-urllib/3.11"
85.232.241.194 - - [20/May/2025:15:27:27 +0200] "GET /Jurek/urwiskowo/feeds/urwiskowo_wortenES.xml HTTP/1.1" 200 9113945 "-" "Python-urllib/3.11"
85.232.241.194 - - [20/May/2025:15:27:27 +0200] "GET /Jurek/combine/feeds/combine_worten.xml HTTP/1.1" 200 210556 "-" "Python-urllib/3.11"
85.232.241.194 - - [20/May/2025:15:27:27 +0200] "GET /Jurek/combine/feeds/combine_wortenES.xml HTTP/1.1" 200 210556 "-" "Python-urllib/3.11"
46.101.116.244 - - [20/May/2025:15:27:33 +0200] "GET /Jurek/vivaldi/feeds/vivaldi_Mall-slex.xml HTTP/2.0" 200 344661 "-" "-"
85.232.241.194 - - [20/May/2025:15:27:38 +0200] "GET /Jurek/eurofirany/feeds/eurofirany_worten.xml HTTP/1.1" 200 18808828 "-" "Python-urllib/3.11"
85.232.241.194 - - [20/May/2025:15:27:38 +0200] "GET /Jurek/eurofirany/feeds/eurofirany_wortenES.xml HTTP/1.1" 200 18808864 "-" "Python-urllib/3.11"
85.232.241.194 - - [20/May/2025:15:27:38 +0200] "GET /Jurek/naszedzieci/feeds/naszedzieci_xxxlutz.xml HTTP/1.1" 200 833165963 "-" "Python-urllib/3.11"
85.232.241.194 - - [20/May/2025:15:27:38 +0200] "GET /Jurek/hanex/feeds/hanex_xxxlutz.xml HTTP/1.1" 200 13931564 "-" "Python-urllib/3.11"
51.77.52.107 - - [20/May/2025:15:27:39 +0200] "GET /Jurek/eurofirany/images/432127/0.jpg HTTP/2.0" 200 68100 "-" "baselinker"
85.232.241.194 - - [20/May/2025:15:27:43 +0200] "GET /Jurek/roger/feeds/roger_xxxlutz.xml HTTP/1.1" 200 1396512 "-" "Python-urllib/3.11"
85.232.241.194 - - [20/May/2025:15:27:43 +0200] "GET /Jurek/matkam/feeds/matkam_xxxlutz.xml HTTP/1.1" 200 5000246 "-" "Python-urllib/3.11"
85.232.241.194 - - [20/May/2025:15:27:43 +0200] "GET /Jurek/broers/feeds/broers_xxxlutz.xml HTTP/1.1" 200 1982532 "-" "Python-urllib/3.11"
85.232.241.194 - - [20/May/2025:15:27:43 +0200] "GET /Jurek/smxdesign/feeds/smxdesign_xxxlutz.xml HTTP/1.1" 200 1829030 "-" "Python-urllib/3.11"
85.232.241.194 - - [20/May/2025:15:27:43 +0200] "GET /Jurek/kamar/feeds/kamar_xxxlutz.xml HTTP/1.1" 200 25550028 "-" "Python-urllib/3.11"
85.232.241.194 - - [20/May/2025:15:27:48 +0200] "GET /Jurek/awparts/feeds/awparts_xxxlutz.xml HTTP/1.1" 200 142297279 "-" "Python-urllib/3.11"
85.232.241.194 - - [20/May/2025:15:27:48 +0200] "GET /Jurek/cenoman/feeds/cenoman_xxxlutz.xml HTTP/1.1" 200 5993220 "-" "Python-urllib/3.11"
85.232.241.194 - - [20/May/2025:15:27:48 +0200] "GET /Jurek/makow/feeds/makow_xxxlutz.xml HTTP/1.1" 200 21203612 "-" "Python-urllib/3.11"
85.232.241.194 - - [20/May/2025:15:27:48 +0200] "GET /Jurek/kidshop/feeds/kidshop_worten.xml HTTP/1.1" 200 19850620 "-" "Python-urllib/3.11"
85.232.241.194 - - [20/May/2025:15:27:48 +0200] "GET /Jurek/apresto/feeds/apresto_xxxlutz.xml HTTP/1.1" 200 1327643 "-" "Python-urllib/3.11"
85.232.241.194 - - [20/May/2025:15:27:48 +0200] "GET /Jurek/kidshop/feeds/kidshop_wortenES.xml HTTP/1.1" 200 19850677 "-" "Python-urllib/3.11"
85.232.241.194 - - [20/May/2025:15:27:48 +0200] "GET /Jurek/rider/feeds/rider_worten.xml HTTP/1.1" 200 8165146 "-" "Python-urllib/3.11"
85.232.241.194 - - [20/May/2025:15:27:48 +0200] "GET /Jurek/rider/feeds/rider_wortenES.xml HTTP/1.1" 200 8165128 "-" "Python-urllib/3.11"
46.101.116.244 - - [20/May/2025:15:27:50 +0200] "GET /Jurek/eurofirany/feeds/eurofirany_erli.xml HTTP/1.0" 200 18811275 "-" "-"
85.232.241.194 - - [20/May/2025:15:27:53 +0200] "GET /Jurek/stiv/feeds/stiv_xxlutz.xml HTTP/1.1" 200 2056786 "-" "Python-urllib/3.11"
51.77.52.107 - - [20/May/2025:15:27:59 +0200] "GET /Jurek/eurofirany/images/434699/0.jpg HTTP/2.0" 200 61509 "-" "baselinker"
85.232.241.194 - - [20/May/2025:15:28:08 +0200] "GET /Jurek/aw/feeds/aw_rue.xml HTTP/1.1" 200 65278157 "-" "Python-urllib/3.11"
85.232.241.194 - - [20/May/2025:15:28:13 +0200] "GET /Jurek/hurtownia_przemyslowa/feeds/hp_rue.xml HTTP/1.1" 200 49361625 "-" "Python-urllib/3.11"
85.232.241.194 - - [20/May/2025:15:28:13 +0200] "GET /Jurek/action/feeds/action_rue.xml HTTP/1.1" 200 58390437 "-" "Python-urllib/3.11"
51.77.52.107 - - [20/May/2025:15:28:18 +0200] "GET /Jurek/eurofirany/images/434699/0.jpg HTTP/2.0" 200 61509 "-" "baselinker"
85.232.241.194 - - [20/May/2025:15:28:23 +0200] "GET /Jurek/luxma/feeds/luxma_worten.xml HTTP/1.1" 200 8058627 "-" "Python-urllib/3.11"
85.232.241.194 - - [20/May/2025:15:28:23 +0200] "GET /Jurek/luxma/feeds/luxma_wortenES.xml HTTP/1.1" 200 8058570 "-" "Python-urllib/3.11"
85.232.241.194 - - [20/May/2025:15:28:38 +0200] "GET /Jurek/naszedzieci/feeds/naszedzieci_worten.xml HTTP/1.1" 200 833169214 "-" "Python-urllib/3.11"
51.77.52.107 - - [20/May/2025:15:28:42 +0200] "GET /Jurek/eurofirany/images/434699/0.jpg HTTP/2.0" 200 61509 "-" "baselinker"
85.232.241.194 - - [20/May/2025:15:28:58 +0200] "GET /Jurek/naszedzieci/feeds/naszedzieci_wortenES.xml HTTP/1.1" 200 833170182 "-" "Python-urllib/3.11"
85.232.241.194 - - [20/May/2025:15:28:58 +0200] "GET /Jurek/ikonka/feeds/ikonka_rue.xml HTTP/1.1" 200 20886325 "-" "Python-urllib/3.11"
85.232.241.194 - - [20/May/2025:15:28:59 +0200] "GET /Jurek/kinghome/feeds/kinghome_rue.xml HTTP/1.1" 200 6225802 "-" "Python-urllib/3.11"
85.232.241.194 - - [20/May/2025:15:28:59 +0200] "GET /Jurek/fernity/feeds/fernity_rue.xml HTTP/1.1" 200 4719490 "-" "Python-urllib/3.11"
85.232.241.194 - - [20/May/2025:15:28:59 +0200] "GET /Jurek/awparts/feeds/awparts_worten.xml HTTP/1.1" 200 142301462 "-" "Python-urllib/3.11"
51.77.52.107 - - [20/May/2025:15:29:03 +0200] "GET /Jurek/eurofirany/images/434700/0.jpg HTTP/2.0" 200 61509 "-" "baselinker"
85.232.241.194 - - [20/May/2025:15:29:03 +0200] "GET /Jurek/topeshop/feeds/topeshop_rue.xml HTTP/1.1" 200 2988417 "-" "Python-urllib/3.11"
85.232.241.194 - - [20/May/2025:15:29:03 +0200] "GET /Jurek/awparts/feeds/awparts_wortenES.xml HTTP/1.1" 200 142303636 "-" "Python-urllib/3.11"
85.232.241.194 - - [20/May/2025:15:29:03 +0200] "GET /Jurek/straganspoz/feeds/straganspoz_worten.xml HTTP/1.1" 200 9513967 "-" "Python-urllib/3.11"
85.232.241.194 - - [20/May/2025:15:29:04 +0200] "GET /Jurek/straganspoz/feeds/straganspoz_wortenES.xml HTTP/1.1" 200 9514325 "-" "Python-urllib/3.11"
85.232.241.194 - - [20/May/2025:15:29:04 +0200] "GET /Jurek/straganbiur/feeds/straganbiur_worten.xml HTTP/1.1" 200 8893033 "-" "Python-urllib/3.11"
85.232.241.194 - - [20/May/2025:15:29:04 +0200] "GET /Jurek/straganbiur/feeds/straganbiur_wortenES.xml HTTP/1.1" 200 8893004 "-" "Python-urllib/3.11"
85.232.241.194 - - [20/May/2025:15:29:08 +0200] "GET /Jurek/elavia/feeds/elavia_worten.xml HTTP/1.1" 200 2497282 "-" "Python-urllib/3.11"
85.232.241.194 - - [20/May/2025:15:29:08 +0200] "GET /Jurek/elavia/feeds/elavia_wortenES.xml HTTP/1.1" 200 2497279 "-" "Python-urllib/3.11"
85.232.241.194 - - [20/May/2025:15:29:13 +0200] "GET /Jurek/kinghoff/feeds/kinghoff_rue.xml HTTP/1.1" 200 15604904 "-" "Python-urllib/3.11"
85.232.241.194 - - [20/May/2025:15:29:13 +0200] "GET /Jurek/emibig/feeds/emibig_rue.xml HTTP/1.1" 200 2522446 "-" "Python-urllib/3.11"
85.232.241.194 - - [20/May/2025:15:29:13 +0200] "GET /Jurek/eurofirany/feeds/eurofirany_rue.xml HTTP/1.1" 200 18808892 "-" "Python-urllib/3.11"
85.232.241.194 - - [20/May/2025:15:29:13 +0200] "GET /Jurek/amzteam/feeds/amzteam_rue.xml HTTP/1.1" 200 97868 "-" "Python-urllib/3.11"
85.232.241.194 - - [20/May/2025:15:29:14 +0200] "GET /Jurek/kambukka/feeds/kambukka_rue.xml HTTP/1.1" 200 1023460 "-" "Python-urllib/3.11"
85.232.241.194 - - [20/May/2025:15:29:14 +0200] "GET /Jurek/benetech/feeds/benetech_RUE.xml HTTP/1.1" 200 4165409 "-" "Python-urllib/3.11"
85.232.241.194 - - [20/May/2025:15:29:14 +0200] "GET /Jurek/swiatecznygoliat/feeds/swiatecznygoliat_RUE.xml HTTP/1.1" 200 7054498 "-" "Python-urllib/3.11"
85.232.241.194 - - [20/May/2025:15:29:19 +0200] "GET /Jurek/artdog/feeds/artdog_RUE.xml HTTP/1.1" 200 17157693 "-" "Python-urllib/3.11"
85.232.241.194 - - [20/May/2025:15:29:19 +0200] "GET /Jurek/hdwr/feeds/hdwr_RUE.xml HTTP/1.1" 200 789436 "-" "Python-urllib/3.11"
85.232.241.194 - - [20/May/2025:15:29:19 +0200] "GET /Jurek/sempler/feeds/sempler_rue.xml HTTP/1.1" 200 6787965 "-" "Python-urllib/3.11"
85.232.241.194 - - [20/May/2025:15:29:19 +0200] "GET /Jurek/waks/feeds/waks_RUE.xml HTTP/1.1" 200 1596552 "-" "Python-urllib/3.11"
85.232.241.194 - - [20/May/2025:15:29:19 +0200] "GET /Jurek/oromed/feeds/oromed_rue.xml HTTP/1.1" 200 1244857 "-" "Python-urllib/3.11"
85.232.241.194 - - [20/May/2025:15:29:19 +0200] "GET /Jurek/ekuchcikowo/feeds/ekuchcikowo_rue.xml HTTP/1.1" 200 12471069 "-" "Python-urllib/3.11"
85.232.241.194 - - [20/May/2025:15:29:20 +0200] "GET /Jurek/ekolight/feeds/ekolight_rue.xml HTTP/1.1" 200 9052746 "-" "Python-urllib/3.11"
85.232.241.194 - - [20/May/2025:15:29:20 +0200] "GET /Jurek/euroshop/feeds/euroshop_rue.xml HTTP/1.1" 200 20025436 "-" "Python-urllib/3.11"
85.232.241.194 - - [20/May/2025:15:29:20 +0200] "GET /Jurek/galopi/feeds/galopi_rue.xml HTTP/1.1" 200 2111082 "-" "Python-urllib/3.11"
85.232.241.194 - - [20/May/2025:15:29:20 +0200] "GET /Jurek/szpaklampy/feeds/szpaklampy_rue.xml HTTP/1.1" 200 388217 "-" "Python-urllib/3.11"
51.77.52.107 - - [20/May/2025:15:29:28 +0200] "GET /Jurek/eurofirany/images/434700/0.jpg HTTP/2.0" 200 61509 "-" "baselinker"
85.232.241.194 - - [20/May/2025:15:29:29 +0200] "GET /Jurek/intsell/feeds/intsell_rue.xml HTTP/1.1" 200 342009695 "-" "Python-urllib/3.11"
85.232.241.194 - - [20/May/2025:15:29:29 +0200] "GET /Jurek/eurofryz2/feeds/eurofryz2_worten.xml HTTP/1.1" 200 1376830 "-" "Python-urllib/3.11"
85.232.241.194 - - [20/May/2025:15:29:30 +0200] "GET /Jurek/spali/feeds/spali_rue.xml HTTP/1.1" 200 77058 "-" "Python-urllib/3.11"
85.232.241.194 - - [20/May/2025:15:29:30 +0200] "GET /Jurek/eurofryz2/feeds/eurofryz2_wortenES.xml HTTP/1.1" 200 1376808 "-" "Python-urllib/3.11"
85.232.241.194 - - [20/May/2025:15:29:30 +0200] "GET /Jurek/roger/feeds/roger_worten.xml HTTP/1.1" 200 1396524 "-" "Python-urllib/3.11"
85.232.241.194 - - [20/May/2025:15:29:30 +0200] "GET /Jurek/najtanszysport/feeds/najtanszysport_rue.xml HTTP/1.1" 200 3983043 "-" "Python-urllib/3.11"
85.232.241.194 - - [20/May/2025:15:29:30 +0200] "GET /Jurek/roger/feeds/roger_wortenES.xml HTTP/1.1" 200 1396519 "-" "Python-urllib/3.11"
85.232.241.194 - - [20/May/2025:15:29:30 +0200] "GET /Jurek/maksik/feeds/maksik_rue.xml HTTP/1.1" 200 4084779 "-" "Python-urllib/3.11"
85.232.241.194 - - [20/May/2025:15:29:34 +0200] "GET /Jurek/urwiskowo/feeds/urwiskowo_rue.xml HTTP/1.1" 200 9114992 "-" "Python-urllib/3.11"
