51.77.52.107 - - [06/May/2025:06:32:46 +0200] "GET /Jurek/topeshop/downloaded_images/5902838463550_1_czer\xC5\x84.png HTTP/2.0" 404 3551 "-" "baselinker"
51.77.52.107 - - [06/May/2025:06:32:47 +0200] "GET /Jurek/topeshop/downloaded_images/5902838463550_1_czer\xC5\x84.png HTTP/2.0" 404 3551 "-" "baselinker"
51.77.52.107 - - [06/May/2025:06:32:48 +0200] "GET /Jurek/topeshop/downloaded_images/5904507208967_M2_0002.png HTTP/2.0" 200 131486 "-" "baselinker"
51.77.52.107 - - [06/May/2025:06:32:55 +0200] "GET /Jurek/topeshop/downloaded_images/5904507208967_M2_0002.png HTTP/2.0" 200 131486 "-" "baselinker"
51.77.52.107 - - [06/May/2025:06:33:09 +0200] "GET /Jurek/topeshop/downloaded_images/5904507208967_M2_0002.png HTTP/2.0" 200 131486 "-" "baselinker"
51.77.52.107 - - [06/May/2025:06:33:12 +0200] "GET /Jurek/topeshop/downloaded_images/5904507201517_W2_2_3.png HTTP/2.0" 200 372669 "-" "baselinker"
66.249.64.166 - - [06/May/2025:06:33:17 +0200] "GET /Jurek/eurofirany/images/383164/1.jpg HTTP/1.1" 200 75282 "-" "Googlebot-Image/1.0"
51.77.52.107 - - [06/May/2025:06:33:35 +0200] "GET /Jurek/topeshop/downloaded_images/5904507201517_W2_2_3.png HTTP/2.0" 200 372669 "-" "baselinker"
51.77.52.107 - - [06/May/2025:06:33:41 +0200] "GET /Jurek/topeshop/downloaded_images/5904507201517_W2_2_3.png HTTP/2.0" 200 372669 "-" "baselinker"
46.101.116.244 - - [06/May/2025:06:33:42 +0200] "GET /Jurek/b3/feeds/b3_alza.xml HTTP/2.0" 200 8158153 "-" "-"
51.77.52.107 - - [06/May/2025:06:33:44 +0200] "GET /Jurek/topeshop/downloaded_images/5902838464397_2-biel.jpg HTTP/2.0" 200 26201 "-" "baselinker"
51.77.52.107 - - [06/May/2025:06:33:50 +0200] "GET /Jurek/topeshop/downloaded_images/5902838464397_2-biel.jpg HTTP/2.0" 200 26201 "-" "baselinker"
51.77.52.107 - - [06/May/2025:06:33:54 +0200] "GET /Jurek/topeshop/downloaded_images/5902838464397_2-biel.jpg HTTP/2.0" 200 26201 "-" "baselinker"
51.77.52.107 - - [06/May/2025:06:34:01 +0200] "GET /Jurek/topeshop/downloaded_images/5904507201401_20-st.jpg HTTP/2.0" 200 159410 "-" "baselinker"
46.101.116.244 - - [06/May/2025:06:34:05 +0200] "GET /Jurek/action/feeds/action_alza.xml HTTP/2.0" 200 59687406 "-" "-"
51.77.52.107 - - [06/May/2025:06:34:07 +0200] "GET /Jurek/topeshop/downloaded_images/5904507201401_20-st.jpg HTTP/2.0" 200 159410 "-" "baselinker"
66.249.64.167 - - [06/May/2025:06:34:09 +0200] "GET /Jurek/eurofirany/images/45587/3.jpg HTTP/1.1" 200 152783 "-" "Googlebot-Image/1.0"
51.77.52.107 - - [06/May/2025:06:34:11 +0200] "GET /Jurek/topeshop/downloaded_images/5904507201401_20-st.jpg HTTP/2.0" 200 159410 "-" "baselinker"
51.77.52.107 - - [06/May/2025:06:34:15 +0200] "GET /Jurek/topeshop/downloaded_images/5904507201395_20-st.jpg HTTP/2.0" 200 92537 "-" "baselinker"
51.77.52.107 - - [06/May/2025:06:34:20 +0200] "GET /Jurek/topeshop/downloaded_images/5904507201395_20-st.jpg HTTP/2.0" 200 92537 "-" "baselinker"
51.77.52.107 - - [06/May/2025:06:34:25 +0200] "GET /Jurek/topeshop/downloaded_images/5904507201395_20-st.jpg HTTP/2.0" 200 92537 "-" "baselinker"
51.77.52.107 - - [06/May/2025:06:34:27 +0200] "GET /Jurek/topeshop/downloaded_images/5904507201418_20-st.jpg HTTP/2.0" 200 185736 "-" "baselinker"
51.77.52.107 - - [06/May/2025:06:34:33 +0200] "GET /Jurek/topeshop/downloaded_images/5904507201418_20-st.jpg HTTP/2.0" 200 185736 "-" "baselinker"
51.77.52.107 - - [06/May/2025:06:34:54 +0200] "GET /Jurek/topeshop/downloaded_images/5904507201418_20-st.jpg HTTP/2.0" 200 185736 "-" "baselinker"
51.77.52.107 - - [06/May/2025:06:35:08 +0200] "GET /Jurek/topeshop/downloaded_images/5902838466254_1_3.png HTTP/2.0" 200 237377 "-" "baselinker"
51.77.52.107 - - [06/May/2025:06:35:20 +0200] "GET /Jurek/topeshop/downloaded_images/5902838466254_1_3.png HTTP/2.0" 200 237377 "-" "baselinker"
3.129.250.3 - - [06/May/2025:06:35:21 +0200] "GET /marketplaces/cdon_sub/itimport/__pycache__/create_xml_stock.cpython-39.pyc HTTP/2.0" 200 2557 "-" "Mozilla/5.0 AppleWebKit/537.36 (KHTML, like Gecko; compatible; ClaudeBot/1.0; +claudebot@anthropic.com)"
3.129.250.3 - - [06/May/2025:06:35:21 +0200] "GET /marketplaces/cdon_sub/itimport/__pycache__/create_xml_price.cpython-39.pyc HTTP/2.0" 200 2479 "-" "Mozilla/5.0 AppleWebKit/537.36 (KHTML, like Gecko; compatible; ClaudeBot/1.0; +claudebot@anthropic.com)"
46.101.116.244 - - [06/May/2025:06:35:31 +0200] "GET /Jurek/unimet/feeds/unimet_alza.xml HTTP/2.0" 200 61207261 "-" "-"
51.77.52.107 - - [06/May/2025:06:35:31 +0200] "GET /Jurek/topeshop/downloaded_images/5902838466254_1_3.png HTTP/2.0" 200 237377 "-" "baselinker"
51.77.52.107 - - [06/May/2025:06:35:34 +0200] "GET /Jurek/topeshop/downloaded_images/5902838466421_1_1.png HTTP/2.0" 200 187916 "-" "baselinker"
51.77.52.107 - - [06/May/2025:06:35:48 +0200] "GET /Jurek/topeshop/downloaded_images/5902838466421_1_1.png HTTP/2.0" 200 187916 "-" "baselinker"
46.101.116.244 - - [06/May/2025:06:35:59 +0200] "GET /Jurek/aw/feeds/aw_fnacfr.xml HTTP/1.0" 404 3551 "-" "-"
51.77.52.107 - - [06/May/2025:06:36:01 +0200] "GET /Jurek/topeshop/downloaded_images/5902838466421_1_1.png HTTP/2.0" 200 187916 "-" "baselinker"
89.161.206.59 - - [06/May/2025:06:36:04 +0200] "GET /Jurek/topeshop/feeds/topeshop_cdsc.xml HTTP/1.0" 200 2819703 "-" "-"
89.161.206.59 - - [06/May/2025:06:36:04 +0200] "GET /Jurek/aiofactory/feeds/aiofactory_cdsc.xml HTTP/1.0" 200 1192824 "-" "-"
89.161.206.59 - - [06/May/2025:06:36:04 +0200] "GET /Jurek/hurtmeblowy/feeds/hurtmeblowy_cdsc.xml HTTP/1.0" 200 5248314 "-" "-"
51.77.52.107 - - [06/May/2025:06:36:15 +0200] "GET /Jurek/topeshop/downloaded_images/5902838466445_1.png HTTP/2.0" 200 364045 "-" "baselinker"
51.77.52.107 - - [06/May/2025:06:36:31 +0200] "GET /Jurek/topeshop/downloaded_images/5902838466445_1.png HTTP/2.0" 200 364045 "-" "baselinker"
51.77.52.107 - - [06/May/2025:06:36:34 +0200] "GET /Jurek/topeshop/downloaded_images/5902838466445_1.png HTTP/2.0" 200 364045 "-" "baselinker"
51.77.52.107 - - [06/May/2025:06:36:37 +0200] "GET /Jurek/topeshop/downloaded_images/5904507206611_DUOANTRACYTCZERNBRYLKABOKZM.jpg HTTP/2.0" 404 3551 "-" "baselinker"
51.77.52.107 - - [06/May/2025:06:36:37 +0200] "GET /Jurek/topeshop/downloaded_images/5904507206611_DUOANTRACYTCZERNBRYLKABOKZM.jpg HTTP/2.0" 404 3551 "-" "baselinker"
51.77.52.107 - - [06/May/2025:06:36:38 +0200] "GET /Jurek/topeshop/downloaded_images/5904507206611_DUOANTRACYTCZERNBRYLKABOKZM.jpg HTTP/2.0" 404 3551 "-" "baselinker"
51.77.52.107 - - [06/May/2025:06:36:38 +0200] "GET /Jurek/topeshop/downloaded_images/5902838468807_DUOARTISANBRY\xC5\x81KABOKZM.jpg HTTP/2.0" 404 3551 "-" "baselinker"
51.77.52.107 - - [06/May/2025:06:36:39 +0200] "GET /Jurek/topeshop/downloaded_images/5902838468807_DUOARTISANBRY\xC5\x81KABOKZM.jpg HTTP/2.0" 404 3551 "-" "baselinker"
51.77.52.107 - - [06/May/2025:06:36:40 +0200] "GET /Jurek/topeshop/downloaded_images/5902838468807_DUOARTISANBRY\xC5\x81KABOKZM.jpg HTTP/2.0" 404 3551 "-" "baselinker"
51.77.52.107 - - [06/May/2025:06:36:40 +0200] "GET /Jurek/topeshop/downloaded_images/5902838468814_DUO-BIEL-BRY\xC5\x81KA-BOK-ZM.jpg HTTP/2.0" 404 3551 "-" "baselinker"
51.77.52.107 - - [06/May/2025:06:36:41 +0200] "GET /Jurek/topeshop/downloaded_images/5902838468814_DUO-BIEL-BRY\xC5\x81KA-BOK-ZM.jpg HTTP/2.0" 404 3551 "-" "baselinker"
51.77.52.107 - - [06/May/2025:06:36:42 +0200] "GET /Jurek/topeshop/downloaded_images/5902838468814_DUO-BIEL-BRY\xC5\x81KA-BOK-ZM.jpg HTTP/2.0" 404 3551 "-" "baselinker"
51.77.52.107 - - [06/May/2025:06:36:43 +0200] "GET /Jurek/topeshop/downloaded_images/5902838468821_DUOCZERNBRYLKABOKZM.jpg HTTP/2.0" 404 3551 "-" "baselinker"
51.77.52.107 - - [06/May/2025:06:36:43 +0200] "GET /Jurek/topeshop/downloaded_images/5902838468821_DUOCZERNBRYLKABOKZM.jpg HTTP/2.0" 404 3551 "-" "baselinker"
51.77.52.107 - - [06/May/2025:06:36:44 +0200] "GET /Jurek/topeshop/downloaded_images/5902838468821_DUOCZERNBRYLKABOKZM.jpg HTTP/2.0" 404 3551 "-" "baselinker"
51.77.52.107 - - [06/May/2025:06:36:46 +0200] "GET /Jurek/topeshop/downloaded_images/5902838468838_DUOSONOMABRY\xC5\x81KABOKZM.jpg HTTP/2.0" 404 3551 "-" "baselinker"
51.77.52.107 - - [06/May/2025:06:36:47 +0200] "GET /Jurek/topeshop/downloaded_images/5902838468838_DUOSONOMABRY\xC5\x81KABOKZM.jpg HTTP/2.0" 404 3551 "-" "baselinker"
51.77.52.107 - - [06/May/2025:06:36:47 +0200] "GET /Jurek/topeshop/downloaded_images/5902838468838_DUOSONOMABRY\xC5\x81KABOKZM.jpg HTTP/2.0" 404 3551 "-" "baselinker"
89.161.206.59 - - [06/May/2025:06:36:48 +0200] "GET /Jurek/bemipol/feeds/bemipol_skroutz.xml HTTP/1.0" 200 423630 "-" "-"
51.77.52.107 - - [06/May/2025:06:36:48 +0200] "GET /Jurek/topeshop/downloaded_images/5904507202583_wieszaki_2,2.jpg HTTP/2.0" 200 14927 "-" "baselinker"
46.101.116.244 - - [06/May/2025:06:36:52 +0200] "GET /Jurek/andex/feeds/andex_alza.xml HTTP/2.0" 200 1954424 "-" "-"
52.17.80.36 - - [06/May/2025:06:37:01 +0200] "GET /marketplaces/worten2/results/worten.csv HTTP/1.1" 200 147217 "-" "Mirakl HttpClient"
51.77.52.107 - - [06/May/2025:06:37:03 +0200] "GET /Jurek/topeshop/downloaded_images/5904507202583_wieszaki_2,2.jpg HTTP/2.0" 200 14927 "-" "baselinker"
46.101.116.244 - - [06/May/2025:06:37:03 +0200] "GET /Jurek/aw/feeds/awnarzedzia_alza.xml HTTP/2.0" 200 90949277 "-" "-"
3.128.204.151 - - [06/May/2025:06:37:12 +0200] "GET /others/new_vida_mall/csv_files/?C=N&O=A HTTP/2.0" 200 838 "-" "Mozilla/5.0 AppleWebKit/537.36 (KHTML, like Gecko; compatible; ClaudeBot/1.0; +claudebot@anthropic.com)"
51.77.52.107 - - [06/May/2025:06:37:14 +0200] "GET /Jurek/topeshop/downloaded_images/5904507202583_wieszaki_2,2.jpg HTTP/2.0" 200 14927 "-" "baselinker"
89.161.206.59 - - [06/May/2025:06:37:20 +0200] "GET /Jurek/relogy/feeds/relogy_skroutz.xml HTTP/1.0" 200 66606767 "-" "-"
46.101.116.244 - - [06/May/2025:06:37:21 +0200] "GET /Jurek/detian/feeds/detian_alza.xml HTTP/2.0" 404 3551 "-" "-"
51.77.52.107 - - [06/May/2025:06:37:22 +0200] "GET /Jurek/topeshop/downloaded_images/5904507200589_1.jpg HTTP/2.0" 200 25667 "-" "baselinker"
89.161.206.59 - - [06/May/2025:06:37:24 +0200] "GET /Jurek/zami/feeds/zami_skr.xml HTTP/1.0" 200 4472759 "-" "-"
51.77.52.107 - - [06/May/2025:06:37:31 +0200] "GET /Jurek/topeshop/downloaded_images/5904507200589_1.jpg HTTP/2.0" 200 25667 "-" "baselinker"
46.101.116.244 - - [06/May/2025:06:37:31 +0200] "GET /Jurek/fernity/feeds/fernity_alza.xml HTTP/2.0" 200 4715825 "-" "-"
51.77.52.107 - - [06/May/2025:06:37:35 +0200] "GET /Jurek/topeshop/downloaded_images/5904507200589_1.jpg HTTP/2.0" 200 25667 "-" "baselinker"
89.161.206.59 - - [06/May/2025:06:37:36 +0200] "GET /Jurek/proadventure/feeds/proadventure_skr.xml HTTP/1.0" 200 10762207 "-" "-"
89.161.206.59 - - [06/May/2025:06:37:38 +0200] "GET /Jurek/rems/feeds/rems_skr.xml HTTP/1.0" 200 8706262 "-" "-"
51.77.52.107 - - [06/May/2025:06:37:38 +0200] "GET /Jurek/topeshop/downloaded_images/5902838468487_1artisan.png HTTP/2.0" 404 3551 "-" "baselinker"
51.77.52.107 - - [06/May/2025:06:37:38 +0200] "GET /Jurek/topeshop/downloaded_images/5902838468487_1artisan.png HTTP/2.0" 404 3551 "-" "baselinker"
51.77.52.107 - - [06/May/2025:06:37:39 +0200] "GET /Jurek/topeshop/downloaded_images/5902838468487_1artisan.png HTTP/2.0" 404 3551 "-" "baselinker"
51.77.52.107 - - [06/May/2025:06:37:40 +0200] "GET /Jurek/topeshop/downloaded_images/5902838468456_Oaplwieszak.png HTTP/2.0" 404 3551 "-" "baselinker"
51.77.52.107 - - [06/May/2025:06:37:40 +0200] "GET /Jurek/topeshop/downloaded_images/5902838468456_Oaplwieszak.png HTTP/2.0" 404 3551 "-" "baselinker"
89.161.206.59 - - [06/May/2025:06:37:41 +0200] "GET /Jurek/bloomglow/feeds/bloomglow_skr.xml HTTP/1.0" 200 11671243 "-" "-"
51.77.52.107 - - [06/May/2025:06:37:41 +0200] "GET /Jurek/topeshop/downloaded_images/5902838468456_Oaplwieszak.png HTTP/2.0" 404 3551 "-" "baselinker"
51.77.52.107 - - [06/May/2025:06:37:42 +0200] "GET /Jurek/topeshop/downloaded_images/5902838468463_1sonoma.png HTTP/2.0" 404 3551 "-" "baselinker"
51.77.52.107 - - [06/May/2025:06:37:42 +0200] "GET /Jurek/topeshop/downloaded_images/5902838468463_1sonoma.png HTTP/2.0" 404 3551 "-" "baselinker"
51.77.52.107 - - [06/May/2025:06:37:43 +0200] "GET /Jurek/topeshop/downloaded_images/5902838468463_1sonoma.png HTTP/2.0" 404 3551 "-" "baselinker"
51.77.52.107 - - [06/May/2025:06:37:44 +0200] "GET /Jurek/topeshop/downloaded_images/5904507207434_20st_artisan_ant.jpg HTTP/2.0" 200 87981 "-" "baselinker"
46.101.116.244 - - [06/May/2025:06:37:53 +0200] "GET /Jurek/octopia/feeds/octopia_alzacz.xml HTTP/2.0" 200 10117156 "-" "-"
51.77.52.107 - - [06/May/2025:06:37:54 +0200] "GET /Jurek/topeshop/downloaded_images/5904507207434_20st_artisan_ant.jpg HTTP/2.0" 200 87981 "-" "baselinker"
46.101.116.244 - - [06/May/2025:06:38:04 +0200] "GET /Jurek/unimet/feeds/unimet_alza.xml HTTP/2.0" 200 61207261 "-" "-"
51.77.52.107 - - [06/May/2025:06:38:06 +0200] "GET /Jurek/topeshop/downloaded_images/5904507207434_20st_artisan_ant.jpg HTTP/2.0" 200 87981 "-" "baselinker"
46.101.116.244 - - [06/May/2025:06:38:21 +0200] "GET /Jurek/eurofirany/feeds/eurofirany_alza.xml HTTP/2.0" 200 18953319 "-" "-"
51.77.52.107 - - [06/May/2025:06:38:26 +0200] "GET /Jurek/topeshop/downloaded_images/5904507201609_20_st_close_artisan.jpg HTTP/2.0" 200 65686 "-" "baselinker"
46.101.116.244 - - [06/May/2025:06:38:33 +0200] "GET /Jurek/beliani/feeds/beliani_alza.xml HTTP/2.0" 200 15086154 "-" "-"
51.77.52.107 - - [06/May/2025:06:38:37 +0200] "GET /Jurek/topeshop/downloaded_images/5904507201609_20_st_close_artisan.jpg HTTP/2.0" 200 65686 "-" "baselinker"
46.101.116.244 - - [06/May/2025:06:38:45 +0200] "GET /Jurek/vivaldi/feeds/vivaldi_alza.xml HTTP/2.0" 200 344840 "-" "-"
51.77.52.107 - - [06/May/2025:06:38:50 +0200] "GET /Jurek/topeshop/downloaded_images/5904507201609_20_st_close_artisan.jpg HTTP/2.0" 200 65686 "-" "baselinker"
46.101.116.244 - - [06/May/2025:06:38:56 +0200] "GET /Jurek/ikonka/feeds/ikonka_alza.xml HTTP/2.0" 200 20602595 "-" "-"
51.77.52.107 - - [06/May/2025:06:39:02 +0200] "GET /Jurek/topeshop/downloaded_images/5904507201593_20_st_biel.jpg HTTP/2.0" 200 27342 "-" "baselinker"
46.101.116.244 - - [06/May/2025:06:39:07 +0200] "GET /Jurek/stema/feeds/stema_alza.xml HTTP/2.0" 200 884207 "-" "-"
51.77.52.107 - - [06/May/2025:06:39:14 +0200] "GET /Jurek/topeshop/downloaded_images/5904507201593_20_st_biel.jpg HTTP/2.0" 200 27342 "-" "baselinker"
51.77.52.107 - - [06/May/2025:06:39:17 +0200] "GET /Jurek/topeshop/downloaded_images/5904507201593_20_st_biel.jpg HTTP/2.0" 200 27342 "-" "baselinker"
46.101.116.244 - - [06/May/2025:06:39:18 +0200] "GET /Jurek/kinghoff/feeds/kinghoff_alza.xml HTTP/2.0" 200 15488911 "-" "-"
46.101.116.244 - - [06/May/2025:06:39:29 +0200] "GET /Jurek/beltimore/feeds/beltimore_mallsish.xml HTTP/2.0" 200 18651814 "-" "-"
51.77.52.107 - - [06/May/2025:06:39:32 +0200] "GET /Jurek/topeshop/downloaded_images/5904507201616_Sonoma_20_st.jpg HTTP/2.0" 200 77847 "-" "baselinker"
51.77.52.107 - - [06/May/2025:06:39:39 +0200] "GET /Jurek/topeshop/downloaded_images/5904507201616_Sonoma_20_st.jpg HTTP/2.0" 200 77847 "-" "baselinker"
46.101.116.244 - - [06/May/2025:06:39:41 +0200] "GET /Jurek/drops/feeds/dropsofficecolection_mallsish.xml HTTP/2.0" 200 790810 "-" "-"
51.77.52.107 - - [06/May/2025:06:39:41 +0200] "GET /Jurek/topeshop/downloaded_images/5904507201616_Sonoma_20_st.jpg HTTP/2.0" 200 77847 "-" "baselinker"
51.77.52.107 - - [06/May/2025:06:39:43 +0200] "GET /Jurek/topeshop/downloaded_images/5902838467671_2.png HTTP/2.0" 404 3551 "-" "baselinker"
51.77.52.107 - - [06/May/2025:06:39:45 +0200] "GET /Jurek/topeshop/downloaded_images/5902838467671_2.png HTTP/2.0" 404 3551 "-" "baselinker"
51.77.52.107 - - [06/May/2025:06:39:46 +0200] "GET /Jurek/topeshop/downloaded_images/5902838467671_2.png HTTP/2.0" 404 3551 "-" "baselinker"
51.77.52.107 - - [06/May/2025:06:39:46 +0200] "GET /Jurek/topeshop/downloaded_images/5904507206994_W40_pafos_3_.jpg HTTP/2.0" 200 19981 "-" "baselinker"
51.77.52.107 - - [06/May/2025:06:39:49 +0200] "GET /Jurek/topeshop/downloaded_images/5904507206994_W40_pafos_3_.jpg HTTP/2.0" 200 19981 "-" "baselinker"
46.101.116.244 - - [06/May/2025:06:39:51 +0200] "GET /Jurek/hdwr/feeds/hdwr_mallsish.xml HTTP/2.0" 200 789430 "-" "-"
51.77.52.107 - - [06/May/2025:06:39:53 +0200] "GET /Jurek/topeshop/downloaded_images/5904507206994_W40_pafos_3_.jpg HTTP/2.0" 200 19981 "-" "baselinker"
51.77.52.107 - - [06/May/2025:06:39:56 +0200] "GET /Jurek/topeshop/downloaded_images/5904507206536_PAFOS_RSS_40_CLOSE.jpg HTTP/2.0" 200 20304 "-" "baselinker"
51.77.52.107 - - [06/May/2025:06:40:01 +0200] "GET /Jurek/topeshop/downloaded_images/5904507206536_PAFOS_RSS_40_CLOSE.jpg HTTP/2.0" 200 20304 "-" "baselinker"
46.101.116.244 - - [06/May/2025:06:40:01 +0200] "GET /Jurek/narzbud/feeds/narzbud_mallsish.xml HTTP/2.0" 200 1901230 "-" "-"
51.77.52.107 - - [06/May/2025:06:40:05 +0200] "GET /Jurek/topeshop/downloaded_images/5904507206536_PAFOS_RSS_40_CLOSE.jpg HTTP/2.0" 200 20304 "-" "baselinker"
51.77.52.107 - - [06/May/2025:06:40:07 +0200] "GET /Jurek/topeshop/downloaded_images/5904507206543_profill.jpg HTTP/2.0" 200 18055 "-" "baselinker"
13.58.121.29 - - [06/May/2025:06:40:08 +0200] "GET /marketplaces/rue/?C=D&O=D HTTP/2.0" 200 1439 "-" "Mozilla/5.0 AppleWebKit/537.36 (KHTML, like Gecko; compatible; ClaudeBot/1.0; +claudebot@anthropic.com)"
66.249.64.166 - - [06/May/2025:06:40:09 +0200] "GET /Jurek/eurofirany/images/405402/5.jpg HTTP/1.1" 200 16503 "-" "Googlebot-Image/1.0"
46.101.116.244 - - [06/May/2025:06:40:12 +0200] "GET /Jurek/newtechele/feeds/newtechele_mallsish.xml HTTP/2.0" 200 2438493 "-" "-"
51.77.52.107 - - [06/May/2025:06:40:17 +0200] "GET /Jurek/topeshop/downloaded_images/5904507206543_profill.jpg HTTP/2.0" 200 18055 "-" "baselinker"
51.77.52.107 - - [06/May/2025:06:40:20 +0200] "GET /Jurek/topeshop/downloaded_images/5904507206543_profill.jpg HTTP/2.0" 200 18055 "-" "baselinker"
46.101.116.244 - - [06/May/2025:06:40:23 +0200] "GET /Jurek/pagmil/feeds/pagmil_mallsish.xml HTTP/2.0" 200 1802845 "-" "-"
46.101.116.244 - - [06/May/2025:06:40:35 +0200] "GET /Jurek/pawonik/feeds/pawonik_mallsish.xml HTTP/2.0" 200 2138363 "-" "-"
51.77.52.107 - - [06/May/2025:06:40:38 +0200] "GET /Jurek/topeshop/downloaded_images/5904507207007_W80_pafos_3_.jpg HTTP/2.0" 200 27123 "-" "baselinker"
46.101.116.244 - - [06/May/2025:06:40:45 +0200] "GET /Jurek/proadventure/feeds/proadventure_mallsish.xml HTTP/2.0" 200 10763296 "-" "-"
51.77.52.107 - - [06/May/2025:06:40:48 +0200] "GET /Jurek/topeshop/downloaded_images/5904507207007_W80_pafos_3_.jpg HTTP/2.0" 200 27123 "-" "baselinker"
147.185.132.112 - - [06/May/2025:06:40:50 +0200] "GET / HTTP/1.1" 403 3541 "-" "Expanse, a Palo Alto Networks company, searches across the global IPv4 space multiple times per day to identify customers' presences on the Internet. If you would like to be excluded from our scans, please send IP addresses/domains to: scaninfo@paloaltonetworks.com"
51.77.52.107 - - [06/May/2025:06:40:51 +0200] "GET /Jurek/topeshop/downloaded_images/5904507207007_W80_pafos_3_.jpg HTTP/2.0" 200 27123 "-" "baselinker"
51.77.52.107 - - [06/May/2025:06:40:53 +0200] "GET /Jurek/topeshop/downloaded_images/5904507206550_profilOpis.jpg HTTP/2.0" 200 28492 "-" "baselinker"
46.101.116.244 - - [06/May/2025:06:40:57 +0200] "GET /Jurek/rems/feeds/rems_mallsish.xml HTTP/2.0" 200 8706225 "-" "-"
51.77.52.107 - - [06/May/2025:06:40:57 +0200] "GET /Jurek/topeshop/downloaded_images/5904507206550_profilOpis.jpg HTTP/2.0" 200 28492 "-" "baselinker"
51.77.52.107 - - [06/May/2025:06:40:59 +0200] "GET /Jurek/topeshop/downloaded_images/5904507206550_profilOpis.jpg HTTP/2.0" 200 28492 "-" "baselinker"
51.77.52.107 - - [06/May/2025:06:41:04 +0200] "GET /Jurek/topeshop/downloaded_images/5902838469934_biel-2.jpg HTTP/2.0" 200 26327 "-" "baselinker"
46.101.116.244 - - [06/May/2025:06:41:06 +0200] "GET /Jurek/aw/feeds/aw_fnacfr.xml HTTP/1.0" 404 3551 "-" "-"
46.101.116.244 - - [06/May/2025:06:41:08 +0200] "GET /Jurek/roger/feeds/roger_mallsish.xml HTTP/2.0" 200 1396558 "-" "-"
89.161.206.59 - - [06/May/2025:06:41:14 +0200] "GET /Jurek/princelh/feeds/princelh_cdsc.xml HTTP/1.0" 200 123626 "-" "-"
89.161.206.59 - - [06/May/2025:06:41:14 +0200] "GET /Jurek/proparts/feeds/proparts_cdsc.xml HTTP/1.0" 200 556033 "-" "-"
89.161.206.59 - - [06/May/2025:06:41:14 +0200] "GET /Jurek/muminky/feeds/muminky_cdsc.xml HTTP/1.0" 200 2935790 "-" "-"
89.161.206.59 - - [06/May/2025:06:41:14 +0200] "GET /Jurek/nexus/feeds/nexus_cdsc.xml HTTP/1.0" 200 325923 "-" "-"
89.161.206.59 - - [06/May/2025:06:41:15 +0200] "GET /Jurek/alucon/feeds/alucon_cdsc.xml HTTP/1.0" 200 378666 "-" "-"
89.161.206.59 - - [06/May/2025:06:41:15 +0200] "GET /Jurek/equalo/feeds/equalo_cdsc.xml HTTP/1.0" 200 134208 "-" "-"
89.161.206.59 - - [06/May/2025:06:41:15 +0200] "GET /Jurek/techrebalina/feeds/techrebalina_cdsc.xml HTTP/1.0" 200 1363220 "-" "-"
89.161.206.59 - - [06/May/2025:06:41:15 +0200] "GET /Jurek/smxdesign/feeds/smxdesign_cdsc.xml HTTP/1.0" 200 1154219 "-" "-"
51.77.52.107 - - [06/May/2025:06:41:16 +0200] "GET /Jurek/topeshop/downloaded_images/5902838469934_biel-2.jpg HTTP/2.0" 200 26327 "-" "baselinker"
89.161.206.59 - - [06/May/2025:06:41:16 +0200] "GET /Jurek/techrebal/feeds/techrebal_cdsc.xml HTTP/1.0" 200 1423335 "-" "-"
89.161.206.59 - - [06/May/2025:06:41:17 +0200] "GET /Jurek/zbimatyja/feeds/zbimatyja_cdsc.xml HTTP/1.0" 200 11000842 "-" "-"
46.101.116.244 - - [06/May/2025:06:41:19 +0200] "GET /Jurek/sovapl/feeds/sovapl_mallsish.xml HTTP/2.0" 200 8999369 "-" "-"
51.77.52.107 - - [06/May/2025:06:41:20 +0200] "GET /Jurek/topeshop/downloaded_images/5902838469934_biel-2.jpg HTTP/2.0" 200 26327 "-" "baselinker"
89.161.206.59 - - [06/May/2025:06:41:20 +0200] "GET /Jurek/tsjerzy/feeds/tsjerzy_cdsc.xml HTTP/1.0" 200 4383156 "-" "-"
89.161.206.59 - - [06/May/2025:06:41:21 +0200] "GET /Jurek/cenoman/feeds/cenoman_cdsc.xml HTTP/1.0" 200 4589257 "-" "-"
89.161.206.59 - - [06/May/2025:06:41:21 +0200] "GET /Jurek/hanex/feeds/hanex_cdsc.xml HTTP/1.0" 200 7027185 "-" "-"
89.161.206.59 - - [06/May/2025:06:41:22 +0200] "GET /Jurek/kalama/feeds/kalama_cdsc.xml HTTP/1.0" 200 1562293 "-" "-"
89.161.206.59 - - [06/May/2025:06:41:22 +0200] "GET /Jurek/narzbud/feeds/narzbud_cdsc.xml HTTP/1.0" 200 1227798 "-" "-"
89.161.206.59 - - [06/May/2025:06:41:24 +0200] "GET /Jurek/rosfix/feeds/rosfix_cdsc.xml HTTP/1.0" 200 19133316 "-" "-"
89.161.206.59 - - [06/May/2025:06:41:24 +0200] "GET /Jurek/eurofryz/feeds/eurofryz_cdsc.xml HTTP/1.0" 200 830784 "-" "-"
89.161.206.59 - - [06/May/2025:06:41:25 +0200] "GET /Jurek/fertes/feeds/fertes_cdsc.xml HTTP/1.0" 200 2192577 "-" "-"
89.161.206.59 - - [06/May/2025:06:41:26 +0200] "GET /Jurek/kamar/feeds/kamar_cdsc.xml HTTP/1.0" 200 37126292 "-" "-"
89.161.206.59 - - [06/May/2025:06:41:27 +0200] "GET /Jurek/lerutrade/feeds/lerutrade_cdsc.xml HTTP/1.0" 200 53854 "-" "-"
89.161.206.59 - - [06/May/2025:06:41:28 +0200] "GET /Jurek/jakdroz/feeds/jakdroz_cdsc.xml HTTP/1.0" 200 2542986 "-" "-"
89.161.206.59 - - [06/May/2025:06:41:28 +0200] "GET /Jurek/gandalf/feeds/gandalf_cdsc.xml HTTP/1.0" 200 586344 "-" "-"
51.77.52.107 - - [06/May/2025:06:41:29 +0200] "GET /Jurek/topeshop/downloaded_images/5902838469941_sonoma-2.jpg HTTP/2.0" 200 62307 "-" "baselinker"
3.20.238.29 - - [06/May/2025:06:41:32 +0200] "GET /marketplaces/xxxlutz/results/?C=N&O=D HTTP/2.0" 200 541 "-" "Mozilla/5.0 AppleWebKit/537.36 (KHTML, like Gecko; compatible; ClaudeBot/1.0; +claudebot@anthropic.com)"
3.20.238.29 - - [06/May/2025:06:41:32 +0200] "GET /marketplaces/worten/?C=D&O=D HTTP/2.0" 200 1445 "-" "Mozilla/5.0 AppleWebKit/537.36 (KHTML, like Gecko; compatible; ClaudeBot/1.0; +claudebot@anthropic.com)"
46.101.116.244 - - [06/May/2025:06:41:36 +0200] "GET /Jurek/stiv/feeds/stiv_mallsish.xml HTTP/2.0" 200 2056843 "-" "-"
51.77.52.107 - - [06/May/2025:06:41:43 +0200] "GET /Jurek/topeshop/downloaded_images/5902838469941_sonoma-2.jpg HTTP/2.0" 200 62307 "-" "baselinker"
46.101.116.244 - - [06/May/2025:06:41:46 +0200] "GET /Jurek/fertes/feeds/fertes_mallsish.xml HTTP/2.0" 200 2361863 "-" "-"
51.77.52.107 - - [06/May/2025:06:41:47 +0200] "GET /Jurek/topeshop/downloaded_images/5902838469941_sonoma-2.jpg HTTP/2.0" 200 62307 "-" "baselinker"
51.77.52.107 - - [06/May/2025:06:41:53 +0200] "GET /Jurek/topeshop/downloaded_images/5904507206857_Bry\xC5\x82a20004.jpg HTTP/2.0" 200 74064 "-" "baselinker"
46.101.116.244 - - [06/May/2025:06:41:57 +0200] "GET /Jurek/avenido/feeds/avenido_mallsish.xml HTTP/2.0" 200 720108 "-" "-"
51.77.52.107 - - [06/May/2025:06:41:59 +0200] "GET /Jurek/topeshop/downloaded_images/5904507206857_Bry\xC5\x82a20004.jpg HTTP/2.0" 200 74064 "-" "baselinker"
51.77.52.107 - - [06/May/2025:06:42:01 +0200] "GET /Jurek/topeshop/downloaded_images/5904507206857_Bry\xC5\x82a20004.jpg HTTP/2.0" 200 74064 "-" "baselinker"
51.77.52.107 - - [06/May/2025:06:42:07 +0200] "GET /Jurek/topeshop/downloaded_images/5902838465875_Bry\xC5\x82a20003.jpg HTTP/2.0" 200 48393 "-" "baselinker"
46.101.116.244 - - [06/May/2025:06:42:08 +0200] "GET /Jurek/carbonyway/feeds/carbonyway_mallsish.xml HTTP/2.0" 200 3076032 "-" "-"
51.77.52.107 - - [06/May/2025:06:42:13 +0200] "GET /Jurek/topeshop/downloaded_images/5902838465875_Bry\xC5\x82a20003.jpg HTTP/2.0" 200 48393 "-" "baselinker"
51.77.52.107 - - [06/May/2025:06:42:16 +0200] "GET /Jurek/topeshop/downloaded_images/5902838465875_Bry\xC5\x82a20003.jpg HTTP/2.0" 200 48393 "-" "baselinker"
46.101.116.244 - - [06/May/2025:06:42:19 +0200] "GET /Jurek/cenoman/feeds/cenoman_mallsish.xml HTTP/2.0" 200 5993140 "-" "-"
51.77.52.107 - - [06/May/2025:06:42:29 +0200] "GET /Jurek/topeshop/downloaded_images/5902838465882_Bry\xC5\x82a20001.jpg HTTP/2.0" 200 84192 "-" "baselinker"
46.101.116.244 - - [06/May/2025:06:42:30 +0200] "GET /Jurek/equalo/feeds/equalo_mallsish.xml HTTP/2.0" 200 98005 "-" "-"
51.77.52.107 - - [06/May/2025:06:42:39 +0200] "GET /Jurek/topeshop/downloaded_images/5902838465882_Bry\xC5\x82a20001.jpg HTTP/2.0" 200 84192 "-" "baselinker"
89.161.206.59 - - [06/May/2025:06:42:40 +0200] "GET /Jurek/rosfix/feeds/rosfix_ebay.xml HTTP/1.0" 200 35769661 "-" "-"
46.101.116.244 - - [06/May/2025:06:42:42 +0200] "GET /Jurek/kamar/feeds/kamar_mallsish.xml HTTP/2.0" 200 25549695 "-" "-"
66.249.64.166 - - [06/May/2025:06:42:43 +0200] "GET /Jurek/eurofirany/images/374436/3.jpg HTTP/1.1" 200 16503 "-" "Googlebot-Image/1.0"
51.77.52.107 - - [06/May/2025:06:42:45 +0200] "GET /Jurek/topeshop/downloaded_images/5902838465882_Bry\xC5\x82a20001.jpg HTTP/2.0" 200 84192 "-" "baselinker"
51.77.52.107 - - [06/May/2025:06:42:49 +0200] "GET /Jurek/topeshop/downloaded_images/5904507206840_Bry\xC5\x82a20005.jpg HTTP/2.0" 200 68690 "-" "baselinker"
46.101.116.244 - - [06/May/2025:06:42:57 +0200] "GET /Jurek/lampart/feeds/lampart_mallsish.xml HTTP/2.0" 200 936042 "-" "-"
51.77.52.107 - - [06/May/2025:06:43:05 +0200] "GET /Jurek/topeshop/downloaded_images/5904507206840_Bry\xC5\x82a20005.jpg HTTP/2.0" 200 68690 "-" "baselinker"
46.101.116.244 - - [06/May/2025:06:43:08 +0200] "GET /Jurek/makow/feeds/makow_mallsish.xml HTTP/2.0" 200 21203680 "-" "-"
46.101.116.244 - - [06/May/2025:06:43:20 +0200] "GET /Jurek/regis/feeds/regis_mallsish.xml HTTP/2.0" 200 228453 "-" "-"
51.77.52.107 - - [06/May/2025:06:43:21 +0200] "GET /Jurek/topeshop/downloaded_images/5904507206840_Bry\xC5\x82a20005.jpg HTTP/2.0" 200 68690 "-" "baselinker"
51.77.52.107 - - [06/May/2025:06:43:28 +0200] "GET /Jurek/topeshop/downloaded_images/5904507200350_Bry\xC5\x82a20008.jpg HTTP/2.0" 200 75832 "-" "baselinker"
46.101.116.244 - - [06/May/2025:06:43:30 +0200] "GET /Jurek/sebmart/feeds/sebmart_mallsish.xml HTTP/2.0" 200 1598687 "-" "-"
66.249.64.167 - - [06/May/2025:06:43:34 +0200] "GET /Jurek/eurofirany/images/357380/1.jpg HTTP/1.1" 200 68724 "-" "Googlebot-Image/1.0"
46.101.116.244 - - [06/May/2025:06:43:41 +0200] "GET /Jurek/takapara/feeds/takapara_mallsish.xml HTTP/2.0" 200 1342603 "-" "-"
51.77.52.107 - - [06/May/2025:06:43:42 +0200] "GET /Jurek/topeshop/downloaded_images/5904507200350_Bry\xC5\x82a20008.jpg HTTP/2.0" 200 75832 "-" "baselinker"
51.77.52.107 - - [06/May/2025:06:43:51 +0200] "GET /Jurek/topeshop/downloaded_images/5904507200350_Bry\xC5\x82a20008.jpg HTTP/2.0" 200 75832 "-" "baselinker"
46.101.116.244 - - [06/May/2025:06:43:52 +0200] "GET /Jurek/tsjerzy/feeds/tsjerzy_mallsish.xml HTTP/2.0" 200 3897635 "-" "-"
51.77.52.107 - - [06/May/2025:06:43:54 +0200] "GET /Jurek/topeshop/downloaded_images/5902838465899_Bry\xC5\x82a20006.jpg HTTP/2.0" 200 40554 "-" "baselinker"
51.77.52.107 - - [06/May/2025:06:44:03 +0200] "GET /Jurek/topeshop/downloaded_images/5902838465899_Bry\xC5\x82a20006.jpg HTTP/2.0" 200 40554 "-" "baselinker"
46.101.116.244 - - [06/May/2025:06:44:04 +0200] "GET /Jurek/andex/feeds/andex_mallsiSH.xml HTTP/2.0" 200 1953414 "-" "-"
51.77.52.107 - - [06/May/2025:06:44:05 +0200] "GET /Jurek/topeshop/downloaded_images/5902838465899_Bry\xC5\x82a20006.jpg HTTP/2.0" 200 40554 "-" "baselinker"
51.77.52.107 - - [06/May/2025:06:44:07 +0200] "GET /Jurek/topeshop/downloaded_images/5902838465905_Bry\xC5\x82a20007.jpg HTTP/2.0" 200 79338 "-" "baselinker"
51.77.52.107 - - [06/May/2025:06:44:13 +0200] "GET /Jurek/topeshop/downloaded_images/5902838465905_Bry\xC5\x82a20007.jpg HTTP/2.0" 200 79338 "-" "baselinker"
46.101.116.244 - - [06/May/2025:06:44:15 +0200] "GET /Jurek/german/feeds/german_mallsiSH.xml HTTP/2.0" 200 2853565 "-" "-"
46.101.116.244 - - [06/May/2025:06:44:26 +0200] "GET /Jurek/hanex/feeds/hanex_mallsiSH.xml HTTP/2.0" 200 13931501 "-" "-"
51.77.52.107 - - [06/May/2025:06:44:29 +0200] "GET /Jurek/topeshop/downloaded_images/5902838465905_Bry\xC5\x82a20007.jpg HTTP/2.0" 200 79338 "-" "baselinker"
51.77.52.107 - - [06/May/2025:06:44:36 +0200] "GET /Jurek/topeshop/downloaded_images/5904507209124_kaszmir20st0001.jpg HTTP/2.0" 200 38890 "-" "baselinker"
46.101.116.244 - - [06/May/2025:06:44:38 +0200] "GET /Jurek/maksik/feeds/maksik_mallsiSH.xml HTTP/2.0" 200 4084707 "-" "-"
3.133.107.82 - - [06/May/2025:06:44:38 +0200] "GET /marketplaces/xxxlutz/results/xxxlutz.csv HTTP/2.0" 200 1217789 "-" "Mozilla/5.0 AppleWebKit/537.36 (KHTML, like Gecko; compatible; ClaudeBot/1.0; +claudebot@anthropic.com)"
46.101.116.244 - - [06/May/2025:06:44:48 +0200] "GET /Jurek/smxdesign/feeds/smxdesign_mallsiSH.xml HTTP/2.0" 200 1829022 "-" "-"
51.77.52.107 - - [06/May/2025:06:44:51 +0200] "GET /Jurek/topeshop/downloaded_images/5904507209124_kaszmir20st0001.jpg HTTP/2.0" 200 38890 "-" "baselinker"
51.77.52.107 - - [06/May/2025:06:44:58 +0200] "GET /Jurek/topeshop/downloaded_images/5904507209124_kaszmir20st0001.jpg HTTP/2.0" 200 38890 "-" "baselinker"
46.101.116.244 - - [06/May/2025:06:44:59 +0200] "GET /Jurek/aiofactory/feeds/aiofactory_mallsiSH.xml HTTP/2.0" 200 2123761 "-" "-"
51.77.52.107 - - [06/May/2025:06:45:00 +0200] "GET /Jurek/topeshop/downloaded_images/5904507209230_kaszmir20st0003.jpg HTTP/2.0" 200 43249 "-" "baselinker"
51.77.52.107 - - [06/May/2025:06:45:06 +0200] "GET /Jurek/topeshop/downloaded_images/5904507209230_kaszmir20st0003.jpg HTTP/2.0" 200 43249 "-" "baselinker"
46.101.116.244 - - [06/May/2025:06:45:09 +0200] "GET /Jurek/alucon/feeds/alucon_mallsiSH.xml HTTP/2.0" 200 553572 "-" "-"
51.77.52.107 - - [06/May/2025:06:45:13 +0200] "GET /Jurek/topeshop/downloaded_images/5904507209230_kaszmir20st0003.jpg HTTP/2.0" 200 43249 "-" "baselinker"
51.77.52.107 - - [06/May/2025:06:45:16 +0200] "GET /Jurek/topeshop/downloaded_images/5904507207144_1-2222.jpg HTTP/2.0" 200 42031 "-" "baselinker"
46.101.116.244 - - [06/May/2025:06:45:20 +0200] "GET /Jurek/evil/feeds/evil_mallsiSH.xml HTTP/2.0" 200 306383 "-" "-"
51.77.52.107 - - [06/May/2025:06:45:22 +0200] "GET /Jurek/topeshop/downloaded_images/5904507207144_1-2222.jpg HTTP/2.0" 200 42031 "-" "baselinker"
51.77.52.107 - - [06/May/2025:06:45:25 +0200] "GET /Jurek/topeshop/downloaded_images/5904507207144_1-2222.jpg HTTP/2.0" 200 42031 "-" "baselinker"
46.101.116.244 - - [06/May/2025:06:45:30 +0200] "GET /Jurek/hlo/feeds/hlo_mallsiSH.xml HTTP/2.0" 200 4838671 "-" "-"
51.77.52.107 - - [06/May/2025:06:45:30 +0200] "GET /Jurek/topeshop/downloaded_images/5904507209452_isoczarne(4).jpg HTTP/2.0" 404 3551 "-" "baselinker"
51.77.52.107 - - [06/May/2025:06:45:31 +0200] "GET /Jurek/topeshop/downloaded_images/5904507209452_isoczarne(4).jpg HTTP/2.0" 404 3551 "-" "baselinker"
51.77.52.107 - - [06/May/2025:06:45:31 +0200] "GET /Jurek/topeshop/downloaded_images/5904507209452_isoczarne(4).jpg HTTP/2.0" 404 3551 "-" "baselinker"
46.101.116.244 - - [06/May/2025:06:45:41 +0200] "GET /Jurek/lgbtshop/feeds/lgbtshop_mallsiSH.xml HTTP/2.0" 200 219252 "-" "-"
46.101.116.244 - - [06/May/2025:06:45:51 +0200] "GET /Jurek/madrex/feeds/madrex_mallsiSH.xml HTTP/2.0" 200 466713 "-" "-"
46.101.116.244 - - [06/May/2025:06:46:01 +0200] "GET /Jurek/motofan/feeds/motofan_mallsiSH.xml HTTP/2.0" 200 2392157 "-" "-"
89.161.206.59 - - [06/May/2025:06:46:04 +0200] "GET /Jurek/hurtownia_przemyslowa/feeds/hp_amazonDE.xml HTTP/1.0" 200 42278269 "-" "-"
3.128.226.211 - - [06/May/2025:06:46:08 +0200] "GET /mall/gr/?C=M&O=D HTTP/2.0" 200 992 "-" "Mozilla/5.0 AppleWebKit/537.36 (KHTML, like Gecko; compatible; ClaudeBot/1.0; +claudebot@anthropic.com)"
66.249.64.165 - - [06/May/2025:06:46:09 +0200] "GET /Jurek/eurofirany/images/360231/1.jpg HTTP/1.1" 200 199002 "-" "Googlebot-Image/1.0"
46.101.116.244 - - [06/May/2025:06:46:11 +0200] "GET /Jurek/aw/feeds/aw_fnacfr.xml HTTP/1.0" 404 3551 "-" "-"
46.101.116.244 - - [06/May/2025:06:46:12 +0200] "GET /Jurek/najtanszysport/feeds/najtanszysport_mallsiSH.xml HTTP/2.0" 200 3983146 "-" "-"
46.101.116.244 - - [06/May/2025:06:46:23 +0200] "GET /Jurek/nexus/feeds/nexus_mallsiSH.xml HTTP/2.0" 200 226643 "-" "-"
46.101.116.244 - - [06/May/2025:06:46:33 +0200] "GET /Jurek/playcob/feeds/playcob_mallsiSH.xml HTTP/2.0" 200 6980135 "-" "-"
89.161.206.59 - - [06/May/2025:06:46:35 +0200] "GET /Jurek/equalo/feeds/equalo_amazonde.xml HTTP/1.0" 200 98005 "-" "-"
46.101.116.244 - - [06/May/2025:06:46:44 +0200] "GET /Jurek/cbdgreen/feeds/cbdgreen_mallsiSH.xml HTTP/2.0" 200 50543 "-" "-"
46.101.116.244 - - [06/May/2025:06:46:54 +0200] "GET /Jurek/cbdgreen/feeds/cbdgreen_mallsiSH.xml HTTP/2.0" 200 50543 "-" "-"
46.101.116.244 - - [06/May/2025:06:47:04 +0200] "GET /Jurek/dekornatort/feeds/dekornatort_mallsiSH.xml HTTP/2.0" 200 225751 "-" "-"
46.101.116.244 - - [06/May/2025:06:47:15 +0200] "GET /Jurek/eurofryz2/feeds/eurofryz2_mallsiSH.xml HTTP/2.0" 200 1376772 "-" "-"
46.101.116.244 - - [06/May/2025:06:47:25 +0200] "GET /Jurek/eurofryz3/feeds/eurofryz3_mallsiSH.xml HTTP/2.0" 200 172221 "-" "-"
46.101.116.244 - - [06/May/2025:06:47:35 +0200] "GET /Jurek/globaldeli/feeds/globaldeli_mallsiSH.xml HTTP/2.0" 200 2590906 "-" "-"
46.101.116.244 - - [06/May/2025:06:47:46 +0200] "GET /Jurek/kobi/feeds/kobi_mallsiSH.xml HTTP/2.0" 200 1993174 "-" "-"
46.101.116.244 - - [06/May/2025:06:47:56 +0200] "GET /Jurek/lendo/feeds/lendo_mallsiSH.xml HTTP/2.0" 200 330378 "-" "-"
46.101.116.244 - - [06/May/2025:06:48:16 +0200] "GET /Jurek/naszedzieci/feeds/naszedzieci_mallsiSH.xml HTTP/2.0" 200 833172423 "-" "-"
89.161.206.59 - - [06/May/2025:06:49:06 +0200] "GET /Jurek/octopia/feeds/octopia_allegronew.xml HTTP/1.0" 200 10109394 "-" "-"
18.188.73.229 - - [06/May/2025:06:50:37 +0200] "GET /marketplaces/cdon_sub/itimport/feeds/stocks.xml HTTP/2.0" 200 50813 "-" "Mozilla/5.0 AppleWebKit/537.36 (KHTML, like Gecko; compatible; ClaudeBot/1.0; +claudebot@anthropic.com)"
46.101.116.244 - - [06/May/2025:06:51:14 +0200] "GET /Jurek/aw/feeds/aw_fnacfr.xml HTTP/1.0" 404 3551 "-" "-"
89.161.206.59 - - [06/May/2025:06:51:32 +0200] "GET /Jurek/kinghoff/feeds/kinghoff_emaghu.xml HTTP/1.0" 200 15493057 "-" "-"
18.190.154.24 - - [06/May/2025:06:52:18 +0200] "GET /marketplaces/cdon_sub/?C=D&O=D HTTP/2.0" 200 517 "-" "Mozilla/5.0 AppleWebKit/537.36 (KHTML, like Gecko; compatible; ClaudeBot/1.0; +claudebot@anthropic.com)"
46.101.116.244 - - [06/May/2025:06:53:05 +0200] "GET /Jurek/reman/feeds/reman_mallsiSH.xml HTTP/2.0" 200 1394823 "-" "-"
46.101.116.244 - - [06/May/2025:06:53:15 +0200] "GET /Jurek/sartrix/feeds/sartrix_mallsiSH.xml HTTP/2.0" 200 649158 "-" "-"
46.101.116.244 - - [06/May/2025:06:53:25 +0200] "GET /Jurek/szpaklampy/feeds/szpaklampy_mallsiSH.xml HTTP/2.0" 200 388215 "-" "-"
46.101.116.244 - - [06/May/2025:06:53:36 +0200] "GET /Jurek/benetech/feeds/benetech_mallsiSH.xml HTTP/2.0" 200 4165432 "-" "-"
46.101.116.244 - - [06/May/2025:06:53:46 +0200] "GET /Jurek/dekoele/feeds/dekoele_mallsish.xml HTTP/2.0" 200 733937 "-" "-"
18.190.158.76 - - [06/May/2025:06:53:49 +0200] "GET /marketplaces/vente/?C=D&O=D HTTP/2.0" 200 1909 "-" "Mozilla/5.0 AppleWebKit/537.36 (KHTML, like Gecko; compatible; ClaudeBot/1.0; +claudebot@anthropic.com)"
66.249.64.165 - - [06/May/2025:06:53:52 +0200] "GET /Jurek/eurofirany/images/383862/2.jpg HTTP/1.1" 200 218673 "-" "Googlebot-Image/1.0"
46.101.116.244 - - [06/May/2025:06:53:57 +0200] "GET /Jurek/drewdon/feeds/drewdon_mallsish.xml HTTP/2.0" 200 504442 "-" "-"
46.101.116.244 - - [06/May/2025:06:54:07 +0200] "GET /Jurek/emaja24/feeds/emaja24_mallsiSH.xml HTTP/2.0" 200 5109662 "-" "-"
46.101.116.244 - - [06/May/2025:06:54:22 +0200] "GET /Jurek/muminky/feeds/muminky_mallsiSH.xml HTTP/2.0" 200 2677635 "-" "-"
46.101.116.244 - - [06/May/2025:06:54:33 +0200] "GET /Jurek/pupus/feeds/pupus_mallsiSH.xml HTTP/2.0" 200 6154494 "-" "-"
46.101.116.244 - - [06/May/2025:06:54:45 +0200] "GET /Jurek/erohurtownia/feeds/erohurtownia_mallsish.xml HTTP/2.0" 200 22846700 "-" "-"
46.101.116.244 - - [06/May/2025:06:55:01 +0200] "GET /Jurek/oromed/feeds/oromed_mallsish.xml HTTP/2.0" 200 1091747 "-" "-"
66.249.64.165 - - [06/May/2025:06:55:34 +0200] "GET /Jurek/eurofirany/images/372640/2.jpg HTTP/1.1" 200 116450 "-" "Googlebot-Image/1.0"
46.101.116.244 - - [06/May/2025:06:55:38 +0200] "GET /Jurek/urwiskowo/feeds/urwiskowo_mallsish.xml HTTP/2.0" 200 9114987 "-" "-"
46.101.116.244 - - [06/May/2025:06:55:50 +0200] "GET /Jurek/eroplace/feeds/eroplace_mallsish.xml HTTP/2.0" 200 52134567 "-" "-"
46.101.116.244 - - [06/May/2025:06:56:12 +0200] "GET /Jurek/bass_new/feeds/bass_mallsish.xml HTTP/2.0" 200 7040780 "-" "-"
46.101.116.244 - - [06/May/2025:06:56:23 +0200] "GET /Jurek/ekuchcikowo/feeds/ekuchcikowo_mallsish.xml HTTP/2.0" 200 12471074 "-" "-"
66.249.64.165 - - [06/May/2025:06:56:25 +0200] "GET /Jurek/eurofirany/images/367764/2.jpg HTTP/1.1" 200 122187 "-" "Googlebot-Image/1.0"
46.101.116.244 - - [06/May/2025:06:56:34 +0200] "GET /Jurek/sempler/feeds/sempler_mallsish.xml HTTP/2.0" 200 6787974 "-" "-"
46.101.116.244 - - [06/May/2025:06:56:45 +0200] "GET /Jurek/bass/feeds/bass_mallsish.xml HTTP/2.0" 200 3961743 "-" "-"
46.101.116.244 - - [06/May/2025:06:57:08 +0200] "GET /Jurek/slayo/feeds/slayo_mallsish.xml HTTP/2.0" 200 183613 "-" "-"
66.249.64.165 - - [06/May/2025:06:57:17 +0200] "GET /Jurek/topeshop/downloaded_images/5904507201906_MIJASBIURKOBRY%C5%81KAANTRACYTLEWEFRONTOT.jpg HTTP/1.1" 404 3551 "-" "Googlebot-Image/1.0"
46.101.116.244 - - [06/May/2025:06:57:19 +0200] "GET /Jurek/mosti/feeds/mosti_mallsish.xml HTTP/2.0" 200 4628064 "-" "-"
46.101.116.244 - - [06/May/2025:06:57:19 +0200] "GET /Jurek/amzteam/feeds/amzteam_mallsish.xml HTTP/2.0" 200 97843 "-" "-"
46.101.116.244 - - [06/May/2025:06:57:19 +0200] "GET /Jurek/artdog/feeds/artdog_mallsish.xml HTTP/2.0" 200 17158553 "-" "-"
46.101.116.244 - - [06/May/2025:06:57:21 +0200] "GET /Jurek/kambukka/feeds/kambukka_mallsish.xml HTTP/2.0" 200 1023148 "-" "-"
46.101.116.244 - - [06/May/2025:06:57:35 +0200] "GET /Jurek/swiatecznygoliat/feeds/swiatecznygoliat_mallsish.xml HTTP/2.0" 200 7054414 "-" "-"
77.79.248.229 - - [06/May/2025:06:58:01 +0200] "GET /Jurek/eurofirany/feeds/eurofirany_manomanode.xml HTTP/1.1" 200 18984897 "-" "Python-urllib/3.11"
3.135.18.100 - - [06/May/2025:06:58:02 +0200] "GET /convert/import/?C=D&O=D HTTP/2.0" 200 649 "-" "Mozilla/5.0 AppleWebKit/537.36 (KHTML, like Gecko; compatible; ClaudeBot/1.0; +claudebot@anthropic.com)"
77.79.248.229 - - [06/May/2025:06:58:04 +0200] "GET /Jurek/hurtownia_przemyslowa/feeds/hp_manomanode.xml HTTP/1.1" 200 49361889 "-" "Python-urllib/3.11"
77.79.248.229 - - [06/May/2025:06:58:04 +0200] "GET /Jurek/topeshop/feeds/topeshop_manoDE.xml HTTP/1.1" 200 2802836 "-" "Python-urllib/3.11"
77.79.248.229 - - [06/May/2025:06:58:05 +0200] "GET /Jurek/aw/feeds/awnarzedzia_manomanoDE.xml HTTP/1.1" 200 90842593 "-" "Python-urllib/3.11"
77.79.248.229 - - [06/May/2025:06:58:06 +0200] "GET /Jurek/action/feeds/action_manomano_DE.xml HTTP/1.1" 200 59633146 "-" "Python-urllib/3.11"
77.79.248.229 - - [06/May/2025:06:58:06 +0200] "GET /Jurek/drewdon/feeds/drewdon_manomanoDE.xml HTTP/1.1" 200 504445 "-" "Python-urllib/3.11"
77.79.248.229 - - [06/May/2025:06:58:07 +0200] "GET /Jurek/pupus/feeds/pupus_manomanoDE.xml HTTP/1.1" 200 6154591 "-" "Python-urllib/3.11"
77.79.248.229 - - [06/May/2025:06:58:07 +0200] "GET /Jurek/reman/feeds/reman_manoamnoDE.xml HTTP/1.1" 200 1394823 "-" "Python-urllib/3.11"
77.79.248.229 - - [06/May/2025:06:58:07 +0200] "GET /Jurek/artdog/feeds/artdog_manomanoDE.xml HTTP/1.1" 200 17158744 "-" "Python-urllib/3.11"
77.79.248.229 - - [06/May/2025:06:58:07 +0200] "GET /Jurek/sartrix/feeds/sartrix_manomanoDE.xml HTTP/1.1" 200 649168 "-" "Python-urllib/3.11"
77.79.248.229 - - [06/May/2025:06:58:07 +0200] "GET /Jurek/hlo/feeds/hlo_manomanoDE.xml HTTP/1.1" 200 4838600 "-" "Python-urllib/3.11"
77.79.248.229 - - [06/May/2025:06:58:09 +0200] "GET /Jurek/hurtmeblowy/feeds/hurtmeblowy_ManoDE.xml HTTP/1.1" 200 7744609 "-" "Python-urllib/3.11"
77.79.248.229 - - [06/May/2025:06:58:09 +0200] "GET /Jurek/drops/feeds/dropsofficecolection_manoDE.xml HTTP/1.1" 200 790742 "-" "Python-urllib/3.11"
77.79.248.229 - - [06/May/2025:06:58:09 +0200] "GET /Jurek/szpaklampy/feeds/szpaklampy_manoDE.xml HTTP/1.1" 200 388214 "-" "Python-urllib/3.11"
77.79.248.229 - - [06/May/2025:06:58:10 +0200] "GET /Jurek/kristronik/feeds/kristronik_manoDE.xml HTTP/1.1" 200 691976 "-" "Python-urllib/3.11"
77.79.248.229 - - [06/May/2025:06:58:10 +0200] "GET /Jurek/techrebal/feeds/techrebal_manoDE.xml HTTP/1.1" 200 1989720 "-" "Python-urllib/3.11"
77.79.248.229 - - [06/May/2025:06:58:10 +0200] "GET /Jurek/proparts/feeds/proparts_manoDE.xml HTTP/1.1" 200 707492 "-" "Python-urllib/3.11"
77.79.248.229 - - [06/May/2025:06:58:19 +0200] "GET /Jurek/broers/feeds/broers_manoDE.xml HTTP/1.1" 200 1982434 "-" "Python-urllib/3.11"
77.79.248.229 - - [06/May/2025:06:58:20 +0200] "GET /Jurek/em3/feeds/em3_manoDE.xml HTTP/1.1" 200 258912 "-" "Python-urllib/3.11"
77.79.248.229 - - [06/May/2025:06:58:20 +0200] "GET /Jurek/evil/feeds/evil_manoDE.xml HTTP/1.1" 200 306385 "-" "Python-urllib/3.11"
77.79.248.229 - - [06/May/2025:06:58:20 +0200] "GET /Jurek/hdwr/feeds/hdwr_manoDE.xml HTTP/1.1" 200 789428 "-" "Python-urllib/3.11"
77.79.248.229 - - [06/May/2025:06:58:20 +0200] "GET /Jurek/lampart/feeds/lampart_manoDE.xml HTTP/1.1" 200 936038 "-" "Python-urllib/3.11"
77.79.248.229 - - [06/May/2025:06:58:20 +0200] "GET /Jurek/nonabox/feeds/nonabox_manoDE.xml HTTP/1.1" 200 33863 "-" "Python-urllib/3.11"
77.79.248.229 - - [06/May/2025:06:58:20 +0200] "GET /Jurek/smxdesign/feeds/smxdesign_manoDE.xml HTTP/1.1" 200 1829027 "-" "Python-urllib/3.11"
77.79.248.229 - - [06/May/2025:06:58:21 +0200] "GET /Jurek/techrebalina/feeds/techrebalina_manoDE.xml HTTP/1.1" 200 2011203 "-" "Python-urllib/3.11"
77.79.248.229 - - [06/May/2025:06:58:21 +0200] "GET /Jurek/cdata/feeds/cdata_manoDE.xml HTTP/1.1" 200 1445123 "-" "Python-urllib/3.11"
77.79.248.229 - - [06/May/2025:06:58:21 +0200] "GET /Jurek/omi/feeds/omi_manoDE.xml HTTP/1.1" 200 8105443 "-" "Python-urllib/3.11"
77.79.248.229 - - [06/May/2025:06:58:21 +0200] "GET /Jurek/tsjerzy/feeds/tsjerzy_manoDE.xml HTTP/1.1" 200 3897628 "-" "Python-urllib/3.11"
77.79.248.229 - - [06/May/2025:06:58:21 +0200] "GET /Jurek/narzbud/feeds/narzbud_manoDE.xml HTTP/1.1" 200 1901260 "-" "Python-urllib/3.11"
77.79.248.229 - - [06/May/2025:06:58:21 +0200] "GET /Jurek/makow/feeds/makow_manoDE.xml HTTP/1.1" 200 21203377 "-" "Python-urllib/3.11"
77.79.248.229 - - [06/May/2025:06:58:21 +0200] "GET /Jurek/jankeski/feeds/jankeski_manoDE.xml HTTP/1.1" 200 6571008 "-" "Python-urllib/3.11"
77.79.248.229 - - [06/May/2025:06:58:21 +0200] "GET /Jurek/gandalf/feeds/gandalf_manoDE.xml HTTP/1.1" 200 1082536 "-" "Python-urllib/3.11"
77.79.248.229 - - [06/May/2025:06:58:22 +0200] "GET /Jurek/cenoman/feeds/cenoman_manoDE.xml HTTP/1.1" 200 5993150 "-" "Python-urllib/3.11"
77.79.248.229 - - [06/May/2025:06:58:22 +0200] "GET /Jurek/zenex/feeds/zenex_manoDE.xml HTTP/1.1" 200 540150 "-" "Python-urllib/3.11"
77.79.248.229 - - [06/May/2025:06:58:22 +0200] "GET /Jurek/andex/feeds/andex_manoDE.xml HTTP/1.1" 200 1953334 "-" "Python-urllib/3.11"
77.79.248.229 - - [06/May/2025:06:58:22 +0200] "GET /Jurek/sebmart/feeds/sebmart_manoDE.xml HTTP/1.1" 200 1598698 "-" "Python-urllib/3.11"
77.79.248.229 - - [06/May/2025:06:58:22 +0200] "GET /Jurek/benetech/feeds/benetech_manode.xml HTTP/1.1" 200 4165409 "-" "Python-urllib/3.11"
77.79.248.229 - - [06/May/2025:06:58:22 +0200] "GET /Jurek/dekoele/feeds/dekoele_manomanoDE.xml HTTP/1.1" 200 733934 "-" "Python-urllib/3.11"
77.79.248.229 - - [06/May/2025:06:58:23 +0200] "GET /Jurek/mojeledy/feeds/mojeledy_manoDE.xml HTTP/1.1" 200 1018440 "-" "Python-urllib/3.11"
77.79.248.229 - - [06/May/2025:06:58:23 +0200] "GET /Jurek/rovato/feeds/rovato_manoDE.xml HTTP/1.1" 200 180834 "-" "Python-urllib/3.11"
77.79.248.229 - - [06/May/2025:06:58:24 +0200] "GET /Jurek/piotrmiedz/feeds/piotrmiedz_manoDE.xml HTTP/1.1" 200 91042521 "-" "Python-urllib/3.11"
77.79.248.229 - - [06/May/2025:06:58:24 +0200] "GET /Jurek/pawonik/feeds/pawonik_manoDE.xml HTTP/1.1" 200 2138415 "-" "Python-urllib/3.11"
77.79.248.229 - - [06/May/2025:06:58:24 +0200] "GET /Jurek/alucon/feeds/alucon_manoDE.xml HTTP/1.1" 200 553576 "-" "Python-urllib/3.11"
77.79.248.229 - - [06/May/2025:06:58:25 +0200] "GET /Jurek/sovapl/feeds/sovapl_manoDE.xml HTTP/1.1" 200 8999436 "-" "Python-urllib/3.11"
77.79.248.229 - - [06/May/2025:06:58:25 +0200] "GET /Jurek/missionair/feeds/missionair_manoDE.xml HTTP/1.1" 200 3154856 "-" "Python-urllib/3.11"
46.101.116.244 - - [06/May/2025:06:58:33 +0200] "GET /Jurek/octopia/feeds/octopia_mallsish.xml HTTP/2.0" 200 10103817 "-" "-"
77.79.248.229 - - [06/May/2025:06:58:40 +0200] "GET /Jurek/fernity/feeds/fernity_manomano.xml HTTP/1.1" 200 4712017 "-" "Python-urllib/3.11"
77.79.248.229 - - [06/May/2025:06:58:40 +0200] "GET /Jurek/eurofirany/feeds/eurofirany_manomanofr.xml HTTP/1.1" 200 18984678 "-" "Python-urllib/3.11"
77.79.248.229 - - [06/May/2025:06:58:41 +0200] "GET /Jurek/hurtownia_przemyslowa/feeds/hp_manomanofr.xml HTTP/1.1" 200 49362117 "-" "Python-urllib/3.11"
77.79.248.229 - - [06/May/2025:06:58:41 +0200] "GET /Jurek/kinghome/feeds/kinghome_manomanofr.xml HTTP/1.1" 200 6170566 "-" "Python-urllib/3.11"
77.79.248.229 - - [06/May/2025:06:58:41 +0200] "GET /Jurek/topeshop/feeds/topeshop_manoFR.xml HTTP/1.1" 200 2802913 "-" "Python-urllib/3.11"
77.79.248.229 - - [06/May/2025:06:58:42 +0200] "GET /Jurek/activeshop/feeds/activeshop_manomanofr.xml HTTP/1.1" 200 10311904 "-" "Python-urllib/3.11"
77.79.248.229 - - [06/May/2025:06:58:43 +0200] "GET /Jurek/aw/feeds/awnarzedzia_manomanofr.xml HTTP/1.1" 200 90844905 "-" "Python-urllib/3.11"
77.79.248.229 - - [06/May/2025:06:58:44 +0200] "GET /Jurek/bass_new/feeds/bass_manofr.xml HTTP/1.1" 200 7040858 "-" "Python-urllib/3.11"
77.79.248.229 - - [06/May/2025:06:58:44 +0200] "GET /Jurek/stema/feeds/stema_manofr.xml HTTP/1.1" 200 883577 "-" "Python-urllib/3.11"
77.79.248.229 - - [06/May/2025:06:58:44 +0200] "GET /Jurek/aiofactory/feeds/aiofactory_manomanoFR.xml HTTP/1.1" 200 2123760 "-" "Python-urllib/3.11"
77.79.248.229 - - [06/May/2025:06:58:45 +0200] "GET /Jurek/hurtmeblowy/feeds/hurtmeblowy_ManoFR.xml HTTP/1.1" 200 7744604 "-" "Python-urllib/3.11"
77.79.248.229 - - [06/May/2025:06:58:45 +0200] "GET /Jurek/szpaklampy/feeds/szpaklampy_manoFR.xml HTTP/1.1" 200 388201 "-" "Python-urllib/3.11"
77.79.248.229 - - [06/May/2025:06:58:45 +0200] "GET /Jurek/drops/feeds/dropsofficecolection_manoFR.xml HTTP/1.1" 200 790815 "-" "Python-urllib/3.11"
77.79.248.229 - - [06/May/2025:06:58:45 +0200] "GET /Jurek/kristronik/feeds/kristronik_manoFR.xml HTTP/1.1" 200 691979 "-" "Python-urllib/3.11"
77.79.248.229 - - [06/May/2025:06:58:45 +0200] "GET /Jurek/techrebal/feeds/techrebal_manoFR.xml HTTP/1.1" 200 1989724 "-" "Python-urllib/3.11"
77.79.248.229 - - [06/May/2025:06:58:45 +0200] "GET /Jurek/proparts/feeds/proparts_manoFR.xml HTTP/1.1" 200 707506 "-" "Python-urllib/3.11"
77.79.248.229 - - [06/May/2025:06:58:45 +0200] "GET /Jurek/kobi/feeds/kobi_manomanoFR.xml HTTP/1.1" 200 1993150 "-" "Python-urllib/3.11"
77.79.248.229 - - [06/May/2025:06:58:45 +0200] "GET /Jurek/rosfix/feeds/rosfix_manoFR.xml HTTP/1.1" 200 35769961 "-" "Python-urllib/3.11"
77.79.248.229 - - [06/May/2025:06:58:46 +0200] "GET /Jurek/matkam/feeds/matkam_manoFR.xml HTTP/1.1" 200 4425461 "-" "Python-urllib/3.11"
77.79.248.229 - - [06/May/2025:06:58:46 +0200] "GET /Jurek/hanex/feeds/hanex_manoFR.xml HTTP/1.1" 200 13931523 "-" "Python-urllib/3.11"
77.79.248.229 - - [06/May/2025:06:58:46 +0200] "GET /Jurek/broers/feeds/broers_manoFR.xml HTTP/1.1" 200 1982506 "-" "Python-urllib/3.11"
77.79.248.229 - - [06/May/2025:06:58:46 +0200] "GET /Jurek/em3/feeds/em3_manoFR.xml HTTP/1.1" 200 258919 "-" "Python-urllib/3.11"
77.79.248.229 - - [06/May/2025:06:58:46 +0200] "GET /Jurek/pagmil/feeds/pagmil_manoFR.xml HTTP/1.1" 200 1802856 "-" "Python-urllib/3.11"
77.79.248.229 - - [06/May/2025:06:58:46 +0200] "GET /Jurek/evil/feeds/evil_manoFR.xml HTTP/1.1" 200 306387 "-" "Python-urllib/3.11"
77.79.248.229 - - [06/May/2025:06:58:46 +0200] "GET /Jurek/hdwr/feeds/hdwr_manoFR.xml HTTP/1.1" 200 789414 "-" "Python-urllib/3.11"
77.79.248.229 - - [06/May/2025:06:58:46 +0200] "GET /Jurek/lampart/feeds/lampart_manoFR.xml HTTP/1.1" 200 936036 "-" "Python-urllib/3.11"
77.79.248.229 - - [06/May/2025:06:58:46 +0200] "GET /Jurek/nonabox/feeds/nonabox_manoFR.xml HTTP/1.1" 200 33864 "-" "Python-urllib/3.11"
