51.77.52.107 - - [05/May/2025:08:53:10 +0200] "GET /Jurek/topeshop/downloaded_images/5902838464311_2.jpg HTTP/2.0" 404 3551 "-" "baselinker"
51.77.52.107 - - [05/May/2025:08:53:11 +0200] "GET /Jurek/topeshop/downloaded_images/5902838464311_2.jpg HTTP/2.0" 404 3551 "-" "baselinker"
51.77.52.107 - - [05/May/2025:08:53:11 +0200] "GET /Jurek/topeshop/downloaded_images/5904507208950_M1_0002.png HTTP/2.0" 200 222774 "-" "baselinker"
66.249.64.165 - - [05/May/2025:08:53:16 +0200] "GET /Jurek/eurofirany/images/383363/3.jpg HTTP/1.1" 200 42114 "-" "Googlebot-Image/1.0"
51.77.52.107 - - [05/May/2025:08:53:19 +0200] "GET /Jurek/topeshop/downloaded_images/5904507208950_M1_0002.png HTTP/2.0" 200 222774 "-" "baselinker"
51.77.52.107 - - [05/May/2025:08:53:28 +0200] "GET /Jurek/topeshop/downloaded_images/5904507208950_M1_0002.png HTTP/2.0" 200 222774 "-" "baselinker"
51.77.52.107 - - [05/May/2025:08:53:38 +0200] "GET /Jurek/topeshop/downloaded_images/5904507209001_M1_0001.png HTTP/2.0" 200 252352 "-" "baselinker"
51.77.52.107 - - [05/May/2025:08:53:45 +0200] "GET /Jurek/topeshop/downloaded_images/5904507209001_M1_0001.png HTTP/2.0" 200 252352 "-" "baselinker"
51.77.52.107 - - [05/May/2025:08:53:54 +0200] "GET /Jurek/topeshop/downloaded_images/5904507209001_M1_0001.png HTTP/2.0" 200 252352 "-" "baselinker"
51.77.52.107 - - [05/May/2025:08:54:05 +0200] "GET /Jurek/topeshop/downloaded_images/5902838464328_2.jpg HTTP/2.0" 404 3551 "-" "baselinker"
51.77.52.107 - - [05/May/2025:08:54:06 +0200] "GET /Jurek/topeshop/downloaded_images/5902838464328_2.jpg HTTP/2.0" 404 3551 "-" "baselinker"
51.77.52.107 - - [05/May/2025:08:54:08 +0200] "GET /Jurek/topeshop/downloaded_images/5902838464328_2.jpg HTTP/2.0" 404 3551 "-" "baselinker"
51.77.52.107 - - [05/May/2025:08:54:09 +0200] "GET /Jurek/topeshop/downloaded_images/5904507207625_20st_m2_niebieski.png HTTP/2.0" 200 388734 "-" "baselinker"
89.161.206.59 - - [05/May/2025:08:54:09 +0200] "GET /Jurek/ekuchcikowo/feeds/ekuchcikowo_skroutz.xml HTTP/1.0" 200 12414750 "-" "-"
51.77.52.107 - - [05/May/2025:08:54:17 +0200] "GET /Jurek/topeshop/downloaded_images/5904507207625_20st_m2_niebieski.png HTTP/2.0" 200 388734 "-" "baselinker"
51.77.52.107 - - [05/May/2025:08:54:25 +0200] "GET /Jurek/topeshop/downloaded_images/5904507207625_20st_m2_niebieski.png HTTP/2.0" 200 388734 "-" "baselinker"
51.77.52.107 - - [05/May/2025:08:54:37 +0200] "GET /Jurek/topeshop/downloaded_images/5902838462386_1_b%c5%82ysk.png HTTP/2.0" 404 3551 "-" "baselinker"
51.77.52.107 - - [05/May/2025:08:54:37 +0200] "GET /Jurek/topeshop/downloaded_images/5902838462386_1_b%c5%82ysk.png HTTP/2.0" 404 3551 "-" "baselinker"
51.77.52.107 - - [05/May/2025:08:54:38 +0200] "GET /Jurek/topeshop/downloaded_images/5902838462386_1_b%c5%82ysk.png HTTP/2.0" 404 3551 "-" "baselinker"
51.77.52.107 - - [05/May/2025:08:54:39 +0200] "GET /Jurek/topeshop/downloaded_images/5902838461129_1_Sonoma_mix.png HTTP/2.0" 404 3551 "-" "baselinker"
51.77.52.107 - - [05/May/2025:08:54:41 +0200] "GET /Jurek/topeshop/downloaded_images/5902838461129_1_Sonoma_mix.png HTTP/2.0" 404 3551 "-" "baselinker"
51.77.52.107 - - [05/May/2025:08:54:42 +0200] "GET /Jurek/topeshop/downloaded_images/5902838461129_1_Sonoma_mix.png HTTP/2.0" 404 3551 "-" "baselinker"
51.77.52.107 - - [05/May/2025:08:54:43 +0200] "GET /Jurek/topeshop/downloaded_images/5902838463550_1_czer%c5%84.png HTTP/2.0" 404 3551 "-" "baselinker"
51.77.52.107 - - [05/May/2025:08:54:43 +0200] "GET /Jurek/topeshop/downloaded_images/5902838463550_1_czer%c5%84.png HTTP/2.0" 404 3551 "-" "baselinker"
51.77.52.107 - - [05/May/2025:08:54:44 +0200] "GET /Jurek/topeshop/downloaded_images/5902838463550_1_czer%c5%84.png HTTP/2.0" 404 3551 "-" "baselinker"
51.77.52.107 - - [05/May/2025:08:54:44 +0200] "GET /Jurek/topeshop/downloaded_images/5904507208967_M2_0002.png HTTP/2.0" 200 131486 "-" "baselinker"
66.135.223.40 - - [05/May/2025:08:54:50 +0200] "GET /Jurek/topeshop/downloaded_images/5902838466681_3.png HTTP/1.1" 404 3551 "http://www.ebay.com/" "Mozilla/5.0 (Windows NT 10.0; Win64; x64) AppleWebKit/537.36 (KHTML, like Gecko) Chrome/123.0.0.0 Safari/537.36"
66.135.223.44 - - [05/May/2025:08:54:50 +0200] "GET /Jurek/topeshop/downloaded_images/5902838466681_2.png HTTP/1.1" 404 3551 "http://www.ebay.com/" "Mozilla/5.0 (Windows NT 10.0; Win64; x64) AppleWebKit/537.36 (KHTML, like Gecko) Chrome/123.0.0.0 Safari/537.36"
66.135.223.42 - - [05/May/2025:08:54:50 +0200] "GET /Jurek/topeshop/downloaded_images/5902838466681_4.png HTTP/1.1" 404 3551 "http://www.ebay.com/" "Mozilla/5.0 (Windows NT 10.0; Win64; x64) AppleWebKit/537.36 (KHTML, like Gecko) Chrome/123.0.0.0 Safari/537.36"
66.135.223.44 - - [05/May/2025:08:54:50 +0200] "GET /Jurek/topeshop/downloaded_images/5902838466681_1.png HTTP/1.1" 404 3551 "http://www.ebay.com/" "Mozilla/5.0 (Windows NT 10.0; Win64; x64) AppleWebKit/537.36 (KHTML, like Gecko) Chrome/123.0.0.0 Safari/537.36"
66.135.223.41 - - [05/May/2025:08:54:50 +0200] "GET /Jurek/topeshop/downloaded_images/5902838466681_20st_1.png HTTP/1.1" 404 3551 "http://www.ebay.com/" "Mozilla/5.0 (Windows NT 10.0; Win64; x64) AppleWebKit/537.36 (KHTML, like Gecko) Chrome/123.0.0.0 Safari/537.36"
66.135.223.44 - - [05/May/2025:08:54:50 +0200] "GET /Jurek/topeshop/downloaded_images/5902838466681_Artisan_Rtv.jpg HTTP/1.1" 404 3551 "http://www.ebay.com/" "Mozilla/5.0 (Windows NT 10.0; Win64; x64) AppleWebKit/537.36 (KHTML, like Gecko) Chrome/123.0.0.0 Safari/537.36"
66.135.223.42 - - [05/May/2025:08:54:51 +0200] "GET /Jurek/topeshop/downloaded_images/5902838466681_I_RTV-140-MALWA_A.jpg HTTP/1.1" 200 139285 "http://www.ebay.com/" "Mozilla/5.0 (Windows NT 10.0; Win64; x64) AppleWebKit/537.36 (KHTML, like Gecko) Chrome/123.0.0.0 Safari/537.36"
66.135.223.43 - - [05/May/2025:08:54:51 +0200] "GET /Jurek/topeshop/downloaded_images/5902838466681_I_RTV-140-MALWA_o_A.jpg HTTP/1.1" 200 138461 "http://www.ebay.com/" "Mozilla/5.0 (Windows NT 10.0; Win64; x64) AppleWebKit/537.36 (KHTML, like Gecko) Chrome/123.0.0.0 Safari/537.36"
51.77.52.107 - - [05/May/2025:08:54:58 +0200] "GET /Jurek/topeshop/downloaded_images/5904507208967_M2_0002.png HTTP/2.0" 200 131486 "-" "baselinker"
51.77.52.107 - - [05/May/2025:08:55:07 +0200] "GET /Jurek/topeshop/downloaded_images/5904507208967_M2_0002.png HTTP/2.0" 200 131486 "-" "baselinker"
51.77.52.107 - - [05/May/2025:08:55:15 +0200] "GET /Jurek/topeshop/downloaded_images/5904507201517_W2_2_3.png HTTP/2.0" 200 372669 "-" "baselinker"
193.33.8.61 - - [05/May/2025:08:55:16 +0200] "GET /Jurek/topeshop/download/topeshop.xml HTTP/2.0" 200 5918975 "https://konsola.dkkapusta1997.usermd.net/" "Mozilla/5.0 (Windows NT 10.0; Win64; x64) AppleWebKit/537.36 (KHTML, like Gecko) Chrome/135.0.0.0 Safari/537.36"
51.77.52.107 - - [05/May/2025:08:55:23 +0200] "GET /Jurek/topeshop/downloaded_images/5904507201517_W2_2_3.png HTTP/2.0" 200 372669 "-" "baselinker"
51.77.52.107 - - [05/May/2025:08:55:29 +0200] "GET /Jurek/topeshop/downloaded_images/5904507201517_W2_2_3.png HTTP/2.0" 200 372669 "-" "baselinker"
51.77.52.107 - - [05/May/2025:08:55:33 +0200] "GET /Jurek/topeshop/downloaded_images/5902838464397_2-biel.jpg HTTP/2.0" 200 26201 "-" "baselinker"
207.46.13.54 - - [05/May/2025:08:55:39 +0200] "GET /Jurek/topeshop/downloaded_images/5904507201906_MIJASBIURKOBRY%C5%81KAANTRACYTLEWEBOKZM.jpg HTTP/2.0" 404 3551 "-" "Mozilla/5.0 AppleWebKit/537.36 (KHTML, like Gecko; compatible; bingbot/2.0; +http://www.bing.com/bingbot.htm) Chrome/116.0.1938.76 Safari/537.36"
207.46.13.54 - - [05/May/2025:08:55:40 +0200] "GET /Jurek/topeshop/downloaded_images/5904507201876_KUBABIURKOBRY%C5%81KAANTRACYTBOKZM.jpg HTTP/2.0" 404 3551 "-" "Mozilla/5.0 AppleWebKit/537.36 (KHTML, like Gecko; compatible; bingbot/2.0; +http://www.bing.com/bingbot.htm) Chrome/116.0.1938.76 Safari/537.36"
51.77.52.107 - - [05/May/2025:08:55:42 +0200] "GET /Jurek/topeshop/downloaded_images/5902838464397_2-biel.jpg HTTP/2.0" 200 26201 "-" "baselinker"
207.46.13.127 - - [05/May/2025:08:55:44 +0200] "GET /Jurek/eurofirany/images/423214/0.jpg HTTP/2.0" 200 0 "-" "Mozilla/5.0 AppleWebKit/537.36 (KHTML, like Gecko; compatible; bingbot/2.0; +http://www.bing.com/bingbot.htm) Chrome/116.0.1938.76 Safari/537.36"
51.77.52.107 - - [05/May/2025:08:55:47 +0200] "GET /Jurek/topeshop/downloaded_images/5902838464397_2-biel.jpg HTTP/2.0" 200 26201 "-" "baselinker"
157.55.39.63 - - [05/May/2025:08:55:49 +0200] "GET /Jurek/eurofirany/images/423209/0.jpg HTTP/2.0" 200 0 "-" "Mozilla/5.0 AppleWebKit/537.36 (KHTML, like Gecko; compatible; bingbot/2.0; +http://www.bing.com/bingbot.htm) Chrome/116.0.1938.76 Safari/537.36"
51.77.52.107 - - [05/May/2025:08:55:53 +0200] "GET /Jurek/topeshop/downloaded_images/5904507201401_20-st.jpg HTTP/2.0" 200 159410 "-" "baselinker"
51.77.52.107 - - [05/May/2025:08:56:14 +0200] "GET /Jurek/topeshop/downloaded_images/5904507201401_20-st.jpg HTTP/2.0" 200 159410 "-" "baselinker"
51.77.52.107 - - [05/May/2025:08:56:45 +0200] "GET /Jurek/topeshop/downloaded_images/5904507201401_20-st.jpg HTTP/2.0" 200 159410 "-" "baselinker"
51.77.52.107 - - [05/May/2025:08:56:52 +0200] "GET /Jurek/topeshop/downloaded_images/5904507201395_20-st.jpg HTTP/2.0" 200 92537 "-" "baselinker"
51.77.52.107 - - [05/May/2025:08:56:59 +0200] "GET /Jurek/topeshop/downloaded_images/5904507201395_20-st.jpg HTTP/2.0" 200 92537 "-" "baselinker"
51.77.52.107 - - [05/May/2025:08:57:04 +0200] "GET /Jurek/topeshop/downloaded_images/5904507201395_20-st.jpg HTTP/2.0" 200 92537 "-" "baselinker"
51.77.52.107 - - [05/May/2025:08:57:20 +0200] "GET /Jurek/topeshop/downloaded_images/5904507201418_20-st.jpg HTTP/2.0" 200 185736 "-" "baselinker"
51.77.52.107 - - [05/May/2025:08:57:26 +0200] "GET /Jurek/topeshop/downloaded_images/5904507201418_20-st.jpg HTTP/2.0" 200 185736 "-" "baselinker"
51.77.52.107 - - [05/May/2025:08:57:33 +0200] "GET /Jurek/topeshop/downloaded_images/5904507201418_20-st.jpg HTTP/2.0" 200 185736 "-" "baselinker"
51.77.52.107 - - [05/May/2025:08:57:51 +0200] "GET /Jurek/topeshop/downloaded_images/5902838466254_1_3.png HTTP/2.0" 200 237377 "-" "baselinker"
51.77.52.107 - - [05/May/2025:08:58:03 +0200] "GET /Jurek/topeshop/downloaded_images/5902838466254_1_3.png HTTP/2.0" 200 237377 "-" "baselinker"
51.77.52.107 - - [05/May/2025:08:58:18 +0200] "GET /Jurek/topeshop/downloaded_images/5902838466254_1_3.png HTTP/2.0" 200 237377 "-" "baselinker"
51.77.52.107 - - [05/May/2025:08:58:21 +0200] "GET /Jurek/topeshop/downloaded_images/5902838466421_1_1.png HTTP/2.0" 200 187916 "-" "baselinker"
51.77.52.107 - - [05/May/2025:08:58:36 +0200] "GET /Jurek/topeshop/downloaded_images/5902838466421_1_1.png HTTP/2.0" 200 187916 "-" "baselinker"
51.77.52.107 - - [05/May/2025:08:58:48 +0200] "GET /Jurek/topeshop/downloaded_images/5902838466421_1_1.png HTTP/2.0" 200 187916 "-" "baselinker"
89.161.206.59 - - [05/May/2025:08:58:53 +0200] "GET /Jurek/sportprise/feeds/sportprise_skroutz.xml HTTP/1.0" 200 11782213 "-" "-"
51.77.52.107 - - [05/May/2025:08:59:03 +0200] "GET /Jurek/topeshop/downloaded_images/5902838466445_1.png HTTP/2.0" 200 364045 "-" "baselinker"
51.77.52.107 - - [05/May/2025:08:59:23 +0200] "GET /Jurek/topeshop/downloaded_images/5902838466445_1.png HTTP/2.0" 200 364045 "-" "baselinker"
51.77.52.107 - - [05/May/2025:08:59:39 +0200] "GET /Jurek/topeshop/downloaded_images/5902838466445_1.png HTTP/2.0" 200 364045 "-" "baselinker"
51.77.52.107 - - [05/May/2025:08:59:58 +0200] "GET /Jurek/topeshop/downloaded_images/5904507206611_DUOANTRACYTCZERNBRYLKABOKZM.jpg HTTP/2.0" 404 3551 "-" "baselinker"
51.77.52.107 - - [05/May/2025:08:59:58 +0200] "GET /Jurek/topeshop/downloaded_images/5904507206611_DUOANTRACYTCZERNBRYLKABOKZM.jpg HTTP/2.0" 404 3551 "-" "baselinker"
51.77.52.107 - - [05/May/2025:08:59:59 +0200] "GET /Jurek/topeshop/downloaded_images/5904507206611_DUOANTRACYTCZERNBRYLKABOKZM.jpg HTTP/2.0" 404 3551 "-" "baselinker"
51.77.52.107 - - [05/May/2025:08:59:59 +0200] "GET /Jurek/topeshop/downloaded_images/5902838468807_DUOARTISANBRY%c5%81KABOKZM.jpg HTTP/2.0" 404 3551 "-" "baselinker"
51.77.52.107 - - [05/May/2025:09:00:00 +0200] "GET /Jurek/topeshop/downloaded_images/5902838468807_DUOARTISANBRY%c5%81KABOKZM.jpg HTTP/2.0" 404 3551 "-" "baselinker"
51.77.52.107 - - [05/May/2025:09:00:00 +0200] "GET /Jurek/topeshop/downloaded_images/5902838468807_DUOARTISANBRY%c5%81KABOKZM.jpg HTTP/2.0" 404 3551 "-" "baselinker"
51.77.52.107 - - [05/May/2025:09:00:01 +0200] "GET /Jurek/topeshop/downloaded_images/5902838468814_DUO-BIEL-BRY%c5%81KA-BOK-ZM.jpg HTTP/2.0" 404 3551 "-" "baselinker"
51.77.52.107 - - [05/May/2025:09:00:02 +0200] "GET /Jurek/topeshop/downloaded_images/5902838468814_DUO-BIEL-BRY%c5%81KA-BOK-ZM.jpg HTTP/2.0" 404 3551 "-" "baselinker"
51.77.52.107 - - [05/May/2025:09:00:02 +0200] "GET /Jurek/topeshop/downloaded_images/5902838468814_DUO-BIEL-BRY%c5%81KA-BOK-ZM.jpg HTTP/2.0" 404 3551 "-" "baselinker"
51.77.52.107 - - [05/May/2025:09:00:03 +0200] "GET /Jurek/topeshop/downloaded_images/5902838468821_DUOCZERNBRYLKABOKZM.jpg HTTP/2.0" 404 3551 "-" "baselinker"
51.77.52.107 - - [05/May/2025:09:00:03 +0200] "GET /Jurek/topeshop/downloaded_images/5902838468821_DUOCZERNBRYLKABOKZM.jpg HTTP/2.0" 404 3551 "-" "baselinker"
51.77.52.107 - - [05/May/2025:09:00:04 +0200] "GET /Jurek/topeshop/downloaded_images/5902838468821_DUOCZERNBRYLKABOKZM.jpg HTTP/2.0" 404 3551 "-" "baselinker"
51.77.52.107 - - [05/May/2025:09:00:04 +0200] "GET /Jurek/topeshop/downloaded_images/5902838468838_DUOSONOMABRY%c5%81KABOKZM.jpg HTTP/2.0" 404 3551 "-" "baselinker"
51.77.52.107 - - [05/May/2025:09:00:05 +0200] "GET /Jurek/topeshop/downloaded_images/5902838468838_DUOSONOMABRY%c5%81KABOKZM.jpg HTTP/2.0" 404 3551 "-" "baselinker"
51.77.52.107 - - [05/May/2025:09:00:05 +0200] "GET /Jurek/topeshop/downloaded_images/5902838468838_DUOSONOMABRY%c5%81KABOKZM.jpg HTTP/2.0" 404 3551 "-" "baselinker"
51.77.52.107 - - [05/May/2025:09:00:06 +0200] "GET /Jurek/topeshop/downloaded_images/5904507202583_wieszaki_2,2.jpg HTTP/2.0" 200 14927 "-" "baselinker"
51.77.52.107 - - [05/May/2025:09:00:22 +0200] "GET /Jurek/topeshop/downloaded_images/5904507202583_wieszaki_2,2.jpg HTTP/2.0" 200 14927 "-" "baselinker"
51.77.52.107 - - [05/May/2025:09:00:38 +0200] "GET /Jurek/topeshop/downloaded_images/5904507202583_wieszaki_2,2.jpg HTTP/2.0" 200 14927 "-" "baselinker"
52.17.80.36 - - [05/May/2025:09:00:41 +0200] "GET /marketplaces/ubaldi/results/ubaldi.csv HTTP/1.1" 200 147219 "-" "Mirakl HttpClient"
51.77.52.107 - - [05/May/2025:09:00:49 +0200] "GET /Jurek/topeshop/downloaded_images/5904507200589_1.jpg HTTP/2.0" 200 25667 "-" "baselinker"
51.77.52.107 - - [05/May/2025:09:01:09 +0200] "GET /Jurek/topeshop/downloaded_images/5904507200589_1.jpg HTTP/2.0" 200 25667 "-" "baselinker"
46.101.116.244 - - [05/May/2025:09:01:14 +0200] "GET /Jurek/hurtownia_przemyslowa/feeds/hp_alza.xml HTTP/2.0" 200 49380615 "-" "-"
51.77.52.107 - - [05/May/2025:09:01:16 +0200] "GET /Jurek/topeshop/downloaded_images/5904507200589_1.jpg HTTP/2.0" 200 25667 "-" "baselinker"
35.204.39.32 - - [05/May/2025:09:01:20 +0200] "GET /marketplaces/vente/results/vente_nl.csv HTTP/1.1" 200 147219 "-" "Mirakl HttpClient"
35.204.39.32 - - [05/May/2025:09:01:20 +0200] "GET /marketplaces/vente/results/vente_fr.csv HTTP/1.1" 200 147219 "-" "Mirakl HttpClient"
35.204.39.32 - - [05/May/2025:09:01:20 +0200] "GET /marketplaces/vente/results/vente_be.csv HTTP/1.1" 200 147219 "-" "Mirakl HttpClient"
35.204.39.32 - - [05/May/2025:09:01:20 +0200] "GET /marketplaces/vente/results/vente_it.csv HTTP/1.1" 200 147219 "-" "Mirakl HttpClient"
35.204.39.32 - - [05/May/2025:09:01:20 +0200] "GET /marketplaces/vente/results/vente_es.csv HTTP/1.1" 200 147219 "-" "Mirakl HttpClient"
35.204.39.32 - - [05/May/2025:09:01:20 +0200] "GET /marketplaces/vente/results/vente_de.csv HTTP/1.1" 200 147219 "-" "Mirakl HttpClient"
51.77.52.107 - - [05/May/2025:09:01:21 +0200] "GET /Jurek/topeshop/downloaded_images/5902838468487_1artisan.png HTTP/2.0" 404 3551 "-" "baselinker"
51.77.52.107 - - [05/May/2025:09:01:22 +0200] "GET /Jurek/topeshop/downloaded_images/5902838468487_1artisan.png HTTP/2.0" 404 3551 "-" "baselinker"
51.77.52.107 - - [05/May/2025:09:01:22 +0200] "GET /Jurek/topeshop/downloaded_images/5902838468487_1artisan.png HTTP/2.0" 404 3551 "-" "baselinker"
51.77.52.107 - - [05/May/2025:09:01:23 +0200] "GET /Jurek/topeshop/downloaded_images/5902838468456_Oaplwieszak.png HTTP/2.0" 404 3551 "-" "baselinker"
51.77.52.107 - - [05/May/2025:09:01:23 +0200] "GET /Jurek/topeshop/downloaded_images/5902838468456_Oaplwieszak.png HTTP/2.0" 404 3551 "-" "baselinker"
51.77.52.107 - - [05/May/2025:09:01:24 +0200] "GET /Jurek/topeshop/downloaded_images/5902838468456_Oaplwieszak.png HTTP/2.0" 404 3551 "-" "baselinker"
51.77.52.107 - - [05/May/2025:09:01:25 +0200] "GET /Jurek/topeshop/downloaded_images/5902838468463_1sonoma.png HTTP/2.0" 404 3551 "-" "baselinker"
51.77.52.107 - - [05/May/2025:09:01:25 +0200] "GET /Jurek/topeshop/downloaded_images/5902838468463_1sonoma.png HTTP/2.0" 404 3551 "-" "baselinker"
51.77.52.107 - - [05/May/2025:09:01:28 +0200] "GET /Jurek/topeshop/downloaded_images/5902838468463_1sonoma.png HTTP/2.0" 404 3551 "-" "baselinker"
46.101.116.244 - - [05/May/2025:09:01:32 +0200] "GET /Jurek/hurtownia_przemyslowa2/feeds/hp_alza.xml HTTP/2.0" 200 49783405 "-" "-"
66.249.64.166 - - [05/May/2025:09:01:34 +0200] "GET /Jurek/eurofirany/images/367111/5.jpg HTTP/1.1" 200 112085 "-" "Googlebot-Image/1.0"
51.77.52.107 - - [05/May/2025:09:01:45 +0200] "GET /Jurek/topeshop/downloaded_images/5904507207434_20st_artisan_ant.jpg HTTP/2.0" 200 87981 "-" "baselinker"
46.101.116.244 - - [05/May/2025:09:01:45 +0200] "GET /Jurek/hurtownia_przemyslowa/feeds/hp_kaufcz.xml HTTP/2.0" 200 49380541 "-" "-"
52.209.168.113 - - [05/May/2025:09:01:55 +0200] "GET /marketplaces/rue/results/rue.csv HTTP/1.1" 200 147219 "-" "Mirakl HttpClient"
46.101.116.244 - - [05/May/2025:09:01:57 +0200] "GET /Jurek/aw/feeds/aw_fnacfr.xml HTTP/1.0" 404 3551 "-" "-"
51.77.52.107 - - [05/May/2025:09:02:00 +0200] "GET /Jurek/topeshop/downloaded_images/5904507207434_20st_artisan_ant.jpg HTTP/2.0" 200 87981 "-" "baselinker"
85.14.86.141 - - [05/May/2025:09:02:01 +0200] "GET /Jurek/vida_morele/feeds/VidaPL_all.xml HTTP/2.0" 200 768753154 "-" "MarketplaceAPI curl/7.74.0 PHP/8"
51.77.52.107 - - [05/May/2025:09:02:04 +0200] "GET /Jurek/topeshop/downloaded_images/5904507207434_20st_artisan_ant.jpg HTTP/2.0" 200 87981 "-" "baselinker"
51.77.52.107 - - [05/May/2025:09:02:07 +0200] "GET /Jurek/topeshop/downloaded_images/5904507201609_20_st_close_artisan.jpg HTTP/2.0" 200 65686 "-" "baselinker"
216.244.66.228 - - [05/May/2025:09:02:08 +0200] "GET /robots.txt HTTP/1.1" 403 146 "-" "Mozilla/5.0 (compatible; DotBot/1.2; +https://opensiteexplorer.org/dotbot; help@moz.com)"
46.101.116.244 - - [05/May/2025:09:02:17 +0200] "GET /Jurek/hurtownia_przemyslowa/feeds/hp_kaufsk.xml HTTP/2.0" 200 49360768 "-" "-"
51.77.52.107 - - [05/May/2025:09:02:24 +0200] "GET /Jurek/topeshop/downloaded_images/5904507201609_20_st_close_artisan.jpg HTTP/2.0" 200 65686 "-" "baselinker"
89.161.206.59 - - [05/May/2025:09:02:24 +0200] "GET /Jurek/roger/feeds/roger_bol.xml HTTP/1.0" 200 1147391 "-" "-"
89.161.206.59 - - [05/May/2025:09:02:25 +0200] "GET /Jurek/smxdesign/feeds/smxdesign_bol.xml HTTP/1.0" 200 1829030 "-" "-"
89.161.206.59 - - [05/May/2025:09:02:25 +0200] "GET /Jurek/shiori/feeds/shiori_bol.xml HTTP/1.0" 200 453658 "-" "-"
89.161.206.59 - - [05/May/2025:09:02:26 +0200] "GET /Jurek/dropkz/feeds/dropkz_bol.xml HTTP/1.0" 200 70014541 "-" "-"
89.161.206.59 - - [05/May/2025:09:02:29 +0200] "GET /Jurek/eoptimo/feeds/eoptimo_bol.xml HTTP/1.0" 200 2094371 "-" "-"
89.161.206.59 - - [05/May/2025:09:02:29 +0200] "GET /Jurek/sklep24amk/feeds/sklep24amk_bol.xml HTTP/1.0" 200 3894635 "-" "-"
89.161.206.59 - - [05/May/2025:09:02:31 +0200] "GET /Jurek/sportprise/feeds/sportprise_bol.xml HTTP/1.0" 200 12725565 "-" "-"
89.161.206.59 - - [05/May/2025:09:02:31 +0200] "GET /Jurek/elavia/feeds/elavia_bol.xml HTTP/1.0" 200 2497274 "-" "-"
89.161.206.59 - - [05/May/2025:09:02:32 +0200] "GET /Jurek/cdata/feeds/cdata_bol.xml HTTP/1.0" 200 1445116 "-" "-"
89.161.206.59 - - [05/May/2025:09:02:32 +0200] "GET /Jurek/broers/feeds/broers_bol.xml HTTP/1.0" 200 1982459 "-" "-"
89.161.206.59 - - [05/May/2025:09:02:32 +0200] "GET /Jurek/princelh/feeds/princelh_bol.xml HTTP/1.0" 200 133437 "-" "-"
89.161.206.59 - - [05/May/2025:09:02:33 +0200] "GET /Jurek/mosti/feeds/mosti_bol.xml HTTP/1.0" 200 4628134 "-" "-"
89.161.206.59 - - [05/May/2025:09:02:33 +0200] "GET /Jurek/evil/feeds/evil_bol.xml HTTP/1.0" 200 306384 "-" "-"
89.161.206.59 - - [05/May/2025:09:02:33 +0200] "GET /Jurek/drewdon/feeds/drewdon_bol.xml HTTP/1.0" 200 504439 "-" "-"
51.77.52.107 - - [05/May/2025:09:02:33 +0200] "GET /Jurek/topeshop/downloaded_images/5904507201609_20_st_close_artisan.jpg HTTP/2.0" 200 65686 "-" "baselinker"
89.161.206.59 - - [05/May/2025:09:02:33 +0200] "GET /Jurek/dekoele/feeds/dekoele_bol.xml HTTP/1.0" 200 733934 "-" "-"
89.161.206.59 - - [05/May/2025:09:02:33 +0200] "GET /Jurek/pawonik/feeds/pawonik_bol.xml HTTP/1.0" 200 2138410 "-" "-"
89.161.206.59 - - [05/May/2025:09:02:34 +0200] "GET /Jurek/sartrix/feeds/sartrix_bol.xml HTTP/1.0" 200 649169 "-" "-"
89.161.206.59 - - [05/May/2025:09:02:34 +0200] "GET /Jurek/hdwr/feeds/hdwr_BOL.xml HTTP/1.0" 200 789435 "-" "-"
89.161.206.59 - - [05/May/2025:09:02:34 +0200] "GET /Jurek/szpaklampy/feeds/szpaklampy_bol.xml HTTP/1.0" 200 388197 "-" "-"
89.161.206.59 - - [05/May/2025:09:02:34 +0200] "GET /Jurek/techrebal/feeds/techrebal_bol.xml HTTP/1.0" 200 1989731 "-" "-"
89.161.206.59 - - [05/May/2025:09:02:34 +0200] "GET /Jurek/muminky/feeds/muminky_bol.xml HTTP/1.0" 200 2677710 "-" "-"
89.161.206.59 - - [05/May/2025:09:02:35 +0200] "GET /Jurek/nonabox/feeds/nonabox_bol.xml HTTP/1.0" 200 33865 "-" "-"
89.161.206.59 - - [05/May/2025:09:02:35 +0200] "GET /Jurek/nexus/feeds/nexus_bol.xml HTTP/1.0" 200 226636 "-" "-"
89.161.206.59 - - [05/May/2025:09:02:35 +0200] "GET /Jurek/proparts/feeds/proparts_bol.xml HTTP/1.0" 200 707472 "-" "-"
89.161.206.59 - - [05/May/2025:09:02:35 +0200] "GET /Jurek/techrebalina/feeds/techrebalina_bol.xml HTTP/1.0" 200 2011204 "-" "-"
89.161.206.59 - - [05/May/2025:09:02:35 +0200] "GET /Jurek/cenoman/feeds/cenoman_bol.xml HTTP/1.0" 200 5993159 "-" "-"
89.161.206.59 - - [05/May/2025:09:02:36 +0200] "GET /Jurek/newtechele/feeds/newtechele_bol.xml HTTP/1.0" 200 2438494 "-" "-"
89.161.206.59 - - [05/May/2025:09:02:36 +0200] "GET /Jurek/beltimore/feeds/beltimore_bol.xml HTTP/1.0" 200 18651066 "-" "-"
89.161.206.59 - - [05/May/2025:09:02:37 +0200] "GET /Jurek/omi/feeds/omi_bol.xml HTTP/1.0" 200 8105463 "-" "-"
89.161.206.59 - - [05/May/2025:09:02:37 +0200] "GET /Jurek/reman/feeds/reman_bol.xml HTTP/1.0" 200 1394810 "-" "-"
89.161.206.59 - - [05/May/2025:09:02:37 +0200] "GET /Jurek/em3/feeds/em3_bol.xml HTTP/1.0" 200 258914 "-" "-"
89.161.206.59 - - [05/May/2025:09:02:37 +0200] "GET /Jurek/takapara/feeds/takapara_bol.xml HTTP/1.0" 200 1342558 "-" "-"
89.161.206.59 - - [05/May/2025:09:02:38 +0200] "GET /Jurek/kamar/feeds/kamar_bol.xml HTTP/1.0" 200 25549959 "-" "-"
89.161.206.59 - - [05/May/2025:09:02:39 +0200] "GET /Jurek/zenex/feeds/zenex_bol.xml HTTP/1.0" 200 540155 "-" "-"
89.161.206.59 - - [05/May/2025:09:02:39 +0200] "GET /Jurek/tsjerzy/feeds/tsjerzy_bol.xml HTTP/1.0" 200 3897611 "-" "-"
89.161.206.59 - - [05/May/2025:09:02:40 +0200] "GET /Jurek/carbonyway/feeds/carbonyway_bol.xml HTTP/1.0" 200 3076013 "-" "-"
89.161.206.59 - - [05/May/2025:09:02:40 +0200] "GET /Jurek/avenido/feeds/avenido_bol.xml HTTP/1.0" 200 720103 "-" "-"
89.161.206.59 - - [05/May/2025:09:02:40 +0200] "GET /Jurek/fertes/feeds/fertes_bol.xml HTTP/1.0" 200 2361840 "-" "-"
89.161.206.59 - - [05/May/2025:09:02:41 +0200] "GET /Jurek/filmal/feeds/filmal_bol.xml HTTP/1.0" 200 139268 "-" "-"
89.161.206.59 - - [05/May/2025:09:02:41 +0200] "GET /Jurek/sebmart/feeds/sebmart_bol.xml HTTP/1.0" 200 1598741 "-" "-"
89.161.206.59 - - [05/May/2025:09:02:41 +0200] "GET /Jurek/amzteam/feeds/amzteam_bol.xml HTTP/1.0" 200 97874 "-" "-"
89.161.206.59 - - [05/May/2025:09:02:41 +0200] "GET /Jurek/equalo/feeds/equalo_bol.xml HTTP/1.0" 200 98006 "-" "-"
89.161.206.59 - - [05/May/2025:09:02:41 +0200] "GET /Jurek/mojeledy/feeds/mojeledy_bol.xml HTTP/1.0" 200 1018446 "-" "-"
89.161.206.59 - - [05/May/2025:09:02:42 +0200] "GET /Jurek/sovapl/feeds/sovapl_bol.xml HTTP/1.0" 200 8999096 "-" "-"
89.161.206.59 - - [05/May/2025:09:02:42 +0200] "GET /Jurek/apresto/feeds/apresto_bol.xml HTTP/1.0" 200 1327620 "-" "-"
89.161.206.59 - - [05/May/2025:09:02:42 +0200] "GET /Jurek/missionair/feeds/missionair_bol.xml HTTP/1.0" 200 3154877 "-" "-"
89.161.206.59 - - [05/May/2025:09:02:43 +0200] "GET /Jurek/mechdecor/feeds/mechdecor_bol.xml HTTP/1.0" 200 596202 "-" "-"
89.161.206.59 - - [05/May/2025:09:02:44 +0200] "GET /Jurek/jankeski/feeds/jankeski_bol.xml HTTP/1.0" 200 6571141 "-" "-"
89.161.206.59 - - [05/May/2025:09:02:44 +0200] "GET /Jurek/alucon/feeds/alucon_bol.xml HTTP/1.0" 200 553574 "-" "-"
89.161.206.59 - - [05/May/2025:09:02:45 +0200] "GET /Jurek/proadventure/feeds/proadventure_bol.xml HTTP/1.0" 200 10763336 "-" "-"
46.101.116.244 - - [05/May/2025:09:02:47 +0200] "GET /Jurek/hurtownia_przemyslowa/feeds/hp_kaufde.xml HTTP/2.0" 200 49360018 "-" "-"
51.77.52.107 - - [05/May/2025:09:02:55 +0200] "GET /Jurek/topeshop/downloaded_images/5904507201593_20_st_biel.jpg HTTP/2.0" 200 27342 "-" "baselinker"
89.161.206.59 - - [05/May/2025:09:03:07 +0200] "GET /Jurek/eroplace/feeds/eroplace_bol.xml HTTP/1.0" 200 52134826 "-" "-"
89.161.206.59 - - [05/May/2025:09:03:07 +0200] "GET /Jurek/waks/feeds/waks_bol.xml HTTP/1.0" 200 1594466 "-" "-"
89.161.206.59 - - [05/May/2025:09:03:08 +0200] "GET /Jurek/luxma/feeds/luxma_bol.xml HTTP/1.0" 200 8058572 "-" "-"
89.161.206.59 - - [05/May/2025:09:03:08 +0200] "GET /Jurek/german/feeds/german_bol.xml HTTP/1.0" 200 2853525 "-" "-"
89.161.206.59 - - [05/May/2025:09:03:08 +0200] "GET /Jurek/kristronik/feeds/kristronik_bol.xml HTTP/1.0" 200 691981 "-" "-"
89.161.206.59 - - [05/May/2025:09:03:08 +0200] "GET /Jurek/hlo/feeds/hlo_bol.xml HTTP/1.0" 200 4838667 "-" "-"
89.161.206.59 - - [05/May/2025:09:03:09 +0200] "GET /Jurek/makow/feeds/makow_bol.xml HTTP/1.0" 200 21203711 "-" "-"
89.161.206.59 - - [05/May/2025:09:03:10 +0200] "GET /Jurek/beautycare/feeds/beautycare_bol.xml HTTP/1.0" 200 1181269 "-" "-"
46.101.116.244 - - [05/May/2025:09:03:13 +0200] "GET /Jurek/rovicky/feeds/rovicky_zalando.xml HTTP/1.0" 200 14978286 "-" "-"
51.77.52.107 - - [05/May/2025:09:03:14 +0200] "GET /Jurek/topeshop/downloaded_images/5904507201593_20_st_biel.jpg HTTP/2.0" 200 27342 "-" "baselinker"
89.161.206.59 - - [05/May/2025:09:03:18 +0200] "GET /Jurek/elecomp/feeds/elecomp_emagro.xml HTTP/1.0" 200 2868346 "-" "-"
89.161.206.59 - - [05/May/2025:09:03:19 +0200] "GET /Jurek/emaja24/feeds/emaja24_emagro.xml HTTP/1.0" 200 5102218 "-" "-"
89.161.206.59 - - [05/May/2025:09:03:21 +0200] "GET /Jurek/pagmil/feeds/pagmil_emaghu.xml HTTP/1.0" 200 1803751 "-" "-"
89.161.206.59 - - [05/May/2025:09:03:24 +0200] "GET /Jurek/porzwkablach/feeds/porzwkablach_emag.xml HTTP/1.0" 200 1200378 "-" "-"
89.161.206.59 - - [05/May/2025:09:03:24 +0200] "GET /Jurek/galopibhp/feeds/galopibhp_emagro.xml HTTP/1.0" 200 1973665 "-" "-"
51.77.52.107 - - [05/May/2025:09:03:31 +0200] "GET /Jurek/topeshop/downloaded_images/5904507201593_20_st_biel.jpg HTTP/2.0" 200 27342 "-" "baselinker"
51.77.52.107 - - [05/May/2025:09:03:53 +0200] "GET /Jurek/topeshop/downloaded_images/5904507201616_Sonoma_20_st.jpg HTTP/2.0" 200 77847 "-" "baselinker"
52.209.168.113 - - [05/May/2025:09:03:55 +0200] "GET /marketplaces/carrefour/results/carrefour.csv HTTP/1.1" 200 147221 "-" "Mirakl HttpClient"
46.101.116.244 - - [05/May/2025:09:03:58 +0200] "GET /Jurek/kobi/feeds/kobi_alza.xml HTTP/2.0" 200 677359 "-" "-"
46.101.116.244 - - [05/May/2025:09:04:08 +0200] "GET /Jurek/madrex/feeds/madrex_alza.xml HTTP/2.0" 200 466749 "-" "-"
51.77.52.107 - - [05/May/2025:09:04:11 +0200] "GET /Jurek/topeshop/downloaded_images/5904507201616_Sonoma_20_st.jpg HTTP/2.0" 200 77847 "-" "baselinker"
51.77.52.107 - - [05/May/2025:09:04:15 +0200] "GET /Jurek/topeshop/downloaded_images/5904507201616_Sonoma_20_st.jpg HTTP/2.0" 200 77847 "-" "baselinker"
46.101.116.244 - - [05/May/2025:09:04:19 +0200] "GET /Jurek/matkam/feeds/matkam_alza.xml HTTP/2.0" 200 4426322 "-" "-"
51.77.52.107 - - [05/May/2025:09:04:19 +0200] "GET /Jurek/topeshop/downloaded_images/5902838467671_2.png HTTP/2.0" 404 3551 "-" "baselinker"
51.77.52.107 - - [05/May/2025:09:04:19 +0200] "GET /Jurek/topeshop/downloaded_images/5902838467671_2.png HTTP/2.0" 404 3551 "-" "baselinker"
51.77.52.107 - - [05/May/2025:09:04:20 +0200] "GET /Jurek/topeshop/downloaded_images/5902838467671_2.png HTTP/2.0" 404 3551 "-" "baselinker"
51.77.52.107 - - [05/May/2025:09:04:20 +0200] "GET /Jurek/topeshop/downloaded_images/5902838467688_2_sonoma.jpg HTTP/2.0" 404 3551 "-" "baselinker"
51.77.52.107 - - [05/May/2025:09:04:21 +0200] "GET /Jurek/topeshop/downloaded_images/5902838467688_2_sonoma.jpg HTTP/2.0" 404 3551 "-" "baselinker"
51.77.52.107 - - [05/May/2025:09:04:21 +0200] "GET /Jurek/topeshop/downloaded_images/5902838467688_2_sonoma.jpg HTTP/2.0" 404 3551 "-" "baselinker"
51.77.52.107 - - [05/May/2025:09:04:22 +0200] "GET /Jurek/topeshop/downloaded_images/5904507206994_W40_pafos_3_.jpg HTTP/2.0" 200 19981 "-" "baselinker"
51.77.52.107 - - [05/May/2025:09:04:27 +0200] "GET /Jurek/topeshop/downloaded_images/5904507206994_W40_pafos_3_.jpg HTTP/2.0" 200 19981 "-" "baselinker"
46.101.116.244 - - [05/May/2025:09:04:29 +0200] "GET /Jurek/stiv/feeds/stiv_alza.xml HTTP/2.0" 200 2057068 "-" "-"
51.77.52.107 - - [05/May/2025:09:04:29 +0200] "GET /Jurek/topeshop/downloaded_images/5904507206994_W40_pafos_3_.jpg HTTP/2.0" 200 19981 "-" "baselinker"
51.77.52.107 - - [05/May/2025:09:04:35 +0200] "GET /Jurek/topeshop/downloaded_images/5904507206536_PAFOS_RSS_40_CLOSE.jpg HTTP/2.0" 200 20304 "-" "baselinker"
51.77.52.107 - - [05/May/2025:09:04:39 +0200] "GET /Jurek/topeshop/downloaded_images/5904507206536_PAFOS_RSS_40_CLOSE.jpg HTTP/2.0" 200 20304 "-" "baselinker"
51.77.52.107 - - [05/May/2025:09:04:42 +0200] "GET /Jurek/topeshop/downloaded_images/5904507206536_PAFOS_RSS_40_CLOSE.jpg HTTP/2.0" 200 20304 "-" "baselinker"
51.77.52.107 - - [05/May/2025:09:04:48 +0200] "GET /Jurek/topeshop/downloaded_images/5904507206543_profill.jpg HTTP/2.0" 200 18055 "-" "baselinker"
51.77.52.107 - - [05/May/2025:09:05:04 +0200] "GET /Jurek/topeshop/downloaded_images/5904507206543_profill.jpg HTTP/2.0" 200 18055 "-" "baselinker"
51.77.52.107 - - [05/May/2025:09:05:06 +0200] "GET /Jurek/topeshop/downloaded_images/5904507206543_profill.jpg HTTP/2.0" 200 18055 "-" "baselinker"
51.77.52.107 - - [05/May/2025:09:05:25 +0200] "GET /Jurek/topeshop/downloaded_images/5904507207007_W80_pafos_3_.jpg HTTP/2.0" 200 27123 "-" "baselinker"
51.77.52.107 - - [05/May/2025:09:05:40 +0200] "GET /Jurek/topeshop/downloaded_images/5904507207007_W80_pafos_3_.jpg HTTP/2.0" 200 27123 "-" "baselinker"
46.101.116.244 - - [05/May/2025:09:05:44 +0200] "GET /Jurek/kalama/feeds/kalama_alza.xml HTTP/2.0" 200 2662556 "-" "-"
51.77.52.107 - - [05/May/2025:09:05:45 +0200] "GET /Jurek/topeshop/downloaded_images/5904507207007_W80_pafos_3_.jpg HTTP/2.0" 200 27123 "-" "baselinker"
51.77.52.107 - - [05/May/2025:09:05:47 +0200] "GET /Jurek/topeshop/downloaded_images/5904507206550_profilOpis.jpg HTTP/2.0" 200 28492 "-" "baselinker"
51.77.52.107 - - [05/May/2025:09:05:53 +0200] "GET /Jurek/topeshop/downloaded_images/5904507206550_profilOpis.jpg HTTP/2.0" 200 28492 "-" "baselinker"
46.101.116.244 - - [05/May/2025:09:05:55 +0200] "GET /Jurek/proadventure/feeds/proadventure_alza.xml HTTP/2.0" 200 10767203 "-" "-"
46.101.116.244 - - [05/May/2025:09:06:07 +0200] "GET /Jurek/awparts/feeds/awparts_alza.xml HTTP/2.0" 200 142494835 "-" "-"
51.77.52.107 - - [05/May/2025:09:06:11 +0200] "GET /Jurek/topeshop/downloaded_images/5904507206550_profilOpis.jpg HTTP/2.0" 200 28492 "-" "baselinker"
51.77.52.107 - - [05/May/2025:09:06:18 +0200] "GET /Jurek/topeshop/downloaded_images/5902838469934_biel-2.jpg HTTP/2.0" 200 26327 "-" "baselinker"
51.77.52.107 - - [05/May/2025:09:06:23 +0200] "GET /Jurek/topeshop/downloaded_images/5902838469934_biel-2.jpg HTTP/2.0" 200 26327 "-" "baselinker"
46.101.116.244 - - [05/May/2025:09:06:25 +0200] "GET /Jurek/aw/feeds/aw_fnacfr.xml HTTP/1.0" 404 3551 "-" "-"
51.77.52.107 - - [05/May/2025:09:06:35 +0200] "GET /Jurek/topeshop/downloaded_images/5902838469934_biel-2.jpg HTTP/2.0" 200 26327 "-" "baselinker"
89.161.206.59 - - [05/May/2025:09:06:40 +0200] "GET /Jurek/oromed/feeds/oromed_skroutz.xml HTTP/1.0" 200 1091758 "-" "-"
89.161.206.59 - - [05/May/2025:09:06:41 +0200] "GET /Jurek/ralmetal/feeds/ralmetal_skroutz.xml HTTP/1.0" 200 2039917 "-" "-"
51.77.52.107 - - [05/May/2025:09:06:54 +0200] "GET /Jurek/topeshop/downloaded_images/5902838469941_sonoma-2.jpg HTTP/2.0" 200 62307 "-" "baselinker"
46.101.116.244 - - [05/May/2025:09:06:58 +0200] "GET /Jurek/sportprise/feeds/sportprise_alza.xml HTTP/2.0" 200 12729885 "-" "-"
89.161.206.59 - - [05/May/2025:09:06:58 +0200] "GET /Jurek/ekolight/feeds/ekolioght_skroutz.xml HTTP/1.0" 200 8975989 "-" "-"
89.161.206.59 - - [05/May/2025:09:07:07 +0200] "GET /Jurek/galopi/feeds/galopi_skroutz.xml HTTP/1.0" 200 2111109 "-" "-"
89.161.206.59 - - [05/May/2025:09:07:07 +0200] "GET /Jurek/spali/feeds/spali_skroutz.xml HTTP/1.0" 200 77056 "-" "-"
89.161.206.59 - - [05/May/2025:09:07:09 +0200] "GET /Jurek/eurofryz/feeds/eurofryz_skroutz.xml HTTP/1.0" 200 1381555 "-" "-"
89.161.206.59 - - [05/May/2025:09:07:09 +0200] "GET /Jurek/combine/feeds/combine_skroutz.xml HTTP/1.0" 200 210556 "-" "-"
51.77.52.107 - - [05/May/2025:09:07:11 +0200] "GET /Jurek/topeshop/downloaded_images/5902838469941_sonoma-2.jpg HTTP/2.0" 200 62307 "-" "baselinker"
51.77.52.107 - - [05/May/2025:09:07:14 +0200] "GET /Jurek/topeshop/downloaded_images/5902838469941_sonoma-2.jpg HTTP/2.0" 200 62307 "-" "baselinker"
51.77.52.107 - - [05/May/2025:09:07:18 +0200] "GET /Jurek/topeshop/downloaded_images/5904507206857_Bry%c5%82a20004.jpg HTTP/2.0" 200 74064 "-" "baselinker"
46.101.116.244 - - [05/May/2025:09:07:21 +0200] "GET /Jurek/coppotech/feeds/coppotech_alza.xml HTTP/2.0" 200 38061814 "-" "-"
89.161.206.59 - - [05/May/2025:09:07:27 +0200] "GET /Jurek/velinda/feeds/velinda_skroutz.xml HTTP/1.0" 200 23453 "-" "-"
51.77.52.107 - - [05/May/2025:09:07:29 +0200] "GET /Jurek/topeshop/downloaded_images/5904507206857_Bry%c5%82a20004.jpg HTTP/2.0" 200 74064 "-" "baselinker"
89.161.206.59 - - [05/May/2025:09:07:30 +0200] "GET /Jurek/erohurtownia/feeds/erohurtownia_skroutz.xml HTTP/1.0" 200 22767941 "-" "-"
89.161.206.59 - - [05/May/2025:09:07:31 +0200] "GET /Jurek/reman/feeds/reman_skroutz.xml HTTP/1.0" 200 1394829 "-" "-"
89.161.206.59 - - [05/May/2025:09:07:33 +0200] "GET /Jurek/urwiskowo/feeds/urwiskowo_skroutz.xml HTTP/1.0" 200 9115014 "-" "-"
46.101.116.244 - - [05/May/2025:09:07:34 +0200] "GET /Jurek/erohurtownia/feeds/erohurtownia_alza.xml HTTP/2.0" 200 22846056 "-" "-"
89.161.206.59 - - [05/May/2025:09:07:35 +0200] "GET /Jurek/hurtownia_przemyslowa/feeds/hp_skroutz.xml HTTP/1.0" 200 42738085 "-" "-"
51.77.52.107 - - [05/May/2025:09:07:39 +0200] "GET /Jurek/topeshop/downloaded_images/5904507206857_Bry%c5%82a20004.jpg HTTP/2.0" 200 74064 "-" "baselinker"
51.77.52.107 - - [05/May/2025:09:07:41 +0200] "GET /Jurek/topeshop/downloaded_images/5902838465875_Bry%c5%82a20003.jpg HTTP/2.0" 200 48393 "-" "baselinker"
89.161.206.59 - - [05/May/2025:09:07:46 +0200] "GET /Jurek/topeshop/feeds/topeshop_amazonFR.xml HTTP/1.0" 200 2795392 "-" "-"
46.101.116.244 - - [05/May/2025:09:07:51 +0200] "GET /Jurek/euroshop/feeds/euroshop_alza.xml HTTP/2.0" 200 20020842 "-" "-"
51.77.52.107 - - [05/May/2025:09:08:02 +0200] "GET /Jurek/topeshop/downloaded_images/5902838465875_Bry%c5%82a20003.jpg HTTP/2.0" 200 48393 "-" "baselinker"
46.101.116.244 - - [05/May/2025:09:08:03 +0200] "GET /Jurek/najtanszysport/feeds/najtanszysport_alza.xml HTTP/2.0" 200 3982895 "-" "-"
51.77.52.107 - - [05/May/2025:09:08:04 +0200] "GET /Jurek/topeshop/downloaded_images/5902838465875_Bry%c5%82a20003.jpg HTTP/2.0" 200 48393 "-" "baselinker"
51.77.52.107 - - [05/May/2025:09:08:07 +0200] "GET /Jurek/topeshop/downloaded_images/5902838465882_Bry%c5%82a20001.jpg HTTP/2.0" 200 84192 "-" "baselinker"
46.101.116.244 - - [05/May/2025:09:08:13 +0200] "GET /Jurek/rider/feeds/rider_alza.xml HTTP/2.0" 200 8166338 "-" "-"
51.77.52.107 - - [05/May/2025:09:08:14 +0200] "GET /Jurek/topeshop/downloaded_images/5902838465882_Bry%c5%82a20001.jpg HTTP/2.0" 200 84192 "-" "baselinker"
51.77.52.107 - - [05/May/2025:09:08:17 +0200] "GET /Jurek/topeshop/downloaded_images/5902838465882_Bry%c5%82a20001.jpg HTTP/2.0" 200 84192 "-" "baselinker"
51.77.52.107 - - [05/May/2025:09:08:20 +0200] "GET /Jurek/topeshop/downloaded_images/5904507206840_Bry%c5%82a20005.jpg HTTP/2.0" 200 68690 "-" "baselinker"
51.77.52.107 - - [05/May/2025:09:08:28 +0200] "GET /Jurek/topeshop/downloaded_images/5904507206840_Bry%c5%82a20005.jpg HTTP/2.0" 200 68690 "-" "baselinker"
46.101.116.244 - - [05/May/2025:09:08:28 +0200] "GET /Jurek/intsell/feeds/intsell_alza.xml HTTP/2.0" 200 342157477 "-" "-"
89.161.206.59 - - [05/May/2025:09:08:29 +0200] "GET /Jurek/kobi/feeds/kobi_skroutz.xml HTTP/1.0" 200 1993248 "-" "-"
89.161.206.59 - - [05/May/2025:09:08:30 +0200] "GET /Jurek/evil/feeds/evil_skroutz.xml HTTP/1.0" 200 252478 "-" "-"
89.161.206.59 - - [05/May/2025:09:08:30 +0200] "GET /Jurek/antiodor/feeds/antiodor_skroutz.xml HTTP/1.0" 200 137852 "-" "-"
89.161.206.59 - - [05/May/2025:09:08:31 +0200] "GET /Jurek/sartrix/feeds/sartrix_skroutz.xml HTTP/1.0" 200 649190 "-" "-"
89.161.206.59 - - [05/May/2025:09:08:31 +0200] "GET /Jurek/twojsklep/feeds/twojsklep_skroutz.xml HTTP/1.0" 200 126800 "-" "-"
89.161.206.59 - - [05/May/2025:09:08:32 +0200] "GET /Jurek/drewdon/feeds/drewdon_skroutz.xml HTTP/1.0" 200 358918 "-" "-"
89.161.206.59 - - [05/May/2025:09:08:33 +0200] "GET /Jurek/dekoele/feeds/dekoele_skroutz.xml HTTP/1.0" 200 378808 "-" "-"
89.161.206.59 - - [05/May/2025:09:08:33 +0200] "GET /Jurek/primohurt/feeds/primohurt_skroutz.xml HTTP/1.0" 200 17187279 "-" "-"
89.161.206.59 - - [05/May/2025:09:08:34 +0200] "GET /Jurek/rider/feeds/rider_skroutz.xml HTTP/1.0" 200 8165172 "-" "-"
89.161.206.59 - - [05/May/2025:09:08:34 +0200] "GET /Jurek/expertauto/feeds/expertauto_skroutz.xml HTTP/1.0" 200 1158917 "-" "-"
89.161.206.59 - - [05/May/2025:09:08:35 +0200] "GET /Jurek/qbox/feeds/qbox_skroutz.xml HTTP/1.0" 200 398710 "-" "-"
51.77.52.107 - - [05/May/2025:09:08:35 +0200] "GET /Jurek/topeshop/downloaded_images/5904507206840_Bry%c5%82a20005.jpg HTTP/2.0" 200 68690 "-" "baselinker"
89.161.206.59 - - [05/May/2025:09:08:44 +0200] "GET /Jurek/eroplace/feeds/eroplace_amazonde.xml HTTP/1.0" 200 52134521 "-" "-"
89.161.206.59 - - [05/May/2025:09:08:45 +0200] "GET /Jurek/eroplace/feeds/eroplace_amazonse.xml HTTP/1.0" 200 52159244 "-" "-"
89.161.206.59 - - [05/May/2025:09:08:47 +0200] "GET /Jurek/eroplace/feeds/eroplace_amazonnl.xml HTTP/1.0" 200 52134878 "-" "-"
89.161.206.59 - - [05/May/2025:09:08:47 +0200] "GET /Jurek/aiofactory/feeds/aiofactory_skroutz.xml HTTP/1.0" 200 1850787 "-" "-"
89.161.206.59 - - [05/May/2025:09:08:49 +0200] "GET /Jurek/ekotex/feeds/ekotex_skroutz.xml HTTP/1.0" 200 197810 "-" "-"
89.161.206.59 - - [05/May/2025:09:08:49 +0200] "GET /Jurek/eroplace/feeds/eroplace_amazonfr.xml HTTP/1.0" 200 52134938 "-" "-"
89.161.206.59 - - [05/May/2025:09:08:50 +0200] "GET /Jurek/motofan/feeds/motofan_skroutz.xml HTTP/1.0" 200 2392153 "-" "-"
89.161.206.59 - - [05/May/2025:09:08:51 +0200] "GET /Jurek/elecomp/feeds/elecomp_skroutz.xml HTTP/1.0" 200 2769791 "-" "-"
89.161.206.59 - - [05/May/2025:09:08:51 +0200] "GET /Jurek/eroplace/feeds/eroplace_amazones.xml HTTP/1.0" 200 52134934 "-" "-"
89.161.206.59 - - [05/May/2025:09:09:01 +0200] "GET /Jurek/najtanszysport/feeds/najtanszysport_skroutz.xml HTTP/1.0" 200 3291277 "-" "-"
51.77.52.107 - - [05/May/2025:09:09:01 +0200] "GET /Jurek/topeshop/downloaded_images/5904507200350_Bry%c5%82a20008.jpg HTTP/2.0" 200 75832 "-" "baselinker"
51.77.52.107 - - [05/May/2025:09:09:08 +0200] "GET /Jurek/topeshop/downloaded_images/5904507200350_Bry%c5%82a20008.jpg HTTP/2.0" 200 75832 "-" "baselinker"
51.77.52.107 - - [05/May/2025:09:09:19 +0200] "GET /Jurek/topeshop/downloaded_images/5904507200350_Bry%c5%82a20008.jpg HTTP/2.0" 200 75832 "-" "baselinker"
193.33.8.61 - - [05/May/2025:09:09:21 +0200] "GET /Jurek/topeshop/download/topeshop.xml HTTP/2.0" 200 5918975 "https://konsola.dkkapusta1997.usermd.net/" "Mozilla/5.0 (Macintosh; Intel Mac OS X 10_15_7) AppleWebKit/537.36 (KHTML, like Gecko) Chrome/135.0.0.0 Safari/537.36"
185.6.76.18 - - [05/May/2025:09:09:23 +0200] "GET /marketplaces/skroutz/feeds/shumee.xml HTTP/1.1" 200 414067830 "-" "SkroutzBot v1.0"
193.33.8.61 - - [05/May/2025:09:09:24 +0200] "GET /favicon.ico HTTP/2.0" 404 3551 "https://dkkapusta1997.usermd.net/Jurek/topeshop/download/topeshop.xml" "Mozilla/5.0 (Macintosh; Intel Mac OS X 10_15_7) AppleWebKit/537.36 (KHTML, like Gecko) Chrome/135.0.0.0 Safari/537.36"
89.161.206.59 - - [05/May/2025:09:09:35 +0200] "GET /Jurek/bass_new/feeds/bass_ebayde.xml HTTP/1.0" 200 4806639 "-" "-"
51.77.52.107 - - [05/May/2025:09:10:08 +0200] "GET /Jurek/topeshop/downloaded_images/5902838465899_Bry%c5%82a20006.jpg HTTP/2.0" 200 40554 "-" "baselinker"
51.77.52.107 - - [05/May/2025:09:10:16 +0200] "GET /Jurek/topeshop/downloaded_images/5902838465899_Bry%c5%82a20006.jpg HTTP/2.0" 200 40554 "-" "baselinker"
85.14.86.141 - - [05/May/2025:09:10:19 +0200] "GET /Jurek/kinghoff/feeds/kinghoff_morele.xml HTTP/2.0" 200 15461451 "-" "MarketplaceAPI curl/7.74.0 PHP/8"
46.101.116.244 - - [05/May/2025:09:10:19 +0200] "GET /Jurek/sempler/feeds/sempler_alza.xml HTTP/2.0" 200 6789381 "-" "-"
51.77.52.107 - - [05/May/2025:09:10:28 +0200] "GET /Jurek/topeshop/downloaded_images/5902838465899_Bry%c5%82a20006.jpg HTTP/2.0" 200 40554 "-" "baselinker"
46.101.116.244 - - [05/May/2025:09:10:31 +0200] "GET /Jurek/eroplace/feeds/eroplace_alza.xml HTTP/2.0" 200 52164457 "-" "-"
51.77.52.107 - - [05/May/2025:09:10:35 +0200] "GET /Jurek/topeshop/downloaded_images/5902838465905_Bry%c5%82a20007.jpg HTTP/2.0" 200 79338 "-" "baselinker"
89.161.206.59 - - [05/May/2025:09:10:39 +0200] "GET /Jurek/topeshop/feeds/topeshop_amazonIT.xml HTTP/1.0" 200 2795379 "-" "-"
89.161.206.59 - - [05/May/2025:09:10:39 +0200] "GET /Jurek/topeshop/feeds/topeshop_amazonDE.xml HTTP/1.0" 200 2795273 "-" "-"
89.161.206.59 - - [05/May/2025:09:10:39 +0200] "GET /Jurek/topeshop/feeds/topeshop_amazonSE.xml HTTP/1.0" 200 2796107 "-" "-"
89.161.206.59 - - [05/May/2025:09:10:39 +0200] "GET /Jurek/topeshop/feeds/topeshop_amazonBE.xml HTTP/1.0" 200 2795402 "-" "-"
51.77.52.107 - - [05/May/2025:09:10:43 +0200] "GET /Jurek/topeshop/downloaded_images/5902838465905_Bry%c5%82a20007.jpg HTTP/2.0" 200 79338 "-" "baselinker"
46.101.116.244 - - [05/May/2025:09:10:44 +0200] "GET /Jurek/mosti/feeds/mosti_alza.xml HTTP/2.0" 200 4629132 "-" "-"
46.101.116.244 - - [05/May/2025:09:10:45 +0200] "GET /Jurek/biokominki/feeds/biokomiinki_alza.xml HTTP/2.0" 200 1422347 "-" "-"
66.249.64.165 - - [05/May/2025:09:10:48 +0200] "GET /Jurek/topeshop/downloaded_images/5902838468425_Opal_Sonoma_Szafka.jpg HTTP/1.1" 404 3551 "-" "Googlebot-Image/1.0"
66.249.64.165 - - [05/May/2025:09:10:48 +0200] "GET /Jurek/eurofirany/images/400180/8.jpg HTTP/1.1" 200 90775 "-" "Googlebot-Image/1.0"
89.161.206.59 - - [05/May/2025:09:10:52 +0200] "GET /Jurek/aiofactory/feeds/aiofactory_amazonbe.xml HTTP/1.0" 200 2123764 "-" "-"
51.77.52.107 - - [05/May/2025:09:10:54 +0200] "GET /Jurek/topeshop/downloaded_images/5902838465905_Bry%c5%82a20007.jpg HTTP/2.0" 200 79338 "-" "baselinker"
51.77.52.107 - - [05/May/2025:09:10:58 +0200] "GET /Jurek/topeshop/downloaded_images/5904507209124_kaszmir20st0001.jpg HTTP/2.0" 200 38890 "-" "baselinker"
51.77.52.107 - - [05/May/2025:09:11:08 +0200] "GET /Jurek/topeshop/downloaded_images/5904507209124_kaszmir20st0001.jpg HTTP/2.0" 200 38890 "-" "baselinker"
51.77.52.107 - - [05/May/2025:09:11:10 +0200] "GET /Jurek/topeshop/downloaded_images/5904507209124_kaszmir20st0001.jpg HTTP/2.0" 200 38890 "-" "baselinker"
89.161.206.59 - - [05/May/2025:09:11:13 +0200] "GET /Jurek/playcob/feeds/playcob_amazonde.xml HTTP/1.0" 200 6980101 "-" "-"
89.161.206.59 - - [05/May/2025:09:11:13 +0200] "GET /Jurek/kinghoff/feeds/kinghoff_amazonfr.xml HTTP/1.0" 200 15460647 "-" "-"
89.161.206.59 - - [05/May/2025:09:11:14 +0200] "GET /Jurek/artdog/feeds/artdog_amazonfr.xml HTTP/1.0" 200 17158874 "-" "-"
89.161.206.59 - - [05/May/2025:09:11:15 +0200] "GET /Jurek/artdog/feeds/artdog_amazones.xml HTTP/1.0" 200 17157864 "-" "-"
89.161.206.59 - - [05/May/2025:09:11:16 +0200] "GET /Jurek/kinghoff/feeds/kinghoff_amazones.xml HTTP/1.0" 200 15460696 "-" "-"
51.77.52.107 - - [05/May/2025:09:11:24 +0200] "GET /Jurek/topeshop/downloaded_images/5904507209230_kaszmir20st0003.jpg HTTP/2.0" 200 43249 "-" "baselinker"
51.77.52.107 - - [05/May/2025:09:11:33 +0200] "GET /Jurek/topeshop/downloaded_images/5904507209230_kaszmir20st0003.jpg HTTP/2.0" 200 43249 "-" "baselinker"
46.101.116.244 - - [05/May/2025:09:11:34 +0200] "GET /Jurek/aw/feeds/aw_fnacfr.xml HTTP/1.0" 404 3551 "-" "-"
51.77.52.107 - - [05/May/2025:09:11:42 +0200] "GET /Jurek/topeshop/downloaded_images/5904507209230_kaszmir20st0003.jpg HTTP/2.0" 200 43249 "-" "baselinker"
51.77.52.107 - - [05/May/2025:09:11:49 +0200] "GET /Jurek/topeshop/downloaded_images/5904507207144_1-2222.jpg HTTP/2.0" 200 42031 "-" "baselinker"
46.101.116.244 - - [05/May/2025:09:11:49 +0200] "GET /Jurek/vida_morele/feeds/vida_alza.xml HTTP/2.0" 200 768277548 "-" "-"
51.77.52.107 - - [05/May/2025:09:11:59 +0200] "GET /Jurek/topeshop/downloaded_images/5904507207144_1-2222.jpg HTTP/2.0" 200 42031 "-" "baselinker"
51.77.52.107 - - [05/May/2025:09:12:07 +0200] "GET /Jurek/topeshop/downloaded_images/5904507207144_1-2222.jpg HTTP/2.0" 200 42031 "-" "baselinker"
89.161.206.59 - - [05/May/2025:09:12:09 +0200] "GET /Jurek/rovato/feeds/rovato_skroutz.xml HTTP/1.0" 200 99165 "-" "-"
51.77.52.107 - - [05/May/2025:09:12:19 +0200] "GET /Jurek/topeshop/downloaded_images/5904507209452_isoczarne(4).jpg HTTP/2.0" 404 3551 "-" "baselinker"
51.77.52.107 - - [05/May/2025:09:12:19 +0200] "GET /Jurek/topeshop/downloaded_images/5904507209452_isoczarne(4).jpg HTTP/2.0" 404 3551 "-" "baselinker"
51.77.52.107 - - [05/May/2025:09:12:20 +0200] "GET /Jurek/topeshop/downloaded_images/5904507209452_isoczarne(4).jpg HTTP/2.0" 404 3551 "-" "baselinker"
66.249.64.165 - - [05/May/2025:09:12:49 +0200] "GET /Jurek/eurofirany/images/398405/3.jpg HTTP/1.1" 200 96713 "-" "Googlebot-Image/1.0"
83.7.47.138 - - [05/May/2025:09:14:33 +0200] "GET /Jurek/eurofirany/images/373038/0.jpg HTTP/2.0" 200 80342 "-" "Mozilla/5.0 (Windows NT 10.0; Win64; x64) AppleWebKit/537.36 (KHTML, like Gecko) Chrome/135.0.0.0 Safari/537.36"
83.7.47.138 - - [05/May/2025:09:14:33 +0200] "GET /Jurek/eurofirany/images/398684/0.jpg HTTP/2.0" 200 144085 "-" "Mozilla/5.0 (Windows NT 10.0; Win64; x64) AppleWebKit/537.36 (KHTML, like Gecko) Chrome/135.0.0.0 Safari/537.36"
83.7.47.138 - - [05/May/2025:09:14:33 +0200] "GET /Jurek/eurofirany/images/366555/0.jpg HTTP/2.0" 200 81629 "-" "Mozilla/5.0 (Windows NT 10.0; Win64; x64) AppleWebKit/537.36 (KHTML, like Gecko) Chrome/135.0.0.0 Safari/537.36"
83.7.47.138 - - [05/May/2025:09:14:33 +0200] "GET /Jurek/eurofirany/images/350278/0.jpg HTTP/2.0" 200 71897 "-" "Mozilla/5.0 (Windows NT 10.0; Win64; x64) AppleWebKit/537.36 (KHTML, like Gecko) Chrome/135.0.0.0 Safari/537.36"
89.161.206.59 - - [05/May/2025:09:14:52 +0200] "GET /Jurek/takapara/feeds/takapara_skroutz.xml HTTP/1.0" 200 1342395 "-" "-"
89.161.206.59 - - [05/May/2025:09:14:53 +0200] "GET /Jurek/cenoman/feeds/cenoman_skroutz.xml HTTP/1.0" 200 5993171 "-" "-"
216.113.184.105 - - [05/May/2025:09:14:57 +0200] "GET /Jurek/topeshop/downloaded_images/5904507209421_modern2p-slim2.jpg HTTP/1.1" 200 42640 "http://www.ebay.com/" "Mozilla/5.0 (Windows NT 10.0; Win64; x64) AppleWebKit/537.36 (KHTML, like Gecko) Chrome/123.0.0.0 Safari/537.36"
216.113.184.105 - - [05/May/2025:09:14:57 +0200] "GET /Jurek/topeshop/downloaded_images/5904507209421_Modern2PSLIM(2).jpg HTTP/1.1" 404 3551 "http://www.ebay.com/" "Mozilla/5.0 (Windows NT 10.0; Win64; x64) AppleWebKit/537.36 (KHTML, like Gecko) Chrome/123.0.0.0 Safari/537.36"
216.113.184.102 - - [05/May/2025:09:14:57 +0200] "GET /Jurek/topeshop/downloaded_images/5904507209421_Modern2PSLIM(5).jpg HTTP/1.1" 404 3551 "http://www.ebay.com/" "Mozilla/5.0 (Windows NT 10.0; Win64; x64) AppleWebKit/537.36 (KHTML, like Gecko) Chrome/123.0.0.0 Safari/537.36"
216.113.184.102 - - [05/May/2025:09:14:57 +0200] "GET /Jurek/topeshop/downloaded_images/5904507209421_wizmodern2PSlim.jpg HTTP/1.1" 200 130063 "http://www.ebay.com/" "Mozilla/5.0 (Windows NT 10.0; Win64; x64) AppleWebKit/537.36 (KHTML, like Gecko) Chrome/123.0.0.0 Safari/537.36"
216.113.184.105 - - [05/May/2025:09:14:57 +0200] "GET /Jurek/topeshop/downloaded_images/5904507209421_modern2p-slim.jpg HTTP/1.1" 200 48915 "http://www.ebay.com/" "Mozilla/5.0 (Windows NT 10.0; Win64; x64) AppleWebKit/537.36 (KHTML, like Gecko) Chrome/123.0.0.0 Safari/537.36"
216.113.184.104 - - [05/May/2025:09:14:57 +0200] "GET /Jurek/topeshop/downloaded_images/5904507209421_Modern2PSLIM(3).jpg HTTP/1.1" 404 3551 "http://www.ebay.com/" "Mozilla/5.0 (Windows NT 10.0; Win64; x64) AppleWebKit/537.36 (KHTML, like Gecko) Chrome/123.0.0.0 Safari/537.36"
216.113.184.101 - - [05/May/2025:09:14:57 +0200] "GET /Jurek/topeshop/downloaded_images/5904507209421_Modern2PSLIM(4).jpg HTTP/1.1" 404 3551 "http://www.ebay.com/" "Mozilla/5.0 (Windows NT 10.0; Win64; x64) AppleWebKit/537.36 (KHTML, like Gecko) Chrome/123.0.0.0 Safari/537.36"
