85.232.241.194 - - [05/May/2025:14:30:36 +0200] "GET /Jurek/winoszarnia/feeds/winoszarnia_cdon_se.xml HTTP/1.1" 200 6066075 "-" "python-requests/2.32.3"
85.232.241.194 - - [05/May/2025:14:30:36 +0200] "GET /Jurek/winoszarnia/feeds/winoszarnia_cdon_dk.xml HTTP/1.1" 200 6066079 "-" "python-requests/2.32.3"
85.232.241.194 - - [05/May/2025:14:30:36 +0200] "GET /Jurek/winoszarnia/feeds/winoszarnia_cdon_fi.xml HTTP/1.1" 200 6064553 "-" "python-requests/2.32.3"
85.232.241.194 - - [05/May/2025:14:30:36 +0200] "GET /Jurek/lgbtshop/feeds/lgbtshop_cdon_se.xml HTTP/1.1" 200 219303 "-" "python-requests/2.32.3"
85.232.241.194 - - [05/May/2025:14:30:36 +0200] "GET /Jurek/lgbtshop/feeds/lgbtshop_cdon_dk.xml HTTP/1.1" 200 219300 "-" "python-requests/2.32.3"
85.232.241.194 - - [05/May/2025:14:30:36 +0200] "GET /Jurek/lgbtshop/feeds/lgbtshop_cdon_fi.xml HTTP/1.1" 200 219252 "-" "python-requests/2.32.3"
85.232.241.194 - - [05/May/2025:14:30:36 +0200] "GET /Jurek/erohurtownia/feeds/erohurtownia_cdon_se.xml HTTP/1.1" 200 22860656 "-" "python-requests/2.32.3"
85.232.241.194 - - [05/May/2025:14:30:36 +0200] "GET /Jurek/erohurtownia/feeds/erohurtownia_cdon_dk.xml HTTP/1.1" 200 22860578 "-" "python-requests/2.32.3"
85.232.241.194 - - [05/May/2025:14:30:36 +0200] "GET /Jurek/erohurtownia/feeds/erohurtownia_cdon_fi.xml HTTP/1.1" 200 22846694 "-" "python-requests/2.32.3"
85.232.241.194 - - [05/May/2025:14:30:36 +0200] "GET /Jurek/shiori/feeds/shiori_cdon_se.xml HTTP/1.1" 200 453758 "-" "python-requests/2.32.3"
85.232.241.194 - - [05/May/2025:14:30:36 +0200] "GET /Jurek/shiori/feeds/shiori_cdon_dk.xml HTTP/1.1" 200 453725 "-" "python-requests/2.32.3"
85.232.241.194 - - [05/May/2025:14:30:36 +0200] "GET /Jurek/shiori/feeds/shiori_cdon_fi.xml HTTP/1.1" 200 453658 "-" "python-requests/2.32.3"
85.232.241.194 - - [05/May/2025:14:30:36 +0200] "GET /Jurek/wezer/feeds/wezer_cdon_se.xml HTTP/1.1" 200 202664 "-" "python-requests/2.32.3"
85.232.241.194 - - [05/May/2025:14:30:36 +0200] "GET /Jurek/wezer/feeds/wezer_cdon_dk.xml HTTP/1.1" 200 202635 "-" "python-requests/2.32.3"
85.232.241.194 - - [05/May/2025:14:30:36 +0200] "GET /Jurek/wezer/feeds/wezer_cdon_fi.xml HTTP/1.1" 200 202551 "-" "python-requests/2.32.3"
85.232.241.194 - - [05/May/2025:14:30:36 +0200] "GET /Jurek/zenex/feeds/zenex_cdon_se.xml HTTP/1.1" 200 540746 "-" "python-requests/2.32.3"
85.232.241.194 - - [05/May/2025:14:30:36 +0200] "GET /Jurek/zenex/feeds/zenex_cdon_dk.xml HTTP/1.1" 200 540692 "-" "python-requests/2.32.3"
85.232.241.194 - - [05/May/2025:14:30:37 +0200] "GET /Jurek/zenex/feeds/zenex_cdon_fi.xml HTTP/1.1" 200 540170 "-" "python-requests/2.32.3"
85.232.241.194 - - [05/May/2025:14:30:37 +0200] "GET /Jurek/rems/feeds/rems_cdon_se.xml HTTP/1.1" 200 8706924 "-" "python-requests/2.32.3"
85.232.241.194 - - [05/May/2025:14:30:37 +0200] "GET /Jurek/rems/feeds/rems_cdon_dk.xml HTTP/1.1" 200 8706668 "-" "python-requests/2.32.3"
85.232.241.194 - - [05/May/2025:14:30:37 +0200] "GET /Jurek/rems/feeds/rems_cdon_fi.xml HTTP/1.1" 200 8706291 "-" "python-requests/2.32.3"
85.232.241.194 - - [05/May/2025:14:30:37 +0200] "GET /Jurek/bentivolio/feeds/bentivolio_cdon_se.xml HTTP/1.1" 200 1261601 "-" "python-requests/2.32.3"
85.232.241.194 - - [05/May/2025:14:30:37 +0200] "GET /Jurek/bentivolio/feeds/bentivolio_cdon_dk.xml HTTP/1.1" 200 1261642 "-" "python-requests/2.32.3"
85.232.241.194 - - [05/May/2025:14:30:37 +0200] "GET /Jurek/bentivolio/feeds/bentivolio_cdon_fi.xml HTTP/1.1" 200 1261169 "-" "python-requests/2.32.3"
85.232.241.194 - - [05/May/2025:14:30:37 +0200] "GET /Jurek/proadventure/feeds/proadventure_cdon_se.xml HTTP/1.1" 200 10766532 "-" "python-requests/2.32.3"
85.232.241.194 - - [05/May/2025:14:30:37 +0200] "GET /Jurek/proadventure/feeds/proadventure_cdon_dk.xml HTTP/1.1" 200 10766021 "-" "python-requests/2.32.3"
85.232.241.194 - - [05/May/2025:14:30:37 +0200] "GET /Jurek/proadventure/feeds/proadventure_cdon_fi.xml HTTP/1.1" 200 10763559 "-" "python-requests/2.32.3"
85.232.241.194 - - [05/May/2025:14:30:37 +0200] "GET /Jurek/bloomglow/feeds/bloomglow_cdon_se.xml HTTP/1.1" 200 11676318 "-" "python-requests/2.32.3"
85.232.241.194 - - [05/May/2025:14:30:37 +0200] "GET /Jurek/bloomglow/feeds/bloomglow_cdon_dk.xml HTTP/1.1" 200 14101351 "-" "python-requests/2.32.3"
85.232.241.194 - - [05/May/2025:14:30:37 +0200] "GET /Jurek/bloomglow/feeds/bloomglow_cdon_fi.xml HTTP/1.1" 200 14095431 "-" "python-requests/2.32.3"
85.232.241.194 - - [05/May/2025:14:30:37 +0200] "GET /Jurek/luxury/feeds/luxury_cdon_se.xml HTTP/1.1" 200 1010441 "-" "python-requests/2.32.3"
85.232.241.194 - - [05/May/2025:14:30:37 +0200] "GET /Jurek/luxury/feeds/luxury_cdon_dk.xml HTTP/1.1" 200 1010405 "-" "python-requests/2.32.3"
85.232.241.194 - - [05/May/2025:14:30:37 +0200] "GET /Jurek/luxury/feeds/luxury_cdon_fi.xml HTTP/1.1" 200 1010077 "-" "python-requests/2.32.3"
85.232.241.194 - - [05/May/2025:14:30:37 +0200] "GET /Jurek/livinhill/feeds/livinhill_cdon_se.xml HTTP/1.1" 200 212103 "-" "python-requests/2.32.3"
85.232.241.194 - - [05/May/2025:14:30:37 +0200] "GET /Jurek/livinhill/feeds/livinhill_cdon_dk.xml HTTP/1.1" 200 1476042 "-" "python-requests/2.32.3"
85.232.241.194 - - [05/May/2025:14:30:37 +0200] "GET /Jurek/livinhill/feeds/livinhill_cdon_fi.xml HTTP/1.1" 200 1475616 "-" "python-requests/2.32.3"
85.232.241.194 - - [05/May/2025:14:30:37 +0200] "GET /Jurek/elecomp/feeds/elecomp_cdon_se.xml HTTP/1.1" 200 2869489 "-" "python-requests/2.32.3"
85.232.241.194 - - [05/May/2025:14:30:37 +0200] "GET /Jurek/elecomp/feeds/elecomp_cdon_dk.xml HTTP/1.1" 200 2869474 "-" "python-requests/2.32.3"
85.232.241.194 - - [05/May/2025:14:30:37 +0200] "GET /Jurek/elecomp/feeds/elecomp_cdon_fi.xml HTTP/1.1" 200 2867772 "-" "python-requests/2.32.3"
85.232.241.194 - - [05/May/2025:14:31:56 +0200] "GET /Jurek/dropkz/feeds/dropkz_cdon_se.xml HTTP/1.1" 200 46664241 "-" "python-requests/2.32.3"
85.232.241.194 - - [05/May/2025:14:31:57 +0200] "GET /Jurek/dropkz/feeds/dropkz_cdon_dk.xml HTTP/1.1" 200 70042136 "-" "python-requests/2.32.3"
85.232.241.194 - - [05/May/2025:14:31:57 +0200] "GET /Jurek/dropkz/feeds/dropkz_cdon_fi.xml HTTP/1.1" 200 70014276 "-" "python-requests/2.32.3"
85.232.241.194 - - [05/May/2025:14:31:57 +0200] "GET /Jurek/roger/feeds/roger_cdon_se.xml HTTP/1.1" 200 1148115 "-" "python-requests/2.32.3"
85.232.241.194 - - [05/May/2025:14:31:57 +0200] "GET /Jurek/roger/feeds/roger_cdon_dk.xml HTTP/1.1" 200 1148108 "-" "python-requests/2.32.3"
85.232.241.194 - - [05/May/2025:14:31:57 +0200] "GET /Jurek/roger/feeds/roger_cdon_fi.xml HTTP/1.1" 200 1147372 "-" "python-requests/2.32.3"
46.101.116.244 - - [05/May/2025:14:32:06 +0200] "GET /Jurek/aw/feeds/aw_fnacfr.xml HTTP/1.0" 404 3551 "-" "-"
89.161.206.59 - - [05/May/2025:14:32:37 +0200] "GET /Jurek/kalama/feeds/kalama_cdsc.xml HTTP/1.0" 200 1562295 "-" "-"
89.161.206.59 - - [05/May/2025:14:32:37 +0200] "GET /Jurek/narzbud/feeds/narzbud_cdsc.xml HTTP/1.0" 200 1227800 "-" "-"
89.161.206.59 - - [05/May/2025:14:32:38 +0200] "GET /Jurek/rosfix/feeds/rosfix_cdsc.xml HTTP/1.0" 200 19133340 "-" "-"
46.101.116.244 - - [05/May/2025:14:32:44 +0200] "GET /Jurek/activeshop/feeds/activeshop_mallhu.xml HTTP/2.0" 200 10310176 "-" "-"
89.161.206.59 - - [05/May/2025:14:33:03 +0200] "GET /Jurek/eurofryz/feeds/eurofryz_cdsc.xml HTTP/1.0" 200 830784 "-" "-"
89.161.206.59 - - [05/May/2025:14:33:03 +0200] "GET /Jurek/fertes/feeds/fertes_cdsc.xml HTTP/1.0" 200 2192575 "-" "-"
89.161.206.59 - - [05/May/2025:14:33:04 +0200] "GET /Jurek/kamar/feeds/kamar_cdsc.xml HTTP/1.0" 200 37126297 "-" "-"
89.161.206.59 - - [05/May/2025:14:33:07 +0200] "GET /Jurek/lerutrade/feeds/lerutrade_cdsc.xml HTTP/1.0" 200 53854 "-" "-"
89.161.206.59 - - [05/May/2025:14:33:07 +0200] "GET /Jurek/jakdroz/feeds/jakdroz_cdsc.xml HTTP/1.0" 200 2542988 "-" "-"
89.161.206.59 - - [05/May/2025:14:33:07 +0200] "GET /Jurek/gandalf/feeds/gandalf_cdsc.xml HTTP/1.0" 200 586344 "-" "-"
66.249.64.167 - - [05/May/2025:14:33:15 +0200] "GET /Jurek/eurofirany/images/406481/5.jpg HTTP/1.1" 200 89082 "-" "Googlebot-Image/1.0"
46.101.116.244 - - [05/May/2025:14:33:36 +0200] "GET /Jurek/action/feeds/action_mallhugs.xml HTTP/2.0" 200 59727305 "-" "-"
46.101.116.244 - - [05/May/2025:14:33:58 +0200] "GET /Jurek/b3/feeds/b3_mallhugs.xml HTTP/2.0" 200 8140582 "-" "-"
46.101.116.244 - - [05/May/2025:14:34:11 +0200] "GET /Jurek/benbaby/feeds/benbaby_mallhugs.xml HTTP/2.0" 200 3697803 "-" "-"
46.101.116.244 - - [05/May/2025:14:34:22 +0200] "GET /Jurek/emibig/feeds/emibig_mallhugs.xml HTTP/2.0" 200 2530846 "-" "-"
46.101.116.244 - - [05/May/2025:14:34:34 +0200] "GET /Jurek/hurtownia_przemyslowa/feeds/hp_mallhugs.xml HTTP/2.0" 200 49398419 "-" "-"
46.101.116.244 - - [05/May/2025:14:35:50 +0200] "GET /Jurek/kinghoff/feeds/kinghoff_mallhu.xml HTTP/2.0" 200 15460713 "-" "-"
89.161.206.59 - - [05/May/2025:14:36:02 +0200] "GET /Jurek/hurtownia_przemyslowa/feeds/hp_amazonDE.xml HTTP/1.0" 200 42278325 "-" "-"
46.101.116.244 - - [05/May/2025:14:36:06 +0200] "GET /Jurek/fernity/feeds/fernity_mallhu.xml HTTP/2.0" 200 4718324 "-" "-"
52.17.80.36 - - [05/May/2025:14:36:11 +0200] "GET /marketplaces/worten2/results/worten.csv HTTP/1.1" 200 147217 "-" "Mirakl HttpClient"
46.101.116.244 - - [05/May/2025:14:36:22 +0200] "GET /Jurek/beliani/feeds/beliani_hu.xml HTTP/2.0" 200 43640558 "-" "-"
46.101.116.244 - - [05/May/2025:14:36:49 +0200] "GET /Jurek/detian/feeds/detian_mallhu.xml HTTP/2.0" 404 3551 "-" "-"
46.101.116.244 - - [05/May/2025:14:36:59 +0200] "GET /Jurek/flhf/feeds/flhf_mallsi.xml HTTP/2.0" 404 3551 "-" "-"
89.161.206.59 - - [05/May/2025:14:41:19 +0200] "GET /Jurek/equalo/feeds/equalo_amazonde.xml HTTP/1.0" 200 98005 "-" "-"
46.101.116.244 - - [05/May/2025:14:41:23 +0200] "GET /Jurek/aw/feeds/aw_fnacfr.xml HTTP/1.0" 404 3551 "-" "-"
178.21.154.6 - - [05/May/2025:14:41:24 +0200] "GET /Jurek/eurofirany/images/470206/0.jpg HTTP/1.1" 200 58144 "-" "-"
66.249.64.167 - - [05/May/2025:14:42:06 +0200] "GET /Jurek/topeshop/downloaded_images/5902838467459_4.jpg HTTP/1.1" 404 3551 "-" "Googlebot-Image/1.0"
66.135.223.43 - - [05/May/2025:14:44:34 +0200] "GET /Jurek/topeshop/downloaded_images/5904507209179_KASZMIRSZAFADUOFRONTZM.jpg HTTP/1.1" 404 3551 "http://www.ebay.com/" "Mozilla/5.0 (Windows NT 10.0; Win64; x64) AppleWebKit/537.36 (KHTML, like Gecko) Chrome/123.0.0.0 Safari/537.36"
66.135.223.42 - - [05/May/2025:14:44:34 +0200] "GET /Jurek/topeshop/downloaded_images/5904507209179_bry%C5%82ka0014.jpg HTTP/1.1" 200 38626 "http://www.ebay.com/" "Mozilla/5.0 (Windows NT 10.0; Win64; x64) AppleWebKit/537.36 (KHTML, like Gecko) Chrome/123.0.0.0 Safari/537.36"
66.135.223.43 - - [05/May/2025:14:44:34 +0200] "GET /Jurek/topeshop/downloaded_images/5904507209179_Rendery_szafa-duo0016.jpg HTTP/1.1" 200 89574 "http://www.ebay.com/" "Mozilla/5.0 (Windows NT 10.0; Win64; x64) AppleWebKit/537.36 (KHTML, like Gecko) Chrome/123.0.0.0 Safari/537.36"
66.135.223.41 - - [05/May/2025:14:44:34 +0200] "GET /Jurek/topeshop/downloaded_images/5904507209179_bry%C5%82ka0016.jpg HTTP/1.1" 200 60663 "http://www.ebay.com/" "Mozilla/5.0 (Windows NT 10.0; Win64; x64) AppleWebKit/537.36 (KHTML, like Gecko) Chrome/123.0.0.0 Safari/537.36"
66.135.223.43 - - [05/May/2025:14:44:34 +0200] "GET /Jurek/topeshop/downloaded_images/5904507209179_Rendery_szafa-duo0010.jpg HTTP/1.1" 200 101116 "http://www.ebay.com/" "Mozilla/5.0 (Windows NT 10.0; Win64; x64) AppleWebKit/537.36 (KHTML, like Gecko) Chrome/123.0.0.0 Safari/537.36"
66.135.223.42 - - [05/May/2025:14:44:34 +0200] "GET /Jurek/topeshop/downloaded_images/5904507209179_bry%C5%82ka0012.jpg HTTP/1.1" 200 60219 "http://www.ebay.com/" "Mozilla/5.0 (Windows NT 10.0; Win64; x64) AppleWebKit/537.36 (KHTML, like Gecko) Chrome/123.0.0.0 Safari/537.36"
66.135.223.41 - - [05/May/2025:14:44:34 +0200] "GET /Jurek/topeshop/downloaded_images/5904507209179_bry%C5%82ka0010.jpg HTTP/1.1" 200 35422 "http://www.ebay.com/" "Mozilla/5.0 (Windows NT 10.0; Win64; x64) AppleWebKit/537.36 (KHTML, like Gecko) Chrome/123.0.0.0 Safari/537.36"
66.135.223.40 - - [05/May/2025:14:44:34 +0200] "GET /Jurek/topeshop/downloaded_images/5904507209179_Rendery_szafa-duo0014.jpg HTTP/1.1" 200 83197 "http://www.ebay.com/" "Mozilla/5.0 (Windows NT 10.0; Win64; x64) AppleWebKit/537.36 (KHTML, like Gecko) Chrome/123.0.0.0 Safari/537.36"
66.135.223.43 - - [05/May/2025:14:44:34 +0200] "GET /Jurek/topeshop/downloaded_images/5904507209179_Rendery_szafa-duo0012.jpg HTTP/1.1" 200 108123 "http://www.ebay.com/" "Mozilla/5.0 (Windows NT 10.0; Win64; x64) AppleWebKit/537.36 (KHTML, like Gecko) Chrome/123.0.0.0 Safari/537.36"
66.135.223.42 - - [05/May/2025:14:44:34 +0200] "GET /Jurek/topeshop/downloaded_images/5904507209179_KASZMIRSZAFADUOFRONTOT.jpg HTTP/1.1" 404 3551 "http://www.ebay.com/" "Mozilla/5.0 (Windows NT 10.0; Win64; x64) AppleWebKit/537.36 (KHTML, like Gecko) Chrome/123.0.0.0 Safari/537.36"
66.135.223.43 - - [05/May/2025:14:44:34 +0200] "GET /Jurek/topeshop/downloaded_images/5904507209179_PROFILOWE.jpg HTTP/1.1" 200 72642 "http://www.ebay.com/" "Mozilla/5.0 (Windows NT 10.0; Win64; x64) AppleWebKit/537.36 (KHTML, like Gecko) Chrome/123.0.0.0 Safari/537.36"
66.249.64.166 - - [05/May/2025:14:45:04 +0200] "GET /Jurek/eurofirany/images/383164/6.jpg HTTP/1.1" 200 62900 "-" "Googlebot-Image/1.0"
193.33.8.61 - - [05/May/2025:14:46:24 +0200] "GET /marketplaces/xxxlutz/download/xxxlutz.csv HTTP/2.0" 200 1446337 "-" "Mozilla/5.0 (Windows NT 10.0; Win64; x64) AppleWebKit/537.36 (KHTML, like Gecko) Chrome/135.0.0.0 Safari/537.36"
89.161.206.59 - - [05/May/2025:14:48:03 +0200] "GET /Jurek/bass_new/feeds/bass_emagro.xml HTTP/1.0" 200 7041822 "-" "-"
66.249.64.165 - - [05/May/2025:14:51:14 +0200] "GET /Jurek/topeshop/downloaded_images/5904507207441_20st_mijas_Lewy_open_niebieski.png HTTP/1.1" 404 3551 "-" "Googlebot-Image/1.0"
89.161.206.59 - - [05/May/2025:14:51:17 +0200] "GET /Jurek/regis/feeds/regis_amazonde.xml HTTP/1.0" 200 228501 "-" "-"
89.161.206.59 - - [05/May/2025:14:51:17 +0200] "GET /Jurek/cdata/feeds/cdata_amazonde.xml HTTP/1.0" 200 1445118 "-" "-"
89.161.206.59 - - [05/May/2025:14:51:18 +0200] "GET /Jurek/alucon/feeds/alucon_amazonde.xml HTTP/1.0" 200 553572 "-" "-"
89.161.206.59 - - [05/May/2025:14:51:18 +0200] "GET /Jurek/riko/feeds/riko_amazonde.xml HTTP/1.0" 200 3785045 "-" "-"
89.161.206.59 - - [05/May/2025:14:51:18 +0200] "GET /Jurek/narzbud/feeds/narzbud_amazonde.xml HTTP/1.0" 200 1901253 "-" "-"
46.101.116.244 - - [05/May/2025:14:51:52 +0200] "GET /Jurek/aw/feeds/aw_fnacfr.xml HTTP/1.0" 404 3551 "-" "-"
89.161.206.59 - - [05/May/2025:14:52:17 +0200] "GET /Jurek/drewdon/feeds/drewdon_piguEX.xml HTTP/1.0" 200 504446 "-" "-"
89.161.206.59 - - [05/May/2025:14:52:23 +0200] "GET /Jurek/sempler/feeds/sempler_BOL.xml HTTP/1.0" 200 6787925 "-" "-"
89.161.206.59 - - [05/May/2025:14:53:12 +0200] "GET /Jurek/lampart/feeds/lampart_bol.xml HTTP/1.0" 200 936035 "-" "-"
89.161.206.59 - - [05/May/2025:14:53:12 +0200] "GET /Jurek/drops/feeds/dropsofficecolection_bol.xml HTTP/1.0" 200 790756 "-" "-"
89.161.206.59 - - [05/May/2025:14:53:12 +0200] "GET /Jurek/andex/feeds/andex_bol.xml HTTP/1.0" 200 1953436 "-" "-"
89.161.206.59 - - [05/May/2025:14:53:13 +0200] "GET /Jurek/bloomglow/feeds/bloomglow_bol.xml HTTP/1.0" 200 14094956 "-" "-"
89.161.206.59 - - [05/May/2025:14:53:16 +0200] "GET /Jurek/dekornatort/feeds/dekornatort_bol.xml HTTP/1.0" 200 225739 "-" "-"
89.161.206.59 - - [05/May/2025:14:53:16 +0200] "GET /Jurek/rovato/feeds/rovato_bol.xml HTTP/1.0" 200 180832 "-" "-"
89.161.206.59 - - [05/May/2025:14:53:17 +0200] "GET /Jurek/jakdroz/feeds/jakdroz_bol.xml HTTP/1.0" 200 4090054 "-" "-"
89.161.206.59 - - [05/May/2025:14:53:17 +0200] "GET /Jurek/luxury/feeds/luxury_bol.xml HTTP/1.0" 200 1010066 "-" "-"
89.161.206.59 - - [05/May/2025:14:53:20 +0200] "GET /Jurek/ikonka/feeds/ikonka_bol.xml HTTP/1.0" 200 20599922 "-" "-"
89.161.206.59 - - [05/May/2025:14:53:26 +0200] "GET /Jurek/riko/feeds/riko_bol.xml HTTP/1.0" 200 3784969 "-" "-"
89.161.206.59 - - [05/May/2025:14:53:26 +0200] "GET /Jurek/zami/feeds/zami_bol.xml HTTP/1.0" 200 4472703 "-" "-"
89.161.206.59 - - [05/May/2025:14:53:26 +0200] "GET /Jurek/bemipol/feeds/bemipol_bol.xml HTTP/1.0" 200 423626 "-" "-"
89.161.206.59 - - [05/May/2025:14:53:27 +0200] "GET /Jurek/gandalf/feeds/gandalf_bol.xml HTTP/1.0" 200 1082537 "-" "-"
89.161.206.59 - - [05/May/2025:14:53:32 +0200] "GET /Jurek/rems/feeds/rems_bol.xml HTTP/1.0" 200 8706218 "-" "-"
89.161.206.59 - - [05/May/2025:14:53:44 +0200] "GET /Jurek/lerutrade/feeds/lerutrade_bol.xml HTTP/1.0" 200 82822 "-" "-"
5.134.208.158 - - [05/May/2025:14:53:57 +0200] "GET /Jurek/eurofirany/images/427932/0.jpg HTTP/1.1" 206 256 "https://www.ceneo.pl" "Mozilla/5.0 (Windows NT 10.0; Win64; x64) AppleWebKit/537.36 (KHTML, like Gecko) Chrome/87.0.4280.141 Safari/537.36"
89.161.206.59 - - [05/May/2025:14:54:02 +0200] "GET /Jurek/cbdgreen/feeds/cbdgreen_bol.xml HTTP/1.0" 200 50543 "-" "-"
89.161.206.59 - - [05/May/2025:14:54:03 +0200] "GET /Jurek/action/feeds/action_bol.xml HTTP/1.0" 200 59645745 "-" "-"
46.101.116.244 - - [05/May/2025:14:54:09 +0200] "GET /Jurek/piotrmiedz/feeds/piotrmiedz_bol.xml HTTP/1.0" 200 91036865 "-" "-"
89.161.206.59 - - [05/May/2025:14:54:36 +0200] "GET /Jurek/topeshop/feeds/topeshop_emagro.xml HTTP/1.0" 200 917059 "-" "-"
89.161.206.59 - - [05/May/2025:14:54:37 +0200] "GET /Jurek/ekuchcikowo/feeds/ekuchcikowo_emagro.xml HTTP/1.0" 200 12472770 "-" "-"
89.161.206.59 - - [05/May/2025:14:54:38 +0200] "GET /Jurek/playcob/feeds/playcob_emagro.xml HTTP/1.0" 200 6980924 "-" "-"
66.249.64.167 - - [05/May/2025:14:54:54 +0200] "GET /Jurek/eurofirany/images/386192/8.jpg HTTP/1.1" 200 253669 "-" "Googlebot-Image/1.0"
89.161.206.59 - - [05/May/2025:14:55:22 +0200] "GET /Jurek/bentivolio/feeds/bentivolio_emagro.xml HTTP/1.0" 200 3498444 "-" "-"
89.161.206.59 - - [05/May/2025:14:55:22 +0200] "GET /Jurek/techrebal/feeds/techrebal_emagro.xml HTTP/1.0" 200 1989847 "-" "-"
89.161.206.59 - - [05/May/2025:14:55:23 +0200] "GET /Jurek/kristronik/feeds/kristronik_emagro.xml HTTP/1.0" 200 692073 "-" "-"
51.77.52.107 - - [05/May/2025:14:55:23 +0200] "POST /subskrypcje/mondex/bl/bg/baselinker-ceneo-shumee.php HTTP/2.0" 200 4419 "-" "BaseLinker/1.0"
89.161.206.59 - - [05/May/2025:14:55:23 +0200] "GET /Jurek/techrebalina/feeds/techrebalina_emagro.xml HTTP/1.0" 200 2011311 "-" "-"
89.161.206.59 - - [05/May/2025:14:55:52 +0200] "GET /Jurek/proparts/feeds/proparts_emagro.xml HTTP/1.0" 200 707610 "-" "-"
89.161.206.59 - - [05/May/2025:14:55:52 +0200] "GET /Jurek/sportprise/feeds/sportprise_emagro.xml HTTP/1.0" 200 12727740 "-" "-"
89.161.206.59 - - [05/May/2025:14:55:53 +0200] "GET /Jurek/elavia/feeds/elavia_emagro.xml HTTP/1.0" 200 2497429 "-" "-"
89.161.206.59 - - [05/May/2025:14:55:53 +0200] "GET /Jurek/cdata/feeds/cdata_emagro.xml HTTP/1.0" 200 1445610 "-" "-"
89.161.206.59 - - [05/May/2025:14:55:56 +0200] "GET /Jurek/fernity/feeds/fernity_emagro.xml HTTP/1.0" 200 4711916 "-" "-"
89.161.206.59 - - [05/May/2025:14:55:59 +0200] "GET /Jurek/zbimatyja/feeds/zbimatyja_emagro.xml HTTP/1.0" 200 11671775 "-" "-"
89.161.206.59 - - [05/May/2025:14:56:00 +0200] "GET /Jurek/rosfix/feeds/rosfix_emagro.xml HTTP/1.0" 200 35771656 "-" "-"
89.161.206.59 - - [05/May/2025:14:56:01 +0200] "GET /Jurek/broers/feeds/broers_emagro.xml HTTP/1.0" 200 1982964 "-" "-"
89.161.206.59 - - [05/May/2025:14:56:01 +0200] "GET /Jurek/nonabox/feeds/nonabox_emagro.xml HTTP/1.0" 200 33871 "-" "-"
89.161.206.59 - - [05/May/2025:14:56:01 +0200] "GET /Jurek/em3/feeds/em3_emagro.xml HTTP/1.0" 200 258997 "-" "-"
89.161.206.59 - - [05/May/2025:14:56:47 +0200] "GET /Jurek/galopi/feeds/galopi_emagro.xml HTTP/1.0" 200 2111314 "-" "-"
89.161.206.59 - - [05/May/2025:14:56:49 +0200] "GET /Jurek/cenoman/feeds/cenoman_emagro.xml HTTP/1.0" 200 5993759 "-" "-"
89.161.206.59 - - [05/May/2025:14:56:49 +0200] "GET /Jurek/omi/feeds/omi_emagro.xml HTTP/1.0" 200 8106439 "-" "-"
89.161.206.59 - - [05/May/2025:14:56:49 +0200] "GET /Jurek/sebmart/feeds/sebmart_emagro.xml HTTP/1.0" 200 1599093 "-" "-"
89.161.206.59 - - [05/May/2025:14:56:50 +0200] "GET /Jurek/tsjerzy/feeds/tsjerzy_emagro.xml HTTP/1.0" 200 3899879 "-" "-"
89.161.206.59 - - [05/May/2025:14:56:50 +0200] "GET /Jurek/avenido/feeds/avenido_emagro.xml HTTP/1.0" 200 720146 "-" "-"
89.161.206.59 - - [05/May/2025:14:56:51 +0200] "GET /Jurek/kamar/feeds/kamar_emagro.xml HTTP/1.0" 200 25555069 "-" "-"
66.249.64.165 - - [05/May/2025:14:58:01 +0200] "GET /Jurek/eurofirany/images/383354/3.jpg HTTP/1.1" 200 6595 "-" "Googlebot-Image/1.0"
77.79.248.229 - - [05/May/2025:14:58:25 +0200] "GET /Jurek/eurofirany/feeds/eurofirany_manomanode.xml HTTP/1.1" 200 18985740 "-" "Python-urllib/3.11"
89.161.206.59 - - [05/May/2025:14:58:35 +0200] "GET /Jurek/takapara/feeds/takapara_emagro.xml HTTP/1.0" 200 1342431 "-" "-"
193.33.8.61 - - [05/May/2025:14:58:50 +0200] "GET /marketplaces/worten2/download/worten.csv HTTP/2.0" 200 23365308 "-" "Mozilla/5.0 (Windows NT 10.0; Win64; x64) AppleWebKit/537.36 (KHTML, like Gecko) Chrome/135.0.0.0 Safari/537.36"
77.79.248.229 - - [05/May/2025:14:58:55 +0200] "GET /Jurek/hurtownia_przemyslowa/feeds/hp_manomanode.xml HTTP/1.1" 200 49361940 "-" "Python-urllib/3.11"
77.79.248.229 - - [05/May/2025:14:58:55 +0200] "GET /Jurek/topeshop/feeds/topeshop_manoDE.xml HTTP/1.1" 200 2801156 "-" "Python-urllib/3.11"
77.79.248.229 - - [05/May/2025:14:58:57 +0200] "GET /Jurek/aw/feeds/awnarzedzia_manomanoDE.xml HTTP/1.1" 200 90829062 "-" "Python-urllib/3.11"
77.79.248.229 - - [05/May/2025:14:59:00 +0200] "GET /Jurek/action/feeds/action_manomano_DE.xml HTTP/1.1" 200 59633148 "-" "Python-urllib/3.11"
77.79.248.229 - - [05/May/2025:14:59:01 +0200] "GET /Jurek/drewdon/feeds/drewdon_manomanoDE.xml HTTP/1.1" 200 504445 "-" "Python-urllib/3.11"
89.161.206.59 - - [05/May/2025:14:59:16 +0200] "GET /Jurek/fertes/feeds/fertes_emagro.xml HTTP/1.0" 200 2362185 "-" "-"
89.161.206.59 - - [05/May/2025:14:59:17 +0200] "GET /Jurek/carbonyway/feeds/carbonyway_emagro.xml HTTP/1.0" 200 3076343 "-" "-"
89.161.206.59 - - [05/May/2025:14:59:20 +0200] "GET /Jurek/livinhill/feeds/livinhill_emagro.xml HTTP/1.0" 200 167759 "-" "-"
89.161.206.59 - - [05/May/2025:14:59:20 +0200] "GET /Jurek/snibbs/feeds/snibbs_emagro.xml HTTP/1.0" 200 74399 "-" "-"
89.161.206.59 - - [05/May/2025:14:59:21 +0200] "GET /Jurek/jakdroz/feeds/jakdroz_emagro.xml HTTP/1.0" 200 4090815 "-" "-"
89.161.206.59 - - [05/May/2025:14:59:21 +0200] "GET /Jurek/bemipol/feeds/bemipol_emagro.xml HTTP/1.0" 200 423667 "-" "-"
89.161.206.59 - - [05/May/2025:14:59:21 +0200] "GET /Jurek/apresto/feeds/apresto_emagro.xml HTTP/1.0" 200 1327809 "-" "-"
89.161.206.59 - - [05/May/2025:14:59:22 +0200] "GET /Jurek/missionair/feeds/missionair_emagro.xml HTTP/1.0" 200 3155074 "-" "-"
89.161.206.59 - - [05/May/2025:14:59:22 +0200] "GET /Jurek/mojeledy/feeds/mojeledy_emagro.xml HTTP/1.0" 200 1018635 "-" "-"
89.161.206.59 - - [05/May/2025:14:59:22 +0200] "GET /Jurek/andex/feeds/andex_emagro.xml HTTP/1.0" 200 1953931 "-" "-"
89.161.206.59 - - [05/May/2025:14:59:22 +0200] "GET /Jurek/riko/feeds/riko_emagro.xml HTTP/1.0" 200 3786523 "-" "-"
89.161.206.59 - - [05/May/2025:14:59:23 +0200] "GET /Jurek/sovapl/feeds/sovapl_emagro.xml HTTP/1.0" 200 9003056 "-" "-"
89.161.206.59 - - [05/May/2025:14:59:24 +0200] "GET /Jurek/mechdecor/feeds/mechdecor_emagro.xml HTTP/1.0" 200 596306 "-" "-"
89.161.206.59 - - [05/May/2025:14:59:24 +0200] "GET /Jurek/kalama/feeds/kalama_emagro.xml HTTP/1.0" 200 2662080 "-" "-"
77.79.248.229 - - [05/May/2025:14:59:24 +0200] "GET /Jurek/pupus/feeds/pupus_manomanoDE.xml HTTP/1.1" 200 6154591 "-" "Python-urllib/3.11"
77.79.248.229 - - [05/May/2025:14:59:25 +0200] "GET /Jurek/reman/feeds/reman_manoamnoDE.xml HTTP/1.1" 200 1394823 "-" "Python-urllib/3.11"
77.79.248.229 - - [05/May/2025:14:59:25 +0200] "GET /Jurek/artdog/feeds/artdog_manomanoDE.xml HTTP/1.1" 200 17158744 "-" "Python-urllib/3.11"
77.79.248.229 - - [05/May/2025:14:59:25 +0200] "GET /Jurek/sartrix/feeds/sartrix_manomanoDE.xml HTTP/1.1" 200 649168 "-" "Python-urllib/3.11"
77.79.248.229 - - [05/May/2025:14:59:25 +0200] "GET /Jurek/hlo/feeds/hlo_manomanoDE.xml HTTP/1.1" 200 4838600 "-" "Python-urllib/3.11"
77.79.248.229 - - [05/May/2025:14:59:39 +0200] "GET /Jurek/hurtmeblowy/feeds/hurtmeblowy_ManoDE.xml HTTP/1.1" 200 7744609 "-" "Python-urllib/3.11"
77.79.248.229 - - [05/May/2025:14:59:39 +0200] "GET /Jurek/drops/feeds/dropsofficecolection_manoDE.xml HTTP/1.1" 200 790742 "-" "Python-urllib/3.11"
77.79.248.229 - - [05/May/2025:14:59:46 +0200] "GET /Jurek/szpaklampy/feeds/szpaklampy_manoDE.xml HTTP/1.1" 200 388214 "-" "Python-urllib/3.11"
77.79.248.229 - - [05/May/2025:14:59:46 +0200] "GET /Jurek/kristronik/feeds/kristronik_manoDE.xml HTTP/1.1" 200 691976 "-" "Python-urllib/3.11"
77.79.248.229 - - [05/May/2025:14:59:46 +0200] "GET /Jurek/techrebal/feeds/techrebal_manoDE.xml HTTP/1.1" 200 1989720 "-" "Python-urllib/3.11"
77.79.248.229 - - [05/May/2025:14:59:46 +0200] "GET /Jurek/proparts/feeds/proparts_manoDE.xml HTTP/1.1" 200 707492 "-" "Python-urllib/3.11"
85.14.86.141 - - [05/May/2025:15:00:20 +0200] "GET /Jurek/vida_morele/feeds/VidaPL_all.xml HTTP/2.0" 200 768657489 "-" "MarketplaceAPI curl/7.74.0 PHP/8"
52.17.80.36 - - [05/May/2025:15:00:42 +0200] "GET /marketplaces/ubaldi/results/ubaldi.csv HTTP/1.1" 200 130835 "-" "Mirakl HttpClient"
77.79.248.229 - - [05/May/2025:15:01:17 +0200] "GET /Jurek/broers/feeds/broers_manoDE.xml HTTP/1.1" 200 1982434 "-" "Python-urllib/3.11"
77.79.248.229 - - [05/May/2025:15:01:17 +0200] "GET /Jurek/em3/feeds/em3_manoDE.xml HTTP/1.1" 200 258912 "-" "Python-urllib/3.11"
35.204.39.32 - - [05/May/2025:15:01:25 +0200] "GET /marketplaces/vente/results/vente_nl.csv HTTP/1.1" 200 147219 "-" "Mirakl HttpClient"
35.204.39.32 - - [05/May/2025:15:01:25 +0200] "GET /marketplaces/vente/results/vente_fr.csv HTTP/1.1" 200 147219 "-" "Mirakl HttpClient"
35.204.39.32 - - [05/May/2025:15:01:25 +0200] "GET /marketplaces/vente/results/vente_be.csv HTTP/1.1" 200 130835 "-" "Mirakl HttpClient"
35.204.39.32 - - [05/May/2025:15:01:25 +0200] "GET /marketplaces/vente/results/vente_it.csv HTTP/1.1" 200 147219 "-" "Mirakl HttpClient"
35.204.39.32 - - [05/May/2025:15:01:25 +0200] "GET /marketplaces/vente/results/vente_es.csv HTTP/1.1" 200 130835 "-" "Mirakl HttpClient"
35.204.39.32 - - [05/May/2025:15:01:25 +0200] "GET /marketplaces/vente/results/vente_de.csv HTTP/1.1" 200 147219 "-" "Mirakl HttpClient"
66.249.64.166 - - [05/May/2025:15:01:28 +0200] "GET /Jurek/eurofirany/images/386192/4.jpg HTTP/1.1" 200 282865 "-" "Googlebot-Image/1.0"
77.79.248.229 - - [05/May/2025:15:01:44 +0200] "GET /Jurek/evil/feeds/evil_manoDE.xml HTTP/1.1" 200 306385 "-" "Python-urllib/3.11"
77.79.248.229 - - [05/May/2025:15:01:44 +0200] "GET /Jurek/hdwr/feeds/hdwr_manoDE.xml HTTP/1.1" 200 789428 "-" "Python-urllib/3.11"
77.79.248.229 - - [05/May/2025:15:01:44 +0200] "GET /Jurek/lampart/feeds/lampart_manoDE.xml HTTP/1.1" 200 936038 "-" "Python-urllib/3.11"
77.79.248.229 - - [05/May/2025:15:01:44 +0200] "GET /Jurek/nonabox/feeds/nonabox_manoDE.xml HTTP/1.1" 200 33863 "-" "Python-urllib/3.11"
77.79.248.229 - - [05/May/2025:15:01:44 +0200] "GET /Jurek/smxdesign/feeds/smxdesign_manoDE.xml HTTP/1.1" 200 1829027 "-" "Python-urllib/3.11"
77.79.248.229 - - [05/May/2025:15:01:45 +0200] "GET /Jurek/techrebalina/feeds/techrebalina_manoDE.xml HTTP/1.1" 200 2011203 "-" "Python-urllib/3.11"
77.79.248.229 - - [05/May/2025:15:01:45 +0200] "GET /Jurek/cdata/feeds/cdata_manoDE.xml HTTP/1.1" 200 1445125 "-" "Python-urllib/3.11"
77.79.248.229 - - [05/May/2025:15:01:45 +0200] "GET /Jurek/omi/feeds/omi_manoDE.xml HTTP/1.1" 200 8105444 "-" "Python-urllib/3.11"
77.79.248.229 - - [05/May/2025:15:01:45 +0200] "GET /Jurek/tsjerzy/feeds/tsjerzy_manoDE.xml HTTP/1.1" 200 3897633 "-" "Python-urllib/3.11"
77.79.248.229 - - [05/May/2025:15:01:45 +0200] "GET /Jurek/narzbud/feeds/narzbud_manoDE.xml HTTP/1.1" 200 1901262 "-" "Python-urllib/3.11"
77.79.248.229 - - [05/May/2025:15:01:45 +0200] "GET /Jurek/makow/feeds/makow_manoDE.xml HTTP/1.1" 200 21203376 "-" "Python-urllib/3.11"
77.79.248.229 - - [05/May/2025:15:01:46 +0200] "GET /Jurek/jankeski/feeds/jankeski_manoDE.xml HTTP/1.1" 200 6571021 "-" "Python-urllib/3.11"
77.79.248.229 - - [05/May/2025:15:01:46 +0200] "GET /Jurek/gandalf/feeds/gandalf_manoDE.xml HTTP/1.1" 200 1082536 "-" "Python-urllib/3.11"
77.79.248.229 - - [05/May/2025:15:01:46 +0200] "GET /Jurek/cenoman/feeds/cenoman_manoDE.xml HTTP/1.1" 200 5993150 "-" "Python-urllib/3.11"
77.79.248.229 - - [05/May/2025:15:01:46 +0200] "GET /Jurek/zenex/feeds/zenex_manoDE.xml HTTP/1.1" 200 540150 "-" "Python-urllib/3.11"
77.79.248.229 - - [05/May/2025:15:01:46 +0200] "GET /Jurek/andex/feeds/andex_manoDE.xml HTTP/1.1" 200 1953333 "-" "Python-urllib/3.11"
77.79.248.229 - - [05/May/2025:15:01:46 +0200] "GET /Jurek/sebmart/feeds/sebmart_manoDE.xml HTTP/1.1" 200 1598698 "-" "Python-urllib/3.11"
77.79.248.229 - - [05/May/2025:15:01:46 +0200] "GET /Jurek/benetech/feeds/benetech_manode.xml HTTP/1.1" 200 4165411 "-" "Python-urllib/3.11"
77.79.248.229 - - [05/May/2025:15:01:46 +0200] "GET /Jurek/dekoele/feeds/dekoele_manomanoDE.xml HTTP/1.1" 200 733934 "-" "Python-urllib/3.11"
52.17.80.36 - - [05/May/2025:15:01:55 +0200] "GET /marketplaces/rue/results/rue.csv HTTP/1.1" 200 147219 "-" "Mirakl HttpClient"
85.232.241.194 - - [05/May/2025:15:02:02 +0200] "GET /Jurek/kobi/feeds/kobi_vente_fr.xml HTTP/1.1" 200 942981 "-" "Python-urllib/3.11"
85.232.241.194 - - [05/May/2025:15:02:03 +0200] "GET /Jurek/topeshop/feeds/topeshop_vente_fr.xml HTTP/1.1" 200 2801270 "-" "Python-urllib/3.11"
85.232.241.194 - - [05/May/2025:15:02:03 +0200] "GET /Jurek/fernity/feeds/fernity_vente_fr.xml HTTP/1.1" 200 3167269 "-" "Python-urllib/3.11"
85.232.241.194 - - [05/May/2025:15:02:03 +0200] "GET /Jurek/kinghome/feeds/kinghome_vente_fr.xml HTTP/1.1" 200 5619813 "-" "Python-urllib/3.11"
85.232.241.194 - - [05/May/2025:15:02:04 +0200] "GET /Jurek/emibig/feeds/emibig_vente_fr.xml HTTP/1.1" 200 2522362 "-" "Python-urllib/3.11"
85.232.241.194 - - [05/May/2025:15:02:04 +0200] "GET /Jurek/b3/feeds/b3_vente_fr.xml HTTP/1.1" 200 8131815 "-" "Python-urllib/3.11"
85.232.241.194 - - [05/May/2025:15:02:04 +0200] "GET /Jurek/aw/feeds/aw_vente_fr.xml HTTP/1.1" 200 90830708 "-" "Python-urllib/3.11"
85.232.241.194 - - [05/May/2025:15:02:06 +0200] "GET /Jurek/asortymenteu/feeds/asortymenteu_vente_fr.xml HTTP/1.1" 200 2797535 "-" "Python-urllib/3.11"
85.232.241.194 - - [05/May/2025:15:02:06 +0200] "GET /Jurek/hurtownia_przemyslowa/feeds/hp_vente_fr.xml HTTP/1.1" 200 49362515 "-" "Python-urllib/3.11"
77.79.248.229 - - [05/May/2025:15:02:19 +0200] "GET /Jurek/mojeledy/feeds/mojeledy_manoDE.xml HTTP/1.1" 200 1018442 "-" "Python-urllib/3.11"
77.79.248.229 - - [05/May/2025:15:02:19 +0200] "GET /Jurek/rovato/feeds/rovato_manoDE.xml HTTP/1.1" 200 180834 "-" "Python-urllib/3.11"
85.232.241.194 - - [05/May/2025:15:02:23 +0200] "GET /Jurek/kobi/feeds/kobi_vente_be.xml HTTP/1.1" 200 942989 "-" "Python-urllib/3.11"
85.232.241.194 - - [05/May/2025:15:02:24 +0200] "GET /Jurek/topeshop/feeds/topeshop_vente_be.xml HTTP/1.1" 200 2801269 "-" "Python-urllib/3.11"
85.232.241.194 - - [05/May/2025:15:02:24 +0200] "GET /Jurek/fernity/feeds/fernity_vente_be.xml HTTP/1.1" 200 3167118 "-" "Python-urllib/3.11"
85.232.241.194 - - [05/May/2025:15:02:24 +0200] "GET /Jurek/kinghome/feeds/kinghome_vente_be.xml HTTP/1.1" 200 5619643 "-" "Python-urllib/3.11"
85.232.241.194 - - [05/May/2025:15:02:24 +0200] "GET /Jurek/emibig/feeds/emibig_vente_be.xml HTTP/1.1" 200 2522277 "-" "Python-urllib/3.11"
85.232.241.194 - - [05/May/2025:15:02:24 +0200] "GET /Jurek/b3/feeds/b3_vente_be.xml HTTP/1.1" 200 8131686 "-" "Python-urllib/3.11"
85.232.241.194 - - [05/May/2025:15:02:25 +0200] "GET /Jurek/aw/feeds/aw_vente_be.xml HTTP/1.1" 200 90829709 "-" "Python-urllib/3.11"
85.232.241.194 - - [05/May/2025:15:02:27 +0200] "GET /Jurek/asortymenteu/feeds/asortymenteu_vente_be.xml HTTP/1.1" 200 2797543 "-" "Python-urllib/3.11"
85.232.241.194 - - [05/May/2025:15:02:27 +0200] "GET /Jurek/hurtownia_przemyslowa/feeds/hp_vente_be.xml HTTP/1.1" 200 49362306 "-" "Python-urllib/3.11"
85.232.241.194 - - [05/May/2025:15:02:42 +0200] "GET /Jurek/kobi/feeds/kobi_vente_es.xml HTTP/1.1" 200 942982 "-" "Python-urllib/3.11"
85.232.241.194 - - [05/May/2025:15:02:44 +0200] "GET /Jurek/topeshop/feeds/topeshop_vente_es.xml HTTP/1.1" 200 2801298 "-" "Python-urllib/3.11"
85.232.241.194 - - [05/May/2025:15:02:44 +0200] "GET /Jurek/fernity/feeds/fernity_vente_es.xml HTTP/1.1" 200 3167270 "-" "Python-urllib/3.11"
85.232.241.194 - - [05/May/2025:15:02:44 +0200] "GET /Jurek/kinghome/feeds/kinghome_vente_es.xml HTTP/1.1" 200 5619949 "-" "Python-urllib/3.11"
85.232.241.194 - - [05/May/2025:15:02:44 +0200] "GET /Jurek/emibig/feeds/emibig_vente_es.xml HTTP/1.1" 200 2522489 "-" "Python-urllib/3.11"
85.232.241.194 - - [05/May/2025:15:02:44 +0200] "GET /Jurek/b3/feeds/b3_vente_es.xml HTTP/1.1" 200 8131841 "-" "Python-urllib/3.11"
85.232.241.194 - - [05/May/2025:15:02:44 +0200] "GET /Jurek/aw/feeds/aw_vente_es.xml HTTP/1.1" 200 90832226 "-" "Python-urllib/3.11"
85.232.241.194 - - [05/May/2025:15:02:46 +0200] "GET /Jurek/asortymenteu/feeds/asortymenteu_vente_es.xml HTTP/1.1" 200 2797566 "-" "Python-urllib/3.11"
85.232.241.194 - - [05/May/2025:15:02:46 +0200] "GET /Jurek/hurtownia_przemyslowa/feeds/hp_vente_es.xml HTTP/1.1" 200 49362543 "-" "Python-urllib/3.11"
77.79.248.229 - - [05/May/2025:15:02:51 +0200] "GET /Jurek/piotrmiedz/feeds/piotrmiedz_manoDE.xml HTTP/1.1" 200 91042530 "-" "Python-urllib/3.11"
77.79.248.229 - - [05/May/2025:15:02:52 +0200] "GET /Jurek/pawonik/feeds/pawonik_manoDE.xml HTTP/1.1" 200 2138415 "-" "Python-urllib/3.11"
77.79.248.229 - - [05/May/2025:15:02:52 +0200] "GET /Jurek/alucon/feeds/alucon_manoDE.xml HTTP/1.1" 200 553576 "-" "Python-urllib/3.11"
77.79.248.229 - - [05/May/2025:15:02:52 +0200] "GET /Jurek/sovapl/feeds/sovapl_manoDE.xml HTTP/1.1" 200 8999436 "-" "Python-urllib/3.11"
77.79.248.229 - - [05/May/2025:15:02:52 +0200] "GET /Jurek/missionair/feeds/missionair_manoDE.xml HTTP/1.1" 200 3154856 "-" "Python-urllib/3.11"
85.232.241.194 - - [05/May/2025:15:03:05 +0200] "GET /Jurek/kobi/feeds/kobi_vente_it.xml HTTP/1.1" 200 942971 "-" "Python-urllib/3.11"
85.232.241.194 - - [05/May/2025:15:03:05 +0200] "GET /Jurek/topeshop/feeds/topeshop_vente_it.xml HTTP/1.1" 200 2801265 "-" "Python-urllib/3.11"
85.232.241.194 - - [05/May/2025:15:03:05 +0200] "GET /Jurek/fernity/feeds/fernity_vente_it.xml HTTP/1.1" 200 3167209 "-" "Python-urllib/3.11"
85.232.241.194 - - [05/May/2025:15:03:05 +0200] "GET /Jurek/kinghome/feeds/kinghome_vente_it.xml HTTP/1.1" 200 5619907 "-" "Python-urllib/3.11"
85.232.241.194 - - [05/May/2025:15:03:06 +0200] "GET /Jurek/emibig/feeds/emibig_vente_it.xml HTTP/1.1" 200 2522388 "-" "Python-urllib/3.11"
85.232.241.194 - - [05/May/2025:15:03:06 +0200] "GET /Jurek/b3/feeds/b3_vente_it.xml HTTP/1.1" 200 8131770 "-" "Python-urllib/3.11"
85.232.241.194 - - [05/May/2025:15:03:06 +0200] "GET /Jurek/aw/feeds/aw_vente_it.xml HTTP/1.1" 200 90831307 "-" "Python-urllib/3.11"
85.232.241.194 - - [05/May/2025:15:03:08 +0200] "GET /Jurek/asortymenteu/feeds/asortymenteu_vente_it.xml HTTP/1.1" 200 2797554 "-" "Python-urllib/3.11"
85.232.241.194 - - [05/May/2025:15:03:08 +0200] "GET /Jurek/hurtownia_przemyslowa/feeds/hp_vente_it.xml HTTP/1.1" 200 49362518 "-" "Python-urllib/3.11"
193.33.8.61 - - [05/May/2025:15:03:21 +0200] "GET /Filip/janshop_orders/exports/ HTTP/2.0" 401 3550 "-" "Mozilla/5.0 (Macintosh; Intel Mac OS X 10_15_7) AppleWebKit/605.1.15 (KHTML, like Gecko) Version/17.5 Safari/605.1.15"
193.33.8.61 - maria [05/May/2025:15:03:21 +0200] "GET /Filip/janshop_orders/exports/ HTTP/2.0" 200 19493 "-" "Mozilla/5.0 (Macintosh; Intel Mac OS X 10_15_7) AppleWebKit/605.1.15 (KHTML, like Gecko) Version/17.5 Safari/605.1.15"
85.232.241.194 - - [05/May/2025:15:03:24 +0200] "GET /Jurek/kobi/feeds/kobi_vente_ne.xml HTTP/1.1" 200 942976 "-" "Python-urllib/3.11"
85.232.241.194 - - [05/May/2025:15:03:24 +0200] "GET /Jurek/topeshop/feeds/topeshop_vente_ne.xml HTTP/1.1" 200 2801224 "-" "Python-urllib/3.11"
85.232.241.194 - - [05/May/2025:15:03:25 +0200] "GET /Jurek/fernity/feeds/fernity_vente_ne.xml HTTP/1.1" 200 3167091 "-" "Python-urllib/3.11"
85.232.241.194 - - [05/May/2025:15:03:25 +0200] "GET /Jurek/kinghome/feeds/kinghome_vente_ne.xml HTTP/1.1" 200 5619700 "-" "Python-urllib/3.11"
85.232.241.194 - - [05/May/2025:15:03:25 +0200] "GET /Jurek/emibig/feeds/emibig_vente_ne.xml HTTP/1.1" 200 2522283 "-" "Python-urllib/3.11"
85.232.241.194 - - [05/May/2025:15:03:25 +0200] "GET /Jurek/b3/feeds/b3_vente_nl.xml HTTP/1.1" 200 8131716 "-" "Python-urllib/3.11"
85.232.241.194 - - [05/May/2025:15:03:25 +0200] "GET /Jurek/aw/feeds/aw_vente_nl.xml HTTP/1.1" 200 90829897 "-" "Python-urllib/3.11"
193.33.8.61 - maria [05/May/2025:15:03:26 +0200] "GET /Filip/janshop_orders/exports/ HTTP/2.0" 200 19493 "-" "Mozilla/5.0 (Macintosh; Intel Mac OS X 10_15_7) AppleWebKit/605.1.15 (KHTML, like Gecko) Version/17.5 Safari/605.1.15"
85.232.241.194 - - [05/May/2025:15:03:27 +0200] "GET /Jurek/asortymenteu/feeds/asortymenteu_vente_nl.xml HTTP/1.1" 200 2797533 "-" "Python-urllib/3.11"
85.232.241.194 - - [05/May/2025:15:03:27 +0200] "GET /Jurek/hurtownia_przemyslowa/feeds/hp_vente_nl.xml HTTP/1.1" 200 49362279 "-" "Python-urllib/3.11"
85.232.241.194 - - [05/May/2025:15:03:42 +0200] "GET /Jurek/kobi/feeds/kobi_vente_de.xml HTTP/1.1" 200 942980 "-" "Python-urllib/3.11"
85.232.241.194 - - [05/May/2025:15:03:43 +0200] "GET /Jurek/topeshop/feeds/topeshop_vente_de.xml HTTP/1.1" 200 2801184 "-" "Python-urllib/3.11"
85.232.241.194 - - [05/May/2025:15:03:43 +0200] "GET /Jurek/fernity/feeds/fernity_vente_de.xml HTTP/1.1" 200 3167029 "-" "Python-urllib/3.11"
85.232.241.194 - - [05/May/2025:15:03:43 +0200] "GET /Jurek/kinghome/feeds/kinghome_vente_de.xml HTTP/1.1" 200 5619637 "-" "Python-urllib/3.11"
85.232.241.194 - - [05/May/2025:15:03:43 +0200] "GET /Jurek/emibig/feeds/emibig_vente_de.xml HTTP/1.1" 200 2522279 "-" "Python-urllib/3.11"
85.232.241.194 - - [05/May/2025:15:03:43 +0200] "GET /Jurek/b3/feeds/b3_vente_de.xml HTTP/1.1" 200 8131676 "-" "Python-urllib/3.11"
85.232.241.194 - - [05/May/2025:15:03:43 +0200] "GET /Jurek/aw/feeds/aw_vente_de.xml HTTP/1.1" 200 90829596 "-" "Python-urllib/3.11"
193.33.8.61 - maria [05/May/2025:15:03:44 +0200] "GET /Filip/janshop_orders/exports/shumee_2025-05-05_15.txt HTTP/2.0" 200 4130 "https://dkkapusta1997.usermd.net/Filip/janshop_orders/exports/" "Mozilla/5.0 (Macintosh; Intel Mac OS X 10_15_7) AppleWebKit/605.1.15 (KHTML, like Gecko) Version/17.5 Safari/605.1.15"
85.232.241.194 - - [05/May/2025:15:03:44 +0200] "GET /Jurek/asortymenteu/feeds/asortymenteu_vente_de.xml HTTP/1.1" 200 2797578 "-" "Python-urllib/3.11"
85.232.241.194 - - [05/May/2025:15:03:45 +0200] "GET /Jurek/hurtownia_przemyslowa/feeds/hp_vente_de.xml HTTP/1.1" 200 49362064 "-" "Python-urllib/3.11"
193.33.8.61 - maria [05/May/2025:15:03:45 +0200] "GET /Filip/janshop_orders/exports/extra_2025-05-05_15.txt HTTP/2.0" 200 5920 "https://dkkapusta1997.usermd.net/Filip/janshop_orders/exports/" "Mozilla/5.0 (Macintosh; Intel Mac OS X 10_15_7) AppleWebKit/605.1.15 (KHTML, like Gecko) Version/17.5 Safari/605.1.15"
89.161.206.59 - - [05/May/2025:15:04:02 +0200] "GET /Jurek/waks/feeds/waks_emagro.xml HTTP/1.0" 200 1598638 "-" "-"
46.101.116.244 - - [05/May/2025:15:04:06 +0200] "GET /Jurek/eurofirany/feeds/eurofirany_empik.xml HTTP/1.0" 200 18986973 "-" "-"
46.101.116.244 - - [05/May/2025:15:04:09 +0200] "GET /Jurek/chemex/feeds/chemex_empik.xml HTTP/1.0" 200 47822490 "-" "-"
46.101.116.244 - - [05/May/2025:15:04:19 +0200] "GET /Jurek/eurofirany/feeds/eurofirany_erli.xml HTTP/1.0" 200 18989402 "-" "-"
52.18.22.0 - - [05/May/2025:15:04:24 +0200] "GET /marketplaces/carrefour/results/carrefour.csv HTTP/1.1" 200 114453 "-" "Mirakl HttpClient"
89.161.206.59 - - [05/May/2025:15:05:24 +0200] "GET /Jurek/fertone/feeds/fertone_emagro.xml HTTP/1.0" 200 583659 "-" "-"
89.161.206.59 - - [05/May/2025:15:05:25 +0200] "GET /Jurek/edruk/feeds/edruk_emagro.xml HTTP/1.0" 200 14151544 "-" "-"
66.249.64.167 - - [05/May/2025:15:06:25 +0200] "GET /Jurek/eurofirany/images/390420/4.jpg HTTP/1.1" 200 178836 "-" "Googlebot-Image/1.0"
89.161.206.59 - - [05/May/2025:15:06:51 +0200] "GET /Jurek/wenom/feeds/wenom_emagro.xml HTTP/1.0" 200 583116 "-" "-"
89.161.206.59 - - [05/May/2025:15:06:51 +0200] "GET /Jurek/madrex/feeds/madrex_emagro.xml HTTP/1.0" 200 466711 "-" "-"
89.161.206.59 - - [05/May/2025:15:06:51 +0200] "GET /Jurek/zepnij/feeds/zepnij_emagro.xml HTTP/1.0" 200 19523697 "-" "-"
66.249.64.166 - - [05/May/2025:15:07:15 +0200] "GET /Jurek/eurofirany/images/380294/1.jpg HTTP/1.1" 200 73512 "-" "Googlebot-Image/1.0"
66.249.64.167 - - [05/May/2025:15:08:04 +0200] "GET /Jurek/topeshop/downloaded_images/5904507201876_KUBABIURKOANTRACYT.png HTTP/1.1" 404 3551 "-" "Googlebot-Image/1.0"
89.161.206.59 - - [05/May/2025:15:08:26 +0200] "GET /Jurek/euroshop/feeds/euroshop_emagro.xml HTTP/1.0" 200 20026622 "-" "-"
89.161.206.59 - - [05/May/2025:15:08:28 +0200] "GET /Jurek/polzoo/feeds/polzoo_emagro.xml HTTP/1.0" 200 48128619 "-" "-"
89.161.206.59 - - [05/May/2025:15:08:29 +0200] "GET /Jurek/german/feeds/german_emagro.xml HTTP/1.0" 200 2853924 "-" "-"
89.161.206.59 - - [05/May/2025:15:08:31 +0200] "GET /Jurek/makow/feeds/makow_emagro.xml HTTP/1.0" 200 21206109 "-" "-"
85.14.86.141 - - [05/May/2025:15:08:41 +0200] "GET /Jurek/kinghoff/feeds/kinghoff_morele.xml HTTP/2.0" 200 15454987 "-" "MarketplaceAPI curl/7.74.0 PHP/8"
66.249.64.166 - - [05/May/2025:15:08:54 +0200] "GET /Jurek/eurofirany/images/383164/4.jpg HTTP/1.1" 200 253001 "-" "Googlebot-Image/1.0"
66.249.64.165 - - [05/May/2025:15:09:00 +0200] "GET /Jurek/eurofirany/images/383464/4.jpg HTTP/1.1" 200 6595 "-" "Googlebot-Image/1.0"
66.249.64.165 - - [05/May/2025:15:09:33 +0200] "GET /Jurek/eurofirany/images/383321/3.jpg HTTP/1.1" 200 6595 "-" "Googlebot-Image/1.0"
185.6.76.18 - - [05/May/2025:15:09:40 +0200] "GET /marketplaces/skroutz/feeds/shumee.xml HTTP/1.1" 200 414046502 "-" "SkroutzBot v1.0"
66.249.64.165 - - [05/May/2025:15:09:43 +0200] "GET /Jurek/eurofirany/images/390420/9.jpg HTTP/1.1" 200 92563 "-" "Googlebot-Image/1.0"
89.161.206.59 - - [05/May/2025:15:10:03 +0200] "GET /Jurek/aiofactory/feeds/aiofactory_ebayde.xml HTTP/1.0" 200 2123784 "-" "-"
46.101.116.244 - - [05/May/2025:15:11:15 +0200] "GET /Jurek/aw/feeds/aw_fnacfr.xml HTTP/1.0" 404 3551 "-" "-"
66.249.64.167 - - [05/May/2025:15:11:23 +0200] "GET /Jurek/topeshop/downloaded_images/5904507202408_sonoma-mini.png HTTP/1.1" 200 1173124 "-" "Googlebot-Image/1.0"
66.135.223.43 - - [05/May/2025:15:11:49 +0200] "GET /Jurek/topeshop/downloaded_images/5904507200176_MIJASBIURKOSONOMA_.png HTTP/1.1" 404 3551 "http://www.ebay.com/" "Mozilla/5.0 (Windows NT 10.0; Win64; x64) AppleWebKit/537.36 (KHTML, like Gecko) Chrome/123.0.0.0 Safari/537.36"
66.135.223.41 - - [05/May/2025:15:11:49 +0200] "GET /Jurek/topeshop/downloaded_images/5904507200176_MIJASBIURKOBRY%C5%81KASONOMAPRAWEBOKZM.jpg HTTP/1.1" 404 3551 "http://www.ebay.com/" "Mozilla/5.0 (Windows NT 10.0; Win64; x64) AppleWebKit/537.36 (KHTML, like Gecko) Chrome/123.0.0.0 Safari/537.36"
66.135.223.42 - - [05/May/2025:15:11:49 +0200] "GET /Jurek/topeshop/downloaded_images/5904507200176_MIJASBIURKOBRY%C5%81KASONOMAPRAWEFRONTOT.jpg HTTP/1.1" 404 3551 "http://www.ebay.com/" "Mozilla/5.0 (Windows NT 10.0; Win64; x64) AppleWebKit/537.36 (KHTML, like Gecko) Chrome/123.0.0.0 Safari/537.36"
66.135.223.41 - - [05/May/2025:15:11:49 +0200] "GET /Jurek/topeshop/downloaded_images/5904507200176_MIJASBIURKOSONOMAPRAWO.2tif.png HTTP/1.1" 404 3551 "http://www.ebay.com/" "Mozilla/5.0 (Windows NT 10.0; Win64; x64) AppleWebKit/537.36 (KHTML, like Gecko) Chrome/123.0.0.0 Safari/537.36"
66.135.223.40 - - [05/May/2025:15:11:49 +0200] "GET /Jurek/topeshop/downloaded_images/5904507200176_MIJASBIURKOBRY%C5%81KASONOMAPRAWEFRONTZM.jpg HTTP/1.1" 404 3551 "http://www.ebay.com/" "Mozilla/5.0 (Windows NT 10.0; Win64; x64) AppleWebKit/537.36 (KHTML, like Gecko) Chrome/123.0.0.0 Safari/537.36"
66.135.223.44 - - [05/May/2025:15:11:49 +0200] "GET /Jurek/topeshop/downloaded_images/5904507200176_MIJASBIURKOSONOMAPRAWOOT.2tif.png HTTP/1.1" 404 3551 "http://www.ebay.com/" "Mozilla/5.0 (Windows NT 10.0; Win64; x64) AppleWebKit/537.36 (KHTML, like Gecko) Chrome/123.0.0.0 Safari/537.36"
66.135.223.41 - - [05/May/2025:15:11:49 +0200] "GET /Jurek/topeshop/downloaded_images/5904507200176_MIJASBIURKOBRY%C5%81KASONOMAPRAWEBOKOT.jpg HTTP/1.1" 404 3551 "http://www.ebay.com/" "Mozilla/5.0 (Windows NT 10.0; Win64; x64) AppleWebKit/537.36 (KHTML, like Gecko) Chrome/123.0.0.0 Safari/537.36"
66.249.64.167 - - [05/May/2025:15:12:12 +0200] "GET /Jurek/eurofirany/images/396855/1.jpg HTTP/1.1" 200 131239 "-" "Googlebot-Image/1.0"
193.33.8.61 - - [05/May/2025:15:12:18 +0200] "GET /marketplaces/rue/download/rue.csv HTTP/2.0" 200 10413006 "-" "Mozilla/5.0 (Windows NT 10.0; Win64; x64) AppleWebKit/537.36 (KHTML, like Gecko) Chrome/135.0.0.0 Safari/537.36"
89.161.206.59 - - [05/May/2025:15:12:21 +0200] "GET /Jurek/kobi/feeds/kobi_cdsc.xml HTTP/1.0" 200 544107 "-" "-"
89.161.206.59 - - [05/May/2025:15:12:24 +0200] "GET /Jurek/kinghoff/feeds/kinghoff_cdiscount.xml HTTP/1.0" 200 7505349 "-" "-"
89.161.206.59 - - [05/May/2025:15:12:24 +0200] "GET /Jurek/broers/feeds/broers_cdsc.xml HTTP/1.0" 200 2303269 "-" "-"
89.161.206.59 - - [05/May/2025:15:12:25 +0200] "GET /Jurek/nonabox/feeds/nonabox_cdsc.xml HTTP/1.0" 200 39042 "-" "-"
89.161.206.59 - - [05/May/2025:15:12:25 +0200] "GET /Jurek/lampart/feeds/lampart_cdsc.xml HTTP/1.0" 200 1057919 "-" "-"
89.161.206.59 - - [05/May/2025:15:12:25 +0200] "GET /Jurek/regis/feeds/regis_cdsc.xml HTTP/1.0" 200 231426 "-" "-"
66.249.64.167 - - [05/May/2025:15:13:01 +0200] "GET /Jurek/eurofirany/images/389927/7.jpg HTTP/1.1" 200 6595 "-" "Googlebot-Image/1.0"
66.249.64.165 - - [05/May/2025:15:13:51 +0200] "GET /robots.txt HTTP/1.1" 404 3551 "-" "Mozilla/5.0 (compatible; Googlebot/2.1; +http://www.google.com/bot.html)"
66.249.64.166 - - [05/May/2025:15:13:51 +0200] "GET /Jurek/eurofirany/images/396855/3.jpg HTTP/1.1" 200 128293 "-" "Googlebot-Image/1.0"
85.14.86.141 - - [05/May/2025:15:14:30 +0200] "GET /Jurek/eurofirany/feeds/eurofirany_morele.xml HTTP/2.0" 200 18987200 "-" "MarketplaceAPI curl/7.74.0 PHP/8"
66.249.64.165 - - [05/May/2025:15:14:40 +0200] "GET /Jurek/eurofirany/images/390420/6.jpg HTTP/1.1" 200 135099 "-" "Googlebot-Image/1.0"
89.161.206.59 - - [05/May/2025:15:15:21 +0200] "GET /Jurek/bentivolio/feeds/bentivolio_skr.xml HTTP/1.0" 200 1261313 "-" "-"
66.249.64.166 - - [05/May/2025:15:15:30 +0200] "GET /robots.txt HTTP/1.1" 404 3551 "-" "Mozilla/5.0 (compatible; Googlebot/2.1; +http://www.google.com/bot.html)"
66.249.64.165 - - [05/May/2025:15:15:30 +0200] "GET /Jurek/eurofirany/images/390400/5.jpg HTTP/1.1" 200 183103 "-" "Googlebot-Image/1.0"
89.161.206.59 - - [05/May/2025:15:15:42 +0200] "GET /Jurek/stiv/feeds/stiv_skr.xml HTTP/1.0" 200 2056874 "-" "-"
85.14.86.141 - - [05/May/2025:15:15:52 +0200] "GET /Jurek/vivaldi/feeds/vivaldi_Morele-PL.xml HTTP/2.0" 200 344674 "-" "MarketplaceAPI curl/7.74.0 PHP/8"
46.101.116.244 - - [05/May/2025:15:16:16 +0200] "GET /Jurek/aw/feeds/aw_fnacfr.xml HTTP/1.0" 404 3551 "-" "-"
66.249.64.165 - - [05/May/2025:15:16:19 +0200] "GET /Jurek/eurofirany/images/400180/3.jpg HTTP/1.1" 200 37689 "-" "Googlebot-Image/1.0"
66.249.64.165 - - [05/May/2025:15:16:45 +0200] "GET /robots.txt HTTP/1.1" 404 3551 "-" "Mozilla/5.0 (compatible; Googlebot/2.1; +http://www.google.com/bot.html)"
66.249.64.166 - - [05/May/2025:15:16:45 +0200] "GET /Jurek/eurofirany/images/383389/3.jpg HTTP/1.1" 200 6595 "-" "Googlebot-Image/1.0"
66.249.64.165 - - [05/May/2025:15:17:09 +0200] "GET /Jurek/eurofirany/images/398788/6.jpg HTTP/1.1" 200 93071 "-" "Googlebot-Image/1.0"
66.249.64.165 - - [05/May/2025:15:17:58 +0200] "GET /robots.txt HTTP/1.1" 404 3551 "-" "Mozilla/5.0 (compatible; Googlebot/2.1; +http://www.google.com/bot.html)"
66.249.64.165 - - [05/May/2025:15:17:59 +0200] "GET /Jurek/eurofirany/images/422324/9.jpg HTTP/1.1" 200 99689 "-" "Googlebot-Image/1.0"
85.14.86.141 - - [05/May/2025:15:19:03 +0200] "GET /Jurek/aw/feeds/awnarzedzia_morele.xml HTTP/2.0" 200 90842933 "-" "MarketplaceAPI curl/7.74.0 PHP/8"
85.14.86.141 - - [05/May/2025:15:19:13 +0200] "GET /Jurek/vida_morele/feeds/VidaPL_morele.xml HTTP/2.0" 200 768658613 "-" "MarketplaceAPI curl/7.74.0 PHP/8"
66.249.64.165 - - [05/May/2025:15:19:38 +0200] "GET /robots.txt HTTP/1.1" 404 3551 "-" "Mozilla/5.0 (compatible; Googlebot/2.1; +http://www.google.com/bot.html)"
66.249.64.165 - - [05/May/2025:15:19:38 +0200] "GET /Jurek/eurofirany/images/383862/3.jpg HTTP/1.1" 200 155619 "-" "Googlebot-Image/1.0"
66.249.64.165 - - [05/May/2025:15:20:27 +0200] "GET /Jurek/eurofirany/images/391481/3.jpg HTTP/1.1" 200 122570 "-" "Googlebot-Image/1.0"
85.14.86.141 - - [05/May/2025:15:20:38 +0200] "GET /Jurek/beliani/feeds/beliani_morele.xml HTTP/2.0" 200 30874920 "-" "MarketplaceAPI curl/7.74.0 PHP/8"
46.101.116.244 - - [05/May/2025:15:21:26 +0200] "GET /Jurek/piotrmiedz/feeds/piotrmiedz_amazones.xml HTTP/1.0" 200 91044231 "-" "-"
89.161.206.59 - - [05/May/2025:15:21:29 +0200] "GET /Jurek/stema/feeds/stema_skroutz.xml HTTP/1.0" 200 429101 "-" "-"
46.101.116.244 - - [05/May/2025:15:21:33 +0200] "GET /Jurek/piotrmiedz/feeds/piotrmiedz_amazonit.xml HTTP/1.0" 200 91042952 "-" "-"
46.101.116.244 - - [05/May/2025:15:21:41 +0200] "GET /Jurek/piotrmiedz/feeds/piotrmiedz_amazonse.xml HTTP/1.0" 200 91085604 "-" "-"
46.101.116.244 - - [05/May/2025:15:22:00 +0200] "GET /Jurek/aw/feeds/aw_fnacfr.xml HTTP/1.0" 404 3551 "-" "-"
85.232.241.194 - - [05/May/2025:15:22:02 +0200] "GET /Jurek/action/feeds/action_ubaldi.xml HTTP/1.1" 200 59647881 "-" "Python-urllib/3.11"
85.232.241.194 - - [05/May/2025:15:22:05 +0200] "GET /Jurek/hurtownia_przemyslowa/feeds/hp_ubaldi.xml HTTP/1.1" 200 49362573 "-" "Python-urllib/3.11"
