85.232.241.194 - - [05/May/2025:15:28:30 +0200] "GET /Jurek/straganspoz/feeds/straganspoz_rue.xml HTTP/1.1" 200 9514229 "-" "Python-urllib/3.11"
85.232.241.194 - - [05/May/2025:15:28:30 +0200] "GET /Jurek/sternhoff/feeds/sternhoff_rue.xml HTTP/1.1" 200 1775249 "-" "Python-urllib/3.11"
85.232.241.194 - - [05/May/2025:15:28:30 +0200] "GET /Jurek/playcob/feeds/playcob_rue.xml HTTP/1.1" 200 6980169 "-" "Python-urllib/3.11"
85.232.241.194 - - [05/May/2025:15:28:30 +0200] "GET /Jurek/broers/feeds/broers_rue.xml HTTP/1.1" 200 1982572 "-" "Python-urllib/3.11"
85.232.241.194 - - [05/May/2025:15:28:30 +0200] "GET /Jurek/jankeski/feeds/jankeski_rue.xml HTTP/1.1" 200 6570994 "-" "Python-urllib/3.11"
85.232.241.194 - - [05/May/2025:15:28:31 +0200] "GET /Jurek/zbimatyja/feeds/zbimatyja_rue.xml HTTP/1.1" 200 11670161 "-" "Python-urllib/3.11"
85.232.241.194 - - [05/May/2025:15:28:31 +0200] "GET /Jurek/rider/feeds/rider_rue.xml HTTP/1.1" 200 8165126 "-" "Python-urllib/3.11"
85.232.241.194 - - [05/May/2025:15:28:31 +0200] "GET /Jurek/omi/feeds/omi_rue.xml HTTP/1.1" 200 8105566 "-" "Python-urllib/3.11"
85.232.241.194 - - [05/May/2025:15:28:31 +0200] "GET /Jurek/hlo/feeds/hlo_rue.xml HTTP/1.1" 200 4837763 "-" "Python-urllib/3.11"
85.232.241.194 - - [05/May/2025:15:28:31 +0200] "GET /Jurek/asortymenteu/feeds/asortymenteu_rue.xml HTTP/1.1" 200 2797558 "-" "Python-urllib/3.11"
85.232.241.194 - - [05/May/2025:15:28:31 +0200] "GET /Jurek/smxdesign/feeds/smxdesign_rue.xml HTTP/1.1" 200 1829037 "-" "Python-urllib/3.11"
85.232.241.194 - - [05/May/2025:15:28:31 +0200] "GET /Jurek/cdata/feeds/cdata_rue.xml HTTP/1.1" 200 1445137 "-" "Python-urllib/3.11"
85.232.241.194 - - [05/May/2025:15:28:31 +0200] "GET /Jurek/newtechele/feeds/newtechele_rue.xml HTTP/1.1" 200 2438436 "-" "Python-urllib/3.11"
85.232.241.194 - - [05/May/2025:15:28:32 +0200] "GET /Jurek/sebmart/feeds/sebmart_rue.xml HTTP/1.1" 200 1598704 "-" "Python-urllib/3.11"
85.232.241.194 - - [05/May/2025:15:28:32 +0200] "GET /Jurek/tsjerzy/feeds/tsjerzy_rue.xml HTTP/1.1" 200 3897706 "-" "Python-urllib/3.11"
85.232.241.194 - - [05/May/2025:15:28:32 +0200] "GET /Jurek/carbonyway/feeds/carbonyway_rue.xml HTTP/1.1" 200 3076044 "-" "Python-urllib/3.11"
85.232.241.194 - - [05/May/2025:15:28:32 +0200] "GET /Jurek/kamar/feeds/kamar_rue.xml HTTP/1.1" 200 25549893 "-" "Python-urllib/3.11"
85.232.241.194 - - [05/May/2025:15:28:32 +0200] "GET /Jurek/beautycare/feeds/beautycare_rue.xml HTTP/1.1" 200 1181319 "-" "Python-urllib/3.11"
85.232.241.194 - - [05/May/2025:15:28:32 +0200] "GET /Jurek/avenido/feeds/avenido_rue.xml HTTP/1.1" 200 720106 "-" "Python-urllib/3.11"
85.232.241.194 - - [05/May/2025:15:28:32 +0200] "GET /Jurek/zenex/feeds/zenex_rue.xml HTTP/1.1" 200 540200 "-" "Python-urllib/3.11"
85.232.241.194 - - [05/May/2025:15:28:32 +0200] "GET /Jurek/filmal/feeds/filmal_rue.xml HTTP/1.1" 200 139277 "-" "Python-urllib/3.11"
85.232.241.194 - - [05/May/2025:15:28:32 +0200] "GET /Jurek/fertes/feeds/fertes_rue.xml HTTP/1.1" 200 2361861 "-" "Python-urllib/3.11"
85.232.241.194 - - [05/May/2025:15:28:32 +0200] "GET /Jurek/jakdroz/feeds/jakdroz_rue.xml HTTP/1.1" 200 4090052 "-" "Python-urllib/3.11"
85.232.241.194 - - [05/May/2025:15:28:33 +0200] "GET /Jurek/makow/feeds/makow_rue.xml HTTP/1.1" 200 21203838 "-" "Python-urllib/3.11"
85.232.241.194 - - [05/May/2025:15:28:33 +0200] "GET /Jurek/apresto/feeds/apresto_rue.xml HTTP/1.1" 200 1327658 "-" "Python-urllib/3.11"
85.232.241.194 - - [05/May/2025:15:28:33 +0200] "GET /Jurek/kalama/feeds/kalama_rue.xml HTTP/1.1" 200 2661777 "-" "Python-urllib/3.11"
85.232.241.194 - - [05/May/2025:15:28:33 +0200] "GET /Jurek/proadventure/feeds/proadventure_rue.xml HTTP/1.1" 200 10763551 "-" "Python-urllib/3.11"
85.232.241.194 - - [05/May/2025:15:28:34 +0200] "GET /Jurek/bloomglow/feeds/bloomglow_rue.xml HTTP/1.1" 200 14095445 "-" "Python-urllib/3.11"
193.33.8.61 - - [05/May/2025:15:28:35 +0200] "GET /Jurek/dropkz/feeds/dropkz_bol.xml HTTP/1.1" 200 70013861 "-" "python-requests/2.31.0"
193.33.8.61 - - [05/May/2025:15:28:36 +0200] "GET /Jurek/urwiskowo/feeds/urwiskowo_bol.xml HTTP/1.1" 200 9114995 "-" "python-requests/2.31.0"
193.33.8.61 - - [05/May/2025:15:28:36 +0200] "GET /Jurek/beautycare/feeds/beautycare_bol.xml HTTP/1.1" 200 1181261 "-" "python-requests/2.31.0"
193.33.8.61 - - [05/May/2025:15:28:37 +0200] "GET /Jurek/takapara/feeds/takapara_bol.xml HTTP/1.1" 200 1342572 "-" "python-requests/2.31.0"
193.33.8.61 - - [05/May/2025:15:28:37 +0200] "GET /Jurek/smxdesign/feeds/smxdesign_bol.xml HTTP/1.1" 200 1829025 "-" "python-requests/2.31.0"
193.33.8.61 - - [05/May/2025:15:28:37 +0200] "GET /Jurek/proparts/feeds/proparts_bol.xml HTTP/1.1" 200 707496 "-" "python-requests/2.31.0"
193.33.8.61 - - [05/May/2025:15:28:38 +0200] "GET /Jurek/makow/feeds/makow_bol.xml HTTP/1.1" 200 21203720 "-" "python-requests/2.31.0"
193.33.8.61 - - [05/May/2025:15:28:40 +0200] "GET /Jurek/kamar/feeds/kamar_bol.xml HTTP/1.1" 200 25550150 "-" "python-requests/2.31.0"
193.33.8.61 - - [05/May/2025:15:28:40 +0200] "GET /Jurek/em3/feeds/em3_bol.xml HTTP/1.1" 200 258918 "-" "python-requests/2.31.0"
193.33.8.61 - - [05/May/2025:15:28:41 +0200] "GET /Jurek/newtechele/feeds/newtechele_bol.xml HTTP/1.1" 200 2438490 "-" "python-requests/2.31.0"
193.33.8.61 - - [05/May/2025:15:28:41 +0200] "GET /Jurek/cenoman/feeds/cenoman_bol.xml HTTP/1.1" 200 5993174 "-" "python-requests/2.31.0"
193.33.8.61 - - [05/May/2025:15:28:41 +0200] "GET /Jurek/galopi/feeds/galopi_bol.xml HTTP/1.1" 200 2111097 "-" "python-requests/2.31.0"
193.33.8.61 - - [05/May/2025:15:28:42 +0200] "GET /Jurek/techrebalina/feeds/techrebalina_bol.xml HTTP/1.1" 200 2011209 "-" "python-requests/2.31.0"
193.33.8.61 - - [05/May/2025:15:28:42 +0200] "GET /Jurek/tsjerzy/feeds/tsjerzy_bol.xml HTTP/1.1" 200 3897669 "-" "python-requests/2.31.0"
193.33.8.61 - - [05/May/2025:15:28:42 +0200] "GET /Jurek/zenex/feeds/zenex_bol.xml HTTP/1.1" 200 540165 "-" "python-requests/2.31.0"
193.33.8.61 - - [05/May/2025:15:28:42 +0200] "GET /Jurek/fertes/feeds/fertes_bol.xml HTTP/1.1" 200 2361874 "-" "python-requests/2.31.0"
193.33.8.61 - - [05/May/2025:15:28:43 +0200] "GET /Jurek/carbonyway/feeds/carbonyway_bol.xml HTTP/1.1" 200 3076036 "-" "python-requests/2.31.0"
193.33.8.61 - - [05/May/2025:15:28:43 +0200] "GET /Jurek/filmal/feeds/filmal_bol.xml HTTP/1.1" 200 139278 "-" "python-requests/2.31.0"
193.33.8.61 - - [05/May/2025:15:28:44 +0200] "GET /Jurek/beltimore/feeds/beltimore_bol.xml HTTP/1.1" 200 18650891 "-" "python-requests/2.31.0"
193.33.8.61 - - [05/May/2025:15:28:45 +0200] "GET /Jurek/ekolight/feeds/ekolight_bol.xml HTTP/1.1" 200 9052858 "-" "python-requests/2.31.0"
193.33.8.61 - - [05/May/2025:15:28:45 +0200] "GET /Jurek/spali/feeds/spali_bol.xml HTTP/1.1" 200 77054 "-" "python-requests/2.31.0"
193.33.8.61 - - [05/May/2025:15:28:45 +0200] "GET /Jurek/avenido/feeds/avenido_bol.xml HTTP/1.1" 200 720105 "-" "python-requests/2.31.0"
193.33.8.61 - - [05/May/2025:15:28:45 +0200] "GET /Jurek/reman/feeds/reman_bol.xml HTTP/1.1" 200 1394810 "-" "python-requests/2.31.0"
193.33.8.61 - - [05/May/2025:15:28:47 +0200] "GET /Jurek/eurofirany/feeds/eurofirany_bol.xml HTTP/1.1" 200 18985554 "-" "python-requests/2.31.0"
193.33.8.61 - - [05/May/2025:15:28:48 +0200] "GET /Jurek/primohurt/feeds/primohurt_bol.xml HTTP/1.1" 200 17186722 "-" "python-requests/2.31.0"
193.33.8.61 - - [05/May/2025:15:28:49 +0200] "GET /Jurek/pupus/feeds/pupus_bol.xml HTTP/1.1" 200 6154516 "-" "python-requests/2.31.0"
193.33.8.61 - - [05/May/2025:15:28:49 +0200] "GET /Jurek/combine/feeds/combine_bol.xml HTTP/1.1" 200 210556 "-" "python-requests/2.31.0"
193.33.8.61 - - [05/May/2025:15:28:51 +0200] "GET /Jurek/amzteam/feeds/amzteam_bol.xml HTTP/1.1" 200 97874 "-" "python-requests/2.31.0"
193.33.8.61 - - [05/May/2025:15:28:52 +0200] "GET /Jurek/equalo/feeds/equalo_bol.xml HTTP/1.1" 200 98005 "-" "python-requests/2.31.0"
193.33.8.61 - - [05/May/2025:15:28:52 +0200] "GET /Jurek/alucon/feeds/alucon_bol.xml HTTP/1.1" 200 553573 "-" "python-requests/2.31.0"
193.33.8.61 - - [05/May/2025:15:28:52 +0200] "GET /Jurek/jankeski/feeds/jankeski_bol.xml HTTP/1.1" 200 6571136 "-" "python-requests/2.31.0"
193.33.8.61 - - [05/May/2025:15:28:54 +0200] "GET /Jurek/proadventure/feeds/proadventure_bol.xml HTTP/1.1" 200 10763336 "-" "python-requests/2.31.0"
193.33.8.61 - - [05/May/2025:15:28:57 +0200] "GET /Jurek/andex/feeds/andex_bol.xml HTTP/1.1" 200 1953436 "-" "python-requests/2.31.0"
193.33.8.61 - - [05/May/2025:15:28:58 +0200] "GET /Jurek/bloomglow/feeds/bloomglow_bol.xml HTTP/1.1" 200 14094956 "-" "python-requests/2.31.0"
193.33.8.61 - - [05/May/2025:15:28:58 +0200] "GET /Jurek/drops/feeds/dropsofficecolection_bol.xml HTTP/1.1" 200 790756 "-" "python-requests/2.31.0"
193.33.8.61 - - [05/May/2025:15:28:58 +0200] "GET /Jurek/sebmart/feeds/sebmart_bol.xml HTTP/1.1" 200 1598695 "-" "python-requests/2.31.0"
193.33.8.61 - - [05/May/2025:15:28:59 +0200] "GET /Jurek/missionair/feeds/missionair_bol.xml HTTP/1.1" 200 3154879 "-" "python-requests/2.31.0"
193.33.8.61 - - [05/May/2025:15:28:59 +0200] "GET /Jurek/sovapl/feeds/sovapl_bol.xml HTTP/1.1" 200 8999598 "-" "python-requests/2.31.0"
193.33.8.61 - - [05/May/2025:15:29:00 +0200] "GET /Jurek/apresto/feeds/apresto_bol.xml HTTP/1.1" 200 1327631 "-" "python-requests/2.31.0"
193.33.8.61 - - [05/May/2025:15:29:00 +0200] "GET /Jurek/mechdecor/feeds/mechdecor_bol.xml HTTP/1.1" 200 596208 "-" "python-requests/2.31.0"
193.33.8.61 - - [05/May/2025:15:29:00 +0200] "GET /Jurek/mojeledy/feeds/mojeledy_bol.xml HTTP/1.1" 200 1018444 "-" "python-requests/2.31.0"
193.33.8.61 - - [05/May/2025:15:29:16 +0200] "GET /marketplaces/ubaldi/download/ubaldi.csv HTTP/2.0" 200 3325223 "-" "Mozilla/5.0 (Windows NT 10.0; Win64; x64) AppleWebKit/537.36 (KHTML, like Gecko) Chrome/135.0.0.0 Safari/537.36"
193.33.8.61 - - [05/May/2025:15:29:19 +0200] "GET /Jurek/piotrmiedz/feeds/piotrmiedz_bol.xml HTTP/1.1" 200 91036865 "-" "python-requests/2.31.0"
193.33.8.61 - - [05/May/2025:15:29:24 +0200] "GET /Jurek/action/feeds/action_bol.xml HTTP/1.1" 200 59645745 "-" "python-requests/2.31.0"
85.232.241.194 - - [05/May/2025:15:29:28 +0200] "GET /Jurek/b3/feeds/b3_rue.xml HTTP/1.1" 200 8131786 "-" "Python-urllib/3.11"
193.33.8.61 - - [05/May/2025:15:30:25 +0200] "GET /Jurek/rems/feeds/rems_bol.xml HTTP/1.1" 200 8706218 "-" "python-requests/2.31.0"
193.33.8.61 - - [05/May/2025:15:30:32 +0200] "GET /Jurek/ikonka/feeds/ikonka_bol.xml HTTP/1.1" 200 20599922 "-" "python-requests/2.31.0"
193.33.8.61 - - [05/May/2025:15:30:39 +0200] "GET /Jurek/zami/feeds/zami_bol.xml HTTP/1.1" 200 4472703 "-" "python-requests/2.31.0"
193.33.8.61 - - [05/May/2025:15:30:40 +0200] "GET /Jurek/amzteam/feeds/amzteam_bol.xml HTTP/1.1" 200 97874 "-" "python-requests/2.31.0"
193.33.8.61 - - [05/May/2025:15:30:40 +0200] "GET /Jurek/dekornatort/feeds/dekornatort_bol.xml HTTP/1.1" 200 225739 "-" "python-requests/2.31.0"
193.33.8.61 - - [05/May/2025:15:31:04 +0200] "GET /Jurek/lampart/feeds/lampart_bol.xml HTTP/1.1" 200 936035 "-" "python-requests/2.31.0"
193.33.8.61 - - [05/May/2025:15:31:05 +0200] "GET /Jurek/cbdgreen/feeds/cbdgreen_bol.xml HTTP/1.1" 200 50543 "-" "python-requests/2.31.0"
193.33.8.61 - - [05/May/2025:15:31:05 +0200] "GET /Jurek/jakdroz/feeds/jakdroz_bol.xml HTTP/1.1" 200 4090054 "-" "python-requests/2.31.0"
193.33.8.61 - - [05/May/2025:15:31:05 +0200] "GET /Jurek/rovato/feeds/rovato_bol.xml HTTP/1.1" 200 180832 "-" "python-requests/2.31.0"
193.33.8.61 - - [05/May/2025:15:31:05 +0200] "GET /Jurek/bemipol/feeds/bemipol_bol.xml HTTP/1.1" 200 423626 "-" "python-requests/2.31.0"
193.33.8.61 - - [05/May/2025:15:31:06 +0200] "GET /Jurek/luxury/feeds/luxury_bol.xml HTTP/1.1" 200 1010066 "-" "python-requests/2.31.0"
193.33.8.61 - - [05/May/2025:15:31:06 +0200] "GET /Jurek/gandalf/feeds/gandalf_bol.xml HTTP/1.1" 200 1082537 "-" "python-requests/2.31.0"
193.33.8.61 - - [05/May/2025:15:31:06 +0200] "GET /Jurek/lerutrade/feeds/lerutrade_bol.xml HTTP/1.1" 200 82822 "-" "python-requests/2.31.0"
66.249.64.165 - - [05/May/2025:15:31:18 +0200] "GET /Jurek/eurofirany/images/383347/4.jpg HTTP/1.1" 200 6595 "-" "Googlebot-Image/1.0"
46.101.116.244 - - [05/May/2025:15:31:46 +0200] "GET /Jurek/aw/feeds/aw_fnacfr.xml HTTP/1.0" 404 3551 "-" "-"
46.101.116.244 - - [05/May/2025:15:32:00 +0200] "GET /Jurek/piotrmiedz/feeds/piotrmiedz_skr.xml HTTP/1.0" 200 91042452 "-" "-"
66.249.64.166 - - [05/May/2025:15:32:01 +0200] "GET /Jurek/topeshop/downloaded_images/5904507201883_MIJASBIURKOANTRACYTPRAWE.2tif.png HTTP/1.1" 404 3551 "-" "Googlebot-Image/1.0"
85.232.241.194 - - [05/May/2025:15:32:01 +0200] "GET /Jurek/kinghoff/feeds/kinghoff_skrSH.xml HTTP/1.1" 200 15062773 "-" "Python-urllib/3.11"
85.232.241.194 - - [05/May/2025:15:32:02 +0200] "GET /Jurek/aw/feeds/aw_skroutzSH.xml HTTP/1.1" 200 90832218 "-" "Python-urllib/3.11"
85.232.241.194 - - [05/May/2025:15:32:02 +0200] "GET /Jurek/eurofirany/feeds/eurofirany_skrSH.xml HTTP/1.1" 200 18984660 "-" "Python-urllib/3.11"
85.232.241.194 - - [05/May/2025:15:32:03 +0200] "GET /Jurek/fernity/feeds/fernity_skrSH.xml HTTP/1.1" 200 4710605 "-" "Python-urllib/3.11"
85.232.241.194 - - [05/May/2025:15:32:03 +0200] "GET /Jurek/hurtownia_przemyslowa/feeds/hp_skrSH.xml HTTP/1.1" 200 49362298 "-" "Python-urllib/3.11"
85.232.241.194 - - [05/May/2025:15:32:03 +0200] "GET /Jurek/stema/feeds/stema_skrSH.xml HTTP/1.1" 200 435960 "-" "Python-urllib/3.11"
85.232.241.194 - - [05/May/2025:15:32:06 +0200] "GET /Jurek/eroplace/feeds/eroplace_skroutz.xml HTTP/1.1" 200 51201306 "-" "Python-urllib/3.11"
85.232.241.194 - - [05/May/2025:15:32:06 +0200] "GET /Jurek/bass_new/feeds/bass_skroutz.xml HTTP/1.1" 200 7040848 "-" "Python-urllib/3.11"
85.232.241.194 - - [05/May/2025:15:32:07 +0200] "GET /Jurek/topeshop/feeds/topeshop_skr.xml HTTP/1.1" 200 879455 "-" "Python-urllib/3.11"
46.101.116.244 - - [05/May/2025:15:32:39 +0200] "GET /Jurek/piotrmiedz/feeds/piotrmiedz_amazonbe.xml HTTP/1.0" 200 91042367 "-" "-"
66.249.64.166 - - [05/May/2025:15:32:50 +0200] "GET /Jurek/eurofirany/images/390420/7.jpg HTTP/1.1" 200 6595 "-" "Googlebot-Image/1.0"
66.249.64.165 - - [05/May/2025:15:34:49 +0200] "GET /Jurek/eurofirany/images/383320/3.jpg HTTP/1.1" 200 6595 "-" "Googlebot-Image/1.0"
66.249.64.167 - - [05/May/2025:15:35:19 +0200] "GET /Jurek/eurofirany/images/377015/4.jpg HTTP/1.1" 200 47198 "-" "Googlebot-Image/1.0"
46.101.116.244 - - [05/May/2025:15:35:36 +0200] "GET /Jurek/eurofirany/feeds/eurofirany_ceneo.xml HTTP/1.0" 200 18989217 "-" "-"
46.101.116.244 - - [05/May/2025:15:35:49 +0200] "GET /Jurek/piotrmiedz/feeds/piotrmiedz_amazonnl.xml HTTP/1.0" 200 91041272 "-" "-"
3.74.7.74 - - [05/May/2025:15:36:07 +0200] "GET /Jurek/topeshop/downloaded_images/5904507202262_biel_3.png HTTP/2.0" 200 346859 "-" "Mozilla/5.0 (Windows NT 10.0; Win64; x64) AppleWebKit/537.36 (KHTML, like Gecko) Chrome/109.0.0.0 Safari/537.36"
66.249.64.166 - - [05/May/2025:15:36:09 +0200] "GET /Jurek/eurofirany/images/386192/3.jpg HTTP/1.1" 200 88023 "-" "Googlebot-Image/1.0"
46.101.116.244 - - [05/May/2025:15:36:09 +0200] "GET /Jurek/piotrmiedz/feeds/piotrmiedz_amazonfr.xml HTTP/1.0" 200 91041160 "-" "-"
46.101.116.244 - - [05/May/2025:15:36:14 +0200] "GET /Jurek/aw/feeds/aw_fnacfr.xml HTTP/1.0" 404 3551 "-" "-"
66.249.64.165 - - [05/May/2025:15:36:59 +0200] "GET /Jurek/eurofirany/images/389927/5.jpg HTTP/1.1" 200 260564 "-" "Googlebot-Image/1.0"
52.17.80.36 - - [05/May/2025:15:37:02 +0200] "GET /marketplaces/worten2/results/worten.csv HTTP/1.1" 200 18719405 "-" "Mirakl HttpClient"
66.249.64.165 - - [05/May/2025:15:37:18 +0200] "GET /Jurek/topeshop/downloaded_images/5904507200381_BILBAO7(4).jpg HTTP/1.1" 404 3551 "-" "Googlebot-Image/1.0"
66.249.64.165 - - [05/May/2025:15:37:19 +0200] "GET /Jurek/topeshop/downloaded_images/5904507200381_BILBAO7(1).jpg HTTP/1.1" 404 3551 "-" "Googlebot-Image/1.0"
89.161.206.59 - - [05/May/2025:15:37:40 +0200] "GET /Jurek/domzapachy/feeds/domzapachy_emagro.xml HTTP/1.0" 200 179806 "-" "-"
207.46.13.127 - - [05/May/2025:15:37:43 +0200] "GET /logs/access/2025-03-13.log HTTP/2.0" 200 2266902 "-" "Mozilla/5.0 AppleWebKit/537.36 (KHTML, like Gecko; compatible; bingbot/2.0; +http://www.bing.com/bingbot.htm) Chrome/116.0.1938.76 Safari/537.36"
51.77.52.107 - - [05/May/2025:15:38:08 +0200] "POST /subskrypcje/mondex/bl/ro/baselinker-ceneo-shumee.php HTTP/2.0" 200 303 "-" "BaseLinker/1.0"
89.161.206.59 - - [05/May/2025:15:38:10 +0200] "GET /Jurek/pastelnitka/feeds/pastelnitka_zero.xml HTTP/1.0" 200 1827914 "-" "-"
51.77.52.107 - - [05/May/2025:15:38:28 +0200] "POST /subskrypcje/mondex/bl/bg/baselinker-ceneo-shumee.php HTTP/2.0" 200 303 "-" "BaseLinker/1.0"
89.161.206.59 - - [05/May/2025:15:38:33 +0200] "GET /Jurek/princelh/feeds/princelh_emagro.xml HTTP/1.0" 200 133454 "-" "-"
66.249.64.165 - - [05/May/2025:15:38:37 +0200] "GET /Jurek/eurofirany/images/396855/5.jpg HTTP/1.1" 200 6595 "-" "Googlebot-Image/1.0"
66.249.64.167 - - [05/May/2025:15:39:27 +0200] "GET /Jurek/eurofirany/images/371528/12.jpg HTTP/1.1" 200 149195 "-" "Googlebot-Image/1.0"
85.232.241.194 - - [05/May/2025:15:39:34 +0200] "GET /subskrypcje/mondex/feeds/mondex_kaufland_de.xml HTTP/1.1" 200 2204485 "-" "-"
51.77.52.107 - - [05/May/2025:15:39:34 +0200] "POST /subskrypcje/mondex/bl/kauf/baselinker-ceneo-shumee.php HTTP/2.0" 200 305 "-" "BaseLinker/1.0"
85.232.241.194 - - [05/May/2025:15:39:35 +0200] "GET /subskrypcje/mondex/feeds/mondex_mall_cz.xml HTTP/1.1" 200 2203515 "-" "-"
51.77.52.107 - - [05/May/2025:15:39:35 +0200] "POST /Filip/salesconnect/baselinker-ceneo-shumee.php HTTP/2.0" 200 297 "-" "BaseLinker/1.0"
66.249.64.166 - - [05/May/2025:15:40:16 +0200] "GET /Jurek/topeshop/downloaded_images/5902838467459_szafa-gar-duo0008_allegro_(1).jpg HTTP/1.1" 200 93541 "-" "Googlebot-Image/1.0"
46.101.116.244 - - [05/May/2025:15:41:32 +0200] "GET /Jurek/aw/feeds/aw_fnacfr.xml HTTP/1.0" 404 3551 "-" "-"
51.77.52.107 - - [05/May/2025:15:41:39 +0200] "POST /Filip/salesconnect/baselinker-ceneo-shumee.php HTTP/2.0" 200 2801 "-" "BaseLinker/1.0"
66.249.64.165 - - [05/May/2025:15:41:56 +0200] "GET /Jurek/eurofirany/images/389927/4.jpg HTTP/1.1" 200 248196 "-" "Googlebot-Image/1.0"
46.101.116.244 - - [05/May/2025:15:42:44 +0200] "GET /Jurek/topeshop/feeds/topeshop_alza.xml HTTP/2.0" 200 2802185 "-" "-"
66.249.64.167 - - [05/May/2025:15:42:45 +0200] "GET /Jurek/eurofirany/images/390441/10.jpg HTTP/1.1" 200 200134 "-" "Googlebot-Image/1.0"
46.101.116.244 - - [05/May/2025:15:42:56 +0200] "GET /Jurek/topeshop/feeds/topeshop_kauflandde.xml HTTP/2.0" 200 2801086 "-" "-"
46.101.116.244 - - [05/May/2025:15:43:07 +0200] "GET /Jurek/topeshop/feeds/topeshop_kauflandcz.xml HTTP/2.0" 200 2802190 "-" "-"
46.101.116.244 - - [05/May/2025:15:43:18 +0200] "GET /Jurek/topeshop/feeds/topeshop_kauflandsk.xml HTTP/2.0" 200 2801128 "-" "-"
46.101.116.244 - - [05/May/2025:15:43:29 +0200] "GET /Jurek/ikonka/feeds/ikonka_alza.xml HTTP/2.0" 200 20602182 "-" "-"
66.249.64.165 - - [05/May/2025:15:43:35 +0200] "GET /Jurek/eurofirany/images/390450/6.jpg HTTP/1.1" 200 267274 "-" "Googlebot-Image/1.0"
46.101.116.244 - - [05/May/2025:15:43:41 +0200] "GET /Jurek/ikonka/feeds/ikonka_kaufcz.xml HTTP/2.0" 200 20602199 "-" "-"
46.101.116.244 - - [05/May/2025:15:43:53 +0200] "GET /Jurek/ikonka/feeds/ikonka_kaufde.xml HTTP/2.0" 200 20599804 "-" "-"
77.79.248.229 - - [05/May/2025:15:44:02 +0200] "GET /Jurek/aw/feeds/awnarzedzia_leroy.xml HTTP/1.1" 200 90830481 "-" "Python-urllib/3.11"
77.79.248.229 - - [05/May/2025:15:44:04 +0200] "GET /Jurek/hurtownia_przemyslowa/feeds/hp_leroy.xml HTTP/1.1" 200 49362347 "-" "Python-urllib/3.11"
77.79.248.229 - - [05/May/2025:15:44:07 +0200] "GET /Jurek/action/feeds/action_leroy.xml HTTP/1.1" 200 59648394 "-" "Python-urllib/3.11"
77.79.248.229 - - [05/May/2025:15:44:12 +0200] "GET /Jurek/b3/feeds/b3_leroy.xml HTTP/1.1" 200 8131708 "-" "Python-urllib/3.11"
77.79.248.229 - - [05/May/2025:15:44:13 +0200] "GET /Jurek/topeshop/feeds/topeshop_leroy.xml HTTP/1.1" 200 2801261 "-" "Python-urllib/3.11"
77.79.248.229 - - [05/May/2025:15:44:15 +0200] "GET /Jurek/eurofirany/feeds/eurofirany_leroy.xml HTTP/1.1" 200 18985582 "-" "Python-urllib/3.11"
77.79.248.229 - - [05/May/2025:15:44:15 +0200] "GET /Jurek/fernity/feeds/fernity_leroy.xml HTTP/1.1" 200 4710452 "-" "Python-urllib/3.11"
77.79.248.229 - - [05/May/2025:15:44:16 +0200] "GET /Jurek/kambukka/feeds/kambukka_leroy.xml HTTP/1.1" 200 1023831 "-" "Python-urllib/3.11"
77.79.248.229 - - [05/May/2025:15:44:17 +0200] "GET /Jurek/ikonka/feeds/ikonka_leroy.xml HTTP/1.1" 200 20599896 "-" "Python-urllib/3.11"
77.79.248.229 - - [05/May/2025:15:44:17 +0200] "GET /Jurek/oromed/feeds/oromed_leroy.xml HTTP/1.1" 200 1087096 "-" "Python-urllib/3.11"
77.79.248.229 - - [05/May/2025:15:44:17 +0200] "GET /Jurek/benetech/feeds/benetech_leroy.xml HTTP/1.1" 200 4165429 "-" "Python-urllib/3.11"
77.79.248.229 - - [05/May/2025:15:44:18 +0200] "GET /Jurek/octopia/feeds/octopia_leroy.xml HTTP/1.1" 200 10104975 "-" "Python-urllib/3.11"
77.79.248.229 - - [05/May/2025:15:44:18 +0200] "GET /Jurek/waks/feeds/waks_leroy.xml HTTP/1.1" 200 1596552 "-" "Python-urllib/3.11"
77.79.248.229 - - [05/May/2025:15:44:19 +0200] "GET /Jurek/kinghoff/feeds/kinghoff_leroy.xml HTTP/1.1" 200 15454278 "-" "Python-urllib/3.11"
77.79.248.229 - - [05/May/2025:15:44:19 +0200] "GET /Jurek/hdwr/feeds/hdwr_leroy.xml HTTP/1.1" 200 789445 "-" "Python-urllib/3.11"
77.79.248.229 - - [05/May/2025:15:44:21 +0200] "GET /Jurek/barbecook/feeds/barbecook_leroy.xml HTTP/1.1" 200 87520 "-" "Python-urllib/3.11"
77.79.248.229 - - [05/May/2025:15:44:21 +0200] "GET /Jurek/sempler/feeds/sempler_leroy.xml HTTP/1.1" 200 6787946 "-" "Python-urllib/3.11"
77.79.248.229 - - [05/May/2025:15:44:21 +0200] "GET /Jurek/kinghome/feeds/kinghome_leroy.xml HTTP/1.1" 200 6170068 "-" "Python-urllib/3.11"
77.79.248.229 - - [05/May/2025:15:44:22 +0200] "GET /Jurek/ekolight/feeds/ekolioght_leroy.xml HTTP/1.1" 200 9052990 "-" "Python-urllib/3.11"
77.79.248.229 - - [05/May/2025:15:44:22 +0200] "GET /Jurek/bimboland/feeds/bimboland_leroy.xml HTTP/1.1" 200 2914517 "-" "Python-urllib/3.11"
77.79.248.229 - - [05/May/2025:15:44:24 +0200] "GET /Jurek/hurtmeblowy/feeds/hurtmeblowy_leroy.xml HTTP/1.1" 200 8515041 "-" "Python-urllib/3.11"
77.79.248.229 - - [05/May/2025:15:44:25 +0200] "GET /Jurek/fertone/feeds/fertone_leroy.xml HTTP/1.1" 200 583558 "-" "Python-urllib/3.11"
77.79.248.229 - - [05/May/2025:15:44:25 +0200] "GET /Jurek/ekuchcikowo/feeds/ekuchcikowo_leroy.xml HTTP/1.1" 200 12471030 "-" "Python-urllib/3.11"
66.249.64.166 - - [05/May/2025:15:44:29 +0200] "GET /Jurek/topeshop/downloaded_images/5904507201883_MIJASBIURKOANTRACYTPRAWE.2tif.png HTTP/1.1" 404 3551 "-" "Googlebot-Image/1.0"
66.249.64.165 - - [05/May/2025:15:44:32 +0200] "GET /Jurek/topeshop/downloaded_images/5904507201883_MIJASBIURKOANTRACYTPRAWE.png HTTP/1.1" 404 3551 "-" "Googlebot-Image/1.0"
77.79.248.229 - - [05/May/2025:15:44:33 +0200] "GET /Jurek/intsell/feeds/intsell_leroy.xml HTTP/1.1" 200 342009326 "-" "Python-urllib/3.11"
77.79.248.229 - - [05/May/2025:15:44:33 +0200] "GET /Jurek/velinda/feeds/velinda_leroy.xml HTTP/1.1" 200 23438 "-" "Python-urllib/3.11"
77.79.248.229 - - [05/May/2025:15:44:33 +0200] "GET /Jurek/spali/feeds/spali_leroy.xml HTTP/1.1" 200 77057 "-" "Python-urllib/3.11"
77.79.248.229 - - [05/May/2025:15:44:33 +0200] "GET /Jurek/urwiskowo/feeds/urwiskowo_leroy.xml HTTP/1.1" 200 9114941 "-" "Python-urllib/3.11"
77.79.248.229 - - [05/May/2025:15:44:35 +0200] "GET /Jurek/erohurtownia/feeds/erohurtownia_leroy.xml HTTP/1.1" 200 22846700 "-" "Python-urllib/3.11"
77.79.248.229 - - [05/May/2025:15:44:35 +0200] "GET /Jurek/elecomp/feeds/elecomp_leroy.xml HTTP/1.1" 200 2867800 "-" "Python-urllib/3.11"
66.249.64.165 - - [05/May/2025:15:44:36 +0200] "GET /Jurek/topeshop/downloaded_images/5904507201883_MIJASBIURKOBRY%C5%81KAANTRACYTPRAWEBOKOT.jpg HTTP/1.1" 404 3551 "-" "Googlebot-Image/1.0"
77.79.248.229 - - [05/May/2025:15:44:36 +0200] "GET /Jurek/rider/feeds/rider_leroy.xml HTTP/1.1" 200 8165140 "-" "Python-urllib/3.11"
77.79.248.229 - - [05/May/2025:15:44:36 +0200] "GET /Jurek/eurofryz2/feeds/eurofryz2_leroy.xml HTTP/1.1" 200 1376783 "-" "Python-urllib/3.11"
77.79.248.229 - - [05/May/2025:15:44:36 +0200] "GET /Jurek/expertauto/feeds/expertauto_leroy.xml HTTP/1.1" 200 1158929 "-" "Python-urllib/3.11"
77.79.248.229 - - [05/May/2025:15:44:36 +0200] "GET /Jurek/najtanszysport/feeds/najtanszysport_leroy.xml HTTP/1.1" 200 3983239 "-" "Python-urllib/3.11"
77.79.248.229 - - [05/May/2025:15:44:37 +0200] "GET /Jurek/kobi/feeds/kobi_leroy.xml HTTP/1.1" 200 1993180 "-" "Python-urllib/3.11"
77.79.248.229 - - [05/May/2025:15:44:38 +0200] "GET /Jurek/narzbud/feeds/narzbud_leroy.xml HTTP/1.1" 200 1901259 "-" "Python-urllib/3.11"
46.101.116.244 - - [05/May/2025:15:44:38 +0200] "GET /Jurek/stema/feeds/stema_alza.xml HTTP/2.0" 200 884208 "-" "-"
77.79.248.229 - - [05/May/2025:15:44:41 +0200] "GET /Jurek/awparts/feeds/awparts_leroy.xml HTTP/1.1" 200 142302828 "-" "Python-urllib/3.11"
77.79.248.229 - - [05/May/2025:15:44:41 +0200] "GET /Jurek/kidshop/feeds/kidshop_leroy.xml HTTP/1.1" 200 19850599 "-" "Python-urllib/3.11"
77.79.248.229 - - [05/May/2025:15:44:42 +0200] "GET /Jurek/playcob/feeds/playcob_leroy.xml HTTP/1.1" 200 6980178 "-" "Python-urllib/3.11"
77.79.248.229 - - [05/May/2025:15:44:46 +0200] "GET /Jurek/dropkz/feeds/dropkz_leroy.xml HTTP/1.1" 200 70014159 "-" "Python-urllib/3.11"
77.79.248.229 - - [05/May/2025:15:44:47 +0200] "GET /Jurek/hanex/feeds/hanex_leroy.xml HTTP/1.1" 200 13931547 "-" "Python-urllib/3.11"
77.79.248.229 - - [05/May/2025:15:44:47 +0200] "GET /Jurek/straganbiur/feeds/straganbiur_leroy.xml HTTP/1.1" 200 8892974 "-" "Python-urllib/3.11"
77.79.248.229 - - [05/May/2025:15:44:47 +0200] "GET /Jurek/roger/feeds/roger_leroy.xml HTTP/1.1" 200 1396566 "-" "Python-urllib/3.11"
77.79.248.229 - - [05/May/2025:15:44:48 +0200] "GET /Jurek/sportprise/feeds/sportprise_leroy.xml HTTP/1.1" 200 12725435 "-" "Python-urllib/3.11"
46.101.116.244 - - [05/May/2025:15:44:49 +0200] "GET /Jurek/stema/feeds/stema_kaufcz.xml HTTP/2.0" 200 884185 "-" "-"
77.79.248.229 - - [05/May/2025:15:44:49 +0200] "GET /Jurek/oknobest/feeds/oknobest_leroy.xml HTTP/1.1" 200 2708316 "-" "Python-urllib/3.11"
77.79.248.229 - - [05/May/2025:15:44:49 +0200] "GET /Jurek/german/feeds/german_leroy.xml HTTP/1.1" 200 2853564 "-" "Python-urllib/3.11"
77.79.248.229 - - [05/May/2025:15:44:49 +0200] "GET /Jurek/kristronik/feeds/kristronik_leroy.xml HTTP/1.1" 200 691980 "-" "Python-urllib/3.11"
77.79.248.229 - - [05/May/2025:15:44:50 +0200] "GET /Jurek/erohurtownia/feeds/erohurtownia_leroy.xml HTTP/1.1" 200 22846700 "-" "Python-urllib/3.11"
77.79.248.229 - - [05/May/2025:15:44:50 +0200] "GET /Jurek/smxdesign/feeds/smxdesign_leroy.xml HTTP/1.1" 200 1829041 "-" "Python-urllib/3.11"
77.79.248.229 - - [05/May/2025:15:44:50 +0200] "GET /Jurek/elavia/feeds/elavia_leroy.xml HTTP/1.1" 200 2497282 "-" "Python-urllib/3.11"
77.79.248.229 - - [05/May/2025:15:44:52 +0200] "GET /Jurek/relogy/feeds/relogy_leroy.xml HTTP/1.1" 200 66653359 "-" "Python-urllib/3.11"
77.79.248.229 - - [05/May/2025:15:44:53 +0200] "GET /Jurek/hlo/feeds/hlo_leroy.xml HTTP/1.1" 200 4838667 "-" "Python-urllib/3.11"
77.79.248.229 - - [05/May/2025:15:44:53 +0200] "GET /Jurek/aiofactory/feeds/aiofactory_leroy.xml HTTP/1.1" 200 2123765 "-" "Python-urllib/3.11"
77.79.248.229 - - [05/May/2025:15:44:53 +0200] "GET /Jurek/broers/feeds/broers_leroy.xml HTTP/1.1" 200 1982498 "-" "Python-urllib/3.11"
77.79.248.229 - - [05/May/2025:15:44:54 +0200] "GET /Jurek/euroshop/feeds/euroshop_leroy.xml HTTP/1.1" 200 20025476 "-" "Python-urllib/3.11"
77.79.248.229 - - [05/May/2025:15:44:54 +0200] "GET /Jurek/jankeski/feeds/jankeski_leroy.xml HTTP/1.1" 200 6571058 "-" "Python-urllib/3.11"
77.79.248.229 - - [05/May/2025:15:44:54 +0200] "GET /Jurek/zbimatyja/feeds/zbimatyja_leroy.xml HTTP/1.1" 200 11670175 "-" "Python-urllib/3.11"
77.79.248.229 - - [05/May/2025:15:44:54 +0200] "GET /Jurek/cdata/feeds/cdata_leroy.xml HTTP/1.1" 200 1445155 "-" "Python-urllib/3.11"
77.79.248.229 - - [05/May/2025:15:44:54 +0200] "GET /Jurek/asortymenteu/feeds/asortymenteu_leroy.xml HTTP/1.1" 200 2797545 "-" "Python-urllib/3.11"
77.79.248.229 - - [05/May/2025:15:44:55 +0200] "GET /Jurek/biokominki/feeds/biokominki_leroy.xml HTTP/1.1" 200 1422255 "-" "Python-urllib/3.11"
77.79.248.229 - - [05/May/2025:15:44:55 +0200] "GET /Jurek/newtechele/feeds/newtechele_leroy.xml HTTP/1.1" 200 2438493 "-" "Python-urllib/3.11"
77.79.248.229 - - [05/May/2025:15:44:55 +0200] "GET /Jurek/matkam/feeds/matkam_leroy.xml HTTP/1.1" 200 5000313 "-" "Python-urllib/3.11"
77.79.248.229 - - [05/May/2025:15:44:56 +0200] "GET /Jurek/cenoman/feeds/cenoman_leroy.xml HTTP/1.1" 200 5993163 "-" "Python-urllib/3.11"
77.79.248.229 - - [05/May/2025:15:44:57 +0200] "GET /Jurek/kamar/feeds/kamar_leroy.xml HTTP/1.1" 200 25550237 "-" "Python-urllib/3.11"
77.79.248.229 - - [05/May/2025:15:44:57 +0200] "GET /Jurek/avenido/feeds/avenido_leroy.xml HTTP/1.1" 200 720102 "-" "Python-urllib/3.11"
77.79.248.229 - - [05/May/2025:15:44:57 +0200] "GET /Jurek/zenex/feeds/zenex_leroy.xml HTTP/1.1" 200 540169 "-" "Python-urllib/3.11"
77.79.248.229 - - [05/May/2025:15:44:58 +0200] "GET /Jurek/filmal/feeds/filmal_leroy.xml HTTP/1.1" 200 139276 "-" "Python-urllib/3.11"
77.79.248.229 - - [05/May/2025:15:44:58 +0200] "GET /Jurek/makow/feeds/makow_leroy.xml HTTP/1.1" 200 21203806 "-" "Python-urllib/3.11"
77.79.248.229 - - [05/May/2025:15:44:58 +0200] "GET /Jurek/szpaklampy/feeds/szpaklampy_leroy.xml HTTP/1.1" 200 388204 "-" "Python-urllib/3.11"
77.79.248.229 - - [05/May/2025:15:44:59 +0200] "GET /Jurek/apresto/feeds/apresto_leroy.xml HTTP/1.1" 200 1327653 "-" "Python-urllib/3.11"
77.79.248.229 - - [05/May/2025:15:44:59 +0200] "GET /Jurek/nexus/feeds/nexus_leroy.xml HTTP/1.1" 200 226619 "-" "Python-urllib/3.11"
46.101.116.244 - - [05/May/2025:15:44:59 +0200] "GET /Jurek/stema/feeds/stema_kaufde.xml HTTP/2.0" 200 883494 "-" "-"
77.79.248.229 - - [05/May/2025:15:45:00 +0200] "GET /Jurek/em3/feeds/em3_leroy.xml HTTP/1.1" 200 258923 "-" "Python-urllib/3.11"
77.79.248.229 - - [05/May/2025:15:45:00 +0200] "GET /Jurek/mojeledy/feeds/mojeledy_leroy.xml HTTP/1.1" 200 1018450 "-" "Python-urllib/3.11"
77.79.248.229 - - [05/May/2025:15:45:01 +0200] "GET /Jurek/carbonyway/feeds/carbonyway_leroy.xml HTTP/1.1" 200 3076018 "-" "Python-urllib/3.11"
77.79.248.229 - - [05/May/2025:15:45:01 +0200] "GET /Jurek/kalama/feeds/kalama_leroy.xml HTTP/1.1" 200 2661769 "-" "Python-urllib/3.11"
77.79.248.229 - - [05/May/2025:15:45:02 +0200] "GET /Jurek/proadventure/feeds/proadventure_leroy.xml HTTP/1.1" 200 10763485 "-" "Python-urllib/3.11"
77.79.248.229 - - [05/May/2025:15:45:02 +0200] "GET /Jurek/sklep24amk/feeds/sklep24amk_leroy.xml HTTP/1.1" 200 3894597 "-" "Python-urllib/3.11"
77.79.248.229 - - [05/May/2025:15:45:09 +0200] "GET /Jurek/bloomglow/feeds/bloomglow_leroy.xml HTTP/1.1" 200 14095504 "-" "Python-urllib/3.11"
66.249.64.166 - - [05/May/2025:15:45:13 +0200] "GET /Jurek/topeshop/downloaded_images/5904507202408_Modern2P_Sonoma(2).jpg HTTP/1.1" 404 3551 "-" "Googlebot-Image/1.0"
46.101.116.244 - - [05/May/2025:15:46:21 +0200] "GET /Jurek/aw/feeds/aw_fnacfr.xml HTTP/1.0" 404 3551 "-" "-"
66.249.64.166 - - [05/May/2025:15:46:53 +0200] "GET /Jurek/eurofirany/images/383164/3.jpg HTTP/1.1" 200 6595 "-" "Googlebot-Image/1.0"
46.101.116.244 - - [05/May/2025:15:47:04 +0200] "GET /Jurek/gimmik/feeds/gimmik_mallsiex.xml HTTP/2.0" 404 3551 "-" "-"
89.161.206.59 - - [05/May/2025:15:47:08 +0200] "GET /Jurek/kambukka/feeds/kambukka_emagro.xml HTTP/1.0" 200 1023943 "-" "-"
89.161.206.59 - - [05/May/2025:15:47:09 +0200] "GET /Jurek/amzteam/feeds/amzteam_emagro.xml HTTP/1.0" 200 97895 "-" "-"
89.161.206.59 - - [05/May/2025:15:47:09 +0200] "GET /Jurek/benetech/feeds/benetech_emagro.xml HTTP/1.0" 200 4165699 "-" "-"
89.161.206.59 - - [05/May/2025:15:47:09 +0200] "GET /Jurek/sempler/feeds/sempler_emagro.xml HTTP/1.0" 200 6788417 "-" "-"
89.161.206.59 - - [05/May/2025:15:47:09 +0200] "GET /Jurek/kinghoff/feeds/kinghoff_emagro.xml HTTP/1.0" 200 15456365 "-" "-"
46.101.116.244 - - [05/May/2025:15:47:21 +0200] "GET /Jurek/bimboland/feeds/bimboland_mallsiex.xml HTTP/2.0" 200 2914509 "-" "-"
66.249.64.165 - - [05/May/2025:15:47:54 +0200] "GET /Jurek/eurofirany/images/383387/3.jpg HTTP/1.1" 200 6595 "-" "Googlebot-Image/1.0"
46.101.116.244 - - [05/May/2025:15:48:01 +0200] "GET /Jurek/activeshop/feeds/activeshop_mallsiex.xml HTTP/2.0" 200 10310706 "-" "-"
46.101.116.244 - - [05/May/2025:15:48:04 +0200] "GET /Jurek/benbaby/feeds/benbaby_mallsi.xml HTTP/2.0" 200 3562084 "-" "-"
46.101.116.244 - - [05/May/2025:15:48:16 +0200] "GET /Jurek/bass/feeds/bass_mallsi.xml HTTP/2.0" 200 3961743 "-" "-"
46.101.116.244 - - [05/May/2025:15:48:27 +0200] "GET /Jurek/emibig/feeds/emibig_mallsi.xml HTTP/2.0" 200 2427412 "-" "-"
46.101.116.244 - - [05/May/2025:15:48:38 +0200] "GET /Jurek/b3/feeds/b3_mallsi.xml HTTP/2.0" 200 6575338 "-" "-"
46.101.116.244 - - [05/May/2025:15:48:49 +0200] "GET /Jurek/action/feeds/action_mallsi.xml HTTP/2.0" 200 59647379 "-" "-"
46.101.116.244 - - [05/May/2025:15:49:08 +0200] "GET /Jurek/aw/feeds/awnarzedzia_mallsiex.xml HTTP/2.0" 200 90830752 "-" "-"
66.249.64.167 - - [05/May/2025:15:49:21 +0200] "GET /Jurek/eurofirany/images/390450/7.jpg HTTP/1.1" 200 6595 "-" "Googlebot-Image/1.0"
46.101.116.244 - - [05/May/2025:15:49:28 +0200] "GET /Jurek/eurofirany/feeds/eurofirany_mall_si_extrastore.xml HTTP/2.0" 200 18985273 "-" "-"
46.101.116.244 - - [05/May/2025:15:49:41 +0200] "GET /Jurek/fernity/feeds/fernity_mallslex.xml HTTP/2.0" 200 4710047 "-" "-"
66.249.64.165 - - [05/May/2025:15:49:46 +0200] "GET /Jurek/eurofirany/images/389924/4.jpg HTTP/1.1" 200 210889 "-" "Googlebot-Image/1.0"
46.101.116.244 - - [05/May/2025:15:49:53 +0200] "GET /Jurek/homla/feeds/homla_mallslex.xml HTTP/2.0" 404 3551 "-" "-"
46.101.116.244 - - [05/May/2025:15:50:04 +0200] "GET /Jurek/hurtownia_przemyslowa/feeds/hp_mallsi.xml HTTP/2.0" 200 49362056 "-" "-"
66.249.64.166 - - [05/May/2025:15:50:11 +0200] "GET /Jurek/eurofirany/images/383348/7.jpg HTTP/1.1" 200 64895 "-" "Googlebot-Image/1.0"
46.101.116.244 - - [05/May/2025:15:50:17 +0200] "GET /Jurek/ikonka/feeds/ikonka_mallsiex.xml HTTP/2.0" 200 20600001 "-" "-"
46.101.116.244 - - [05/May/2025:15:50:30 +0200] "GET /Jurek/kinghoff/feeds/kinghoff_mallslex.xml HTTP/2.0" 200 15454261 "-" "-"
66.249.64.165 - - [05/May/2025:15:51:02 +0200] "GET /Jurek/eurofirany/images/389927/0.jpg HTTP/1.1" 200 207776 "-" "Googlebot-Image/1.0"
46.101.116.244 - - [05/May/2025:15:51:20 +0200] "GET /Jurek/stema/feeds/stema_mallslex.xml HTTP/2.0" 200 883645 "-" "-"
46.101.116.244 - - [05/May/2025:15:51:32 +0200] "GET /Jurek/unimet/feeds/unimet_mallsiex.xml HTTP/2.0" 200 61151524 "-" "-"
66.249.64.166 - - [05/May/2025:15:51:50 +0200] "GET /Jurek/eurofirany/images/408356/5.jpg HTTP/1.1" 200 193304 "-" "Googlebot-Image/1.0"
46.101.116.244 - - [05/May/2025:15:51:54 +0200] "GET /Jurek/andex/feeds/andex_mallslex.xml HTTP/2.0" 200 1953377 "-" "-"
46.101.116.244 - - [05/May/2025:15:52:04 +0200] "GET /Jurek/barbecook/feeds/barbecook_mallslex.xml HTTP/2.0" 200 87532 "-" "-"
46.101.116.244 - - [05/May/2025:15:52:15 +0200] "GET /Jurek/beliani/feeds/beliani_si_mallsiex.xml HTTP/2.0" 200 30843349 "-" "-"
66.249.64.165 - - [05/May/2025:15:52:23 +0200] "GET /Jurek/eurofirany/images/383469/2.jpg HTTP/1.1" 200 6595 "-" "Googlebot-Image/1.0"
46.101.116.244 - - [05/May/2025:15:52:29 +0200] "GET /Jurek/chemex/feeds/chemex_mallsiex.xml HTTP/2.0" 200 47810433 "-" "-"
66.249.64.165 - - [05/May/2025:15:52:40 +0200] "GET /Jurek/eurofirany/images/383862/4.jpg HTTP/1.1" 200 210023 "-" "Googlebot-Image/1.0"
46.101.116.244 - - [05/May/2025:15:52:42 +0200] "GET /Jurek/duka/feeds/duka_mallslex.xml HTTP/2.0" 200 57 "-" "-"
46.101.116.244 - - [05/May/2025:15:52:52 +0200] "GET /Jurek/flhf/feeds/flhf_mallsiex.xml HTTP/2.0" 404 3551 "-" "-"
46.101.116.244 - - [05/May/2025:15:53:03 +0200] "GET /Jurek/kinghome/feeds/kinghome_mallslex.xml HTTP/2.0" 200 6149952 "-" "-"
46.101.116.244 - - [05/May/2025:15:53:13 +0200] "GET /Jurek/kinghome/feeds/kinghome_mallslex.xml HTTP/2.0" 200 6149952 "-" "-"
46.101.116.244 - - [05/May/2025:15:53:25 +0200] "GET /Jurek/rovicky/feeds/rovicky_mallsiex.xml HTTP/2.0" 200 14765599 "-" "-"
66.249.64.166 - - [05/May/2025:15:53:29 +0200] "GET /Jurek/eurofirany/images/383862/1.jpg HTTP/1.1" 200 172655 "-" "Googlebot-Image/1.0"
46.101.116.244 - - [05/May/2025:15:53:36 +0200] "GET /Jurek/vivaldi/feeds/vivaldi_Mall-slex.xml HTTP/2.0" 200 344660 "-" "-"
89.161.206.59 - - [05/May/2025:15:53:52 +0200] "GET /Jurek/zenga/feeds/zenga_emagro.xml HTTP/1.0" 200 222863 "-" "-"
89.161.206.59 - - [05/May/2025:15:53:52 +0200] "GET /Jurek/sternhoff/feeds/sternhoff_emagro.xml HTTP/1.0" 200 1775477 "-" "-"
89.161.206.59 - - [05/May/2025:15:53:53 +0200] "GET /Jurek/hlo/feeds/hlo_emagro.xml HTTP/1.0" 200 4838786 "-" "-"
89.161.206.59 - - [05/May/2025:15:53:53 +0200] "GET /Jurek/luxma/feeds/luxma_emagro.xml HTTP/1.0" 200 8059062 "-" "-"
89.161.206.59 - - [05/May/2025:15:53:54 +0200] "GET /Jurek/oknobest/feeds/oknobest_emagro.xml HTTP/1.0" 200 2708418 "-" "-"
89.161.206.59 - - [05/May/2025:15:53:55 +0200] "GET /Jurek/purewear/feeds/purewear_emagro.xml HTTP/1.0" 200 13354353 "-" "-"
89.161.206.59 - - [05/May/2025:15:53:56 +0200] "GET /Jurek/beautycare/feeds/beautycare_emagro.xml HTTP/1.0" 200 1181583 "-" "-"
89.161.206.59 - - [05/May/2025:15:53:56 +0200] "GET /Jurek/globaldeli/feeds/globaldeli_emagro.xml HTTP/1.0" 200 2590918 "-" "-"
77.79.248.229 - - [05/May/2025:15:54:12 +0200] "GET /Jurek/vidaSI/feeds/vidaSI_bigbang.xml HTTP/1.1" 200 685435734 "-" "Python-urllib/3.11"
66.249.64.167 - - [05/May/2025:15:54:19 +0200] "GET /Jurek/eurofirany/images/377015/6.jpg HTTP/1.1" 200 42620 "-" "Googlebot-Image/1.0"
82.137.38.48 - - [05/May/2025:15:54:37 +0200] "GET /Jurek/eurofirany/images/355021/2.jpg HTTP/2.0" 200 38117 "https://content.emag.network/" "Mozilla/5.0 (Windows NT 10.0; Win64; x64) AppleWebKit/537.36 (KHTML, like Gecko) Chrome/135.0.0.0 Safari/537.36"
82.137.38.48 - - [05/May/2025:15:54:37 +0200] "GET /Jurek/eurofirany/images/355021/3.jpg HTTP/2.0" 200 67482 "https://content.emag.network/" "Mozilla/5.0 (Windows NT 10.0; Win64; x64) AppleWebKit/537.36 (KHTML, like Gecko) Chrome/135.0.0.0 Safari/537.36"
82.137.38.48 - - [05/May/2025:15:54:37 +0200] "GET /Jurek/eurofirany/images/355021/1.jpg HTTP/2.0" 200 77509 "https://content.emag.network/" "Mozilla/5.0 (Windows NT 10.0; Win64; x64) AppleWebKit/537.36 (KHTML, like Gecko) Chrome/135.0.0.0 Safari/537.36"
82.137.38.48 - - [05/May/2025:15:54:37 +0200] "GET /Jurek/eurofirany/images/355021/4.jpg HTTP/2.0" 200 186998 "https://content.emag.network/" "Mozilla/5.0 (Windows NT 10.0; Win64; x64) AppleWebKit/537.36 (KHTML, like Gecko) Chrome/135.0.0.0 Safari/537.36"
82.137.38.48 - - [05/May/2025:15:54:37 +0200] "GET /Jurek/eurofirany/images/355021/5.jpg HTTP/2.0" 200 104887 "https://content.emag.network/" "Mozilla/5.0 (Windows NT 10.0; Win64; x64) AppleWebKit/537.36 (KHTML, like Gecko) Chrome/135.0.0.0 Safari/537.36"
82.137.38.48 - - [05/May/2025:15:54:37 +0200] "GET /Jurek/eurofirany/images/355021/6.jpg HTTP/2.0" 200 103725 "https://content.emag.network/" "Mozilla/5.0 (Windows NT 10.0; Win64; x64) AppleWebKit/537.36 (KHTML, like Gecko) Chrome/135.0.0.0 Safari/537.36"
66.249.64.166 - - [05/May/2025:15:55:08 +0200] "GET /Jurek/eurofirany/images/389924/1.jpg HTTP/1.1" 200 126016 "-" "Googlebot-Image/1.0"
89.161.206.59 - - [05/May/2025:15:55:27 +0200] "GET /Jurek/domzapachy/feeds/domzapachy_skroutz.xml HTTP/1.0" 200 179761 "-" "-"
89.161.206.59 - - [05/May/2025:15:55:28 +0200] "GET /Jurek/wenom/feeds/wenom_skroutz.xml HTTP/1.0" 200 583065 "-" "-"
2.86.107.4 - - [05/May/2025:15:55:45 +0200] "GET /Jurek/topeshop/downloaded_images/5904507209643_20_kaszmir.jpg HTTP/2.0" 200 23394 "https://earth.skroutz.gr/" "Mozilla/5.0 (X11; Linux x86_64) AppleWebKit/537.36 (KHTML, like Gecko) Chrome/136.0.0.0 Safari/537.36"
66.249.64.165 - - [05/May/2025:15:55:58 +0200] "GET /Jurek/eurofirany/images/396855/2.jpg HTTP/1.1" 200 225940 "-" "Googlebot-Image/1.0"
2.86.107.4 - - [05/May/2025:15:56:02 +0200] "GET /Jurek/eurofirany/images/468061/0.jpg HTTP/2.0" 200 159939 "https://earth.skroutz.gr/" "Mozilla/5.0 (X11; Linux x86_64) AppleWebKit/537.36 (KHTML, like Gecko) Chrome/136.0.0.0 Safari/537.36"
89.161.206.59 - - [05/May/2025:15:56:30 +0200] "GET /Jurek/euroshop/feeds/euroshop_skroutz.xml HTTP/1.0" 200 20025499 "-" "-"
46.101.116.244 - - [05/May/2025:15:56:38 +0200] "GET /Jurek/aw/feeds/aw_fnacfr.xml HTTP/1.0" 404 3551 "-" "-"
66.249.64.166 - - [05/May/2025:15:56:47 +0200] "GET /Jurek/eurofirany/images/404579/1.jpg HTTP/1.1" 200 100741 "-" "Googlebot-Image/1.0"
89.161.206.59 - - [05/May/2025:15:57:04 +0200] "GET /Jurek/german/feeds/german_skroutz.xml HTTP/1.0" 200 2449505 "-" "-"
89.161.206.59 - - [05/May/2025:15:57:29 +0200] "GET /Jurek/antiodor/feeds/antiodor_emagro.xml HTTP/1.0" 200 137854 "-" "-"
66.249.64.165 - - [05/May/2025:15:57:37 +0200] "GET /Jurek/eurofirany/images/389997/4.jpg HTTP/1.1" 200 224840 "-" "Googlebot-Image/1.0"
66.249.64.165 - - [05/May/2025:15:58:26 +0200] "GET /Jurek/eurofirany/images/404579/2.jpg HTTP/1.1" 200 33 "-" "Googlebot-Image/1.0"
66.249.64.165 - - [05/May/2025:15:59:25 +0200] "GET /Jurek/topeshop/downloaded_images/5904507201951_20st_1.jpg HTTP/1.1" 404 3551 "-" "Googlebot-Image/1.0"
66.249.64.165 - - [05/May/2025:15:59:32 +0200] "GET /Jurek/topeshop/downloaded_images/5904507201951_2.jpg HTTP/1.1" 404 3551 "-" "Googlebot-Image/1.0"
193.33.8.61 - - [05/May/2025:15:59:33 +0200] "GET /Jurek/motofan/output.txt HTTP/2.0" 200 7392 "https://konsola.dkkapusta1997.usermd.net/" "Mozilla/5.0 (Windows NT 10.0; Win64; x64) AppleWebKit/537.36 (KHTML, like Gecko) Chrome/135.0.0.0 Safari/537.36"
193.33.8.61 - - [05/May/2025:15:59:38 +0200] "GET /Jurek/motofan/feeds/motofan_zero.xml HTTP/2.0" 200 2391701 "https://konsola.dkkapusta1997.usermd.net/" "Mozilla/5.0 (Windows NT 10.0; Win64; x64) AppleWebKit/537.36 (KHTML, like Gecko) Chrome/135.0.0.0 Safari/537.36"
66.249.64.167 - - [05/May/2025:16:00:06 +0200] "GET /Jurek/eurofirany/images/396259/5.jpg HTTP/1.1" 200 41141 "-" "Googlebot-Image/1.0"
85.14.86.141 - - [05/May/2025:16:00:30 +0200] "GET /Jurek/vida_morele/feeds/VidaPL_all.xml HTTP/2.0" 200 768657489 "-" "MarketplaceAPI curl/7.74.0 PHP/8"
52.17.80.36 - - [05/May/2025:16:00:45 +0200] "GET /marketplaces/ubaldi/results/ubaldi.csv HTTP/1.1" 200 3433110 "-" "Mirakl HttpClient"
35.204.39.32 - - [05/May/2025:16:01:06 +0200] "GET /marketplaces/vente/results/vente_nl.csv HTTP/1.1" 200 2172824 "-" "Mirakl HttpClient"
35.204.39.32 - - [05/May/2025:16:01:07 +0200] "GET /marketplaces/vente/results/vente_fr.csv HTTP/1.1" 200 2393726 "-" "Mirakl HttpClient"
35.204.39.32 - - [05/May/2025:16:01:07 +0200] "GET /marketplaces/vente/results/vente_be.csv HTTP/1.1" 200 2172866 "-" "Mirakl HttpClient"
35.204.39.32 - - [05/May/2025:16:01:07 +0200] "GET /marketplaces/vente/results/vente_it.csv HTTP/1.1" 200 2202432 "-" "Mirakl HttpClient"
35.204.39.32 - - [05/May/2025:16:01:08 +0200] "GET /marketplaces/vente/results/vente_es.csv HTTP/1.1" 200 2172213 "-" "Mirakl HttpClient"
35.204.39.32 - - [05/May/2025:16:01:09 +0200] "GET /marketplaces/vente/results/vente_de.csv HTTP/1.1" 200 2172292 "-" "Mirakl HttpClient"
66.249.64.167 - - [05/May/2025:16:01:11 +0200] "GET /Jurek/eurofirany/images/422324/2.jpg HTTP/1.1" 200 89251 "-" "Googlebot-Image/1.0"
52.17.80.36 - - [05/May/2025:16:02:05 +0200] "GET /marketplaces/rue/results/rue.csv HTTP/1.1" 200 7149480 "-" "Mirakl HttpClient"
66.249.64.166 - - [05/May/2025:16:02:34 +0200] "GET /Jurek/eurofirany/images/315117/5.jpg HTTP/1.1" 200 113623 "-" "Googlebot-Image/1.0"
66.249.64.165 - - [05/May/2025:16:03:29 +0200] "GET /Jurek/eurofirany/images/383319/3.jpg HTTP/1.1" 200 6595 "-" "Googlebot-Image/1.0"
85.14.86.141 - - [05/May/2025:16:03:46 +0200] "GET /Jurek/kinghoff/feeds/kinghoff_morele.xml HTTP/2.0" 200 15454987 "-" "MarketplaceAPI curl/7.74.0 PHP/8"
66.249.64.167 - - [05/May/2025:16:04:13 +0200] "GET /Jurek/eurofirany/images/371528/15.jpg HTTP/1.1" 200 82832 "-" "Googlebot-Image/1.0"
89.161.206.59 - - [05/May/2025:16:04:42 +0200] "GET /Jurek/benetech/feeds/benetech_skroutz.xml HTTP/1.0" 200 2686466 "-" "-"
89.161.206.59 - - [05/May/2025:16:04:44 +0200] "GET /Jurek/kambukka/feeds/kambukka_skroutz.xml HTTP/1.0" 200 1022468 "-" "-"
89.161.206.59 - - [05/May/2025:16:04:45 +0200] "GET /Jurek/pagmil/feeds/pagmil_skroutz.xml HTTP/1.0" 200 1802831 "-" "-"
89.161.206.59 - - [05/May/2025:16:04:46 +0200] "GET /Jurek/hdwr/feeds/hdwr_skroutz.xml HTTP/1.0" 200 777082 "-" "-"
52.18.22.0 - - [05/May/2025:16:04:47 +0200] "GET /marketplaces/carrefour/results/carrefour.csv HTTP/1.1" 200 147221 "-" "Mirakl HttpClient"
89.161.206.59 - - [05/May/2025:16:04:54 +0200] "GET /Jurek/sempler/feeds/sempler_skroutz.xml HTTP/1.0" 200 6779239 "-" "-"
89.161.206.59 - - [05/May/2025:16:04:55 +0200] "GET /Jurek/targethome/feeds/targethome_skroutz.xml HTTP/1.0" 200 688631 "-" "-"
66.249.64.165 - - [05/May/2025:16:05:03 +0200] "GET /Jurek/eurofirany/images/406523/5.jpg HTTP/1.1" 200 36875 "-" "Googlebot-Image/1.0"
89.161.206.59 - - [05/May/2025:16:05:38 +0200] "GET /Jurek/pawonik/feeds/pawonik_skroutz.xml HTTP/1.0" 200 2138413 "-" "-"
89.161.206.59 - - [05/May/2025:16:05:40 +0200] "GET /Jurek/amzteam/feeds/amzteam_skroutz.xml HTTP/1.0" 200 95906 "-" "-"
89.161.206.59 - - [05/May/2025:16:05:41 +0200] "GET /Jurek/artdog/feeds/artdog_skroutz.xml HTTP/1.0" 200 16657935 "-" "-"
89.161.206.59 - - [05/May/2025:16:05:42 +0200] "GET /Jurek/mosti/feeds/mosti_skroutz.xml HTTP/1.0" 200 4633521 "-" "-"
66.249.64.165 - - [05/May/2025:16:05:52 +0200] "GET /Jurek/eurofirany/images/374436/2.jpg HTTP/1.1" 200 16503 "-" "Googlebot-Image/1.0"
66.249.64.167 - - [05/May/2025:16:06:42 +0200] "GET /Jurek/topeshop/downloaded_images/5904507202408_Modern2P_Sonoma(3).jpg HTTP/1.1" 404 3551 "-" "Googlebot-Image/1.0"
66.249.64.167 - - [05/May/2025:16:07:31 +0200] "GET /Jurek/eurofirany/images/371532/7.jpg HTTP/1.1" 200 70729 "-" "Googlebot-Image/1.0"
66.249.64.165 - - [05/May/2025:16:09:10 +0200] "GET /Jurek/eurofirany/images/371528/2.jpg HTTP/1.1" 200 104832 "-" "Googlebot-Image/1.0"
185.6.76.18 - - [05/May/2025:16:09:21 +0200] "GET /marketplaces/skroutz/feeds/shumee.xml HTTP/1.1" 200 414044839 "-" "SkroutzBot v1.0"
66.249.64.166 - - [05/May/2025:16:10:00 +0200] "GET /Jurek/eurofirany/images/383363/2.jpg HTTP/1.1" 200 6595 "-" "Googlebot-Image/1.0"
89.161.206.59 - - [05/May/2025:16:10:38 +0200] "GET /Jurek/eurofirany/feeds/eurofirany_skroutz.xml HTTP/1.0" 200 18643058 "-" "-"
51.77.52.107 - - [05/May/2025:16:10:42 +0200] "GET /Jurek/eurofirany/images/423905/0.jpg HTTP/2.0" 200 136572 "-" "baselinker"
85.14.86.141 - - [05/May/2025:16:10:43 +0200] "GET /Jurek/eurofirany/feeds/eurofirany_morele.xml HTTP/2.0" 200 18987200 "-" "MarketplaceAPI curl/7.74.0 PHP/8"
51.77.52.107 - - [05/May/2025:16:10:46 +0200] "GET /Jurek/eurofirany/images/453066/0.jpg HTTP/2.0" 200 98204 "-" "baselinker"
66.249.64.165 - - [05/May/2025:16:10:49 +0200] "GET /Jurek/topeshop/downloaded_images/5902838461273_Sonoma_Rtv.jpg HTTP/1.1" 404 3551 "-" "Googlebot-Image/1.0"
85.14.86.141 - - [05/May/2025:16:10:57 +0200] "GET /Jurek/vivaldi/feeds/vivaldi_Morele-PL.xml HTTP/2.0" 200 344674 "-" "MarketplaceAPI curl/7.74.0 PHP/8"
5.134.208.158 - - [05/May/2025:16:11:13 +0200] "GET /Jurek/eurofirany/images/391016/0.jpg HTTP/1.1" 200 170180 "-" "-"
46.101.116.244 - - [05/May/2025:16:11:22 +0200] "GET /Jurek/aw/feeds/aw_fnacfr.xml HTTP/1.0" 404 3551 "-" "-"
89.161.206.59 - - [05/May/2025:16:11:26 +0200] "GET /Jurek/maksik/feeds/maksik_cdsc.xml HTTP/1.0" 200 2927449 "-" "-"
89.161.206.59 - - [05/May/2025:16:11:26 +0200] "GET /Jurek/matkam/feeds/matkam_cdsc.xml HTTP/1.0" 200 2760544 "-" "-"
89.161.206.59 - - [05/May/2025:16:11:27 +0200] "GET /Jurek/beltimore/feeds/beltimore_cdsc.xml HTTP/1.0" 200 11136077 "-" "-"
89.161.206.59 - - [05/May/2025:16:11:27 +0200] "GET /Jurek/benetech/feeds/benetech_cdsc.xml HTTP/1.0" 200 2361765 "-" "-"
89.161.206.59 - - [05/May/2025:16:11:27 +0200] "GET /Jurek/pawonik/feeds/pawonik_cdsc.xml HTTP/1.0" 200 1382124 "-" "-"
89.161.206.59 - - [05/May/2025:16:11:28 +0200] "GET /Jurek/hdwr/feeds/hdwr_cdsc.xml HTTP/1.0" 200 745738 "-" "-"
46.101.116.244 - - [05/May/2025:16:11:28 +0200] "GET /Jurek/topeshop/feeds/topeshop_skr.xml HTTP/1.0" 200 879455 "-" "-"
89.161.206.59 - - [05/May/2025:16:11:28 +0200] "GET /Jurek/drops/feeds/dropsofficecolection_cdsc.xml HTTP/1.0" 200 784432 "-" "-"
89.161.206.59 - - [05/May/2025:16:11:28 +0200] "GET /Jurek/szpaklampy/feeds/szpaklampy_cdsc.xml HTTP/1.0" 200 395818 "-" "-"
89.161.206.59 - - [05/May/2025:16:11:28 +0200] "GET /Jurek/sartrix/feeds/sartrix_cdsc.xml HTTP/1.0" 200 867494 "-" "-"
89.161.206.59 - - [05/May/2025:16:11:28 +0200] "GET /Jurek/reman/feeds/reman_cdsc.xml HTTP/1.0" 200 400880 "-" "-"
89.161.206.59 - - [05/May/2025:16:11:29 +0200] "GET /Jurek/eurofirany/feeds/eurofirany_cdiscount.xml HTTP/1.0" 200 22610907 "-" "-"
89.161.206.59 - - [05/May/2025:16:11:29 +0200] "GET /Jurek/muminky/feeds/muminky_skroutz.xml HTTP/1.0" 200 2270335 "-" "-"
89.161.206.59 - - [05/May/2025:16:11:29 +0200] "GET /Jurek/pupus/feeds/pupus_skroutz.xml HTTP/1.0" 200 882664 "-" "-"
89.161.206.59 - - [05/May/2025:16:11:41 +0200] "GET /Jurek/hanex/feeds/hanex_skroutz.xml HTTP/1.0" 200 13931526 "-" "-"
89.161.206.59 - - [05/May/2025:16:11:54 +0200] "GET /Jurek/snibbs/feeds/snibbs_skroutz.xml HTTP/1.0" 200 74399 "-" "-"
89.161.206.59 - - [05/May/2025:16:11:55 +0200] "GET /Jurek/coppotech/feeds/coppotech_skroutz.xml HTTP/1.0" 200 37852486 "-" "-"
89.161.206.59 - - [05/May/2025:16:11:58 +0200] "GET /Jurek/drewdon/feeds/drewdon_cdsc.xml HTTP/1.0" 200 483687 "-" "-"
89.161.206.59 - - [05/May/2025:16:11:58 +0200] "GET /Jurek/dekoele/feeds/dekoele_cdsc.xml HTTP/1.0" 200 478903 "-" "-"
89.161.206.59 - - [05/May/2025:16:12:00 +0200] "GET /Jurek/elavia/feeds/elavia_skroutz.xml HTTP/1.0" 200 2297072 "-" "-"
