89.161.206.59 - - [30/Apr/2025:08:57:37 +0200] "GET /Jurek/alucon/feeds/alucon_bol.xml HTTP/1.0" 200 553572 "-" "-"
89.161.206.59 - - [30/Apr/2025:08:57:37 +0200] "GET /Jurek/proadventure/feeds/proadventure_bol.xml HTTP/1.0" 200 10763321 "-" "-"
89.161.206.59 - - [30/Apr/2025:08:57:38 +0200] "GET /Jurek/stiv/feeds/stiv_bol.xml HTTP/1.0" 200 2056817 "-" "-"
89.161.206.59 - - [30/Apr/2025:08:57:38 +0200] "GET /Jurek/andex/feeds/andex_bol.xml HTTP/1.0" 200 1953437 "-" "-"
89.161.206.59 - - [30/Apr/2025:08:57:41 +0200] "GET /Jurek/jakdroz/feeds/jakdroz_bol.xml HTTP/1.0" 200 4090068 "-" "-"
89.161.206.59 - - [30/Apr/2025:08:57:42 +0200] "GET /Jurek/luxury/feeds/luxury_bol.xml HTTP/1.0" 200 1010066 "-" "-"
89.161.206.59 - - [30/Apr/2025:08:57:43 +0200] "GET /Jurek/ikonka/feeds/ikonka_bol.xml HTTP/1.0" 200 20677414 "-" "-"
89.161.206.59 - - [30/Apr/2025:08:57:44 +0200] "GET /Jurek/riko/feeds/riko_bol.xml HTTP/1.0" 200 3785211 "-" "-"
89.161.206.59 - - [30/Apr/2025:08:57:45 +0200] "GET /Jurek/zami/feeds/zami_bol.xml HTTP/1.0" 200 4472740 "-" "-"
89.161.206.59 - - [30/Apr/2025:08:57:45 +0200] "GET /Jurek/bemipol/feeds/bemipol_bol.xml HTTP/1.0" 200 423629 "-" "-"
89.161.206.59 - - [30/Apr/2025:08:57:45 +0200] "GET /Jurek/gandalf/feeds/gandalf_bol.xml HTTP/1.0" 200 1082532 "-" "-"
89.161.206.59 - - [30/Apr/2025:08:57:48 +0200] "GET /Jurek/rems/feeds/rems_bol.xml HTTP/1.0" 200 8706228 "-" "-"
89.161.206.59 - - [30/Apr/2025:08:57:54 +0200] "GET /Jurek/lerutrade/feeds/lerutrade_bol.xml HTTP/1.0" 200 82824 "-" "-"
193.33.8.61 - - [30/Apr/2025:08:57:58 +0200] "GET /Jurek/kobi/feeds/kobi_amazones.xml HTTP/2.0" 200 677214 "https://konsola.dkkapusta1997.usermd.net/" "Mozilla/5.0 (Windows NT 10.0; Win64; x64) AppleWebKit/537.36 (KHTML, like Gecko) Chrome/135.0.0.0 Safari/537.36"
89.161.206.59 - - [30/Apr/2025:08:58:03 +0200] "GET /Jurek/action/feeds/action_bol.xml HTTP/1.0" 200 59646933 "-" "-"
46.101.116.244 - - [30/Apr/2025:08:58:08 +0200] "GET /Jurek/piotrmiedz/feeds/piotrmiedz_bol.xml HTTP/1.0" 200 91046552 "-" "-"
89.161.206.59 - - [30/Apr/2025:08:58:18 +0200] "GET /Jurek/eroplace/feeds/eroplace_bol.xml HTTP/1.0" 200 52134806 "-" "-"
89.161.206.59 - - [30/Apr/2025:08:58:18 +0200] "GET /Jurek/waks/feeds/waks_bol.xml HTTP/1.0" 200 1596552 "-" "-"
89.161.206.59 - - [30/Apr/2025:08:58:19 +0200] "GET /Jurek/luxma/feeds/luxma_bol.xml HTTP/1.0" 200 8058586 "-" "-"
89.161.206.59 - - [30/Apr/2025:08:58:19 +0200] "GET /Jurek/german/feeds/german_bol.xml HTTP/1.0" 200 2853552 "-" "-"
89.161.206.59 - - [30/Apr/2025:08:58:19 +0200] "GET /Jurek/kristronik/feeds/kristronik_bol.xml HTTP/1.0" 200 691978 "-" "-"
89.161.206.59 - - [30/Apr/2025:08:58:19 +0200] "GET /Jurek/hlo/feeds/hlo_bol.xml HTTP/1.0" 200 4838667 "-" "-"
89.161.206.59 - - [30/Apr/2025:08:58:20 +0200] "GET /Jurek/makow/feeds/makow_bol.xml HTTP/1.0" 200 21203751 "-" "-"
89.161.206.59 - - [30/Apr/2025:08:58:20 +0200] "GET /Jurek/beautycare/feeds/beautycare_bol.xml HTTP/1.0" 200 1181281 "-" "-"
77.79.248.229 - - [30/Apr/2025:08:58:22 +0200] "GET /Jurek/kristronik/feeds/kristronik_cdsc.xml HTTP/1.1" 200 429826 "-" "Python-urllib/3.11"
46.101.116.244 - - [30/Apr/2025:08:58:25 +0200] "GET /Jurek/rovicky/feeds/rovicky_zalando.xml HTTP/1.0" 200 14993784 "-" "-"
89.161.206.59 - - [30/Apr/2025:08:58:30 +0200] "GET /Jurek/elecomp/feeds/elecomp_emagro.xml HTTP/1.0" 200 2868339 "-" "-"
89.161.206.59 - - [30/Apr/2025:08:58:31 +0200] "GET /Jurek/emaja24/feeds/emaja24_emagro.xml HTTP/1.0" 200 5102216 "-" "-"
89.161.206.59 - - [30/Apr/2025:08:58:33 +0200] "GET /Jurek/pagmil/feeds/pagmil_emaghu.xml HTTP/1.0" 200 1803749 "-" "-"
77.79.248.229 - - [30/Apr/2025:08:58:39 +0200] "GET /Jurek/kobi/feeds/kobi_amazones.xml HTTP/1.1" 200 677214 "-" "Python-urllib/3.11"
193.33.8.61 - - [30/Apr/2025:08:59:24 +0200] "GET /Jurek/kobi/feeds/kobi_amazonfr.xml HTTP/2.0" 200 677187 "https://konsola.dkkapusta1997.usermd.net/" "Mozilla/5.0 (Windows NT 10.0; Win64; x64) AppleWebKit/537.36 (KHTML, like Gecko) Chrome/135.0.0.0 Safari/537.36"
77.79.248.229 - - [30/Apr/2025:08:59:30 +0200] "GET /Jurek/kobi/feeds/kobi_amazonfr.xml HTTP/1.1" 200 677187 "-" "Python-urllib/3.11"
89.161.206.59 - - [30/Apr/2025:09:00:05 +0200] "GET /Jurek/bass_new/feeds/bass_ebayde.xml HTTP/1.0" 200 4806642 "-" "-"
89.161.206.59 - - [30/Apr/2025:09:00:05 +0200] "GET /Jurek/topeshop/feeds/topeshop_ebayDE.xml HTTP/1.0" 200 2099164 "-" "-"
89.161.206.59 - - [30/Apr/2025:09:00:05 +0200] "GET /Jurek/hurtmeblowy/feeds/hurtmeblowy_ebay.xml HTTP/1.0" 200 5832950 "-" "-"
85.14.86.141 - - [30/Apr/2025:09:00:19 +0200] "GET /Jurek/vida_morele/feeds/VidaPL_all.xml HTTP/2.0" 200 754907777 "-" "MarketplaceAPI curl/7.74.0 PHP/8"
193.33.8.61 - - [30/Apr/2025:09:00:36 +0200] "GET /Jurek/kobi/feeds/kobi_amazonit.xml HTTP/2.0" 200 677208 "https://konsola.dkkapusta1997.usermd.net/" "Mozilla/5.0 (Windows NT 10.0; Win64; x64) AppleWebKit/537.36 (KHTML, like Gecko) Chrome/135.0.0.0 Safari/537.36"
52.17.80.36 - - [30/Apr/2025:09:00:43 +0200] "GET /marketplaces/ubaldi/results/ubaldi.csv HTTP/1.1" 200 147219 "-" "Mirakl HttpClient"
77.79.248.229 - - [30/Apr/2025:09:00:43 +0200] "GET /Jurek/kobi/feeds/kobi_amazonit.xml HTTP/1.1" 200 677208 "-" "Python-urllib/3.11"
46.101.116.244 - - [30/Apr/2025:09:01:05 +0200] "GET /Jurek/aw/feeds/aw_fnacfr.xml HTTP/1.0" 404 3551 "-" "-"
198.235.24.185 - - [30/Apr/2025:09:01:09 +0200] "GET / HTTP/1.1" 200 1559 "-" "Expanse, a Palo Alto Networks company, searches across the global IPv4 space multiple times per day to identify customers' presences on the Internet. If you would like to be excluded from our scans, please send IP addresses/domains to: scaninfo@paloaltonetworks.com"
35.204.39.32 - - [30/Apr/2025:09:01:13 +0200] "GET /marketplaces/vente/results/vente_nl.csv HTTP/1.1" 200 147219 "-" "Mirakl HttpClient"
35.204.39.32 - - [30/Apr/2025:09:01:13 +0200] "GET /marketplaces/vente/results/vente_fr.csv HTTP/1.1" 200 147219 "-" "Mirakl HttpClient"
35.204.39.32 - - [30/Apr/2025:09:01:13 +0200] "GET /marketplaces/vente/results/vente_be.csv HTTP/1.1" 200 147219 "-" "Mirakl HttpClient"
35.204.39.32 - - [30/Apr/2025:09:01:14 +0200] "GET /marketplaces/vente/results/vente_it.csv HTTP/1.1" 200 163603 "-" "Mirakl HttpClient"
35.204.39.32 - - [30/Apr/2025:09:01:14 +0200] "GET /marketplaces/vente/results/vente_es.csv HTTP/1.1" 200 147219 "-" "Mirakl HttpClient"
35.204.39.32 - - [30/Apr/2025:09:01:14 +0200] "GET /marketplaces/vente/results/vente_de.csv HTTP/1.1" 200 147219 "-" "Mirakl HttpClient"
46.101.116.244 - - [30/Apr/2025:09:01:20 +0200] "GET /Jurek/hurtownia_przemyslowa/feeds/hp_alza.xml HTTP/2.0" 200 49380217 "-" "-"
193.33.8.61 - - [30/Apr/2025:09:01:34 +0200] "GET /Jurek/kobi/feeds/kobi_amazonnl.xml HTTP/2.0" 200 677176 "https://konsola.dkkapusta1997.usermd.net/" "Mozilla/5.0 (Windows NT 10.0; Win64; x64) AppleWebKit/537.36 (KHTML, like Gecko) Chrome/135.0.0.0 Safari/537.36"
46.101.116.244 - - [30/Apr/2025:09:01:37 +0200] "GET /Jurek/hurtownia_przemyslowa2/feeds/hp_alza.xml HTTP/2.0" 200 50018457 "-" "-"
46.101.116.244 - - [30/Apr/2025:09:01:51 +0200] "GET /Jurek/hurtownia_przemyslowa/feeds/hp_kaufcz.xml HTTP/2.0" 200 49380443 "-" "-"
52.209.168.113 - - [30/Apr/2025:09:01:58 +0200] "GET /marketplaces/rue/results/rue.csv HTTP/1.1" 200 147219 "-" "Mirakl HttpClient"
89.161.206.59 - - [30/Apr/2025:09:02:04 +0200] "GET /Jurek/sportprise/feeds/sportprise_skroutz.xml HTTP/1.0" 200 11782202 "-" "-"
89.161.206.59 - - [30/Apr/2025:09:02:07 +0200] "GET /Jurek/kinghoff/feeds/kinghoff_amazon_de.xml HTTP/1.0" 200 15482797 "-" "-"
89.161.206.59 - - [30/Apr/2025:09:02:08 +0200] "GET /Jurek/bass/feeds/bass_amazonde.xml HTTP/1.0" 200 3960393 "-" "-"
89.161.206.59 - - [30/Apr/2025:09:02:09 +0200] "GET /Jurek/bass/feeds/bass_amazones.xml HTTP/1.0" 200 3960527 "-" "-"
89.161.206.59 - - [30/Apr/2025:09:02:09 +0200] "GET /Jurek/bass/feeds/bass_amazonse.xml HTTP/1.0" 200 3962305 "-" "-"
77.79.248.229 - - [30/Apr/2025:09:02:20 +0200] "GET /Jurek/kobi/feeds/kobi_amazonnl.xml HTTP/1.1" 200 677176 "-" "Python-urllib/3.11"
46.101.116.244 - - [30/Apr/2025:09:02:22 +0200] "GET /Jurek/hurtownia_przemyslowa/feeds/hp_kaufsk.xml HTTP/2.0" 200 49360887 "-" "-"
89.161.206.59 - - [30/Apr/2025:09:02:29 +0200] "GET /Jurek/kambukka/feeds/kambukka_amazonfr.xml HTTP/1.0" 200 1023843 "-" "-"
89.161.206.59 - - [30/Apr/2025:09:02:29 +0200] "GET /Jurek/kambukka/feeds/kambukka_amazonit.xml HTTP/1.0" 200 1023830 "-" "-"
89.161.206.59 - - [30/Apr/2025:09:02:29 +0200] "GET /Jurek/kambukka/feeds/kambukka_amazones.xml HTTP/1.0" 200 1023829 "-" "-"
89.161.206.59 - - [30/Apr/2025:09:02:29 +0200] "GET /Jurek/kambukka/feeds/kambukka_amazonnl.xml HTTP/1.0" 200 1023843 "-" "-"
89.161.206.59 - - [30/Apr/2025:09:02:29 +0200] "GET /Jurek/kambukka/feeds/kambukka_amazonse.xml HTTP/1.0" 200 1024113 "-" "-"
89.161.206.59 - - [30/Apr/2025:09:02:29 +0200] "GET /Jurek/hdwr/feeds/hdwr_amazonse.xml HTTP/1.0" 200 789669 "-" "-"
46.101.116.244 - - [30/Apr/2025:09:02:50 +0200] "GET /Jurek/hurtownia_przemyslowa/feeds/hp_kaufde.xml HTTP/2.0" 200 49360351 "-" "-"
89.161.206.59 - - [30/Apr/2025:09:02:55 +0200] "GET /Jurek/sportprise/feeds/sportprise_amazonde.xml HTTP/1.0" 200 11782166 "-" "-"
89.161.206.59 - - [30/Apr/2025:09:02:57 +0200] "GET /Jurek/nexus/feeds/nexus_amazonde.xml HTTP/1.0" 200 226645 "-" "-"
193.33.8.61 - - [30/Apr/2025:09:03:07 +0200] "GET /Jurek/kobi/feeds/kobi_amazonse.xml HTTP/2.0" 200 677329 "https://konsola.dkkapusta1997.usermd.net/" "Mozilla/5.0 (Windows NT 10.0; Win64; x64) AppleWebKit/537.36 (KHTML, like Gecko) Chrome/135.0.0.0 Safari/537.36"
52.209.168.113 - - [30/Apr/2025:09:03:39 +0200] "GET /marketplaces/carrefour/results/carrefour.csv HTTP/1.1" 200 147221 "-" "Mirakl HttpClient"
77.79.248.229 - - [30/Apr/2025:09:03:43 +0200] "GET /Jurek/kobi/feeds/kobi_amazonse.xml HTTP/1.1" 200 677329 "-" "Python-urllib/3.11"
89.161.206.59 - - [30/Apr/2025:09:03:56 +0200] "GET /Jurek/eurofirany/feeds/eurofirany_skroutz.xml HTTP/1.0" 200 18683536 "-" "-"
193.33.8.61 - - [30/Apr/2025:09:05:58 +0200] "GET /Jurek/rosfix/feeds/rosfix_zero.xml HTTP/2.0" 200 9445295 "https://konsola.dkkapusta1997.usermd.net/" "Mozilla/5.0 (Windows NT 10.0; Win64; x64) AppleWebKit/537.36 (KHTML, like Gecko) Chrome/135.0.0.0 Safari/537.36"
89.161.206.59 - - [30/Apr/2025:09:06:00 +0200] "GET /Jurek/pagmil/feeds/pagmil_amazonbe.xml HTTP/1.0" 200 1802852 "-" "-"
77.79.248.229 - - [30/Apr/2025:09:06:00 +0200] "GET /Jurek/rosfix/feeds/rosfix_zero.xml HTTP/1.1" 200 35769680 "-" "Python-urllib/3.11"
46.101.116.244 - - [30/Apr/2025:09:06:24 +0200] "GET /Jurek/aw/feeds/aw_fnacfr.xml HTTP/1.0" 404 3551 "-" "-"
89.161.206.59 - - [30/Apr/2025:09:06:30 +0200] "GET /Jurek/broers/feeds/broers_cdsc.xml HTTP/1.0" 200 2303297 "-" "-"
89.161.206.59 - - [30/Apr/2025:09:06:30 +0200] "GET /Jurek/nonabox/feeds/nonabox_cdsc.xml HTTP/1.0" 200 39042 "-" "-"
193.33.8.61 - - [30/Apr/2025:09:08:00 +0200] "GET /Jurek/aiofactory/feeds/aiofactory_amazonbe.xml HTTP/2.0" 200 2123778 "https://konsola.dkkapusta1997.usermd.net/" "Mozilla/5.0 (Windows NT 10.0; Win64; x64) AppleWebKit/537.36 (KHTML, like Gecko) Chrome/135.0.0.0 Safari/537.36"
77.79.248.229 - - [30/Apr/2025:09:08:07 +0200] "GET /Jurek/aiofactory/feeds/aiofactory_amazonbe.xml HTTP/1.1" 200 2123778 "-" "Python-urllib/3.11"
85.14.86.141 - - [30/Apr/2025:09:08:51 +0200] "GET /Jurek/kinghoff/feeds/kinghoff_morele.xml HTTP/2.0" 200 15483667 "-" "MarketplaceAPI curl/7.74.0 PHP/8"
185.6.76.18 - - [30/Apr/2025:09:09:15 +0200] "GET /marketplaces/skroutz/feeds/shumee.xml HTTP/1.1" 200 413730247 "-" "SkroutzBot v1.0"
193.33.8.61 - - [30/Apr/2025:09:09:28 +0200] "GET /Jurek/aiofactory/feeds/aiofactory_amazonde.xml HTTP/2.0" 200 2123778 "https://konsola.dkkapusta1997.usermd.net/" "Mozilla/5.0 (Windows NT 10.0; Win64; x64) AppleWebKit/537.36 (KHTML, like Gecko) Chrome/135.0.0.0 Safari/537.36"
77.79.248.229 - - [30/Apr/2025:09:09:44 +0200] "GET /Jurek/aiofactory/feeds/aiofactory_amazonde.xml HTTP/1.1" 200 2123778 "-" "Python-urllib/3.11"
89.161.206.59 - - [30/Apr/2025:09:09:57 +0200] "GET /Jurek/hdwr/feeds/hdwr_skroutz.xml HTTP/1.0" 200 777034 "-" "-"
89.161.206.59 - - [30/Apr/2025:09:09:59 +0200] "GET /Jurek/pagmil/feeds/pagmil_skroutz.xml HTTP/1.0" 200 1802839 "-" "-"
89.161.206.59 - - [30/Apr/2025:09:10:03 +0200] "GET /Jurek/kambukka/feeds/kambukka_skroutz.xml HTTP/1.0" 200 1022476 "-" "-"
89.161.206.59 - - [30/Apr/2025:09:10:05 +0200] "GET /Jurek/benetech/feeds/benetech_skroutz.xml HTTP/1.0" 200 2686464 "-" "-"
89.161.206.59 - - [30/Apr/2025:09:10:14 +0200] "GET /Jurek/sempler/feeds/sempler_skroutz.xml HTTP/1.0" 200 6779221 "-" "-"
89.161.206.59 - - [30/Apr/2025:09:10:15 +0200] "GET /Jurek/targethome/feeds/targethome_skroutz.xml HTTP/1.0" 200 688627 "-" "-"
89.161.206.59 - - [30/Apr/2025:09:10:29 +0200] "GET /Jurek/slayo/feeds/slayo_skroutz.xml HTTP/1.0" 200 183615 "-" "-"
89.161.206.59 - - [30/Apr/2025:09:10:30 +0200] "GET /Jurek/waks/feeds/waks_skroutz.xml HTTP/1.0" 200 1596552 "-" "-"
89.161.206.59 - - [30/Apr/2025:09:10:32 +0200] "GET /Jurek/rovato/feeds/rovato_skroutz.xml HTTP/1.0" 200 99167 "-" "-"
89.161.206.59 - - [30/Apr/2025:09:10:57 +0200] "GET /Jurek/eroplace/feeds/eroplace_skroutz.xml HTTP/1.0" 200 51201430 "-" "-"
46.101.116.244 - - [30/Apr/2025:09:11:09 +0200] "GET /Jurek/aw/feeds/aw_fnacfr.xml HTTP/1.0" 404 3551 "-" "-"
89.161.206.59 - - [30/Apr/2025:09:11:35 +0200] "GET /Jurek/lampart/feeds/lampart_cdsc.xml HTTP/1.0" 200 1057895 "-" "-"
89.161.206.59 - - [30/Apr/2025:09:11:35 +0200] "GET /Jurek/regis/feeds/regis_cdsc.xml HTTP/1.0" 200 231427 "-" "-"
193.33.8.61 - - [30/Apr/2025:09:11:51 +0200] "GET /Jurek/aiofactory/feeds/aiofactory_amazones.xml HTTP/2.0" 200 2123763 "https://konsola.dkkapusta1997.usermd.net/" "Mozilla/5.0 (Windows NT 10.0; Win64; x64) AppleWebKit/537.36 (KHTML, like Gecko) Chrome/135.0.0.0 Safari/537.36"
77.79.248.229 - - [30/Apr/2025:09:11:59 +0200] "GET /Jurek/aiofactory/feeds/aiofactory_amazones.xml HTTP/1.1" 200 2123763 "-" "Python-urllib/3.11"
89.161.206.59 - - [30/Apr/2025:09:12:18 +0200] "GET /Jurek/narzbud/feeds/narzbud_skroutz.xml HTTP/1.0" 200 1901243 "-" "-"
89.161.206.59 - - [30/Apr/2025:09:12:18 +0200] "GET /Jurek/fertone/feeds/fertone_skroutz.xml HTTP/1.0" 200 575151 "-" "-"
89.161.206.59 - - [30/Apr/2025:09:12:19 +0200] "GET /Jurek/drops/feeds/dropsofficecolection_skroutz.xml HTTP/1.0" 200 790792 "-" "-"
89.161.206.59 - - [30/Apr/2025:09:12:20 +0200] "GET /Jurek/szpaklampy/feeds/szpaklampy_skroutz.xml HTTP/1.0" 200 388201 "-" "-"
89.161.206.59 - - [30/Apr/2025:09:12:32 +0200] "GET /Jurek/cbdgreen/feeds/cbdgreen_bol.xml HTTP/1.0" 200 50543 "-" "-"
89.161.206.59 - - [30/Apr/2025:09:12:51 +0200] "GET /Jurek/zami/feeds/zami_skr.xml HTTP/1.0" 200 4472733 "-" "-"
193.33.8.61 - - [30/Apr/2025:09:12:52 +0200] "GET /Jurek/aiofactory/feeds/aiofactory_amazonfr.xml HTTP/2.0" 200 2123765 "https://konsola.dkkapusta1997.usermd.net/" "Mozilla/5.0 (Windows NT 10.0; Win64; x64) AppleWebKit/537.36 (KHTML, like Gecko) Chrome/135.0.0.0 Safari/537.36"
46.101.116.244 - - [30/Apr/2025:09:12:52 +0200] "GET /Jurek/intsell/feeds/intsell_skroutz.xml HTTP/1.0" 200 269821694 "-" "-"
77.79.248.229 - - [30/Apr/2025:09:13:01 +0200] "GET /Jurek/aiofactory/feeds/aiofactory_amazonfr.xml HTTP/1.1" 200 2123765 "-" "Python-urllib/3.11"
89.161.206.59 - - [30/Apr/2025:09:13:41 +0200] "GET /Jurek/madrex/feeds/madrex_skroutz.xml HTTP/1.0" 200 466715 "-" "-"
89.161.206.59 - - [30/Apr/2025:09:13:42 +0200] "GET /Jurek/luxma/feeds/luxma_skroutz.xml HTTP/1.0" 200 4419672 "-" "-"
89.161.206.59 - - [30/Apr/2025:09:13:43 +0200] "GET /Jurek/zepnij/feeds/zepnij_skroutz.xml HTTP/1.0" 200 19522544 "-" "-"
89.161.206.59 - - [30/Apr/2025:09:13:46 +0200] "GET /Jurek/emaja24/feeds/emaja24_skroutz.xml HTTP/1.0" 200 5102010 "-" "-"
193.33.8.61 - - [30/Apr/2025:09:13:51 +0200] "GET /Jurek/aiofactory/feeds/aiofactory_amazonit.xml HTTP/2.0" 200 2123767 "https://konsola.dkkapusta1997.usermd.net/" "Mozilla/5.0 (Windows NT 10.0; Win64; x64) AppleWebKit/537.36 (KHTML, like Gecko) Chrome/135.0.0.0 Safari/537.36"
77.79.248.229 - - [30/Apr/2025:09:14:40 +0200] "GET /Jurek/aiofactory/feeds/aiofactory_amazonit.xml HTTP/1.1" 200 2123767 "-" "Python-urllib/3.11"
193.33.8.61 - - [30/Apr/2025:09:15:32 +0200] "GET /Jurek/aiofactory/feeds/aiofactory_amazonnl.xml HTTP/2.0" 200 2123787 "https://konsola.dkkapusta1997.usermd.net/" "Mozilla/5.0 (Windows NT 10.0; Win64; x64) AppleWebKit/537.36 (KHTML, like Gecko) Chrome/135.0.0.0 Safari/537.36"
85.14.86.141 - - [30/Apr/2025:09:15:39 +0200] "GET /Jurek/eurofirany/feeds/eurofirany_morele.xml HTTP/2.0" 200 19032128 "-" "MarketplaceAPI curl/7.74.0 PHP/8"
77.79.248.229 - - [30/Apr/2025:09:15:42 +0200] "GET /Jurek/aiofactory/feeds/aiofactory_amazonnl.xml HTTP/1.1" 200 2123787 "-" "Python-urllib/3.11"
89.161.206.59 - - [30/Apr/2025:09:16:11 +0200] "GET /Jurek/muminky/feeds/muminky_skroutz.xml HTTP/1.0" 200 2270354 "-" "-"
89.161.206.59 - - [30/Apr/2025:09:16:12 +0200] "GET /Jurek/pupus/feeds/pupus_skroutz.xml HTTP/1.0" 200 882681 "-" "-"
46.101.116.244 - - [30/Apr/2025:09:16:36 +0200] "GET /Jurek/aw/feeds/aw_fnacfr.xml HTTP/1.0" 404 3551 "-" "-"
89.161.206.59 - - [30/Apr/2025:09:16:40 +0200] "GET /Jurek/lerutrade/feeds/lerutrade_skr.xml HTTP/1.0" 200 82824 "-" "-"
89.161.206.59 - - [30/Apr/2025:09:16:57 +0200] "GET /Jurek/pagmil/feeds/pagmil_amazonse.xml HTTP/1.0" 200 1803246 "-" "-"
85.14.86.141 - - [30/Apr/2025:09:17:42 +0200] "GET /Jurek/vivaldi/feeds/vivaldi_Morele-PL.xml HTTP/2.0" 200 344674 "-" "MarketplaceAPI curl/7.74.0 PHP/8"
193.33.8.61 - - [30/Apr/2025:09:18:00 +0200] "GET /Jurek/aiofactory/feeds/aiofactory_amazonse.xml HTTP/2.0" 200 2124161 "https://konsola.dkkapusta1997.usermd.net/" "Mozilla/5.0 (Windows NT 10.0; Win64; x64) AppleWebKit/537.36 (KHTML, like Gecko) Chrome/135.0.0.0 Safari/537.36"
77.79.248.229 - - [30/Apr/2025:09:18:06 +0200] "GET /Jurek/aiofactory/feeds/aiofactory_amazonse.xml HTTP/1.1" 200 2124161 "-" "Python-urllib/3.11"
89.161.206.59 - - [30/Apr/2025:09:18:06 +0200] "GET /Jurek/hanex/feeds/hanex_skroutz.xml HTTP/1.0" 200 13931510 "-" "-"
89.161.206.59 - - [30/Apr/2025:09:18:36 +0200] "GET /Jurek/coppotech/feeds/coppotech_skroutz.xml HTTP/1.0" 200 37852645 "-" "-"
89.161.206.59 - - [30/Apr/2025:09:18:52 +0200] "GET /Jurek/elavia/feeds/elavia_skroutz.xml HTTP/1.0" 200 2297069 "-" "-"
89.161.206.59 - - [30/Apr/2025:09:18:57 +0200] "GET /Jurek/maksik/feeds/maksik_skroutz.xml HTTP/1.0" 200 4084783 "-" "-"
89.161.206.59 - - [30/Apr/2025:09:18:58 +0200] "GET /Jurek/globaldeli/feeds/globaldeli_skroutz.xml HTTP/1.0" 200 2590887 "-" "-"
89.161.206.59 - - [30/Apr/2025:09:19:01 +0200] "GET /Jurek/smxdesign/feeds/smxdesign_skroutz.xml HTTP/1.0" 200 1829042 "-" "-"
89.161.206.59 - - [30/Apr/2025:09:19:02 +0200] "GET /Jurek/princelh/feeds/princelh_skroutz.xml HTTP/1.0" 200 133438 "-" "-"
89.161.206.59 - - [30/Apr/2025:09:19:04 +0200] "GET /Jurek/proparts/feeds/proparts_skroutz.xml HTTP/1.0" 200 707522 "-" "-"
85.14.86.141 - - [30/Apr/2025:09:20:30 +0200] "GET /Jurek/vida_morele/feeds/VidaPL_morele.xml HTTP/2.0" 200 754908080 "-" "MarketplaceAPI curl/7.74.0 PHP/8"
89.161.206.59 - - [30/Apr/2025:09:20:34 +0200] "GET /Jurek/kristronik/feeds/kristronik_skroutz.xml HTTP/1.0" 200 691978 "-" "-"
89.161.206.59 - - [30/Apr/2025:09:20:35 +0200] "GET /Jurek/beltimore/feeds/beltimore_skroutz.xml HTTP/1.0" 200 18651639 "-" "-"
89.161.206.59 - - [30/Apr/2025:09:20:35 +0200] "GET /Jurek/techrebalina/feeds/techrebalina_skroutz.xml HTTP/1.0" 200 2011210 "-" "-"
89.161.206.59 - - [30/Apr/2025:09:20:36 +0200] "GET /Jurek/techrebal/feeds/techrebal_skroutz.xml HTTP/1.0" 200 1969175 "-" "-"
89.161.206.59 - - [30/Apr/2025:09:20:37 +0200] "GET /Jurek/kinghoff/feeds/kinghoff_SkroutzGR.xml HTTP/1.0" 200 15105840 "-" "-"
89.161.206.59 - - [30/Apr/2025:09:20:37 +0200] "GET /Jurek/nonabox/feeds/nonabox_skroutz.xml HTTP/1.0" 200 33865 "-" "-"
89.161.206.59 - - [30/Apr/2025:09:20:38 +0200] "GET /Jurek/omi/feeds/omi_skroutz.xml HTTP/1.0" 200 8105432 "-" "-"
89.161.206.59 - - [30/Apr/2025:09:20:43 +0200] "GET /Jurek/eoptimo/feeds/eoptimo_skroutz.xml HTTP/1.0" 200 2094377 "-" "-"
89.161.206.59 - - [30/Apr/2025:09:20:44 +0200] "GET /Jurek/broers/feeds/broers_skroutz.xml HTTP/1.0" 200 1981447 "-" "-"
85.14.86.141 - - [30/Apr/2025:09:20:50 +0200] "GET /Jurek/aw/feeds/awnarzedzia_morele.xml HTTP/2.0" 200 90849805 "-" "MarketplaceAPI curl/7.74.0 PHP/8"
89.161.206.59 - - [30/Apr/2025:09:21:21 +0200] "GET /Jurek/em3/feeds/em3_skroutz.xml HTTP/1.0" 200 258923 "-" "-"
89.161.206.59 - - [30/Apr/2025:09:21:41 +0200] "GET /Jurek/lampart/feeds/lampart_skroutz.xml HTTP/1.0" 200 936029 "-" "-"
85.14.86.141 - - [30/Apr/2025:09:21:49 +0200] "GET /Jurek/beliani/feeds/beliani_morele.xml HTTP/2.0" 200 30949853 "-" "MarketplaceAPI curl/7.74.0 PHP/8"
89.161.206.59 - - [30/Apr/2025:09:23:42 +0200] "GET /Jurek/carbonyway/feeds/carbonyway_amazonde.xml HTTP/1.0" 200 3076069 "-" "-"
89.161.206.59 - - [30/Apr/2025:09:23:42 +0200] "GET /Jurek/reman/feeds/reman_amazonde.xml HTTP/1.0" 200 1394821 "-" "-"
89.161.206.59 - - [30/Apr/2025:09:25:49 +0200] "GET /Jurek/bemipol/feeds/bemipol_skroutz.xml HTTP/1.0" 200 423628 "-" "-"
89.161.206.59 - - [30/Apr/2025:09:25:50 +0200] "GET /Jurek/gandalf/feeds/gandalf_skr.xml HTTP/1.0" 200 1082291 "-" "-"
89.161.206.59 - - [30/Apr/2025:09:25:55 +0200] "GET /Jurek/bentivolio/feeds/bentivolio_skr.xml HTTP/1.0" 200 1261313 "-" "-"
46.101.116.244 - - [30/Apr/2025:09:26:17 +0200] "GET /Jurek/aw/feeds/aw_fnacfr.xml HTTP/1.0" 404 3551 "-" "-"
89.161.206.59 - - [30/Apr/2025:09:27:21 +0200] "GET /Jurek/alucon/feeds/alucon_emagro.xml HTTP/1.0" 200 553600 "-" "-"
89.161.206.59 - - [30/Apr/2025:09:27:22 +0200] "GET /Jurek/dropkz/feeds/dropkz_emagro.xml HTTP/1.0" 200 70030961 "-" "-"
46.101.116.244 - - [30/Apr/2025:09:27:25 +0200] "GET /Jurek/vida_morele/feeds/vidaPL_velomarket_category4.xml HTTP/1.0" 200 55104050 "-" "-"
89.161.206.59 - - [30/Apr/2025:09:27:25 +0200] "GET /Jurek/shiori/feeds/shiori_emagro.xml HTTP/1.0" 200 453709 "-" "-"
89.161.206.59 - - [30/Apr/2025:09:27:25 +0200] "GET /Jurek/eoptimo/feeds/eoptimo_emagro.xml HTTP/1.0" 200 2094656 "-" "-"
89.161.206.59 - - [30/Apr/2025:09:27:26 +0200] "GET /Jurek/bisanti/feeds/bisanti_emagro.xml HTTP/1.0" 200 1142463 "-" "-"
89.161.206.59 - - [30/Apr/2025:09:27:26 +0200] "GET /Jurek/najtanszysport/feeds/najtanszysport_emagro.xml HTTP/1.0" 200 3984589 "-" "-"
89.161.206.59 - - [30/Apr/2025:09:30:40 +0200] "GET /Jurek/stema/feeds/stema_skroutz.xml HTTP/1.0" 200 429095 "-" "-"
89.161.206.59 - - [30/Apr/2025:09:33:24 +0200] "GET /Jurek/domzapachy/feeds/domzapachy_skroutz.xml HTTP/1.0" 200 179761 "-" "-"
89.161.206.59 - - [30/Apr/2025:09:33:25 +0200] "GET /Jurek/wenom/feeds/wenom_skroutz.xml HTTP/1.0" 200 583070 "-" "-"
89.161.206.59 - - [30/Apr/2025:09:33:27 +0200] "GET /Jurek/euroshop/feeds/euroshop_skroutz.xml HTTP/1.0" 200 20025518 "-" "-"
89.161.206.59 - - [30/Apr/2025:09:33:29 +0200] "GET /Jurek/german/feeds/german_skroutz.xml HTTP/1.0" 200 2449540 "-" "-"
85.232.241.194 - - [30/Apr/2025:09:34:02 +0200] "GET /Jurek/action/feeds/action_carrefour.xml HTTP/1.1" 200 59648771 "-" "Python-urllib/3.11"
85.232.241.194 - - [30/Apr/2025:09:34:02 +0200] "GET /Jurek/aw/feeds/aw_carrefour.xml HTTP/1.1" 200 90839021 "-" "Python-urllib/3.11"
85.232.241.194 - - [30/Apr/2025:09:34:02 +0200] "GET /Jurek/kobi/feeds/kobi_carrefour.xml HTTP/1.1" 200 1993223 "-" "Python-urllib/3.11"
85.232.241.194 - - [30/Apr/2025:09:34:02 +0200] "GET /Jurek/kinghoff/feeds/kinghoff_carrefour.xml HTTP/1.1" 200 15484861 "-" "Python-urllib/3.11"
46.101.116.244 - - [30/Apr/2025:09:34:17 +0200] "GET /Jurek/aw/feeds/aw_fnacfr.xml HTTP/1.0" 404 3551 "-" "-"
46.101.116.244 - - [30/Apr/2025:09:35:59 +0200] "GET /Jurek/eurofirany/feeds/eurofirany_ceneo.xml HTTP/1.0" 200 19034156 "-" "-"
77.79.248.229 - - [30/Apr/2025:09:36:15 +0200] "GET /Jurek/eurofirany/feeds/eurofirany_cdon_se.xml HTTP/1.1" 200 19047684 "-" "python-requests/2.32.3"
77.79.248.229 - - [30/Apr/2025:09:36:16 +0200] "GET /Jurek/eurofirany/feeds/eurofirany_cdon_dk.xml HTTP/1.1" 200 19047893 "-" "python-requests/2.32.3"
77.79.248.229 - - [30/Apr/2025:09:36:16 +0200] "GET /Jurek/eurofirany/feeds/eurofirany_cdon_fi.xml HTTP/1.1" 200 19030510 "-" "python-requests/2.32.3"
77.79.248.229 - - [30/Apr/2025:09:36:17 +0200] "GET /Jurek/stema/feeds/stema_cdon_se.xml HTTP/1.1" 200 883601 "-" "python-requests/2.32.3"
77.79.248.229 - - [30/Apr/2025:09:36:17 +0200] "GET /Jurek/stema/feeds/stema_cdon_dk.xml HTTP/1.1" 200 883487 "-" "python-requests/2.32.3"
77.79.248.229 - - [30/Apr/2025:09:36:17 +0200] "GET /Jurek/stema/feeds/stema_cdon_fi.xml HTTP/1.1" 200 883208 "-" "python-requests/2.32.3"
77.79.248.229 - - [30/Apr/2025:09:36:19 +0200] "GET /Jurek/aw/feeds/awnarzedzia_cdon_se.xml HTTP/1.1" 200 90926618 "-" "python-requests/2.32.3"
77.79.248.229 - - [30/Apr/2025:09:36:20 +0200] "GET /Jurek/aw/feeds/awnarzedzia_cdon_dk.xml HTTP/1.1" 200 90922181 "-" "python-requests/2.32.3"
77.79.248.229 - - [30/Apr/2025:09:36:22 +0200] "GET /Jurek/aw/feeds/awnarzedzia_cdon_fi.xml HTTP/1.1" 200 90838819 "-" "python-requests/2.32.3"
77.79.248.229 - - [30/Apr/2025:09:36:22 +0200] "GET /Jurek/hurtownia_przemyslowa/feeds/hp_cdon_se.xml HTTP/1.1" 200 49377689 "-" "python-requests/2.32.3"
77.79.248.229 - - [30/Apr/2025:09:36:23 +0200] "GET /Jurek/hurtownia_przemyslowa/feeds/hp_cdon_dk.xml HTTP/1.1" 200 49375974 "-" "python-requests/2.32.3"
77.79.248.229 - - [30/Apr/2025:09:36:24 +0200] "GET /Jurek/hurtownia_przemyslowa/feeds/hp_cdon_fi.xml HTTP/1.1" 200 49358702 "-" "python-requests/2.32.3"
77.79.248.229 - - [30/Apr/2025:09:36:26 +0200] "GET /Jurek/ikonka/feeds/ikonka_cdon_se.xml HTTP/1.1" 200 20679443 "-" "python-requests/2.32.3"
77.79.248.229 - - [30/Apr/2025:09:36:26 +0200] "GET /Jurek/ikonka/feeds/ikonka_cdon_dk.xml HTTP/1.1" 200 20679405 "-" "python-requests/2.32.3"
77.79.248.229 - - [30/Apr/2025:09:36:26 +0200] "GET /Jurek/ikonka/feeds/ikonka_cdon_fi.xml HTTP/1.1" 200 20677390 "-" "python-requests/2.32.3"
77.79.248.229 - - [30/Apr/2025:09:36:26 +0200] "GET /Jurek/fernity/feeds/fernity_cdon_fi.xml HTTP/1.1" 200 4702224 "-" "python-requests/2.32.3"
77.79.248.229 - - [30/Apr/2025:09:36:27 +0200] "GET /Jurek/fernity/feeds/fernity_cdon_se.xml HTTP/1.1" 200 4705416 "-" "python-requests/2.32.3"
77.79.248.229 - - [30/Apr/2025:09:36:27 +0200] "GET /Jurek/fernity/feeds/fernity_cdon_dk.xml HTTP/1.1" 200 4705124 "-" "python-requests/2.32.3"
77.79.248.229 - - [30/Apr/2025:09:36:27 +0200] "GET /Jurek/activeshop/feeds/activeshop_cdon_se.xml HTTP/1.1" 200 10306719 "-" "python-requests/2.32.3"
77.79.248.229 - - [30/Apr/2025:09:36:27 +0200] "GET /Jurek/activeshop/feeds/activeshop_cdon_dk.xml HTTP/1.1" 200 10306472 "-" "python-requests/2.32.3"
77.79.248.229 - - [30/Apr/2025:09:36:27 +0200] "GET /Jurek/activeshop/feeds/activeshop_cdon_fi.xml HTTP/1.1" 200 10303109 "-" "python-requests/2.32.3"
77.79.248.229 - - [30/Apr/2025:09:36:33 +0200] "GET /Jurek/barbecook/feeds/barbecook_cdon_se.xml HTTP/1.1" 200 87595 "-" "python-requests/2.32.3"
77.79.248.229 - - [30/Apr/2025:09:36:33 +0200] "GET /Jurek/barbecook/feeds/barbecook_cdon_dk.xml HTTP/1.1" 200 87590 "-" "python-requests/2.32.3"
77.79.248.229 - - [30/Apr/2025:09:36:33 +0200] "GET /Jurek/barbecook/feeds/barbecook_cdon_fi.xml HTTP/1.1" 200 87531 "-" "python-requests/2.32.3"
77.79.248.229 - - [30/Apr/2025:09:36:34 +0200] "GET /Jurek/action/feeds/action_cdon_se.xml HTTP/1.1" 200 59683044 "-" "python-requests/2.32.3"
77.79.248.229 - - [30/Apr/2025:09:36:35 +0200] "GET /Jurek/action/feeds/action_cdon_dk.xml HTTP/1.1" 200 59677496 "-" "python-requests/2.32.3"
77.79.248.229 - - [30/Apr/2025:09:36:35 +0200] "GET /Jurek/action/feeds/action_cdon_fi.xml HTTP/1.1" 200 59650919 "-" "python-requests/2.32.3"
77.79.248.229 - - [30/Apr/2025:09:36:36 +0200] "GET /Jurek/kinghoff/feeds/kinghoff_cdon_se.xml HTTP/1.1" 200 15487470 "-" "python-requests/2.32.3"
77.79.248.229 - - [30/Apr/2025:09:36:36 +0200] "GET /Jurek/kinghoff/feeds/kinghoff_cdon_dk.xml HTTP/1.1" 200 15487269 "-" "python-requests/2.32.3"
77.79.248.229 - - [30/Apr/2025:09:36:36 +0200] "GET /Jurek/kinghoff/feeds/kinghoff_cdon_fi.xml HTTP/1.1" 200 15484810 "-" "python-requests/2.32.3"
77.79.248.229 - - [30/Apr/2025:09:36:45 +0200] "GET /Jurek/piotrmiedz/feeds/piotrmiedz_cdon_se.xml HTTP/1.1" 200 91085272 "-" "python-requests/2.32.3"
77.79.248.229 - - [30/Apr/2025:09:36:46 +0200] "GET /Jurek/piotrmiedz/feeds/piotrmiedz_cdon_dk.xml HTTP/1.1" 200 91084007 "-" "python-requests/2.32.3"
77.79.248.229 - - [30/Apr/2025:09:36:48 +0200] "GET /Jurek/piotrmiedz/feeds/piotrmiedz_cdon_fi.xml HTTP/1.1" 200 91042414 "-" "python-requests/2.32.3"
89.161.206.59 - - [30/Apr/2025:09:37:05 +0200] "GET /Jurek/kambukka/feeds/kambukka_emagro.xml HTTP/1.0" 200 1023934 "-" "-"
89.161.206.59 - - [30/Apr/2025:09:37:06 +0200] "GET /Jurek/amzteam/feeds/amzteam_emagro.xml HTTP/1.0" 200 97895 "-" "-"
89.161.206.59 - - [30/Apr/2025:09:37:07 +0200] "GET /Jurek/benetech/feeds/benetech_emagro.xml HTTP/1.0" 200 4165655 "-" "-"
89.161.206.59 - - [30/Apr/2025:09:37:07 +0200] "GET /Jurek/sempler/feeds/sempler_emagro.xml HTTP/1.0" 200 6788422 "-" "-"
89.161.206.59 - - [30/Apr/2025:09:37:07 +0200] "GET /Jurek/kinghoff/feeds/kinghoff_emagro.xml HTTP/1.0" 200 15486951 "-" "-"
89.161.206.59 - - [30/Apr/2025:09:37:12 +0200] "GET /Jurek/antiodor/feeds/antiodor_emagro.xml HTTP/1.0" 200 137853 "-" "-"
89.161.206.59 - - [30/Apr/2025:09:37:19 +0200] "GET /Jurek/maksik/feeds/maksik_emagro.xml HTTP/1.0" 200 4085094 "-" "-"
52.18.22.0 - - [30/Apr/2025:09:37:19 +0200] "GET /marketplaces/worten2/results/worten.csv HTTP/1.1" 200 147217 "-" "Mirakl HttpClient"
89.161.206.59 - - [30/Apr/2025:09:37:19 +0200] "GET /Jurek/roger/feeds/roger_emagro.xml HTTP/1.0" 200 1396743 "-" "-"
89.161.206.59 - - [30/Apr/2025:09:37:19 +0200] "GET /Jurek/nexus/feeds/nexus_emagro.xml HTTP/1.0" 200 226704 "-" "-"
89.161.206.59 - - [30/Apr/2025:09:37:40 +0200] "GET /Jurek/waks/feeds/waks_emagro.xml HTTP/1.0" 200 1598638 "-" "-"
89.161.206.59 - - [30/Apr/2025:09:37:40 +0200] "GET /Jurek/eroplace/feeds/eroplace_emagro.xml HTTP/1.0" 200 52150085 "-" "-"
89.161.206.59 - - [30/Apr/2025:09:37:44 +0200] "GET /Jurek/fertone/feeds/fertone_emagro.xml HTTP/1.0" 200 575272 "-" "-"
89.161.206.59 - - [30/Apr/2025:09:37:45 +0200] "GET /Jurek/artdog/feeds/artdog_emagro.xml HTTP/1.0" 200 17164240 "-" "-"
89.161.206.59 - - [30/Apr/2025:09:37:47 +0200] "GET /Jurek/galopi/feeds/galopi_emagro.xml HTTP/1.0" 200 2111325 "-" "-"
89.161.206.59 - - [30/Apr/2025:09:37:48 +0200] "GET /Jurek/edruk/feeds/edruk_emagro.xml HTTP/1.0" 200 14151090 "-" "-"
89.161.206.59 - - [30/Apr/2025:09:38:10 +0200] "GET /Jurek/fernity/feeds/fernity_emagro.xml HTTP/1.0" 200 4704224 "-" "-"
77.79.248.229 - - [30/Apr/2025:09:38:11 +0200] "GET /Jurek/vidaSI/feeds/vidaSI_bigbang.xml HTTP/1.1" 200 671695448 "-" "Python-urllib/3.11"
89.161.206.59 - - [30/Apr/2025:09:38:11 +0200] "GET /Jurek/kinghome/feeds/kinghome_emagro.xml HTTP/1.0" 200 6099490 "-" "-"
77.79.248.229 - - [30/Apr/2025:09:38:12 +0200] "GET /Jurek/aw/feeds/awnarzedzia_bigbang.xml HTTP/1.1" 200 90813305 "-" "Python-urllib/3.11"
77.79.248.229 - - [30/Apr/2025:09:38:13 +0200] "GET /Jurek/hurtownia_przemyslowa/feeds/hp_bigbang.xml HTTP/1.1" 200 49359592 "-" "Python-urllib/3.11"
77.79.248.229 - - [30/Apr/2025:09:38:15 +0200] "GET /Jurek/action/feeds/action_bigbang.xml HTTP/1.1" 200 59646468 "-" "Python-urllib/3.11"
77.79.248.229 - - [30/Apr/2025:09:38:16 +0200] "GET /Jurek/ikonka/feeds/ikonka_bigbang.xml HTTP/1.1" 200 20677400 "-" "Python-urllib/3.11"
77.79.248.229 - - [30/Apr/2025:09:38:16 +0200] "GET /Jurek/bass/feeds/bass_bigbang.xml HTTP/1.1" 200 3960032 "-" "Python-urllib/3.11"
77.79.248.229 - - [30/Apr/2025:09:38:18 +0200] "GET /Jurek/kinghoff/feeds/kinghoff_bigbang.xml HTTP/1.1" 200 15484719 "-" "Python-urllib/3.11"
89.161.206.59 - - [30/Apr/2025:09:38:18 +0200] "GET /Jurek/coppotech/feeds/coppotech_emagro.xml HTTP/1.0" 200 38056413 "-" "-"
77.79.248.229 - - [30/Apr/2025:09:38:21 +0200] "GET /Jurek/activeshop/feeds/activeshop_bigbang.xml HTTP/1.1" 200 10303068 "-" "Python-urllib/3.11"
77.79.248.229 - - [30/Apr/2025:09:38:22 +0200] "GET /Jurek/octopia/feeds/octopia_bigbang.xml HTTP/1.1" 200 5658808 "-" "Python-urllib/3.11"
89.161.206.59 - - [30/Apr/2025:09:38:22 +0200] "GET /Jurek/photho/feeds/photho_emagro.xml HTTP/1.0" 200 1051371 "-" "-"
89.161.206.59 - - [30/Apr/2025:09:38:22 +0200] "GET /Jurek/proparts/feeds/proparts_emagro.xml HTTP/1.0" 200 707592 "-" "-"
77.79.248.229 - - [30/Apr/2025:09:38:22 +0200] "GET /Jurek/topeshop/feeds/topeshop_bigbang.xml HTTP/1.1" 200 2758918 "-" "Python-urllib/3.11"
77.79.248.229 - - [30/Apr/2025:09:38:23 +0200] "GET /Jurek/b3/feeds/b3_bigbang.xml HTTP/1.1" 200 8064518 "-" "Python-urllib/3.11"
77.79.248.229 - - [30/Apr/2025:09:38:23 +0200] "GET /Jurek/asortymenteu/feeds/asortymenteu_bigbang.xml HTTP/1.1" 200 2789907 "-" "Python-urllib/3.11"
89.161.206.59 - - [30/Apr/2025:09:38:24 +0200] "GET /Jurek/elavia/feeds/elavia_emagro.xml HTTP/1.0" 200 2497412 "-" "-"
89.161.206.59 - - [30/Apr/2025:09:38:25 +0200] "GET /Jurek/sportprise/feeds/sportprise_emagro.xml HTTP/1.0" 200 12727960 "-" "-"
89.161.206.59 - - [30/Apr/2025:09:38:25 +0200] "GET /Jurek/cdata/feeds/cdata_emagro.xml HTTP/1.0" 200 1445611 "-" "-"
89.161.206.59 - - [30/Apr/2025:09:38:27 +0200] "GET /Jurek/zbimatyja/feeds/zbimatyja_emagro.xml HTTP/1.0" 200 11671834 "-" "-"
89.161.206.59 - - [30/Apr/2025:09:38:28 +0200] "GET /Jurek/rosfix/feeds/rosfix_emagro.xml HTTP/1.0" 200 35770985 "-" "-"
89.161.206.59 - - [30/Apr/2025:09:38:28 +0200] "GET /Jurek/nonabox/feeds/nonabox_emagro.xml HTTP/1.0" 200 33871 "-" "-"
89.161.206.59 - - [30/Apr/2025:09:38:28 +0200] "GET /Jurek/em3/feeds/em3_emagro.xml HTTP/1.0" 200 259005 "-" "-"
89.161.206.59 - - [30/Apr/2025:09:38:28 +0200] "GET /Jurek/broers/feeds/broers_emagro.xml HTTP/1.0" 200 1982958 "-" "-"
89.161.206.59 - - [30/Apr/2025:09:38:30 +0200] "GET /Jurek/equalo/feeds/equalo_emagro.xml HTTP/1.0" 200 98024 "-" "-"
89.161.206.59 - - [30/Apr/2025:09:38:31 +0200] "GET /Jurek/takapara/feeds/takapara_emagro.xml HTTP/1.0" 200 1342636 "-" "-"
77.79.248.229 - - [30/Apr/2025:09:38:31 +0200] "GET /Jurek/intsell/feeds/intsell_bigbang.xml HTTP/1.1" 200 342005986 "-" "Python-urllib/3.11"
77.79.248.229 - - [30/Apr/2025:09:38:31 +0200] "GET /Jurek/stema/feeds/stema_bigbang.xml HTTP/1.1" 200 883096 "-" "Python-urllib/3.11"
89.161.206.59 - - [30/Apr/2025:09:38:31 +0200] "GET /Jurek/newtechele/feeds/newtechele_emagro.xml HTTP/1.0" 200 2438689 "-" "-"
77.79.248.229 - - [30/Apr/2025:09:38:32 +0200] "GET /Jurek/sempler/feeds/sempler_bigbang.xml HTTP/1.1" 200 6787920 "-" "Python-urllib/3.11"
77.79.248.229 - - [30/Apr/2025:09:38:32 +0200] "GET /Jurek/benetech/feeds/benetech_bigbang.xml HTTP/1.1" 200 4165413 "-" "Python-urllib/3.11"
77.79.248.229 - - [30/Apr/2025:09:38:32 +0200] "GET /Jurek/ekuchcikowo/feeds/ekuchcikowo_bigbang.xml HTTP/1.1" 200 12470900 "-" "Python-urllib/3.11"
89.161.206.59 - - [30/Apr/2025:09:38:32 +0200] "GET /Jurek/lampart/feeds/lampart_emagro.xml HTTP/1.0" 200 936210 "-" "-"
77.79.248.229 - - [30/Apr/2025:09:38:33 +0200] "GET /Jurek/erohurtownia/feeds/erohurtownia_bigbang.xml HTTP/1.1" 200 22846596 "-" "Python-urllib/3.11"
89.161.206.59 - - [30/Apr/2025:09:38:34 +0200] "GET /Jurek/filmal/feeds/filmal_emagro.xml HTTP/1.0" 200 139306 "-" "-"
89.161.206.59 - - [30/Apr/2025:09:38:35 +0200] "GET /Jurek/zenex/feeds/zenex_emagro.xml HTTP/1.0" 200 540575 "-" "-"
77.79.248.229 - - [30/Apr/2025:09:38:43 +0200] "GET /Jurek/naszedzieci/feeds/naszedzieci_bigbang.xml HTTP/1.1" 200 833165824 "-" "Python-urllib/3.11"
77.79.248.229 - - [30/Apr/2025:09:38:46 +0200] "GET /Jurek/awparts/feeds/awparts_bigbang.xml HTTP/1.1" 200 142299121 "-" "Python-urllib/3.11"
77.79.248.229 - - [30/Apr/2025:09:38:46 +0200] "GET /Jurek/najtanszysport/feeds/najtanszysport_bigbang.xml HTTP/1.1" 200 3983130 "-" "Python-urllib/3.11"
77.79.248.229 - - [30/Apr/2025:09:38:46 +0200] "GET /Jurek/aiofactory/feeds/aiofactory_bigbang.xml HTTP/1.1" 200 2123771 "-" "Python-urllib/3.11"
77.79.248.229 - - [30/Apr/2025:09:38:47 +0200] "GET /Jurek/playcob/feeds/playcob_bigbang.xml HTTP/1.1" 200 6980059 "-" "Python-urllib/3.11"
77.79.248.229 - - [30/Apr/2025:09:38:47 +0200] "GET /Jurek/kidshop/feeds/kidshop_bigbang.xml HTTP/1.1" 200 19845640 "-" "Python-urllib/3.11"
77.79.248.229 - - [30/Apr/2025:09:38:47 +0200] "GET /Jurek/elavia/feeds/elavia_bigbang.xml HTTP/1.1" 200 2497280 "-" "Python-urllib/3.11"
77.79.248.229 - - [30/Apr/2025:09:38:47 +0200] "GET /Jurek/straganbiur/feeds/straganbiur_bigbang.xml HTTP/1.1" 200 8893053 "-" "Python-urllib/3.11"
77.79.248.229 - - [30/Apr/2025:09:38:48 +0200] "GET /Jurek/kobi/feeds/kobi_bigbang.xml HTTP/1.1" 200 1993158 "-" "Python-urllib/3.11"
77.79.248.229 - - [30/Apr/2025:09:38:48 +0200] "GET /Jurek/hanex/feeds/hanex_bigbang.xml HTTP/1.1" 200 13931533 "-" "Python-urllib/3.11"
77.79.248.229 - - [30/Apr/2025:09:38:48 +0200] "GET /Jurek/elecomp/feeds/elecomp_bigbang.xml HTTP/1.1" 200 2867739 "-" "Python-urllib/3.11"
77.79.248.229 - - [30/Apr/2025:09:38:48 +0200] "GET /Jurek/roger/feeds/roger_bigbang.xml HTTP/1.1" 200 1396585 "-" "Python-urllib/3.11"
77.79.248.229 - - [30/Apr/2025:09:38:48 +0200] "GET /Jurek/kristronik/feeds/kristronik_bigbang.xml HTTP/1.1" 200 691977 "-" "Python-urllib/3.11"
77.79.248.229 - - [30/Apr/2025:09:38:49 +0200] "GET /Jurek/oknobest/feeds/oknobest_bigbang.xml HTTP/1.1" 200 2708317 "-" "Python-urllib/3.11"
77.79.248.229 - - [30/Apr/2025:09:38:49 +0200] "GET /Jurek/globaldeli/feeds/globaldeli_bigbang.xml HTTP/1.1" 200 2590049 "-" "Python-urllib/3.11"
77.79.248.229 - - [30/Apr/2025:09:38:49 +0200] "GET /Jurek/rider/feeds/rider_bigbang.xml HTTP/1.1" 200 8165153 "-" "Python-urllib/3.11"
77.79.248.229 - - [30/Apr/2025:09:38:49 +0200] "GET /Jurek/cenoman/feeds/cenoman_bigbang.xml HTTP/1.1" 200 5993135 "-" "Python-urllib/3.11"
77.79.248.229 - - [30/Apr/2025:09:38:49 +0200] "GET /Jurek/luxma/feeds/luxma_bigbang.xml HTTP/1.1" 200 8058559 "-" "Python-urllib/3.11"
77.79.248.229 - - [30/Apr/2025:09:38:50 +0200] "GET /Jurek/zbimatyja/feeds/zbimatyja_bigbang.xml HTTP/1.1" 200 11670140 "-" "Python-urllib/3.11"
77.79.248.229 - - [30/Apr/2025:09:38:50 +0200] "GET /Jurek/smxdesign/feeds/smxdesign_bigbang.xml HTTP/1.1" 200 1829031 "-" "Python-urllib/3.11"
77.79.248.229 - - [30/Apr/2025:09:38:50 +0200] "GET /Jurek/rosfix/feeds/rosfix_bigbang.xml HTTP/1.1" 200 35769414 "-" "Python-urllib/3.11"
77.79.248.229 - - [30/Apr/2025:09:38:51 +0200] "GET /Jurek/dropkz/feeds/dropkz_bigbang.xml HTTP/1.1" 200 70014184 "-" "Python-urllib/3.11"
77.79.248.229 - - [30/Apr/2025:09:38:52 +0200] "GET /Jurek/pawonik/feeds/pawonik_bigbang.xml HTTP/1.1" 200 2138405 "-" "Python-urllib/3.11"
77.79.248.229 - - [30/Apr/2025:09:38:52 +0200] "GET /Jurek/spali/feeds/spali_bigbang.xml HTTP/1.1" 200 77052 "-" "Python-urllib/3.11"
77.79.248.229 - - [30/Apr/2025:09:38:52 +0200] "GET /Jurek/newtechele/feeds/newtechele_bigbang.xml HTTP/1.1" 200 2438493 "-" "Python-urllib/3.11"
77.79.248.229 - - [30/Apr/2025:09:38:52 +0200] "GET /Jurek/maksik/feeds/maksik_bigbang.xml HTTP/1.1" 200 4084777 "-" "Python-urllib/3.11"
77.79.248.229 - - [30/Apr/2025:09:38:52 +0200] "GET /Jurek/beltimore/feeds/beltimore_bigbang.xml HTTP/1.1" 200 18651706 "-" "Python-urllib/3.11"
77.79.248.229 - - [30/Apr/2025:09:38:53 +0200] "GET /Jurek/matkam/feeds/matkam_bigbang.xml HTTP/1.1" 200 5000256 "-" "Python-urllib/3.11"
77.79.248.229 - - [30/Apr/2025:09:38:53 +0200] "GET /Jurek/rovato/feeds/rovato_bigbang.xml HTTP/1.1" 200 180835 "-" "Python-urllib/3.11"
77.79.248.229 - - [30/Apr/2025:09:38:53 +0200] "GET /Jurek/eurofryz/feeds/eurofryz_bigbang.xml HTTP/1.1" 200 1381532 "-" "Python-urllib/3.11"
77.79.248.229 - - [30/Apr/2025:09:38:53 +0200] "GET /Jurek/alucon/feeds/alucon_bigbang.xml HTTP/1.1" 200 553573 "-" "Python-urllib/3.11"
77.79.248.229 - - [30/Apr/2025:09:38:53 +0200] "GET /Jurek/omi/feeds/omi_bigbang.xml HTTP/1.1" 200 8105524 "-" "Python-urllib/3.11"
77.79.248.229 - - [30/Apr/2025:09:38:53 +0200] "GET /Jurek/kamar/feeds/kamar_bigbang.xml HTTP/1.1" 200 25550408 "-" "Python-urllib/3.11"
77.79.248.229 - - [30/Apr/2025:09:38:53 +0200] "GET /Jurek/beautycare/feeds/beautycare_bigbang.xml HTTP/1.1" 200 1181285 "-" "Python-urllib/3.11"
77.79.248.229 - - [30/Apr/2025:09:38:53 +0200] "GET /Jurek/avenido/feeds/avenido_bigbang.xml HTTP/1.1" 200 720100 "-" "Python-urllib/3.11"
77.79.248.229 - - [30/Apr/2025:09:38:54 +0200] "GET /Jurek/zenex/feeds/zenex_bigbang.xml HTTP/1.1" 200 540142 "-" "Python-urllib/3.11"
77.79.248.229 - - [30/Apr/2025:09:38:54 +0200] "GET /Jurek/fertes/feeds/fertes_bigbang.xml HTTP/1.1" 200 2361839 "-" "Python-urllib/3.11"
77.79.248.229 - - [30/Apr/2025:09:38:54 +0200] "GET /Jurek/makow/feeds/makow_bigbang.xml HTTP/1.1" 200 21203604 "-" "Python-urllib/3.11"
77.79.248.229 - - [30/Apr/2025:09:38:54 +0200] "GET /Jurek/sternhoff/feeds/sternhoff_bigbang.xml HTTP/1.1" 200 1775230 "-" "Python-urllib/3.11"
77.79.248.229 - - [30/Apr/2025:09:38:54 +0200] "GET /Jurek/kalama/feeds/kalama_bigbang.xml HTTP/1.1" 200 2661729 "-" "Python-urllib/3.11"
77.79.248.229 - - [30/Apr/2025:09:38:55 +0200] "GET /Jurek/straganspoz/feeds/straganspoz_bigbang.xml HTTP/1.1" 200 9513920 "-" "Python-urllib/3.11"
77.79.248.229 - - [30/Apr/2025:09:38:55 +0200] "GET /Jurek/apresto/feeds/apresto_bigbang.xml HTTP/1.1" 200 1327634 "-" "Python-urllib/3.11"
77.79.248.229 - - [30/Apr/2025:09:38:55 +0200] "GET /Jurek/fertone/feeds/fertone_bigbang.xml HTTP/1.1" 200 575141 "-" "Python-urllib/3.11"
77.79.248.229 - - [30/Apr/2025:09:38:55 +0200] "GET /Jurek/fernity/feeds/fernity_bigbang.xml HTTP/1.1" 200 4702507 "-" "Python-urllib/3.11"
77.79.248.229 - - [30/Apr/2025:09:38:55 +0200] "GET /Jurek/jankeski/feeds/jankeski_bigbang.xml HTTP/1.1" 200 6571099 "-" "Python-urllib/3.11"
77.79.248.229 - - [30/Apr/2025:09:38:55 +0200] "GET /Jurek/bloomglow/feeds/bloomglow_bigbang.xml HTTP/1.1" 200 14095007 "-" "Python-urllib/3.11"
89.161.206.59 - - [30/Apr/2025:09:38:57 +0200] "GET /Jurek/lerutrade/feeds/lerutrade_emag.xml HTTP/1.0" 200 82827 "-" "-"
178.21.154.6 - - [30/Apr/2025:09:39:02 +0200] "GET /Jurek/eurofirany/images/459553/0.jpg HTTP/1.1" 200 81438 "-" "-"
77.79.248.229 - - [30/Apr/2025:09:39:29 +0200] "GET /Jurek/galopi/feeds/galopi_bigbang.xml HTTP/1.1" 200 2111090 "-" "Python-urllib/3.11"
77.79.248.229 - - [30/Apr/2025:09:39:29 +0200] "GET /Jurek/stiv/feeds/stiv_bigbang.xml HTTP/1.1" 200 2056814 "-" "Python-urllib/3.11"
193.33.8.61 - - [30/Apr/2025:09:40:11 +0200] "GET /Jurek/cenoman/feeds/cenoman_zero.xml HTTP/2.0" 200 5992800 "https://konsola.dkkapusta1997.usermd.net/" "Mozilla/5.0 (Windows NT 10.0; Win64; x64) AppleWebKit/537.36 (KHTML, like Gecko) Chrome/135.0.0.0 Safari/537.36"
77.79.248.229 - - [30/Apr/2025:09:40:20 +0200] "GET /Jurek/cenoman/feeds/cenoman_zero.xml HTTP/1.1" 200 5992800 "-" "Python-urllib/3.11"
193.33.8.61 - - [30/Apr/2025:09:40:21 +0200] "GET /favicon.ico HTTP/2.0" 404 3551 "https://dkkapusta1997.usermd.net/Jurek/cenoman/feeds/cenoman_zero.xml" "Mozilla/5.0 (Windows NT 10.0; Win64; x64) AppleWebKit/537.36 (KHTML, like Gecko) Chrome/135.0.0.0 Safari/537.36"
178.21.154.6 - - [30/Apr/2025:09:40:22 +0200] "GET /Jurek/eurofirany/images/469610/0.jpg HTTP/1.1" 200 128911 "-" "-"
77.79.248.229 - - [30/Apr/2025:09:40:32 +0200] "GET /Jurek/kinghoff/feeds/kinghoff_SkroutzGR.xml HTTP/1.1" 200 15107741 "-" "Python-urllib/3.11"
77.79.248.229 - - [30/Apr/2025:09:40:33 +0200] "GET /Jurek/aw/feeds/awnarzedzia_skroutz.xml HTTP/1.1" 200 90329188 "-" "Python-urllib/3.11"
77.79.248.229 - - [30/Apr/2025:09:40:34 +0200] "GET /Jurek/eurofirany/feeds/eurofirany_skroutz.xml HTTP/1.1" 200 18683536 "-" "Python-urllib/3.11"
77.79.248.229 - - [30/Apr/2025:09:40:34 +0200] "GET /Jurek/fernity/feeds/fernity_skroutz.xml HTTP/1.1" 200 4692288 "-" "Python-urllib/3.11"
89.161.206.59 - - [30/Apr/2025:09:41:00 +0200] "GET /Jurek/equalo/feeds/equalo_amazonde.xml HTTP/1.0" 200 98007 "-" "-"
89.161.206.59 - - [30/Apr/2025:09:41:01 +0200] "GET /Jurek/regis/feeds/regis_amazonde.xml HTTP/1.0" 200 228502 "-" "-"
89.161.206.59 - - [30/Apr/2025:09:41:01 +0200] "GET /Jurek/cdata/feeds/cdata_amazonde.xml HTTP/1.0" 200 1445090 "-" "-"
89.161.206.59 - - [30/Apr/2025:09:41:01 +0200] "GET /Jurek/alucon/feeds/alucon_amazonde.xml HTTP/1.0" 200 553580 "-" "-"
89.161.206.59 - - [30/Apr/2025:09:41:02 +0200] "GET /Jurek/riko/feeds/riko_amazonde.xml HTTP/1.0" 200 3785012 "-" "-"
89.161.206.59 - - [30/Apr/2025:09:41:02 +0200] "GET /Jurek/narzbud/feeds/narzbud_amazonde.xml HTTP/1.0" 200 1901250 "-" "-"
77.79.248.229 - - [30/Apr/2025:09:41:20 +0200] "GET /Jurek/piotrmiedz/feeds/piotrmiedz_amazonde.xml HTTP/1.1" 200 91045305 "-" "Python-urllib/3.11"
193.33.8.61 - - [30/Apr/2025:09:41:28 +0200] "GET /Jurek/piotrmiedz/feeds/piotrmiedz_amazonde.xml HTTP/2.0" 200 91045305 "https://konsola.dkkapusta1997.usermd.net/" "Mozilla/5.0 (Windows NT 10.0; Win64; x64) AppleWebKit/537.36 (KHTML, like Gecko) Chrome/135.0.0.0 Safari/537.36"
46.101.116.244 - - [30/Apr/2025:09:43:18 +0200] "GET /Jurek/vivaldi/feeds/vivaldi_allegro.xml HTTP/1.0" 200 344685 "-" "-"
46.101.116.244 - - [30/Apr/2025:09:43:19 +0200] "GET /Jurek/kokiska/feeds/kokiska_allegro.xml HTTP/1.0" 200 10532503 "-" "-"
193.33.8.61 - - [30/Apr/2025:09:49:01 +0200] "GET /Jurek/topeshop/feeds/topeshop_manoFR.xml HTTP/2.0" 200 2758965 "https://konsola.dkkapusta1997.usermd.net/" "Mozilla/5.0 (Windows NT 10.0; Win64; x64) AppleWebKit/537.36 (KHTML, like Gecko) Chrome/135.0.0.0 Safari/537.36"
77.79.248.229 - - [30/Apr/2025:09:49:06 +0200] "GET /Jurek/topeshop/feeds/topeshop_manoFR.xml HTTP/1.1" 200 2758965 "-" "Python-urllib/3.11"
77.79.248.229 - - [30/Apr/2025:09:49:51 +0200] "GET /Jurek/rosfix/feeds/rosfix_manoFR.xml HTTP/1.1" 200 35769557 "-" "Python-urllib/3.11"
193.33.8.61 - - [30/Apr/2025:09:50:02 +0200] "GET /Jurek/rosfix/feeds/rosfix_manoFR.xml HTTP/2.0" 200 9444935 "https://konsola.dkkapusta1997.usermd.net/" "Mozilla/5.0 (Windows NT 10.0; Win64; x64) AppleWebKit/537.36 (KHTML, like Gecko) Chrome/135.0.0.0 Safari/537.36"
193.33.8.61 - - [30/Apr/2025:09:50:14 +0200] "GET /Jurek/piotrmiedz/feeds/piotrmiedz_manoFR.xml HTTP/2.0" 200 7929856 "https://konsola.dkkapusta1997.usermd.net/" "Mozilla/5.0 (Windows NT 10.0; Win64; x64) AppleWebKit/537.36 (KHTML, like Gecko) Chrome/135.0.0.0 Safari/537.36"
77.79.248.229 - - [30/Apr/2025:09:50:18 +0200] "GET /Jurek/piotrmiedz/feeds/piotrmiedz_manoFR.xml HTTP/1.1" 200 91045219 "-" "Python-urllib/3.11"
193.33.8.61 - - [30/Apr/2025:09:51:26 +0200] "GET /Jurek/stiv/feeds/stiv_manoFR.xml HTTP/2.0" 200 2056864 "https://konsola.dkkapusta1997.usermd.net/" "Mozilla/5.0 (Windows NT 10.0; Win64; x64) AppleWebKit/537.36 (KHTML, like Gecko) Chrome/135.0.0.0 Safari/537.36"
77.79.248.229 - - [30/Apr/2025:09:51:30 +0200] "GET /Jurek/stiv/feeds/stiv_manoFR.xml HTTP/1.1" 200 2056864 "-" "Python-urllib/3.11"
46.101.116.244 - - [30/Apr/2025:09:51:42 +0200] "GET /Jurek/aw/feeds/aw_fnacfr.xml HTTP/1.0" 404 3551 "-" "-"
193.33.8.61 - - [30/Apr/2025:09:52:10 +0200] "GET /Jurek/hurtmeblowy/feeds/hurtmeblowy_ManoFR.xml HTTP/2.0" 200 8513424 "https://konsola.dkkapusta1997.usermd.net/" "Mozilla/5.0 (Windows NT 10.0; Win64; x64) AppleWebKit/537.36 (KHTML, like Gecko) Chrome/135.0.0.0 Safari/537.36"
77.79.248.229 - - [30/Apr/2025:09:52:15 +0200] "GET /Jurek/hurtmeblowy/feeds/hurtmeblowy_ManoFR.xml HTTP/1.1" 200 8513424 "-" "Python-urllib/3.11"
193.33.8.61 - - [30/Apr/2025:09:52:55 +0200] "GET /Jurek/hurtownia_przemyslowa/feeds/hp_manomanofr.xml HTTP/2.0" 200 9748480 "https://konsola.dkkapusta1997.usermd.net/" "Mozilla/5.0 (Windows NT 10.0; Win64; x64) AppleWebKit/537.36 (KHTML, like Gecko) Chrome/135.0.0.0 Safari/537.36"
77.79.248.229 - - [30/Apr/2025:09:52:58 +0200] "GET /Jurek/hurtownia_przemyslowa/feeds/hp_manomanofr.xml HTTP/1.1" 200 49362234 "-" "Python-urllib/3.11"
193.33.8.61 - - [30/Apr/2025:09:53:19 +0200] "GET /Jurek/aiofactory/feeds/aiofactory_manomanoFR.xml HTTP/2.0" 200 2123750 "https://konsola.dkkapusta1997.usermd.net/" "Mozilla/5.0 (Windows NT 10.0; Win64; x64) AppleWebKit/537.36 (KHTML, like Gecko) Chrome/135.0.0.0 Safari/537.36"
178.21.154.6 - - [30/Apr/2025:09:53:20 +0200] "GET /Jurek/topeshop/downloaded_images/5902838460986_M6-12-ART_Biel_KPL_Miniaturka.jpg HTTP/1.1" 404 3551 "-" "-"
178.21.154.6 - - [30/Apr/2025:09:53:20 +0200] "GET /Jurek/topeshop/downloaded_images/5902838460986_M6-12-ART_Biel_KPL_Miniaturka.jpg HTTP/1.1" 404 3551 "https://www.ceneo.pl" "Mozilla/5.0 (Windows NT 10.0; WOW64) AppleWebKit/537.36 (KHTML, like Gecko) Chrome/52.0.2743.82 Safari/537.36 OPR/39.0.2256.48"
178.21.154.6 - - [30/Apr/2025:09:53:20 +0200] "GET /Jurek/topeshop/downloaded_images/5902838460986_M6-12-ART_Biel_KPL_Miniaturka.jpg HTTP/1.1" 404 3551 "-" "-"
178.21.154.6 - - [30/Apr/2025:09:53:20 +0200] "GET /Jurek/topeshop/downloaded_images/5902838460986_M6-12-ART_Biel_KPL_Miniaturka.jpg HTTP/1.1" 404 3551 "https://www.ceneo.pl" "Mozilla/5.0 (Windows NT 10.0; WOW64) AppleWebKit/537.36 (KHTML, like Gecko) Chrome/52.0.2743.82 Safari/537.36 OPR/39.0.2256.48"
178.21.154.6 - - [30/Apr/2025:09:53:20 +0200] "GET /Jurek/topeshop/downloaded_images/5902838461761_brylki_.RGB_color.0002.png HTTP/1.1" 404 3551 "-" "-"
178.21.154.6 - - [30/Apr/2025:09:53:20 +0200] "GET /Jurek/topeshop/downloaded_images/5902838461761_brylki_.RGB_color.0002.png HTTP/1.1" 404 3551 "https://www.ceneo.pl" "Mozilla/5.0 (Windows NT 10.0; WOW64) AppleWebKit/537.36 (KHTML, like Gecko) Chrome/52.0.2743.82 Safari/537.36 OPR/39.0.2256.48"
178.21.154.6 - - [30/Apr/2025:09:53:20 +0200] "GET /Jurek/topeshop/downloaded_images/5902838461761_brylki_.RGB_color.0002.png HTTP/1.1" 404 3551 "-" "-"
178.21.154.6 - - [30/Apr/2025:09:53:20 +0200] "GET /Jurek/topeshop/downloaded_images/5902838468784_M6-140-ART_Biel_KPL_miniaturka.jpg HTTP/1.1" 404 3551 "-" "-"
