35.204.39.32 - - [28/Apr/2025:04:01:09 +0200] "GET /marketplaces/vente/results/vente_fr.csv HTTP/1.1" 200 2393723 "-" "Mirakl HttpClient"
35.204.39.32 - - [28/Apr/2025:04:01:10 +0200] "GET /marketplaces/vente/results/vente_be.csv HTTP/1.1" 200 2172828 "-" "Mirakl HttpClient"
35.204.39.32 - - [28/Apr/2025:04:01:10 +0200] "GET /marketplaces/vente/results/vente_it.csv HTTP/1.1" 200 2202460 "-" "Mirakl HttpClient"
35.204.39.32 - - [28/Apr/2025:04:01:11 +0200] "GET /marketplaces/vente/results/vente_es.csv HTTP/1.1" 200 2172272 "-" "Mirakl HttpClient"
35.204.39.32 - - [28/Apr/2025:04:01:12 +0200] "GET /marketplaces/vente/results/vente_de.csv HTTP/1.1" 200 2172324 "-" "Mirakl HttpClient"
46.101.116.244 - - [28/Apr/2025:04:01:18 +0200] "GET /Jurek/pupus/feeds/pupus_mallsiSH.xml HTTP/2.0" 200 6154566 "-" "-"
46.101.116.244 - - [28/Apr/2025:04:01:30 +0200] "GET /Jurek/erohurtownia/feeds/erohurtownia_mallsish.xml HTTP/2.0" 200 22846496 "-" "-"
89.161.206.59 - - [28/Apr/2025:04:01:40 +0200] "GET /Jurek/cbdgreen/feeds/cbdgreen_bol.xml HTTP/1.0" 200 50543 "-" "-"
46.101.116.244 - - [28/Apr/2025:04:01:43 +0200] "GET /Jurek/piotrmiedz/feeds/piotrmiedz_bol.xml HTTP/1.0" 200 91042160 "-" "-"
46.101.116.244 - - [28/Apr/2025:04:01:45 +0200] "GET /Jurek/oromed/feeds/oromed_mallsish.xml HTTP/2.0" 200 1092071 "-" "-"
88.220.33.218 - - [28/Apr/2025:04:02:03 +0200] "GET /Jurek/vida_morele/feeds/VidaPL_all.xml HTTP/2.0" 200 745193472 "-" "MarketplaceAPI curl/7.64.0 PHP/8"
52.18.22.0 - - [28/Apr/2025:04:02:05 +0200] "GET /marketplaces/rue/results/rue.csv HTTP/1.1" 200 7149018 "-" "Mirakl HttpClient"
46.101.116.244 - - [28/Apr/2025:04:02:11 +0200] "GET /Jurek/urwiskowo/feeds/urwiskowo_mallsish.xml HTTP/2.0" 200 9114977 "-" "-"
88.220.33.218 - - [28/Apr/2025:04:02:20 +0200] "GET /Jurek/kinghoff/feeds/kinghoff_morele.xml HTTP/2.0" 200 15540908 "-" "MarketplaceAPI curl/7.64.0 PHP/8"
46.101.116.244 - - [28/Apr/2025:04:02:23 +0200] "GET /Jurek/eroplace/feeds/eroplace_mallsish.xml HTTP/2.0" 200 52134794 "-" "-"
66.249.64.166 - - [28/Apr/2025:04:02:34 +0200] "GET /Jurek/eurofirany/images/397065/9.jpg HTTP/1.1" 200 114564 "-" "Googlebot-Image/1.0"
46.101.116.244 - - [28/Apr/2025:04:02:43 +0200] "GET /Jurek/bass_new/feeds/bass_mallsish.xml HTTP/2.0" 200 7040751 "-" "-"
46.101.116.244 - - [28/Apr/2025:04:02:54 +0200] "GET /Jurek/ekuchcikowo/feeds/ekuchcikowo_mallsish.xml HTTP/2.0" 200 12471018 "-" "-"
46.101.116.244 - - [28/Apr/2025:04:03:05 +0200] "GET /Jurek/sempler/feeds/sempler_mallsish.xml HTTP/2.0" 200 6787989 "-" "-"
46.101.116.244 - - [28/Apr/2025:04:03:16 +0200] "GET /Jurek/bass/feeds/bass_mallsish.xml HTTP/2.0" 200 3964926 "-" "-"
185.6.76.166 - - [28/Apr/2025:04:03:22 +0200] "GET /Jurek/eurofirany/images/426270/0.jpg HTTP/1.1" 200 6625 "-" "Skroutz ImageBot v1"
185.6.76.166 - - [28/Apr/2025:04:03:27 +0200] "GET /Jurek/eurofirany/images/431702/0.jpg HTTP/1.1" 200 6625 "-" "Skroutz ImageBot v1"
88.220.33.218 - - [28/Apr/2025:04:03:28 +0200] "GET /Jurek/eurofirany/feeds/eurofirany_morele.xml HTTP/2.0" 200 19047462 "-" "MarketplaceAPI curl/7.64.0 PHP/8"
88.220.33.218 - - [28/Apr/2025:04:03:35 +0200] "GET /Jurek/vivaldi/feeds/vivaldi_Morele-PL.xml HTTP/2.0" 200 344674 "-" "MarketplaceAPI curl/7.64.0 PHP/8"
185.6.76.167 - - [28/Apr/2025:04:03:37 +0200] "GET /Jurek/eurofirany/images/428878/0.jpg HTTP/1.1" 200 6625 "-" "Skroutz ImageBot v1"
46.101.116.244 - - [28/Apr/2025:04:03:38 +0200] "GET /Jurek/slayo/feeds/slayo_mallsish.xml HTTP/2.0" 200 183611 "-" "-"
89.161.206.59 - - [28/Apr/2025:04:03:42 +0200] "GET /Jurek/slayo/feeds/slayo_skroutz.xml HTTP/1.0" 200 183615 "-" "-"
52.209.168.113 - - [28/Apr/2025:04:03:45 +0200] "GET /marketplaces/ubaldi/results/ubaldi.csv HTTP/1.1" 200 3433540 "-" "Mirakl HttpClient"
46.101.116.244 - - [28/Apr/2025:04:03:48 +0200] "GET /Jurek/mosti/feeds/mosti_mallsish.xml HTTP/2.0" 200 4628180 "-" "-"
46.101.116.244 - - [28/Apr/2025:04:03:49 +0200] "GET /Jurek/amzteam/feeds/amzteam_mallsish.xml HTTP/2.0" 200 97843 "-" "-"
46.101.116.244 - - [28/Apr/2025:04:03:49 +0200] "GET /Jurek/artdog/feeds/artdog_mallsish.xml HTTP/2.0" 200 17158328 "-" "-"
46.101.116.244 - - [28/Apr/2025:04:03:50 +0200] "GET /Jurek/kambukka/feeds/kambukka_mallsish.xml HTTP/2.0" 200 1023518 "-" "-"
52.17.80.36 - - [28/Apr/2025:04:03:58 +0200] "GET /marketplaces/carrefour/results/carrefour.csv HTTP/1.1" 200 147221 "-" "Mirakl HttpClient"
46.101.116.244 - - [28/Apr/2025:04:04:03 +0200] "GET /Jurek/swiatecznygoliat/feeds/swiatecznygoliat_mallsish.xml HTTP/2.0" 200 7054414 "-" "-"
88.220.33.218 - - [28/Apr/2025:04:04:46 +0200] "GET /Jurek/vida_morele/feeds/VidaPL_morele.xml HTTP/2.0" 200 175987245 "-" "MarketplaceAPI curl/7.64.0 PHP/8"
89.161.206.59 - - [28/Apr/2025:04:04:52 +0200] "GET /Jurek/bass/feeds/bass_amazonfr.xml HTTP/1.0" 200 3964953 "-" "-"
89.161.206.59 - - [28/Apr/2025:04:04:52 +0200] "GET /Jurek/bass/feeds/bass_amazonit.xml HTTP/1.0" 200 3965012 "-" "-"
89.161.206.59 - - [28/Apr/2025:04:04:52 +0200] "GET /Jurek/bass/feeds/bass_amazonnl.xml HTTP/1.0" 200 3964946 "-" "-"
88.220.33.218 - - [28/Apr/2025:04:04:54 +0200] "GET /Jurek/aw/feeds/awnarzedzia_morele.xml HTTP/2.0" 200 90598914 "-" "MarketplaceAPI curl/7.64.0 PHP/8"
46.101.116.244 - - [28/Apr/2025:04:05:00 +0200] "GET /Jurek/octopia/feeds/octopia_mallsish.xml HTTP/2.0" 200 10103817 "-" "-"
88.220.33.218 - - [28/Apr/2025:04:05:10 +0200] "GET /Jurek/beliani/feeds/beliani_morele.xml HTTP/2.0" 200 30955025 "-" "MarketplaceAPI curl/7.64.0 PHP/8"
89.161.206.59 - - [28/Apr/2025:04:05:11 +0200] "GET /Jurek/pupus/feeds/pupus_amazonde.xml HTTP/1.0" 200 6154380 "-" "-"
89.161.206.59 - - [28/Apr/2025:04:05:11 +0200] "GET /Jurek/pupus/feeds/pupus_amazonbe.xml HTTP/1.0" 200 6154492 "-" "-"
89.161.206.59 - - [28/Apr/2025:04:05:12 +0200] "GET /Jurek/pupus/feeds/pupus_amazonit.xml HTTP/1.0" 200 6154605 "-" "-"
89.161.206.59 - - [28/Apr/2025:04:05:12 +0200] "GET /Jurek/pupus/feeds/pupus_amazonse.xml HTTP/1.0" 200 6156533 "-" "-"
89.161.206.59 - - [28/Apr/2025:04:05:12 +0200] "GET /Jurek/pupus/feeds/pupus_amazonfr.xml HTTP/1.0" 200 6154555 "-" "-"
89.161.206.59 - - [28/Apr/2025:04:05:13 +0200] "GET /Jurek/pupus/feeds/pupus_amazones.xml HTTP/1.0" 200 6154091 "-" "-"
89.161.206.59 - - [28/Apr/2025:04:05:13 +0200] "GET /Jurek/pupus/feeds/pupus_amazonnl.xml HTTP/1.0" 200 6154402 "-" "-"
89.161.206.59 - - [28/Apr/2025:04:05:14 +0200] "GET /Jurek/dekoele/feeds/dekoele_amazonde.xml HTTP/1.0" 200 733933 "-" "-"
89.161.206.59 - - [28/Apr/2025:04:05:14 +0200] "GET /Jurek/dekoele/feeds/dekoele_amazonit.xml HTTP/1.0" 200 733935 "-" "-"
89.161.206.59 - - [28/Apr/2025:04:05:14 +0200] "GET /Jurek/dekoele/feeds/dekoele_amazonfr.xml HTTP/1.0" 200 733935 "-" "-"
89.161.206.59 - - [28/Apr/2025:04:05:14 +0200] "GET /Jurek/dekoele/feeds/dekoele_amazones.xml HTTP/1.0" 200 733932 "-" "-"
89.161.206.59 - - [28/Apr/2025:04:05:14 +0200] "GET /Jurek/dekoele/feeds/dekoele_amazonnl.xml HTTP/1.0" 200 733932 "-" "-"
89.161.206.59 - - [28/Apr/2025:04:05:14 +0200] "GET /Jurek/dekoele/feeds/dekoele_amazonse.xml HTTP/1.0" 200 734012 "-" "-"
46.101.116.244 - - [28/Apr/2025:04:05:14 +0200] "GET /Jurek/topeshop/feeds/topeshop_mallsish.xml HTTP/2.0" 200 2706765 "-" "-"
89.161.206.59 - - [28/Apr/2025:04:05:14 +0200] "GET /Jurek/dekoele/feeds/dekoele_amazonbe.xml HTTP/1.0" 200 733934 "-" "-"
89.161.206.59 - - [28/Apr/2025:04:05:16 +0200] "GET /Jurek/benetech/feeds/benetech_amazonse.xml HTTP/1.0" 200 4165832 "-" "-"
89.161.206.59 - - [28/Apr/2025:04:05:17 +0200] "GET /Jurek/kobi/feeds/kobi_amazonnl.xml HTTP/1.0" 200 677174 "-" "-"
89.161.206.59 - - [28/Apr/2025:04:05:17 +0200] "GET /Jurek/kobi/feeds/kobi_amazonse.xml HTTP/1.0" 200 677311 "-" "-"
89.161.206.59 - - [28/Apr/2025:04:05:17 +0200] "GET /Jurek/kobi/feeds/kobi_amazones.xml HTTP/1.0" 200 677186 "-" "-"
89.161.206.59 - - [28/Apr/2025:04:05:18 +0200] "GET /Jurek/kobi/feeds/kobi_amazonfr.xml HTTP/1.0" 200 677221 "-" "-"
89.161.206.59 - - [28/Apr/2025:04:05:18 +0200] "GET /Jurek/kobi/feeds/kobi_amazonbe.xml HTTP/1.0" 200 677177 "-" "-"
89.161.206.59 - - [28/Apr/2025:04:05:18 +0200] "GET /Jurek/aiofactory/feeds/aiofactory_amazones.xml HTTP/1.0" 200 2123773 "-" "-"
89.161.206.59 - - [28/Apr/2025:04:05:18 +0200] "GET /Jurek/aiofactory/feeds/aiofactory_amazonfr.xml HTTP/1.0" 200 2123765 "-" "-"
89.161.206.59 - - [28/Apr/2025:04:05:18 +0200] "GET /Jurek/aiofactory/feeds/aiofactory_amazonit.xml HTTP/1.0" 200 2123764 "-" "-"
89.161.206.59 - - [28/Apr/2025:04:05:18 +0200] "GET /Jurek/aiofactory/feeds/aiofactory_amazonnl.xml HTTP/1.0" 200 2123766 "-" "-"
89.161.206.59 - - [28/Apr/2025:04:05:19 +0200] "GET /Jurek/aiofactory/feeds/aiofactory_amazonde.xml HTTP/1.0" 200 2123793 "-" "-"
89.161.206.59 - - [28/Apr/2025:04:05:19 +0200] "GET /Jurek/hurtmeblowy/feeds/hurtmeblowy_amazonde.xml HTTP/1.0" 200 7524289 "-" "-"
89.161.206.59 - - [28/Apr/2025:04:05:20 +0200] "GET /Jurek/rosfix/feeds/rosfix_amazonde.xml HTTP/1.0" 200 34055383 "-" "-"
89.161.206.59 - - [28/Apr/2025:04:05:23 +0200] "GET /Jurek/kamar/feeds/kamar_amazonde.xml HTTP/1.0" 200 25549315 "-" "-"
89.161.206.59 - - [28/Apr/2025:04:05:25 +0200] "GET /Jurek/avenido/feeds/avenido_amazonde.xml HTTP/1.0" 200 720102 "-" "-"
89.161.206.59 - - [28/Apr/2025:04:05:29 +0200] "GET /Jurek/drewdon/feeds/drewdon_amazonde.xml HTTP/1.0" 200 504444 "-" "-"
89.161.206.59 - - [28/Apr/2025:04:05:29 +0200] "GET /Jurek/snibbs/feeds/snibbs_amazonde.xml HTTP/1.0" 200 74399 "-" "-"
89.161.206.59 - - [28/Apr/2025:04:05:29 +0200] "GET /Jurek/sebmart/feeds/sebmart_amazonde.xml HTTP/1.0" 200 1598675 "-" "-"
66.249.64.166 - - [28/Apr/2025:04:05:34 +0200] "GET /Jurek/eurofirany/images/390450/8.jpg HTTP/1.1" 200 241304 "-" "Googlebot-Image/1.0"
207.46.13.124 - - [28/Apr/2025:04:05:39 +0200] "GET /Jurek/eurofirany/images/463589/0.jpg HTTP/2.0" 200 0 "-" "Mozilla/5.0 AppleWebKit/537.36 (KHTML, like Gecko; compatible; bingbot/2.0; +http://www.bing.com/bingbot.htm) Chrome/116.0.1938.76 Safari/537.36"
185.6.76.166 - - [28/Apr/2025:04:06:10 +0200] "GET /Jurek/eurofirany/images/419760/0.jpg HTTP/1.1" 200 6595 "-" "Skroutz ImageBot v1"
185.6.76.166 - - [28/Apr/2025:04:06:10 +0200] "GET /Jurek/eurofirany/images/419761/0.jpg HTTP/1.1" 200 6595 "-" "Skroutz ImageBot v1"
185.6.76.166 - - [28/Apr/2025:04:06:10 +0200] "GET /Jurek/eurofirany/images/419800/0.jpg HTTP/1.1" 200 6595 "-" "Skroutz ImageBot v1"
185.6.76.166 - - [28/Apr/2025:04:06:15 +0200] "GET /Jurek/eurofirany/images/419498/0.jpg HTTP/1.1" 200 6595 "-" "Skroutz ImageBot v1"
46.101.116.244 - - [28/Apr/2025:04:06:19 +0200] "GET /Jurek/aw/feeds/aw_fnacfr.xml HTTP/1.0" 404 3551 "-" "-"
185.6.76.166 - - [28/Apr/2025:04:07:18 +0200] "GET /Jurek/topeshop/downloaded_images/5904507209469_pROFILOWEMARINAkASZ.jpg HTTP/1.1" 404 3551 "-" "Skroutz ImageBot v1"
185.6.76.166 - - [28/Apr/2025:04:07:20 +0200] "GET /Jurek/topeshop/downloaded_images/5902838469316_1.jpg HTTP/1.1" 404 3551 "-" "Skroutz ImageBot v1"
185.6.76.166 - - [28/Apr/2025:04:07:20 +0200] "GET /Jurek/topeshop/downloaded_images/5904507209391_profilowe.jpg HTTP/1.1" 404 3551 "-" "Skroutz ImageBot v1"
185.6.76.166 - - [28/Apr/2025:04:07:20 +0200] "GET /Jurek/topeshop/downloaded_images/5904507209445_modern1p-slim20st.jpg HTTP/1.1" 404 3551 "-" "Skroutz ImageBot v1"
185.6.76.166 - - [28/Apr/2025:04:07:25 +0200] "GET /Jurek/topeshop/downloaded_images/5902838461761_brylki_.RGB_color.0002.png HTTP/1.1" 404 3551 "-" "Skroutz ImageBot v1"
66.249.64.167 - - [28/Apr/2025:04:07:50 +0200] "GET /Jurek/topeshop/downloaded_images/5904507202408_sonoma_20_st.jpg HTTP/1.1" 200 45680 "-" "Googlebot-Image/1.0"
46.101.116.244 - - [28/Apr/2025:04:08:24 +0200] "GET /Jurek/activeshop/feeds/activeshop_mallsish.xml HTTP/2.0" 200 10329781 "-" "-"
89.161.206.59 - - [28/Apr/2025:04:08:25 +0200] "GET /Jurek/snibbs/feeds/snibbs_skroutz.xml HTTP/1.0" 200 74399 "-" "-"
66.249.64.165 - - [28/Apr/2025:04:09:45 +0200] "GET /Jurek/eurofirany/images/383348/1.jpg HTTP/1.1" 200 73776 "-" "Googlebot-Image/1.0"
89.161.206.59 - - [28/Apr/2025:04:10:48 +0200] "GET /Jurek/andex/feeds/andex_skr.xml HTTP/1.0" 200 933047 "-" "-"
89.161.206.59 - - [28/Apr/2025:04:10:57 +0200] "GET /Jurek/proadventure/feeds/proadventure_skr.xml HTTP/1.0" 200 10762269 "-" "-"
89.161.206.59 - - [28/Apr/2025:04:10:59 +0200] "GET /Jurek/rems/feeds/rems_skr.xml HTTP/1.0" 200 8706232 "-" "-"
89.161.206.59 - - [28/Apr/2025:04:11:02 +0200] "GET /Jurek/bloomglow/feeds/bloomglow_skr.xml HTTP/1.0" 200 11671320 "-" "-"
46.101.116.244 - - [28/Apr/2025:04:11:03 +0200] "GET /Jurek/aw/feeds/aw_fnacfr.xml HTTP/1.0" 404 3551 "-" "-"
46.101.116.244 - - [28/Apr/2025:04:11:28 +0200] "GET /Jurek/hurtownia_przemyslowa/feeds/hp_mallsish.xml HTTP/2.0" 200 49362100 "-" "-"
46.101.116.244 - - [28/Apr/2025:04:12:00 +0200] "GET /Jurek/action/feeds/action_mallsish.xml HTTP/2.0" 200 59853254 "-" "-"
66.249.64.167 - - [28/Apr/2025:04:12:31 +0200] "GET /Jurek/eurofirany/images/422324/4.jpg HTTP/1.1" 200 72941 "-" "Googlebot-Image/1.0"
5.134.208.158 - - [28/Apr/2025:04:13:18 +0200] "GET /Jurek/eurofirany/images/463905/0.jpg HTTP/1.1" 206 256 "https://www.ceneo.pl" "Mozilla/5.0 (Windows NT 10.0; Win64; x64) AppleWebKit/537.36 (KHTML, like Gecko) Chrome/87.0.4280.141 Safari/537.36"
46.101.116.244 - - [28/Apr/2025:04:14:06 +0200] "GET /Jurek/beliani/feeds/beliani_si_mallsi.xml HTTP/2.0" 200 30923563 "-" "-"
185.6.76.166 - - [28/Apr/2025:04:14:16 +0200] "GET /Jurek/eurofirany/images/432282/0.jpg HTTP/1.1" 200 6625 "-" "Skroutz ImageBot v1"
46.101.116.244 - - [28/Apr/2025:04:14:44 +0200] "GET /Jurek/rovicky/feeds/rovicky_mallsish.xml HTTP/2.0" 200 14847447 "-" "-"
46.101.116.244 - - [28/Apr/2025:04:14:55 +0200] "GET /Jurek/detian/feeds/detian_mallsish.xml HTTP/2.0" 404 3551 "-" "-"
46.101.116.244 - - [28/Apr/2025:04:15:05 +0200] "GET /Jurek/ikonka/feeds/ikonka_mallsish.xml HTTP/2.0" 200 20882083 "-" "-"
46.101.116.244 - - [28/Apr/2025:04:15:18 +0200] "GET /Jurek/candellux/feeds/candellux_mallsish.xml HTTP/2.0" 200 465720 "-" "-"
46.101.116.244 - - [28/Apr/2025:04:15:29 +0200] "GET /Jurek/andex/feeds/andex_mallslsh.xml HTTP/2.0" 200 1953413 "-" "-"
89.161.206.59 - - [28/Apr/2025:04:15:35 +0200] "GET /Jurek/bass/feeds/bass_amazones.xml HTTP/1.0" 200 3965073 "-" "-"
89.161.206.59 - - [28/Apr/2025:04:15:35 +0200] "GET /Jurek/bass/feeds/bass_amazonse.xml HTTP/1.0" 200 3966737 "-" "-"
46.101.116.244 - - [28/Apr/2025:04:15:40 +0200] "GET /Jurek/chemex/feeds/chemex_mallsish.xml HTTP/2.0" 200 47809880 "-" "-"
89.161.206.59 - - [28/Apr/2025:04:15:47 +0200] "GET /Jurek/kambukka/feeds/kambukka_amazonfr.xml HTTP/1.0" 200 1023842 "-" "-"
89.161.206.59 - - [28/Apr/2025:04:15:47 +0200] "GET /Jurek/kambukka/feeds/kambukka_amazonit.xml HTTP/1.0" 200 1023696 "-" "-"
89.161.206.59 - - [28/Apr/2025:04:15:47 +0200] "GET /Jurek/kambukka/feeds/kambukka_amazones.xml HTTP/1.0" 200 1023838 "-" "-"
89.161.206.59 - - [28/Apr/2025:04:15:47 +0200] "GET /Jurek/kambukka/feeds/kambukka_amazonnl.xml HTTP/1.0" 200 1023679 "-" "-"
89.161.206.59 - - [28/Apr/2025:04:15:47 +0200] "GET /Jurek/kambukka/feeds/kambukka_amazonse.xml HTTP/1.0" 200 1023965 "-" "-"
89.161.206.59 - - [28/Apr/2025:04:15:48 +0200] "GET /Jurek/hdwr/feeds/hdwr_amazonse.xml HTTP/1.0" 200 789668 "-" "-"
46.101.116.244 - - [28/Apr/2025:04:15:54 +0200] "GET /Jurek/aw/feeds/awnarzedzia_mallsish.xml HTTP/2.0" 200 90588212 "-" "-"
89.161.206.59 - - [28/Apr/2025:04:16:01 +0200] "GET /Jurek/sportprise/feeds/sportprise_amazonde.xml HTTP/1.0" 200 11782316 "-" "-"
89.161.206.59 - - [28/Apr/2025:04:16:02 +0200] "GET /Jurek/nexus/feeds/nexus_amazonde.xml HTTP/1.0" 200 226629 "-" "-"
46.101.116.244 - - [28/Apr/2025:04:16:06 +0200] "GET /Jurek/aw/feeds/aw_fnacfr.xml HTTP/1.0" 404 3551 "-" "-"
46.101.116.244 - - [28/Apr/2025:04:17:18 +0200] "GET /Jurek/barbecook/feeds/barbecook_mallslsh.xml HTTP/2.0" 200 87532 "-" "-"
46.101.116.244 - - [28/Apr/2025:04:17:28 +0200] "GET /Jurek/duka/feeds/duka_mallslsh.xml HTTP/2.0" 200 57 "-" "-"
46.101.116.244 - - [28/Apr/2025:04:17:39 +0200] "GET /Jurek/miloohome/feeds/miloohome_mallsish.xml HTTP/2.0" 200 1421025 "-" "-"
46.101.116.244 - - [28/Apr/2025:04:17:49 +0200] "GET /Jurek/stema/feeds/stema_mallslsh.xml HTTP/2.0" 200 883173 "-" "-"
46.101.116.244 - - [28/Apr/2025:04:18:00 +0200] "GET /Jurek/fernity/feeds/fernity_mallslsh.xml HTTP/2.0" 200 4804208 "-" "-"
46.101.116.244 - - [28/Apr/2025:04:18:24 +0200] "GET /Jurek/kinghoff/feeds/kinghoff_mallslsh.xml HTTP/2.0" 200 15540142 "-" "-"
66.249.64.166 - - [28/Apr/2025:04:18:40 +0200] "GET /Jurek/eurofirany/images/367110/5.jpg HTTP/1.1" 200 112085 "-" "Googlebot-Image/1.0"
46.101.116.244 - - [28/Apr/2025:04:18:42 +0200] "GET /Jurek/kinghome/feeds/kinghome_mallslsh.xml HTTP/2.0" 200 6077042 "-" "-"
46.101.116.244 - - [28/Apr/2025:04:18:53 +0200] "GET /Jurek/vivaldi/feeds/vivaldi_Mall-slsh.xml HTTP/2.0" 200 344658 "-" "-"
46.101.116.244 - - [28/Apr/2025:04:19:03 +0200] "GET /Jurek/eurofirany/feeds/eurofirany_mall_si_shumee.xml HTTP/2.0" 200 19045895 "-" "-"
66.249.64.166 - - [28/Apr/2025:04:20:25 +0200] "GET /Jurek/eurofirany/images/397728/2.jpg HTTP/1.1" 200 139363 "-" "Googlebot-Image/1.0"
46.101.116.244 - - [28/Apr/2025:04:21:00 +0200] "GET /Jurek/aw/feeds/aw_fnacfr.xml HTTP/1.0" 404 3551 "-" "-"
89.161.206.59 - - [28/Apr/2025:04:21:20 +0200] "GET /Jurek/eroplace/feeds/eroplace_emagro.xml HTTP/1.0" 200 52149897 "-" "-"
89.161.206.59 - - [28/Apr/2025:04:21:37 +0200] "GET /Jurek/madrex/feeds/madrex_emagro.xml HTTP/1.0" 200 466705 "-" "-"
89.161.206.59 - - [28/Apr/2025:04:21:43 +0200] "GET /Jurek/sternhoff/feeds/sternhoff_emagro.xml HTTP/1.0" 200 1775478 "-" "-"
89.161.206.59 - - [28/Apr/2025:04:21:49 +0200] "GET /Jurek/globaldeli/feeds/globaldeli_emagro.xml HTTP/1.0" 200 2590918 "-" "-"
89.161.206.59 - - [28/Apr/2025:04:22:01 +0200] "GET /Jurek/hlo/feeds/hlo_emagro.xml HTTP/1.0" 200 4838786 "-" "-"
89.161.206.59 - - [28/Apr/2025:04:22:03 +0200] "GET /Jurek/snibbs/feeds/snibbs_emagro.xml HTTP/1.0" 200 74411 "-" "-"
89.161.206.59 - - [28/Apr/2025:04:22:05 +0200] "GET /Jurek/winoszarnia/feeds/winoszarnia_emagro.xml HTTP/1.0" 200 6064855 "-" "-"
89.161.206.59 - - [28/Apr/2025:04:22:06 +0200] "GET /Jurek/luxma/feeds/luxma_emagro.xml HTTP/1.0" 200 8059054 "-" "-"
89.161.206.59 - - [28/Apr/2025:04:22:07 +0200] "GET /Jurek/coppotech/feeds/coppotech_emagro.xml HTTP/1.0" 200 38055775 "-" "-"
66.249.64.165 - - [28/Apr/2025:04:22:11 +0200] "GET /Jurek/topeshop/downloaded_images/5904507201883_MIJASBIURKOBRY%C5%81KAANTRACYTPRAWEFRONTZM.jpg HTTP/1.1" 404 3551 "-" "Googlebot-Image/1.0"
89.161.206.59 - - [28/Apr/2025:04:22:11 +0200] "GET /Jurek/zenga/feeds/zenga_emagro.xml HTTP/1.0" 200 222863 "-" "-"
89.161.206.59 - - [28/Apr/2025:04:22:12 +0200] "GET /Jurek/livinhill/feeds/livinhill_emagro.xml HTTP/1.0" 200 167752 "-" "-"
89.161.206.59 - - [28/Apr/2025:04:22:16 +0200] "GET /Jurek/oknobest/feeds/oknobest_emagro.xml HTTP/1.0" 200 2708580 "-" "-"
89.161.206.59 - - [28/Apr/2025:04:22:21 +0200] "GET /Jurek/equalo/feeds/equalo_emagro.xml HTTP/1.0" 200 98026 "-" "-"
89.161.206.59 - - [28/Apr/2025:04:22:22 +0200] "GET /Jurek/omi/feeds/omi_emagro.xml HTTP/1.0" 200 8106512 "-" "-"
89.161.206.59 - - [28/Apr/2025:04:22:23 +0200] "GET /Jurek/cenoman/feeds/cenoman_emagro.xml HTTP/1.0" 200 5993707 "-" "-"
89.161.206.59 - - [28/Apr/2025:04:22:23 +0200] "GET /Jurek/purewear/feeds/purewear_emagro.xml HTTP/1.0" 200 13354899 "-" "-"
89.161.206.59 - - [28/Apr/2025:04:22:24 +0200] "GET /Jurek/newtechele/feeds/newtechele_emagro.xml HTTP/1.0" 200 2438706 "-" "-"
89.161.206.59 - - [28/Apr/2025:04:22:24 +0200] "GET /Jurek/lampart/feeds/lampart_emagro.xml HTTP/1.0" 200 936223 "-" "-"
89.161.206.59 - - [28/Apr/2025:04:22:25 +0200] "GET /Jurek/sebmart/feeds/sebmart_emagro.xml HTTP/1.0" 200 1599146 "-" "-"
89.161.206.59 - - [28/Apr/2025:04:22:26 +0200] "GET /Jurek/tsjerzy/feeds/tsjerzy_emagro.xml HTTP/1.0" 200 3899999 "-" "-"
89.161.206.59 - - [28/Apr/2025:04:22:26 +0200] "GET /Jurek/carbonyway/feeds/carbonyway_emagro.xml HTTP/1.0" 200 3076330 "-" "-"
89.161.206.59 - - [28/Apr/2025:04:22:27 +0200] "GET /Jurek/kamar/feeds/kamar_emagro.xml HTTP/1.0" 200 25555368 "-" "-"
89.161.206.59 - - [28/Apr/2025:04:22:27 +0200] "GET /Jurek/avenido/feeds/avenido_emagro.xml HTTP/1.0" 200 720153 "-" "-"
89.161.206.59 - - [28/Apr/2025:04:22:27 +0200] "GET /Jurek/filmal/feeds/filmal_emagro.xml HTTP/1.0" 200 139308 "-" "-"
89.161.206.59 - - [28/Apr/2025:04:22:28 +0200] "GET /Jurek/fertes/feeds/fertes_emagro.xml HTTP/1.0" 200 2362246 "-" "-"
89.161.206.59 - - [28/Apr/2025:04:22:29 +0200] "GET /Jurek/beautycare/feeds/beautycare_emagro.xml HTTP/1.0" 200 1181593 "-" "-"
89.161.206.59 - - [28/Apr/2025:04:22:29 +0200] "GET /Jurek/zenex/feeds/zenex_emagro.xml HTTP/1.0" 200 540564 "-" "-"
89.161.206.59 - - [28/Apr/2025:04:22:32 +0200] "GET /Jurek/jakdroz/feeds/jakdroz_emagro.xml HTTP/1.0" 200 4090798 "-" "-"
89.161.206.59 - - [28/Apr/2025:04:22:33 +0200] "GET /Jurek/riko/feeds/riko_emagro.xml HTTP/1.0" 200 3786614 "-" "-"
89.161.206.59 - - [28/Apr/2025:04:22:33 +0200] "GET /Jurek/andex/feeds/andex_emagro.xml HTTP/1.0" 200 1953942 "-" "-"
89.161.206.59 - - [28/Apr/2025:04:22:33 +0200] "GET /Jurek/gandalf/feeds/gandalf_emagro.xml HTTP/1.0" 200 1082588 "-" "-"
89.161.206.59 - - [28/Apr/2025:04:22:34 +0200] "GET /Jurek/kalama/feeds/kalama_emagro.xml HTTP/1.0" 200 2662123 "-" "-"
89.161.206.59 - - [28/Apr/2025:04:22:35 +0200] "GET /Jurek/missionair/feeds/missionair_emagro.xml HTTP/1.0" 200 3155113 "-" "-"
89.161.206.59 - - [28/Apr/2025:04:22:35 +0200] "GET /Jurek/bemipol/feeds/bemipol_emagro.xml HTTP/1.0" 200 423671 "-" "-"
89.161.206.59 - - [28/Apr/2025:04:22:35 +0200] "GET /Jurek/sovapl/feeds/sovapl_emagro.xml HTTP/1.0" 200 9003042 "-" "-"
89.161.206.59 - - [28/Apr/2025:04:22:36 +0200] "GET /Jurek/apresto/feeds/apresto_emagro.xml HTTP/1.0" 200 1327826 "-" "-"
89.161.206.59 - - [28/Apr/2025:04:22:37 +0200] "GET /Jurek/mechdecor/feeds/mechdecor_emagro.xml HTTP/1.0" 200 596302 "-" "-"
89.161.206.59 - - [28/Apr/2025:04:22:37 +0200] "GET /Jurek/mojeledy/feeds/mojeledy_emagro.xml HTTP/1.0" 200 1018635 "-" "-"
89.161.206.59 - - [28/Apr/2025:04:22:37 +0200] "GET /Jurek/zami/feeds/zami_emagro.xml HTTP/1.0" 200 4475862 "-" "-"
46.101.116.244 - - [28/Apr/2025:04:22:38 +0200] "GET /Jurek/unimet/feeds/unimet_mallsish.xml HTTP/2.0" 200 61150212 "-" "-"
89.161.206.59 - - [28/Apr/2025:04:22:41 +0200] "GET /Jurek/proadventure/feeds/proadventure_emag.xml HTTP/1.0" 200 10765360 "-" "-"
89.161.206.59 - - [28/Apr/2025:04:22:43 +0200] "GET /Jurek/rems/feeds/rems_emag.xml HTTP/1.0" 200 8706609 "-" "-"
66.249.64.165 - - [28/Apr/2025:04:23:04 +0200] "GET /Jurek/eurofirany/images/397112/4.jpg HTTP/1.1" 200 261697 "-" "Googlebot-Image/1.0"
66.249.64.165 - - [28/Apr/2025:04:23:56 +0200] "GET /Jurek/topeshop/downloaded_images/5904507200084_MIJASBIURKOBRY%C5%81KABIELPRAWEFRONTOT.jpg HTTP/1.1" 404 3551 "-" "Googlebot-Image/1.0"
46.101.116.244 - - [28/Apr/2025:04:24:00 +0200] "GET /Jurek/flhf/feeds/flhf_mallsish.xml HTTP/2.0" 404 3551 "-" "-"
185.6.76.166 - - [28/Apr/2025:04:24:15 +0200] "GET /Jurek/eurofirany/images/410909/0.jpg HTTP/1.1" 200 147219 "-" "Skroutz ImageBot v1"
185.6.76.166 - - [28/Apr/2025:04:24:17 +0200] "GET /Jurek/eurofirany/images/419764/0.jpg HTTP/1.1" 200 6595 "-" "Skroutz ImageBot v1"
46.101.116.244 - - [28/Apr/2025:04:25:26 +0200] "GET /Jurek/vidaSI/feeds/vidaSI_mallsh.xml HTTP/2.0" 200 668968687 "-" "-"
89.161.206.59 - - [28/Apr/2025:04:25:45 +0200] "GET /Jurek/kinghoff/feeds/kinghoff_amazon_de.xml HTTP/1.0" 200 15540056 "-" "-"
89.161.206.59 - - [28/Apr/2025:04:25:45 +0200] "GET /Jurek/bass/feeds/bass_amazonde.xml HTTP/1.0" 200 3964920 "-" "-"
46.101.116.244 - - [28/Apr/2025:04:26:04 +0200] "GET /Jurek/aw/feeds/aw_fnacfr.xml HTTP/1.0" 404 3551 "-" "-"
66.249.64.165 - - [28/Apr/2025:04:26:15 +0200] "GET /Jurek/topeshop/downloaded_images/5904507200176_MIJASBIURKOBRY%C5%81KASONOMAPRAWEBOKZM.jpg HTTP/1.1" 404 3551 "-" "Googlebot-Image/1.0"
66.249.64.166 - - [28/Apr/2025:04:26:41 +0200] "GET /Jurek/topeshop/downloaded_images/5904507200084_MIJASBIURKOBRY%C5%81KABIELPRAWEFRONTZM.jpg HTTP/1.1" 404 3551 "-" "Googlebot-Image/1.0"
5.134.208.158 - - [28/Apr/2025:04:27:37 +0200] "GET /Jurek/eurofirany/images/377875/0.jpg HTTP/1.1" 206 256 "https://www.ceneo.pl" "Mozilla/5.0 (Windows NT 10.0; Win64; x64) AppleWebKit/537.36 (KHTML, like Gecko) Chrome/87.0.4280.141 Safari/537.36"
66.249.64.167 - - [28/Apr/2025:04:28:20 +0200] "GET /Jurek/eurofirany/images/397112/6.jpg HTTP/1.1" 200 118707 "-" "Googlebot-Image/1.0"
185.6.76.167 - - [28/Apr/2025:04:29:04 +0200] "GET /Jurek/topeshop/downloaded_images/5904507209452_isoczarne(4).jpg HTTP/1.1" 404 3551 "-" "Skroutz ImageBot v1"
66.249.64.167 - - [28/Apr/2025:04:29:12 +0200] "GET /Jurek/eurofirany/images/380294/3.jpg HTTP/1.1" 200 66112 "-" "Googlebot-Image/1.0"
66.249.64.166 - - [28/Apr/2025:04:30:05 +0200] "GET /Jurek/eurofirany/images/438701/7.jpg HTTP/1.1" 200 33 "-" "Googlebot-Image/1.0"
46.101.116.244 - - [28/Apr/2025:04:31:01 +0200] "GET /Jurek/aw/feeds/aw_fnacfr.xml HTTP/1.0" 404 3551 "-" "-"
66.249.64.166 - - [28/Apr/2025:04:32:43 +0200] "GET /Jurek/eurofirany/images/383470/6.jpg HTTP/1.1" 200 62529 "-" "Googlebot-Image/1.0"
66.249.64.166 - - [28/Apr/2025:04:34:29 +0200] "GET /Jurek/eurofirany/images/383363/1.jpg HTTP/1.1" 200 52388 "-" "Googlebot-Image/1.0"
66.249.64.165 - - [28/Apr/2025:04:35:22 +0200] "GET /Jurek/topeshop/downloaded_images/5904507202002_BILBAO4P__ARTISAN(1).jpg HTTP/1.1" 404 3551 "-" "Googlebot-Image/1.0"
46.101.116.244 - - [28/Apr/2025:04:35:24 +0200] "GET /Jurek/eurofirany/feeds/eurofirany_empik.xml HTTP/1.0" 200 19047239 "-" "-"
66.249.64.166 - - [28/Apr/2025:04:35:51 +0200] "GET /Jurek/topeshop/downloaded_images/5904507200299_SD-50artisan20008orgina%C5%82(25).png HTTP/1.1" 404 3551 "-" "Googlebot-Image/1.0"
66.249.64.165 - - [28/Apr/2025:04:35:54 +0200] "GET /Jurek/topeshop/downloaded_images/5904507200299_SD-50artisan20008orgina%C5%82(26).png HTTP/1.1" 404 3551 "-" "Googlebot-Image/1.0"
66.249.64.166 - - [28/Apr/2025:04:36:14 +0200] "GET /Jurek/eurofirany/images/357380/4.jpg HTTP/1.1" 200 219831 "-" "Googlebot-Image/1.0"
52.209.168.113 - - [28/Apr/2025:04:37:14 +0200] "GET /marketplaces/worten2/results/worten.csv HTTP/1.1" 200 147217 "-" "Mirakl HttpClient"
66.249.64.166 - - [28/Apr/2025:04:37:59 +0200] "GET /Jurek/topeshop/downloaded_images/5902838463338_ar1_sonoma.jpg HTTP/1.1" 200 142087 "-" "Googlebot-Image/1.0"
46.101.116.244 - - [28/Apr/2025:04:38:02 +0200] "GET /Jurek/chemex/feeds/chemex_empik.xml HTTP/1.0" 200 47822490 "-" "-"
66.249.64.166 - - [28/Apr/2025:04:38:31 +0200] "GET /Jurek/topeshop/downloaded_images/5904507207472_20st_mijas_prawy_open_niebieski.png HTTP/1.1" 404 3551 "-" "Googlebot-Image/1.0"
66.249.64.165 - - [28/Apr/2025:04:38:35 +0200] "GET /Jurek/topeshop/downloaded_images/5904507207472_Front_mijas_Prawy_niebieski.png HTTP/1.1" 404 3551 "-" "Googlebot-Image/1.0"
66.249.64.165 - - [28/Apr/2025:04:38:53 +0200] "GET /Jurek/topeshop/downloaded_images/5904507202002_BILBAO_4P1_3_.png HTTP/1.1" 200 810253 "-" "Googlebot-Image/1.0"
66.249.64.165 - - [28/Apr/2025:04:40:50 +0200] "GET /Jurek/eurofirany/images/398813/8.jpg HTTP/1.1" 200 93071 "-" "Googlebot-Image/1.0"
46.101.116.244 - - [28/Apr/2025:04:40:56 +0200] "GET /Jurek/aw/feeds/aw_fnacfr.xml HTTP/1.0" 404 3551 "-" "-"
66.249.64.165 - - [28/Apr/2025:04:41:41 +0200] "GET /Jurek/eurofirany/images/383470/5.jpg HTTP/1.1" 200 92804 "-" "Googlebot-Image/1.0"
40.77.167.67 - - [28/Apr/2025:04:41:51 +0200] "GET / HTTP/2.0" 200 1559 "-" "Mozilla/5.0 AppleWebKit/537.36 (KHTML, like Gecko; compatible; bingbot/2.0; +http://www.bing.com/bingbot.htm) Chrome/116.0.1938.76 Safari/537.36"
66.249.64.165 - - [28/Apr/2025:04:42:32 +0200] "GET /Jurek/eurofirany/images/383470/3.jpg HTTP/1.1" 200 43995 "-" "Googlebot-Image/1.0"
66.249.64.167 - - [28/Apr/2025:04:44:08 +0200] "GET /Jurek/topeshop/downloaded_images/5902838464359_KUBABIURKOBIEL2OT.png HTTP/1.1" 404 3551 "-" "Googlebot-Image/1.0"
66.249.64.165 - - [28/Apr/2025:04:45:28 +0200] "GET /Jurek/eurofirany/images/423214/0.jpg HTTP/1.1" 200 0 "-" "Googlebot-Image/1.0"
66.249.64.166 - - [28/Apr/2025:04:45:30 +0200] "GET /Jurek/eurofirany/images/423213/0.jpg HTTP/1.1" 200 0 "-" "Googlebot-Image/1.0"
66.249.64.165 - - [28/Apr/2025:04:45:34 +0200] "GET /Jurek/eurofirany/images/423211/0.jpg HTTP/1.1" 200 0 "-" "Googlebot-Image/1.0"
66.249.64.165 - - [28/Apr/2025:04:45:38 +0200] "GET /Jurek/eurofirany/images/423209/0.jpg HTTP/1.1" 200 0 "-" "Googlebot-Image/1.0"
66.249.64.165 - - [28/Apr/2025:04:45:55 +0200] "GET /Jurek/topeshop/downloaded_images/5904507202002_BILBAO_4P_2_3.png HTTP/1.1" 200 1269265 "-" "Googlebot-Image/1.0"
46.101.116.244 - - [28/Apr/2025:04:45:59 +0200] "GET /Jurek/aw/feeds/aw_fnacfr.xml HTTP/1.0" 404 3551 "-" "-"
66.249.64.165 - - [28/Apr/2025:04:46:43 +0200] "GET /Jurek/eurofirany/images/423214/3.jpg HTTP/1.1" 200 0 "-" "Googlebot-Image/1.0"
66.249.64.165 - - [28/Apr/2025:04:46:44 +0200] "GET /Jurek/eurofirany/images/423214/2.jpg HTTP/1.1" 200 0 "-" "Googlebot-Image/1.0"
66.249.64.165 - - [28/Apr/2025:04:46:45 +0200] "GET /Jurek/eurofirany/images/423214/4.jpg HTTP/1.1" 200 0 "-" "Googlebot-Image/1.0"
66.249.64.165 - - [28/Apr/2025:04:46:55 +0200] "GET /Jurek/eurofirany/images/423214/1.jpg HTTP/1.1" 200 0 "-" "Googlebot-Image/1.0"
89.161.206.59 - - [28/Apr/2025:04:47:09 +0200] "GET /Jurek/carbonyway/feeds/carbonyway_amazonde.xml HTTP/1.0" 200 3075966 "-" "-"
89.161.206.59 - - [28/Apr/2025:04:47:10 +0200] "GET /Jurek/reman/feeds/reman_amazonde.xml HTTP/1.0" 200 1394826 "-" "-"
66.249.64.165 - - [28/Apr/2025:04:47:19 +0200] "GET /Jurek/eurofirany/images/423209/2.jpg HTTP/1.1" 200 0 "-" "Googlebot-Image/1.0"
66.249.64.165 - - [28/Apr/2025:04:47:22 +0200] "GET /Jurek/eurofirany/images/423209/3.jpg HTTP/1.1" 200 0 "-" "Googlebot-Image/1.0"
66.249.64.165 - - [28/Apr/2025:04:47:25 +0200] "GET /Jurek/eurofirany/images/423213/3.jpg HTTP/1.1" 200 0 "-" "Googlebot-Image/1.0"
66.249.64.165 - - [28/Apr/2025:04:47:28 +0200] "GET /Jurek/eurofirany/images/423213/2.jpg HTTP/1.1" 200 0 "-" "Googlebot-Image/1.0"
66.249.64.165 - - [28/Apr/2025:04:47:33 +0200] "GET /Jurek/eurofirany/images/423211/3.jpg HTTP/1.1" 200 0 "-" "Googlebot-Image/1.0"
66.249.64.165 - - [28/Apr/2025:04:47:34 +0200] "GET /Jurek/eurofirany/images/423211/2.jpg HTTP/1.1" 200 0 "-" "Googlebot-Image/1.0"
66.249.64.165 - - [28/Apr/2025:04:49:17 +0200] "GET /Jurek/topeshop/downloaded_images/5902838465974_ROmana_bry%C5%82y_front0002.jpg HTTP/1.1" 404 3551 "-" "Googlebot-Image/1.0"
89.161.206.59 - - [28/Apr/2025:04:50:14 +0200] "GET /Jurek/stiv/feeds/stiv_cdsc.xml HTTP/1.0" 200 1348054 "-" "-"
89.161.206.59 - - [28/Apr/2025:04:50:15 +0200] "GET /Jurek/takapara/feeds/takapara_cdsc.xml HTTP/1.0" 200 1398466 "-" "-"
89.161.206.59 - - [28/Apr/2025:04:50:15 +0200] "GET /Jurek/hanex/feeds/hanex_cdsc.xml HTTP/1.0" 200 7027184 "-" "-"
66.249.64.167 - - [28/Apr/2025:04:50:18 +0200] "GET /Jurek/eurofirany/images/390441/2.jpg HTTP/1.1" 200 319787 "-" "Googlebot-Image/1.0"
46.101.116.244 - - [28/Apr/2025:04:51:07 +0200] "GET /Jurek/aw/feeds/aw_fnacfr.xml HTTP/1.0" 404 3551 "-" "-"
66.249.64.165 - - [28/Apr/2025:04:51:10 +0200] "GET /Jurek/topeshop/downloaded_images/5904507202392_Modern2P_Biel(1).jpg HTTP/1.1" 404 3551 "-" "Googlebot-Image/1.0"
66.249.64.166 - - [28/Apr/2025:04:52:03 +0200] "GET /Jurek/eurofirany/images/404489/4.jpg HTTP/1.1" 200 6595 "-" "Googlebot-Image/1.0"
89.161.206.59 - - [28/Apr/2025:04:52:36 +0200] "GET /Jurek/kambukka/feeds/kambukka_emagro.xml HTTP/1.0" 200 1023789 "-" "-"
89.161.206.59 - - [28/Apr/2025:04:52:36 +0200] "GET /Jurek/amzteam/feeds/amzteam_emagro.xml HTTP/1.0" 200 97895 "-" "-"
89.161.206.59 - - [28/Apr/2025:04:52:36 +0200] "GET /Jurek/benetech/feeds/benetech_emagro.xml HTTP/1.0" 200 4165711 "-" "-"
89.161.206.59 - - [28/Apr/2025:04:52:36 +0200] "GET /Jurek/sempler/feeds/sempler_emagro.xml HTTP/1.0" 200 6788450 "-" "-"
89.161.206.59 - - [28/Apr/2025:04:52:36 +0200] "GET /Jurek/kinghoff/feeds/kinghoff_emagro.xml HTTP/1.0" 200 15542284 "-" "-"
89.161.206.59 - - [28/Apr/2025:04:52:42 +0200] "GET /Jurek/antiodor/feeds/antiodor_emagro.xml HTTP/1.0" 200 137853 "-" "-"
89.161.206.59 - - [28/Apr/2025:04:53:23 +0200] "GET /Jurek/aiofactory/feeds/aiofactory_emagro.xml HTTP/1.0" 200 2124037 "-" "-"
89.161.206.59 - - [28/Apr/2025:04:53:23 +0200] "GET /Jurek/maksik/feeds/maksik_emagro.xml HTTP/1.0" 200 4085144 "-" "-"
89.161.206.59 - - [28/Apr/2025:04:53:24 +0200] "GET /Jurek/roger/feeds/roger_emagro.xml HTTP/1.0" 200 1396756 "-" "-"
89.161.206.59 - - [28/Apr/2025:04:53:24 +0200] "GET /Jurek/nexus/feeds/nexus_emagro.xml HTTP/1.0" 200 226697 "-" "-"
66.249.64.167 - - [28/Apr/2025:04:53:48 +0200] "GET /Jurek/eurofirany/images/45587/3.jpg HTTP/1.1" 200 152783 "-" "Googlebot-Image/1.0"
185.6.76.166 - - [28/Apr/2025:04:56:14 +0200] "GET /Jurek/topeshop/downloaded_images/5902838461594_brylki_.RGB_color.0006.png HTTP/1.1" 200 31761 "-" "Skroutz ImageBot v1"
89.161.206.59 - - [28/Apr/2025:04:56:23 +0200] "GET /Jurek/asortymenteu/feeds/asortymenteu_skroutz_great.xml HTTP/1.0" 200 2766412 "-" "-"
66.249.64.165 - - [28/Apr/2025:04:58:12 +0200] "GET /Jurek/eurofirany/images/378441/5.jpg HTTP/1.1" 200 169610 "-" "Googlebot-Image/1.0"
66.249.64.165 - - [28/Apr/2025:04:59:57 +0200] "GET /Jurek/eurofirany/images/378441/6.jpg HTTP/1.1" 200 104546 "-" "Googlebot-Image/1.0"
164.92.232.189 - - [28/Apr/2025:05:00:01 +0200] "GET /subskrypcje/AMD/feeds/amd_cz.xml HTTP/1.1" 200 518486 "-" "-"
164.92.232.189 - - [28/Apr/2025:05:00:11 +0200] "GET /subskrypcje/AMD/feeds/amd_sk.xml HTTP/1.1" 200 528562 "-" "-"
164.92.232.189 - - [28/Apr/2025:05:00:12 +0200] "GET /subskrypcje/OverHorse/overhorse_mallcz.xml HTTP/1.1" 200 112935 "-" "-"
164.92.232.189 - - [28/Apr/2025:05:00:22 +0200] "GET /subskrypcje/mondex/feeds/mondex_mall_cz.xml HTTP/1.1" 200 2203515 "-" "-"
89.161.206.59 - - [28/Apr/2025:05:00:23 +0200] "GET /Jurek/swiatecznygoliat/feeds/swiatecznygoliat_skroutz.xml HTTP/1.0" 200 6878501 "-" "-"
52.209.168.113 - - [28/Apr/2025:05:00:36 +0200] "GET /marketplaces/ubaldi/results/ubaldi.csv HTTP/1.1" 200 147219 "-" "Mirakl HttpClient"
46.101.116.244 - - [28/Apr/2025:05:00:59 +0200] "GET /Jurek/aw/feeds/aw_fnacfr.xml HTTP/1.0" 404 3551 "-" "-"
35.204.39.32 - - [28/Apr/2025:05:01:07 +0200] "GET /marketplaces/vente/results/vente_nl.csv HTTP/1.1" 200 147219 "-" "Mirakl HttpClient"
35.204.39.32 - - [28/Apr/2025:05:01:08 +0200] "GET /marketplaces/vente/results/vente_fr.csv HTTP/1.1" 200 163603 "-" "Mirakl HttpClient"
35.204.39.32 - - [28/Apr/2025:05:01:08 +0200] "GET /marketplaces/vente/results/vente_be.csv HTTP/1.1" 200 147219 "-" "Mirakl HttpClient"
35.204.39.32 - - [28/Apr/2025:05:01:08 +0200] "GET /marketplaces/vente/results/vente_it.csv HTTP/1.1" 200 130835 "-" "Mirakl HttpClient"
35.204.39.32 - - [28/Apr/2025:05:01:08 +0200] "GET /marketplaces/vente/results/vente_es.csv HTTP/1.1" 200 147219 "-" "Mirakl HttpClient"
35.204.39.32 - - [28/Apr/2025:05:01:08 +0200] "GET /marketplaces/vente/results/vente_de.csv HTTP/1.1" 200 130835 "-" "Mirakl HttpClient"
88.220.33.218 - - [28/Apr/2025:05:01:35 +0200] "GET /Jurek/vida_morele/feeds/VidaPL_all.xml HTTP/2.0" 200 750822031 "-" "MarketplaceAPI curl/7.64.0 PHP/8"
52.18.22.0 - - [28/Apr/2025:05:01:52 +0200] "GET /marketplaces/rue/results/rue.csv HTTP/1.1" 200 147219 "-" "Mirakl HttpClient"
88.220.33.218 - - [28/Apr/2025:05:02:09 +0200] "GET /Jurek/kinghoff/feeds/kinghoff_morele.xml HTTP/2.0" 200 15540908 "-" "MarketplaceAPI curl/7.64.0 PHP/8"
66.249.64.167 - - [28/Apr/2025:05:02:35 +0200] "GET /Jurek/eurofirany/images/383336/8.jpg HTTP/1.1" 200 37188 "-" "Googlebot-Image/1.0"
88.220.33.218 - - [28/Apr/2025:05:03:28 +0200] "GET /Jurek/eurofirany/feeds/eurofirany_morele.xml HTTP/2.0" 200 19047462 "-" "MarketplaceAPI curl/7.64.0 PHP/8"
66.249.64.167 - - [28/Apr/2025:05:03:28 +0200] "GET /Jurek/topeshop/downloaded_images/5902838463338_Dallas_Sonoma(4).jpg HTTP/1.1" 404 3551 "-" "Googlebot-Image/1.0"
88.220.33.218 - - [28/Apr/2025:05:03:34 +0200] "GET /Jurek/vivaldi/feeds/vivaldi_Morele-PL.xml HTTP/2.0" 200 344674 "-" "MarketplaceAPI curl/7.64.0 PHP/8"
52.17.80.36 - - [28/Apr/2025:05:03:38 +0200] "GET /marketplaces/carrefour/results/carrefour.csv HTTP/1.1" 200 147221 "-" "Mirakl HttpClient"
89.161.206.59 - - [28/Apr/2025:05:03:51 +0200] "GET /Jurek/waks/feeds/waks_skroutz.xml HTTP/1.0" 200 1596552 "-" "-"
89.161.206.59 - - [28/Apr/2025:05:03:58 +0200] "GET /Jurek/equalo/feeds/equalo_amazonde.xml HTTP/1.0" 200 98009 "-" "-"
89.161.206.59 - - [28/Apr/2025:05:03:59 +0200] "GET /Jurek/regis/feeds/regis_amazonde.xml HTTP/1.0" 200 228508 "-" "-"
89.161.206.59 - - [28/Apr/2025:05:03:59 +0200] "GET /Jurek/cdata/feeds/cdata_amazonde.xml HTTP/1.0" 200 1445139 "-" "-"
89.161.206.59 - - [28/Apr/2025:05:04:00 +0200] "GET /Jurek/alucon/feeds/alucon_amazonde.xml HTTP/1.0" 200 553569 "-" "-"
89.161.206.59 - - [28/Apr/2025:05:04:00 +0200] "GET /Jurek/riko/feeds/riko_amazonde.xml HTTP/1.0" 200 3785046 "-" "-"
89.161.206.59 - - [28/Apr/2025:05:04:01 +0200] "GET /Jurek/narzbud/feeds/narzbud_amazonde.xml HTTP/1.0" 200 1901239 "-" "-"
89.161.206.59 - - [28/Apr/2025:05:04:06 +0200] "GET /Jurek/eroplace/feeds/eroplace_skroutz.xml HTTP/1.0" 200 51201410 "-" "-"
66.249.64.165 - - [28/Apr/2025:05:04:21 +0200] "GET /Jurek/eurofirany/images/390030/8.jpg HTTP/1.1" 200 6595 "-" "Googlebot-Image/1.0"
88.220.33.218 - - [28/Apr/2025:05:04:45 +0200] "GET /Jurek/aw/feeds/awnarzedzia_morele.xml HTTP/2.0" 200 90598914 "-" "MarketplaceAPI curl/7.64.0 PHP/8"
89.161.206.59 - - [28/Apr/2025:05:04:55 +0200] "GET /Jurek/fertone/feeds/fertone_skroutz.xml HTTP/1.0" 200 578898 "-" "-"
88.220.33.218 - - [28/Apr/2025:05:05:13 +0200] "GET /Jurek/beliani/feeds/beliani_morele.xml HTTP/2.0" 200 30955025 "-" "MarketplaceAPI curl/7.64.0 PHP/8"
89.161.206.59 - - [28/Apr/2025:05:05:16 +0200] "GET /Jurek/ekuchcikowo/feeds/ekuchcikowo_skroutz.xml HTTP/1.0" 200 12414629 "-" "-"
20.71.215.11 - - [28/Apr/2025:05:05:24 +0200] "GET /Jurek/altex_all/feeds/altex.xml HTTP/2.0" 200 872936 "-" "Mozilla/5.0 (Windows; U; Windows NT 5.1; en-US; rv:1.8.1.13) Gecko/20080311 Firefox/2.0.0.13"
46.101.116.244 - - [28/Apr/2025:05:05:27 +0200] "GET /Jurek/intsell/feeds/intsell_skroutz.xml HTTP/1.0" 200 269821694 "-" "-"
89.161.206.59 - - [28/Apr/2025:05:05:55 +0200] "GET /Jurek/madrex/feeds/madrex_skroutz.xml HTTP/1.0" 200 466720 "-" "-"
89.161.206.59 - - [28/Apr/2025:05:05:55 +0200] "GET /Jurek/luxma/feeds/luxma_skroutz.xml HTTP/1.0" 200 4419686 "-" "-"
89.161.206.59 - - [28/Apr/2025:05:05:57 +0200] "GET /Jurek/zepnij/feeds/zepnij_skroutz.xml HTTP/1.0" 200 19522544 "-" "-"
89.161.206.59 - - [28/Apr/2025:05:06:01 +0200] "GET /Jurek/emaja24/feeds/emaja24_skroutz.xml HTTP/1.0" 200 5102072 "-" "-"
46.101.116.244 - - [28/Apr/2025:05:06:04 +0200] "GET /Jurek/aw/feeds/aw_fnacfr.xml HTTP/1.0" 404 3551 "-" "-"
66.249.64.166 - - [28/Apr/2025:05:06:06 +0200] "GET /Jurek/eurofirany/images/357380/1.jpg HTTP/1.1" 200 68724 "-" "Googlebot-Image/1.0"
88.220.33.218 - - [28/Apr/2025:05:06:34 +0200] "GET /Jurek/vida_morele/feeds/VidaPL_morele.xml HTTP/2.0" 200 750822338 "-" "MarketplaceAPI curl/7.64.0 PHP/8"
89.161.206.59 - - [28/Apr/2025:05:06:55 +0200] "GET /Jurek/lampart/feeds/lampart_bol.xml HTTP/1.0" 200 936051 "-" "-"
89.161.206.59 - - [28/Apr/2025:05:06:55 +0200] "GET /Jurek/drops/feeds/dropsofficecolection_bol.xml HTTP/1.0" 200 790782 "-" "-"
89.161.206.59 - - [28/Apr/2025:05:06:56 +0200] "GET /Jurek/bloomglow/feeds/bloomglow_bol.xml HTTP/1.0" 200 14095386 "-" "-"
66.249.64.166 - - [28/Apr/2025:05:06:59 +0200] "GET /Jurek/eurofirany/images/371528/5.jpg HTTP/1.1" 200 187142 "-" "Googlebot-Image/1.0"
89.161.206.59 - - [28/Apr/2025:05:07:00 +0200] "GET /Jurek/dekornatort/feeds/dekornatort_bol.xml HTTP/1.0" 200 225742 "-" "-"
89.161.206.59 - - [28/Apr/2025:05:07:00 +0200] "GET /Jurek/rovato/feeds/rovato_bol.xml HTTP/1.0" 200 180834 "-" "-"
89.161.206.59 - - [28/Apr/2025:05:07:33 +0200] "GET /Jurek/muminky/feeds/muminky_skroutz.xml HTTP/1.0" 200 2270313 "-" "-"
89.161.206.59 - - [28/Apr/2025:05:07:33 +0200] "GET /Jurek/pupus/feeds/pupus_skroutz.xml HTTP/1.0" 200 882495 "-" "-"
89.161.206.59 - - [28/Apr/2025:05:07:39 +0200] "GET /Jurek/porzwkablach/feeds/porzwkablach_emag.xml HTTP/1.0" 200 1200384 "-" "-"
89.161.206.59 - - [28/Apr/2025:05:07:39 +0200] "GET /Jurek/galopibhp/feeds/galopibhp_emagro.xml HTTP/1.0" 200 1973689 "-" "-"
89.161.206.59 - - [28/Apr/2025:05:07:40 +0200] "GET /Jurek/techrebal/feeds/techrebal_emagro.xml HTTP/1.0" 200 1989825 "-" "-"
89.161.206.59 - - [28/Apr/2025:05:07:40 +0200] "GET /Jurek/kristronik/feeds/kristronik_emagro.xml HTTP/1.0" 200 692087 "-" "-"
89.161.206.59 - - [28/Apr/2025:05:07:40 +0200] "GET /Jurek/techrebalina/feeds/techrebalina_emagro.xml HTTP/1.0" 200 2011283 "-" "-"
89.161.206.59 - - [28/Apr/2025:05:07:46 +0200] "GET /Jurek/hlo/feeds/hlo_skroutz.xml HTTP/1.0" 200 4831033 "-" "-"
89.161.206.59 - - [28/Apr/2025:05:08:08 +0200] "GET /Jurek/hanex/feeds/hanex_skroutz.xml HTTP/1.0" 200 13931533 "-" "-"
89.161.206.59 - - [28/Apr/2025:05:08:26 +0200] "GET /Jurek/rovato/feeds/rovato_skroutz.xml HTTP/1.0" 200 99166 "-" "-"
66.249.64.167 - - [28/Apr/2025:05:08:44 +0200] "GET /Jurek/topeshop/downloaded_images/5902838463338_Dallas_Sonoma(1).jpg HTTP/1.1" 404 3551 "-" "Googlebot-Image/1.0"
185.6.76.18 - - [28/Apr/2025:05:08:53 +0200] "GET /marketplaces/skroutz/feeds/shumee.xml HTTP/1.1" 200 413990392 "-" "SkroutzBot v1.0"
89.161.206.59 - - [28/Apr/2025:05:08:53 +0200] "GET /Jurek/smxdesign/feeds/smxdesign_skroutz.xml HTTP/1.0" 200 1829041 "-" "-"
89.161.206.59 - - [28/Apr/2025:05:08:54 +0200] "GET /Jurek/proparts/feeds/proparts_skroutz.xml HTTP/1.0" 200 707498 "-" "-"
89.161.206.59 - - [28/Apr/2025:05:08:59 +0200] "GET /Jurek/kristronik/feeds/kristronik_skroutz.xml HTTP/1.0" 200 691968 "-" "-"
89.161.206.59 - - [28/Apr/2025:05:08:59 +0200] "GET /Jurek/beltimore/feeds/beltimore_skroutz.xml HTTP/1.0" 200 18651669 "-" "-"
89.161.206.59 - - [28/Apr/2025:05:09:00 +0200] "GET /Jurek/galopibhp/feeds/galopibhp_skroutz.xml HTTP/1.0" 200 1852200 "-" "-"
89.161.206.59 - - [28/Apr/2025:05:09:01 +0200] "GET /Jurek/techrebalina/feeds/techrebalina_skroutz.xml HTTP/1.0" 200 2011213 "-" "-"
89.161.206.59 - - [28/Apr/2025:05:09:01 +0200] "GET /Jurek/techrebal/feeds/techrebal_skroutz.xml HTTP/1.0" 200 1969172 "-" "-"
89.161.206.59 - - [28/Apr/2025:05:09:43 +0200] "GET /Jurek/purewear/feeds/purewear_skroutz.xml HTTP/1.0" 200 13349933 "-" "-"
89.161.206.59 - - [28/Apr/2025:05:10:18 +0200] "GET /Jurek/gandalf/feeds/gandalf_skr.xml HTTP/1.0" 200 1082270 "-" "-"
89.161.206.59 - - [28/Apr/2025:05:10:31 +0200] "GET /Jurek/zami/feeds/zami_skr.xml HTTP/1.0" 200 4472736 "-" "-"
89.161.206.59 - - [28/Apr/2025:05:10:36 +0200] "GET /Jurek/topeshop/feeds/topeshop_ebayDE.xml HTTP/1.0" 200 2046911 "-" "-"
207.46.13.124 - - [28/Apr/2025:05:10:37 +0200] "GET /Jurek/topeshop/downloaded_images/5902838464199_Opal_garderoba_biel.jpg HTTP/2.0" 404 3551 "-" "Mozilla/5.0 AppleWebKit/537.36 (KHTML, like Gecko; compatible; bingbot/2.0; +http://www.bing.com/bingbot.htm) Chrome/116.0.1938.76 Safari/537.36"
46.101.116.244 - - [28/Apr/2025:05:10:53 +0200] "GET /Jurek/aw/feeds/aw_fnacfr.xml HTTP/1.0" 404 3551 "-" "-"
89.161.206.59 - - [28/Apr/2025:05:10:56 +0200] "GET /Jurek/aiofactory/feeds/aiofactory_cdsc.xml HTTP/1.0" 200 1192811 "-" "-"
89.161.206.59 - - [28/Apr/2025:05:10:56 +0200] "GET /Jurek/kobi/feeds/kobi_cdsc.xml HTTP/1.0" 200 544117 "-" "-"
89.161.206.59 - - [28/Apr/2025:05:10:56 +0200] "GET /Jurek/hurtmeblowy/feeds/hurtmeblowy_cdsc.xml HTTP/1.0" 200 5248231 "-" "-"
89.161.206.59 - - [28/Apr/2025:05:10:57 +0200] "GET /Jurek/maksik/feeds/maksik_cdsc.xml HTTP/1.0" 200 2927423 "-" "-"
89.161.206.59 - - [28/Apr/2025:05:10:57 +0200] "GET /Jurek/matkam/feeds/matkam_cdsc.xml HTTP/1.0" 200 2760560 "-" "-"
89.161.206.59 - - [28/Apr/2025:05:10:58 +0200] "GET /Jurek/beltimore/feeds/beltimore_cdsc.xml HTTP/1.0" 200 11135875 "-" "-"
89.161.206.59 - - [28/Apr/2025:05:10:58 +0200] "GET /Jurek/benetech/feeds/benetech_cdsc.xml HTTP/1.0" 200 2361833 "-" "-"
89.161.206.59 - - [28/Apr/2025:05:10:59 +0200] "GET /Jurek/pawonik/feeds/pawonik_cdsc.xml HTTP/1.0" 200 1382093 "-" "-"
89.161.206.59 - - [28/Apr/2025:05:10:59 +0200] "GET /Jurek/hdwr/feeds/hdwr_cdsc.xml HTTP/1.0" 200 745703 "-" "-"
89.161.206.59 - - [28/Apr/2025:05:10:59 +0200] "GET /Jurek/drops/feeds/dropsofficecolection_cdsc.xml HTTP/1.0" 200 784414 "-" "-"
89.161.206.59 - - [28/Apr/2025:05:10:59 +0200] "GET /Jurek/szpaklampy/feeds/szpaklampy_cdsc.xml HTTP/1.0" 200 395810 "-" "-"
89.161.206.59 - - [28/Apr/2025:05:10:59 +0200] "GET /Jurek/sartrix/feeds/sartrix_cdsc.xml HTTP/1.0" 200 867497 "-" "-"
89.161.206.59 - - [28/Apr/2025:05:10:59 +0200] "GET /Jurek/reman/feeds/reman_cdsc.xml HTTP/1.0" 200 400876 "-" "-"
89.161.206.59 - - [28/Apr/2025:05:11:00 +0200] "GET /Jurek/eurofirany/feeds/eurofirany_cdiscount.xml HTTP/1.0" 200 22680086 "-" "-"
89.161.206.59 - - [28/Apr/2025:05:11:02 +0200] "GET /Jurek/drewdon/feeds/drewdon_cdsc.xml HTTP/1.0" 200 483673 "-" "-"
89.161.206.59 - - [28/Apr/2025:05:11:02 +0200] "GET /Jurek/dekoele/feeds/dekoele_cdsc.xml HTTP/1.0" 200 478903 "-" "-"
89.161.206.59 - - [28/Apr/2025:05:11:04 +0200] "GET /Jurek/zenex/feeds/zenex_cdsc.xml HTTP/1.0" 200 540155 "-" "-"
89.161.206.59 - - [28/Apr/2025:05:11:04 +0200] "GET /Jurek/avenido/feeds/avenido_cdsc.xml HTTP/1.0" 200 449219 "-" "-"
46.101.116.244 - - [28/Apr/2025:05:11:09 +0200] "GET /Jurek/kinghoff/feeds/kinghoff_ceneo.xml HTTP/1.0" 200 15541082 "-" "-"
46.101.116.244 - - [28/Apr/2025:05:11:11 +0200] "GET /Jurek/barbecook/feeds/barbecook_allegro.xml HTTP/1.0" 200 87554 "-" "-"
46.101.116.244 - - [28/Apr/2025:05:11:15 +0200] "GET /Jurek/vida_morele/feeds/vidaPL_velomarket_category0.xml HTTP/1.0" 200 146536188 "-" "-"
66.249.64.167 - - [28/Apr/2025:05:13:42 +0200] "GET /Jurek/eurofirany/images/383470/4.jpg HTTP/1.1" 200 224291 "-" "Googlebot-Image/1.0"
46.101.116.244 - - [28/Apr/2025:05:16:15 +0200] "GET /Jurek/aw/feeds/aw_fnacfr.xml HTTP/1.0" 404 3551 "-" "-"
66.249.64.166 - - [28/Apr/2025:05:16:38 +0200] "GET /Jurek/eurofirany/images/383348/7.jpg HTTP/1.1" 200 64895 "-" "Googlebot-Image/1.0"
66.249.64.165 - - [28/Apr/2025:05:17:32 +0200] "GET /Jurek/eurofirany/images/389924/4.jpg HTTP/1.1" 200 210889 "-" "Googlebot-Image/1.0"
66.249.64.166 - - [28/Apr/2025:05:18:24 +0200] "GET /Jurek/eurofirany/images/390450/7.jpg HTTP/1.1" 200 6595 "-" "Googlebot-Image/1.0"
89.161.206.59 - - [28/Apr/2025:05:20:02 +0200] "GET /Jurek/pawonik/feeds/pawonik_emagro.xml HTTP/1.0" 200 2138591 "-" "-"
89.161.206.59 - - [28/Apr/2025:05:20:03 +0200] "GET /Jurek/slayo/feeds/slayo_emagro.xml HTTP/1.0" 200 183628 "-" "-"
89.161.206.59 - - [28/Apr/2025:05:20:04 +0200] "GET /Jurek/mosti/feeds/mosti_emagro.xml HTTP/1.0" 200 4628104 "-" "-"
89.161.206.59 - - [28/Apr/2025:05:20:06 +0200] "GET /Jurek/targethome/feeds/targethome_emagro.xml HTTP/1.0" 200 688683 "-" "-"
66.249.64.166 - - [28/Apr/2025:05:20:09 +0200] "GET /Jurek/topeshop/downloaded_images/5904507202392_Modern2P_Biel(5).jpg HTTP/1.1" 404 3551 "-" "Googlebot-Image/1.0"
89.161.206.59 - - [28/Apr/2025:05:20:10 +0200] "GET /Jurek/ikonka/feeds/ikonka_emagro.xml HTTP/1.0" 200 20883245 "-" "-"
89.161.206.59 - - [28/Apr/2025:05:20:10 +0200] "GET /Jurek/eurofirany/feeds/eurofirany_emagro.xml HTTP/1.0" 200 19056504 "-" "-"
89.161.206.59 - - [28/Apr/2025:05:20:11 +0200] "GET /Jurek/bass/feeds/bass_emagro.xml HTTP/1.0" 200 3966105 "-" "-"
89.161.206.59 - - [28/Apr/2025:05:20:12 +0200] "GET /Jurek/b3/feeds/b3_emagro.xml HTTP/1.0" 200 8069475 "-" "-"
89.161.206.59 - - [28/Apr/2025:05:20:12 +0200] "GET /Jurek/hurtmeblowy/feeds/hurtmeblowy_emagro.xml HTTP/1.0" 200 8516296 "-" "-"
89.161.206.59 - - [28/Apr/2025:05:20:13 +0200] "GET /Jurek/ralmetal/feeds/ralmetal_emag.xml HTTP/1.0" 200 1787426 "-" "-"
89.161.206.59 - - [28/Apr/2025:05:20:13 +0200] "GET /Jurek/oromed/feeds/oromed_emagro.xml HTTP/1.0" 200 1092188 "-" "-"
89.161.206.59 - - [28/Apr/2025:05:20:15 +0200] "GET /Jurek/ekolight/feeds/ekolioght_emagro.xml HTTP/1.0" 200 9055304 "-" "-"
89.161.206.59 - - [28/Apr/2025:05:20:16 +0200] "GET /Jurek/narzbud/feeds/narzbud_emagro.xml HTTP/1.0" 200 1901336 "-" "-"
89.161.206.59 - - [28/Apr/2025:05:20:17 +0200] "GET /Jurek/drops/feeds/dropsofficecolection_emagro.xml HTTP/1.0" 200 790762 "-" "-"
89.161.206.59 - - [28/Apr/2025:05:20:17 +0200] "GET /Jurek/swiatecznygoliat/feeds/swiatecznygoliat_emagro.xml HTTP/1.0" 200 7051398 "-" "-"
89.161.206.59 - - [28/Apr/2025:05:20:17 +0200] "GET /Jurek/szpaklampy/feeds/szpaklampy_emagro.xml HTTP/1.0" 200 388343 "-" "-"
89.161.206.59 - - [28/Apr/2025:05:20:18 +0200] "GET /Jurek/spali/feeds/spali_emagro.xml HTTP/1.0" 200 77071 "-" "-"
89.161.206.59 - - [28/Apr/2025:05:20:19 +0200] "GET /Jurek/eldar/feeds/eldar_emagro.xml HTTP/1.0" 200 7337372 "-" "-"
89.161.206.59 - - [28/Apr/2025:05:20:20 +0200] "GET /Jurek/combine/feeds/combine_EMAGRO.xml HTTP/1.0" 200 210573 "-" "-"
89.161.206.59 - - [28/Apr/2025:05:20:20 +0200] "GET /Jurek/velinda/feeds/velinda_emagro.xml HTTP/1.0" 200 23439 "-" "-"
89.161.206.59 - - [28/Apr/2025:05:20:20 +0200] "GET /Jurek/cbdgreen/feeds/cbdgreen_emagro.xml HTTP/1.0" 200 50548 "-" "-"
89.161.206.59 - - [28/Apr/2025:05:20:21 +0200] "GET /Jurek/urwiskowo/feeds/urwiskowo_emagro.xml HTTP/1.0" 200 9116409 "-" "-"
89.161.206.59 - - [28/Apr/2025:05:20:21 +0200] "GET /Jurek/reman/feeds/reman_emagro.xml HTTP/1.0" 200 1394889 "-" "-"
89.161.206.59 - - [28/Apr/2025:05:20:22 +0200] "GET /Jurek/erohurtownia/feeds/erohurtownia_emagro.xml HTTP/1.0" 200 22855808 "-" "-"
89.161.206.59 - - [28/Apr/2025:05:20:24 +0200] "GET /Jurek/qbox/feeds/qbox_emagro.xml HTTP/1.0" 200 398855 "-" "-"
89.161.206.59 - - [28/Apr/2025:05:20:25 +0200] "GET /Jurek/motofan/feeds/motofan_emagro.xml HTTP/1.0" 200 2392192 "-" "-"
89.161.206.59 - - [28/Apr/2025:05:20:25 +0200] "GET /Jurek/ekotex/feeds/ekotex_emagro.xml HTTP/1.0" 200 197970 "-" "-"
89.161.206.59 - - [28/Apr/2025:05:20:27 +0200] "GET /Jurek/sartrix/feeds/sartrix_emagro.xml HTTP/1.0" 200 649226 "-" "-"
