66.135.223.43 - - [22/Apr/2025:03:58:21 +0200] "GET /Jurek/topeshop/downloaded_images/5904507207458_20st_mijas_Lewy_open_zielony.png HTTP/1.1" 404 3551 "http://www.ebay.com/" "Mozilla/4.0 (compatible; MSIE 4.01; Windows NT)"
66.135.223.44 - - [22/Apr/2025:03:58:22 +0200] "GET /Jurek/topeshop/downloaded_images/5904507207458_20st_mijas_lewy_zielonykopia.png HTTP/1.1" 200 259990 "http://www.ebay.com/" "Mozilla/4.0 (compatible; MSIE 4.01; Windows NT)"
51.77.52.107 - - [22/Apr/2025:03:58:29 +0200] "GET /Jurek/eurofirany/images/455810/0.jpg HTTP/2.0" 200 74701 "-" "baselinker"
51.77.52.107 - - [22/Apr/2025:03:58:42 +0200] "GET /Jurek/eurofirany/images/455810/0.jpg HTTP/2.0" 200 74701 "-" "baselinker"
51.77.52.107 - - [22/Apr/2025:03:58:58 +0200] "GET /Jurek/eurofirany/images/455810/0.jpg HTTP/2.0" 200 74701 "-" "baselinker"
66.249.64.167 - - [22/Apr/2025:03:59:09 +0200] "GET /Jurek/eurofirany/images/400180/4.jpg HTTP/1.1" 200 142355 "-" "Googlebot-Image/1.0"
51.77.52.107 - - [22/Apr/2025:03:59:11 +0200] "GET /Jurek/eurofirany/images/457832/0.jpg HTTP/2.0" 200 111162 "-" "baselinker"
51.77.52.107 - - [22/Apr/2025:03:59:16 +0200] "GET /Jurek/eurofirany/images/457832/0.jpg HTTP/2.0" 200 111162 "-" "baselinker"
51.77.52.107 - - [22/Apr/2025:03:59:21 +0200] "GET /Jurek/eurofirany/images/457832/0.jpg HTTP/2.0" 200 111162 "-" "baselinker"
51.77.52.107 - - [22/Apr/2025:03:59:36 +0200] "GET /Jurek/eurofirany/images/457833/0.jpg HTTP/2.0" 200 131111 "-" "baselinker"
51.77.52.107 - - [22/Apr/2025:03:59:51 +0200] "GET /Jurek/eurofirany/images/457833/0.jpg HTTP/2.0" 200 131111 "-" "baselinker"
51.77.52.107 - - [22/Apr/2025:03:59:56 +0200] "GET /Jurek/eurofirany/images/457833/0.jpg HTTP/2.0" 200 131111 "-" "baselinker"
51.77.52.107 - - [22/Apr/2025:04:00:01 +0200] "GET /Jurek/eurofirany/images/458251/0.jpg HTTP/2.0" 200 94922 "-" "baselinker"
51.77.52.107 - - [22/Apr/2025:04:00:16 +0200] "GET /Jurek/eurofirany/images/458251/0.jpg HTTP/2.0" 200 94922 "-" "baselinker"
51.77.52.107 - - [22/Apr/2025:04:00:27 +0200] "GET /Jurek/eurofirany/images/458251/0.jpg HTTP/2.0" 200 94922 "-" "baselinker"
51.77.52.107 - - [22/Apr/2025:04:00:32 +0200] "GET /Jurek/eurofirany/images/458261/0.jpg HTTP/2.0" 200 98587 "-" "baselinker"
52.167.144.166 - - [22/Apr/2025:04:00:35 +0200] "GET /Jurek/eurofirany/images/423211/0.jpg HTTP/2.0" 200 0 "-" "Mozilla/5.0 AppleWebKit/537.36 (KHTML, like Gecko; compatible; bingbot/2.0; +http://www.bing.com/bingbot.htm) Chrome/116.0.1938.76 Safari/537.36"
51.77.52.107 - - [22/Apr/2025:04:00:37 +0200] "GET /Jurek/eurofirany/images/458261/0.jpg HTTP/2.0" 200 98587 "-" "baselinker"
52.167.144.190 - - [22/Apr/2025:04:00:40 +0200] "GET /Jurek/topeshop/downloaded_images/5902838466209_KUBABIURKOBRY%C5%81KASONOMABOKZM.jpg HTTP/2.0" 404 3551 "-" "Mozilla/5.0 AppleWebKit/537.36 (KHTML, like Gecko; compatible; bingbot/2.0; +http://www.bing.com/bingbot.htm) Chrome/116.0.1938.76 Safari/537.36"
52.167.144.190 - - [22/Apr/2025:04:00:40 +0200] "GET /Jurek/topeshop/downloaded_images/5902838466209_KUBABIURKOBRY%C5%81KASONOMABOKZM.jpg HTTP/2.0" 404 3551 "-" "Mozilla/5.0 AppleWebKit/537.36 (KHTML, like Gecko; compatible; bingbot/2.0; +http://www.bing.com/bingbot.htm) Chrome/116.0.1938.76 Safari/537.36"
51.77.52.107 - - [22/Apr/2025:04:00:43 +0200] "GET /Jurek/eurofirany/images/458261/0.jpg HTTP/2.0" 200 98587 "-" "baselinker"
52.167.144.166 - - [22/Apr/2025:04:00:45 +0200] "GET /Jurek/eurofirany/images/423211/0.jpg HTTP/2.0" 200 0 "-" "Mozilla/5.0 AppleWebKit/537.36 (KHTML, like Gecko; compatible; bingbot/2.0; +http://www.bing.com/bingbot.htm) Chrome/116.0.1938.76 Safari/537.36"
66.135.223.43 - - [22/Apr/2025:04:00:46 +0200] "GET /Jurek/eurofirany/images/432025/0.jpg HTTP/1.1" 200 51001 "-" "Java/17.0.13.0.101"
51.77.52.107 - - [22/Apr/2025:04:01:00 +0200] "GET /Jurek/eurofirany/images/458336/0.jpg HTTP/2.0" 200 94119 "-" "baselinker"
51.77.52.107 - - [22/Apr/2025:04:01:15 +0200] "GET /Jurek/eurofirany/images/458336/0.jpg HTTP/2.0" 200 94119 "-" "baselinker"
46.101.116.244 - - [22/Apr/2025:04:01:15 +0200] "GET /Jurek/aw/feeds/aw_fnacfr.xml HTTP/1.0" 404 3551 "-" "-"
66.249.64.165 - - [22/Apr/2025:04:01:18 +0200] "GET /Jurek/eurofirany/images/383862/5.jpg HTTP/1.1" 200 122203 "-" "Googlebot-Image/1.0"
35.204.39.32 - - [22/Apr/2025:04:01:18 +0200] "GET /marketplaces/vente/results/vente_nl.csv HTTP/1.1" 200 2172873 "-" "Mirakl HttpClient"
35.204.39.32 - - [22/Apr/2025:04:01:19 +0200] "GET /marketplaces/vente/results/vente_fr.csv HTTP/1.1" 200 2393731 "-" "Mirakl HttpClient"
35.204.39.32 - - [22/Apr/2025:04:01:19 +0200] "GET /marketplaces/vente/results/vente_be.csv HTTP/1.1" 200 2172842 "-" "Mirakl HttpClient"
35.204.39.32 - - [22/Apr/2025:04:01:20 +0200] "GET /marketplaces/vente/results/vente_it.csv HTTP/1.1" 200 2202444 "-" "Mirakl HttpClient"
51.77.52.107 - - [22/Apr/2025:04:01:20 +0200] "GET /Jurek/eurofirany/images/458336/0.jpg HTTP/2.0" 200 94119 "-" "baselinker"
35.204.39.32 - - [22/Apr/2025:04:01:21 +0200] "GET /marketplaces/vente/results/vente_es.csv HTTP/1.1" 200 2172282 "-" "Mirakl HttpClient"
35.204.39.32 - - [22/Apr/2025:04:01:22 +0200] "GET /marketplaces/vente/results/vente_de.csv HTTP/1.1" 200 2172276 "-" "Mirakl HttpClient"
51.77.52.107 - - [22/Apr/2025:04:01:25 +0200] "GET /Jurek/eurofirany/images/462443/0.jpg HTTP/2.0" 200 157191 "-" "baselinker"
88.220.33.218 - - [22/Apr/2025:04:01:37 +0200] "GET /Jurek/vida_morele/feeds/VidaPL_all.xml HTTP/2.0" 200 726458649 "-" "MarketplaceAPI curl/7.64.0 PHP/8"
51.77.52.107 - - [22/Apr/2025:04:01:39 +0200] "GET /Jurek/eurofirany/images/462443/0.jpg HTTP/2.0" 200 157191 "-" "baselinker"
46.101.116.244 - - [22/Apr/2025:04:01:40 +0200] "GET /Jurek/hurtownia_przemyslowa/feeds/hp_bol.xml HTTP/1.0" 200 49362115 "-" "-"
51.77.52.107 - - [22/Apr/2025:04:01:51 +0200] "GET /Jurek/eurofirany/images/462443/0.jpg HTTP/2.0" 200 157191 "-" "baselinker"
51.77.52.107 - - [22/Apr/2025:04:01:57 +0200] "GET /Jurek/eurofirany/images/462448/0.jpg HTTP/2.0" 200 269748 "-" "baselinker"
51.77.52.107 - - [22/Apr/2025:04:02:05 +0200] "GET /Jurek/eurofirany/images/462448/0.jpg HTTP/2.0" 200 269748 "-" "baselinker"
52.209.168.113 - - [22/Apr/2025:04:02:12 +0200] "GET /marketplaces/rue/results/rue.csv HTTP/1.1" 200 6811257 "-" "Mirakl HttpClient"
89.161.206.59 - - [22/Apr/2025:04:02:15 +0200] "GET /Jurek/hurtmeblowy/feeds/hurtmeblowy_skroutz.xml HTTP/1.0" 200 8514768 "-" "-"
51.77.52.107 - - [22/Apr/2025:04:02:21 +0200] "GET /Jurek/eurofirany/images/462448/0.jpg HTTP/2.0" 200 269748 "-" "baselinker"
88.220.33.218 - - [22/Apr/2025:04:02:26 +0200] "GET /Jurek/kinghoff/feeds/kinghoff_morele.xml HTTP/2.0" 200 15461124 "-" "MarketplaceAPI curl/7.64.0 PHP/8"
51.77.52.107 - - [22/Apr/2025:04:02:35 +0200] "GET /Jurek/eurofirany/images/462462/0.jpg HTTP/2.0" 200 322718 "-" "baselinker"
51.77.52.107 - - [22/Apr/2025:04:02:49 +0200] "GET /Jurek/eurofirany/images/462462/0.jpg HTTP/2.0" 200 322718 "-" "baselinker"
51.77.52.107 - - [22/Apr/2025:04:03:03 +0200] "GET /Jurek/eurofirany/images/462462/0.jpg HTTP/2.0" 200 322718 "-" "baselinker"
89.161.206.59 - - [22/Apr/2025:04:03:09 +0200] "GET /Jurek/oromed/feeds/oromed_skroutz.xml HTTP/1.0" 200 1103031 "-" "-"
89.161.206.59 - - [22/Apr/2025:04:03:10 +0200] "GET /Jurek/ralmetal/feeds/ralmetal_skroutz.xml HTTP/1.0" 200 2039892 "-" "-"
51.77.52.107 - - [22/Apr/2025:04:03:12 +0200] "GET /Jurek/eurofirany/images/462466/0.jpg HTTP/2.0" 200 232652 "-" "baselinker"
51.77.52.107 - - [22/Apr/2025:04:03:19 +0200] "GET /Jurek/eurofirany/images/462466/0.jpg HTTP/2.0" 200 232652 "-" "baselinker"
52.209.168.113 - - [22/Apr/2025:04:03:21 +0200] "GET /marketplaces/carrefour/results/carrefour.csv HTTP/1.1" 200 147221 "-" "Mirakl HttpClient"
89.161.206.59 - - [22/Apr/2025:04:03:31 +0200] "GET /Jurek/galopi/feeds/galopi_skroutz.xml HTTP/1.0" 200 2111098 "-" "-"
89.161.206.59 - - [22/Apr/2025:04:03:32 +0200] "GET /Jurek/spali/feeds/spali_skroutz.xml HTTP/1.0" 200 77058 "-" "-"
216.113.184.103 - - [22/Apr/2025:04:03:32 +0200] "GET /Jurek/topeshop/downloaded_images/5904507201883_MIJASBIURKOBRY%C5%81KAANTRACYTPRAWEBOKZM.jpg HTTP/1.1" 404 3551 "http://www.ebay.com/" "Mozilla/4.0 (compatible; MSIE 4.01; Windows NT)"
216.113.184.101 - - [22/Apr/2025:04:03:32 +0200] "GET /Jurek/topeshop/downloaded_images/5904507201883_MIJASBIURKOANTRACYTPRAWE.png HTTP/1.1" 404 3551 "http://www.ebay.com/" "Mozilla/4.0 (compatible; MSIE 4.01; Windows NT)"
216.113.184.103 - - [22/Apr/2025:04:03:32 +0200] "GET /Jurek/topeshop/downloaded_images/5904507201883_MIJASBIURKOANTRACYTPRAWE.2tif.png HTTP/1.1" 404 3551 "http://www.ebay.com/" "Mozilla/4.0 (compatible; MSIE 4.01; Windows NT)"
216.113.184.105 - - [22/Apr/2025:04:03:32 +0200] "GET /Jurek/topeshop/downloaded_images/5904507201883_MIJASBIURKOBRY%C5%81KAANTRACYTPRAWEFRONTZM.jpg HTTP/1.1" 404 3551 "http://www.ebay.com/" "Mozilla/4.0 (compatible; MSIE 4.01; Windows NT)"
216.113.184.104 - - [22/Apr/2025:04:03:32 +0200] "GET /Jurek/topeshop/downloaded_images/5904507201883_MIJASBIURKOBRY%C5%81KAANTRACYTPRAWEBOKOT.jpg HTTP/1.1" 404 3551 "http://www.ebay.com/" "Mozilla/4.0 (compatible; MSIE 4.01; Windows NT)"
89.161.206.59 - - [22/Apr/2025:04:03:32 +0200] "GET /Jurek/eurofryz/feeds/eurofryz_skroutz.xml HTTP/1.0" 200 1381544 "-" "-"
51.77.52.107 - - [22/Apr/2025:04:03:33 +0200] "GET /Jurek/eurofirany/images/462466/0.jpg HTTP/2.0" 200 232652 "-" "baselinker"
89.161.206.59 - - [22/Apr/2025:04:03:33 +0200] "GET /Jurek/combine/feeds/combine_skroutz.xml HTTP/1.0" 200 210558 "-" "-"
52.18.22.0 - - [22/Apr/2025:04:03:37 +0200] "GET /marketplaces/ubaldi/results/ubaldi.csv HTTP/1.1" 200 3434590 "-" "Mirakl HttpClient"
51.77.52.107 - - [22/Apr/2025:04:03:41 +0200] "GET /Jurek/eurofirany/images/462470/0.jpg HTTP/2.0" 200 249871 "-" "baselinker"
89.161.206.59 - - [22/Apr/2025:04:03:47 +0200] "GET /Jurek/velinda/feeds/velinda_skroutz.xml HTTP/1.0" 200 23447 "-" "-"
89.161.206.59 - - [22/Apr/2025:04:03:53 +0200] "GET /Jurek/erohurtownia/feeds/erohurtownia_skroutz.xml HTTP/1.0" 200 22846354 "-" "-"
89.161.206.59 - - [22/Apr/2025:04:03:56 +0200] "GET /Jurek/reman/feeds/reman_skroutz.xml HTTP/1.0" 200 1394829 "-" "-"
89.161.206.59 - - [22/Apr/2025:04:03:56 +0200] "GET /Jurek/urwiskowo/feeds/urwiskowo_skroutz.xml HTTP/1.0" 200 9114985 "-" "-"
51.77.52.107 - - [22/Apr/2025:04:03:59 +0200] "GET /Jurek/eurofirany/images/462470/0.jpg HTTP/2.0" 200 249871 "-" "baselinker"
51.77.52.107 - - [22/Apr/2025:04:04:07 +0200] "GET /Jurek/eurofirany/images/462470/0.jpg HTTP/2.0" 200 249871 "-" "baselinker"
89.161.206.59 - - [22/Apr/2025:04:04:10 +0200] "GET /Jurek/kobi/feeds/kobi_skroutz.xml HTTP/1.0" 200 1993215 "-" "-"
88.220.33.218 - - [22/Apr/2025:04:04:10 +0200] "GET /Jurek/eurofirany/feeds/eurofirany_morele.xml HTTP/2.0" 200 19072070 "-" "MarketplaceAPI curl/7.64.0 PHP/8"
89.161.206.59 - - [22/Apr/2025:04:04:11 +0200] "GET /Jurek/evil/feeds/evil_skroutz.xml HTTP/1.0" 200 252479 "-" "-"
89.161.206.59 - - [22/Apr/2025:04:04:12 +0200] "GET /Jurek/antiodor/feeds/antiodor_skroutz.xml HTTP/1.0" 200 137853 "-" "-"
89.161.206.59 - - [22/Apr/2025:04:04:12 +0200] "GET /Jurek/sartrix/feeds/sartrix_skroutz.xml HTTP/1.0" 200 649187 "-" "-"
89.161.206.59 - - [22/Apr/2025:04:04:13 +0200] "GET /Jurek/twojsklep/feeds/twojsklep_skroutz.xml HTTP/1.0" 200 126800 "-" "-"
89.161.206.59 - - [22/Apr/2025:04:04:14 +0200] "GET /Jurek/drewdon/feeds/drewdon_skroutz.xml HTTP/1.0" 200 358902 "-" "-"
89.161.206.59 - - [22/Apr/2025:04:04:15 +0200] "GET /Jurek/dekoele/feeds/dekoele_skroutz.xml HTTP/1.0" 200 378802 "-" "-"
89.161.206.59 - - [22/Apr/2025:04:04:15 +0200] "GET /Jurek/primohurt/feeds/primohurt_skroutz.xml HTTP/1.0" 200 17187048 "-" "-"
89.161.206.59 - - [22/Apr/2025:04:04:15 +0200] "GET /Jurek/rider/feeds/rider_skroutz.xml HTTP/1.0" 200 8165220 "-" "-"
89.161.206.59 - - [22/Apr/2025:04:04:16 +0200] "GET /Jurek/expertauto/feeds/expertauto_skroutz.xml HTTP/1.0" 200 1158917 "-" "-"
89.161.206.59 - - [22/Apr/2025:04:04:17 +0200] "GET /Jurek/qbox/feeds/qbox_skroutz.xml HTTP/1.0" 200 398699 "-" "-"
88.220.33.218 - - [22/Apr/2025:04:04:17 +0200] "GET /Jurek/vivaldi/feeds/vivaldi_Morele-PL.xml HTTP/2.0" 200 344674 "-" "MarketplaceAPI curl/7.64.0 PHP/8"
89.161.206.59 - - [22/Apr/2025:04:04:20 +0200] "GET /Jurek/ekotex/feeds/ekotex_skroutz.xml HTTP/1.0" 200 197810 "-" "-"
89.161.206.59 - - [22/Apr/2025:04:04:20 +0200] "GET /Jurek/aiofactory/feeds/aiofactory_skroutz.xml HTTP/1.0" 200 1876516 "-" "-"
89.161.206.59 - - [22/Apr/2025:04:04:21 +0200] "GET /Jurek/motofan/feeds/motofan_skroutz.xml HTTP/1.0" 200 2392151 "-" "-"
89.161.206.59 - - [22/Apr/2025:04:04:21 +0200] "GET /Jurek/elecomp/feeds/elecomp_skroutz.xml HTTP/1.0" 200 2769806 "-" "-"
51.77.52.107 - - [22/Apr/2025:04:04:25 +0200] "GET /Jurek/eurofirany/images/462474/0.jpg HTTP/2.0" 200 208036 "-" "baselinker"
51.77.52.107 - - [22/Apr/2025:04:05:25 +0200] "GET /Jurek/eurofirany/images/462474/0.jpg HTTP/2.0" 200 208036 "-" "baselinker"
51.77.52.107 - - [22/Apr/2025:04:05:33 +0200] "GET /Jurek/eurofirany/images/462474/0.jpg HTTP/2.0" 200 208036 "-" "baselinker"
66.249.64.166 - - [22/Apr/2025:04:05:35 +0200] "GET /Jurek/eurofirany/images/16522/2.jpg HTTP/1.1" 200 6585 "-" "Googlebot-Image/1.0"
88.220.33.218 - - [22/Apr/2025:04:05:37 +0200] "GET /Jurek/aw/feeds/awnarzedzia_morele.xml HTTP/2.0" 200 90531554 "-" "MarketplaceAPI curl/7.64.0 PHP/8"
40.77.167.57 - - [22/Apr/2025:04:05:38 +0200] "GET /Jurek/eurofirany/images/423209/0.jpg HTTP/2.0" 200 0 "-" "Mozilla/5.0 AppleWebKit/537.36 (KHTML, like Gecko; compatible; bingbot/2.0; +http://www.bing.com/bingbot.htm) Chrome/116.0.1938.76 Safari/537.36"
51.77.52.107 - - [22/Apr/2025:04:05:41 +0200] "GET /Jurek/eurofirany/images/462482/0.jpg HTTP/2.0" 200 248015 "-" "baselinker"
52.167.144.166 - - [22/Apr/2025:04:05:46 +0200] "GET /Jurek/topeshop/downloaded_images/5904507200176_MIJASBIURKOBRY%C5%81KASONOMAPRAWEBOKZM.jpg HTTP/2.0" 404 3551 "-" "Mozilla/5.0 AppleWebKit/537.36 (KHTML, like Gecko; compatible; bingbot/2.0; +http://www.bing.com/bingbot.htm) Chrome/116.0.1938.76 Safari/537.36"
89.161.206.59 - - [22/Apr/2025:04:05:52 +0200] "GET /Jurek/wenom/feeds/wenom_emagro.xml HTTP/1.0" 200 583122 "-" "-"
89.161.206.59 - - [22/Apr/2025:04:05:52 +0200] "GET /Jurek/madrex/feeds/madrex_emagro.xml HTTP/1.0" 200 466713 "-" "-"
89.161.206.59 - - [22/Apr/2025:04:05:53 +0200] "GET /Jurek/zepnij/feeds/zepnij_emagro.xml HTTP/1.0" 200 19523697 "-" "-"
51.77.52.107 - - [22/Apr/2025:04:06:00 +0200] "GET /Jurek/eurofirany/images/462482/0.jpg HTTP/2.0" 200 248015 "-" "baselinker"
88.220.33.218 - - [22/Apr/2025:04:06:03 +0200] "GET /Jurek/beliani/feeds/beliani_morele.xml HTTP/2.0" 200 31089650 "-" "MarketplaceAPI curl/7.64.0 PHP/8"
51.77.52.107 - - [22/Apr/2025:04:06:16 +0200] "GET /Jurek/eurofirany/images/462482/0.jpg HTTP/2.0" 200 248015 "-" "baselinker"
89.161.206.59 - - [22/Apr/2025:04:06:16 +0200] "GET /Jurek/sternhoff/feeds/sternhoff_emagro.xml HTTP/1.0" 200 1775469 "-" "-"
51.77.52.107 - - [22/Apr/2025:04:06:20 +0200] "GET /Jurek/eurofirany/images/458037/0.jpg HTTP/2.0" 200 114885 "-" "baselinker"
51.77.52.107 - - [22/Apr/2025:04:06:27 +0200] "GET /Jurek/eurofirany/images/458037/0.jpg HTTP/2.0" 200 114885 "-" "baselinker"
88.220.33.218 - - [22/Apr/2025:04:06:31 +0200] "GET /Jurek/vida_morele/feeds/VidaPL_morele.xml HTTP/2.0" 200 726459454 "-" "MarketplaceAPI curl/7.64.0 PHP/8"
51.77.52.107 - - [22/Apr/2025:04:06:32 +0200] "GET /Jurek/eurofirany/images/458037/0.jpg HTTP/2.0" 200 114885 "-" "baselinker"
89.161.206.59 - - [22/Apr/2025:04:06:42 +0200] "GET /Jurek/hlo/feeds/hlo_emagro.xml HTTP/1.0" 200 4838786 "-" "-"
89.161.206.59 - - [22/Apr/2025:04:06:42 +0200] "GET /Jurek/euroshop/feeds/euroshop_emagro.xml HTTP/1.0" 200 20026568 "-" "-"
89.161.206.59 - - [22/Apr/2025:04:06:44 +0200] "GET /Jurek/polzoo/feeds/polzoo_emagro.xml HTTP/1.0" 200 48128312 "-" "-"
51.77.52.107 - - [22/Apr/2025:04:06:45 +0200] "GET /Jurek/eurofirany/images/458044/0.jpg HTTP/2.0" 200 120278 "-" "baselinker"
89.161.206.59 - - [22/Apr/2025:04:06:46 +0200] "GET /Jurek/luxma/feeds/luxma_emagro.xml HTTP/1.0" 200 8059121 "-" "-"
89.161.206.59 - - [22/Apr/2025:04:06:46 +0200] "GET /Jurek/german/feeds/german_emagro.xml HTTP/1.0" 200 2853961 "-" "-"
89.161.206.59 - - [22/Apr/2025:04:06:47 +0200] "GET /Jurek/oknobest/feeds/oknobest_emagro.xml HTTP/1.0" 200 2708149 "-" "-"
89.161.206.59 - - [22/Apr/2025:04:06:47 +0200] "GET /Jurek/purewear/feeds/purewear_emagro.xml HTTP/1.0" 200 13354572 "-" "-"
89.161.206.59 - - [22/Apr/2025:04:06:48 +0200] "GET /Jurek/beautycare/feeds/beautycare_emagro.xml HTTP/1.0" 200 1181599 "-" "-"
89.161.206.59 - - [22/Apr/2025:04:06:48 +0200] "GET /Jurek/makow/feeds/makow_emagro.xml HTTP/1.0" 200 21205856 "-" "-"
89.161.206.59 - - [22/Apr/2025:04:06:49 +0200] "GET /Jurek/globaldeli/feeds/globaldeli_emagro.xml HTTP/1.0" 200 2590918 "-" "-"
51.77.52.107 - - [22/Apr/2025:04:07:03 +0200] "GET /Jurek/eurofirany/images/458044/0.jpg HTTP/2.0" 200 120278 "-" "baselinker"
51.77.52.107 - - [22/Apr/2025:04:07:16 +0200] "GET /Jurek/eurofirany/images/458044/0.jpg HTTP/2.0" 200 120278 "-" "baselinker"
51.77.52.107 - - [22/Apr/2025:04:07:19 +0200] "GET /Jurek/eurofirany/images/458052/0.jpg HTTP/2.0" 200 114329 "-" "baselinker"
51.77.52.107 - - [22/Apr/2025:04:07:31 +0200] "GET /Jurek/eurofirany/images/458052/0.jpg HTTP/2.0" 200 114329 "-" "baselinker"
51.77.52.107 - - [22/Apr/2025:04:07:38 +0200] "GET /Jurek/eurofirany/images/458052/0.jpg HTTP/2.0" 200 114329 "-" "baselinker"
51.77.52.107 - - [22/Apr/2025:04:07:51 +0200] "GET /Jurek/eurofirany/images/458053/0.jpg HTTP/2.0" 200 102985 "-" "baselinker"
51.77.52.107 - - [22/Apr/2025:04:08:05 +0200] "GET /Jurek/eurofirany/images/458053/0.jpg HTTP/2.0" 200 102985 "-" "baselinker"
51.77.52.107 - - [22/Apr/2025:04:08:19 +0200] "GET /Jurek/eurofirany/images/458053/0.jpg HTTP/2.0" 200 102985 "-" "baselinker"
51.77.52.107 - - [22/Apr/2025:04:08:24 +0200] "GET /Jurek/eurofirany/images/458066/0.jpg HTTP/2.0" 200 102985 "-" "baselinker"
51.77.52.107 - - [22/Apr/2025:04:08:40 +0200] "GET /Jurek/eurofirany/images/458066/0.jpg HTTP/2.0" 200 102985 "-" "baselinker"
51.77.52.107 - - [22/Apr/2025:04:08:53 +0200] "GET /Jurek/eurofirany/images/458066/0.jpg HTTP/2.0" 200 102985 "-" "baselinker"
51.77.52.107 - - [22/Apr/2025:04:09:00 +0200] "GET /Jurek/eurofirany/images/458070/0.jpg HTTP/2.0" 200 120095 "-" "baselinker"
51.77.52.107 - - [22/Apr/2025:04:09:05 +0200] "GET /Jurek/eurofirany/images/458070/0.jpg HTTP/2.0" 200 120095 "-" "baselinker"
51.77.52.107 - - [22/Apr/2025:04:09:20 +0200] "GET /Jurek/eurofirany/images/458070/0.jpg HTTP/2.0" 200 120095 "-" "baselinker"
51.77.52.107 - - [22/Apr/2025:04:09:33 +0200] "GET /Jurek/eurofirany/images/458071/0.jpg HTTP/2.0" 200 120095 "-" "baselinker"
51.77.52.107 - - [22/Apr/2025:04:09:41 +0200] "GET /Jurek/eurofirany/images/458071/0.jpg HTTP/2.0" 200 120095 "-" "baselinker"
51.77.52.107 - - [22/Apr/2025:04:09:51 +0200] "GET /Jurek/eurofirany/images/458071/0.jpg HTTP/2.0" 200 120095 "-" "baselinker"
66.249.64.165 - - [22/Apr/2025:04:09:52 +0200] "GET /Jurek/eurofirany/images/357380/2.jpg HTTP/1.1" 200 40898 "-" "Googlebot-Image/1.0"
5.134.208.158 - - [22/Apr/2025:04:09:57 +0200] "GET /Jurek/eurofirany/images/392126/0.jpg HTTP/1.1" 200 37317 "-" "-"
89.161.206.59 - - [22/Apr/2025:04:10:06 +0200] "GET /Jurek/hurtownia_przemyslowa/feeds/hp_ebayde.xml HTTP/1.0" 200 35620970 "-" "-"
51.77.52.107 - - [22/Apr/2025:04:10:08 +0200] "GET /Jurek/eurofirany/images/458072/0.jpg HTTP/2.0" 200 120095 "-" "baselinker"
51.77.52.107 - - [22/Apr/2025:04:10:22 +0200] "GET /Jurek/eurofirany/images/458072/0.jpg HTTP/2.0" 200 120095 "-" "baselinker"
51.77.52.107 - - [22/Apr/2025:04:10:35 +0200] "GET /Jurek/eurofirany/images/458072/0.jpg HTTP/2.0" 200 120095 "-" "baselinker"
51.77.52.107 - - [22/Apr/2025:04:10:41 +0200] "GET /Jurek/eurofirany/images/458073/0.jpg HTTP/2.0" 200 130920 "-" "baselinker"
51.77.52.107 - - [22/Apr/2025:04:10:47 +0200] "GET /Jurek/eurofirany/images/458073/0.jpg HTTP/2.0" 200 130920 "-" "baselinker"
51.77.52.107 - - [22/Apr/2025:04:10:53 +0200] "GET /Jurek/eurofirany/images/458073/0.jpg HTTP/2.0" 200 130920 "-" "baselinker"
51.77.52.107 - - [22/Apr/2025:04:10:59 +0200] "GET /Jurek/eurofirany/images/458074/0.jpg HTTP/2.0" 200 130920 "-" "baselinker"
51.77.52.107 - - [22/Apr/2025:04:11:05 +0200] "GET /Jurek/eurofirany/images/458074/0.jpg HTTP/2.0" 200 130920 "-" "baselinker"
46.101.116.244 - - [22/Apr/2025:04:11:06 +0200] "GET /Jurek/aw/feeds/aw_fnacfr.xml HTTP/1.0" 404 3551 "-" "-"
51.77.52.107 - - [22/Apr/2025:04:11:14 +0200] "GET /Jurek/eurofirany/images/458074/0.jpg HTTP/2.0" 200 130920 "-" "baselinker"
89.161.206.59 - - [22/Apr/2025:04:11:24 +0200] "GET /Jurek/eurofirany/feeds/eurofirany_ebay.xml HTTP/1.0" 200 18963865 "-" "-"
51.77.52.107 - - [22/Apr/2025:04:11:25 +0200] "GET /Jurek/eurofirany/images/458075/0.jpg HTTP/2.0" 200 130920 "-" "baselinker"
51.77.52.107 - - [22/Apr/2025:04:11:41 +0200] "GET /Jurek/eurofirany/images/458075/0.jpg HTTP/2.0" 200 130920 "-" "baselinker"
66.249.64.165 - - [22/Apr/2025:04:11:42 +0200] "GET /others/vida_to_apilo/vida_to_apilo.py HTTP/1.1" 200 11477 "-" "Mozilla/5.0 (Linux; Android 6.0.1; Nexus 5X Build/MMB29P) AppleWebKit/537.36 (KHTML, like Gecko) Chrome/135.0.7049.95 Mobile Safari/537.36 (compatible; GoogleOther)"
51.77.52.107 - - [22/Apr/2025:04:11:49 +0200] "GET /Jurek/eurofirany/images/458075/0.jpg HTTP/2.0" 200 130920 "-" "baselinker"
51.77.52.107 - - [22/Apr/2025:04:11:55 +0200] "GET /Jurek/eurofirany/images/458076/0.jpg HTTP/2.0" 200 137351 "-" "baselinker"
66.249.64.165 - - [22/Apr/2025:04:12:00 +0200] "GET /Jurek/eurofirany/images/408855/0.jpg HTTP/1.1" 200 126863 "-" "Googlebot-Image/1.0"
185.6.76.166 - - [22/Apr/2025:04:12:19 +0200] "GET /Jurek/eurofirany/images/418658/0.jpg HTTP/1.1" 200 6595 "-" "Skroutz ImageBot v1"
185.6.76.166 - - [22/Apr/2025:04:12:19 +0200] "GET /Jurek/eurofirany/images/432587/0.jpg HTTP/1.1" 200 33 "-" "Skroutz ImageBot v1"
51.77.52.107 - - [22/Apr/2025:04:12:21 +0200] "GET /Jurek/eurofirany/images/458076/0.jpg HTTP/2.0" 200 137351 "-" "baselinker"
51.77.52.107 - - [22/Apr/2025:04:12:35 +0200] "GET /Jurek/eurofirany/images/458076/0.jpg HTTP/2.0" 200 137351 "-" "baselinker"
51.77.52.107 - - [22/Apr/2025:04:12:49 +0200] "GET /Jurek/eurofirany/images/462438/0.jpg HTTP/2.0" 200 135442 "-" "baselinker"
178.21.154.6 - - [22/Apr/2025:04:12:50 +0200] "GET /Jurek/eurofirany/images/458974/0.jpg HTTP/1.1" 200 109153 "-" "-"
51.77.52.107 - - [22/Apr/2025:04:13:03 +0200] "GET /Jurek/eurofirany/images/462438/0.jpg HTTP/2.0" 200 135442 "-" "baselinker"
51.77.52.107 - - [22/Apr/2025:04:13:13 +0200] "GET /Jurek/eurofirany/images/462438/0.jpg HTTP/2.0" 200 135442 "-" "baselinker"
51.77.52.107 - - [22/Apr/2025:04:13:31 +0200] "GET /Jurek/eurofirany/images/462451/0.jpg HTTP/2.0" 200 251422 "-" "baselinker"
51.77.52.107 - - [22/Apr/2025:04:13:47 +0200] "GET /Jurek/eurofirany/images/462451/0.jpg HTTP/2.0" 200 251422 "-" "baselinker"
51.77.52.107 - - [22/Apr/2025:04:13:54 +0200] "GET /Jurek/eurofirany/images/462451/0.jpg HTTP/2.0" 200 251422 "-" "baselinker"
66.249.64.165 - - [22/Apr/2025:04:14:09 +0200] "GET /Jurek/eurofirany/images/400579/2.jpg HTTP/1.1" 200 31619 "-" "Googlebot-Image/1.0"
51.77.52.107 - - [22/Apr/2025:04:14:10 +0200] "GET /Jurek/eurofirany/images/462490/0.jpg HTTP/2.0" 200 312624 "-" "baselinker"
51.77.52.107 - - [22/Apr/2025:04:14:24 +0200] "GET /Jurek/eurofirany/images/462490/0.jpg HTTP/2.0" 200 312624 "-" "baselinker"
185.6.76.166 - - [22/Apr/2025:04:14:30 +0200] "GET /Jurek/eurofirany/images/426270/0.jpg HTTP/1.1" 200 6625 "-" "Skroutz ImageBot v1"
185.6.76.166 - - [22/Apr/2025:04:14:42 +0200] "GET /Jurek/eurofirany/images/428878/0.jpg HTTP/1.1" 200 6625 "-" "Skroutz ImageBot v1"
51.77.52.107 - - [22/Apr/2025:04:14:42 +0200] "GET /Jurek/eurofirany/images/462490/0.jpg HTTP/2.0" 200 312624 "-" "baselinker"
51.77.52.107 - - [22/Apr/2025:04:14:49 +0200] "GET /Jurek/eurofirany/images/462506/0.jpg HTTP/2.0" 200 242063 "-" "baselinker"
51.77.52.107 - - [22/Apr/2025:04:14:56 +0200] "GET /Jurek/eurofirany/images/462506/0.jpg HTTP/2.0" 200 242063 "-" "baselinker"
51.77.52.107 - - [22/Apr/2025:04:15:12 +0200] "GET /Jurek/eurofirany/images/462506/0.jpg HTTP/2.0" 200 242063 "-" "baselinker"
51.77.52.107 - - [22/Apr/2025:04:15:30 +0200] "GET /Jurek/eurofirany/images/457827/0.jpg HTTP/2.0" 200 166320 "-" "baselinker"
51.77.52.107 - - [22/Apr/2025:04:15:34 +0200] "GET /Jurek/eurofirany/images/457827/0.jpg HTTP/2.0" 200 166320 "-" "baselinker"
89.161.206.59 - - [22/Apr/2025:04:15:38 +0200] "GET /Jurek/kinghoff/feeds/kinghoff_emaghu.xml HTTP/1.0" 200 15467764 "-" "-"
157.55.39.51 - - [22/Apr/2025:04:15:40 +0200] "GET /Jurek/topeshop/downloaded_images/5904507201883_MIJASBIURKOBRY%C5%81KAANTRACYTPRAWEBOKZM.jpg HTTP/2.0" 404 3551 "-" "Mozilla/5.0 AppleWebKit/537.36 (KHTML, like Gecko; compatible; bingbot/2.0; +http://www.bing.com/bingbot.htm) Chrome/116.0.1938.76 Safari/537.36"
51.77.52.107 - - [22/Apr/2025:04:15:52 +0200] "GET /Jurek/eurofirany/images/457827/0.jpg HTTP/2.0" 200 166320 "-" "baselinker"
89.161.206.59 - - [22/Apr/2025:04:16:08 +0200] "GET /Jurek/domzapachy/feeds/domzapachy_emagro.xml HTTP/1.0" 200 179806 "-" "-"
51.77.52.107 - - [22/Apr/2025:04:16:09 +0200] "GET /Jurek/eurofirany/images/458047/0.jpg HTTP/2.0" 200 117758 "-" "baselinker"
46.101.116.244 - - [22/Apr/2025:04:16:11 +0200] "GET /Jurek/aw/feeds/aw_fnacfr.xml HTTP/1.0" 404 3551 "-" "-"
51.77.52.107 - - [22/Apr/2025:04:16:16 +0200] "GET /Jurek/eurofirany/images/458047/0.jpg HTTP/2.0" 200 117758 "-" "baselinker"
66.249.64.167 - - [22/Apr/2025:04:16:18 +0200] "GET /Jurek/eurofirany/images/438701/1.jpg HTTP/1.1" 200 70084 "-" "Googlebot-Image/1.0"
89.161.206.59 - - [22/Apr/2025:04:16:26 +0200] "GET /Jurek/pastelnitka/feeds/pastelnitka_zero.xml HTTP/1.0" 200 1827914 "-" "-"
89.161.206.59 - - [22/Apr/2025:04:16:36 +0200] "GET /Jurek/princelh/feeds/princelh_emagro.xml HTTP/1.0" 200 133455 "-" "-"
51.77.52.107 - - [22/Apr/2025:04:16:38 +0200] "GET /Jurek/eurofirany/images/458047/0.jpg HTTP/2.0" 200 117758 "-" "baselinker"
51.77.52.107 - - [22/Apr/2025:04:16:45 +0200] "GET /Jurek/eurofirany/images/458054/0.jpg HTTP/2.0" 200 102985 "-" "baselinker"
51.77.52.107 - - [22/Apr/2025:04:16:50 +0200] "GET /Jurek/eurofirany/images/458054/0.jpg HTTP/2.0" 200 102985 "-" "baselinker"
51.77.52.107 - - [22/Apr/2025:04:16:56 +0200] "GET /Jurek/eurofirany/images/458054/0.jpg HTTP/2.0" 200 102985 "-" "baselinker"
51.77.52.107 - - [22/Apr/2025:04:17:11 +0200] "GET /Jurek/eurofirany/images/458264/0.jpg HTTP/2.0" 200 82215 "-" "baselinker"
185.6.76.166 - - [22/Apr/2025:04:17:13 +0200] "GET /Jurek/eurofirany/images/419761/0.jpg HTTP/1.1" 200 6595 "-" "Skroutz ImageBot v1"
185.6.76.166 - - [22/Apr/2025:04:17:13 +0200] "GET /Jurek/eurofirany/images/419800/0.jpg HTTP/1.1" 200 6595 "-" "Skroutz ImageBot v1"
185.6.76.166 - - [22/Apr/2025:04:17:13 +0200] "GET /Jurek/eurofirany/images/419760/0.jpg HTTP/1.1" 200 6595 "-" "Skroutz ImageBot v1"
51.77.52.107 - - [22/Apr/2025:04:17:18 +0200] "GET /Jurek/eurofirany/images/458264/0.jpg HTTP/2.0" 200 82215 "-" "baselinker"
185.6.76.166 - - [22/Apr/2025:04:17:18 +0200] "GET /Jurek/eurofirany/images/419498/0.jpg HTTP/1.1" 200 6595 "-" "Skroutz ImageBot v1"
51.77.52.107 - - [22/Apr/2025:04:17:31 +0200] "GET /Jurek/eurofirany/images/458264/0.jpg HTTP/2.0" 200 82215 "-" "baselinker"
51.77.52.107 - - [22/Apr/2025:04:17:36 +0200] "GET /Jurek/eurofirany/images/458332/0.jpg HTTP/2.0" 200 119410 "-" "baselinker"
89.161.206.59 - - [22/Apr/2025:04:17:39 +0200] "GET /Jurek/cdata/feeds/cdata_cdsc.xml HTTP/1.0" 200 1865840 "-" "-"
89.161.206.59 - - [22/Apr/2025:04:17:40 +0200] "GET /Jurek/playcob/feeds/playcob_cdsc.xml HTTP/1.0" 200 6624581 "-" "-"
89.161.206.59 - - [22/Apr/2025:04:17:41 +0200] "GET /Jurek/elavia/feeds/elavia_cdsc.xml HTTP/1.0" 200 2085741 "-" "-"
89.161.206.59 - - [22/Apr/2025:04:17:41 +0200] "GET /Jurek/pagmil/feeds/pagmil_cdsc.xml HTTP/1.0" 200 1133296 "-" "-"
51.77.52.107 - - [22/Apr/2025:04:17:41 +0200] "GET /Jurek/eurofirany/images/458332/0.jpg HTTP/2.0" 200 119410 "-" "baselinker"
89.161.206.59 - - [22/Apr/2025:04:17:41 +0200] "GET /Jurek/proparts/feeds/proparts_cdsc.xml HTTP/1.0" 200 556022 "-" "-"
89.161.206.59 - - [22/Apr/2025:04:17:42 +0200] "GET /Jurek/alucon/feeds/alucon_cdsc.xml HTTP/1.0" 200 378665 "-" "-"
89.161.206.59 - - [22/Apr/2025:04:17:42 +0200] "GET /Jurek/equalo/feeds/equalo_cdsc.xml HTTP/1.0" 200 134208 "-" "-"
89.161.206.59 - - [22/Apr/2025:04:17:42 +0200] "GET /Jurek/techrebalina/feeds/techrebalina_cdsc.xml HTTP/1.0" 200 1363223 "-" "-"
89.161.206.59 - - [22/Apr/2025:04:17:42 +0200] "GET /Jurek/smxdesign/feeds/smxdesign_cdsc.xml HTTP/1.0" 200 1154207 "-" "-"
51.77.52.107 - - [22/Apr/2025:04:17:47 +0200] "GET /Jurek/eurofirany/images/458332/0.jpg HTTP/2.0" 200 119410 "-" "baselinker"
51.77.52.107 - - [22/Apr/2025:04:17:52 +0200] "GET /Jurek/eurofirany/images/458333/0.jpg HTTP/2.0" 200 121105 "-" "baselinker"
51.77.52.107 - - [22/Apr/2025:04:17:57 +0200] "GET /Jurek/eurofirany/images/458333/0.jpg HTTP/2.0" 200 121105 "-" "baselinker"
51.77.52.107 - - [22/Apr/2025:04:18:01 +0200] "GET /Jurek/eurofirany/images/458333/0.jpg HTTP/2.0" 200 121105 "-" "baselinker"
51.77.52.107 - - [22/Apr/2025:04:18:06 +0200] "GET /Jurek/eurofirany/images/458334/0.jpg HTTP/2.0" 200 126263 "-" "baselinker"
51.77.52.107 - - [22/Apr/2025:04:18:09 +0200] "GET /Jurek/eurofirany/images/458334/0.jpg HTTP/2.0" 200 126263 "-" "baselinker"
51.77.52.107 - - [22/Apr/2025:04:18:14 +0200] "GET /Jurek/eurofirany/images/458334/0.jpg HTTP/2.0" 200 126263 "-" "baselinker"
51.77.52.107 - - [22/Apr/2025:04:18:22 +0200] "GET /Jurek/eurofirany/images/458335/0.jpg HTTP/2.0" 200 126177 "-" "baselinker"
185.6.76.166 - - [22/Apr/2025:04:18:25 +0200] "GET /Jurek/topeshop/downloaded_images/5902838469316_1.jpg HTTP/1.1" 404 3551 "-" "Skroutz ImageBot v1"
185.6.76.166 - - [22/Apr/2025:04:18:26 +0200] "GET /Jurek/topeshop/downloaded_images/5904507209469_pROFILOWEMARINAkASZ.jpg HTTP/1.1" 404 3551 "-" "Skroutz ImageBot v1"
185.6.76.166 - - [22/Apr/2025:04:18:26 +0200] "GET /Jurek/topeshop/downloaded_images/5904507209476_Marina2s_kaszmir_slim_bry%C5%82ka(2).jpg HTTP/1.1" 404 3551 "-" "Skroutz ImageBot v1"
185.6.76.166 - - [22/Apr/2025:04:18:26 +0200] "GET /Jurek/topeshop/downloaded_images/5904507209445_modern1p-slim20st.jpg HTTP/1.1" 404 3551 "-" "Skroutz ImageBot v1"
185.6.76.166 - - [22/Apr/2025:04:18:26 +0200] "GET /Jurek/topeshop/downloaded_images/5904507209391_profilowe.jpg HTTP/1.1" 404 3551 "-" "Skroutz ImageBot v1"
185.6.76.166 - - [22/Apr/2025:04:18:27 +0200] "GET /Jurek/topeshop/downloaded_images/5904507209407_3.jpg HTTP/1.1" 404 3551 "-" "Skroutz ImageBot v1"
51.77.52.107 - - [22/Apr/2025:04:18:27 +0200] "GET /Jurek/eurofirany/images/458335/0.jpg HTTP/2.0" 200 126177 "-" "baselinker"
185.6.76.166 - - [22/Apr/2025:04:18:30 +0200] "GET /Jurek/topeshop/downloaded_images/5902838461761_brylki_.RGB_color.0002.png HTTP/1.1" 404 3551 "-" "Skroutz ImageBot v1"
51.77.52.107 - - [22/Apr/2025:04:18:42 +0200] "GET /Jurek/eurofirany/images/458335/0.jpg HTTP/2.0" 200 126177 "-" "baselinker"
51.77.52.107 - - [22/Apr/2025:04:18:48 +0200] "GET /Jurek/eurofirany/images/458078/0.jpg HTTP/2.0" 200 137351 "-" "baselinker"
51.77.52.107 - - [22/Apr/2025:04:19:01 +0200] "GET /Jurek/eurofirany/images/458078/0.jpg HTTP/2.0" 200 137351 "-" "baselinker"
51.77.52.107 - - [22/Apr/2025:04:19:18 +0200] "GET /Jurek/eurofirany/images/458078/0.jpg HTTP/2.0" 200 137351 "-" "baselinker"
51.77.52.107 - - [22/Apr/2025:04:19:25 +0200] "GET /Jurek/eurofirany/images/428912/0.jpg HTTP/2.0" 200 18538 "-" "baselinker"
51.77.52.107 - - [22/Apr/2025:04:19:39 +0200] "GET /Jurek/eurofirany/images/428912/0.jpg HTTP/2.0" 200 18538 "-" "baselinker"
51.77.52.107 - - [22/Apr/2025:04:19:43 +0200] "GET /Jurek/eurofirany/images/428912/0.jpg HTTP/2.0" 200 18538 "-" "baselinker"
51.77.52.107 - - [22/Apr/2025:04:19:49 +0200] "GET /Jurek/eurofirany/images/428913/0.jpg HTTP/2.0" 200 18538 "-" "baselinker"
51.77.52.107 - - [22/Apr/2025:04:19:55 +0200] "GET /Jurek/eurofirany/images/428913/0.jpg HTTP/2.0" 200 18538 "-" "baselinker"
51.77.52.107 - - [22/Apr/2025:04:19:59 +0200] "GET /Jurek/eurofirany/images/428913/0.jpg HTTP/2.0" 200 18538 "-" "baselinker"
51.77.52.107 - - [22/Apr/2025:04:20:06 +0200] "GET /Jurek/eurofirany/images/428914/0.jpg HTTP/2.0" 200 18538 "-" "baselinker"
51.77.52.107 - - [22/Apr/2025:04:20:27 +0200] "GET /Jurek/eurofirany/images/428914/0.jpg HTTP/2.0" 200 18538 "-" "baselinker"
51.77.52.107 - - [22/Apr/2025:04:20:33 +0200] "GET /Jurek/eurofirany/images/428914/0.jpg HTTP/2.0" 200 18538 "-" "baselinker"
89.161.206.59 - - [22/Apr/2025:04:20:35 +0200] "GET /Jurek/amzteam/feeds/amzteam_cdsc.xml HTTP/1.0" 200 145387 "-" "-"
66.249.64.165 - - [22/Apr/2025:04:20:36 +0200] "GET /Jurek/eurofirany/images/16522/1.jpg HTTP/1.1" 200 6585 "-" "Googlebot-Image/1.0"
52.167.144.223 - - [22/Apr/2025:04:20:40 +0200] "GET /Jurek/topeshop/downloaded_images/5904507200084_MIJASBIURKOBRY%C5%81KABIELPRAWEBOKZM.jpg HTTP/2.0" 404 3551 "-" "Mozilla/5.0 AppleWebKit/537.36 (KHTML, like Gecko; compatible; bingbot/2.0; +http://www.bing.com/bingbot.htm) Chrome/116.0.1938.76 Safari/537.36"
51.77.52.107 - - [22/Apr/2025:04:20:48 +0200] "GET /Jurek/eurofirany/images/428918/0.jpg HTTP/2.0" 200 18538 "-" "baselinker"
51.77.52.107 - - [22/Apr/2025:04:21:02 +0200] "GET /Jurek/eurofirany/images/428918/0.jpg HTTP/2.0" 200 18538 "-" "baselinker"
46.101.116.244 - - [22/Apr/2025:04:21:09 +0200] "GET /Jurek/aw/feeds/aw_fnacfr.xml HTTP/1.0" 404 3551 "-" "-"
51.77.52.107 - - [22/Apr/2025:04:21:14 +0200] "GET /Jurek/eurofirany/images/428918/0.jpg HTTP/2.0" 200 18538 "-" "baselinker"
51.77.52.107 - - [22/Apr/2025:04:21:20 +0200] "GET /Jurek/eurofirany/images/428980/0.jpg HTTP/2.0" 200 43159 "-" "baselinker"
51.77.52.107 - - [22/Apr/2025:04:21:34 +0200] "GET /Jurek/eurofirany/images/428980/0.jpg HTTP/2.0" 200 43159 "-" "baselinker"
185.6.76.167 - - [22/Apr/2025:04:21:34 +0200] "GET /Jurek/topeshop/downloaded_images/5904507209407_3.jpg HTTP/1.1" 404 3551 "-" "Skroutz ImageBot v1"
51.77.52.107 - - [22/Apr/2025:04:21:39 +0200] "GET /Jurek/eurofirany/images/428980/0.jpg HTTP/2.0" 200 43159 "-" "baselinker"
46.101.116.244 - - [22/Apr/2025:04:21:40 +0200] "GET /Jurek/kinghoff/feeds/kinghoff_bol.xml HTTP/1.0" 200 15460366 "-" "-"
51.77.52.107 - - [22/Apr/2025:04:21:47 +0200] "GET /Jurek/eurofirany/images/428982/0.jpg HTTP/2.0" 200 43159 "-" "baselinker"
89.161.206.59 - - [22/Apr/2025:04:21:48 +0200] "GET /Jurek/sempler/feeds/sempler_BOL.xml HTTP/1.0" 200 6787971 "-" "-"
89.161.206.59 - - [22/Apr/2025:04:21:49 +0200] "GET /Jurek/benetech/feeds/benetech_bol.xml HTTP/1.0" 200 4165450 "-" "-"
89.161.206.59 - - [22/Apr/2025:04:21:51 +0200] "GET /Jurek/oromed/feeds/oromed_BOL.xml HTTP/1.0" 200 1103025 "-" "-"
89.161.206.59 - - [22/Apr/2025:04:21:51 +0200] "GET /Jurek/narzbud/feeds/narzbud_bol.xml HTTP/1.0" 200 1901219 "-" "-"
89.161.206.59 - - [22/Apr/2025:04:21:51 +0200] "GET /Jurek/artdog/feeds/artdog_bol.xml HTTP/1.0" 200 17158534 "-" "-"
89.161.206.59 - - [22/Apr/2025:04:21:52 +0200] "GET /Jurek/ekolight/feeds/ekolight_bol.xml HTTP/1.0" 200 9052555 "-" "-"
89.161.206.59 - - [22/Apr/2025:04:21:52 +0200] "GET /Jurek/livinhill/feeds/livinhill_bol.xml HTTP/1.0" 200 1451866 "-" "-"
89.161.206.59 - - [22/Apr/2025:04:21:52 +0200] "GET /Jurek/ekuchcikowo/feeds/ekuchcikowo_bol.xml HTTP/1.0" 200 12470936 "-" "-"
89.161.206.59 - - [22/Apr/2025:04:21:53 +0200] "GET /Jurek/erohurtownia/feeds/erohurtownia_bol.xml HTTP/1.0" 200 22846336 "-" "-"
89.161.206.59 - - [22/Apr/2025:04:21:53 +0200] "GET /Jurek/galopi/feeds/galopi_bol.xml HTTP/1.0" 200 2111065 "-" "-"
89.161.206.59 - - [22/Apr/2025:04:21:53 +0200] "GET /Jurek/urwiskowo/feeds/urwiskowo_bol.xml HTTP/1.0" 200 9114987 "-" "-"
89.161.206.59 - - [22/Apr/2025:04:21:53 +0200] "GET /Jurek/combine/feeds/combine_bol.xml HTTP/1.0" 200 210558 "-" "-"
89.161.206.59 - - [22/Apr/2025:04:21:54 +0200] "GET /Jurek/spali/feeds/spali_bol.xml HTTP/1.0" 200 77057 "-" "-"
89.161.206.59 - - [22/Apr/2025:04:21:54 +0200] "GET /Jurek/bass_new/feeds/bass_bol.xml HTTP/1.0" 200 7040828 "-" "-"
89.161.206.59 - - [22/Apr/2025:04:21:54 +0200] "GET /Jurek/aiofactory/feeds/aiofactory_bol.xml HTTP/1.0" 200 2123740 "-" "-"
89.161.206.59 - - [22/Apr/2025:04:21:55 +0200] "GET /Jurek/hurtmeblowy/feeds/hurtmeblowy_bol.xml HTTP/1.0" 200 8514573 "-" "-"
89.161.206.59 - - [22/Apr/2025:04:21:56 +0200] "GET /Jurek/rider/feeds/rider_bol.xml HTTP/1.0" 200 8165178 "-" "-"
89.161.206.59 - - [22/Apr/2025:04:21:56 +0200] "GET /Jurek/eldar/feeds/eldar_bol.xml HTTP/1.0" 200 7329577 "-" "-"
89.161.206.59 - - [22/Apr/2025:04:21:57 +0200] "GET /Jurek/primohurt/feeds/primohurt_bol.xml HTTP/1.0" 200 17186994 "-" "-"
89.161.206.59 - - [22/Apr/2025:04:21:57 +0200] "GET /Jurek/najtanszysport/feeds/najtanszysport_bol.xml HTTP/1.0" 200 3983120 "-" "-"
89.161.206.59 - - [22/Apr/2025:04:21:58 +0200] "GET /Jurek/motofan/feeds/motofan_bol.xml HTTP/1.0" 200 2392153 "-" "-"
89.161.206.59 - - [22/Apr/2025:04:21:58 +0200] "GET /Jurek/topeshop/feeds/topeshop_bol.xml HTTP/1.0" 200 2689018 "-" "-"
89.161.206.59 - - [22/Apr/2025:04:21:58 +0200] "GET /Jurek/eurofirany/feeds/eurofirany_bol.xml HTTP/1.0" 200 19070580 "-" "-"
89.161.206.59 - - [22/Apr/2025:04:22:00 +0200] "GET /Jurek/pupus/feeds/pupus_bol.xml HTTP/1.0" 200 6154511 "-" "-"
89.161.206.59 - - [22/Apr/2025:04:22:01 +0200] "GET /Jurek/playcob/feeds/playcob_bol.xml HTTP/1.0" 200 6980132 "-" "-"
89.161.206.59 - - [22/Apr/2025:04:22:01 +0200] "GET /Jurek/maksik/feeds/maksik_bol.xml HTTP/1.0" 200 4084770 "-" "-"
89.161.206.59 - - [22/Apr/2025:04:22:02 +0200] "GET /Jurek/hanex/feeds/hanex_BOL.xml HTTP/1.0" 200 13931557 "-" "-"
89.161.206.59 - - [22/Apr/2025:04:22:02 +0200] "GET /Jurek/roger/feeds/roger_bol.xml HTTP/1.0" 200 1147398 "-" "-"
89.161.206.59 - - [22/Apr/2025:04:22:03 +0200] "GET /Jurek/smxdesign/feeds/smxdesign_bol.xml HTTP/1.0" 200 1829040 "-" "-"
89.161.206.59 - - [22/Apr/2025:04:22:03 +0200] "GET /Jurek/shiori/feeds/shiori_bol.xml HTTP/1.0" 200 453652 "-" "-"
89.161.206.59 - - [22/Apr/2025:04:22:04 +0200] "GET /Jurek/dropkz/feeds/dropkz_bol.xml HTTP/1.0" 200 70014452 "-" "-"
89.161.206.59 - - [22/Apr/2025:04:22:08 +0200] "GET /Jurek/eoptimo/feeds/eoptimo_bol.xml HTTP/1.0" 200 2094347 "-" "-"
89.161.206.59 - - [22/Apr/2025:04:22:08 +0200] "GET /Jurek/sklep24amk/feeds/sklep24amk_bol.xml HTTP/1.0" 200 3894599 "-" "-"
89.161.206.59 - - [22/Apr/2025:04:22:08 +0200] "GET /Jurek/matkam/feeds/matkam_bol.xml HTTP/1.0" 200 5000326 "-" "-"
89.161.206.59 - - [22/Apr/2025:04:22:09 +0200] "GET /Jurek/sportprise/feeds/sportprise_bol.xml HTTP/1.0" 200 12725346 "-" "-"
89.161.206.59 - - [22/Apr/2025:04:22:10 +0200] "GET /Jurek/elavia/feeds/elavia_bol.xml HTTP/1.0" 200 2497287 "-" "-"
89.161.206.59 - - [22/Apr/2025:04:22:11 +0200] "GET /Jurek/zbimatyja/feeds/zbimatyja_bol.xml HTTP/1.0" 200 11670200 "-" "-"
51.77.52.107 - - [22/Apr/2025:04:22:11 +0200] "GET /Jurek/eurofirany/images/428982/0.jpg HTTP/2.0" 200 43159 "-" "baselinker"
89.161.206.59 - - [22/Apr/2025:04:22:11 +0200] "GET /Jurek/cdata/feeds/cdata_bol.xml HTTP/1.0" 200 1445109 "-" "-"
89.161.206.59 - - [22/Apr/2025:04:22:11 +0200] "GET /Jurek/broers/feeds/broers_bol.xml HTTP/1.0" 200 1982561 "-" "-"
89.161.206.59 - - [22/Apr/2025:04:22:11 +0200] "GET /Jurek/princelh/feeds/princelh_bol.xml HTTP/1.0" 200 133434 "-" "-"
89.161.206.59 - - [22/Apr/2025:04:22:11 +0200] "GET /Jurek/kobi/feeds/kobi_bol.xml HTTP/1.0" 200 1993215 "-" "-"
89.161.206.59 - - [22/Apr/2025:04:22:12 +0200] "GET /Jurek/mosti/feeds/mosti_bol.xml HTTP/1.0" 200 4628178 "-" "-"
89.161.206.59 - - [22/Apr/2025:04:22:12 +0200] "GET /Jurek/rosfix/feeds/rosfix_bol.xml HTTP/1.0" 200 35769512 "-" "-"
89.161.206.59 - - [22/Apr/2025:04:22:13 +0200] "GET /Jurek/evil/feeds/evil_bol.xml HTTP/1.0" 200 306385 "-" "-"
89.161.206.59 - - [22/Apr/2025:04:22:13 +0200] "GET /Jurek/drewdon/feeds/drewdon_bol.xml HTTP/1.0" 200 504440 "-" "-"
89.161.206.59 - - [22/Apr/2025:04:22:13 +0200] "GET /Jurek/dekoele/feeds/dekoele_bol.xml HTTP/1.0" 200 733933 "-" "-"
89.161.206.59 - - [22/Apr/2025:04:22:13 +0200] "GET /Jurek/pawonik/feeds/pawonik_bol.xml HTTP/1.0" 200 2138415 "-" "-"
89.161.206.59 - - [22/Apr/2025:04:22:14 +0200] "GET /Jurek/sartrix/feeds/sartrix_bol.xml HTTP/1.0" 200 649187 "-" "-"
89.161.206.59 - - [22/Apr/2025:04:22:14 +0200] "GET /Jurek/hdwr/feeds/hdwr_BOL.xml HTTP/1.0" 200 789397 "-" "-"
89.161.206.59 - - [22/Apr/2025:04:22:14 +0200] "GET /Jurek/szpaklampy/feeds/szpaklampy_bol.xml HTTP/1.0" 200 388211 "-" "-"
89.161.206.59 - - [22/Apr/2025:04:22:14 +0200] "GET /Jurek/techrebal/feeds/techrebal_bol.xml HTTP/1.0" 200 1989733 "-" "-"
89.161.206.59 - - [22/Apr/2025:04:22:15 +0200] "GET /Jurek/muminky/feeds/muminky_bol.xml HTTP/1.0" 200 2677770 "-" "-"
89.161.206.59 - - [22/Apr/2025:04:22:15 +0200] "GET /Jurek/nonabox/feeds/nonabox_bol.xml HTTP/1.0" 200 33863 "-" "-"
89.161.206.59 - - [22/Apr/2025:04:22:15 +0200] "GET /Jurek/nexus/feeds/nexus_bol.xml HTTP/1.0" 200 226644 "-" "-"
89.161.206.59 - - [22/Apr/2025:04:22:15 +0200] "GET /Jurek/pagmil/feeds/pagmil_bol.xml HTTP/1.0" 200 1802823 "-" "-"
89.161.206.59 - - [22/Apr/2025:04:22:15 +0200] "GET /Jurek/proparts/feeds/proparts_bol.xml HTTP/1.0" 200 707472 "-" "-"
89.161.206.59 - - [22/Apr/2025:04:22:15 +0200] "GET /Jurek/techrebalina/feeds/techrebalina_bol.xml HTTP/1.0" 200 2011211 "-" "-"
89.161.206.59 - - [22/Apr/2025:04:22:16 +0200] "GET /Jurek/cenoman/feeds/cenoman_bol.xml HTTP/1.0" 200 5993149 "-" "-"
51.77.52.107 - - [22/Apr/2025:04:22:16 +0200] "GET /Jurek/eurofirany/images/428982/0.jpg HTTP/2.0" 200 43159 "-" "baselinker"
89.161.206.59 - - [22/Apr/2025:04:22:16 +0200] "GET /Jurek/newtechele/feeds/newtechele_bol.xml HTTP/1.0" 200 2438502 "-" "-"
89.161.206.59 - - [22/Apr/2025:04:22:17 +0200] "GET /Jurek/beltimore/feeds/beltimore_bol.xml HTTP/1.0" 200 18651017 "-" "-"
89.161.206.59 - - [22/Apr/2025:04:22:18 +0200] "GET /Jurek/omi/feeds/omi_bol.xml HTTP/1.0" 200 8105436 "-" "-"
89.161.206.59 - - [22/Apr/2025:04:22:18 +0200] "GET /Jurek/reman/feeds/reman_bol.xml HTTP/1.0" 200 1394828 "-" "-"
89.161.206.59 - - [22/Apr/2025:04:22:18 +0200] "GET /Jurek/em3/feeds/em3_bol.xml HTTP/1.0" 200 258919 "-" "-"
89.161.206.59 - - [22/Apr/2025:04:22:18 +0200] "GET /Jurek/takapara/feeds/takapara_bol.xml HTTP/1.0" 200 1342595 "-" "-"
89.161.206.59 - - [22/Apr/2025:04:22:19 +0200] "GET /Jurek/kamar/feeds/kamar_bol.xml HTTP/1.0" 200 25550035 "-" "-"
89.161.206.59 - - [22/Apr/2025:04:22:20 +0200] "GET /Jurek/zenex/feeds/zenex_bol.xml HTTP/1.0" 200 540169 "-" "-"
89.161.206.59 - - [22/Apr/2025:04:22:20 +0200] "GET /Jurek/tsjerzy/feeds/tsjerzy_bol.xml HTTP/1.0" 200 3897751 "-" "-"
89.161.206.59 - - [22/Apr/2025:04:22:21 +0200] "GET /Jurek/carbonyway/feeds/carbonyway_bol.xml HTTP/1.0" 200 3075960 "-" "-"
89.161.206.59 - - [22/Apr/2025:04:22:21 +0200] "GET /Jurek/avenido/feeds/avenido_bol.xml HTTP/1.0" 200 720086 "-" "-"
89.161.206.59 - - [22/Apr/2025:04:22:21 +0200] "GET /Jurek/fertes/feeds/fertes_bol.xml HTTP/1.0" 200 2361823 "-" "-"
89.161.206.59 - - [22/Apr/2025:04:22:21 +0200] "GET /Jurek/filmal/feeds/filmal_bol.xml HTTP/1.0" 200 139278 "-" "-"
89.161.206.59 - - [22/Apr/2025:04:22:22 +0200] "GET /Jurek/sebmart/feeds/sebmart_bol.xml HTTP/1.0" 200 1598727 "-" "-"
89.161.206.59 - - [22/Apr/2025:04:22:22 +0200] "GET /Jurek/kalama/feeds/kalama_bol.xml HTTP/1.0" 200 2661766 "-" "-"
51.77.52.107 - - [22/Apr/2025:04:22:22 +0200] "GET /Jurek/eurofirany/images/428985/0.jpg HTTP/2.0" 200 43159 "-" "baselinker"
89.161.206.59 - - [22/Apr/2025:04:22:22 +0200] "GET /Jurek/amzteam/feeds/amzteam_bol.xml HTTP/1.0" 200 97874 "-" "-"
89.161.206.59 - - [22/Apr/2025:04:22:23 +0200] "GET /Jurek/equalo/feeds/equalo_bol.xml HTTP/1.0" 200 98008 "-" "-"
89.161.206.59 - - [22/Apr/2025:04:22:23 +0200] "GET /Jurek/mojeledy/feeds/mojeledy_bol.xml HTTP/1.0" 200 1018449 "-" "-"
89.161.206.59 - - [22/Apr/2025:04:22:23 +0200] "GET /Jurek/sovapl/feeds/sovapl_bol.xml HTTP/1.0" 200 9000244 "-" "-"
89.161.206.59 - - [22/Apr/2025:04:22:24 +0200] "GET /Jurek/apresto/feeds/apresto_bol.xml HTTP/1.0" 200 1327628 "-" "-"
89.161.206.59 - - [22/Apr/2025:04:22:24 +0200] "GET /Jurek/missionair/feeds/missionair_bol.xml HTTP/1.0" 200 3154892 "-" "-"
89.161.206.59 - - [22/Apr/2025:04:22:25 +0200] "GET /Jurek/mechdecor/feeds/mechdecor_bol.xml HTTP/1.0" 200 596208 "-" "-"
89.161.206.59 - - [22/Apr/2025:04:22:26 +0200] "GET /Jurek/alucon/feeds/alucon_bol.xml HTTP/1.0" 200 553570 "-" "-"
89.161.206.59 - - [22/Apr/2025:04:22:33 +0200] "GET /Jurek/jakdroz/feeds/jakdroz_bol.xml HTTP/1.0" 200 4089988 "-" "-"
51.77.52.107 - - [22/Apr/2025:04:22:35 +0200] "GET /Jurek/eurofirany/images/428985/0.jpg HTTP/2.0" 200 43159 "-" "baselinker"
89.161.206.59 - - [22/Apr/2025:04:22:35 +0200] "GET /Jurek/ikonka/feeds/ikonka_bol.xml HTTP/1.0" 200 22171252 "-" "-"
89.161.206.59 - - [22/Apr/2025:04:22:36 +0200] "GET /Jurek/riko/feeds/riko_bol.xml HTTP/1.0" 200 3785324 "-" "-"
89.161.206.59 - - [22/Apr/2025:04:22:37 +0200] "GET /Jurek/zami/feeds/zami_bol.xml HTTP/1.0" 200 4472763 "-" "-"
89.161.206.59 - - [22/Apr/2025:04:22:37 +0200] "GET /Jurek/bemipol/feeds/bemipol_bol.xml HTTP/1.0" 200 423635 "-" "-"
89.161.206.59 - - [22/Apr/2025:04:22:40 +0200] "GET /Jurek/gandalf/feeds/gandalf_bol.xml HTTP/1.0" 200 1082539 "-" "-"
51.77.52.107 - - [22/Apr/2025:04:22:47 +0200] "GET /Jurek/eurofirany/images/428985/0.jpg HTTP/2.0" 200 43159 "-" "baselinker"
89.161.206.59 - - [22/Apr/2025:04:22:47 +0200] "GET /Jurek/rems/feeds/rems_bol.xml HTTP/1.0" 200 8706211 "-" "-"
66.249.64.165 - - [22/Apr/2025:04:23:01 +0200] "GET /others/vida_to_apilo/output.txt HTTP/1.1" 200 917 "-" "Mozilla/5.0 (Linux; Android 6.0.1; Nexus 5X Build/MMB29P) AppleWebKit/537.36 (KHTML, like Gecko) Chrome/135.0.7049.95 Mobile Safari/537.36 (compatible; GoogleOther)"
51.77.52.107 - - [22/Apr/2025:04:23:05 +0200] "GET /Jurek/eurofirany/images/428986/0.jpg HTTP/2.0" 200 43159 "-" "baselinker"
51.77.52.107 - - [22/Apr/2025:04:23:13 +0200] "GET /Jurek/eurofirany/images/428986/0.jpg HTTP/2.0" 200 43159 "-" "baselinker"
51.77.52.107 - - [22/Apr/2025:04:23:18 +0200] "GET /Jurek/eurofirany/images/428986/0.jpg HTTP/2.0" 200 43159 "-" "baselinker"
89.161.206.59 - - [22/Apr/2025:04:23:21 +0200] "GET /Jurek/eroplace/feeds/eroplace_bol.xml HTTP/1.0" 200 52134866 "-" "-"
89.161.206.59 - - [22/Apr/2025:04:23:22 +0200] "GET /Jurek/waks/feeds/waks_bol.xml HTTP/1.0" 200 1596552 "-" "-"
89.161.206.59 - - [22/Apr/2025:04:23:22 +0200] "GET /Jurek/luxma/feeds/luxma_bol.xml HTTP/1.0" 200 8058586 "-" "-"
89.161.206.59 - - [22/Apr/2025:04:23:23 +0200] "GET /Jurek/german/feeds/german_bol.xml HTTP/1.0" 200 2853539 "-" "-"
89.161.206.59 - - [22/Apr/2025:04:23:23 +0200] "GET /Jurek/kristronik/feeds/kristronik_bol.xml HTTP/1.0" 200 691972 "-" "-"
89.161.206.59 - - [22/Apr/2025:04:23:23 +0200] "GET /Jurek/hlo/feeds/hlo_bol.xml HTTP/1.0" 200 4838667 "-" "-"
89.161.206.59 - - [22/Apr/2025:04:23:24 +0200] "GET /Jurek/makow/feeds/makow_bol.xml HTTP/1.0" 200 21203559 "-" "-"
89.161.206.59 - - [22/Apr/2025:04:23:24 +0200] "GET /Jurek/beautycare/feeds/beautycare_bol.xml HTTP/1.0" 200 1181294 "-" "-"
46.101.116.244 - - [22/Apr/2025:04:23:31 +0200] "GET /Jurek/rovicky/feeds/rovicky_zalando.xml HTTP/1.0" 200 15248466 "-" "-"
51.77.52.107 - - [22/Apr/2025:04:23:32 +0200] "GET /Jurek/eurofirany/images/456381/0.jpg HTTP/2.0" 200 74310 "-" "baselinker"
51.77.52.107 - - [22/Apr/2025:04:23:38 +0200] "GET /Jurek/eurofirany/images/456381/0.jpg HTTP/2.0" 200 74310 "-" "baselinker"
89.161.206.59 - - [22/Apr/2025:04:23:39 +0200] "GET /Jurek/elecomp/feeds/elecomp_emagro.xml HTTP/1.0" 200 2868377 "-" "-"
89.161.206.59 - - [22/Apr/2025:04:23:40 +0200] "GET /Jurek/emaja24/feeds/emaja24_emagro.xml HTTP/1.0" 200 5102244 "-" "-"
89.161.206.59 - - [22/Apr/2025:04:23:43 +0200] "GET /Jurek/topeshop/feeds/topeshop_emagro.xml HTTP/1.0" 200 920039 "-" "-"
51.77.52.107 - - [22/Apr/2025:04:23:50 +0200] "GET /Jurek/eurofirany/images/456381/0.jpg HTTP/2.0" 200 74310 "-" "baselinker"
51.77.52.107 - - [22/Apr/2025:04:24:06 +0200] "GET /Jurek/eurofirany/images/456382/0.jpg HTTP/2.0" 200 52552 "-" "baselinker"
51.77.52.107 - - [22/Apr/2025:04:24:17 +0200] "GET /Jurek/eurofirany/images/456382/0.jpg HTTP/2.0" 200 52552 "-" "baselinker"
51.77.52.107 - - [22/Apr/2025:04:24:20 +0200] "GET /Jurek/eurofirany/images/456382/0.jpg HTTP/2.0" 200 52552 "-" "baselinker"
89.161.206.59 - - [22/Apr/2025:04:24:24 +0200] "GET /Jurek/playcob/feeds/playcob_emagro.xml HTTP/1.0" 200 6981021 "-" "-"
89.161.206.59 - - [22/Apr/2025:04:24:25 +0200] "GET /Jurek/alucon/feeds/alucon_emagro.xml HTTP/1.0" 200 553606 "-" "-"
89.161.206.59 - - [22/Apr/2025:04:24:30 +0200] "GET /Jurek/em3/feeds/em3_emagro.xml HTTP/1.0" 200 259013 "-" "-"
89.161.206.59 - - [22/Apr/2025:04:24:33 +0200] "GET /Jurek/kinghome/feeds/kinghome_emagro.xml HTTP/1.0" 200 6062632 "-" "-"
51.77.52.107 - - [22/Apr/2025:04:24:34 +0200] "GET /Jurek/eurofirany/images/456383/0.jpg HTTP/2.0" 200 51677 "-" "baselinker"
89.161.206.59 - - [22/Apr/2025:04:24:39 +0200] "GET /Jurek/lerutrade/feeds/lerutrade_emag.xml HTTP/1.0" 200 82824 "-" "-"
51.77.52.107 - - [22/Apr/2025:04:24:48 +0200] "GET /Jurek/eurofirany/images/456383/0.jpg HTTP/2.0" 200 51677 "-" "baselinker"
51.77.52.107 - - [22/Apr/2025:04:24:51 +0200] "GET /Jurek/eurofirany/images/456383/0.jpg HTTP/2.0" 200 51677 "-" "baselinker"
66.249.64.165 - - [22/Apr/2025:04:24:52 +0200] "GET /Jurek/eurofirany/images/398813/6.jpg HTTP/1.1" 200 150541 "-" "Googlebot-Image/1.0"
51.77.52.107 - - [22/Apr/2025:04:24:56 +0200] "GET /Jurek/eurofirany/images/460235/0.jpg HTTP/2.0" 200 81392 "-" "baselinker"
51.77.52.107 - - [22/Apr/2025:04:25:01 +0200] "GET /Jurek/eurofirany/images/460235/0.jpg HTTP/2.0" 200 81392 "-" "baselinker"
89.161.206.59 - - [22/Apr/2025:04:25:11 +0200] "GET /Jurek/photho/feeds/photho_emagro.xml HTTP/1.0" 200 1051366 "-" "-"
51.77.52.107 - - [22/Apr/2025:04:25:15 +0200] "GET /Jurek/eurofirany/images/460235/0.jpg HTTP/2.0" 200 81392 "-" "baselinker"
