89.161.206.59 - - [22/Apr/2025:07:03:12 +0200] "GET /Jurek/missionair/feeds/missionair_emagro.xml HTTP/1.0" 200 3155071 "-" "-"
89.161.206.59 - - [22/Apr/2025:07:03:13 +0200] "GET /Jurek/mojeledy/feeds/mojeledy_emagro.xml HTTP/1.0" 200 1018630 "-" "-"
89.161.206.59 - - [22/Apr/2025:07:03:13 +0200] "GET /Jurek/andex/feeds/andex_emagro.xml HTTP/1.0" 200 1953975 "-" "-"
89.161.206.59 - - [22/Apr/2025:07:03:13 +0200] "GET /Jurek/riko/feeds/riko_emagro.xml HTTP/1.0" 200 3786271 "-" "-"
89.161.206.59 - - [22/Apr/2025:07:03:14 +0200] "GET /Jurek/sovapl/feeds/sovapl_emagro.xml HTTP/1.0" 200 9001878 "-" "-"
89.161.206.59 - - [22/Apr/2025:07:03:15 +0200] "GET /Jurek/mechdecor/feeds/mechdecor_emagro.xml HTTP/1.0" 200 596311 "-" "-"
89.161.206.59 - - [22/Apr/2025:07:03:15 +0200] "GET /Jurek/kalama/feeds/kalama_emagro.xml HTTP/1.0" 200 2662091 "-" "-"
52.209.168.113 - - [22/Apr/2025:07:03:18 +0200] "GET /marketplaces/carrefour/results/carrefour.csv HTTP/1.1" 200 147221 "-" "Mirakl HttpClient"
51.77.52.107 - - [22/Apr/2025:07:03:19 +0200] "GET /Jurek/eurofirany/images/462478/0.jpg HTTP/2.0" 200 223181 "-" "baselinker"
85.232.241.194 - - [22/Apr/2025:07:03:23 +0200] "GET /Jurek/kobi/feeds/kobi_vente_ne.xml HTTP/1.1" 200 942999 "-" "Python-urllib/3.11"
85.232.241.194 - - [22/Apr/2025:07:03:24 +0200] "GET /Jurek/topeshop/feeds/topeshop_vente_ne.xml HTTP/1.1" 200 2689007 "-" "Python-urllib/3.11"
85.232.241.194 - - [22/Apr/2025:07:03:24 +0200] "GET /Jurek/fernity/feeds/fernity_vente_ne.xml HTTP/1.1" 200 3256464 "-" "Python-urllib/3.11"
85.232.241.194 - - [22/Apr/2025:07:03:24 +0200] "GET /Jurek/kinghome/feeds/kinghome_vente_ne.xml HTTP/1.1" 200 5670209 "-" "Python-urllib/3.11"
85.232.241.194 - - [22/Apr/2025:07:03:25 +0200] "GET /Jurek/emibig/feeds/emibig_vente_ne.xml HTTP/1.1" 200 2522279 "-" "Python-urllib/3.11"
85.232.241.194 - - [22/Apr/2025:07:03:25 +0200] "GET /Jurek/b3/feeds/b3_vente_nl.xml HTTP/1.1" 200 8074874 "-" "Python-urllib/3.11"
85.232.241.194 - - [22/Apr/2025:07:03:25 +0200] "GET /Jurek/aw/feeds/aw_vente_nl.xml HTTP/1.1" 200 90518604 "-" "Python-urllib/3.11"
85.232.241.194 - - [22/Apr/2025:07:03:27 +0200] "GET /Jurek/asortymenteu/feeds/asortymenteu_vente_nl.xml HTTP/1.1" 200 2764723 "-" "Python-urllib/3.11"
85.232.241.194 - - [22/Apr/2025:07:03:27 +0200] "GET /Jurek/hurtownia_przemyslowa/feeds/hp_vente_nl.xml HTTP/1.1" 200 49362308 "-" "Python-urllib/3.11"
51.77.52.107 - - [22/Apr/2025:07:03:36 +0200] "GET /Jurek/eurofirany/images/462478/0.jpg HTTP/2.0" 200 223181 "-" "baselinker"
88.220.33.218 - - [22/Apr/2025:07:03:42 +0200] "GET /Jurek/eurofirany/feeds/eurofirany_morele.xml HTTP/2.0" 200 19072087 "-" "MarketplaceAPI curl/7.64.0 PHP/8"
85.232.241.194 - - [22/Apr/2025:07:03:43 +0200] "GET /Jurek/kobi/feeds/kobi_vente_de.xml HTTP/1.1" 200 942968 "-" "Python-urllib/3.11"
85.232.241.194 - - [22/Apr/2025:07:03:43 +0200] "GET /Jurek/topeshop/feeds/topeshop_vente_de.xml HTTP/1.1" 200 2688947 "-" "Python-urllib/3.11"
85.232.241.194 - - [22/Apr/2025:07:03:43 +0200] "GET /Jurek/fernity/feeds/fernity_vente_de.xml HTTP/1.1" 200 3256446 "-" "Python-urllib/3.11"
85.232.241.194 - - [22/Apr/2025:07:03:43 +0200] "GET /Jurek/kinghome/feeds/kinghome_vente_de.xml HTTP/1.1" 200 5670131 "-" "Python-urllib/3.11"
85.232.241.194 - - [22/Apr/2025:07:03:43 +0200] "GET /Jurek/emibig/feeds/emibig_vente_de.xml HTTP/1.1" 200 2522200 "-" "Python-urllib/3.11"
85.232.241.194 - - [22/Apr/2025:07:03:43 +0200] "GET /Jurek/b3/feeds/b3_vente_de.xml HTTP/1.1" 200 8074916 "-" "Python-urllib/3.11"
85.232.241.194 - - [22/Apr/2025:07:03:44 +0200] "GET /Jurek/aw/feeds/aw_vente_de.xml HTTP/1.1" 200 90518442 "-" "Python-urllib/3.11"
85.232.241.194 - - [22/Apr/2025:07:03:46 +0200] "GET /Jurek/asortymenteu/feeds/asortymenteu_vente_de.xml HTTP/1.1" 200 2764725 "-" "Python-urllib/3.11"
85.232.241.194 - - [22/Apr/2025:07:03:46 +0200] "GET /Jurek/hurtownia_przemyslowa/feeds/hp_vente_de.xml HTTP/1.1" 200 49362382 "-" "Python-urllib/3.11"
88.220.33.218 - - [22/Apr/2025:07:03:48 +0200] "GET /Jurek/vivaldi/feeds/vivaldi_Morele-PL.xml HTTP/2.0" 200 344674 "-" "MarketplaceAPI curl/7.64.0 PHP/8"
51.77.52.107 - - [22/Apr/2025:07:03:52 +0200] "GET /Jurek/eurofirany/images/459280/0.jpg HTTP/2.0" 200 78660 "-" "baselinker"
51.77.52.107 - - [22/Apr/2025:07:04:07 +0200] "GET /Jurek/eurofirany/images/459280/0.jpg HTTP/2.0" 200 78660 "-" "baselinker"
51.77.52.107 - - [22/Apr/2025:07:04:20 +0200] "GET /Jurek/eurofirany/images/459280/0.jpg HTTP/2.0" 200 78660 "-" "baselinker"
51.77.52.107 - - [22/Apr/2025:07:04:26 +0200] "GET /Jurek/eurofirany/images/459284/0.jpg HTTP/2.0" 200 81154 "-" "baselinker"
51.77.52.107 - - [22/Apr/2025:07:04:39 +0200] "GET /Jurek/eurofirany/images/459284/0.jpg HTTP/2.0" 200 81154 "-" "baselinker"
51.77.52.107 - - [22/Apr/2025:07:04:43 +0200] "GET /Jurek/eurofirany/images/459284/0.jpg HTTP/2.0" 200 81154 "-" "baselinker"
51.77.52.107 - - [22/Apr/2025:07:04:50 +0200] "GET /Jurek/eurofirany/images/459285/0.jpg HTTP/2.0" 200 85735 "-" "baselinker"
46.101.116.244 - - [22/Apr/2025:07:05:03 +0200] "GET /Jurek/reman/feeds/reman_mallsiSH.xml HTTP/2.0" 200 1394830 "-" "-"
51.77.52.107 - - [22/Apr/2025:07:05:03 +0200] "GET /Jurek/eurofirany/images/459285/0.jpg HTTP/2.0" 200 85735 "-" "baselinker"
66.249.64.165 - - [22/Apr/2025:07:05:07 +0200] "GET /Jurek/topeshop/downloaded_images/5904507207465_20st_mijas_Lewy_open_r%C3%B3%C5%BCowy.png HTTP/1.1" 404 3551 "-" "Googlebot-Image/1.0"
46.101.116.244 - - [22/Apr/2025:07:05:13 +0200] "GET /Jurek/sartrix/feeds/sartrix_mallsiSH.xml HTTP/2.0" 200 649185 "-" "-"
51.77.52.107 - - [22/Apr/2025:07:05:17 +0200] "GET /Jurek/eurofirany/images/459285/0.jpg HTTP/2.0" 200 85735 "-" "baselinker"
88.220.33.218 - - [22/Apr/2025:07:05:21 +0200] "GET /Jurek/aw/feeds/awnarzedzia_morele.xml HTTP/2.0" 200 90531524 "-" "MarketplaceAPI curl/7.64.0 PHP/8"
51.77.52.107 - - [22/Apr/2025:07:05:23 +0200] "GET /Jurek/eurofirany/images/462134/0.jpg HTTP/2.0" 200 78516 "-" "baselinker"
46.101.116.244 - - [22/Apr/2025:07:05:23 +0200] "GET /Jurek/szpaklampy/feeds/szpaklampy_mallsiSH.xml HTTP/2.0" 200 388219 "-" "-"
46.101.116.244 - - [22/Apr/2025:07:05:34 +0200] "GET /Jurek/benetech/feeds/benetech_mallsiSH.xml HTTP/2.0" 200 4165440 "-" "-"
51.77.52.107 - - [22/Apr/2025:07:05:35 +0200] "GET /Jurek/eurofirany/images/462134/0.jpg HTTP/2.0" 200 78516 "-" "baselinker"
51.77.52.107 - - [22/Apr/2025:07:05:42 +0200] "GET /Jurek/eurofirany/images/462134/0.jpg HTTP/2.0" 200 78516 "-" "baselinker"
46.101.116.244 - - [22/Apr/2025:07:05:45 +0200] "GET /Jurek/dekoele/feeds/dekoele_mallsish.xml HTTP/2.0" 200 733934 "-" "-"
88.220.33.218 - - [22/Apr/2025:07:05:54 +0200] "GET /Jurek/beliani/feeds/beliani_morele.xml HTTP/2.0" 200 31089602 "-" "MarketplaceAPI curl/7.64.0 PHP/8"
51.77.52.107 - - [22/Apr/2025:07:05:54 +0200] "GET /Jurek/eurofirany/images/459122/0.jpg HTTP/2.0" 200 75861 "-" "baselinker"
46.101.116.244 - - [22/Apr/2025:07:05:55 +0200] "GET /Jurek/drewdon/feeds/drewdon_mallsish.xml HTTP/2.0" 200 504446 "-" "-"
46.101.116.244 - - [22/Apr/2025:07:06:05 +0200] "GET /Jurek/emaja24/feeds/emaja24_mallsiSH.xml HTTP/2.0" 200 5109725 "-" "-"
89.161.206.59 - - [22/Apr/2025:07:06:07 +0200] "GET /Jurek/bass/feeds/bass_amazones.xml HTTP/1.0" 200 3972144 "-" "-"
89.161.206.59 - - [22/Apr/2025:07:06:08 +0200] "GET /Jurek/bass/feeds/bass_amazonse.xml HTTP/1.0" 200 3973784 "-" "-"
51.77.52.107 - - [22/Apr/2025:07:06:09 +0200] "GET /Jurek/eurofirany/images/459122/0.jpg HTTP/2.0" 200 75861 "-" "baselinker"
89.161.206.59 - - [22/Apr/2025:07:06:15 +0200] "GET /Jurek/kambukka/feeds/kambukka_amazonfr.xml HTTP/1.0" 200 1023663 "-" "-"
89.161.206.59 - - [22/Apr/2025:07:06:16 +0200] "GET /Jurek/kambukka/feeds/kambukka_amazonit.xml HTTP/1.0" 200 1023656 "-" "-"
89.161.206.59 - - [22/Apr/2025:07:06:16 +0200] "GET /Jurek/kambukka/feeds/kambukka_amazones.xml HTTP/1.0" 200 1023829 "-" "-"
89.161.206.59 - - [22/Apr/2025:07:06:16 +0200] "GET /Jurek/kambukka/feeds/kambukka_amazonnl.xml HTTP/1.0" 200 1023830 "-" "-"
89.161.206.59 - - [22/Apr/2025:07:06:16 +0200] "GET /Jurek/kambukka/feeds/kambukka_amazonse.xml HTTP/1.0" 200 1024094 "-" "-"
89.161.206.59 - - [22/Apr/2025:07:06:19 +0200] "GET /Jurek/hdwr/feeds/hdwr_amazonse.xml HTTP/1.0" 200 789685 "-" "-"
46.101.116.244 - - [22/Apr/2025:07:06:21 +0200] "GET /Jurek/muminky/feeds/muminky_mallsiSH.xml HTTP/2.0" 200 2677736 "-" "-"
51.77.52.107 - - [22/Apr/2025:07:06:24 +0200] "GET /Jurek/eurofirany/images/459122/0.jpg HTTP/2.0" 200 75861 "-" "baselinker"
46.101.116.244 - - [22/Apr/2025:07:06:29 +0200] "GET /Jurek/aw/feeds/aw_fnacfr.xml HTTP/1.0" 404 3551 "-" "-"
46.101.116.244 - - [22/Apr/2025:07:06:32 +0200] "GET /Jurek/pupus/feeds/pupus_mallsiSH.xml HTTP/2.0" 200 6154503 "-" "-"
51.77.52.107 - - [22/Apr/2025:07:06:33 +0200] "GET /Jurek/eurofirany/images/459131/0.jpg HTTP/2.0" 200 96394 "-" "baselinker"
89.161.206.59 - - [22/Apr/2025:07:06:42 +0200] "GET /Jurek/sportprise/feeds/sportprise_amazonde.xml HTTP/1.0" 200 11782225 "-" "-"
89.161.206.59 - - [22/Apr/2025:07:06:43 +0200] "GET /Jurek/nexus/feeds/nexus_amazonde.xml HTTP/1.0" 200 226643 "-" "-"
46.101.116.244 - - [22/Apr/2025:07:06:44 +0200] "GET /Jurek/erohurtownia/feeds/erohurtownia_mallsish.xml HTTP/2.0" 200 22846482 "-" "-"
51.77.52.107 - - [22/Apr/2025:07:06:45 +0200] "GET /Jurek/eurofirany/images/459131/0.jpg HTTP/2.0" 200 96394 "-" "baselinker"
51.77.52.107 - - [22/Apr/2025:07:06:50 +0200] "GET /Jurek/eurofirany/images/459131/0.jpg HTTP/2.0" 200 96394 "-" "baselinker"
46.101.116.244 - - [22/Apr/2025:07:07:01 +0200] "GET /Jurek/oromed/feeds/oromed_mallsish.xml HTTP/2.0" 200 1103030 "-" "-"
51.77.52.107 - - [22/Apr/2025:07:07:02 +0200] "GET /Jurek/eurofirany/images/459134/0.jpg HTTP/2.0" 200 93980 "-" "baselinker"
51.77.52.107 - - [22/Apr/2025:07:07:08 +0200] "GET /Jurek/eurofirany/images/459134/0.jpg HTTP/2.0" 200 93980 "-" "baselinker"
89.161.206.59 - - [22/Apr/2025:07:07:20 +0200] "GET /Jurek/rovato/feeds/rovato_skroutz.xml HTTP/1.0" 200 99167 "-" "-"
88.220.33.218 - - [22/Apr/2025:07:07:21 +0200] "GET /Jurek/vida_morele/feeds/VidaPL_morele.xml HTTP/2.0" 200 726418824 "-" "MarketplaceAPI curl/7.64.0 PHP/8"
51.77.52.107 - - [22/Apr/2025:07:07:22 +0200] "GET /Jurek/eurofirany/images/459134/0.jpg HTTP/2.0" 200 93980 "-" "baselinker"
51.77.52.107 - - [22/Apr/2025:07:07:29 +0200] "GET /Jurek/eurofirany/images/459126/0.jpg HTTP/2.0" 200 100828 "-" "baselinker"
46.101.116.244 - - [22/Apr/2025:07:07:29 +0200] "GET /Jurek/urwiskowo/feeds/urwiskowo_mallsish.xml HTTP/2.0" 200 9115016 "-" "-"
46.101.116.244 - - [22/Apr/2025:07:07:41 +0200] "GET /Jurek/eroplace/feeds/eroplace_mallsish.xml HTTP/2.0" 200 52134386 "-" "-"
51.77.52.107 - - [22/Apr/2025:07:07:42 +0200] "GET /Jurek/eurofirany/images/459126/0.jpg HTTP/2.0" 200 100828 "-" "baselinker"
51.77.52.107 - - [22/Apr/2025:07:07:57 +0200] "GET /Jurek/eurofirany/images/459126/0.jpg HTTP/2.0" 200 100828 "-" "baselinker"
46.101.116.244 - - [22/Apr/2025:07:08:03 +0200] "GET /Jurek/bass_new/feeds/bass_mallsish.xml HTTP/2.0" 200 7040800 "-" "-"
51.77.52.107 - - [22/Apr/2025:07:08:11 +0200] "GET /Jurek/eurofirany/images/459125/0.jpg HTTP/2.0" 200 100828 "-" "baselinker"
46.101.116.244 - - [22/Apr/2025:07:08:15 +0200] "GET /Jurek/ekuchcikowo/feeds/ekuchcikowo_mallsish.xml HTTP/2.0" 200 12470995 "-" "-"
51.77.52.107 - - [22/Apr/2025:07:08:24 +0200] "GET /Jurek/eurofirany/images/459125/0.jpg HTTP/2.0" 200 100828 "-" "baselinker"
46.101.116.244 - - [22/Apr/2025:07:08:26 +0200] "GET /Jurek/sempler/feeds/sempler_mallsish.xml HTTP/2.0" 200 6787996 "-" "-"
185.6.76.18 - - [22/Apr/2025:07:08:35 +0200] "GET /marketplaces/skroutz/feeds/shumee.xml HTTP/1.1" 200 417965294 "-" "SkroutzBot v1.0"
46.101.116.244 - - [22/Apr/2025:07:08:37 +0200] "GET /Jurek/bass/feeds/bass_mallsish.xml HTTP/2.0" 200 3971958 "-" "-"
51.77.52.107 - - [22/Apr/2025:07:08:37 +0200] "GET /Jurek/eurofirany/images/459125/0.jpg HTTP/2.0" 200 100828 "-" "baselinker"
51.77.52.107 - - [22/Apr/2025:07:08:41 +0200] "GET /Jurek/eurofirany/images/459137/0.jpg HTTP/2.0" 200 87252 "-" "baselinker"
51.77.52.107 - - [22/Apr/2025:07:08:46 +0200] "GET /Jurek/eurofirany/images/459137/0.jpg HTTP/2.0" 200 87252 "-" "baselinker"
51.77.52.107 - - [22/Apr/2025:07:08:51 +0200] "GET /Jurek/eurofirany/images/459137/0.jpg HTTP/2.0" 200 87252 "-" "baselinker"
51.77.52.107 - - [22/Apr/2025:07:08:55 +0200] "GET /Jurek/eurofirany/images/459255/0.jpg HTTP/2.0" 200 121348 "-" "baselinker"
46.101.116.244 - - [22/Apr/2025:07:09:00 +0200] "GET /Jurek/slayo/feeds/slayo_mallsish.xml HTTP/2.0" 200 183615 "-" "-"
46.101.116.244 - - [22/Apr/2025:07:09:10 +0200] "GET /Jurek/mosti/feeds/mosti_mallsish.xml HTTP/2.0" 200 4628036 "-" "-"
51.77.52.107 - - [22/Apr/2025:07:09:10 +0200] "GET /Jurek/eurofirany/images/459255/0.jpg HTTP/2.0" 200 121348 "-" "baselinker"
46.101.116.244 - - [22/Apr/2025:07:09:11 +0200] "GET /Jurek/amzteam/feeds/amzteam_mallsish.xml HTTP/2.0" 200 97843 "-" "-"
46.101.116.244 - - [22/Apr/2025:07:09:11 +0200] "GET /Jurek/artdog/feeds/artdog_mallsish.xml HTTP/2.0" 200 17158313 "-" "-"
66.249.64.165 - - [22/Apr/2025:07:09:12 +0200] "GET /Jurek/topeshop/downloaded_images/5902838466209_KUBABIURKOSONOMA2OT.png HTTP/1.1" 404 3551 "-" "Googlebot-Image/1.0"
46.101.116.244 - - [22/Apr/2025:07:09:13 +0200] "GET /Jurek/kambukka/feeds/kambukka_mallsish.xml HTTP/2.0" 200 1023472 "-" "-"
51.77.52.107 - - [22/Apr/2025:07:09:25 +0200] "GET /Jurek/eurofirany/images/459255/0.jpg HTTP/2.0" 200 121348 "-" "baselinker"
46.101.116.244 - - [22/Apr/2025:07:09:26 +0200] "GET /Jurek/swiatecznygoliat/feeds/swiatecznygoliat_mallsish.xml HTTP/2.0" 200 7054395 "-" "-"
51.77.52.107 - - [22/Apr/2025:07:09:39 +0200] "GET /Jurek/eurofirany/images/459257/0.jpg HTTP/2.0" 200 117331 "-" "baselinker"
51.77.52.107 - - [22/Apr/2025:07:09:51 +0200] "GET /Jurek/eurofirany/images/459257/0.jpg HTTP/2.0" 200 117331 "-" "baselinker"
51.77.52.107 - - [22/Apr/2025:07:10:06 +0200] "GET /Jurek/eurofirany/images/459257/0.jpg HTTP/2.0" 200 117331 "-" "baselinker"
51.77.52.107 - - [22/Apr/2025:07:10:20 +0200] "GET /Jurek/eurofirany/images/459264/0.jpg HTTP/2.0" 200 90203 "-" "baselinker"
46.101.116.244 - - [22/Apr/2025:07:10:24 +0200] "GET /Jurek/octopia/feeds/octopia_mallsish.xml HTTP/2.0" 200 10103817 "-" "-"
51.77.52.107 - - [22/Apr/2025:07:10:37 +0200] "GET /Jurek/eurofirany/images/459264/0.jpg HTTP/2.0" 200 90203 "-" "baselinker"
46.101.116.244 - - [22/Apr/2025:07:10:39 +0200] "GET /Jurek/topeshop/feeds/topeshop_mallsish.xml HTTP/2.0" 200 2689068 "-" "-"
51.77.52.107 - - [22/Apr/2025:07:10:52 +0200] "GET /Jurek/eurofirany/images/459264/0.jpg HTTP/2.0" 200 90203 "-" "baselinker"
89.161.206.59 - - [22/Apr/2025:07:10:54 +0200] "GET /Jurek/kinghoff/feeds/kinghoff_amazon_de.xml HTTP/1.0" 200 15460272 "-" "-"
89.161.206.59 - - [22/Apr/2025:07:10:54 +0200] "GET /Jurek/bass/feeds/bass_amazonde.xml HTTP/1.0" 200 3971960 "-" "-"
51.77.52.107 - - [22/Apr/2025:07:11:06 +0200] "GET /Jurek/eurofirany/images/459128/0.jpg HTTP/2.0" 200 100828 "-" "baselinker"
51.77.52.107 - - [22/Apr/2025:07:11:10 +0200] "GET /Jurek/eurofirany/images/459128/0.jpg HTTP/2.0" 200 100828 "-" "baselinker"
51.77.52.107 - - [22/Apr/2025:07:11:15 +0200] "GET /Jurek/eurofirany/images/459128/0.jpg HTTP/2.0" 200 100828 "-" "baselinker"
51.77.52.107 - - [22/Apr/2025:07:11:21 +0200] "GET /Jurek/eurofirany/images/459138/0.jpg HTTP/2.0" 200 87252 "-" "baselinker"
51.77.52.107 - - [22/Apr/2025:07:11:27 +0200] "GET /Jurek/eurofirany/images/459138/0.jpg HTTP/2.0" 200 87252 "-" "baselinker"
46.101.116.244 - - [22/Apr/2025:07:11:36 +0200] "GET /Jurek/aw/feeds/aw_fnacfr.xml HTTP/1.0" 404 3551 "-" "-"
89.161.206.59 - - [22/Apr/2025:07:11:43 +0200] "GET /Jurek/drewdon/feeds/drewdon_cdsc.xml HTTP/1.0" 200 483678 "-" "-"
89.161.206.59 - - [22/Apr/2025:07:11:43 +0200] "GET /Jurek/dekoele/feeds/dekoele_cdsc.xml HTTP/1.0" 200 478898 "-" "-"
89.161.206.59 - - [22/Apr/2025:07:11:46 +0200] "GET /Jurek/zenex/feeds/zenex_cdsc.xml HTTP/1.0" 200 540182 "-" "-"
89.161.206.59 - - [22/Apr/2025:07:11:46 +0200] "GET /Jurek/avenido/feeds/avenido_cdsc.xml HTTP/1.0" 200 449200 "-" "-"
89.161.206.59 - - [22/Apr/2025:07:11:47 +0200] "GET /Jurek/filmal/feeds/filmal_cdsc.xml HTTP/1.0" 200 105877 "-" "-"
89.161.206.59 - - [22/Apr/2025:07:11:47 +0200] "GET /Jurek/riko/feeds/riko_cdsc.xml HTTP/1.0" 200 3649189 "-" "-"
89.161.206.59 - - [22/Apr/2025:07:11:48 +0200] "GET /Jurek/carbonyway/feeds/carbonyway_cdsc.xml HTTP/1.0" 200 2759419 "-" "-"
89.161.206.59 - - [22/Apr/2025:07:11:48 +0200] "GET /Jurek/ikonka/feeds/ikonka_cdsc.xml HTTP/1.0" 200 22171325 "-" "-"
51.77.52.107 - - [22/Apr/2025:07:11:51 +0200] "GET /Jurek/eurofirany/images/459138/0.jpg HTTP/2.0" 200 87252 "-" "baselinker"
51.77.52.107 - - [22/Apr/2025:07:11:55 +0200] "GET /Jurek/eurofirany/images/459252/0.jpg HTTP/2.0" 200 108759 "-" "baselinker"
51.77.52.107 - - [22/Apr/2025:07:12:08 +0200] "GET /Jurek/eurofirany/images/459252/0.jpg HTTP/2.0" 200 108759 "-" "baselinker"
51.77.52.107 - - [22/Apr/2025:07:12:23 +0200] "GET /Jurek/eurofirany/images/459252/0.jpg HTTP/2.0" 200 108759 "-" "baselinker"
51.77.52.107 - - [22/Apr/2025:07:12:35 +0200] "GET /Jurek/eurofirany/images/459256/0.jpg HTTP/2.0" 200 117331 "-" "baselinker"
51.77.52.107 - - [22/Apr/2025:07:12:49 +0200] "GET /Jurek/eurofirany/images/459256/0.jpg HTTP/2.0" 200 117331 "-" "baselinker"
51.77.52.107 - - [22/Apr/2025:07:13:05 +0200] "GET /Jurek/eurofirany/images/459256/0.jpg HTTP/2.0" 200 117331 "-" "baselinker"
89.161.206.59 - - [22/Apr/2025:07:13:11 +0200] "GET /Jurek/rosfix/feeds/rosfix_cdsc.xml HTTP/1.0" 200 19132913 "-" "-"
89.161.206.59 - - [22/Apr/2025:07:13:12 +0200] "GET /Jurek/fertes/feeds/fertes_cdsc.xml HTTP/1.0" 200 2192543 "-" "-"
51.77.52.107 - - [22/Apr/2025:07:13:18 +0200] "GET /Jurek/eurofirany/images/459261/0.jpg HTTP/2.0" 200 111934 "-" "baselinker"
51.77.52.107 - - [22/Apr/2025:07:13:32 +0200] "GET /Jurek/eurofirany/images/459261/0.jpg HTTP/2.0" 200 111934 "-" "baselinker"
89.161.206.59 - - [22/Apr/2025:07:13:36 +0200] "GET /Jurek/bass_new/feeds/bass_ebayde.xml HTTP/1.0" 200 4806671 "-" "-"
66.249.64.166 - - [22/Apr/2025:07:13:41 +0200] "GET /Jurek/eurofirany/images/408356/5.jpg HTTP/1.1" 200 193304 "-" "Googlebot-Image/1.0"
51.77.52.107 - - [22/Apr/2025:07:13:46 +0200] "GET /Jurek/eurofirany/images/459261/0.jpg HTTP/2.0" 200 111934 "-" "baselinker"
46.101.116.244 - - [22/Apr/2025:07:13:47 +0200] "GET /Jurek/activeshop/feeds/activeshop_mallsish.xml HTTP/2.0" 200 10453612 "-" "-"
51.77.52.107 - - [22/Apr/2025:07:13:49 +0200] "GET /Jurek/eurofirany/images/390070/0.jpg HTTP/2.0" 200 67445 "-" "baselinker"
51.77.52.107 - - [22/Apr/2025:07:14:03 +0200] "GET /Jurek/eurofirany/images/390070/0.jpg HTTP/2.0" 200 67445 "-" "baselinker"
51.77.52.107 - - [22/Apr/2025:07:14:17 +0200] "GET /Jurek/eurofirany/images/390070/0.jpg HTTP/2.0" 200 67445 "-" "baselinker"
51.77.52.107 - - [22/Apr/2025:07:14:33 +0200] "GET /Jurek/eurofirany/images/438934/0.jpg HTTP/2.0" 200 86856 "-" "baselinker"
51.77.52.107 - - [22/Apr/2025:07:14:48 +0200] "GET /Jurek/eurofirany/images/438934/0.jpg HTTP/2.0" 200 86856 "-" "baselinker"
51.77.52.107 - - [22/Apr/2025:07:14:56 +0200] "GET /Jurek/eurofirany/images/438934/0.jpg HTTP/2.0" 200 86856 "-" "baselinker"
51.77.52.107 - - [22/Apr/2025:07:15:11 +0200] "GET /Jurek/eurofirany/images/391107/0.jpg HTTP/2.0" 200 98566 "-" "baselinker"
51.77.52.107 - - [22/Apr/2025:07:15:23 +0200] "GET /Jurek/eurofirany/images/391107/0.jpg HTTP/2.0" 200 98566 "-" "baselinker"
51.77.52.107 - - [22/Apr/2025:07:15:27 +0200] "GET /Jurek/eurofirany/images/391107/0.jpg HTTP/2.0" 200 98566 "-" "baselinker"
51.77.52.107 - - [22/Apr/2025:07:15:34 +0200] "GET /Jurek/eurofirany/images/391111/0.jpg HTTP/2.0" 200 98566 "-" "baselinker"
51.77.52.107 - - [22/Apr/2025:07:15:46 +0200] "GET /Jurek/eurofirany/images/391111/0.jpg HTTP/2.0" 200 98566 "-" "baselinker"
51.77.52.107 - - [22/Apr/2025:07:15:51 +0200] "GET /Jurek/eurofirany/images/391111/0.jpg HTTP/2.0" 200 98566 "-" "baselinker"
51.77.52.107 - - [22/Apr/2025:07:15:57 +0200] "GET /Jurek/eurofirany/images/391112/0.jpg HTTP/2.0" 200 98566 "-" "baselinker"
51.77.52.107 - - [22/Apr/2025:07:16:07 +0200] "GET /Jurek/eurofirany/images/391112/0.jpg HTTP/2.0" 200 98566 "-" "baselinker"
46.101.116.244 - - [22/Apr/2025:07:16:07 +0200] "GET /Jurek/aw/feeds/aw_fnacfr.xml HTTP/1.0" 404 3551 "-" "-"
51.77.52.107 - - [22/Apr/2025:07:16:12 +0200] "GET /Jurek/eurofirany/images/391112/0.jpg HTTP/2.0" 200 98566 "-" "baselinker"
51.77.52.107 - - [22/Apr/2025:07:16:18 +0200] "GET /Jurek/eurofirany/images/391117/0.jpg HTTP/2.0" 200 101651 "-" "baselinker"
51.77.52.107 - - [22/Apr/2025:07:16:21 +0200] "GET /Jurek/eurofirany/images/391117/0.jpg HTTP/2.0" 200 101651 "-" "baselinker"
51.77.52.107 - - [22/Apr/2025:07:16:27 +0200] "GET /Jurek/eurofirany/images/391117/0.jpg HTTP/2.0" 200 101651 "-" "baselinker"
51.77.52.107 - - [22/Apr/2025:07:16:39 +0200] "GET /Jurek/eurofirany/images/391218/0.jpg HTTP/2.0" 200 121015 "-" "baselinker"
89.161.206.59 - - [22/Apr/2025:07:16:46 +0200] "GET /Jurek/filmal/feeds/filmal_aliex.xml HTTP/1.0" 200 139293 "-" "-"
89.161.206.59 - - [22/Apr/2025:07:16:47 +0200] "GET /Jurek/sovapl/feeds/sovapl_aliex.xml HTTP/1.0" 200 9002777 "-" "-"
89.161.206.59 - - [22/Apr/2025:07:16:48 +0200] "GET /Jurek/riko/feeds/riko_aliex.xml HTTP/1.0" 200 3786221 "-" "-"
89.161.206.59 - - [22/Apr/2025:07:16:48 +0200] "GET /Jurek/gandalf/feeds/gandalf_aliex.xml HTTP/1.0" 200 1082569 "-" "-"
89.161.206.59 - - [22/Apr/2025:07:16:48 +0200] "GET /Jurek/andex/feeds/andex_aliex.xml HTTP/1.0" 200 1953942 "-" "-"
89.161.206.59 - - [22/Apr/2025:07:16:49 +0200] "GET /Jurek/sebmart/feeds/sebmart_aliex.xml HTTP/1.0" 200 1599123 "-" "-"
89.161.206.59 - - [22/Apr/2025:07:16:49 +0200] "GET /Jurek/bemipol/feeds/bemipol_aliex.xml HTTP/1.0" 200 423676 "-" "-"
89.161.206.59 - - [22/Apr/2025:07:16:50 +0200] "GET /Jurek/tsjerzy/feeds/tsjerzy_aliex.xml HTTP/1.0" 200 3899770 "-" "-"
46.101.116.244 - - [22/Apr/2025:07:16:50 +0200] "GET /Jurek/hurtownia_przemyslowa/feeds/hp_mallsish.xml HTTP/2.0" 200 49362338 "-" "-"
89.161.206.59 - - [22/Apr/2025:07:16:50 +0200] "GET /Jurek/equalo/feeds/equalo_aliex.xml HTTP/1.0" 200 98017 "-" "-"
89.161.206.59 - - [22/Apr/2025:07:16:50 +0200] "GET /Jurek/newtechele/feeds/newtechele_aliex.xml HTTP/1.0" 200 2438724 "-" "-"
89.161.206.59 - - [22/Apr/2025:07:16:50 +0200] "GET /Jurek/nonabox/feeds/nonabox_aliex.xml HTTP/1.0" 200 33874 "-" "-"
89.161.206.59 - - [22/Apr/2025:07:16:51 +0200] "GET /Jurek/amzteam/feeds/amzteam_aliex.xml HTTP/1.0" 200 97912 "-" "-"
51.77.52.107 - - [22/Apr/2025:07:16:54 +0200] "GET /Jurek/eurofirany/images/391218/0.jpg HTTP/2.0" 200 121015 "-" "baselinker"
89.161.206.59 - - [22/Apr/2025:07:16:54 +0200] "GET /Jurek/targethome/feeds/targethome_emagro.xml HTTP/1.0" 200 688686 "-" "-"
51.77.52.107 - - [22/Apr/2025:07:16:58 +0200] "GET /Jurek/eurofirany/images/391218/0.jpg HTTP/2.0" 200 121015 "-" "baselinker"
51.77.52.107 - - [22/Apr/2025:07:17:04 +0200] "GET /Jurek/eurofirany/images/391219/0.jpg HTTP/2.0" 200 121015 "-" "baselinker"
89.161.206.59 - - [22/Apr/2025:07:17:10 +0200] "GET /Jurek/gandalf/feeds/gandalf_emagro.xml HTTP/1.0" 200 1082576 "-" "-"
89.161.206.59 - - [22/Apr/2025:07:17:10 +0200] "GET /Jurek/zami/feeds/zami_emagro.xml HTTP/1.0" 200 4475429 "-" "-"
51.77.52.107 - - [22/Apr/2025:07:17:16 +0200] "GET /Jurek/eurofirany/images/391219/0.jpg HTTP/2.0" 200 121015 "-" "baselinker"
89.161.206.59 - - [22/Apr/2025:07:17:17 +0200] "GET /Jurek/kobi/feeds/kobi_emagro.xml HTTP/1.0" 200 249079 "-" "-"
51.77.52.107 - - [22/Apr/2025:07:17:21 +0200] "GET /Jurek/eurofirany/images/391219/0.jpg HTTP/2.0" 200 121015 "-" "baselinker"
51.77.52.107 - - [22/Apr/2025:07:17:24 +0200] "GET /Jurek/eurofirany/images/391220/0.jpg HTTP/2.0" 200 121015 "-" "baselinker"
46.101.116.244 - - [22/Apr/2025:07:17:26 +0200] "GET /Jurek/action/feeds/action_mallsish.xml HTTP/2.0" 200 59853841 "-" "-"
51.77.52.107 - - [22/Apr/2025:07:17:28 +0200] "GET /Jurek/eurofirany/images/391220/0.jpg HTTP/2.0" 200 121015 "-" "baselinker"
51.77.52.107 - - [22/Apr/2025:07:17:32 +0200] "GET /Jurek/eurofirany/images/391220/0.jpg HTTP/2.0" 200 121015 "-" "baselinker"
51.77.52.107 - - [22/Apr/2025:07:17:49 +0200] "GET /Jurek/eurofirany/images/391225/0.jpg HTTP/2.0" 200 86370 "-" "baselinker"
51.77.52.107 - - [22/Apr/2025:07:17:53 +0200] "GET /Jurek/eurofirany/images/391225/0.jpg HTTP/2.0" 200 86370 "-" "baselinker"
51.77.52.107 - - [22/Apr/2025:07:17:58 +0200] "GET /Jurek/eurofirany/images/391225/0.jpg HTTP/2.0" 200 86370 "-" "baselinker"
51.77.52.107 - - [22/Apr/2025:07:18:04 +0200] "GET /Jurek/eurofirany/images/391226/0.jpg HTTP/2.0" 200 86370 "-" "baselinker"
51.77.52.107 - - [22/Apr/2025:07:18:16 +0200] "GET /Jurek/eurofirany/images/391226/0.jpg HTTP/2.0" 200 86370 "-" "baselinker"
51.77.52.107 - - [22/Apr/2025:07:18:20 +0200] "GET /Jurek/eurofirany/images/391226/0.jpg HTTP/2.0" 200 86370 "-" "baselinker"
51.77.52.107 - - [22/Apr/2025:07:18:31 +0200] "GET /Jurek/eurofirany/images/391228/0.jpg HTTP/2.0" 200 102890 "-" "baselinker"
51.77.52.107 - - [22/Apr/2025:07:18:48 +0200] "GET /Jurek/eurofirany/images/391228/0.jpg HTTP/2.0" 200 102890 "-" "baselinker"
51.77.52.107 - - [22/Apr/2025:07:18:51 +0200] "GET /Jurek/eurofirany/images/391228/0.jpg HTTP/2.0" 200 102890 "-" "baselinker"
51.77.52.107 - - [22/Apr/2025:07:18:56 +0200] "GET /Jurek/eurofirany/images/391245/0.jpg HTTP/2.0" 200 105776 "-" "baselinker"
51.77.52.107 - - [22/Apr/2025:07:19:00 +0200] "GET /Jurek/eurofirany/images/391245/0.jpg HTTP/2.0" 200 105776 "-" "baselinker"
51.77.52.107 - - [22/Apr/2025:07:19:04 +0200] "GET /Jurek/eurofirany/images/391245/0.jpg HTTP/2.0" 200 105776 "-" "baselinker"
51.77.52.107 - - [22/Apr/2025:07:19:10 +0200] "GET /Jurek/eurofirany/images/391246/0.jpg HTTP/2.0" 200 105776 "-" "baselinker"
89.161.206.59 - - [22/Apr/2025:07:19:11 +0200] "GET /Jurek/domzapachy/feeds/domzapachy_skroutz.xml HTTP/1.0" 200 179761 "-" "-"
89.161.206.59 - - [22/Apr/2025:07:19:11 +0200] "GET /Jurek/wenom/feeds/wenom_skroutz.xml HTTP/1.0" 200 583076 "-" "-"
89.161.206.59 - - [22/Apr/2025:07:19:13 +0200] "GET /Jurek/euroshop/feeds/euroshop_skroutz.xml HTTP/1.0" 200 20025448 "-" "-"
89.161.206.59 - - [22/Apr/2025:07:19:15 +0200] "GET /Jurek/german/feeds/german_skroutz.xml HTTP/1.0" 200 2449512 "-" "-"
51.77.52.107 - - [22/Apr/2025:07:19:22 +0200] "GET /Jurek/eurofirany/images/391246/0.jpg HTTP/2.0" 200 105776 "-" "baselinker"
51.77.52.107 - - [22/Apr/2025:07:19:28 +0200] "GET /Jurek/eurofirany/images/391246/0.jpg HTTP/2.0" 200 105776 "-" "baselinker"
51.77.52.107 - - [22/Apr/2025:07:19:33 +0200] "GET /Jurek/eurofirany/images/391247/0.jpg HTTP/2.0" 200 105776 "-" "baselinker"
46.101.116.244 - - [22/Apr/2025:07:19:35 +0200] "GET /Jurek/beliani/feeds/beliani_si_mallsi.xml HTTP/2.0" 200 31057964 "-" "-"
51.77.52.107 - - [22/Apr/2025:07:19:38 +0200] "GET /Jurek/eurofirany/images/391247/0.jpg HTTP/2.0" 200 105776 "-" "baselinker"
51.77.52.107 - - [22/Apr/2025:07:19:42 +0200] "GET /Jurek/eurofirany/images/391247/0.jpg HTTP/2.0" 200 105776 "-" "baselinker"
51.77.52.107 - - [22/Apr/2025:07:19:47 +0200] "GET /Jurek/eurofirany/images/391248/0.jpg HTTP/2.0" 200 105776 "-" "baselinker"
51.77.52.107 - - [22/Apr/2025:07:20:01 +0200] "GET /Jurek/eurofirany/images/391248/0.jpg HTTP/2.0" 200 105776 "-" "baselinker"
51.77.52.107 - - [22/Apr/2025:07:20:04 +0200] "GET /Jurek/eurofirany/images/391248/0.jpg HTTP/2.0" 200 105776 "-" "baselinker"
51.77.52.107 - - [22/Apr/2025:07:20:09 +0200] "GET /Jurek/eurofirany/images/391249/0.jpg HTTP/2.0" 200 105776 "-" "baselinker"
51.77.52.107 - - [22/Apr/2025:07:20:14 +0200] "GET /Jurek/eurofirany/images/391249/0.jpg HTTP/2.0" 200 105776 "-" "baselinker"
51.77.52.107 - - [22/Apr/2025:07:20:18 +0200] "GET /Jurek/eurofirany/images/391249/0.jpg HTTP/2.0" 200 105776 "-" "baselinker"
46.101.116.244 - - [22/Apr/2025:07:20:21 +0200] "GET /Jurek/rovicky/feeds/rovicky_mallsish.xml HTTP/2.0" 200 15018290 "-" "-"
51.77.52.107 - - [22/Apr/2025:07:20:22 +0200] "GET /Jurek/eurofirany/images/391250/0.jpg HTTP/2.0" 200 105776 "-" "baselinker"
51.77.52.107 - - [22/Apr/2025:07:20:27 +0200] "GET /Jurek/eurofirany/images/391250/0.jpg HTTP/2.0" 200 105776 "-" "baselinker"
51.77.52.107 - - [22/Apr/2025:07:20:31 +0200] "GET /Jurek/eurofirany/images/391250/0.jpg HTTP/2.0" 200 105776 "-" "baselinker"
46.101.116.244 - - [22/Apr/2025:07:20:32 +0200] "GET /Jurek/detian/feeds/detian_mallsish.xml HTTP/2.0" 404 3551 "-" "-"
51.77.52.107 - - [22/Apr/2025:07:20:36 +0200] "GET /Jurek/eurofirany/images/391253/0.jpg HTTP/2.0" 200 127247 "-" "baselinker"
51.77.52.107 - - [22/Apr/2025:07:20:41 +0200] "GET /Jurek/eurofirany/images/391253/0.jpg HTTP/2.0" 200 127247 "-" "baselinker"
46.101.116.244 - - [22/Apr/2025:07:20:43 +0200] "GET /Jurek/ikonka/feeds/ikonka_mallsish.xml HTTP/2.0" 200 22171281 "-" "-"
51.77.52.107 - - [22/Apr/2025:07:20:44 +0200] "GET /Jurek/eurofirany/images/391253/0.jpg HTTP/2.0" 200 127247 "-" "baselinker"
51.77.52.107 - - [22/Apr/2025:07:20:49 +0200] "GET /Jurek/eurofirany/images/391256/0.jpg HTTP/2.0" 200 170668 "-" "baselinker"
51.77.52.107 - - [22/Apr/2025:07:20:54 +0200] "GET /Jurek/eurofirany/images/391256/0.jpg HTTP/2.0" 200 170668 "-" "baselinker"
46.101.116.244 - - [22/Apr/2025:07:20:57 +0200] "GET /Jurek/candellux/feeds/candellux_mallsish.xml HTTP/2.0" 200 465720 "-" "-"
51.77.52.107 - - [22/Apr/2025:07:21:06 +0200] "GET /Jurek/eurofirany/images/391256/0.jpg HTTP/2.0" 200 170668 "-" "baselinker"
46.101.116.244 - - [22/Apr/2025:07:21:07 +0200] "GET /Jurek/andex/feeds/andex_mallslsh.xml HTTP/2.0" 200 1953458 "-" "-"
51.77.52.107 - - [22/Apr/2025:07:21:12 +0200] "GET /Jurek/eurofirany/images/395838/0.jpg HTTP/2.0" 200 98566 "-" "baselinker"
46.101.116.244 - - [22/Apr/2025:07:21:18 +0200] "GET /Jurek/chemex/feeds/chemex_mallsish.xml HTTP/2.0" 200 47809880 "-" "-"
51.77.52.107 - - [22/Apr/2025:07:21:25 +0200] "GET /Jurek/eurofirany/images/395838/0.jpg HTTP/2.0" 200 98566 "-" "baselinker"
51.77.52.107 - - [22/Apr/2025:07:21:29 +0200] "GET /Jurek/eurofirany/images/395838/0.jpg HTTP/2.0" 200 98566 "-" "baselinker"
46.101.116.244 - - [22/Apr/2025:07:21:33 +0200] "GET /Jurek/aw/feeds/aw_fnacfr.xml HTTP/1.0" 404 3551 "-" "-"
46.101.116.244 - - [22/Apr/2025:07:21:33 +0200] "GET /Jurek/aw/feeds/awnarzedzia_mallsish.xml HTTP/2.0" 200 90520921 "-" "-"
51.77.52.107 - - [22/Apr/2025:07:21:36 +0200] "GET /Jurek/eurofirany/images/395842/0.jpg HTTP/2.0" 200 105776 "-" "baselinker"
89.161.206.59 - - [22/Apr/2025:07:21:40 +0200] "GET /Jurek/eurofryz/feeds/eurofryz_cdsc.xml HTTP/1.0" 200 830786 "-" "-"
51.77.52.107 - - [22/Apr/2025:07:21:41 +0200] "GET /Jurek/eurofirany/images/395842/0.jpg HTTP/2.0" 200 105776 "-" "baselinker"
46.101.116.244 - - [22/Apr/2025:07:21:41 +0200] "GET /Jurek/kinghoff/feeds/kinghoff_ceneo.xml HTTP/1.0" 200 15461297 "-" "-"
46.101.116.244 - - [22/Apr/2025:07:21:42 +0200] "GET /Jurek/barbecook/feeds/barbecook_allegro.xml HTTP/1.0" 200 87554 "-" "-"
51.77.52.107 - - [22/Apr/2025:07:21:44 +0200] "GET /Jurek/eurofirany/images/395842/0.jpg HTTP/2.0" 200 105776 "-" "baselinker"
46.101.116.244 - - [22/Apr/2025:07:21:46 +0200] "GET /Jurek/vida_morele/feeds/vidaPL_velomarket_category0.xml HTTP/1.0" 200 144946884 "-" "-"
46.101.116.244 - - [22/Apr/2025:07:21:49 +0200] "GET /Jurek/vida_morele/feeds/vidaPL_velomarket_category2.xml HTTP/1.0" 200 42848542 "-" "-"
51.77.52.107 - - [22/Apr/2025:07:21:49 +0200] "GET /Jurek/eurofirany/images/457781/0.jpg HTTP/2.0" 200 90931 "-" "baselinker"
51.77.52.107 - - [22/Apr/2025:07:21:54 +0200] "GET /Jurek/eurofirany/images/457781/0.jpg HTTP/2.0" 200 90931 "-" "baselinker"
46.101.116.244 - - [22/Apr/2025:07:21:57 +0200] "GET /Jurek/vida_morele/feeds/vidaPL_velomarket_category1.xml HTTP/1.0" 200 178445140 "-" "-"
51.77.52.107 - - [22/Apr/2025:07:21:58 +0200] "GET /Jurek/eurofirany/images/457781/0.jpg HTTP/2.0" 200 90931 "-" "baselinker"
46.101.116.244 - - [22/Apr/2025:07:21:59 +0200] "GET /Jurek/vida_morele/feeds/vidaPL_velomarket_category3.xml HTTP/1.0" 200 45164835 "-" "-"
51.77.52.107 - - [22/Apr/2025:07:22:03 +0200] "GET /Jurek/eurofirany/images/457066/0.jpg HTTP/2.0" 200 57301 "-" "baselinker"
85.232.241.194 - - [22/Apr/2025:07:22:03 +0200] "GET /Jurek/action/feeds/action_ubaldi.xml HTTP/1.1" 200 59855028 "-" "Python-urllib/3.11"
51.77.52.107 - - [22/Apr/2025:07:22:07 +0200] "GET /Jurek/eurofirany/images/457066/0.jpg HTTP/2.0" 200 57301 "-" "baselinker"
85.232.241.194 - - [22/Apr/2025:07:22:07 +0200] "GET /Jurek/hurtownia_przemyslowa/feeds/hp_ubaldi.xml HTTP/1.1" 200 49363038 "-" "Python-urllib/3.11"
85.232.241.194 - - [22/Apr/2025:07:22:08 +0200] "GET /Jurek/aw/feeds/aw_ubaldi.xml HTTP/1.1" 200 90523285 "-" "Python-urllib/3.11"
85.232.241.194 - - [22/Apr/2025:07:22:10 +0200] "GET /Jurek/intsell/feeds/intsell_rue.xml HTTP/1.1" 200 342009695 "-" "Python-urllib/3.11"
85.232.241.194 - - [22/Apr/2025:07:22:10 +0200] "GET /Jurek/ekuchcikowo/feeds/ekuchcikowo_rue.xml HTTP/1.1" 200 12471031 "-" "Python-urllib/3.11"
85.232.241.194 - - [22/Apr/2025:07:22:10 +0200] "GET /Jurek/coppotech/feeds/coppotech_ubaldi.xml HTTP/1.1" 200 38049084 "-" "Python-urllib/3.11"
51.77.52.107 - - [22/Apr/2025:07:22:11 +0200] "GET /Jurek/eurofirany/images/457066/0.jpg HTTP/2.0" 200 57301 "-" "baselinker"
85.232.241.194 - - [22/Apr/2025:07:22:14 +0200] "GET /Jurek/naszedzieci/feeds/naszedzieci_ubaldi.xml HTTP/1.1" 200 833168061 "-" "Python-urllib/3.11"
85.232.241.194 - - [22/Apr/2025:07:22:14 +0200] "GET /Jurek/kidshop/feeds/kidshop_ubaldi.xml HTTP/1.1" 200 19850637 "-" "Python-urllib/3.11"
85.232.241.194 - - [22/Apr/2025:07:22:14 +0200] "GET /Jurek/kobi/feeds/kobi_ubaldi.xml HTTP/1.1" 200 1993168 "-" "Python-urllib/3.11"
85.232.241.194 - - [22/Apr/2025:07:22:14 +0200] "GET /Jurek/najtanszysport/feeds/najtanszysport_ubaldi.xml HTTP/1.1" 200 3983290 "-" "Python-urllib/3.11"
51.77.52.107 - - [22/Apr/2025:07:22:15 +0200] "GET /Jurek/eurofirany/images/455778/0.jpg HTTP/2.0" 200 78408 "-" "baselinker"
85.232.241.194 - - [22/Apr/2025:07:22:15 +0200] "GET /Jurek/polzoo/feeds/polzoo_ubaldi.xml HTTP/1.1" 200 48122238 "-" "Python-urllib/3.11"
85.232.241.194 - - [22/Apr/2025:07:22:15 +0200] "GET /Jurek/luxma/feeds/luxma_ubaldi.xml HTTP/1.1" 200 8058629 "-" "Python-urllib/3.11"
85.232.241.194 - - [22/Apr/2025:07:22:15 +0200] "GET /Jurek/kristronik/feeds/kristronik_ubaldi.xml HTTP/1.1" 200 691966 "-" "Python-urllib/3.11"
85.232.241.194 - - [22/Apr/2025:07:22:15 +0200] "GET /Jurek/rider/feeds/rider_ubaldi.xml HTTP/1.1" 200 8165152 "-" "Python-urllib/3.11"
85.232.241.194 - - [22/Apr/2025:07:22:16 +0200] "GET /Jurek/broers/feeds/broers_ubaldi.xml HTTP/1.1" 200 1982643 "-" "Python-urllib/3.11"
85.232.241.194 - - [22/Apr/2025:07:22:16 +0200] "GET /Jurek/straganbiur/feeds/straganbiur_ubaldi.xml HTTP/1.1" 200 8893122 "-" "Python-urllib/3.11"
85.232.241.194 - - [22/Apr/2025:07:22:16 +0200] "GET /Jurek/b3/feeds/b3_ubaldi.xml HTTP/1.1" 200 8074856 "-" "Python-urllib/3.11"
85.232.241.194 - - [22/Apr/2025:07:22:16 +0200] "GET /Jurek/kinghoff/feeds/kinghoff_ubaldi.xml HTTP/1.1" 200 15460269 "-" "Python-urllib/3.11"
85.232.241.194 - - [22/Apr/2025:07:22:16 +0200] "GET /Jurek/topeshop/feeds/topeshop_ubaldi.xml HTTP/1.1" 200 2689022 "-" "Python-urllib/3.11"
85.232.241.194 - - [22/Apr/2025:07:22:16 +0200] "GET /Jurek/sempler/feeds/sempler_ubaldi.xml HTTP/1.1" 200 6787983 "-" "Python-urllib/3.11"
85.232.241.194 - - [22/Apr/2025:07:22:17 +0200] "GET /Jurek/asortymenteu/feeds/asortymenteu_ubaldi.xml HTTP/1.1" 200 2764702 "-" "Python-urllib/3.11"
85.232.241.194 - - [22/Apr/2025:07:22:17 +0200] "GET /Jurek/hlo/feeds/hlo_ubaldi.xml HTTP/1.1" 200 4837703 "-" "Python-urllib/3.11"
85.232.241.194 - - [22/Apr/2025:07:22:17 +0200] "GET /Jurek/elavia/feeds/elavia_ubaldi.xml HTTP/1.1" 200 2497283 "-" "Python-urllib/3.11"
85.232.241.194 - - [22/Apr/2025:07:22:17 +0200] "GET /Jurek/cdata/feeds/cdata_ubaldi.xml HTTP/1.1" 200 1445151 "-" "Python-urllib/3.11"
85.232.241.194 - - [22/Apr/2025:07:22:17 +0200] "GET /Jurek/cenoman/feeds/cenoman_ubaldi.xml HTTP/1.1" 200 5993208 "-" "Python-urllib/3.11"
85.232.241.194 - - [22/Apr/2025:07:22:19 +0200] "GET /Jurek/kamar/feeds/kamar_ubaldi.xml HTTP/1.1" 200 25548509 "-" "Python-urllib/3.11"
85.232.241.194 - - [22/Apr/2025:07:22:19 +0200] "GET /Jurek/avenido/feeds/avenido_ubaldi.xml HTTP/1.1" 200 720082 "-" "Python-urllib/3.11"
51.77.52.107 - - [22/Apr/2025:07:22:19 +0200] "GET /Jurek/eurofirany/images/455778/0.jpg HTTP/2.0" 200 78408 "-" "baselinker"
85.232.241.194 - - [22/Apr/2025:07:22:20 +0200] "GET /Jurek/zenex/feeds/zenex_ubaldi.xml HTTP/1.1" 200 540183 "-" "Python-urllib/3.11"
85.232.241.194 - - [22/Apr/2025:07:22:21 +0200] "GET /Jurek/makow/feeds/makow_ubaldi.xml HTTP/1.1" 200 21203809 "-" "Python-urllib/3.11"
51.77.52.107 - - [22/Apr/2025:07:22:23 +0200] "GET /Jurek/eurofirany/images/455778/0.jpg HTTP/2.0" 200 78408 "-" "baselinker"
85.232.241.194 - - [22/Apr/2025:07:22:24 +0200] "GET /Jurek/apresto/feeds/apresto_ubaldi.xml HTTP/1.1" 200 1327648 "-" "Python-urllib/3.11"
85.232.241.194 - - [22/Apr/2025:07:22:24 +0200] "GET /Jurek/carbonyway/feeds/carbonyway_ubaldi.xml HTTP/1.1" 200 3075944 "-" "Python-urllib/3.11"
85.232.241.194 - - [22/Apr/2025:07:22:26 +0200] "GET /Jurek/awparts/feeds/awparts_ubaldi.xml HTTP/1.1" 200 142302963 "-" "Python-urllib/3.11"
85.232.241.194 - - [22/Apr/2025:07:22:26 +0200] "GET /Jurek/kalama/feeds/kalama_ubaldi.xml HTTP/1.1" 200 2661774 "-" "Python-urllib/3.11"
85.232.241.194 - - [22/Apr/2025:07:22:27 +0200] "GET /Jurek/bloomglow/feeds/bloomglow_ubaldi.xml HTTP/1.1" 200 14095458 "-" "Python-urllib/3.11"
85.232.241.194 - - [22/Apr/2025:07:22:27 +0200] "GET /Jurek/zbimatyja/feeds/zbimatyja_ubaldi.xml HTTP/1.1" 200 11670222 "-" "Python-urllib/3.11"
51.77.52.107 - - [22/Apr/2025:07:22:29 +0200] "GET /Jurek/eurofirany/images/456498/0.jpg HTTP/2.0" 200 91966 "-" "baselinker"
89.161.206.59 - - [22/Apr/2025:07:22:29 +0200] "GET /Jurek/slayo/feeds/slayo_emagro.xml HTTP/1.0" 200 183630 "-" "-"
89.161.206.59 - - [22/Apr/2025:07:22:30 +0200] "GET /Jurek/mosti/feeds/mosti_emagro.xml HTTP/1.0" 200 4628081 "-" "-"
89.161.206.59 - - [22/Apr/2025:07:22:30 +0200] "GET /Jurek/ralmetal/feeds/ralmetal_emag.xml HTTP/1.0" 200 1787426 "-" "-"
51.77.52.107 - - [22/Apr/2025:07:22:41 +0200] "GET /Jurek/eurofirany/images/456498/0.jpg HTTP/2.0" 200 91966 "-" "baselinker"
51.77.52.107 - - [22/Apr/2025:07:22:48 +0200] "GET /Jurek/eurofirany/images/456498/0.jpg HTTP/2.0" 200 91966 "-" "baselinker"
51.77.52.107 - - [22/Apr/2025:07:22:59 +0200] "GET /Jurek/eurofirany/images/456507/0.jpg HTTP/2.0" 200 91966 "-" "baselinker"
51.77.52.107 - - [22/Apr/2025:07:23:04 +0200] "GET /Jurek/eurofirany/images/456507/0.jpg HTTP/2.0" 200 91966 "-" "baselinker"
51.77.52.107 - - [22/Apr/2025:07:23:09 +0200] "GET /Jurek/eurofirany/images/456507/0.jpg HTTP/2.0" 200 91966 "-" "baselinker"
46.101.116.244 - - [22/Apr/2025:07:23:13 +0200] "GET /Jurek/barbecook/feeds/barbecook_mallslsh.xml HTTP/2.0" 200 87532 "-" "-"
46.101.116.244 - - [22/Apr/2025:07:23:24 +0200] "GET /Jurek/duka/feeds/duka_mallslsh.xml HTTP/2.0" 200 57 "-" "-"
51.77.52.107 - - [22/Apr/2025:07:23:27 +0200] "GET /Jurek/eurofirany/images/456512/0.jpg HTTP/2.0" 200 107962 "-" "baselinker"
51.77.52.107 - - [22/Apr/2025:07:23:33 +0200] "GET /Jurek/eurofirany/images/456512/0.jpg HTTP/2.0" 200 107962 "-" "baselinker"
46.101.116.244 - - [22/Apr/2025:07:23:34 +0200] "GET /Jurek/miloohome/feeds/miloohome_mallsish.xml HTTP/2.0" 200 1421025 "-" "-"
51.77.52.107 - - [22/Apr/2025:07:23:37 +0200] "GET /Jurek/eurofirany/images/456512/0.jpg HTTP/2.0" 200 107962 "-" "baselinker"
51.77.52.107 - - [22/Apr/2025:07:23:41 +0200] "GET /Jurek/eurofirany/images/456513/0.jpg HTTP/2.0" 200 107962 "-" "baselinker"
51.77.52.107 - - [22/Apr/2025:07:23:45 +0200] "GET /Jurek/eurofirany/images/456513/0.jpg HTTP/2.0" 200 107962 "-" "baselinker"
46.101.116.244 - - [22/Apr/2025:07:23:45 +0200] "GET /Jurek/stema/feeds/stema_mallslsh.xml HTTP/2.0" 200 857160 "-" "-"
51.77.52.107 - - [22/Apr/2025:07:23:48 +0200] "GET /Jurek/eurofirany/images/456513/0.jpg HTTP/2.0" 200 107962 "-" "baselinker"
51.77.52.107 - - [22/Apr/2025:07:23:52 +0200] "GET /Jurek/eurofirany/images/456514/0.jpg HTTP/2.0" 200 107962 "-" "baselinker"
46.101.116.244 - - [22/Apr/2025:07:23:56 +0200] "GET /Jurek/fernity/feeds/fernity_mallslsh.xml HTTP/2.0" 200 4816476 "-" "-"
51.77.52.107 - - [22/Apr/2025:07:24:05 +0200] "GET /Jurek/eurofirany/images/456514/0.jpg HTTP/2.0" 200 107962 "-" "baselinker"
85.232.241.194 - - [22/Apr/2025:07:24:07 +0200] "GET /Jurek/aw/feeds/aw_worten.xml HTTP/1.1" 200 90520208 "-" "Python-urllib/3.11"
85.232.241.194 - - [22/Apr/2025:07:24:08 +0200] "GET /Jurek/aw/feeds/aw_wortenES.xml HTTP/1.1" 200 90520625 "-" "Python-urllib/3.11"
85.232.241.194 - - [22/Apr/2025:07:24:08 +0200] "GET /Jurek/action/feeds/action_worten.xml HTTP/1.1" 200 59855910 "-" "Python-urllib/3.11"
85.232.241.194 - - [22/Apr/2025:07:24:09 +0200] "GET /Jurek/action/feeds/action_wortenES.xml HTTP/1.1" 200 59855850 "-" "Python-urllib/3.11"
51.77.52.107 - - [22/Apr/2025:07:24:09 +0200] "GET /Jurek/eurofirany/images/456514/0.jpg HTTP/2.0" 200 107962 "-" "baselinker"
51.77.52.107 - - [22/Apr/2025:07:24:13 +0200] "GET /Jurek/eurofirany/images/456515/0.jpg HTTP/2.0" 200 107962 "-" "baselinker"
46.101.116.244 - - [22/Apr/2025:07:24:19 +0200] "GET /Jurek/kinghoff/feeds/kinghoff_mallslsh.xml HTTP/2.0" 200 15460261 "-" "-"
51.77.52.107 - - [22/Apr/2025:07:24:26 +0200] "GET /Jurek/eurofirany/images/456515/0.jpg HTTP/2.0" 200 107962 "-" "baselinker"
51.77.52.107 - - [22/Apr/2025:07:24:32 +0200] "GET /Jurek/eurofirany/images/456515/0.jpg HTTP/2.0" 200 107962 "-" "baselinker"
51.77.52.107 - - [22/Apr/2025:07:24:36 +0200] "GET /Jurek/eurofirany/images/456496/0.jpg HTTP/2.0" 200 94397 "-" "baselinker"
46.101.116.244 - - [22/Apr/2025:07:24:37 +0200] "GET /Jurek/kinghome/feeds/kinghome_mallslsh.xml HTTP/2.0" 200 6040139 "-" "-"
51.77.52.107 - - [22/Apr/2025:07:24:40 +0200] "GET /Jurek/eurofirany/images/456496/0.jpg HTTP/2.0" 200 94397 "-" "baselinker"
51.77.52.107 - - [22/Apr/2025:07:24:44 +0200] "GET /Jurek/eurofirany/images/456496/0.jpg HTTP/2.0" 200 94397 "-" "baselinker"
85.232.241.194 - - [22/Apr/2025:07:24:47 +0200] "GET /Jurek/octopia/feeds/octopia_worten.xml HTTP/1.1" 200 10105104 "-" "Python-urllib/3.11"
85.232.241.194 - - [22/Apr/2025:07:24:47 +0200] "GET /Jurek/octopia/feeds/octopia_wortenES.xml HTTP/1.1" 200 10105092 "-" "Python-urllib/3.11"
85.232.241.194 - - [22/Apr/2025:07:24:47 +0200] "GET /Jurek/hurtownia_przemyslowa/feeds/hp_worten.xml HTTP/1.1" 200 49362888 "-" "Python-urllib/3.11"
85.232.241.194 - - [22/Apr/2025:07:24:47 +0200] "GET /Jurek/hurtownia_przemyslowa/feeds/hp_wortenES.xml HTTP/1.1" 200 49362857 "-" "Python-urllib/3.11"
51.77.52.107 - - [22/Apr/2025:07:24:48 +0200] "GET /Jurek/eurofirany/images/456497/0.jpg HTTP/2.0" 200 156153 "-" "baselinker"
46.101.116.244 - - [22/Apr/2025:07:24:48 +0200] "GET /Jurek/vivaldi/feeds/vivaldi_Mall-slsh.xml HTTP/2.0" 200 344654 "-" "-"
85.232.241.194 - - [22/Apr/2025:07:24:52 +0200] "GET /Jurek/ikonka/feeds/ikonka_worten.xml HTTP/1.1" 200 22171320 "-" "Python-urllib/3.11"
85.232.241.194 - - [22/Apr/2025:07:24:52 +0200] "GET /Jurek/ikonka/feeds/ikonka_wortenES.xml HTTP/1.1" 200 22171322 "-" "Python-urllib/3.11"
85.232.241.194 - - [22/Apr/2025:07:24:55 +0200] "GET /Jurek/eroplace/feeds/eroplace_worten.xml HTTP/1.1" 200 52134987 "-" "Python-urllib/3.11"
85.232.241.194 - - [22/Apr/2025:07:24:55 +0200] "GET /Jurek/eroplace/feeds/eroplace_wortenES.xml HTTP/1.1" 200 52134500 "-" "Python-urllib/3.11"
85.232.241.194 - - [22/Apr/2025:07:24:56 +0200] "GET /Jurek/intsell/feeds/intsell_worten.xml HTTP/1.1" 200 342009117 "-" "Python-urllib/3.11"
85.232.241.194 - - [22/Apr/2025:07:24:57 +0200] "GET /Jurek/intsell/feeds/intsell_wortenES.xml HTTP/1.1" 200 342009848 "-" "Python-urllib/3.11"
85.232.241.194 - - [22/Apr/2025:07:24:57 +0200] "GET /Jurek/coppotech/feeds/coppotech_worten.xml HTTP/1.1" 200 38048553 "-" "Python-urllib/3.11"
85.232.241.194 - - [22/Apr/2025:07:24:58 +0200] "GET /Jurek/coppotech/feeds/coppotech_wortenES.xml HTTP/1.1" 200 38049516 "-" "Python-urllib/3.11"
85.232.241.194 - - [22/Apr/2025:07:24:58 +0200] "GET /Jurek/b3/feeds/b3_worten.xml HTTP/1.1" 200 8074894 "-" "Python-urllib/3.11"
85.232.241.194 - - [22/Apr/2025:07:24:58 +0200] "GET /Jurek/b3/feeds/b3_wortenES.xml HTTP/1.1" 200 8074925 "-" "Python-urllib/3.11"
85.232.241.194 - - [22/Apr/2025:07:24:58 +0200] "GET /Jurek/ekuchcikowo/feeds/ekuchcikowo_worten.xml HTTP/1.1" 200 12470956 "-" "Python-urllib/3.11"
85.232.241.194 - - [22/Apr/2025:07:24:59 +0200] "GET /Jurek/ekuchcikowo/feeds/ekuchcikowo_wortenES.xml HTTP/1.1" 200 12470998 "-" "Python-urllib/3.11"
85.232.241.194 - - [22/Apr/2025:07:24:59 +0200] "GET /Jurek/fertone/feeds/fertone_worten.xml HTTP/1.1" 200 570210 "-" "Python-urllib/3.11"
85.232.241.194 - - [22/Apr/2025:07:24:59 +0200] "GET /Jurek/fertone/feeds/fertone_wortenES.xml HTTP/1.1" 200 570203 "-" "Python-urllib/3.11"
46.101.116.244 - - [22/Apr/2025:07:24:59 +0200] "GET /Jurek/eurofirany/feeds/eurofirany_mall_si_shumee.xml HTTP/2.0" 200 19070507 "-" "-"
85.232.241.194 - - [22/Apr/2025:07:24:59 +0200] "GET /Jurek/sempler/feeds/sempler_worten.xml HTTP/1.1" 200 6787937 "-" "Python-urllib/3.11"
85.232.241.194 - - [22/Apr/2025:07:24:59 +0200] "GET /Jurek/sempler/feeds/sempler_wortenES.xml HTTP/1.1" 200 6787981 "-" "Python-urllib/3.11"
85.232.241.194 - - [22/Apr/2025:07:24:59 +0200] "GET /Jurek/euroshop/feeds/euroshop_worten.xml HTTP/1.1" 200 20025502 "-" "Python-urllib/3.11"
85.232.241.194 - - [22/Apr/2025:07:24:59 +0200] "GET /Jurek/euroshop/feeds/euroshop_wortenES.xml HTTP/1.1" 200 20025470 "-" "Python-urllib/3.11"
85.232.241.194 - - [22/Apr/2025:07:24:59 +0200] "GET /Jurek/ekolight/feeds/ekolight_worten.xml HTTP/1.1" 200 9052375 "-" "Python-urllib/3.11"
85.232.241.194 - - [22/Apr/2025:07:24:59 +0200] "GET /Jurek/ekolight/feeds/ekolight_wortenES.xml HTTP/1.1" 200 9052805 "-" "Python-urllib/3.11"
85.232.241.194 - - [22/Apr/2025:07:24:59 +0200] "GET /Jurek/erohurtownia/feeds/erohurtownia_worten.xml HTTP/1.1" 200 22846474 "-" "Python-urllib/3.11"
85.232.241.194 - - [22/Apr/2025:07:25:01 +0200] "GET /Jurek/erohurtownia/feeds/erohurtownia_wortenES.xml HTTP/1.1" 200 22846502 "-" "Python-urllib/3.11"
51.77.52.107 - - [22/Apr/2025:07:25:01 +0200] "GET /Jurek/eurofirany/images/456497/0.jpg HTTP/2.0" 200 156153 "-" "baselinker"
85.232.241.194 - - [22/Apr/2025:07:25:01 +0200] "GET /Jurek/kobi/feeds/kobi_worten.xml HTTP/1.1" 200 1993216 "-" "Python-urllib/3.11"
85.232.241.194 - - [22/Apr/2025:07:25:01 +0200] "GET /Jurek/kobi/feeds/kobi_wortenES.xml HTTP/1.1" 200 1993233 "-" "Python-urllib/3.11"
85.232.241.194 - - [22/Apr/2025:07:25:01 +0200] "GET /Jurek/elecomp/feeds/elecomp_worten.xml HTTP/1.1" 200 2867811 "-" "Python-urllib/3.11"
85.232.241.194 - - [22/Apr/2025:07:25:01 +0200] "GET /Jurek/elecomp/feeds/elecomp_wortenES.xml HTTP/1.1" 200 2867821 "-" "Python-urllib/3.11"
85.232.241.194 - - [22/Apr/2025:07:25:02 +0200] "GET /Jurek/kambukka/feeds/kambukka_worten.xml HTTP/1.1" 200 1023802 "-" "Python-urllib/3.11"
85.232.241.194 - - [22/Apr/2025:07:25:02 +0200] "GET /Jurek/kambukka/feeds/kambukka_wortenES.xml HTTP/1.1" 200 1023830 "-" "Python-urllib/3.11"
85.232.241.194 - - [22/Apr/2025:07:25:02 +0200] "GET /Jurek/waks/feeds/waks_worten.xml HTTP/1.1" 200 1596552 "-" "Python-urllib/3.11"
85.232.241.194 - - [22/Apr/2025:07:25:02 +0200] "GET /Jurek/waks/feeds/waks_wortenES.xml HTTP/1.1" 200 1596552 "-" "Python-urllib/3.11"
85.232.241.194 - - [22/Apr/2025:07:25:02 +0200] "GET /Jurek/oromed/feeds/oromed_worten.xml HTTP/1.1" 200 1103037 "-" "Python-urllib/3.11"
85.232.241.194 - - [22/Apr/2025:07:25:02 +0200] "GET /Jurek/oromed/feeds/oromed_wortenES.xml HTTP/1.1" 200 1103034 "-" "Python-urllib/3.11"
85.232.241.194 - - [22/Apr/2025:07:25:02 +0200] "GET /Jurek/benetech/feeds/benetech_worten.xml HTTP/1.1" 200 4165445 "-" "Python-urllib/3.11"
85.232.241.194 - - [22/Apr/2025:07:25:02 +0200] "GET /Jurek/benetech/feeds/benetech_wortenES.xml HTTP/1.1" 200 4165458 "-" "Python-urllib/3.11"
85.232.241.194 - - [22/Apr/2025:07:25:02 +0200] "GET /Jurek/spali/feeds/spali_worten.xml HTTP/1.1" 200 77058 "-" "Python-urllib/3.11"
85.232.241.194 - - [22/Apr/2025:07:25:03 +0200] "GET /Jurek/spali/feeds/spali_wortenES.xml HTTP/1.1" 200 77053 "-" "Python-urllib/3.11"
85.232.241.194 - - [22/Apr/2025:07:25:03 +0200] "GET /Jurek/najtanszysport/feeds/najtanszysport_worten.xml HTTP/1.1" 200 3983121 "-" "Python-urllib/3.11"
85.232.241.194 - - [22/Apr/2025:07:25:03 +0200] "GET /Jurek/najtanszysport/feeds/najtanszysport_wortenES.xml HTTP/1.1" 200 3983177 "-" "Python-urllib/3.11"
85.232.241.194 - - [22/Apr/2025:07:25:03 +0200] "GET /Jurek/maksik/feeds/maksik_worten.xml HTTP/1.1" 200 4084794 "-" "Python-urllib/3.11"
85.232.241.194 - - [22/Apr/2025:07:25:03 +0200] "GET /Jurek/maksik/feeds/maksik_wortenES.xml HTTP/1.1" 200 4084756 "-" "Python-urllib/3.11"
85.232.241.194 - - [22/Apr/2025:07:25:03 +0200] "GET /Jurek/urwiskowo/feeds/urwiskowo_worten.xml HTTP/1.1" 200 9114962 "-" "Python-urllib/3.11"
85.232.241.194 - - [22/Apr/2025:07:25:03 +0200] "GET /Jurek/urwiskowo/feeds/urwiskowo_wortenES.xml HTTP/1.1" 200 9114821 "-" "Python-urllib/3.11"
85.232.241.194 - - [22/Apr/2025:07:25:03 +0200] "GET /Jurek/combine/feeds/combine_worten.xml HTTP/1.1" 200 210557 "-" "Python-urllib/3.11"
85.232.241.194 - - [22/Apr/2025:07:25:03 +0200] "GET /Jurek/combine/feeds/combine_wortenES.xml HTTP/1.1" 200 210557 "-" "Python-urllib/3.11"
85.232.241.194 - - [22/Apr/2025:07:25:04 +0200] "GET /Jurek/eurofirany/feeds/eurofirany_worten.xml HTTP/1.1" 200 19070823 "-" "Python-urllib/3.11"
85.232.241.194 - - [22/Apr/2025:07:25:04 +0200] "GET /Jurek/eurofirany/feeds/eurofirany_wortenES.xml HTTP/1.1" 200 19070364 "-" "Python-urllib/3.11"
85.232.241.194 - - [22/Apr/2025:07:25:05 +0200] "GET /Jurek/kidshop/feeds/kidshop_worten.xml HTTP/1.1" 200 19850620 "-" "Python-urllib/3.11"
