88.220.33.218 - - [22/Apr/2025:14:06:04 +0200] "GET /Jurek/beliani/feeds/beliani_morele.xml HTTP/2.0" 200 31089602 "-" "MarketplaceAPI curl/7.64.0 PHP/8"
51.77.52.107 - - [22/Apr/2025:14:06:10 +0200] "GET /Jurek/eurofirany/images/464033/0.jpg HTTP/2.0" 200 45666 "-" "baselinker"
51.77.52.107 - - [22/Apr/2025:14:06:15 +0200] "GET /Jurek/eurofirany/images/464033/0.jpg HTTP/2.0" 200 45666 "-" "baselinker"
51.77.52.107 - - [22/Apr/2025:14:06:40 +0200] "GET /Jurek/eurofirany/images/464034/0.jpg HTTP/2.0" 200 53403 "-" "baselinker"
193.33.8.61 - - [22/Apr/2025:14:06:41 +0200] "GET /Jurek/livinhill/download/livinhill.xml HTTP/2.0" 200 1466819 "https://konsola.dkkapusta1997.usermd.net/" "Mozilla/5.0 (Windows NT 10.0; Win64; x64) AppleWebKit/537.36 (KHTML, like Gecko) Chrome/135.0.0.0 Safari/537.36"
46.101.116.244 - - [22/Apr/2025:14:06:46 +0200] "GET /Jurek/aw/feeds/aw_fnacfr.xml HTTP/1.0" 404 3551 "-" "-"
51.77.52.107 - - [22/Apr/2025:14:06:47 +0200] "GET /Jurek/eurofirany/images/464034/0.jpg HTTP/2.0" 200 53403 "-" "baselinker"
51.77.52.107 - - [22/Apr/2025:14:06:54 +0200] "GET /Jurek/eurofirany/images/464034/0.jpg HTTP/2.0" 200 53403 "-" "baselinker"
51.77.52.107 - - [22/Apr/2025:14:06:59 +0200] "GET /Jurek/eurofirany/images/464044/0.jpg HTTP/2.0" 200 51166 "-" "baselinker"
51.77.52.107 - - [22/Apr/2025:14:07:20 +0200] "GET /Jurek/eurofirany/images/464044/0.jpg HTTP/2.0" 200 51166 "-" "baselinker"
51.77.52.107 - - [22/Apr/2025:14:07:22 +0200] "GET /Jurek/eurofirany/images/464044/0.jpg HTTP/2.0" 200 51166 "-" "baselinker"
51.77.52.107 - - [22/Apr/2025:14:07:25 +0200] "GET /Jurek/eurofirany/images/464045/0.jpg HTTP/2.0" 200 48788 "-" "baselinker"
88.220.33.218 - - [22/Apr/2025:14:07:44 +0200] "GET /Jurek/vida_morele/feeds/VidaPL_morele.xml HTTP/2.0" 200 726730769 "-" "MarketplaceAPI curl/7.64.0 PHP/8"
51.77.52.107 - - [22/Apr/2025:14:07:46 +0200] "GET /Jurek/eurofirany/images/464045/0.jpg HTTP/2.0" 200 48788 "-" "baselinker"
51.77.52.107 - - [22/Apr/2025:14:07:52 +0200] "GET /Jurek/eurofirany/images/464045/0.jpg HTTP/2.0" 200 48788 "-" "baselinker"
51.77.52.107 - - [22/Apr/2025:14:07:58 +0200] "GET /Jurek/eurofirany/images/464046/0.jpg HTTP/2.0" 200 49144 "-" "baselinker"
51.77.52.107 - - [22/Apr/2025:14:08:04 +0200] "GET /Jurek/eurofirany/images/464046/0.jpg HTTP/2.0" 200 49144 "-" "baselinker"
51.77.52.107 - - [22/Apr/2025:14:08:08 +0200] "GET /Jurek/eurofirany/images/464046/0.jpg HTTP/2.0" 200 49144 "-" "baselinker"
51.77.52.107 - - [22/Apr/2025:14:08:25 +0200] "GET /Jurek/eurofirany/images/464047/0.jpg HTTP/2.0" 200 48411 "-" "baselinker"
51.77.52.107 - - [22/Apr/2025:14:08:45 +0200] "GET /Jurek/eurofirany/images/464047/0.jpg HTTP/2.0" 200 48411 "-" "baselinker"
89.161.206.59 - - [22/Apr/2025:14:08:51 +0200] "GET /Jurek/muminky/feeds/muminky_skroutz.xml HTTP/1.0" 200 2270370 "-" "-"
89.161.206.59 - - [22/Apr/2025:14:08:51 +0200] "GET /Jurek/pupus/feeds/pupus_skroutz.xml HTTP/1.0" 200 882653 "-" "-"
89.161.206.59 - - [22/Apr/2025:14:08:51 +0200] "GET /Jurek/narzbud/feeds/narzbud_skroutz.xml HTTP/1.0" 200 1901245 "-" "-"
92.83.208.210 - - [22/Apr/2025:14:08:54 +0200] "GET /Jurek/eurofirany/images/391365/1.jpg HTTP/2.0" 200 79640 "https://www.emag.ro/set-de-pat-brodie2-160x200-cm-2-buc-70x80-cm-alb-eurofirany-391365/pd/D9L8RLMBM/?ref=sponsored_products_search_r_1_7&recid=recads_1_d91e7f0475f90ec0c45d0048dd6b97c9d642bbc4ad69c9718fc4d4f3b59e31b3_1745323709&aid=9cc0755d-19d4-11f0-ab73-065e0fed8863_eyJicGQiOjAuMDF9-3d77260de9a261000764edb1f835b804ce0d543af321528ff29420f244fecad1&oid=192369640&scenario_ID=1" "Mozilla/5.0 (Windows NT 10.0; Win64; x64) AppleWebKit/537.36 (KHTML, like Gecko) Chrome/135.0.0.0 Safari/537.36"
92.83.208.210 - - [22/Apr/2025:14:08:54 +0200] "GET /Jurek/eurofirany/images/391365/4.jpg HTTP/2.0" 200 109487 "https://www.emag.ro/set-de-pat-brodie2-160x200-cm-2-buc-70x80-cm-alb-eurofirany-391365/pd/D9L8RLMBM/?ref=sponsored_products_search_r_1_7&recid=recads_1_d91e7f0475f90ec0c45d0048dd6b97c9d642bbc4ad69c9718fc4d4f3b59e31b3_1745323709&aid=9cc0755d-19d4-11f0-ab73-065e0fed8863_eyJicGQiOjAuMDF9-3d77260de9a261000764edb1f835b804ce0d543af321528ff29420f244fecad1&oid=192369640&scenario_ID=1" "Mozilla/5.0 (Windows NT 10.0; Win64; x64) AppleWebKit/537.36 (KHTML, like Gecko) Chrome/135.0.0.0 Safari/537.36"
92.83.208.210 - - [22/Apr/2025:14:08:54 +0200] "GET /Jurek/eurofirany/images/391365/3.jpg HTTP/2.0" 200 121916 "https://www.emag.ro/set-de-pat-brodie2-160x200-cm-2-buc-70x80-cm-alb-eurofirany-391365/pd/D9L8RLMBM/?ref=sponsored_products_search_r_1_7&recid=recads_1_d91e7f0475f90ec0c45d0048dd6b97c9d642bbc4ad69c9718fc4d4f3b59e31b3_1745323709&aid=9cc0755d-19d4-11f0-ab73-065e0fed8863_eyJicGQiOjAuMDF9-3d77260de9a261000764edb1f835b804ce0d543af321528ff29420f244fecad1&oid=192369640&scenario_ID=1" "Mozilla/5.0 (Windows NT 10.0; Win64; x64) AppleWebKit/537.36 (KHTML, like Gecko) Chrome/135.0.0.0 Safari/537.36"
92.83.208.210 - - [22/Apr/2025:14:08:54 +0200] "GET /Jurek/eurofirany/images/391365/2.jpg HTTP/2.0" 200 65002 "https://www.emag.ro/set-de-pat-brodie2-160x200-cm-2-buc-70x80-cm-alb-eurofirany-391365/pd/D9L8RLMBM/?ref=sponsored_products_search_r_1_7&recid=recads_1_d91e7f0475f90ec0c45d0048dd6b97c9d642bbc4ad69c9718fc4d4f3b59e31b3_1745323709&aid=9cc0755d-19d4-11f0-ab73-065e0fed8863_eyJicGQiOjAuMDF9-3d77260de9a261000764edb1f835b804ce0d543af321528ff29420f244fecad1&oid=192369640&scenario_ID=1" "Mozilla/5.0 (Windows NT 10.0; Win64; x64) AppleWebKit/537.36 (KHTML, like Gecko) Chrome/135.0.0.0 Safari/537.36"
92.83.208.210 - - [22/Apr/2025:14:08:54 +0200] "GET /Jurek/eurofirany/images/391365/5.jpg HTTP/2.0" 200 96043 "https://www.emag.ro/set-de-pat-brodie2-160x200-cm-2-buc-70x80-cm-alb-eurofirany-391365/pd/D9L8RLMBM/?ref=sponsored_products_search_r_1_7&recid=recads_1_d91e7f0475f90ec0c45d0048dd6b97c9d642bbc4ad69c9718fc4d4f3b59e31b3_1745323709&aid=9cc0755d-19d4-11f0-ab73-065e0fed8863_eyJicGQiOjAuMDF9-3d77260de9a261000764edb1f835b804ce0d543af321528ff29420f244fecad1&oid=192369640&scenario_ID=1" "Mozilla/5.0 (Windows NT 10.0; Win64; x64) AppleWebKit/537.36 (KHTML, like Gecko) Chrome/135.0.0.0 Safari/537.36"
51.77.52.107 - - [22/Apr/2025:14:09:05 +0200] "GET /Jurek/eurofirany/images/464047/0.jpg HTTP/2.0" 200 48411 "-" "baselinker"
51.77.52.107 - - [22/Apr/2025:14:09:11 +0200] "GET /Jurek/eurofirany/images/464048/0.jpg HTTP/2.0" 200 50612 "-" "baselinker"
51.77.52.107 - - [22/Apr/2025:14:09:15 +0200] "GET /Jurek/eurofirany/images/464048/0.jpg HTTP/2.0" 200 50612 "-" "baselinker"
51.77.52.107 - - [22/Apr/2025:14:09:21 +0200] "GET /Jurek/eurofirany/images/464048/0.jpg HTTP/2.0" 200 50612 "-" "baselinker"
185.6.76.18 - - [22/Apr/2025:14:09:26 +0200] "GET /marketplaces/skroutz/feeds/shumee.xml HTTP/1.1" 200 417926017 "-" "SkroutzBot v1.0"
51.77.52.107 - - [22/Apr/2025:14:09:28 +0200] "GET /Jurek/eurofirany/images/464049/0.jpg HTTP/2.0" 200 50102 "-" "baselinker"
51.77.52.107 - - [22/Apr/2025:14:09:33 +0200] "GET /Jurek/eurofirany/images/464049/0.jpg HTTP/2.0" 200 50102 "-" "baselinker"
51.77.52.107 - - [22/Apr/2025:14:09:38 +0200] "GET /Jurek/eurofirany/images/464049/0.jpg HTTP/2.0" 200 50102 "-" "baselinker"
51.77.52.107 - - [22/Apr/2025:14:09:43 +0200] "GET /Jurek/eurofirany/images/464050/0.jpg HTTP/2.0" 200 67173 "-" "baselinker"
51.77.52.107 - - [22/Apr/2025:14:09:47 +0200] "GET /Jurek/eurofirany/images/464050/0.jpg HTTP/2.0" 200 67173 "-" "baselinker"
51.77.52.107 - - [22/Apr/2025:14:09:53 +0200] "GET /Jurek/eurofirany/images/464050/0.jpg HTTP/2.0" 200 67173 "-" "baselinker"
66.135.223.44 - - [22/Apr/2025:14:09:54 +0200] "GET /Jurek/topeshop/downloaded_images/5902838466209_KUBABIURKOSONOMA.png HTTP/1.1" 404 3551 "http://www.ebay.com/" "Mozilla/4.0 (compatible; MSIE 4.01; Windows NT)"
66.135.223.44 - - [22/Apr/2025:14:09:54 +0200] "GET /Jurek/topeshop/downloaded_images/5902838466209_KUBABIURKOBRY%C5%81KASONOMAFRONTOT.jpg HTTP/1.1" 404 3551 "http://www.ebay.com/" "Mozilla/4.0 (compatible; MSIE 4.01; Windows NT)"
66.135.223.44 - - [22/Apr/2025:14:09:54 +0200] "GET /Jurek/topeshop/downloaded_images/5902838466209_KUBABIURKOBRY%C5%81KASONOMABOKOT.jpg HTTP/1.1" 404 3551 "http://www.ebay.com/" "Mozilla/4.0 (compatible; MSIE 4.01; Windows NT)"
66.135.223.44 - - [22/Apr/2025:14:09:54 +0200] "GET /Jurek/topeshop/downloaded_images/5902838466209_KUBABIURKOBRY%C5%81KASONOMAFRONTZM.jpg HTTP/1.1" 404 3551 "http://www.ebay.com/" "Mozilla/4.0 (compatible; MSIE 4.01; Windows NT)"
66.135.223.43 - - [22/Apr/2025:14:09:54 +0200] "GET /Jurek/topeshop/downloaded_images/5902838466209_KUBABIURKOSONOMA2OT.png HTTP/1.1" 404 3551 "http://www.ebay.com/" "Mozilla/4.0 (compatible; MSIE 4.01; Windows NT)"
66.135.223.43 - - [22/Apr/2025:14:09:54 +0200] "GET /Jurek/topeshop/downloaded_images/5902838466209_KUBABIURKOSONOMA2_.png HTTP/1.1" 404 3551 "http://www.ebay.com/" "Mozilla/4.0 (compatible; MSIE 4.01; Windows NT)"
66.135.223.43 - - [22/Apr/2025:14:09:54 +0200] "GET /Jurek/topeshop/downloaded_images/5902838466209_KUBABIURKOBRY%C5%81KASONOMABOKZM.jpg HTTP/1.1" 404 3551 "http://www.ebay.com/" "Mozilla/4.0 (compatible; MSIE 4.01; Windows NT)"
89.161.206.59 - - [22/Apr/2025:14:09:55 +0200] "GET /Jurek/hanex/feeds/hanex_skroutz.xml HTTP/1.0" 200 13931574 "-" "-"
89.161.206.59 - - [22/Apr/2025:14:09:58 +0200] "GET /Jurek/kobi/feeds/kobi_ebayde.xml HTTP/1.0" 200 713592 "-" "-"
77.79.248.229 - - [22/Apr/2025:14:10:04 +0200] "GET /Jurek/ikonka/feeds/ikonka_cdon_se.xml HTTP/1.1" 200 22171966 "-" "python-requests/2.32.3"
77.79.248.229 - - [22/Apr/2025:14:10:05 +0200] "GET /Jurek/ikonka/feeds/ikonka_cdon_dk.xml HTTP/1.1" 200 22171897 "-" "python-requests/2.32.3"
77.79.248.229 - - [22/Apr/2025:14:10:06 +0200] "GET /Jurek/ikonka/feeds/ikonka_cdon_fi.xml HTTP/1.1" 200 22169734 "-" "python-requests/2.32.3"
77.79.248.229 - - [22/Apr/2025:14:10:11 +0200] "GET /Jurek/rovicky/feeds/rovicky_cdonSE.xml HTTP/1.1" 200 15023784 "-" "python-requests/2.32.3"
77.79.248.229 - - [22/Apr/2025:14:10:12 +0200] "GET /Jurek/rovicky/feeds/rovicky_cdonDK.xml HTTP/1.1" 200 15023720 "-" "python-requests/2.32.3"
77.79.248.229 - - [22/Apr/2025:14:10:12 +0200] "GET /Jurek/rovicky/feeds/rovicky_cdonFI.xml HTTP/1.1" 200 15018547 "-" "python-requests/2.32.3"
77.79.248.229 - - [22/Apr/2025:14:10:12 +0200] "GET /Jurek/benbaby/feeds/benbaby_cdon_se.xml HTTP/1.1" 200 3628655 "-" "python-requests/2.32.3"
77.79.248.229 - - [22/Apr/2025:14:10:13 +0200] "GET /Jurek/benbaby/feeds/benbaby_cdon_dk.xml HTTP/1.1" 200 3628644 "-" "python-requests/2.32.3"
77.79.248.229 - - [22/Apr/2025:14:10:13 +0200] "GET /Jurek/benbaby/feeds/benbaby_cdon_fi.xml HTTP/1.1" 200 3626072 "-" "python-requests/2.32.3"
51.77.52.107 - - [22/Apr/2025:14:10:13 +0200] "GET /Jurek/eurofirany/images/464051/0.jpg HTTP/2.0" 200 52148 "-" "baselinker"
77.79.248.229 - - [22/Apr/2025:14:10:13 +0200] "GET /Jurek/candellux/feeds/candellux_cdon_se.xml HTTP/1.1" 200 466166 "-" "python-requests/2.32.3"
77.79.248.229 - - [22/Apr/2025:14:10:13 +0200] "GET /Jurek/candellux/feeds/candellux_cdon_dk.xml HTTP/1.1" 200 466129 "-" "python-requests/2.32.3"
77.79.248.229 - - [22/Apr/2025:14:10:13 +0200] "GET /Jurek/candellux/feeds/candellux_cdon_fi.xml HTTP/1.1" 200 465745 "-" "python-requests/2.32.3"
77.79.248.229 - - [22/Apr/2025:14:10:14 +0200] "GET /Jurek/hurtownia_przemyslowa/feeds/hp_cdon_se.xml HTTP/1.1" 200 49377456 "-" "python-requests/2.32.3"
77.79.248.229 - - [22/Apr/2025:14:10:15 +0200] "GET /Jurek/hurtownia_przemyslowa/feeds/hp_cdon_dk.xml HTTP/1.1" 200 49375988 "-" "python-requests/2.32.3"
77.79.248.229 - - [22/Apr/2025:14:10:16 +0200] "GET /Jurek/hurtownia_przemyslowa/feeds/hp_cdon_fi.xml HTTP/1.1" 200 49359985 "-" "python-requests/2.32.3"
77.79.248.229 - - [22/Apr/2025:14:10:16 +0200] "GET /Jurek/topeshop/feeds/topeshop_cdon_se.xml HTTP/1.1" 200 2686763 "-" "python-requests/2.32.3"
77.79.248.229 - - [22/Apr/2025:14:10:16 +0200] "GET /Jurek/topeshop/feeds/topeshop_cdon_dk.xml HTTP/1.1" 200 2686507 "-" "python-requests/2.32.3"
77.79.248.229 - - [22/Apr/2025:14:10:16 +0200] "GET /Jurek/topeshop/feeds/topeshop_cdon_fi.xml HTTP/1.1" 200 2686072 "-" "python-requests/2.32.3"
77.79.248.229 - - [22/Apr/2025:14:10:16 +0200] "GET /Jurek/asortymenteu/feeds/asortymenteu_cdon_se.xml HTTP/1.1" 200 2765760 "-" "python-requests/2.32.3"
77.79.248.229 - - [22/Apr/2025:14:10:16 +0200] "GET /Jurek/asortymenteu/feeds/asortymenteu_cdon_dk.xml HTTP/1.1" 200 2765719 "-" "python-requests/2.32.3"
77.79.248.229 - - [22/Apr/2025:14:10:17 +0200] "GET /Jurek/asortymenteu/feeds/asortymenteu_cdon_fi.xml HTTP/1.1" 200 2764714 "-" "python-requests/2.32.3"
77.79.248.229 - - [22/Apr/2025:14:10:17 +0200] "GET /Jurek/fernity/feeds/fernity_cdon_se.xml HTTP/1.1" 200 4819660 "-" "python-requests/2.32.3"
77.79.248.229 - - [22/Apr/2025:14:10:17 +0200] "GET /Jurek/fernity/feeds/fernity_cdon_dk.xml HTTP/1.1" 200 4819209 "-" "python-requests/2.32.3"
77.79.248.229 - - [22/Apr/2025:14:10:17 +0200] "GET /Jurek/fernity/feeds/fernity_cdon_fi.xml HTTP/1.1" 200 4816425 "-" "python-requests/2.32.3"
77.79.248.229 - - [22/Apr/2025:14:10:19 +0200] "GET /Jurek/aw/feeds/awnarzedzia_cdon_se.xml HTTP/1.1" 200 90609295 "-" "python-requests/2.32.3"
77.79.248.229 - - [22/Apr/2025:14:10:22 +0200] "GET /Jurek/aw/feeds/awnarzedzia_cdon_dk.xml HTTP/1.1" 200 90604007 "-" "python-requests/2.32.3"
77.79.248.229 - - [22/Apr/2025:14:10:23 +0200] "GET /Jurek/aw/feeds/awnarzedzia_cdon_fi.xml HTTP/1.1" 200 90520677 "-" "python-requests/2.32.3"
77.79.248.229 - - [22/Apr/2025:14:10:23 +0200] "GET /Jurek/activeshop/feeds/activeshop_cdon_se.xml HTTP/1.1" 200 10482471 "-" "python-requests/2.32.3"
77.79.248.229 - - [22/Apr/2025:14:10:24 +0200] "GET /Jurek/activeshop/feeds/activeshop_cdon_dk.xml HTTP/1.1" 200 10482092 "-" "python-requests/2.32.3"
77.79.248.229 - - [22/Apr/2025:14:10:24 +0200] "GET /Jurek/activeshop/feeds/activeshop_cdon_fi.xml HTTP/1.1" 200 10478620 "-" "python-requests/2.32.3"
77.79.248.229 - - [22/Apr/2025:14:10:25 +0200] "GET /Jurek/ikonka/feeds/ikonka_cdon_se.xml HTTP/1.1" 200 22171966 "-" "python-requests/2.32.3"
77.79.248.229 - - [22/Apr/2025:14:10:26 +0200] "GET /Jurek/ikonka/feeds/ikonka_cdon_dk.xml HTTP/1.1" 200 22171897 "-" "python-requests/2.32.3"
77.79.248.229 - - [22/Apr/2025:14:10:26 +0200] "GET /Jurek/ikonka/feeds/ikonka_cdon_fi.xml HTTP/1.1" 200 22169734 "-" "python-requests/2.32.3"
77.79.248.229 - - [22/Apr/2025:14:10:27 +0200] "GET /Jurek/swiatecznygoliat/feeds/swiatecznygoliat_cdon_se.xml HTTP/1.1" 200 7056902 "-" "python-requests/2.32.3"
77.79.248.229 - - [22/Apr/2025:14:10:27 +0200] "GET /Jurek/swiatecznygoliat/feeds/swiatecznygoliat_cdon_dk.xml HTTP/1.1" 200 7056851 "-" "python-requests/2.32.3"
77.79.248.229 - - [22/Apr/2025:14:10:27 +0200] "GET /Jurek/swiatecznygoliat/feeds/swiatecznygoliat_cdon_fi.xml HTTP/1.1" 200 7054441 "-" "python-requests/2.32.3"
77.79.248.229 - - [22/Apr/2025:14:10:27 +0200] "GET /Jurek/slayo/feeds/slayo_cdon_se.xml HTTP/1.1" 200 183630 "-" "python-requests/2.32.3"
77.79.248.229 - - [22/Apr/2025:14:10:27 +0200] "GET /Jurek/slayo/feeds/slayo_cdon_dk.xml HTTP/1.1" 200 183630 "-" "python-requests/2.32.3"
77.79.248.229 - - [22/Apr/2025:14:10:27 +0200] "GET /Jurek/slayo/feeds/slayo_cdon_fi.xml HTTP/1.1" 200 183614 "-" "python-requests/2.32.3"
77.79.248.229 - - [22/Apr/2025:14:10:28 +0200] "GET /Jurek/bass/feeds/bass_cdon_se.xml HTTP/1.1" 200 3973697 "-" "python-requests/2.32.3"
77.79.248.229 - - [22/Apr/2025:14:10:28 +0200] "GET /Jurek/bass/feeds/bass_cdon_dk.xml HTTP/1.1" 200 3973517 "-" "python-requests/2.32.3"
77.79.248.229 - - [22/Apr/2025:14:10:28 +0200] "GET /Jurek/bass/feeds/bass_cdon_fi.xml HTTP/1.1" 200 3971982 "-" "python-requests/2.32.3"
77.79.248.229 - - [22/Apr/2025:14:10:28 +0200] "GET /Jurek/benetech/feeds/benetech_cdon_se.xml HTTP/1.1" 200 4165840 "-" "python-requests/2.32.3"
77.79.248.229 - - [22/Apr/2025:14:10:28 +0200] "GET /Jurek/benetech/feeds/benetech_cdon_dk.xml HTTP/1.1" 200 4165797 "-" "python-requests/2.32.3"
77.79.248.229 - - [22/Apr/2025:14:10:28 +0200] "GET /Jurek/benetech/feeds/benetech_cdon_fi.xml HTTP/1.1" 200 4165438 "-" "python-requests/2.32.3"
77.79.248.229 - - [22/Apr/2025:14:10:28 +0200] "GET /Jurek/waks/feeds/waks_cdon_se.xml HTTP/1.1" 200 1598639 "-" "python-requests/2.32.3"
77.79.248.229 - - [22/Apr/2025:14:10:28 +0200] "GET /Jurek/waks/feeds/waks_cdon_dk.xml HTTP/1.1" 200 1598638 "-" "python-requests/2.32.3"
77.79.248.229 - - [22/Apr/2025:14:10:29 +0200] "GET /Jurek/waks/feeds/waks_cdon_fi.xml HTTP/1.1" 200 1596552 "-" "python-requests/2.32.3"
77.79.248.229 - - [22/Apr/2025:14:10:29 +0200] "GET /Jurek/kambukka/feeds/kambukka_cdon_se.xml HTTP/1.1" 200 1024101 "-" "python-requests/2.32.3"
77.79.248.229 - - [22/Apr/2025:14:10:29 +0200] "GET /Jurek/kambukka/feeds/kambukka_cdon_dk.xml HTTP/1.1" 200 1024098 "-" "python-requests/2.32.3"
77.79.248.229 - - [22/Apr/2025:14:10:29 +0200] "GET /Jurek/kambukka/feeds/kambukka_cdon_fi.xml HTTP/1.1" 200 1023811 "-" "python-requests/2.32.3"
77.79.248.229 - - [22/Apr/2025:14:10:29 +0200] "GET /Jurek/hdwr/feeds/hdwr_cdon_se.xml HTTP/1.1" 200 789677 "-" "python-requests/2.32.3"
77.79.248.229 - - [22/Apr/2025:14:10:29 +0200] "GET /Jurek/hdwr/feeds/hdwr_cdon_dk.xml HTTP/1.1" 200 789617 "-" "python-requests/2.32.3"
77.79.248.229 - - [22/Apr/2025:14:10:29 +0200] "GET /Jurek/hdwr/feeds/hdwr_cdon_fi.xml HTTP/1.1" 200 789388 "-" "python-requests/2.32.3"
77.79.248.229 - - [22/Apr/2025:14:10:29 +0200] "GET /Jurek/pagmil/feeds/pagmil_cdon_se.xml HTTP/1.1" 200 1803241 "-" "python-requests/2.32.3"
77.79.248.229 - - [22/Apr/2025:14:10:29 +0200] "GET /Jurek/pagmil/feeds/pagmil_cdon_dk.xml HTTP/1.1" 200 1803233 "-" "python-requests/2.32.3"
77.79.248.229 - - [22/Apr/2025:14:10:29 +0200] "GET /Jurek/pagmil/feeds/pagmil_cdon_fi.xml HTTP/1.1" 200 1802827 "-" "python-requests/2.32.3"
77.79.248.229 - - [22/Apr/2025:14:10:29 +0200] "GET /Jurek/targethome/feeds/targethome_cdon_se.xml HTTP/1.1" 200 688765 "-" "python-requests/2.32.3"
77.79.248.229 - - [22/Apr/2025:14:10:29 +0200] "GET /Jurek/targethome/feeds/targethome_cdon_dk.xml HTTP/1.1" 200 688730 "-" "python-requests/2.32.3"
77.79.248.229 - - [22/Apr/2025:14:10:29 +0200] "GET /Jurek/targethome/feeds/targethome_cdon_fi.xml HTTP/1.1" 200 688631 "-" "python-requests/2.32.3"
77.79.248.229 - - [22/Apr/2025:14:10:30 +0200] "GET /Jurek/eroplace/feeds/eroplace_cdon_se.xml HTTP/1.1" 200 52159022 "-" "python-requests/2.32.3"
77.79.248.229 - - [22/Apr/2025:14:10:31 +0200] "GET /Jurek/eroplace/feeds/eroplace_cdon_dk.xml HTTP/1.1" 200 52157561 "-" "python-requests/2.32.3"
77.79.248.229 - - [22/Apr/2025:14:10:32 +0200] "GET /Jurek/eroplace/feeds/eroplace_cdon_fi.xml HTTP/1.1" 200 52134576 "-" "python-requests/2.32.3"
77.79.248.229 - - [22/Apr/2025:14:10:32 +0200] "GET /Jurek/artdog/feeds/artdog_cdon_se.xml HTTP/1.1" 200 17164984 "-" "python-requests/2.32.3"
77.79.248.229 - - [22/Apr/2025:14:10:32 +0200] "GET /Jurek/artdog/feeds/artdog_cdon_dk.xml HTTP/1.1" 200 17166106 "-" "python-requests/2.32.3"
77.79.248.229 - - [22/Apr/2025:14:10:33 +0200] "GET /Jurek/artdog/feeds/artdog_cdon_fi.xml HTTP/1.1" 200 17159755 "-" "python-requests/2.32.3"
77.79.248.229 - - [22/Apr/2025:14:10:33 +0200] "GET /Jurek/sempler/feeds/sempler_cdon_se.xml HTTP/1.1" 200 6789223 "-" "python-requests/2.32.3"
77.79.248.229 - - [22/Apr/2025:14:10:33 +0200] "GET /Jurek/sempler/feeds/sempler_cdon_dk.xml HTTP/1.1" 200 6789140 "-" "python-requests/2.32.3"
77.79.248.229 - - [22/Apr/2025:14:10:34 +0200] "GET /Jurek/sempler/feeds/sempler_cdon_fi.xml HTTP/1.1" 200 6787954 "-" "python-requests/2.32.3"
89.161.206.59 - - [22/Apr/2025:14:10:34 +0200] "GET /Jurek/coppotech/feeds/coppotech_skroutz.xml HTTP/1.0" 200 37852498 "-" "-"
77.79.248.229 - - [22/Apr/2025:14:10:34 +0200] "GET /Jurek/oromed/feeds/oromed_cdon_se.xml HTTP/1.1" 200 1096661 "-" "python-requests/2.32.3"
77.79.248.229 - - [22/Apr/2025:14:10:34 +0200] "GET /Jurek/oromed/feeds/oromed_cdon_dk.xml HTTP/1.1" 200 1096640 "-" "python-requests/2.32.3"
77.79.248.229 - - [22/Apr/2025:14:10:34 +0200] "GET /Jurek/oromed/feeds/oromed_cdon_fi.xml HTTP/1.1" 200 1096457 "-" "python-requests/2.32.3"
77.79.248.229 - - [22/Apr/2025:14:10:34 +0200] "GET /Jurek/hurtmeblowy/feeds/hurtmeblowy_cdon_se.xml HTTP/1.1" 200 8516717 "-" "python-requests/2.32.3"
77.79.248.229 - - [22/Apr/2025:14:10:34 +0200] "GET /Jurek/hurtmeblowy/feeds/hurtmeblowy_cdon_dk.xml HTTP/1.1" 200 8516258 "-" "python-requests/2.32.3"
77.79.248.229 - - [22/Apr/2025:14:10:34 +0200] "GET /Jurek/hurtmeblowy/feeds/hurtmeblowy_cdon_fi.xml HTTP/1.1" 200 8514578 "-" "python-requests/2.32.3"
77.79.248.229 - - [22/Apr/2025:14:10:34 +0200] "GET /Jurek/narzbud/feeds/narzbud_cdon_se.xml HTTP/1.1" 200 1901987 "-" "python-requests/2.32.3"
77.79.248.229 - - [22/Apr/2025:14:10:34 +0200] "GET /Jurek/narzbud/feeds/narzbud_cdon_dk.xml HTTP/1.1" 200 1901991 "-" "python-requests/2.32.3"
77.79.248.229 - - [22/Apr/2025:14:10:34 +0200] "GET /Jurek/narzbud/feeds/narzbud_cdon_fi.xml HTTP/1.1" 200 1901247 "-" "python-requests/2.32.3"
77.79.248.229 - - [22/Apr/2025:14:10:34 +0200] "GET /Jurek/livinhill/feeds/livinhill_cdon_se.xml HTTP/1.1" 200 212089 "-" "python-requests/2.32.3"
51.77.52.107 - - [22/Apr/2025:14:10:35 +0200] "GET /Jurek/eurofirany/images/464051/0.jpg HTTP/2.0" 200 52148 "-" "baselinker"
77.79.248.229 - - [22/Apr/2025:14:10:35 +0200] "GET /Jurek/livinhill/feeds/livinhill_cdon_dk.xml HTTP/1.1" 200 1472899 "-" "python-requests/2.32.3"
77.79.248.229 - - [22/Apr/2025:14:10:35 +0200] "GET /Jurek/livinhill/feeds/livinhill_cdon_fi.xml HTTP/1.1" 200 1472445 "-" "python-requests/2.32.3"
77.79.248.229 - - [22/Apr/2025:14:10:35 +0200] "GET /Jurek/ekuchcikowo/feeds/ekuchcikowo_cdon_se.xml HTTP/1.1" 200 12473280 "-" "python-requests/2.32.3"
77.79.248.229 - - [22/Apr/2025:14:10:35 +0200] "GET /Jurek/ekuchcikowo/feeds/ekuchcikowo_cdon_dk.xml HTTP/1.1" 200 12473130 "-" "python-requests/2.32.3"
77.79.248.229 - - [22/Apr/2025:14:10:35 +0200] "GET /Jurek/ekuchcikowo/feeds/ekuchcikowo_cdon_fi.xml HTTP/1.1" 200 12471080 "-" "python-requests/2.32.3"
77.79.248.229 - - [22/Apr/2025:14:10:35 +0200] "GET /Jurek/fertone/feeds/fertone_cdon_se.xml HTTP/1.1" 200 570512 "-" "python-requests/2.32.3"
77.79.248.229 - - [22/Apr/2025:14:10:35 +0200] "GET /Jurek/fertone/feeds/fertone_cdon_dk.xml HTTP/1.1" 200 570492 "-" "python-requests/2.32.3"
77.79.248.229 - - [22/Apr/2025:14:10:35 +0200] "GET /Jurek/fertone/feeds/fertone_cdon_fi.xml HTTP/1.1" 200 570207 "-" "python-requests/2.32.3"
77.79.248.229 - - [22/Apr/2025:14:10:35 +0200] "GET /Jurek/ekolight/feeds/ekolioght_cdon_se.xml HTTP/1.1" 200 9056437 "-" "python-requests/2.32.3"
77.79.248.229 - - [22/Apr/2025:14:10:36 +0200] "GET /Jurek/ekolight/feeds/ekolioght_cdon_dk.xml HTTP/1.1" 200 9055920 "-" "python-requests/2.32.3"
77.79.248.229 - - [22/Apr/2025:14:10:36 +0200] "GET /Jurek/ekolight/feeds/ekolioght_cdon_fi.xml HTTP/1.1" 200 9052574 "-" "python-requests/2.32.3"
77.79.248.229 - - [22/Apr/2025:14:10:36 +0200] "GET /Jurek/cbdgreen/feeds/cbdgreen_cdon_se.xml HTTP/1.1" 200 50549 "-" "python-requests/2.32.3"
77.79.248.229 - - [22/Apr/2025:14:10:36 +0200] "GET /Jurek/cbdgreen/feeds/cbdgreen_cdon_dk.xml HTTP/1.1" 200 50550 "-" "python-requests/2.32.3"
77.79.248.229 - - [22/Apr/2025:14:10:36 +0200] "GET /Jurek/cbdgreen/feeds/cbdgreen_cdon_fi.xml HTTP/1.1" 200 50543 "-" "python-requests/2.32.3"
77.79.248.229 - - [22/Apr/2025:14:10:36 +0200] "GET /Jurek/pawonik/feeds/pawonik_cdon_se.xml HTTP/1.1" 200 2138743 "-" "python-requests/2.32.3"
77.79.248.229 - - [22/Apr/2025:14:10:36 +0200] "GET /Jurek/pawonik/feeds/pawonik_cdon_dk.xml HTTP/1.1" 200 2138741 "-" "python-requests/2.32.3"
77.79.248.229 - - [22/Apr/2025:14:10:36 +0200] "GET /Jurek/pawonik/feeds/pawonik_cdon_fi.xml HTTP/1.1" 200 2138373 "-" "python-requests/2.32.3"
77.79.248.229 - - [22/Apr/2025:14:10:36 +0200] "GET /Jurek/mosti/feeds/mosti_cdon_se.xml HTTP/1.1" 200 4634980 "-" "python-requests/2.32.3"
77.79.248.229 - - [22/Apr/2025:14:10:36 +0200] "GET /Jurek/mosti/feeds/mosti_cdon_dk.xml HTTP/1.1" 200 4635023 "-" "python-requests/2.32.3"
77.79.248.229 - - [22/Apr/2025:14:10:37 +0200] "GET /Jurek/mosti/feeds/mosti_cdon_fi.xml HTTP/1.1" 200 4633542 "-" "python-requests/2.32.3"
77.79.248.229 - - [22/Apr/2025:14:10:37 +0200] "GET /Jurek/winoszarnia/feeds/winoszarnia_cdon_se.xml HTTP/1.1" 200 6066112 "-" "python-requests/2.32.3"
77.79.248.229 - - [22/Apr/2025:14:10:37 +0200] "GET /Jurek/winoszarnia/feeds/winoszarnia_cdon_dk.xml HTTP/1.1" 200 6066110 "-" "python-requests/2.32.3"
77.79.248.229 - - [22/Apr/2025:14:10:37 +0200] "GET /Jurek/winoszarnia/feeds/winoszarnia_cdon_fi.xml HTTP/1.1" 200 6064628 "-" "python-requests/2.32.3"
77.79.248.229 - - [22/Apr/2025:14:10:37 +0200] "GET /Jurek/bass_new/feeds/bass_cdon_se.xml HTTP/1.1" 200 7043140 "-" "python-requests/2.32.3"
77.79.248.229 - - [22/Apr/2025:14:10:37 +0200] "GET /Jurek/bass_new/feeds/bass_cdon_dk.xml HTTP/1.1" 200 7042924 "-" "python-requests/2.32.3"
77.79.248.229 - - [22/Apr/2025:14:10:37 +0200] "GET /Jurek/bass_new/feeds/bass_cdon_fi.xml HTTP/1.1" 200 7040901 "-" "python-requests/2.32.3"
77.79.248.229 - - [22/Apr/2025:14:10:37 +0200] "GET /Jurek/pupus/feeds/pupus_cdon_se.xml HTTP/1.1" 200 6156577 "-" "python-requests/2.32.3"
77.79.248.229 - - [22/Apr/2025:14:10:38 +0200] "GET /Jurek/pupus/feeds/pupus_cdon_dk.xml HTTP/1.1" 200 6156458 "-" "python-requests/2.32.3"
77.79.248.229 - - [22/Apr/2025:14:10:38 +0200] "GET /Jurek/pupus/feeds/pupus_cdon_fi.xml HTTP/1.1" 200 6154070 "-" "python-requests/2.32.3"
77.79.248.229 - - [22/Apr/2025:14:10:39 +0200] "GET /Jurek/relogy/feeds/relogy_cdon_se.xml HTTP/1.1" 200 66683398 "-" "python-requests/2.32.3"
77.79.248.229 - - [22/Apr/2025:14:10:40 +0200] "GET /Jurek/relogy/feeds/relogy_cdon_dk.xml HTTP/1.1" 200 66677786 "-" "python-requests/2.32.3"
77.79.248.229 - - [22/Apr/2025:14:10:41 +0200] "GET /Jurek/relogy/feeds/relogy_cdon_fi.xml HTTP/1.1" 200 66667602 "-" "python-requests/2.32.3"
77.79.248.229 - - [22/Apr/2025:14:10:42 +0200] "GET /Jurek/harmonypost/feeds/harmonypost_cdon_se.xml HTTP/1.1" 200 39920982 "-" "python-requests/2.32.3"
77.79.248.229 - - [22/Apr/2025:14:10:44 +0200] "GET /Jurek/harmonypost/feeds/harmonypost_cdon_dk.xml HTTP/1.1" 200 39917111 "-" "python-requests/2.32.3"
77.79.248.229 - - [22/Apr/2025:14:10:45 +0200] "GET /Jurek/harmonypost/feeds/harmonypost_cdon_fi.xml HTTP/1.1" 200 39904214 "-" "python-requests/2.32.3"
77.79.248.229 - - [22/Apr/2025:14:10:45 +0200] "GET /Jurek/pasiekaslodka/feeds/pasiekaslodka_cdon_se.xml HTTP/1.1" 200 119697 "-" "python-requests/2.32.3"
77.79.248.229 - - [22/Apr/2025:14:10:45 +0200] "GET /Jurek/pasiekaslodka/feeds/pasiekaslodka_cdon_dk.xml HTTP/1.1" 200 119695 "-" "python-requests/2.32.3"
77.79.248.229 - - [22/Apr/2025:14:10:45 +0200] "GET /Jurek/pasiekaslodka/feeds/pasiekaslodka_cdon_fi.xml HTTP/1.1" 200 119674 "-" "python-requests/2.32.3"
89.161.206.59 - - [22/Apr/2025:14:10:46 +0200] "GET /Jurek/elavia/feeds/elavia_skroutz.xml HTTP/1.0" 200 2497286 "-" "-"
89.161.206.59 - - [22/Apr/2025:14:10:49 +0200] "GET /Jurek/ekuchcikowo/feeds/ekuchcikowo_skroutz.xml HTTP/1.0" 200 12471049 "-" "-"
89.161.206.59 - - [22/Apr/2025:14:10:51 +0200] "GET /Jurek/maksik/feeds/maksik_skroutz.xml HTTP/1.0" 200 4084747 "-" "-"
51.77.52.107 - - [22/Apr/2025:14:10:57 +0200] "GET /Jurek/eurofirany/images/464051/0.jpg HTTP/2.0" 200 52148 "-" "baselinker"
51.77.52.107 - - [22/Apr/2025:14:11:02 +0200] "GET /Jurek/eurofirany/images/464052/0.jpg HTTP/2.0" 200 41666 "-" "baselinker"
193.33.8.61 - - [22/Apr/2025:14:11:19 +0200] "GET /Jurek/stema/output.txt HTTP/2.0" 200 9205 "https://konsola.dkkapusta1997.usermd.net/" "Mozilla/5.0 (Windows NT 10.0; Win64; x64) AppleWebKit/537.36 (KHTML, like Gecko) Chrome/135.0.0.0 Safari/537.36"
51.77.52.107 - - [22/Apr/2025:14:11:21 +0200] "GET /Jurek/eurofirany/images/464052/0.jpg HTTP/2.0" 200 41666 "-" "baselinker"
89.235.0.38 - - [22/Apr/2025:14:11:26 +0200] "GET /Jurek/topeshop/feeds/topeshop_alza.xml HTTP/2.0" 200 2686960 "-" "Mozilla/5.0 (Windows NT 10.0; Win64; x64) AppleWebKit/537.36 (KHTML, like Gecko) Chrome/135.0.0.0 Safari/537.36"
51.77.52.107 - - [22/Apr/2025:14:11:27 +0200] "GET /Jurek/eurofirany/images/464052/0.jpg HTTP/2.0" 200 41666 "-" "baselinker"
89.235.0.38 - - [22/Apr/2025:14:11:28 +0200] "GET /favicon.ico HTTP/2.0" 404 3551 "https://dkkapusta1997.usermd.net/Jurek/topeshop/feeds/topeshop_alza.xml" "Mozilla/5.0 (Windows NT 10.0; Win64; x64) AppleWebKit/537.36 (KHTML, like Gecko) Chrome/135.0.0.0 Safari/537.36"
51.77.52.107 - - [22/Apr/2025:14:11:34 +0200] "GET /Jurek/eurofirany/images/464054/0.jpg HTTP/2.0" 200 48395 "-" "baselinker"
51.77.52.107 - - [22/Apr/2025:14:11:38 +0200] "POST /Jurek/vida_short/baselinker-ceneo-shumee.php HTTP/2.0" 404 3551 "-" "BaseLinker/1.0"
51.77.52.107 - - [22/Apr/2025:14:12:00 +0200] "GET /Jurek/eurofirany/images/464054/0.jpg HTTP/2.0" 200 48395 "-" "baselinker"
89.235.0.38 - - [22/Apr/2025:14:12:04 +0200] "GET /Jurek/topeshop/feeds/topeshop_alza.xml HTTP/1.1" 200 2686960 "-" "Microsoft.Data.Mashup (https://go.microsoft.com/fwlink/?LinkID=304225)"
89.235.0.38 - - [22/Apr/2025:14:12:08 +0200] "GET /Jurek/topeshop/feeds/topeshop_alza.xml HTTP/1.1" 200 2686960 "-" "Microsoft.Data.Mashup (https://go.microsoft.com/fwlink/?LinkID=304225)"
89.235.0.38 - - [22/Apr/2025:14:12:08 +0200] "GET /Jurek/topeshop/feeds/topeshop_alza.xml HTTP/1.1" 200 2686960 "-" "Microsoft.Data.Mashup (https://go.microsoft.com/fwlink/?LinkID=304225)"
51.77.52.107 - - [22/Apr/2025:14:12:10 +0200] "GET /Jurek/eurofirany/images/464054/0.jpg HTTP/2.0" 200 48395 "-" "baselinker"
46.101.116.244 - - [22/Apr/2025:14:12:12 +0200] "GET /Jurek/aw/feeds/aw_fnacfr.xml HTTP/1.0" 404 3551 "-" "-"
89.235.0.38 - - [22/Apr/2025:14:12:16 +0200] "GET /Jurek/topeshop/feeds/topeshop_alza.xml HTTP/1.1" 200 2686960 "-" "Microsoft.Data.Mashup (https://go.microsoft.com/fwlink/?LinkID=304225)"
89.235.0.38 - - [22/Apr/2025:14:12:16 +0200] "GET /Jurek/topeshop/feeds/topeshop_alza.xml HTTP/1.1" 200 2686960 "-" "Microsoft.Data.Mashup (https://go.microsoft.com/fwlink/?LinkID=304225)"
89.161.206.59 - - [22/Apr/2025:14:12:20 +0200] "GET /Jurek/princelh/feeds/princelh_skroutz.xml HTTP/1.0" 200 133434 "-" "-"
46.101.116.244 - - [22/Apr/2025:14:12:25 +0200] "GET /Jurek/kokiska/feeds/kokiska_ceneo.xml HTTP/1.0" 200 11683106 "-" "-"
51.77.52.107 - - [22/Apr/2025:14:12:33 +0200] "GET /Jurek/eurofirany/images/468029/0.jpg HTTP/2.0" 200 52873 "-" "baselinker"
46.101.116.244 - - [22/Apr/2025:14:12:34 +0200] "GET /Jurek/chemex/feeds/Chemex_allegro.xml HTTP/1.0" 200 47823094 "-" "-"
51.77.52.107 - - [22/Apr/2025:14:12:39 +0200] "GET /Jurek/eurofirany/images/468029/0.jpg HTTP/2.0" 200 52873 "-" "baselinker"
51.77.52.107 - - [22/Apr/2025:14:12:48 +0200] "GET /Jurek/eurofirany/images/468029/0.jpg HTTP/2.0" 200 52873 "-" "baselinker"
89.161.206.59 - - [22/Apr/2025:14:12:50 +0200] "GET /Jurek/kinghoff/feeds/kinghoff_SkroutzGR.xml HTTP/1.0" 200 15460316 "-" "-"
89.161.206.59 - - [22/Apr/2025:14:12:52 +0200] "GET /Jurek/nonabox/feeds/nonabox_skroutz.xml HTTP/1.0" 200 33865 "-" "-"
89.161.206.59 - - [22/Apr/2025:14:12:53 +0200] "GET /Jurek/omi/feeds/omi_skroutz.xml HTTP/1.0" 200 8105586 "-" "-"
51.77.52.107 - - [22/Apr/2025:14:12:56 +0200] "GET /Jurek/eurofirany/images/468030/0.jpg HTTP/2.0" 200 86038 "-" "baselinker"
51.77.52.107 - - [22/Apr/2025:14:13:00 +0200] "GET /Jurek/eurofirany/images/468030/0.jpg HTTP/2.0" 200 86038 "-" "baselinker"
51.77.52.107 - - [22/Apr/2025:14:13:07 +0200] "GET /Jurek/eurofirany/images/468030/0.jpg HTTP/2.0" 200 86038 "-" "baselinker"
51.77.52.107 - - [22/Apr/2025:14:13:14 +0200] "GET /Jurek/eurofirany/images/468031/0.jpg HTTP/2.0" 200 47881 "-" "baselinker"
51.77.52.107 - - [22/Apr/2025:14:13:25 +0200] "GET /Jurek/eurofirany/images/468031/0.jpg HTTP/2.0" 200 47881 "-" "baselinker"
46.101.116.244 - - [22/Apr/2025:14:13:38 +0200] "GET /Jurek/kokiska/feeds/kokiska_erli.xml HTTP/1.0" 200 11682807 "-" "-"
89.161.206.59 - - [22/Apr/2025:14:13:41 +0200] "GET /Jurek/eoptimo/feeds/eoptimo_skroutz.xml HTTP/1.0" 200 2094357 "-" "-"
89.161.206.59 - - [22/Apr/2025:14:13:42 +0200] "GET /Jurek/broers/feeds/broers_skroutz.xml HTTP/1.0" 200 1981527 "-" "-"
51.77.52.107 - - [22/Apr/2025:14:13:47 +0200] "GET /Jurek/eurofirany/images/468031/0.jpg HTTP/2.0" 200 47881 "-" "baselinker"
51.77.52.107 - - [22/Apr/2025:14:13:54 +0200] "GET /Jurek/eurofirany/images/468036/0.jpg HTTP/2.0" 200 78554 "-" "baselinker"
89.161.206.59 - - [22/Apr/2025:14:13:58 +0200] "GET /Jurek/sportprise/feeds/sportprise_emagro.xml HTTP/1.0" 200 12727629 "-" "-"
51.77.52.107 - - [22/Apr/2025:14:13:59 +0200] "GET /Jurek/eurofirany/images/468036/0.jpg HTTP/2.0" 200 78554 "-" "baselinker"
89.161.206.59 - - [22/Apr/2025:14:13:59 +0200] "GET /Jurek/elavia/feeds/elavia_emagro.xml HTTP/1.0" 200 2497432 "-" "-"
89.161.206.59 - - [22/Apr/2025:14:14:00 +0200] "GET /Jurek/cdata/feeds/cdata_emagro.xml HTTP/1.0" 200 1445603 "-" "-"
89.161.206.59 - - [22/Apr/2025:14:14:02 +0200] "GET /Jurek/zbimatyja/feeds/zbimatyja_emagro.xml HTTP/1.0" 200 11671831 "-" "-"
89.161.206.59 - - [22/Apr/2025:14:14:03 +0200] "GET /Jurek/rosfix/feeds/rosfix_emagro.xml HTTP/1.0" 200 35771010 "-" "-"
89.161.206.59 - - [22/Apr/2025:14:14:04 +0200] "GET /Jurek/broers/feeds/broers_emagro.xml HTTP/1.0" 200 1982969 "-" "-"
51.77.52.107 - - [22/Apr/2025:14:14:04 +0200] "GET /Jurek/eurofirany/images/468036/0.jpg HTTP/2.0" 200 78554 "-" "baselinker"
51.77.52.107 - - [22/Apr/2025:14:14:06 +0200] "GET /Jurek/eurofirany/images/468037/0.jpg HTTP/2.0" 200 73916 "-" "baselinker"
193.33.8.61 - - [22/Apr/2025:14:14:14 +0200] "GET /Jurek/hanex/feeds/hanex_skroutz.xml HTTP/2.0" 200 1343488 "https://konsola.dkkapusta1997.usermd.net/" "Mozilla/5.0 (Windows NT 10.0; Win64; x64) AppleWebKit/537.36 (KHTML, like Gecko) Chrome/135.0.0.0 Safari/537.36"
51.77.52.107 - - [22/Apr/2025:14:14:14 +0200] "GET /Jurek/eurofirany/images/468037/0.jpg HTTP/2.0" 200 73916 "-" "baselinker"
77.79.248.229 - - [22/Apr/2025:14:14:16 +0200] "GET /Jurek/hanex/feeds/hanex_skroutz.xml HTTP/1.1" 200 13931574 "-" "Python-urllib/3.11"
51.77.52.107 - - [22/Apr/2025:14:14:20 +0200] "GET /Jurek/eurofirany/images/468037/0.jpg HTTP/2.0" 200 73916 "-" "baselinker"
89.161.206.59 - - [22/Apr/2025:14:14:30 +0200] "GET /Jurek/em3/feeds/em3_skroutz.xml HTTP/1.0" 200 258919 "-" "-"
51.77.52.107 - - [22/Apr/2025:14:14:39 +0200] "GET /Jurek/eurofirany/images/468038/0.jpg HTTP/2.0" 200 62811 "-" "baselinker"
51.77.52.107 - - [22/Apr/2025:14:14:44 +0200] "GET /Jurek/eurofirany/images/468038/0.jpg HTTP/2.0" 200 62811 "-" "baselinker"
89.161.206.59 - - [22/Apr/2025:14:14:51 +0200] "GET /Jurek/omi/feeds/omi_emagro.xml HTTP/1.0" 200 8106476 "-" "-"
51.77.52.107 - - [22/Apr/2025:14:14:52 +0200] "GET /Jurek/eurofirany/images/468038/0.jpg HTTP/2.0" 200 62811 "-" "baselinker"
89.161.206.59 - - [22/Apr/2025:14:14:52 +0200] "GET /Jurek/sebmart/feeds/sebmart_emagro.xml HTTP/1.0" 200 1599129 "-" "-"
193.33.8.61 - - [22/Apr/2025:14:14:53 +0200] "GET /Jurek/cbdgreen/feeds/cbdgreen_bol.xml HTTP/2.0" 200 50540 "https://konsola.dkkapusta1997.usermd.net/" "Mozilla/5.0 (Windows NT 10.0; Win64; x64) AppleWebKit/537.36 (KHTML, like Gecko) Chrome/135.0.0.0 Safari/537.36"
51.77.52.107 - - [22/Apr/2025:14:14:57 +0200] "GET /Jurek/eurofirany/images/468039/0.jpg HTTP/2.0" 200 91103 "-" "baselinker"
89.161.206.59 - - [22/Apr/2025:14:14:57 +0200] "GET /Jurek/lampart/feeds/lampart_skroutz.xml HTTP/1.0" 200 936039 "-" "-"
89.161.206.59 - - [22/Apr/2025:14:15:14 +0200] "GET /Jurek/sportprise/feeds/sportprise_skroutz.xml HTTP/1.0" 200 11782291 "-" "-"
51.77.52.107 - - [22/Apr/2025:14:15:19 +0200] "GET /Jurek/eurofirany/images/468039/0.jpg HTTP/2.0" 200 91103 "-" "baselinker"
51.77.52.107 - - [22/Apr/2025:14:15:21 +0200] "POST /subskrypcje/mondex/bl/ro/baselinker-ceneo-shumee.php HTTP/2.0" 200 303 "-" "BaseLinker/1.0"
51.77.52.107 - - [22/Apr/2025:14:15:26 +0200] "GET /Jurek/eurofirany/images/468039/0.jpg HTTP/2.0" 200 91103 "-" "baselinker"
77.79.248.229 - - [22/Apr/2025:14:15:30 +0200] "GET /Jurek/hanex/feeds/hanex_skroutz.xml HTTP/1.1" 200 13931574 "-" "Python-urllib/3.11"
51.77.52.107 - - [22/Apr/2025:14:15:31 +0200] "GET /Jurek/eurofirany/images/468040/0.jpg HTTP/2.0" 200 59048 "-" "baselinker"
89.161.206.59 - - [22/Apr/2025:14:15:33 +0200] "GET /Jurek/cbdgreen/feeds/cbdgreen_bol.xml HTTP/1.0" 200 50540 "-" "-"
51.77.52.107 - - [22/Apr/2025:14:15:42 +0200] "GET /Jurek/eurofirany/images/468040/0.jpg HTTP/2.0" 200 59048 "-" "baselinker"
51.77.52.107 - - [22/Apr/2025:14:15:43 +0200] "POST /subskrypcje/mondex/bl/bg/baselinker-ceneo-shumee.php HTTP/2.0" 200 303 "-" "BaseLinker/1.0"
89.161.206.59 - - [22/Apr/2025:14:15:47 +0200] "GET /Jurek/topeshop/feeds/topeshop_amazonFR.xml HTTP/1.0" 200 2686041 "-" "-"
89.161.206.59 - - [22/Apr/2025:14:15:48 +0200] "GET /Jurek/topeshop/feeds/topeshop_amazonIT.xml HTTP/1.0" 200 2686041 "-" "-"
51.77.52.107 - - [22/Apr/2025:14:15:48 +0200] "GET /Jurek/eurofirany/images/468040/0.jpg HTTP/2.0" 200 59048 "-" "baselinker"
89.161.206.59 - - [22/Apr/2025:14:15:48 +0200] "GET /Jurek/topeshop/feeds/topeshop_amazonDE.xml HTTP/1.0" 200 2685961 "-" "-"
89.161.206.59 - - [22/Apr/2025:14:15:48 +0200] "GET /Jurek/topeshop/feeds/topeshop_amazonSE.xml HTTP/1.0" 200 2686764 "-" "-"
89.161.206.59 - - [22/Apr/2025:14:15:48 +0200] "GET /Jurek/topeshop/feeds/topeshop_amazonES.xml HTTP/1.0" 200 2686075 "-" "-"
89.161.206.59 - - [22/Apr/2025:14:15:49 +0200] "GET /Jurek/topeshop/feeds/topeshop_amazonNL.xml HTTP/1.0" 200 2686056 "-" "-"
89.161.206.59 - - [22/Apr/2025:14:15:49 +0200] "GET /Jurek/topeshop/feeds/topeshop_amazonBE.xml HTTP/1.0" 200 2686061 "-" "-"
51.77.52.107 - - [22/Apr/2025:14:15:53 +0200] "GET /Jurek/eurofirany/images/468041/0.jpg HTTP/2.0" 200 80158 "-" "baselinker"
89.161.206.59 - - [22/Apr/2025:14:16:00 +0200] "GET /Jurek/eroplace/feeds/eroplace_amazonnl.xml HTTP/1.0" 200 52134864 "-" "-"
51.77.52.107 - - [22/Apr/2025:14:16:01 +0200] "GET /Jurek/eurofirany/images/468041/0.jpg HTTP/2.0" 200 80158 "-" "baselinker"
51.77.52.107 - - [22/Apr/2025:14:16:05 +0200] "GET /Jurek/eurofirany/images/468041/0.jpg HTTP/2.0" 200 80158 "-" "baselinker"
51.77.52.107 - - [22/Apr/2025:14:16:24 +0200] "GET /Jurek/eurofirany/images/468563/0.jpg HTTP/2.0" 200 112877 "-" "baselinker"
51.77.52.107 - - [22/Apr/2025:14:16:31 +0200] "GET /Jurek/eurofirany/images/468563/0.jpg HTTP/2.0" 200 112877 "-" "baselinker"
51.77.52.107 - - [22/Apr/2025:14:16:36 +0200] "GET /Jurek/eurofirany/images/468563/0.jpg HTTP/2.0" 200 112877 "-" "baselinker"
46.101.116.244 - - [22/Apr/2025:14:16:41 +0200] "GET /Jurek/vivaldi/feeds/vivaldi_allegro.xml HTTP/1.0" 200 344685 "-" "-"
51.77.52.107 - - [22/Apr/2025:14:16:42 +0200] "GET /Jurek/eurofirany/images/468564/0.jpg HTTP/2.0" 200 112877 "-" "baselinker"
51.77.52.107 - - [22/Apr/2025:14:16:48 +0200] "GET /Jurek/eurofirany/images/468564/0.jpg HTTP/2.0" 200 112877 "-" "baselinker"
51.77.52.107 - - [22/Apr/2025:14:16:52 +0200] "GET /Jurek/eurofirany/images/468564/0.jpg HTTP/2.0" 200 112877 "-" "baselinker"
85.232.241.194 - - [22/Apr/2025:14:16:55 +0200] "GET /subskrypcje/mondex/feeds/mondex_kaufland_de.xml HTTP/1.1" 200 2204485 "-" "-"
51.77.52.107 - - [22/Apr/2025:14:16:55 +0200] "POST /subskrypcje/mondex/bl/kauf/baselinker-ceneo-shumee.php HTTP/2.0" 200 305 "-" "BaseLinker/1.0"
85.232.241.194 - - [22/Apr/2025:14:16:57 +0200] "GET /subskrypcje/mondex/feeds/mondex_mall_cz.xml HTTP/1.1" 200 2203515 "-" "-"
51.77.52.107 - - [22/Apr/2025:14:16:57 +0200] "POST /Filip/salesconnect/baselinker-ceneo-shumee.php HTTP/2.0" 200 297 "-" "BaseLinker/1.0"
51.77.52.107 - - [22/Apr/2025:14:17:00 +0200] "GET /Jurek/eurofirany/images/468565/0.jpg HTTP/2.0" 200 112877 "-" "baselinker"
51.77.52.107 - - [22/Apr/2025:14:17:06 +0200] "GET /Jurek/eurofirany/images/468565/0.jpg HTTP/2.0" 200 112877 "-" "baselinker"
89.161.206.59 - - [22/Apr/2025:14:17:11 +0200] "GET /Jurek/stema/feeds/stema_skroutz.xml HTTP/1.0" 200 422381 "-" "-"
51.77.52.107 - - [22/Apr/2025:14:17:13 +0200] "GET /Jurek/eurofirany/images/468565/0.jpg HTTP/2.0" 200 112877 "-" "baselinker"
51.77.52.107 - - [22/Apr/2025:14:17:19 +0200] "GET /Jurek/eurofirany/images/468566/0.jpg HTTP/2.0" 200 112877 "-" "baselinker"
46.101.116.244 - - [22/Apr/2025:14:17:21 +0200] "GET /Jurek/eurofirany/feeds/eurofirany_allegro.xml HTTP/1.0" 200 19070372 "-" "-"
193.33.8.61 - - [22/Apr/2025:14:17:22 +0200] "GET /Jurek/hanex/feeds/hanex_skroutz.xml HTTP/2.0" 206 1 "https://konsola.dkkapusta1997.usermd.net/" "Mozilla/5.0 (Windows NT 10.0; Win64; x64) AppleWebKit/537.36 (KHTML, like Gecko) Chrome/135.0.0.0 Safari/537.36"
193.33.8.61 - - [22/Apr/2025:14:17:23 +0200] "GET /Jurek/hanex/feeds/hanex_skroutz.xml HTTP/2.0" 206 2293760 "https://konsola.dkkapusta1997.usermd.net/" "Mozilla/5.0 (Windows NT 10.0; Win64; x64) AppleWebKit/537.36 (KHTML, like Gecko) Chrome/135.0.0.0 Safari/537.36"
46.101.116.244 - - [22/Apr/2025:14:17:24 +0200] "GET /Jurek/aw/feeds/awnarzedzia_allegro.xml HTTP/1.0" 200 90542780 "-" "-"
46.101.116.244 - - [22/Apr/2025:14:17:28 +0200] "GET /Jurek/beliani/feeds/beliani_empik.xml HTTP/1.0" 200 11428585 "-" "-"
46.101.116.244 - - [22/Apr/2025:14:17:28 +0200] "GET /Jurek/beliani/feeds/beliani_allegro.xml HTTP/1.0" 200 31088244 "-" "-"
46.101.116.244 - - [22/Apr/2025:14:17:28 +0200] "GET /Jurek/beliani/feeds/beliani_erli.xml HTTP/1.0" 200 31091539 "-" "-"
51.77.52.107 - - [22/Apr/2025:14:17:32 +0200] "GET /Jurek/eurofirany/images/468566/0.jpg HTTP/2.0" 200 112877 "-" "baselinker"
37.225.52.92 - - [22/Apr/2025:14:17:36 +0200] "GET /Jurek/eany/data.csv HTTP/2.0" 304 0 "https://dkkapusta1997.usermd.net/Jurek/eany/" "Mozilla/5.0 (Windows NT 10.0; Win64; x64) AppleWebKit/537.36 (KHTML, like Gecko) Chrome/135.0.0.0 Safari/537.36"
51.77.52.107 - - [22/Apr/2025:14:17:37 +0200] "GET /Jurek/eurofirany/images/468566/0.jpg HTTP/2.0" 200 112877 "-" "baselinker"
51.77.52.107 - - [22/Apr/2025:14:17:44 +0200] "GET /Jurek/eurofirany/images/468567/0.jpg HTTP/2.0" 200 112877 "-" "baselinker"
193.33.8.61 - - [22/Apr/2025:14:17:46 +0200] "GET /Jurek/stema/feeds/stema_skroutz.xml HTTP/2.0" 200 422381 "https://konsola.dkkapusta1997.usermd.net/" "Mozilla/5.0 (Windows NT 10.0; Win64; x64) AppleWebKit/537.36 (KHTML, like Gecko) Chrome/135.0.0.0 Safari/537.36"
46.101.116.244 - - [22/Apr/2025:14:17:57 +0200] "GET /Jurek/kinghoff/feeds/kinghoff_empik.xml HTTP/1.0" 200 15461213 "-" "-"
51.77.52.107 - - [22/Apr/2025:14:18:00 +0200] "GET /Jurek/eurofirany/images/468567/0.jpg HTTP/2.0" 200 112877 "-" "baselinker"
51.77.52.107 - - [22/Apr/2025:14:18:06 +0200] "GET /Jurek/eurofirany/images/468567/0.jpg HTTP/2.0" 200 112877 "-" "baselinker"
51.77.52.107 - - [22/Apr/2025:14:18:09 +0200] "GET /Jurek/eurofirany/images/468568/0.jpg HTTP/2.0" 200 112877 "-" "baselinker"
51.77.52.107 - - [22/Apr/2025:14:18:14 +0200] "GET /Jurek/eurofirany/images/468568/0.jpg HTTP/2.0" 200 112877 "-" "baselinker"
51.77.52.107 - - [22/Apr/2025:14:18:19 +0200] "GET /Jurek/eurofirany/images/468568/0.jpg HTTP/2.0" 200 112877 "-" "baselinker"
51.77.52.107 - - [22/Apr/2025:14:18:23 +0200] "GET /Jurek/eurofirany/images/468569/0.jpg HTTP/2.0" 200 84172 "-" "baselinker"
46.101.116.244 - - [22/Apr/2025:14:18:24 +0200] "GET /Jurek/ikonka/feeds/ikonka_allegro.xml HTTP/1.0" 200 22169953 "-" "-"
46.101.116.244 - - [22/Apr/2025:14:18:25 +0200] "GET /Jurek/action/feeds/action_allegro.xml HTTP/1.0" 200 59864583 "-" "-"
46.101.116.244 - - [22/Apr/2025:14:18:26 +0200] "GET /Jurek/teamson/feeds/teamson_allegro.xml HTTP/1.0" 200 592796 "-" "-"
51.77.52.107 - - [22/Apr/2025:14:18:29 +0200] "GET /Jurek/eurofirany/images/468569/0.jpg HTTP/2.0" 200 84172 "-" "baselinker"
193.33.8.61 - - [22/Apr/2025:14:18:32 +0200] "GET /Jurek/techrebal/feeds/techrebal_skroutz.xml HTTP/2.0" 200 1989723 "https://konsola.dkkapusta1997.usermd.net/" "Mozilla/5.0 (Windows NT 10.0; Win64; x64) AppleWebKit/537.36 (KHTML, like Gecko) Chrome/135.0.0.0 Safari/537.36"
51.77.52.107 - - [22/Apr/2025:14:18:32 +0200] "GET /Jurek/eurofirany/images/468569/0.jpg HTTP/2.0" 200 84172 "-" "baselinker"
51.77.52.107 - - [22/Apr/2025:14:18:36 +0200] "GET /Jurek/eurofirany/images/468570/0.jpg HTTP/2.0" 200 119686 "-" "baselinker"
51.77.52.107 - - [22/Apr/2025:14:18:37 +0200] "POST /Jurek/ikonka/baselinker/smart/baselinker-ceneo-shumee.php HTTP/2.0" 404 3551 "-" "BaseLinker/1.0"
77.79.248.229 - - [22/Apr/2025:14:18:41 +0200] "GET /Jurek/techrebal/feeds/techrebal_skroutz.xml HTTP/1.1" 200 1989723 "-" "Python-urllib/3.11"
51.77.52.107 - - [22/Apr/2025:14:18:43 +0200] "GET /Jurek/eurofirany/images/468570/0.jpg HTTP/2.0" 200 119686 "-" "baselinker"
46.101.116.244 - - [22/Apr/2025:14:18:44 +0200] "GET /Jurek/hurtownia_przemyslowa/feeds/hp_allegro.xml HTTP/1.0" 200 49366351 "-" "-"
46.101.116.244 - - [22/Apr/2025:14:18:48 +0200] "GET /Jurek/b3/feeds/b3_allegro.xml HTTP/1.0" 200 8076715 "-" "-"
51.77.52.107 - - [22/Apr/2025:14:18:48 +0200] "GET /Jurek/eurofirany/images/468570/0.jpg HTTP/2.0" 200 119686 "-" "baselinker"
46.101.116.244 - - [22/Apr/2025:14:18:48 +0200] "GET /Jurek/benbaby/feeds/benbaby_allegro.xml HTTP/1.0" 200 3625964 "-" "-"
46.101.116.244 - - [22/Apr/2025:14:18:48 +0200] "GET /Jurek/unimet/feeds/unimet_allegro.xml HTTP/1.0" 200 61154836 "-" "-"
46.101.116.244 - - [22/Apr/2025:14:18:49 +0200] "GET /Jurek/bass/feeds/bass_allegro.xml HTTP/1.0" 200 3972719 "-" "-"
51.77.52.107 - - [22/Apr/2025:14:18:54 +0200] "GET /Jurek/eurofirany/images/468571/0.jpg HTTP/2.0" 200 119686 "-" "baselinker"
85.232.241.194 - - [22/Apr/2025:14:18:56 +0200] "GET /Filip/Rovicky/xlsx_ceneo.xml HTTP/1.1" 200 3255746 "-" "-"
51.77.52.107 - - [22/Apr/2025:14:18:56 +0200] "POST /Filip/Rovicky/baselinker/baselinker-ceneo-shumee.php HTTP/2.0" 200 303 "-" "BaseLinker/1.0"
85.232.241.194 - - [22/Apr/2025:14:18:59 +0200] "GET /subskrypcje/yoclub/feeds/yoclub_cz.xml HTTP/1.1" 200 7527186 "-" "-"
51.77.52.107 - - [22/Apr/2025:14:18:59 +0200] "GET /Jurek/eurofirany/images/468571/0.jpg HTTP/2.0" 200 119686 "-" "baselinker"
46.101.116.244 - - [22/Apr/2025:14:18:59 +0200] "GET /Jurek/rovicky/feeds/rovicky_zalPL.xml HTTP/1.0" 200 15129512 "-" "-"
46.101.116.244 - - [22/Apr/2025:14:18:59 +0200] "GET /Filip/nini_delete.xml HTTP/1.0" 200 3559034 "-" "-"
51.77.52.107 - - [22/Apr/2025:14:18:59 +0200] "POST /subskrypcje/yoclub/baselinker/baselinker-ceneo-shumee.php HTTP/2.0" 200 308 "-" "BaseLinker/1.0"
51.77.52.107 - - [22/Apr/2025:14:19:05 +0200] "GET /Jurek/eurofirany/images/468571/0.jpg HTTP/2.0" 200 119686 "-" "baselinker"
51.77.52.107 - - [22/Apr/2025:14:19:12 +0200] "GET /Jurek/eurofirany/images/468572/0.jpg HTTP/2.0" 200 113443 "-" "baselinker"
51.77.52.107 - - [22/Apr/2025:14:19:20 +0200] "GET /Jurek/eurofirany/images/468572/0.jpg HTTP/2.0" 200 113443 "-" "baselinker"
51.77.52.107 - - [22/Apr/2025:14:19:27 +0200] "GET /Jurek/eurofirany/images/468572/0.jpg HTTP/2.0" 200 113443 "-" "baselinker"
46.101.116.244 - - [22/Apr/2025:14:19:32 +0200] "GET /Filip/pigu/xlsx_ceneo.xml HTTP/1.0" 200 123123159 "-" "-"
51.77.52.107 - - [22/Apr/2025:14:19:32 +0200] "GET /Jurek/eurofirany/images/468573/0.jpg HTTP/2.0" 200 104896 "-" "baselinker"
46.101.116.244 - - [22/Apr/2025:14:19:34 +0200] "GET /Jurek/vidaCZ/feeds/vidaCZ_allegro.xml HTTP/1.0" 200 688686797 "-" "-"
46.101.116.244 - - [22/Apr/2025:14:19:40 +0200] "GET /Jurek/unimet/feeds/unimet_velo.xml HTTP/1.0" 200 61155110 "-" "-"
46.101.116.244 - - [22/Apr/2025:14:19:41 +0200] "GET /Jurek/action/feeds/action_velo.xml HTTP/1.0" 200 59867049 "-" "-"
46.101.116.244 - - [22/Apr/2025:14:19:46 +0200] "GET /Jurek/vida_morele/feeds/vida_velo_best.xml HTTP/1.0" 404 3551 "-" "-"
46.101.116.244 - - [22/Apr/2025:14:19:49 +0200] "GET /Jurek/kinghoff/feeds/kinghoff_velo.xml HTTP/1.0" 200 15461259 "-" "-"
51.77.52.107 - - [22/Apr/2025:14:19:51 +0200] "GET /Jurek/eurofirany/images/468573/0.jpg HTTP/2.0" 200 104896 "-" "baselinker"
46.101.116.244 - - [22/Apr/2025:14:19:52 +0200] "GET /Jurek/kinghoff/feeds/kinghoff_cdiscount.xml HTTP/1.0" 200 7433995 "-" "-"
46.101.116.244 - - [22/Apr/2025:14:19:52 +0200] "GET /Jurek/eurofirany/feeds/eurofirany_velomarket.xml HTTP/1.0" 200 19067593 "-" "-"
46.101.116.244 - - [22/Apr/2025:14:19:53 +0200] "GET /Jurek/beliani/feeds/beliani_velomarket.xml HTTP/1.0" 200 31090201 "-" "-"
46.101.116.244 - - [22/Apr/2025:14:19:54 +0200] "GET /Jurek/eurofirany/feeds/eurofirany_cdiscount.xml HTTP/1.0" 200 22707630 "-" "-"
46.101.116.244 - - [22/Apr/2025:14:19:56 +0200] "GET /Jurek/aw/feeds/awnarzedzia_cdiscount.xml HTTP/1.0" 200 90523645 "-" "-"
46.101.116.244 - - [22/Apr/2025:14:19:56 +0200] "GET /Jurek/fernity/feeds/fernity_velomarket.xml HTTP/1.0" 200 4817579 "-" "-"
46.101.116.244 - - [22/Apr/2025:14:19:59 +0200] "GET /Jurek/vida_morele/feeds/vidaPL_velomarket_category6.xml HTTP/1.0" 200 154964698 "-" "-"
46.101.116.244 - - [22/Apr/2025:14:20:04 +0200] "GET /Jurek/aw/feeds/awnarzedzia_velomarket.xml HTTP/1.0" 200 8306616 "-" "-"
46.101.116.244 - - [22/Apr/2025:14:20:06 +0200] "GET /Jurek/chemex/feeds/chemex_velomarket.xml HTTP/1.0" 200 47822049 "-" "-"
46.101.116.244 - - [22/Apr/2025:14:20:07 +0200] "GET /Jurek/vida_morele/feeds/vidaPL_velomarket.xml HTTP/1.0" 200 726735385 "-" "-"
51.77.52.107 - - [22/Apr/2025:14:20:08 +0200] "GET /Jurek/eurofirany/images/468573/0.jpg HTTP/2.0" 200 104896 "-" "baselinker"
46.101.116.244 - - [22/Apr/2025:14:20:08 +0200] "GET /Jurek/kinghome/feeds/kinghome_velomarket.xml HTTP/1.0" 200 6062405 "-" "-"
46.101.116.244 - - [22/Apr/2025:14:20:09 +0200] "GET /Jurek/hurtownia_przemyslowa/feeds/hp_velomarket.xml HTTP/1.0" 200 49366757 "-" "-"
46.101.116.244 - - [22/Apr/2025:14:20:09 +0200] "GET /Jurek/kokiska/feeds/kokiska_velomarket.xml HTTP/1.0" 200 11682860 "-" "-"
46.101.116.244 - - [22/Apr/2025:14:20:09 +0200] "GET /Jurek/stema/feeds/stema_velomarket.xml HTTP/1.0" 200 857273 "-" "-"
51.77.52.107 - - [22/Apr/2025:14:20:12 +0200] "GET /Jurek/eurofirany/images/468574/0.jpg HTTP/2.0" 200 102544 "-" "baselinker"
46.101.116.244 - - [22/Apr/2025:14:20:12 +0200] "GET /Jurek/ikonka/feeds/ikonka_erli.xml HTTP/1.0" 200 22170187 "-" "-"
51.77.52.107 - - [22/Apr/2025:14:20:16 +0200] "GET /Jurek/eurofirany/images/468574/0.jpg HTTP/2.0" 200 102544 "-" "baselinker"
