51.77.52.107 - - [22/Apr/2025:09:32:30 +0200] "GET /Jurek/eurofirany/images/420920/0.jpg HTTP/2.0" 200 72732 "-" "baselinker"
51.77.52.107 - - [22/Apr/2025:09:32:36 +0200] "GET /Jurek/eurofirany/images/467981/0.jpg HTTP/2.0" 200 74776 "-" "baselinker"
46.101.116.244 - - [22/Apr/2025:09:32:41 +0200] "GET /Jurek/sempler/feeds/sempler_mallsi.xml HTTP/2.0" 200 6787996 "-" "-"
51.77.52.107 - - [22/Apr/2025:09:32:51 +0200] "GET /Jurek/eurofirany/images/467981/0.jpg HTTP/2.0" 200 74776 "-" "baselinker"
46.101.116.244 - - [22/Apr/2025:09:32:52 +0200] "GET /Jurek/bass/feeds/bass_mallsi.xml HTTP/2.0" 200 3971958 "-" "-"
51.77.52.107 - - [22/Apr/2025:09:33:06 +0200] "GET /Jurek/eurofirany/images/467981/0.jpg HTTP/2.0" 200 74776 "-" "baselinker"
46.101.116.244 - - [22/Apr/2025:09:33:16 +0200] "GET /Jurek/slayo/feeds/slayo_mallsi.xml HTTP/2.0" 200 183615 "-" "-"
51.77.52.107 - - [22/Apr/2025:09:33:21 +0200] "GET /Jurek/eurofirany/images/467988/0.jpg HTTP/2.0" 200 71214 "-" "baselinker"
46.101.116.244 - - [22/Apr/2025:09:33:26 +0200] "GET /Jurek/mosti/feeds/mosti_mallsi.xml HTTP/2.0" 200 4628036 "-" "-"
46.101.116.244 - - [22/Apr/2025:09:33:27 +0200] "GET /Jurek/amzteam/feeds/amzteam_mallsi.xml HTTP/2.0" 200 97843 "-" "-"
46.101.116.244 - - [22/Apr/2025:09:33:27 +0200] "GET /Jurek/artdog/feeds/artdog_mallsi.xml HTTP/2.0" 200 17158313 "-" "-"
46.101.116.244 - - [22/Apr/2025:09:33:29 +0200] "GET /Jurek/kambukka/feeds/kambukka_mallsi.xml HTTP/2.0" 200 1023472 "-" "-"
178.21.154.6 - - [22/Apr/2025:09:33:33 +0200] "GET /Jurek/eurofirany/images/390404/0.jpg HTTP/1.1" 200 77954 "-" "-"
51.77.52.107 - - [22/Apr/2025:09:33:41 +0200] "GET /Jurek/eurofirany/images/467988/0.jpg HTTP/2.0" 200 71214 "-" "baselinker"
46.101.116.244 - - [22/Apr/2025:09:33:43 +0200] "GET /Jurek/swiatecznygoliat/feeds/swiatecznygoliat_mallsi.xml HTTP/2.0" 200 7054395 "-" "-"
51.77.52.107 - - [22/Apr/2025:09:33:54 +0200] "GET /Jurek/eurofirany/images/467988/0.jpg HTTP/2.0" 200 71214 "-" "baselinker"
85.232.241.194 - - [22/Apr/2025:09:34:02 +0200] "GET /Jurek/action/feeds/action_carrefour.xml HTTP/1.1" 200 59854025 "-" "Python-urllib/3.11"
85.232.241.194 - - [22/Apr/2025:09:34:02 +0200] "GET /Jurek/aw/feeds/aw_carrefour.xml HTTP/1.1" 200 90519982 "-" "Python-urllib/3.11"
85.232.241.194 - - [22/Apr/2025:09:34:03 +0200] "GET /Jurek/kobi/feeds/kobi_carrefour.xml HTTP/1.1" 200 1993170 "-" "Python-urllib/3.11"
85.232.241.194 - - [22/Apr/2025:09:34:03 +0200] "GET /Jurek/kinghoff/feeds/kinghoff_carrefour.xml HTTP/1.1" 200 15460389 "-" "Python-urllib/3.11"
51.77.52.107 - - [22/Apr/2025:09:34:10 +0200] "GET /Jurek/eurofirany/images/467993/0.jpg HTTP/2.0" 200 73951 "-" "baselinker"
51.77.52.107 - - [22/Apr/2025:09:34:28 +0200] "GET /Jurek/eurofirany/images/467993/0.jpg HTTP/2.0" 200 73951 "-" "baselinker"
46.101.116.244 - - [22/Apr/2025:09:34:30 +0200] "GET /Jurek/octopia/feeds/octopia_mallsi.xml HTTP/2.0" 200 10103817 "-" "-"
46.101.116.244 - - [22/Apr/2025:09:34:45 +0200] "GET /Jurek/topeshop/feeds/topeshop_mallsi.xml HTTP/2.0" 200 2689068 "-" "-"
51.77.52.107 - - [22/Apr/2025:09:34:46 +0200] "GET /Jurek/eurofirany/images/467993/0.jpg HTTP/2.0" 200 73951 "-" "baselinker"
52.18.22.0 - - [22/Apr/2025:09:34:54 +0200] "GET /marketplaces/worten2/results/worten.csv HTTP/1.1" 200 147217 "-" "Mirakl HttpClient"
51.77.52.107 - - [22/Apr/2025:09:35:02 +0200] "GET /Jurek/eurofirany/images/467984/0.jpg HTTP/2.0" 200 88731 "-" "baselinker"
51.77.52.107 - - [22/Apr/2025:09:35:17 +0200] "GET /Jurek/eurofirany/images/467984/0.jpg HTTP/2.0" 200 88731 "-" "baselinker"
51.77.52.107 - - [22/Apr/2025:09:35:32 +0200] "GET /Jurek/eurofirany/images/467984/0.jpg HTTP/2.0" 200 88731 "-" "baselinker"
51.77.52.107 - - [22/Apr/2025:09:35:49 +0200] "GET /Jurek/eurofirany/images/467987/0.jpg HTTP/2.0" 200 82746 "-" "baselinker"
51.77.52.107 - - [22/Apr/2025:09:36:07 +0200] "GET /Jurek/eurofirany/images/467987/0.jpg HTTP/2.0" 200 82746 "-" "baselinker"
77.79.248.229 - - [22/Apr/2025:09:36:14 +0200] "GET /Jurek/eurofirany/feeds/eurofirany_cdon_se.xml HTTP/1.1" 200 19088030 "-" "python-requests/2.32.3"
77.79.248.229 - - [22/Apr/2025:09:36:14 +0200] "GET /Jurek/eurofirany/feeds/eurofirany_cdon_dk.xml HTTP/1.1" 200 19087847 "-" "python-requests/2.32.3"
77.79.248.229 - - [22/Apr/2025:09:36:15 +0200] "GET /Jurek/eurofirany/feeds/eurofirany_cdon_fi.xml HTTP/1.1" 200 19070660 "-" "python-requests/2.32.3"
77.79.248.229 - - [22/Apr/2025:09:36:15 +0200] "GET /Jurek/stema/feeds/stema_cdon_se.xml HTTP/1.1" 200 857656 "-" "python-requests/2.32.3"
77.79.248.229 - - [22/Apr/2025:09:36:15 +0200] "GET /Jurek/stema/feeds/stema_cdon_dk.xml HTTP/1.1" 200 857491 "-" "python-requests/2.32.3"
77.79.248.229 - - [22/Apr/2025:09:36:15 +0200] "GET /Jurek/stema/feeds/stema_cdon_fi.xml HTTP/1.1" 200 857221 "-" "python-requests/2.32.3"
77.79.248.229 - - [22/Apr/2025:09:36:17 +0200] "GET /Jurek/aw/feeds/awnarzedzia_cdon_se.xml HTTP/1.1" 200 90609295 "-" "python-requests/2.32.3"
77.79.248.229 - - [22/Apr/2025:09:36:18 +0200] "GET /Jurek/aw/feeds/awnarzedzia_cdon_dk.xml HTTP/1.1" 200 90604007 "-" "python-requests/2.32.3"
77.79.248.229 - - [22/Apr/2025:09:36:20 +0200] "GET /Jurek/aw/feeds/awnarzedzia_cdon_fi.xml HTTP/1.1" 200 90520677 "-" "python-requests/2.32.3"
77.79.248.229 - - [22/Apr/2025:09:36:21 +0200] "GET /Jurek/hurtownia_przemyslowa/feeds/hp_cdon_se.xml HTTP/1.1" 200 49377384 "-" "python-requests/2.32.3"
77.79.248.229 - - [22/Apr/2025:09:36:22 +0200] "GET /Jurek/hurtownia_przemyslowa/feeds/hp_cdon_dk.xml HTTP/1.1" 200 49376078 "-" "python-requests/2.32.3"
77.79.248.229 - - [22/Apr/2025:09:36:23 +0200] "GET /Jurek/hurtownia_przemyslowa/feeds/hp_cdon_fi.xml HTTP/1.1" 200 49363059 "-" "python-requests/2.32.3"
51.77.52.107 - - [22/Apr/2025:09:36:23 +0200] "GET /Jurek/eurofirany/images/467987/0.jpg HTTP/2.0" 200 82746 "-" "baselinker"
77.79.248.229 - - [22/Apr/2025:09:36:26 +0200] "GET /Jurek/ikonka/feeds/ikonka_cdon_se.xml HTTP/1.1" 200 22173548 "-" "python-requests/2.32.3"
77.79.248.229 - - [22/Apr/2025:09:36:26 +0200] "GET /Jurek/ikonka/feeds/ikonka_cdon_dk.xml HTTP/1.1" 200 22173478 "-" "python-requests/2.32.3"
77.79.248.229 - - [22/Apr/2025:09:36:27 +0200] "GET /Jurek/ikonka/feeds/ikonka_cdon_fi.xml HTTP/1.1" 200 22171284 "-" "python-requests/2.32.3"
77.79.248.229 - - [22/Apr/2025:09:36:27 +0200] "GET /Jurek/fernity/feeds/fernity_cdon_fi.xml HTTP/1.1" 200 4816306 "-" "python-requests/2.32.3"
77.79.248.229 - - [22/Apr/2025:09:36:27 +0200] "GET /Jurek/fernity/feeds/fernity_cdon_se.xml HTTP/1.1" 200 4819645 "-" "python-requests/2.32.3"
77.79.248.229 - - [22/Apr/2025:09:36:27 +0200] "GET /Jurek/fernity/feeds/fernity_cdon_dk.xml HTTP/1.1" 200 4819117 "-" "python-requests/2.32.3"
77.79.248.229 - - [22/Apr/2025:09:36:28 +0200] "GET /Jurek/activeshop/feeds/activeshop_cdon_se.xml HTTP/1.1" 200 10457397 "-" "python-requests/2.32.3"
77.79.248.229 - - [22/Apr/2025:09:36:29 +0200] "GET /Jurek/activeshop/feeds/activeshop_cdon_dk.xml HTTP/1.1" 200 10457048 "-" "python-requests/2.32.3"
77.79.248.229 - - [22/Apr/2025:09:36:29 +0200] "GET /Jurek/activeshop/feeds/activeshop_cdon_fi.xml HTTP/1.1" 200 10453832 "-" "python-requests/2.32.3"
77.79.248.229 - - [22/Apr/2025:09:36:34 +0200] "GET /Jurek/barbecook/feeds/barbecook_cdon_se.xml HTTP/1.1" 200 87595 "-" "python-requests/2.32.3"
77.79.248.229 - - [22/Apr/2025:09:36:34 +0200] "GET /Jurek/barbecook/feeds/barbecook_cdon_dk.xml HTTP/1.1" 200 87590 "-" "python-requests/2.32.3"
77.79.248.229 - - [22/Apr/2025:09:36:34 +0200] "GET /Jurek/barbecook/feeds/barbecook_cdon_fi.xml HTTP/1.1" 200 87531 "-" "python-requests/2.32.3"
51.77.52.107 - - [22/Apr/2025:09:36:35 +0200] "GET /Jurek/eurofirany/images/467998/0.jpg HTTP/2.0" 200 79301 "-" "baselinker"
77.79.248.229 - - [22/Apr/2025:09:36:36 +0200] "GET /Jurek/action/feeds/action_cdon_se.xml HTTP/1.1" 200 59889472 "-" "python-requests/2.32.3"
77.79.248.229 - - [22/Apr/2025:09:36:36 +0200] "GET /Jurek/action/feeds/action_cdon_dk.xml HTTP/1.1" 200 59883923 "-" "python-requests/2.32.3"
77.79.248.229 - - [22/Apr/2025:09:36:37 +0200] "GET /Jurek/action/feeds/action_cdon_fi.xml HTTP/1.1" 200 59857434 "-" "python-requests/2.32.3"
77.79.248.229 - - [22/Apr/2025:09:36:37 +0200] "GET /Jurek/kinghoff/feeds/kinghoff_cdon_se.xml HTTP/1.1" 200 15463104 "-" "python-requests/2.32.3"
77.79.248.229 - - [22/Apr/2025:09:36:38 +0200] "GET /Jurek/kinghoff/feeds/kinghoff_cdon_dk.xml HTTP/1.1" 200 15462841 "-" "python-requests/2.32.3"
77.79.248.229 - - [22/Apr/2025:09:36:38 +0200] "GET /Jurek/kinghoff/feeds/kinghoff_cdon_fi.xml HTTP/1.1" 200 15460406 "-" "python-requests/2.32.3"
77.79.248.229 - - [22/Apr/2025:09:36:44 +0200] "GET /Jurek/piotrmiedz/feeds/piotrmiedz_cdon_se.xml HTTP/1.1" 200 91085308 "-" "python-requests/2.32.3"
77.79.248.229 - - [22/Apr/2025:09:36:45 +0200] "GET /Jurek/piotrmiedz/feeds/piotrmiedz_cdon_dk.xml HTTP/1.1" 200 91079315 "-" "python-requests/2.32.3"
77.79.248.229 - - [22/Apr/2025:09:36:46 +0200] "GET /Jurek/piotrmiedz/feeds/piotrmiedz_cdon_fi.xml HTTP/1.1" 200 91042761 "-" "python-requests/2.32.3"
46.101.116.244 - - [22/Apr/2025:09:36:46 +0200] "GET /Jurek/aw/feeds/aw_fnacfr.xml HTTP/1.0" 404 3551 "-" "-"
51.77.52.107 - - [22/Apr/2025:09:36:52 +0200] "GET /Jurek/eurofirany/images/467998/0.jpg HTTP/2.0" 200 79301 "-" "baselinker"
66.135.223.43 - - [22/Apr/2025:09:37:03 +0200] "GET /Jurek/eurofirany/images/458996/0.jpg HTTP/1.1" 200 81318 "-" "Java/17.0.13.0.101"
66.135.223.44 - - [22/Apr/2025:09:37:05 +0200] "GET /Jurek/eurofirany/images/459906/0.jpg HTTP/1.1" 200 91461 "-" "Java/17.0.13.0.101"
51.77.52.107 - - [22/Apr/2025:09:37:08 +0200] "GET /Jurek/eurofirany/images/467998/0.jpg HTTP/2.0" 200 79301 "-" "baselinker"
51.77.52.107 - - [22/Apr/2025:09:37:21 +0200] "GET /Jurek/eurofirany/images/469974/0.jpg HTTP/2.0" 200 90603 "-" "baselinker"
51.77.52.107 - - [22/Apr/2025:09:37:40 +0200] "GET /Jurek/eurofirany/images/469974/0.jpg HTTP/2.0" 200 90603 "-" "baselinker"
51.77.52.107 - - [22/Apr/2025:09:37:45 +0200] "GET /Jurek/eurofirany/images/469974/0.jpg HTTP/2.0" 200 90603 "-" "baselinker"
51.77.52.107 - - [22/Apr/2025:09:37:51 +0200] "GET /Jurek/eurofirany/images/469975/0.jpg HTTP/2.0" 200 96670 "-" "baselinker"
51.77.52.107 - - [22/Apr/2025:09:37:55 +0200] "GET /Jurek/eurofirany/images/469975/0.jpg HTTP/2.0" 200 96670 "-" "baselinker"
51.77.52.107 - - [22/Apr/2025:09:38:00 +0200] "GET /Jurek/eurofirany/images/469975/0.jpg HTTP/2.0" 200 96670 "-" "baselinker"
77.79.248.229 - - [22/Apr/2025:09:38:08 +0200] "GET /Jurek/vidaSI/feeds/vidaSI_bigbang.xml HTTP/1.1" 200 640130323 "-" "Python-urllib/3.11"
51.77.52.107 - - [22/Apr/2025:09:38:08 +0200] "GET /Jurek/eurofirany/images/469976/0.jpg HTTP/2.0" 200 92171 "-" "baselinker"
77.79.248.229 - - [22/Apr/2025:09:38:09 +0200] "GET /Jurek/aw/feeds/awnarzedzia_bigbang.xml HTTP/1.1" 200 90494929 "-" "Python-urllib/3.11"
77.79.248.229 - - [22/Apr/2025:09:38:10 +0200] "GET /Jurek/hurtownia_przemyslowa/feeds/hp_bigbang.xml HTTP/1.1" 200 49359874 "-" "Python-urllib/3.11"
77.79.248.229 - - [22/Apr/2025:09:38:13 +0200] "GET /Jurek/action/feeds/action_bigbang.xml HTTP/1.1" 200 59852551 "-" "Python-urllib/3.11"
51.77.52.107 - - [22/Apr/2025:09:38:13 +0200] "GET /Jurek/eurofirany/images/469976/0.jpg HTTP/2.0" 200 92171 "-" "baselinker"
46.101.116.244 - - [22/Apr/2025:09:38:14 +0200] "GET /Jurek/activeshop/feeds/activeshop_mallsi.xml HTTP/2.0" 200 10453612 "-" "-"
77.79.248.229 - - [22/Apr/2025:09:38:15 +0200] "GET /Jurek/ikonka/feeds/ikonka_bigbang.xml HTTP/1.1" 200 22171281 "-" "Python-urllib/3.11"
77.79.248.229 - - [22/Apr/2025:09:38:15 +0200] "GET /Jurek/bass/feeds/bass_bigbang.xml HTTP/1.1" 200 3971925 "-" "Python-urllib/3.11"
51.77.52.107 - - [22/Apr/2025:09:38:17 +0200] "GET /Jurek/eurofirany/images/469976/0.jpg HTTP/2.0" 200 92171 "-" "baselinker"
77.79.248.229 - - [22/Apr/2025:09:38:18 +0200] "GET /Jurek/kinghoff/feeds/kinghoff_bigbang.xml HTTP/1.1" 200 15460401 "-" "Python-urllib/3.11"
77.79.248.229 - - [22/Apr/2025:09:38:19 +0200] "GET /Jurek/activeshop/feeds/activeshop_bigbang.xml HTTP/1.1" 200 10453480 "-" "Python-urllib/3.11"
77.79.248.229 - - [22/Apr/2025:09:38:19 +0200] "GET /Jurek/octopia/feeds/octopia_bigbang.xml HTTP/1.1" 200 5658808 "-" "Python-urllib/3.11"
77.79.248.229 - - [22/Apr/2025:09:38:20 +0200] "GET /Jurek/topeshop/feeds/topeshop_bigbang.xml HTTP/1.1" 200 2688951 "-" "Python-urllib/3.11"
77.79.248.229 - - [22/Apr/2025:09:38:20 +0200] "GET /Jurek/b3/feeds/b3_bigbang.xml HTTP/1.1" 200 8074739 "-" "Python-urllib/3.11"
77.79.248.229 - - [22/Apr/2025:09:38:20 +0200] "GET /Jurek/asortymenteu/feeds/asortymenteu_bigbang.xml HTTP/1.1" 200 2764759 "-" "Python-urllib/3.11"
77.79.248.229 - - [22/Apr/2025:09:38:21 +0200] "GET /Jurek/eroplace/feeds/eroplace_bigbang.xml HTTP/1.1" 200 52134694 "-" "Python-urllib/3.11"
51.77.52.107 - - [22/Apr/2025:09:38:22 +0200] "GET /Jurek/eurofirany/images/469977/0.jpg HTTP/2.0" 200 92040 "-" "baselinker"
77.79.248.229 - - [22/Apr/2025:09:38:26 +0200] "GET /Jurek/intsell/feeds/intsell_bigbang.xml HTTP/1.1" 200 342005986 "-" "Python-urllib/3.11"
77.79.248.229 - - [22/Apr/2025:09:38:27 +0200] "GET /Jurek/coppotech/feeds/coppotech_bigbang.xml HTTP/1.1" 200 38048897 "-" "Python-urllib/3.11"
77.79.248.229 - - [22/Apr/2025:09:38:27 +0200] "GET /Jurek/stema/feeds/stema_bigbang.xml HTTP/1.1" 200 857122 "-" "Python-urllib/3.11"
77.79.248.229 - - [22/Apr/2025:09:38:27 +0200] "GET /Jurek/sempler/feeds/sempler_bigbang.xml HTTP/1.1" 200 6787968 "-" "Python-urllib/3.11"
77.79.248.229 - - [22/Apr/2025:09:38:28 +0200] "GET /Jurek/benetech/feeds/benetech_bigbang.xml HTTP/1.1" 200 4165428 "-" "Python-urllib/3.11"
77.79.248.229 - - [22/Apr/2025:09:38:28 +0200] "GET /Jurek/ekuchcikowo/feeds/ekuchcikowo_bigbang.xml HTTP/1.1" 200 12470929 "-" "Python-urllib/3.11"
77.79.248.229 - - [22/Apr/2025:09:38:28 +0200] "GET /Jurek/erohurtownia/feeds/erohurtownia_bigbang.xml HTTP/1.1" 200 22846463 "-" "Python-urllib/3.11"
51.77.52.107 - - [22/Apr/2025:09:38:29 +0200] "GET /Jurek/eurofirany/images/469977/0.jpg HTTP/2.0" 200 92040 "-" "baselinker"
51.77.52.107 - - [22/Apr/2025:09:38:34 +0200] "GET /Jurek/eurofirany/images/469977/0.jpg HTTP/2.0" 200 92040 "-" "baselinker"
77.79.248.229 - - [22/Apr/2025:09:38:37 +0200] "GET /Jurek/naszedzieci/feeds/naszedzieci_bigbang.xml HTTP/1.1" 200 833165824 "-" "Python-urllib/3.11"
77.79.248.229 - - [22/Apr/2025:09:38:39 +0200] "GET /Jurek/awparts/feeds/awparts_bigbang.xml HTTP/1.1" 200 142299125 "-" "Python-urllib/3.11"
77.79.248.229 - - [22/Apr/2025:09:38:39 +0200] "GET /Jurek/najtanszysport/feeds/najtanszysport_bigbang.xml HTTP/1.1" 200 3983120 "-" "Python-urllib/3.11"
77.79.248.229 - - [22/Apr/2025:09:38:39 +0200] "GET /Jurek/aiofactory/feeds/aiofactory_bigbang.xml HTTP/1.1" 200 2123781 "-" "Python-urllib/3.11"
77.79.248.229 - - [22/Apr/2025:09:38:39 +0200] "GET /Jurek/playcob/feeds/playcob_bigbang.xml HTTP/1.1" 200 6980100 "-" "Python-urllib/3.11"
77.79.248.229 - - [22/Apr/2025:09:38:39 +0200] "GET /Jurek/kidshop/feeds/kidshop_bigbang.xml HTTP/1.1" 200 19845640 "-" "Python-urllib/3.11"
77.79.248.229 - - [22/Apr/2025:09:38:40 +0200] "GET /Jurek/elavia/feeds/elavia_bigbang.xml HTTP/1.1" 200 2497276 "-" "Python-urllib/3.11"
51.77.52.107 - - [22/Apr/2025:09:38:40 +0200] "GET /Jurek/eurofirany/images/469978/0.jpg HTTP/2.0" 200 219530 "-" "baselinker"
77.79.248.229 - - [22/Apr/2025:09:38:40 +0200] "GET /Jurek/straganbiur/feeds/straganbiur_bigbang.xml HTTP/1.1" 200 8893176 "-" "Python-urllib/3.11"
77.79.248.229 - - [22/Apr/2025:09:38:40 +0200] "GET /Jurek/kobi/feeds/kobi_bigbang.xml HTTP/1.1" 200 1993169 "-" "Python-urllib/3.11"
77.79.248.229 - - [22/Apr/2025:09:38:41 +0200] "GET /Jurek/hanex/feeds/hanex_bigbang.xml HTTP/1.1" 200 13931559 "-" "Python-urllib/3.11"
77.79.248.229 - - [22/Apr/2025:09:38:41 +0200] "GET /Jurek/elecomp/feeds/elecomp_bigbang.xml HTTP/1.1" 200 2867759 "-" "Python-urllib/3.11"
77.79.248.229 - - [22/Apr/2025:09:38:41 +0200] "GET /Jurek/roger/feeds/roger_bigbang.xml HTTP/1.1" 200 1396553 "-" "Python-urllib/3.11"
77.79.248.229 - - [22/Apr/2025:09:38:41 +0200] "GET /Jurek/kristronik/feeds/kristronik_bigbang.xml HTTP/1.1" 200 691960 "-" "Python-urllib/3.11"
77.79.248.229 - - [22/Apr/2025:09:38:41 +0200] "GET /Jurek/oknobest/feeds/oknobest_bigbang.xml HTTP/1.1" 200 2707813 "-" "Python-urllib/3.11"
77.79.248.229 - - [22/Apr/2025:09:38:41 +0200] "GET /Jurek/globaldeli/feeds/globaldeli_bigbang.xml HTTP/1.1" 200 2590049 "-" "Python-urllib/3.11"
77.79.248.229 - - [22/Apr/2025:09:38:42 +0200] "GET /Jurek/rider/feeds/rider_bigbang.xml HTTP/1.1" 200 8165207 "-" "Python-urllib/3.11"
77.79.248.229 - - [22/Apr/2025:09:38:42 +0200] "GET /Jurek/cenoman/feeds/cenoman_bigbang.xml HTTP/1.1" 200 5993160 "-" "Python-urllib/3.11"
77.79.248.229 - - [22/Apr/2025:09:38:42 +0200] "GET /Jurek/luxma/feeds/luxma_bigbang.xml HTTP/1.1" 200 8058590 "-" "Python-urllib/3.11"
77.79.248.229 - - [22/Apr/2025:09:38:42 +0200] "GET /Jurek/zbimatyja/feeds/zbimatyja_bigbang.xml HTTP/1.1" 200 11670098 "-" "Python-urllib/3.11"
77.79.248.229 - - [22/Apr/2025:09:38:42 +0200] "GET /Jurek/smxdesign/feeds/smxdesign_bigbang.xml HTTP/1.1" 200 1829037 "-" "Python-urllib/3.11"
77.79.248.229 - - [22/Apr/2025:09:38:43 +0200] "GET /Jurek/rosfix/feeds/rosfix_bigbang.xml HTTP/1.1" 200 35769501 "-" "Python-urllib/3.11"
51.77.52.107 - - [22/Apr/2025:09:38:45 +0200] "GET /Jurek/eurofirany/images/469978/0.jpg HTTP/2.0" 200 219530 "-" "baselinker"
77.79.248.229 - - [22/Apr/2025:09:38:45 +0200] "GET /Jurek/dropkz/feeds/dropkz_bigbang.xml HTTP/1.1" 200 70014303 "-" "Python-urllib/3.11"
77.79.248.229 - - [22/Apr/2025:09:38:46 +0200] "GET /Jurek/pawonik/feeds/pawonik_bigbang.xml HTTP/1.1" 200 2138398 "-" "Python-urllib/3.11"
77.79.248.229 - - [22/Apr/2025:09:38:46 +0200] "GET /Jurek/spali/feeds/spali_bigbang.xml HTTP/1.1" 200 77054 "-" "Python-urllib/3.11"
77.79.248.229 - - [22/Apr/2025:09:38:46 +0200] "GET /Jurek/newtechele/feeds/newtechele_bigbang.xml HTTP/1.1" 200 2438508 "-" "Python-urllib/3.11"
77.79.248.229 - - [22/Apr/2025:09:38:46 +0200] "GET /Jurek/maksik/feeds/maksik_bigbang.xml HTTP/1.1" 200 4084780 "-" "Python-urllib/3.11"
77.79.248.229 - - [22/Apr/2025:09:38:46 +0200] "GET /Jurek/beltimore/feeds/beltimore_bigbang.xml HTTP/1.1" 200 18651752 "-" "Python-urllib/3.11"
77.79.248.229 - - [22/Apr/2025:09:38:46 +0200] "GET /Jurek/matkam/feeds/matkam_bigbang.xml HTTP/1.1" 200 5000229 "-" "Python-urllib/3.11"
77.79.248.229 - - [22/Apr/2025:09:38:46 +0200] "GET /Jurek/rovato/feeds/rovato_bigbang.xml HTTP/1.1" 200 180833 "-" "Python-urllib/3.11"
77.79.248.229 - - [22/Apr/2025:09:38:46 +0200] "GET /Jurek/eurofryz/feeds/eurofryz_bigbang.xml HTTP/1.1" 200 1381544 "-" "Python-urllib/3.11"
77.79.248.229 - - [22/Apr/2025:09:38:47 +0200] "GET /Jurek/alucon/feeds/alucon_bigbang.xml HTTP/1.1" 200 553576 "-" "Python-urllib/3.11"
77.79.248.229 - - [22/Apr/2025:09:38:47 +0200] "GET /Jurek/omi/feeds/omi_bigbang.xml HTTP/1.1" 200 8105454 "-" "Python-urllib/3.11"
77.79.248.229 - - [22/Apr/2025:09:38:47 +0200] "GET /Jurek/kamar/feeds/kamar_bigbang.xml HTTP/1.1" 200 25549964 "-" "Python-urllib/3.11"
77.79.248.229 - - [22/Apr/2025:09:38:47 +0200] "GET /Jurek/beautycare/feeds/beautycare_bigbang.xml HTTP/1.1" 200 1181296 "-" "Python-urllib/3.11"
77.79.248.229 - - [22/Apr/2025:09:38:47 +0200] "GET /Jurek/avenido/feeds/avenido_bigbang.xml HTTP/1.1" 200 720086 "-" "Python-urllib/3.11"
77.79.248.229 - - [22/Apr/2025:09:38:47 +0200] "GET /Jurek/zenex/feeds/zenex_bigbang.xml HTTP/1.1" 200 540158 "-" "Python-urllib/3.11"
77.79.248.229 - - [22/Apr/2025:09:38:47 +0200] "GET /Jurek/fertes/feeds/fertes_bigbang.xml HTTP/1.1" 200 2361773 "-" "Python-urllib/3.11"
77.79.248.229 - - [22/Apr/2025:09:38:48 +0200] "GET /Jurek/makow/feeds/makow_bigbang.xml HTTP/1.1" 200 21203641 "-" "Python-urllib/3.11"
77.79.248.229 - - [22/Apr/2025:09:38:48 +0200] "GET /Jurek/sternhoff/feeds/sternhoff_bigbang.xml HTTP/1.1" 200 1775249 "-" "Python-urllib/3.11"
77.79.248.229 - - [22/Apr/2025:09:38:48 +0200] "GET /Jurek/kalama/feeds/kalama_bigbang.xml HTTP/1.1" 200 2661718 "-" "Python-urllib/3.11"
77.79.248.229 - - [22/Apr/2025:09:38:48 +0200] "GET /Jurek/polzoo/feeds/polzoo_bigbang.xml HTTP/1.1" 200 48121930 "-" "Python-urllib/3.11"
77.79.248.229 - - [22/Apr/2025:09:38:49 +0200] "GET /Jurek/straganspoz/feeds/straganspoz_bigbang.xml HTTP/1.1" 200 9514399 "-" "Python-urllib/3.11"
77.79.248.229 - - [22/Apr/2025:09:38:49 +0200] "GET /Jurek/apresto/feeds/apresto_bigbang.xml HTTP/1.1" 200 1327590 "-" "Python-urllib/3.11"
77.79.248.229 - - [22/Apr/2025:09:38:49 +0200] "GET /Jurek/fertone/feeds/fertone_bigbang.xml HTTP/1.1" 200 570207 "-" "Python-urllib/3.11"
77.79.248.229 - - [22/Apr/2025:09:38:49 +0200] "GET /Jurek/fernity/feeds/fernity_bigbang.xml HTTP/1.1" 200 4816581 "-" "Python-urllib/3.11"
77.79.248.229 - - [22/Apr/2025:09:38:49 +0200] "GET /Jurek/jankeski/feeds/jankeski_bigbang.xml HTTP/1.1" 200 6571116 "-" "Python-urllib/3.11"
77.79.248.229 - - [22/Apr/2025:09:38:50 +0200] "GET /Jurek/bloomglow/feeds/bloomglow_bigbang.xml HTTP/1.1" 200 14095129 "-" "Python-urllib/3.11"
51.77.52.107 - - [22/Apr/2025:09:38:50 +0200] "GET /Jurek/eurofirany/images/469978/0.jpg HTTP/2.0" 200 219530 "-" "baselinker"
51.77.52.107 - - [22/Apr/2025:09:38:56 +0200] "GET /Jurek/eurofirany/images/470006/0.jpg HTTP/2.0" 200 220315 "-" "baselinker"
77.79.248.229 - - [22/Apr/2025:09:38:57 +0200] "GET /Jurek/galopi/feeds/galopi_bigbang.xml HTTP/1.1" 200 2111102 "-" "Python-urllib/3.11"
77.79.248.229 - - [22/Apr/2025:09:38:57 +0200] "GET /Jurek/stiv/feeds/stiv_bigbang.xml HTTP/1.1" 200 2056799 "-" "Python-urllib/3.11"
77.79.248.229 - - [22/Apr/2025:09:38:57 +0200] "GET /Jurek/hurtmeblowy/feeds/hurtmeblowy_bigbang.xml HTTP/1.1" 200 8514519 "-" "Python-urllib/3.11"
51.77.52.107 - - [22/Apr/2025:09:39:25 +0200] "GET /Jurek/eurofirany/images/470006/0.jpg HTTP/2.0" 200 220315 "-" "baselinker"
51.77.52.107 - - [22/Apr/2025:09:39:29 +0200] "GET /Jurek/eurofirany/images/470006/0.jpg HTTP/2.0" 200 220315 "-" "baselinker"
51.77.52.107 - - [22/Apr/2025:09:39:39 +0200] "GET /Jurek/eurofirany/images/470007/0.jpg HTTP/2.0" 200 213436 "-" "baselinker"
51.77.52.107 - - [22/Apr/2025:09:39:45 +0200] "GET /Jurek/eurofirany/images/470007/0.jpg HTTP/2.0" 200 213436 "-" "baselinker"
51.77.52.107 - - [22/Apr/2025:09:39:49 +0200] "GET /Jurek/eurofirany/images/470007/0.jpg HTTP/2.0" 200 213436 "-" "baselinker"
51.77.52.107 - - [22/Apr/2025:09:39:56 +0200] "GET /Jurek/eurofirany/images/470008/0.jpg HTTP/2.0" 200 204542 "-" "baselinker"
51.77.52.107 - - [22/Apr/2025:09:40:15 +0200] "GET /Jurek/eurofirany/images/470008/0.jpg HTTP/2.0" 200 204542 "-" "baselinker"
77.79.248.229 - - [22/Apr/2025:09:40:23 +0200] "GET /Jurek/kinghoff/feeds/kinghoff_SkroutzGR.xml HTTP/1.1" 200 15460319 "-" "Python-urllib/3.11"
51.77.52.107 - - [22/Apr/2025:09:40:24 +0200] "GET /Jurek/eurofirany/images/470008/0.jpg HTTP/2.0" 200 204542 "-" "baselinker"
77.79.248.229 - - [22/Apr/2025:09:40:25 +0200] "GET /Jurek/aw/feeds/awnarzedzia_skroutz.xml HTTP/1.1" 200 90416714 "-" "Python-urllib/3.11"
77.79.248.229 - - [22/Apr/2025:09:40:26 +0200] "GET /Jurek/eurofirany/feeds/eurofirany_skroutz.xml HTTP/1.1" 200 18778164 "-" "Python-urllib/3.11"
77.79.248.229 - - [22/Apr/2025:09:40:26 +0200] "GET /Jurek/fernity/feeds/fernity_skroutz.xml HTTP/1.1" 200 4816776 "-" "Python-urllib/3.11"
51.77.52.107 - - [22/Apr/2025:09:40:29 +0200] "GET /Jurek/eurofirany/images/470009/0.jpg HTTP/2.0" 200 163481 "-" "baselinker"
178.21.154.6 - - [22/Apr/2025:09:40:42 +0200] "GET /Jurek/eurofirany/images/431622/0.jpg HTTP/1.1" 200 225316 "-" "-"
51.77.52.107 - - [22/Apr/2025:09:40:50 +0200] "GET /Jurek/eurofirany/images/470009/0.jpg HTTP/2.0" 200 163481 "-" "baselinker"
51.77.52.107 - - [22/Apr/2025:09:41:08 +0200] "GET /Jurek/eurofirany/images/470009/0.jpg HTTP/2.0" 200 163481 "-" "baselinker"
51.77.52.107 - - [22/Apr/2025:09:41:21 +0200] "GET /Jurek/eurofirany/images/470010/0.jpg HTTP/2.0" 200 145505 "-" "baselinker"
51.77.52.107 - - [22/Apr/2025:09:41:41 +0200] "GET /Jurek/eurofirany/images/470010/0.jpg HTTP/2.0" 200 145505 "-" "baselinker"
51.77.52.107 - - [22/Apr/2025:09:41:47 +0200] "GET /Jurek/eurofirany/images/470010/0.jpg HTTP/2.0" 200 145505 "-" "baselinker"
46.101.116.244 - - [22/Apr/2025:09:41:48 +0200] "GET /Jurek/action/feeds/action_mallsigs.xml HTTP/2.0" 200 59854378 "-" "-"
46.101.116.244 - - [22/Apr/2025:09:41:54 +0200] "GET /Jurek/aw/feeds/aw_fnacfr.xml HTTP/1.0" 404 3551 "-" "-"
46.101.116.244 - - [22/Apr/2025:09:42:05 +0200] "GET /Jurek/b3/feeds/b3_mallsigs.xml HTTP/2.0" 200 8074678 "-" "-"
51.77.52.107 - - [22/Apr/2025:09:42:07 +0200] "GET /Jurek/eurofirany/images/470011/0.jpg HTTP/2.0" 200 142506 "-" "baselinker"
51.77.52.107 - - [22/Apr/2025:09:42:11 +0200] "GET /Jurek/eurofirany/images/470011/0.jpg HTTP/2.0" 200 142506 "-" "baselinker"
46.101.116.244 - - [22/Apr/2025:09:42:17 +0200] "GET /Jurek/benbaby/feeds/benbaby_mallsigs.xml HTTP/2.0" 200 3625825 "-" "-"
51.77.52.107 - - [22/Apr/2025:09:42:18 +0200] "GET /Jurek/eurofirany/images/470011/0.jpg HTTP/2.0" 200 142506 "-" "baselinker"
51.77.52.107 - - [22/Apr/2025:09:42:24 +0200] "GET /Jurek/eurofirany/images/470012/0.jpg HTTP/2.0" 200 137437 "-" "baselinker"
46.101.116.244 - - [22/Apr/2025:09:42:27 +0200] "GET /Jurek/emibig/feeds/emibig_mallsigs.xml HTTP/2.0" 200 2427256 "-" "-"
51.77.52.107 - - [22/Apr/2025:09:42:29 +0200] "GET /Jurek/eurofirany/images/470012/0.jpg HTTP/2.0" 200 137437 "-" "baselinker"
51.77.52.107 - - [22/Apr/2025:09:42:34 +0200] "GET /Jurek/eurofirany/images/470012/0.jpg HTTP/2.0" 200 137437 "-" "baselinker"
51.77.52.107 - - [22/Apr/2025:09:42:39 +0200] "GET /Jurek/eurofirany/images/464085/0.jpg HTTP/2.0" 200 188112 "-" "baselinker"
46.101.116.244 - - [22/Apr/2025:09:42:39 +0200] "GET /Jurek/hurtownia_przemyslowa/feeds/hp_mallsigs.xml HTTP/2.0" 200 49360633 "-" "-"
51.77.52.107 - - [22/Apr/2025:09:42:52 +0200] "GET /Jurek/eurofirany/images/464085/0.jpg HTTP/2.0" 200 188112 "-" "baselinker"
51.77.52.107 - - [22/Apr/2025:09:43:10 +0200] "GET /Jurek/eurofirany/images/464085/0.jpg HTTP/2.0" 200 188112 "-" "baselinker"
51.77.52.107 - - [22/Apr/2025:09:43:26 +0200] "GET /Jurek/eurofirany/images/464089/0.jpg HTTP/2.0" 200 162350 "-" "baselinker"
51.77.52.107 - - [22/Apr/2025:09:43:43 +0200] "GET /Jurek/eurofirany/images/464089/0.jpg HTTP/2.0" 200 162350 "-" "baselinker"
51.77.52.107 - - [22/Apr/2025:09:43:56 +0200] "GET /Jurek/eurofirany/images/464089/0.jpg HTTP/2.0" 200 162350 "-" "baselinker"
51.77.52.107 - - [22/Apr/2025:09:44:01 +0200] "GET /Jurek/eurofirany/images/464094/0.jpg HTTP/2.0" 200 188112 "-" "baselinker"
51.77.52.107 - - [22/Apr/2025:09:44:11 +0200] "GET /Jurek/eurofirany/images/464094/0.jpg HTTP/2.0" 200 188112 "-" "baselinker"
51.77.52.107 - - [22/Apr/2025:09:44:18 +0200] "GET /Jurek/eurofirany/images/464094/0.jpg HTTP/2.0" 200 188112 "-" "baselinker"
51.77.52.107 - - [22/Apr/2025:09:44:35 +0200] "GET /Jurek/eurofirany/images/464103/0.jpg HTTP/2.0" 200 188112 "-" "baselinker"
51.77.52.107 - - [22/Apr/2025:09:44:54 +0200] "GET /Jurek/eurofirany/images/464103/0.jpg HTTP/2.0" 200 188112 "-" "baselinker"
46.101.116.244 - - [22/Apr/2025:09:44:55 +0200] "GET /Jurek/vivaldi/feeds/vivaldi_allegro.xml HTTP/1.0" 200 344685 "-" "-"
46.101.116.244 - - [22/Apr/2025:09:44:57 +0200] "GET /Jurek/kokiska/feeds/kokiska_allegro.xml HTTP/1.0" 200 11694864 "-" "-"
51.77.52.107 - - [22/Apr/2025:09:45:00 +0200] "GET /Jurek/eurofirany/images/464103/0.jpg HTTP/2.0" 200 188112 "-" "baselinker"
46.101.116.244 - - [22/Apr/2025:09:45:10 +0200] "GET /Jurek/beliani/feeds/beliani_si_mallsi.xml HTTP/2.0" 200 31057964 "-" "-"
51.77.52.107 - - [22/Apr/2025:09:45:20 +0200] "GET /Jurek/eurofirany/images/464107/0.jpg HTTP/2.0" 200 162350 "-" "baselinker"
51.77.52.107 - - [22/Apr/2025:09:45:44 +0200] "GET /Jurek/eurofirany/images/464107/0.jpg HTTP/2.0" 200 162350 "-" "baselinker"
46.101.116.244 - - [22/Apr/2025:09:45:55 +0200] "GET /Jurek/rovicky/feeds/rovicky_mallsi.xml HTTP/2.0" 200 15018276 "-" "-"
51.77.52.107 - - [22/Apr/2025:09:46:01 +0200] "GET /Jurek/eurofirany/images/464107/0.jpg HTTP/2.0" 200 162350 "-" "baselinker"
46.101.116.244 - - [22/Apr/2025:09:46:06 +0200] "GET /Jurek/detian/feeds/detian_mallsi.xml HTTP/2.0" 404 3551 "-" "-"
51.77.52.107 - - [22/Apr/2025:09:46:08 +0200] "GET /Jurek/eurofirany/images/469593/0.jpg HTTP/2.0" 200 201159 "-" "baselinker"
46.101.116.244 - - [22/Apr/2025:09:46:17 +0200] "GET /Jurek/ikonka/feeds/ikonka_mallsi.xml HTTP/2.0" 200 22171273 "-" "-"
51.77.52.107 - - [22/Apr/2025:09:46:23 +0200] "GET /Jurek/eurofirany/images/469593/0.jpg HTTP/2.0" 200 201159 "-" "baselinker"
46.101.116.244 - - [22/Apr/2025:09:46:30 +0200] "GET /Jurek/candellux/feeds/candellux_mallsi.xml HTTP/2.0" 200 465691 "-" "-"
51.77.52.107 - - [22/Apr/2025:09:46:34 +0200] "GET /Jurek/eurofirany/images/469593/0.jpg HTTP/2.0" 200 201159 "-" "baselinker"
46.101.116.244 - - [22/Apr/2025:09:46:41 +0200] "GET /Jurek/andex/feeds/andex_mallsl.xml HTTP/2.0" 200 1953474 "-" "-"
46.101.116.244 - - [22/Apr/2025:09:46:53 +0200] "GET /Jurek/chemex/feeds/chemex_mallsi.xml HTTP/2.0" 200 47809540 "-" "-"
51.77.52.107 - - [22/Apr/2025:09:46:55 +0200] "GET /Jurek/eurofirany/images/469594/0.jpg HTTP/2.0" 200 201159 "-" "baselinker"
46.101.116.244 - - [22/Apr/2025:09:46:55 +0200] "GET /Jurek/aw/feeds/aw_fnacfr.xml HTTP/1.0" 404 3551 "-" "-"
46.101.116.244 - - [22/Apr/2025:09:47:07 +0200] "GET /Jurek/aw/feeds/awnarzedzia_mallsi.xml HTTP/2.0" 200 90521016 "-" "-"
51.77.52.107 - - [22/Apr/2025:09:47:09 +0200] "GET /Jurek/eurofirany/images/469594/0.jpg HTTP/2.0" 200 201159 "-" "baselinker"
51.77.52.107 - - [22/Apr/2025:09:47:18 +0200] "GET /Jurek/eurofirany/images/469594/0.jpg HTTP/2.0" 200 201159 "-" "baselinker"
51.77.52.107 - - [22/Apr/2025:09:47:25 +0200] "GET /Jurek/eurofirany/images/469595/0.jpg HTTP/2.0" 200 201159 "-" "baselinker"
51.77.52.107 - - [22/Apr/2025:09:47:30 +0200] "GET /Jurek/eurofirany/images/469595/0.jpg HTTP/2.0" 200 201159 "-" "baselinker"
51.77.52.107 - - [22/Apr/2025:09:47:43 +0200] "GET /Jurek/eurofirany/images/469595/0.jpg HTTP/2.0" 200 201159 "-" "baselinker"
51.77.52.107 - - [22/Apr/2025:09:48:00 +0200] "GET /Jurek/eurofirany/images/467999/0.jpg HTTP/2.0" 200 89991 "-" "baselinker"
51.77.52.107 - - [22/Apr/2025:09:48:14 +0200] "GET /Jurek/eurofirany/images/467999/0.jpg HTTP/2.0" 200 89991 "-" "baselinker"
51.77.52.107 - - [22/Apr/2025:09:48:26 +0200] "GET /Jurek/eurofirany/images/467999/0.jpg HTTP/2.0" 200 89991 "-" "baselinker"
51.77.52.107 - - [22/Apr/2025:09:48:40 +0200] "GET /Jurek/eurofirany/images/470016/0.jpg HTTP/2.0" 200 146090 "-" "baselinker"
51.77.52.107 - - [22/Apr/2025:09:48:45 +0200] "GET /Jurek/eurofirany/images/470016/0.jpg HTTP/2.0" 200 146090 "-" "baselinker"
46.101.116.244 - - [22/Apr/2025:09:48:47 +0200] "GET /Jurek/barbecook/feeds/barbecook_mallsl.xml HTTP/2.0" 200 87533 "-" "-"
51.77.52.107 - - [22/Apr/2025:09:48:49 +0200] "GET /Jurek/eurofirany/images/470016/0.jpg HTTP/2.0" 200 146090 "-" "baselinker"
51.77.52.107 - - [22/Apr/2025:09:48:55 +0200] "GET /Jurek/eurofirany/images/470017/0.jpg HTTP/2.0" 200 179140 "-" "baselinker"
46.101.116.244 - - [22/Apr/2025:09:48:57 +0200] "GET /Jurek/duka/feeds/duka_mallsl.xml HTTP/2.0" 200 57 "-" "-"
46.101.116.244 - - [22/Apr/2025:09:49:07 +0200] "GET /Jurek/miloohome/feeds/miloohome_mallsi.xml HTTP/2.0" 200 1421056 "-" "-"
51.77.52.107 - - [22/Apr/2025:09:49:10 +0200] "GET /Jurek/eurofirany/images/470017/0.jpg HTTP/2.0" 200 179140 "-" "baselinker"
51.77.52.107 - - [22/Apr/2025:09:49:13 +0200] "GET /Jurek/eurofirany/images/470017/0.jpg HTTP/2.0" 200 179140 "-" "baselinker"
46.101.116.244 - - [22/Apr/2025:09:49:18 +0200] "GET /Jurek/stema/feeds/stema_mallsl.xml HTTP/2.0" 200 857190 "-" "-"
51.77.52.107 - - [22/Apr/2025:09:49:21 +0200] "GET /Jurek/eurofirany/images/470018/0.jpg HTTP/2.0" 200 208168 "-" "baselinker"
51.77.52.107 - - [22/Apr/2025:09:49:28 +0200] "GET /Jurek/eurofirany/images/470018/0.jpg HTTP/2.0" 200 208168 "-" "baselinker"
46.101.116.244 - - [22/Apr/2025:09:49:30 +0200] "GET /Jurek/fernity/feeds/fernity_mallsl.xml HTTP/2.0" 200 4816476 "-" "-"
51.77.52.107 - - [22/Apr/2025:09:49:32 +0200] "GET /Jurek/eurofirany/images/470018/0.jpg HTTP/2.0" 200 208168 "-" "baselinker"
51.77.52.107 - - [22/Apr/2025:09:49:39 +0200] "GET /Jurek/eurofirany/images/470019/0.jpg HTTP/2.0" 200 185145 "-" "baselinker"
51.77.52.107 - - [22/Apr/2025:09:49:45 +0200] "GET /Jurek/eurofirany/images/470019/0.jpg HTTP/2.0" 200 185145 "-" "baselinker"
51.77.52.107 - - [22/Apr/2025:09:49:50 +0200] "GET /Jurek/eurofirany/images/470019/0.jpg HTTP/2.0" 200 185145 "-" "baselinker"
46.101.116.244 - - [22/Apr/2025:09:49:53 +0200] "GET /Jurek/kinghoff/feeds/kinghoff_mallsl.xml HTTP/2.0" 200 15460376 "-" "-"
51.77.52.107 - - [22/Apr/2025:09:49:57 +0200] "GET /Jurek/eurofirany/images/470021/0.jpg HTTP/2.0" 200 184460 "-" "baselinker"
51.77.52.107 - - [22/Apr/2025:09:50:03 +0200] "GET /Jurek/eurofirany/images/470021/0.jpg HTTP/2.0" 200 184460 "-" "baselinker"
51.77.52.107 - - [22/Apr/2025:09:50:08 +0200] "GET /Jurek/eurofirany/images/470021/0.jpg HTTP/2.0" 200 184460 "-" "baselinker"
51.77.52.107 - - [22/Apr/2025:09:50:14 +0200] "GET /Jurek/eurofirany/images/470025/0.jpg HTTP/2.0" 200 87870 "-" "baselinker"
46.101.116.244 - - [22/Apr/2025:09:50:17 +0200] "GET /Jurek/kinghome/feeds/kinghome_mallsl.xml HTTP/2.0" 200 6039982 "-" "-"
51.77.52.107 - - [22/Apr/2025:09:50:18 +0200] "GET /Jurek/eurofirany/images/470025/0.jpg HTTP/2.0" 200 87870 "-" "baselinker"
51.77.52.107 - - [22/Apr/2025:09:50:28 +0200] "GET /Jurek/eurofirany/images/470025/0.jpg HTTP/2.0" 200 87870 "-" "baselinker"
46.101.116.244 - - [22/Apr/2025:09:50:29 +0200] "GET /Jurek/vivaldi/feeds/vivaldi_Mall-sl.xml HTTP/2.0" 200 344582 "-" "-"
51.77.52.107 - - [22/Apr/2025:09:50:32 +0200] "GET /Jurek/eurofirany/images/470026/0.jpg HTTP/2.0" 200 145697 "-" "baselinker"
46.101.116.244 - - [22/Apr/2025:09:50:39 +0200] "GET /Jurek/eurofirany/feeds/eurofirany_mall_si_shumee.xml HTTP/2.0" 200 19070507 "-" "-"
51.77.52.107 - - [22/Apr/2025:09:50:50 +0200] "GET /Jurek/eurofirany/images/470026/0.jpg HTTP/2.0" 200 145697 "-" "baselinker"
51.77.52.107 - - [22/Apr/2025:09:50:56 +0200] "GET /Jurek/eurofirany/images/470026/0.jpg HTTP/2.0" 200 145697 "-" "baselinker"
51.77.52.107 - - [22/Apr/2025:09:51:02 +0200] "GET /Jurek/eurofirany/images/470028/0.jpg HTTP/2.0" 200 148943 "-" "baselinker"
51.77.52.107 - - [22/Apr/2025:09:51:19 +0200] "GET /Jurek/eurofirany/images/470028/0.jpg HTTP/2.0" 200 148943 "-" "baselinker"
51.77.52.107 - - [22/Apr/2025:09:51:24 +0200] "GET /Jurek/eurofirany/images/470028/0.jpg HTTP/2.0" 200 148943 "-" "baselinker"
51.77.52.107 - - [22/Apr/2025:09:51:30 +0200] "GET /Jurek/eurofirany/images/470029/0.jpg HTTP/2.0" 200 148514 "-" "baselinker"
51.77.52.107 - - [22/Apr/2025:09:51:35 +0200] "GET /Jurek/eurofirany/images/470029/0.jpg HTTP/2.0" 200 148514 "-" "baselinker"
51.77.52.107 - - [22/Apr/2025:09:51:40 +0200] "GET /Jurek/eurofirany/images/470029/0.jpg HTTP/2.0" 200 148514 "-" "baselinker"
46.101.116.244 - - [22/Apr/2025:09:51:42 +0200] "GET /Jurek/aw/feeds/aw_fnacfr.xml HTTP/1.0" 404 3551 "-" "-"
89.161.206.59 - - [22/Apr/2025:09:51:44 +0200] "GET /Jurek/topeshop/feeds/topeshop_cdsc.xml HTTP/1.0" 200 2705683 "-" "-"
51.77.52.107 - - [22/Apr/2025:09:51:46 +0200] "GET /Jurek/eurofirany/images/470030/0.jpg HTTP/2.0" 200 147970 "-" "baselinker"
89.161.206.59 - - [22/Apr/2025:09:51:48 +0200] "GET /Jurek/kinghoff/feeds/kinghoff_cdiscount.xml HTTP/1.0" 200 7433998 "-" "-"
89.161.206.59 - - [22/Apr/2025:09:51:48 +0200] "GET /Jurek/techrebal/feeds/techrebal_cdsc.xml HTTP/1.0" 200 1423351 "-" "-"
89.161.206.59 - - [22/Apr/2025:09:51:49 +0200] "GET /Jurek/zbimatyja/feeds/zbimatyja_cdsc.xml HTTP/1.0" 200 11000861 "-" "-"
89.161.206.59 - - [22/Apr/2025:09:51:49 +0200] "GET /Jurek/broers/feeds/broers_cdsc.xml HTTP/1.0" 200 2303305 "-" "-"
89.161.206.59 - - [22/Apr/2025:09:51:49 +0200] "GET /Jurek/nonabox/feeds/nonabox_cdsc.xml HTTP/1.0" 200 39042 "-" "-"
89.161.206.59 - - [22/Apr/2025:09:51:49 +0200] "GET /Jurek/lampart/feeds/lampart_cdsc.xml HTTP/1.0" 200 1057917 "-" "-"
89.161.206.59 - - [22/Apr/2025:09:51:50 +0200] "GET /Jurek/regis/feeds/regis_cdsc.xml HTTP/1.0" 200 231423 "-" "-"
89.161.206.59 - - [22/Apr/2025:09:51:50 +0200] "GET /Jurek/stiv/feeds/stiv_cdsc.xml HTTP/1.0" 200 1348003 "-" "-"
89.161.206.59 - - [22/Apr/2025:09:51:50 +0200] "GET /Jurek/takapara/feeds/takapara_cdsc.xml HTTP/1.0" 200 1399149 "-" "-"
51.77.52.107 - - [22/Apr/2025:09:51:50 +0200] "GET /Jurek/eurofirany/images/470030/0.jpg HTTP/2.0" 200 147970 "-" "baselinker"
89.161.206.59 - - [22/Apr/2025:09:51:51 +0200] "GET /Jurek/hanex/feeds/hanex_cdsc.xml HTTP/1.0" 200 7027242 "-" "-"
51.77.52.107 - - [22/Apr/2025:09:51:56 +0200] "GET /Jurek/eurofirany/images/470030/0.jpg HTTP/2.0" 200 147970 "-" "baselinker"
51.77.52.107 - - [22/Apr/2025:09:52:01 +0200] "GET /Jurek/eurofirany/images/464084/0.jpg HTTP/2.0" 200 103179 "-" "baselinker"
51.77.52.107 - - [22/Apr/2025:09:52:16 +0200] "GET /Jurek/eurofirany/images/464084/0.jpg HTTP/2.0" 200 103179 "-" "baselinker"
51.77.52.107 - - [22/Apr/2025:09:52:21 +0200] "GET /Jurek/eurofirany/images/464084/0.jpg HTTP/2.0" 200 103179 "-" "baselinker"
66.249.64.165 - - [22/Apr/2025:09:52:35 +0200] "GET /Jurek/eurofirany/images/383060/4.jpg HTTP/1.1" 200 42667 "-" "Googlebot-Image/1.0"
51.77.52.107 - - [22/Apr/2025:09:52:35 +0200] "GET /Jurek/eurofirany/images/464093/0.jpg HTTP/2.0" 200 103179 "-" "baselinker"
66.249.64.165 - - [22/Apr/2025:09:52:38 +0200] "GET /Jurek/eurofirany/images/383060/3.jpg HTTP/1.1" 200 6595 "-" "Googlebot-Image/1.0"
66.249.64.165 - - [22/Apr/2025:09:52:42 +0200] "GET /Jurek/eurofirany/images/383060/6.jpg HTTP/1.1" 200 97479 "-" "Googlebot-Image/1.0"
51.77.52.107 - - [22/Apr/2025:09:52:47 +0200] "GET /Jurek/eurofirany/images/464093/0.jpg HTTP/2.0" 200 103179 "-" "baselinker"
5.134.208.158 - - [22/Apr/2025:09:53:09 +0200] "GET /Jurek/eurofirany/images/466415/0.jpg HTTP/1.1" 200 104197 "-" "-"
5.134.208.158 - - [22/Apr/2025:09:53:09 +0200] "GET /Jurek/eurofirany/images/448446/0.jpg HTTP/1.1" 200 86318 "-" "-"
51.77.52.107 - - [22/Apr/2025:09:53:15 +0200] "GET /Jurek/eurofirany/images/464093/0.jpg HTTP/2.0" 200 103179 "-" "baselinker"
51.77.52.107 - - [22/Apr/2025:09:53:31 +0200] "GET /Jurek/eurofirany/images/464102/0.jpg HTTP/2.0" 200 103179 "-" "baselinker"
193.33.8.61 - - [22/Apr/2025:09:53:44 +0200] "GET /Jurek/kobi/output.txt HTTP/2.0" 200 19061 "https://konsola.dkkapusta1997.usermd.net/" "Mozilla/5.0 (Windows NT 10.0; Win64; x64) AppleWebKit/537.36 (KHTML, like Gecko) Chrome/135.0.0.0 Safari/537.36"
193.33.8.61 - - [22/Apr/2025:09:53:44 +0200] "GET /favicon.ico HTTP/2.0" 404 3551 "https://dkkapusta1997.usermd.net/Jurek/kobi/output.txt" "Mozilla/5.0 (Windows NT 10.0; Win64; x64) AppleWebKit/537.36 (KHTML, like Gecko) Chrome/135.0.0.0 Safari/537.36"
66.249.64.165 - - [22/Apr/2025:09:53:45 +0200] "GET / HTTP/1.1" 200 1559 "-" "GoogleOther"
51.77.52.107 - - [22/Apr/2025:09:53:50 +0200] "GET /Jurek/eurofirany/images/464102/0.jpg HTTP/2.0" 200 103179 "-" "baselinker"
51.77.52.107 - - [22/Apr/2025:09:54:04 +0200] "GET /Jurek/eurofirany/images/464102/0.jpg HTTP/2.0" 200 103179 "-" "baselinker"
51.77.52.107 - - [22/Apr/2025:09:54:24 +0200] "GET /Jurek/eurofirany/images/464078/0.jpg HTTP/2.0" 200 158000 "-" "baselinker"
51.77.52.107 - - [22/Apr/2025:09:54:38 +0200] "GET /Jurek/eurofirany/images/464078/0.jpg HTTP/2.0" 200 158000 "-" "baselinker"
51.77.52.107 - - [22/Apr/2025:09:54:41 +0200] "GET /Jurek/eurofirany/images/464078/0.jpg HTTP/2.0" 200 158000 "-" "baselinker"
51.77.52.107 - - [22/Apr/2025:09:54:47 +0200] "GET /Jurek/eurofirany/images/464099/0.jpg HTTP/2.0" 200 158000 "-" "baselinker"
46.101.116.244 - - [22/Apr/2025:09:55:01 +0200] "GET /Jurek/unimet/feeds/unimet_mallsi.xml HTTP/2.0" 200 61150586 "-" "-"
51.77.52.107 - - [22/Apr/2025:09:55:02 +0200] "GET /Jurek/eurofirany/images/464099/0.jpg HTTP/2.0" 200 158000 "-" "baselinker"
51.77.52.107 - - [22/Apr/2025:09:55:15 +0200] "GET /Jurek/eurofirany/images/464099/0.jpg HTTP/2.0" 200 158000 "-" "baselinker"
51.77.52.107 - - [22/Apr/2025:09:55:27 +0200] "GET /Jurek/eurofirany/images/469607/0.jpg HTTP/2.0" 200 178659 "-" "baselinker"
89.161.206.59 - - [22/Apr/2025:09:55:30 +0200] "GET /Jurek/muminky/feeds/muminky_skroutz.xml HTTP/1.0" 200 2270370 "-" "-"
89.161.206.59 - - [22/Apr/2025:09:55:32 +0200] "GET /Jurek/pupus/feeds/pupus_skroutz.xml HTTP/1.0" 200 882653 "-" "-"
51.77.52.107 - - [22/Apr/2025:09:55:40 +0200] "GET /Jurek/eurofirany/images/469607/0.jpg HTTP/2.0" 200 178659 "-" "baselinker"
51.77.52.107 - - [22/Apr/2025:09:55:57 +0200] "GET /Jurek/eurofirany/images/469607/0.jpg HTTP/2.0" 200 178659 "-" "baselinker"
89.161.206.59 - - [22/Apr/2025:09:55:57 +0200] "GET /Jurek/emaja24/feeds/emaja24_amazonnl.xml HTTP/1.0" 200 5109873 "-" "-"
51.77.52.107 - - [22/Apr/2025:09:56:03 +0200] "GET /Jurek/eurofirany/images/469608/0.jpg HTTP/2.0" 200 178659 "-" "baselinker"
89.161.206.59 - - [22/Apr/2025:09:56:18 +0200] "GET /Jurek/hanex/feeds/hanex_skroutz.xml HTTP/1.0" 200 13931592 "-" "-"
51.77.52.107 - - [22/Apr/2025:09:56:19 +0200] "GET /Jurek/eurofirany/images/469608/0.jpg HTTP/2.0" 200 178659 "-" "baselinker"
51.77.52.107 - - [22/Apr/2025:09:56:25 +0200] "GET /Jurek/eurofirany/images/469608/0.jpg HTTP/2.0" 200 178659 "-" "baselinker"
89.161.206.59 - - [22/Apr/2025:09:56:28 +0200] "GET /Jurek/coppotech/feeds/coppotech_skroutz.xml HTTP/1.0" 200 37852456 "-" "-"
51.77.52.107 - - [22/Apr/2025:09:56:30 +0200] "GET /Jurek/eurofirany/images/469609/0.jpg HTTP/2.0" 200 128911 "-" "baselinker"
89.161.206.59 - - [22/Apr/2025:09:56:32 +0200] "GET /Jurek/elavia/feeds/elavia_skroutz.xml HTTP/1.0" 200 2497287 "-" "-"
46.101.116.244 - - [22/Apr/2025:09:56:34 +0200] "GET /Jurek/vidaSI/feeds/vidaSI_mall.xml HTTP/2.0" 200 640155965 "-" "-"
89.161.206.59 - - [22/Apr/2025:09:56:40 +0200] "GET /Jurek/maksik/feeds/maksik_skroutz.xml HTTP/1.0" 200 4084747 "-" "-"
51.77.52.107 - - [22/Apr/2025:09:56:45 +0200] "GET /Jurek/eurofirany/images/469609/0.jpg HTTP/2.0" 200 128911 "-" "baselinker"
51.77.52.107 - - [22/Apr/2025:09:56:49 +0200] "GET /Jurek/eurofirany/images/469609/0.jpg HTTP/2.0" 200 128911 "-" "baselinker"
193.33.8.61 - - [22/Apr/2025:09:56:51 +0200] "GET /Jurek/eany/script.js HTTP/2.0" 304 0 "https://dkkapusta1997.usermd.net/Jurek/eany/" "Mozilla/5.0 (Windows NT 10.0; Win64; x64) AppleWebKit/537.36 (KHTML, like Gecko) Chrome/135.0.0.0 Safari/537.36"
193.33.8.61 - - [22/Apr/2025:09:56:51 +0200] "GET /Jurek/eany/data.csv HTTP/2.0" 304 0 "https://dkkapusta1997.usermd.net/Jurek/eany/" "Mozilla/5.0 (Windows NT 10.0; Win64; x64) AppleWebKit/537.36 (KHTML, like Gecko) Chrome/135.0.0.0 Safari/537.36"
193.33.8.61 - - [22/Apr/2025:09:56:52 +0200] "GET /favicon.ico HTTP/2.0" 404 3551 "https://dkkapusta1997.usermd.net/Jurek/eany/" "Mozilla/5.0 (Windows NT 10.0; Win64; x64) AppleWebKit/537.36 (KHTML, like Gecko) Chrome/135.0.0.0 Safari/537.36"
89.161.206.59 - - [22/Apr/2025:09:56:52 +0200] "GET /Jurek/princelh/feeds/princelh_skroutz.xml HTTP/1.0" 200 133436 "-" "-"
51.77.52.107 - - [22/Apr/2025:09:56:55 +0200] "GET /Jurek/eurofirany/images/469610/0.jpg HTTP/2.0" 200 128911 "-" "baselinker"
89.161.206.59 - - [22/Apr/2025:09:57:16 +0200] "GET /Jurek/kinghoff/feeds/kinghoff_SkroutzGR.xml HTTP/1.0" 200 15460319 "-" "-"
89.161.206.59 - - [22/Apr/2025:09:57:17 +0200] "GET /Jurek/nonabox/feeds/nonabox_skroutz.xml HTTP/1.0" 200 33865 "-" "-"
89.161.206.59 - - [22/Apr/2025:09:57:18 +0200] "GET /Jurek/omi/feeds/omi_skroutz.xml HTTP/1.0" 200 8105546 "-" "-"
51.77.52.107 - - [22/Apr/2025:09:57:21 +0200] "GET /Jurek/eurofirany/images/469610/0.jpg HTTP/2.0" 200 128911 "-" "baselinker"
89.161.206.59 - - [22/Apr/2025:09:57:21 +0200] "GET /Jurek/sportprise/feeds/sportprise_skroutz.xml HTTP/1.0" 200 11782059 "-" "-"
51.77.52.107 - - [22/Apr/2025:09:57:35 +0200] "GET /Jurek/eurofirany/images/469610/0.jpg HTTP/2.0" 200 128911 "-" "baselinker"
51.77.52.107 - - [22/Apr/2025:09:57:50 +0200] "GET /Jurek/eurofirany/images/469611/0.jpg HTTP/2.0" 200 128911 "-" "baselinker"
89.161.206.59 - - [22/Apr/2025:09:57:52 +0200] "GET /Jurek/eoptimo/feeds/eoptimo_skroutz.xml HTTP/1.0" 200 2094357 "-" "-"
89.161.206.59 - - [22/Apr/2025:09:57:52 +0200] "GET /Jurek/broers/feeds/broers_skroutz.xml HTTP/1.0" 200 1981527 "-" "-"
51.77.52.107 - - [22/Apr/2025:09:58:06 +0200] "GET /Jurek/eurofirany/images/469611/0.jpg HTTP/2.0" 200 128911 "-" "baselinker"
89.161.206.59 - - [22/Apr/2025:09:58:18 +0200] "GET /Jurek/em3/feeds/em3_skroutz.xml HTTP/1.0" 200 258928 "-" "-"
51.77.52.107 - - [22/Apr/2025:09:58:19 +0200] "GET /Jurek/eurofirany/images/469611/0.jpg HTTP/2.0" 200 128911 "-" "baselinker"
89.161.206.59 - - [22/Apr/2025:09:58:28 +0200] "GET /Jurek/lampart/feeds/lampart_skroutz.xml HTTP/1.0" 200 936042 "-" "-"
51.77.52.107 - - [22/Apr/2025:09:58:31 +0200] "GET /Jurek/eurofirany/images/469618/0.jpg HTTP/2.0" 200 149531 "-" "baselinker"
51.77.52.107 - - [22/Apr/2025:09:58:46 +0200] "GET /Jurek/eurofirany/images/469618/0.jpg HTTP/2.0" 200 149531 "-" "baselinker"
51.77.52.107 - - [22/Apr/2025:09:58:51 +0200] "GET /Jurek/eurofirany/images/469618/0.jpg HTTP/2.0" 200 149531 "-" "baselinker"
51.77.52.107 - - [22/Apr/2025:09:59:07 +0200] "GET /Jurek/eurofirany/images/469619/0.jpg HTTP/2.0" 200 149531 "-" "baselinker"
51.77.52.107 - - [22/Apr/2025:09:59:12 +0200] "GET /Jurek/eurofirany/images/469619/0.jpg HTTP/2.0" 200 149531 "-" "baselinker"
51.77.52.107 - - [22/Apr/2025:09:59:21 +0200] "GET /Jurek/eurofirany/images/469619/0.jpg HTTP/2.0" 200 149531 "-" "baselinker"
51.77.52.107 - - [22/Apr/2025:09:59:26 +0200] "GET /Jurek/eurofirany/images/469620/0.jpg HTTP/2.0" 200 149531 "-" "baselinker"
51.77.52.107 - - [22/Apr/2025:09:59:31 +0200] "GET /Jurek/eurofirany/images/469620/0.jpg HTTP/2.0" 200 149531 "-" "baselinker"
51.77.52.107 - - [22/Apr/2025:09:59:36 +0200] "GET /Jurek/eurofirany/images/469620/0.jpg HTTP/2.0" 200 149531 "-" "baselinker"
51.77.52.107 - - [22/Apr/2025:09:59:50 +0200] "GET /Jurek/eurofirany/images/469621/0.jpg HTTP/2.0" 200 144291 "-" "baselinker"
51.77.52.107 - - [22/Apr/2025:10:00:03 +0200] "GET /Jurek/eurofirany/images/469621/0.jpg HTTP/2.0" 200 144291 "-" "baselinker"
51.77.52.107 - - [22/Apr/2025:10:00:19 +0200] "GET /Jurek/eurofirany/images/469621/0.jpg HTTP/2.0" 200 144291 "-" "baselinker"
51.77.52.107 - - [22/Apr/2025:10:00:39 +0200] "GET /Jurek/eurofirany/images/469622/0.jpg HTTP/2.0" 200 144291 "-" "baselinker"
52.18.22.0 - - [22/Apr/2025:10:00:44 +0200] "GET /marketplaces/ubaldi/results/ubaldi.csv HTTP/1.1" 200 147219 "-" "Mirakl HttpClient"
51.77.52.107 - - [22/Apr/2025:10:01:02 +0200] "GET /Jurek/eurofirany/images/469622/0.jpg HTTP/2.0" 200 144291 "-" "baselinker"
51.77.52.107 - - [22/Apr/2025:10:01:16 +0200] "GET /Jurek/eurofirany/images/469622/0.jpg HTTP/2.0" 200 144291 "-" "baselinker"
51.77.52.107 - - [22/Apr/2025:10:01:21 +0200] "GET /Jurek/eurofirany/images/469623/0.jpg HTTP/2.0" 200 144291 "-" "baselinker"
46.101.116.244 - - [22/Apr/2025:10:01:22 +0200] "GET /Jurek/aw/feeds/aw_fnacfr.xml HTTP/1.0" 404 3551 "-" "-"
51.77.52.107 - - [22/Apr/2025:10:01:26 +0200] "GET /Jurek/eurofirany/images/469623/0.jpg HTTP/2.0" 200 144291 "-" "baselinker"
88.220.33.218 - - [22/Apr/2025:10:01:30 +0200] "GET /Jurek/vida_morele/feeds/VidaPL_all.xml HTTP/2.0" 200 726315429 "-" "MarketplaceAPI curl/7.64.0 PHP/8"
51.77.52.107 - - [22/Apr/2025:10:01:31 +0200] "GET /Jurek/eurofirany/images/469623/0.jpg HTTP/2.0" 200 144291 "-" "baselinker"
35.204.39.32 - - [22/Apr/2025:10:01:38 +0200] "GET /marketplaces/vente/results/vente_nl.csv HTTP/1.1" 200 147219 "-" "Mirakl HttpClient"
35.204.39.32 - - [22/Apr/2025:10:01:38 +0200] "GET /marketplaces/vente/results/vente_fr.csv HTTP/1.1" 200 147219 "-" "Mirakl HttpClient"
35.204.39.32 - - [22/Apr/2025:10:01:39 +0200] "GET /marketplaces/vente/results/vente_be.csv HTTP/1.1" 200 130835 "-" "Mirakl HttpClient"
35.204.39.32 - - [22/Apr/2025:10:01:39 +0200] "GET /marketplaces/vente/results/vente_it.csv HTTP/1.1" 200 179987 "-" "Mirakl HttpClient"
35.204.39.32 - - [22/Apr/2025:10:01:39 +0200] "GET /marketplaces/vente/results/vente_es.csv HTTP/1.1" 200 147219 "-" "Mirakl HttpClient"
35.204.39.32 - - [22/Apr/2025:10:01:39 +0200] "GET /marketplaces/vente/results/vente_de.csv HTTP/1.1" 200 163603 "-" "Mirakl HttpClient"
51.77.52.107 - - [22/Apr/2025:10:01:49 +0200] "GET /Jurek/eurofirany/images/469584/0.jpg HTTP/2.0" 200 176499 "-" "baselinker"
51.77.52.107 - - [22/Apr/2025:10:01:55 +0200] "GET /Jurek/eurofirany/images/469584/0.jpg HTTP/2.0" 200 176499 "-" "baselinker"
52.209.168.113 - - [22/Apr/2025:10:02:00 +0200] "GET /marketplaces/rue/results/rue.csv HTTP/1.1" 200 147219 "-" "Mirakl HttpClient"
51.77.52.107 - - [22/Apr/2025:10:02:03 +0200] "GET /Jurek/eurofirany/images/469584/0.jpg HTTP/2.0" 200 176499 "-" "baselinker"
51.77.52.107 - - [22/Apr/2025:10:02:19 +0200] "GET /Jurek/eurofirany/images/469585/0.jpg HTTP/2.0" 200 176499 "-" "baselinker"
51.77.52.107 - - [22/Apr/2025:10:02:35 +0200] "GET /Jurek/eurofirany/images/469585/0.jpg HTTP/2.0" 200 176499 "-" "baselinker"
88.220.33.218 - - [22/Apr/2025:10:02:37 +0200] "GET /Jurek/kinghoff/feeds/kinghoff_morele.xml HTTP/2.0" 200 15461124 "-" "MarketplaceAPI curl/7.64.0 PHP/8"
51.77.52.107 - - [22/Apr/2025:10:02:40 +0200] "GET /Jurek/eurofirany/images/469585/0.jpg HTTP/2.0" 200 176499 "-" "baselinker"
51.77.52.107 - - [22/Apr/2025:10:02:46 +0200] "GET /Jurek/eurofirany/images/469586/0.jpg HTTP/2.0" 200 176499 "-" "baselinker"
51.77.52.107 - - [22/Apr/2025:10:03:03 +0200] "GET /Jurek/eurofirany/images/469586/0.jpg HTTP/2.0" 200 176499 "-" "baselinker"
51.77.52.107 - - [22/Apr/2025:10:03:06 +0200] "GET /Jurek/eurofirany/images/469586/0.jpg HTTP/2.0" 200 176499 "-" "baselinker"
51.77.52.107 - - [22/Apr/2025:10:03:12 +0200] "GET /Jurek/eurofirany/images/469587/0.jpg HTTP/2.0" 200 136603 "-" "baselinker"
52.209.168.113 - - [22/Apr/2025:10:03:29 +0200] "GET /marketplaces/carrefour/results/carrefour.csv HTTP/1.1" 200 798226 "-" "Mirakl HttpClient"
