89.161.206.59 - - [22/Apr/2025:12:14:20 +0200] "GET /Jurek/ekuchcikowo/feeds/ekuchcikowo_emagro.xml HTTP/1.0" 200 12472766 "-" "-"
51.77.52.107 - - [22/Apr/2025:12:14:27 +0200] "GET /Jurek/eurofirany/images/432727/0.jpg HTTP/2.0" 200 40163 "-" "baselinker"
51.77.52.107 - - [22/Apr/2025:12:14:33 +0200] "GET /Jurek/eurofirany/images/432727/0.jpg HTTP/2.0" 200 40163 "-" "baselinker"
51.77.52.107 - - [22/Apr/2025:12:14:38 +0200] "GET /Jurek/eurofirany/images/432727/0.jpg HTTP/2.0" 200 40163 "-" "baselinker"
51.77.52.107 - - [22/Apr/2025:12:14:52 +0200] "GET /Jurek/eurofirany/images/432674/0.jpg HTTP/2.0" 200 24822 "-" "baselinker"
89.161.206.59 - - [22/Apr/2025:12:14:56 +0200] "GET /Jurek/piotrmiedz/feeds/piotrmiedz_skr.xml HTTP/1.0" 200 91045269 "-" "-"
51.77.52.107 - - [22/Apr/2025:12:15:08 +0200] "GET /Jurek/eurofirany/images/432674/0.jpg HTTP/2.0" 200 24822 "-" "baselinker"
95.108.213.185 - - [22/Apr/2025:12:15:13 +0200] "GET /robots.txt HTTP/1.1" 404 3551 "-" "Mozilla/5.0 (compatible; YandexBot/3.0; +http://yandex.com/bots)"
5.255.231.77 - - [22/Apr/2025:12:15:14 +0200] "GET /Jurek/topeshop/downloaded_images/5904507204303_2.png HTTP/1.1" 200 739705 "-" "Mozilla/5.0 (compatible; YandexImages/3.0; +http://yandex.com/bots)"
51.77.52.107 - - [22/Apr/2025:12:15:27 +0200] "GET /Jurek/eurofirany/images/432674/0.jpg HTTP/2.0" 200 24822 "-" "baselinker"
51.77.52.107 - - [22/Apr/2025:12:15:37 +0200] "GET /Jurek/eurofirany/images/432675/0.jpg HTTP/2.0" 200 24822 "-" "baselinker"
46.101.116.244 - - [22/Apr/2025:12:15:37 +0200] "GET /Jurek/piotrmiedz/feeds/piotrmiedz_emagro.xml HTTP/1.0" 200 91079916 "-" "-"
51.77.52.107 - - [22/Apr/2025:12:15:42 +0200] "GET /Jurek/eurofirany/images/432675/0.jpg HTTP/2.0" 200 24822 "-" "baselinker"
51.77.52.107 - - [22/Apr/2025:12:15:56 +0200] "GET /Jurek/eurofirany/images/432675/0.jpg HTTP/2.0" 200 24822 "-" "baselinker"
51.77.52.107 - - [22/Apr/2025:12:16:02 +0200] "GET /Jurek/eurofirany/images/432676/0.jpg HTTP/2.0" 200 24822 "-" "baselinker"
51.77.52.107 - - [22/Apr/2025:12:16:07 +0200] "GET /Jurek/eurofirany/images/432676/0.jpg HTTP/2.0" 200 24822 "-" "baselinker"
51.77.52.107 - - [22/Apr/2025:12:16:21 +0200] "GET /Jurek/eurofirany/images/432676/0.jpg HTTP/2.0" 200 24822 "-" "baselinker"
51.77.52.107 - - [22/Apr/2025:12:16:27 +0200] "GET /Jurek/eurofirany/images/432678/0.jpg HTTP/2.0" 200 24822 "-" "baselinker"
51.77.52.107 - - [22/Apr/2025:12:16:43 +0200] "GET /Jurek/eurofirany/images/432678/0.jpg HTTP/2.0" 200 24822 "-" "baselinker"
51.77.52.107 - - [22/Apr/2025:12:16:47 +0200] "GET /Jurek/eurofirany/images/432678/0.jpg HTTP/2.0" 200 24822 "-" "baselinker"
51.77.52.107 - - [22/Apr/2025:12:17:02 +0200] "GET /Jurek/eurofirany/images/432681/0.jpg HTTP/2.0" 200 24822 "-" "baselinker"
51.77.52.107 - - [22/Apr/2025:12:17:09 +0200] "GET /Jurek/eurofirany/images/432681/0.jpg HTTP/2.0" 200 24822 "-" "baselinker"
51.77.52.107 - - [22/Apr/2025:12:17:14 +0200] "GET /Jurek/eurofirany/images/432681/0.jpg HTTP/2.0" 200 24822 "-" "baselinker"
51.77.52.107 - - [22/Apr/2025:12:17:20 +0200] "GET /Jurek/eurofirany/images/432714/0.jpg HTTP/2.0" 200 39850 "-" "baselinker"
51.77.52.107 - - [22/Apr/2025:12:17:26 +0200] "GET /Jurek/eurofirany/images/432714/0.jpg HTTP/2.0" 200 39850 "-" "baselinker"
51.77.52.107 - - [22/Apr/2025:12:17:42 +0200] "GET /Jurek/eurofirany/images/432714/0.jpg HTTP/2.0" 200 39850 "-" "baselinker"
51.77.52.107 - - [22/Apr/2025:12:17:48 +0200] "GET /Jurek/eurofirany/images/432716/0.jpg HTTP/2.0" 200 39850 "-" "baselinker"
51.77.52.107 - - [22/Apr/2025:12:17:55 +0200] "GET /Jurek/eurofirany/images/432716/0.jpg HTTP/2.0" 200 39850 "-" "baselinker"
89.161.206.59 - - [22/Apr/2025:12:17:59 +0200] "GET /Jurek/stema/feeds/stema_skroutz.xml HTTP/1.0" 200 857219 "-" "-"
51.77.52.107 - - [22/Apr/2025:12:18:03 +0200] "GET /Jurek/eurofirany/images/432716/0.jpg HTTP/2.0" 200 39850 "-" "baselinker"
51.77.52.107 - - [22/Apr/2025:12:18:24 +0200] "GET /Jurek/eurofirany/images/432717/0.jpg HTTP/2.0" 200 39850 "-" "baselinker"
51.77.52.107 - - [22/Apr/2025:12:18:34 +0200] "GET /Jurek/eurofirany/images/432717/0.jpg HTTP/2.0" 200 39850 "-" "baselinker"
51.77.52.107 - - [22/Apr/2025:12:18:40 +0200] "GET /Jurek/eurofirany/images/432717/0.jpg HTTP/2.0" 200 39850 "-" "baselinker"
51.77.52.107 - - [22/Apr/2025:12:18:59 +0200] "GET /Jurek/eurofirany/images/432718/0.jpg HTTP/2.0" 200 39850 "-" "baselinker"
193.33.8.61 - - [22/Apr/2025:12:19:04 +0200] "GET /Filip/janshop_orders/exports/ HTTP/2.0" 401 3550 "-" "Mozilla/5.0 (Macintosh; Intel Mac OS X 10_15_7) AppleWebKit/605.1.15 (KHTML, like Gecko) Version/17.5 Safari/605.1.15"
51.77.52.107 - - [22/Apr/2025:12:19:04 +0200] "GET /Jurek/eurofirany/images/432718/0.jpg HTTP/2.0" 200 39850 "-" "baselinker"
193.33.8.61 - maria [22/Apr/2025:12:19:07 +0200] "GET /Filip/janshop_orders/exports/ HTTP/2.0" 200 8006 "-" "Mozilla/5.0 (Macintosh; Intel Mac OS X 10_15_7) AppleWebKit/605.1.15 (KHTML, like Gecko) Version/17.5 Safari/605.1.15"
193.33.8.61 - maria [22/Apr/2025:12:19:15 +0200] "GET /Filip/janshop_orders/exports/shumee_2025-04-22_12.txt HTTP/2.0" 200 5504 "https://dkkapusta1997.usermd.net/Filip/janshop_orders/exports/" "Mozilla/5.0 (Macintosh; Intel Mac OS X 10_15_7) AppleWebKit/605.1.15 (KHTML, like Gecko) Version/17.5 Safari/605.1.15"
193.33.8.61 - maria [22/Apr/2025:12:19:16 +0200] "GET /Filip/janshop_orders/exports/great_2025-04-22_12.txt HTTP/2.0" 200 1694 "https://dkkapusta1997.usermd.net/Filip/janshop_orders/exports/" "Mozilla/5.0 (Macintosh; Intel Mac OS X 10_15_7) AppleWebKit/605.1.15 (KHTML, like Gecko) Version/17.5 Safari/605.1.15"
51.77.52.107 - - [22/Apr/2025:12:19:23 +0200] "GET /Jurek/eurofirany/images/432718/0.jpg HTTP/2.0" 200 39850 "-" "baselinker"
51.77.52.107 - - [22/Apr/2025:12:19:28 +0200] "GET /Jurek/eurofirany/images/432719/0.jpg HTTP/2.0" 200 39850 "-" "baselinker"
51.77.52.107 - - [22/Apr/2025:12:19:44 +0200] "GET /Jurek/eurofirany/images/432719/0.jpg HTTP/2.0" 200 39850 "-" "baselinker"
46.101.116.244 - - [22/Apr/2025:12:19:50 +0200] "GET /Jurek/ikonka/feeds/ikonka_aliexpress.xml HTTP/1.0" 200 22167663 "-" "-"
51.77.52.107 - - [22/Apr/2025:12:19:59 +0200] "GET /Jurek/eurofirany/images/432719/0.jpg HTTP/2.0" 200 39850 "-" "baselinker"
51.77.52.107 - - [22/Apr/2025:12:20:07 +0200] "GET /Jurek/eurofirany/images/432721/0.jpg HTTP/2.0" 200 40163 "-" "baselinker"
51.77.52.107 - - [22/Apr/2025:12:20:26 +0200] "GET /Jurek/eurofirany/images/432721/0.jpg HTTP/2.0" 200 40163 "-" "baselinker"
51.77.52.107 - - [22/Apr/2025:12:20:45 +0200] "GET /Jurek/eurofirany/images/432721/0.jpg HTTP/2.0" 200 40163 "-" "baselinker"
51.77.52.107 - - [22/Apr/2025:12:21:02 +0200] "GET /Jurek/eurofirany/images/432722/0.jpg HTTP/2.0" 200 40163 "-" "baselinker"
51.77.52.107 - - [22/Apr/2025:12:21:08 +0200] "GET /Jurek/eurofirany/images/432722/0.jpg HTTP/2.0" 200 40163 "-" "baselinker"
51.77.52.107 - - [22/Apr/2025:12:21:25 +0200] "GET /Jurek/eurofirany/images/432722/0.jpg HTTP/2.0" 200 40163 "-" "baselinker"
51.77.52.107 - - [22/Apr/2025:12:21:32 +0200] "GET /Jurek/eurofirany/images/432723/0.jpg HTTP/2.0" 200 40163 "-" "baselinker"
51.77.52.107 - - [22/Apr/2025:12:21:38 +0200] "GET /Jurek/eurofirany/images/432723/0.jpg HTTP/2.0" 200 40163 "-" "baselinker"
51.77.52.107 - - [22/Apr/2025:12:21:56 +0200] "GET /Jurek/eurofirany/images/432723/0.jpg HTTP/2.0" 200 40163 "-" "baselinker"
51.77.52.107 - - [22/Apr/2025:12:22:16 +0200] "GET /Jurek/eurofirany/images/432724/0.jpg HTTP/2.0" 200 40163 "-" "baselinker"
51.77.52.107 - - [22/Apr/2025:12:22:33 +0200] "GET /Jurek/eurofirany/images/432724/0.jpg HTTP/2.0" 200 40163 "-" "baselinker"
51.77.52.107 - - [22/Apr/2025:12:22:48 +0200] "GET /Jurek/eurofirany/images/432724/0.jpg HTTP/2.0" 200 40163 "-" "baselinker"
89.161.206.59 - - [22/Apr/2025:12:23:05 +0200] "GET /Jurek/aiofactory/feeds/aiofactory_ebayde.xml HTTP/1.0" 200 2123798 "-" "-"
51.77.52.107 - - [22/Apr/2025:12:23:07 +0200] "GET /Jurek/eurofirany/images/432725/0.jpg HTTP/2.0" 200 40163 "-" "baselinker"
89.161.206.59 - - [22/Apr/2025:12:23:12 +0200] "GET /Jurek/ikonka/feeds/ikonka_ebayde.xml HTTP/1.0" 200 7156236 "-" "-"
51.77.52.107 - - [22/Apr/2025:12:23:21 +0200] "GET /Jurek/eurofirany/images/432725/0.jpg HTTP/2.0" 200 40163 "-" "baselinker"
51.77.52.107 - - [22/Apr/2025:12:23:27 +0200] "GET /Jurek/eurofirany/images/432725/0.jpg HTTP/2.0" 200 40163 "-" "baselinker"
51.77.52.107 - - [22/Apr/2025:12:23:34 +0200] "GET /Jurek/eurofirany/images/432726/0.jpg HTTP/2.0" 200 40163 "-" "baselinker"
66.135.223.42 - - [22/Apr/2025:12:23:42 +0200] "GET /Jurek/topeshop/downloaded_images/5902838467541_Riva_wieszak-opal_Sonoma.jpg HTTP/1.1" 404 3551 "http://www.ebay.com/" "Mozilla/4.0 (compatible; MSIE 4.01; Windows NT)"
66.135.223.40 - - [22/Apr/2025:12:23:43 +0200] "GET /Jurek/topeshop/downloaded_images/5902838467541_RIVA-SZAFKA-SONOMA.jpg HTTP/1.1" 200 100179 "http://www.ebay.com/" "Mozilla/4.0 (compatible; MSIE 4.01; Windows NT)"
66.135.223.42 - - [22/Apr/2025:12:23:43 +0200] "GET /Jurek/topeshop/downloaded_images/5902838467541_RIVA-SZAFKA-SONOMA1.jpg HTTP/1.1" 200 60801 "http://www.ebay.com/" "Mozilla/4.0 (compatible; MSIE 4.01; Windows NT)"
66.135.223.44 - - [22/Apr/2025:12:23:43 +0200] "GET /Jurek/topeshop/downloaded_images/5902838467541_RIVA-SZAFKA-SONOMA2.png HTTP/1.1" 200 434436 "http://www.ebay.com/" "Mozilla/4.0 (compatible; MSIE 4.01; Windows NT)"
51.77.52.107 - - [22/Apr/2025:12:23:48 +0200] "GET /Jurek/eurofirany/images/432726/0.jpg HTTP/2.0" 200 40163 "-" "baselinker"
51.77.52.107 - - [22/Apr/2025:12:24:02 +0200] "GET /Jurek/eurofirany/images/432726/0.jpg HTTP/2.0" 200 40163 "-" "baselinker"
51.77.52.107 - - [22/Apr/2025:12:24:13 +0200] "GET /Jurek/eurofirany/images/452582/0.jpg HTTP/2.0" 200 59953 "-" "baselinker"
51.77.52.107 - - [22/Apr/2025:12:24:31 +0200] "GET /Jurek/eurofirany/images/452582/0.jpg HTTP/2.0" 200 59953 "-" "baselinker"
51.77.52.107 - - [22/Apr/2025:12:24:50 +0200] "GET /Jurek/eurofirany/images/452582/0.jpg HTTP/2.0" 200 59953 "-" "baselinker"
51.77.52.107 - - [22/Apr/2025:12:24:56 +0200] "GET /Jurek/eurofirany/images/452583/0.jpg HTTP/2.0" 200 59953 "-" "baselinker"
51.77.52.107 - - [22/Apr/2025:12:25:04 +0200] "GET /Jurek/eurofirany/images/452583/0.jpg HTTP/2.0" 200 59953 "-" "baselinker"
51.77.52.107 - - [22/Apr/2025:12:25:10 +0200] "GET /Jurek/eurofirany/images/452583/0.jpg HTTP/2.0" 200 59953 "-" "baselinker"
51.77.52.107 - - [22/Apr/2025:12:25:34 +0200] "GET /Jurek/eurofirany/images/452584/0.jpg HTTP/2.0" 200 59953 "-" "baselinker"
51.77.52.107 - - [22/Apr/2025:12:25:52 +0200] "GET /Jurek/eurofirany/images/452584/0.jpg HTTP/2.0" 200 59953 "-" "baselinker"
51.77.52.107 - - [22/Apr/2025:12:26:06 +0200] "GET /Jurek/eurofirany/images/452584/0.jpg HTTP/2.0" 200 59953 "-" "baselinker"
46.101.116.244 - - [22/Apr/2025:12:26:07 +0200] "GET /Jurek/topeshop/feeds/topeshop_alza.xml HTTP/2.0" 200 2686956 "-" "-"
89.161.206.59 - - [22/Apr/2025:12:26:17 +0200] "GET /Jurek/kinghoff/feeds/kinghoff_emaghu.xml HTTP/1.0" 200 15467719 "-" "-"
51.77.52.107 - - [22/Apr/2025:12:26:17 +0200] "GET /Jurek/eurofirany/images/452588/0.jpg HTTP/2.0" 200 60482 "-" "baselinker"
46.101.116.244 - - [22/Apr/2025:12:26:20 +0200] "GET /Jurek/topeshop/feeds/topeshop_kauflandde.xml HTTP/2.0" 200 2685864 "-" "-"
46.101.116.244 - - [22/Apr/2025:12:26:31 +0200] "GET /Jurek/topeshop/feeds/topeshop_kauflandcz.xml HTTP/2.0" 200 2686951 "-" "-"
51.77.52.107 - - [22/Apr/2025:12:26:37 +0200] "GET /Jurek/eurofirany/images/452588/0.jpg HTTP/2.0" 200 60482 "-" "baselinker"
46.101.116.244 - - [22/Apr/2025:12:26:42 +0200] "GET /Jurek/topeshop/feeds/topeshop_kauflandsk.xml HTTP/2.0" 200 2685937 "-" "-"
51.77.52.107 - - [22/Apr/2025:12:26:49 +0200] "GET /Jurek/eurofirany/images/452588/0.jpg HTTP/2.0" 200 60482 "-" "baselinker"
46.101.116.244 - - [22/Apr/2025:12:26:53 +0200] "GET /Jurek/ikonka/feeds/ikonka_alza.xml HTTP/2.0" 200 22172156 "-" "-"
51.77.52.107 - - [22/Apr/2025:12:27:05 +0200] "GET /Jurek/eurofirany/images/452589/0.jpg HTTP/2.0" 200 60482 "-" "baselinker"
46.101.116.244 - - [22/Apr/2025:12:27:06 +0200] "GET /Jurek/ikonka/feeds/ikonka_kaufcz.xml HTTP/2.0" 200 22172179 "-" "-"
51.77.52.107 - - [22/Apr/2025:12:27:10 +0200] "GET /Jurek/eurofirany/images/452589/0.jpg HTTP/2.0" 200 60482 "-" "baselinker"
51.77.52.107 - - [22/Apr/2025:12:27:14 +0200] "GET /Jurek/eurofirany/images/452589/0.jpg HTTP/2.0" 200 60482 "-" "baselinker"
46.101.116.244 - - [22/Apr/2025:12:27:17 +0200] "GET /Jurek/aw/feeds/aw_fnacfr.xml HTTP/1.0" 404 3551 "-" "-"
46.101.116.244 - - [22/Apr/2025:12:27:19 +0200] "GET /Jurek/ikonka/feeds/ikonka_kaufde.xml HTTP/2.0" 200 22169497 "-" "-"
89.161.206.59 - - [22/Apr/2025:12:27:21 +0200] "GET /Jurek/cdata/feeds/cdata_cdsc.xml HTTP/1.0" 200 1865834 "-" "-"
89.161.206.59 - - [22/Apr/2025:12:27:22 +0200] "GET /Jurek/playcob/feeds/playcob_cdsc.xml HTTP/1.0" 200 6624604 "-" "-"
89.161.206.59 - - [22/Apr/2025:12:27:22 +0200] "GET /Jurek/elavia/feeds/elavia_cdsc.xml HTTP/1.0" 200 2085745 "-" "-"
89.161.206.59 - - [22/Apr/2025:12:27:22 +0200] "GET /Jurek/pagmil/feeds/pagmil_cdsc.xml HTTP/1.0" 200 1133285 "-" "-"
89.161.206.59 - - [22/Apr/2025:12:27:23 +0200] "GET /Jurek/proparts/feeds/proparts_cdsc.xml HTTP/1.0" 200 556024 "-" "-"
89.161.206.59 - - [22/Apr/2025:12:27:23 +0200] "GET /Jurek/alucon/feeds/alucon_cdsc.xml HTTP/1.0" 200 378673 "-" "-"
89.161.206.59 - - [22/Apr/2025:12:27:23 +0200] "GET /Jurek/equalo/feeds/equalo_cdsc.xml HTTP/1.0" 200 134206 "-" "-"
89.161.206.59 - - [22/Apr/2025:12:27:23 +0200] "GET /Jurek/techrebalina/feeds/techrebalina_cdsc.xml HTTP/1.0" 200 1363235 "-" "-"
89.161.206.59 - - [22/Apr/2025:12:27:24 +0200] "GET /Jurek/smxdesign/feeds/smxdesign_cdsc.xml HTTP/1.0" 200 1154207 "-" "-"
89.161.206.59 - - [22/Apr/2025:12:27:26 +0200] "GET /Jurek/amzteam/feeds/amzteam_cdsc.xml HTTP/1.0" 200 145387 "-" "-"
89.161.206.59 - - [22/Apr/2025:12:27:29 +0200] "GET /Jurek/madrex/feeds/madrex_emagro.xml HTTP/1.0" 200 466715 "-" "-"
89.161.206.59 - - [22/Apr/2025:12:27:31 +0200] "GET /Jurek/domzapachy/feeds/domzapachy_emagro.xml HTTP/1.0" 200 179806 "-" "-"
51.77.52.107 - - [22/Apr/2025:12:27:36 +0200] "GET /Jurek/eurofirany/images/452590/0.jpg HTTP/2.0" 200 60482 "-" "baselinker"
89.161.206.59 - - [22/Apr/2025:12:27:42 +0200] "GET /Jurek/sternhoff/feeds/sternhoff_emagro.xml HTTP/1.0" 200 1775478 "-" "-"
51.77.52.107 - - [22/Apr/2025:12:27:52 +0200] "GET /Jurek/eurofirany/images/452590/0.jpg HTTP/2.0" 200 60482 "-" "baselinker"
89.161.206.59 - - [22/Apr/2025:12:27:52 +0200] "GET /Jurek/globaldeli/feeds/globaldeli_emagro.xml HTTP/1.0" 200 2590918 "-" "-"
46.101.116.244 - - [22/Apr/2025:12:28:00 +0200] "GET /Jurek/kinghoff/feeds/kinghoff_bol.xml HTTP/1.0" 200 15460318 "-" "-"
89.161.206.59 - - [22/Apr/2025:12:28:02 +0200] "GET /Jurek/sempler/feeds/sempler_BOL.xml HTTP/1.0" 200 6787965 "-" "-"
89.161.206.59 - - [22/Apr/2025:12:28:03 +0200] "GET /Jurek/benetech/feeds/benetech_bol.xml HTTP/1.0" 200 4165434 "-" "-"
89.161.206.59 - - [22/Apr/2025:12:28:03 +0200] "GET /Jurek/oromed/feeds/oromed_BOL.xml HTTP/1.0" 200 1103029 "-" "-"
89.161.206.59 - - [22/Apr/2025:12:28:04 +0200] "GET /Jurek/narzbud/feeds/narzbud_bol.xml HTTP/1.0" 200 1901237 "-" "-"
51.77.52.107 - - [22/Apr/2025:12:28:04 +0200] "GET /Jurek/eurofirany/images/452590/0.jpg HTTP/2.0" 200 60482 "-" "baselinker"
89.161.206.59 - - [22/Apr/2025:12:28:04 +0200] "GET /Jurek/artdog/feeds/artdog_bol.xml HTTP/1.0" 200 17157993 "-" "-"
89.161.206.59 - - [22/Apr/2025:12:28:04 +0200] "GET /Jurek/ekolight/feeds/ekolight_bol.xml HTTP/1.0" 200 9052599 "-" "-"
46.101.116.244 - - [22/Apr/2025:12:28:04 +0200] "GET /Jurek/stema/feeds/stema_alza.xml HTTP/2.0" 200 857683 "-" "-"
89.161.206.59 - - [22/Apr/2025:12:28:04 +0200] "GET /Jurek/livinhill/feeds/livinhill_bol.xml HTTP/1.0" 200 1451866 "-" "-"
89.161.206.59 - - [22/Apr/2025:12:28:05 +0200] "GET /Jurek/ekuchcikowo/feeds/ekuchcikowo_bol.xml HTTP/1.0" 200 12470723 "-" "-"
89.161.206.59 - - [22/Apr/2025:12:28:05 +0200] "GET /Jurek/erohurtownia/feeds/erohurtownia_bol.xml HTTP/1.0" 200 22846354 "-" "-"
89.161.206.59 - - [22/Apr/2025:12:28:06 +0200] "GET /Jurek/galopi/feeds/galopi_bol.xml HTTP/1.0" 200 2111105 "-" "-"
89.161.206.59 - - [22/Apr/2025:12:28:06 +0200] "GET /Jurek/urwiskowo/feeds/urwiskowo_bol.xml HTTP/1.0" 200 9114990 "-" "-"
89.161.206.59 - - [22/Apr/2025:12:28:06 +0200] "GET /Jurek/combine/feeds/combine_bol.xml HTTP/1.0" 200 210552 "-" "-"
89.161.206.59 - - [22/Apr/2025:12:28:06 +0200] "GET /Jurek/spali/feeds/spali_bol.xml HTTP/1.0" 200 77054 "-" "-"
89.161.206.59 - - [22/Apr/2025:12:28:06 +0200] "GET /Jurek/bass_new/feeds/bass_bol.xml HTTP/1.0" 200 7040880 "-" "-"
89.161.206.59 - - [22/Apr/2025:12:28:07 +0200] "GET /Jurek/aiofactory/feeds/aiofactory_bol.xml HTTP/1.0" 200 2123807 "-" "-"
89.161.206.59 - - [22/Apr/2025:12:28:08 +0200] "GET /Jurek/hurtmeblowy/feeds/hurtmeblowy_bol.xml HTTP/1.0" 200 8514573 "-" "-"
89.161.206.59 - - [22/Apr/2025:12:28:09 +0200] "GET /Jurek/rider/feeds/rider_bol.xml HTTP/1.0" 200 8165177 "-" "-"
51.77.52.107 - - [22/Apr/2025:12:28:09 +0200] "GET /Jurek/eurofirany/images/452591/0.jpg HTTP/2.0" 200 73502 "-" "baselinker"
89.161.206.59 - - [22/Apr/2025:12:28:09 +0200] "GET /Jurek/eldar/feeds/eldar_bol.xml HTTP/1.0" 200 7329702 "-" "-"
89.161.206.59 - - [22/Apr/2025:12:28:10 +0200] "GET /Jurek/topeshop/feeds/topeshop_emagro.xml HTTP/1.0" 200 917050 "-" "-"
89.161.206.59 - - [22/Apr/2025:12:28:10 +0200] "GET /Jurek/primohurt/feeds/primohurt_bol.xml HTTP/1.0" 200 17187152 "-" "-"
89.161.206.59 - - [22/Apr/2025:12:28:10 +0200] "GET /Jurek/najtanszysport/feeds/najtanszysport_bol.xml HTTP/1.0" 200 3983108 "-" "-"
89.161.206.59 - - [22/Apr/2025:12:28:11 +0200] "GET /Jurek/motofan/feeds/motofan_bol.xml HTTP/1.0" 200 2392151 "-" "-"
89.161.206.59 - - [22/Apr/2025:12:28:11 +0200] "GET /Jurek/topeshop/feeds/topeshop_bol.xml HTTP/1.0" 200 2686051 "-" "-"
89.161.206.59 - - [22/Apr/2025:12:28:12 +0200] "GET /Jurek/eurofirany/feeds/eurofirany_bol.xml HTTP/1.0" 200 19066073 "-" "-"
89.161.206.59 - - [22/Apr/2025:12:28:14 +0200] "GET /Jurek/kinghome/feeds/kinghome_emagro.xml HTTP/1.0" 200 6062632 "-" "-"
89.161.206.59 - - [22/Apr/2025:12:28:14 +0200] "GET /Jurek/pupus/feeds/pupus_bol.xml HTTP/1.0" 200 6154582 "-" "-"
46.101.116.244 - - [22/Apr/2025:12:28:15 +0200] "GET /Jurek/stema/feeds/stema_kaufcz.xml HTTP/2.0" 200 857689 "-" "-"
89.161.206.59 - - [22/Apr/2025:12:28:15 +0200] "GET /Jurek/playcob/feeds/playcob_bol.xml HTTP/1.0" 200 6980103 "-" "-"
89.161.206.59 - - [22/Apr/2025:12:28:16 +0200] "GET /Jurek/maksik/feeds/maksik_bol.xml HTTP/1.0" 200 4084649 "-" "-"
89.161.206.59 - - [22/Apr/2025:12:28:16 +0200] "GET /Jurek/hanex/feeds/hanex_BOL.xml HTTP/1.0" 200 13931593 "-" "-"
89.161.206.59 - - [22/Apr/2025:12:28:17 +0200] "GET /Jurek/roger/feeds/roger_bol.xml HTTP/1.0" 200 1147392 "-" "-"
89.161.206.59 - - [22/Apr/2025:12:28:18 +0200] "GET /Jurek/smxdesign/feeds/smxdesign_bol.xml HTTP/1.0" 200 1829031 "-" "-"
89.161.206.59 - - [22/Apr/2025:12:28:18 +0200] "GET /Jurek/shiori/feeds/shiori_bol.xml HTTP/1.0" 200 453656 "-" "-"
89.161.206.59 - - [22/Apr/2025:12:28:19 +0200] "GET /Jurek/dropkz/feeds/dropkz_bol.xml HTTP/1.0" 200 70014387 "-" "-"
89.161.206.59 - - [22/Apr/2025:12:28:20 +0200] "GET /Jurek/pastelnitka/feeds/pastelnitka_zero.xml HTTP/1.0" 200 1827914 "-" "-"
89.161.206.59 - - [22/Apr/2025:12:28:20 +0200] "GET /Jurek/hlo/feeds/hlo_emagro.xml HTTP/1.0" 200 4838786 "-" "-"
89.161.206.59 - - [22/Apr/2025:12:28:22 +0200] "GET /Jurek/playcob/feeds/playcob_emagro.xml HTTP/1.0" 200 6981050 "-" "-"
89.161.206.59 - - [22/Apr/2025:12:28:23 +0200] "GET /Jurek/eoptimo/feeds/eoptimo_bol.xml HTTP/1.0" 200 2094373 "-" "-"
89.161.206.59 - - [22/Apr/2025:12:28:23 +0200] "GET /Jurek/sklep24amk/feeds/sklep24amk_bol.xml HTTP/1.0" 200 3894580 "-" "-"
89.161.206.59 - - [22/Apr/2025:12:28:23 +0200] "GET /Jurek/matkam/feeds/matkam_bol.xml HTTP/1.0" 200 5000262 "-" "-"
89.161.206.59 - - [22/Apr/2025:12:28:24 +0200] "GET /Jurek/sportprise/feeds/sportprise_bol.xml HTTP/1.0" 200 12725634 "-" "-"
89.161.206.59 - - [22/Apr/2025:12:28:25 +0200] "GET /Jurek/alucon/feeds/alucon_emagro.xml HTTP/1.0" 200 553610 "-" "-"
89.161.206.59 - - [22/Apr/2025:12:28:25 +0200] "GET /Jurek/elavia/feeds/elavia_bol.xml HTTP/1.0" 200 2497262 "-" "-"
46.101.116.244 - - [22/Apr/2025:12:28:26 +0200] "GET /Jurek/stema/feeds/stema_kaufde.xml HTTP/2.0" 200 856957 "-" "-"
89.161.206.59 - - [22/Apr/2025:12:28:26 +0200] "GET /Jurek/zbimatyja/feeds/zbimatyja_bol.xml HTTP/1.0" 200 11670003 "-" "-"
89.161.206.59 - - [22/Apr/2025:12:28:27 +0200] "GET /Jurek/cdata/feeds/cdata_bol.xml HTTP/1.0" 200 1445062 "-" "-"
89.161.206.59 - - [22/Apr/2025:12:28:27 +0200] "GET /Jurek/broers/feeds/broers_bol.xml HTTP/1.0" 200 1982573 "-" "-"
89.161.206.59 - - [22/Apr/2025:12:28:27 +0200] "GET /Jurek/princelh/feeds/princelh_bol.xml HTTP/1.0" 200 133438 "-" "-"
89.161.206.59 - - [22/Apr/2025:12:28:27 +0200] "GET /Jurek/luxma/feeds/luxma_emagro.xml HTTP/1.0" 200 8059092 "-" "-"
89.161.206.59 - - [22/Apr/2025:12:28:27 +0200] "GET /Jurek/kobi/feeds/kobi_bol.xml HTTP/1.0" 200 1993224 "-" "-"
51.77.52.107 - - [22/Apr/2025:12:28:28 +0200] "GET /Jurek/eurofirany/images/452591/0.jpg HTTP/2.0" 200 73502 "-" "baselinker"
89.161.206.59 - - [22/Apr/2025:12:28:28 +0200] "GET /Jurek/mosti/feeds/mosti_bol.xml HTTP/1.0" 200 4628091 "-" "-"
89.161.206.59 - - [22/Apr/2025:12:28:28 +0200] "GET /Jurek/rosfix/feeds/rosfix_bol.xml HTTP/1.0" 200 35769490 "-" "-"
89.161.206.59 - - [22/Apr/2025:12:28:29 +0200] "GET /Jurek/evil/feeds/evil_bol.xml HTTP/1.0" 200 306385 "-" "-"
89.161.206.59 - - [22/Apr/2025:12:28:29 +0200] "GET /Jurek/drewdon/feeds/drewdon_bol.xml HTTP/1.0" 200 504437 "-" "-"
89.161.206.59 - - [22/Apr/2025:12:28:29 +0200] "GET /Jurek/dekoele/feeds/dekoele_bol.xml HTTP/1.0" 200 733934 "-" "-"
89.161.206.59 - - [22/Apr/2025:12:28:29 +0200] "GET /Jurek/pawonik/feeds/pawonik_bol.xml HTTP/1.0" 200 2138411 "-" "-"
89.161.206.59 - - [22/Apr/2025:12:28:29 +0200] "GET /Jurek/sartrix/feeds/sartrix_bol.xml HTTP/1.0" 200 649187 "-" "-"
89.161.206.59 - - [22/Apr/2025:12:28:30 +0200] "GET /Jurek/hdwr/feeds/hdwr_BOL.xml HTTP/1.0" 200 789402 "-" "-"
89.161.206.59 - - [22/Apr/2025:12:28:30 +0200] "GET /Jurek/szpaklampy/feeds/szpaklampy_bol.xml HTTP/1.0" 200 388210 "-" "-"
89.161.206.59 - - [22/Apr/2025:12:28:30 +0200] "GET /Jurek/techrebal/feeds/techrebal_bol.xml HTTP/1.0" 200 1989723 "-" "-"
89.161.206.59 - - [22/Apr/2025:12:28:30 +0200] "GET /Jurek/muminky/feeds/muminky_bol.xml HTTP/1.0" 200 2677732 "-" "-"
89.161.206.59 - - [22/Apr/2025:12:28:30 +0200] "GET /Jurek/nonabox/feeds/nonabox_bol.xml HTTP/1.0" 200 33866 "-" "-"
89.161.206.59 - - [22/Apr/2025:12:28:31 +0200] "GET /Jurek/nexus/feeds/nexus_bol.xml HTTP/1.0" 200 226640 "-" "-"
89.161.206.59 - - [22/Apr/2025:12:28:31 +0200] "GET /Jurek/pagmil/feeds/pagmil_bol.xml HTTP/1.0" 200 1802822 "-" "-"
89.161.206.59 - - [22/Apr/2025:12:28:31 +0200] "GET /Jurek/proparts/feeds/proparts_bol.xml HTTP/1.0" 200 707494 "-" "-"
89.161.206.59 - - [22/Apr/2025:12:28:31 +0200] "GET /Jurek/techrebalina/feeds/techrebalina_bol.xml HTTP/1.0" 200 2011196 "-" "-"
89.161.206.59 - - [22/Apr/2025:12:28:31 +0200] "GET /Jurek/cenoman/feeds/cenoman_bol.xml HTTP/1.0" 200 5993160 "-" "-"
89.161.206.59 - - [22/Apr/2025:12:28:32 +0200] "GET /Jurek/newtechele/feeds/newtechele_bol.xml HTTP/1.0" 200 2438451 "-" "-"
89.161.206.59 - - [22/Apr/2025:12:28:32 +0200] "GET /Jurek/beltimore/feeds/beltimore_bol.xml HTTP/1.0" 200 18651739 "-" "-"
89.161.206.59 - - [22/Apr/2025:12:28:32 +0200] "GET /Jurek/photho/feeds/photho_emagro.xml HTTP/1.0" 200 1051360 "-" "-"
89.161.206.59 - - [22/Apr/2025:12:28:33 +0200] "GET /Jurek/omi/feeds/omi_bol.xml HTTP/1.0" 200 8105436 "-" "-"
89.161.206.59 - - [22/Apr/2025:12:28:33 +0200] "GET /Jurek/reman/feeds/reman_bol.xml HTTP/1.0" 200 1394827 "-" "-"
89.161.206.59 - - [22/Apr/2025:12:28:34 +0200] "GET /Jurek/em3/feeds/em3_bol.xml HTTP/1.0" 200 258916 "-" "-"
89.161.206.59 - - [22/Apr/2025:12:28:34 +0200] "GET /Jurek/takapara/feeds/takapara_bol.xml HTTP/1.0" 200 1342605 "-" "-"
89.161.206.59 - - [22/Apr/2025:12:28:34 +0200] "GET /Jurek/kamar/feeds/kamar_bol.xml HTTP/1.0" 200 25549818 "-" "-"
89.161.206.59 - - [22/Apr/2025:12:28:36 +0200] "GET /Jurek/zenex/feeds/zenex_bol.xml HTTP/1.0" 200 540162 "-" "-"
89.161.206.59 - - [22/Apr/2025:12:28:36 +0200] "GET /Jurek/princelh/feeds/princelh_emagro.xml HTTP/1.0" 200 133457 "-" "-"
89.161.206.59 - - [22/Apr/2025:12:28:36 +0200] "GET /Jurek/tsjerzy/feeds/tsjerzy_bol.xml HTTP/1.0" 200 3897731 "-" "-"
89.161.206.59 - - [22/Apr/2025:12:28:36 +0200] "GET /Jurek/oknobest/feeds/oknobest_emagro.xml HTTP/1.0" 200 2708153 "-" "-"
89.161.206.59 - - [22/Apr/2025:12:28:36 +0200] "GET /Jurek/carbonyway/feeds/carbonyway_bol.xml HTTP/1.0" 200 3075977 "-" "-"
89.161.206.59 - - [22/Apr/2025:12:28:36 +0200] "GET /Jurek/avenido/feeds/avenido_bol.xml HTTP/1.0" 200 720079 "-" "-"
89.161.206.59 - - [22/Apr/2025:12:28:37 +0200] "GET /Jurek/fertes/feeds/fertes_bol.xml HTTP/1.0" 200 2361797 "-" "-"
89.161.206.59 - - [22/Apr/2025:12:28:38 +0200] "GET /Jurek/filmal/feeds/filmal_bol.xml HTTP/1.0" 200 139267 "-" "-"
89.161.206.59 - - [22/Apr/2025:12:28:38 +0200] "GET /Jurek/sebmart/feeds/sebmart_bol.xml HTTP/1.0" 200 1598639 "-" "-"
89.161.206.59 - - [22/Apr/2025:12:28:39 +0200] "GET /Jurek/kalama/feeds/kalama_bol.xml HTTP/1.0" 200 2661760 "-" "-"
89.161.206.59 - - [22/Apr/2025:12:28:39 +0200] "GET /Jurek/amzteam/feeds/amzteam_bol.xml HTTP/1.0" 200 97874 "-" "-"
89.161.206.59 - - [22/Apr/2025:12:28:39 +0200] "GET /Jurek/equalo/feeds/equalo_bol.xml HTTP/1.0" 200 98007 "-" "-"
89.161.206.59 - - [22/Apr/2025:12:28:39 +0200] "GET /Jurek/mojeledy/feeds/mojeledy_bol.xml HTTP/1.0" 200 1018444 "-" "-"
89.161.206.59 - - [22/Apr/2025:12:28:39 +0200] "GET /Jurek/sovapl/feeds/sovapl_bol.xml HTTP/1.0" 200 8999690 "-" "-"
89.161.206.59 - - [22/Apr/2025:12:28:40 +0200] "GET /Jurek/apresto/feeds/apresto_bol.xml HTTP/1.0" 200 1327632 "-" "-"
89.161.206.59 - - [22/Apr/2025:12:28:40 +0200] "GET /Jurek/missionair/feeds/missionair_bol.xml HTTP/1.0" 200 3154871 "-" "-"
89.161.206.59 - - [22/Apr/2025:12:28:40 +0200] "GET /Jurek/em3/feeds/em3_emagro.xml HTTP/1.0" 200 259011 "-" "-"
89.161.206.59 - - [22/Apr/2025:12:28:41 +0200] "GET /Jurek/mechdecor/feeds/mechdecor_bol.xml HTTP/1.0" 200 596189 "-" "-"
89.161.206.59 - - [22/Apr/2025:12:28:41 +0200] "GET /Jurek/alucon/feeds/alucon_bol.xml HTTP/1.0" 200 553573 "-" "-"
89.161.206.59 - - [22/Apr/2025:12:28:43 +0200] "GET /Jurek/purewear/feeds/purewear_emagro.xml HTTP/1.0" 200 13354543 "-" "-"
51.77.52.107 - - [22/Apr/2025:12:28:44 +0200] "GET /Jurek/eurofirany/images/452591/0.jpg HTTP/2.0" 200 73502 "-" "baselinker"
89.161.206.59 - - [22/Apr/2025:12:28:47 +0200] "GET /Jurek/beautycare/feeds/beautycare_emagro.xml HTTP/1.0" 200 1181595 "-" "-"
89.161.206.59 - - [22/Apr/2025:12:28:51 +0200] "GET /Jurek/jakdroz/feeds/jakdroz_bol.xml HTTP/1.0" 200 4089835 "-" "-"
89.161.206.59 - - [22/Apr/2025:12:28:53 +0200] "GET /Jurek/ikonka/feeds/ikonka_bol.xml HTTP/1.0" 200 22169709 "-" "-"
89.161.206.59 - - [22/Apr/2025:12:28:56 +0200] "GET /Jurek/riko/feeds/riko_bol.xml HTTP/1.0" 200 3785208 "-" "-"
89.161.206.59 - - [22/Apr/2025:12:28:56 +0200] "GET /Jurek/zami/feeds/zami_bol.xml HTTP/1.0" 200 4472710 "-" "-"
89.161.206.59 - - [22/Apr/2025:12:28:57 +0200] "GET /Jurek/bemipol/feeds/bemipol_bol.xml HTTP/1.0" 200 423632 "-" "-"
89.161.206.59 - - [22/Apr/2025:12:29:00 +0200] "GET /Jurek/gandalf/feeds/gandalf_bol.xml HTTP/1.0" 200 1082523 "-" "-"
51.77.52.107 - - [22/Apr/2025:12:29:03 +0200] "GET /Jurek/eurofirany/images/452592/0.jpg HTTP/2.0" 200 73502 "-" "baselinker"
51.77.52.107 - - [22/Apr/2025:12:29:08 +0200] "GET /Jurek/eurofirany/images/452592/0.jpg HTTP/2.0" 200 73502 "-" "baselinker"
89.161.206.59 - - [22/Apr/2025:12:29:10 +0200] "GET /Jurek/lerutrade/feeds/lerutrade_emag.xml HTTP/1.0" 200 82826 "-" "-"
51.77.52.107 - - [22/Apr/2025:12:29:14 +0200] "GET /Jurek/eurofirany/images/452592/0.jpg HTTP/2.0" 200 73502 "-" "baselinker"
89.161.206.59 - - [22/Apr/2025:12:29:19 +0200] "GET /Jurek/rems/feeds/rems_bol.xml HTTP/1.0" 200 8706216 "-" "-"
51.77.52.107 - - [22/Apr/2025:12:30:00 +0200] "GET /Jurek/eurofirany/images/452594/0.jpg HTTP/2.0" 200 71387 "-" "baselinker"
51.77.52.107 - - [22/Apr/2025:12:30:06 +0200] "GET /Jurek/eurofirany/images/452594/0.jpg HTTP/2.0" 200 71387 "-" "baselinker"
89.161.206.59 - - [22/Apr/2025:12:30:09 +0200] "GET /Jurek/eroplace/feeds/eroplace_bol.xml HTTP/1.0" 200 52134829 "-" "-"
89.161.206.59 - - [22/Apr/2025:12:30:11 +0200] "GET /Jurek/waks/feeds/waks_bol.xml HTTP/1.0" 200 1596552 "-" "-"
89.161.206.59 - - [22/Apr/2025:12:30:11 +0200] "GET /Jurek/luxma/feeds/luxma_bol.xml HTTP/1.0" 200 8058616 "-" "-"
89.161.206.59 - - [22/Apr/2025:12:30:12 +0200] "GET /Jurek/german/feeds/german_bol.xml HTTP/1.0" 200 2853573 "-" "-"
89.161.206.59 - - [22/Apr/2025:12:30:12 +0200] "GET /Jurek/kristronik/feeds/kristronik_bol.xml HTTP/1.0" 200 691983 "-" "-"
89.161.206.59 - - [22/Apr/2025:12:30:12 +0200] "GET /Jurek/hlo/feeds/hlo_bol.xml HTTP/1.0" 200 4838667 "-" "-"
89.161.206.59 - - [22/Apr/2025:12:30:13 +0200] "GET /Jurek/makow/feeds/makow_bol.xml HTTP/1.0" 200 21203446 "-" "-"
89.161.206.59 - - [22/Apr/2025:12:30:13 +0200] "GET /Jurek/beautycare/feeds/beautycare_bol.xml HTTP/1.0" 200 1181304 "-" "-"
51.77.52.107 - - [22/Apr/2025:12:30:17 +0200] "GET /Jurek/eurofirany/images/452594/0.jpg HTTP/2.0" 200 71387 "-" "baselinker"
51.77.52.107 - - [22/Apr/2025:12:30:30 +0200] "GET /Jurek/eurofirany/images/452597/0.jpg HTTP/2.0" 200 71387 "-" "baselinker"
46.101.116.244 - - [22/Apr/2025:12:30:34 +0200] "GET /Jurek/gimmik/feeds/gimmik_mallsiex.xml HTTP/2.0" 404 3551 "-" "-"
51.77.52.107 - - [22/Apr/2025:12:30:35 +0200] "GET /Jurek/eurofirany/images/452597/0.jpg HTTP/2.0" 200 71387 "-" "baselinker"
46.101.116.244 - - [22/Apr/2025:12:30:39 +0200] "GET /Jurek/rovicky/feeds/rovicky_zalando.xml HTTP/1.0" 200 15248167 "-" "-"
89.161.206.59 - - [22/Apr/2025:12:30:47 +0200] "GET /Jurek/elecomp/feeds/elecomp_emagro.xml HTTP/1.0" 200 2868364 "-" "-"
89.161.206.59 - - [22/Apr/2025:12:30:48 +0200] "GET /Jurek/emaja24/feeds/emaja24_emagro.xml HTTP/1.0" 200 5102203 "-" "-"
51.77.52.107 - - [22/Apr/2025:12:30:52 +0200] "GET /Jurek/eurofirany/images/452597/0.jpg HTTP/2.0" 200 71387 "-" "baselinker"
46.101.116.244 - - [22/Apr/2025:12:30:53 +0200] "GET /Jurek/bimboland/feeds/bimboland_mallsiex.xml HTTP/2.0" 200 2831849 "-" "-"
51.77.52.107 - - [22/Apr/2025:12:30:57 +0200] "GET /Jurek/eurofirany/images/452598/0.jpg HTTP/2.0" 200 71387 "-" "baselinker"
51.77.52.107 - - [22/Apr/2025:12:31:12 +0200] "GET /Jurek/eurofirany/images/452598/0.jpg HTTP/2.0" 200 71387 "-" "baselinker"
51.77.52.107 - - [22/Apr/2025:12:31:23 +0200] "GET /Jurek/eurofirany/images/452598/0.jpg HTTP/2.0" 200 71387 "-" "baselinker"
46.101.116.244 - - [22/Apr/2025:12:31:28 +0200] "GET /Jurek/activeshop/feeds/activeshop_mallsiex.xml HTTP/2.0" 200 10453759 "-" "-"
46.101.116.244 - - [22/Apr/2025:12:31:33 +0200] "GET /Jurek/benbaby/feeds/benbaby_mallsi.xml HTTP/2.0" 200 3496366 "-" "-"
51.77.52.107 - - [22/Apr/2025:12:31:33 +0200] "GET /Jurek/eurofirany/images/452599/0.jpg HTTP/2.0" 200 74593 "-" "baselinker"
193.33.8.61 - - [22/Apr/2025:12:31:35 +0200] "GET /Filip/janshop_orders/exports/ HTTP/2.0" 401 3550 "-" "Mozilla/5.0 (Macintosh; Intel Mac OS X 10_15_7) AppleWebKit/605.1.15 (KHTML, like Gecko) Version/17.5 Safari/605.1.15"
193.33.8.61 - maria [22/Apr/2025:12:31:36 +0200] "GET /Filip/janshop_orders/exports/ HTTP/2.0" 200 8006 "-" "Mozilla/5.0 (Macintosh; Intel Mac OS X 10_15_7) AppleWebKit/605.1.15 (KHTML, like Gecko) Version/17.5 Safari/605.1.15"
51.77.52.107 - - [22/Apr/2025:12:31:38 +0200] "GET /Jurek/eurofirany/images/452599/0.jpg HTTP/2.0" 200 74593 "-" "baselinker"
51.77.52.107 - - [22/Apr/2025:12:31:41 +0200] "GET /Jurek/eurofirany/images/452599/0.jpg HTTP/2.0" 200 74593 "-" "baselinker"
46.101.116.244 - - [22/Apr/2025:12:31:44 +0200] "GET /Jurek/bass/feeds/bass_mallsi.xml HTTP/2.0" 200 3971958 "-" "-"
46.101.116.244 - - [22/Apr/2025:12:31:55 +0200] "GET /Jurek/emibig/feeds/emibig_mallsi.xml HTTP/2.0" 200 2427256 "-" "-"
51.77.52.107 - - [22/Apr/2025:12:31:59 +0200] "GET /Jurek/eurofirany/images/452600/0.jpg HTTP/2.0" 200 74593 "-" "baselinker"
46.101.116.244 - - [22/Apr/2025:12:32:06 +0200] "GET /Jurek/b3/feeds/b3_mallsi.xml HTTP/2.0" 200 6513553 "-" "-"
51.77.52.107 - - [22/Apr/2025:12:32:13 +0200] "GET /Jurek/eurofirany/images/452600/0.jpg HTTP/2.0" 200 74593 "-" "baselinker"
46.101.116.244 - - [22/Apr/2025:12:32:17 +0200] "GET /Jurek/action/feeds/action_mallsi.xml HTTP/2.0" 200 59854329 "-" "-"
51.77.52.107 - - [22/Apr/2025:12:32:28 +0200] "GET /Jurek/eurofirany/images/452600/0.jpg HTTP/2.0" 200 74593 "-" "baselinker"
51.77.52.107 - - [22/Apr/2025:12:32:33 +0200] "GET /Jurek/eurofirany/images/452601/0.jpg HTTP/2.0" 200 74593 "-" "baselinker"
46.101.116.244 - - [22/Apr/2025:12:32:36 +0200] "GET /Jurek/aw/feeds/awnarzedzia_mallsiex.xml HTTP/2.0" 200 90519676 "-" "-"
51.77.52.107 - - [22/Apr/2025:12:32:49 +0200] "GET /Jurek/eurofirany/images/452601/0.jpg HTTP/2.0" 200 74593 "-" "baselinker"
51.77.52.107 - - [22/Apr/2025:12:32:55 +0200] "GET /Jurek/eurofirany/images/452601/0.jpg HTTP/2.0" 200 74593 "-" "baselinker"
46.101.116.244 - - [22/Apr/2025:12:32:56 +0200] "GET /Jurek/eurofirany/feeds/eurofirany_mall_si_extrastore.xml HTTP/2.0" 200 19066187 "-" "-"
51.77.52.107 - - [22/Apr/2025:12:33:01 +0200] "GET /Jurek/eurofirany/images/452602/0.jpg HTTP/2.0" 200 72126 "-" "baselinker"
46.101.116.244 - - [22/Apr/2025:12:33:09 +0200] "GET /Jurek/fernity/feeds/fernity_mallslex.xml HTTP/2.0" 200 4816504 "-" "-"
51.77.52.107 - - [22/Apr/2025:12:33:17 +0200] "GET /Jurek/eurofirany/images/452602/0.jpg HTTP/2.0" 200 72126 "-" "baselinker"
46.101.116.244 - - [22/Apr/2025:12:33:21 +0200] "GET /Jurek/homla/feeds/homla_mallslex.xml HTTP/2.0" 404 3551 "-" "-"
46.101.116.244 - - [22/Apr/2025:12:33:32 +0200] "GET /Jurek/hurtownia_przemyslowa/feeds/hp_mallsi.xml HTTP/2.0" 200 49362245 "-" "-"
51.77.52.107 - - [22/Apr/2025:12:33:32 +0200] "GET /Jurek/eurofirany/images/452602/0.jpg HTTP/2.0" 200 72126 "-" "baselinker"
46.101.116.244 - - [22/Apr/2025:12:33:45 +0200] "GET /Jurek/ikonka/feeds/ikonka_mallsiex.xml HTTP/2.0" 200 22169770 "-" "-"
51.77.52.107 - - [22/Apr/2025:12:33:47 +0200] "GET /Jurek/eurofirany/images/452603/0.jpg HTTP/2.0" 200 72126 "-" "baselinker"
51.77.52.107 - - [22/Apr/2025:12:33:52 +0200] "GET /Jurek/eurofirany/images/452603/0.jpg HTTP/2.0" 200 72126 "-" "baselinker"
46.101.116.244 - - [22/Apr/2025:12:33:57 +0200] "GET /Jurek/kinghoff/feeds/kinghoff_mallslex.xml HTTP/2.0" 200 15460388 "-" "-"
51.77.52.107 - - [22/Apr/2025:12:34:06 +0200] "GET /Jurek/eurofirany/images/452603/0.jpg HTTP/2.0" 200 72126 "-" "baselinker"
51.77.52.107 - - [22/Apr/2025:12:34:25 +0200] "GET /Jurek/eurofirany/images/452604/0.jpg HTTP/2.0" 200 72126 "-" "baselinker"
5.134.208.158 - - [22/Apr/2025:12:34:38 +0200] "GET /Jurek/topeshop/downloaded_images/5902838464359_KUBABIURKOBRY%C5%81KABIELBOKZM.jpg HTTP/1.1" 404 3551 "-" "-"
5.134.208.158 - - [22/Apr/2025:12:34:38 +0200] "GET /Jurek/topeshop/downloaded_images/5902838464359_KUBABIURKOBRY%C5%81KABIELBOKZM.jpg HTTP/1.1" 404 3551 "https://www.ceneo.pl" "Mozilla/5.0 (Windows NT 10.0; WOW64) AppleWebKit/537.36 (KHTML, like Gecko) Chrome/52.0.2743.82 Safari/537.36 OPR/39.0.2256.48"
5.134.208.158 - - [22/Apr/2025:12:34:38 +0200] "GET /Jurek/topeshop/downloaded_images/5902838468456_Oaplwieszak.png HTTP/1.1" 404 3551 "-" "-"
5.134.208.158 - - [22/Apr/2025:12:34:38 +0200] "GET /Jurek/topeshop/downloaded_images/5902838468456_Oaplwieszak.png HTTP/1.1" 404 3551 "https://www.ceneo.pl" "Mozilla/5.0 (Windows NT 10.0; WOW64) AppleWebKit/537.36 (KHTML, like Gecko) Chrome/52.0.2743.82 Safari/537.36 OPR/39.0.2256.48"
5.134.208.158 - - [22/Apr/2025:12:34:38 +0200] "GET /Jurek/topeshop/downloaded_images/5902838468456_Oaplwieszak.png HTTP/1.1" 404 3551 "-" "-"
5.134.208.158 - - [22/Apr/2025:12:34:38 +0200] "GET /Jurek/topeshop/downloaded_images/5902838468456_Oaplwieszak.png HTTP/1.1" 404 3551 "https://www.ceneo.pl" "Mozilla/5.0 (Windows NT 10.0; WOW64) AppleWebKit/537.36 (KHTML, like Gecko) Chrome/52.0.2743.82 Safari/537.36 OPR/39.0.2256.48"
5.134.208.158 - - [22/Apr/2025:12:34:38 +0200] "GET /Jurek/topeshop/downloaded_images/5902838464359_KUBABIURKOBRY%C5%81KABIELBOKZM.jpg HTTP/1.1" 404 3551 "-" "-"
5.134.208.158 - - [22/Apr/2025:12:34:38 +0200] "GET /Jurek/topeshop/downloaded_images/5902838464359_KUBABIURKOBRY%C5%81KABIELBOKZM.jpg HTTP/1.1" 404 3551 "https://www.ceneo.pl" "Mozilla/5.0 (Windows NT 10.0; WOW64) AppleWebKit/537.36 (KHTML, like Gecko) Chrome/52.0.2743.82 Safari/537.36 OPR/39.0.2256.48"
5.134.208.158 - - [22/Apr/2025:12:34:38 +0200] "GET /Jurek/topeshop/downloaded_images/5902838468463_1sonoma.png HTTP/1.1" 404 3551 "-" "-"
5.134.208.158 - - [22/Apr/2025:12:34:38 +0200] "GET /Jurek/topeshop/downloaded_images/5902838468463_1sonoma.png HTTP/1.1" 404 3551 "https://www.ceneo.pl" "Mozilla/5.0 (Windows NT 10.0; WOW64) AppleWebKit/537.36 (KHTML, like Gecko) Chrome/52.0.2743.82 Safari/537.36 OPR/39.0.2256.48"
5.134.208.158 - - [22/Apr/2025:12:34:38 +0200] "GET /Jurek/topeshop/downloaded_images/5902838468463_1sonoma.png HTTP/1.1" 404 3551 "-" "-"
5.134.208.158 - - [22/Apr/2025:12:34:38 +0200] "GET /Jurek/topeshop/downloaded_images/5902838468463_1sonoma.png HTTP/1.1" 404 3551 "https://www.ceneo.pl" "Mozilla/5.0 (Windows NT 10.0; WOW64) AppleWebKit/537.36 (KHTML, like Gecko) Chrome/52.0.2743.82 Safari/537.36 OPR/39.0.2256.48"
51.77.52.107 - - [22/Apr/2025:12:34:41 +0200] "GET /Jurek/eurofirany/images/452604/0.jpg HTTP/2.0" 200 72126 "-" "baselinker"
51.77.52.107 - - [22/Apr/2025:12:34:44 +0200] "GET /Jurek/eurofirany/images/452604/0.jpg HTTP/2.0" 200 72126 "-" "baselinker"
46.101.116.244 - - [22/Apr/2025:12:34:48 +0200] "GET /Jurek/stema/feeds/stema_mallslex.xml HTTP/2.0" 200 857115 "-" "-"
46.101.116.244 - - [22/Apr/2025:12:34:59 +0200] "GET /Jurek/unimet/feeds/unimet_mallsiex.xml HTTP/2.0" 200 61151552 "-" "-"
66.135.223.41 - - [22/Apr/2025:12:35:16 +0200] "GET /Jurek/topeshop/downloaded_images/5904507207489_mijas_zielonykopiaaa.jpg HTTP/1.1" 200 126282 "http://www.ebay.com/" "Mozilla/4.0 (compatible; MSIE 4.01; Windows NT)"
66.135.223.44 - - [22/Apr/2025:12:35:16 +0200] "GET /Jurek/topeshop/downloaded_images/5904507207489_20st_mijas_prawy_open_zielony.png HTTP/1.1" 404 3551 "http://www.ebay.com/" "Mozilla/4.0 (compatible; MSIE 4.01; Windows NT)"
66.135.223.42 - - [22/Apr/2025:12:35:16 +0200] "GET /Jurek/topeshop/downloaded_images/5904507207489_Front_mijas_Prawy_zielony.png HTTP/1.1" 404 3551 "http://www.ebay.com/" "Mozilla/4.0 (compatible; MSIE 4.01; Windows NT)"
66.135.223.42 - - [22/Apr/2025:12:35:16 +0200] "GET /Jurek/topeshop/downloaded_images/5904507207489_20st_mijas_prawy_zielonykopia.png HTTP/1.1" 200 223941 "http://www.ebay.com/" "Mozilla/4.0 (compatible; MSIE 4.01; Windows NT)"
46.101.116.244 - - [22/Apr/2025:12:35:23 +0200] "GET /Jurek/andex/feeds/andex_mallslex.xml HTTP/2.0" 200 1953458 "-" "-"
51.77.52.107 - - [22/Apr/2025:12:35:23 +0200] "GET /Jurek/eurofirany/images/452605/0.jpg HTTP/2.0" 200 71754 "-" "baselinker"
46.101.116.244 - - [22/Apr/2025:12:35:33 +0200] "GET /Jurek/barbecook/feeds/barbecook_mallslex.xml HTTP/2.0" 200 87532 "-" "-"
51.77.52.107 - - [22/Apr/2025:12:35:40 +0200] "GET /Jurek/eurofirany/images/452605/0.jpg HTTP/2.0" 200 71754 "-" "baselinker"
51.77.52.107 - - [22/Apr/2025:12:35:42 +0200] "GET /Jurek/eurofirany/images/452605/0.jpg HTTP/2.0" 200 71754 "-" "baselinker"
46.101.116.244 - - [22/Apr/2025:12:35:44 +0200] "GET /Jurek/beliani/feeds/beliani_si_mallsiex.xml HTTP/2.0" 200 31057817 "-" "-"
51.77.52.107 - - [22/Apr/2025:12:35:54 +0200] "GET /Jurek/eurofirany/images/452606/0.jpg HTTP/2.0" 200 71754 "-" "baselinker"
46.101.116.244 - - [22/Apr/2025:12:35:58 +0200] "GET /Jurek/chemex/feeds/chemex_mallsiex.xml HTTP/2.0" 200 47810433 "-" "-"
51.77.52.107 - - [22/Apr/2025:12:36:00 +0200] "GET /Jurek/eurofirany/images/452606/0.jpg HTTP/2.0" 200 71754 "-" "baselinker"
46.101.116.244 - - [22/Apr/2025:12:36:11 +0200] "GET /Jurek/duka/feeds/duka_mallslex.xml HTTP/2.0" 200 57 "-" "-"
51.77.52.107 - - [22/Apr/2025:12:36:14 +0200] "GET /Jurek/eurofirany/images/452606/0.jpg HTTP/2.0" 200 71754 "-" "baselinker"
46.101.116.244 - - [22/Apr/2025:12:36:22 +0200] "GET /Jurek/flhf/feeds/flhf_mallsiex.xml HTTP/2.0" 404 3551 "-" "-"
51.77.52.107 - - [22/Apr/2025:12:36:32 +0200] "GET /Jurek/eurofirany/images/452607/0.jpg HTTP/2.0" 200 71754 "-" "baselinker"
46.101.116.244 - - [22/Apr/2025:12:36:32 +0200] "GET /Jurek/kinghome/feeds/kinghome_mallslex.xml HTTP/2.0" 200 6039978 "-" "-"
46.101.116.244 - - [22/Apr/2025:12:36:43 +0200] "GET /Jurek/kinghome/feeds/kinghome_mallslex.xml HTTP/2.0" 200 6039978 "-" "-"
51.77.52.107 - - [22/Apr/2025:12:36:49 +0200] "GET /Jurek/eurofirany/images/452607/0.jpg HTTP/2.0" 200 71754 "-" "baselinker"
46.101.116.244 - - [22/Apr/2025:12:36:54 +0200] "GET /Jurek/rovicky/feeds/rovicky_mallsiex.xml HTTP/2.0" 200 15018578 "-" "-"
51.77.52.107 - - [22/Apr/2025:12:36:55 +0200] "GET /Jurek/eurofirany/images/452607/0.jpg HTTP/2.0" 200 71754 "-" "baselinker"
46.101.116.244 - - [22/Apr/2025:12:37:05 +0200] "GET /Jurek/vivaldi/feeds/vivaldi_Mall-slex.xml HTTP/2.0" 200 344657 "-" "-"
51.77.52.107 - - [22/Apr/2025:12:37:12 +0200] "GET /Jurek/eurofirany/images/463359/0.jpg HTTP/2.0" 200 123765 "-" "baselinker"
52.18.22.0 - - [22/Apr/2025:12:37:21 +0200] "GET /marketplaces/worten2/results/worten.csv HTTP/1.1" 200 147217 "-" "Mirakl HttpClient"
51.77.52.107 - - [22/Apr/2025:12:37:21 +0200] "GET /Jurek/eurofirany/images/463359/0.jpg HTTP/2.0" 200 123765 "-" "baselinker"
51.77.52.107 - - [22/Apr/2025:12:38:22 +0200] "GET /Jurek/eurofirany/images/463359/0.jpg HTTP/2.0" 200 123765 "-" "baselinker"
51.77.52.107 - - [22/Apr/2025:12:38:28 +0200] "GET /Jurek/eurofirany/images/463360/0.jpg HTTP/2.0" 200 123765 "-" "baselinker"
51.77.52.107 - - [22/Apr/2025:12:38:44 +0200] "GET /Jurek/eurofirany/images/463360/0.jpg HTTP/2.0" 200 123765 "-" "baselinker"
51.77.52.107 - - [22/Apr/2025:12:38:52 +0200] "GET /Jurek/eurofirany/images/463360/0.jpg HTTP/2.0" 200 123765 "-" "baselinker"
51.77.52.107 - - [22/Apr/2025:12:38:57 +0200] "GET /Jurek/eurofirany/images/463391/0.jpg HTTP/2.0" 200 115824 "-" "baselinker"
51.77.52.107 - - [22/Apr/2025:12:39:08 +0200] "GET /Jurek/eurofirany/images/463391/0.jpg HTTP/2.0" 200 115824 "-" "baselinker"
51.77.52.107 - - [22/Apr/2025:12:39:16 +0200] "GET /Jurek/eurofirany/images/463391/0.jpg HTTP/2.0" 200 115824 "-" "baselinker"
51.77.52.107 - - [22/Apr/2025:12:39:21 +0200] "GET /Jurek/eurofirany/images/463365/0.jpg HTTP/2.0" 200 143486 "-" "baselinker"
89.161.206.59 - - [22/Apr/2025:12:39:26 +0200] "GET /Jurek/eurofirany/feeds/eurofirany_skroutz.xml HTTP/1.0" 200 18774043 "-" "-"
5.134.208.158 - - [22/Apr/2025:12:39:34 +0200] "GET /Jurek/eurofirany/images/453142/0.jpg HTTP/1.1" 206 256 "https://www.ceneo.pl" "Mozilla/5.0 (Windows NT 10.0; Win64; x64) AppleWebKit/537.36 (KHTML, like Gecko) Chrome/87.0.4280.141 Safari/537.36"
51.77.52.107 - - [22/Apr/2025:12:39:35 +0200] "GET /Jurek/eurofirany/images/463365/0.jpg HTTP/2.0" 200 143486 "-" "baselinker"
51.77.52.107 - - [22/Apr/2025:12:39:52 +0200] "GET /Jurek/eurofirany/images/463365/0.jpg HTTP/2.0" 200 143486 "-" "baselinker"
51.77.52.107 - - [22/Apr/2025:12:39:58 +0200] "GET /Jurek/eurofirany/images/463368/0.jpg HTTP/2.0" 200 143486 "-" "baselinker"
66.135.223.42 - - [22/Apr/2025:12:40:07 +0200] "GET /Jurek/topeshop/downloaded_images/5904507200299_SD-50artisan20008orgina%C5%82(25).png HTTP/1.1" 404 3551 "http://www.ebay.com/" "Mozilla/4.0 (compatible; MSIE 4.01; Windows NT)"
66.135.223.44 - - [22/Apr/2025:12:40:07 +0200] "GET /Jurek/topeshop/downloaded_images/5904507200299_SD-50artisan20008orgina%C5%82(27).png HTTP/1.1" 404 3551 "http://www.ebay.com/" "Mozilla/4.0 (compatible; MSIE 4.01; Windows NT)"
66.135.223.41 - - [22/Apr/2025:12:40:07 +0200] "GET /Jurek/topeshop/downloaded_images/5904507200299_SD-50artisan20008orgina%C5%82(28).png HTTP/1.1" 404 3551 "http://www.ebay.com/" "Mozilla/4.0 (compatible; MSIE 4.01; Windows NT)"
66.135.223.44 - - [22/Apr/2025:12:40:07 +0200] "GET /Jurek/topeshop/downloaded_images/5904507200299_SD-50artisan20008orgina%C5%82(26).png HTTP/1.1" 404 3551 "http://www.ebay.com/" "Mozilla/4.0 (compatible; MSIE 4.01; Windows NT)"
66.135.223.42 - - [22/Apr/2025:12:40:07 +0200] "GET /Jurek/topeshop/downloaded_images/5904507200299_4-final-artisan.jpg HTTP/1.1" 200 34216 "http://www.ebay.com/" "Mozilla/4.0 (compatible; MSIE 4.01; Windows NT)"
66.135.223.41 - - [22/Apr/2025:12:40:07 +0200] "GET /Jurek/topeshop/downloaded_images/5904507200299_3-otwarty-artisan.jpg HTTP/1.1" 200 38910 "http://www.ebay.com/" "Mozilla/4.0 (compatible; MSIE 4.01; Windows NT)"
66.135.223.44 - - [22/Apr/2025:12:40:07 +0200] "GET /Jurek/topeshop/downloaded_images/5904507200299_3.jpg HTTP/1.1" 200 23598 "http://www.ebay.com/" "Mozilla/4.0 (compatible; MSIE 4.01; Windows NT)"
66.135.223.43 - - [22/Apr/2025:12:40:07 +0200] "GET /Jurek/topeshop/downloaded_images/5904507200299_4.jpg HTTP/1.1" 200 27718 "http://www.ebay.com/" "Mozilla/4.0 (compatible; MSIE 4.01; Windows NT)"
66.135.223.40 - - [22/Apr/2025:12:40:07 +0200] "GET /Jurek/topeshop/downloaded_images/5904507200299_porawny-1-artisan.jpg HTTP/1.1" 200 21469 "http://www.ebay.com/" "Mozilla/4.0 (compatible; MSIE 4.01; Windows NT)"
51.77.52.107 - - [22/Apr/2025:12:40:15 +0200] "GET /Jurek/eurofirany/images/463368/0.jpg HTTP/2.0" 200 143486 "-" "baselinker"
51.77.52.107 - - [22/Apr/2025:12:40:18 +0200] "GET /Jurek/eurofirany/images/463368/0.jpg HTTP/2.0" 200 143486 "-" "baselinker"
51.77.52.107 - - [22/Apr/2025:12:40:27 +0200] "GET /Jurek/eurofirany/images/463378/0.jpg HTTP/2.0" 200 143486 "-" "baselinker"
51.77.52.107 - - [22/Apr/2025:12:40:33 +0200] "GET /Jurek/eurofirany/images/463378/0.jpg HTTP/2.0" 200 143486 "-" "baselinker"
51.77.52.107 - - [22/Apr/2025:12:40:50 +0200] "GET /Jurek/eurofirany/images/463378/0.jpg HTTP/2.0" 200 143486 "-" "baselinker"
51.77.52.107 - - [22/Apr/2025:12:40:53 +0200] "GET /Jurek/eurofirany/images/459329/0.jpg HTTP/2.0" 200 91812 "-" "baselinker"
5.134.208.158 - - [22/Apr/2025:12:40:56 +0200] "GET /Jurek/eurofirany/images/440106/0.jpg HTTP/1.1" 206 256 "https://www.ceneo.pl" "Mozilla/5.0 (Windows NT 10.0; Win64; x64) AppleWebKit/537.36 (KHTML, like Gecko) Chrome/87.0.4280.141 Safari/537.36"
51.77.52.107 - - [22/Apr/2025:12:40:58 +0200] "GET /Jurek/eurofirany/images/459329/0.jpg HTTP/2.0" 200 91812 "-" "baselinker"
216.113.184.103 - - [22/Apr/2025:12:40:59 +0200] "GET /Jurek/topeshop/downloaded_images/5904507200381_1_(1)1.jpg HTTP/1.1" 200 59850 "http://www.ebay.com/" "Mozilla/4.0 (compatible; MSIE 4.01; Windows NT)"
216.113.184.103 - - [22/Apr/2025:12:40:59 +0200] "GET /Jurek/topeshop/downloaded_images/5904507200381_BILBAO7(4).jpg HTTP/1.1" 404 3551 "http://www.ebay.com/" "Mozilla/4.0 (compatible; MSIE 4.01; Windows NT)"
216.113.184.102 - - [22/Apr/2025:12:40:59 +0200] "GET /Jurek/topeshop/downloaded_images/5904507200381_wizualizacja.jpg HTTP/1.1" 200 89100 "http://www.ebay.com/" "Mozilla/4.0 (compatible; MSIE 4.01; Windows NT)"
216.113.184.101 - - [22/Apr/2025:12:40:59 +0200] "GET /Jurek/topeshop/downloaded_images/5904507200381_1-bez-dodatk%C3%B3w-wymiary.jpg HTTP/1.1" 200 38026 "http://www.ebay.com/" "Mozilla/4.0 (compatible; MSIE 4.01; Windows NT)"
216.113.184.103 - - [22/Apr/2025:12:41:00 +0200] "GET /Jurek/topeshop/downloaded_images/5904507200381_BILBAO7(1).jpg HTTP/1.1" 404 3551 "http://www.ebay.com/" "Mozilla/4.0 (compatible; MSIE 4.01; Windows NT)"
216.113.184.103 - - [22/Apr/2025:12:41:00 +0200] "GET /Jurek/topeshop/downloaded_images/5904507200381_artisan-wymiary_Obszar-roboczy-1.jpg HTTP/1.1" 200 59050 "http://www.ebay.com/" "Mozilla/4.0 (compatible; MSIE 4.01; Windows NT)"
216.113.184.104 - - [22/Apr/2025:12:41:00 +0200] "GET /Jurek/topeshop/downloaded_images/5904507200381_BILBAO7(3).jpg HTTP/1.1" 404 3551 "http://www.ebay.com/" "Mozilla/4.0 (compatible; MSIE 4.01; Windows NT)"
51.77.52.107 - - [22/Apr/2025:12:41:03 +0200] "GET /Jurek/eurofirany/images/459329/0.jpg HTTP/2.0" 200 91812 "-" "baselinker"
51.77.52.107 - - [22/Apr/2025:12:41:07 +0200] "GET /Jurek/eurofirany/images/463398/0.jpg HTTP/2.0" 200 164335 "-" "baselinker"
51.77.52.107 - - [22/Apr/2025:12:41:13 +0200] "GET /Jurek/eurofirany/images/463398/0.jpg HTTP/2.0" 200 164335 "-" "baselinker"
46.101.116.244 - - [22/Apr/2025:12:41:24 +0200] "GET /Jurek/topeshop/feeds/topeshop_skr.xml HTTP/1.0" 200 916927 "-" "-"
51.77.52.107 - - [22/Apr/2025:12:41:25 +0200] "GET /Jurek/eurofirany/images/463398/0.jpg HTTP/2.0" 200 164335 "-" "baselinker"
51.77.52.107 - - [22/Apr/2025:12:41:30 +0200] "GET /Jurek/eurofirany/images/463400/0.jpg HTTP/2.0" 200 164335 "-" "baselinker"
5.134.208.158 - - [22/Apr/2025:12:41:33 +0200] "GET /Jurek/eurofirany/images/438620/0.jpg HTTP/1.1" 200 146765 "-" "-"
5.134.208.158 - - [22/Apr/2025:12:41:33 +0200] "GET /Jurek/eurofirany/images/422874/0.jpg HTTP/1.1" 200 136431 "-" "-"
5.134.208.158 - - [22/Apr/2025:12:41:33 +0200] "GET /Jurek/eurofirany/images/352540/0.jpg HTTP/1.1" 200 116505 "-" "-"
5.134.208.158 - - [22/Apr/2025:12:41:33 +0200] "GET /Jurek/eurofirany/images/461199/0.jpg HTTP/1.1" 200 105810 "-" "-"
5.134.208.158 - - [22/Apr/2025:12:41:33 +0200] "GET /Jurek/eurofirany/images/367321/0.jpg HTTP/1.1" 200 131643 "-" "-"
5.134.208.158 - - [22/Apr/2025:12:41:33 +0200] "GET /Jurek/eurofirany/images/335302/0.jpg HTTP/1.1" 200 135110 "-" "-"
5.134.208.158 - - [22/Apr/2025:12:41:33 +0200] "GET /Jurek/eurofirany/images/416445/0.jpg HTTP/1.1" 200 95090 "-" "-"
5.134.208.158 - - [22/Apr/2025:12:41:33 +0200] "GET /Jurek/eurofirany/images/391482/0.jpg HTTP/1.1" 200 146900 "-" "-"
46.101.116.244 - - [22/Apr/2025:12:41:43 +0200] "GET /Jurek/aw/feeds/aw_fnacfr.xml HTTP/1.0" 404 3551 "-" "-"
51.77.52.107 - - [22/Apr/2025:12:41:47 +0200] "GET /Jurek/eurofirany/images/463400/0.jpg HTTP/2.0" 200 164335 "-" "baselinker"
