51.77.52.107 - - [22/Apr/2025:13:28:29 +0200] "GET /Jurek/eurofirany/images/460408/0.jpg HTTP/2.0" 200 59530 "-" "baselinker"
51.77.52.107 - - [22/Apr/2025:13:28:56 +0200] "GET /Jurek/eurofirany/images/460417/0.jpg HTTP/2.0" 200 36465 "-" "baselinker"
51.77.52.107 - - [22/Apr/2025:13:29:18 +0200] "GET /Jurek/eurofirany/images/460417/0.jpg HTTP/2.0" 200 36465 "-" "baselinker"
51.77.52.107 - - [22/Apr/2025:13:29:26 +0200] "GET /Jurek/eurofirany/images/460417/0.jpg HTTP/2.0" 200 36465 "-" "baselinker"
51.77.52.107 - - [22/Apr/2025:13:29:31 +0200] "GET /Jurek/eurofirany/images/460438/0.jpg HTTP/2.0" 200 25897 "-" "baselinker"
51.77.52.107 - - [22/Apr/2025:13:29:40 +0200] "GET /Jurek/eurofirany/images/460438/0.jpg HTTP/2.0" 200 25897 "-" "baselinker"
51.77.52.107 - - [22/Apr/2025:13:30:00 +0200] "GET /Jurek/eurofirany/images/460438/0.jpg HTTP/2.0" 200 25897 "-" "baselinker"
51.77.52.107 - - [22/Apr/2025:13:30:20 +0200] "GET /Jurek/eurofirany/images/460440/0.jpg HTTP/2.0" 200 34358 "-" "baselinker"
51.77.52.107 - - [22/Apr/2025:13:30:58 +0200] "GET /Jurek/eurofirany/images/460440/0.jpg HTTP/2.0" 200 34358 "-" "baselinker"
51.77.52.107 - - [22/Apr/2025:13:31:02 +0200] "GET /Jurek/eurofirany/images/460440/0.jpg HTTP/2.0" 200 34358 "-" "baselinker"
51.77.52.107 - - [22/Apr/2025:13:31:20 +0200] "GET /Jurek/eurofirany/images/460450/0.jpg HTTP/2.0" 200 37392 "-" "baselinker"
51.77.52.107 - - [22/Apr/2025:13:31:42 +0200] "GET /Jurek/eurofirany/images/460450/0.jpg HTTP/2.0" 200 37392 "-" "baselinker"
51.77.52.107 - - [22/Apr/2025:13:32:02 +0200] "GET /Jurek/eurofirany/images/460450/0.jpg HTTP/2.0" 200 37392 "-" "baselinker"
51.77.52.107 - - [22/Apr/2025:13:32:10 +0200] "GET /Jurek/eurofirany/images/460453/0.jpg HTTP/2.0" 200 34013 "-" "baselinker"
51.77.52.107 - - [22/Apr/2025:13:32:35 +0200] "GET /Jurek/eurofirany/images/460453/0.jpg HTTP/2.0" 200 34013 "-" "baselinker"
51.77.52.107 - - [22/Apr/2025:13:32:37 +0200] "GET /Jurek/eurofirany/images/460453/0.jpg HTTP/2.0" 200 34013 "-" "baselinker"
51.77.52.107 - - [22/Apr/2025:13:32:57 +0200] "GET /Jurek/eurofirany/images/460405/0.jpg HTTP/2.0" 200 32950 "-" "baselinker"
51.77.52.107 - - [22/Apr/2025:13:33:15 +0200] "GET /Jurek/eurofirany/images/460405/0.jpg HTTP/2.0" 200 32950 "-" "baselinker"
51.77.52.107 - - [22/Apr/2025:13:33:34 +0200] "GET /Jurek/eurofirany/images/460405/0.jpg HTTP/2.0" 200 32950 "-" "baselinker"
51.77.52.107 - - [22/Apr/2025:13:33:38 +0200] "GET /Jurek/eurofirany/images/460406/0.jpg HTTP/2.0" 200 52473 "-" "baselinker"
51.77.52.107 - - [22/Apr/2025:13:33:56 +0200] "GET /Jurek/eurofirany/images/460406/0.jpg HTTP/2.0" 200 52473 "-" "baselinker"
85.232.241.194 - - [22/Apr/2025:13:34:04 +0200] "GET /Jurek/action/feeds/action_carrefour.xml HTTP/1.1" 200 59854025 "-" "Python-urllib/3.11"
85.232.241.194 - - [22/Apr/2025:13:34:05 +0200] "GET /Jurek/aw/feeds/aw_carrefour.xml HTTP/1.1" 200 90519982 "-" "Python-urllib/3.11"
85.232.241.194 - - [22/Apr/2025:13:34:05 +0200] "GET /Jurek/kobi/feeds/kobi_carrefour.xml HTTP/1.1" 200 1993169 "-" "Python-urllib/3.11"
85.232.241.194 - - [22/Apr/2025:13:34:06 +0200] "GET /Jurek/kinghoff/feeds/kinghoff_carrefour.xml HTTP/1.1" 200 15460386 "-" "Python-urllib/3.11"
51.77.52.107 - - [22/Apr/2025:13:34:15 +0200] "GET /Jurek/eurofirany/images/460406/0.jpg HTTP/2.0" 200 52473 "-" "baselinker"
51.77.52.107 - - [22/Apr/2025:13:34:18 +0200] "GET /Jurek/eurofirany/images/460423/0.jpg HTTP/2.0" 200 35196 "-" "baselinker"
51.77.52.107 - - [22/Apr/2025:13:34:48 +0200] "GET /Jurek/eurofirany/images/460423/0.jpg HTTP/2.0" 200 35196 "-" "baselinker"
51.77.52.107 - - [22/Apr/2025:13:35:06 +0200] "GET /Jurek/eurofirany/images/460423/0.jpg HTTP/2.0" 200 35196 "-" "baselinker"
46.101.116.244 - - [22/Apr/2025:13:35:10 +0200] "GET /Jurek/aw/feeds/aw_fnacfr.xml HTTP/1.0" 404 3551 "-" "-"
51.77.52.107 - - [22/Apr/2025:13:35:32 +0200] "GET /Jurek/eurofirany/images/465045/0.jpg HTTP/2.0" 200 76044 "-" "baselinker"
51.77.52.107 - - [22/Apr/2025:13:35:47 +0200] "GET /Jurek/eurofirany/images/465045/0.jpg HTTP/2.0" 200 76044 "-" "baselinker"
51.77.52.107 - - [22/Apr/2025:13:36:01 +0200] "GET /Jurek/eurofirany/images/465045/0.jpg HTTP/2.0" 200 76044 "-" "baselinker"
77.79.248.229 - - [22/Apr/2025:13:36:13 +0200] "GET /Jurek/eurofirany/feeds/eurofirany_cdon_se.xml HTTP/1.1" 200 19083728 "-" "python-requests/2.32.3"
77.79.248.229 - - [22/Apr/2025:13:36:13 +0200] "GET /Jurek/eurofirany/feeds/eurofirany_cdon_dk.xml HTTP/1.1" 200 19083393 "-" "python-requests/2.32.3"
77.79.248.229 - - [22/Apr/2025:13:36:13 +0200] "GET /Jurek/eurofirany/feeds/eurofirany_cdon_fi.xml HTTP/1.1" 200 19066219 "-" "python-requests/2.32.3"
77.79.248.229 - - [22/Apr/2025:13:36:14 +0200] "GET /Jurek/stema/feeds/stema_cdon_se.xml HTTP/1.1" 200 857655 "-" "python-requests/2.32.3"
77.79.248.229 - - [22/Apr/2025:13:36:14 +0200] "GET /Jurek/stema/feeds/stema_cdon_dk.xml HTTP/1.1" 200 857490 "-" "python-requests/2.32.3"
77.79.248.229 - - [22/Apr/2025:13:36:14 +0200] "GET /Jurek/stema/feeds/stema_cdon_fi.xml HTTP/1.1" 200 857220 "-" "python-requests/2.32.3"
77.79.248.229 - - [22/Apr/2025:13:36:15 +0200] "GET /Jurek/aw/feeds/awnarzedzia_cdon_se.xml HTTP/1.1" 200 90609295 "-" "python-requests/2.32.3"
77.79.248.229 - - [22/Apr/2025:13:36:16 +0200] "GET /Jurek/aw/feeds/awnarzedzia_cdon_dk.xml HTTP/1.1" 200 90604007 "-" "python-requests/2.32.3"
77.79.248.229 - - [22/Apr/2025:13:36:17 +0200] "GET /Jurek/aw/feeds/awnarzedzia_cdon_fi.xml HTTP/1.1" 200 90520677 "-" "python-requests/2.32.3"
77.79.248.229 - - [22/Apr/2025:13:36:18 +0200] "GET /Jurek/hurtownia_przemyslowa/feeds/hp_cdon_se.xml HTTP/1.1" 200 49377456 "-" "python-requests/2.32.3"
51.77.52.107 - - [22/Apr/2025:13:36:18 +0200] "GET /Jurek/eurofirany/images/463841/0.jpg HTTP/2.0" 200 43631 "-" "baselinker"
77.79.248.229 - - [22/Apr/2025:13:36:18 +0200] "GET /Jurek/hurtownia_przemyslowa/feeds/hp_cdon_dk.xml HTTP/1.1" 200 49375988 "-" "python-requests/2.32.3"
77.79.248.229 - - [22/Apr/2025:13:36:19 +0200] "GET /Jurek/hurtownia_przemyslowa/feeds/hp_cdon_fi.xml HTTP/1.1" 200 49359985 "-" "python-requests/2.32.3"
77.79.248.229 - - [22/Apr/2025:13:36:21 +0200] "GET /Jurek/ikonka/feeds/ikonka_cdon_se.xml HTTP/1.1" 200 22171966 "-" "python-requests/2.32.3"
77.79.248.229 - - [22/Apr/2025:13:36:21 +0200] "GET /Jurek/ikonka/feeds/ikonka_cdon_dk.xml HTTP/1.1" 200 22171897 "-" "python-requests/2.32.3"
77.79.248.229 - - [22/Apr/2025:13:36:22 +0200] "GET /Jurek/ikonka/feeds/ikonka_cdon_fi.xml HTTP/1.1" 200 22169734 "-" "python-requests/2.32.3"
77.79.248.229 - - [22/Apr/2025:13:36:22 +0200] "GET /Jurek/fernity/feeds/fernity_cdon_fi.xml HTTP/1.1" 200 4816425 "-" "python-requests/2.32.3"
77.79.248.229 - - [22/Apr/2025:13:36:22 +0200] "GET /Jurek/fernity/feeds/fernity_cdon_se.xml HTTP/1.1" 200 4819660 "-" "python-requests/2.32.3"
77.79.248.229 - - [22/Apr/2025:13:36:22 +0200] "GET /Jurek/fernity/feeds/fernity_cdon_dk.xml HTTP/1.1" 200 4819209 "-" "python-requests/2.32.3"
51.77.52.107 - - [22/Apr/2025:13:36:22 +0200] "GET /Jurek/eurofirany/images/463841/0.jpg HTTP/2.0" 200 43631 "-" "baselinker"
77.79.248.229 - - [22/Apr/2025:13:36:23 +0200] "GET /Jurek/activeshop/feeds/activeshop_cdon_se.xml HTTP/1.1" 200 10457507 "-" "python-requests/2.32.3"
77.79.248.229 - - [22/Apr/2025:13:36:23 +0200] "GET /Jurek/activeshop/feeds/activeshop_cdon_dk.xml HTTP/1.1" 200 10457130 "-" "python-requests/2.32.3"
77.79.248.229 - - [22/Apr/2025:13:36:23 +0200] "GET /Jurek/activeshop/feeds/activeshop_cdon_fi.xml HTTP/1.1" 200 10453664 "-" "python-requests/2.32.3"
51.77.52.107 - - [22/Apr/2025:13:36:27 +0200] "GET /Jurek/eurofirany/images/463841/0.jpg HTTP/2.0" 200 43631 "-" "baselinker"
77.79.248.229 - - [22/Apr/2025:13:36:28 +0200] "GET /Jurek/barbecook/feeds/barbecook_cdon_se.xml HTTP/1.1" 200 87595 "-" "python-requests/2.32.3"
77.79.248.229 - - [22/Apr/2025:13:36:28 +0200] "GET /Jurek/barbecook/feeds/barbecook_cdon_dk.xml HTTP/1.1" 200 87590 "-" "python-requests/2.32.3"
77.79.248.229 - - [22/Apr/2025:13:36:28 +0200] "GET /Jurek/barbecook/feeds/barbecook_cdon_fi.xml HTTP/1.1" 200 87531 "-" "python-requests/2.32.3"
77.79.248.229 - - [22/Apr/2025:13:36:29 +0200] "GET /Jurek/action/feeds/action_cdon_se.xml HTTP/1.1" 200 59889472 "-" "python-requests/2.32.3"
77.79.248.229 - - [22/Apr/2025:13:36:29 +0200] "GET /Jurek/action/feeds/action_cdon_dk.xml HTTP/1.1" 200 59883923 "-" "python-requests/2.32.3"
77.79.248.229 - - [22/Apr/2025:13:36:30 +0200] "GET /Jurek/action/feeds/action_cdon_fi.xml HTTP/1.1" 200 59857434 "-" "python-requests/2.32.3"
77.79.248.229 - - [22/Apr/2025:13:36:30 +0200] "GET /Jurek/kinghoff/feeds/kinghoff_cdon_se.xml HTTP/1.1" 200 15463101 "-" "python-requests/2.32.3"
77.79.248.229 - - [22/Apr/2025:13:36:31 +0200] "GET /Jurek/kinghoff/feeds/kinghoff_cdon_dk.xml HTTP/1.1" 200 15462838 "-" "python-requests/2.32.3"
51.77.52.107 - - [22/Apr/2025:13:36:31 +0200] "GET /Jurek/eurofirany/images/463842/0.jpg HTTP/2.0" 200 49975 "-" "baselinker"
77.79.248.229 - - [22/Apr/2025:13:36:31 +0200] "GET /Jurek/kinghoff/feeds/kinghoff_cdon_fi.xml HTTP/1.1" 200 15460403 "-" "python-requests/2.32.3"
77.79.248.229 - - [22/Apr/2025:13:36:39 +0200] "GET /Jurek/piotrmiedz/feeds/piotrmiedz_cdon_se.xml HTTP/1.1" 200 91085192 "-" "python-requests/2.32.3"
77.79.248.229 - - [22/Apr/2025:13:36:40 +0200] "GET /Jurek/piotrmiedz/feeds/piotrmiedz_cdon_dk.xml HTTP/1.1" 200 91084120 "-" "python-requests/2.32.3"
77.79.248.229 - - [22/Apr/2025:13:36:42 +0200] "GET /Jurek/piotrmiedz/feeds/piotrmiedz_cdon_fi.xml HTTP/1.1" 200 91039056 "-" "python-requests/2.32.3"
51.77.52.107 - - [22/Apr/2025:13:36:50 +0200] "GET /Jurek/eurofirany/images/463842/0.jpg HTTP/2.0" 200 49975 "-" "baselinker"
51.77.52.107 - - [22/Apr/2025:13:36:54 +0200] "GET /Jurek/eurofirany/images/463842/0.jpg HTTP/2.0" 200 49975 "-" "baselinker"
80.96.3.4 - - [22/Apr/2025:13:37:05 +0200] "GET /Jurek/eurofirany/images/386971/1.jpg HTTP/1.1" 200 90672 "https://www.emag.ro/pregata-perdea-inga-140x250-cm-negra-eurofirany-386971/pd/D0SF0ZMBM/?" "Mozilla/5.0 (Windows NT 10.0; Win64; x64) AppleWebKit/537.36 (KHTML, like Gecko) Chrome/135.0.0.0 Safari/537.36"
80.96.3.4 - - [22/Apr/2025:13:37:05 +0200] "GET /Jurek/eurofirany/images/386971/4.jpg HTTP/1.1" 200 152305 "https://www.emag.ro/pregata-perdea-inga-140x250-cm-negra-eurofirany-386971/pd/D0SF0ZMBM/?" "Mozilla/5.0 (Windows NT 10.0; Win64; x64) AppleWebKit/537.36 (KHTML, like Gecko) Chrome/135.0.0.0 Safari/537.36"
80.96.3.4 - - [22/Apr/2025:13:37:05 +0200] "GET /Jurek/eurofirany/images/386971/5.jpg HTTP/1.1" 200 149926 "https://www.emag.ro/pregata-perdea-inga-140x250-cm-negra-eurofirany-386971/pd/D0SF0ZMBM/?" "Mozilla/5.0 (Windows NT 10.0; Win64; x64) AppleWebKit/537.36 (KHTML, like Gecko) Chrome/135.0.0.0 Safari/537.36"
80.96.3.4 - - [22/Apr/2025:13:37:05 +0200] "GET /Jurek/eurofirany/images/386971/6.jpg HTTP/1.1" 200 153885 "https://www.emag.ro/pregata-perdea-inga-140x250-cm-negra-eurofirany-386971/pd/D0SF0ZMBM/?" "Mozilla/5.0 (Windows NT 10.0; Win64; x64) AppleWebKit/537.36 (KHTML, like Gecko) Chrome/135.0.0.0 Safari/537.36"
80.96.3.4 - - [22/Apr/2025:13:37:05 +0200] "GET /Jurek/eurofirany/images/386971/2.jpg HTTP/1.1" 200 179000 "https://www.emag.ro/pregata-perdea-inga-140x250-cm-negra-eurofirany-386971/pd/D0SF0ZMBM/?" "Mozilla/5.0 (Windows NT 10.0; Win64; x64) AppleWebKit/537.36 (KHTML, like Gecko) Chrome/135.0.0.0 Safari/537.36"
80.96.3.4 - - [22/Apr/2025:13:37:05 +0200] "GET /Jurek/eurofirany/images/386971/3.jpg HTTP/1.1" 200 210142 "https://www.emag.ro/pregata-perdea-inga-140x250-cm-negra-eurofirany-386971/pd/D0SF0ZMBM/?" "Mozilla/5.0 (Windows NT 10.0; Win64; x64) AppleWebKit/537.36 (KHTML, like Gecko) Chrome/135.0.0.0 Safari/537.36"
80.96.3.4 - - [22/Apr/2025:13:37:06 +0200] "GET /Jurek/eurofirany/images/386971/10.jpg HTTP/1.1" 200 143038 "https://www.emag.ro/pregata-perdea-inga-140x250-cm-negra-eurofirany-386971/pd/D0SF0ZMBM/?" "Mozilla/5.0 (Windows NT 10.0; Win64; x64) AppleWebKit/537.36 (KHTML, like Gecko) Chrome/135.0.0.0 Safari/537.36"
80.96.3.4 - - [22/Apr/2025:13:37:06 +0200] "GET /Jurek/eurofirany/images/386971/9.jpg HTTP/1.1" 200 159975 "https://www.emag.ro/pregata-perdea-inga-140x250-cm-negra-eurofirany-386971/pd/D0SF0ZMBM/?" "Mozilla/5.0 (Windows NT 10.0; Win64; x64) AppleWebKit/537.36 (KHTML, like Gecko) Chrome/135.0.0.0 Safari/537.36"
80.96.3.4 - - [22/Apr/2025:13:37:06 +0200] "GET /Jurek/eurofirany/images/386971/7.jpg HTTP/1.1" 200 225902 "https://www.emag.ro/pregata-perdea-inga-140x250-cm-negra-eurofirany-386971/pd/D0SF0ZMBM/?" "Mozilla/5.0 (Windows NT 10.0; Win64; x64) AppleWebKit/537.36 (KHTML, like Gecko) Chrome/135.0.0.0 Safari/537.36"
80.96.3.4 - - [22/Apr/2025:13:37:06 +0200] "GET /Jurek/eurofirany/images/386971/12.jpg HTTP/1.1" 200 135405 "https://www.emag.ro/pregata-perdea-inga-140x250-cm-negra-eurofirany-386971/pd/D0SF0ZMBM/?" "Mozilla/5.0 (Windows NT 10.0; Win64; x64) AppleWebKit/537.36 (KHTML, like Gecko) Chrome/135.0.0.0 Safari/537.36"
80.96.3.4 - - [22/Apr/2025:13:37:06 +0200] "GET /Jurek/eurofirany/images/386971/11.jpg HTTP/1.1" 200 171697 "https://www.emag.ro/pregata-perdea-inga-140x250-cm-negra-eurofirany-386971/pd/D0SF0ZMBM/?" "Mozilla/5.0 (Windows NT 10.0; Win64; x64) AppleWebKit/537.36 (KHTML, like Gecko) Chrome/135.0.0.0 Safari/537.36"
80.96.3.4 - - [22/Apr/2025:13:37:06 +0200] "GET /Jurek/eurofirany/images/386971/8.jpg HTTP/1.1" 200 249394 "https://www.emag.ro/pregata-perdea-inga-140x250-cm-negra-eurofirany-386971/pd/D0SF0ZMBM/?" "Mozilla/5.0 (Windows NT 10.0; Win64; x64) AppleWebKit/537.36 (KHTML, like Gecko) Chrome/135.0.0.0 Safari/537.36"
52.18.22.0 - - [22/Apr/2025:13:37:10 +0200] "GET /marketplaces/worten2/results/worten.csv HTTP/1.1" 200 147217 "-" "Mirakl HttpClient"
51.77.52.107 - - [22/Apr/2025:13:37:12 +0200] "GET /Jurek/eurofirany/images/463843/0.jpg HTTP/2.0" 200 51331 "-" "baselinker"
46.101.116.244 - - [22/Apr/2025:13:37:23 +0200] "GET /Jurek/piotrmiedz/feeds/piotrmiedz_skr.xml HTTP/1.0" 200 91045386 "-" "-"
51.77.52.107 - - [22/Apr/2025:13:37:28 +0200] "GET /Jurek/eurofirany/images/463843/0.jpg HTTP/2.0" 200 51331 "-" "baselinker"
51.77.52.107 - - [22/Apr/2025:13:37:33 +0200] "GET /Jurek/eurofirany/images/463843/0.jpg HTTP/2.0" 200 51331 "-" "baselinker"
51.77.52.107 - - [22/Apr/2025:13:37:38 +0200] "GET /Jurek/eurofirany/images/463844/0.jpg HTTP/2.0" 200 68901 "-" "baselinker"
193.33.8.61 - - [22/Apr/2025:13:37:48 +0200] "GET /Jurek/piotrmiedz/feeds/piotrmiedz_bol.xml HTTP/2.0" 200 12591059 "https://konsola.dkkapusta1997.usermd.net/" "Mozilla/5.0 (Windows NT 10.0; Win64; x64) AppleWebKit/537.36 (KHTML, like Gecko) Chrome/135.0.0.0 Safari/537.36"
51.77.52.107 - - [22/Apr/2025:13:37:54 +0200] "GET /Jurek/eurofirany/images/463844/0.jpg HTTP/2.0" 200 68901 "-" "baselinker"
51.77.52.107 - - [22/Apr/2025:13:37:59 +0200] "GET /Jurek/eurofirany/images/463844/0.jpg HTTP/2.0" 200 68901 "-" "baselinker"
77.79.248.229 - - [22/Apr/2025:13:38:10 +0200] "GET /Jurek/vidaSI/feeds/vidaSI_bigbang.xml HTTP/1.1" 200 640485672 "-" "Python-urllib/3.11"
77.79.248.229 - - [22/Apr/2025:13:38:12 +0200] "GET /Jurek/aw/feeds/awnarzedzia_bigbang.xml HTTP/1.1" 200 90494929 "-" "Python-urllib/3.11"
77.79.248.229 - - [22/Apr/2025:13:38:13 +0200] "GET /Jurek/hurtownia_przemyslowa/feeds/hp_bigbang.xml HTTP/1.1" 200 49360104 "-" "Python-urllib/3.11"
77.79.248.229 - - [22/Apr/2025:13:38:14 +0200] "GET /Jurek/action/feeds/action_bigbang.xml HTTP/1.1" 200 59852551 "-" "Python-urllib/3.11"
77.79.248.229 - - [22/Apr/2025:13:38:16 +0200] "GET /Jurek/ikonka/feeds/ikonka_bigbang.xml HTTP/1.1" 200 22169754 "-" "Python-urllib/3.11"
77.79.248.229 - - [22/Apr/2025:13:38:16 +0200] "GET /Jurek/bass/feeds/bass_bigbang.xml HTTP/1.1" 200 3971925 "-" "Python-urllib/3.11"
77.79.248.229 - - [22/Apr/2025:13:38:18 +0200] "GET /Jurek/kinghoff/feeds/kinghoff_bigbang.xml HTTP/1.1" 200 15460398 "-" "Python-urllib/3.11"
77.79.248.229 - - [22/Apr/2025:13:38:19 +0200] "GET /Jurek/activeshop/feeds/activeshop_bigbang.xml HTTP/1.1" 200 10453649 "-" "Python-urllib/3.11"
77.79.248.229 - - [22/Apr/2025:13:38:19 +0200] "GET /Jurek/octopia/feeds/octopia_bigbang.xml HTTP/1.1" 200 5658808 "-" "Python-urllib/3.11"
77.79.248.229 - - [22/Apr/2025:13:38:20 +0200] "GET /Jurek/topeshop/feeds/topeshop_bigbang.xml HTTP/1.1" 200 2685985 "-" "Python-urllib/3.11"
51.77.52.107 - - [22/Apr/2025:13:38:20 +0200] "GET /Jurek/eurofirany/images/463845/0.jpg HTTP/2.0" 200 78308 "-" "baselinker"
77.79.248.229 - - [22/Apr/2025:13:38:20 +0200] "GET /Jurek/b3/feeds/b3_bigbang.xml HTTP/1.1" 200 8074868 "-" "Python-urllib/3.11"
77.79.248.229 - - [22/Apr/2025:13:38:20 +0200] "GET /Jurek/asortymenteu/feeds/asortymenteu_bigbang.xml HTTP/1.1" 200 2764759 "-" "Python-urllib/3.11"
77.79.248.229 - - [22/Apr/2025:13:38:25 +0200] "GET /Jurek/intsell/feeds/intsell_bigbang.xml HTTP/1.1" 200 342005986 "-" "Python-urllib/3.11"
77.79.248.229 - - [22/Apr/2025:13:38:25 +0200] "GET /Jurek/stema/feeds/stema_bigbang.xml HTTP/1.1" 200 857121 "-" "Python-urllib/3.11"
77.79.248.229 - - [22/Apr/2025:13:38:25 +0200] "GET /Jurek/sempler/feeds/sempler_bigbang.xml HTTP/1.1" 200 6787979 "-" "Python-urllib/3.11"
51.77.52.107 - - [22/Apr/2025:13:38:25 +0200] "GET /Jurek/eurofirany/images/463845/0.jpg HTTP/2.0" 200 78308 "-" "baselinker"
77.79.248.229 - - [22/Apr/2025:13:38:25 +0200] "GET /Jurek/benetech/feeds/benetech_bigbang.xml HTTP/1.1" 200 4165427 "-" "Python-urllib/3.11"
77.79.248.229 - - [22/Apr/2025:13:38:26 +0200] "GET /Jurek/ekuchcikowo/feeds/ekuchcikowo_bigbang.xml HTTP/1.1" 200 12470929 "-" "Python-urllib/3.11"
77.79.248.229 - - [22/Apr/2025:13:38:26 +0200] "GET /Jurek/erohurtownia/feeds/erohurtownia_bigbang.xml HTTP/1.1" 200 22846431 "-" "Python-urllib/3.11"
51.77.52.107 - - [22/Apr/2025:13:38:31 +0200] "GET /Jurek/eurofirany/images/463845/0.jpg HTTP/2.0" 200 78308 "-" "baselinker"
77.79.248.229 - - [22/Apr/2025:13:38:35 +0200] "GET /Jurek/naszedzieci/feeds/naszedzieci_bigbang.xml HTTP/1.1" 200 833165824 "-" "Python-urllib/3.11"
51.77.52.107 - - [22/Apr/2025:13:38:36 +0200] "GET /Jurek/eurofirany/images/463846/0.jpg HTTP/2.0" 200 84882 "-" "baselinker"
77.79.248.229 - - [22/Apr/2025:13:38:37 +0200] "GET /Jurek/awparts/feeds/awparts_bigbang.xml HTTP/1.1" 200 142301004 "-" "Python-urllib/3.11"
77.79.248.229 - - [22/Apr/2025:13:38:38 +0200] "GET /Jurek/najtanszysport/feeds/najtanszysport_bigbang.xml HTTP/1.1" 200 3983127 "-" "Python-urllib/3.11"
77.79.248.229 - - [22/Apr/2025:13:38:38 +0200] "GET /Jurek/aiofactory/feeds/aiofactory_bigbang.xml HTTP/1.1" 200 2123784 "-" "Python-urllib/3.11"
77.79.248.229 - - [22/Apr/2025:13:38:38 +0200] "GET /Jurek/playcob/feeds/playcob_bigbang.xml HTTP/1.1" 200 6980047 "-" "Python-urllib/3.11"
77.79.248.229 - - [22/Apr/2025:13:38:38 +0200] "GET /Jurek/kidshop/feeds/kidshop_bigbang.xml HTTP/1.1" 200 19845640 "-" "Python-urllib/3.11"
77.79.248.229 - - [22/Apr/2025:13:38:38 +0200] "GET /Jurek/elavia/feeds/elavia_bigbang.xml HTTP/1.1" 200 2497283 "-" "Python-urllib/3.11"
77.79.248.229 - - [22/Apr/2025:13:38:39 +0200] "GET /Jurek/straganbiur/feeds/straganbiur_bigbang.xml HTTP/1.1" 200 8892962 "-" "Python-urllib/3.11"
77.79.248.229 - - [22/Apr/2025:13:38:39 +0200] "GET /Jurek/kobi/feeds/kobi_bigbang.xml HTTP/1.1" 200 1993168 "-" "Python-urllib/3.11"
77.79.248.229 - - [22/Apr/2025:13:38:39 +0200] "GET /Jurek/hanex/feeds/hanex_bigbang.xml HTTP/1.1" 200 13931552 "-" "Python-urllib/3.11"
77.79.248.229 - - [22/Apr/2025:13:38:39 +0200] "GET /Jurek/elecomp/feeds/elecomp_bigbang.xml HTTP/1.1" 200 2867759 "-" "Python-urllib/3.11"
77.79.248.229 - - [22/Apr/2025:13:38:39 +0200] "GET /Jurek/roger/feeds/roger_bigbang.xml HTTP/1.1" 200 1396552 "-" "Python-urllib/3.11"
77.79.248.229 - - [22/Apr/2025:13:38:39 +0200] "GET /Jurek/kristronik/feeds/kristronik_bigbang.xml HTTP/1.1" 200 691975 "-" "Python-urllib/3.11"
77.79.248.229 - - [22/Apr/2025:13:38:40 +0200] "GET /Jurek/oknobest/feeds/oknobest_bigbang.xml HTTP/1.1" 200 2707893 "-" "Python-urllib/3.11"
77.79.248.229 - - [22/Apr/2025:13:38:40 +0200] "GET /Jurek/globaldeli/feeds/globaldeli_bigbang.xml HTTP/1.1" 200 2590049 "-" "Python-urllib/3.11"
77.79.248.229 - - [22/Apr/2025:13:38:40 +0200] "GET /Jurek/rider/feeds/rider_bigbang.xml HTTP/1.1" 200 8165171 "-" "Python-urllib/3.11"
77.79.248.229 - - [22/Apr/2025:13:38:40 +0200] "GET /Jurek/cenoman/feeds/cenoman_bigbang.xml HTTP/1.1" 200 5993161 "-" "Python-urllib/3.11"
77.79.248.229 - - [22/Apr/2025:13:38:40 +0200] "GET /Jurek/luxma/feeds/luxma_bigbang.xml HTTP/1.1" 200 8058590 "-" "Python-urllib/3.11"
77.79.248.229 - - [22/Apr/2025:13:38:40 +0200] "GET /Jurek/zbimatyja/feeds/zbimatyja_bigbang.xml HTTP/1.1" 200 11670097 "-" "Python-urllib/3.11"
77.79.248.229 - - [22/Apr/2025:13:38:40 +0200] "GET /Jurek/smxdesign/feeds/smxdesign_bigbang.xml HTTP/1.1" 200 1829025 "-" "Python-urllib/3.11"
77.79.248.229 - - [22/Apr/2025:13:38:41 +0200] "GET /Jurek/rosfix/feeds/rosfix_bigbang.xml HTTP/1.1" 200 35769421 "-" "Python-urllib/3.11"
77.79.248.229 - - [22/Apr/2025:13:38:42 +0200] "GET /Jurek/dropkz/feeds/dropkz_bigbang.xml HTTP/1.1" 200 70012860 "-" "Python-urllib/3.11"
77.79.248.229 - - [22/Apr/2025:13:38:42 +0200] "GET /Jurek/pawonik/feeds/pawonik_bigbang.xml HTTP/1.1" 200 2138398 "-" "Python-urllib/3.11"
77.79.248.229 - - [22/Apr/2025:13:38:42 +0200] "GET /Jurek/spali/feeds/spali_bigbang.xml HTTP/1.1" 200 77055 "-" "Python-urllib/3.11"
77.79.248.229 - - [22/Apr/2025:13:38:42 +0200] "GET /Jurek/newtechele/feeds/newtechele_bigbang.xml HTTP/1.1" 200 2438516 "-" "Python-urllib/3.11"
77.79.248.229 - - [22/Apr/2025:13:38:42 +0200] "GET /Jurek/maksik/feeds/maksik_bigbang.xml HTTP/1.1" 200 4084780 "-" "Python-urllib/3.11"
77.79.248.229 - - [22/Apr/2025:13:38:43 +0200] "GET /Jurek/beltimore/feeds/beltimore_bigbang.xml HTTP/1.1" 200 18651765 "-" "Python-urllib/3.11"
77.79.248.229 - - [22/Apr/2025:13:38:43 +0200] "GET /Jurek/matkam/feeds/matkam_bigbang.xml HTTP/1.1" 200 5000228 "-" "Python-urllib/3.11"
77.79.248.229 - - [22/Apr/2025:13:38:43 +0200] "GET /Jurek/rovato/feeds/rovato_bigbang.xml HTTP/1.1" 200 180834 "-" "Python-urllib/3.11"
77.79.248.229 - - [22/Apr/2025:13:38:43 +0200] "GET /Jurek/eurofryz/feeds/eurofryz_bigbang.xml HTTP/1.1" 200 1381544 "-" "Python-urllib/3.11"
77.79.248.229 - - [22/Apr/2025:13:38:43 +0200] "GET /Jurek/alucon/feeds/alucon_bigbang.xml HTTP/1.1" 200 553574 "-" "Python-urllib/3.11"
77.79.248.229 - - [22/Apr/2025:13:38:43 +0200] "GET /Jurek/omi/feeds/omi_bigbang.xml HTTP/1.1" 200 8105462 "-" "Python-urllib/3.11"
77.79.248.229 - - [22/Apr/2025:13:38:44 +0200] "GET /Jurek/kamar/feeds/kamar_bigbang.xml HTTP/1.1" 200 25549704 "-" "Python-urllib/3.11"
77.79.248.229 - - [22/Apr/2025:13:38:44 +0200] "GET /Jurek/beautycare/feeds/beautycare_bigbang.xml HTTP/1.1" 200 1181282 "-" "Python-urllib/3.11"
77.79.248.229 - - [22/Apr/2025:13:38:44 +0200] "GET /Jurek/avenido/feeds/avenido_bigbang.xml HTTP/1.1" 200 720085 "-" "Python-urllib/3.11"
77.79.248.229 - - [22/Apr/2025:13:38:44 +0200] "GET /Jurek/zenex/feeds/zenex_bigbang.xml HTTP/1.1" 200 540138 "-" "Python-urllib/3.11"
77.79.248.229 - - [22/Apr/2025:13:38:44 +0200] "GET /Jurek/fertes/feeds/fertes_bigbang.xml HTTP/1.1" 200 2361867 "-" "Python-urllib/3.11"
77.79.248.229 - - [22/Apr/2025:13:38:44 +0200] "GET /Jurek/makow/feeds/makow_bigbang.xml HTTP/1.1" 200 21203347 "-" "Python-urllib/3.11"
77.79.248.229 - - [22/Apr/2025:13:38:44 +0200] "GET /Jurek/sternhoff/feeds/sternhoff_bigbang.xml HTTP/1.1" 200 1775249 "-" "Python-urllib/3.11"
77.79.248.229 - - [22/Apr/2025:13:38:45 +0200] "GET /Jurek/kalama/feeds/kalama_bigbang.xml HTTP/1.1" 200 2661729 "-" "Python-urllib/3.11"
77.79.248.229 - - [22/Apr/2025:13:38:45 +0200] "GET /Jurek/straganspoz/feeds/straganspoz_bigbang.xml HTTP/1.1" 200 9514399 "-" "Python-urllib/3.11"
77.79.248.229 - - [22/Apr/2025:13:38:45 +0200] "GET /Jurek/apresto/feeds/apresto_bigbang.xml HTTP/1.1" 200 1327607 "-" "Python-urllib/3.11"
77.79.248.229 - - [22/Apr/2025:13:38:45 +0200] "GET /Jurek/fertone/feeds/fertone_bigbang.xml HTTP/1.1" 200 570207 "-" "Python-urllib/3.11"
89.161.206.59 - - [22/Apr/2025:13:38:45 +0200] "GET /Jurek/piotrmiedz/feeds/piotrmiedz_bol.xml HTTP/1.0" 200 91039399 "-" "-"
77.79.248.229 - - [22/Apr/2025:13:38:45 +0200] "GET /Jurek/fernity/feeds/fernity_bigbang.xml HTTP/1.1" 200 4816543 "-" "Python-urllib/3.11"
77.79.248.229 - - [22/Apr/2025:13:38:46 +0200] "GET /Jurek/jankeski/feeds/jankeski_bigbang.xml HTTP/1.1" 200 6571115 "-" "Python-urllib/3.11"
77.79.248.229 - - [22/Apr/2025:13:38:46 +0200] "GET /Jurek/bloomglow/feeds/bloomglow_bigbang.xml HTTP/1.1" 200 14095423 "-" "Python-urllib/3.11"
77.79.248.229 - - [22/Apr/2025:13:38:53 +0200] "GET /Jurek/galopi/feeds/galopi_bigbang.xml HTTP/1.1" 200 2111102 "-" "Python-urllib/3.11"
77.79.248.229 - - [22/Apr/2025:13:38:53 +0200] "GET /Jurek/stiv/feeds/stiv_bigbang.xml HTTP/1.1" 200 2056799 "-" "Python-urllib/3.11"
77.79.248.229 - - [22/Apr/2025:13:38:53 +0200] "GET /Jurek/hurtmeblowy/feeds/hurtmeblowy_bigbang.xml HTTP/1.1" 200 8514519 "-" "Python-urllib/3.11"
51.77.52.107 - - [22/Apr/2025:13:38:54 +0200] "GET /Jurek/eurofirany/images/463846/0.jpg HTTP/2.0" 200 84882 "-" "baselinker"
51.77.52.107 - - [22/Apr/2025:13:38:59 +0200] "GET /Jurek/eurofirany/images/463846/0.jpg HTTP/2.0" 200 84882 "-" "baselinker"
51.77.52.107 - - [22/Apr/2025:13:39:03 +0200] "GET /Jurek/eurofirany/images/463847/0.jpg HTTP/2.0" 200 65627 "-" "baselinker"
51.77.52.107 - - [22/Apr/2025:13:39:10 +0200] "GET /Jurek/eurofirany/images/463847/0.jpg HTTP/2.0" 200 65627 "-" "baselinker"
51.77.52.107 - - [22/Apr/2025:13:39:14 +0200] "GET /Jurek/eurofirany/images/463847/0.jpg HTTP/2.0" 200 65627 "-" "baselinker"
51.77.52.107 - - [22/Apr/2025:13:39:40 +0200] "GET /Jurek/eurofirany/images/463848/0.jpg HTTP/2.0" 200 62610 "-" "baselinker"
51.77.52.107 - - [22/Apr/2025:13:39:59 +0200] "GET /Jurek/eurofirany/images/463848/0.jpg HTTP/2.0" 200 62610 "-" "baselinker"
46.101.116.244 - - [22/Apr/2025:13:40:11 +0200] "GET /Jurek/vida_morele/feeds/vidaPL_velomarket_category4.xml HTTP/1.0" 200 54716860 "-" "-"
51.77.52.107 - - [22/Apr/2025:13:40:19 +0200] "GET /Jurek/eurofirany/images/463848/0.jpg HTTP/2.0" 200 62610 "-" "baselinker"
51.77.52.107 - - [22/Apr/2025:13:40:34 +0200] "GET /Jurek/eurofirany/images/463849/0.jpg HTTP/2.0" 200 77632 "-" "baselinker"
51.77.52.107 - - [22/Apr/2025:13:40:37 +0200] "GET /Jurek/eurofirany/images/463849/0.jpg HTTP/2.0" 200 77632 "-" "baselinker"
77.79.248.229 - - [22/Apr/2025:13:40:48 +0200] "GET /Jurek/kinghoff/feeds/kinghoff_SkroutzGR.xml HTTP/1.1" 200 15460316 "-" "Python-urllib/3.11"
77.79.248.229 - - [22/Apr/2025:13:40:50 +0200] "GET /Jurek/aw/feeds/awnarzedzia_skroutz.xml HTTP/1.1" 200 90416714 "-" "Python-urllib/3.11"
77.79.248.229 - - [22/Apr/2025:13:40:50 +0200] "GET /Jurek/eurofirany/feeds/eurofirany_skroutz.xml HTTP/1.1" 200 18774043 "-" "Python-urllib/3.11"
77.79.248.229 - - [22/Apr/2025:13:40:51 +0200] "GET /Jurek/fernity/feeds/fernity_skroutz.xml HTTP/1.1" 200 4816673 "-" "Python-urllib/3.11"
51.77.52.107 - - [22/Apr/2025:13:40:59 +0200] "GET /Jurek/eurofirany/images/463849/0.jpg HTTP/2.0" 200 77632 "-" "baselinker"
51.77.52.107 - - [22/Apr/2025:13:41:21 +0200] "GET /Jurek/eurofirany/images/463851/0.jpg HTTP/2.0" 200 80489 "-" "baselinker"
51.77.52.107 - - [22/Apr/2025:13:41:38 +0200] "GET /Jurek/eurofirany/images/463851/0.jpg HTTP/2.0" 200 80489 "-" "baselinker"
51.77.52.107 - - [22/Apr/2025:13:42:04 +0200] "GET /Jurek/eurofirany/images/463851/0.jpg HTTP/2.0" 200 80489 "-" "baselinker"
46.101.116.244 - - [22/Apr/2025:13:42:07 +0200] "GET /Jurek/aw/feeds/aw_fnacfr.xml HTTP/1.0" 404 3551 "-" "-"
51.77.52.107 - - [22/Apr/2025:13:42:10 +0200] "GET /Jurek/eurofirany/images/463852/0.jpg HTTP/2.0" 200 91164 "-" "baselinker"
51.77.52.107 - - [22/Apr/2025:13:42:26 +0200] "GET /Jurek/eurofirany/images/463852/0.jpg HTTP/2.0" 200 91164 "-" "baselinker"
51.77.52.107 - - [22/Apr/2025:13:42:40 +0200] "GET /Jurek/eurofirany/images/463852/0.jpg HTTP/2.0" 200 91164 "-" "baselinker"
51.77.52.107 - - [22/Apr/2025:13:42:46 +0200] "GET /Jurek/eurofirany/images/463853/0.jpg HTTP/2.0" 200 69812 "-" "baselinker"
51.77.52.107 - - [22/Apr/2025:13:43:08 +0200] "GET /Jurek/eurofirany/images/463853/0.jpg HTTP/2.0" 200 69812 "-" "baselinker"
51.77.52.107 - - [22/Apr/2025:13:43:12 +0200] "GET /Jurek/eurofirany/images/463853/0.jpg HTTP/2.0" 200 69812 "-" "baselinker"
51.77.52.107 - - [22/Apr/2025:13:43:17 +0200] "GET /Jurek/eurofirany/images/463854/0.jpg HTTP/2.0" 200 83057 "-" "baselinker"
51.77.52.107 - - [22/Apr/2025:13:43:21 +0200] "GET /Jurek/eurofirany/images/463854/0.jpg HTTP/2.0" 200 83057 "-" "baselinker"
51.77.52.107 - - [22/Apr/2025:13:43:25 +0200] "GET /Jurek/eurofirany/images/463854/0.jpg HTTP/2.0" 200 83057 "-" "baselinker"
51.77.52.107 - - [22/Apr/2025:13:43:29 +0200] "GET /Jurek/eurofirany/images/463855/0.jpg HTTP/2.0" 200 85547 "-" "baselinker"
51.77.52.107 - - [22/Apr/2025:13:43:49 +0200] "GET /Jurek/eurofirany/images/463855/0.jpg HTTP/2.0" 200 85547 "-" "baselinker"
51.77.52.107 - - [22/Apr/2025:13:44:12 +0200] "GET /Jurek/eurofirany/images/463855/0.jpg HTTP/2.0" 200 85547 "-" "baselinker"
51.77.52.107 - - [22/Apr/2025:13:44:18 +0200] "GET /Jurek/eurofirany/images/463856/0.jpg HTTP/2.0" 200 69646 "-" "baselinker"
51.77.52.107 - - [22/Apr/2025:13:44:40 +0200] "GET /Jurek/eurofirany/images/463856/0.jpg HTTP/2.0" 200 69646 "-" "baselinker"
51.77.52.107 - - [22/Apr/2025:13:44:51 +0200] "GET /Jurek/eurofirany/images/463856/0.jpg HTTP/2.0" 200 69646 "-" "baselinker"
77.79.248.229 - - [22/Apr/2025:13:44:58 +0200] "GET /Jurek/hurtmeblowy/feeds/hurtmeblowy_skroutz.xml HTTP/1.1" 200 8514748 "-" "Python-urllib/3.11"
51.77.52.107 - - [22/Apr/2025:13:45:02 +0200] "GET /Jurek/eurofirany/images/463857/0.jpg HTTP/2.0" 200 77662 "-" "baselinker"
46.101.116.244 - - [22/Apr/2025:13:45:04 +0200] "GET /Jurek/vivaldi/feeds/vivaldi_allegro.xml HTTP/1.0" 200 344685 "-" "-"
46.101.116.244 - - [22/Apr/2025:13:45:06 +0200] "GET /Jurek/kokiska/feeds/kokiska_allegro.xml HTTP/1.0" 200 11690248 "-" "-"
51.77.52.107 - - [22/Apr/2025:13:45:08 +0200] "GET /Jurek/eurofirany/images/463857/0.jpg HTTP/2.0" 200 77662 "-" "baselinker"
51.77.52.107 - - [22/Apr/2025:13:45:13 +0200] "GET /Jurek/eurofirany/images/463857/0.jpg HTTP/2.0" 200 77662 "-" "baselinker"
51.77.52.107 - - [22/Apr/2025:13:45:18 +0200] "GET /Jurek/eurofirany/images/463859/0.jpg HTTP/2.0" 200 86104 "-" "baselinker"
51.77.52.107 - - [22/Apr/2025:13:45:22 +0200] "GET /Jurek/eurofirany/images/463859/0.jpg HTTP/2.0" 200 86104 "-" "baselinker"
51.77.52.107 - - [22/Apr/2025:13:45:35 +0200] "GET /Jurek/eurofirany/images/463859/0.jpg HTTP/2.0" 200 86104 "-" "baselinker"
51.77.52.107 - - [22/Apr/2025:13:45:54 +0200] "GET /Jurek/eurofirany/images/464055/0.jpg HTTP/2.0" 200 77983 "-" "baselinker"
51.77.52.107 - - [22/Apr/2025:13:45:59 +0200] "GET /Jurek/eurofirany/images/464055/0.jpg HTTP/2.0" 200 77983 "-" "baselinker"
46.101.116.244 - - [22/Apr/2025:13:46:00 +0200] "GET /Jurek/piotrmiedz/feeds/piotrmiedz_bol.xml HTTP/1.0" 200 91039399 "-" "-"
51.77.52.107 - - [22/Apr/2025:13:46:04 +0200] "GET /Jurek/eurofirany/images/464055/0.jpg HTTP/2.0" 200 77983 "-" "baselinker"
51.77.52.107 - - [22/Apr/2025:13:46:10 +0200] "GET /Jurek/eurofirany/images/464343/0.jpg HTTP/2.0" 200 140851 "-" "baselinker"
51.77.52.107 - - [22/Apr/2025:13:46:31 +0200] "GET /Jurek/eurofirany/images/464343/0.jpg HTTP/2.0" 200 140851 "-" "baselinker"
193.33.8.61 - - [22/Apr/2025:13:46:31 +0200] "GET /Jurek/hurtmeblowy/feeds/hurtmeblowy_skroutz.xml HTTP/2.0" 200 8514748 "https://konsola.dkkapusta1997.usermd.net/" "Mozilla/5.0 (Windows NT 10.0; Win64; x64) AppleWebKit/537.36 (KHTML, like Gecko) Chrome/135.0.0.0 Safari/537.36"
51.77.52.107 - - [22/Apr/2025:13:46:36 +0200] "GET /Jurek/eurofirany/images/464343/0.jpg HTTP/2.0" 200 140851 "-" "baselinker"
51.77.52.107 - - [22/Apr/2025:13:46:56 +0200] "GET /Jurek/eurofirany/images/464345/0.jpg HTTP/2.0" 200 181028 "-" "baselinker"
51.77.52.107 - - [22/Apr/2025:13:47:16 +0200] "GET /Jurek/eurofirany/images/464345/0.jpg HTTP/2.0" 200 181028 "-" "baselinker"
51.77.52.107 - - [22/Apr/2025:13:47:35 +0200] "GET /Jurek/eurofirany/images/464345/0.jpg HTTP/2.0" 200 181028 "-" "baselinker"
51.77.52.107 - - [22/Apr/2025:13:47:55 +0200] "GET /Jurek/eurofirany/images/464348/0.jpg HTTP/2.0" 200 134098 "-" "baselinker"
51.77.52.107 - - [22/Apr/2025:13:48:14 +0200] "GET /Jurek/eurofirany/images/464348/0.jpg HTTP/2.0" 200 134098 "-" "baselinker"
193.33.8.61 - - [22/Apr/2025:13:48:23 +0200] "GET /Jurek/aiofactory/feeds/aiofactory_skroutz.xml HTTP/2.0" 200 1876546 "https://konsola.dkkapusta1997.usermd.net/" "Mozilla/5.0 (Windows NT 10.0; Win64; x64) AppleWebKit/537.36 (KHTML, like Gecko) Chrome/135.0.0.0 Safari/537.36"
193.33.8.61 - - [22/Apr/2025:13:48:27 +0200] "GET /favicon.ico HTTP/2.0" 404 3551 "https://dkkapusta1997.usermd.net/Jurek/aiofactory/feeds/aiofactory_skroutz.xml" "Mozilla/5.0 (Windows NT 10.0; Win64; x64) AppleWebKit/537.36 (KHTML, like Gecko) Chrome/135.0.0.0 Safari/537.36"
77.79.248.229 - - [22/Apr/2025:13:48:29 +0200] "GET /Jurek/aiofactory/feeds/aiofactory_skroutz.xml HTTP/1.1" 200 1876546 "-" "Python-urllib/3.11"
51.77.52.107 - - [22/Apr/2025:13:48:34 +0200] "GET /Jurek/eurofirany/images/464348/0.jpg HTTP/2.0" 200 134098 "-" "baselinker"
51.77.52.107 - - [22/Apr/2025:13:48:56 +0200] "GET /Jurek/eurofirany/images/464349/0.jpg HTTP/2.0" 200 170850 "-" "baselinker"
51.77.52.107 - - [22/Apr/2025:13:49:13 +0200] "GET /Jurek/eurofirany/images/464349/0.jpg HTTP/2.0" 200 170850 "-" "baselinker"
51.77.52.107 - - [22/Apr/2025:13:49:28 +0200] "GET /Jurek/eurofirany/images/464349/0.jpg HTTP/2.0" 200 170850 "-" "baselinker"
51.77.52.107 - - [22/Apr/2025:13:49:46 +0200] "GET /Jurek/eurofirany/images/464355/0.jpg HTTP/2.0" 200 117613 "-" "baselinker"
51.77.52.107 - - [22/Apr/2025:13:50:03 +0200] "GET /Jurek/eurofirany/images/464355/0.jpg HTTP/2.0" 200 117613 "-" "baselinker"
51.77.52.107 - - [22/Apr/2025:13:50:25 +0200] "GET /Jurek/eurofirany/images/464355/0.jpg HTTP/2.0" 200 117613 "-" "baselinker"
51.77.52.107 - - [22/Apr/2025:13:50:44 +0200] "GET /Jurek/eurofirany/images/464357/0.jpg HTTP/2.0" 200 171717 "-" "baselinker"
51.77.52.107 - - [22/Apr/2025:13:51:04 +0200] "GET /Jurek/eurofirany/images/464357/0.jpg HTTP/2.0" 200 171717 "-" "baselinker"
51.77.52.107 - - [22/Apr/2025:13:51:26 +0200] "GET /Jurek/eurofirany/images/464357/0.jpg HTTP/2.0" 200 171717 "-" "baselinker"
51.77.52.107 - - [22/Apr/2025:13:51:45 +0200] "GET /Jurek/eurofirany/images/464362/0.jpg HTTP/2.0" 200 114189 "-" "baselinker"
51.77.52.107 - - [22/Apr/2025:13:52:04 +0200] "GET /Jurek/eurofirany/images/464362/0.jpg HTTP/2.0" 200 114189 "-" "baselinker"
51.77.52.107 - - [22/Apr/2025:13:52:29 +0200] "GET /Jurek/eurofirany/images/464362/0.jpg HTTP/2.0" 200 114189 "-" "baselinker"
46.101.116.244 - - [22/Apr/2025:13:52:35 +0200] "GET /Jurek/aw/feeds/aw_fnacfr.xml HTTP/1.0" 404 3551 "-" "-"
89.161.206.59 - - [22/Apr/2025:13:52:38 +0200] "GET /Jurek/topeshop/feeds/topeshop_cdsc.xml HTTP/1.0" 200 2702785 "-" "-"
51.77.52.107 - - [22/Apr/2025:13:52:46 +0200] "GET /Jurek/eurofirany/images/464363/0.jpg HTTP/2.0" 200 162229 "-" "baselinker"
51.77.52.107 - - [22/Apr/2025:13:53:04 +0200] "GET /Jurek/eurofirany/images/464363/0.jpg HTTP/2.0" 200 162229 "-" "baselinker"
51.77.52.107 - - [22/Apr/2025:13:53:23 +0200] "GET /Jurek/eurofirany/images/464363/0.jpg HTTP/2.0" 200 162229 "-" "baselinker"
51.77.52.107 - - [22/Apr/2025:13:53:36 +0200] "GET /Jurek/eurofirany/images/464364/0.jpg HTTP/2.0" 200 112791 "-" "baselinker"
51.77.52.107 - - [22/Apr/2025:13:53:56 +0200] "GET /Jurek/eurofirany/images/464364/0.jpg HTTP/2.0" 200 112791 "-" "baselinker"
5.255.231.155 - - [22/Apr/2025:13:54:02 +0200] "GET /robots.txt HTTP/1.1" 404 3551 "-" "Mozilla/5.0 (compatible; YandexBot/3.0; +http://yandex.com/bots)"
95.108.213.167 - - [22/Apr/2025:13:54:03 +0200] "GET /Jurek/topeshop/downloaded_images/5904507201432_M_2_.png HTTP/1.1" 200 368161 "-" "Mozilla/5.0 (compatible; YandexImages/3.0; +http://yandex.com/bots)"
51.77.52.107 - - [22/Apr/2025:13:54:14 +0200] "GET /Jurek/eurofirany/images/464364/0.jpg HTTP/2.0" 200 112791 "-" "baselinker"
51.77.52.107 - - [22/Apr/2025:13:54:30 +0200] "GET /Jurek/eurofirany/images/464365/0.jpg HTTP/2.0" 200 117529 "-" "baselinker"
51.77.52.107 - - [22/Apr/2025:13:54:47 +0200] "GET /Jurek/eurofirany/images/464365/0.jpg HTTP/2.0" 200 117529 "-" "baselinker"
46.101.116.244 - - [22/Apr/2025:13:54:48 +0200] "GET /Jurek/aw/feeds/awnarzedzia_skroutz.xml HTTP/1.0" 200 90416714 "-" "-"
193.33.8.61 - - [22/Apr/2025:13:54:49 +0200] "GET /Jurek/aiofactory/output.txt HTTP/2.0" 200 847 "https://konsola.dkkapusta1997.usermd.net/" "Mozilla/5.0 (Windows NT 10.0; Win64; x64) AppleWebKit/537.36 (KHTML, like Gecko) Chrome/135.0.0.0 Safari/537.36"
51.77.52.107 - - [22/Apr/2025:13:54:54 +0200] "GET /Jurek/eurofirany/images/464365/0.jpg HTTP/2.0" 200 117529 "-" "baselinker"
51.77.52.107 - - [22/Apr/2025:13:55:01 +0200] "GET /Jurek/eurofirany/images/464366/0.jpg HTTP/2.0" 200 116960 "-" "baselinker"
35.175.172.14 - - [22/Apr/2025:13:55:19 +0200] "GET /Jurek/aiofactory/output.txt HTTP/1.1" 206 847 "-" "Slackbot-LinkExpanding 1.0 (+https://api.slack.com/robots)"
98.82.131.193 - - [22/Apr/2025:13:55:19 +0200] "GET /Jurek/aiofactory/output.txt HTTP/1.1" 416 3538 "-" "Slackbot-LinkExpanding 1.0 (+https://api.slack.com/robots)"
44.221.64.7 - - [22/Apr/2025:13:55:20 +0200] "GET /favicon.ico HTTP/1.1" 404 3551 "-" "Slackbot 1.0 (+https://api.slack.com/robots)"
51.77.52.107 - - [22/Apr/2025:13:55:20 +0200] "GET /Jurek/eurofirany/images/464366/0.jpg HTTP/2.0" 200 116960 "-" "baselinker"
18.157.125.26 - - [22/Apr/2025:13:55:21 +0200] "GET /Jurek/eurofirany/images/468175/0.jpg HTTP/2.0" 200 92383 "-" "Mozilla/5.0 (Windows NT 10.0; Win64; x64) AppleWebKit/537.36 (KHTML, like Gecko) Chrome/109.0.0.0 Safari/537.36"
3.126.202.245 - - [22/Apr/2025:13:55:21 +0200] "GET /Jurek/eurofirany/images/420717/0.jpg HTTP/2.0" 200 26084 "-" "Mozilla/5.0 (Windows NT 10.0; Win64; x64) AppleWebKit/537.36 (KHTML, like Gecko) Chrome/109.0.0.0 Safari/537.36"
18.157.125.26 - - [22/Apr/2025:13:55:21 +0200] "GET /Jurek/eurofirany/images/458225/0.jpg HTTP/2.0" 200 93116 "-" "Mozilla/5.0 (Windows NT 10.0; Win64; x64) AppleWebKit/537.36 (KHTML, like Gecko) Chrome/109.0.0.0 Safari/537.36"
3.74.7.74 - - [22/Apr/2025:13:55:21 +0200] "GET /Jurek/eurofirany/images/468178/0.jpg HTTP/2.0" 200 86088 "-" "Mozilla/5.0 (Windows NT 10.0; Win64; x64) AppleWebKit/537.36 (KHTML, like Gecko) Chrome/109.0.0.0 Safari/537.36"
51.77.52.107 - - [22/Apr/2025:13:55:38 +0200] "GET /Jurek/eurofirany/images/464366/0.jpg HTTP/2.0" 200 116960 "-" "baselinker"
51.77.52.107 - - [22/Apr/2025:13:55:57 +0200] "GET /Jurek/eurofirany/images/464368/0.jpg HTTP/2.0" 200 114433 "-" "baselinker"
51.77.52.107 - - [22/Apr/2025:13:56:06 +0200] "GET /Jurek/eurofirany/images/464368/0.jpg HTTP/2.0" 200 114433 "-" "baselinker"
51.77.52.107 - - [22/Apr/2025:13:56:24 +0200] "GET /Jurek/eurofirany/images/464368/0.jpg HTTP/2.0" 200 114433 "-" "baselinker"
89.161.206.59 - - [22/Apr/2025:13:56:32 +0200] "GET /Jurek/emaja24/feeds/emaja24_amazonnl.xml HTTP/1.0" 200 5109778 "-" "-"
51.77.52.107 - - [22/Apr/2025:13:56:41 +0200] "GET /Jurek/eurofirany/images/467757/0.jpg HTTP/2.0" 200 138023 "-" "baselinker"
51.77.52.107 - - [22/Apr/2025:13:56:59 +0200] "GET /Jurek/eurofirany/images/467757/0.jpg HTTP/2.0" 200 138023 "-" "baselinker"
51.77.52.107 - - [22/Apr/2025:13:57:19 +0200] "GET /Jurek/eurofirany/images/467757/0.jpg HTTP/2.0" 200 138023 "-" "baselinker"
51.77.52.107 - - [22/Apr/2025:13:57:41 +0200] "GET /Jurek/eurofirany/images/466414/0.jpg HTTP/2.0" 200 93532 "-" "baselinker"
51.77.52.107 - - [22/Apr/2025:13:57:56 +0200] "GET /Jurek/eurofirany/images/466414/0.jpg HTTP/2.0" 200 93532 "-" "baselinker"
51.77.52.107 - - [22/Apr/2025:13:58:12 +0200] "GET /Jurek/eurofirany/images/466414/0.jpg HTTP/2.0" 200 93532 "-" "baselinker"
51.77.52.107 - - [22/Apr/2025:13:58:29 +0200] "GET /Jurek/eurofirany/images/466415/0.jpg HTTP/2.0" 200 104197 "-" "baselinker"
51.77.52.107 - - [22/Apr/2025:13:58:47 +0200] "GET /Jurek/eurofirany/images/466415/0.jpg HTTP/2.0" 200 104197 "-" "baselinker"
193.33.8.61 - - [22/Apr/2025:13:58:50 +0200] "GET /Jurek/stiv/output.txt HTTP/2.0" 200 8712 "https://konsola.dkkapusta1997.usermd.net/" "Mozilla/5.0 (Windows NT 10.0; Win64; x64) AppleWebKit/537.36 (KHTML, like Gecko) Chrome/135.0.0.0 Safari/537.36"
51.77.52.107 - - [22/Apr/2025:13:59:06 +0200] "GET /Jurek/eurofirany/images/466415/0.jpg HTTP/2.0" 200 104197 "-" "baselinker"
51.77.52.107 - - [22/Apr/2025:13:59:23 +0200] "GET /Jurek/eurofirany/images/463996/0.jpg HTTP/2.0" 200 85424 "-" "baselinker"
51.77.52.107 - - [22/Apr/2025:13:59:27 +0200] "GET /Jurek/eurofirany/images/463996/0.jpg HTTP/2.0" 200 85424 "-" "baselinker"
51.77.52.107 - - [22/Apr/2025:13:59:32 +0200] "GET /Jurek/eurofirany/images/463996/0.jpg HTTP/2.0" 200 85424 "-" "baselinker"
51.77.52.107 - - [22/Apr/2025:13:59:51 +0200] "GET /Jurek/eurofirany/images/464000/0.jpg HTTP/2.0" 200 102354 "-" "baselinker"
164.92.232.189 - - [22/Apr/2025:14:00:01 +0200] "GET /subskrypcje/AMD/feeds/amd_cz.xml HTTP/1.1" 200 518486 "-" "-"
164.92.232.189 - - [22/Apr/2025:14:00:12 +0200] "GET /subskrypcje/AMD/feeds/amd_sk.xml HTTP/1.1" 200 528562 "-" "-"
164.92.232.189 - - [22/Apr/2025:14:00:12 +0200] "GET /subskrypcje/OverHorse/overhorse_mallcz.xml HTTP/1.1" 200 112935 "-" "-"
51.77.52.107 - - [22/Apr/2025:14:00:13 +0200] "GET /Jurek/eurofirany/images/464000/0.jpg HTTP/2.0" 200 102354 "-" "baselinker"
89.161.206.59 - - [22/Apr/2025:14:00:14 +0200] "GET /Jurek/asortymenteu/feeds/asortymenteu_skroutz_great.xml HTTP/1.0" 200 2775456 "-" "-"
51.77.52.107 - - [22/Apr/2025:14:00:18 +0200] "GET /Jurek/eurofirany/images/464000/0.jpg HTTP/2.0" 200 102354 "-" "baselinker"
164.92.232.189 - - [22/Apr/2025:14:00:22 +0200] "GET /subskrypcje/mondex/feeds/mondex_mall_cz.xml HTTP/1.1" 200 2203515 "-" "-"
51.77.52.107 - - [22/Apr/2025:14:00:24 +0200] "GET /Jurek/eurofirany/images/464010/0.jpg HTTP/2.0" 200 100806 "-" "baselinker"
52.18.22.0 - - [22/Apr/2025:14:00:45 +0200] "GET /marketplaces/ubaldi/results/ubaldi.csv HTTP/1.1" 200 114451 "-" "Mirakl HttpClient"
51.77.52.107 - - [22/Apr/2025:14:00:48 +0200] "GET /Jurek/eurofirany/images/464010/0.jpg HTTP/2.0" 200 100806 "-" "baselinker"
89.161.206.59 - - [22/Apr/2025:14:00:59 +0200] "GET /Jurek/kinghoff/feeds/kinghoff_cdiscount.xml HTTP/1.0" 200 7433995 "-" "-"
89.161.206.59 - - [22/Apr/2025:14:01:00 +0200] "GET /Jurek/techrebal/feeds/techrebal_cdsc.xml HTTP/1.0" 200 1423354 "-" "-"
89.161.206.59 - - [22/Apr/2025:14:01:00 +0200] "GET /Jurek/zbimatyja/feeds/zbimatyja_cdsc.xml HTTP/1.0" 200 11001026 "-" "-"
89.161.206.59 - - [22/Apr/2025:14:01:00 +0200] "GET /Jurek/broers/feeds/broers_cdsc.xml HTTP/1.0" 200 2303305 "-" "-"
89.161.206.59 - - [22/Apr/2025:14:01:01 +0200] "GET /Jurek/nonabox/feeds/nonabox_cdsc.xml HTTP/1.0" 200 39042 "-" "-"
89.161.206.59 - - [22/Apr/2025:14:01:01 +0200] "GET /Jurek/lampart/feeds/lampart_cdsc.xml HTTP/1.0" 200 1057918 "-" "-"
89.161.206.59 - - [22/Apr/2025:14:01:01 +0200] "GET /Jurek/regis/feeds/regis_cdsc.xml HTTP/1.0" 200 231422 "-" "-"
89.161.206.59 - - [22/Apr/2025:14:01:01 +0200] "GET /Jurek/stiv/feeds/stiv_cdsc.xml HTTP/1.0" 200 1348003 "-" "-"
35.204.39.32 - - [22/Apr/2025:14:01:02 +0200] "GET /marketplaces/vente/results/vente_nl.csv HTTP/1.1" 200 147219 "-" "Mirakl HttpClient"
35.204.39.32 - - [22/Apr/2025:14:01:02 +0200] "GET /marketplaces/vente/results/vente_fr.csv HTTP/1.1" 200 147219 "-" "Mirakl HttpClient"
35.204.39.32 - - [22/Apr/2025:14:01:02 +0200] "GET /marketplaces/vente/results/vente_be.csv HTTP/1.1" 200 147219 "-" "Mirakl HttpClient"
35.204.39.32 - - [22/Apr/2025:14:01:02 +0200] "GET /marketplaces/vente/results/vente_it.csv HTTP/1.1" 200 130835 "-" "Mirakl HttpClient"
35.204.39.32 - - [22/Apr/2025:14:01:02 +0200] "GET /marketplaces/vente/results/vente_es.csv HTTP/1.1" 200 147219 "-" "Mirakl HttpClient"
35.204.39.32 - - [22/Apr/2025:14:01:02 +0200] "GET /marketplaces/vente/results/vente_de.csv HTTP/1.1" 200 130835 "-" "Mirakl HttpClient"
51.77.52.107 - - [22/Apr/2025:14:01:09 +0200] "GET /Jurek/eurofirany/images/464010/0.jpg HTTP/2.0" 200 100806 "-" "baselinker"
89.161.206.59 - - [22/Apr/2025:14:01:23 +0200] "GET /Jurek/takapara/feeds/takapara_cdsc.xml HTTP/1.0" 200 1398932 "-" "-"
89.161.206.59 - - [22/Apr/2025:14:01:24 +0200] "GET /Jurek/hanex/feeds/hanex_cdsc.xml HTTP/1.0" 200 7027227 "-" "-"
51.77.52.107 - - [22/Apr/2025:14:01:31 +0200] "GET /Jurek/eurofirany/images/464026/0.jpg HTTP/2.0" 200 31953 "-" "baselinker"
51.77.52.107 - - [22/Apr/2025:14:01:52 +0200] "GET /Jurek/eurofirany/images/464026/0.jpg HTTP/2.0" 200 31953 "-" "baselinker"
46.101.116.244 - - [22/Apr/2025:14:01:57 +0200] "GET /Jurek/aw/feeds/aw_fnacfr.xml HTTP/1.0" 404 3551 "-" "-"
51.77.52.107 - - [22/Apr/2025:14:01:59 +0200] "GET /Jurek/eurofirany/images/464026/0.jpg HTTP/2.0" 200 31953 "-" "baselinker"
52.209.168.113 - - [22/Apr/2025:14:02:03 +0200] "GET /marketplaces/rue/results/rue.csv HTTP/1.1" 200 147219 "-" "Mirakl HttpClient"
51.77.52.107 - - [22/Apr/2025:14:02:14 +0200] "GET /Jurek/eurofirany/images/464027/0.jpg HTTP/2.0" 200 40278 "-" "baselinker"
88.220.33.218 - - [22/Apr/2025:14:02:30 +0200] "GET /Jurek/vida_morele/feeds/VidaPL_all.xml HTTP/2.0" 200 726730162 "-" "MarketplaceAPI curl/7.64.0 PHP/8"
51.77.52.107 - - [22/Apr/2025:14:02:40 +0200] "GET /Jurek/eurofirany/images/464027/0.jpg HTTP/2.0" 200 40278 "-" "baselinker"
88.220.33.218 - - [22/Apr/2025:14:02:48 +0200] "GET /Jurek/kinghoff/feeds/kinghoff_morele.xml HTTP/2.0" 200 15461121 "-" "MarketplaceAPI curl/7.64.0 PHP/8"
51.77.52.107 - - [22/Apr/2025:14:03:00 +0200] "GET /Jurek/eurofirany/images/464027/0.jpg HTTP/2.0" 200 40278 "-" "baselinker"
51.77.52.107 - - [22/Apr/2025:14:03:08 +0200] "GET /Jurek/eurofirany/images/464029/0.jpg HTTP/2.0" 200 45351 "-" "baselinker"
51.77.52.107 - - [22/Apr/2025:14:03:15 +0200] "GET /Jurek/eurofirany/images/464029/0.jpg HTTP/2.0" 200 45351 "-" "baselinker"
52.209.168.113 - - [22/Apr/2025:14:03:26 +0200] "GET /marketplaces/carrefour/results/carrefour.csv HTTP/1.1" 200 798225 "-" "Mirakl HttpClient"
51.77.52.107 - - [22/Apr/2025:14:03:38 +0200] "GET /Jurek/eurofirany/images/464029/0.jpg HTTP/2.0" 200 45351 "-" "baselinker"
51.77.52.107 - - [22/Apr/2025:14:03:44 +0200] "GET /Jurek/eurofirany/images/464030/0.jpg HTTP/2.0" 200 51340 "-" "baselinker"
89.161.206.59 - - [22/Apr/2025:14:04:09 +0200] "GET /Jurek/hdwr/feeds/hdwr_skroutz.xml HTTP/1.0" 200 789392 "-" "-"
88.220.33.218 - - [22/Apr/2025:14:04:10 +0200] "GET /Jurek/eurofirany/feeds/eurofirany_morele.xml HTTP/2.0" 200 19067914 "-" "MarketplaceAPI curl/7.64.0 PHP/8"
51.77.52.107 - - [22/Apr/2025:14:04:10 +0200] "GET /Jurek/eurofirany/images/464030/0.jpg HTTP/2.0" 200 51340 "-" "baselinker"
89.161.206.59 - - [22/Apr/2025:14:04:12 +0200] "GET /Jurek/pagmil/feeds/pagmil_skroutz.xml HTTP/1.0" 200 1802838 "-" "-"
51.77.52.107 - - [22/Apr/2025:14:04:15 +0200] "GET /Jurek/eurofirany/images/464030/0.jpg HTTP/2.0" 200 51340 "-" "baselinker"
89.161.206.59 - - [22/Apr/2025:14:04:18 +0200] "GET /Jurek/kambukka/feeds/kambukka_skroutz.xml HTTP/1.0" 200 1023815 "-" "-"
88.220.33.218 - - [22/Apr/2025:14:04:19 +0200] "GET /Jurek/vivaldi/feeds/vivaldi_Morele-PL.xml HTTP/2.0" 200 344674 "-" "MarketplaceAPI curl/7.64.0 PHP/8"
89.161.206.59 - - [22/Apr/2025:14:04:19 +0200] "GET /Jurek/benetech/feeds/benetech_skroutz.xml HTTP/1.0" 200 2689742 "-" "-"
89.161.206.59 - - [22/Apr/2025:14:04:27 +0200] "GET /Jurek/sempler/feeds/sempler_skroutz.xml HTTP/1.0" 200 6779258 "-" "-"
89.161.206.59 - - [22/Apr/2025:14:04:28 +0200] "GET /Jurek/targethome/feeds/targethome_skroutz.xml HTTP/1.0" 200 688615 "-" "-"
51.77.52.107 - - [22/Apr/2025:14:04:35 +0200] "GET /Jurek/eurofirany/images/464031/0.jpg HTTP/2.0" 200 39268 "-" "baselinker"
51.77.52.107 - - [22/Apr/2025:14:04:41 +0200] "GET /Jurek/eurofirany/images/464031/0.jpg HTTP/2.0" 200 39268 "-" "baselinker"
51.77.52.107 - - [22/Apr/2025:14:04:46 +0200] "GET /Jurek/eurofirany/images/464031/0.jpg HTTP/2.0" 200 39268 "-" "baselinker"
51.77.52.107 - - [22/Apr/2025:14:05:05 +0200] "GET /Jurek/eurofirany/images/464032/0.jpg HTTP/2.0" 200 48863 "-" "baselinker"
51.77.52.107 - - [22/Apr/2025:14:05:24 +0200] "GET /Jurek/eurofirany/images/464032/0.jpg HTTP/2.0" 200 48863 "-" "baselinker"
89.161.206.59 - - [22/Apr/2025:14:05:28 +0200] "GET /Jurek/pawonik/feeds/pawonik_skroutz.xml HTTP/1.0" 200 2138390 "-" "-"
89.161.206.59 - - [22/Apr/2025:14:05:29 +0200] "GET /Jurek/amzteam/feeds/amzteam_skroutz.xml HTTP/1.0" 200 95906 "-" "-"
89.161.206.59 - - [22/Apr/2025:14:05:30 +0200] "GET /Jurek/mosti/feeds/mosti_skroutz.xml HTTP/1.0" 200 4633453 "-" "-"
89.161.206.59 - - [22/Apr/2025:14:05:32 +0200] "GET /Jurek/swiatecznygoliat/feeds/swiatecznygoliat_skroutz.xml HTTP/1.0" 200 7054511 "-" "-"
88.220.33.218 - - [22/Apr/2025:14:05:32 +0200] "GET /Jurek/aw/feeds/awnarzedzia_morele.xml HTTP/2.0" 200 90531524 "-" "MarketplaceAPI curl/7.64.0 PHP/8"
89.161.206.59 - - [22/Apr/2025:14:05:33 +0200] "GET /Jurek/artdog/feeds/artdog_skroutz.xml HTTP/1.0" 200 17158314 "-" "-"
193.33.8.61 - - [22/Apr/2025:14:05:36 +0200] "GET /Jurek/livinhill/feeds/livinhill_zero.xml HTTP/2.0" 200 1451589 "https://konsola.dkkapusta1997.usermd.net/" "Mozilla/5.0 (Windows NT 10.0; Win64; x64) AppleWebKit/537.36 (KHTML, like Gecko) Chrome/135.0.0.0 Safari/537.36"
51.77.52.107 - - [22/Apr/2025:14:05:43 +0200] "GET /Jurek/eurofirany/images/464032/0.jpg HTTP/2.0" 200 48863 "-" "baselinker"
77.79.248.229 - - [22/Apr/2025:14:05:45 +0200] "GET /Jurek/livinhill/feeds/livinhill_zero.xml HTTP/1.1" 200 1451589 "-" "Python-urllib/3.11"
51.77.52.107 - - [22/Apr/2025:14:05:48 +0200] "GET /Jurek/eurofirany/images/464033/0.jpg HTTP/2.0" 200 45666 "-" "baselinker"
89.161.206.59 - - [22/Apr/2025:14:05:50 +0200] "GET /Jurek/drops/feeds/dropsofficecolection_skroutz.xml HTTP/1.0" 200 790793 "-" "-"
89.161.206.59 - - [22/Apr/2025:14:05:54 +0200] "GET /Jurek/szpaklampy/feeds/szpaklampy_skroutz.xml HTTP/1.0" 200 388214 "-" "-"
