77.79.248.229 - - [22/Apr/2025:02:58:20 +0200] "GET /Jurek/drops/feeds/dropsofficecolection_manoFR.xml HTTP/1.1" 200 790600 "-" "Python-urllib/3.11"
77.79.248.229 - - [22/Apr/2025:02:58:20 +0200] "GET /Jurek/kristronik/feeds/kristronik_manoFR.xml HTTP/1.1" 200 691979 "-" "Python-urllib/3.11"
77.79.248.229 - - [22/Apr/2025:02:58:20 +0200] "GET /Jurek/techrebal/feeds/techrebal_manoFR.xml HTTP/1.1" 200 1989732 "-" "Python-urllib/3.11"
77.79.248.229 - - [22/Apr/2025:02:58:21 +0200] "GET /Jurek/proparts/feeds/proparts_manoFR.xml HTTP/1.1" 200 707488 "-" "Python-urllib/3.11"
77.79.248.229 - - [22/Apr/2025:02:58:21 +0200] "GET /Jurek/kobi/feeds/kobi_manomanoFR.xml HTTP/1.1" 200 1993168 "-" "Python-urllib/3.11"
77.79.248.229 - - [22/Apr/2025:02:58:21 +0200] "GET /Jurek/rosfix/feeds/rosfix_manoFR.xml HTTP/1.1" 200 35769535 "-" "Python-urllib/3.11"
77.79.248.229 - - [22/Apr/2025:02:58:21 +0200] "GET /Jurek/matkam/feeds/matkam_manoFR.xml HTTP/1.1" 200 5000292 "-" "Python-urllib/3.11"
77.79.248.229 - - [22/Apr/2025:02:58:21 +0200] "GET /Jurek/hanex/feeds/hanex_manoFR.xml HTTP/1.1" 200 13931585 "-" "Python-urllib/3.11"
77.79.248.229 - - [22/Apr/2025:02:58:21 +0200] "GET /Jurek/broers/feeds/broers_manoFR.xml HTTP/1.1" 200 1982493 "-" "Python-urllib/3.11"
77.79.248.229 - - [22/Apr/2025:02:58:22 +0200] "GET /Jurek/em3/feeds/em3_manoFR.xml HTTP/1.1" 200 258923 "-" "Python-urllib/3.11"
77.79.248.229 - - [22/Apr/2025:02:58:22 +0200] "GET /Jurek/pagmil/feeds/pagmil_manoFR.xml HTTP/1.1" 200 1802834 "-" "Python-urllib/3.11"
77.79.248.229 - - [22/Apr/2025:02:58:22 +0200] "GET /Jurek/evil/feeds/evil_manoFR.xml HTTP/1.1" 200 306382 "-" "Python-urllib/3.11"
77.79.248.229 - - [22/Apr/2025:02:58:22 +0200] "GET /Jurek/hdwr/feeds/hdwr_manoFR.xml HTTP/1.1" 200 789402 "-" "Python-urllib/3.11"
77.79.248.229 - - [22/Apr/2025:02:58:22 +0200] "GET /Jurek/lampart/feeds/lampart_manoFR.xml HTTP/1.1" 200 936031 "-" "Python-urllib/3.11"
77.79.248.229 - - [22/Apr/2025:02:58:22 +0200] "GET /Jurek/nonabox/feeds/nonabox_manoFR.xml HTTP/1.1" 200 33865 "-" "Python-urllib/3.11"
77.79.248.229 - - [22/Apr/2025:02:58:22 +0200] "GET /Jurek/smxdesign/feeds/smxdesign_manoFR.xml HTTP/1.1" 200 1829033 "-" "Python-urllib/3.11"
77.79.248.229 - - [22/Apr/2025:02:58:22 +0200] "GET /Jurek/techrebalina/feeds/techrebalina_manoFR.xml HTTP/1.1" 200 2011212 "-" "Python-urllib/3.11"
77.79.248.229 - - [22/Apr/2025:02:58:22 +0200] "GET /Jurek/cdata/feeds/cdata_manoFR.xml HTTP/1.1" 200 1445104 "-" "Python-urllib/3.11"
77.79.248.229 - - [22/Apr/2025:02:58:22 +0200] "GET /Jurek/omi/feeds/omi_manoFR.xml HTTP/1.1" 200 8105484 "-" "Python-urllib/3.11"
77.79.248.229 - - [22/Apr/2025:02:58:22 +0200] "GET /Jurek/tsjerzy/feeds/tsjerzy_manoFR.xml HTTP/1.1" 200 3897676 "-" "Python-urllib/3.11"
77.79.248.229 - - [22/Apr/2025:02:58:23 +0200] "GET /Jurek/narzbud/feeds/narzbud_manoFR.xml HTTP/1.1" 200 1901235 "-" "Python-urllib/3.11"
77.79.248.229 - - [22/Apr/2025:02:58:23 +0200] "GET /Jurek/makow/feeds/makow_manoFR.xml HTTP/1.1" 200 21203746 "-" "Python-urllib/3.11"
77.79.248.229 - - [22/Apr/2025:02:58:23 +0200] "GET /Jurek/jankeski/feeds/jankeski_manoFR.xml HTTP/1.1" 200 6571112 "-" "Python-urllib/3.11"
77.79.248.229 - - [22/Apr/2025:02:58:23 +0200] "GET /Jurek/gandalf/feeds/gandalf_manoFR.xml HTTP/1.1" 200 1082462 "-" "Python-urllib/3.11"
77.79.248.229 - - [22/Apr/2025:02:58:23 +0200] "GET /Jurek/cenoman/feeds/cenoman_manoFR.xml HTTP/1.1" 200 5993148 "-" "Python-urllib/3.11"
77.79.248.229 - - [22/Apr/2025:02:58:23 +0200] "GET /Jurek/zenex/feeds/zenex_manoFR.xml HTTP/1.1" 200 540172 "-" "Python-urllib/3.11"
77.79.248.229 - - [22/Apr/2025:02:58:23 +0200] "GET /Jurek/andex/feeds/andex_manoFR.xml HTTP/1.1" 200 1953396 "-" "Python-urllib/3.11"
77.79.248.229 - - [22/Apr/2025:02:58:23 +0200] "GET /Jurek/sebmart/feeds/sebmart_manoFR.xml HTTP/1.1" 200 1598755 "-" "Python-urllib/3.11"
77.79.248.229 - - [22/Apr/2025:02:58:23 +0200] "GET /Jurek/benetech/feeds/benetech_manofr.xml HTTP/1.1" 200 4165430 "-" "Python-urllib/3.11"
77.79.248.229 - - [22/Apr/2025:02:58:24 +0200] "GET /Jurek/dekoele/feeds/dekoele_manomanoFR.xml HTTP/1.1" 200 733934 "-" "Python-urllib/3.11"
77.79.248.229 - - [22/Apr/2025:02:58:24 +0200] "GET /Jurek/kalama/feeds/kalama_manoFR.xml HTTP/1.1" 200 2661615 "-" "Python-urllib/3.11"
77.79.248.229 - - [22/Apr/2025:02:58:24 +0200] "GET /Jurek/mojeledy/feeds/mojeledy_manoFR.xml HTTP/1.1" 200 1018450 "-" "Python-urllib/3.11"
77.79.248.229 - - [22/Apr/2025:02:58:24 +0200] "GET /Jurek/rovato/feeds/rovato_manoFR.xml HTTP/1.1" 200 180835 "-" "Python-urllib/3.11"
77.79.248.229 - - [22/Apr/2025:02:58:24 +0200] "GET /Jurek/stiv/feeds/stiv_manoFR.xml HTTP/1.1" 200 2056835 "-" "Python-urllib/3.11"
77.79.248.229 - - [22/Apr/2025:02:58:25 +0200] "GET /Jurek/piotrmiedz/feeds/piotrmiedz_manoFR.xml HTTP/1.1" 200 91043502 "-" "Python-urllib/3.11"
77.79.248.229 - - [22/Apr/2025:02:58:25 +0200] "GET /Jurek/sartrix/feeds/sartrix_manomanoFR.xml HTTP/1.1" 200 649180 "-" "Python-urllib/3.11"
77.79.248.229 - - [22/Apr/2025:02:58:25 +0200] "GET /Jurek/drewdon/feeds/drewdon_manomanoFR.xml HTTP/1.1" 200 504446 "-" "Python-urllib/3.11"
77.79.248.229 - - [22/Apr/2025:02:58:25 +0200] "GET /Jurek/pupus/feeds/pupus_manomanoFR.xml HTTP/1.1" 200 6154138 "-" "Python-urllib/3.11"
77.79.248.229 - - [22/Apr/2025:02:58:25 +0200] "GET /Jurek/artdog/feeds/artdog_manomanoFR.xml HTTP/1.1" 200 17157717 "-" "Python-urllib/3.11"
77.79.248.229 - - [22/Apr/2025:02:58:25 +0200] "GET /Jurek/reman/feeds/reman_manoamnoFR.xml HTTP/1.1" 200 1394829 "-" "Python-urllib/3.11"
77.79.248.229 - - [22/Apr/2025:02:58:26 +0200] "GET /Jurek/pawonik/feeds/pawonik_manoFR.xml HTTP/1.1" 200 2138417 "-" "Python-urllib/3.11"
77.79.248.229 - - [22/Apr/2025:02:58:26 +0200] "GET /Jurek/alucon/feeds/alucon_manoFR.xml HTTP/1.1" 200 553577 "-" "Python-urllib/3.11"
77.79.248.229 - - [22/Apr/2025:02:58:26 +0200] "GET /Jurek/sovapl/feeds/sovapl_manoFR.xml HTTP/1.1" 200 8999685 "-" "Python-urllib/3.11"
77.79.248.229 - - [22/Apr/2025:02:58:26 +0200] "GET /Jurek/missionair/feeds/missionair_manoFR.xml HTTP/1.1" 200 3154889 "-" "Python-urllib/3.11"
51.77.52.107 - - [22/Apr/2025:02:58:26 +0200] "GET /Jurek/eurofirany/images/429707/0.jpg HTTP/2.0" 200 76982 "-" "baselinker"
77.79.248.229 - - [22/Apr/2025:02:58:30 +0200] "GET /Jurek/hurtownia_przemyslowa/feeds/hp_manomanoit.xml HTTP/1.1" 200 49362419 "-" "Python-urllib/3.11"
77.79.248.229 - - [22/Apr/2025:02:58:30 +0200] "GET /Jurek/eurofirany/feeds/eurofirany_manomanoit.xml HTTP/1.1" 200 19070609 "-" "Python-urllib/3.11"
77.79.248.229 - - [22/Apr/2025:02:58:31 +0200] "GET /Jurek/fernity/feeds/fernity_manoIT.xml HTTP/1.1" 200 4817065 "-" "Python-urllib/3.11"
77.79.248.229 - - [22/Apr/2025:02:58:31 +0200] "GET /Jurek/topeshop/feeds/topeshop_manoIT.xml HTTP/1.1" 200 2689022 "-" "Python-urllib/3.11"
77.79.248.229 - - [22/Apr/2025:02:58:32 +0200] "GET /Jurek/action/feeds/action_manomano_IT.xml HTTP/1.1" 200 59840773 "-" "Python-urllib/3.11"
77.79.248.229 - - [22/Apr/2025:02:58:32 +0200] "GET /Jurek/activeshop/feeds/activeshop_manomanoit.xml HTTP/1.1" 200 10453766 "-" "Python-urllib/3.11"
51.77.52.107 - - [22/Apr/2025:02:58:33 +0200] "GET /Jurek/eurofirany/images/429707/0.jpg HTTP/2.0" 200 76982 "-" "baselinker"
77.79.248.229 - - [22/Apr/2025:02:58:34 +0200] "GET /Jurek/aw/feeds/awnarzedzia_manomanoIT.xml HTTP/1.1" 200 90520214 "-" "Python-urllib/3.11"
77.79.248.229 - - [22/Apr/2025:02:58:34 +0200] "GET /Jurek/barbecook/feeds/barbecook_manoit.xml HTTP/1.1" 200 87536 "-" "Python-urllib/3.11"
77.79.248.229 - - [22/Apr/2025:02:58:34 +0200] "GET /Jurek/drewdon/feeds/drewdon_manomanoIT.xml HTTP/1.1" 200 504447 "-" "Python-urllib/3.11"
77.79.248.229 - - [22/Apr/2025:02:58:34 +0200] "GET /Jurek/kobi/feeds/kobi_manomanoIT.xml HTTP/1.1" 200 1993225 "-" "Python-urllib/3.11"
77.79.248.229 - - [22/Apr/2025:02:58:34 +0200] "GET /Jurek/pupus/feeds/pupus_manomanoIT.xml HTTP/1.1" 200 6154498 "-" "Python-urllib/3.11"
77.79.248.229 - - [22/Apr/2025:02:58:34 +0200] "GET /Jurek/reman/feeds/reman_manoamnoIT.xml HTTP/1.1" 200 1394828 "-" "Python-urllib/3.11"
77.79.248.229 - - [22/Apr/2025:02:58:35 +0200] "GET /Jurek/artdog/feeds/artdog_manomanoIT.xml HTTP/1.1" 200 17158050 "-" "Python-urllib/3.11"
77.79.248.229 - - [22/Apr/2025:02:58:35 +0200] "GET /Jurek/sartrix/feeds/sartrix_manomanoIT.xml HTTP/1.1" 200 649173 "-" "Python-urllib/3.11"
77.79.248.229 - - [22/Apr/2025:02:58:35 +0200] "GET /Jurek/hlo/feeds/hlo_manomanoIT.xml HTTP/1.1" 200 4838655 "-" "Python-urllib/3.11"
77.79.248.229 - - [22/Apr/2025:02:58:35 +0200] "GET /Jurek/hurtmeblowy/feeds/hurtmeblowy_ManoIT.xml HTTP/1.1" 200 8512901 "-" "Python-urllib/3.11"
77.79.248.229 - - [22/Apr/2025:02:58:35 +0200] "GET /Jurek/aiofactory/feeds/aiofactory_manomanoIT.xml HTTP/1.1" 200 2123757 "-" "Python-urllib/3.11"
77.79.248.229 - - [22/Apr/2025:02:58:35 +0200] "GET /Jurek/szpaklampy/feeds/szpaklampy_manoIT.xml HTTP/1.1" 200 388219 "-" "Python-urllib/3.11"
77.79.248.229 - - [22/Apr/2025:02:58:35 +0200] "GET /Jurek/drops/feeds/dropsofficecolection_manoIT.xml HTTP/1.1" 200 790618 "-" "Python-urllib/3.11"
77.79.248.229 - - [22/Apr/2025:02:58:35 +0200] "GET /Jurek/kristronik/feeds/kristronik_manoIT.xml HTTP/1.1" 200 691979 "-" "Python-urllib/3.11"
77.79.248.229 - - [22/Apr/2025:02:58:35 +0200] "GET /Jurek/techrebal/feeds/techrebal_manoIT.xml HTTP/1.1" 200 1989730 "-" "Python-urllib/3.11"
77.79.248.229 - - [22/Apr/2025:02:58:36 +0200] "GET /Jurek/proparts/feeds/proparts_manoIT.xml HTTP/1.1" 200 707498 "-" "Python-urllib/3.11"
77.79.248.229 - - [22/Apr/2025:02:58:36 +0200] "GET /Jurek/rosfix/feeds/rosfix_manoIT.xml HTTP/1.1" 200 35769587 "-" "Python-urllib/3.11"
77.79.248.229 - - [22/Apr/2025:02:58:36 +0200] "GET /Jurek/matkam/feeds/matkam_manoIT.xml HTTP/1.1" 200 5000316 "-" "Python-urllib/3.11"
77.79.248.229 - - [22/Apr/2025:02:58:36 +0200] "GET /Jurek/hanex/feeds/hanex_manoIT.xml HTTP/1.1" 200 13931575 "-" "Python-urllib/3.11"
77.79.248.229 - - [22/Apr/2025:02:58:36 +0200] "GET /Jurek/broers/feeds/broers_manoIT.xml HTTP/1.1" 200 1982584 "-" "Python-urllib/3.11"
77.79.248.229 - - [22/Apr/2025:02:58:36 +0200] "GET /Jurek/em3/feeds/em3_manoIT.xml HTTP/1.1" 200 258916 "-" "Python-urllib/3.11"
77.79.248.229 - - [22/Apr/2025:02:58:37 +0200] "GET /Jurek/pagmil/feeds/pagmil_manoIT.xml HTTP/1.1" 200 1802832 "-" "Python-urllib/3.11"
77.79.248.229 - - [22/Apr/2025:02:58:37 +0200] "GET /Jurek/evil/feeds/evil_manoIT.xml HTTP/1.1" 200 306385 "-" "Python-urllib/3.11"
77.79.248.229 - - [22/Apr/2025:02:58:37 +0200] "GET /Jurek/hdwr/feeds/hdwr_manoIT.xml HTTP/1.1" 200 789399 "-" "Python-urllib/3.11"
77.79.248.229 - - [22/Apr/2025:02:58:37 +0200] "GET /Jurek/lampart/feeds/lampart_manoIT.xml HTTP/1.1" 200 936036 "-" "Python-urllib/3.11"
77.79.248.229 - - [22/Apr/2025:02:58:37 +0200] "GET /Jurek/nonabox/feeds/nonabox_manoIT.xml HTTP/1.1" 200 33864 "-" "Python-urllib/3.11"
170.39.218.52 - - [22/Apr/2025:02:58:37 +0200] "GET /.env HTTP/1.1" 403 3541 "-" "Mozilla/5.0 (X11; Linux x86_64) AppleWebKit/537.36 (KHTML, like Gecko) Chrome/81.0.4044.129 Safari/537.36"
77.79.248.229 - - [22/Apr/2025:02:58:37 +0200] "GET /Jurek/smxdesign/feeds/smxdesign_manoIT.xml HTTP/1.1" 200 1829029 "-" "Python-urllib/3.11"
77.79.248.229 - - [22/Apr/2025:02:58:37 +0200] "GET /Jurek/techrebalina/feeds/techrebalina_manoIT.xml HTTP/1.1" 200 2011207 "-" "Python-urllib/3.11"
77.79.248.229 - - [22/Apr/2025:02:58:37 +0200] "GET /Jurek/omi/feeds/omi_manoIT.xml HTTP/1.1" 200 8105480 "-" "Python-urllib/3.11"
170.39.218.52 - - [22/Apr/2025:02:58:37 +0200] "GET /api/.env HTTP/1.1" 403 3541 "-" "Mozilla/5.0 (X11; Linux x86_64) AppleWebKit/537.36 (KHTML, like Gecko) Chrome/81.0.4044.129 Safari/537.36"
77.79.248.229 - - [22/Apr/2025:02:58:37 +0200] "GET /Jurek/tsjerzy/feeds/tsjerzy_manoIT.xml HTTP/1.1" 200 3897786 "-" "Python-urllib/3.11"
77.79.248.229 - - [22/Apr/2025:02:58:37 +0200] "GET /Jurek/narzbud/feeds/narzbud_manoIT.xml HTTP/1.1" 200 1901269 "-" "Python-urllib/3.11"
170.39.218.52 - - [22/Apr/2025:02:58:37 +0200] "GET /.env.save HTTP/1.1" 403 3541 "-" "Mozilla/5.0 (X11; Linux x86_64) AppleWebKit/537.36 (KHTML, like Gecko) Chrome/81.0.4044.129 Safari/537.36"
77.79.248.229 - - [22/Apr/2025:02:58:38 +0200] "GET /Jurek/makow/feeds/makow_manoIT.xml HTTP/1.1" 200 21203738 "-" "Python-urllib/3.11"
170.39.218.52 - - [22/Apr/2025:02:58:38 +0200] "GET /.env.prod HTTP/1.1" 403 3541 "-" "Mozilla/5.0 (X11; Linux x86_64) AppleWebKit/537.36 (KHTML, like Gecko) Chrome/81.0.4044.129 Safari/537.36"
77.79.248.229 - - [22/Apr/2025:02:58:38 +0200] "GET /Jurek/jankeski/feeds/jankeski_manoIT.xml HTTP/1.1" 200 6571113 "-" "Python-urllib/3.11"
77.79.248.229 - - [22/Apr/2025:02:58:38 +0200] "GET /Jurek/gandalf/feeds/gandalf_manoIT.xml HTTP/1.1" 200 1082526 "-" "Python-urllib/3.11"
170.39.218.52 - - [22/Apr/2025:02:58:38 +0200] "GET /env.js HTTP/1.1" 403 3541 "-" "Mozilla/5.0 (X11; Linux x86_64) AppleWebKit/537.36 (KHTML, like Gecko) Chrome/81.0.4044.129 Safari/537.36"
77.79.248.229 - - [22/Apr/2025:02:58:38 +0200] "GET /Jurek/cenoman/feeds/cenoman_manoIT.xml HTTP/1.1" 200 5993170 "-" "Python-urllib/3.11"
77.79.248.229 - - [22/Apr/2025:02:58:38 +0200] "GET /Jurek/zenex/feeds/zenex_manoIT.xml HTTP/1.1" 200 540167 "-" "Python-urllib/3.11"
77.79.248.229 - - [22/Apr/2025:02:58:38 +0200] "GET /Jurek/andex/feeds/andex_manoIT.xml HTTP/1.1" 200 1953446 "-" "Python-urllib/3.11"
77.79.248.229 - - [22/Apr/2025:02:58:38 +0200] "GET /Jurek/sebmart/feeds/sebmart_manoIT.xml HTTP/1.1" 200 1598746 "-" "Python-urllib/3.11"
170.39.218.52 - - [22/Apr/2025:02:58:38 +0200] "GET /api/config.js HTTP/1.1" 403 3541 "-" "Mozilla/5.0 (X11; Linux x86_64) AppleWebKit/537.36 (KHTML, like Gecko) Chrome/81.0.4044.129 Safari/537.36"
77.79.248.229 - - [22/Apr/2025:02:58:38 +0200] "GET /Jurek/benetech/feeds/benetech_manoit.xml HTTP/1.1" 200 4165450 "-" "Python-urllib/3.11"
77.79.248.229 - - [22/Apr/2025:02:58:38 +0200] "GET /Jurek/dekoele/feeds/dekoele_manomanoIT.xml HTTP/1.1" 200 733938 "-" "Python-urllib/3.11"
170.39.218.52 - - [22/Apr/2025:02:58:38 +0200] "GET /assets/env.js HTTP/1.1" 403 3541 "-" "Mozilla/5.0 (X11; Linux x86_64) AppleWebKit/537.36 (KHTML, like Gecko) Chrome/81.0.4044.129 Safari/537.36"
77.79.248.229 - - [22/Apr/2025:02:58:38 +0200] "GET /Jurek/kalama/feeds/kalama_manoIT.xml HTTP/1.1" 200 2661627 "-" "Python-urllib/3.11"
77.79.248.229 - - [22/Apr/2025:02:58:39 +0200] "GET /Jurek/mojeledy/feeds/mojeledy_manoIT.xml HTTP/1.1" 200 1018438 "-" "Python-urllib/3.11"
77.79.248.229 - - [22/Apr/2025:02:58:39 +0200] "GET /Jurek/rovato/feeds/rovato_manoIT.xml HTTP/1.1" 200 180831 "-" "Python-urllib/3.11"
77.79.248.229 - - [22/Apr/2025:02:58:39 +0200] "GET /Jurek/stiv/feeds/stiv_manoIT.xml HTTP/1.1" 200 2056859 "-" "Python-urllib/3.11"
170.39.218.52 - - [22/Apr/2025:02:58:39 +0200] "GET /js/config.js HTTP/1.1" 403 3541 "-" "Mozilla/5.0 (X11; Linux x86_64) AppleWebKit/537.36 (KHTML, like Gecko) Chrome/81.0.4044.129 Safari/537.36"
170.39.218.52 - - [22/Apr/2025:02:58:39 +0200] "GET /js/app.js HTTP/1.1" 403 3541 "-" "Mozilla/5.0 (X11; Linux x86_64) AppleWebKit/537.36 (KHTML, like Gecko) Chrome/81.0.4044.129 Safari/537.36"
170.39.218.52 - - [22/Apr/2025:02:58:39 +0200] "GET /config.json HTTP/1.1" 403 3541 "-" "Mozilla/5.0 (X11; Linux x86_64) AppleWebKit/537.36 (KHTML, like Gecko) Chrome/81.0.4044.129 Safari/537.36"
170.39.218.52 - - [22/Apr/2025:02:58:39 +0200] "GET /phpinfo.php HTTP/1.1" 403 3541 "-" "Mozilla/5.0 (X11; Linux x86_64) AppleWebKit/537.36 (KHTML, like Gecko) Chrome/81.0.4044.129 Safari/537.36"
77.79.248.229 - - [22/Apr/2025:02:58:39 +0200] "GET /Jurek/piotrmiedz/feeds/piotrmiedz_manoIT.xml HTTP/1.1" 200 91046964 "-" "Python-urllib/3.11"
170.39.218.52 - - [22/Apr/2025:02:58:40 +0200] "GET /phpinfo HTTP/1.1" 403 3541 "-" "Mozilla/5.0 (X11; Linux x86_64) AppleWebKit/537.36 (KHTML, like Gecko) Chrome/81.0.4044.129 Safari/537.36"
77.79.248.229 - - [22/Apr/2025:02:58:40 +0200] "GET /Jurek/pawonik/feeds/pawonik_manoIT.xml HTTP/1.1" 200 2138430 "-" "Python-urllib/3.11"
77.79.248.229 - - [22/Apr/2025:02:58:40 +0200] "GET /Jurek/alucon/feeds/alucon_manoIT.xml HTTP/1.1" 200 553572 "-" "Python-urllib/3.11"
170.39.218.52 - - [22/Apr/2025:02:58:40 +0200] "GET /dev/.env HTTP/1.1" 403 3541 "-" "Mozilla/5.0 (X11; Linux x86_64) AppleWebKit/537.36 (KHTML, like Gecko) Chrome/81.0.4044.129 Safari/537.36"
77.79.248.229 - - [22/Apr/2025:02:58:40 +0200] "GET /Jurek/sovapl/feeds/sovapl_manoIT.xml HTTP/1.1" 200 9000365 "-" "Python-urllib/3.11"
77.79.248.229 - - [22/Apr/2025:02:58:40 +0200] "GET /Jurek/missionair/feeds/missionair_manoIT.xml HTTP/1.1" 200 3154893 "-" "Python-urllib/3.11"
170.39.218.52 - - [22/Apr/2025:02:58:40 +0200] "GET /application/.env HTTP/1.1" 403 3541 "-" "Mozilla/5.0 (X11; Linux x86_64) AppleWebKit/537.36 (KHTML, like Gecko) Chrome/81.0.4044.129 Safari/537.36"
170.39.218.52 - - [22/Apr/2025:02:58:40 +0200] "GET /php_info.php HTTP/1.1" 403 3541 "-" "Mozilla/5.0 (X11; Linux x86_64) AppleWebKit/537.36 (KHTML, like Gecko) Chrome/81.0.4044.129 Safari/537.36"
170.39.218.52 - - [22/Apr/2025:02:58:40 +0200] "GET /_profiler/phpinfo HTTP/1.1" 403 3541 "-" "Mozilla/5.0 (X11; Linux x86_64) AppleWebKit/537.36 (KHTML, like Gecko) Chrome/81.0.4044.129 Safari/537.36"
170.39.218.52 - - [22/Apr/2025:02:58:41 +0200] "POST / HTTP/1.1" 403 3541 "-" "Mozilla/5.0 (X11; Linux x86_64) AppleWebKit/537.36 (KHTML, like Gecko) Chrome/81.0.4044.129 Safari/537.36"
77.79.248.229 - - [22/Apr/2025:02:58:44 +0200] "GET /Jurek/drewdon/feeds/drewdon_manomanoES.xml HTTP/1.1" 200 504435 "-" "Python-urllib/3.11"
77.79.248.229 - - [22/Apr/2025:02:58:44 +0200] "GET /Jurek/hurtownia_przemyslowa/feeds/hp_manomanoES.xml HTTP/1.1" 200 49362764 "-" "Python-urllib/3.11"
77.79.248.229 - - [22/Apr/2025:02:58:44 +0200] "GET /Jurek/kobi/feeds/kobi_manomanoES.xml HTTP/1.1" 200 1993264 "-" "Python-urllib/3.11"
77.79.248.229 - - [22/Apr/2025:02:58:44 +0200] "GET /Jurek/pupus/feeds/pupus_manomanoES.xml HTTP/1.1" 200 6154514 "-" "Python-urllib/3.11"
77.79.248.229 - - [22/Apr/2025:02:58:44 +0200] "GET /Jurek/reman/feeds/reman_manoamnoES.xml HTTP/1.1" 200 1394824 "-" "Python-urllib/3.11"
77.79.248.229 - - [22/Apr/2025:02:58:45 +0200] "GET /Jurek/artdog/feeds/artdog_manomanoES.xml HTTP/1.1" 200 17158521 "-" "Python-urllib/3.11"
77.79.248.229 - - [22/Apr/2025:02:58:45 +0200] "GET /Jurek/sartrix/feeds/sartrix_manomanoES.xml HTTP/1.1" 200 649153 "-" "Python-urllib/3.11"
77.79.248.229 - - [22/Apr/2025:02:58:45 +0200] "GET /Jurek/hlo/feeds/hlo_manomanoES.xml HTTP/1.1" 200 4838614 "-" "Python-urllib/3.11"
77.79.248.229 - - [22/Apr/2025:02:58:45 +0200] "GET /Jurek/drops/feeds/dropsofficecolection_manoES.xml HTTP/1.1" 200 790640 "-" "Python-urllib/3.11"
77.79.248.229 - - [22/Apr/2025:02:58:45 +0200] "GET /Jurek/szpaklampy/feeds/szpaklampy_manoES.xml HTTP/1.1" 200 388215 "-" "Python-urllib/3.11"
77.79.248.229 - - [22/Apr/2025:02:58:45 +0200] "GET /Jurek/hurtmeblowy/feeds/hurtmeblowy_ManoES.xml HTTP/1.1" 200 8512984 "-" "Python-urllib/3.11"
77.79.248.229 - - [22/Apr/2025:02:58:45 +0200] "GET /Jurek/aiofactory/feeds/aiofactory_manomanoES.xml HTTP/1.1" 200 2123768 "-" "Python-urllib/3.11"
77.79.248.229 - - [22/Apr/2025:02:58:46 +0200] "GET /Jurek/topeshop/feeds/topeshop_manoES.xml HTTP/1.1" 200 2689059 "-" "Python-urllib/3.11"
77.79.248.229 - - [22/Apr/2025:02:58:46 +0200] "GET /Jurek/kristronik/feeds/kristronik_manoES.xml HTTP/1.1" 200 691976 "-" "Python-urllib/3.11"
77.79.248.229 - - [22/Apr/2025:02:58:46 +0200] "GET /Jurek/techrebal/feeds/techrebal_manoES.xml HTTP/1.1" 200 1989743 "-" "Python-urllib/3.11"
77.79.248.229 - - [22/Apr/2025:02:58:46 +0200] "GET /Jurek/proparts/feeds/proparts_manoES.xml HTTP/1.1" 200 707509 "-" "Python-urllib/3.11"
77.79.248.229 - - [22/Apr/2025:02:58:46 +0200] "GET /Jurek/rosfix/feeds/rosfix_manoES.xml HTTP/1.1" 200 35769560 "-" "Python-urllib/3.11"
77.79.248.229 - - [22/Apr/2025:02:58:46 +0200] "GET /Jurek/matkam/feeds/matkam_manoES.xml HTTP/1.1" 200 5000344 "-" "Python-urllib/3.11"
77.79.248.229 - - [22/Apr/2025:02:58:47 +0200] "GET /Jurek/hanex/feeds/hanex_manoES.xml HTTP/1.1" 200 13931626 "-" "Python-urllib/3.11"
77.79.248.229 - - [22/Apr/2025:02:58:47 +0200] "GET /Jurek/broers/feeds/broers_manoES.xml HTTP/1.1" 200 1982642 "-" "Python-urllib/3.11"
77.79.248.229 - - [22/Apr/2025:02:58:47 +0200] "GET /Jurek/em3/feeds/em3_manoES.xml HTTP/1.1" 200 258919 "-" "Python-urllib/3.11"
77.79.248.229 - - [22/Apr/2025:02:58:47 +0200] "GET /Jurek/pagmil/feeds/pagmil_manoES.xml HTTP/1.1" 200 1802830 "-" "Python-urllib/3.11"
77.79.248.229 - - [22/Apr/2025:02:58:47 +0200] "GET /Jurek/evil/feeds/evil_manoES.xml HTTP/1.1" 200 306385 "-" "Python-urllib/3.11"
77.79.248.229 - - [22/Apr/2025:02:58:47 +0200] "GET /Jurek/hdwr/feeds/hdwr_manoES.xml HTTP/1.1" 200 789400 "-" "Python-urllib/3.11"
77.79.248.229 - - [22/Apr/2025:02:58:47 +0200] "GET /Jurek/lampart/feeds/lampart_manoES.xml HTTP/1.1" 200 936027 "-" "Python-urllib/3.11"
77.79.248.229 - - [22/Apr/2025:02:58:47 +0200] "GET /Jurek/nonabox/feeds/nonabox_manoES.xml HTTP/1.1" 200 33865 "-" "Python-urllib/3.11"
77.79.248.229 - - [22/Apr/2025:02:58:47 +0200] "GET /Jurek/smxdesign/feeds/smxdesign_manoES.xml HTTP/1.1" 200 1829047 "-" "Python-urllib/3.11"
77.79.248.229 - - [22/Apr/2025:02:58:48 +0200] "GET /Jurek/techrebalina/feeds/techrebalina_manoES.xml HTTP/1.1" 200 2011204 "-" "Python-urllib/3.11"
77.79.248.229 - - [22/Apr/2025:02:58:48 +0200] "GET /Jurek/cdata/feeds/cdata_manoES.xml HTTP/1.1" 200 1445111 "-" "Python-urllib/3.11"
77.79.248.229 - - [22/Apr/2025:02:58:48 +0200] "GET /Jurek/omi/feeds/omi_manoES.xml HTTP/1.1" 200 8105533 "-" "Python-urllib/3.11"
77.79.248.229 - - [22/Apr/2025:02:58:48 +0200] "GET /Jurek/tsjerzy/feeds/tsjerzy_manoES.xml HTTP/1.1" 200 3897788 "-" "Python-urllib/3.11"
77.79.248.229 - - [22/Apr/2025:02:58:48 +0200] "GET /Jurek/narzbud/feeds/narzbud_manoES.xml HTTP/1.1" 200 1901274 "-" "Python-urllib/3.11"
51.77.52.107 - - [22/Apr/2025:02:58:48 +0200] "GET /Jurek/eurofirany/images/429707/0.jpg HTTP/2.0" 200 76982 "-" "baselinker"
77.79.248.229 - - [22/Apr/2025:02:58:48 +0200] "GET /Jurek/makow/feeds/makow_manoES.xml HTTP/1.1" 200 21203751 "-" "Python-urllib/3.11"
77.79.248.229 - - [22/Apr/2025:02:58:48 +0200] "GET /Jurek/jankeski/feeds/jankeski_manoES.xml HTTP/1.1" 200 6571095 "-" "Python-urllib/3.11"
77.79.248.229 - - [22/Apr/2025:02:58:49 +0200] "GET /Jurek/gandalf/feeds/gandalf_manoES.xml HTTP/1.1" 200 1082531 "-" "Python-urllib/3.11"
77.79.248.229 - - [22/Apr/2025:02:58:49 +0200] "GET /Jurek/cenoman/feeds/cenoman_manoES.xml HTTP/1.1" 200 5993163 "-" "Python-urllib/3.11"
77.79.248.229 - - [22/Apr/2025:02:58:49 +0200] "GET /Jurek/zenex/feeds/zenex_manoES.xml HTTP/1.1" 200 540172 "-" "Python-urllib/3.11"
77.79.248.229 - - [22/Apr/2025:02:58:49 +0200] "GET /Jurek/andex/feeds/andex_manoES.xml HTTP/1.1" 200 1953435 "-" "Python-urllib/3.11"
77.79.248.229 - - [22/Apr/2025:02:58:49 +0200] "GET /Jurek/sebmart/feeds/sebmart_manoES.xml HTTP/1.1" 200 1598721 "-" "Python-urllib/3.11"
77.79.248.229 - - [22/Apr/2025:02:58:49 +0200] "GET /Jurek/benetech/feeds/benetech_manoes.xml HTTP/1.1" 200 4165455 "-" "Python-urllib/3.11"
77.79.248.229 - - [22/Apr/2025:02:58:49 +0200] "GET /Jurek/dekoele/feeds/dekoele_manomanoES.xml HTTP/1.1" 200 733936 "-" "Python-urllib/3.11"
77.79.248.229 - - [22/Apr/2025:02:58:49 +0200] "GET /Jurek/kalama/feeds/kalama_manoES.xml HTTP/1.1" 200 2661664 "-" "Python-urllib/3.11"
77.79.248.229 - - [22/Apr/2025:02:58:49 +0200] "GET /Jurek/mojeledy/feeds/mojeledy_manoES.xml HTTP/1.1" 200 1018435 "-" "Python-urllib/3.11"
77.79.248.229 - - [22/Apr/2025:02:58:49 +0200] "GET /Jurek/rovato/feeds/rovato_manoES.xml HTTP/1.1" 200 180833 "-" "Python-urllib/3.11"
77.79.248.229 - - [22/Apr/2025:02:58:50 +0200] "GET /Jurek/stiv/feeds/stiv_manoES.xml HTTP/1.1" 200 2056840 "-" "Python-urllib/3.11"
77.79.248.229 - - [22/Apr/2025:02:58:50 +0200] "GET /Jurek/piotrmiedz/feeds/piotrmiedz_manoES.xml HTTP/1.1" 200 91046964 "-" "Python-urllib/3.11"
77.79.248.229 - - [22/Apr/2025:02:58:50 +0200] "GET /Jurek/pawonik/feeds/pawonik_manoES.xml HTTP/1.1" 200 2138382 "-" "Python-urllib/3.11"
77.79.248.229 - - [22/Apr/2025:02:58:51 +0200] "GET /Jurek/alucon/feeds/alucon_manoES.xml HTTP/1.1" 200 553573 "-" "Python-urllib/3.11"
77.79.248.229 - - [22/Apr/2025:02:58:51 +0200] "GET /Jurek/sovapl/feeds/sovapl_manoES.xml HTTP/1.1" 200 8999636 "-" "Python-urllib/3.11"
77.79.248.229 - - [22/Apr/2025:02:58:51 +0200] "GET /Jurek/missionair/feeds/missionair_manoES.xml HTTP/1.1" 200 3154889 "-" "Python-urllib/3.11"
51.77.52.107 - - [22/Apr/2025:02:59:01 +0200] "GET /Jurek/eurofirany/images/429709/0.jpg HTTP/2.0" 200 51216 "-" "baselinker"
51.77.52.107 - - [22/Apr/2025:02:59:13 +0200] "GET /Jurek/eurofirany/images/429709/0.jpg HTTP/2.0" 200 51216 "-" "baselinker"
51.77.52.107 - - [22/Apr/2025:02:59:15 +0200] "GET /Jurek/eurofirany/images/429709/0.jpg HTTP/2.0" 200 51216 "-" "baselinker"
51.77.52.107 - - [22/Apr/2025:02:59:29 +0200] "GET /Jurek/eurofirany/images/429737/0.jpg HTTP/2.0" 200 68791 "-" "baselinker"
51.77.52.107 - - [22/Apr/2025:02:59:40 +0200] "GET /Jurek/eurofirany/images/429737/0.jpg HTTP/2.0" 200 68791 "-" "baselinker"
51.77.52.107 - - [22/Apr/2025:02:59:45 +0200] "GET /Jurek/eurofirany/images/429737/0.jpg HTTP/2.0" 200 68791 "-" "baselinker"
51.77.52.107 - - [22/Apr/2025:02:59:54 +0200] "GET /Jurek/eurofirany/images/435573/0.jpg HTTP/2.0" 200 59614 "-" "baselinker"
51.77.52.107 - - [22/Apr/2025:03:00:07 +0200] "GET /Jurek/eurofirany/images/435573/0.jpg HTTP/2.0" 200 59614 "-" "baselinker"
51.77.52.107 - - [22/Apr/2025:03:00:16 +0200] "GET /Jurek/eurofirany/images/435573/0.jpg HTTP/2.0" 200 59614 "-" "baselinker"
89.161.206.59 - - [22/Apr/2025:03:00:18 +0200] "GET /Jurek/aiofactory/feeds/aiofactory_cdsc.xml HTTP/1.0" 200 1192838 "-" "-"
89.161.206.59 - - [22/Apr/2025:03:00:18 +0200] "GET /Jurek/kobi/feeds/kobi_cdsc.xml HTTP/1.0" 200 544113 "-" "-"
89.161.206.59 - - [22/Apr/2025:03:00:18 +0200] "GET /Jurek/hurtmeblowy/feeds/hurtmeblowy_cdsc.xml HTTP/1.0" 200 5247824 "-" "-"
66.135.223.41 - - [22/Apr/2025:03:00:18 +0200] "GET /Jurek/topeshop/downloaded_images/5904507209377_profill.jpg HTTP/1.1" 200 77572 "http://www.ebay.com/" "Mozilla/4.0 (compatible; MSIE 4.01; Windows NT)"
66.135.223.43 - - [22/Apr/2025:03:00:18 +0200] "GET /Jurek/topeshop/downloaded_images/5904507209377__szafa-duo0013(3).jpg HTTP/1.1" 200 107706 "http://www.ebay.com/" "Mozilla/4.0 (compatible; MSIE 4.01; Windows NT)"
66.135.223.42 - - [22/Apr/2025:03:00:18 +0200] "GET /Jurek/topeshop/downloaded_images/5904507209377__szafa-duo0013(1)111.jpg HTTP/1.1" 200 102835 "http://www.ebay.com/" "Mozilla/4.0 (compatible; MSIE 4.01; Windows NT)"
66.135.223.43 - - [22/Apr/2025:03:00:18 +0200] "GET /Jurek/topeshop/downloaded_images/5904507209377_bry%C5%82ka0015.jpg HTTP/1.1" 200 63019 "http://www.ebay.com/" "Mozilla/4.0 (compatible; MSIE 4.01; Windows NT)"
66.135.223.43 - - [22/Apr/2025:03:00:18 +0200] "GET /Jurek/topeshop/downloaded_images/5904507209377_bry%C5%82ka0009.jpg HTTP/1.1" 200 37381 "http://www.ebay.com/" "Mozilla/4.0 (compatible; MSIE 4.01; Windows NT)"
66.135.223.41 - - [22/Apr/2025:03:00:18 +0200] "GET /Jurek/topeshop/downloaded_images/5904507209377__szafa-duo0013(1).jpg HTTP/1.1" 200 83048 "http://www.ebay.com/" "Mozilla/4.0 (compatible; MSIE 4.01; Windows NT)"
66.135.223.42 - - [22/Apr/2025:03:00:18 +0200] "GET /Jurek/topeshop/downloaded_images/5904507209377__szafa-duo0013(2).jpg HTTP/1.1" 200 88926 "http://www.ebay.com/" "Mozilla/4.0 (compatible; MSIE 4.01; Windows NT)"
66.135.223.41 - - [22/Apr/2025:03:00:18 +0200] "GET /Jurek/topeshop/downloaded_images/5904507209377_bry%C5%82ka0013.jpg HTTP/1.1" 200 40158 "http://www.ebay.com/" "Mozilla/4.0 (compatible; MSIE 4.01; Windows NT)"
66.135.223.44 - - [22/Apr/2025:03:00:18 +0200] "GET /Jurek/topeshop/downloaded_images/5904507209377_bry%C5%82ka0011.jpg HTTP/1.1" 200 62470 "http://www.ebay.com/" "Mozilla/4.0 (compatible; MSIE 4.01; Windows NT)"
66.135.223.44 - - [22/Apr/2025:03:00:19 +0200] "GET /Jurek/topeshop/downloaded_images/5904507209377_GLINASZAFADUOFRONTZM.jpg HTTP/1.1" 404 3551 "http://www.ebay.com/" "Mozilla/4.0 (compatible; MSIE 4.01; Windows NT)"
66.135.223.43 - - [22/Apr/2025:03:00:19 +0200] "GET /Jurek/topeshop/downloaded_images/5904507209377_GLINASZAFADUOFRONTOT.jpg HTTP/1.1" 404 3551 "http://www.ebay.com/" "Mozilla/4.0 (compatible; MSIE 4.01; Windows NT)"
89.161.206.59 - - [22/Apr/2025:03:00:19 +0200] "GET /Jurek/maksik/feeds/maksik_cdsc.xml HTTP/1.0" 200 2927479 "-" "-"
89.161.206.59 - - [22/Apr/2025:03:00:20 +0200] "GET /Jurek/matkam/feeds/matkam_cdsc.xml HTTP/1.0" 200 2760556 "-" "-"
89.161.206.59 - - [22/Apr/2025:03:00:20 +0200] "GET /Jurek/beltimore/feeds/beltimore_cdsc.xml HTTP/1.0" 200 11135308 "-" "-"
89.161.206.59 - - [22/Apr/2025:03:00:21 +0200] "GET /Jurek/benetech/feeds/benetech_cdsc.xml HTTP/1.0" 200 2361792 "-" "-"
89.161.206.59 - - [22/Apr/2025:03:00:22 +0200] "GET /Jurek/pawonik/feeds/pawonik_cdsc.xml HTTP/1.0" 200 1382136 "-" "-"
89.161.206.59 - - [22/Apr/2025:03:00:22 +0200] "GET /Jurek/hdwr/feeds/hdwr_cdsc.xml HTTP/1.0" 200 745705 "-" "-"
89.161.206.59 - - [22/Apr/2025:03:00:22 +0200] "GET /Jurek/drops/feeds/dropsofficecolection_cdsc.xml HTTP/1.0" 200 784297 "-" "-"
89.161.206.59 - - [22/Apr/2025:03:00:22 +0200] "GET /Jurek/szpaklampy/feeds/szpaklampy_cdsc.xml HTTP/1.0" 200 395817 "-" "-"
89.161.206.59 - - [22/Apr/2025:03:00:23 +0200] "GET /Jurek/sartrix/feeds/sartrix_cdsc.xml HTTP/1.0" 200 867479 "-" "-"
89.161.206.59 - - [22/Apr/2025:03:00:23 +0200] "GET /Jurek/reman/feeds/reman_cdsc.xml HTTP/1.0" 200 400876 "-" "-"
89.161.206.59 - - [22/Apr/2025:03:00:23 +0200] "GET /Jurek/eurofirany/feeds/eurofirany_cdiscount.xml HTTP/1.0" 200 22712487 "-" "-"
66.249.64.167 - - [22/Apr/2025:03:00:29 +0200] "GET /Kacper/Templates/apilo_result_pobranie.html HTTP/1.1" 200 643 "-" "Mozilla/5.0 (Linux; Android 6.0.1; Nexus 5X Build/MMB29P) AppleWebKit/537.36 (KHTML, like Gecko) Chrome/135.0.7049.95 Mobile Safari/537.36 (compatible; GoogleOther)"
51.77.52.107 - - [22/Apr/2025:03:00:31 +0200] "GET /Jurek/eurofirany/images/436058/0.jpg HTTP/2.0" 200 144177 "-" "baselinker"
52.18.22.0 - - [22/Apr/2025:03:00:32 +0200] "GET /marketplaces/ubaldi/results/ubaldi.csv HTTP/1.1" 200 147219 "-" "Mirakl HttpClient"
51.77.52.107 - - [22/Apr/2025:03:00:37 +0200] "GET /Jurek/eurofirany/images/436058/0.jpg HTTP/2.0" 200 144177 "-" "baselinker"
51.77.52.107 - - [22/Apr/2025:03:00:43 +0200] "GET /Jurek/eurofirany/images/436058/0.jpg HTTP/2.0" 200 144177 "-" "baselinker"
51.77.52.107 - - [22/Apr/2025:03:00:46 +0200] "GET /Jurek/eurofirany/images/436579/0.jpg HTTP/2.0" 200 202715 "-" "baselinker"
51.77.52.107 - - [22/Apr/2025:03:00:54 +0200] "GET /Jurek/eurofirany/images/436579/0.jpg HTTP/2.0" 200 202715 "-" "baselinker"
51.77.52.107 - - [22/Apr/2025:03:01:02 +0200] "GET /Jurek/eurofirany/images/436579/0.jpg HTTP/2.0" 200 202715 "-" "baselinker"
51.77.52.107 - - [22/Apr/2025:03:01:09 +0200] "GET /Jurek/eurofirany/images/436598/0.jpg HTTP/2.0" 200 188101 "-" "baselinker"
35.204.39.32 - - [22/Apr/2025:03:01:18 +0200] "GET /marketplaces/vente/results/vente_nl.csv HTTP/1.1" 200 147219 "-" "Mirakl HttpClient"
35.204.39.32 - - [22/Apr/2025:03:01:18 +0200] "GET /marketplaces/vente/results/vente_fr.csv HTTP/1.1" 200 163603 "-" "Mirakl HttpClient"
35.204.39.32 - - [22/Apr/2025:03:01:18 +0200] "GET /marketplaces/vente/results/vente_be.csv HTTP/1.1" 200 147219 "-" "Mirakl HttpClient"
35.204.39.32 - - [22/Apr/2025:03:01:18 +0200] "GET /marketplaces/vente/results/vente_it.csv HTTP/1.1" 200 147219 "-" "Mirakl HttpClient"
35.204.39.32 - - [22/Apr/2025:03:01:18 +0200] "GET /marketplaces/vente/results/vente_es.csv HTTP/1.1" 200 147219 "-" "Mirakl HttpClient"
35.204.39.32 - - [22/Apr/2025:03:01:18 +0200] "GET /marketplaces/vente/results/vente_de.csv HTTP/1.1" 200 147219 "-" "Mirakl HttpClient"
5.134.208.158 - - [22/Apr/2025:03:01:28 +0200] "GET /Jurek/eurofirany/images/420925/0.jpg HTTP/1.1" 206 256 "https://www.ceneo.pl" "Mozilla/5.0 (Windows NT 10.0; Win64; x64) AppleWebKit/537.36 (KHTML, like Gecko) Chrome/87.0.4280.141 Safari/537.36"
5.134.208.158 - - [22/Apr/2025:03:01:29 +0200] "GET /Jurek/eurofirany/images/467986/0.jpg HTTP/1.1" 206 256 "https://www.ceneo.pl" "Mozilla/5.0 (Windows NT 10.0; Win64; x64) AppleWebKit/537.36 (KHTML, like Gecko) Chrome/87.0.4280.141 Safari/537.36"
46.101.116.244 - - [22/Apr/2025:03:01:32 +0200] "GET /Jurek/aw/feeds/aw_fnacfr.xml HTTP/1.0" 404 3551 "-" "-"
51.77.52.107 - - [22/Apr/2025:03:01:33 +0200] "GET /Jurek/eurofirany/images/436598/0.jpg HTTP/2.0" 200 188101 "-" "baselinker"
51.77.52.107 - - [22/Apr/2025:03:01:40 +0200] "GET /Jurek/eurofirany/images/436598/0.jpg HTTP/2.0" 200 188101 "-" "baselinker"
66.249.64.165 - - [22/Apr/2025:03:01:47 +0200] "GET /Jurek/eurofirany/images/438701/4.jpg HTTP/1.1" 200 180990 "-" "Googlebot-Image/1.0"
51.77.52.107 - - [22/Apr/2025:03:01:53 +0200] "GET /Jurek/eurofirany/images/436599/0.jpg HTTP/2.0" 200 175868 "-" "baselinker"
51.77.52.107 - - [22/Apr/2025:03:01:59 +0200] "GET /Jurek/eurofirany/images/436599/0.jpg HTTP/2.0" 200 175868 "-" "baselinker"
85.232.241.194 - - [22/Apr/2025:03:02:02 +0200] "GET /Jurek/kobi/feeds/kobi_vente_fr.xml HTTP/1.1" 200 942992 "-" "Python-urllib/3.11"
85.232.241.194 - - [22/Apr/2025:03:02:03 +0200] "GET /Jurek/topeshop/feeds/topeshop_vente_fr.xml HTTP/1.1" 200 2689042 "-" "Python-urllib/3.11"
85.232.241.194 - - [22/Apr/2025:03:02:03 +0200] "GET /Jurek/fernity/feeds/fernity_vente_fr.xml HTTP/1.1" 200 3256555 "-" "Python-urllib/3.11"
85.232.241.194 - - [22/Apr/2025:03:02:03 +0200] "GET /Jurek/kinghome/feeds/kinghome_vente_fr.xml HTTP/1.1" 200 5670278 "-" "Python-urllib/3.11"
85.232.241.194 - - [22/Apr/2025:03:02:03 +0200] "GET /Jurek/emibig/feeds/emibig_vente_fr.xml HTTP/1.1" 200 2522353 "-" "Python-urllib/3.11"
85.232.241.194 - - [22/Apr/2025:03:02:03 +0200] "GET /Jurek/b3/feeds/b3_vente_fr.xml HTTP/1.1" 200 8074908 "-" "Python-urllib/3.11"
85.232.241.194 - - [22/Apr/2025:03:02:04 +0200] "GET /Jurek/aw/feeds/aw_vente_fr.xml HTTP/1.1" 200 90520013 "-" "Python-urllib/3.11"
51.77.52.107 - - [22/Apr/2025:03:02:05 +0200] "GET /Jurek/eurofirany/images/436599/0.jpg HTTP/2.0" 200 175868 "-" "baselinker"
85.232.241.194 - - [22/Apr/2025:03:02:05 +0200] "GET /Jurek/asortymenteu/feeds/asortymenteu_vente_fr.xml HTTP/1.1" 200 2764705 "-" "Python-urllib/3.11"
85.232.241.194 - - [22/Apr/2025:03:02:05 +0200] "GET /Jurek/hurtownia_przemyslowa/feeds/hp_vente_fr.xml HTTP/1.1" 200 49362580 "-" "Python-urllib/3.11"
51.77.52.107 - - [22/Apr/2025:03:02:08 +0200] "GET /Jurek/eurofirany/images/436656/0.jpg HTTP/2.0" 200 115039 "-" "baselinker"
51.77.52.107 - - [22/Apr/2025:03:02:17 +0200] "GET /Jurek/eurofirany/images/436656/0.jpg HTTP/2.0" 200 115039 "-" "baselinker"
85.232.241.194 - - [22/Apr/2025:03:02:22 +0200] "GET /Jurek/kobi/feeds/kobi_vente_be.xml HTTP/1.1" 200 942995 "-" "Python-urllib/3.11"
85.232.241.194 - - [22/Apr/2025:03:02:22 +0200] "GET /Jurek/topeshop/feeds/topeshop_vente_be.xml HTTP/1.1" 200 2689060 "-" "Python-urllib/3.11"
85.232.241.194 - - [22/Apr/2025:03:02:22 +0200] "GET /Jurek/fernity/feeds/fernity_vente_be.xml HTTP/1.1" 200 3256471 "-" "Python-urllib/3.11"
85.232.241.194 - - [22/Apr/2025:03:02:22 +0200] "GET /Jurek/kinghome/feeds/kinghome_vente_be.xml HTTP/1.1" 200 5670121 "-" "Python-urllib/3.11"
85.232.241.194 - - [22/Apr/2025:03:02:22 +0200] "GET /Jurek/emibig/feeds/emibig_vente_be.xml HTTP/1.1" 200 2522230 "-" "Python-urllib/3.11"
85.232.241.194 - - [22/Apr/2025:03:02:22 +0200] "GET /Jurek/b3/feeds/b3_vente_be.xml HTTP/1.1" 200 8074850 "-" "Python-urllib/3.11"
85.232.241.194 - - [22/Apr/2025:03:02:23 +0200] "GET /Jurek/aw/feeds/aw_vente_be.xml HTTP/1.1" 200 90518390 "-" "Python-urllib/3.11"
51.77.52.107 - - [22/Apr/2025:03:02:23 +0200] "GET /Jurek/eurofirany/images/436656/0.jpg HTTP/2.0" 200 115039 "-" "baselinker"
85.232.241.194 - - [22/Apr/2025:03:02:24 +0200] "GET /Jurek/asortymenteu/feeds/asortymenteu_vente_be.xml HTTP/1.1" 200 2764726 "-" "Python-urllib/3.11"
85.232.241.194 - - [22/Apr/2025:03:02:24 +0200] "GET /Jurek/hurtownia_przemyslowa/feeds/hp_vente_be.xml HTTP/1.1" 200 49362261 "-" "Python-urllib/3.11"
89.161.206.59 - - [22/Apr/2025:03:02:25 +0200] "GET /Jurek/nonabox/feeds/nonabox_emagro.xml HTTP/1.0" 200 33872 "-" "-"
89.161.206.59 - - [22/Apr/2025:03:02:26 +0200] "GET /Jurek/cenoman/feeds/cenoman_emagro.xml HTTP/1.0" 200 5993760 "-" "-"
89.161.206.59 - - [22/Apr/2025:03:02:26 +0200] "GET /Jurek/tsjerzy/feeds/tsjerzy_emagro.xml HTTP/1.0" 200 3899929 "-" "-"
89.161.206.59 - - [22/Apr/2025:03:02:27 +0200] "GET /Jurek/avenido/feeds/avenido_emagro.xml HTTP/1.0" 200 720134 "-" "-"
89.161.206.59 - - [22/Apr/2025:03:02:27 +0200] "GET /Jurek/kamar/feeds/kamar_emagro.xml HTTP/1.0" 200 25555005 "-" "-"
89.161.206.59 - - [22/Apr/2025:03:02:29 +0200] "GET /Jurek/winoszarnia/feeds/winoszarnia_emagro.xml HTTP/1.0" 200 6064965 "-" "-"
89.161.206.59 - - [22/Apr/2025:03:02:29 +0200] "GET /Jurek/lampart/feeds/lampart_emagro.xml HTTP/1.0" 200 936194 "-" "-"
89.161.206.59 - - [22/Apr/2025:03:02:29 +0200] "GET /Jurek/filmal/feeds/filmal_emagro.xml HTTP/1.0" 200 139308 "-" "-"
89.161.206.59 - - [22/Apr/2025:03:02:29 +0200] "GET /Jurek/zenex/feeds/zenex_emagro.xml HTTP/1.0" 200 540566 "-" "-"
89.161.206.59 - - [22/Apr/2025:03:02:30 +0200] "GET /Jurek/newtechele/feeds/newtechele_emagro.xml HTTP/1.0" 200 2438664 "-" "-"
89.161.206.59 - - [22/Apr/2025:03:02:31 +0200] "GET /Jurek/coppotech/feeds/coppotech_emagro.xml HTTP/1.0" 200 38056835 "-" "-"
51.77.52.107 - - [22/Apr/2025:03:02:31 +0200] "GET /Jurek/eurofirany/images/436659/0.jpg HTTP/2.0" 200 205497 "-" "baselinker"
89.161.206.59 - - [22/Apr/2025:03:02:33 +0200] "GET /Jurek/equalo/feeds/equalo_emagro.xml HTTP/1.0" 200 98019 "-" "-"
89.161.206.59 - - [22/Apr/2025:03:02:35 +0200] "GET /Jurek/livinhill/feeds/livinhill_emagro.xml HTTP/1.0" 200 167750 "-" "-"
89.161.206.59 - - [22/Apr/2025:03:02:35 +0200] "GET /Jurek/jakdroz/feeds/jakdroz_emagro.xml HTTP/1.0" 200 4090684 "-" "-"
89.161.206.59 - - [22/Apr/2025:03:02:36 +0200] "GET /Jurek/bemipol/feeds/bemipol_emagro.xml HTTP/1.0" 200 423674 "-" "-"
89.161.206.59 - - [22/Apr/2025:03:02:36 +0200] "GET /Jurek/apresto/feeds/apresto_emagro.xml HTTP/1.0" 200 1327802 "-" "-"
89.161.206.59 - - [22/Apr/2025:03:02:36 +0200] "GET /Jurek/missionair/feeds/missionair_emagro.xml HTTP/1.0" 200 3155071 "-" "-"
89.161.206.59 - - [22/Apr/2025:03:02:36 +0200] "GET /Jurek/mojeledy/feeds/mojeledy_emagro.xml HTTP/1.0" 200 1018630 "-" "-"
89.161.206.59 - - [22/Apr/2025:03:02:36 +0200] "GET /Jurek/andex/feeds/andex_emagro.xml HTTP/1.0" 200 1953975 "-" "-"
89.161.206.59 - - [22/Apr/2025:03:02:37 +0200] "GET /Jurek/riko/feeds/riko_emagro.xml HTTP/1.0" 200 3786271 "-" "-"
89.161.206.59 - - [22/Apr/2025:03:02:37 +0200] "GET /Jurek/sovapl/feeds/sovapl_emagro.xml HTTP/1.0" 200 9001878 "-" "-"
89.161.206.59 - - [22/Apr/2025:03:02:38 +0200] "GET /Jurek/mechdecor/feeds/mechdecor_emagro.xml HTTP/1.0" 200 596311 "-" "-"
51.77.52.107 - - [22/Apr/2025:03:02:38 +0200] "GET /Jurek/eurofirany/images/436659/0.jpg HTTP/2.0" 200 205497 "-" "baselinker"
89.161.206.59 - - [22/Apr/2025:03:02:38 +0200] "GET /Jurek/kalama/feeds/kalama_emagro.xml HTTP/1.0" 200 2662091 "-" "-"
85.232.241.194 - - [22/Apr/2025:03:02:39 +0200] "GET /Jurek/kobi/feeds/kobi_vente_es.xml HTTP/1.1" 200 943009 "-" "Python-urllib/3.11"
85.232.241.194 - - [22/Apr/2025:03:02:39 +0200] "GET /Jurek/topeshop/feeds/topeshop_vente_es.xml HTTP/1.1" 200 2689080 "-" "Python-urllib/3.11"
85.232.241.194 - - [22/Apr/2025:03:02:39 +0200] "GET /Jurek/fernity/feeds/fernity_vente_es.xml HTTP/1.1" 200 3256572 "-" "Python-urllib/3.11"
85.232.241.194 - - [22/Apr/2025:03:02:39 +0200] "GET /Jurek/kinghome/feeds/kinghome_vente_es.xml HTTP/1.1" 200 5670376 "-" "Python-urllib/3.11"
85.232.241.194 - - [22/Apr/2025:03:02:40 +0200] "GET /Jurek/emibig/feeds/emibig_vente_es.xml HTTP/1.1" 200 2522542 "-" "Python-urllib/3.11"
85.232.241.194 - - [22/Apr/2025:03:02:40 +0200] "GET /Jurek/b3/feeds/b3_vente_es.xml HTTP/1.1" 200 8075010 "-" "Python-urllib/3.11"
85.232.241.194 - - [22/Apr/2025:03:02:40 +0200] "GET /Jurek/aw/feeds/aw_vente_es.xml HTTP/1.1" 200 90521090 "-" "Python-urllib/3.11"
85.232.241.194 - - [22/Apr/2025:03:02:41 +0200] "GET /Jurek/asortymenteu/feeds/asortymenteu_vente_es.xml HTTP/1.1" 200 2764711 "-" "Python-urllib/3.11"
85.232.241.194 - - [22/Apr/2025:03:02:41 +0200] "GET /Jurek/hurtownia_przemyslowa/feeds/hp_vente_es.xml HTTP/1.1" 200 49362916 "-" "Python-urllib/3.11"
51.77.52.107 - - [22/Apr/2025:03:02:48 +0200] "GET /Jurek/eurofirany/images/436659/0.jpg HTTP/2.0" 200 205497 "-" "baselinker"
52.209.168.113 - - [22/Apr/2025:03:02:55 +0200] "GET /marketplaces/rue/results/rue.csv HTTP/1.1" 200 114451 "-" "Mirakl HttpClient"
51.77.52.107 - - [22/Apr/2025:03:03:06 +0200] "GET /Jurek/eurofirany/images/440405/0.jpg HTTP/2.0" 200 113281 "-" "baselinker"
51.77.52.107 - - [22/Apr/2025:03:03:13 +0200] "GET /Jurek/eurofirany/images/440405/0.jpg HTTP/2.0" 200 113281 "-" "baselinker"
85.232.241.194 - - [22/Apr/2025:03:03:16 +0200] "GET /Jurek/kobi/feeds/kobi_vente_it.xml HTTP/1.1" 200 942976 "-" "Python-urllib/3.11"
85.232.241.194 - - [22/Apr/2025:03:03:17 +0200] "GET /Jurek/topeshop/feeds/topeshop_vente_it.xml HTTP/1.1" 200 2689041 "-" "Python-urllib/3.11"
85.232.241.194 - - [22/Apr/2025:03:03:17 +0200] "GET /Jurek/fernity/feeds/fernity_vente_it.xml HTTP/1.1" 200 3256627 "-" "Python-urllib/3.11"
85.232.241.194 - - [22/Apr/2025:03:03:17 +0200] "GET /Jurek/kinghome/feeds/kinghome_vente_it.xml HTTP/1.1" 200 5670326 "-" "Python-urllib/3.11"
85.232.241.194 - - [22/Apr/2025:03:03:17 +0200] "GET /Jurek/emibig/feeds/emibig_vente_it.xml HTTP/1.1" 200 2522454 "-" "Python-urllib/3.11"
85.232.241.194 - - [22/Apr/2025:03:03:17 +0200] "GET /Jurek/b3/feeds/b3_vente_it.xml HTTP/1.1" 200 8074951 "-" "Python-urllib/3.11"
85.232.241.194 - - [22/Apr/2025:03:03:18 +0200] "GET /Jurek/aw/feeds/aw_vente_it.xml HTTP/1.1" 200 90520536 "-" "Python-urllib/3.11"
85.232.241.194 - - [22/Apr/2025:03:03:20 +0200] "GET /Jurek/asortymenteu/feeds/asortymenteu_vente_it.xml HTTP/1.1" 200 2764693 "-" "Python-urllib/3.11"
85.232.241.194 - - [22/Apr/2025:03:03:21 +0200] "GET /Jurek/hurtownia_przemyslowa/feeds/hp_vente_it.xml HTTP/1.1" 200 49362563 "-" "Python-urllib/3.11"
51.77.52.107 - - [22/Apr/2025:03:03:23 +0200] "GET /Jurek/eurofirany/images/440405/0.jpg HTTP/2.0" 200 113281 "-" "baselinker"
52.209.168.113 - - [22/Apr/2025:03:03:26 +0200] "GET /marketplaces/carrefour/results/carrefour.csv HTTP/1.1" 200 147221 "-" "Mirakl HttpClient"
66.249.64.165 - - [22/Apr/2025:03:03:26 +0200] "GET /Jurek/eurofirany/images/383363/5.jpg HTTP/1.1" 200 93129 "-" "Googlebot-Image/1.0"
51.77.52.107 - - [22/Apr/2025:03:03:28 +0200] "GET /Jurek/eurofirany/images/440406/0.jpg HTTP/2.0" 200 104437 "-" "baselinker"
89.161.206.59 - - [22/Apr/2025:03:03:37 +0200] "GET /Jurek/filmal/feeds/filmal_aliex.xml HTTP/1.0" 200 139293 "-" "-"
89.161.206.59 - - [22/Apr/2025:03:03:37 +0200] "GET /Jurek/sovapl/feeds/sovapl_aliex.xml HTTP/1.0" 200 9002777 "-" "-"
89.161.206.59 - - [22/Apr/2025:03:03:38 +0200] "GET /Jurek/riko/feeds/riko_aliex.xml HTTP/1.0" 200 3786221 "-" "-"
89.161.206.59 - - [22/Apr/2025:03:03:39 +0200] "GET /Jurek/gandalf/feeds/gandalf_aliex.xml HTTP/1.0" 200 1082569 "-" "-"
89.161.206.59 - - [22/Apr/2025:03:03:39 +0200] "GET /Jurek/andex/feeds/andex_aliex.xml HTTP/1.0" 200 1953942 "-" "-"
89.161.206.59 - - [22/Apr/2025:03:03:39 +0200] "GET /Jurek/sebmart/feeds/sebmart_aliex.xml HTTP/1.0" 200 1599123 "-" "-"
89.161.206.59 - - [22/Apr/2025:03:03:40 +0200] "GET /Jurek/bemipol/feeds/bemipol_aliex.xml HTTP/1.0" 200 423676 "-" "-"
89.161.206.59 - - [22/Apr/2025:03:03:40 +0200] "GET /Jurek/tsjerzy/feeds/tsjerzy_aliex.xml HTTP/1.0" 200 3899770 "-" "-"
89.161.206.59 - - [22/Apr/2025:03:03:41 +0200] "GET /Jurek/equalo/feeds/equalo_aliex.xml HTTP/1.0" 200 98017 "-" "-"
89.161.206.59 - - [22/Apr/2025:03:03:41 +0200] "GET /Jurek/newtechele/feeds/newtechele_aliex.xml HTTP/1.0" 200 2438724 "-" "-"
89.161.206.59 - - [22/Apr/2025:03:03:41 +0200] "GET /Jurek/nonabox/feeds/nonabox_aliex.xml HTTP/1.0" 200 33874 "-" "-"
89.161.206.59 - - [22/Apr/2025:03:03:42 +0200] "GET /Jurek/amzteam/feeds/amzteam_aliex.xml HTTP/1.0" 200 97912 "-" "-"
51.77.52.107 - - [22/Apr/2025:03:03:42 +0200] "GET /Jurek/eurofirany/images/440406/0.jpg HTTP/2.0" 200 104437 "-" "baselinker"
51.77.52.107 - - [22/Apr/2025:03:03:49 +0200] "GET /Jurek/eurofirany/images/440406/0.jpg HTTP/2.0" 200 104437 "-" "baselinker"
51.77.52.107 - - [22/Apr/2025:03:03:56 +0200] "GET /Jurek/eurofirany/images/440408/0.jpg HTTP/2.0" 200 118533 "-" "baselinker"
51.77.52.107 - - [22/Apr/2025:03:04:01 +0200] "GET /Jurek/eurofirany/images/440408/0.jpg HTTP/2.0" 200 118533 "-" "baselinker"
85.232.241.194 - - [22/Apr/2025:03:04:13 +0200] "GET /Jurek/kobi/feeds/kobi_vente_ne.xml HTTP/1.1" 200 942999 "-" "Python-urllib/3.11"
85.232.241.194 - - [22/Apr/2025:03:04:14 +0200] "GET /Jurek/topeshop/feeds/topeshop_vente_ne.xml HTTP/1.1" 200 2689007 "-" "Python-urllib/3.11"
85.232.241.194 - - [22/Apr/2025:03:04:15 +0200] "GET /Jurek/fernity/feeds/fernity_vente_ne.xml HTTP/1.1" 200 3256464 "-" "Python-urllib/3.11"
85.232.241.194 - - [22/Apr/2025:03:04:15 +0200] "GET /Jurek/kinghome/feeds/kinghome_vente_ne.xml HTTP/1.1" 200 5670209 "-" "Python-urllib/3.11"
85.232.241.194 - - [22/Apr/2025:03:04:15 +0200] "GET /Jurek/emibig/feeds/emibig_vente_ne.xml HTTP/1.1" 200 2522279 "-" "Python-urllib/3.11"
51.77.52.107 - - [22/Apr/2025:03:04:15 +0200] "GET /Jurek/eurofirany/images/440408/0.jpg HTTP/2.0" 200 118533 "-" "baselinker"
85.232.241.194 - - [22/Apr/2025:03:04:15 +0200] "GET /Jurek/b3/feeds/b3_vente_nl.xml HTTP/1.1" 200 8074874 "-" "Python-urllib/3.11"
85.232.241.194 - - [22/Apr/2025:03:04:17 +0200] "GET /Jurek/aw/feeds/aw_vente_nl.xml HTTP/1.1" 200 90518635 "-" "Python-urllib/3.11"
85.232.241.194 - - [22/Apr/2025:03:04:20 +0200] "GET /Jurek/asortymenteu/feeds/asortymenteu_vente_nl.xml HTTP/1.1" 200 2764723 "-" "Python-urllib/3.11"
85.232.241.194 - - [22/Apr/2025:03:04:20 +0200] "GET /Jurek/hurtownia_przemyslowa/feeds/hp_vente_nl.xml HTTP/1.1" 200 49362311 "-" "Python-urllib/3.11"
89.161.206.59 - - [22/Apr/2025:03:04:21 +0200] "GET /Jurek/bass/feeds/bass_amazones.xml HTTP/1.0" 200 3972144 "-" "-"
89.161.206.59 - - [22/Apr/2025:03:04:21 +0200] "GET /Jurek/bass/feeds/bass_amazonse.xml HTTP/1.0" 200 3973784 "-" "-"
51.77.52.107 - - [22/Apr/2025:03:04:23 +0200] "GET /Jurek/eurofirany/images/440414/0.jpg HTTP/2.0" 200 133580 "-" "baselinker"
89.161.206.59 - - [22/Apr/2025:03:04:30 +0200] "GET /Jurek/kambukka/feeds/kambukka_amazonfr.xml HTTP/1.0" 200 1023663 "-" "-"
89.161.206.59 - - [22/Apr/2025:03:04:30 +0200] "GET /Jurek/kambukka/feeds/kambukka_amazonit.xml HTTP/1.0" 200 1023656 "-" "-"
89.161.206.59 - - [22/Apr/2025:03:04:30 +0200] "GET /Jurek/kambukka/feeds/kambukka_amazones.xml HTTP/1.0" 200 1023829 "-" "-"
89.161.206.59 - - [22/Apr/2025:03:04:31 +0200] "GET /Jurek/kambukka/feeds/kambukka_amazonnl.xml HTTP/1.0" 200 1023830 "-" "-"
89.161.206.59 - - [22/Apr/2025:03:04:31 +0200] "GET /Jurek/kambukka/feeds/kambukka_amazonse.xml HTTP/1.0" 200 1024094 "-" "-"
89.161.206.59 - - [22/Apr/2025:03:04:31 +0200] "GET /Jurek/hdwr/feeds/hdwr_amazonse.xml HTTP/1.0" 200 789685 "-" "-"
51.77.52.107 - - [22/Apr/2025:03:04:32 +0200] "GET /Jurek/eurofirany/images/440414/0.jpg HTTP/2.0" 200 133580 "-" "baselinker"
51.77.52.107 - - [22/Apr/2025:03:04:46 +0200] "GET /Jurek/eurofirany/images/440414/0.jpg HTTP/2.0" 200 133580 "-" "baselinker"
85.232.241.194 - - [22/Apr/2025:03:04:52 +0200] "GET /Jurek/kobi/feeds/kobi_vente_de.xml HTTP/1.1" 200 942968 "-" "Python-urllib/3.11"
85.232.241.194 - - [22/Apr/2025:03:04:54 +0200] "GET /Jurek/topeshop/feeds/topeshop_vente_de.xml HTTP/1.1" 200 2688947 "-" "Python-urllib/3.11"
89.161.206.59 - - [22/Apr/2025:03:04:54 +0200] "GET /Jurek/bass_new/feeds/bass_ebayde.xml HTTP/1.0" 200 4806671 "-" "-"
85.232.241.194 - - [22/Apr/2025:03:04:54 +0200] "GET /Jurek/fernity/feeds/fernity_vente_de.xml HTTP/1.1" 200 3256446 "-" "Python-urllib/3.11"
85.232.241.194 - - [22/Apr/2025:03:04:54 +0200] "GET /Jurek/kinghome/feeds/kinghome_vente_de.xml HTTP/1.1" 200 5670131 "-" "Python-urllib/3.11"
85.232.241.194 - - [22/Apr/2025:03:04:54 +0200] "GET /Jurek/emibig/feeds/emibig_vente_de.xml HTTP/1.1" 200 2522200 "-" "Python-urllib/3.11"
85.232.241.194 - - [22/Apr/2025:03:04:55 +0200] "GET /Jurek/b3/feeds/b3_vente_de.xml HTTP/1.1" 200 8074916 "-" "Python-urllib/3.11"
89.161.206.59 - - [22/Apr/2025:03:04:55 +0200] "GET /Jurek/sportprise/feeds/sportprise_amazonde.xml HTTP/1.0" 200 11782225 "-" "-"
85.232.241.194 - - [22/Apr/2025:03:04:57 +0200] "GET /Jurek/aw/feeds/aw_vente_de.xml HTTP/1.1" 200 90518472 "-" "Python-urllib/3.11"
51.77.52.107 - - [22/Apr/2025:03:04:57 +0200] "GET /Jurek/eurofirany/images/440415/0.jpg HTTP/2.0" 200 130261 "-" "baselinker"
89.161.206.59 - - [22/Apr/2025:03:04:57 +0200] "GET /Jurek/nexus/feeds/nexus_amazonde.xml HTTP/1.0" 200 226643 "-" "-"
85.232.241.194 - - [22/Apr/2025:03:05:01 +0200] "GET /Jurek/asortymenteu/feeds/asortymenteu_vente_de.xml HTTP/1.1" 200 2764725 "-" "Python-urllib/3.11"
85.232.241.194 - - [22/Apr/2025:03:05:02 +0200] "GET /Jurek/hurtownia_przemyslowa/feeds/hp_vente_de.xml HTTP/1.1" 200 49362385 "-" "Python-urllib/3.11"
51.77.52.107 - - [22/Apr/2025:03:05:11 +0200] "GET /Jurek/eurofirany/images/440415/0.jpg HTTP/2.0" 200 130261 "-" "baselinker"
51.77.52.107 - - [22/Apr/2025:03:05:27 +0200] "GET /Jurek/eurofirany/images/440415/0.jpg HTTP/2.0" 200 130261 "-" "baselinker"
66.249.64.165 - - [22/Apr/2025:03:05:35 +0200] "GET /Jurek/eurofirany/images/438610/0.jpg HTTP/1.1" 200 114177 "-" "Googlebot-Image/1.0"
51.77.52.107 - - [22/Apr/2025:03:05:37 +0200] "GET /Jurek/eurofirany/images/440536/0.jpg HTTP/2.0" 200 109264 "-" "baselinker"
51.77.52.107 - - [22/Apr/2025:03:05:43 +0200] "GET /Jurek/eurofirany/images/440536/0.jpg HTTP/2.0" 200 109264 "-" "baselinker"
89.161.206.59 - - [22/Apr/2025:03:05:50 +0200] "GET /Jurek/rovato/feeds/rovato_skroutz.xml HTTP/1.0" 200 99167 "-" "-"
