51.77.52.107 - - [22/Apr/2025:08:56:08 +0200] "GET /Jurek/eurofirany/images/441929/0.jpg HTTP/2.0" 200 33 "-" "baselinker"
51.77.52.107 - - [22/Apr/2025:08:56:08 +0200] "GET /Jurek/eurofirany/images/441929/0.jpg HTTP/2.0" 200 33 "-" "baselinker"
51.77.52.107 - - [22/Apr/2025:08:56:09 +0200] "GET /Jurek/eurofirany/images/448513/0.jpg HTTP/2.0" 200 136571 "-" "baselinker"
178.21.154.6 - - [22/Apr/2025:08:56:24 +0200] "GET /Jurek/eurofirany/images/461771/0.jpg HTTP/1.1" 200 38906 "-" "-"
178.21.154.6 - - [22/Apr/2025:08:56:24 +0200] "GET /Jurek/eurofirany/images/461705/0.jpg HTTP/1.1" 200 24446 "-" "-"
51.77.52.107 - - [22/Apr/2025:08:56:25 +0200] "GET /Jurek/eurofirany/images/448513/0.jpg HTTP/2.0" 200 136571 "-" "baselinker"
89.161.206.59 - - [22/Apr/2025:08:56:26 +0200] "GET /Jurek/cenoman/feeds/cenoman_skroutz.xml HTTP/1.0" 200 5993188 "-" "-"
89.161.206.59 - - [22/Apr/2025:08:56:34 +0200] "GET /Jurek/zbimatyja/feeds/zbimatyja_skroutz.xml HTTP/1.0" 200 11670216 "-" "-"
46.101.116.244 - - [22/Apr/2025:08:56:34 +0200] "GET /Jurek/action/feeds/action_kauflandsk.xml HTTP/2.0" 200 59853050 "-" "-"
89.161.206.59 - - [22/Apr/2025:08:56:35 +0200] "GET /Jurek/equalo/feeds/equalo_skroutz.xml HTTP/1.0" 200 98007 "-" "-"
89.161.206.59 - - [22/Apr/2025:08:56:35 +0200] "GET /Jurek/regis/feeds/regis_skroutz.xml HTTP/1.0" 200 228501 "-" "-"
51.77.52.107 - - [22/Apr/2025:08:56:39 +0200] "GET /Jurek/eurofirany/images/448513/0.jpg HTTP/2.0" 200 136571 "-" "baselinker"
46.101.116.244 - - [22/Apr/2025:08:56:46 +0200] "GET /Jurek/aw/feeds/aw_fnacfr.xml HTTP/1.0" 404 3551 "-" "-"
51.77.52.107 - - [22/Apr/2025:08:56:54 +0200] "GET /Jurek/eurofirany/images/448514/0.jpg HTTP/2.0" 200 136571 "-" "baselinker"
89.161.206.59 - - [22/Apr/2025:08:56:56 +0200] "GET /Jurek/takapara/feeds/takapara_skroutz.xml HTTP/1.0" 200 1342596 "-" "-"
89.161.206.59 - - [22/Apr/2025:08:56:56 +0200] "GET /Jurek/carbonyway/feeds/carbonyway_skroutz.xml HTTP/1.0" 200 3076000 "-" "-"
89.161.206.59 - - [22/Apr/2025:08:56:57 +0200] "GET /Jurek/filmal/feeds/filmal_skroutz.xml HTTP/1.0" 200 139277 "-" "-"
89.161.206.59 - - [22/Apr/2025:08:56:58 +0200] "GET /Jurek/jakdroz/feeds/jakdroz_skroutz.xml HTTP/1.0" 200 4089987 "-" "-"
89.161.206.59 - - [22/Apr/2025:08:56:59 +0200] "GET /Jurek/jakdroz/feeds/jakdroz_skroutz.xml HTTP/1.0" 200 4089987 "-" "-"
89.161.206.59 - - [22/Apr/2025:08:56:59 +0200] "GET /Jurek/riko/feeds/riko_skr.xml HTTP/1.0" 200 3784580 "-" "-"
51.77.52.107 - - [22/Apr/2025:08:57:07 +0200] "GET /Jurek/eurofirany/images/448514/0.jpg HTTP/2.0" 200 136571 "-" "baselinker"
178.21.154.6 - - [22/Apr/2025:08:57:18 +0200] "GET /Jurek/eurofirany/images/390142/0.jpg HTTP/1.1" 200 75195 "-" "-"
89.161.206.59 - - [22/Apr/2025:08:57:20 +0200] "GET /Jurek/tsjerzy/feeds/tsjerzy_skr.xml HTTP/1.0" 200 3897715 "-" "-"
89.161.206.59 - - [22/Apr/2025:08:57:21 +0200] "GET /Jurek/kalama/feeds/kalama_skr.xml HTTP/1.0" 200 2541288 "-" "-"
51.77.52.107 - - [22/Apr/2025:08:57:24 +0200] "GET /Jurek/eurofirany/images/448514/0.jpg HTTP/2.0" 200 136571 "-" "baselinker"
46.101.116.244 - - [22/Apr/2025:08:57:26 +0200] "GET /Jurek/andex/feeds/andex_kauflandsk.xml HTTP/2.0" 200 1953364 "-" "-"
89.161.206.59 - - [22/Apr/2025:08:57:30 +0200] "GET /Jurek/cdata/feeds/cdata_skr.xml HTTP/1.0" 200 1445074 "-" "-"
89.161.206.59 - - [22/Apr/2025:08:57:31 +0200] "GET /Jurek/sebmart/feeds/sebmart_skr.xml HTTP/1.0" 200 1598744 "-" "-"
89.161.206.59 - - [22/Apr/2025:08:57:31 +0200] "GET /Jurek/harmonypost/feeds/harmonypost_skr.xml HTTP/1.0" 200 39902925 "-" "-"
46.101.116.244 - - [22/Apr/2025:08:57:38 +0200] "GET /Jurek/aw/feeds/awnarzedzia_kauflandsk.xml HTTP/2.0" 200 90504551 "-" "-"
51.77.52.107 - - [22/Apr/2025:08:57:39 +0200] "GET /Jurek/eurofirany/images/448515/0.jpg HTTP/2.0" 200 136571 "-" "baselinker"
51.77.52.107 - - [22/Apr/2025:08:57:55 +0200] "GET /Jurek/eurofirany/images/448515/0.jpg HTTP/2.0" 200 136571 "-" "baselinker"
46.101.116.244 - - [22/Apr/2025:08:57:59 +0200] "GET /Jurek/b3/feeds/b3_kauflandsk.xml HTTP/2.0" 200 8074763 "-" "-"
51.77.52.107 - - [22/Apr/2025:08:58:09 +0200] "GET /Jurek/eurofirany/images/448515/0.jpg HTTP/2.0" 200 136571 "-" "baselinker"
46.101.116.244 - - [22/Apr/2025:08:58:10 +0200] "GET /Jurek/barbecook/feeds/barbecook_kauflandsk.xml HTTP/2.0" 200 87527 "-" "-"
46.101.116.244 - - [22/Apr/2025:08:58:20 +0200] "GET /Jurek/bass/feeds/bass_kauflandsk.xml HTTP/2.0" 200 3972017 "-" "-"
51.77.52.107 - - [22/Apr/2025:08:58:21 +0200] "GET /Jurek/eurofirany/images/429741/0.jpg HTTP/2.0" 200 44593 "-" "baselinker"
46.101.116.244 - - [22/Apr/2025:08:58:31 +0200] "GET /Jurek/beliani/feeds/beliani_sk_kaufland.xml HTTP/2.0" 200 33847727 "-" "-"
89.161.206.59 - - [22/Apr/2025:08:58:43 +0200] "GET /Jurek/asortymenteu/feeds/asortymenteu_skroutz_great.xml HTTP/1.0" 200 2775446 "-" "-"
46.101.116.244 - - [22/Apr/2025:08:58:44 +0200] "GET /Jurek/benbaby/feeds/benbaby_kauflandsk.xml HTTP/2.0" 200 3626099 "-" "-"
46.101.116.244 - - [22/Apr/2025:08:58:54 +0200] "GET /Jurek/detian/feeds/detian_kauflandsk.xml HTTP/2.0" 404 3551 "-" "-"
178.21.154.6 - - [22/Apr/2025:08:58:56 +0200] "GET /Jurek/eurofirany/images/457852/0.jpg HTTP/1.1" 200 75359 "-" "-"
46.101.116.244 - - [22/Apr/2025:08:59:05 +0200] "GET /Jurek/emibig/feeds/emibig_kauflandsk.xml HTTP/2.0" 200 2522157 "-" "-"
46.101.116.244 - - [22/Apr/2025:08:59:15 +0200] "GET /Jurek/eurofirany/feeds/eurofirany_kaufland_sk.xml HTTP/2.0" 200 19070089 "-" "-"
51.77.52.107 - - [22/Apr/2025:08:59:21 +0200] "GET /Jurek/eurofirany/images/429741/0.jpg HTTP/2.0" 200 44593 "-" "baselinker"
46.101.116.244 - - [22/Apr/2025:08:59:28 +0200] "GET /Jurek/fernity/feeds/fernity_kauflandsk.xml HTTP/2.0" 200 4816280 "-" "-"
51.77.52.107 - - [22/Apr/2025:08:59:31 +0200] "GET /Jurek/eurofirany/images/429741/0.jpg HTTP/2.0" 200 44593 "-" "baselinker"
46.101.116.244 - - [22/Apr/2025:08:59:51 +0200] "GET /Jurek/hurtownia_przemyslowa/feeds/hp_kaufsk.xml HTTP/2.0" 200 49361002 "-" "-"
51.77.52.107 - - [22/Apr/2025:08:59:54 +0200] "GET /Jurek/eurofirany/images/429743/0.jpg HTTP/2.0" 200 44593 "-" "baselinker"
51.77.52.107 - - [22/Apr/2025:09:00:07 +0200] "GET /Jurek/eurofirany/images/429743/0.jpg HTTP/2.0" 200 44593 "-" "baselinker"
51.77.52.107 - - [22/Apr/2025:09:00:17 +0200] "GET /Jurek/eurofirany/images/429743/0.jpg HTTP/2.0" 200 44593 "-" "baselinker"
46.101.116.244 - - [22/Apr/2025:09:00:23 +0200] "GET /Jurek/ikonka/feeds/ikonka_kauflandsk.xml HTTP/2.0" 200 22171279 "-" "-"
51.77.52.107 - - [22/Apr/2025:09:00:33 +0200] "GET /Jurek/eurofirany/images/429748/0.jpg HTTP/2.0" 200 35952 "-" "baselinker"
46.101.116.244 - - [22/Apr/2025:09:00:34 +0200] "GET /Jurek/kinghoff/feeds/kinghoff_kauflandsk.xml HTTP/2.0" 200 15460346 "-" "-"
51.77.52.107 - - [22/Apr/2025:09:00:37 +0200] "GET /Jurek/eurofirany/images/429748/0.jpg HTTP/2.0" 200 35952 "-" "baselinker"
52.18.22.0 - - [22/Apr/2025:09:00:40 +0200] "GET /marketplaces/ubaldi/results/ubaldi.csv HTTP/1.1" 200 147219 "-" "Mirakl HttpClient"
46.101.116.244 - - [22/Apr/2025:09:00:50 +0200] "GET /Jurek/kinghome/feeds/kinghome_kauflandsk.xml HTTP/2.0" 200 6060024 "-" "-"
51.77.52.107 - - [22/Apr/2025:09:00:51 +0200] "GET /Jurek/eurofirany/images/429748/0.jpg HTTP/2.0" 200 35952 "-" "baselinker"
152.70.189.216 - - [22/Apr/2025:09:00:52 +0200] "GET /Jurek/eurofirany/images/383265/0.jpg HTTP/2.0" 200 81569 "-" "imagor/1.4.8"
51.77.52.107 - - [22/Apr/2025:09:00:54 +0200] "GET /Jurek/eurofirany/images/409414/0.jpg HTTP/2.0" 200 33 "-" "baselinker"
51.77.52.107 - - [22/Apr/2025:09:00:54 +0200] "GET /Jurek/eurofirany/images/409414/0.jpg HTTP/2.0" 200 33 "-" "baselinker"
51.77.52.107 - - [22/Apr/2025:09:00:55 +0200] "GET /Jurek/eurofirany/images/409414/0.jpg HTTP/2.0" 200 33 "-" "baselinker"
51.77.52.107 - - [22/Apr/2025:09:00:56 +0200] "GET /Jurek/eurofirany/images/409417/0.jpg HTTP/2.0" 200 33 "-" "baselinker"
51.77.52.107 - - [22/Apr/2025:09:00:57 +0200] "GET /Jurek/eurofirany/images/409417/0.jpg HTTP/2.0" 200 33 "-" "baselinker"
51.77.52.107 - - [22/Apr/2025:09:00:58 +0200] "GET /Jurek/eurofirany/images/409417/0.jpg HTTP/2.0" 200 33 "-" "baselinker"
51.77.52.107 - - [22/Apr/2025:09:00:59 +0200] "GET /Jurek/eurofirany/images/452246/0.jpg HTTP/2.0" 200 175270 "-" "baselinker"
35.204.39.32 - - [22/Apr/2025:09:01:06 +0200] "GET /marketplaces/vente/results/vente_nl.csv HTTP/1.1" 200 147219 "-" "Mirakl HttpClient"
35.204.39.32 - - [22/Apr/2025:09:01:06 +0200] "GET /marketplaces/vente/results/vente_fr.csv HTTP/1.1" 200 147219 "-" "Mirakl HttpClient"
35.204.39.32 - - [22/Apr/2025:09:01:06 +0200] "GET /marketplaces/vente/results/vente_be.csv HTTP/1.1" 200 147219 "-" "Mirakl HttpClient"
35.204.39.32 - - [22/Apr/2025:09:01:06 +0200] "GET /marketplaces/vente/results/vente_it.csv HTTP/1.1" 200 147219 "-" "Mirakl HttpClient"
35.204.39.32 - - [22/Apr/2025:09:01:06 +0200] "GET /marketplaces/vente/results/vente_es.csv HTTP/1.1" 200 147219 "-" "Mirakl HttpClient"
35.204.39.32 - - [22/Apr/2025:09:01:06 +0200] "GET /marketplaces/vente/results/vente_de.csv HTTP/1.1" 200 147219 "-" "Mirakl HttpClient"
51.77.52.107 - - [22/Apr/2025:09:01:13 +0200] "GET /Jurek/eurofirany/images/452246/0.jpg HTTP/2.0" 200 175270 "-" "baselinker"
193.33.8.61 - - [22/Apr/2025:09:01:30 +0200] "GET /Jurek/artdog/feeds/artdog_cdsc.xml HTTP/2.0" 200 17922208 "https://konsola.dkkapusta1997.usermd.net/" "Mozilla/5.0 (Windows NT 10.0; Win64; x64) AppleWebKit/537.36 (KHTML, like Gecko) Chrome/135.0.0.0 Safari/537.36"
88.220.33.218 - - [22/Apr/2025:09:01:30 +0200] "GET /Jurek/vida_morele/feeds/VidaPL_all.xml HTTP/2.0" 200 726315429 "-" "MarketplaceAPI curl/7.64.0 PHP/8"
51.77.52.107 - - [22/Apr/2025:09:01:30 +0200] "GET /Jurek/eurofirany/images/452246/0.jpg HTTP/2.0" 200 175270 "-" "baselinker"
46.101.116.244 - - [22/Apr/2025:09:01:31 +0200] "GET /Jurek/octopia/feeds/octopia_kauflandsk.xml HTTP/2.0" 200 10103788 "-" "-"
77.79.248.229 - - [22/Apr/2025:09:01:31 +0200] "GET /Jurek/artdog/feeds/artdog_cdsc.xml HTTP/1.1" 200 17922208 "-" "Python-urllib/3.11"
46.101.116.244 - - [22/Apr/2025:09:01:43 +0200] "GET /Jurek/rovicky/feeds/rovicky_kauflandsk.xml HTTP/2.0" 200 15018572 "-" "-"
51.77.52.107 - - [22/Apr/2025:09:01:48 +0200] "GET /Jurek/eurofirany/images/452247/0.jpg HTTP/2.0" 200 175270 "-" "baselinker"
178.21.154.6 - - [22/Apr/2025:09:01:50 +0200] "GET /Jurek/eurofirany/images/468063/0.jpg HTTP/1.1" 200 159939 "-" "-"
178.21.154.6 - - [22/Apr/2025:09:01:51 +0200] "GET /Jurek/eurofirany/images/468065/0.jpg HTTP/1.1" 200 159939 "-" "-"
178.21.154.6 - - [22/Apr/2025:09:01:51 +0200] "GET /Jurek/eurofirany/images/468066/0.jpg HTTP/1.1" 200 159939 "-" "-"
178.21.154.6 - - [22/Apr/2025:09:01:54 +0200] "GET /Jurek/eurofirany/images/468070/0.jpg HTTP/1.1" 200 159939 "-" "-"
178.21.154.6 - - [22/Apr/2025:09:01:54 +0200] "GET /Jurek/eurofirany/images/468073/0.jpg HTTP/1.1" 200 159939 "-" "-"
46.101.116.244 - - [22/Apr/2025:09:01:54 +0200] "GET /Jurek/stema/feeds/stema_kauflandsk.xml HTTP/2.0" 200 856964 "-" "-"
178.21.154.6 - - [22/Apr/2025:09:01:55 +0200] "GET /Jurek/eurofirany/images/468061/0.jpg HTTP/1.1" 200 159939 "-" "-"
178.21.154.6 - - [22/Apr/2025:09:01:56 +0200] "GET /Jurek/eurofirany/images/440546/0.jpg HTTP/1.1" 200 189814 "-" "-"
52.209.168.113 - - [22/Apr/2025:09:01:57 +0200] "GET /marketplaces/rue/results/rue.csv HTTP/1.1" 200 147219 "-" "Mirakl HttpClient"
51.77.52.107 - - [22/Apr/2025:09:02:02 +0200] "GET /Jurek/eurofirany/images/452247/0.jpg HTTP/2.0" 200 175270 "-" "baselinker"
46.101.116.244 - - [22/Apr/2025:09:02:05 +0200] "GET /Jurek/twm/feeds/twm-kauflandsk.xml HTTP/2.0" 200 2489378 "-" "-"
46.101.116.244 - - [22/Apr/2025:09:02:16 +0200] "GET /Jurek/unimet/feeds/unimet_kauflandsk.xml HTTP/2.0" 200 61141589 "-" "-"
51.77.52.107 - - [22/Apr/2025:09:02:17 +0200] "GET /Jurek/eurofirany/images/452247/0.jpg HTTP/2.0" 200 175270 "-" "baselinker"
88.220.33.218 - - [22/Apr/2025:09:02:28 +0200] "GET /Jurek/kinghoff/feeds/kinghoff_morele.xml HTTP/2.0" 200 15461124 "-" "MarketplaceAPI curl/7.64.0 PHP/8"
51.77.52.107 - - [22/Apr/2025:09:02:36 +0200] "GET /Jurek/eurofirany/images/452718/0.jpg HTTP/2.0" 200 129243 "-" "baselinker"
89.161.206.59 - - [22/Apr/2025:09:02:48 +0200] "GET /Jurek/wenom/feeds/wenom_emagro.xml HTTP/1.0" 200 583122 "-" "-"
89.161.206.59 - - [22/Apr/2025:09:02:48 +0200] "GET /Jurek/zepnij/feeds/zepnij_emagro.xml HTTP/1.0" 200 19523697 "-" "-"
51.77.52.107 - - [22/Apr/2025:09:02:51 +0200] "GET /Jurek/eurofirany/images/452718/0.jpg HTTP/2.0" 200 129243 "-" "baselinker"
51.77.52.107 - - [22/Apr/2025:09:03:10 +0200] "GET /Jurek/eurofirany/images/452718/0.jpg HTTP/2.0" 200 129243 "-" "baselinker"
51.77.52.107 - - [22/Apr/2025:09:03:13 +0200] "GET /Jurek/eurofirany/images/453516/0.jpg HTTP/2.0" 200 114510 "-" "baselinker"
52.209.168.113 - - [22/Apr/2025:09:03:20 +0200] "GET /marketplaces/carrefour/results/carrefour.csv HTTP/1.1" 200 147221 "-" "Mirakl HttpClient"
51.77.52.107 - - [22/Apr/2025:09:03:23 +0200] "GET /Jurek/eurofirany/images/453516/0.jpg HTTP/2.0" 200 114510 "-" "baselinker"
89.161.206.59 - - [22/Apr/2025:09:03:24 +0200] "GET /Jurek/euroshop/feeds/euroshop_emagro.xml HTTP/1.0" 200 20026568 "-" "-"
89.161.206.59 - - [22/Apr/2025:09:03:25 +0200] "GET /Jurek/polzoo/feeds/polzoo_emagro.xml HTTP/1.0" 200 48128312 "-" "-"
89.161.206.59 - - [22/Apr/2025:09:03:28 +0200] "GET /Jurek/german/feeds/german_emagro.xml HTTP/1.0" 200 2853961 "-" "-"
89.161.206.59 - - [22/Apr/2025:09:03:29 +0200] "GET /Jurek/makow/feeds/makow_emagro.xml HTTP/1.0" 200 21205845 "-" "-"
51.77.52.107 - - [22/Apr/2025:09:03:39 +0200] "GET /Jurek/eurofirany/images/453516/0.jpg HTTP/2.0" 200 114510 "-" "baselinker"
89.161.206.59 - - [22/Apr/2025:09:03:41 +0200] "GET /Jurek/swiatecznygoliat/feeds/swiatecznygoliat_skroutz.xml HTTP/1.0" 200 7054511 "-" "-"
88.220.33.218 - - [22/Apr/2025:09:03:41 +0200] "GET /Jurek/eurofirany/feeds/eurofirany_morele.xml HTTP/2.0" 200 19072087 "-" "MarketplaceAPI curl/7.64.0 PHP/8"
89.161.206.59 - - [22/Apr/2025:09:03:48 +0200] "GET /Jurek/eroplace/feeds/eroplace_skroutz.xml HTTP/1.0" 200 51201329 "-" "-"
88.220.33.218 - - [22/Apr/2025:09:03:49 +0200] "GET /Jurek/vivaldi/feeds/vivaldi_Morele-PL.xml HTTP/2.0" 200 344674 "-" "MarketplaceAPI curl/7.64.0 PHP/8"
51.77.52.107 - - [22/Apr/2025:09:03:51 +0200] "GET /Jurek/eurofirany/images/453519/0.jpg HTTP/2.0" 200 138944 "-" "baselinker"
51.77.52.107 - - [22/Apr/2025:09:04:06 +0200] "GET /Jurek/eurofirany/images/453519/0.jpg HTTP/2.0" 200 138944 "-" "baselinker"
51.77.52.107 - - [22/Apr/2025:09:04:22 +0200] "GET /Jurek/eurofirany/images/453519/0.jpg HTTP/2.0" 200 138944 "-" "baselinker"
51.77.52.107 - - [22/Apr/2025:09:04:37 +0200] "GET /Jurek/eurofirany/images/452236/0.jpg HTTP/2.0" 200 96600 "-" "baselinker"
88.220.33.218 - - [22/Apr/2025:09:04:53 +0200] "GET /Jurek/aw/feeds/awnarzedzia_morele.xml HTTP/2.0" 200 90531524 "-" "MarketplaceAPI curl/7.64.0 PHP/8"
51.77.52.107 - - [22/Apr/2025:09:04:55 +0200] "GET /Jurek/eurofirany/images/452236/0.jpg HTTP/2.0" 200 96600 "-" "baselinker"
89.161.206.59 - - [22/Apr/2025:09:04:56 +0200] "GET /Jurek/fertone/feeds/fertone_skroutz.xml HTTP/1.0" 200 570200 "-" "-"
89.161.206.59 - - [22/Apr/2025:09:04:56 +0200] "GET /Jurek/ekolight/feeds/ekolioght_skroutz.xml HTTP/1.0" 200 9052731 "-" "-"
46.101.116.244 - - [22/Apr/2025:09:05:04 +0200] "GET /Jurek/vivaldi/feeds/vivaldi_kauflandsk.xml HTTP/2.0" 200 344656 "-" "-"
51.77.52.107 - - [22/Apr/2025:09:05:10 +0200] "GET /Jurek/eurofirany/images/452236/0.jpg HTTP/2.0" 200 96600 "-" "baselinker"
51.77.52.107 - - [22/Apr/2025:09:05:23 +0200] "GET /Jurek/eurofirany/images/452237/0.jpg HTTP/2.0" 200 96600 "-" "baselinker"
51.77.52.107 - - [22/Apr/2025:09:05:28 +0200] "GET /Jurek/eurofirany/images/452237/0.jpg HTTP/2.0" 200 96600 "-" "baselinker"
51.77.52.107 - - [22/Apr/2025:09:05:30 +0200] "GET /Jurek/eurofirany/images/452237/0.jpg HTTP/2.0" 200 96600 "-" "baselinker"
46.101.116.244 - - [22/Apr/2025:09:05:34 +0200] "GET /Jurek/intsell/feeds/intsell_skroutz.xml HTTP/1.0" 200 269821694 "-" "-"
88.220.33.218 - - [22/Apr/2025:09:05:37 +0200] "GET /Jurek/beliani/feeds/beliani_morele.xml HTTP/2.0" 200 31089602 "-" "MarketplaceAPI curl/7.64.0 PHP/8"
89.161.206.59 - - [22/Apr/2025:09:05:39 +0200] "GET /Jurek/topeshop/feeds/topeshop_ebayDE.xml HTTP/1.0" 200 2028221 "-" "-"
5.134.208.158 - - [22/Apr/2025:09:05:45 +0200] "GET /Jurek/eurofirany/images/431485/0.jpg HTTP/1.1" 200 90755 "-" "-"
51.77.52.107 - - [22/Apr/2025:09:05:47 +0200] "GET /Jurek/eurofirany/images/452238/0.jpg HTTP/2.0" 200 105368 "-" "baselinker"
51.77.52.107 - - [22/Apr/2025:09:06:03 +0200] "GET /Jurek/eurofirany/images/452238/0.jpg HTTP/2.0" 200 105368 "-" "baselinker"
46.101.116.244 - - [22/Apr/2025:09:06:03 +0200] "GET /Jurek/vidaSK/feeds/vida_kaufland.xml HTTP/2.0" 200 663611006 "-" "-"
89.161.206.59 - - [22/Apr/2025:09:06:04 +0200] "GET /Jurek/madrex/feeds/madrex_skroutz.xml HTTP/1.0" 200 466717 "-" "-"
89.161.206.59 - - [22/Apr/2025:09:06:05 +0200] "GET /Jurek/luxma/feeds/luxma_skroutz.xml HTTP/1.0" 200 4419710 "-" "-"
89.161.206.59 - - [22/Apr/2025:09:06:05 +0200] "GET /Jurek/zepnij/feeds/zepnij_skroutz.xml HTTP/1.0" 200 19522544 "-" "-"
89.161.206.59 - - [22/Apr/2025:09:06:08 +0200] "GET /Jurek/emaja24/feeds/emaja24_skroutz.xml HTTP/1.0" 200 5102096 "-" "-"
51.77.52.107 - - [22/Apr/2025:09:06:11 +0200] "GET /Jurek/eurofirany/images/452238/0.jpg HTTP/2.0" 200 105368 "-" "baselinker"
51.77.52.107 - - [22/Apr/2025:09:06:15 +0200] "GET /Jurek/eurofirany/images/452239/0.jpg HTTP/2.0" 200 105368 "-" "baselinker"
51.77.52.107 - - [22/Apr/2025:09:06:25 +0200] "GET /Jurek/eurofirany/images/452239/0.jpg HTTP/2.0" 200 105368 "-" "baselinker"
89.161.206.59 - - [22/Apr/2025:09:06:41 +0200] "GET /Jurek/najtanszysport/feeds/najtanszysport_skroutz.xml HTTP/1.0" 200 3983411 "-" "-"
51.77.52.107 - - [22/Apr/2025:09:06:43 +0200] "GET /Jurek/eurofirany/images/452239/0.jpg HTTP/2.0" 200 105368 "-" "baselinker"
51.77.52.107 - - [22/Apr/2025:09:06:53 +0200] "GET /Jurek/eurofirany/images/452240/0.jpg HTTP/2.0" 200 98109 "-" "baselinker"
51.77.52.107 - - [22/Apr/2025:09:06:54 +0200] "GET /Jurek/eurofirany/images/453034/0.jpg HTTP/2.0" 200 86707 "-" "baselinker"
46.101.116.244 - - [22/Apr/2025:09:06:57 +0200] "GET /Jurek/madrex/feeds/madrex_kauflandde.xml HTTP/2.0" 200 466693 "-" "-"
51.77.52.107 - - [22/Apr/2025:09:06:57 +0200] "GET /Jurek/eurofirany/images/453048/0.jpg HTTP/2.0" 200 92628 "-" "baselinker"
51.77.52.107 - - [22/Apr/2025:09:07:00 +0200] "GET /Jurek/eurofirany/images/458233/0.jpg HTTP/2.0" 200 91508 "-" "baselinker"
51.77.52.107 - - [22/Apr/2025:09:07:03 +0200] "GET /Jurek/eurofirany/images/468171/0.jpg HTTP/2.0" 200 95886 "-" "baselinker"
51.77.52.107 - - [22/Apr/2025:09:07:06 +0200] "GET /Jurek/eurofirany/images/468181/0.jpg HTTP/2.0" 200 90461 "-" "baselinker"
46.101.116.244 - - [22/Apr/2025:09:07:07 +0200] "GET /Jurek/hurtmeblowy/feeds/hurtmeblowy_kauflandde.xml HTTP/2.0" 200 7523706 "-" "-"
51.77.52.107 - - [22/Apr/2025:09:07:09 +0200] "GET /Jurek/eurofirany/images/468184/0.jpg HTTP/2.0" 200 96121 "-" "baselinker"
51.77.52.107 - - [22/Apr/2025:09:07:09 +0200] "GET /Jurek/eurofirany/images/452240/0.jpg HTTP/2.0" 200 98109 "-" "baselinker"
51.77.52.107 - - [22/Apr/2025:09:07:12 +0200] "GET /Jurek/eurofirany/images/452240/0.jpg HTTP/2.0" 200 98109 "-" "baselinker"
51.77.52.107 - - [22/Apr/2025:09:07:18 +0200] "GET /Jurek/eurofirany/images/452241/0.jpg HTTP/2.0" 200 98109 "-" "baselinker"
46.101.116.244 - - [22/Apr/2025:09:07:24 +0200] "GET /Jurek/kobi/feeds/kobi_kauflandde.xml HTTP/2.0" 200 942985 "-" "-"
46.101.116.244 - - [22/Apr/2025:09:07:26 +0200] "GET /Jurek/aw/feeds/aw_fnacfr.xml HTTP/1.0" 404 3551 "-" "-"
46.101.116.244 - - [22/Apr/2025:09:07:34 +0200] "GET /Jurek/matkam/feeds/matkam_kauflandde.xml HTTP/2.0" 200 4424919 "-" "-"
51.77.52.107 - - [22/Apr/2025:09:07:37 +0200] "GET /Jurek/eurofirany/images/452241/0.jpg HTTP/2.0" 200 98109 "-" "baselinker"
51.77.52.107 - - [22/Apr/2025:09:07:41 +0200] "GET /Jurek/eurofirany/images/452241/0.jpg HTTP/2.0" 200 98109 "-" "baselinker"
51.77.52.107 - - [22/Apr/2025:09:07:45 +0200] "GET /Jurek/eurofirany/images/452242/0.jpg HTTP/2.0" 200 119998 "-" "baselinker"
88.220.33.218 - - [22/Apr/2025:09:07:45 +0200] "GET /Jurek/vida_morele/feeds/VidaPL_morele.xml HTTP/2.0" 200 726316235 "-" "MarketplaceAPI curl/7.64.0 PHP/8"
46.101.116.244 - - [22/Apr/2025:09:07:46 +0200] "GET /Jurek/action/feeds/action_kauflandde.xml HTTP/2.0" 200 59852119 "-" "-"
51.77.52.107 - - [22/Apr/2025:09:08:00 +0200] "GET /Jurek/eurofirany/images/452242/0.jpg HTTP/2.0" 200 119998 "-" "baselinker"
51.77.52.107 - - [22/Apr/2025:09:08:02 +0200] "GET /Jurek/eurofirany/images/452242/0.jpg HTTP/2.0" 200 119998 "-" "baselinker"
51.77.52.107 - - [22/Apr/2025:09:08:06 +0200] "GET /Jurek/eurofirany/images/452243/0.jpg HTTP/2.0" 200 119998 "-" "baselinker"
51.77.52.107 - - [22/Apr/2025:09:08:10 +0200] "GET /Jurek/eurofirany/images/452243/0.jpg HTTP/2.0" 200 119998 "-" "baselinker"
89.161.206.59 - - [22/Apr/2025:09:08:20 +0200] "GET /Jurek/dropkz/feeds/dropkz_emagro.xml HTTP/1.0" 200 70031251 "-" "-"
89.161.206.59 - - [22/Apr/2025:09:08:20 +0200] "GET /Jurek/shiori/feeds/shiori_emagro.xml HTTP/1.0" 200 453697 "-" "-"
89.161.206.59 - - [22/Apr/2025:09:08:20 +0200] "GET /Jurek/eoptimo/feeds/eoptimo_emagro.xml HTTP/1.0" 200 2094678 "-" "-"
89.161.206.59 - - [22/Apr/2025:09:08:21 +0200] "GET /Jurek/bisanti/feeds/bisanti_emagro.xml HTTP/1.0" 200 1142462 "-" "-"
89.161.206.59 - - [22/Apr/2025:09:08:21 +0200] "GET /Jurek/najtanszysport/feeds/najtanszysport_emagro.xml HTTP/1.0" 200 3984577 "-" "-"
89.161.206.59 - - [22/Apr/2025:09:08:22 +0200] "GET /Jurek/bentivolio/feeds/bentivolio_emagro.xml HTTP/1.0" 200 3498444 "-" "-"
89.161.206.59 - - [22/Apr/2025:09:08:22 +0200] "GET /Jurek/proparts/feeds/proparts_emagro.xml HTTP/1.0" 200 707604 "-" "-"
89.161.206.59 - - [22/Apr/2025:09:08:24 +0200] "GET /Jurek/galopi/feeds/galopi_emagro.xml HTTP/1.0" 200 2111387 "-" "-"
51.77.52.107 - - [22/Apr/2025:09:08:26 +0200] "GET /Jurek/eurofirany/images/452243/0.jpg HTTP/2.0" 200 119998 "-" "baselinker"
89.161.206.59 - - [22/Apr/2025:09:08:27 +0200] "GET /Jurek/takapara/feeds/takapara_emagro.xml HTTP/1.0" 200 1342685 "-" "-"
89.161.206.59 - - [22/Apr/2025:09:08:27 +0200] "GET /Jurek/artdog/feeds/artdog_emagro.xml HTTP/1.0" 200 17165276 "-" "-"
178.21.154.6 - - [22/Apr/2025:09:08:37 +0200] "GET /Jurek/eurofirany/images/468578/0.jpg HTTP/1.1" 200 102544 "-" "-"
178.21.154.6 - - [22/Apr/2025:09:08:37 +0200] "GET /Jurek/eurofirany/images/468593/0.jpg HTTP/1.1" 200 206631 "-" "-"
51.77.52.107 - - [22/Apr/2025:09:08:42 +0200] "GET /Jurek/eurofirany/images/452244/0.jpg HTTP/2.0" 200 119982 "-" "baselinker"
89.161.206.59 - - [22/Apr/2025:09:08:54 +0200] "GET /Jurek/ekuchcikowo/feeds/ekuchcikowo_skroutz.xml HTTP/1.0" 200 12471066 "-" "-"
89.161.206.59 - - [22/Apr/2025:09:09:02 +0200] "GET /Jurek/hlo/feeds/hlo_skroutz.xml HTTP/1.0" 200 4831033 "-" "-"
51.77.52.107 - - [22/Apr/2025:09:09:03 +0200] "GET /Jurek/eurofirany/images/452244/0.jpg HTTP/2.0" 200 119982 "-" "baselinker"
51.77.52.107 - - [22/Apr/2025:09:09:09 +0200] "GET /Jurek/eurofirany/images/452244/0.jpg HTTP/2.0" 200 119982 "-" "baselinker"
46.101.116.244 - - [22/Apr/2025:09:09:13 +0200] "GET /Jurek/vida_morele/feeds/vidaPL_velomarket_category4.xml HTTP/1.0" 200 54664371 "-" "-"
51.77.52.107 - - [22/Apr/2025:09:09:25 +0200] "GET /Jurek/eurofirany/images/452245/0.jpg HTTP/2.0" 200 119982 "-" "baselinker"
5.134.208.158 - - [22/Apr/2025:09:09:28 +0200] "GET /Jurek/eurofirany/images/468061/0.jpg HTTP/1.1" 200 159939 "-" "-"
51.77.52.107 - - [22/Apr/2025:09:09:42 +0200] "GET /Jurek/eurofirany/images/452245/0.jpg HTTP/2.0" 200 119982 "-" "baselinker"
185.6.76.18 - - [22/Apr/2025:09:09:43 +0200] "GET /marketplaces/skroutz/feeds/shumee.xml HTTP/1.1" 200 417914164 "-" "SkroutzBot v1.0"
51.77.52.107 - - [22/Apr/2025:09:09:46 +0200] "GET /Jurek/eurofirany/images/452245/0.jpg HTTP/2.0" 200 119982 "-" "baselinker"
89.161.206.59 - - [22/Apr/2025:09:09:49 +0200] "GET /Jurek/kobi/feeds/kobi_ebayde.xml HTTP/1.0" 200 713568 "-" "-"
51.77.52.107 - - [22/Apr/2025:09:10:00 +0200] "GET /Jurek/eurofirany/images/456567/0.jpg HTTP/2.0" 200 76751 "-" "baselinker"
51.77.52.107 - - [22/Apr/2025:09:10:17 +0200] "GET /Jurek/eurofirany/images/456567/0.jpg HTTP/2.0" 200 76751 "-" "baselinker"
46.101.116.244 - - [22/Apr/2025:09:10:24 +0200] "GET /Jurek/kinghoff/feeds/kinghoff_kauflandde.xml HTTP/2.0" 200 15460263 "-" "-"
51.77.52.107 - - [22/Apr/2025:09:10:36 +0200] "GET /Jurek/eurofirany/images/456567/0.jpg HTTP/2.0" 200 76751 "-" "baselinker"
51.77.52.107 - - [22/Apr/2025:09:10:51 +0200] "GET /Jurek/eurofirany/images/459367/0.jpg HTTP/2.0" 200 99656 "-" "baselinker"
46.101.116.244 - - [22/Apr/2025:09:10:53 +0200] "GET /Jurek/unimet/feeds/unimet_kauflandde.xml HTTP/2.0" 200 61139085 "-" "-"
89.161.206.59 - - [22/Apr/2025:09:11:01 +0200] "GET /Jurek/proadventure/feeds/proadventure_skr.xml HTTP/1.0" 200 10763596 "-" "-"
89.161.206.59 - - [22/Apr/2025:09:11:02 +0200] "GET /Jurek/bloomglow/feeds/bloomglow_skr.xml HTTP/1.0" 200 13214215 "-" "-"
51.77.52.107 - - [22/Apr/2025:09:11:07 +0200] "GET /Jurek/eurofirany/images/459367/0.jpg HTTP/2.0" 200 99656 "-" "baselinker"
51.77.52.107 - - [22/Apr/2025:09:11:19 +0200] "GET /Jurek/eurofirany/images/459367/0.jpg HTTP/2.0" 200 99656 "-" "baselinker"
51.77.52.107 - - [22/Apr/2025:09:11:22 +0200] "GET /Jurek/eurofirany/images/456420/0.jpg HTTP/2.0" 200 111742 "-" "baselinker"
89.161.206.59 - - [22/Apr/2025:09:11:29 +0200] "GET /Jurek/rems/feeds/rems_skr.xml HTTP/1.0" 200 8706230 "-" "-"
51.77.52.107 - - [22/Apr/2025:09:11:39 +0200] "GET /Jurek/eurofirany/images/456420/0.jpg HTTP/2.0" 200 111742 "-" "baselinker"
51.77.52.107 - - [22/Apr/2025:09:11:45 +0200] "GET /Jurek/eurofirany/images/456420/0.jpg HTTP/2.0" 200 111742 "-" "baselinker"
89.161.206.59 - - [22/Apr/2025:09:11:53 +0200] "GET /Jurek/emaja24/feeds/emaja24_amazones.xml HTTP/1.0" 200 5109760 "-" "-"
89.161.206.59 - - [22/Apr/2025:09:11:55 +0200] "GET /Jurek/hanex/feeds/hanex_amazonde.xml HTTP/1.0" 200 13931580 "-" "-"
89.161.206.59 - - [22/Apr/2025:09:11:55 +0200] "GET /Jurek/playcob/feeds/playcob_amazonde.xml HTTP/1.0" 200 6980100 "-" "-"
89.161.206.59 - - [22/Apr/2025:09:11:55 +0200] "GET /Jurek/kinghoff/feeds/kinghoff_amazonfr.xml HTTP/1.0" 200 15460320 "-" "-"
89.161.206.59 - - [22/Apr/2025:09:11:56 +0200] "GET /Jurek/artdog/feeds/artdog_amazonfr.xml HTTP/1.0" 200 17158569 "-" "-"
46.101.116.244 - - [22/Apr/2025:09:11:56 +0200] "GET /Jurek/aw/feeds/aw_fnacfr.xml HTTP/1.0" 404 3551 "-" "-"
89.161.206.59 - - [22/Apr/2025:09:11:57 +0200] "GET /Jurek/artdog/feeds/artdog_amazones.xml HTTP/1.0" 200 17158791 "-" "-"
89.161.206.59 - - [22/Apr/2025:09:11:58 +0200] "GET /Jurek/kinghoff/feeds/kinghoff_amazones.xml HTTP/1.0" 200 15460401 "-" "-"
51.77.52.107 - - [22/Apr/2025:09:12:04 +0200] "GET /Jurek/eurofirany/images/459351/0.jpg HTTP/2.0" 200 71249 "-" "baselinker"
89.161.206.59 - - [22/Apr/2025:09:12:04 +0200] "GET /Jurek/omi/feeds/omi_amazonde.xml HTTP/1.0" 200 8105586 "-" "-"
89.161.206.59 - - [22/Apr/2025:09:12:05 +0200] "GET /Jurek/smxdesign/feeds/smxdesign_amazonde.xml HTTP/1.0" 200 1829036 "-" "-"
89.161.206.59 - - [22/Apr/2025:09:12:05 +0200] "GET /Jurek/elavia/feeds/elavia_amazonde.xml HTTP/1.0" 200 2497279 "-" "-"
89.161.206.59 - - [22/Apr/2025:09:12:05 +0200] "GET /Jurek/beltimore/feeds/beltimore_amazonde.xml HTTP/1.0" 200 18651707 "-" "-"
89.161.206.59 - - [22/Apr/2025:09:12:06 +0200] "GET /Jurek/roger/feeds/roger_amazonde.xml HTTP/1.0" 200 1396574 "-" "-"
89.161.206.59 - - [22/Apr/2025:09:12:06 +0200] "GET /Jurek/kalama/feeds/kalama_amazonde.xml HTTP/1.0" 200 2541291 "-" "-"
51.77.52.107 - - [22/Apr/2025:09:12:23 +0200] "GET /Jurek/eurofirany/images/459351/0.jpg HTTP/2.0" 200 71249 "-" "baselinker"
51.77.52.107 - - [22/Apr/2025:09:12:37 +0200] "GET /Jurek/eurofirany/images/459351/0.jpg HTTP/2.0" 200 71249 "-" "baselinker"
51.77.52.107 - - [22/Apr/2025:09:12:51 +0200] "GET /Jurek/eurofirany/images/459352/0.jpg HTTP/2.0" 200 91476 "-" "baselinker"
51.77.52.107 - - [22/Apr/2025:09:13:06 +0200] "GET /Jurek/eurofirany/images/459352/0.jpg HTTP/2.0" 200 91476 "-" "baselinker"
51.77.52.107 - - [22/Apr/2025:09:13:23 +0200] "GET /Jurek/eurofirany/images/459352/0.jpg HTTP/2.0" 200 91476 "-" "baselinker"
51.77.52.107 - - [22/Apr/2025:09:13:25 +0200] "GET /Jurek/eurofirany/images/462362/0.jpg HTTP/2.0" 200 84479 "-" "baselinker"
51.77.52.107 - - [22/Apr/2025:09:13:46 +0200] "GET /Jurek/eurofirany/images/462362/0.jpg HTTP/2.0" 200 84479 "-" "baselinker"
46.101.116.244 - - [22/Apr/2025:09:14:01 +0200] "GET /Jurek/hurtownia_przemyslowa/feeds/hp_kaufde.xml HTTP/2.0" 200 49360030 "-" "-"
51.77.52.107 - - [22/Apr/2025:09:14:04 +0200] "GET /Jurek/eurofirany/images/462362/0.jpg HTTP/2.0" 200 84479 "-" "baselinker"
89.161.206.59 - - [22/Apr/2025:09:14:05 +0200] "GET /Jurek/lerutrade/feeds/lerutrade_skr.xml HTTP/1.0" 200 82824 "-" "-"
89.161.206.59 - - [22/Apr/2025:09:14:11 +0200] "GET /Jurek/purewear/feeds/purewear_skroutz.xml HTTP/1.0" 200 13350891 "-" "-"
51.77.52.107 - - [22/Apr/2025:09:14:21 +0200] "GET /Jurek/eurofirany/images/463941/0.jpg HTTP/2.0" 200 104007 "-" "baselinker"
46.101.116.244 - - [22/Apr/2025:09:14:30 +0200] "GET /Jurek/broers/feeds/broers_mallsigs.xml HTTP/2.0" 200 1982585 "-" "-"
51.77.52.107 - - [22/Apr/2025:09:14:36 +0200] "GET /Jurek/eurofirany/images/463941/0.jpg HTTP/2.0" 200 104007 "-" "baselinker"
46.101.116.244 - - [22/Apr/2025:09:14:43 +0200] "GET /Jurek/cdata/feeds/cdata_mallsigs.xml HTTP/2.0" 200 1445075 "-" "-"
51.77.52.107 - - [22/Apr/2025:09:14:43 +0200] "GET /Jurek/eurofirany/images/463941/0.jpg HTTP/2.0" 200 104007 "-" "baselinker"
46.101.116.244 - - [22/Apr/2025:09:14:53 +0200] "GET /Jurek/elavia/feeds/elavia_mallsigs.xml HTTP/2.0" 200 2497274 "-" "-"
51.77.52.107 - - [22/Apr/2025:09:14:58 +0200] "GET /Jurek/eurofirany/images/463997/0.jpg HTTP/2.0" 200 86095 "-" "baselinker"
51.77.52.107 - - [22/Apr/2025:09:15:02 +0200] "GET /Jurek/eurofirany/images/463997/0.jpg HTTP/2.0" 200 86095 "-" "baselinker"
46.101.116.244 - - [22/Apr/2025:09:15:04 +0200] "GET /Jurek/filmal/feeds/filmal_mallsigs.xml HTTP/2.0" 200 139276 "-" "-"
51.77.52.107 - - [22/Apr/2025:09:15:11 +0200] "GET /Jurek/eurofirany/images/463997/0.jpg HTTP/2.0" 200 86095 "-" "baselinker"
46.101.116.244 - - [22/Apr/2025:09:15:14 +0200] "GET /Jurek/jakdroz/feeds/jakdroz_mallsigs.xml HTTP/2.0" 200 4089709 "-" "-"
51.77.52.107 - - [22/Apr/2025:09:15:17 +0200] "GET /Jurek/eurofirany/images/463999/0.jpg HTTP/2.0" 200 101803 "-" "baselinker"
46.101.116.244 - - [22/Apr/2025:09:15:25 +0200] "GET /Jurek/kristronik/feeds/kristronik_mallsigs.xml HTTP/2.0" 200 691979 "-" "-"
46.101.116.244 - - [22/Apr/2025:09:15:35 +0200] "GET /Jurek/nonabox/feeds/nonabox_mallsigs.xml HTTP/2.0" 200 33867 "-" "-"
51.77.52.107 - - [22/Apr/2025:09:15:37 +0200] "GET /Jurek/eurofirany/images/463999/0.jpg HTTP/2.0" 200 101803 "-" "baselinker"
89.161.206.59 - - [22/Apr/2025:09:15:38 +0200] "GET /Jurek/gandalf/feeds/gandalf_skr.xml HTTP/1.0" 200 1082289 "-" "-"
89.161.206.59 - - [22/Apr/2025:09:15:38 +0200] "GET /Jurek/andex/feeds/andex_skr.xml HTTP/1.0" 200 933075 "-" "-"
46.101.116.244 - - [22/Apr/2025:09:15:46 +0200] "GET /Jurek/omi/feeds/omi_mallsigs.xml HTTP/2.0" 200 8105492 "-" "-"
46.101.116.244 - - [22/Apr/2025:09:15:49 +0200] "GET /Jurek/beliani/feeds/beliani_allegro.xml HTTP/1.0" 200 31088244 "-" "-"
51.77.52.107 - - [22/Apr/2025:09:15:49 +0200] "GET /Jurek/eurofirany/images/463999/0.jpg HTTP/2.0" 200 101803 "-" "baselinker"
51.77.52.107 - - [22/Apr/2025:09:15:56 +0200] "GET /Jurek/eurofirany/images/464002/0.jpg HTTP/2.0" 200 96159 "-" "baselinker"
46.101.116.244 - - [22/Apr/2025:09:15:57 +0200] "GET /Jurek/proparts/feeds/proparts_mallsigs.xml HTTP/2.0" 200 707473 "-" "-"
46.101.116.244 - - [22/Apr/2025:09:16:09 +0200] "GET /Jurek/rosfix/feeds/rosfix_mallsigs.xml HTTP/2.0" 200 35769339 "-" "-"
51.77.52.107 - - [22/Apr/2025:09:16:14 +0200] "GET /Jurek/eurofirany/images/464002/0.jpg HTTP/2.0" 200 96159 "-" "baselinker"
51.77.52.107 - - [22/Apr/2025:09:16:19 +0200] "GET /Jurek/eurofirany/images/464002/0.jpg HTTP/2.0" 200 96159 "-" "baselinker"
46.101.116.244 - - [22/Apr/2025:09:16:23 +0200] "GET /Jurek/snibbs/feeds/snibbs_mallsigs.xml HTTP/2.0" 200 74399 "-" "-"
46.101.116.244 - - [22/Apr/2025:09:16:34 +0200] "GET /Jurek/sportprise/feeds/sportprise_mallsigs.xml HTTP/2.0" 200 11782283 "-" "-"
46.101.116.244 - - [22/Apr/2025:09:16:36 +0200] "GET /Jurek/aw/feeds/aw_fnacfr.xml HTTP/1.0" 404 3551 "-" "-"
51.77.52.107 - - [22/Apr/2025:09:16:41 +0200] "GET /Jurek/eurofirany/images/464007/0.jpg HTTP/2.0" 200 97816 "-" "baselinker"
51.77.52.107 - - [22/Apr/2025:09:16:45 +0200] "GET /Jurek/eurofirany/images/464007/0.jpg HTTP/2.0" 200 97816 "-" "baselinker"
46.101.116.244 - - [22/Apr/2025:09:16:47 +0200] "GET /Jurek/techrebal/feeds/techrebal_mallsigs.xml HTTP/2.0" 200 1989731 "-" "-"
51.77.52.107 - - [22/Apr/2025:09:16:49 +0200] "GET /Jurek/eurofirany/images/464007/0.jpg HTTP/2.0" 200 97816 "-" "baselinker"
46.101.116.244 - - [22/Apr/2025:09:16:58 +0200] "GET /Jurek/techrebalina/feeds/techrebalina_mallsigs.xml HTTP/2.0" 200 2011215 "-" "-"
51.77.52.107 - - [22/Apr/2025:09:17:01 +0200] "GET /Jurek/eurofirany/images/464008/0.jpg HTTP/2.0" 200 100112 "-" "baselinker"
51.77.52.107 - - [22/Apr/2025:09:17:07 +0200] "GET /Jurek/eurofirany/images/464008/0.jpg HTTP/2.0" 200 100112 "-" "baselinker"
46.101.116.244 - - [22/Apr/2025:09:17:08 +0200] "GET /Jurek/zbimatyja/feeds/zbimatyja_mallsigs.xml HTTP/2.0" 200 11670103 "-" "-"
51.77.52.107 - - [22/Apr/2025:09:17:12 +0200] "GET /Jurek/eurofirany/images/464008/0.jpg HTTP/2.0" 200 100112 "-" "baselinker"
51.77.52.107 - - [22/Apr/2025:09:17:18 +0200] "GET /Jurek/eurofirany/images/464011/0.jpg HTTP/2.0" 200 100733 "-" "baselinker"
46.101.116.244 - - [22/Apr/2025:09:17:21 +0200] "GET /Jurek/maksik/feeds/maksik_mallsi.xml HTTP/2.0" 200 4084751 "-" "-"
46.101.116.244 - - [22/Apr/2025:09:17:33 +0200] "GET /Jurek/andex/feeds/andex_mallsi.xml HTTP/2.0" 200 1953476 "-" "-"
51.77.52.107 - - [22/Apr/2025:09:17:36 +0200] "GET /Jurek/eurofirany/images/464011/0.jpg HTTP/2.0" 200 100733 "-" "baselinker"
51.77.52.107 - - [22/Apr/2025:09:17:41 +0200] "GET /Jurek/eurofirany/images/464011/0.jpg HTTP/2.0" 200 100733 "-" "baselinker"
46.101.116.244 - - [22/Apr/2025:09:17:45 +0200] "GET /Jurek/german/feeds/german_mallsi.xml HTTP/2.0" 200 2853568 "-" "-"
51.77.52.107 - - [22/Apr/2025:09:17:48 +0200] "GET /Jurek/eurofirany/images/464014/0.jpg HTTP/2.0" 200 94443 "-" "baselinker"
46.101.116.244 - - [22/Apr/2025:09:17:57 +0200] "GET /Jurek/hanex/feeds/hanex_mallsi.xml HTTP/2.0" 200 13931587 "-" "-"
51.77.52.107 - - [22/Apr/2025:09:18:07 +0200] "GET /Jurek/eurofirany/images/464014/0.jpg HTTP/2.0" 200 94443 "-" "baselinker"
46.101.116.244 - - [22/Apr/2025:09:18:11 +0200] "GET /Jurek/maksik/feeds/maksik_mallsi.xml HTTP/2.0" 200 4084751 "-" "-"
51.77.52.107 - - [22/Apr/2025:09:18:12 +0200] "GET /Jurek/eurofirany/images/464014/0.jpg HTTP/2.0" 200 94443 "-" "baselinker"
51.77.52.107 - - [22/Apr/2025:09:18:17 +0200] "GET /Jurek/eurofirany/images/464015/0.jpg HTTP/2.0" 200 104744 "-" "baselinker"
46.101.116.244 - - [22/Apr/2025:09:18:22 +0200] "GET /Jurek/smxdesign/feeds/smxdesign_mallsi.xml HTTP/2.0" 200 1829042 "-" "-"
46.101.116.244 - - [22/Apr/2025:09:18:32 +0200] "GET /Jurek/aiofactory/feeds/aiofactory_mallsi.xml HTTP/2.0" 200 2123771 "-" "-"
51.77.52.107 - - [22/Apr/2025:09:18:36 +0200] "GET /Jurek/eurofirany/images/464015/0.jpg HTTP/2.0" 200 104744 "-" "baselinker"
46.101.116.244 - - [22/Apr/2025:09:18:43 +0200] "GET /Jurek/alucon/feeds/alucon_mallsi.xml HTTP/2.0" 200 553571 "-" "-"
46.101.116.244 - - [22/Apr/2025:09:18:54 +0200] "GET /Jurek/evil/feeds/evil_mallsi.xml HTTP/2.0" 200 306387 "-" "-"
51.77.52.107 - - [22/Apr/2025:09:18:54 +0200] "GET /Jurek/eurofirany/images/464015/0.jpg HTTP/2.0" 200 104744 "-" "baselinker"
51.77.52.107 - - [22/Apr/2025:09:19:00 +0200] "GET /Jurek/eurofirany/images/464017/0.jpg HTTP/2.0" 200 92897 "-" "baselinker"
46.101.116.244 - - [22/Apr/2025:09:19:04 +0200] "GET /Jurek/hlo/feeds/hlo_mallsi.xml HTTP/2.0" 200 4838671 "-" "-"
46.101.116.244 - - [22/Apr/2025:09:19:15 +0200] "GET /Jurek/lgbtshop/feeds/lgbtshop_mallsi.xml HTTP/2.0" 200 219253 "-" "-"
51.77.52.107 - - [22/Apr/2025:09:19:17 +0200] "GET /Jurek/eurofirany/images/464017/0.jpg HTTP/2.0" 200 92897 "-" "baselinker"
51.77.52.107 - - [22/Apr/2025:09:19:22 +0200] "GET /Jurek/eurofirany/images/464017/0.jpg HTTP/2.0" 200 92897 "-" "baselinker"
46.101.116.244 - - [22/Apr/2025:09:19:25 +0200] "GET /Jurek/madrex/feeds/madrex_mallsi.xml HTTP/2.0" 200 466711 "-" "-"
46.101.116.244 - - [22/Apr/2025:09:19:35 +0200] "GET /Jurek/motofan/feeds/motofan_mallsi.xml HTTP/2.0" 200 2392151 "-" "-"
51.77.52.107 - - [22/Apr/2025:09:19:40 +0200] "GET /Jurek/eurofirany/images/464019/0.jpg HTTP/2.0" 200 110059 "-" "baselinker"
51.77.52.107 - - [22/Apr/2025:09:19:45 +0200] "GET /Jurek/eurofirany/images/464019/0.jpg HTTP/2.0" 200 110059 "-" "baselinker"
46.101.116.244 - - [22/Apr/2025:09:19:46 +0200] "GET /Jurek/najtanszysport/feeds/najtanszysport_mallsi.xml HTTP/2.0" 200 3983167 "-" "-"
51.77.52.107 - - [22/Apr/2025:09:19:51 +0200] "GET /Jurek/eurofirany/images/464019/0.jpg HTTP/2.0" 200 110059 "-" "baselinker"
51.77.52.107 - - [22/Apr/2025:09:19:54 +0200] "GET /Jurek/eurofirany/images/467809/0.jpg HTTP/2.0" 200 78296 "-" "baselinker"
46.101.116.244 - - [22/Apr/2025:09:19:57 +0200] "GET /Jurek/nexus/feeds/nexus_mallsi.xml HTTP/2.0" 200 226642 "-" "-"
46.101.116.244 - - [22/Apr/2025:09:20:07 +0200] "GET /Jurek/playcob/feeds/playcob_mallsi.xml HTTP/2.0" 200 6980139 "-" "-"
51.77.52.107 - - [22/Apr/2025:09:20:09 +0200] "GET /Jurek/eurofirany/images/467809/0.jpg HTTP/2.0" 200 78296 "-" "baselinker"
46.101.116.244 - - [22/Apr/2025:09:20:18 +0200] "GET /Jurek/zepnij/feeds/zepnij_mallsi.xml HTTP/2.0" 200 19522728 "-" "-"
51.77.52.107 - - [22/Apr/2025:09:20:28 +0200] "GET /Jurek/eurofirany/images/467809/0.jpg HTTP/2.0" 200 78296 "-" "baselinker"
46.101.116.244 - - [22/Apr/2025:09:20:30 +0200] "GET /Jurek/cbdgreen/feeds/cbdgreen_mallsi.xml HTTP/2.0" 200 50542 "-" "-"
46.101.116.244 - - [22/Apr/2025:09:20:40 +0200] "GET /Jurek/dekornatort/feeds/dekornatort_mallsi.xml HTTP/2.0" 200 225744 "-" "-"
51.77.52.107 - - [22/Apr/2025:09:20:42 +0200] "GET /Jurek/eurofirany/images/467811/0.jpg HTTP/2.0" 200 80213 "-" "baselinker"
46.101.116.244 - - [22/Apr/2025:09:20:50 +0200] "GET /Jurek/globaldeli/feeds/globaldeli_mallsi.xml HTTP/2.0" 200 2590906 "-" "-"
51.77.52.107 - - [22/Apr/2025:09:20:58 +0200] "GET /Jurek/eurofirany/images/467811/0.jpg HTTP/2.0" 200 80213 "-" "baselinker"
46.101.116.244 - - [22/Apr/2025:09:21:01 +0200] "GET /Jurek/kobi/feeds/kobi_mallsi.xml HTTP/2.0" 200 1993206 "-" "-"
46.101.116.244 - - [22/Apr/2025:09:21:12 +0200] "GET /Jurek/lendo/feeds/lendo_mallsi.xml HTTP/2.0" 200 330385 "-" "-"
51.77.52.107 - - [22/Apr/2025:09:21:14 +0200] "GET /Jurek/eurofirany/images/467811/0.jpg HTTP/2.0" 200 80213 "-" "baselinker"
51.77.52.107 - - [22/Apr/2025:09:21:30 +0200] "GET /Jurek/eurofirany/images/468393/0.jpg HTTP/2.0" 200 63787 "-" "baselinker"
51.77.52.107 - - [22/Apr/2025:09:21:47 +0200] "GET /Jurek/eurofirany/images/468393/0.jpg HTTP/2.0" 200 63787 "-" "baselinker"
51.77.52.107 - - [22/Apr/2025:09:22:06 +0200] "GET /Jurek/eurofirany/images/468393/0.jpg HTTP/2.0" 200 63787 "-" "baselinker"
51.77.52.107 - - [22/Apr/2025:09:22:26 +0200] "GET /Jurek/eurofirany/images/467976/0.jpg HTTP/2.0" 200 114304 "-" "baselinker"
46.101.116.244 - - [22/Apr/2025:09:22:33 +0200] "GET /Jurek/naszedzieci/feeds/naszedzieci_mallsi.xml HTTP/2.0" 200 833172423 "-" "-"
95.111.68.150 - - [22/Apr/2025:09:22:35 +0200] "GET /Jurek/eurofirany/images/388719/6.jpg HTTP/2.0" 200 190348 "https://www.google.com/" "Mozilla/5.0 (Linux; Android 14; SM-A256B Build/UP1A.231005.007; wv) AppleWebKit/537.36 (KHTML, like Gecko) Version/4.0 Chrome/135.0.7049.100 Mobile Safari/537.36 GoogleApp/16.14.40.ve.arm64 GoogleLens"
51.77.52.107 - - [22/Apr/2025:09:22:47 +0200] "GET /Jurek/eurofirany/images/467976/0.jpg HTTP/2.0" 200 114304 "-" "baselinker"
51.77.52.107 - - [22/Apr/2025:09:22:56 +0200] "GET /Jurek/eurofirany/images/467976/0.jpg HTTP/2.0" 200 114304 "-" "baselinker"
51.77.52.107 - - [22/Apr/2025:09:23:13 +0200] "GET /Jurek/eurofirany/images/467977/0.jpg HTTP/2.0" 200 125363 "-" "baselinker"
51.77.52.107 - - [22/Apr/2025:09:23:17 +0200] "GET /Jurek/eurofirany/images/467977/0.jpg HTTP/2.0" 200 125363 "-" "baselinker"
51.77.52.107 - - [22/Apr/2025:09:23:22 +0200] "GET /Jurek/eurofirany/images/467977/0.jpg HTTP/2.0" 200 125363 "-" "baselinker"
5.134.208.158 - - [22/Apr/2025:09:23:23 +0200] "GET /Jurek/eurofirany/images/392091/0.jpg HTTP/1.1" 200 91132 "-" "-"
51.77.52.107 - - [22/Apr/2025:09:23:40 +0200] "GET /Jurek/eurofirany/images/467978/0.jpg HTTP/2.0" 200 101891 "-" "baselinker"
51.77.52.107 - - [22/Apr/2025:09:23:45 +0200] "GET /Jurek/eurofirany/images/467978/0.jpg HTTP/2.0" 200 101891 "-" "baselinker"
89.161.206.59 - - [22/Apr/2025:09:23:45 +0200] "GET /Jurek/tsjerzy/feeds/tsjerzy_amazonde.xml HTTP/1.0" 200 3897709 "-" "-"
89.161.206.59 - - [22/Apr/2025:09:23:46 +0200] "GET /Jurek/princelh/feeds/princelh_amazonde.xml HTTP/1.0" 200 133438 "-" "-"
89.161.206.59 - - [22/Apr/2025:09:23:46 +0200] "GET /Jurek/zbimatyja/feeds/zbimatyja_amazonde.xml HTTP/1.0" 200 11670297 "-" "-"
51.77.52.107 - - [22/Apr/2025:09:23:50 +0200] "GET /Jurek/eurofirany/images/467978/0.jpg HTTP/2.0" 200 101891 "-" "baselinker"
51.77.52.107 - - [22/Apr/2025:09:23:55 +0200] "GET /Jurek/eurofirany/images/464077/0.jpg HTTP/2.0" 200 147629 "-" "baselinker"
89.161.206.59 - - [22/Apr/2025:09:23:56 +0200] "GET /Jurek/hurtmeblowy/feeds/hurtmeblowy_ebay.xml HTTP/1.0" 200 5832447 "-" "-"
178.21.154.6 - - [22/Apr/2025:09:24:08 +0200] "GET /Jurek/eurofirany/images/439360/0.jpg HTTP/1.1" 200 77707 "-" "-"
51.77.52.107 - - [22/Apr/2025:09:24:11 +0200] "GET /Jurek/eurofirany/images/464077/0.jpg HTTP/2.0" 200 147629 "-" "baselinker"
51.77.52.107 - - [22/Apr/2025:09:24:27 +0200] "GET /Jurek/eurofirany/images/464077/0.jpg HTTP/2.0" 200 147629 "-" "baselinker"
51.77.52.107 - - [22/Apr/2025:09:24:47 +0200] "GET /Jurek/eurofirany/images/464079/0.jpg HTTP/2.0" 200 191748 "-" "baselinker"
51.77.52.107 - - [22/Apr/2025:09:24:58 +0200] "GET /Jurek/eurofirany/images/464079/0.jpg HTTP/2.0" 200 191748 "-" "baselinker"
51.77.52.107 - - [22/Apr/2025:09:25:03 +0200] "GET /Jurek/eurofirany/images/464079/0.jpg HTTP/2.0" 200 191748 "-" "baselinker"
51.77.52.107 - - [22/Apr/2025:09:25:17 +0200] "GET /Jurek/eurofirany/images/464086/0.jpg HTTP/2.0" 200 169982 "-" "baselinker"
51.77.52.107 - - [22/Apr/2025:09:25:23 +0200] "GET /Jurek/eurofirany/images/464086/0.jpg HTTP/2.0" 200 169982 "-" "baselinker"
51.77.52.107 - - [22/Apr/2025:09:25:38 +0200] "GET /Jurek/eurofirany/images/464086/0.jpg HTTP/2.0" 200 169982 "-" "baselinker"
51.77.52.107 - - [22/Apr/2025:09:25:51 +0200] "GET /Jurek/eurofirany/images/464087/0.jpg HTTP/2.0" 200 178605 "-" "baselinker"
51.77.52.107 - - [22/Apr/2025:09:26:08 +0200] "GET /Jurek/eurofirany/images/464087/0.jpg HTTP/2.0" 200 178605 "-" "baselinker"
51.77.52.107 - - [22/Apr/2025:09:26:15 +0200] "GET /Jurek/eurofirany/images/464087/0.jpg HTTP/2.0" 200 178605 "-" "baselinker"
51.77.52.107 - - [22/Apr/2025:09:26:22 +0200] "GET /Jurek/eurofirany/images/464088/0.jpg HTTP/2.0" 200 172422 "-" "baselinker"
51.77.52.107 - - [22/Apr/2025:09:26:27 +0200] "GET /Jurek/eurofirany/images/464088/0.jpg HTTP/2.0" 200 172422 "-" "baselinker"
51.77.52.107 - - [22/Apr/2025:09:26:33 +0200] "GET /Jurek/eurofirany/images/464088/0.jpg HTTP/2.0" 200 172422 "-" "baselinker"
51.77.52.107 - - [22/Apr/2025:09:26:38 +0200] "GET /Jurek/eurofirany/images/464091/0.jpg HTTP/2.0" 200 191748 "-" "baselinker"
51.77.52.107 - - [22/Apr/2025:09:26:56 +0200] "GET /Jurek/eurofirany/images/464091/0.jpg HTTP/2.0" 200 191748 "-" "baselinker"
51.77.52.107 - - [22/Apr/2025:09:27:02 +0200] "GET /Jurek/eurofirany/images/464091/0.jpg HTTP/2.0" 200 191748 "-" "baselinker"
51.77.52.107 - - [22/Apr/2025:09:27:22 +0200] "GET /Jurek/eurofirany/images/464092/0.jpg HTTP/2.0" 200 148944 "-" "baselinker"
51.77.52.107 - - [22/Apr/2025:09:27:37 +0200] "GET /Jurek/eurofirany/images/464092/0.jpg HTTP/2.0" 200 148944 "-" "baselinker"
51.77.52.107 - - [22/Apr/2025:09:27:43 +0200] "GET /Jurek/eurofirany/images/464092/0.jpg HTTP/2.0" 200 148944 "-" "baselinker"
51.77.52.107 - - [22/Apr/2025:09:28:02 +0200] "GET /Jurek/eurofirany/images/464100/0.jpg HTTP/2.0" 200 191748 "-" "baselinker"
51.77.52.107 - - [22/Apr/2025:09:28:08 +0200] "GET /Jurek/eurofirany/images/464100/0.jpg HTTP/2.0" 200 191748 "-" "baselinker"
51.77.52.107 - - [22/Apr/2025:09:28:15 +0200] "GET /Jurek/eurofirany/images/464100/0.jpg HTTP/2.0" 200 191748 "-" "baselinker"
51.77.52.107 - - [22/Apr/2025:09:28:34 +0200] "GET /Jurek/eurofirany/images/464101/0.jpg HTTP/2.0" 200 148944 "-" "baselinker"
51.77.52.107 - - [22/Apr/2025:09:28:49 +0200] "GET /Jurek/eurofirany/images/464101/0.jpg HTTP/2.0" 200 148944 "-" "baselinker"
51.77.52.107 - - [22/Apr/2025:09:29:06 +0200] "GET /Jurek/eurofirany/images/464101/0.jpg HTTP/2.0" 200 148944 "-" "baselinker"
51.77.52.107 - - [22/Apr/2025:09:29:10 +0200] "GET /Jurek/eurofirany/images/464104/0.jpg HTTP/2.0" 200 169982 "-" "baselinker"
46.101.116.244 - - [22/Apr/2025:09:29:19 +0200] "GET /Jurek/reman/feeds/reman_mallsi.xml HTTP/2.0" 200 1394827 "-" "-"
66.249.64.166 - - [22/Apr/2025:09:29:21 +0200] "GET /Jurek/eurofirany/images/333890/3.jpg HTTP/1.1" 200 61361 "-" "Googlebot-Image/1.0"
51.77.52.107 - - [22/Apr/2025:09:29:25 +0200] "GET /Jurek/eurofirany/images/464104/0.jpg HTTP/2.0" 200 169982 "-" "baselinker"
46.101.116.244 - - [22/Apr/2025:09:29:30 +0200] "GET /Jurek/sartrix/feeds/sartrix_mallsi.xml HTTP/2.0" 200 649185 "-" "-"
46.101.116.244 - - [22/Apr/2025:09:29:40 +0200] "GET /Jurek/szpaklampy/feeds/szpaklampy_mallsi.xml HTTP/2.0" 200 388219 "-" "-"
46.101.116.244 - - [22/Apr/2025:09:29:41 +0200] "GET /Jurek/aw/feeds/aw_fnacfr.xml HTTP/1.0" 404 3551 "-" "-"
51.77.52.107 - - [22/Apr/2025:09:29:42 +0200] "GET /Jurek/eurofirany/images/464104/0.jpg HTTP/2.0" 200 169982 "-" "baselinker"
46.101.116.244 - - [22/Apr/2025:09:29:51 +0200] "GET /Jurek/benetech/feeds/benetech_mallsi.xml HTTP/2.0" 200 4165446 "-" "-"
51.77.52.107 - - [22/Apr/2025:09:29:57 +0200] "GET /Jurek/eurofirany/images/464105/0.jpg HTTP/2.0" 200 178605 "-" "baselinker"
46.101.116.244 - - [22/Apr/2025:09:30:02 +0200] "GET /Jurek/dekoele/feeds/dekoele_mallsi.xml HTTP/2.0" 200 733933 "-" "-"
51.77.52.107 - - [22/Apr/2025:09:30:11 +0200] "GET /Jurek/eurofirany/images/464105/0.jpg HTTP/2.0" 200 178605 "-" "baselinker"
66.135.223.44 - - [22/Apr/2025:09:30:13 +0200] "GET /Jurek/eurofirany/images/448519/0.jpg HTTP/1.1" 200 170027 "-" "Java/17.0.13.0.101"
46.101.116.244 - - [22/Apr/2025:09:30:13 +0200] "GET /Jurek/drewdon/feeds/drewdon_mallsi.xml HTTP/2.0" 200 504429 "-" "-"
51.77.52.107 - - [22/Apr/2025:09:30:18 +0200] "GET /Jurek/eurofirany/images/464105/0.jpg HTTP/2.0" 200 178605 "-" "baselinker"
46.101.116.244 - - [22/Apr/2025:09:30:23 +0200] "GET /Jurek/emaja24/feeds/emaja24_mallsi.xml HTTP/2.0" 200 5109725 "-" "-"
51.77.52.107 - - [22/Apr/2025:09:30:25 +0200] "GET /Jurek/eurofirany/images/464106/0.jpg HTTP/2.0" 200 172422 "-" "baselinker"
46.101.116.244 - - [22/Apr/2025:09:30:38 +0200] "GET /Jurek/muminky/feeds/muminky_mallsi.xml HTTP/2.0" 200 2677736 "-" "-"
51.77.52.107 - - [22/Apr/2025:09:30:42 +0200] "GET /Jurek/eurofirany/images/464106/0.jpg HTTP/2.0" 200 172422 "-" "baselinker"
46.101.116.244 - - [22/Apr/2025:09:30:49 +0200] "GET /Jurek/pupus/feeds/pupus_mallsi.xml HTTP/2.0" 200 6154503 "-" "-"
46.101.116.244 - - [22/Apr/2025:09:31:01 +0200] "GET /Jurek/erohurtownia/feeds/erohurtownia_mallsi.xml HTTP/2.0" 200 22846482 "-" "-"
51.77.52.107 - - [22/Apr/2025:09:31:01 +0200] "GET /Jurek/eurofirany/images/464106/0.jpg HTTP/2.0" 200 172422 "-" "baselinker"
46.101.116.244 - - [22/Apr/2025:09:31:17 +0200] "GET /Jurek/oromed/feeds/oromed_mallsi.xml HTTP/2.0" 200 1103026 "-" "-"
51.77.52.107 - - [22/Apr/2025:09:31:18 +0200] "GET /Jurek/eurofirany/images/467975/0.jpg HTTP/2.0" 200 82907 "-" "baselinker"
51.77.52.107 - - [22/Apr/2025:09:31:32 +0200] "GET /Jurek/eurofirany/images/467975/0.jpg HTTP/2.0" 200 82907 "-" "baselinker"
46.101.116.244 - - [22/Apr/2025:09:31:46 +0200] "GET /Jurek/urwiskowo/feeds/urwiskowo_mallsi.xml HTTP/2.0" 200 9115016 "-" "-"
51.77.52.107 - - [22/Apr/2025:09:31:47 +0200] "GET /Jurek/eurofirany/images/467975/0.jpg HTTP/2.0" 200 82907 "-" "baselinker"
46.101.116.244 - - [22/Apr/2025:09:31:58 +0200] "GET /Jurek/eroplace/feeds/eroplace_mallsi.xml HTTP/2.0" 200 52134386 "-" "-"
178.21.154.6 - - [22/Apr/2025:09:31:59 +0200] "GET /Jurek/eurofirany/images/423211/0.jpg HTTP/1.1" 200 0 "-" "-"
178.21.154.6 - - [22/Apr/2025:09:31:59 +0200] "GET /Jurek/eurofirany/images/423211/0.jpg HTTP/1.1" 200 0 "https://www.ceneo.pl" "Mozilla/5.0 (Windows NT 10.0; WOW64) AppleWebKit/537.36 (KHTML, like Gecko) Chrome/52.0.2743.82 Safari/537.36 OPR/39.0.2256.48"
178.21.154.6 - - [22/Apr/2025:09:31:59 +0200] "GET /Jurek/eurofirany/images/423211/0.jpg HTTP/1.1" 200 0 "-" "-"
178.21.154.6 - - [22/Apr/2025:09:31:59 +0200] "GET /Jurek/eurofirany/images/423211/0.jpg HTTP/1.1" 200 0 "https://www.ceneo.pl" "Mozilla/5.0 (Windows NT 10.0; WOW64) AppleWebKit/537.36 (KHTML, like Gecko) Chrome/52.0.2743.82 Safari/537.36 OPR/39.0.2256.48"
51.77.52.107 - - [22/Apr/2025:09:32:01 +0200] "GET /Jurek/eurofirany/images/420920/0.jpg HTTP/2.0" 200 72732 "-" "baselinker"
51.77.52.107 - - [22/Apr/2025:09:32:17 +0200] "GET /Jurek/eurofirany/images/420920/0.jpg HTTP/2.0" 200 72732 "-" "baselinker"
46.101.116.244 - - [22/Apr/2025:09:32:19 +0200] "GET /Jurek/bass_new/feeds/bass_mallsi.xml HTTP/2.0" 200 7040800 "-" "-"
46.101.116.244 - - [22/Apr/2025:09:32:30 +0200] "GET /Jurek/ekuchcikowo/feeds/ekuchcikowo_mallsi.xml HTTP/2.0" 200 12471012 "-" "-"
