51.77.52.107 - - [22/Apr/2025:04:25:19 +0200] "GET /Jurek/eurofirany/images/460236/0.jpg HTTP/2.0" 200 99402 "-" "baselinker"
185.6.76.166 - - [22/Apr/2025:04:25:24 +0200] "GET /Jurek/eurofirany/images/432282/0.jpg HTTP/1.1" 200 6625 "-" "Skroutz ImageBot v1"
51.77.52.107 - - [22/Apr/2025:04:25:24 +0200] "GET /Jurek/eurofirany/images/460236/0.jpg HTTP/2.0" 200 99402 "-" "baselinker"
51.77.52.107 - - [22/Apr/2025:04:25:29 +0200] "GET /Jurek/eurofirany/images/460236/0.jpg HTTP/2.0" 200 99402 "-" "baselinker"
51.77.52.107 - - [22/Apr/2025:04:25:33 +0200] "GET /Jurek/eurofirany/images/460247/0.jpg HTTP/2.0" 200 99402 "-" "baselinker"
51.77.52.107 - - [22/Apr/2025:04:25:36 +0200] "GET /Jurek/eurofirany/images/460247/0.jpg HTTP/2.0" 200 99402 "-" "baselinker"
40.77.167.45 - - [22/Apr/2025:04:25:37 +0200] "GET /Jurek/topeshop/downloaded_images/5902838464359_KUBABIURKOBRY%C5%81KABIELBOKZM.jpg HTTP/2.0" 404 3551 "-" "Mozilla/5.0 AppleWebKit/537.36 (KHTML, like Gecko; compatible; bingbot/2.0; +http://www.bing.com/bingbot.htm) Chrome/116.0.1938.76 Safari/537.36"
157.55.39.51 - - [22/Apr/2025:04:25:42 +0200] "GET /Jurek/topeshop/downloaded_images/5904507201906_MIJASBIURKOBRY%C5%81KAANTRACYTLEWEBOKZM.jpg HTTP/2.0" 404 3551 "-" "Mozilla/5.0 AppleWebKit/537.36 (KHTML, like Gecko; compatible; bingbot/2.0; +http://www.bing.com/bingbot.htm) Chrome/116.0.1938.76 Safari/537.36"
157.55.39.51 - - [22/Apr/2025:04:25:43 +0200] "GET /Jurek/topeshop/downloaded_images/5902838463741_20st_close.jpg HTTP/2.0" 404 3551 "-" "Mozilla/5.0 AppleWebKit/537.36 (KHTML, like Gecko; compatible; bingbot/2.0; +http://www.bing.com/bingbot.htm) Chrome/116.0.1938.76 Safari/537.36"
51.77.52.107 - - [22/Apr/2025:04:25:45 +0200] "GET /Jurek/eurofirany/images/460247/0.jpg HTTP/2.0" 200 99402 "-" "baselinker"
51.77.52.107 - - [22/Apr/2025:04:25:50 +0200] "GET /Jurek/eurofirany/images/460248/0.jpg HTTP/2.0" 200 64955 "-" "baselinker"
51.77.52.107 - - [22/Apr/2025:04:25:54 +0200] "GET /Jurek/eurofirany/images/460248/0.jpg HTTP/2.0" 200 64955 "-" "baselinker"
51.77.52.107 - - [22/Apr/2025:04:25:58 +0200] "GET /Jurek/eurofirany/images/460248/0.jpg HTTP/2.0" 200 64955 "-" "baselinker"
51.77.52.107 - - [22/Apr/2025:04:26:06 +0200] "GET /Jurek/eurofirany/images/460249/0.jpg HTTP/2.0" 200 70316 "-" "baselinker"
51.77.52.107 - - [22/Apr/2025:04:26:10 +0200] "GET /Jurek/eurofirany/images/460249/0.jpg HTTP/2.0" 200 70316 "-" "baselinker"
51.77.52.107 - - [22/Apr/2025:04:26:17 +0200] "GET /Jurek/eurofirany/images/460249/0.jpg HTTP/2.0" 200 70316 "-" "baselinker"
51.77.52.107 - - [22/Apr/2025:04:26:21 +0200] "GET /Jurek/eurofirany/images/460250/0.jpg HTTP/2.0" 200 114803 "-" "baselinker"
51.77.52.107 - - [22/Apr/2025:04:26:26 +0200] "GET /Jurek/eurofirany/images/460250/0.jpg HTTP/2.0" 200 114803 "-" "baselinker"
51.77.52.107 - - [22/Apr/2025:04:26:30 +0200] "GET /Jurek/eurofirany/images/460250/0.jpg HTTP/2.0" 200 114803 "-" "baselinker"
51.77.52.107 - - [22/Apr/2025:04:26:34 +0200] "GET /Jurek/eurofirany/images/460253/0.jpg HTTP/2.0" 200 81735 "-" "baselinker"
51.77.52.107 - - [22/Apr/2025:04:26:40 +0200] "GET /Jurek/eurofirany/images/460253/0.jpg HTTP/2.0" 200 81735 "-" "baselinker"
51.77.52.107 - - [22/Apr/2025:04:26:44 +0200] "GET /Jurek/eurofirany/images/460253/0.jpg HTTP/2.0" 200 81735 "-" "baselinker"
51.77.52.107 - - [22/Apr/2025:04:26:48 +0200] "GET /Jurek/eurofirany/images/460254/0.jpg HTTP/2.0" 200 81735 "-" "baselinker"
51.77.52.107 - - [22/Apr/2025:04:26:53 +0200] "GET /Jurek/eurofirany/images/460254/0.jpg HTTP/2.0" 200 81735 "-" "baselinker"
51.77.52.107 - - [22/Apr/2025:04:26:57 +0200] "GET /Jurek/eurofirany/images/460254/0.jpg HTTP/2.0" 200 81735 "-" "baselinker"
66.249.64.167 - - [22/Apr/2025:04:27:00 +0200] "GET /Jurek/eurofirany/images/408855/2.jpg HTTP/1.1" 200 103505 "-" "Googlebot-Image/1.0"
51.77.52.107 - - [22/Apr/2025:04:27:05 +0200] "GET /Jurek/eurofirany/images/460264/0.jpg HTTP/2.0" 200 47845 "-" "baselinker"
51.77.52.107 - - [22/Apr/2025:04:27:09 +0200] "GET /Jurek/eurofirany/images/460264/0.jpg HTTP/2.0" 200 47845 "-" "baselinker"
216.244.66.228 - - [22/Apr/2025:04:27:10 +0200] "GET /robots.txt HTTP/1.1" 403 146 "-" "Mozilla/5.0 (compatible; DotBot/1.2; +https://opensiteexplorer.org/dotbot; help@moz.com)"
51.77.52.107 - - [22/Apr/2025:04:27:12 +0200] "GET /Jurek/eurofirany/images/460264/0.jpg HTTP/2.0" 200 47845 "-" "baselinker"
51.77.52.107 - - [22/Apr/2025:04:27:15 +0200] "GET /Jurek/eurofirany/images/460265/0.jpg HTTP/2.0" 200 79980 "-" "baselinker"
51.77.52.107 - - [22/Apr/2025:04:27:19 +0200] "GET /Jurek/eurofirany/images/460265/0.jpg HTTP/2.0" 200 79980 "-" "baselinker"
51.77.52.107 - - [22/Apr/2025:04:27:23 +0200] "GET /Jurek/eurofirany/images/460265/0.jpg HTTP/2.0" 200 79980 "-" "baselinker"
51.77.52.107 - - [22/Apr/2025:04:27:28 +0200] "GET /Jurek/eurofirany/images/460266/0.jpg HTTP/2.0" 200 79980 "-" "baselinker"
51.77.52.107 - - [22/Apr/2025:04:27:40 +0200] "GET /Jurek/eurofirany/images/460266/0.jpg HTTP/2.0" 200 79980 "-" "baselinker"
51.77.52.107 - - [22/Apr/2025:04:27:52 +0200] "GET /Jurek/eurofirany/images/460266/0.jpg HTTP/2.0" 200 79980 "-" "baselinker"
51.77.52.107 - - [22/Apr/2025:04:27:57 +0200] "GET /Jurek/eurofirany/images/460267/0.jpg HTTP/2.0" 200 57925 "-" "baselinker"
51.77.52.107 - - [22/Apr/2025:04:28:01 +0200] "GET /Jurek/eurofirany/images/460267/0.jpg HTTP/2.0" 200 57925 "-" "baselinker"
51.77.52.107 - - [22/Apr/2025:04:28:05 +0200] "GET /Jurek/eurofirany/images/460267/0.jpg HTTP/2.0" 200 57925 "-" "baselinker"
51.77.52.107 - - [22/Apr/2025:04:28:10 +0200] "GET /Jurek/eurofirany/images/460269/0.jpg HTTP/2.0" 200 58329 "-" "baselinker"
51.77.52.107 - - [22/Apr/2025:04:28:15 +0200] "GET /Jurek/eurofirany/images/460269/0.jpg HTTP/2.0" 200 58329 "-" "baselinker"
51.77.52.107 - - [22/Apr/2025:04:28:19 +0200] "GET /Jurek/eurofirany/images/460269/0.jpg HTTP/2.0" 200 58329 "-" "baselinker"
51.77.52.107 - - [22/Apr/2025:04:28:24 +0200] "GET /Jurek/eurofirany/images/460271/0.jpg HTTP/2.0" 200 79024 "-" "baselinker"
51.77.52.107 - - [22/Apr/2025:04:28:28 +0200] "GET /Jurek/eurofirany/images/460271/0.jpg HTTP/2.0" 200 79024 "-" "baselinker"
51.77.52.107 - - [22/Apr/2025:04:28:32 +0200] "GET /Jurek/eurofirany/images/460271/0.jpg HTTP/2.0" 200 79024 "-" "baselinker"
51.77.52.107 - - [22/Apr/2025:04:28:36 +0200] "GET /Jurek/eurofirany/images/460272/0.jpg HTTP/2.0" 200 79024 "-" "baselinker"
51.77.52.107 - - [22/Apr/2025:04:28:52 +0200] "GET /Jurek/eurofirany/images/460272/0.jpg HTTP/2.0" 200 79024 "-" "baselinker"
51.77.52.107 - - [22/Apr/2025:04:28:57 +0200] "GET /Jurek/eurofirany/images/460272/0.jpg HTTP/2.0" 200 79024 "-" "baselinker"
51.77.52.107 - - [22/Apr/2025:04:29:02 +0200] "GET /Jurek/eurofirany/images/379123/0.jpg HTTP/2.0" 200 127377 "-" "baselinker"
66.249.64.167 - - [22/Apr/2025:04:29:09 +0200] "GET /Jurek/eurofirany/images/391481/7.jpg HTTP/1.1" 200 78604 "-" "Googlebot-Image/1.0"
51.77.52.107 - - [22/Apr/2025:04:29:18 +0200] "GET /Jurek/eurofirany/images/379123/0.jpg HTTP/2.0" 200 127377 "-" "baselinker"
51.77.52.107 - - [22/Apr/2025:04:29:33 +0200] "GET /Jurek/eurofirany/images/379123/0.jpg HTTP/2.0" 200 127377 "-" "baselinker"
51.77.52.107 - - [22/Apr/2025:04:29:48 +0200] "GET /Jurek/eurofirany/images/379148/0.jpg HTTP/2.0" 200 106168 "-" "baselinker"
51.77.52.107 - - [22/Apr/2025:04:30:01 +0200] "GET /Jurek/eurofirany/images/379148/0.jpg HTTP/2.0" 200 106168 "-" "baselinker"
51.77.52.107 - - [22/Apr/2025:04:30:17 +0200] "GET /Jurek/eurofirany/images/379148/0.jpg HTTP/2.0" 200 106168 "-" "baselinker"
51.77.52.107 - - [22/Apr/2025:04:30:28 +0200] "GET /Jurek/eurofirany/images/387914/0.jpg HTTP/2.0" 200 153448 "-" "baselinker"
52.167.144.167 - - [22/Apr/2025:04:30:38 +0200] "GET /Jurek/eurofirany/images/423214/0.jpg HTTP/2.0" 200 0 "-" "Mozilla/5.0 AppleWebKit/537.36 (KHTML, like Gecko; compatible; bingbot/2.0; +http://www.bing.com/bingbot.htm) Chrome/116.0.1938.76 Safari/537.36"
207.46.13.116 - - [22/Apr/2025:04:30:42 +0200] "GET /Jurek/topeshop/downloaded_images/5904507201876_KUBABIURKOBRY%C5%81KAANTRACYTBOKZM.jpg HTTP/2.0" 404 3551 "-" "Mozilla/5.0 AppleWebKit/537.36 (KHTML, like Gecko; compatible; bingbot/2.0; +http://www.bing.com/bingbot.htm) Chrome/116.0.1938.76 Safari/537.36"
51.77.52.107 - - [22/Apr/2025:04:30:42 +0200] "GET /Jurek/eurofirany/images/387914/0.jpg HTTP/2.0" 200 153448 "-" "baselinker"
51.77.52.107 - - [22/Apr/2025:04:30:45 +0200] "GET /Jurek/eurofirany/images/387914/0.jpg HTTP/2.0" 200 153448 "-" "baselinker"
51.77.52.107 - - [22/Apr/2025:04:30:51 +0200] "GET /Jurek/eurofirany/images/387915/0.jpg HTTP/2.0" 200 155777 "-" "baselinker"
51.77.52.107 - - [22/Apr/2025:04:30:57 +0200] "GET /Jurek/eurofirany/images/387915/0.jpg HTTP/2.0" 200 155777 "-" "baselinker"
46.101.116.244 - - [22/Apr/2025:04:31:14 +0200] "GET /Jurek/aw/feeds/aw_fnacfr.xml HTTP/1.0" 404 3551 "-" "-"
51.77.52.107 - - [22/Apr/2025:04:31:15 +0200] "GET /Jurek/eurofirany/images/387915/0.jpg HTTP/2.0" 200 155777 "-" "baselinker"
51.77.52.107 - - [22/Apr/2025:04:31:18 +0200] "GET /Jurek/eurofirany/images/423233/0.jpg HTTP/2.0" 200 119387 "-" "baselinker"
89.161.206.59 - - [22/Apr/2025:04:31:19 +0200] "GET /Jurek/sportprise/feeds/sportprise_cdsc.xml HTTP/1.0" 200 16750670 "-" "-"
89.161.206.59 - - [22/Apr/2025:04:31:20 +0200] "GET /Jurek/princelh/feeds/princelh_cdsc.xml HTTP/1.0" 200 123628 "-" "-"
89.161.206.59 - - [22/Apr/2025:04:31:20 +0200] "GET /Jurek/muminky/feeds/muminky_cdsc.xml HTTP/1.0" 200 2935931 "-" "-"
89.161.206.59 - - [22/Apr/2025:04:31:20 +0200] "GET /Jurek/nexus/feeds/nexus_cdsc.xml HTTP/1.0" 200 325920 "-" "-"
89.161.206.59 - - [22/Apr/2025:04:31:22 +0200] "GET /Jurek/tsjerzy/feeds/tsjerzy_cdsc.xml HTTP/1.0" 200 4383182 "-" "-"
89.161.206.59 - - [22/Apr/2025:04:31:22 +0200] "GET /Jurek/cenoman/feeds/cenoman_cdsc.xml HTTP/1.0" 200 4589278 "-" "-"
89.161.206.59 - - [22/Apr/2025:04:31:23 +0200] "GET /Jurek/narzbud/feeds/narzbud_cdsc.xml HTTP/1.0" 200 1227805 "-" "-"
89.161.206.59 - - [22/Apr/2025:04:31:23 +0200] "GET /Jurek/kalama/feeds/kalama_cdsc.xml HTTP/1.0" 200 1573993 "-" "-"
51.77.52.107 - - [22/Apr/2025:04:31:24 +0200] "GET /Jurek/eurofirany/images/423233/0.jpg HTTP/2.0" 200 119387 "-" "baselinker"
51.77.52.107 - - [22/Apr/2025:04:31:29 +0200] "GET /Jurek/eurofirany/images/423233/0.jpg HTTP/2.0" 200 119387 "-" "baselinker"
51.77.52.107 - - [22/Apr/2025:04:31:32 +0200] "GET /Jurek/eurofirany/images/423234/0.jpg HTTP/2.0" 200 120064 "-" "baselinker"
51.77.52.107 - - [22/Apr/2025:04:31:42 +0200] "GET /Jurek/eurofirany/images/423234/0.jpg HTTP/2.0" 200 120064 "-" "baselinker"
66.135.223.44 - - [22/Apr/2025:04:31:53 +0200] "GET /Jurek/topeshop/downloaded_images/5902838468012_23_white_pp.jpg HTTP/1.1" 200 104072 "http://www.ebay.com/" "Mozilla/4.0 (compatible; MSIE 4.01; Windows NT)"
66.135.223.44 - - [22/Apr/2025:04:31:54 +0200] "GET /Jurek/topeshop/downloaded_images/5902838468012_Plus_biel_wiz.jpg HTTP/1.1" 404 3551 "http://www.ebay.com/" "Mozilla/4.0 (compatible; MSIE 4.01; Windows NT)"
66.135.223.44 - - [22/Apr/2025:04:31:54 +0200] "GET /Jurek/topeshop/downloaded_images/5902838468012_23_white_(1).png HTTP/1.1" 200 175821 "http://www.ebay.com/" "Mozilla/4.0 (compatible; MSIE 4.01; Windows NT)"
51.77.52.107 - - [22/Apr/2025:04:31:59 +0200] "GET /Jurek/eurofirany/images/423234/0.jpg HTTP/2.0" 200 120064 "-" "baselinker"
51.77.52.107 - - [22/Apr/2025:04:32:15 +0200] "GET /Jurek/eurofirany/images/423241/0.jpg HTTP/2.0" 200 174551 "-" "baselinker"
51.77.52.107 - - [22/Apr/2025:04:32:31 +0200] "GET /Jurek/eurofirany/images/423241/0.jpg HTTP/2.0" 200 174551 "-" "baselinker"
51.77.52.107 - - [22/Apr/2025:04:32:46 +0200] "GET /Jurek/eurofirany/images/423241/0.jpg HTTP/2.0" 200 174551 "-" "baselinker"
51.77.52.107 - - [22/Apr/2025:04:33:01 +0200] "GET /Jurek/eurofirany/images/423242/0.jpg HTTP/2.0" 200 165101 "-" "baselinker"
51.77.52.107 - - [22/Apr/2025:04:33:08 +0200] "GET /Jurek/eurofirany/images/423242/0.jpg HTTP/2.0" 200 165101 "-" "baselinker"
51.77.52.107 - - [22/Apr/2025:04:33:23 +0200] "GET /Jurek/eurofirany/images/423242/0.jpg HTTP/2.0" 200 165101 "-" "baselinker"
66.249.64.166 - - [22/Apr/2025:04:33:26 +0200] "GET /Jurek/eurofirany/images/372640/1.jpg HTTP/1.1" 200 41854 "-" "Googlebot-Image/1.0"
51.77.52.107 - - [22/Apr/2025:04:33:31 +0200] "GET /Jurek/eurofirany/images/423250/0.jpg HTTP/2.0" 200 193788 "-" "baselinker"
51.77.52.107 - - [22/Apr/2025:04:33:37 +0200] "GET /Jurek/eurofirany/images/423250/0.jpg HTTP/2.0" 200 193788 "-" "baselinker"
51.77.52.107 - - [22/Apr/2025:04:33:47 +0200] "GET /Jurek/eurofirany/images/423250/0.jpg HTTP/2.0" 200 193788 "-" "baselinker"
51.77.52.107 - - [22/Apr/2025:04:33:54 +0200] "GET /Jurek/eurofirany/images/423251/0.jpg HTTP/2.0" 200 185938 "-" "baselinker"
51.77.52.107 - - [22/Apr/2025:04:34:02 +0200] "GET /Jurek/eurofirany/images/423251/0.jpg HTTP/2.0" 200 185938 "-" "baselinker"
51.77.52.107 - - [22/Apr/2025:04:34:09 +0200] "GET /Jurek/eurofirany/images/423251/0.jpg HTTP/2.0" 200 185938 "-" "baselinker"
51.77.52.107 - - [22/Apr/2025:04:34:27 +0200] "GET /Jurek/eurofirany/images/436054/0.jpg HTTP/2.0" 200 136620 "-" "baselinker"
51.77.52.107 - - [22/Apr/2025:04:34:33 +0200] "GET /Jurek/eurofirany/images/436054/0.jpg HTTP/2.0" 200 136620 "-" "baselinker"
51.77.52.107 - - [22/Apr/2025:04:34:36 +0200] "GET /Jurek/eurofirany/images/436054/0.jpg HTTP/2.0" 200 136620 "-" "baselinker"
51.77.52.107 - - [22/Apr/2025:04:34:42 +0200] "GET /Jurek/eurofirany/images/436055/0.jpg HTTP/2.0" 200 135678 "-" "baselinker"
52.18.22.0 - - [22/Apr/2025:04:34:51 +0200] "GET /marketplaces/worten2/results/worten.csv HTTP/1.1" 200 147217 "-" "Mirakl HttpClient"
51.77.52.107 - - [22/Apr/2025:04:34:55 +0200] "GET /Jurek/eurofirany/images/436055/0.jpg HTTP/2.0" 200 135678 "-" "baselinker"
51.77.52.107 - - [22/Apr/2025:04:35:11 +0200] "GET /Jurek/eurofirany/images/436055/0.jpg HTTP/2.0" 200 135678 "-" "baselinker"
51.77.52.107 - - [22/Apr/2025:04:35:17 +0200] "GET /Jurek/eurofirany/images/436062/0.jpg HTTP/2.0" 200 153983 "-" "baselinker"
51.77.52.107 - - [22/Apr/2025:04:35:32 +0200] "GET /Jurek/eurofirany/images/436062/0.jpg HTTP/2.0" 200 153983 "-" "baselinker"
51.77.52.107 - - [22/Apr/2025:04:35:48 +0200] "GET /Jurek/eurofirany/images/436062/0.jpg HTTP/2.0" 200 153983 "-" "baselinker"
51.77.52.107 - - [22/Apr/2025:04:36:06 +0200] "GET /Jurek/eurofirany/images/440525/0.jpg HTTP/2.0" 200 129565 "-" "baselinker"
51.77.52.107 - - [22/Apr/2025:04:36:14 +0200] "GET /Jurek/eurofirany/images/440525/0.jpg HTTP/2.0" 200 129565 "-" "baselinker"
51.77.52.107 - - [22/Apr/2025:04:36:30 +0200] "GET /Jurek/eurofirany/images/440525/0.jpg HTTP/2.0" 200 129565 "-" "baselinker"
46.101.116.244 - - [22/Apr/2025:04:36:31 +0200] "GET /Jurek/aw/feeds/aw_fnacfr.xml HTTP/1.0" 404 3551 "-" "-"
51.77.52.107 - - [22/Apr/2025:04:36:47 +0200] "GET /Jurek/eurofirany/images/440528/0.jpg HTTP/2.0" 200 198053 "-" "baselinker"
51.77.52.107 - - [22/Apr/2025:04:36:55 +0200] "GET /Jurek/eurofirany/images/440528/0.jpg HTTP/2.0" 200 198053 "-" "baselinker"
51.77.52.107 - - [22/Apr/2025:04:37:01 +0200] "GET /Jurek/eurofirany/images/440528/0.jpg HTTP/2.0" 200 198053 "-" "baselinker"
51.77.52.107 - - [22/Apr/2025:04:37:09 +0200] "GET /Jurek/eurofirany/images/440529/0.jpg HTTP/2.0" 200 177008 "-" "baselinker"
51.77.52.107 - - [22/Apr/2025:04:37:23 +0200] "GET /Jurek/eurofirany/images/440529/0.jpg HTTP/2.0" 200 177008 "-" "baselinker"
51.77.52.107 - - [22/Apr/2025:04:37:30 +0200] "GET /Jurek/eurofirany/images/440529/0.jpg HTTP/2.0" 200 177008 "-" "baselinker"
51.77.52.107 - - [22/Apr/2025:04:37:36 +0200] "GET /Jurek/eurofirany/images/379122/0.jpg HTTP/2.0" 200 127377 "-" "baselinker"
51.77.52.107 - - [22/Apr/2025:04:37:50 +0200] "GET /Jurek/eurofirany/images/379122/0.jpg HTTP/2.0" 200 127377 "-" "baselinker"
89.161.206.59 - - [22/Apr/2025:04:37:51 +0200] "GET /Jurek/eurofirany/feeds/eurofirany_skroutz.xml HTTP/1.0" 200 18778149 "-" "-"
51.77.52.107 - - [22/Apr/2025:04:38:04 +0200] "GET /Jurek/eurofirany/images/379122/0.jpg HTTP/2.0" 200 127377 "-" "baselinker"
51.77.52.107 - - [22/Apr/2025:04:38:08 +0200] "GET /Jurek/eurofirany/images/436570/0.jpg HTTP/2.0" 200 150934 "-" "baselinker"
51.77.52.107 - - [22/Apr/2025:04:38:30 +0200] "GET /Jurek/eurofirany/images/436570/0.jpg HTTP/2.0" 200 150934 "-" "baselinker"
51.77.52.107 - - [22/Apr/2025:04:38:36 +0200] "GET /Jurek/eurofirany/images/436570/0.jpg HTTP/2.0" 200 150934 "-" "baselinker"
66.249.64.165 - - [22/Apr/2025:04:38:47 +0200] "GET /Jurek/eurofirany/images/383362/0.jpg HTTP/1.1" 200 73860 "-" "Googlebot-Image/1.0"
51.77.52.107 - - [22/Apr/2025:04:38:51 +0200] "GET /Jurek/eurofirany/images/436571/0.jpg HTTP/2.0" 200 171714 "-" "baselinker"
51.77.52.107 - - [22/Apr/2025:04:38:57 +0200] "GET /Jurek/eurofirany/images/436571/0.jpg HTTP/2.0" 200 171714 "-" "baselinker"
51.77.52.107 - - [22/Apr/2025:04:39:16 +0200] "GET /Jurek/eurofirany/images/436571/0.jpg HTTP/2.0" 200 171714 "-" "baselinker"
51.77.52.107 - - [22/Apr/2025:04:39:33 +0200] "GET /Jurek/eurofirany/images/456017/0.jpg HTTP/2.0" 200 99673 "-" "baselinker"
46.101.116.244 - - [22/Apr/2025:04:39:43 +0200] "GET /Jurek/topeshop/feeds/topeshop_skr.xml HTTP/1.0" 200 919913 "-" "-"
51.77.52.107 - - [22/Apr/2025:04:39:45 +0200] "GET /Jurek/eurofirany/images/456017/0.jpg HTTP/2.0" 200 99673 "-" "baselinker"
51.77.52.107 - - [22/Apr/2025:04:39:51 +0200] "GET /Jurek/eurofirany/images/456017/0.jpg HTTP/2.0" 200 99673 "-" "baselinker"
66.249.64.165 - - [22/Apr/2025:04:39:52 +0200] "GET /Jurek/eurofirany/images/383326/0.jpg HTTP/1.1" 200 93037 "-" "Googlebot-Image/1.0"
51.77.52.107 - - [22/Apr/2025:04:39:56 +0200] "GET /Jurek/eurofirany/images/452284/0.jpg HTTP/2.0" 200 116594 "-" "baselinker"
51.77.52.107 - - [22/Apr/2025:04:40:13 +0200] "GET /Jurek/eurofirany/images/452284/0.jpg HTTP/2.0" 200 116594 "-" "baselinker"
51.77.52.107 - - [22/Apr/2025:04:40:29 +0200] "GET /Jurek/eurofirany/images/452284/0.jpg HTTP/2.0" 200 116594 "-" "baselinker"
51.77.52.107 - - [22/Apr/2025:04:40:40 +0200] "GET /Jurek/eurofirany/images/456116/0.jpg HTTP/2.0" 200 35973 "-" "baselinker"
51.77.52.107 - - [22/Apr/2025:04:40:51 +0200] "GET /Jurek/eurofirany/images/456116/0.jpg HTTP/2.0" 200 35973 "-" "baselinker"
51.77.52.107 - - [22/Apr/2025:04:41:04 +0200] "GET /Jurek/eurofirany/images/456116/0.jpg HTTP/2.0" 200 35973 "-" "baselinker"
46.101.116.244 - - [22/Apr/2025:04:41:09 +0200] "GET /Jurek/aw/feeds/aw_fnacfr.xml HTTP/1.0" 404 3551 "-" "-"
216.113.184.103 - - [22/Apr/2025:04:41:16 +0200] "GET /Jurek/topeshop/downloaded_images/5904507202392_Modern2P_Biel(3).jpg HTTP/1.1" 404 3551 "http://www.ebay.com/" "Mozilla/4.0 (compatible; MSIE 4.01; Windows NT)"
216.113.184.102 - - [22/Apr/2025:04:41:16 +0200] "GET /Jurek/topeshop/downloaded_images/5904507202392_Modern2P_Biel(1).jpg HTTP/1.1" 404 3551 "http://www.ebay.com/" "Mozilla/4.0 (compatible; MSIE 4.01; Windows NT)"
216.113.184.101 - - [22/Apr/2025:04:41:16 +0200] "GET /Jurek/topeshop/downloaded_images/5904507202392_Wymiary_biel_Obszar_roboczy_1.jpg HTTP/1.1" 200 37398 "http://www.ebay.com/" "Mozilla/4.0 (compatible; MSIE 4.01; Windows NT)"
216.113.184.104 - - [22/Apr/2025:04:41:16 +0200] "GET /Jurek/topeshop/downloaded_images/5904507202392_Modern2P_Biel(2).jpg HTTP/1.1" 404 3551 "http://www.ebay.com/" "Mozilla/4.0 (compatible; MSIE 4.01; Windows NT)"
216.113.184.102 - - [22/Apr/2025:04:41:16 +0200] "GET /Jurek/topeshop/downloaded_images/5904507202392_20_st.jpg HTTP/1.1" 200 33576 "http://www.ebay.com/" "Mozilla/4.0 (compatible; MSIE 4.01; Windows NT)"
216.113.184.101 - - [22/Apr/2025:04:41:16 +0200] "GET /Jurek/topeshop/downloaded_images/5904507202392_front.jpg HTTP/1.1" 200 29847 "http://www.ebay.com/" "Mozilla/4.0 (compatible; MSIE 4.01; Windows NT)"
216.113.184.102 - - [22/Apr/2025:04:41:16 +0200] "GET /Jurek/topeshop/downloaded_images/5904507202392_Modern2P_Biel(4).jpg HTTP/1.1" 404 3551 "http://www.ebay.com/" "Mozilla/4.0 (compatible; MSIE 4.01; Windows NT)"
216.113.184.104 - - [22/Apr/2025:04:41:16 +0200] "GET /Jurek/topeshop/downloaded_images/5904507202392_Modern2P_Biel(5).jpg HTTP/1.1" 404 3551 "http://www.ebay.com/" "Mozilla/4.0 (compatible; MSIE 4.01; Windows NT)"
51.77.52.107 - - [22/Apr/2025:04:41:17 +0200] "GET /Jurek/eurofirany/images/456061/0.jpg HTTP/2.0" 200 52338 "-" "baselinker"
216.113.184.102 - - [22/Apr/2025:04:41:17 +0200] "GET /Jurek/topeshop/downloaded_images/5904507202392_biel.png HTTP/1.1" 200 1318714 "http://www.ebay.com/" "Mozilla/4.0 (compatible; MSIE 4.01; Windows NT)"
51.77.52.107 - - [22/Apr/2025:04:41:24 +0200] "GET /Jurek/eurofirany/images/456061/0.jpg HTTP/2.0" 200 52338 "-" "baselinker"
51.77.52.107 - - [22/Apr/2025:04:41:34 +0200] "GET /Jurek/eurofirany/images/456061/0.jpg HTTP/2.0" 200 52338 "-" "baselinker"
51.77.52.107 - - [22/Apr/2025:04:41:46 +0200] "GET /Jurek/eurofirany/images/456063/0.jpg HTTP/2.0" 200 53208 "-" "baselinker"
51.77.52.107 - - [22/Apr/2025:04:42:00 +0200] "GET /Jurek/eurofirany/images/456063/0.jpg HTTP/2.0" 200 53208 "-" "baselinker"
51.77.52.107 - - [22/Apr/2025:04:42:11 +0200] "GET /Jurek/eurofirany/images/456063/0.jpg HTTP/2.0" 200 53208 "-" "baselinker"
51.77.52.107 - - [22/Apr/2025:04:42:24 +0200] "GET /Jurek/eurofirany/images/456065/0.jpg HTTP/2.0" 200 64266 "-" "baselinker"
51.77.52.107 - - [22/Apr/2025:04:42:37 +0200] "GET /Jurek/eurofirany/images/456065/0.jpg HTTP/2.0" 200 64266 "-" "baselinker"
51.77.52.107 - - [22/Apr/2025:04:42:49 +0200] "GET /Jurek/eurofirany/images/456065/0.jpg HTTP/2.0" 200 64266 "-" "baselinker"
51.77.52.107 - - [22/Apr/2025:04:43:02 +0200] "GET /Jurek/eurofirany/images/456071/0.jpg HTTP/2.0" 200 94173 "-" "baselinker"
46.101.116.244 - - [22/Apr/2025:04:43:04 +0200] "GET /Jurek/fernity/feeds/fernity_manomano.xml HTTP/1.0" 200 4816604 "-" "-"
89.161.206.59 - - [22/Apr/2025:04:43:07 +0200] "GET /Jurek/eurofirany/feeds/eurofirany_manomanofr.xml HTTP/1.0" 200 19070632 "-" "-"
51.77.52.107 - - [22/Apr/2025:04:43:16 +0200] "GET /Jurek/eurofirany/images/456071/0.jpg HTTP/2.0" 200 94173 "-" "baselinker"
89.161.206.59 - - [22/Apr/2025:04:43:18 +0200] "GET /Jurek/ikonka/feeds/ikonka_amazonDE.xml HTTP/1.0" 200 22171269 "-" "-"
89.161.206.59 - - [22/Apr/2025:04:43:19 +0200] "GET /Jurek/ikonka/feeds/ikonka_amazonIT.xml HTTP/1.0" 200 22171308 "-" "-"
89.161.206.59 - - [22/Apr/2025:04:43:19 +0200] "GET /Jurek/ikonka/feeds/ikonka_amazonFR.xml HTTP/1.0" 200 22171304 "-" "-"
89.161.206.59 - - [22/Apr/2025:04:43:20 +0200] "GET /Jurek/ikonka/feeds/ikonka_amazonES.xml HTTP/1.0" 200 22171269 "-" "-"
89.161.206.59 - - [22/Apr/2025:04:43:21 +0200] "GET /Jurek/ikonka/feeds/ikonka_amazonNL.xml HTTP/1.0" 200 22171288 "-" "-"
89.161.206.59 - - [22/Apr/2025:04:43:22 +0200] "GET /Jurek/hurtownia_przemyslowa/feeds/hp_amazonFR.xml HTTP/1.0" 200 49362441 "-" "-"
89.161.206.59 - - [22/Apr/2025:04:43:23 +0200] "GET /Jurek/hurtownia_przemyslowa/feeds/hp_amazonIT.xml HTTP/1.0" 200 49362359 "-" "-"
89.161.206.59 - - [22/Apr/2025:04:43:24 +0200] "GET /Jurek/hurtownia_przemyslowa/feeds/hp_amazonNL.xml HTTP/1.0" 200 49361950 "-" "-"
89.161.206.59 - - [22/Apr/2025:04:43:25 +0200] "GET /Jurek/hurtownia_przemyslowa/feeds/hp_amazonSE.xml HTTP/1.0" 200 49377528 "-" "-"
51.77.52.107 - - [22/Apr/2025:04:43:26 +0200] "GET /Jurek/eurofirany/images/456071/0.jpg HTTP/2.0" 200 94173 "-" "baselinker"
89.161.206.59 - - [22/Apr/2025:04:43:28 +0200] "GET /Jurek/waks/feeds/waks_amazonde.xml HTTP/1.0" 200 1596552 "-" "-"
89.161.206.59 - - [22/Apr/2025:04:43:28 +0200] "GET /Jurek/waks/feeds/waks_amazonfr.xml HTTP/1.0" 200 1596552 "-" "-"
89.161.206.59 - - [22/Apr/2025:04:43:28 +0200] "GET /Jurek/waks/feeds/waks_amazonit.xml HTTP/1.0" 200 1596552 "-" "-"
89.161.206.59 - - [22/Apr/2025:04:43:28 +0200] "GET /Jurek/waks/feeds/waks_amazones.xml HTTP/1.0" 200 1596552 "-" "-"
89.161.206.59 - - [22/Apr/2025:04:43:29 +0200] "GET /Jurek/waks/feeds/waks_amazonnl.xml HTTP/1.0" 200 1594465 "-" "-"
89.161.206.59 - - [22/Apr/2025:04:43:29 +0200] "GET /Jurek/waks/feeds/waks_amazonse.xml HTTP/1.0" 200 1598638 "-" "-"
89.161.206.59 - - [22/Apr/2025:04:43:30 +0200] "GET /Jurek/swiatecznygoliat/feeds/swiatecznygoliat_amazonde.xml HTTP/1.0" 200 7054397 "-" "-"
89.161.206.59 - - [22/Apr/2025:04:43:35 +0200] "GET /Jurek/beautycare/feeds/beautycare_amazonde.xml HTTP/1.0" 200 1181278 "-" "-"
46.101.116.244 - - [22/Apr/2025:04:46:14 +0200] "GET /Jurek/aw/feeds/aw_fnacfr.xml HTTP/1.0" 404 3551 "-" "-"
89.161.206.59 - - [22/Apr/2025:04:46:56 +0200] "GET /Jurek/ikonka/feeds/ikonka_skroutz.xml HTTP/1.0" 200 22171332 "-" "-"
66.249.64.167 - - [22/Apr/2025:04:48:26 +0200] "GET /Jurek/eurofirany/images/400180/5.jpg HTTP/1.1" 200 60735 "-" "Googlebot-Image/1.0"
89.161.206.59 - - [22/Apr/2025:04:48:33 +0200] "GET /Jurek/fernity/feeds/fernity_skroutz.xml HTTP/1.0" 200 4816776 "-" "-"
89.161.206.59 - - [22/Apr/2025:04:48:42 +0200] "GET /Jurek/activeshop/feeds/activeshop_skroutz.xml HTTP/1.0" 200 10453420 "-" "-"
46.101.116.244 - - [22/Apr/2025:04:49:24 +0200] "GET /Jurek/beliani/feeds/beliani_skroutz.xml HTTP/1.0" 200 31084988 "-" "-"
66.249.64.166 - - [22/Apr/2025:04:50:35 +0200] "GET /Jurek/eurofirany/images/408855/3.jpg HTTP/1.1" 200 6595 "-" "Googlebot-Image/1.0"
40.77.167.12 - - [22/Apr/2025:04:50:36 +0200] "GET /Jurek/topeshop/downloaded_images/5902838461129_1_Sonoma_mix.png HTTP/2.0" 404 3551 "-" "Mozilla/5.0 AppleWebKit/537.36 (KHTML, like Gecko; compatible; bingbot/2.0; +http://www.bing.com/bingbot.htm) Chrome/116.0.1938.76 Safari/537.36"
46.101.116.244 - - [22/Apr/2025:04:51:13 +0200] "GET /Jurek/aw/feeds/aw_fnacfr.xml HTTP/1.0" 404 3551 "-" "-"
46.101.116.244 - - [22/Apr/2025:04:52:18 +0200] "GET /Jurek/aw/feeds/awnarzedzia_skroutz.xml HTTP/1.0" 200 90416746 "-" "-"
89.161.206.59 - - [22/Apr/2025:04:53:01 +0200] "GET /Jurek/cbdgreen/feeds/cbdgreen_skroutz.xml HTTP/1.0" 200 30340 "-" "-"
89.161.206.59 - - [22/Apr/2025:04:53:31 +0200] "GET /Jurek/smxdesign/feeds/smxdesign_skroutz.xml HTTP/1.0" 200 1829035 "-" "-"
89.161.206.59 - - [22/Apr/2025:04:53:33 +0200] "GET /Jurek/proparts/feeds/proparts_skroutz.xml HTTP/1.0" 200 707501 "-" "-"
89.161.206.59 - - [22/Apr/2025:04:53:37 +0200] "GET /Jurek/beltimore/feeds/beltimore_skroutz.xml HTTP/1.0" 200 18651718 "-" "-"
89.161.206.59 - - [22/Apr/2025:04:53:38 +0200] "GET /Jurek/kristronik/feeds/kristronik_skroutz.xml HTTP/1.0" 200 691970 "-" "-"
89.161.206.59 - - [22/Apr/2025:04:53:42 +0200] "GET /Jurek/galopibhp/feeds/galopibhp_skroutz.xml HTTP/1.0" 200 1852318 "-" "-"
89.161.206.59 - - [22/Apr/2025:04:53:51 +0200] "GET /Jurek/techrebalina/feeds/techrebalina_skroutz.xml HTTP/1.0" 200 2011208 "-" "-"
89.161.206.59 - - [22/Apr/2025:04:53:52 +0200] "GET /Jurek/techrebal/feeds/techrebal_skroutz.xml HTTP/1.0" 200 1989735 "-" "-"
89.161.206.59 - - [22/Apr/2025:04:54:36 +0200] "GET /Jurek/cenoman/feeds/cenoman_skroutz.xml HTTP/1.0" 200 5993188 "-" "-"
89.161.206.59 - - [22/Apr/2025:04:54:44 +0200] "GET /Jurek/zbimatyja/feeds/zbimatyja_skroutz.xml HTTP/1.0" 200 11670216 "-" "-"
89.161.206.59 - - [22/Apr/2025:04:54:45 +0200] "GET /Jurek/equalo/feeds/equalo_skroutz.xml HTTP/1.0" 200 98007 "-" "-"
89.161.206.59 - - [22/Apr/2025:04:54:45 +0200] "GET /Jurek/regis/feeds/regis_skroutz.xml HTTP/1.0" 200 228501 "-" "-"
89.161.206.59 - - [22/Apr/2025:04:55:06 +0200] "GET /Jurek/takapara/feeds/takapara_skroutz.xml HTTP/1.0" 200 1342596 "-" "-"
89.161.206.59 - - [22/Apr/2025:04:55:07 +0200] "GET /Jurek/carbonyway/feeds/carbonyway_skroutz.xml HTTP/1.0" 200 3076000 "-" "-"
89.161.206.59 - - [22/Apr/2025:04:55:07 +0200] "GET /Jurek/filmal/feeds/filmal_skroutz.xml HTTP/1.0" 200 139277 "-" "-"
89.161.206.59 - - [22/Apr/2025:04:55:09 +0200] "GET /Jurek/jakdroz/feeds/jakdroz_skroutz.xml HTTP/1.0" 200 4089987 "-" "-"
89.161.206.59 - - [22/Apr/2025:04:55:10 +0200] "GET /Jurek/jakdroz/feeds/jakdroz_skroutz.xml HTTP/1.0" 200 4089987 "-" "-"
89.161.206.59 - - [22/Apr/2025:04:55:10 +0200] "GET /Jurek/riko/feeds/riko_skr.xml HTTP/1.0" 200 3784580 "-" "-"
66.135.223.43 - - [22/Apr/2025:04:55:18 +0200] "GET /Jurek/topeshop/downloaded_images/5902838468418_20_st.jpg HTTP/1.1" 200 42885 "http://www.ebay.com/" "Mozilla/4.0 (compatible; MSIE 4.01; Windows NT)"
66.135.223.40 - - [22/Apr/2025:04:55:18 +0200] "GET /Jurek/topeshop/downloaded_images/5902838468418_front.jpg HTTP/1.1" 200 42188 "http://www.ebay.com/" "Mozilla/4.0 (compatible; MSIE 4.01; Windows NT)"
66.135.223.41 - - [22/Apr/2025:04:55:18 +0200] "GET /Jurek/topeshop/downloaded_images/5902838468418_front_open.jpg HTTP/1.1" 200 38868 "http://www.ebay.com/" "Mozilla/4.0 (compatible; MSIE 4.01; Windows NT)"
66.135.223.42 - - [22/Apr/2025:04:55:18 +0200] "GET /Jurek/topeshop/downloaded_images/5902838468418_20_st_open.jpg HTTP/1.1" 200 40708 "http://www.ebay.com/" "Mozilla/4.0 (compatible; MSIE 4.01; Windows NT)"
66.135.223.43 - - [22/Apr/2025:04:55:18 +0200] "GET /Jurek/topeshop/downloaded_images/5902838468418_Opal_Biel_Szafka.jpg HTTP/1.1" 404 3551 "http://www.ebay.com/" "Mozilla/4.0 (compatible; MSIE 4.01; Windows NT)"
66.135.223.42 - - [22/Apr/2025:04:55:18 +0200] "GET /Jurek/topeshop/downloaded_images/5902838468418_5.jpg HTTP/1.1" 404 3551 "http://www.ebay.com/" "Mozilla/4.0 (compatible; MSIE 4.01; Windows NT)"
66.135.223.42 - - [22/Apr/2025:04:55:18 +0200] "GET /Jurek/topeshop/downloaded_images/5902838468418_Biel_x.jpg HTTP/1.1" 200 78747 "http://www.ebay.com/" "Mozilla/4.0 (compatible; MSIE 4.01; Windows NT)"
66.135.223.43 - - [22/Apr/2025:04:55:18 +0200] "GET /Jurek/topeshop/downloaded_images/5902838468418_close_wymiary_Obszar_roboczy_1.jpg HTTP/1.1" 200 51632 "http://www.ebay.com/" "Mozilla/4.0 (compatible; MSIE 4.01; Windows NT)"
66.135.223.43 - - [22/Apr/2025:04:55:18 +0200] "GET /Jurek/topeshop/downloaded_images/5902838468418_wymiary_open_Obszar_roboczy_1.jpg HTTP/1.1" 200 50172 "http://www.ebay.com/" "Mozilla/4.0 (compatible; MSIE 4.01; Windows NT)"
89.161.206.59 - - [22/Apr/2025:04:55:28 +0200] "GET /Jurek/tsjerzy/feeds/tsjerzy_skr.xml HTTP/1.0" 200 3897715 "-" "-"
89.161.206.59 - - [22/Apr/2025:04:55:29 +0200] "GET /Jurek/kalama/feeds/kalama_skr.xml HTTP/1.0" 200 2541288 "-" "-"
89.161.206.59 - - [22/Apr/2025:04:55:37 +0200] "GET /Jurek/cdata/feeds/cdata_skr.xml HTTP/1.0" 200 1445074 "-" "-"
89.161.206.59 - - [22/Apr/2025:04:55:38 +0200] "GET /Jurek/sebmart/feeds/sebmart_skr.xml HTTP/1.0" 200 1598744 "-" "-"
89.161.206.59 - - [22/Apr/2025:04:55:39 +0200] "GET /Jurek/harmonypost/feeds/harmonypost_skr.xml HTTP/1.0" 200 39902925 "-" "-"
40.77.167.12 - - [22/Apr/2025:04:55:46 +0200] "GET /Jurek/topeshop/downloaded_images/5902838464137_2.jpg HTTP/2.0" 404 3551 "-" "Mozilla/5.0 AppleWebKit/537.36 (KHTML, like Gecko; compatible; bingbot/2.0; +http://www.bing.com/bingbot.htm) Chrome/116.0.1938.76 Safari/537.36"
46.101.116.244 - - [22/Apr/2025:04:56:18 +0200] "GET /Jurek/aw/feeds/aw_fnacfr.xml HTTP/1.0" 404 3551 "-" "-"
89.161.206.59 - - [22/Apr/2025:04:57:26 +0200] "GET /Jurek/asortymenteu/feeds/asortymenteu_skroutz_great.xml HTTP/1.0" 200 2775446 "-" "-"
164.92.232.189 - - [22/Apr/2025:05:00:01 +0200] "GET /subskrypcje/AMD/feeds/amd_cz.xml HTTP/1.1" 200 518486 "-" "-"
164.92.232.189 - - [22/Apr/2025:05:00:12 +0200] "GET /subskrypcje/AMD/feeds/amd_sk.xml HTTP/1.1" 200 528562 "-" "-"
164.92.232.189 - - [22/Apr/2025:05:00:12 +0200] "GET /subskrypcje/OverHorse/overhorse_mallcz.xml HTTP/1.1" 200 112935 "-" "-"
164.92.232.189 - - [22/Apr/2025:05:00:22 +0200] "GET /subskrypcje/mondex/feeds/mondex_mall_cz.xml HTTP/1.1" 200 2203515 "-" "-"
52.18.22.0 - - [22/Apr/2025:05:00:41 +0200] "GET /marketplaces/ubaldi/results/ubaldi.csv HTTP/1.1" 200 147219 "-" "Mirakl HttpClient"
35.204.39.32 - - [22/Apr/2025:05:01:05 +0200] "GET /marketplaces/vente/results/vente_nl.csv HTTP/1.1" 200 147219 "-" "Mirakl HttpClient"
35.204.39.32 - - [22/Apr/2025:05:01:05 +0200] "GET /marketplaces/vente/results/vente_fr.csv HTTP/1.1" 200 147219 "-" "Mirakl HttpClient"
35.204.39.32 - - [22/Apr/2025:05:01:05 +0200] "GET /marketplaces/vente/results/vente_be.csv HTTP/1.1" 200 147219 "-" "Mirakl HttpClient"
35.204.39.32 - - [22/Apr/2025:05:01:06 +0200] "GET /marketplaces/vente/results/vente_it.csv HTTP/1.1" 200 147219 "-" "Mirakl HttpClient"
35.204.39.32 - - [22/Apr/2025:05:01:06 +0200] "GET /marketplaces/vente/results/vente_es.csv HTTP/1.1" 200 147219 "-" "Mirakl HttpClient"
35.204.39.32 - - [22/Apr/2025:05:01:06 +0200] "GET /marketplaces/vente/results/vente_de.csv HTTP/1.1" 200 163603 "-" "Mirakl HttpClient"
46.101.116.244 - - [22/Apr/2025:05:01:19 +0200] "GET /Jurek/aw/feeds/aw_fnacfr.xml HTTP/1.0" 404 3551 "-" "-"
46.101.116.244 - - [22/Apr/2025:05:01:38 +0200] "GET /Jurek/vida_morele/feeds/vidaPL_velomarket_category4.xml HTTP/1.0" 200 54670775 "-" "-"
88.220.33.218 - - [22/Apr/2025:05:01:43 +0200] "GET /Jurek/vida_morele/feeds/VidaPL_all.xml HTTP/2.0" 200 726418019 "-" "MarketplaceAPI curl/7.64.0 PHP/8"
52.209.168.113 - - [22/Apr/2025:05:01:55 +0200] "GET /marketplaces/rue/results/rue.csv HTTP/1.1" 200 147219 "-" "Mirakl HttpClient"
88.220.33.218 - - [22/Apr/2025:05:02:07 +0200] "GET /Jurek/kinghoff/feeds/kinghoff_morele.xml HTTP/2.0" 200 15461124 "-" "MarketplaceAPI curl/7.64.0 PHP/8"
89.161.206.59 - - [22/Apr/2025:05:02:11 +0200] "GET /Jurek/swiatecznygoliat/feeds/swiatecznygoliat_skroutz.xml HTTP/1.0" 200 7054511 "-" "-"
89.161.206.59 - - [22/Apr/2025:05:03:03 +0200] "GET /Jurek/eroplace/feeds/eroplace_skroutz.xml HTTP/1.0" 200 51201329 "-" "-"
52.209.168.113 - - [22/Apr/2025:05:03:20 +0200] "GET /marketplaces/carrefour/results/carrefour.csv HTTP/1.1" 200 147221 "-" "Mirakl HttpClient"
88.220.33.218 - - [22/Apr/2025:05:03:22 +0200] "GET /Jurek/eurofirany/feeds/eurofirany_morele.xml HTTP/2.0" 200 19072070 "-" "MarketplaceAPI curl/7.64.0 PHP/8"
88.220.33.218 - - [22/Apr/2025:05:03:30 +0200] "GET /Jurek/vivaldi/feeds/vivaldi_Morele-PL.xml HTTP/2.0" 200 344674 "-" "MarketplaceAPI curl/7.64.0 PHP/8"
66.211.183.71 - - [22/Apr/2025:05:03:32 +0200] "GET /Jurek/topeshop/downloaded_images/5902838467886_Plus_sonoma_wiz.jpg HTTP/1.1" 404 3551 "http://www.ebay.com/" "Mozilla/4.0 (compatible; MSIE 4.01; Windows NT)"
66.211.183.72 - - [22/Apr/2025:05:03:32 +0200] "GET /Jurek/topeshop/downloaded_images/5902838467886_23_sonoma_pp.jpg HTTP/1.1" 200 116467 "http://www.ebay.com/" "Mozilla/4.0 (compatible; MSIE 4.01; Windows NT)"
66.211.183.72 - - [22/Apr/2025:05:03:33 +0200] "GET /Jurek/topeshop/downloaded_images/5902838467886_23_sonoma_(1).png HTTP/1.1" 200 464278 "http://www.ebay.com/" "Mozilla/4.0 (compatible; MSIE 4.01; Windows NT)"
89.161.206.59 - - [22/Apr/2025:05:04:22 +0200] "GET /Jurek/fertone/feeds/fertone_skroutz.xml HTTP/1.0" 200 570200 "-" "-"
89.161.206.59 - - [22/Apr/2025:05:04:22 +0200] "GET /Jurek/ekolight/feeds/ekolioght_skroutz.xml HTTP/1.0" 200 9052731 "-" "-"
46.101.116.244 - - [22/Apr/2025:05:04:42 +0200] "GET /Jurek/intsell/feeds/intsell_skroutz.xml HTTP/1.0" 200 269821694 "-" "-"
89.161.206.59 - - [22/Apr/2025:05:04:44 +0200] "GET /Jurek/topeshop/feeds/topeshop_ebayDE.xml HTTP/1.0" 200 2028221 "-" "-"
88.220.33.218 - - [22/Apr/2025:05:04:49 +0200] "GET /Jurek/aw/feeds/awnarzedzia_morele.xml HTTP/2.0" 200 90531554 "-" "MarketplaceAPI curl/7.64.0 PHP/8"
89.161.206.59 - - [22/Apr/2025:05:05:16 +0200] "GET /Jurek/madrex/feeds/madrex_skroutz.xml HTTP/1.0" 200 466717 "-" "-"
89.161.206.59 - - [22/Apr/2025:05:05:16 +0200] "GET /Jurek/luxma/feeds/luxma_skroutz.xml HTTP/1.0" 200 4419710 "-" "-"
89.161.206.59 - - [22/Apr/2025:05:05:17 +0200] "GET /Jurek/zepnij/feeds/zepnij_skroutz.xml HTTP/1.0" 200 19522544 "-" "-"
89.161.206.59 - - [22/Apr/2025:05:05:19 +0200] "GET /Jurek/emaja24/feeds/emaja24_skroutz.xml HTTP/1.0" 200 5102096 "-" "-"
88.220.33.218 - - [22/Apr/2025:05:05:19 +0200] "GET /Jurek/beliani/feeds/beliani_morele.xml HTTP/2.0" 200 31089650 "-" "MarketplaceAPI curl/7.64.0 PHP/8"
20.71.215.11 - - [22/Apr/2025:05:05:28 +0200] "GET /Jurek/altex_all/feeds/altex.xml HTTP/2.0" 200 872936 "-" "Mozilla/5.0 (Windows; U; Windows NT 5.1; en-US; rv:1.8.1.13) Gecko/20080311 Firefox/2.0.0.13"
89.161.206.59 - - [22/Apr/2025:05:05:57 +0200] "GET /Jurek/najtanszysport/feeds/najtanszysport_skroutz.xml HTTP/1.0" 200 3983411 "-" "-"
46.101.116.244 - - [22/Apr/2025:05:06:15 +0200] "GET /Jurek/aw/feeds/aw_fnacfr.xml HTTP/1.0" 404 3551 "-" "-"
88.220.33.218 - - [22/Apr/2025:05:06:36 +0200] "GET /Jurek/vida_morele/feeds/VidaPL_morele.xml HTTP/2.0" 200 726418824 "-" "MarketplaceAPI curl/7.64.0 PHP/8"
51.77.52.107 - - [22/Apr/2025:05:06:45 +0200] "GET /Jurek/eurofirany/images/456077/0.jpg HTTP/2.0" 200 34402 "-" "baselinker"
51.77.52.107 - - [22/Apr/2025:05:06:56 +0200] "GET /Jurek/eurofirany/images/456077/0.jpg HTTP/2.0" 200 34402 "-" "baselinker"
89.161.206.59 - - [22/Apr/2025:05:06:57 +0200] "GET /Jurek/hlo/feeds/hlo_skroutz.xml HTTP/1.0" 200 4831033 "-" "-"
51.77.52.107 - - [22/Apr/2025:05:07:05 +0200] "GET /Jurek/eurofirany/images/456077/0.jpg HTTP/2.0" 200 34402 "-" "baselinker"
89.161.206.59 - - [22/Apr/2025:05:07:06 +0200] "GET /Jurek/dropkz/feeds/dropkz_emagro.xml HTTP/1.0" 200 70031251 "-" "-"
89.161.206.59 - - [22/Apr/2025:05:07:07 +0200] "GET /Jurek/shiori/feeds/shiori_emagro.xml HTTP/1.0" 200 453697 "-" "-"
89.161.206.59 - - [22/Apr/2025:05:07:07 +0200] "GET /Jurek/eoptimo/feeds/eoptimo_emagro.xml HTTP/1.0" 200 2094678 "-" "-"
89.161.206.59 - - [22/Apr/2025:05:07:07 +0200] "GET /Jurek/bisanti/feeds/bisanti_emagro.xml HTTP/1.0" 200 1142453 "-" "-"
89.161.206.59 - - [22/Apr/2025:05:07:08 +0200] "GET /Jurek/najtanszysport/feeds/najtanszysport_emagro.xml HTTP/1.0" 200 3984577 "-" "-"
89.161.206.59 - - [22/Apr/2025:05:07:08 +0200] "GET /Jurek/bentivolio/feeds/bentivolio_emagro.xml HTTP/1.0" 200 3498444 "-" "-"
89.161.206.59 - - [22/Apr/2025:05:07:09 +0200] "GET /Jurek/proparts/feeds/proparts_emagro.xml HTTP/1.0" 200 707604 "-" "-"
89.161.206.59 - - [22/Apr/2025:05:07:11 +0200] "GET /Jurek/galopi/feeds/galopi_emagro.xml HTTP/1.0" 200 2111357 "-" "-"
89.161.206.59 - - [22/Apr/2025:05:07:13 +0200] "GET /Jurek/ekuchcikowo/feeds/ekuchcikowo_skroutz.xml HTTP/1.0" 200 12471066 "-" "-"
89.161.206.59 - - [22/Apr/2025:05:07:13 +0200] "GET /Jurek/takapara/feeds/takapara_emagro.xml HTTP/1.0" 200 1342685 "-" "-"
89.161.206.59 - - [22/Apr/2025:05:07:14 +0200] "GET /Jurek/artdog/feeds/artdog_emagro.xml HTTP/1.0" 200 17165276 "-" "-"
51.77.52.107 - - [22/Apr/2025:05:07:17 +0200] "GET /Jurek/eurofirany/images/456078/0.jpg HTTP/2.0" 200 77535 "-" "baselinker"
51.77.52.107 - - [22/Apr/2025:05:07:29 +0200] "GET /Jurek/eurofirany/images/456078/0.jpg HTTP/2.0" 200 77535 "-" "baselinker"
89.161.206.59 - - [22/Apr/2025:05:07:39 +0200] "GET /Jurek/kobi/feeds/kobi_ebayde.xml HTTP/1.0" 200 713568 "-" "-"
51.77.52.107 - - [22/Apr/2025:05:07:43 +0200] "GET /Jurek/eurofirany/images/456078/0.jpg HTTP/2.0" 200 77535 "-" "baselinker"
51.77.52.107 - - [22/Apr/2025:05:07:57 +0200] "GET /Jurek/eurofirany/images/456090/0.jpg HTTP/2.0" 200 60972 "-" "baselinker"
51.77.52.107 - - [22/Apr/2025:05:08:01 +0200] "GET /Jurek/eurofirany/images/456090/0.jpg HTTP/2.0" 200 60972 "-" "baselinker"
51.77.52.107 - - [22/Apr/2025:05:08:18 +0200] "GET /Jurek/eurofirany/images/456090/0.jpg HTTP/2.0" 200 60972 "-" "baselinker"
51.77.52.107 - - [22/Apr/2025:05:08:30 +0200] "GET /Jurek/eurofirany/images/456095/0.jpg HTTP/2.0" 200 34794 "-" "baselinker"
51.77.52.107 - - [22/Apr/2025:05:08:43 +0200] "GET /Jurek/eurofirany/images/456095/0.jpg HTTP/2.0" 200 34794 "-" "baselinker"
185.6.76.18 - - [22/Apr/2025:05:08:45 +0200] "GET /marketplaces/skroutz/feeds/shumee.xml HTTP/1.1" 200 417965294 "-" "SkroutzBot v1.0"
89.161.206.59 - - [22/Apr/2025:05:08:53 +0200] "GET /Jurek/proadventure/feeds/proadventure_skr.xml HTTP/1.0" 200 10763609 "-" "-"
89.161.206.59 - - [22/Apr/2025:05:08:54 +0200] "GET /Jurek/bloomglow/feeds/bloomglow_skr.xml HTTP/1.0" 200 13214215 "-" "-"
51.77.52.107 - - [22/Apr/2025:05:08:56 +0200] "GET /Jurek/eurofirany/images/456095/0.jpg HTTP/2.0" 200 34794 "-" "baselinker"
51.77.52.107 - - [22/Apr/2025:05:09:10 +0200] "GET /Jurek/eurofirany/images/456097/0.jpg HTTP/2.0" 200 56324 "-" "baselinker"
89.161.206.59 - - [22/Apr/2025:05:09:19 +0200] "GET /Jurek/rems/feeds/rems_skr.xml HTTP/1.0" 200 8706236 "-" "-"
51.77.52.107 - - [22/Apr/2025:05:09:23 +0200] "GET /Jurek/eurofirany/images/456097/0.jpg HTTP/2.0" 200 56324 "-" "baselinker"
51.77.52.107 - - [22/Apr/2025:05:09:32 +0200] "GET /Jurek/eurofirany/images/456097/0.jpg HTTP/2.0" 200 56324 "-" "baselinker"
89.161.206.59 - - [22/Apr/2025:05:09:43 +0200] "GET /Jurek/purewear/feeds/purewear_skroutz.xml HTTP/1.0" 200 13350891 "-" "-"
51.77.52.107 - - [22/Apr/2025:05:09:47 +0200] "GET /Jurek/eurofirany/images/456103/0.jpg HTTP/2.0" 200 60021 "-" "baselinker"
51.77.52.107 - - [22/Apr/2025:05:09:52 +0200] "GET /Jurek/eurofirany/images/456103/0.jpg HTTP/2.0" 200 60021 "-" "baselinker"
51.77.52.107 - - [22/Apr/2025:05:09:54 +0200] "GET /Jurek/eurofirany/images/456103/0.jpg HTTP/2.0" 200 60021 "-" "baselinker"
89.161.206.59 - - [22/Apr/2025:05:10:01 +0200] "GET /Jurek/gandalf/feeds/gandalf_skr.xml HTTP/1.0" 200 1082289 "-" "-"
51.77.52.107 - - [22/Apr/2025:05:10:06 +0200] "GET /Jurek/eurofirany/images/456113/0.jpg HTTP/2.0" 200 106376 "-" "baselinker"
89.161.206.59 - - [22/Apr/2025:05:10:14 +0200] "GET /Jurek/andex/feeds/andex_skr.xml HTTP/1.0" 200 933070 "-" "-"
51.77.52.107 - - [22/Apr/2025:05:10:18 +0200] "GET /Jurek/eurofirany/images/456113/0.jpg HTTP/2.0" 200 106376 "-" "baselinker"
51.77.52.107 - - [22/Apr/2025:05:10:31 +0200] "GET /Jurek/eurofirany/images/456113/0.jpg HTTP/2.0" 200 106376 "-" "baselinker"
51.77.52.107 - - [22/Apr/2025:05:10:45 +0200] "GET /Jurek/eurofirany/images/456114/0.jpg HTTP/2.0" 200 68739 "-" "baselinker"
89.161.206.59 - - [22/Apr/2025:05:10:48 +0200] "GET /Jurek/emaja24/feeds/emaja24_amazones.xml HTTP/1.0" 200 5109763 "-" "-"
89.161.206.59 - - [22/Apr/2025:05:10:51 +0200] "GET /Jurek/hanex/feeds/hanex_amazonde.xml HTTP/1.0" 200 13931552 "-" "-"
89.161.206.59 - - [22/Apr/2025:05:10:51 +0200] "GET /Jurek/playcob/feeds/playcob_amazonde.xml HTTP/1.0" 200 6980167 "-" "-"
89.161.206.59 - - [22/Apr/2025:05:10:52 +0200] "GET /Jurek/kinghoff/feeds/kinghoff_amazonfr.xml HTTP/1.0" 200 15460320 "-" "-"
89.161.206.59 - - [22/Apr/2025:05:10:53 +0200] "GET /Jurek/artdog/feeds/artdog_amazonfr.xml HTTP/1.0" 200 17158569 "-" "-"
89.161.206.59 - - [22/Apr/2025:05:10:54 +0200] "GET /Jurek/artdog/feeds/artdog_amazones.xml HTTP/1.0" 200 17158791 "-" "-"
89.161.206.59 - - [22/Apr/2025:05:10:55 +0200] "GET /Jurek/kinghoff/feeds/kinghoff_amazones.xml HTTP/1.0" 200 15460401 "-" "-"
89.161.206.59 - - [22/Apr/2025:05:10:57 +0200] "GET /Jurek/omi/feeds/omi_amazonde.xml HTTP/1.0" 200 8105586 "-" "-"
89.161.206.59 - - [22/Apr/2025:05:10:57 +0200] "GET /Jurek/smxdesign/feeds/smxdesign_amazonde.xml HTTP/1.0" 200 1829036 "-" "-"
89.161.206.59 - - [22/Apr/2025:05:10:57 +0200] "GET /Jurek/elavia/feeds/elavia_amazonde.xml HTTP/1.0" 200 2497279 "-" "-"
51.77.52.107 - - [22/Apr/2025:05:10:57 +0200] "GET /Jurek/eurofirany/images/456114/0.jpg HTTP/2.0" 200 68739 "-" "baselinker"
89.161.206.59 - - [22/Apr/2025:05:10:58 +0200] "GET /Jurek/beltimore/feeds/beltimore_amazonde.xml HTTP/1.0" 200 18651707 "-" "-"
89.161.206.59 - - [22/Apr/2025:05:10:58 +0200] "GET /Jurek/roger/feeds/roger_amazonde.xml HTTP/1.0" 200 1396541 "-" "-"
89.161.206.59 - - [22/Apr/2025:05:10:59 +0200] "GET /Jurek/kalama/feeds/kalama_amazonde.xml HTTP/1.0" 200 2541291 "-" "-"
51.77.52.107 - - [22/Apr/2025:05:11:04 +0200] "GET /Jurek/eurofirany/images/456114/0.jpg HTTP/2.0" 200 68739 "-" "baselinker"
51.77.52.107 - - [22/Apr/2025:05:11:07 +0200] "GET /Jurek/eurofirany/images/456115/0.jpg HTTP/2.0" 200 46629 "-" "baselinker"
46.101.116.244 - - [22/Apr/2025:05:11:18 +0200] "GET /Jurek/aw/feeds/aw_fnacfr.xml HTTP/1.0" 404 3551 "-" "-"
51.77.52.107 - - [22/Apr/2025:05:11:21 +0200] "GET /Jurek/eurofirany/images/456115/0.jpg HTTP/2.0" 200 46629 "-" "baselinker"
51.77.52.107 - - [22/Apr/2025:05:11:34 +0200] "GET /Jurek/eurofirany/images/456115/0.jpg HTTP/2.0" 200 46629 "-" "baselinker"
51.77.52.107 - - [22/Apr/2025:05:11:39 +0200] "GET /Jurek/eurofirany/images/456129/0.jpg HTTP/2.0" 200 77150 "-" "baselinker"
89.161.206.59 - - [22/Apr/2025:05:11:40 +0200] "GET /Jurek/lerutrade/feeds/lerutrade_skr.xml HTTP/1.0" 200 82824 "-" "-"
51.77.52.107 - - [22/Apr/2025:05:11:42 +0200] "GET /Jurek/eurofirany/images/456129/0.jpg HTTP/2.0" 200 77150 "-" "baselinker"
51.77.52.107 - - [22/Apr/2025:05:11:46 +0200] "GET /Jurek/eurofirany/images/456129/0.jpg HTTP/2.0" 200 77150 "-" "baselinker"
51.77.52.107 - - [22/Apr/2025:05:11:51 +0200] "GET /Jurek/eurofirany/images/379125/0.jpg HTTP/2.0" 200 155769 "-" "baselinker"
51.77.52.107 - - [22/Apr/2025:05:12:04 +0200] "GET /Jurek/eurofirany/images/379125/0.jpg HTTP/2.0" 200 155769 "-" "baselinker"
51.77.52.107 - - [22/Apr/2025:05:12:15 +0200] "GET /Jurek/eurofirany/images/379125/0.jpg HTTP/2.0" 200 155769 "-" "baselinker"
51.77.52.107 - - [22/Apr/2025:05:12:30 +0200] "GET /Jurek/eurofirany/images/379144/0.jpg HTTP/2.0" 200 86537 "-" "baselinker"
51.77.52.107 - - [22/Apr/2025:05:12:41 +0200] "GET /Jurek/eurofirany/images/379144/0.jpg HTTP/2.0" 200 86537 "-" "baselinker"
51.77.52.107 - - [22/Apr/2025:05:13:00 +0200] "GET /Jurek/eurofirany/images/379144/0.jpg HTTP/2.0" 200 86537 "-" "baselinker"
51.77.52.107 - - [22/Apr/2025:05:13:09 +0200] "GET /Jurek/eurofirany/images/459254/0.jpg HTTP/2.0" 200 121348 "-" "baselinker"
51.77.52.107 - - [22/Apr/2025:05:13:23 +0200] "GET /Jurek/eurofirany/images/459254/0.jpg HTTP/2.0" 200 121348 "-" "baselinker"
51.77.52.107 - - [22/Apr/2025:05:13:36 +0200] "GET /Jurek/eurofirany/images/459254/0.jpg HTTP/2.0" 200 121348 "-" "baselinker"
51.77.52.107 - - [22/Apr/2025:05:13:49 +0200] "GET /Jurek/eurofirany/images/459296/0.jpg HTTP/2.0" 200 73457 "-" "baselinker"
51.77.52.107 - - [22/Apr/2025:05:14:00 +0200] "GET /Jurek/eurofirany/images/459296/0.jpg HTTP/2.0" 200 73457 "-" "baselinker"
51.77.52.107 - - [22/Apr/2025:05:14:05 +0200] "GET /Jurek/eurofirany/images/459296/0.jpg HTTP/2.0" 200 73457 "-" "baselinker"
51.77.52.107 - - [22/Apr/2025:05:14:18 +0200] "GET /Jurek/eurofirany/images/459297/0.jpg HTTP/2.0" 200 73457 "-" "baselinker"
51.77.52.107 - - [22/Apr/2025:05:14:28 +0200] "GET /Jurek/eurofirany/images/459297/0.jpg HTTP/2.0" 200 73457 "-" "baselinker"
51.77.52.107 - - [22/Apr/2025:05:14:32 +0200] "GET /Jurek/eurofirany/images/459297/0.jpg HTTP/2.0" 200 73457 "-" "baselinker"
51.77.52.107 - - [22/Apr/2025:05:14:45 +0200] "GET /Jurek/eurofirany/images/459298/0.jpg HTTP/2.0" 200 73457 "-" "baselinker"
51.77.52.107 - - [22/Apr/2025:05:14:58 +0200] "GET /Jurek/eurofirany/images/459298/0.jpg HTTP/2.0" 200 73457 "-" "baselinker"
51.77.52.107 - - [22/Apr/2025:05:15:13 +0200] "GET /Jurek/eurofirany/images/459298/0.jpg HTTP/2.0" 200 73457 "-" "baselinker"
51.77.52.107 - - [22/Apr/2025:05:15:28 +0200] "GET /Jurek/eurofirany/images/459303/0.jpg HTTP/2.0" 200 116834 "-" "baselinker"
51.77.52.107 - - [22/Apr/2025:05:15:42 +0200] "GET /Jurek/eurofirany/images/459303/0.jpg HTTP/2.0" 200 116834 "-" "baselinker"
51.77.52.107 - - [22/Apr/2025:05:15:58 +0200] "GET /Jurek/eurofirany/images/459303/0.jpg HTTP/2.0" 200 116834 "-" "baselinker"
51.77.52.107 - - [22/Apr/2025:05:16:03 +0200] "GET /Jurek/eurofirany/images/459305/0.jpg HTTP/2.0" 200 110815 "-" "baselinker"
51.77.52.107 - - [22/Apr/2025:05:16:08 +0200] "GET /Jurek/eurofirany/images/459305/0.jpg HTTP/2.0" 200 110815 "-" "baselinker"
51.77.52.107 - - [22/Apr/2025:05:16:22 +0200] "GET /Jurek/eurofirany/images/459305/0.jpg HTTP/2.0" 200 110815 "-" "baselinker"
51.77.52.107 - - [22/Apr/2025:05:16:37 +0200] "GET /Jurek/eurofirany/images/459306/0.jpg HTTP/2.0" 200 110815 "-" "baselinker"
46.101.116.244 - - [22/Apr/2025:05:16:49 +0200] "GET /Jurek/aw/feeds/aw_fnacfr.xml HTTP/1.0" 404 3551 "-" "-"
51.77.52.107 - - [22/Apr/2025:05:16:52 +0200] "GET /Jurek/eurofirany/images/459306/0.jpg HTTP/2.0" 200 110815 "-" "baselinker"
46.101.116.244 - - [22/Apr/2025:05:17:00 +0200] "GET /Jurek/kokiska/feeds/kokiska_allegro.xml HTTP/1.0" 200 11697938 "-" "-"
46.101.116.244 - - [22/Apr/2025:05:17:03 +0200] "GET /Jurek/vivaldi/feeds/vivaldi_allegro.xml HTTP/1.0" 200 344685 "-" "-"
51.77.52.107 - - [22/Apr/2025:05:17:05 +0200] "GET /Jurek/eurofirany/images/459306/0.jpg HTTP/2.0" 200 110815 "-" "baselinker"
51.77.52.107 - - [22/Apr/2025:05:17:10 +0200] "GET /Jurek/eurofirany/images/459307/0.jpg HTTP/2.0" 200 113178 "-" "baselinker"
51.77.52.107 - - [22/Apr/2025:05:17:25 +0200] "GET /Jurek/eurofirany/images/459307/0.jpg HTTP/2.0" 200 113178 "-" "baselinker"
51.77.52.107 - - [22/Apr/2025:05:17:40 +0200] "GET /Jurek/eurofirany/images/459307/0.jpg HTTP/2.0" 200 113178 "-" "baselinker"
51.77.52.107 - - [22/Apr/2025:05:17:44 +0200] "GET /Jurek/eurofirany/images/459308/0.jpg HTTP/2.0" 200 110815 "-" "baselinker"
51.77.52.107 - - [22/Apr/2025:05:17:59 +0200] "GET /Jurek/eurofirany/images/459308/0.jpg HTTP/2.0" 200 110815 "-" "baselinker"
51.77.52.107 - - [22/Apr/2025:05:18:08 +0200] "GET /Jurek/eurofirany/images/459308/0.jpg HTTP/2.0" 200 110815 "-" "baselinker"
51.77.52.107 - - [22/Apr/2025:05:18:22 +0200] "GET /Jurek/eurofirany/images/459310/0.jpg HTTP/2.0" 200 113178 "-" "baselinker"
51.77.52.107 - - [22/Apr/2025:05:18:34 +0200] "GET /Jurek/eurofirany/images/459310/0.jpg HTTP/2.0" 200 113178 "-" "baselinker"
51.77.52.107 - - [22/Apr/2025:05:18:44 +0200] "GET /Jurek/eurofirany/images/459310/0.jpg HTTP/2.0" 200 113178 "-" "baselinker"
51.77.52.107 - - [22/Apr/2025:05:18:56 +0200] "GET /Jurek/eurofirany/images/459333/0.jpg HTTP/2.0" 200 102128 "-" "baselinker"
51.77.52.107 - - [22/Apr/2025:05:19:02 +0200] "GET /Jurek/eurofirany/images/459333/0.jpg HTTP/2.0" 200 102128 "-" "baselinker"
51.77.52.107 - - [22/Apr/2025:05:19:15 +0200] "GET /Jurek/eurofirany/images/459333/0.jpg HTTP/2.0" 200 102128 "-" "baselinker"
51.77.52.107 - - [22/Apr/2025:05:19:25 +0200] "GET /Jurek/eurofirany/images/459334/0.jpg HTTP/2.0" 200 102128 "-" "baselinker"
51.77.52.107 - - [22/Apr/2025:05:19:37 +0200] "GET /Jurek/eurofirany/images/459334/0.jpg HTTP/2.0" 200 102128 "-" "baselinker"
