51.77.52.107 - - [22/Apr/2025:06:32:29 +0200] "GET /Jurek/topeshop/downloaded_images/5904507200589_1.jpg HTTP/2.0" 200 25667 "-" "baselinker"
51.77.52.107 - - [22/Apr/2025:06:32:33 +0200] "GET /Jurek/eurofirany/images/461810/0.jpg HTTP/2.0" 200 45595 "-" "baselinker"
51.77.52.107 - - [22/Apr/2025:06:32:36 +0200] "GET /Jurek/eurofirany/images/461812/0.jpg HTTP/2.0" 200 80707 "-" "baselinker"
51.77.52.107 - - [22/Apr/2025:06:32:38 +0200] "GET /Jurek/topeshop/downloaded_images/5904507200589_1.jpg HTTP/2.0" 200 25667 "-" "baselinker"
51.77.52.107 - - [22/Apr/2025:06:32:40 +0200] "GET /Jurek/topeshop/downloaded_images/5904507200589_1.jpg HTTP/2.0" 200 25667 "-" "baselinker"
51.77.52.107 - - [22/Apr/2025:06:32:40 +0200] "GET /Jurek/eurofirany/images/461812/0.jpg HTTP/2.0" 200 80707 "-" "baselinker"
51.77.52.107 - - [22/Apr/2025:06:32:42 +0200] "GET /Jurek/topeshop/downloaded_images/5902838468456_Oaplwieszak.png HTTP/2.0" 404 3551 "-" "baselinker"
51.77.52.107 - - [22/Apr/2025:06:32:43 +0200] "GET /Jurek/topeshop/downloaded_images/5902838468456_Oaplwieszak.png HTTP/2.0" 404 3551 "-" "baselinker"
51.77.52.107 - - [22/Apr/2025:06:32:44 +0200] "GET /Jurek/topeshop/downloaded_images/5902838468456_Oaplwieszak.png HTTP/2.0" 404 3551 "-" "baselinker"
51.77.52.107 - - [22/Apr/2025:06:32:45 +0200] "GET /Jurek/topeshop/downloaded_images/5902838468463_1sonoma.png HTTP/2.0" 404 3551 "-" "baselinker"
51.77.52.107 - - [22/Apr/2025:06:32:46 +0200] "GET /Jurek/topeshop/downloaded_images/5902838468463_1sonoma.png HTTP/2.0" 404 3551 "-" "baselinker"
51.77.52.107 - - [22/Apr/2025:06:32:47 +0200] "GET /Jurek/topeshop/downloaded_images/5902838468463_1sonoma.png HTTP/2.0" 404 3551 "-" "baselinker"
51.77.52.107 - - [22/Apr/2025:06:32:47 +0200] "GET /Jurek/topeshop/downloaded_images/5904507207434_20st_artisan_ant.jpg HTTP/2.0" 200 87981 "-" "baselinker"
51.77.52.107 - - [22/Apr/2025:06:32:53 +0200] "GET /Jurek/eurofirany/images/461812/0.jpg HTTP/2.0" 200 80707 "-" "baselinker"
51.77.52.107 - - [22/Apr/2025:06:32:57 +0200] "GET /Jurek/topeshop/downloaded_images/5904507207434_20st_artisan_ant.jpg HTTP/2.0" 200 87981 "-" "baselinker"
51.77.52.107 - - [22/Apr/2025:06:33:01 +0200] "GET /Jurek/topeshop/downloaded_images/5904507207434_20st_artisan_ant.jpg HTTP/2.0" 200 87981 "-" "baselinker"
51.77.52.107 - - [22/Apr/2025:06:33:04 +0200] "GET /Jurek/topeshop/downloaded_images/5904507201593_20_st_biel.jpg HTTP/2.0" 200 27342 "-" "baselinker"
51.77.52.107 - - [22/Apr/2025:06:33:06 +0200] "GET /Jurek/eurofirany/images/461813/0.jpg HTTP/2.0" 200 95159 "-" "baselinker"
51.77.52.107 - - [22/Apr/2025:06:33:08 +0200] "GET /Jurek/topeshop/downloaded_images/5904507201593_20_st_biel.jpg HTTP/2.0" 200 27342 "-" "baselinker"
51.77.52.107 - - [22/Apr/2025:06:33:16 +0200] "GET /Jurek/eurofirany/images/461813/0.jpg HTTP/2.0" 200 95159 "-" "baselinker"
51.77.52.107 - - [22/Apr/2025:06:33:16 +0200] "GET /Jurek/topeshop/downloaded_images/5904507201593_20_st_biel.jpg HTTP/2.0" 200 27342 "-" "baselinker"
51.77.52.107 - - [22/Apr/2025:06:33:24 +0200] "GET /Jurek/eurofirany/images/461813/0.jpg HTTP/2.0" 200 95159 "-" "baselinker"
51.77.52.107 - - [22/Apr/2025:06:33:24 +0200] "GET /Jurek/topeshop/downloaded_images/5904507201616_Sonoma_20_st.jpg HTTP/2.0" 200 77847 "-" "baselinker"
51.77.52.107 - - [22/Apr/2025:06:33:34 +0200] "GET /Jurek/topeshop/downloaded_images/5904507201616_Sonoma_20_st.jpg HTTP/2.0" 200 77847 "-" "baselinker"
51.77.52.107 - - [22/Apr/2025:06:33:37 +0200] "GET /Jurek/topeshop/downloaded_images/5904507201616_Sonoma_20_st.jpg HTTP/2.0" 200 77847 "-" "baselinker"
51.77.52.107 - - [22/Apr/2025:06:33:37 +0200] "GET /Jurek/eurofirany/images/461816/0.jpg HTTP/2.0" 200 78767 "-" "baselinker"
51.77.52.107 - - [22/Apr/2025:06:33:41 +0200] "GET /Jurek/topeshop/downloaded_images/5902838467671_2.png HTTP/2.0" 404 3551 "-" "baselinker"
51.77.52.107 - - [22/Apr/2025:06:33:41 +0200] "GET /Jurek/topeshop/downloaded_images/5902838467671_2.png HTTP/2.0" 404 3551 "-" "baselinker"
51.77.52.107 - - [22/Apr/2025:06:33:42 +0200] "GET /Jurek/topeshop/downloaded_images/5902838467671_2.png HTTP/2.0" 404 3551 "-" "baselinker"
51.77.52.107 - - [22/Apr/2025:06:33:45 +0200] "GET /Jurek/topeshop/downloaded_images/5902838467688_2_sonoma.jpg HTTP/2.0" 404 3551 "-" "baselinker"
51.77.52.107 - - [22/Apr/2025:06:33:45 +0200] "GET /Jurek/topeshop/downloaded_images/5902838467688_2_sonoma.jpg HTTP/2.0" 404 3551 "-" "baselinker"
51.77.52.107 - - [22/Apr/2025:06:33:46 +0200] "GET /Jurek/topeshop/downloaded_images/5902838467688_2_sonoma.jpg HTTP/2.0" 404 3551 "-" "baselinker"
51.77.52.107 - - [22/Apr/2025:06:33:47 +0200] "GET /Jurek/topeshop/downloaded_images/5904507206536_PAFOS_RSS_40_CLOSE.jpg HTTP/2.0" 200 20304 "-" "baselinker"
51.77.52.107 - - [22/Apr/2025:06:33:51 +0200] "GET /Jurek/eurofirany/images/461816/0.jpg HTTP/2.0" 200 78767 "-" "baselinker"
66.249.64.165 - - [22/Apr/2025:06:33:54 +0200] "GET /Jurek/topeshop/downloaded_images/5902838464359_KUBABIURKOBIEL2.png HTTP/1.1" 404 3551 "-" "Googlebot-Image/1.0"
51.77.52.107 - - [22/Apr/2025:06:33:58 +0200] "GET /Jurek/topeshop/downloaded_images/5904507206536_PAFOS_RSS_40_CLOSE.jpg HTTP/2.0" 200 20304 "-" "baselinker"
51.77.52.107 - - [22/Apr/2025:06:34:00 +0200] "GET /Jurek/topeshop/downloaded_images/5904507206536_PAFOS_RSS_40_CLOSE.jpg HTTP/2.0" 200 20304 "-" "baselinker"
51.77.52.107 - - [22/Apr/2025:06:34:03 +0200] "GET /Jurek/topeshop/downloaded_images/5904507206543_profill.jpg HTTP/2.0" 200 18055 "-" "baselinker"
51.77.52.107 - - [22/Apr/2025:06:34:06 +0200] "GET /Jurek/topeshop/downloaded_images/5904507206543_profill.jpg HTTP/2.0" 200 18055 "-" "baselinker"
51.77.52.107 - - [22/Apr/2025:06:34:06 +0200] "GET /Jurek/eurofirany/images/461816/0.jpg HTTP/2.0" 200 78767 "-" "baselinker"
51.77.52.107 - - [22/Apr/2025:06:34:09 +0200] "GET /Jurek/topeshop/downloaded_images/5904507206543_profill.jpg HTTP/2.0" 200 18055 "-" "baselinker"
51.77.52.107 - - [22/Apr/2025:06:34:11 +0200] "GET /Jurek/topeshop/downloaded_images/5904507207007_W80_pafos_3_.jpg HTTP/2.0" 200 27123 "-" "baselinker"
51.77.52.107 - - [22/Apr/2025:06:34:16 +0200] "GET /Jurek/topeshop/downloaded_images/5904507207007_W80_pafos_3_.jpg HTTP/2.0" 200 27123 "-" "baselinker"
51.77.52.107 - - [22/Apr/2025:06:34:18 +0200] "GET /Jurek/topeshop/downloaded_images/5904507207007_W80_pafos_3_.jpg HTTP/2.0" 200 27123 "-" "baselinker"
51.77.52.107 - - [22/Apr/2025:06:34:20 +0200] "GET /Jurek/eurofirany/images/461820/0.jpg HTTP/2.0" 200 44442 "-" "baselinker"
51.77.52.107 - - [22/Apr/2025:06:34:29 +0200] "GET /Jurek/topeshop/downloaded_images/5904507206550_profilOpis.jpg HTTP/2.0" 200 28492 "-" "baselinker"
51.77.52.107 - - [22/Apr/2025:06:34:31 +0200] "GET /Jurek/eurofirany/images/461820/0.jpg HTTP/2.0" 200 44442 "-" "baselinker"
51.77.52.107 - - [22/Apr/2025:06:34:36 +0200] "GET /Jurek/eurofirany/images/461820/0.jpg HTTP/2.0" 200 44442 "-" "baselinker"
51.77.52.107 - - [22/Apr/2025:06:34:46 +0200] "GET /Jurek/eurofirany/images/458142/0.jpg HTTP/2.0" 200 97681 "-" "baselinker"
51.77.52.107 - - [22/Apr/2025:06:34:49 +0200] "GET /Jurek/topeshop/downloaded_images/5904507206550_profilOpis.jpg HTTP/2.0" 200 28492 "-" "baselinker"
51.77.52.107 - - [22/Apr/2025:06:34:51 +0200] "GET /Jurek/topeshop/downloaded_images/5904507206550_profilOpis.jpg HTTP/2.0" 200 28492 "-" "baselinker"
51.77.52.107 - - [22/Apr/2025:06:34:59 +0200] "GET /Jurek/eurofirany/images/458142/0.jpg HTTP/2.0" 200 97681 "-" "baselinker"
51.77.52.107 - - [22/Apr/2025:06:35:02 +0200] "GET /Jurek/topeshop/downloaded_images/5904507206567_PAFOS_RSS_80_OPEN.png HTTP/2.0" 200 133196 "-" "baselinker"
51.77.52.107 - - [22/Apr/2025:06:35:06 +0200] "GET /Jurek/topeshop/downloaded_images/5904507206567_PAFOS_RSS_80_OPEN.png HTTP/2.0" 200 133196 "-" "baselinker"
51.77.52.107 - - [22/Apr/2025:06:35:09 +0200] "GET /Jurek/topeshop/downloaded_images/5904507206567_PAFOS_RSS_80_OPEN.png HTTP/2.0" 200 133196 "-" "baselinker"
51.77.52.107 - - [22/Apr/2025:06:35:11 +0200] "GET /Jurek/eurofirany/images/458142/0.jpg HTTP/2.0" 200 97681 "-" "baselinker"
51.77.52.107 - - [22/Apr/2025:06:35:13 +0200] "GET /Jurek/topeshop/downloaded_images/5902838469934_biel-2.jpg HTTP/2.0" 200 26327 "-" "baselinker"
51.77.52.107 - - [22/Apr/2025:06:35:14 +0200] "GET /Jurek/eurofirany/images/455795/0.jpg HTTP/2.0" 200 73761 "-" "baselinker"
51.77.52.107 - - [22/Apr/2025:06:35:18 +0200] "GET /Jurek/topeshop/downloaded_images/5902838469934_biel-2.jpg HTTP/2.0" 200 26327 "-" "baselinker"
51.77.52.107 - - [22/Apr/2025:06:35:22 +0200] "GET /Jurek/topeshop/downloaded_images/5902838469934_biel-2.jpg HTTP/2.0" 200 26327 "-" "baselinker"
51.77.52.107 - - [22/Apr/2025:06:35:25 +0200] "GET /Jurek/eurofirany/images/455795/0.jpg HTTP/2.0" 200 73761 "-" "baselinker"
51.77.52.107 - - [22/Apr/2025:06:35:27 +0200] "GET /Jurek/topeshop/downloaded_images/5902838469941_sonoma-2.jpg HTTP/2.0" 200 62307 "-" "baselinker"
51.77.52.107 - - [22/Apr/2025:06:35:29 +0200] "GET /Jurek/eurofirany/images/455795/0.jpg HTTP/2.0" 200 73761 "-" "baselinker"
51.77.52.107 - - [22/Apr/2025:06:35:37 +0200] "GET /Jurek/topeshop/downloaded_images/5902838469941_sonoma-2.jpg HTTP/2.0" 200 62307 "-" "baselinker"
51.77.52.107 - - [22/Apr/2025:06:35:40 +0200] "GET /Jurek/topeshop/downloaded_images/5902838469941_sonoma-2.jpg HTTP/2.0" 200 62307 "-" "baselinker"
51.77.52.107 - - [22/Apr/2025:06:35:41 +0200] "GET /Jurek/eurofirany/images/462494/0.jpg HTTP/2.0" 200 290287 "-" "baselinker"
51.77.52.107 - - [22/Apr/2025:06:35:48 +0200] "GET /Jurek/eurofirany/images/462494/0.jpg HTTP/2.0" 200 290287 "-" "baselinker"
51.77.52.107 - - [22/Apr/2025:06:35:51 +0200] "GET /Jurek/topeshop/downloaded_images/5904507206857_Bry%c5%82a20004.jpg HTTP/2.0" 200 74064 "-" "baselinker"
51.77.52.107 - - [22/Apr/2025:06:35:56 +0200] "GET /Jurek/eurofirany/images/462494/0.jpg HTTP/2.0" 200 290287 "-" "baselinker"
51.77.52.107 - - [22/Apr/2025:06:35:56 +0200] "GET /Jurek/topeshop/downloaded_images/5904507206857_Bry%c5%82a20004.jpg HTTP/2.0" 200 74064 "-" "baselinker"
51.77.52.107 - - [22/Apr/2025:06:36:03 +0200] "GET /Jurek/topeshop/downloaded_images/5904507206857_Bry%c5%82a20004.jpg HTTP/2.0" 200 74064 "-" "baselinker"
51.77.52.107 - - [22/Apr/2025:06:36:06 +0200] "GET /Jurek/topeshop/downloaded_images/5902838465875_Bry%c5%82a20003.jpg HTTP/2.0" 200 48393 "-" "baselinker"
51.77.52.107 - - [22/Apr/2025:06:36:12 +0200] "GET /Jurek/eurofirany/images/462499/0.jpg HTTP/2.0" 200 281142 "-" "baselinker"
51.77.52.107 - - [22/Apr/2025:06:36:18 +0200] "GET /Jurek/topeshop/downloaded_images/5902838465875_Bry%c5%82a20003.jpg HTTP/2.0" 200 48393 "-" "baselinker"
51.77.52.107 - - [22/Apr/2025:06:36:21 +0200] "GET /Jurek/topeshop/downloaded_images/5902838465875_Bry%c5%82a20003.jpg HTTP/2.0" 200 48393 "-" "baselinker"
51.77.52.107 - - [22/Apr/2025:06:36:23 +0200] "GET /Jurek/eurofirany/images/462499/0.jpg HTTP/2.0" 200 281142 "-" "baselinker"
46.101.116.244 - - [22/Apr/2025:06:36:27 +0200] "GET /Jurek/aw/feeds/aw_fnacfr.xml HTTP/1.0" 404 3551 "-" "-"
51.77.52.107 - - [22/Apr/2025:06:36:28 +0200] "GET /Jurek/topeshop/downloaded_images/5904507206840_Bry%c5%82a20005.jpg HTTP/2.0" 200 68690 "-" "baselinker"
51.77.52.107 - - [22/Apr/2025:06:36:31 +0200] "GET /Jurek/eurofirany/images/462499/0.jpg HTTP/2.0" 200 281142 "-" "baselinker"
52.18.22.0 - - [22/Apr/2025:06:36:32 +0200] "GET /marketplaces/worten2/results/worten.csv HTTP/1.1" 200 147217 "-" "Mirakl HttpClient"
51.77.52.107 - - [22/Apr/2025:06:36:40 +0200] "GET /Jurek/topeshop/downloaded_images/5904507206840_Bry%c5%82a20005.jpg HTTP/2.0" 200 68690 "-" "baselinker"
51.77.52.107 - - [22/Apr/2025:06:36:43 +0200] "GET /Jurek/topeshop/downloaded_images/5904507206840_Bry%c5%82a20005.jpg HTTP/2.0" 200 68690 "-" "baselinker"
51.77.52.107 - - [22/Apr/2025:06:36:44 +0200] "GET /Jurek/eurofirany/images/462502/0.jpg HTTP/2.0" 200 273306 "-" "baselinker"
51.77.52.107 - - [22/Apr/2025:06:36:51 +0200] "GET /Jurek/topeshop/downloaded_images/5904507200350_Bry%c5%82a20008.jpg HTTP/2.0" 200 75832 "-" "baselinker"
51.77.52.107 - - [22/Apr/2025:06:36:56 +0200] "GET /Jurek/topeshop/downloaded_images/5904507200350_Bry%c5%82a20008.jpg HTTP/2.0" 200 75832 "-" "baselinker"
51.77.52.107 - - [22/Apr/2025:06:36:58 +0200] "GET /Jurek/topeshop/downloaded_images/5904507200350_Bry%c5%82a20008.jpg HTTP/2.0" 200 75832 "-" "baselinker"
51.77.52.107 - - [22/Apr/2025:06:37:01 +0200] "GET /Jurek/eurofirany/images/462502/0.jpg HTTP/2.0" 200 273306 "-" "baselinker"
89.161.206.59 - - [22/Apr/2025:06:37:01 +0200] "GET /Jurek/bemipol/feeds/bemipol_skroutz.xml HTTP/1.0" 200 423632 "-" "-"
51.77.52.107 - - [22/Apr/2025:06:37:13 +0200] "GET /Jurek/eurofirany/images/462502/0.jpg HTTP/2.0" 200 273306 "-" "baselinker"
51.77.52.107 - - [22/Apr/2025:06:37:13 +0200] "GET /Jurek/topeshop/downloaded_images/5902838465899_Bry%c5%82a20006.jpg HTTP/2.0" 200 40554 "-" "baselinker"
46.101.116.244 - - [22/Apr/2025:06:37:13 +0200] "GET /Jurek/vida_morele/feeds/vidaPL_velomarket_category5.xml HTTP/1.0" 200 83433331 "-" "-"
46.101.116.244 - - [22/Apr/2025:06:37:16 +0200] "GET /Jurek/kinghoff/feeds/kinghoff_allegro.xml HTTP/1.0" 200 15462077 "-" "-"
89.161.206.59 - - [22/Apr/2025:06:37:17 +0200] "GET /Jurek/ikonka/feeds/ikonka_allegro_cz.xml HTTP/1.0" 200 22171973 "-" "-"
51.77.52.107 - - [22/Apr/2025:06:37:18 +0200] "GET /Jurek/topeshop/downloaded_images/5902838465899_Bry%c5%82a20006.jpg HTTP/2.0" 200 40554 "-" "baselinker"
89.161.206.59 - - [22/Apr/2025:06:37:18 +0200] "GET /Jurek/hurtownia_przemyslowa/feeds/hp_allegro_cz.xml HTTP/1.0" 200 49369475 "-" "-"
51.77.52.107 - - [22/Apr/2025:06:37:26 +0200] "GET /Jurek/eurofirany/images/455796/0.jpg HTTP/2.0" 200 73761 "-" "baselinker"
51.77.52.107 - - [22/Apr/2025:06:37:30 +0200] "GET /Jurek/topeshop/downloaded_images/5902838465899_Bry%c5%82a20006.jpg HTTP/2.0" 200 40554 "-" "baselinker"
51.77.52.107 - - [22/Apr/2025:06:37:31 +0200] "GET /Jurek/eurofirany/images/455796/0.jpg HTTP/2.0" 200 73761 "-" "baselinker"
89.161.206.59 - - [22/Apr/2025:06:37:34 +0200] "GET /Jurek/benetech/feeds/benetech_aliex.xml HTTP/1.0" 200 4165683 "-" "-"
51.77.52.107 - - [22/Apr/2025:06:37:34 +0200] "GET /Jurek/topeshop/downloaded_images/5902838465905_Bry%c5%82a20007.jpg HTTP/2.0" 200 79338 "-" "baselinker"
89.161.206.59 - - [22/Apr/2025:06:37:35 +0200] "GET /Jurek/slayo/feeds/slayo_aliex.xml HTTP/1.0" 200 183631 "-" "-"
89.161.206.59 - - [22/Apr/2025:06:37:35 +0200] "GET /Jurek/hdwr/feeds/hdwr_aliex.xml HTTP/1.0" 200 789579 "-" "-"
89.161.206.59 - - [22/Apr/2025:06:37:36 +0200] "GET /Jurek/targethome/feeds/targethome_aliex.xml HTTP/1.0" 200 688689 "-" "-"
89.161.206.59 - - [22/Apr/2025:06:37:36 +0200] "GET /Jurek/amzteam/feeds/amzteam_aliex.xml HTTP/1.0" 200 97912 "-" "-"
89.161.206.59 - - [22/Apr/2025:06:37:36 +0200] "GET /Jurek/ralmetal/feeds/ralmetal_aliex.xml HTTP/1.0" 200 2040588 "-" "-"
89.161.206.59 - - [22/Apr/2025:06:37:36 +0200] "GET /Jurek/cbdgreen/feeds/cbdgreen_aliex.xml HTTP/1.0" 200 50549 "-" "-"
89.161.206.59 - - [22/Apr/2025:06:37:37 +0200] "GET /Jurek/drops/feeds/dropsofficecolection_aliex.xml HTTP/1.0" 200 791050 "-" "-"
51.77.52.107 - - [22/Apr/2025:06:37:37 +0200] "GET /Jurek/eurofirany/images/455796/0.jpg HTTP/2.0" 200 73761 "-" "baselinker"
89.161.206.59 - - [22/Apr/2025:06:37:37 +0200] "GET /Jurek/szpaklampy/feeds/szpaklampy_aliex.xml HTTP/1.0" 200 388368 "-" "-"
89.161.206.59 - - [22/Apr/2025:06:37:37 +0200] "GET /Jurek/velinda/feeds/velinda_aliex.xml HTTP/1.0" 200 23438 "-" "-"
89.161.206.59 - - [22/Apr/2025:06:37:37 +0200] "GET /Jurek/spali/feeds/spali_aliex.xml HTTP/1.0" 200 77073 "-" "-"
89.161.206.59 - - [22/Apr/2025:06:37:37 +0200] "GET /Jurek/topeshop/feeds/topeshop_aliexpress.xml HTTP/1.0" 200 2689284 "-" "-"
89.161.206.59 - - [22/Apr/2025:06:37:38 +0200] "GET /Jurek/beltimore/feeds/beltimore_aliexpress.xml HTTP/1.0" 200 18654473 "-" "-"
89.161.206.59 - - [22/Apr/2025:06:37:41 +0200] "GET /Jurek/broers/feeds/broers_aliex.xml HTTP/1.0" 200 1983003 "-" "-"
89.161.206.59 - - [22/Apr/2025:06:37:42 +0200] "GET /Jurek/omi/feeds/omi_aliex.xml HTTP/1.0" 200 8106468 "-" "-"
89.161.206.59 - - [22/Apr/2025:06:37:42 +0200] "GET /Jurek/rosfix/feeds/rosfix_aliexpress.xml HTTP/1.0" 200 35771193 "-" "-"
89.161.206.59 - - [22/Apr/2025:06:37:44 +0200] "GET /Jurek/kamar/feeds/kamar_aliex.xml HTTP/1.0" 200 25554889 "-" "-"
51.77.52.107 - - [22/Apr/2025:06:37:47 +0200] "GET /Jurek/topeshop/downloaded_images/5902838465905_Bry%c5%82a20007.jpg HTTP/2.0" 200 79338 "-" "baselinker"
89.161.206.59 - - [22/Apr/2025:06:37:47 +0200] "GET /Jurek/carbonyway/feeds/carbonyway_aliex.xml HTTP/1.0" 200 3076337 "-" "-"
89.161.206.59 - - [22/Apr/2025:06:37:48 +0200] "GET /Jurek/mojeledy/feeds/mojeledy_aliex.xml HTTP/1.0" 200 1018612 "-" "-"
89.161.206.59 - - [22/Apr/2025:06:37:49 +0200] "GET /Jurek/fertes/feeds/fertes_aliex.xml HTTP/1.0" 200 2362299 "-" "-"
89.161.206.59 - - [22/Apr/2025:06:37:49 +0200] "GET /Jurek/mechdecor/feeds/mechdecor_aliex.xml HTTP/1.0" 200 596311 "-" "-"
89.161.206.59 - - [22/Apr/2025:06:37:49 +0200] "GET /Jurek/avenido/feeds/avenido_aliex.xml HTTP/1.0" 200 720131 "-" "-"
89.161.206.59 - - [22/Apr/2025:06:37:50 +0200] "GET /Jurek/missionair/feeds/missionair_aliex.xml HTTP/1.0" 200 3155073 "-" "-"
89.161.206.59 - - [22/Apr/2025:06:37:50 +0200] "GET /Jurek/apresto/feeds/apresto_aliex.xml HTTP/1.0" 200 1327795 "-" "-"
89.161.206.59 - - [22/Apr/2025:06:37:50 +0200] "GET /Jurek/jakdroz/feeds/jakdroz_aliex.xml HTTP/1.0" 200 4090209 "-" "-"
51.77.52.107 - - [22/Apr/2025:06:37:51 +0200] "GET /Jurek/eurofirany/images/455797/0.jpg HTTP/2.0" 200 73761 "-" "baselinker"
89.161.206.59 - - [22/Apr/2025:06:37:51 +0200] "GET /Jurek/kalama/feeds/kalama_aliex.xml HTTP/1.0" 200 2662119 "-" "-"
89.161.206.59 - - [22/Apr/2025:06:37:51 +0200] "GET /Jurek/lampart/feeds/lampart_aliex.xml HTTP/1.0" 200 936194 "-" "-"
51.77.52.107 - - [22/Apr/2025:06:37:52 +0200] "GET /Jurek/topeshop/downloaded_images/5902838465905_Bry%c5%82a20007.jpg HTTP/2.0" 200 79338 "-" "baselinker"
89.161.206.59 - - [22/Apr/2025:06:37:52 +0200] "GET /Jurek/takapara/feeds/takapara_aliex.xml HTTP/1.0" 200 1342687 "-" "-"
89.161.206.59 - - [22/Apr/2025:06:37:53 +0200] "GET /Jurek/cenoman/feeds/cenoman_aliex.xml HTTP/1.0" 200 5993741 "-" "-"
89.161.206.59 - - [22/Apr/2025:06:37:53 +0200] "GET /Jurek/regis/feeds/regis_aliex.xml HTTP/1.0" 200 228512 "-" "-"
89.161.206.59 - - [22/Apr/2025:06:37:53 +0200] "GET /Jurek/zami/feeds/zami_aliex.xml HTTP/1.0" 200 4474668 "-" "-"
51.77.52.107 - - [22/Apr/2025:06:37:56 +0200] "GET /Jurek/topeshop/downloaded_images/5904507209230_kaszmir20st0003.jpg HTTP/2.0" 200 43249 "-" "baselinker"
51.77.52.107 - - [22/Apr/2025:06:38:02 +0200] "GET /Jurek/eurofirany/images/455797/0.jpg HTTP/2.0" 200 73761 "-" "baselinker"
66.249.64.166 - - [22/Apr/2025:06:38:04 +0200] "GET /Jurek/eurofirany/images/379123/0.jpg HTTP/1.1" 200 127377 "-" "Googlebot-Image/1.0"
51.77.52.107 - - [22/Apr/2025:06:38:10 +0200] "GET /Jurek/topeshop/downloaded_images/5904507209230_kaszmir20st0003.jpg HTTP/2.0" 200 43249 "-" "baselinker"
51.77.52.107 - - [22/Apr/2025:06:38:11 +0200] "GET /Jurek/eurofirany/images/455797/0.jpg HTTP/2.0" 200 73761 "-" "baselinker"
51.77.52.107 - - [22/Apr/2025:06:38:15 +0200] "GET /Jurek/eurofirany/images/455813/0.jpg HTTP/2.0" 200 159592 "-" "baselinker"
51.77.52.107 - - [22/Apr/2025:06:38:18 +0200] "GET /Jurek/topeshop/downloaded_images/5904507209230_kaszmir20st0003.jpg HTTP/2.0" 200 43249 "-" "baselinker"
51.77.52.107 - - [22/Apr/2025:06:38:23 +0200] "GET /Jurek/topeshop/downloaded_images/5904507207144_1-2222.jpg HTTP/2.0" 200 42031 "-" "baselinker"
51.77.52.107 - - [22/Apr/2025:06:38:27 +0200] "GET /Jurek/eurofirany/images/455813/0.jpg HTTP/2.0" 200 159592 "-" "baselinker"
51.77.52.107 - - [22/Apr/2025:06:38:29 +0200] "GET /Jurek/topeshop/downloaded_images/5904507207144_1-2222.jpg HTTP/2.0" 200 42031 "-" "baselinker"
51.77.52.107 - - [22/Apr/2025:06:38:33 +0200] "GET /Jurek/topeshop/downloaded_images/5904507207144_1-2222.jpg HTTP/2.0" 200 42031 "-" "baselinker"
51.77.52.107 - - [22/Apr/2025:06:38:36 +0200] "GET /Jurek/topeshop/downloaded_images/5904507209247_kaszmir_L_20st0003.jpg HTTP/2.0" 200 39862 "-" "baselinker"
51.77.52.107 - - [22/Apr/2025:06:38:39 +0200] "GET /Jurek/eurofirany/images/455813/0.jpg HTTP/2.0" 200 159592 "-" "baselinker"
51.77.52.107 - - [22/Apr/2025:06:38:43 +0200] "GET /Jurek/eurofirany/images/458143/0.jpg HTTP/2.0" 200 97681 "-" "baselinker"
51.77.52.107 - - [22/Apr/2025:06:38:50 +0200] "GET /Jurek/topeshop/downloaded_images/5904507209247_kaszmir_L_20st0003.jpg HTTP/2.0" 200 39862 "-" "baselinker"
51.77.52.107 - - [22/Apr/2025:06:38:53 +0200] "GET /Jurek/topeshop/downloaded_images/5904507209247_kaszmir_L_20st0003.jpg HTTP/2.0" 200 39862 "-" "baselinker"
51.77.52.107 - - [22/Apr/2025:06:38:55 +0200] "GET /Jurek/eurofirany/images/458143/0.jpg HTTP/2.0" 200 97681 "-" "baselinker"
51.77.52.107 - - [22/Apr/2025:06:39:02 +0200] "GET /Jurek/eurofirany/images/458143/0.jpg HTTP/2.0" 200 97681 "-" "baselinker"
51.77.52.107 - - [22/Apr/2025:06:39:07 +0200] "GET /Jurek/topeshop/downloaded_images/5904507209452_isoczarne(4).jpg HTTP/2.0" 404 3551 "-" "baselinker"
51.77.52.107 - - [22/Apr/2025:06:39:08 +0200] "GET /Jurek/topeshop/downloaded_images/5904507209452_isoczarne(4).jpg HTTP/2.0" 404 3551 "-" "baselinker"
51.77.52.107 - - [22/Apr/2025:06:39:09 +0200] "GET /Jurek/topeshop/downloaded_images/5904507209452_isoczarne(4).jpg HTTP/2.0" 404 3551 "-" "baselinker"
51.77.52.107 - - [22/Apr/2025:06:39:12 +0200] "GET /Jurek/eurofirany/images/457765/0.jpg HTTP/2.0" 200 64115 "-" "baselinker"
51.77.52.107 - - [22/Apr/2025:06:39:24 +0200] "GET /Jurek/eurofirany/images/457765/0.jpg HTTP/2.0" 200 64115 "-" "baselinker"
51.77.52.107 - - [22/Apr/2025:06:39:37 +0200] "GET /Jurek/eurofirany/images/457765/0.jpg HTTP/2.0" 200 64115 "-" "baselinker"
51.77.52.107 - - [22/Apr/2025:06:39:50 +0200] "GET /Jurek/eurofirany/images/455962/0.jpg HTTP/2.0" 200 36889 "-" "baselinker"
51.77.52.107 - - [22/Apr/2025:06:40:00 +0200] "GET /Jurek/eurofirany/images/455962/0.jpg HTTP/2.0" 200 36889 "-" "baselinker"
51.77.52.107 - - [22/Apr/2025:06:40:04 +0200] "GET /Jurek/eurofirany/images/455962/0.jpg HTTP/2.0" 200 36889 "-" "baselinker"
51.77.52.107 - - [22/Apr/2025:06:40:16 +0200] "GET /Jurek/eurofirany/images/455963/0.jpg HTTP/2.0" 200 38319 "-" "baselinker"
51.77.52.107 - - [22/Apr/2025:06:40:22 +0200] "GET /Jurek/eurofirany/images/455963/0.jpg HTTP/2.0" 200 38319 "-" "baselinker"
66.135.223.44 - - [22/Apr/2025:06:40:51 +0200] "GET /Jurek/eurofirany/images/460350/0.jpg HTTP/1.1" 200 44000 "-" "Java/17.0.13.0.101"
51.77.52.107 - - [22/Apr/2025:06:40:52 +0200] "GET /Jurek/eurofirany/images/455963/0.jpg HTTP/2.0" 200 38319 "-" "baselinker"
89.161.206.59 - - [22/Apr/2025:06:41:02 +0200] "GET /Jurek/hurtownia_przemyslowa/feeds/hp_amazonDE.xml HTTP/1.0" 200 42278016 "-" "-"
51.77.52.107 - - [22/Apr/2025:06:41:03 +0200] "GET /Jurek/eurofirany/images/459779/0.jpg HTTP/2.0" 200 80729 "-" "baselinker"
66.135.223.42 - - [22/Apr/2025:06:41:06 +0200] "GET /Jurek/eurofirany/images/432283/0.jpg HTTP/1.1" 200 116697 "-" "Java/17.0.13.0.101"
51.77.52.107 - - [22/Apr/2025:06:41:16 +0200] "GET /Jurek/eurofirany/images/459779/0.jpg HTTP/2.0" 200 80729 "-" "baselinker"
46.101.116.244 - - [22/Apr/2025:06:41:19 +0200] "GET /Jurek/eurofirany/feeds/eurofirany_erli.xml HTTP/1.0" 200 19074296 "-" "-"
51.77.52.107 - - [22/Apr/2025:06:41:32 +0200] "GET /Jurek/eurofirany/images/459779/0.jpg HTTP/2.0" 200 80729 "-" "baselinker"
51.77.52.107 - - [22/Apr/2025:06:41:44 +0200] "GET /Jurek/eurofirany/images/460719/0.jpg HTTP/2.0" 200 76146 "-" "baselinker"
46.101.116.244 - - [22/Apr/2025:06:41:58 +0200] "GET /Jurek/aw/feeds/aw_fnacfr.xml HTTP/1.0" 404 3551 "-" "-"
51.77.52.107 - - [22/Apr/2025:06:41:58 +0200] "GET /Jurek/eurofirany/images/460719/0.jpg HTTP/2.0" 200 76146 "-" "baselinker"
51.77.52.107 - - [22/Apr/2025:06:42:14 +0200] "GET /Jurek/eurofirany/images/460719/0.jpg HTTP/2.0" 200 76146 "-" "baselinker"
51.77.52.107 - - [22/Apr/2025:06:42:29 +0200] "GET /Jurek/eurofirany/images/460720/0.jpg HTTP/2.0" 200 77960 "-" "baselinker"
51.77.52.107 - - [22/Apr/2025:06:42:42 +0200] "GET /Jurek/eurofirany/images/460720/0.jpg HTTP/2.0" 200 77960 "-" "baselinker"
46.101.116.244 - - [22/Apr/2025:06:42:52 +0200] "GET /Jurek/b3/feeds/b3_alza.xml HTTP/2.0" 200 8079619 "-" "-"
51.77.52.107 - - [22/Apr/2025:06:42:54 +0200] "GET /Jurek/eurofirany/images/460720/0.jpg HTTP/2.0" 200 77960 "-" "baselinker"
89.161.206.59 - - [22/Apr/2025:06:42:55 +0200] "GET /Jurek/kambukka/feeds/kambukka_emagro.xml HTTP/1.0" 200 1023778 "-" "-"
89.161.206.59 - - [22/Apr/2025:06:42:55 +0200] "GET /Jurek/amzteam/feeds/amzteam_emagro.xml HTTP/1.0" 200 97895 "-" "-"
89.161.206.59 - - [22/Apr/2025:06:42:55 +0200] "GET /Jurek/benetech/feeds/benetech_emagro.xml HTTP/1.0" 200 4165710 "-" "-"
89.161.206.59 - - [22/Apr/2025:06:42:55 +0200] "GET /Jurek/sempler/feeds/sempler_emagro.xml HTTP/1.0" 200 6788429 "-" "-"
89.161.206.59 - - [22/Apr/2025:06:42:55 +0200] "GET /Jurek/kinghoff/feeds/kinghoff_emagro.xml HTTP/1.0" 200 15462361 "-" "-"
51.77.52.107 - - [22/Apr/2025:06:43:08 +0200] "GET /Jurek/eurofirany/images/460721/0.jpg HTTP/2.0" 200 76181 "-" "baselinker"
89.161.206.59 - - [22/Apr/2025:06:43:09 +0200] "GET /Jurek/aiofactory/feeds/aiofactory_emagro.xml HTTP/1.0" 200 2124032 "-" "-"
89.161.206.59 - - [22/Apr/2025:06:43:10 +0200] "GET /Jurek/maksik/feeds/maksik_emagro.xml HTTP/1.0" 200 4085164 "-" "-"
89.161.206.59 - - [22/Apr/2025:06:43:11 +0200] "GET /Jurek/benetech/feeds/benetech_allegro.xml HTTP/1.0" 200 4165718 "-" "-"
89.161.206.59 - - [22/Apr/2025:06:43:11 +0200] "GET /Jurek/sempler/feeds/sempler_allegro.xml HTTP/1.0" 200 6788402 "-" "-"
89.161.206.59 - - [22/Apr/2025:06:43:11 +0200] "GET /Jurek/targethome/feeds/targethome_allegro.xml HTTP/1.0" 200 688668 "-" "-"
89.161.206.59 - - [22/Apr/2025:06:43:11 +0200] "GET /Jurek/kambukka/feeds/kambukka_allegro.xml HTTP/1.0" 200 1023903 "-" "-"
89.161.206.59 - - [22/Apr/2025:06:43:11 +0200] "GET /Jurek/swiatecznygoliat/feeds/swiatecznygoliat_allegro.xml HTTP/1.0" 200 7054771 "-" "-"
89.161.206.59 - - [22/Apr/2025:06:43:12 +0200] "GET /Jurek/artdog/feeds/artdog_allegro.xml HTTP/1.0" 200 17162209 "-" "-"
89.161.206.59 - - [22/Apr/2025:06:43:12 +0200] "GET /Jurek/oromed/feeds/oromed_allegro.xml HTTP/1.0" 200 1103168 "-" "-"
89.161.206.59 - - [22/Apr/2025:06:43:12 +0200] "GET /Jurek/ekuchcikowo/feeds/ekuchcikowo_allegro.xml HTTP/1.0" 200 12472487 "-" "-"
89.161.206.59 - - [22/Apr/2025:06:43:12 +0200] "GET /Jurek/livinhill/feeds/livinhill_allegro.xml HTTP/1.0" 200 1452154 "-" "-"
89.161.206.59 - - [22/Apr/2025:06:43:12 +0200] "GET /Jurek/narzbud/feeds/narzbud_allegro.xml HTTP/1.0" 200 1901338 "-" "-"
89.161.206.59 - - [22/Apr/2025:06:43:13 +0200] "GET /Jurek/bisanti/feeds/bisanti_allegro.xml HTTP/1.0" 200 1142373 "-" "-"
89.161.206.59 - - [22/Apr/2025:06:43:13 +0200] "GET /Jurek/combine/feeds/combine_allegro.xml HTTP/1.0" 200 210566 "-" "-"
89.161.206.59 - - [22/Apr/2025:06:43:13 +0200] "GET /Jurek/spali/feeds/spali_allegro.xml HTTP/1.0" 200 77067 "-" "-"
89.161.206.59 - - [22/Apr/2025:06:43:13 +0200] "GET /Jurek/ekolight/feeds/ekolight_allegro.xml HTTP/1.0" 200 9054999 "-" "-"
89.161.206.59 - - [22/Apr/2025:06:43:13 +0200] "GET /Jurek/urwiskowo/feeds/urwiskowo_allegro.xml HTTP/1.0" 200 9115636 "-" "-"
89.161.206.59 - - [22/Apr/2025:06:43:13 +0200] "GET /Jurek/reman/feeds/reman_allegro.xml HTTP/1.0" 200 1394892 "-" "-"
89.161.206.59 - - [22/Apr/2025:06:43:15 +0200] "GET /Jurek/techrebal/feeds/techrebal_emagro.xml HTTP/1.0" 200 1989862 "-" "-"
89.161.206.59 - - [22/Apr/2025:06:43:15 +0200] "GET /Jurek/kristronik/feeds/kristronik_emagro.xml HTTP/1.0" 200 692086 "-" "-"
89.161.206.59 - - [22/Apr/2025:06:43:15 +0200] "GET /Jurek/techrebalina/feeds/techrebalina_emagro.xml HTTP/1.0" 200 2011328 "-" "-"
46.101.116.244 - - [22/Apr/2025:06:43:17 +0200] "GET /Jurek/action/feeds/action_alza.xml HTTP/2.0" 200 59895185 "-" "-"
51.77.52.107 - - [22/Apr/2025:06:43:20 +0200] "GET /Jurek/eurofirany/images/460721/0.jpg HTTP/2.0" 200 76181 "-" "baselinker"
89.161.206.59 - - [22/Apr/2025:06:43:24 +0200] "GET /Jurek/eroplace/feeds/eroplace_emagro.xml HTTP/1.0" 200 52150111 "-" "-"
66.249.64.166 - - [22/Apr/2025:06:43:31 +0200] "GET /Jurek/eurofirany/images/333890/4.jpg HTTP/1.1" 200 149816 "-" "Googlebot-Image/1.0"
51.77.52.107 - - [22/Apr/2025:06:43:33 +0200] "GET /Jurek/eurofirany/images/460721/0.jpg HTTP/2.0" 200 76181 "-" "baselinker"
51.77.52.107 - - [22/Apr/2025:06:43:47 +0200] "GET /Jurek/eurofirany/images/387708/0.jpg HTTP/2.0" 200 88040 "-" "baselinker"
51.77.52.107 - - [22/Apr/2025:06:44:01 +0200] "GET /Jurek/eurofirany/images/387708/0.jpg HTTP/2.0" 200 88040 "-" "baselinker"
51.77.52.107 - - [22/Apr/2025:06:44:04 +0200] "GET /Jurek/eurofirany/images/387708/0.jpg HTTP/2.0" 200 88040 "-" "baselinker"
51.77.52.107 - - [22/Apr/2025:06:44:09 +0200] "GET /Jurek/eurofirany/images/387709/0.jpg HTTP/2.0" 200 88799 "-" "baselinker"
51.77.52.107 - - [22/Apr/2025:06:44:24 +0200] "GET /Jurek/eurofirany/images/387709/0.jpg HTTP/2.0" 200 88799 "-" "baselinker"
51.77.52.107 - - [22/Apr/2025:06:44:40 +0200] "GET /Jurek/eurofirany/images/387709/0.jpg HTTP/2.0" 200 88799 "-" "baselinker"
46.101.116.244 - - [22/Apr/2025:06:44:47 +0200] "GET /Jurek/unimet/feeds/unimet_alza.xml HTTP/2.0" 200 61207311 "-" "-"
51.77.52.107 - - [22/Apr/2025:06:44:56 +0200] "GET /Jurek/eurofirany/images/387710/0.jpg HTTP/2.0" 200 75191 "-" "baselinker"
51.77.52.107 - - [22/Apr/2025:06:45:02 +0200] "GET /Jurek/eurofirany/images/387710/0.jpg HTTP/2.0" 200 75191 "-" "baselinker"
51.77.52.107 - - [22/Apr/2025:06:45:12 +0200] "GET /Jurek/eurofirany/images/387710/0.jpg HTTP/2.0" 200 75191 "-" "baselinker"
51.77.52.107 - - [22/Apr/2025:06:45:15 +0200] "GET /Jurek/eurofirany/images/387711/0.jpg HTTP/2.0" 200 80512 "-" "baselinker"
51.77.52.107 - - [22/Apr/2025:06:45:33 +0200] "GET /Jurek/eurofirany/images/387711/0.jpg HTTP/2.0" 200 80512 "-" "baselinker"
51.77.52.107 - - [22/Apr/2025:06:45:47 +0200] "GET /Jurek/eurofirany/images/387711/0.jpg HTTP/2.0" 200 80512 "-" "baselinker"
89.161.206.59 - - [22/Apr/2025:06:45:49 +0200] "GET /Jurek/bass/feeds/bass_amazonfr.xml HTTP/1.0" 200 3972012 "-" "-"
89.161.206.59 - - [22/Apr/2025:06:45:49 +0200] "GET /Jurek/bass/feeds/bass_amazonit.xml HTTP/1.0" 200 3972048 "-" "-"
89.161.206.59 - - [22/Apr/2025:06:45:49 +0200] "GET /Jurek/bass/feeds/bass_amazonnl.xml HTTP/1.0" 200 3972032 "-" "-"
51.77.52.107 - - [22/Apr/2025:06:45:58 +0200] "GET /Jurek/eurofirany/images/387712/0.jpg HTTP/2.0" 200 38035 "-" "baselinker"
89.161.206.59 - - [22/Apr/2025:06:46:10 +0200] "GET /Jurek/benetech/feeds/benetech_amazonse.xml HTTP/1.0" 200 4165834 "-" "-"
89.161.206.59 - - [22/Apr/2025:06:46:10 +0200] "GET /Jurek/pupus/feeds/pupus_amazonfr.xml HTTP/1.0" 200 6154556 "-" "-"
89.161.206.59 - - [22/Apr/2025:06:46:10 +0200] "GET /Jurek/pupus/feeds/pupus_amazonde.xml HTTP/1.0" 200 6154313 "-" "-"
89.161.206.59 - - [22/Apr/2025:06:46:10 +0200] "GET /Jurek/pupus/feeds/pupus_amazonnl.xml HTTP/1.0" 200 6154468 "-" "-"
89.161.206.59 - - [22/Apr/2025:06:46:11 +0200] "GET /Jurek/pupus/feeds/pupus_amazonse.xml HTTP/1.0" 200 6156416 "-" "-"
89.161.206.59 - - [22/Apr/2025:06:46:11 +0200] "GET /Jurek/pupus/feeds/pupus_amazonbe.xml HTTP/1.0" 200 6154531 "-" "-"
46.101.116.244 - - [22/Apr/2025:06:46:11 +0200] "GET /Jurek/aw/feeds/aw_fnacfr.xml HTTP/1.0" 404 3551 "-" "-"
89.161.206.59 - - [22/Apr/2025:06:46:11 +0200] "GET /Jurek/pupus/feeds/pupus_amazonit.xml HTTP/1.0" 200 6154103 "-" "-"
89.161.206.59 - - [22/Apr/2025:06:46:11 +0200] "GET /Jurek/pupus/feeds/pupus_amazones.xml HTTP/1.0" 200 6154517 "-" "-"
89.161.206.59 - - [22/Apr/2025:06:46:11 +0200] "GET /Jurek/dekoele/feeds/dekoele_amazonde.xml HTTP/1.0" 200 733935 "-" "-"
89.161.206.59 - - [22/Apr/2025:06:46:12 +0200] "GET /Jurek/dekoele/feeds/dekoele_amazonit.xml HTTP/1.0" 200 733936 "-" "-"
89.161.206.59 - - [22/Apr/2025:06:46:12 +0200] "GET /Jurek/dekoele/feeds/dekoele_amazonfr.xml HTTP/1.0" 200 733934 "-" "-"
89.161.206.59 - - [22/Apr/2025:06:46:12 +0200] "GET /Jurek/dekoele/feeds/dekoele_amazones.xml HTTP/1.0" 200 733935 "-" "-"
89.161.206.59 - - [22/Apr/2025:06:46:12 +0200] "GET /Jurek/dekoele/feeds/dekoele_amazonnl.xml HTTP/1.0" 200 733936 "-" "-"
89.161.206.59 - - [22/Apr/2025:06:46:12 +0200] "GET /Jurek/dekoele/feeds/dekoele_amazonse.xml HTTP/1.0" 200 734006 "-" "-"
89.161.206.59 - - [22/Apr/2025:06:46:12 +0200] "GET /Jurek/dekoele/feeds/dekoele_amazonbe.xml HTTP/1.0" 200 733937 "-" "-"
89.161.206.59 - - [22/Apr/2025:06:46:12 +0200] "GET /Jurek/kobi/feeds/kobi_amazonnl.xml HTTP/1.0" 200 677180 "-" "-"
89.161.206.59 - - [22/Apr/2025:06:46:12 +0200] "GET /Jurek/kobi/feeds/kobi_amazonse.xml HTTP/1.0" 200 677344 "-" "-"
89.161.206.59 - - [22/Apr/2025:06:46:13 +0200] "GET /Jurek/kobi/feeds/kobi_amazones.xml HTTP/1.0" 200 677206 "-" "-"
89.161.206.59 - - [22/Apr/2025:06:46:13 +0200] "GET /Jurek/kobi/feeds/kobi_amazonfr.xml HTTP/1.0" 200 677210 "-" "-"
89.161.206.59 - - [22/Apr/2025:06:46:13 +0200] "GET /Jurek/kobi/feeds/kobi_amazonbe.xml HTTP/1.0" 200 677167 "-" "-"
89.161.206.59 - - [22/Apr/2025:06:46:14 +0200] "GET /Jurek/aiofactory/feeds/aiofactory_amazones.xml HTTP/1.0" 200 2123761 "-" "-"
89.161.206.59 - - [22/Apr/2025:06:46:14 +0200] "GET /Jurek/aiofactory/feeds/aiofactory_amazonfr.xml HTTP/1.0" 200 2123756 "-" "-"
51.77.52.107 - - [22/Apr/2025:06:46:14 +0200] "GET /Jurek/eurofirany/images/387712/0.jpg HTTP/2.0" 200 38035 "-" "baselinker"
89.161.206.59 - - [22/Apr/2025:06:46:14 +0200] "GET /Jurek/aiofactory/feeds/aiofactory_amazonit.xml HTTP/1.0" 200 2123772 "-" "-"
89.161.206.59 - - [22/Apr/2025:06:46:14 +0200] "GET /Jurek/aiofactory/feeds/aiofactory_amazonnl.xml HTTP/1.0" 200 2123768 "-" "-"
89.161.206.59 - - [22/Apr/2025:06:46:16 +0200] "GET /Jurek/aiofactory/feeds/aiofactory_amazonde.xml HTTP/1.0" 200 2123792 "-" "-"
89.161.206.59 - - [22/Apr/2025:06:46:16 +0200] "GET /Jurek/hurtmeblowy/feeds/hurtmeblowy_amazonde.xml HTTP/1.0" 200 7523932 "-" "-"
89.161.206.59 - - [22/Apr/2025:06:46:17 +0200] "GET /Jurek/rosfix/feeds/rosfix_amazonde.xml HTTP/1.0" 200 34055614 "-" "-"
51.77.52.107 - - [22/Apr/2025:06:46:19 +0200] "GET /Jurek/eurofirany/images/387712/0.jpg HTTP/2.0" 200 38035 "-" "baselinker"
46.101.116.244 - - [22/Apr/2025:06:46:19 +0200] "GET /Jurek/andex/feeds/andex_alza.xml HTTP/2.0" 200 1954502 "-" "-"
89.161.206.59 - - [22/Apr/2025:06:46:23 +0200] "GET /Jurek/kamar/feeds/kamar_amazonde.xml HTTP/1.0" 200 25548674 "-" "-"
51.77.52.107 - - [22/Apr/2025:06:46:24 +0200] "GET /Jurek/eurofirany/images/387713/0.jpg HTTP/2.0" 200 88842 "-" "baselinker"
89.161.206.59 - - [22/Apr/2025:06:46:24 +0200] "GET /Jurek/avenido/feeds/avenido_amazonde.xml HTTP/1.0" 200 720088 "-" "-"
89.161.206.59 - - [22/Apr/2025:06:46:27 +0200] "GET /Jurek/drewdon/feeds/drewdon_amazonde.xml HTTP/1.0" 200 504449 "-" "-"
89.161.206.59 - - [22/Apr/2025:06:46:27 +0200] "GET /Jurek/snibbs/feeds/snibbs_amazonde.xml HTTP/1.0" 200 74399 "-" "-"
89.161.206.59 - - [22/Apr/2025:06:46:28 +0200] "GET /Jurek/sebmart/feeds/sebmart_amazonde.xml HTTP/1.0" 200 1598703 "-" "-"
51.77.52.107 - - [22/Apr/2025:06:46:29 +0200] "GET /Jurek/eurofirany/images/387713/0.jpg HTTP/2.0" 200 88842 "-" "baselinker"
46.101.116.244 - - [22/Apr/2025:06:46:31 +0200] "GET /Jurek/aw/feeds/awnarzedzia_alza.xml HTTP/2.0" 200 90623850 "-" "-"
51.77.52.107 - - [22/Apr/2025:06:46:31 +0200] "GET /Jurek/eurofirany/images/387713/0.jpg HTTP/2.0" 200 88842 "-" "baselinker"
51.77.52.107 - - [22/Apr/2025:06:46:41 +0200] "GET /Jurek/eurofirany/images/428984/0.jpg HTTP/2.0" 200 43159 "-" "baselinker"
46.101.116.244 - - [22/Apr/2025:06:46:52 +0200] "GET /Jurek/detian/feeds/detian_alza.xml HTTP/2.0" 404 3551 "-" "-"
51.77.52.107 - - [22/Apr/2025:06:46:55 +0200] "GET /Jurek/eurofirany/images/428984/0.jpg HTTP/2.0" 200 43159 "-" "baselinker"
46.101.116.244 - - [22/Apr/2025:06:46:59 +0200] "GET /Jurek/eurofirany/feeds/eurofirany_ceneo.xml HTTP/1.0" 200 19074103 "-" "-"
51.77.52.107 - - [22/Apr/2025:06:46:59 +0200] "GET /Jurek/eurofirany/images/428984/0.jpg HTTP/2.0" 200 43159 "-" "baselinker"
46.101.116.244 - - [22/Apr/2025:06:47:03 +0200] "GET /Jurek/fernity/feeds/fernity_alza.xml HTTP/2.0" 200 4820412 "-" "-"
51.77.52.107 - - [22/Apr/2025:06:47:13 +0200] "GET /Jurek/eurofirany/images/453000/0.jpg HTTP/2.0" 200 71668 "-" "baselinker"
66.249.64.167 - - [22/Apr/2025:06:47:22 +0200] "GET /Jurek/eurofirany/images/384167/1.jpg HTTP/1.1" 200 98077 "-" "Googlebot-Image/1.0"
46.101.116.244 - - [22/Apr/2025:06:47:25 +0200] "GET /Jurek/octopia/feeds/octopia_alzacz.xml HTTP/2.0" 200 10117156 "-" "-"
51.77.52.107 - - [22/Apr/2025:06:47:26 +0200] "GET /Jurek/eurofirany/images/453000/0.jpg HTTP/2.0" 200 71668 "-" "baselinker"
46.101.116.244 - - [22/Apr/2025:06:47:37 +0200] "GET /Jurek/unimet/feeds/unimet_alza.xml HTTP/2.0" 200 61207311 "-" "-"
51.77.52.107 - - [22/Apr/2025:06:47:37 +0200] "GET /Jurek/eurofirany/images/453000/0.jpg HTTP/2.0" 200 71668 "-" "baselinker"
51.77.52.107 - - [22/Apr/2025:06:47:55 +0200] "GET /Jurek/eurofirany/images/453001/0.jpg HTTP/2.0" 200 65714 "-" "baselinker"
46.101.116.244 - - [22/Apr/2025:06:47:59 +0200] "GET /Jurek/eurofirany/feeds/eurofirany_alza.xml HTTP/2.0" 200 19038951 "-" "-"
51.77.52.107 - - [22/Apr/2025:06:48:08 +0200] "GET /Jurek/eurofirany/images/453001/0.jpg HTTP/2.0" 200 65714 "-" "baselinker"
46.101.116.244 - - [22/Apr/2025:06:48:16 +0200] "GET /Jurek/beliani/feeds/beliani_alza.xml HTTP/2.0" 200 15213494 "-" "-"
51.77.52.107 - - [22/Apr/2025:06:48:24 +0200] "GET /Jurek/eurofirany/images/453001/0.jpg HTTP/2.0" 200 65714 "-" "baselinker"
46.101.116.244 - - [22/Apr/2025:06:48:35 +0200] "GET /Jurek/vivaldi/feeds/vivaldi_alza.xml HTTP/2.0" 200 344839 "-" "-"
51.77.52.107 - - [22/Apr/2025:06:48:35 +0200] "GET /Jurek/eurofirany/images/453003/0.jpg HTTP/2.0" 200 76398 "-" "baselinker"
46.101.116.244 - - [22/Apr/2025:06:48:46 +0200] "GET /Jurek/ikonka/feeds/ikonka_alza.xml HTTP/2.0" 200 22173763 "-" "-"
51.77.52.107 - - [22/Apr/2025:06:48:48 +0200] "GET /Jurek/eurofirany/images/453003/0.jpg HTTP/2.0" 200 76398 "-" "baselinker"
46.101.116.244 - - [22/Apr/2025:06:48:58 +0200] "GET /Jurek/stema/feeds/stema_alza.xml HTTP/2.0" 200 857700 "-" "-"
51.77.52.107 - - [22/Apr/2025:06:49:02 +0200] "GET /Jurek/eurofirany/images/453003/0.jpg HTTP/2.0" 200 76398 "-" "baselinker"
46.101.116.244 - - [22/Apr/2025:06:49:09 +0200] "GET /Jurek/kinghoff/feeds/kinghoff_alza.xml HTTP/2.0" 200 15463477 "-" "-"
51.77.52.107 - - [22/Apr/2025:06:49:16 +0200] "GET /Jurek/eurofirany/images/459701/0.jpg HTTP/2.0" 200 98271 "-" "baselinker"
66.249.64.165 - - [22/Apr/2025:06:49:18 +0200] "GET /Jurek/eurofirany/images/383862/4.jpg HTTP/1.1" 200 210023 "-" "Googlebot-Image/1.0"
51.77.52.107 - - [22/Apr/2025:06:49:22 +0200] "GET /Jurek/eurofirany/images/459701/0.jpg HTTP/2.0" 200 98271 "-" "baselinker"
46.101.116.244 - - [22/Apr/2025:06:49:23 +0200] "GET /Jurek/beltimore/feeds/beltimore_mallsish.xml HTTP/2.0" 200 18651649 "-" "-"
51.77.52.107 - - [22/Apr/2025:06:49:30 +0200] "GET /Jurek/eurofirany/images/459701/0.jpg HTTP/2.0" 200 98271 "-" "baselinker"
46.101.116.244 - - [22/Apr/2025:06:49:35 +0200] "GET /Jurek/drops/feeds/dropsofficecolection_mallsish.xml HTTP/2.0" 200 790612 "-" "-"
51.77.52.107 - - [22/Apr/2025:06:49:35 +0200] "GET /Jurek/eurofirany/images/459704/0.jpg HTTP/2.0" 200 103246 "-" "baselinker"
46.101.116.244 - - [22/Apr/2025:06:49:45 +0200] "GET /Jurek/hdwr/feeds/hdwr_mallsish.xml HTTP/2.0" 200 789396 "-" "-"
51.77.52.107 - - [22/Apr/2025:06:49:49 +0200] "GET /Jurek/eurofirany/images/459704/0.jpg HTTP/2.0" 200 103246 "-" "baselinker"
89.161.206.59 - - [22/Apr/2025:06:49:50 +0200] "GET /Jurek/waks/feeds/waks_emagro.xml HTTP/1.0" 200 1598638 "-" "-"
89.161.206.59 - - [22/Apr/2025:06:49:55 +0200] "GET /Jurek/fertone/feeds/fertone_emagro.xml HTTP/1.0" 200 570184 "-" "-"
46.101.116.244 - - [22/Apr/2025:06:49:55 +0200] "GET /Jurek/narzbud/feeds/narzbud_mallsish.xml HTTP/2.0" 200 1901250 "-" "-"
51.77.52.107 - - [22/Apr/2025:06:49:58 +0200] "GET /Jurek/eurofirany/images/459704/0.jpg HTTP/2.0" 200 103246 "-" "baselinker"
89.161.206.59 - - [22/Apr/2025:06:49:59 +0200] "GET /Jurek/edruk/feeds/edruk_emagro.xml HTTP/1.0" 200 14151335 "-" "-"
46.101.116.244 - - [22/Apr/2025:06:50:06 +0200] "GET /Jurek/newtechele/feeds/newtechele_mallsish.xml HTTP/2.0" 200 2438510 "-" "-"
51.77.52.107 - - [22/Apr/2025:06:50:10 +0200] "GET /Jurek/eurofirany/images/459706/0.jpg HTTP/2.0" 200 126014 "-" "baselinker"
46.101.116.244 - - [22/Apr/2025:06:50:17 +0200] "GET /Jurek/pagmil/feeds/pagmil_mallsish.xml HTTP/2.0" 200 1802831 "-" "-"
51.77.52.107 - - [22/Apr/2025:06:50:17 +0200] "GET /Jurek/eurofirany/images/459706/0.jpg HTTP/2.0" 200 126014 "-" "baselinker"
91.206.37.14 - - [22/Apr/2025:06:50:21 +0200] "GET /Jurek/eurofirany/images/463581/0.jpg HTTP/2.0" 200 68100 "-" "EmagContentMedia/1.0.0"
91.206.37.14 - - [22/Apr/2025:06:50:21 +0200] "GET /Jurek/eurofirany/images/463581/1.jpg HTTP/2.0" 200 76522 "-" "EmagContentMedia/1.0.0"
91.206.37.14 - - [22/Apr/2025:06:50:21 +0200] "GET /Jurek/eurofirany/images/463581/2.jpg HTTP/2.0" 200 37405 "-" "EmagContentMedia/1.0.0"
91.206.37.14 - - [22/Apr/2025:06:50:22 +0200] "GET /Jurek/eurofirany/images/463581/3.jpg HTTP/2.0" 200 40705 "-" "EmagContentMedia/1.0.0"
91.206.37.14 - - [22/Apr/2025:06:50:22 +0200] "GET /Jurek/eurofirany/images/463581/4.jpg HTTP/2.0" 200 216938 "-" "EmagContentMedia/1.0.0"
91.206.37.14 - - [22/Apr/2025:06:50:22 +0200] "GET /Jurek/eurofirany/images/463581/5.jpg HTTP/2.0" 200 40049 "-" "EmagContentMedia/1.0.0"
91.206.37.14 - - [22/Apr/2025:06:50:22 +0200] "GET /Jurek/eurofirany/images/463581/6.jpg HTTP/2.0" 200 48592 "-" "EmagContentMedia/1.0.0"
91.206.37.14 - - [22/Apr/2025:06:50:22 +0200] "GET /Jurek/eurofirany/images/463581/7.jpg HTTP/2.0" 200 58453 "-" "EmagContentMedia/1.0.0"
91.206.37.14 - - [22/Apr/2025:06:50:23 +0200] "GET /Jurek/eurofirany/images/463581/8.jpg HTTP/2.0" 200 110979 "-" "EmagContentMedia/1.0.0"
91.206.37.14 - - [22/Apr/2025:06:50:23 +0200] "GET /Jurek/eurofirany/images/463581/9.jpg HTTP/2.0" 200 96833 "-" "EmagContentMedia/1.0.0"
91.206.37.14 - - [22/Apr/2025:06:50:24 +0200] "GET /Jurek/eurofirany/images/463581/10.jpg HTTP/2.0" 200 89435 "-" "EmagContentMedia/1.0.0"
91.206.37.14 - - [22/Apr/2025:06:50:24 +0200] "GET /Jurek/eurofirany/images/463581/11.jpg HTTP/2.0" 200 120361 "-" "EmagContentMedia/1.0.0"
91.206.37.14 - - [22/Apr/2025:06:50:25 +0200] "GET /Jurek/eurofirany/images/463581/12.jpg HTTP/2.0" 200 132241 "-" "EmagContentMedia/1.0.0"
89.161.206.59 - - [22/Apr/2025:06:50:25 +0200] "GET /Jurek/octopia/feeds/octopia_allegronew.xml HTTP/1.0" 200 10109394 "-" "-"
46.101.116.244 - - [22/Apr/2025:06:50:27 +0200] "GET /Jurek/pawonik/feeds/pawonik_mallsish.xml HTTP/2.0" 200 2138423 "-" "-"
91.206.37.14 - - [22/Apr/2025:06:50:30 +0200] "GET /Jurek/eurofirany/images/410407/0.jpg HTTP/2.0" 200 41041 "-" "EmagContentMedia/1.0.0"
91.206.37.14 - - [22/Apr/2025:06:50:30 +0200] "GET /Jurek/eurofirany/images/410407/1.jpg HTTP/2.0" 200 105332 "-" "EmagContentMedia/1.0.0"
51.77.52.107 - - [22/Apr/2025:06:50:32 +0200] "GET /Jurek/eurofirany/images/459706/0.jpg HTTP/2.0" 200 126014 "-" "baselinker"
46.101.116.244 - - [22/Apr/2025:06:50:38 +0200] "GET /Jurek/proadventure/feeds/proadventure_mallsish.xml HTTP/2.0" 200 10763451 "-" "-"
51.77.52.107 - - [22/Apr/2025:06:50:39 +0200] "GET /Jurek/eurofirany/images/459707/0.jpg HTTP/2.0" 200 83798 "-" "baselinker"
46.101.116.244 - - [22/Apr/2025:06:50:49 +0200] "GET /Jurek/rems/feeds/rems_mallsish.xml HTTP/2.0" 200 8706193 "-" "-"
66.249.64.165 - - [22/Apr/2025:06:50:50 +0200] "GET /Jurek/eurofirany/images/383061/3.jpg HTTP/1.1" 200 6595 "-" "Googlebot-Image/1.0"
46.101.116.244 - - [22/Apr/2025:06:51:00 +0200] "GET /Jurek/roger/feeds/roger_mallsish.xml HTTP/2.0" 200 1396587 "-" "-"
51.77.52.107 - - [22/Apr/2025:06:51:01 +0200] "GET /Jurek/eurofirany/images/459707/0.jpg HTTP/2.0" 200 83798 "-" "baselinker"
46.101.116.244 - - [22/Apr/2025:06:51:11 +0200] "GET /Jurek/sovapl/feeds/sovapl_mallsish.xml HTTP/2.0" 200 8999904 "-" "-"
51.77.52.107 - - [22/Apr/2025:06:51:13 +0200] "GET /Jurek/eurofirany/images/459707/0.jpg HTTP/2.0" 200 83798 "-" "baselinker"
46.101.116.244 - - [22/Apr/2025:06:51:26 +0200] "GET /Jurek/stiv/feeds/stiv_mallsish.xml HTTP/2.0" 200 2056824 "-" "-"
51.77.52.107 - - [22/Apr/2025:06:51:27 +0200] "GET /Jurek/eurofirany/images/459708/0.jpg HTTP/2.0" 200 101035 "-" "baselinker"
46.101.116.244 - - [22/Apr/2025:06:51:37 +0200] "GET /Jurek/fertes/feeds/fertes_mallsish.xml HTTP/2.0" 200 2361786 "-" "-"
51.77.52.107 - - [22/Apr/2025:06:51:40 +0200] "GET /Jurek/eurofirany/images/459708/0.jpg HTTP/2.0" 200 101035 "-" "baselinker"
46.101.116.244 - - [22/Apr/2025:06:51:44 +0200] "GET /Jurek/aw/feeds/aw_fnacfr.xml HTTP/1.0" 404 3551 "-" "-"
46.101.116.244 - - [22/Apr/2025:06:51:47 +0200] "GET /Jurek/avenido/feeds/avenido_mallsish.xml HTTP/2.0" 200 720083 "-" "-"
51.77.52.107 - - [22/Apr/2025:06:51:52 +0200] "GET /Jurek/eurofirany/images/459708/0.jpg HTTP/2.0" 200 101035 "-" "baselinker"
46.101.116.244 - - [22/Apr/2025:06:51:58 +0200] "GET /Jurek/carbonyway/feeds/carbonyway_mallsish.xml HTTP/2.0" 200 3075998 "-" "-"
51.77.52.107 - - [22/Apr/2025:06:52:03 +0200] "GET /Jurek/eurofirany/images/459709/0.jpg HTTP/2.0" 200 130867 "-" "baselinker"
46.101.116.244 - - [22/Apr/2025:06:52:09 +0200] "GET /Jurek/cenoman/feeds/cenoman_mallsish.xml HTTP/2.0" 200 5993204 "-" "-"
51.77.52.107 - - [22/Apr/2025:06:52:16 +0200] "GET /Jurek/eurofirany/images/459709/0.jpg HTTP/2.0" 200 130867 "-" "baselinker"
46.101.116.244 - - [22/Apr/2025:06:52:20 +0200] "GET /Jurek/equalo/feeds/equalo_mallsish.xml HTTP/2.0" 200 98005 "-" "-"
46.101.116.244 - - [22/Apr/2025:06:52:30 +0200] "GET /Jurek/kamar/feeds/kamar_mallsish.xml HTTP/2.0" 200 25549726 "-" "-"
51.77.52.107 - - [22/Apr/2025:06:52:31 +0200] "GET /Jurek/eurofirany/images/459709/0.jpg HTTP/2.0" 200 130867 "-" "baselinker"
51.77.52.107 - - [22/Apr/2025:06:52:34 +0200] "GET /Jurek/eurofirany/images/459710/0.jpg HTTP/2.0" 200 133138 "-" "baselinker"
46.101.116.244 - - [22/Apr/2025:06:52:46 +0200] "GET /Jurek/lampart/feeds/lampart_mallsish.xml HTTP/2.0" 200 936031 "-" "-"
51.77.52.107 - - [22/Apr/2025:06:52:48 +0200] "GET /Jurek/eurofirany/images/459710/0.jpg HTTP/2.0" 200 133138 "-" "baselinker"
51.77.52.107 - - [22/Apr/2025:06:52:52 +0200] "GET /Jurek/eurofirany/images/459710/0.jpg HTTP/2.0" 200 133138 "-" "baselinker"
46.101.116.244 - - [22/Apr/2025:06:52:57 +0200] "GET /Jurek/makow/feeds/makow_mallsish.xml HTTP/2.0" 200 21203616 "-" "-"
51.77.52.107 - - [22/Apr/2025:06:53:05 +0200] "GET /Jurek/eurofirany/images/459711/0.jpg HTTP/2.0" 200 118943 "-" "baselinker"
46.101.116.244 - - [22/Apr/2025:06:53:09 +0200] "GET /Jurek/regis/feeds/regis_mallsish.xml HTTP/2.0" 200 228509 "-" "-"
66.249.64.165 - - [22/Apr/2025:06:53:09 +0200] "GET /Jurek/eurofirany/images/377015/6.jpg HTTP/1.1" 200 42620 "-" "Googlebot-Image/1.0"
89.161.206.59 - - [22/Apr/2025:06:53:09 +0200] "GET /Jurek/fernity/feeds/fernity_emagro.xml HTTP/1.0" 200 4818408 "-" "-"
51.77.52.107 - - [22/Apr/2025:06:53:16 +0200] "GET /Jurek/eurofirany/images/459711/0.jpg HTTP/2.0" 200 118943 "-" "baselinker"
46.101.116.244 - - [22/Apr/2025:06:53:19 +0200] "GET /Jurek/sebmart/feeds/sebmart_mallsish.xml HTTP/2.0" 200 1598726 "-" "-"
89.161.206.59 - - [22/Apr/2025:06:53:20 +0200] "GET /Jurek/snibbs/feeds/snibbs_emagro.xml HTTP/1.0" 200 74411 "-" "-"
51.77.52.107 - - [22/Apr/2025:06:53:25 +0200] "GET /Jurek/eurofirany/images/459711/0.jpg HTTP/2.0" 200 118943 "-" "baselinker"
46.101.116.244 - - [22/Apr/2025:06:53:30 +0200] "GET /Jurek/takapara/feeds/takapara_mallsish.xml HTTP/2.0" 200 1342561 "-" "-"
51.77.52.107 - - [22/Apr/2025:06:53:32 +0200] "GET /Jurek/eurofirany/images/459713/0.jpg HTTP/2.0" 200 113706 "-" "baselinker"
46.101.116.244 - - [22/Apr/2025:06:53:41 +0200] "GET /Jurek/tsjerzy/feeds/tsjerzy_mallsish.xml HTTP/2.0" 200 3897606 "-" "-"
51.77.52.107 - - [22/Apr/2025:06:53:45 +0200] "GET /Jurek/eurofirany/images/459713/0.jpg HTTP/2.0" 200 113706 "-" "baselinker"
51.77.52.107 - - [22/Apr/2025:06:53:53 +0200] "GET /Jurek/eurofirany/images/459713/0.jpg HTTP/2.0" 200 113706 "-" "baselinker"
46.101.116.244 - - [22/Apr/2025:06:53:53 +0200] "GET /Jurek/andex/feeds/andex_mallsiSH.xml HTTP/2.0" 200 1953454 "-" "-"
46.101.116.244 - - [22/Apr/2025:06:54:04 +0200] "GET /Jurek/german/feeds/german_mallsiSH.xml HTTP/2.0" 200 2853569 "-" "-"
51.77.52.107 - - [22/Apr/2025:06:54:08 +0200] "GET /Jurek/eurofirany/images/459714/0.jpg HTTP/2.0" 200 107663 "-" "baselinker"
46.101.116.244 - - [22/Apr/2025:06:54:15 +0200] "GET /Jurek/hanex/feeds/hanex_mallsiSH.xml HTTP/2.0" 200 13931575 "-" "-"
51.77.52.107 - - [22/Apr/2025:06:54:21 +0200] "GET /Jurek/eurofirany/images/459714/0.jpg HTTP/2.0" 200 107663 "-" "baselinker"
46.101.116.244 - - [22/Apr/2025:06:54:26 +0200] "GET /Jurek/maksik/feeds/maksik_mallsiSH.xml HTTP/2.0" 200 4084754 "-" "-"
51.77.52.107 - - [22/Apr/2025:06:54:33 +0200] "GET /Jurek/eurofirany/images/459714/0.jpg HTTP/2.0" 200 107663 "-" "baselinker"
46.101.116.244 - - [22/Apr/2025:06:54:37 +0200] "GET /Jurek/smxdesign/feeds/smxdesign_mallsiSH.xml HTTP/2.0" 200 1829042 "-" "-"
51.77.52.107 - - [22/Apr/2025:06:54:43 +0200] "GET /Jurek/eurofirany/images/459715/0.jpg HTTP/2.0" 200 127106 "-" "baselinker"
46.101.116.244 - - [22/Apr/2025:06:54:47 +0200] "GET /Jurek/aiofactory/feeds/aiofactory_mallsiSH.xml HTTP/2.0" 200 2123762 "-" "-"
51.77.52.107 - - [22/Apr/2025:06:54:56 +0200] "GET /Jurek/eurofirany/images/459715/0.jpg HTTP/2.0" 200 127106 "-" "baselinker"
46.101.116.244 - - [22/Apr/2025:06:54:58 +0200] "GET /Jurek/alucon/feeds/alucon_mallsiSH.xml HTTP/2.0" 200 553571 "-" "-"
51.77.52.107 - - [22/Apr/2025:06:55:01 +0200] "GET /Jurek/eurofirany/images/459715/0.jpg HTTP/2.0" 200 127106 "-" "baselinker"
46.101.116.244 - - [22/Apr/2025:06:55:08 +0200] "GET /Jurek/evil/feeds/evil_mallsiSH.xml HTTP/2.0" 200 306387 "-" "-"
