51.77.52.107 - - [22/Apr/2025:11:38:36 +0200] "GET /Jurek/eurofirany/images/408367/0.jpg HTTP/2.0" 200 142167 "-" "baselinker"
51.77.52.107 - - [22/Apr/2025:11:38:52 +0200] "GET /Jurek/eurofirany/images/408367/0.jpg HTTP/2.0" 200 142167 "-" "baselinker"
5.134.208.158 - - [22/Apr/2025:11:39:04 +0200] "GET /Jurek/eurofirany/images/452143/0.jpg HTTP/1.1" 206 256 "https://www.ceneo.pl" "Mozilla/5.0 (Windows NT 10.0; Win64; x64) AppleWebKit/537.36 (KHTML, like Gecko) Chrome/87.0.4280.141 Safari/537.36"
51.77.52.107 - - [22/Apr/2025:11:39:08 +0200] "GET /Jurek/eurofirany/images/408368/0.jpg HTTP/2.0" 200 142167 "-" "baselinker"
51.77.52.107 - - [22/Apr/2025:11:39:13 +0200] "GET /Jurek/eurofirany/images/408368/0.jpg HTTP/2.0" 200 142167 "-" "baselinker"
51.77.52.107 - - [22/Apr/2025:11:39:30 +0200] "GET /Jurek/eurofirany/images/408368/0.jpg HTTP/2.0" 200 142167 "-" "baselinker"
51.77.52.107 - - [22/Apr/2025:11:39:49 +0200] "GET /Jurek/eurofirany/images/408376/0.jpg HTTP/2.0" 200 131365 "-" "baselinker"
89.161.206.59 - - [22/Apr/2025:11:40:01 +0200] "GET /Jurek/zenga/feeds/zenga_emagro.xml HTTP/1.0" 200 222863 "-" "-"
51.77.52.107 - - [22/Apr/2025:11:40:04 +0200] "GET /Jurek/eurofirany/images/408376/0.jpg HTTP/2.0" 200 131365 "-" "baselinker"
51.77.52.107 - - [22/Apr/2025:11:40:15 +0200] "GET /Jurek/eurofirany/images/408376/0.jpg HTTP/2.0" 200 131365 "-" "baselinker"
51.77.52.107 - - [22/Apr/2025:11:40:32 +0200] "GET /Jurek/eurofirany/images/416783/0.jpg HTTP/2.0" 200 118973 "-" "baselinker"
51.77.52.107 - - [22/Apr/2025:11:40:49 +0200] "GET /Jurek/eurofirany/images/416783/0.jpg HTTP/2.0" 200 118973 "-" "baselinker"
51.77.52.107 - - [22/Apr/2025:11:41:06 +0200] "GET /Jurek/eurofirany/images/416783/0.jpg HTTP/2.0" 200 118973 "-" "baselinker"
51.77.52.107 - - [22/Apr/2025:11:41:19 +0200] "GET /Jurek/eurofirany/images/416786/0.jpg HTTP/2.0" 200 118973 "-" "baselinker"
51.77.52.107 - - [22/Apr/2025:11:41:25 +0200] "GET /Jurek/eurofirany/images/416786/0.jpg HTTP/2.0" 200 118973 "-" "baselinker"
51.77.52.107 - - [22/Apr/2025:11:41:42 +0200] "GET /Jurek/eurofirany/images/416786/0.jpg HTTP/2.0" 200 118973 "-" "baselinker"
51.77.52.107 - - [22/Apr/2025:11:41:58 +0200] "GET /Jurek/eurofirany/images/416788/0.jpg HTTP/2.0" 200 114800 "-" "baselinker"
51.77.52.107 - - [22/Apr/2025:11:42:02 +0200] "GET /Jurek/eurofirany/images/416788/0.jpg HTTP/2.0" 200 114800 "-" "baselinker"
51.77.52.107 - - [22/Apr/2025:11:42:19 +0200] "GET /Jurek/eurofirany/images/416788/0.jpg HTTP/2.0" 200 114800 "-" "baselinker"
99.81.173.210 - - [22/Apr/2025:11:42:35 +0200] "GET /Jurek/eurofirany/images/408370/0.jpg HTTP/2.0" 200 142167 "-" "KlarnaBot-DownloadProductImage/1.0"
46.101.116.244 - - [22/Apr/2025:11:42:35 +0200] "GET /Jurek/awparts/feeds/awparts_emagro.xml HTTP/1.0" 200 142417884 "-" "-"
51.77.52.107 - - [22/Apr/2025:11:42:38 +0200] "GET /Jurek/eurofirany/images/416790/0.jpg HTTP/2.0" 200 121794 "-" "baselinker"
51.77.52.107 - - [22/Apr/2025:11:42:54 +0200] "GET /Jurek/eurofirany/images/416790/0.jpg HTTP/2.0" 200 121794 "-" "baselinker"
51.77.52.107 - - [22/Apr/2025:11:43:10 +0200] "GET /Jurek/eurofirany/images/416790/0.jpg HTTP/2.0" 200 121794 "-" "baselinker"
51.77.52.107 - - [22/Apr/2025:11:43:25 +0200] "GET /Jurek/eurofirany/images/416791/0.jpg HTTP/2.0" 200 121794 "-" "baselinker"
46.101.116.244 - - [22/Apr/2025:11:43:26 +0200] "GET /Jurek/eurofirany/feeds/eurofirany_empik.xml HTTP/1.0" 200 19067709 "-" "-"
46.101.116.244 - - [22/Apr/2025:11:43:29 +0200] "GET /Jurek/chemex/feeds/chemex_empik.xml HTTP/1.0" 200 47822490 "-" "-"
51.77.52.107 - - [22/Apr/2025:11:43:39 +0200] "GET /Jurek/eurofirany/images/416791/0.jpg HTTP/2.0" 200 121794 "-" "baselinker"
51.77.52.107 - - [22/Apr/2025:11:43:59 +0200] "GET /Jurek/eurofirany/images/416791/0.jpg HTTP/2.0" 200 121794 "-" "baselinker"
77.79.248.229 - - [22/Apr/2025:11:44:02 +0200] "GET /Jurek/aw/feeds/awnarzedzia_leroy.xml HTTP/1.1" 200 90519249 "-" "Python-urllib/3.11"
77.79.248.229 - - [22/Apr/2025:11:44:03 +0200] "GET /Jurek/hurtownia_przemyslowa/feeds/hp_leroy.xml HTTP/1.1" 200 49362629 "-" "Python-urllib/3.11"
77.79.248.229 - - [22/Apr/2025:11:44:04 +0200] "GET /Jurek/action/feeds/action_leroy.xml HTTP/1.1" 200 59856443 "-" "Python-urllib/3.11"
77.79.248.229 - - [22/Apr/2025:11:44:07 +0200] "GET /Jurek/b3/feeds/b3_leroy.xml HTTP/1.1" 200 8074972 "-" "Python-urllib/3.11"
77.79.248.229 - - [22/Apr/2025:11:44:08 +0200] "GET /Jurek/topeshop/feeds/topeshop_leroy.xml HTTP/1.1" 200 2686069 "-" "Python-urllib/3.11"
77.79.248.229 - - [22/Apr/2025:11:44:09 +0200] "GET /Jurek/eurofirany/feeds/eurofirany_leroy.xml HTTP/1.1" 200 19066512 "-" "Python-urllib/3.11"
77.79.248.229 - - [22/Apr/2025:11:44:10 +0200] "GET /Jurek/fernity/feeds/fernity_leroy.xml HTTP/1.1" 200 4816756 "-" "Python-urllib/3.11"
77.79.248.229 - - [22/Apr/2025:11:44:10 +0200] "GET /Jurek/kambukka/feeds/kambukka_leroy.xml HTTP/1.1" 200 1023825 "-" "Python-urllib/3.11"
77.79.248.229 - - [22/Apr/2025:11:44:11 +0200] "GET /Jurek/ikonka/feeds/ikonka_leroy.xml HTTP/1.1" 200 22169729 "-" "Python-urllib/3.11"
77.79.248.229 - - [22/Apr/2025:11:44:11 +0200] "GET /Jurek/oromed/feeds/oromed_leroy.xml HTTP/1.1" 200 1103033 "-" "Python-urllib/3.11"
77.79.248.229 - - [22/Apr/2025:11:44:11 +0200] "GET /Jurek/benetech/feeds/benetech_leroy.xml HTTP/1.1" 200 4165446 "-" "Python-urllib/3.11"
77.79.248.229 - - [22/Apr/2025:11:44:11 +0200] "GET /Jurek/octopia/feeds/octopia_leroy.xml HTTP/1.1" 200 10104975 "-" "Python-urllib/3.11"
77.79.248.229 - - [22/Apr/2025:11:44:11 +0200] "GET /Jurek/waks/feeds/waks_leroy.xml HTTP/1.1" 200 1596552 "-" "Python-urllib/3.11"
77.79.248.229 - - [22/Apr/2025:11:44:12 +0200] "GET /Jurek/kinghoff/feeds/kinghoff_leroy.xml HTTP/1.1" 200 15460372 "-" "Python-urllib/3.11"
77.79.248.229 - - [22/Apr/2025:11:44:12 +0200] "GET /Jurek/hdwr/feeds/hdwr_leroy.xml HTTP/1.1" 200 789401 "-" "Python-urllib/3.11"
77.79.248.229 - - [22/Apr/2025:11:44:13 +0200] "GET /Jurek/barbecook/feeds/barbecook_leroy.xml HTTP/1.1" 200 87520 "-" "Python-urllib/3.11"
77.79.248.229 - - [22/Apr/2025:11:44:13 +0200] "GET /Jurek/sempler/feeds/sempler_leroy.xml HTTP/1.1" 200 6788004 "-" "Python-urllib/3.11"
77.79.248.229 - - [22/Apr/2025:11:44:14 +0200] "GET /Jurek/kinghome/feeds/kinghome_leroy.xml HTTP/1.1" 200 6060220 "-" "Python-urllib/3.11"
77.79.248.229 - - [22/Apr/2025:11:44:14 +0200] "GET /Jurek/ekolight/feeds/ekolioght_leroy.xml HTTP/1.1" 200 9052755 "-" "Python-urllib/3.11"
77.79.248.229 - - [22/Apr/2025:11:44:14 +0200] "GET /Jurek/bimboland/feeds/bimboland_leroy.xml HTTP/1.1" 200 2831861 "-" "Python-urllib/3.11"
77.79.248.229 - - [22/Apr/2025:11:44:15 +0200] "GET /Jurek/hurtmeblowy/feeds/hurtmeblowy_leroy.xml HTTP/1.1" 200 8514556 "-" "Python-urllib/3.11"
77.79.248.229 - - [22/Apr/2025:11:44:15 +0200] "GET /Jurek/fertone/feeds/fertone_leroy.xml HTTP/1.1" 200 570201 "-" "Python-urllib/3.11"
77.79.248.229 - - [22/Apr/2025:11:44:16 +0200] "GET /Jurek/ekuchcikowo/feeds/ekuchcikowo_leroy.xml HTTP/1.1" 200 12471012 "-" "Python-urllib/3.11"
51.77.52.107 - - [22/Apr/2025:11:44:17 +0200] "GET /Jurek/eurofirany/images/416792/0.jpg HTTP/2.0" 200 117637 "-" "baselinker"
77.79.248.229 - - [22/Apr/2025:11:44:20 +0200] "GET /Jurek/intsell/feeds/intsell_leroy.xml HTTP/1.1" 200 342009326 "-" "Python-urllib/3.11"
77.79.248.229 - - [22/Apr/2025:11:44:20 +0200] "GET /Jurek/velinda/feeds/velinda_leroy.xml HTTP/1.1" 200 23436 "-" "Python-urllib/3.11"
77.79.248.229 - - [22/Apr/2025:11:44:20 +0200] "GET /Jurek/spali/feeds/spali_leroy.xml HTTP/1.1" 200 77058 "-" "Python-urllib/3.11"
77.79.248.229 - - [22/Apr/2025:11:44:20 +0200] "GET /Jurek/urwiskowo/feeds/urwiskowo_leroy.xml HTTP/1.1" 200 9115029 "-" "Python-urllib/3.11"
77.79.248.229 - - [22/Apr/2025:11:44:21 +0200] "GET /Jurek/erohurtownia/feeds/erohurtownia_leroy.xml HTTP/1.1" 200 22846501 "-" "Python-urllib/3.11"
77.79.248.229 - - [22/Apr/2025:11:44:21 +0200] "GET /Jurek/elecomp/feeds/elecomp_leroy.xml HTTP/1.1" 200 2867758 "-" "Python-urllib/3.11"
77.79.248.229 - - [22/Apr/2025:11:44:21 +0200] "GET /Jurek/rider/feeds/rider_leroy.xml HTTP/1.1" 200 8165196 "-" "Python-urllib/3.11"
77.79.248.229 - - [22/Apr/2025:11:44:21 +0200] "GET /Jurek/eurofryz2/feeds/eurofryz2_leroy.xml HTTP/1.1" 200 1376767 "-" "Python-urllib/3.11"
77.79.248.229 - - [22/Apr/2025:11:44:22 +0200] "GET /Jurek/expertauto/feeds/expertauto_leroy.xml HTTP/1.1" 200 1158929 "-" "Python-urllib/3.11"
77.79.248.229 - - [22/Apr/2025:11:44:22 +0200] "GET /Jurek/najtanszysport/feeds/najtanszysport_leroy.xml HTTP/1.1" 200 3983303 "-" "Python-urllib/3.11"
77.79.248.229 - - [22/Apr/2025:11:44:23 +0200] "GET /Jurek/kobi/feeds/kobi_leroy.xml HTTP/1.1" 200 1993196 "-" "Python-urllib/3.11"
77.79.248.229 - - [22/Apr/2025:11:44:24 +0200] "GET /Jurek/narzbud/feeds/narzbud_leroy.xml HTTP/1.1" 200 1901252 "-" "Python-urllib/3.11"
77.79.248.229 - - [22/Apr/2025:11:44:28 +0200] "GET /Jurek/awparts/feeds/awparts_leroy.xml HTTP/1.1" 200 142304054 "-" "Python-urllib/3.11"
77.79.248.229 - - [22/Apr/2025:11:44:29 +0200] "GET /Jurek/kidshop/feeds/kidshop_leroy.xml HTTP/1.1" 200 19850599 "-" "Python-urllib/3.11"
77.79.248.229 - - [22/Apr/2025:11:44:29 +0200] "GET /Jurek/playcob/feeds/playcob_leroy.xml HTTP/1.1" 200 6980166 "-" "Python-urllib/3.11"
77.79.248.229 - - [22/Apr/2025:11:44:30 +0200] "GET /Jurek/dropkz/feeds/dropkz_leroy.xml HTTP/1.1" 200 70014519 "-" "Python-urllib/3.11"
77.79.248.229 - - [22/Apr/2025:11:44:31 +0200] "GET /Jurek/hanex/feeds/hanex_leroy.xml HTTP/1.1" 200 13931592 "-" "Python-urllib/3.11"
77.79.248.229 - - [22/Apr/2025:11:44:31 +0200] "GET /Jurek/straganbiur/feeds/straganbiur_leroy.xml HTTP/1.1" 200 8893174 "-" "Python-urllib/3.11"
77.79.248.229 - - [22/Apr/2025:11:44:31 +0200] "GET /Jurek/roger/feeds/roger_leroy.xml HTTP/1.1" 200 1396568 "-" "Python-urllib/3.11"
77.79.248.229 - - [22/Apr/2025:11:44:31 +0200] "GET /Jurek/sportprise/feeds/sportprise_leroy.xml HTTP/1.1" 200 12725725 "-" "Python-urllib/3.11"
77.79.248.229 - - [22/Apr/2025:11:44:32 +0200] "GET /Jurek/hurtmeblowy/feeds/hurtmeblowy_leroy.xml HTTP/1.1" 200 8514556 "-" "Python-urllib/3.11"
77.79.248.229 - - [22/Apr/2025:11:44:32 +0200] "GET /Jurek/oknobest/feeds/oknobest_leroy.xml HTTP/1.1" 200 2707836 "-" "Python-urllib/3.11"
77.79.248.229 - - [22/Apr/2025:11:44:32 +0200] "GET /Jurek/german/feeds/german_leroy.xml HTTP/1.1" 200 2853542 "-" "Python-urllib/3.11"
77.79.248.229 - - [22/Apr/2025:11:44:32 +0200] "GET /Jurek/kristronik/feeds/kristronik_leroy.xml HTTP/1.1" 200 691975 "-" "Python-urllib/3.11"
77.79.248.229 - - [22/Apr/2025:11:44:33 +0200] "GET /Jurek/erohurtownia/feeds/erohurtownia_leroy.xml HTTP/1.1" 200 22846501 "-" "Python-urllib/3.11"
77.79.248.229 - - [22/Apr/2025:11:44:33 +0200] "GET /Jurek/smxdesign/feeds/smxdesign_leroy.xml HTTP/1.1" 200 1829024 "-" "Python-urllib/3.11"
77.79.248.229 - - [22/Apr/2025:11:44:33 +0200] "GET /Jurek/elavia/feeds/elavia_leroy.xml HTTP/1.1" 200 2497272 "-" "Python-urllib/3.11"
77.79.248.229 - - [22/Apr/2025:11:44:33 +0200] "GET /Jurek/relogy/feeds/relogy_leroy.xml HTTP/1.1" 200 66665860 "-" "Python-urllib/3.11"
77.79.248.229 - - [22/Apr/2025:11:44:34 +0200] "GET /Jurek/hlo/feeds/hlo_leroy.xml HTTP/1.1" 200 4838667 "-" "Python-urllib/3.11"
77.79.248.229 - - [22/Apr/2025:11:44:34 +0200] "GET /Jurek/aiofactory/feeds/aiofactory_leroy.xml HTTP/1.1" 200 2123789 "-" "Python-urllib/3.11"
77.79.248.229 - - [22/Apr/2025:11:44:34 +0200] "GET /Jurek/broers/feeds/broers_leroy.xml HTTP/1.1" 200 1982553 "-" "Python-urllib/3.11"
51.77.52.107 - - [22/Apr/2025:11:44:34 +0200] "GET /Jurek/eurofirany/images/416792/0.jpg HTTP/2.0" 200 117637 "-" "baselinker"
77.79.248.229 - - [22/Apr/2025:11:44:34 +0200] "GET /Jurek/euroshop/feeds/euroshop_leroy.xml HTTP/1.1" 200 20025538 "-" "Python-urllib/3.11"
77.79.248.229 - - [22/Apr/2025:11:44:34 +0200] "GET /Jurek/jankeski/feeds/jankeski_leroy.xml HTTP/1.1" 200 6571141 "-" "Python-urllib/3.11"
77.79.248.229 - - [22/Apr/2025:11:44:35 +0200] "GET /Jurek/zbimatyja/feeds/zbimatyja_leroy.xml HTTP/1.1" 200 11670140 "-" "Python-urllib/3.11"
77.79.248.229 - - [22/Apr/2025:11:44:35 +0200] "GET /Jurek/cdata/feeds/cdata_leroy.xml HTTP/1.1" 200 1445082 "-" "Python-urllib/3.11"
77.79.248.229 - - [22/Apr/2025:11:44:35 +0200] "GET /Jurek/asortymenteu/feeds/asortymenteu_leroy.xml HTTP/1.1" 200 2764726 "-" "Python-urllib/3.11"
77.79.248.229 - - [22/Apr/2025:11:44:35 +0200] "GET /Jurek/biokominki/feeds/biokominki_leroy.xml HTTP/1.1" 200 1422255 "-" "Python-urllib/3.11"
77.79.248.229 - - [22/Apr/2025:11:44:35 +0200] "GET /Jurek/newtechele/feeds/newtechele_leroy.xml HTTP/1.1" 200 2438523 "-" "Python-urllib/3.11"
77.79.248.229 - - [22/Apr/2025:11:44:35 +0200] "GET /Jurek/matkam/feeds/matkam_leroy.xml HTTP/1.1" 200 4999779 "-" "Python-urllib/3.11"
77.79.248.229 - - [22/Apr/2025:11:44:36 +0200] "GET /Jurek/cenoman/feeds/cenoman_leroy.xml HTTP/1.1" 200 5993193 "-" "Python-urllib/3.11"
77.79.248.229 - - [22/Apr/2025:11:44:36 +0200] "GET /Jurek/kamar/feeds/kamar_leroy.xml HTTP/1.1" 200 25550063 "-" "Python-urllib/3.11"
77.79.248.229 - - [22/Apr/2025:11:44:36 +0200] "GET /Jurek/avenido/feeds/avenido_leroy.xml HTTP/1.1" 200 720084 "-" "Python-urllib/3.11"
77.79.248.229 - - [22/Apr/2025:11:44:36 +0200] "GET /Jurek/zenex/feeds/zenex_leroy.xml HTTP/1.1" 200 540163 "-" "Python-urllib/3.11"
77.79.248.229 - - [22/Apr/2025:11:44:36 +0200] "GET /Jurek/filmal/feeds/filmal_leroy.xml HTTP/1.1" 200 139275 "-" "Python-urllib/3.11"
77.79.248.229 - - [22/Apr/2025:11:44:37 +0200] "GET /Jurek/makow/feeds/makow_leroy.xml HTTP/1.1" 200 21203812 "-" "Python-urllib/3.11"
77.79.248.229 - - [22/Apr/2025:11:44:37 +0200] "GET /Jurek/szpaklampy/feeds/szpaklampy_leroy.xml HTTP/1.1" 200 388223 "-" "Python-urllib/3.11"
77.79.248.229 - - [22/Apr/2025:11:44:37 +0200] "GET /Jurek/apresto/feeds/apresto_leroy.xml HTTP/1.1" 200 1327638 "-" "Python-urllib/3.11"
77.79.248.229 - - [22/Apr/2025:11:44:37 +0200] "GET /Jurek/nexus/feeds/nexus_leroy.xml HTTP/1.1" 200 226646 "-" "Python-urllib/3.11"
77.79.248.229 - - [22/Apr/2025:11:44:37 +0200] "GET /Jurek/em3/feeds/em3_leroy.xml HTTP/1.1" 200 258916 "-" "Python-urllib/3.11"
77.79.248.229 - - [22/Apr/2025:11:44:37 +0200] "GET /Jurek/mojeledy/feeds/mojeledy_leroy.xml HTTP/1.1" 200 1018438 "-" "Python-urllib/3.11"
77.79.248.229 - - [22/Apr/2025:11:44:37 +0200] "GET /Jurek/carbonyway/feeds/carbonyway_leroy.xml HTTP/1.1" 200 3076025 "-" "Python-urllib/3.11"
77.79.248.229 - - [22/Apr/2025:11:44:37 +0200] "GET /Jurek/kalama/feeds/kalama_leroy.xml HTTP/1.1" 200 2661748 "-" "Python-urllib/3.11"
77.79.248.229 - - [22/Apr/2025:11:44:37 +0200] "GET /Jurek/proadventure/feeds/proadventure_leroy.xml HTTP/1.1" 200 10763565 "-" "Python-urllib/3.11"
77.79.248.229 - - [22/Apr/2025:11:44:38 +0200] "GET /Jurek/sklep24amk/feeds/sklep24amk_leroy.xml HTTP/1.1" 200 3894561 "-" "Python-urllib/3.11"
77.79.248.229 - - [22/Apr/2025:11:44:45 +0200] "GET /Jurek/bloomglow/feeds/bloomglow_leroy.xml HTTP/1.1" 200 14095403 "-" "Python-urllib/3.11"
51.77.52.107 - - [22/Apr/2025:11:44:54 +0200] "GET /Jurek/eurofirany/images/416792/0.jpg HTTP/2.0" 200 117637 "-" "baselinker"
51.77.52.107 - - [22/Apr/2025:11:45:08 +0200] "GET /Jurek/eurofirany/images/416793/0.jpg HTTP/2.0" 200 117637 "-" "baselinker"
51.77.52.107 - - [22/Apr/2025:11:45:26 +0200] "GET /Jurek/eurofirany/images/416793/0.jpg HTTP/2.0" 200 117637 "-" "baselinker"
51.77.52.107 - - [22/Apr/2025:11:45:41 +0200] "GET /Jurek/eurofirany/images/416793/0.jpg HTTP/2.0" 200 117637 "-" "baselinker"
51.77.52.107 - - [22/Apr/2025:11:46:00 +0200] "GET /Jurek/eurofirany/images/423448/0.jpg HTTP/2.0" 200 126088 "-" "baselinker"
51.77.52.107 - - [22/Apr/2025:11:46:20 +0200] "GET /Jurek/eurofirany/images/423448/0.jpg HTTP/2.0" 200 126088 "-" "baselinker"
51.77.52.107 - - [22/Apr/2025:11:46:38 +0200] "GET /Jurek/eurofirany/images/423448/0.jpg HTTP/2.0" 200 126088 "-" "baselinker"
216.113.184.103 - - [22/Apr/2025:11:46:40 +0200] "GET /Jurek/topeshop/downloaded_images/5902838464304_20_st_open.jpg HTTP/1.1" 200 60982 "http://www.ebay.com/" "Mozilla/4.0 (compatible; MSIE 4.01; Windows NT)"
216.113.184.102 - - [22/Apr/2025:11:46:40 +0200] "GET /Jurek/topeshop/downloaded_images/5902838464304_Opal_garderoba_Sonoma.jpg HTTP/1.1" 404 3551 "http://www.ebay.com/" "Mozilla/4.0 (compatible; MSIE 4.01; Windows NT)"
216.113.184.104 - - [22/Apr/2025:11:46:40 +0200] "GET /Jurek/topeshop/downloaded_images/5902838464304_20_st.jpg HTTP/1.1" 200 66763 "http://www.ebay.com/" "Mozilla/4.0 (compatible; MSIE 4.01; Windows NT)"
216.113.184.102 - - [22/Apr/2025:11:46:40 +0200] "GET /Jurek/topeshop/downloaded_images/5902838464304_wymiary_close_Obszar_roboczy_1.jpg HTTP/1.1" 200 83087 "http://www.ebay.com/" "Mozilla/4.0 (compatible; MSIE 4.01; Windows NT)"
216.113.184.102 - - [22/Apr/2025:11:46:40 +0200] "GET /Jurek/topeshop/downloaded_images/5902838464304_wymiary_open_Obszar_roboczy_1.jpg HTTP/1.1" 200 64303 "http://www.ebay.com/" "Mozilla/4.0 (compatible; MSIE 4.01; Windows NT)"
216.113.184.101 - - [22/Apr/2025:11:46:40 +0200] "GET /Jurek/topeshop/downloaded_images/5902838464304_Front_close.jpg HTTP/1.1" 200 61286 "http://www.ebay.com/" "Mozilla/4.0 (compatible; MSIE 4.01; Windows NT)"
216.113.184.105 - - [22/Apr/2025:11:46:40 +0200] "GET /Jurek/topeshop/downloaded_images/5902838464304_Sonoma.jpg HTTP/1.1" 200 117054 "http://www.ebay.com/" "Mozilla/4.0 (compatible; MSIE 4.01; Windows NT)"
216.113.184.102 - - [22/Apr/2025:11:46:40 +0200] "GET /Jurek/topeshop/downloaded_images/5902838464304_front_open.jpg HTTP/1.1" 200 54349 "http://www.ebay.com/" "Mozilla/4.0 (compatible; MSIE 4.01; Windows NT)"
51.77.52.107 - - [22/Apr/2025:11:46:45 +0200] "GET /Jurek/eurofirany/images/423449/0.jpg HTTP/2.0" 200 104647 "-" "baselinker"
46.101.116.244 - - [22/Apr/2025:11:46:49 +0200] "GET /Jurek/aw/feeds/aw_fnacfr.xml HTTP/1.0" 404 3551 "-" "-"
51.77.52.107 - - [22/Apr/2025:11:47:05 +0200] "GET /Jurek/eurofirany/images/423449/0.jpg HTTP/2.0" 200 104647 "-" "baselinker"
51.77.52.107 - - [22/Apr/2025:11:47:21 +0200] "GET /Jurek/eurofirany/images/423449/0.jpg HTTP/2.0" 200 104647 "-" "baselinker"
51.77.52.107 - - [22/Apr/2025:11:47:41 +0200] "GET /Jurek/eurofirany/images/423450/0.jpg HTTP/2.0" 200 145775 "-" "baselinker"
51.77.52.107 - - [22/Apr/2025:11:47:57 +0200] "GET /Jurek/eurofirany/images/423450/0.jpg HTTP/2.0" 200 145775 "-" "baselinker"
51.77.52.107 - - [22/Apr/2025:11:48:19 +0200] "GET /Jurek/eurofirany/images/423450/0.jpg HTTP/2.0" 200 145775 "-" "baselinker"
51.77.52.107 - - [22/Apr/2025:11:48:40 +0200] "GET /Jurek/eurofirany/images/436566/0.jpg HTTP/2.0" 200 114569 "-" "baselinker"
51.77.52.107 - - [22/Apr/2025:11:49:00 +0200] "GET /Jurek/eurofirany/images/436566/0.jpg HTTP/2.0" 200 114569 "-" "baselinker"
51.77.52.107 - - [22/Apr/2025:11:49:15 +0200] "GET /Jurek/eurofirany/images/436566/0.jpg HTTP/2.0" 200 114569 "-" "baselinker"
51.77.52.107 - - [22/Apr/2025:11:49:28 +0200] "GET /Jurek/eurofirany/images/408362/0.jpg HTTP/2.0" 200 116999 "-" "baselinker"
51.77.52.107 - - [22/Apr/2025:11:49:46 +0200] "GET /Jurek/eurofirany/images/408362/0.jpg HTTP/2.0" 200 116999 "-" "baselinker"
51.77.52.107 - - [22/Apr/2025:11:50:01 +0200] "GET /Jurek/eurofirany/images/408362/0.jpg HTTP/2.0" 200 116999 "-" "baselinker"
51.77.52.107 - - [22/Apr/2025:11:50:05 +0200] "GET /Jurek/eurofirany/images/378352/0.jpg HTTP/2.0" 200 165499 "-" "baselinker"
77.79.248.229 - - [22/Apr/2025:11:50:07 +0200] "GET /Jurek/eurofirany/feeds/eurofirany_allsweet.xml HTTP/1.1" 200 19070434 "-" "Python-urllib/3.11"
77.79.248.229 - - [22/Apr/2025:11:50:08 +0200] "GET /Jurek/ikonka/feeds/ikonka_all_sweet.xml HTTP/1.1" 200 22170241 "-" "Python-urllib/3.11"
77.79.248.229 - - [22/Apr/2025:11:50:08 +0200] "GET /Jurek/stema/feeds/stema_all.xml HTTP/1.1" 200 857247 "-" "Python-urllib/3.11"
77.79.248.229 - - [22/Apr/2025:11:50:08 +0200] "GET /Jurek/eurofirany/feeds/eurofirany_all_cz.xml HTTP/1.1" 200 19085055 "-" "Python-urllib/3.11"
77.79.248.229 - - [22/Apr/2025:11:50:09 +0200] "GET /Jurek/ikonka/feeds/ikonka_all_cz.xml HTTP/1.1" 200 22172166 "-" "Python-urllib/3.11"
77.79.248.229 - - [22/Apr/2025:11:50:09 +0200] "GET /Jurek/stema/feeds/stema_all_cz.xml HTTP/1.1" 200 857669 "-" "Python-urllib/3.11"
77.79.248.229 - - [22/Apr/2025:11:50:10 +0200] "GET /Jurek/eurofirany/feeds/eurofirany_all_sk.xml HTTP/1.1" 200 19065244 "-" "Python-urllib/3.11"
77.79.248.229 - - [22/Apr/2025:11:50:10 +0200] "GET /Jurek/ikonka/feeds/ikonka_all_sk.xml HTTP/1.1" 200 22169524 "-" "Python-urllib/3.11"
77.79.248.229 - - [22/Apr/2025:11:50:10 +0200] "GET /Jurek/stema/feeds/stema_all_sk.xml HTTP/1.1" 200 856972 "-" "Python-urllib/3.11"
51.77.52.107 - - [22/Apr/2025:11:50:20 +0200] "GET /Jurek/eurofirany/images/378352/0.jpg HTTP/2.0" 200 165499 "-" "baselinker"
51.77.52.107 - - [22/Apr/2025:11:50:37 +0200] "GET /Jurek/eurofirany/images/378352/0.jpg HTTP/2.0" 200 165499 "-" "baselinker"
51.77.52.107 - - [22/Apr/2025:11:50:51 +0200] "GET /Jurek/eurofirany/images/378341/0.jpg HTTP/2.0" 200 156945 "-" "baselinker"
51.77.52.107 - - [22/Apr/2025:11:51:09 +0200] "GET /Jurek/eurofirany/images/378341/0.jpg HTTP/2.0" 200 156945 "-" "baselinker"
89.161.206.59 - - [22/Apr/2025:11:51:25 +0200] "GET /Jurek/equalo/feeds/equalo_amazonde.xml HTTP/1.0" 200 98007 "-" "-"
89.161.206.59 - - [22/Apr/2025:11:51:25 +0200] "GET /Jurek/regis/feeds/regis_amazonde.xml HTTP/1.0" 200 228510 "-" "-"
89.161.206.59 - - [22/Apr/2025:11:51:25 +0200] "GET /Jurek/cdata/feeds/cdata_amazonde.xml HTTP/1.0" 200 1445085 "-" "-"
89.161.206.59 - - [22/Apr/2025:11:51:26 +0200] "GET /Jurek/alucon/feeds/alucon_amazonde.xml HTTP/1.0" 200 553571 "-" "-"
89.161.206.59 - - [22/Apr/2025:11:51:26 +0200] "GET /Jurek/riko/feeds/riko_amazonde.xml HTTP/1.0" 200 3785125 "-" "-"
89.161.206.59 - - [22/Apr/2025:11:51:26 +0200] "GET /Jurek/narzbud/feeds/narzbud_amazonde.xml HTTP/1.0" 200 1901214 "-" "-"
51.77.52.107 - - [22/Apr/2025:11:51:29 +0200] "GET /Jurek/eurofirany/images/378341/0.jpg HTTP/2.0" 200 156945 "-" "baselinker"
51.77.52.107 - - [22/Apr/2025:11:51:45 +0200] "GET /Jurek/eurofirany/images/378342/0.jpg HTTP/2.0" 200 156945 "-" "baselinker"
51.77.52.107 - - [22/Apr/2025:11:52:03 +0200] "GET /Jurek/eurofirany/images/378342/0.jpg HTTP/2.0" 200 156945 "-" "baselinker"
51.77.52.107 - - [22/Apr/2025:11:52:19 +0200] "GET /Jurek/eurofirany/images/378342/0.jpg HTTP/2.0" 200 156945 "-" "baselinker"
51.77.52.107 - - [22/Apr/2025:11:52:22 +0200] "GET /Jurek/eurofirany/images/452620/0.jpg HTTP/2.0" 200 49639 "-" "baselinker"
51.77.52.107 - - [22/Apr/2025:11:52:28 +0200] "GET /Jurek/eurofirany/images/452620/0.jpg HTTP/2.0" 200 49639 "-" "baselinker"
51.77.52.107 - - [22/Apr/2025:11:52:41 +0200] "GET /Jurek/eurofirany/images/452620/0.jpg HTTP/2.0" 200 49639 "-" "baselinker"
51.77.52.107 - - [22/Apr/2025:11:52:44 +0200] "GET /Jurek/eurofirany/images/452623/0.jpg HTTP/2.0" 200 118839 "-" "baselinker"
193.33.8.61 - - [22/Apr/2025:11:52:59 +0200] "GET /Filip/janshop_orders/exports/ HTTP/2.0" 401 3550 "-" "Mozilla/5.0 (Macintosh; Intel Mac OS X 10_15_7) AppleWebKit/605.1.15 (KHTML, like Gecko) Version/17.5 Safari/605.1.15"
193.33.8.61 - maria [22/Apr/2025:11:53:00 +0200] "GET /Filip/janshop_orders/exports/ HTTP/2.0" 200 7778 "-" "Mozilla/5.0 (Macintosh; Intel Mac OS X 10_15_7) AppleWebKit/605.1.15 (KHTML, like Gecko) Version/17.5 Safari/605.1.15"
51.77.52.107 - - [22/Apr/2025:11:53:01 +0200] "GET /Jurek/eurofirany/images/452623/0.jpg HTTP/2.0" 200 118839 "-" "baselinker"
193.33.8.61 - maria [22/Apr/2025:11:53:05 +0200] "GET /Filip/janshop_orders/exports/shumee_2025-04-22_08.txt HTTP/2.0" 200 2167 "https://dkkapusta1997.usermd.net/Filip/janshop_orders/exports/" "Mozilla/5.0 (Macintosh; Intel Mac OS X 10_15_7) AppleWebKit/605.1.15 (KHTML, like Gecko) Version/17.5 Safari/605.1.15"
193.33.8.61 - maria [22/Apr/2025:11:53:06 +0200] "GET /Filip/janshop_orders/exports/great_2025-04-22_08.txt HTTP/2.0" 200 2329 "https://dkkapusta1997.usermd.net/Filip/janshop_orders/exports/" "Mozilla/5.0 (Macintosh; Intel Mac OS X 10_15_7) AppleWebKit/605.1.15 (KHTML, like Gecko) Version/17.5 Safari/605.1.15"
193.33.8.61 - maria [22/Apr/2025:11:53:07 +0200] "GET /Filip/janshop_orders/exports/extra_2025-04-22_08.txt HTTP/2.0" 200 3645 "https://dkkapusta1997.usermd.net/Filip/janshop_orders/exports/" "Mozilla/5.0 (Macintosh; Intel Mac OS X 10_15_7) AppleWebKit/605.1.15 (KHTML, like Gecko) Version/17.5 Safari/605.1.15"
51.77.52.107 - - [22/Apr/2025:11:53:22 +0200] "GET /Jurek/eurofirany/images/452623/0.jpg HTTP/2.0" 200 118839 "-" "baselinker"
51.77.52.107 - - [22/Apr/2025:11:53:28 +0200] "GET /Jurek/eurofirany/images/452624/0.jpg HTTP/2.0" 200 118814 "-" "baselinker"
51.77.52.107 - - [22/Apr/2025:11:53:44 +0200] "GET /Jurek/eurofirany/images/452624/0.jpg HTTP/2.0" 200 118814 "-" "baselinker"
51.77.52.107 - - [22/Apr/2025:11:53:49 +0200] "GET /Jurek/eurofirany/images/452624/0.jpg HTTP/2.0" 200 118814 "-" "baselinker"
51.77.52.107 - - [22/Apr/2025:11:53:55 +0200] "GET /Jurek/eurofirany/images/452627/0.jpg HTTP/2.0" 200 102850 "-" "baselinker"
51.77.52.107 - - [22/Apr/2025:11:54:00 +0200] "GET /Jurek/eurofirany/images/452627/0.jpg HTTP/2.0" 200 102850 "-" "baselinker"
77.79.248.229 - - [22/Apr/2025:11:54:09 +0200] "GET /Jurek/vidaSI/feeds/vidaSI_bigbang.xml HTTP/1.1" 200 640485672 "-" "Python-urllib/3.11"
89.161.206.59 - - [22/Apr/2025:11:54:15 +0200] "GET /Jurek/bass_new/feeds/bass_skroutz.xml HTTP/1.0" 200 7040889 "-" "-"
51.77.52.107 - - [22/Apr/2025:11:54:20 +0200] "GET /Jurek/eurofirany/images/452627/0.jpg HTTP/2.0" 200 102850 "-" "baselinker"
51.77.52.107 - - [22/Apr/2025:11:54:26 +0200] "GET /Jurek/eurofirany/images/452628/0.jpg HTTP/2.0" 200 109034 "-" "baselinker"
51.77.52.107 - - [22/Apr/2025:11:54:32 +0200] "GET /Jurek/eurofirany/images/452628/0.jpg HTTP/2.0" 200 109034 "-" "baselinker"
51.77.52.107 - - [22/Apr/2025:11:54:36 +0200] "GET /Jurek/eurofirany/images/452628/0.jpg HTTP/2.0" 200 109034 "-" "baselinker"
51.77.52.107 - - [22/Apr/2025:11:54:41 +0200] "GET /Jurek/eurofirany/images/452631/0.jpg HTTP/2.0" 200 143621 "-" "baselinker"
51.77.52.107 - - [22/Apr/2025:11:54:49 +0200] "GET /Jurek/eurofirany/images/452631/0.jpg HTTP/2.0" 200 143621 "-" "baselinker"
51.77.52.107 - - [22/Apr/2025:11:54:54 +0200] "GET /Jurek/eurofirany/images/452631/0.jpg HTTP/2.0" 200 143621 "-" "baselinker"
51.77.52.107 - - [22/Apr/2025:11:55:09 +0200] "GET /Jurek/eurofirany/images/452632/0.jpg HTTP/2.0" 200 128873 "-" "baselinker"
51.77.52.107 - - [22/Apr/2025:11:55:29 +0200] "GET /Jurek/eurofirany/images/452632/0.jpg HTTP/2.0" 200 128873 "-" "baselinker"
51.77.52.107 - - [22/Apr/2025:11:55:35 +0200] "GET /Jurek/eurofirany/images/452632/0.jpg HTTP/2.0" 200 128873 "-" "baselinker"
51.77.52.107 - - [22/Apr/2025:11:55:58 +0200] "GET /Jurek/eurofirany/images/452639/0.jpg HTTP/2.0" 200 104276 "-" "baselinker"
89.161.206.59 - - [22/Apr/2025:11:56:13 +0200] "GET /Jurek/eurofryz3/feeds/eurofryz3_skroutz.xml HTTP/1.0" 200 172223 "-" "-"
89.161.206.59 - - [22/Apr/2025:11:56:15 +0200] "GET /Jurek/dekornatort/feeds/dekornatort_skroutz.xml HTTP/1.0" 200 225742 "-" "-"
89.161.206.59 - - [22/Apr/2025:11:56:16 +0200] "GET /Jurek/lendo/feeds/lendo_skroutz.xml HTTP/1.0" 200 330388 "-" "-"
89.161.206.59 - - [22/Apr/2025:11:56:17 +0200] "GET /Jurek/eurofryz2/feeds/eurofryz2_skroutz.xml HTTP/1.0" 200 1376769 "-" "-"
89.161.206.59 - - [22/Apr/2025:11:56:17 +0200] "GET /Jurek/nexus/feeds/nexus_skroutz.xml HTTP/1.0" 200 226636 "-" "-"
89.161.206.59 - - [22/Apr/2025:11:56:18 +0200] "GET /Jurek/alucon/feeds/alucon_skroutz.xml HTTP/1.0" 200 553568 "-" "-"
51.77.52.107 - - [22/Apr/2025:11:56:18 +0200] "GET /Jurek/eurofirany/images/452639/0.jpg HTTP/2.0" 200 104276 "-" "baselinker"
51.77.52.107 - - [22/Apr/2025:11:56:24 +0200] "GET /Jurek/eurofirany/images/452639/0.jpg HTTP/2.0" 200 104276 "-" "baselinker"
89.161.206.59 - - [22/Apr/2025:11:56:24 +0200] "GET /Jurek/playcob/feeds/playcob_skroutz.xml HTTP/1.0" 200 6980165 "-" "-"
51.77.52.107 - - [22/Apr/2025:11:56:44 +0200] "GET /Jurek/eurofirany/images/452642/0.jpg HTTP/2.0" 200 120390 "-" "baselinker"
51.77.52.107 - - [22/Apr/2025:11:56:51 +0200] "GET /Jurek/eurofirany/images/452642/0.jpg HTTP/2.0" 200 120390 "-" "baselinker"
89.161.206.59 - - [22/Apr/2025:11:56:57 +0200] "GET /Jurek/matkam/feeds/matkam_skroutz.xml HTTP/1.0" 200 4425610 "-" "-"
51.77.52.107 - - [22/Apr/2025:11:57:09 +0200] "GET /Jurek/eurofirany/images/452642/0.jpg HTTP/2.0" 200 120390 "-" "baselinker"
51.77.52.107 - - [22/Apr/2025:11:57:20 +0200] "GET /Jurek/eurofirany/images/452647/0.jpg HTTP/2.0" 200 141521 "-" "baselinker"
51.77.52.107 - - [22/Apr/2025:11:57:35 +0200] "GET /Jurek/eurofirany/images/452647/0.jpg HTTP/2.0" 200 141521 "-" "baselinker"
51.77.52.107 - - [22/Apr/2025:11:57:43 +0200] "GET /Jurek/eurofirany/images/452647/0.jpg HTTP/2.0" 200 141521 "-" "baselinker"
51.77.52.107 - - [22/Apr/2025:11:57:46 +0200] "GET /Jurek/eurofirany/images/452656/0.jpg HTTP/2.0" 200 101315 "-" "baselinker"
89.161.206.59 - - [22/Apr/2025:11:57:47 +0200] "GET /Jurek/winoszarnia/feeds/winoszarnia_skroutz.xml HTTP/1.0" 200 6064701 "-" "-"
51.77.52.107 - - [22/Apr/2025:11:58:05 +0200] "GET /Jurek/eurofirany/images/452656/0.jpg HTTP/2.0" 200 101315 "-" "baselinker"
5.134.208.158 - - [22/Apr/2025:11:58:10 +0200] "GET /Jurek/eurofirany/images/434703/0.jpg HTTP/1.1" 206 256 "https://www.ceneo.pl" "Mozilla/5.0 (Windows NT 10.0; Win64; x64) AppleWebKit/537.36 (KHTML, like Gecko) Chrome/87.0.4280.141 Safari/537.36"
5.134.208.158 - - [22/Apr/2025:11:58:10 +0200] "GET /Jurek/eurofirany/images/463583/0.jpg HTTP/1.1" 206 256 "https://www.ceneo.pl" "Mozilla/5.0 (Windows NT 10.0; Win64; x64) AppleWebKit/537.36 (KHTML, like Gecko) Chrome/87.0.4280.141 Safari/537.36"
51.77.52.107 - - [22/Apr/2025:11:58:21 +0200] "GET /Jurek/eurofirany/images/452656/0.jpg HTTP/2.0" 200 101315 "-" "baselinker"
51.77.52.107 - - [22/Apr/2025:11:58:26 +0200] "GET /Jurek/eurofirany/images/452658/0.jpg HTTP/2.0" 200 135189 "-" "baselinker"
51.77.52.107 - - [22/Apr/2025:11:58:31 +0200] "GET /Jurek/eurofirany/images/452658/0.jpg HTTP/2.0" 200 135189 "-" "baselinker"
51.77.52.107 - - [22/Apr/2025:11:58:37 +0200] "GET /Jurek/eurofirany/images/452658/0.jpg HTTP/2.0" 200 135189 "-" "baselinker"
51.77.52.107 - - [22/Apr/2025:11:58:46 +0200] "GET /Jurek/eurofirany/images/452702/0.jpg HTTP/2.0" 200 148499 "-" "baselinker"
89.161.206.59 - - [22/Apr/2025:11:59:01 +0200] "GET /Jurek/rosfix/feeds/rosfix_skroutz.xml HTTP/1.0" 200 34055359 "-" "-"
51.77.52.107 - - [22/Apr/2025:11:59:04 +0200] "GET /Jurek/eurofirany/images/452702/0.jpg HTTP/2.0" 200 148499 "-" "baselinker"
51.77.52.107 - - [22/Apr/2025:11:59:28 +0200] "GET /Jurek/eurofirany/images/452702/0.jpg HTTP/2.0" 200 148499 "-" "baselinker"
51.77.52.107 - - [22/Apr/2025:11:59:30 +0200] "GET /Jurek/eurofirany/images/452703/0.jpg HTTP/2.0" 200 148499 "-" "baselinker"
51.77.52.107 - - [22/Apr/2025:11:59:46 +0200] "GET /Jurek/eurofirany/images/452703/0.jpg HTTP/2.0" 200 148499 "-" "baselinker"
51.77.52.107 - - [22/Apr/2025:12:00:06 +0200] "GET /Jurek/eurofirany/images/452703/0.jpg HTTP/2.0" 200 148499 "-" "baselinker"
51.77.52.107 - - [22/Apr/2025:12:00:24 +0200] "GET /Jurek/eurofirany/images/452716/0.jpg HTTP/2.0" 200 148499 "-" "baselinker"
51.77.52.107 - - [22/Apr/2025:12:00:40 +0200] "GET /Jurek/eurofirany/images/452716/0.jpg HTTP/2.0" 200 148499 "-" "baselinker"
52.18.22.0 - - [22/Apr/2025:12:00:45 +0200] "GET /marketplaces/ubaldi/results/ubaldi.csv HTTP/1.1" 200 3434332 "-" "Mirakl HttpClient"
51.77.52.107 - - [22/Apr/2025:12:00:46 +0200] "GET /Jurek/eurofirany/images/452716/0.jpg HTTP/2.0" 200 148499 "-" "baselinker"
51.77.52.107 - - [22/Apr/2025:12:00:51 +0200] "GET /Jurek/eurofirany/images/452719/0.jpg HTTP/2.0" 200 129243 "-" "baselinker"
51.77.52.107 - - [22/Apr/2025:12:01:10 +0200] "GET /Jurek/eurofirany/images/452719/0.jpg HTTP/2.0" 200 129243 "-" "baselinker"
51.77.52.107 - - [22/Apr/2025:12:01:28 +0200] "GET /Jurek/eurofirany/images/452719/0.jpg HTTP/2.0" 200 129243 "-" "baselinker"
35.204.39.32 - - [22/Apr/2025:12:01:29 +0200] "GET /marketplaces/vente/results/vente_nl.csv HTTP/1.1" 200 2172867 "-" "Mirakl HttpClient"
35.204.39.32 - - [22/Apr/2025:12:01:30 +0200] "GET /marketplaces/vente/results/vente_fr.csv HTTP/1.1" 200 2393727 "-" "Mirakl HttpClient"
35.204.39.32 - - [22/Apr/2025:12:01:30 +0200] "GET /marketplaces/vente/results/vente_be.csv HTTP/1.1" 200 2172843 "-" "Mirakl HttpClient"
35.204.39.32 - - [22/Apr/2025:12:01:31 +0200] "GET /marketplaces/vente/results/vente_it.csv HTTP/1.1" 200 2202422 "-" "Mirakl HttpClient"
35.204.39.32 - - [22/Apr/2025:12:01:32 +0200] "GET /marketplaces/vente/results/vente_es.csv HTTP/1.1" 200 2172271 "-" "Mirakl HttpClient"
35.204.39.32 - - [22/Apr/2025:12:01:33 +0200] "GET /marketplaces/vente/results/vente_de.csv HTTP/1.1" 200 2172245 "-" "Mirakl HttpClient"
88.220.33.218 - - [22/Apr/2025:12:01:36 +0200] "GET /Jurek/vida_morele/feeds/VidaPL_all.xml HTTP/2.0" 200 726315429 "-" "MarketplaceAPI curl/7.64.0 PHP/8"
51.77.52.107 - - [22/Apr/2025:12:01:43 +0200] "GET /Jurek/eurofirany/images/377781/0.jpg HTTP/2.0" 200 156945 "-" "baselinker"
51.77.52.107 - - [22/Apr/2025:12:01:59 +0200] "GET /Jurek/eurofirany/images/377781/0.jpg HTTP/2.0" 200 156945 "-" "baselinker"
52.209.168.113 - - [22/Apr/2025:12:02:01 +0200] "GET /marketplaces/rue/results/rue.csv HTTP/1.1" 200 7150035 "-" "Mirakl HttpClient"
51.77.52.107 - - [22/Apr/2025:12:02:13 +0200] "GET /Jurek/eurofirany/images/377781/0.jpg HTTP/2.0" 200 156945 "-" "baselinker"
51.77.52.107 - - [22/Apr/2025:12:02:33 +0200] "GET /Jurek/eurofirany/images/452701/0.jpg HTTP/2.0" 200 148499 "-" "baselinker"
51.77.52.107 - - [22/Apr/2025:12:02:39 +0200] "GET /Jurek/eurofirany/images/452701/0.jpg HTTP/2.0" 200 148499 "-" "baselinker"
88.220.33.218 - - [22/Apr/2025:12:02:47 +0200] "GET /Jurek/kinghoff/feeds/kinghoff_morele.xml HTTP/2.0" 200 15461124 "-" "MarketplaceAPI curl/7.64.0 PHP/8"
51.77.52.107 - - [22/Apr/2025:12:02:56 +0200] "GET /Jurek/eurofirany/images/452701/0.jpg HTTP/2.0" 200 148499 "-" "baselinker"
51.77.52.107 - - [22/Apr/2025:12:03:00 +0200] "GET /Jurek/eurofirany/images/378350/0.jpg HTTP/2.0" 200 165499 "-" "baselinker"
51.77.52.107 - - [22/Apr/2025:12:03:16 +0200] "GET /Jurek/eurofirany/images/378350/0.jpg HTTP/2.0" 200 165499 "-" "baselinker"
89.161.206.59 - - [22/Apr/2025:12:03:23 +0200] "GET /Jurek/waks/feeds/waks_skroutz.xml HTTP/1.0" 200 1596551 "-" "-"
51.77.52.107 - - [22/Apr/2025:12:03:34 +0200] "GET /Jurek/eurofirany/images/378350/0.jpg HTTP/2.0" 200 165499 "-" "baselinker"
52.209.168.113 - - [22/Apr/2025:12:03:36 +0200] "GET /marketplaces/carrefour/results/carrefour.csv HTTP/1.1" 200 147221 "-" "Mirakl HttpClient"
51.77.52.107 - - [22/Apr/2025:12:03:50 +0200] "GET /Jurek/eurofirany/images/419745/0.jpg HTTP/2.0" 200 90032 "-" "baselinker"
193.33.8.61 - - [22/Apr/2025:12:03:55 +0200] "GET /Filip/janshop_orders/exports/ HTTP/2.0" 401 3550 "-" "Mozilla/5.0 (Macintosh; Intel Mac OS X 10_15_7) AppleWebKit/605.1.15 (KHTML, like Gecko) Version/17.5 Safari/605.1.15"
193.33.8.61 - maria [22/Apr/2025:12:03:55 +0200] "GET /Filip/janshop_orders/exports/ HTTP/2.0" 200 8006 "-" "Mozilla/5.0 (Macintosh; Intel Mac OS X 10_15_7) AppleWebKit/605.1.15 (KHTML, like Gecko) Version/17.5 Safari/605.1.15"
193.33.8.61 - maria [22/Apr/2025:12:04:00 +0200] "GET /Filip/janshop_orders/exports/ HTTP/2.0" 200 8006 "-" "Mozilla/5.0 (Macintosh; Intel Mac OS X 10_15_7) AppleWebKit/605.1.15 (KHTML, like Gecko) Version/17.5 Safari/605.1.15"
51.77.52.107 - - [22/Apr/2025:12:04:08 +0200] "GET /Jurek/eurofirany/images/419745/0.jpg HTTP/2.0" 200 90032 "-" "baselinker"
89.161.206.59 - - [22/Apr/2025:12:04:10 +0200] "GET /Jurek/hurtmeblowy/feeds/hurtmeblowy_skroutz.xml HTTP/1.0" 200 8514748 "-" "-"
51.77.52.107 - - [22/Apr/2025:12:04:12 +0200] "GET /Jurek/eurofirany/images/419745/0.jpg HTTP/2.0" 200 90032 "-" "baselinker"
51.77.52.107 - - [22/Apr/2025:12:04:15 +0200] "GET /Jurek/eurofirany/images/463822/0.jpg HTTP/2.0" 200 51331 "-" "baselinker"
51.77.52.107 - - [22/Apr/2025:12:04:21 +0200] "GET /Jurek/eurofirany/images/463822/0.jpg HTTP/2.0" 200 51331 "-" "baselinker"
51.77.52.107 - - [22/Apr/2025:12:04:26 +0200] "GET /Jurek/eurofirany/images/463822/0.jpg HTTP/2.0" 200 51331 "-" "baselinker"
51.77.52.107 - - [22/Apr/2025:12:04:30 +0200] "GET /Jurek/eurofirany/images/463904/0.jpg HTTP/2.0" 200 51708 "-" "baselinker"
88.220.33.218 - - [22/Apr/2025:12:04:32 +0200] "GET /Jurek/eurofirany/feeds/eurofirany_morele.xml HTTP/2.0" 200 19067914 "-" "MarketplaceAPI curl/7.64.0 PHP/8"
51.77.52.107 - - [22/Apr/2025:12:04:36 +0200] "GET /Jurek/eurofirany/images/463904/0.jpg HTTP/2.0" 200 51708 "-" "baselinker"
88.220.33.218 - - [22/Apr/2025:12:04:39 +0200] "GET /Jurek/vivaldi/feeds/vivaldi_Morele-PL.xml HTTP/2.0" 200 344674 "-" "MarketplaceAPI curl/7.64.0 PHP/8"
89.161.206.59 - - [22/Apr/2025:12:04:40 +0200] "GET /Jurek/oromed/feeds/oromed_skroutz.xml HTTP/1.0" 200 1103039 "-" "-"
89.161.206.59 - - [22/Apr/2025:12:04:41 +0200] "GET /Jurek/ralmetal/feeds/ralmetal_skroutz.xml HTTP/1.0" 200 2039866 "-" "-"
51.77.52.107 - - [22/Apr/2025:12:04:41 +0200] "GET /Jurek/eurofirany/images/463904/0.jpg HTTP/2.0" 200 51708 "-" "baselinker"
89.161.206.59 - - [22/Apr/2025:12:04:53 +0200] "GET /Jurek/galopi/feeds/galopi_skroutz.xml HTTP/1.0" 200 2111094 "-" "-"
89.161.206.59 - - [22/Apr/2025:12:04:54 +0200] "GET /Jurek/spali/feeds/spali_skroutz.xml HTTP/1.0" 200 77058 "-" "-"
89.161.206.59 - - [22/Apr/2025:12:04:55 +0200] "GET /Jurek/eurofryz/feeds/eurofryz_skroutz.xml HTTP/1.0" 200 1381552 "-" "-"
89.161.206.59 - - [22/Apr/2025:12:04:55 +0200] "GET /Jurek/combine/feeds/combine_skroutz.xml HTTP/1.0" 200 210558 "-" "-"
51.77.52.107 - - [22/Apr/2025:12:05:01 +0200] "GET /Jurek/eurofirany/images/419475/0.jpg HTTP/2.0" 200 6595 "-" "baselinker"
51.77.52.107 - - [22/Apr/2025:12:05:02 +0200] "GET /Jurek/eurofirany/images/419475/0.jpg HTTP/2.0" 200 6595 "-" "baselinker"
51.77.52.107 - - [22/Apr/2025:12:05:03 +0200] "GET /Jurek/eurofirany/images/419475/0.jpg HTTP/2.0" 200 6595 "-" "baselinker"
51.77.52.107 - - [22/Apr/2025:12:05:04 +0200] "GET /Jurek/eurofirany/images/432706/0.jpg HTTP/2.0" 200 18571 "-" "baselinker"
89.161.206.59 - - [22/Apr/2025:12:05:07 +0200] "GET /Jurek/velinda/feeds/velinda_skroutz.xml HTTP/1.0" 200 23447 "-" "-"
89.161.206.59 - - [22/Apr/2025:12:05:11 +0200] "GET /Jurek/erohurtownia/feeds/erohurtownia_skroutz.xml HTTP/1.0" 200 22846425 "-" "-"
89.161.206.59 - - [22/Apr/2025:12:05:13 +0200] "GET /Jurek/reman/feeds/reman_skroutz.xml HTTP/1.0" 200 1394824 "-" "-"
89.161.206.59 - - [22/Apr/2025:12:05:14 +0200] "GET /Jurek/urwiskowo/feeds/urwiskowo_skroutz.xml HTTP/1.0" 200 9114997 "-" "-"
89.161.206.59 - - [22/Apr/2025:12:05:16 +0200] "GET /Jurek/jankeski/feeds/jankeski_skroutz.xml HTTP/1.0" 200 6571074 "-" "-"
51.77.52.107 - - [22/Apr/2025:12:05:21 +0200] "GET /Jurek/eurofirany/images/432706/0.jpg HTTP/2.0" 200 18571 "-" "baselinker"
51.77.52.107 - - [22/Apr/2025:12:05:26 +0200] "GET /Jurek/eurofirany/images/432706/0.jpg HTTP/2.0" 200 18571 "-" "baselinker"
51.77.52.107 - - [22/Apr/2025:12:05:34 +0200] "GET /Jurek/eurofirany/images/432713/0.jpg HTTP/2.0" 200 34960 "-" "baselinker"
89.161.206.59 - - [22/Apr/2025:12:05:40 +0200] "GET /Jurek/kobi/feeds/kobi_skroutz.xml HTTP/1.0" 200 1993266 "-" "-"
89.161.206.59 - - [22/Apr/2025:12:05:41 +0200] "GET /Jurek/evil/feeds/evil_skroutz.xml HTTP/1.0" 200 252479 "-" "-"
89.161.206.59 - - [22/Apr/2025:12:05:43 +0200] "GET /Jurek/antiodor/feeds/antiodor_skroutz.xml HTTP/1.0" 200 137853 "-" "-"
89.161.206.59 - - [22/Apr/2025:12:05:44 +0200] "GET /Jurek/sartrix/feeds/sartrix_skroutz.xml HTTP/1.0" 200 649187 "-" "-"
89.161.206.59 - - [22/Apr/2025:12:05:45 +0200] "GET /Jurek/twojsklep/feeds/twojsklep_skroutz.xml HTTP/1.0" 200 126800 "-" "-"
89.161.206.59 - - [22/Apr/2025:12:05:46 +0200] "GET /Jurek/drewdon/feeds/drewdon_skroutz.xml HTTP/1.0" 200 358911 "-" "-"
89.161.206.59 - - [22/Apr/2025:12:05:48 +0200] "GET /Jurek/primohurt/feeds/primohurt_skroutz.xml HTTP/1.0" 200 17186000 "-" "-"
89.161.206.59 - - [22/Apr/2025:12:05:48 +0200] "GET /Jurek/dekoele/feeds/dekoele_skroutz.xml HTTP/1.0" 200 378810 "-" "-"
89.161.206.59 - - [22/Apr/2025:12:05:49 +0200] "GET /Jurek/rider/feeds/rider_skroutz.xml HTTP/1.0" 200 8165067 "-" "-"
89.161.206.59 - - [22/Apr/2025:12:05:49 +0200] "GET /Jurek/expertauto/feeds/expertauto_skroutz.xml HTTP/1.0" 200 1158917 "-" "-"
51.77.52.107 - - [22/Apr/2025:12:05:50 +0200] "GET /Jurek/eurofirany/images/432713/0.jpg HTTP/2.0" 200 34960 "-" "baselinker"
89.161.206.59 - - [22/Apr/2025:12:05:50 +0200] "GET /Jurek/qbox/feeds/qbox_skroutz.xml HTTP/1.0" 200 398709 "-" "-"
89.161.206.59 - - [22/Apr/2025:12:05:52 +0200] "GET /Jurek/mechdecor/feeds/mechdecor_skr.xml HTTP/1.0" 200 596206 "-" "-"
88.220.33.218 - - [22/Apr/2025:12:05:54 +0200] "GET /Jurek/aw/feeds/awnarzedzia_morele.xml HTTP/2.0" 200 90531524 "-" "MarketplaceAPI curl/7.64.0 PHP/8"
89.161.206.59 - - [22/Apr/2025:12:05:54 +0200] "GET /Jurek/apresto/feeds/apresto_skr.xml HTTP/1.0" 200 1316735 "-" "-"
51.77.52.107 - - [22/Apr/2025:12:05:56 +0200] "GET /Jurek/eurofirany/images/432713/0.jpg HTTP/2.0" 200 34960 "-" "baselinker"
89.161.206.59 - - [22/Apr/2025:12:05:58 +0200] "GET /Jurek/mojeledy/feeds/mojeledy_skr.xml HTTP/1.0" 200 1018437 "-" "-"
89.161.206.59 - - [22/Apr/2025:12:05:58 +0200] "GET /Jurek/sovapl/feeds/sovapl_skr.xml HTTP/1.0" 200 8999867 "-" "-"
89.161.206.59 - - [22/Apr/2025:12:06:00 +0200] "GET /Jurek/fertes/feeds/fertes_skr.xml HTTP/1.0" 200 2361813 "-" "-"
89.161.206.59 - - [22/Apr/2025:12:06:01 +0200] "GET /Jurek/kamar/feeds/kamar_skr.xml HTTP/1.0" 200 25549597 "-" "-"
51.77.52.107 - - [22/Apr/2025:12:06:02 +0200] "GET /Jurek/eurofirany/images/432700/0.jpg HTTP/2.0" 200 18571 "-" "baselinker"
89.161.206.59 - - [22/Apr/2025:12:06:18 +0200] "GET /Jurek/aiofactory/feeds/aiofactory_skroutz.xml HTTP/1.0" 200 1876543 "-" "-"
89.161.206.59 - - [22/Apr/2025:12:06:19 +0200] "GET /Jurek/ekotex/feeds/ekotex_skroutz.xml HTTP/1.0" 200 197810 "-" "-"
89.161.206.59 - - [22/Apr/2025:12:06:20 +0200] "GET /Jurek/motofan/feeds/motofan_skroutz.xml HTTP/1.0" 200 2392160 "-" "-"
89.161.206.59 - - [22/Apr/2025:12:06:20 +0200] "GET /Jurek/elecomp/feeds/elecomp_skroutz.xml HTTP/1.0" 200 2769812 "-" "-"
51.77.52.107 - - [22/Apr/2025:12:06:20 +0200] "GET /Jurek/eurofirany/images/432700/0.jpg HTTP/2.0" 200 18571 "-" "baselinker"
51.77.52.107 - - [22/Apr/2025:12:06:26 +0200] "GET /Jurek/eurofirany/images/432700/0.jpg HTTP/2.0" 200 18571 "-" "baselinker"
88.220.33.218 - - [22/Apr/2025:12:06:29 +0200] "GET /Jurek/beliani/feeds/beliani_morele.xml HTTP/2.0" 200 31089602 "-" "MarketplaceAPI curl/7.64.0 PHP/8"
51.77.52.107 - - [22/Apr/2025:12:06:33 +0200] "GET /Jurek/eurofirany/images/432701/0.jpg HTTP/2.0" 200 18571 "-" "baselinker"
89.161.206.59 - - [22/Apr/2025:12:06:34 +0200] "GET /Jurek/missionair/feeds/missionair_skr.xml HTTP/1.0" 200 3154896 "-" "-"
89.161.206.59 - - [22/Apr/2025:12:06:42 +0200] "GET /Jurek/bass_new/feeds/bass_ebayde.xml HTTP/1.0" 200 4806722 "-" "-"
51.77.52.107 - - [22/Apr/2025:12:06:45 +0200] "GET /Jurek/eurofirany/images/432701/0.jpg HTTP/2.0" 200 18571 "-" "baselinker"
51.77.52.107 - - [22/Apr/2025:12:06:50 +0200] "GET /Jurek/eurofirany/images/432701/0.jpg HTTP/2.0" 200 18571 "-" "baselinker"
89.161.206.59 - - [22/Apr/2025:12:06:51 +0200] "GET /Jurek/relogy/feeds/relogy_skroutz.xml HTTP/1.0" 200 66666789 "-" "-"
89.161.206.59 - - [22/Apr/2025:12:06:55 +0200] "GET /Jurek/sklep24amk/feeds/sklep24amk_skroutz.xml HTTP/1.0" 200 3894593 "-" "-"
51.77.52.107 - - [22/Apr/2025:12:06:55 +0200] "GET /Jurek/eurofirany/images/432702/0.jpg HTTP/2.0" 200 18571 "-" "baselinker"
89.161.206.59 - - [22/Apr/2025:12:06:56 +0200] "GET /Jurek/wezer/feeds/wezer_skroutz.xml HTTP/1.0" 200 202555 "-" "-"
89.161.206.59 - - [22/Apr/2025:12:06:56 +0200] "GET /Jurek/shiori/feeds/shiori_skroutz.xml HTTP/1.0" 200 453656 "-" "-"
89.161.206.59 - - [22/Apr/2025:12:06:57 +0200] "GET /Jurek/bisanti/feeds/bisanti_skroutz.xml HTTP/1.0" 200 1142291 "-" "-"
51.77.52.107 - - [22/Apr/2025:12:07:08 +0200] "GET /Jurek/eurofirany/images/432702/0.jpg HTTP/2.0" 200 18571 "-" "baselinker"
51.77.52.107 - - [22/Apr/2025:12:07:18 +0200] "GET /Jurek/eurofirany/images/432702/0.jpg HTTP/2.0" 200 18571 "-" "baselinker"
51.77.52.107 - - [22/Apr/2025:12:07:30 +0200] "GET /Jurek/eurofirany/images/432704/0.jpg HTTP/2.0" 200 18571 "-" "baselinker"
51.77.52.107 - - [22/Apr/2025:12:07:40 +0200] "GET /Jurek/eurofirany/images/432704/0.jpg HTTP/2.0" 200 18571 "-" "baselinker"
88.220.33.218 - - [22/Apr/2025:12:07:50 +0200] "GET /Jurek/vida_morele/feeds/VidaPL_morele.xml HTTP/2.0" 200 726316235 "-" "MarketplaceAPI curl/7.64.0 PHP/8"
51.77.52.107 - - [22/Apr/2025:12:07:54 +0200] "GET /Jurek/eurofirany/images/432704/0.jpg HTTP/2.0" 200 18571 "-" "baselinker"
51.77.52.107 - - [22/Apr/2025:12:08:00 +0200] "GET /Jurek/eurofirany/images/432705/0.jpg HTTP/2.0" 200 18571 "-" "baselinker"
51.77.52.107 - - [22/Apr/2025:12:08:20 +0200] "GET /Jurek/eurofirany/images/432705/0.jpg HTTP/2.0" 200 18571 "-" "baselinker"
51.77.52.107 - - [22/Apr/2025:12:08:42 +0200] "GET /Jurek/eurofirany/images/432705/0.jpg HTTP/2.0" 200 18571 "-" "baselinker"
51.77.52.107 - - [22/Apr/2025:12:08:58 +0200] "GET /Jurek/eurofirany/images/432707/0.jpg HTTP/2.0" 200 34960 "-" "baselinker"
185.6.76.18 - - [22/Apr/2025:12:08:58 +0200] "GET /marketplaces/skroutz/feeds/shumee.xml HTTP/1.1" 200 417926017 "-" "SkroutzBot v1.0"
51.77.52.107 - - [22/Apr/2025:12:09:12 +0200] "GET /Jurek/eurofirany/images/432707/0.jpg HTTP/2.0" 200 34960 "-" "baselinker"
51.77.52.107 - - [22/Apr/2025:12:09:29 +0200] "GET /Jurek/eurofirany/images/432707/0.jpg HTTP/2.0" 200 34960 "-" "baselinker"
51.77.52.107 - - [22/Apr/2025:12:09:35 +0200] "GET /Jurek/eurofirany/images/432709/0.jpg HTTP/2.0" 200 34960 "-" "baselinker"
51.77.52.107 - - [22/Apr/2025:12:09:48 +0200] "GET /Jurek/eurofirany/images/432709/0.jpg HTTP/2.0" 200 34960 "-" "baselinker"
51.77.52.107 - - [22/Apr/2025:12:10:05 +0200] "GET /Jurek/eurofirany/images/432709/0.jpg HTTP/2.0" 200 34960 "-" "baselinker"
51.77.52.107 - - [22/Apr/2025:12:10:15 +0200] "GET /Jurek/eurofirany/images/432710/0.jpg HTTP/2.0" 200 34960 "-" "baselinker"
51.77.52.107 - - [22/Apr/2025:12:10:33 +0200] "GET /Jurek/eurofirany/images/432710/0.jpg HTTP/2.0" 200 34960 "-" "baselinker"
89.161.206.59 - - [22/Apr/2025:12:10:38 +0200] "GET /Jurek/hurtownia_przemyslowa/feeds/hp_ebayde.xml HTTP/1.0" 200 35620671 "-" "-"
51.77.52.107 - - [22/Apr/2025:12:11:05 +0200] "GET /Jurek/eurofirany/images/432710/0.jpg HTTP/2.0" 200 34960 "-" "baselinker"
51.77.52.107 - - [22/Apr/2025:12:11:13 +0200] "GET /Jurek/eurofirany/images/432711/0.jpg HTTP/2.0" 200 34960 "-" "baselinker"
51.77.52.107 - - [22/Apr/2025:12:11:29 +0200] "GET /Jurek/eurofirany/images/432711/0.jpg HTTP/2.0" 200 34960 "-" "baselinker"
51.77.52.107 - - [22/Apr/2025:12:11:47 +0200] "GET /Jurek/eurofirany/images/432711/0.jpg HTTP/2.0" 200 34960 "-" "baselinker"
89.161.206.59 - - [22/Apr/2025:12:12:00 +0200] "GET /Jurek/stiv/feeds/stiv_skr.xml HTTP/1.0" 200 2056867 "-" "-"
89.161.206.59 - - [22/Apr/2025:12:12:02 +0200] "GET /Jurek/eurofirany/feeds/eurofirany_ebay.xml HTTP/1.0" 200 18959656 "-" "-"
51.77.52.107 - - [22/Apr/2025:12:12:03 +0200] "GET /Jurek/eurofirany/images/432712/0.jpg HTTP/2.0" 200 34960 "-" "baselinker"
46.101.116.244 - - [22/Apr/2025:12:12:06 +0200] "GET /Jurek/aw/feeds/aw_fnacfr.xml HTTP/1.0" 404 3551 "-" "-"
51.77.52.107 - - [22/Apr/2025:12:12:17 +0200] "GET /Jurek/eurofirany/images/432712/0.jpg HTTP/2.0" 200 34960 "-" "baselinker"
89.161.206.59 - - [22/Apr/2025:12:12:23 +0200] "GET /Jurek/bentivolio/feeds/bentivolio_skr.xml HTTP/1.0" 200 1261272 "-" "-"
89.161.206.59 - - [22/Apr/2025:12:12:37 +0200] "GET /Jurek/drewdon/feeds/drewdon_piguEX.xml HTTP/1.0" 200 504451 "-" "-"
51.77.52.107 - - [22/Apr/2025:12:12:41 +0200] "GET /Jurek/eurofirany/images/432712/0.jpg HTTP/2.0" 200 34960 "-" "baselinker"
46.101.116.244 - - [22/Apr/2025:12:12:43 +0200] "GET /Jurek/hurtownia_przemyslowa/feeds/hp_bol.xml HTTP/1.0" 200 49362323 "-" "-"
89.161.206.59 - - [22/Apr/2025:12:12:55 +0200] "GET /Jurek/jankeski/feeds/jankeski_bol.xml HTTP/1.0" 200 6570906 "-" "-"
89.161.206.59 - - [22/Apr/2025:12:12:56 +0200] "GET /Jurek/proadventure/feeds/proadventure_bol.xml HTTP/1.0" 200 10763366 "-" "-"
89.161.206.59 - - [22/Apr/2025:12:12:57 +0200] "GET /Jurek/stiv/feeds/stiv_bol.xml HTTP/1.0" 200 2056798 "-" "-"
89.161.206.59 - - [22/Apr/2025:12:12:57 +0200] "GET /Jurek/andex/feeds/andex_bol.xml HTTP/1.0" 200 1953486 "-" "-"
51.77.52.107 - - [22/Apr/2025:12:12:58 +0200] "GET /Jurek/eurofirany/images/432689/0.jpg HTTP/2.0" 200 24822 "-" "baselinker"
89.161.206.59 - - [22/Apr/2025:12:12:59 +0200] "GET /Jurek/luxury/feeds/luxury_bol.xml HTTP/1.0" 200 1010073 "-" "-"
89.161.206.59 - - [22/Apr/2025:12:13:05 +0200] "GET /Jurek/lerutrade/feeds/lerutrade_bol.xml HTTP/1.0" 200 82823 "-" "-"
51.77.52.107 - - [22/Apr/2025:12:13:18 +0200] "GET /Jurek/eurofirany/images/432689/0.jpg HTTP/2.0" 200 24822 "-" "baselinker"
51.77.52.107 - - [22/Apr/2025:12:13:35 +0200] "GET /Jurek/eurofirany/images/432689/0.jpg HTTP/2.0" 200 24822 "-" "baselinker"
51.77.52.107 - - [22/Apr/2025:12:13:50 +0200] "GET /Jurek/eurofirany/images/432720/0.jpg HTTP/2.0" 200 39850 "-" "baselinker"
51.77.52.107 - - [22/Apr/2025:12:13:57 +0200] "GET /Jurek/eurofirany/images/432720/0.jpg HTTP/2.0" 200 39850 "-" "baselinker"
66.249.64.165 - - [22/Apr/2025:12:13:59 +0200] "GET /Jurek/topeshop/downloaded_images/5904507209896_2dkkaszmrigladki(7).jpg HTTP/1.1" 404 3551 "-" "Googlebot-Image/1.0"
66.249.64.165 - - [22/Apr/2025:12:14:02 +0200] "GET /Jurek/topeshop/downloaded_images/5904507209896_2dkkaszmrigladki(5).jpg HTTP/1.1" 404 3551 "-" "Googlebot-Image/1.0"
89.161.206.59 - - [22/Apr/2025:12:14:06 +0200] "GET /Jurek/pagmil/feeds/pagmil_emaghu.xml HTTP/1.0" 200 1803748 "-" "-"
51.77.52.107 - - [22/Apr/2025:12:14:15 +0200] "GET /Jurek/eurofirany/images/432720/0.jpg HTTP/2.0" 200 39850 "-" "baselinker"
