89.161.206.59 - - [22/Apr/2025:08:22:55 +0200] "GET /Jurek/kalama/feeds/kalama_bol.xml HTTP/1.0" 200 2661766 "-" "-"
89.161.206.59 - - [22/Apr/2025:08:22:56 +0200] "GET /Jurek/amzteam/feeds/amzteam_bol.xml HTTP/1.0" 200 97874 "-" "-"
89.161.206.59 - - [22/Apr/2025:08:22:56 +0200] "GET /Jurek/equalo/feeds/equalo_bol.xml HTTP/1.0" 200 98008 "-" "-"
89.161.206.59 - - [22/Apr/2025:08:22:56 +0200] "GET /Jurek/mojeledy/feeds/mojeledy_bol.xml HTTP/1.0" 200 1018449 "-" "-"
89.161.206.59 - - [22/Apr/2025:08:22:56 +0200] "GET /Jurek/sovapl/feeds/sovapl_bol.xml HTTP/1.0" 200 9000244 "-" "-"
89.161.206.59 - - [22/Apr/2025:08:22:57 +0200] "GET /Jurek/apresto/feeds/apresto_bol.xml HTTP/1.0" 200 1327628 "-" "-"
89.161.206.59 - - [22/Apr/2025:08:22:57 +0200] "GET /Jurek/missionair/feeds/missionair_bol.xml HTTP/1.0" 200 3154892 "-" "-"
89.161.206.59 - - [22/Apr/2025:08:22:57 +0200] "GET /Jurek/mechdecor/feeds/mechdecor_bol.xml HTTP/1.0" 200 596208 "-" "-"
89.161.206.59 - - [22/Apr/2025:08:22:58 +0200] "GET /Jurek/alucon/feeds/alucon_bol.xml HTTP/1.0" 200 553570 "-" "-"
51.77.52.107 - - [22/Apr/2025:08:22:58 +0200] "GET /Jurek/eurofirany/images/459106/0.jpg HTTP/2.0" 200 64502 "-" "baselinker"
51.77.52.107 - - [22/Apr/2025:08:23:04 +0200] "GET /Jurek/eurofirany/images/459106/0.jpg HTTP/2.0" 200 64502 "-" "baselinker"
89.161.206.59 - - [22/Apr/2025:08:23:04 +0200] "GET /Jurek/jakdroz/feeds/jakdroz_bol.xml HTTP/1.0" 200 4089988 "-" "-"
89.161.206.59 - - [22/Apr/2025:08:23:07 +0200] "GET /Jurek/ikonka/feeds/ikonka_bol.xml HTTP/1.0" 200 22171252 "-" "-"
89.161.206.59 - - [22/Apr/2025:08:23:08 +0200] "GET /Jurek/riko/feeds/riko_bol.xml HTTP/1.0" 200 3785324 "-" "-"
89.161.206.59 - - [22/Apr/2025:08:23:08 +0200] "GET /Jurek/zami/feeds/zami_bol.xml HTTP/1.0" 200 4472763 "-" "-"
89.161.206.59 - - [22/Apr/2025:08:23:08 +0200] "GET /Jurek/bemipol/feeds/bemipol_bol.xml HTTP/1.0" 200 423635 "-" "-"
89.161.206.59 - - [22/Apr/2025:08:23:10 +0200] "GET /Jurek/gandalf/feeds/gandalf_bol.xml HTTP/1.0" 200 1082539 "-" "-"
51.77.52.107 - - [22/Apr/2025:08:23:11 +0200] "GET /Jurek/eurofirany/images/459107/0.jpg HTTP/2.0" 200 75532 "-" "baselinker"
89.161.206.59 - - [22/Apr/2025:08:23:18 +0200] "GET /Jurek/rems/feeds/rems_bol.xml HTTP/1.0" 200 8706211 "-" "-"
51.77.52.107 - - [22/Apr/2025:08:23:26 +0200] "GET /Jurek/eurofirany/images/459107/0.jpg HTTP/2.0" 200 75532 "-" "baselinker"
51.77.52.107 - - [22/Apr/2025:08:23:29 +0200] "GET /Jurek/eurofirany/images/459107/0.jpg HTTP/2.0" 200 75532 "-" "baselinker"
51.77.52.107 - - [22/Apr/2025:08:23:43 +0200] "GET /Jurek/eurofirany/images/459108/0.jpg HTTP/2.0" 200 99862 "-" "baselinker"
51.77.52.107 - - [22/Apr/2025:08:23:51 +0200] "GET /Jurek/eurofirany/images/459108/0.jpg HTTP/2.0" 200 99862 "-" "baselinker"
89.161.206.59 - - [22/Apr/2025:08:23:59 +0200] "GET /Jurek/eroplace/feeds/eroplace_bol.xml HTTP/1.0" 200 52134866 "-" "-"
89.161.206.59 - - [22/Apr/2025:08:24:00 +0200] "GET /Jurek/waks/feeds/waks_bol.xml HTTP/1.0" 200 1596552 "-" "-"
89.161.206.59 - - [22/Apr/2025:08:24:00 +0200] "GET /Jurek/luxma/feeds/luxma_bol.xml HTTP/1.0" 200 8058586 "-" "-"
89.161.206.59 - - [22/Apr/2025:08:24:00 +0200] "GET /Jurek/german/feeds/german_bol.xml HTTP/1.0" 200 2853539 "-" "-"
89.161.206.59 - - [22/Apr/2025:08:24:01 +0200] "GET /Jurek/kristronik/feeds/kristronik_bol.xml HTTP/1.0" 200 691972 "-" "-"
89.161.206.59 - - [22/Apr/2025:08:24:01 +0200] "GET /Jurek/hlo/feeds/hlo_bol.xml HTTP/1.0" 200 4838667 "-" "-"
89.161.206.59 - - [22/Apr/2025:08:24:02 +0200] "GET /Jurek/makow/feeds/makow_bol.xml HTTP/1.0" 200 21203561 "-" "-"
89.161.206.59 - - [22/Apr/2025:08:24:02 +0200] "GET /Jurek/beautycare/feeds/beautycare_bol.xml HTTP/1.0" 200 1181294 "-" "-"
51.77.52.107 - - [22/Apr/2025:08:24:05 +0200] "GET /Jurek/eurofirany/images/459108/0.jpg HTTP/2.0" 200 99862 "-" "baselinker"
46.101.116.244 - - [22/Apr/2025:08:24:05 +0200] "GET /Jurek/rovicky/feeds/rovicky_zalando.xml HTTP/1.0" 200 15248469 "-" "-"
51.77.52.107 - - [22/Apr/2025:08:24:10 +0200] "GET /Jurek/eurofirany/images/459109/0.jpg HTTP/2.0" 200 99020 "-" "baselinker"
89.161.206.59 - - [22/Apr/2025:08:24:13 +0200] "GET /Jurek/elecomp/feeds/elecomp_emagro.xml HTTP/1.0" 200 2868377 "-" "-"
89.161.206.59 - - [22/Apr/2025:08:24:14 +0200] "GET /Jurek/emaja24/feeds/emaja24_emagro.xml HTTP/1.0" 200 5102244 "-" "-"
89.161.206.59 - - [22/Apr/2025:08:24:17 +0200] "GET /Jurek/topeshop/feeds/topeshop_emagro.xml HTTP/1.0" 200 920039 "-" "-"
51.77.52.107 - - [22/Apr/2025:08:24:17 +0200] "GET /Jurek/eurofirany/images/459109/0.jpg HTTP/2.0" 200 99020 "-" "baselinker"
51.77.52.107 - - [22/Apr/2025:08:24:32 +0200] "GET /Jurek/eurofirany/images/459109/0.jpg HTTP/2.0" 200 99020 "-" "baselinker"
51.77.52.107 - - [22/Apr/2025:08:24:48 +0200] "GET /Jurek/eurofirany/images/459110/0.jpg HTTP/2.0" 200 94941 "-" "baselinker"
51.77.52.107 - - [22/Apr/2025:08:24:54 +0200] "GET /Jurek/eurofirany/images/459110/0.jpg HTTP/2.0" 200 94941 "-" "baselinker"
51.77.52.107 - - [22/Apr/2025:08:24:59 +0200] "GET /Jurek/eurofirany/images/459110/0.jpg HTTP/2.0" 200 94941 "-" "baselinker"
51.77.52.107 - - [22/Apr/2025:08:25:05 +0200] "GET /Jurek/eurofirany/images/459120/0.jpg HTTP/2.0" 200 75067 "-" "baselinker"
89.161.206.59 - - [22/Apr/2025:08:25:13 +0200] "GET /Jurek/kinghoff/feeds/kinghoff_emaghu.xml HTTP/1.0" 200 15467764 "-" "-"
51.77.52.107 - - [22/Apr/2025:08:25:18 +0200] "GET /Jurek/eurofirany/images/459120/0.jpg HTTP/2.0" 200 75067 "-" "baselinker"
51.77.52.107 - - [22/Apr/2025:08:25:24 +0200] "GET /Jurek/eurofirany/images/459120/0.jpg HTTP/2.0" 200 75067 "-" "baselinker"
51.77.52.107 - - [22/Apr/2025:08:25:30 +0200] "GET /Jurek/eurofirany/images/459121/0.jpg HTTP/2.0" 200 92954 "-" "baselinker"
51.77.52.107 - - [22/Apr/2025:08:25:37 +0200] "GET /Jurek/eurofirany/images/459121/0.jpg HTTP/2.0" 200 92954 "-" "baselinker"
51.77.52.107 - - [22/Apr/2025:08:25:51 +0200] "GET /Jurek/eurofirany/images/459121/0.jpg HTTP/2.0" 200 92954 "-" "baselinker"
51.77.52.107 - - [22/Apr/2025:08:25:57 +0200] "GET /Jurek/eurofirany/images/459123/0.jpg HTTP/2.0" 200 100850 "-" "baselinker"
89.161.206.59 - - [22/Apr/2025:08:26:03 +0200] "GET /Jurek/madrex/feeds/madrex_emagro.xml HTTP/1.0" 200 466713 "-" "-"
89.161.206.59 - - [22/Apr/2025:08:26:03 +0200] "GET /Jurek/domzapachy/feeds/domzapachy_emagro.xml HTTP/1.0" 200 179806 "-" "-"
51.77.52.107 - - [22/Apr/2025:08:26:09 +0200] "GET /Jurek/eurofirany/images/459123/0.jpg HTTP/2.0" 200 100850 "-" "baselinker"
89.161.206.59 - - [22/Apr/2025:08:26:15 +0200] "GET /Jurek/sternhoff/feeds/sternhoff_emagro.xml HTTP/1.0" 200 1775469 "-" "-"
51.77.52.107 - - [22/Apr/2025:08:26:15 +0200] "GET /Jurek/eurofirany/images/459123/0.jpg HTTP/2.0" 200 100850 "-" "baselinker"
51.77.52.107 - - [22/Apr/2025:08:26:22 +0200] "GET /Jurek/eurofirany/images/459124/0.jpg HTTP/2.0" 200 101347 "-" "baselinker"
89.161.206.59 - - [22/Apr/2025:08:26:23 +0200] "GET /Jurek/globaldeli/feeds/globaldeli_emagro.xml HTTP/1.0" 200 2590918 "-" "-"
51.77.52.107 - - [22/Apr/2025:08:26:34 +0200] "GET /Jurek/eurofirany/images/459124/0.jpg HTTP/2.0" 200 101347 "-" "baselinker"
89.161.206.59 - - [22/Apr/2025:08:26:38 +0200] "GET /Jurek/kinghome/feeds/kinghome_emagro.xml HTTP/1.0" 200 6062632 "-" "-"
89.161.206.59 - - [22/Apr/2025:08:26:44 +0200] "GET /Jurek/pastelnitka/feeds/pastelnitka_zero.xml HTTP/1.0" 200 1827914 "-" "-"
89.161.206.59 - - [22/Apr/2025:08:26:44 +0200] "GET /Jurek/hlo/feeds/hlo_emagro.xml HTTP/1.0" 200 4838786 "-" "-"
89.161.206.59 - - [22/Apr/2025:08:26:46 +0200] "GET /Jurek/playcob/feeds/playcob_emagro.xml HTTP/1.0" 200 6981021 "-" "-"
51.77.52.107 - - [22/Apr/2025:08:26:48 +0200] "GET /Jurek/eurofirany/images/459124/0.jpg HTTP/2.0" 200 101347 "-" "baselinker"
89.161.206.59 - - [22/Apr/2025:08:26:49 +0200] "GET /Jurek/alucon/feeds/alucon_emagro.xml HTTP/1.0" 200 553606 "-" "-"
89.161.206.59 - - [22/Apr/2025:08:26:52 +0200] "GET /Jurek/luxma/feeds/luxma_emagro.xml HTTP/1.0" 200 8059121 "-" "-"
89.161.206.59 - - [22/Apr/2025:08:26:59 +0200] "GET /Jurek/photho/feeds/photho_emagro.xml HTTP/1.0" 200 1051366 "-" "-"
51.77.52.107 - - [22/Apr/2025:08:27:03 +0200] "GET /Jurek/eurofirany/images/464218/0.jpg HTTP/2.0" 200 72310 "-" "baselinker"
89.161.206.59 - - [22/Apr/2025:08:27:03 +0200] "GET /Jurek/princelh/feeds/princelh_emagro.xml HTTP/1.0" 200 133455 "-" "-"
89.161.206.59 - - [22/Apr/2025:08:27:03 +0200] "GET /Jurek/oknobest/feeds/oknobest_emagro.xml HTTP/1.0" 200 2708149 "-" "-"
89.161.206.59 - - [22/Apr/2025:08:27:08 +0200] "GET /Jurek/em3/feeds/em3_emagro.xml HTTP/1.0" 200 259013 "-" "-"
51.77.52.107 - - [22/Apr/2025:08:27:08 +0200] "GET /Jurek/eurofirany/images/464218/0.jpg HTTP/2.0" 200 72310 "-" "baselinker"
89.161.206.59 - - [22/Apr/2025:08:27:10 +0200] "GET /Jurek/purewear/feeds/purewear_emagro.xml HTTP/1.0" 200 13354572 "-" "-"
51.77.52.107 - - [22/Apr/2025:08:27:16 +0200] "GET /Jurek/eurofirany/images/464218/0.jpg HTTP/2.0" 200 72310 "-" "baselinker"
89.161.206.59 - - [22/Apr/2025:08:27:19 +0200] "GET /Jurek/beautycare/feeds/beautycare_emagro.xml HTTP/1.0" 200 1181599 "-" "-"
51.77.52.107 - - [22/Apr/2025:08:27:35 +0200] "GET /Jurek/eurofirany/images/464220/0.jpg HTTP/2.0" 200 61088 "-" "baselinker"
89.161.206.59 - - [22/Apr/2025:08:27:45 +0200] "GET /Jurek/lerutrade/feeds/lerutrade_emag.xml HTTP/1.0" 200 82824 "-" "-"
51.77.52.107 - - [22/Apr/2025:08:27:49 +0200] "GET /Jurek/eurofirany/images/464220/0.jpg HTTP/2.0" 200 61088 "-" "baselinker"
51.77.52.107 - - [22/Apr/2025:08:27:55 +0200] "GET /Jurek/eurofirany/images/464220/0.jpg HTTP/2.0" 200 61088 "-" "baselinker"
51.77.52.107 - - [22/Apr/2025:08:28:01 +0200] "GET /Jurek/eurofirany/images/464221/0.jpg HTTP/2.0" 200 53096 "-" "baselinker"
51.77.52.107 - - [22/Apr/2025:08:28:22 +0200] "GET /Jurek/eurofirany/images/464221/0.jpg HTTP/2.0" 200 53096 "-" "baselinker"
66.249.64.166 - - [22/Apr/2025:08:28:34 +0200] "GET /Jurek/eurofirany/images/438701/3.jpg HTTP/1.1" 200 234361 "-" "Googlebot-Image/1.0"
51.77.52.107 - - [22/Apr/2025:08:28:42 +0200] "GET /Jurek/eurofirany/images/464221/0.jpg HTTP/2.0" 200 53096 "-" "baselinker"
66.135.223.42 - - [22/Apr/2025:08:28:44 +0200] "GET /Jurek/topeshop/downloaded_images/5902838467275_ROmana_bry%C5%82y_F_C_b0004.jpg HTTP/1.1" 200 36041 "http://www.ebay.com/" "Mozilla/4.0 (compatible; MSIE 4.01; Windows NT)"
66.135.223.41 - - [22/Apr/2025:08:28:44 +0200] "GET /Jurek/topeshop/downloaded_images/5902838467275_ROmana_bry%C5%82y0004.jpg HTTP/1.1" 200 93961 "http://www.ebay.com/" "Mozilla/4.0 (compatible; MSIE 4.01; Windows NT)"
66.135.223.43 - - [22/Apr/2025:08:28:44 +0200] "GET /Jurek/topeshop/downloaded_images/5902838467275_Romanac_close0004.jpg HTTP/1.1" 200 120343 "http://www.ebay.com/" "Mozilla/4.0 (compatible; MSIE 4.01; Windows NT)"
66.135.223.43 - - [22/Apr/2025:08:28:44 +0200] "GET /Jurek/topeshop/downloaded_images/5902838467275_Romana_160_biel_Open.jpg HTTP/1.1" 404 3551 "http://www.ebay.com/" "Mozilla/4.0 (compatible; MSIE 4.01; Windows NT)"
66.135.223.43 - - [22/Apr/2025:08:28:44 +0200] "GET /Jurek/topeshop/downloaded_images/5902838467275_ROmana_bry%C5%82y_F_C0004.jpg HTTP/1.1" 200 40613 "http://www.ebay.com/" "Mozilla/4.0 (compatible; MSIE 4.01; Windows NT)"
66.135.223.43 - - [22/Apr/2025:08:28:44 +0200] "GET /Jurek/topeshop/downloaded_images/5902838467275_ROmana_bry%C5%82y_front0004.jpg HTTP/1.1" 404 3551 "http://www.ebay.com/" "Mozilla/4.0 (compatible; MSIE 4.01; Windows NT)"
51.77.52.107 - - [22/Apr/2025:08:28:48 +0200] "GET /Jurek/eurofirany/images/464225/0.jpg HTTP/2.0" 200 43770 "-" "baselinker"
51.77.52.107 - - [22/Apr/2025:08:28:53 +0200] "GET /Jurek/eurofirany/images/464225/0.jpg HTTP/2.0" 200 43770 "-" "baselinker"
51.77.52.107 - - [22/Apr/2025:08:28:56 +0200] "GET /Jurek/eurofirany/images/464225/0.jpg HTTP/2.0" 200 43770 "-" "baselinker"
51.77.52.107 - - [22/Apr/2025:08:29:02 +0200] "GET /Jurek/eurofirany/images/464226/0.jpg HTTP/2.0" 200 48117 "-" "baselinker"
51.77.52.107 - - [22/Apr/2025:08:29:08 +0200] "GET /Jurek/eurofirany/images/464226/0.jpg HTTP/2.0" 200 48117 "-" "baselinker"
51.77.52.107 - - [22/Apr/2025:08:29:24 +0200] "GET /Jurek/eurofirany/images/464226/0.jpg HTTP/2.0" 200 48117 "-" "baselinker"
51.77.52.107 - - [22/Apr/2025:08:29:37 +0200] "GET /Jurek/eurofirany/images/464228/0.jpg HTTP/2.0" 200 57021 "-" "baselinker"
51.77.52.107 - - [22/Apr/2025:08:29:52 +0200] "GET /Jurek/eurofirany/images/464228/0.jpg HTTP/2.0" 200 57021 "-" "baselinker"
51.77.52.107 - - [22/Apr/2025:08:29:58 +0200] "GET /Jurek/eurofirany/images/464228/0.jpg HTTP/2.0" 200 57021 "-" "baselinker"
66.249.64.165 - - [22/Apr/2025:08:29:58 +0200] "GET /Jurek/eurofirany/images/383108/3.jpg HTTP/1.1" 200 6595 "-" "Googlebot-Image/1.0"
51.77.52.107 - - [22/Apr/2025:08:30:05 +0200] "GET /Jurek/eurofirany/images/459048/0.jpg HTTP/2.0" 200 112049 "-" "baselinker"
51.77.52.107 - - [22/Apr/2025:08:30:12 +0200] "GET /Jurek/eurofirany/images/459048/0.jpg HTTP/2.0" 200 112049 "-" "baselinker"
51.77.52.107 - - [22/Apr/2025:08:30:19 +0200] "GET /Jurek/eurofirany/images/459048/0.jpg HTTP/2.0" 200 112049 "-" "baselinker"
51.77.52.107 - - [22/Apr/2025:08:30:23 +0200] "GET /Jurek/eurofirany/images/459049/0.jpg HTTP/2.0" 200 112049 "-" "baselinker"
51.77.52.107 - - [22/Apr/2025:08:30:29 +0200] "GET /Jurek/eurofirany/images/459049/0.jpg HTTP/2.0" 200 112049 "-" "baselinker"
51.77.52.107 - - [22/Apr/2025:08:30:33 +0200] "GET /Jurek/eurofirany/images/459049/0.jpg HTTP/2.0" 200 112049 "-" "baselinker"
51.77.52.107 - - [22/Apr/2025:08:30:41 +0200] "GET /Jurek/eurofirany/images/467100/0.jpg HTTP/2.0" 200 102728 "-" "baselinker"
51.77.52.107 - - [22/Apr/2025:08:30:48 +0200] "GET /Jurek/eurofirany/images/467100/0.jpg HTTP/2.0" 200 102728 "-" "baselinker"
51.77.52.107 - - [22/Apr/2025:08:30:54 +0200] "GET /Jurek/eurofirany/images/467100/0.jpg HTTP/2.0" 200 102728 "-" "baselinker"
51.77.52.107 - - [22/Apr/2025:08:31:10 +0200] "GET /Jurek/eurofirany/images/467116/0.jpg HTTP/2.0" 200 90283 "-" "baselinker"
51.77.52.107 - - [22/Apr/2025:08:31:18 +0200] "GET /Jurek/eurofirany/images/467116/0.jpg HTTP/2.0" 200 90283 "-" "baselinker"
51.77.52.107 - - [22/Apr/2025:08:31:31 +0200] "GET /Jurek/eurofirany/images/467116/0.jpg HTTP/2.0" 200 90283 "-" "baselinker"
51.77.52.107 - - [22/Apr/2025:08:31:38 +0200] "GET /Jurek/eurofirany/images/467415/0.jpg HTTP/2.0" 200 51469 "-" "baselinker"
51.77.52.107 - - [22/Apr/2025:08:31:53 +0200] "GET /Jurek/eurofirany/images/467415/0.jpg HTTP/2.0" 200 51469 "-" "baselinker"
46.101.116.244 - - [22/Apr/2025:08:31:54 +0200] "GET /Jurek/aw/feeds/aw_fnacfr.xml HTTP/1.0" 404 3551 "-" "-"
89.161.206.59 - - [22/Apr/2025:08:31:58 +0200] "GET /Jurek/sportprise/feeds/sportprise_cdsc.xml HTTP/1.0" 200 16750670 "-" "-"
51.77.52.107 - - [22/Apr/2025:08:31:58 +0200] "GET /Jurek/eurofirany/images/467415/0.jpg HTTP/2.0" 200 51469 "-" "baselinker"
89.161.206.59 - - [22/Apr/2025:08:31:59 +0200] "GET /Jurek/princelh/feeds/princelh_cdsc.xml HTTP/1.0" 200 123628 "-" "-"
89.161.206.59 - - [22/Apr/2025:08:31:59 +0200] "GET /Jurek/muminky/feeds/muminky_cdsc.xml HTTP/1.0" 200 2935931 "-" "-"
89.161.206.59 - - [22/Apr/2025:08:32:00 +0200] "GET /Jurek/nexus/feeds/nexus_cdsc.xml HTTP/1.0" 200 325920 "-" "-"
89.161.206.59 - - [22/Apr/2025:08:32:01 +0200] "GET /Jurek/tsjerzy/feeds/tsjerzy_cdsc.xml HTTP/1.0" 200 4383182 "-" "-"
89.161.206.59 - - [22/Apr/2025:08:32:02 +0200] "GET /Jurek/cenoman/feeds/cenoman_cdsc.xml HTTP/1.0" 200 4589278 "-" "-"
89.161.206.59 - - [22/Apr/2025:08:32:03 +0200] "GET /Jurek/narzbud/feeds/narzbud_cdsc.xml HTTP/1.0" 200 1227805 "-" "-"
89.161.206.59 - - [22/Apr/2025:08:32:03 +0200] "GET /Jurek/kalama/feeds/kalama_cdsc.xml HTTP/1.0" 200 1573993 "-" "-"
51.77.52.107 - - [22/Apr/2025:08:32:07 +0200] "GET /Jurek/eurofirany/images/406034/0.jpg HTTP/2.0" 200 598371 "-" "baselinker"
51.77.52.107 - - [22/Apr/2025:08:32:09 +0200] "GET /Jurek/eurofirany/images/406034/0.jpg HTTP/2.0" 200 598371 "-" "baselinker"
51.77.52.107 - - [22/Apr/2025:08:32:11 +0200] "GET /Jurek/eurofirany/images/406034/0.jpg HTTP/2.0" 200 598371 "-" "baselinker"
51.77.52.107 - - [22/Apr/2025:08:32:13 +0200] "GET /Jurek/eurofirany/images/367194/0.jpg HTTP/2.0" 200 16503 "-" "baselinker"
51.77.52.107 - - [22/Apr/2025:08:32:26 +0200] "GET /Jurek/eurofirany/images/367194/0.jpg HTTP/2.0" 200 16503 "-" "baselinker"
51.77.52.107 - - [22/Apr/2025:08:32:41 +0200] "GET /Jurek/eurofirany/images/367194/0.jpg HTTP/2.0" 200 16503 "-" "baselinker"
66.249.64.165 - - [22/Apr/2025:08:32:49 +0200] "GET /Jurek/eurofirany/images/383346/4.jpg HTTP/1.1" 200 6595 "-" "Googlebot-Image/1.0"
51.77.52.107 - - [22/Apr/2025:08:32:54 +0200] "GET /Jurek/eurofirany/images/418655/0.jpg HTTP/2.0" 200 6595 "-" "baselinker"
51.77.52.107 - - [22/Apr/2025:08:32:55 +0200] "GET /Jurek/eurofirany/images/418655/0.jpg HTTP/2.0" 200 6595 "-" "baselinker"
51.77.52.107 - - [22/Apr/2025:08:32:56 +0200] "GET /Jurek/eurofirany/images/418655/0.jpg HTTP/2.0" 200 6595 "-" "baselinker"
51.77.52.107 - - [22/Apr/2025:08:32:57 +0200] "GET /Jurek/eurofirany/images/397056/0.jpg HTTP/2.0" 200 23712 "-" "baselinker"
51.77.52.107 - - [22/Apr/2025:08:33:08 +0200] "GET /Jurek/eurofirany/images/397056/0.jpg HTTP/2.0" 200 23712 "-" "baselinker"
51.77.52.107 - - [22/Apr/2025:08:33:20 +0200] "GET /Jurek/eurofirany/images/397056/0.jpg HTTP/2.0" 200 23712 "-" "baselinker"
51.77.52.107 - - [22/Apr/2025:08:33:23 +0200] "GET /Jurek/eurofirany/images/397060/0.jpg HTTP/2.0" 200 30123 "-" "baselinker"
51.77.52.107 - - [22/Apr/2025:08:33:34 +0200] "GET /Jurek/eurofirany/images/397060/0.jpg HTTP/2.0" 200 30123 "-" "baselinker"
51.77.52.107 - - [22/Apr/2025:08:33:40 +0200] "GET /Jurek/eurofirany/images/397060/0.jpg HTTP/2.0" 200 30123 "-" "baselinker"
51.77.52.107 - - [22/Apr/2025:08:33:46 +0200] "GET /Jurek/eurofirany/images/397061/0.jpg HTTP/2.0" 200 30123 "-" "baselinker"
51.77.52.107 - - [22/Apr/2025:08:33:51 +0200] "GET /Jurek/eurofirany/images/397061/0.jpg HTTP/2.0" 200 30123 "-" "baselinker"
51.77.52.107 - - [22/Apr/2025:08:33:57 +0200] "GET /Jurek/eurofirany/images/397061/0.jpg HTTP/2.0" 200 30123 "-" "baselinker"
51.77.52.107 - - [22/Apr/2025:08:34:02 +0200] "GET /Jurek/eurofirany/images/397062/0.jpg HTTP/2.0" 200 46195 "-" "baselinker"
51.77.52.107 - - [22/Apr/2025:08:34:16 +0200] "GET /Jurek/eurofirany/images/397062/0.jpg HTTP/2.0" 200 46195 "-" "baselinker"
51.77.52.107 - - [22/Apr/2025:08:34:22 +0200] "GET /Jurek/eurofirany/images/397062/0.jpg HTTP/2.0" 200 46195 "-" "baselinker"
51.77.52.107 - - [22/Apr/2025:08:34:28 +0200] "GET /Jurek/eurofirany/images/397063/0.jpg HTTP/2.0" 200 46195 "-" "baselinker"
51.77.52.107 - - [22/Apr/2025:08:34:33 +0200] "GET /Jurek/eurofirany/images/397063/0.jpg HTTP/2.0" 200 46195 "-" "baselinker"
51.77.52.107 - - [22/Apr/2025:08:34:59 +0200] "GET /Jurek/eurofirany/images/397063/0.jpg HTTP/2.0" 200 46195 "-" "baselinker"
66.249.64.165 - - [22/Apr/2025:08:35:00 +0200] "GET /Jurek/eurofirany/images/408855/1.jpg HTTP/1.1" 200 148054 "-" "Googlebot-Image/1.0"
193.33.8.61 - - [22/Apr/2025:08:35:10 +0200] "GET /Jurek/jakdroz/feeds/jakdroz_cdsc.xml HTTP/2.0" 200 2543057 "https://konsola.dkkapusta1997.usermd.net/" "Mozilla/5.0 (Windows NT 10.0; Win64; x64) AppleWebKit/537.36 (KHTML, like Gecko) Chrome/135.0.0.0 Safari/537.36"
51.77.52.107 - - [22/Apr/2025:08:35:14 +0200] "GET /Jurek/eurofirany/images/397064/0.jpg HTTP/2.0" 200 46195 "-" "baselinker"
77.79.248.229 - - [22/Apr/2025:08:35:15 +0200] "GET /Jurek/jakdroz/feeds/jakdroz_cdsc.xml HTTP/1.1" 200 2543057 "-" "Python-urllib/3.11"
51.77.52.107 - - [22/Apr/2025:08:35:27 +0200] "GET /Jurek/eurofirany/images/397064/0.jpg HTTP/2.0" 200 46195 "-" "baselinker"
51.77.52.107 - - [22/Apr/2025:08:35:31 +0200] "GET /Jurek/eurofirany/images/397064/0.jpg HTTP/2.0" 200 46195 "-" "baselinker"
52.18.22.0 - - [22/Apr/2025:08:35:43 +0200] "GET /marketplaces/worten2/results/worten.csv HTTP/1.1" 200 147217 "-" "Mirakl HttpClient"
51.77.52.107 - - [22/Apr/2025:08:35:45 +0200] "GET /Jurek/eurofirany/images/397065/0.jpg HTTP/2.0" 200 42257 "-" "baselinker"
51.77.52.107 - - [22/Apr/2025:08:35:59 +0200] "GET /Jurek/eurofirany/images/397065/0.jpg HTTP/2.0" 200 42257 "-" "baselinker"
51.77.52.107 - - [22/Apr/2025:08:36:12 +0200] "GET /Jurek/eurofirany/images/397065/0.jpg HTTP/2.0" 200 42257 "-" "baselinker"
51.77.52.107 - - [22/Apr/2025:08:36:16 +0200] "GET /Jurek/eurofirany/images/397066/0.jpg HTTP/2.0" 200 42257 "-" "baselinker"
46.101.116.244 - - [22/Apr/2025:08:36:40 +0200] "GET /Jurek/aw/feeds/aw_fnacfr.xml HTTP/1.0" 404 3551 "-" "-"
51.77.52.107 - - [22/Apr/2025:08:36:54 +0200] "GET /Jurek/eurofirany/images/397066/0.jpg HTTP/2.0" 200 42257 "-" "baselinker"
51.77.52.107 - - [22/Apr/2025:08:36:58 +0200] "GET /Jurek/eurofirany/images/397066/0.jpg HTTP/2.0" 200 42257 "-" "baselinker"
51.77.52.107 - - [22/Apr/2025:08:37:04 +0200] "GET /Jurek/eurofirany/images/397067/0.jpg HTTP/2.0" 200 42257 "-" "baselinker"
51.77.52.107 - - [22/Apr/2025:08:37:10 +0200] "GET /Jurek/eurofirany/images/397067/0.jpg HTTP/2.0" 200 42257 "-" "baselinker"
51.77.52.107 - - [22/Apr/2025:08:37:22 +0200] "GET /Jurek/eurofirany/images/397067/0.jpg HTTP/2.0" 200 42257 "-" "baselinker"
51.77.52.107 - - [22/Apr/2025:08:37:27 +0200] "GET /Jurek/eurofirany/images/397068/0.jpg HTTP/2.0" 200 42257 "-" "baselinker"
51.77.52.107 - - [22/Apr/2025:08:37:45 +0200] "GET /Jurek/eurofirany/images/397068/0.jpg HTTP/2.0" 200 42257 "-" "baselinker"
51.77.52.107 - - [22/Apr/2025:08:37:50 +0200] "GET /Jurek/eurofirany/images/397068/0.jpg HTTP/2.0" 200 42257 "-" "baselinker"
178.21.154.6 - - [22/Apr/2025:08:37:54 +0200] "GET /Jurek/eurofirany/images/404672/0.jpg HTTP/1.1" 200 59831 "-" "-"
178.21.154.6 - - [22/Apr/2025:08:37:55 +0200] "GET /Jurek/eurofirany/images/350447/0.jpg HTTP/1.1" 200 70200 "-" "-"
178.21.154.6 - - [22/Apr/2025:08:37:55 +0200] "GET /Jurek/eurofirany/images/351239/0.jpg HTTP/1.1" 200 67795 "-" "-"
178.21.154.6 - - [22/Apr/2025:08:37:56 +0200] "GET /Jurek/eurofirany/images/351247/0.jpg HTTP/1.1" 200 77327 "-" "-"
178.21.154.6 - - [22/Apr/2025:08:37:56 +0200] "GET /Jurek/eurofirany/images/351256/0.jpg HTTP/1.1" 200 76245 "-" "-"
178.21.154.6 - - [22/Apr/2025:08:37:57 +0200] "GET /Jurek/eurofirany/images/352223/0.jpg HTTP/1.1" 200 72441 "-" "-"
178.21.154.6 - - [22/Apr/2025:08:37:57 +0200] "GET /Jurek/eurofirany/images/370708/0.jpg HTTP/1.1" 200 69751 "-" "-"
178.21.154.6 - - [22/Apr/2025:08:37:57 +0200] "GET /Jurek/eurofirany/images/370709/0.jpg HTTP/1.1" 200 74855 "-" "-"
178.21.154.6 - - [22/Apr/2025:08:37:58 +0200] "GET /Jurek/eurofirany/images/468393/0.jpg HTTP/1.1" 200 63787 "-" "-"
178.21.154.6 - - [22/Apr/2025:08:38:00 +0200] "GET /Jurek/eurofirany/images/467755/0.jpg HTTP/1.1" 200 143280 "-" "-"
178.21.154.6 - - [22/Apr/2025:08:38:01 +0200] "GET /Jurek/eurofirany/images/468567/0.jpg HTTP/1.1" 200 112877 "-" "-"
178.21.154.6 - - [22/Apr/2025:08:38:02 +0200] "GET /Jurek/eurofirany/images/398670/0.jpg HTTP/1.1" 200 16504 "-" "-"
178.21.154.6 - - [22/Apr/2025:08:38:02 +0200] "GET /Jurek/eurofirany/images/467756/0.jpg HTTP/1.1" 200 142473 "-" "-"
178.21.154.6 - - [22/Apr/2025:08:38:03 +0200] "GET /Jurek/eurofirany/images/468578/0.jpg HTTP/1.1" 200 102544 "-" "-"
178.21.154.6 - - [22/Apr/2025:08:38:03 +0200] "GET /Jurek/eurofirany/images/468593/0.jpg HTTP/1.1" 200 206631 "-" "-"
178.21.154.6 - - [22/Apr/2025:08:38:04 +0200] "GET /Jurek/eurofirany/images/347655/0.jpg HTTP/1.1" 200 100806 "-" "-"
178.21.154.6 - - [22/Apr/2025:08:38:04 +0200] "GET /Jurek/eurofirany/images/350452/0.jpg HTTP/1.1" 200 75792 "-" "-"
51.77.52.107 - - [22/Apr/2025:08:38:04 +0200] "GET /Jurek/eurofirany/images/397069/0.jpg HTTP/2.0" 200 42257 "-" "baselinker"
178.21.154.6 - - [22/Apr/2025:08:38:05 +0200] "GET /Jurek/eurofirany/images/466446/0.jpg HTTP/1.1" 200 108152 "-" "-"
178.21.154.6 - - [22/Apr/2025:08:38:06 +0200] "GET /Jurek/eurofirany/images/463919/0.jpg HTTP/1.1" 200 75729 "-" "-"
178.21.154.6 - - [22/Apr/2025:08:38:08 +0200] "GET /Jurek/eurofirany/images/347656/0.jpg HTTP/1.1" 200 79111 "-" "-"
178.21.154.6 - - [22/Apr/2025:08:38:09 +0200] "GET /Jurek/eurofirany/images/457794/0.jpg HTTP/1.1" 200 112807 "-" "-"
178.21.154.6 - - [22/Apr/2025:08:38:10 +0200] "GET /Jurek/eurofirany/images/460579/0.jpg HTTP/1.1" 200 147854 "-" "-"
178.21.154.6 - - [22/Apr/2025:08:38:12 +0200] "GET /Jurek/eurofirany/images/391107/0.jpg HTTP/1.1" 200 98566 "-" "-"
178.21.154.6 - - [22/Apr/2025:08:38:17 +0200] "GET /Jurek/eurofirany/images/457763/0.jpg HTTP/1.1" 200 65980 "-" "-"
178.21.154.6 - - [22/Apr/2025:08:38:17 +0200] "GET /Jurek/eurofirany/images/386022/0.jpg HTTP/1.1" 200 69000 "-" "-"
178.21.154.6 - - [22/Apr/2025:08:38:17 +0200] "GET /Jurek/eurofirany/images/399010/0.jpg HTTP/1.1" 200 68383 "-" "-"
51.77.52.107 - - [22/Apr/2025:08:38:18 +0200] "GET /Jurek/eurofirany/images/397069/0.jpg HTTP/2.0" 200 42257 "-" "baselinker"
178.21.154.6 - - [22/Apr/2025:08:38:21 +0200] "GET /Jurek/eurofirany/images/456752/0.jpg HTTP/1.1" 200 131900 "-" "-"
178.21.154.6 - - [22/Apr/2025:08:38:22 +0200] "GET /Jurek/eurofirany/images/456756/0.jpg HTTP/1.1" 200 110987 "-" "-"
178.21.154.6 - - [22/Apr/2025:08:38:23 +0200] "GET /Jurek/eurofirany/images/386920/0.jpg HTTP/1.1" 200 99970 "-" "-"
178.21.154.6 - - [22/Apr/2025:08:38:23 +0200] "GET /Jurek/eurofirany/images/416815/0.jpg HTTP/1.1" 200 67464 "-" "-"
178.21.154.6 - - [22/Apr/2025:08:38:24 +0200] "GET /Jurek/eurofirany/images/422241/0.jpg HTTP/1.1" 200 82897 "-" "-"
178.21.154.6 - - [22/Apr/2025:08:38:25 +0200] "GET /Jurek/eurofirany/images/430943/0.jpg HTTP/1.1" 200 119706 "-" "-"
178.21.154.6 - - [22/Apr/2025:08:38:25 +0200] "GET /Jurek/eurofirany/images/315096/0.jpg HTTP/1.1" 200 88834 "-" "-"
178.21.154.6 - - [22/Apr/2025:08:38:26 +0200] "GET /Jurek/eurofirany/images/351382/0.jpg HTTP/1.1" 200 131769 "-" "-"
178.21.154.6 - - [22/Apr/2025:08:38:27 +0200] "GET /Jurek/eurofirany/images/354500/0.jpg HTTP/1.1" 200 80916 "-" "-"
178.21.154.6 - - [22/Apr/2025:08:38:27 +0200] "GET /Jurek/eurofirany/images/367214/0.jpg HTTP/1.1" 200 160143 "-" "-"
51.77.52.107 - - [22/Apr/2025:08:38:31 +0200] "GET /Jurek/eurofirany/images/397069/0.jpg HTTP/2.0" 200 42257 "-" "baselinker"
51.77.52.107 - - [22/Apr/2025:08:38:36 +0200] "GET /Jurek/eurofirany/images/397070/0.jpg HTTP/2.0" 200 42257 "-" "baselinker"
89.161.206.59 - - [22/Apr/2025:08:38:47 +0200] "GET /Jurek/eurofirany/feeds/eurofirany_skroutz.xml HTTP/1.0" 200 18778164 "-" "-"
51.77.52.107 - - [22/Apr/2025:08:38:50 +0200] "GET /Jurek/eurofirany/images/397070/0.jpg HTTP/2.0" 200 42257 "-" "baselinker"
51.77.52.107 - - [22/Apr/2025:08:38:55 +0200] "GET /Jurek/eurofirany/images/397070/0.jpg HTTP/2.0" 200 42257 "-" "baselinker"
51.77.52.107 - - [22/Apr/2025:08:39:07 +0200] "GET /Jurek/eurofirany/images/397071/0.jpg HTTP/2.0" 200 47634 "-" "baselinker"
51.77.52.107 - - [22/Apr/2025:08:39:20 +0200] "GET /Jurek/eurofirany/images/397071/0.jpg HTTP/2.0" 200 47634 "-" "baselinker"
51.77.52.107 - - [22/Apr/2025:08:39:26 +0200] "GET /Jurek/eurofirany/images/397071/0.jpg HTTP/2.0" 200 47634 "-" "baselinker"
51.77.52.107 - - [22/Apr/2025:08:39:31 +0200] "GET /Jurek/eurofirany/images/397090/0.jpg HTTP/2.0" 200 23563 "-" "baselinker"
51.77.52.107 - - [22/Apr/2025:08:39:46 +0200] "GET /Jurek/eurofirany/images/397090/0.jpg HTTP/2.0" 200 23563 "-" "baselinker"
51.77.52.107 - - [22/Apr/2025:08:39:51 +0200] "GET /Jurek/eurofirany/images/397090/0.jpg HTTP/2.0" 200 23563 "-" "baselinker"
51.77.52.107 - - [22/Apr/2025:08:39:58 +0200] "GET /Jurek/eurofirany/images/397091/0.jpg HTTP/2.0" 200 23563 "-" "baselinker"
51.77.52.107 - - [22/Apr/2025:08:40:03 +0200] "GET /Jurek/eurofirany/images/397091/0.jpg HTTP/2.0" 200 23563 "-" "baselinker"
51.77.52.107 - - [22/Apr/2025:08:40:08 +0200] "GET /Jurek/eurofirany/images/397091/0.jpg HTTP/2.0" 200 23563 "-" "baselinker"
5.134.208.158 - - [22/Apr/2025:08:40:09 +0200] "GET /Jurek/eurofirany/images/470021/0.jpg HTTP/1.1" 206 256 "https://www.ceneo.pl" "Mozilla/5.0 (Windows NT 10.0; Win64; x64) AppleWebKit/537.36 (KHTML, like Gecko) Chrome/87.0.4280.141 Safari/537.36"
51.77.52.107 - - [22/Apr/2025:08:40:22 +0200] "GET /Jurek/eurofirany/images/397092/0.jpg HTTP/2.0" 200 23563 "-" "baselinker"
51.77.52.107 - - [22/Apr/2025:08:40:36 +0200] "GET /Jurek/eurofirany/images/397092/0.jpg HTTP/2.0" 200 23563 "-" "baselinker"
51.77.52.107 - - [22/Apr/2025:08:40:40 +0200] "GET /Jurek/eurofirany/images/397092/0.jpg HTTP/2.0" 200 23563 "-" "baselinker"
46.101.116.244 - - [22/Apr/2025:08:40:44 +0200] "GET /Jurek/topeshop/feeds/topeshop_skr.xml HTTP/1.0" 200 919913 "-" "-"
51.77.52.107 - - [22/Apr/2025:08:40:53 +0200] "GET /Jurek/eurofirany/images/397095/0.jpg HTTP/2.0" 200 23563 "-" "baselinker"
51.77.52.107 - - [22/Apr/2025:08:41:06 +0200] "GET /Jurek/eurofirany/images/397095/0.jpg HTTP/2.0" 200 23563 "-" "baselinker"
51.77.52.107 - - [22/Apr/2025:08:41:22 +0200] "GET /Jurek/eurofirany/images/397095/0.jpg HTTP/2.0" 200 23563 "-" "baselinker"
51.77.52.107 - - [22/Apr/2025:08:41:27 +0200] "GET /Jurek/eurofirany/images/397101/0.jpg HTTP/2.0" 200 37466 "-" "baselinker"
51.77.52.107 - - [22/Apr/2025:08:41:34 +0200] "GET /Jurek/eurofirany/images/397101/0.jpg HTTP/2.0" 200 37466 "-" "baselinker"
46.101.116.244 - - [22/Apr/2025:08:41:45 +0200] "GET /Jurek/aw/feeds/aw_fnacfr.xml HTTP/1.0" 404 3551 "-" "-"
51.77.52.107 - - [22/Apr/2025:08:41:48 +0200] "GET /Jurek/eurofirany/images/397101/0.jpg HTTP/2.0" 200 37466 "-" "baselinker"
51.77.52.107 - - [22/Apr/2025:08:42:02 +0200] "GET /Jurek/eurofirany/images/397102/0.jpg HTTP/2.0" 200 37466 "-" "baselinker"
51.77.52.107 - - [22/Apr/2025:08:42:08 +0200] "GET /Jurek/eurofirany/images/397102/0.jpg HTTP/2.0" 200 37466 "-" "baselinker"
216.113.184.102 - - [22/Apr/2025:08:42:13 +0200] "GET /Jurek/eurofirany/images/350451/0.jpg HTTP/1.1" 200 61664 "-" "Java/17.0.13.0.101"
51.77.52.107 - - [22/Apr/2025:08:42:38 +0200] "GET /Jurek/eurofirany/images/397102/0.jpg HTTP/2.0" 200 37466 "-" "baselinker"
46.101.116.244 - - [22/Apr/2025:08:42:45 +0200] "GET /Jurek/hurtmeblowy/feeds/hurtmeblowy_kauflandcz.xml HTTP/2.0" 200 7526819 "-" "-"
51.77.52.107 - - [22/Apr/2025:08:42:51 +0200] "GET /Jurek/eurofirany/images/397103/0.jpg HTTP/2.0" 200 37466 "-" "baselinker"
46.101.116.244 - - [22/Apr/2025:08:43:00 +0200] "GET /Jurek/kobi/feeds/kobi_kauflandcz.xml HTTP/2.0" 200 943200 "-" "-"
51.77.52.107 - - [22/Apr/2025:08:43:05 +0200] "GET /Jurek/eurofirany/images/397103/0.jpg HTTP/2.0" 200 37466 "-" "baselinker"
46.101.116.244 - - [22/Apr/2025:08:43:07 +0200] "GET /Jurek/fernity/feeds/fernity_manomano.xml HTTP/1.0" 200 4816604 "-" "-"
89.161.206.59 - - [22/Apr/2025:08:43:10 +0200] "GET /Jurek/eurofirany/feeds/eurofirany_manomanofr.xml HTTP/1.0" 200 19070649 "-" "-"
51.77.52.107 - - [22/Apr/2025:08:43:10 +0200] "GET /Jurek/eurofirany/images/397103/0.jpg HTTP/2.0" 200 37466 "-" "baselinker"
46.101.116.244 - - [22/Apr/2025:08:43:11 +0200] "GET /Jurek/madrex/feeds/madrex_kauflandcz.xml HTTP/2.0" 200 466747 "-" "-"
51.77.52.107 - - [22/Apr/2025:08:43:15 +0200] "GET /Jurek/eurofirany/images/397104/0.jpg HTTP/2.0" 200 37466 "-" "baselinker"
51.77.52.107 - - [22/Apr/2025:08:43:21 +0200] "GET /Jurek/eurofirany/images/397104/0.jpg HTTP/2.0" 200 37466 "-" "baselinker"
51.77.52.107 - - [22/Apr/2025:08:43:28 +0200] "GET /Jurek/eurofirany/images/397104/0.jpg HTTP/2.0" 200 37466 "-" "baselinker"
51.77.52.107 - - [22/Apr/2025:08:43:43 +0200] "GET /Jurek/eurofirany/images/397105/0.jpg HTTP/2.0" 200 37057 "-" "baselinker"
46.101.116.244 - - [22/Apr/2025:08:43:45 +0200] "GET /Jurek/action/feeds/action_kaufland.xml HTTP/2.0" 200 59895327 "-" "-"
51.77.52.107 - - [22/Apr/2025:08:43:48 +0200] "GET /Jurek/eurofirany/images/397105/0.jpg HTTP/2.0" 200 37057 "-" "baselinker"
51.77.52.107 - - [22/Apr/2025:08:43:53 +0200] "GET /Jurek/eurofirany/images/397105/0.jpg HTTP/2.0" 200 37057 "-" "baselinker"
51.77.52.107 - - [22/Apr/2025:08:44:07 +0200] "GET /Jurek/eurofirany/images/397106/0.jpg HTTP/2.0" 200 37057 "-" "baselinker"
51.77.52.107 - - [22/Apr/2025:08:44:20 +0200] "GET /Jurek/eurofirany/images/397106/0.jpg HTTP/2.0" 200 37057 "-" "baselinker"
46.101.116.244 - - [22/Apr/2025:08:44:37 +0200] "GET /Jurek/andex/feeds/andex_kaufland.xml HTTP/2.0" 200 1954262 "-" "-"
51.77.52.107 - - [22/Apr/2025:08:44:39 +0200] "GET /Jurek/eurofirany/images/397106/0.jpg HTTP/2.0" 200 37057 "-" "baselinker"
46.101.116.244 - - [22/Apr/2025:08:44:48 +0200] "GET /Jurek/aw/feeds/awnarzedzia_kauflandcz.xml HTTP/2.0" 200 90626895 "-" "-"
51.77.52.107 - - [22/Apr/2025:08:44:53 +0200] "GET /Jurek/eurofirany/images/397107/0.jpg HTTP/2.0" 200 37057 "-" "baselinker"
51.77.52.107 - - [22/Apr/2025:08:45:07 +0200] "GET /Jurek/eurofirany/images/397107/0.jpg HTTP/2.0" 200 37057 "-" "baselinker"
46.101.116.244 - - [22/Apr/2025:08:45:08 +0200] "GET /Jurek/b3/feeds/b3_kaufland.xml HTTP/2.0" 200 8079652 "-" "-"
51.77.52.107 - - [22/Apr/2025:08:45:12 +0200] "GET /Jurek/eurofirany/images/397107/0.jpg HTTP/2.0" 200 37057 "-" "baselinker"
51.77.52.107 - - [22/Apr/2025:08:45:19 +0200] "GET /Jurek/eurofirany/images/397108/0.jpg HTTP/2.0" 200 37057 "-" "baselinker"
46.101.116.244 - - [22/Apr/2025:08:45:19 +0200] "GET /Jurek/barbecook/feeds/barbecook_kaufland.xml HTTP/2.0" 200 87616 "-" "-"
46.101.116.244 - - [22/Apr/2025:08:45:30 +0200] "GET /Jurek/bass/feeds/bass_kaufland.xml HTTP/2.0" 200 3974279 "-" "-"
51.77.52.107 - - [22/Apr/2025:08:45:31 +0200] "GET /Jurek/eurofirany/images/397108/0.jpg HTTP/2.0" 200 37057 "-" "baselinker"
51.77.52.107 - - [22/Apr/2025:08:45:40 +0200] "GET /Jurek/eurofirany/images/397108/0.jpg HTTP/2.0" 200 37057 "-" "baselinker"
46.101.116.244 - - [22/Apr/2025:08:45:41 +0200] "GET /Jurek/beliani/feeds/beliani_cz_kaufland.xml HTTP/2.0" 200 33740643 "-" "-"
66.249.64.165 - - [22/Apr/2025:08:45:44 +0200] "GET /Jurek/topeshop/downloaded_images/5904507200176_MIJASBIURKOSONOMAPRAWOOT.2tif.png HTTP/1.1" 404 3551 "-" "Googlebot-Image/1.0"
66.249.64.165 - - [22/Apr/2025:08:45:44 +0200] "GET /Jurek/topeshop/downloaded_images/5904507200176_MIJASBIURKOSONOMA_.png HTTP/1.1" 404 3551 "-" "Googlebot-Image/1.0"
66.249.64.165 - - [22/Apr/2025:08:45:45 +0200] "GET /Jurek/topeshop/downloaded_images/5904507200176_MIJASBIURKOSONOMAPRAWO.2tif.png HTTP/1.1" 404 3551 "-" "Googlebot-Image/1.0"
51.77.52.107 - - [22/Apr/2025:08:45:47 +0200] "GET /Jurek/eurofirany/images/397109/0.jpg HTTP/2.0" 200 37057 "-" "baselinker"
66.249.64.165 - - [22/Apr/2025:08:45:47 +0200] "GET /Jurek/topeshop/downloaded_images/5904507200176_MIJASBIURKOBRY%C5%81KASONOMAPRAWEBOKOT.jpg HTTP/1.1" 404 3551 "-" "Googlebot-Image/1.0"
66.249.64.165 - - [22/Apr/2025:08:45:51 +0200] "GET /Jurek/topeshop/downloaded_images/5904507200176_MIJASBIURKOBRY%C5%81KASONOMAPRAWEFRONTOT.jpg HTTP/1.1" 404 3551 "-" "Googlebot-Image/1.0"
46.101.116.244 - - [22/Apr/2025:08:45:55 +0200] "GET /Jurek/benbaby/feeds/benbaby_kaufland.xml HTTP/2.0" 200 3628865 "-" "-"
51.77.52.107 - - [22/Apr/2025:08:46:03 +0200] "GET /Jurek/eurofirany/images/397109/0.jpg HTTP/2.0" 200 37057 "-" "baselinker"
46.101.116.244 - - [22/Apr/2025:08:46:05 +0200] "GET /Jurek/detian/feeds/detian_kaufland.xml HTTP/2.0" 404 3551 "-" "-"
51.77.52.107 - - [22/Apr/2025:08:46:09 +0200] "GET /Jurek/eurofirany/images/397109/0.jpg HTTP/2.0" 200 37057 "-" "baselinker"
51.77.52.107 - - [22/Apr/2025:08:46:14 +0200] "GET /Jurek/eurofirany/images/397110/0.jpg HTTP/2.0" 200 37057 "-" "baselinker"
46.101.116.244 - - [22/Apr/2025:08:46:15 +0200] "GET /Jurek/emibig/feeds/emibig_kaufland.xml HTTP/2.0" 200 2524180 "-" "-"
51.77.52.107 - - [22/Apr/2025:08:46:20 +0200] "GET /Jurek/eurofirany/images/397110/0.jpg HTTP/2.0" 200 37057 "-" "baselinker"
46.101.116.244 - - [22/Apr/2025:08:46:26 +0200] "GET /Jurek/eurofirany/feeds/eurofirany_kaufland_greatstore.xml HTTP/2.0" 200 19089563 "-" "-"
51.77.52.107 - - [22/Apr/2025:08:46:26 +0200] "GET /Jurek/eurofirany/images/397110/0.jpg HTTP/2.0" 200 37057 "-" "baselinker"
46.101.116.244 - - [22/Apr/2025:08:46:39 +0200] "GET /Jurek/fernity/feeds/fernity_kaufland.xml HTTP/2.0" 200 4820438 "-" "-"
51.77.52.107 - - [22/Apr/2025:08:46:42 +0200] "GET /Jurek/eurofirany/images/397111/0.jpg HTTP/2.0" 200 40976 "-" "baselinker"
46.101.116.244 - - [22/Apr/2025:08:46:51 +0200] "GET /Jurek/aw/feeds/aw_fnacfr.xml HTTP/1.0" 404 3551 "-" "-"
51.77.52.107 - - [22/Apr/2025:08:46:56 +0200] "GET /Jurek/eurofirany/images/397111/0.jpg HTTP/2.0" 200 40976 "-" "baselinker"
51.77.52.107 - - [22/Apr/2025:08:47:01 +0200] "GET /Jurek/eurofirany/images/397111/0.jpg HTTP/2.0" 200 40976 "-" "baselinker"
46.101.116.244 - - [22/Apr/2025:08:47:01 +0200] "GET /Jurek/hurtownia_przemyslowa/feeds/hp_kaufcz.xml HTTP/2.0" 200 49380544 "-" "-"
51.77.52.107 - - [22/Apr/2025:08:47:09 +0200] "GET /Jurek/eurofirany/images/397112/0.jpg HTTP/2.0" 200 40976 "-" "baselinker"
89.161.206.59 - - [22/Apr/2025:08:47:23 +0200] "GET /Jurek/ikonka/feeds/ikonka_skroutz.xml HTTP/1.0" 200 22171332 "-" "-"
51.77.52.107 - - [22/Apr/2025:08:47:23 +0200] "GET /Jurek/eurofirany/images/397112/0.jpg HTTP/2.0" 200 40976 "-" "baselinker"
51.77.52.107 - - [22/Apr/2025:08:47:28 +0200] "GET /Jurek/eurofirany/images/397112/0.jpg HTTP/2.0" 200 40976 "-" "baselinker"
46.101.116.244 - - [22/Apr/2025:08:47:33 +0200] "GET /Jurek/ikonka/feeds/ikonka_kaufland.xml HTTP/2.0" 200 22173789 "-" "-"
51.77.52.107 - - [22/Apr/2025:08:47:35 +0200] "GET /Jurek/eurofirany/images/397113/0.jpg HTTP/2.0" 200 40976 "-" "baselinker"
51.77.52.107 - - [22/Apr/2025:08:47:40 +0200] "GET /Jurek/eurofirany/images/397113/0.jpg HTTP/2.0" 200 40976 "-" "baselinker"
5.134.208.158 - - [22/Apr/2025:08:47:42 +0200] "GET /Jurek/eurofirany/images/396805/0.jpg HTTP/1.1" 200 54824 "-" "-"
46.101.116.244 - - [22/Apr/2025:08:47:45 +0200] "GET /Jurek/kinghoff/feeds/kinghoff_kaufland.xml HTTP/2.0" 200 15463650 "-" "-"
51.77.52.107 - - [22/Apr/2025:08:47:45 +0200] "GET /Jurek/eurofirany/images/397113/0.jpg HTTP/2.0" 200 40976 "-" "baselinker"
51.77.52.107 - - [22/Apr/2025:08:47:50 +0200] "GET /Jurek/eurofirany/images/397114/0.jpg HTTP/2.0" 200 40976 "-" "baselinker"
89.161.206.59 - - [22/Apr/2025:08:47:52 +0200] "GET /Jurek/ikonka/feeds/ikonka_amazonDE.xml HTTP/1.0" 200 22171269 "-" "-"
89.161.206.59 - - [22/Apr/2025:08:47:53 +0200] "GET /Jurek/ikonka/feeds/ikonka_amazonIT.xml HTTP/1.0" 200 22171308 "-" "-"
89.161.206.59 - - [22/Apr/2025:08:47:53 +0200] "GET /Jurek/ikonka/feeds/ikonka_amazonFR.xml HTTP/1.0" 200 22171304 "-" "-"
89.161.206.59 - - [22/Apr/2025:08:47:54 +0200] "GET /Jurek/ikonka/feeds/ikonka_amazonES.xml HTTP/1.0" 200 22171269 "-" "-"
89.161.206.59 - - [22/Apr/2025:08:47:55 +0200] "GET /Jurek/ikonka/feeds/ikonka_amazonNL.xml HTTP/1.0" 200 22171288 "-" "-"
51.77.52.107 - - [22/Apr/2025:08:47:56 +0200] "GET /Jurek/eurofirany/images/397114/0.jpg HTTP/2.0" 200 40976 "-" "baselinker"
89.161.206.59 - - [22/Apr/2025:08:47:56 +0200] "GET /Jurek/hurtownia_przemyslowa/feeds/hp_amazonFR.xml HTTP/1.0" 200 49362437 "-" "-"
89.161.206.59 - - [22/Apr/2025:08:47:57 +0200] "GET /Jurek/hurtownia_przemyslowa/feeds/hp_amazonIT.xml HTTP/1.0" 200 49362355 "-" "-"
89.161.206.59 - - [22/Apr/2025:08:47:58 +0200] "GET /Jurek/hurtownia_przemyslowa/feeds/hp_amazonNL.xml HTTP/1.0" 200 49361946 "-" "-"
89.161.206.59 - - [22/Apr/2025:08:47:59 +0200] "GET /Jurek/hurtownia_przemyslowa/feeds/hp_amazonSE.xml HTTP/1.0" 200 49377524 "-" "-"
46.101.116.244 - - [22/Apr/2025:08:48:00 +0200] "GET /Jurek/kinghome/feeds/kinghome_kaufland.xml HTTP/2.0" 200 6065284 "-" "-"
89.161.206.59 - - [22/Apr/2025:08:48:05 +0200] "GET /Jurek/waks/feeds/waks_amazonde.xml HTTP/1.0" 200 1596552 "-" "-"
89.161.206.59 - - [22/Apr/2025:08:48:05 +0200] "GET /Jurek/waks/feeds/waks_amazonfr.xml HTTP/1.0" 200 1596552 "-" "-"
89.161.206.59 - - [22/Apr/2025:08:48:05 +0200] "GET /Jurek/waks/feeds/waks_amazonit.xml HTTP/1.0" 200 1596552 "-" "-"
89.161.206.59 - - [22/Apr/2025:08:48:06 +0200] "GET /Jurek/waks/feeds/waks_amazones.xml HTTP/1.0" 200 1596552 "-" "-"
89.161.206.59 - - [22/Apr/2025:08:48:06 +0200] "GET /Jurek/waks/feeds/waks_amazonnl.xml HTTP/1.0" 200 1594465 "-" "-"
89.161.206.59 - - [22/Apr/2025:08:48:06 +0200] "GET /Jurek/waks/feeds/waks_amazonse.xml HTTP/1.0" 200 1598638 "-" "-"
89.161.206.59 - - [22/Apr/2025:08:48:08 +0200] "GET /Jurek/swiatecznygoliat/feeds/swiatecznygoliat_amazonde.xml HTTP/1.0" 200 7054397 "-" "-"
51.77.52.107 - - [22/Apr/2025:08:48:12 +0200] "GET /Jurek/eurofirany/images/397114/0.jpg HTTP/2.0" 200 40976 "-" "baselinker"
51.77.52.107 - - [22/Apr/2025:08:48:18 +0200] "GET /Jurek/eurofirany/images/397115/0.jpg HTTP/2.0" 200 40976 "-" "baselinker"
89.161.206.59 - - [22/Apr/2025:08:48:18 +0200] "GET /Jurek/beautycare/feeds/beautycare_amazonde.xml HTTP/1.0" 200 1181278 "-" "-"
51.77.52.107 - - [22/Apr/2025:08:48:22 +0200] "GET /Jurek/eurofirany/images/397115/0.jpg HTTP/2.0" 200 40976 "-" "baselinker"
51.77.52.107 - - [22/Apr/2025:08:48:27 +0200] "GET /Jurek/eurofirany/images/397115/0.jpg HTTP/2.0" 200 40976 "-" "baselinker"
51.77.52.107 - - [22/Apr/2025:08:48:40 +0200] "GET /Jurek/eurofirany/images/397116/0.jpg HTTP/2.0" 200 40976 "-" "baselinker"
46.101.116.244 - - [22/Apr/2025:08:48:43 +0200] "GET /Jurek/octopia/feeds/octopia_kaufland.xml HTTP/2.0" 200 10116659 "-" "-"
46.101.116.244 - - [22/Apr/2025:08:48:54 +0200] "GET /Jurek/rovicky/feeds/rovicky_kaufland.xml HTTP/2.0" 200 15023768 "-" "-"
51.77.52.107 - - [22/Apr/2025:08:48:57 +0200] "GET /Jurek/eurofirany/images/397116/0.jpg HTTP/2.0" 200 40976 "-" "baselinker"
89.161.206.59 - - [22/Apr/2025:08:48:59 +0200] "GET /Jurek/fernity/feeds/fernity_skroutz.xml HTTP/1.0" 200 4816776 "-" "-"
51.77.52.107 - - [22/Apr/2025:08:49:01 +0200] "GET /Jurek/eurofirany/images/397116/0.jpg HTTP/2.0" 200 40976 "-" "baselinker"
46.101.116.244 - - [22/Apr/2025:08:49:05 +0200] "GET /Jurek/stema/feeds/stema_kauflandcz.xml HTTP/2.0" 200 857695 "-" "-"
5.134.208.158 - - [22/Apr/2025:08:49:06 +0200] "GET /Jurek/eurofirany/images/467994/0.jpg HTTP/1.1" 206 256 "https://www.ceneo.pl" "Mozilla/5.0 (Windows NT 10.0; Win64; x64) AppleWebKit/537.36 (KHTML, like Gecko) Chrome/87.0.4280.141 Safari/537.36"
89.161.206.59 - - [22/Apr/2025:08:49:09 +0200] "GET /Jurek/activeshop/feeds/activeshop_skroutz.xml HTTP/1.0" 200 10453420 "-" "-"
5.134.208.158 - - [22/Apr/2025:08:49:15 +0200] "GET /Jurek/eurofirany/images/458882/0.jpg HTTP/1.1" 206 256 "https://www.ceneo.pl" "Mozilla/5.0 (Windows NT 10.0; Win64; x64) AppleWebKit/537.36 (KHTML, like Gecko) Chrome/87.0.4280.141 Safari/537.36"
46.101.116.244 - - [22/Apr/2025:08:49:16 +0200] "GET /Jurek/twm/feeds/twm-kaufland.xml HTTP/2.0" 200 2490429 "-" "-"
51.77.52.107 - - [22/Apr/2025:08:49:17 +0200] "GET /Jurek/eurofirany/images/397117/0.jpg HTTP/2.0" 200 40976 "-" "baselinker"
46.101.116.244 - - [22/Apr/2025:08:49:27 +0200] "GET /Jurek/unimet/feeds/unimet_kaufland.xml HTTP/2.0" 200 61207302 "-" "-"
51.77.52.107 - - [22/Apr/2025:08:49:35 +0200] "GET /Jurek/eurofirany/images/397117/0.jpg HTTP/2.0" 200 40976 "-" "baselinker"
51.77.52.107 - - [22/Apr/2025:08:49:48 +0200] "GET /Jurek/eurofirany/images/397117/0.jpg HTTP/2.0" 200 40976 "-" "baselinker"
46.101.116.244 - - [22/Apr/2025:08:49:53 +0200] "GET /Jurek/beliani/feeds/beliani_skroutz.xml HTTP/1.0" 200 31084940 "-" "-"
51.77.52.107 - - [22/Apr/2025:08:49:54 +0200] "GET /Jurek/eurofirany/images/409411/0.jpg HTTP/2.0" 200 18565 "-" "baselinker"
51.77.52.107 - - [22/Apr/2025:08:49:59 +0200] "GET /Jurek/eurofirany/images/409411/0.jpg HTTP/2.0" 200 18565 "-" "baselinker"
51.77.52.107 - - [22/Apr/2025:08:50:04 +0200] "GET /Jurek/eurofirany/images/409411/0.jpg HTTP/2.0" 200 18565 "-" "baselinker"
51.77.52.107 - - [22/Apr/2025:08:50:12 +0200] "GET /Jurek/eurofirany/images/409412/0.jpg HTTP/2.0" 200 29127 "-" "baselinker"
51.77.52.107 - - [22/Apr/2025:08:50:23 +0200] "GET /Jurek/eurofirany/images/409412/0.jpg HTTP/2.0" 200 29127 "-" "baselinker"
51.77.52.107 - - [22/Apr/2025:08:50:39 +0200] "GET /Jurek/eurofirany/images/409412/0.jpg HTTP/2.0" 200 29127 "-" "baselinker"
51.77.52.107 - - [22/Apr/2025:08:50:46 +0200] "GET /Jurek/eurofirany/images/409413/0.jpg HTTP/2.0" 200 29127 "-" "baselinker"
51.77.52.107 - - [22/Apr/2025:08:51:00 +0200] "GET /Jurek/eurofirany/images/409413/0.jpg HTTP/2.0" 200 29127 "-" "baselinker"
5.134.208.158 - - [22/Apr/2025:08:51:09 +0200] "GET /Jurek/eurofirany/images/467987/0.jpg HTTP/1.1" 206 256 "https://www.ceneo.pl" "Mozilla/5.0 (Windows NT 10.0; Win64; x64) AppleWebKit/537.36 (KHTML, like Gecko) Chrome/87.0.4280.141 Safari/537.36"
5.134.208.158 - - [22/Apr/2025:08:51:11 +0200] "GET /Jurek/eurofirany/images/459968/0.jpg HTTP/1.1" 206 256 "https://www.ceneo.pl" "Mozilla/5.0 (Windows NT 10.0; Win64; x64) AppleWebKit/537.36 (KHTML, like Gecko) Chrome/87.0.4280.141 Safari/537.36"
51.77.52.107 - - [22/Apr/2025:08:51:12 +0200] "GET /Jurek/eurofirany/images/409413/0.jpg HTTP/2.0" 200 29127 "-" "baselinker"
51.77.52.107 - - [22/Apr/2025:08:51:18 +0200] "GET /Jurek/eurofirany/images/409416/0.jpg HTTP/2.0" 200 22943 "-" "baselinker"
51.77.52.107 - - [22/Apr/2025:08:51:22 +0200] "GET /Jurek/eurofirany/images/409416/0.jpg HTTP/2.0" 200 22943 "-" "baselinker"
51.77.52.107 - - [22/Apr/2025:08:51:36 +0200] "GET /Jurek/eurofirany/images/409416/0.jpg HTTP/2.0" 200 22943 "-" "baselinker"
51.77.52.107 - - [22/Apr/2025:08:51:41 +0200] "GET /Jurek/eurofirany/images/424078/0.jpg HTTP/2.0" 200 106761 "-" "baselinker"
51.77.52.107 - - [22/Apr/2025:08:51:58 +0200] "GET /Jurek/eurofirany/images/424078/0.jpg HTTP/2.0" 200 106761 "-" "baselinker"
51.77.52.107 - - [22/Apr/2025:08:52:13 +0200] "GET /Jurek/eurofirany/images/424078/0.jpg HTTP/2.0" 200 106761 "-" "baselinker"
46.101.116.244 - - [22/Apr/2025:08:52:21 +0200] "GET /Jurek/vivaldi/feeds/vivaldi_kaufland.xml HTTP/2.0" 200 344838 "-" "-"
69.171.231.3 - - [22/Apr/2025:08:52:42 +0200] "GET /robots.txt HTTP/2.0" 404 3551 "-" "facebookexternalhit/1.1 (+http://www.facebook.com/externalhit_uatext.php)"
51.77.52.107 - - [22/Apr/2025:08:52:46 +0200] "GET /Jurek/eurofirany/images/428732/0.jpg HTTP/2.0" 200 101564 "-" "baselinker"
51.77.52.107 - - [22/Apr/2025:08:52:59 +0200] "GET /Jurek/eurofirany/images/428732/0.jpg HTTP/2.0" 200 101564 "-" "baselinker"
46.101.116.244 - - [22/Apr/2025:08:53:11 +0200] "GET /Jurek/aw/feeds/awnarzedzia_skroutz.xml HTTP/1.0" 200 90416714 "-" "-"
46.101.116.244 - - [22/Apr/2025:08:53:14 +0200] "GET /Jurek/vidaCZ/feeds/vida_Kaufland.xml HTTP/2.0" 200 682525663 "-" "-"
51.77.52.107 - - [22/Apr/2025:08:53:17 +0200] "GET /Jurek/eurofirany/images/428732/0.jpg HTTP/2.0" 200 101564 "-" "baselinker"
51.77.52.107 - - [22/Apr/2025:08:53:31 +0200] "GET /Jurek/eurofirany/images/428727/0.jpg HTTP/2.0" 200 100167 "-" "baselinker"
193.33.8.61 - - [22/Apr/2025:08:53:31 +0200] "GET /Jurek/gandalf/feeds/gandalf_cdsc.xml HTTP/2.0" 200 586323 "https://konsola.dkkapusta1997.usermd.net/" "Mozilla/5.0 (Windows NT 10.0; Win64; x64) AppleWebKit/537.36 (KHTML, like Gecko) Chrome/135.0.0.0 Safari/537.36"
51.77.52.107 - - [22/Apr/2025:08:53:35 +0200] "GET /Jurek/eurofirany/images/428727/0.jpg HTTP/2.0" 200 100167 "-" "baselinker"
77.79.248.229 - - [22/Apr/2025:08:53:36 +0200] "GET /Jurek/gandalf/feeds/gandalf_cdsc.xml HTTP/1.1" 200 586323 "-" "Python-urllib/3.11"
51.77.52.107 - - [22/Apr/2025:08:53:48 +0200] "GET /Jurek/eurofirany/images/428727/0.jpg HTTP/2.0" 200 100167 "-" "baselinker"
51.77.52.107 - - [22/Apr/2025:08:54:01 +0200] "GET /Jurek/eurofirany/images/432116/0.jpg HTTP/2.0" 200 177166 "-" "baselinker"
51.77.52.107 - - [22/Apr/2025:08:54:17 +0200] "GET /Jurek/eurofirany/images/432116/0.jpg HTTP/2.0" 200 177166 "-" "baselinker"
51.77.52.107 - - [22/Apr/2025:08:54:35 +0200] "GET /Jurek/eurofirany/images/432116/0.jpg HTTP/2.0" 200 177166 "-" "baselinker"
89.161.206.59 - - [22/Apr/2025:08:54:48 +0200] "GET /Jurek/cbdgreen/feeds/cbdgreen_skroutz.xml HTTP/1.0" 200 30340 "-" "-"
51.77.52.107 - - [22/Apr/2025:08:54:50 +0200] "GET /Jurek/eurofirany/images/438590/0.jpg HTTP/2.0" 200 81235 "-" "baselinker"
51.77.52.107 - - [22/Apr/2025:08:55:05 +0200] "GET /Jurek/eurofirany/images/438590/0.jpg HTTP/2.0" 200 81235 "-" "baselinker"
51.77.52.107 - - [22/Apr/2025:08:55:11 +0200] "GET /Jurek/eurofirany/images/438590/0.jpg HTTP/2.0" 200 81235 "-" "baselinker"
89.161.206.59 - - [22/Apr/2025:08:55:19 +0200] "GET /Jurek/smxdesign/feeds/smxdesign_skroutz.xml HTTP/1.0" 200 1829035 "-" "-"
89.161.206.59 - - [22/Apr/2025:08:55:21 +0200] "GET /Jurek/proparts/feeds/proparts_skroutz.xml HTTP/1.0" 200 707501 "-" "-"
178.21.154.6 - - [22/Apr/2025:08:55:25 +0200] "GET /Jurek/eurofirany/images/469590/0.jpg HTTP/1.1" 200 136603 "-" "-"
89.161.206.59 - - [22/Apr/2025:08:55:25 +0200] "GET /Jurek/beltimore/feeds/beltimore_skroutz.xml HTTP/1.0" 200 18651718 "-" "-"
89.161.206.59 - - [22/Apr/2025:08:55:26 +0200] "GET /Jurek/kristronik/feeds/kristronik_skroutz.xml HTTP/1.0" 200 691970 "-" "-"
51.77.52.107 - - [22/Apr/2025:08:55:26 +0200] "GET /Jurek/eurofirany/images/409415/0.jpg HTTP/2.0" 200 45924 "-" "baselinker"
89.161.206.59 - - [22/Apr/2025:08:55:30 +0200] "GET /Jurek/galopibhp/feeds/galopibhp_skroutz.xml HTTP/1.0" 200 1852318 "-" "-"
46.101.116.244 - - [22/Apr/2025:08:55:32 +0200] "GET /Jurek/hurtmeblowy/feeds/hurtmeblowy_kauflandsk.xml HTTP/2.0" 200 7523854 "-" "-"
89.161.206.59 - - [22/Apr/2025:08:55:40 +0200] "GET /Jurek/techrebalina/feeds/techrebalina_skroutz.xml HTTP/1.0" 200 2011208 "-" "-"
89.161.206.59 - - [22/Apr/2025:08:55:41 +0200] "GET /Jurek/techrebal/feeds/techrebal_skroutz.xml HTTP/1.0" 200 1989735 "-" "-"
51.77.52.107 - - [22/Apr/2025:08:55:42 +0200] "GET /Jurek/eurofirany/images/409415/0.jpg HTTP/2.0" 200 45924 "-" "baselinker"
46.101.116.244 - - [22/Apr/2025:08:55:48 +0200] "GET /Jurek/kobi/feeds/kobi_kauflandsk.xml HTTP/2.0" 200 942981 "-" "-"
51.77.52.107 - - [22/Apr/2025:08:55:57 +0200] "GET /Jurek/eurofirany/images/409415/0.jpg HTTP/2.0" 200 45924 "-" "baselinker"
46.101.116.244 - - [22/Apr/2025:08:55:59 +0200] "GET /Jurek/madrex/feeds/madrex_kauflandsk.xml HTTP/2.0" 200 466687 "-" "-"
51.77.52.107 - - [22/Apr/2025:08:56:07 +0200] "GET /Jurek/eurofirany/images/441929/0.jpg HTTP/2.0" 200 33 "-" "baselinker"
