89.161.206.59 - - [22/Apr/2025:12:41:47 +0200] "GET /Jurek/sportprise/feeds/sportprise_cdsc.xml HTTP/1.0" 200 16750439 "-" "-"
89.161.206.59 - - [22/Apr/2025:12:41:49 +0200] "GET /Jurek/princelh/feeds/princelh_cdsc.xml HTTP/1.0" 200 123625 "-" "-"
89.161.206.59 - - [22/Apr/2025:12:41:49 +0200] "GET /Jurek/muminky/feeds/muminky_cdsc.xml HTTP/1.0" 200 2935914 "-" "-"
89.161.206.59 - - [22/Apr/2025:12:41:49 +0200] "GET /Jurek/nexus/feeds/nexus_cdsc.xml HTTP/1.0" 200 325923 "-" "-"
51.77.52.107 - - [22/Apr/2025:12:41:49 +0200] "GET /Jurek/eurofirany/images/463400/0.jpg HTTP/2.0" 200 164335 "-" "baselinker"
89.161.206.59 - - [22/Apr/2025:12:41:51 +0200] "GET /Jurek/tsjerzy/feeds/tsjerzy_cdsc.xml HTTP/1.0" 200 4383076 "-" "-"
89.161.206.59 - - [22/Apr/2025:12:41:51 +0200] "GET /Jurek/cenoman/feeds/cenoman_cdsc.xml HTTP/1.0" 200 4589268 "-" "-"
89.161.206.59 - - [22/Apr/2025:12:41:52 +0200] "GET /Jurek/narzbud/feeds/narzbud_cdsc.xml HTTP/1.0" 200 1227808 "-" "-"
89.161.206.59 - - [22/Apr/2025:12:41:52 +0200] "GET /Jurek/kalama/feeds/kalama_cdsc.xml HTTP/1.0" 200 1573969 "-" "-"
51.77.52.107 - - [22/Apr/2025:12:41:56 +0200] "GET /Jurek/eurofirany/images/463402/0.jpg HTTP/2.0" 200 164335 "-" "baselinker"
51.77.52.107 - - [22/Apr/2025:12:42:00 +0200] "GET /Jurek/eurofirany/images/463402/0.jpg HTTP/2.0" 200 164335 "-" "baselinker"
51.77.52.107 - - [22/Apr/2025:12:42:06 +0200] "GET /Jurek/eurofirany/images/463402/0.jpg HTTP/2.0" 200 164335 "-" "baselinker"
51.77.52.107 - - [22/Apr/2025:12:42:17 +0200] "GET /Jurek/eurofirany/images/464656/0.jpg HTTP/2.0" 200 203438 "-" "baselinker"
51.77.52.107 - - [22/Apr/2025:12:42:21 +0200] "GET /Jurek/eurofirany/images/464656/0.jpg HTTP/2.0" 200 203438 "-" "baselinker"
51.77.52.107 - - [22/Apr/2025:12:42:27 +0200] "GET /Jurek/eurofirany/images/464656/0.jpg HTTP/2.0" 200 203438 "-" "baselinker"
51.77.52.107 - - [22/Apr/2025:12:42:33 +0200] "GET /Jurek/eurofirany/images/464657/0.jpg HTTP/2.0" 200 203438 "-" "baselinker"
51.77.52.107 - - [22/Apr/2025:12:42:38 +0200] "GET /Jurek/eurofirany/images/464657/0.jpg HTTP/2.0" 200 203438 "-" "baselinker"
51.77.52.107 - - [22/Apr/2025:12:42:55 +0200] "GET /Jurek/eurofirany/images/464657/0.jpg HTTP/2.0" 200 203438 "-" "baselinker"
51.77.52.107 - - [22/Apr/2025:12:43:01 +0200] "GET /Jurek/eurofirany/images/464658/0.jpg HTTP/2.0" 200 203438 "-" "baselinker"
51.77.52.107 - - [22/Apr/2025:12:43:07 +0200] "GET /Jurek/eurofirany/images/464658/0.jpg HTTP/2.0" 200 203438 "-" "baselinker"
46.101.116.244 - - [22/Apr/2025:12:43:12 +0200] "GET /Jurek/fernity/feeds/fernity_manomano.xml HTTP/1.0" 200 4816489 "-" "-"
89.161.206.59 - - [22/Apr/2025:12:43:15 +0200] "GET /Jurek/eurofirany/feeds/eurofirany_manomanofr.xml HTTP/1.0" 200 19066166 "-" "-"
51.77.52.107 - - [22/Apr/2025:12:43:35 +0200] "GET /Jurek/eurofirany/images/464658/0.jpg HTTP/2.0" 200 203438 "-" "baselinker"
51.77.52.107 - - [22/Apr/2025:12:43:42 +0200] "GET /Jurek/eurofirany/images/464659/0.jpg HTTP/2.0" 200 221624 "-" "baselinker"
145.224.72.132 - - [22/Apr/2025:12:43:45 +0200] "GET /Jurek/topeshop/downloaded_images/5904507202255_Artisan_1.png HTTP/2.0" 200 657484 "https://itm.ebaydesc.com/" "Mozilla/5.0 (Windows NT 10.0; Win64; x64) AppleWebKit/537.36 (KHTML, like Gecko) Chrome/109.0.0.0 Safari/537.36"
51.77.52.107 - - [22/Apr/2025:12:43:48 +0200] "GET /Jurek/eurofirany/images/464659/0.jpg HTTP/2.0" 200 221624 "-" "baselinker"
51.77.52.107 - - [22/Apr/2025:12:43:53 +0200] "GET /Jurek/eurofirany/images/464659/0.jpg HTTP/2.0" 200 221624 "-" "baselinker"
51.77.52.107 - - [22/Apr/2025:12:43:58 +0200] "GET /Jurek/eurofirany/images/464660/0.jpg HTTP/2.0" 200 221624 "-" "baselinker"
51.77.52.107 - - [22/Apr/2025:12:44:17 +0200] "GET /Jurek/eurofirany/images/464660/0.jpg HTTP/2.0" 200 221624 "-" "baselinker"
51.77.52.107 - - [22/Apr/2025:12:44:21 +0200] "GET /Jurek/eurofirany/images/464660/0.jpg HTTP/2.0" 200 221624 "-" "baselinker"
51.77.52.107 - - [22/Apr/2025:12:44:27 +0200] "GET /Jurek/eurofirany/images/464663/0.jpg HTTP/2.0" 200 138328 "-" "baselinker"
51.77.52.107 - - [22/Apr/2025:12:44:32 +0200] "GET /Jurek/eurofirany/images/464663/0.jpg HTTP/2.0" 200 138328 "-" "baselinker"
51.77.52.107 - - [22/Apr/2025:12:44:36 +0200] "GET /Jurek/eurofirany/images/464663/0.jpg HTTP/2.0" 200 138328 "-" "baselinker"
51.77.52.107 - - [22/Apr/2025:12:44:40 +0200] "GET /Jurek/eurofirany/images/463394/0.jpg HTTP/2.0" 200 161159 "-" "baselinker"
51.77.52.107 - - [22/Apr/2025:12:44:57 +0200] "GET /Jurek/eurofirany/images/463394/0.jpg HTTP/2.0" 200 161159 "-" "baselinker"
51.77.52.107 - - [22/Apr/2025:12:45:02 +0200] "GET /Jurek/eurofirany/images/463394/0.jpg HTTP/2.0" 200 161159 "-" "baselinker"
51.77.52.107 - - [22/Apr/2025:12:45:07 +0200] "GET /Jurek/eurofirany/images/463395/0.jpg HTTP/2.0" 200 161159 "-" "baselinker"
51.77.52.107 - - [22/Apr/2025:12:45:13 +0200] "GET /Jurek/eurofirany/images/463395/0.jpg HTTP/2.0" 200 161159 "-" "baselinker"
51.77.52.107 - - [22/Apr/2025:12:45:35 +0200] "GET /Jurek/eurofirany/images/463395/0.jpg HTTP/2.0" 200 161159 "-" "baselinker"
51.77.52.107 - - [22/Apr/2025:12:45:39 +0200] "GET /Jurek/eurofirany/images/463397/0.jpg HTTP/2.0" 200 161159 "-" "baselinker"
51.77.52.107 - - [22/Apr/2025:12:45:43 +0200] "GET /Jurek/eurofirany/images/463397/0.jpg HTTP/2.0" 200 161159 "-" "baselinker"
51.77.52.107 - - [22/Apr/2025:12:45:48 +0200] "GET /Jurek/eurofirany/images/463397/0.jpg HTTP/2.0" 200 161159 "-" "baselinker"
5.134.208.158 - - [22/Apr/2025:12:46:07 +0200] "GET /Jurek/eurofirany/images/431143/0.jpg HTTP/1.1" 206 256 "https://www.ceneo.pl" "Mozilla/5.0 (Windows NT 10.0; Win64; x64) AppleWebKit/537.36 (KHTML, like Gecko) Chrome/87.0.4280.141 Safari/537.36"
51.77.52.107 - - [22/Apr/2025:12:46:12 +0200] "GET /Jurek/eurofirany/images/463403/0.jpg HTTP/2.0" 200 142077 "-" "baselinker"
51.77.52.107 - - [22/Apr/2025:12:46:19 +0200] "GET /Jurek/eurofirany/images/463403/0.jpg HTTP/2.0" 200 142077 "-" "baselinker"
51.77.52.107 - - [22/Apr/2025:12:46:37 +0200] "GET /Jurek/eurofirany/images/463403/0.jpg HTTP/2.0" 200 142077 "-" "baselinker"
51.77.52.107 - - [22/Apr/2025:12:46:43 +0200] "GET /Jurek/eurofirany/images/463404/0.jpg HTTP/2.0" 200 142077 "-" "baselinker"
51.77.52.107 - - [22/Apr/2025:12:46:59 +0200] "GET /Jurek/eurofirany/images/463404/0.jpg HTTP/2.0" 200 142077 "-" "baselinker"
51.77.52.107 - - [22/Apr/2025:12:47:04 +0200] "GET /Jurek/eurofirany/images/463404/0.jpg HTTP/2.0" 200 142077 "-" "baselinker"
51.77.52.107 - - [22/Apr/2025:12:47:11 +0200] "GET /Jurek/eurofirany/images/463405/0.jpg HTTP/2.0" 200 142077 "-" "baselinker"
51.77.52.107 - - [22/Apr/2025:12:47:16 +0200] "GET /Jurek/eurofirany/images/463405/0.jpg HTTP/2.0" 200 142077 "-" "baselinker"
51.77.52.107 - - [22/Apr/2025:12:47:28 +0200] "GET /Jurek/eurofirany/images/463405/0.jpg HTTP/2.0" 200 142077 "-" "baselinker"
89.161.206.59 - - [22/Apr/2025:12:47:29 +0200] "GET /Jurek/ikonka/feeds/ikonka_skroutz.xml HTTP/1.0" 200 22169755 "-" "-"
51.77.52.107 - - [22/Apr/2025:12:47:33 +0200] "GET /Jurek/eurofirany/images/333886/0.jpg HTTP/2.0" 200 54893 "-" "baselinker"
51.77.52.107 - - [22/Apr/2025:12:47:55 +0200] "GET /Jurek/eurofirany/images/333886/0.jpg HTTP/2.0" 200 54893 "-" "baselinker"
51.77.52.107 - - [22/Apr/2025:12:48:07 +0200] "GET /Jurek/eurofirany/images/333886/0.jpg HTTP/2.0" 200 54893 "-" "baselinker"
84.183.142.54 - - [22/Apr/2025:12:48:16 +0200] "GET /Jurek/topeshop/downloaded_images/5902838463598_5_(1).png HTTP/2.0" 200 87854 "-" "Mozilla/5.0 (iPhone; CPU iPhone OS 18_3_2 like Mac OS X) AppleWebKit/605.1.15 (KHTML, like Gecko) Mobile/15E148"
51.77.52.107 - - [22/Apr/2025:12:48:22 +0200] "GET /Jurek/eurofirany/images/333890/0.jpg HTTP/2.0" 200 81658 "-" "baselinker"
51.77.52.107 - - [22/Apr/2025:12:48:41 +0200] "GET /Jurek/eurofirany/images/333890/0.jpg HTTP/2.0" 200 81658 "-" "baselinker"
51.77.52.107 - - [22/Apr/2025:12:49:00 +0200] "GET /Jurek/eurofirany/images/333890/0.jpg HTTP/2.0" 200 81658 "-" "baselinker"
89.161.206.59 - - [22/Apr/2025:12:49:08 +0200] "GET /Jurek/fernity/feeds/fernity_skroutz.xml HTTP/1.0" 200 4816673 "-" "-"
51.77.52.107 - - [22/Apr/2025:12:49:15 +0200] "GET /Jurek/eurofirany/images/350263/0.jpg HTTP/2.0" 200 69293 "-" "baselinker"
89.161.206.59 - - [22/Apr/2025:12:49:19 +0200] "GET /Jurek/activeshop/feeds/activeshop_skroutz.xml HTTP/1.0" 200 10453729 "-" "-"
51.77.52.107 - - [22/Apr/2025:12:49:29 +0200] "GET /Jurek/eurofirany/images/350263/0.jpg HTTP/2.0" 200 69293 "-" "baselinker"
51.77.52.107 - - [22/Apr/2025:12:49:33 +0200] "GET /Jurek/eurofirany/images/350263/0.jpg HTTP/2.0" 200 69293 "-" "baselinker"
51.77.52.107 - - [22/Apr/2025:12:49:47 +0200] "GET /Jurek/eurofirany/images/370756/0.jpg HTTP/2.0" 200 70525 "-" "baselinker"
46.101.116.244 - - [22/Apr/2025:12:50:01 +0200] "GET /Jurek/beliani/feeds/beliani_skroutz.xml HTTP/1.0" 200 31084573 "-" "-"
51.77.52.107 - - [22/Apr/2025:12:50:06 +0200] "GET /Jurek/eurofirany/images/370756/0.jpg HTTP/2.0" 200 70525 "-" "baselinker"
51.77.52.107 - - [22/Apr/2025:12:50:28 +0200] "GET /Jurek/eurofirany/images/370756/0.jpg HTTP/2.0" 200 70525 "-" "baselinker"
51.77.52.107 - - [22/Apr/2025:12:50:38 +0200] "GET /Jurek/eurofirany/images/372432/0.jpg HTTP/2.0" 200 92691 "-" "baselinker"
51.77.52.107 - - [22/Apr/2025:12:50:58 +0200] "GET /Jurek/eurofirany/images/372432/0.jpg HTTP/2.0" 200 92691 "-" "baselinker"
51.77.52.107 - - [22/Apr/2025:12:51:14 +0200] "GET /Jurek/eurofirany/images/372432/0.jpg HTTP/2.0" 200 92691 "-" "baselinker"
51.77.52.107 - - [22/Apr/2025:12:51:32 +0200] "GET /Jurek/eurofirany/images/372435/0.jpg HTTP/2.0" 200 97644 "-" "baselinker"
51.77.52.107 - - [22/Apr/2025:12:51:50 +0200] "GET /Jurek/eurofirany/images/372435/0.jpg HTTP/2.0" 200 97644 "-" "baselinker"
51.77.52.107 - - [22/Apr/2025:12:51:52 +0200] "GET /Jurek/eurofirany/images/372435/0.jpg HTTP/2.0" 200 97644 "-" "baselinker"
51.77.52.107 - - [22/Apr/2025:12:52:05 +0200] "GET /Jurek/eurofirany/images/373033/0.jpg HTTP/2.0" 200 85629 "-" "baselinker"
46.101.116.244 - - [22/Apr/2025:12:52:12 +0200] "GET /Jurek/aw/feeds/aw_fnacfr.xml HTTP/1.0" 404 3551 "-" "-"
89.161.206.59 - - [22/Apr/2025:12:52:21 +0200] "GET /Jurek/ikonka/feeds/ikonka_amazonDE.xml HTTP/1.0" 200 22169717 "-" "-"
89.161.206.59 - - [22/Apr/2025:12:52:21 +0200] "GET /Jurek/ikonka/feeds/ikonka_amazonIT.xml HTTP/1.0" 200 22169658 "-" "-"
89.161.206.59 - - [22/Apr/2025:12:52:22 +0200] "GET /Jurek/ikonka/feeds/ikonka_amazonFR.xml HTTP/1.0" 200 22169706 "-" "-"
89.161.206.59 - - [22/Apr/2025:12:52:22 +0200] "GET /Jurek/ikonka/feeds/ikonka_amazonES.xml HTTP/1.0" 200 22169743 "-" "-"
51.77.52.107 - - [22/Apr/2025:12:52:22 +0200] "GET /Jurek/eurofirany/images/373033/0.jpg HTTP/2.0" 200 85629 "-" "baselinker"
89.161.206.59 - - [22/Apr/2025:12:52:23 +0200] "GET /Jurek/ikonka/feeds/ikonka_amazonNL.xml HTTP/1.0" 200 22169726 "-" "-"
89.161.206.59 - - [22/Apr/2025:12:52:24 +0200] "GET /Jurek/hurtownia_przemyslowa/feeds/hp_amazonFR.xml HTTP/1.0" 200 49362137 "-" "-"
89.161.206.59 - - [22/Apr/2025:12:52:25 +0200] "GET /Jurek/hurtownia_przemyslowa/feeds/hp_amazonIT.xml HTTP/1.0" 200 49362376 "-" "-"
89.161.206.59 - - [22/Apr/2025:12:52:26 +0200] "GET /Jurek/hurtownia_przemyslowa/feeds/hp_amazonNL.xml HTTP/1.0" 200 49362119 "-" "-"
89.161.206.59 - - [22/Apr/2025:12:52:27 +0200] "GET /Jurek/hurtownia_przemyslowa/feeds/hp_amazonSE.xml HTTP/1.0" 200 49377427 "-" "-"
89.161.206.59 - - [22/Apr/2025:12:52:36 +0200] "GET /Jurek/waks/feeds/waks_amazonde.xml HTTP/1.0" 200 1596552 "-" "-"
89.161.206.59 - - [22/Apr/2025:12:52:36 +0200] "GET /Jurek/waks/feeds/waks_amazonfr.xml HTTP/1.0" 200 1596552 "-" "-"
89.161.206.59 - - [22/Apr/2025:12:52:36 +0200] "GET /Jurek/waks/feeds/waks_amazonit.xml HTTP/1.0" 200 1596552 "-" "-"
89.161.206.59 - - [22/Apr/2025:12:52:36 +0200] "GET /Jurek/waks/feeds/waks_amazones.xml HTTP/1.0" 200 1594466 "-" "-"
89.161.206.59 - - [22/Apr/2025:12:52:36 +0200] "GET /Jurek/waks/feeds/waks_amazonnl.xml HTTP/1.0" 200 1596552 "-" "-"
89.161.206.59 - - [22/Apr/2025:12:52:36 +0200] "GET /Jurek/waks/feeds/waks_amazonse.xml HTTP/1.0" 200 1598639 "-" "-"
51.77.52.107 - - [22/Apr/2025:12:52:37 +0200] "GET /Jurek/eurofirany/images/373033/0.jpg HTTP/2.0" 200 85629 "-" "baselinker"
89.161.206.59 - - [22/Apr/2025:12:52:39 +0200] "GET /Jurek/swiatecznygoliat/feeds/swiatecznygoliat_amazonde.xml HTTP/1.0" 200 7054397 "-" "-"
89.161.206.59 - - [22/Apr/2025:12:52:51 +0200] "GET /Jurek/beautycare/feeds/beautycare_amazonde.xml HTTP/1.0" 200 1181288 "-" "-"
51.77.52.107 - - [22/Apr/2025:12:53:08 +0200] "GET /Jurek/eurofirany/images/373034/0.jpg HTTP/2.0" 200 86466 "-" "baselinker"
51.77.52.107 - - [22/Apr/2025:12:53:28 +0200] "GET /Jurek/eurofirany/images/373034/0.jpg HTTP/2.0" 200 86466 "-" "baselinker"
193.33.8.61 - - [22/Apr/2025:12:53:42 +0200] "GET /Jurek/hurtownia_przemyslowa/output.txt HTTP/2.0" 200 670 "https://konsola.dkkapusta1997.usermd.net/" "Mozilla/5.0 (Windows NT 10.0; Win64; x64) AppleWebKit/537.36 (KHTML, like Gecko) Chrome/135.0.0.0 Safari/537.36"
51.77.52.107 - - [22/Apr/2025:12:53:48 +0200] "GET /Jurek/eurofirany/images/373034/0.jpg HTTP/2.0" 200 86466 "-" "baselinker"
51.77.52.107 - - [22/Apr/2025:12:54:05 +0200] "GET /Jurek/eurofirany/images/373035/0.jpg HTTP/2.0" 200 81742 "-" "baselinker"
51.77.52.107 - - [22/Apr/2025:12:54:30 +0200] "GET /Jurek/eurofirany/images/373035/0.jpg HTTP/2.0" 200 81742 "-" "baselinker"
51.77.52.107 - - [22/Apr/2025:12:54:47 +0200] "GET /Jurek/eurofirany/images/373035/0.jpg HTTP/2.0" 200 81742 "-" "baselinker"
51.77.52.107 - - [22/Apr/2025:12:54:58 +0200] "GET /Jurek/eurofirany/images/373036/0.jpg HTTP/2.0" 200 84138 "-" "baselinker"
51.77.52.107 - - [22/Apr/2025:12:55:13 +0200] "GET /Jurek/eurofirany/images/373036/0.jpg HTTP/2.0" 200 84138 "-" "baselinker"
51.77.52.107 - - [22/Apr/2025:12:55:28 +0200] "GET /Jurek/eurofirany/images/373036/0.jpg HTTP/2.0" 200 84138 "-" "baselinker"
51.77.52.107 - - [22/Apr/2025:12:55:52 +0200] "GET /Jurek/eurofirany/images/373038/0.jpg HTTP/2.0" 200 80342 "-" "baselinker"
51.77.52.107 - - [22/Apr/2025:12:56:10 +0200] "GET /Jurek/eurofirany/images/373038/0.jpg HTTP/2.0" 200 80342 "-" "baselinker"
51.77.52.107 - - [22/Apr/2025:12:56:29 +0200] "GET /Jurek/eurofirany/images/373038/0.jpg HTTP/2.0" 200 80342 "-" "baselinker"
51.77.52.107 - - [22/Apr/2025:12:56:47 +0200] "GET /Jurek/eurofirany/images/373039/0.jpg HTTP/2.0" 200 85650 "-" "baselinker"
51.77.52.107 - - [22/Apr/2025:12:57:03 +0200] "GET /Jurek/eurofirany/images/373039/0.jpg HTTP/2.0" 200 85650 "-" "baselinker"
89.161.206.59 - - [22/Apr/2025:12:57:12 +0200] "GET /Jurek/cbdgreen/feeds/cbdgreen_skroutz.xml HTTP/1.0" 200 30343 "-" "-"
51.77.52.107 - - [22/Apr/2025:12:57:26 +0200] "GET /Jurek/eurofirany/images/373039/0.jpg HTTP/2.0" 200 85650 "-" "baselinker"
51.77.52.107 - - [22/Apr/2025:12:57:43 +0200] "GET /Jurek/eurofirany/images/373040/0.jpg HTTP/2.0" 200 75838 "-" "baselinker"
89.161.206.59 - - [22/Apr/2025:12:57:45 +0200] "GET /Jurek/smxdesign/feeds/smxdesign_skroutz.xml HTTP/1.0" 200 1829043 "-" "-"
89.161.206.59 - - [22/Apr/2025:12:57:51 +0200] "GET /Jurek/proparts/feeds/proparts_skroutz.xml HTTP/1.0" 200 707507 "-" "-"
89.161.206.59 - - [22/Apr/2025:12:57:57 +0200] "GET /Jurek/beltimore/feeds/beltimore_skroutz.xml HTTP/1.0" 200 18651653 "-" "-"
51.77.52.107 - - [22/Apr/2025:12:57:57 +0200] "GET /Jurek/eurofirany/images/373040/0.jpg HTTP/2.0" 200 75838 "-" "baselinker"
89.161.206.59 - - [22/Apr/2025:12:57:57 +0200] "GET /Jurek/kristronik/feeds/kristronik_skroutz.xml HTTP/1.0" 200 691975 "-" "-"
89.161.206.59 - - [22/Apr/2025:12:58:02 +0200] "GET /Jurek/galopibhp/feeds/galopibhp_skroutz.xml HTTP/1.0" 200 1852319 "-" "-"
89.161.206.59 - - [22/Apr/2025:12:58:13 +0200] "GET /Jurek/techrebalina/feeds/techrebalina_skroutz.xml HTTP/1.0" 200 2011216 "-" "-"
89.161.206.59 - - [22/Apr/2025:12:58:14 +0200] "GET /Jurek/techrebal/feeds/techrebal_skroutz.xml HTTP/1.0" 200 1989724 "-" "-"
51.77.52.107 - - [22/Apr/2025:12:58:16 +0200] "GET /Jurek/eurofirany/images/373040/0.jpg HTTP/2.0" 200 75838 "-" "baselinker"
51.77.52.107 - - [22/Apr/2025:12:58:35 +0200] "GET /Jurek/eurofirany/images/382444/0.jpg HTTP/2.0" 200 16503 "-" "baselinker"
51.77.52.107 - - [22/Apr/2025:12:58:55 +0200] "GET /Jurek/eurofirany/images/382444/0.jpg HTTP/2.0" 200 16503 "-" "baselinker"
89.161.206.59 - - [22/Apr/2025:12:59:00 +0200] "GET /Jurek/cenoman/feeds/cenoman_skroutz.xml HTTP/1.0" 200 5993215 "-" "-"
193.33.8.61 - - [22/Apr/2025:12:59:02 +0200] "GET /Jurek/stema/feeds/stema_skroutz.xml HTTP/2.0" 200 857219 "https://konsola.dkkapusta1997.usermd.net/" "Mozilla/5.0 (Windows NT 10.0; Win64; x64) AppleWebKit/537.36 (KHTML, like Gecko) Chrome/135.0.0.0 Safari/537.36"
77.79.248.229 - - [22/Apr/2025:12:59:07 +0200] "GET /Jurek/stema/feeds/stema_skroutz.xml HTTP/1.1" 200 857219 "-" "Python-urllib/3.11"
51.77.52.107 - - [22/Apr/2025:12:59:11 +0200] "GET /Jurek/eurofirany/images/382444/0.jpg HTTP/2.0" 200 16503 "-" "baselinker"
89.161.206.59 - - [22/Apr/2025:12:59:11 +0200] "GET /Jurek/zbimatyja/feeds/zbimatyja_skroutz.xml HTTP/1.0" 200 11670226 "-" "-"
89.161.206.59 - - [22/Apr/2025:12:59:12 +0200] "GET /Jurek/equalo/feeds/equalo_skroutz.xml HTTP/1.0" 200 98005 "-" "-"
89.161.206.59 - - [22/Apr/2025:12:59:12 +0200] "GET /Jurek/regis/feeds/regis_skroutz.xml HTTP/1.0" 200 228508 "-" "-"
51.77.52.107 - - [22/Apr/2025:12:59:28 +0200] "GET /Jurek/eurofirany/images/382871/0.jpg HTTP/2.0" 200 103485 "-" "baselinker"
51.77.52.107 - - [22/Apr/2025:12:59:36 +0200] "GET /Jurek/eurofirany/images/382871/0.jpg HTTP/2.0" 200 103485 "-" "baselinker"
89.161.206.59 - - [22/Apr/2025:12:59:40 +0200] "GET /Jurek/takapara/feeds/takapara_skroutz.xml HTTP/1.0" 200 1342607 "-" "-"
89.161.206.59 - - [22/Apr/2025:12:59:40 +0200] "GET /Jurek/carbonyway/feeds/carbonyway_skroutz.xml HTTP/1.0" 200 3076012 "-" "-"
89.161.206.59 - - [22/Apr/2025:12:59:40 +0200] "GET /Jurek/filmal/feeds/filmal_skroutz.xml HTTP/1.0" 200 139276 "-" "-"
89.161.206.59 - - [22/Apr/2025:12:59:43 +0200] "GET /Jurek/jakdroz/feeds/jakdroz_skroutz.xml HTTP/1.0" 200 4090098 "-" "-"
89.161.206.59 - - [22/Apr/2025:12:59:43 +0200] "GET /Jurek/jakdroz/feeds/jakdroz_skroutz.xml HTTP/1.0" 200 4090098 "-" "-"
89.161.206.59 - - [22/Apr/2025:12:59:44 +0200] "GET /Jurek/riko/feeds/riko_skr.xml HTTP/1.0" 200 3785292 "-" "-"
51.77.52.107 - - [22/Apr/2025:12:59:49 +0200] "GET /Jurek/eurofirany/images/382871/0.jpg HTTP/2.0" 200 103485 "-" "baselinker"
51.77.52.107 - - [22/Apr/2025:13:00:00 +0200] "GET /Jurek/eurofirany/images/383719/0.jpg HTTP/2.0" 200 70891 "-" "baselinker"
89.161.206.59 - - [22/Apr/2025:13:00:11 +0200] "GET /Jurek/tsjerzy/feeds/tsjerzy_skr.xml HTTP/1.0" 200 3897814 "-" "-"
89.161.206.59 - - [22/Apr/2025:13:00:12 +0200] "GET /Jurek/kalama/feeds/kalama_skr.xml HTTP/1.0" 200 2541298 "-" "-"
51.77.52.107 - - [22/Apr/2025:13:00:15 +0200] "GET /Jurek/eurofirany/images/383719/0.jpg HTTP/2.0" 200 70891 "-" "baselinker"
89.161.206.59 - - [22/Apr/2025:13:00:26 +0200] "GET /Jurek/cdata/feeds/cdata_skr.xml HTTP/1.0" 200 1445131 "-" "-"
89.161.206.59 - - [22/Apr/2025:13:00:27 +0200] "GET /Jurek/sebmart/feeds/sebmart_skr.xml HTTP/1.0" 200 1598766 "-" "-"
89.161.206.59 - - [22/Apr/2025:13:00:28 +0200] "GET /Jurek/harmonypost/feeds/harmonypost_skr.xml HTTP/1.0" 200 39905505 "-" "-"
51.77.52.107 - - [22/Apr/2025:13:00:30 +0200] "GET /Jurek/eurofirany/images/383719/0.jpg HTTP/2.0" 200 70891 "-" "baselinker"
51.77.52.107 - - [22/Apr/2025:13:00:33 +0200] "GET /Jurek/eurofirany/images/383720/0.jpg HTTP/2.0" 200 85938 "-" "baselinker"
52.18.22.0 - - [22/Apr/2025:13:00:41 +0200] "GET /marketplaces/ubaldi/results/ubaldi.csv HTTP/1.1" 200 147219 "-" "Mirakl HttpClient"
216.113.184.105 - - [22/Apr/2025:13:00:43 +0200] "GET /Jurek/topeshop/downloaded_images/5902838464359_KUBABIURKOBIEL_.png HTTP/1.1" 404 3551 "http://www.ebay.com/" "Mozilla/4.0 (compatible; MSIE 4.01; Windows NT)"
216.113.184.101 - - [22/Apr/2025:13:00:43 +0200] "GET /Jurek/topeshop/downloaded_images/5902838464359_KUBABIURKOBIEL2OT.png HTTP/1.1" 404 3551 "http://www.ebay.com/" "Mozilla/4.0 (compatible; MSIE 4.01; Windows NT)"
216.113.184.104 - - [22/Apr/2025:13:00:43 +0200] "GET /Jurek/topeshop/downloaded_images/5902838464359_KUBABIURKOBRY%C5%81KABIELFRONTOT.jpg HTTP/1.1" 404 3551 "http://www.ebay.com/" "Mozilla/4.0 (compatible; MSIE 4.01; Windows NT)"
216.113.184.104 - - [22/Apr/2025:13:00:43 +0200] "GET /Jurek/topeshop/downloaded_images/5902838464359_KUBABIURKOBIEL2.png HTTP/1.1" 404 3551 "http://www.ebay.com/" "Mozilla/4.0 (compatible; MSIE 4.01; Windows NT)"
216.113.184.102 - - [22/Apr/2025:13:00:43 +0200] "GET /Jurek/topeshop/downloaded_images/5902838464359_KUBABIURKOBRY%C5%81KABIELFRONTZM.jpg HTTP/1.1" 404 3551 "http://www.ebay.com/" "Mozilla/4.0 (compatible; MSIE 4.01; Windows NT)"
216.113.184.104 - - [22/Apr/2025:13:00:43 +0200] "GET /Jurek/topeshop/downloaded_images/5902838464359_KUBABIURKOBRY%C5%81KABIELBOKZM.jpg HTTP/1.1" 404 3551 "http://www.ebay.com/" "Mozilla/4.0 (compatible; MSIE 4.01; Windows NT)"
216.113.184.104 - - [22/Apr/2025:13:00:43 +0200] "GET /Jurek/topeshop/downloaded_images/5902838464359_KUBABIURKOBRY%C5%81KABIELBOKOT.jpg HTTP/1.1" 404 3551 "http://www.ebay.com/" "Mozilla/4.0 (compatible; MSIE 4.01; Windows NT)"
51.77.52.107 - - [22/Apr/2025:13:00:51 +0200] "GET /Jurek/eurofirany/images/383720/0.jpg HTTP/2.0" 200 85938 "-" "baselinker"
193.33.8.61 - - [22/Apr/2025:13:01:03 +0200] "GET /Jurek/stema/output.txt HTTP/2.0" 200 9206 "https://konsola.dkkapusta1997.usermd.net/" "Mozilla/5.0 (Windows NT 10.0; Win64; x64) AppleWebKit/537.36 (KHTML, like Gecko) Chrome/135.0.0.0 Safari/537.36"
51.77.52.107 - - [22/Apr/2025:13:01:10 +0200] "GET /Jurek/eurofirany/images/383720/0.jpg HTTP/2.0" 200 85938 "-" "baselinker"
35.204.39.32 - - [22/Apr/2025:13:01:12 +0200] "GET /marketplaces/vente/results/vente_nl.csv HTTP/1.1" 200 147219 "-" "Mirakl HttpClient"
35.204.39.32 - - [22/Apr/2025:13:01:12 +0200] "GET /marketplaces/vente/results/vente_fr.csv HTTP/1.1" 200 147219 "-" "Mirakl HttpClient"
35.204.39.32 - - [22/Apr/2025:13:01:13 +0200] "GET /marketplaces/vente/results/vente_be.csv HTTP/1.1" 200 147219 "-" "Mirakl HttpClient"
35.204.39.32 - - [22/Apr/2025:13:01:13 +0200] "GET /marketplaces/vente/results/vente_it.csv HTTP/1.1" 200 147219 "-" "Mirakl HttpClient"
35.204.39.32 - - [22/Apr/2025:13:01:13 +0200] "GET /marketplaces/vente/results/vente_es.csv HTTP/1.1" 200 147219 "-" "Mirakl HttpClient"
35.204.39.32 - - [22/Apr/2025:13:01:13 +0200] "GET /marketplaces/vente/results/vente_de.csv HTTP/1.1" 200 147219 "-" "Mirakl HttpClient"
51.77.52.107 - - [22/Apr/2025:13:01:15 +0200] "POST /subskrypcje/mondex/bl/bg/baselinker-ceneo-shumee.php HTTP/2.0" 200 4448 "-" "BaseLinker/1.0"
51.77.52.107 - - [22/Apr/2025:13:01:21 +0200] "GET /Jurek/eurofirany/images/386608/0.jpg HTTP/2.0" 200 61738 "-" "baselinker"
88.220.33.218 - - [22/Apr/2025:13:01:25 +0200] "GET /Jurek/vida_morele/feeds/VidaPL_all.xml HTTP/2.0" 200 726730162 "-" "MarketplaceAPI curl/7.64.0 PHP/8"
51.77.52.107 - - [22/Apr/2025:13:01:38 +0200] "GET /Jurek/eurofirany/images/386608/0.jpg HTTP/2.0" 200 61738 "-" "baselinker"
51.77.52.107 - - [22/Apr/2025:13:01:55 +0200] "GET /Jurek/eurofirany/images/386608/0.jpg HTTP/2.0" 200 61738 "-" "baselinker"
52.209.168.113 - - [22/Apr/2025:13:02:02 +0200] "GET /marketplaces/rue/results/rue.csv HTTP/1.1" 200 147219 "-" "Mirakl HttpClient"
46.101.116.244 - - [22/Apr/2025:13:02:06 +0200] "GET /Jurek/aw/feeds/aw_fnacfr.xml HTTP/1.0" 404 3551 "-" "-"
51.77.52.107 - - [22/Apr/2025:13:02:13 +0200] "GET /Jurek/eurofirany/images/387973/0.jpg HTTP/2.0" 200 86395 "-" "baselinker"
51.77.52.107 - - [22/Apr/2025:13:02:20 +0200] "POST /subskrypcje/mondex/bl/bg/baselinker-ceneo-shumee.php HTTP/2.0" 200 4448 "-" "BaseLinker/1.0"
51.77.52.107 - - [22/Apr/2025:13:02:33 +0200] "GET /Jurek/eurofirany/images/387973/0.jpg HTTP/2.0" 200 86395 "-" "baselinker"
88.220.33.218 - - [22/Apr/2025:13:02:42 +0200] "GET /Jurek/kinghoff/feeds/kinghoff_morele.xml HTTP/2.0" 200 15461124 "-" "MarketplaceAPI curl/7.64.0 PHP/8"
51.77.52.107 - - [22/Apr/2025:13:02:52 +0200] "GET /Jurek/eurofirany/images/387973/0.jpg HTTP/2.0" 200 86395 "-" "baselinker"
51.77.52.107 - - [22/Apr/2025:13:02:57 +0200] "GET /Jurek/eurofirany/images/388550/0.jpg HTTP/2.0" 200 100440 "-" "baselinker"
51.77.52.107 - - [22/Apr/2025:13:03:05 +0200] "GET /Jurek/eurofirany/images/388550/0.jpg HTTP/2.0" 200 100440 "-" "baselinker"
51.77.52.107 - - [22/Apr/2025:13:03:27 +0200] "GET /Jurek/eurofirany/images/388550/0.jpg HTTP/2.0" 200 100440 "-" "baselinker"
51.77.52.107 - - [22/Apr/2025:13:03:31 +0200] "GET /Jurek/eurofirany/images/388552/0.jpg HTTP/2.0" 200 105287 "-" "baselinker"
51.77.52.107 - - [22/Apr/2025:13:03:39 +0200] "GET /Jurek/eurofirany/images/388552/0.jpg HTTP/2.0" 200 105287 "-" "baselinker"
51.77.52.107 - - [22/Apr/2025:13:03:46 +0200] "GET /Jurek/eurofirany/images/388552/0.jpg HTTP/2.0" 200 105287 "-" "baselinker"
51.77.52.107 - - [22/Apr/2025:13:03:52 +0200] "GET /Jurek/eurofirany/images/389888/0.jpg HTTP/2.0" 200 54466 "-" "baselinker"
51.77.52.107 - - [22/Apr/2025:13:04:00 +0200] "GET /Jurek/eurofirany/images/389888/0.jpg HTTP/2.0" 200 54466 "-" "baselinker"
88.220.33.218 - - [22/Apr/2025:13:04:01 +0200] "GET /Jurek/eurofirany/feeds/eurofirany_morele.xml HTTP/2.0" 200 19067914 "-" "MarketplaceAPI curl/7.64.0 PHP/8"
88.220.33.218 - - [22/Apr/2025:13:04:10 +0200] "GET /Jurek/vivaldi/feeds/vivaldi_Morele-PL.xml HTTP/2.0" 200 344674 "-" "MarketplaceAPI curl/7.64.0 PHP/8"
51.77.52.107 - - [22/Apr/2025:13:04:19 +0200] "GET /Jurek/eurofirany/images/389888/0.jpg HTTP/2.0" 200 54466 "-" "baselinker"
89.161.206.59 - - [22/Apr/2025:13:04:22 +0200] "GET /Jurek/eroplace/feeds/eroplace_skroutz.xml HTTP/1.0" 200 51201599 "-" "-"
52.209.168.113 - - [22/Apr/2025:13:04:25 +0200] "GET /marketplaces/carrefour/results/carrefour.csv HTTP/1.1" 200 147221 "-" "Mirakl HttpClient"
51.77.52.107 - - [22/Apr/2025:13:04:32 +0200] "GET /Jurek/eurofirany/images/389904/0.jpg HTTP/2.0" 200 38716 "-" "baselinker"
51.77.52.107 - - [22/Apr/2025:13:04:38 +0200] "GET /Jurek/eurofirany/images/389904/0.jpg HTTP/2.0" 200 38716 "-" "baselinker"
51.77.52.107 - - [22/Apr/2025:13:04:44 +0200] "GET /Jurek/eurofirany/images/389904/0.jpg HTTP/2.0" 200 38716 "-" "baselinker"
51.77.52.107 - - [22/Apr/2025:13:04:51 +0200] "GET /Jurek/eurofirany/images/389909/0.jpg HTTP/2.0" 200 118391 "-" "baselinker"
51.77.52.107 - - [22/Apr/2025:13:04:57 +0200] "GET /Jurek/eurofirany/images/389909/0.jpg HTTP/2.0" 200 118391 "-" "baselinker"
51.77.52.107 - - [22/Apr/2025:13:05:10 +0200] "GET /Jurek/eurofirany/images/389909/0.jpg HTTP/2.0" 200 118391 "-" "baselinker"
51.77.52.107 - - [22/Apr/2025:13:05:13 +0200] "GET /Jurek/eurofirany/images/389910/0.jpg HTTP/2.0" 200 39416 "-" "baselinker"
89.161.206.59 - - [22/Apr/2025:13:05:25 +0200] "GET /Jurek/fertone/feeds/fertone_skroutz.xml HTTP/1.0" 200 570209 "-" "-"
89.161.206.59 - - [22/Apr/2025:13:05:25 +0200] "GET /Jurek/ekolight/feeds/ekolioght_skroutz.xml HTTP/1.0" 200 9052640 "-" "-"
51.77.52.107 - - [22/Apr/2025:13:05:28 +0200] "GET /Jurek/eurofirany/images/389910/0.jpg HTTP/2.0" 200 39416 "-" "baselinker"
88.220.33.218 - - [22/Apr/2025:13:05:33 +0200] "GET /Jurek/aw/feeds/awnarzedzia_morele.xml HTTP/2.0" 200 90531524 "-" "MarketplaceAPI curl/7.64.0 PHP/8"
51.77.52.107 - - [22/Apr/2025:13:05:43 +0200] "GET /Jurek/eurofirany/images/389910/0.jpg HTTP/2.0" 200 39416 "-" "baselinker"
51.77.52.107 - - [22/Apr/2025:13:05:50 +0200] "GET /Jurek/eurofirany/images/390056/0.jpg HTTP/2.0" 200 71589 "-" "baselinker"
46.101.116.244 - - [22/Apr/2025:13:06:02 +0200] "GET /Jurek/intsell/feeds/intsell_skroutz.xml HTTP/1.0" 200 269821694 "-" "-"
51.77.52.107 - - [22/Apr/2025:13:06:06 +0200] "GET /Jurek/eurofirany/images/390056/0.jpg HTTP/2.0" 200 71589 "-" "baselinker"
89.161.206.59 - - [22/Apr/2025:13:06:07 +0200] "GET /Jurek/topeshop/feeds/topeshop_ebayDE.xml HTTP/1.0" 200 2026230 "-" "-"
51.77.52.107 - - [22/Apr/2025:13:06:07 +0200] "GET /Jurek/topeshop/downloaded_images/5904507202309_SZAFA_IGA_160_G\xC5\x81ADKI_FRONT_0009.png HTTP/2.0" 200 590716 "-" "baselinker"
51.77.52.107 - - [22/Apr/2025:13:06:16 +0200] "GET /Jurek/topeshop/downloaded_images/5904507202309_SZAFA_IGA_160_G\xC5\x81ADKI_FRONT_0009.png HTTP/2.0" 200 590716 "-" "baselinker"
51.77.52.107 - - [22/Apr/2025:13:06:19 +0200] "GET /Jurek/topeshop/downloaded_images/5904507202309_SZAFA_IGA_160_G\xC5\x81ADKI_FRONT_0009.png HTTP/2.0" 200 590716 "-" "baselinker"
51.77.52.107 - - [22/Apr/2025:13:06:21 +0200] "GET /Jurek/eurofirany/images/390056/0.jpg HTTP/2.0" 200 71589 "-" "baselinker"
51.77.52.107 - - [22/Apr/2025:13:06:27 +0200] "GET /Jurek/topeshop/downloaded_images/5904507206994_W40_pafos_3_.jpg HTTP/2.0" 200 19981 "-" "baselinker"
88.220.33.218 - - [22/Apr/2025:13:06:28 +0200] "GET /Jurek/beliani/feeds/beliani_morele.xml HTTP/2.0" 200 31089602 "-" "MarketplaceAPI curl/7.64.0 PHP/8"
51.77.52.107 - - [22/Apr/2025:13:06:31 +0200] "GET /Jurek/eurofirany/images/390749/0.jpg HTTP/2.0" 200 94174 "-" "baselinker"
51.77.52.107 - - [22/Apr/2025:13:06:33 +0200] "GET /Jurek/topeshop/downloaded_images/5904507206994_W40_pafos_3_.jpg HTTP/2.0" 200 19981 "-" "baselinker"
51.77.52.107 - - [22/Apr/2025:13:06:36 +0200] "GET /Jurek/topeshop/downloaded_images/5904507206994_W40_pafos_3_.jpg HTTP/2.0" 200 19981 "-" "baselinker"
89.161.206.59 - - [22/Apr/2025:13:06:44 +0200] "GET /Jurek/madrex/feeds/madrex_skroutz.xml HTTP/1.0" 200 466712 "-" "-"
89.161.206.59 - - [22/Apr/2025:13:06:44 +0200] "GET /Jurek/luxma/feeds/luxma_skroutz.xml HTTP/1.0" 200 4419650 "-" "-"
89.161.206.59 - - [22/Apr/2025:13:06:45 +0200] "GET /Jurek/zepnij/feeds/zepnij_skroutz.xml HTTP/1.0" 200 19522544 "-" "-"
89.161.206.59 - - [22/Apr/2025:13:06:46 +0200] "GET /Jurek/emaja24/feeds/emaja24_skroutz.xml HTTP/1.0" 200 5102013 "-" "-"
88.220.33.218 - - [22/Apr/2025:13:06:48 +0200] "GET /Jurek/vida_morele/feeds/VidaPL_morele.xml HTTP/2.0" 200 726730769 "-" "MarketplaceAPI curl/7.64.0 PHP/8"
51.77.52.107 - - [22/Apr/2025:13:06:48 +0200] "GET /Jurek/eurofirany/images/390749/0.jpg HTTP/2.0" 200 94174 "-" "baselinker"
51.77.52.107 - - [22/Apr/2025:13:06:58 +0200] "GET /Jurek/eurofirany/images/390749/0.jpg HTTP/2.0" 200 94174 "-" "baselinker"
51.77.52.107 - - [22/Apr/2025:13:07:10 +0200] "GET /Jurek/eurofirany/images/390751/0.jpg HTTP/2.0" 200 108056 "-" "baselinker"
89.161.206.59 - - [22/Apr/2025:13:07:15 +0200] "GET /Jurek/najtanszysport/feeds/najtanszysport_skroutz.xml HTTP/1.0" 200 3983409 "-" "-"
51.77.52.107 - - [22/Apr/2025:13:07:26 +0200] "GET /Jurek/eurofirany/images/458225/0.jpg HTTP/2.0" 200 93116 "-" "baselinker"
51.77.52.107 - - [22/Apr/2025:13:07:29 +0200] "GET /Jurek/eurofirany/images/468175/0.jpg HTTP/2.0" 200 92383 "-" "baselinker"
51.77.52.107 - - [22/Apr/2025:13:07:31 +0200] "GET /Jurek/eurofirany/images/390751/0.jpg HTTP/2.0" 200 108056 "-" "baselinker"
51.77.52.107 - - [22/Apr/2025:13:07:32 +0200] "GET /Jurek/eurofirany/images/468178/0.jpg HTTP/2.0" 200 86088 "-" "baselinker"
51.77.52.107 - - [22/Apr/2025:13:07:36 +0200] "GET /Jurek/eurofirany/images/420717/0.jpg HTTP/2.0" 200 26084 "-" "baselinker"
51.77.52.107 - - [22/Apr/2025:13:07:50 +0200] "GET /Jurek/eurofirany/images/390751/0.jpg HTTP/2.0" 200 108056 "-" "baselinker"
51.77.52.107 - - [22/Apr/2025:13:08:06 +0200] "GET /Jurek/eurofirany/images/398941/0.jpg HTTP/2.0" 200 80342 "-" "baselinker"
51.77.52.107 - - [22/Apr/2025:13:08:24 +0200] "GET /Jurek/eurofirany/images/398941/0.jpg HTTP/2.0" 200 80342 "-" "baselinker"
51.77.52.107 - - [22/Apr/2025:13:08:40 +0200] "GET /Jurek/eurofirany/images/398941/0.jpg HTTP/2.0" 200 80342 "-" "baselinker"
185.6.76.18 - - [22/Apr/2025:13:08:51 +0200] "GET /marketplaces/skroutz/feeds/shumee.xml HTTP/1.1" 200 417926017 "-" "SkroutzBot v1.0"
51.77.52.107 - - [22/Apr/2025:13:08:59 +0200] "GET /Jurek/eurofirany/images/398942/0.jpg HTTP/2.0" 200 80342 "-" "baselinker"
51.77.52.107 - - [22/Apr/2025:13:09:23 +0200] "GET /Jurek/eurofirany/images/398942/0.jpg HTTP/2.0" 200 80342 "-" "baselinker"
51.77.52.107 - - [22/Apr/2025:13:09:30 +0200] "GET /Jurek/eurofirany/images/398942/0.jpg HTTP/2.0" 200 80342 "-" "baselinker"
51.77.52.107 - - [22/Apr/2025:13:09:52 +0200] "GET /Jurek/eurofirany/images/398943/0.jpg HTTP/2.0" 200 80342 "-" "baselinker"
51.77.52.107 - - [22/Apr/2025:13:10:08 +0200] "GET /Jurek/eurofirany/images/398943/0.jpg HTTP/2.0" 200 80342 "-" "baselinker"
51.77.52.107 - - [22/Apr/2025:13:10:18 +0200] "GET /Jurek/eurofirany/images/398943/0.jpg HTTP/2.0" 200 80342 "-" "baselinker"
51.77.52.107 - - [22/Apr/2025:13:10:39 +0200] "GET /Jurek/eurofirany/images/408629/0.jpg HTTP/2.0" 200 93833 "-" "baselinker"
51.77.52.107 - - [22/Apr/2025:13:10:57 +0200] "GET /Jurek/eurofirany/images/408629/0.jpg HTTP/2.0" 200 93833 "-" "baselinker"
51.77.52.107 - - [22/Apr/2025:13:11:13 +0200] "GET /Jurek/eurofirany/images/408629/0.jpg HTTP/2.0" 200 93833 "-" "baselinker"
51.77.52.107 - - [22/Apr/2025:13:11:30 +0200] "GET /Jurek/eurofirany/images/410687/0.jpg HTTP/2.0" 200 70864 "-" "baselinker"
89.161.206.59 - - [22/Apr/2025:13:11:39 +0200] "GET /Jurek/proadventure/feeds/proadventure_skr.xml HTTP/1.0" 200 10763596 "-" "-"
89.161.206.59 - - [22/Apr/2025:13:11:41 +0200] "GET /Jurek/rems/feeds/rems_skr.xml HTTP/1.0" 200 8706230 "-" "-"
89.161.206.59 - - [22/Apr/2025:13:11:44 +0200] "GET /Jurek/bloomglow/feeds/bloomglow_skr.xml HTTP/1.0" 200 13214536 "-" "-"
51.77.52.107 - - [22/Apr/2025:13:11:47 +0200] "GET /Jurek/eurofirany/images/410687/0.jpg HTTP/2.0" 200 70864 "-" "baselinker"
51.77.52.107 - - [22/Apr/2025:13:12:02 +0200] "GET /Jurek/eurofirany/images/410687/0.jpg HTTP/2.0" 200 70864 "-" "baselinker"
51.77.52.107 - - [22/Apr/2025:13:12:15 +0200] "GET /Jurek/eurofirany/images/410691/0.jpg HTTP/2.0" 200 80000 "-" "baselinker"
46.101.116.244 - - [22/Apr/2025:13:12:26 +0200] "GET /Jurek/aw/feeds/aw_fnacfr.xml HTTP/1.0" 404 3551 "-" "-"
51.77.52.107 - - [22/Apr/2025:13:12:37 +0200] "GET /Jurek/eurofirany/images/410691/0.jpg HTTP/2.0" 200 80000 "-" "baselinker"
89.161.206.59 - - [22/Apr/2025:13:12:41 +0200] "GET /Jurek/emaja24/feeds/emaja24_amazones.xml HTTP/1.0" 200 5109758 "-" "-"
89.161.206.59 - - [22/Apr/2025:13:12:50 +0200] "GET /Jurek/omi/feeds/omi_amazonde.xml HTTP/1.0" 200 8105578 "-" "-"
89.161.206.59 - - [22/Apr/2025:13:12:50 +0200] "GET /Jurek/smxdesign/feeds/smxdesign_amazonde.xml HTTP/1.0" 200 1829025 "-" "-"
89.161.206.59 - - [22/Apr/2025:13:12:50 +0200] "GET /Jurek/elavia/feeds/elavia_amazonde.xml HTTP/1.0" 200 2497275 "-" "-"
89.161.206.59 - - [22/Apr/2025:13:12:52 +0200] "GET /Jurek/beltimore/feeds/beltimore_amazonde.xml HTTP/1.0" 200 18651543 "-" "-"
89.161.206.59 - - [22/Apr/2025:13:12:52 +0200] "GET /Jurek/roger/feeds/roger_amazonde.xml HTTP/1.0" 200 1396573 "-" "-"
51.77.52.107 - - [22/Apr/2025:13:12:53 +0200] "GET /Jurek/eurofirany/images/410691/0.jpg HTTP/2.0" 200 80000 "-" "baselinker"
89.161.206.59 - - [22/Apr/2025:13:12:53 +0200] "GET /Jurek/kalama/feeds/kalama_amazonde.xml HTTP/1.0" 200 2541330 "-" "-"
51.77.52.107 - - [22/Apr/2025:13:13:00 +0200] "GET /Jurek/eurofirany/images/418658/0.jpg HTTP/2.0" 200 6595 "-" "baselinker"
51.77.52.107 - - [22/Apr/2025:13:13:01 +0200] "GET /Jurek/eurofirany/images/418658/0.jpg HTTP/2.0" 200 6595 "-" "baselinker"
51.77.52.107 - - [22/Apr/2025:13:13:02 +0200] "GET /Jurek/eurofirany/images/418658/0.jpg HTTP/2.0" 200 6595 "-" "baselinker"
51.77.52.107 - - [22/Apr/2025:13:13:06 +0200] "GET /Jurek/eurofirany/images/419734/0.jpg HTTP/2.0" 200 86292 "-" "baselinker"
51.77.52.107 - - [22/Apr/2025:13:13:25 +0200] "GET /Jurek/eurofirany/images/419734/0.jpg HTTP/2.0" 200 86292 "-" "baselinker"
51.77.52.107 - - [22/Apr/2025:13:13:42 +0200] "GET /Jurek/eurofirany/images/419734/0.jpg HTTP/2.0" 200 86292 "-" "baselinker"
62.217.251.219 - - [22/Apr/2025:13:13:43 +0200] "GET /Jurek/eurofirany/images/333886/1.jpg HTTP/2.0" 200 55732 "https://www.emag.ro/perdea-ready-esim-140x250-cm-alba-eurofirany-333886/pd/DVN68LMBM/" "Mozilla/5.0 (Windows NT 10.0; Win64; x64) AppleWebKit/537.36 (KHTML, like Gecko) Chrome/135.0.0.0 Safari/537.36"
62.217.251.219 - - [22/Apr/2025:13:13:44 +0200] "GET /Jurek/eurofirany/images/333886/4.jpg HTTP/2.0" 200 139282 "https://www.emag.ro/perdea-ready-esim-140x250-cm-alba-eurofirany-333886/pd/DVN68LMBM/" "Mozilla/5.0 (Windows NT 10.0; Win64; x64) AppleWebKit/537.36 (KHTML, like Gecko) Chrome/135.0.0.0 Safari/537.36"
62.217.251.219 - - [22/Apr/2025:13:13:44 +0200] "GET /Jurek/eurofirany/images/333886/5.jpg HTTP/2.0" 200 44556 "https://www.emag.ro/perdea-ready-esim-140x250-cm-alba-eurofirany-333886/pd/DVN68LMBM/" "Mozilla/5.0 (Windows NT 10.0; Win64; x64) AppleWebKit/537.36 (KHTML, like Gecko) Chrome/135.0.0.0 Safari/537.36"
62.217.251.219 - - [22/Apr/2025:13:13:44 +0200] "GET /Jurek/eurofirany/images/333886/2.jpg HTTP/2.0" 200 26359 "https://www.emag.ro/perdea-ready-esim-140x250-cm-alba-eurofirany-333886/pd/DVN68LMBM/" "Mozilla/5.0 (Windows NT 10.0; Win64; x64) AppleWebKit/537.36 (KHTML, like Gecko) Chrome/135.0.0.0 Safari/537.36"
62.217.251.219 - - [22/Apr/2025:13:13:44 +0200] "GET /Jurek/eurofirany/images/333886/3.jpg HTTP/2.0" 200 50905 "https://www.emag.ro/perdea-ready-esim-140x250-cm-alba-eurofirany-333886/pd/DVN68LMBM/" "Mozilla/5.0 (Windows NT 10.0; Win64; x64) AppleWebKit/537.36 (KHTML, like Gecko) Chrome/135.0.0.0 Safari/537.36"
62.217.251.219 - - [22/Apr/2025:13:13:44 +0200] "GET /Jurek/eurofirany/images/333886/6.jpg HTTP/2.0" 200 89803 "https://www.emag.ro/perdea-ready-esim-140x250-cm-alba-eurofirany-333886/pd/DVN68LMBM/" "Mozilla/5.0 (Windows NT 10.0; Win64; x64) AppleWebKit/537.36 (KHTML, like Gecko) Chrome/135.0.0.0 Safari/537.36"
89.161.206.59 - - [22/Apr/2025:13:13:48 +0200] "GET /Jurek/dropkz/feeds/dropkz_emagro.xml HTTP/1.0" 200 70031183 "-" "-"
89.161.206.59 - - [22/Apr/2025:13:13:49 +0200] "GET /Jurek/shiori/feeds/shiori_emagro.xml HTTP/1.0" 200 453705 "-" "-"
89.161.206.59 - - [22/Apr/2025:13:13:49 +0200] "GET /Jurek/eoptimo/feeds/eoptimo_emagro.xml HTTP/1.0" 200 2094678 "-" "-"
89.161.206.59 - - [22/Apr/2025:13:13:50 +0200] "GET /Jurek/bisanti/feeds/bisanti_emagro.xml HTTP/1.0" 200 1142462 "-" "-"
89.161.206.59 - - [22/Apr/2025:13:13:50 +0200] "GET /Jurek/najtanszysport/feeds/najtanszysport_emagro.xml HTTP/1.0" 200 3984593 "-" "-"
89.161.206.59 - - [22/Apr/2025:13:13:50 +0200] "GET /Jurek/bentivolio/feeds/bentivolio_emagro.xml HTTP/1.0" 200 3498444 "-" "-"
89.161.206.59 - - [22/Apr/2025:13:13:51 +0200] "GET /Jurek/proparts/feeds/proparts_emagro.xml HTTP/1.0" 200 707612 "-" "-"
89.161.206.59 - - [22/Apr/2025:13:13:53 +0200] "GET /Jurek/galopi/feeds/galopi_emagro.xml HTTP/1.0" 200 2111387 "-" "-"
89.161.206.59 - - [22/Apr/2025:13:13:56 +0200] "GET /Jurek/takapara/feeds/takapara_emagro.xml HTTP/1.0" 200 1342685 "-" "-"
89.161.206.59 - - [22/Apr/2025:13:13:56 +0200] "GET /Jurek/artdog/feeds/artdog_emagro.xml HTTP/1.0" 200 17164878 "-" "-"
51.77.52.107 - - [22/Apr/2025:13:13:59 +0200] "GET /Jurek/eurofirany/images/423950/0.jpg HTTP/2.0" 200 0 "-" "baselinker"
51.77.52.107 - - [22/Apr/2025:13:14:08 +0200] "GET /Jurek/eurofirany/images/423950/0.jpg HTTP/2.0" 200 0 "-" "baselinker"
51.77.52.107 - - [22/Apr/2025:13:14:10 +0200] "GET /Jurek/eurofirany/images/423950/0.jpg HTTP/2.0" 200 0 "-" "baselinker"
51.77.52.107 - - [22/Apr/2025:13:14:25 +0200] "GET /Jurek/eurofirany/images/423951/0.jpg HTTP/2.0" 200 0 "-" "baselinker"
51.77.52.107 - - [22/Apr/2025:13:14:29 +0200] "GET /Jurek/eurofirany/images/423951/0.jpg HTTP/2.0" 200 0 "-" "baselinker"
51.77.52.107 - - [22/Apr/2025:13:14:34 +0200] "GET /Jurek/eurofirany/images/423951/0.jpg HTTP/2.0" 200 0 "-" "baselinker"
51.77.52.107 - - [22/Apr/2025:13:14:38 +0200] "GET /Jurek/eurofirany/images/428398/0.jpg HTTP/2.0" 200 118019 "-" "baselinker"
51.77.52.107 - - [22/Apr/2025:13:14:55 +0200] "GET /Jurek/eurofirany/images/428398/0.jpg HTTP/2.0" 200 118019 "-" "baselinker"
51.77.52.107 - - [22/Apr/2025:13:15:10 +0200] "GET /Jurek/eurofirany/images/428398/0.jpg HTTP/2.0" 200 118019 "-" "baselinker"
51.77.52.107 - - [22/Apr/2025:13:15:32 +0200] "GET /Jurek/eurofirany/images/428726/0.jpg HTTP/2.0" 200 75699 "-" "baselinker"
51.77.52.107 - - [22/Apr/2025:13:15:49 +0200] "GET /Jurek/eurofirany/images/428726/0.jpg HTTP/2.0" 200 75699 "-" "baselinker"
51.77.52.107 - - [22/Apr/2025:13:16:06 +0200] "GET /Jurek/eurofirany/images/428726/0.jpg HTTP/2.0" 200 75699 "-" "baselinker"
89.161.206.59 - - [22/Apr/2025:13:16:23 +0200] "GET /Jurek/hanex/feeds/hanex_amazonde.xml HTTP/1.0" 200 13931570 "-" "-"
89.161.206.59 - - [22/Apr/2025:13:16:24 +0200] "GET /Jurek/playcob/feeds/playcob_amazonde.xml HTTP/1.0" 200 6980082 "-" "-"
89.161.206.59 - - [22/Apr/2025:13:16:24 +0200] "GET /Jurek/kinghoff/feeds/kinghoff_amazonfr.xml HTTP/1.0" 200 15460340 "-" "-"
89.161.206.59 - - [22/Apr/2025:13:16:25 +0200] "GET /Jurek/artdog/feeds/artdog_amazonfr.xml HTTP/1.0" 200 17158431 "-" "-"
89.161.206.59 - - [22/Apr/2025:13:16:27 +0200] "GET /Jurek/artdog/feeds/artdog_amazones.xml HTTP/1.0" 200 17159354 "-" "-"
51.77.52.107 - - [22/Apr/2025:13:16:27 +0200] "GET /Jurek/eurofirany/images/431705/0.jpg HTTP/2.0" 200 111518 "-" "baselinker"
89.161.206.59 - - [22/Apr/2025:13:16:28 +0200] "GET /Jurek/kinghoff/feeds/kinghoff_amazones.xml HTTP/1.0" 200 15460344 "-" "-"
5.134.208.158 - - [22/Apr/2025:13:16:32 +0200] "GET /Jurek/eurofirany/images/463403/0.jpg HTTP/1.1" 200 142077 "-" "-"
51.77.52.107 - - [22/Apr/2025:13:16:34 +0200] "GET /Jurek/eurofirany/images/431705/0.jpg HTTP/2.0" 200 111518 "-" "baselinker"
193.33.8.61 - - [22/Apr/2025:13:16:50 +0200] "GET /Jurek/stema/output.txt HTTP/2.0" 200 9205 "https://konsola.dkkapusta1997.usermd.net/" "Mozilla/5.0 (Windows NT 10.0; Win64; x64) AppleWebKit/537.36 (KHTML, like Gecko) Chrome/135.0.0.0 Safari/537.36"
51.77.52.107 - - [22/Apr/2025:13:16:51 +0200] "GET /Jurek/eurofirany/images/431705/0.jpg HTTP/2.0" 200 111518 "-" "baselinker"
51.77.52.107 - - [22/Apr/2025:13:17:12 +0200] "GET /Jurek/eurofirany/images/431706/0.jpg HTTP/2.0" 200 119835 "-" "baselinker"
51.77.52.107 - - [22/Apr/2025:13:17:30 +0200] "GET /Jurek/eurofirany/images/431706/0.jpg HTTP/2.0" 200 119835 "-" "baselinker"
51.77.52.107 - - [22/Apr/2025:13:17:33 +0200] "GET /Jurek/eurofirany/images/431706/0.jpg HTTP/2.0" 200 119835 "-" "baselinker"
51.77.52.107 - - [22/Apr/2025:13:17:56 +0200] "GET /Jurek/eurofirany/images/432958/0.jpg HTTP/2.0" 200 101255 "-" "baselinker"
89.161.206.59 - - [22/Apr/2025:13:18:13 +0200] "GET /Jurek/wenom/feeds/wenom_emagro.xml HTTP/1.0" 200 583129 "-" "-"
89.161.206.59 - - [22/Apr/2025:13:18:14 +0200] "GET /Jurek/zepnij/feeds/zepnij_emagro.xml HTTP/1.0" 200 19523697 "-" "-"
51.77.52.107 - - [22/Apr/2025:13:18:16 +0200] "GET /Jurek/eurofirany/images/432958/0.jpg HTTP/2.0" 200 101255 "-" "baselinker"
51.77.52.107 - - [22/Apr/2025:13:18:37 +0200] "GET /Jurek/eurofirany/images/432958/0.jpg HTTP/2.0" 200 101255 "-" "baselinker"
89.161.206.59 - - [22/Apr/2025:13:18:49 +0200] "GET /Jurek/stema/feeds/stema_skroutz.xml HTTP/1.0" 200 422381 "-" "-"
51.77.52.107 - - [22/Apr/2025:13:18:53 +0200] "GET /Jurek/eurofirany/images/434700/0.jpg HTTP/2.0" 200 61509 "-" "baselinker"
89.161.206.59 - - [22/Apr/2025:13:19:12 +0200] "GET /Jurek/euroshop/feeds/euroshop_emagro.xml HTTP/1.0" 200 20026479 "-" "-"
89.161.206.59 - - [22/Apr/2025:13:19:13 +0200] "GET /Jurek/polzoo/feeds/polzoo_emagro.xml HTTP/1.0" 200 48128619 "-" "-"
89.161.206.59 - - [22/Apr/2025:13:19:16 +0200] "GET /Jurek/german/feeds/german_emagro.xml HTTP/1.0" 200 2853950 "-" "-"
89.161.206.59 - - [22/Apr/2025:13:19:17 +0200] "GET /Jurek/makow/feeds/makow_emagro.xml HTTP/1.0" 200 21206126 "-" "-"
51.77.52.107 - - [22/Apr/2025:13:19:18 +0200] "GET /Jurek/eurofirany/images/434700/0.jpg HTTP/2.0" 200 61509 "-" "baselinker"
51.77.52.107 - - [22/Apr/2025:13:19:37 +0200] "GET /Jurek/eurofirany/images/434700/0.jpg HTTP/2.0" 200 61509 "-" "baselinker"
51.77.52.107 - - [22/Apr/2025:13:19:55 +0200] "GET /Jurek/eurofirany/images/435658/0.jpg HTTP/2.0" 200 102073 "-" "baselinker"
51.77.52.107 - - [22/Apr/2025:13:20:12 +0200] "GET /Jurek/eurofirany/images/435658/0.jpg HTTP/2.0" 200 102073 "-" "baselinker"
51.77.52.107 - - [22/Apr/2025:13:20:26 +0200] "GET /Jurek/eurofirany/images/435658/0.jpg HTTP/2.0" 200 102073 "-" "baselinker"
51.77.52.107 - - [22/Apr/2025:13:20:38 +0200] "GET /Jurek/eurofirany/images/390020/0.jpg HTTP/2.0" 200 56382 "-" "baselinker"
51.77.52.107 - - [22/Apr/2025:13:20:44 +0200] "GET /Jurek/eurofirany/images/390020/0.jpg HTTP/2.0" 200 56382 "-" "baselinker"
51.77.52.107 - - [22/Apr/2025:13:20:49 +0200] "GET /Jurek/eurofirany/images/390020/0.jpg HTTP/2.0" 200 56382 "-" "baselinker"
89.161.206.59 - - [22/Apr/2025:13:20:52 +0200] "GET /Jurek/lerutrade/feeds/lerutrade_skr.xml HTTP/1.0" 200 82823 "-" "-"
51.77.52.107 - - [22/Apr/2025:13:20:57 +0200] "GET /Jurek/eurofirany/images/390021/0.jpg HTTP/2.0" 200 77775 "-" "baselinker"
51.77.52.107 - - [22/Apr/2025:13:21:13 +0200] "GET /Jurek/eurofirany/images/390021/0.jpg HTTP/2.0" 200 77775 "-" "baselinker"
51.77.52.107 - - [22/Apr/2025:13:21:18 +0200] "GET /Jurek/eurofirany/images/390021/0.jpg HTTP/2.0" 200 77775 "-" "baselinker"
51.77.52.107 - - [22/Apr/2025:13:21:31 +0200] "GET /Jurek/eurofirany/images/390025/0.jpg HTTP/2.0" 200 62888 "-" "baselinker"
51.77.52.107 - - [22/Apr/2025:13:21:49 +0200] "GET /Jurek/eurofirany/images/390025/0.jpg HTTP/2.0" 200 62888 "-" "baselinker"
51.77.52.107 - - [22/Apr/2025:13:21:57 +0200] "GET /Jurek/eurofirany/images/390025/0.jpg HTTP/2.0" 200 62888 "-" "baselinker"
89.161.206.59 - - [22/Apr/2025:13:22:11 +0200] "GET /Jurek/hurtownia_przemyslowa/feeds/hp_skroutz.xml HTTP/1.0" 200 42789338 "-" "-"
51.77.52.107 - - [22/Apr/2025:13:22:17 +0200] "GET /Jurek/eurofirany/images/452353/0.jpg HTTP/2.0" 200 80768 "-" "baselinker"
51.77.52.107 - - [22/Apr/2025:13:22:31 +0200] "GET /Jurek/eurofirany/images/452353/0.jpg HTTP/2.0" 200 80768 "-" "baselinker"
51.77.52.107 - - [22/Apr/2025:13:22:47 +0200] "GET /Jurek/eurofirany/images/452353/0.jpg HTTP/2.0" 200 80768 "-" "baselinker"
51.77.52.107 - - [22/Apr/2025:13:23:07 +0200] "GET /Jurek/eurofirany/images/452482/0.jpg HTTP/2.0" 200 91096 "-" "baselinker"
51.77.52.107 - - [22/Apr/2025:13:23:22 +0200] "GET /Jurek/eurofirany/images/452482/0.jpg HTTP/2.0" 200 91096 "-" "baselinker"
51.77.52.107 - - [22/Apr/2025:13:23:30 +0200] "GET /Jurek/eurofirany/images/452482/0.jpg HTTP/2.0" 200 91096 "-" "baselinker"
51.77.52.107 - - [22/Apr/2025:13:23:41 +0200] "GET /Jurek/eurofirany/images/456843/0.jpg HTTP/2.0" 200 85537 "-" "baselinker"
89.161.206.59 - - [22/Apr/2025:13:24:01 +0200] "GET /Jurek/tsjerzy/feeds/tsjerzy_amazonde.xml HTTP/1.0" 200 3897659 "-" "-"
89.161.206.59 - - [22/Apr/2025:13:24:02 +0200] "GET /Jurek/princelh/feeds/princelh_amazonde.xml HTTP/1.0" 200 133434 "-" "-"
89.161.206.59 - - [22/Apr/2025:13:24:02 +0200] "GET /Jurek/zbimatyja/feeds/zbimatyja_amazonde.xml HTTP/1.0" 200 11670203 "-" "-"
51.77.52.107 - - [22/Apr/2025:13:24:04 +0200] "GET /Jurek/eurofirany/images/456843/0.jpg HTTP/2.0" 200 85537 "-" "baselinker"
51.77.52.107 - - [22/Apr/2025:13:24:22 +0200] "GET /Jurek/eurofirany/images/456843/0.jpg HTTP/2.0" 200 85537 "-" "baselinker"
51.77.52.107 - - [22/Apr/2025:13:24:42 +0200] "GET /Jurek/eurofirany/images/456255/0.jpg HTTP/2.0" 200 147823 "-" "baselinker"
89.161.206.59 - - [22/Apr/2025:13:25:00 +0200] "GET /Jurek/hlo/feeds/hlo_skroutz.xml HTTP/1.0" 200 4831033 "-" "-"
51.77.52.107 - - [22/Apr/2025:13:25:00 +0200] "GET /Jurek/eurofirany/images/456255/0.jpg HTTP/2.0" 200 147823 "-" "baselinker"
51.77.52.107 - - [22/Apr/2025:13:25:18 +0200] "GET /Jurek/eurofirany/images/456255/0.jpg HTTP/2.0" 200 147823 "-" "baselinker"
51.77.52.107 - - [22/Apr/2025:13:25:21 +0200] "GET /Jurek/eurofirany/images/456256/0.jpg HTTP/2.0" 200 92663 "-" "baselinker"
51.77.52.107 - - [22/Apr/2025:13:25:40 +0200] "GET /Jurek/eurofirany/images/456256/0.jpg HTTP/2.0" 200 92663 "-" "baselinker"
89.161.206.59 - - [22/Apr/2025:13:25:41 +0200] "GET /Jurek/purewear/feeds/purewear_skroutz.xml HTTP/1.0" 200 13350228 "-" "-"
89.161.206.59 - - [22/Apr/2025:13:26:00 +0200] "GET /Jurek/gandalf/feeds/gandalf_skr.xml HTTP/1.0" 200 1082288 "-" "-"
51.77.52.107 - - [22/Apr/2025:13:26:01 +0200] "GET /Jurek/eurofirany/images/456256/0.jpg HTTP/2.0" 200 92663 "-" "baselinker"
89.161.206.59 - - [22/Apr/2025:13:26:08 +0200] "GET /Jurek/andex/feeds/andex_skr.xml HTTP/1.0" 200 933075 "-" "-"
46.101.116.244 - - [22/Apr/2025:13:26:21 +0200] "GET /Jurek/aw/feeds/aw_fnacfr.xml HTTP/1.0" 404 3551 "-" "-"
51.77.52.107 - - [22/Apr/2025:13:26:26 +0200] "GET /Jurek/eurofirany/images/460387/0.jpg HTTP/2.0" 200 25734 "-" "baselinker"
51.77.52.107 - - [22/Apr/2025:13:26:46 +0200] "GET /Jurek/eurofirany/images/460387/0.jpg HTTP/2.0" 200 25734 "-" "baselinker"
51.77.52.107 - - [22/Apr/2025:13:26:55 +0200] "GET /Jurek/eurofirany/images/460387/0.jpg HTTP/2.0" 200 25734 "-" "baselinker"
51.77.52.107 - - [22/Apr/2025:13:27:00 +0200] "GET /Jurek/eurofirany/images/460396/0.jpg HTTP/2.0" 200 35083 "-" "baselinker"
51.77.52.107 - - [22/Apr/2025:13:27:25 +0200] "GET /Jurek/eurofirany/images/460396/0.jpg HTTP/2.0" 200 35083 "-" "baselinker"
51.77.52.107 - - [22/Apr/2025:13:27:28 +0200] "GET /Jurek/eurofirany/images/460396/0.jpg HTTP/2.0" 200 35083 "-" "baselinker"
5.134.208.158 - - [22/Apr/2025:13:27:51 +0200] "GET /Jurek/eurofirany/images/440493/0.jpg HTTP/1.1" 206 33 "https://www.ceneo.pl" "Mozilla/5.0 (Windows NT 10.0; Win64; x64) AppleWebKit/537.36 (KHTML, like Gecko) Chrome/87.0.4280.141 Safari/537.36"
5.134.208.158 - - [22/Apr/2025:13:27:51 +0200] "GET /Jurek/eurofirany/images/440493/0.jpg HTTP/1.1" 206 33 "https://www.ceneo.pl" "-"
5.134.208.158 - - [22/Apr/2025:13:27:51 +0200] "GET /Jurek/eurofirany/images/440493/0.jpg HTTP/1.1" 200 33 "-" "-"
51.77.52.107 - - [22/Apr/2025:13:27:55 +0200] "GET /Jurek/eurofirany/images/460408/0.jpg HTTP/2.0" 200 59530 "-" "baselinker"
51.77.52.107 - - [22/Apr/2025:13:28:12 +0200] "GET /Jurek/eurofirany/images/460408/0.jpg HTTP/2.0" 200 59530 "-" "baselinker"
