51.77.52.107 - - [22/Apr/2025:00:24:05 +0200] "GET /Jurek/eurofirany/images/463364/0.jpg HTTP/2.0" 200 87581 "-" "baselinker"
51.77.52.107 - - [22/Apr/2025:00:24:21 +0200] "GET /Jurek/eurofirany/images/463364/0.jpg HTTP/2.0" 200 87581 "-" "baselinker"
51.77.52.107 - - [22/Apr/2025:00:24:38 +0200] "GET /Jurek/eurofirany/images/461107/0.jpg HTTP/2.0" 200 218664 "-" "baselinker"
51.77.52.107 - - [22/Apr/2025:00:24:42 +0200] "GET /Jurek/eurofirany/images/461107/0.jpg HTTP/2.0" 200 218664 "-" "baselinker"
51.77.52.107 - - [22/Apr/2025:00:25:03 +0200] "GET /Jurek/eurofirany/images/461107/0.jpg HTTP/2.0" 200 218664 "-" "baselinker"
46.101.116.244 - - [22/Apr/2025:00:25:17 +0200] "GET /Jurek/reman/feeds/reman_mallsi.xml HTTP/2.0" 200 1394830 "-" "-"
51.77.52.107 - - [22/Apr/2025:00:25:17 +0200] "GET /Jurek/eurofirany/images/461109/0.jpg HTTP/2.0" 200 215022 "-" "baselinker"
51.77.52.107 - - [22/Apr/2025:00:25:24 +0200] "GET /Jurek/eurofirany/images/461109/0.jpg HTTP/2.0" 200 215022 "-" "baselinker"
46.101.116.244 - - [22/Apr/2025:00:25:27 +0200] "GET /Jurek/sartrix/feeds/sartrix_mallsi.xml HTTP/2.0" 200 649185 "-" "-"
51.77.52.107 - - [22/Apr/2025:00:25:31 +0200] "GET /Jurek/eurofirany/images/461109/0.jpg HTTP/2.0" 200 215022 "-" "baselinker"
46.101.116.244 - - [22/Apr/2025:00:25:38 +0200] "GET /Jurek/szpaklampy/feeds/szpaklampy_mallsi.xml HTTP/2.0" 200 388219 "-" "-"
51.77.52.107 - - [22/Apr/2025:00:25:38 +0200] "GET /Jurek/eurofirany/images/461110/0.jpg HTTP/2.0" 200 223848 "-" "baselinker"
51.77.52.107 - - [22/Apr/2025:00:25:44 +0200] "GET /Jurek/eurofirany/images/461110/0.jpg HTTP/2.0" 200 223848 "-" "baselinker"
46.101.116.244 - - [22/Apr/2025:00:25:48 +0200] "GET /Jurek/benetech/feeds/benetech_mallsi.xml HTTP/2.0" 200 4165442 "-" "-"
51.77.52.107 - - [22/Apr/2025:00:25:50 +0200] "GET /Jurek/eurofirany/images/461110/0.jpg HTTP/2.0" 200 223848 "-" "baselinker"
46.101.116.244 - - [22/Apr/2025:00:25:59 +0200] "GET /Jurek/dekoele/feeds/dekoele_mallsi.xml HTTP/2.0" 200 733934 "-" "-"
46.101.116.244 - - [22/Apr/2025:00:26:04 +0200] "GET /Jurek/fernity/feeds/fernity_manomano.xml HTTP/1.0" 200 4816604 "-" "-"
89.161.206.59 - - [22/Apr/2025:00:26:09 +0200] "GET /Jurek/eurofirany/feeds/eurofirany_manomanofr.xml HTTP/1.0" 200 19070633 "-" "-"
46.101.116.244 - - [22/Apr/2025:00:26:09 +0200] "GET /Jurek/drewdon/feeds/drewdon_mallsi.xml HTTP/2.0" 200 504446 "-" "-"
51.77.52.107 - - [22/Apr/2025:00:26:10 +0200] "GET /Jurek/eurofirany/images/461380/0.jpg HTTP/2.0" 200 96712 "-" "baselinker"
46.101.116.244 - - [22/Apr/2025:00:26:20 +0200] "GET /Jurek/emaja24/feeds/emaja24_mallsi.xml HTTP/2.0" 200 5109729 "-" "-"
46.101.116.244 - - [22/Apr/2025:00:26:27 +0200] "GET /Jurek/aw/feeds/aw_fnacfr.xml HTTP/1.0" 404 3551 "-" "-"
51.77.52.107 - - [22/Apr/2025:00:26:29 +0200] "GET /Jurek/eurofirany/images/461380/0.jpg HTTP/2.0" 200 96712 "-" "baselinker"
89.161.206.59 - - [22/Apr/2025:00:26:31 +0200] "GET /Jurek/sportprise/feeds/sportprise_cdsc.xml HTTP/1.0" 200 16750671 "-" "-"
89.161.206.59 - - [22/Apr/2025:00:26:31 +0200] "GET /Jurek/princelh/feeds/princelh_cdsc.xml HTTP/1.0" 200 123628 "-" "-"
89.161.206.59 - - [22/Apr/2025:00:26:32 +0200] "GET /Jurek/muminky/feeds/muminky_cdsc.xml HTTP/1.0" 200 2935931 "-" "-"
89.161.206.59 - - [22/Apr/2025:00:26:32 +0200] "GET /Jurek/nexus/feeds/nexus_cdsc.xml HTTP/1.0" 200 325920 "-" "-"
89.161.206.59 - - [22/Apr/2025:00:26:33 +0200] "GET /Jurek/tsjerzy/feeds/tsjerzy_cdsc.xml HTTP/1.0" 200 4383182 "-" "-"
89.161.206.59 - - [22/Apr/2025:00:26:34 +0200] "GET /Jurek/cenoman/feeds/cenoman_cdsc.xml HTTP/1.0" 200 4589278 "-" "-"
46.101.116.244 - - [22/Apr/2025:00:26:34 +0200] "GET /Jurek/muminky/feeds/muminky_mallsi.xml HTTP/2.0" 200 2677736 "-" "-"
89.161.206.59 - - [22/Apr/2025:00:26:35 +0200] "GET /Jurek/narzbud/feeds/narzbud_cdsc.xml HTTP/1.0" 200 1227805 "-" "-"
89.161.206.59 - - [22/Apr/2025:00:26:35 +0200] "GET /Jurek/kalama/feeds/kalama_cdsc.xml HTTP/1.0" 200 1573993 "-" "-"
46.101.116.244 - - [22/Apr/2025:00:26:45 +0200] "GET /Jurek/pupus/feeds/pupus_mallsi.xml HTTP/2.0" 200 6154503 "-" "-"
51.77.52.107 - - [22/Apr/2025:00:26:52 +0200] "GET /Jurek/eurofirany/images/461380/0.jpg HTTP/2.0" 200 96712 "-" "baselinker"
46.101.116.244 - - [22/Apr/2025:00:26:57 +0200] "GET /Jurek/erohurtownia/feeds/erohurtownia_mallsi.xml HTTP/2.0" 200 22846497 "-" "-"
216.113.184.105 - - [22/Apr/2025:00:27:10 +0200] "GET /Jurek/eurofirany/images/462523/0.jpg HTTP/1.1" 200 37266 "-" "Java/17.0.13.0.101"
51.77.52.107 - - [22/Apr/2025:00:27:11 +0200] "GET /Jurek/eurofirany/images/461411/0.jpg HTTP/2.0" 200 124501 "-" "baselinker"
46.101.116.244 - - [22/Apr/2025:00:27:14 +0200] "GET /Jurek/oromed/feeds/oromed_mallsi.xml HTTP/2.0" 200 1103030 "-" "-"
51.77.52.107 - - [22/Apr/2025:00:27:16 +0200] "GET /Jurek/eurofirany/images/461411/0.jpg HTTP/2.0" 200 124501 "-" "baselinker"
51.77.52.107 - - [22/Apr/2025:00:27:20 +0200] "GET /Jurek/eurofirany/images/461411/0.jpg HTTP/2.0" 200 124501 "-" "baselinker"
51.77.52.107 - - [22/Apr/2025:00:27:26 +0200] "GET /Jurek/eurofirany/images/461470/0.jpg HTTP/2.0" 200 148711 "-" "baselinker"
51.77.52.107 - - [22/Apr/2025:00:27:32 +0200] "GET /Jurek/eurofirany/images/461470/0.jpg HTTP/2.0" 200 148711 "-" "baselinker"
46.101.116.244 - - [22/Apr/2025:00:27:41 +0200] "GET /Jurek/urwiskowo/feeds/urwiskowo_mallsi.xml HTTP/2.0" 200 9115016 "-" "-"
46.101.116.244 - - [22/Apr/2025:00:27:52 +0200] "GET /Jurek/eroplace/feeds/eroplace_mallsi.xml HTTP/2.0" 200 52134386 "-" "-"
51.77.52.107 - - [22/Apr/2025:00:28:00 +0200] "GET /Jurek/eurofirany/images/461470/0.jpg HTTP/2.0" 200 148711 "-" "baselinker"
51.77.52.107 - - [22/Apr/2025:00:28:06 +0200] "GET /Jurek/eurofirany/images/461471/0.jpg HTTP/2.0" 200 135689 "-" "baselinker"
46.101.116.244 - - [22/Apr/2025:00:28:14 +0200] "GET /Jurek/bass_new/feeds/bass_mallsi.xml HTTP/2.0" 200 7040800 "-" "-"
51.77.52.107 - - [22/Apr/2025:00:28:24 +0200] "GET /Jurek/eurofirany/images/461471/0.jpg HTTP/2.0" 200 135689 "-" "baselinker"
46.101.116.244 - - [22/Apr/2025:00:28:25 +0200] "GET /Jurek/ekuchcikowo/feeds/ekuchcikowo_mallsi.xml HTTP/2.0" 200 12470995 "-" "-"
51.77.52.107 - - [22/Apr/2025:00:28:29 +0200] "GET /Jurek/eurofirany/images/461471/0.jpg HTTP/2.0" 200 135689 "-" "baselinker"
46.101.116.244 - - [22/Apr/2025:00:28:36 +0200] "GET /Jurek/sempler/feeds/sempler_mallsi.xml HTTP/2.0" 200 6787996 "-" "-"
46.101.116.244 - - [22/Apr/2025:00:28:47 +0200] "GET /Jurek/bass/feeds/bass_mallsi.xml HTTP/2.0" 200 3971958 "-" "-"
51.77.52.107 - - [22/Apr/2025:00:28:52 +0200] "GET /Jurek/eurofirany/images/461472/0.jpg HTTP/2.0" 200 143017 "-" "baselinker"
46.101.116.244 - - [22/Apr/2025:00:29:10 +0200] "GET /Jurek/slayo/feeds/slayo_mallsi.xml HTTP/2.0" 200 183615 "-" "-"
51.77.52.107 - - [22/Apr/2025:00:29:14 +0200] "GET /Jurek/eurofirany/images/461472/0.jpg HTTP/2.0" 200 143017 "-" "baselinker"
46.101.116.244 - - [22/Apr/2025:00:29:20 +0200] "GET /Jurek/mosti/feeds/mosti_mallsi.xml HTTP/2.0" 200 4628036 "-" "-"
46.101.116.244 - - [22/Apr/2025:00:29:20 +0200] "GET /Jurek/amzteam/feeds/amzteam_mallsi.xml HTTP/2.0" 200 97843 "-" "-"
46.101.116.244 - - [22/Apr/2025:00:29:21 +0200] "GET /Jurek/artdog/feeds/artdog_mallsi.xml HTTP/2.0" 200 17158313 "-" "-"
46.101.116.244 - - [22/Apr/2025:00:29:22 +0200] "GET /Jurek/kambukka/feeds/kambukka_mallsi.xml HTTP/2.0" 200 1023472 "-" "-"
46.101.116.244 - - [22/Apr/2025:00:29:36 +0200] "GET /Jurek/swiatecznygoliat/feeds/swiatecznygoliat_mallsi.xml HTTP/2.0" 200 7054395 "-" "-"
51.77.52.107 - - [22/Apr/2025:00:29:36 +0200] "GET /Jurek/eurofirany/images/461472/0.jpg HTTP/2.0" 200 143017 "-" "baselinker"
51.77.52.107 - - [22/Apr/2025:00:29:41 +0200] "GET /Jurek/eurofirany/images/461473/0.jpg HTTP/2.0" 200 172580 "-" "baselinker"
51.77.52.107 - - [22/Apr/2025:00:29:47 +0200] "GET /Jurek/eurofirany/images/461473/0.jpg HTTP/2.0" 200 172580 "-" "baselinker"
51.77.52.107 - - [22/Apr/2025:00:29:56 +0200] "GET /Jurek/eurofirany/images/461473/0.jpg HTTP/2.0" 200 172580 "-" "baselinker"
51.77.52.107 - - [22/Apr/2025:00:30:02 +0200] "GET /Jurek/eurofirany/images/460578/0.jpg HTTP/2.0" 200 143351 "-" "baselinker"
51.77.52.107 - - [22/Apr/2025:00:30:19 +0200] "GET /Jurek/eurofirany/images/460578/0.jpg HTTP/2.0" 200 143351 "-" "baselinker"
46.101.116.244 - - [22/Apr/2025:00:30:22 +0200] "GET /Jurek/octopia/feeds/octopia_mallsi.xml HTTP/2.0" 200 10103817 "-" "-"
51.77.52.107 - - [22/Apr/2025:00:30:36 +0200] "GET /Jurek/eurofirany/images/460578/0.jpg HTTP/2.0" 200 143351 "-" "baselinker"
46.101.116.244 - - [22/Apr/2025:00:30:37 +0200] "GET /Jurek/topeshop/feeds/topeshop_mallsi.xml HTTP/2.0" 200 2689073 "-" "-"
51.77.52.107 - - [22/Apr/2025:00:30:55 +0200] "GET /Jurek/eurofirany/images/460591/0.jpg HTTP/2.0" 200 147348 "-" "baselinker"
51.77.52.107 - - [22/Apr/2025:00:31:12 +0200] "GET /Jurek/eurofirany/images/460591/0.jpg HTTP/2.0" 200 147348 "-" "baselinker"
51.77.52.107 - - [22/Apr/2025:00:31:30 +0200] "GET /Jurek/eurofirany/images/460591/0.jpg HTTP/2.0" 200 147348 "-" "baselinker"
51.77.52.107 - - [22/Apr/2025:00:31:48 +0200] "GET /Jurek/eurofirany/images/461404/0.jpg HTTP/2.0" 200 102152 "-" "baselinker"
46.101.116.244 - - [22/Apr/2025:00:31:56 +0200] "GET /Jurek/aw/feeds/aw_fnacfr.xml HTTP/1.0" 404 3551 "-" "-"
51.77.52.107 - - [22/Apr/2025:00:32:03 +0200] "GET /Jurek/eurofirany/images/461404/0.jpg HTTP/2.0" 200 102152 "-" "baselinker"
51.77.52.107 - - [22/Apr/2025:00:32:19 +0200] "GET /Jurek/eurofirany/images/461404/0.jpg HTTP/2.0" 200 102152 "-" "baselinker"
51.77.52.107 - - [22/Apr/2025:00:32:33 +0200] "GET /Jurek/eurofirany/images/461405/0.jpg HTTP/2.0" 200 145807 "-" "baselinker"
51.77.52.107 - - [22/Apr/2025:00:32:52 +0200] "GET /Jurek/eurofirany/images/461405/0.jpg HTTP/2.0" 200 145807 "-" "baselinker"
89.161.206.59 - - [22/Apr/2025:00:33:06 +0200] "GET /Jurek/ikonka/feeds/ikonka_skroutz.xml HTTP/1.0" 200 22171333 "-" "-"
51.77.52.107 - - [22/Apr/2025:00:33:07 +0200] "GET /Jurek/eurofirany/images/461405/0.jpg HTTP/2.0" 200 145807 "-" "baselinker"
51.77.52.107 - - [22/Apr/2025:00:33:19 +0200] "GET /Jurek/eurofirany/images/461990/0.jpg HTTP/2.0" 200 98046 "-" "baselinker"
46.101.116.244 - - [22/Apr/2025:00:33:23 +0200] "GET /Jurek/activeshop/feeds/activeshop_mallsi.xml HTTP/2.0" 200 10453615 "-" "-"
51.77.52.107 - - [22/Apr/2025:00:33:34 +0200] "GET /Jurek/eurofirany/images/461990/0.jpg HTTP/2.0" 200 98046 "-" "baselinker"
51.77.52.107 - - [22/Apr/2025:00:33:53 +0200] "GET /Jurek/eurofirany/images/461990/0.jpg HTTP/2.0" 200 98046 "-" "baselinker"
51.77.52.107 - - [22/Apr/2025:00:34:10 +0200] "GET /Jurek/eurofirany/images/463994/0.jpg HTTP/2.0" 200 65714 "-" "baselinker"
51.77.52.107 - - [22/Apr/2025:00:34:29 +0200] "GET /Jurek/eurofirany/images/463994/0.jpg HTTP/2.0" 200 65714 "-" "baselinker"
51.77.52.107 - - [22/Apr/2025:00:34:46 +0200] "GET /Jurek/eurofirany/images/463994/0.jpg HTTP/2.0" 200 65714 "-" "baselinker"
52.18.22.0 - - [22/Apr/2025:00:34:54 +0200] "GET /marketplaces/worten2/results/worten.csv HTTP/1.1" 200 130833 "-" "Mirakl HttpClient"
51.77.52.107 - - [22/Apr/2025:00:35:02 +0200] "GET /Jurek/eurofirany/images/463995/0.jpg HTTP/2.0" 200 76398 "-" "baselinker"
89.161.206.59 - - [22/Apr/2025:00:35:17 +0200] "GET /Jurek/fernity/feeds/fernity_skroutz.xml HTTP/1.0" 200 4816776 "-" "-"
51.77.52.107 - - [22/Apr/2025:00:35:18 +0200] "GET /Jurek/eurofirany/images/463995/0.jpg HTTP/2.0" 200 76398 "-" "baselinker"
89.161.206.59 - - [22/Apr/2025:00:35:30 +0200] "GET /Jurek/activeshop/feeds/activeshop_skroutz.xml HTTP/1.0" 200 10453423 "-" "-"
51.77.52.107 - - [22/Apr/2025:00:35:40 +0200] "GET /Jurek/eurofirany/images/463995/0.jpg HTTP/2.0" 200 76398 "-" "baselinker"
51.77.52.107 - - [22/Apr/2025:00:35:56 +0200] "GET /Jurek/eurofirany/images/461374/0.jpg HTTP/2.0" 200 86332 "-" "baselinker"
51.77.52.107 - - [22/Apr/2025:00:36:15 +0200] "GET /Jurek/eurofirany/images/461374/0.jpg HTTP/2.0" 200 86332 "-" "baselinker"
51.77.52.107 - - [22/Apr/2025:00:36:26 +0200] "GET /Jurek/eurofirany/images/461374/0.jpg HTTP/2.0" 200 86332 "-" "baselinker"
46.101.116.244 - - [22/Apr/2025:00:36:26 +0200] "GET /Jurek/beliani/feeds/beliani_skroutz.xml HTTP/1.0" 200 31084988 "-" "-"
89.161.206.59 - - [22/Apr/2025:00:36:32 +0200] "GET /Jurek/ikonka/feeds/ikonka_amazonDE.xml HTTP/1.0" 200 22171270 "-" "-"
89.161.206.59 - - [22/Apr/2025:00:36:33 +0200] "GET /Jurek/ikonka/feeds/ikonka_amazonIT.xml HTTP/1.0" 200 22171309 "-" "-"
89.161.206.59 - - [22/Apr/2025:00:36:33 +0200] "GET /Jurek/ikonka/feeds/ikonka_amazonFR.xml HTTP/1.0" 200 22171305 "-" "-"
89.161.206.59 - - [22/Apr/2025:00:36:33 +0200] "GET /Jurek/ikonka/feeds/ikonka_amazonES.xml HTTP/1.0" 200 22171270 "-" "-"
89.161.206.59 - - [22/Apr/2025:00:36:34 +0200] "GET /Jurek/proadventure/feeds/proadventure_skr.xml HTTP/1.0" 200 10763609 "-" "-"
89.161.206.59 - - [22/Apr/2025:00:36:35 +0200] "GET /Jurek/ikonka/feeds/ikonka_amazonNL.xml HTTP/1.0" 200 22171289 "-" "-"
89.161.206.59 - - [22/Apr/2025:00:36:35 +0200] "GET /Jurek/bloomglow/feeds/bloomglow_skr.xml HTTP/1.0" 200 13214215 "-" "-"
89.161.206.59 - - [22/Apr/2025:00:36:36 +0200] "GET /Jurek/hurtownia_przemyslowa/feeds/hp_amazonFR.xml HTTP/1.0" 200 49362444 "-" "-"
89.161.206.59 - - [22/Apr/2025:00:36:37 +0200] "GET /Jurek/hurtownia_przemyslowa/feeds/hp_amazonIT.xml HTTP/1.0" 200 49362362 "-" "-"
89.161.206.59 - - [22/Apr/2025:00:36:37 +0200] "GET /Jurek/hurtownia_przemyslowa/feeds/hp_amazonNL.xml HTTP/1.0" 200 49361953 "-" "-"
89.161.206.59 - - [22/Apr/2025:00:36:38 +0200] "GET /Jurek/hurtownia_przemyslowa/feeds/hp_amazonSE.xml HTTP/1.0" 200 49377531 "-" "-"
89.161.206.59 - - [22/Apr/2025:00:36:42 +0200] "GET /Jurek/waks/feeds/waks_amazonde.xml HTTP/1.0" 200 1596552 "-" "-"
89.161.206.59 - - [22/Apr/2025:00:36:43 +0200] "GET /Jurek/waks/feeds/waks_amazonfr.xml HTTP/1.0" 200 1596552 "-" "-"
89.161.206.59 - - [22/Apr/2025:00:36:43 +0200] "GET /Jurek/waks/feeds/waks_amazonit.xml HTTP/1.0" 200 1596552 "-" "-"
89.161.206.59 - - [22/Apr/2025:00:36:43 +0200] "GET /Jurek/waks/feeds/waks_amazones.xml HTTP/1.0" 200 1596552 "-" "-"
89.161.206.59 - - [22/Apr/2025:00:36:43 +0200] "GET /Jurek/waks/feeds/waks_amazonnl.xml HTTP/1.0" 200 1594465 "-" "-"
89.161.206.59 - - [22/Apr/2025:00:36:44 +0200] "GET /Jurek/waks/feeds/waks_amazonse.xml HTTP/1.0" 200 1598638 "-" "-"
89.161.206.59 - - [22/Apr/2025:00:36:45 +0200] "GET /Jurek/swiatecznygoliat/feeds/swiatecznygoliat_amazonde.xml HTTP/1.0" 200 7054397 "-" "-"
46.101.116.244 - - [22/Apr/2025:00:36:45 +0200] "GET /Jurek/action/feeds/action_mallsigs.xml HTTP/2.0" 200 59854363 "-" "-"
46.101.116.244 - - [22/Apr/2025:00:36:48 +0200] "GET /Jurek/aw/feeds/aw_fnacfr.xml HTTP/1.0" 404 3551 "-" "-"
51.77.52.107 - - [22/Apr/2025:00:36:49 +0200] "GET /Jurek/eurofirany/images/461375/0.jpg HTTP/2.0" 200 122069 "-" "baselinker"
89.161.206.59 - - [22/Apr/2025:00:36:53 +0200] "GET /Jurek/beautycare/feeds/beautycare_amazonde.xml HTTP/1.0" 200 1181278 "-" "-"
89.161.206.59 - - [22/Apr/2025:00:36:58 +0200] "GET /Jurek/rems/feeds/rems_skr.xml HTTP/1.0" 200 8706237 "-" "-"
46.101.116.244 - - [22/Apr/2025:00:37:01 +0200] "GET /Jurek/b3/feeds/b3_mallsigs.xml HTTP/2.0" 200 8074678 "-" "-"
51.77.52.107 - - [22/Apr/2025:00:37:07 +0200] "GET /Jurek/eurofirany/images/461375/0.jpg HTTP/2.0" 200 122069 "-" "baselinker"
46.101.116.244 - - [22/Apr/2025:00:37:13 +0200] "GET /Jurek/benbaby/feeds/benbaby_mallsigs.xml HTTP/2.0" 200 3625825 "-" "-"
51.77.52.107 - - [22/Apr/2025:00:37:22 +0200] "GET /Jurek/eurofirany/images/461375/0.jpg HTTP/2.0" 200 122069 "-" "baselinker"
46.101.116.244 - - [22/Apr/2025:00:37:24 +0200] "GET /Jurek/emibig/feeds/emibig_mallsigs.xml HTTP/2.0" 200 2427399 "-" "-"
46.101.116.244 - - [22/Apr/2025:00:37:33 +0200] "GET /Jurek/vivaldi/feeds/vivaldi_allegro.xml HTTP/1.0" 200 344685 "-" "-"
46.101.116.244 - - [22/Apr/2025:00:37:34 +0200] "GET /Jurek/kokiska/feeds/kokiska_allegro.xml HTTP/1.0" 200 11700622 "-" "-"
46.101.116.244 - - [22/Apr/2025:00:37:36 +0200] "GET /Jurek/hurtownia_przemyslowa/feeds/hp_mallsigs.xml HTTP/2.0" 200 49360640 "-" "-"
51.77.52.107 - - [22/Apr/2025:00:37:38 +0200] "GET /Jurek/eurofirany/images/460775/0.jpg HTTP/2.0" 200 136340 "-" "baselinker"
51.77.52.107 - - [22/Apr/2025:00:37:54 +0200] "GET /Jurek/eurofirany/images/460775/0.jpg HTTP/2.0" 200 136340 "-" "baselinker"
51.77.52.107 - - [22/Apr/2025:00:38:05 +0200] "GET /Jurek/eurofirany/images/460775/0.jpg HTTP/2.0" 200 136340 "-" "baselinker"
51.77.52.107 - - [22/Apr/2025:00:38:18 +0200] "GET /Jurek/eurofirany/images/460780/0.jpg HTTP/2.0" 200 128698 "-" "baselinker"
51.77.52.107 - - [22/Apr/2025:00:38:34 +0200] "GET /Jurek/eurofirany/images/460780/0.jpg HTTP/2.0" 200 128698 "-" "baselinker"
51.77.52.107 - - [22/Apr/2025:00:38:49 +0200] "GET /Jurek/eurofirany/images/460780/0.jpg HTTP/2.0" 200 128698 "-" "baselinker"
51.77.52.107 - - [22/Apr/2025:00:39:04 +0200] "GET /Jurek/eurofirany/images/460786/0.jpg HTTP/2.0" 200 132786 "-" "baselinker"
51.77.52.107 - - [22/Apr/2025:00:39:19 +0200] "GET /Jurek/eurofirany/images/460786/0.jpg HTTP/2.0" 200 132786 "-" "baselinker"
89.161.206.59 - - [22/Apr/2025:00:39:31 +0200] "GET /Jurek/lerutrade/feeds/lerutrade_skr.xml HTTP/1.0" 200 82824 "-" "-"
51.77.52.107 - - [22/Apr/2025:00:39:34 +0200] "GET /Jurek/eurofirany/images/460786/0.jpg HTTP/2.0" 200 132786 "-" "baselinker"
46.101.116.244 - - [22/Apr/2025:00:39:36 +0200] "GET /Jurek/aw/feeds/awnarzedzia_skroutz.xml HTTP/1.0" 200 90416746 "-" "-"
89.161.206.59 - - [22/Apr/2025:00:39:41 +0200] "GET /Jurek/eroplace/feeds/eroplace_skroutz.xml HTTP/1.0" 200 51201329 "-" "-"
89.161.206.59 - - [22/Apr/2025:00:39:44 +0200] "GET /Jurek/fertone/feeds/fertone_skroutz.xml HTTP/1.0" 200 570200 "-" "-"
51.77.52.107 - - [22/Apr/2025:00:39:46 +0200] "GET /Jurek/eurofirany/images/460151/0.jpg HTTP/2.0" 200 148222 "-" "baselinker"
46.101.116.244 - - [22/Apr/2025:00:39:49 +0200] "GET /Jurek/intsell/feeds/intsell_skroutz.xml HTTP/1.0" 200 269821694 "-" "-"
46.101.116.244 - - [22/Apr/2025:00:40:02 +0200] "GET /Jurek/beliani/feeds/beliani_si_mallsi.xml HTTP/2.0" 200 31058142 "-" "-"
51.77.52.107 - - [22/Apr/2025:00:40:03 +0200] "GET /Jurek/eurofirany/images/460151/0.jpg HTTP/2.0" 200 148222 "-" "baselinker"
89.161.206.59 - - [22/Apr/2025:00:40:04 +0200] "GET /Jurek/luxma/feeds/luxma_skroutz.xml HTTP/1.0" 200 4419710 "-" "-"
89.161.206.59 - - [22/Apr/2025:00:40:05 +0200] "GET /Jurek/zepnij/feeds/zepnij_skroutz.xml HTTP/1.0" 200 19522544 "-" "-"
89.161.206.59 - - [22/Apr/2025:00:40:05 +0200] "GET /Jurek/emaja24/feeds/emaja24_skroutz.xml HTTP/1.0" 200 5102096 "-" "-"
89.161.206.59 - - [22/Apr/2025:00:40:06 +0200] "GET /Jurek/hlo/feeds/hlo_skroutz.xml HTTP/1.0" 200 4831033 "-" "-"
89.161.206.59 - - [22/Apr/2025:00:40:07 +0200] "GET /Jurek/madrex/feeds/madrex_skroutz.xml HTTP/1.0" 200 466717 "-" "-"
89.161.206.59 - - [22/Apr/2025:00:40:07 +0200] "GET /Jurek/purewear/feeds/purewear_skroutz.xml HTTP/1.0" 200 13350891 "-" "-"
89.161.206.59 - - [22/Apr/2025:00:40:07 +0200] "GET /Jurek/gandalf/feeds/gandalf_skr.xml HTTP/1.0" 200 1082289 "-" "-"
89.161.206.59 - - [22/Apr/2025:00:40:07 +0200] "GET /Jurek/andex/feeds/andex_skr.xml HTTP/1.0" 200 933070 "-" "-"
51.77.52.107 - - [22/Apr/2025:00:40:19 +0200] "GET /Jurek/eurofirany/images/460151/0.jpg HTTP/2.0" 200 148222 "-" "baselinker"
51.77.52.107 - - [22/Apr/2025:00:40:25 +0200] "GET /Jurek/eurofirany/images/460153/0.jpg HTTP/2.0" 200 134165 "-" "baselinker"
51.77.52.107 - - [22/Apr/2025:00:40:32 +0200] "GET /Jurek/eurofirany/images/460153/0.jpg HTTP/2.0" 200 134165 "-" "baselinker"
51.77.52.107 - - [22/Apr/2025:00:40:37 +0200] "GET /Jurek/eurofirany/images/460153/0.jpg HTTP/2.0" 200 134165 "-" "baselinker"
51.77.52.107 - - [22/Apr/2025:00:40:42 +0200] "GET /Jurek/eurofirany/images/460157/0.jpg HTTP/2.0" 200 96801 "-" "baselinker"
40.77.167.17 - - [22/Apr/2025:00:40:43 +0200] "GET /Jurek/topeshop/downloaded_images/5902838461273_3.png HTTP/2.0" 404 3551 "-" "Mozilla/5.0 AppleWebKit/537.36 (KHTML, like Gecko; compatible; bingbot/2.0; +http://www.bing.com/bingbot.htm) Chrome/116.0.1938.76 Safari/537.36"
46.101.116.244 - - [22/Apr/2025:00:40:47 +0200] "GET /Jurek/rovicky/feeds/rovicky_mallsi.xml HTTP/2.0" 200 15018275 "-" "-"
46.101.116.244 - - [22/Apr/2025:00:40:58 +0200] "GET /Jurek/detian/feeds/detian_mallsi.xml HTTP/2.0" 404 3551 "-" "-"
51.77.52.107 - - [22/Apr/2025:00:40:58 +0200] "GET /Jurek/eurofirany/images/460157/0.jpg HTTP/2.0" 200 96801 "-" "baselinker"
46.101.116.244 - - [22/Apr/2025:00:41:08 +0200] "GET /Jurek/ikonka/feeds/ikonka_mallsi.xml HTTP/2.0" 200 22171274 "-" "-"
51.77.52.107 - - [22/Apr/2025:00:41:14 +0200] "GET /Jurek/eurofirany/images/460157/0.jpg HTTP/2.0" 200 96801 "-" "baselinker"
46.101.116.244 - - [22/Apr/2025:00:41:21 +0200] "GET /Jurek/candellux/feeds/candellux_mallsi.xml HTTP/2.0" 200 465691 "-" "-"
51.77.52.107 - - [22/Apr/2025:00:41:29 +0200] "GET /Jurek/eurofirany/images/460158/0.jpg HTTP/2.0" 200 96801 "-" "baselinker"
46.101.116.244 - - [22/Apr/2025:00:41:32 +0200] "GET /Jurek/andex/feeds/andex_mallsl.xml HTTP/2.0" 200 1953458 "-" "-"
46.101.116.244 - - [22/Apr/2025:00:41:43 +0200] "GET /Jurek/chemex/feeds/chemex_mallsi.xml HTTP/2.0" 200 47809540 "-" "-"
51.77.52.107 - - [22/Apr/2025:00:41:44 +0200] "GET /Jurek/eurofirany/images/460158/0.jpg HTTP/2.0" 200 96801 "-" "baselinker"
46.101.116.244 - - [22/Apr/2025:00:41:54 +0200] "GET /Jurek/aw/feeds/aw_fnacfr.xml HTTP/1.0" 404 3551 "-" "-"
46.101.116.244 - - [22/Apr/2025:00:41:58 +0200] "GET /Jurek/aw/feeds/awnarzedzia_mallsi.xml HTTP/2.0" 200 90521047 "-" "-"
51.77.52.107 - - [22/Apr/2025:00:42:01 +0200] "GET /Jurek/eurofirany/images/460158/0.jpg HTTP/2.0" 200 96801 "-" "baselinker"
51.77.52.107 - - [22/Apr/2025:00:42:15 +0200] "GET /Jurek/eurofirany/images/460163/0.jpg HTTP/2.0" 200 108123 "-" "baselinker"
51.77.52.107 - - [22/Apr/2025:00:42:29 +0200] "GET /Jurek/eurofirany/images/460163/0.jpg HTTP/2.0" 200 108123 "-" "baselinker"
51.77.52.107 - - [22/Apr/2025:00:42:43 +0200] "GET /Jurek/eurofirany/images/460163/0.jpg HTTP/2.0" 200 108123 "-" "baselinker"
51.77.52.107 - - [22/Apr/2025:00:42:47 +0200] "GET /Jurek/eurofirany/images/460164/0.jpg HTTP/2.0" 200 108123 "-" "baselinker"
51.77.52.107 - - [22/Apr/2025:00:43:03 +0200] "GET /Jurek/eurofirany/images/460164/0.jpg HTTP/2.0" 200 108123 "-" "baselinker"
51.77.52.107 - - [22/Apr/2025:00:43:09 +0200] "GET /Jurek/eurofirany/images/460164/0.jpg HTTP/2.0" 200 108123 "-" "baselinker"
51.77.52.107 - - [22/Apr/2025:00:43:20 +0200] "GET /Jurek/eurofirany/images/460176/0.jpg HTTP/2.0" 200 105917 "-" "baselinker"
51.77.52.107 - - [22/Apr/2025:00:43:25 +0200] "GET /Jurek/eurofirany/images/460176/0.jpg HTTP/2.0" 200 105917 "-" "baselinker"
51.77.52.107 - - [22/Apr/2025:00:43:30 +0200] "GET /Jurek/eurofirany/images/460176/0.jpg HTTP/2.0" 200 105917 "-" "baselinker"
46.101.116.244 - - [22/Apr/2025:00:43:36 +0200] "GET /Jurek/barbecook/feeds/barbecook_mallsl.xml HTTP/2.0" 200 87533 "-" "-"
51.77.52.107 - - [22/Apr/2025:00:43:39 +0200] "GET /Jurek/eurofirany/images/461487/0.jpg HTTP/2.0" 200 91577 "-" "baselinker"
46.101.116.244 - - [22/Apr/2025:00:43:46 +0200] "GET /Jurek/duka/feeds/duka_mallsl.xml HTTP/2.0" 200 57 "-" "-"
51.77.52.107 - - [22/Apr/2025:00:43:52 +0200] "GET /Jurek/eurofirany/images/461487/0.jpg HTTP/2.0" 200 91577 "-" "baselinker"
46.101.116.244 - - [22/Apr/2025:00:43:57 +0200] "GET /Jurek/miloohome/feeds/miloohome_mallsi.xml HTTP/2.0" 200 1421056 "-" "-"
51.77.52.107 - - [22/Apr/2025:00:44:05 +0200] "GET /Jurek/eurofirany/images/461487/0.jpg HTTP/2.0" 200 91577 "-" "baselinker"
46.101.116.244 - - [22/Apr/2025:00:44:07 +0200] "GET /Jurek/stema/feeds/stema_mallsl.xml HTTP/2.0" 200 857160 "-" "-"
46.101.116.244 - - [22/Apr/2025:00:44:18 +0200] "GET /Jurek/fernity/feeds/fernity_mallsl.xml HTTP/2.0" 200 4816476 "-" "-"
51.77.52.107 - - [22/Apr/2025:00:44:18 +0200] "GET /Jurek/eurofirany/images/460765/0.jpg HTTP/2.0" 200 57461 "-" "baselinker"
51.77.52.107 - - [22/Apr/2025:00:44:24 +0200] "GET /Jurek/eurofirany/images/460765/0.jpg HTTP/2.0" 200 57461 "-" "baselinker"
51.77.52.107 - - [22/Apr/2025:00:44:37 +0200] "GET /Jurek/eurofirany/images/460765/0.jpg HTTP/2.0" 200 57461 "-" "baselinker"
46.101.116.244 - - [22/Apr/2025:00:44:41 +0200] "GET /Jurek/kinghoff/feeds/kinghoff_mallsl.xml HTTP/2.0" 200 15460252 "-" "-"
51.77.52.107 - - [22/Apr/2025:00:44:53 +0200] "GET /Jurek/eurofirany/images/460526/0.jpg HTTP/2.0" 200 73625 "-" "baselinker"
89.161.206.59 - - [22/Apr/2025:00:44:54 +0200] "GET /Jurek/asortymenteu/feeds/asortymenteu_skroutz_great.xml HTTP/1.0" 200 2775447 "-" "-"
46.101.116.244 - - [22/Apr/2025:00:44:57 +0200] "GET /Jurek/kinghome/feeds/kinghome_mallsl.xml HTTP/2.0" 200 6039982 "-" "-"
51.77.52.107 - - [22/Apr/2025:00:45:07 +0200] "GET /Jurek/eurofirany/images/460526/0.jpg HTTP/2.0" 200 73625 "-" "baselinker"
46.101.116.244 - - [22/Apr/2025:00:45:08 +0200] "GET /Jurek/vivaldi/feeds/vivaldi_Mall-sl.xml HTTP/2.0" 200 344580 "-" "-"
46.101.116.244 - - [22/Apr/2025:00:45:19 +0200] "GET /Jurek/eurofirany/feeds/eurofirany_mall_si_shumee.xml HTTP/2.0" 200 19070491 "-" "-"
51.77.52.107 - - [22/Apr/2025:00:45:23 +0200] "GET /Jurek/eurofirany/images/460526/0.jpg HTTP/2.0" 200 73625 "-" "baselinker"
51.77.52.107 - - [22/Apr/2025:00:45:40 +0200] "GET /Jurek/eurofirany/images/458678/0.jpg HTTP/2.0" 200 78714 "-" "baselinker"
51.77.52.107 - - [22/Apr/2025:00:45:55 +0200] "GET /Jurek/eurofirany/images/458678/0.jpg HTTP/2.0" 200 78714 "-" "baselinker"
51.77.52.107 - - [22/Apr/2025:00:46:12 +0200] "GET /Jurek/eurofirany/images/458678/0.jpg HTTP/2.0" 200 78714 "-" "baselinker"
51.77.52.107 - - [22/Apr/2025:00:46:29 +0200] "GET /Jurek/eurofirany/images/458679/0.jpg HTTP/2.0" 200 87564 "-" "baselinker"
46.101.116.244 - - [22/Apr/2025:00:46:36 +0200] "GET /Jurek/aw/feeds/aw_fnacfr.xml HTTP/1.0" 404 3551 "-" "-"
51.77.52.107 - - [22/Apr/2025:00:46:44 +0200] "GET /Jurek/eurofirany/images/458679/0.jpg HTTP/2.0" 200 87564 "-" "baselinker"
51.77.52.107 - - [22/Apr/2025:00:46:58 +0200] "GET /Jurek/eurofirany/images/458679/0.jpg HTTP/2.0" 200 87564 "-" "baselinker"
51.77.52.107 - - [22/Apr/2025:00:47:10 +0200] "GET /Jurek/eurofirany/images/458680/0.jpg HTTP/2.0" 200 119712 "-" "baselinker"
51.77.52.107 - - [22/Apr/2025:00:47:16 +0200] "GET /Jurek/eurofirany/images/458680/0.jpg HTTP/2.0" 200 119712 "-" "baselinker"
51.77.52.107 - - [22/Apr/2025:00:47:31 +0200] "GET /Jurek/eurofirany/images/458680/0.jpg HTTP/2.0" 200 119712 "-" "baselinker"
51.77.52.107 - - [22/Apr/2025:00:47:48 +0200] "GET /Jurek/eurofirany/images/458681/0.jpg HTTP/2.0" 200 134794 "-" "baselinker"
51.77.52.107 - - [22/Apr/2025:00:48:01 +0200] "GET /Jurek/eurofirany/images/458681/0.jpg HTTP/2.0" 200 134794 "-" "baselinker"
51.77.52.107 - - [22/Apr/2025:00:48:19 +0200] "GET /Jurek/eurofirany/images/458681/0.jpg HTTP/2.0" 200 134794 "-" "baselinker"
51.77.52.107 - - [22/Apr/2025:00:48:36 +0200] "GET /Jurek/eurofirany/images/458683/0.jpg HTTP/2.0" 200 128500 "-" "baselinker"
51.77.52.107 - - [22/Apr/2025:00:48:43 +0200] "GET /Jurek/eurofirany/images/458683/0.jpg HTTP/2.0" 200 128500 "-" "baselinker"
46.101.116.244 - - [22/Apr/2025:00:48:45 +0200] "GET /Jurek/vida_morele/feeds/vidaPL_velomarket_category4.xml HTTP/1.0" 200 54679172 "-" "-"
51.77.52.107 - - [22/Apr/2025:00:48:47 +0200] "GET /Jurek/eurofirany/images/458683/0.jpg HTTP/2.0" 200 128500 "-" "baselinker"
51.77.52.107 - - [22/Apr/2025:00:49:04 +0200] "GET /Jurek/eurofirany/images/458684/0.jpg HTTP/2.0" 200 113419 "-" "baselinker"
51.77.52.107 - - [22/Apr/2025:00:49:23 +0200] "GET /Jurek/eurofirany/images/458684/0.jpg HTTP/2.0" 200 113419 "-" "baselinker"
46.101.116.244 - - [22/Apr/2025:00:49:27 +0200] "GET /Jurek/unimet/feeds/unimet_mallsi.xml HTTP/2.0" 200 61150559 "-" "-"
51.77.52.107 - - [22/Apr/2025:00:49:33 +0200] "GET /Jurek/eurofirany/images/458684/0.jpg HTTP/2.0" 200 113419 "-" "baselinker"
51.77.52.107 - - [22/Apr/2025:00:49:38 +0200] "GET /Jurek/eurofirany/images/458685/0.jpg HTTP/2.0" 200 123013 "-" "baselinker"
51.77.52.107 - - [22/Apr/2025:00:49:43 +0200] "GET /Jurek/eurofirany/images/458685/0.jpg HTTP/2.0" 200 123013 "-" "baselinker"
89.161.206.59 - - [22/Apr/2025:00:49:48 +0200] "GET /Jurek/swiatecznygoliat/feeds/swiatecznygoliat_skroutz.xml HTTP/1.0" 200 7054511 "-" "-"
51.77.52.107 - - [22/Apr/2025:00:49:58 +0200] "GET /Jurek/eurofirany/images/458685/0.jpg HTTP/2.0" 200 123013 "-" "baselinker"
51.77.52.107 - - [22/Apr/2025:00:50:14 +0200] "GET /Jurek/eurofirany/images/458686/0.jpg HTTP/2.0" 200 131311 "-" "baselinker"
51.77.52.107 - - [22/Apr/2025:00:50:30 +0200] "GET /Jurek/eurofirany/images/458686/0.jpg HTTP/2.0" 200 131311 "-" "baselinker"
51.77.52.107 - - [22/Apr/2025:00:50:44 +0200] "GET /Jurek/eurofirany/images/458686/0.jpg HTTP/2.0" 200 131311 "-" "baselinker"
51.77.52.107 - - [22/Apr/2025:00:50:56 +0200] "GET /Jurek/eurofirany/images/458687/0.jpg HTTP/2.0" 200 139933 "-" "baselinker"
216.113.184.103 - - [22/Apr/2025:00:51:20 +0200] "GET /Jurek/topeshop/downloaded_images/5904507209421_wizmodern2PSlim.jpg HTTP/1.1" 200 130063 "http://www.ebay.com/" "Mozilla/4.0 (compatible; MSIE 4.01; Windows NT)"
216.113.184.102 - - [22/Apr/2025:00:51:20 +0200] "GET /Jurek/topeshop/downloaded_images/5904507209421_modern2p-slim-20st.jpg HTTP/1.1" 200 53719 "http://www.ebay.com/" "Mozilla/4.0 (compatible; MSIE 4.01; Windows NT)"
216.113.184.101 - - [22/Apr/2025:00:51:20 +0200] "GET /Jurek/topeshop/downloaded_images/5904507209421_Modern2PSLIM(2).jpg HTTP/1.1" 404 3551 "http://www.ebay.com/" "Mozilla/4.0 (compatible; MSIE 4.01; Windows NT)"
216.113.184.103 - - [22/Apr/2025:00:51:20 +0200] "GET /Jurek/topeshop/downloaded_images/5904507209421_Modern2PSLIM(5).jpg HTTP/1.1" 404 3551 "http://www.ebay.com/" "Mozilla/4.0 (compatible; MSIE 4.01; Windows NT)"
216.113.184.103 - - [22/Apr/2025:00:51:20 +0200] "GET /Jurek/topeshop/downloaded_images/5904507209421_modern2p-slim2.jpg HTTP/1.1" 200 42640 "http://www.ebay.com/" "Mozilla/4.0 (compatible; MSIE 4.01; Windows NT)"
216.113.184.104 - - [22/Apr/2025:00:51:20 +0200] "GET /Jurek/topeshop/downloaded_images/5904507209421_Modern2PSLIM(1).jpg HTTP/1.1" 404 3551 "http://www.ebay.com/" "Mozilla/4.0 (compatible; MSIE 4.01; Windows NT)"
216.113.184.101 - - [22/Apr/2025:00:51:20 +0200] "GET /Jurek/topeshop/downloaded_images/5904507209421_modern2p-slim.jpg HTTP/1.1" 200 48915 "http://www.ebay.com/" "Mozilla/4.0 (compatible; MSIE 4.01; Windows NT)"
216.113.184.102 - - [22/Apr/2025:00:51:20 +0200] "GET /Jurek/topeshop/downloaded_images/5904507209421_Modern2PSLIM(3).jpg HTTP/1.1" 404 3551 "http://www.ebay.com/" "Mozilla/4.0 (compatible; MSIE 4.01; Windows NT)"
216.113.184.105 - - [22/Apr/2025:00:51:20 +0200] "GET /Jurek/topeshop/downloaded_images/5904507209421_Modern2PSLIM(4).jpg HTTP/1.1" 404 3551 "http://www.ebay.com/" "Mozilla/4.0 (compatible; MSIE 4.01; Windows NT)"
46.101.116.244 - - [22/Apr/2025:00:51:35 +0200] "GET /Jurek/aw/feeds/aw_fnacfr.xml HTTP/1.0" 404 3551 "-" "-"
51.77.52.107 - - [22/Apr/2025:00:51:38 +0200] "GET /Jurek/eurofirany/images/458687/0.jpg HTTP/2.0" 200 139933 "-" "baselinker"
46.101.116.244 - - [22/Apr/2025:00:51:48 +0200] "GET /Jurek/vidaSI/feeds/vidaSI_mall.xml HTTP/2.0" 200 640302487 "-" "-"
51.77.52.107 - - [22/Apr/2025:00:51:58 +0200] "GET /Jurek/eurofirany/images/458687/0.jpg HTTP/2.0" 200 139933 "-" "baselinker"
51.77.52.107 - - [22/Apr/2025:00:52:12 +0200] "GET /Jurek/eurofirany/images/458698/0.jpg HTTP/2.0" 200 78714 "-" "baselinker"
51.77.52.107 - - [22/Apr/2025:00:52:30 +0200] "GET /Jurek/eurofirany/images/458698/0.jpg HTTP/2.0" 200 78714 "-" "baselinker"
51.77.52.107 - - [22/Apr/2025:00:52:47 +0200] "GET /Jurek/eurofirany/images/458698/0.jpg HTTP/2.0" 200 78714 "-" "baselinker"
51.77.52.107 - - [22/Apr/2025:00:53:02 +0200] "GET /Jurek/eurofirany/images/458699/0.jpg HTTP/2.0" 200 87564 "-" "baselinker"
51.77.52.107 - - [22/Apr/2025:00:53:19 +0200] "GET /Jurek/eurofirany/images/458699/0.jpg HTTP/2.0" 200 87564 "-" "baselinker"
51.77.52.107 - - [22/Apr/2025:00:53:37 +0200] "GET /Jurek/eurofirany/images/458699/0.jpg HTTP/2.0" 200 87564 "-" "baselinker"
51.77.52.107 - - [22/Apr/2025:00:53:44 +0200] "GET /Jurek/eurofirany/images/458702/0.jpg HTTP/2.0" 200 128500 "-" "baselinker"
51.77.52.107 - - [22/Apr/2025:00:53:48 +0200] "GET /Jurek/eurofirany/images/458702/0.jpg HTTP/2.0" 200 128500 "-" "baselinker"
51.77.52.107 - - [22/Apr/2025:00:54:12 +0200] "GET /Jurek/eurofirany/images/458702/0.jpg HTTP/2.0" 200 128500 "-" "baselinker"
51.77.52.107 - - [22/Apr/2025:00:54:27 +0200] "GET /Jurek/eurofirany/images/458712/0.jpg HTTP/2.0" 200 78714 "-" "baselinker"
51.77.52.107 - - [22/Apr/2025:00:54:42 +0200] "GET /Jurek/eurofirany/images/458712/0.jpg HTTP/2.0" 200 78714 "-" "baselinker"
51.77.52.107 - - [22/Apr/2025:00:54:48 +0200] "GET /Jurek/eurofirany/images/458712/0.jpg HTTP/2.0" 200 78714 "-" "baselinker"
89.161.206.59 - - [22/Apr/2025:00:54:50 +0200] "GET /Jurek/ekuchcikowo/feeds/ekuchcikowo_skroutz.xml HTTP/1.0" 200 12471066 "-" "-"
89.161.206.59 - - [22/Apr/2025:00:54:57 +0200] "GET /Jurek/ekolight/feeds/ekolioght_skroutz.xml HTTP/1.0" 200 9052754 "-" "-"
51.77.52.107 - - [22/Apr/2025:00:55:04 +0200] "GET /Jurek/eurofirany/images/458717/0.jpg HTTP/2.0" 200 128500 "-" "baselinker"
152.70.189.216 - - [22/Apr/2025:00:55:25 +0200] "GET /Jurek/eurofirany/images/383320/0.jpg HTTP/2.0" 200 87977 "-" "imagor/1.4.8"
51.77.52.107 - - [22/Apr/2025:00:55:26 +0200] "GET /Jurek/eurofirany/images/458717/0.jpg HTTP/2.0" 200 128500 "-" "baselinker"
51.77.52.107 - - [22/Apr/2025:00:55:39 +0200] "GET /Jurek/eurofirany/images/458717/0.jpg HTTP/2.0" 200 128500 "-" "baselinker"
51.77.52.107 - - [22/Apr/2025:00:55:52 +0200] "GET /Jurek/eurofirany/images/458727/0.jpg HTTP/2.0" 200 128500 "-" "baselinker"
89.161.206.59 - - [22/Apr/2025:00:56:08 +0200] "GET /Jurek/najtanszysport/feeds/najtanszysport_skroutz.xml HTTP/1.0" 200 3983411 "-" "-"
51.77.52.107 - - [22/Apr/2025:00:56:09 +0200] "GET /Jurek/eurofirany/images/458727/0.jpg HTTP/2.0" 200 128500 "-" "baselinker"
66.135.223.42 - - [22/Apr/2025:00:56:23 +0200] "GET /Jurek/topeshop/downloaded_images/5904507202408_Modern2P_Sonoma(2).jpg HTTP/1.1" 404 3551 "http://www.ebay.com/" "Mozilla/4.0 (compatible; MSIE 4.01; Windows NT)"
66.135.223.41 - - [22/Apr/2025:00:56:24 +0200] "GET /Jurek/topeshop/downloaded_images/5904507202408_Modern2P_Sonoma(1).jpg HTTP/1.1" 404 3551 "http://www.ebay.com/" "Mozilla/4.0 (compatible; MSIE 4.01; Windows NT)"
66.135.223.40 - - [22/Apr/2025:00:56:24 +0200] "GET /Jurek/topeshop/downloaded_images/5904507202408_Wymiary_Sonoma_Obszar_roboczy_1.jpg HTTP/1.1" 200 46150 "http://www.ebay.com/" "Mozilla/4.0 (compatible; MSIE 4.01; Windows NT)"
66.135.223.40 - - [22/Apr/2025:00:56:24 +0200] "GET /Jurek/topeshop/downloaded_images/5904507202408_sonoma_20_st.jpg HTTP/1.1" 200 45680 "http://www.ebay.com/" "Mozilla/4.0 (compatible; MSIE 4.01; Windows NT)"
66.135.223.42 - - [22/Apr/2025:00:56:24 +0200] "GET /Jurek/topeshop/downloaded_images/5904507202408_front.jpg HTTP/1.1" 200 38604 "http://www.ebay.com/" "Mozilla/4.0 (compatible; MSIE 4.01; Windows NT)"
66.135.223.44 - - [22/Apr/2025:00:56:24 +0200] "GET /Jurek/topeshop/downloaded_images/5904507202408_Modern2P_Sonoma(4).jpg HTTP/1.1" 404 3551 "http://www.ebay.com/" "Mozilla/4.0 (compatible; MSIE 4.01; Windows NT)"
66.135.223.44 - - [22/Apr/2025:00:56:24 +0200] "GET /Jurek/topeshop/downloaded_images/5904507202408_Modern2P_Sonoma(5).jpg HTTP/1.1" 404 3551 "http://www.ebay.com/" "Mozilla/4.0 (compatible; MSIE 4.01; Windows NT)"
66.135.223.42 - - [22/Apr/2025:00:56:24 +0200] "GET /Jurek/topeshop/downloaded_images/5904507202408_Modern2P_Sonoma(3).jpg HTTP/1.1" 404 3551 "http://www.ebay.com/" "Mozilla/4.0 (compatible; MSIE 4.01; Windows NT)"
51.77.52.107 - - [22/Apr/2025:00:56:24 +0200] "GET /Jurek/eurofirany/images/458727/0.jpg HTTP/2.0" 200 128500 "-" "baselinker"
66.135.223.42 - - [22/Apr/2025:00:56:25 +0200] "GET /Jurek/topeshop/downloaded_images/5904507202408_sonoma-mini.png HTTP/1.1" 200 1173124 "http://www.ebay.com/" "Mozilla/4.0 (compatible; MSIE 4.01; Windows NT)"
46.101.116.244 - - [22/Apr/2025:00:56:26 +0200] "GET /Jurek/aw/feeds/aw_fnacfr.xml HTTP/1.0" 404 3551 "-" "-"
51.77.52.107 - - [22/Apr/2025:00:56:39 +0200] "GET /Jurek/eurofirany/images/460577/0.jpg HTTP/2.0" 200 129302 "-" "baselinker"
51.77.52.107 - - [22/Apr/2025:00:56:57 +0200] "GET /Jurek/eurofirany/images/460577/0.jpg HTTP/2.0" 200 129302 "-" "baselinker"
51.77.52.107 - - [22/Apr/2025:00:57:16 +0200] "GET /Jurek/eurofirany/images/460577/0.jpg HTTP/2.0" 200 129302 "-" "baselinker"
51.77.52.107 - - [22/Apr/2025:00:57:34 +0200] "GET /Jurek/eurofirany/images/460579/0.jpg HTTP/2.0" 200 147854 "-" "baselinker"
51.77.52.107 - - [22/Apr/2025:00:57:49 +0200] "GET /Jurek/eurofirany/images/460579/0.jpg HTTP/2.0" 200 147854 "-" "baselinker"
51.77.52.107 - - [22/Apr/2025:00:58:04 +0200] "GET /Jurek/eurofirany/images/460579/0.jpg HTTP/2.0" 200 147854 "-" "baselinker"
51.77.52.107 - - [22/Apr/2025:00:58:22 +0200] "GET /Jurek/eurofirany/images/463407/0.jpg HTTP/2.0" 200 90106 "-" "baselinker"
51.77.52.107 - - [22/Apr/2025:00:58:37 +0200] "GET /Jurek/eurofirany/images/463407/0.jpg HTTP/2.0" 200 90106 "-" "baselinker"
51.77.52.107 - - [22/Apr/2025:00:58:53 +0200] "GET /Jurek/eurofirany/images/463407/0.jpg HTTP/2.0" 200 90106 "-" "baselinker"
51.77.52.107 - - [22/Apr/2025:00:59:13 +0200] "GET /Jurek/eurofirany/images/460159/0.jpg HTTP/2.0" 200 104396 "-" "baselinker"
51.77.52.107 - - [22/Apr/2025:00:59:25 +0200] "GET /Jurek/eurofirany/images/460159/0.jpg HTTP/2.0" 200 104396 "-" "baselinker"
51.77.52.107 - - [22/Apr/2025:00:59:30 +0200] "GET /Jurek/eurofirany/images/460159/0.jpg HTTP/2.0" 200 104396 "-" "baselinker"
51.77.52.107 - - [22/Apr/2025:00:59:45 +0200] "GET /Jurek/eurofirany/images/460161/0.jpg HTTP/2.0" 200 104396 "-" "baselinker"
51.77.52.107 - - [22/Apr/2025:01:00:01 +0200] "GET /Jurek/eurofirany/images/460161/0.jpg HTTP/2.0" 200 104396 "-" "baselinker"
51.77.52.107 - - [22/Apr/2025:01:00:15 +0200] "GET /Jurek/eurofirany/images/460161/0.jpg HTTP/2.0" 200 104396 "-" "baselinker"
51.77.52.107 - - [22/Apr/2025:01:00:20 +0200] "GET /Jurek/eurofirany/images/460045/0.jpg HTTP/2.0" 200 79118 "-" "baselinker"
52.18.22.0 - - [22/Apr/2025:01:00:33 +0200] "GET /marketplaces/ubaldi/results/ubaldi.csv HTTP/1.1" 200 147219 "-" "Mirakl HttpClient"
51.77.52.107 - - [22/Apr/2025:01:00:36 +0200] "GET /Jurek/eurofirany/images/460045/0.jpg HTTP/2.0" 200 79118 "-" "baselinker"
51.77.52.107 - - [22/Apr/2025:01:00:41 +0200] "GET /Jurek/eurofirany/images/460045/0.jpg HTTP/2.0" 200 79118 "-" "baselinker"
51.77.52.107 - - [22/Apr/2025:01:00:44 +0200] "GET /Jurek/eurofirany/images/460800/0.jpg HTTP/2.0" 200 73534 "-" "baselinker"
51.77.52.107 - - [22/Apr/2025:01:01:01 +0200] "GET /Jurek/eurofirany/images/460800/0.jpg HTTP/2.0" 200 73534 "-" "baselinker"
35.204.39.32 - - [22/Apr/2025:01:01:18 +0200] "GET /marketplaces/vente/results/vente_nl.csv HTTP/1.1" 200 147219 "-" "Mirakl HttpClient"
35.204.39.32 - - [22/Apr/2025:01:01:19 +0200] "GET /marketplaces/vente/results/vente_fr.csv HTTP/1.1" 200 147219 "-" "Mirakl HttpClient"
35.204.39.32 - - [22/Apr/2025:01:01:19 +0200] "GET /marketplaces/vente/results/vente_be.csv HTTP/1.1" 200 147219 "-" "Mirakl HttpClient"
35.204.39.32 - - [22/Apr/2025:01:01:19 +0200] "GET /marketplaces/vente/results/vente_it.csv HTTP/1.1" 200 147219 "-" "Mirakl HttpClient"
35.204.39.32 - - [22/Apr/2025:01:01:19 +0200] "GET /marketplaces/vente/results/vente_es.csv HTTP/1.1" 200 147219 "-" "Mirakl HttpClient"
35.204.39.32 - - [22/Apr/2025:01:01:19 +0200] "GET /marketplaces/vente/results/vente_de.csv HTTP/1.1" 200 147219 "-" "Mirakl HttpClient"
51.77.52.107 - - [22/Apr/2025:01:01:19 +0200] "GET /Jurek/eurofirany/images/460800/0.jpg HTTP/2.0" 200 73534 "-" "baselinker"
46.101.116.244 - - [22/Apr/2025:01:01:34 +0200] "GET /Jurek/aw/feeds/aw_fnacfr.xml HTTP/1.0" 404 3551 "-" "-"
51.77.52.107 - - [22/Apr/2025:01:01:34 +0200] "GET /Jurek/eurofirany/images/462070/0.jpg HTTP/2.0" 200 113318 "-" "baselinker"
51.77.52.107 - - [22/Apr/2025:01:01:53 +0200] "GET /Jurek/eurofirany/images/462070/0.jpg HTTP/2.0" 200 113318 "-" "baselinker"
52.209.168.113 - - [22/Apr/2025:01:02:00 +0200] "GET /marketplaces/rue/results/rue.csv HTTP/1.1" 200 147219 "-" "Mirakl HttpClient"
51.77.52.107 - - [22/Apr/2025:01:02:12 +0200] "GET /Jurek/eurofirany/images/462070/0.jpg HTTP/2.0" 200 113318 "-" "baselinker"
51.77.52.107 - - [22/Apr/2025:01:02:29 +0200] "GET /Jurek/eurofirany/images/460801/0.jpg HTTP/2.0" 200 71156 "-" "baselinker"
51.77.52.107 - - [22/Apr/2025:01:02:53 +0200] "GET /Jurek/eurofirany/images/460801/0.jpg HTTP/2.0" 200 71156 "-" "baselinker"
51.77.52.107 - - [22/Apr/2025:01:03:04 +0200] "GET /Jurek/eurofirany/images/460801/0.jpg HTTP/2.0" 200 71156 "-" "baselinker"
51.77.52.107 - - [22/Apr/2025:01:03:21 +0200] "GET /Jurek/eurofirany/images/462071/0.jpg HTTP/2.0" 200 116009 "-" "baselinker"
52.209.168.113 - - [22/Apr/2025:01:03:22 +0200] "GET /marketplaces/carrefour/results/carrefour.csv HTTP/1.1" 200 147221 "-" "Mirakl HttpClient"
51.77.52.107 - - [22/Apr/2025:01:03:39 +0200] "GET /Jurek/eurofirany/images/462071/0.jpg HTTP/2.0" 200 116009 "-" "baselinker"
51.77.52.107 - - [22/Apr/2025:01:04:11 +0200] "GET /Jurek/eurofirany/images/462071/0.jpg HTTP/2.0" 200 116009 "-" "baselinker"
51.77.52.107 - - [22/Apr/2025:01:04:24 +0200] "GET /Jurek/eurofirany/images/462077/0.jpg HTTP/2.0" 200 112017 "-" "baselinker"
51.77.52.107 - - [22/Apr/2025:01:04:42 +0200] "GET /Jurek/eurofirany/images/462077/0.jpg HTTP/2.0" 200 112017 "-" "baselinker"
51.77.52.107 - - [22/Apr/2025:01:04:58 +0200] "GET /Jurek/eurofirany/images/462077/0.jpg HTTP/2.0" 200 112017 "-" "baselinker"
51.77.52.107 - - [22/Apr/2025:01:05:16 +0200] "GET /Jurek/eurofirany/images/459992/0.jpg HTTP/2.0" 200 112930 "-" "baselinker"
51.77.52.107 - - [22/Apr/2025:01:05:35 +0200] "GET /Jurek/eurofirany/images/459992/0.jpg HTTP/2.0" 200 112930 "-" "baselinker"
51.77.52.107 - - [22/Apr/2025:01:05:39 +0200] "GET /Jurek/eurofirany/images/459992/0.jpg HTTP/2.0" 200 112930 "-" "baselinker"
51.77.52.107 - - [22/Apr/2025:01:05:57 +0200] "GET /Jurek/eurofirany/images/460003/0.jpg HTTP/2.0" 200 81827 "-" "baselinker"
51.77.52.107 - - [22/Apr/2025:01:06:03 +0200] "GET /Jurek/eurofirany/images/460003/0.jpg HTTP/2.0" 200 81827 "-" "baselinker"
51.77.52.107 - - [22/Apr/2025:01:06:06 +0200] "GET /Jurek/eurofirany/images/460003/0.jpg HTTP/2.0" 200 81827 "-" "baselinker"
46.101.116.244 - - [22/Apr/2025:01:06:07 +0200] "GET /Jurek/aw/feeds/aw_fnacfr.xml HTTP/1.0" 404 3551 "-" "-"
51.77.52.107 - - [22/Apr/2025:01:06:22 +0200] "GET /Jurek/eurofirany/images/465276/0.jpg HTTP/2.0" 200 71059 "-" "baselinker"
89.161.206.59 - - [22/Apr/2025:01:06:25 +0200] "GET /Jurek/emaja24/feeds/emaja24_amazones.xml HTTP/1.0" 200 5109764 "-" "-"
89.161.206.59 - - [22/Apr/2025:01:06:31 +0200] "GET /Jurek/omi/feeds/omi_amazonde.xml HTTP/1.0" 200 8105586 "-" "-"
89.161.206.59 - - [22/Apr/2025:01:06:31 +0200] "GET /Jurek/smxdesign/feeds/smxdesign_amazonde.xml HTTP/1.0" 200 1829036 "-" "-"
89.161.206.59 - - [22/Apr/2025:01:06:31 +0200] "GET /Jurek/elavia/feeds/elavia_amazonde.xml HTTP/1.0" 200 2497279 "-" "-"
89.161.206.59 - - [22/Apr/2025:01:06:32 +0200] "GET /Jurek/beltimore/feeds/beltimore_amazonde.xml HTTP/1.0" 200 18651707 "-" "-"
89.161.206.59 - - [22/Apr/2025:01:06:32 +0200] "GET /Jurek/hanex/feeds/hanex_amazonde.xml HTTP/1.0" 200 13931552 "-" "-"
89.161.206.59 - - [22/Apr/2025:01:06:33 +0200] "GET /Jurek/roger/feeds/roger_amazonde.xml HTTP/1.0" 200 1396541 "-" "-"
89.161.206.59 - - [22/Apr/2025:01:06:33 +0200] "GET /Jurek/playcob/feeds/playcob_amazonde.xml HTTP/1.0" 200 6980167 "-" "-"
89.161.206.59 - - [22/Apr/2025:01:06:33 +0200] "GET /Jurek/kalama/feeds/kalama_amazonde.xml HTTP/1.0" 200 2541291 "-" "-"
89.161.206.59 - - [22/Apr/2025:01:06:33 +0200] "GET /Jurek/kinghoff/feeds/kinghoff_amazonfr.xml HTTP/1.0" 200 15460322 "-" "-"
89.161.206.59 - - [22/Apr/2025:01:06:34 +0200] "GET /Jurek/artdog/feeds/artdog_amazonfr.xml HTTP/1.0" 200 17158569 "-" "-"
89.161.206.59 - - [22/Apr/2025:01:06:35 +0200] "GET /Jurek/artdog/feeds/artdog_amazones.xml HTTP/1.0" 200 17158791 "-" "-"
51.77.52.107 - - [22/Apr/2025:01:06:36 +0200] "GET /Jurek/eurofirany/images/465276/0.jpg HTTP/2.0" 200 71059 "-" "baselinker"
89.161.206.59 - - [22/Apr/2025:01:06:36 +0200] "GET /Jurek/kinghoff/feeds/kinghoff_amazones.xml HTTP/1.0" 200 15460403 "-" "-"
51.77.52.107 - - [22/Apr/2025:01:06:45 +0200] "GET /Jurek/eurofirany/images/465276/0.jpg HTTP/2.0" 200 71059 "-" "baselinker"
89.161.206.59 - - [22/Apr/2025:01:07:00 +0200] "GET /Jurek/dropkz/feeds/dropkz_emagro.xml HTTP/1.0" 200 70031256 "-" "-"
89.161.206.59 - - [22/Apr/2025:01:07:01 +0200] "GET /Jurek/shiori/feeds/shiori_emagro.xml HTTP/1.0" 200 453697 "-" "-"
89.161.206.59 - - [22/Apr/2025:01:07:01 +0200] "GET /Jurek/eoptimo/feeds/eoptimo_emagro.xml HTTP/1.0" 200 2094678 "-" "-"
89.161.206.59 - - [22/Apr/2025:01:07:01 +0200] "GET /Jurek/bisanti/feeds/bisanti_emagro.xml HTTP/1.0" 200 1142453 "-" "-"
51.77.52.107 - - [22/Apr/2025:01:07:02 +0200] "GET /Jurek/eurofirany/images/460049/0.jpg HTTP/2.0" 200 62917 "-" "baselinker"
89.161.206.59 - - [22/Apr/2025:01:07:02 +0200] "GET /Jurek/najtanszysport/feeds/najtanszysport_emagro.xml HTTP/1.0" 200 3984577 "-" "-"
89.161.206.59 - - [22/Apr/2025:01:07:02 +0200] "GET /Jurek/bentivolio/feeds/bentivolio_emagro.xml HTTP/1.0" 200 3498444 "-" "-"
89.161.206.59 - - [22/Apr/2025:01:07:03 +0200] "GET /Jurek/proparts/feeds/proparts_emagro.xml HTTP/1.0" 200 707604 "-" "-"
89.161.206.59 - - [22/Apr/2025:01:07:05 +0200] "GET /Jurek/galopi/feeds/galopi_emagro.xml HTTP/1.0" 200 2111357 "-" "-"
51.77.52.107 - - [22/Apr/2025:01:07:06 +0200] "GET /Jurek/eurofirany/images/460049/0.jpg HTTP/2.0" 200 62917 "-" "baselinker"
89.161.206.59 - - [22/Apr/2025:01:07:07 +0200] "GET /Jurek/takapara/feeds/takapara_emagro.xml HTTP/1.0" 200 1342685 "-" "-"
89.161.206.59 - - [22/Apr/2025:01:07:08 +0200] "GET /Jurek/artdog/feeds/artdog_emagro.xml HTTP/1.0" 200 17165276 "-" "-"
51.77.52.107 - - [22/Apr/2025:01:07:10 +0200] "GET /Jurek/eurofirany/images/460049/0.jpg HTTP/2.0" 200 62917 "-" "baselinker"
51.77.52.107 - - [22/Apr/2025:01:07:28 +0200] "GET /Jurek/eurofirany/images/460774/0.jpg HTTP/2.0" 200 60745 "-" "baselinker"
51.77.52.107 - - [22/Apr/2025:01:07:43 +0200] "GET /Jurek/eurofirany/images/460774/0.jpg HTTP/2.0" 200 60745 "-" "baselinker"
51.77.52.107 - - [22/Apr/2025:01:07:58 +0200] "GET /Jurek/eurofirany/images/460774/0.jpg HTTP/2.0" 200 60745 "-" "baselinker"
185.6.76.18 - - [22/Apr/2025:01:07:59 +0200] "GET /marketplaces/skroutz/feeds/shumee.xml HTTP/1.1" 200 417970680 "-" "SkroutzBot v1.0"
51.77.52.107 - - [22/Apr/2025:01:08:16 +0200] "GET /Jurek/eurofirany/images/460776/0.jpg HTTP/2.0" 200 59336 "-" "baselinker"
51.77.52.107 - - [22/Apr/2025:01:08:22 +0200] "GET /Jurek/eurofirany/images/460776/0.jpg HTTP/2.0" 200 59336 "-" "baselinker"
51.77.52.107 - - [22/Apr/2025:01:08:37 +0200] "GET /Jurek/eurofirany/images/460776/0.jpg HTTP/2.0" 200 59336 "-" "baselinker"
51.77.52.107 - - [22/Apr/2025:01:08:47 +0200] "GET /Jurek/eurofirany/images/460777/0.jpg HTTP/2.0" 200 58510 "-" "baselinker"
51.77.52.107 - - [22/Apr/2025:01:09:05 +0200] "GET /Jurek/eurofirany/images/460777/0.jpg HTTP/2.0" 200 58510 "-" "baselinker"
51.77.52.107 - - [22/Apr/2025:01:09:20 +0200] "GET /Jurek/eurofirany/images/460777/0.jpg HTTP/2.0" 200 58510 "-" "baselinker"
51.77.52.107 - - [22/Apr/2025:01:09:33 +0200] "GET /Jurek/eurofirany/images/460779/0.jpg HTTP/2.0" 200 70675 "-" "baselinker"
51.77.52.107 - - [22/Apr/2025:01:09:51 +0200] "GET /Jurek/eurofirany/images/460779/0.jpg HTTP/2.0" 200 70675 "-" "baselinker"
51.77.52.107 - - [22/Apr/2025:01:10:05 +0200] "GET /Jurek/eurofirany/images/460779/0.jpg HTTP/2.0" 200 70675 "-" "baselinker"
51.77.52.107 - - [22/Apr/2025:01:10:20 +0200] "GET /Jurek/eurofirany/images/460858/0.jpg HTTP/2.0" 200 97447 "-" "baselinker"
51.77.52.107 - - [22/Apr/2025:01:10:35 +0200] "GET /Jurek/eurofirany/images/460858/0.jpg HTTP/2.0" 200 97447 "-" "baselinker"
51.77.52.107 - - [22/Apr/2025:01:10:50 +0200] "GET /Jurek/eurofirany/images/460858/0.jpg HTTP/2.0" 200 97447 "-" "baselinker"
46.101.116.244 - - [22/Apr/2025:01:11:08 +0200] "GET /Jurek/aw/feeds/aw_fnacfr.xml HTTP/1.0" 404 3551 "-" "-"
51.77.52.107 - - [22/Apr/2025:01:11:08 +0200] "GET /Jurek/eurofirany/images/460860/0.jpg HTTP/2.0" 200 96439 "-" "baselinker"
51.77.52.107 - - [22/Apr/2025:01:11:19 +0200] "GET /Jurek/eurofirany/images/460860/0.jpg HTTP/2.0" 200 96439 "-" "baselinker"
51.77.52.107 - - [22/Apr/2025:01:11:22 +0200] "GET /Jurek/eurofirany/images/460860/0.jpg HTTP/2.0" 200 96439 "-" "baselinker"
89.161.206.59 - - [22/Apr/2025:01:11:32 +0200] "GET /Jurek/muminky/feeds/muminky_skroutz.xml HTTP/1.0" 200 2270318 "-" "-"
89.161.206.59 - - [22/Apr/2025:01:11:34 +0200] "GET /Jurek/pupus/feeds/pupus_skroutz.xml HTTP/1.0" 200 882637 "-" "-"
51.77.52.107 - - [22/Apr/2025:01:11:38 +0200] "GET /Jurek/eurofirany/images/460861/0.jpg HTTP/2.0" 200 77545 "-" "baselinker"
51.77.52.107 - - [22/Apr/2025:01:11:54 +0200] "GET /Jurek/eurofirany/images/460861/0.jpg HTTP/2.0" 200 77545 "-" "baselinker"
51.77.52.107 - - [22/Apr/2025:01:12:17 +0200] "GET /Jurek/eurofirany/images/460861/0.jpg HTTP/2.0" 200 77545 "-" "baselinker"
89.161.206.59 - - [22/Apr/2025:01:12:17 +0200] "GET /Jurek/hanex/feeds/hanex_skroutz.xml HTTP/1.0" 200 13931573 "-" "-"
89.161.206.59 - - [22/Apr/2025:01:12:25 +0200] "GET /Jurek/coppotech/feeds/coppotech_skroutz.xml HTTP/1.0" 200 37852456 "-" "-"
89.161.206.59 - - [22/Apr/2025:01:12:28 +0200] "GET /Jurek/elavia/feeds/elavia_skroutz.xml HTTP/1.0" 200 2497261 "-" "-"
51.77.52.107 - - [22/Apr/2025:01:12:32 +0200] "GET /Jurek/eurofirany/images/460862/0.jpg HTTP/2.0" 200 77512 "-" "baselinker"
89.161.206.59 - - [22/Apr/2025:01:12:34 +0200] "GET /Jurek/maksik/feeds/maksik_skroutz.xml HTTP/1.0" 200 4084684 "-" "-"
89.161.206.59 - - [22/Apr/2025:01:12:42 +0200] "GET /Jurek/princelh/feeds/princelh_skroutz.xml HTTP/1.0" 200 133436 "-" "-"
