51.77.52.107 - - [22/Apr/2025:00:00:03 +0200] "GET /Jurek/eurofirany/images/460885/0.jpg HTTP/2.0" 200 74610 "-" "baselinker"
46.101.116.244 - - [22/Apr/2025:00:00:03 +0200] "GET /Jurek/twm/feeds/twm-kauflandsk.xml HTTP/2.0" 200 2489378 "-" "-"
89.161.206.59 - - [22/Apr/2025:00:00:15 +0200] "GET /Jurek/wenom/feeds/wenom_emagro.xml HTTP/1.0" 200 583122 "-" "-"
89.161.206.59 - - [22/Apr/2025:00:00:15 +0200] "GET /Jurek/madrex/feeds/madrex_emagro.xml HTTP/1.0" 200 466713 "-" "-"
46.101.116.244 - - [22/Apr/2025:00:00:15 +0200] "GET /Jurek/unimet/feeds/unimet_kauflandsk.xml HTTP/2.0" 200 61141562 "-" "-"
89.161.206.59 - - [22/Apr/2025:00:00:15 +0200] "GET /Jurek/zepnij/feeds/zepnij_emagro.xml HTTP/1.0" 200 19523697 "-" "-"
51.77.52.107 - - [22/Apr/2025:00:00:18 +0200] "GET /Jurek/eurofirany/images/460885/0.jpg HTTP/2.0" 200 74610 "-" "baselinker"
52.18.22.0 - - [22/Apr/2025:00:00:38 +0200] "GET /marketplaces/ubaldi/results/ubaldi.csv HTTP/1.1" 200 3434705 "-" "Mirakl HttpClient"
51.77.52.107 - - [22/Apr/2025:00:00:42 +0200] "GET /Jurek/eurofirany/images/460885/0.jpg HTTP/2.0" 200 74610 "-" "baselinker"
51.77.52.107 - - [22/Apr/2025:00:00:59 +0200] "GET /Jurek/eurofirany/images/461620/0.jpg HTTP/2.0" 200 106697 "-" "baselinker"
89.161.206.59 - - [22/Apr/2025:00:01:11 +0200] "GET /Jurek/sternhoff/feeds/sternhoff_emagro.xml HTTP/1.0" 200 1775469 "-" "-"
89.161.206.59 - - [22/Apr/2025:00:01:11 +0200] "GET /Jurek/hlo/feeds/hlo_emagro.xml HTTP/1.0" 200 4838786 "-" "-"
89.161.206.59 - - [22/Apr/2025:00:01:12 +0200] "GET /Jurek/euroshop/feeds/euroshop_emagro.xml HTTP/1.0" 200 20026568 "-" "-"
89.161.206.59 - - [22/Apr/2025:00:01:13 +0200] "GET /Jurek/polzoo/feeds/polzoo_emagro.xml HTTP/1.0" 200 48128312 "-" "-"
89.161.206.59 - - [22/Apr/2025:00:01:17 +0200] "GET /Jurek/luxma/feeds/luxma_emagro.xml HTTP/1.0" 200 8059121 "-" "-"
35.204.39.32 - - [22/Apr/2025:00:01:17 +0200] "GET /marketplaces/vente/results/vente_nl.csv HTTP/1.1" 200 2172874 "-" "Mirakl HttpClient"
51.77.52.107 - - [22/Apr/2025:00:01:17 +0200] "GET /Jurek/eurofirany/images/461620/0.jpg HTTP/2.0" 200 106697 "-" "baselinker"
89.161.206.59 - - [22/Apr/2025:00:01:17 +0200] "GET /Jurek/german/feeds/german_emagro.xml HTTP/1.0" 200 2853961 "-" "-"
35.204.39.32 - - [22/Apr/2025:00:01:18 +0200] "GET /marketplaces/vente/results/vente_fr.csv HTTP/1.1" 200 2393735 "-" "Mirakl HttpClient"
89.161.206.59 - - [22/Apr/2025:00:01:18 +0200] "GET /Jurek/oknobest/feeds/oknobest_emagro.xml HTTP/1.0" 200 2708149 "-" "-"
89.161.206.59 - - [22/Apr/2025:00:01:18 +0200] "GET /Jurek/purewear/feeds/purewear_emagro.xml HTTP/1.0" 200 13354572 "-" "-"
35.204.39.32 - - [22/Apr/2025:00:01:19 +0200] "GET /marketplaces/vente/results/vente_be.csv HTTP/1.1" 200 2172843 "-" "Mirakl HttpClient"
35.204.39.32 - - [22/Apr/2025:00:01:19 +0200] "GET /marketplaces/vente/results/vente_it.csv HTTP/1.1" 200 2202445 "-" "Mirakl HttpClient"
89.161.206.59 - - [22/Apr/2025:00:01:20 +0200] "GET /Jurek/beautycare/feeds/beautycare_emagro.xml HTTP/1.0" 200 1181599 "-" "-"
89.161.206.59 - - [22/Apr/2025:00:01:20 +0200] "GET /Jurek/makow/feeds/makow_emagro.xml HTTP/1.0" 200 21205845 "-" "-"
35.204.39.32 - - [22/Apr/2025:00:01:20 +0200] "GET /marketplaces/vente/results/vente_es.csv HTTP/1.1" 200 2172283 "-" "Mirakl HttpClient"
35.204.39.32 - - [22/Apr/2025:00:01:21 +0200] "GET /marketplaces/vente/results/vente_de.csv HTTP/1.1" 200 2172277 "-" "Mirakl HttpClient"
89.161.206.59 - - [22/Apr/2025:00:01:21 +0200] "GET /Jurek/hurtmeblowy/feeds/hurtmeblowy_skroutz.xml HTTP/1.0" 200 8514768 "-" "-"
89.161.206.59 - - [22/Apr/2025:00:01:22 +0200] "GET /Jurek/globaldeli/feeds/globaldeli_emagro.xml HTTP/1.0" 200 2590918 "-" "-"
51.77.52.107 - - [22/Apr/2025:00:01:25 +0200] "GET /Jurek/eurofirany/images/461620/0.jpg HTTP/2.0" 200 106697 "-" "baselinker"
51.77.52.107 - - [22/Apr/2025:00:01:30 +0200] "GET /Jurek/eurofirany/images/457466/0.jpg HTTP/2.0" 200 71568 "-" "baselinker"
51.77.52.107 - - [22/Apr/2025:00:01:51 +0200] "GET /Jurek/eurofirany/images/457466/0.jpg HTTP/2.0" 200 71568 "-" "baselinker"
51.77.52.107 - - [22/Apr/2025:00:02:07 +0200] "GET /Jurek/eurofirany/images/457466/0.jpg HTTP/2.0" 200 71568 "-" "baselinker"
52.209.168.113 - - [22/Apr/2025:00:02:10 +0200] "GET /marketplaces/rue/results/rue.csv HTTP/1.1" 200 6811269 "-" "Mirakl HttpClient"
89.161.206.59 - - [22/Apr/2025:00:02:24 +0200] "GET /Jurek/oromed/feeds/oromed_skroutz.xml HTTP/1.0" 200 1103031 "-" "-"
89.161.206.59 - - [22/Apr/2025:00:02:26 +0200] "GET /Jurek/ralmetal/feeds/ralmetal_skroutz.xml HTTP/1.0" 200 2039892 "-" "-"
51.77.52.107 - - [22/Apr/2025:00:02:27 +0200] "GET /Jurek/eurofirany/images/457467/0.jpg HTTP/2.0" 200 80956 "-" "baselinker"
51.77.52.107 - - [22/Apr/2025:00:02:47 +0200] "GET /Jurek/eurofirany/images/457467/0.jpg HTTP/2.0" 200 80956 "-" "baselinker"
51.77.52.107 - - [22/Apr/2025:00:03:02 +0200] "GET /Jurek/eurofirany/images/457467/0.jpg HTTP/2.0" 200 80956 "-" "baselinker"
46.101.116.244 - - [22/Apr/2025:00:03:04 +0200] "GET /Jurek/vivaldi/feeds/vivaldi_kauflandsk.xml HTTP/2.0" 200 344656 "-" "-"
51.77.52.107 - - [22/Apr/2025:00:03:05 +0200] "GET /Jurek/eurofirany/images/457469/0.jpg HTTP/2.0" 200 82163 "-" "baselinker"
89.161.206.59 - - [22/Apr/2025:00:03:10 +0200] "GET /Jurek/galopi/feeds/galopi_skroutz.xml HTTP/1.0" 200 2111098 "-" "-"
89.161.206.59 - - [22/Apr/2025:00:03:11 +0200] "GET /Jurek/spali/feeds/spali_skroutz.xml HTTP/1.0" 200 77058 "-" "-"
89.161.206.59 - - [22/Apr/2025:00:03:11 +0200] "GET /Jurek/eurofryz/feeds/eurofryz_skroutz.xml HTTP/1.0" 200 1381544 "-" "-"
89.161.206.59 - - [22/Apr/2025:00:03:12 +0200] "GET /Jurek/combine/feeds/combine_skroutz.xml HTTP/1.0" 200 210558 "-" "-"
51.77.52.107 - - [22/Apr/2025:00:03:21 +0200] "GET /Jurek/eurofirany/images/457469/0.jpg HTTP/2.0" 200 82163 "-" "baselinker"
89.161.206.59 - - [22/Apr/2025:00:03:25 +0200] "GET /Jurek/velinda/feeds/velinda_skroutz.xml HTTP/1.0" 200 23447 "-" "-"
89.161.206.59 - - [22/Apr/2025:00:03:27 +0200] "GET /Jurek/erohurtownia/feeds/erohurtownia_skroutz.xml HTTP/1.0" 200 22846369 "-" "-"
89.161.206.59 - - [22/Apr/2025:00:03:30 +0200] "GET /Jurek/reman/feeds/reman_skroutz.xml HTTP/1.0" 200 1394829 "-" "-"
89.161.206.59 - - [22/Apr/2025:00:03:30 +0200] "GET /Jurek/urwiskowo/feeds/urwiskowo_skroutz.xml HTTP/1.0" 200 9114985 "-" "-"
46.101.116.244 - - [22/Apr/2025:00:03:50 +0200] "GET /Jurek/vidaSK/feeds/vida_kaufland.xml HTTP/2.0" 200 663763007 "-" "-"
51.77.52.107 - - [22/Apr/2025:00:03:50 +0200] "GET /Jurek/eurofirany/images/457469/0.jpg HTTP/2.0" 200 82163 "-" "baselinker"
89.161.206.59 - - [22/Apr/2025:00:03:56 +0200] "GET /Jurek/kobi/feeds/kobi_skroutz.xml HTTP/1.0" 200 1993216 "-" "-"
52.209.168.113 - - [22/Apr/2025:00:03:56 +0200] "GET /marketplaces/carrefour/results/carrefour.csv HTTP/1.1" 200 147221 "-" "Mirakl HttpClient"
89.161.206.59 - - [22/Apr/2025:00:03:57 +0200] "GET /Jurek/evil/feeds/evil_skroutz.xml HTTP/1.0" 200 252479 "-" "-"
89.161.206.59 - - [22/Apr/2025:00:03:57 +0200] "GET /Jurek/antiodor/feeds/antiodor_skroutz.xml HTTP/1.0" 200 137853 "-" "-"
89.161.206.59 - - [22/Apr/2025:00:03:58 +0200] "GET /Jurek/sartrix/feeds/sartrix_skroutz.xml HTTP/1.0" 200 649187 "-" "-"
89.161.206.59 - - [22/Apr/2025:00:03:58 +0200] "GET /Jurek/twojsklep/feeds/twojsklep_skroutz.xml HTTP/1.0" 200 126800 "-" "-"
89.161.206.59 - - [22/Apr/2025:00:04:00 +0200] "GET /Jurek/drewdon/feeds/drewdon_skroutz.xml HTTP/1.0" 200 358902 "-" "-"
89.161.206.59 - - [22/Apr/2025:00:04:01 +0200] "GET /Jurek/dekoele/feeds/dekoele_skroutz.xml HTTP/1.0" 200 378802 "-" "-"
89.161.206.59 - - [22/Apr/2025:00:04:01 +0200] "GET /Jurek/primohurt/feeds/primohurt_skroutz.xml HTTP/1.0" 200 17187048 "-" "-"
51.77.52.107 - - [22/Apr/2025:00:04:02 +0200] "GET /Jurek/eurofirany/images/461416/0.jpg HTTP/2.0" 200 145679 "-" "baselinker"
89.161.206.59 - - [22/Apr/2025:00:04:02 +0200] "GET /Jurek/rider/feeds/rider_skroutz.xml HTTP/1.0" 200 8165220 "-" "-"
89.161.206.59 - - [22/Apr/2025:00:04:03 +0200] "GET /Jurek/expertauto/feeds/expertauto_skroutz.xml HTTP/1.0" 200 1158917 "-" "-"
89.161.206.59 - - [22/Apr/2025:00:04:04 +0200] "GET /Jurek/qbox/feeds/qbox_skroutz.xml HTTP/1.0" 200 398699 "-" "-"
89.161.206.59 - - [22/Apr/2025:00:04:13 +0200] "GET /Jurek/aiofactory/feeds/aiofactory_skroutz.xml HTTP/1.0" 200 1876516 "-" "-"
89.161.206.59 - - [22/Apr/2025:00:04:14 +0200] "GET /Jurek/ekotex/feeds/ekotex_skroutz.xml HTTP/1.0" 200 197810 "-" "-"
89.161.206.59 - - [22/Apr/2025:00:04:15 +0200] "GET /Jurek/motofan/feeds/motofan_skroutz.xml HTTP/1.0" 200 2392151 "-" "-"
89.161.206.59 - - [22/Apr/2025:00:04:16 +0200] "GET /Jurek/elecomp/feeds/elecomp_skroutz.xml HTTP/1.0" 200 2769806 "-" "-"
51.77.52.107 - - [22/Apr/2025:00:04:19 +0200] "GET /Jurek/eurofirany/images/461416/0.jpg HTTP/2.0" 200 145679 "-" "baselinker"
51.77.52.107 - - [22/Apr/2025:00:04:36 +0200] "GET /Jurek/eurofirany/images/461416/0.jpg HTTP/2.0" 200 145679 "-" "baselinker"
89.161.206.59 - - [22/Apr/2025:00:04:40 +0200] "GET /Jurek/eurofirany/feeds/eurofirany_skroutz.xml HTTP/1.0" 200 18778150 "-" "-"
46.101.116.244 - - [22/Apr/2025:00:04:42 +0200] "GET /Jurek/madrex/feeds/madrex_kauflandde.xml HTTP/2.0" 200 466693 "-" "-"
51.77.52.107 - - [22/Apr/2025:00:04:51 +0200] "GET /Jurek/eurofirany/images/461417/0.jpg HTTP/2.0" 200 155465 "-" "baselinker"
46.101.116.244 - - [22/Apr/2025:00:04:53 +0200] "GET /Jurek/hurtmeblowy/feeds/hurtmeblowy_kauflandde.xml HTTP/2.0" 200 7523684 "-" "-"
46.101.116.244 - - [22/Apr/2025:00:05:05 +0200] "GET /Jurek/kobi/feeds/kobi_kauflandde.xml HTTP/2.0" 200 942985 "-" "-"
51.77.52.107 - - [22/Apr/2025:00:05:06 +0200] "GET /Jurek/eurofirany/images/461417/0.jpg HTTP/2.0" 200 155465 "-" "baselinker"
46.101.116.244 - - [22/Apr/2025:00:05:15 +0200] "GET /Jurek/topeshop/feeds/topeshop_skr.xml HTTP/1.0" 200 919914 "-" "-"
46.101.116.244 - - [22/Apr/2025:00:05:16 +0200] "GET /Jurek/matkam/feeds/matkam_kauflandde.xml HTTP/2.0" 200 4424942 "-" "-"
51.77.52.107 - - [22/Apr/2025:00:05:24 +0200] "GET /Jurek/eurofirany/images/461417/0.jpg HTTP/2.0" 200 155465 "-" "baselinker"
46.101.116.244 - - [22/Apr/2025:00:05:27 +0200] "GET /Jurek/action/feeds/action_kauflandde.xml HTTP/2.0" 200 59852104 "-" "-"
51.77.52.107 - - [22/Apr/2025:00:05:40 +0200] "GET /Jurek/eurofirany/images/460181/0.jpg HTTP/2.0" 200 105558 "-" "baselinker"
51.77.52.107 - - [22/Apr/2025:00:05:57 +0200] "GET /Jurek/eurofirany/images/460181/0.jpg HTTP/2.0" 200 105558 "-" "baselinker"
89.161.206.59 - - [22/Apr/2025:00:05:58 +0200] "GET /Jurek/smxdesign/feeds/smxdesign_skroutz.xml HTTP/1.0" 200 1829035 "-" "-"
89.161.206.59 - - [22/Apr/2025:00:06:01 +0200] "GET /Jurek/proparts/feeds/proparts_skroutz.xml HTTP/1.0" 200 707501 "-" "-"
89.161.206.59 - - [22/Apr/2025:00:06:08 +0200] "GET /Jurek/kristronik/feeds/kristronik_skroutz.xml HTTP/1.0" 200 691970 "-" "-"
89.161.206.59 - - [22/Apr/2025:00:06:10 +0200] "GET /Jurek/beltimore/feeds/beltimore_skroutz.xml HTTP/1.0" 200 18651718 "-" "-"
89.161.206.59 - - [22/Apr/2025:00:06:11 +0200] "GET /Jurek/galopibhp/feeds/galopibhp_skroutz.xml HTTP/1.0" 200 1852319 "-" "-"
89.161.206.59 - - [22/Apr/2025:00:06:13 +0200] "GET /Jurek/techrebalina/feeds/techrebalina_skroutz.xml HTTP/1.0" 200 2011208 "-" "-"
51.77.52.107 - - [22/Apr/2025:00:06:13 +0200] "GET /Jurek/eurofirany/images/460181/0.jpg HTTP/2.0" 200 105558 "-" "baselinker"
89.161.206.59 - - [22/Apr/2025:00:06:14 +0200] "GET /Jurek/techrebal/feeds/techrebal_skroutz.xml HTTP/1.0" 200 1989735 "-" "-"
46.101.116.244 - - [22/Apr/2025:00:06:15 +0200] "GET /Jurek/aw/feeds/aw_fnacfr.xml HTTP/1.0" 404 3551 "-" "-"
51.77.52.107 - - [22/Apr/2025:00:06:29 +0200] "GET /Jurek/eurofirany/images/460196/0.jpg HTTP/2.0" 200 99003 "-" "baselinker"
51.77.52.107 - - [22/Apr/2025:00:06:48 +0200] "GET /Jurek/eurofirany/images/460196/0.jpg HTTP/2.0" 200 99003 "-" "baselinker"
89.161.206.59 - - [22/Apr/2025:00:06:52 +0200] "GET /Jurek/takapara/feeds/takapara_skroutz.xml HTTP/1.0" 200 1342596 "-" "-"
51.77.52.107 - - [22/Apr/2025:00:07:00 +0200] "GET /Jurek/eurofirany/images/460196/0.jpg HTTP/2.0" 200 99003 "-" "baselinker"
89.161.206.59 - - [22/Apr/2025:00:07:05 +0200] "GET /Jurek/zbimatyja/feeds/zbimatyja_skroutz.xml HTTP/1.0" 200 11670216 "-" "-"
89.161.206.59 - - [22/Apr/2025:00:07:05 +0200] "GET /Jurek/regis/feeds/regis_skroutz.xml HTTP/1.0" 200 228502 "-" "-"
89.161.206.59 - - [22/Apr/2025:00:07:05 +0200] "GET /Jurek/equalo/feeds/equalo_skroutz.xml HTTP/1.0" 200 98007 "-" "-"
51.77.52.107 - - [22/Apr/2025:00:07:11 +0200] "GET /Jurek/eurofirany/images/460199/0.jpg HTTP/2.0" 200 102925 "-" "baselinker"
51.77.52.107 - - [22/Apr/2025:00:07:28 +0200] "GET /Jurek/eurofirany/images/460199/0.jpg HTTP/2.0" 200 102925 "-" "baselinker"
46.101.116.244 - - [22/Apr/2025:00:07:44 +0200] "GET /Jurek/kinghoff/feeds/kinghoff_kauflandde.xml HTTP/2.0" 200 15460265 "-" "-"
51.77.52.107 - - [22/Apr/2025:00:07:44 +0200] "GET /Jurek/eurofirany/images/460199/0.jpg HTTP/2.0" 200 102925 "-" "baselinker"
89.161.206.59 - - [22/Apr/2025:00:07:57 +0200] "GET /Jurek/carbonyway/feeds/carbonyway_skroutz.xml HTTP/1.0" 200 3076000 "-" "-"
89.161.206.59 - - [22/Apr/2025:00:07:57 +0200] "GET /Jurek/jakdroz/feeds/jakdroz_skroutz.xml HTTP/1.0" 200 4089987 "-" "-"
89.161.206.59 - - [22/Apr/2025:00:07:58 +0200] "GET /Jurek/filmal/feeds/filmal_skroutz.xml HTTP/1.0" 200 139277 "-" "-"
89.161.206.59 - - [22/Apr/2025:00:07:58 +0200] "GET /Jurek/jakdroz/feeds/jakdroz_skroutz.xml HTTP/1.0" 200 4089987 "-" "-"
89.161.206.59 - - [22/Apr/2025:00:08:00 +0200] "GET /Jurek/riko/feeds/riko_skr.xml HTTP/1.0" 200 3784580 "-" "-"
89.161.206.59 - - [22/Apr/2025:00:08:00 +0200] "GET /Jurek/cdata/feeds/cdata_skr.xml HTTP/1.0" 200 1445074 "-" "-"
51.77.52.107 - - [22/Apr/2025:00:08:01 +0200] "GET /Jurek/eurofirany/images/460207/0.jpg HTTP/2.0" 200 124462 "-" "baselinker"
89.161.206.59 - - [22/Apr/2025:00:08:01 +0200] "GET /Jurek/tsjerzy/feeds/tsjerzy_skr.xml HTTP/1.0" 200 3897715 "-" "-"
89.161.206.59 - - [22/Apr/2025:00:08:01 +0200] "GET /Jurek/sebmart/feeds/sebmart_skr.xml HTTP/1.0" 200 1598744 "-" "-"
89.161.206.59 - - [22/Apr/2025:00:08:03 +0200] "GET /Jurek/kalama/feeds/kalama_skr.xml HTTP/1.0" 200 2541288 "-" "-"
89.161.206.59 - - [22/Apr/2025:00:08:03 +0200] "GET /Jurek/harmonypost/feeds/harmonypost_skr.xml HTTP/1.0" 200 39902925 "-" "-"
46.101.116.244 - - [22/Apr/2025:00:08:12 +0200] "GET /Jurek/unimet/feeds/unimet_kauflandde.xml HTTP/2.0" 200 61139058 "-" "-"
51.77.52.107 - - [22/Apr/2025:00:08:16 +0200] "GET /Jurek/eurofirany/images/460207/0.jpg HTTP/2.0" 200 124462 "-" "baselinker"
51.77.52.107 - - [22/Apr/2025:00:08:27 +0200] "GET /Jurek/eurofirany/images/460207/0.jpg HTTP/2.0" 200 124462 "-" "baselinker"
51.77.52.107 - - [22/Apr/2025:00:08:42 +0200] "GET /Jurek/eurofirany/images/460887/0.jpg HTTP/2.0" 200 71502 "-" "baselinker"
46.101.116.244 - - [22/Apr/2025:00:08:47 +0200] "GET /Jurek/aw/feeds/aw_fnacfr.xml HTTP/1.0" 404 3551 "-" "-"
51.77.52.107 - - [22/Apr/2025:00:08:58 +0200] "GET /Jurek/eurofirany/images/460887/0.jpg HTTP/2.0" 200 71502 "-" "baselinker"
51.77.52.107 - - [22/Apr/2025:00:09:15 +0200] "GET /Jurek/eurofirany/images/460887/0.jpg HTTP/2.0" 200 71502 "-" "baselinker"
51.77.52.107 - - [22/Apr/2025:00:09:31 +0200] "GET /Jurek/eurofirany/images/460761/0.jpg HTTP/2.0" 200 80426 "-" "baselinker"
51.77.52.107 - - [22/Apr/2025:00:09:48 +0200] "GET /Jurek/eurofirany/images/460761/0.jpg HTTP/2.0" 200 80426 "-" "baselinker"
89.161.206.59 - - [22/Apr/2025:00:10:04 +0200] "GET /Jurek/hurtownia_przemyslowa/feeds/hp_ebayde.xml HTTP/1.0" 200 35620972 "-" "-"
51.77.52.107 - - [22/Apr/2025:00:10:06 +0200] "GET /Jurek/eurofirany/images/460761/0.jpg HTTP/2.0" 200 80426 "-" "baselinker"
51.77.52.107 - - [22/Apr/2025:00:10:24 +0200] "GET /Jurek/eurofirany/images/460760/0.jpg HTTP/2.0" 200 137863 "-" "baselinker"
89.161.206.59 - - [22/Apr/2025:00:10:37 +0200] "GET /Jurek/cbdgreen/feeds/cbdgreen_skroutz.xml HTTP/1.0" 200 30340 "-" "-"
51.77.52.107 - - [22/Apr/2025:00:10:42 +0200] "GET /Jurek/eurofirany/images/460760/0.jpg HTTP/2.0" 200 137863 "-" "baselinker"
66.249.64.165 - - [22/Apr/2025:00:10:47 +0200] "GET /Jurek/topeshop/downloaded_images/5904507200367_BILBAO7(3).jpg HTTP/1.1" 404 3551 "-" "Googlebot-Image/1.0"
51.77.52.107 - - [22/Apr/2025:00:11:01 +0200] "GET /Jurek/eurofirany/images/460760/0.jpg HTTP/2.0" 200 137863 "-" "baselinker"
46.101.116.244 - - [22/Apr/2025:00:11:13 +0200] "GET /Jurek/aw/feeds/aw_fnacfr.xml HTTP/1.0" 404 3551 "-" "-"
89.161.206.59 - - [22/Apr/2025:00:11:20 +0200] "GET /Jurek/eurofirany/feeds/eurofirany_ebay.xml HTTP/1.0" 200 18963866 "-" "-"
51.77.52.107 - - [22/Apr/2025:00:11:21 +0200] "GET /Jurek/eurofirany/images/460792/0.jpg HTTP/2.0" 200 115220 "-" "baselinker"
46.101.116.244 - - [22/Apr/2025:00:11:25 +0200] "GET /Jurek/hurtownia_przemyslowa/feeds/hp_kaufde.xml HTTP/2.0" 200 49360037 "-" "-"
51.77.52.107 - - [22/Apr/2025:00:11:39 +0200] "GET /Jurek/eurofirany/images/460792/0.jpg HTTP/2.0" 200 115220 "-" "baselinker"
46.101.116.244 - - [22/Apr/2025:00:11:56 +0200] "GET /Jurek/broers/feeds/broers_mallsigs.xml HTTP/2.0" 200 1982489 "-" "-"
51.77.52.107 - - [22/Apr/2025:00:11:57 +0200] "GET /Jurek/eurofirany/images/460792/0.jpg HTTP/2.0" 200 115220 "-" "baselinker"
46.101.116.244 - - [22/Apr/2025:00:12:06 +0200] "GET /Jurek/cdata/feeds/cdata_mallsigs.xml HTTP/2.0" 200 1445075 "-" "-"
51.77.52.107 - - [22/Apr/2025:00:12:13 +0200] "GET /Jurek/eurofirany/images/460802/0.jpg HTTP/2.0" 200 124263 "-" "baselinker"
46.101.116.244 - - [22/Apr/2025:00:12:17 +0200] "GET /Jurek/elavia/feeds/elavia_mallsigs.xml HTTP/2.0" 200 2497274 "-" "-"
66.135.223.40 - - [22/Apr/2025:00:12:19 +0200] "GET /Jurek/topeshop/downloaded_images/5904507209179_bry%C5%82ka0010.jpg HTTP/1.1" 200 35422 "http://www.ebay.com/" "Mozilla/4.0 (compatible; MSIE 4.01; Windows NT)"
66.135.223.42 - - [22/Apr/2025:00:12:19 +0200] "GET /Jurek/topeshop/downloaded_images/5904507209179_bry%C5%82ka0012.jpg HTTP/1.1" 200 60219 "http://www.ebay.com/" "Mozilla/4.0 (compatible; MSIE 4.01; Windows NT)"
66.135.223.40 - - [22/Apr/2025:00:12:19 +0200] "GET /Jurek/topeshop/downloaded_images/5904507209179_Rendery_szafa-duo0016.jpg HTTP/1.1" 200 89574 "http://www.ebay.com/" "Mozilla/4.0 (compatible; MSIE 4.01; Windows NT)"
66.135.223.44 - - [22/Apr/2025:00:12:19 +0200] "GET /Jurek/topeshop/downloaded_images/5904507209179_Rendery_szafa-duo0010.jpg HTTP/1.1" 200 101116 "http://www.ebay.com/" "Mozilla/4.0 (compatible; MSIE 4.01; Windows NT)"
66.135.223.42 - - [22/Apr/2025:00:12:19 +0200] "GET /Jurek/topeshop/downloaded_images/5904507209179_bry%C5%82ka0016.jpg HTTP/1.1" 200 60663 "http://www.ebay.com/" "Mozilla/4.0 (compatible; MSIE 4.01; Windows NT)"
66.135.223.44 - - [22/Apr/2025:00:12:19 +0200] "GET /Jurek/topeshop/downloaded_images/5904507209179_KASZMIRSZAFADUOFRONTZM.jpg HTTP/1.1" 404 3551 "http://www.ebay.com/" "Mozilla/4.0 (compatible; MSIE 4.01; Windows NT)"
66.135.223.43 - - [22/Apr/2025:00:12:19 +0200] "GET /Jurek/topeshop/downloaded_images/5904507209179_bry%C5%82ka0014.jpg HTTP/1.1" 200 38626 "http://www.ebay.com/" "Mozilla/4.0 (compatible; MSIE 4.01; Windows NT)"
66.135.223.44 - - [22/Apr/2025:00:12:19 +0200] "GET /Jurek/topeshop/downloaded_images/5904507209179_Rendery_szafa-duo0014.jpg HTTP/1.1" 200 83197 "http://www.ebay.com/" "Mozilla/4.0 (compatible; MSIE 4.01; Windows NT)"
66.135.223.41 - - [22/Apr/2025:00:12:19 +0200] "GET /Jurek/topeshop/downloaded_images/5904507209179_PROFILOWE.jpg HTTP/1.1" 200 72642 "http://www.ebay.com/" "Mozilla/4.0 (compatible; MSIE 4.01; Windows NT)"
66.135.223.41 - - [22/Apr/2025:00:12:19 +0200] "GET /Jurek/topeshop/downloaded_images/5904507209179_KASZMIRSZAFADUOFRONTOT.jpg HTTP/1.1" 404 3551 "http://www.ebay.com/" "Mozilla/4.0 (compatible; MSIE 4.01; Windows NT)"
66.135.223.43 - - [22/Apr/2025:00:12:19 +0200] "GET /Jurek/topeshop/downloaded_images/5904507209179_Rendery_szafa-duo0012.jpg HTTP/1.1" 200 108123 "http://www.ebay.com/" "Mozilla/4.0 (compatible; MSIE 4.01; Windows NT)"
46.101.116.244 - - [22/Apr/2025:00:12:27 +0200] "GET /Jurek/filmal/feeds/filmal_mallsigs.xml HTTP/2.0" 200 139276 "-" "-"
51.77.52.107 - - [22/Apr/2025:00:12:33 +0200] "GET /Jurek/eurofirany/images/460802/0.jpg HTTP/2.0" 200 124263 "-" "baselinker"
46.101.116.244 - - [22/Apr/2025:00:12:37 +0200] "GET /Jurek/jakdroz/feeds/jakdroz_mallsigs.xml HTTP/2.0" 200 4089709 "-" "-"
46.101.116.244 - - [22/Apr/2025:00:12:48 +0200] "GET /Jurek/kristronik/feeds/kristronik_mallsigs.xml HTTP/2.0" 200 691979 "-" "-"
51.77.52.107 - - [22/Apr/2025:00:12:50 +0200] "GET /Jurek/eurofirany/images/460802/0.jpg HTTP/2.0" 200 124263 "-" "baselinker"
46.101.116.244 - - [22/Apr/2025:00:12:58 +0200] "GET /Jurek/nonabox/feeds/nonabox_mallsigs.xml HTTP/2.0" 200 33864 "-" "-"
89.161.206.59 - - [22/Apr/2025:00:13:01 +0200] "GET /Jurek/cenoman/feeds/cenoman_skroutz.xml HTTP/1.0" 200 5993188 "-" "-"
216.113.184.105 - - [22/Apr/2025:00:13:08 +0200] "GET /Jurek/topeshop/downloaded_images/5904507200084_MIJASBIURKOBRY%C5%81KABIELPRAWEBOKZM.jpg HTTP/1.1" 404 3551 "http://www.ebay.com/" "Mozilla/4.0 (compatible; MSIE 4.01; Windows NT)"
216.113.184.104 - - [22/Apr/2025:00:13:08 +0200] "GET /Jurek/topeshop/downloaded_images/5904507200084_MIJASBIURKOBRY%C5%81KABIELPRAWEBOKOT.jpg HTTP/1.1" 404 3551 "http://www.ebay.com/" "Mozilla/4.0 (compatible; MSIE 4.01; Windows NT)"
216.113.184.104 - - [22/Apr/2025:00:13:08 +0200] "GET /Jurek/topeshop/downloaded_images/5904507200084_MIJASBIURKOBRY%C5%81KABIELPRAWEFRONTZM.jpg HTTP/1.1" 404 3551 "http://www.ebay.com/" "Mozilla/4.0 (compatible; MSIE 4.01; Windows NT)"
216.113.184.103 - - [22/Apr/2025:00:13:08 +0200] "GET /Jurek/topeshop/downloaded_images/5904507200084_MIJASBIURKOBRY%C5%81KABIELPRAWEFRONTOT.jpg HTTP/1.1" 404 3551 "http://www.ebay.com/" "Mozilla/4.0 (compatible; MSIE 4.01; Windows NT)"
216.113.184.101 - - [22/Apr/2025:00:13:08 +0200] "GET /Jurek/topeshop/downloaded_images/5904507200084_MIJASBIURKOBIELPRAWOOT.2tif.png HTTP/1.1" 404 3551 "http://www.ebay.com/" "Mozilla/4.0 (compatible; MSIE 4.01; Windows NT)"
216.113.184.104 - - [22/Apr/2025:00:13:08 +0200] "GET /Jurek/topeshop/downloaded_images/5904507200084_MIJASBIURKOBIELPRAWO.2tif.png HTTP/1.1" 404 3551 "http://www.ebay.com/" "Mozilla/4.0 (compatible; MSIE 4.01; Windows NT)"
216.113.184.103 - - [22/Apr/2025:00:13:08 +0200] "GET /Jurek/topeshop/downloaded_images/5904507200084_MIJASBIURKOBIELPRAWE.png HTTP/1.1" 404 3551 "http://www.ebay.com/" "Mozilla/4.0 (compatible; MSIE 4.01; Windows NT)"
46.101.116.244 - - [22/Apr/2025:00:13:09 +0200] "GET /Jurek/omi/feeds/omi_mallsigs.xml HTTP/2.0" 200 8105492 "-" "-"
51.77.52.107 - - [22/Apr/2025:00:13:13 +0200] "GET /Jurek/eurofirany/images/460819/0.jpg HTTP/2.0" 200 115464 "-" "baselinker"
46.101.116.244 - - [22/Apr/2025:00:13:20 +0200] "GET /Jurek/proparts/feeds/proparts_mallsigs.xml HTTP/2.0" 200 707473 "-" "-"
51.77.52.107 - - [22/Apr/2025:00:13:30 +0200] "GET /Jurek/eurofirany/images/460819/0.jpg HTTP/2.0" 200 115464 "-" "baselinker"
46.101.116.244 - - [22/Apr/2025:00:13:31 +0200] "GET /Jurek/rosfix/feeds/rosfix_mallsigs.xml HTTP/2.0" 200 35769343 "-" "-"
46.101.116.244 - - [22/Apr/2025:00:13:45 +0200] "GET /Jurek/snibbs/feeds/snibbs_mallsigs.xml HTTP/2.0" 200 74399 "-" "-"
51.77.52.107 - - [22/Apr/2025:00:13:54 +0200] "GET /Jurek/eurofirany/images/460819/0.jpg HTTP/2.0" 200 115464 "-" "baselinker"
46.101.116.244 - - [22/Apr/2025:00:13:56 +0200] "GET /Jurek/sportprise/feeds/sportprise_mallsigs.xml HTTP/2.0" 200 11782284 "-" "-"
51.77.52.107 - - [22/Apr/2025:00:14:09 +0200] "GET /Jurek/eurofirany/images/462632/0.jpg HTTP/2.0" 200 80805 "-" "baselinker"
46.101.116.244 - - [22/Apr/2025:00:14:09 +0200] "GET /Jurek/techrebal/feeds/techrebal_mallsigs.xml HTTP/2.0" 200 1989731 "-" "-"
46.101.116.244 - - [22/Apr/2025:00:14:19 +0200] "GET /Jurek/techrebalina/feeds/techrebalina_mallsigs.xml HTTP/2.0" 200 2011215 "-" "-"
51.77.52.107 - - [22/Apr/2025:00:14:24 +0200] "GET /Jurek/eurofirany/images/462632/0.jpg HTTP/2.0" 200 80805 "-" "baselinker"
46.101.116.244 - - [22/Apr/2025:00:14:30 +0200] "GET /Jurek/zbimatyja/feeds/zbimatyja_mallsigs.xml HTTP/2.0" 200 11670103 "-" "-"
51.77.52.107 - - [22/Apr/2025:00:14:39 +0200] "GET /Jurek/eurofirany/images/462632/0.jpg HTTP/2.0" 200 80805 "-" "baselinker"
46.101.116.244 - - [22/Apr/2025:00:14:42 +0200] "GET /Jurek/maksik/feeds/maksik_mallsi.xml HTTP/2.0" 200 4084754 "-" "-"
46.101.116.244 - - [22/Apr/2025:00:14:53 +0200] "GET /Jurek/andex/feeds/andex_mallsi.xml HTTP/2.0" 200 1953454 "-" "-"
51.77.52.107 - - [22/Apr/2025:00:14:56 +0200] "GET /Jurek/eurofirany/images/462635/0.jpg HTTP/2.0" 200 68489 "-" "baselinker"
216.113.184.102 - - [22/Apr/2025:00:15:02 +0200] "GET /Jurek/topeshop/downloaded_images/5902838463413_DENVER_BIEL(6).jpg HTTP/1.1" 404 3551 "http://www.ebay.com/" "Mozilla/4.0 (compatible; MSIE 4.01; Windows NT)"
216.113.184.105 - - [22/Apr/2025:00:15:02 +0200] "GET /Jurek/topeshop/downloaded_images/5902838463413_DENVER_BIEL(1).jpg HTTP/1.1" 404 3551 "http://www.ebay.com/" "Mozilla/4.0 (compatible; MSIE 4.01; Windows NT)"
216.113.184.104 - - [22/Apr/2025:00:15:02 +0200] "GET /Jurek/topeshop/downloaded_images/5902838463413_DENVER_BIEL(2).jpg HTTP/1.1" 404 3551 "http://www.ebay.com/" "Mozilla/4.0 (compatible; MSIE 4.01; Windows NT)"
216.113.184.101 - - [22/Apr/2025:00:15:02 +0200] "GET /Jurek/topeshop/downloaded_images/5902838463413_DENVER_BIEL(3).jpg HTTP/1.1" 404 3551 "http://www.ebay.com/" "Mozilla/4.0 (compatible; MSIE 4.01; Windows NT)"
216.113.184.105 - - [22/Apr/2025:00:15:02 +0200] "GET /Jurek/topeshop/downloaded_images/5902838463413_DENVER_BIEL(5).jpg HTTP/1.1" 404 3551 "http://www.ebay.com/" "Mozilla/4.0 (compatible; MSIE 4.01; Windows NT)"
216.113.184.102 - - [22/Apr/2025:00:15:02 +0200] "GET /Jurek/topeshop/downloaded_images/5902838463413_DENVER_BIEL(4).jpg HTTP/1.1" 404 3551 "http://www.ebay.com/" "Mozilla/4.0 (compatible; MSIE 4.01; Windows NT)"
216.113.184.105 - - [22/Apr/2025:00:15:03 +0200] "GET /Jurek/topeshop/downloaded_images/5902838463413_render_pop_.RGB_color.0010_kopia.png HTTP/1.1" 200 327122 "http://www.ebay.com/" "Mozilla/4.0 (compatible; MSIE 4.01; Windows NT)"
216.113.184.101 - - [22/Apr/2025:00:15:03 +0200] "GET /Jurek/topeshop/downloaded_images/5902838463413_render_pop_.RGB_color.0012_kopia.png HTTP/1.1" 200 337992 "http://www.ebay.com/" "Mozilla/4.0 (compatible; MSIE 4.01; Windows NT)"
216.113.184.103 - - [22/Apr/2025:00:15:03 +0200] "GET /Jurek/topeshop/downloaded_images/5902838463413_biel_matt.png HTTP/1.1" 200 1119197 "http://www.ebay.com/" "Mozilla/4.0 (compatible; MSIE 4.01; Windows NT)"
46.101.116.244 - - [22/Apr/2025:00:15:04 +0200] "GET /Jurek/german/feeds/german_mallsi.xml HTTP/2.0" 200 2853569 "-" "-"
51.77.52.107 - - [22/Apr/2025:00:15:12 +0200] "GET /Jurek/eurofirany/images/462635/0.jpg HTTP/2.0" 200 68489 "-" "baselinker"
46.101.116.244 - - [22/Apr/2025:00:15:15 +0200] "GET /Jurek/hanex/feeds/hanex_mallsi.xml HTTP/2.0" 200 13931575 "-" "-"
46.101.116.244 - - [22/Apr/2025:00:15:26 +0200] "GET /Jurek/maksik/feeds/maksik_mallsi.xml HTTP/2.0" 200 4084754 "-" "-"
51.77.52.107 - - [22/Apr/2025:00:15:30 +0200] "GET /Jurek/eurofirany/images/462635/0.jpg HTTP/2.0" 200 68489 "-" "baselinker"
46.101.116.244 - - [22/Apr/2025:00:15:37 +0200] "GET /Jurek/smxdesign/feeds/smxdesign_mallsi.xml HTTP/2.0" 200 1829042 "-" "-"
216.113.184.102 - - [22/Apr/2025:00:15:42 +0200] "GET /Jurek/topeshop/downloaded_images/5904507200367_1.jpg HTTP/1.1" 200 29380 "http://www.ebay.com/" "Mozilla/4.0 (compatible; MSIE 4.01; Windows NT)"
216.113.184.104 - - [22/Apr/2025:00:15:42 +0200] "GET /Jurek/topeshop/downloaded_images/5904507200367_BILBAO7(1).jpg HTTP/1.1" 404 3551 "http://www.ebay.com/" "Mozilla/4.0 (compatible; MSIE 4.01; Windows NT)"
216.113.184.102 - - [22/Apr/2025:00:15:42 +0200] "GET /Jurek/topeshop/downloaded_images/5904507200367_BILBAO7(2).jpg HTTP/1.1" 404 3551 "http://www.ebay.com/" "Mozilla/4.0 (compatible; MSIE 4.01; Windows NT)"
216.113.184.101 - - [22/Apr/2025:00:15:42 +0200] "GET /Jurek/topeshop/downloaded_images/5904507200367_wizualizacja.jpg HTTP/1.1" 200 65961 "http://www.ebay.com/" "Mozilla/4.0 (compatible; MSIE 4.01; Windows NT)"
216.113.184.103 - - [22/Apr/2025:00:15:42 +0200] "GET /Jurek/topeshop/downloaded_images/5904507200367_3--.jpg HTTP/1.1" 200 52014 "http://www.ebay.com/" "Mozilla/4.0 (compatible; MSIE 4.01; Windows NT)"
216.113.184.103 - - [22/Apr/2025:00:15:42 +0200] "GET /Jurek/topeshop/downloaded_images/5904507200367_biel.png HTTP/1.1" 200 102179 "http://www.ebay.com/" "Mozilla/4.0 (compatible; MSIE 4.01; Windows NT)"
216.113.184.105 - - [22/Apr/2025:00:15:42 +0200] "GET /Jurek/topeshop/downloaded_images/5904507200367_BILBAO7(4).jpg HTTP/1.1" 404 3551 "http://www.ebay.com/" "Mozilla/4.0 (compatible; MSIE 4.01; Windows NT)"
216.113.184.101 - - [22/Apr/2025:00:15:42 +0200] "GET /Jurek/topeshop/downloaded_images/5904507200367_BILBAO7(3).jpg HTTP/1.1" 404 3551 "http://www.ebay.com/" "Mozilla/4.0 (compatible; MSIE 4.01; Windows NT)"
51.77.52.107 - - [22/Apr/2025:00:15:46 +0200] "GET /Jurek/eurofirany/images/463408/0.jpg HTTP/2.0" 200 237518 "-" "baselinker"
46.101.116.244 - - [22/Apr/2025:00:15:47 +0200] "GET /Jurek/aiofactory/feeds/aiofactory_mallsi.xml HTTP/2.0" 200 2123762 "-" "-"
46.101.116.244 - - [22/Apr/2025:00:15:58 +0200] "GET /Jurek/alucon/feeds/alucon_mallsi.xml HTTP/2.0" 200 553571 "-" "-"
51.77.52.107 - - [22/Apr/2025:00:16:00 +0200] "GET /Jurek/eurofirany/images/463408/0.jpg HTTP/2.0" 200 237518 "-" "baselinker"
46.101.116.244 - - [22/Apr/2025:00:16:08 +0200] "GET /Jurek/evil/feeds/evil_mallsi.xml HTTP/2.0" 200 306387 "-" "-"
51.77.52.107 - - [22/Apr/2025:00:16:16 +0200] "GET /Jurek/eurofirany/images/463408/0.jpg HTTP/2.0" 200 237518 "-" "baselinker"
46.101.116.244 - - [22/Apr/2025:00:16:18 +0200] "GET /Jurek/hlo/feeds/hlo_mallsi.xml HTTP/2.0" 200 4838671 "-" "-"
46.101.116.244 - - [22/Apr/2025:00:16:19 +0200] "GET /Jurek/aw/feeds/aw_fnacfr.xml HTTP/1.0" 404 3551 "-" "-"
89.161.206.59 - - [22/Apr/2025:00:16:23 +0200] "GET /Jurek/cdata/feeds/cdata_cdsc.xml HTTP/1.0" 200 1865840 "-" "-"
89.161.206.59 - - [22/Apr/2025:00:16:24 +0200] "GET /Jurek/playcob/feeds/playcob_cdsc.xml HTTP/1.0" 200 6624581 "-" "-"
89.161.206.59 - - [22/Apr/2025:00:16:24 +0200] "GET /Jurek/elavia/feeds/elavia_cdsc.xml HTTP/1.0" 200 2085741 "-" "-"
89.161.206.59 - - [22/Apr/2025:00:16:24 +0200] "GET /Jurek/pagmil/feeds/pagmil_cdsc.xml HTTP/1.0" 200 1133296 "-" "-"
89.161.206.59 - - [22/Apr/2025:00:16:25 +0200] "GET /Jurek/proparts/feeds/proparts_cdsc.xml HTTP/1.0" 200 556022 "-" "-"
89.161.206.59 - - [22/Apr/2025:00:16:25 +0200] "GET /Jurek/alucon/feeds/alucon_cdsc.xml HTTP/1.0" 200 378665 "-" "-"
89.161.206.59 - - [22/Apr/2025:00:16:25 +0200] "GET /Jurek/equalo/feeds/equalo_cdsc.xml HTTP/1.0" 200 134208 "-" "-"
89.161.206.59 - - [22/Apr/2025:00:16:25 +0200] "GET /Jurek/techrebalina/feeds/techrebalina_cdsc.xml HTTP/1.0" 200 1363223 "-" "-"
89.161.206.59 - - [22/Apr/2025:00:16:26 +0200] "GET /Jurek/smxdesign/feeds/smxdesign_cdsc.xml HTTP/1.0" 200 1154207 "-" "-"
89.161.206.59 - - [22/Apr/2025:00:16:28 +0200] "GET /Jurek/amzteam/feeds/amzteam_cdsc.xml HTTP/1.0" 200 145387 "-" "-"
46.101.116.244 - - [22/Apr/2025:00:16:29 +0200] "GET /Jurek/lgbtshop/feeds/lgbtshop_mallsi.xml HTTP/2.0" 200 219253 "-" "-"
51.77.52.107 - - [22/Apr/2025:00:16:34 +0200] "GET /Jurek/eurofirany/images/460222/0.jpg HTTP/2.0" 200 130788 "-" "baselinker"
46.101.116.244 - - [22/Apr/2025:00:16:39 +0200] "GET /Jurek/madrex/feeds/madrex_mallsi.xml HTTP/2.0" 200 466711 "-" "-"
51.77.52.107 - - [22/Apr/2025:00:16:43 +0200] "GET /Jurek/eurofirany/images/460222/0.jpg HTTP/2.0" 200 130788 "-" "baselinker"
51.77.52.107 - - [22/Apr/2025:00:16:48 +0200] "GET /Jurek/eurofirany/images/460222/0.jpg HTTP/2.0" 200 130788 "-" "baselinker"
46.101.116.244 - - [22/Apr/2025:00:16:50 +0200] "GET /Jurek/motofan/feeds/motofan_mallsi.xml HTTP/2.0" 200 2392154 "-" "-"
46.101.116.244 - - [22/Apr/2025:00:16:52 +0200] "GET /Jurek/kinghoff/feeds/kinghoff_bol.xml HTTP/1.0" 200 15460368 "-" "-"
89.161.206.59 - - [22/Apr/2025:00:16:55 +0200] "GET /Jurek/sempler/feeds/sempler_BOL.xml HTTP/1.0" 200 6787971 "-" "-"
89.161.206.59 - - [22/Apr/2025:00:16:55 +0200] "GET /Jurek/benetech/feeds/benetech_bol.xml HTTP/1.0" 200 4165451 "-" "-"
89.161.206.59 - - [22/Apr/2025:00:16:56 +0200] "GET /Jurek/oromed/feeds/oromed_BOL.xml HTTP/1.0" 200 1103025 "-" "-"
89.161.206.59 - - [22/Apr/2025:00:16:56 +0200] "GET /Jurek/narzbud/feeds/narzbud_bol.xml HTTP/1.0" 200 1901219 "-" "-"
89.161.206.59 - - [22/Apr/2025:00:16:57 +0200] "GET /Jurek/artdog/feeds/artdog_bol.xml HTTP/1.0" 200 17158534 "-" "-"
89.161.206.59 - - [22/Apr/2025:00:16:57 +0200] "GET /Jurek/ekolight/feeds/ekolight_bol.xml HTTP/1.0" 200 9052578 "-" "-"
89.161.206.59 - - [22/Apr/2025:00:16:57 +0200] "GET /Jurek/livinhill/feeds/livinhill_bol.xml HTTP/1.0" 200 1451866 "-" "-"
89.161.206.59 - - [22/Apr/2025:00:16:58 +0200] "GET /Jurek/ekuchcikowo/feeds/ekuchcikowo_bol.xml HTTP/1.0" 200 12470936 "-" "-"
89.161.206.59 - - [22/Apr/2025:00:16:58 +0200] "GET /Jurek/erohurtownia/feeds/erohurtownia_bol.xml HTTP/1.0" 200 22846351 "-" "-"
89.161.206.59 - - [22/Apr/2025:00:16:58 +0200] "GET /Jurek/galopi/feeds/galopi_bol.xml HTTP/1.0" 200 2111065 "-" "-"
89.161.206.59 - - [22/Apr/2025:00:16:59 +0200] "GET /Jurek/urwiskowo/feeds/urwiskowo_bol.xml HTTP/1.0" 200 9114987 "-" "-"
89.161.206.59 - - [22/Apr/2025:00:16:59 +0200] "GET /Jurek/combine/feeds/combine_bol.xml HTTP/1.0" 200 210558 "-" "-"
89.161.206.59 - - [22/Apr/2025:00:16:59 +0200] "GET /Jurek/spali/feeds/spali_bol.xml HTTP/1.0" 200 77057 "-" "-"
89.161.206.59 - - [22/Apr/2025:00:16:59 +0200] "GET /Jurek/bass_new/feeds/bass_bol.xml HTTP/1.0" 200 7040828 "-" "-"
89.161.206.59 - - [22/Apr/2025:00:16:59 +0200] "GET /Jurek/aiofactory/feeds/aiofactory_bol.xml HTTP/1.0" 200 2123740 "-" "-"
46.101.116.244 - - [22/Apr/2025:00:17:00 +0200] "GET /Jurek/najtanszysport/feeds/najtanszysport_mallsi.xml HTTP/2.0" 200 3983167 "-" "-"
89.161.206.59 - - [22/Apr/2025:00:17:01 +0200] "GET /Jurek/hurtmeblowy/feeds/hurtmeblowy_bol.xml HTTP/1.0" 200 8514573 "-" "-"
89.161.206.59 - - [22/Apr/2025:00:17:02 +0200] "GET /Jurek/rider/feeds/rider_bol.xml HTTP/1.0" 200 8165178 "-" "-"
89.161.206.59 - - [22/Apr/2025:00:17:02 +0200] "GET /Jurek/eldar/feeds/eldar_bol.xml HTTP/1.0" 200 7329577 "-" "-"
89.161.206.59 - - [22/Apr/2025:00:17:02 +0200] "GET /Jurek/primohurt/feeds/primohurt_bol.xml HTTP/1.0" 200 17186994 "-" "-"
89.161.206.59 - - [22/Apr/2025:00:17:02 +0200] "GET /Jurek/najtanszysport/feeds/najtanszysport_bol.xml HTTP/1.0" 200 3983120 "-" "-"
89.161.206.59 - - [22/Apr/2025:00:17:03 +0200] "GET /Jurek/motofan/feeds/motofan_bol.xml HTTP/1.0" 200 2392153 "-" "-"
89.161.206.59 - - [22/Apr/2025:00:17:04 +0200] "GET /Jurek/topeshop/feeds/topeshop_bol.xml HTTP/1.0" 200 2689023 "-" "-"
89.161.206.59 - - [22/Apr/2025:00:17:05 +0200] "GET /Jurek/eurofirany/feeds/eurofirany_bol.xml HTTP/1.0" 200 19070581 "-" "-"
89.161.206.59 - - [22/Apr/2025:00:17:06 +0200] "GET /Jurek/pupus/feeds/pupus_bol.xml HTTP/1.0" 200 6154511 "-" "-"
51.77.52.107 - - [22/Apr/2025:00:17:08 +0200] "GET /Jurek/eurofirany/images/460171/0.jpg HTTP/2.0" 200 147684 "-" "baselinker"
89.161.206.59 - - [22/Apr/2025:00:17:09 +0200] "GET /Jurek/playcob/feeds/playcob_bol.xml HTTP/1.0" 200 6980132 "-" "-"
89.161.206.59 - - [22/Apr/2025:00:17:09 +0200] "GET /Jurek/maksik/feeds/maksik_bol.xml HTTP/1.0" 200 4084770 "-" "-"
89.161.206.59 - - [22/Apr/2025:00:17:09 +0200] "GET /Jurek/hanex/feeds/hanex_BOL.xml HTTP/1.0" 200 13931557 "-" "-"
89.161.206.59 - - [22/Apr/2025:00:17:10 +0200] "GET /Jurek/roger/feeds/roger_bol.xml HTTP/1.0" 200 1147398 "-" "-"
89.161.206.59 - - [22/Apr/2025:00:17:10 +0200] "GET /Jurek/smxdesign/feeds/smxdesign_bol.xml HTTP/1.0" 200 1829040 "-" "-"
89.161.206.59 - - [22/Apr/2025:00:17:11 +0200] "GET /Jurek/shiori/feeds/shiori_bol.xml HTTP/1.0" 200 453652 "-" "-"
46.101.116.244 - - [22/Apr/2025:00:17:11 +0200] "GET /Jurek/nexus/feeds/nexus_mallsi.xml HTTP/2.0" 200 226642 "-" "-"
89.161.206.59 - - [22/Apr/2025:00:17:11 +0200] "GET /Jurek/dropkz/feeds/dropkz_bol.xml HTTP/1.0" 200 70014457 "-" "-"
89.161.206.59 - - [22/Apr/2025:00:17:15 +0200] "GET /Jurek/eoptimo/feeds/eoptimo_bol.xml HTTP/1.0" 200 2094347 "-" "-"
89.161.206.59 - - [22/Apr/2025:00:17:15 +0200] "GET /Jurek/sklep24amk/feeds/sklep24amk_bol.xml HTTP/1.0" 200 3894599 "-" "-"
89.161.206.59 - - [22/Apr/2025:00:17:16 +0200] "GET /Jurek/matkam/feeds/matkam_bol.xml HTTP/1.0" 200 5000327 "-" "-"
89.161.206.59 - - [22/Apr/2025:00:17:16 +0200] "GET /Jurek/sportprise/feeds/sportprise_bol.xml HTTP/1.0" 200 12725347 "-" "-"
89.161.206.59 - - [22/Apr/2025:00:17:17 +0200] "GET /Jurek/elavia/feeds/elavia_bol.xml HTTP/1.0" 200 2497287 "-" "-"
89.161.206.59 - - [22/Apr/2025:00:17:17 +0200] "GET /Jurek/zbimatyja/feeds/zbimatyja_bol.xml HTTP/1.0" 200 11670200 "-" "-"
89.161.206.59 - - [22/Apr/2025:00:17:17 +0200] "GET /Jurek/cdata/feeds/cdata_bol.xml HTTP/1.0" 200 1445109 "-" "-"
89.161.206.59 - - [22/Apr/2025:00:17:18 +0200] "GET /Jurek/broers/feeds/broers_bol.xml HTTP/1.0" 200 1982561 "-" "-"
89.161.206.59 - - [22/Apr/2025:00:17:18 +0200] "GET /Jurek/princelh/feeds/princelh_bol.xml HTTP/1.0" 200 133434 "-" "-"
89.161.206.59 - - [22/Apr/2025:00:17:18 +0200] "GET /Jurek/kobi/feeds/kobi_bol.xml HTTP/1.0" 200 1993216 "-" "-"
89.161.206.59 - - [22/Apr/2025:00:17:18 +0200] "GET /Jurek/mosti/feeds/mosti_bol.xml HTTP/1.0" 200 4628178 "-" "-"
89.161.206.59 - - [22/Apr/2025:00:17:19 +0200] "GET /Jurek/rosfix/feeds/rosfix_bol.xml HTTP/1.0" 200 35769514 "-" "-"
89.161.206.59 - - [22/Apr/2025:00:17:19 +0200] "GET /Jurek/evil/feeds/evil_bol.xml HTTP/1.0" 200 306385 "-" "-"
89.161.206.59 - - [22/Apr/2025:00:17:19 +0200] "GET /Jurek/drewdon/feeds/drewdon_bol.xml HTTP/1.0" 200 504440 "-" "-"
89.161.206.59 - - [22/Apr/2025:00:17:19 +0200] "GET /Jurek/dekoele/feeds/dekoele_bol.xml HTTP/1.0" 200 733933 "-" "-"
89.161.206.59 - - [22/Apr/2025:00:17:19 +0200] "GET /Jurek/pawonik/feeds/pawonik_bol.xml HTTP/1.0" 200 2138415 "-" "-"
89.161.206.59 - - [22/Apr/2025:00:17:20 +0200] "GET /Jurek/sartrix/feeds/sartrix_bol.xml HTTP/1.0" 200 649187 "-" "-"
89.161.206.59 - - [22/Apr/2025:00:17:20 +0200] "GET /Jurek/hdwr/feeds/hdwr_BOL.xml HTTP/1.0" 200 789397 "-" "-"
89.161.206.59 - - [22/Apr/2025:00:17:20 +0200] "GET /Jurek/szpaklampy/feeds/szpaklampy_bol.xml HTTP/1.0" 200 388211 "-" "-"
89.161.206.59 - - [22/Apr/2025:00:17:20 +0200] "GET /Jurek/techrebal/feeds/techrebal_bol.xml HTTP/1.0" 200 1989733 "-" "-"
89.161.206.59 - - [22/Apr/2025:00:17:20 +0200] "GET /Jurek/muminky/feeds/muminky_bol.xml HTTP/1.0" 200 2677770 "-" "-"
89.161.206.59 - - [22/Apr/2025:00:17:21 +0200] "GET /Jurek/nonabox/feeds/nonabox_bol.xml HTTP/1.0" 200 33863 "-" "-"
89.161.206.59 - - [22/Apr/2025:00:17:21 +0200] "GET /Jurek/nexus/feeds/nexus_bol.xml HTTP/1.0" 200 226644 "-" "-"
89.161.206.59 - - [22/Apr/2025:00:17:21 +0200] "GET /Jurek/pagmil/feeds/pagmil_bol.xml HTTP/1.0" 200 1802823 "-" "-"
89.161.206.59 - - [22/Apr/2025:00:17:21 +0200] "GET /Jurek/proparts/feeds/proparts_bol.xml HTTP/1.0" 200 707472 "-" "-"
89.161.206.59 - - [22/Apr/2025:00:17:21 +0200] "GET /Jurek/techrebalina/feeds/techrebalina_bol.xml HTTP/1.0" 200 2011211 "-" "-"
46.101.116.244 - - [22/Apr/2025:00:17:21 +0200] "GET /Jurek/playcob/feeds/playcob_mallsi.xml HTTP/2.0" 200 6980121 "-" "-"
89.161.206.59 - - [22/Apr/2025:00:17:21 +0200] "GET /Jurek/cenoman/feeds/cenoman_bol.xml HTTP/1.0" 200 5993149 "-" "-"
89.161.206.59 - - [22/Apr/2025:00:17:22 +0200] "GET /Jurek/newtechele/feeds/newtechele_bol.xml HTTP/1.0" 200 2438502 "-" "-"
89.161.206.59 - - [22/Apr/2025:00:17:22 +0200] "GET /Jurek/beltimore/feeds/beltimore_bol.xml HTTP/1.0" 200 18651017 "-" "-"
89.161.206.59 - - [22/Apr/2025:00:17:23 +0200] "GET /Jurek/omi/feeds/omi_bol.xml HTTP/1.0" 200 8105436 "-" "-"
51.77.52.107 - - [22/Apr/2025:00:17:23 +0200] "GET /Jurek/eurofirany/images/460171/0.jpg HTTP/2.0" 200 147684 "-" "baselinker"
89.161.206.59 - - [22/Apr/2025:00:17:23 +0200] "GET /Jurek/reman/feeds/reman_bol.xml HTTP/1.0" 200 1394828 "-" "-"
89.161.206.59 - - [22/Apr/2025:00:17:23 +0200] "GET /Jurek/em3/feeds/em3_bol.xml HTTP/1.0" 200 258919 "-" "-"
89.161.206.59 - - [22/Apr/2025:00:17:24 +0200] "GET /Jurek/takapara/feeds/takapara_bol.xml HTTP/1.0" 200 1342595 "-" "-"
89.161.206.59 - - [22/Apr/2025:00:17:24 +0200] "GET /Jurek/kamar/feeds/kamar_bol.xml HTTP/1.0" 200 25550035 "-" "-"
89.161.206.59 - - [22/Apr/2025:00:17:26 +0200] "GET /Jurek/zenex/feeds/zenex_bol.xml HTTP/1.0" 200 540169 "-" "-"
89.161.206.59 - - [22/Apr/2025:00:17:26 +0200] "GET /Jurek/tsjerzy/feeds/tsjerzy_bol.xml HTTP/1.0" 200 3897751 "-" "-"
89.161.206.59 - - [22/Apr/2025:00:17:27 +0200] "GET /Jurek/carbonyway/feeds/carbonyway_bol.xml HTTP/1.0" 200 3075960 "-" "-"
89.161.206.59 - - [22/Apr/2025:00:17:27 +0200] "GET /Jurek/avenido/feeds/avenido_bol.xml HTTP/1.0" 200 720086 "-" "-"
89.161.206.59 - - [22/Apr/2025:00:17:28 +0200] "GET /Jurek/fertes/feeds/fertes_bol.xml HTTP/1.0" 200 2361823 "-" "-"
89.161.206.59 - - [22/Apr/2025:00:17:28 +0200] "GET /Jurek/filmal/feeds/filmal_bol.xml HTTP/1.0" 200 139278 "-" "-"
89.161.206.59 - - [22/Apr/2025:00:17:28 +0200] "GET /Jurek/sebmart/feeds/sebmart_bol.xml HTTP/1.0" 200 1598727 "-" "-"
89.161.206.59 - - [22/Apr/2025:00:17:29 +0200] "GET /Jurek/kalama/feeds/kalama_bol.xml HTTP/1.0" 200 2661766 "-" "-"
89.161.206.59 - - [22/Apr/2025:00:17:29 +0200] "GET /Jurek/amzteam/feeds/amzteam_bol.xml HTTP/1.0" 200 97874 "-" "-"
89.161.206.59 - - [22/Apr/2025:00:17:29 +0200] "GET /Jurek/equalo/feeds/equalo_bol.xml HTTP/1.0" 200 98008 "-" "-"
89.161.206.59 - - [22/Apr/2025:00:17:29 +0200] "GET /Jurek/mojeledy/feeds/mojeledy_bol.xml HTTP/1.0" 200 1018449 "-" "-"
89.161.206.59 - - [22/Apr/2025:00:17:29 +0200] "GET /Jurek/sovapl/feeds/sovapl_bol.xml HTTP/1.0" 200 9000244 "-" "-"
89.161.206.59 - - [22/Apr/2025:00:17:30 +0200] "GET /Jurek/apresto/feeds/apresto_bol.xml HTTP/1.0" 200 1327628 "-" "-"
89.161.206.59 - - [22/Apr/2025:00:17:30 +0200] "GET /Jurek/missionair/feeds/missionair_bol.xml HTTP/1.0" 200 3154892 "-" "-"
89.161.206.59 - - [22/Apr/2025:00:17:31 +0200] "GET /Jurek/mechdecor/feeds/mechdecor_bol.xml HTTP/1.0" 200 596208 "-" "-"
89.161.206.59 - - [22/Apr/2025:00:17:31 +0200] "GET /Jurek/alucon/feeds/alucon_bol.xml HTTP/1.0" 200 553570 "-" "-"
46.101.116.244 - - [22/Apr/2025:00:17:32 +0200] "GET /Jurek/zepnij/feeds/zepnij_mallsi.xml HTTP/2.0" 200 19522728 "-" "-"
51.77.52.107 - - [22/Apr/2025:00:17:35 +0200] "GET /Jurek/eurofirany/images/460171/0.jpg HTTP/2.0" 200 147684 "-" "baselinker"
89.161.206.59 - - [22/Apr/2025:00:17:38 +0200] "GET /Jurek/jakdroz/feeds/jakdroz_bol.xml HTTP/1.0" 200 4089988 "-" "-"
89.161.206.59 - - [22/Apr/2025:00:17:40 +0200] "GET /Jurek/ikonka/feeds/ikonka_bol.xml HTTP/1.0" 200 22171253 "-" "-"
89.161.206.59 - - [22/Apr/2025:00:17:42 +0200] "GET /Jurek/riko/feeds/riko_bol.xml HTTP/1.0" 200 3785324 "-" "-"
89.161.206.59 - - [22/Apr/2025:00:17:42 +0200] "GET /Jurek/zami/feeds/zami_bol.xml HTTP/1.0" 200 4472763 "-" "-"
89.161.206.59 - - [22/Apr/2025:00:17:43 +0200] "GET /Jurek/bemipol/feeds/bemipol_bol.xml HTTP/1.0" 200 423635 "-" "-"
46.101.116.244 - - [22/Apr/2025:00:17:43 +0200] "GET /Jurek/cbdgreen/feeds/cbdgreen_mallsi.xml HTTP/2.0" 200 50542 "-" "-"
89.161.206.59 - - [22/Apr/2025:00:17:45 +0200] "GET /Jurek/gandalf/feeds/gandalf_bol.xml HTTP/1.0" 200 1082539 "-" "-"
51.77.52.107 - - [22/Apr/2025:00:17:47 +0200] "GET /Jurek/eurofirany/images/460228/0.jpg HTTP/2.0" 200 66239 "-" "baselinker"
89.161.206.59 - - [22/Apr/2025:00:17:53 +0200] "GET /Jurek/rems/feeds/rems_bol.xml HTTP/1.0" 200 8706212 "-" "-"
46.101.116.244 - - [22/Apr/2025:00:17:53 +0200] "GET /Jurek/dekornatort/feeds/dekornatort_mallsi.xml HTTP/2.0" 200 225744 "-" "-"
46.101.116.244 - - [22/Apr/2025:00:18:04 +0200] "GET /Jurek/globaldeli/feeds/globaldeli_mallsi.xml HTTP/2.0" 200 2590906 "-" "-"
51.77.52.107 - - [22/Apr/2025:00:18:06 +0200] "GET /Jurek/eurofirany/images/460228/0.jpg HTTP/2.0" 200 66239 "-" "baselinker"
51.77.52.107 - - [22/Apr/2025:00:18:10 +0200] "GET /Jurek/eurofirany/images/460228/0.jpg HTTP/2.0" 200 66239 "-" "baselinker"
46.101.116.244 - - [22/Apr/2025:00:18:14 +0200] "GET /Jurek/kobi/feeds/kobi_mallsi.xml HTTP/2.0" 200 1993215 "-" "-"
51.77.52.107 - - [22/Apr/2025:00:18:15 +0200] "GET /Jurek/eurofirany/images/460172/0.jpg HTTP/2.0" 200 97350 "-" "baselinker"
46.101.116.244 - - [22/Apr/2025:00:18:25 +0200] "GET /Jurek/lendo/feeds/lendo_mallsi.xml HTTP/2.0" 200 330385 "-" "-"
89.161.206.59 - - [22/Apr/2025:00:18:31 +0200] "GET /Jurek/eroplace/feeds/eroplace_bol.xml HTTP/1.0" 200 52134866 "-" "-"
89.161.206.59 - - [22/Apr/2025:00:18:31 +0200] "GET /Jurek/waks/feeds/waks_bol.xml HTTP/1.0" 200 1596552 "-" "-"
89.161.206.59 - - [22/Apr/2025:00:18:31 +0200] "GET /Jurek/luxma/feeds/luxma_bol.xml HTTP/1.0" 200 8058586 "-" "-"
89.161.206.59 - - [22/Apr/2025:00:18:32 +0200] "GET /Jurek/german/feeds/german_bol.xml HTTP/1.0" 200 2853539 "-" "-"
89.161.206.59 - - [22/Apr/2025:00:18:32 +0200] "GET /Jurek/kristronik/feeds/kristronik_bol.xml HTTP/1.0" 200 691972 "-" "-"
89.161.206.59 - - [22/Apr/2025:00:18:32 +0200] "GET /Jurek/hlo/feeds/hlo_bol.xml HTTP/1.0" 200 4838667 "-" "-"
89.161.206.59 - - [22/Apr/2025:00:18:33 +0200] "GET /Jurek/makow/feeds/makow_bol.xml HTTP/1.0" 200 21203561 "-" "-"
89.161.206.59 - - [22/Apr/2025:00:18:33 +0200] "GET /Jurek/beautycare/feeds/beautycare_bol.xml HTTP/1.0" 200 1181294 "-" "-"
46.101.116.244 - - [22/Apr/2025:00:18:36 +0200] "GET /Jurek/rovicky/feeds/rovicky_zalando.xml HTTP/1.0" 200 15248468 "-" "-"
51.77.52.107 - - [22/Apr/2025:00:18:37 +0200] "GET /Jurek/eurofirany/images/460172/0.jpg HTTP/2.0" 200 97350 "-" "baselinker"
51.77.52.107 - - [22/Apr/2025:00:18:40 +0200] "GET /Jurek/eurofirany/images/460172/0.jpg HTTP/2.0" 200 97350 "-" "baselinker"
89.161.206.59 - - [22/Apr/2025:00:18:43 +0200] "GET /Jurek/elecomp/feeds/elecomp_emagro.xml HTTP/1.0" 200 2868377 "-" "-"
89.161.206.59 - - [22/Apr/2025:00:18:45 +0200] "GET /Jurek/emaja24/feeds/emaja24_emagro.xml HTTP/1.0" 200 5102244 "-" "-"
89.161.206.59 - - [22/Apr/2025:00:18:48 +0200] "GET /Jurek/topeshop/feeds/topeshop_emagro.xml HTTP/1.0" 200 920040 "-" "-"
89.161.206.59 - - [22/Apr/2025:00:18:50 +0200] "GET /Jurek/playcob/feeds/playcob_emagro.xml HTTP/1.0" 200 6981021 "-" "-"
89.161.206.59 - - [22/Apr/2025:00:18:51 +0200] "GET /Jurek/alucon/feeds/alucon_emagro.xml HTTP/1.0" 200 553606 "-" "-"
51.77.52.107 - - [22/Apr/2025:00:18:55 +0200] "GET /Jurek/eurofirany/images/461454/0.jpg HTTP/2.0" 200 100432 "-" "baselinker"
89.161.206.59 - - [22/Apr/2025:00:18:56 +0200] "GET /Jurek/em3/feeds/em3_emagro.xml HTTP/1.0" 200 259013 "-" "-"
51.77.52.107 - - [22/Apr/2025:00:19:10 +0200] "GET /Jurek/eurofirany/images/461454/0.jpg HTTP/2.0" 200 100432 "-" "baselinker"
51.77.52.107 - - [22/Apr/2025:00:19:26 +0200] "GET /Jurek/eurofirany/images/461454/0.jpg HTTP/2.0" 200 100432 "-" "baselinker"
46.101.116.244 - - [22/Apr/2025:00:19:35 +0200] "GET /Jurek/naszedzieci/feeds/naszedzieci_mallsi.xml HTTP/2.0" 200 833172423 "-" "-"
89.161.206.59 - - [22/Apr/2025:00:19:38 +0200] "GET /Jurek/kinghome/feeds/kinghome_emagro.xml HTTP/1.0" 200 6062632 "-" "-"
89.161.206.59 - - [22/Apr/2025:00:19:43 +0200] "GET /Jurek/lerutrade/feeds/lerutrade_emag.xml HTTP/1.0" 200 82824 "-" "-"
51.77.52.107 - - [22/Apr/2025:00:19:47 +0200] "GET /Jurek/eurofirany/images/461462/0.jpg HTTP/2.0" 200 96165 "-" "baselinker"
89.161.206.59 - - [22/Apr/2025:00:19:48 +0200] "GET /Jurek/photho/feeds/photho_emagro.xml HTTP/1.0" 200 1051366 "-" "-"
51.77.52.107 - - [22/Apr/2025:00:20:00 +0200] "GET /Jurek/eurofirany/images/461462/0.jpg HTTP/2.0" 200 96165 "-" "baselinker"
51.77.52.107 - - [22/Apr/2025:00:20:14 +0200] "GET /Jurek/eurofirany/images/461462/0.jpg HTTP/2.0" 200 96165 "-" "baselinker"
51.77.52.107 - - [22/Apr/2025:00:20:27 +0200] "GET /Jurek/eurofirany/images/461463/0.jpg HTTP/2.0" 200 101214 "-" "baselinker"
51.77.52.107 - - [22/Apr/2025:00:20:33 +0200] "GET /Jurek/eurofirany/images/461463/0.jpg HTTP/2.0" 200 101214 "-" "baselinker"
51.77.52.107 - - [22/Apr/2025:00:20:50 +0200] "GET /Jurek/eurofirany/images/461463/0.jpg HTTP/2.0" 200 101214 "-" "baselinker"
51.77.52.107 - - [22/Apr/2025:00:21:03 +0200] "GET /Jurek/eurofirany/images/461464/0.jpg HTTP/2.0" 200 126220 "-" "baselinker"
51.77.52.107 - - [22/Apr/2025:00:21:15 +0200] "GET /Jurek/eurofirany/images/461464/0.jpg HTTP/2.0" 200 126220 "-" "baselinker"
51.77.52.107 - - [22/Apr/2025:00:21:25 +0200] "GET /Jurek/eurofirany/images/461464/0.jpg HTTP/2.0" 200 126220 "-" "baselinker"
51.77.52.107 - - [22/Apr/2025:00:21:40 +0200] "GET /Jurek/eurofirany/images/461465/0.jpg HTTP/2.0" 200 167991 "-" "baselinker"
51.77.52.107 - - [22/Apr/2025:00:21:58 +0200] "GET /Jurek/eurofirany/images/461465/0.jpg HTTP/2.0" 200 167991 "-" "baselinker"
51.77.52.107 - - [22/Apr/2025:00:22:14 +0200] "GET /Jurek/eurofirany/images/461465/0.jpg HTTP/2.0" 200 167991 "-" "baselinker"
51.77.52.107 - - [22/Apr/2025:00:22:19 +0200] "GET /Jurek/eurofirany/images/461104/0.jpg HTTP/2.0" 200 144671 "-" "baselinker"
51.77.52.107 - - [22/Apr/2025:00:22:38 +0200] "GET /Jurek/eurofirany/images/461104/0.jpg HTTP/2.0" 200 144671 "-" "baselinker"
51.77.52.107 - - [22/Apr/2025:00:22:56 +0200] "GET /Jurek/eurofirany/images/461104/0.jpg HTTP/2.0" 200 144671 "-" "baselinker"
51.77.52.107 - - [22/Apr/2025:00:23:17 +0200] "GET /Jurek/eurofirany/images/461106/0.jpg HTTP/2.0" 200 194667 "-" "baselinker"
89.161.206.59 - - [22/Apr/2025:00:23:23 +0200] "GET /Jurek/kobi/feeds/kobi_ebayde.xml HTTP/1.0" 200 713568 "-" "-"
89.161.206.59 - - [22/Apr/2025:00:23:23 +0200] "GET /Jurek/topeshop/feeds/topeshop_ebayDE.xml HTTP/1.0" 200 2028226 "-" "-"
51.77.52.107 - - [22/Apr/2025:00:23:39 +0200] "GET /Jurek/eurofirany/images/461106/0.jpg HTTP/2.0" 200 194667 "-" "baselinker"
51.77.52.107 - - [22/Apr/2025:00:23:44 +0200] "GET /Jurek/eurofirany/images/461106/0.jpg HTTP/2.0" 200 194667 "-" "baselinker"
51.77.52.107 - - [22/Apr/2025:00:23:49 +0200] "GET /Jurek/eurofirany/images/463364/0.jpg HTTP/2.0" 200 87581 "-" "baselinker"
