77.79.248.229 - - [18/Apr/2025:10:58:48 +0200] "GET /Jurek/em3/feeds/em3_manoFR.xml HTTP/1.1" 200 258902 "-" "Python-urllib/3.11"
46.101.116.244 - - [18/Apr/2025:10:58:48 +0200] "GET /Jurek/piotrmiedz/feeds/piotrmiedz_emagro.xml HTTP/1.0" 200 91082233 "-" "-"
77.79.248.229 - - [18/Apr/2025:10:58:48 +0200] "GET /Jurek/pagmil/feeds/pagmil_manoFR.xml HTTP/1.1" 200 1802835 "-" "Python-urllib/3.11"
77.79.248.229 - - [18/Apr/2025:10:58:48 +0200] "GET /Jurek/evil/feeds/evil_manoFR.xml HTTP/1.1" 200 306389 "-" "Python-urllib/3.11"
77.79.248.229 - - [18/Apr/2025:10:58:48 +0200] "GET /Jurek/hdwr/feeds/hdwr_manoFR.xml HTTP/1.1" 200 789401 "-" "Python-urllib/3.11"
77.79.248.229 - - [18/Apr/2025:10:58:48 +0200] "GET /Jurek/lampart/feeds/lampart_manoFR.xml HTTP/1.1" 200 936050 "-" "Python-urllib/3.11"
77.79.248.229 - - [18/Apr/2025:10:58:48 +0200] "GET /Jurek/nonabox/feeds/nonabox_manoFR.xml HTTP/1.1" 200 33865 "-" "Python-urllib/3.11"
77.79.248.229 - - [18/Apr/2025:10:58:48 +0200] "GET /Jurek/smxdesign/feeds/smxdesign_manoFR.xml HTTP/1.1" 200 1829028 "-" "Python-urllib/3.11"
77.79.248.229 - - [18/Apr/2025:10:58:48 +0200] "GET /Jurek/techrebalina/feeds/techrebalina_manoFR.xml HTTP/1.1" 200 2011213 "-" "Python-urllib/3.11"
77.79.248.229 - - [18/Apr/2025:10:58:49 +0200] "GET /Jurek/cdata/feeds/cdata_manoFR.xml HTTP/1.1" 200 1445106 "-" "Python-urllib/3.11"
77.79.248.229 - - [18/Apr/2025:10:58:49 +0200] "GET /Jurek/omi/feeds/omi_manoFR.xml HTTP/1.1" 200 8105500 "-" "Python-urllib/3.11"
77.79.248.229 - - [18/Apr/2025:10:58:49 +0200] "GET /Jurek/tsjerzy/feeds/tsjerzy_manoFR.xml HTTP/1.1" 200 3897770 "-" "Python-urllib/3.11"
77.79.248.229 - - [18/Apr/2025:10:58:49 +0200] "GET /Jurek/narzbud/feeds/narzbud_manoFR.xml HTTP/1.1" 200 1901242 "-" "Python-urllib/3.11"
77.79.248.229 - - [18/Apr/2025:10:58:49 +0200] "GET /Jurek/makow/feeds/makow_manoFR.xml HTTP/1.1" 200 21203679 "-" "Python-urllib/3.11"
77.79.248.229 - - [18/Apr/2025:10:58:49 +0200] "GET /Jurek/jankeski/feeds/jankeski_manoFR.xml HTTP/1.1" 200 6571078 "-" "Python-urllib/3.11"
77.79.248.229 - - [18/Apr/2025:10:58:50 +0200] "GET /Jurek/gandalf/feeds/gandalf_manoFR.xml HTTP/1.1" 200 1082539 "-" "Python-urllib/3.11"
77.79.248.229 - - [18/Apr/2025:10:58:50 +0200] "GET /Jurek/cenoman/feeds/cenoman_manoFR.xml HTTP/1.1" 200 5993149 "-" "Python-urllib/3.11"
77.79.248.229 - - [18/Apr/2025:10:58:50 +0200] "GET /Jurek/zenex/feeds/zenex_manoFR.xml HTTP/1.1" 200 540168 "-" "Python-urllib/3.11"
77.79.248.229 - - [18/Apr/2025:10:58:50 +0200] "GET /Jurek/andex/feeds/andex_manoFR.xml HTTP/1.1" 200 1953396 "-" "Python-urllib/3.11"
77.79.248.229 - - [18/Apr/2025:10:58:50 +0200] "GET /Jurek/sebmart/feeds/sebmart_manoFR.xml HTTP/1.1" 200 1598736 "-" "Python-urllib/3.11"
77.79.248.229 - - [18/Apr/2025:10:58:50 +0200] "GET /Jurek/benetech/feeds/benetech_manofr.xml HTTP/1.1" 200 4165433 "-" "Python-urllib/3.11"
216.113.184.101 - - [18/Apr/2025:10:58:50 +0200] "GET /Jurek/eurofirany/images/425221/2.jpg HTTP/1.1" 200 41338 "http://www.ebay.com/" "Mozilla/4.0 (compatible; MSIE 4.01; Windows NT)"
216.113.184.105 - - [18/Apr/2025:10:58:50 +0200] "GET /Jurek/eurofirany/images/425221/1.jpg HTTP/1.1" 200 89872 "http://www.ebay.com/" "Mozilla/4.0 (compatible; MSIE 4.01; Windows NT)"
216.113.184.104 - - [18/Apr/2025:10:58:50 +0200] "GET /Jurek/eurofirany/images/425221/0.jpg HTTP/1.1" 200 74793 "http://www.ebay.com/" "Mozilla/4.0 (compatible; MSIE 4.01; Windows NT)"
216.113.184.105 - - [18/Apr/2025:10:58:50 +0200] "GET /Jurek/eurofirany/images/425221/3.jpg HTTP/1.1" 200 74176 "http://www.ebay.com/" "Mozilla/4.0 (compatible; MSIE 4.01; Windows NT)"
216.113.184.104 - - [18/Apr/2025:10:58:50 +0200] "GET /Jurek/eurofirany/images/425221/8.jpg HTTP/1.1" 200 95143 "http://www.ebay.com/" "Mozilla/4.0 (compatible; MSIE 4.01; Windows NT)"
216.113.184.102 - - [18/Apr/2025:10:58:50 +0200] "GET /Jurek/eurofirany/images/425221/6.jpg HTTP/1.1" 200 74888 "http://www.ebay.com/" "Mozilla/4.0 (compatible; MSIE 4.01; Windows NT)"
77.79.248.229 - - [18/Apr/2025:10:58:50 +0200] "GET /Jurek/dekoele/feeds/dekoele_manomanoFR.xml HTTP/1.1" 200 733936 "-" "Python-urllib/3.11"
216.113.184.101 - - [18/Apr/2025:10:58:50 +0200] "GET /Jurek/eurofirany/images/425221/5.jpg HTTP/1.1" 200 146352 "http://www.ebay.com/" "Mozilla/4.0 (compatible; MSIE 4.01; Windows NT)"
77.79.248.229 - - [18/Apr/2025:10:58:50 +0200] "GET /Jurek/kalama/feeds/kalama_manoFR.xml HTTP/1.1" 200 2661620 "-" "Python-urllib/3.11"
77.79.248.229 - - [18/Apr/2025:10:58:50 +0200] "GET /Jurek/mojeledy/feeds/mojeledy_manoFR.xml HTTP/1.1" 200 1018450 "-" "Python-urllib/3.11"
216.113.184.101 - - [18/Apr/2025:10:58:50 +0200] "GET /Jurek/eurofirany/images/460098/0.jpg HTTP/1.1" 200 102916 "-" "Java/17.0.13.0.101"
77.79.248.229 - - [18/Apr/2025:10:58:51 +0200] "GET /Jurek/rovato/feeds/rovato_manoFR.xml HTTP/1.1" 200 180832 "-" "Python-urllib/3.11"
77.79.248.229 - - [18/Apr/2025:10:58:51 +0200] "GET /Jurek/stiv/feeds/stiv_manoFR.xml HTTP/1.1" 200 2056838 "-" "Python-urllib/3.11"
216.113.184.103 - - [18/Apr/2025:10:58:51 +0200] "GET /Jurek/eurofirany/images/425221/7.jpg HTTP/1.1" 200 239072 "http://www.ebay.com/" "Mozilla/4.0 (compatible; MSIE 4.01; Windows NT)"
216.113.184.102 - - [18/Apr/2025:10:58:51 +0200] "GET /Jurek/eurofirany/images/425221/4.jpg HTTP/1.1" 200 325111 "http://www.ebay.com/" "Mozilla/4.0 (compatible; MSIE 4.01; Windows NT)"
77.79.248.229 - - [18/Apr/2025:10:58:52 +0200] "GET /Jurek/piotrmiedz/feeds/piotrmiedz_manoFR.xml HTTP/1.1" 200 91038503 "-" "Python-urllib/3.11"
77.79.248.229 - - [18/Apr/2025:10:58:52 +0200] "GET /Jurek/sartrix/feeds/sartrix_manomanoFR.xml HTTP/1.1" 200 649180 "-" "Python-urllib/3.11"
77.79.248.229 - - [18/Apr/2025:10:58:52 +0200] "GET /Jurek/drewdon/feeds/drewdon_manomanoFR.xml HTTP/1.1" 200 504446 "-" "Python-urllib/3.11"
77.79.248.229 - - [18/Apr/2025:10:58:52 +0200] "GET /Jurek/pupus/feeds/pupus_manomanoFR.xml HTTP/1.1" 200 6154138 "-" "Python-urllib/3.11"
77.79.248.229 - - [18/Apr/2025:10:58:52 +0200] "GET /Jurek/artdog/feeds/artdog_manomanoFR.xml HTTP/1.1" 200 17157717 "-" "Python-urllib/3.11"
77.79.248.229 - - [18/Apr/2025:10:58:52 +0200] "GET /Jurek/reman/feeds/reman_manoamnoFR.xml HTTP/1.1" 200 1394830 "-" "Python-urllib/3.11"
77.79.248.229 - - [18/Apr/2025:10:58:52 +0200] "GET /Jurek/pawonik/feeds/pawonik_manoFR.xml HTTP/1.1" 200 2138417 "-" "Python-urllib/3.11"
77.79.248.229 - - [18/Apr/2025:10:58:52 +0200] "GET /Jurek/alucon/feeds/alucon_manoFR.xml HTTP/1.1" 200 553565 "-" "Python-urllib/3.11"
77.79.248.229 - - [18/Apr/2025:10:58:53 +0200] "GET /Jurek/sovapl/feeds/sovapl_manoFR.xml HTTP/1.1" 200 9000019 "-" "Python-urllib/3.11"
77.79.248.229 - - [18/Apr/2025:10:58:53 +0200] "GET /Jurek/missionair/feeds/missionair_manoFR.xml HTTP/1.1" 200 3154889 "-" "Python-urllib/3.11"
66.135.223.40 - - [18/Apr/2025:10:59:05 +0200] "GET /Jurek/eurofirany/images/130744/2.jpg HTTP/1.1" 200 127452 "http://www.ebay.com/" "Mozilla/4.0 (compatible; MSIE 4.01; Windows NT)"
216.113.184.105 - - [18/Apr/2025:10:59:05 +0200] "GET /Jurek/eurofirany/images/459010/0.jpg HTTP/1.1" 200 94742 "http://www.ebay.com/" "Mozilla/4.0 (compatible; MSIE 4.01; Windows NT)"
66.135.223.43 - - [18/Apr/2025:10:59:05 +0200] "GET /Jurek/eurofirany/images/130744/1.jpg HTTP/1.1" 200 118973 "http://www.ebay.com/" "Mozilla/4.0 (compatible; MSIE 4.01; Windows NT)"
216.113.184.105 - - [18/Apr/2025:10:59:05 +0200] "GET /Jurek/eurofirany/images/459010/1.jpg HTTP/1.1" 200 68447 "http://www.ebay.com/" "Mozilla/4.0 (compatible; MSIE 4.01; Windows NT)"
66.135.223.43 - - [18/Apr/2025:10:59:05 +0200] "GET /Jurek/eurofirany/images/130744/0.jpg HTTP/1.1" 200 59872 "http://www.ebay.com/" "Mozilla/4.0 (compatible; MSIE 4.01; Windows NT)"
216.113.184.105 - - [18/Apr/2025:10:59:06 +0200] "GET /Jurek/eurofirany/images/459013/0.jpg HTTP/1.1" 200 96107 "http://www.ebay.com/" "Mozilla/4.0 (compatible; MSIE 4.01; Windows NT)"
216.113.184.104 - - [18/Apr/2025:10:59:09 +0200] "GET /Jurek/eurofirany/images/45099/0.jpg HTTP/1.1" 200 122958 "http://www.ebay.com/" "Mozilla/4.0 (compatible; MSIE 4.01; Windows NT)"
216.113.184.101 - - [18/Apr/2025:10:59:10 +0200] "GET /Jurek/eurofirany/images/45099/1.jpg HTTP/1.1" 200 141066 "http://www.ebay.com/" "Mozilla/4.0 (compatible; MSIE 4.01; Windows NT)"
66.135.223.41 - - [18/Apr/2025:10:59:10 +0200] "GET /Jurek/eurofirany/images/457602/0.jpg HTTP/1.1" 200 68335 "-" "Java/17.0.13.0.101"
66.135.223.41 - - [18/Apr/2025:10:59:13 +0200] "GET /Jurek/eurofirany/images/433804/0.jpg HTTP/1.1" 200 73584 "-" "Java/17.0.13.0.101"
66.211.183.71 - - [18/Apr/2025:10:59:13 +0200] "GET /Jurek/eurofirany/images/130743/6.jpg HTTP/1.1" 200 120888 "http://www.ebay.com/" "Mozilla/4.0 (compatible; MSIE 4.01; Windows NT)"
66.211.183.72 - - [18/Apr/2025:10:59:13 +0200] "GET /Jurek/eurofirany/images/130743/2.jpg HTTP/1.1" 200 118973 "http://www.ebay.com/" "Mozilla/4.0 (compatible; MSIE 4.01; Windows NT)"
66.211.183.73 - - [18/Apr/2025:10:59:13 +0200] "GET /Jurek/eurofirany/images/130743/3.jpg HTTP/1.1" 200 127452 "http://www.ebay.com/" "Mozilla/4.0 (compatible; MSIE 4.01; Windows NT)"
66.211.183.71 - - [18/Apr/2025:10:59:13 +0200] "GET /Jurek/eurofirany/images/130743/4.jpg HTTP/1.1" 200 111772 "http://www.ebay.com/" "Mozilla/4.0 (compatible; MSIE 4.01; Windows NT)"
66.211.183.73 - - [18/Apr/2025:10:59:13 +0200] "GET /Jurek/eurofirany/images/130743/1.jpg HTTP/1.1" 200 52848 "http://www.ebay.com/" "Mozilla/4.0 (compatible; MSIE 4.01; Windows NT)"
66.211.183.70 - - [18/Apr/2025:10:59:13 +0200] "GET /Jurek/eurofirany/images/130743/0.jpg HTTP/1.1" 200 53755 "http://www.ebay.com/" "Mozilla/4.0 (compatible; MSIE 4.01; Windows NT)"
66.211.183.70 - - [18/Apr/2025:10:59:13 +0200] "GET /Jurek/eurofirany/images/130743/5.jpg HTTP/1.1" 200 129477 "http://www.ebay.com/" "Mozilla/4.0 (compatible; MSIE 4.01; Windows NT)"
77.79.248.229 - - [18/Apr/2025:10:59:14 +0200] "GET /Jurek/hurtownia_przemyslowa/feeds/hp_manomanoit.xml HTTP/1.1" 200 49362335 "-" "Python-urllib/3.11"
66.211.183.71 - - [18/Apr/2025:10:59:14 +0200] "GET /Jurek/eurofirany/images/398890/0.jpg HTTP/1.1" 200 79703 "-" "Java/17.0.13.0.101"
77.79.248.229 - - [18/Apr/2025:10:59:14 +0200] "GET /Jurek/eurofirany/feeds/eurofirany_manomanoit.xml HTTP/1.1" 200 19094358 "-" "Python-urllib/3.11"
66.135.223.44 - - [18/Apr/2025:10:59:15 +0200] "GET /Jurek/eurofirany/images/448516/0.jpg HTTP/1.1" 200 170304 "-" "Java/17.0.13.0.101"
77.79.248.229 - - [18/Apr/2025:10:59:15 +0200] "GET /Jurek/fernity/feeds/fernity_manoIT.xml HTTP/1.1" 200 4817064 "-" "Python-urllib/3.11"
77.79.248.229 - - [18/Apr/2025:10:59:15 +0200] "GET /Jurek/topeshop/feeds/topeshop_manoIT.xml HTTP/1.1" 200 2682105 "-" "Python-urllib/3.11"
77.79.248.229 - - [18/Apr/2025:10:59:16 +0200] "GET /Jurek/action/feeds/action_manomano_IT.xml HTTP/1.1" 200 59672716 "-" "Python-urllib/3.11"
77.79.248.229 - - [18/Apr/2025:10:59:16 +0200] "GET /Jurek/activeshop/feeds/activeshop_manomanoit.xml HTTP/1.1" 200 10458489 "-" "Python-urllib/3.11"
66.211.183.70 - - [18/Apr/2025:10:59:16 +0200] "GET /Jurek/eurofirany/images/459019/1.jpg HTTP/1.1" 200 52163 "http://www.ebay.com/" "Mozilla/4.0 (compatible; MSIE 4.01; Windows NT)"
66.211.183.74 - - [18/Apr/2025:10:59:16 +0200] "GET /Jurek/eurofirany/images/459019/0.jpg HTTP/1.1" 200 112002 "http://www.ebay.com/" "Mozilla/4.0 (compatible; MSIE 4.01; Windows NT)"
66.211.183.72 - - [18/Apr/2025:10:59:18 +0200] "GET /Jurek/eurofirany/images/459000/0.jpg HTTP/1.1" 200 100742 "http://www.ebay.com/" "Mozilla/4.0 (compatible; MSIE 4.01; Windows NT)"
66.211.183.71 - - [18/Apr/2025:10:59:18 +0200] "GET /Jurek/eurofirany/images/459000/1.jpg HTTP/1.1" 200 52520 "http://www.ebay.com/" "Mozilla/4.0 (compatible; MSIE 4.01; Windows NT)"
77.79.248.229 - - [18/Apr/2025:10:59:18 +0200] "GET /Jurek/aw/feeds/awnarzedzia_manomanoIT.xml HTTP/1.1" 200 90500694 "-" "Python-urllib/3.11"
77.79.248.229 - - [18/Apr/2025:10:59:18 +0200] "GET /Jurek/barbecook/feeds/barbecook_manoit.xml HTTP/1.1" 200 87536 "-" "Python-urllib/3.11"
77.79.248.229 - - [18/Apr/2025:10:59:18 +0200] "GET /Jurek/drewdon/feeds/drewdon_manomanoIT.xml HTTP/1.1" 200 504447 "-" "Python-urllib/3.11"
77.79.248.229 - - [18/Apr/2025:10:59:18 +0200] "GET /Jurek/kobi/feeds/kobi_manomanoIT.xml HTTP/1.1" 200 1993231 "-" "Python-urllib/3.11"
77.79.248.229 - - [18/Apr/2025:10:59:19 +0200] "GET /Jurek/pupus/feeds/pupus_manomanoIT.xml HTTP/1.1" 200 6154498 "-" "Python-urllib/3.11"
77.79.248.229 - - [18/Apr/2025:10:59:19 +0200] "GET /Jurek/reman/feeds/reman_manoamnoIT.xml HTTP/1.1" 200 1394828 "-" "Python-urllib/3.11"
66.135.223.41 - - [18/Apr/2025:10:59:19 +0200] "GET /Jurek/eurofirany/images/448537/0.jpg HTTP/1.1" 200 54118 "http://www.ebay.com/" "Mozilla/4.0 (compatible; MSIE 4.01; Windows NT)"
66.135.223.43 - - [18/Apr/2025:10:59:19 +0200] "GET /Jurek/eurofirany/images/448537/1.jpg HTTP/1.1" 200 97614 "http://www.ebay.com/" "Mozilla/4.0 (compatible; MSIE 4.01; Windows NT)"
77.79.248.229 - - [18/Apr/2025:10:59:19 +0200] "GET /Jurek/artdog/feeds/artdog_manomanoIT.xml HTTP/1.1" 200 17158050 "-" "Python-urllib/3.11"
66.135.223.41 - - [18/Apr/2025:10:59:19 +0200] "GET /Jurek/eurofirany/images/448537/2.jpg HTTP/1.1" 200 94674 "http://www.ebay.com/" "Mozilla/4.0 (compatible; MSIE 4.01; Windows NT)"
66.135.223.40 - - [18/Apr/2025:10:59:19 +0200] "GET /Jurek/eurofirany/images/448537/3.jpg HTTP/1.1" 200 118717 "http://www.ebay.com/" "Mozilla/4.0 (compatible; MSIE 4.01; Windows NT)"
77.79.248.229 - - [18/Apr/2025:10:59:19 +0200] "GET /Jurek/sartrix/feeds/sartrix_manomanoIT.xml HTTP/1.1" 200 649173 "-" "Python-urllib/3.11"
77.79.248.229 - - [18/Apr/2025:10:59:19 +0200] "GET /Jurek/hlo/feeds/hlo_manomanoIT.xml HTTP/1.1" 200 4838655 "-" "Python-urllib/3.11"
77.79.248.229 - - [18/Apr/2025:10:59:19 +0200] "GET /Jurek/hurtmeblowy/feeds/hurtmeblowy_ManoIT.xml HTTP/1.1" 200 8512901 "-" "Python-urllib/3.11"
77.79.248.229 - - [18/Apr/2025:10:59:20 +0200] "GET /Jurek/aiofactory/feeds/aiofactory_manomanoIT.xml HTTP/1.1" 200 2123763 "-" "Python-urllib/3.11"
77.79.248.229 - - [18/Apr/2025:10:59:20 +0200] "GET /Jurek/szpaklampy/feeds/szpaklampy_manoIT.xml HTTP/1.1" 200 388219 "-" "Python-urllib/3.11"
77.79.248.229 - - [18/Apr/2025:10:59:20 +0200] "GET /Jurek/drops/feeds/dropsofficecolection_manoIT.xml HTTP/1.1" 200 790618 "-" "Python-urllib/3.11"
77.79.248.229 - - [18/Apr/2025:10:59:20 +0200] "GET /Jurek/kristronik/feeds/kristronik_manoIT.xml HTTP/1.1" 200 691979 "-" "Python-urllib/3.11"
77.79.248.229 - - [18/Apr/2025:10:59:20 +0200] "GET /Jurek/techrebal/feeds/techrebal_manoIT.xml HTTP/1.1" 200 1989733 "-" "Python-urllib/3.11"
77.79.248.229 - - [18/Apr/2025:10:59:20 +0200] "GET /Jurek/proparts/feeds/proparts_manoIT.xml HTTP/1.1" 200 707498 "-" "Python-urllib/3.11"
77.79.248.229 - - [18/Apr/2025:10:59:21 +0200] "GET /Jurek/rosfix/feeds/rosfix_manoIT.xml HTTP/1.1" 200 35769639 "-" "Python-urllib/3.11"
77.79.248.229 - - [18/Apr/2025:10:59:21 +0200] "GET /Jurek/matkam/feeds/matkam_manoIT.xml HTTP/1.1" 200 5000312 "-" "Python-urllib/3.11"
77.79.248.229 - - [18/Apr/2025:10:59:21 +0200] "GET /Jurek/hanex/feeds/hanex_manoIT.xml HTTP/1.1" 200 13931584 "-" "Python-urllib/3.11"
77.79.248.229 - - [18/Apr/2025:10:59:21 +0200] "GET /Jurek/broers/feeds/broers_manoIT.xml HTTP/1.1" 200 1982584 "-" "Python-urllib/3.11"
77.79.248.229 - - [18/Apr/2025:10:59:21 +0200] "GET /Jurek/em3/feeds/em3_manoIT.xml HTTP/1.1" 200 258920 "-" "Python-urllib/3.11"
77.79.248.229 - - [18/Apr/2025:10:59:21 +0200] "GET /Jurek/pagmil/feeds/pagmil_manoIT.xml HTTP/1.1" 200 1802833 "-" "Python-urllib/3.11"
77.79.248.229 - - [18/Apr/2025:10:59:21 +0200] "GET /Jurek/evil/feeds/evil_manoIT.xml HTTP/1.1" 200 306378 "-" "Python-urllib/3.11"
77.79.248.229 - - [18/Apr/2025:10:59:21 +0200] "GET /Jurek/hdwr/feeds/hdwr_manoIT.xml HTTP/1.1" 200 789398 "-" "Python-urllib/3.11"
77.79.248.229 - - [18/Apr/2025:10:59:22 +0200] "GET /Jurek/lampart/feeds/lampart_manoIT.xml HTTP/1.1" 200 936020 "-" "Python-urllib/3.11"
77.79.248.229 - - [18/Apr/2025:10:59:22 +0200] "GET /Jurek/nonabox/feeds/nonabox_manoIT.xml HTTP/1.1" 200 33864 "-" "Python-urllib/3.11"
77.79.248.229 - - [18/Apr/2025:10:59:22 +0200] "GET /Jurek/smxdesign/feeds/smxdesign_manoIT.xml HTTP/1.1" 200 1829021 "-" "Python-urllib/3.11"
77.79.248.229 - - [18/Apr/2025:10:59:22 +0200] "GET /Jurek/techrebalina/feeds/techrebalina_manoIT.xml HTTP/1.1" 200 2011208 "-" "Python-urllib/3.11"
77.79.248.229 - - [18/Apr/2025:10:59:22 +0200] "GET /Jurek/omi/feeds/omi_manoIT.xml HTTP/1.1" 200 8105566 "-" "Python-urllib/3.11"
77.79.248.229 - - [18/Apr/2025:10:59:22 +0200] "GET /Jurek/tsjerzy/feeds/tsjerzy_manoIT.xml HTTP/1.1" 200 3897698 "-" "Python-urllib/3.11"
77.79.248.229 - - [18/Apr/2025:10:59:22 +0200] "GET /Jurek/narzbud/feeds/narzbud_manoIT.xml HTTP/1.1" 200 1901276 "-" "Python-urllib/3.11"
77.79.248.229 - - [18/Apr/2025:10:59:22 +0200] "GET /Jurek/makow/feeds/makow_manoIT.xml HTTP/1.1" 200 21203778 "-" "Python-urllib/3.11"
66.211.183.74 - - [18/Apr/2025:10:59:23 +0200] "GET /Jurek/eurofirany/images/440534/0.jpg HTTP/1.1" 200 136586 "http://www.ebay.com/" "Mozilla/4.0 (compatible; MSIE 4.01; Windows NT)"
77.79.248.229 - - [18/Apr/2025:10:59:23 +0200] "GET /Jurek/jankeski/feeds/jankeski_manoIT.xml HTTP/1.1" 200 6571079 "-" "Python-urllib/3.11"
66.211.183.73 - - [18/Apr/2025:10:59:23 +0200] "GET /Jurek/eurofirany/images/440534/3.jpg HTTP/1.1" 200 142826 "http://www.ebay.com/" "Mozilla/4.0 (compatible; MSIE 4.01; Windows NT)"
66.211.183.73 - - [18/Apr/2025:10:59:23 +0200] "GET /Jurek/eurofirany/images/440534/2.jpg HTTP/1.1" 200 142826 "http://www.ebay.com/" "Mozilla/4.0 (compatible; MSIE 4.01; Windows NT)"
77.79.248.229 - - [18/Apr/2025:10:59:23 +0200] "GET /Jurek/gandalf/feeds/gandalf_manoIT.xml HTTP/1.1" 200 1082526 "-" "Python-urllib/3.11"
66.211.183.74 - - [18/Apr/2025:10:59:23 +0200] "GET /Jurek/eurofirany/images/440534/1.jpg HTTP/1.1" 200 156198 "http://www.ebay.com/" "Mozilla/4.0 (compatible; MSIE 4.01; Windows NT)"
77.79.248.229 - - [18/Apr/2025:10:59:23 +0200] "GET /Jurek/cenoman/feeds/cenoman_manoIT.xml HTTP/1.1" 200 5993171 "-" "Python-urllib/3.11"
77.79.248.229 - - [18/Apr/2025:10:59:23 +0200] "GET /Jurek/zenex/feeds/zenex_manoIT.xml HTTP/1.1" 200 540173 "-" "Python-urllib/3.11"
77.79.248.229 - - [18/Apr/2025:10:59:23 +0200] "GET /Jurek/andex/feeds/andex_manoIT.xml HTTP/1.1" 200 1953446 "-" "Python-urllib/3.11"
77.79.248.229 - - [18/Apr/2025:10:59:23 +0200] "GET /Jurek/sebmart/feeds/sebmart_manoIT.xml HTTP/1.1" 200 1598759 "-" "Python-urllib/3.11"
77.79.248.229 - - [18/Apr/2025:10:59:23 +0200] "GET /Jurek/benetech/feeds/benetech_manoit.xml HTTP/1.1" 200 4165455 "-" "Python-urllib/3.11"
77.79.248.229 - - [18/Apr/2025:10:59:23 +0200] "GET /Jurek/dekoele/feeds/dekoele_manomanoIT.xml HTTP/1.1" 200 733935 "-" "Python-urllib/3.11"
77.79.248.229 - - [18/Apr/2025:10:59:23 +0200] "GET /Jurek/kalama/feeds/kalama_manoIT.xml HTTP/1.1" 200 2661619 "-" "Python-urllib/3.11"
77.79.248.229 - - [18/Apr/2025:10:59:23 +0200] "GET /Jurek/mojeledy/feeds/mojeledy_manoIT.xml HTTP/1.1" 200 1018437 "-" "Python-urllib/3.11"
77.79.248.229 - - [18/Apr/2025:10:59:24 +0200] "GET /Jurek/rovato/feeds/rovato_manoIT.xml HTTP/1.1" 200 180829 "-" "Python-urllib/3.11"
77.79.248.229 - - [18/Apr/2025:10:59:24 +0200] "GET /Jurek/stiv/feeds/stiv_manoIT.xml HTTP/1.1" 200 2056862 "-" "Python-urllib/3.11"
66.135.223.44 - - [18/Apr/2025:10:59:24 +0200] "GET /Jurek/eurofirany/images/448521/0.jpg HTTP/1.1" 200 170052 "-" "Java/17.0.13.0.101"
77.79.248.229 - - [18/Apr/2025:10:59:25 +0200] "GET /Jurek/piotrmiedz/feeds/piotrmiedz_manoIT.xml HTTP/1.1" 200 91045578 "-" "Python-urllib/3.11"
77.79.248.229 - - [18/Apr/2025:10:59:25 +0200] "GET /Jurek/pawonik/feeds/pawonik_manoIT.xml HTTP/1.1" 200 2138430 "-" "Python-urllib/3.11"
77.79.248.229 - - [18/Apr/2025:10:59:25 +0200] "GET /Jurek/alucon/feeds/alucon_manoIT.xml HTTP/1.1" 200 553573 "-" "Python-urllib/3.11"
77.79.248.229 - - [18/Apr/2025:10:59:25 +0200] "GET /Jurek/sovapl/feeds/sovapl_manoIT.xml HTTP/1.1" 200 9000013 "-" "Python-urllib/3.11"
77.79.248.229 - - [18/Apr/2025:10:59:25 +0200] "GET /Jurek/missionair/feeds/missionair_manoIT.xml HTTP/1.1" 200 3154893 "-" "Python-urllib/3.11"
66.211.183.73 - - [18/Apr/2025:10:59:29 +0200] "GET /Jurek/eurofirany/images/448521/2.jpg HTTP/1.1" 200 83366 "http://www.ebay.com/" "Mozilla/4.0 (compatible; MSIE 4.01; Windows NT)"
66.211.183.71 - - [18/Apr/2025:10:59:29 +0200] "GET /Jurek/eurofirany/images/448521/8.jpg HTTP/1.1" 200 82877 "http://www.ebay.com/" "Mozilla/4.0 (compatible; MSIE 4.01; Windows NT)"
66.211.183.71 - - [18/Apr/2025:10:59:29 +0200] "GET /Jurek/eurofirany/images/448521/7.jpg HTTP/1.1" 200 142048 "http://www.ebay.com/" "Mozilla/4.0 (compatible; MSIE 4.01; Windows NT)"
66.211.183.73 - - [18/Apr/2025:10:59:29 +0200] "GET /Jurek/eurofirany/images/448521/0.jpg HTTP/1.1" 200 170052 "http://www.ebay.com/" "Mozilla/4.0 (compatible; MSIE 4.01; Windows NT)"
66.211.183.71 - - [18/Apr/2025:10:59:29 +0200] "GET /Jurek/eurofirany/images/448521/3.jpg HTTP/1.1" 200 184739 "http://www.ebay.com/" "Mozilla/4.0 (compatible; MSIE 4.01; Windows NT)"
66.211.183.72 - - [18/Apr/2025:10:59:29 +0200] "GET /Jurek/eurofirany/images/448521/5.jpg HTTP/1.1" 200 210111 "http://www.ebay.com/" "Mozilla/4.0 (compatible; MSIE 4.01; Windows NT)"
66.211.183.72 - - [18/Apr/2025:10:59:29 +0200] "GET /Jurek/eurofirany/images/448521/1.jpg HTTP/1.1" 200 209559 "http://www.ebay.com/" "Mozilla/4.0 (compatible; MSIE 4.01; Windows NT)"
66.211.183.70 - - [18/Apr/2025:10:59:29 +0200] "GET /Jurek/eurofirany/images/448521/9.jpg HTTP/1.1" 200 279257 "http://www.ebay.com/" "Mozilla/4.0 (compatible; MSIE 4.01; Windows NT)"
66.211.183.72 - - [18/Apr/2025:10:59:29 +0200] "GET /Jurek/eurofirany/images/448521/6.jpg HTTP/1.1" 200 269186 "http://www.ebay.com/" "Mozilla/4.0 (compatible; MSIE 4.01; Windows NT)"
66.135.223.41 - - [18/Apr/2025:10:59:29 +0200] "GET /Jurek/eurofirany/images/448524/0.jpg HTTP/1.1" 200 170304 "-" "Java/17.0.13.0.101"
66.211.183.71 - - [18/Apr/2025:10:59:29 +0200] "GET /Jurek/eurofirany/images/448521/4.jpg HTTP/1.1" 200 257412 "http://www.ebay.com/" "Mozilla/4.0 (compatible; MSIE 4.01; Windows NT)"
66.135.223.41 - - [18/Apr/2025:10:59:38 +0200] "GET /Jurek/eurofirany/images/457597/0.jpg HTTP/1.1" 200 75871 "http://www.ebay.com/" "Mozilla/4.0 (compatible; MSIE 4.01; Windows NT)"
66.135.223.43 - - [18/Apr/2025:10:59:38 +0200] "GET /Jurek/eurofirany/images/457597/1.jpg HTTP/1.1" 200 79370 "http://www.ebay.com/" "Mozilla/4.0 (compatible; MSIE 4.01; Windows NT)"
66.135.223.41 - - [18/Apr/2025:10:59:38 +0200] "GET /Jurek/eurofirany/images/457597/2.jpg HTTP/1.1" 200 40355 "http://www.ebay.com/" "Mozilla/4.0 (compatible; MSIE 4.01; Windows NT)"
66.135.223.40 - - [18/Apr/2025:10:59:38 +0200] "GET /Jurek/eurofirany/images/457597/3.jpg HTTP/1.1" 200 75007 "http://www.ebay.com/" "Mozilla/4.0 (compatible; MSIE 4.01; Windows NT)"
66.135.223.40 - - [18/Apr/2025:10:59:38 +0200] "GET /Jurek/eurofirany/images/457597/5.jpg HTTP/1.1" 200 55954 "http://www.ebay.com/" "Mozilla/4.0 (compatible; MSIE 4.01; Windows NT)"
66.135.223.41 - - [18/Apr/2025:10:59:38 +0200] "GET /Jurek/eurofirany/images/457597/6.jpg HTTP/1.1" 200 56725 "http://www.ebay.com/" "Mozilla/4.0 (compatible; MSIE 4.01; Windows NT)"
66.135.223.42 - - [18/Apr/2025:10:59:38 +0200] "GET /Jurek/eurofirany/images/457597/7.jpg HTTP/1.1" 200 73234 "http://www.ebay.com/" "Mozilla/4.0 (compatible; MSIE 4.01; Windows NT)"
66.135.223.41 - - [18/Apr/2025:10:59:39 +0200] "GET /Jurek/eurofirany/images/457597/4.jpg HTTP/1.1" 200 157459 "http://www.ebay.com/" "Mozilla/4.0 (compatible; MSIE 4.01; Windows NT)"
77.79.248.229 - - [18/Apr/2025:10:59:44 +0200] "GET /Jurek/drewdon/feeds/drewdon_manomanoES.xml HTTP/1.1" 200 504435 "-" "Python-urllib/3.11"
66.135.223.43 - - [18/Apr/2025:10:59:45 +0200] "GET /Jurek/eurofirany/images/459018/0.jpg HTTP/1.1" 200 112002 "http://www.ebay.com/" "Mozilla/4.0 (compatible; MSIE 4.01; Windows NT)"
66.135.223.40 - - [18/Apr/2025:10:59:45 +0200] "GET /Jurek/eurofirany/images/459018/1.jpg HTTP/1.1" 200 52163 "http://www.ebay.com/" "Mozilla/4.0 (compatible; MSIE 4.01; Windows NT)"
77.79.248.229 - - [18/Apr/2025:10:59:45 +0200] "GET /Jurek/hurtownia_przemyslowa/feeds/hp_manomanoES.xml HTTP/1.1" 200 49362642 "-" "Python-urllib/3.11"
77.79.248.229 - - [18/Apr/2025:10:59:45 +0200] "GET /Jurek/kobi/feeds/kobi_manomanoES.xml HTTP/1.1" 200 1993270 "-" "Python-urllib/3.11"
77.79.248.229 - - [18/Apr/2025:10:59:45 +0200] "GET /Jurek/pupus/feeds/pupus_manomanoES.xml HTTP/1.1" 200 6154514 "-" "Python-urllib/3.11"
77.79.248.229 - - [18/Apr/2025:10:59:45 +0200] "GET /Jurek/reman/feeds/reman_manoamnoES.xml HTTP/1.1" 200 1394824 "-" "Python-urllib/3.11"
77.79.248.229 - - [18/Apr/2025:10:59:46 +0200] "GET /Jurek/artdog/feeds/artdog_manomanoES.xml HTTP/1.1" 200 17158521 "-" "Python-urllib/3.11"
77.79.248.229 - - [18/Apr/2025:10:59:46 +0200] "GET /Jurek/sartrix/feeds/sartrix_manomanoES.xml HTTP/1.1" 200 649111 "-" "Python-urllib/3.11"
216.113.184.102 - - [18/Apr/2025:10:59:46 +0200] "GET /Jurek/eurofirany/images/459043/0.jpg HTTP/1.1" 200 85205 "http://www.ebay.com/" "Mozilla/4.0 (compatible; MSIE 4.01; Windows NT)"
216.113.184.104 - - [18/Apr/2025:10:59:46 +0200] "GET /Jurek/eurofirany/images/459043/1.jpg HTTP/1.1" 200 68011 "http://www.ebay.com/" "Mozilla/4.0 (compatible; MSIE 4.01; Windows NT)"
77.79.248.229 - - [18/Apr/2025:10:59:46 +0200] "GET /Jurek/hlo/feeds/hlo_manomanoES.xml HTTP/1.1" 200 4838614 "-" "Python-urllib/3.11"
77.79.248.229 - - [18/Apr/2025:10:59:46 +0200] "GET /Jurek/drops/feeds/dropsofficecolection_manoES.xml HTTP/1.1" 200 790640 "-" "Python-urllib/3.11"
77.79.248.229 - - [18/Apr/2025:10:59:46 +0200] "GET /Jurek/szpaklampy/feeds/szpaklampy_manoES.xml HTTP/1.1" 200 388215 "-" "Python-urllib/3.11"
77.79.248.229 - - [18/Apr/2025:10:59:46 +0200] "GET /Jurek/hurtmeblowy/feeds/hurtmeblowy_ManoES.xml HTTP/1.1" 200 8512984 "-" "Python-urllib/3.11"
77.79.248.229 - - [18/Apr/2025:10:59:46 +0200] "GET /Jurek/aiofactory/feeds/aiofactory_manomanoES.xml HTTP/1.1" 200 2123774 "-" "Python-urllib/3.11"
77.79.248.229 - - [18/Apr/2025:10:59:47 +0200] "GET /Jurek/topeshop/feeds/topeshop_manoES.xml HTTP/1.1" 200 2682142 "-" "Python-urllib/3.11"
77.79.248.229 - - [18/Apr/2025:10:59:47 +0200] "GET /Jurek/kristronik/feeds/kristronik_manoES.xml HTTP/1.1" 200 691976 "-" "Python-urllib/3.11"
77.79.248.229 - - [18/Apr/2025:10:59:47 +0200] "GET /Jurek/techrebal/feeds/techrebal_manoES.xml HTTP/1.1" 200 1989746 "-" "Python-urllib/3.11"
77.79.248.229 - - [18/Apr/2025:10:59:47 +0200] "GET /Jurek/proparts/feeds/proparts_manoES.xml HTTP/1.1" 200 707509 "-" "Python-urllib/3.11"
77.79.248.229 - - [18/Apr/2025:10:59:47 +0200] "GET /Jurek/rosfix/feeds/rosfix_manoES.xml HTTP/1.1" 200 35769548 "-" "Python-urllib/3.11"
77.79.248.229 - - [18/Apr/2025:10:59:47 +0200] "GET /Jurek/matkam/feeds/matkam_manoES.xml HTTP/1.1" 200 5000341 "-" "Python-urllib/3.11"
77.79.248.229 - - [18/Apr/2025:10:59:48 +0200] "GET /Jurek/hanex/feeds/hanex_manoES.xml HTTP/1.1" 200 13931639 "-" "Python-urllib/3.11"
77.79.248.229 - - [18/Apr/2025:10:59:48 +0200] "GET /Jurek/broers/feeds/broers_manoES.xml HTTP/1.1" 200 1982642 "-" "Python-urllib/3.11"
77.79.248.229 - - [18/Apr/2025:10:59:48 +0200] "GET /Jurek/em3/feeds/em3_manoES.xml HTTP/1.1" 200 258902 "-" "Python-urllib/3.11"
77.79.248.229 - - [18/Apr/2025:10:59:48 +0200] "GET /Jurek/pagmil/feeds/pagmil_manoES.xml HTTP/1.1" 200 1802831 "-" "Python-urllib/3.11"
77.79.248.229 - - [18/Apr/2025:10:59:48 +0200] "GET /Jurek/evil/feeds/evil_manoES.xml HTTP/1.1" 200 306388 "-" "Python-urllib/3.11"
77.79.248.229 - - [18/Apr/2025:10:59:48 +0200] "GET /Jurek/hdwr/feeds/hdwr_manoES.xml HTTP/1.1" 200 789399 "-" "Python-urllib/3.11"
77.79.248.229 - - [18/Apr/2025:10:59:48 +0200] "GET /Jurek/lampart/feeds/lampart_manoES.xml HTTP/1.1" 200 936047 "-" "Python-urllib/3.11"
77.79.248.229 - - [18/Apr/2025:10:59:48 +0200] "GET /Jurek/nonabox/feeds/nonabox_manoES.xml HTTP/1.1" 200 33865 "-" "Python-urllib/3.11"
77.79.248.229 - - [18/Apr/2025:10:59:48 +0200] "GET /Jurek/smxdesign/feeds/smxdesign_manoES.xml HTTP/1.1" 200 1829037 "-" "Python-urllib/3.11"
77.79.248.229 - - [18/Apr/2025:10:59:48 +0200] "GET /Jurek/techrebalina/feeds/techrebalina_manoES.xml HTTP/1.1" 200 2011205 "-" "Python-urllib/3.11"
77.79.248.229 - - [18/Apr/2025:10:59:48 +0200] "GET /Jurek/cdata/feeds/cdata_manoES.xml HTTP/1.1" 200 1445113 "-" "Python-urllib/3.11"
77.79.248.229 - - [18/Apr/2025:10:59:49 +0200] "GET /Jurek/omi/feeds/omi_manoES.xml HTTP/1.1" 200 8105525 "-" "Python-urllib/3.11"
77.79.248.229 - - [18/Apr/2025:10:59:49 +0200] "GET /Jurek/tsjerzy/feeds/tsjerzy_manoES.xml HTTP/1.1" 200 3897775 "-" "Python-urllib/3.11"
77.79.248.229 - - [18/Apr/2025:10:59:49 +0200] "GET /Jurek/narzbud/feeds/narzbud_manoES.xml HTTP/1.1" 200 1901281 "-" "Python-urllib/3.11"
77.79.248.229 - - [18/Apr/2025:10:59:49 +0200] "GET /Jurek/makow/feeds/makow_manoES.xml HTTP/1.1" 200 21203878 "-" "Python-urllib/3.11"
77.79.248.229 - - [18/Apr/2025:10:59:49 +0200] "GET /Jurek/jankeski/feeds/jankeski_manoES.xml HTTP/1.1" 200 6571061 "-" "Python-urllib/3.11"
77.79.248.229 - - [18/Apr/2025:10:59:49 +0200] "GET /Jurek/gandalf/feeds/gandalf_manoES.xml HTTP/1.1" 200 1082474 "-" "Python-urllib/3.11"
77.79.248.229 - - [18/Apr/2025:10:59:49 +0200] "GET /Jurek/cenoman/feeds/cenoman_manoES.xml HTTP/1.1" 200 5993164 "-" "Python-urllib/3.11"
77.79.248.229 - - [18/Apr/2025:10:59:49 +0200] "GET /Jurek/zenex/feeds/zenex_manoES.xml HTTP/1.1" 200 540169 "-" "Python-urllib/3.11"
77.79.248.229 - - [18/Apr/2025:10:59:49 +0200] "GET /Jurek/andex/feeds/andex_manoES.xml HTTP/1.1" 200 1953435 "-" "Python-urllib/3.11"
77.79.248.229 - - [18/Apr/2025:10:59:50 +0200] "GET /Jurek/sebmart/feeds/sebmart_manoES.xml HTTP/1.1" 200 1598738 "-" "Python-urllib/3.11"
77.79.248.229 - - [18/Apr/2025:10:59:50 +0200] "GET /Jurek/benetech/feeds/benetech_manoes.xml HTTP/1.1" 200 4165461 "-" "Python-urllib/3.11"
77.79.248.229 - - [18/Apr/2025:10:59:50 +0200] "GET /Jurek/dekoele/feeds/dekoele_manomanoES.xml HTTP/1.1" 200 733933 "-" "Python-urllib/3.11"
77.79.248.229 - - [18/Apr/2025:10:59:50 +0200] "GET /Jurek/kalama/feeds/kalama_manoES.xml HTTP/1.1" 200 2661623 "-" "Python-urllib/3.11"
77.79.248.229 - - [18/Apr/2025:10:59:50 +0200] "GET /Jurek/mojeledy/feeds/mojeledy_manoES.xml HTTP/1.1" 200 1018435 "-" "Python-urllib/3.11"
77.79.248.229 - - [18/Apr/2025:10:59:50 +0200] "GET /Jurek/rovato/feeds/rovato_manoES.xml HTTP/1.1" 200 180833 "-" "Python-urllib/3.11"
77.79.248.229 - - [18/Apr/2025:10:59:50 +0200] "GET /Jurek/stiv/feeds/stiv_manoES.xml HTTP/1.1" 200 2056843 "-" "Python-urllib/3.11"
77.79.248.229 - - [18/Apr/2025:10:59:51 +0200] "GET /Jurek/piotrmiedz/feeds/piotrmiedz_manoES.xml HTTP/1.1" 200 91038342 "-" "Python-urllib/3.11"
77.79.248.229 - - [18/Apr/2025:10:59:51 +0200] "GET /Jurek/pawonik/feeds/pawonik_manoES.xml HTTP/1.1" 200 2138382 "-" "Python-urllib/3.11"
77.79.248.229 - - [18/Apr/2025:10:59:51 +0200] "GET /Jurek/alucon/feeds/alucon_manoES.xml HTTP/1.1" 200 553574 "-" "Python-urllib/3.11"
77.79.248.229 - - [18/Apr/2025:10:59:51 +0200] "GET /Jurek/sovapl/feeds/sovapl_manoES.xml HTTP/1.1" 200 9000015 "-" "Python-urllib/3.11"
77.79.248.229 - - [18/Apr/2025:10:59:52 +0200] "GET /Jurek/missionair/feeds/missionair_manoES.xml HTTP/1.1" 200 3154889 "-" "Python-urllib/3.11"
66.135.223.41 - - [18/Apr/2025:10:59:53 +0200] "GET /Jurek/eurofirany/images/428719/0.jpg HTTP/1.1" 200 35724 "http://www.ebay.com/" "Mozilla/4.0 (compatible; MSIE 4.01; Windows NT)"
66.135.223.41 - - [18/Apr/2025:10:59:53 +0200] "GET /Jurek/eurofirany/images/428719/1.jpg HTTP/1.1" 200 50239 "http://www.ebay.com/" "Mozilla/4.0 (compatible; MSIE 4.01; Windows NT)"
66.135.223.42 - - [18/Apr/2025:10:59:53 +0200] "GET /Jurek/eurofirany/images/428719/2.jpg HTTP/1.1" 200 54597 "http://www.ebay.com/" "Mozilla/4.0 (compatible; MSIE 4.01; Windows NT)"
66.135.223.42 - - [18/Apr/2025:10:59:53 +0200] "GET /Jurek/eurofirany/images/428719/3.jpg HTTP/1.1" 200 95729 "http://www.ebay.com/" "Mozilla/4.0 (compatible; MSIE 4.01; Windows NT)"
66.135.223.44 - - [18/Apr/2025:10:59:53 +0200] "GET /Jurek/eurofirany/images/428719/4.jpg HTTP/1.1" 200 57858 "http://www.ebay.com/" "Mozilla/4.0 (compatible; MSIE 4.01; Windows NT)"
66.135.223.42 - - [18/Apr/2025:10:59:53 +0200] "GET /Jurek/eurofirany/images/428719/5.jpg HTTP/1.1" 200 90252 "http://www.ebay.com/" "Mozilla/4.0 (compatible; MSIE 4.01; Windows NT)"
66.135.223.42 - - [18/Apr/2025:10:59:53 +0200] "GET /Jurek/eurofirany/images/428719/6.jpg HTTP/1.1" 200 81434 "http://www.ebay.com/" "Mozilla/4.0 (compatible; MSIE 4.01; Windows NT)"
66.211.183.73 - - [18/Apr/2025:10:59:55 +0200] "GET /Jurek/eurofirany/images/459042/0.jpg HTTP/1.1" 200 85205 "http://www.ebay.com/" "Mozilla/4.0 (compatible; MSIE 4.01; Windows NT)"
66.211.183.71 - - [18/Apr/2025:10:59:55 +0200] "GET /Jurek/eurofirany/images/459042/1.jpg HTTP/1.1" 200 67139 "http://www.ebay.com/" "Mozilla/4.0 (compatible; MSIE 4.01; Windows NT)"
66.211.183.72 - - [18/Apr/2025:10:59:55 +0200] "GET /Jurek/eurofirany/images/459022/0.jpg HTTP/1.1" 200 105293 "-" "Java/17.0.13.0.101"
66.135.223.44 - - [18/Apr/2025:10:59:55 +0200] "GET /Jurek/eurofirany/images/458985/0.jpg HTTP/1.1" 200 117375 "-" "Java/17.0.13.0.101"
164.92.232.189 - - [18/Apr/2025:11:00:02 +0200] "GET /subskrypcje/AMD/feeds/amd_cz.xml HTTP/1.1" 200 518486 "-" "-"
216.113.184.102 - - [18/Apr/2025:11:00:04 +0200] "GET /Jurek/eurofirany/images/459001/1.jpg HTTP/1.1" 200 52520 "http://www.ebay.com/" "Mozilla/4.0 (compatible; MSIE 4.01; Windows NT)"
216.113.184.104 - - [18/Apr/2025:11:00:04 +0200] "GET /Jurek/eurofirany/images/459001/0.jpg HTTP/1.1" 200 100742 "http://www.ebay.com/" "Mozilla/4.0 (compatible; MSIE 4.01; Windows NT)"
66.211.183.70 - - [18/Apr/2025:11:00:11 +0200] "GET /Jurek/eurofirany/images/453883/0.jpg HTTP/1.1" 200 90175 "http://www.ebay.com/" "Mozilla/4.0 (compatible; MSIE 4.01; Windows NT)"
66.211.183.70 - - [18/Apr/2025:11:00:11 +0200] "GET /Jurek/eurofirany/images/453883/1.jpg HTTP/1.1" 200 63904 "http://www.ebay.com/" "Mozilla/4.0 (compatible; MSIE 4.01; Windows NT)"
66.211.183.72 - - [18/Apr/2025:11:00:11 +0200] "GET /Jurek/eurofirany/images/453883/2.jpg HTTP/1.1" 200 98153 "http://www.ebay.com/" "Mozilla/4.0 (compatible; MSIE 4.01; Windows NT)"
66.211.183.73 - - [18/Apr/2025:11:00:11 +0200] "GET /Jurek/eurofirany/images/453883/3.jpg HTTP/1.1" 200 130749 "http://www.ebay.com/" "Mozilla/4.0 (compatible; MSIE 4.01; Windows NT)"
66.211.183.70 - - [18/Apr/2025:11:00:11 +0200] "GET /Jurek/eurofirany/images/453883/5.jpg HTTP/1.1" 200 63904 "http://www.ebay.com/" "Mozilla/4.0 (compatible; MSIE 4.01; Windows NT)"
66.211.183.70 - - [18/Apr/2025:11:00:11 +0200] "GET /Jurek/eurofirany/images/453883/6.jpg HTTP/1.1" 200 87165 "http://www.ebay.com/" "Mozilla/4.0 (compatible; MSIE 4.01; Windows NT)"
66.211.183.74 - - [18/Apr/2025:11:00:11 +0200] "GET /Jurek/eurofirany/images/453883/7.jpg HTTP/1.1" 200 87213 "http://www.ebay.com/" "Mozilla/4.0 (compatible; MSIE 4.01; Windows NT)"
66.211.183.71 - - [18/Apr/2025:11:00:11 +0200] "GET /Jurek/eurofirany/images/453883/4.jpg HTTP/1.1" 200 141226 "http://www.ebay.com/" "Mozilla/4.0 (compatible; MSIE 4.01; Windows NT)"
164.92.232.189 - - [18/Apr/2025:11:00:12 +0200] "GET /subskrypcje/AMD/feeds/amd_sk.xml HTTP/1.1" 200 528562 "-" "-"
164.92.232.189 - - [18/Apr/2025:11:00:12 +0200] "GET /subskrypcje/OverHorse/overhorse_mallcz.xml HTTP/1.1" 200 112935 "-" "-"
66.135.223.40 - - [18/Apr/2025:11:00:20 +0200] "GET /Jurek/eurofirany/images/448522/2.jpg HTTP/1.1" 200 104103 "http://www.ebay.com/" "Mozilla/4.0 (compatible; MSIE 4.01; Windows NT)"
66.135.223.44 - - [18/Apr/2025:11:00:21 +0200] "GET /Jurek/eurofirany/images/448522/7.jpg HTTP/1.1" 200 140496 "http://www.ebay.com/" "Mozilla/4.0 (compatible; MSIE 4.01; Windows NT)"
66.135.223.42 - - [18/Apr/2025:11:00:21 +0200] "GET /Jurek/eurofirany/images/448522/0.jpg HTTP/1.1" 200 170304 "http://www.ebay.com/" "Mozilla/4.0 (compatible; MSIE 4.01; Windows NT)"
66.135.223.40 - - [18/Apr/2025:11:00:21 +0200] "GET /Jurek/eurofirany/images/448522/8.jpg HTTP/1.1" 200 151295 "http://www.ebay.com/" "Mozilla/4.0 (compatible; MSIE 4.01; Windows NT)"
66.135.223.42 - - [18/Apr/2025:11:00:21 +0200] "GET /Jurek/eurofirany/images/448522/5.jpg HTTP/1.1" 200 210111 "http://www.ebay.com/" "Mozilla/4.0 (compatible; MSIE 4.01; Windows NT)"
66.135.223.42 - - [18/Apr/2025:11:00:21 +0200] "GET /Jurek/eurofirany/images/448522/3.jpg HTTP/1.1" 200 188691 "http://www.ebay.com/" "Mozilla/4.0 (compatible; MSIE 4.01; Windows NT)"
66.135.223.43 - - [18/Apr/2025:11:00:21 +0200] "GET /Jurek/eurofirany/images/448522/6.jpg HTTP/1.1" 200 269186 "http://www.ebay.com/" "Mozilla/4.0 (compatible; MSIE 4.01; Windows NT)"
66.135.223.40 - - [18/Apr/2025:11:00:21 +0200] "GET /Jurek/eurofirany/images/448522/4.jpg HTTP/1.1" 200 257412 "http://www.ebay.com/" "Mozilla/4.0 (compatible; MSIE 4.01; Windows NT)"
66.135.223.40 - - [18/Apr/2025:11:00:21 +0200] "GET /Jurek/eurofirany/images/448522/1.jpg HTTP/1.1" 200 206938 "http://www.ebay.com/" "Mozilla/4.0 (compatible; MSIE 4.01; Windows NT)"
66.135.223.43 - - [18/Apr/2025:11:00:21 +0200] "GET /Jurek/eurofirany/images/448522/9.jpg HTTP/1.1" 200 279257 "http://www.ebay.com/" "Mozilla/4.0 (compatible; MSIE 4.01; Windows NT)"
164.92.232.189 - - [18/Apr/2025:11:00:23 +0200] "GET /subskrypcje/mondex/feeds/mondex_mall_cz.xml HTTP/1.1" 200 2203515 "-" "-"
52.18.22.0 - - [18/Apr/2025:11:00:41 +0200] "GET /marketplaces/ubaldi/results/ubaldi.csv HTTP/1.1" 200 147219 "-" "Mirakl HttpClient"
66.211.183.70 - - [18/Apr/2025:11:00:45 +0200] "GET /Jurek/eurofirany/images/459016/0.jpg HTTP/1.1" 200 96107 "http://www.ebay.com/" "Mozilla/4.0 (compatible; MSIE 4.01; Windows NT)"
66.211.183.70 - - [18/Apr/2025:11:00:45 +0200] "GET /Jurek/eurofirany/images/459016/1.jpg HTTP/1.1" 200 67808 "http://www.ebay.com/" "Mozilla/4.0 (compatible; MSIE 4.01; Windows NT)"
66.135.223.44 - - [18/Apr/2025:11:00:46 +0200] "GET /Jurek/eurofirany/images/452473/1.jpg HTTP/1.1" 200 88496 "http://www.ebay.com/" "Mozilla/4.0 (compatible; MSIE 4.01; Windows NT)"
66.135.223.44 - - [18/Apr/2025:11:00:46 +0200] "GET /Jurek/eurofirany/images/452473/0.jpg HTTP/1.1" 200 84030 "http://www.ebay.com/" "Mozilla/4.0 (compatible; MSIE 4.01; Windows NT)"
66.135.223.40 - - [18/Apr/2025:11:00:46 +0200] "GET /Jurek/eurofirany/images/452473/2.jpg HTTP/1.1" 200 47517 "http://www.ebay.com/" "Mozilla/4.0 (compatible; MSIE 4.01; Windows NT)"
66.135.223.41 - - [18/Apr/2025:11:00:46 +0200] "GET /Jurek/eurofirany/images/452473/3.jpg HTTP/1.1" 200 130860 "http://www.ebay.com/" "Mozilla/4.0 (compatible; MSIE 4.01; Windows NT)"
66.135.223.44 - - [18/Apr/2025:11:00:46 +0200] "GET /Jurek/eurofirany/images/452473/5.jpg HTTP/1.1" 200 130821 "http://www.ebay.com/" "Mozilla/4.0 (compatible; MSIE 4.01; Windows NT)"
66.135.223.41 - - [18/Apr/2025:11:00:46 +0200] "GET /Jurek/eurofirany/images/452473/7.jpg HTTP/1.1" 200 147971 "http://www.ebay.com/" "Mozilla/4.0 (compatible; MSIE 4.01; Windows NT)"
66.135.223.43 - - [18/Apr/2025:11:00:46 +0200] "GET /Jurek/eurofirany/images/452473/4.jpg HTTP/1.1" 200 169757 "http://www.ebay.com/" "Mozilla/4.0 (compatible; MSIE 4.01; Windows NT)"
66.135.223.40 - - [18/Apr/2025:11:00:47 +0200] "GET /Jurek/eurofirany/images/452473/6.jpg HTTP/1.1" 200 196754 "http://www.ebay.com/" "Mozilla/4.0 (compatible; MSIE 4.01; Windows NT)"
216.113.184.103 - - [18/Apr/2025:11:00:50 +0200] "GET /Jurek/eurofirany/images/458985/0.jpg HTTP/1.1" 200 117375 "http://www.ebay.com/" "Mozilla/4.0 (compatible; MSIE 4.01; Windows NT)"
216.113.184.102 - - [18/Apr/2025:11:00:50 +0200] "GET /Jurek/eurofirany/images/458985/1.jpg HTTP/1.1" 200 74661 "http://www.ebay.com/" "Mozilla/4.0 (compatible; MSIE 4.01; Windows NT)"
216.113.184.101 - - [18/Apr/2025:11:00:50 +0200] "GET /Jurek/eurofirany/images/459009/0.jpg HTTP/1.1" 200 94742 "http://www.ebay.com/" "Mozilla/4.0 (compatible; MSIE 4.01; Windows NT)"
216.113.184.102 - - [18/Apr/2025:11:00:50 +0200] "GET /Jurek/eurofirany/images/459009/1.jpg HTTP/1.1" 200 68447 "http://www.ebay.com/" "Mozilla/4.0 (compatible; MSIE 4.01; Windows NT)"
34.72.247.156 - - [18/Apr/2025:11:00:55 +0200] "GET /Jurek/eurofirany/images/383264/1.jpg HTTP/1.1" 200 80421 "-" "Mozilla/5.0 (X11; Linux x86_64) AppleWebKit/537.36 (KHTML, like Gecko) Chrome/110.0.0.0 Safari/537.36"
34.72.247.156 - - [18/Apr/2025:11:00:56 +0200] "GET /Jurek/eurofirany/images/383264/2.jpg HTTP/1.1" 200 52890 "-" "Mozilla/5.0 (X11; Linux x86_64) AppleWebKit/537.36 (KHTML, like Gecko) Chrome/110.0.0.0 Safari/537.36"
34.72.247.156 - - [18/Apr/2025:11:00:58 +0200] "GET /Jurek/eurofirany/images/383264/3.jpg HTTP/1.1" 200 36375 "-" "Mozilla/5.0 (X11; Linux x86_64) AppleWebKit/537.36 (KHTML, like Gecko) Chrome/110.0.0.0 Safari/537.36"
34.72.247.156 - - [18/Apr/2025:11:00:59 +0200] "GET /Jurek/eurofirany/images/383264/4.jpg HTTP/1.1" 200 6595 "-" "Mozilla/5.0 (X11; Linux x86_64) AppleWebKit/537.36 (KHTML, like Gecko) Chrome/110.0.0.0 Safari/537.36"
34.72.247.156 - - [18/Apr/2025:11:00:59 +0200] "GET /Jurek/eurofirany/images/383060/5.jpg HTTP/1.1" 200 210140 "-" "Mozilla/5.0 (X11; Linux x86_64) AppleWebKit/537.36 (KHTML, like Gecko) Chrome/110.0.0.0 Safari/537.36"
34.72.247.156 - - [18/Apr/2025:11:01:00 +0200] "GET /Jurek/eurofirany/images/383060/6.jpg HTTP/1.1" 200 97479 "-" "Mozilla/5.0 (X11; Linux x86_64) AppleWebKit/537.36 (KHTML, like Gecko) Chrome/110.0.0.0 Safari/537.36"
34.133.239.145 - - [18/Apr/2025:11:01:01 +0200] "GET /Jurek/eurofirany/images/383265/3.jpg HTTP/1.1" 200 36375 "-" "Mozilla/5.0 (X11; Linux x86_64) AppleWebKit/537.36 (KHTML, like Gecko) Chrome/110.0.0.0 Safari/537.36"
34.72.247.156 - - [18/Apr/2025:11:01:01 +0200] "GET /Jurek/eurofirany/images/383264/4.jpg HTTP/1.1" 200 6595 "-" "Mozilla/5.0 (X11; Linux x86_64) AppleWebKit/537.36 (KHTML, like Gecko) Chrome/110.0.0.0 Safari/537.36"
34.72.247.156 - - [18/Apr/2025:11:01:02 +0200] "GET /Jurek/eurofirany/images/383062/4.jpg HTTP/1.1" 200 42667 "-" "Mozilla/5.0 (X11; Linux x86_64) AppleWebKit/537.36 (KHTML, like Gecko) Chrome/110.0.0.0 Safari/537.36"
34.72.247.156 - - [18/Apr/2025:11:01:02 +0200] "GET /Jurek/eurofirany/images/383057/3.jpg HTTP/1.1" 200 6595 "-" "Mozilla/5.0 (X11; Linux x86_64) AppleWebKit/537.36 (KHTML, like Gecko) Chrome/110.0.0.0 Safari/537.36"
34.72.247.156 - - [18/Apr/2025:11:01:02 +0200] "GET /Jurek/eurofirany/images/383060/7.jpg HTTP/1.1" 200 61307 "-" "Mozilla/5.0 (X11; Linux x86_64) AppleWebKit/537.36 (KHTML, like Gecko) Chrome/110.0.0.0 Safari/537.36"
34.72.247.156 - - [18/Apr/2025:11:01:04 +0200] "GET /Jurek/eurofirany/images/383062/5.jpg HTTP/1.1" 200 210140 "-" "Mozilla/5.0 (X11; Linux x86_64) AppleWebKit/537.36 (KHTML, like Gecko) Chrome/110.0.0.0 Safari/537.36"
34.72.247.156 - - [18/Apr/2025:11:01:05 +0200] "GET /Jurek/eurofirany/images/383060/1.jpg HTTP/1.1" 200 94557 "-" "Mozilla/5.0 (X11; Linux x86_64) AppleWebKit/537.36 (KHTML, like Gecko) Chrome/110.0.0.0 Safari/537.36"
34.72.247.156 - - [18/Apr/2025:11:01:05 +0200] "GET /Jurek/eurofirany/images/383057/3.jpg HTTP/1.1" 200 6595 "-" "Mozilla/5.0 (X11; Linux x86_64) AppleWebKit/537.36 (KHTML, like Gecko) Chrome/110.0.0.0 Safari/537.36"
66.135.223.43 - - [18/Apr/2025:11:01:05 +0200] "GET /Jurek/eurofirany/images/459024/0.jpg HTTP/1.1" 200 105293 "http://www.ebay.com/" "Mozilla/4.0 (compatible; MSIE 4.01; Windows NT)"
66.135.223.40 - - [18/Apr/2025:11:01:05 +0200] "GET /Jurek/eurofirany/images/459024/1.jpg HTTP/1.1" 200 79864 "http://www.ebay.com/" "Mozilla/4.0 (compatible; MSIE 4.01; Windows NT)"
34.133.239.145 - - [18/Apr/2025:11:01:06 +0200] "GET /Jurek/eurofirany/images/383266/4.jpg HTTP/1.1" 200 6595 "-" "Mozilla/5.0 (X11; Linux x86_64) AppleWebKit/537.36 (KHTML, like Gecko) Chrome/110.0.0.0 Safari/537.36"
34.133.239.145 - - [18/Apr/2025:11:01:07 +0200] "GET /Jurek/eurofirany/images/383059/1.jpg HTTP/1.1" 200 94557 "-" "Mozilla/5.0 (X11; Linux x86_64) AppleWebKit/537.36 (KHTML, like Gecko) Chrome/110.0.0.0 Safari/537.36"
34.72.247.156 - - [18/Apr/2025:11:01:07 +0200] "GET /Jurek/eurofirany/images/383060/2.jpg HTTP/1.1" 200 50116 "-" "Mozilla/5.0 (X11; Linux x86_64) AppleWebKit/537.36 (KHTML, like Gecko) Chrome/110.0.0.0 Safari/537.36"
34.72.247.156 - - [18/Apr/2025:11:01:07 +0200] "GET /Jurek/eurofirany/images/383062/6.jpg HTTP/1.1" 200 97479 "-" "Mozilla/5.0 (X11; Linux x86_64) AppleWebKit/537.36 (KHTML, like Gecko) Chrome/110.0.0.0 Safari/537.36"
34.133.239.145 - - [18/Apr/2025:11:01:07 +0200] "GET /Jurek/eurofirany/images/383265/4.jpg HTTP/1.1" 200 6595 "-" "Mozilla/5.0 (X11; Linux x86_64) AppleWebKit/537.36 (KHTML, like Gecko) Chrome/110.0.0.0 Safari/537.36"
34.72.247.156 - - [18/Apr/2025:11:01:08 +0200] "GET /Jurek/eurofirany/images/383059/2.jpg HTTP/1.1" 200 50116 "-" "Mozilla/5.0 (X11; Linux x86_64) AppleWebKit/537.36 (KHTML, like Gecko) Chrome/110.0.0.0 Safari/537.36"
34.72.247.156 - - [18/Apr/2025:11:01:09 +0200] "GET /Jurek/eurofirany/images/383062/7.jpg HTTP/1.1" 200 61307 "-" "Mozilla/5.0 (X11; Linux x86_64) AppleWebKit/537.36 (KHTML, like Gecko) Chrome/110.0.0.0 Safari/537.36"
34.72.247.156 - - [18/Apr/2025:11:01:09 +0200] "GET /Jurek/eurofirany/images/383061/2.jpg HTTP/1.1" 200 50116 "-" "Mozilla/5.0 (X11; Linux x86_64) AppleWebKit/537.36 (KHTML, like Gecko) Chrome/110.0.0.0 Safari/537.36"
34.72.247.156 - - [18/Apr/2025:11:01:09 +0200] "GET /Jurek/eurofirany/images/383266/4.jpg HTTP/1.1" 200 6595 "-" "Mozilla/5.0 (X11; Linux x86_64) AppleWebKit/537.36 (KHTML, like Gecko) Chrome/110.0.0.0 Safari/537.36"
34.133.239.145 - - [18/Apr/2025:11:01:10 +0200] "GET /Jurek/eurofirany/images/383061/3.jpg HTTP/1.1" 200 6595 "-" "Mozilla/5.0 (X11; Linux x86_64) AppleWebKit/537.36 (KHTML, like Gecko) Chrome/110.0.0.0 Safari/537.36"
34.72.247.156 - - [18/Apr/2025:11:01:10 +0200] "GET /Jurek/eurofirany/images/383057/3.jpg HTTP/1.1" 200 6595 "-" "Mozilla/5.0 (X11; Linux x86_64) AppleWebKit/537.36 (KHTML, like Gecko) Chrome/110.0.0.0 Safari/537.36"
34.72.247.156 - - [18/Apr/2025:11:01:10 +0200] "GET /Jurek/eurofirany/images/383062/1.jpg HTTP/1.1" 200 94557 "-" "Mozilla/5.0 (X11; Linux x86_64) AppleWebKit/537.36 (KHTML, like Gecko) Chrome/110.0.0.0 Safari/537.36"
34.72.247.156 - - [18/Apr/2025:11:01:12 +0200] "GET /Jurek/eurofirany/images/383059/3.jpg HTTP/1.1" 200 6595 "-" "Mozilla/5.0 (X11; Linux x86_64) AppleWebKit/537.36 (KHTML, like Gecko) Chrome/110.0.0.0 Safari/537.36"
34.72.247.156 - - [18/Apr/2025:11:01:12 +0200] "GET /Jurek/eurofirany/images/383062/2.jpg HTTP/1.1" 200 50116 "-" "Mozilla/5.0 (X11; Linux x86_64) AppleWebKit/537.36 (KHTML, like Gecko) Chrome/110.0.0.0 Safari/537.36"
34.133.239.145 - - [18/Apr/2025:11:01:12 +0200] "GET /Jurek/eurofirany/images/383061/3.jpg HTTP/1.1" 200 6595 "-" "Mozilla/5.0 (X11; Linux x86_64) AppleWebKit/537.36 (KHTML, like Gecko) Chrome/110.0.0.0 Safari/537.36"
34.72.247.156 - - [18/Apr/2025:11:01:12 +0200] "GET /Jurek/eurofirany/images/383060/3.jpg HTTP/1.1" 200 6595 "-" "Mozilla/5.0 (X11; Linux x86_64) AppleWebKit/537.36 (KHTML, like Gecko) Chrome/110.0.0.0 Safari/537.36"
216.180.106.253 - - [18/Apr/2025:11:01:12 +0200] "GET /Jurek/eurofirany/images/383264/4.jpg HTTP/2.0" 200 6595 "-" "Mozilla/5.0 (X11; Linux x86_64) AppleWebKit/537.36 (KHTML, like Gecko) Chrome/110.0.0.0 Safari/537.36"
34.72.247.156 - - [18/Apr/2025:11:01:14 +0200] "GET /Jurek/eurofirany/images/383266/4.jpg HTTP/1.1" 200 6595 "-" "Mozilla/5.0 (X11; Linux x86_64) AppleWebKit/537.36 (KHTML, like Gecko) Chrome/110.0.0.0 Safari/537.36"
34.72.247.156 - - [18/Apr/2025:11:01:14 +0200] "GET /Jurek/eurofirany/images/383062/3.jpg HTTP/1.1" 200 6595 "-" "Mozilla/5.0 (X11; Linux x86_64) AppleWebKit/537.36 (KHTML, like Gecko) Chrome/110.0.0.0 Safari/537.36"
172.96.95.231 - - [18/Apr/2025:11:01:15 +0200] "GET /Jurek/eurofirany/images/383265/4.jpg HTTP/2.0" 200 6595 "-" "Mozilla/5.0 (X11; Linux x86_64) AppleWebKit/537.36 (KHTML, like Gecko) Chrome/110.0.0.0 Safari/537.36"
34.72.247.156 - - [18/Apr/2025:11:01:16 +0200] "GET /Jurek/eurofirany/images/383059/3.jpg HTTP/1.1" 200 6595 "-" "Mozilla/5.0 (X11; Linux x86_64) AppleWebKit/537.36 (KHTML, like Gecko) Chrome/110.0.0.0 Safari/537.36"
34.133.239.145 - - [18/Apr/2025:11:01:16 +0200] "GET /Jurek/eurofirany/images/383061/3.jpg HTTP/1.1" 200 6595 "-" "Mozilla/5.0 (X11; Linux x86_64) AppleWebKit/537.36 (KHTML, like Gecko) Chrome/110.0.0.0 Safari/537.36"
34.133.239.145 - - [18/Apr/2025:11:01:16 +0200] "GET /Jurek/eurofirany/images/383062/3.jpg HTTP/1.1" 200 6595 "-" "Mozilla/5.0 (X11; Linux x86_64) AppleWebKit/537.36 (KHTML, like Gecko) Chrome/110.0.0.0 Safari/537.36"
172.96.87.180 - - [18/Apr/2025:11:01:17 +0200] "GET /Jurek/eurofirany/images/383057/3.jpg HTTP/2.0" 200 6595 "-" "Mozilla/5.0 (X11; Linux x86_64) AppleWebKit/537.36 (KHTML, like Gecko) Chrome/110.0.0.0 Safari/537.36"
34.72.247.156 - - [18/Apr/2025:11:01:17 +0200] "GET /Jurek/eurofirany/images/383060/3.jpg HTTP/1.1" 200 6595 "-" "Mozilla/5.0 (X11; Linux x86_64) AppleWebKit/537.36 (KHTML, like Gecko) Chrome/110.0.0.0 Safari/537.36"
88.220.33.218 - - [18/Apr/2025:11:01:19 +0200] "GET /Jurek/vida_morele/feeds/VidaPL_all.xml HTTP/2.0" 200 723343677 "-" "MarketplaceAPI curl/7.64.0 PHP/8"
34.133.239.145 - - [18/Apr/2025:11:01:20 +0200] "GET /Jurek/eurofirany/images/383062/3.jpg HTTP/1.1" 200 6595 "-" "Mozilla/5.0 (X11; Linux x86_64) AppleWebKit/537.36 (KHTML, like Gecko) Chrome/110.0.0.0 Safari/537.36"
34.72.247.156 - - [18/Apr/2025:11:01:21 +0200] "GET /Jurek/eurofirany/images/383059/3.jpg HTTP/1.1" 200 6595 "-" "Mozilla/5.0 (X11; Linux x86_64) AppleWebKit/537.36 (KHTML, like Gecko) Chrome/110.0.0.0 Safari/537.36"
199.34.83.217 - - [18/Apr/2025:11:01:21 +0200] "GET /Jurek/eurofirany/images/383266/4.jpg HTTP/2.0" 200 6595 "-" "Mozilla/5.0 (X11; Linux x86_64) AppleWebKit/537.36 (KHTML, like Gecko) Chrome/110.0.0.0 Safari/537.36"
130.44.200.136 - - [18/Apr/2025:11:01:22 +0200] "GET /Jurek/eurofirany/images/383264/4.jpg HTTP/2.0" 200 6595 "-" "Mozilla/5.0 (X11; Linux x86_64) AppleWebKit/537.36 (KHTML, like Gecko) Chrome/110.0.0.0 Safari/537.36"
