51.77.52.107 - - [18/Apr/2025:08:59:57 +0200] "GET /Jurek/eurofirany/images/463835/0.jpg HTTP/2.0" 200 77983 "-" "baselinker"
193.33.8.61 - - [18/Apr/2025:09:00:01 +0200] "GET /Jurek/zami/feeds/zami_zero.xml HTTP/2.0" 200 4473532 "https://konsola.dkkapusta1997.usermd.net/" "Mozilla/5.0 (Windows NT 10.0; Win64; x64) AppleWebKit/537.36 (KHTML, like Gecko) Chrome/135.0.0.0 Safari/537.36"
51.77.52.107 - - [18/Apr/2025:09:00:08 +0200] "GET /Jurek/eurofirany/images/419764/0.jpg HTTP/2.0" 200 6595 "-" "baselinker"
51.77.52.107 - - [18/Apr/2025:09:00:09 +0200] "GET /Jurek/eurofirany/images/419764/0.jpg HTTP/2.0" 200 6595 "-" "baselinker"
51.77.52.107 - - [18/Apr/2025:09:00:10 +0200] "GET /Jurek/eurofirany/images/419764/0.jpg HTTP/2.0" 200 6595 "-" "baselinker"
52.18.22.0 - - [18/Apr/2025:09:00:44 +0200] "GET /marketplaces/ubaldi/results/ubaldi.csv HTTP/1.1" 200 147219 "-" "Mirakl HttpClient"
51.77.52.107 - - [18/Apr/2025:09:00:51 +0200] "GET /Jurek/eurofirany/images/433249/0.jpg HTTP/2.0" 200 6625 "-" "baselinker"
51.77.52.107 - - [18/Apr/2025:09:00:52 +0200] "GET /Jurek/eurofirany/images/433249/0.jpg HTTP/2.0" 200 6625 "-" "baselinker"
51.77.52.107 - - [18/Apr/2025:09:00:53 +0200] "GET /Jurek/eurofirany/images/433249/0.jpg HTTP/2.0" 200 6625 "-" "baselinker"
51.77.52.107 - - [18/Apr/2025:09:00:54 +0200] "GET /Jurek/eurofirany/images/433253/0.jpg HTTP/2.0" 200 6625 "-" "baselinker"
51.77.52.107 - - [18/Apr/2025:09:00:55 +0200] "GET /Jurek/eurofirany/images/433253/0.jpg HTTP/2.0" 200 6625 "-" "baselinker"
51.77.52.107 - - [18/Apr/2025:09:00:56 +0200] "GET /Jurek/eurofirany/images/433253/0.jpg HTTP/2.0" 200 6625 "-" "baselinker"
51.77.52.107 - - [18/Apr/2025:09:00:57 +0200] "GET /Jurek/eurofirany/images/433254/0.jpg HTTP/2.0" 200 6625 "-" "baselinker"
51.77.52.107 - - [18/Apr/2025:09:00:58 +0200] "GET /Jurek/eurofirany/images/433254/0.jpg HTTP/2.0" 200 6625 "-" "baselinker"
51.77.52.107 - - [18/Apr/2025:09:00:59 +0200] "GET /Jurek/eurofirany/images/433254/0.jpg HTTP/2.0" 200 6625 "-" "baselinker"
51.77.52.107 - - [18/Apr/2025:09:01:01 +0200] "GET /Jurek/eurofirany/images/433260/0.jpg HTTP/2.0" 200 6625 "-" "baselinker"
51.77.52.107 - - [18/Apr/2025:09:01:02 +0200] "GET /Jurek/eurofirany/images/433260/0.jpg HTTP/2.0" 200 6625 "-" "baselinker"
51.77.52.107 - - [18/Apr/2025:09:01:03 +0200] "GET /Jurek/eurofirany/images/433260/0.jpg HTTP/2.0" 200 6625 "-" "baselinker"
51.77.52.107 - - [18/Apr/2025:09:01:04 +0200] "GET /Jurek/eurofirany/images/433263/0.jpg HTTP/2.0" 200 6625 "-" "baselinker"
51.77.52.107 - - [18/Apr/2025:09:01:05 +0200] "GET /Jurek/eurofirany/images/433263/0.jpg HTTP/2.0" 200 6625 "-" "baselinker"
35.204.39.32 - - [18/Apr/2025:09:01:05 +0200] "GET /marketplaces/vente/results/vente_nl.csv HTTP/1.1" 200 147219 "-" "Mirakl HttpClient"
35.204.39.32 - - [18/Apr/2025:09:01:06 +0200] "GET /marketplaces/vente/results/vente_fr.csv HTTP/1.1" 200 163603 "-" "Mirakl HttpClient"
35.204.39.32 - - [18/Apr/2025:09:01:06 +0200] "GET /marketplaces/vente/results/vente_be.csv HTTP/1.1" 200 147219 "-" "Mirakl HttpClient"
35.204.39.32 - - [18/Apr/2025:09:01:06 +0200] "GET /marketplaces/vente/results/vente_it.csv HTTP/1.1" 200 147219 "-" "Mirakl HttpClient"
35.204.39.32 - - [18/Apr/2025:09:01:06 +0200] "GET /marketplaces/vente/results/vente_es.csv HTTP/1.1" 200 147219 "-" "Mirakl HttpClient"
35.204.39.32 - - [18/Apr/2025:09:01:06 +0200] "GET /marketplaces/vente/results/vente_de.csv HTTP/1.1" 200 147219 "-" "Mirakl HttpClient"
51.77.52.107 - - [18/Apr/2025:09:01:06 +0200] "GET /Jurek/eurofirany/images/433263/0.jpg HTTP/2.0" 200 6625 "-" "baselinker"
51.77.52.107 - - [18/Apr/2025:09:01:07 +0200] "GET /Jurek/eurofirany/images/459838/0.jpg HTTP/2.0" 200 130269 "-" "baselinker"
51.77.52.107 - - [18/Apr/2025:09:01:12 +0200] "GET /Jurek/eurofirany/images/459838/0.jpg HTTP/2.0" 200 130269 "-" "baselinker"
51.77.52.107 - - [18/Apr/2025:09:01:17 +0200] "GET /Jurek/eurofirany/images/459838/0.jpg HTTP/2.0" 200 130269 "-" "baselinker"
51.77.52.107 - - [18/Apr/2025:09:01:26 +0200] "GET /Jurek/eurofirany/images/459839/0.jpg HTTP/2.0" 200 154947 "-" "baselinker"
51.77.52.107 - - [18/Apr/2025:09:01:39 +0200] "GET /Jurek/eurofirany/images/459839/0.jpg HTTP/2.0" 200 154947 "-" "baselinker"
51.77.52.107 - - [18/Apr/2025:09:01:50 +0200] "GET /Jurek/eurofirany/images/459839/0.jpg HTTP/2.0" 200 154947 "-" "baselinker"
51.77.52.107 - - [18/Apr/2025:09:01:53 +0200] "GET /Jurek/eurofirany/images/459849/0.jpg HTTP/2.0" 200 98795 "-" "baselinker"
88.220.33.218 - - [18/Apr/2025:09:01:56 +0200] "GET /Jurek/vida_morele/feeds/VidaPL_all.xml HTTP/2.0" 200 723343677 "-" "MarketplaceAPI curl/7.64.0 PHP/8"
51.77.52.107 - - [18/Apr/2025:09:01:58 +0200] "GET /Jurek/eurofirany/images/459849/0.jpg HTTP/2.0" 200 98795 "-" "baselinker"
51.77.52.107 - - [18/Apr/2025:09:02:02 +0200] "GET /Jurek/eurofirany/images/459849/0.jpg HTTP/2.0" 200 98795 "-" "baselinker"
52.209.168.113 - - [18/Apr/2025:09:02:04 +0200] "GET /marketplaces/rue/results/rue.csv HTTP/1.1" 200 147219 "-" "Mirakl HttpClient"
51.77.52.107 - - [18/Apr/2025:09:02:08 +0200] "GET /Jurek/eurofirany/images/459850/0.jpg HTTP/2.0" 200 83895 "-" "baselinker"
51.77.52.107 - - [18/Apr/2025:09:02:12 +0200] "GET /Jurek/eurofirany/images/459850/0.jpg HTTP/2.0" 200 83895 "-" "baselinker"
51.77.52.107 - - [18/Apr/2025:09:02:16 +0200] "GET /Jurek/eurofirany/images/459850/0.jpg HTTP/2.0" 200 83895 "-" "baselinker"
88.220.33.218 - - [18/Apr/2025:09:02:26 +0200] "GET /Jurek/kinghoff/feeds/kinghoff_morele.xml HTTP/2.0" 200 15450512 "-" "MarketplaceAPI curl/7.64.0 PHP/8"
51.77.52.107 - - [18/Apr/2025:09:02:30 +0200] "GET /Jurek/eurofirany/images/460087/0.jpg HTTP/2.0" 200 126457 "-" "baselinker"
51.77.52.107 - - [18/Apr/2025:09:02:48 +0200] "GET /Jurek/eurofirany/images/460087/0.jpg HTTP/2.0" 200 126457 "-" "baselinker"
51.77.52.107 - - [18/Apr/2025:09:03:02 +0200] "GET /Jurek/eurofirany/images/460087/0.jpg HTTP/2.0" 200 126457 "-" "baselinker"
51.77.52.107 - - [18/Apr/2025:09:03:07 +0200] "GET /Jurek/eurofirany/images/460098/0.jpg HTTP/2.0" 200 102916 "-" "baselinker"
51.77.52.107 - - [18/Apr/2025:09:03:11 +0200] "GET /Jurek/eurofirany/images/460098/0.jpg HTTP/2.0" 200 102916 "-" "baselinker"
51.77.52.107 - - [18/Apr/2025:09:03:15 +0200] "GET /Jurek/eurofirany/images/460098/0.jpg HTTP/2.0" 200 102916 "-" "baselinker"
51.77.52.107 - - [18/Apr/2025:09:03:19 +0200] "GET /Jurek/eurofirany/images/459925/0.jpg HTTP/2.0" 200 56864 "-" "baselinker"
51.77.52.107 - - [18/Apr/2025:09:03:24 +0200] "GET /Jurek/eurofirany/images/459925/0.jpg HTTP/2.0" 200 56864 "-" "baselinker"
51.77.52.107 - - [18/Apr/2025:09:03:28 +0200] "GET /Jurek/eurofirany/images/459925/0.jpg HTTP/2.0" 200 56864 "-" "baselinker"
51.77.52.107 - - [18/Apr/2025:09:03:33 +0200] "GET /Jurek/eurofirany/images/459926/0.jpg HTTP/2.0" 200 57383 "-" "baselinker"
52.209.168.113 - - [18/Apr/2025:09:03:35 +0200] "GET /marketplaces/carrefour/results/carrefour.csv HTTP/1.1" 200 147221 "-" "Mirakl HttpClient"
51.77.52.107 - - [18/Apr/2025:09:03:38 +0200] "GET /Jurek/eurofirany/images/459926/0.jpg HTTP/2.0" 200 57383 "-" "baselinker"
88.220.33.218 - - [18/Apr/2025:09:03:40 +0200] "GET /Jurek/eurofirany/feeds/eurofirany_morele.xml HTTP/2.0" 200 19094848 "-" "MarketplaceAPI curl/7.64.0 PHP/8"
51.77.52.107 - - [18/Apr/2025:09:03:41 +0200] "GET /Jurek/eurofirany/images/459926/0.jpg HTTP/2.0" 200 57383 "-" "baselinker"
51.77.52.107 - - [18/Apr/2025:09:03:46 +0200] "GET /Jurek/eurofirany/images/459936/0.jpg HTTP/2.0" 200 61919 "-" "baselinker"
88.220.33.218 - - [18/Apr/2025:09:03:46 +0200] "GET /Jurek/vivaldi/feeds/vivaldi_Morele-PL.xml HTTP/2.0" 200 344674 "-" "MarketplaceAPI curl/7.64.0 PHP/8"
51.77.52.107 - - [18/Apr/2025:09:03:51 +0200] "GET /Jurek/eurofirany/images/459936/0.jpg HTTP/2.0" 200 61919 "-" "baselinker"
51.77.52.107 - - [18/Apr/2025:09:04:03 +0200] "GET /Jurek/eurofirany/images/459936/0.jpg HTTP/2.0" 200 61919 "-" "baselinker"
51.77.52.107 - - [18/Apr/2025:09:04:07 +0200] "GET /Jurek/eurofirany/images/459939/0.jpg HTTP/2.0" 200 56304 "-" "baselinker"
51.77.52.107 - - [18/Apr/2025:09:04:11 +0200] "GET /Jurek/eurofirany/images/459939/0.jpg HTTP/2.0" 200 56304 "-" "baselinker"
51.77.52.107 - - [18/Apr/2025:09:04:16 +0200] "GET /Jurek/eurofirany/images/459939/0.jpg HTTP/2.0" 200 56304 "-" "baselinker"
51.77.52.107 - - [18/Apr/2025:09:04:32 +0200] "GET /Jurek/eurofirany/images/462091/0.jpg HTTP/2.0" 200 36471 "-" "baselinker"
51.77.52.107 - - [18/Apr/2025:09:04:35 +0200] "GET /Jurek/eurofirany/images/462091/0.jpg HTTP/2.0" 200 36471 "-" "baselinker"
51.77.52.107 - - [18/Apr/2025:09:04:40 +0200] "GET /Jurek/eurofirany/images/462091/0.jpg HTTP/2.0" 200 36471 "-" "baselinker"
51.77.52.107 - - [18/Apr/2025:09:04:46 +0200] "GET /Jurek/eurofirany/images/462092/0.jpg HTTP/2.0" 200 35471 "-" "baselinker"
51.77.52.107 - - [18/Apr/2025:09:04:53 +0200] "GET /Jurek/eurofirany/images/462092/0.jpg HTTP/2.0" 200 35471 "-" "baselinker"
51.77.52.107 - - [18/Apr/2025:09:04:56 +0200] "GET /Jurek/eurofirany/images/462092/0.jpg HTTP/2.0" 200 35471 "-" "baselinker"
51.77.52.107 - - [18/Apr/2025:09:04:59 +0200] "GET /Jurek/eurofirany/images/459965/0.jpg HTTP/2.0" 200 102286 "-" "baselinker"
88.220.33.218 - - [18/Apr/2025:09:05:06 +0200] "GET /Jurek/aw/feeds/awnarzedzia_morele.xml HTTP/2.0" 200 90512181 "-" "MarketplaceAPI curl/7.64.0 PHP/8"
51.77.52.107 - - [18/Apr/2025:09:05:12 +0200] "GET /Jurek/eurofirany/images/459965/0.jpg HTTP/2.0" 200 102286 "-" "baselinker"
51.77.52.107 - - [18/Apr/2025:09:05:21 +0200] "GET /Jurek/eurofirany/images/459965/0.jpg HTTP/2.0" 200 102286 "-" "baselinker"
51.77.52.107 - - [18/Apr/2025:09:05:25 +0200] "GET /Jurek/eurofirany/images/459968/0.jpg HTTP/2.0" 200 90680 "-" "baselinker"
51.77.52.107 - - [18/Apr/2025:09:05:29 +0200] "GET /Jurek/eurofirany/images/459968/0.jpg HTTP/2.0" 200 90680 "-" "baselinker"
88.220.33.218 - - [18/Apr/2025:09:05:30 +0200] "GET /Jurek/beliani/feeds/beliani_morele.xml HTTP/2.0" 200 31096021 "-" "MarketplaceAPI curl/7.64.0 PHP/8"
51.77.52.107 - - [18/Apr/2025:09:05:34 +0200] "GET /Jurek/eurofirany/images/459968/0.jpg HTTP/2.0" 200 90680 "-" "baselinker"
51.77.52.107 - - [18/Apr/2025:09:05:38 +0200] "GET /Jurek/eurofirany/images/459969/0.jpg HTTP/2.0" 200 48515 "-" "baselinker"
51.77.52.107 - - [18/Apr/2025:09:05:43 +0200] "GET /Jurek/eurofirany/images/459969/0.jpg HTTP/2.0" 200 48515 "-" "baselinker"
51.77.52.107 - - [18/Apr/2025:09:05:51 +0200] "GET /Jurek/eurofirany/images/459969/0.jpg HTTP/2.0" 200 48515 "-" "baselinker"
51.77.52.107 - - [18/Apr/2025:09:06:03 +0200] "GET /Jurek/eurofirany/images/459970/0.jpg HTTP/2.0" 200 51930 "-" "baselinker"
51.77.52.107 - - [18/Apr/2025:09:06:07 +0200] "GET /Jurek/eurofirany/images/459970/0.jpg HTTP/2.0" 200 51930 "-" "baselinker"
51.77.52.107 - - [18/Apr/2025:09:06:21 +0200] "GET /Jurek/eurofirany/images/459970/0.jpg HTTP/2.0" 200 51930 "-" "baselinker"
46.101.116.244 - - [18/Apr/2025:09:06:28 +0200] "GET /Jurek/aw/feeds/aw_fnacfr.xml HTTP/1.0" 404 3551 "-" "-"
51.77.52.107 - - [18/Apr/2025:09:06:32 +0200] "GET /Jurek/eurofirany/images/460336/0.jpg HTTP/2.0" 200 51589 "-" "baselinker"
51.77.52.107 - - [18/Apr/2025:09:06:36 +0200] "GET /Jurek/eurofirany/images/460336/0.jpg HTTP/2.0" 200 51589 "-" "baselinker"
51.77.52.107 - - [18/Apr/2025:09:06:40 +0200] "GET /Jurek/eurofirany/images/460336/0.jpg HTTP/2.0" 200 51589 "-" "baselinker"
88.220.33.218 - - [18/Apr/2025:09:06:42 +0200] "GET /Jurek/vida_morele/feeds/VidaPL_morele.xml HTTP/2.0" 200 723344434 "-" "MarketplaceAPI curl/7.64.0 PHP/8"
51.77.52.107 - - [18/Apr/2025:09:06:46 +0200] "GET /Jurek/eurofirany/images/460342/0.jpg HTTP/2.0" 200 47870 "-" "baselinker"
51.77.52.107 - - [18/Apr/2025:09:06:58 +0200] "GET /Jurek/eurofirany/images/460342/0.jpg HTTP/2.0" 200 47870 "-" "baselinker"
51.77.52.107 - - [18/Apr/2025:09:07:13 +0200] "GET /Jurek/eurofirany/images/460342/0.jpg HTTP/2.0" 200 47870 "-" "baselinker"
89.161.206.59 - - [18/Apr/2025:09:07:23 +0200] "GET /Jurek/roger/feeds/roger_emagro.xml HTTP/1.0" 200 1396754 "-" "-"
89.161.206.59 - - [18/Apr/2025:09:07:24 +0200] "GET /Jurek/nexus/feeds/nexus_emagro.xml HTTP/1.0" 200 226701 "-" "-"
89.161.206.59 - - [18/Apr/2025:09:07:24 +0200] "GET /Jurek/porzwkablach/feeds/porzwkablach_emag.xml HTTP/1.0" 200 1200367 "-" "-"
89.161.206.59 - - [18/Apr/2025:09:07:25 +0200] "GET /Jurek/galopibhp/feeds/galopibhp_emagro.xml HTTP/1.0" 200 1973706 "-" "-"
51.77.52.107 - - [18/Apr/2025:09:07:27 +0200] "GET /Jurek/eurofirany/images/460350/0.jpg HTTP/2.0" 200 44000 "-" "baselinker"
46.101.116.244 - - [18/Apr/2025:09:07:35 +0200] "GET /Jurek/topeshop/feeds/topeshop_alza.xml HTTP/2.0" 200 2683040 "-" "-"
51.77.52.107 - - [18/Apr/2025:09:07:41 +0200] "GET /Jurek/eurofirany/images/460350/0.jpg HTTP/2.0" 200 44000 "-" "baselinker"
46.101.116.244 - - [18/Apr/2025:09:07:46 +0200] "GET /Jurek/topeshop/feeds/topeshop_kauflandde.xml HTTP/2.0" 200 2681960 "-" "-"
46.101.116.244 - - [18/Apr/2025:09:07:57 +0200] "GET /Jurek/topeshop/feeds/topeshop_kauflandcz.xml HTTP/2.0" 200 2682972 "-" "-"
51.77.52.107 - - [18/Apr/2025:09:07:58 +0200] "GET /Jurek/eurofirany/images/460350/0.jpg HTTP/2.0" 200 44000 "-" "baselinker"
51.77.52.107 - - [18/Apr/2025:09:08:02 +0200] "GET /Jurek/eurofirany/images/460398/0.jpg HTTP/2.0" 200 39765 "-" "baselinker"
51.77.52.107 - - [18/Apr/2025:09:08:06 +0200] "GET /Jurek/eurofirany/images/460398/0.jpg HTTP/2.0" 200 39765 "-" "baselinker"
46.101.116.244 - - [18/Apr/2025:09:08:07 +0200] "GET /Jurek/topeshop/feeds/topeshop_kauflandsk.xml HTTP/2.0" 200 2681985 "-" "-"
51.77.52.107 - - [18/Apr/2025:09:08:14 +0200] "GET /Jurek/eurofirany/images/460398/0.jpg HTTP/2.0" 200 39765 "-" "baselinker"
46.101.116.244 - - [18/Apr/2025:09:08:19 +0200] "GET /Jurek/ikonka/feeds/ikonka_alza.xml HTTP/2.0" 200 22177073 "-" "-"
51.77.52.107 - - [18/Apr/2025:09:08:26 +0200] "GET /Jurek/eurofirany/images/460399/0.jpg HTTP/2.0" 200 36920 "-" "baselinker"
46.101.116.244 - - [18/Apr/2025:09:08:31 +0200] "GET /Jurek/ikonka/feeds/ikonka_kaufcz.xml HTTP/2.0" 200 22177025 "-" "-"
51.77.52.107 - - [18/Apr/2025:09:08:38 +0200] "GET /Jurek/eurofirany/images/460399/0.jpg HTTP/2.0" 200 36920 "-" "baselinker"
46.101.116.244 - - [18/Apr/2025:09:08:42 +0200] "GET /Jurek/ikonka/feeds/ikonka_kaufde.xml HTTP/2.0" 200 22174381 "-" "-"
89.161.206.59 - - [18/Apr/2025:09:08:47 +0200] "GET /Jurek/ekuchcikowo/feeds/ekuchcikowo_skroutz.xml HTTP/1.0" 200 12471079 "-" "-"
51.77.52.107 - - [18/Apr/2025:09:08:56 +0200] "GET /Jurek/eurofirany/images/460399/0.jpg HTTP/2.0" 200 36920 "-" "baselinker"
51.77.52.107 - - [18/Apr/2025:09:09:06 +0200] "GET /Jurek/eurofirany/images/460426/0.jpg HTTP/2.0" 200 41135 "-" "baselinker"
51.77.52.107 - - [18/Apr/2025:09:09:09 +0200] "GET /Jurek/eurofirany/images/460426/0.jpg HTTP/2.0" 200 41135 "-" "baselinker"
51.77.52.107 - - [18/Apr/2025:09:09:13 +0200] "GET /Jurek/eurofirany/images/460426/0.jpg HTTP/2.0" 200 41135 "-" "baselinker"
185.6.76.18 - - [18/Apr/2025:09:09:21 +0200] "GET /marketplaces/skroutz/feeds/shumee.xml HTTP/1.1" 200 417642060 "-" "SkroutzBot v1.0"
51.77.52.107 - - [18/Apr/2025:09:09:25 +0200] "GET /Jurek/eurofirany/images/460480/0.jpg HTTP/2.0" 200 43545 "-" "baselinker"
46.101.116.244 - - [18/Apr/2025:09:09:26 +0200] "GET /Jurek/stema/feeds/stema_alza.xml HTTP/2.0" 200 857679 "-" "-"
46.101.116.244 - - [18/Apr/2025:09:09:37 +0200] "GET /Jurek/stema/feeds/stema_kaufcz.xml HTTP/2.0" 200 857707 "-" "-"
51.77.52.107 - - [18/Apr/2025:09:09:38 +0200] "GET /Jurek/eurofirany/images/460480/0.jpg HTTP/2.0" 200 43545 "-" "baselinker"
51.77.52.107 - - [18/Apr/2025:09:09:47 +0200] "GET /Jurek/eurofirany/images/460480/0.jpg HTTP/2.0" 200 43545 "-" "baselinker"
46.101.116.244 - - [18/Apr/2025:09:09:47 +0200] "GET /Jurek/stema/feeds/stema_kaufde.xml HTTP/2.0" 200 856964 "-" "-"
51.77.52.107 - - [18/Apr/2025:09:10:01 +0200] "GET /Jurek/eurofirany/images/461808/0.jpg HTTP/2.0" 200 50447 "-" "baselinker"
51.77.52.107 - - [18/Apr/2025:09:10:11 +0200] "GET /Jurek/eurofirany/images/461808/0.jpg HTTP/2.0" 200 50447 "-" "baselinker"
51.77.52.107 - - [18/Apr/2025:09:10:21 +0200] "GET /Jurek/eurofirany/images/461808/0.jpg HTTP/2.0" 200 50447 "-" "baselinker"
51.77.52.107 - - [18/Apr/2025:09:10:32 +0200] "GET /Jurek/eurofirany/images/464602/0.jpg HTTP/2.0" 200 29931 "-" "baselinker"
89.161.206.59 - - [18/Apr/2025:09:10:35 +0200] "GET /Jurek/hurtownia_przemyslowa/feeds/hp_skroutz.xml HTTP/1.0" 200 49362701 "-" "-"
51.77.52.107 - - [18/Apr/2025:09:10:52 +0200] "GET /Jurek/eurofirany/images/464602/0.jpg HTTP/2.0" 200 29931 "-" "baselinker"
51.77.52.107 - - [18/Apr/2025:09:11:08 +0200] "GET /Jurek/eurofirany/images/464602/0.jpg HTTP/2.0" 200 29931 "-" "baselinker"
51.77.52.107 - - [18/Apr/2025:09:11:11 +0200] "GET /Jurek/eurofirany/images/464603/0.jpg HTTP/2.0" 200 41791 "-" "baselinker"
46.101.116.244 - - [18/Apr/2025:09:11:21 +0200] "GET /Jurek/aw/feeds/aw_fnacfr.xml HTTP/1.0" 404 3551 "-" "-"
89.161.206.59 - - [18/Apr/2025:09:11:27 +0200] "GET /Jurek/muminky/feeds/muminky_skroutz.xml HTTP/1.0" 200 2270353 "-" "-"
89.161.206.59 - - [18/Apr/2025:09:11:28 +0200] "GET /Jurek/pupus/feeds/pupus_skroutz.xml HTTP/1.0" 200 882679 "-" "-"
51.77.52.107 - - [18/Apr/2025:09:11:29 +0200] "GET /Jurek/eurofirany/images/464603/0.jpg HTTP/2.0" 200 41791 "-" "baselinker"
51.77.52.107 - - [18/Apr/2025:09:11:43 +0200] "GET /Jurek/eurofirany/images/464603/0.jpg HTTP/2.0" 200 41791 "-" "baselinker"
5.134.208.158 - - [18/Apr/2025:09:11:44 +0200] "GET /Jurek/eurofirany/images/431697/0.jpg HTTP/1.1" 200 101664 "-" "-"
51.77.52.107 - - [18/Apr/2025:09:11:47 +0200] "GET /Jurek/eurofirany/images/463468/0.jpg HTTP/2.0" 200 100369 "-" "baselinker"
46.101.116.244 - - [18/Apr/2025:09:11:56 +0200] "GET /Jurek/gimmik/feeds/gimmik_mallsiex.xml HTTP/2.0" 404 3551 "-" "-"
51.77.52.107 - - [18/Apr/2025:09:12:04 +0200] "GET /Jurek/eurofirany/images/463468/0.jpg HTTP/2.0" 200 100369 "-" "baselinker"
89.161.206.59 - - [18/Apr/2025:09:12:10 +0200] "GET /Jurek/hanex/feeds/hanex_skroutz.xml HTTP/1.0" 200 13931581 "-" "-"
46.101.116.244 - - [18/Apr/2025:09:12:12 +0200] "GET /Jurek/bimboland/feeds/bimboland_mallsiex.xml HTTP/2.0" 200 2831909 "-" "-"
89.161.206.59 - - [18/Apr/2025:09:12:20 +0200] "GET /Jurek/coppotech/feeds/coppotech_skroutz.xml HTTP/1.0" 200 37856570 "-" "-"
51.77.52.107 - - [18/Apr/2025:09:12:20 +0200] "GET /Jurek/eurofirany/images/463468/0.jpg HTTP/2.0" 200 100369 "-" "baselinker"
89.161.206.59 - - [18/Apr/2025:09:12:23 +0200] "GET /Jurek/elavia/feeds/elavia_skroutz.xml HTTP/1.0" 200 2497260 "-" "-"
51.77.52.107 - - [18/Apr/2025:09:12:27 +0200] "GET /Jurek/eurofirany/images/463469/0.jpg HTTP/2.0" 200 78098 "-" "baselinker"
89.161.206.59 - - [18/Apr/2025:09:12:29 +0200] "GET /Jurek/maksik/feeds/maksik_skroutz.xml HTTP/1.0" 200 4084676 "-" "-"
89.161.206.59 - - [18/Apr/2025:09:12:37 +0200] "GET /Jurek/princelh/feeds/princelh_skroutz.xml HTTP/1.0" 200 133431 "-" "-"
51.77.52.107 - - [18/Apr/2025:09:12:41 +0200] "GET /Jurek/eurofirany/images/463469/0.jpg HTTP/2.0" 200 78098 "-" "baselinker"
46.101.116.244 - - [18/Apr/2025:09:12:49 +0200] "GET /Jurek/activeshop/feeds/activeshop_mallsiex.xml HTTP/2.0" 200 10458469 "-" "-"
40.77.167.156 - - [18/Apr/2025:09:12:51 +0200] "GET /Filip/ HTTP/2.0" 200 3067 "-" "Mozilla/5.0 AppleWebKit/537.36 (KHTML, like Gecko; compatible; bingbot/2.0; +http://www.bing.com/bingbot.htm) Chrome/116.0.1938.76 Safari/537.36"
46.101.116.244 - - [18/Apr/2025:09:12:53 +0200] "GET /Jurek/benbaby/feeds/benbaby_mallsi.xml HTTP/2.0" 200 3496348 "-" "-"
51.77.52.107 - - [18/Apr/2025:09:12:57 +0200] "GET /Jurek/eurofirany/images/463469/0.jpg HTTP/2.0" 200 78098 "-" "baselinker"
46.101.116.244 - - [18/Apr/2025:09:13:04 +0200] "GET /Jurek/bass/feeds/bass_mallsi.xml HTTP/2.0" 200 3972027 "-" "-"
51.77.52.107 - - [18/Apr/2025:09:13:12 +0200] "GET /Jurek/eurofirany/images/459833/0.jpg HTTP/2.0" 200 82206 "-" "baselinker"
46.101.116.244 - - [18/Apr/2025:09:13:14 +0200] "GET /Jurek/emibig/feeds/emibig_mallsi.xml HTTP/2.0" 200 2427458 "-" "-"
51.77.52.107 - - [18/Apr/2025:09:13:19 +0200] "GET /Jurek/eurofirany/images/459833/0.jpg HTTP/2.0" 200 82206 "-" "baselinker"
46.101.116.244 - - [18/Apr/2025:09:13:25 +0200] "GET /Jurek/b3/feeds/b3_mallsi.xml HTTP/2.0" 200 6500143 "-" "-"
51.77.52.107 - - [18/Apr/2025:09:13:31 +0200] "GET /Jurek/eurofirany/images/459833/0.jpg HTTP/2.0" 200 82206 "-" "baselinker"
46.101.116.244 - - [18/Apr/2025:09:13:37 +0200] "GET /Jurek/action/feeds/action_mallsi.xml HTTP/2.0" 200 59685861 "-" "-"
51.77.52.107 - - [18/Apr/2025:09:13:46 +0200] "GET /Jurek/eurofirany/images/466640/0.jpg HTTP/2.0" 200 109124 "-" "baselinker"
46.101.116.244 - - [18/Apr/2025:09:13:55 +0200] "GET /Jurek/aw/feeds/awnarzedzia_mallsiex.xml HTTP/2.0" 200 90500434 "-" "-"
51.77.52.107 - - [18/Apr/2025:09:13:59 +0200] "GET /Jurek/eurofirany/images/466640/0.jpg HTTP/2.0" 200 109124 "-" "baselinker"
51.77.52.107 - - [18/Apr/2025:09:14:09 +0200] "GET /Jurek/eurofirany/images/466640/0.jpg HTTP/2.0" 200 109124 "-" "baselinker"
46.101.116.244 - - [18/Apr/2025:09:14:17 +0200] "GET /Jurek/eurofirany/feeds/eurofirany_mall_si_extrastore.xml HTTP/2.0" 200 19093314 "-" "-"
193.33.8.61 - - [18/Apr/2025:09:14:21 +0200] "GET /Jurek/eany/ HTTP/2.0" 200 634 "-" "Mozilla/5.0 (Windows NT 10.0; Win64; x64) AppleWebKit/537.36 (KHTML, like Gecko) Chrome/135.0.0.0 Safari/537.36"
193.33.8.61 - - [18/Apr/2025:09:14:21 +0200] "GET /Jurek/eany/styles.css HTTP/2.0" 200 2070 "https://dkkapusta1997.usermd.net/Jurek/eany/" "Mozilla/5.0 (Windows NT 10.0; Win64; x64) AppleWebKit/537.36 (KHTML, like Gecko) Chrome/135.0.0.0 Safari/537.36"
193.33.8.61 - - [18/Apr/2025:09:14:21 +0200] "GET /Jurek/eany/script.js HTTP/2.0" 200 4251 "https://dkkapusta1997.usermd.net/Jurek/eany/" "Mozilla/5.0 (Windows NT 10.0; Win64; x64) AppleWebKit/537.36 (KHTML, like Gecko) Chrome/135.0.0.0 Safari/537.36"
193.33.8.61 - - [18/Apr/2025:09:14:21 +0200] "GET /favicon.ico HTTP/2.0" 404 3551 "https://dkkapusta1997.usermd.net/Jurek/eany/" "Mozilla/5.0 (Windows NT 10.0; Win64; x64) AppleWebKit/537.36 (KHTML, like Gecko) Chrome/135.0.0.0 Safari/537.36"
51.77.52.107 - - [18/Apr/2025:09:14:24 +0200] "GET /Jurek/eurofirany/images/466642/0.jpg HTTP/2.0" 200 113190 "-" "baselinker"
193.33.8.61 - - [18/Apr/2025:09:14:26 +0200] "GET /Jurek/eany/data.csv HTTP/2.0" 200 26438611 "https://dkkapusta1997.usermd.net/Jurek/eany/" "Mozilla/5.0 (Windows NT 10.0; Win64; x64) AppleWebKit/537.36 (KHTML, like Gecko) Chrome/135.0.0.0 Safari/537.36"
46.101.116.244 - - [18/Apr/2025:09:14:29 +0200] "GET /Jurek/fernity/feeds/fernity_mallslex.xml HTTP/2.0" 200 4816528 "-" "-"
51.77.52.107 - - [18/Apr/2025:09:14:35 +0200] "GET /Jurek/eurofirany/images/466642/0.jpg HTTP/2.0" 200 113190 "-" "baselinker"
46.101.116.244 - - [18/Apr/2025:09:14:40 +0200] "GET /Jurek/homla/feeds/homla_mallslex.xml HTTP/2.0" 404 3551 "-" "-"
51.77.52.107 - - [18/Apr/2025:09:14:49 +0200] "GET /Jurek/eurofirany/images/466642/0.jpg HTTP/2.0" 200 113190 "-" "baselinker"
46.101.116.244 - - [18/Apr/2025:09:14:51 +0200] "GET /Jurek/hurtownia_przemyslowa/feeds/hp_mallsi.xml HTTP/2.0" 200 49362287 "-" "-"
51.77.52.107 - - [18/Apr/2025:09:15:03 +0200] "GET /Jurek/eurofirany/images/467075/0.jpg HTTP/2.0" 200 63911 "-" "baselinker"
46.101.116.244 - - [18/Apr/2025:09:15:05 +0200] "GET /Jurek/ikonka/feeds/ikonka_mallsiex.xml HTTP/2.0" 200 22174578 "-" "-"
51.77.52.107 - - [18/Apr/2025:09:15:08 +0200] "GET /Jurek/eurofirany/images/467075/0.jpg HTTP/2.0" 200 63911 "-" "baselinker"
51.77.52.107 - - [18/Apr/2025:09:15:12 +0200] "GET /Jurek/eurofirany/images/467075/0.jpg HTTP/2.0" 200 63911 "-" "baselinker"
46.101.116.244 - - [18/Apr/2025:09:15:17 +0200] "GET /Jurek/kinghoff/feeds/kinghoff_mallslex.xml HTTP/2.0" 200 15449802 "-" "-"
51.77.52.107 - - [18/Apr/2025:09:15:25 +0200] "GET /Jurek/eurofirany/images/463693/0.jpg HTTP/2.0" 200 85500 "-" "baselinker"
89.161.206.59 - - [18/Apr/2025:09:15:39 +0200] "GET /Jurek/topeshop/feeds/topeshop_amazonFR.xml HTTP/1.0" 200 2682102 "-" "-"
89.161.206.59 - - [18/Apr/2025:09:15:39 +0200] "GET /Jurek/topeshop/feeds/topeshop_amazonIT.xml HTTP/1.0" 200 2682108 "-" "-"
89.161.206.59 - - [18/Apr/2025:09:15:39 +0200] "GET /Jurek/topeshop/feeds/topeshop_amazonDE.xml HTTP/1.0" 200 2682011 "-" "-"
89.161.206.59 - - [18/Apr/2025:09:15:40 +0200] "GET /Jurek/topeshop/feeds/topeshop_amazonSE.xml HTTP/1.0" 200 2682828 "-" "-"
89.161.206.59 - - [18/Apr/2025:09:15:40 +0200] "GET /Jurek/topeshop/feeds/topeshop_amazonES.xml HTTP/1.0" 200 2682128 "-" "-"
89.161.206.59 - - [18/Apr/2025:09:15:40 +0200] "GET /Jurek/topeshop/feeds/topeshop_amazonNL.xml HTTP/1.0" 200 2682083 "-" "-"
89.161.206.59 - - [18/Apr/2025:09:15:40 +0200] "GET /Jurek/topeshop/feeds/topeshop_amazonBE.xml HTTP/1.0" 200 2682153 "-" "-"
51.77.52.107 - - [18/Apr/2025:09:15:42 +0200] "GET /Jurek/eurofirany/images/463693/0.jpg HTTP/2.0" 200 85500 "-" "baselinker"
89.161.206.59 - - [18/Apr/2025:09:15:49 +0200] "GET /Jurek/eroplace/feeds/eroplace_amazonnl.xml HTTP/1.0" 200 52134826 "-" "-"
51.77.52.107 - - [18/Apr/2025:09:15:57 +0200] "GET /Jurek/eurofirany/images/463693/0.jpg HTTP/2.0" 200 85500 "-" "baselinker"
46.101.116.244 - - [18/Apr/2025:09:15:58 +0200] "GET /Jurek/stema/feeds/stema_mallslex.xml HTTP/2.0" 200 857110 "-" "-"
46.101.116.244 - - [18/Apr/2025:09:16:07 +0200] "GET /Jurek/aw/feeds/aw_fnacfr.xml HTTP/1.0" 404 3551 "-" "-"
46.101.116.244 - - [18/Apr/2025:09:16:10 +0200] "GET /Jurek/unimet/feeds/unimet_mallsiex.xml HTTP/2.0" 200 61151504 "-" "-"
51.77.52.107 - - [18/Apr/2025:09:16:11 +0200] "GET /Jurek/eurofirany/images/463694/0.jpg HTTP/2.0" 200 95246 "-" "baselinker"
51.77.52.107 - - [18/Apr/2025:09:16:26 +0200] "GET /Jurek/eurofirany/images/463694/0.jpg HTTP/2.0" 200 95246 "-" "baselinker"
46.101.116.244 - - [18/Apr/2025:09:16:33 +0200] "GET /Jurek/andex/feeds/andex_mallslex.xml HTTP/2.0" 200 1953433 "-" "-"
46.101.116.244 - - [18/Apr/2025:09:16:44 +0200] "GET /Jurek/barbecook/feeds/barbecook_mallslex.xml HTTP/2.0" 200 87532 "-" "-"
51.77.52.107 - - [18/Apr/2025:09:16:47 +0200] "GET /Jurek/eurofirany/images/463694/0.jpg HTTP/2.0" 200 95246 "-" "baselinker"
46.101.116.244 - - [18/Apr/2025:09:16:54 +0200] "GET /Jurek/beliani/feeds/beliani_si_mallsiex.xml HTTP/2.0" 200 31064774 "-" "-"
51.77.52.107 - - [18/Apr/2025:09:17:06 +0200] "GET /Jurek/eurofirany/images/463695/0.jpg HTTP/2.0" 200 98797 "-" "baselinker"
46.101.116.244 - - [18/Apr/2025:09:17:08 +0200] "GET /Jurek/chemex/feeds/chemex_mallsiex.xml HTTP/2.0" 200 47810433 "-" "-"
46.101.116.244 - - [18/Apr/2025:09:17:21 +0200] "GET /Jurek/duka/feeds/duka_mallslex.xml HTTP/2.0" 200 57 "-" "-"
51.77.52.107 - - [18/Apr/2025:09:17:23 +0200] "GET /Jurek/eurofirany/images/463695/0.jpg HTTP/2.0" 200 98797 "-" "baselinker"
46.101.116.244 - - [18/Apr/2025:09:17:32 +0200] "GET /Jurek/flhf/feeds/flhf_mallsiex.xml HTTP/2.0" 404 3551 "-" "-"
51.77.52.107 - - [18/Apr/2025:09:17:36 +0200] "GET /Jurek/eurofirany/images/463695/0.jpg HTTP/2.0" 200 98797 "-" "baselinker"
46.101.116.244 - - [18/Apr/2025:09:17:42 +0200] "GET /Jurek/kinghome/feeds/kinghome_mallslex.xml HTTP/2.0" 200 6022359 "-" "-"
51.77.52.107 - - [18/Apr/2025:09:17:49 +0200] "GET /Jurek/eurofirany/images/469007/0.jpg HTTP/2.0" 200 119254 "-" "baselinker"
46.101.116.244 - - [18/Apr/2025:09:17:53 +0200] "GET /Jurek/kinghome/feeds/kinghome_mallslex.xml HTTP/2.0" 200 6022359 "-" "-"
89.161.206.59 - - [18/Apr/2025:09:17:56 +0200] "GET /Jurek/domzapachy/feeds/domzapachy_skroutz.xml HTTP/1.0" 200 179761 "-" "-"
89.161.206.59 - - [18/Apr/2025:09:17:56 +0200] "GET /Jurek/wenom/feeds/wenom_skroutz.xml HTTP/1.0" 200 583074 "-" "-"
89.161.206.59 - - [18/Apr/2025:09:17:57 +0200] "GET /Jurek/euroshop/feeds/euroshop_skroutz.xml HTTP/1.0" 200 20025506 "-" "-"
89.161.206.59 - - [18/Apr/2025:09:17:59 +0200] "GET /Jurek/german/feeds/german_skroutz.xml HTTP/1.0" 200 2449511 "-" "-"
51.77.52.107 - - [18/Apr/2025:09:18:00 +0200] "GET /Jurek/eurofirany/images/469007/0.jpg HTTP/2.0" 200 119254 "-" "baselinker"
51.77.52.107 - - [18/Apr/2025:09:18:04 +0200] "GET /Jurek/eurofirany/images/469007/0.jpg HTTP/2.0" 200 119254 "-" "baselinker"
89.161.206.59 - - [18/Apr/2025:09:18:04 +0200] "GET /Jurek/zami/feeds/zami_skr.xml HTTP/1.0" 200 57 "-" "-"
46.101.116.244 - - [18/Apr/2025:09:18:04 +0200] "GET /Jurek/rovicky/feeds/rovicky_mallsiex.xml HTTP/2.0" 200 15039680 "-" "-"
89.161.206.59 - - [18/Apr/2025:09:18:06 +0200] "GET /Jurek/filmal/feeds/filmal_aliex.xml HTTP/1.0" 200 139293 "-" "-"
89.161.206.59 - - [18/Apr/2025:09:18:06 +0200] "GET /Jurek/sovapl/feeds/sovapl_aliex.xml HTTP/1.0" 200 9002755 "-" "-"
89.161.206.59 - - [18/Apr/2025:09:18:07 +0200] "GET /Jurek/riko/feeds/riko_aliex.xml HTTP/1.0" 200 3786223 "-" "-"
89.161.206.59 - - [18/Apr/2025:09:18:08 +0200] "GET /Jurek/gandalf/feeds/gandalf_aliex.xml HTTP/1.0" 200 1082569 "-" "-"
89.161.206.59 - - [18/Apr/2025:09:18:08 +0200] "GET /Jurek/andex/feeds/andex_aliex.xml HTTP/1.0" 200 1953942 "-" "-"
89.161.206.59 - - [18/Apr/2025:09:18:08 +0200] "GET /Jurek/sebmart/feeds/sebmart_aliex.xml HTTP/1.0" 200 1599123 "-" "-"
89.161.206.59 - - [18/Apr/2025:09:18:09 +0200] "GET /Jurek/bemipol/feeds/bemipol_aliex.xml HTTP/1.0" 200 423678 "-" "-"
89.161.206.59 - - [18/Apr/2025:09:18:09 +0200] "GET /Jurek/tsjerzy/feeds/tsjerzy_aliex.xml HTTP/1.0" 200 3899772 "-" "-"
89.161.206.59 - - [18/Apr/2025:09:18:09 +0200] "GET /Jurek/equalo/feeds/equalo_aliex.xml HTTP/1.0" 200 98017 "-" "-"
89.161.206.59 - - [18/Apr/2025:09:18:09 +0200] "GET /Jurek/newtechele/feeds/newtechele_aliex.xml HTTP/1.0" 200 2438724 "-" "-"
89.161.206.59 - - [18/Apr/2025:09:18:10 +0200] "GET /Jurek/nonabox/feeds/nonabox_aliex.xml HTTP/1.0" 200 33874 "-" "-"
89.161.206.59 - - [18/Apr/2025:09:18:10 +0200] "GET /Jurek/amzteam/feeds/amzteam_aliex.xml HTTP/1.0" 200 97912 "-" "-"
51.77.52.107 - - [18/Apr/2025:09:18:14 +0200] "GET /Jurek/eurofirany/images/469009/0.jpg HTTP/2.0" 200 136743 "-" "baselinker"
46.101.116.244 - - [18/Apr/2025:09:18:15 +0200] "GET /Jurek/vivaldi/feeds/vivaldi_Mall-slex.xml HTTP/2.0" 200 344659 "-" "-"
51.77.52.107 - - [18/Apr/2025:09:18:19 +0200] "GET /Jurek/eurofirany/images/469009/0.jpg HTTP/2.0" 200 136743 "-" "baselinker"
51.77.52.107 - - [18/Apr/2025:09:18:25 +0200] "GET /Jurek/eurofirany/images/469009/0.jpg HTTP/2.0" 200 136743 "-" "baselinker"
51.77.52.107 - - [18/Apr/2025:09:18:30 +0200] "GET /Jurek/eurofirany/images/469010/0.jpg HTTP/2.0" 200 93090 "-" "baselinker"
51.77.52.107 - - [18/Apr/2025:09:18:43 +0200] "GET /Jurek/eurofirany/images/469010/0.jpg HTTP/2.0" 200 93090 "-" "baselinker"
51.77.52.107 - - [18/Apr/2025:09:18:55 +0200] "GET /Jurek/eurofirany/images/469010/0.jpg HTTP/2.0" 200 93090 "-" "baselinker"
51.77.52.107 - - [18/Apr/2025:09:19:01 +0200] "GET /Jurek/eurofirany/images/469011/0.jpg HTTP/2.0" 200 106416 "-" "baselinker"
51.77.52.107 - - [18/Apr/2025:09:19:14 +0200] "GET /Jurek/eurofirany/images/469011/0.jpg HTTP/2.0" 200 106416 "-" "baselinker"
51.77.52.107 - - [18/Apr/2025:09:19:29 +0200] "GET /Jurek/eurofirany/images/469011/0.jpg HTTP/2.0" 200 106416 "-" "baselinker"
51.77.52.107 - - [18/Apr/2025:09:19:34 +0200] "GET /Jurek/eurofirany/images/469013/0.jpg HTTP/2.0" 200 87368 "-" "baselinker"
51.77.52.107 - - [18/Apr/2025:09:19:38 +0200] "GET /Jurek/eurofirany/images/469013/0.jpg HTTP/2.0" 200 87368 "-" "baselinker"
51.77.52.107 - - [18/Apr/2025:09:19:52 +0200] "GET /Jurek/eurofirany/images/469013/0.jpg HTTP/2.0" 200 87368 "-" "baselinker"
51.77.52.107 - - [18/Apr/2025:09:19:57 +0200] "GET /Jurek/eurofirany/images/470169/0.jpg HTTP/2.0" 200 39392 "-" "baselinker"
51.77.52.107 - - [18/Apr/2025:09:20:00 +0200] "GET /Jurek/eurofirany/images/470169/0.jpg HTTP/2.0" 200 39392 "-" "baselinker"
51.77.52.107 - - [18/Apr/2025:09:20:04 +0200] "GET /Jurek/eurofirany/images/470169/0.jpg HTTP/2.0" 200 39392 "-" "baselinker"
51.77.52.107 - - [18/Apr/2025:09:20:08 +0200] "GET /Jurek/eurofirany/images/470171/0.jpg HTTP/2.0" 200 39193 "-" "baselinker"
51.77.52.107 - - [18/Apr/2025:09:20:12 +0200] "GET /Jurek/eurofirany/images/470171/0.jpg HTTP/2.0" 200 39193 "-" "baselinker"
51.77.52.107 - - [18/Apr/2025:09:20:14 +0200] "GET /Jurek/eurofirany/images/470171/0.jpg HTTP/2.0" 200 39193 "-" "baselinker"
51.77.52.107 - - [18/Apr/2025:09:20:24 +0200] "GET /Jurek/eurofirany/images/470172/0.jpg HTTP/2.0" 200 49791 "-" "baselinker"
51.77.52.107 - - [18/Apr/2025:09:20:32 +0200] "GET /Jurek/eurofirany/images/470172/0.jpg HTTP/2.0" 200 49791 "-" "baselinker"
193.33.8.61 - - [18/Apr/2025:09:20:34 +0200] "GET /favicon.ico HTTP/2.0" 404 3551 "https://dkkapusta1997.usermd.net/Jurek/eany/" "Mozilla/5.0 (Windows NT 10.0; Win64; x64) AppleWebKit/537.36 (KHTML, like Gecko) Chrome/135.0.0.0 Safari/537.36"
51.77.52.107 - - [18/Apr/2025:09:20:37 +0200] "GET /Jurek/eurofirany/images/470172/0.jpg HTTP/2.0" 200 49791 "-" "baselinker"
51.77.52.107 - - [18/Apr/2025:09:20:46 +0200] "GET /Jurek/eurofirany/images/470173/0.jpg HTTP/2.0" 200 43101 "-" "baselinker"
51.77.52.107 - - [18/Apr/2025:09:20:50 +0200] "GET /Jurek/eurofirany/images/470173/0.jpg HTTP/2.0" 200 43101 "-" "baselinker"
51.77.52.107 - - [18/Apr/2025:09:20:55 +0200] "GET /Jurek/eurofirany/images/470173/0.jpg HTTP/2.0" 200 43101 "-" "baselinker"
51.77.52.107 - - [18/Apr/2025:09:20:58 +0200] "GET /Jurek/eurofirany/images/470186/0.jpg HTTP/2.0" 200 46754 "-" "baselinker"
51.77.52.107 - - [18/Apr/2025:09:21:14 +0200] "GET /Jurek/eurofirany/images/470186/0.jpg HTTP/2.0" 200 46754 "-" "baselinker"
51.77.52.107 - - [18/Apr/2025:09:21:27 +0200] "GET /Jurek/eurofirany/images/470186/0.jpg HTTP/2.0" 200 46754 "-" "baselinker"
51.77.52.107 - - [18/Apr/2025:09:21:30 +0200] "GET /Jurek/eurofirany/images/470187/0.jpg HTTP/2.0" 200 36044 "-" "baselinker"
51.77.52.107 - - [18/Apr/2025:09:21:35 +0200] "GET /Jurek/eurofirany/images/470187/0.jpg HTTP/2.0" 200 36044 "-" "baselinker"
51.77.52.107 - - [18/Apr/2025:09:21:39 +0200] "GET /Jurek/eurofirany/images/470187/0.jpg HTTP/2.0" 200 36044 "-" "baselinker"
51.77.52.107 - - [18/Apr/2025:09:21:50 +0200] "GET /Jurek/eurofirany/images/470190/0.jpg HTTP/2.0" 200 36242 "-" "baselinker"
51.77.52.107 - - [18/Apr/2025:09:22:04 +0200] "GET /Jurek/eurofirany/images/470190/0.jpg HTTP/2.0" 200 36242 "-" "baselinker"
3.74.7.74 - - [18/Apr/2025:09:22:06 +0200] "GET /Jurek/topeshop/downloaded_images/5902838464311_2.jpg HTTP/2.0" 404 3551 "-" "Mozilla/5.0 (Windows NT 10.0; Win64; x64) AppleWebKit/537.36 (KHTML, like Gecko) Chrome/109.0.0.0 Safari/537.36"
51.77.52.107 - - [18/Apr/2025:09:22:09 +0200] "GET /Jurek/eurofirany/images/470190/0.jpg HTTP/2.0" 200 36242 "-" "baselinker"
51.77.52.107 - - [18/Apr/2025:09:22:12 +0200] "GET /Jurek/eurofirany/images/470196/0.jpg HTTP/2.0" 200 35751 "-" "baselinker"
51.77.52.107 - - [18/Apr/2025:09:22:23 +0200] "GET /Jurek/eurofirany/images/470196/0.jpg HTTP/2.0" 200 35751 "-" "baselinker"
51.77.52.107 - - [18/Apr/2025:09:22:27 +0200] "GET /Jurek/eurofirany/images/470196/0.jpg HTTP/2.0" 200 35751 "-" "baselinker"
51.77.52.107 - - [18/Apr/2025:09:22:31 +0200] "GET /Jurek/eurofirany/images/470198/0.jpg HTTP/2.0" 200 32245 "-" "baselinker"
51.77.52.107 - - [18/Apr/2025:09:22:35 +0200] "GET /Jurek/eurofirany/images/470198/0.jpg HTTP/2.0" 200 32245 "-" "baselinker"
51.77.52.107 - - [18/Apr/2025:09:22:38 +0200] "GET /Jurek/eurofirany/images/470198/0.jpg HTTP/2.0" 200 32245 "-" "baselinker"
51.77.52.107 - - [18/Apr/2025:09:22:43 +0200] "GET /Jurek/eurofirany/images/470199/0.jpg HTTP/2.0" 200 39370 "-" "baselinker"
51.77.52.107 - - [18/Apr/2025:09:22:47 +0200] "GET /Jurek/eurofirany/images/470199/0.jpg HTTP/2.0" 200 39370 "-" "baselinker"
51.77.52.107 - - [18/Apr/2025:09:22:51 +0200] "GET /Jurek/eurofirany/images/470199/0.jpg HTTP/2.0" 200 39370 "-" "baselinker"
51.77.52.107 - - [18/Apr/2025:09:22:55 +0200] "GET /Jurek/eurofirany/images/470201/0.jpg HTTP/2.0" 200 46772 "-" "baselinker"
51.8.102.58 - - [18/Apr/2025:09:23:00 +0200] "GET /robots.txt HTTP/2.0" 404 3551 "-" "Mozilla/5.0 (Macintosh; Intel Mac OS X 10_15_7) AppleWebKit/537.36 (KHTML, like Gecko) Chrome/131.0.0.0 Safari/537.36; compatible; OAI-SearchBot/1.0; +https://openai.com/searchbot"
51.8.102.238 - - [18/Apr/2025:09:23:00 +0200] "GET /robots.txt HTTP/1.1" 404 3551 "-" "Mozilla/5.0 (Macintosh; Intel Mac OS X 10_15_7) AppleWebKit/537.36 (KHTML, like Gecko) Chrome/131.0.0.0 Safari/537.36; compatible; OAI-SearchBot/1.0; +https://openai.com/searchbot"
51.77.52.107 - - [18/Apr/2025:09:23:11 +0200] "GET /Jurek/eurofirany/images/470201/0.jpg HTTP/2.0" 200 46772 "-" "baselinker"
51.77.52.107 - - [18/Apr/2025:09:23:24 +0200] "GET /Jurek/eurofirany/images/470201/0.jpg HTTP/2.0" 200 46772 "-" "baselinker"
51.77.52.107 - - [18/Apr/2025:09:23:38 +0200] "GET /Jurek/eurofirany/images/470204/0.jpg HTTP/2.0" 200 35196 "-" "baselinker"
51.77.52.107 - - [18/Apr/2025:09:23:48 +0200] "GET /Jurek/eurofirany/images/470204/0.jpg HTTP/2.0" 200 35196 "-" "baselinker"
89.161.206.59 - - [18/Apr/2025:09:23:59 +0200] "GET /Jurek/hurtmeblowy/feeds/hurtmeblowy_ebay.xml HTTP/1.0" 200 5832428 "-" "-"
51.77.52.107 - - [18/Apr/2025:09:24:05 +0200] "GET /Jurek/eurofirany/images/470204/0.jpg HTTP/2.0" 200 35196 "-" "baselinker"
51.77.52.107 - - [18/Apr/2025:09:24:11 +0200] "GET /Jurek/eurofirany/images/470205/0.jpg HTTP/2.0" 200 32722 "-" "baselinker"
51.77.52.107 - - [18/Apr/2025:09:24:24 +0200] "GET /Jurek/eurofirany/images/470205/0.jpg HTTP/2.0" 200 32722 "-" "baselinker"
51.77.52.107 - - [18/Apr/2025:09:24:40 +0200] "GET /Jurek/eurofirany/images/470205/0.jpg HTTP/2.0" 200 32722 "-" "baselinker"
46.101.116.244 - - [18/Apr/2025:09:24:53 +0200] "GET /Jurek/aw/feeds/aw_fnacfr.xml HTTP/1.0" 404 3551 "-" "-"
51.77.52.107 - - [18/Apr/2025:09:24:54 +0200] "GET /Jurek/eurofirany/images/470206/0.jpg HTTP/2.0" 200 58144 "-" "baselinker"
62.146.215.34 - - [18/Apr/2025:09:25:08 +0200] "GET /Jurek/eurofirany/images/383103/0.jpg HTTP/2.0" 200 75271 "-" "billigerbot/1.0"
51.77.52.107 - - [18/Apr/2025:09:25:10 +0200] "GET /Jurek/eurofirany/images/470206/0.jpg HTTP/2.0" 200 58144 "-" "baselinker"
51.77.52.107 - - [18/Apr/2025:09:25:14 +0200] "GET /Jurek/eurofirany/images/470206/0.jpg HTTP/2.0" 200 58144 "-" "baselinker"
51.77.52.107 - - [18/Apr/2025:09:25:27 +0200] "GET /Jurek/eurofirany/images/470207/0.jpg HTTP/2.0" 200 62989 "-" "baselinker"
51.77.52.107 - - [18/Apr/2025:09:25:42 +0200] "GET /Jurek/eurofirany/images/470207/0.jpg HTTP/2.0" 200 62989 "-" "baselinker"
51.77.52.107 - - [18/Apr/2025:09:25:56 +0200] "GET /Jurek/eurofirany/images/470207/0.jpg HTTP/2.0" 200 62989 "-" "baselinker"
51.77.52.107 - - [18/Apr/2025:09:26:10 +0200] "GET /Jurek/eurofirany/images/470210/0.jpg HTTP/2.0" 200 64563 "-" "baselinker"
51.77.52.107 - - [18/Apr/2025:09:26:21 +0200] "GET /Jurek/eurofirany/images/470210/0.jpg HTTP/2.0" 200 64563 "-" "baselinker"
51.77.52.107 - - [18/Apr/2025:09:26:33 +0200] "GET /Jurek/eurofirany/images/470210/0.jpg HTTP/2.0" 200 64563 "-" "baselinker"
89.161.206.59 - - [18/Apr/2025:09:26:45 +0200] "GET /Jurek/eroplace/feeds/eroplace_amazonde.xml HTTP/1.0" 200 52134763 "-" "-"
89.161.206.59 - - [18/Apr/2025:09:26:47 +0200] "GET /Jurek/eroplace/feeds/eroplace_amazonse.xml HTTP/1.0" 200 52158878 "-" "-"
51.77.52.107 - - [18/Apr/2025:09:26:47 +0200] "GET /Jurek/eurofirany/images/470216/0.jpg HTTP/2.0" 200 34961 "-" "baselinker"
89.161.206.59 - - [18/Apr/2025:09:26:48 +0200] "GET /Jurek/eroplace/feeds/eroplace_amazonfr.xml HTTP/1.0" 200 52134632 "-" "-"
89.161.206.59 - - [18/Apr/2025:09:26:49 +0200] "GET /Jurek/eroplace/feeds/eroplace_amazonit.xml HTTP/1.0" 200 52135194 "-" "-"
89.161.206.59 - - [18/Apr/2025:09:26:50 +0200] "GET /Jurek/eroplace/feeds/eroplace_amazones.xml HTTP/1.0" 200 52135063 "-" "-"
89.161.206.59 - - [18/Apr/2025:09:26:50 +0200] "GET /Jurek/b3/feeds/b3_amazones.xml HTTP/1.0" 200 8061265 "-" "-"
89.161.206.59 - - [18/Apr/2025:09:26:51 +0200] "GET /Jurek/b3/feeds/b3_amazonnl.xml HTTP/1.0" 200 8061566 "-" "-"
89.161.206.59 - - [18/Apr/2025:09:26:51 +0200] "GET /Jurek/b3/feeds/b3_amazonfr.xml HTTP/1.0" 200 8061602 "-" "-"
89.161.206.59 - - [18/Apr/2025:09:26:51 +0200] "GET /Jurek/ralmetal/feeds/ralmetal_amazonde.xml HTTP/1.0" 200 1808644 "-" "-"
89.161.206.59 - - [18/Apr/2025:09:26:51 +0200] "GET /Jurek/b3/feeds/b3_amazonit.xml HTTP/1.0" 200 8061665 "-" "-"
89.161.206.59 - - [18/Apr/2025:09:26:51 +0200] "GET /Jurek/oromed/feeds/oromed_amazonde.xml HTTP/1.0" 200 1103022 "-" "-"
89.161.206.59 - - [18/Apr/2025:09:26:51 +0200] "GET /Jurek/b3/feeds/b3_amazonse.xml HTTP/1.0" 200 8065266 "-" "-"
89.161.206.59 - - [18/Apr/2025:09:26:52 +0200] "GET /Jurek/b3/feeds/b3_amazonbe.xml HTTP/1.0" 200 8061642 "-" "-"
51.77.52.107 - - [18/Apr/2025:09:26:52 +0200] "GET /Jurek/eurofirany/images/470216/0.jpg HTTP/2.0" 200 34961 "-" "baselinker"
89.161.206.59 - - [18/Apr/2025:09:26:52 +0200] "GET /Jurek/ralmetal/feeds/ralmetal_amazonfr.xml HTTP/1.0" 200 1808643 "-" "-"
89.161.206.59 - - [18/Apr/2025:09:26:52 +0200] "GET /Jurek/ralmetal/feeds/ralmetal_amazonit.xml HTTP/1.0" 200 1808643 "-" "-"
89.161.206.59 - - [18/Apr/2025:09:26:52 +0200] "GET /Jurek/ralmetal/feeds/ralmetal_amazonnl.xml HTTP/1.0" 200 1808616 "-" "-"
89.161.206.59 - - [18/Apr/2025:09:26:52 +0200] "GET /Jurek/ralmetal/feeds/ralmetal_amazones.xml HTTP/1.0" 200 1808659 "-" "-"
89.161.206.59 - - [18/Apr/2025:09:26:52 +0200] "GET /Jurek/oromed/feeds/oromed_amazones.xml HTTP/1.0" 200 1103044 "-" "-"
89.161.206.59 - - [18/Apr/2025:09:26:52 +0200] "GET /Jurek/oromed/feeds/oromed_amazonse.xml HTTP/1.0" 200 1103247 "-" "-"
89.161.206.59 - - [18/Apr/2025:09:26:53 +0200] "GET /Jurek/oromed/feeds/oromed_amazonbe.xml HTTP/1.0" 200 1103031 "-" "-"
89.161.206.59 - - [18/Apr/2025:09:26:53 +0200] "GET /Jurek/oromed/feeds/oromed_amazonfr.xml HTTP/1.0" 200 1103043 "-" "-"
89.161.206.59 - - [18/Apr/2025:09:26:53 +0200] "GET /Jurek/oromed/feeds/oromed_amazonit.xml HTTP/1.0" 200 1103046 "-" "-"
89.161.206.59 - - [18/Apr/2025:09:26:53 +0200] "GET /Jurek/oromed/feeds/oromed_amazonnl.xml HTTP/1.0" 200 1103036 "-" "-"
89.161.206.59 - - [18/Apr/2025:09:26:53 +0200] "GET /Jurek/erohurtownia/feeds/erohurtownia_amazonde.xml HTTP/1.0" 200 22846412 "-" "-"
89.161.206.59 - - [18/Apr/2025:09:26:54 +0200] "GET /Jurek/combine/feeds/combine_amazonde.xml HTTP/1.0" 200 210554 "-" "-"
51.77.52.107 - - [18/Apr/2025:09:27:03 +0200] "GET /Jurek/eurofirany/images/470216/0.jpg HTTP/2.0" 200 34961 "-" "baselinker"
51.77.52.107 - - [18/Apr/2025:09:27:09 +0200] "GET /Jurek/eurofirany/images/470217/0.jpg HTTP/2.0" 200 37799 "-" "baselinker"
51.77.52.107 - - [18/Apr/2025:09:27:21 +0200] "GET /Jurek/eurofirany/images/470217/0.jpg HTTP/2.0" 200 37799 "-" "baselinker"
51.77.52.107 - - [18/Apr/2025:09:27:25 +0200] "GET /Jurek/eurofirany/images/470217/0.jpg HTTP/2.0" 200 37799 "-" "baselinker"
51.77.52.107 - - [18/Apr/2025:09:27:38 +0200] "GET /Jurek/eurofirany/images/470218/0.jpg HTTP/2.0" 200 48967 "-" "baselinker"
51.77.52.107 - - [18/Apr/2025:09:27:41 +0200] "GET /Jurek/eurofirany/images/470218/0.jpg HTTP/2.0" 200 48967 "-" "baselinker"
51.77.52.107 - - [18/Apr/2025:09:27:46 +0200] "GET /Jurek/eurofirany/images/470218/0.jpg HTTP/2.0" 200 48967 "-" "baselinker"
51.77.52.107 - - [18/Apr/2025:09:27:59 +0200] "GET /Jurek/eurofirany/images/470220/0.jpg HTTP/2.0" 200 41964 "-" "baselinker"
51.77.52.107 - - [18/Apr/2025:09:28:04 +0200] "GET /Jurek/eurofirany/images/470220/0.jpg HTTP/2.0" 200 41964 "-" "baselinker"
51.77.52.107 - - [18/Apr/2025:09:28:08 +0200] "GET /Jurek/eurofirany/images/470220/0.jpg HTTP/2.0" 200 41964 "-" "baselinker"
51.77.52.107 - - [18/Apr/2025:09:28:23 +0200] "GET /Jurek/eurofirany/images/470222/0.jpg HTTP/2.0" 200 39375 "-" "baselinker"
51.77.52.107 - - [18/Apr/2025:09:28:28 +0200] "GET /Jurek/eurofirany/images/470222/0.jpg HTTP/2.0" 200 39375 "-" "baselinker"
51.77.52.107 - - [18/Apr/2025:09:28:32 +0200] "GET /Jurek/eurofirany/images/470222/0.jpg HTTP/2.0" 200 39375 "-" "baselinker"
51.77.52.107 - - [18/Apr/2025:09:28:43 +0200] "GET /Jurek/eurofirany/images/470224/0.jpg HTTP/2.0" 200 46443 "-" "baselinker"
51.77.52.107 - - [18/Apr/2025:09:28:54 +0200] "GET /Jurek/eurofirany/images/470224/0.jpg HTTP/2.0" 200 46443 "-" "baselinker"
51.77.52.107 - - [18/Apr/2025:09:29:01 +0200] "GET /Jurek/eurofirany/images/470224/0.jpg HTTP/2.0" 200 46443 "-" "baselinker"
51.77.52.107 - - [18/Apr/2025:09:29:14 +0200] "GET /Jurek/eurofirany/images/470225/0.jpg HTTP/2.0" 200 33933 "-" "baselinker"
51.77.52.107 - - [18/Apr/2025:09:29:21 +0200] "GET /Jurek/eurofirany/images/470225/0.jpg HTTP/2.0" 200 33933 "-" "baselinker"
51.77.52.107 - - [18/Apr/2025:09:29:25 +0200] "GET /Jurek/eurofirany/images/470225/0.jpg HTTP/2.0" 200 33933 "-" "baselinker"
51.77.52.107 - - [18/Apr/2025:09:29:29 +0200] "GET /Jurek/eurofirany/images/470226/0.jpg HTTP/2.0" 200 33759 "-" "baselinker"
51.77.52.107 - - [18/Apr/2025:09:29:41 +0200] "GET /Jurek/eurofirany/images/470226/0.jpg HTTP/2.0" 200 33759 "-" "baselinker"
51.77.52.107 - - [18/Apr/2025:09:29:54 +0200] "GET /Jurek/eurofirany/images/470226/0.jpg HTTP/2.0" 200 33759 "-" "baselinker"
51.77.52.107 - - [18/Apr/2025:09:30:00 +0200] "GET /Jurek/eurofirany/images/470228/0.jpg HTTP/2.0" 200 36777 "-" "baselinker"
51.77.52.107 - - [18/Apr/2025:09:30:12 +0200] "GET /Jurek/eurofirany/images/470228/0.jpg HTTP/2.0" 200 36777 "-" "baselinker"
51.77.52.107 - - [18/Apr/2025:09:30:15 +0200] "GET /Jurek/eurofirany/images/470228/0.jpg HTTP/2.0" 200 36777 "-" "baselinker"
51.77.52.107 - - [18/Apr/2025:09:30:19 +0200] "GET /Jurek/eurofirany/images/470229/0.jpg HTTP/2.0" 200 40589 "-" "baselinker"
51.77.52.107 - - [18/Apr/2025:09:30:24 +0200] "GET /Jurek/eurofirany/images/470229/0.jpg HTTP/2.0" 200 40589 "-" "baselinker"
51.77.52.107 - - [18/Apr/2025:09:30:28 +0200] "GET /Jurek/eurofirany/images/470229/0.jpg HTTP/2.0" 200 40589 "-" "baselinker"
51.77.52.107 - - [18/Apr/2025:09:30:41 +0200] "GET /Jurek/eurofirany/images/470230/0.jpg HTTP/2.0" 200 39573 "-" "baselinker"
51.77.52.107 - - [18/Apr/2025:09:30:45 +0200] "GET /Jurek/eurofirany/images/470230/0.jpg HTTP/2.0" 200 39573 "-" "baselinker"
51.77.52.107 - - [18/Apr/2025:09:30:58 +0200] "GET /Jurek/eurofirany/images/470230/0.jpg HTTP/2.0" 200 39573 "-" "baselinker"
89.161.206.59 - - [18/Apr/2025:09:31:04 +0200] "GET /Jurek/hdwr/feeds/hdwr_amazonde.xml HTTP/1.0" 200 789387 "-" "-"
89.161.206.59 - - [18/Apr/2025:09:31:04 +0200] "GET /Jurek/hdwr/feeds/hdwr_amazonfr.xml HTTP/1.0" 200 789402 "-" "-"
89.161.206.59 - - [18/Apr/2025:09:31:04 +0200] "GET /Jurek/sempler/feeds/sempler_amazonde.xml HTTP/1.0" 200 6787968 "-" "-"
51.77.52.107 - - [18/Apr/2025:09:31:04 +0200] "GET /Jurek/eurofirany/images/5613/0.jpg HTTP/2.0" 200 94956 "-" "baselinker"
89.161.206.59 - - [18/Apr/2025:09:31:04 +0200] "GET /Jurek/kambukka/feeds/kambukka_amazonde.xml HTTP/1.0" 200 1021247 "-" "-"
89.161.206.59 - - [18/Apr/2025:09:31:04 +0200] "GET /Jurek/benetech/feeds/benetech_amazonde.xml HTTP/1.0" 200 4165426 "-" "-"
89.161.206.59 - - [18/Apr/2025:09:31:05 +0200] "GET /Jurek/sempler/feeds/sempler_amazonbe.xml HTTP/1.0" 200 6787982 "-" "-"
89.161.206.59 - - [18/Apr/2025:09:31:05 +0200] "GET /Jurek/kambukka/feeds/kambukka_amazonbe.xml HTTP/1.0" 200 1021403 "-" "-"
89.161.206.59 - - [18/Apr/2025:09:31:05 +0200] "GET /Jurek/artdog/feeds/artdog_amazonde.xml HTTP/1.0" 200 17157020 "-" "-"
89.161.206.59 - - [18/Apr/2025:09:31:05 +0200] "GET /Jurek/pawonik/feeds/pawonik_amazonde.xml HTTP/1.0" 200 2138399 "-" "-"
89.161.206.59 - - [18/Apr/2025:09:31:06 +0200] "GET /Jurek/b3/feeds/b3_amazonde.xml HTTP/1.0" 200 8061341 "-" "-"
89.161.206.59 - - [18/Apr/2025:09:31:06 +0200] "GET /Jurek/sempler/feeds/sempler_amazonfr.xml HTTP/1.0" 200 6788014 "-" "-"
89.161.206.59 - - [18/Apr/2025:09:31:06 +0200] "GET /Jurek/sempler/feeds/sempler_amazonit.xml HTTP/1.0" 200 6788044 "-" "-"
89.161.206.59 - - [18/Apr/2025:09:31:06 +0200] "GET /Jurek/sempler/feeds/sempler_amazonnl.xml HTTP/1.0" 200 6788000 "-" "-"
51.77.52.107 - - [18/Apr/2025:09:31:15 +0200] "GET /Jurek/eurofirany/images/5613/0.jpg HTTP/2.0" 200 94956 "-" "baselinker"
89.161.206.59 - - [18/Apr/2025:09:31:18 +0200] "GET /Jurek/eurofirany/feeds/eurofirany_amazonNL.xml HTTP/1.0" 200 19093387 "-" "-"
89.161.206.59 - - [18/Apr/2025:09:31:19 +0200] "GET /Jurek/eurofirany/feeds/eurofirany_amazonES.xml HTTP/1.0" 200 19093416 "-" "-"
89.161.206.59 - - [18/Apr/2025:09:31:19 +0200] "GET /Jurek/eurofirany/feeds/eurofirany_amazonIT.xml HTTP/1.0" 200 19093163 "-" "-"
51.77.52.107 - - [18/Apr/2025:09:31:20 +0200] "GET /Jurek/eurofirany/images/5613/0.jpg HTTP/2.0" 200 94956 "-" "baselinker"
89.161.206.59 - - [18/Apr/2025:09:31:21 +0200] "GET /Jurek/eurofirany/feeds/eurofirany_amazonFR.xml HTTP/1.0" 200 19093118 "-" "-"
89.161.206.59 - - [18/Apr/2025:09:31:21 +0200] "GET /Jurek/eurofirany/feeds/eurofirany_amazonSE.xml HTTP/1.0" 200 19110720 "-" "-"
89.161.206.59 - - [18/Apr/2025:09:31:22 +0200] "GET /Jurek/eurofirany/feeds/eurofirany_amazonBE.xml HTTP/1.0" 200 19093170 "-" "-"
89.161.206.59 - - [18/Apr/2025:09:31:23 +0200] "GET /Jurek/eurofirany/feeds/eurofirany_amazaon_de.xml HTTP/1.0" 200 19093627 "-" "-"
89.161.206.59 - - [18/Apr/2025:09:31:24 +0200] "GET /Jurek/benetech/feeds/benetech_amazonnl.xml HTTP/1.0" 200 4165388 "-" "-"
89.161.206.59 - - [18/Apr/2025:09:31:24 +0200] "GET /Jurek/benetech/feeds/benetech_amazonit.xml HTTP/1.0" 200 4165448 "-" "-"
89.161.206.59 - - [18/Apr/2025:09:31:24 +0200] "GET /Jurek/benetech/feeds/benetech_amazones.xml HTTP/1.0" 200 4165467 "-" "-"
89.161.206.59 - - [18/Apr/2025:09:31:24 +0200] "GET /Jurek/benetech/feeds/benetech_amazonfr.xml HTTP/1.0" 200 4165434 "-" "-"
89.161.206.59 - - [18/Apr/2025:09:31:24 +0200] "GET /Jurek/benetech/feeds/benetech_amazonbe.xml HTTP/1.0" 200 4165438 "-" "-"
51.77.52.107 - - [18/Apr/2025:09:31:34 +0200] "GET /Jurek/eurofirany/images/5617/0.jpg HTTP/2.0" 200 81302 "-" "baselinker"
51.77.52.107 - - [18/Apr/2025:09:31:49 +0200] "GET /Jurek/eurofirany/images/5617/0.jpg HTTP/2.0" 200 81302 "-" "baselinker"
51.77.52.107 - - [18/Apr/2025:09:31:54 +0200] "GET /Jurek/eurofirany/images/5617/0.jpg HTTP/2.0" 200 81302 "-" "baselinker"
