51.77.52.107 - - [18/Apr/2025:09:53:35 +0200] "GET /Jurek/eurofirany/images/394494/0.jpg HTTP/2.0" 200 187433 "-" "baselinker"
51.77.52.107 - - [18/Apr/2025:09:53:52 +0200] "GET /Jurek/eurofirany/images/394495/0.jpg HTTP/2.0" 200 225821 "-" "baselinker"
51.77.52.107 - - [18/Apr/2025:09:54:06 +0200] "GET /Jurek/eurofirany/images/394495/0.jpg HTTP/2.0" 200 225821 "-" "baselinker"
51.77.52.107 - - [18/Apr/2025:09:54:25 +0200] "GET /Jurek/eurofirany/images/394495/0.jpg HTTP/2.0" 200 225821 "-" "baselinker"
51.77.52.107 - - [18/Apr/2025:09:54:28 +0200] "GET /Jurek/eurofirany/images/394496/0.jpg HTTP/2.0" 200 196821 "-" "baselinker"
51.77.52.107 - - [18/Apr/2025:09:54:43 +0200] "GET /Jurek/eurofirany/images/394496/0.jpg HTTP/2.0" 200 196821 "-" "baselinker"
51.77.52.107 - - [18/Apr/2025:09:54:49 +0200] "GET /Jurek/eurofirany/images/394496/0.jpg HTTP/2.0" 200 196821 "-" "baselinker"
51.77.52.107 - - [18/Apr/2025:09:54:55 +0200] "GET /Jurek/eurofirany/images/398376/0.jpg HTTP/2.0" 200 16503 "-" "baselinker"
51.77.52.107 - - [18/Apr/2025:09:54:58 +0200] "GET /Jurek/eurofirany/images/398376/0.jpg HTTP/2.0" 200 16503 "-" "baselinker"
51.77.52.107 - - [18/Apr/2025:09:55:10 +0200] "GET /Jurek/eurofirany/images/398376/0.jpg HTTP/2.0" 200 16503 "-" "baselinker"
51.77.52.107 - - [18/Apr/2025:09:55:15 +0200] "GET /Jurek/eurofirany/images/398377/0.jpg HTTP/2.0" 200 16503 "-" "baselinker"
51.77.52.107 - - [18/Apr/2025:09:55:20 +0200] "GET /Jurek/eurofirany/images/398377/0.jpg HTTP/2.0" 200 16503 "-" "baselinker"
51.77.52.107 - - [18/Apr/2025:09:55:25 +0200] "GET /Jurek/eurofirany/images/398377/0.jpg HTTP/2.0" 200 16503 "-" "baselinker"
51.77.52.107 - - [18/Apr/2025:09:55:29 +0200] "GET /Jurek/eurofirany/images/398662/0.jpg HTTP/2.0" 200 66026 "-" "baselinker"
51.77.52.107 - - [18/Apr/2025:09:55:34 +0200] "GET /Jurek/eurofirany/images/398662/0.jpg HTTP/2.0" 200 66026 "-" "baselinker"
51.77.52.107 - - [18/Apr/2025:09:55:39 +0200] "GET /Jurek/eurofirany/images/398662/0.jpg HTTP/2.0" 200 66026 "-" "baselinker"
89.161.206.59 - - [18/Apr/2025:09:55:39 +0200] "GET /Jurek/bass/feeds/bass_amazonfr.xml HTTP/1.0" 200 3972007 "-" "-"
89.161.206.59 - - [18/Apr/2025:09:55:40 +0200] "GET /Jurek/bass/feeds/bass_amazonit.xml HTTP/1.0" 200 3972039 "-" "-"
89.161.206.59 - - [18/Apr/2025:09:55:40 +0200] "GET /Jurek/bass/feeds/bass_amazonnl.xml HTTP/1.0" 200 3972002 "-" "-"
51.77.52.107 - - [18/Apr/2025:09:55:52 +0200] "GET /Jurek/eurofirany/images/398890/0.jpg HTTP/2.0" 200 79703 "-" "baselinker"
89.161.206.59 - - [18/Apr/2025:09:55:55 +0200] "GET /Jurek/hurtownia_przemyslowa/feeds/hp_amazonDE.xml HTTP/1.0" 200 42278242 "-" "-"
51.77.52.107 - - [18/Apr/2025:09:56:08 +0200] "GET /Jurek/eurofirany/images/398890/0.jpg HTTP/2.0" 200 79703 "-" "baselinker"
46.101.116.244 - - [18/Apr/2025:09:56:24 +0200] "GET /Jurek/aw/feeds/aw_fnacfr.xml HTTP/1.0" 404 3551 "-" "-"
51.77.52.107 - - [18/Apr/2025:09:56:26 +0200] "GET /Jurek/eurofirany/images/398890/0.jpg HTTP/2.0" 200 79703 "-" "baselinker"
51.77.52.107 - - [18/Apr/2025:09:56:31 +0200] "GET /Jurek/eurofirany/images/408854/0.jpg HTTP/2.0" 200 138413 "-" "baselinker"
51.77.52.107 - - [18/Apr/2025:09:56:37 +0200] "GET /Jurek/eurofirany/images/408854/0.jpg HTTP/2.0" 200 138413 "-" "baselinker"
51.77.52.107 - - [18/Apr/2025:09:56:51 +0200] "GET /Jurek/eurofirany/images/408854/0.jpg HTTP/2.0" 200 138413 "-" "baselinker"
51.77.52.107 - - [18/Apr/2025:09:56:57 +0200] "GET /Jurek/eurofirany/images/408855/0.jpg HTTP/2.0" 200 126863 "-" "baselinker"
51.77.52.107 - - [18/Apr/2025:09:57:12 +0200] "GET /Jurek/eurofirany/images/408855/0.jpg HTTP/2.0" 200 126863 "-" "baselinker"
5.134.208.158 - - [18/Apr/2025:09:57:15 +0200] "GET /Jurek/eurofirany/images/431627/0.jpg HTTP/1.1" 206 256 "https://www.ceneo.pl" "Mozilla/5.0 (Windows NT 10.0; Win64; x64) AppleWebKit/537.36 (KHTML, like Gecko) Chrome/87.0.4280.141 Safari/537.36"
5.134.208.158 - - [18/Apr/2025:09:57:15 +0200] "GET /Jurek/eurofirany/images/431627/0.jpg HTTP/1.1" 206 256 "https://www.ceneo.pl" "Mozilla/5.0 (Windows NT 10.0; Win64; x64) AppleWebKit/537.36 (KHTML, like Gecko) Chrome/87.0.4280.141 Safari/537.36"
51.77.52.107 - - [18/Apr/2025:09:57:18 +0200] "GET /Jurek/eurofirany/images/408855/0.jpg HTTP/2.0" 200 126863 "-" "baselinker"
51.77.52.107 - - [18/Apr/2025:09:57:24 +0200] "GET /Jurek/eurofirany/images/408879/0.jpg HTTP/2.0" 200 120427 "-" "baselinker"
51.77.52.107 - - [18/Apr/2025:09:57:32 +0200] "GET /Jurek/eurofirany/images/408879/0.jpg HTTP/2.0" 200 120427 "-" "baselinker"
51.77.52.107 - - [18/Apr/2025:09:57:37 +0200] "GET /Jurek/eurofirany/images/408879/0.jpg HTTP/2.0" 200 120427 "-" "baselinker"
51.77.52.107 - - [18/Apr/2025:09:57:42 +0200] "GET /Jurek/eurofirany/images/408880/0.jpg HTTP/2.0" 200 144516 "-" "baselinker"
51.77.52.107 - - [18/Apr/2025:09:57:49 +0200] "GET /Jurek/eurofirany/images/408880/0.jpg HTTP/2.0" 200 144516 "-" "baselinker"
51.77.52.107 - - [18/Apr/2025:09:58:04 +0200] "GET /Jurek/eurofirany/images/408880/0.jpg HTTP/2.0" 200 144516 "-" "baselinker"
51.77.52.107 - - [18/Apr/2025:09:58:07 +0200] "GET /Jurek/eurofirany/images/408881/0.jpg HTTP/2.0" 200 192902 "-" "baselinker"
51.77.52.107 - - [18/Apr/2025:09:58:20 +0200] "GET /Jurek/eurofirany/images/408881/0.jpg HTTP/2.0" 200 192902 "-" "baselinker"
51.77.52.107 - - [18/Apr/2025:09:58:26 +0200] "GET /Jurek/eurofirany/images/408881/0.jpg HTTP/2.0" 200 192902 "-" "baselinker"
51.77.52.107 - - [18/Apr/2025:09:58:37 +0200] "GET /Jurek/eurofirany/images/408885/0.jpg HTTP/2.0" 200 104175 "-" "baselinker"
51.77.52.107 - - [18/Apr/2025:09:58:43 +0200] "GET /Jurek/eurofirany/images/408885/0.jpg HTTP/2.0" 200 104175 "-" "baselinker"
51.77.52.107 - - [18/Apr/2025:09:58:48 +0200] "GET /Jurek/eurofirany/images/408885/0.jpg HTTP/2.0" 200 104175 "-" "baselinker"
51.77.52.107 - - [18/Apr/2025:09:58:52 +0200] "GET /Jurek/eurofirany/images/408893/0.jpg HTTP/2.0" 200 169875 "-" "baselinker"
51.77.52.107 - - [18/Apr/2025:09:59:01 +0200] "GET /Jurek/eurofirany/images/408893/0.jpg HTTP/2.0" 200 169875 "-" "baselinker"
51.77.52.107 - - [18/Apr/2025:09:59:19 +0200] "GET /Jurek/eurofirany/images/408893/0.jpg HTTP/2.0" 200 169875 "-" "baselinker"
51.77.52.107 - - [18/Apr/2025:09:59:35 +0200] "GET /Jurek/eurofirany/images/408894/0.jpg HTTP/2.0" 200 165168 "-" "baselinker"
51.77.52.107 - - [18/Apr/2025:09:59:50 +0200] "GET /Jurek/eurofirany/images/408894/0.jpg HTTP/2.0" 200 165168 "-" "baselinker"
51.77.52.107 - - [18/Apr/2025:09:59:53 +0200] "GET /Jurek/eurofirany/images/408894/0.jpg HTTP/2.0" 200 165168 "-" "baselinker"
51.77.52.107 - - [18/Apr/2025:10:00:08 +0200] "GET /Jurek/eurofirany/images/420656/0.jpg HTTP/2.0" 200 146663 "-" "baselinker"
51.77.52.107 - - [18/Apr/2025:10:00:14 +0200] "GET /Jurek/eurofirany/images/420656/0.jpg HTTP/2.0" 200 146663 "-" "baselinker"
51.77.52.107 - - [18/Apr/2025:10:00:16 +0200] "GET /Jurek/eurofirany/images/420656/0.jpg HTTP/2.0" 200 146663 "-" "baselinker"
51.77.52.107 - - [18/Apr/2025:10:00:20 +0200] "GET /Jurek/eurofirany/images/422318/0.jpg HTTP/2.0" 200 90120 "-" "baselinker"
51.77.52.107 - - [18/Apr/2025:10:00:36 +0200] "GET /Jurek/eurofirany/images/422318/0.jpg HTTP/2.0" 200 90120 "-" "baselinker"
52.18.22.0 - - [18/Apr/2025:10:00:45 +0200] "GET /marketplaces/ubaldi/results/ubaldi.csv HTTP/1.1" 200 147219 "-" "Mirakl HttpClient"
51.77.52.107 - - [18/Apr/2025:10:00:49 +0200] "GET /Jurek/eurofirany/images/422318/0.jpg HTTP/2.0" 200 90120 "-" "baselinker"
51.77.52.107 - - [18/Apr/2025:10:01:05 +0200] "GET /Jurek/eurofirany/images/400235/0.jpg HTTP/2.0" 200 37068 "-" "baselinker"
51.77.52.107 - - [18/Apr/2025:10:01:10 +0200] "GET /Jurek/eurofirany/images/400235/0.jpg HTTP/2.0" 200 37068 "-" "baselinker"
35.204.39.32 - - [18/Apr/2025:10:01:15 +0200] "GET /marketplaces/vente/results/vente_nl.csv HTTP/1.1" 200 147219 "-" "Mirakl HttpClient"
35.204.39.32 - - [18/Apr/2025:10:01:16 +0200] "GET /marketplaces/vente/results/vente_fr.csv HTTP/1.1" 200 147219 "-" "Mirakl HttpClient"
35.204.39.32 - - [18/Apr/2025:10:01:16 +0200] "GET /marketplaces/vente/results/vente_be.csv HTTP/1.1" 200 147219 "-" "Mirakl HttpClient"
35.204.39.32 - - [18/Apr/2025:10:01:16 +0200] "GET /marketplaces/vente/results/vente_it.csv HTTP/1.1" 200 130835 "-" "Mirakl HttpClient"
35.204.39.32 - - [18/Apr/2025:10:01:16 +0200] "GET /marketplaces/vente/results/vente_es.csv HTTP/1.1" 200 147219 "-" "Mirakl HttpClient"
35.204.39.32 - - [18/Apr/2025:10:01:16 +0200] "GET /marketplaces/vente/results/vente_de.csv HTTP/1.1" 200 163603 "-" "Mirakl HttpClient"
51.77.52.107 - - [18/Apr/2025:10:01:16 +0200] "GET /Jurek/eurofirany/images/400235/0.jpg HTTP/2.0" 200 37068 "-" "baselinker"
51.77.52.107 - - [18/Apr/2025:10:01:22 +0200] "GET /Jurek/eurofirany/images/400246/0.jpg HTTP/2.0" 200 22876 "-" "baselinker"
51.77.52.107 - - [18/Apr/2025:10:01:35 +0200] "GET /Jurek/eurofirany/images/400246/0.jpg HTTP/2.0" 200 22876 "-" "baselinker"
88.220.33.218 - - [18/Apr/2025:10:01:35 +0200] "GET /Jurek/vida_morele/feeds/VidaPL_all.xml HTTP/2.0" 200 723343677 "-" "MarketplaceAPI curl/7.64.0 PHP/8"
51.77.52.107 - - [18/Apr/2025:10:01:39 +0200] "GET /Jurek/eurofirany/images/400246/0.jpg HTTP/2.0" 200 22876 "-" "baselinker"
51.77.52.107 - - [18/Apr/2025:10:01:53 +0200] "GET /Jurek/eurofirany/images/400247/0.jpg HTTP/2.0" 200 22876 "-" "baselinker"
51.77.52.107 - - [18/Apr/2025:10:01:58 +0200] "GET /Jurek/eurofirany/images/400247/0.jpg HTTP/2.0" 200 22876 "-" "baselinker"
46.101.116.244 - - [18/Apr/2025:10:02:00 +0200] "GET /Jurek/aw/feeds/aw_fnacfr.xml HTTP/1.0" 404 3551 "-" "-"
89.161.206.59 - - [18/Apr/2025:10:02:02 +0200] "GET /Jurek/aiofactory/feeds/aiofactory_cdsc.xml HTTP/1.0" 200 1192844 "-" "-"
89.161.206.59 - - [18/Apr/2025:10:02:03 +0200] "GET /Jurek/kobi/feeds/kobi_cdsc.xml HTTP/1.0" 200 544118 "-" "-"
89.161.206.59 - - [18/Apr/2025:10:02:03 +0200] "GET /Jurek/hurtmeblowy/feeds/hurtmeblowy_cdsc.xml HTTP/1.0" 200 5247824 "-" "-"
51.77.52.107 - - [18/Apr/2025:10:02:05 +0200] "GET /Jurek/eurofirany/images/400247/0.jpg HTTP/2.0" 200 22876 "-" "baselinker"
52.209.168.113 - - [18/Apr/2025:10:02:05 +0200] "GET /marketplaces/rue/results/rue.csv HTTP/1.1" 200 147219 "-" "Mirakl HttpClient"
51.77.52.107 - - [18/Apr/2025:10:02:11 +0200] "GET /Jurek/eurofirany/images/400248/0.jpg HTTP/2.0" 200 22876 "-" "baselinker"
51.77.52.107 - - [18/Apr/2025:10:02:26 +0200] "GET /Jurek/eurofirany/images/400248/0.jpg HTTP/2.0" 200 22876 "-" "baselinker"
88.220.33.218 - - [18/Apr/2025:10:02:32 +0200] "GET /Jurek/kinghoff/feeds/kinghoff_morele.xml HTTP/2.0" 200 15450512 "-" "MarketplaceAPI curl/7.64.0 PHP/8"
51.77.52.107 - - [18/Apr/2025:10:02:41 +0200] "GET /Jurek/eurofirany/images/400248/0.jpg HTTP/2.0" 200 22876 "-" "baselinker"
51.77.52.107 - - [18/Apr/2025:10:02:52 +0200] "GET /Jurek/eurofirany/images/400249/0.jpg HTTP/2.0" 200 33505 "-" "baselinker"
51.77.52.107 - - [18/Apr/2025:10:03:00 +0200] "GET /Jurek/eurofirany/images/400249/0.jpg HTTP/2.0" 200 33505 "-" "baselinker"
89.161.206.59 - - [18/Apr/2025:10:03:06 +0200] "GET /Jurek/maksik/feeds/maksik_cdsc.xml HTTP/1.0" 200 2927471 "-" "-"
89.161.206.59 - - [18/Apr/2025:10:03:06 +0200] "GET /Jurek/matkam/feeds/matkam_cdsc.xml HTTP/1.0" 200 2760552 "-" "-"
89.161.206.59 - - [18/Apr/2025:10:03:06 +0200] "GET /Jurek/beltimore/feeds/beltimore_cdsc.xml HTTP/1.0" 200 11135315 "-" "-"
89.161.206.59 - - [18/Apr/2025:10:03:07 +0200] "GET /Jurek/benetech/feeds/benetech_cdsc.xml HTTP/1.0" 200 2361797 "-" "-"
89.161.206.59 - - [18/Apr/2025:10:03:07 +0200] "GET /Jurek/pawonik/feeds/pawonik_cdsc.xml HTTP/1.0" 200 1382136 "-" "-"
89.161.206.59 - - [18/Apr/2025:10:03:07 +0200] "GET /Jurek/hdwr/feeds/hdwr_cdsc.xml HTTP/1.0" 200 745704 "-" "-"
89.161.206.59 - - [18/Apr/2025:10:03:07 +0200] "GET /Jurek/drops/feeds/dropsofficecolection_cdsc.xml HTTP/1.0" 200 784297 "-" "-"
89.161.206.59 - - [18/Apr/2025:10:03:08 +0200] "GET /Jurek/szpaklampy/feeds/szpaklampy_cdsc.xml HTTP/1.0" 200 395817 "-" "-"
89.161.206.59 - - [18/Apr/2025:10:03:08 +0200] "GET /Jurek/sartrix/feeds/sartrix_cdsc.xml HTTP/1.0" 200 867509 "-" "-"
89.161.206.59 - - [18/Apr/2025:10:03:08 +0200] "GET /Jurek/reman/feeds/reman_cdsc.xml HTTP/1.0" 200 400874 "-" "-"
89.161.206.59 - - [18/Apr/2025:10:03:08 +0200] "GET /Jurek/eurofirany/feeds/eurofirany_cdiscount.xml HTTP/1.0" 200 22739603 "-" "-"
51.77.52.107 - - [18/Apr/2025:10:03:10 +0200] "GET /Jurek/eurofirany/images/400249/0.jpg HTTP/2.0" 200 33505 "-" "baselinker"
89.161.206.59 - - [18/Apr/2025:10:03:10 +0200] "GET /Jurek/drewdon/feeds/drewdon_cdsc.xml HTTP/1.0" 200 483678 "-" "-"
89.161.206.59 - - [18/Apr/2025:10:03:10 +0200] "GET /Jurek/dekoele/feeds/dekoele_cdsc.xml HTTP/1.0" 200 478906 "-" "-"
51.77.52.107 - - [18/Apr/2025:10:03:15 +0200] "GET /Jurek/eurofirany/images/400250/0.jpg HTTP/2.0" 200 33505 "-" "baselinker"
51.77.52.107 - - [18/Apr/2025:10:03:29 +0200] "GET /Jurek/eurofirany/images/400250/0.jpg HTTP/2.0" 200 33505 "-" "baselinker"
52.209.168.113 - - [18/Apr/2025:10:03:37 +0200] "GET /marketplaces/carrefour/results/carrefour.csv HTTP/1.1" 200 798427 "-" "Mirakl HttpClient"
51.77.52.107 - - [18/Apr/2025:10:03:42 +0200] "GET /Jurek/eurofirany/images/400250/0.jpg HTTP/2.0" 200 33505 "-" "baselinker"
51.77.52.107 - - [18/Apr/2025:10:03:48 +0200] "GET /Jurek/eurofirany/images/398804/0.jpg HTTP/2.0" 200 31541 "-" "baselinker"
88.220.33.218 - - [18/Apr/2025:10:03:50 +0200] "GET /Jurek/eurofirany/feeds/eurofirany_morele.xml HTTP/2.0" 200 19094848 "-" "MarketplaceAPI curl/7.64.0 PHP/8"
89.161.206.59 - - [18/Apr/2025:10:03:53 +0200] "GET /Jurek/zenex/feeds/zenex_cdsc.xml HTTP/1.0" 200 540170 "-" "-"
89.161.206.59 - - [18/Apr/2025:10:03:53 +0200] "GET /Jurek/avenido/feeds/avenido_cdsc.xml HTTP/1.0" 200 449192 "-" "-"
89.161.206.59 - - [18/Apr/2025:10:03:54 +0200] "GET /Jurek/filmal/feeds/filmal_cdsc.xml HTTP/1.0" 200 105879 "-" "-"
51.77.52.107 - - [18/Apr/2025:10:03:55 +0200] "GET /Jurek/eurofirany/images/398804/0.jpg HTTP/2.0" 200 31541 "-" "baselinker"
89.161.206.59 - - [18/Apr/2025:10:03:58 +0200] "GET /Jurek/hdwr/feeds/hdwr_skroutz.xml HTTP/1.0" 200 789398 "-" "-"
89.161.206.59 - - [18/Apr/2025:10:04:00 +0200] "GET /Jurek/pagmil/feeds/pagmil_skroutz.xml HTTP/1.0" 200 1802836 "-" "-"
88.220.33.218 - - [18/Apr/2025:10:04:01 +0200] "GET /Jurek/vivaldi/feeds/vivaldi_Morele-PL.xml HTTP/2.0" 200 344674 "-" "MarketplaceAPI curl/7.64.0 PHP/8"
89.161.206.59 - - [18/Apr/2025:10:04:04 +0200] "GET /Jurek/kambukka/feeds/kambukka_skroutz.xml HTTP/1.0" 200 1021408 "-" "-"
89.161.206.59 - - [18/Apr/2025:10:04:05 +0200] "GET /Jurek/benetech/feeds/benetech_skroutz.xml HTTP/1.0" 200 2689739 "-" "-"
51.77.52.107 - - [18/Apr/2025:10:04:08 +0200] "GET /Jurek/eurofirany/images/398804/0.jpg HTTP/2.0" 200 31541 "-" "baselinker"
89.161.206.59 - - [18/Apr/2025:10:04:12 +0200] "GET /Jurek/sempler/feeds/sempler_skroutz.xml HTTP/1.0" 200 6787978 "-" "-"
89.161.206.59 - - [18/Apr/2025:10:04:13 +0200] "GET /Jurek/targethome/feeds/targethome_skroutz.xml HTTP/1.0" 200 688630 "-" "-"
89.161.206.59 - - [18/Apr/2025:10:04:14 +0200] "GET /Jurek/riko/feeds/riko_cdsc.xml HTTP/1.0" 200 3649025 "-" "-"
51.77.52.107 - - [18/Apr/2025:10:04:14 +0200] "GET /Jurek/eurofirany/images/423244/0.jpg HTTP/2.0" 200 134745 "-" "baselinker"
89.161.206.59 - - [18/Apr/2025:10:04:14 +0200] "GET /Jurek/carbonyway/feeds/carbonyway_cdsc.xml HTTP/1.0" 200 2759406 "-" "-"
89.161.206.59 - - [18/Apr/2025:10:04:15 +0200] "GET /Jurek/ikonka/feeds/ikonka_cdsc.xml HTTP/1.0" 200 22174563 "-" "-"
89.161.206.59 - - [18/Apr/2025:10:04:16 +0200] "GET /Jurek/rosfix/feeds/rosfix_cdsc.xml HTTP/1.0" 200 19132733 "-" "-"
89.161.206.59 - - [18/Apr/2025:10:04:17 +0200] "GET /Jurek/fertes/feeds/fertes_cdsc.xml HTTP/1.0" 200 2192557 "-" "-"
46.101.116.244 - - [18/Apr/2025:10:04:29 +0200] "GET /Jurek/kinghoff/feeds/kinghoff_ceneo.xml HTTP/1.0" 200 15450685 "-" "-"
46.101.116.244 - - [18/Apr/2025:10:04:31 +0200] "GET /Jurek/barbecook/feeds/barbecook_allegro.xml HTTP/1.0" 200 87554 "-" "-"
51.77.52.107 - - [18/Apr/2025:10:04:31 +0200] "GET /Jurek/eurofirany/images/423244/0.jpg HTTP/2.0" 200 134745 "-" "baselinker"
46.101.116.244 - - [18/Apr/2025:10:04:35 +0200] "GET /Jurek/vida_morele/feeds/vidaPL_velomarket_category0.xml HTTP/1.0" 200 145360960 "-" "-"
46.101.116.244 - - [18/Apr/2025:10:04:37 +0200] "GET /Jurek/vida_morele/feeds/vidaPL_velomarket_category2.xml HTTP/1.0" 200 42604389 "-" "-"
51.77.52.107 - - [18/Apr/2025:10:04:39 +0200] "GET /Jurek/eurofirany/images/423244/0.jpg HTTP/2.0" 200 134745 "-" "baselinker"
46.101.116.244 - - [18/Apr/2025:10:04:44 +0200] "GET /Jurek/vida_morele/feeds/vidaPL_velomarket_category1.xml HTTP/1.0" 200 178161992 "-" "-"
46.101.116.244 - - [18/Apr/2025:10:04:45 +0200] "GET /Jurek/vida_morele/feeds/vidaPL_velomarket_category3.xml HTTP/1.0" 200 45040916 "-" "-"
51.77.52.107 - - [18/Apr/2025:10:04:46 +0200] "GET /Jurek/eurofirany/images/423245/0.jpg HTTP/2.0" 200 134745 "-" "baselinker"
51.77.52.107 - - [18/Apr/2025:10:05:00 +0200] "GET /Jurek/eurofirany/images/423245/0.jpg HTTP/2.0" 200 134745 "-" "baselinker"
88.220.33.218 - - [18/Apr/2025:10:05:07 +0200] "GET /Jurek/aw/feeds/awnarzedzia_morele.xml HTTP/2.0" 200 90512181 "-" "MarketplaceAPI curl/7.64.0 PHP/8"
89.161.206.59 - - [18/Apr/2025:10:05:09 +0200] "GET /Jurek/pawonik/feeds/pawonik_skroutz.xml HTTP/1.0" 200 2138441 "-" "-"
89.161.206.59 - - [18/Apr/2025:10:05:09 +0200] "GET /Jurek/amzteam/feeds/amzteam_skroutz.xml HTTP/1.0" 200 95906 "-" "-"
89.161.206.59 - - [18/Apr/2025:10:05:10 +0200] "GET /Jurek/mosti/feeds/mosti_skroutz.xml HTTP/1.0" 200 4633493 "-" "-"
51.77.52.107 - - [18/Apr/2025:10:05:11 +0200] "GET /Jurek/eurofirany/images/423245/0.jpg HTTP/2.0" 200 134745 "-" "baselinker"
89.161.206.59 - - [18/Apr/2025:10:05:13 +0200] "GET /Jurek/artdog/feeds/artdog_skroutz.xml HTTP/1.0" 200 17158976 "-" "-"
51.77.52.107 - - [18/Apr/2025:10:05:28 +0200] "GET /Jurek/eurofirany/images/423255/0.jpg HTTP/2.0" 200 112479 "-" "baselinker"
51.77.52.107 - - [18/Apr/2025:10:05:35 +0200] "GET /Jurek/eurofirany/images/423255/0.jpg HTTP/2.0" 200 112479 "-" "baselinker"
89.161.206.59 - - [18/Apr/2025:10:05:38 +0200] "GET /Jurek/gandalf/feeds/gandalf_emagro.xml HTTP/1.0" 200 1082579 "-" "-"
89.161.206.59 - - [18/Apr/2025:10:05:39 +0200] "GET /Jurek/zami/feeds/zami_emagro.xml HTTP/1.0" 200 4475412 "-" "-"
89.161.206.59 - - [18/Apr/2025:10:05:40 +0200] "GET /Jurek/slayo/feeds/slayo_skroutz.xml HTTP/1.0" 200 183614 "-" "-"
88.220.33.218 - - [18/Apr/2025:10:05:44 +0200] "GET /Jurek/beliani/feeds/beliani_morele.xml HTTP/2.0" 200 31096021 "-" "MarketplaceAPI curl/7.64.0 PHP/8"
51.77.52.107 - - [18/Apr/2025:10:05:49 +0200] "GET /Jurek/eurofirany/images/423255/0.jpg HTTP/2.0" 200 112479 "-" "baselinker"
51.77.52.107 - - [18/Apr/2025:10:05:57 +0200] "GET /Jurek/eurofirany/images/423258/0.jpg HTTP/2.0" 200 114353 "-" "baselinker"
51.77.52.107 - - [18/Apr/2025:10:06:04 +0200] "GET /Jurek/eurofirany/images/423258/0.jpg HTTP/2.0" 200 114353 "-" "baselinker"
51.77.52.107 - - [18/Apr/2025:10:06:19 +0200] "GET /Jurek/eurofirany/images/423258/0.jpg HTTP/2.0" 200 114353 "-" "baselinker"
51.77.52.107 - - [18/Apr/2025:10:06:34 +0200] "GET /Jurek/eurofirany/images/406013/0.jpg HTTP/2.0" 200 30690 "-" "baselinker"
51.77.52.107 - - [18/Apr/2025:10:06:41 +0200] "GET /Jurek/eurofirany/images/406013/0.jpg HTTP/2.0" 200 30690 "-" "baselinker"
88.220.33.218 - - [18/Apr/2025:10:06:45 +0200] "GET /Jurek/vida_morele/feeds/VidaPL_morele.xml HTTP/2.0" 200 723344434 "-" "MarketplaceAPI curl/7.64.0 PHP/8"
51.77.52.107 - - [18/Apr/2025:10:06:51 +0200] "GET /Jurek/eurofirany/images/406013/0.jpg HTTP/2.0" 200 30690 "-" "baselinker"
3.126.202.245 - - [18/Apr/2025:10:06:53 +0200] "GET /Jurek/topeshop/downloaded_images/5902838460085_1.png HTTP/2.0" 404 3551 "-" "Mozilla/5.0 (Windows NT 10.0; Win64; x64) AppleWebKit/537.36 (KHTML, like Gecko) Chrome/109.0.0.0 Safari/537.36"
5.134.208.158 - - [18/Apr/2025:10:06:54 +0200] "GET /Jurek/eurofirany/images/428673/0.jpg HTTP/1.1" 200 89133 "-" "-"
51.77.52.107 - - [18/Apr/2025:10:07:01 +0200] "GET /Jurek/eurofirany/images/425221/0.jpg HTTP/2.0" 200 74793 "-" "baselinker"
51.77.52.107 - - [18/Apr/2025:10:07:18 +0200] "GET /Jurek/eurofirany/images/425221/0.jpg HTTP/2.0" 200 74793 "-" "baselinker"
89.161.206.59 - - [18/Apr/2025:10:07:20 +0200] "GET /Jurek/oromed/feeds/oromed_skroutz.xml HTTP/1.0" 200 1103033 "-" "-"
89.161.206.59 - - [18/Apr/2025:10:07:21 +0200] "GET /Jurek/ralmetal/feeds/ralmetal_skroutz.xml HTTP/1.0" 200 2039897 "-" "-"
51.77.52.107 - - [18/Apr/2025:10:07:31 +0200] "GET /Jurek/eurofirany/images/425221/0.jpg HTTP/2.0" 200 74793 "-" "baselinker"
89.161.206.59 - - [18/Apr/2025:10:07:33 +0200] "GET /Jurek/narzbud/feeds/narzbud_skroutz.xml HTTP/1.0" 200 1901250 "-" "-"
89.161.206.59 - - [18/Apr/2025:10:07:36 +0200] "GET /Jurek/drops/feeds/dropsofficecolection_skroutz.xml HTTP/1.0" 200 790641 "-" "-"
89.161.206.59 - - [18/Apr/2025:10:07:37 +0200] "GET /Jurek/szpaklampy/feeds/szpaklampy_skroutz.xml HTTP/1.0" 200 388209 "-" "-"
89.161.206.59 - - [18/Apr/2025:10:07:42 +0200] "GET /Jurek/galopi/feeds/galopi_skroutz.xml HTTP/1.0" 200 2111099 "-" "-"
51.77.52.107 - - [18/Apr/2025:10:07:43 +0200] "GET /Jurek/eurofirany/images/432087/0.jpg HTTP/2.0" 200 60610 "-" "baselinker"
89.161.206.59 - - [18/Apr/2025:10:07:43 +0200] "GET /Jurek/spali/feeds/spali_skroutz.xml HTTP/1.0" 200 77055 "-" "-"
89.161.206.59 - - [18/Apr/2025:10:07:45 +0200] "GET /Jurek/eurofryz/feeds/eurofryz_skroutz.xml HTTP/1.0" 200 1381546 "-" "-"
89.161.206.59 - - [18/Apr/2025:10:07:46 +0200] "GET /Jurek/combine/feeds/combine_skroutz.xml HTTP/1.0" 200 210555 "-" "-"
3.74.7.74 - - [18/Apr/2025:10:07:48 +0200] "GET /Jurek/topeshop/downloaded_images/5902838460085_1.png HTTP/2.0" 404 3551 "-" "Mozilla/5.0 (Windows NT 10.0; Win64; x64) AppleWebKit/537.36 (KHTML, like Gecko) Chrome/109.0.0.0 Safari/537.36"
51.77.52.107 - - [18/Apr/2025:10:07:58 +0200] "GET /Jurek/eurofirany/images/432087/0.jpg HTTP/2.0" 200 60610 "-" "baselinker"
89.161.206.59 - - [18/Apr/2025:10:07:59 +0200] "GET /Jurek/velinda/feeds/velinda_skroutz.xml HTTP/1.0" 200 23447 "-" "-"
89.161.206.59 - - [18/Apr/2025:10:08:02 +0200] "GET /Jurek/erohurtownia/feeds/erohurtownia_skroutz.xml HTTP/1.0" 200 22846420 "-" "-"
89.161.206.59 - - [18/Apr/2025:10:08:04 +0200] "GET /Jurek/reman/feeds/reman_skroutz.xml HTTP/1.0" 200 1394829 "-" "-"
89.161.206.59 - - [18/Apr/2025:10:08:05 +0200] "GET /Jurek/urwiskowo/feeds/urwiskowo_skroutz.xml HTTP/1.0" 200 9114956 "-" "-"
89.161.206.59 - - [18/Apr/2025:10:08:07 +0200] "GET /Jurek/topeshop/feeds/topeshop_ebayDE.xml HTTP/1.0" 200 2021304 "-" "-"
51.77.52.107 - - [18/Apr/2025:10:08:08 +0200] "GET /Jurek/topeshop/downloaded_images/5902838468050_2.jpg HTTP/2.0" 404 3551 "-" "baselinker"
51.77.52.107 - - [18/Apr/2025:10:08:09 +0200] "GET /Jurek/topeshop/downloaded_images/5902838468050_2.jpg HTTP/2.0" 404 3551 "-" "baselinker"
51.77.52.107 - - [18/Apr/2025:10:08:10 +0200] "GET /Jurek/topeshop/downloaded_images/5902838468050_2.jpg HTTP/2.0" 404 3551 "-" "baselinker"
51.77.52.107 - - [18/Apr/2025:10:08:14 +0200] "GET /Jurek/eurofirany/images/432087/0.jpg HTTP/2.0" 200 60610 "-" "baselinker"
51.77.52.107 - - [18/Apr/2025:10:08:30 +0200] "GET /Jurek/eurofirany/images/432089/0.jpg HTTP/2.0" 200 48219 "-" "baselinker"
89.161.206.59 - - [18/Apr/2025:10:08:31 +0200] "GET /Jurek/evil/feeds/evil_skroutz.xml HTTP/1.0" 200 252475 "-" "-"
89.161.206.59 - - [18/Apr/2025:10:08:31 +0200] "GET /Jurek/kobi/feeds/kobi_skroutz.xml HTTP/1.0" 200 1993221 "-" "-"
89.161.206.59 - - [18/Apr/2025:10:08:32 +0200] "GET /Jurek/antiodor/feeds/antiodor_skroutz.xml HTTP/1.0" 200 137788 "-" "-"
89.161.206.59 - - [18/Apr/2025:10:08:32 +0200] "GET /Jurek/sartrix/feeds/sartrix_skroutz.xml HTTP/1.0" 200 649187 "-" "-"
89.161.206.59 - - [18/Apr/2025:10:08:33 +0200] "GET /Jurek/twojsklep/feeds/twojsklep_skroutz.xml HTTP/1.0" 200 126800 "-" "-"
89.161.206.59 - - [18/Apr/2025:10:08:34 +0200] "GET /Jurek/drewdon/feeds/drewdon_skroutz.xml HTTP/1.0" 200 358902 "-" "-"
89.161.206.59 - - [18/Apr/2025:10:08:34 +0200] "GET /Jurek/dekoele/feeds/dekoele_skroutz.xml HTTP/1.0" 200 378805 "-" "-"
89.161.206.59 - - [18/Apr/2025:10:08:34 +0200] "GET /Jurek/primohurt/feeds/primohurt_skroutz.xml HTTP/1.0" 200 17187237 "-" "-"
89.161.206.59 - - [18/Apr/2025:10:08:34 +0200] "GET /Jurek/rider/feeds/rider_skroutz.xml HTTP/1.0" 200 8165167 "-" "-"
89.161.206.59 - - [18/Apr/2025:10:08:35 +0200] "GET /Jurek/expertauto/feeds/expertauto_skroutz.xml HTTP/1.0" 200 1158917 "-" "-"
89.161.206.59 - - [18/Apr/2025:10:08:35 +0200] "GET /Jurek/qbox/feeds/qbox_skroutz.xml HTTP/1.0" 200 398703 "-" "-"
51.77.52.107 - - [18/Apr/2025:10:08:45 +0200] "GET /Jurek/eurofirany/images/432089/0.jpg HTTP/2.0" 200 48219 "-" "baselinker"
3.74.7.74 - - [18/Apr/2025:10:08:50 +0200] "GET /Jurek/topeshop/downloaded_images/5902838460085_1.png HTTP/2.0" 404 3551 "-" "Mozilla/5.0 (Windows NT 10.0; Win64; x64) AppleWebKit/537.36 (KHTML, like Gecko) Chrome/109.0.0.0 Safari/537.36"
89.161.206.59 - - [18/Apr/2025:10:08:56 +0200] "GET /Jurek/ekotex/feeds/ekotex_skroutz.xml HTTP/1.0" 200 197845 "-" "-"
89.161.206.59 - - [18/Apr/2025:10:08:57 +0200] "GET /Jurek/motofan/feeds/motofan_skroutz.xml HTTP/1.0" 200 2392152 "-" "-"
89.161.206.59 - - [18/Apr/2025:10:08:58 +0200] "GET /Jurek/elecomp/feeds/elecomp_skroutz.xml HTTP/1.0" 200 2769813 "-" "-"
51.77.52.107 - - [18/Apr/2025:10:08:58 +0200] "GET /Jurek/eurofirany/images/432089/0.jpg HTTP/2.0" 200 48219 "-" "baselinker"
51.77.52.107 - - [18/Apr/2025:10:09:14 +0200] "GET /Jurek/eurofirany/images/432090/0.jpg HTTP/2.0" 200 55488 "-" "baselinker"
51.77.52.107 - - [18/Apr/2025:10:09:30 +0200] "GET /Jurek/eurofirany/images/432090/0.jpg HTTP/2.0" 200 55488 "-" "baselinker"
51.77.52.107 - - [18/Apr/2025:10:09:44 +0200] "GET /Jurek/eurofirany/images/432090/0.jpg HTTP/2.0" 200 55488 "-" "baselinker"
51.77.52.107 - - [18/Apr/2025:10:09:56 +0200] "GET /Jurek/eurofirany/images/432091/0.jpg HTTP/2.0" 200 61785 "-" "baselinker"
77.79.248.229 - - [18/Apr/2025:10:10:04 +0200] "GET /Jurek/ikonka/feeds/ikonka_cdon_se.xml HTTP/1.1" 200 22176797 "-" "python-requests/2.32.3"
77.79.248.229 - - [18/Apr/2025:10:10:05 +0200] "GET /Jurek/ikonka/feeds/ikonka_cdon_dk.xml HTTP/1.1" 200 22176790 "-" "python-requests/2.32.3"
77.79.248.229 - - [18/Apr/2025:10:10:05 +0200] "GET /Jurek/ikonka/feeds/ikonka_cdon_fi.xml HTTP/1.1" 200 22174539 "-" "python-requests/2.32.3"
51.77.52.107 - - [18/Apr/2025:10:10:10 +0200] "GET /Jurek/eurofirany/images/432091/0.jpg HTTP/2.0" 200 61785 "-" "baselinker"
77.79.248.229 - - [18/Apr/2025:10:10:13 +0200] "GET /Jurek/rovicky/feeds/rovicky_cdonSE.xml HTTP/1.1" 200 15045176 "-" "python-requests/2.32.3"
77.79.248.229 - - [18/Apr/2025:10:10:13 +0200] "GET /Jurek/rovicky/feeds/rovicky_cdonDK.xml HTTP/1.1" 200 15045043 "-" "python-requests/2.32.3"
77.79.248.229 - - [18/Apr/2025:10:10:14 +0200] "GET /Jurek/rovicky/feeds/rovicky_cdonFI.xml HTTP/1.1" 200 15039827 "-" "python-requests/2.32.3"
77.79.248.229 - - [18/Apr/2025:10:10:14 +0200] "GET /Jurek/benbaby/feeds/benbaby_cdon_se.xml HTTP/1.1" 200 3628744 "-" "python-requests/2.32.3"
77.79.248.229 - - [18/Apr/2025:10:10:14 +0200] "GET /Jurek/benbaby/feeds/benbaby_cdon_dk.xml HTTP/1.1" 200 3628559 "-" "python-requests/2.32.3"
77.79.248.229 - - [18/Apr/2025:10:10:14 +0200] "GET /Jurek/benbaby/feeds/benbaby_cdon_fi.xml HTTP/1.1" 200 3626098 "-" "python-requests/2.32.3"
77.79.248.229 - - [18/Apr/2025:10:10:15 +0200] "GET /Jurek/candellux/feeds/candellux_cdon_se.xml HTTP/1.1" 200 466166 "-" "python-requests/2.32.3"
77.79.248.229 - - [18/Apr/2025:10:10:15 +0200] "GET /Jurek/candellux/feeds/candellux_cdon_dk.xml HTTP/1.1" 200 466129 "-" "python-requests/2.32.3"
77.79.248.229 - - [18/Apr/2025:10:10:15 +0200] "GET /Jurek/candellux/feeds/candellux_cdon_fi.xml HTTP/1.1" 200 465745 "-" "python-requests/2.32.3"
77.79.248.229 - - [18/Apr/2025:10:10:15 +0200] "GET /Jurek/hurtownia_przemyslowa/feeds/hp_cdon_se.xml HTTP/1.1" 200 49377270 "-" "python-requests/2.32.3"
77.79.248.229 - - [18/Apr/2025:10:10:16 +0200] "GET /Jurek/hurtownia_przemyslowa/feeds/hp_cdon_dk.xml HTTP/1.1" 200 49376119 "-" "python-requests/2.32.3"
77.79.248.229 - - [18/Apr/2025:10:10:17 +0200] "GET /Jurek/hurtownia_przemyslowa/feeds/hp_cdon_fi.xml HTTP/1.1" 200 49362335 "-" "python-requests/2.32.3"
77.79.248.229 - - [18/Apr/2025:10:10:17 +0200] "GET /Jurek/topeshop/feeds/topeshop_cdon_se.xml HTTP/1.1" 200 2682830 "-" "python-requests/2.32.3"
77.79.248.229 - - [18/Apr/2025:10:10:17 +0200] "GET /Jurek/topeshop/feeds/topeshop_cdon_dk.xml HTTP/1.1" 200 2682601 "-" "python-requests/2.32.3"
77.79.248.229 - - [18/Apr/2025:10:10:17 +0200] "GET /Jurek/topeshop/feeds/topeshop_cdon_fi.xml HTTP/1.1" 200 2682138 "-" "python-requests/2.32.3"
77.79.248.229 - - [18/Apr/2025:10:10:17 +0200] "GET /Jurek/asortymenteu/feeds/asortymenteu_cdon_se.xml HTTP/1.1" 200 2765762 "-" "python-requests/2.32.3"
77.79.248.229 - - [18/Apr/2025:10:10:17 +0200] "GET /Jurek/asortymenteu/feeds/asortymenteu_cdon_dk.xml HTTP/1.1" 200 2765737 "-" "python-requests/2.32.3"
77.79.248.229 - - [18/Apr/2025:10:10:18 +0200] "GET /Jurek/asortymenteu/feeds/asortymenteu_cdon_fi.xml HTTP/1.1" 200 2764724 "-" "python-requests/2.32.3"
77.79.248.229 - - [18/Apr/2025:10:10:18 +0200] "GET /Jurek/fernity/feeds/fernity_cdon_se.xml HTTP/1.1" 200 4819678 "-" "python-requests/2.32.3"
77.79.248.229 - - [18/Apr/2025:10:10:18 +0200] "GET /Jurek/fernity/feeds/fernity_cdon_dk.xml HTTP/1.1" 200 4819217 "-" "python-requests/2.32.3"
77.79.248.229 - - [18/Apr/2025:10:10:18 +0200] "GET /Jurek/fernity/feeds/fernity_cdon_fi.xml HTTP/1.1" 200 4816329 "-" "python-requests/2.32.3"
77.79.248.229 - - [18/Apr/2025:10:10:20 +0200] "GET /Jurek/aw/feeds/awnarzedzia_cdon_se.xml HTTP/1.1" 200 90589784 "-" "python-requests/2.32.3"
77.79.248.229 - - [18/Apr/2025:10:10:21 +0200] "GET /Jurek/aw/feeds/awnarzedzia_cdon_dk.xml HTTP/1.1" 200 90584720 "-" "python-requests/2.32.3"
77.79.248.229 - - [18/Apr/2025:10:10:22 +0200] "GET /Jurek/aw/feeds/awnarzedzia_cdon_fi.xml HTTP/1.1" 200 90501123 "-" "python-requests/2.32.3"
77.79.248.229 - - [18/Apr/2025:10:10:22 +0200] "GET /Jurek/activeshop/feeds/activeshop_cdon_se.xml HTTP/1.1" 200 10462160 "-" "python-requests/2.32.3"
77.79.248.229 - - [18/Apr/2025:10:10:22 +0200] "GET /Jurek/activeshop/feeds/activeshop_cdon_dk.xml HTTP/1.1" 200 10461883 "-" "python-requests/2.32.3"
77.79.248.229 - - [18/Apr/2025:10:10:23 +0200] "GET /Jurek/activeshop/feeds/activeshop_cdon_fi.xml HTTP/1.1" 200 10458500 "-" "python-requests/2.32.3"
77.79.248.229 - - [18/Apr/2025:10:10:23 +0200] "GET /Jurek/ikonka/feeds/ikonka_cdon_se.xml HTTP/1.1" 200 22176797 "-" "python-requests/2.32.3"
77.79.248.229 - - [18/Apr/2025:10:10:24 +0200] "GET /Jurek/ikonka/feeds/ikonka_cdon_dk.xml HTTP/1.1" 200 22176790 "-" "python-requests/2.32.3"
185.6.76.18 - - [18/Apr/2025:10:10:24 +0200] "GET /marketplaces/skroutz/feeds/shumee.xml HTTP/1.1" 200 417642060 "-" "SkroutzBot v1.0"
77.79.248.229 - - [18/Apr/2025:10:10:24 +0200] "GET /Jurek/ikonka/feeds/ikonka_cdon_fi.xml HTTP/1.1" 200 22174539 "-" "python-requests/2.32.3"
77.79.248.229 - - [18/Apr/2025:10:10:24 +0200] "GET /Jurek/swiatecznygoliat/feeds/swiatecznygoliat_cdon_se.xml HTTP/1.1" 200 7056902 "-" "python-requests/2.32.3"
77.79.248.229 - - [18/Apr/2025:10:10:24 +0200] "GET /Jurek/swiatecznygoliat/feeds/swiatecznygoliat_cdon_dk.xml HTTP/1.1" 200 7056851 "-" "python-requests/2.32.3"
77.79.248.229 - - [18/Apr/2025:10:10:25 +0200] "GET /Jurek/swiatecznygoliat/feeds/swiatecznygoliat_cdon_fi.xml HTTP/1.1" 200 7054441 "-" "python-requests/2.32.3"
77.79.248.229 - - [18/Apr/2025:10:10:25 +0200] "GET /Jurek/slayo/feeds/slayo_cdon_se.xml HTTP/1.1" 200 183630 "-" "python-requests/2.32.3"
77.79.248.229 - - [18/Apr/2025:10:10:25 +0200] "GET /Jurek/slayo/feeds/slayo_cdon_dk.xml HTTP/1.1" 200 183627 "-" "python-requests/2.32.3"
77.79.248.229 - - [18/Apr/2025:10:10:25 +0200] "GET /Jurek/slayo/feeds/slayo_cdon_fi.xml HTTP/1.1" 200 183614 "-" "python-requests/2.32.3"
51.77.52.107 - - [18/Apr/2025:10:10:25 +0200] "GET /Jurek/eurofirany/images/432091/0.jpg HTTP/2.0" 200 61785 "-" "baselinker"
77.79.248.229 - - [18/Apr/2025:10:10:26 +0200] "GET /Jurek/bass/feeds/bass_cdon_se.xml HTTP/1.1" 200 3973711 "-" "python-requests/2.32.3"
77.79.248.229 - - [18/Apr/2025:10:10:26 +0200] "GET /Jurek/bass/feeds/bass_cdon_dk.xml HTTP/1.1" 200 3973545 "-" "python-requests/2.32.3"
77.79.248.229 - - [18/Apr/2025:10:10:26 +0200] "GET /Jurek/bass/feeds/bass_cdon_fi.xml HTTP/1.1" 200 3971986 "-" "python-requests/2.32.3"
77.79.248.229 - - [18/Apr/2025:10:10:26 +0200] "GET /Jurek/benetech/feeds/benetech_cdon_se.xml HTTP/1.1" 200 4165842 "-" "python-requests/2.32.3"
77.79.248.229 - - [18/Apr/2025:10:10:26 +0200] "GET /Jurek/benetech/feeds/benetech_cdon_dk.xml HTTP/1.1" 200 4165810 "-" "python-requests/2.32.3"
77.79.248.229 - - [18/Apr/2025:10:10:26 +0200] "GET /Jurek/benetech/feeds/benetech_cdon_fi.xml HTTP/1.1" 200 4165441 "-" "python-requests/2.32.3"
77.79.248.229 - - [18/Apr/2025:10:10:26 +0200] "GET /Jurek/waks/feeds/waks_cdon_se.xml HTTP/1.1" 200 1598639 "-" "python-requests/2.32.3"
77.79.248.229 - - [18/Apr/2025:10:10:26 +0200] "GET /Jurek/waks/feeds/waks_cdon_dk.xml HTTP/1.1" 200 1598639 "-" "python-requests/2.32.3"
77.79.248.229 - - [18/Apr/2025:10:10:26 +0200] "GET /Jurek/waks/feeds/waks_cdon_fi.xml HTTP/1.1" 200 1594466 "-" "python-requests/2.32.3"
77.79.248.229 - - [18/Apr/2025:10:10:26 +0200] "GET /Jurek/kambukka/feeds/kambukka_cdon_se.xml HTTP/1.1" 200 1021664 "-" "python-requests/2.32.3"
77.79.248.229 - - [18/Apr/2025:10:10:26 +0200] "GET /Jurek/kambukka/feeds/kambukka_cdon_dk.xml HTTP/1.1" 200 1021664 "-" "python-requests/2.32.3"
77.79.248.229 - - [18/Apr/2025:10:10:26 +0200] "GET /Jurek/kambukka/feeds/kambukka_cdon_fi.xml HTTP/1.1" 200 1021395 "-" "python-requests/2.32.3"
77.79.248.229 - - [18/Apr/2025:10:10:26 +0200] "GET /Jurek/hdwr/feeds/hdwr_cdon_se.xml HTTP/1.1" 200 789682 "-" "python-requests/2.32.3"
77.79.248.229 - - [18/Apr/2025:10:10:26 +0200] "GET /Jurek/hdwr/feeds/hdwr_cdon_dk.xml HTTP/1.1" 200 789618 "-" "python-requests/2.32.3"
77.79.248.229 - - [18/Apr/2025:10:10:26 +0200] "GET /Jurek/hdwr/feeds/hdwr_cdon_fi.xml HTTP/1.1" 200 789397 "-" "python-requests/2.32.3"
77.79.248.229 - - [18/Apr/2025:10:10:26 +0200] "GET /Jurek/pagmil/feeds/pagmil_cdon_se.xml HTTP/1.1" 200 1803230 "-" "python-requests/2.32.3"
77.79.248.229 - - [18/Apr/2025:10:10:26 +0200] "GET /Jurek/pagmil/feeds/pagmil_cdon_dk.xml HTTP/1.1" 200 1803238 "-" "python-requests/2.32.3"
77.79.248.229 - - [18/Apr/2025:10:10:27 +0200] "GET /Jurek/pagmil/feeds/pagmil_cdon_fi.xml HTTP/1.1" 200 1802828 "-" "python-requests/2.32.3"
77.79.248.229 - - [18/Apr/2025:10:10:27 +0200] "GET /Jurek/targethome/feeds/targethome_cdon_se.xml HTTP/1.1" 200 688758 "-" "python-requests/2.32.3"
77.79.248.229 - - [18/Apr/2025:10:10:27 +0200] "GET /Jurek/targethome/feeds/targethome_cdon_dk.xml HTTP/1.1" 200 688729 "-" "python-requests/2.32.3"
77.79.248.229 - - [18/Apr/2025:10:10:27 +0200] "GET /Jurek/targethome/feeds/targethome_cdon_fi.xml HTTP/1.1" 200 688640 "-" "python-requests/2.32.3"
77.79.248.229 - - [18/Apr/2025:10:10:27 +0200] "GET /Jurek/eroplace/feeds/eroplace_cdon_se.xml HTTP/1.1" 200 52158978 "-" "python-requests/2.32.3"
77.79.248.229 - - [18/Apr/2025:10:10:28 +0200] "GET /Jurek/eroplace/feeds/eroplace_cdon_dk.xml HTTP/1.1" 200 52157761 "-" "python-requests/2.32.3"
77.79.248.229 - - [18/Apr/2025:10:10:28 +0200] "GET /Jurek/eroplace/feeds/eroplace_cdon_fi.xml HTTP/1.1" 200 52134695 "-" "python-requests/2.32.3"
77.79.248.229 - - [18/Apr/2025:10:10:29 +0200] "GET /Jurek/artdog/feeds/artdog_cdon_se.xml HTTP/1.1" 200 17166587 "-" "python-requests/2.32.3"
77.79.248.229 - - [18/Apr/2025:10:10:29 +0200] "GET /Jurek/artdog/feeds/artdog_cdon_dk.xml HTTP/1.1" 200 17166089 "-" "python-requests/2.32.3"
77.79.248.229 - - [18/Apr/2025:10:10:29 +0200] "GET /Jurek/artdog/feeds/artdog_cdon_fi.xml HTTP/1.1" 200 17159517 "-" "python-requests/2.32.3"
77.79.248.229 - - [18/Apr/2025:10:10:29 +0200] "GET /Jurek/sempler/feeds/sempler_cdon_se.xml HTTP/1.1" 200 6789257 "-" "python-requests/2.32.3"
77.79.248.229 - - [18/Apr/2025:10:10:29 +0200] "GET /Jurek/sempler/feeds/sempler_cdon_dk.xml HTTP/1.1" 200 6789171 "-" "python-requests/2.32.3"
77.79.248.229 - - [18/Apr/2025:10:10:29 +0200] "GET /Jurek/sempler/feeds/sempler_cdon_fi.xml HTTP/1.1" 200 6787978 "-" "python-requests/2.32.3"
77.79.248.229 - - [18/Apr/2025:10:10:29 +0200] "GET /Jurek/oromed/feeds/oromed_cdon_se.xml HTTP/1.1" 200 1103234 "-" "python-requests/2.32.3"
77.79.248.229 - - [18/Apr/2025:10:10:29 +0200] "GET /Jurek/oromed/feeds/oromed_cdon_dk.xml HTTP/1.1" 200 1103220 "-" "python-requests/2.32.3"
77.79.248.229 - - [18/Apr/2025:10:10:29 +0200] "GET /Jurek/oromed/feeds/oromed_cdon_fi.xml HTTP/1.1" 200 1103042 "-" "python-requests/2.32.3"
77.79.248.229 - - [18/Apr/2025:10:10:29 +0200] "GET /Jurek/hurtmeblowy/feeds/hurtmeblowy_cdon_se.xml HTTP/1.1" 200 8516985 "-" "python-requests/2.32.3"
77.79.248.229 - - [18/Apr/2025:10:10:30 +0200] "GET /Jurek/hurtmeblowy/feeds/hurtmeblowy_cdon_dk.xml HTTP/1.1" 200 8516313 "-" "python-requests/2.32.3"
77.79.248.229 - - [18/Apr/2025:10:10:30 +0200] "GET /Jurek/hurtmeblowy/feeds/hurtmeblowy_cdon_fi.xml HTTP/1.1" 200 8514547 "-" "python-requests/2.32.3"
77.79.248.229 - - [18/Apr/2025:10:10:30 +0200] "GET /Jurek/narzbud/feeds/narzbud_cdon_se.xml HTTP/1.1" 200 1901953 "-" "python-requests/2.32.3"
77.79.248.229 - - [18/Apr/2025:10:10:30 +0200] "GET /Jurek/narzbud/feeds/narzbud_cdon_dk.xml HTTP/1.1" 200 1902003 "-" "python-requests/2.32.3"
77.79.248.229 - - [18/Apr/2025:10:10:30 +0200] "GET /Jurek/narzbud/feeds/narzbud_cdon_fi.xml HTTP/1.1" 200 1901265 "-" "python-requests/2.32.3"
77.79.248.229 - - [18/Apr/2025:10:10:30 +0200] "GET /Jurek/livinhill/feeds/livinhill_cdon_se.xml HTTP/1.1" 200 212011 "-" "python-requests/2.32.3"
77.79.248.229 - - [18/Apr/2025:10:10:30 +0200] "GET /Jurek/livinhill/feeds/livinhill_cdon_dk.xml HTTP/1.1" 200 1475500 "-" "python-requests/2.32.3"
77.79.248.229 - - [18/Apr/2025:10:10:30 +0200] "GET /Jurek/livinhill/feeds/livinhill_cdon_fi.xml HTTP/1.1" 200 1475044 "-" "python-requests/2.32.3"
77.79.248.229 - - [18/Apr/2025:10:10:30 +0200] "GET /Jurek/ekuchcikowo/feeds/ekuchcikowo_cdon_se.xml HTTP/1.1" 200 12473244 "-" "python-requests/2.32.3"
77.79.248.229 - - [18/Apr/2025:10:10:30 +0200] "GET /Jurek/ekuchcikowo/feeds/ekuchcikowo_cdon_dk.xml HTTP/1.1" 200 12473082 "-" "python-requests/2.32.3"
77.79.248.229 - - [18/Apr/2025:10:10:30 +0200] "GET /Jurek/ekuchcikowo/feeds/ekuchcikowo_cdon_fi.xml HTTP/1.1" 200 12471126 "-" "python-requests/2.32.3"
77.79.248.229 - - [18/Apr/2025:10:10:30 +0200] "GET /Jurek/fertone/feeds/fertone_cdon_se.xml HTTP/1.1" 200 572251 "-" "python-requests/2.32.3"
77.79.248.229 - - [18/Apr/2025:10:10:30 +0200] "GET /Jurek/fertone/feeds/fertone_cdon_dk.xml HTTP/1.1" 200 572091 "-" "python-requests/2.32.3"
77.79.248.229 - - [18/Apr/2025:10:10:31 +0200] "GET /Jurek/fertone/feeds/fertone_cdon_fi.xml HTTP/1.1" 200 571906 "-" "python-requests/2.32.3"
77.79.248.229 - - [18/Apr/2025:10:10:31 +0200] "GET /Jurek/ekolight/feeds/ekolioght_cdon_se.xml HTTP/1.1" 200 9056565 "-" "python-requests/2.32.3"
77.79.248.229 - - [18/Apr/2025:10:10:31 +0200] "GET /Jurek/ekolight/feeds/ekolioght_cdon_dk.xml HTTP/1.1" 200 9055959 "-" "python-requests/2.32.3"
77.79.248.229 - - [18/Apr/2025:10:10:31 +0200] "GET /Jurek/ekolight/feeds/ekolioght_cdon_fi.xml HTTP/1.1" 200 9052690 "-" "python-requests/2.32.3"
77.79.248.229 - - [18/Apr/2025:10:10:31 +0200] "GET /Jurek/cbdgreen/feeds/cbdgreen_cdon_se.xml HTTP/1.1" 200 50550 "-" "python-requests/2.32.3"
77.79.248.229 - - [18/Apr/2025:10:10:31 +0200] "GET /Jurek/cbdgreen/feeds/cbdgreen_cdon_dk.xml HTTP/1.1" 200 50550 "-" "python-requests/2.32.3"
77.79.248.229 - - [18/Apr/2025:10:10:31 +0200] "GET /Jurek/cbdgreen/feeds/cbdgreen_cdon_fi.xml HTTP/1.1" 200 50543 "-" "python-requests/2.32.3"
77.79.248.229 - - [18/Apr/2025:10:10:31 +0200] "GET /Jurek/pawonik/feeds/pawonik_cdon_se.xml HTTP/1.1" 200 2138718 "-" "python-requests/2.32.3"
77.79.248.229 - - [18/Apr/2025:10:10:31 +0200] "GET /Jurek/pawonik/feeds/pawonik_cdon_dk.xml HTTP/1.1" 200 2138744 "-" "python-requests/2.32.3"
77.79.248.229 - - [18/Apr/2025:10:10:31 +0200] "GET /Jurek/pawonik/feeds/pawonik_cdon_fi.xml HTTP/1.1" 200 2138410 "-" "python-requests/2.32.3"
77.79.248.229 - - [18/Apr/2025:10:10:31 +0200] "GET /Jurek/mosti/feeds/mosti_cdon_se.xml HTTP/1.1" 200 4634893 "-" "python-requests/2.32.3"
77.79.248.229 - - [18/Apr/2025:10:10:31 +0200] "GET /Jurek/mosti/feeds/mosti_cdon_dk.xml HTTP/1.1" 200 4635032 "-" "python-requests/2.32.3"
77.79.248.229 - - [18/Apr/2025:10:10:31 +0200] "GET /Jurek/mosti/feeds/mosti_cdon_fi.xml HTTP/1.1" 200 4633456 "-" "python-requests/2.32.3"
77.79.248.229 - - [18/Apr/2025:10:10:31 +0200] "GET /Jurek/winoszarnia/feeds/winoszarnia_cdon_se.xml HTTP/1.1" 200 6066093 "-" "python-requests/2.32.3"
77.79.248.229 - - [18/Apr/2025:10:10:31 +0200] "GET /Jurek/winoszarnia/feeds/winoszarnia_cdon_dk.xml HTTP/1.1" 200 6066102 "-" "python-requests/2.32.3"
77.79.248.229 - - [18/Apr/2025:10:10:32 +0200] "GET /Jurek/winoszarnia/feeds/winoszarnia_cdon_fi.xml HTTP/1.1" 200 6064782 "-" "python-requests/2.32.3"
77.79.248.229 - - [18/Apr/2025:10:10:32 +0200] "GET /Jurek/bass_new/feeds/bass_cdon_se.xml HTTP/1.1" 200 7043103 "-" "python-requests/2.32.3"
77.79.248.229 - - [18/Apr/2025:10:10:32 +0200] "GET /Jurek/bass_new/feeds/bass_cdon_dk.xml HTTP/1.1" 200 7042906 "-" "python-requests/2.32.3"
77.79.248.229 - - [18/Apr/2025:10:10:32 +0200] "GET /Jurek/bass_new/feeds/bass_cdon_fi.xml HTTP/1.1" 200 7040842 "-" "python-requests/2.32.3"
77.79.248.229 - - [18/Apr/2025:10:10:32 +0200] "GET /Jurek/pupus/feeds/pupus_cdon_se.xml HTTP/1.1" 200 6156555 "-" "python-requests/2.32.3"
77.79.248.229 - - [18/Apr/2025:10:10:32 +0200] "GET /Jurek/pupus/feeds/pupus_cdon_dk.xml HTTP/1.1" 200 6156414 "-" "python-requests/2.32.3"
77.79.248.229 - - [18/Apr/2025:10:10:32 +0200] "GET /Jurek/pupus/feeds/pupus_cdon_fi.xml HTTP/1.1" 200 6154544 "-" "python-requests/2.32.3"
77.79.248.229 - - [18/Apr/2025:10:10:33 +0200] "GET /Jurek/relogy/feeds/relogy_cdon_se.xml HTTP/1.1" 200 66684055 "-" "python-requests/2.32.3"
77.79.248.229 - - [18/Apr/2025:10:10:34 +0200] "GET /Jurek/relogy/feeds/relogy_cdon_dk.xml HTTP/1.1" 200 66677612 "-" "python-requests/2.32.3"
77.79.248.229 - - [18/Apr/2025:10:10:34 +0200] "GET /Jurek/relogy/feeds/relogy_cdon_fi.xml HTTP/1.1" 200 66667162 "-" "python-requests/2.32.3"
77.79.248.229 - - [18/Apr/2025:10:10:35 +0200] "GET /Jurek/harmonypost/feeds/harmonypost_cdon_se.xml HTTP/1.1" 200 39921628 "-" "python-requests/2.32.3"
77.79.248.229 - - [18/Apr/2025:10:10:35 +0200] "GET /Jurek/harmonypost/feeds/harmonypost_cdon_dk.xml HTTP/1.1" 200 39917759 "-" "python-requests/2.32.3"
77.79.248.229 - - [18/Apr/2025:10:10:36 +0200] "GET /Jurek/harmonypost/feeds/harmonypost_cdon_fi.xml HTTP/1.1" 200 39902925 "-" "python-requests/2.32.3"
77.79.248.229 - - [18/Apr/2025:10:10:36 +0200] "GET /Jurek/pasiekaslodka/feeds/pasiekaslodka_cdon_se.xml HTTP/1.1" 200 119697 "-" "python-requests/2.32.3"
77.79.248.229 - - [18/Apr/2025:10:10:36 +0200] "GET /Jurek/pasiekaslodka/feeds/pasiekaslodka_cdon_dk.xml HTTP/1.1" 200 119696 "-" "python-requests/2.32.3"
77.79.248.229 - - [18/Apr/2025:10:10:36 +0200] "GET /Jurek/pasiekaslodka/feeds/pasiekaslodka_cdon_fi.xml HTTP/1.1" 200 119672 "-" "python-requests/2.32.3"
51.77.52.107 - - [18/Apr/2025:10:10:41 +0200] "GET /Jurek/eurofirany/images/432278/0.jpg HTTP/2.0" 200 94771 "-" "baselinker"
51.77.52.107 - - [18/Apr/2025:10:10:47 +0200] "GET /Jurek/eurofirany/images/432278/0.jpg HTTP/2.0" 200 94771 "-" "baselinker"
51.77.52.107 - - [18/Apr/2025:10:10:51 +0200] "GET /Jurek/eurofirany/images/432278/0.jpg HTTP/2.0" 200 94771 "-" "baselinker"
51.77.52.107 - - [18/Apr/2025:10:10:54 +0200] "GET /Jurek/eurofirany/images/432280/0.jpg HTTP/2.0" 200 59790 "-" "baselinker"
51.77.52.107 - - [18/Apr/2025:10:11:06 +0200] "GET /Jurek/eurofirany/images/432280/0.jpg HTTP/2.0" 200 59790 "-" "baselinker"
51.77.52.107 - - [18/Apr/2025:10:11:20 +0200] "GET /Jurek/eurofirany/images/432280/0.jpg HTTP/2.0" 200 59790 "-" "baselinker"
51.77.52.107 - - [18/Apr/2025:10:11:30 +0200] "GET /Jurek/eurofirany/images/432281/0.jpg HTTP/2.0" 200 127735 "-" "baselinker"
193.33.8.61 - - [18/Apr/2025:10:11:42 +0200] "GET /Jurek/zenex/feeds/zenex_zero.xml HTTP/2.0" 200 540323 "https://konsola.dkkapusta1997.usermd.net/" "Mozilla/5.0 (Windows NT 10.0; Win64; x64) AppleWebKit/537.36 (KHTML, like Gecko) Chrome/135.0.0.0 Safari/537.36"
51.77.52.107 - - [18/Apr/2025:10:11:47 +0200] "GET /Jurek/eurofirany/images/432281/0.jpg HTTP/2.0" 200 127735 "-" "baselinker"
51.77.52.107 - - [18/Apr/2025:10:11:51 +0200] "GET /Jurek/eurofirany/images/432281/0.jpg HTTP/2.0" 200 127735 "-" "baselinker"
51.77.52.107 - - [18/Apr/2025:10:12:11 +0200] "GET /Jurek/eurofirany/images/432283/0.jpg HTTP/2.0" 200 116697 "-" "baselinker"
77.79.248.229 - - [18/Apr/2025:10:12:15 +0200] "GET /Jurek/zenex/feeds/zenex_zero.xml HTTP/1.1" 200 540323 "-" "Python-urllib/3.11"
51.77.52.107 - - [18/Apr/2025:10:12:16 +0200] "GET /Jurek/eurofirany/images/432283/0.jpg HTTP/2.0" 200 116697 "-" "baselinker"
51.77.52.107 - - [18/Apr/2025:10:12:30 +0200] "GET /Jurek/eurofirany/images/432283/0.jpg HTTP/2.0" 200 116697 "-" "baselinker"
89.161.206.59 - - [18/Apr/2025:10:12:40 +0200] "GET /Jurek/eurofirany/feeds/eurofirany_ebay.xml HTTP/1.0" 200 18986216 "-" "-"
51.77.52.107 - - [18/Apr/2025:10:12:42 +0200] "GET /Jurek/eurofirany/images/432286/0.jpg HTTP/2.0" 200 68085 "-" "baselinker"
51.77.52.107 - - [18/Apr/2025:10:12:55 +0200] "GET /Jurek/eurofirany/images/432286/0.jpg HTTP/2.0" 200 68085 "-" "baselinker"
51.77.52.107 - - [18/Apr/2025:10:13:11 +0200] "GET /Jurek/eurofirany/images/432286/0.jpg HTTP/2.0" 200 68085 "-" "baselinker"
51.77.52.107 - - [18/Apr/2025:10:13:15 +0200] "GET /Jurek/eurofirany/images/423907/0.jpg HTTP/2.0" 200 32653 "-" "baselinker"
193.33.8.61 - - [18/Apr/2025:10:13:22 +0200] "GET /Jurek/hanex/feeds/hanex_zero.xml HTTP/2.0" 200 13931653 "https://konsola.dkkapusta1997.usermd.net/" "Mozilla/5.0 (Windows NT 10.0; Win64; x64) AppleWebKit/537.36 (KHTML, like Gecko) Chrome/135.0.0.0 Safari/537.36"
46.101.116.244 - - [18/Apr/2025:10:13:22 +0200] "GET /Jurek/aw/feeds/aw_fnacfr.xml HTTP/1.0" 404 3551 "-" "-"
77.79.248.229 - - [18/Apr/2025:10:13:31 +0200] "GET /Jurek/hanex/feeds/hanex_zero.xml HTTP/1.1" 200 13931653 "-" "Python-urllib/3.11"
51.77.52.107 - - [18/Apr/2025:10:13:33 +0200] "GET /Jurek/eurofirany/images/423907/0.jpg HTTP/2.0" 200 32653 "-" "baselinker"
51.77.52.107 - - [18/Apr/2025:10:13:52 +0200] "GET /Jurek/eurofirany/images/423907/0.jpg HTTP/2.0" 200 32653 "-" "baselinker"
51.77.52.107 - - [18/Apr/2025:10:13:57 +0200] "GET /Jurek/eurofirany/images/423909/0.jpg HTTP/2.0" 200 40108 "-" "baselinker"
77.79.248.229 - - [18/Apr/2025:10:14:13 +0200] "GET /Jurek/vida_morele/feeds/vidaPL_erli.xml HTTP/1.1" 200 723315359 "-" "Python-urllib/3.11"
51.77.52.107 - - [18/Apr/2025:10:14:13 +0200] "GET /Jurek/eurofirany/images/423909/0.jpg HTTP/2.0" 200 40108 "-" "baselinker"
51.77.52.107 - - [18/Apr/2025:10:14:26 +0200] "GET /Jurek/eurofirany/images/423909/0.jpg HTTP/2.0" 200 40108 "-" "baselinker"
51.77.52.107 - - [18/Apr/2025:10:14:31 +0200] "GET /Jurek/eurofirany/images/5603/0.jpg HTTP/2.0" 200 40054 "-" "baselinker"
51.77.52.107 - - [18/Apr/2025:10:14:36 +0200] "GET /Jurek/eurofirany/images/5603/0.jpg HTTP/2.0" 200 40054 "-" "baselinker"
5.134.208.158 - - [18/Apr/2025:10:14:38 +0200] "GET /Jurek/eurofirany/images/448534/0.jpg HTTP/1.1" 206 256 "https://www.ceneo.pl" "Mozilla/5.0 (Windows NT 10.0; Win64; x64) AppleWebKit/537.36 (KHTML, like Gecko) Chrome/87.0.4280.141 Safari/537.36"
51.77.52.107 - - [18/Apr/2025:10:14:49 +0200] "GET /Jurek/eurofirany/images/5603/0.jpg HTTP/2.0" 200 40054 "-" "baselinker"
51.77.52.107 - - [18/Apr/2025:10:15:02 +0200] "GET /Jurek/eurofirany/images/5616/0.jpg HTTP/2.0" 200 84919 "-" "baselinker"
51.77.52.107 - - [18/Apr/2025:10:15:07 +0200] "GET /Jurek/eurofirany/images/5616/0.jpg HTTP/2.0" 200 84919 "-" "baselinker"
51.77.52.107 - - [18/Apr/2025:10:15:12 +0200] "GET /Jurek/eurofirany/images/5616/0.jpg HTTP/2.0" 200 84919 "-" "baselinker"
51.77.52.107 - - [18/Apr/2025:10:15:17 +0200] "GET /Jurek/eurofirany/images/5623/0.jpg HTTP/2.0" 200 145716 "-" "baselinker"
51.77.52.107 - - [18/Apr/2025:10:15:23 +0200] "GET /Jurek/eurofirany/images/5623/0.jpg HTTP/2.0" 200 145716 "-" "baselinker"
51.77.52.107 - - [18/Apr/2025:10:15:28 +0200] "GET /Jurek/eurofirany/images/5623/0.jpg HTTP/2.0" 200 145716 "-" "baselinker"
51.77.52.107 - - [18/Apr/2025:10:15:33 +0200] "GET /Jurek/eurofirany/images/5642/0.jpg HTTP/2.0" 200 145716 "-" "baselinker"
51.77.52.107 - - [18/Apr/2025:10:15:39 +0200] "GET /Jurek/eurofirany/images/5642/0.jpg HTTP/2.0" 200 145716 "-" "baselinker"
51.77.52.107 - - [18/Apr/2025:10:15:42 +0200] "GET /Jurek/eurofirany/images/5642/0.jpg HTTP/2.0" 200 145716 "-" "baselinker"
51.77.52.107 - - [18/Apr/2025:10:15:49 +0200] "GET /Jurek/eurofirany/images/45096/0.jpg HTTP/2.0" 200 77542 "-" "baselinker"
51.77.52.107 - - [18/Apr/2025:10:16:04 +0200] "GET /Jurek/eurofirany/images/45096/0.jpg HTTP/2.0" 200 77542 "-" "baselinker"
89.161.206.59 - - [18/Apr/2025:10:16:04 +0200] "GET /Jurek/bass/feeds/bass_amazones.xml HTTP/1.0" 200 3972162 "-" "-"
89.161.206.59 - - [18/Apr/2025:10:16:04 +0200] "GET /Jurek/bass/feeds/bass_amazonse.xml HTTP/1.0" 200 3973796 "-" "-"
89.161.206.59 - - [18/Apr/2025:10:16:12 +0200] "GET /Jurek/kambukka/feeds/kambukka_amazonfr.xml HTTP/1.0" 200 1021245 "-" "-"
89.161.206.59 - - [18/Apr/2025:10:16:12 +0200] "GET /Jurek/kambukka/feeds/kambukka_amazonit.xml HTTP/1.0" 200 1021237 "-" "-"
89.161.206.59 - - [18/Apr/2025:10:16:13 +0200] "GET /Jurek/kambukka/feeds/kambukka_amazones.xml HTTP/1.0" 200 1021410 "-" "-"
89.161.206.59 - - [18/Apr/2025:10:16:13 +0200] "GET /Jurek/kambukka/feeds/kambukka_amazonnl.xml HTTP/1.0" 200 1021411 "-" "-"
