46.101.116.244 - - [18/Apr/2025:07:57:42 +0200] "GET /Jurek/emibig/feeds/emibig_mallhugs.xml HTTP/2.0" 200 2530900 "-" "-"
46.101.116.244 - - [18/Apr/2025:07:57:53 +0200] "GET /Jurek/hurtownia_przemyslowa/feeds/hp_mallhugs.xml HTTP/2.0" 200 49398951 "-" "-"
46.101.116.244 - - [18/Apr/2025:07:58:56 +0200] "GET /Jurek/kinghoff/feeds/kinghoff_mallhu.xml HTTP/2.0" 200 15456218 "-" "-"
46.101.116.244 - - [18/Apr/2025:07:59:09 +0200] "GET /Jurek/fernity/feeds/fernity_mallhu.xml HTTP/2.0" 200 4824928 "-" "-"
46.101.116.244 - - [18/Apr/2025:07:59:22 +0200] "GET /Jurek/beliani/feeds/beliani_hu.xml HTTP/2.0" 200 43513353 "-" "-"
46.101.116.244 - - [18/Apr/2025:07:59:48 +0200] "GET /Jurek/detian/feeds/detian_mallhu.xml HTTP/2.0" 404 3551 "-" "-"
46.101.116.244 - - [18/Apr/2025:07:59:58 +0200] "GET /Jurek/flhf/feeds/flhf_mallsi.xml HTTP/2.0" 404 3551 "-" "-"
164.92.232.189 - - [18/Apr/2025:08:00:02 +0200] "GET /subskrypcje/AMD/feeds/amd_cz.xml HTTP/1.1" 200 518486 "-" "-"
164.92.232.189 - - [18/Apr/2025:08:00:12 +0200] "GET /subskrypcje/AMD/feeds/amd_sk.xml HTTP/1.1" 200 528562 "-" "-"
164.92.232.189 - - [18/Apr/2025:08:00:12 +0200] "GET /subskrypcje/OverHorse/overhorse_mallcz.xml HTTP/1.1" 200 112935 "-" "-"
164.92.232.189 - - [18/Apr/2025:08:00:23 +0200] "GET /subskrypcje/mondex/feeds/mondex_mall_cz.xml HTTP/1.1" 200 2203515 "-" "-"
52.18.22.0 - - [18/Apr/2025:08:00:38 +0200] "GET /marketplaces/ubaldi/results/ubaldi.csv HTTP/1.1" 200 3434529 "-" "Mirakl HttpClient"
89.161.206.59 - - [18/Apr/2025:08:00:53 +0200] "GET /Jurek/hanex/feeds/hanex_amazonde.xml HTTP/1.0" 200 13931583 "-" "-"
89.161.206.59 - - [18/Apr/2025:08:00:54 +0200] "GET /Jurek/playcob/feeds/playcob_amazonde.xml HTTP/1.0" 200 6980158 "-" "-"
89.161.206.59 - - [18/Apr/2025:08:00:54 +0200] "GET /Jurek/kinghoff/feeds/kinghoff_amazonfr.xml HTTP/1.0" 200 15449798 "-" "-"
89.161.206.59 - - [18/Apr/2025:08:00:54 +0200] "GET /Jurek/artdog/feeds/artdog_amazonfr.xml HTTP/1.0" 200 17158028 "-" "-"
89.161.206.59 - - [18/Apr/2025:08:00:55 +0200] "GET /Jurek/artdog/feeds/artdog_amazones.xml HTTP/1.0" 200 17158505 "-" "-"
89.161.206.59 - - [18/Apr/2025:08:00:56 +0200] "GET /Jurek/kinghoff/feeds/kinghoff_amazones.xml HTTP/1.0" 200 15449796 "-" "-"
35.204.39.32 - - [18/Apr/2025:08:01:15 +0200] "GET /marketplaces/vente/results/vente_nl.csv HTTP/1.1" 200 2173777 "-" "Mirakl HttpClient"
35.204.39.32 - - [18/Apr/2025:08:01:16 +0200] "GET /marketplaces/vente/results/vente_fr.csv HTTP/1.1" 200 2394667 "-" "Mirakl HttpClient"
35.204.39.32 - - [18/Apr/2025:08:01:16 +0200] "GET /marketplaces/vente/results/vente_be.csv HTTP/1.1" 200 2173763 "-" "Mirakl HttpClient"
35.204.39.32 - - [18/Apr/2025:08:01:17 +0200] "GET /marketplaces/vente/results/vente_it.csv HTTP/1.1" 200 2203363 "-" "Mirakl HttpClient"
35.204.39.32 - - [18/Apr/2025:08:01:18 +0200] "GET /marketplaces/vente/results/vente_es.csv HTTP/1.1" 200 2173123 "-" "Mirakl HttpClient"
35.204.39.32 - - [18/Apr/2025:08:01:18 +0200] "GET /marketplaces/vente/results/vente_de.csv HTTP/1.1" 200 2173258 "-" "Mirakl HttpClient"
46.101.116.244 - - [18/Apr/2025:08:01:39 +0200] "GET /Jurek/aw/feeds/aw_fnacfr.xml HTTP/1.0" 404 3551 "-" "-"
52.209.168.113 - - [18/Apr/2025:08:02:01 +0200] "GET /marketplaces/rue/results/rue.csv HTTP/1.1" 200 6811053 "-" "Mirakl HttpClient"
88.220.33.218 - - [18/Apr/2025:08:02:09 +0200] "GET /Jurek/vida_morele/feeds/VidaPL_all.xml HTTP/2.0" 200 723344127 "-" "MarketplaceAPI curl/7.64.0 PHP/8"
88.220.33.218 - - [18/Apr/2025:08:02:29 +0200] "GET /Jurek/kinghoff/feeds/kinghoff_morele.xml HTTP/2.0" 200 15450512 "-" "MarketplaceAPI curl/7.64.0 PHP/8"
52.209.168.113 - - [18/Apr/2025:08:03:34 +0200] "GET /marketplaces/carrefour/results/carrefour.csv HTTP/1.1" 200 147221 "-" "Mirakl HttpClient"
88.220.33.218 - - [18/Apr/2025:08:04:08 +0200] "GET /Jurek/vivaldi/feeds/vivaldi_Morele-PL.xml HTTP/2.0" 200 344674 "-" "MarketplaceAPI curl/7.64.0 PHP/8"
88.220.33.218 - - [18/Apr/2025:08:04:13 +0200] "GET /Jurek/eurofirany/feeds/eurofirany_morele.xml HTTP/2.0" 200 19094848 "-" "MarketplaceAPI curl/7.64.0 PHP/8"
46.101.116.244 - - [18/Apr/2025:08:04:15 +0200] "GET /Jurek/eurofirany/feeds/eurofirany_allegro.xml HTTP/1.0" 200 19097309 "-" "-"
89.161.206.59 - - [18/Apr/2025:08:04:17 +0200] "GET /Jurek/omi/feeds/omi_amazonde.xml HTTP/1.0" 200 8105497 "-" "-"
89.161.206.59 - - [18/Apr/2025:08:04:17 +0200] "GET /Jurek/smxdesign/feeds/smxdesign_amazonde.xml HTTP/1.0" 200 1829027 "-" "-"
89.161.206.59 - - [18/Apr/2025:08:04:17 +0200] "GET /Jurek/elavia/feeds/elavia_amazonde.xml HTTP/1.0" 200 2497291 "-" "-"
89.161.206.59 - - [18/Apr/2025:08:04:18 +0200] "GET /Jurek/roger/feeds/roger_amazonde.xml HTTP/1.0" 200 1396526 "-" "-"
89.161.206.59 - - [18/Apr/2025:08:04:39 +0200] "GET /Jurek/benetech/feeds/benetech_aliex.xml HTTP/1.0" 200 4165690 "-" "-"
89.161.206.59 - - [18/Apr/2025:08:04:40 +0200] "GET /Jurek/slayo/feeds/slayo_aliex.xml HTTP/1.0" 200 183631 "-" "-"
89.161.206.59 - - [18/Apr/2025:08:04:40 +0200] "GET /Jurek/hdwr/feeds/hdwr_aliex.xml HTTP/1.0" 200 789578 "-" "-"
89.161.206.59 - - [18/Apr/2025:08:04:40 +0200] "GET /Jurek/targethome/feeds/targethome_aliex.xml HTTP/1.0" 200 688690 "-" "-"
89.161.206.59 - - [18/Apr/2025:08:04:41 +0200] "GET /Jurek/amzteam/feeds/amzteam_aliex.xml HTTP/1.0" 200 97912 "-" "-"
89.161.206.59 - - [18/Apr/2025:08:04:41 +0200] "GET /Jurek/ralmetal/feeds/ralmetal_aliex.xml HTTP/1.0" 200 1809285 "-" "-"
89.161.206.59 - - [18/Apr/2025:08:04:41 +0200] "GET /Jurek/cbdgreen/feeds/cbdgreen_aliex.xml HTTP/1.0" 200 50549 "-" "-"
89.161.206.59 - - [18/Apr/2025:08:04:41 +0200] "GET /Jurek/drops/feeds/dropsofficecolection_aliex.xml HTTP/1.0" 200 791050 "-" "-"
89.161.206.59 - - [18/Apr/2025:08:04:42 +0200] "GET /Jurek/szpaklampy/feeds/szpaklampy_aliex.xml HTTP/1.0" 200 388368 "-" "-"
89.161.206.59 - - [18/Apr/2025:08:04:42 +0200] "GET /Jurek/velinda/feeds/velinda_aliex.xml HTTP/1.0" 200 23438 "-" "-"
89.161.206.59 - - [18/Apr/2025:08:04:42 +0200] "GET /Jurek/spali/feeds/spali_aliex.xml HTTP/1.0" 200 77073 "-" "-"
89.161.206.59 - - [18/Apr/2025:08:04:42 +0200] "GET /Jurek/topeshop/feeds/topeshop_aliexpress.xml HTTP/1.0" 200 2682368 "-" "-"
89.161.206.59 - - [18/Apr/2025:08:04:43 +0200] "GET /Jurek/beltimore/feeds/beltimore_aliexpress.xml HTTP/1.0" 200 18654473 "-" "-"
89.161.206.59 - - [18/Apr/2025:08:04:44 +0200] "GET /Jurek/broers/feeds/broers_aliex.xml HTTP/1.0" 200 1983003 "-" "-"
89.161.206.59 - - [18/Apr/2025:08:04:45 +0200] "GET /Jurek/omi/feeds/omi_aliex.xml HTTP/1.0" 200 8106469 "-" "-"
89.161.206.59 - - [18/Apr/2025:08:04:46 +0200] "GET /Jurek/rosfix/feeds/rosfix_aliexpress.xml HTTP/1.0" 200 35771211 "-" "-"
88.220.33.218 - - [18/Apr/2025:08:04:47 +0200] "GET /Jurek/vida_morele/feeds/VidaPL_morele.xml HTTP/2.0" 200 43499520 "-" "MarketplaceAPI curl/7.64.0 PHP/8"
89.161.206.59 - - [18/Apr/2025:08:04:48 +0200] "GET /Jurek/kamar/feeds/kamar_aliex.xml HTTP/1.0" 200 25554895 "-" "-"
89.161.206.59 - - [18/Apr/2025:08:04:50 +0200] "GET /Jurek/carbonyway/feeds/carbonyway_aliex.xml HTTP/1.0" 200 3076328 "-" "-"
89.161.206.59 - - [18/Apr/2025:08:04:50 +0200] "GET /Jurek/mojeledy/feeds/mojeledy_aliex.xml HTTP/1.0" 200 1018610 "-" "-"
89.161.206.59 - - [18/Apr/2025:08:04:50 +0200] "GET /Jurek/fertes/feeds/fertes_aliex.xml HTTP/1.0" 200 2362300 "-" "-"
89.161.206.59 - - [18/Apr/2025:08:04:50 +0200] "GET /Jurek/mechdecor/feeds/mechdecor_aliex.xml HTTP/1.0" 200 596311 "-" "-"
89.161.206.59 - - [18/Apr/2025:08:04:50 +0200] "GET /Jurek/avenido/feeds/avenido_aliex.xml HTTP/1.0" 200 720126 "-" "-"
89.161.206.59 - - [18/Apr/2025:08:04:51 +0200] "GET /Jurek/missionair/feeds/missionair_aliex.xml HTTP/1.0" 200 3155074 "-" "-"
89.161.206.59 - - [18/Apr/2025:08:04:51 +0200] "GET /Jurek/apresto/feeds/apresto_aliex.xml HTTP/1.0" 200 1327795 "-" "-"
89.161.206.59 - - [18/Apr/2025:08:04:52 +0200] "GET /Jurek/jakdroz/feeds/jakdroz_aliex.xml HTTP/1.0" 200 4090223 "-" "-"
89.161.206.59 - - [18/Apr/2025:08:04:52 +0200] "GET /Jurek/kalama/feeds/kalama_aliex.xml HTTP/1.0" 200 2662122 "-" "-"
89.161.206.59 - - [18/Apr/2025:08:04:53 +0200] "GET /Jurek/lampart/feeds/lampart_aliex.xml HTTP/1.0" 200 936194 "-" "-"
89.161.206.59 - - [18/Apr/2025:08:04:53 +0200] "GET /Jurek/takapara/feeds/takapara_aliex.xml HTTP/1.0" 200 1342690 "-" "-"
89.161.206.59 - - [18/Apr/2025:08:04:53 +0200] "GET /Jurek/cenoman/feeds/cenoman_aliex.xml HTTP/1.0" 200 5993742 "-" "-"
89.161.206.59 - - [18/Apr/2025:08:04:54 +0200] "GET /Jurek/regis/feeds/regis_aliex.xml HTTP/1.0" 200 82739 "-" "-"
89.161.206.59 - - [18/Apr/2025:08:04:54 +0200] "GET /Jurek/zami/feeds/zami_aliex.xml HTTP/1.0" 200 4474651 "-" "-"
88.220.33.218 - - [18/Apr/2025:08:05:12 +0200] "GET /Jurek/aw/feeds/awnarzedzia_morele.xml HTTP/2.0" 200 90512181 "-" "MarketplaceAPI curl/7.64.0 PHP/8"
88.220.33.218 - - [18/Apr/2025:08:05:36 +0200] "GET /Jurek/beliani/feeds/beliani_morele.xml HTTP/2.0" 200 31096021 "-" "MarketplaceAPI curl/7.64.0 PHP/8"
46.101.116.244 - - [18/Apr/2025:08:06:18 +0200] "GET /Jurek/aw/feeds/aw_fnacfr.xml HTTP/1.0" 404 3551 "-" "-"
185.6.76.18 - - [18/Apr/2025:08:08:56 +0200] "GET /marketplaces/skroutz/feeds/shumee.xml HTTP/1.1" 200 417642060 "-" "SkroutzBot v1.0"
89.161.206.59 - - [18/Apr/2025:08:10:56 +0200] "GET /Jurek/hurtownia_przemyslowa/feeds/hp_ebayde.xml HTTP/1.0" 200 35621076 "-" "-"
46.101.116.244 - - [18/Apr/2025:08:11:35 +0200] "GET /Jurek/aw/feeds/aw_fnacfr.xml HTTP/1.0" 404 3551 "-" "-"
89.161.206.59 - - [18/Apr/2025:08:13:06 +0200] "GET /Jurek/zbimatyja/feeds/zbimatyja_skroutz.xml HTTP/1.0" 200 11670109 "-" "-"
89.161.206.59 - - [18/Apr/2025:08:13:07 +0200] "GET /Jurek/equalo/feeds/equalo_skroutz.xml HTTP/1.0" 200 98004 "-" "-"
89.161.206.59 - - [18/Apr/2025:08:13:07 +0200] "GET /Jurek/regis/feeds/regis_skroutz.xml HTTP/1.0" 200 82734 "-" "-"
89.161.206.59 - - [18/Apr/2025:08:14:13 +0200] "GET /Jurek/waks/feeds/waks_skroutz.xml HTTP/1.0" 200 1596552 "-" "-"
89.161.206.59 - - [18/Apr/2025:08:14:28 +0200] "GET /Jurek/eroplace/feeds/eroplace_skroutz.xml HTTP/1.0" 200 51201336 "-" "-"
5.134.208.158 - - [18/Apr/2025:08:15:17 +0200] "GET /Jurek/eurofirany/images/426272/0.jpg HTTP/1.1" 206 256 "https://www.ceneo.pl" "Mozilla/5.0 (Windows NT 10.0; Win64; x64) AppleWebKit/537.36 (KHTML, like Gecko) Chrome/87.0.4280.141 Safari/537.36"
5.134.208.158 - - [18/Apr/2025:08:15:17 +0200] "GET /Jurek/eurofirany/images/426272/0.jpg HTTP/1.1" 206 256 "https://www.ceneo.pl" "-"
5.134.208.158 - - [18/Apr/2025:08:15:17 +0200] "GET /Jurek/eurofirany/images/426272/0.jpg HTTP/1.1" 200 6625 "-" "-"
89.161.206.59 - - [18/Apr/2025:08:16:05 +0200] "GET /Jurek/fertone/feeds/fertone_skroutz.xml HTTP/1.0" 200 571896 "-" "-"
46.101.116.244 - - [18/Apr/2025:08:16:07 +0200] "GET /Jurek/aw/feeds/aw_fnacfr.xml HTTP/1.0" 404 3551 "-" "-"
46.101.116.244 - - [18/Apr/2025:08:16:11 +0200] "GET /Jurek/intsell/feeds/intsell_skroutz.xml HTTP/1.0" 200 269821694 "-" "-"
89.161.206.59 - - [18/Apr/2025:08:16:34 +0200] "GET /Jurek/luxma/feeds/luxma_skroutz.xml HTTP/1.0" 200 4419656 "-" "-"
89.161.206.59 - - [18/Apr/2025:08:16:34 +0200] "GET /Jurek/zepnij/feeds/zepnij_skroutz.xml HTTP/1.0" 200 19522544 "-" "-"
89.161.206.59 - - [18/Apr/2025:08:16:35 +0200] "GET /Jurek/emaja24/feeds/emaja24_skroutz.xml HTTP/1.0" 200 5102073 "-" "-"
89.161.206.59 - - [18/Apr/2025:08:16:38 +0200] "GET /Jurek/madrex/feeds/madrex_skroutz.xml HTTP/1.0" 200 466712 "-" "-"
51.77.52.107 - - [18/Apr/2025:08:20:03 +0200] "GET /Jurek/eurofirany/images/371453/0.jpg HTTP/2.0" 200 16503 "-" "baselinker"
51.77.52.107 - - [18/Apr/2025:08:20:16 +0200] "GET /Jurek/eurofirany/images/371453/0.jpg HTTP/2.0" 200 16503 "-" "baselinker"
51.77.52.107 - - [18/Apr/2025:08:20:22 +0200] "GET /Jurek/eurofirany/images/371453/0.jpg HTTP/2.0" 200 16503 "-" "baselinker"
51.77.52.107 - - [18/Apr/2025:08:20:26 +0200] "GET /Jurek/eurofirany/images/371450/0.jpg HTTP/2.0" 200 16502 "-" "baselinker"
51.77.52.107 - - [18/Apr/2025:08:20:37 +0200] "GET /Jurek/eurofirany/images/371450/0.jpg HTTP/2.0" 200 16502 "-" "baselinker"
51.77.52.107 - - [18/Apr/2025:08:20:47 +0200] "GET /Jurek/eurofirany/images/371450/0.jpg HTTP/2.0" 200 16502 "-" "baselinker"
51.77.52.107 - - [18/Apr/2025:08:21:01 +0200] "GET /Jurek/eurofirany/images/371451/0.jpg HTTP/2.0" 200 87119 "-" "baselinker"
51.77.52.107 - - [18/Apr/2025:08:21:12 +0200] "GET /Jurek/eurofirany/images/371451/0.jpg HTTP/2.0" 200 87119 "-" "baselinker"
51.77.52.107 - - [18/Apr/2025:08:21:18 +0200] "GET /Jurek/eurofirany/images/371451/0.jpg HTTP/2.0" 200 87119 "-" "baselinker"
51.77.52.107 - - [18/Apr/2025:08:21:21 +0200] "GET /Jurek/eurofirany/images/371452/0.jpg HTTP/2.0" 200 16502 "-" "baselinker"
51.77.52.107 - - [18/Apr/2025:08:21:34 +0200] "GET /Jurek/eurofirany/images/371452/0.jpg HTTP/2.0" 200 16502 "-" "baselinker"
51.77.52.107 - - [18/Apr/2025:08:21:46 +0200] "GET /Jurek/eurofirany/images/371452/0.jpg HTTP/2.0" 200 16502 "-" "baselinker"
46.101.116.244 - - [18/Apr/2025:08:21:48 +0200] "GET /Jurek/aw/feeds/aw_fnacfr.xml HTTP/1.0" 404 3551 "-" "-"
89.161.206.59 - - [18/Apr/2025:08:22:00 +0200] "GET /Jurek/aiofactory/feeds/aiofactory_ebayde.xml HTTP/1.0" 200 2123751 "-" "-"
51.77.52.107 - - [18/Apr/2025:08:22:12 +0200] "GET /Jurek/eurofirany/images/371454/0.jpg HTTP/2.0" 200 16503 "-" "baselinker"
51.77.52.107 - - [18/Apr/2025:08:22:28 +0200] "GET /Jurek/eurofirany/images/371454/0.jpg HTTP/2.0" 200 16503 "-" "baselinker"
51.77.52.107 - - [18/Apr/2025:08:22:32 +0200] "GET /Jurek/eurofirany/images/371454/0.jpg HTTP/2.0" 200 16503 "-" "baselinker"
51.77.52.107 - - [18/Apr/2025:08:22:37 +0200] "GET /Jurek/eurofirany/images/371455/0.jpg HTTP/2.0" 200 16503 "-" "baselinker"
51.77.52.107 - - [18/Apr/2025:08:22:51 +0200] "GET /Jurek/eurofirany/images/371455/0.jpg HTTP/2.0" 200 16503 "-" "baselinker"
51.77.52.107 - - [18/Apr/2025:08:23:03 +0200] "GET /Jurek/eurofirany/images/371455/0.jpg HTTP/2.0" 200 16503 "-" "baselinker"
51.77.52.107 - - [18/Apr/2025:08:23:08 +0200] "GET /Jurek/eurofirany/images/453040/0.jpg HTTP/2.0" 200 96705 "-" "baselinker"
51.77.52.107 - - [18/Apr/2025:08:23:22 +0200] "GET /Jurek/eurofirany/images/453040/0.jpg HTTP/2.0" 200 96705 "-" "baselinker"
185.6.76.167 - - [18/Apr/2025:08:23:23 +0200] "GET /Jurek/eurofirany/images/372067/0.jpg HTTP/1.1" 200 131312 "-" "Skroutz ImageBot v1"
185.6.76.167 - - [18/Apr/2025:08:23:23 +0200] "GET /Jurek/eurofirany/images/462054/0.jpg HTTP/1.1" 200 214418 "-" "Skroutz ImageBot v1"
185.6.76.167 - - [18/Apr/2025:08:23:23 +0200] "GET /Jurek/eurofirany/images/462056/0.jpg HTTP/1.1" 200 214418 "-" "Skroutz ImageBot v1"
185.6.76.167 - - [18/Apr/2025:08:23:24 +0200] "GET /Jurek/eurofirany/images/462045/0.jpg HTTP/1.1" 200 243068 "-" "Skroutz ImageBot v1"
185.6.76.167 - - [18/Apr/2025:08:23:25 +0200] "GET /Jurek/eurofirany/images/347644/0.jpg HTTP/1.1" 200 302095 "-" "Skroutz ImageBot v1"
185.6.76.167 - - [18/Apr/2025:08:23:25 +0200] "GET /Jurek/eurofirany/images/462055/0.jpg HTTP/1.1" 200 214418 "-" "Skroutz ImageBot v1"
185.6.76.167 - - [18/Apr/2025:08:23:26 +0200] "GET /Jurek/eurofirany/images/462043/0.jpg HTTP/1.1" 200 243068 "-" "Skroutz ImageBot v1"
185.6.76.167 - - [18/Apr/2025:08:23:26 +0200] "GET /Jurek/eurofirany/images/462039/0.jpg HTTP/1.1" 200 243068 "-" "Skroutz ImageBot v1"
51.77.52.107 - - [18/Apr/2025:08:23:36 +0200] "GET /Jurek/eurofirany/images/453040/0.jpg HTTP/2.0" 200 96705 "-" "baselinker"
51.77.52.107 - - [18/Apr/2025:08:23:41 +0200] "GET /Jurek/eurofirany/images/453037/0.jpg HTTP/2.0" 200 80386 "-" "baselinker"
51.77.52.107 - - [18/Apr/2025:08:23:54 +0200] "GET /Jurek/eurofirany/images/453037/0.jpg HTTP/2.0" 200 80386 "-" "baselinker"
51.77.52.107 - - [18/Apr/2025:08:24:05 +0200] "GET /Jurek/eurofirany/images/453037/0.jpg HTTP/2.0" 200 80386 "-" "baselinker"
51.77.52.107 - - [18/Apr/2025:08:24:18 +0200] "GET /Jurek/eurofirany/images/453041/0.jpg HTTP/2.0" 200 96705 "-" "baselinker"
51.77.52.107 - - [18/Apr/2025:08:24:31 +0200] "GET /Jurek/eurofirany/images/453041/0.jpg HTTP/2.0" 200 96705 "-" "baselinker"
51.77.52.107 - - [18/Apr/2025:08:24:35 +0200] "GET /Jurek/eurofirany/images/453041/0.jpg HTTP/2.0" 200 96705 "-" "baselinker"
51.77.52.107 - - [18/Apr/2025:08:24:41 +0200] "GET /Jurek/eurofirany/images/458232/0.jpg HTTP/2.0" 200 91508 "-" "baselinker"
46.101.116.244 - - [18/Apr/2025:08:24:46 +0200] "GET /Jurek/eurofirany/feeds/eurofirany_erli.xml HTTP/1.0" 200 19097079 "-" "-"
51.77.52.107 - - [18/Apr/2025:08:24:51 +0200] "GET /Jurek/eurofirany/images/458232/0.jpg HTTP/2.0" 200 91508 "-" "baselinker"
51.77.52.107 - - [18/Apr/2025:08:25:03 +0200] "GET /Jurek/eurofirany/images/458232/0.jpg HTTP/2.0" 200 91508 "-" "baselinker"
51.77.52.107 - - [18/Apr/2025:08:25:07 +0200] "GET /Jurek/eurofirany/images/458229/0.jpg HTTP/2.0" 200 93116 "-" "baselinker"
51.77.52.107 - - [18/Apr/2025:08:25:13 +0200] "GET /Jurek/eurofirany/images/458229/0.jpg HTTP/2.0" 200 93116 "-" "baselinker"
51.77.52.107 - - [18/Apr/2025:08:25:31 +0200] "GET /Jurek/eurofirany/images/458229/0.jpg HTTP/2.0" 200 93116 "-" "baselinker"
51.77.52.107 - - [18/Apr/2025:08:25:45 +0200] "GET /Jurek/eurofirany/images/458231/0.jpg HTTP/2.0" 200 91508 "-" "baselinker"
51.77.52.107 - - [18/Apr/2025:08:25:52 +0200] "GET /Jurek/eurofirany/images/458231/0.jpg HTTP/2.0" 200 91508 "-" "baselinker"
89.161.206.59 - - [18/Apr/2025:08:25:53 +0200] "GET /Jurek/tsjerzy/feeds/tsjerzy_amazonde.xml HTTP/1.0" 200 3897758 "-" "-"
89.161.206.59 - - [18/Apr/2025:08:25:54 +0200] "GET /Jurek/princelh/feeds/princelh_amazonde.xml HTTP/1.0" 200 133431 "-" "-"
89.161.206.59 - - [18/Apr/2025:08:25:54 +0200] "GET /Jurek/zbimatyja/feeds/zbimatyja_amazonde.xml HTTP/1.0" 200 11670127 "-" "-"
89.161.206.59 - - [18/Apr/2025:08:25:55 +0200] "GET /Jurek/beltimore/feeds/beltimore_amazonde.xml HTTP/1.0" 200 18651738 "-" "-"
51.77.52.107 - - [18/Apr/2025:08:25:57 +0200] "GET /Jurek/eurofirany/images/458231/0.jpg HTTP/2.0" 200 91508 "-" "baselinker"
193.33.8.61 - - [18/Apr/2025:08:26:02 +0200] "GET /Jurek/hanex/feeds/hanex_zero.xml HTTP/2.0" 200 13931653 "https://konsola.dkkapusta1997.usermd.net/" "Mozilla/5.0 (Windows NT 10.0; Win64; x64) AppleWebKit/537.36 (KHTML, like Gecko) Chrome/135.0.0.0 Safari/537.36"
51.77.52.107 - - [18/Apr/2025:08:26:03 +0200] "GET /Jurek/eurofirany/images/458230/0.jpg HTTP/2.0" 200 93116 "-" "baselinker"
77.79.248.229 - - [18/Apr/2025:08:26:08 +0200] "GET /Jurek/hanex/feeds/hanex_zero.xml HTTP/1.1" 200 13931653 "-" "Python-urllib/3.11"
51.77.52.107 - - [18/Apr/2025:08:26:20 +0200] "GET /Jurek/eurofirany/images/458230/0.jpg HTTP/2.0" 200 93116 "-" "baselinker"
51.77.52.107 - - [18/Apr/2025:08:26:25 +0200] "GET /Jurek/eurofirany/images/458230/0.jpg HTTP/2.0" 200 93116 "-" "baselinker"
51.77.52.107 - - [18/Apr/2025:08:26:59 +0200] "GET /Jurek/eurofirany/images/468100/0.jpg HTTP/2.0" 200 144316 "-" "baselinker"
193.33.8.61 - - [18/Apr/2025:08:27:08 +0200] "GET /Jurek/nexus/feeds/nexus_zero.xml HTTP/2.0" 200 226643 "https://konsola.dkkapusta1997.usermd.net/" "Mozilla/5.0 (Windows NT 10.0; Win64; x64) AppleWebKit/537.36 (KHTML, like Gecko) Chrome/135.0.0.0 Safari/537.36"
51.77.52.107 - - [18/Apr/2025:08:27:12 +0200] "GET /Jurek/eurofirany/images/468100/0.jpg HTTP/2.0" 200 144316 "-" "baselinker"
77.79.248.229 - - [18/Apr/2025:08:27:14 +0200] "GET /Jurek/nexus/feeds/nexus_zero.xml HTTP/1.1" 200 226643 "-" "Python-urllib/3.11"
51.77.52.107 - - [18/Apr/2025:08:27:28 +0200] "GET /Jurek/eurofirany/images/468100/0.jpg HTTP/2.0" 200 144316 "-" "baselinker"
193.33.8.61 - - [18/Apr/2025:08:28:11 +0200] "GET /Jurek/alucon/feeds/alucon_zero.xml HTTP/2.0" 200 553569 "https://konsola.dkkapusta1997.usermd.net/" "Mozilla/5.0 (Windows NT 10.0; Win64; x64) AppleWebKit/537.36 (KHTML, like Gecko) Chrome/135.0.0.0 Safari/537.36"
77.79.248.229 - - [18/Apr/2025:08:28:18 +0200] "GET /Jurek/alucon/feeds/alucon_zero.xml HTTP/1.1" 200 553569 "-" "Python-urllib/3.11"
193.33.8.61 - - [18/Apr/2025:08:29:09 +0200] "GET /Jurek/matkam/feeds/matkam_zero.xml HTTP/2.0" 200 4999476 "https://konsola.dkkapusta1997.usermd.net/" "Mozilla/5.0 (Windows NT 10.0; Win64; x64) AppleWebKit/537.36 (KHTML, like Gecko) Chrome/135.0.0.0 Safari/537.36"
51.77.52.107 - - [18/Apr/2025:08:29:10 +0200] "GET /Jurek/eurofirany/images/461560/0.jpg HTTP/2.0" 200 65459 "-" "baselinker"
77.79.248.229 - - [18/Apr/2025:08:29:20 +0200] "GET /Jurek/matkam/feeds/matkam_zero.xml HTTP/1.1" 200 4999476 "-" "Python-urllib/3.11"
51.77.52.107 - - [18/Apr/2025:08:29:25 +0200] "GET /Jurek/eurofirany/images/461560/0.jpg HTTP/2.0" 200 65459 "-" "baselinker"
51.77.52.107 - - [18/Apr/2025:08:29:36 +0200] "GET /Jurek/eurofirany/images/461560/0.jpg HTTP/2.0" 200 65459 "-" "baselinker"
51.77.52.107 - - [18/Apr/2025:08:29:49 +0200] "GET /Jurek/eurofirany/images/461561/0.jpg HTTP/2.0" 200 65459 "-" "baselinker"
51.77.52.107 - - [18/Apr/2025:08:30:02 +0200] "GET /Jurek/eurofirany/images/461561/0.jpg HTTP/2.0" 200 65459 "-" "baselinker"
51.77.52.107 - - [18/Apr/2025:08:30:07 +0200] "GET /Jurek/eurofirany/images/461561/0.jpg HTTP/2.0" 200 65459 "-" "baselinker"
51.77.52.107 - - [18/Apr/2025:08:30:23 +0200] "GET /Jurek/eurofirany/images/461563/0.jpg HTTP/2.0" 200 77328 "-" "baselinker"
51.77.52.107 - - [18/Apr/2025:08:30:35 +0200] "GET /Jurek/eurofirany/images/461563/0.jpg HTTP/2.0" 200 77328 "-" "baselinker"
51.77.52.107 - - [18/Apr/2025:08:30:46 +0200] "GET /Jurek/eurofirany/images/461563/0.jpg HTTP/2.0" 200 77328 "-" "baselinker"
51.77.52.107 - - [18/Apr/2025:08:30:59 +0200] "GET /Jurek/eurofirany/images/461564/0.jpg HTTP/2.0" 200 77328 "-" "baselinker"
51.77.52.107 - - [18/Apr/2025:08:31:11 +0200] "GET /Jurek/eurofirany/images/461564/0.jpg HTTP/2.0" 200 77328 "-" "baselinker"
51.77.52.107 - - [18/Apr/2025:08:31:23 +0200] "GET /Jurek/eurofirany/images/461564/0.jpg HTTP/2.0" 200 77328 "-" "baselinker"
46.101.116.244 - - [18/Apr/2025:08:31:31 +0200] "GET /Jurek/aw/feeds/aw_fnacfr.xml HTTP/1.0" 404 3551 "-" "-"
51.77.52.107 - - [18/Apr/2025:08:31:36 +0200] "GET /Jurek/eurofirany/images/461565/0.jpg HTTP/2.0" 200 82115 "-" "baselinker"
51.77.52.107 - - [18/Apr/2025:08:31:50 +0200] "GET /Jurek/eurofirany/images/461565/0.jpg HTTP/2.0" 200 82115 "-" "baselinker"
51.77.52.107 - - [18/Apr/2025:08:31:54 +0200] "GET /Jurek/eurofirany/images/461565/0.jpg HTTP/2.0" 200 82115 "-" "baselinker"
51.77.52.107 - - [18/Apr/2025:08:32:07 +0200] "GET /Jurek/eurofirany/images/461567/0.jpg HTTP/2.0" 200 81068 "-" "baselinker"
51.77.52.107 - - [18/Apr/2025:08:32:24 +0200] "GET /Jurek/eurofirany/images/461567/0.jpg HTTP/2.0" 200 81068 "-" "baselinker"
89.161.206.59 - - [18/Apr/2025:08:32:29 +0200] "GET /Jurek/sportprise/feeds/sportprise_emagro.xml HTTP/1.0" 200 12727727 "-" "-"
89.161.206.59 - - [18/Apr/2025:08:32:30 +0200] "GET /Jurek/elavia/feeds/elavia_emagro.xml HTTP/1.0" 200 2497435 "-" "-"
89.161.206.59 - - [18/Apr/2025:08:32:30 +0200] "GET /Jurek/cdata/feeds/cdata_emagro.xml HTTP/1.0" 200 1445582 "-" "-"
89.161.206.59 - - [18/Apr/2025:08:32:31 +0200] "GET /Jurek/zbimatyja/feeds/zbimatyja_emagro.xml HTTP/1.0" 200 11671867 "-" "-"
89.161.206.59 - - [18/Apr/2025:08:32:32 +0200] "GET /Jurek/rosfix/feeds/rosfix_emagro.xml HTTP/1.0" 200 35771151 "-" "-"
89.161.206.59 - - [18/Apr/2025:08:32:33 +0200] "GET /Jurek/broers/feeds/broers_emagro.xml HTTP/1.0" 200 1983039 "-" "-"
89.161.206.59 - - [18/Apr/2025:08:32:34 +0200] "GET /Jurek/omi/feeds/omi_emagro.xml HTTP/1.0" 200 8106427 "-" "-"
89.161.206.59 - - [18/Apr/2025:08:32:35 +0200] "GET /Jurek/sebmart/feeds/sebmart_emagro.xml HTTP/1.0" 200 1599109 "-" "-"
51.77.52.107 - - [18/Apr/2025:08:32:36 +0200] "GET /Jurek/eurofirany/images/461567/0.jpg HTTP/2.0" 200 81068 "-" "baselinker"
46.101.116.244 - - [18/Apr/2025:08:32:46 +0200] "GET /Jurek/intsell/feeds/intsell_emagro.xml HTTP/1.0" 200 342078912 "-" "-"
51.77.52.107 - - [18/Apr/2025:08:32:51 +0200] "GET /Jurek/eurofirany/images/461569/0.jpg HTTP/2.0" 200 80564 "-" "baselinker"
89.161.206.59 - - [18/Apr/2025:08:33:03 +0200] "GET /Jurek/fertes/feeds/fertes_emagro.xml HTTP/1.0" 200 2362296 "-" "-"
89.161.206.59 - - [18/Apr/2025:08:33:04 +0200] "GET /Jurek/carbonyway/feeds/carbonyway_emagro.xml HTTP/1.0" 200 3076339 "-" "-"
216.113.184.102 - - [18/Apr/2025:08:33:04 +0200] "GET /Jurek/topeshop/downloaded_images/5902838467534_RIVA-SZAFKA-BIEL1.jpg HTTP/1.1" 200 24817 "http://www.ebay.com/" "Mozilla/4.0 (compatible; MSIE 4.01; Windows NT)"
216.113.184.103 - - [18/Apr/2025:08:33:04 +0200] "GET /Jurek/topeshop/downloaded_images/5902838467534_RIVA-SZAFKA-BIEL.jpg HTTP/1.1" 200 89644 "http://www.ebay.com/" "Mozilla/4.0 (compatible; MSIE 4.01; Windows NT)"
216.113.184.103 - - [18/Apr/2025:08:33:04 +0200] "GET /Jurek/topeshop/downloaded_images/5902838467534_Riva_wieszak-opal_biel.jpg HTTP/1.1" 404 3551 "http://www.ebay.com/" "Mozilla/4.0 (compatible; MSIE 4.01; Windows NT)"
216.113.184.102 - - [18/Apr/2025:08:33:04 +0200] "GET /Jurek/topeshop/downloaded_images/5902838467534_RIVA-SZAFKA-BIEL2.png HTTP/1.1" 200 171507 "http://www.ebay.com/" "Mozilla/4.0 (compatible; MSIE 4.01; Windows NT)"
51.77.52.107 - - [18/Apr/2025:08:33:06 +0200] "GET /Jurek/eurofirany/images/461569/0.jpg HTTP/2.0" 200 80564 "-" "baselinker"
89.161.206.59 - - [18/Apr/2025:08:33:07 +0200] "GET /Jurek/proadventure/feeds/proadventure_emag.xml HTTP/1.0" 200 10765318 "-" "-"
89.161.206.59 - - [18/Apr/2025:08:33:09 +0200] "GET /Jurek/rems/feeds/rems_emag.xml HTTP/1.0" 200 8706571 "-" "-"
51.77.52.107 - - [18/Apr/2025:08:33:17 +0200] "GET /Jurek/eurofirany/images/461569/0.jpg HTTP/2.0" 200 80564 "-" "baselinker"
51.77.52.107 - - [18/Apr/2025:08:33:21 +0200] "GET /Jurek/eurofirany/images/461570/0.jpg HTTP/2.0" 200 80564 "-" "baselinker"
66.135.223.44 - - [18/Apr/2025:08:33:25 +0200] "GET /Jurek/eurofirany/images/466910/0.jpg HTTP/1.1" 200 64317 "-" "Java/17.0.13.0.101"
51.77.52.107 - - [18/Apr/2025:08:33:32 +0200] "GET /Jurek/eurofirany/images/461570/0.jpg HTTP/2.0" 200 80564 "-" "baselinker"
51.77.52.107 - - [18/Apr/2025:08:33:35 +0200] "GET /Jurek/eurofirany/images/461570/0.jpg HTTP/2.0" 200 80564 "-" "baselinker"
193.33.8.61 - - [18/Apr/2025:08:33:39 +0200] "GET /Jurek/lendo/feeds/lendo_zero.xml HTTP/2.0" 200 330397 "https://konsola.dkkapusta1997.usermd.net/" "Mozilla/5.0 (Windows NT 10.0; Win64; x64) AppleWebKit/537.36 (KHTML, like Gecko) Chrome/135.0.0.0 Safari/537.36"
77.79.248.229 - - [18/Apr/2025:08:33:46 +0200] "GET /Jurek/lendo/feeds/lendo_zero.xml HTTP/1.1" 200 330397 "-" "Python-urllib/3.11"
51.77.52.107 - - [18/Apr/2025:08:33:50 +0200] "GET /Jurek/eurofirany/images/461571/0.jpg HTTP/2.0" 200 75402 "-" "baselinker"
51.77.52.107 - - [18/Apr/2025:08:34:07 +0200] "GET /Jurek/eurofirany/images/461571/0.jpg HTTP/2.0" 200 75402 "-" "baselinker"
51.77.52.107 - - [18/Apr/2025:08:34:21 +0200] "GET /Jurek/eurofirany/images/461571/0.jpg HTTP/2.0" 200 75402 "-" "baselinker"
51.77.52.107 - - [18/Apr/2025:08:34:32 +0200] "GET /Jurek/eurofirany/images/461572/0.jpg HTTP/2.0" 200 75402 "-" "baselinker"
51.77.52.107 - - [18/Apr/2025:08:34:47 +0200] "GET /Jurek/eurofirany/images/461572/0.jpg HTTP/2.0" 200 75402 "-" "baselinker"
51.77.52.107 - - [18/Apr/2025:08:34:50 +0200] "GET /Jurek/eurofirany/images/461572/0.jpg HTTP/2.0" 200 75402 "-" "baselinker"
51.77.52.107 - - [18/Apr/2025:08:35:00 +0200] "GET /Jurek/eurofirany/images/396100/0.jpg HTTP/2.0" 200 16504 "-" "baselinker"
51.77.52.107 - - [18/Apr/2025:08:35:05 +0200] "GET /Jurek/eurofirany/images/396100/0.jpg HTTP/2.0" 200 16504 "-" "baselinker"
51.77.52.107 - - [18/Apr/2025:08:35:20 +0200] "GET /Jurek/eurofirany/images/396100/0.jpg HTTP/2.0" 200 16504 "-" "baselinker"
51.77.52.107 - - [18/Apr/2025:08:35:24 +0200] "GET /Jurek/eurofirany/images/383056/0.jpg HTTP/2.0" 200 69041 "-" "baselinker"
51.77.52.107 - - [18/Apr/2025:08:35:35 +0200] "GET /Jurek/eurofirany/images/383056/0.jpg HTTP/2.0" 200 69041 "-" "baselinker"
51.77.52.107 - - [18/Apr/2025:08:35:40 +0200] "GET /Jurek/eurofirany/images/383056/0.jpg HTTP/2.0" 200 69041 "-" "baselinker"
193.33.8.61 - - [18/Apr/2025:08:35:53 +0200] "GET /Jurek/elavia/feeds/elavia_zero.xml HTTP/2.0" 200 2497279 "https://konsola.dkkapusta1997.usermd.net/" "Mozilla/5.0 (Windows NT 10.0; Win64; x64) AppleWebKit/537.36 (KHTML, like Gecko) Chrome/135.0.0.0 Safari/537.36"
51.77.52.107 - - [18/Apr/2025:08:35:53 +0200] "GET /Jurek/eurofirany/images/383058/0.jpg HTTP/2.0" 200 69041 "-" "baselinker"
51.77.52.107 - - [18/Apr/2025:08:36:05 +0200] "GET /Jurek/eurofirany/images/383058/0.jpg HTTP/2.0" 200 69041 "-" "baselinker"
77.79.248.229 - - [18/Apr/2025:08:36:16 +0200] "GET /Jurek/elavia/feeds/elavia_zero.xml HTTP/1.1" 200 2497279 "-" "Python-urllib/3.11"
51.77.52.107 - - [18/Apr/2025:08:36:17 +0200] "GET /Jurek/eurofirany/images/383058/0.jpg HTTP/2.0" 200 69041 "-" "baselinker"
52.18.22.0 - - [18/Apr/2025:08:36:26 +0200] "GET /marketplaces/worten2/results/worten.csv HTTP/1.1" 200 147217 "-" "Mirakl HttpClient"
89.161.206.59 - - [18/Apr/2025:08:36:27 +0200] "GET /Jurek/antiodor/feeds/antiodor_emagro.xml HTTP/1.0" 200 137788 "-" "-"
89.161.206.59 - - [18/Apr/2025:08:36:29 +0200] "GET /Jurek/domzapachy/feeds/domzapachy_emagro.xml HTTP/1.0" 200 179806 "-" "-"
51.77.52.107 - - [18/Apr/2025:08:36:31 +0200] "GET /Jurek/eurofirany/images/383068/0.jpg HTTP/2.0" 200 72405 "-" "baselinker"
51.77.52.107 - - [18/Apr/2025:08:36:36 +0200] "GET /Jurek/eurofirany/images/383068/0.jpg HTTP/2.0" 200 72405 "-" "baselinker"
51.77.52.107 - - [18/Apr/2025:08:36:42 +0200] "GET /Jurek/eurofirany/images/383068/0.jpg HTTP/2.0" 200 72405 "-" "baselinker"
51.77.52.107 - - [18/Apr/2025:08:36:47 +0200] "GET /Jurek/eurofirany/images/383106/0.jpg HTTP/2.0" 200 75271 "-" "baselinker"
89.161.206.59 - - [18/Apr/2025:08:36:49 +0200] "GET /Jurek/pastelnitka/feeds/pastelnitka_zero.xml HTTP/1.0" 200 1827914 "-" "-"
89.161.206.59 - - [18/Apr/2025:08:36:55 +0200] "GET /Jurek/photho/feeds/photho_emagro.xml HTTP/1.0" 200 85040 "-" "-"
89.161.206.59 - - [18/Apr/2025:08:36:58 +0200] "GET /Jurek/princelh/feeds/princelh_emagro.xml HTTP/1.0" 200 133455 "-" "-"
51.77.52.107 - - [18/Apr/2025:08:36:58 +0200] "GET /Jurek/eurofirany/images/383106/0.jpg HTTP/2.0" 200 75271 "-" "baselinker"
51.77.52.107 - - [18/Apr/2025:08:37:14 +0200] "GET /Jurek/eurofirany/images/383106/0.jpg HTTP/2.0" 200 75271 "-" "baselinker"
193.33.8.61 - - [18/Apr/2025:08:37:15 +0200] "GET /Jurek/omi/feeds/omi_zero.xml HTTP/2.0" 200 8104715 "https://konsola.dkkapusta1997.usermd.net/" "Mozilla/5.0 (Windows NT 10.0; Win64; x64) AppleWebKit/537.36 (KHTML, like Gecko) Chrome/135.0.0.0 Safari/537.36"
77.79.248.229 - - [18/Apr/2025:08:37:19 +0200] "GET /Jurek/omi/feeds/omi_zero.xml HTTP/1.1" 200 8104715 "-" "Python-urllib/3.11"
51.77.52.107 - - [18/Apr/2025:08:37:33 +0200] "GET /Jurek/eurofirany/images/383108/0.jpg HTTP/2.0" 200 75275 "-" "baselinker"
51.77.52.107 - - [18/Apr/2025:08:37:42 +0200] "GET /Jurek/eurofirany/images/383108/0.jpg HTTP/2.0" 200 75275 "-" "baselinker"
51.77.52.107 - - [18/Apr/2025:08:38:00 +0200] "GET /Jurek/eurofirany/images/383108/0.jpg HTTP/2.0" 200 75275 "-" "baselinker"
51.77.52.107 - - [18/Apr/2025:08:38:05 +0200] "GET /Jurek/eurofirany/images/383272/0.jpg HTTP/2.0" 200 75036 "-" "baselinker"
51.77.52.107 - - [18/Apr/2025:08:38:11 +0200] "GET /Jurek/eurofirany/images/383272/0.jpg HTTP/2.0" 200 75036 "-" "baselinker"
51.77.52.107 - - [18/Apr/2025:08:38:18 +0200] "GET /Jurek/eurofirany/images/383272/0.jpg HTTP/2.0" 200 75036 "-" "baselinker"
51.77.52.107 - - [18/Apr/2025:08:38:24 +0200] "GET /Jurek/eurofirany/images/383319/0.jpg HTTP/2.0" 200 87988 "-" "baselinker"
51.77.52.107 - - [18/Apr/2025:08:38:30 +0200] "GET /Jurek/eurofirany/images/383319/0.jpg HTTP/2.0" 200 87988 "-" "baselinker"
51.77.52.107 - - [18/Apr/2025:08:38:41 +0200] "GET /Jurek/eurofirany/images/383319/0.jpg HTTP/2.0" 200 87988 "-" "baselinker"
51.77.52.107 - - [18/Apr/2025:08:39:01 +0200] "GET /Jurek/eurofirany/images/383320/0.jpg HTTP/2.0" 200 87977 "-" "baselinker"
51.77.52.107 - - [18/Apr/2025:08:39:12 +0200] "GET /Jurek/eurofirany/images/383320/0.jpg HTTP/2.0" 200 87977 "-" "baselinker"
51.77.52.107 - - [18/Apr/2025:08:39:16 +0200] "GET /Jurek/eurofirany/images/383320/0.jpg HTTP/2.0" 200 87977 "-" "baselinker"
51.77.52.107 - - [18/Apr/2025:08:39:22 +0200] "GET /Jurek/eurofirany/images/383321/0.jpg HTTP/2.0" 200 87977 "-" "baselinker"
51.77.52.107 - - [18/Apr/2025:08:39:34 +0200] "GET /Jurek/eurofirany/images/383321/0.jpg HTTP/2.0" 200 87977 "-" "baselinker"
51.77.52.107 - - [18/Apr/2025:08:39:48 +0200] "GET /Jurek/eurofirany/images/383321/0.jpg HTTP/2.0" 200 87977 "-" "baselinker"
91.6.30.159 - - [18/Apr/2025:08:39:54 +0200] "GET /Jurek/topeshop/downloaded_images/5904507207571_profilowemieta.png HTTP/2.0" 200 196608 "-" "Mozilla/5.0 (iPhone; CPU iPhone OS 18_3_2 like Mac OS X) AppleWebKit/605.1.15 (KHTML, like Gecko) Mobile/15E148"
91.6.30.159 - - [18/Apr/2025:08:39:54 +0200] "GET /Jurek/topeshop/downloaded_images/5904507207571_profilowemieta.png HTTP/2.0" 200 369114 "-" "Mozilla/5.0 (iPhone; CPU iPhone OS 18_3_2 like Mac OS X) AppleWebKit/605.1.15 (KHTML, like Gecko) Mobile/15E148"
51.77.52.107 - - [18/Apr/2025:08:39:58 +0200] "GET /Jurek/eurofirany/images/383322/0.jpg HTTP/2.0" 200 87977 "-" "baselinker"
51.77.52.107 - - [18/Apr/2025:08:40:14 +0200] "GET /Jurek/eurofirany/images/383322/0.jpg HTTP/2.0" 200 87977 "-" "baselinker"
89.161.206.59 - - [18/Apr/2025:08:40:18 +0200] "GET /Jurek/eurofirany/feeds/eurofirany_skroutz.xml HTTP/1.0" 200 18801882 "-" "-"
51.77.52.107 - - [18/Apr/2025:08:40:19 +0200] "GET /Jurek/eurofirany/images/383322/0.jpg HTTP/2.0" 200 87977 "-" "baselinker"
51.77.52.107 - - [18/Apr/2025:08:40:32 +0200] "GET /Jurek/eurofirany/images/383324/0.jpg HTTP/2.0" 200 93037 "-" "baselinker"
193.33.8.61 - - [18/Apr/2025:08:40:35 +0200] "GET /Jurek/regis/feeds/regis_zero.xml HTTP/2.0" 200 82718 "https://konsola.dkkapusta1997.usermd.net/" "Mozilla/5.0 (Windows NT 10.0; Win64; x64) AppleWebKit/537.36 (KHTML, like Gecko) Chrome/135.0.0.0 Safari/537.36"
51.77.52.107 - - [18/Apr/2025:08:40:43 +0200] "GET /Jurek/eurofirany/images/383324/0.jpg HTTP/2.0" 200 93037 "-" "baselinker"
51.77.52.107 - - [18/Apr/2025:08:40:49 +0200] "GET /Jurek/eurofirany/images/383324/0.jpg HTTP/2.0" 200 93037 "-" "baselinker"
193.33.8.61 - - [18/Apr/2025:08:40:58 +0200] "GET /Jurek/em3/feeds/em3_zero.xml HTTP/2.0" 200 258917 "https://konsola.dkkapusta1997.usermd.net/" "Mozilla/5.0 (Windows NT 10.0; Win64; x64) AppleWebKit/537.36 (KHTML, like Gecko) Chrome/135.0.0.0 Safari/537.36"
51.77.52.107 - - [18/Apr/2025:08:41:01 +0200] "GET /Jurek/eurofirany/images/383329/0.jpg HTTP/2.0" 200 82464 "-" "baselinker"
46.101.116.244 - - [18/Apr/2025:08:41:11 +0200] "GET /Jurek/aw/feeds/aw_fnacfr.xml HTTP/1.0" 404 3551 "-" "-"
89.161.206.59 - - [18/Apr/2025:08:41:14 +0200] "GET /Jurek/topeshop/feeds/topeshop_cdsc.xml HTTP/1.0" 200 2698743 "-" "-"
51.77.52.107 - - [18/Apr/2025:08:41:14 +0200] "GET /Jurek/eurofirany/images/383329/0.jpg HTTP/2.0" 200 82464 "-" "baselinker"
89.161.206.59 - - [18/Apr/2025:08:41:17 +0200] "GET /Jurek/kinghoff/feeds/kinghoff_cdiscount.xml HTTP/1.0" 200 7412291 "-" "-"
89.161.206.59 - - [18/Apr/2025:08:41:18 +0200] "GET /Jurek/techrebal/feeds/techrebal_cdsc.xml HTTP/1.0" 200 1423354 "-" "-"
89.161.206.59 - - [18/Apr/2025:08:41:18 +0200] "GET /Jurek/zbimatyja/feeds/zbimatyja_cdsc.xml HTTP/1.0" 200 11000843 "-" "-"
89.161.206.59 - - [18/Apr/2025:08:41:19 +0200] "GET /Jurek/broers/feeds/broers_cdsc.xml HTTP/1.0" 200 2303267 "-" "-"
89.161.206.59 - - [18/Apr/2025:08:41:19 +0200] "GET /Jurek/nonabox/feeds/nonabox_cdsc.xml HTTP/1.0" 200 39041 "-" "-"
89.161.206.59 - - [18/Apr/2025:08:41:19 +0200] "GET /Jurek/lampart/feeds/lampart_cdsc.xml HTTP/1.0" 200 1057910 "-" "-"
89.161.206.59 - - [18/Apr/2025:08:41:19 +0200] "GET /Jurek/regis/feeds/regis_cdsc.xml HTTP/1.0" 200 84988 "-" "-"
89.161.206.59 - - [18/Apr/2025:08:41:19 +0200] "GET /Jurek/stiv/feeds/stiv_cdsc.xml HTTP/1.0" 200 1348040 "-" "-"
89.161.206.59 - - [18/Apr/2025:08:41:20 +0200] "GET /Jurek/takapara/feeds/takapara_cdsc.xml HTTP/1.0" 200 1399150 "-" "-"
89.161.206.59 - - [18/Apr/2025:08:41:20 +0200] "GET /Jurek/hanex/feeds/hanex_cdsc.xml HTTP/1.0" 200 7027244 "-" "-"
51.77.52.107 - - [18/Apr/2025:08:41:27 +0200] "GET /Jurek/eurofirany/images/383329/0.jpg HTTP/2.0" 200 82464 "-" "baselinker"
51.77.52.107 - - [18/Apr/2025:08:41:38 +0200] "GET /Jurek/eurofirany/images/383330/0.jpg HTTP/2.0" 200 82449 "-" "baselinker"
51.77.52.107 - - [18/Apr/2025:08:41:50 +0200] "GET /Jurek/eurofirany/images/383330/0.jpg HTTP/2.0" 200 82449 "-" "baselinker"
51.77.52.107 - - [18/Apr/2025:08:41:55 +0200] "GET /Jurek/eurofirany/images/383330/0.jpg HTTP/2.0" 200 82449 "-" "baselinker"
51.77.52.107 - - [18/Apr/2025:08:42:07 +0200] "GET /Jurek/eurofirany/images/383336/0.jpg HTTP/2.0" 200 76845 "-" "baselinker"
51.77.52.107 - - [18/Apr/2025:08:42:19 +0200] "GET /Jurek/eurofirany/images/383336/0.jpg HTTP/2.0" 200 76845 "-" "baselinker"
51.77.52.107 - - [18/Apr/2025:08:42:32 +0200] "GET /Jurek/eurofirany/images/383336/0.jpg HTTP/2.0" 200 76845 "-" "baselinker"
51.77.52.107 - - [18/Apr/2025:08:42:37 +0200] "GET /Jurek/eurofirany/images/383338/0.jpg HTTP/2.0" 200 76845 "-" "baselinker"
51.77.52.107 - - [18/Apr/2025:08:42:48 +0200] "GET /Jurek/eurofirany/images/383338/0.jpg HTTP/2.0" 200 76845 "-" "baselinker"
51.77.52.107 - - [18/Apr/2025:08:42:57 +0200] "GET /Jurek/eurofirany/images/383338/0.jpg HTTP/2.0" 200 76845 "-" "baselinker"
51.77.52.107 - - [18/Apr/2025:08:43:02 +0200] "GET /Jurek/eurofirany/images/383350/0.jpg HTTP/2.0" 200 67932 "-" "baselinker"
51.77.52.107 - - [18/Apr/2025:08:43:13 +0200] "GET /Jurek/eurofirany/images/383350/0.jpg HTTP/2.0" 200 67932 "-" "baselinker"
51.77.52.107 - - [18/Apr/2025:08:43:26 +0200] "GET /Jurek/eurofirany/images/383350/0.jpg HTTP/2.0" 200 67932 "-" "baselinker"
193.33.8.61 - - [18/Apr/2025:08:43:28 +0200] "GET /Jurek/equalo/feeds/equalo_zero.xml HTTP/2.0" 200 98011 "https://konsola.dkkapusta1997.usermd.net/" "Mozilla/5.0 (Windows NT 10.0; Win64; x64) AppleWebKit/537.36 (KHTML, like Gecko) Chrome/135.0.0.0 Safari/537.36"
89.161.206.59 - - [18/Apr/2025:08:43:29 +0200] "GET /Jurek/eurofirany/feeds/eurofirany_manomanofr.xml HTTP/1.0" 200 19093308 "-" "-"
51.77.52.107 - - [18/Apr/2025:08:43:31 +0200] "GET /Jurek/eurofirany/images/383387/0.jpg HTTP/2.0" 200 77096 "-" "baselinker"
89.161.206.59 - - [18/Apr/2025:08:43:32 +0200] "GET /Jurek/roger/feeds/roger_manoFR.xml HTTP/1.0" 200 1147386 "-" "-"
51.77.52.107 - - [18/Apr/2025:08:43:43 +0200] "GET /Jurek/eurofirany/images/383387/0.jpg HTTP/2.0" 200 77096 "-" "baselinker"
46.101.116.244 - - [18/Apr/2025:08:43:53 +0200] "GET /Jurek/vida_morele/feeds/vidaPL_velomarket_category5.xml HTTP/1.0" 200 80044276 "-" "-"
51.77.52.107 - - [18/Apr/2025:08:43:55 +0200] "GET /Jurek/eurofirany/images/383387/0.jpg HTTP/2.0" 200 77096 "-" "baselinker"
51.77.52.107 - - [18/Apr/2025:08:44:09 +0200] "GET /Jurek/eurofirany/images/383389/0.jpg HTTP/2.0" 200 77096 "-" "baselinker"
51.77.52.107 - - [18/Apr/2025:08:44:22 +0200] "GET /Jurek/eurofirany/images/383389/0.jpg HTTP/2.0" 200 77096 "-" "baselinker"
51.77.52.107 - - [18/Apr/2025:08:44:34 +0200] "GET /Jurek/eurofirany/images/383389/0.jpg HTTP/2.0" 200 77096 "-" "baselinker"
51.77.52.107 - - [18/Apr/2025:08:44:49 +0200] "GET /Jurek/eurofirany/images/383463/0.jpg HTTP/2.0" 200 78770 "-" "baselinker"
51.77.52.107 - - [18/Apr/2025:08:45:01 +0200] "GET /Jurek/eurofirany/images/383463/0.jpg HTTP/2.0" 200 78770 "-" "baselinker"
51.77.52.107 - - [18/Apr/2025:08:45:06 +0200] "GET /Jurek/eurofirany/images/383463/0.jpg HTTP/2.0" 200 78770 "-" "baselinker"
51.77.52.107 - - [18/Apr/2025:08:45:16 +0200] "GET /Jurek/eurofirany/images/383468/0.jpg HTTP/2.0" 200 86852 "-" "baselinker"
51.77.52.107 - - [18/Apr/2025:08:45:21 +0200] "GET /Jurek/eurofirany/images/383468/0.jpg HTTP/2.0" 200 86852 "-" "baselinker"
51.77.52.107 - - [18/Apr/2025:08:45:29 +0200] "GET /Jurek/eurofirany/images/383468/0.jpg HTTP/2.0" 200 86852 "-" "baselinker"
51.77.52.107 - - [18/Apr/2025:08:45:38 +0200] "GET /Jurek/eurofirany/images/383469/0.jpg HTTP/2.0" 200 86852 "-" "baselinker"
51.77.52.107 - - [18/Apr/2025:08:45:43 +0200] "GET /Jurek/eurofirany/images/383469/0.jpg HTTP/2.0" 200 86852 "-" "baselinker"
51.77.52.107 - - [18/Apr/2025:08:46:00 +0200] "GET /Jurek/eurofirany/images/383469/0.jpg HTTP/2.0" 200 86852 "-" "baselinker"
51.77.52.107 - - [18/Apr/2025:08:46:13 +0200] "GET /Jurek/eurofirany/images/398782/0.jpg HTTP/2.0" 200 20032 "-" "baselinker"
51.77.52.107 - - [18/Apr/2025:08:46:23 +0200] "GET /Jurek/eurofirany/images/398782/0.jpg HTTP/2.0" 200 20032 "-" "baselinker"
51.77.52.107 - - [18/Apr/2025:08:46:37 +0200] "GET /Jurek/eurofirany/images/398782/0.jpg HTTP/2.0" 200 20032 "-" "baselinker"
89.161.206.59 - - [18/Apr/2025:08:46:41 +0200] "GET /Jurek/lampart/feeds/lampart_bol.xml HTTP/1.0" 200 936038 "-" "-"
89.161.206.59 - - [18/Apr/2025:08:46:41 +0200] "GET /Jurek/drops/feeds/dropsofficecolection_bol.xml HTTP/1.0" 200 790632 "-" "-"
89.161.206.59 - - [18/Apr/2025:08:46:42 +0200] "GET /Jurek/bloomglow/feeds/bloomglow_bol.xml HTTP/1.0" 200 14095431 "-" "-"
89.161.206.59 - - [18/Apr/2025:08:46:44 +0200] "GET /Jurek/dekornatort/feeds/dekornatort_bol.xml HTTP/1.0" 200 225747 "-" "-"
89.161.206.59 - - [18/Apr/2025:08:46:44 +0200] "GET /Jurek/rovato/feeds/rovato_bol.xml HTTP/1.0" 200 180833 "-" "-"
51.77.52.107 - - [18/Apr/2025:08:46:52 +0200] "GET /Jurek/eurofirany/images/398783/0.jpg HTTP/2.0" 200 20032 "-" "baselinker"
51.77.52.107 - - [18/Apr/2025:08:46:56 +0200] "GET /Jurek/eurofirany/images/398783/0.jpg HTTP/2.0" 200 20032 "-" "baselinker"
193.33.8.61 - - [18/Apr/2025:08:47:04 +0200] "GET /Jurek/lampart/feeds/lampart_zero.xml HTTP/2.0" 200 935866 "https://konsola.dkkapusta1997.usermd.net/" "Mozilla/5.0 (Windows NT 10.0; Win64; x64) AppleWebKit/537.36 (KHTML, like Gecko) Chrome/135.0.0.0 Safari/537.36"
51.77.52.107 - - [18/Apr/2025:08:47:10 +0200] "GET /Jurek/eurofirany/images/398783/0.jpg HTTP/2.0" 200 20032 "-" "baselinker"
51.77.52.107 - - [18/Apr/2025:08:47:20 +0200] "GET /Jurek/eurofirany/images/398786/0.jpg HTTP/2.0" 200 41085 "-" "baselinker"
51.77.52.107 - - [18/Apr/2025:08:47:25 +0200] "GET /Jurek/eurofirany/images/398786/0.jpg HTTP/2.0" 200 41085 "-" "baselinker"
89.161.206.59 - - [18/Apr/2025:08:47:29 +0200] "GET /Jurek/ikonka/feeds/ikonka_skroutz.xml HTTP/1.0" 200 22174601 "-" "-"
51.77.52.107 - - [18/Apr/2025:08:47:31 +0200] "GET /Jurek/eurofirany/images/398786/0.jpg HTTP/2.0" 200 41085 "-" "baselinker"
51.77.52.107 - - [18/Apr/2025:08:47:45 +0200] "GET /Jurek/eurofirany/images/398802/0.jpg HTTP/2.0" 200 28529 "-" "baselinker"
51.77.52.107 - - [18/Apr/2025:08:47:59 +0200] "GET /Jurek/eurofirany/images/398802/0.jpg HTTP/2.0" 200 28529 "-" "baselinker"
51.77.52.107 - - [18/Apr/2025:08:48:05 +0200] "GET /Jurek/eurofirany/images/398802/0.jpg HTTP/2.0" 200 28529 "-" "baselinker"
51.77.52.107 - - [18/Apr/2025:08:48:19 +0200] "GET /Jurek/eurofirany/images/398803/0.jpg HTTP/2.0" 200 28529 "-" "baselinker"
51.77.52.107 - - [18/Apr/2025:08:48:30 +0200] "GET /Jurek/eurofirany/images/398803/0.jpg HTTP/2.0" 200 28529 "-" "baselinker"
51.77.52.107 - - [18/Apr/2025:08:48:35 +0200] "GET /Jurek/eurofirany/images/398803/0.jpg HTTP/2.0" 200 28529 "-" "baselinker"
51.77.52.107 - - [18/Apr/2025:08:48:48 +0200] "GET /Jurek/eurofirany/images/398816/0.jpg HTTP/2.0" 200 34321 "-" "baselinker"
51.77.52.107 - - [18/Apr/2025:08:49:00 +0200] "GET /Jurek/eurofirany/images/398816/0.jpg HTTP/2.0" 200 34321 "-" "baselinker"
89.161.206.59 - - [18/Apr/2025:08:49:04 +0200] "GET /Jurek/fernity/feeds/fernity_skroutz.xml HTTP/1.0" 200 4816747 "-" "-"
51.77.52.107 - - [18/Apr/2025:08:49:08 +0200] "GET /Jurek/eurofirany/images/398816/0.jpg HTTP/2.0" 200 34321 "-" "baselinker"
89.161.206.59 - - [18/Apr/2025:08:49:13 +0200] "GET /Jurek/activeshop/feeds/activeshop_skroutz.xml HTTP/1.0" 200 10458411 "-" "-"
51.77.52.107 - - [18/Apr/2025:08:49:20 +0200] "GET /Jurek/eurofirany/images/398820/0.jpg HTTP/2.0" 200 28870 "-" "baselinker"
89.161.206.59 - - [18/Apr/2025:08:49:26 +0200] "GET /Jurek/fertone/feeds/fertone_emagro.xml HTTP/1.0" 200 572021 "-" "-"
51.77.52.107 - - [18/Apr/2025:08:49:38 +0200] "GET /Jurek/eurofirany/images/398820/0.jpg HTTP/2.0" 200 28870 "-" "baselinker"
51.77.52.107 - - [18/Apr/2025:08:49:43 +0200] "GET /Jurek/eurofirany/images/398820/0.jpg HTTP/2.0" 200 28870 "-" "baselinker"
46.101.116.244 - - [18/Apr/2025:08:49:55 +0200] "GET /Jurek/beliani/feeds/beliani_skroutz.xml HTTP/1.0" 200 31091144 "-" "-"
51.77.52.107 - - [18/Apr/2025:08:49:59 +0200] "GET /Jurek/eurofirany/images/406012/0.jpg HTTP/2.0" 200 30690 "-" "baselinker"
51.77.52.107 - - [18/Apr/2025:08:50:04 +0200] "GET /Jurek/eurofirany/images/406012/0.jpg HTTP/2.0" 200 30690 "-" "baselinker"
51.77.52.107 - - [18/Apr/2025:08:50:12 +0200] "GET /Jurek/eurofirany/images/406012/0.jpg HTTP/2.0" 200 30690 "-" "baselinker"
51.77.52.107 - - [18/Apr/2025:08:50:20 +0200] "GET /Jurek/eurofirany/images/406030/0.jpg HTTP/2.0" 200 39914 "-" "baselinker"
51.77.52.107 - - [18/Apr/2025:08:50:31 +0200] "GET /Jurek/eurofirany/images/406030/0.jpg HTTP/2.0" 200 39914 "-" "baselinker"
51.77.52.107 - - [18/Apr/2025:08:50:35 +0200] "GET /Jurek/eurofirany/images/406030/0.jpg HTTP/2.0" 200 39914 "-" "baselinker"
51.77.52.107 - - [18/Apr/2025:08:50:50 +0200] "GET /Jurek/eurofirany/images/433793/0.jpg HTTP/2.0" 200 75732 "-" "baselinker"
51.77.52.107 - - [18/Apr/2025:08:51:01 +0200] "GET /Jurek/eurofirany/images/433793/0.jpg HTTP/2.0" 200 75732 "-" "baselinker"
51.77.52.107 - - [18/Apr/2025:08:51:13 +0200] "GET /Jurek/eurofirany/images/433793/0.jpg HTTP/2.0" 200 75732 "-" "baselinker"
46.101.116.244 - - [18/Apr/2025:08:52:56 +0200] "GET /Jurek/aw/feeds/awnarzedzia_skroutz.xml HTTP/1.0" 200 90419095 "-" "-"
66.135.223.41 - - [18/Apr/2025:08:53:21 +0200] "GET /Jurek/topeshop/downloaded_images/5904507207472_20st_mijas_prawy_open_niebieski.png HTTP/1.1" 404 3551 "http://www.ebay.com/" "Mozilla/4.0 (compatible; MSIE 4.01; Windows NT)"
66.135.223.44 - - [18/Apr/2025:08:53:21 +0200] "GET /Jurek/topeshop/downloaded_images/5904507207472_mijas_prawyniebieski.jpg HTTP/1.1" 200 128106 "http://www.ebay.com/" "Mozilla/4.0 (compatible; MSIE 4.01; Windows NT)"
66.135.223.43 - - [18/Apr/2025:08:53:21 +0200] "GET /Jurek/topeshop/downloaded_images/5904507207472_Front_mijas_Prawy_niebieski.png HTTP/1.1" 404 3551 "http://www.ebay.com/" "Mozilla/4.0 (compatible; MSIE 4.01; Windows NT)"
66.135.223.43 - - [18/Apr/2025:08:53:22 +0200] "GET /Jurek/topeshop/downloaded_images/5904507207472_20st_mijas_prawy_niebieski.png HTTP/1.1" 200 245526 "http://www.ebay.com/" "Mozilla/4.0 (compatible; MSIE 4.01; Windows NT)"
89.161.206.59 - - [18/Apr/2025:08:53:58 +0200] "GET /Jurek/emaja24/feeds/emaja24_amazonnl.xml HTTP/1.0" 200 5109897 "-" "-"
89.161.206.59 - - [18/Apr/2025:08:56:49 +0200] "GET /Jurek/kinghoff/feeds/kinghoff_SkroutzGR.xml HTTP/1.0" 200 15449767 "-" "-"
89.161.206.59 - - [18/Apr/2025:08:56:50 +0200] "GET /Jurek/nonabox/feeds/nonabox_skroutz.xml HTTP/1.0" 200 33865 "-" "-"
89.161.206.59 - - [18/Apr/2025:08:56:51 +0200] "GET /Jurek/omi/feeds/omi_skroutz.xml HTTP/1.0" 200 8105555 "-" "-"
89.161.206.59 - - [18/Apr/2025:08:56:53 +0200] "GET /Jurek/sportprise/feeds/sportprise_skroutz.xml HTTP/1.0" 200 11781971 "-" "-"
51.77.52.107 - - [18/Apr/2025:08:57:15 +0200] "GET /Jurek/eurofirany/images/465246/0.jpg HTTP/2.0" 200 69129 "-" "baselinker"
89.161.206.59 - - [18/Apr/2025:08:57:17 +0200] "GET /Jurek/eoptimo/feeds/eoptimo_skroutz.xml HTTP/1.0" 200 2094355 "-" "-"
89.161.206.59 - - [18/Apr/2025:08:57:17 +0200] "GET /Jurek/broers/feeds/broers_skroutz.xml HTTP/1.0" 200 1982630 "-" "-"
51.77.52.107 - - [18/Apr/2025:08:57:21 +0200] "GET /Jurek/eurofirany/images/465246/0.jpg HTTP/2.0" 200 69129 "-" "baselinker"
51.77.52.107 - - [18/Apr/2025:08:57:27 +0200] "GET /Jurek/eurofirany/images/465246/0.jpg HTTP/2.0" 200 69129 "-" "baselinker"
51.77.52.107 - - [18/Apr/2025:08:57:34 +0200] "GET /Jurek/eurofirany/images/465241/0.jpg HTTP/2.0" 200 124791 "-" "baselinker"
51.77.52.107 - - [18/Apr/2025:08:57:38 +0200] "GET /Jurek/eurofirany/images/465241/0.jpg HTTP/2.0" 200 124791 "-" "baselinker"
89.161.206.59 - - [18/Apr/2025:08:57:42 +0200] "GET /Jurek/cenoman/feeds/cenoman_skroutz.xml HTTP/1.0" 200 5993142 "-" "-"
89.161.206.59 - - [18/Apr/2025:08:57:42 +0200] "GET /Jurek/em3/feeds/em3_skroutz.xml HTTP/1.0" 200 258925 "-" "-"
51.77.52.107 - - [18/Apr/2025:08:57:42 +0200] "GET /Jurek/eurofirany/images/465241/0.jpg HTTP/2.0" 200 124791 "-" "baselinker"
51.77.52.107 - - [18/Apr/2025:08:57:47 +0200] "GET /Jurek/eurofirany/images/467287/0.jpg HTTP/2.0" 200 131014 "-" "baselinker"
89.161.206.59 - - [18/Apr/2025:08:57:52 +0200] "GET /Jurek/lampart/feeds/lampart_skroutz.xml HTTP/1.0" 200 936025 "-" "-"
51.77.52.107 - - [18/Apr/2025:08:57:59 +0200] "GET /Jurek/eurofirany/images/467287/0.jpg HTTP/2.0" 200 131014 "-" "baselinker"
51.77.52.107 - - [18/Apr/2025:08:58:05 +0200] "GET /Jurek/eurofirany/images/467287/0.jpg HTTP/2.0" 200 131014 "-" "baselinker"
51.77.52.107 - - [18/Apr/2025:08:58:24 +0200] "GET /Jurek/eurofirany/images/466895/0.jpg HTTP/2.0" 200 83341 "-" "baselinker"
51.77.52.107 - - [18/Apr/2025:08:58:40 +0200] "GET /Jurek/eurofirany/images/466895/0.jpg HTTP/2.0" 200 83341 "-" "baselinker"
46.101.116.244 - - [18/Apr/2025:08:58:49 +0200] "GET /Jurek/aw/feeds/aw_fnacfr.xml HTTP/1.0" 404 3551 "-" "-"
193.33.8.61 - - [18/Apr/2025:08:58:54 +0200] "GET /Jurek/mojeledy/feeds/mojeledy_zero.xml HTTP/2.0" 200 1018402 "https://konsola.dkkapusta1997.usermd.net/" "Mozilla/5.0 (Windows NT 10.0; Win64; x64) AppleWebKit/537.36 (KHTML, like Gecko) Chrome/135.0.0.0 Safari/537.36"
51.77.52.107 - - [18/Apr/2025:08:58:55 +0200] "GET /Jurek/eurofirany/images/466895/0.jpg HTTP/2.0" 200 83341 "-" "baselinker"
46.101.116.244 - - [18/Apr/2025:08:58:58 +0200] "GET /Jurek/hurtownia_przemyslowa/feeds/hp_fnacfr.xml HTTP/1.0" 200 49362176 "-" "-"
51.77.52.107 - - [18/Apr/2025:08:59:40 +0200] "GET /Jurek/eurofirany/images/463835/0.jpg HTTP/2.0" 200 77983 "-" "baselinker"
51.77.52.107 - - [18/Apr/2025:08:59:45 +0200] "GET /Jurek/eurofirany/images/463835/0.jpg HTTP/2.0" 200 77983 "-" "baselinker"
