77.79.248.229 - - [18/Apr/2025:05:36:12 +0200] "GET /Jurek/eurofirany/feeds/eurofirany_cdon_se.xml HTTP/1.1" 200 19097544 "-" "python-requests/2.32.3"
77.79.248.229 - - [18/Apr/2025:05:36:12 +0200] "GET /Jurek/eurofirany/feeds/eurofirany_cdon_dk.xml HTTP/1.1" 200 19097841 "-" "python-requests/2.32.3"
77.79.248.229 - - [18/Apr/2025:05:36:12 +0200] "GET /Jurek/eurofirany/feeds/eurofirany_cdon_fi.xml HTTP/1.1" 200 19080635 "-" "python-requests/2.32.3"
51.77.52.107 - - [18/Apr/2025:05:36:13 +0200] "GET /Jurek/eurofirany/images/457751/0.jpg HTTP/2.0" 200 142466 "-" "baselinker"
77.79.248.229 - - [18/Apr/2025:05:36:13 +0200] "GET /Jurek/stema/feeds/stema_cdon_se.xml HTTP/1.1" 200 857627 "-" "python-requests/2.32.3"
77.79.248.229 - - [18/Apr/2025:05:36:13 +0200] "GET /Jurek/stema/feeds/stema_cdon_dk.xml HTTP/1.1" 200 857500 "-" "python-requests/2.32.3"
77.79.248.229 - - [18/Apr/2025:05:36:13 +0200] "GET /Jurek/stema/feeds/stema_cdon_fi.xml HTTP/1.1" 200 857195 "-" "python-requests/2.32.3"
77.79.248.229 - - [18/Apr/2025:05:36:15 +0200] "GET /Jurek/aw/feeds/awnarzedzia_cdon_se.xml HTTP/1.1" 200 90627903 "-" "python-requests/2.32.3"
77.79.248.229 - - [18/Apr/2025:05:36:16 +0200] "GET /Jurek/aw/feeds/awnarzedzia_cdon_dk.xml HTTP/1.1" 200 90622833 "-" "python-requests/2.32.3"
51.77.52.107 - - [18/Apr/2025:05:36:17 +0200] "GET /Jurek/eurofirany/images/457751/0.jpg HTTP/2.0" 200 142466 "-" "baselinker"
77.79.248.229 - - [18/Apr/2025:05:36:18 +0200] "GET /Jurek/aw/feeds/awnarzedzia_cdon_fi.xml HTTP/1.1" 200 90539179 "-" "python-requests/2.32.3"
77.79.248.229 - - [18/Apr/2025:05:36:19 +0200] "GET /Jurek/hurtownia_przemyslowa/feeds/hp_cdon_se.xml HTTP/1.1" 200 49377275 "-" "python-requests/2.32.3"
46.101.116.244 - - [18/Apr/2025:05:36:19 +0200] "GET /Jurek/fernity/feeds/fernity_kaufland.xml HTTP/2.0" 200 4820424 "-" "-"
77.79.248.229 - - [18/Apr/2025:05:36:20 +0200] "GET /Jurek/hurtownia_przemyslowa/feeds/hp_cdon_dk.xml HTTP/1.1" 200 49376124 "-" "python-requests/2.32.3"
77.79.248.229 - - [18/Apr/2025:05:36:21 +0200] "GET /Jurek/hurtownia_przemyslowa/feeds/hp_cdon_fi.xml HTTP/1.1" 200 49362340 "-" "python-requests/2.32.3"
51.77.52.107 - - [18/Apr/2025:05:36:22 +0200] "GET /Jurek/eurofirany/images/457752/0.jpg HTTP/2.0" 200 138424 "-" "baselinker"
77.79.248.229 - - [18/Apr/2025:05:36:25 +0200] "GET /Jurek/ikonka/feeds/ikonka_cdon_se.xml HTTP/1.1" 200 22176797 "-" "python-requests/2.32.3"
77.79.248.229 - - [18/Apr/2025:05:36:26 +0200] "GET /Jurek/ikonka/feeds/ikonka_cdon_dk.xml HTTP/1.1" 200 22176790 "-" "python-requests/2.32.3"
77.79.248.229 - - [18/Apr/2025:05:36:27 +0200] "GET /Jurek/ikonka/feeds/ikonka_cdon_fi.xml HTTP/1.1" 200 22174539 "-" "python-requests/2.32.3"
77.79.248.229 - - [18/Apr/2025:05:36:28 +0200] "GET /Jurek/fernity/feeds/fernity_cdon_fi.xml HTTP/1.1" 200 4816329 "-" "python-requests/2.32.3"
77.79.248.229 - - [18/Apr/2025:05:36:28 +0200] "GET /Jurek/fernity/feeds/fernity_cdon_se.xml HTTP/1.1" 200 4819678 "-" "python-requests/2.32.3"
77.79.248.229 - - [18/Apr/2025:05:36:28 +0200] "GET /Jurek/fernity/feeds/fernity_cdon_dk.xml HTTP/1.1" 200 4819217 "-" "python-requests/2.32.3"
77.79.248.229 - - [18/Apr/2025:05:36:29 +0200] "GET /Jurek/activeshop/feeds/activeshop_cdon_se.xml HTTP/1.1" 200 10487922 "-" "python-requests/2.32.3"
77.79.248.229 - - [18/Apr/2025:05:36:29 +0200] "GET /Jurek/activeshop/feeds/activeshop_cdon_dk.xml HTTP/1.1" 200 10487645 "-" "python-requests/2.32.3"
77.79.248.229 - - [18/Apr/2025:05:36:29 +0200] "GET /Jurek/activeshop/feeds/activeshop_cdon_fi.xml HTTP/1.1" 200 10484255 "-" "python-requests/2.32.3"
77.79.248.229 - - [18/Apr/2025:05:36:33 +0200] "GET /Jurek/barbecook/feeds/barbecook_cdon_se.xml HTTP/1.1" 200 87595 "-" "python-requests/2.32.3"
77.79.248.229 - - [18/Apr/2025:05:36:33 +0200] "GET /Jurek/barbecook/feeds/barbecook_cdon_dk.xml HTTP/1.1" 200 87590 "-" "python-requests/2.32.3"
77.79.248.229 - - [18/Apr/2025:05:36:33 +0200] "GET /Jurek/barbecook/feeds/barbecook_cdon_fi.xml HTTP/1.1" 200 87531 "-" "python-requests/2.32.3"
77.79.248.229 - - [18/Apr/2025:05:36:35 +0200] "GET /Jurek/action/feeds/action_cdon_se.xml HTTP/1.1" 200 59720897 "-" "python-requests/2.32.3"
51.77.52.107 - - [18/Apr/2025:05:36:35 +0200] "GET /Jurek/eurofirany/images/457752/0.jpg HTTP/2.0" 200 138424 "-" "baselinker"
77.79.248.229 - - [18/Apr/2025:05:36:36 +0200] "GET /Jurek/action/feeds/action_cdon_dk.xml HTTP/1.1" 200 59715449 "-" "python-requests/2.32.3"
77.79.248.229 - - [18/Apr/2025:05:36:37 +0200] "GET /Jurek/action/feeds/action_cdon_fi.xml HTTP/1.1" 200 59689184 "-" "python-requests/2.32.3"
77.79.248.229 - - [18/Apr/2025:05:36:38 +0200] "GET /Jurek/kinghoff/feeds/kinghoff_cdon_se.xml HTTP/1.1" 200 15452341 "-" "python-requests/2.32.3"
77.79.248.229 - - [18/Apr/2025:05:36:38 +0200] "GET /Jurek/kinghoff/feeds/kinghoff_cdon_dk.xml HTTP/1.1" 200 15452237 "-" "python-requests/2.32.3"
77.79.248.229 - - [18/Apr/2025:05:36:38 +0200] "GET /Jurek/kinghoff/feeds/kinghoff_cdon_fi.xml HTTP/1.1" 200 15449742 "-" "python-requests/2.32.3"
52.18.22.0 - - [18/Apr/2025:05:36:40 +0200] "GET /marketplaces/worten2/results/worten.csv HTTP/1.1" 200 147217 "-" "Mirakl HttpClient"
46.101.116.244 - - [18/Apr/2025:05:36:42 +0200] "GET /Jurek/hurtownia_przemyslowa/feeds/hp_kaufcz.xml HTTP/2.0" 200 49380620 "-" "-"
51.77.52.107 - - [18/Apr/2025:05:36:50 +0200] "GET /Jurek/eurofirany/images/457752/0.jpg HTTP/2.0" 200 138424 "-" "baselinker"
89.161.206.59 - - [18/Apr/2025:05:37:01 +0200] "GET /Jurek/fernity/feeds/fernity_emagro.xml HTTP/1.0" 200 4818243 "-" "-"
89.161.206.59 - - [18/Apr/2025:05:37:02 +0200] "GET /Jurek/nonabox/feeds/nonabox_emagro.xml HTTP/1.0" 200 33872 "-" "-"
89.161.206.59 - - [18/Apr/2025:05:37:02 +0200] "GET /Jurek/cenoman/feeds/cenoman_emagro.xml HTTP/1.0" 200 5993773 "-" "-"
89.161.206.59 - - [18/Apr/2025:05:37:03 +0200] "GET /Jurek/tsjerzy/feeds/tsjerzy_emagro.xml HTTP/1.0" 200 3899955 "-" "-"
89.161.206.59 - - [18/Apr/2025:05:37:03 +0200] "GET /Jurek/avenido/feeds/avenido_emagro.xml HTTP/1.0" 200 720129 "-" "-"
89.161.206.59 - - [18/Apr/2025:05:37:04 +0200] "GET /Jurek/kamar/feeds/kamar_emagro.xml HTTP/1.0" 200 25555291 "-" "-"
51.77.52.107 - - [18/Apr/2025:05:37:05 +0200] "GET /Jurek/eurofirany/images/454036/0.jpg HTTP/2.0" 200 97326 "-" "baselinker"
89.161.206.59 - - [18/Apr/2025:05:37:05 +0200] "GET /Jurek/winoszarnia/feeds/winoszarnia_emagro.xml HTTP/1.0" 200 6064898 "-" "-"
89.161.206.59 - - [18/Apr/2025:05:37:06 +0200] "GET /Jurek/lampart/feeds/lampart_emagro.xml HTTP/1.0" 200 936207 "-" "-"
89.161.206.59 - - [18/Apr/2025:05:37:06 +0200] "GET /Jurek/filmal/feeds/filmal_emagro.xml HTTP/1.0" 200 139308 "-" "-"
89.161.206.59 - - [18/Apr/2025:05:37:06 +0200] "GET /Jurek/zenex/feeds/zenex_emagro.xml HTTP/1.0" 200 540580 "-" "-"
89.161.206.59 - - [18/Apr/2025:05:37:06 +0200] "GET /Jurek/newtechele/feeds/newtechele_emagro.xml HTTP/1.0" 200 2438731 "-" "-"
89.161.206.59 - - [18/Apr/2025:05:37:07 +0200] "GET /Jurek/coppotech/feeds/coppotech_emagro.xml HTTP/1.0" 200 38056450 "-" "-"
89.161.206.59 - - [18/Apr/2025:05:37:08 +0200] "GET /Jurek/equalo/feeds/equalo_emagro.xml HTTP/1.0" 200 98017 "-" "-"
89.161.206.59 - - [18/Apr/2025:05:37:10 +0200] "GET /Jurek/livinhill/feeds/livinhill_emagro.xml HTTP/1.0" 200 167755 "-" "-"
89.161.206.59 - - [18/Apr/2025:05:37:10 +0200] "GET /Jurek/snibbs/feeds/snibbs_emagro.xml HTTP/1.0" 200 74411 "-" "-"
89.161.206.59 - - [18/Apr/2025:05:37:11 +0200] "GET /Jurek/jakdroz/feeds/jakdroz_emagro.xml HTTP/1.0" 200 4090800 "-" "-"
89.161.206.59 - - [18/Apr/2025:05:37:11 +0200] "GET /Jurek/bemipol/feeds/bemipol_emagro.xml HTTP/1.0" 200 423674 "-" "-"
89.161.206.59 - - [18/Apr/2025:05:37:11 +0200] "GET /Jurek/apresto/feeds/apresto_emagro.xml HTTP/1.0" 200 1327787 "-" "-"
89.161.206.59 - - [18/Apr/2025:05:37:12 +0200] "GET /Jurek/missionair/feeds/missionair_emagro.xml HTTP/1.0" 200 3155100 "-" "-"
89.161.206.59 - - [18/Apr/2025:05:37:13 +0200] "GET /Jurek/mojeledy/feeds/mojeledy_emagro.xml HTTP/1.0" 200 1018621 "-" "-"
89.161.206.59 - - [18/Apr/2025:05:37:13 +0200] "GET /Jurek/andex/feeds/andex_emagro.xml HTTP/1.0" 200 1953977 "-" "-"
89.161.206.59 - - [18/Apr/2025:05:37:13 +0200] "GET /Jurek/riko/feeds/riko_emagro.xml HTTP/1.0" 200 3786636 "-" "-"
89.161.206.59 - - [18/Apr/2025:05:37:14 +0200] "GET /Jurek/sovapl/feeds/sovapl_emagro.xml HTTP/1.0" 200 9002636 "-" "-"
89.161.206.59 - - [18/Apr/2025:05:37:14 +0200] "GET /Jurek/mechdecor/feeds/mechdecor_emagro.xml HTTP/1.0" 200 596288 "-" "-"
89.161.206.59 - - [18/Apr/2025:05:37:14 +0200] "GET /Jurek/kalama/feeds/kalama_emagro.xml HTTP/1.0" 200 2662117 "-" "-"
46.101.116.244 - - [18/Apr/2025:05:37:14 +0200] "GET /Jurek/ikonka/feeds/ikonka_kaufland.xml HTTP/2.0" 200 22177044 "-" "-"
51.77.52.107 - - [18/Apr/2025:05:37:23 +0200] "GET /Jurek/eurofirany/images/454036/0.jpg HTTP/2.0" 200 97326 "-" "baselinker"
46.101.116.244 - - [18/Apr/2025:05:37:26 +0200] "GET /Jurek/kinghoff/feeds/kinghoff_kaufland.xml HTTP/2.0" 200 15453053 "-" "-"
51.77.52.107 - - [18/Apr/2025:05:37:37 +0200] "GET /Jurek/eurofirany/images/454036/0.jpg HTTP/2.0" 200 97326 "-" "baselinker"
46.101.116.244 - - [18/Apr/2025:05:37:42 +0200] "GET /Jurek/kinghome/feeds/kinghome_kaufland.xml HTTP/2.0" 200 6047571 "-" "-"
51.77.52.107 - - [18/Apr/2025:05:37:49 +0200] "GET /Jurek/eurofirany/images/454038/0.jpg HTTP/2.0" 200 72958 "-" "baselinker"
51.77.52.107 - - [18/Apr/2025:05:37:55 +0200] "GET /Jurek/eurofirany/images/454038/0.jpg HTTP/2.0" 200 72958 "-" "baselinker"
51.77.52.107 - - [18/Apr/2025:05:38:08 +0200] "GET /Jurek/eurofirany/images/454038/0.jpg HTTP/2.0" 200 72958 "-" "baselinker"
77.79.248.229 - - [18/Apr/2025:05:38:14 +0200] "GET /Jurek/vidaSI/feeds/vidaSI_bigbang.xml HTTP/1.1" 200 641214720 "-" "Python-urllib/3.11"
77.79.248.229 - - [18/Apr/2025:05:38:16 +0200] "GET /Jurek/aw/feeds/awnarzedzia_bigbang.xml HTTP/1.1" 200 90513496 "-" "Python-urllib/3.11"
77.79.248.229 - - [18/Apr/2025:05:38:17 +0200] "GET /Jurek/hurtownia_przemyslowa/feeds/hp_bigbang.xml HTTP/1.1" 200 49359833 "-" "Python-urllib/3.11"
46.101.116.244 - - [18/Apr/2025:05:38:18 +0200] "GET /Jurek/octopia/feeds/octopia_kaufland.xml HTTP/2.0" 200 10116659 "-" "-"
51.77.52.107 - - [18/Apr/2025:05:38:19 +0200] "GET /Jurek/eurofirany/images/454052/0.jpg HTTP/2.0" 200 104397 "-" "baselinker"
77.79.248.229 - - [18/Apr/2025:05:38:19 +0200] "GET /Jurek/action/feeds/action_bigbang.xml HTTP/1.1" 200 59684082 "-" "Python-urllib/3.11"
77.79.248.229 - - [18/Apr/2025:05:38:20 +0200] "GET /Jurek/ikonka/feeds/ikonka_bigbang.xml HTTP/1.1" 200 22174564 "-" "Python-urllib/3.11"
77.79.248.229 - - [18/Apr/2025:05:38:20 +0200] "GET /Jurek/bass/feeds/bass_bigbang.xml HTTP/1.1" 200 3971929 "-" "Python-urllib/3.11"
77.79.248.229 - - [18/Apr/2025:05:38:22 +0200] "GET /Jurek/kinghoff/feeds/kinghoff_bigbang.xml HTTP/1.1" 200 15449652 "-" "Python-urllib/3.11"
77.79.248.229 - - [18/Apr/2025:05:38:23 +0200] "GET /Jurek/activeshop/feeds/activeshop_bigbang.xml HTTP/1.1" 200 10484095 "-" "Python-urllib/3.11"
77.79.248.229 - - [18/Apr/2025:05:38:23 +0200] "GET /Jurek/octopia/feeds/octopia_bigbang.xml HTTP/1.1" 200 5658808 "-" "Python-urllib/3.11"
77.79.248.229 - - [18/Apr/2025:05:38:23 +0200] "GET /Jurek/topeshop/feeds/topeshop_bigbang.xml HTTP/1.1" 200 2682049 "-" "Python-urllib/3.11"
77.79.248.229 - - [18/Apr/2025:05:38:24 +0200] "GET /Jurek/b3/feeds/b3_bigbang.xml HTTP/1.1" 200 8061555 "-" "Python-urllib/3.11"
77.79.248.229 - - [18/Apr/2025:05:38:24 +0200] "GET /Jurek/asortymenteu/feeds/asortymenteu_bigbang.xml HTTP/1.1" 200 2764763 "-" "Python-urllib/3.11"
77.79.248.229 - - [18/Apr/2025:05:38:25 +0200] "GET /Jurek/eroplace/feeds/eroplace_bigbang.xml HTTP/1.1" 200 52134445 "-" "Python-urllib/3.11"
46.101.116.244 - - [18/Apr/2025:05:38:29 +0200] "GET /Jurek/rovicky/feeds/rovicky_kaufland.xml HTTP/2.0" 200 15045226 "-" "-"
77.79.248.229 - - [18/Apr/2025:05:38:31 +0200] "GET /Jurek/intsell/feeds/intsell_bigbang.xml HTTP/1.1" 200 342005986 "-" "Python-urllib/3.11"
77.79.248.229 - - [18/Apr/2025:05:38:32 +0200] "GET /Jurek/coppotech/feeds/coppotech_bigbang.xml HTTP/1.1" 200 38049009 "-" "Python-urllib/3.11"
77.79.248.229 - - [18/Apr/2025:05:38:32 +0200] "GET /Jurek/stema/feeds/stema_bigbang.xml HTTP/1.1" 200 857062 "-" "Python-urllib/3.11"
77.79.248.229 - - [18/Apr/2025:05:38:32 +0200] "GET /Jurek/sempler/feeds/sempler_bigbang.xml HTTP/1.1" 200 6787944 "-" "Python-urllib/3.11"
77.79.248.229 - - [18/Apr/2025:05:38:32 +0200] "GET /Jurek/benetech/feeds/benetech_bigbang.xml HTTP/1.1" 200 4165443 "-" "Python-urllib/3.11"
77.79.248.229 - - [18/Apr/2025:05:38:33 +0200] "GET /Jurek/ekuchcikowo/feeds/ekuchcikowo_bigbang.xml HTTP/1.1" 200 12470924 "-" "Python-urllib/3.11"
51.77.52.107 - - [18/Apr/2025:05:38:33 +0200] "GET /Jurek/eurofirany/images/454052/0.jpg HTTP/2.0" 200 104397 "-" "baselinker"
77.79.248.229 - - [18/Apr/2025:05:38:33 +0200] "GET /Jurek/erohurtownia/feeds/erohurtownia_bigbang.xml HTTP/1.1" 200 22846391 "-" "Python-urllib/3.11"
46.101.116.244 - - [18/Apr/2025:05:38:41 +0200] "GET /Jurek/stema/feeds/stema_kauflandcz.xml HTTP/2.0" 200 857711 "-" "-"
51.77.52.107 - - [18/Apr/2025:05:38:45 +0200] "GET /Jurek/eurofirany/images/454052/0.jpg HTTP/2.0" 200 104397 "-" "baselinker"
77.79.248.229 - - [18/Apr/2025:05:38:49 +0200] "GET /Jurek/naszedzieci/feeds/naszedzieci_bigbang.xml HTTP/1.1" 200 833165824 "-" "Python-urllib/3.11"
46.101.116.244 - - [18/Apr/2025:05:38:51 +0200] "GET /Jurek/twm/feeds/twm-kaufland.xml HTTP/2.0" 200 2490429 "-" "-"
77.79.248.229 - - [18/Apr/2025:05:38:52 +0200] "GET /Jurek/awparts/feeds/awparts_bigbang.xml HTTP/1.1" 200 142299655 "-" "Python-urllib/3.11"
77.79.248.229 - - [18/Apr/2025:05:38:52 +0200] "GET /Jurek/najtanszysport/feeds/najtanszysport_bigbang.xml HTTP/1.1" 200 3983157 "-" "Python-urllib/3.11"
77.79.248.229 - - [18/Apr/2025:05:38:52 +0200] "GET /Jurek/aiofactory/feeds/aiofactory_bigbang.xml HTTP/1.1" 200 2123751 "-" "Python-urllib/3.11"
77.79.248.229 - - [18/Apr/2025:05:38:52 +0200] "GET /Jurek/playcob/feeds/playcob_bigbang.xml HTTP/1.1" 200 6980170 "-" "Python-urllib/3.11"
77.79.248.229 - - [18/Apr/2025:05:38:53 +0200] "GET /Jurek/kidshop/feeds/kidshop_bigbang.xml HTTP/1.1" 200 19845640 "-" "Python-urllib/3.11"
77.79.248.229 - - [18/Apr/2025:05:38:53 +0200] "GET /Jurek/elavia/feeds/elavia_bigbang.xml HTTP/1.1" 200 2497276 "-" "Python-urllib/3.11"
77.79.248.229 - - [18/Apr/2025:05:38:53 +0200] "GET /Jurek/straganbiur/feeds/straganbiur_bigbang.xml HTTP/1.1" 200 8892973 "-" "Python-urllib/3.11"
77.79.248.229 - - [18/Apr/2025:05:38:53 +0200] "GET /Jurek/kobi/feeds/kobi_bigbang.xml HTTP/1.1" 200 1993225 "-" "Python-urllib/3.11"
77.79.248.229 - - [18/Apr/2025:05:38:54 +0200] "GET /Jurek/hanex/feeds/hanex_bigbang.xml HTTP/1.1" 200 13931569 "-" "Python-urllib/3.11"
77.79.248.229 - - [18/Apr/2025:05:38:54 +0200] "GET /Jurek/elecomp/feeds/elecomp_bigbang.xml HTTP/1.1" 200 2867748 "-" "Python-urllib/3.11"
77.79.248.229 - - [18/Apr/2025:05:38:54 +0200] "GET /Jurek/roger/feeds/roger_bigbang.xml HTTP/1.1" 200 1396550 "-" "Python-urllib/3.11"
77.79.248.229 - - [18/Apr/2025:05:38:54 +0200] "GET /Jurek/kristronik/feeds/kristronik_bigbang.xml HTTP/1.1" 200 691976 "-" "Python-urllib/3.11"
77.79.248.229 - - [18/Apr/2025:05:38:55 +0200] "GET /Jurek/oknobest/feeds/oknobest_bigbang.xml HTTP/1.1" 200 2707899 "-" "Python-urllib/3.11"
77.79.248.229 - - [18/Apr/2025:05:38:55 +0200] "GET /Jurek/globaldeli/feeds/globaldeli_bigbang.xml HTTP/1.1" 200 2590049 "-" "Python-urllib/3.11"
77.79.248.229 - - [18/Apr/2025:05:38:55 +0200] "GET /Jurek/rider/feeds/rider_bigbang.xml HTTP/1.1" 200 8165208 "-" "Python-urllib/3.11"
77.79.248.229 - - [18/Apr/2025:05:38:55 +0200] "GET /Jurek/cenoman/feeds/cenoman_bigbang.xml HTTP/1.1" 200 5993158 "-" "Python-urllib/3.11"
77.79.248.229 - - [18/Apr/2025:05:38:55 +0200] "GET /Jurek/luxma/feeds/luxma_bigbang.xml HTTP/1.1" 200 8058591 "-" "Python-urllib/3.11"
77.79.248.229 - - [18/Apr/2025:05:38:56 +0200] "GET /Jurek/zbimatyja/feeds/zbimatyja_bigbang.xml HTTP/1.1" 200 11670115 "-" "Python-urllib/3.11"
77.79.248.229 - - [18/Apr/2025:05:38:56 +0200] "GET /Jurek/smxdesign/feeds/smxdesign_bigbang.xml HTTP/1.1" 200 1829014 "-" "Python-urllib/3.11"
77.79.248.229 - - [18/Apr/2025:05:38:56 +0200] "GET /Jurek/rosfix/feeds/rosfix_bigbang.xml HTTP/1.1" 200 35769435 "-" "Python-urllib/3.11"
77.79.248.229 - - [18/Apr/2025:05:38:58 +0200] "GET /Jurek/dropkz/feeds/dropkz_bigbang.xml HTTP/1.1" 200 70013847 "-" "Python-urllib/3.11"
77.79.248.229 - - [18/Apr/2025:05:38:58 +0200] "GET /Jurek/pawonik/feeds/pawonik_bigbang.xml HTTP/1.1" 200 2138426 "-" "Python-urllib/3.11"
51.77.52.107 - - [18/Apr/2025:05:38:58 +0200] "GET /Jurek/eurofirany/images/459301/0.jpg HTTP/2.0" 200 116834 "-" "baselinker"
77.79.248.229 - - [18/Apr/2025:05:38:58 +0200] "GET /Jurek/spali/feeds/spali_bigbang.xml HTTP/1.1" 200 77056 "-" "Python-urllib/3.11"
77.79.248.229 - - [18/Apr/2025:05:38:58 +0200] "GET /Jurek/newtechele/feeds/newtechele_bigbang.xml HTTP/1.1" 200 2438501 "-" "Python-urllib/3.11"
77.79.248.229 - - [18/Apr/2025:05:38:58 +0200] "GET /Jurek/maksik/feeds/maksik_bigbang.xml HTTP/1.1" 200 4084763 "-" "Python-urllib/3.11"
77.79.248.229 - - [18/Apr/2025:05:38:59 +0200] "GET /Jurek/beltimore/feeds/beltimore_bigbang.xml HTTP/1.1" 200 18651597 "-" "Python-urllib/3.11"
77.79.248.229 - - [18/Apr/2025:05:38:59 +0200] "GET /Jurek/matkam/feeds/matkam_bigbang.xml HTTP/1.1" 200 5000209 "-" "Python-urllib/3.11"
77.79.248.229 - - [18/Apr/2025:05:38:59 +0200] "GET /Jurek/rovato/feeds/rovato_bigbang.xml HTTP/1.1" 200 180834 "-" "Python-urllib/3.11"
77.79.248.229 - - [18/Apr/2025:05:38:59 +0200] "GET /Jurek/eurofryz/feeds/eurofryz_bigbang.xml HTTP/1.1" 200 1381514 "-" "Python-urllib/3.11"
77.79.248.229 - - [18/Apr/2025:05:38:59 +0200] "GET /Jurek/alucon/feeds/alucon_bigbang.xml HTTP/1.1" 200 553569 "-" "Python-urllib/3.11"
77.79.248.229 - - [18/Apr/2025:05:38:59 +0200] "GET /Jurek/omi/feeds/omi_bigbang.xml HTTP/1.1" 200 8105556 "-" "Python-urllib/3.11"
77.79.248.229 - - [18/Apr/2025:05:39:00 +0200] "GET /Jurek/kamar/feeds/kamar_bigbang.xml HTTP/1.1" 200 25549822 "-" "Python-urllib/3.11"
77.79.248.229 - - [18/Apr/2025:05:39:00 +0200] "GET /Jurek/beautycare/feeds/beautycare_bigbang.xml HTTP/1.1" 200 1181301 "-" "Python-urllib/3.11"
77.79.248.229 - - [18/Apr/2025:05:39:00 +0200] "GET /Jurek/avenido/feeds/avenido_bigbang.xml HTTP/1.1" 200 720084 "-" "Python-urllib/3.11"
77.79.248.229 - - [18/Apr/2025:05:39:00 +0200] "GET /Jurek/zenex/feeds/zenex_bigbang.xml HTTP/1.1" 200 540159 "-" "Python-urllib/3.11"
77.79.248.229 - - [18/Apr/2025:05:39:01 +0200] "GET /Jurek/fertes/feeds/fertes_bigbang.xml HTTP/1.1" 200 2361819 "-" "Python-urllib/3.11"
77.79.248.229 - - [18/Apr/2025:05:39:01 +0200] "GET /Jurek/makow/feeds/makow_bigbang.xml HTTP/1.1" 200 21203664 "-" "Python-urllib/3.11"
77.79.248.229 - - [18/Apr/2025:05:39:01 +0200] "GET /Jurek/sternhoff/feeds/sternhoff_bigbang.xml HTTP/1.1" 200 1775247 "-" "Python-urllib/3.11"
77.79.248.229 - - [18/Apr/2025:05:39:01 +0200] "GET /Jurek/kalama/feeds/kalama_bigbang.xml HTTP/1.1" 200 2661727 "-" "Python-urllib/3.11"
77.79.248.229 - - [18/Apr/2025:05:39:02 +0200] "GET /Jurek/polzoo/feeds/polzoo_bigbang.xml HTTP/1.1" 200 48121831 "-" "Python-urllib/3.11"
77.79.248.229 - - [18/Apr/2025:05:39:02 +0200] "GET /Jurek/straganspoz/feeds/straganspoz_bigbang.xml HTTP/1.1" 200 9513836 "-" "Python-urllib/3.11"
77.79.248.229 - - [18/Apr/2025:05:39:02 +0200] "GET /Jurek/apresto/feeds/apresto_bigbang.xml HTTP/1.1" 200 1327600 "-" "Python-urllib/3.11"
77.79.248.229 - - [18/Apr/2025:05:39:02 +0200] "GET /Jurek/fertone/feeds/fertone_bigbang.xml HTTP/1.1" 200 571895 "-" "Python-urllib/3.11"
77.79.248.229 - - [18/Apr/2025:05:39:02 +0200] "GET /Jurek/fernity/feeds/fernity_bigbang.xml HTTP/1.1" 200 4816590 "-" "Python-urllib/3.11"
77.79.248.229 - - [18/Apr/2025:05:39:02 +0200] "GET /Jurek/jankeski/feeds/jankeski_bigbang.xml HTTP/1.1" 200 6571097 "-" "Python-urllib/3.11"
77.79.248.229 - - [18/Apr/2025:05:39:03 +0200] "GET /Jurek/bloomglow/feeds/bloomglow_bigbang.xml HTTP/1.1" 200 14095271 "-" "Python-urllib/3.11"
46.101.116.244 - - [18/Apr/2025:05:39:03 +0200] "GET /Jurek/unimet/feeds/unimet_kaufland.xml HTTP/2.0" 200 61207175 "-" "-"
77.79.248.229 - - [18/Apr/2025:05:39:10 +0200] "GET /Jurek/galopi/feeds/galopi_bigbang.xml HTTP/1.1" 200 2111096 "-" "Python-urllib/3.11"
77.79.248.229 - - [18/Apr/2025:05:39:10 +0200] "GET /Jurek/stiv/feeds/stiv_bigbang.xml HTTP/1.1" 200 2056811 "-" "Python-urllib/3.11"
77.79.248.229 - - [18/Apr/2025:05:39:10 +0200] "GET /Jurek/hurtmeblowy/feeds/hurtmeblowy_bigbang.xml HTTP/1.1" 200 8514462 "-" "Python-urllib/3.11"
51.77.52.107 - - [18/Apr/2025:05:39:10 +0200] "GET /Jurek/eurofirany/images/459301/0.jpg HTTP/2.0" 200 116834 "-" "baselinker"
51.77.52.107 - - [18/Apr/2025:05:39:22 +0200] "GET /Jurek/eurofirany/images/459301/0.jpg HTTP/2.0" 200 116834 "-" "baselinker"
51.77.52.107 - - [18/Apr/2025:05:39:27 +0200] "GET /Jurek/eurofirany/images/459309/0.jpg HTTP/2.0" 200 113178 "-" "baselinker"
51.77.52.107 - - [18/Apr/2025:05:39:41 +0200] "GET /Jurek/eurofirany/images/459309/0.jpg HTTP/2.0" 200 113178 "-" "baselinker"
51.77.52.107 - - [18/Apr/2025:05:39:50 +0200] "GET /Jurek/eurofirany/images/459309/0.jpg HTTP/2.0" 200 113178 "-" "baselinker"
51.77.52.107 - - [18/Apr/2025:05:40:04 +0200] "GET /Jurek/eurofirany/images/462515/0.jpg HTTP/2.0" 200 84373 "-" "baselinker"
51.77.52.107 - - [18/Apr/2025:05:40:11 +0200] "GET /Jurek/eurofirany/images/462515/0.jpg HTTP/2.0" 200 84373 "-" "baselinker"
51.77.52.107 - - [18/Apr/2025:05:40:29 +0200] "GET /Jurek/eurofirany/images/462515/0.jpg HTTP/2.0" 200 84373 "-" "baselinker"
52.167.144.196 - - [18/Apr/2025:05:40:30 +0200] "GET /Jurek/topeshop/downloaded_images/5904507200084_MIJASBIURKOBRY%C5%81KABIELPRAWEBOKZM.jpg HTTP/2.0" 404 3551 "-" "Mozilla/5.0 AppleWebKit/537.36 (KHTML, like Gecko; compatible; bingbot/2.0; +http://www.bing.com/bingbot.htm) Chrome/116.0.1938.76 Safari/537.36"
40.77.167.57 - - [18/Apr/2025:05:40:31 +0200] "GET /Jurek/topeshop/downloaded_images/5904507201906_MIJASBIURKOBRY%C5%81KAANTRACYTLEWEBOKZM.jpg HTTP/2.0" 404 3551 "-" "Mozilla/5.0 AppleWebKit/537.36 (KHTML, like Gecko; compatible; bingbot/2.0; +http://www.bing.com/bingbot.htm) Chrome/116.0.1938.76 Safari/537.36"
77.79.248.229 - - [18/Apr/2025:05:40:34 +0200] "GET /Jurek/kinghoff/feeds/kinghoff_SkroutzGR.xml HTTP/1.1" 200 15449767 "-" "Python-urllib/3.11"
40.77.167.17 - - [18/Apr/2025:05:40:34 +0200] "GET /Jurek/topeshop/downloaded_images/5904507200176_MIJASBIURKOBRY%C5%81KASONOMAPRAWEBOKZM.jpg HTTP/2.0" 404 3551 "-" "Mozilla/5.0 AppleWebKit/537.36 (KHTML, like Gecko; compatible; bingbot/2.0; +http://www.bing.com/bingbot.htm) Chrome/116.0.1938.76 Safari/537.36"
77.79.248.229 - - [18/Apr/2025:05:40:35 +0200] "GET /Jurek/aw/feeds/awnarzedzia_skroutz.xml HTTP/1.1" 200 90460657 "-" "Python-urllib/3.11"
77.79.248.229 - - [18/Apr/2025:05:40:35 +0200] "GET /Jurek/eurofirany/feeds/eurofirany_skroutz.xml HTTP/1.1" 200 18800482 "-" "Python-urllib/3.11"
77.79.248.229 - - [18/Apr/2025:05:40:35 +0200] "GET /Jurek/fernity/feeds/fernity_skroutz.xml HTTP/1.1" 200 4816747 "-" "Python-urllib/3.11"
40.77.167.57 - - [18/Apr/2025:05:40:41 +0200] "GET /Jurek/topeshop/downloaded_images/5902838463741_20st_close.jpg HTTP/2.0" 404 3551 "-" "Mozilla/5.0 AppleWebKit/537.36 (KHTML, like Gecko; compatible; bingbot/2.0; +http://www.bing.com/bingbot.htm) Chrome/116.0.1938.76 Safari/537.36"
51.77.52.107 - - [18/Apr/2025:05:40:44 +0200] "GET /Jurek/eurofirany/images/454049/0.jpg HTTP/2.0" 200 77302 "-" "baselinker"
51.77.52.107 - - [18/Apr/2025:05:41:01 +0200] "GET /Jurek/eurofirany/images/454049/0.jpg HTTP/2.0" 200 77302 "-" "baselinker"
46.101.116.244 - - [18/Apr/2025:05:41:03 +0200] "GET /Jurek/aw/feeds/aw_fnacfr.xml HTTP/1.0" 404 3551 "-" "-"
51.77.52.107 - - [18/Apr/2025:05:41:16 +0200] "GET /Jurek/eurofirany/images/454049/0.jpg HTTP/2.0" 200 77302 "-" "baselinker"
51.77.52.107 - - [18/Apr/2025:05:41:30 +0200] "GET /Jurek/eurofirany/images/457464/0.jpg HTTP/2.0" 200 63430 "-" "baselinker"
51.77.52.107 - - [18/Apr/2025:05:41:45 +0200] "GET /Jurek/eurofirany/images/457464/0.jpg HTTP/2.0" 200 63430 "-" "baselinker"
46.101.116.244 - - [18/Apr/2025:05:41:48 +0200] "GET /Jurek/vivaldi/feeds/vivaldi_kaufland.xml HTTP/2.0" 200 344836 "-" "-"
51.77.52.107 - - [18/Apr/2025:05:42:00 +0200] "GET /Jurek/eurofirany/images/457464/0.jpg HTTP/2.0" 200 63430 "-" "baselinker"
46.101.116.244 - - [18/Apr/2025:05:42:13 +0200] "GET /Jurek/vidaCZ/feeds/vida_Kaufland.xml HTTP/2.0" 200 662006704 "-" "-"
51.77.52.107 - - [18/Apr/2025:05:42:14 +0200] "GET /Jurek/eurofirany/images/457468/0.jpg HTTP/2.0" 200 79727 "-" "baselinker"
51.77.52.107 - - [18/Apr/2025:05:42:21 +0200] "GET /Jurek/eurofirany/images/457468/0.jpg HTTP/2.0" 200 79727 "-" "baselinker"
51.77.52.107 - - [18/Apr/2025:05:42:33 +0200] "GET /Jurek/eurofirany/images/457468/0.jpg HTTP/2.0" 200 79727 "-" "baselinker"
51.77.52.107 - - [18/Apr/2025:05:42:45 +0200] "GET /Jurek/eurofirany/images/457489/0.jpg HTTP/2.0" 200 73335 "-" "baselinker"
46.101.116.244 - - [18/Apr/2025:05:42:50 +0200] "GET /Jurek/kinghoff/feeds/kinghoff_allegro.xml HTTP/1.0" 200 15451465 "-" "-"
89.161.206.59 - - [18/Apr/2025:05:42:50 +0200] "GET /Jurek/ikonka/feeds/ikonka_allegro_cz.xml HTTP/1.0" 200 22175247 "-" "-"
89.161.206.59 - - [18/Apr/2025:05:42:51 +0200] "GET /Jurek/hurtownia_przemyslowa/feeds/hp_allegro_cz.xml HTTP/1.0" 200 49369374 "-" "-"
89.161.206.59 - - [18/Apr/2025:05:42:55 +0200] "GET /Jurek/benetech/feeds/benetech_allegro.xml HTTP/1.0" 200 4165727 "-" "-"
89.161.206.59 - - [18/Apr/2025:05:42:55 +0200] "GET /Jurek/sempler/feeds/sempler_allegro.xml HTTP/1.0" 200 6788414 "-" "-"
89.161.206.59 - - [18/Apr/2025:05:42:56 +0200] "GET /Jurek/targethome/feeds/targethome_allegro.xml HTTP/1.0" 200 688669 "-" "-"
89.161.206.59 - - [18/Apr/2025:05:42:56 +0200] "GET /Jurek/kambukka/feeds/kambukka_allegro.xml HTTP/1.0" 200 1021484 "-" "-"
89.161.206.59 - - [18/Apr/2025:05:42:56 +0200] "GET /Jurek/swiatecznygoliat/feeds/swiatecznygoliat_allegro.xml HTTP/1.0" 200 7054771 "-" "-"
89.161.206.59 - - [18/Apr/2025:05:42:56 +0200] "GET /Jurek/artdog/feeds/artdog_allegro.xml HTTP/1.0" 200 17162209 "-" "-"
51.77.52.107 - - [18/Apr/2025:05:42:57 +0200] "GET /Jurek/eurofirany/images/457489/0.jpg HTTP/2.0" 200 73335 "-" "baselinker"
89.161.206.59 - - [18/Apr/2025:05:42:57 +0200] "GET /Jurek/oromed/feeds/oromed_allegro.xml HTTP/1.0" 200 1103170 "-" "-"
89.161.206.59 - - [18/Apr/2025:05:42:57 +0200] "GET /Jurek/ekuchcikowo/feeds/ekuchcikowo_allegro.xml HTTP/1.0" 200 12472477 "-" "-"
89.161.206.59 - - [18/Apr/2025:05:42:57 +0200] "GET /Jurek/livinhill/feeds/livinhill_allegro.xml HTTP/1.0" 200 1454710 "-" "-"
89.161.206.59 - - [18/Apr/2025:05:42:57 +0200] "GET /Jurek/narzbud/feeds/narzbud_allegro.xml HTTP/1.0" 200 1901345 "-" "-"
89.161.206.59 - - [18/Apr/2025:05:42:57 +0200] "GET /Jurek/bisanti/feeds/bisanti_allegro.xml HTTP/1.0" 200 1142374 "-" "-"
89.161.206.59 - - [18/Apr/2025:05:42:57 +0200] "GET /Jurek/combine/feeds/combine_allegro.xml HTTP/1.0" 200 210566 "-" "-"
89.161.206.59 - - [18/Apr/2025:05:42:57 +0200] "GET /Jurek/spali/feeds/spali_allegro.xml HTTP/1.0" 200 77067 "-" "-"
89.161.206.59 - - [18/Apr/2025:05:42:58 +0200] "GET /Jurek/ekolight/feeds/ekolight_allegro.xml HTTP/1.0" 200 9054989 "-" "-"
89.161.206.59 - - [18/Apr/2025:05:42:58 +0200] "GET /Jurek/urwiskowo/feeds/urwiskowo_allegro.xml HTTP/1.0" 200 9115637 "-" "-"
89.161.206.59 - - [18/Apr/2025:05:42:58 +0200] "GET /Jurek/reman/feeds/reman_allegro.xml HTTP/1.0" 200 1394891 "-" "-"
46.101.116.244 - - [18/Apr/2025:05:43:06 +0200] "GET /Jurek/fernity/feeds/fernity_manomano.xml HTTP/1.0" 200 4816547 "-" "-"
51.77.52.107 - - [18/Apr/2025:05:43:10 +0200] "GET /Jurek/eurofirany/images/457489/0.jpg HTTP/2.0" 200 73335 "-" "baselinker"
51.77.52.107 - - [18/Apr/2025:05:43:24 +0200] "GET /Jurek/eurofirany/images/460804/0.jpg HTTP/2.0" 200 72627 "-" "baselinker"
51.77.52.107 - - [18/Apr/2025:05:43:30 +0200] "GET /Jurek/eurofirany/images/460804/0.jpg HTTP/2.0" 200 72627 "-" "baselinker"
51.77.52.107 - - [18/Apr/2025:05:43:41 +0200] "GET /Jurek/eurofirany/images/460804/0.jpg HTTP/2.0" 200 72627 "-" "baselinker"
51.77.52.107 - - [18/Apr/2025:05:43:55 +0200] "GET /Jurek/eurofirany/images/460838/0.jpg HTTP/2.0" 200 61055 "-" "baselinker"
46.101.116.244 - - [18/Apr/2025:05:44:10 +0200] "GET /Jurek/hurtmeblowy/feeds/hurtmeblowy_kauflandsk.xml HTTP/2.0" 200 7523890 "-" "-"
51.77.52.107 - - [18/Apr/2025:05:44:10 +0200] "GET /Jurek/eurofirany/images/460838/0.jpg HTTP/2.0" 200 61055 "-" "baselinker"
46.101.116.244 - - [18/Apr/2025:05:44:22 +0200] "GET /Jurek/kobi/feeds/kobi_kauflandsk.xml HTTP/2.0" 200 942987 "-" "-"
51.77.52.107 - - [18/Apr/2025:05:44:24 +0200] "GET /Jurek/eurofirany/images/460838/0.jpg HTTP/2.0" 200 61055 "-" "baselinker"
46.101.116.244 - - [18/Apr/2025:05:44:33 +0200] "GET /Jurek/madrex/feeds/madrex_kauflandsk.xml HTTP/2.0" 200 466694 "-" "-"
51.77.52.107 - - [18/Apr/2025:05:44:37 +0200] "GET /Jurek/eurofirany/images/460845/0.jpg HTTP/2.0" 200 128235 "-" "baselinker"
51.77.52.107 - - [18/Apr/2025:05:44:54 +0200] "GET /Jurek/eurofirany/images/460845/0.jpg HTTP/2.0" 200 128235 "-" "baselinker"
51.77.52.107 - - [18/Apr/2025:05:45:07 +0200] "GET /Jurek/eurofirany/images/460845/0.jpg HTTP/2.0" 200 128235 "-" "baselinker"
46.101.116.244 - - [18/Apr/2025:05:45:07 +0200] "GET /Jurek/action/feeds/action_kauflandsk.xml HTTP/2.0" 200 59684894 "-" "-"
89.161.206.59 - - [18/Apr/2025:05:45:09 +0200] "GET /Jurek/pupus/feeds/pupus_amazonde.xml HTTP/1.0" 200 6154242 "-" "-"
89.161.206.59 - - [18/Apr/2025:05:45:10 +0200] "GET /Jurek/pupus/feeds/pupus_amazonbe.xml HTTP/1.0" 200 6154494 "-" "-"
89.161.206.59 - - [18/Apr/2025:05:45:10 +0200] "GET /Jurek/pupus/feeds/pupus_amazonit.xml HTTP/1.0" 200 6154592 "-" "-"
89.161.206.59 - - [18/Apr/2025:05:45:10 +0200] "GET /Jurek/pupus/feeds/pupus_amazonse.xml HTTP/1.0" 200 6156066 "-" "-"
89.161.206.59 - - [18/Apr/2025:05:45:11 +0200] "GET /Jurek/pupus/feeds/pupus_amazonfr.xml HTTP/1.0" 200 6154486 "-" "-"
89.161.206.59 - - [18/Apr/2025:05:45:11 +0200] "GET /Jurek/pupus/feeds/pupus_amazones.xml HTTP/1.0" 200 3619486 "-" "-"
89.161.206.59 - - [18/Apr/2025:05:45:11 +0200] "GET /Jurek/pupus/feeds/pupus_amazonnl.xml HTTP/1.0" 200 6154060 "-" "-"
89.161.206.59 - - [18/Apr/2025:05:45:12 +0200] "GET /Jurek/dekoele/feeds/dekoele_amazonde.xml HTTP/1.0" 200 733935 "-" "-"
89.161.206.59 - - [18/Apr/2025:05:45:12 +0200] "GET /Jurek/dekoele/feeds/dekoele_amazonit.xml HTTP/1.0" 200 733936 "-" "-"
89.161.206.59 - - [18/Apr/2025:05:45:12 +0200] "GET /Jurek/dekoele/feeds/dekoele_amazonfr.xml HTTP/1.0" 200 733931 "-" "-"
89.161.206.59 - - [18/Apr/2025:05:45:12 +0200] "GET /Jurek/dekoele/feeds/dekoele_amazones.xml HTTP/1.0" 200 733932 "-" "-"
89.161.206.59 - - [18/Apr/2025:05:45:12 +0200] "GET /Jurek/dekoele/feeds/dekoele_amazonnl.xml HTTP/1.0" 200 733928 "-" "-"
89.161.206.59 - - [18/Apr/2025:05:45:12 +0200] "GET /Jurek/dekoele/feeds/dekoele_amazonse.xml HTTP/1.0" 200 734012 "-" "-"
89.161.206.59 - - [18/Apr/2025:05:45:13 +0200] "GET /Jurek/dekoele/feeds/dekoele_amazonbe.xml HTTP/1.0" 200 733937 "-" "-"
89.161.206.59 - - [18/Apr/2025:05:45:14 +0200] "GET /Jurek/benetech/feeds/benetech_amazonse.xml HTTP/1.0" 200 4165838 "-" "-"
89.161.206.59 - - [18/Apr/2025:05:45:15 +0200] "GET /Jurek/kobi/feeds/kobi_amazonnl.xml HTTP/1.0" 200 677181 "-" "-"
89.161.206.59 - - [18/Apr/2025:05:45:15 +0200] "GET /Jurek/kobi/feeds/kobi_amazonse.xml HTTP/1.0" 200 677312 "-" "-"
89.161.206.59 - - [18/Apr/2025:05:45:16 +0200] "GET /Jurek/kobi/feeds/kobi_amazones.xml HTTP/1.0" 200 677189 "-" "-"
89.161.206.59 - - [18/Apr/2025:05:45:16 +0200] "GET /Jurek/kobi/feeds/kobi_amazonfr.xml HTTP/1.0" 200 677230 "-" "-"
89.161.206.59 - - [18/Apr/2025:05:45:16 +0200] "GET /Jurek/kobi/feeds/kobi_amazonbe.xml HTTP/1.0" 200 677180 "-" "-"
89.161.206.59 - - [18/Apr/2025:05:45:16 +0200] "GET /Jurek/aiofactory/feeds/aiofactory_amazones.xml HTTP/1.0" 200 2123767 "-" "-"
89.161.206.59 - - [18/Apr/2025:05:45:16 +0200] "GET /Jurek/aiofactory/feeds/aiofactory_amazonfr.xml HTTP/1.0" 200 2123775 "-" "-"
89.161.206.59 - - [18/Apr/2025:05:45:16 +0200] "GET /Jurek/aiofactory/feeds/aiofactory_amazonit.xml HTTP/1.0" 200 2123766 "-" "-"
89.161.206.59 - - [18/Apr/2025:05:45:17 +0200] "GET /Jurek/aiofactory/feeds/aiofactory_amazonnl.xml HTTP/1.0" 200 2123772 "-" "-"
89.161.206.59 - - [18/Apr/2025:05:45:17 +0200] "GET /Jurek/aiofactory/feeds/aiofactory_amazonde.xml HTTP/1.0" 200 2123759 "-" "-"
89.161.206.59 - - [18/Apr/2025:05:45:17 +0200] "GET /Jurek/hurtmeblowy/feeds/hurtmeblowy_amazonde.xml HTTP/1.0" 200 7523878 "-" "-"
51.77.52.107 - - [18/Apr/2025:05:45:17 +0200] "GET /Jurek/eurofirany/images/460847/0.jpg HTTP/2.0" 200 107400 "-" "baselinker"
89.161.206.59 - - [18/Apr/2025:05:45:18 +0200] "GET /Jurek/rosfix/feeds/rosfix_amazonde.xml HTTP/1.0" 200 34055441 "-" "-"
89.161.206.59 - - [18/Apr/2025:05:45:21 +0200] "GET /Jurek/kamar/feeds/kamar_amazonde.xml HTTP/1.0" 200 25550287 "-" "-"
89.161.206.59 - - [18/Apr/2025:05:45:23 +0200] "GET /Jurek/avenido/feeds/avenido_amazonde.xml HTTP/1.0" 200 720080 "-" "-"
89.161.206.59 - - [18/Apr/2025:05:45:26 +0200] "GET /Jurek/snibbs/feeds/snibbs_amazonde.xml HTTP/1.0" 200 74393 "-" "-"
89.161.206.59 - - [18/Apr/2025:05:45:26 +0200] "GET /Jurek/sebmart/feeds/sebmart_amazonde.xml HTTP/1.0" 200 1598741 "-" "-"
51.77.52.107 - - [18/Apr/2025:05:45:31 +0200] "GET /Jurek/eurofirany/images/460847/0.jpg HTTP/2.0" 200 107400 "-" "baselinker"
40.77.167.17 - - [18/Apr/2025:05:45:41 +0200] "GET /Jurek/eurofirany/images/423214/0.jpg HTTP/2.0" 200 0 "-" "Mozilla/5.0 AppleWebKit/537.36 (KHTML, like Gecko; compatible; bingbot/2.0; +http://www.bing.com/bingbot.htm) Chrome/116.0.1938.76 Safari/537.36"
51.77.52.107 - - [18/Apr/2025:05:45:45 +0200] "GET /Jurek/eurofirany/images/460847/0.jpg HTTP/2.0" 200 107400 "-" "baselinker"
52.167.144.166 - - [18/Apr/2025:05:45:46 +0200] "GET /Jurek/eurofirany/images/423209/0.jpg HTTP/2.0" 200 0 "-" "Mozilla/5.0 AppleWebKit/537.36 (KHTML, like Gecko; compatible; bingbot/2.0; +http://www.bing.com/bingbot.htm) Chrome/116.0.1938.76 Safari/537.36"
46.101.116.244 - - [18/Apr/2025:05:45:53 +0200] "GET /Jurek/aw/feeds/aw_fnacfr.xml HTTP/1.0" 404 3551 "-" "-"
89.161.206.59 - - [18/Apr/2025:05:45:56 +0200] "GET /Jurek/drewdon/feeds/drewdon_amazonde.xml HTTP/1.0" 200 504445 "-" "-"
51.77.52.107 - - [18/Apr/2025:05:45:58 +0200] "GET /Jurek/eurofirany/images/463881/0.jpg HTTP/2.0" 200 64484 "-" "baselinker"
46.101.116.244 - - [18/Apr/2025:05:45:59 +0200] "GET /Jurek/andex/feeds/andex_kauflandsk.xml HTTP/2.0" 200 1953341 "-" "-"
51.77.52.107 - - [18/Apr/2025:05:46:03 +0200] "GET /Jurek/eurofirany/images/463881/0.jpg HTTP/2.0" 200 64484 "-" "baselinker"
46.101.116.244 - - [18/Apr/2025:05:46:11 +0200] "GET /Jurek/aw/feeds/awnarzedzia_kauflandsk.xml HTTP/2.0" 200 90523194 "-" "-"
51.77.52.107 - - [18/Apr/2025:05:46:17 +0200] "GET /Jurek/eurofirany/images/463881/0.jpg HTTP/2.0" 200 64484 "-" "baselinker"
51.77.52.107 - - [18/Apr/2025:05:46:29 +0200] "GET /Jurek/eurofirany/images/463923/0.jpg HTTP/2.0" 200 64776 "-" "baselinker"
46.101.116.244 - - [18/Apr/2025:05:46:30 +0200] "GET /Jurek/b3/feeds/b3_kauflandsk.xml HTTP/2.0" 200 8061565 "-" "-"
51.77.52.107 - - [18/Apr/2025:05:46:39 +0200] "GET /Jurek/eurofirany/images/463923/0.jpg HTTP/2.0" 200 64776 "-" "baselinker"
89.161.206.59 - - [18/Apr/2025:05:46:40 +0200] "GET /Jurek/targethome/feeds/targethome_emagro.xml HTTP/1.0" 200 688688 "-" "-"
46.101.116.244 - - [18/Apr/2025:05:46:41 +0200] "GET /Jurek/barbecook/feeds/barbecook_kauflandsk.xml HTTP/2.0" 200 87527 "-" "-"
46.101.116.244 - - [18/Apr/2025:05:46:51 +0200] "GET /Jurek/bass/feeds/bass_kauflandsk.xml HTTP/2.0" 200 3972025 "-" "-"
51.77.52.107 - - [18/Apr/2025:05:46:52 +0200] "GET /Jurek/eurofirany/images/463923/0.jpg HTTP/2.0" 200 64776 "-" "baselinker"
46.101.116.244 - - [18/Apr/2025:05:47:02 +0200] "GET /Jurek/beliani/feeds/beliani_sk_kaufland.xml HTTP/2.0" 200 34001072 "-" "-"
51.77.52.107 - - [18/Apr/2025:05:47:04 +0200] "GET /Jurek/eurofirany/images/460839/0.jpg HTTP/2.0" 200 135040 "-" "baselinker"
51.77.52.107 - - [18/Apr/2025:05:47:14 +0200] "GET /Jurek/eurofirany/images/460839/0.jpg HTTP/2.0" 200 135040 "-" "baselinker"
46.101.116.244 - - [18/Apr/2025:05:47:15 +0200] "GET /Jurek/benbaby/feeds/benbaby_kauflandsk.xml HTTP/2.0" 200 3626057 "-" "-"
46.101.116.244 - - [18/Apr/2025:05:47:25 +0200] "GET /Jurek/detian/feeds/detian_kauflandsk.xml HTTP/2.0" 404 3551 "-" "-"
51.77.52.107 - - [18/Apr/2025:05:47:28 +0200] "GET /Jurek/eurofirany/images/460839/0.jpg HTTP/2.0" 200 135040 "-" "baselinker"
46.101.116.244 - - [18/Apr/2025:05:47:36 +0200] "GET /Jurek/emibig/feeds/emibig_kauflandsk.xml HTTP/2.0" 200 2522259 "-" "-"
51.77.52.107 - - [18/Apr/2025:05:47:40 +0200] "GET /Jurek/eurofirany/images/463646/0.jpg HTTP/2.0" 200 95474 "-" "baselinker"
46.101.116.244 - - [18/Apr/2025:05:47:46 +0200] "GET /Jurek/eurofirany/feeds/eurofirany_kaufland_sk.xml HTTP/2.0" 200 19080443 "-" "-"
51.77.52.107 - - [18/Apr/2025:05:47:53 +0200] "GET /Jurek/eurofirany/images/463646/0.jpg HTTP/2.0" 200 95474 "-" "baselinker"
46.101.116.244 - - [18/Apr/2025:05:47:59 +0200] "GET /Jurek/fernity/feeds/fernity_kauflandsk.xml HTTP/2.0" 200 4816211 "-" "-"
51.77.52.107 - - [18/Apr/2025:05:48:05 +0200] "GET /Jurek/eurofirany/images/463646/0.jpg HTTP/2.0" 200 95474 "-" "baselinker"
51.77.52.107 - - [18/Apr/2025:05:48:19 +0200] "GET /Jurek/eurofirany/images/463647/0.jpg HTTP/2.0" 200 98848 "-" "baselinker"
46.101.116.244 - - [18/Apr/2025:05:48:21 +0200] "GET /Jurek/hurtownia_przemyslowa/feeds/hp_kaufsk.xml HTTP/2.0" 200 49361024 "-" "-"
51.77.52.107 - - [18/Apr/2025:05:48:24 +0200] "GET /Jurek/eurofirany/images/463647/0.jpg HTTP/2.0" 200 98848 "-" "baselinker"
51.77.52.107 - - [18/Apr/2025:05:48:36 +0200] "GET /Jurek/eurofirany/images/463647/0.jpg HTTP/2.0" 200 98848 "-" "baselinker"
51.77.52.107 - - [18/Apr/2025:05:48:51 +0200] "GET /Jurek/eurofirany/images/463652/0.jpg HTTP/2.0" 200 69782 "-" "baselinker"
46.101.116.244 - - [18/Apr/2025:05:48:52 +0200] "GET /Jurek/ikonka/feeds/ikonka_kauflandsk.xml HTTP/2.0" 200 22174504 "-" "-"
46.101.116.244 - - [18/Apr/2025:05:49:04 +0200] "GET /Jurek/kinghoff/feeds/kinghoff_kauflandsk.xml HTTP/2.0" 200 15449704 "-" "-"
51.77.52.107 - - [18/Apr/2025:05:49:04 +0200] "GET /Jurek/eurofirany/images/463652/0.jpg HTTP/2.0" 200 69782 "-" "baselinker"
46.101.116.244 - - [18/Apr/2025:05:49:20 +0200] "GET /Jurek/kinghome/feeds/kinghome_kauflandsk.xml HTTP/2.0" 200 6042181 "-" "-"
51.77.52.107 - - [18/Apr/2025:05:49:20 +0200] "GET /Jurek/eurofirany/images/463652/0.jpg HTTP/2.0" 200 69782 "-" "baselinker"
51.77.52.107 - - [18/Apr/2025:05:49:31 +0200] "GET /Jurek/eurofirany/images/463663/0.jpg HTTP/2.0" 200 74192 "-" "baselinker"
51.77.52.107 - - [18/Apr/2025:05:49:40 +0200] "GET /Jurek/eurofirany/images/463663/0.jpg HTTP/2.0" 200 74192 "-" "baselinker"
51.77.52.107 - - [18/Apr/2025:05:49:50 +0200] "GET /Jurek/eurofirany/images/463663/0.jpg HTTP/2.0" 200 74192 "-" "baselinker"
46.101.116.244 - - [18/Apr/2025:05:49:56 +0200] "GET /Jurek/octopia/feeds/octopia_kauflandsk.xml HTTP/2.0" 200 10103788 "-" "-"
51.77.52.107 - - [18/Apr/2025:05:50:06 +0200] "GET /Jurek/eurofirany/images/463664/0.jpg HTTP/2.0" 200 73598 "-" "baselinker"
46.101.116.244 - - [18/Apr/2025:05:50:08 +0200] "GET /Jurek/rovicky/feeds/rovicky_kauflandsk.xml HTTP/2.0" 200 15039745 "-" "-"
51.77.52.107 - - [18/Apr/2025:05:50:18 +0200] "GET /Jurek/eurofirany/images/463664/0.jpg HTTP/2.0" 200 73598 "-" "baselinker"
46.101.116.244 - - [18/Apr/2025:05:50:19 +0200] "GET /Jurek/stema/feeds/stema_kauflandsk.xml HTTP/2.0" 200 856962 "-" "-"
46.101.116.244 - - [18/Apr/2025:05:50:29 +0200] "GET /Jurek/twm/feeds/twm-kauflandsk.xml HTTP/2.0" 200 2489378 "-" "-"
51.77.52.107 - - [18/Apr/2025:05:50:30 +0200] "GET /Jurek/eurofirany/images/463664/0.jpg HTTP/2.0" 200 73598 "-" "baselinker"
46.101.116.244 - - [18/Apr/2025:05:50:41 +0200] "GET /Jurek/unimet/feeds/unimet_kauflandsk.xml HTTP/2.0" 200 61141462 "-" "-"
51.77.52.107 - - [18/Apr/2025:05:50:41 +0200] "GET /Jurek/eurofirany/images/463642/0.jpg HTTP/2.0" 200 85499 "-" "baselinker"
52.167.144.166 - - [18/Apr/2025:05:50:43 +0200] "GET /Jurek/topeshop/downloaded_images/5902838466209_KUBABIURKOBRY%C5%81KASONOMABOKZM.jpg HTTP/2.0" 404 3551 "-" "Mozilla/5.0 AppleWebKit/537.36 (KHTML, like Gecko; compatible; bingbot/2.0; +http://www.bing.com/bingbot.htm) Chrome/116.0.1938.76 Safari/537.36"
51.77.52.107 - - [18/Apr/2025:05:50:54 +0200] "GET /Jurek/eurofirany/images/463642/0.jpg HTTP/2.0" 200 85499 "-" "baselinker"
51.77.52.107 - - [18/Apr/2025:05:51:06 +0200] "GET /Jurek/eurofirany/images/463642/0.jpg HTTP/2.0" 200 85499 "-" "baselinker"
46.101.116.244 - - [18/Apr/2025:05:51:09 +0200] "GET /Jurek/aw/feeds/aw_fnacfr.xml HTTP/1.0" 404 3551 "-" "-"
51.77.52.107 - - [18/Apr/2025:05:51:20 +0200] "GET /Jurek/eurofirany/images/463643/0.jpg HTTP/2.0" 200 91949 "-" "baselinker"
51.77.52.107 - - [18/Apr/2025:05:51:34 +0200] "GET /Jurek/eurofirany/images/463643/0.jpg HTTP/2.0" 200 91949 "-" "baselinker"
51.77.52.107 - - [18/Apr/2025:05:51:46 +0200] "GET /Jurek/eurofirany/images/463643/0.jpg HTTP/2.0" 200 91949 "-" "baselinker"
51.77.52.107 - - [18/Apr/2025:05:51:59 +0200] "GET /Jurek/eurofirany/images/424853/0.jpg HTTP/2.0" 200 90931 "-" "baselinker"
51.77.52.107 - - [18/Apr/2025:05:52:03 +0200] "GET /Jurek/eurofirany/images/424853/0.jpg HTTP/2.0" 200 90931 "-" "baselinker"
51.77.52.107 - - [18/Apr/2025:05:52:07 +0200] "GET /Jurek/eurofirany/images/424853/0.jpg HTTP/2.0" 200 90931 "-" "baselinker"
51.77.52.107 - - [18/Apr/2025:05:52:11 +0200] "GET /Jurek/eurofirany/images/315101/0.jpg HTTP/2.0" 200 79456 "-" "baselinker"
89.161.206.59 - - [18/Apr/2025:05:52:17 +0200] "GET /Jurek/kobi/feeds/kobi_emagro.xml HTTP/1.0" 200 249090 "-" "-"
51.77.52.107 - - [18/Apr/2025:05:52:25 +0200] "GET /Jurek/eurofirany/images/315101/0.jpg HTTP/2.0" 200 79456 "-" "baselinker"
51.77.52.107 - - [18/Apr/2025:05:52:36 +0200] "GET /Jurek/eurofirany/images/315101/0.jpg HTTP/2.0" 200 79456 "-" "baselinker"
51.77.52.107 - - [18/Apr/2025:05:52:40 +0200] "GET /Jurek/eurofirany/images/315104/0.jpg HTTP/2.0" 200 94657 "-" "baselinker"
51.77.52.107 - - [18/Apr/2025:05:52:52 +0200] "GET /Jurek/eurofirany/images/315104/0.jpg HTTP/2.0" 200 94657 "-" "baselinker"
89.161.206.59 - - [18/Apr/2025:05:52:57 +0200] "GET /Jurek/waks/feeds/waks_emagro.xml HTTP/1.0" 200 1598638 "-" "-"
51.77.52.107 - - [18/Apr/2025:05:53:04 +0200] "GET /Jurek/eurofirany/images/315104/0.jpg HTTP/2.0" 200 94657 "-" "baselinker"
46.101.116.244 - - [18/Apr/2025:05:53:28 +0200] "GET /Jurek/vivaldi/feeds/vivaldi_kauflandsk.xml HTTP/2.0" 200 344648 "-" "-"
51.77.52.107 - - [18/Apr/2025:05:53:32 +0200] "GET /Jurek/eurofirany/images/315105/0.jpg HTTP/2.0" 200 87049 "-" "baselinker"
51.77.52.107 - - [18/Apr/2025:05:53:43 +0200] "GET /Jurek/eurofirany/images/315105/0.jpg HTTP/2.0" 200 87049 "-" "baselinker"
46.101.116.244 - - [18/Apr/2025:05:53:46 +0200] "GET /Jurek/vidaSK/feeds/vida_kaufland.xml HTTP/2.0" 200 643192895 "-" "-"
51.77.52.107 - - [18/Apr/2025:05:53:59 +0200] "GET /Jurek/eurofirany/images/315105/0.jpg HTTP/2.0" 200 87049 "-" "baselinker"
51.77.52.107 - - [18/Apr/2025:05:54:10 +0200] "GET /Jurek/eurofirany/images/315107/0.jpg HTTP/2.0" 200 72009 "-" "baselinker"
51.77.52.107 - - [18/Apr/2025:05:54:21 +0200] "GET /Jurek/eurofirany/images/315107/0.jpg HTTP/2.0" 200 72009 "-" "baselinker"
51.77.52.107 - - [18/Apr/2025:05:54:29 +0200] "GET /Jurek/eurofirany/images/315107/0.jpg HTTP/2.0" 200 72009 "-" "baselinker"
46.101.116.244 - - [18/Apr/2025:05:54:37 +0200] "GET /Jurek/madrex/feeds/madrex_kauflandde.xml HTTP/2.0" 200 466685 "-" "-"
51.77.52.107 - - [18/Apr/2025:05:54:38 +0200] "GET /Jurek/eurofirany/images/315109/0.jpg HTTP/2.0" 200 82263 "-" "baselinker"
46.101.116.244 - - [18/Apr/2025:05:54:47 +0200] "GET /Jurek/hurtmeblowy/feeds/hurtmeblowy_kauflandde.xml HTTP/2.0" 200 7523729 "-" "-"
51.77.52.107 - - [18/Apr/2025:05:54:50 +0200] "GET /Jurek/eurofirany/images/315109/0.jpg HTTP/2.0" 200 82263 "-" "baselinker"
51.77.52.107 - - [18/Apr/2025:05:54:59 +0200] "GET /Jurek/eurofirany/images/315109/0.jpg HTTP/2.0" 200 82263 "-" "baselinker"
46.101.116.244 - - [18/Apr/2025:05:55:00 +0200] "GET /Jurek/kobi/feeds/kobi_kauflandde.xml HTTP/2.0" 200 942985 "-" "-"
46.101.116.244 - - [18/Apr/2025:05:55:11 +0200] "GET /Jurek/matkam/feeds/matkam_kauflandde.xml HTTP/2.0" 200 4424902 "-" "-"
51.77.52.107 - - [18/Apr/2025:05:55:14 +0200] "GET /Jurek/eurofirany/images/315116/0.jpg HTTP/2.0" 200 77332 "-" "baselinker"
46.101.116.244 - - [18/Apr/2025:05:55:22 +0200] "GET /Jurek/action/feeds/action_kauflandde.xml HTTP/2.0" 200 59683686 "-" "-"
51.77.52.107 - - [18/Apr/2025:05:55:26 +0200] "GET /Jurek/eurofirany/images/315116/0.jpg HTTP/2.0" 200 77332 "-" "baselinker"
89.161.206.59 - - [18/Apr/2025:05:55:32 +0200] "GET /Jurek/hurtownia_przemyslowa/feeds/hp_amazonDE.xml HTTP/1.0" 200 42278247 "-" "-"
89.161.206.59 - - [18/Apr/2025:05:55:35 +0200] "GET /Jurek/bass/feeds/bass_amazonfr.xml HTTP/1.0" 200 3972007 "-" "-"
89.161.206.59 - - [18/Apr/2025:05:55:36 +0200] "GET /Jurek/bass/feeds/bass_amazonit.xml HTTP/1.0" 200 3972039 "-" "-"
89.161.206.59 - - [18/Apr/2025:05:55:36 +0200] "GET /Jurek/bass/feeds/bass_amazonnl.xml HTTP/1.0" 200 3972002 "-" "-"
51.77.52.107 - - [18/Apr/2025:05:55:44 +0200] "GET /Jurek/eurofirany/images/315116/0.jpg HTTP/2.0" 200 77332 "-" "baselinker"
51.77.52.107 - - [18/Apr/2025:05:55:53 +0200] "GET /Jurek/eurofirany/images/315125/0.jpg HTTP/2.0" 200 76596 "-" "baselinker"
51.77.52.107 - - [18/Apr/2025:05:56:04 +0200] "GET /Jurek/eurofirany/images/315125/0.jpg HTTP/2.0" 200 76596 "-" "baselinker"
51.77.52.107 - - [18/Apr/2025:05:56:18 +0200] "GET /Jurek/eurofirany/images/315125/0.jpg HTTP/2.0" 200 76596 "-" "baselinker"
51.77.52.107 - - [18/Apr/2025:05:56:31 +0200] "GET /Jurek/eurofirany/images/315126/0.jpg HTTP/2.0" 200 16503 "-" "baselinker"
51.77.52.107 - - [18/Apr/2025:05:56:43 +0200] "GET /Jurek/eurofirany/images/315126/0.jpg HTTP/2.0" 200 16503 "-" "baselinker"
51.77.52.107 - - [18/Apr/2025:05:56:55 +0200] "GET /Jurek/eurofirany/images/315126/0.jpg HTTP/2.0" 200 16503 "-" "baselinker"
51.77.52.107 - - [18/Apr/2025:05:57:05 +0200] "GET /Jurek/eurofirany/images/315130/0.jpg HTTP/2.0" 200 90957 "-" "baselinker"
51.77.52.107 - - [18/Apr/2025:05:57:17 +0200] "GET /Jurek/eurofirany/images/315130/0.jpg HTTP/2.0" 200 90957 "-" "baselinker"
51.77.52.107 - - [18/Apr/2025:05:57:29 +0200] "GET /Jurek/eurofirany/images/315130/0.jpg HTTP/2.0" 200 90957 "-" "baselinker"
46.101.116.244 - - [18/Apr/2025:05:57:39 +0200] "GET /Jurek/kinghoff/feeds/kinghoff_kauflandde.xml HTTP/2.0" 200 15449662 "-" "-"
51.77.52.107 - - [18/Apr/2025:05:57:44 +0200] "GET /Jurek/eurofirany/images/366816/0.jpg HTTP/2.0" 200 82555 "-" "baselinker"
51.77.52.107 - - [18/Apr/2025:05:57:56 +0200] "GET /Jurek/eurofirany/images/366816/0.jpg HTTP/2.0" 200 82555 "-" "baselinker"
51.77.52.107 - - [18/Apr/2025:05:58:06 +0200] "GET /Jurek/eurofirany/images/366816/0.jpg HTTP/2.0" 200 82555 "-" "baselinker"
46.101.116.244 - - [18/Apr/2025:05:58:07 +0200] "GET /Jurek/unimet/feeds/unimet_kauflandde.xml HTTP/2.0" 200 61138958 "-" "-"
51.77.52.107 - - [18/Apr/2025:05:58:20 +0200] "GET /Jurek/eurofirany/images/347655/0.jpg HTTP/2.0" 200 100806 "-" "baselinker"
51.77.52.107 - - [18/Apr/2025:05:58:24 +0200] "GET /Jurek/eurofirany/images/347655/0.jpg HTTP/2.0" 200 100806 "-" "baselinker"
51.77.52.107 - - [18/Apr/2025:05:58:29 +0200] "GET /Jurek/eurofirany/images/347655/0.jpg HTTP/2.0" 200 100806 "-" "baselinker"
51.77.52.107 - - [18/Apr/2025:05:58:34 +0200] "GET /Jurek/eurofirany/images/366519/0.jpg HTTP/2.0" 200 106130 "-" "baselinker"
51.77.52.107 - - [18/Apr/2025:05:58:40 +0200] "GET /Jurek/eurofirany/images/366519/0.jpg HTTP/2.0" 200 106130 "-" "baselinker"
51.77.52.107 - - [18/Apr/2025:05:58:46 +0200] "GET /Jurek/eurofirany/images/366519/0.jpg HTTP/2.0" 200 106130 "-" "baselinker"
51.77.52.107 - - [18/Apr/2025:05:58:52 +0200] "GET /Jurek/eurofirany/images/371348/0.jpg HTTP/2.0" 200 52229 "-" "baselinker"
51.77.52.107 - - [18/Apr/2025:05:59:01 +0200] "GET /Jurek/eurofirany/images/371348/0.jpg HTTP/2.0" 200 52229 "-" "baselinker"
51.77.52.107 - - [18/Apr/2025:05:59:05 +0200] "GET /Jurek/eurofirany/images/371348/0.jpg HTTP/2.0" 200 52229 "-" "baselinker"
51.77.52.107 - - [18/Apr/2025:05:59:09 +0200] "GET /Jurek/eurofirany/images/371357/0.jpg HTTP/2.0" 200 62885 "-" "baselinker"
51.77.52.107 - - [18/Apr/2025:05:59:13 +0200] "GET /Jurek/eurofirany/images/371357/0.jpg HTTP/2.0" 200 62885 "-" "baselinker"
51.77.52.107 - - [18/Apr/2025:05:59:16 +0200] "GET /Jurek/eurofirany/images/371357/0.jpg HTTP/2.0" 200 62885 "-" "baselinker"
51.77.52.107 - - [18/Apr/2025:05:59:20 +0200] "GET /Jurek/eurofirany/images/382224/0.jpg HTTP/2.0" 200 60536 "-" "baselinker"
51.77.52.107 - - [18/Apr/2025:05:59:25 +0200] "GET /Jurek/eurofirany/images/382224/0.jpg HTTP/2.0" 200 60536 "-" "baselinker"
51.77.52.107 - - [18/Apr/2025:05:59:29 +0200] "GET /Jurek/eurofirany/images/382224/0.jpg HTTP/2.0" 200 60536 "-" "baselinker"
51.77.52.107 - - [18/Apr/2025:05:59:33 +0200] "GET /Jurek/eurofirany/images/382225/0.jpg HTTP/2.0" 200 60536 "-" "baselinker"
51.77.52.107 - - [18/Apr/2025:05:59:38 +0200] "GET /Jurek/eurofirany/images/382225/0.jpg HTTP/2.0" 200 60536 "-" "baselinker"
51.77.52.107 - - [18/Apr/2025:05:59:46 +0200] "GET /Jurek/eurofirany/images/382225/0.jpg HTTP/2.0" 200 60536 "-" "baselinker"
51.77.52.107 - - [18/Apr/2025:05:59:50 +0200] "GET /Jurek/eurofirany/images/382227/0.jpg HTTP/2.0" 200 86629 "-" "baselinker"
51.77.52.107 - - [18/Apr/2025:05:59:58 +0200] "GET /Jurek/eurofirany/images/382227/0.jpg HTTP/2.0" 200 86629 "-" "baselinker"
51.77.52.107 - - [18/Apr/2025:06:00:02 +0200] "GET /Jurek/eurofirany/images/382227/0.jpg HTTP/2.0" 200 86629 "-" "baselinker"
51.77.52.107 - - [18/Apr/2025:06:00:06 +0200] "GET /Jurek/eurofirany/images/386393/0.jpg HTTP/2.0" 200 77578 "-" "baselinker"
