51.77.52.107 - - [18/Apr/2025:03:03:06 +0200] "GET /Jurek/eurofirany/images/463384/0.jpg HTTP/2.0" 200 153957 "-" "baselinker"
51.77.52.107 - - [18/Apr/2025:03:03:24 +0200] "GET /Jurek/eurofirany/images/463386/0.jpg HTTP/2.0" 200 153957 "-" "baselinker"
52.209.168.113 - - [18/Apr/2025:03:03:29 +0200] "GET /marketplaces/carrefour/results/carrefour.csv HTTP/1.1" 200 130837 "-" "Mirakl HttpClient"
51.77.52.107 - - [18/Apr/2025:03:03:30 +0200] "GET /Jurek/eurofirany/images/463386/0.jpg HTTP/2.0" 200 153957 "-" "baselinker"
51.77.52.107 - - [18/Apr/2025:03:03:35 +0200] "GET /Jurek/eurofirany/images/463386/0.jpg HTTP/2.0" 200 153957 "-" "baselinker"
89.161.206.59 - - [18/Apr/2025:03:03:37 +0200] "GET /Jurek/hurtmeblowy/feeds/hurtmeblowy_skroutz.xml HTTP/1.0" 200 8514786 "-" "-"
51.77.52.107 - - [18/Apr/2025:03:03:39 +0200] "GET /Jurek/eurofirany/images/463581/0.jpg HTTP/2.0" 200 68100 "-" "baselinker"
51.77.52.107 - - [18/Apr/2025:03:03:53 +0200] "GET /Jurek/eurofirany/images/463581/0.jpg HTTP/2.0" 200 68100 "-" "baselinker"
46.101.116.244 - - [18/Apr/2025:03:03:54 +0200] "GET /Jurek/kalama/feeds/kalama_alza.xml HTTP/2.0" 200 2662581 "-" "-"
46.101.116.244 - - [18/Apr/2025:03:04:05 +0200] "GET /Jurek/proadventure/feeds/proadventure_alza.xml HTTP/2.0" 200 10767271 "-" "-"
5.134.208.158 - - [18/Apr/2025:03:04:06 +0200] "GET /Jurek/eurofirany/images/463740/0.jpg HTTP/1.1" 206 256 "https://www.ceneo.pl" "Mozilla/5.0 (Windows NT 10.0; Win64; x64) AppleWebKit/537.36 (KHTML, like Gecko) Chrome/87.0.4280.141 Safari/537.36"
51.77.52.107 - - [18/Apr/2025:03:04:09 +0200] "GET /Jurek/eurofirany/images/463581/0.jpg HTTP/2.0" 200 68100 "-" "baselinker"
46.101.116.244 - - [18/Apr/2025:03:04:17 +0200] "GET /Jurek/awparts/feeds/awparts_alza.xml HTTP/2.0" 200 142495514 "-" "-"
51.77.52.107 - - [18/Apr/2025:03:04:25 +0200] "GET /Jurek/eurofirany/images/474768/0.jpg HTTP/2.0" 200 35400 "-" "baselinker"
89.161.206.59 - - [18/Apr/2025:03:04:26 +0200] "GET /Jurek/ekolight/feeds/ekolioght_skroutz.xml HTTP/1.0" 200 9052658 "-" "-"
51.77.52.107 - - [18/Apr/2025:03:04:30 +0200] "GET /Jurek/eurofirany/images/474768/0.jpg HTTP/2.0" 200 35400 "-" "baselinker"
51.77.52.107 - - [18/Apr/2025:03:04:38 +0200] "GET /Jurek/eurofirany/images/474768/0.jpg HTTP/2.0" 200 35400 "-" "baselinker"
51.77.52.107 - - [18/Apr/2025:03:04:50 +0200] "GET /Jurek/eurofirany/images/461170/0.jpg HTTP/2.0" 200 84044 "-" "baselinker"
5.134.208.158 - - [18/Apr/2025:03:04:54 +0200] "GET /Jurek/eurofirany/images/468000/0.jpg HTTP/1.1" 206 256 "https://www.ceneo.pl" "Mozilla/5.0 (Windows NT 10.0; Win64; x64) AppleWebKit/537.36 (KHTML, like Gecko) Chrome/87.0.4280.141 Safari/537.36"
51.77.52.107 - - [18/Apr/2025:03:05:06 +0200] "GET /Jurek/eurofirany/images/461170/0.jpg HTTP/2.0" 200 84044 "-" "baselinker"
46.101.116.244 - - [18/Apr/2025:03:05:08 +0200] "GET /Jurek/sportprise/feeds/sportprise_alza.xml HTTP/2.0" 200 12729990 "-" "-"
51.77.52.107 - - [18/Apr/2025:03:05:22 +0200] "GET /Jurek/eurofirany/images/461170/0.jpg HTTP/2.0" 200 84044 "-" "baselinker"
46.101.116.244 - - [18/Apr/2025:03:05:32 +0200] "GET /Jurek/coppotech/feeds/coppotech_alza.xml HTTP/2.0" 200 38061425 "-" "-"
51.77.52.107 - - [18/Apr/2025:03:05:33 +0200] "GET /Jurek/eurofirany/images/461171/0.jpg HTTP/2.0" 200 162963 "-" "baselinker"
89.161.206.59 - - [18/Apr/2025:03:05:44 +0200] "GET /Jurek/aiofactory/feeds/aiofactory_skroutz.xml HTTP/1.0" 200 1876534 "-" "-"
46.101.116.244 - - [18/Apr/2025:03:05:46 +0200] "GET /Jurek/erohurtownia/feeds/erohurtownia_alza.xml HTTP/2.0" 200 22845506 "-" "-"
51.77.52.107 - - [18/Apr/2025:03:05:52 +0200] "GET /Jurek/eurofirany/images/461171/0.jpg HTTP/2.0" 200 162963 "-" "baselinker"
89.161.206.59 - - [18/Apr/2025:03:05:54 +0200] "GET /Jurek/najtanszysport/feeds/najtanszysport_skroutz.xml HTTP/1.0" 200 3983441 "-" "-"
46.101.116.244 - - [18/Apr/2025:03:06:03 +0200] "GET /Jurek/euroshop/feeds/euroshop_alza.xml HTTP/2.0" 200 20020808 "-" "-"
89.161.206.59 - - [18/Apr/2025:03:06:05 +0200] "GET /Jurek/bass_new/feeds/bass_ebayde.xml HTTP/1.0" 200 4806631 "-" "-"
46.101.116.244 - - [18/Apr/2025:03:06:11 +0200] "GET /Jurek/aw/feeds/aw_fnacfr.xml HTTP/1.0" 404 3551 "-" "-"
46.101.116.244 - - [18/Apr/2025:03:06:15 +0200] "GET /Jurek/najtanszysport/feeds/najtanszysport_alza.xml HTTP/2.0" 200 3982895 "-" "-"
46.101.116.244 - - [18/Apr/2025:03:06:26 +0200] "GET /Jurek/rider/feeds/rider_alza.xml HTTP/2.0" 200 8166340 "-" "-"
51.77.52.107 - - [18/Apr/2025:03:06:31 +0200] "GET /Jurek/eurofirany/images/461171/0.jpg HTTP/2.0" 200 162963 "-" "baselinker"
51.77.52.107 - - [18/Apr/2025:03:06:35 +0200] "GET /Jurek/eurofirany/images/461172/0.jpg HTTP/2.0" 200 45856 "-" "baselinker"
46.101.116.244 - - [18/Apr/2025:03:06:38 +0200] "GET /Jurek/topeshop/feeds/topeshop_skr.xml HTTP/1.0" 200 919923 "-" "-"
46.101.116.244 - - [18/Apr/2025:03:06:41 +0200] "GET /Jurek/intsell/feeds/intsell_alza.xml HTTP/2.0" 200 342157477 "-" "-"
89.161.206.59 - - [18/Apr/2025:03:06:44 +0200] "GET /Jurek/eurofryz2/feeds/eurofryz2_skroutz.xml HTTP/1.0" 200 1376774 "-" "-"
89.161.206.59 - - [18/Apr/2025:03:06:44 +0200] "GET /Jurek/eurofryz3/feeds/eurofryz3_skroutz.xml HTTP/1.0" 200 172221 "-" "-"
89.161.206.59 - - [18/Apr/2025:03:06:45 +0200] "GET /Jurek/lendo/feeds/lendo_skroutz.xml HTTP/1.0" 200 330386 "-" "-"
89.161.206.59 - - [18/Apr/2025:03:06:46 +0200] "GET /Jurek/dekornatort/feeds/dekornatort_skroutz.xml HTTP/1.0" 200 225742 "-" "-"
51.77.52.107 - - [18/Apr/2025:03:06:47 +0200] "GET /Jurek/eurofirany/images/461172/0.jpg HTTP/2.0" 200 45856 "-" "baselinker"
89.161.206.59 - - [18/Apr/2025:03:06:49 +0200] "GET /Jurek/playcob/feeds/playcob_skroutz.xml HTTP/1.0" 200 6980170 "-" "-"
89.161.206.59 - - [18/Apr/2025:03:06:49 +0200] "GET /Jurek/nexus/feeds/nexus_skroutz.xml HTTP/1.0" 200 226646 "-" "-"
89.161.206.59 - - [18/Apr/2025:03:06:49 +0200] "GET /Jurek/alucon/feeds/alucon_skroutz.xml HTTP/1.0" 200 553575 "-" "-"
89.161.206.59 - - [18/Apr/2025:03:06:54 +0200] "GET /Jurek/hlo/feeds/hlo_skroutz.xml HTTP/1.0" 200 4831033 "-" "-"
51.77.52.107 - - [18/Apr/2025:03:06:56 +0200] "GET /Jurek/eurofirany/images/461172/0.jpg HTTP/2.0" 200 45856 "-" "baselinker"
51.77.52.107 - - [18/Apr/2025:03:07:00 +0200] "GET /Jurek/eurofirany/images/461178/0.jpg HTTP/2.0" 200 91180 "-" "baselinker"
89.161.206.59 - - [18/Apr/2025:03:07:10 +0200] "GET /Jurek/cbdgreen/feeds/cbdgreen_skroutz.xml HTTP/1.0" 200 30343 "-" "-"
51.77.52.107 - - [18/Apr/2025:03:07:13 +0200] "GET /Jurek/eurofirany/images/461178/0.jpg HTTP/2.0" 200 91180 "-" "baselinker"
51.77.52.107 - - [18/Apr/2025:03:07:16 +0200] "GET /Jurek/eurofirany/images/461178/0.jpg HTTP/2.0" 200 91180 "-" "baselinker"
51.77.52.107 - - [18/Apr/2025:03:07:19 +0200] "GET /Jurek/eurofirany/images/461181/0.jpg HTTP/2.0" 200 61578 "-" "baselinker"
51.77.52.107 - - [18/Apr/2025:03:07:24 +0200] "GET /Jurek/eurofirany/images/461181/0.jpg HTTP/2.0" 200 61578 "-" "baselinker"
89.161.206.59 - - [18/Apr/2025:03:07:25 +0200] "GET /Jurek/aiofactory/feeds/aiofactory_ebayde.xml HTTP/1.0" 200 2123751 "-" "-"
51.77.52.107 - - [18/Apr/2025:03:07:28 +0200] "GET /Jurek/eurofirany/images/461181/0.jpg HTTP/2.0" 200 61578 "-" "baselinker"
51.77.52.107 - - [18/Apr/2025:03:07:33 +0200] "GET /Jurek/eurofirany/images/461183/0.jpg HTTP/2.0" 200 38378 "-" "baselinker"
51.77.52.107 - - [18/Apr/2025:03:07:38 +0200] "GET /Jurek/eurofirany/images/461183/0.jpg HTTP/2.0" 200 38378 "-" "baselinker"
51.77.52.107 - - [18/Apr/2025:03:07:42 +0200] "GET /Jurek/eurofirany/images/461183/0.jpg HTTP/2.0" 200 38378 "-" "baselinker"
51.77.52.107 - - [18/Apr/2025:03:07:47 +0200] "GET /Jurek/eurofirany/images/461185/0.jpg HTTP/2.0" 200 54337 "-" "baselinker"
89.161.206.59 - - [18/Apr/2025:03:07:55 +0200] "GET /Jurek/kobi/feeds/kobi_ebayde.xml HTTP/1.0" 200 713586 "-" "-"
51.77.52.107 - - [18/Apr/2025:03:08:01 +0200] "GET /Jurek/eurofirany/images/461185/0.jpg HTTP/2.0" 200 54337 "-" "baselinker"
89.161.206.59 - - [18/Apr/2025:03:08:07 +0200] "GET /Jurek/rovato/feeds/rovato_skroutz.xml HTTP/1.0" 200 99164 "-" "-"
89.161.206.59 - - [18/Apr/2025:03:08:09 +0200] "GET /Jurek/snibbs/feeds/snibbs_skroutz.xml HTTP/1.0" 200 74399 "-" "-"
51.77.52.107 - - [18/Apr/2025:03:08:14 +0200] "GET /Jurek/eurofirany/images/461185/0.jpg HTTP/2.0" 200 54337 "-" "baselinker"
51.77.52.107 - - [18/Apr/2025:03:08:25 +0200] "GET /Jurek/eurofirany/images/461188/0.jpg HTTP/2.0" 200 48306 "-" "baselinker"
46.101.116.244 - - [18/Apr/2025:03:08:26 +0200] "GET /Jurek/sempler/feeds/sempler_alza.xml HTTP/2.0" 200 6789416 "-" "-"
89.161.206.59 - - [18/Apr/2025:03:08:27 +0200] "GET /Jurek/globaldeli/feeds/globaldeli_skroutz.xml HTTP/1.0" 200 2590887 "-" "-"
89.161.206.59 - - [18/Apr/2025:03:08:27 +0200] "GET /Jurek/matkam/feeds/matkam_skroutz.xml HTTP/1.0" 200 4425613 "-" "-"
89.161.206.59 - - [18/Apr/2025:03:08:29 +0200] "GET /Jurek/smxdesign/feeds/smxdesign_skroutz.xml HTTP/1.0" 200 1829036 "-" "-"
89.161.206.59 - - [18/Apr/2025:03:08:30 +0200] "GET /Jurek/proparts/feeds/proparts_skroutz.xml HTTP/1.0" 200 707504 "-" "-"
89.161.206.59 - - [18/Apr/2025:03:08:30 +0200] "GET /Jurek/rosfix/feeds/rosfix_skroutz.xml HTTP/1.0" 200 34055607 "-" "-"
89.161.206.59 - - [18/Apr/2025:03:08:33 +0200] "GET /Jurek/winoszarnia/feeds/winoszarnia_skroutz.xml HTTP/1.0" 200 6064721 "-" "-"
89.161.206.59 - - [18/Apr/2025:03:08:36 +0200] "GET /Jurek/kristronik/feeds/kristronik_skroutz.xml HTTP/1.0" 200 691984 "-" "-"
89.161.206.59 - - [18/Apr/2025:03:08:37 +0200] "GET /Jurek/beltimore/feeds/beltimore_skroutz.xml HTTP/1.0" 200 18651632 "-" "-"
89.161.206.59 - - [18/Apr/2025:03:08:37 +0200] "GET /Jurek/galopibhp/feeds/galopibhp_skroutz.xml HTTP/1.0" 200 1852249 "-" "-"
46.101.116.244 - - [18/Apr/2025:03:08:37 +0200] "GET /Jurek/eroplace/feeds/eroplace_alza.xml HTTP/2.0" 200 52164312 "-" "-"
51.77.52.107 - - [18/Apr/2025:03:08:37 +0200] "GET /Jurek/eurofirany/images/461188/0.jpg HTTP/2.0" 200 48306 "-" "baselinker"
89.161.206.59 - - [18/Apr/2025:03:08:39 +0200] "GET /Jurek/techrebalina/feeds/techrebalina_skroutz.xml HTTP/1.0" 200 2011218 "-" "-"
89.161.206.59 - - [18/Apr/2025:03:08:39 +0200] "GET /Jurek/techrebal/feeds/techrebal_skroutz.xml HTTP/1.0" 200 1989741 "-" "-"
51.77.52.107 - - [18/Apr/2025:03:08:49 +0200] "GET /Jurek/eurofirany/images/461188/0.jpg HTTP/2.0" 200 48306 "-" "baselinker"
46.101.116.244 - - [18/Apr/2025:03:08:50 +0200] "GET /Jurek/mosti/feeds/mosti_alza.xml HTTP/2.0" 200 4629189 "-" "-"
46.101.116.244 - - [18/Apr/2025:03:08:51 +0200] "GET /Jurek/biokominki/feeds/biokomiinki_alza.xml HTTP/2.0" 200 1422347 "-" "-"
51.77.52.107 - - [18/Apr/2025:03:08:53 +0200] "GET /Jurek/eurofirany/images/461189/0.jpg HTTP/2.0" 200 69715 "-" "baselinker"
51.77.52.107 - - [18/Apr/2025:03:09:05 +0200] "GET /Jurek/eurofirany/images/461189/0.jpg HTTP/2.0" 200 69715 "-" "baselinker"
51.77.52.107 - - [18/Apr/2025:03:09:10 +0200] "GET /Jurek/eurofirany/images/461189/0.jpg HTTP/2.0" 200 69715 "-" "baselinker"
85.232.241.194 - - [18/Apr/2025:03:09:12 +0200] "GET /Jurek/kobi/feeds/kobi_vente_be.xml HTTP/1.1" 200 942990 "-" "Python-urllib/3.11"
51.77.52.107 - - [18/Apr/2025:03:09:14 +0200] "GET /Jurek/eurofirany/images/461193/0.jpg HTTP/2.0" 200 61684 "-" "baselinker"
85.232.241.194 - - [18/Apr/2025:03:09:16 +0200] "GET /Jurek/topeshop/feeds/topeshop_vente_be.xml HTTP/1.1" 200 2682137 "-" "Python-urllib/3.11"
85.232.241.194 - - [18/Apr/2025:03:09:18 +0200] "GET /Jurek/fernity/feeds/fernity_vente_be.xml HTTP/1.1" 200 3279454 "-" "Python-urllib/3.11"
85.232.241.194 - - [18/Apr/2025:03:09:21 +0200] "GET /Jurek/kinghome/feeds/kinghome_vente_be.xml HTTP/1.1" 200 5670272 "-" "Python-urllib/3.11"
85.232.241.194 - - [18/Apr/2025:03:09:23 +0200] "GET /Jurek/emibig/feeds/emibig_vente_be.xml HTTP/1.1" 200 2522274 "-" "Python-urllib/3.11"
85.232.241.194 - - [18/Apr/2025:03:09:24 +0200] "GET /Jurek/b3/feeds/b3_vente_be.xml HTTP/1.1" 200 3364785 "-" "Python-urllib/3.11"
51.77.52.107 - - [18/Apr/2025:03:09:27 +0200] "GET /Jurek/eurofirany/images/461193/0.jpg HTTP/2.0" 200 61684 "-" "baselinker"
46.101.116.244 - - [18/Apr/2025:03:09:27 +0200] "GET /Jurek/vida_morele/feeds/vida_alza.xml HTTP/2.0" 200 722984945 "-" "-"
89.161.206.59 - - [18/Apr/2025:03:09:30 +0200] "GET /Jurek/takapara/feeds/takapara_skroutz.xml HTTP/1.0" 200 1342608 "-" "-"
51.77.52.107 - - [18/Apr/2025:03:09:31 +0200] "GET /Jurek/eurofirany/images/461193/0.jpg HTTP/2.0" 200 61684 "-" "baselinker"
85.232.241.194 - - [18/Apr/2025:03:09:37 +0200] "GET /Jurek/aw/feeds/aw_vente_be.xml HTTP/1.1" 200 90536952 "-" "Python-urllib/3.11"
85.232.241.194 - - [18/Apr/2025:03:09:44 +0200] "GET /Jurek/asortymenteu/feeds/asortymenteu_vente_be.xml HTTP/1.1" 200 2764753 "-" "Python-urllib/3.11"
51.77.52.107 - - [18/Apr/2025:03:09:45 +0200] "GET /Jurek/eurofirany/images/461182/0.jpg HTTP/2.0" 200 46703 "-" "baselinker"
85.232.241.194 - - [18/Apr/2025:03:09:46 +0200] "GET /Jurek/hurtownia_przemyslowa/feeds/hp_vente_be.xml HTTP/1.1" 200 49362409 "-" "Python-urllib/3.11"
51.77.52.107 - - [18/Apr/2025:03:10:04 +0200] "GET /Jurek/eurofirany/images/461182/0.jpg HTTP/2.0" 200 46703 "-" "baselinker"
51.77.52.107 - - [18/Apr/2025:03:10:08 +0200] "GET /Jurek/eurofirany/images/461182/0.jpg HTTP/2.0" 200 46703 "-" "baselinker"
51.77.52.107 - - [18/Apr/2025:03:10:22 +0200] "GET /Jurek/eurofirany/images/460386/0.jpg HTTP/2.0" 200 54974 "-" "baselinker"
51.77.52.107 - - [18/Apr/2025:03:10:41 +0200] "GET /Jurek/eurofirany/images/460386/0.jpg HTTP/2.0" 200 54974 "-" "baselinker"
51.77.52.107 - - [18/Apr/2025:03:11:00 +0200] "GET /Jurek/eurofirany/images/460386/0.jpg HTTP/2.0" 200 54974 "-" "baselinker"
51.77.52.107 - - [18/Apr/2025:03:11:10 +0200] "GET /Jurek/eurofirany/images/463645/0.jpg HTTP/2.0" 200 93905 "-" "baselinker"
46.101.116.244 - - [18/Apr/2025:03:11:11 +0200] "GET /Jurek/aw/feeds/aw_fnacfr.xml HTTP/1.0" 404 3551 "-" "-"
51.77.52.107 - - [18/Apr/2025:03:11:26 +0200] "GET /Jurek/eurofirany/images/463645/0.jpg HTTP/2.0" 200 93905 "-" "baselinker"
51.77.52.107 - - [18/Apr/2025:03:11:36 +0200] "GET /Jurek/eurofirany/images/463645/0.jpg HTTP/2.0" 200 93905 "-" "baselinker"
89.161.206.59 - - [18/Apr/2025:03:11:39 +0200] "GET /Jurek/cdata/feeds/cdata_skr.xml HTTP/1.0" 200 1445115 "-" "-"
89.161.206.59 - - [18/Apr/2025:03:11:41 +0200] "GET /Jurek/tsjerzy/feeds/tsjerzy_skr.xml HTTP/1.0" 200 3897720 "-" "-"
89.161.206.59 - - [18/Apr/2025:03:11:42 +0200] "GET /Jurek/sebmart/feeds/sebmart_skr.xml HTTP/1.0" 200 1598732 "-" "-"
89.161.206.59 - - [18/Apr/2025:03:11:43 +0200] "GET /Jurek/harmonypost/feeds/harmonypost_skr.xml HTTP/1.0" 200 39903570 "-" "-"
89.161.206.59 - - [18/Apr/2025:03:11:47 +0200] "GET /Jurek/kalama/feeds/kalama_skr.xml HTTP/1.0" 200 2541315 "-" "-"
51.77.52.107 - - [18/Apr/2025:03:11:51 +0200] "GET /Jurek/eurofirany/images/463623/0.jpg HTTP/2.0" 200 93713 "-" "baselinker"
51.77.52.107 - - [18/Apr/2025:03:12:05 +0200] "GET /Jurek/eurofirany/images/463623/0.jpg HTTP/2.0" 200 93713 "-" "baselinker"
89.161.206.59 - - [18/Apr/2025:03:12:06 +0200] "GET /Jurek/jankeski/feeds/jankeski_skroutz.xml HTTP/1.0" 200 6571081 "-" "-"
89.161.206.59 - - [18/Apr/2025:03:12:15 +0200] "GET /Jurek/mechdecor/feeds/mechdecor_skr.xml HTTP/1.0" 200 596208 "-" "-"
89.161.206.59 - - [18/Apr/2025:03:12:16 +0200] "GET /Jurek/apresto/feeds/apresto_skr.xml HTTP/1.0" 200 1316754 "-" "-"
89.161.206.59 - - [18/Apr/2025:03:12:18 +0200] "GET /Jurek/mojeledy/feeds/mojeledy_skr.xml HTTP/1.0" 200 1018432 "-" "-"
89.161.206.59 - - [18/Apr/2025:03:12:19 +0200] "GET /Jurek/sovapl/feeds/sovapl_skr.xml HTTP/1.0" 200 9000080 "-" "-"
89.161.206.59 - - [18/Apr/2025:03:12:21 +0200] "GET /Jurek/missionair/feeds/missionair_skr.xml HTTP/1.0" 200 3154906 "-" "-"
89.161.206.59 - - [18/Apr/2025:03:12:23 +0200] "GET /Jurek/fertes/feeds/fertes_skr.xml HTTP/1.0" 200 2361851 "-" "-"
89.161.206.59 - - [18/Apr/2025:03:12:25 +0200] "GET /Jurek/kamar/feeds/kamar_skr.xml HTTP/1.0" 200 25550134 "-" "-"
51.77.52.107 - - [18/Apr/2025:03:12:27 +0200] "GET /Jurek/eurofirany/images/463623/0.jpg HTTP/2.0" 200 93713 "-" "baselinker"
89.161.206.59 - - [18/Apr/2025:03:12:28 +0200] "GET /Jurek/relogy/feeds/relogy_skroutz.xml HTTP/1.0" 200 66666824 "-" "-"
89.161.206.59 - - [18/Apr/2025:03:12:39 +0200] "GET /Jurek/sklep24amk/feeds/sklep24amk_skroutz.xml HTTP/1.0" 200 3894594 "-" "-"
51.77.52.107 - - [18/Apr/2025:03:12:39 +0200] "GET /Jurek/eurofirany/images/463625/0.jpg HTTP/2.0" 200 155994 "-" "baselinker"
89.161.206.59 - - [18/Apr/2025:03:12:40 +0200] "GET /Jurek/wezer/feeds/wezer_skroutz.xml HTTP/1.0" 200 202556 "-" "-"
89.161.206.59 - - [18/Apr/2025:03:12:41 +0200] "GET /Jurek/shiori/feeds/shiori_skroutz.xml HTTP/1.0" 200 453657 "-" "-"
89.161.206.59 - - [18/Apr/2025:03:12:43 +0200] "GET /Jurek/bisanti/feeds/bisanti_skroutz.xml HTTP/1.0" 200 1142312 "-" "-"
51.77.52.107 - - [18/Apr/2025:03:12:54 +0200] "GET /Jurek/eurofirany/images/463625/0.jpg HTTP/2.0" 200 155994 "-" "baselinker"
46.101.116.244 - - [18/Apr/2025:03:12:56 +0200] "GET /Jurek/awparts/feeds/awparts_emagro.xml HTTP/1.0" 200 142416148 "-" "-"
89.161.206.59 - - [18/Apr/2025:03:13:12 +0200] "GET /Jurek/stiv/feeds/stiv_skr.xml HTTP/1.0" 200 2056866 "-" "-"
51.77.52.107 - - [18/Apr/2025:03:13:21 +0200] "GET /Jurek/eurofirany/images/463625/0.jpg HTTP/2.0" 200 155994 "-" "baselinker"
51.77.52.107 - - [18/Apr/2025:03:13:37 +0200] "GET /Jurek/eurofirany/images/463626/0.jpg HTTP/2.0" 200 126226 "-" "baselinker"
51.77.52.107 - - [18/Apr/2025:03:13:51 +0200] "GET /Jurek/eurofirany/images/463626/0.jpg HTTP/2.0" 200 126226 "-" "baselinker"
51.77.52.107 - - [18/Apr/2025:03:14:05 +0200] "GET /Jurek/eurofirany/images/463626/0.jpg HTTP/2.0" 200 126226 "-" "baselinker"
51.77.52.107 - - [18/Apr/2025:03:14:24 +0200] "GET /Jurek/eurofirany/images/463644/0.jpg HTTP/2.0" 200 95288 "-" "baselinker"
51.77.52.107 - - [18/Apr/2025:03:14:40 +0200] "GET /Jurek/eurofirany/images/463644/0.jpg HTTP/2.0" 200 95288 "-" "baselinker"
51.77.52.107 - - [18/Apr/2025:03:14:59 +0200] "GET /Jurek/eurofirany/images/463644/0.jpg HTTP/2.0" 200 95288 "-" "baselinker"
51.77.52.107 - - [18/Apr/2025:03:15:14 +0200] "GET /Jurek/eurofirany/images/466437/0.jpg HTTP/2.0" 200 59276 "-" "baselinker"
51.77.52.107 - - [18/Apr/2025:03:15:20 +0200] "GET /Jurek/eurofirany/images/466437/0.jpg HTTP/2.0" 200 59276 "-" "baselinker"
89.161.206.59 - - [18/Apr/2025:03:15:20 +0200] "GET /Jurek/narzbud/feeds/narzbud_cdsc.xml HTTP/1.0" 200 1227823 "-" "-"
89.161.206.59 - - [18/Apr/2025:03:15:21 +0200] "GET /Jurek/kalama/feeds/kalama_cdsc.xml HTTP/1.0" 200 1574027 "-" "-"
51.77.52.107 - - [18/Apr/2025:03:15:26 +0200] "GET /Jurek/eurofirany/images/466437/0.jpg HTTP/2.0" 200 59276 "-" "baselinker"
51.77.52.107 - - [18/Apr/2025:03:15:40 +0200] "GET /Jurek/eurofirany/images/466440/0.jpg HTTP/2.0" 200 72300 "-" "baselinker"
51.77.52.107 - - [18/Apr/2025:03:15:46 +0200] "GET /Jurek/eurofirany/images/466440/0.jpg HTTP/2.0" 200 72300 "-" "baselinker"
51.77.52.107 - - [18/Apr/2025:03:15:51 +0200] "GET /Jurek/eurofirany/images/466440/0.jpg HTTP/2.0" 200 72300 "-" "baselinker"
51.77.52.107 - - [18/Apr/2025:03:15:58 +0200] "GET /Jurek/eurofirany/images/466443/0.jpg HTTP/2.0" 200 77281 "-" "baselinker"
51.77.52.107 - - [18/Apr/2025:03:16:05 +0200] "GET /Jurek/eurofirany/images/466443/0.jpg HTTP/2.0" 200 77281 "-" "baselinker"
46.101.116.244 - - [18/Apr/2025:03:16:11 +0200] "GET /Jurek/aw/feeds/aw_fnacfr.xml HTTP/1.0" 404 3551 "-" "-"
51.77.52.107 - - [18/Apr/2025:03:16:12 +0200] "GET /Jurek/eurofirany/images/466443/0.jpg HTTP/2.0" 200 77281 "-" "baselinker"
89.161.206.59 - - [18/Apr/2025:03:16:18 +0200] "GET /Jurek/amzteam/feeds/amzteam_cdsc.xml HTTP/1.0" 200 145387 "-" "-"
51.77.52.107 - - [18/Apr/2025:03:16:21 +0200] "GET /Jurek/eurofirany/images/466446/0.jpg HTTP/2.0" 200 108152 "-" "baselinker"
51.77.52.107 - - [18/Apr/2025:03:16:27 +0200] "GET /Jurek/eurofirany/images/466446/0.jpg HTTP/2.0" 200 108152 "-" "baselinker"
51.77.52.107 - - [18/Apr/2025:03:16:33 +0200] "GET /Jurek/eurofirany/images/466446/0.jpg HTTP/2.0" 200 108152 "-" "baselinker"
51.77.52.107 - - [18/Apr/2025:03:16:46 +0200] "GET /Jurek/eurofirany/images/466449/0.jpg HTTP/2.0" 200 58166 "-" "baselinker"
51.77.52.107 - - [18/Apr/2025:03:16:51 +0200] "GET /Jurek/eurofirany/images/466449/0.jpg HTTP/2.0" 200 58166 "-" "baselinker"
51.77.52.107 - - [18/Apr/2025:03:16:56 +0200] "GET /Jurek/eurofirany/images/466449/0.jpg HTTP/2.0" 200 58166 "-" "baselinker"
51.77.52.107 - - [18/Apr/2025:03:17:04 +0200] "GET /Jurek/eurofirany/images/466452/0.jpg HTTP/2.0" 200 127320 "-" "baselinker"
51.77.52.107 - - [18/Apr/2025:03:17:18 +0200] "GET /Jurek/eurofirany/images/466452/0.jpg HTTP/2.0" 200 127320 "-" "baselinker"
51.77.52.107 - - [18/Apr/2025:03:17:31 +0200] "GET /Jurek/eurofirany/images/466452/0.jpg HTTP/2.0" 200 127320 "-" "baselinker"
51.77.52.107 - - [18/Apr/2025:03:17:38 +0200] "GET /Jurek/eurofirany/images/464723/0.jpg HTTP/2.0" 200 101852 "-" "baselinker"
51.77.52.107 - - [18/Apr/2025:03:17:53 +0200] "GET /Jurek/eurofirany/images/464723/0.jpg HTTP/2.0" 200 101852 "-" "baselinker"
51.77.52.107 - - [18/Apr/2025:03:17:58 +0200] "GET /Jurek/eurofirany/images/464723/0.jpg HTTP/2.0" 200 101852 "-" "baselinker"
51.77.52.107 - - [18/Apr/2025:03:18:14 +0200] "GET /Jurek/eurofirany/images/464727/0.jpg HTTP/2.0" 200 97613 "-" "baselinker"
51.77.52.107 - - [18/Apr/2025:03:18:18 +0200] "GET /Jurek/eurofirany/images/464727/0.jpg HTTP/2.0" 200 97613 "-" "baselinker"
51.77.52.107 - - [18/Apr/2025:03:18:24 +0200] "GET /Jurek/eurofirany/images/464727/0.jpg HTTP/2.0" 200 97613 "-" "baselinker"
51.77.52.107 - - [18/Apr/2025:03:18:28 +0200] "GET /Jurek/eurofirany/images/464737/0.jpg HTTP/2.0" 200 102220 "-" "baselinker"
46.101.116.244 - - [18/Apr/2025:03:18:29 +0200] "GET /Jurek/vida_morele/feeds/vidaPL_velomarket_category4.xml HTTP/1.0" 200 54805686 "-" "-"
5.134.208.158 - - [18/Apr/2025:03:18:33 +0200] "GET /Jurek/eurofirany/images/462091/0.jpg HTTP/1.1" 206 256 "https://www.ceneo.pl" "Mozilla/5.0 (Windows NT 10.0; Win64; x64) AppleWebKit/537.36 (KHTML, like Gecko) Chrome/87.0.4280.141 Safari/537.36"
51.77.52.107 - - [18/Apr/2025:03:18:43 +0200] "GET /Jurek/eurofirany/images/464737/0.jpg HTTP/2.0" 200 102220 "-" "baselinker"
51.77.52.107 - - [18/Apr/2025:03:18:49 +0200] "GET /Jurek/eurofirany/images/464737/0.jpg HTTP/2.0" 200 102220 "-" "baselinker"
51.77.52.107 - - [18/Apr/2025:03:18:57 +0200] "GET /Jurek/eurofirany/images/464744/0.jpg HTTP/2.0" 200 119313 "-" "baselinker"
51.77.52.107 - - [18/Apr/2025:03:19:04 +0200] "GET /Jurek/eurofirany/images/464744/0.jpg HTTP/2.0" 200 119313 "-" "baselinker"
51.77.52.107 - - [18/Apr/2025:03:19:09 +0200] "GET /Jurek/eurofirany/images/464744/0.jpg HTTP/2.0" 200 119313 "-" "baselinker"
51.77.52.107 - - [18/Apr/2025:03:19:15 +0200] "GET /Jurek/eurofirany/images/464745/0.jpg HTTP/2.0" 200 117044 "-" "baselinker"
51.77.52.107 - - [18/Apr/2025:03:19:23 +0200] "GET /Jurek/eurofirany/images/464745/0.jpg HTTP/2.0" 200 117044 "-" "baselinker"
51.77.52.107 - - [18/Apr/2025:03:19:29 +0200] "GET /Jurek/eurofirany/images/464745/0.jpg HTTP/2.0" 200 117044 "-" "baselinker"
51.77.52.107 - - [18/Apr/2025:03:19:41 +0200] "GET /Jurek/eurofirany/images/463462/0.jpg HTTP/2.0" 200 83441 "-" "baselinker"
51.77.52.107 - - [18/Apr/2025:03:19:53 +0200] "GET /Jurek/eurofirany/images/463462/0.jpg HTTP/2.0" 200 83441 "-" "baselinker"
51.77.52.107 - - [18/Apr/2025:03:20:12 +0200] "GET /Jurek/eurofirany/images/463462/0.jpg HTTP/2.0" 200 83441 "-" "baselinker"
51.77.52.107 - - [18/Apr/2025:03:20:38 +0200] "GET /Jurek/eurofirany/images/464482/0.jpg HTTP/2.0" 200 78921 "-" "baselinker"
51.77.52.107 - - [18/Apr/2025:03:20:52 +0200] "GET /Jurek/eurofirany/images/464482/0.jpg HTTP/2.0" 200 78921 "-" "baselinker"
89.161.206.59 - - [18/Apr/2025:03:21:02 +0200] "GET /Jurek/antiodor/feeds/antiodor_emagro.xml HTTP/1.0" 200 137788 "-" "-"
51.77.52.107 - - [18/Apr/2025:03:21:06 +0200] "GET /Jurek/eurofirany/images/464482/0.jpg HTTP/2.0" 200 78921 "-" "baselinker"
51.77.52.107 - - [18/Apr/2025:03:21:20 +0200] "GET /Jurek/eurofirany/images/464488/0.jpg HTTP/2.0" 200 94302 "-" "baselinker"
51.77.52.107 - - [18/Apr/2025:03:21:36 +0200] "GET /Jurek/eurofirany/images/464488/0.jpg HTTP/2.0" 200 94302 "-" "baselinker"
51.77.52.107 - - [18/Apr/2025:03:21:45 +0200] "GET /Jurek/eurofirany/images/464488/0.jpg HTTP/2.0" 200 94302 "-" "baselinker"
51.77.52.107 - - [18/Apr/2025:03:22:00 +0200] "GET /Jurek/eurofirany/images/464485/0.jpg HTTP/2.0" 200 104562 "-" "baselinker"
51.77.52.107 - - [18/Apr/2025:03:22:14 +0200] "GET /Jurek/eurofirany/images/464485/0.jpg HTTP/2.0" 200 104562 "-" "baselinker"
85.232.241.194 - - [18/Apr/2025:03:22:15 +0200] "GET /Jurek/action/feeds/action_ubaldi.xml HTTP/1.1" 200 59686571 "-" "Python-urllib/3.11"
85.232.241.194 - - [18/Apr/2025:03:22:29 +0200] "GET /Jurek/hurtownia_przemyslowa/feeds/hp_ubaldi.xml HTTP/1.1" 200 49362265 "-" "Python-urllib/3.11"
51.77.52.107 - - [18/Apr/2025:03:22:29 +0200] "GET /Jurek/eurofirany/images/464485/0.jpg HTTP/2.0" 200 104562 "-" "baselinker"
85.232.241.194 - - [18/Apr/2025:03:22:33 +0200] "GET /Jurek/aw/feeds/aw_ubaldi.xml HTTP/1.1" 200 90542348 "-" "Python-urllib/3.11"
51.77.52.107 - - [18/Apr/2025:03:22:45 +0200] "GET /Jurek/eurofirany/images/464487/0.jpg HTTP/2.0" 200 105879 "-" "baselinker"
85.232.241.194 - - [18/Apr/2025:03:22:53 +0200] "GET /Jurek/intsell/feeds/intsell_rue.xml HTTP/1.1" 200 342009695 "-" "Python-urllib/3.11"
85.232.241.194 - - [18/Apr/2025:03:22:54 +0200] "GET /Jurek/ekuchcikowo/feeds/ekuchcikowo_rue.xml HTTP/1.1" 200 12471050 "-" "Python-urllib/3.11"
85.232.241.194 - - [18/Apr/2025:03:22:56 +0200] "GET /Jurek/coppotech/feeds/coppotech_ubaldi.xml HTTP/1.1" 200 38049459 "-" "Python-urllib/3.11"
51.77.52.107 - - [18/Apr/2025:03:22:58 +0200] "GET /Jurek/eurofirany/images/464487/0.jpg HTTP/2.0" 200 105879 "-" "baselinker"
51.77.52.107 - - [18/Apr/2025:03:23:15 +0200] "GET /Jurek/eurofirany/images/464487/0.jpg HTTP/2.0" 200 105879 "-" "baselinker"
85.232.241.194 - - [18/Apr/2025:03:23:26 +0200] "GET /Jurek/naszedzieci/feeds/naszedzieci_ubaldi.xml HTTP/1.1" 200 833168061 "-" "Python-urllib/3.11"
85.232.241.194 - - [18/Apr/2025:03:23:28 +0200] "GET /Jurek/kidshop/feeds/kidshop_ubaldi.xml HTTP/1.1" 200 19850637 "-" "Python-urllib/3.11"
85.232.241.194 - - [18/Apr/2025:03:23:29 +0200] "GET /Jurek/kobi/feeds/kobi_ubaldi.xml HTTP/1.1" 200 1993220 "-" "Python-urllib/3.11"
85.232.241.194 - - [18/Apr/2025:03:23:33 +0200] "GET /Jurek/najtanszysport/feeds/najtanszysport_ubaldi.xml HTTP/1.1" 200 3983257 "-" "Python-urllib/3.11"
51.77.52.107 - - [18/Apr/2025:03:23:34 +0200] "GET /Jurek/eurofirany/images/464108/0.jpg HTTP/2.0" 200 129569 "-" "baselinker"
85.232.241.194 - - [18/Apr/2025:03:23:36 +0200] "GET /Jurek/polzoo/feeds/polzoo_ubaldi.xml HTTP/1.1" 200 48122311 "-" "Python-urllib/3.11"
85.232.241.194 - - [18/Apr/2025:03:23:37 +0200] "GET /Jurek/luxma/feeds/luxma_ubaldi.xml HTTP/1.1" 200 8058611 "-" "Python-urllib/3.11"
85.232.241.194 - - [18/Apr/2025:03:23:38 +0200] "GET /Jurek/kristronik/feeds/kristronik_ubaldi.xml HTTP/1.1" 200 691980 "-" "Python-urllib/3.11"
85.232.241.194 - - [18/Apr/2025:03:23:39 +0200] "GET /Jurek/rider/feeds/rider_ubaldi.xml HTTP/1.1" 200 8165216 "-" "Python-urllib/3.11"
85.232.241.194 - - [18/Apr/2025:03:23:39 +0200] "GET /Jurek/broers/feeds/broers_ubaldi.xml HTTP/1.1" 200 1982662 "-" "Python-urllib/3.11"
51.77.52.107 - - [18/Apr/2025:03:23:40 +0200] "GET /Jurek/eurofirany/images/464108/0.jpg HTTP/2.0" 200 129569 "-" "baselinker"
85.232.241.194 - - [18/Apr/2025:03:23:41 +0200] "GET /Jurek/straganbiur/feeds/straganbiur_ubaldi.xml HTTP/1.1" 200 8893005 "-" "Python-urllib/3.11"
85.232.241.194 - - [18/Apr/2025:03:23:42 +0200] "GET /Jurek/b3/feeds/b3_ubaldi.xml HTTP/1.1" 200 8061682 "-" "Python-urllib/3.11"
85.232.241.194 - - [18/Apr/2025:03:23:43 +0200] "GET /Jurek/kinghoff/feeds/kinghoff_ubaldi.xml HTTP/1.1" 200 15449750 "-" "Python-urllib/3.11"
85.232.241.194 - - [18/Apr/2025:03:23:44 +0200] "GET /Jurek/topeshop/feeds/topeshop_ubaldi.xml HTTP/1.1" 200 2682103 "-" "Python-urllib/3.11"
85.232.241.194 - - [18/Apr/2025:03:23:45 +0200] "GET /Jurek/sempler/feeds/sempler_ubaldi.xml HTTP/1.1" 200 6788000 "-" "Python-urllib/3.11"
51.77.52.107 - - [18/Apr/2025:03:23:45 +0200] "GET /Jurek/eurofirany/images/464108/0.jpg HTTP/2.0" 200 129569 "-" "baselinker"
85.232.241.194 - - [18/Apr/2025:03:23:45 +0200] "GET /Jurek/asortymenteu/feeds/asortymenteu_ubaldi.xml HTTP/1.1" 200 2764752 "-" "Python-urllib/3.11"
85.232.241.194 - - [18/Apr/2025:03:23:46 +0200] "GET /Jurek/hlo/feeds/hlo_ubaldi.xml HTTP/1.1" 200 4837703 "-" "Python-urllib/3.11"
85.232.241.194 - - [18/Apr/2025:03:23:47 +0200] "GET /Jurek/elavia/feeds/elavia_ubaldi.xml HTTP/1.1" 200 2497282 "-" "Python-urllib/3.11"
85.232.241.194 - - [18/Apr/2025:03:23:48 +0200] "GET /Jurek/cdata/feeds/cdata_ubaldi.xml HTTP/1.1" 200 1445103 "-" "Python-urllib/3.11"
85.232.241.194 - - [18/Apr/2025:03:23:48 +0200] "GET /Jurek/cenoman/feeds/cenoman_ubaldi.xml HTTP/1.1" 200 5993130 "-" "Python-urllib/3.11"
85.232.241.194 - - [18/Apr/2025:03:23:49 +0200] "GET /Jurek/kamar/feeds/kamar_ubaldi.xml HTTP/1.1" 200 25550107 "-" "Python-urllib/3.11"
85.232.241.194 - - [18/Apr/2025:03:23:49 +0200] "GET /Jurek/avenido/feeds/avenido_ubaldi.xml HTTP/1.1" 200 720083 "-" "Python-urllib/3.11"
85.232.241.194 - - [18/Apr/2025:03:23:50 +0200] "GET /Jurek/zenex/feeds/zenex_ubaldi.xml HTTP/1.1" 200 540180 "-" "Python-urllib/3.11"
51.77.52.107 - - [18/Apr/2025:03:23:51 +0200] "GET /Jurek/eurofirany/images/464110/0.jpg HTTP/2.0" 200 73111 "-" "baselinker"
85.232.241.194 - - [18/Apr/2025:03:23:51 +0200] "GET /Jurek/makow/feeds/makow_ubaldi.xml HTTP/1.1" 200 21203553 "-" "Python-urllib/3.11"
51.77.52.107 - - [18/Apr/2025:03:23:57 +0200] "GET /Jurek/eurofirany/images/464110/0.jpg HTTP/2.0" 200 73111 "-" "baselinker"
85.232.241.194 - - [18/Apr/2025:03:24:02 +0200] "GET /Jurek/apresto/feeds/apresto_ubaldi.xml HTTP/1.1" 200 1327651 "-" "Python-urllib/3.11"
85.232.241.194 - - [18/Apr/2025:03:24:02 +0200] "GET /Jurek/carbonyway/feeds/carbonyway_ubaldi.xml HTTP/1.1" 200 3075965 "-" "Python-urllib/3.11"
51.77.52.107 - - [18/Apr/2025:03:24:05 +0200] "GET /Jurek/eurofirany/images/464110/0.jpg HTTP/2.0" 200 73111 "-" "baselinker"
85.232.241.194 - - [18/Apr/2025:03:24:07 +0200] "GET /Jurek/awparts/feeds/awparts_ubaldi.xml HTTP/1.1" 200 142303666 "-" "Python-urllib/3.11"
85.232.241.194 - - [18/Apr/2025:03:24:07 +0200] "GET /Jurek/kalama/feeds/kalama_ubaldi.xml HTTP/1.1" 200 2661796 "-" "Python-urllib/3.11"
85.232.241.194 - - [18/Apr/2025:03:24:08 +0200] "GET /Jurek/bloomglow/feeds/bloomglow_ubaldi.xml HTTP/1.1" 200 14095007 "-" "Python-urllib/3.11"
85.232.241.194 - - [18/Apr/2025:03:24:09 +0200] "GET /Jurek/zbimatyja/feeds/zbimatyja_ubaldi.xml HTTP/1.1" 200 11670215 "-" "Python-urllib/3.11"
51.77.52.107 - - [18/Apr/2025:03:24:10 +0200] "GET /Jurek/eurofirany/images/464111/0.jpg HTTP/2.0" 200 81557 "-" "baselinker"
51.77.52.107 - - [18/Apr/2025:03:24:16 +0200] "GET /Jurek/eurofirany/images/464111/0.jpg HTTP/2.0" 200 81557 "-" "baselinker"
85.232.241.194 - - [18/Apr/2025:03:24:18 +0200] "GET /Jurek/aw/feeds/aw_worten.xml HTTP/1.1" 200 90539690 "-" "Python-urllib/3.11"
85.232.241.194 - - [18/Apr/2025:03:24:21 +0200] "GET /Jurek/aw/feeds/aw_wortenES.xml HTTP/1.1" 200 90539762 "-" "Python-urllib/3.11"
51.77.52.107 - - [18/Apr/2025:03:24:22 +0200] "GET /Jurek/eurofirany/images/464111/0.jpg HTTP/2.0" 200 81557 "-" "baselinker"
85.232.241.194 - - [18/Apr/2025:03:24:24 +0200] "GET /Jurek/action/feeds/action_worten.xml HTTP/1.1" 200 59687274 "-" "Python-urllib/3.11"
51.77.52.107 - - [18/Apr/2025:03:24:25 +0200] "GET /Jurek/eurofirany/images/464112/0.jpg HTTP/2.0" 200 149958 "-" "baselinker"
85.232.241.194 - - [18/Apr/2025:03:24:27 +0200] "GET /Jurek/action/feeds/action_wortenES.xml HTTP/1.1" 200 59687510 "-" "Python-urllib/3.11"
51.77.52.107 - - [18/Apr/2025:03:24:32 +0200] "GET /Jurek/eurofirany/images/464112/0.jpg HTTP/2.0" 200 149958 "-" "baselinker"
51.77.52.107 - - [18/Apr/2025:03:24:40 +0200] "GET /Jurek/eurofirany/images/464112/0.jpg HTTP/2.0" 200 149958 "-" "baselinker"
51.77.52.107 - - [18/Apr/2025:03:24:45 +0200] "GET /Jurek/eurofirany/images/464113/0.jpg HTTP/2.0" 200 68279 "-" "baselinker"
51.77.52.107 - - [18/Apr/2025:03:24:50 +0200] "GET /Jurek/eurofirany/images/464113/0.jpg HTTP/2.0" 200 68279 "-" "baselinker"
51.77.52.107 - - [18/Apr/2025:03:25:05 +0200] "GET /Jurek/eurofirany/images/464113/0.jpg HTTP/2.0" 200 68279 "-" "baselinker"
51.77.52.107 - - [18/Apr/2025:03:25:11 +0200] "GET /Jurek/eurofirany/images/464114/0.jpg HTTP/2.0" 200 97728 "-" "baselinker"
51.77.52.107 - - [18/Apr/2025:03:25:26 +0200] "GET /Jurek/eurofirany/images/464114/0.jpg HTTP/2.0" 200 97728 "-" "baselinker"
51.77.52.107 - - [18/Apr/2025:03:25:31 +0200] "GET /Jurek/eurofirany/images/464114/0.jpg HTTP/2.0" 200 97728 "-" "baselinker"
85.232.241.194 - - [18/Apr/2025:03:25:33 +0200] "GET /Jurek/octopia/feeds/octopia_worten.xml HTTP/1.1" 200 10105104 "-" "Python-urllib/3.11"
85.232.241.194 - - [18/Apr/2025:03:25:33 +0200] "GET /Jurek/octopia/feeds/octopia_wortenES.xml HTTP/1.1" 200 10105092 "-" "Python-urllib/3.11"
51.77.52.107 - - [18/Apr/2025:03:25:34 +0200] "GET /Jurek/eurofirany/images/464115/0.jpg HTTP/2.0" 200 109803 "-" "baselinker"
85.232.241.194 - - [18/Apr/2025:03:25:35 +0200] "GET /Jurek/hurtownia_przemyslowa/feeds/hp_worten.xml HTTP/1.1" 200 49362680 "-" "Python-urllib/3.11"
85.232.241.194 - - [18/Apr/2025:03:25:37 +0200] "GET /Jurek/hurtownia_przemyslowa/feeds/hp_wortenES.xml HTTP/1.1" 200 49362536 "-" "Python-urllib/3.11"
51.77.52.107 - - [18/Apr/2025:03:25:41 +0200] "GET /Jurek/eurofirany/images/464115/0.jpg HTTP/2.0" 200 109803 "-" "baselinker"
85.232.241.194 - - [18/Apr/2025:03:25:54 +0200] "GET /Jurek/ikonka/feeds/ikonka_worten.xml HTTP/1.1" 200 22166366 "-" "Python-urllib/3.11"
85.232.241.194 - - [18/Apr/2025:03:25:56 +0200] "GET /Jurek/ikonka/feeds/ikonka_wortenES.xml HTTP/1.1" 200 22166356 "-" "Python-urllib/3.11"
51.77.52.107 - - [18/Apr/2025:03:25:57 +0200] "GET /Jurek/eurofirany/images/464115/0.jpg HTTP/2.0" 200 109803 "-" "baselinker"
51.77.52.107 - - [18/Apr/2025:03:26:03 +0200] "GET /Jurek/eurofirany/images/464116/0.jpg HTTP/2.0" 200 108098 "-" "baselinker"
51.77.52.107 - - [18/Apr/2025:03:26:08 +0200] "GET /Jurek/eurofirany/images/464116/0.jpg HTTP/2.0" 200 108098 "-" "baselinker"
85.232.241.194 - - [18/Apr/2025:03:26:08 +0200] "GET /Jurek/topeshop/feeds/topeshop_xxxlutz.xml HTTP/1.1" 200 2681956 "-" "Python-urllib/3.11"
85.232.241.194 - - [18/Apr/2025:03:26:09 +0200] "GET /Jurek/eroplace/feeds/eroplace_worten.xml HTTP/1.1" 200 52134681 "-" "Python-urllib/3.11"
85.232.241.194 - - [18/Apr/2025:03:26:10 +0200] "GET /Jurek/hurtownia_przemyslowa/feeds/hp_xxxlutz.xml HTTP/1.1" 200 49362483 "-" "Python-urllib/3.11"
85.232.241.194 - - [18/Apr/2025:03:26:11 +0200] "GET /Jurek/fernity/feeds/fernity_xxxlutz.xml HTTP/1.1" 200 4816591 "-" "Python-urllib/3.11"
85.232.241.194 - - [18/Apr/2025:03:26:13 +0200] "GET /Jurek/eroplace/feeds/eroplace_wortenES.xml HTTP/1.1" 200 52135156 "-" "Python-urllib/3.11"
85.232.241.194 - - [18/Apr/2025:03:26:14 +0200] "GET /Jurek/benetech/feeds/benetech_xxlutz.xml HTTP/1.1" 200 4165439 "-" "Python-urllib/3.11"
51.77.52.107 - - [18/Apr/2025:03:26:14 +0200] "GET /Jurek/eurofirany/images/464116/0.jpg HTTP/2.0" 200 108098 "-" "baselinker"
46.101.116.244 - - [18/Apr/2025:03:26:15 +0200] "GET /Jurek/aw/feeds/aw_fnacfr.xml HTTP/1.0" 404 3551 "-" "-"
85.232.241.194 - - [18/Apr/2025:03:26:16 +0200] "GET /Jurek/ekolight/feeds/ekolioght_xxlutz.xml HTTP/1.1" 200 9052557 "-" "Python-urllib/3.11"
85.232.241.194 - - [18/Apr/2025:03:26:16 +0200] "GET /Jurek/waks/feeds/waks_xxlutz.xml HTTP/1.1" 200 1596552 "-" "Python-urllib/3.11"
85.232.241.194 - - [18/Apr/2025:03:26:17 +0200] "GET /Jurek/ekuchcikowo/feeds/ekuchcikowo_xxxlutz.xml HTTP/1.1" 200 12470982 "-" "Python-urllib/3.11"
85.232.241.194 - - [18/Apr/2025:03:26:18 +0200] "GET /Jurek/fertone/feeds/fertone_xxlutz.xml HTTP/1.1" 200 571909 "-" "Python-urllib/3.11"
51.77.52.107 - - [18/Apr/2025:03:26:20 +0200] "GET /Jurek/eurofirany/images/464117/0.jpg HTTP/2.0" 200 113682 "-" "baselinker"
85.232.241.194 - - [18/Apr/2025:03:26:23 +0200] "GET /Jurek/intsell/feeds/intsell_worten.xml HTTP/1.1" 200 342009117 "-" "Python-urllib/3.11"
51.77.52.107 - - [18/Apr/2025:03:26:26 +0200] "GET /Jurek/eurofirany/images/464117/0.jpg HTTP/2.0" 200 113682 "-" "baselinker"
85.232.241.194 - - [18/Apr/2025:03:26:26 +0200] "GET /Jurek/intsell/feeds/intsell_xxxlutz.xml HTTP/1.1" 200 342006527 "-" "Python-urllib/3.11"
85.232.241.194 - - [18/Apr/2025:03:26:29 +0200] "GET /Jurek/action/feeds/action_xxxlutz.xml HTTP/1.1" 200 59687594 "-" "Python-urllib/3.11"
85.232.241.194 - - [18/Apr/2025:03:26:29 +0200] "GET /Jurek/b3/feeds/b3_xxxlutz.xml HTTP/1.1" 200 8062648 "-" "Python-urllib/3.11"
77.79.248.229 - - [18/Apr/2025:03:26:31 +0200] "GET /Jurek/aw/feeds/awnarzedzia_pigu.xml HTTP/1.1" 200 90536696 "-" "Python-urllib/3.11"
85.232.241.194 - - [18/Apr/2025:03:26:31 +0200] "GET /Jurek/intsell/feeds/intsell_wortenES.xml HTTP/1.1" 200 342009848 "-" "Python-urllib/3.11"
51.77.52.107 - - [18/Apr/2025:03:26:31 +0200] "GET /Jurek/eurofirany/images/464117/0.jpg HTTP/2.0" 200 113682 "-" "baselinker"
77.79.248.229 - - [18/Apr/2025:03:26:32 +0200] "GET /Jurek/aw/feeds/awnarzedzia_piguFI.xml HTTP/1.1" 200 90538394 "-" "Python-urllib/3.11"
85.232.241.194 - - [18/Apr/2025:03:26:33 +0200] "GET /Jurek/aw/feeds/aw_xxxlutz.xml HTTP/1.1" 200 90539345 "-" "Python-urllib/3.11"
77.79.248.229 - - [18/Apr/2025:03:26:33 +0200] "GET /Jurek/eurofirany/feeds/eurofirany_pigu.xml HTTP/1.1" 200 19076672 "-" "Python-urllib/3.11"
77.79.248.229 - - [18/Apr/2025:03:26:33 +0200] "GET /Jurek/eurofirany/feeds/eurofirany_piguFI.xml HTTP/1.1" 200 19078114 "-" "Python-urllib/3.11"
85.232.241.194 - - [18/Apr/2025:03:26:35 +0200] "GET /Jurek/coppotech/feeds/coppotech_worten.xml HTTP/1.1" 200 38049327 "-" "Python-urllib/3.11"
77.79.248.229 - - [18/Apr/2025:03:26:35 +0200] "GET /Jurek/activeshop/feeds/activeshop_pigu.xml HTTP/1.1" 200 10484125 "-" "Python-urllib/3.11"
77.79.248.229 - - [18/Apr/2025:03:26:35 +0200] "GET /Jurek/activeshop/feeds/activeshop_piguFI.xml HTTP/1.1" 200 10484222 "-" "Python-urllib/3.11"
85.232.241.194 - - [18/Apr/2025:03:26:36 +0200] "GET /Jurek/coppotech/feeds/coppotech_wortenES.xml HTTP/1.1" 200 38049745 "-" "Python-urllib/3.11"
77.79.248.229 - - [18/Apr/2025:03:26:36 +0200] "GET /Jurek/action/feeds/action_pigu.xml HTTP/1.1" 200 59684769 "-" "Python-urllib/3.11"
77.79.248.229 - - [18/Apr/2025:03:26:37 +0200] "GET /Jurek/action/feeds/action_piguFI.xml HTTP/1.1" 200 59685892 "-" "Python-urllib/3.11"
51.77.52.107 - - [18/Apr/2025:03:26:37 +0200] "GET /Jurek/eurofirany/images/464118/0.jpg HTTP/2.0" 200 88850 "-" "baselinker"
77.79.248.229 - - [18/Apr/2025:03:26:39 +0200] "GET /Jurek/kinghoff/feeds/kinghoff_pigu.xml HTTP/1.1" 200 15449647 "-" "Python-urllib/3.11"
85.232.241.194 - - [18/Apr/2025:03:26:39 +0200] "GET /Jurek/b3/feeds/b3_worten.xml HTTP/1.1" 200 8061548 "-" "Python-urllib/3.11"
77.79.248.229 - - [18/Apr/2025:03:26:39 +0200] "GET /Jurek/kinghoff/feeds/kinghoff_piguFI.xml HTTP/1.1" 200 15449796 "-" "Python-urllib/3.11"
85.232.241.194 - - [18/Apr/2025:03:26:40 +0200] "GET /Jurek/b3/feeds/b3_wortenES.xml HTTP/1.1" 200 8061664 "-" "Python-urllib/3.11"
77.79.248.229 - - [18/Apr/2025:03:26:40 +0200] "GET /Jurek/stema/feeds/stema_pigu.xml HTTP/1.1" 200 857006 "-" "Python-urllib/3.11"
77.79.248.229 - - [18/Apr/2025:03:26:40 +0200] "GET /Jurek/stema/feeds/stema_piguFI.xml HTTP/1.1" 200 422325 "-" "Python-urllib/3.11"
77.79.248.229 - - [18/Apr/2025:03:26:41 +0200] "GET /Jurek/ikonka/feeds/ikonka_pigu.xml HTTP/1.1" 200 22166320 "-" "Python-urllib/3.11"
85.232.241.194 - - [18/Apr/2025:03:26:41 +0200] "GET /Jurek/ekuchcikowo/feeds/ekuchcikowo_worten.xml HTTP/1.1" 200 12470949 "-" "Python-urllib/3.11"
77.79.248.229 - - [18/Apr/2025:03:26:41 +0200] "GET /Jurek/ikonka/feeds/ikonka_piguFI.xml HTTP/1.1" 200 22166329 "-" "Python-urllib/3.11"
85.232.241.194 - - [18/Apr/2025:03:26:42 +0200] "GET /Jurek/ekuchcikowo/feeds/ekuchcikowo_wortenES.xml HTTP/1.1" 200 12471053 "-" "Python-urllib/3.11"
85.232.241.194 - - [18/Apr/2025:03:26:42 +0200] "GET /Jurek/fertone/feeds/fertone_worten.xml HTTP/1.1" 200 571912 "-" "Python-urllib/3.11"
77.79.248.229 - - [18/Apr/2025:03:26:43 +0200] "GET /Jurek/hurtownia_przemyslowa/feeds/hp_pigu.xml HTTP/1.1" 200 49361735 "-" "Python-urllib/3.11"
85.232.241.194 - - [18/Apr/2025:03:26:43 +0200] "GET /Jurek/fertone/feeds/fertone_wortenES.xml HTTP/1.1" 200 571924 "-" "Python-urllib/3.11"
77.79.248.229 - - [18/Apr/2025:03:26:43 +0200] "GET /Jurek/hurtownia_przemyslowa/feeds/hp_piguFI.xml HTTP/1.1" 200 49362509 "-" "Python-urllib/3.11"
51.77.52.107 - - [18/Apr/2025:03:26:43 +0200] "GET /Jurek/eurofirany/images/464118/0.jpg HTTP/2.0" 200 88850 "-" "baselinker"
77.79.248.229 - - [18/Apr/2025:03:26:45 +0200] "GET /Jurek/benbaby/feeds/benbaby_pigu.xml HTTP/1.1" 200 3626071 "-" "Python-urllib/3.11"
85.232.241.194 - - [18/Apr/2025:03:26:45 +0200] "GET /Jurek/sempler/feeds/sempler_worten.xml HTTP/1.1" 200 6788030 "-" "Python-urllib/3.11"
77.79.248.229 - - [18/Apr/2025:03:26:45 +0200] "GET /Jurek/benbaby/feeds/benbaby_piguFI.xml HTTP/1.1" 200 3626080 "-" "Python-urllib/3.11"
77.79.248.229 - - [18/Apr/2025:03:26:45 +0200] "GET /Jurek/bimboland/feeds/bimboland_pigu.xml HTTP/1.1" 200 2831873 "-" "Python-urllib/3.11"
77.79.248.229 - - [18/Apr/2025:03:26:46 +0200] "GET /Jurek/bimboland/feeds/bimboland_piguFI.xml HTTP/1.1" 200 2831869 "-" "Python-urllib/3.11"
77.79.248.229 - - [18/Apr/2025:03:26:46 +0200] "GET /Jurek/fernity/feeds/fernity_pigu.xml HTTP/1.1" 200 4839412 "-" "Python-urllib/3.11"
77.79.248.229 - - [18/Apr/2025:03:26:46 +0200] "GET /Jurek/fernity/feeds/fernity_piguFI.xml HTTP/1.1" 200 4839441 "-" "Python-urllib/3.11"
85.232.241.194 - - [18/Apr/2025:03:26:46 +0200] "GET /Jurek/sempler/feeds/sempler_wortenES.xml HTTP/1.1" 200 6788006 "-" "Python-urllib/3.11"
77.79.248.229 - - [18/Apr/2025:03:26:46 +0200] "GET /Jurek/unimet/feeds/unimet_pigu.xml HTTP/1.1" 200 61148654 "-" "Python-urllib/3.11"
77.79.248.229 - - [18/Apr/2025:03:26:47 +0200] "GET /Jurek/unimet/feeds/unimet_piguFI.xml HTTP/1.1" 200 61149512 "-" "Python-urllib/3.11"
77.79.248.229 - - [18/Apr/2025:03:26:47 +0200] "GET /Jurek/barbecook/feeds/barbecook_pigu.xml HTTP/1.1" 200 87526 "-" "Python-urllib/3.11"
85.232.241.194 - - [18/Apr/2025:03:26:47 +0200] "GET /Jurek/euroshop/feeds/euroshop_worten.xml HTTP/1.1" 200 20025552 "-" "Python-urllib/3.11"
77.79.248.229 - - [18/Apr/2025:03:26:47 +0200] "GET /Jurek/barbecook/feeds/barbecook_piguFI.xml HTTP/1.1" 200 87525 "-" "Python-urllib/3.11"
51.77.52.107 - - [18/Apr/2025:03:26:47 +0200] "GET /Jurek/eurofirany/images/464118/0.jpg HTTP/2.0" 200 88850 "-" "baselinker"
85.232.241.194 - - [18/Apr/2025:03:26:49 +0200] "GET /Jurek/euroshop/feeds/euroshop_wortenES.xml HTTP/1.1" 200 20025434 "-" "Python-urllib/3.11"
85.232.241.194 - - [18/Apr/2025:03:26:49 +0200] "GET /Jurek/ekolight/feeds/ekolight_worten.xml HTTP/1.1" 200 9052411 "-" "Python-urllib/3.11"
77.79.248.229 - - [18/Apr/2025:03:26:50 +0200] "GET /Jurek/b3/feeds/b3_pigu.xml HTTP/1.1" 200 8061397 "-" "Python-urllib/3.11"
85.232.241.194 - - [18/Apr/2025:03:26:50 +0200] "GET /Jurek/ekolight/feeds/ekolight_wortenES.xml HTTP/1.1" 200 9052870 "-" "Python-urllib/3.11"
77.79.248.229 - - [18/Apr/2025:03:26:50 +0200] "GET /Jurek/b3/feeds/b3_piguFI.xml HTTP/1.1" 200 8061653 "-" "Python-urllib/3.11"
77.79.248.229 - - [18/Apr/2025:03:26:50 +0200] "GET /Jurek/satya/feeds/satya_pigu.xml HTTP/1.1" 200 2235198 "-" "Python-urllib/3.11"
77.79.248.229 - - [18/Apr/2025:03:26:50 +0200] "GET /Jurek/satya/feeds/satya_piguFI.xml HTTP/1.1" 200 2235173 "-" "Python-urllib/3.11"
85.232.241.194 - - [18/Apr/2025:03:26:50 +0200] "GET /Jurek/kinghome/feeds/kinghome_xxxlutz.xml HTTP/1.1" 200 6042910 "-" "Python-urllib/3.11"
85.232.241.194 - - [18/Apr/2025:03:26:50 +0200] "GET /Jurek/erohurtownia/feeds/erohurtownia_worten.xml HTTP/1.1" 200 22846393 "-" "Python-urllib/3.11"
77.79.248.229 - - [18/Apr/2025:03:26:51 +0200] "GET /Jurek/beliani/feeds/beliani_pigu.xml HTTP/1.1" 200 31074553 "-" "Python-urllib/3.11"
77.79.248.229 - - [18/Apr/2025:03:26:51 +0200] "GET /Jurek/beliani/feeds/beliani_pigu_fi.xml HTTP/1.1" 200 31075566 "-" "Python-urllib/3.11"
51.77.52.107 - - [18/Apr/2025:03:26:51 +0200] "GET /Jurek/eurofirany/images/464119/0.jpg HTTP/2.0" 200 83147 "-" "baselinker"
85.232.241.194 - - [18/Apr/2025:03:26:51 +0200] "GET /Jurek/erohurtownia/feeds/erohurtownia_wortenES.xml HTTP/1.1" 200 22846541 "-" "Python-urllib/3.11"
77.79.248.229 - - [18/Apr/2025:03:26:52 +0200] "GET /Jurek/octopia/feeds/octopia_pigu.xml HTTP/1.1" 200 10104154 "-" "Python-urllib/3.11"
77.79.248.229 - - [18/Apr/2025:03:26:52 +0200] "GET /Jurek/octopia/feeds/octopia_piguFI.xml HTTP/1.1" 200 10104508 "-" "Python-urllib/3.11"
85.232.241.194 - - [18/Apr/2025:03:26:52 +0200] "GET /Jurek/kobi/feeds/kobi_worten.xml HTTP/1.1" 200 1993183 "-" "Python-urllib/3.11"
77.79.248.229 - - [18/Apr/2025:03:26:52 +0200] "GET /Jurek/rovicky/feeds/rovicky_pigu.xml HTTP/1.1" 200 15039807 "-" "Python-urllib/3.11"
77.79.248.229 - - [18/Apr/2025:03:26:52 +0200] "GET /Jurek/rovicky/feeds/rovicky_piguFI.xml HTTP/1.1" 200 15039784 "-" "Python-urllib/3.11"
77.79.248.229 - - [18/Apr/2025:03:26:52 +0200] "GET /Jurek/topeshop/feeds/topeshop_pigu.xml HTTP/1.1" 200 2682161 "-" "Python-urllib/3.11"
77.79.248.229 - - [18/Apr/2025:03:26:52 +0200] "GET /Jurek/topeshop/feeds/topeshop_piguFI.xml HTTP/1.1" 200 2682169 "-" "Python-urllib/3.11"
77.79.248.229 - - [18/Apr/2025:03:26:52 +0200] "GET /Jurek/candellux_new/feeds/candellux_pigu.xml HTTP/1.1" 404 3551 "-" "Python-urllib/3.11"
85.232.241.194 - - [18/Apr/2025:03:26:52 +0200] "GET /Jurek/kobi/feeds/kobi_wortenES.xml HTTP/1.1" 200 1993222 "-" "Python-urllib/3.11"
77.79.248.229 - - [18/Apr/2025:03:26:52 +0200] "GET /Jurek/candellux_new/feeds/candellux_piguFI.xml HTTP/1.1" 404 3551 "-" "Python-urllib/3.11"
77.79.248.229 - - [18/Apr/2025:03:26:53 +0200] "GET /Jurek/asortymenteu/feeds/asortymenteu_pigu.xml HTTP/1.1" 200 2764710 "-" "Python-urllib/3.11"
77.79.248.229 - - [18/Apr/2025:03:26:53 +0200] "GET /Jurek/asortymenteu/feeds/asortymenteu_piguFI.xml HTTP/1.1" 200 2764738 "-" "Python-urllib/3.11"
77.79.248.229 - - [18/Apr/2025:03:26:53 +0200] "GET /Jurek/swiatecznygoliat/feeds/swiatecznygoliat_pigu.xml HTTP/1.1" 200 7054336 "-" "Python-urllib/3.11"
77.79.248.229 - - [18/Apr/2025:03:26:53 +0200] "GET /Jurek/swiatecznygoliat/feeds/swiatecznygoliat_piguFI.xml HTTP/1.1" 200 7054396 "-" "Python-urllib/3.11"
85.232.241.194 - - [18/Apr/2025:03:26:53 +0200] "GET /Jurek/elecomp/feeds/elecomp_worten.xml HTTP/1.1" 200 2867796 "-" "Python-urllib/3.11"
77.79.248.229 - - [18/Apr/2025:03:26:53 +0200] "GET /Jurek/oromed/feeds/oromed_pigu.xml HTTP/1.1" 200 1103024 "-" "Python-urllib/3.11"
77.79.248.229 - - [18/Apr/2025:03:26:53 +0200] "GET /Jurek/oromed/feeds/oromed_piguFI.xml HTTP/1.1" 200 1103023 "-" "Python-urllib/3.11"
77.79.248.229 - - [18/Apr/2025:03:26:53 +0200] "GET /Jurek/hurtmeblowy/feeds/hurtmeblowy_pigu.xml HTTP/1.1" 200 8514552 "-" "Python-urllib/3.11"
77.79.248.229 - - [18/Apr/2025:03:26:53 +0200] "GET /Jurek/hurtmeblowy/feeds/hurtmeblowy_piguFI.xml HTTP/1.1" 200 8514650 "-" "Python-urllib/3.11"
77.79.248.229 - - [18/Apr/2025:03:26:54 +0200] "GET /Jurek/ekuchcikowo/feeds/ekuchcikowo_pigu.xml HTTP/1.1" 200 12470974 "-" "Python-urllib/3.11"
85.232.241.194 - - [18/Apr/2025:03:26:54 +0200] "GET /Jurek/elecomp/feeds/elecomp_wortenES.xml HTTP/1.1" 200 2867804 "-" "Python-urllib/3.11"
77.79.248.229 - - [18/Apr/2025:03:26:54 +0200] "GET /Jurek/ekuchcikowo/feeds/ekuchcikowo_piguFI.xml HTTP/1.1" 200 12471044 "-" "Python-urllib/3.11"
77.79.248.229 - - [18/Apr/2025:03:26:54 +0200] "GET /Jurek/fertone/feeds/fertone_pigu.xml HTTP/1.1" 200 571780 "-" "Python-urllib/3.11"
77.79.248.229 - - [18/Apr/2025:03:26:54 +0200] "GET /Jurek/fertone/feeds/fertone_piguFI.xml HTTP/1.1" 200 571909 "-" "Python-urllib/3.11"
77.79.248.229 - - [18/Apr/2025:03:26:54 +0200] "GET /Jurek/benetech/feeds/benetech_pigu.xml HTTP/1.1" 200 4165440 "-" "Python-urllib/3.11"
77.79.248.229 - - [18/Apr/2025:03:26:54 +0200] "GET /Jurek/benetech/feeds/benetech_piguFI.xml HTTP/1.1" 200 4165440 "-" "Python-urllib/3.11"
77.79.248.229 - - [18/Apr/2025:03:26:54 +0200] "GET /Jurek/ekolight/feeds/ekolioght_pigu.xml HTTP/1.1" 200 9052216 "-" "Python-urllib/3.11"
77.79.248.229 - - [18/Apr/2025:03:26:54 +0200] "GET /Jurek/ekolight/feeds/ekolioght_piguFI.xml HTTP/1.1" 200 9052799 "-" "Python-urllib/3.11"
77.79.248.229 - - [18/Apr/2025:03:26:54 +0200] "GET /Jurek/cbdgreen/feeds/cbdgreen_pigu.xml HTTP/1.1" 200 50542 "-" "Python-urllib/3.11"
77.79.248.229 - - [18/Apr/2025:03:26:54 +0200] "GET /Jurek/cbdgreen/feeds/cbdgreen_piguFI.xml HTTP/1.1" 200 50543 "-" "Python-urllib/3.11"
77.79.248.229 - - [18/Apr/2025:03:26:54 +0200] "GET /Jurek/pawonik/feeds/pawonik_pigu.xml HTTP/1.1" 200 2138430 "-" "Python-urllib/3.11"
77.79.248.229 - - [18/Apr/2025:03:26:55 +0200] "GET /Jurek/pawonik/feeds/pawonik_piguFI.xml HTTP/1.1" 200 2138417 "-" "Python-urllib/3.11"
77.79.248.229 - - [18/Apr/2025:03:26:55 +0200] "GET /Jurek/mosti/feeds/mosti_pigu.xml HTTP/1.1" 200 4628170 "-" "Python-urllib/3.11"
77.79.248.229 - - [18/Apr/2025:03:26:55 +0200] "GET /Jurek/mosti/feeds/mosti_piguFI.xml HTTP/1.1" 200 4628119 "-" "Python-urllib/3.11"
89.161.206.59 - - [18/Apr/2025:03:26:55 +0200] "GET /Jurek/carbonyway/feeds/carbonyway_skroutz.xml HTTP/1.0" 200 3075989 "-" "-"
77.79.248.229 - - [18/Apr/2025:03:26:55 +0200] "GET /Jurek/artdog/feeds/artdog_pigu.xml HTTP/1.1" 200 17158441 "-" "Python-urllib/3.11"
89.161.206.59 - - [18/Apr/2025:03:26:55 +0200] "GET /Jurek/filmal/feeds/filmal_skroutz.xml HTTP/1.0" 200 139277 "-" "-"
77.79.248.229 - - [18/Apr/2025:03:26:55 +0200] "GET /Jurek/artdog/feeds/artdog_piguFI.xml HTTP/1.1" 200 17157732 "-" "Python-urllib/3.11"
