77.79.248.229 - - [18/Apr/2025:12:42:17 +0200] "GET /Jurek/najtanszysport/feeds/najtanszysport_piguEX.xml HTTP/1.1" 200 3983175 "-" "Python-urllib/3.11"
77.79.248.229 - - [18/Apr/2025:12:42:17 +0200] "GET /Jurek/najtanszysport/feeds/najtanszysport_pigufiEX.xml HTTP/1.1" 200 3983328 "-" "Python-urllib/3.11"
77.79.248.229 - - [18/Apr/2025:12:42:17 +0200] "GET /Jurek/najtanszysport/feeds/najtanszysport_piguEX.xml HTTP/1.1" 200 3983175 "-" "Python-urllib/3.11"
77.79.248.229 - - [18/Apr/2025:12:42:17 +0200] "GET /Jurek/najtanszysport/feeds/najtanszysport_piguEX.xml HTTP/1.1" 200 3983175 "-" "Python-urllib/3.11"
77.79.248.229 - - [18/Apr/2025:12:42:17 +0200] "GET /Jurek/bisanti/feeds/bisanti_piguEX.xml HTTP/1.1" 200 1141580 "-" "Python-urllib/3.11"
77.79.248.229 - - [18/Apr/2025:12:42:17 +0200] "GET /Jurek/bisanti/feeds/bisanti_pigufiEX.xml HTTP/1.1" 200 1141586 "-" "Python-urllib/3.11"
77.79.248.229 - - [18/Apr/2025:12:42:18 +0200] "GET /Jurek/bisanti/feeds/bisanti_piguEX.xml HTTP/1.1" 200 1141580 "-" "Python-urllib/3.11"
77.79.248.229 - - [18/Apr/2025:12:42:18 +0200] "GET /Jurek/bisanti/feeds/bisanti_piguEX.xml HTTP/1.1" 200 1141580 "-" "Python-urllib/3.11"
77.79.248.229 - - [18/Apr/2025:12:42:18 +0200] "GET /Jurek/eoptimo/feeds/eoptimo_piguEX.xml HTTP/1.1" 200 2094375 "-" "Python-urllib/3.11"
77.79.248.229 - - [18/Apr/2025:12:42:18 +0200] "GET /Jurek/eoptimo/feeds/eoptimo_pigufiEX.xml HTTP/1.1" 200 2094350 "-" "Python-urllib/3.11"
77.79.248.229 - - [18/Apr/2025:12:42:18 +0200] "GET /Jurek/eoptimo/feeds/eoptimo_piguEX.xml HTTP/1.1" 200 2094375 "-" "Python-urllib/3.11"
77.79.248.229 - - [18/Apr/2025:12:42:18 +0200] "GET /Jurek/eoptimo/feeds/eoptimo_piguEX.xml HTTP/1.1" 200 2094375 "-" "Python-urllib/3.11"
77.79.248.229 - - [18/Apr/2025:12:42:18 +0200] "GET /Jurek/aiofactory/feeds/aiofactory_piguEX.xml HTTP/1.1" 200 2123768 "-" "Python-urllib/3.11"
77.79.248.229 - - [18/Apr/2025:12:42:18 +0200] "GET /Jurek/aiofactory/feeds/aiofactory_pigufiEX.xml HTTP/1.1" 200 2123739 "-" "Python-urllib/3.11"
77.79.248.229 - - [18/Apr/2025:12:42:18 +0200] "GET /Jurek/aiofactory/feeds/aiofactory_piguEX.xml HTTP/1.1" 200 2123768 "-" "Python-urllib/3.11"
77.79.248.229 - - [18/Apr/2025:12:42:18 +0200] "GET /Jurek/aiofactory/feeds/aiofactory_piguEX.xml HTTP/1.1" 200 2123768 "-" "Python-urllib/3.11"
77.79.248.229 - - [18/Apr/2025:12:42:18 +0200] "GET /Jurek/elecomp/feeds/elecomp_piguEX.xml HTTP/1.1" 200 2867737 "-" "Python-urllib/3.11"
77.79.248.229 - - [18/Apr/2025:12:42:19 +0200] "GET /Jurek/elecomp/feeds/elecomp_pigufiEX.xml HTTP/1.1" 200 2867760 "-" "Python-urllib/3.11"
77.79.248.229 - - [18/Apr/2025:12:42:19 +0200] "GET /Jurek/elecomp/feeds/elecomp_piguEX.xml HTTP/1.1" 200 2867737 "-" "Python-urllib/3.11"
77.79.248.229 - - [18/Apr/2025:12:42:19 +0200] "GET /Jurek/elecomp/feeds/elecomp_piguEX.xml HTTP/1.1" 200 2867737 "-" "Python-urllib/3.11"
77.79.248.229 - - [18/Apr/2025:12:42:19 +0200] "GET /Jurek/velinda/feeds/velinda_piguEX.xml HTTP/1.1" 200 23414 "-" "Python-urllib/3.11"
77.79.248.229 - - [18/Apr/2025:12:42:19 +0200] "GET /Jurek/velinda/feeds/velinda_pigufiEX.xml HTTP/1.1" 200 23416 "-" "Python-urllib/3.11"
77.79.248.229 - - [18/Apr/2025:12:42:19 +0200] "GET /Jurek/velinda/feeds/velinda_piguEX.xml HTTP/1.1" 200 23414 "-" "Python-urllib/3.11"
77.79.248.229 - - [18/Apr/2025:12:42:19 +0200] "GET /Jurek/velinda/feeds/velinda_piguEX.xml HTTP/1.1" 200 23414 "-" "Python-urllib/3.11"
77.79.248.229 - - [18/Apr/2025:12:42:19 +0200] "GET /Jurek/erohurtownia/feeds/erohurtownia_piguEX.xml HTTP/1.1" 200 22841372 "-" "Python-urllib/3.11"
77.79.248.229 - - [18/Apr/2025:12:42:20 +0200] "GET /Jurek/erohurtownia/feeds/erohurtownia_pigufiEX.xml HTTP/1.1" 200 22841666 "-" "Python-urllib/3.11"
77.79.248.229 - - [18/Apr/2025:12:42:20 +0200] "GET /Jurek/erohurtownia/feeds/erohurtownia_piguEX.xml HTTP/1.1" 200 22841372 "-" "Python-urllib/3.11"
77.79.248.229 - - [18/Apr/2025:12:42:20 +0200] "GET /Jurek/erohurtownia/feeds/erohurtownia_piguEX.xml HTTP/1.1" 200 22841372 "-" "Python-urllib/3.11"
77.79.248.229 - - [18/Apr/2025:12:42:20 +0200] "GET /Jurek/reman/feeds/reman_piguEX.xml HTTP/1.1" 200 1394831 "-" "Python-urllib/3.11"
77.79.248.229 - - [18/Apr/2025:12:42:20 +0200] "GET /Jurek/reman/feeds/reman_pigufiEX.xml HTTP/1.1" 200 1394840 "-" "Python-urllib/3.11"
77.79.248.229 - - [18/Apr/2025:12:42:20 +0200] "GET /Jurek/reman/feeds/reman_piguEX.xml HTTP/1.1" 200 1394831 "-" "Python-urllib/3.11"
77.79.248.229 - - [18/Apr/2025:12:42:20 +0200] "GET /Jurek/reman/feeds/reman_piguEX.xml HTTP/1.1" 200 1394831 "-" "Python-urllib/3.11"
77.79.248.229 - - [18/Apr/2025:12:42:21 +0200] "GET /Jurek/urwiskowo/feeds/urwiskowo_piguEX.xml HTTP/1.1" 200 9113166 "-" "Python-urllib/3.11"
77.79.248.229 - - [18/Apr/2025:12:42:21 +0200] "GET /Jurek/urwiskowo/feeds/urwiskowo_pigufiEX.xml HTTP/1.1" 200 9114183 "-" "Python-urllib/3.11"
77.79.248.229 - - [18/Apr/2025:12:42:21 +0200] "GET /Jurek/urwiskowo/feeds/urwiskowo_piguEX.xml HTTP/1.1" 200 9113166 "-" "Python-urllib/3.11"
77.79.248.229 - - [18/Apr/2025:12:42:21 +0200] "GET /Jurek/urwiskowo/feeds/urwiskowo_piguEX.xml HTTP/1.1" 200 9113166 "-" "Python-urllib/3.11"
77.79.248.229 - - [18/Apr/2025:12:42:21 +0200] "GET /Jurek/combine/feeds/combine_piguEX.xml HTTP/1.1" 200 210555 "-" "Python-urllib/3.11"
77.79.248.229 - - [18/Apr/2025:12:42:21 +0200] "GET /Jurek/combine/feeds/combine_pigufiEX.xml HTTP/1.1" 200 210551 "-" "Python-urllib/3.11"
77.79.248.229 - - [18/Apr/2025:12:42:21 +0200] "GET /Jurek/combine/feeds/combine_piguEX.xml HTTP/1.1" 200 210555 "-" "Python-urllib/3.11"
77.79.248.229 - - [18/Apr/2025:12:42:21 +0200] "GET /Jurek/combine/feeds/combine_piguEX.xml HTTP/1.1" 200 210555 "-" "Python-urllib/3.11"
77.79.248.229 - - [18/Apr/2025:12:42:21 +0200] "GET /Jurek/eldar/feeds/eldar_piguEX.xml HTTP/1.1" 200 7326585 "-" "Python-urllib/3.11"
77.79.248.229 - - [18/Apr/2025:12:42:22 +0200] "GET /Jurek/eldar/feeds/eldar_pigufiEX.xml HTTP/1.1" 200 7326974 "-" "Python-urllib/3.11"
77.79.248.229 - - [18/Apr/2025:12:42:22 +0200] "GET /Jurek/eldar/feeds/eldar_piguEX.xml HTTP/1.1" 200 7326585 "-" "Python-urllib/3.11"
77.79.248.229 - - [18/Apr/2025:12:42:22 +0200] "GET /Jurek/eldar/feeds/eldar_piguEX.xml HTTP/1.1" 200 7326585 "-" "Python-urllib/3.11"
77.79.248.229 - - [18/Apr/2025:12:42:27 +0200] "GET /Jurek/kinghoff/feeds/kinghoff_piguEX.xml HTTP/1.1" 200 15449890 "-" "Python-urllib/3.11"
77.79.248.229 - - [18/Apr/2025:12:42:27 +0200] "GET /Jurek/kinghoff/feeds/kinghoff_pigufiEX.xml HTTP/1.1" 200 15449906 "-" "Python-urllib/3.11"
77.79.248.229 - - [18/Apr/2025:12:42:28 +0200] "GET /Jurek/kinghoff/feeds/kinghoff_piguEX.xml HTTP/1.1" 200 15449890 "-" "Python-urllib/3.11"
77.79.248.229 - - [18/Apr/2025:12:42:28 +0200] "GET /Jurek/kinghoff/feeds/kinghoff_piguEX.xml HTTP/1.1" 200 15449890 "-" "Python-urllib/3.11"
77.79.248.229 - - [18/Apr/2025:12:42:28 +0200] "GET /Jurek/action/feeds/action_piguEX.xml HTTP/1.1" 200 59685066 "-" "Python-urllib/3.11"
77.79.248.229 - - [18/Apr/2025:12:42:29 +0200] "GET /Jurek/action/feeds/action_pigufiEX.xml HTTP/1.1" 200 59686566 "-" "Python-urllib/3.11"
77.79.248.229 - - [18/Apr/2025:12:42:30 +0200] "GET /Jurek/action/feeds/action_piguEX.xml HTTP/1.1" 200 59685066 "-" "Python-urllib/3.11"
77.79.248.229 - - [18/Apr/2025:12:42:30 +0200] "GET /Jurek/action/feeds/action_piguEX.xml HTTP/1.1" 200 59685066 "-" "Python-urllib/3.11"
77.79.248.229 - - [18/Apr/2025:12:42:31 +0200] "GET /Jurek/aw/feeds/aw_piguEX.xml HTTP/1.1" 200 90488156 "-" "Python-urllib/3.11"
51.77.52.107 - - [18/Apr/2025:12:42:32 +0200] "GET /Jurek/eurofirany/images/470018/0.jpg HTTP/2.0" 200 208168 "-" "baselinker"
77.79.248.229 - - [18/Apr/2025:12:42:32 +0200] "GET /Jurek/aw/feeds/aw_pigufiEX.xml HTTP/1.1" 200 90490177 "-" "Python-urllib/3.11"
77.79.248.229 - - [18/Apr/2025:12:42:33 +0200] "GET /Jurek/aw/feeds/aw_piguEX.xml HTTP/1.1" 200 90488156 "-" "Python-urllib/3.11"
77.79.248.229 - - [18/Apr/2025:12:42:34 +0200] "GET /Jurek/aw/feeds/aw_piguEX.xml HTTP/1.1" 200 90488156 "-" "Python-urllib/3.11"
77.79.248.229 - - [18/Apr/2025:12:42:34 +0200] "GET /Jurek/eurofirany/feeds/eurofirany_piguEX.xml HTTP/1.1" 200 19094165 "-" "Python-urllib/3.11"
77.79.248.229 - - [18/Apr/2025:12:42:35 +0200] "GET /Jurek/eurofirany/feeds/eurofirany_piguFIEX.xml HTTP/1.1" 200 19094068 "-" "Python-urllib/3.11"
77.79.248.229 - - [18/Apr/2025:12:42:35 +0200] "GET /Jurek/eurofirany/feeds/eurofirany_piguEX.xml HTTP/1.1" 200 19094165 "-" "Python-urllib/3.11"
77.79.248.229 - - [18/Apr/2025:12:42:35 +0200] "GET /Jurek/eurofirany/feeds/eurofirany_piguEX.xml HTTP/1.1" 200 19094165 "-" "Python-urllib/3.11"
77.79.248.229 - - [18/Apr/2025:12:42:36 +0200] "GET /Jurek/muminky/feeds/muminky_piguEX.xml HTTP/1.1" 200 2677761 "-" "Python-urllib/3.11"
77.79.248.229 - - [18/Apr/2025:12:42:36 +0200] "GET /Jurek/muminky/feeds/muminky_piguFIEX.xml HTTP/1.1" 200 2677592 "-" "Python-urllib/3.11"
77.79.248.229 - - [18/Apr/2025:12:42:36 +0200] "GET /Jurek/muminky/feeds/muminky_piguEX.xml HTTP/1.1" 200 2677761 "-" "Python-urllib/3.11"
77.79.248.229 - - [18/Apr/2025:12:42:36 +0200] "GET /Jurek/muminky/feeds/muminky_piguEX.xml HTTP/1.1" 200 2677761 "-" "Python-urllib/3.11"
77.79.248.229 - - [18/Apr/2025:12:42:36 +0200] "GET /Jurek/benetech/feeds/benetech_piguEX.xml HTTP/1.1" 200 4165448 "-" "Python-urllib/3.11"
77.79.248.229 - - [18/Apr/2025:12:42:36 +0200] "GET /Jurek/benetech/feeds/benetech_piguFIEX.xml HTTP/1.1" 200 4165453 "-" "Python-urllib/3.11"
77.79.248.229 - - [18/Apr/2025:12:42:36 +0200] "GET /Jurek/benetech/feeds/benetech_piguEX.xml HTTP/1.1" 200 4165448 "-" "Python-urllib/3.11"
77.79.248.229 - - [18/Apr/2025:12:42:36 +0200] "GET /Jurek/benetech/feeds/benetech_piguEX.xml HTTP/1.1" 200 4165448 "-" "Python-urllib/3.11"
77.79.248.229 - - [18/Apr/2025:12:42:36 +0200] "GET /Jurek/pupus/feeds/pupus_piguEX.xml HTTP/1.1" 200 6154630 "-" "Python-urllib/3.11"
77.79.248.229 - - [18/Apr/2025:12:42:37 +0200] "GET /Jurek/pupus/feeds/pupus_piguFIEX.xml HTTP/1.1" 200 6154581 "-" "Python-urllib/3.11"
77.79.248.229 - - [18/Apr/2025:12:42:37 +0200] "GET /Jurek/pupus/feeds/pupus_piguEX.xml HTTP/1.1" 200 6154630 "-" "Python-urllib/3.11"
77.79.248.229 - - [18/Apr/2025:12:42:37 +0200] "GET /Jurek/pupus/feeds/pupus_piguEX.xml HTTP/1.1" 200 6154630 "-" "Python-urllib/3.11"
77.79.248.229 - - [18/Apr/2025:12:42:38 +0200] "GET /Jurek/ikonka/feeds/ikonka_piguEX.xml HTTP/1.1" 200 22177918 "-" "Python-urllib/3.11"
77.79.248.229 - - [18/Apr/2025:12:42:38 +0200] "GET /Jurek/ikonka/feeds/ikonka_piguFIEX.xml HTTP/1.1" 200 22177958 "-" "Python-urllib/3.11"
77.79.248.229 - - [18/Apr/2025:12:42:38 +0200] "GET /Jurek/ikonka/feeds/ikonka_piguEX.xml HTTP/1.1" 200 22177918 "-" "Python-urllib/3.11"
77.79.248.229 - - [18/Apr/2025:12:42:39 +0200] "GET /Jurek/ikonka/feeds/ikonka_piguEX.xml HTTP/1.1" 200 22177918 "-" "Python-urllib/3.11"
51.77.52.107 - - [18/Apr/2025:12:42:39 +0200] "GET /Jurek/eurofirany/images/470018/0.jpg HTTP/2.0" 200 208168 "-" "baselinker"
77.79.248.229 - - [18/Apr/2025:12:42:39 +0200] "GET /Jurek/beltimore/feeds/beltimore_piguEX.xml HTTP/1.1" 200 18651642 "-" "Python-urllib/3.11"
77.79.248.229 - - [18/Apr/2025:12:42:39 +0200] "GET /Jurek/beltimore/feeds/beltimore_piguFIEX.xml HTTP/1.1" 200 18651148 "-" "Python-urllib/3.11"
77.79.248.229 - - [18/Apr/2025:12:42:39 +0200] "GET /Jurek/beltimore/feeds/beltimore_piguEX.xml HTTP/1.1" 200 18651642 "-" "Python-urllib/3.11"
77.79.248.229 - - [18/Apr/2025:12:42:40 +0200] "GET /Jurek/beltimore/feeds/beltimore_piguEX.xml HTTP/1.1" 200 18651642 "-" "Python-urllib/3.11"
77.79.248.229 - - [18/Apr/2025:12:42:40 +0200] "GET /Jurek/matkam/feeds/matkam_piguEX.xml HTTP/1.1" 200 4425463 "-" "Python-urllib/3.11"
77.79.248.229 - - [18/Apr/2025:12:42:40 +0200] "GET /Jurek/matkam/feeds/matkam_piguFIEX.xml HTTP/1.1" 200 4425608 "-" "Python-urllib/3.11"
77.79.248.229 - - [18/Apr/2025:12:42:40 +0200] "GET /Jurek/matkam/feeds/matkam_piguEX.xml HTTP/1.1" 200 4425463 "-" "Python-urllib/3.11"
77.79.248.229 - - [18/Apr/2025:12:42:40 +0200] "GET /Jurek/matkam/feeds/matkam_piguEX.xml HTTP/1.1" 200 4425463 "-" "Python-urllib/3.11"
77.79.248.229 - - [18/Apr/2025:12:42:40 +0200] "GET /Jurek/sportprise/feeds/sportprise_piguEX.xml HTTP/1.1" 200 11781990 "-" "Python-urllib/3.11"
77.79.248.229 - - [18/Apr/2025:12:42:40 +0200] "GET /Jurek/sportprise/feeds/sportprise_piguFIEX.xml HTTP/1.1" 200 11782655 "-" "Python-urllib/3.11"
77.79.248.229 - - [18/Apr/2025:12:42:40 +0200] "GET /Jurek/sportprise/feeds/sportprise_piguEX.xml HTTP/1.1" 200 11781990 "-" "Python-urllib/3.11"
77.79.248.229 - - [18/Apr/2025:12:42:41 +0200] "GET /Jurek/sportprise/feeds/sportprise_piguEX.xml HTTP/1.1" 200 11781990 "-" "Python-urllib/3.11"
77.79.248.229 - - [18/Apr/2025:12:42:41 +0200] "GET /Jurek/takapara/feeds/takapara_piguEX.xml HTTP/1.1" 200 1342609 "-" "Python-urllib/3.11"
77.79.248.229 - - [18/Apr/2025:12:42:41 +0200] "GET /Jurek/takapara/feeds/takapara_piguFIEX.xml HTTP/1.1" 200 1342610 "-" "Python-urllib/3.11"
77.79.248.229 - - [18/Apr/2025:12:42:41 +0200] "GET /Jurek/takapara/feeds/takapara_piguEX.xml HTTP/1.1" 200 1342609 "-" "Python-urllib/3.11"
77.79.248.229 - - [18/Apr/2025:12:42:41 +0200] "GET /Jurek/takapara/feeds/takapara_piguEX.xml HTTP/1.1" 200 1342609 "-" "Python-urllib/3.11"
77.79.248.229 - - [18/Apr/2025:12:42:41 +0200] "GET /Jurek/tsjerzy/feeds/tsjerzy_piguEX.xml HTTP/1.1" 200 3897762 "-" "Python-urllib/3.11"
77.79.248.229 - - [18/Apr/2025:12:42:41 +0200] "GET /Jurek/tsjerzy/feeds/tsjerzy_piguFIEX.xml HTTP/1.1" 200 3897729 "-" "Python-urllib/3.11"
77.79.248.229 - - [18/Apr/2025:12:42:41 +0200] "GET /Jurek/tsjerzy/feeds/tsjerzy_piguEX.xml HTTP/1.1" 200 3897762 "-" "Python-urllib/3.11"
77.79.248.229 - - [18/Apr/2025:12:42:41 +0200] "GET /Jurek/tsjerzy/feeds/tsjerzy_piguEX.xml HTTP/1.1" 200 3897762 "-" "Python-urllib/3.11"
77.79.248.229 - - [18/Apr/2025:12:42:41 +0200] "GET /Jurek/narzbud/feeds/narzbud_piguEX.xml HTTP/1.1" 200 1901258 "-" "Python-urllib/3.11"
77.79.248.229 - - [18/Apr/2025:12:42:41 +0200] "GET /Jurek/narzbud/feeds/narzbud_piguFIEX.xml HTTP/1.1" 200 1901247 "-" "Python-urllib/3.11"
77.79.248.229 - - [18/Apr/2025:12:42:42 +0200] "GET /Jurek/narzbud/feeds/narzbud_piguEX.xml HTTP/1.1" 200 1901258 "-" "Python-urllib/3.11"
77.79.248.229 - - [18/Apr/2025:12:42:42 +0200] "GET /Jurek/narzbud/feeds/narzbud_piguEX.xml HTTP/1.1" 200 1901258 "-" "Python-urllib/3.11"
77.79.248.229 - - [18/Apr/2025:12:42:42 +0200] "GET /Jurek/pawonik/feeds/pawonik_piguEX.xml HTTP/1.1" 200 2138411 "-" "Python-urllib/3.11"
77.79.248.229 - - [18/Apr/2025:12:42:42 +0200] "GET /Jurek/pawonik/feeds/pawonik_piguFIEX.xml HTTP/1.1" 200 2138437 "-" "Python-urllib/3.11"
77.79.248.229 - - [18/Apr/2025:12:42:42 +0200] "GET /Jurek/pawonik/feeds/pawonik_piguEX.xml HTTP/1.1" 200 2138411 "-" "Python-urllib/3.11"
77.79.248.229 - - [18/Apr/2025:12:42:42 +0200] "GET /Jurek/pawonik/feeds/pawonik_piguEX.xml HTTP/1.1" 200 2138411 "-" "Python-urllib/3.11"
77.79.248.229 - - [18/Apr/2025:12:42:42 +0200] "GET /Jurek/princelh/feeds/princelh_piguEX.xml HTTP/1.1" 200 133431 "-" "Python-urllib/3.11"
77.79.248.229 - - [18/Apr/2025:12:42:42 +0200] "GET /Jurek/princelh/feeds/princelh_piguFIEX.xml HTTP/1.1" 200 133436 "-" "Python-urllib/3.11"
77.79.248.229 - - [18/Apr/2025:12:42:42 +0200] "GET /Jurek/princelh/feeds/princelh_piguEX.xml HTTP/1.1" 200 133431 "-" "Python-urllib/3.11"
77.79.248.229 - - [18/Apr/2025:12:42:42 +0200] "GET /Jurek/princelh/feeds/princelh_piguEX.xml HTTP/1.1" 200 133431 "-" "Python-urllib/3.11"
77.79.248.229 - - [18/Apr/2025:12:42:42 +0200] "GET /Jurek/proparts/feeds/proparts_piguEX.xml HTTP/1.1" 200 707489 "-" "Python-urllib/3.11"
77.79.248.229 - - [18/Apr/2025:12:42:42 +0200] "GET /Jurek/proparts/feeds/proparts_piguFIEX.xml HTTP/1.1" 200 707510 "-" "Python-urllib/3.11"
77.79.248.229 - - [18/Apr/2025:12:42:42 +0200] "GET /Jurek/proparts/feeds/proparts_piguEX.xml HTTP/1.1" 200 707489 "-" "Python-urllib/3.11"
77.79.248.229 - - [18/Apr/2025:12:42:42 +0200] "GET /Jurek/proparts/feeds/proparts_piguEX.xml HTTP/1.1" 200 707489 "-" "Python-urllib/3.11"
77.79.248.229 - - [18/Apr/2025:12:42:43 +0200] "GET /Jurek/newtechele/feeds/newtechele_piguEX.xml HTTP/1.1" 200 2438517 "-" "Python-urllib/3.11"
77.79.248.229 - - [18/Apr/2025:12:42:43 +0200] "GET /Jurek/newtechele/feeds/newtechele_piguFIEX.xml HTTP/1.1" 200 2438529 "-" "Python-urllib/3.11"
77.79.248.229 - - [18/Apr/2025:12:42:43 +0200] "GET /Jurek/newtechele/feeds/newtechele_piguEX.xml HTTP/1.1" 200 2438517 "-" "Python-urllib/3.11"
77.79.248.229 - - [18/Apr/2025:12:42:43 +0200] "GET /Jurek/newtechele/feeds/newtechele_piguEX.xml HTTP/1.1" 200 2438517 "-" "Python-urllib/3.11"
77.79.248.229 - - [18/Apr/2025:12:42:43 +0200] "GET /Jurek/lampart/feeds/lampart_piguEX.xml HTTP/1.1" 200 936020 "-" "Python-urllib/3.11"
77.79.248.229 - - [18/Apr/2025:12:42:43 +0200] "GET /Jurek/lampart/feeds/lampart_piguFIEX.xml HTTP/1.1" 200 936026 "-" "Python-urllib/3.11"
77.79.248.229 - - [18/Apr/2025:12:42:43 +0200] "GET /Jurek/lampart/feeds/lampart_piguEX.xml HTTP/1.1" 200 936020 "-" "Python-urllib/3.11"
77.79.248.229 - - [18/Apr/2025:12:42:43 +0200] "GET /Jurek/lampart/feeds/lampart_piguEX.xml HTTP/1.1" 200 936020 "-" "Python-urllib/3.11"
77.79.248.229 - - [18/Apr/2025:12:42:43 +0200] "GET /Jurek/nonabox/feeds/nonabox_piguEX.xml HTTP/1.1" 200 33862 "-" "Python-urllib/3.11"
77.79.248.229 - - [18/Apr/2025:12:42:43 +0200] "GET /Jurek/nonabox/feeds/nonabox_piguFIEX.xml HTTP/1.1" 200 33864 "-" "Python-urllib/3.11"
77.79.248.229 - - [18/Apr/2025:12:42:43 +0200] "GET /Jurek/nonabox/feeds/nonabox_piguEX.xml HTTP/1.1" 200 33862 "-" "Python-urllib/3.11"
77.79.248.229 - - [18/Apr/2025:12:42:43 +0200] "GET /Jurek/nonabox/feeds/nonabox_piguEX.xml HTTP/1.1" 200 33862 "-" "Python-urllib/3.11"
66.135.223.40 - - [18/Apr/2025:12:42:51 +0200] "GET /Jurek/topeshop/downloaded_images/5904507200374_BILBAO7(4).jpg HTTP/1.1" 404 3551 "http://www.ebay.com/" "Mozilla/4.0 (compatible; MSIE 4.01; Windows NT)"
66.135.223.40 - - [18/Apr/2025:12:42:51 +0200] "GET /Jurek/topeshop/downloaded_images/5904507200374_2_(1).jpg HTTP/1.1" 200 94915 "http://www.ebay.com/" "Mozilla/4.0 (compatible; MSIE 4.01; Windows NT)"
66.135.223.43 - - [18/Apr/2025:12:42:51 +0200] "GET /Jurek/topeshop/downloaded_images/5904507200374_BILBAO7(2).jpg HTTP/1.1" 404 3551 "http://www.ebay.com/" "Mozilla/4.0 (compatible; MSIE 4.01; Windows NT)"
66.135.223.41 - - [18/Apr/2025:12:42:51 +0200] "GET /Jurek/topeshop/downloaded_images/5904507200374_BILBAO7(1).jpg HTTP/1.1" 404 3551 "http://www.ebay.com/" "Mozilla/4.0 (compatible; MSIE 4.01; Windows NT)"
66.135.223.41 - - [18/Apr/2025:12:42:51 +0200] "GET /Jurek/topeshop/downloaded_images/5904507200374_2-.jpg HTTP/1.1" 200 60099 "http://www.ebay.com/" "Mozilla/4.0 (compatible; MSIE 4.01; Windows NT)"
66.135.223.43 - - [18/Apr/2025:12:42:51 +0200] "GET /Jurek/topeshop/downloaded_images/5904507200374_son_wymiary.jpg HTTP/1.1" 200 56142 "http://www.ebay.com/" "Mozilla/4.0 (compatible; MSIE 4.01; Windows NT)"
66.135.223.41 - - [18/Apr/2025:12:42:51 +0200] "GET /Jurek/topeshop/downloaded_images/5904507200374_BILBAO7(3).jpg HTTP/1.1" 404 3551 "http://www.ebay.com/" "Mozilla/4.0 (compatible; MSIE 4.01; Windows NT)"
66.135.223.40 - - [18/Apr/2025:12:42:52 +0200] "GET /Jurek/topeshop/downloaded_images/5904507200374_2-bez-dodatk%C3%B3w-wymiary.jpg HTTP/1.1" 200 36945 "http://www.ebay.com/" "Mozilla/4.0 (compatible; MSIE 4.01; Windows NT)"
51.77.52.107 - - [18/Apr/2025:12:42:52 +0200] "GET /Jurek/eurofirany/images/470019/0.jpg HTTP/2.0" 200 185145 "-" "baselinker"
51.77.52.107 - - [18/Apr/2025:12:42:57 +0200] "GET /Jurek/eurofirany/images/470019/0.jpg HTTP/2.0" 200 185145 "-" "baselinker"
51.77.52.107 - - [18/Apr/2025:12:43:13 +0200] "GET /Jurek/eurofirany/images/470019/0.jpg HTTP/2.0" 200 185145 "-" "baselinker"
51.77.52.107 - - [18/Apr/2025:12:43:30 +0200] "GET /Jurek/eurofirany/images/470021/0.jpg HTTP/2.0" 200 184460 "-" "baselinker"
51.77.52.107 - - [18/Apr/2025:12:43:35 +0200] "GET /Jurek/eurofirany/images/470021/0.jpg HTTP/2.0" 200 184460 "-" "baselinker"
51.77.52.107 - - [18/Apr/2025:12:43:41 +0200] "GET /Jurek/eurofirany/images/470021/0.jpg HTTP/2.0" 200 184460 "-" "baselinker"
51.77.52.107 - - [18/Apr/2025:12:43:47 +0200] "GET /Jurek/eurofirany/images/470025/0.jpg HTTP/2.0" 200 87870 "-" "baselinker"
51.77.52.107 - - [18/Apr/2025:12:43:51 +0200] "GET /Jurek/eurofirany/images/470025/0.jpg HTTP/2.0" 200 87870 "-" "baselinker"
51.77.52.107 - - [18/Apr/2025:12:43:56 +0200] "GET /Jurek/eurofirany/images/470025/0.jpg HTTP/2.0" 200 87870 "-" "baselinker"
51.77.52.107 - - [18/Apr/2025:12:44:01 +0200] "GET /Jurek/eurofirany/images/470026/0.jpg HTTP/2.0" 200 145697 "-" "baselinker"
51.77.52.107 - - [18/Apr/2025:12:44:06 +0200] "GET /Jurek/eurofirany/images/470026/0.jpg HTTP/2.0" 200 145697 "-" "baselinker"
51.77.52.107 - - [18/Apr/2025:12:44:10 +0200] "GET /Jurek/eurofirany/images/470026/0.jpg HTTP/2.0" 200 145697 "-" "baselinker"
51.77.52.107 - - [18/Apr/2025:12:44:28 +0200] "GET /Jurek/eurofirany/images/470028/0.jpg HTTP/2.0" 200 148943 "-" "baselinker"
51.77.52.107 - - [18/Apr/2025:12:44:44 +0200] "GET /Jurek/eurofirany/images/470028/0.jpg HTTP/2.0" 200 148943 "-" "baselinker"
51.77.52.107 - - [18/Apr/2025:12:44:49 +0200] "GET /Jurek/eurofirany/images/470028/0.jpg HTTP/2.0" 200 148943 "-" "baselinker"
51.77.52.107 - - [18/Apr/2025:12:45:06 +0200] "GET /Jurek/eurofirany/images/470029/0.jpg HTTP/2.0" 200 148514 "-" "baselinker"
51.77.52.107 - - [18/Apr/2025:12:45:11 +0200] "GET /Jurek/eurofirany/images/470029/0.jpg HTTP/2.0" 200 148514 "-" "baselinker"
51.77.52.107 - - [18/Apr/2025:12:45:16 +0200] "GET /Jurek/eurofirany/images/470029/0.jpg HTTP/2.0" 200 148514 "-" "baselinker"
51.77.52.107 - - [18/Apr/2025:12:45:22 +0200] "GET /Jurek/eurofirany/images/470030/0.jpg HTTP/2.0" 200 147970 "-" "baselinker"
51.77.52.107 - - [18/Apr/2025:12:45:27 +0200] "GET /Jurek/eurofirany/images/470030/0.jpg HTTP/2.0" 200 147970 "-" "baselinker"
51.77.52.107 - - [18/Apr/2025:12:45:31 +0200] "GET /Jurek/eurofirany/images/470030/0.jpg HTTP/2.0" 200 147970 "-" "baselinker"
51.77.52.107 - - [18/Apr/2025:12:45:36 +0200] "GET /Jurek/eurofirany/images/464084/0.jpg HTTP/2.0" 200 103179 "-" "baselinker"
51.77.52.107 - - [18/Apr/2025:12:45:49 +0200] "GET /Jurek/eurofirany/images/464084/0.jpg HTTP/2.0" 200 103179 "-" "baselinker"
51.77.52.107 - - [18/Apr/2025:12:45:54 +0200] "GET /Jurek/eurofirany/images/464084/0.jpg HTTP/2.0" 200 103179 "-" "baselinker"
66.211.183.71 - - [18/Apr/2025:12:45:56 +0200] "GET /Jurek/topeshop/downloaded_images/5902838463741_Front_fullclose.jpg HTTP/1.1" 404 3551 "http://www.ebay.com/" "Mozilla/4.0 (compatible; MSIE 4.01; Windows NT)"
66.211.183.74 - - [18/Apr/2025:12:45:56 +0200] "GET /Jurek/topeshop/downloaded_images/5902838463741_20st_close.jpg HTTP/1.1" 404 3551 "http://www.ebay.com/" "Mozilla/4.0 (compatible; MSIE 4.01; Windows NT)"
66.211.183.72 - - [18/Apr/2025:12:45:56 +0200] "GET /Jurek/topeshop/downloaded_images/5902838463741_20st_open.jpg HTTP/1.1" 404 3551 "http://www.ebay.com/" "Mozilla/4.0 (compatible; MSIE 4.01; Windows NT)"
66.211.183.73 - - [18/Apr/2025:12:45:56 +0200] "GET /Jurek/topeshop/downloaded_images/5902838463741_close_front.jpg HTTP/1.1" 404 3551 "http://www.ebay.com/" "Mozilla/4.0 (compatible; MSIE 4.01; Windows NT)"
66.211.183.74 - - [18/Apr/2025:12:45:56 +0200] "GET /Jurek/topeshop/downloaded_images/5902838463741_Front_open.jpg HTTP/1.1" 404 3551 "http://www.ebay.com/" "Mozilla/4.0 (compatible; MSIE 4.01; Windows NT)"
66.211.183.72 - - [18/Apr/2025:12:45:56 +0200] "GET /Jurek/topeshop/downloaded_images/5902838463741_ar2_cc_.RGB_color.0006.jpg HTTP/1.1" 200 123579 "http://www.ebay.com/" "Mozilla/4.0 (compatible; MSIE 4.01; Windows NT)"
66.211.183.74 - - [18/Apr/2025:12:45:56 +0200] "GET /Jurek/topeshop/downloaded_images/5902838463741_blackRtv-140.jpg HTTP/1.1" 404 3551 "http://www.ebay.com/" "Mozilla/4.0 (compatible; MSIE 4.01; Windows NT)"
46.101.116.244 - - [18/Apr/2025:12:46:05 +0200] "GET /Jurek/b3/feeds/b3_alza.xml HTTP/2.0" 200 8066289 "-" "-"
51.77.52.107 - - [18/Apr/2025:12:46:05 +0200] "GET /Jurek/eurofirany/images/464093/0.jpg HTTP/2.0" 200 103179 "-" "baselinker"
46.101.116.244 - - [18/Apr/2025:12:46:11 +0200] "GET /Jurek/aw/feeds/aw_fnacfr.xml HTTP/1.0" 404 3551 "-" "-"
51.77.52.107 - - [18/Apr/2025:12:46:19 +0200] "GET /Jurek/eurofirany/images/464093/0.jpg HTTP/2.0" 200 103179 "-" "baselinker"
51.77.52.107 - - [18/Apr/2025:12:46:24 +0200] "GET /Jurek/eurofirany/images/464093/0.jpg HTTP/2.0" 200 103179 "-" "baselinker"
46.101.116.244 - - [18/Apr/2025:12:46:30 +0200] "GET /Jurek/action/feeds/action_alza.xml HTTP/2.0" 200 59726464 "-" "-"
51.77.52.107 - - [18/Apr/2025:12:46:39 +0200] "GET /Jurek/eurofirany/images/464102/0.jpg HTTP/2.0" 200 103179 "-" "baselinker"
51.77.52.107 - - [18/Apr/2025:12:46:54 +0200] "GET /Jurek/eurofirany/images/464102/0.jpg HTTP/2.0" 200 103179 "-" "baselinker"
51.77.52.107 - - [18/Apr/2025:12:47:11 +0200] "GET /Jurek/eurofirany/images/464102/0.jpg HTTP/2.0" 200 103179 "-" "baselinker"
51.77.52.107 - - [18/Apr/2025:12:47:24 +0200] "GET /Jurek/eurofirany/images/464078/0.jpg HTTP/2.0" 200 158000 "-" "baselinker"
51.77.52.107 - - [18/Apr/2025:12:47:37 +0200] "GET /Jurek/eurofirany/images/464078/0.jpg HTTP/2.0" 200 158000 "-" "baselinker"
51.77.52.107 - - [18/Apr/2025:12:47:50 +0200] "GET /Jurek/eurofirany/images/464078/0.jpg HTTP/2.0" 200 158000 "-" "baselinker"
51.77.52.107 - - [18/Apr/2025:12:47:54 +0200] "GET /Jurek/eurofirany/images/464099/0.jpg HTTP/2.0" 200 158000 "-" "baselinker"
51.77.52.107 - - [18/Apr/2025:12:48:09 +0200] "GET /Jurek/eurofirany/images/464099/0.jpg HTTP/2.0" 200 158000 "-" "baselinker"
46.101.116.244 - - [18/Apr/2025:12:48:17 +0200] "GET /Jurek/unimet/feeds/unimet_alza.xml HTTP/2.0" 200 61207214 "-" "-"
51.77.52.107 - - [18/Apr/2025:12:48:22 +0200] "GET /Jurek/eurofirany/images/464099/0.jpg HTTP/2.0" 200 158000 "-" "baselinker"
51.77.52.107 - - [18/Apr/2025:12:48:25 +0200] "GET /Jurek/eurofirany/images/469606/0.jpg HTTP/2.0" 200 178659 "-" "baselinker"
46.101.116.244 - - [18/Apr/2025:12:48:34 +0200] "GET /Jurek/vida_morele/feeds/vidaPL_velomarket_category5.xml HTTP/1.0" 200 80028814 "-" "-"
51.77.52.107 - - [18/Apr/2025:12:48:38 +0200] "GET /Jurek/eurofirany/images/469606/0.jpg HTTP/2.0" 200 178659 "-" "baselinker"
51.77.52.107 - - [18/Apr/2025:12:48:48 +0200] "GET /Jurek/eurofirany/images/469606/0.jpg HTTP/2.0" 200 178659 "-" "baselinker"
51.77.52.107 - - [18/Apr/2025:12:49:00 +0200] "GET /Jurek/eurofirany/images/469607/0.jpg HTTP/2.0" 200 178659 "-" "baselinker"
51.77.52.107 - - [18/Apr/2025:12:49:14 +0200] "GET /Jurek/eurofirany/images/469607/0.jpg HTTP/2.0" 200 178659 "-" "baselinker"
51.77.52.107 - - [18/Apr/2025:12:49:19 +0200] "GET /Jurek/eurofirany/images/469607/0.jpg HTTP/2.0" 200 178659 "-" "baselinker"
51.77.52.107 - - [18/Apr/2025:12:49:33 +0200] "GET /Jurek/eurofirany/images/469608/0.jpg HTTP/2.0" 200 178659 "-" "baselinker"
51.77.52.107 - - [18/Apr/2025:12:49:46 +0200] "GET /Jurek/eurofirany/images/469608/0.jpg HTTP/2.0" 200 178659 "-" "baselinker"
46.101.116.244 - - [18/Apr/2025:12:50:02 +0200] "GET /Jurek/andex/feeds/andex_alza.xml HTTP/2.0" 200 1954502 "-" "-"
51.77.52.107 - - [18/Apr/2025:12:50:02 +0200] "GET /Jurek/eurofirany/images/469608/0.jpg HTTP/2.0" 200 178659 "-" "baselinker"
46.101.116.244 - - [18/Apr/2025:12:50:13 +0200] "GET /Jurek/aw/feeds/awnarzedzia_alza.xml HTTP/2.0" 200 90604435 "-" "-"
51.77.52.107 - - [18/Apr/2025:12:50:17 +0200] "GET /Jurek/eurofirany/images/469609/0.jpg HTTP/2.0" 200 128911 "-" "baselinker"
51.77.52.107 - - [18/Apr/2025:12:50:31 +0200] "GET /Jurek/eurofirany/images/469609/0.jpg HTTP/2.0" 200 128911 "-" "baselinker"
46.101.116.244 - - [18/Apr/2025:12:50:35 +0200] "GET /Jurek/detian/feeds/detian_alza.xml HTTP/2.0" 404 3551 "-" "-"
51.77.52.107 - - [18/Apr/2025:12:50:44 +0200] "GET /Jurek/eurofirany/images/469609/0.jpg HTTP/2.0" 200 128911 "-" "baselinker"
46.101.116.244 - - [18/Apr/2025:12:50:45 +0200] "GET /Jurek/fernity/feeds/fernity_alza.xml HTTP/2.0" 200 4820411 "-" "-"
51.77.52.107 - - [18/Apr/2025:12:50:56 +0200] "GET /Jurek/eurofirany/images/469610/0.jpg HTTP/2.0" 200 128911 "-" "baselinker"
46.101.116.244 - - [18/Apr/2025:12:51:07 +0200] "GET /Jurek/octopia/feeds/octopia_alzacz.xml HTTP/2.0" 200 10117156 "-" "-"
51.77.52.107 - - [18/Apr/2025:12:51:08 +0200] "GET /Jurek/eurofirany/images/469610/0.jpg HTTP/2.0" 200 128911 "-" "baselinker"
46.101.116.244 - - [18/Apr/2025:12:51:19 +0200] "GET /Jurek/unimet/feeds/unimet_alza.xml HTTP/2.0" 200 61207214 "-" "-"
51.77.52.107 - - [18/Apr/2025:12:51:20 +0200] "GET /Jurek/eurofirany/images/469610/0.jpg HTTP/2.0" 200 128911 "-" "baselinker"
51.77.52.107 - - [18/Apr/2025:12:51:25 +0200] "GET /Jurek/eurofirany/images/469611/0.jpg HTTP/2.0" 200 128911 "-" "baselinker"
89.161.206.59 - - [18/Apr/2025:12:51:27 +0200] "GET /Jurek/lampart/feeds/lampart_bol.xml HTTP/1.0" 200 936024 "-" "-"
89.161.206.59 - - [18/Apr/2025:12:51:27 +0200] "GET /Jurek/drops/feeds/dropsofficecolection_bol.xml HTTP/1.0" 200 790654 "-" "-"
89.161.206.59 - - [18/Apr/2025:12:51:28 +0200] "GET /Jurek/bloomglow/feeds/bloomglow_bol.xml HTTP/1.0" 200 14095142 "-" "-"
89.161.206.59 - - [18/Apr/2025:12:51:31 +0200] "GET /Jurek/dekornatort/feeds/dekornatort_bol.xml HTTP/1.0" 200 225742 "-" "-"
89.161.206.59 - - [18/Apr/2025:12:51:33 +0200] "GET /Jurek/rovato/feeds/rovato_bol.xml HTTP/1.0" 200 180835 "-" "-"
46.101.116.244 - - [18/Apr/2025:12:51:41 +0200] "GET /Jurek/eurofirany/feeds/eurofirany_alza.xml HTTP/2.0" 200 19062662 "-" "-"
51.77.52.107 - - [18/Apr/2025:12:51:43 +0200] "GET /Jurek/eurofirany/images/469611/0.jpg HTTP/2.0" 200 128911 "-" "baselinker"
46.101.116.244 - - [18/Apr/2025:12:51:59 +0200] "GET /Jurek/beliani/feeds/beliani_alza.xml HTTP/2.0" 200 15317574 "-" "-"
51.77.52.107 - - [18/Apr/2025:12:52:03 +0200] "GET /Jurek/eurofirany/images/469611/0.jpg HTTP/2.0" 200 128911 "-" "baselinker"
51.77.52.107 - - [18/Apr/2025:12:52:23 +0200] "GET /Jurek/eurofirany/images/469618/0.jpg HTTP/2.0" 200 149531 "-" "baselinker"
46.101.116.244 - - [18/Apr/2025:12:52:26 +0200] "GET /Jurek/vivaldi/feeds/vivaldi_alza.xml HTTP/2.0" 200 344839 "-" "-"
46.101.116.244 - - [18/Apr/2025:12:52:38 +0200] "GET /Jurek/ikonka/feeds/ikonka_alza.xml HTTP/2.0" 200 22180403 "-" "-"
51.77.52.107 - - [18/Apr/2025:12:52:39 +0200] "GET /Jurek/eurofirany/images/469618/0.jpg HTTP/2.0" 200 149531 "-" "baselinker"
46.101.116.244 - - [18/Apr/2025:12:52:50 +0200] "GET /Jurek/stema/feeds/stema_alza.xml HTTP/2.0" 200 857697 "-" "-"
51.77.52.107 - - [18/Apr/2025:12:52:52 +0200] "GET /Jurek/eurofirany/images/469618/0.jpg HTTP/2.0" 200 149531 "-" "baselinker"
46.101.116.244 - - [18/Apr/2025:12:53:01 +0200] "GET /Jurek/kinghoff/feeds/kinghoff_alza.xml HTTP/2.0" 200 15452859 "-" "-"
51.77.52.107 - - [18/Apr/2025:12:53:04 +0200] "GET /Jurek/eurofirany/images/469619/0.jpg HTTP/2.0" 200 149531 "-" "baselinker"
51.77.52.107 - - [18/Apr/2025:12:53:08 +0200] "GET /Jurek/eurofirany/images/469619/0.jpg HTTP/2.0" 200 149531 "-" "baselinker"
46.101.116.244 - - [18/Apr/2025:12:53:19 +0200] "GET /Jurek/beltimore/feeds/beltimore_mallsish.xml HTTP/2.0" 200 18651656 "-" "-"
51.77.52.107 - - [18/Apr/2025:12:53:20 +0200] "GET /Jurek/eurofirany/images/469619/0.jpg HTTP/2.0" 200 149531 "-" "baselinker"
51.77.52.107 - - [18/Apr/2025:12:53:26 +0200] "GET /Jurek/eurofirany/images/469620/0.jpg HTTP/2.0" 200 149531 "-" "baselinker"
46.101.116.244 - - [18/Apr/2025:12:53:34 +0200] "GET /Jurek/drops/feeds/dropsofficecolection_mallsish.xml HTTP/2.0" 200 790612 "-" "-"
51.77.52.107 - - [18/Apr/2025:12:53:39 +0200] "GET /Jurek/eurofirany/images/469620/0.jpg HTTP/2.0" 200 149531 "-" "baselinker"
46.101.116.244 - - [18/Apr/2025:12:53:45 +0200] "GET /Jurek/hdwr/feeds/hdwr_mallsish.xml HTTP/2.0" 200 789395 "-" "-"
51.77.52.107 - - [18/Apr/2025:12:53:52 +0200] "GET /Jurek/eurofirany/images/469620/0.jpg HTTP/2.0" 200 149531 "-" "baselinker"
152.70.189.216 - - [18/Apr/2025:12:53:53 +0200] "GET /Jurek/eurofirany/images/383346/0.jpg HTTP/2.0" 200 67002 "-" "imagor/1.4.8"
46.101.116.244 - - [18/Apr/2025:12:53:55 +0200] "GET /Jurek/narzbud/feeds/narzbud_mallsish.xml HTTP/2.0" 200 1901257 "-" "-"
51.77.52.107 - - [18/Apr/2025:12:53:58 +0200] "GET /Jurek/eurofirany/images/469621/0.jpg HTTP/2.0" 200 144291 "-" "baselinker"
51.77.52.107 - - [18/Apr/2025:12:54:03 +0200] "GET /Jurek/eurofirany/images/469621/0.jpg HTTP/2.0" 200 144291 "-" "baselinker"
46.101.116.244 - - [18/Apr/2025:12:54:06 +0200] "GET /Jurek/newtechele/feeds/newtechele_mallsish.xml HTTP/2.0" 200 2438510 "-" "-"
51.77.52.107 - - [18/Apr/2025:12:54:08 +0200] "GET /Jurek/eurofirany/images/469621/0.jpg HTTP/2.0" 200 144291 "-" "baselinker"
46.101.116.244 - - [18/Apr/2025:12:54:16 +0200] "GET /Jurek/pagmil/feeds/pagmil_mallsish.xml HTTP/2.0" 200 1802832 "-" "-"
51.77.52.107 - - [18/Apr/2025:12:54:20 +0200] "GET /Jurek/eurofirany/images/469622/0.jpg HTTP/2.0" 200 144291 "-" "baselinker"
46.101.116.244 - - [18/Apr/2025:12:54:28 +0200] "GET /Jurek/pawonik/feeds/pawonik_mallsish.xml HTTP/2.0" 200 2138423 "-" "-"
51.77.52.107 - - [18/Apr/2025:12:54:33 +0200] "GET /Jurek/eurofirany/images/469622/0.jpg HTTP/2.0" 200 144291 "-" "baselinker"
46.101.116.244 - - [18/Apr/2025:12:54:39 +0200] "GET /Jurek/proadventure/feeds/proadventure_mallsish.xml HTTP/2.0" 200 10763444 "-" "-"
89.161.206.59 - - [18/Apr/2025:12:54:45 +0200] "GET /Jurek/eurofirany/feeds/eurofirany_skroutz.xml HTTP/1.0" 200 18801900 "-" "-"
51.77.52.107 - - [18/Apr/2025:12:54:47 +0200] "GET /Jurek/eurofirany/images/469622/0.jpg HTTP/2.0" 200 144291 "-" "baselinker"
46.101.116.244 - - [18/Apr/2025:12:54:50 +0200] "GET /Jurek/rems/feeds/rems_mallsish.xml HTTP/2.0" 200 8706195 "-" "-"
51.77.52.107 - - [18/Apr/2025:12:54:59 +0200] "GET /Jurek/eurofirany/images/469623/0.jpg HTTP/2.0" 200 144291 "-" "baselinker"
46.101.116.244 - - [18/Apr/2025:12:55:01 +0200] "GET /Jurek/roger/feeds/roger_mallsish.xml HTTP/2.0" 200 1396591 "-" "-"
46.101.116.244 - - [18/Apr/2025:12:55:12 +0200] "GET /Jurek/sovapl/feeds/sovapl_mallsish.xml HTTP/2.0" 200 8999904 "-" "-"
51.77.52.107 - - [18/Apr/2025:12:55:12 +0200] "GET /Jurek/eurofirany/images/469623/0.jpg HTTP/2.0" 200 144291 "-" "baselinker"
51.77.52.107 - - [18/Apr/2025:12:55:16 +0200] "GET /Jurek/eurofirany/images/469623/0.jpg HTTP/2.0" 200 144291 "-" "baselinker"
152.70.189.216 - - [18/Apr/2025:12:55:20 +0200] "GET /Jurek/eurofirany/images/383359/0.jpg HTTP/2.0" 200 73387 "-" "imagor/1.4.8"
51.77.52.107 - - [18/Apr/2025:12:55:21 +0200] "GET /Jurek/eurofirany/images/469584/0.jpg HTTP/2.0" 200 176499 "-" "baselinker"
51.77.52.107 - - [18/Apr/2025:12:55:28 +0200] "GET /Jurek/eurofirany/images/469584/0.jpg HTTP/2.0" 200 176499 "-" "baselinker"
51.77.52.107 - - [18/Apr/2025:12:55:34 +0200] "GET /Jurek/eurofirany/images/469584/0.jpg HTTP/2.0" 200 176499 "-" "baselinker"
152.70.189.216 - - [18/Apr/2025:12:55:36 +0200] "GET /Jurek/eurofirany/images/383062/0.jpg HTTP/2.0" 200 77181 "-" "imagor/1.4.8"
46.101.116.244 - - [18/Apr/2025:12:55:46 +0200] "GET /Jurek/stiv/feeds/stiv_mallsish.xml HTTP/2.0" 200 2056827 "-" "-"
51.77.52.107 - - [18/Apr/2025:12:55:52 +0200] "GET /Jurek/eurofirany/images/469585/0.jpg HTTP/2.0" 200 176499 "-" "baselinker"
66.135.223.41 - - [18/Apr/2025:12:55:54 +0200] "GET /Jurek/topeshop/downloaded_images/5904507201876_KUBABIURKOBRY%C5%81KAANTRACYTFRONTOT.jpg HTTP/1.1" 404 3551 "http://www.ebay.com/" "Mozilla/4.0 (compatible; MSIE 4.01; Windows NT)"
66.135.223.42 - - [18/Apr/2025:12:55:54 +0200] "GET /Jurek/topeshop/downloaded_images/5904507201876_KUBABIURKOARTISAN2.png HTTP/1.1" 404 3551 "http://www.ebay.com/" "Mozilla/4.0 (compatible; MSIE 4.01; Windows NT)"
66.135.223.41 - - [18/Apr/2025:12:55:54 +0200] "GET /Jurek/topeshop/downloaded_images/5904507201876_KUBABIURKOANTRACYT.png HTTP/1.1" 404 3551 "http://www.ebay.com/" "Mozilla/4.0 (compatible; MSIE 4.01; Windows NT)"
66.135.223.43 - - [18/Apr/2025:12:55:54 +0200] "GET /Jurek/topeshop/downloaded_images/5904507201876_KUBABIURKOBRY%C5%81KAANTRACYTFRONTZM.jpg HTTP/1.1" 404 3551 "http://www.ebay.com/" "Mozilla/4.0 (compatible; MSIE 4.01; Windows NT)"
66.135.223.42 - - [18/Apr/2025:12:55:54 +0200] "GET /Jurek/topeshop/downloaded_images/5904507201876_KUBABIURKOBRY%C5%81KAANTRACYTBOKOT.jpg HTTP/1.1" 404 3551 "http://www.ebay.com/" "Mozilla/4.0 (compatible; MSIE 4.01; Windows NT)"
66.135.223.40 - - [18/Apr/2025:12:55:54 +0200] "GET /Jurek/topeshop/downloaded_images/5904507201876_KUBABIURKOBRY%C5%81KAANTRACYTBOKZM.jpg HTTP/1.1" 404 3551 "http://www.ebay.com/" "Mozilla/4.0 (compatible; MSIE 4.01; Windows NT)"
89.161.206.59 - - [18/Apr/2025:12:55:56 +0200] "GET /Jurek/emaja24/feeds/emaja24_amazonnl.xml HTTP/1.0" 200 5109907 "-" "-"
46.101.116.244 - - [18/Apr/2025:12:55:57 +0200] "GET /Jurek/fertes/feeds/fertes_mallsish.xml HTTP/2.0" 200 2361787 "-" "-"
93.1.107.159 - - [18/Apr/2025:12:56:03 +0200] "GET /Jurek/eurofirany/images/384900/3.jpg HTTP/2.0" 200 185645 "https://www.emag.ro/cuvertura-de-pat-lori-220x240-cm-turcoaz-inchis-eurofirany-384900/pd/DBVXRLMBM/" "Mozilla/5.0 (Windows NT 10.0; Win64; x64) AppleWebKit/537.36 (KHTML, like Gecko) Chrome/135.0.0.0 Safari/537.36"
93.1.107.159 - - [18/Apr/2025:12:56:03 +0200] "GET /Jurek/eurofirany/images/384900/1.jpg HTTP/2.0" 200 70604 "https://www.emag.ro/cuvertura-de-pat-lori-220x240-cm-turcoaz-inchis-eurofirany-384900/pd/DBVXRLMBM/" "Mozilla/5.0 (Windows NT 10.0; Win64; x64) AppleWebKit/537.36 (KHTML, like Gecko) Chrome/135.0.0.0 Safari/537.36"
93.1.107.159 - - [18/Apr/2025:12:56:03 +0200] "GET /Jurek/eurofirany/images/384900/2.jpg HTTP/2.0" 200 214534 "https://www.emag.ro/cuvertura-de-pat-lori-220x240-cm-turcoaz-inchis-eurofirany-384900/pd/DBVXRLMBM/" "Mozilla/5.0 (Windows NT 10.0; Win64; x64) AppleWebKit/537.36 (KHTML, like Gecko) Chrome/135.0.0.0 Safari/537.36"
93.1.107.159 - - [18/Apr/2025:12:56:04 +0200] "GET /Jurek/eurofirany/images/384900/4.jpg HTTP/2.0" 200 203547 "https://www.emag.ro/cuvertura-de-pat-lori-220x240-cm-turcoaz-inchis-eurofirany-384900/pd/DBVXRLMBM/" "Mozilla/5.0 (Windows NT 10.0; Win64; x64) AppleWebKit/537.36 (KHTML, like Gecko) Chrome/135.0.0.0 Safari/537.36"
51.77.52.107 - - [18/Apr/2025:12:56:05 +0200] "GET /Jurek/eurofirany/images/469585/0.jpg HTTP/2.0" 200 176499 "-" "baselinker"
46.101.116.244 - - [18/Apr/2025:12:56:07 +0200] "GET /Jurek/avenido/feeds/avenido_mallsish.xml HTTP/2.0" 200 720080 "-" "-"
46.101.116.244 - - [18/Apr/2025:12:56:18 +0200] "GET /Jurek/carbonyway/feeds/carbonyway_mallsish.xml HTTP/2.0" 200 3075998 "-" "-"
152.70.189.216 - - [18/Apr/2025:12:56:26 +0200] "GET /Jurek/eurofirany/images/383469/0.jpg HTTP/2.0" 200 86852 "-" "imagor/1.4.8"
51.77.52.107 - - [18/Apr/2025:12:56:26 +0200] "GET /Jurek/eurofirany/images/469585/0.jpg HTTP/2.0" 200 176499 "-" "baselinker"
46.101.116.244 - - [18/Apr/2025:12:56:30 +0200] "GET /Jurek/cenoman/feeds/cenoman_mallsish.xml HTTP/2.0" 200 5993205 "-" "-"
89.161.206.59 - - [18/Apr/2025:12:56:35 +0200] "GET /Jurek/fertone/feeds/fertone_emagro.xml HTTP/1.0" 200 571893 "-" "-"
51.77.52.107 - - [18/Apr/2025:12:56:37 +0200] "GET /Jurek/eurofirany/images/469586/0.jpg HTTP/2.0" 200 176499 "-" "baselinker"
46.101.116.244 - - [18/Apr/2025:12:56:44 +0200] "GET /Jurek/equalo/feeds/equalo_mallsish.xml HTTP/2.0" 200 98005 "-" "-"
51.77.52.107 - - [18/Apr/2025:12:56:51 +0200] "GET /Jurek/eurofirany/images/469586/0.jpg HTTP/2.0" 200 176499 "-" "baselinker"
46.101.116.244 - - [18/Apr/2025:12:56:55 +0200] "GET /Jurek/kamar/feeds/kamar_mallsish.xml HTTP/2.0" 200 25549730 "-" "-"
51.77.52.107 - - [18/Apr/2025:12:56:55 +0200] "GET /Jurek/eurofirany/images/469586/0.jpg HTTP/2.0" 200 176499 "-" "baselinker"
51.77.52.107 - - [18/Apr/2025:12:56:59 +0200] "GET /Jurek/eurofirany/images/469587/0.jpg HTTP/2.0" 200 136603 "-" "baselinker"
51.77.52.107 - - [18/Apr/2025:12:57:04 +0200] "GET /Jurek/eurofirany/images/469587/0.jpg HTTP/2.0" 200 136603 "-" "baselinker"
51.77.52.107 - - [18/Apr/2025:12:57:11 +0200] "GET /Jurek/eurofirany/images/469587/0.jpg HTTP/2.0" 200 136603 "-" "baselinker"
46.101.116.244 - - [18/Apr/2025:12:57:12 +0200] "GET /Jurek/lampart/feeds/lampart_mallsish.xml HTTP/2.0" 200 936031 "-" "-"
46.101.116.244 - - [18/Apr/2025:12:57:23 +0200] "GET /Jurek/makow/feeds/makow_mallsish.xml HTTP/2.0" 200 21203613 "-" "-"
51.77.52.107 - - [18/Apr/2025:12:57:25 +0200] "GET /Jurek/eurofirany/images/469590/0.jpg HTTP/2.0" 200 136603 "-" "baselinker"
46.101.116.244 - - [18/Apr/2025:12:57:35 +0200] "GET /Jurek/regis/feeds/regis_mallsish.xml HTTP/2.0" 200 228510 "-" "-"
51.77.52.107 - - [18/Apr/2025:12:57:38 +0200] "GET /Jurek/eurofirany/images/469590/0.jpg HTTP/2.0" 200 136603 "-" "baselinker"
46.101.116.244 - - [18/Apr/2025:12:57:45 +0200] "GET /Jurek/sebmart/feeds/sebmart_mallsish.xml HTTP/2.0" 200 1598726 "-" "-"
51.77.52.107 - - [18/Apr/2025:12:57:50 +0200] "GET /Jurek/eurofirany/images/469590/0.jpg HTTP/2.0" 200 136603 "-" "baselinker"
46.101.116.244 - - [18/Apr/2025:12:57:57 +0200] "GET /Jurek/takapara/feeds/takapara_mallsish.xml HTTP/2.0" 200 1342564 "-" "-"
51.77.52.107 - - [18/Apr/2025:12:58:03 +0200] "GET /Jurek/eurofirany/images/469591/0.jpg HTTP/2.0" 200 136603 "-" "baselinker"
46.101.116.244 - - [18/Apr/2025:12:58:11 +0200] "GET /Jurek/tsjerzy/feeds/tsjerzy_mallsish.xml HTTP/2.0" 200 3897608 "-" "-"
51.77.52.107 - - [18/Apr/2025:12:58:15 +0200] "GET /Jurek/eurofirany/images/469591/0.jpg HTTP/2.0" 200 136603 "-" "baselinker"
51.77.52.107 - - [18/Apr/2025:12:58:25 +0200] "GET /Jurek/eurofirany/images/469591/0.jpg HTTP/2.0" 200 136603 "-" "baselinker"
46.101.116.244 - - [18/Apr/2025:12:58:32 +0200] "GET /Jurek/andex/feeds/andex_mallsiSH.xml HTTP/2.0" 200 1953454 "-" "-"
51.77.52.107 - - [18/Apr/2025:12:58:33 +0200] "GET /Jurek/eurofirany/images/469612/0.jpg HTTP/2.0" 200 159953 "-" "baselinker"
51.77.52.107 - - [18/Apr/2025:12:58:38 +0200] "GET /Jurek/eurofirany/images/469612/0.jpg HTTP/2.0" 200 159953 "-" "baselinker"
46.101.116.244 - - [18/Apr/2025:12:58:44 +0200] "GET /Jurek/german/feeds/german_mallsiSH.xml HTTP/2.0" 200 2853569 "-" "-"
51.77.52.107 - - [18/Apr/2025:12:58:52 +0200] "GET /Jurek/eurofirany/images/469612/0.jpg HTTP/2.0" 200 159953 "-" "baselinker"
46.101.116.244 - - [18/Apr/2025:12:58:56 +0200] "GET /Jurek/hanex/feeds/hanex_mallsiSH.xml HTTP/2.0" 200 13931586 "-" "-"
152.70.189.216 - - [18/Apr/2025:12:58:59 +0200] "GET /Jurek/eurofirany/images/383347/0.jpg HTTP/2.0" 200 66982 "-" "imagor/1.4.8"
51.77.52.107 - - [18/Apr/2025:12:58:59 +0200] "GET /Jurek/eurofirany/images/469614/0.jpg HTTP/2.0" 200 159953 "-" "baselinker"
51.77.52.107 - - [18/Apr/2025:12:59:10 +0200] "GET /Jurek/eurofirany/images/469614/0.jpg HTTP/2.0" 200 159953 "-" "baselinker"
46.101.116.244 - - [18/Apr/2025:12:59:11 +0200] "GET /Jurek/maksik/feeds/maksik_mallsiSH.xml HTTP/2.0" 200 4084746 "-" "-"
46.101.116.244 - - [18/Apr/2025:12:59:21 +0200] "GET /Jurek/smxdesign/feeds/smxdesign_mallsiSH.xml HTTP/2.0" 200 1829041 "-" "-"
51.77.52.107 - - [18/Apr/2025:12:59:24 +0200] "GET /Jurek/eurofirany/images/469614/0.jpg HTTP/2.0" 200 159953 "-" "baselinker"
152.70.189.216 - - [18/Apr/2025:12:59:28 +0200] "GET /Jurek/eurofirany/images/383324/0.jpg HTTP/2.0" 200 93037 "-" "imagor/1.4.8"
46.101.116.244 - - [18/Apr/2025:12:59:32 +0200] "GET /Jurek/aiofactory/feeds/aiofactory_mallsiSH.xml HTTP/2.0" 200 2123768 "-" "-"
51.77.52.107 - - [18/Apr/2025:12:59:34 +0200] "GET /Jurek/eurofirany/images/469615/0.jpg HTTP/2.0" 200 165861 "-" "baselinker"
51.77.52.107 - - [18/Apr/2025:12:59:39 +0200] "GET /Jurek/eurofirany/images/469615/0.jpg HTTP/2.0" 200 165861 "-" "baselinker"
51.77.52.107 - - [18/Apr/2025:12:59:44 +0200] "GET /Jurek/eurofirany/images/469615/0.jpg HTTP/2.0" 200 165861 "-" "baselinker"
46.101.116.244 - - [18/Apr/2025:12:59:44 +0200] "GET /Jurek/alucon/feeds/alucon_mallsiSH.xml HTTP/2.0" 200 553571 "-" "-"
51.77.52.107 - - [18/Apr/2025:12:59:49 +0200] "GET /Jurek/eurofirany/images/469616/0.jpg HTTP/2.0" 200 165861 "-" "baselinker"
46.101.116.244 - - [18/Apr/2025:12:59:55 +0200] "GET /Jurek/evil/feeds/evil_mallsiSH.xml HTTP/2.0" 200 306387 "-" "-"
51.77.52.107 - - [18/Apr/2025:13:00:02 +0200] "GET /Jurek/eurofirany/images/469616/0.jpg HTTP/2.0" 200 165861 "-" "baselinker"
46.101.116.244 - - [18/Apr/2025:13:00:05 +0200] "GET /Jurek/hlo/feeds/hlo_mallsiSH.xml HTTP/2.0" 200 4838671 "-" "-"
46.101.116.244 - - [18/Apr/2025:13:00:11 +0200] "GET /Jurek/hurtownia_przemyslowa/feeds/hp_velomarket.xml HTTP/1.0" 200 49366699 "-" "-"
51.77.52.107 - - [18/Apr/2025:13:00:15 +0200] "GET /Jurek/eurofirany/images/469616/0.jpg HTTP/2.0" 200 165861 "-" "baselinker"
46.101.116.244 - - [18/Apr/2025:13:00:16 +0200] "GET /Jurek/lgbtshop/feeds/lgbtshop_mallsiSH.xml HTTP/2.0" 200 219253 "-" "-"
46.101.116.244 - - [18/Apr/2025:13:00:26 +0200] "GET /Jurek/madrex/feeds/madrex_mallsiSH.xml HTTP/2.0" 200 466711 "-" "-"
51.77.52.107 - - [18/Apr/2025:13:00:28 +0200] "GET /Jurek/eurofirany/images/469617/0.jpg HTTP/2.0" 200 165861 "-" "baselinker"
52.167.144.164 - - [18/Apr/2025:13:00:32 +0200] "GET / HTTP/2.0" 200 1559 "-" "Mozilla/5.0 AppleWebKit/537.36 (KHTML, like Gecko; compatible; bingbot/2.0; +http://www.bing.com/bingbot.htm) Chrome/116.0.1938.76 Safari/537.36"
46.101.116.244 - - [18/Apr/2025:13:00:37 +0200] "GET /Jurek/motofan/feeds/motofan_mallsiSH.xml HTTP/2.0" 200 2392155 "-" "-"
52.18.22.0 - - [18/Apr/2025:13:00:40 +0200] "GET /marketplaces/ubaldi/results/ubaldi.csv HTTP/1.1" 200 3434493 "-" "Mirakl HttpClient"
51.77.52.107 - - [18/Apr/2025:13:00:41 +0200] "GET /Jurek/eurofirany/images/469617/0.jpg HTTP/2.0" 200 165861 "-" "baselinker"
51.77.52.107 - - [18/Apr/2025:13:00:46 +0200] "GET /Jurek/eurofirany/images/469617/0.jpg HTTP/2.0" 200 165861 "-" "baselinker"
46.101.116.244 - - [18/Apr/2025:13:00:47 +0200] "GET /Jurek/najtanszysport/feeds/najtanszysport_mallsiSH.xml HTTP/2.0" 200 3983170 "-" "-"
46.101.116.244 - - [18/Apr/2025:13:00:59 +0200] "GET /Jurek/nexus/feeds/nexus_mallsiSH.xml HTTP/2.0" 200 226642 "-" "-"
51.77.52.107 - - [18/Apr/2025:13:01:01 +0200] "GET /Jurek/eurofirany/images/468192/0.jpg HTTP/2.0" 200 70986 "-" "baselinker"
88.220.33.218 - - [18/Apr/2025:13:01:06 +0200] "GET /Jurek/vida_morele/feeds/VidaPL_all.xml HTTP/2.0" 200 723249652 "-" "MarketplaceAPI curl/7.64.0 PHP/8"
46.101.116.244 - - [18/Apr/2025:13:01:09 +0200] "GET /Jurek/playcob/feeds/playcob_mallsiSH.xml HTTP/2.0" 200 6980122 "-" "-"
51.77.52.107 - - [18/Apr/2025:13:01:18 +0200] "GET /Jurek/eurofirany/images/468192/0.jpg HTTP/2.0" 200 70986 "-" "baselinker"
46.101.116.244 - - [18/Apr/2025:13:01:20 +0200] "GET /Jurek/cbdgreen/feeds/cbdgreen_mallsiSH.xml HTTP/2.0" 200 50542 "-" "-"
35.204.39.32 - - [18/Apr/2025:13:01:28 +0200] "GET /marketplaces/vente/results/vente_nl.csv HTTP/1.1" 200 147219 "-" "Mirakl HttpClient"
35.204.39.32 - - [18/Apr/2025:13:01:28 +0200] "GET /marketplaces/vente/results/vente_fr.csv HTTP/1.1" 200 147219 "-" "Mirakl HttpClient"
35.204.39.32 - - [18/Apr/2025:13:01:28 +0200] "GET /marketplaces/vente/results/vente_be.csv HTTP/1.1" 200 147219 "-" "Mirakl HttpClient"
35.204.39.32 - - [18/Apr/2025:13:01:28 +0200] "GET /marketplaces/vente/results/vente_it.csv HTTP/1.1" 200 147219 "-" "Mirakl HttpClient"
35.204.39.32 - - [18/Apr/2025:13:01:28 +0200] "GET /marketplaces/vente/results/vente_es.csv HTTP/1.1" 200 147219 "-" "Mirakl HttpClient"
35.204.39.32 - - [18/Apr/2025:13:01:29 +0200] "GET /marketplaces/vente/results/vente_de.csv HTTP/1.1" 200 147219 "-" "Mirakl HttpClient"
46.101.116.244 - - [18/Apr/2025:13:01:30 +0200] "GET /Jurek/cbdgreen/feeds/cbdgreen_mallsiSH.xml HTTP/2.0" 200 50542 "-" "-"
51.77.52.107 - - [18/Apr/2025:13:01:33 +0200] "GET /Jurek/eurofirany/images/468192/0.jpg HTTP/2.0" 200 70986 "-" "baselinker"
51.77.52.107 - - [18/Apr/2025:13:01:38 +0200] "GET /Jurek/eurofirany/images/468193/0.jpg HTTP/2.0" 200 96601 "-" "baselinker"
46.101.116.244 - - [18/Apr/2025:13:01:40 +0200] "GET /Jurek/dekornatort/feeds/dekornatort_mallsiSH.xml HTTP/2.0" 200 225744 "-" "-"
46.101.116.244 - - [18/Apr/2025:13:01:41 +0200] "GET /Jurek/aw/feeds/aw_fnacfr.xml HTTP/1.0" 404 3551 "-" "-"
46.101.116.244 - - [18/Apr/2025:13:01:48 +0200] "GET /Jurek/hurtownia_przemyslowa/feeds/hp_fnacfr.xml HTTP/1.0" 200 49362500 "-" "-"
46.101.116.244 - - [18/Apr/2025:13:01:51 +0200] "GET /Jurek/eurofryz2/feeds/eurofryz2_mallsiSH.xml HTTP/2.0" 200 1376746 "-" "-"
51.77.52.107 - - [18/Apr/2025:13:01:54 +0200] "GET /Jurek/eurofirany/images/468193/0.jpg HTTP/2.0" 200 96601 "-" "baselinker"
51.77.52.107 - - [18/Apr/2025:13:01:59 +0200] "GET /Jurek/eurofirany/images/468193/0.jpg HTTP/2.0" 200 96601 "-" "baselinker"
46.101.116.244 - - [18/Apr/2025:13:02:02 +0200] "GET /Jurek/eurofryz3/feeds/eurofryz3_mallsiSH.xml HTTP/2.0" 200 172223 "-" "-"
51.77.52.107 - - [18/Apr/2025:13:02:07 +0200] "GET /Jurek/eurofirany/images/468195/0.jpg HTTP/2.0" 200 88200 "-" "baselinker"
46.101.116.244 - - [18/Apr/2025:13:02:12 +0200] "GET /Jurek/globaldeli/feeds/globaldeli_mallsiSH.xml HTTP/2.0" 200 2590906 "-" "-"
51.77.52.107 - - [18/Apr/2025:13:02:14 +0200] "GET /Jurek/eurofirany/images/468195/0.jpg HTTP/2.0" 200 88200 "-" "baselinker"
51.77.52.107 - - [18/Apr/2025:13:02:19 +0200] "GET /Jurek/eurofirany/images/468195/0.jpg HTTP/2.0" 200 88200 "-" "baselinker"
46.101.116.244 - - [18/Apr/2025:13:02:23 +0200] "GET /Jurek/kobi/feeds/kobi_mallsiSH.xml HTTP/2.0" 200 1993220 "-" "-"
51.77.52.107 - - [18/Apr/2025:13:02:25 +0200] "GET /Jurek/eurofirany/images/468196/0.jpg HTTP/2.0" 200 102375 "-" "baselinker"
51.77.52.107 - - [18/Apr/2025:13:02:32 +0200] "GET /Jurek/eurofirany/images/468196/0.jpg HTTP/2.0" 200 102375 "-" "baselinker"
46.101.116.244 - - [18/Apr/2025:13:02:34 +0200] "GET /Jurek/lendo/feeds/lendo_mallsiSH.xml HTTP/2.0" 200 330385 "-" "-"
51.77.52.107 - - [18/Apr/2025:13:02:38 +0200] "GET /Jurek/eurofirany/images/468196/0.jpg HTTP/2.0" 200 102375 "-" "baselinker"
52.209.168.113 - - [18/Apr/2025:13:02:41 +0200] "GET /marketplaces/rue/results/rue.csv HTTP/1.1" 200 6811180 "-" "Mirakl HttpClient"
