51.77.52.107 - - [18/Apr/2025:11:48:13 +0200] "GET /Jurek/eurofirany/images/424078/0.jpg HTTP/2.0" 200 106761 "-" "baselinker"
51.77.52.107 - - [18/Apr/2025:11:48:23 +0200] "GET /Jurek/eurofirany/images/424078/0.jpg HTTP/2.0" 200 106761 "-" "baselinker"
51.77.52.107 - - [18/Apr/2025:11:48:36 +0200] "GET /Jurek/eurofirany/images/428732/0.jpg HTTP/2.0" 200 101564 "-" "baselinker"
51.77.52.107 - - [18/Apr/2025:11:48:50 +0200] "GET /Jurek/eurofirany/images/428732/0.jpg HTTP/2.0" 200 101564 "-" "baselinker"
51.77.52.107 - - [18/Apr/2025:11:49:03 +0200] "GET /Jurek/eurofirany/images/428732/0.jpg HTTP/2.0" 200 101564 "-" "baselinker"
51.77.52.107 - - [18/Apr/2025:11:49:17 +0200] "GET /Jurek/eurofirany/images/428727/0.jpg HTTP/2.0" 200 100167 "-" "baselinker"
51.77.52.107 - - [18/Apr/2025:11:49:30 +0200] "GET /Jurek/eurofirany/images/428727/0.jpg HTTP/2.0" 200 100167 "-" "baselinker"
51.77.52.107 - - [18/Apr/2025:11:49:43 +0200] "GET /Jurek/eurofirany/images/428727/0.jpg HTTP/2.0" 200 100167 "-" "baselinker"
51.77.52.107 - - [18/Apr/2025:11:49:58 +0200] "GET /Jurek/eurofirany/images/432116/0.jpg HTTP/2.0" 200 177166 "-" "baselinker"
77.79.248.229 - - [18/Apr/2025:11:50:02 +0200] "GET /Jurek/eurofirany/feeds/eurofirany_allsweet.xml HTTP/1.1" 200 19098350 "-" "Python-urllib/3.11"
77.79.248.229 - - [18/Apr/2025:11:50:02 +0200] "GET /Jurek/ikonka/feeds/ikonka_all_sweet.xml HTTP/1.1" 200 22178449 "-" "Python-urllib/3.11"
77.79.248.229 - - [18/Apr/2025:11:50:02 +0200] "GET /Jurek/stema/feeds/stema_all.xml HTTP/1.1" 200 857244 "-" "Python-urllib/3.11"
77.79.248.229 - - [18/Apr/2025:11:50:03 +0200] "GET /Jurek/eurofirany/feeds/eurofirany_all_cz.xml HTTP/1.1" 200 19113298 "-" "Python-urllib/3.11"
77.79.248.229 - - [18/Apr/2025:11:50:03 +0200] "GET /Jurek/ikonka/feeds/ikonka_all_cz.xml HTTP/1.1" 200 22180395 "-" "Python-urllib/3.11"
77.79.248.229 - - [18/Apr/2025:11:50:03 +0200] "GET /Jurek/stema/feeds/stema_all_cz.xml HTTP/1.1" 200 857710 "-" "Python-urllib/3.11"
77.79.248.229 - - [18/Apr/2025:11:50:04 +0200] "GET /Jurek/eurofirany/feeds/eurofirany_all_sk.xml HTTP/1.1" 200 19093176 "-" "Python-urllib/3.11"
77.79.248.229 - - [18/Apr/2025:11:50:04 +0200] "GET /Jurek/ikonka/feeds/ikonka_all_sk.xml HTTP/1.1" 200 22177728 "-" "Python-urllib/3.11"
77.79.248.229 - - [18/Apr/2025:11:50:04 +0200] "GET /Jurek/stema/feeds/stema_all_sk.xml HTTP/1.1" 200 856971 "-" "Python-urllib/3.11"
51.77.52.107 - - [18/Apr/2025:11:50:17 +0200] "GET /Jurek/eurofirany/images/432116/0.jpg HTTP/2.0" 200 177166 "-" "baselinker"
51.77.52.107 - - [18/Apr/2025:11:50:28 +0200] "GET /Jurek/eurofirany/images/432116/0.jpg HTTP/2.0" 200 177166 "-" "baselinker"
51.77.52.107 - - [18/Apr/2025:11:50:44 +0200] "GET /Jurek/eurofirany/images/432171/0.jpg HTTP/2.0" 200 100608 "-" "baselinker"
51.77.52.107 - - [18/Apr/2025:11:50:59 +0200] "GET /Jurek/eurofirany/images/432171/0.jpg HTTP/2.0" 200 100608 "-" "baselinker"
51.77.52.107 - - [18/Apr/2025:11:51:11 +0200] "GET /Jurek/eurofirany/images/432171/0.jpg HTTP/2.0" 200 100608 "-" "baselinker"
51.77.52.107 - - [18/Apr/2025:11:51:26 +0200] "GET /Jurek/eurofirany/images/438590/0.jpg HTTP/2.0" 200 81235 "-" "baselinker"
51.77.52.107 - - [18/Apr/2025:11:51:40 +0200] "GET /Jurek/eurofirany/images/438590/0.jpg HTTP/2.0" 200 81235 "-" "baselinker"
159.223.203.229 - - [18/Apr/2025:11:51:54 +0200] "GET / HTTP/1.1" 200 1559 "-" "Mozilla/5.0 (compatible)"
159.223.203.229 - - [18/Apr/2025:11:51:55 +0200] "GET /favicon.ico HTTP/1.1" 404 3551 "http://dkkapusta1997.usermd.net/" "Mozilla/5.0 (compatible)"
159.223.203.229 - - [18/Apr/2025:11:51:55 +0200] "GET /ads.txt HTTP/1.1" 404 3551 "-" "Mozilla/5.0 (compatible)"
159.223.203.229 - - [18/Apr/2025:11:51:56 +0200] "GET / HTTP/1.1" 200 1559 "-" "Mozilla/5.0 (compatible)"
51.77.52.107 - - [18/Apr/2025:11:51:56 +0200] "GET /Jurek/eurofirany/images/438590/0.jpg HTTP/2.0" 200 81235 "-" "baselinker"
159.223.203.229 - - [18/Apr/2025:11:52:00 +0200] "GET /favicon.ico HTTP/1.1" 404 3551 "https://dkkapusta1997.usermd.net/" "Mozilla/5.0 (compatible)"
159.223.203.229 - - [18/Apr/2025:11:52:01 +0200] "GET /ads.txt HTTP/1.1" 404 3551 "-" "Mozilla/5.0 (compatible)"
51.77.52.107 - - [18/Apr/2025:11:52:07 +0200] "GET /Jurek/eurofirany/images/409415/0.jpg HTTP/2.0" 200 45924 "-" "baselinker"
51.77.52.107 - - [18/Apr/2025:11:52:13 +0200] "GET /Jurek/eurofirany/images/409415/0.jpg HTTP/2.0" 200 45924 "-" "baselinker"
51.77.52.107 - - [18/Apr/2025:11:52:18 +0200] "GET /Jurek/eurofirany/images/409415/0.jpg HTTP/2.0" 200 45924 "-" "baselinker"
51.77.52.107 - - [18/Apr/2025:11:52:32 +0200] "GET /Jurek/eurofirany/images/441929/0.jpg HTTP/2.0" 200 33 "-" "baselinker"
51.77.52.107 - - [18/Apr/2025:11:52:33 +0200] "GET /Jurek/eurofirany/images/441929/0.jpg HTTP/2.0" 200 33 "-" "baselinker"
51.77.52.107 - - [18/Apr/2025:11:52:33 +0200] "GET /Jurek/eurofirany/images/441929/0.jpg HTTP/2.0" 200 33 "-" "baselinker"
51.77.52.107 - - [18/Apr/2025:11:52:35 +0200] "GET /Jurek/eurofirany/images/448513/0.jpg HTTP/2.0" 200 136571 "-" "baselinker"
89.161.206.59 - - [18/Apr/2025:11:52:35 +0200] "GET /Jurek/ekolight/feeds/ekolioght_skroutz.xml HTTP/1.0" 200 9052763 "-" "-"
193.33.8.61 - - [18/Apr/2025:11:52:38 +0200] "GET /Jurek/hurtmeblowy/feeds/hurtmeblowy_zero.xml HTTP/2.0" 200 8515114 "-" "Mozilla/5.0 (Windows NT 10.0; Win64; x64) AppleWebKit/537.36 (KHTML, like Gecko) Chrome/135.0.0.0 Safari/537.36"
77.79.248.229 - - [18/Apr/2025:11:52:47 +0200] "GET /Jurek/hurtmeblowy/feeds/hurtmeblowy_zero.xml HTTP/1.1" 200 8515114 "-" "Python-urllib/3.11"
51.77.52.107 - - [18/Apr/2025:11:52:52 +0200] "GET /Jurek/eurofirany/images/448513/0.jpg HTTP/2.0" 200 136571 "-" "baselinker"
51.77.52.107 - - [18/Apr/2025:11:53:08 +0200] "GET /Jurek/eurofirany/images/448513/0.jpg HTTP/2.0" 200 136571 "-" "baselinker"
51.77.52.107 - - [18/Apr/2025:11:53:22 +0200] "GET /Jurek/eurofirany/images/448514/0.jpg HTTP/2.0" 200 136571 "-" "baselinker"
51.77.52.107 - - [18/Apr/2025:11:53:35 +0200] "GET /Jurek/eurofirany/images/448514/0.jpg HTTP/2.0" 200 136571 "-" "baselinker"
51.77.52.107 - - [18/Apr/2025:11:53:51 +0200] "GET /Jurek/eurofirany/images/448514/0.jpg HTTP/2.0" 200 136571 "-" "baselinker"
89.161.206.59 - - [18/Apr/2025:11:54:03 +0200] "GET /Jurek/najtanszysport/feeds/najtanszysport_skroutz.xml HTTP/1.0" 200 3983419 "-" "-"
51.77.52.107 - - [18/Apr/2025:11:54:05 +0200] "GET /Jurek/eurofirany/images/448515/0.jpg HTTP/2.0" 200 136571 "-" "baselinker"
77.79.248.229 - - [18/Apr/2025:11:54:10 +0200] "GET /Jurek/vidaSI/feeds/vidaSI_bigbang.xml HTTP/1.1" 200 641019370 "-" "Python-urllib/3.11"
51.77.52.107 - - [18/Apr/2025:11:54:18 +0200] "GET /Jurek/eurofirany/images/448515/0.jpg HTTP/2.0" 200 136571 "-" "baselinker"
89.161.206.59 - - [18/Apr/2025:11:54:18 +0200] "GET /Jurek/bass_new/feeds/bass_skroutz.xml HTTP/1.0" 200 7040404 "-" "-"
51.77.52.107 - - [18/Apr/2025:11:54:24 +0200] "GET /Jurek/eurofirany/images/448515/0.jpg HTTP/2.0" 200 136571 "-" "baselinker"
51.77.52.107 - - [18/Apr/2025:11:54:39 +0200] "GET /Jurek/eurofirany/images/429741/0.jpg HTTP/2.0" 200 44593 "-" "baselinker"
51.77.52.107 - - [18/Apr/2025:11:54:53 +0200] "GET /Jurek/eurofirany/images/429741/0.jpg HTTP/2.0" 200 44593 "-" "baselinker"
93.196.214.68 - - [18/Apr/2025:11:54:56 +0200] "GET /Jurek/eurofirany/images/425221/0.jpg HTTP/2.0" 200 74793 "-" "Mozilla/5.0 (Linux; Android 11; SM-T720 Build/RP1A.200720.012; wv) AppleWebKit/537.36 (KHTML, like Gecko) Version/4.0 Chrome/134.0.6998.135 Safari/537.36"
51.77.52.107 - - [18/Apr/2025:11:54:58 +0200] "GET /Jurek/eurofirany/images/429741/0.jpg HTTP/2.0" 200 44593 "-" "baselinker"
51.77.52.107 - - [18/Apr/2025:11:55:13 +0200] "GET /Jurek/eurofirany/images/429743/0.jpg HTTP/2.0" 200 44593 "-" "baselinker"
51.77.52.107 - - [18/Apr/2025:11:55:19 +0200] "GET /Jurek/eurofirany/images/429743/0.jpg HTTP/2.0" 200 44593 "-" "baselinker"
51.77.52.107 - - [18/Apr/2025:11:55:24 +0200] "GET /Jurek/eurofirany/images/429743/0.jpg HTTP/2.0" 200 44593 "-" "baselinker"
51.77.52.107 - - [18/Apr/2025:11:55:29 +0200] "GET /Jurek/eurofirany/images/429748/0.jpg HTTP/2.0" 200 35952 "-" "baselinker"
51.77.52.107 - - [18/Apr/2025:11:55:42 +0200] "GET /Jurek/eurofirany/images/429748/0.jpg HTTP/2.0" 200 35952 "-" "baselinker"
51.77.52.107 - - [18/Apr/2025:11:55:55 +0200] "GET /Jurek/eurofirany/images/429748/0.jpg HTTP/2.0" 200 35952 "-" "baselinker"
89.161.206.59 - - [18/Apr/2025:11:55:57 +0200] "GET /Jurek/hurtmeblowy/feeds/hurtmeblowy_skroutz.xml HTTP/1.0" 200 8514768 "-" "-"
51.77.52.107 - - [18/Apr/2025:11:56:00 +0200] "GET /Jurek/eurofirany/images/409414/0.jpg HTTP/2.0" 200 33 "-" "baselinker"
51.77.52.107 - - [18/Apr/2025:11:56:01 +0200] "GET /Jurek/eurofirany/images/409414/0.jpg HTTP/2.0" 200 33 "-" "baselinker"
51.77.52.107 - - [18/Apr/2025:11:56:02 +0200] "GET /Jurek/eurofirany/images/409414/0.jpg HTTP/2.0" 200 33 "-" "baselinker"
51.77.52.107 - - [18/Apr/2025:11:56:03 +0200] "GET /Jurek/eurofirany/images/409417/0.jpg HTTP/2.0" 200 33 "-" "baselinker"
51.77.52.107 - - [18/Apr/2025:11:56:04 +0200] "GET /Jurek/eurofirany/images/409417/0.jpg HTTP/2.0" 200 33 "-" "baselinker"
51.77.52.107 - - [18/Apr/2025:11:56:05 +0200] "GET /Jurek/eurofirany/images/409417/0.jpg HTTP/2.0" 200 33 "-" "baselinker"
51.77.52.107 - - [18/Apr/2025:11:56:06 +0200] "GET /Jurek/eurofirany/images/452246/0.jpg HTTP/2.0" 200 175270 "-" "baselinker"
51.77.52.107 - - [18/Apr/2025:11:56:12 +0200] "GET /Jurek/eurofirany/images/452246/0.jpg HTTP/2.0" 200 175270 "-" "baselinker"
89.161.206.59 - - [18/Apr/2025:11:56:22 +0200] "GET /Jurek/eurofryz3/feeds/eurofryz3_skroutz.xml HTTP/1.0" 200 172221 "-" "-"
89.161.206.59 - - [18/Apr/2025:11:56:24 +0200] "GET /Jurek/dekornatort/feeds/dekornatort_skroutz.xml HTTP/1.0" 200 225742 "-" "-"
89.161.206.59 - - [18/Apr/2025:11:56:25 +0200] "GET /Jurek/lendo/feeds/lendo_skroutz.xml HTTP/1.0" 200 330386 "-" "-"
89.161.206.59 - - [18/Apr/2025:11:56:25 +0200] "GET /Jurek/cbdgreen/feeds/cbdgreen_skroutz.xml HTTP/1.0" 200 30343 "-" "-"
89.161.206.59 - - [18/Apr/2025:11:56:26 +0200] "GET /Jurek/eurofryz2/feeds/eurofryz2_skroutz.xml HTTP/1.0" 200 1376777 "-" "-"
89.161.206.59 - - [18/Apr/2025:11:56:26 +0200] "GET /Jurek/nexus/feeds/nexus_skroutz.xml HTTP/1.0" 200 226646 "-" "-"
89.161.206.59 - - [18/Apr/2025:11:56:26 +0200] "GET /Jurek/alucon/feeds/alucon_skroutz.xml HTTP/1.0" 200 553575 "-" "-"
51.77.52.107 - - [18/Apr/2025:11:56:27 +0200] "GET /Jurek/eurofirany/images/452246/0.jpg HTTP/2.0" 200 175270 "-" "baselinker"
46.101.116.244 - - [18/Apr/2025:11:56:31 +0200] "GET /Jurek/vida_morele/feeds/vidaPL_velomarket_category4.xml HTTP/1.0" 200 54767694 "-" "-"
89.161.206.59 - - [18/Apr/2025:11:56:33 +0200] "GET /Jurek/playcob/feeds/playcob_skroutz.xml HTTP/1.0" 200 6980139 "-" "-"
51.77.52.107 - - [18/Apr/2025:11:56:35 +0200] "GET /Jurek/eurofirany/images/452247/0.jpg HTTP/2.0" 200 175270 "-" "baselinker"
89.161.206.59 - - [18/Apr/2025:11:56:50 +0200] "GET /Jurek/aiofactory/feeds/aiofactory_skroutz.xml HTTP/1.0" 200 1876522 "-" "-"
51.77.52.107 - - [18/Apr/2025:11:56:50 +0200] "GET /Jurek/eurofirany/images/452247/0.jpg HTTP/2.0" 200 175270 "-" "baselinker"
89.161.206.59 - - [18/Apr/2025:11:57:00 +0200] "GET /Jurek/smxdesign/feeds/smxdesign_skroutz.xml HTTP/1.0" 200 1829036 "-" "-"
51.77.52.107 - - [18/Apr/2025:11:57:02 +0200] "GET /Jurek/eurofirany/images/452247/0.jpg HTTP/2.0" 200 175270 "-" "baselinker"
89.161.206.59 - - [18/Apr/2025:11:57:03 +0200] "GET /Jurek/proparts/feeds/proparts_skroutz.xml HTTP/1.0" 200 707501 "-" "-"
89.161.206.59 - - [18/Apr/2025:11:57:08 +0200] "GET /Jurek/beltimore/feeds/beltimore_skroutz.xml HTTP/1.0" 200 18651725 "-" "-"
89.161.206.59 - - [18/Apr/2025:11:57:09 +0200] "GET /Jurek/kristronik/feeds/kristronik_skroutz.xml HTTP/1.0" 200 691970 "-" "-"
89.161.206.59 - - [18/Apr/2025:11:57:11 +0200] "GET /Jurek/matkam/feeds/matkam_skroutz.xml HTTP/1.0" 200 4425602 "-" "-"
89.161.206.59 - - [18/Apr/2025:11:57:15 +0200] "GET /Jurek/galopibhp/feeds/galopibhp_skroutz.xml HTTP/1.0" 200 1852319 "-" "-"
51.77.52.107 - - [18/Apr/2025:11:57:17 +0200] "GET /Jurek/eurofirany/images/452718/0.jpg HTTP/2.0" 200 129243 "-" "baselinker"
216.113.184.105 - - [18/Apr/2025:11:57:27 +0200] "GET /Jurek/topeshop/downloaded_images/5904507209179_Rendery_szafa-duo0010.jpg HTTP/1.1" 200 101116 "http://www.ebay.com/" "Mozilla/4.0 (compatible; MSIE 4.01; Windows NT)"
216.113.184.104 - - [18/Apr/2025:11:57:27 +0200] "GET /Jurek/topeshop/downloaded_images/5904507209179_Rendery_szafa-duo0012.jpg HTTP/1.1" 200 108123 "http://www.ebay.com/" "Mozilla/4.0 (compatible; MSIE 4.01; Windows NT)"
216.113.184.104 - - [18/Apr/2025:11:57:27 +0200] "GET /Jurek/topeshop/downloaded_images/5904507209179_PROFILOWE.jpg HTTP/1.1" 200 72642 "http://www.ebay.com/" "Mozilla/4.0 (compatible; MSIE 4.01; Windows NT)"
216.113.184.104 - - [18/Apr/2025:11:57:27 +0200] "GET /Jurek/topeshop/downloaded_images/5904507209179_bry%C5%82ka0010.jpg HTTP/1.1" 200 35422 "http://www.ebay.com/" "Mozilla/4.0 (compatible; MSIE 4.01; Windows NT)"
216.113.184.101 - - [18/Apr/2025:11:57:27 +0200] "GET /Jurek/topeshop/downloaded_images/5904507209179_bry%C5%82ka0012.jpg HTTP/1.1" 200 60219 "http://www.ebay.com/" "Mozilla/4.0 (compatible; MSIE 4.01; Windows NT)"
216.113.184.102 - - [18/Apr/2025:11:57:27 +0200] "GET /Jurek/topeshop/downloaded_images/5904507209179_KASZMIRSZAFADUOFRONTZM.jpg HTTP/1.1" 404 3551 "http://www.ebay.com/" "Mozilla/4.0 (compatible; MSIE 4.01; Windows NT)"
216.113.184.103 - - [18/Apr/2025:11:57:27 +0200] "GET /Jurek/topeshop/downloaded_images/5904507209179_Rendery_szafa-duo0014.jpg HTTP/1.1" 200 83197 "http://www.ebay.com/" "Mozilla/4.0 (compatible; MSIE 4.01; Windows NT)"
216.113.184.105 - - [18/Apr/2025:11:57:27 +0200] "GET /Jurek/topeshop/downloaded_images/5904507209179_KASZMIRSZAFADUOFRONTOT.jpg HTTP/1.1" 404 3551 "http://www.ebay.com/" "Mozilla/4.0 (compatible; MSIE 4.01; Windows NT)"
216.113.184.102 - - [18/Apr/2025:11:57:27 +0200] "GET /Jurek/topeshop/downloaded_images/5904507209179_Rendery_szafa-duo0016.jpg HTTP/1.1" 200 89574 "http://www.ebay.com/" "Mozilla/4.0 (compatible; MSIE 4.01; Windows NT)"
216.113.184.104 - - [18/Apr/2025:11:57:27 +0200] "GET /Jurek/topeshop/downloaded_images/5904507209179_bry%C5%82ka0014.jpg HTTP/1.1" 200 38626 "http://www.ebay.com/" "Mozilla/4.0 (compatible; MSIE 4.01; Windows NT)"
216.113.184.104 - - [18/Apr/2025:11:57:27 +0200] "GET /Jurek/topeshop/downloaded_images/5904507209179_bry%C5%82ka0016.jpg HTTP/1.1" 200 60663 "http://www.ebay.com/" "Mozilla/4.0 (compatible; MSIE 4.01; Windows NT)"
89.161.206.59 - - [18/Apr/2025:11:57:28 +0200] "GET /Jurek/techrebalina/feeds/techrebalina_skroutz.xml HTTP/1.0" 200 2011209 "-" "-"
89.161.206.59 - - [18/Apr/2025:11:57:28 +0200] "GET /Jurek/techrebal/feeds/techrebal_skroutz.xml HTTP/1.0" 200 1989738 "-" "-"
51.77.52.107 - - [18/Apr/2025:11:57:29 +0200] "GET /Jurek/eurofirany/images/452718/0.jpg HTTP/2.0" 200 129243 "-" "baselinker"
89.161.206.59 - - [18/Apr/2025:11:57:37 +0200] "GET /Jurek/dropkz/feeds/dropkz_emagro.xml HTTP/1.0" 200 70031278 "-" "-"
89.161.206.59 - - [18/Apr/2025:11:57:38 +0200] "GET /Jurek/shiori/feeds/shiori_emagro.xml HTTP/1.0" 200 453717 "-" "-"
89.161.206.59 - - [18/Apr/2025:11:57:38 +0200] "GET /Jurek/eoptimo/feeds/eoptimo_emagro.xml HTTP/1.0" 200 2094678 "-" "-"
89.161.206.59 - - [18/Apr/2025:11:57:38 +0200] "GET /Jurek/bisanti/feeds/bisanti_emagro.xml HTTP/1.0" 200 1142453 "-" "-"
89.161.206.59 - - [18/Apr/2025:11:57:38 +0200] "GET /Jurek/najtanszysport/feeds/najtanszysport_emagro.xml HTTP/1.0" 200 3984583 "-" "-"
89.161.206.59 - - [18/Apr/2025:11:57:39 +0200] "GET /Jurek/bentivolio/feeds/bentivolio_emagro.xml HTTP/1.0" 200 3498444 "-" "-"
89.161.206.59 - - [18/Apr/2025:11:57:39 +0200] "GET /Jurek/proparts/feeds/proparts_emagro.xml HTTP/1.0" 200 707604 "-" "-"
89.161.206.59 - - [18/Apr/2025:11:57:41 +0200] "GET /Jurek/galopi/feeds/galopi_emagro.xml HTTP/1.0" 200 2111358 "-" "-"
89.161.206.59 - - [18/Apr/2025:11:57:43 +0200] "GET /Jurek/takapara/feeds/takapara_emagro.xml HTTP/1.0" 200 1342688 "-" "-"
89.161.206.59 - - [18/Apr/2025:11:57:43 +0200] "GET /Jurek/artdog/feeds/artdog_emagro.xml HTTP/1.0" 200 17165276 "-" "-"
51.77.52.107 - - [18/Apr/2025:11:57:44 +0200] "GET /Jurek/eurofirany/images/452718/0.jpg HTTP/2.0" 200 129243 "-" "baselinker"
89.161.206.59 - - [18/Apr/2025:11:57:57 +0200] "GET /Jurek/winoszarnia/feeds/winoszarnia_skroutz.xml HTTP/1.0" 200 6064678 "-" "-"
51.77.52.107 - - [18/Apr/2025:11:57:58 +0200] "GET /Jurek/eurofirany/images/453516/0.jpg HTTP/2.0" 200 114510 "-" "baselinker"
51.77.52.107 - - [18/Apr/2025:11:58:12 +0200] "GET /Jurek/eurofirany/images/453516/0.jpg HTTP/2.0" 200 114510 "-" "baselinker"
51.77.52.107 - - [18/Apr/2025:11:58:25 +0200] "GET /Jurek/eurofirany/images/453516/0.jpg HTTP/2.0" 200 114510 "-" "baselinker"
51.77.52.107 - - [18/Apr/2025:11:58:41 +0200] "GET /Jurek/eurofirany/images/453519/0.jpg HTTP/2.0" 200 138944 "-" "baselinker"
51.77.52.107 - - [18/Apr/2025:11:58:54 +0200] "GET /Jurek/eurofirany/images/453519/0.jpg HTTP/2.0" 200 138944 "-" "baselinker"
89.161.206.59 - - [18/Apr/2025:11:58:54 +0200] "GET /Jurek/takapara/feeds/takapara_skroutz.xml HTTP/1.0" 200 1342599 "-" "-"
89.161.206.59 - - [18/Apr/2025:11:58:54 +0200] "GET /Jurek/carbonyway/feeds/carbonyway_skroutz.xml HTTP/1.0" 200 3076000 "-" "-"
89.161.206.59 - - [18/Apr/2025:11:58:55 +0200] "GET /Jurek/filmal/feeds/filmal_skroutz.xml HTTP/1.0" 200 139277 "-" "-"
89.161.206.59 - - [18/Apr/2025:11:58:57 +0200] "GET /Jurek/jakdroz/feeds/jakdroz_skroutz.xml HTTP/1.0" 200 4090001 "-" "-"
89.161.206.59 - - [18/Apr/2025:11:58:57 +0200] "GET /Jurek/jakdroz/feeds/jakdroz_skroutz.xml HTTP/1.0" 200 4090001 "-" "-"
51.77.52.107 - - [18/Apr/2025:11:58:58 +0200] "GET /Jurek/eurofirany/images/453519/0.jpg HTTP/2.0" 200 138944 "-" "baselinker"
89.161.206.59 - - [18/Apr/2025:11:58:58 +0200] "GET /Jurek/riko/feeds/riko_skr.xml HTTP/1.0" 200 3784582 "-" "-"
51.77.52.107 - - [18/Apr/2025:11:59:13 +0200] "GET /Jurek/eurofirany/images/452236/0.jpg HTTP/2.0" 200 96600 "-" "baselinker"
89.161.206.59 - - [18/Apr/2025:11:59:26 +0200] "GET /Jurek/rosfix/feeds/rosfix_skroutz.xml HTTP/1.0" 200 34055607 "-" "-"
51.77.52.107 - - [18/Apr/2025:11:59:28 +0200] "GET /Jurek/eurofirany/images/452236/0.jpg HTTP/2.0" 200 96600 "-" "baselinker"
51.77.52.107 - - [18/Apr/2025:11:59:40 +0200] "GET /Jurek/eurofirany/images/452236/0.jpg HTTP/2.0" 200 96600 "-" "baselinker"
51.77.52.107 - - [18/Apr/2025:11:59:53 +0200] "GET /Jurek/eurofirany/images/452237/0.jpg HTTP/2.0" 200 96600 "-" "baselinker"
51.77.52.107 - - [18/Apr/2025:12:00:04 +0200] "GET /Jurek/eurofirany/images/452237/0.jpg HTTP/2.0" 200 96600 "-" "baselinker"
51.77.52.107 - - [18/Apr/2025:12:00:17 +0200] "GET /Jurek/eurofirany/images/452237/0.jpg HTTP/2.0" 200 96600 "-" "baselinker"
51.77.52.107 - - [18/Apr/2025:12:00:36 +0200] "GET /Jurek/eurofirany/images/452238/0.jpg HTTP/2.0" 200 105368 "-" "baselinker"
52.18.22.0 - - [18/Apr/2025:12:00:44 +0200] "GET /marketplaces/ubaldi/results/ubaldi.csv HTTP/1.1" 200 147219 "-" "Mirakl HttpClient"
51.77.52.107 - - [18/Apr/2025:12:00:51 +0200] "GET /Jurek/eurofirany/images/452238/0.jpg HTTP/2.0" 200 105368 "-" "baselinker"
51.77.52.107 - - [18/Apr/2025:12:01:08 +0200] "GET /Jurek/eurofirany/images/452238/0.jpg HTTP/2.0" 200 105368 "-" "baselinker"
193.33.8.61 - - [18/Apr/2025:12:01:10 +0200] "GET /Filip/janshop_orders/exports/ HTTP/2.0" 401 3550 "-" "Mozilla/5.0 (Macintosh; Intel Mac OS X 10_15_7) AppleWebKit/605.1.15 (KHTML, like Gecko) Version/17.5 Safari/605.1.15"
193.33.8.61 - maria [18/Apr/2025:12:01:10 +0200] "GET /Filip/janshop_orders/exports/ HTTP/2.0" 200 5050 "-" "Mozilla/5.0 (Macintosh; Intel Mac OS X 10_15_7) AppleWebKit/605.1.15 (KHTML, like Gecko) Version/17.5 Safari/605.1.15"
46.101.116.244 - - [18/Apr/2025:12:01:20 +0200] "GET /Jurek/hurtownia_przemyslowa/feeds/hp_alza.xml HTTP/2.0" 200 49380282 "-" "-"
51.77.52.107 - - [18/Apr/2025:12:01:20 +0200] "GET /Jurek/eurofirany/images/452239/0.jpg HTTP/2.0" 200 105368 "-" "baselinker"
35.204.39.32 - - [18/Apr/2025:12:01:29 +0200] "GET /marketplaces/vente/results/vente_nl.csv HTTP/1.1" 200 2173780 "-" "Mirakl HttpClient"
35.204.39.32 - - [18/Apr/2025:12:01:29 +0200] "GET /marketplaces/vente/results/vente_fr.csv HTTP/1.1" 200 2394650 "-" "Mirakl HttpClient"
35.204.39.32 - - [18/Apr/2025:12:01:30 +0200] "GET /marketplaces/vente/results/vente_be.csv HTTP/1.1" 200 2173750 "-" "Mirakl HttpClient"
35.204.39.32 - - [18/Apr/2025:12:01:31 +0200] "GET /marketplaces/vente/results/vente_it.csv HTTP/1.1" 200 2203362 "-" "Mirakl HttpClient"
35.204.39.32 - - [18/Apr/2025:12:01:31 +0200] "GET /marketplaces/vente/results/vente_es.csv HTTP/1.1" 200 2173197 "-" "Mirakl HttpClient"
35.204.39.32 - - [18/Apr/2025:12:01:32 +0200] "GET /marketplaces/vente/results/vente_de.csv HTTP/1.1" 200 2173187 "-" "Mirakl HttpClient"
51.77.52.107 - - [18/Apr/2025:12:01:35 +0200] "GET /Jurek/eurofirany/images/452239/0.jpg HTTP/2.0" 200 105368 "-" "baselinker"
88.220.33.218 - - [18/Apr/2025:12:01:43 +0200] "GET /Jurek/vida_morele/feeds/VidaPL_all.xml HTTP/2.0" 200 723343677 "-" "MarketplaceAPI curl/7.64.0 PHP/8"
46.101.116.244 - - [18/Apr/2025:12:01:47 +0200] "GET /Jurek/hurtownia_przemyslowa2/feeds/hp_alza.xml HTTP/2.0" 200 50095645 "-" "-"
51.77.52.107 - - [18/Apr/2025:12:01:51 +0200] "GET /Jurek/eurofirany/images/452239/0.jpg HTTP/2.0" 200 105368 "-" "baselinker"
46.101.116.244 - - [18/Apr/2025:12:02:01 +0200] "GET /Jurek/hurtownia_przemyslowa/feeds/hp_kaufcz.xml HTTP/2.0" 200 49380484 "-" "-"
51.77.52.107 - - [18/Apr/2025:12:02:09 +0200] "GET /Jurek/eurofirany/images/452240/0.jpg HTTP/2.0" 200 98109 "-" "baselinker"
52.209.168.113 - - [18/Apr/2025:12:02:18 +0200] "GET /marketplaces/rue/results/rue.csv HTTP/1.1" 200 147219 "-" "Mirakl HttpClient"
51.77.52.107 - - [18/Apr/2025:12:02:25 +0200] "GET /Jurek/eurofirany/images/452240/0.jpg HTTP/2.0" 200 98109 "-" "baselinker"
88.220.33.218 - - [18/Apr/2025:12:02:37 +0200] "GET /Jurek/kinghoff/feeds/kinghoff_morele.xml HTTP/2.0" 200 15450512 "-" "MarketplaceAPI curl/7.64.0 PHP/8"
51.77.52.107 - - [18/Apr/2025:12:02:43 +0200] "GET /Jurek/eurofirany/images/452240/0.jpg HTTP/2.0" 200 98109 "-" "baselinker"
216.113.184.102 - - [18/Apr/2025:12:02:51 +0200] "GET /Jurek/topeshop/downloaded_images/5902838463277_Dallas_Biel(5).jpg HTTP/1.1" 404 3551 "http://www.ebay.com/" "Mozilla/4.0 (compatible; MSIE 4.01; Windows NT)"
216.113.184.104 - - [18/Apr/2025:12:02:51 +0200] "GET /Jurek/topeshop/downloaded_images/5902838463277_Dallas_Biel(1).jpg HTTP/1.1" 404 3551 "http://www.ebay.com/" "Mozilla/4.0 (compatible; MSIE 4.01; Windows NT)"
216.113.184.102 - - [18/Apr/2025:12:02:51 +0200] "GET /Jurek/topeshop/downloaded_images/5902838463277_14255.jpg HTTP/1.1" 404 3551 "http://www.ebay.com/" "Mozilla/4.0 (compatible; MSIE 4.01; Windows NT)"
216.113.184.104 - - [18/Apr/2025:12:02:51 +0200] "GET /Jurek/topeshop/downloaded_images/5902838463277_Dallas_Biel(4).jpg HTTP/1.1" 404 3551 "http://www.ebay.com/" "Mozilla/4.0 (compatible; MSIE 4.01; Windows NT)"
216.113.184.105 - - [18/Apr/2025:12:02:51 +0200] "GET /Jurek/topeshop/downloaded_images/5902838463277_Dallas_Biel(6).jpg HTTP/1.1" 404 3551 "http://www.ebay.com/" "Mozilla/4.0 (compatible; MSIE 4.01; Windows NT)"
216.113.184.104 - - [18/Apr/2025:12:02:51 +0200] "GET /Jurek/topeshop/downloaded_images/5902838463277_Dallas_Biel(3).jpg HTTP/1.1" 404 3551 "http://www.ebay.com/" "Mozilla/4.0 (compatible; MSIE 4.01; Windows NT)"
216.113.184.103 - - [18/Apr/2025:12:02:52 +0200] "GET /Jurek/topeshop/downloaded_images/5902838463277_ar1.jpg HTTP/1.1" 200 135885 "http://www.ebay.com/" "Mozilla/4.0 (compatible; MSIE 4.01; Windows NT)"
216.113.184.102 - - [18/Apr/2025:12:02:52 +0200] "GET /Jurek/topeshop/downloaded_images/5902838463277_render_pop_.RGB_color.0009_kopia.png HTTP/1.1" 200 399484 "http://www.ebay.com/" "Mozilla/4.0 (compatible; MSIE 4.01; Windows NT)"
51.77.52.107 - - [18/Apr/2025:12:02:53 +0200] "GET /Jurek/eurofirany/images/452241/0.jpg HTTP/2.0" 200 98109 "-" "baselinker"
46.101.116.244 - - [18/Apr/2025:12:02:55 +0200] "GET /Jurek/hurtownia_przemyslowa/feeds/hp_kaufsk.xml HTTP/2.0" 200 49360905 "-" "-"
51.77.52.107 - - [18/Apr/2025:12:03:07 +0200] "GET /Jurek/eurofirany/images/452241/0.jpg HTTP/2.0" 200 98109 "-" "baselinker"
51.77.52.107 - - [18/Apr/2025:12:03:13 +0200] "GET /Jurek/eurofirany/images/452241/0.jpg HTTP/2.0" 200 98109 "-" "baselinker"
51.77.52.107 - - [18/Apr/2025:12:03:24 +0200] "GET /Jurek/eurofirany/images/452242/0.jpg HTTP/2.0" 200 119998 "-" "baselinker"
46.101.116.244 - - [18/Apr/2025:12:03:28 +0200] "GET /Jurek/hurtownia_przemyslowa/feeds/hp_kaufde.xml HTTP/2.0" 200 49359928 "-" "-"
51.77.52.107 - - [18/Apr/2025:12:03:29 +0200] "GET /Jurek/eurofirany/images/452242/0.jpg HTTP/2.0" 200 119998 "-" "baselinker"
193.33.8.61 - - [18/Apr/2025:12:03:31 +0200] "GET /Filip/janshop_orders/exports/ HTTP/2.0" 401 3550 "-" "Mozilla/5.0 (Macintosh; Intel Mac OS X 10_15_7) AppleWebKit/605.1.15 (KHTML, like Gecko) Version/17.5 Safari/605.1.15"
193.33.8.61 - maria [18/Apr/2025:12:03:32 +0200] "GET /Filip/janshop_orders/exports/ HTTP/2.0" 200 5276 "-" "Mozilla/5.0 (Macintosh; Intel Mac OS X 10_15_7) AppleWebKit/605.1.15 (KHTML, like Gecko) Version/17.5 Safari/605.1.15"
51.77.52.107 - - [18/Apr/2025:12:03:33 +0200] "GET /Jurek/eurofirany/images/452242/0.jpg HTTP/2.0" 200 119998 "-" "baselinker"
193.33.8.61 - maria [18/Apr/2025:12:03:36 +0200] "GET /Filip/janshop_orders/exports/shumee_2025-04-18_12.txt HTTP/2.0" 200 2359 "https://dkkapusta1997.usermd.net/Filip/janshop_orders/exports/" "Mozilla/5.0 (Macintosh; Intel Mac OS X 10_15_7) AppleWebKit/605.1.15 (KHTML, like Gecko) Version/17.5 Safari/605.1.15"
52.209.168.113 - - [18/Apr/2025:12:03:36 +0200] "GET /marketplaces/carrefour/results/carrefour.csv HTTP/1.1" 200 147221 "-" "Mirakl HttpClient"
193.33.8.61 - maria [18/Apr/2025:12:03:37 +0200] "GET /Filip/janshop_orders/exports/great_2025-04-18_12.txt HTTP/2.0" 200 636 "https://dkkapusta1997.usermd.net/Filip/janshop_orders/exports/" "Mozilla/5.0 (Macintosh; Intel Mac OS X 10_15_7) AppleWebKit/605.1.15 (KHTML, like Gecko) Version/17.5 Safari/605.1.15"
193.33.8.61 - maria [18/Apr/2025:12:03:38 +0200] "GET /Filip/janshop_orders/exports/extra_2025-04-18_12.txt HTTP/2.0" 200 1595 "https://dkkapusta1997.usermd.net/Filip/janshop_orders/exports/" "Mozilla/5.0 (Macintosh; Intel Mac OS X 10_15_7) AppleWebKit/605.1.15 (KHTML, like Gecko) Version/17.5 Safari/605.1.15"
51.77.52.107 - - [18/Apr/2025:12:03:43 +0200] "GET /Jurek/eurofirany/images/452243/0.jpg HTTP/2.0" 200 119998 "-" "baselinker"
51.77.52.107 - - [18/Apr/2025:12:03:57 +0200] "GET /Jurek/eurofirany/images/452243/0.jpg HTTP/2.0" 200 119998 "-" "baselinker"
51.77.52.107 - - [18/Apr/2025:12:04:02 +0200] "GET /Jurek/eurofirany/images/452243/0.jpg HTTP/2.0" 200 119998 "-" "baselinker"
88.220.33.218 - - [18/Apr/2025:12:04:07 +0200] "GET /Jurek/eurofirany/feeds/eurofirany_morele.xml HTTP/2.0" 200 19095827 "-" "MarketplaceAPI curl/7.64.0 PHP/8"
88.220.33.218 - - [18/Apr/2025:12:04:12 +0200] "GET /Jurek/vivaldi/feeds/vivaldi_Morele-PL.xml HTTP/2.0" 200 344674 "-" "MarketplaceAPI curl/7.64.0 PHP/8"
51.77.52.107 - - [18/Apr/2025:12:04:23 +0200] "GET /Jurek/eurofirany/images/452244/0.jpg HTTP/2.0" 200 119982 "-" "baselinker"
51.77.52.107 - - [18/Apr/2025:12:04:42 +0200] "GET /Jurek/eurofirany/images/452244/0.jpg HTTP/2.0" 200 119982 "-" "baselinker"
213.180.203.61 - - [18/Apr/2025:12:04:45 +0200] "GET /robots.txt HTTP/1.1" 404 3551 "-" "Mozilla/5.0 (compatible; YandexBot/3.0; +http://yandex.com/bots)"
95.108.213.220 - - [18/Apr/2025:12:04:46 +0200] "GET /Jurek/topeshop/downloaded_images/5904507204310_1-1_Biel_allegro.png HTTP/1.1" 200 888633 "-" "Mozilla/5.0 (compatible; YandexImages/3.0; +http://yandex.com/bots)"
51.77.52.107 - - [18/Apr/2025:12:04:58 +0200] "GET /Jurek/eurofirany/images/452244/0.jpg HTTP/2.0" 200 119982 "-" "baselinker"
51.77.52.107 - - [18/Apr/2025:12:05:05 +0200] "GET /Jurek/eurofirany/images/452245/0.jpg HTTP/2.0" 200 119982 "-" "baselinker"
46.101.116.244 - - [18/Apr/2025:12:05:11 +0200] "GET /Jurek/kalama/feeds/kalama_alza.xml HTTP/2.0" 200 2662539 "-" "-"
88.220.33.218 - - [18/Apr/2025:12:05:14 +0200] "GET /Jurek/aw/feeds/awnarzedzia_morele.xml HTTP/2.0" 200 90512181 "-" "MarketplaceAPI curl/7.64.0 PHP/8"
51.77.52.107 - - [18/Apr/2025:12:05:18 +0200] "GET /Jurek/eurofirany/images/452245/0.jpg HTTP/2.0" 200 119982 "-" "baselinker"
46.101.116.244 - - [18/Apr/2025:12:05:22 +0200] "GET /Jurek/proadventure/feeds/proadventure_alza.xml HTTP/2.0" 200 10767271 "-" "-"
89.161.206.59 - - [18/Apr/2025:12:05:28 +0200] "GET /Jurek/emaja24/feeds/emaja24_amazones.xml HTTP/1.0" 200 5109795 "-" "-"
46.101.116.244 - - [18/Apr/2025:12:05:35 +0200] "GET /Jurek/awparts/feeds/awparts_alza.xml HTTP/2.0" 200 142494014 "-" "-"
89.161.206.59 - - [18/Apr/2025:12:05:37 +0200] "GET /Jurek/omi/feeds/omi_amazonde.xml HTTP/1.0" 200 8105497 "-" "-"
89.161.206.59 - - [18/Apr/2025:12:05:37 +0200] "GET /Jurek/smxdesign/feeds/smxdesign_amazonde.xml HTTP/1.0" 200 1829027 "-" "-"
89.161.206.59 - - [18/Apr/2025:12:05:37 +0200] "GET /Jurek/elavia/feeds/elavia_amazonde.xml HTTP/1.0" 200 2497279 "-" "-"
89.161.206.59 - - [18/Apr/2025:12:05:39 +0200] "GET /Jurek/roger/feeds/roger_amazonde.xml HTTP/1.0" 200 1396508 "-" "-"
89.161.206.59 - - [18/Apr/2025:12:05:39 +0200] "GET /Jurek/kalama/feeds/kalama_amazonde.xml HTTP/1.0" 200 2541293 "-" "-"
88.220.33.218 - - [18/Apr/2025:12:05:39 +0200] "GET /Jurek/beliani/feeds/beliani_morele.xml HTTP/2.0" 200 31096021 "-" "MarketplaceAPI curl/7.64.0 PHP/8"
51.77.52.107 - - [18/Apr/2025:12:05:40 +0200] "GET /Jurek/eurofirany/images/452245/0.jpg HTTP/2.0" 200 119982 "-" "baselinker"
51.77.52.107 - - [18/Apr/2025:12:05:53 +0200] "GET /Jurek/eurofirany/images/456567/0.jpg HTTP/2.0" 200 76751 "-" "baselinker"
46.101.116.244 - - [18/Apr/2025:12:06:03 +0200] "GET /Jurek/vidaCZ/feeds/vidaCZ_allegro.xml HTTP/1.0" 200 661788443 "-" "-"
51.77.52.107 - - [18/Apr/2025:12:06:08 +0200] "GET /Jurek/eurofirany/images/456567/0.jpg HTTP/2.0" 200 76751 "-" "baselinker"
51.77.52.107 - - [18/Apr/2025:12:06:28 +0200] "GET /Jurek/eurofirany/images/456567/0.jpg HTTP/2.0" 200 76751 "-" "baselinker"
89.161.206.59 - - [18/Apr/2025:12:06:29 +0200] "GET /Jurek/hanex/feeds/hanex_amazonde.xml HTTP/1.0" 200 13931562 "-" "-"
89.161.206.59 - - [18/Apr/2025:12:06:29 +0200] "GET /Jurek/playcob/feeds/playcob_amazonde.xml HTTP/1.0" 200 6980167 "-" "-"
89.161.206.59 - - [18/Apr/2025:12:06:29 +0200] "GET /Jurek/kinghoff/feeds/kinghoff_amazonfr.xml HTTP/1.0" 200 15449710 "-" "-"
89.161.206.59 - - [18/Apr/2025:12:06:30 +0200] "GET /Jurek/artdog/feeds/artdog_amazonfr.xml HTTP/1.0" 200 17158569 "-" "-"
51.77.52.107 - - [18/Apr/2025:12:06:30 +0200] "GET /Jurek/eurofirany/images/459367/0.jpg HTTP/2.0" 200 99656 "-" "baselinker"
89.161.206.59 - - [18/Apr/2025:12:06:31 +0200] "GET /Jurek/artdog/feeds/artdog_amazones.xml HTTP/1.0" 200 17158791 "-" "-"
89.161.206.59 - - [18/Apr/2025:12:06:32 +0200] "GET /Jurek/kinghoff/feeds/kinghoff_amazones.xml HTTP/1.0" 200 15449803 "-" "-"
46.101.116.244 - - [18/Apr/2025:12:06:32 +0200] "GET /Jurek/aw/feeds/aw_fnacfr.xml HTTP/1.0" 404 3551 "-" "-"
51.77.52.107 - - [18/Apr/2025:12:06:44 +0200] "GET /Jurek/eurofirany/images/459367/0.jpg HTTP/2.0" 200 99656 "-" "baselinker"
51.77.52.107 - - [18/Apr/2025:12:06:51 +0200] "GET /Jurek/eurofirany/images/459367/0.jpg HTTP/2.0" 200 99656 "-" "baselinker"
46.101.116.244 - - [18/Apr/2025:12:06:58 +0200] "GET /Jurek/sportprise/feeds/sportprise_alza.xml HTTP/2.0" 200 12729951 "-" "-"
51.77.52.107 - - [18/Apr/2025:12:07:08 +0200] "GET /Jurek/eurofirany/images/456420/0.jpg HTTP/2.0" 200 111742 "-" "baselinker"
51.77.52.107 - - [18/Apr/2025:12:07:11 +0200] "GET /Jurek/eurofirany/images/456420/0.jpg HTTP/2.0" 200 111742 "-" "baselinker"
88.220.33.218 - - [18/Apr/2025:12:07:13 +0200] "GET /Jurek/vida_morele/feeds/VidaPL_morele.xml HTTP/2.0" 200 723344434 "-" "MarketplaceAPI curl/7.64.0 PHP/8"
51.77.52.107 - - [18/Apr/2025:12:07:19 +0200] "GET /Jurek/eurofirany/images/456420/0.jpg HTTP/2.0" 200 111742 "-" "baselinker"
46.101.116.244 - - [18/Apr/2025:12:07:24 +0200] "GET /Jurek/coppotech/feeds/coppotech_alza.xml HTTP/2.0" 200 38061715 "-" "-"
51.77.52.107 - - [18/Apr/2025:12:07:25 +0200] "GET /Jurek/eurofirany/images/459351/0.jpg HTTP/2.0" 200 71249 "-" "baselinker"
46.101.116.244 - - [18/Apr/2025:12:07:38 +0200] "GET /Jurek/erohurtownia/feeds/erohurtownia_alza.xml HTTP/2.0" 200 22845689 "-" "-"
51.77.52.107 - - [18/Apr/2025:12:07:40 +0200] "GET /Jurek/eurofirany/images/459351/0.jpg HTTP/2.0" 200 71249 "-" "baselinker"
51.77.52.107 - - [18/Apr/2025:12:07:52 +0200] "GET /Jurek/eurofirany/images/459351/0.jpg HTTP/2.0" 200 71249 "-" "baselinker"
46.101.116.244 - - [18/Apr/2025:12:07:55 +0200] "GET /Jurek/euroshop/feeds/euroshop_alza.xml HTTP/2.0" 200 20020777 "-" "-"
46.101.116.244 - - [18/Apr/2025:12:08:07 +0200] "GET /Jurek/najtanszysport/feeds/najtanszysport_alza.xml HTTP/2.0" 200 3982947 "-" "-"
51.77.52.107 - - [18/Apr/2025:12:08:07 +0200] "GET /Jurek/eurofirany/images/459352/0.jpg HTTP/2.0" 200 91476 "-" "baselinker"
46.101.116.244 - - [18/Apr/2025:12:08:18 +0200] "GET /Jurek/rider/feeds/rider_alza.xml HTTP/2.0" 200 8166372 "-" "-"
51.77.52.107 - - [18/Apr/2025:12:08:22 +0200] "GET /Jurek/eurofirany/images/459352/0.jpg HTTP/2.0" 200 91476 "-" "baselinker"
66.249.69.170 - - [18/Apr/2025:12:08:31 +0200] "GET /Jurek/eurofirany/images/383389/2.jpg HTTP/1.1" 200 6595 "-" "Googlebot-Image/1.0"
66.249.69.170 - - [18/Apr/2025:12:08:31 +0200] "GET /Jurek/eurofirany/images/383389/3.jpg HTTP/1.1" 200 6595 "-" "Googlebot-Image/1.0"
46.101.116.244 - - [18/Apr/2025:12:08:33 +0200] "GET /Jurek/intsell/feeds/intsell_alza.xml HTTP/2.0" 200 342157477 "-" "-"
51.77.52.107 - - [18/Apr/2025:12:08:39 +0200] "GET /Jurek/eurofirany/images/459352/0.jpg HTTP/2.0" 200 91476 "-" "baselinker"
66.249.69.170 - - [18/Apr/2025:12:08:53 +0200] "GET /Jurek/eurofirany/images/383338/4.jpg HTTP/1.1" 200 6595 "-" "Googlebot-Image/1.0"
51.77.52.107 - - [18/Apr/2025:12:08:53 +0200] "GET /Jurek/eurofirany/images/462362/0.jpg HTTP/2.0" 200 84479 "-" "baselinker"
66.249.69.170 - - [18/Apr/2025:12:08:56 +0200] "GET /Jurek/eurofirany/images/383347/4.jpg HTTP/1.1" 200 6595 "-" "Googlebot-Image/1.0"
89.161.206.59 - - [18/Apr/2025:12:08:56 +0200] "GET /Jurek/bass_new/feeds/bass_ebayde.xml HTTP/1.0" 200 4806669 "-" "-"
51.77.52.107 - - [18/Apr/2025:12:09:07 +0200] "GET /Jurek/eurofirany/images/462362/0.jpg HTTP/2.0" 200 84479 "-" "baselinker"
66.249.69.170 - - [18/Apr/2025:12:09:14 +0200] "GET /Jurek/topeshop/downloaded_images/5902838467459_3.jpg HTTP/1.1" 404 3551 "-" "Googlebot-Image/1.0"
66.249.69.170 - - [18/Apr/2025:12:09:16 +0200] "GET /Jurek/topeshop/downloaded_images/5902838467459_4.jpg HTTP/1.1" 404 3551 "-" "Googlebot-Image/1.0"
66.249.69.170 - - [18/Apr/2025:12:09:18 +0200] "GET /Jurek/eurofirany/images/383060/7.jpg HTTP/1.1" 200 61307 "-" "Googlebot-Image/1.0"
66.249.69.170 - - [18/Apr/2025:12:09:18 +0200] "GET /Jurek/topeshop/downloaded_images/5902838467459_ARTISANSZAFADUOFRONTZM.jpg HTTP/1.1" 404 3551 "-" "Googlebot-Image/1.0"
66.249.69.170 - - [18/Apr/2025:12:09:19 +0200] "GET /Jurek/topeshop/downloaded_images/5902838467459_1.jpg HTTP/1.1" 404 3551 "-" "Googlebot-Image/1.0"
66.249.69.170 - - [18/Apr/2025:12:09:21 +0200] "GET /Jurek/eurofirany/images/383350/5.jpg HTTP/1.1" 200 6595 "-" "Googlebot-Image/1.0"
66.249.69.170 - - [18/Apr/2025:12:09:22 +0200] "GET /Jurek/eurofirany/images/383060/6.jpg HTTP/1.1" 200 97479 "-" "Googlebot-Image/1.0"
51.77.52.107 - - [18/Apr/2025:12:09:23 +0200] "GET /Jurek/eurofirany/images/462362/0.jpg HTTP/2.0" 200 84479 "-" "baselinker"
66.249.69.170 - - [18/Apr/2025:12:09:24 +0200] "GET /Jurek/eurofirany/images/383060/5.jpg HTTP/1.1" 200 210140 "-" "Googlebot-Image/1.0"
66.249.69.170 - - [18/Apr/2025:12:09:25 +0200] "GET /Jurek/eurofirany/images/383060/3.jpg HTTP/1.1" 200 6595 "-" "Googlebot-Image/1.0"
66.249.69.170 - - [18/Apr/2025:12:09:25 +0200] "GET /Jurek/eurofirany/images/383060/0.jpg HTTP/1.1" 200 77181 "-" "Googlebot-Image/1.0"
66.249.69.170 - - [18/Apr/2025:12:09:27 +0200] "GET /Jurek/eurofirany/images/383060/2.jpg HTTP/1.1" 200 50116 "-" "Googlebot-Image/1.0"
66.249.69.170 - - [18/Apr/2025:12:09:27 +0200] "GET /Jurek/eurofirany/images/383060/1.jpg HTTP/1.1" 200 94557 "-" "Googlebot-Image/1.0"
66.249.69.170 - - [18/Apr/2025:12:09:27 +0200] "GET /Jurek/eurofirany/images/383060/4.jpg HTTP/1.1" 200 42667 "-" "Googlebot-Image/1.0"
66.249.69.170 - - [18/Apr/2025:12:09:30 +0200] "GET /Jurek/eurofirany/images/383321/2.jpg HTTP/1.1" 200 31635 "-" "Googlebot-Image/1.0"
66.249.69.170 - - [18/Apr/2025:12:09:36 +0200] "GET /Jurek/eurofirany/images/383321/6.jpg HTTP/1.1" 200 49572 "-" "Googlebot-Image/1.0"
51.77.52.107 - - [18/Apr/2025:12:09:37 +0200] "GET /Jurek/eurofirany/images/463941/0.jpg HTTP/2.0" 200 104007 "-" "baselinker"
66.249.69.170 - - [18/Apr/2025:12:09:38 +0200] "GET /Jurek/eurofirany/images/383321/1.jpg HTTP/1.1" 200 47749 "-" "Googlebot-Image/1.0"
66.249.69.170 - - [18/Apr/2025:12:09:38 +0200] "GET /Jurek/eurofirany/images/383321/3.jpg HTTP/1.1" 200 6595 "-" "Googlebot-Image/1.0"
66.249.69.170 - - [18/Apr/2025:12:09:40 +0200] "GET /Jurek/eurofirany/images/383352/3.jpg HTTP/1.1" 200 6595 "-" "Googlebot-Image/1.0"
66.249.69.170 - - [18/Apr/2025:12:09:40 +0200] "GET /Jurek/eurofirany/images/383321/0.jpg HTTP/1.1" 200 87977 "-" "Googlebot-Image/1.0"
66.249.69.170 - - [18/Apr/2025:12:09:41 +0200] "GET /Jurek/eurofirany/images/383321/4.jpg HTTP/1.1" 200 217458 "-" "Googlebot-Image/1.0"
66.249.69.170 - - [18/Apr/2025:12:09:42 +0200] "GET /Jurek/eurofirany/images/383321/5.jpg HTTP/1.1" 200 83174 "-" "Googlebot-Image/1.0"
51.77.52.107 - - [18/Apr/2025:12:09:50 +0200] "GET /Jurek/eurofirany/images/463941/0.jpg HTTP/2.0" 200 104007 "-" "baselinker"
51.77.52.107 - - [18/Apr/2025:12:10:04 +0200] "GET /Jurek/eurofirany/images/463941/0.jpg HTTP/2.0" 200 104007 "-" "baselinker"
51.77.52.107 - - [18/Apr/2025:12:10:21 +0200] "GET /Jurek/eurofirany/images/463997/0.jpg HTTP/2.0" 200 86095 "-" "baselinker"
51.77.52.107 - - [18/Apr/2025:12:10:25 +0200] "GET /Jurek/eurofirany/images/463997/0.jpg HTTP/2.0" 200 86095 "-" "baselinker"
51.77.52.107 - - [18/Apr/2025:12:10:30 +0200] "GET /Jurek/eurofirany/images/463997/0.jpg HTTP/2.0" 200 86095 "-" "baselinker"
46.101.116.244 - - [18/Apr/2025:12:10:32 +0200] "GET /Jurek/sempler/feeds/sempler_alza.xml HTTP/2.0" 200 6789405 "-" "-"
89.161.206.59 - - [18/Apr/2025:12:10:37 +0200] "GET /Jurek/kobi/feeds/kobi_ebayde.xml HTTP/1.0" 200 713573 "-" "-"
46.101.116.244 - - [18/Apr/2025:12:10:43 +0200] "GET /Jurek/eroplace/feeds/eroplace_alza.xml HTTP/2.0" 200 52164301 "-" "-"
51.77.52.107 - - [18/Apr/2025:12:10:44 +0200] "GET /Jurek/eurofirany/images/463999/0.jpg HTTP/2.0" 200 101803 "-" "baselinker"
51.77.52.107 - - [18/Apr/2025:12:10:48 +0200] "GET /Jurek/eurofirany/images/463999/0.jpg HTTP/2.0" 200 101803 "-" "baselinker"
46.101.116.244 - - [18/Apr/2025:12:10:57 +0200] "GET /Jurek/mosti/feeds/mosti_alza.xml HTTP/2.0" 200 4629131 "-" "-"
46.101.116.244 - - [18/Apr/2025:12:10:57 +0200] "GET /Jurek/biokominki/feeds/biokomiinki_alza.xml HTTP/2.0" 200 1422347 "-" "-"
89.161.206.59 - - [18/Apr/2025:12:11:02 +0200] "GET /Jurek/snibbs/feeds/snibbs_skroutz.xml HTTP/1.0" 200 74399 "-" "-"
51.77.52.107 - - [18/Apr/2025:12:11:03 +0200] "GET /Jurek/eurofirany/images/463999/0.jpg HTTP/2.0" 200 101803 "-" "baselinker"
51.77.52.107 - - [18/Apr/2025:12:11:08 +0200] "GET /Jurek/eurofirany/images/464002/0.jpg HTTP/2.0" 200 96159 "-" "baselinker"
51.77.52.107 - - [18/Apr/2025:12:11:14 +0200] "GET /Jurek/eurofirany/images/464002/0.jpg HTTP/2.0" 200 96159 "-" "baselinker"
89.161.206.59 - - [18/Apr/2025:12:11:26 +0200] "GET /Jurek/globaldeli/feeds/globaldeli_skroutz.xml HTTP/1.0" 200 2590887 "-" "-"
51.77.52.107 - - [18/Apr/2025:12:11:30 +0200] "GET /Jurek/eurofirany/images/464002/0.jpg HTTP/2.0" 200 96159 "-" "baselinker"
46.101.116.244 - - [18/Apr/2025:12:11:34 +0200] "GET /Jurek/vida_morele/feeds/vida_alza.xml HTTP/2.0" 200 722788467 "-" "-"
89.161.206.59 - - [18/Apr/2025:12:11:43 +0200] "GET /Jurek/hurtownia_przemyslowa/feeds/hp_ebayde.xml HTTP/1.0" 200 35620887 "-" "-"
51.77.52.107 - - [18/Apr/2025:12:11:45 +0200] "GET /Jurek/eurofirany/images/464007/0.jpg HTTP/2.0" 200 97816 "-" "baselinker"
51.77.52.107 - - [18/Apr/2025:12:11:50 +0200] "GET /Jurek/eurofirany/images/464007/0.jpg HTTP/2.0" 200 97816 "-" "baselinker"
51.77.52.107 - - [18/Apr/2025:12:11:55 +0200] "GET /Jurek/eurofirany/images/464007/0.jpg HTTP/2.0" 200 97816 "-" "baselinker"
185.6.76.18 - - [18/Apr/2025:12:12:01 +0200] "GET /marketplaces/skroutz/feeds/shumee.xml HTTP/1.1" 200 418106110 "-" "SkroutzBot v1.0"
66.249.69.170 - - [18/Apr/2025:12:12:09 +0200] "GET /Jurek/eurofirany/images/398820/8.jpg HTTP/1.1" 200 6625 "-" "Googlebot-Image/1.0"
51.77.52.107 - - [18/Apr/2025:12:12:11 +0200] "GET /Jurek/eurofirany/images/464008/0.jpg HTTP/2.0" 200 100112 "-" "baselinker"
66.249.69.170 - - [18/Apr/2025:12:12:15 +0200] "GET /Jurek/eurofirany/images/383319/3.jpg HTTP/1.1" 200 6595 "-" "Googlebot-Image/1.0"
51.77.52.107 - - [18/Apr/2025:12:12:28 +0200] "GET /Jurek/eurofirany/images/464008/0.jpg HTTP/2.0" 200 100112 "-" "baselinker"
51.77.52.107 - - [18/Apr/2025:12:12:33 +0200] "GET /Jurek/eurofirany/images/464008/0.jpg HTTP/2.0" 200 100112 "-" "baselinker"
51.77.52.107 - - [18/Apr/2025:12:12:36 +0200] "GET /Jurek/eurofirany/images/464011/0.jpg HTTP/2.0" 200 100733 "-" "baselinker"
66.249.69.170 - - [18/Apr/2025:12:12:43 +0200] "GET /Jurek/eurofirany/images/383320/3.jpg HTTP/1.1" 200 6595 "-" "Googlebot-Image/1.0"
51.77.52.107 - - [18/Apr/2025:12:12:52 +0200] "GET /Jurek/eurofirany/images/464011/0.jpg HTTP/2.0" 200 100733 "-" "baselinker"
51.77.52.107 - - [18/Apr/2025:12:12:55 +0200] "GET /Jurek/eurofirany/images/464011/0.jpg HTTP/2.0" 200 100733 "-" "baselinker"
51.77.52.107 - - [18/Apr/2025:12:13:12 +0200] "GET /Jurek/eurofirany/images/464014/0.jpg HTTP/2.0" 200 94443 "-" "baselinker"
51.77.52.107 - - [18/Apr/2025:12:13:29 +0200] "GET /Jurek/eurofirany/images/464014/0.jpg HTTP/2.0" 200 94443 "-" "baselinker"
89.161.206.59 - - [18/Apr/2025:12:13:34 +0200] "GET /Jurek/zbimatyja/feeds/zbimatyja_skroutz.xml HTTP/1.0" 200 11670213 "-" "-"
51.77.52.107 - - [18/Apr/2025:12:13:34 +0200] "GET /Jurek/eurofirany/images/464014/0.jpg HTTP/2.0" 200 94443 "-" "baselinker"
89.161.206.59 - - [18/Apr/2025:12:13:34 +0200] "GET /Jurek/equalo/feeds/equalo_skroutz.xml HTTP/1.0" 200 98007 "-" "-"
89.161.206.59 - - [18/Apr/2025:12:13:34 +0200] "GET /Jurek/regis/feeds/regis_skroutz.xml HTTP/1.0" 200 228502 "-" "-"
66.249.69.170 - - [18/Apr/2025:12:13:35 +0200] "GET /Jurek/eurofirany/images/383468/2.jpg HTTP/1.1" 200 6595 "-" "Googlebot-Image/1.0"
66.249.69.170 - - [18/Apr/2025:12:13:38 +0200] "GET /Jurek/eurofirany/images/383464/4.jpg HTTP/1.1" 200 6595 "-" "Googlebot-Image/1.0"
51.77.52.107 - - [18/Apr/2025:12:13:39 +0200] "GET /Jurek/eurofirany/images/464015/0.jpg HTTP/2.0" 200 104744 "-" "baselinker"
66.249.69.170 - - [18/Apr/2025:12:13:42 +0200] "GET /Jurek/eurofirany/images/383059/2.jpg HTTP/1.1" 200 50116 "-" "Googlebot-Image/1.0"
66.249.69.170 - - [18/Apr/2025:12:13:43 +0200] "GET /Jurek/eurofirany/images/383059/1.jpg HTTP/1.1" 200 94557 "-" "Googlebot-Image/1.0"
66.249.69.170 - - [18/Apr/2025:12:13:44 +0200] "GET /Jurek/eurofirany/images/383059/6.jpg HTTP/1.1" 200 97479 "-" "Googlebot-Image/1.0"
66.249.69.170 - - [18/Apr/2025:12:13:47 +0200] "GET /Jurek/eurofirany/images/383059/0.jpg HTTP/1.1" 200 77181 "-" "Googlebot-Image/1.0"
66.249.69.170 - - [18/Apr/2025:12:13:47 +0200] "GET /Jurek/eurofirany/images/383059/4.jpg HTTP/1.1" 200 33 "-" "Googlebot-Image/1.0"
66.249.69.170 - - [18/Apr/2025:12:13:49 +0200] "GET /Jurek/eurofirany/images/383059/3.jpg HTTP/1.1" 200 6595 "-" "Googlebot-Image/1.0"
66.249.69.170 - - [18/Apr/2025:12:13:50 +0200] "GET /Jurek/eurofirany/images/383059/5.jpg HTTP/1.1" 200 210140 "-" "Googlebot-Image/1.0"
66.249.69.170 - - [18/Apr/2025:12:13:50 +0200] "GET /Jurek/eurofirany/images/383059/7.jpg HTTP/1.1" 200 61307 "-" "Googlebot-Image/1.0"
51.77.52.107 - - [18/Apr/2025:12:13:54 +0200] "GET /Jurek/eurofirany/images/464015/0.jpg HTTP/2.0" 200 104744 "-" "baselinker"
51.77.52.107 - - [18/Apr/2025:12:13:57 +0200] "GET /Jurek/eurofirany/images/464015/0.jpg HTTP/2.0" 200 104744 "-" "baselinker"
51.77.52.107 - - [18/Apr/2025:12:14:02 +0200] "GET /Jurek/eurofirany/images/464017/0.jpg HTTP/2.0" 200 92897 "-" "baselinker"
66.249.69.170 - - [18/Apr/2025:12:14:03 +0200] "GET /Jurek/eurofirany/images/383265/4.jpg HTTP/1.1" 200 6595 "-" "Googlebot-Image/1.0"
51.77.52.107 - - [18/Apr/2025:12:14:07 +0200] "GET /Jurek/eurofirany/images/464017/0.jpg HTTP/2.0" 200 92897 "-" "baselinker"
66.249.69.170 - - [18/Apr/2025:12:14:14 +0200] "GET /Jurek/eurofirany/images/408894/3.jpg HTTP/1.1" 200 6595 "-" "Googlebot-Image/1.0"
51.77.52.107 - - [18/Apr/2025:12:14:22 +0200] "GET /Jurek/eurofirany/images/464017/0.jpg HTTP/2.0" 200 92897 "-" "baselinker"
66.249.69.170 - - [18/Apr/2025:12:14:24 +0200] "GET /Jurek/eurofirany/images/383322/3.jpg HTTP/1.1" 200 6595 "-" "Googlebot-Image/1.0"
51.77.52.107 - - [18/Apr/2025:12:14:35 +0200] "GET /Jurek/eurofirany/images/464019/0.jpg HTTP/2.0" 200 110059 "-" "baselinker"
51.77.52.107 - - [18/Apr/2025:12:14:51 +0200] "GET /Jurek/eurofirany/images/464019/0.jpg HTTP/2.0" 200 110059 "-" "baselinker"
89.161.206.59 - - [18/Apr/2025:12:14:57 +0200] "GET /Jurek/purewear/feeds/purewear_skroutz.xml HTTP/1.0" 200 13350891 "-" "-"
51.77.52.107 - - [18/Apr/2025:12:14:57 +0200] "GET /Jurek/eurofirany/images/464019/0.jpg HTTP/2.0" 200 110059 "-" "baselinker"
66.249.69.170 - - [18/Apr/2025:12:14:59 +0200] "GET /Jurek/eurofirany/images/383348/5.jpg HTTP/1.1" 200 6595 "-" "Googlebot-Image/1.0"
66.249.69.170 - - [18/Apr/2025:12:15:11 +0200] "GET /Jurek/eurofirany/images/383473/3.jpg HTTP/1.1" 200 6595 "-" "Googlebot-Image/1.0"
51.77.52.107 - - [18/Apr/2025:12:15:13 +0200] "GET /Jurek/eurofirany/images/467809/0.jpg HTTP/2.0" 200 78296 "-" "baselinker"
66.249.69.170 - - [18/Apr/2025:12:15:17 +0200] "GET /Jurek/eurofirany/images/383360/3.jpg HTTP/1.1" 200 6595 "-" "Googlebot-Image/1.0"
51.77.52.107 - - [18/Apr/2025:12:15:28 +0200] "GET /Jurek/eurofirany/images/467809/0.jpg HTTP/2.0" 200 78296 "-" "baselinker"
66.249.69.170 - - [18/Apr/2025:12:15:30 +0200] "GET /Jurek/eurofirany/images/383359/3.jpg HTTP/1.1" 200 6595 "-" "Googlebot-Image/1.0"
66.249.69.170 - - [18/Apr/2025:12:15:32 +0200] "GET /Jurek/eurofirany/images/383264/6.jpg HTTP/1.1" 200 92501 "-" "Googlebot-Image/1.0"
66.249.69.170 - - [18/Apr/2025:12:15:33 +0200] "GET /Jurek/eurofirany/images/383267/4.jpg HTTP/1.1" 200 6595 "-" "Googlebot-Image/1.0"
66.249.69.170 - - [18/Apr/2025:12:15:33 +0200] "GET /Jurek/eurofirany/images/383264/3.jpg HTTP/1.1" 200 36375 "-" "Googlebot-Image/1.0"
66.249.69.170 - - [18/Apr/2025:12:15:34 +0200] "GET /Jurek/eurofirany/images/383062/1.jpg HTTP/1.1" 200 94557 "-" "Googlebot-Image/1.0"
66.249.69.170 - - [18/Apr/2025:12:15:36 +0200] "GET /Jurek/eurofirany/images/383062/4.jpg HTTP/1.1" 200 42667 "-" "Googlebot-Image/1.0"
66.249.69.170 - - [18/Apr/2025:12:15:36 +0200] "GET /Jurek/eurofirany/images/383264/4.jpg HTTP/1.1" 200 6595 "-" "Googlebot-Image/1.0"
66.249.69.170 - - [18/Apr/2025:12:15:36 +0200] "GET /Jurek/eurofirany/images/383062/3.jpg HTTP/1.1" 200 6595 "-" "Googlebot-Image/1.0"
66.249.69.170 - - [18/Apr/2025:12:15:38 +0200] "GET /Jurek/eurofirany/images/383264/0.jpg HTTP/1.1" 200 81569 "-" "Googlebot-Image/1.0"
66.249.69.170 - - [18/Apr/2025:12:15:38 +0200] "GET /Jurek/eurofirany/images/383062/2.jpg HTTP/1.1" 200 50116 "-" "Googlebot-Image/1.0"
66.249.69.170 - - [18/Apr/2025:12:15:39 +0200] "GET /Jurek/eurofirany/images/383264/2.jpg HTTP/1.1" 200 52890 "-" "Googlebot-Image/1.0"
66.249.69.170 - - [18/Apr/2025:12:15:39 +0200] "GET /Jurek/eurofirany/images/383062/6.jpg HTTP/1.1" 200 97479 "-" "Googlebot-Image/1.0"
66.249.69.170 - - [18/Apr/2025:12:15:40 +0200] "GET /Jurek/eurofirany/images/383264/5.jpg HTTP/1.1" 200 217458 "-" "Googlebot-Image/1.0"
66.249.69.170 - - [18/Apr/2025:12:15:40 +0200] "GET /Jurek/eurofirany/images/383062/0.jpg HTTP/1.1" 200 77181 "-" "Googlebot-Image/1.0"
66.249.69.170 - - [18/Apr/2025:12:15:41 +0200] "GET /Jurek/eurofirany/images/383062/7.jpg HTTP/1.1" 200 61307 "-" "Googlebot-Image/1.0"
66.249.69.170 - - [18/Apr/2025:12:15:42 +0200] "GET /Jurek/eurofirany/images/383062/5.jpg HTTP/1.1" 200 210140 "-" "Googlebot-Image/1.0"
66.249.69.170 - - [18/Apr/2025:12:15:42 +0200] "GET /Jurek/eurofirany/images/383264/7.jpg HTTP/1.1" 200 64084 "-" "Googlebot-Image/1.0"
66.249.69.170 - - [18/Apr/2025:12:15:45 +0200] "GET /Jurek/eurofirany/images/383264/1.jpg HTTP/1.1" 200 80421 "-" "Googlebot-Image/1.0"
51.77.52.107 - - [18/Apr/2025:12:15:46 +0200] "GET /Jurek/eurofirany/images/467809/0.jpg HTTP/2.0" 200 78296 "-" "baselinker"
51.77.52.107 - - [18/Apr/2025:12:15:56 +0200] "GET /Jurek/eurofirany/images/467811/0.jpg HTTP/2.0" 200 80213 "-" "baselinker"
66.249.69.170 - - [18/Apr/2025:12:16:03 +0200] "GET /Jurek/eurofirany/images/383324/4.jpg HTTP/1.1" 200 6595 "-" "Googlebot-Image/1.0"
51.77.52.107 - - [18/Apr/2025:12:16:12 +0200] "GET /Jurek/eurofirany/images/467811/0.jpg HTTP/2.0" 200 80213 "-" "baselinker"
66.249.69.170 - - [18/Apr/2025:12:16:22 +0200] "GET /Jurek/eurofirany/images/398890/3.jpg HTTP/1.1" 200 6595 "-" "Googlebot-Image/1.0"
51.77.52.107 - - [18/Apr/2025:12:16:26 +0200] "GET /Jurek/eurofirany/images/467811/0.jpg HTTP/2.0" 200 80213 "-" "baselinker"
66.249.69.170 - - [18/Apr/2025:12:16:32 +0200] "GET /Jurek/eurofirany/images/452473/3.jpg HTTP/1.1" 200 130860 "-" "Googlebot-Image/1.0"
66.249.69.170 - - [18/Apr/2025:12:16:34 +0200] "GET /Jurek/eurofirany/images/452473/5.jpg HTTP/1.1" 200 130821 "-" "Googlebot-Image/1.0"
66.249.69.170 - - [18/Apr/2025:12:16:35 +0200] "GET /Jurek/eurofirany/images/452473/1.jpg HTTP/1.1" 200 88496 "-" "Googlebot-Image/1.0"
