66.249.69.170 - - [18/Apr/2025:12:16:36 +0200] "GET /Jurek/eurofirany/images/452473/4.jpg HTTP/1.1" 200 169757 "-" "Googlebot-Image/1.0"
51.77.52.107 - - [18/Apr/2025:12:16:38 +0200] "GET /Jurek/eurofirany/images/468393/0.jpg HTTP/2.0" 200 63787 "-" "baselinker"
66.249.69.170 - - [18/Apr/2025:12:16:39 +0200] "GET /Jurek/eurofirany/images/452473/0.jpg HTTP/1.1" 200 84030 "-" "Googlebot-Image/1.0"
66.249.69.170 - - [18/Apr/2025:12:16:40 +0200] "GET /Jurek/eurofirany/images/452473/2.jpg HTTP/1.1" 200 47517 "-" "Googlebot-Image/1.0"
66.249.69.170 - - [18/Apr/2025:12:16:40 +0200] "GET /Jurek/eurofirany/images/452473/6.jpg HTTP/1.1" 200 196754 "-" "Googlebot-Image/1.0"
66.249.69.170 - - [18/Apr/2025:12:16:41 +0200] "GET /Jurek/eurofirany/images/452473/7.jpg HTTP/1.1" 200 147971 "-" "Googlebot-Image/1.0"
51.77.52.107 - - [18/Apr/2025:12:16:57 +0200] "GET /Jurek/eurofirany/images/468393/0.jpg HTTP/2.0" 200 63787 "-" "baselinker"
51.77.52.107 - - [18/Apr/2025:12:17:01 +0200] "GET /Jurek/eurofirany/images/468393/0.jpg HTTP/2.0" 200 63787 "-" "baselinker"
66.249.69.170 - - [18/Apr/2025:12:17:01 +0200] "GET /Jurek/eurofirany/images/383387/2.jpg HTTP/1.1" 200 6595 "-" "Googlebot-Image/1.0"
66.249.69.170 - - [18/Apr/2025:12:17:04 +0200] "GET /Jurek/eurofirany/images/383387/3.jpg HTTP/1.1" 200 6595 "-" "Googlebot-Image/1.0"
66.249.69.170 - - [18/Apr/2025:12:17:13 +0200] "GET /Jurek/eurofirany/images/383395/4.jpg HTTP/1.1" 200 6595 "-" "Googlebot-Image/1.0"
51.77.52.107 - - [18/Apr/2025:12:17:15 +0200] "GET /Jurek/eurofirany/images/467976/0.jpg HTTP/2.0" 200 114304 "-" "baselinker"
51.77.52.107 - - [18/Apr/2025:12:17:32 +0200] "GET /Jurek/eurofirany/images/467976/0.jpg HTTP/2.0" 200 114304 "-" "baselinker"
66.249.69.170 - - [18/Apr/2025:12:17:43 +0200] "GET /Jurek/eurofirany/images/383266/4.jpg HTTP/1.1" 200 6595 "-" "Googlebot-Image/1.0"
51.77.52.107 - - [18/Apr/2025:12:17:47 +0200] "GET /Jurek/eurofirany/images/467976/0.jpg HTTP/2.0" 200 114304 "-" "baselinker"
51.77.52.107 - - [18/Apr/2025:12:17:51 +0200] "GET /Jurek/eurofirany/images/467977/0.jpg HTTP/2.0" 200 125363 "-" "baselinker"
66.249.69.170 - - [18/Apr/2025:12:17:51 +0200] "GET /Jurek/eurofirany/images/383108/2.jpg HTTP/1.1" 200 6595 "-" "Googlebot-Image/1.0"
66.249.69.170 - - [18/Apr/2025:12:17:54 +0200] "GET /Jurek/eurofirany/images/383108/3.jpg HTTP/1.1" 200 6595 "-" "Googlebot-Image/1.0"
66.249.69.170 - - [18/Apr/2025:12:17:54 +0200] "GET /Jurek/eurofirany/images/383056/3.jpg HTTP/1.1" 200 6595 "-" "Googlebot-Image/1.0"
51.77.52.107 - - [18/Apr/2025:12:17:55 +0200] "GET /Jurek/eurofirany/images/467977/0.jpg HTTP/2.0" 200 125363 "-" "baselinker"
66.249.69.170 - - [18/Apr/2025:12:18:09 +0200] "GET /Jurek/eurofirany/images/383469/2.jpg HTTP/1.1" 200 6595 "-" "Googlebot-Image/1.0"
51.77.52.107 - - [18/Apr/2025:12:18:10 +0200] "GET /Jurek/eurofirany/images/467977/0.jpg HTTP/2.0" 200 125363 "-" "baselinker"
51.77.52.107 - - [18/Apr/2025:12:18:27 +0200] "GET /Jurek/eurofirany/images/467978/0.jpg HTTP/2.0" 200 101891 "-" "baselinker"
51.77.52.107 - - [18/Apr/2025:12:18:41 +0200] "GET /Jurek/eurofirany/images/467978/0.jpg HTTP/2.0" 200 101891 "-" "baselinker"
66.249.69.170 - - [18/Apr/2025:12:18:41 +0200] "GET /Jurek/eurofirany/images/408880/3.jpg HTTP/1.1" 200 6595 "-" "Googlebot-Image/1.0"
89.161.206.59 - - [18/Apr/2025:12:18:42 +0200] "GET /Jurek/gandalf/feeds/gandalf_skr.xml HTTP/1.0" 200 1082289 "-" "-"
66.249.69.170 - - [18/Apr/2025:12:18:50 +0200] "GET /Jurek/eurofirany/images/383106/3.jpg HTTP/1.1" 200 6595 "-" "Googlebot-Image/1.0"
51.77.52.107 - - [18/Apr/2025:12:18:52 +0200] "GET /Jurek/eurofirany/images/467978/0.jpg HTTP/2.0" 200 101891 "-" "baselinker"
66.249.69.170 - - [18/Apr/2025:12:18:53 +0200] "GET /Jurek/eurofirany/images/383106/2.jpg HTTP/1.1" 200 6595 "-" "Googlebot-Image/1.0"
66.249.69.170 - - [18/Apr/2025:12:19:05 +0200] "GET /Jurek/eurofirany/images/408855/3.jpg HTTP/1.1" 200 6595 "-" "Googlebot-Image/1.0"
51.77.52.107 - - [18/Apr/2025:12:19:08 +0200] "GET /Jurek/eurofirany/images/464077/0.jpg HTTP/2.0" 200 147629 "-" "baselinker"
51.77.52.107 - - [18/Apr/2025:12:19:13 +0200] "GET /Jurek/eurofirany/images/464077/0.jpg HTTP/2.0" 200 147629 "-" "baselinker"
66.249.69.170 - - [18/Apr/2025:12:19:15 +0200] "GET /Jurek/eurofirany/images/383346/4.jpg HTTP/1.1" 200 6595 "-" "Googlebot-Image/1.0"
66.249.69.170 - - [18/Apr/2025:12:19:22 +0200] "GET /Jurek/eurofirany/images/5642/1.jpg HTTP/1.1" 200 6625 "-" "Googlebot-Image/1.0"
66.249.69.170 - - [18/Apr/2025:12:19:26 +0200] "GET /Jurek/eurofirany/images/5642/0.jpg HTTP/1.1" 200 145716 "-" "Googlebot-Image/1.0"
89.161.206.59 - - [18/Apr/2025:12:19:26 +0200] "GET /Jurek/andex/feeds/andex_skr.xml HTTP/1.0" 200 933070 "-" "-"
66.249.69.170 - - [18/Apr/2025:12:19:29 +0200] "GET /Jurek/eurofirany/images/5642/3.jpg HTTP/1.1" 200 129477 "-" "Googlebot-Image/1.0"
66.249.69.170 - - [18/Apr/2025:12:19:29 +0200] "GET /Jurek/eurofirany/images/5642/2.jpg HTTP/1.1" 200 6625 "-" "Googlebot-Image/1.0"
51.77.52.107 - - [18/Apr/2025:12:19:31 +0200] "GET /Jurek/eurofirany/images/464077/0.jpg HTTP/2.0" 200 147629 "-" "baselinker"
51.77.52.107 - - [18/Apr/2025:12:19:45 +0200] "GET /Jurek/eurofirany/images/464079/0.jpg HTTP/2.0" 200 191748 "-" "baselinker"
89.161.206.59 - - [18/Apr/2025:12:19:45 +0200] "GET /Jurek/proadventure/feeds/proadventure_skr.xml HTTP/1.0" 200 10763608 "-" "-"
89.161.206.59 - - [18/Apr/2025:12:19:47 +0200] "GET /Jurek/rems/feeds/rems_skr.xml HTTP/1.0" 200 8706238 "-" "-"
89.161.206.59 - - [18/Apr/2025:12:19:50 +0200] "GET /Jurek/bloomglow/feeds/bloomglow_skr.xml HTTP/1.0" 200 13214215 "-" "-"
51.77.52.107 - - [18/Apr/2025:12:20:01 +0200] "GET /Jurek/eurofirany/images/464079/0.jpg HTTP/2.0" 200 191748 "-" "baselinker"
66.249.69.170 - - [18/Apr/2025:12:20:09 +0200] "GET /Jurek/eurofirany/images/383463/4.jpg HTTP/1.1" 200 6595 "-" "Googlebot-Image/1.0"
51.77.52.107 - - [18/Apr/2025:12:20:16 +0200] "GET /Jurek/eurofirany/images/464079/0.jpg HTTP/2.0" 200 191748 "-" "baselinker"
66.249.69.170 - - [18/Apr/2025:12:20:18 +0200] "GET /Jurek/eurofirany/images/383061/3.jpg HTTP/1.1" 200 6595 "-" "Googlebot-Image/1.0"
51.77.52.107 - - [18/Apr/2025:12:20:22 +0200] "GET /Jurek/eurofirany/images/464086/0.jpg HTTP/2.0" 200 169982 "-" "baselinker"
66.249.69.170 - - [18/Apr/2025:12:20:31 +0200] "GET /Jurek/eurofirany/images/383057/3.jpg HTTP/1.1" 200 6595 "-" "Googlebot-Image/1.0"
51.77.52.107 - - [18/Apr/2025:12:20:37 +0200] "GET /Jurek/eurofirany/images/464086/0.jpg HTTP/2.0" 200 169982 "-" "baselinker"
66.249.69.170 - - [18/Apr/2025:12:20:40 +0200] "GET /Jurek/eurofirany/images/383466/4.jpg HTTP/1.1" 200 6595 "-" "Googlebot-Image/1.0"
51.77.52.107 - - [18/Apr/2025:12:20:54 +0200] "GET /Jurek/eurofirany/images/464086/0.jpg HTTP/2.0" 200 169982 "-" "baselinker"
66.249.69.170 - - [18/Apr/2025:12:20:57 +0200] "GET /Jurek/eurofirany/images/398804/8.jpg HTTP/1.1" 200 6625 "-" "Googlebot-Image/1.0"
66.249.69.170 - - [18/Apr/2025:12:21:00 +0200] "GET /Jurek/eurofirany/images/383349/5.jpg HTTP/1.1" 200 6595 "-" "Googlebot-Image/1.0"
51.77.52.107 - - [18/Apr/2025:12:21:08 +0200] "GET /Jurek/eurofirany/images/464087/0.jpg HTTP/2.0" 200 178605 "-" "baselinker"
51.77.52.107 - - [18/Apr/2025:12:21:13 +0200] "GET /Jurek/eurofirany/images/464087/0.jpg HTTP/2.0" 200 178605 "-" "baselinker"
66.249.69.170 - - [18/Apr/2025:12:21:17 +0200] "GET /Jurek/eurofirany/images/383354/3.jpg HTTP/1.1" 200 6595 "-" "Googlebot-Image/1.0"
51.77.52.107 - - [18/Apr/2025:12:21:26 +0200] "GET /Jurek/eurofirany/images/464087/0.jpg HTTP/2.0" 200 178605 "-" "baselinker"
66.249.69.170 - - [18/Apr/2025:12:21:29 +0200] "GET /Jurek/eurofirany/images/383326/4.jpg HTTP/1.1" 200 6595 "-" "Googlebot-Image/1.0"
66.249.69.170 - - [18/Apr/2025:12:21:32 +0200] "GET /Jurek/eurofirany/images/383058/3.jpg HTTP/1.1" 200 6595 "-" "Googlebot-Image/1.0"
51.77.52.107 - - [18/Apr/2025:12:21:44 +0200] "GET /Jurek/eurofirany/images/464088/0.jpg HTTP/2.0" 200 172422 "-" "baselinker"
66.249.69.170 - - [18/Apr/2025:12:21:48 +0200] "GET /Jurek/eurofirany/images/458985/1.jpg HTTP/1.1" 200 74661 "-" "Googlebot-Image/1.0"
66.249.69.170 - - [18/Apr/2025:12:21:51 +0200] "GET /Jurek/eurofirany/images/458985/0.jpg HTTP/1.1" 200 117375 "-" "Googlebot-Image/1.0"
51.77.52.107 - - [18/Apr/2025:12:22:00 +0200] "GET /Jurek/eurofirany/images/464088/0.jpg HTTP/2.0" 200 172422 "-" "baselinker"
51.77.52.107 - - [18/Apr/2025:12:22:13 +0200] "GET /Jurek/eurofirany/images/464088/0.jpg HTTP/2.0" 200 172422 "-" "baselinker"
51.77.52.107 - - [18/Apr/2025:12:22:19 +0200] "GET /Jurek/eurofirany/images/464091/0.jpg HTTP/2.0" 200 191748 "-" "baselinker"
51.77.52.107 - - [18/Apr/2025:12:22:26 +0200] "GET /Jurek/eurofirany/images/464091/0.jpg HTTP/2.0" 200 191748 "-" "baselinker"
51.77.52.107 - - [18/Apr/2025:12:22:35 +0200] "GET /Jurek/eurofirany/images/464091/0.jpg HTTP/2.0" 200 191748 "-" "baselinker"
89.161.206.59 - - [18/Apr/2025:12:23:13 +0200] "GET /Jurek/aiofactory/feeds/aiofactory_ebayde.xml HTTP/1.0" 200 2123753 "-" "-"
51.77.52.107 - - [18/Apr/2025:12:23:14 +0200] "GET /Jurek/eurofirany/images/464100/0.jpg HTTP/2.0" 200 191748 "-" "baselinker"
51.77.52.107 - - [18/Apr/2025:12:23:29 +0200] "GET /Jurek/eurofirany/images/464100/0.jpg HTTP/2.0" 200 191748 "-" "baselinker"
51.77.52.107 - - [18/Apr/2025:12:23:33 +0200] "GET /Jurek/eurofirany/images/464100/0.jpg HTTP/2.0" 200 191748 "-" "baselinker"
51.77.52.107 - - [18/Apr/2025:12:24:07 +0200] "GET /Jurek/eurofirany/images/464101/0.jpg HTTP/2.0" 200 148944 "-" "baselinker"
51.77.52.107 - - [18/Apr/2025:12:24:23 +0200] "GET /Jurek/eurofirany/images/464101/0.jpg HTTP/2.0" 200 148944 "-" "baselinker"
51.77.52.107 - - [18/Apr/2025:12:24:30 +0200] "GET /Jurek/eurofirany/images/464101/0.jpg HTTP/2.0" 200 148944 "-" "baselinker"
51.77.52.107 - - [18/Apr/2025:12:24:36 +0200] "GET /Jurek/eurofirany/images/464104/0.jpg HTTP/2.0" 200 169982 "-" "baselinker"
51.77.52.107 - - [18/Apr/2025:12:24:50 +0200] "GET /Jurek/eurofirany/images/464104/0.jpg HTTP/2.0" 200 169982 "-" "baselinker"
51.77.52.107 - - [18/Apr/2025:12:25:15 +0200] "GET /Jurek/eurofirany/images/464104/0.jpg HTTP/2.0" 200 169982 "-" "baselinker"
66.249.69.170 - - [18/Apr/2025:12:25:20 +0200] "GET /Jurek/eurofirany/images/398820/3.jpg HTTP/1.1" 200 91139 "-" "Googlebot-Image/1.0"
51.77.52.107 - - [18/Apr/2025:12:25:27 +0200] "GET /Jurek/eurofirany/images/464105/0.jpg HTTP/2.0" 200 178605 "-" "baselinker"
66.249.69.170 - - [18/Apr/2025:12:25:29 +0200] "GET /Jurek/eurofirany/images/398820/1.jpg HTTP/1.1" 200 37841 "-" "Googlebot-Image/1.0"
51.77.52.107 - - [18/Apr/2025:12:25:40 +0200] "GET /Jurek/eurofirany/images/464105/0.jpg HTTP/2.0" 200 178605 "-" "baselinker"
46.101.116.244 - - [18/Apr/2025:12:25:44 +0200] "GET /Jurek/eurofirany/feeds/eurofirany_erli.xml HTTP/1.0" 200 19098058 "-" "-"
51.77.52.107 - - [18/Apr/2025:12:25:45 +0200] "GET /Jurek/eurofirany/images/464105/0.jpg HTTP/2.0" 200 178605 "-" "baselinker"
89.161.206.59 - - [18/Apr/2025:12:25:55 +0200] "GET /Jurek/tsjerzy/feeds/tsjerzy_amazonde.xml HTTP/1.0" 200 3897711 "-" "-"
89.161.206.59 - - [18/Apr/2025:12:25:55 +0200] "GET /Jurek/princelh/feeds/princelh_amazonde.xml HTTP/1.0" 200 133438 "-" "-"
89.161.206.59 - - [18/Apr/2025:12:25:55 +0200] "GET /Jurek/zbimatyja/feeds/zbimatyja_amazonde.xml HTTP/1.0" 200 11670294 "-" "-"
89.161.206.59 - - [18/Apr/2025:12:25:56 +0200] "GET /Jurek/beltimore/feeds/beltimore_amazonde.xml HTTP/1.0" 200 18651714 "-" "-"
51.77.52.107 - - [18/Apr/2025:12:26:00 +0200] "GET /Jurek/eurofirany/images/464106/0.jpg HTTP/2.0" 200 172422 "-" "baselinker"
51.77.52.107 - - [18/Apr/2025:12:26:14 +0200] "GET /Jurek/eurofirany/images/464106/0.jpg HTTP/2.0" 200 172422 "-" "baselinker"
51.77.52.107 - - [18/Apr/2025:12:26:30 +0200] "GET /Jurek/eurofirany/images/464106/0.jpg HTTP/2.0" 200 172422 "-" "baselinker"
51.77.52.107 - - [18/Apr/2025:12:26:44 +0200] "GET /Jurek/eurofirany/images/467975/0.jpg HTTP/2.0" 200 82907 "-" "baselinker"
51.77.52.107 - - [18/Apr/2025:12:26:57 +0200] "GET /Jurek/eurofirany/images/467975/0.jpg HTTP/2.0" 200 82907 "-" "baselinker"
51.77.52.107 - - [18/Apr/2025:12:27:07 +0200] "GET /Jurek/eurofirany/images/467975/0.jpg HTTP/2.0" 200 82907 "-" "baselinker"
216.113.184.101 - - [18/Apr/2025:12:27:09 +0200] "GET /Jurek/topeshop/downloaded_images/5904507200084_MIJASBIURKOBIELPRAWE.png HTTP/1.1" 404 3551 "http://www.ebay.com/" "Mozilla/4.0 (compatible; MSIE 4.01; Windows NT)"
216.113.184.101 - - [18/Apr/2025:12:27:09 +0200] "GET /Jurek/topeshop/downloaded_images/5904507200084_MIJASBIURKOBRY%C5%81KABIELPRAWEFRONTZM.jpg HTTP/1.1" 404 3551 "http://www.ebay.com/" "Mozilla/4.0 (compatible; MSIE 4.01; Windows NT)"
216.113.184.102 - - [18/Apr/2025:12:27:09 +0200] "GET /Jurek/topeshop/downloaded_images/5904507200084_MIJASBIURKOBRY%C5%81KABIELPRAWEFRONTOT.jpg HTTP/1.1" 404 3551 "http://www.ebay.com/" "Mozilla/4.0 (compatible; MSIE 4.01; Windows NT)"
216.113.184.102 - - [18/Apr/2025:12:27:10 +0200] "GET /Jurek/topeshop/downloaded_images/5904507200084_MIJASBIURKOBIELPRAWOOT.2tif.png HTTP/1.1" 404 3551 "http://www.ebay.com/" "Mozilla/4.0 (compatible; MSIE 4.01; Windows NT)"
216.113.184.103 - - [18/Apr/2025:12:27:10 +0200] "GET /Jurek/topeshop/downloaded_images/5904507200084_MIJASBIURKOBRY%C5%81KABIELPRAWEBOKOT.jpg HTTP/1.1" 404 3551 "http://www.ebay.com/" "Mozilla/4.0 (compatible; MSIE 4.01; Windows NT)"
216.113.184.104 - - [18/Apr/2025:12:27:10 +0200] "GET /Jurek/topeshop/downloaded_images/5904507200084_MIJASBIURKOBIELPRAWO.2tif.png HTTP/1.1" 404 3551 "http://www.ebay.com/" "Mozilla/4.0 (compatible; MSIE 4.01; Windows NT)"
216.113.184.101 - - [18/Apr/2025:12:27:10 +0200] "GET /Jurek/topeshop/downloaded_images/5904507200084_MIJASBIURKOBRY%C5%81KABIELPRAWEBOKZM.jpg HTTP/1.1" 404 3551 "http://www.ebay.com/" "Mozilla/4.0 (compatible; MSIE 4.01; Windows NT)"
51.77.52.107 - - [18/Apr/2025:12:27:25 +0200] "GET /Jurek/eurofirany/images/420920/0.jpg HTTP/2.0" 200 72732 "-" "baselinker"
51.77.52.107 - - [18/Apr/2025:12:27:40 +0200] "GET /Jurek/eurofirany/images/420920/0.jpg HTTP/2.0" 200 72732 "-" "baselinker"
51.77.52.107 - - [18/Apr/2025:12:27:53 +0200] "GET /Jurek/eurofirany/images/420920/0.jpg HTTP/2.0" 200 72732 "-" "baselinker"
51.77.52.107 - - [18/Apr/2025:12:28:00 +0200] "GET /Jurek/eurofirany/images/467981/0.jpg HTTP/2.0" 200 74776 "-" "baselinker"
51.77.52.107 - - [18/Apr/2025:12:28:20 +0200] "GET /Jurek/eurofirany/images/467981/0.jpg HTTP/2.0" 200 74776 "-" "baselinker"
46.101.116.244 - - [18/Apr/2025:12:28:26 +0200] "GET /Jurek/eurofirany/feeds/eurofirany_allegro.xml HTTP/1.0" 200 19098288 "-" "-"
51.77.52.107 - - [18/Apr/2025:12:28:34 +0200] "GET /Jurek/eurofirany/images/467981/0.jpg HTTP/2.0" 200 74776 "-" "baselinker"
51.77.52.107 - - [18/Apr/2025:12:28:48 +0200] "GET /Jurek/eurofirany/images/467988/0.jpg HTTP/2.0" 200 71214 "-" "baselinker"
89.161.206.59 - - [18/Apr/2025:12:28:54 +0200] "GET /Jurek/benetech/feeds/benetech_aliex.xml HTTP/1.0" 200 4165690 "-" "-"
89.161.206.59 - - [18/Apr/2025:12:28:55 +0200] "GET /Jurek/slayo/feeds/slayo_aliex.xml HTTP/1.0" 200 183631 "-" "-"
89.161.206.59 - - [18/Apr/2025:12:28:55 +0200] "GET /Jurek/hdwr/feeds/hdwr_aliex.xml HTTP/1.0" 200 789578 "-" "-"
89.161.206.59 - - [18/Apr/2025:12:28:55 +0200] "GET /Jurek/targethome/feeds/targethome_aliex.xml HTTP/1.0" 200 688690 "-" "-"
89.161.206.59 - - [18/Apr/2025:12:28:55 +0200] "GET /Jurek/amzteam/feeds/amzteam_aliex.xml HTTP/1.0" 200 97912 "-" "-"
89.161.206.59 - - [18/Apr/2025:12:28:56 +0200] "GET /Jurek/ralmetal/feeds/ralmetal_aliex.xml HTTP/1.0" 200 2040593 "-" "-"
89.161.206.59 - - [18/Apr/2025:12:28:56 +0200] "GET /Jurek/cbdgreen/feeds/cbdgreen_aliex.xml HTTP/1.0" 200 50549 "-" "-"
89.161.206.59 - - [18/Apr/2025:12:28:56 +0200] "GET /Jurek/drops/feeds/dropsofficecolection_aliex.xml HTTP/1.0" 200 791050 "-" "-"
89.161.206.59 - - [18/Apr/2025:12:28:56 +0200] "GET /Jurek/szpaklampy/feeds/szpaklampy_aliex.xml HTTP/1.0" 200 388368 "-" "-"
89.161.206.59 - - [18/Apr/2025:12:28:56 +0200] "GET /Jurek/velinda/feeds/velinda_aliex.xml HTTP/1.0" 200 23438 "-" "-"
89.161.206.59 - - [18/Apr/2025:12:28:57 +0200] "GET /Jurek/spali/feeds/spali_aliex.xml HTTP/1.0" 200 77073 "-" "-"
89.161.206.59 - - [18/Apr/2025:12:28:57 +0200] "GET /Jurek/topeshop/feeds/topeshop_aliexpress.xml HTTP/1.0" 200 2682367 "-" "-"
89.161.206.59 - - [18/Apr/2025:12:28:57 +0200] "GET /Jurek/beltimore/feeds/beltimore_aliexpress.xml HTTP/1.0" 200 18654480 "-" "-"
89.161.206.59 - - [18/Apr/2025:12:28:59 +0200] "GET /Jurek/broers/feeds/broers_aliex.xml HTTP/1.0" 200 1983003 "-" "-"
89.161.206.59 - - [18/Apr/2025:12:29:00 +0200] "GET /Jurek/omi/feeds/omi_aliex.xml HTTP/1.0" 200 8106469 "-" "-"
89.161.206.59 - - [18/Apr/2025:12:29:01 +0200] "GET /Jurek/rosfix/feeds/rosfix_aliexpress.xml HTTP/1.0" 200 35771209 "-" "-"
51.77.52.107 - - [18/Apr/2025:12:29:02 +0200] "GET /Jurek/eurofirany/images/467988/0.jpg HTTP/2.0" 200 71214 "-" "baselinker"
89.161.206.59 - - [18/Apr/2025:12:29:03 +0200] "GET /Jurek/kamar/feeds/kamar_aliex.xml HTTP/1.0" 200 25554895 "-" "-"
89.161.206.59 - - [18/Apr/2025:12:29:05 +0200] "GET /Jurek/carbonyway/feeds/carbonyway_aliex.xml HTTP/1.0" 200 3076337 "-" "-"
89.161.206.59 - - [18/Apr/2025:12:29:05 +0200] "GET /Jurek/mojeledy/feeds/mojeledy_aliex.xml HTTP/1.0" 200 1018612 "-" "-"
89.161.206.59 - - [18/Apr/2025:12:29:05 +0200] "GET /Jurek/fertes/feeds/fertes_aliex.xml HTTP/1.0" 200 2362300 "-" "-"
89.161.206.59 - - [18/Apr/2025:12:29:06 +0200] "GET /Jurek/mechdecor/feeds/mechdecor_aliex.xml HTTP/1.0" 200 596311 "-" "-"
89.161.206.59 - - [18/Apr/2025:12:29:06 +0200] "GET /Jurek/avenido/feeds/avenido_aliex.xml HTTP/1.0" 200 720128 "-" "-"
89.161.206.59 - - [18/Apr/2025:12:29:06 +0200] "GET /Jurek/missionair/feeds/missionair_aliex.xml HTTP/1.0" 200 3155073 "-" "-"
89.161.206.59 - - [18/Apr/2025:12:29:07 +0200] "GET /Jurek/apresto/feeds/apresto_aliex.xml HTTP/1.0" 200 1327795 "-" "-"
89.161.206.59 - - [18/Apr/2025:12:29:07 +0200] "GET /Jurek/jakdroz/feeds/jakdroz_aliex.xml HTTP/1.0" 200 4090223 "-" "-"
89.161.206.59 - - [18/Apr/2025:12:29:08 +0200] "GET /Jurek/kalama/feeds/kalama_aliex.xml HTTP/1.0" 200 2662121 "-" "-"
89.161.206.59 - - [18/Apr/2025:12:29:08 +0200] "GET /Jurek/lampart/feeds/lampart_aliex.xml HTTP/1.0" 200 936194 "-" "-"
89.161.206.59 - - [18/Apr/2025:12:29:08 +0200] "GET /Jurek/takapara/feeds/takapara_aliex.xml HTTP/1.0" 200 1342690 "-" "-"
89.161.206.59 - - [18/Apr/2025:12:29:09 +0200] "GET /Jurek/cenoman/feeds/cenoman_aliex.xml HTTP/1.0" 200 5993742 "-" "-"
89.161.206.59 - - [18/Apr/2025:12:29:09 +0200] "GET /Jurek/regis/feeds/regis_aliex.xml HTTP/1.0" 200 228513 "-" "-"
89.161.206.59 - - [18/Apr/2025:12:29:10 +0200] "GET /Jurek/zami/feeds/zami_aliex.xml HTTP/1.0" 200 4474651 "-" "-"
51.77.52.107 - - [18/Apr/2025:12:29:15 +0200] "GET /Jurek/eurofirany/images/467988/0.jpg HTTP/2.0" 200 71214 "-" "baselinker"
51.77.52.107 - - [18/Apr/2025:12:29:30 +0200] "GET /Jurek/eurofirany/images/467993/0.jpg HTTP/2.0" 200 73951 "-" "baselinker"
51.77.52.107 - - [18/Apr/2025:12:29:42 +0200] "GET /Jurek/eurofirany/images/467993/0.jpg HTTP/2.0" 200 73951 "-" "baselinker"
51.77.52.107 - - [18/Apr/2025:12:29:54 +0200] "GET /Jurek/eurofirany/images/467993/0.jpg HTTP/2.0" 200 73951 "-" "baselinker"
51.77.52.107 - - [18/Apr/2025:12:30:07 +0200] "GET /Jurek/eurofirany/images/467984/0.jpg HTTP/2.0" 200 88731 "-" "baselinker"
66.135.223.41 - - [18/Apr/2025:12:30:09 +0200] "GET /Jurek/topeshop/downloaded_images/5904507200381_wizualizacja.jpg HTTP/1.1" 200 89100 "http://www.ebay.com/" "Mozilla/4.0 (compatible; MSIE 4.01; Windows NT)"
66.135.223.43 - - [18/Apr/2025:12:30:09 +0200] "GET /Jurek/topeshop/downloaded_images/5904507200381_BILBAO7(3).jpg HTTP/1.1" 404 3551 "http://www.ebay.com/" "Mozilla/4.0 (compatible; MSIE 4.01; Windows NT)"
66.135.223.44 - - [18/Apr/2025:12:30:09 +0200] "GET /Jurek/topeshop/downloaded_images/5904507200381_1-bez-dodatk%C3%B3w-wymiary.jpg HTTP/1.1" 200 38026 "http://www.ebay.com/" "Mozilla/4.0 (compatible; MSIE 4.01; Windows NT)"
66.135.223.40 - - [18/Apr/2025:12:30:09 +0200] "GET /Jurek/topeshop/downloaded_images/5904507200381_BILBAO7(1).jpg HTTP/1.1" 404 3551 "http://www.ebay.com/" "Mozilla/4.0 (compatible; MSIE 4.01; Windows NT)"
66.135.223.44 - - [18/Apr/2025:12:30:09 +0200] "GET /Jurek/topeshop/downloaded_images/5904507200381_1_(1)1.jpg HTTP/1.1" 200 59850 "http://www.ebay.com/" "Mozilla/4.0 (compatible; MSIE 4.01; Windows NT)"
66.135.223.41 - - [18/Apr/2025:12:30:09 +0200] "GET /Jurek/topeshop/downloaded_images/5904507200381_BILBAO7(4).jpg HTTP/1.1" 404 3551 "http://www.ebay.com/" "Mozilla/4.0 (compatible; MSIE 4.01; Windows NT)"
66.135.223.43 - - [18/Apr/2025:12:30:09 +0200] "GET /Jurek/topeshop/downloaded_images/5904507200381_artisan-wymiary_Obszar-roboczy-1.jpg HTTP/1.1" 200 59050 "http://www.ebay.com/" "Mozilla/4.0 (compatible; MSIE 4.01; Windows NT)"
51.77.52.107 - - [18/Apr/2025:12:30:24 +0200] "GET /Jurek/eurofirany/images/467984/0.jpg HTTP/2.0" 200 88731 "-" "baselinker"
51.77.52.107 - - [18/Apr/2025:12:30:39 +0200] "GET /Jurek/eurofirany/images/467984/0.jpg HTTP/2.0" 200 88731 "-" "baselinker"
51.77.52.107 - - [18/Apr/2025:12:30:52 +0200] "GET /Jurek/eurofirany/images/467987/0.jpg HTTP/2.0" 200 82746 "-" "baselinker"
51.77.52.107 - - [18/Apr/2025:12:31:05 +0200] "GET /Jurek/eurofirany/images/467987/0.jpg HTTP/2.0" 200 82746 "-" "baselinker"
51.77.52.107 - - [18/Apr/2025:12:31:20 +0200] "GET /Jurek/eurofirany/images/467987/0.jpg HTTP/2.0" 200 82746 "-" "baselinker"
46.101.116.244 - - [18/Apr/2025:12:31:34 +0200] "GET /Jurek/aw/feeds/aw_fnacfr.xml HTTP/1.0" 404 3551 "-" "-"
51.77.52.107 - - [18/Apr/2025:12:31:36 +0200] "GET /Jurek/eurofirany/images/467998/0.jpg HTTP/2.0" 200 79301 "-" "baselinker"
51.77.52.107 - - [18/Apr/2025:12:31:53 +0200] "GET /Jurek/eurofirany/images/467998/0.jpg HTTP/2.0" 200 79301 "-" "baselinker"
51.77.52.107 - - [18/Apr/2025:12:32:07 +0200] "GET /Jurek/eurofirany/images/467998/0.jpg HTTP/2.0" 200 79301 "-" "baselinker"
51.77.52.107 - - [18/Apr/2025:12:32:21 +0200] "GET /Jurek/eurofirany/images/469974/0.jpg HTTP/2.0" 200 90603 "-" "baselinker"
51.77.52.107 - - [18/Apr/2025:12:32:25 +0200] "GET /Jurek/eurofirany/images/469974/0.jpg HTTP/2.0" 200 90603 "-" "baselinker"
51.77.52.107 - - [18/Apr/2025:12:32:30 +0200] "GET /Jurek/eurofirany/images/469974/0.jpg HTTP/2.0" 200 90603 "-" "baselinker"
51.77.52.107 - - [18/Apr/2025:12:32:36 +0200] "GET /Jurek/eurofirany/images/469975/0.jpg HTTP/2.0" 200 96670 "-" "baselinker"
51.77.52.107 - - [18/Apr/2025:12:32:41 +0200] "GET /Jurek/eurofirany/images/469975/0.jpg HTTP/2.0" 200 96670 "-" "baselinker"
51.77.52.107 - - [18/Apr/2025:12:32:43 +0200] "GET /Jurek/eurofirany/images/469975/0.jpg HTTP/2.0" 200 96670 "-" "baselinker"
51.77.52.107 - - [18/Apr/2025:12:32:49 +0200] "GET /Jurek/eurofirany/images/469976/0.jpg HTTP/2.0" 200 92171 "-" "baselinker"
89.161.206.59 - - [18/Apr/2025:12:32:50 +0200] "GET /Jurek/sportprise/feeds/sportprise_emagro.xml HTTP/1.0" 200 12727948 "-" "-"
89.161.206.59 - - [18/Apr/2025:12:32:50 +0200] "GET /Jurek/elavia/feeds/elavia_emagro.xml HTTP/1.0" 200 2497429 "-" "-"
89.161.206.59 - - [18/Apr/2025:12:32:50 +0200] "GET /Jurek/cdata/feeds/cdata_emagro.xml HTTP/1.0" 200 1445561 "-" "-"
89.161.206.59 - - [18/Apr/2025:12:32:52 +0200] "GET /Jurek/broers/feeds/broers_emagro.xml HTTP/1.0" 200 1982992 "-" "-"
89.161.206.59 - - [18/Apr/2025:12:32:52 +0200] "GET /Jurek/zbimatyja/feeds/zbimatyja_emagro.xml HTTP/1.0" 200 11671770 "-" "-"
89.161.206.59 - - [18/Apr/2025:12:32:52 +0200] "GET /Jurek/rosfix/feeds/rosfix_emagro.xml HTTP/1.0" 200 35770943 "-" "-"
51.77.52.107 - - [18/Apr/2025:12:32:53 +0200] "GET /Jurek/eurofirany/images/469976/0.jpg HTTP/2.0" 200 92171 "-" "baselinker"
89.161.206.59 - - [18/Apr/2025:12:32:55 +0200] "GET /Jurek/omi/feeds/omi_emagro.xml HTTP/1.0" 200 8106390 "-" "-"
89.161.206.59 - - [18/Apr/2025:12:32:56 +0200] "GET /Jurek/sebmart/feeds/sebmart_emagro.xml HTTP/1.0" 200 1599099 "-" "-"
51.77.52.107 - - [18/Apr/2025:12:32:59 +0200] "GET /Jurek/eurofirany/images/469976/0.jpg HTTP/2.0" 200 92171 "-" "baselinker"
51.77.52.107 - - [18/Apr/2025:12:33:02 +0200] "GET /Jurek/eurofirany/images/469977/0.jpg HTTP/2.0" 200 92040 "-" "baselinker"
51.77.52.107 - - [18/Apr/2025:12:33:07 +0200] "GET /Jurek/eurofirany/images/469977/0.jpg HTTP/2.0" 200 92040 "-" "baselinker"
89.161.206.59 - - [18/Apr/2025:12:33:07 +0200] "GET /Jurek/proadventure/feeds/proadventure_emag.xml HTTP/1.0" 200 10765318 "-" "-"
89.161.206.59 - - [18/Apr/2025:12:33:09 +0200] "GET /Jurek/rems/feeds/rems_emag.xml HTTP/1.0" 200 8706530 "-" "-"
51.77.52.107 - - [18/Apr/2025:12:33:11 +0200] "GET /Jurek/eurofirany/images/469977/0.jpg HTTP/2.0" 200 92040 "-" "baselinker"
51.77.52.107 - - [18/Apr/2025:12:33:26 +0200] "GET /Jurek/eurofirany/images/469978/0.jpg HTTP/2.0" 200 219530 "-" "baselinker"
51.77.52.107 - - [18/Apr/2025:12:33:33 +0200] "GET /Jurek/eurofirany/images/469978/0.jpg HTTP/2.0" 200 219530 "-" "baselinker"
62.146.215.33 - - [18/Apr/2025:12:33:47 +0200] "GET /Jurek/eurofirany/images/383359/0.jpg HTTP/2.0" 200 73387 "-" "billigerbot/1.0"
51.77.52.107 - - [18/Apr/2025:12:33:47 +0200] "GET /Jurek/eurofirany/images/469978/0.jpg HTTP/2.0" 200 219530 "-" "baselinker"
51.77.52.107 - - [18/Apr/2025:12:33:59 +0200] "GET /Jurek/eurofirany/images/470006/0.jpg HTTP/2.0" 200 220315 "-" "baselinker"
51.77.52.107 - - [18/Apr/2025:12:34:04 +0200] "GET /Jurek/eurofirany/images/470006/0.jpg HTTP/2.0" 200 220315 "-" "baselinker"
51.77.52.107 - - [18/Apr/2025:12:34:09 +0200] "GET /Jurek/eurofirany/images/470006/0.jpg HTTP/2.0" 200 220315 "-" "baselinker"
51.77.52.107 - - [18/Apr/2025:12:34:12 +0200] "GET /Jurek/eurofirany/images/470007/0.jpg HTTP/2.0" 200 213436 "-" "baselinker"
51.77.52.107 - - [18/Apr/2025:12:34:26 +0200] "GET /Jurek/eurofirany/images/470007/0.jpg HTTP/2.0" 200 213436 "-" "baselinker"
51.77.52.107 - - [18/Apr/2025:12:34:32 +0200] "GET /Jurek/eurofirany/images/470007/0.jpg HTTP/2.0" 200 213436 "-" "baselinker"
51.77.52.107 - - [18/Apr/2025:12:34:37 +0200] "GET /Jurek/eurofirany/images/470008/0.jpg HTTP/2.0" 200 204542 "-" "baselinker"
51.77.52.107 - - [18/Apr/2025:12:34:42 +0200] "GET /Jurek/eurofirany/images/470008/0.jpg HTTP/2.0" 200 204542 "-" "baselinker"
51.77.52.107 - - [18/Apr/2025:12:34:49 +0200] "GET /Jurek/eurofirany/images/470008/0.jpg HTTP/2.0" 200 204542 "-" "baselinker"
51.77.52.107 - - [18/Apr/2025:12:34:56 +0200] "GET /Jurek/eurofirany/images/470009/0.jpg HTTP/2.0" 200 163481 "-" "baselinker"
85.232.241.194 - - [18/Apr/2025:12:34:58 +0200] "GET /Jurek/bloomglow/feeds/bloomglow_rue.xml HTTP/1.1" 200 14095430 "-" "Python-urllib/3.11"
51.77.52.107 - - [18/Apr/2025:12:35:01 +0200] "GET /Jurek/eurofirany/images/470009/0.jpg HTTP/2.0" 200 163481 "-" "baselinker"
51.77.52.107 - - [18/Apr/2025:12:35:05 +0200] "GET /Jurek/eurofirany/images/470009/0.jpg HTTP/2.0" 200 163481 "-" "baselinker"
85.232.241.194 - - [18/Apr/2025:12:35:07 +0200] "GET /Jurek/stiv/feeds/stiv_xxlutz.xml HTTP/1.1" 200 2056793 "-" "Python-urllib/3.11"
51.77.52.107 - - [18/Apr/2025:12:35:12 +0200] "GET /Jurek/eurofirany/images/470010/0.jpg HTTP/2.0" 200 145505 "-" "baselinker"
51.77.52.107 - - [18/Apr/2025:12:35:16 +0200] "GET /Jurek/eurofirany/images/470010/0.jpg HTTP/2.0" 200 145505 "-" "baselinker"
51.77.52.107 - - [18/Apr/2025:12:35:21 +0200] "GET /Jurek/eurofirany/images/470010/0.jpg HTTP/2.0" 200 145505 "-" "baselinker"
77.79.248.229 - - [18/Apr/2025:12:35:38 +0200] "GET /Jurek/bloomglow/feeds/bloomglow_leroy.xml HTTP/1.1" 200 14095293 "-" "Python-urllib/3.11"
51.77.52.107 - - [18/Apr/2025:12:35:39 +0200] "GET /Jurek/eurofirany/images/470011/0.jpg HTTP/2.0" 200 142506 "-" "baselinker"
51.77.52.107 - - [18/Apr/2025:12:35:44 +0200] "GET /Jurek/eurofirany/images/470011/0.jpg HTTP/2.0" 200 142506 "-" "baselinker"
77.79.248.229 - - [18/Apr/2025:12:35:47 +0200] "GET /Jurek/proadventure/feeds/proadventure_pigu.xml HTTP/1.1" 200 10763467 "-" "Python-urllib/3.11"
77.79.248.229 - - [18/Apr/2025:12:35:47 +0200] "GET /Jurek/proadventure/feeds/proadventure_piguFI.xml HTTP/1.1" 200 10763599 "-" "Python-urllib/3.11"
51.77.52.107 - - [18/Apr/2025:12:35:49 +0200] "GET /Jurek/eurofirany/images/470011/0.jpg HTTP/2.0" 200 142506 "-" "baselinker"
51.77.52.107 - - [18/Apr/2025:12:35:54 +0200] "GET /Jurek/eurofirany/images/470012/0.jpg HTTP/2.0" 200 137437 "-" "baselinker"
193.33.8.61 - - [18/Apr/2025:12:35:57 +0200] "GET /Jurek/amzteam/feeds/amzteam_bol.xml HTTP/2.0" 200 97874 "https://konsola.dkkapusta1997.usermd.net/" "Mozilla/5.0 (Windows NT 10.0; Win64; x64) AppleWebKit/537.36 (KHTML, like Gecko) Chrome/135.0.0.0 Safari/537.36"
51.77.52.107 - - [18/Apr/2025:12:36:00 +0200] "GET /Jurek/eurofirany/images/470012/0.jpg HTTP/2.0" 200 137437 "-" "baselinker"
77.79.248.229 - - [18/Apr/2025:12:36:03 +0200] "GET /Jurek/amzteam/feeds/amzteam_bol.xml HTTP/1.1" 200 97874 "-" "Python-urllib/3.11"
51.77.52.107 - - [18/Apr/2025:12:36:05 +0200] "GET /Jurek/eurofirany/images/470012/0.jpg HTTP/2.0" 200 137437 "-" "baselinker"
85.232.241.194 - - [18/Apr/2025:12:36:10 +0200] "GET /Jurek/kalama/feeds/kalama_worten.xml HTTP/1.1" 200 2661786 "-" "Python-urllib/3.11"
85.232.241.194 - - [18/Apr/2025:12:36:10 +0200] "GET /Jurek/kalama/feeds/kalama_wortenES.xml HTTP/1.1" 200 2661805 "-" "Python-urllib/3.11"
51.77.52.107 - - [18/Apr/2025:12:36:10 +0200] "GET /Jurek/eurofirany/images/464085/0.jpg HTTP/2.0" 200 188112 "-" "baselinker"
85.232.241.194 - - [18/Apr/2025:12:36:11 +0200] "GET /Jurek/bloomglow/feeds/bloomglow_worten.xml HTTP/1.1" 200 14095508 "-" "Python-urllib/3.11"
85.232.241.194 - - [18/Apr/2025:12:36:11 +0200] "GET /Jurek/bloomglow/feeds/bloomglow_wortenES.xml HTTP/1.1" 200 14095548 "-" "Python-urllib/3.11"
89.161.206.59 - - [18/Apr/2025:12:36:21 +0200] "GET /Jurek/fertes/feeds/fertes_emagro.xml HTTP/1.0" 200 2362235 "-" "-"
89.161.206.59 - - [18/Apr/2025:12:36:21 +0200] "GET /Jurek/carbonyway/feeds/carbonyway_emagro.xml HTTP/1.0" 200 3076340 "-" "-"
193.33.8.61 - - [18/Apr/2025:12:36:23 +0200] "GET /Jurek/hurtmeblowy/feeds/hurtmeblowy_bol.xml HTTP/2.0" 200 8514573 "https://konsola.dkkapusta1997.usermd.net/" "Mozilla/5.0 (Windows NT 10.0; Win64; x64) AppleWebKit/537.36 (KHTML, like Gecko) Chrome/135.0.0.0 Safari/537.36"
77.79.248.229 - - [18/Apr/2025:12:36:27 +0200] "GET /Jurek/hurtmeblowy/feeds/hurtmeblowy_bol.xml HTTP/1.1" 200 8514573 "-" "Python-urllib/3.11"
51.77.52.107 - - [18/Apr/2025:12:36:29 +0200] "GET /Jurek/eurofirany/images/464085/0.jpg HTTP/2.0" 200 188112 "-" "baselinker"
77.79.248.229 - - [18/Apr/2025:12:36:33 +0200] "GET /Jurek/rems/feeds/rems_pigu.xml HTTP/1.1" 200 8706240 "-" "Python-urllib/3.11"
77.79.248.229 - - [18/Apr/2025:12:36:33 +0200] "GET /Jurek/rems/feeds/rems_piguFI.xml HTTP/1.1" 200 8706258 "-" "Python-urllib/3.11"
51.77.52.107 - - [18/Apr/2025:12:36:35 +0200] "GET /Jurek/eurofirany/images/464085/0.jpg HTTP/2.0" 200 188112 "-" "baselinker"
51.77.52.107 - - [18/Apr/2025:12:36:41 +0200] "GET /Jurek/eurofirany/images/464089/0.jpg HTTP/2.0" 200 162350 "-" "baselinker"
193.33.8.61 - - [18/Apr/2025:12:36:50 +0200] "GET /Jurek/beltimore/feeds/beltimore_bol.xml HTTP/2.0" 200 9502720 "https://konsola.dkkapusta1997.usermd.net/" "Mozilla/5.0 (Windows NT 10.0; Win64; x64) AppleWebKit/537.36 (KHTML, like Gecko) Chrome/135.0.0.0 Safari/537.36"
77.79.248.229 - - [18/Apr/2025:12:36:51 +0200] "GET /Jurek/beltimore/feeds/beltimore_bol.xml HTTP/1.1" 200 18651024 "-" "Python-urllib/3.11"
51.77.52.107 - - [18/Apr/2025:12:36:53 +0200] "GET /Jurek/eurofirany/images/464089/0.jpg HTTP/2.0" 200 162350 "-" "baselinker"
52.18.22.0 - - [18/Apr/2025:12:36:54 +0200] "GET /marketplaces/worten2/results/worten.csv HTTP/1.1" 200 147217 "-" "Mirakl HttpClient"
89.161.206.59 - - [18/Apr/2025:12:36:56 +0200] "GET /Jurek/waks/feeds/waks_skroutz.xml HTTP/1.0" 200 1596552 "-" "-"
89.161.206.59 - - [18/Apr/2025:12:36:57 +0200] "GET /Jurek/eroplace/feeds/eroplace_skroutz.xml HTTP/1.0" 200 51201363 "-" "-"
89.161.206.59 - - [18/Apr/2025:12:36:59 +0200] "GET /Jurek/fertone/feeds/fertone_skroutz.xml HTTP/1.0" 200 571906 "-" "-"
52.167.144.21 - - [18/Apr/2025:12:37:00 +0200] "GET /convert/?C=M;O=A HTTP/2.0" 200 1655 "-" "Mozilla/5.0 AppleWebKit/537.36 (KHTML, like Gecko; compatible; bingbot/2.0; +http://www.bing.com/bingbot.htm) Chrome/116.0.1938.76 Safari/537.36"
193.33.8.61 - - [18/Apr/2025:12:37:04 +0200] "GET /Jurek/cenoman/feeds/cenoman_bol.xml HTTP/2.0" 200 5993150 "https://konsola.dkkapusta1997.usermd.net/" "Mozilla/5.0 (Windows NT 10.0; Win64; x64) AppleWebKit/537.36 (KHTML, like Gecko) Chrome/135.0.0.0 Safari/537.36"
51.77.52.107 - - [18/Apr/2025:12:37:07 +0200] "GET /Jurek/eurofirany/images/464089/0.jpg HTTP/2.0" 200 162350 "-" "baselinker"
77.79.248.229 - - [18/Apr/2025:12:37:08 +0200] "GET /Jurek/cenoman/feeds/cenoman_bol.xml HTTP/1.1" 200 5993150 "-" "Python-urllib/3.11"
46.101.116.244 - - [18/Apr/2025:12:37:12 +0200] "GET /Jurek/intsell/feeds/intsell_skroutz.xml HTTP/1.0" 200 269821694 "-" "-"
46.101.116.244 - - [18/Apr/2025:12:37:21 +0200] "GET /Jurek/intsell/feeds/intsell_emagro.xml HTTP/1.0" 200 342078912 "-" "-"
51.77.52.107 - - [18/Apr/2025:12:37:23 +0200] "GET /Jurek/eurofirany/images/464094/0.jpg HTTP/2.0" 200 188112 "-" "baselinker"
89.161.206.59 - - [18/Apr/2025:12:37:28 +0200] "GET /Jurek/luxma/feeds/luxma_skroutz.xml HTTP/1.0" 200 4419710 "-" "-"
89.161.206.59 - - [18/Apr/2025:12:37:28 +0200] "GET /Jurek/zepnij/feeds/zepnij_skroutz.xml HTTP/1.0" 200 19522544 "-" "-"
89.161.206.59 - - [18/Apr/2025:12:37:29 +0200] "GET /Jurek/emaja24/feeds/emaja24_skroutz.xml HTTP/1.0" 200 5102097 "-" "-"
89.161.206.59 - - [18/Apr/2025:12:37:30 +0200] "GET /Jurek/madrex/feeds/madrex_skroutz.xml HTTP/1.0" 200 466717 "-" "-"
51.77.52.107 - - [18/Apr/2025:12:37:42 +0200] "GET /Jurek/eurofirany/images/464094/0.jpg HTTP/2.0" 200 188112 "-" "baselinker"
51.77.52.107 - - [18/Apr/2025:12:37:55 +0200] "GET /Jurek/eurofirany/images/464094/0.jpg HTTP/2.0" 200 188112 "-" "baselinker"
51.77.52.107 - - [18/Apr/2025:12:38:07 +0200] "GET /Jurek/eurofirany/images/464103/0.jpg HTTP/2.0" 200 188112 "-" "baselinker"
51.77.52.107 - - [18/Apr/2025:12:38:12 +0200] "GET /Jurek/eurofirany/images/464103/0.jpg HTTP/2.0" 200 188112 "-" "baselinker"
51.77.52.107 - - [18/Apr/2025:12:38:26 +0200] "GET /Jurek/eurofirany/images/464103/0.jpg HTTP/2.0" 200 188112 "-" "baselinker"
51.77.52.107 - - [18/Apr/2025:12:38:39 +0200] "GET /Jurek/eurofirany/images/464107/0.jpg HTTP/2.0" 200 162350 "-" "baselinker"
51.77.52.107 - - [18/Apr/2025:12:38:51 +0200] "GET /Jurek/eurofirany/images/464107/0.jpg HTTP/2.0" 200 162350 "-" "baselinker"
51.77.52.107 - - [18/Apr/2025:12:38:56 +0200] "GET /Jurek/eurofirany/images/464107/0.jpg HTTP/2.0" 200 162350 "-" "baselinker"
51.77.52.107 - - [18/Apr/2025:12:39:01 +0200] "GET /Jurek/eurofirany/images/469593/0.jpg HTTP/2.0" 200 201159 "-" "baselinker"
51.77.52.107 - - [18/Apr/2025:12:39:06 +0200] "GET /Jurek/eurofirany/images/469593/0.jpg HTTP/2.0" 200 201159 "-" "baselinker"
51.77.52.107 - - [18/Apr/2025:12:39:11 +0200] "GET /Jurek/eurofirany/images/469593/0.jpg HTTP/2.0" 200 201159 "-" "baselinker"
51.77.52.107 - - [18/Apr/2025:12:39:25 +0200] "GET /Jurek/eurofirany/images/469594/0.jpg HTTP/2.0" 200 201159 "-" "baselinker"
51.77.52.107 - - [18/Apr/2025:12:39:30 +0200] "GET /Jurek/eurofirany/images/469594/0.jpg HTTP/2.0" 200 201159 "-" "baselinker"
51.77.52.107 - - [18/Apr/2025:12:39:45 +0200] "GET /Jurek/eurofirany/images/469594/0.jpg HTTP/2.0" 200 201159 "-" "baselinker"
51.77.52.107 - - [18/Apr/2025:12:39:59 +0200] "GET /Jurek/eurofirany/images/469595/0.jpg HTTP/2.0" 200 201159 "-" "baselinker"
77.79.248.229 - - [18/Apr/2025:12:40:05 +0200] "GET /Jurek/lerutrade/feeds/lerutrade_pigu.xml HTTP/1.1" 200 82823 "-" "Python-urllib/3.11"
77.79.248.229 - - [18/Apr/2025:12:40:05 +0200] "GET /Jurek/lerutrade/feeds/lerutrade_piguFI.xml HTTP/1.1" 200 82823 "-" "Python-urllib/3.11"
51.77.52.107 - - [18/Apr/2025:12:40:12 +0200] "GET /Jurek/eurofirany/images/469595/0.jpg HTTP/2.0" 200 201159 "-" "baselinker"
51.77.52.107 - - [18/Apr/2025:12:40:25 +0200] "GET /Jurek/eurofirany/images/469595/0.jpg HTTP/2.0" 200 201159 "-" "baselinker"
51.77.52.107 - - [18/Apr/2025:12:40:35 +0200] "GET /Jurek/eurofirany/images/467999/0.jpg HTTP/2.0" 200 89991 "-" "baselinker"
51.77.52.107 - - [18/Apr/2025:12:40:48 +0200] "GET /Jurek/eurofirany/images/467999/0.jpg HTTP/2.0" 200 89991 "-" "baselinker"
51.77.52.107 - - [18/Apr/2025:12:41:07 +0200] "GET /Jurek/eurofirany/images/467999/0.jpg HTTP/2.0" 200 89991 "-" "baselinker"
89.161.206.59 - - [18/Apr/2025:12:41:08 +0200] "GET /Jurek/antiodor/feeds/antiodor_emagro.xml HTTP/1.0" 200 137836 "-" "-"
51.77.52.107 - - [18/Apr/2025:12:41:22 +0200] "GET /Jurek/eurofirany/images/470016/0.jpg HTTP/2.0" 200 146090 "-" "baselinker"
77.79.248.229 - - [18/Apr/2025:12:41:31 +0200] "GET /Jurek/hurtownia_przemyslowa/feeds/hp_piguex.xml HTTP/1.1" 200 41375845 "-" "Python-urllib/3.11"
77.79.248.229 - - [18/Apr/2025:12:41:32 +0200] "GET /Jurek/hurtownia_przemyslowa/feeds/hp_piguexFI.xml HTTP/1.1" 200 41376555 "-" "Python-urllib/3.11"
77.79.248.229 - - [18/Apr/2025:12:41:32 +0200] "GET /Jurek/hurtownia_przemyslowa/feeds/hp_piguex.xml HTTP/1.1" 200 41375845 "-" "Python-urllib/3.11"
77.79.248.229 - - [18/Apr/2025:12:41:33 +0200] "GET /Jurek/hurtownia_przemyslowa/feeds/hp_piguex.xml HTTP/1.1" 200 41375845 "-" "Python-urllib/3.11"
77.79.248.229 - - [18/Apr/2025:12:41:33 +0200] "GET /Jurek/topeshop/feeds/topeshop_piguEX.xml HTTP/1.1" 200 2682244 "-" "Python-urllib/3.11"
77.79.248.229 - - [18/Apr/2025:12:41:33 +0200] "GET /Jurek/topeshop/feeds/topeshop_piguFIEX.xml HTTP/1.1" 200 2682296 "-" "Python-urllib/3.11"
77.79.248.229 - - [18/Apr/2025:12:41:33 +0200] "GET /Jurek/topeshop/feeds/topeshop_piguEX.xml HTTP/1.1" 200 2682244 "-" "Python-urllib/3.11"
77.79.248.229 - - [18/Apr/2025:12:41:34 +0200] "GET /Jurek/topeshop/feeds/topeshop_piguEX.xml HTTP/1.1" 200 2682244 "-" "Python-urllib/3.11"
77.79.248.229 - - [18/Apr/2025:12:41:35 +0200] "GET /Jurek/awparts/feeds/awparts_piguEX.xml HTTP/1.1" 200 142241418 "-" "Python-urllib/3.11"
77.79.248.229 - - [18/Apr/2025:12:41:36 +0200] "GET /Jurek/awparts/feeds/awparts_pigufiEX.xml HTTP/1.1" 200 142245604 "-" "Python-urllib/3.11"
51.77.52.107 - - [18/Apr/2025:12:41:37 +0200] "GET /Jurek/eurofirany/images/470016/0.jpg HTTP/2.0" 200 146090 "-" "baselinker"
77.79.248.229 - - [18/Apr/2025:12:41:38 +0200] "GET /Jurek/awparts/feeds/awparts_piguEX.xml HTTP/1.1" 200 142241418 "-" "Python-urllib/3.11"
77.79.248.229 - - [18/Apr/2025:12:41:39 +0200] "GET /Jurek/awparts/feeds/awparts_piguEX.xml HTTP/1.1" 200 142241418 "-" "Python-urllib/3.11"
77.79.248.229 - - [18/Apr/2025:12:41:40 +0200] "GET /Jurek/expertauto/feeds/expertauto_piguEX.xml HTTP/1.1" 200 1158934 "-" "Python-urllib/3.11"
77.79.248.229 - - [18/Apr/2025:12:41:40 +0200] "GET /Jurek/expertauto/feeds/expertauto_pigufiEX.xml HTTP/1.1" 200 1158937 "-" "Python-urllib/3.11"
77.79.248.229 - - [18/Apr/2025:12:41:40 +0200] "GET /Jurek/expertauto/feeds/expertauto_piguEX.xml HTTP/1.1" 200 1158934 "-" "Python-urllib/3.11"
77.79.248.229 - - [18/Apr/2025:12:41:40 +0200] "GET /Jurek/expertauto/feeds/expertauto_piguEX.xml HTTP/1.1" 200 1158934 "-" "Python-urllib/3.11"
77.79.248.229 - - [18/Apr/2025:12:41:40 +0200] "GET /Jurek/rider/feeds/rider_piguEX.xml HTTP/1.1" 200 8165184 "-" "Python-urllib/3.11"
77.79.248.229 - - [18/Apr/2025:12:41:40 +0200] "GET /Jurek/rider/feeds/rider_pigufiEX.xml HTTP/1.1" 200 8165239 "-" "Python-urllib/3.11"
77.79.248.229 - - [18/Apr/2025:12:41:40 +0200] "GET /Jurek/rider/feeds/rider_piguEX.xml HTTP/1.1" 200 8165184 "-" "Python-urllib/3.11"
77.79.248.229 - - [18/Apr/2025:12:41:40 +0200] "GET /Jurek/rider/feeds/rider_piguEX.xml HTTP/1.1" 200 8165184 "-" "Python-urllib/3.11"
51.77.52.107 - - [18/Apr/2025:12:41:41 +0200] "GET /Jurek/eurofirany/images/470016/0.jpg HTTP/2.0" 200 146090 "-" "baselinker"
51.77.52.107 - - [18/Apr/2025:12:41:48 +0200] "GET /Jurek/eurofirany/images/470017/0.jpg HTTP/2.0" 200 179140 "-" "baselinker"
77.79.248.229 - - [18/Apr/2025:12:41:48 +0200] "GET /Jurek/naszedzieci/feeds/naszedzieci_piguEX.xml HTTP/1.1" 200 833176709 "-" "Python-urllib/3.11"
89.161.206.59 - - [18/Apr/2025:12:41:51 +0200] "GET /Jurek/topeshop/feeds/topeshop_cdsc.xml HTTP/1.0" 200 2698766 "-" "-"
89.161.206.59 - - [18/Apr/2025:12:41:55 +0200] "GET /Jurek/kinghoff/feeds/kinghoff_cdiscount.xml HTTP/1.0" 200 7412375 "-" "-"
89.161.206.59 - - [18/Apr/2025:12:41:55 +0200] "GET /Jurek/techrebal/feeds/techrebal_cdsc.xml HTTP/1.0" 200 1423354 "-" "-"
77.79.248.229 - - [18/Apr/2025:12:41:56 +0200] "GET /Jurek/naszedzieci/feeds/naszedzieci_pigufiEX.xml HTTP/1.1" 200 833184659 "-" "Python-urllib/3.11"
89.161.206.59 - - [18/Apr/2025:12:41:56 +0200] "GET /Jurek/zbimatyja/feeds/zbimatyja_cdsc.xml HTTP/1.0" 200 11000857 "-" "-"
89.161.206.59 - - [18/Apr/2025:12:41:57 +0200] "GET /Jurek/broers/feeds/broers_cdsc.xml HTTP/1.0" 200 2303261 "-" "-"
89.161.206.59 - - [18/Apr/2025:12:41:57 +0200] "GET /Jurek/nonabox/feeds/nonabox_cdsc.xml HTTP/1.0" 200 39042 "-" "-"
89.161.206.59 - - [18/Apr/2025:12:41:57 +0200] "GET /Jurek/lampart/feeds/lampart_cdsc.xml HTTP/1.0" 200 1057917 "-" "-"
89.161.206.59 - - [18/Apr/2025:12:41:58 +0200] "GET /Jurek/regis/feeds/regis_cdsc.xml HTTP/1.0" 200 231424 "-" "-"
89.161.206.59 - - [18/Apr/2025:12:41:58 +0200] "GET /Jurek/stiv/feeds/stiv_cdsc.xml HTTP/1.0" 200 1348032 "-" "-"
89.161.206.59 - - [18/Apr/2025:12:41:58 +0200] "GET /Jurek/takapara/feeds/takapara_cdsc.xml HTTP/1.0" 200 1399152 "-" "-"
89.161.206.59 - - [18/Apr/2025:12:41:59 +0200] "GET /Jurek/hanex/feeds/hanex_cdsc.xml HTTP/1.0" 200 7027239 "-" "-"
51.77.52.107 - - [18/Apr/2025:12:42:02 +0200] "GET /Jurek/eurofirany/images/470017/0.jpg HTTP/2.0" 200 179140 "-" "baselinker"
77.79.248.229 - - [18/Apr/2025:12:42:04 +0200] "GET /Jurek/naszedzieci/feeds/naszedzieci_piguEX.xml HTTP/1.1" 200 833176709 "-" "Python-urllib/3.11"
51.77.52.107 - - [18/Apr/2025:12:42:08 +0200] "GET /Jurek/eurofirany/images/470017/0.jpg HTTP/2.0" 200 179140 "-" "baselinker"
77.79.248.229 - - [18/Apr/2025:12:42:12 +0200] "GET /Jurek/naszedzieci/feeds/naszedzieci_piguEX.xml HTTP/1.1" 200 833176709 "-" "Python-urllib/3.11"
77.79.248.229 - - [18/Apr/2025:12:42:12 +0200] "GET /Jurek/dekoele/feeds/dekoele_piguEX.xml HTTP/1.1" 200 733940 "-" "Python-urllib/3.11"
77.79.248.229 - - [18/Apr/2025:12:42:12 +0200] "GET /Jurek/dekoele/feeds/dekoele_pigufiEX.xml HTTP/1.1" 200 733937 "-" "Python-urllib/3.11"
77.79.248.229 - - [18/Apr/2025:12:42:12 +0200] "GET /Jurek/dekoele/feeds/dekoele_piguEX.xml HTTP/1.1" 200 733940 "-" "Python-urllib/3.11"
77.79.248.229 - - [18/Apr/2025:12:42:12 +0200] "GET /Jurek/dekoele/feeds/dekoele_piguEX.xml HTTP/1.1" 200 733940 "-" "Python-urllib/3.11"
77.79.248.229 - - [18/Apr/2025:12:42:12 +0200] "GET /Jurek/zepnij/feeds/zepnij_piguEX.xml HTTP/1.1" 200 19522799 "-" "Python-urllib/3.11"
77.79.248.229 - - [18/Apr/2025:12:42:13 +0200] "GET /Jurek/zepnij/feeds/zepnij_piguFIEX.xml HTTP/1.1" 200 19522481 "-" "Python-urllib/3.11"
77.79.248.229 - - [18/Apr/2025:12:42:13 +0200] "GET /Jurek/zepnij/feeds/zepnij_piguEX.xml HTTP/1.1" 200 19522799 "-" "Python-urllib/3.11"
77.79.248.229 - - [18/Apr/2025:12:42:13 +0200] "GET /Jurek/zepnij/feeds/zepnij_piguEX.xml HTTP/1.1" 200 19522799 "-" "Python-urllib/3.11"
77.79.248.229 - - [18/Apr/2025:12:42:13 +0200] "GET /Jurek/drewdon/feeds/drewdon_piguEX.xml HTTP/1.1" 200 504453 "-" "Python-urllib/3.11"
77.79.248.229 - - [18/Apr/2025:12:42:13 +0200] "GET /Jurek/drewdon/feeds/drewdon_pigufiEX.xml HTTP/1.1" 200 504445 "-" "Python-urllib/3.11"
77.79.248.229 - - [18/Apr/2025:12:42:13 +0200] "GET /Jurek/drewdon/feeds/drewdon_piguEX.xml HTTP/1.1" 200 504453 "-" "Python-urllib/3.11"
77.79.248.229 - - [18/Apr/2025:12:42:13 +0200] "GET /Jurek/drewdon/feeds/drewdon_piguEX.xml HTTP/1.1" 200 504453 "-" "Python-urllib/3.11"
51.77.52.107 - - [18/Apr/2025:12:42:14 +0200] "GET /Jurek/eurofirany/images/470018/0.jpg HTTP/2.0" 200 208168 "-" "baselinker"
77.79.248.229 - - [18/Apr/2025:12:42:14 +0200] "GET /Jurek/luxma/feeds/luxma_piguEX.xml HTTP/1.1" 200 8058467 "-" "Python-urllib/3.11"
77.79.248.229 - - [18/Apr/2025:12:42:14 +0200] "GET /Jurek/luxma/feeds/luxma_pigufiEX.xml HTTP/1.1" 200 8058628 "-" "Python-urllib/3.11"
77.79.248.229 - - [18/Apr/2025:12:42:14 +0200] "GET /Jurek/luxma/feeds/luxma_piguEX.xml HTTP/1.1" 200 8058467 "-" "Python-urllib/3.11"
77.79.248.229 - - [18/Apr/2025:12:42:14 +0200] "GET /Jurek/luxma/feeds/luxma_piguEX.xml HTTP/1.1" 200 8058467 "-" "Python-urllib/3.11"
77.79.248.229 - - [18/Apr/2025:12:42:14 +0200] "GET /Jurek/emaja24/feeds/emaja24_piguEX.xml HTTP/1.1" 200 5109874 "-" "Python-urllib/3.11"
77.79.248.229 - - [18/Apr/2025:12:42:14 +0200] "GET /Jurek/emaja24/feeds/emaja24_pigufiEX.xml HTTP/1.1" 200 5109847 "-" "Python-urllib/3.11"
77.79.248.229 - - [18/Apr/2025:12:42:14 +0200] "GET /Jurek/emaja24/feeds/emaja24_piguEX.xml HTTP/1.1" 200 5109874 "-" "Python-urllib/3.11"
77.79.248.229 - - [18/Apr/2025:12:42:14 +0200] "GET /Jurek/emaja24/feeds/emaja24_piguEX.xml HTTP/1.1" 200 5109874 "-" "Python-urllib/3.11"
77.79.248.229 - - [18/Apr/2025:12:42:15 +0200] "GET /Jurek/domzapachy/feeds/domzapachy_piguEX.xml HTTP/1.1" 200 179761 "-" "Python-urllib/3.11"
77.79.248.229 - - [18/Apr/2025:12:42:15 +0200] "GET /Jurek/domzapachy/feeds/domzapachy_pigufiEX.xml HTTP/1.1" 200 179761 "-" "Python-urllib/3.11"
77.79.248.229 - - [18/Apr/2025:12:42:15 +0200] "GET /Jurek/domzapachy/feeds/domzapachy_piguEX.xml HTTP/1.1" 200 179761 "-" "Python-urllib/3.11"
77.79.248.229 - - [18/Apr/2025:12:42:15 +0200] "GET /Jurek/domzapachy/feeds/domzapachy_piguEX.xml HTTP/1.1" 200 179761 "-" "Python-urllib/3.11"
77.79.248.229 - - [18/Apr/2025:12:42:15 +0200] "GET /Jurek/madrex/feeds/madrex_piguEX.xml HTTP/1.1" 200 466710 "-" "Python-urllib/3.11"
77.79.248.229 - - [18/Apr/2025:12:42:15 +0200] "GET /Jurek/madrex/feeds/madrex_pigufiEX.xml HTTP/1.1" 200 466720 "-" "Python-urllib/3.11"
77.79.248.229 - - [18/Apr/2025:12:42:15 +0200] "GET /Jurek/madrex/feeds/madrex_piguEX.xml HTTP/1.1" 200 466710 "-" "Python-urllib/3.11"
77.79.248.229 - - [18/Apr/2025:12:42:15 +0200] "GET /Jurek/madrex/feeds/madrex_piguEX.xml HTTP/1.1" 200 466710 "-" "Python-urllib/3.11"
77.79.248.229 - - [18/Apr/2025:12:42:15 +0200] "GET /Jurek/twojsklep/feeds/twojsklep_piguEX.xml HTTP/1.1" 200 126799 "-" "Python-urllib/3.11"
77.79.248.229 - - [18/Apr/2025:12:42:15 +0200] "GET /Jurek/twojsklep/feeds/twojsklep_pigufiEX.xml HTTP/1.1" 200 126799 "-" "Python-urllib/3.11"
77.79.248.229 - - [18/Apr/2025:12:42:15 +0200] "GET /Jurek/twojsklep/feeds/twojsklep_piguEX.xml HTTP/1.1" 200 126799 "-" "Python-urllib/3.11"
77.79.248.229 - - [18/Apr/2025:12:42:15 +0200] "GET /Jurek/twojsklep/feeds/twojsklep_piguEX.xml HTTP/1.1" 200 126799 "-" "Python-urllib/3.11"
77.79.248.229 - - [18/Apr/2025:12:42:15 +0200] "GET /Jurek/motofan/feeds/motofan_piguEX.xml HTTP/1.1" 200 2392082 "-" "Python-urllib/3.11"
77.79.248.229 - - [18/Apr/2025:12:42:15 +0200] "GET /Jurek/motofan/feeds/motofan_pigufiEX.xml HTTP/1.1" 200 2392085 "-" "Python-urllib/3.11"
77.79.248.229 - - [18/Apr/2025:12:42:15 +0200] "GET /Jurek/motofan/feeds/motofan_piguEX.xml HTTP/1.1" 200 2392082 "-" "Python-urllib/3.11"
77.79.248.229 - - [18/Apr/2025:12:42:16 +0200] "GET /Jurek/motofan/feeds/motofan_piguEX.xml HTTP/1.1" 200 2392082 "-" "Python-urllib/3.11"
77.79.248.229 - - [18/Apr/2025:12:42:16 +0200] "GET /Jurek/antiodor/feeds/antiodor_piguEX.xml HTTP/1.1" 200 137788 "-" "Python-urllib/3.11"
77.79.248.229 - - [18/Apr/2025:12:42:16 +0200] "GET /Jurek/antiodor/feeds/antiodor_pigufiEX.xml HTTP/1.1" 200 137782 "-" "Python-urllib/3.11"
77.79.248.229 - - [18/Apr/2025:12:42:16 +0200] "GET /Jurek/antiodor/feeds/antiodor_piguEX.xml HTTP/1.1" 200 137788 "-" "Python-urllib/3.11"
77.79.248.229 - - [18/Apr/2025:12:42:16 +0200] "GET /Jurek/antiodor/feeds/antiodor_piguEX.xml HTTP/1.1" 200 137788 "-" "Python-urllib/3.11"
77.79.248.229 - - [18/Apr/2025:12:42:16 +0200] "GET /Jurek/qbox/feeds/qbox_piguEX.xml HTTP/1.1" 200 398477 "-" "Python-urllib/3.11"
77.79.248.229 - - [18/Apr/2025:12:42:16 +0200] "GET /Jurek/qbox/feeds/qbox_pigufiEX.xml HTTP/1.1" 200 398486 "-" "Python-urllib/3.11"
77.79.248.229 - - [18/Apr/2025:12:42:16 +0200] "GET /Jurek/qbox/feeds/qbox_piguEX.xml HTTP/1.1" 200 398477 "-" "Python-urllib/3.11"
77.79.248.229 - - [18/Apr/2025:12:42:16 +0200] "GET /Jurek/qbox/feeds/qbox_piguEX.xml HTTP/1.1" 200 398477 "-" "Python-urllib/3.11"
77.79.248.229 - - [18/Apr/2025:12:42:16 +0200] "GET /Jurek/wenom/feeds/wenom_piguEX.xml HTTP/1.1" 200 583070 "-" "Python-urllib/3.11"
77.79.248.229 - - [18/Apr/2025:12:42:16 +0200] "GET /Jurek/wenom/feeds/wenom_pigufiEX.xml HTTP/1.1" 200 583071 "-" "Python-urllib/3.11"
77.79.248.229 - - [18/Apr/2025:12:42:16 +0200] "GET /Jurek/wenom/feeds/wenom_piguEX.xml HTTP/1.1" 200 583070 "-" "Python-urllib/3.11"
77.79.248.229 - - [18/Apr/2025:12:42:16 +0200] "GET /Jurek/wenom/feeds/wenom_piguEX.xml HTTP/1.1" 200 583070 "-" "Python-urllib/3.11"
77.79.248.229 - - [18/Apr/2025:12:42:16 +0200] "GET /Jurek/evil/feeds/evil_piguEX.xml HTTP/1.1" 200 306388 "-" "Python-urllib/3.11"
77.79.248.229 - - [18/Apr/2025:12:42:16 +0200] "GET /Jurek/evil/feeds/evil_pigufiEX.xml HTTP/1.1" 200 306388 "-" "Python-urllib/3.11"
77.79.248.229 - - [18/Apr/2025:12:42:16 +0200] "GET /Jurek/evil/feeds/evil_piguEX.xml HTTP/1.1" 200 306388 "-" "Python-urllib/3.11"
77.79.248.229 - - [18/Apr/2025:12:42:17 +0200] "GET /Jurek/evil/feeds/evil_piguEX.xml HTTP/1.1" 200 306388 "-" "Python-urllib/3.11"
77.79.248.229 - - [18/Apr/2025:12:42:17 +0200] "GET /Jurek/kobi/feeds/kobi_piguEX.xml HTTP/1.1" 200 1992510 "-" "Python-urllib/3.11"
77.79.248.229 - - [18/Apr/2025:12:42:17 +0200] "GET /Jurek/kobi/feeds/kobi_pigufiEX.xml HTTP/1.1" 200 1992514 "-" "Python-urllib/3.11"
77.79.248.229 - - [18/Apr/2025:12:42:17 +0200] "GET /Jurek/kobi/feeds/kobi_piguEX.xml HTTP/1.1" 200 1992510 "-" "Python-urllib/3.11"
77.79.248.229 - - [18/Apr/2025:12:42:17 +0200] "GET /Jurek/kobi/feeds/kobi_piguEX.xml HTTP/1.1" 200 1992510 "-" "Python-urllib/3.11"
