34.72.247.156 - - [18/Apr/2025:11:01:22 +0200] "GET /Jurek/eurofirany/images/383267/1.jpg HTTP/1.1" 200 80421 "-" "Mozilla/5.0 (X11; Linux x86_64) AppleWebKit/537.36 (KHTML, like Gecko) Chrome/110.0.0.0 Safari/537.36"
34.72.247.156 - - [18/Apr/2025:11:01:23 +0200] "GET /Jurek/eurofirany/images/383264/0.jpg HTTP/1.1" 200 81569 "-" "Mozilla/5.0 (X11; Linux x86_64) AppleWebKit/537.36 (KHTML, like Gecko) Chrome/110.0.0.0 Safari/537.36"
34.133.239.145 - - [18/Apr/2025:11:01:23 +0200] "GET /Jurek/eurofirany/images/383267/2.jpg HTTP/1.1" 200 52890 "-" "Mozilla/5.0 (X11; Linux x86_64) AppleWebKit/537.36 (KHTML, like Gecko) Chrome/110.0.0.0 Safari/537.36"
142.147.108.100 - - [18/Apr/2025:11:01:23 +0200] "GET /Jurek/eurofirany/images/383061/3.jpg HTTP/2.0" 200 6595 "-" "Mozilla/5.0 (X11; Linux x86_64) AppleWebKit/537.36 (KHTML, like Gecko) Chrome/110.0.0.0 Safari/537.36"
34.133.239.145 - - [18/Apr/2025:11:01:24 +0200] "GET /Jurek/eurofirany/images/383267/3.jpg HTTP/1.1" 200 36375 "-" "Mozilla/5.0 (X11; Linux x86_64) AppleWebKit/537.36 (KHTML, like Gecko) Chrome/110.0.0.0 Safari/537.36"
158.62.217.163 - - [18/Apr/2025:11:01:24 +0200] "GET /Jurek/eurofirany/images/383060/3.jpg HTTP/2.0" 200 6595 "-" "Mozilla/5.0 (X11; Linux x86_64) AppleWebKit/537.36 (KHTML, like Gecko) Chrome/110.0.0.0 Safari/537.36"
34.133.239.145 - - [18/Apr/2025:11:01:24 +0200] "GET /Jurek/eurofirany/images/383267/4.jpg HTTP/1.1" 200 6595 "-" "Mozilla/5.0 (X11; Linux x86_64) AppleWebKit/537.36 (KHTML, like Gecko) Chrome/110.0.0.0 Safari/537.36"
209.163.119.61 - - [18/Apr/2025:11:01:24 +0200] "GET /Jurek/eurofirany/images/383265/4.jpg HTTP/2.0" 200 6595 "-" "Mozilla/5.0 (X11; Linux x86_64) AppleWebKit/537.36 (KHTML, like Gecko) Chrome/110.0.0.0 Safari/537.36"
34.133.239.145 - - [18/Apr/2025:11:01:26 +0200] "GET /Jurek/eurofirany/images/383265/0.jpg HTTP/1.1" 200 81569 "-" "Mozilla/5.0 (X11; Linux x86_64) AppleWebKit/537.36 (KHTML, like Gecko) Chrome/110.0.0.0 Safari/537.36"
167.160.79.125 - - [18/Apr/2025:11:01:26 +0200] "GET /Jurek/eurofirany/images/383057/3.jpg HTTP/2.0" 200 6595 "-" "Mozilla/5.0 (X11; Linux x86_64) AppleWebKit/537.36 (KHTML, like Gecko) Chrome/110.0.0.0 Safari/537.36"
35.204.39.32 - - [18/Apr/2025:11:01:26 +0200] "GET /marketplaces/vente/results/vente_nl.csv HTTP/1.1" 200 147219 "-" "Mirakl HttpClient"
35.204.39.32 - - [18/Apr/2025:11:01:27 +0200] "GET /marketplaces/vente/results/vente_fr.csv HTTP/1.1" 200 147219 "-" "Mirakl HttpClient"
35.204.39.32 - - [18/Apr/2025:11:01:27 +0200] "GET /marketplaces/vente/results/vente_be.csv HTTP/1.1" 200 163603 "-" "Mirakl HttpClient"
35.204.39.32 - - [18/Apr/2025:11:01:27 +0200] "GET /marketplaces/vente/results/vente_it.csv HTTP/1.1" 200 147219 "-" "Mirakl HttpClient"
35.204.39.32 - - [18/Apr/2025:11:01:27 +0200] "GET /marketplaces/vente/results/vente_es.csv HTTP/1.1" 200 147219 "-" "Mirakl HttpClient"
34.72.247.156 - - [18/Apr/2025:11:01:27 +0200] "GET /Jurek/eurofirany/images/383267/4.jpg HTTP/1.1" 200 6595 "-" "Mozilla/5.0 (X11; Linux x86_64) AppleWebKit/537.36 (KHTML, like Gecko) Chrome/110.0.0.0 Safari/537.36"
35.204.39.32 - - [18/Apr/2025:11:01:27 +0200] "GET /marketplaces/vente/results/vente_de.csv HTTP/1.1" 200 163603 "-" "Mirakl HttpClient"
34.72.247.156 - - [18/Apr/2025:11:01:27 +0200] "GET /Jurek/eurofirany/images/383057/0.jpg HTTP/1.1" 200 69046 "-" "Mozilla/5.0 (X11; Linux x86_64) AppleWebKit/537.36 (KHTML, like Gecko) Chrome/110.0.0.0 Safari/537.36"
209.163.118.69 - - [18/Apr/2025:11:01:29 +0200] "GET /Jurek/eurofirany/images/383062/3.jpg HTTP/2.0" 200 6595 "-" "Mozilla/5.0 (X11; Linux x86_64) AppleWebKit/537.36 (KHTML, like Gecko) Chrome/110.0.0.0 Safari/537.36"
199.34.89.117 - - [18/Apr/2025:11:01:30 +0200] "GET /Jurek/eurofirany/images/383266/4.jpg HTTP/2.0" 200 6595 "-" "Mozilla/5.0 (X11; Linux x86_64) AppleWebKit/537.36 (KHTML, like Gecko) Chrome/110.0.0.0 Safari/537.36"
34.133.239.145 - - [18/Apr/2025:11:01:30 +0200] "GET /Jurek/eurofirany/images/383266/0.jpg HTTP/1.1" 200 81569 "-" "Mozilla/5.0 (X11; Linux x86_64) AppleWebKit/537.36 (KHTML, like Gecko) Chrome/110.0.0.0 Safari/537.36"
34.72.247.156 - - [18/Apr/2025:11:01:32 +0200] "GET /Jurek/eurofirany/images/383267/4.jpg HTTP/1.1" 200 6595 "-" "Mozilla/5.0 (X11; Linux x86_64) AppleWebKit/537.36 (KHTML, like Gecko) Chrome/110.0.0.0 Safari/537.36"
149.20.240.132 - - [18/Apr/2025:11:01:33 +0200] "GET /Jurek/eurofirany/images/383061/3.jpg HTTP/2.0" 200 6595 "-" "Mozilla/5.0 (X11; Linux x86_64) AppleWebKit/537.36 (KHTML, like Gecko) Chrome/110.0.0.0 Safari/537.36"
46.101.116.244 - - [18/Apr/2025:11:01:33 +0200] "GET /Jurek/aw/feeds/aw_fnacfr.xml HTTP/1.0" 404 3551 "-" "-"
149.20.245.126 - - [18/Apr/2025:11:01:33 +0200] "GET /Jurek/eurofirany/images/383060/3.jpg HTTP/2.0" 200 6595 "-" "Mozilla/5.0 (X11; Linux x86_64) AppleWebKit/537.36 (KHTML, like Gecko) Chrome/110.0.0.0 Safari/537.36"
34.133.239.145 - - [18/Apr/2025:11:01:33 +0200] "GET /Jurek/eurofirany/images/383346/6.jpg HTTP/1.1" 200 80944 "-" "Mozilla/5.0 (X11; Linux x86_64) AppleWebKit/537.36 (KHTML, like Gecko) Chrome/110.0.0.0 Safari/537.36"
34.133.239.145 - - [18/Apr/2025:11:01:33 +0200] "GET /Jurek/eurofirany/images/383060/0.jpg HTTP/1.1" 200 77181 "-" "Mozilla/5.0 (X11; Linux x86_64) AppleWebKit/537.36 (KHTML, like Gecko) Chrome/110.0.0.0 Safari/537.36"
34.133.239.145 - - [18/Apr/2025:11:01:34 +0200] "GET /Jurek/eurofirany/images/383346/7.jpg HTTP/1.1" 200 36843 "-" "Mozilla/5.0 (X11; Linux x86_64) AppleWebKit/537.36 (KHTML, like Gecko) Chrome/110.0.0.0 Safari/537.36"
34.72.247.156 - - [18/Apr/2025:11:01:34 +0200] "GET /Jurek/eurofirany/images/383346/1.jpg HTTP/1.1" 200 75870 "-" "Mozilla/5.0 (X11; Linux x86_64) AppleWebKit/537.36 (KHTML, like Gecko) Chrome/110.0.0.0 Safari/537.36"
34.72.247.156 - - [18/Apr/2025:11:01:35 +0200] "GET /Jurek/eurofirany/images/383347/7.jpg HTTP/1.1" 200 36843 "-" "Mozilla/5.0 (X11; Linux x86_64) AppleWebKit/537.36 (KHTML, like Gecko) Chrome/110.0.0.0 Safari/537.36"
142.147.108.80 - - [18/Apr/2025:11:01:36 +0200] "GET /Jurek/eurofirany/images/383059/3.jpg HTTP/2.0" 200 6595 "-" "Mozilla/5.0 (X11; Linux x86_64) AppleWebKit/537.36 (KHTML, like Gecko) Chrome/110.0.0.0 Safari/537.36"
34.133.239.145 - - [18/Apr/2025:11:01:36 +0200] "GET /Jurek/eurofirany/images/383347/1.jpg HTTP/1.1" 200 75861 "-" "Mozilla/5.0 (X11; Linux x86_64) AppleWebKit/537.36 (KHTML, like Gecko) Chrome/110.0.0.0 Safari/537.36"
34.133.239.145 - - [18/Apr/2025:11:01:36 +0200] "GET /Jurek/eurofirany/images/383059/0.jpg HTTP/1.1" 200 77181 "-" "Mozilla/5.0 (X11; Linux x86_64) AppleWebKit/537.36 (KHTML, like Gecko) Chrome/110.0.0.0 Safari/537.36"
34.72.247.156 - - [18/Apr/2025:11:01:36 +0200] "GET /Jurek/eurofirany/images/383061/0.jpg HTTP/1.1" 200 77181 "-" "Mozilla/5.0 (X11; Linux x86_64) AppleWebKit/537.36 (KHTML, like Gecko) Chrome/110.0.0.0 Safari/537.36"
34.133.239.145 - - [18/Apr/2025:11:01:36 +0200] "GET /Jurek/eurofirany/images/383347/2.jpg HTTP/1.1" 200 51506 "-" "Mozilla/5.0 (X11; Linux x86_64) AppleWebKit/537.36 (KHTML, like Gecko) Chrome/110.0.0.0 Safari/537.36"
34.133.239.145 - - [18/Apr/2025:11:01:37 +0200] "GET /Jurek/eurofirany/images/383347/3.jpg HTTP/1.1" 200 41294 "-" "Mozilla/5.0 (X11; Linux x86_64) AppleWebKit/537.36 (KHTML, like Gecko) Chrome/110.0.0.0 Safari/537.36"
34.133.239.145 - - [18/Apr/2025:11:01:37 +0200] "GET /Jurek/eurofirany/images/383347/4.jpg HTTP/1.1" 200 6595 "-" "Mozilla/5.0 (X11; Linux x86_64) AppleWebKit/537.36 (KHTML, like Gecko) Chrome/110.0.0.0 Safari/537.36"
172.252.143.111 - - [18/Apr/2025:11:01:38 +0200] "GET /Jurek/eurofirany/images/383267/4.jpg HTTP/2.0" 200 6595 "-" "Mozilla/5.0 (X11; Linux x86_64) AppleWebKit/537.36 (KHTML, like Gecko) Chrome/110.0.0.0 Safari/537.36"
139.180.225.36 - - [18/Apr/2025:11:01:38 +0200] "GET /Jurek/eurofirany/images/383062/3.jpg HTTP/2.0" 200 6595 "-" "Mozilla/5.0 (X11; Linux x86_64) AppleWebKit/537.36 (KHTML, like Gecko) Chrome/110.0.0.0 Safari/537.36"
34.133.239.145 - - [18/Apr/2025:11:01:41 +0200] "GET /Jurek/eurofirany/images/383062/0.jpg HTTP/1.1" 200 77181 "-" "Mozilla/5.0 (X11; Linux x86_64) AppleWebKit/537.36 (KHTML, like Gecko) Chrome/110.0.0.0 Safari/537.36"
34.133.239.145 - - [18/Apr/2025:11:01:41 +0200] "GET /Jurek/eurofirany/images/383346/2.jpg HTTP/1.1" 200 51565 "-" "Mozilla/5.0 (X11; Linux x86_64) AppleWebKit/537.36 (KHTML, like Gecko) Chrome/110.0.0.0 Safari/537.36"
34.72.247.156 - - [18/Apr/2025:11:01:41 +0200] "GET /Jurek/eurofirany/images/383346/3.jpg HTTP/1.1" 200 41294 "-" "Mozilla/5.0 (X11; Linux x86_64) AppleWebKit/537.36 (KHTML, like Gecko) Chrome/110.0.0.0 Safari/537.36"
34.72.247.156 - - [18/Apr/2025:11:01:42 +0200] "GET /Jurek/eurofirany/images/383346/4.jpg HTTP/1.1" 200 6595 "-" "Mozilla/5.0 (X11; Linux x86_64) AppleWebKit/537.36 (KHTML, like Gecko) Chrome/110.0.0.0 Safari/537.36"
34.72.247.156 - - [18/Apr/2025:11:01:43 +0200] "GET /Jurek/eurofirany/images/383352/7.jpg HTTP/1.1" 200 49792 "-" "Mozilla/5.0 (X11; Linux x86_64) AppleWebKit/537.36 (KHTML, like Gecko) Chrome/110.0.0.0 Safari/537.36"
34.72.247.156 - - [18/Apr/2025:11:01:44 +0200] "GET /Jurek/eurofirany/images/383352/1.jpg HTTP/1.1" 200 51351 "-" "Mozilla/5.0 (X11; Linux x86_64) AppleWebKit/537.36 (KHTML, like Gecko) Chrome/110.0.0.0 Safari/537.36"
34.72.247.156 - - [18/Apr/2025:11:01:44 +0200] "GET /Jurek/eurofirany/images/383347/4.jpg HTTP/1.1" 200 6595 "-" "Mozilla/5.0 (X11; Linux x86_64) AppleWebKit/537.36 (KHTML, like Gecko) Chrome/110.0.0.0 Safari/537.36"
34.72.247.156 - - [18/Apr/2025:11:01:45 +0200] "GET /Jurek/eurofirany/images/383326/5.jpg HTTP/1.1" 200 250310 "-" "Mozilla/5.0 (X11; Linux x86_64) AppleWebKit/537.36 (KHTML, like Gecko) Chrome/110.0.0.0 Safari/537.36"
34.72.247.156 - - [18/Apr/2025:11:01:45 +0200] "GET /Jurek/eurofirany/images/383346/4.jpg HTTP/1.1" 200 6595 "-" "Mozilla/5.0 (X11; Linux x86_64) AppleWebKit/537.36 (KHTML, like Gecko) Chrome/110.0.0.0 Safari/537.36"
34.72.247.156 - - [18/Apr/2025:11:01:45 +0200] "GET /Jurek/eurofirany/images/383352/2.jpg HTTP/1.1" 200 29517 "-" "Mozilla/5.0 (X11; Linux x86_64) AppleWebKit/537.36 (KHTML, like Gecko) Chrome/110.0.0.0 Safari/537.36"
34.72.247.156 - - [18/Apr/2025:11:01:45 +0200] "GET /Jurek/eurofirany/images/383326/6.jpg HTTP/1.1" 200 106498 "-" "Mozilla/5.0 (X11; Linux x86_64) AppleWebKit/537.36 (KHTML, like Gecko) Chrome/110.0.0.0 Safari/537.36"
34.133.239.145 - - [18/Apr/2025:11:01:45 +0200] "GET /Jurek/eurofirany/images/383352/3.jpg HTTP/1.1" 200 6595 "-" "Mozilla/5.0 (X11; Linux x86_64) AppleWebKit/537.36 (KHTML, like Gecko) Chrome/110.0.0.0 Safari/537.36"
172.252.233.245 - - [18/Apr/2025:11:01:47 +0200] "GET /Jurek/eurofirany/images/383267/4.jpg HTTP/2.0" 200 6595 "-" "Mozilla/5.0 (X11; Linux x86_64) AppleWebKit/537.36 (KHTML, like Gecko) Chrome/110.0.0.0 Safari/537.36"
34.133.239.145 - - [18/Apr/2025:11:01:47 +0200] "GET /Jurek/eurofirany/images/383267/0.jpg HTTP/1.1" 200 81569 "-" "Mozilla/5.0 (X11; Linux x86_64) AppleWebKit/537.36 (KHTML, like Gecko) Chrome/110.0.0.0 Safari/537.36"
34.133.239.145 - - [18/Apr/2025:11:01:48 +0200] "GET /Jurek/eurofirany/images/383352/3.jpg HTTP/1.1" 200 6595 "-" "Mozilla/5.0 (X11; Linux x86_64) AppleWebKit/537.36 (KHTML, like Gecko) Chrome/110.0.0.0 Safari/537.36"
34.133.239.145 - - [18/Apr/2025:11:01:48 +0200] "GET /Jurek/eurofirany/images/383349/4.jpg HTTP/1.1" 200 37718 "-" "Mozilla/5.0 (X11; Linux x86_64) AppleWebKit/537.36 (KHTML, like Gecko) Chrome/110.0.0.0 Safari/537.36"
34.133.239.145 - - [18/Apr/2025:11:01:49 +0200] "GET /Jurek/eurofirany/images/383349/5.jpg HTTP/1.1" 200 6595 "-" "Mozilla/5.0 (X11; Linux x86_64) AppleWebKit/537.36 (KHTML, like Gecko) Chrome/110.0.0.0 Safari/537.36"
34.133.239.145 - - [18/Apr/2025:11:01:49 +0200] "GET /Jurek/eurofirany/images/383354/1.jpg HTTP/1.1" 200 51418 "-" "Mozilla/5.0 (X11; Linux x86_64) AppleWebKit/537.36 (KHTML, like Gecko) Chrome/110.0.0.0 Safari/537.36"
34.72.247.156 - - [18/Apr/2025:11:01:49 +0200] "GET /Jurek/eurofirany/images/383326/7.jpg HTTP/1.1" 200 71519 "-" "Mozilla/5.0 (X11; Linux x86_64) AppleWebKit/537.36 (KHTML, like Gecko) Chrome/110.0.0.0 Safari/537.36"
34.72.247.156 - - [18/Apr/2025:11:01:51 +0200] "GET /Jurek/eurofirany/images/383346/4.jpg HTTP/1.1" 200 6595 "-" "Mozilla/5.0 (X11; Linux x86_64) AppleWebKit/537.36 (KHTML, like Gecko) Chrome/110.0.0.0 Safari/537.36"
34.72.247.156 - - [18/Apr/2025:11:01:51 +0200] "GET /Jurek/eurofirany/images/383326/1.jpg HTTP/1.1" 200 50357 "-" "Mozilla/5.0 (X11; Linux x86_64) AppleWebKit/537.36 (KHTML, like Gecko) Chrome/110.0.0.0 Safari/537.36"
34.133.239.145 - - [18/Apr/2025:11:01:51 +0200] "GET /Jurek/eurofirany/images/383349/5.jpg HTTP/1.1" 200 6595 "-" "Mozilla/5.0 (X11; Linux x86_64) AppleWebKit/537.36 (KHTML, like Gecko) Chrome/110.0.0.0 Safari/537.36"
34.72.247.156 - - [18/Apr/2025:11:01:51 +0200] "GET /Jurek/eurofirany/images/383354/2.jpg HTTP/1.1" 200 29587 "-" "Mozilla/5.0 (X11; Linux x86_64) AppleWebKit/537.36 (KHTML, like Gecko) Chrome/110.0.0.0 Safari/537.36"
34.133.239.145 - - [18/Apr/2025:11:01:52 +0200] "GET /Jurek/eurofirany/images/383352/3.jpg HTTP/1.1" 200 6595 "-" "Mozilla/5.0 (X11; Linux x86_64) AppleWebKit/537.36 (KHTML, like Gecko) Chrome/110.0.0.0 Safari/537.36"
34.133.239.145 - - [18/Apr/2025:11:01:52 +0200] "GET /Jurek/eurofirany/images/383354/3.jpg HTTP/1.1" 200 6595 "-" "Mozilla/5.0 (X11; Linux x86_64) AppleWebKit/537.36 (KHTML, like Gecko) Chrome/110.0.0.0 Safari/537.36"
149.20.245.24 - - [18/Apr/2025:11:01:52 +0200] "GET /Jurek/eurofirany/images/383347/4.jpg HTTP/2.0" 200 6595 "-" "Mozilla/5.0 (X11; Linux x86_64) AppleWebKit/537.36 (KHTML, like Gecko) Chrome/110.0.0.0 Safari/537.36"
34.133.239.145 - - [18/Apr/2025:11:01:53 +0200] "GET /Jurek/eurofirany/images/383326/2.jpg HTTP/1.1" 200 35109 "-" "Mozilla/5.0 (X11; Linux x86_64) AppleWebKit/537.36 (KHTML, like Gecko) Chrome/110.0.0.0 Safari/537.36"
34.133.239.145 - - [18/Apr/2025:11:01:53 +0200] "GET /Jurek/eurofirany/images/383326/3.jpg HTTP/1.1" 200 38581 "-" "Mozilla/5.0 (X11; Linux x86_64) AppleWebKit/537.36 (KHTML, like Gecko) Chrome/110.0.0.0 Safari/537.36"
34.133.239.145 - - [18/Apr/2025:11:01:54 +0200] "GET /Jurek/eurofirany/images/383326/4.jpg HTTP/1.1" 200 6595 "-" "Mozilla/5.0 (X11; Linux x86_64) AppleWebKit/537.36 (KHTML, like Gecko) Chrome/110.0.0.0 Safari/537.36"
34.72.247.156 - - [18/Apr/2025:11:01:55 +0200] "GET /Jurek/eurofirany/images/383354/3.jpg HTTP/1.1" 200 6595 "-" "Mozilla/5.0 (X11; Linux x86_64) AppleWebKit/537.36 (KHTML, like Gecko) Chrome/110.0.0.0 Safari/537.36"
34.133.239.145 - - [18/Apr/2025:11:01:56 +0200] "GET /Jurek/eurofirany/images/383326/4.jpg HTTP/1.1" 200 6595 "-" "Mozilla/5.0 (X11; Linux x86_64) AppleWebKit/537.36 (KHTML, like Gecko) Chrome/110.0.0.0 Safari/537.36"
34.72.247.156 - - [18/Apr/2025:11:01:56 +0200] "GET /Jurek/eurofirany/images/383349/5.jpg HTTP/1.1" 200 6595 "-" "Mozilla/5.0 (X11; Linux x86_64) AppleWebKit/537.36 (KHTML, like Gecko) Chrome/110.0.0.0 Safari/537.36"
34.133.239.145 - - [18/Apr/2025:11:01:56 +0200] "GET /Jurek/eurofirany/images/383348/1.jpg HTTP/1.1" 200 73776 "-" "Mozilla/5.0 (X11; Linux x86_64) AppleWebKit/537.36 (KHTML, like Gecko) Chrome/110.0.0.0 Safari/537.36"
34.133.239.145 - - [18/Apr/2025:11:01:57 +0200] "GET /Jurek/eurofirany/images/383348/2.jpg HTTP/1.1" 200 51424 "-" "Mozilla/5.0 (X11; Linux x86_64) AppleWebKit/537.36 (KHTML, like Gecko) Chrome/110.0.0.0 Safari/537.36"
34.133.239.145 - - [18/Apr/2025:11:01:57 +0200] "GET /Jurek/eurofirany/images/383348/3.jpg HTTP/1.1" 200 49288 "-" "Mozilla/5.0 (X11; Linux x86_64) AppleWebKit/537.36 (KHTML, like Gecko) Chrome/110.0.0.0 Safari/537.36"
34.133.239.145 - - [18/Apr/2025:11:01:58 +0200] "GET /Jurek/eurofirany/images/383348/4.jpg HTTP/1.1" 200 37718 "-" "Mozilla/5.0 (X11; Linux x86_64) AppleWebKit/537.36 (KHTML, like Gecko) Chrome/110.0.0.0 Safari/537.36"
34.72.247.156 - - [18/Apr/2025:11:01:58 +0200] "GET /Jurek/eurofirany/images/383348/5.jpg HTTP/1.1" 200 6595 "-" "Mozilla/5.0 (X11; Linux x86_64) AppleWebKit/537.36 (KHTML, like Gecko) Chrome/110.0.0.0 Safari/537.36"
216.213.27.49 - - [18/Apr/2025:11:01:58 +0200] "GET /Jurek/eurofirany/images/383346/4.jpg HTTP/2.0" 200 6595 "-" "Mozilla/5.0 (X11; Linux x86_64) AppleWebKit/537.36 (KHTML, like Gecko) Chrome/110.0.0.0 Safari/537.36"
167.160.75.13 - - [18/Apr/2025:11:01:58 +0200] "GET /Jurek/eurofirany/images/383352/3.jpg HTTP/2.0" 200 6595 "-" "Mozilla/5.0 (X11; Linux x86_64) AppleWebKit/537.36 (KHTML, like Gecko) Chrome/110.0.0.0 Safari/537.36"
34.133.239.145 - - [18/Apr/2025:11:01:59 +0200] "GET /Jurek/eurofirany/images/383354/3.jpg HTTP/1.1" 200 6595 "-" "Mozilla/5.0 (X11; Linux x86_64) AppleWebKit/537.36 (KHTML, like Gecko) Chrome/110.0.0.0 Safari/537.36"
34.133.239.145 - - [18/Apr/2025:11:02:00 +0200] "GET /Jurek/eurofirany/images/383326/4.jpg HTTP/1.1" 200 6595 "-" "Mozilla/5.0 (X11; Linux x86_64) AppleWebKit/537.36 (KHTML, like Gecko) Chrome/110.0.0.0 Safari/537.36"
34.133.239.145 - - [18/Apr/2025:11:02:00 +0200] "GET /Jurek/eurofirany/images/383348/5.jpg HTTP/1.1" 200 6595 "-" "Mozilla/5.0 (X11; Linux x86_64) AppleWebKit/537.36 (KHTML, like Gecko) Chrome/110.0.0.0 Safari/537.36"
167.160.78.85 - - [18/Apr/2025:11:02:00 +0200] "GET /Jurek/eurofirany/images/383347/4.jpg HTTP/2.0" 200 6595 "-" "Mozilla/5.0 (X11; Linux x86_64) AppleWebKit/537.36 (KHTML, like Gecko) Chrome/110.0.0.0 Safari/537.36"
34.72.247.156 - - [18/Apr/2025:11:02:01 +0200] "GET /Jurek/eurofirany/images/383347/0.jpg HTTP/1.1" 200 66982 "-" "Mozilla/5.0 (X11; Linux x86_64) AppleWebKit/537.36 (KHTML, like Gecko) Chrome/110.0.0.0 Safari/537.36"
85.232.241.194 - - [18/Apr/2025:11:02:01 +0200] "GET /Jurek/kobi/feeds/kobi_vente_fr.xml HTTP/1.1" 200 942997 "-" "Python-urllib/3.11"
85.232.241.194 - - [18/Apr/2025:11:02:02 +0200] "GET /Jurek/topeshop/feeds/topeshop_vente_fr.xml HTTP/1.1" 200 2682125 "-" "Python-urllib/3.11"
199.250.188.130 - - [18/Apr/2025:11:02:02 +0200] "GET /Jurek/eurofirany/images/383349/5.jpg HTTP/2.0" 200 6595 "-" "Mozilla/5.0 (X11; Linux x86_64) AppleWebKit/537.36 (KHTML, like Gecko) Chrome/110.0.0.0 Safari/537.36"
85.232.241.194 - - [18/Apr/2025:11:02:02 +0200] "GET /Jurek/fernity/feeds/fernity_vente_fr.xml HTTP/1.1" 200 3256554 "-" "Python-urllib/3.11"
85.232.241.194 - - [18/Apr/2025:11:02:02 +0200] "GET /Jurek/kinghome/feeds/kinghome_vente_fr.xml HTTP/1.1" 200 5670397 "-" "Python-urllib/3.11"
85.232.241.194 - - [18/Apr/2025:11:02:02 +0200] "GET /Jurek/emibig/feeds/emibig_vente_fr.xml HTTP/1.1" 200 2522353 "-" "Python-urllib/3.11"
85.232.241.194 - - [18/Apr/2025:11:02:03 +0200] "GET /Jurek/b3/feeds/b3_vente_fr.xml HTTP/1.1" 200 8061579 "-" "Python-urllib/3.11"
85.232.241.194 - - [18/Apr/2025:11:02:03 +0200] "GET /Jurek/aw/feeds/aw_vente_fr.xml HTTP/1.1" 200 90500392 "-" "Python-urllib/3.11"
34.133.239.145 - - [18/Apr/2025:11:02:03 +0200] "GET /Jurek/eurofirany/images/383464/4.jpg HTTP/1.1" 200 6595 "-" "Mozilla/5.0 (X11; Linux x86_64) AppleWebKit/537.36 (KHTML, like Gecko) Chrome/110.0.0.0 Safari/537.36"
85.232.241.194 - - [18/Apr/2025:11:02:04 +0200] "GET /Jurek/asortymenteu/feeds/asortymenteu_vente_fr.xml HTTP/1.1" 200 2764706 "-" "Python-urllib/3.11"
85.232.241.194 - - [18/Apr/2025:11:02:04 +0200] "GET /Jurek/hurtownia_przemyslowa/feeds/hp_vente_fr.xml HTTP/1.1" 200 49362559 "-" "Python-urllib/3.11"
34.133.239.145 - - [18/Apr/2025:11:02:05 +0200] "GET /Jurek/eurofirany/images/383348/5.jpg HTTP/1.1" 200 6595 "-" "Mozilla/5.0 (X11; Linux x86_64) AppleWebKit/537.36 (KHTML, like Gecko) Chrome/110.0.0.0 Safari/537.36"
34.133.239.145 - - [18/Apr/2025:11:02:05 +0200] "GET /Jurek/eurofirany/images/383464/4.jpg HTTP/1.1" 200 6595 "-" "Mozilla/5.0 (X11; Linux x86_64) AppleWebKit/537.36 (KHTML, like Gecko) Chrome/110.0.0.0 Safari/537.36"
199.34.90.47 - - [18/Apr/2025:11:02:06 +0200] "GET /Jurek/eurofirany/images/383354/3.jpg HTTP/2.0" 200 6595 "-" "Mozilla/5.0 (X11; Linux x86_64) AppleWebKit/537.36 (KHTML, like Gecko) Chrome/110.0.0.0 Safari/537.36"
34.133.239.145 - - [18/Apr/2025:11:02:06 +0200] "GET /Jurek/eurofirany/images/383360/5.jpg HTTP/1.1" 200 52114 "-" "Mozilla/5.0 (X11; Linux x86_64) AppleWebKit/537.36 (KHTML, like Gecko) Chrome/110.0.0.0 Safari/537.36"
34.133.239.145 - - [18/Apr/2025:11:02:07 +0200] "GET /Jurek/eurofirany/images/383360/6.jpg HTTP/1.1" 200 67583 "-" "Mozilla/5.0 (X11; Linux x86_64) AppleWebKit/537.36 (KHTML, like Gecko) Chrome/110.0.0.0 Safari/537.36"
170.199.224.176 - - [18/Apr/2025:11:02:07 +0200] "GET /Jurek/eurofirany/images/383326/4.jpg HTTP/2.0" 200 6595 "-" "Mozilla/5.0 (X11; Linux x86_64) AppleWebKit/537.36 (KHTML, like Gecko) Chrome/110.0.0.0 Safari/537.36"
34.133.239.145 - - [18/Apr/2025:11:02:07 +0200] "GET /Jurek/eurofirany/images/383360/1.jpg HTTP/1.1" 200 48362 "-" "Mozilla/5.0 (X11; Linux x86_64) AppleWebKit/537.36 (KHTML, like Gecko) Chrome/110.0.0.0 Safari/537.36"
34.133.239.145 - - [18/Apr/2025:11:02:07 +0200] "GET /Jurek/eurofirany/images/383360/2.jpg HTTP/1.1" 200 39994 "-" "Mozilla/5.0 (X11; Linux x86_64) AppleWebKit/537.36 (KHTML, like Gecko) Chrome/110.0.0.0 Safari/537.36"
34.133.239.145 - - [18/Apr/2025:11:02:07 +0200] "GET /Jurek/eurofirany/images/383360/3.jpg HTTP/1.1" 200 6595 "-" "Mozilla/5.0 (X11; Linux x86_64) AppleWebKit/537.36 (KHTML, like Gecko) Chrome/110.0.0.0 Safari/537.36"
147.53.114.231 - - [18/Apr/2025:11:02:08 +0200] "GET /Jurek/eurofirany/images/383346/4.jpg HTTP/2.0" 200 6595 "-" "Mozilla/5.0 (X11; Linux x86_64) AppleWebKit/537.36 (KHTML, like Gecko) Chrome/110.0.0.0 Safari/537.36"
199.34.83.181 - - [18/Apr/2025:11:02:08 +0200] "GET /Jurek/eurofirany/images/383352/3.jpg HTTP/2.0" 200 6595 "-" "Mozilla/5.0 (X11; Linux x86_64) AppleWebKit/537.36 (KHTML, like Gecko) Chrome/110.0.0.0 Safari/537.36"
34.72.247.156 - - [18/Apr/2025:11:02:08 +0200] "GET /Jurek/eurofirany/images/383346/0.jpg HTTP/1.1" 200 67002 "-" "Mozilla/5.0 (X11; Linux x86_64) AppleWebKit/537.36 (KHTML, like Gecko) Chrome/110.0.0.0 Safari/537.36"
34.133.239.145 - - [18/Apr/2025:11:02:09 +0200] "GET /Jurek/eurofirany/images/383352/0.jpg HTTP/1.1" 200 79685 "-" "Mozilla/5.0 (X11; Linux x86_64) AppleWebKit/537.36 (KHTML, like Gecko) Chrome/110.0.0.0 Safari/537.36"
34.72.247.156 - - [18/Apr/2025:11:02:09 +0200] "GET /Jurek/eurofirany/images/383395/2.jpg HTTP/1.1" 200 33855 "-" "Mozilla/5.0 (X11; Linux x86_64) AppleWebKit/537.36 (KHTML, like Gecko) Chrome/110.0.0.0 Safari/537.36"
34.133.239.145 - - [18/Apr/2025:11:02:10 +0200] "GET /Jurek/eurofirany/images/383360/3.jpg HTTP/1.1" 200 6595 "-" "Mozilla/5.0 (X11; Linux x86_64) AppleWebKit/537.36 (KHTML, like Gecko) Chrome/110.0.0.0 Safari/537.36"
34.72.247.156 - - [18/Apr/2025:11:02:10 +0200] "GET /Jurek/eurofirany/images/383464/4.jpg HTTP/1.1" 200 6595 "-" "Mozilla/5.0 (X11; Linux x86_64) AppleWebKit/537.36 (KHTML, like Gecko) Chrome/110.0.0.0 Safari/537.36"
34.133.239.145 - - [18/Apr/2025:11:02:10 +0200] "GET /Jurek/eurofirany/images/383359/1.jpg HTTP/1.1" 200 48427 "-" "Mozilla/5.0 (X11; Linux x86_64) AppleWebKit/537.36 (KHTML, like Gecko) Chrome/110.0.0.0 Safari/537.36"
209.163.117.121 - - [18/Apr/2025:11:02:11 +0200] "GET /Jurek/eurofirany/images/383349/5.jpg HTTP/2.0" 200 6595 "-" "Mozilla/5.0 (X11; Linux x86_64) AppleWebKit/537.36 (KHTML, like Gecko) Chrome/110.0.0.0 Safari/537.36"
34.133.239.145 - - [18/Apr/2025:11:02:11 +0200] "GET /Jurek/eurofirany/images/383359/2.jpg HTTP/1.1" 200 39994 "-" "Mozilla/5.0 (X11; Linux x86_64) AppleWebKit/537.36 (KHTML, like Gecko) Chrome/110.0.0.0 Safari/537.36"
166.88.125.135 - - [18/Apr/2025:11:02:11 +0200] "GET /Jurek/eurofirany/images/383348/5.jpg HTTP/2.0" 200 6595 "-" "Mozilla/5.0 (X11; Linux x86_64) AppleWebKit/537.36 (KHTML, like Gecko) Chrome/110.0.0.0 Safari/537.36"
34.133.239.145 - - [18/Apr/2025:11:02:11 +0200] "GET /Jurek/eurofirany/images/383359/3.jpg HTTP/1.1" 200 6595 "-" "Mozilla/5.0 (X11; Linux x86_64) AppleWebKit/537.36 (KHTML, like Gecko) Chrome/110.0.0.0 Safari/537.36"
34.133.239.145 - - [18/Apr/2025:11:02:11 +0200] "GET /Jurek/eurofirany/images/383473/3.jpg HTTP/1.1" 200 6595 "-" "Mozilla/5.0 (X11; Linux x86_64) AppleWebKit/537.36 (KHTML, like Gecko) Chrome/110.0.0.0 Safari/537.36"
34.133.239.145 - - [18/Apr/2025:11:02:11 +0200] "GET /Jurek/eurofirany/images/383349/0.jpg HTTP/1.1" 200 67932 "-" "Mozilla/5.0 (X11; Linux x86_64) AppleWebKit/537.36 (KHTML, like Gecko) Chrome/110.0.0.0 Safari/537.36"
34.72.247.156 - - [18/Apr/2025:11:02:12 +0200] "GET /Jurek/eurofirany/images/383395/3.jpg HTTP/1.1" 200 39089 "-" "Mozilla/5.0 (X11; Linux x86_64) AppleWebKit/537.36 (KHTML, like Gecko) Chrome/110.0.0.0 Safari/537.36"
34.72.247.156 - - [18/Apr/2025:11:02:13 +0200] "GET /Jurek/eurofirany/images/383395/4.jpg HTTP/1.1" 200 6595 "-" "Mozilla/5.0 (X11; Linux x86_64) AppleWebKit/537.36 (KHTML, like Gecko) Chrome/110.0.0.0 Safari/537.36"
34.72.247.156 - - [18/Apr/2025:11:02:14 +0200] "GET /Jurek/eurofirany/images/383359/3.jpg HTTP/1.1" 200 6595 "-" "Mozilla/5.0 (X11; Linux x86_64) AppleWebKit/537.36 (KHTML, like Gecko) Chrome/110.0.0.0 Safari/537.36"
34.133.239.145 - - [18/Apr/2025:11:02:14 +0200] "GET /Jurek/eurofirany/images/383360/3.jpg HTTP/1.1" 200 6595 "-" "Mozilla/5.0 (X11; Linux x86_64) AppleWebKit/537.36 (KHTML, like Gecko) Chrome/110.0.0.0 Safari/537.36"
34.72.247.156 - - [18/Apr/2025:11:02:15 +0200] "GET /Jurek/eurofirany/images/383466/4.jpg HTTP/1.1" 200 6595 "-" "Mozilla/5.0 (X11; Linux x86_64) AppleWebKit/537.36 (KHTML, like Gecko) Chrome/110.0.0.0 Safari/537.36"
34.133.239.145 - - [18/Apr/2025:11:02:15 +0200] "GET /Jurek/eurofirany/images/383395/4.jpg HTTP/1.1" 200 6595 "-" "Mozilla/5.0 (X11; Linux x86_64) AppleWebKit/537.36 (KHTML, like Gecko) Chrome/110.0.0.0 Safari/537.36"
209.59.229.93 - - [18/Apr/2025:11:02:16 +0200] "GET /Jurek/eurofirany/images/383354/3.jpg HTTP/2.0" 200 6595 "-" "Mozilla/5.0 (X11; Linux x86_64) AppleWebKit/537.36 (KHTML, like Gecko) Chrome/110.0.0.0 Safari/537.36"
34.72.247.156 - - [18/Apr/2025:11:02:16 +0200] "GET /Jurek/eurofirany/images/383354/0.jpg HTTP/1.1" 200 79703 "-" "Mozilla/5.0 (X11; Linux x86_64) AppleWebKit/537.36 (KHTML, like Gecko) Chrome/110.0.0.0 Safari/537.36"
136.0.116.49 - - [18/Apr/2025:11:02:16 +0200] "GET /Jurek/eurofirany/images/383464/4.jpg HTTP/2.0" 200 6595 "-" "Mozilla/5.0 (X11; Linux x86_64) AppleWebKit/537.36 (KHTML, like Gecko) Chrome/110.0.0.0 Safari/537.36"
199.250.189.104 - - [18/Apr/2025:11:02:17 +0200] "GET /Jurek/eurofirany/images/383326/4.jpg HTTP/2.0" 200 6595 "-" "Mozilla/5.0 (X11; Linux x86_64) AppleWebKit/537.36 (KHTML, like Gecko) Chrome/110.0.0.0 Safari/537.36"
34.72.247.156 - - [18/Apr/2025:11:02:17 +0200] "GET /Jurek/eurofirany/images/383473/3.jpg HTTP/1.1" 200 6595 "-" "Mozilla/5.0 (X11; Linux x86_64) AppleWebKit/537.36 (KHTML, like Gecko) Chrome/110.0.0.0 Safari/537.36"
34.133.239.145 - - [18/Apr/2025:11:02:18 +0200] "GET /Jurek/eurofirany/images/383466/4.jpg HTTP/1.1" 200 6595 "-" "Mozilla/5.0 (X11; Linux x86_64) AppleWebKit/537.36 (KHTML, like Gecko) Chrome/110.0.0.0 Safari/537.36"
34.133.239.145 - - [18/Apr/2025:11:02:18 +0200] "GET /Jurek/eurofirany/images/383359/3.jpg HTTP/1.1" 200 6595 "-" "Mozilla/5.0 (X11; Linux x86_64) AppleWebKit/537.36 (KHTML, like Gecko) Chrome/110.0.0.0 Safari/537.36"
85.232.241.194 - - [18/Apr/2025:11:02:18 +0200] "GET /Jurek/kobi/feeds/kobi_vente_be.xml HTTP/1.1" 200 943000 "-" "Python-urllib/3.11"
34.133.239.145 - - [18/Apr/2025:11:02:19 +0200] "GET /Jurek/eurofirany/images/383326/0.jpg HTTP/1.1" 200 93037 "-" "Mozilla/5.0 (X11; Linux x86_64) AppleWebKit/537.36 (KHTML, like Gecko) Chrome/110.0.0.0 Safari/537.36"
85.232.241.194 - - [18/Apr/2025:11:02:19 +0200] "GET /Jurek/topeshop/feeds/topeshop_vente_be.xml HTTP/1.1" 200 2682143 "-" "Python-urllib/3.11"
85.232.241.194 - - [18/Apr/2025:11:02:19 +0200] "GET /Jurek/fernity/feeds/fernity_vente_be.xml HTTP/1.1" 200 3256470 "-" "Python-urllib/3.11"
85.232.241.194 - - [18/Apr/2025:11:02:19 +0200] "GET /Jurek/kinghome/feeds/kinghome_vente_be.xml HTTP/1.1" 200 5670272 "-" "Python-urllib/3.11"
85.232.241.194 - - [18/Apr/2025:11:02:19 +0200] "GET /Jurek/emibig/feeds/emibig_vente_be.xml HTTP/1.1" 200 2522230 "-" "Python-urllib/3.11"
85.232.241.194 - - [18/Apr/2025:11:02:19 +0200] "GET /Jurek/b3/feeds/b3_vente_be.xml HTTP/1.1" 200 8061521 "-" "Python-urllib/3.11"
34.133.239.145 - - [18/Apr/2025:11:02:20 +0200] "GET /Jurek/eurofirany/images/383395/4.jpg HTTP/1.1" 200 6595 "-" "Mozilla/5.0 (X11; Linux x86_64) AppleWebKit/537.36 (KHTML, like Gecko) Chrome/110.0.0.0 Safari/537.36"
85.232.241.194 - - [18/Apr/2025:11:02:20 +0200] "GET /Jurek/aw/feeds/aw_vente_be.xml HTTP/1.1" 200 90498851 "-" "Python-urllib/3.11"
147.92.52.154 - - [18/Apr/2025:11:02:20 +0200] "GET /Jurek/eurofirany/images/383348/5.jpg HTTP/2.0" 200 6595 "-" "Mozilla/5.0 (X11; Linux x86_64) AppleWebKit/537.36 (KHTML, like Gecko) Chrome/110.0.0.0 Safari/537.36"
34.72.247.156 - - [18/Apr/2025:11:02:20 +0200] "GET /Jurek/eurofirany/images/398890/3.jpg HTTP/1.1" 200 6595 "-" "Mozilla/5.0 (X11; Linux x86_64) AppleWebKit/537.36 (KHTML, like Gecko) Chrome/110.0.0.0 Safari/537.36"
34.133.239.145 - - [18/Apr/2025:11:02:20 +0200] "GET /Jurek/eurofirany/images/383348/0.jpg HTTP/1.1" 200 67932 "-" "Mozilla/5.0 (X11; Linux x86_64) AppleWebKit/537.36 (KHTML, like Gecko) Chrome/110.0.0.0 Safari/537.36"
167.160.75.21 - - [18/Apr/2025:11:02:21 +0200] "GET /Jurek/eurofirany/images/383360/3.jpg HTTP/2.0" 200 6595 "-" "Mozilla/5.0 (X11; Linux x86_64) AppleWebKit/537.36 (KHTML, like Gecko) Chrome/110.0.0.0 Safari/537.36"
85.232.241.194 - - [18/Apr/2025:11:02:21 +0200] "GET /Jurek/asortymenteu/feeds/asortymenteu_vente_be.xml HTTP/1.1" 200 2764727 "-" "Python-urllib/3.11"
85.232.241.194 - - [18/Apr/2025:11:02:21 +0200] "GET /Jurek/hurtownia_przemyslowa/feeds/hp_vente_be.xml HTTP/1.1" 200 49362394 "-" "Python-urllib/3.11"
34.72.247.156 - - [18/Apr/2025:11:02:21 +0200] "GET /Jurek/eurofirany/images/383473/3.jpg HTTP/1.1" 200 6595 "-" "Mozilla/5.0 (X11; Linux x86_64) AppleWebKit/537.36 (KHTML, like Gecko) Chrome/110.0.0.0 Safari/537.36"
34.133.239.145 - - [18/Apr/2025:11:02:22 +0200] "GET /Jurek/eurofirany/images/398890/3.jpg HTTP/1.1" 200 6595 "-" "Mozilla/5.0 (X11; Linux x86_64) AppleWebKit/537.36 (KHTML, like Gecko) Chrome/110.0.0.0 Safari/537.36"
34.72.247.156 - - [18/Apr/2025:11:02:22 +0200] "GET /Jurek/eurofirany/images/383466/4.jpg HTTP/1.1" 200 6595 "-" "Mozilla/5.0 (X11; Linux x86_64) AppleWebKit/537.36 (KHTML, like Gecko) Chrome/110.0.0.0 Safari/537.36"
66.135.223.41 - - [18/Apr/2025:11:02:23 +0200] "GET /Jurek/eurofirany/images/428719/0.jpg HTTP/1.1" 200 35724 "-" "Java/17.0.13.0.101"
147.92.55.126 - - [18/Apr/2025:11:02:24 +0200] "GET /Jurek/eurofirany/images/383359/3.jpg HTTP/2.0" 200 6595 "-" "Mozilla/5.0 (X11; Linux x86_64) AppleWebKit/537.36 (KHTML, like Gecko) Chrome/110.0.0.0 Safari/537.36"
34.133.239.145 - - [18/Apr/2025:11:02:25 +0200] "GET /Jurek/eurofirany/images/383464/0.jpg HTTP/1.1" 200 78770 "-" "Mozilla/5.0 (X11; Linux x86_64) AppleWebKit/537.36 (KHTML, like Gecko) Chrome/110.0.0.0 Safari/537.36"
89.161.206.59 - - [18/Apr/2025:11:02:25 +0200] "GET /Jurek/playcob/feeds/playcob_emagro.xml HTTP/1.0" 200 6981021 "-" "-"
89.161.206.59 - - [18/Apr/2025:11:02:26 +0200] "GET /Jurek/alucon/feeds/alucon_emagro.xml HTTP/1.0" 200 553608 "-" "-"
147.53.125.171 - - [18/Apr/2025:11:02:26 +0200] "GET /Jurek/eurofirany/images/383395/4.jpg HTTP/2.0" 200 6595 "-" "Mozilla/5.0 (X11; Linux x86_64) AppleWebKit/537.36 (KHTML, like Gecko) Chrome/110.0.0.0 Safari/537.36"
34.133.239.145 - - [18/Apr/2025:11:02:26 +0200] "GET /Jurek/eurofirany/images/398890/3.jpg HTTP/1.1" 200 6595 "-" "Mozilla/5.0 (X11; Linux x86_64) AppleWebKit/537.36 (KHTML, like Gecko) Chrome/110.0.0.0 Safari/537.36"
172.96.95.213 - - [18/Apr/2025:11:02:28 +0200] "GET /Jurek/eurofirany/images/383473/3.jpg HTTP/2.0" 200 6595 "-" "Mozilla/5.0 (X11; Linux x86_64) AppleWebKit/537.36 (KHTML, like Gecko) Chrome/110.0.0.0 Safari/537.36"
199.250.189.61 - - [18/Apr/2025:11:02:29 +0200] "GET /Jurek/eurofirany/images/383466/4.jpg HTTP/2.0" 200 6595 "-" "Mozilla/5.0 (X11; Linux x86_64) AppleWebKit/537.36 (KHTML, like Gecko) Chrome/110.0.0.0 Safari/537.36"
34.72.247.156 - - [18/Apr/2025:11:02:32 +0200] "GET /Jurek/eurofirany/images/383360/0.jpg HTTP/1.1" 200 73385 "-" "Mozilla/5.0 (X11; Linux x86_64) AppleWebKit/537.36 (KHTML, like Gecko) Chrome/110.0.0.0 Safari/537.36"
147.53.124.167 - - [18/Apr/2025:11:02:33 +0200] "GET /Jurek/eurofirany/images/383359/3.jpg HTTP/2.0" 200 6595 "-" "Mozilla/5.0 (X11; Linux x86_64) AppleWebKit/537.36 (KHTML, like Gecko) Chrome/110.0.0.0 Safari/537.36"
34.133.239.145 - - [18/Apr/2025:11:02:33 +0200] "GET /Jurek/eurofirany/images/383359/0.jpg HTTP/1.1" 200 73387 "-" "Mozilla/5.0 (X11; Linux x86_64) AppleWebKit/537.36 (KHTML, like Gecko) Chrome/110.0.0.0 Safari/537.36"
166.88.125.135 - - [18/Apr/2025:11:02:35 +0200] "GET /Jurek/eurofirany/images/383395/4.jpg HTTP/2.0" 200 6595 "-" "Mozilla/5.0 (X11; Linux x86_64) AppleWebKit/537.36 (KHTML, like Gecko) Chrome/110.0.0.0 Safari/537.36"
85.232.241.194 - - [18/Apr/2025:11:02:35 +0200] "GET /Jurek/kobi/feeds/kobi_vente_es.xml HTTP/1.1" 200 943014 "-" "Python-urllib/3.11"
89.161.206.59 - - [18/Apr/2025:11:02:36 +0200] "GET /Jurek/lerutrade/feeds/lerutrade_emag.xml HTTP/1.0" 200 82826 "-" "-"
85.232.241.194 - - [18/Apr/2025:11:02:36 +0200] "GET /Jurek/topeshop/feeds/topeshop_vente_es.xml HTTP/1.1" 200 2682163 "-" "Python-urllib/3.11"
85.232.241.194 - - [18/Apr/2025:11:02:36 +0200] "GET /Jurek/fernity/feeds/fernity_vente_es.xml HTTP/1.1" 200 3256571 "-" "Python-urllib/3.11"
85.232.241.194 - - [18/Apr/2025:11:02:36 +0200] "GET /Jurek/kinghome/feeds/kinghome_vente_es.xml HTTP/1.1" 200 5670496 "-" "Python-urllib/3.11"
85.232.241.194 - - [18/Apr/2025:11:02:36 +0200] "GET /Jurek/emibig/feeds/emibig_vente_es.xml HTTP/1.1" 200 2522542 "-" "Python-urllib/3.11"
85.232.241.194 - - [18/Apr/2025:11:02:36 +0200] "GET /Jurek/b3/feeds/b3_vente_es.xml HTTP/1.1" 200 8061681 "-" "Python-urllib/3.11"
34.72.247.156 - - [18/Apr/2025:11:02:36 +0200] "GET /Jurek/eurofirany/images/383395/0.jpg HTTP/1.1" 200 78770 "-" "Mozilla/5.0 (X11; Linux x86_64) AppleWebKit/537.36 (KHTML, like Gecko) Chrome/110.0.0.0 Safari/537.36"
85.232.241.194 - - [18/Apr/2025:11:02:36 +0200] "GET /Jurek/aw/feeds/aw_vente_es.xml HTTP/1.1" 200 90501238 "-" "Python-urllib/3.11"
172.96.80.214 - - [18/Apr/2025:11:02:37 +0200] "GET /Jurek/eurofirany/images/383473/3.jpg HTTP/2.0" 200 6595 "-" "Mozilla/5.0 (X11; Linux x86_64) AppleWebKit/537.36 (KHTML, like Gecko) Chrome/110.0.0.0 Safari/537.36"
85.232.241.194 - - [18/Apr/2025:11:02:38 +0200] "GET /Jurek/asortymenteu/feeds/asortymenteu_vente_es.xml HTTP/1.1" 200 2764712 "-" "Python-urllib/3.11"
85.232.241.194 - - [18/Apr/2025:11:02:38 +0200] "GET /Jurek/hurtownia_przemyslowa/feeds/hp_vente_es.xml HTTP/1.1" 200 49362792 "-" "Python-urllib/3.11"
34.72.247.156 - - [18/Apr/2025:11:02:40 +0200] "GET /Jurek/eurofirany/images/383473/0.jpg HTTP/1.1" 200 69041 "-" "Mozilla/5.0 (X11; Linux x86_64) AppleWebKit/537.36 (KHTML, like Gecko) Chrome/110.0.0.0 Safari/537.36"
170.199.228.182 - - [18/Apr/2025:11:02:41 +0200] "GET /Jurek/eurofirany/images/398890/3.jpg HTTP/2.0" 200 6595 "-" "Mozilla/5.0 (X11; Linux x86_64) AppleWebKit/537.36 (KHTML, like Gecko) Chrome/110.0.0.0 Safari/537.36"
34.133.239.145 - - [18/Apr/2025:11:02:41 +0200] "GET /Jurek/eurofirany/images/398890/0.jpg HTTP/1.1" 200 79703 "-" "Mozilla/5.0 (X11; Linux x86_64) AppleWebKit/537.36 (KHTML, like Gecko) Chrome/110.0.0.0 Safari/537.36"
88.220.33.218 - - [18/Apr/2025:11:02:45 +0200] "GET /Jurek/kinghoff/feeds/kinghoff_morele.xml HTTP/2.0" 200 15450512 "-" "MarketplaceAPI curl/7.64.0 PHP/8"
170.199.224.176 - - [18/Apr/2025:11:02:49 +0200] "GET /Jurek/eurofirany/images/383466/0.jpg HTTP/2.0" 200 78770 "-" "Mozilla/5.0 (X11; Linux x86_64) AppleWebKit/537.36 (KHTML, like Gecko) Chrome/110.0.0.0 Safari/537.36"
85.232.241.194 - - [18/Apr/2025:11:02:52 +0200] "GET /Jurek/kobi/feeds/kobi_vente_it.xml HTTP/1.1" 200 942981 "-" "Python-urllib/3.11"
34.72.247.156 - - [18/Apr/2025:11:02:52 +0200] "GET /Jurek/eurofirany/images/408855/1.jpg HTTP/1.1" 200 148054 "-" "Mozilla/5.0 (X11; Linux x86_64) AppleWebKit/537.36 (KHTML, like Gecko) Chrome/110.0.0.0 Safari/537.36"
85.232.241.194 - - [18/Apr/2025:11:02:53 +0200] "GET /Jurek/topeshop/feeds/topeshop_vente_it.xml HTTP/1.1" 200 2682124 "-" "Python-urllib/3.11"
85.232.241.194 - - [18/Apr/2025:11:02:53 +0200] "GET /Jurek/fernity/feeds/fernity_vente_it.xml HTTP/1.1" 200 3256626 "-" "Python-urllib/3.11"
85.232.241.194 - - [18/Apr/2025:11:02:53 +0200] "GET /Jurek/kinghome/feeds/kinghome_vente_it.xml HTTP/1.1" 200 5670429 "-" "Python-urllib/3.11"
85.232.241.194 - - [18/Apr/2025:11:02:53 +0200] "GET /Jurek/emibig/feeds/emibig_vente_it.xml HTTP/1.1" 200 2522454 "-" "Python-urllib/3.11"
85.232.241.194 - - [18/Apr/2025:11:02:53 +0200] "GET /Jurek/b3/feeds/b3_vente_it.xml HTTP/1.1" 200 8061622 "-" "Python-urllib/3.11"
34.72.247.156 - - [18/Apr/2025:11:02:53 +0200] "GET /Jurek/eurofirany/images/408855/2.jpg HTTP/1.1" 200 103505 "-" "Mozilla/5.0 (X11; Linux x86_64) AppleWebKit/537.36 (KHTML, like Gecko) Chrome/110.0.0.0 Safari/537.36"
85.232.241.194 - - [18/Apr/2025:11:02:53 +0200] "GET /Jurek/aw/feeds/aw_vente_it.xml HTTP/1.1" 200 90500810 "-" "Python-urllib/3.11"
85.232.241.194 - - [18/Apr/2025:11:02:54 +0200] "GET /Jurek/asortymenteu/feeds/asortymenteu_vente_it.xml HTTP/1.1" 200 2764694 "-" "Python-urllib/3.11"
85.232.241.194 - - [18/Apr/2025:11:02:54 +0200] "GET /Jurek/hurtownia_przemyslowa/feeds/hp_vente_it.xml HTTP/1.1" 200 49362692 "-" "Python-urllib/3.11"
34.72.247.156 - - [18/Apr/2025:11:02:55 +0200] "GET /Jurek/eurofirany/images/408855/3.jpg HTTP/1.1" 200 6595 "-" "Mozilla/5.0 (X11; Linux x86_64) AppleWebKit/537.36 (KHTML, like Gecko) Chrome/110.0.0.0 Safari/537.36"
34.72.247.156 - - [18/Apr/2025:11:02:58 +0200] "GET /Jurek/eurofirany/images/408855/3.jpg HTTP/1.1" 200 6595 "-" "Mozilla/5.0 (X11; Linux x86_64) AppleWebKit/537.36 (KHTML, like Gecko) Chrome/110.0.0.0 Safari/537.36"
52.209.168.113 - - [18/Apr/2025:11:03:01 +0200] "GET /marketplaces/rue/results/rue.csv HTTP/1.1" 200 147219 "-" "Mirakl HttpClient"
34.133.239.145 - - [18/Apr/2025:11:03:02 +0200] "GET /Jurek/eurofirany/images/408855/3.jpg HTTP/1.1" 200 6595 "-" "Mozilla/5.0 (X11; Linux x86_64) AppleWebKit/537.36 (KHTML, like Gecko) Chrome/110.0.0.0 Safari/537.36"
34.72.247.156 - - [18/Apr/2025:11:03:07 +0200] "GET /Jurek/eurofirany/images/408894/1.jpg HTTP/1.1" 200 193116 "-" "Mozilla/5.0 (X11; Linux x86_64) AppleWebKit/537.36 (KHTML, like Gecko) Chrome/110.0.0.0 Safari/537.36"
85.232.241.194 - - [18/Apr/2025:11:03:08 +0200] "GET /Jurek/kobi/feeds/kobi_vente_ne.xml HTTP/1.1" 200 943004 "-" "Python-urllib/3.11"
34.133.239.145 - - [18/Apr/2025:11:03:08 +0200] "GET /Jurek/eurofirany/images/408894/2.jpg HTTP/1.1" 200 116480 "-" "Mozilla/5.0 (X11; Linux x86_64) AppleWebKit/537.36 (KHTML, like Gecko) Chrome/110.0.0.0 Safari/537.36"
34.133.239.145 - - [18/Apr/2025:11:03:08 +0200] "GET /Jurek/eurofirany/images/408894/3.jpg HTTP/1.1" 200 6595 "-" "Mozilla/5.0 (X11; Linux x86_64) AppleWebKit/537.36 (KHTML, like Gecko) Chrome/110.0.0.0 Safari/537.36"
85.232.241.194 - - [18/Apr/2025:11:03:09 +0200] "GET /Jurek/topeshop/feeds/topeshop_vente_ne.xml HTTP/1.1" 200 2682090 "-" "Python-urllib/3.11"
85.232.241.194 - - [18/Apr/2025:11:03:09 +0200] "GET /Jurek/fernity/feeds/fernity_vente_ne.xml HTTP/1.1" 200 3256463 "-" "Python-urllib/3.11"
85.232.241.194 - - [18/Apr/2025:11:03:09 +0200] "GET /Jurek/kinghome/feeds/kinghome_vente_ne.xml HTTP/1.1" 200 5670308 "-" "Python-urllib/3.11"
85.232.241.194 - - [18/Apr/2025:11:03:09 +0200] "GET /Jurek/emibig/feeds/emibig_vente_ne.xml HTTP/1.1" 200 2522279 "-" "Python-urllib/3.11"
85.232.241.194 - - [18/Apr/2025:11:03:09 +0200] "GET /Jurek/b3/feeds/b3_vente_nl.xml HTTP/1.1" 200 8061545 "-" "Python-urllib/3.11"
85.232.241.194 - - [18/Apr/2025:11:03:09 +0200] "GET /Jurek/aw/feeds/aw_vente_nl.xml HTTP/1.1" 200 90499184 "-" "Python-urllib/3.11"
170.199.228.159 - - [18/Apr/2025:11:03:10 +0200] "GET /Jurek/eurofirany/images/408855/3.jpg HTTP/2.0" 200 6595 "-" "Mozilla/5.0 (X11; Linux x86_64) AppleWebKit/537.36 (KHTML, like Gecko) Chrome/110.0.0.0 Safari/537.36"
34.133.239.145 - - [18/Apr/2025:11:03:11 +0200] "GET /Jurek/eurofirany/images/408894/3.jpg HTTP/1.1" 200 6595 "-" "Mozilla/5.0 (X11; Linux x86_64) AppleWebKit/537.36 (KHTML, like Gecko) Chrome/110.0.0.0 Safari/537.36"
34.133.239.145 - - [18/Apr/2025:11:03:11 +0200] "GET /Jurek/eurofirany/images/408880/1.jpg HTTP/1.1" 200 164268 "-" "Mozilla/5.0 (X11; Linux x86_64) AppleWebKit/537.36 (KHTML, like Gecko) Chrome/110.0.0.0 Safari/537.36"
85.232.241.194 - - [18/Apr/2025:11:03:11 +0200] "GET /Jurek/asortymenteu/feeds/asortymenteu_vente_nl.xml HTTP/1.1" 200 2764724 "-" "Python-urllib/3.11"
85.232.241.194 - - [18/Apr/2025:11:03:11 +0200] "GET /Jurek/hurtownia_przemyslowa/feeds/hp_vente_nl.xml HTTP/1.1" 200 49362420 "-" "Python-urllib/3.11"
34.133.239.145 - - [18/Apr/2025:11:03:11 +0200] "GET /Jurek/eurofirany/images/408880/2.jpg HTTP/1.1" 200 117801 "-" "Mozilla/5.0 (X11; Linux x86_64) AppleWebKit/537.36 (KHTML, like Gecko) Chrome/110.0.0.0 Safari/537.36"
34.133.239.145 - - [18/Apr/2025:11:03:12 +0200] "GET /Jurek/eurofirany/images/408880/3.jpg HTTP/1.1" 200 6595 "-" "Mozilla/5.0 (X11; Linux x86_64) AppleWebKit/537.36 (KHTML, like Gecko) Chrome/110.0.0.0 Safari/537.36"
34.133.239.145 - - [18/Apr/2025:11:03:14 +0200] "GET /Jurek/eurofirany/images/408880/3.jpg HTTP/1.1" 200 6595 "-" "Mozilla/5.0 (X11; Linux x86_64) AppleWebKit/537.36 (KHTML, like Gecko) Chrome/110.0.0.0 Safari/537.36"
34.133.239.145 - - [18/Apr/2025:11:03:15 +0200] "GET /Jurek/eurofirany/images/408894/3.jpg HTTP/1.1" 200 6595 "-" "Mozilla/5.0 (X11; Linux x86_64) AppleWebKit/537.36 (KHTML, like Gecko) Chrome/110.0.0.0 Safari/537.36"
34.133.239.145 - - [18/Apr/2025:11:03:18 +0200] "GET /Jurek/eurofirany/images/408880/3.jpg HTTP/1.1" 200 6595 "-" "Mozilla/5.0 (X11; Linux x86_64) AppleWebKit/537.36 (KHTML, like Gecko) Chrome/110.0.0.0 Safari/537.36"
23.230.39.216 - - [18/Apr/2025:11:03:19 +0200] "GET /Jurek/eurofirany/images/408855/3.jpg HTTP/2.0" 200 6595 "-" "Mozilla/5.0 (X11; Linux x86_64) AppleWebKit/537.36 (KHTML, like Gecko) Chrome/110.0.0.0 Safari/537.36"
34.72.247.156 - - [18/Apr/2025:11:03:22 +0200] "GET /Jurek/eurofirany/images/408855/0.jpg HTTP/1.1" 200 126863 "-" "Mozilla/5.0 (X11; Linux x86_64) AppleWebKit/537.36 (KHTML, like Gecko) Chrome/110.0.0.0 Safari/537.36"
85.232.241.194 - - [18/Apr/2025:11:03:23 +0200] "GET /Jurek/kobi/feeds/kobi_vente_de.xml HTTP/1.1" 200 942973 "-" "Python-urllib/3.11"
85.232.241.194 - - [18/Apr/2025:11:03:24 +0200] "GET /Jurek/topeshop/feeds/topeshop_vente_de.xml HTTP/1.1" 200 2682030 "-" "Python-urllib/3.11"
85.232.241.194 - - [18/Apr/2025:11:03:24 +0200] "GET /Jurek/fernity/feeds/fernity_vente_de.xml HTTP/1.1" 200 3256445 "-" "Python-urllib/3.11"
85.232.241.194 - - [18/Apr/2025:11:03:24 +0200] "GET /Jurek/kinghome/feeds/kinghome_vente_de.xml HTTP/1.1" 200 5670293 "-" "Python-urllib/3.11"
85.232.241.194 - - [18/Apr/2025:11:03:24 +0200] "GET /Jurek/emibig/feeds/emibig_vente_de.xml HTTP/1.1" 200 2522200 "-" "Python-urllib/3.11"
85.232.241.194 - - [18/Apr/2025:11:03:25 +0200] "GET /Jurek/b3/feeds/b3_vente_de.xml HTTP/1.1" 200 8061587 "-" "Python-urllib/3.11"
85.232.241.194 - - [18/Apr/2025:11:03:25 +0200] "GET /Jurek/aw/feeds/aw_vente_de.xml HTTP/1.1" 200 90499108 "-" "Python-urllib/3.11"
85.232.241.194 - - [18/Apr/2025:11:03:26 +0200] "GET /Jurek/asortymenteu/feeds/asortymenteu_vente_de.xml HTTP/1.1" 200 2764726 "-" "Python-urllib/3.11"
45.39.255.226 - - [18/Apr/2025:11:03:27 +0200] "GET /Jurek/eurofirany/images/408880/3.jpg HTTP/2.0" 200 6595 "-" "Mozilla/5.0 (X11; Linux x86_64) AppleWebKit/537.36 (KHTML, like Gecko) Chrome/110.0.0.0 Safari/537.36"
85.232.241.194 - - [18/Apr/2025:11:03:27 +0200] "GET /Jurek/hurtownia_przemyslowa/feeds/hp_vente_de.xml HTTP/1.1" 200 49362196 "-" "Python-urllib/3.11"
136.0.110.103 - - [18/Apr/2025:11:03:31 +0200] "GET /Jurek/eurofirany/images/408894/3.jpg HTTP/2.0" 200 6595 "-" "Mozilla/5.0 (X11; Linux x86_64) AppleWebKit/537.36 (KHTML, like Gecko) Chrome/110.0.0.0 Safari/537.36"
52.209.168.113 - - [18/Apr/2025:11:03:31 +0200] "GET /marketplaces/carrefour/results/carrefour.csv HTTP/1.1" 200 147221 "-" "Mirakl HttpClient"
34.72.247.156 - - [18/Apr/2025:11:03:32 +0200] "GET /Jurek/eurofirany/images/408894/0.jpg HTTP/1.1" 200 165168 "-" "Mozilla/5.0 (X11; Linux x86_64) AppleWebKit/537.36 (KHTML, like Gecko) Chrome/110.0.0.0 Safari/537.36"
34.72.247.156 - - [18/Apr/2025:11:03:32 +0200] "GET /Jurek/eurofirany/images/398804/5.jpg HTTP/1.1" 200 60735 "-" "Mozilla/5.0 (X11; Linux x86_64) AppleWebKit/537.36 (KHTML, like Gecko) Chrome/110.0.0.0 Safari/537.36"
34.133.239.145 - - [18/Apr/2025:11:03:34 +0200] "GET /Jurek/eurofirany/images/398804/6.jpg HTTP/1.1" 200 93071 "-" "Mozilla/5.0 (X11; Linux x86_64) AppleWebKit/537.36 (KHTML, like Gecko) Chrome/110.0.0.0 Safari/537.36"
34.133.239.145 - - [18/Apr/2025:11:03:35 +0200] "GET /Jurek/eurofirany/images/398804/7.jpg HTTP/1.1" 200 125737 "-" "Mozilla/5.0 (X11; Linux x86_64) AppleWebKit/537.36 (KHTML, like Gecko) Chrome/110.0.0.0 Safari/537.36"
34.72.247.156 - - [18/Apr/2025:11:03:36 +0200] "GET /Jurek/eurofirany/images/398804/8.jpg HTTP/1.1" 200 6625 "-" "Mozilla/5.0 (X11; Linux x86_64) AppleWebKit/537.36 (KHTML, like Gecko) Chrome/110.0.0.0 Safari/537.36"
166.88.31.175 - - [18/Apr/2025:11:03:37 +0200] "GET /Jurek/eurofirany/images/408880/3.jpg HTTP/2.0" 200 6595 "-" "Mozilla/5.0 (X11; Linux x86_64) AppleWebKit/537.36 (KHTML, like Gecko) Chrome/110.0.0.0 Safari/537.36"
34.133.239.145 - - [18/Apr/2025:11:03:37 +0200] "GET /Jurek/eurofirany/images/408880/0.jpg HTTP/1.1" 200 144516 "-" "Mozilla/5.0 (X11; Linux x86_64) AppleWebKit/537.36 (KHTML, like Gecko) Chrome/110.0.0.0 Safari/537.36"
34.72.247.156 - - [18/Apr/2025:11:03:39 +0200] "GET /Jurek/eurofirany/images/398804/8.jpg HTTP/1.1" 200 6625 "-" "Mozilla/5.0 (X11; Linux x86_64) AppleWebKit/537.36 (KHTML, like Gecko) Chrome/110.0.0.0 Safari/537.36"
216.113.184.101 - - [18/Apr/2025:11:03:41 +0200] "GET /Jurek/eurofirany/images/448522/0.jpg HTTP/1.1" 200 170304 "-" "Java/17.0.13.0.101"
34.133.239.145 - - [18/Apr/2025:11:03:43 +0200] "GET /Jurek/eurofirany/images/398804/8.jpg HTTP/1.1" 200 6625 "-" "Mozilla/5.0 (X11; Linux x86_64) AppleWebKit/537.36 (KHTML, like Gecko) Chrome/110.0.0.0 Safari/537.36"
66.211.183.71 - - [18/Apr/2025:11:03:43 +0200] "GET /Jurek/eurofirany/images/408879/0.jpg HTTP/1.1" 200 120427 "-" "Java/17.0.13.0.101"
147.92.55.92 - - [18/Apr/2025:11:03:50 +0200] "GET /Jurek/eurofirany/images/398804/8.jpg HTTP/2.0" 200 6625 "-" "Mozilla/5.0 (X11; Linux x86_64) AppleWebKit/537.36 (KHTML, like Gecko) Chrome/110.0.0.0 Safari/537.36"
89.161.206.59 - - [18/Apr/2025:11:03:57 +0200] "GET /Jurek/swiatecznygoliat/feeds/swiatecznygoliat_skroutz.xml HTTP/1.0" 200 7054511 "-" "-"
162.244.144.175 - - [18/Apr/2025:11:03:59 +0200] "GET /Jurek/eurofirany/images/398804/8.jpg HTTP/2.0" 200 6625 "-" "Mozilla/5.0 (X11; Linux x86_64) AppleWebKit/537.36 (KHTML, like Gecko) Chrome/110.0.0.0 Safari/537.36"
34.72.247.156 - - [18/Apr/2025:11:04:00 +0200] "GET /Jurek/eurofirany/images/398804/0.jpg HTTP/1.1" 200 31541 "-" "Mozilla/5.0 (X11; Linux x86_64) AppleWebKit/537.36 (KHTML, like Gecko) Chrome/110.0.0.0 Safari/537.36"
88.220.33.218 - - [18/Apr/2025:11:04:19 +0200] "GET /Jurek/eurofirany/feeds/eurofirany_morele.xml HTTP/2.0" 200 19095827 "-" "MarketplaceAPI curl/7.64.0 PHP/8"
34.133.239.145 - - [18/Apr/2025:11:04:23 +0200] "GET /Jurek/eurofirany/images/5642/1.jpg HTTP/1.1" 200 6625 "-" "Mozilla/5.0 (X11; Linux x86_64) AppleWebKit/537.36 (KHTML, like Gecko) Chrome/110.0.0.0 Safari/537.36"
34.72.247.156 - - [18/Apr/2025:11:04:25 +0200] "GET /Jurek/eurofirany/images/5642/1.jpg HTTP/1.1" 200 6625 "-" "Mozilla/5.0 (X11; Linux x86_64) AppleWebKit/537.36 (KHTML, like Gecko) Chrome/110.0.0.0 Safari/537.36"
88.220.33.218 - - [18/Apr/2025:11:04:27 +0200] "GET /Jurek/vivaldi/feeds/vivaldi_Morele-PL.xml HTTP/2.0" 200 344674 "-" "MarketplaceAPI curl/7.64.0 PHP/8"
34.72.247.156 - - [18/Apr/2025:11:04:30 +0200] "GET /Jurek/eurofirany/images/5642/1.jpg HTTP/1.1" 200 6625 "-" "Mozilla/5.0 (X11; Linux x86_64) AppleWebKit/537.36 (KHTML, like Gecko) Chrome/110.0.0.0 Safari/537.36"
66.211.183.70 - - [18/Apr/2025:11:04:38 +0200] "GET /Jurek/eurofirany/images/459024/0.jpg HTTP/1.1" 200 105293 "-" "Java/17.0.13.0.101"
199.101.143.163 - - [18/Apr/2025:11:04:39 +0200] "GET /Jurek/eurofirany/images/5642/1.jpg HTTP/2.0" 200 6625 "-" "Mozilla/5.0 (X11; Linux x86_64) AppleWebKit/537.36 (KHTML, like Gecko) Chrome/110.0.0.0 Safari/537.36"
209.163.116.18 - - [18/Apr/2025:11:04:48 +0200] "GET /Jurek/eurofirany/images/5642/1.jpg HTTP/2.0" 200 6625 "-" "Mozilla/5.0 (X11; Linux x86_64) AppleWebKit/537.36 (KHTML, like Gecko) Chrome/110.0.0.0 Safari/537.36"
34.133.239.145 - - [18/Apr/2025:11:04:48 +0200] "GET /Jurek/eurofirany/images/5642/0.jpg HTTP/1.1" 200 145716 "-" "Mozilla/5.0 (X11; Linux x86_64) AppleWebKit/537.36 (KHTML, like Gecko) Chrome/110.0.0.0 Safari/537.36"
88.220.33.218 - - [18/Apr/2025:11:05:35 +0200] "GET /Jurek/aw/feeds/awnarzedzia_morele.xml HTTP/2.0" 200 90512181 "-" "MarketplaceAPI curl/7.64.0 PHP/8"
46.101.116.244 - - [18/Apr/2025:11:06:08 +0200] "GET /Jurek/aw/feeds/aw_fnacfr.xml HTTP/1.0" 404 3551 "-" "-"
88.220.33.218 - - [18/Apr/2025:11:06:11 +0200] "GET /Jurek/beliani/feeds/beliani_morele.xml HTTP/2.0" 200 31096021 "-" "MarketplaceAPI curl/7.64.0 PHP/8"
89.161.206.59 - - [18/Apr/2025:11:06:12 +0200] "GET /Jurek/cdata/feeds/cdata_cdsc.xml HTTP/1.0" 200 1865842 "-" "-"
89.161.206.59 - - [18/Apr/2025:11:06:12 +0200] "GET /Jurek/playcob/feeds/playcob_cdsc.xml HTTP/1.0" 200 6624581 "-" "-"
89.161.206.59 - - [18/Apr/2025:11:06:12 +0200] "GET /Jurek/elavia/feeds/elavia_cdsc.xml HTTP/1.0" 200 2085741 "-" "-"
89.161.206.59 - - [18/Apr/2025:11:06:13 +0200] "GET /Jurek/pagmil/feeds/pagmil_cdsc.xml HTTP/1.0" 200 1133297 "-" "-"
89.161.206.59 - - [18/Apr/2025:11:06:13 +0200] "GET /Jurek/proparts/feeds/proparts_cdsc.xml HTTP/1.0" 200 556022 "-" "-"
