77.79.248.229 - - [15/Apr/2025:07:44:21 +0200] "GET /Jurek/octopia/feeds/octopia_leroy.xml HTTP/1.1" 200 10104975 "-" "Python-urllib/3.11"
77.79.248.229 - - [15/Apr/2025:07:44:21 +0200] "GET /Jurek/waks/feeds/waks_leroy.xml HTTP/1.1" 200 1596552 "-" "Python-urllib/3.11"
77.79.248.229 - - [15/Apr/2025:07:44:22 +0200] "GET /Jurek/kinghoff/feeds/kinghoff_leroy.xml HTTP/1.1" 200 15489968 "-" "Python-urllib/3.11"
77.79.248.229 - - [15/Apr/2025:07:44:22 +0200] "GET /Jurek/hdwr/feeds/hdwr_leroy.xml HTTP/1.1" 200 789404 "-" "Python-urllib/3.11"
77.79.248.229 - - [15/Apr/2025:07:44:25 +0200] "GET /Jurek/barbecook/feeds/barbecook_leroy.xml HTTP/1.1" 200 87520 "-" "Python-urllib/3.11"
77.79.248.229 - - [15/Apr/2025:07:44:25 +0200] "GET /Jurek/sempler/feeds/sempler_leroy.xml HTTP/1.1" 200 6787915 "-" "Python-urllib/3.11"
77.79.248.229 - - [15/Apr/2025:07:44:25 +0200] "GET /Jurek/kinghome/feeds/kinghome_leroy.xml HTTP/1.1" 200 6042608 "-" "Python-urllib/3.11"
77.79.248.229 - - [15/Apr/2025:07:44:26 +0200] "GET /Jurek/ekolight/feeds/ekolioght_leroy.xml HTTP/1.1" 200 9052736 "-" "Python-urllib/3.11"
77.79.248.229 - - [15/Apr/2025:07:44:26 +0200] "GET /Jurek/bimboland/feeds/bimboland_leroy.xml HTTP/1.1" 200 2804673 "-" "Python-urllib/3.11"
77.79.248.229 - - [15/Apr/2025:07:44:28 +0200] "GET /Jurek/hurtmeblowy/feeds/hurtmeblowy_leroy.xml HTTP/1.1" 200 8495533 "-" "Python-urllib/3.11"
77.79.248.229 - - [15/Apr/2025:07:44:28 +0200] "GET /Jurek/fertone/feeds/fertone_leroy.xml HTTP/1.1" 200 576498 "-" "Python-urllib/3.11"
77.79.248.229 - - [15/Apr/2025:07:44:29 +0200] "GET /Jurek/ekuchcikowo/feeds/ekuchcikowo_leroy.xml HTTP/1.1" 200 12471028 "-" "Python-urllib/3.11"
46.101.116.244 - - [15/Apr/2025:07:44:29 +0200] "GET /Jurek/activeshop/feeds/activeshop_mallhu.xml HTTP/2.0" 200 10424822 "-" "-"
51.77.52.107 - - [15/Apr/2025:07:44:32 +0200] "GET /Jurek/eurofirany/images/460814/0.jpg HTTP/2.0" 200 170350 "-" "baselinker"
77.79.248.229 - - [15/Apr/2025:07:44:38 +0200] "GET /Jurek/intsell/feeds/intsell_leroy.xml HTTP/1.1" 200 342006987 "-" "Python-urllib/3.11"
77.79.248.229 - - [15/Apr/2025:07:44:38 +0200] "GET /Jurek/velinda/feeds/velinda_leroy.xml HTTP/1.1" 200 23436 "-" "Python-urllib/3.11"
77.79.248.229 - - [15/Apr/2025:07:44:39 +0200] "GET /Jurek/spali/feeds/spali_leroy.xml HTTP/1.1" 200 77053 "-" "Python-urllib/3.11"
77.79.248.229 - - [15/Apr/2025:07:44:39 +0200] "GET /Jurek/urwiskowo/feeds/urwiskowo_leroy.xml HTTP/1.1" 200 9115054 "-" "Python-urllib/3.11"
77.79.248.229 - - [15/Apr/2025:07:44:40 +0200] "GET /Jurek/erohurtownia/feeds/erohurtownia_leroy.xml HTTP/1.1" 200 22846497 "-" "Python-urllib/3.11"
77.79.248.229 - - [15/Apr/2025:07:44:40 +0200] "GET /Jurek/elecomp/feeds/elecomp_leroy.xml HTTP/1.1" 200 2867808 "-" "Python-urllib/3.11"
77.79.248.229 - - [15/Apr/2025:07:44:41 +0200] "GET /Jurek/rider/feeds/rider_leroy.xml HTTP/1.1" 200 8165180 "-" "Python-urllib/3.11"
77.79.248.229 - - [15/Apr/2025:07:44:41 +0200] "GET /Jurek/eurofryz2/feeds/eurofryz2_leroy.xml HTTP/1.1" 200 1376781 "-" "Python-urllib/3.11"
77.79.248.229 - - [15/Apr/2025:07:44:41 +0200] "GET /Jurek/expertauto/feeds/expertauto_leroy.xml HTTP/1.1" 200 1158929 "-" "Python-urllib/3.11"
77.79.248.229 - - [15/Apr/2025:07:44:41 +0200] "GET /Jurek/najtanszysport/feeds/najtanszysport_leroy.xml HTTP/1.1" 200 3983222 "-" "Python-urllib/3.11"
77.79.248.229 - - [15/Apr/2025:07:44:42 +0200] "GET /Jurek/kobi/feeds/kobi_leroy.xml HTTP/1.1" 200 1993164 "-" "Python-urllib/3.11"
77.79.248.229 - - [15/Apr/2025:07:44:42 +0200] "GET /Jurek/narzbud/feeds/narzbud_leroy.xml HTTP/1.1" 200 1901246 "-" "Python-urllib/3.11"
77.79.248.229 - - [15/Apr/2025:07:44:46 +0200] "GET /Jurek/awparts/feeds/awparts_leroy.xml HTTP/1.1" 200 142302682 "-" "Python-urllib/3.11"
51.77.52.107 - - [15/Apr/2025:07:44:46 +0200] "GET /Jurek/eurofirany/images/461623/0.jpg HTTP/2.0" 200 131372 "-" "baselinker"
77.79.248.229 - - [15/Apr/2025:07:44:47 +0200] "GET /Jurek/kidshop/feeds/kidshop_leroy.xml HTTP/1.1" 200 19850599 "-" "Python-urllib/3.11"
77.79.248.229 - - [15/Apr/2025:07:44:47 +0200] "GET /Jurek/playcob/feeds/playcob_leroy.xml HTTP/1.1" 200 6980189 "-" "Python-urllib/3.11"
77.79.248.229 - - [15/Apr/2025:07:44:49 +0200] "GET /Jurek/dropkz/feeds/dropkz_leroy.xml HTTP/1.1" 200 70014810 "-" "Python-urllib/3.11"
77.79.248.229 - - [15/Apr/2025:07:44:50 +0200] "GET /Jurek/hanex/feeds/hanex_leroy.xml HTTP/1.1" 200 13931572 "-" "Python-urllib/3.11"
77.79.248.229 - - [15/Apr/2025:07:44:50 +0200] "GET /Jurek/straganbiur/feeds/straganbiur_leroy.xml HTTP/1.1" 200 8892974 "-" "Python-urllib/3.11"
77.79.248.229 - - [15/Apr/2025:07:44:50 +0200] "GET /Jurek/roger/feeds/roger_leroy.xml HTTP/1.1" 200 1396549 "-" "Python-urllib/3.11"
77.79.248.229 - - [15/Apr/2025:07:44:51 +0200] "GET /Jurek/sportprise/feeds/sportprise_leroy.xml HTTP/1.1" 200 12725446 "-" "Python-urllib/3.11"
77.79.248.229 - - [15/Apr/2025:07:44:51 +0200] "GET /Jurek/hurtmeblowy/feeds/hurtmeblowy_leroy.xml HTTP/1.1" 200 8495533 "-" "Python-urllib/3.11"
77.79.248.229 - - [15/Apr/2025:07:44:52 +0200] "GET /Jurek/oknobest/feeds/oknobest_leroy.xml HTTP/1.1" 200 2707901 "-" "Python-urllib/3.11"
77.79.248.229 - - [15/Apr/2025:07:44:52 +0200] "GET /Jurek/german/feeds/german_leroy.xml HTTP/1.1" 200 2853573 "-" "Python-urllib/3.11"
77.79.248.229 - - [15/Apr/2025:07:44:52 +0200] "GET /Jurek/kristronik/feeds/kristronik_leroy.xml HTTP/1.1" 200 691970 "-" "Python-urllib/3.11"
51.77.52.107 - - [15/Apr/2025:07:44:52 +0200] "GET /Jurek/eurofirany/images/461623/0.jpg HTTP/2.0" 200 131372 "-" "baselinker"
77.79.248.229 - - [15/Apr/2025:07:44:53 +0200] "GET /Jurek/erohurtownia/feeds/erohurtownia_leroy.xml HTTP/1.1" 200 22846497 "-" "Python-urllib/3.11"
77.79.248.229 - - [15/Apr/2025:07:44:53 +0200] "GET /Jurek/smxdesign/feeds/smxdesign_leroy.xml HTTP/1.1" 200 1829040 "-" "Python-urllib/3.11"
77.79.248.229 - - [15/Apr/2025:07:44:53 +0200] "GET /Jurek/elavia/feeds/elavia_leroy.xml HTTP/1.1" 200 2497271 "-" "Python-urllib/3.11"
77.79.248.229 - - [15/Apr/2025:07:44:55 +0200] "GET /Jurek/relogy/feeds/relogy_leroy.xml HTTP/1.1" 200 66666154 "-" "Python-urllib/3.11"
77.79.248.229 - - [15/Apr/2025:07:44:55 +0200] "GET /Jurek/hlo/feeds/hlo_leroy.xml HTTP/1.1" 200 4838667 "-" "Python-urllib/3.11"
77.79.248.229 - - [15/Apr/2025:07:44:55 +0200] "GET /Jurek/aiofactory/feeds/aiofactory_leroy.xml HTTP/1.1" 200 2123777 "-" "Python-urllib/3.11"
51.77.52.107 - - [15/Apr/2025:07:44:56 +0200] "GET /Jurek/eurofirany/images/461623/0.jpg HTTP/2.0" 200 131372 "-" "baselinker"
77.79.248.229 - - [15/Apr/2025:07:44:56 +0200] "GET /Jurek/broers/feeds/broers_leroy.xml HTTP/1.1" 200 1982639 "-" "Python-urllib/3.11"
77.79.248.229 - - [15/Apr/2025:07:44:56 +0200] "GET /Jurek/euroshop/feeds/euroshop_leroy.xml HTTP/1.1" 200 20025475 "-" "Python-urllib/3.11"
77.79.248.229 - - [15/Apr/2025:07:44:56 +0200] "GET /Jurek/jankeski/feeds/jankeski_leroy.xml HTTP/1.1" 200 6571015 "-" "Python-urllib/3.11"
77.79.248.229 - - [15/Apr/2025:07:44:57 +0200] "GET /Jurek/zbimatyja/feeds/zbimatyja_leroy.xml HTTP/1.1" 200 11670191 "-" "Python-urllib/3.11"
77.79.248.229 - - [15/Apr/2025:07:44:57 +0200] "GET /Jurek/cdata/feeds/cdata_leroy.xml HTTP/1.1" 200 1445127 "-" "Python-urllib/3.11"
77.79.248.229 - - [15/Apr/2025:07:44:57 +0200] "GET /Jurek/asortymenteu/feeds/asortymenteu_leroy.xml HTTP/1.1" 200 2764557 "-" "Python-urllib/3.11"
77.79.248.229 - - [15/Apr/2025:07:44:58 +0200] "GET /Jurek/biokominki/feeds/biokominki_leroy.xml HTTP/1.1" 200 1422255 "-" "Python-urllib/3.11"
77.79.248.229 - - [15/Apr/2025:07:44:58 +0200] "GET /Jurek/newtechele/feeds/newtechele_leroy.xml HTTP/1.1" 200 2438467 "-" "Python-urllib/3.11"
77.79.248.229 - - [15/Apr/2025:07:44:58 +0200] "GET /Jurek/matkam/feeds/matkam_leroy.xml HTTP/1.1" 200 5000740 "-" "Python-urllib/3.11"
77.79.248.229 - - [15/Apr/2025:07:44:58 +0200] "GET /Jurek/cenoman/feeds/cenoman_leroy.xml HTTP/1.1" 200 5993191 "-" "Python-urllib/3.11"
51.77.52.107 - - [15/Apr/2025:07:44:59 +0200] "GET /Jurek/eurofirany/images/461624/0.jpg HTTP/2.0" 200 124804 "-" "baselinker"
77.79.248.229 - - [15/Apr/2025:07:45:00 +0200] "GET /Jurek/kamar/feeds/kamar_leroy.xml HTTP/1.1" 200 25549854 "-" "Python-urllib/3.11"
77.79.248.229 - - [15/Apr/2025:07:45:01 +0200] "GET /Jurek/avenido/feeds/avenido_leroy.xml HTTP/1.1" 200 720078 "-" "Python-urllib/3.11"
77.79.248.229 - - [15/Apr/2025:07:45:01 +0200] "GET /Jurek/zenex/feeds/zenex_leroy.xml HTTP/1.1" 200 540172 "-" "Python-urllib/3.11"
77.79.248.229 - - [15/Apr/2025:07:45:01 +0200] "GET /Jurek/filmal/feeds/filmal_leroy.xml HTTP/1.1" 200 139276 "-" "Python-urllib/3.11"
77.79.248.229 - - [15/Apr/2025:07:45:02 +0200] "GET /Jurek/makow/feeds/makow_leroy.xml HTTP/1.1" 200 21203794 "-" "Python-urllib/3.11"
77.79.248.229 - - [15/Apr/2025:07:45:03 +0200] "GET /Jurek/szpaklampy/feeds/szpaklampy_leroy.xml HTTP/1.1" 200 388208 "-" "Python-urllib/3.11"
77.79.248.229 - - [15/Apr/2025:07:45:03 +0200] "GET /Jurek/apresto/feeds/apresto_leroy.xml HTTP/1.1" 200 1327651 "-" "Python-urllib/3.11"
77.79.248.229 - - [15/Apr/2025:07:45:03 +0200] "GET /Jurek/nexus/feeds/nexus_leroy.xml HTTP/1.1" 200 226643 "-" "Python-urllib/3.11"
77.79.248.229 - - [15/Apr/2025:07:45:03 +0200] "GET /Jurek/em3/feeds/em3_leroy.xml HTTP/1.1" 200 258921 "-" "Python-urllib/3.11"
51.77.52.107 - - [15/Apr/2025:07:45:03 +0200] "GET /Jurek/eurofirany/images/461624/0.jpg HTTP/2.0" 200 124804 "-" "baselinker"
77.79.248.229 - - [15/Apr/2025:07:45:03 +0200] "GET /Jurek/mojeledy/feeds/mojeledy_leroy.xml HTTP/1.1" 200 1018430 "-" "Python-urllib/3.11"
77.79.248.229 - - [15/Apr/2025:07:45:04 +0200] "GET /Jurek/carbonyway/feeds/carbonyway_leroy.xml HTTP/1.1" 200 3076024 "-" "Python-urllib/3.11"
77.79.248.229 - - [15/Apr/2025:07:45:04 +0200] "GET /Jurek/kalama/feeds/kalama_leroy.xml HTTP/1.1" 200 2661734 "-" "Python-urllib/3.11"
77.79.248.229 - - [15/Apr/2025:07:45:04 +0200] "GET /Jurek/proadventure/feeds/proadventure_leroy.xml HTTP/1.1" 200 10763556 "-" "Python-urllib/3.11"
77.79.248.229 - - [15/Apr/2025:07:45:05 +0200] "GET /Jurek/sklep24amk/feeds/sklep24amk_leroy.xml HTTP/1.1" 200 3894571 "-" "Python-urllib/3.11"
51.77.52.107 - - [15/Apr/2025:07:45:07 +0200] "GET /Jurek/eurofirany/images/461624/0.jpg HTTP/2.0" 200 124804 "-" "baselinker"
77.79.248.229 - - [15/Apr/2025:07:45:11 +0200] "GET /Jurek/bloomglow/feeds/bloomglow_leroy.xml HTTP/1.1" 200 14095432 "-" "Python-urllib/3.11"
46.101.116.244 - - [15/Apr/2025:07:45:17 +0200] "GET /Jurek/action/feeds/action_mallhugs.xml HTTP/2.0" 200 60284570 "-" "-"
51.77.52.107 - - [15/Apr/2025:07:45:23 +0200] "GET /Jurek/eurofirany/images/464429/0.jpg HTTP/2.0" 200 91716 "-" "baselinker"
51.77.52.107 - - [15/Apr/2025:07:45:29 +0200] "GET /Jurek/eurofirany/images/464429/0.jpg HTTP/2.0" 200 91716 "-" "baselinker"
51.77.52.107 - - [15/Apr/2025:07:45:34 +0200] "GET /Jurek/eurofirany/images/464429/0.jpg HTTP/2.0" 200 91716 "-" "baselinker"
178.21.154.6 - - [15/Apr/2025:07:45:34 +0200] "GET /Jurek/eurofirany/images/469590/0.jpg HTTP/1.1" 200 136603 "-" "-"
46.101.116.244 - - [15/Apr/2025:07:45:35 +0200] "GET /Jurek/b3/feeds/b3_mallhugs.xml HTTP/2.0" 200 8038488 "-" "-"
51.77.52.107 - - [15/Apr/2025:07:45:38 +0200] "GET /Jurek/eurofirany/images/464431/0.jpg HTTP/2.0" 200 139144 "-" "baselinker"
51.77.52.107 - - [15/Apr/2025:07:45:44 +0200] "GET /Jurek/eurofirany/images/464431/0.jpg HTTP/2.0" 200 139144 "-" "baselinker"
46.101.116.244 - - [15/Apr/2025:07:45:47 +0200] "GET /Jurek/benbaby/feeds/benbaby_mallhugs.xml HTTP/2.0" 200 3634006 "-" "-"
51.77.52.107 - - [15/Apr/2025:07:45:48 +0200] "GET /Jurek/eurofirany/images/464431/0.jpg HTTP/2.0" 200 139144 "-" "baselinker"
5.134.208.158 - - [15/Apr/2025:07:45:51 +0200] "GET /Jurek/eurofirany/images/462091/0.jpg HTTP/1.1" 206 256 "https://www.ceneo.pl" "Mozilla/5.0 (Windows NT 10.0; Win64; x64) AppleWebKit/537.36 (KHTML, like Gecko) Chrome/87.0.4280.141 Safari/537.36"
5.134.208.158 - - [15/Apr/2025:07:45:51 +0200] "GET /Jurek/eurofirany/images/462091/0.jpg HTTP/1.1" 200 36471 "-" "-"
51.77.52.107 - - [15/Apr/2025:07:45:53 +0200] "GET /Jurek/eurofirany/images/464434/0.jpg HTTP/2.0" 200 122938 "-" "baselinker"
46.101.116.244 - - [15/Apr/2025:07:45:57 +0200] "GET /Jurek/emibig/feeds/emibig_mallhugs.xml HTTP/2.0" 200 2530874 "-" "-"
46.101.116.244 - - [15/Apr/2025:07:46:09 +0200] "GET /Jurek/hurtownia_przemyslowa/feeds/hp_mallhugs.xml HTTP/2.0" 200 49398797 "-" "-"
51.77.52.107 - - [15/Apr/2025:07:46:11 +0200] "GET /Jurek/eurofirany/images/464434/0.jpg HTTP/2.0" 200 122938 "-" "baselinker"
51.77.52.107 - - [15/Apr/2025:07:46:17 +0200] "GET /Jurek/eurofirany/images/464434/0.jpg HTTP/2.0" 200 122938 "-" "baselinker"
46.101.116.244 - - [15/Apr/2025:07:46:23 +0200] "GET /Jurek/aw/feeds/aw_fnacfr.xml HTTP/1.0" 404 3551 "-" "-"
51.77.52.107 - - [15/Apr/2025:07:46:26 +0200] "GET /Jurek/eurofirany/images/464436/0.jpg HTTP/2.0" 200 93588 "-" "baselinker"
51.77.52.107 - - [15/Apr/2025:07:46:31 +0200] "GET /Jurek/eurofirany/images/464436/0.jpg HTTP/2.0" 200 93588 "-" "baselinker"
5.134.208.158 - - [15/Apr/2025:07:47:01 +0200] "GET /Jurek/eurofirany/images/467996/0.jpg HTTP/1.1" 206 256 "https://www.ceneo.pl" "Mozilla/5.0 (Windows NT 10.0; Win64; x64) AppleWebKit/537.36 (KHTML, like Gecko) Chrome/87.0.4280.141 Safari/537.36"
5.134.208.158 - - [15/Apr/2025:07:47:02 +0200] "GET /Jurek/eurofirany/images/467996/0.jpg HTTP/1.1" 206 256 "https://www.ceneo.pl" "Mozilla/5.0 (Windows NT 10.0; Win64; x64) AppleWebKit/537.36 (KHTML, like Gecko) Chrome/87.0.4280.141 Safari/537.36"
5.134.208.158 - - [15/Apr/2025:07:47:02 +0200] "GET /Jurek/eurofirany/images/467996/1.jpg HTTP/1.1" 206 256 "https://www.ceneo.pl" "Mozilla/5.0 (Windows NT 10.0; Win64; x64) AppleWebKit/537.36 (KHTML, like Gecko) Chrome/87.0.4280.141 Safari/537.36"
5.134.208.158 - - [15/Apr/2025:07:47:06 +0200] "GET /Jurek/eurofirany/images/433263/0.jpg HTTP/1.1" 206 256 "https://www.ceneo.pl" "Mozilla/5.0 (Windows NT 10.0; Win64; x64) AppleWebKit/537.36 (KHTML, like Gecko) Chrome/87.0.4280.141 Safari/537.36"
5.134.208.158 - - [15/Apr/2025:07:47:06 +0200] "GET /Jurek/eurofirany/images/433263/0.jpg HTTP/1.1" 206 256 "https://www.ceneo.pl" "-"
5.134.208.158 - - [15/Apr/2025:07:47:06 +0200] "GET /Jurek/eurofirany/images/433263/0.jpg HTTP/1.1" 200 6625 "-" "-"
46.101.116.244 - - [15/Apr/2025:07:47:10 +0200] "GET /Jurek/kinghoff/feeds/kinghoff_mallhu.xml HTTP/2.0" 200 15496572 "-" "-"
46.101.116.244 - - [15/Apr/2025:07:47:23 +0200] "GET /Jurek/fernity/feeds/fernity_mallhu.xml HTTP/2.0" 200 4805163 "-" "-"
51.77.52.107 - - [15/Apr/2025:07:47:31 +0200] "GET /Jurek/eurofirany/images/464436/0.jpg HTTP/2.0" 200 93588 "-" "baselinker"
46.101.116.244 - - [15/Apr/2025:07:47:36 +0200] "GET /Jurek/beliani/feeds/beliani_hu.xml HTTP/2.0" 200 43462521 "-" "-"
51.77.52.107 - - [15/Apr/2025:07:47:38 +0200] "GET /Jurek/eurofirany/images/460054/0.jpg HTTP/2.0" 200 66052 "-" "baselinker"
51.77.52.107 - - [15/Apr/2025:07:47:53 +0200] "GET /Jurek/eurofirany/images/460054/0.jpg HTTP/2.0" 200 66052 "-" "baselinker"
46.101.116.244 - - [15/Apr/2025:07:48:01 +0200] "GET /Jurek/detian/feeds/detian_mallhu.xml HTTP/2.0" 404 3551 "-" "-"
51.77.52.107 - - [15/Apr/2025:07:48:07 +0200] "GET /Jurek/eurofirany/images/460054/0.jpg HTTP/2.0" 200 66052 "-" "baselinker"
51.77.52.107 - - [15/Apr/2025:07:48:10 +0200] "GET /Jurek/eurofirany/images/456589/0.jpg HTTP/2.0" 200 129177 "-" "baselinker"
46.101.116.244 - - [15/Apr/2025:07:48:11 +0200] "GET /Jurek/flhf/feeds/flhf_mallsi.xml HTTP/2.0" 404 3551 "-" "-"
51.77.52.107 - - [15/Apr/2025:07:48:26 +0200] "GET /Jurek/eurofirany/images/456589/0.jpg HTTP/2.0" 200 129177 "-" "baselinker"
51.77.52.107 - - [15/Apr/2025:07:48:32 +0200] "GET /Jurek/eurofirany/images/456589/0.jpg HTTP/2.0" 200 129177 "-" "baselinker"
89.161.206.59 - - [15/Apr/2025:07:48:33 +0200] "GET /Jurek/eurofryz/feeds/eurofryz_cdsc.xml HTTP/1.0" 200 830780 "-" "-"
51.77.52.107 - - [15/Apr/2025:07:48:37 +0200] "GET /Jurek/eurofirany/images/455720/0.jpg HTTP/2.0" 200 37861 "-" "baselinker"
51.77.52.107 - - [15/Apr/2025:07:48:50 +0200] "GET /Jurek/eurofirany/images/455720/0.jpg HTTP/2.0" 200 37861 "-" "baselinker"
51.77.52.107 - - [15/Apr/2025:07:48:59 +0200] "GET /Jurek/eurofirany/images/455720/0.jpg HTTP/2.0" 200 37861 "-" "baselinker"
51.77.52.107 - - [15/Apr/2025:07:49:04 +0200] "GET /Jurek/eurofirany/images/455721/0.jpg HTTP/2.0" 200 31629 "-" "baselinker"
51.77.52.107 - - [15/Apr/2025:07:49:15 +0200] "GET /Jurek/eurofirany/images/455721/0.jpg HTTP/2.0" 200 31629 "-" "baselinker"
51.77.52.107 - - [15/Apr/2025:07:49:19 +0200] "GET /Jurek/eurofirany/images/455721/0.jpg HTTP/2.0" 200 31629 "-" "baselinker"
51.77.52.107 - - [15/Apr/2025:07:49:33 +0200] "GET /Jurek/eurofirany/images/455731/0.jpg HTTP/2.0" 200 27644 "-" "baselinker"
51.77.52.107 - - [15/Apr/2025:07:49:45 +0200] "GET /Jurek/eurofirany/images/455731/0.jpg HTTP/2.0" 200 27644 "-" "baselinker"
51.77.52.107 - - [15/Apr/2025:07:49:59 +0200] "GET /Jurek/eurofirany/images/455731/0.jpg HTTP/2.0" 200 27644 "-" "baselinker"
51.77.52.107 - - [15/Apr/2025:07:50:10 +0200] "GET /Jurek/eurofirany/images/455732/0.jpg HTTP/2.0" 200 27920 "-" "baselinker"
51.77.52.107 - - [15/Apr/2025:07:50:22 +0200] "GET /Jurek/eurofirany/images/455732/0.jpg HTTP/2.0" 200 27920 "-" "baselinker"
51.77.52.107 - - [15/Apr/2025:07:50:32 +0200] "GET /Jurek/eurofirany/images/455732/0.jpg HTTP/2.0" 200 27920 "-" "baselinker"
51.77.52.107 - - [15/Apr/2025:07:50:41 +0200] "GET /Jurek/eurofirany/images/455733/0.jpg HTTP/2.0" 200 27671 "-" "baselinker"
51.77.52.107 - - [15/Apr/2025:07:50:56 +0200] "GET /Jurek/eurofirany/images/455733/0.jpg HTTP/2.0" 200 27671 "-" "baselinker"
51.77.52.107 - - [15/Apr/2025:07:50:59 +0200] "GET /Jurek/eurofirany/images/455733/0.jpg HTTP/2.0" 200 27671 "-" "baselinker"
51.77.52.107 - - [15/Apr/2025:07:51:11 +0200] "GET /Jurek/eurofirany/images/459655/0.jpg HTTP/2.0" 200 134949 "-" "baselinker"
51.77.52.107 - - [15/Apr/2025:07:51:27 +0200] "GET /Jurek/eurofirany/images/459655/0.jpg HTTP/2.0" 200 134949 "-" "baselinker"
51.77.52.107 - - [15/Apr/2025:07:51:41 +0200] "GET /Jurek/eurofirany/images/459655/0.jpg HTTP/2.0" 200 134949 "-" "baselinker"
46.101.116.244 - - [15/Apr/2025:07:51:45 +0200] "GET /Jurek/aw/feeds/aw_fnacfr.xml HTTP/1.0" 404 3551 "-" "-"
51.77.52.107 - - [15/Apr/2025:07:51:55 +0200] "GET /Jurek/eurofirany/images/459653/0.jpg HTTP/2.0" 200 108559 "-" "baselinker"
51.77.52.107 - - [15/Apr/2025:07:52:07 +0200] "GET /Jurek/eurofirany/images/459653/0.jpg HTTP/2.0" 200 108559 "-" "baselinker"
51.77.52.107 - - [15/Apr/2025:07:52:12 +0200] "GET /Jurek/eurofirany/images/459653/0.jpg HTTP/2.0" 200 108559 "-" "baselinker"
51.77.52.107 - - [15/Apr/2025:07:52:26 +0200] "GET /Jurek/eurofirany/images/459650/0.jpg HTTP/2.0" 200 87551 "-" "baselinker"
51.77.52.107 - - [15/Apr/2025:07:52:38 +0200] "GET /Jurek/eurofirany/images/459650/0.jpg HTTP/2.0" 200 87551 "-" "baselinker"
51.77.52.107 - - [15/Apr/2025:07:52:51 +0200] "GET /Jurek/eurofirany/images/459650/0.jpg HTTP/2.0" 200 87551 "-" "baselinker"
51.77.52.107 - - [15/Apr/2025:07:53:04 +0200] "GET /Jurek/eurofirany/images/459651/0.jpg HTTP/2.0" 200 136203 "-" "baselinker"
51.77.52.107 - - [15/Apr/2025:07:53:15 +0200] "GET /Jurek/eurofirany/images/459651/0.jpg HTTP/2.0" 200 136203 "-" "baselinker"
51.77.52.107 - - [15/Apr/2025:07:53:21 +0200] "GET /Jurek/eurofirany/images/459651/0.jpg HTTP/2.0" 200 136203 "-" "baselinker"
51.77.52.107 - - [15/Apr/2025:07:53:35 +0200] "GET /Jurek/eurofirany/images/459656/0.jpg HTTP/2.0" 200 100232 "-" "baselinker"
51.77.52.107 - - [15/Apr/2025:07:53:47 +0200] "GET /Jurek/eurofirany/images/459656/0.jpg HTTP/2.0" 200 100232 "-" "baselinker"
51.77.52.107 - - [15/Apr/2025:07:53:58 +0200] "GET /Jurek/eurofirany/images/459656/0.jpg HTTP/2.0" 200 100232 "-" "baselinker"
51.77.52.107 - - [15/Apr/2025:07:54:10 +0200] "GET /Jurek/eurofirany/images/459648/0.jpg HTTP/2.0" 200 158034 "-" "baselinker"
77.79.248.229 - - [15/Apr/2025:07:54:20 +0200] "GET /Jurek/vidaSI/feeds/vidaSI_bigbang.xml HTTP/1.1" 200 621907549 "-" "Python-urllib/3.11"
51.77.52.107 - - [15/Apr/2025:07:54:22 +0200] "GET /Jurek/eurofirany/images/459648/0.jpg HTTP/2.0" 200 158034 "-" "baselinker"
51.77.52.107 - - [15/Apr/2025:07:54:35 +0200] "GET /Jurek/eurofirany/images/459648/0.jpg HTTP/2.0" 200 158034 "-" "baselinker"
51.77.52.107 - - [15/Apr/2025:07:54:59 +0200] "GET /Jurek/eurofirany/images/459660/0.jpg HTTP/2.0" 200 167145 "-" "baselinker"
51.77.52.107 - - [15/Apr/2025:07:55:09 +0200] "GET /Jurek/eurofirany/images/459660/0.jpg HTTP/2.0" 200 167145 "-" "baselinker"
89.161.206.59 - - [15/Apr/2025:07:55:19 +0200] "GET /Jurek/tsjerzy/feeds/tsjerzy_amazonde.xml HTTP/1.0" 200 3897711 "-" "-"
51.77.52.107 - - [15/Apr/2025:07:55:25 +0200] "GET /Jurek/eurofirany/images/459660/0.jpg HTTP/2.0" 200 167145 "-" "baselinker"
51.77.52.107 - - [15/Apr/2025:07:55:50 +0200] "GET /Jurek/eurofirany/images/459647/0.jpg HTTP/2.0" 200 86009 "-" "baselinker"
89.161.206.59 - - [15/Apr/2025:07:55:57 +0200] "GET /Jurek/eurofirany/feeds/eurofirany_skroutz.xml HTTP/1.0" 200 19093514 "-" "-"
51.77.52.107 - - [15/Apr/2025:07:56:03 +0200] "GET /Jurek/eurofirany/images/459647/0.jpg HTTP/2.0" 200 86009 "-" "baselinker"
51.77.52.107 - - [15/Apr/2025:07:56:15 +0200] "GET /Jurek/eurofirany/images/459647/0.jpg HTTP/2.0" 200 86009 "-" "baselinker"
51.77.52.107 - - [15/Apr/2025:07:56:30 +0200] "GET /Jurek/eurofirany/images/459658/0.jpg HTTP/2.0" 200 91938 "-" "baselinker"
46.101.116.244 - - [15/Apr/2025:07:56:35 +0200] "GET /Jurek/aw/feeds/aw_fnacfr.xml HTTP/1.0" 404 3551 "-" "-"
89.161.206.59 - - [15/Apr/2025:07:56:38 +0200] "GET /Jurek/aiofactory/feeds/aiofactory_cdsc.xml HTTP/1.0" 200 1192810 "-" "-"
89.161.206.59 - - [15/Apr/2025:07:56:38 +0200] "GET /Jurek/kobi/feeds/kobi_cdsc.xml HTTP/1.0" 200 544142 "-" "-"
89.161.206.59 - - [15/Apr/2025:07:56:38 +0200] "GET /Jurek/hurtmeblowy/feeds/hurtmeblowy_cdsc.xml HTTP/1.0" 200 5247831 "-" "-"
89.161.206.59 - - [15/Apr/2025:07:56:41 +0200] "GET /Jurek/zenex/feeds/zenex_cdsc.xml HTTP/1.0" 200 540183 "-" "-"
89.161.206.59 - - [15/Apr/2025:07:56:41 +0200] "GET /Jurek/avenido/feeds/avenido_cdsc.xml HTTP/1.0" 200 449199 "-" "-"
89.161.206.59 - - [15/Apr/2025:07:56:42 +0200] "GET /Jurek/filmal/feeds/filmal_cdsc.xml HTTP/1.0" 200 105881 "-" "-"
89.161.206.59 - - [15/Apr/2025:07:56:42 +0200] "GET /Jurek/riko/feeds/riko_cdsc.xml HTTP/1.0" 200 3649201 "-" "-"
89.161.206.59 - - [15/Apr/2025:07:56:43 +0200] "GET /Jurek/ikonka/feeds/ikonka_cdsc.xml HTTP/1.0" 200 22207463 "-" "-"
51.77.52.107 - - [15/Apr/2025:07:56:44 +0200] "GET /Jurek/eurofirany/images/459658/0.jpg HTTP/2.0" 200 91938 "-" "baselinker"
46.101.116.244 - - [15/Apr/2025:07:56:52 +0200] "GET /Jurek/intsell/feeds/intsell_skroutz.xml HTTP/1.0" 200 269817819 "-" "-"
51.77.52.107 - - [15/Apr/2025:07:56:57 +0200] "GET /Jurek/eurofirany/images/459658/0.jpg HTTP/2.0" 200 91938 "-" "baselinker"
51.77.52.107 - - [15/Apr/2025:07:57:16 +0200] "GET /Jurek/eurofirany/images/459649/0.jpg HTTP/2.0" 200 94349 "-" "baselinker"
213.180.203.204 - - [15/Apr/2025:07:57:16 +0200] "GET /robots.txt HTTP/1.1" 404 3551 "-" "Mozilla/5.0 (compatible; YandexBot/3.0; +http://yandex.com/bots)"
5.255.231.125 - - [15/Apr/2025:07:57:17 +0200] "GET /Jurek/topeshop/downloaded_images/5904507204327_2-_1_sonoma_allegro.png HTTP/1.1" 200 1169219 "-" "Mozilla/5.0 (compatible; YandexImages/3.0; +http://yandex.com/bots)"
89.161.206.59 - - [15/Apr/2025:07:57:27 +0200] "GET /Jurek/aiofactory/feeds/aiofactory_skroutz.xml HTTP/1.0" 200 1876554 "-" "-"
51.77.52.107 - - [15/Apr/2025:07:57:32 +0200] "GET /Jurek/eurofirany/images/459649/0.jpg HTTP/2.0" 200 94349 "-" "baselinker"
51.77.52.107 - - [15/Apr/2025:07:57:55 +0200] "GET /Jurek/eurofirany/images/459649/0.jpg HTTP/2.0" 200 94349 "-" "baselinker"
167.94.138.122 - - [15/Apr/2025:07:58:01 +0200] "GET / HTTP/1.1" 403 3541 "-" "Mozilla/5.0 (compatible; CensysInspect/1.1; +https://about.censys.io/)"
51.77.52.107 - - [15/Apr/2025:07:58:08 +0200] "GET /Jurek/eurofirany/images/459757/0.jpg HTTP/2.0" 200 110779 "-" "baselinker"
89.161.206.59 - - [15/Apr/2025:07:58:13 +0200] "GET /Jurek/eurofryz2/feeds/eurofryz2_skroutz.xml HTTP/1.0" 200 1376719 "-" "-"
89.161.206.59 - - [15/Apr/2025:07:58:13 +0200] "GET /Jurek/eurofryz3/feeds/eurofryz3_skroutz.xml HTTP/1.0" 200 172214 "-" "-"
89.161.206.59 - - [15/Apr/2025:07:58:13 +0200] "GET /Jurek/lendo/feeds/lendo_skroutz.xml HTTP/1.0" 200 330389 "-" "-"
89.161.206.59 - - [15/Apr/2025:07:58:13 +0200] "GET /Jurek/dekornatort/feeds/dekornatort_skroutz.xml HTTP/1.0" 200 225745 "-" "-"
89.161.206.59 - - [15/Apr/2025:07:58:16 +0200] "GET /Jurek/nexus/feeds/nexus_skroutz.xml HTTP/1.0" 200 226636 "-" "-"
89.161.206.59 - - [15/Apr/2025:07:58:16 +0200] "GET /Jurek/alucon/feeds/alucon_skroutz.xml HTTP/1.0" 200 553579 "-" "-"
89.161.206.59 - - [15/Apr/2025:07:58:16 +0200] "GET /Jurek/playcob/feeds/playcob_skroutz.xml HTTP/1.0" 200 6980175 "-" "-"
89.161.206.59 - - [15/Apr/2025:07:58:18 +0200] "GET /Jurek/cbdgreen/feeds/cbdgreen_skroutz.xml HTTP/1.0" 200 30343 "-" "-"
89.161.206.59 - - [15/Apr/2025:07:58:19 +0200] "GET /Jurek/aiofactory/feeds/aiofactory_ebayde.xml HTTP/1.0" 200 2123787 "-" "-"
51.77.52.107 - - [15/Apr/2025:07:58:22 +0200] "GET /Jurek/eurofirany/images/459757/0.jpg HTTP/2.0" 200 110779 "-" "baselinker"
89.161.206.59 - - [15/Apr/2025:07:58:27 +0200] "GET /Jurek/kobi/feeds/kobi_ebayde.xml HTTP/1.0" 200 713589 "-" "-"
51.77.52.107 - - [15/Apr/2025:07:58:38 +0200] "GET /Jurek/eurofirany/images/459757/0.jpg HTTP/2.0" 200 110779 "-" "baselinker"
167.94.138.122 - - [15/Apr/2025:07:58:41 +0200] "GET /favicon.ico HTTP/1.1" 403 3541 "-" "Mozilla/5.0 (compatible; CensysInspect/1.1; +https://about.censys.io/)"
89.161.206.59 - - [15/Apr/2025:07:58:47 +0200] "GET /Jurek/matkam/feeds/matkam_skroutz.xml HTTP/1.0" 200 4425965 "-" "-"
89.161.206.59 - - [15/Apr/2025:07:58:52 +0200] "GET /Jurek/smxdesign/feeds/smxdesign_skroutz.xml HTTP/1.0" 200 1829024 "-" "-"
51.77.52.107 - - [15/Apr/2025:07:58:54 +0200] "GET /Jurek/eurofirany/images/459652/0.jpg HTTP/2.0" 200 85375 "-" "baselinker"
89.161.206.59 - - [15/Apr/2025:07:58:54 +0200] "GET /Jurek/proparts/feeds/proparts_skroutz.xml HTTP/1.0" 200 707484 "-" "-"
51.77.52.107 - - [15/Apr/2025:07:59:01 +0200] "GET /Jurek/eurofirany/images/459652/0.jpg HTTP/2.0" 200 85375 "-" "baselinker"
89.161.206.59 - - [15/Apr/2025:07:59:05 +0200] "GET /Jurek/kristronik/feeds/kristronik_skroutz.xml HTTP/1.0" 200 691970 "-" "-"
89.161.206.59 - - [15/Apr/2025:07:59:07 +0200] "GET /Jurek/beltimore/feeds/beltimore_skroutz.xml HTTP/1.0" 200 18651535 "-" "-"
89.161.206.59 - - [15/Apr/2025:07:59:08 +0200] "GET /Jurek/galopibhp/feeds/galopibhp_skroutz.xml HTTP/1.0" 200 1972865 "-" "-"
89.161.206.59 - - [15/Apr/2025:07:59:10 +0200] "GET /Jurek/techrebalina/feeds/techrebalina_skroutz.xml HTTP/1.0" 200 2011198 "-" "-"
89.161.206.59 - - [15/Apr/2025:07:59:11 +0200] "GET /Jurek/techrebal/feeds/techrebal_skroutz.xml HTTP/1.0" 200 1989733 "-" "-"
51.77.52.107 - - [15/Apr/2025:07:59:15 +0200] "GET /Jurek/eurofirany/images/459652/0.jpg HTTP/2.0" 200 85375 "-" "baselinker"
89.161.206.59 - - [15/Apr/2025:07:59:27 +0200] "GET /Jurek/kinghoff/feeds/kinghoff_SkroutzGR.xml HTTP/1.0" 200 15490023 "-" "-"
89.161.206.59 - - [15/Apr/2025:07:59:29 +0200] "GET /Jurek/nonabox/feeds/nonabox_skroutz.xml HTTP/1.0" 200 33865 "-" "-"
89.161.206.59 - - [15/Apr/2025:07:59:30 +0200] "GET /Jurek/omi/feeds/omi_skroutz.xml HTTP/1.0" 200 8105533 "-" "-"
89.161.206.59 - - [15/Apr/2025:07:59:33 +0200] "GET /Jurek/eoptimo/feeds/eoptimo_skroutz.xml HTTP/1.0" 200 2094337 "-" "-"
89.161.206.59 - - [15/Apr/2025:07:59:33 +0200] "GET /Jurek/broers/feeds/broers_skroutz.xml HTTP/1.0" 200 1982623 "-" "-"
51.77.52.107 - - [15/Apr/2025:07:59:33 +0200] "GET /Jurek/eurofirany/images/459654/0.jpg HTTP/2.0" 200 84152 "-" "baselinker"
51.77.52.107 - - [15/Apr/2025:07:59:46 +0200] "GET /Jurek/eurofirany/images/459654/0.jpg HTTP/2.0" 200 84152 "-" "baselinker"
51.77.52.107 - - [15/Apr/2025:07:59:59 +0200] "GET /Jurek/eurofirany/images/459654/0.jpg HTTP/2.0" 200 84152 "-" "baselinker"
164.92.232.189 - - [15/Apr/2025:08:00:02 +0200] "GET /subskrypcje/AMD/feeds/amd_cz.xml HTTP/1.1" 200 518486 "-" "-"
193.33.8.61 - - [15/Apr/2025:08:00:02 +0200] "GET /Jurek/fertes/feeds/fertes_cdsc.xml HTTP/2.0" 200 2192525 "https://konsola.dkkapusta1997.usermd.net/" "Mozilla/5.0 (Windows NT 10.0; Win64; x64) AppleWebKit/537.36 (KHTML, like Gecko) Chrome/135.0.0.0 Safari/537.36"
193.33.8.61 - - [15/Apr/2025:08:00:07 +0200] "GET /favicon.ico HTTP/2.0" 404 3551 "https://dkkapusta1997.usermd.net/Jurek/fertes/feeds/fertes_cdsc.xml" "Mozilla/5.0 (Windows NT 10.0; Win64; x64) AppleWebKit/537.36 (KHTML, like Gecko) Chrome/135.0.0.0 Safari/537.36"
77.79.248.229 - - [15/Apr/2025:08:00:07 +0200] "GET /Jurek/fertes/feeds/fertes_cdsc.xml HTTP/1.1" 200 2192525 "-" "Python-urllib/3.11"
51.77.52.107 - - [15/Apr/2025:08:00:12 +0200] "GET /Jurek/eurofirany/images/459657/0.jpg HTTP/2.0" 200 89899 "-" "baselinker"
164.92.232.189 - - [15/Apr/2025:08:00:12 +0200] "GET /subskrypcje/AMD/feeds/amd_sk.xml HTTP/1.1" 200 528562 "-" "-"
164.92.232.189 - - [15/Apr/2025:08:00:12 +0200] "GET /subskrypcje/OverHorse/overhorse_mallcz.xml HTTP/1.1" 200 112935 "-" "-"
89.161.206.59 - - [15/Apr/2025:08:00:21 +0200] "GET /Jurek/cenoman/feeds/cenoman_skroutz.xml HTTP/1.0" 200 5993170 "-" "-"
89.161.206.59 - - [15/Apr/2025:08:00:22 +0200] "GET /Jurek/em3/feeds/em3_skroutz.xml HTTP/1.0" 200 258931 "-" "-"
164.92.232.189 - - [15/Apr/2025:08:00:23 +0200] "GET /subskrypcje/mondex/feeds/mondex_mall_cz.xml HTTP/1.1" 200 2203515 "-" "-"
89.161.206.59 - - [15/Apr/2025:08:00:34 +0200] "GET /Jurek/hurtownia_przemyslowa/feeds/hp_ebayde.xml HTTP/1.0" 200 35621031 "-" "-"
52.209.168.113 - - [15/Apr/2025:08:00:38 +0200] "GET /marketplaces/ubaldi/results/ubaldi.csv HTTP/1.1" 200 3434491 "-" "Mirakl HttpClient"
51.77.52.107 - - [15/Apr/2025:08:00:47 +0200] "GET /Jurek/eurofirany/images/459657/0.jpg HTTP/2.0" 200 89899 "-" "baselinker"
51.77.52.107 - - [15/Apr/2025:08:00:58 +0200] "GET /Jurek/eurofirany/images/459657/0.jpg HTTP/2.0" 200 89899 "-" "baselinker"
89.161.206.59 - - [15/Apr/2025:08:00:59 +0200] "GET /Jurek/beltimore/feeds/beltimore_amazonde.xml HTTP/1.0" 200 18651537 "-" "-"
51.77.52.107 - - [15/Apr/2025:08:01:09 +0200] "GET /Jurek/eurofirany/images/458701/0.jpg HTTP/2.0" 200 117747 "-" "baselinker"
89.161.206.59 - - [15/Apr/2025:08:01:16 +0200] "GET /Jurek/zbimatyja/feeds/zbimatyja_skroutz.xml HTTP/1.0" 200 11670190 "-" "-"
89.161.206.59 - - [15/Apr/2025:08:01:16 +0200] "GET /Jurek/regis/feeds/regis_skroutz.xml HTTP/1.0" 200 82730 "-" "-"
89.161.206.59 - - [15/Apr/2025:08:01:17 +0200] "GET /Jurek/equalo/feeds/equalo_skroutz.xml HTTP/1.0" 200 98006 "-" "-"
89.161.206.59 - - [15/Apr/2025:08:01:18 +0200] "GET /Jurek/lampart/feeds/lampart_skroutz.xml HTTP/1.0" 200 936029 "-" "-"
51.77.52.107 - - [15/Apr/2025:08:01:28 +0200] "GET /Jurek/eurofirany/images/458701/0.jpg HTTP/2.0" 200 117747 "-" "baselinker"
51.77.52.107 - - [15/Apr/2025:08:01:39 +0200] "GET /Jurek/eurofirany/images/458701/0.jpg HTTP/2.0" 200 117747 "-" "baselinker"
51.77.52.107 - - [15/Apr/2025:08:01:45 +0200] "GET /Jurek/eurofirany/images/458733/0.jpg HTTP/2.0" 200 105388 "-" "baselinker"
46.101.116.244 - - [15/Apr/2025:08:01:50 +0200] "GET /Jurek/aw/feeds/aw_fnacfr.xml HTTP/1.0" 404 3551 "-" "-"
51.77.52.107 - - [15/Apr/2025:08:01:58 +0200] "GET /Jurek/eurofirany/images/458733/0.jpg HTTP/2.0" 200 105388 "-" "baselinker"
88.220.33.218 - - [15/Apr/2025:08:02:11 +0200] "GET /Jurek/vida_morele/feeds/VidaPL_all.xml HTTP/2.0" 200 604192768 "-" "MarketplaceAPI curl/7.64.0 PHP/8"
35.204.39.32 - - [15/Apr/2025:08:02:11 +0200] "GET /marketplaces/vente/results/vente_nl.csv HTTP/1.1" 200 2173791 "-" "Mirakl HttpClient"
35.204.39.32 - - [15/Apr/2025:08:02:11 +0200] "GET /marketplaces/vente/results/vente_fr.csv HTTP/1.1" 200 966419 "-" "Mirakl HttpClient"
35.204.39.32 - - [15/Apr/2025:08:02:12 +0200] "GET /marketplaces/vente/results/vente_be.csv HTTP/1.1" 200 2173693 "-" "Mirakl HttpClient"
35.204.39.32 - - [15/Apr/2025:08:02:12 +0200] "GET /marketplaces/vente/results/vente_it.csv HTTP/1.1" 200 2203365 "-" "Mirakl HttpClient"
51.77.52.107 - - [15/Apr/2025:08:02:13 +0200] "GET /Jurek/eurofirany/images/458733/0.jpg HTTP/2.0" 200 105388 "-" "baselinker"
35.204.39.32 - - [15/Apr/2025:08:02:13 +0200] "GET /marketplaces/vente/results/vente_es.csv HTTP/1.1" 200 2173201 "-" "Mirakl HttpClient"
35.204.39.32 - - [15/Apr/2025:08:02:14 +0200] "GET /marketplaces/vente/results/vente_de.csv HTTP/1.1" 200 2173195 "-" "Mirakl HttpClient"
51.77.52.107 - - [15/Apr/2025:08:02:20 +0200] "GET /Jurek/eurofirany/images/458734/0.jpg HTTP/2.0" 200 185799 "-" "baselinker"
89.161.206.59 - - [15/Apr/2025:08:02:25 +0200] "GET /Jurek/jankeski/feeds/jankeski_bol.xml HTTP/1.0" 200 6570906 "-" "-"
89.161.206.59 - - [15/Apr/2025:08:02:25 +0200] "GET /Jurek/proadventure/feeds/proadventure_bol.xml HTTP/1.0" 200 10763448 "-" "-"
89.161.206.59 - - [15/Apr/2025:08:02:26 +0200] "GET /Jurek/stiv/feeds/stiv_bol.xml HTTP/1.0" 200 2056799 "-" "-"
89.161.206.59 - - [15/Apr/2025:08:02:26 +0200] "GET /Jurek/andex/feeds/andex_bol.xml HTTP/1.0" 200 1953475 "-" "-"
89.161.206.59 - - [15/Apr/2025:08:02:28 +0200] "GET /Jurek/luxury/feeds/luxury_bol.xml HTTP/1.0" 200 1010072 "-" "-"
51.77.52.107 - - [15/Apr/2025:08:02:36 +0200] "GET /Jurek/eurofirany/images/458734/0.jpg HTTP/2.0" 200 185799 "-" "baselinker"
89.161.206.59 - - [15/Apr/2025:08:02:38 +0200] "GET /Jurek/kambukka/feeds/kambukka_emagro.xml HTTP/1.0" 200 1021506 "-" "-"
89.161.206.59 - - [15/Apr/2025:08:02:38 +0200] "GET /Jurek/amzteam/feeds/amzteam_emagro.xml HTTP/1.0" 200 97895 "-" "-"
89.161.206.59 - - [15/Apr/2025:08:02:38 +0200] "GET /Jurek/benetech/feeds/benetech_emagro.xml HTTP/1.0" 200 4165544 "-" "-"
89.161.206.59 - - [15/Apr/2025:08:02:38 +0200] "GET /Jurek/sempler/feeds/sempler_emagro.xml HTTP/1.0" 200 6788431 "-" "-"
89.161.206.59 - - [15/Apr/2025:08:02:39 +0200] "GET /Jurek/kinghoff/feeds/kinghoff_emagro.xml HTTP/1.0" 200 15492116 "-" "-"
51.77.52.107 - - [15/Apr/2025:08:02:40 +0200] "GET /Jurek/eurofirany/images/458734/0.jpg HTTP/2.0" 200 185799 "-" "baselinker"
89.161.206.59 - - [15/Apr/2025:08:02:46 +0200] "GET /Jurek/aiofactory/feeds/aiofactory_emagro.xml HTTP/1.0" 200 2124050 "-" "-"
89.161.206.59 - - [15/Apr/2025:08:02:49 +0200] "GET /Jurek/techrebalina/feeds/techrebalina_emagro.xml HTTP/1.0" 200 2011323 "-" "-"
89.161.206.59 - - [15/Apr/2025:08:02:52 +0200] "GET /Jurek/coppotech/feeds/coppotech_emagro.xml HTTP/1.0" 200 38056758 "-" "-"
88.220.33.218 - - [15/Apr/2025:08:02:52 +0200] "GET /Jurek/kinghoff/feeds/kinghoff_morele.xml HTTP/2.0" 200 15490779 "-" "MarketplaceAPI curl/7.64.0 PHP/8"
178.21.154.6 - - [15/Apr/2025:08:02:58 +0200] "GET /Jurek/eurofirany/images/461398/0.jpg HTTP/1.1" 200 131926 "-" "-"
52.17.80.36 - - [15/Apr/2025:08:03:03 +0200] "GET /marketplaces/rue/results/rue.csv HTTP/1.1" 200 6811197 "-" "Mirakl HttpClient"
51.77.52.107 - - [15/Apr/2025:08:03:03 +0200] "GET /Jurek/eurofirany/images/463371/0.jpg HTTP/2.0" 200 126895 "-" "baselinker"
178.21.154.6 - - [15/Apr/2025:08:03:10 +0200] "GET /Jurek/eurofirany/images/461454/0.jpg HTTP/1.1" 200 100432 "-" "-"
51.77.52.107 - - [15/Apr/2025:08:03:19 +0200] "GET /Jurek/eurofirany/images/463371/0.jpg HTTP/2.0" 200 126895 "-" "baselinker"
89.161.206.59 - - [15/Apr/2025:08:03:19 +0200] "GET /Jurek/zami/feeds/zami_skr.xml HTTP/1.0" 200 4466405 "-" "-"
89.161.206.59 - - [15/Apr/2025:08:03:21 +0200] "GET /Jurek/stiv/feeds/stiv_skr.xml HTTP/1.0" 200 2056858 "-" "-"
51.77.52.107 - - [15/Apr/2025:08:03:33 +0200] "GET /Jurek/eurofirany/images/463371/0.jpg HTTP/2.0" 200 126895 "-" "baselinker"
51.77.52.107 - - [15/Apr/2025:08:03:45 +0200] "GET /Jurek/eurofirany/images/460877/0.jpg HTTP/2.0" 200 117637 "-" "baselinker"
51.77.52.107 - - [15/Apr/2025:08:04:03 +0200] "GET /Jurek/eurofirany/images/460877/0.jpg HTTP/2.0" 200 117637 "-" "baselinker"
51.77.52.107 - - [15/Apr/2025:08:04:17 +0200] "GET /Jurek/eurofirany/images/460877/0.jpg HTTP/2.0" 200 117637 "-" "baselinker"
51.77.52.107 - - [15/Apr/2025:08:04:28 +0200] "GET /Jurek/eurofirany/images/460872/0.jpg HTTP/2.0" 200 81584 "-" "baselinker"
88.220.33.218 - - [15/Apr/2025:08:04:29 +0200] "GET /Jurek/eurofirany/feeds/eurofirany_morele.xml HTTP/2.0" 200 19094858 "-" "MarketplaceAPI curl/7.64.0 PHP/8"
193.33.8.61 - - [15/Apr/2025:08:04:29 +0200] "GET /Filip/janshop_orders/exports/ HTTP/2.0" 401 3550 "-" "Mozilla/5.0 (Windows NT 10.0; Win64; x64) AppleWebKit/537.36 (KHTML, like Gecko) Chrome/135.0.0.0 Safari/537.36"
193.33.8.61 - maria [15/Apr/2025:08:04:30 +0200] "GET /Filip/janshop_orders/exports/ HTTP/2.0" 200 2318 "-" "Mozilla/5.0 (Windows NT 10.0; Win64; x64) AppleWebKit/537.36 (KHTML, like Gecko) Chrome/135.0.0.0 Safari/537.36"
193.33.8.61 - - [15/Apr/2025:08:04:30 +0200] "GET /favicon.ico HTTP/2.0" 404 3551 "https://dkkapusta1997.usermd.net/Filip/janshop_orders/exports/" "Mozilla/5.0 (Windows NT 10.0; Win64; x64) AppleWebKit/537.36 (KHTML, like Gecko) Chrome/135.0.0.0 Safari/537.36"
88.220.33.218 - - [15/Apr/2025:08:04:33 +0200] "GET /Jurek/vivaldi/feeds/vivaldi_Morele-PL.xml HTTP/2.0" 200 344674 "-" "MarketplaceAPI curl/7.64.0 PHP/8"
51.77.52.107 - - [15/Apr/2025:08:04:44 +0200] "GET /Jurek/eurofirany/images/460872/0.jpg HTTP/2.0" 200 81584 "-" "baselinker"
89.161.206.59 - - [15/Apr/2025:08:04:55 +0200] "GET /Jurek/princelh/feeds/princelh_amazonde.xml HTTP/1.0" 200 133438 "-" "-"
89.161.206.59 - - [15/Apr/2025:08:04:56 +0200] "GET /Jurek/zbimatyja/feeds/zbimatyja_amazonde.xml HTTP/1.0" 200 11670061 "-" "-"
51.77.52.107 - - [15/Apr/2025:08:04:57 +0200] "GET /Jurek/eurofirany/images/460872/0.jpg HTTP/2.0" 200 81584 "-" "baselinker"
51.77.52.107 - - [15/Apr/2025:08:05:11 +0200] "GET /Jurek/eurofirany/images/460873/0.jpg HTTP/2.0" 200 77059 "-" "baselinker"
51.77.52.107 - - [15/Apr/2025:08:05:24 +0200] "GET /Jurek/eurofirany/images/460873/0.jpg HTTP/2.0" 200 77059 "-" "baselinker"
193.33.8.61 - maria [15/Apr/2025:08:05:30 +0200] "GET /Filip/janshop_orders/exports/shumee_2025-04-15_08.txt HTTP/2.0" 200 3348 "https://dkkapusta1997.usermd.net/Filip/janshop_orders/exports/" "Mozilla/5.0 (Windows NT 10.0; Win64; x64) AppleWebKit/537.36 (KHTML, like Gecko) Chrome/135.0.0.0 Safari/537.36"
51.77.52.107 - - [15/Apr/2025:08:05:42 +0200] "GET /Jurek/eurofirany/images/460873/0.jpg HTTP/2.0" 200 77059 "-" "baselinker"
88.220.33.218 - - [15/Apr/2025:08:05:48 +0200] "GET /Jurek/aw/feeds/awnarzedzia_morele.xml HTTP/2.0" 200 90559542 "-" "MarketplaceAPI curl/7.64.0 PHP/8"
51.77.52.107 - - [15/Apr/2025:08:06:01 +0200] "GET /Jurek/eurofirany/images/460874/0.jpg HTTP/2.0" 200 87336 "-" "baselinker"
46.101.116.244 - - [15/Apr/2025:08:06:16 +0200] "GET /Jurek/aw/feeds/aw_fnacfr.xml HTTP/1.0" 404 3551 "-" "-"
51.77.52.107 - - [15/Apr/2025:08:06:16 +0200] "GET /Jurek/eurofirany/images/460874/0.jpg HTTP/2.0" 200 87336 "-" "baselinker"
88.220.33.218 - - [15/Apr/2025:08:06:20 +0200] "GET /Jurek/beliani/feeds/beliani_morele.xml HTTP/2.0" 200 31113200 "-" "MarketplaceAPI curl/7.64.0 PHP/8"
51.77.52.107 - - [15/Apr/2025:08:06:38 +0200] "GET /Jurek/eurofirany/images/460874/0.jpg HTTP/2.0" 200 87336 "-" "baselinker"
51.77.52.107 - - [15/Apr/2025:08:06:41 +0200] "GET /Jurek/eurofirany/images/462097/0.jpg HTTP/2.0" 200 74569 "-" "baselinker"
18.157.125.26 - - [15/Apr/2025:08:06:50 +0200] "GET /Jurek/topeshop/downloaded_images/5902838463567_11.png HTTP/2.0" 200 59516 "-" "Mozilla/5.0 (Windows NT 10.0; Win64; x64) AppleWebKit/537.36 (KHTML, like Gecko) Chrome/109.0.0.0 Safari/537.36"
18.157.125.26 - - [15/Apr/2025:08:06:52 +0200] "GET /Jurek/topeshop/downloaded_images/5902838463567_11.png HTTP/2.0" 200 59516 "-" "Mozilla/5.0 (Windows NT 10.0; Win64; x64) AppleWebKit/537.36 (KHTML, like Gecko) Chrome/109.0.0.0 Safari/537.36"
51.77.52.107 - - [15/Apr/2025:08:06:58 +0200] "GET /Jurek/eurofirany/images/462097/0.jpg HTTP/2.0" 200 74569 "-" "baselinker"
51.77.52.107 - - [15/Apr/2025:08:07:13 +0200] "GET /Jurek/eurofirany/images/462097/0.jpg HTTP/2.0" 200 74569 "-" "baselinker"
88.220.33.218 - - [15/Apr/2025:08:07:21 +0200] "GET /Jurek/vida_morele/feeds/VidaPL_morele.xml HTTP/2.0" 200 558421381 "-" "MarketplaceAPI curl/7.64.0 PHP/8"
51.77.52.107 - - [15/Apr/2025:08:07:27 +0200] "GET /Jurek/eurofirany/images/460878/0.jpg HTTP/2.0" 200 83785 "-" "baselinker"
51.77.52.107 - - [15/Apr/2025:08:07:44 +0200] "GET /Jurek/eurofirany/images/460878/0.jpg HTTP/2.0" 200 83785 "-" "baselinker"
5.134.208.158 - - [15/Apr/2025:08:07:58 +0200] "GET /Jurek/eurofirany/images/467980/0.jpg HTTP/1.1" 200 71267 "-" "-"
51.77.52.107 - - [15/Apr/2025:08:07:59 +0200] "GET /Jurek/eurofirany/images/460878/0.jpg HTTP/2.0" 200 83785 "-" "baselinker"
51.77.52.107 - - [15/Apr/2025:08:08:13 +0200] "GET /Jurek/eurofirany/images/459548/0.jpg HTTP/2.0" 200 60022 "-" "baselinker"
5.134.208.158 - - [15/Apr/2025:08:08:22 +0200] "GET /Jurek/eurofirany/images/466453/0.jpg HTTP/1.1" 200 126352 "-" "-"
5.134.208.158 - - [15/Apr/2025:08:08:22 +0200] "GET /Jurek/eurofirany/images/466454/0.jpg HTTP/1.1" 200 140547 "-" "-"
51.77.52.107 - - [15/Apr/2025:08:08:25 +0200] "GET /Jurek/eurofirany/images/459548/0.jpg HTTP/2.0" 200 60022 "-" "baselinker"
51.77.52.107 - - [15/Apr/2025:08:08:37 +0200] "GET /Jurek/eurofirany/images/459548/0.jpg HTTP/2.0" 200 60022 "-" "baselinker"
51.77.52.107 - - [15/Apr/2025:08:08:39 +0200] "GET /Jurek/eurofirany/images/459549/0.jpg HTTP/2.0" 200 60022 "-" "baselinker"
185.6.76.18 - - [15/Apr/2025:08:08:50 +0200] "GET /marketplaces/skroutz/feeds/shumee.xml HTTP/1.1" 200 407841913 "-" "SkroutzBot v1.0"
51.77.52.107 - - [15/Apr/2025:08:08:57 +0200] "GET /Jurek/eurofirany/images/459549/0.jpg HTTP/2.0" 200 60022 "-" "baselinker"
51.77.52.107 - - [15/Apr/2025:08:09:11 +0200] "GET /Jurek/eurofirany/images/459549/0.jpg HTTP/2.0" 200 60022 "-" "baselinker"
5.134.208.158 - - [15/Apr/2025:08:09:25 +0200] "GET /Jurek/eurofirany/images/458053/0.jpg HTTP/1.1" 200 102985 "-" "-"
5.134.208.158 - - [15/Apr/2025:08:09:26 +0200] "GET /Jurek/eurofirany/images/458071/0.jpg HTTP/1.1" 200 120095 "-" "-"
51.77.52.107 - - [15/Apr/2025:08:09:26 +0200] "GET /Jurek/eurofirany/images/459550/0.jpg HTTP/2.0" 200 60022 "-" "baselinker"
51.77.52.107 - - [15/Apr/2025:08:09:41 +0200] "GET /Jurek/eurofirany/images/459550/0.jpg HTTP/2.0" 200 60022 "-" "baselinker"
51.77.52.107 - - [15/Apr/2025:08:09:47 +0200] "GET /Jurek/eurofirany/images/459550/0.jpg HTTP/2.0" 200 60022 "-" "baselinker"
51.77.52.107 - - [15/Apr/2025:08:10:14 +0200] "GET /Jurek/eurofirany/images/459561/0.jpg HTTP/2.0" 200 89409 "-" "baselinker"
51.77.52.107 - - [15/Apr/2025:08:10:29 +0200] "GET /Jurek/eurofirany/images/459561/0.jpg HTTP/2.0" 200 89409 "-" "baselinker"
193.33.8.61 - maria [15/Apr/2025:08:10:29 +0200] "GET /Filip/janshop_orders/exports/great_2025-04-15_08.txt HTTP/2.0" 200 1483 "https://dkkapusta1997.usermd.net/Filip/janshop_orders/exports/" "Mozilla/5.0 (Windows NT 10.0; Win64; x64) AppleWebKit/537.36 (KHTML, like Gecko) Chrome/135.0.0.0 Safari/537.36"
172.253.15.230 - - [15/Apr/2025:08:10:36 +0200] "GET /Jurek/fernity/feeds/fernity_cdiscount.xml HTTP/2.0" 200 4797010 "-" "Mozilla/5.0 (Windows NT 10.0; Win64; x64) AppleWebKit/537.36 (KHTML, like Gecko) Chrome/133.0.0.0 Safari/537.36"
172.253.192.245 - - [15/Apr/2025:08:10:38 +0200] "GET /Jurek/fernity/feeds/fernity_piguFI.xml HTTP/2.0" 200 4796672 "-" "Mozilla/5.0 (Windows NT 10.0; Win64; x64) AppleWebKit/537.36 (KHTML, like Gecko) Chrome/133.0.0.0 Safari/537.36"
157.55.39.195 - - [15/Apr/2025:08:10:43 +0200] "GET /Jurek/eurofirany/images/463592/0.jpg HTTP/2.0" 200 0 "-" "Mozilla/5.0 AppleWebKit/537.36 (KHTML, like Gecko; compatible; bingbot/2.0; +http://www.bing.com/bingbot.htm) Chrome/116.0.1938.76 Safari/537.36"
51.77.52.107 - - [15/Apr/2025:08:10:47 +0200] "GET /Jurek/eurofirany/images/459561/0.jpg HTTP/2.0" 200 89409 "-" "baselinker"
51.77.52.107 - - [15/Apr/2025:08:10:54 +0200] "GET /Jurek/eurofirany/images/459552/0.jpg HTTP/2.0" 200 81438 "-" "baselinker"
89.161.206.59 - - [15/Apr/2025:08:11:05 +0200] "GET /Jurek/emaja24/feeds/emaja24_amazonnl.xml HTTP/1.0" 200 5109668 "-" "-"
51.77.52.107 - - [15/Apr/2025:08:11:11 +0200] "GET /Jurek/eurofirany/images/459552/0.jpg HTTP/2.0" 200 81438 "-" "baselinker"
46.101.116.244 - - [15/Apr/2025:08:11:21 +0200] "GET /Jurek/aw/feeds/aw_fnacfr.xml HTTP/1.0" 404 3551 "-" "-"
51.77.52.107 - - [15/Apr/2025:08:11:24 +0200] "GET /Jurek/eurofirany/images/459552/0.jpg HTTP/2.0" 200 81438 "-" "baselinker"
51.77.52.107 - - [15/Apr/2025:08:11:29 +0200] "GET /Jurek/eurofirany/images/459559/0.jpg HTTP/2.0" 200 76876 "-" "baselinker"
51.77.52.107 - - [15/Apr/2025:08:11:44 +0200] "GET /Jurek/eurofirany/images/459559/0.jpg HTTP/2.0" 200 76876 "-" "baselinker"
51.77.52.107 - - [15/Apr/2025:08:11:58 +0200] "GET /Jurek/eurofirany/images/459559/0.jpg HTTP/2.0" 200 76876 "-" "baselinker"
172.253.192.126 - - [15/Apr/2025:08:12:00 +0200] "GET /Jurek/fernity/feeds/fernity_piguFI.xml HTTP/2.0" 200 4796672 "-" "Mozilla/5.0 (Windows NT 10.0; Win64; x64) AppleWebKit/537.36 (KHTML, like Gecko) Chrome/131.0.0.0 Safari/537.36"
172.253.15.231 - - [15/Apr/2025:08:12:09 +0200] "GET /Jurek/fernity/feeds/fernity_cdiscount.xml HTTP/2.0" 200 4797010 "-" "Mozilla/5.0 (Windows NT 10.0; Win64; x64) AppleWebKit/537.36 (KHTML, like Gecko) Chrome/133.0.0.0 Safari/537.36"
51.77.52.107 - - [15/Apr/2025:08:12:10 +0200] "GET /Jurek/eurofirany/images/459564/0.jpg HTTP/2.0" 200 80303 "-" "baselinker"
89.161.206.59 - - [15/Apr/2025:08:12:16 +0200] "GET /Jurek/maksik/feeds/maksik_emagro.xml HTTP/1.0" 200 4085167 "-" "-"
89.161.206.59 - - [15/Apr/2025:08:12:19 +0200] "GET /Jurek/fernity/feeds/fernity_emagro.xml HTTP/1.0" 200 4798507 "-" "-"
89.161.206.59 - - [15/Apr/2025:08:12:20 +0200] "GET /Jurek/cenoman/feeds/cenoman_emagro.xml HTTP/1.0" 200 5993677 "-" "-"
89.161.206.59 - - [15/Apr/2025:08:12:21 +0200] "GET /Jurek/lampart/feeds/lampart_emagro.xml HTTP/1.0" 200 936156 "-" "-"
89.161.206.59 - - [15/Apr/2025:08:12:22 +0200] "GET /Jurek/newtechele/feeds/newtechele_emagro.xml HTTP/1.0" 200 2438720 "-" "-"
89.161.206.59 - - [15/Apr/2025:08:12:22 +0200] "GET /Jurek/eroplace/feeds/eroplace_emagro.xml HTTP/1.0" 200 52150014 "-" "-"
51.77.52.107 - - [15/Apr/2025:08:12:24 +0200] "GET /Jurek/eurofirany/images/459564/0.jpg HTTP/2.0" 200 80303 "-" "baselinker"
89.161.206.59 - - [15/Apr/2025:08:12:24 +0200] "GET /Jurek/andex/feeds/andex_emagro.xml HTTP/1.0" 200 1954000 "-" "-"
89.161.206.59 - - [15/Apr/2025:08:12:25 +0200] "GET /Jurek/riko/feeds/riko_emagro.xml HTTP/1.0" 200 3786506 "-" "-"
89.161.206.59 - - [15/Apr/2025:08:12:25 +0200] "GET /Jurek/sovapl/feeds/sovapl_emagro.xml HTTP/1.0" 200 9002198 "-" "-"
89.161.206.59 - - [15/Apr/2025:08:12:26 +0200] "GET /Jurek/mechdecor/feeds/mechdecor_emagro.xml HTTP/1.0" 200 596320 "-" "-"
89.161.206.59 - - [15/Apr/2025:08:12:26 +0200] "GET /Jurek/kalama/feeds/kalama_emagro.xml HTTP/1.0" 200 2662063 "-" "-"
51.77.52.107 - - [15/Apr/2025:08:12:41 +0200] "GET /Jurek/eurofirany/images/459564/0.jpg HTTP/2.0" 200 80303 "-" "baselinker"
51.77.52.107 - - [15/Apr/2025:08:12:59 +0200] "GET /Jurek/eurofirany/images/459565/0.jpg HTTP/2.0" 200 80303 "-" "baselinker"
46.101.116.244 - - [15/Apr/2025:08:13:08 +0200] "GET /Jurek/vida_morele/feeds/vidaPL_velomarket_category4.xml HTTP/1.0" 200 52324107 "-" "-"
51.77.52.107 - - [15/Apr/2025:08:13:14 +0200] "GET /Jurek/eurofirany/images/459565/0.jpg HTTP/2.0" 200 80303 "-" "baselinker"
64.233.172.203 - - [15/Apr/2025:08:13:22 +0200] "GET /Jurek/fernity/feeds/fernity_piguFI.xml HTTP/1.1" 200 4796672 "-" "Mozilla/5.0 (Windows NT 10.0; Win64; x64) AppleWebKit/537.36 (KHTML, like Gecko) Chrome/133.0.0.0 Safari/537.36"
51.77.52.107 - - [15/Apr/2025:08:13:28 +0200] "GET /Jurek/eurofirany/images/459565/0.jpg HTTP/2.0" 200 80303 "-" "baselinker"
66.102.8.103 - - [15/Apr/2025:08:13:30 +0200] "GET /Jurek/fernity/feeds/fernity_cdiscount.xml HTTP/1.1" 200 4797010 "-" "Mozilla/5.0 (Windows NT 10.0; Win64; x64) AppleWebKit/537.36 (KHTML, like Gecko) Chrome/133.0.0.0 Safari/537.36"
193.33.8.61 - maria [15/Apr/2025:08:13:39 +0200] "GET /Filip/janshop_orders/exports/extra_2025-04-15_08.txt HTTP/2.0" 200 4328 "https://dkkapusta1997.usermd.net/Filip/janshop_orders/exports/" "Mozilla/5.0 (Windows NT 10.0; Win64; x64) AppleWebKit/537.36 (KHTML, like Gecko) Chrome/135.0.0.0 Safari/537.36"
193.33.8.61 - - [15/Apr/2025:08:14:42 +0200] "GET /Jurek/kobi/feeds/kobi_zero.xml HTTP/2.0" 200 1993237 "https://konsola.dkkapusta1997.usermd.net/" "Mozilla/5.0 (Windows NT 10.0; Win64; x64) AppleWebKit/537.36 (KHTML, like Gecko) Chrome/135.0.0.0 Safari/537.36"
193.33.8.61 - - [15/Apr/2025:08:14:44 +0200] "GET /favicon.ico HTTP/2.0" 404 3551 "https://dkkapusta1997.usermd.net/Jurek/kobi/feeds/kobi_zero.xml" "Mozilla/5.0 (Windows NT 10.0; Win64; x64) AppleWebKit/537.36 (KHTML, like Gecko) Chrome/135.0.0.0 Safari/537.36"
77.79.248.229 - - [15/Apr/2025:08:14:49 +0200] "GET /Jurek/kobi/feeds/kobi_zero.xml HTTP/1.1" 200 1993237 "-" "Python-urllib/3.11"
185.6.76.166 - - [15/Apr/2025:08:16:15 +0200] "GET /Jurek/eurofirany/images/372661/0.jpg HTTP/1.1" 200 69910 "-" "Skroutz ImageBot v1"
185.6.76.166 - - [15/Apr/2025:08:16:15 +0200] "GET /Jurek/eurofirany/images/372652/0.jpg HTTP/1.1" 200 66435 "-" "Skroutz ImageBot v1"
46.101.116.244 - - [15/Apr/2025:08:16:30 +0200] "GET /Jurek/aw/feeds/aw_fnacfr.xml HTTP/1.0" 404 3551 "-" "-"
62.146.215.32 - - [15/Apr/2025:08:18:00 +0200] "GET /Jurek/topeshop/downloaded_images/5904507200176_MIJASBIURKOBRY%C5%81KASONOMAPRAWEBOKZM.jpg HTTP/2.0" 404 3551 "-" "billigerbot/1.0"
5.134.208.158 - - [15/Apr/2025:08:18:51 +0200] "GET /Jurek/eurofirany/images/373798/0.jpg HTTP/1.1" 200 16503 "-" "-"
40.77.167.23 - - [15/Apr/2025:08:21:10 +0200] "GET /Jurek/topeshop/downloaded_images/5902838467459_1.jpg HTTP/2.0" 404 3551 "-" "Mozilla/5.0 AppleWebKit/537.36 (KHTML, like Gecko; compatible; bingbot/2.0; +http://www.bing.com/bingbot.htm) Chrome/116.0.1938.76 Safari/537.36"
