82.77.245.251 - - [15/Apr/2025:13:07:11 +0200] "GET /Jurek/eurofirany/images/333886/1.jpg HTTP/2.0" 200 55732 "https://www.emag.ro/perdea-ready-esim-140x250-cm-alba-eurofirany-333886/pd/DVN68LMBM/?cmpid=382523&utm_source=google&utm_medium=cpc&utm_campaign=(RO:Whoop!)_3P-Y_%3e_Textile_and_Covoare&utm_content=169831587792&gad_source=1&gclid=Cj0KCQjwh_i_BhCzARIsANimeoHW9yR0ATrDVJ-Hu4H5ObDJCdmaYchSHilfgxRzbejQcQVKq4q3pH4aAqQYEALw_wcB" "Mozilla/5.0 (Linux; Android 10; K) AppleWebKit/537.36 (KHTML, like Gecko) Chrome/135.0.0.0 Mobile Safari/537.36"
82.77.245.251 - - [15/Apr/2025:13:07:11 +0200] "GET /Jurek/eurofirany/images/333886/2.jpg HTTP/2.0" 200 26359 "https://www.emag.ro/perdea-ready-esim-140x250-cm-alba-eurofirany-333886/pd/DVN68LMBM/?cmpid=382523&utm_source=google&utm_medium=cpc&utm_campaign=(RO:Whoop!)_3P-Y_%3e_Textile_and_Covoare&utm_content=169831587792&gad_source=1&gclid=Cj0KCQjwh_i_BhCzARIsANimeoHW9yR0ATrDVJ-Hu4H5ObDJCdmaYchSHilfgxRzbejQcQVKq4q3pH4aAqQYEALw_wcB" "Mozilla/5.0 (Linux; Android 10; K) AppleWebKit/537.36 (KHTML, like Gecko) Chrome/135.0.0.0 Mobile Safari/537.36"
82.77.245.251 - - [15/Apr/2025:13:07:11 +0200] "GET /Jurek/eurofirany/images/333886/6.jpg HTTP/2.0" 200 89803 "https://www.emag.ro/perdea-ready-esim-140x250-cm-alba-eurofirany-333886/pd/DVN68LMBM/?cmpid=382523&utm_source=google&utm_medium=cpc&utm_campaign=(RO:Whoop!)_3P-Y_%3e_Textile_and_Covoare&utm_content=169831587792&gad_source=1&gclid=Cj0KCQjwh_i_BhCzARIsANimeoHW9yR0ATrDVJ-Hu4H5ObDJCdmaYchSHilfgxRzbejQcQVKq4q3pH4aAqQYEALw_wcB" "Mozilla/5.0 (Linux; Android 10; K) AppleWebKit/537.36 (KHTML, like Gecko) Chrome/135.0.0.0 Mobile Safari/537.36"
82.77.245.251 - - [15/Apr/2025:13:07:11 +0200] "GET /Jurek/eurofirany/images/333886/4.jpg HTTP/2.0" 200 139282 "https://www.emag.ro/perdea-ready-esim-140x250-cm-alba-eurofirany-333886/pd/DVN68LMBM/?cmpid=382523&utm_source=google&utm_medium=cpc&utm_campaign=(RO:Whoop!)_3P-Y_%3e_Textile_and_Covoare&utm_content=169831587792&gad_source=1&gclid=Cj0KCQjwh_i_BhCzARIsANimeoHW9yR0ATrDVJ-Hu4H5ObDJCdmaYchSHilfgxRzbejQcQVKq4q3pH4aAqQYEALw_wcB" "Mozilla/5.0 (Linux; Android 10; K) AppleWebKit/537.36 (KHTML, like Gecko) Chrome/135.0.0.0 Mobile Safari/537.36"
82.77.245.251 - - [15/Apr/2025:13:07:11 +0200] "GET /Jurek/eurofirany/images/333886/5.jpg HTTP/2.0" 200 44556 "https://www.emag.ro/perdea-ready-esim-140x250-cm-alba-eurofirany-333886/pd/DVN68LMBM/?cmpid=382523&utm_source=google&utm_medium=cpc&utm_campaign=(RO:Whoop!)_3P-Y_%3e_Textile_and_Covoare&utm_content=169831587792&gad_source=1&gclid=Cj0KCQjwh_i_BhCzARIsANimeoHW9yR0ATrDVJ-Hu4H5ObDJCdmaYchSHilfgxRzbejQcQVKq4q3pH4aAqQYEALw_wcB" "Mozilla/5.0 (Linux; Android 10; K) AppleWebKit/537.36 (KHTML, like Gecko) Chrome/135.0.0.0 Mobile Safari/537.36"
82.77.245.251 - - [15/Apr/2025:13:07:11 +0200] "GET /Jurek/eurofirany/images/333886/3.jpg HTTP/2.0" 200 50905 "https://www.emag.ro/perdea-ready-esim-140x250-cm-alba-eurofirany-333886/pd/DVN68LMBM/?cmpid=382523&utm_source=google&utm_medium=cpc&utm_campaign=(RO:Whoop!)_3P-Y_%3e_Textile_and_Covoare&utm_content=169831587792&gad_source=1&gclid=Cj0KCQjwh_i_BhCzARIsANimeoHW9yR0ATrDVJ-Hu4H5ObDJCdmaYchSHilfgxRzbejQcQVKq4q3pH4aAqQYEALw_wcB" "Mozilla/5.0 (Linux; Android 10; K) AppleWebKit/537.36 (KHTML, like Gecko) Chrome/135.0.0.0 Mobile Safari/537.36"
51.77.52.107 - - [15/Apr/2025:13:07:16 +0200] "GET /Jurek/eurofirany/images/459104/0.jpg HTTP/2.0" 200 100333 "-" "baselinker"
51.77.52.107 - - [15/Apr/2025:13:07:26 +0200] "GET /Jurek/eurofirany/images/459104/0.jpg HTTP/2.0" 200 100333 "-" "baselinker"
51.77.52.107 - - [15/Apr/2025:13:07:36 +0200] "GET /Jurek/eurofirany/images/459105/0.jpg HTTP/2.0" 200 102402 "-" "baselinker"
51.77.52.107 - - [15/Apr/2025:13:07:43 +0200] "GET /Jurek/eurofirany/images/459105/0.jpg HTTP/2.0" 200 102402 "-" "baselinker"
51.77.52.107 - - [15/Apr/2025:13:07:52 +0200] "GET /Jurek/eurofirany/images/459105/0.jpg HTTP/2.0" 200 102402 "-" "baselinker"
88.220.33.218 - - [15/Apr/2025:13:07:58 +0200] "GET /Jurek/vida_morele/feeds/VidaPL_morele.xml HTTP/2.0" 200 701710023 "-" "MarketplaceAPI curl/7.64.0 PHP/8"
46.101.116.244 - - [15/Apr/2025:13:07:59 +0200] "GET /Jurek/hurtownia_przemyslowa/feeds/hp_velomarket.xml HTTP/1.0" 200 49366785 "-" "-"
51.77.52.107 - - [15/Apr/2025:13:08:04 +0200] "GET /Jurek/eurofirany/images/459106/0.jpg HTTP/2.0" 200 64502 "-" "baselinker"
185.6.76.18 - - [15/Apr/2025:13:08:21 +0200] "GET /marketplaces/skroutz/feeds/shumee.xml HTTP/1.1" 200 407792951 "-" "SkroutzBot v1.0"
51.77.52.107 - - [15/Apr/2025:13:08:22 +0200] "GET /Jurek/eurofirany/images/459106/0.jpg HTTP/2.0" 200 64502 "-" "baselinker"
51.77.52.107 - - [15/Apr/2025:13:08:26 +0200] "GET /Jurek/eurofirany/images/459106/0.jpg HTTP/2.0" 200 64502 "-" "baselinker"
51.77.52.107 - - [15/Apr/2025:13:08:36 +0200] "GET /Jurek/eurofirany/images/459107/0.jpg HTTP/2.0" 200 75532 "-" "baselinker"
51.77.52.107 - - [15/Apr/2025:13:08:44 +0200] "GET /Jurek/eurofirany/images/459107/0.jpg HTTP/2.0" 200 75532 "-" "baselinker"
51.77.52.107 - - [15/Apr/2025:13:08:52 +0200] "GET /Jurek/eurofirany/images/459107/0.jpg HTTP/2.0" 200 75532 "-" "baselinker"
51.77.52.107 - - [15/Apr/2025:13:08:59 +0200] "GET /Jurek/eurofirany/images/459108/0.jpg HTTP/2.0" 200 99862 "-" "baselinker"
51.77.52.107 - - [15/Apr/2025:13:09:24 +0200] "GET /Jurek/eurofirany/images/459108/0.jpg HTTP/2.0" 200 99862 "-" "baselinker"
51.77.52.107 - - [15/Apr/2025:13:09:27 +0200] "GET /Jurek/eurofirany/images/459108/0.jpg HTTP/2.0" 200 99862 "-" "baselinker"
193.33.8.61 - maria [15/Apr/2025:13:09:31 +0200] "GET /Filip/janshop_orders/ HTTP/2.0" 200 1310 "-" "Mozilla/5.0 (Macintosh; Intel Mac OS X 10_15_7) AppleWebKit/537.36 (KHTML, like Gecko) Chrome/135.0.0.0 Safari/537.36"
193.33.8.61 - maria [15/Apr/2025:13:09:33 +0200] "GET /Filip/janshop_orders/exports/ HTTP/2.0" 200 2546 "https://dkkapusta1997.usermd.net/Filip/janshop_orders/" "Mozilla/5.0 (Macintosh; Intel Mac OS X 10_15_7) AppleWebKit/537.36 (KHTML, like Gecko) Chrome/135.0.0.0 Safari/537.36"
51.77.52.107 - - [15/Apr/2025:13:09:35 +0200] "GET /Jurek/eurofirany/images/459109/0.jpg HTTP/2.0" 200 99020 "-" "baselinker"
51.77.52.107 - - [15/Apr/2025:13:09:58 +0200] "GET /Jurek/eurofirany/images/459109/0.jpg HTTP/2.0" 200 99020 "-" "baselinker"
51.77.52.107 - - [15/Apr/2025:13:10:05 +0200] "GET /Jurek/eurofirany/images/459109/0.jpg HTTP/2.0" 200 99020 "-" "baselinker"
51.77.52.107 - - [15/Apr/2025:13:10:16 +0200] "GET /Jurek/eurofirany/images/459110/0.jpg HTTP/2.0" 200 94941 "-" "baselinker"
51.77.52.107 - - [15/Apr/2025:13:10:22 +0200] "GET /Jurek/eurofirany/images/459110/0.jpg HTTP/2.0" 200 94941 "-" "baselinker"
51.77.52.107 - - [15/Apr/2025:13:10:38 +0200] "GET /Jurek/eurofirany/images/459110/0.jpg HTTP/2.0" 200 94941 "-" "baselinker"
51.77.52.107 - - [15/Apr/2025:13:10:48 +0200] "GET /Jurek/eurofirany/images/459120/0.jpg HTTP/2.0" 200 75067 "-" "baselinker"
51.77.52.107 - - [15/Apr/2025:13:11:01 +0200] "GET /Jurek/eurofirany/images/459120/0.jpg HTTP/2.0" 200 75067 "-" "baselinker"
46.101.116.244 - - [15/Apr/2025:13:11:16 +0200] "GET /Jurek/benbaby/feeds/benbaby_velo.xml HTTP/1.0" 200 3629184 "-" "-"
46.101.116.244 - - [15/Apr/2025:13:11:17 +0200] "GET /Jurek/aw/feeds/awnarzedzia_velomarket.xml HTTP/1.0" 200 8319090 "-" "-"
51.77.52.107 - - [15/Apr/2025:13:11:19 +0200] "GET /Jurek/eurofirany/images/459120/0.jpg HTTP/2.0" 200 75067 "-" "baselinker"
51.77.52.107 - - [15/Apr/2025:13:11:27 +0200] "GET /Jurek/eurofirany/images/459121/0.jpg HTTP/2.0" 200 92954 "-" "baselinker"
51.77.52.107 - - [15/Apr/2025:13:11:34 +0200] "GET /Jurek/eurofirany/images/459121/0.jpg HTTP/2.0" 200 92954 "-" "baselinker"
46.101.116.244 - - [15/Apr/2025:13:11:46 +0200] "GET /Jurek/vida_morele/feeds/vidaPL_velomarket.xml HTTP/1.0" 200 701713853 "-" "-"
51.77.52.107 - - [15/Apr/2025:13:11:51 +0200] "GET /Jurek/eurofirany/images/459121/0.jpg HTTP/2.0" 200 92954 "-" "baselinker"
46.101.116.244 - - [15/Apr/2025:13:11:56 +0200] "GET /Jurek/reman/feeds/reman_mallsiSH.xml HTTP/2.0" 200 1394823 "-" "-"
51.77.52.107 - - [15/Apr/2025:13:11:56 +0200] "GET /Jurek/eurofirany/images/459123/0.jpg HTTP/2.0" 200 100850 "-" "baselinker"
46.101.116.244 - - [15/Apr/2025:13:12:00 +0200] "GET /Jurek/aw/feeds/aw_fnacfr.xml HTTP/1.0" 404 3551 "-" "-"
46.101.116.244 - - [15/Apr/2025:13:12:07 +0200] "GET /Jurek/sartrix/feeds/sartrix_mallsiSH.xml HTTP/2.0" 200 649156 "-" "-"
51.77.52.107 - - [15/Apr/2025:13:12:09 +0200] "GET /Jurek/eurofirany/images/459123/0.jpg HTTP/2.0" 200 100850 "-" "baselinker"
51.77.52.107 - - [15/Apr/2025:13:12:14 +0200] "GET /Jurek/eurofirany/images/459123/0.jpg HTTP/2.0" 200 100850 "-" "baselinker"
46.101.116.244 - - [15/Apr/2025:13:12:18 +0200] "GET /Jurek/szpaklampy/feeds/szpaklampy_mallsiSH.xml HTTP/2.0" 200 388203 "-" "-"
89.161.206.59 - - [15/Apr/2025:13:12:22 +0200] "GET /Jurek/drewdon/feeds/drewdon_piguEX.xml HTTP/1.0" 200 504443 "-" "-"
46.101.116.244 - - [15/Apr/2025:13:12:26 +0200] "GET /Jurek/hurtownia_przemyslowa/feeds/hp_bol.xml HTTP/1.0" 200 49362368 "-" "-"
46.101.116.244 - - [15/Apr/2025:13:12:29 +0200] "GET /Jurek/benetech/feeds/benetech_mallsiSH.xml HTTP/2.0" 200 4165287 "-" "-"
46.101.116.244 - - [15/Apr/2025:13:12:29 +0200] "GET /Jurek/kinghoff/feeds/kinghoff_bol.xml HTTP/1.0" 200 15490039 "-" "-"
89.161.206.59 - - [15/Apr/2025:13:12:31 +0200] "GET /Jurek/sempler/feeds/sempler_BOL.xml HTTP/1.0" 200 6787970 "-" "-"
89.161.206.59 - - [15/Apr/2025:13:12:32 +0200] "GET /Jurek/benetech/feeds/benetech_bol.xml HTTP/1.0" 200 4165308 "-" "-"
89.161.206.59 - - [15/Apr/2025:13:12:33 +0200] "GET /Jurek/oromed/feeds/oromed_BOL.xml HTTP/1.0" 200 1095991 "-" "-"
89.161.206.59 - - [15/Apr/2025:13:12:33 +0200] "GET /Jurek/narzbud/feeds/narzbud_bol.xml HTTP/1.0" 200 1901206 "-" "-"
89.161.206.59 - - [15/Apr/2025:13:12:33 +0200] "GET /Jurek/artdog/feeds/artdog_bol.xml HTTP/1.0" 200 17157905 "-" "-"
89.161.206.59 - - [15/Apr/2025:13:12:33 +0200] "GET /Jurek/ekolight/feeds/ekolight_bol.xml HTTP/1.0" 200 9052675 "-" "-"
89.161.206.59 - - [15/Apr/2025:13:12:34 +0200] "GET /Jurek/livinhill/feeds/livinhill_bol.xml HTTP/1.0" 200 1452096 "-" "-"
89.161.206.59 - - [15/Apr/2025:13:12:34 +0200] "GET /Jurek/ekuchcikowo/feeds/ekuchcikowo_bol.xml HTTP/1.0" 200 12470969 "-" "-"
89.161.206.59 - - [15/Apr/2025:13:12:34 +0200] "GET /Jurek/erohurtownia/feeds/erohurtownia_bol.xml HTTP/1.0" 200 22846359 "-" "-"
51.77.52.107 - - [15/Apr/2025:13:12:34 +0200] "GET /Jurek/eurofirany/images/459124/0.jpg HTTP/2.0" 200 101347 "-" "baselinker"
89.161.206.59 - - [15/Apr/2025:13:12:35 +0200] "GET /Jurek/galopi/feeds/galopi_bol.xml HTTP/1.0" 200 2111106 "-" "-"
89.161.206.59 - - [15/Apr/2025:13:12:35 +0200] "GET /Jurek/urwiskowo/feeds/urwiskowo_bol.xml HTTP/1.0" 200 9114907 "-" "-"
89.161.206.59 - - [15/Apr/2025:13:12:35 +0200] "GET /Jurek/combine/feeds/combine_bol.xml HTTP/1.0" 200 210557 "-" "-"
89.161.206.59 - - [15/Apr/2025:13:12:35 +0200] "GET /Jurek/spali/feeds/spali_bol.xml HTTP/1.0" 200 77055 "-" "-"
89.161.206.59 - - [15/Apr/2025:13:12:35 +0200] "GET /Jurek/bass_new/feeds/bass_bol.xml HTTP/1.0" 200 7040810 "-" "-"
89.161.206.59 - - [15/Apr/2025:13:12:36 +0200] "GET /Jurek/aiofactory/feeds/aiofactory_bol.xml HTTP/1.0" 200 2123781 "-" "-"
89.161.206.59 - - [15/Apr/2025:13:12:37 +0200] "GET /Jurek/hurtmeblowy/feeds/hurtmeblowy_bol.xml HTTP/1.0" 200 8495453 "-" "-"
89.161.206.59 - - [15/Apr/2025:13:12:38 +0200] "GET /Jurek/rider/feeds/rider_bol.xml HTTP/1.0" 200 8165136 "-" "-"
89.161.206.59 - - [15/Apr/2025:13:12:38 +0200] "GET /Jurek/eldar/feeds/eldar_bol.xml HTTP/1.0" 200 7329714 "-" "-"
89.161.206.59 - - [15/Apr/2025:13:12:39 +0200] "GET /Jurek/primohurt/feeds/primohurt_bol.xml HTTP/1.0" 200 17187252 "-" "-"
89.161.206.59 - - [15/Apr/2025:13:12:39 +0200] "GET /Jurek/najtanszysport/feeds/najtanszysport_bol.xml HTTP/1.0" 200 3983113 "-" "-"
89.161.206.59 - - [15/Apr/2025:13:12:40 +0200] "GET /Jurek/motofan/feeds/motofan_bol.xml HTTP/1.0" 200 2391943 "-" "-"
46.101.116.244 - - [15/Apr/2025:13:12:40 +0200] "GET /Jurek/dekoele/feeds/dekoele_mallsish.xml HTTP/2.0" 200 733933 "-" "-"
89.161.206.59 - - [15/Apr/2025:13:12:41 +0200] "GET /Jurek/topeshop/feeds/topeshop_bol.xml HTTP/1.0" 200 2657700 "-" "-"
89.161.206.59 - - [15/Apr/2025:13:12:41 +0200] "GET /Jurek/eurofirany/feeds/eurofirany_bol.xml HTTP/1.0" 200 19093452 "-" "-"
51.77.52.107 - - [15/Apr/2025:13:12:43 +0200] "GET /Jurek/eurofirany/images/459124/0.jpg HTTP/2.0" 200 101347 "-" "baselinker"
89.161.206.59 - - [15/Apr/2025:13:12:44 +0200] "GET /Jurek/pupus/feeds/pupus_bol.xml HTTP/1.0" 200 6154510 "-" "-"
89.161.206.59 - - [15/Apr/2025:13:12:46 +0200] "GET /Jurek/playcob/feeds/playcob_bol.xml HTTP/1.0" 200 6980178 "-" "-"
89.161.206.59 - - [15/Apr/2025:13:12:46 +0200] "GET /Jurek/maksik/feeds/maksik_bol.xml HTTP/1.0" 200 4084758 "-" "-"
89.161.206.59 - - [15/Apr/2025:13:12:47 +0200] "GET /Jurek/hanex/feeds/hanex_BOL.xml HTTP/1.0" 200 13931544 "-" "-"
89.161.206.59 - - [15/Apr/2025:13:12:47 +0200] "GET /Jurek/roger/feeds/roger_bol.xml HTTP/1.0" 200 1147386 "-" "-"
89.161.206.59 - - [15/Apr/2025:13:12:49 +0200] "GET /Jurek/smxdesign/feeds/smxdesign_bol.xml HTTP/1.0" 200 1829035 "-" "-"
51.77.52.107 - - [15/Apr/2025:13:12:49 +0200] "GET /Jurek/eurofirany/images/459124/0.jpg HTTP/2.0" 200 101347 "-" "baselinker"
89.161.206.59 - - [15/Apr/2025:13:12:50 +0200] "GET /Jurek/shiori/feeds/shiori_bol.xml HTTP/1.0" 200 453656 "-" "-"
46.101.116.244 - - [15/Apr/2025:13:12:51 +0200] "GET /Jurek/drewdon/feeds/drewdon_mallsish.xml HTTP/2.0" 200 504448 "-" "-"
89.161.206.59 - - [15/Apr/2025:13:12:51 +0200] "GET /Jurek/dropkz/feeds/dropkz_bol.xml HTTP/1.0" 200 70014041 "-" "-"
89.161.206.59 - - [15/Apr/2025:13:12:55 +0200] "GET /Jurek/eoptimo/feeds/eoptimo_bol.xml HTTP/1.0" 200 2094374 "-" "-"
89.161.206.59 - - [15/Apr/2025:13:12:55 +0200] "GET /Jurek/sklep24amk/feeds/sklep24amk_bol.xml HTTP/1.0" 200 3894604 "-" "-"
89.161.206.59 - - [15/Apr/2025:13:12:56 +0200] "GET /Jurek/matkam/feeds/matkam_bol.xml HTTP/1.0" 200 5000723 "-" "-"
89.161.206.59 - - [15/Apr/2025:13:12:56 +0200] "GET /Jurek/sportprise/feeds/sportprise_bol.xml HTTP/1.0" 200 12725637 "-" "-"
89.161.206.59 - - [15/Apr/2025:13:12:57 +0200] "GET /Jurek/elavia/feeds/elavia_bol.xml HTTP/1.0" 200 2497281 "-" "-"
89.161.206.59 - - [15/Apr/2025:13:12:59 +0200] "GET /Jurek/zbimatyja/feeds/zbimatyja_bol.xml HTTP/1.0" 200 11670107 "-" "-"
89.161.206.59 - - [15/Apr/2025:13:13:00 +0200] "GET /Jurek/cdata/feeds/cdata_bol.xml HTTP/1.0" 200 1445117 "-" "-"
89.161.206.59 - - [15/Apr/2025:13:13:00 +0200] "GET /Jurek/broers/feeds/broers_bol.xml HTTP/1.0" 200 1982502 "-" "-"
89.161.206.59 - - [15/Apr/2025:13:13:00 +0200] "GET /Jurek/princelh/feeds/princelh_bol.xml HTTP/1.0" 200 133437 "-" "-"
89.161.206.59 - - [15/Apr/2025:13:13:01 +0200] "GET /Jurek/kobi/feeds/kobi_bol.xml HTTP/1.0" 200 1993233 "-" "-"
89.161.206.59 - - [15/Apr/2025:13:13:01 +0200] "GET /Jurek/mosti/feeds/mosti_bol.xml HTTP/1.0" 200 4628146 "-" "-"
51.77.52.107 - - [15/Apr/2025:13:13:01 +0200] "GET /Jurek/eurofirany/images/464220/0.jpg HTTP/2.0" 200 61088 "-" "baselinker"
89.161.206.59 - - [15/Apr/2025:13:13:01 +0200] "GET /Jurek/rosfix/feeds/rosfix_bol.xml HTTP/1.0" 200 35769598 "-" "-"
89.161.206.59 - - [15/Apr/2025:13:13:02 +0200] "GET /Jurek/evil/feeds/evil_bol.xml HTTP/1.0" 200 306384 "-" "-"
46.101.116.244 - - [15/Apr/2025:13:13:02 +0200] "GET /Jurek/emaja24/feeds/emaja24_mallsiSH.xml HTTP/2.0" 200 5109512 "-" "-"
89.161.206.59 - - [15/Apr/2025:13:13:02 +0200] "GET /Jurek/drewdon/feeds/drewdon_bol.xml HTTP/1.0" 200 504448 "-" "-"
89.161.206.59 - - [15/Apr/2025:13:13:02 +0200] "GET /Jurek/dekoele/feeds/dekoele_bol.xml HTTP/1.0" 200 733934 "-" "-"
89.161.206.59 - - [15/Apr/2025:13:13:02 +0200] "GET /Jurek/pawonik/feeds/pawonik_bol.xml HTTP/1.0" 200 2138408 "-" "-"
89.161.206.59 - - [15/Apr/2025:13:13:03 +0200] "GET /Jurek/sartrix/feeds/sartrix_bol.xml HTTP/1.0" 200 649163 "-" "-"
89.161.206.59 - - [15/Apr/2025:13:13:03 +0200] "GET /Jurek/hdwr/feeds/hdwr_BOL.xml HTTP/1.0" 200 789401 "-" "-"
89.161.206.59 - - [15/Apr/2025:13:13:03 +0200] "GET /Jurek/szpaklampy/feeds/szpaklampy_bol.xml HTTP/1.0" 200 388219 "-" "-"
89.161.206.59 - - [15/Apr/2025:13:13:03 +0200] "GET /Jurek/techrebal/feeds/techrebal_bol.xml HTTP/1.0" 200 1989745 "-" "-"
89.161.206.59 - - [15/Apr/2025:13:13:04 +0200] "GET /Jurek/muminky/feeds/muminky_bol.xml HTTP/1.0" 200 2677765 "-" "-"
89.161.206.59 - - [15/Apr/2025:13:13:04 +0200] "GET /Jurek/nonabox/feeds/nonabox_bol.xml HTTP/1.0" 200 33865 "-" "-"
89.161.206.59 - - [15/Apr/2025:13:13:04 +0200] "GET /Jurek/nexus/feeds/nexus_bol.xml HTTP/1.0" 200 226638 "-" "-"
89.161.206.59 - - [15/Apr/2025:13:13:04 +0200] "GET /Jurek/pagmil/feeds/pagmil_bol.xml HTTP/1.0" 200 1802824 "-" "-"
89.161.206.59 - - [15/Apr/2025:13:13:04 +0200] "GET /Jurek/proparts/feeds/proparts_bol.xml HTTP/1.0" 200 707472 "-" "-"
89.161.206.59 - - [15/Apr/2025:13:13:04 +0200] "GET /Jurek/techrebalina/feeds/techrebalina_bol.xml HTTP/1.0" 200 2011217 "-" "-"
89.161.206.59 - - [15/Apr/2025:13:13:04 +0200] "GET /Jurek/cenoman/feeds/cenoman_bol.xml HTTP/1.0" 200 5993198 "-" "-"
89.161.206.59 - - [15/Apr/2025:13:13:05 +0200] "GET /Jurek/newtechele/feeds/newtechele_bol.xml HTTP/1.0" 200 2438518 "-" "-"
89.161.206.59 - - [15/Apr/2025:13:13:05 +0200] "GET /Jurek/beltimore/feeds/beltimore_bol.xml HTTP/1.0" 200 18651727 "-" "-"
89.161.206.59 - - [15/Apr/2025:13:13:06 +0200] "GET /Jurek/omi/feeds/omi_bol.xml HTTP/1.0" 200 8105461 "-" "-"
89.161.206.59 - - [15/Apr/2025:13:13:06 +0200] "GET /Jurek/reman/feeds/reman_bol.xml HTTP/1.0" 200 1394827 "-" "-"
89.161.206.59 - - [15/Apr/2025:13:13:06 +0200] "GET /Jurek/em3/feeds/em3_bol.xml HTTP/1.0" 200 258919 "-" "-"
89.161.206.59 - - [15/Apr/2025:13:13:07 +0200] "GET /Jurek/takapara/feeds/takapara_bol.xml HTTP/1.0" 200 1342390 "-" "-"
89.161.206.59 - - [15/Apr/2025:13:13:07 +0200] "GET /Jurek/kamar/feeds/kamar_bol.xml HTTP/1.0" 200 25549798 "-" "-"
89.161.206.59 - - [15/Apr/2025:13:13:08 +0200] "GET /Jurek/zenex/feeds/zenex_bol.xml HTTP/1.0" 200 540160 "-" "-"
89.161.206.59 - - [15/Apr/2025:13:13:09 +0200] "GET /Jurek/tsjerzy/feeds/tsjerzy_bol.xml HTTP/1.0" 200 3897657 "-" "-"
89.161.206.59 - - [15/Apr/2025:13:13:09 +0200] "GET /Jurek/carbonyway/feeds/carbonyway_bol.xml HTTP/1.0" 200 3076067 "-" "-"
89.161.206.59 - - [15/Apr/2025:13:13:09 +0200] "GET /Jurek/avenido/feeds/avenido_bol.xml HTTP/1.0" 200 720080 "-" "-"
89.161.206.59 - - [15/Apr/2025:13:13:10 +0200] "GET /Jurek/fertes/feeds/fertes_bol.xml HTTP/1.0" 200 2361773 "-" "-"
89.161.206.59 - - [15/Apr/2025:13:13:10 +0200] "GET /Jurek/filmal/feeds/filmal_bol.xml HTTP/1.0" 200 139280 "-" "-"
89.161.206.59 - - [15/Apr/2025:13:13:11 +0200] "GET /Jurek/sebmart/feeds/sebmart_bol.xml HTTP/1.0" 200 1598702 "-" "-"
89.161.206.59 - - [15/Apr/2025:13:13:11 +0200] "GET /Jurek/kalama/feeds/kalama_bol.xml HTTP/1.0" 200 2661760 "-" "-"
89.161.206.59 - - [15/Apr/2025:13:13:12 +0200] "GET /Jurek/amzteam/feeds/amzteam_bol.xml HTTP/1.0" 200 97874 "-" "-"
89.161.206.59 - - [15/Apr/2025:13:13:12 +0200] "GET /Jurek/equalo/feeds/equalo_bol.xml HTTP/1.0" 200 98007 "-" "-"
89.161.206.59 - - [15/Apr/2025:13:13:13 +0200] "GET /Jurek/mojeledy/feeds/mojeledy_bol.xml HTTP/1.0" 200 1018433 "-" "-"
89.161.206.59 - - [15/Apr/2025:13:13:13 +0200] "GET /Jurek/sovapl/feeds/sovapl_bol.xml HTTP/1.0" 200 8999166 "-" "-"
89.161.206.59 - - [15/Apr/2025:13:13:14 +0200] "GET /Jurek/apresto/feeds/apresto_bol.xml HTTP/1.0" 200 1327624 "-" "-"
89.161.206.59 - - [15/Apr/2025:13:13:14 +0200] "GET /Jurek/missionair/feeds/missionair_bol.xml HTTP/1.0" 200 3154892 "-" "-"
89.161.206.59 - - [15/Apr/2025:13:13:14 +0200] "GET /Jurek/mechdecor/feeds/mechdecor_bol.xml HTTP/1.0" 200 596204 "-" "-"
89.161.206.59 - - [15/Apr/2025:13:13:15 +0200] "GET /Jurek/alucon/feeds/alucon_bol.xml HTTP/1.0" 200 553583 "-" "-"
89.161.206.59 - - [15/Apr/2025:13:13:18 +0200] "GET /Jurek/zami/feeds/zami_bol.xml HTTP/1.0" 200 4472715 "-" "-"
51.77.52.107 - - [15/Apr/2025:13:13:20 +0200] "GET /Jurek/eurofirany/images/464220/0.jpg HTTP/2.0" 200 61088 "-" "baselinker"
89.161.206.59 - - [15/Apr/2025:13:13:21 +0200] "GET /Jurek/rems/feeds/rems_bol.xml HTTP/1.0" 200 8706204 "-" "-"
46.101.116.244 - - [15/Apr/2025:13:13:30 +0200] "GET /Jurek/muminky/feeds/muminky_mallsiSH.xml HTTP/2.0" 200 2677719 "-" "-"
89.161.206.59 - - [15/Apr/2025:13:13:33 +0200] "GET /Jurek/eroplace/feeds/eroplace_bol.xml HTTP/1.0" 200 52134773 "-" "-"
89.161.206.59 - - [15/Apr/2025:13:13:34 +0200] "GET /Jurek/waks/feeds/waks_bol.xml HTTP/1.0" 200 1596552 "-" "-"
89.161.206.59 - - [15/Apr/2025:13:13:34 +0200] "GET /Jurek/luxma/feeds/luxma_bol.xml HTTP/1.0" 200 8058582 "-" "-"
89.161.206.59 - - [15/Apr/2025:13:13:34 +0200] "GET /Jurek/german/feeds/german_bol.xml HTTP/1.0" 200 2853540 "-" "-"
89.161.206.59 - - [15/Apr/2025:13:13:35 +0200] "GET /Jurek/kristronik/feeds/kristronik_bol.xml HTTP/1.0" 200 691977 "-" "-"
89.161.206.59 - - [15/Apr/2025:13:13:35 +0200] "GET /Jurek/hlo/feeds/hlo_bol.xml HTTP/1.0" 200 4838667 "-" "-"
89.161.206.59 - - [15/Apr/2025:13:13:35 +0200] "GET /Jurek/makow/feeds/makow_bol.xml HTTP/1.0" 200 21203716 "-" "-"
51.77.52.107 - - [15/Apr/2025:13:13:35 +0200] "GET /Jurek/eurofirany/images/464220/0.jpg HTTP/2.0" 200 61088 "-" "baselinker"
89.161.206.59 - - [15/Apr/2025:13:13:35 +0200] "GET /Jurek/beautycare/feeds/beautycare_bol.xml HTTP/1.0" 200 1181296 "-" "-"
46.101.116.244 - - [15/Apr/2025:13:13:39 +0200] "GET /Jurek/rovicky/feeds/rovicky_zalando.xml HTTP/1.0" 200 15294725 "-" "-"
89.161.206.59 - - [15/Apr/2025:13:13:41 +0200] "GET /Jurek/slayo/feeds/slayo_emagro.xml HTTP/1.0" 200 183628 "-" "-"
89.161.206.59 - - [15/Apr/2025:13:13:41 +0200] "GET /Jurek/bass/feeds/bass_emagro.xml HTTP/1.0" 200 3980296 "-" "-"
89.161.206.59 - - [15/Apr/2025:13:13:41 +0200] "GET /Jurek/mosti/feeds/mosti_emagro.xml HTTP/1.0" 200 4628186 "-" "-"
89.161.206.59 - - [15/Apr/2025:13:13:42 +0200] "GET /Jurek/ralmetal/feeds/ralmetal_emag.xml HTTP/1.0" 200 1787426 "-" "-"
89.161.206.59 - - [15/Apr/2025:13:13:42 +0200] "GET /Jurek/oromed/feeds/oromed_emagro.xml HTTP/1.0" 200 1096129 "-" "-"
89.161.206.59 - - [15/Apr/2025:13:13:42 +0200] "GET /Jurek/b3/feeds/b3_emagro.xml HTTP/1.0" 200 8020587 "-" "-"
89.161.206.59 - - [15/Apr/2025:13:13:43 +0200] "GET /Jurek/narzbud/feeds/narzbud_emagro.xml HTTP/1.0" 200 1901305 "-" "-"
46.101.116.244 - - [15/Apr/2025:13:13:43 +0200] "GET /Jurek/pupus/feeds/pupus_mallsiSH.xml HTTP/2.0" 200 6154505 "-" "-"
89.161.206.59 - - [15/Apr/2025:13:13:43 +0200] "GET /Jurek/swiatecznygoliat/feeds/swiatecznygoliat_emagro.xml HTTP/1.0" 200 7054827 "-" "-"
89.161.206.59 - - [15/Apr/2025:13:13:43 +0200] "GET /Jurek/drops/feeds/dropsofficecolection_emagro.xml HTTP/1.0" 200 790624 "-" "-"
89.161.206.59 - - [15/Apr/2025:13:13:44 +0200] "GET /Jurek/szpaklampy/feeds/szpaklampy_emagro.xml HTTP/1.0" 200 388348 "-" "-"
89.161.206.59 - - [15/Apr/2025:13:13:44 +0200] "GET /Jurek/spali/feeds/spali_emagro.xml HTTP/1.0" 200 77069 "-" "-"
89.161.206.59 - - [15/Apr/2025:13:13:44 +0200] "GET /Jurek/combine/feeds/combine_EMAGRO.xml HTTP/1.0" 200 210568 "-" "-"
89.161.206.59 - - [15/Apr/2025:13:13:44 +0200] "GET /Jurek/velinda/feeds/velinda_emagro.xml HTTP/1.0" 200 23440 "-" "-"
89.161.206.59 - - [15/Apr/2025:13:13:44 +0200] "GET /Jurek/urwiskowo/feeds/urwiskowo_emagro.xml HTTP/1.0" 200 9116276 "-" "-"
89.161.206.59 - - [15/Apr/2025:13:13:44 +0200] "GET /Jurek/reman/feeds/reman_emagro.xml HTTP/1.0" 200 1394900 "-" "-"
89.161.206.59 - - [15/Apr/2025:13:13:45 +0200] "GET /Jurek/edruk/feeds/edruk_emagro.xml HTTP/1.0" 200 14178186 "-" "-"
89.161.206.59 - - [15/Apr/2025:13:13:45 +0200] "GET /Jurek/erohurtownia/feeds/erohurtownia_emagro.xml HTTP/1.0" 200 22855924 "-" "-"
51.77.52.107 - - [15/Apr/2025:13:13:49 +0200] "GET /Jurek/eurofirany/images/464221/0.jpg HTTP/2.0" 200 53096 "-" "baselinker"
46.101.116.244 - - [15/Apr/2025:13:14:01 +0200] "GET /Jurek/erohurtownia/feeds/erohurtownia_mallsish.xml HTTP/2.0" 200 22846420 "-" "-"
51.77.52.107 - - [15/Apr/2025:13:14:07 +0200] "GET /Jurek/eurofirany/images/464221/0.jpg HTTP/2.0" 200 53096 "-" "baselinker"
51.77.52.107 - - [15/Apr/2025:13:14:13 +0200] "GET /Jurek/eurofirany/images/464221/0.jpg HTTP/2.0" 200 53096 "-" "baselinker"
51.77.52.107 - - [15/Apr/2025:13:14:20 +0200] "GET /Jurek/eurofirany/images/464225/0.jpg HTTP/2.0" 200 43770 "-" "baselinker"
46.101.116.244 - - [15/Apr/2025:13:14:32 +0200] "GET /Jurek/oromed/feeds/oromed_mallsish.xml HTTP/2.0" 200 1095987 "-" "-"
51.77.52.107 - - [15/Apr/2025:13:14:35 +0200] "GET /Jurek/eurofirany/images/464225/0.jpg HTTP/2.0" 200 43770 "-" "baselinker"
89.161.206.59 - - [15/Apr/2025:13:14:37 +0200] "GET /Jurek/muminky/feeds/muminky_skroutz.xml HTTP/1.0" 200 2270361 "-" "-"
51.77.52.107 - - [15/Apr/2025:13:14:42 +0200] "GET /Jurek/eurofirany/images/464225/0.jpg HTTP/2.0" 200 43770 "-" "baselinker"
89.161.206.59 - - [15/Apr/2025:13:14:49 +0200] "GET /Jurek/pupus/feeds/pupus_skroutz.xml HTTP/1.0" 200 1017948 "-" "-"
51.77.52.107 - - [15/Apr/2025:13:14:54 +0200] "GET /Jurek/eurofirany/images/464226/0.jpg HTTP/2.0" 200 48117 "-" "baselinker"
89.161.206.59 - - [15/Apr/2025:13:15:03 +0200] "GET /Jurek/cbdgreen/feeds/cbdgreen_emagro.xml HTTP/1.0" 200 50547 "-" "-"
89.161.206.59 - - [15/Apr/2025:13:15:04 +0200] "GET /Jurek/ekolight/feeds/ekolioght_emagro.xml HTTP/1.0" 200 9054867 "-" "-"
89.161.206.59 - - [15/Apr/2025:13:15:04 +0200] "GET /Jurek/eldar/feeds/eldar_emagro.xml HTTP/1.0" 200 7337220 "-" "-"
89.161.206.59 - - [15/Apr/2025:13:15:04 +0200] "GET /Jurek/elecomp/feeds/elecomp_emagro.xml HTTP/1.0" 200 2868355 "-" "-"
89.161.206.59 - - [15/Apr/2025:13:15:05 +0200] "GET /Jurek/motofan/feeds/motofan_emagro.xml HTTP/1.0" 200 2392191 "-" "-"
89.161.206.59 - - [15/Apr/2025:13:15:05 +0200] "GET /Jurek/sartrix/feeds/sartrix_emagro.xml HTTP/1.0" 200 649207 "-" "-"
89.161.206.59 - - [15/Apr/2025:13:15:05 +0200] "GET /Jurek/dekoele/feeds/dekoele_emagro.xml HTTP/1.0" 200 733964 "-" "-"
89.161.206.59 - - [15/Apr/2025:13:15:05 +0200] "GET /Jurek/expertauto/feeds/expertauto_emagro.xml HTTP/1.0" 200 1159159 "-" "-"
89.161.206.59 - - [15/Apr/2025:13:15:05 +0200] "GET /Jurek/rider/feeds/rider_emagro.xml HTTP/1.0" 200 8165941 "-" "-"
89.161.206.59 - - [15/Apr/2025:13:15:06 +0200] "GET /Jurek/emaja24/feeds/emaja24_emagro.xml HTTP/1.0" 200 5102113 "-" "-"
89.161.206.59 - - [15/Apr/2025:13:15:06 +0200] "GET /Jurek/pupus/feeds/pupus_emagro.xml HTTP/1.0" 200 6155068 "-" "-"
89.161.206.59 - - [15/Apr/2025:13:15:06 +0200] "GET /Jurek/beltimore/feeds/beltimore_emagro.xml HTTP/1.0" 200 18653368 "-" "-"
89.161.206.59 - - [15/Apr/2025:13:15:07 +0200] "GET /Jurek/smxdesign/feeds/smxdesign_emagro.xml HTTP/1.0" 200 1829185 "-" "-"
89.161.206.59 - - [15/Apr/2025:13:15:07 +0200] "GET /Jurek/muminky/feeds/muminky_emagro.xml HTTP/1.0" 200 2678171 "-" "-"
89.161.206.59 - - [15/Apr/2025:13:15:07 +0200] "GET /Jurek/eurofirany/feeds/eurofirany_emagro.xml HTTP/1.0" 200 19104085 "-" "-"
89.161.206.59 - - [15/Apr/2025:13:15:07 +0200] "GET /Jurek/qbox/feeds/qbox_emagro.xml HTTP/1.0" 200 398880 "-" "-"
89.161.206.59 - - [15/Apr/2025:13:15:09 +0200] "GET /Jurek/evil/feeds/evil_emagro.xml HTTP/1.0" 200 306428 "-" "-"
89.161.206.59 - - [15/Apr/2025:13:15:09 +0200] "GET /Jurek/dekornatort/feeds/dekornatort_emagro.xml HTTP/1.0" 200 225754 "-" "-"
89.161.206.59 - - [15/Apr/2025:13:15:09 +0200] "GET /Jurek/pagmil/feeds/pagmil_emaghu.xml HTTP/1.0" 200 1803750 "-" "-"
89.161.206.59 - - [15/Apr/2025:13:15:09 +0200] "GET /Jurek/ekotex/feeds/ekotex_emagro.xml HTTP/1.0" 200 197970 "-" "-"
89.161.206.59 - - [15/Apr/2025:13:15:09 +0200] "GET /Jurek/twojsklep/feeds/twojsklep_emagro.xml HTTP/1.0" 200 126816 "-" "-"
89.161.206.59 - - [15/Apr/2025:13:15:09 +0200] "GET /Jurek/drewdon/feeds/drewdon_emagro.xml HTTP/1.0" 200 504511 "-" "-"
89.161.206.59 - - [15/Apr/2025:13:15:09 +0200] "GET /Jurek/wezer/feeds/wezer_emagro.xml HTTP/1.0" 200 210969 "-" "-"
89.161.206.59 - - [15/Apr/2025:13:15:10 +0200] "GET /Jurek/pasiekaslodka/feeds/pasiekaslodka_emagro.xml HTTP/1.0" 200 119679 "-" "-"
89.161.206.59 - - [15/Apr/2025:13:15:10 +0200] "GET /Jurek/lendo/feeds/lendo_emagro.xml HTTP/1.0" 200 330411 "-" "-"
89.161.206.59 - - [15/Apr/2025:13:15:11 +0200] "GET /Jurek/pawonik/feeds/pawonik_emagro.xml HTTP/1.0" 200 2138635 "-" "-"
89.161.206.59 - - [15/Apr/2025:13:15:12 +0200] "GET /Jurek/hurtmeblowy/feeds/hurtmeblowy_emagro.xml HTTP/1.0" 200 8496784 "-" "-"
89.161.206.59 - - [15/Apr/2025:13:15:12 +0200] "GET /Jurek/ikonka/feeds/ikonka_emagro.xml HTTP/1.0" 200 22192983 "-" "-"
89.161.206.59 - - [15/Apr/2025:13:15:14 +0200] "GET /Jurek/activeshop/feeds/activeshop_emagro.xml HTTP/1.0" 200 10427218 "-" "-"
46.101.116.244 - - [15/Apr/2025:13:15:14 +0200] "GET /Jurek/urwiskowo/feeds/urwiskowo_mallsish.xml HTTP/2.0" 200 9115006 "-" "-"
89.161.206.59 - - [15/Apr/2025:13:15:14 +0200] "GET /Jurek/ekuchcikowo/feeds/ekuchcikowo_emagro.xml HTTP/1.0" 200 12472819 "-" "-"
89.161.206.59 - - [15/Apr/2025:13:15:19 +0200] "GET /Jurek/kinghome/feeds/kinghome_emagro.xml HTTP/1.0" 200 6044913 "-" "-"
89.161.206.59 - - [15/Apr/2025:13:15:23 +0200] "GET /Jurek/em3/feeds/em3_emagro.xml HTTP/1.0" 200 259012 "-" "-"
51.77.52.107 - - [15/Apr/2025:13:15:28 +0200] "GET /Jurek/eurofirany/images/464226/0.jpg HTTP/2.0" 200 48117 "-" "baselinker"
46.101.116.244 - - [15/Apr/2025:13:15:28 +0200] "GET /Jurek/eroplace/feeds/eroplace_mallsish.xml HTTP/2.0" 200 52134732 "-" "-"
51.77.52.107 - - [15/Apr/2025:13:15:41 +0200] "GET /Jurek/eurofirany/images/464226/0.jpg HTTP/2.0" 200 48117 "-" "baselinker"
51.77.52.107 - - [15/Apr/2025:13:15:50 +0200] "GET /Jurek/eurofirany/images/464228/0.jpg HTTP/2.0" 200 57021 "-" "baselinker"
89.161.206.59 - - [15/Apr/2025:13:16:06 +0200] "GET /Jurek/drewdon/feeds/drewdon_amazonde.xml HTTP/1.0" 200 504447 "-" "-"
46.101.116.244 - - [15/Apr/2025:13:16:15 +0200] "GET /Jurek/bass_new/feeds/bass_mallsish.xml HTTP/2.0" 200 7040821 "-" "-"
51.77.52.107 - - [15/Apr/2025:13:16:19 +0200] "GET /Jurek/eurofirany/images/464228/0.jpg HTTP/2.0" 200 57021 "-" "baselinker"
89.161.206.59 - - [15/Apr/2025:13:16:26 +0200] "GET /Jurek/hanex/feeds/hanex_skroutz.xml HTTP/1.0" 200 13931563 "-" "-"
51.77.52.107 - - [15/Apr/2025:13:16:27 +0200] "GET /Jurek/eurofirany/images/464228/0.jpg HTTP/2.0" 200 57021 "-" "baselinker"
46.101.116.244 - - [15/Apr/2025:13:16:28 +0200] "GET /Jurek/ekuchcikowo/feeds/ekuchcikowo_mallsish.xml HTTP/2.0" 200 12471003 "-" "-"
46.101.116.244 - - [15/Apr/2025:13:16:39 +0200] "GET /Jurek/sempler/feeds/sempler_mallsish.xml HTTP/2.0" 200 6788021 "-" "-"
89.161.206.59 - - [15/Apr/2025:13:16:42 +0200] "GET /Jurek/coppotech/feeds/coppotech_skroutz.xml HTTP/1.0" 200 37856504 "-" "-"
89.161.206.59 - - [15/Apr/2025:13:16:46 +0200] "GET /Jurek/elavia/feeds/elavia_skroutz.xml HTTP/1.0" 200 2497277 "-" "-"
51.77.52.107 - - [15/Apr/2025:13:16:47 +0200] "GET /Jurek/eurofirany/images/459048/0.jpg HTTP/2.0" 200 112049 "-" "baselinker"
46.101.116.244 - - [15/Apr/2025:13:16:51 +0200] "GET /Jurek/bass/feeds/bass_mallsish.xml HTTP/2.0" 200 3979036 "-" "-"
89.161.206.59 - - [15/Apr/2025:13:16:53 +0200] "GET /Jurek/maksik/feeds/maksik_skroutz.xml HTTP/1.0" 200 4084799 "-" "-"
51.77.52.107 - - [15/Apr/2025:13:16:56 +0200] "GET /Jurek/eurofirany/images/459048/0.jpg HTTP/2.0" 200 112049 "-" "baselinker"
51.77.52.107 - - [15/Apr/2025:13:17:00 +0200] "GET /Jurek/eurofirany/images/459048/0.jpg HTTP/2.0" 200 112049 "-" "baselinker"
89.161.206.59 - - [15/Apr/2025:13:17:02 +0200] "GET /Jurek/princelh/feeds/princelh_skroutz.xml HTTP/1.0" 200 133438 "-" "-"
51.77.52.107 - - [15/Apr/2025:13:17:07 +0200] "GET /Jurek/eurofirany/images/459049/0.jpg HTTP/2.0" 200 112049 "-" "baselinker"
46.101.116.244 - - [15/Apr/2025:13:17:21 +0200] "GET /Jurek/slayo/feeds/slayo_mallsish.xml HTTP/2.0" 200 183615 "-" "-"
51.77.52.107 - - [15/Apr/2025:13:17:26 +0200] "GET /Jurek/eurofirany/images/459049/0.jpg HTTP/2.0" 200 112049 "-" "baselinker"
46.101.116.244 - - [15/Apr/2025:13:17:32 +0200] "GET /Jurek/mosti/feeds/mosti_mallsish.xml HTTP/2.0" 200 4628112 "-" "-"
46.101.116.244 - - [15/Apr/2025:13:17:32 +0200] "GET /Jurek/amzteam/feeds/amzteam_mallsish.xml HTTP/2.0" 200 97843 "-" "-"
46.101.116.244 - - [15/Apr/2025:13:17:32 +0200] "GET /Jurek/artdog/feeds/artdog_mallsish.xml HTTP/2.0" 200 17158149 "-" "-"
46.101.116.244 - - [15/Apr/2025:13:17:34 +0200] "GET /Jurek/kambukka/feeds/kambukka_mallsish.xml HTTP/2.0" 200 1021085 "-" "-"
51.77.52.107 - - [15/Apr/2025:13:17:39 +0200] "GET /Jurek/eurofirany/images/459049/0.jpg HTTP/2.0" 200 112049 "-" "baselinker"
46.101.116.244 - - [15/Apr/2025:13:17:53 +0200] "GET /Jurek/swiatecznygoliat/feeds/swiatecznygoliat_mallsish.xml HTTP/2.0" 200 7054428 "-" "-"
51.77.52.107 - - [15/Apr/2025:13:17:57 +0200] "GET /Jurek/eurofirany/images/467099/0.jpg HTTP/2.0" 200 106574 "-" "baselinker"
51.77.52.107 - - [15/Apr/2025:13:18:16 +0200] "GET /Jurek/eurofirany/images/467099/0.jpg HTTP/2.0" 200 106574 "-" "baselinker"
62.146.215.32 - - [15/Apr/2025:13:18:33 +0200] "GET /Jurek/topeshop/downloaded_images/5902838464359_KUBABIURKOBRY%C5%81KABIELBOKZM.jpg HTTP/2.0" 404 3551 "-" "billigerbot/1.0"
51.77.52.107 - - [15/Apr/2025:13:18:37 +0200] "GET /Jurek/eurofirany/images/467099/0.jpg HTTP/2.0" 200 106574 "-" "baselinker"
51.77.52.107 - - [15/Apr/2025:13:18:44 +0200] "GET /Jurek/eurofirany/images/467100/0.jpg HTTP/2.0" 200 102728 "-" "baselinker"
46.101.116.244 - - [15/Apr/2025:13:18:55 +0200] "GET /Jurek/octopia/feeds/octopia_mallsish.xml HTTP/2.0" 200 10103817 "-" "-"
51.77.52.107 - - [15/Apr/2025:13:19:08 +0200] "GET /Jurek/eurofirany/images/467100/0.jpg HTTP/2.0" 200 102728 "-" "baselinker"
193.33.8.61 - - [15/Apr/2025:13:19:08 +0200] "GET /Jurek/reman/output.txt HTTP/2.0" 200 9143 "https://konsola.dkkapusta1997.usermd.net/" "Mozilla/5.0 (Windows NT 10.0; Win64; x64) AppleWebKit/537.36 (KHTML, like Gecko) Chrome/135.0.0.0 Safari/537.36"
46.101.116.244 - - [15/Apr/2025:13:19:10 +0200] "GET /Jurek/topeshop/feeds/topeshop_mallsish.xml HTTP/2.0" 200 2657712 "-" "-"
51.77.52.107 - - [15/Apr/2025:13:19:13 +0200] "GET /Jurek/eurofirany/images/467100/0.jpg HTTP/2.0" 200 102728 "-" "baselinker"
51.77.52.107 - - [15/Apr/2025:13:19:40 +0200] "GET /Jurek/eurofirany/images/467116/0.jpg HTTP/2.0" 200 90283 "-" "baselinker"
51.77.52.107 - - [15/Apr/2025:13:19:50 +0200] "GET /Jurek/eurofirany/images/467116/0.jpg HTTP/2.0" 200 90283 "-" "baselinker"
51.77.52.107 - - [15/Apr/2025:13:20:04 +0200] "GET /Jurek/eurofirany/images/467116/0.jpg HTTP/2.0" 200 90283 "-" "baselinker"
51.77.52.107 - - [15/Apr/2025:13:20:25 +0200] "GET /Jurek/eurofirany/images/467415/0.jpg HTTP/2.0" 200 51469 "-" "baselinker"
51.77.52.107 - - [15/Apr/2025:13:20:30 +0200] "GET /Jurek/eurofirany/images/467415/0.jpg HTTP/2.0" 200 51469 "-" "baselinker"
51.77.52.107 - - [15/Apr/2025:13:20:40 +0200] "GET /Jurek/eurofirany/images/467415/0.jpg HTTP/2.0" 200 51469 "-" "baselinker"
51.77.52.107 - - [15/Apr/2025:13:20:48 +0200] "GET /Jurek/eurofirany/images/464830/0.jpg HTTP/2.0" 200 174714 "-" "baselinker"
51.77.52.107 - - [15/Apr/2025:13:21:09 +0200] "GET /Jurek/eurofirany/images/464830/0.jpg HTTP/2.0" 200 174714 "-" "baselinker"
51.77.52.107 - - [15/Apr/2025:13:21:12 +0200] "GET /Jurek/eurofirany/images/464830/0.jpg HTTP/2.0" 200 174714 "-" "baselinker"
193.33.8.61 - - [15/Apr/2025:13:21:31 +0200] "GET /Jurek/sartrix/output.txt HTTP/2.0" 200 7511 "https://konsola.dkkapusta1997.usermd.net/" "Mozilla/5.0 (Windows NT 10.0; Win64; x64) AppleWebKit/537.36 (KHTML, like Gecko) Chrome/135.0.0.0 Safari/537.36"
51.77.52.107 - - [15/Apr/2025:13:21:31 +0200] "GET /Jurek/eurofirany/images/464839/0.jpg HTTP/2.0" 200 168656 "-" "baselinker"
193.33.8.61 - - [15/Apr/2025:13:21:41 +0200] "GET /Jurek/action/feeds/action_zero.xml HTTP/2.0" 200 60204863 "https://konsola.dkkapusta1997.usermd.net/" "Mozilla/5.0 (Windows NT 10.0; Win64; x64) AppleWebKit/537.36 (KHTML, like Gecko) Chrome/135.0.0.0 Safari/537.36"
77.79.248.229 - - [15/Apr/2025:13:21:43 +0200] "GET /Jurek/action/feeds/action_zero.xml HTTP/1.1" 200 60204863 "-" "Python-urllib/3.11"
51.77.52.107 - - [15/Apr/2025:13:21:48 +0200] "GET /Jurek/eurofirany/images/464839/0.jpg HTTP/2.0" 200 168656 "-" "baselinker"
51.77.52.107 - - [15/Apr/2025:13:22:08 +0200] "GET /Jurek/eurofirany/images/464839/0.jpg HTTP/2.0" 200 168656 "-" "baselinker"
51.77.52.107 - - [15/Apr/2025:13:22:29 +0200] "GET /Jurek/eurofirany/images/464860/0.jpg HTTP/2.0" 200 154188 "-" "baselinker"
51.77.52.107 - - [15/Apr/2025:13:22:46 +0200] "GET /Jurek/eurofirany/images/464860/0.jpg HTTP/2.0" 200 154188 "-" "baselinker"
46.101.116.244 - - [15/Apr/2025:13:22:50 +0200] "GET /Jurek/activeshop/feeds/activeshop_mallsish.xml HTTP/2.0" 200 10425282 "-" "-"
51.77.52.107 - - [15/Apr/2025:13:22:50 +0200] "GET /Jurek/eurofirany/images/464860/0.jpg HTTP/2.0" 200 154188 "-" "baselinker"
51.77.52.107 - - [15/Apr/2025:13:23:12 +0200] "GET /Jurek/eurofirany/images/464810/0.jpg HTTP/2.0" 200 138941 "-" "baselinker"
89.161.206.59 - - [15/Apr/2025:13:23:25 +0200] "GET /Jurek/hurtownia_przemyslowa/feeds/hp_amazonDE.xml HTTP/1.0" 200 42278419 "-" "-"
51.77.52.107 - - [15/Apr/2025:13:23:30 +0200] "GET /Jurek/eurofirany/images/464810/0.jpg HTTP/2.0" 200 138941 "-" "baselinker"
51.77.52.107 - - [15/Apr/2025:13:23:49 +0200] "GET /Jurek/eurofirany/images/464810/0.jpg HTTP/2.0" 200 138941 "-" "baselinker"
51.77.52.107 - - [15/Apr/2025:13:24:11 +0200] "GET /Jurek/eurofirany/images/464831/0.jpg HTTP/2.0" 200 168658 "-" "baselinker"
51.77.52.107 - - [15/Apr/2025:13:24:31 +0200] "GET /Jurek/eurofirany/images/464831/0.jpg HTTP/2.0" 200 168658 "-" "baselinker"
66.211.183.71 - - [15/Apr/2025:13:24:44 +0200] "GET /Jurek/topeshop/downloaded_images/5902838463338_Dallas_Sonoma(7).jpg HTTP/1.1" 404 3551 "http://www.ebay.com/" "Mozilla/4.0 (compatible; MSIE 4.01; Windows NT)"
66.211.183.71 - - [15/Apr/2025:13:24:44 +0200] "GET /Jurek/topeshop/downloaded_images/5902838463338_Dallas_Sonoma(1).jpg HTTP/1.1" 404 3551 "http://www.ebay.com/" "Mozilla/4.0 (compatible; MSIE 4.01; Windows NT)"
66.211.183.72 - - [15/Apr/2025:13:24:44 +0200] "GET /Jurek/topeshop/downloaded_images/5902838463338_Dallas_Sonoma(5).jpg HTTP/1.1" 404 3551 "http://www.ebay.com/" "Mozilla/4.0 (compatible; MSIE 4.01; Windows NT)"
66.211.183.71 - - [15/Apr/2025:13:24:44 +0200] "GET /Jurek/topeshop/downloaded_images/5902838463338_Dallas_Sonoma(4).jpg HTTP/1.1" 404 3551 "http://www.ebay.com/" "Mozilla/4.0 (compatible; MSIE 4.01; Windows NT)"
66.211.183.70 - - [15/Apr/2025:13:24:44 +0200] "GET /Jurek/topeshop/downloaded_images/5902838463338_Dallas_Sonoma(6).jpg HTTP/1.1" 404 3551 "http://www.ebay.com/" "Mozilla/4.0 (compatible; MSIE 4.01; Windows NT)"
66.211.183.72 - - [15/Apr/2025:13:24:44 +0200] "GET /Jurek/topeshop/downloaded_images/5902838463338_ar1_sonoma.jpg HTTP/1.1" 200 142087 "http://www.ebay.com/" "Mozilla/4.0 (compatible; MSIE 4.01; Windows NT)"
66.211.183.71 - - [15/Apr/2025:13:24:45 +0200] "GET /Jurek/topeshop/downloaded_images/5902838463338_render_pop_.RGB_color.0013_kopia.png HTTP/1.1" 200 567153 "http://www.ebay.com/" "Mozilla/4.0 (compatible; MSIE 4.01; Windows NT)"
51.77.52.107 - - [15/Apr/2025:13:24:47 +0200] "GET /Jurek/eurofirany/images/464831/0.jpg HTTP/2.0" 200 168658 "-" "baselinker"
89.161.206.59 - - [15/Apr/2025:13:24:52 +0200] "GET /Jurek/bass/feeds/bass_amazonfr.xml HTTP/1.0" 200 3979190 "-" "-"
89.161.206.59 - - [15/Apr/2025:13:24:53 +0200] "GET /Jurek/bass/feeds/bass_amazonit.xml HTTP/1.0" 200 3979122 "-" "-"
89.161.206.59 - - [15/Apr/2025:13:24:53 +0200] "GET /Jurek/bass/feeds/bass_amazonnl.xml HTTP/1.0" 200 3979048 "-" "-"
51.77.52.107 - - [15/Apr/2025:13:25:02 +0200] "GET /Jurek/eurofirany/images/464832/0.jpg HTTP/2.0" 200 168658 "-" "baselinker"
193.33.8.61 - - [15/Apr/2025:13:25:15 +0200] "GET /Jurek/techrebal/output.txt HTTP/2.0" 200 7123 "https://konsola.dkkapusta1997.usermd.net/" "Mozilla/5.0 (Windows NT 10.0; Win64; x64) AppleWebKit/537.36 (KHTML, like Gecko) Chrome/135.0.0.0 Safari/537.36"
51.77.52.107 - - [15/Apr/2025:13:25:20 +0200] "GET /Jurek/eurofirany/images/464832/0.jpg HTTP/2.0" 200 168658 "-" "baselinker"
51.77.52.107 - - [15/Apr/2025:13:25:47 +0200] "GET /Jurek/eurofirany/images/464832/0.jpg HTTP/2.0" 200 168658 "-" "baselinker"
51.77.52.107 - - [15/Apr/2025:13:25:50 +0200] "GET /Jurek/eurofirany/images/464833/0.jpg HTTP/2.0" 200 168658 "-" "baselinker"
51.77.52.107 - - [15/Apr/2025:13:26:06 +0200] "GET /Jurek/eurofirany/images/464833/0.jpg HTTP/2.0" 200 168658 "-" "baselinker"
46.101.116.244 - - [15/Apr/2025:13:26:20 +0200] "GET /Jurek/hurtownia_przemyslowa/feeds/hp_mallsish.xml HTTP/2.0" 200 49362306 "-" "-"
51.77.52.107 - - [15/Apr/2025:13:26:22 +0200] "GET /Jurek/eurofirany/images/464833/0.jpg HTTP/2.0" 200 168658 "-" "baselinker"
178.21.154.6 - - [15/Apr/2025:13:26:43 +0200] "GET /Jurek/eurofirany/images/52263/0.jpg HTTP/1.1" 200 61728 "-" "-"
51.77.52.107 - - [15/Apr/2025:13:26:44 +0200] "GET /Jurek/eurofirany/images/464840/0.jpg HTTP/2.0" 200 165864 "-" "baselinker"
51.77.52.107 - - [15/Apr/2025:13:26:50 +0200] "GET /Jurek/eurofirany/images/464840/0.jpg HTTP/2.0" 200 165864 "-" "baselinker"
51.77.52.107 - - [15/Apr/2025:13:27:00 +0200] "GET /Jurek/eurofirany/images/464840/0.jpg HTTP/2.0" 200 165864 "-" "baselinker"
51.77.52.107 - - [15/Apr/2025:13:27:04 +0200] "GET /Jurek/eurofirany/images/464841/0.jpg HTTP/2.0" 200 165864 "-" "baselinker"
46.101.116.244 - - [15/Apr/2025:13:27:19 +0200] "GET /Jurek/action/feeds/action_mallsish.xml HTTP/2.0" 200 60202515 "-" "-"
51.77.52.107 - - [15/Apr/2025:13:27:21 +0200] "GET /Jurek/eurofirany/images/464841/0.jpg HTTP/2.0" 200 165864 "-" "baselinker"
51.77.52.107 - - [15/Apr/2025:13:27:37 +0200] "GET /Jurek/eurofirany/images/464841/0.jpg HTTP/2.0" 200 165864 "-" "baselinker"
51.77.52.107 - - [15/Apr/2025:13:27:51 +0200] "GET /Jurek/eurofirany/images/464844/0.jpg HTTP/2.0" 200 165864 "-" "baselinker"
51.77.52.107 - - [15/Apr/2025:13:28:05 +0200] "GET /Jurek/eurofirany/images/464844/0.jpg HTTP/2.0" 200 165864 "-" "baselinker"
51.77.52.107 - - [15/Apr/2025:13:28:24 +0200] "GET /Jurek/eurofirany/images/464844/0.jpg HTTP/2.0" 200 165864 "-" "baselinker"
51.77.52.107 - - [15/Apr/2025:13:28:45 +0200] "GET /Jurek/eurofirany/images/464845/0.jpg HTTP/2.0" 200 175513 "-" "baselinker"
51.77.52.107 - - [15/Apr/2025:13:28:59 +0200] "GET /Jurek/eurofirany/images/464845/0.jpg HTTP/2.0" 200 175513 "-" "baselinker"
51.77.52.107 - - [15/Apr/2025:13:29:25 +0200] "GET /Jurek/eurofirany/images/464845/0.jpg HTTP/2.0" 200 175513 "-" "baselinker"
51.77.52.107 - - [15/Apr/2025:13:29:31 +0200] "GET /Jurek/eurofirany/images/464854/0.jpg HTTP/2.0" 200 175513 "-" "baselinker"
51.77.52.107 - - [15/Apr/2025:13:29:45 +0200] "GET /Jurek/eurofirany/images/464854/0.jpg HTTP/2.0" 200 175513 "-" "baselinker"
46.101.116.244 - - [15/Apr/2025:13:29:50 +0200] "GET /Jurek/beliani/feeds/beliani_si_mallsi.xml HTTP/2.0" 200 31081541 "-" "-"
51.77.52.107 - - [15/Apr/2025:13:30:06 +0200] "GET /Jurek/eurofirany/images/464854/0.jpg HTTP/2.0" 200 175513 "-" "baselinker"
51.77.52.107 - - [15/Apr/2025:13:30:13 +0200] "GET /Jurek/eurofirany/images/464855/0.jpg HTTP/2.0" 200 175513 "-" "baselinker"
193.33.8.61 - - [15/Apr/2025:13:30:22 +0200] "GET /Jurek/cdata/output.txt HTTP/2.0" 200 8639 "https://konsola.dkkapusta1997.usermd.net/" "Mozilla/5.0 (Windows NT 10.0; Win64; x64) AppleWebKit/537.36 (KHTML, like Gecko) Chrome/135.0.0.0 Safari/537.36"
51.77.52.107 - - [15/Apr/2025:13:30:37 +0200] "GET /Jurek/eurofirany/images/464855/0.jpg HTTP/2.0" 200 175513 "-" "baselinker"
5.134.208.158 - - [15/Apr/2025:13:30:46 +0200] "GET /Jurek/topeshop/downloaded_images/5902838466209_KUBABIURKOBRY%C5%81KASONOMABOKZM.jpg HTTP/1.1" 404 3551 "-" "-"
5.134.208.158 - - [15/Apr/2025:13:30:46 +0200] "GET /Jurek/topeshop/downloaded_images/5904507200060_MIJASBIURKOBRY%C5%81KABIELLEWEBOKZM.jpg HTTP/1.1" 404 3551 "-" "-"
5.134.208.158 - - [15/Apr/2025:13:30:46 +0200] "GET /Jurek/topeshop/downloaded_images/5902838466209_KUBABIURKOBRY%C5%81KASONOMABOKZM.jpg HTTP/1.1" 404 3551 "https://www.ceneo.pl" "Mozilla/5.0 (Windows NT 10.0; WOW64) AppleWebKit/537.36 (KHTML, like Gecko) Chrome/52.0.2743.82 Safari/537.36 OPR/39.0.2256.48"
5.134.208.158 - - [15/Apr/2025:13:30:46 +0200] "GET /Jurek/topeshop/downloaded_images/5904507200060_MIJASBIURKOBRY%C5%81KABIELLEWEBOKZM.jpg HTTP/1.1" 404 3551 "https://www.ceneo.pl" "Mozilla/5.0 (Windows NT 10.0; WOW64) AppleWebKit/537.36 (KHTML, like Gecko) Chrome/52.0.2743.82 Safari/537.36 OPR/39.0.2256.48"
5.134.208.158 - - [15/Apr/2025:13:30:46 +0200] "GET /Jurek/topeshop/downloaded_images/5902838466209_KUBABIURKOBRY%C5%81KASONOMABOKZM.jpg HTTP/1.1" 404 3551 "-" "-"
5.134.208.158 - - [15/Apr/2025:13:30:47 +0200] "GET /Jurek/topeshop/downloaded_images/5902838466209_KUBABIURKOBRY%C5%81KASONOMABOKZM.jpg HTTP/1.1" 404 3551 "https://www.ceneo.pl" "Mozilla/5.0 (Windows NT 10.0; WOW64) AppleWebKit/537.36 (KHTML, like Gecko) Chrome/52.0.2743.82 Safari/537.36 OPR/39.0.2256.48"
5.134.208.158 - - [15/Apr/2025:13:30:47 +0200] "GET /Jurek/topeshop/downloaded_images/5904507200060_MIJASBIURKOBRY%C5%81KABIELLEWEBOKZM.jpg HTTP/1.1" 404 3551 "-" "-"
5.134.208.158 - - [15/Apr/2025:13:30:47 +0200] "GET /Jurek/topeshop/downloaded_images/5904507200060_MIJASBIURKOBRY%C5%81KABIELLEWEBOKZM.jpg HTTP/1.1" 404 3551 "https://www.ceneo.pl" "Mozilla/5.0 (Windows NT 10.0; WOW64) AppleWebKit/537.36 (KHTML, like Gecko) Chrome/52.0.2743.82 Safari/537.36 OPR/39.0.2256.48"
51.77.52.107 - - [15/Apr/2025:13:30:54 +0200] "GET /Jurek/eurofirany/images/464855/0.jpg HTTP/2.0" 200 175513 "-" "baselinker"
46.101.116.244 - - [15/Apr/2025:13:31:04 +0200] "GET /Jurek/rovicky/feeds/rovicky_mallsish.xml HTTP/2.0" 200 15062985 "-" "-"
51.77.52.107 - - [15/Apr/2025:13:31:06 +0200] "GET /Jurek/eurofirany/images/464858/0.jpg HTTP/2.0" 200 153354 "-" "baselinker"
46.101.116.244 - - [15/Apr/2025:13:31:15 +0200] "GET /Jurek/detian/feeds/detian_mallsish.xml HTTP/2.0" 404 3551 "-" "-"
51.77.52.107 - - [15/Apr/2025:13:31:22 +0200] "GET /Jurek/eurofirany/images/464858/0.jpg HTTP/2.0" 200 153354 "-" "baselinker"
46.101.116.244 - - [15/Apr/2025:13:31:26 +0200] "GET /Jurek/ikonka/feeds/ikonka_mallsish.xml HTTP/2.0" 200 22191703 "-" "-"
51.77.52.107 - - [15/Apr/2025:13:31:37 +0200] "GET /Jurek/eurofirany/images/464858/0.jpg HTTP/2.0" 200 153354 "-" "baselinker"
46.101.116.244 - - [15/Apr/2025:13:31:43 +0200] "GET /Jurek/candellux/feeds/candellux_mallsish.xml HTTP/2.0" 200 465720 "-" "-"
51.77.52.107 - - [15/Apr/2025:13:31:53 +0200] "GET /Jurek/eurofirany/images/464862/0.jpg HTTP/2.0" 200 153354 "-" "baselinker"
46.101.116.244 - - [15/Apr/2025:13:31:53 +0200] "GET /Jurek/andex/feeds/andex_mallslsh.xml HTTP/2.0" 200 1953477 "-" "-"
46.101.116.244 - - [15/Apr/2025:13:32:05 +0200] "GET /Jurek/chemex/feeds/chemex_mallsish.xml HTTP/2.0" 200 47809880 "-" "-"
51.77.52.107 - - [15/Apr/2025:13:32:07 +0200] "GET /Jurek/eurofirany/images/464862/0.jpg HTTP/2.0" 200 153354 "-" "baselinker"
46.101.116.244 - - [15/Apr/2025:13:32:08 +0200] "GET /Jurek/ikonka/feeds/ikonka_aliexpress.xml HTTP/1.0" 200 22189655 "-" "-"
89.161.206.59 - - [15/Apr/2025:13:32:20 +0200] "GET /Jurek/asortymenteu/feeds/asortymenteu_aliex.xml HTTP/1.0" 200 2314938 "-" "-"
46.101.116.244 - - [15/Apr/2025:13:32:20 +0200] "GET /Jurek/aw/feeds/awnarzedzia_mallsish.xml HTTP/2.0" 200 90548899 "-" "-"
51.77.52.107 - - [15/Apr/2025:13:32:24 +0200] "GET /Jurek/eurofirany/images/464862/0.jpg HTTP/2.0" 200 153354 "-" "baselinker"
89.161.206.59 - - [15/Apr/2025:13:32:30 +0200] "GET /Jurek/kinghoff/feeds/kinghoff_aliex.xml HTTP/1.0" 200 15489790 "-" "-"
89.161.206.59 - - [15/Apr/2025:13:32:36 +0200] "GET /Jurek/waks/feeds/waks_aliex.xml HTTP/1.0" 200 1598639 "-" "-"
51.77.52.107 - - [15/Apr/2025:13:32:39 +0200] "GET /Jurek/eurofirany/images/464865/0.jpg HTTP/2.0" 200 153354 "-" "baselinker"
89.161.206.59 - - [15/Apr/2025:13:32:50 +0200] "GET /Jurek/sempler/feeds/sempler_aliex.xml HTTP/1.0" 200 6788455 "-" "-"
89.161.206.59 - - [15/Apr/2025:13:32:52 +0200] "GET /Jurek/pawonik/feeds/pawonik_aliex.xml HTTP/1.0" 200 2138673 "-" "-"
89.161.206.59 - - [15/Apr/2025:13:32:53 +0200] "GET /Jurek/pagmil/feeds/pagmil_aliex.xml HTTP/1.0" 200 1803035 "-" "-"
89.161.206.59 - - [15/Apr/2025:13:32:53 +0200] "GET /Jurek/oromed/feeds/oromed_aliex.xml HTTP/1.0" 200 1081759 "-" "-"
89.161.206.59 - - [15/Apr/2025:13:32:56 +0200] "GET /Jurek/ekolight/feeds/ekolioght_aliex.xml HTTP/1.0" 200 9052078 "-" "-"
89.161.206.59 - - [15/Apr/2025:13:33:00 +0200] "GET /Jurek/ekuchcikowo/feeds/ekuchcikowo_aliex.xml HTTP/1.0" 200 12471559 "-" "-"
51.77.52.107 - - [15/Apr/2025:13:33:14 +0200] "GET /Jurek/eurofirany/images/464865/0.jpg HTTP/2.0" 200 153354 "-" "baselinker"
51.77.52.107 - - [15/Apr/2025:13:33:29 +0200] "GET /Jurek/eurofirany/images/464865/0.jpg HTTP/2.0" 200 153354 "-" "baselinker"
51.77.52.107 - - [15/Apr/2025:13:33:45 +0200] "GET /Jurek/eurofirany/images/464936/0.jpg HTTP/2.0" 200 164213 "-" "baselinker"
51.77.52.107 - - [15/Apr/2025:13:34:05 +0200] "GET /Jurek/eurofirany/images/464936/0.jpg HTTP/2.0" 200 164213 "-" "baselinker"
51.77.52.107 - - [15/Apr/2025:13:34:21 +0200] "GET /Jurek/eurofirany/images/464936/0.jpg HTTP/2.0" 200 164213 "-" "baselinker"
51.77.52.107 - - [15/Apr/2025:13:34:41 +0200] "GET /Jurek/eurofirany/images/464949/0.jpg HTTP/2.0" 200 164817 "-" "baselinker"
51.77.52.107 - - [15/Apr/2025:13:34:55 +0200] "GET /Jurek/eurofirany/images/464949/0.jpg HTTP/2.0" 200 164817 "-" "baselinker"
46.101.116.244 - - [15/Apr/2025:13:34:57 +0200] "GET /Jurek/barbecook/feeds/barbecook_mallslsh.xml HTTP/2.0" 200 87532 "-" "-"
51.77.52.107 - - [15/Apr/2025:13:35:01 +0200] "GET /Jurek/eurofirany/images/464949/0.jpg HTTP/2.0" 200 164817 "-" "baselinker"
46.101.116.244 - - [15/Apr/2025:13:35:07 +0200] "GET /Jurek/duka/feeds/duka_mallslsh.xml HTTP/2.0" 200 57 "-" "-"
51.77.52.107 - - [15/Apr/2025:13:35:17 +0200] "GET /Jurek/eurofirany/images/464811/0.jpg HTTP/2.0" 200 139743 "-" "baselinker"
46.101.116.244 - - [15/Apr/2025:13:35:18 +0200] "GET /Jurek/miloohome/feeds/miloohome_mallsish.xml HTTP/2.0" 200 1421025 "-" "-"
