51.77.52.107 - - [15/Apr/2025:05:27:00 +0200] "GET /Jurek/eurofirany/images/456040/0.jpg HTTP/2.0" 200 84355 "-" "baselinker"
46.101.116.244 - - [15/Apr/2025:05:27:00 +0200] "GET /Jurek/detian/feeds/detian_kaufland.xml HTTP/2.0" 404 3551 "-" "-"
51.77.52.107 - - [15/Apr/2025:05:27:10 +0200] "GET /Jurek/eurofirany/images/456053/0.jpg HTTP/2.0" 200 155585 "-" "baselinker"
46.101.116.244 - - [15/Apr/2025:05:27:10 +0200] "GET /Jurek/emibig/feeds/emibig_kaufland.xml HTTP/2.0" 200 2524164 "-" "-"
46.101.116.244 - - [15/Apr/2025:05:27:21 +0200] "GET /Jurek/eurofirany/feeds/eurofirany_kaufland_greatstore.xml HTTP/2.0" 200 19347580 "-" "-"
51.77.52.107 - - [15/Apr/2025:05:27:22 +0200] "GET /Jurek/eurofirany/images/456053/0.jpg HTTP/2.0" 200 155585 "-" "baselinker"
46.101.116.244 - - [15/Apr/2025:05:27:33 +0200] "GET /Jurek/fernity/feeds/fernity_kaufland.xml HTTP/2.0" 200 4800663 "-" "-"
51.77.52.107 - - [15/Apr/2025:05:27:44 +0200] "GET /Jurek/eurofirany/images/456053/0.jpg HTTP/2.0" 200 155585 "-" "baselinker"
51.77.52.107 - - [15/Apr/2025:05:27:50 +0200] "GET /Jurek/eurofirany/images/456055/0.jpg HTTP/2.0" 200 146213 "-" "baselinker"
46.101.116.244 - - [15/Apr/2025:05:27:56 +0200] "GET /Jurek/hurtownia_przemyslowa/feeds/hp_kaufcz.xml HTTP/2.0" 200 49378513 "-" "-"
51.77.52.107 - - [15/Apr/2025:05:28:03 +0200] "GET /Jurek/eurofirany/images/456055/0.jpg HTTP/2.0" 200 146213 "-" "baselinker"
51.77.52.107 - - [15/Apr/2025:05:28:16 +0200] "GET /Jurek/eurofirany/images/456055/0.jpg HTTP/2.0" 200 146213 "-" "baselinker"
46.101.116.244 - - [15/Apr/2025:05:28:24 +0200] "GET /Jurek/ikonka/feeds/ikonka_kaufland.xml HTTP/2.0" 200 22209978 "-" "-"
51.77.52.107 - - [15/Apr/2025:05:28:29 +0200] "GET /Jurek/eurofirany/images/453671/0.jpg HTTP/2.0" 200 69123 "-" "baselinker"
46.101.116.244 - - [15/Apr/2025:05:28:35 +0200] "GET /Jurek/kinghoff/feeds/kinghoff_kaufland.xml HTTP/2.0" 200 15493318 "-" "-"
51.77.52.107 - - [15/Apr/2025:05:28:40 +0200] "GET /Jurek/eurofirany/images/453671/0.jpg HTTP/2.0" 200 69123 "-" "baselinker"
51.77.52.107 - - [15/Apr/2025:05:28:46 +0200] "GET /Jurek/eurofirany/images/453671/0.jpg HTTP/2.0" 200 69123 "-" "baselinker"
46.101.116.244 - - [15/Apr/2025:05:28:51 +0200] "GET /Jurek/kinghome/feeds/kinghome_kaufland.xml HTTP/2.0" 200 6047571 "-" "-"
51.77.52.107 - - [15/Apr/2025:05:28:59 +0200] "GET /Jurek/eurofirany/images/453674/0.jpg HTTP/2.0" 200 48426 "-" "baselinker"
51.77.52.107 - - [15/Apr/2025:05:29:13 +0200] "GET /Jurek/eurofirany/images/453674/0.jpg HTTP/2.0" 200 48426 "-" "baselinker"
46.101.116.244 - - [15/Apr/2025:05:29:27 +0200] "GET /Jurek/octopia/feeds/octopia_kaufland.xml HTTP/2.0" 200 10116659 "-" "-"
51.77.52.107 - - [15/Apr/2025:05:29:29 +0200] "GET /Jurek/eurofirany/images/453674/0.jpg HTTP/2.0" 200 48426 "-" "baselinker"
46.101.116.244 - - [15/Apr/2025:05:29:39 +0200] "GET /Jurek/rovicky/feeds/rovicky_kaufland.xml HTTP/2.0" 200 15068539 "-" "-"
51.77.52.107 - - [15/Apr/2025:05:29:45 +0200] "GET /Jurek/eurofirany/images/453675/0.jpg HTTP/2.0" 200 66336 "-" "baselinker"
46.101.116.244 - - [15/Apr/2025:05:29:49 +0200] "GET /Jurek/stema/feeds/stema_kauflandcz.xml HTTP/2.0" 200 852444 "-" "-"
46.101.116.244 - - [15/Apr/2025:05:30:00 +0200] "GET /Jurek/twm/feeds/twm-kaufland.xml HTTP/2.0" 200 2418049 "-" "-"
51.77.52.107 - - [15/Apr/2025:05:30:07 +0200] "GET /Jurek/eurofirany/images/453675/0.jpg HTTP/2.0" 200 66336 "-" "baselinker"
46.101.116.244 - - [15/Apr/2025:05:30:12 +0200] "GET /Jurek/unimet/feeds/unimet_kaufland.xml HTTP/2.0" 200 60531127 "-" "-"
51.77.52.107 - - [15/Apr/2025:05:30:15 +0200] "GET /Jurek/eurofirany/images/453675/0.jpg HTTP/2.0" 200 66336 "-" "baselinker"
51.77.52.107 - - [15/Apr/2025:05:30:28 +0200] "GET /Jurek/eurofirany/images/453676/0.jpg HTTP/2.0" 200 76796 "-" "baselinker"
51.77.52.107 - - [15/Apr/2025:05:30:44 +0200] "GET /Jurek/eurofirany/images/453676/0.jpg HTTP/2.0" 200 76796 "-" "baselinker"
51.77.52.107 - - [15/Apr/2025:05:30:57 +0200] "GET /Jurek/eurofirany/images/453676/0.jpg HTTP/2.0" 200 76796 "-" "baselinker"
46.101.116.244 - - [15/Apr/2025:05:31:00 +0200] "GET /Jurek/aw/feeds/aw_fnacfr.xml HTTP/1.0" 404 3551 "-" "-"
52.167.144.163 - - [15/Apr/2025:05:31:07 +0200] "GET /Jurek/topeshop/downloaded_images/5902838462386_1_b%C5%82ysk.png HTTP/2.0" 404 3551 "-" "Mozilla/5.0 AppleWebKit/537.36 (KHTML, like Gecko; compatible; bingbot/2.0; +http://www.bing.com/bingbot.htm) Chrome/116.0.1938.76 Safari/537.36"
51.77.52.107 - - [15/Apr/2025:05:31:13 +0200] "GET /Jurek/eurofirany/images/453721/0.jpg HTTP/2.0" 200 60293 "-" "baselinker"
51.77.52.107 - - [15/Apr/2025:05:31:30 +0200] "GET /Jurek/eurofirany/images/453721/0.jpg HTTP/2.0" 200 60293 "-" "baselinker"
185.6.76.167 - - [15/Apr/2025:05:31:43 +0200] "GET /Jurek/eurofirany/images/367243/0.jpg HTTP/1.1" 200 109683 "-" "Skroutz ImageBot v1"
185.6.76.167 - - [15/Apr/2025:05:31:43 +0200] "GET /Jurek/eurofirany/images/367245/0.jpg HTTP/1.1" 200 131770 "-" "Skroutz ImageBot v1"
51.77.52.107 - - [15/Apr/2025:05:31:46 +0200] "GET /Jurek/eurofirany/images/453721/0.jpg HTTP/2.0" 200 60293 "-" "baselinker"
51.77.52.107 - - [15/Apr/2025:05:31:59 +0200] "GET /Jurek/eurofirany/images/461498/0.jpg HTTP/2.0" 200 63263 "-" "baselinker"
51.77.52.107 - - [15/Apr/2025:05:32:12 +0200] "GET /Jurek/eurofirany/images/461498/0.jpg HTTP/2.0" 200 63263 "-" "baselinker"
51.77.52.107 - - [15/Apr/2025:05:32:23 +0200] "GET /Jurek/eurofirany/images/461498/0.jpg HTTP/2.0" 200 63263 "-" "baselinker"
51.77.52.107 - - [15/Apr/2025:05:32:35 +0200] "GET /Jurek/eurofirany/images/461503/0.jpg HTTP/2.0" 200 65986 "-" "baselinker"
46.101.116.244 - - [15/Apr/2025:05:32:47 +0200] "GET /Jurek/vivaldi/feeds/vivaldi_kaufland.xml HTTP/2.0" 200 344829 "-" "-"
51.77.52.107 - - [15/Apr/2025:05:32:51 +0200] "GET /Jurek/eurofirany/images/461503/0.jpg HTTP/2.0" 200 65986 "-" "baselinker"
51.77.52.107 - - [15/Apr/2025:05:33:02 +0200] "GET /Jurek/eurofirany/images/461503/0.jpg HTTP/2.0" 200 65986 "-" "baselinker"
51.77.52.107 - - [15/Apr/2025:05:33:17 +0200] "GET /Jurek/eurofirany/images/461505/0.jpg HTTP/2.0" 200 64660 "-" "baselinker"
51.77.52.107 - - [15/Apr/2025:05:33:31 +0200] "GET /Jurek/eurofirany/images/461505/0.jpg HTTP/2.0" 200 64660 "-" "baselinker"
51.77.52.107 - - [15/Apr/2025:05:33:46 +0200] "GET /Jurek/eurofirany/images/461505/0.jpg HTTP/2.0" 200 64660 "-" "baselinker"
51.77.52.107 - - [15/Apr/2025:05:34:00 +0200] "GET /Jurek/eurofirany/images/461506/0.jpg HTTP/2.0" 200 63883 "-" "baselinker"
51.77.52.107 - - [15/Apr/2025:05:34:04 +0200] "GET /Jurek/eurofirany/images/461506/0.jpg HTTP/2.0" 200 63883 "-" "baselinker"
51.77.52.107 - - [15/Apr/2025:05:34:20 +0200] "GET /Jurek/eurofirany/images/461506/0.jpg HTTP/2.0" 200 63883 "-" "baselinker"
51.77.52.107 - - [15/Apr/2025:05:34:35 +0200] "GET /Jurek/eurofirany/images/461507/0.jpg HTTP/2.0" 200 62857 "-" "baselinker"
52.18.22.0 - - [15/Apr/2025:05:34:49 +0200] "GET /marketplaces/worten2/results/worten.csv HTTP/1.1" 200 147217 "-" "Mirakl HttpClient"
51.77.52.107 - - [15/Apr/2025:05:35:01 +0200] "GET /Jurek/eurofirany/images/461507/0.jpg HTTP/2.0" 200 62857 "-" "baselinker"
51.77.52.107 - - [15/Apr/2025:05:35:15 +0200] "GET /Jurek/eurofirany/images/461507/0.jpg HTTP/2.0" 200 62857 "-" "baselinker"
51.77.52.107 - - [15/Apr/2025:05:35:28 +0200] "GET /Jurek/eurofirany/images/460868/0.jpg HTTP/2.0" 200 77659 "-" "baselinker"
46.101.116.244 - - [15/Apr/2025:05:35:39 +0200] "GET /Jurek/vidaCZ/feeds/vida_Kaufland.xml HTTP/2.0" 200 664383374 "-" "-"
51.77.52.107 - - [15/Apr/2025:05:35:44 +0200] "GET /Jurek/eurofirany/images/460868/0.jpg HTTP/2.0" 200 77659 "-" "baselinker"
51.77.52.107 - - [15/Apr/2025:05:35:58 +0200] "GET /Jurek/eurofirany/images/460868/0.jpg HTTP/2.0" 200 77659 "-" "baselinker"
77.79.248.229 - - [15/Apr/2025:05:36:09 +0200] "GET /Jurek/eurofirany/feeds/eurofirany_cdon_se.xml HTTP/1.1" 200 19345324 "-" "python-requests/2.32.3"
77.79.248.229 - - [15/Apr/2025:05:36:10 +0200] "GET /Jurek/eurofirany/feeds/eurofirany_cdon_dk.xml HTTP/1.1" 200 19345322 "-" "python-requests/2.32.3"
77.79.248.229 - - [15/Apr/2025:05:36:10 +0200] "GET /Jurek/eurofirany/feeds/eurofirany_cdon_fi.xml HTTP/1.1" 200 19327471 "-" "python-requests/2.32.3"
77.79.248.229 - - [15/Apr/2025:05:36:11 +0200] "GET /Jurek/stema/feeds/stema_cdon_se.xml HTTP/1.1" 200 852402 "-" "python-requests/2.32.3"
77.79.248.229 - - [15/Apr/2025:05:36:11 +0200] "GET /Jurek/stema/feeds/stema_cdon_dk.xml HTTP/1.1" 200 852294 "-" "python-requests/2.32.3"
77.79.248.229 - - [15/Apr/2025:05:36:11 +0200] "GET /Jurek/stema/feeds/stema_cdon_fi.xml HTTP/1.1" 200 852000 "-" "python-requests/2.32.3"
46.101.116.244 - - [15/Apr/2025:05:36:11 +0200] "GET /Jurek/aw/feeds/aw_fnacfr.xml HTTP/1.0" 404 3551 "-" "-"
77.79.248.229 - - [15/Apr/2025:05:36:13 +0200] "GET /Jurek/aw/feeds/awnarzedzia_cdon_se.xml HTTP/1.1" 200 90636964 "-" "python-requests/2.32.3"
77.79.248.229 - - [15/Apr/2025:05:36:14 +0200] "GET /Jurek/aw/feeds/awnarzedzia_cdon_dk.xml HTTP/1.1" 200 90633088 "-" "python-requests/2.32.3"
77.79.248.229 - - [15/Apr/2025:05:36:16 +0200] "GET /Jurek/aw/feeds/awnarzedzia_cdon_fi.xml HTTP/1.1" 200 90548944 "-" "python-requests/2.32.3"
77.79.248.229 - - [15/Apr/2025:05:36:17 +0200] "GET /Jurek/hurtownia_przemyslowa/feeds/hp_cdon_se.xml HTTP/1.1" 200 49377380 "-" "python-requests/2.32.3"
77.79.248.229 - - [15/Apr/2025:05:36:18 +0200] "GET /Jurek/hurtownia_przemyslowa/feeds/hp_cdon_dk.xml HTTP/1.1" 200 49376221 "-" "python-requests/2.32.3"
77.79.248.229 - - [15/Apr/2025:05:36:19 +0200] "GET /Jurek/hurtownia_przemyslowa/feeds/hp_cdon_fi.xml HTTP/1.1" 200 49363088 "-" "python-requests/2.32.3"
77.79.248.229 - - [15/Apr/2025:05:36:21 +0200] "GET /Jurek/ikonka/feeds/ikonka_cdon_se.xml HTTP/1.1" 200 22209702 "-" "python-requests/2.32.3"
77.79.248.229 - - [15/Apr/2025:05:36:22 +0200] "GET /Jurek/ikonka/feeds/ikonka_cdon_dk.xml HTTP/1.1" 200 22209661 "-" "python-requests/2.32.3"
77.79.248.229 - - [15/Apr/2025:05:36:22 +0200] "GET /Jurek/ikonka/feeds/ikonka_cdon_fi.xml HTTP/1.1" 200 22207462 "-" "python-requests/2.32.3"
77.79.248.229 - - [15/Apr/2025:05:36:23 +0200] "GET /Jurek/fernity/feeds/fernity_cdon_fi.xml HTTP/1.1" 200 4796621 "-" "python-requests/2.32.3"
77.79.248.229 - - [15/Apr/2025:05:36:23 +0200] "GET /Jurek/fernity/feeds/fernity_cdon_se.xml HTTP/1.1" 200 4799904 "-" "python-requests/2.32.3"
77.79.248.229 - - [15/Apr/2025:05:36:23 +0200] "GET /Jurek/fernity/feeds/fernity_cdon_dk.xml HTTP/1.1" 200 4799358 "-" "python-requests/2.32.3"
77.79.248.229 - - [15/Apr/2025:05:36:24 +0200] "GET /Jurek/activeshop/feeds/activeshop_cdon_se.xml HTTP/1.1" 200 10448950 "-" "python-requests/2.32.3"
46.101.116.244 - - [15/Apr/2025:05:36:24 +0200] "GET /Jurek/hurtmeblowy/feeds/hurtmeblowy_kauflandsk.xml HTTP/2.0" 200 7523889 "-" "-"
77.79.248.229 - - [15/Apr/2025:05:36:24 +0200] "GET /Jurek/activeshop/feeds/activeshop_cdon_dk.xml HTTP/1.1" 200 10448717 "-" "python-requests/2.32.3"
77.79.248.229 - - [15/Apr/2025:05:36:24 +0200] "GET /Jurek/activeshop/feeds/activeshop_cdon_fi.xml HTTP/1.1" 200 10445235 "-" "python-requests/2.32.3"
77.79.248.229 - - [15/Apr/2025:05:36:28 +0200] "GET /Jurek/barbecook/feeds/barbecook_cdon_se.xml HTTP/1.1" 200 87595 "-" "python-requests/2.32.3"
77.79.248.229 - - [15/Apr/2025:05:36:28 +0200] "GET /Jurek/barbecook/feeds/barbecook_cdon_dk.xml HTTP/1.1" 200 87590 "-" "python-requests/2.32.3"
77.79.248.229 - - [15/Apr/2025:05:36:28 +0200] "GET /Jurek/barbecook/feeds/barbecook_cdon_fi.xml HTTP/1.1" 200 87531 "-" "python-requests/2.32.3"
77.79.248.229 - - [15/Apr/2025:05:36:30 +0200] "GET /Jurek/action/feeds/action_cdon_se.xml HTTP/1.1" 200 60238553 "-" "python-requests/2.32.3"
77.79.248.229 - - [15/Apr/2025:05:36:31 +0200] "GET /Jurek/action/feeds/action_cdon_dk.xml HTTP/1.1" 200 60233050 "-" "python-requests/2.32.3"
77.79.248.229 - - [15/Apr/2025:05:36:32 +0200] "GET /Jurek/action/feeds/action_cdon_fi.xml HTTP/1.1" 200 60206578 "-" "python-requests/2.32.3"
77.79.248.229 - - [15/Apr/2025:05:36:33 +0200] "GET /Jurek/kinghoff/feeds/kinghoff_cdon_se.xml HTTP/1.1" 200 15492606 "-" "python-requests/2.32.3"
77.79.248.229 - - [15/Apr/2025:05:36:33 +0200] "GET /Jurek/kinghoff/feeds/kinghoff_cdon_dk.xml HTTP/1.1" 200 15492520 "-" "python-requests/2.32.3"
77.79.248.229 - - [15/Apr/2025:05:36:34 +0200] "GET /Jurek/kinghoff/feeds/kinghoff_cdon_fi.xml HTTP/1.1" 200 15490105 "-" "python-requests/2.32.3"
51.77.52.107 - - [15/Apr/2025:05:36:35 +0200] "GET /Jurek/eurofirany/images/460895/0.jpg HTTP/2.0" 200 83138 "-" "baselinker"
46.101.116.244 - - [15/Apr/2025:05:36:36 +0200] "GET /Jurek/kobi/feeds/kobi_kauflandsk.xml HTTP/2.0" 200 942984 "-" "-"
46.101.116.244 - - [15/Apr/2025:05:36:46 +0200] "GET /Jurek/madrex/feeds/madrex_kauflandsk.xml HTTP/2.0" 200 466699 "-" "-"
51.77.52.107 - - [15/Apr/2025:05:36:52 +0200] "GET /Jurek/eurofirany/images/460895/0.jpg HTTP/2.0" 200 83138 "-" "baselinker"
51.77.52.107 - - [15/Apr/2025:05:37:06 +0200] "GET /Jurek/eurofirany/images/460895/0.jpg HTTP/2.0" 200 83138 "-" "baselinker"
51.77.52.107 - - [15/Apr/2025:05:37:16 +0200] "GET /Jurek/eurofirany/images/460894/0.jpg HTTP/2.0" 200 91077 "-" "baselinker"
46.101.116.244 - - [15/Apr/2025:05:37:21 +0200] "GET /Jurek/action/feeds/action_kauflandsk.xml HTTP/2.0" 200 60201621 "-" "-"
51.77.52.107 - - [15/Apr/2025:05:37:43 +0200] "GET /Jurek/eurofirany/images/460894/0.jpg HTTP/2.0" 200 91077 "-" "baselinker"
89.161.206.59 - - [15/Apr/2025:05:37:54 +0200] "GET /Jurek/bass/feeds/bass_amazones.xml HTTP/1.0" 200 3979248 "-" "-"
89.161.206.59 - - [15/Apr/2025:05:37:54 +0200] "GET /Jurek/bass/feeds/bass_amazonse.xml HTTP/1.0" 200 3980851 "-" "-"
89.161.206.59 - - [15/Apr/2025:05:38:04 +0200] "GET /Jurek/kambukka/feeds/kambukka_amazonfr.xml HTTP/1.0" 200 1021408 "-" "-"
89.161.206.59 - - [15/Apr/2025:05:38:04 +0200] "GET /Jurek/kambukka/feeds/kambukka_amazonit.xml HTTP/1.0" 200 1021409 "-" "-"
89.161.206.59 - - [15/Apr/2025:05:38:04 +0200] "GET /Jurek/kambukka/feeds/kambukka_amazones.xml HTTP/1.0" 200 1021406 "-" "-"
89.161.206.59 - - [15/Apr/2025:05:38:05 +0200] "GET /Jurek/kambukka/feeds/kambukka_amazonnl.xml HTTP/1.0" 200 1021392 "-" "-"
89.161.206.59 - - [15/Apr/2025:05:38:05 +0200] "GET /Jurek/kambukka/feeds/kambukka_amazonse.xml HTTP/1.0" 200 1021673 "-" "-"
89.161.206.59 - - [15/Apr/2025:05:38:05 +0200] "GET /Jurek/hdwr/feeds/hdwr_amazonse.xml HTTP/1.0" 200 789694 "-" "-"
51.77.52.107 - - [15/Apr/2025:05:38:06 +0200] "GET /Jurek/eurofirany/images/460894/0.jpg HTTP/2.0" 200 91077 "-" "baselinker"
46.101.116.244 - - [15/Apr/2025:05:38:10 +0200] "GET /Jurek/andex/feeds/andex_kauflandsk.xml HTTP/2.0" 200 1953349 "-" "-"
77.79.248.229 - - [15/Apr/2025:05:38:12 +0200] "GET /Jurek/vidaSI/feeds/vidaSI_bigbang.xml HTTP/1.1" 200 621980384 "-" "Python-urllib/3.11"
77.79.248.229 - - [15/Apr/2025:05:38:14 +0200] "GET /Jurek/aw/feeds/awnarzedzia_bigbang.xml HTTP/1.1" 200 90523133 "-" "Python-urllib/3.11"
77.79.248.229 - - [15/Apr/2025:05:38:15 +0200] "GET /Jurek/hurtownia_przemyslowa/feeds/hp_bigbang.xml HTTP/1.1" 200 49360158 "-" "Python-urllib/3.11"
77.79.248.229 - - [15/Apr/2025:05:38:16 +0200] "GET /Jurek/action/feeds/action_bigbang.xml HTTP/1.1" 200 60201723 "-" "Python-urllib/3.11"
77.79.248.229 - - [15/Apr/2025:05:38:18 +0200] "GET /Jurek/ikonka/feeds/ikonka_bigbang.xml HTTP/1.1" 200 22207414 "-" "Python-urllib/3.11"
77.79.248.229 - - [15/Apr/2025:05:38:18 +0200] "GET /Jurek/bass/feeds/bass_bigbang.xml HTTP/1.1" 200 3979047 "-" "Python-urllib/3.11"
77.79.248.229 - - [15/Apr/2025:05:38:19 +0200] "GET /Jurek/kinghoff/feeds/kinghoff_bigbang.xml HTTP/1.1" 200 15489942 "-" "Python-urllib/3.11"
77.79.248.229 - - [15/Apr/2025:05:38:20 +0200] "GET /Jurek/activeshop/feeds/activeshop_bigbang.xml HTTP/1.1" 200 10445193 "-" "Python-urllib/3.11"
77.79.248.229 - - [15/Apr/2025:05:38:21 +0200] "GET /Jurek/octopia/feeds/octopia_bigbang.xml HTTP/1.1" 200 5658808 "-" "Python-urllib/3.11"
77.79.248.229 - - [15/Apr/2025:05:38:21 +0200] "GET /Jurek/topeshop/feeds/topeshop_bigbang.xml HTTP/1.1" 200 2657635 "-" "Python-urllib/3.11"
77.79.248.229 - - [15/Apr/2025:05:38:21 +0200] "GET /Jurek/b3/feeds/b3_bigbang.xml HTTP/1.1" 200 8029619 "-" "Python-urllib/3.11"
77.79.248.229 - - [15/Apr/2025:05:38:22 +0200] "GET /Jurek/asortymenteu/feeds/asortymenteu_bigbang.xml HTTP/1.1" 200 2764559 "-" "Python-urllib/3.11"
51.77.52.107 - - [15/Apr/2025:05:38:22 +0200] "GET /Jurek/eurofirany/images/461703/0.jpg HTTP/2.0" 200 22942 "-" "baselinker"
46.101.116.244 - - [15/Apr/2025:05:38:23 +0200] "GET /Jurek/aw/feeds/awnarzedzia_kauflandsk.xml HTTP/2.0" 200 90532812 "-" "-"
77.79.248.229 - - [15/Apr/2025:05:38:23 +0200] "GET /Jurek/eroplace/feeds/eroplace_bigbang.xml HTTP/1.1" 200 52134849 "-" "Python-urllib/3.11"
89.161.206.59 - - [15/Apr/2025:05:38:28 +0200] "GET /Jurek/sportprise/feeds/sportprise_amazonde.xml HTTP/1.0" 200 11782460 "-" "-"
77.79.248.229 - - [15/Apr/2025:05:38:29 +0200] "GET /Jurek/intsell/feeds/intsell_bigbang.xml HTTP/1.1" 200 342004869 "-" "Python-urllib/3.11"
77.79.248.229 - - [15/Apr/2025:05:38:30 +0200] "GET /Jurek/coppotech/feeds/coppotech_bigbang.xml HTTP/1.1" 200 38048772 "-" "Python-urllib/3.11"
89.161.206.59 - - [15/Apr/2025:05:38:30 +0200] "GET /Jurek/nexus/feeds/nexus_amazonde.xml HTTP/1.0" 200 226643 "-" "-"
77.79.248.229 - - [15/Apr/2025:05:38:30 +0200] "GET /Jurek/stema/feeds/stema_bigbang.xml HTTP/1.1" 200 851868 "-" "Python-urllib/3.11"
77.79.248.229 - - [15/Apr/2025:05:38:31 +0200] "GET /Jurek/sempler/feeds/sempler_bigbang.xml HTTP/1.1" 200 6787934 "-" "Python-urllib/3.11"
77.79.248.229 - - [15/Apr/2025:05:38:31 +0200] "GET /Jurek/benetech/feeds/benetech_bigbang.xml HTTP/1.1" 200 4165294 "-" "Python-urllib/3.11"
77.79.248.229 - - [15/Apr/2025:05:38:31 +0200] "GET /Jurek/ekuchcikowo/feeds/ekuchcikowo_bigbang.xml HTTP/1.1" 200 12470958 "-" "Python-urllib/3.11"
77.79.248.229 - - [15/Apr/2025:05:38:32 +0200] "GET /Jurek/erohurtownia/feeds/erohurtownia_bigbang.xml HTTP/1.1" 200 22846326 "-" "Python-urllib/3.11"
51.77.52.107 - - [15/Apr/2025:05:38:37 +0200] "GET /Jurek/eurofirany/images/461703/0.jpg HTTP/2.0" 200 22942 "-" "baselinker"
46.101.116.244 - - [15/Apr/2025:05:38:41 +0200] "GET /Jurek/b3/feeds/b3_kauflandsk.xml HTTP/2.0" 200 8029572 "-" "-"
77.79.248.229 - - [15/Apr/2025:05:38:47 +0200] "GET /Jurek/naszedzieci/feeds/naszedzieci_bigbang.xml HTTP/1.1" 200 833165824 "-" "Python-urllib/3.11"
51.77.52.107 - - [15/Apr/2025:05:38:48 +0200] "GET /Jurek/eurofirany/images/461703/0.jpg HTTP/2.0" 200 22942 "-" "baselinker"
77.79.248.229 - - [15/Apr/2025:05:38:49 +0200] "GET /Jurek/awparts/feeds/awparts_bigbang.xml HTTP/1.1" 200 142299106 "-" "Python-urllib/3.11"
77.79.248.229 - - [15/Apr/2025:05:38:49 +0200] "GET /Jurek/najtanszysport/feeds/najtanszysport_bigbang.xml HTTP/1.1" 200 3983117 "-" "Python-urllib/3.11"
77.79.248.229 - - [15/Apr/2025:05:38:49 +0200] "GET /Jurek/aiofactory/feeds/aiofactory_bigbang.xml HTTP/1.1" 200 2123792 "-" "Python-urllib/3.11"
77.79.248.229 - - [15/Apr/2025:05:38:50 +0200] "GET /Jurek/playcob/feeds/playcob_bigbang.xml HTTP/1.1" 200 6980104 "-" "Python-urllib/3.11"
77.79.248.229 - - [15/Apr/2025:05:38:50 +0200] "GET /Jurek/kidshop/feeds/kidshop_bigbang.xml HTTP/1.1" 200 19845640 "-" "Python-urllib/3.11"
77.79.248.229 - - [15/Apr/2025:05:38:50 +0200] "GET /Jurek/elavia/feeds/elavia_bigbang.xml HTTP/1.1" 200 2497272 "-" "Python-urllib/3.11"
77.79.248.229 - - [15/Apr/2025:05:38:51 +0200] "GET /Jurek/straganbiur/feeds/straganbiur_bigbang.xml HTTP/1.1" 200 8892850 "-" "Python-urllib/3.11"
77.79.248.229 - - [15/Apr/2025:05:38:51 +0200] "GET /Jurek/kobi/feeds/kobi_bigbang.xml HTTP/1.1" 200 1993235 "-" "Python-urllib/3.11"
77.79.248.229 - - [15/Apr/2025:05:38:51 +0200] "GET /Jurek/hanex/feeds/hanex_bigbang.xml HTTP/1.1" 200 13931526 "-" "Python-urllib/3.11"
77.79.248.229 - - [15/Apr/2025:05:38:51 +0200] "GET /Jurek/elecomp/feeds/elecomp_bigbang.xml HTTP/1.1" 200 2867749 "-" "Python-urllib/3.11"
77.79.248.229 - - [15/Apr/2025:05:38:51 +0200] "GET /Jurek/roger/feeds/roger_bigbang.xml HTTP/1.1" 200 1396575 "-" "Python-urllib/3.11"
77.79.248.229 - - [15/Apr/2025:05:38:52 +0200] "GET /Jurek/kristronik/feeds/kristronik_bigbang.xml HTTP/1.1" 200 691974 "-" "Python-urllib/3.11"
77.79.248.229 - - [15/Apr/2025:05:38:52 +0200] "GET /Jurek/oknobest/feeds/oknobest_bigbang.xml HTTP/1.1" 200 2707896 "-" "Python-urllib/3.11"
77.79.248.229 - - [15/Apr/2025:05:38:52 +0200] "GET /Jurek/globaldeli/feeds/globaldeli_bigbang.xml HTTP/1.1" 200 2590049 "-" "Python-urllib/3.11"
46.101.116.244 - - [15/Apr/2025:05:38:52 +0200] "GET /Jurek/barbecook/feeds/barbecook_kauflandsk.xml HTTP/2.0" 200 87527 "-" "-"
77.79.248.229 - - [15/Apr/2025:05:38:52 +0200] "GET /Jurek/rider/feeds/rider_bigbang.xml HTTP/1.1" 200 8165183 "-" "Python-urllib/3.11"
77.79.248.229 - - [15/Apr/2025:05:38:52 +0200] "GET /Jurek/cenoman/feeds/cenoman_bigbang.xml HTTP/1.1" 200 5993171 "-" "Python-urllib/3.11"
77.79.248.229 - - [15/Apr/2025:05:38:53 +0200] "GET /Jurek/luxma/feeds/luxma_bigbang.xml HTTP/1.1" 200 8058580 "-" "Python-urllib/3.11"
77.79.248.229 - - [15/Apr/2025:05:38:53 +0200] "GET /Jurek/zbimatyja/feeds/zbimatyja_bigbang.xml HTTP/1.1" 200 11670089 "-" "Python-urllib/3.11"
77.79.248.229 - - [15/Apr/2025:05:38:53 +0200] "GET /Jurek/smxdesign/feeds/smxdesign_bigbang.xml HTTP/1.1" 200 1829027 "-" "Python-urllib/3.11"
77.79.248.229 - - [15/Apr/2025:05:38:54 +0200] "GET /Jurek/rosfix/feeds/rosfix_bigbang.xml HTTP/1.1" 200 35769601 "-" "Python-urllib/3.11"
77.79.248.229 - - [15/Apr/2025:05:38:55 +0200] "GET /Jurek/dropkz/feeds/dropkz_bigbang.xml HTTP/1.1" 200 70013854 "-" "Python-urllib/3.11"
51.77.52.107 - - [15/Apr/2025:05:38:55 +0200] "GET /Jurek/eurofirany/images/461705/0.jpg HTTP/2.0" 200 24446 "-" "baselinker"
77.79.248.229 - - [15/Apr/2025:05:38:55 +0200] "GET /Jurek/pawonik/feeds/pawonik_bigbang.xml HTTP/1.1" 200 2138355 "-" "Python-urllib/3.11"
77.79.248.229 - - [15/Apr/2025:05:38:55 +0200] "GET /Jurek/spali/feeds/spali_bigbang.xml HTTP/1.1" 200 77055 "-" "Python-urllib/3.11"
77.79.248.229 - - [15/Apr/2025:05:38:55 +0200] "GET /Jurek/newtechele/feeds/newtechele_bigbang.xml HTTP/1.1" 200 2438455 "-" "Python-urllib/3.11"
77.79.248.229 - - [15/Apr/2025:05:38:56 +0200] "GET /Jurek/maksik/feeds/maksik_bigbang.xml HTTP/1.1" 200 4084772 "-" "Python-urllib/3.11"
77.79.248.229 - - [15/Apr/2025:05:38:56 +0200] "GET /Jurek/beltimore/feeds/beltimore_bigbang.xml HTTP/1.1" 200 18651518 "-" "Python-urllib/3.11"
77.79.248.229 - - [15/Apr/2025:05:38:56 +0200] "GET /Jurek/matkam/feeds/matkam_bigbang.xml HTTP/1.1" 200 5000583 "-" "Python-urllib/3.11"
77.79.248.229 - - [15/Apr/2025:05:38:56 +0200] "GET /Jurek/rovato/feeds/rovato_bigbang.xml HTTP/1.1" 200 180834 "-" "Python-urllib/3.11"
77.79.248.229 - - [15/Apr/2025:05:38:56 +0200] "GET /Jurek/eurofryz/feeds/eurofryz_bigbang.xml HTTP/1.1" 200 1381551 "-" "Python-urllib/3.11"
77.79.248.229 - - [15/Apr/2025:05:38:56 +0200] "GET /Jurek/alucon/feeds/alucon_bigbang.xml HTTP/1.1" 200 553577 "-" "Python-urllib/3.11"
77.79.248.229 - - [15/Apr/2025:05:38:57 +0200] "GET /Jurek/omi/feeds/omi_bigbang.xml HTTP/1.1" 200 8105368 "-" "Python-urllib/3.11"
77.79.248.229 - - [15/Apr/2025:05:38:57 +0200] "GET /Jurek/kamar/feeds/kamar_bigbang.xml HTTP/1.1" 200 25549988 "-" "Python-urllib/3.11"
77.79.248.229 - - [15/Apr/2025:05:38:57 +0200] "GET /Jurek/beautycare/feeds/beautycare_bigbang.xml HTTP/1.1" 200 1181297 "-" "Python-urllib/3.11"
77.79.248.229 - - [15/Apr/2025:05:38:57 +0200] "GET /Jurek/avenido/feeds/avenido_bigbang.xml HTTP/1.1" 200 720078 "-" "Python-urllib/3.11"
77.79.248.229 - - [15/Apr/2025:05:38:57 +0200] "GET /Jurek/zenex/feeds/zenex_bigbang.xml HTTP/1.1" 200 540137 "-" "Python-urllib/3.11"
77.79.248.229 - - [15/Apr/2025:05:38:57 +0200] "GET /Jurek/fertes/feeds/fertes_bigbang.xml HTTP/1.1" 200 2361775 "-" "Python-urllib/3.11"
77.79.248.229 - - [15/Apr/2025:05:38:58 +0200] "GET /Jurek/makow/feeds/makow_bigbang.xml HTTP/1.1" 200 21203686 "-" "Python-urllib/3.11"
77.79.248.229 - - [15/Apr/2025:05:38:58 +0200] "GET /Jurek/sternhoff/feeds/sternhoff_bigbang.xml HTTP/1.1" 200 1775217 "-" "Python-urllib/3.11"
77.79.248.229 - - [15/Apr/2025:05:38:58 +0200] "GET /Jurek/kalama/feeds/kalama_bigbang.xml HTTP/1.1" 200 2661719 "-" "Python-urllib/3.11"
77.79.248.229 - - [15/Apr/2025:05:38:59 +0200] "GET /Jurek/polzoo/feeds/polzoo_bigbang.xml HTTP/1.1" 200 48121810 "-" "Python-urllib/3.11"
77.79.248.229 - - [15/Apr/2025:05:39:00 +0200] "GET /Jurek/straganspoz/feeds/straganspoz_bigbang.xml HTTP/1.1" 200 9514248 "-" "Python-urllib/3.11"
77.79.248.229 - - [15/Apr/2025:05:39:00 +0200] "GET /Jurek/apresto/feeds/apresto_bigbang.xml HTTP/1.1" 200 1327608 "-" "Python-urllib/3.11"
77.79.248.229 - - [15/Apr/2025:05:39:00 +0200] "GET /Jurek/fertone/feeds/fertone_bigbang.xml HTTP/1.1" 200 576470 "-" "Python-urllib/3.11"
77.79.248.229 - - [15/Apr/2025:05:39:01 +0200] "GET /Jurek/fernity/feeds/fernity_bigbang.xml HTTP/1.1" 200 4796789 "-" "Python-urllib/3.11"
77.79.248.229 - - [15/Apr/2025:05:39:01 +0200] "GET /Jurek/jankeski/feeds/jankeski_bigbang.xml HTTP/1.1" 200 6570931 "-" "Python-urllib/3.11"
77.79.248.229 - - [15/Apr/2025:05:39:01 +0200] "GET /Jurek/bloomglow/feeds/bloomglow_bigbang.xml HTTP/1.1" 200 14094945 "-" "Python-urllib/3.11"
66.135.223.44 - - [15/Apr/2025:05:39:02 +0200] "GET /Jurek/topeshop/downloaded_images/5904507201562_biel_puste.jpg HTTP/1.1" 200 23719 "-" "Java/17.0.13.0.101"
46.101.116.244 - - [15/Apr/2025:05:39:02 +0200] "GET /Jurek/bass/feeds/bass_kauflandsk.xml HTTP/2.0" 200 3979080 "-" "-"
77.79.248.229 - - [15/Apr/2025:05:39:08 +0200] "GET /Jurek/galopi/feeds/galopi_bigbang.xml HTTP/1.1" 200 2111092 "-" "Python-urllib/3.11"
77.79.248.229 - - [15/Apr/2025:05:39:08 +0200] "GET /Jurek/stiv/feeds/stiv_bigbang.xml HTTP/1.1" 200 2056789 "-" "Python-urllib/3.11"
77.79.248.229 - - [15/Apr/2025:05:39:09 +0200] "GET /Jurek/hurtmeblowy/feeds/hurtmeblowy_bigbang.xml HTTP/1.1" 200 8495425 "-" "Python-urllib/3.11"
51.77.52.107 - - [15/Apr/2025:05:39:10 +0200] "GET /Jurek/eurofirany/images/461705/0.jpg HTTP/2.0" 200 24446 "-" "baselinker"
46.101.116.244 - - [15/Apr/2025:05:39:13 +0200] "GET /Jurek/beliani/feeds/beliani_sk_kaufland.xml HTTP/2.0" 200 34046950 "-" "-"
89.161.206.59 - - [15/Apr/2025:05:39:17 +0200] "GET /Jurek/cdata/feeds/cdata_cdsc.xml HTTP/1.0" 200 1865809 "-" "-"
89.161.206.59 - - [15/Apr/2025:05:39:18 +0200] "GET /Jurek/playcob/feeds/playcob_cdsc.xml HTTP/1.0" 200 6624638 "-" "-"
89.161.206.59 - - [15/Apr/2025:05:39:18 +0200] "GET /Jurek/elavia/feeds/elavia_cdsc.xml HTTP/1.0" 200 2085732 "-" "-"
89.161.206.59 - - [15/Apr/2025:05:39:18 +0200] "GET /Jurek/pagmil/feeds/pagmil_cdsc.xml HTTP/1.0" 200 1133285 "-" "-"
89.161.206.59 - - [15/Apr/2025:05:39:19 +0200] "GET /Jurek/proparts/feeds/proparts_cdsc.xml HTTP/1.0" 200 556035 "-" "-"
89.161.206.59 - - [15/Apr/2025:05:39:19 +0200] "GET /Jurek/alucon/feeds/alucon_cdsc.xml HTTP/1.0" 200 378667 "-" "-"
89.161.206.59 - - [15/Apr/2025:05:39:19 +0200] "GET /Jurek/equalo/feeds/equalo_cdsc.xml HTTP/1.0" 200 134209 "-" "-"
89.161.206.59 - - [15/Apr/2025:05:39:19 +0200] "GET /Jurek/techrebalina/feeds/techrebalina_cdsc.xml HTTP/1.0" 200 1363219 "-" "-"
89.161.206.59 - - [15/Apr/2025:05:39:20 +0200] "GET /Jurek/smxdesign/feeds/smxdesign_cdsc.xml HTTP/1.0" 200 1154200 "-" "-"
89.161.206.59 - - [15/Apr/2025:05:39:23 +0200] "GET /Jurek/kalama/feeds/kalama_cdsc.xml HTTP/1.0" 200 1573933 "-" "-"
89.161.206.59 - - [15/Apr/2025:05:39:23 +0200] "GET /Jurek/narzbud/feeds/narzbud_cdsc.xml HTTP/1.0" 200 1227800 "-" "-"
51.77.52.107 - - [15/Apr/2025:05:39:23 +0200] "GET /Jurek/eurofirany/images/461705/0.jpg HTTP/2.0" 200 24446 "-" "baselinker"
46.101.116.244 - - [15/Apr/2025:05:39:26 +0200] "GET /Jurek/benbaby/feeds/benbaby_kauflandsk.xml HTTP/2.0" 200 3628699 "-" "-"
51.77.52.107 - - [15/Apr/2025:05:39:32 +0200] "GET /Jurek/eurofirany/images/461706/0.jpg HTTP/2.0" 200 24491 "-" "baselinker"
46.101.116.244 - - [15/Apr/2025:05:39:36 +0200] "GET /Jurek/detian/feeds/detian_kauflandsk.xml HTTP/2.0" 404 3551 "-" "-"
46.101.116.244 - - [15/Apr/2025:05:39:47 +0200] "GET /Jurek/emibig/feeds/emibig_kauflandsk.xml HTTP/2.0" 200 2522205 "-" "-"
51.77.52.107 - - [15/Apr/2025:05:39:47 +0200] "GET /Jurek/eurofirany/images/461706/0.jpg HTTP/2.0" 200 24491 "-" "baselinker"
46.101.116.244 - - [15/Apr/2025:05:39:57 +0200] "GET /Jurek/eurofirany/feeds/eurofirany_kaufland_sk.xml HTTP/2.0" 200 19327709 "-" "-"
51.77.52.107 - - [15/Apr/2025:05:40:01 +0200] "GET /Jurek/eurofirany/images/461706/0.jpg HTTP/2.0" 200 24491 "-" "baselinker"
46.101.116.244 - - [15/Apr/2025:05:40:10 +0200] "GET /Jurek/fernity/feeds/fernity_kauflandsk.xml HTTP/2.0" 200 4796465 "-" "-"
77.79.248.229 - - [15/Apr/2025:05:40:14 +0200] "GET /Jurek/kinghoff/feeds/kinghoff_SkroutzGR.xml HTTP/1.1" 200 15490023 "-" "Python-urllib/3.11"
77.79.248.229 - - [15/Apr/2025:05:40:16 +0200] "GET /Jurek/aw/feeds/awnarzedzia_skroutz.xml HTTP/1.1" 200 90548328 "-" "Python-urllib/3.11"
77.79.248.229 - - [15/Apr/2025:05:40:17 +0200] "GET /Jurek/eurofirany/feeds/eurofirany_skroutz.xml HTTP/1.1" 200 19327957 "-" "Python-urllib/3.11"
77.79.248.229 - - [15/Apr/2025:05:40:17 +0200] "GET /Jurek/fernity/feeds/fernity_skroutz.xml HTTP/1.1" 200 4796964 "-" "Python-urllib/3.11"
51.77.52.107 - - [15/Apr/2025:05:40:21 +0200] "GET /Jurek/eurofirany/images/461709/0.jpg HTTP/2.0" 200 26118 "-" "baselinker"
46.101.116.244 - - [15/Apr/2025:05:40:32 +0200] "GET /Jurek/hurtownia_przemyslowa/feeds/hp_kaufsk.xml HTTP/2.0" 200 49360827 "-" "-"
51.77.52.107 - - [15/Apr/2025:05:40:32 +0200] "GET /Jurek/eurofirany/images/461709/0.jpg HTTP/2.0" 200 26118 "-" "baselinker"
51.77.52.107 - - [15/Apr/2025:05:40:45 +0200] "GET /Jurek/eurofirany/images/461709/0.jpg HTTP/2.0" 200 26118 "-" "baselinker"
51.77.52.107 - - [15/Apr/2025:05:40:58 +0200] "GET /Jurek/eurofirany/images/461712/0.jpg HTTP/2.0" 200 23062 "-" "baselinker"
46.101.116.244 - - [15/Apr/2025:05:41:02 +0200] "GET /Jurek/aw/feeds/aw_fnacfr.xml HTTP/1.0" 404 3551 "-" "-"
46.101.116.244 - - [15/Apr/2025:05:41:02 +0200] "GET /Jurek/ikonka/feeds/ikonka_kauflandsk.xml HTTP/2.0" 200 22207442 "-" "-"
51.77.52.107 - - [15/Apr/2025:05:41:10 +0200] "GET /Jurek/eurofirany/images/461712/0.jpg HTTP/2.0" 200 23062 "-" "baselinker"
46.101.116.244 - - [15/Apr/2025:05:41:14 +0200] "GET /Jurek/kinghoff/feeds/kinghoff_kauflandsk.xml HTTP/2.0" 200 15489938 "-" "-"
51.77.52.107 - - [15/Apr/2025:05:41:23 +0200] "GET /Jurek/eurofirany/images/461712/0.jpg HTTP/2.0" 200 23062 "-" "baselinker"
46.101.116.244 - - [15/Apr/2025:05:41:29 +0200] "GET /Jurek/kinghome/feeds/kinghome_kauflandsk.xml HTTP/2.0" 200 6042181 "-" "-"
51.77.52.107 - - [15/Apr/2025:05:41:36 +0200] "GET /Jurek/eurofirany/images/461713/0.jpg HTTP/2.0" 200 23503 "-" "baselinker"
51.77.52.107 - - [15/Apr/2025:05:41:43 +0200] "GET /Jurek/eurofirany/images/461713/0.jpg HTTP/2.0" 200 23503 "-" "baselinker"
51.77.52.107 - - [15/Apr/2025:05:41:46 +0200] "GET /Jurek/eurofirany/images/461713/0.jpg HTTP/2.0" 200 23503 "-" "baselinker"
51.77.52.107 - - [15/Apr/2025:05:42:00 +0200] "GET /Jurek/eurofirany/images/461714/0.jpg HTTP/2.0" 200 24903 "-" "baselinker"
46.101.116.244 - - [15/Apr/2025:05:42:06 +0200] "GET /Jurek/octopia/feeds/octopia_kauflandsk.xml HTTP/2.0" 200 10103788 "-" "-"
51.77.52.107 - - [15/Apr/2025:05:42:17 +0200] "GET /Jurek/eurofirany/images/461714/0.jpg HTTP/2.0" 200 24903 "-" "baselinker"
46.101.116.244 - - [15/Apr/2025:05:42:17 +0200] "GET /Jurek/rovicky/feeds/rovicky_kauflandsk.xml HTTP/2.0" 200 15062857 "-" "-"
51.77.52.107 - - [15/Apr/2025:05:42:28 +0200] "GET /Jurek/eurofirany/images/461714/0.jpg HTTP/2.0" 200 24903 "-" "baselinker"
46.101.116.244 - - [15/Apr/2025:05:42:28 +0200] "GET /Jurek/stema/feeds/stema_kauflandsk.xml HTTP/2.0" 200 851745 "-" "-"
66.249.64.165 - - [15/Apr/2025:05:42:37 +0200] "GET /Jurek/topeshop/downloaded_images/5904507206611_ANTRACYTBOKOT.jpg HTTP/1.1" 404 3551 "-" "Googlebot-Image/1.0"
46.101.116.244 - - [15/Apr/2025:05:42:39 +0200] "GET /Jurek/twm/feeds/twm-kauflandsk.xml HTTP/2.0" 200 2428145 "-" "-"
51.77.52.107 - - [15/Apr/2025:05:42:41 +0200] "GET /Jurek/eurofirany/images/461715/0.jpg HTTP/2.0" 200 23224 "-" "baselinker"
46.101.116.244 - - [15/Apr/2025:05:42:50 +0200] "GET /Jurek/unimet/feeds/unimet_kauflandsk.xml HTTP/2.0" 200 60467220 "-" "-"
51.77.52.107 - - [15/Apr/2025:05:42:55 +0200] "GET /Jurek/eurofirany/images/461715/0.jpg HTTP/2.0" 200 23224 "-" "baselinker"
51.77.52.107 - - [15/Apr/2025:05:43:13 +0200] "GET /Jurek/eurofirany/images/461715/0.jpg HTTP/2.0" 200 23224 "-" "baselinker"
51.77.52.107 - - [15/Apr/2025:05:43:22 +0200] "GET /Jurek/eurofirany/images/461716/0.jpg HTTP/2.0" 200 23601 "-" "baselinker"
51.77.52.107 - - [15/Apr/2025:05:43:35 +0200] "GET /Jurek/eurofirany/images/461716/0.jpg HTTP/2.0" 200 23601 "-" "baselinker"
51.77.52.107 - - [15/Apr/2025:05:43:44 +0200] "GET /Jurek/eurofirany/images/461716/0.jpg HTTP/2.0" 200 23601 "-" "baselinker"
51.77.52.107 - - [15/Apr/2025:05:43:54 +0200] "GET /Jurek/eurofirany/images/461717/0.jpg HTTP/2.0" 200 25248 "-" "baselinker"
51.77.52.107 - - [15/Apr/2025:05:44:06 +0200] "GET /Jurek/eurofirany/images/461717/0.jpg HTTP/2.0" 200 25248 "-" "baselinker"
51.77.52.107 - - [15/Apr/2025:05:44:21 +0200] "GET /Jurek/eurofirany/images/461717/0.jpg HTTP/2.0" 200 25248 "-" "baselinker"
51.77.52.107 - - [15/Apr/2025:05:44:31 +0200] "GET /Jurek/eurofirany/images/461728/0.jpg HTTP/2.0" 200 35467 "-" "baselinker"
51.77.52.107 - - [15/Apr/2025:05:44:43 +0200] "GET /Jurek/eurofirany/images/461728/0.jpg HTTP/2.0" 200 35467 "-" "baselinker"
51.77.52.107 - - [15/Apr/2025:05:44:56 +0200] "GET /Jurek/eurofirany/images/461728/0.jpg HTTP/2.0" 200 35467 "-" "baselinker"
51.77.52.107 - - [15/Apr/2025:05:45:01 +0200] "GET /Jurek/eurofirany/images/461733/0.jpg HTTP/2.0" 200 33454 "-" "baselinker"
51.77.52.107 - - [15/Apr/2025:05:45:10 +0200] "GET /Jurek/eurofirany/images/461733/0.jpg HTTP/2.0" 200 33454 "-" "baselinker"
51.77.52.107 - - [15/Apr/2025:05:45:15 +0200] "GET /Jurek/eurofirany/images/461733/0.jpg HTTP/2.0" 200 33454 "-" "baselinker"
46.101.116.244 - - [15/Apr/2025:05:45:27 +0200] "GET /Jurek/vivaldi/feeds/vivaldi_kauflandsk.xml HTTP/2.0" 200 344660 "-" "-"
51.77.52.107 - - [15/Apr/2025:05:45:27 +0200] "GET /Jurek/eurofirany/images/461734/0.jpg HTTP/2.0" 200 31573 "-" "baselinker"
51.77.52.107 - - [15/Apr/2025:05:45:41 +0200] "GET /Jurek/eurofirany/images/461734/0.jpg HTTP/2.0" 200 31573 "-" "baselinker"
51.77.52.107 - - [15/Apr/2025:05:45:51 +0200] "GET /Jurek/eurofirany/images/461734/0.jpg HTTP/2.0" 200 31573 "-" "baselinker"
51.77.52.107 - - [15/Apr/2025:05:45:56 +0200] "GET /Jurek/eurofirany/images/461735/0.jpg HTTP/2.0" 200 33700 "-" "baselinker"
46.101.116.244 - - [15/Apr/2025:05:46:09 +0200] "GET /Jurek/aw/feeds/aw_fnacfr.xml HTTP/1.0" 404 3551 "-" "-"
51.77.52.107 - - [15/Apr/2025:05:46:10 +0200] "GET /Jurek/eurofirany/images/461735/0.jpg HTTP/2.0" 200 33700 "-" "baselinker"
51.77.52.107 - - [15/Apr/2025:05:46:24 +0200] "GET /Jurek/eurofirany/images/461735/0.jpg HTTP/2.0" 200 33700 "-" "baselinker"
51.77.52.107 - - [15/Apr/2025:05:46:27 +0200] "GET /Jurek/eurofirany/images/461736/0.jpg HTTP/2.0" 200 32630 "-" "baselinker"
51.77.52.107 - - [15/Apr/2025:05:46:42 +0200] "GET /Jurek/eurofirany/images/461736/0.jpg HTTP/2.0" 200 32630 "-" "baselinker"
89.161.206.59 - - [15/Apr/2025:05:46:43 +0200] "GET /Jurek/jakdroz/feeds/jakdroz_bol.xml HTTP/1.0" 200 4090115 "-" "-"
51.77.52.107 - - [15/Apr/2025:05:46:57 +0200] "GET /Jurek/eurofirany/images/461736/0.jpg HTTP/2.0" 200 32630 "-" "baselinker"
51.77.52.107 - - [15/Apr/2025:05:47:01 +0200] "GET /Jurek/eurofirany/images/461718/0.jpg HTTP/2.0" 200 34969 "-" "baselinker"
51.77.52.107 - - [15/Apr/2025:05:47:23 +0200] "GET /Jurek/eurofirany/images/461718/0.jpg HTTP/2.0" 200 34969 "-" "baselinker"
51.77.52.107 - - [15/Apr/2025:05:47:27 +0200] "GET /Jurek/eurofirany/images/461718/0.jpg HTTP/2.0" 200 34969 "-" "baselinker"
51.77.52.107 - - [15/Apr/2025:05:47:31 +0200] "GET /Jurek/eurofirany/images/461719/0.jpg HTTP/2.0" 200 32696 "-" "baselinker"
51.77.52.107 - - [15/Apr/2025:05:47:36 +0200] "GET /Jurek/eurofirany/images/461719/0.jpg HTTP/2.0" 200 32696 "-" "baselinker"
51.77.52.107 - - [15/Apr/2025:05:47:40 +0200] "GET /Jurek/eurofirany/images/461719/0.jpg HTTP/2.0" 200 32696 "-" "baselinker"
51.77.52.107 - - [15/Apr/2025:05:47:45 +0200] "GET /Jurek/eurofirany/images/439856/0.jpg HTTP/2.0" 200 97889 "-" "baselinker"
46.101.116.244 - - [15/Apr/2025:05:48:01 +0200] "GET /Jurek/vidaSK/feeds/vida_kaufland.xml HTTP/2.0" 200 645365298 "-" "-"
51.77.52.107 - - [15/Apr/2025:05:48:02 +0200] "GET /Jurek/eurofirany/images/439856/0.jpg HTTP/2.0" 200 97889 "-" "baselinker"
51.77.52.107 - - [15/Apr/2025:05:48:11 +0200] "GET /Jurek/eurofirany/images/439856/0.jpg HTTP/2.0" 200 97889 "-" "baselinker"
51.77.52.107 - - [15/Apr/2025:05:48:27 +0200] "GET /Jurek/eurofirany/images/439858/0.jpg HTTP/2.0" 200 114895 "-" "baselinker"
51.77.52.107 - - [15/Apr/2025:05:48:42 +0200] "GET /Jurek/eurofirany/images/439858/0.jpg HTTP/2.0" 200 114895 "-" "baselinker"
46.101.116.244 - - [15/Apr/2025:05:48:51 +0200] "GET /Jurek/madrex/feeds/madrex_kauflandde.xml HTTP/2.0" 200 466695 "-" "-"
51.77.52.107 - - [15/Apr/2025:05:48:52 +0200] "GET /Jurek/eurofirany/images/439858/0.jpg HTTP/2.0" 200 114895 "-" "baselinker"
51.77.52.107 - - [15/Apr/2025:05:48:57 +0200] "GET /Jurek/eurofirany/images/462098/0.jpg HTTP/2.0" 200 57261 "-" "baselinker"
46.101.116.244 - - [15/Apr/2025:05:49:02 +0200] "GET /Jurek/hurtmeblowy/feeds/hurtmeblowy_kauflandde.xml HTTP/2.0" 200 7523813 "-" "-"
51.77.52.107 - - [15/Apr/2025:05:49:02 +0200] "GET /Jurek/eurofirany/images/462098/0.jpg HTTP/2.0" 200 57261 "-" "baselinker"
46.101.116.244 - - [15/Apr/2025:05:49:15 +0200] "GET /Jurek/kobi/feeds/kobi_kauflandde.xml HTTP/2.0" 200 942997 "-" "-"
51.77.52.107 - - [15/Apr/2025:05:49:19 +0200] "GET /Jurek/eurofirany/images/462098/0.jpg HTTP/2.0" 200 57261 "-" "baselinker"
46.101.116.244 - - [15/Apr/2025:05:49:25 +0200] "GET /Jurek/matkam/feeds/matkam_kauflandde.xml HTTP/2.0" 200 4425502 "-" "-"
51.77.52.107 - - [15/Apr/2025:05:49:35 +0200] "GET /Jurek/eurofirany/images/462102/0.jpg HTTP/2.0" 200 86422 "-" "baselinker"
46.101.116.244 - - [15/Apr/2025:05:49:37 +0200] "GET /Jurek/action/feeds/action_kauflandde.xml HTTP/2.0" 200 60200975 "-" "-"
51.77.52.107 - - [15/Apr/2025:05:49:42 +0200] "GET /Jurek/eurofirany/images/462102/0.jpg HTTP/2.0" 200 86422 "-" "baselinker"
51.77.52.107 - - [15/Apr/2025:05:49:46 +0200] "GET /Jurek/eurofirany/images/462102/0.jpg HTTP/2.0" 200 86422 "-" "baselinker"
51.77.52.107 - - [15/Apr/2025:05:49:54 +0200] "GET /Jurek/eurofirany/images/462103/0.jpg HTTP/2.0" 200 110454 "-" "baselinker"
51.77.52.107 - - [15/Apr/2025:05:49:59 +0200] "GET /Jurek/eurofirany/images/462103/0.jpg HTTP/2.0" 200 110454 "-" "baselinker"
51.77.52.107 - - [15/Apr/2025:05:50:05 +0200] "GET /Jurek/eurofirany/images/462103/0.jpg HTTP/2.0" 200 110454 "-" "baselinker"
51.77.52.107 - - [15/Apr/2025:05:50:10 +0200] "GET /Jurek/eurofirany/images/462119/0.jpg HTTP/2.0" 200 73475 "-" "baselinker"
51.77.52.107 - - [15/Apr/2025:05:50:14 +0200] "GET /Jurek/eurofirany/images/462119/0.jpg HTTP/2.0" 200 73475 "-" "baselinker"
51.77.52.107 - - [15/Apr/2025:05:50:18 +0200] "GET /Jurek/eurofirany/images/462119/0.jpg HTTP/2.0" 200 73475 "-" "baselinker"
51.77.52.107 - - [15/Apr/2025:05:50:23 +0200] "GET /Jurek/eurofirany/images/462120/0.jpg HTTP/2.0" 200 65108 "-" "baselinker"
51.77.52.107 - - [15/Apr/2025:05:50:38 +0200] "GET /Jurek/eurofirany/images/462120/0.jpg HTTP/2.0" 200 65108 "-" "baselinker"
89.161.206.59 - - [15/Apr/2025:05:50:44 +0200] "GET /Jurek/kinghoff/feeds/kinghoff_amazon_de.xml HTTP/1.0" 200 15489954 "-" "-"
89.161.206.59 - - [15/Apr/2025:05:50:44 +0200] "GET /Jurek/bass/feeds/bass_amazonde.xml HTTP/1.0" 200 3979050 "-" "-"
51.77.52.107 - - [15/Apr/2025:05:50:54 +0200] "GET /Jurek/eurofirany/images/462120/0.jpg HTTP/2.0" 200 65108 "-" "baselinker"
46.101.116.244 - - [15/Apr/2025:05:51:05 +0200] "GET /Jurek/aw/feeds/aw_fnacfr.xml HTTP/1.0" 404 3551 "-" "-"
51.77.52.107 - - [15/Apr/2025:05:51:10 +0200] "GET /Jurek/eurofirany/images/463222/0.jpg HTTP/2.0" 200 150310 "-" "baselinker"
51.77.52.107 - - [15/Apr/2025:05:51:27 +0200] "GET /Jurek/eurofirany/images/463222/0.jpg HTTP/2.0" 200 150310 "-" "baselinker"
89.161.206.59 - - [15/Apr/2025:05:51:40 +0200] "GET /Jurek/ikonka/feeds/ikonka_bol.xml HTTP/1.0" 200 22207495 "-" "-"
89.161.206.59 - - [15/Apr/2025:05:51:42 +0200] "GET /Jurek/riko/feeds/riko_bol.xml HTTP/1.0" 200 3785138 "-" "-"
89.161.206.59 - - [15/Apr/2025:05:51:42 +0200] "GET /Jurek/bemipol/feeds/bemipol_bol.xml HTTP/1.0" 200 423631 "-" "-"
89.161.206.59 - - [15/Apr/2025:05:51:43 +0200] "GET /Jurek/gandalf/feeds/gandalf_bol.xml HTTP/1.0" 200 1082541 "-" "-"
51.77.52.107 - - [15/Apr/2025:05:51:43 +0200] "GET /Jurek/eurofirany/images/463222/0.jpg HTTP/2.0" 200 150310 "-" "baselinker"
46.101.116.244 - - [15/Apr/2025:05:51:55 +0200] "GET /Jurek/kinghoff/feeds/kinghoff_kauflandde.xml HTTP/2.0" 200 15489919 "-" "-"
51.77.52.107 - - [15/Apr/2025:05:52:01 +0200] "GET /Jurek/eurofirany/images/463195/0.jpg HTTP/2.0" 200 135213 "-" "baselinker"
89.161.206.59 - - [15/Apr/2025:05:52:01 +0200] "GET /Jurek/playcob/feeds/playcob_emagro.xml HTTP/1.0" 200 6981047 "-" "-"
89.161.206.59 - - [15/Apr/2025:05:52:01 +0200] "GET /Jurek/alucon/feeds/alucon_emagro.xml HTTP/1.0" 200 553602 "-" "-"
51.77.52.107 - - [15/Apr/2025:05:52:17 +0200] "GET /Jurek/eurofirany/images/463195/0.jpg HTTP/2.0" 200 135213 "-" "baselinker"
46.101.116.244 - - [15/Apr/2025:05:52:22 +0200] "GET /Jurek/unimet/feeds/unimet_kauflandde.xml HTTP/2.0" 200 60466666 "-" "-"
51.77.52.107 - - [15/Apr/2025:05:52:28 +0200] "GET /Jurek/eurofirany/images/463195/0.jpg HTTP/2.0" 200 135213 "-" "baselinker"
51.77.52.107 - - [15/Apr/2025:05:52:39 +0200] "GET /Jurek/eurofirany/images/463196/0.jpg HTTP/2.0" 200 156594 "-" "baselinker"
51.77.52.107 - - [15/Apr/2025:05:53:12 +0200] "GET /Jurek/eurofirany/images/463196/0.jpg HTTP/2.0" 200 156594 "-" "baselinker"
51.77.52.107 - - [15/Apr/2025:05:53:31 +0200] "GET /Jurek/eurofirany/images/463196/0.jpg HTTP/2.0" 200 156594 "-" "baselinker"
51.77.52.107 - - [15/Apr/2025:05:53:44 +0200] "GET /Jurek/eurofirany/images/463198/0.jpg HTTP/2.0" 200 165699 "-" "baselinker"
51.77.52.107 - - [15/Apr/2025:05:53:50 +0200] "GET /Jurek/eurofirany/images/463198/0.jpg HTTP/2.0" 200 165699 "-" "baselinker"
51.77.52.107 - - [15/Apr/2025:05:53:55 +0200] "GET /Jurek/eurofirany/images/463198/0.jpg HTTP/2.0" 200 165699 "-" "baselinker"
51.77.52.107 - - [15/Apr/2025:05:54:02 +0200] "GET /Jurek/eurofirany/images/463199/0.jpg HTTP/2.0" 200 155772 "-" "baselinker"
51.77.52.107 - - [15/Apr/2025:05:54:18 +0200] "GET /Jurek/eurofirany/images/463199/0.jpg HTTP/2.0" 200 155772 "-" "baselinker"
51.77.52.107 - - [15/Apr/2025:05:54:23 +0200] "GET /Jurek/eurofirany/images/463199/0.jpg HTTP/2.0" 200 155772 "-" "baselinker"
51.77.52.107 - - [15/Apr/2025:05:54:26 +0200] "GET /Jurek/eurofirany/images/463212/0.jpg HTTP/2.0" 200 134139 "-" "baselinker"
51.77.52.107 - - [15/Apr/2025:05:54:43 +0200] "GET /Jurek/eurofirany/images/463212/0.jpg HTTP/2.0" 200 134139 "-" "baselinker"
51.77.52.107 - - [15/Apr/2025:05:54:47 +0200] "GET /Jurek/eurofirany/images/463212/0.jpg HTTP/2.0" 200 134139 "-" "baselinker"
51.77.52.107 - - [15/Apr/2025:05:54:51 +0200] "GET /Jurek/eurofirany/images/463213/0.jpg HTTP/2.0" 200 157678 "-" "baselinker"
51.77.52.107 - - [15/Apr/2025:05:55:08 +0200] "GET /Jurek/eurofirany/images/463213/0.jpg HTTP/2.0" 200 157678 "-" "baselinker"
51.77.52.107 - - [15/Apr/2025:05:55:16 +0200] "GET /Jurek/eurofirany/images/463213/0.jpg HTTP/2.0" 200 157678 "-" "baselinker"
51.77.52.107 - - [15/Apr/2025:05:55:21 +0200] "GET /Jurek/eurofirany/images/463217/0.jpg HTTP/2.0" 200 139326 "-" "baselinker"
51.77.52.107 - - [15/Apr/2025:05:55:25 +0200] "GET /Jurek/eurofirany/images/463217/0.jpg HTTP/2.0" 200 139326 "-" "baselinker"
46.101.116.244 - - [15/Apr/2025:05:55:27 +0200] "GET /Jurek/hurtownia_przemyslowa/feeds/hp_kaufde.xml HTTP/2.0" 200 49360430 "-" "-"
51.77.52.107 - - [15/Apr/2025:05:55:30 +0200] "GET /Jurek/eurofirany/images/463217/0.jpg HTTP/2.0" 200 139326 "-" "baselinker"
51.77.52.107 - - [15/Apr/2025:05:55:49 +0200] "GET /Jurek/eurofirany/images/350425/0.jpg HTTP/2.0" 200 148485 "-" "baselinker"
46.101.116.244 - - [15/Apr/2025:05:55:56 +0200] "GET /Jurek/broers/feeds/broers_mallsigs.xml HTTP/2.0" 200 1982591 "-" "-"
51.77.52.107 - - [15/Apr/2025:05:56:06 +0200] "GET /Jurek/eurofirany/images/350425/0.jpg HTTP/2.0" 200 148485 "-" "baselinker"
46.101.116.244 - - [15/Apr/2025:05:56:07 +0200] "GET /Jurek/cdata/feeds/cdata_mallsigs.xml HTTP/2.0" 200 1445085 "-" "-"
89.161.206.59 - - [15/Apr/2025:05:56:12 +0200] "GET /Jurek/kambukka/feeds/kambukka_skroutz.xml HTTP/1.0" 200 1021399 "-" "-"
89.161.206.59 - - [15/Apr/2025:05:56:13 +0200] "GET /Jurek/pagmil/feeds/pagmil_skroutz.xml HTTP/1.0" 200 1802844 "-" "-"
89.161.206.59 - - [15/Apr/2025:05:56:13 +0200] "GET /Jurek/hdwr/feeds/hdwr_skroutz.xml HTTP/1.0" 200 789404 "-" "-"
46.101.116.244 - - [15/Apr/2025:05:56:18 +0200] "GET /Jurek/elavia/feeds/elavia_mallsigs.xml HTTP/2.0" 200 2497275 "-" "-"
46.101.116.244 - - [15/Apr/2025:05:56:20 +0200] "GET /Jurek/aw/feeds/aw_fnacfr.xml HTTP/1.0" 404 3551 "-" "-"
89.161.206.59 - - [15/Apr/2025:05:56:21 +0200] "GET /Jurek/sempler/feeds/sempler_skroutz.xml HTTP/1.0" 200 6787947 "-" "-"
89.161.206.59 - - [15/Apr/2025:05:56:23 +0200] "GET /Jurek/targethome/feeds/targethome_skroutz.xml HTTP/1.0" 200 688623 "-" "-"
51.77.52.107 - - [15/Apr/2025:05:56:23 +0200] "GET /Jurek/eurofirany/images/350425/0.jpg HTTP/2.0" 200 148485 "-" "baselinker"
46.101.116.244 - - [15/Apr/2025:05:56:28 +0200] "GET /Jurek/filmal/feeds/filmal_mallsigs.xml HTTP/2.0" 200 139274 "-" "-"
51.77.52.107 - - [15/Apr/2025:05:56:35 +0200] "GET /Jurek/eurofirany/images/367752/0.jpg HTTP/2.0" 200 119218 "-" "baselinker"
46.101.116.244 - - [15/Apr/2025:05:56:38 +0200] "GET /Jurek/jakdroz/feeds/jakdroz_mallsigs.xml HTTP/2.0" 200 4090057 "-" "-"
46.101.116.244 - - [15/Apr/2025:05:56:49 +0200] "GET /Jurek/kristronik/feeds/kristronik_mallsigs.xml HTTP/2.0" 200 691971 "-" "-"
89.161.206.59 - - [15/Apr/2025:05:56:50 +0200] "GET /Jurek/pawonik/feeds/pawonik_skroutz.xml HTTP/1.0" 200 2138438 "-" "-"
51.77.52.107 - - [15/Apr/2025:05:56:50 +0200] "GET /Jurek/eurofirany/images/367752/0.jpg HTTP/2.0" 200 119218 "-" "baselinker"
89.161.206.59 - - [15/Apr/2025:05:56:51 +0200] "GET /Jurek/amzteam/feeds/amzteam_skroutz.xml HTTP/1.0" 200 95906 "-" "-"
89.161.206.59 - - [15/Apr/2025:05:56:51 +0200] "GET /Jurek/artdog/feeds/artdog_skroutz.xml HTTP/1.0" 200 17158906 "-" "-"
89.161.206.59 - - [15/Apr/2025:05:56:52 +0200] "GET /Jurek/mosti/feeds/mosti_skroutz.xml HTTP/1.0" 200 4633248 "-" "-"
51.77.52.107 - - [15/Apr/2025:05:56:59 +0200] "GET /Jurek/eurofirany/images/367752/0.jpg HTTP/2.0" 200 119218 "-" "baselinker"
46.101.116.244 - - [15/Apr/2025:05:56:59 +0200] "GET /Jurek/nonabox/feeds/nonabox_mallsigs.xml HTTP/2.0" 200 33866 "-" "-"
216.113.184.102 - - [15/Apr/2025:05:57:06 +0200] "GET /Jurek/eurofirany/images/433166/0.jpg HTTP/1.1" 200 132387 "-" "Java/17.0.13.0.101"
46.101.116.244 - - [15/Apr/2025:05:57:10 +0200] "GET /Jurek/omi/feeds/omi_mallsigs.xml HTTP/2.0" 200 8105501 "-" "-"
89.161.206.59 - - [15/Apr/2025:05:57:13 +0200] "GET /Jurek/dropkz/feeds/dropkz_emagro.xml HTTP/1.0" 200 70031299 "-" "-"
51.77.52.107 - - [15/Apr/2025:05:57:14 +0200] "GET /Jurek/eurofirany/images/385630/0.jpg HTTP/2.0" 200 97861 "-" "baselinker"
89.161.206.59 - - [15/Apr/2025:05:57:17 +0200] "GET /Jurek/shiori/feeds/shiori_emagro.xml HTTP/1.0" 200 453708 "-" "-"
89.161.206.59 - - [15/Apr/2025:05:57:17 +0200] "GET /Jurek/eoptimo/feeds/eoptimo_emagro.xml HTTP/1.0" 200 2094697 "-" "-"
89.161.206.59 - - [15/Apr/2025:05:57:17 +0200] "GET /Jurek/bisanti/feeds/bisanti_emagro.xml HTTP/1.0" 200 1142429 "-" "-"
89.161.206.59 - - [15/Apr/2025:05:57:18 +0200] "GET /Jurek/najtanszysport/feeds/najtanszysport_emagro.xml HTTP/1.0" 200 3984566 "-" "-"
89.161.206.59 - - [15/Apr/2025:05:57:18 +0200] "GET /Jurek/bentivolio/feeds/bentivolio_emagro.xml HTTP/1.0" 200 3498444 "-" "-"
89.161.206.59 - - [15/Apr/2025:05:57:19 +0200] "GET /Jurek/sportprise/feeds/sportprise_emagro.xml HTTP/1.0" 200 12727713 "-" "-"
89.161.206.59 - - [15/Apr/2025:05:57:21 +0200] "GET /Jurek/elavia/feeds/elavia_emagro.xml HTTP/1.0" 200 2497405 "-" "-"
46.101.116.244 - - [15/Apr/2025:05:57:21 +0200] "GET /Jurek/proparts/feeds/proparts_mallsigs.xml HTTP/2.0" 200 707474 "-" "-"
89.161.206.59 - - [15/Apr/2025:05:57:22 +0200] "GET /Jurek/zbimatyja/feeds/zbimatyja_emagro.xml HTTP/1.0" 200 11671721 "-" "-"
89.161.206.59 - - [15/Apr/2025:05:57:22 +0200] "GET /Jurek/rosfix/feeds/rosfix_emagro.xml HTTP/1.0" 200 35770942 "-" "-"
89.161.206.59 - - [15/Apr/2025:05:57:24 +0200] "GET /Jurek/broers/feeds/broers_emagro.xml HTTP/1.0" 200 1982916 "-" "-"
51.77.52.107 - - [15/Apr/2025:05:57:31 +0200] "GET /Jurek/eurofirany/images/385630/0.jpg HTTP/2.0" 200 97861 "-" "baselinker"
46.101.116.244 - - [15/Apr/2025:05:57:32 +0200] "GET /Jurek/rosfix/feeds/rosfix_mallsigs.xml HTTP/2.0" 200 35769632 "-" "-"
5.134.208.158 - - [15/Apr/2025:05:57:33 +0200] "GET /Jurek/eurofirany/images/463386/0.jpg HTTP/1.1" 200 153957 "-" "-"
46.101.116.244 - - [15/Apr/2025:05:57:46 +0200] "GET /Jurek/snibbs/feeds/snibbs_mallsigs.xml HTTP/2.0" 200 74399 "-" "-"
89.161.206.59 - - [15/Apr/2025:05:57:55 +0200] "GET /Jurek/hurtownia_przemyslowa/feeds/hp_skroutz.xml HTTP/1.0" 200 49362718 "-" "-"
51.77.52.107 - - [15/Apr/2025:05:57:56 +0200] "GET /Jurek/topeshop/downloaded_images/5902838469149_5.png HTTP/2.0" 200 89495 "-" "baselinker"
46.101.116.244 - - [15/Apr/2025:05:57:56 +0200] "GET /Jurek/sportprise/feeds/sportprise_mallsigs.xml HTTP/2.0" 200 11782387 "-" "-"
51.77.52.107 - - [15/Apr/2025:05:57:57 +0200] "GET /Jurek/eurofirany/images/385630/0.jpg HTTP/2.0" 200 97861 "-" "baselinker"
