89.161.206.59 - - [15/Apr/2025:15:07:37 +0200] "GET /Jurek/targethome/feeds/targethome_skroutz.xml HTTP/1.0" 200 688618 "-" "-"
89.161.206.59 - - [15/Apr/2025:15:07:38 +0200] "GET /Jurek/kinghoff/feeds/kinghoff_cdiscount.xml HTTP/1.0" 200 7403115 "-" "-"
89.161.206.59 - - [15/Apr/2025:15:07:38 +0200] "GET /Jurek/techrebal/feeds/techrebal_cdsc.xml HTTP/1.0" 200 1423346 "-" "-"
89.161.206.59 - - [15/Apr/2025:15:07:39 +0200] "GET /Jurek/zbimatyja/feeds/zbimatyja_cdsc.xml HTTP/1.0" 200 11000871 "-" "-"
51.77.52.107 - - [15/Apr/2025:15:07:47 +0200] "GET /Jurek/eurofirany/images/468216/0.jpg HTTP/2.0" 200 68201 "-" "baselinker"
46.101.116.244 - - [15/Apr/2025:15:07:55 +0200] "GET /Jurek/vivaldi/feeds/vivaldi_kaufland.xml HTTP/2.0" 200 344834 "-" "-"
89.161.206.59 - - [15/Apr/2025:15:07:57 +0200] "GET /Jurek/kalama/feeds/kalama_amazonde.xml HTTP/1.0" 200 2541312 "-" "-"
89.161.206.59 - - [15/Apr/2025:15:07:59 +0200] "GET /Jurek/broers/feeds/broers_cdsc.xml HTTP/1.0" 200 2303343 "-" "-"
89.161.206.59 - - [15/Apr/2025:15:07:59 +0200] "GET /Jurek/nonabox/feeds/nonabox_cdsc.xml HTTP/1.0" 200 39041 "-" "-"
89.161.206.59 - - [15/Apr/2025:15:07:59 +0200] "GET /Jurek/lampart/feeds/lampart_cdsc.xml HTTP/1.0" 200 1057917 "-" "-"
89.161.206.59 - - [15/Apr/2025:15:07:59 +0200] "GET /Jurek/regis/feeds/regis_cdsc.xml HTTP/1.0" 200 84984 "-" "-"
89.161.206.59 - - [15/Apr/2025:15:08:00 +0200] "GET /Jurek/stiv/feeds/stiv_cdsc.xml HTTP/1.0" 200 1348002 "-" "-"
51.77.52.107 - - [15/Apr/2025:15:08:04 +0200] "GET /Jurek/eurofirany/images/468216/0.jpg HTTP/2.0" 200 68201 "-" "baselinker"
51.77.52.107 - - [15/Apr/2025:15:08:10 +0200] "GET /Jurek/eurofirany/images/468216/0.jpg HTTP/2.0" 200 68201 "-" "baselinker"
46.101.116.244 - - [15/Apr/2025:15:08:15 +0200] "GET /Jurek/vidaCZ/feeds/vida_Kaufland.xml HTTP/2.0" 200 664105834 "-" "-"
51.77.52.107 - - [15/Apr/2025:15:08:26 +0200] "GET /Jurek/eurofirany/images/468222/0.jpg HTTP/2.0" 200 68201 "-" "baselinker"
51.77.52.107 - - [15/Apr/2025:15:08:31 +0200] "GET /Jurek/eurofirany/images/468222/0.jpg HTTP/2.0" 200 68201 "-" "baselinker"
185.6.76.18 - - [15/Apr/2025:15:08:34 +0200] "GET /marketplaces/skroutz/feeds/shumee.xml HTTP/1.1" 200 407792951 "-" "SkroutzBot v1.0"
89.161.206.59 - - [15/Apr/2025:15:08:36 +0200] "GET /Jurek/pawonik/feeds/pawonik_skroutz.xml HTTP/1.0" 200 2138424 "-" "-"
89.161.206.59 - - [15/Apr/2025:15:08:36 +0200] "GET /Jurek/amzteam/feeds/amzteam_skroutz.xml HTTP/1.0" 200 95906 "-" "-"
89.161.206.59 - - [15/Apr/2025:15:08:37 +0200] "GET /Jurek/mosti/feeds/mosti_skroutz.xml HTTP/1.0" 200 4633472 "-" "-"
89.161.206.59 - - [15/Apr/2025:15:08:39 +0200] "GET /Jurek/hanex/feeds/hanex_cdsc.xml HTTP/1.0" 200 7027197 "-" "-"
89.161.206.59 - - [15/Apr/2025:15:08:40 +0200] "GET /Jurek/artdog/feeds/artdog_skroutz.xml HTTP/1.0" 200 17158610 "-" "-"
51.77.52.107 - - [15/Apr/2025:15:08:49 +0200] "GET /Jurek/eurofirany/images/468222/0.jpg HTTP/2.0" 200 68201 "-" "baselinker"
51.77.52.107 - - [15/Apr/2025:15:08:55 +0200] "GET /Jurek/eurofirany/images/468223/0.jpg HTTP/2.0" 200 87263 "-" "baselinker"
46.101.116.244 - - [15/Apr/2025:15:09:12 +0200] "GET /Jurek/hurtmeblowy/feeds/hurtmeblowy_kauflandsk.xml HTTP/2.0" 200 7523874 "-" "-"
51.77.52.107 - - [15/Apr/2025:15:09:14 +0200] "GET /Jurek/eurofirany/images/468223/0.jpg HTTP/2.0" 200 87263 "-" "baselinker"
51.77.52.107 - - [15/Apr/2025:15:09:20 +0200] "GET /Jurek/eurofirany/images/468223/0.jpg HTTP/2.0" 200 87263 "-" "baselinker"
46.101.116.244 - - [15/Apr/2025:15:09:30 +0200] "GET /Jurek/kobi/feeds/kobi_kauflandsk.xml HTTP/2.0" 200 942996 "-" "-"
51.77.52.107 - - [15/Apr/2025:15:09:35 +0200] "GET /Jurek/eurofirany/images/468224/0.jpg HTTP/2.0" 200 87263 "-" "baselinker"
46.101.116.244 - - [15/Apr/2025:15:09:41 +0200] "GET /Jurek/madrex/feeds/madrex_kauflandsk.xml HTTP/2.0" 200 466700 "-" "-"
51.77.52.107 - - [15/Apr/2025:15:09:51 +0200] "GET /Jurek/eurofirany/images/468224/0.jpg HTTP/2.0" 200 87263 "-" "baselinker"
51.77.52.107 - - [15/Apr/2025:15:09:56 +0200] "GET /Jurek/eurofirany/images/468224/0.jpg HTTP/2.0" 200 87263 "-" "baselinker"
51.77.52.107 - - [15/Apr/2025:15:10:05 +0200] "GET /Jurek/eurofirany/images/468225/0.jpg HTTP/2.0" 200 87263 "-" "baselinker"
51.77.52.107 - - [15/Apr/2025:15:10:12 +0200] "GET /Jurek/eurofirany/images/468225/0.jpg HTTP/2.0" 200 87263 "-" "baselinker"
46.101.116.244 - - [15/Apr/2025:15:10:17 +0200] "GET /Jurek/action/feeds/action_kauflandsk.xml HTTP/2.0" 200 60201516 "-" "-"
51.77.52.107 - - [15/Apr/2025:15:10:18 +0200] "GET /Jurek/eurofirany/images/468225/0.jpg HTTP/2.0" 200 87263 "-" "baselinker"
193.33.8.61 - - [15/Apr/2025:15:10:18 +0200] "GET /Jurek/newtechele/output.txt HTTP/2.0" 200 8957 "https://konsola.dkkapusta1997.usermd.net/" "Mozilla/5.0 (Windows NT 10.0; Win64; x64) AppleWebKit/537.36 (KHTML, like Gecko) Chrome/135.0.0.0 Safari/537.36"
51.77.52.107 - - [15/Apr/2025:15:10:46 +0200] "GET /Jurek/eurofirany/images/468226/0.jpg HTTP/2.0" 200 85877 "-" "baselinker"
51.77.52.107 - - [15/Apr/2025:15:11:18 +0200] "GET /Jurek/eurofirany/images/468226/0.jpg HTTP/2.0" 200 85877 "-" "baselinker"
46.101.116.244 - - [15/Apr/2025:15:11:36 +0200] "GET /Jurek/aw/feeds/aw_fnacfr.xml HTTP/1.0" 404 3551 "-" "-"
51.77.52.107 - - [15/Apr/2025:15:11:36 +0200] "GET /Jurek/eurofirany/images/468226/0.jpg HTTP/2.0" 200 85877 "-" "baselinker"
89.161.206.59 - - [15/Apr/2025:15:11:42 +0200] "GET /Jurek/oromed/feeds/oromed_skroutz.xml HTTP/1.0" 200 1081789 "-" "-"
51.77.52.107 - - [15/Apr/2025:15:11:43 +0200] "GET /Jurek/eurofirany/images/468227/0.jpg HTTP/2.0" 200 85877 "-" "baselinker"
89.161.206.59 - - [15/Apr/2025:15:11:44 +0200] "GET /Jurek/ralmetal/feeds/ralmetal_skroutz.xml HTTP/1.0" 200 1808663 "-" "-"
46.101.116.244 - - [15/Apr/2025:15:11:44 +0200] "GET /Jurek/andex/feeds/andex_kauflandsk.xml HTTP/2.0" 200 1953347 "-" "-"
51.77.52.107 - - [15/Apr/2025:15:11:51 +0200] "GET /Jurek/eurofirany/images/468227/0.jpg HTTP/2.0" 200 85877 "-" "baselinker"
89.161.206.59 - - [15/Apr/2025:15:11:54 +0200] "GET /Jurek/narzbud/feeds/narzbud_skroutz.xml HTTP/1.0" 200 1901254 "-" "-"
89.161.206.59 - - [15/Apr/2025:15:11:54 +0200] "GET /Jurek/drops/feeds/dropsofficecolection_skroutz.xml HTTP/1.0" 200 790624 "-" "-"
89.161.206.59 - - [15/Apr/2025:15:11:54 +0200] "GET /Jurek/szpaklampy/feeds/szpaklampy_skroutz.xml HTTP/1.0" 200 388212 "-" "-"
46.101.116.244 - - [15/Apr/2025:15:11:55 +0200] "GET /Jurek/aw/feeds/awnarzedzia_kauflandsk.xml HTTP/2.0" 200 90532495 "-" "-"
51.77.52.107 - - [15/Apr/2025:15:11:57 +0200] "GET /Jurek/eurofirany/images/468227/0.jpg HTTP/2.0" 200 85877 "-" "baselinker"
89.161.206.59 - - [15/Apr/2025:15:12:14 +0200] "GET /Jurek/spali/feeds/spali_skroutz.xml HTTP/1.0" 200 77055 "-" "-"
89.161.206.59 - - [15/Apr/2025:15:12:14 +0200] "GET /Jurek/galopi/feeds/galopi_skroutz.xml HTTP/1.0" 200 2111119 "-" "-"
89.161.206.59 - - [15/Apr/2025:15:12:14 +0200] "GET /Jurek/combine/feeds/combine_skroutz.xml HTTP/1.0" 200 210556 "-" "-"
89.161.206.59 - - [15/Apr/2025:15:12:14 +0200] "GET /Jurek/eurofryz/feeds/eurofryz_skroutz.xml HTTP/1.0" 200 1381555 "-" "-"
51.77.52.107 - - [15/Apr/2025:15:12:16 +0200] "GET /Jurek/eurofirany/images/468229/0.jpg HTTP/2.0" 200 85877 "-" "baselinker"
46.101.116.244 - - [15/Apr/2025:15:12:16 +0200] "GET /Jurek/b3/feeds/b3_kauflandsk.xml HTTP/2.0" 200 8017662 "-" "-"
89.161.206.59 - - [15/Apr/2025:15:12:20 +0200] "GET /Jurek/velinda/feeds/velinda_skroutz.xml HTTP/1.0" 200 23450 "-" "-"
89.161.206.59 - - [15/Apr/2025:15:12:21 +0200] "GET /Jurek/erohurtownia/feeds/erohurtownia_skroutz.xml HTTP/1.0" 200 22845450 "-" "-"
51.77.52.107 - - [15/Apr/2025:15:12:22 +0200] "GET /Jurek/eurofirany/images/468229/0.jpg HTTP/2.0" 200 85877 "-" "baselinker"
89.161.206.59 - - [15/Apr/2025:15:12:23 +0200] "GET /Jurek/reman/feeds/reman_skroutz.xml HTTP/1.0" 200 1394831 "-" "-"
89.161.206.59 - - [15/Apr/2025:15:12:23 +0200] "GET /Jurek/urwiskowo/feeds/urwiskowo_skroutz.xml HTTP/1.0" 200 9115055 "-" "-"
46.101.116.244 - - [15/Apr/2025:15:12:27 +0200] "GET /Jurek/barbecook/feeds/barbecook_kauflandsk.xml HTTP/2.0" 200 87527 "-" "-"
51.77.52.107 - - [15/Apr/2025:15:12:28 +0200] "GET /Jurek/eurofirany/images/468229/0.jpg HTTP/2.0" 200 85877 "-" "baselinker"
51.77.52.107 - - [15/Apr/2025:15:12:33 +0200] "GET /Jurek/eurofirany/images/468821/0.jpg HTTP/2.0" 200 84543 "-" "baselinker"
46.101.116.244 - - [15/Apr/2025:15:12:37 +0200] "GET /Jurek/bass/feeds/bass_kauflandsk.xml HTTP/2.0" 200 3979072 "-" "-"
46.101.116.244 - - [15/Apr/2025:15:12:48 +0200] "GET /Jurek/beliani/feeds/beliani_sk_kaufland.xml HTTP/2.0" 200 34048865 "-" "-"
51.77.52.107 - - [15/Apr/2025:15:12:50 +0200] "GET /Jurek/eurofirany/images/468821/0.jpg HTTP/2.0" 200 84543 "-" "baselinker"
46.101.116.244 - - [15/Apr/2025:15:13:02 +0200] "GET /Jurek/benbaby/feeds/benbaby_kauflandsk.xml HTTP/2.0" 200 3628830 "-" "-"
51.77.52.107 - - [15/Apr/2025:15:13:10 +0200] "GET /Jurek/eurofirany/images/468821/0.jpg HTTP/2.0" 200 84543 "-" "baselinker"
46.101.116.244 - - [15/Apr/2025:15:13:12 +0200] "GET /Jurek/detian/feeds/detian_kauflandsk.xml HTTP/2.0" 404 3551 "-" "-"
51.77.52.107 - - [15/Apr/2025:15:13:13 +0200] "GET /Jurek/eurofirany/images/468822/0.jpg HTTP/2.0" 200 84543 "-" "baselinker"
46.101.116.244 - - [15/Apr/2025:15:13:22 +0200] "GET /Jurek/emibig/feeds/emibig_kauflandsk.xml HTTP/2.0" 200 2522106 "-" "-"
51.77.52.107 - - [15/Apr/2025:15:13:33 +0200] "GET /Jurek/eurofirany/images/468822/0.jpg HTTP/2.0" 200 84543 "-" "baselinker"
46.101.116.244 - - [15/Apr/2025:15:13:33 +0200] "GET /Jurek/eurofirany/feeds/eurofirany_kaufland_sk.xml HTTP/2.0" 200 19094321 "-" "-"
164.92.91.59 - - [15/Apr/2025:15:13:39 +0200] "GET /Jurek/topeshop/downloaded_images/5902838467275_Romana_160_biel_Open.jpg HTTP/1.1" 404 3551 "-" "Mozilla/5.0 (X11; Linux x86_64) AppleWebKit/537.36 (KHTML, like Gecko) Chrome/112.0.0.0 Safari/537.36"
46.101.116.244 - - [15/Apr/2025:15:13:46 +0200] "GET /Jurek/fernity/feeds/fernity_kauflandsk.xml HTTP/2.0" 200 4796469 "-" "-"
51.77.52.107 - - [15/Apr/2025:15:13:51 +0200] "GET /Jurek/eurofirany/images/468822/0.jpg HTTP/2.0" 200 84543 "-" "baselinker"
89.161.206.59 - - [15/Apr/2025:15:14:00 +0200] "GET /Jurek/ekuchcikowo/feeds/ekuchcikowo_skroutz.xml HTTP/1.0" 200 12471104 "-" "-"
89.161.206.59 - - [15/Apr/2025:15:14:07 +0200] "GET /Jurek/ekolight/feeds/ekolioght_skroutz.xml HTTP/1.0" 200 9052277 "-" "-"
46.101.116.244 - - [15/Apr/2025:15:14:09 +0200] "GET /Jurek/hurtownia_przemyslowa/feeds/hp_kaufsk.xml HTTP/2.0" 200 49361126 "-" "-"
51.77.52.107 - - [15/Apr/2025:15:14:12 +0200] "GET /Jurek/eurofirany/images/468823/0.jpg HTTP/2.0" 200 84543 "-" "baselinker"
89.161.206.59 - - [15/Apr/2025:15:14:12 +0200] "GET /Jurek/kobi/feeds/kobi_skroutz.xml HTTP/1.0" 200 1993282 "-" "-"
89.161.206.59 - - [15/Apr/2025:15:14:12 +0200] "GET /Jurek/evil/feeds/evil_skroutz.xml HTTP/1.0" 200 252479 "-" "-"
89.161.206.59 - - [15/Apr/2025:15:14:13 +0200] "GET /Jurek/twojsklep/feeds/twojsklep_skroutz.xml HTTP/1.0" 200 126800 "-" "-"
89.161.206.59 - - [15/Apr/2025:15:14:13 +0200] "GET /Jurek/antiodor/feeds/antiodor_skroutz.xml HTTP/1.0" 200 137856 "-" "-"
89.161.206.59 - - [15/Apr/2025:15:14:14 +0200] "GET /Jurek/sartrix/feeds/sartrix_skroutz.xml HTTP/1.0" 200 649183 "-" "-"
89.161.206.59 - - [15/Apr/2025:15:14:17 +0200] "GET /Jurek/drewdon/feeds/drewdon_skroutz.xml HTTP/1.0" 200 358912 "-" "-"
89.161.206.59 - - [15/Apr/2025:15:14:18 +0200] "GET /Jurek/primohurt/feeds/primohurt_skroutz.xml HTTP/1.0" 200 17187271 "-" "-"
51.77.52.107 - - [15/Apr/2025:15:14:18 +0200] "GET /Jurek/eurofirany/images/468823/0.jpg HTTP/2.0" 200 84543 "-" "baselinker"
89.161.206.59 - - [15/Apr/2025:15:14:18 +0200] "GET /Jurek/dekoele/feeds/dekoele_skroutz.xml HTTP/1.0" 200 378807 "-" "-"
89.161.206.59 - - [15/Apr/2025:15:14:19 +0200] "GET /Jurek/rider/feeds/rider_skroutz.xml HTTP/1.0" 200 8165253 "-" "-"
89.161.206.59 - - [15/Apr/2025:15:14:19 +0200] "GET /Jurek/expertauto/feeds/expertauto_skroutz.xml HTTP/1.0" 200 1158917 "-" "-"
89.161.206.59 - - [15/Apr/2025:15:14:24 +0200] "GET /Jurek/qbox/feeds/qbox_skroutz.xml HTTP/1.0" 200 398729 "-" "-"
89.161.206.59 - - [15/Apr/2025:15:14:36 +0200] "GET /Jurek/ekotex/feeds/ekotex_skroutz.xml HTTP/1.0" 200 197810 "-" "-"
89.161.206.59 - - [15/Apr/2025:15:14:36 +0200] "GET /Jurek/motofan/feeds/motofan_skroutz.xml HTTP/1.0" 200 2392147 "-" "-"
89.161.206.59 - - [15/Apr/2025:15:14:36 +0200] "GET /Jurek/elecomp/feeds/elecomp_skroutz.xml HTTP/1.0" 200 2867740 "-" "-"
46.101.116.244 - - [15/Apr/2025:15:14:41 +0200] "GET /Jurek/ikonka/feeds/ikonka_kauflandsk.xml HTTP/2.0" 200 22208842 "-" "-"
51.77.52.107 - - [15/Apr/2025:15:14:41 +0200] "GET /Jurek/eurofirany/images/468823/0.jpg HTTP/2.0" 200 84543 "-" "baselinker"
46.101.116.244 - - [15/Apr/2025:15:14:53 +0200] "GET /Jurek/kinghoff/feeds/kinghoff_kauflandsk.xml HTTP/2.0" 200 15489978 "-" "-"
51.77.52.107 - - [15/Apr/2025:15:15:04 +0200] "GET /Jurek/eurofirany/images/468079/0.jpg HTTP/2.0" 200 139066 "-" "baselinker"
46.101.116.244 - - [15/Apr/2025:15:15:18 +0200] "GET /Jurek/kinghome/feeds/kinghome_kauflandsk.xml HTTP/2.0" 200 6042181 "-" "-"
51.77.52.107 - - [15/Apr/2025:15:15:28 +0200] "GET /Jurek/eurofirany/images/468079/0.jpg HTTP/2.0" 200 139066 "-" "baselinker"
89.161.206.59 - - [15/Apr/2025:15:15:34 +0200] "GET /Jurek/najtanszysport/feeds/najtanszysport_skroutz.xml HTTP/1.0" 200 3983387 "-" "-"
51.77.52.107 - - [15/Apr/2025:15:15:35 +0200] "GET /Jurek/eurofirany/images/468079/0.jpg HTTP/2.0" 200 139066 "-" "baselinker"
193.33.8.61 - maria [15/Apr/2025:15:15:36 +0200] "GET /Filip/janshop_orders/exports/ HTTP/2.0" 200 2774 "-" "Mozilla/5.0 (Windows NT 10.0; Win64; x64) AppleWebKit/537.36 (KHTML, like Gecko) Chrome/135.0.0.0 Safari/537.36"
89.161.206.59 - - [15/Apr/2025:15:15:44 +0200] "GET /Jurek/bass_new/feeds/bass_skroutz.xml HTTP/1.0" 200 7040965 "-" "-"
51.77.52.107 - - [15/Apr/2025:15:15:57 +0200] "GET /Jurek/eurofirany/images/468094/0.jpg HTTP/2.0" 200 161080 "-" "baselinker"
46.101.116.244 - - [15/Apr/2025:15:16:01 +0200] "GET /Jurek/octopia/feeds/octopia_kauflandsk.xml HTTP/2.0" 200 10103788 "-" "-"
149.28.192.175 - - [15/Apr/2025:15:16:01 +0200] "GET /Jurek/topeshop/downloaded_images/5902838467275_Romana_160_biel_Open.jpg HTTP/1.1" 404 3551 "-" "Mozilla/5.0 (X11; Linux x86_64) AppleWebKit/537.36 (KHTML, like Gecko) Chrome/121.0.0.0 Safari/537.36"
207.46.13.157 - - [15/Apr/2025:15:16:05 +0200] "GET /Jurek/topeshop/downloaded_images/5902838466209_KUBABIURKOBRY%C5%81KASONOMABOKZM.jpg HTTP/2.0" 404 3551 "-" "Mozilla/5.0 AppleWebKit/537.36 (KHTML, like Gecko; compatible; bingbot/2.0; +http://www.bing.com/bingbot.htm) Chrome/116.0.1938.76 Safari/537.36"
51.77.52.107 - - [15/Apr/2025:15:16:06 +0200] "GET /Jurek/eurofirany/images/468094/0.jpg HTTP/2.0" 200 161080 "-" "baselinker"
40.77.167.57 - - [15/Apr/2025:15:16:10 +0200] "GET /Jurek/topeshop/downloaded_images/5902838463741_20st_close.jpg HTTP/2.0" 404 3551 "-" "Mozilla/5.0 AppleWebKit/537.36 (KHTML, like Gecko; compatible; bingbot/2.0; +http://www.bing.com/bingbot.htm) Chrome/116.0.1938.76 Safari/537.36"
46.101.116.244 - - [15/Apr/2025:15:16:12 +0200] "GET /Jurek/rovicky/feeds/rovicky_kauflandsk.xml HTTP/2.0" 200 15039782 "-" "-"
46.101.116.244 - - [15/Apr/2025:15:16:23 +0200] "GET /Jurek/stema/feeds/stema_kauflandsk.xml HTTP/2.0" 200 851767 "-" "-"
51.77.52.107 - - [15/Apr/2025:15:16:29 +0200] "GET /Jurek/eurofirany/images/468094/0.jpg HTTP/2.0" 200 161080 "-" "baselinker"
46.101.116.244 - - [15/Apr/2025:15:16:34 +0200] "GET /Jurek/twm/feeds/twm-kauflandsk.xml HTTP/2.0" 200 2428144 "-" "-"
193.33.8.61 - maria [15/Apr/2025:15:16:45 +0200] "GET /Filip/janshop_orders/exports/great_2025-04-15_12.txt HTTP/2.0" 200 1906 "https://dkkapusta1997.usermd.net/Filip/janshop_orders/exports/" "Mozilla/5.0 (Windows NT 10.0; Win64; x64) AppleWebKit/537.36 (KHTML, like Gecko) Chrome/135.0.0.0 Safari/537.36"
46.101.116.244 - - [15/Apr/2025:15:16:46 +0200] "GET /Jurek/unimet/feeds/unimet_kauflandsk.xml HTTP/2.0" 200 61141212 "-" "-"
193.33.8.61 - maria [15/Apr/2025:15:16:50 +0200] "GET /Filip/janshop_orders/exports/shumee_2025-04-15_12.txt HTTP/2.0" 200 7081 "https://dkkapusta1997.usermd.net/Filip/janshop_orders/exports/" "Mozilla/5.0 (Windows NT 10.0; Win64; x64) AppleWebKit/537.36 (KHTML, like Gecko) Chrome/135.0.0.0 Safari/537.36"
193.33.8.61 - maria [15/Apr/2025:15:16:53 +0200] "GET /Filip/janshop_orders/exports/extra_2025-04-15_08.txt HTTP/2.0" 200 4328 "https://dkkapusta1997.usermd.net/Filip/janshop_orders/exports/" "Mozilla/5.0 (Windows NT 10.0; Win64; x64) AppleWebKit/537.36 (KHTML, like Gecko) Chrome/135.0.0.0 Safari/537.36"
51.77.52.107 - - [15/Apr/2025:15:16:57 +0200] "GET /Jurek/eurofirany/images/468097/0.jpg HTTP/2.0" 200 144316 "-" "baselinker"
51.77.52.107 - - [15/Apr/2025:15:17:22 +0200] "GET /Jurek/eurofirany/images/468097/0.jpg HTTP/2.0" 200 144316 "-" "baselinker"
51.77.52.107 - - [15/Apr/2025:15:17:25 +0200] "GET /Jurek/eurofirany/images/468097/0.jpg HTTP/2.0" 200 144316 "-" "baselinker"
51.77.52.107 - - [15/Apr/2025:15:17:47 +0200] "GET /Jurek/eurofirany/images/468101/0.jpg HTTP/2.0" 200 132826 "-" "baselinker"
89.161.206.59 - - [15/Apr/2025:15:18:17 +0200] "GET /Jurek/rems/feeds/rems_emag.xml HTTP/1.0" 200 8706566 "-" "-"
51.77.52.107 - - [15/Apr/2025:15:18:35 +0200] "GET /Jurek/eurofirany/images/468101/0.jpg HTTP/2.0" 200 132826 "-" "baselinker"
51.77.52.107 - - [15/Apr/2025:15:18:52 +0200] "GET /Jurek/eurofirany/images/468101/0.jpg HTTP/2.0" 200 132826 "-" "baselinker"
51.77.52.107 - - [15/Apr/2025:15:19:00 +0200] "GET /Jurek/eurofirany/images/468049/0.jpg HTTP/2.0" 200 72677 "-" "baselinker"
89.161.206.59 - - [15/Apr/2025:15:19:11 +0200] "GET /Jurek/hurtmeblowy/feeds/hurtmeblowy_skroutz.xml HTTP/1.0" 200 8495659 "-" "-"
51.77.52.107 - - [15/Apr/2025:15:19:27 +0200] "GET /Jurek/eurofirany/images/468049/0.jpg HTTP/2.0" 200 72677 "-" "baselinker"
89.161.206.59 - - [15/Apr/2025:15:19:46 +0200] "GET /Jurek/filmal/feeds/filmal_aliex.xml HTTP/1.0" 200 139293 "-" "-"
89.161.206.59 - - [15/Apr/2025:15:19:46 +0200] "GET /Jurek/sovapl/feeds/sovapl_aliex.xml HTTP/1.0" 200 9002777 "-" "-"
89.161.206.59 - - [15/Apr/2025:15:19:48 +0200] "GET /Jurek/riko/feeds/riko_aliex.xml HTTP/1.0" 200 3786225 "-" "-"
89.161.206.59 - - [15/Apr/2025:15:19:48 +0200] "GET /Jurek/gandalf/feeds/gandalf_aliex.xml HTTP/1.0" 200 1082570 "-" "-"
89.161.206.59 - - [15/Apr/2025:15:19:48 +0200] "GET /Jurek/andex/feeds/andex_aliex.xml HTTP/1.0" 200 1953945 "-" "-"
89.161.206.59 - - [15/Apr/2025:15:19:48 +0200] "GET /Jurek/sebmart/feeds/sebmart_aliex.xml HTTP/1.0" 200 1599105 "-" "-"
89.161.206.59 - - [15/Apr/2025:15:19:49 +0200] "GET /Jurek/bemipol/feeds/bemipol_aliex.xml HTTP/1.0" 200 423683 "-" "-"
89.161.206.59 - - [15/Apr/2025:15:19:49 +0200] "GET /Jurek/tsjerzy/feeds/tsjerzy_aliex.xml HTTP/1.0" 200 3899779 "-" "-"
89.161.206.59 - - [15/Apr/2025:15:19:50 +0200] "GET /Jurek/equalo/feeds/equalo_aliex.xml HTTP/1.0" 200 98018 "-" "-"
89.161.206.59 - - [15/Apr/2025:15:19:50 +0200] "GET /Jurek/newtechele/feeds/newtechele_aliex.xml HTTP/1.0" 200 2438724 "-" "-"
89.161.206.59 - - [15/Apr/2025:15:19:50 +0200] "GET /Jurek/nonabox/feeds/nonabox_aliex.xml HTTP/1.0" 200 33874 "-" "-"
89.161.206.59 - - [15/Apr/2025:15:19:50 +0200] "GET /Jurek/amzteam/feeds/amzteam_aliex.xml HTTP/1.0" 200 97912 "-" "-"
51.77.52.107 - - [15/Apr/2025:15:19:52 +0200] "GET /Jurek/eurofirany/images/468049/0.jpg HTTP/2.0" 200 72677 "-" "baselinker"
51.77.52.107 - - [15/Apr/2025:15:19:59 +0200] "GET /Jurek/eurofirany/images/468050/0.jpg HTTP/2.0" 200 131973 "-" "baselinker"
51.77.52.107 - - [15/Apr/2025:15:20:27 +0200] "GET /Jurek/eurofirany/images/468050/0.jpg HTTP/2.0" 200 131973 "-" "baselinker"
51.77.52.107 - - [15/Apr/2025:15:20:34 +0200] "GET /Jurek/eurofirany/images/468050/0.jpg HTTP/2.0" 200 131973 "-" "baselinker"
51.77.52.107 - - [15/Apr/2025:15:20:41 +0200] "GET /Jurek/eurofirany/images/468051/0.jpg HTTP/2.0" 200 120961 "-" "baselinker"
40.77.167.17 - - [15/Apr/2025:15:20:49 +0200] "GET /Jurek/topeshop/downloaded_images/5902838464359_KUBABIURKOBRY%C5%81KABIELBOKZM.jpg HTTP/2.0" 404 3551 "-" "Mozilla/5.0 AppleWebKit/537.36 (KHTML, like Gecko; compatible; bingbot/2.0; +http://www.bing.com/bingbot.htm) Chrome/116.0.1938.76 Safari/537.36"
51.77.52.107 - - [15/Apr/2025:15:20:53 +0200] "GET /Jurek/eurofirany/images/468051/0.jpg HTTP/2.0" 200 120961 "-" "baselinker"
51.77.52.107 - - [15/Apr/2025:15:21:13 +0200] "GET /Jurek/eurofirany/images/468051/0.jpg HTTP/2.0" 200 120961 "-" "baselinker"
89.161.206.59 - - [15/Apr/2025:15:21:20 +0200] "GET /Jurek/sportprise/feeds/sportprise_skroutz.xml HTTP/1.0" 200 11782234 "-" "-"
51.77.52.107 - - [15/Apr/2025:15:21:26 +0200] "GET /Jurek/eurofirany/images/468052/0.jpg HTTP/2.0" 200 109008 "-" "baselinker"
46.101.116.244 - - [15/Apr/2025:15:21:35 +0200] "GET /Jurek/vivaldi/feeds/vivaldi_kauflandsk.xml HTTP/2.0" 200 344655 "-" "-"
89.161.206.59 - - [15/Apr/2025:15:21:42 +0200] "GET /Jurek/winoszarnia/feeds/winoszarnia_skroutz.xml HTTP/1.0" 200 6064692 "-" "-"
51.77.52.107 - - [15/Apr/2025:15:21:45 +0200] "GET /Jurek/eurofirany/images/468052/0.jpg HTTP/2.0" 200 109008 "-" "baselinker"
46.101.116.244 - - [15/Apr/2025:15:21:54 +0200] "GET /Jurek/vidaSK/feeds/vida_kaufland.xml HTTP/2.0" 200 645177350 "-" "-"
193.33.8.61 - maria [15/Apr/2025:15:21:54 +0200] "GET /Filip/janshop_orders/exports/shumee_2025-04-15_15.txt HTTP/2.0" 200 2751 "https://dkkapusta1997.usermd.net/Filip/janshop_orders/exports/" "Mozilla/5.0 (Windows NT 10.0; Win64; x64) AppleWebKit/537.36 (KHTML, like Gecko) Chrome/135.0.0.0 Safari/537.36"
85.232.241.194 - - [15/Apr/2025:15:22:02 +0200] "GET /Jurek/action/feeds/action_ubaldi.xml HTTP/1.1" 200 60204263 "-" "Python-urllib/3.11"
85.232.241.194 - - [15/Apr/2025:15:22:05 +0200] "GET /Jurek/hurtownia_przemyslowa/feeds/hp_ubaldi.xml HTTP/1.1" 200 49362548 "-" "Python-urllib/3.11"
51.77.52.107 - - [15/Apr/2025:15:22:05 +0200] "GET /Jurek/eurofirany/images/468052/0.jpg HTTP/2.0" 200 109008 "-" "baselinker"
85.232.241.194 - - [15/Apr/2025:15:22:06 +0200] "GET /Jurek/aw/feeds/aw_ubaldi.xml HTTP/1.1" 200 90551140 "-" "Python-urllib/3.11"
85.232.241.194 - - [15/Apr/2025:15:22:07 +0200] "GET /Jurek/intsell/feeds/intsell_rue.xml HTTP/1.1" 200 342006453 "-" "Python-urllib/3.11"
85.232.241.194 - - [15/Apr/2025:15:22:08 +0200] "GET /Jurek/ekuchcikowo/feeds/ekuchcikowo_rue.xml HTTP/1.1" 200 12471004 "-" "Python-urllib/3.11"
85.232.241.194 - - [15/Apr/2025:15:22:08 +0200] "GET /Jurek/coppotech/feeds/coppotech_ubaldi.xml HTTP/1.1" 200 38049237 "-" "Python-urllib/3.11"
51.77.52.107 - - [15/Apr/2025:15:22:10 +0200] "GET /Jurek/eurofirany/images/468053/0.jpg HTTP/2.0" 200 138141 "-" "baselinker"
85.232.241.194 - - [15/Apr/2025:15:22:10 +0200] "GET /Jurek/naszedzieci/feeds/naszedzieci_ubaldi.xml HTTP/1.1" 200 833168061 "-" "Python-urllib/3.11"
85.232.241.194 - - [15/Apr/2025:15:22:10 +0200] "GET /Jurek/kidshop/feeds/kidshop_ubaldi.xml HTTP/1.1" 200 19850637 "-" "Python-urllib/3.11"
85.232.241.194 - - [15/Apr/2025:15:22:10 +0200] "GET /Jurek/kobi/feeds/kobi_ubaldi.xml HTTP/1.1" 200 1993233 "-" "Python-urllib/3.11"
85.232.241.194 - - [15/Apr/2025:15:22:11 +0200] "GET /Jurek/najtanszysport/feeds/najtanszysport_ubaldi.xml HTTP/1.1" 200 3983252 "-" "Python-urllib/3.11"
85.232.241.194 - - [15/Apr/2025:15:22:11 +0200] "GET /Jurek/polzoo/feeds/polzoo_ubaldi.xml HTTP/1.1" 200 48122322 "-" "Python-urllib/3.11"
85.232.241.194 - - [15/Apr/2025:15:22:11 +0200] "GET /Jurek/luxma/feeds/luxma_ubaldi.xml HTTP/1.1" 200 8058589 "-" "Python-urllib/3.11"
85.232.241.194 - - [15/Apr/2025:15:22:11 +0200] "GET /Jurek/kristronik/feeds/kristronik_ubaldi.xml HTTP/1.1" 200 691972 "-" "Python-urllib/3.11"
85.232.241.194 - - [15/Apr/2025:15:22:11 +0200] "GET /Jurek/rider/feeds/rider_ubaldi.xml HTTP/1.1" 200 8165211 "-" "Python-urllib/3.11"
85.232.241.194 - - [15/Apr/2025:15:22:11 +0200] "GET /Jurek/broers/feeds/broers_ubaldi.xml HTTP/1.1" 200 1982617 "-" "Python-urllib/3.11"
85.232.241.194 - - [15/Apr/2025:15:22:11 +0200] "GET /Jurek/straganbiur/feeds/straganbiur_ubaldi.xml HTTP/1.1" 200 8892921 "-" "Python-urllib/3.11"
85.232.241.194 - - [15/Apr/2025:15:22:12 +0200] "GET /Jurek/b3/feeds/b3_ubaldi.xml HTTP/1.1" 200 8017817 "-" "Python-urllib/3.11"
85.232.241.194 - - [15/Apr/2025:15:22:12 +0200] "GET /Jurek/kinghoff/feeds/kinghoff_ubaldi.xml HTTP/1.1" 200 15489945 "-" "Python-urllib/3.11"
85.232.241.194 - - [15/Apr/2025:15:22:12 +0200] "GET /Jurek/topeshop/feeds/topeshop_ubaldi.xml HTTP/1.1" 200 2660817 "-" "Python-urllib/3.11"
85.232.241.194 - - [15/Apr/2025:15:22:12 +0200] "GET /Jurek/sempler/feeds/sempler_ubaldi.xml HTTP/1.1" 200 6787992 "-" "Python-urllib/3.11"
85.232.241.194 - - [15/Apr/2025:15:22:12 +0200] "GET /Jurek/asortymenteu/feeds/asortymenteu_ubaldi.xml HTTP/1.1" 200 2764483 "-" "Python-urllib/3.11"
85.232.241.194 - - [15/Apr/2025:15:22:12 +0200] "GET /Jurek/hlo/feeds/hlo_ubaldi.xml HTTP/1.1" 200 4837703 "-" "Python-urllib/3.11"
85.232.241.194 - - [15/Apr/2025:15:22:12 +0200] "GET /Jurek/elavia/feeds/elavia_ubaldi.xml HTTP/1.1" 200 2497274 "-" "Python-urllib/3.11"
85.232.241.194 - - [15/Apr/2025:15:22:12 +0200] "GET /Jurek/cdata/feeds/cdata_ubaldi.xml HTTP/1.1" 200 1445146 "-" "Python-urllib/3.11"
85.232.241.194 - - [15/Apr/2025:15:22:12 +0200] "GET /Jurek/cenoman/feeds/cenoman_ubaldi.xml HTTP/1.1" 200 5993207 "-" "Python-urllib/3.11"
85.232.241.194 - - [15/Apr/2025:15:22:13 +0200] "GET /Jurek/kamar/feeds/kamar_ubaldi.xml HTTP/1.1" 200 25550051 "-" "Python-urllib/3.11"
85.232.241.194 - - [15/Apr/2025:15:22:13 +0200] "GET /Jurek/avenido/feeds/avenido_ubaldi.xml HTTP/1.1" 200 720082 "-" "Python-urllib/3.11"
85.232.241.194 - - [15/Apr/2025:15:22:13 +0200] "GET /Jurek/zenex/feeds/zenex_ubaldi.xml HTTP/1.1" 200 540178 "-" "Python-urllib/3.11"
85.232.241.194 - - [15/Apr/2025:15:22:13 +0200] "GET /Jurek/makow/feeds/makow_ubaldi.xml HTTP/1.1" 200 21203823 "-" "Python-urllib/3.11"
85.232.241.194 - - [15/Apr/2025:15:22:14 +0200] "GET /Jurek/apresto/feeds/apresto_ubaldi.xml HTTP/1.1" 200 1327669 "-" "Python-urllib/3.11"
85.232.241.194 - - [15/Apr/2025:15:22:14 +0200] "GET /Jurek/carbonyway/feeds/carbonyway_ubaldi.xml HTTP/1.1" 200 3076040 "-" "Python-urllib/3.11"
85.232.241.194 - - [15/Apr/2025:15:22:14 +0200] "GET /Jurek/awparts/feeds/awparts_ubaldi.xml HTTP/1.1" 200 142302826 "-" "Python-urllib/3.11"
85.232.241.194 - - [15/Apr/2025:15:22:14 +0200] "GET /Jurek/kalama/feeds/kalama_ubaldi.xml HTTP/1.1" 200 2661790 "-" "Python-urllib/3.11"
85.232.241.194 - - [15/Apr/2025:15:22:14 +0200] "GET /Jurek/bloomglow/feeds/bloomglow_ubaldi.xml HTTP/1.1" 200 14095502 "-" "Python-urllib/3.11"
85.232.241.194 - - [15/Apr/2025:15:22:15 +0200] "GET /Jurek/zbimatyja/feeds/zbimatyja_ubaldi.xml HTTP/1.1" 200 11670190 "-" "Python-urllib/3.11"
3.74.7.74 - - [15/Apr/2025:15:22:27 +0200] "GET /Jurek/topeshop/downloaded_images/5904507204303_2.png HTTP/2.0" 200 739705 "-" "Mozilla/5.0 (Windows NT 10.0; Win64; x64) AppleWebKit/537.36 (KHTML, like Gecko) Chrome/109.0.0.0 Safari/537.36"
51.77.52.107 - - [15/Apr/2025:15:22:29 +0200] "GET /Jurek/eurofirany/images/468053/0.jpg HTTP/2.0" 200 138141 "-" "baselinker"
51.77.52.107 - - [15/Apr/2025:15:22:35 +0200] "GET /Jurek/eurofirany/images/468053/0.jpg HTTP/2.0" 200 138141 "-" "baselinker"
46.101.116.244 - - [15/Apr/2025:15:22:45 +0200] "GET /Jurek/madrex/feeds/madrex_kauflandde.xml HTTP/2.0" 200 466693 "-" "-"
46.101.116.244 - - [15/Apr/2025:15:22:56 +0200] "GET /Jurek/hurtmeblowy/feeds/hurtmeblowy_kauflandde.xml HTTP/2.0" 200 7523628 "-" "-"
193.33.8.61 - maria [15/Apr/2025:15:22:56 +0200] "GET /Filip/janshop_orders/exports/extra_2025-04-15_15.txt HTTP/2.0" 200 2050 "https://dkkapusta1997.usermd.net/Filip/janshop_orders/exports/" "Mozilla/5.0 (Windows NT 10.0; Win64; x64) AppleWebKit/537.36 (KHTML, like Gecko) Chrome/135.0.0.0 Safari/537.36"
51.77.52.107 - - [15/Apr/2025:15:23:03 +0200] "GET /Jurek/eurofirany/images/468054/0.jpg HTTP/2.0" 200 91297 "-" "baselinker"
51.77.52.107 - - [15/Apr/2025:15:23:09 +0200] "GET /Jurek/eurofirany/images/468054/0.jpg HTTP/2.0" 200 91297 "-" "baselinker"
51.77.52.107 - - [15/Apr/2025:15:23:14 +0200] "GET /Jurek/eurofirany/images/468054/0.jpg HTTP/2.0" 200 91297 "-" "baselinker"
46.101.116.244 - - [15/Apr/2025:15:23:15 +0200] "GET /Jurek/kobi/feeds/kobi_kauflandde.xml HTTP/2.0" 200 943005 "-" "-"
51.77.52.107 - - [15/Apr/2025:15:23:21 +0200] "GET /Jurek/eurofirany/images/423209/0.jpg HTTP/2.0" 200 0 "-" "baselinker"
51.77.52.107 - - [15/Apr/2025:15:23:25 +0200] "GET /Jurek/eurofirany/images/423209/0.jpg HTTP/2.0" 200 0 "-" "baselinker"
46.101.116.244 - - [15/Apr/2025:15:23:26 +0200] "GET /Jurek/matkam/feeds/matkam_kauflandde.xml HTTP/2.0" 200 4425477 "-" "-"
51.77.52.107 - - [15/Apr/2025:15:23:32 +0200] "GET /Jurek/eurofirany/images/423209/0.jpg HTTP/2.0" 200 0 "-" "baselinker"
46.101.116.244 - - [15/Apr/2025:15:23:37 +0200] "GET /Jurek/action/feeds/action_kauflandde.xml HTTP/2.0" 200 60200884 "-" "-"
51.77.52.107 - - [15/Apr/2025:15:23:39 +0200] "GET /Jurek/eurofirany/images/423211/0.jpg HTTP/2.0" 200 0 "-" "baselinker"
51.77.52.107 - - [15/Apr/2025:15:23:44 +0200] "GET /Jurek/eurofirany/images/423211/0.jpg HTTP/2.0" 200 0 "-" "baselinker"
51.77.52.107 - - [15/Apr/2025:15:23:53 +0200] "GET /Jurek/eurofirany/images/423211/0.jpg HTTP/2.0" 200 0 "-" "baselinker"
51.77.52.107 - - [15/Apr/2025:15:24:03 +0200] "GET /Jurek/eurofirany/images/423213/0.jpg HTTP/2.0" 200 0 "-" "baselinker"
85.232.241.194 - - [15/Apr/2025:15:24:03 +0200] "GET /Jurek/aw/feeds/aw_worten.xml HTTP/1.1" 200 90548943 "-" "Python-urllib/3.11"
85.232.241.194 - - [15/Apr/2025:15:24:03 +0200] "GET /Jurek/aw/feeds/aw_wortenES.xml HTTP/1.1" 200 90548838 "-" "Python-urllib/3.11"
85.232.241.194 - - [15/Apr/2025:15:24:04 +0200] "GET /Jurek/action/feeds/action_worten.xml HTTP/1.1" 200 60204802 "-" "Python-urllib/3.11"
85.232.241.194 - - [15/Apr/2025:15:24:04 +0200] "GET /Jurek/action/feeds/action_wortenES.xml HTTP/1.1" 200 60205102 "-" "Python-urllib/3.11"
51.77.52.107 - - [15/Apr/2025:15:24:06 +0200] "GET /Jurek/eurofirany/images/423213/0.jpg HTTP/2.0" 200 0 "-" "baselinker"
51.77.52.107 - - [15/Apr/2025:15:24:11 +0200] "GET /Jurek/eurofirany/images/423213/0.jpg HTTP/2.0" 200 0 "-" "baselinker"
51.77.52.107 - - [15/Apr/2025:15:24:16 +0200] "GET /Jurek/eurofirany/images/423214/0.jpg HTTP/2.0" 200 0 "-" "baselinker"
51.77.52.107 - - [15/Apr/2025:15:24:20 +0200] "GET /Jurek/eurofirany/images/423214/0.jpg HTTP/2.0" 200 0 "-" "baselinker"
85.232.241.194 - - [15/Apr/2025:15:24:22 +0200] "GET /Jurek/octopia/feeds/octopia_worten.xml HTTP/1.1" 200 10105104 "-" "Python-urllib/3.11"
85.232.241.194 - - [15/Apr/2025:15:24:22 +0200] "GET /Jurek/octopia/feeds/octopia_wortenES.xml HTTP/1.1" 200 10105092 "-" "Python-urllib/3.11"
85.232.241.194 - - [15/Apr/2025:15:24:22 +0200] "GET /Jurek/hurtownia_przemyslowa/feeds/hp_worten.xml HTTP/1.1" 200 49362722 "-" "Python-urllib/3.11"
85.232.241.194 - - [15/Apr/2025:15:24:23 +0200] "GET /Jurek/hurtownia_przemyslowa/feeds/hp_wortenES.xml HTTP/1.1" 200 49362965 "-" "Python-urllib/3.11"
51.77.52.107 - - [15/Apr/2025:15:24:27 +0200] "GET /Jurek/eurofirany/images/423214/0.jpg HTTP/2.0" 200 0 "-" "baselinker"
85.232.241.194 - - [15/Apr/2025:15:24:28 +0200] "GET /Jurek/ikonka/feeds/ikonka_worten.xml HTTP/1.1" 200 22208826 "-" "Python-urllib/3.11"
85.232.241.194 - - [15/Apr/2025:15:24:28 +0200] "GET /Jurek/ikonka/feeds/ikonka_wortenES.xml HTTP/1.1" 200 22208909 "-" "Python-urllib/3.11"
85.232.241.194 - - [15/Apr/2025:15:24:32 +0200] "GET /Jurek/eroplace/feeds/eroplace_worten.xml HTTP/1.1" 200 52135003 "-" "Python-urllib/3.11"
85.232.241.194 - - [15/Apr/2025:15:24:32 +0200] "GET /Jurek/eroplace/feeds/eroplace_wortenES.xml HTTP/1.1" 200 52134917 "-" "Python-urllib/3.11"
85.232.241.194 - - [15/Apr/2025:15:24:33 +0200] "GET /Jurek/intsell/feeds/intsell_worten.xml HTTP/1.1" 200 342006831 "-" "Python-urllib/3.11"
85.232.241.194 - - [15/Apr/2025:15:24:34 +0200] "GET /Jurek/intsell/feeds/intsell_wortenES.xml HTTP/1.1" 200 342006211 "-" "Python-urllib/3.11"
85.232.241.194 - - [15/Apr/2025:15:24:35 +0200] "GET /Jurek/coppotech/feeds/coppotech_worten.xml HTTP/1.1" 200 38049164 "-" "Python-urllib/3.11"
85.232.241.194 - - [15/Apr/2025:15:24:35 +0200] "GET /Jurek/coppotech/feeds/coppotech_wortenES.xml HTTP/1.1" 200 38049468 "-" "Python-urllib/3.11"
85.232.241.194 - - [15/Apr/2025:15:24:36 +0200] "GET /Jurek/b3/feeds/b3_worten.xml HTTP/1.1" 200 8017704 "-" "Python-urllib/3.11"
85.232.241.194 - - [15/Apr/2025:15:24:36 +0200] "GET /Jurek/b3/feeds/b3_wortenES.xml HTTP/1.1" 200 8017744 "-" "Python-urllib/3.11"
85.232.241.194 - - [15/Apr/2025:15:24:36 +0200] "GET /Jurek/ekuchcikowo/feeds/ekuchcikowo_worten.xml HTTP/1.1" 200 12471101 "-" "Python-urllib/3.11"
85.232.241.194 - - [15/Apr/2025:15:24:36 +0200] "GET /Jurek/ekuchcikowo/feeds/ekuchcikowo_wortenES.xml HTTP/1.1" 200 12471111 "-" "Python-urllib/3.11"
85.232.241.194 - - [15/Apr/2025:15:24:36 +0200] "GET /Jurek/fertone/feeds/fertone_worten.xml HTTP/1.1" 200 576499 "-" "Python-urllib/3.11"
85.232.241.194 - - [15/Apr/2025:15:24:36 +0200] "GET /Jurek/fertone/feeds/fertone_wortenES.xml HTTP/1.1" 200 576508 "-" "Python-urllib/3.11"
85.232.241.194 - - [15/Apr/2025:15:24:36 +0200] "GET /Jurek/sempler/feeds/sempler_worten.xml HTTP/1.1" 200 6787982 "-" "Python-urllib/3.11"
51.77.52.107 - - [15/Apr/2025:15:24:36 +0200] "GET /Jurek/eurofirany/images/436657/0.jpg HTTP/2.0" 200 116979 "-" "baselinker"
85.232.241.194 - - [15/Apr/2025:15:24:36 +0200] "GET /Jurek/sempler/feeds/sempler_wortenES.xml HTTP/1.1" 200 6788016 "-" "Python-urllib/3.11"
85.232.241.194 - - [15/Apr/2025:15:24:37 +0200] "GET /Jurek/euroshop/feeds/euroshop_worten.xml HTTP/1.1" 200 20025458 "-" "Python-urllib/3.11"
85.232.241.194 - - [15/Apr/2025:15:24:37 +0200] "GET /Jurek/euroshop/feeds/euroshop_wortenES.xml HTTP/1.1" 200 20025453 "-" "Python-urllib/3.11"
85.232.241.194 - - [15/Apr/2025:15:24:37 +0200] "GET /Jurek/ekolight/feeds/ekolight_worten.xml HTTP/1.1" 200 9052840 "-" "Python-urllib/3.11"
85.232.241.194 - - [15/Apr/2025:15:24:37 +0200] "GET /Jurek/ekolight/feeds/ekolight_wortenES.xml HTTP/1.1" 200 9052777 "-" "Python-urllib/3.11"
85.232.241.194 - - [15/Apr/2025:15:24:37 +0200] "GET /Jurek/erohurtownia/feeds/erohurtownia_worten.xml HTTP/1.1" 200 22845314 "-" "Python-urllib/3.11"
85.232.241.194 - - [15/Apr/2025:15:24:37 +0200] "GET /Jurek/erohurtownia/feeds/erohurtownia_wortenES.xml HTTP/1.1" 200 22845431 "-" "Python-urllib/3.11"
85.232.241.194 - - [15/Apr/2025:15:24:37 +0200] "GET /Jurek/kobi/feeds/kobi_worten.xml HTTP/1.1" 200 1993230 "-" "Python-urllib/3.11"
85.232.241.194 - - [15/Apr/2025:15:24:37 +0200] "GET /Jurek/kobi/feeds/kobi_wortenES.xml HTTP/1.1" 200 1993214 "-" "Python-urllib/3.11"
85.232.241.194 - - [15/Apr/2025:15:24:38 +0200] "GET /Jurek/elecomp/feeds/elecomp_worten.xml HTTP/1.1" 200 2867771 "-" "Python-urllib/3.11"
85.232.241.194 - - [15/Apr/2025:15:24:38 +0200] "GET /Jurek/elecomp/feeds/elecomp_wortenES.xml HTTP/1.1" 200 2867774 "-" "Python-urllib/3.11"
85.232.241.194 - - [15/Apr/2025:15:24:38 +0200] "GET /Jurek/kambukka/feeds/kambukka_worten.xml HTTP/1.1" 200 1021397 "-" "Python-urllib/3.11"
85.232.241.194 - - [15/Apr/2025:15:24:38 +0200] "GET /Jurek/kambukka/feeds/kambukka_wortenES.xml HTTP/1.1" 200 1021406 "-" "Python-urllib/3.11"
85.232.241.194 - - [15/Apr/2025:15:24:38 +0200] "GET /Jurek/waks/feeds/waks_worten.xml HTTP/1.1" 200 1596552 "-" "Python-urllib/3.11"
85.232.241.194 - - [15/Apr/2025:15:24:38 +0200] "GET /Jurek/waks/feeds/waks_wortenES.xml HTTP/1.1" 200 1596552 "-" "Python-urllib/3.11"
85.232.241.194 - - [15/Apr/2025:15:24:38 +0200] "GET /Jurek/oromed/feeds/oromed_worten.xml HTTP/1.1" 200 1081804 "-" "Python-urllib/3.11"
85.232.241.194 - - [15/Apr/2025:15:24:38 +0200] "GET /Jurek/oromed/feeds/oromed_wortenES.xml HTTP/1.1" 200 1081780 "-" "Python-urllib/3.11"
85.232.241.194 - - [15/Apr/2025:15:24:38 +0200] "GET /Jurek/benetech/feeds/benetech_worten.xml HTTP/1.1" 200 4165323 "-" "Python-urllib/3.11"
85.232.241.194 - - [15/Apr/2025:15:24:39 +0200] "GET /Jurek/benetech/feeds/benetech_wortenES.xml HTTP/1.1" 200 4165314 "-" "Python-urllib/3.11"
85.232.241.194 - - [15/Apr/2025:15:24:39 +0200] "GET /Jurek/spali/feeds/spali_worten.xml HTTP/1.1" 200 77055 "-" "Python-urllib/3.11"
85.232.241.194 - - [15/Apr/2025:15:24:39 +0200] "GET /Jurek/spali/feeds/spali_wortenES.xml HTTP/1.1" 200 77056 "-" "Python-urllib/3.11"
85.232.241.194 - - [15/Apr/2025:15:24:39 +0200] "GET /Jurek/najtanszysport/feeds/najtanszysport_worten.xml HTTP/1.1" 200 3983103 "-" "Python-urllib/3.11"
85.232.241.194 - - [15/Apr/2025:15:24:39 +0200] "GET /Jurek/najtanszysport/feeds/najtanszysport_wortenES.xml HTTP/1.1" 200 3983169 "-" "Python-urllib/3.11"
85.232.241.194 - - [15/Apr/2025:15:24:39 +0200] "GET /Jurek/maksik/feeds/maksik_worten.xml HTTP/1.1" 200 4084734 "-" "Python-urllib/3.11"
85.232.241.194 - - [15/Apr/2025:15:24:39 +0200] "GET /Jurek/maksik/feeds/maksik_wortenES.xml HTTP/1.1" 200 4084784 "-" "Python-urllib/3.11"
85.232.241.194 - - [15/Apr/2025:15:24:39 +0200] "GET /Jurek/urwiskowo/feeds/urwiskowo_worten.xml HTTP/1.1" 200 9115013 "-" "Python-urllib/3.11"
85.232.241.194 - - [15/Apr/2025:15:24:40 +0200] "GET /Jurek/urwiskowo/feeds/urwiskowo_wortenES.xml HTTP/1.1" 200 9114989 "-" "Python-urllib/3.11"
85.232.241.194 - - [15/Apr/2025:15:24:40 +0200] "GET /Jurek/combine/feeds/combine_worten.xml HTTP/1.1" 200 210553 "-" "Python-urllib/3.11"
85.232.241.194 - - [15/Apr/2025:15:24:40 +0200] "GET /Jurek/combine/feeds/combine_wortenES.xml HTTP/1.1" 200 210552 "-" "Python-urllib/3.11"
89.161.206.59 - - [15/Apr/2025:15:24:41 +0200] "GET /Jurek/takapara/feeds/takapara_skroutz.xml HTTP/1.0" 200 1341919 "-" "-"
89.161.206.59 - - [15/Apr/2025:15:24:42 +0200] "GET /Jurek/carbonyway/feeds/carbonyway_skroutz.xml HTTP/1.0" 200 3075978 "-" "-"
85.232.241.194 - - [15/Apr/2025:15:24:42 +0200] "GET /Jurek/eurofirany/feeds/eurofirany_worten.xml HTTP/1.1" 200 19094074 "-" "Python-urllib/3.11"
85.232.241.194 - - [15/Apr/2025:15:24:42 +0200] "GET /Jurek/eurofirany/feeds/eurofirany_wortenES.xml HTTP/1.1" 200 19094017 "-" "Python-urllib/3.11"
89.161.206.59 - - [15/Apr/2025:15:24:42 +0200] "GET /Jurek/filmal/feeds/filmal_skroutz.xml HTTP/1.0" 200 139279 "-" "-"
85.232.241.194 - - [15/Apr/2025:15:24:44 +0200] "GET /Jurek/kidshop/feeds/kidshop_worten.xml HTTP/1.1" 200 19850620 "-" "Python-urllib/3.11"
85.232.241.194 - - [15/Apr/2025:15:24:44 +0200] "GET /Jurek/kidshop/feeds/kidshop_wortenES.xml HTTP/1.1" 200 19850677 "-" "Python-urllib/3.11"
85.232.241.194 - - [15/Apr/2025:15:24:44 +0200] "GET /Jurek/rider/feeds/rider_worten.xml HTTP/1.1" 200 8165191 "-" "Python-urllib/3.11"
85.232.241.194 - - [15/Apr/2025:15:24:44 +0200] "GET /Jurek/rider/feeds/rider_wortenES.xml HTTP/1.1" 200 8165237 "-" "Python-urllib/3.11"
89.161.206.59 - - [15/Apr/2025:15:24:44 +0200] "GET /Jurek/jakdroz/feeds/jakdroz_skroutz.xml HTTP/1.0" 200 4090111 "-" "-"
51.77.52.107 - - [15/Apr/2025:15:24:44 +0200] "GET /Jurek/eurofirany/images/436657/0.jpg HTTP/2.0" 200 116979 "-" "baselinker"
89.161.206.59 - - [15/Apr/2025:15:24:44 +0200] "GET /Jurek/jakdroz/feeds/jakdroz_skroutz.xml HTTP/1.0" 200 4090111 "-" "-"
89.161.206.59 - - [15/Apr/2025:15:24:45 +0200] "GET /Jurek/riko/feeds/riko_skr.xml HTTP/1.0" 200 3785138 "-" "-"
51.77.52.107 - - [15/Apr/2025:15:24:47 +0200] "GET /Jurek/eurofirany/images/436657/0.jpg HTTP/2.0" 200 116979 "-" "baselinker"
85.232.241.194 - - [15/Apr/2025:15:24:49 +0200] "GET /Jurek/luxma/feeds/luxma_worten.xml HTTP/1.1" 200 8058615 "-" "Python-urllib/3.11"
85.232.241.194 - - [15/Apr/2025:15:24:49 +0200] "GET /Jurek/luxma/feeds/luxma_wortenES.xml HTTP/1.1" 200 8058582 "-" "Python-urllib/3.11"
85.232.241.194 - - [15/Apr/2025:15:24:51 +0200] "GET /Jurek/naszedzieci/feeds/naszedzieci_worten.xml HTTP/1.1" 200 833169214 "-" "Python-urllib/3.11"
85.232.241.194 - - [15/Apr/2025:15:24:54 +0200] "GET /Jurek/naszedzieci/feeds/naszedzieci_wortenES.xml HTTP/1.1" 200 833170182 "-" "Python-urllib/3.11"
85.232.241.194 - - [15/Apr/2025:15:24:55 +0200] "GET /Jurek/awparts/feeds/awparts_worten.xml HTTP/1.1" 200 142303772 "-" "Python-urllib/3.11"
85.232.241.194 - - [15/Apr/2025:15:24:55 +0200] "GET /Jurek/awparts/feeds/awparts_wortenES.xml HTTP/1.1" 200 142305069 "-" "Python-urllib/3.11"
85.232.241.194 - - [15/Apr/2025:15:24:56 +0200] "GET /Jurek/straganspoz/feeds/straganspoz_worten.xml HTTP/1.1" 200 9514173 "-" "Python-urllib/3.11"
85.232.241.194 - - [15/Apr/2025:15:24:56 +0200] "GET /Jurek/straganspoz/feeds/straganspoz_wortenES.xml HTTP/1.1" 200 9514405 "-" "Python-urllib/3.11"
85.232.241.194 - - [15/Apr/2025:15:24:56 +0200] "GET /Jurek/straganbiur/feeds/straganbiur_worten.xml HTTP/1.1" 200 8893085 "-" "Python-urllib/3.11"
85.232.241.194 - - [15/Apr/2025:15:24:56 +0200] "GET /Jurek/straganbiur/feeds/straganbiur_wortenES.xml HTTP/1.1" 200 8892966 "-" "Python-urllib/3.11"
85.232.241.194 - - [15/Apr/2025:15:24:56 +0200] "GET /Jurek/elavia/feeds/elavia_worten.xml HTTP/1.1" 200 2497263 "-" "Python-urllib/3.11"
85.232.241.194 - - [15/Apr/2025:15:24:56 +0200] "GET /Jurek/elavia/feeds/elavia_wortenES.xml HTTP/1.1" 200 2497272 "-" "Python-urllib/3.11"
85.232.241.194 - - [15/Apr/2025:15:24:59 +0200] "GET /Jurek/hanex/feeds/hanex_worten.xml HTTP/1.1" 200 13931573 "-" "Python-urllib/3.11"
85.232.241.194 - - [15/Apr/2025:15:24:59 +0200] "GET /Jurek/hanex/feeds/hanex_wortenES.xml HTTP/1.1" 200 13931577 "-" "Python-urllib/3.11"
85.232.241.194 - - [15/Apr/2025:15:24:59 +0200] "GET /Jurek/eurofryz2/feeds/eurofryz2_worten.xml HTTP/1.1" 200 1376809 "-" "Python-urllib/3.11"
85.232.241.194 - - [15/Apr/2025:15:24:59 +0200] "GET /Jurek/eurofryz2/feeds/eurofryz2_wortenES.xml HTTP/1.1" 200 1376821 "-" "Python-urllib/3.11"
85.232.241.194 - - [15/Apr/2025:15:25:00 +0200] "GET /Jurek/roger/feeds/roger_worten.xml HTTP/1.1" 200 1396527 "-" "Python-urllib/3.11"
85.232.241.194 - - [15/Apr/2025:15:25:01 +0200] "GET /Jurek/roger/feeds/roger_wortenES.xml HTTP/1.1" 200 1396553 "-" "Python-urllib/3.11"
85.232.241.194 - - [15/Apr/2025:15:25:01 +0200] "GET /Jurek/kinghoff/feeds/kinghoff_worten.xml HTTP/1.1" 200 15489975 "-" "Python-urllib/3.11"
85.232.241.194 - - [15/Apr/2025:15:25:01 +0200] "GET /Jurek/kinghoff/feeds/kinghoff_wortenES.xml HTTP/1.1" 200 15490130 "-" "Python-urllib/3.11"
85.232.241.194 - - [15/Apr/2025:15:25:02 +0200] "GET /Jurek/eldar/feeds/eldar_worten.xml HTTP/1.1" 200 7329805 "-" "Python-urllib/3.11"
85.232.241.194 - - [15/Apr/2025:15:25:02 +0200] "GET /Jurek/eldar/feeds/eldar_wortenES.xml HTTP/1.1" 200 7329675 "-" "Python-urllib/3.11"
85.232.241.194 - - [15/Apr/2025:15:25:02 +0200] "GET /Jurek/playcob/feeds/playcob_worten.xml HTTP/1.1" 200 6980167 "-" "Python-urllib/3.11"
51.77.52.107 - - [15/Apr/2025:15:25:02 +0200] "GET /Jurek/eurofirany/images/436658/0.jpg HTTP/2.0" 200 114058 "-" "baselinker"
85.232.241.194 - - [15/Apr/2025:15:25:02 +0200] "GET /Jurek/playcob/feeds/playcob_wortenES.xml HTTP/1.1" 200 6980231 "-" "Python-urllib/3.11"
85.232.241.194 - - [15/Apr/2025:15:25:03 +0200] "GET /Jurek/dropkz/feeds/dropkz_worten.xml HTTP/1.1" 200 70015212 "-" "Python-urllib/3.11"
85.232.241.194 - - [15/Apr/2025:15:25:03 +0200] "GET /Jurek/dropkz/feeds/dropkz_wortenES.xml HTTP/1.1" 200 70014927 "-" "Python-urllib/3.11"
89.161.206.59 - - [15/Apr/2025:15:25:03 +0200] "GET /Jurek/rosfix/feeds/rosfix_skroutz.xml HTTP/1.0" 200 34055584 "-" "-"
85.232.241.194 - - [15/Apr/2025:15:25:04 +0200] "GET /Jurek/kristronik/feeds/kristronik_worten.xml HTTP/1.1" 200 691977 "-" "Python-urllib/3.11"
85.232.241.194 - - [15/Apr/2025:15:25:04 +0200] "GET /Jurek/kristronik/feeds/kristronik_wortenES.xml HTTP/1.1" 200 691984 "-" "Python-urllib/3.11"
85.232.241.194 - - [15/Apr/2025:15:25:04 +0200] "GET /Jurek/beltimore/feeds/beltimore_worten.xml HTTP/1.1" 200 18651453 "-" "Python-urllib/3.11"
89.161.206.59 - - [15/Apr/2025:15:25:05 +0200] "GET /Jurek/tsjerzy/feeds/tsjerzy_skr.xml HTTP/1.0" 200 3897757 "-" "-"
85.232.241.194 - - [15/Apr/2025:15:25:05 +0200] "GET /Jurek/beltimore/feeds/beltimore_wortenES.xml HTTP/1.1" 200 18651672 "-" "Python-urllib/3.11"
85.232.241.194 - - [15/Apr/2025:15:25:05 +0200] "GET /Jurek/globaldeli/feeds/globaldeli_worten.xml HTTP/1.1" 200 2590906 "-" "Python-urllib/3.11"
85.232.241.194 - - [15/Apr/2025:15:25:05 +0200] "GET /Jurek/globaldeli/feeds/globaldeli_wortenES.xml HTTP/1.1" 200 2590048 "-" "Python-urllib/3.11"
89.161.206.59 - - [15/Apr/2025:15:25:05 +0200] "GET /Jurek/kalama/feeds/kalama_skr.xml HTTP/1.0" 200 2541451 "-" "-"
85.232.241.194 - - [15/Apr/2025:15:25:05 +0200] "GET /Jurek/eurofryz/feeds/eurofryz_worten.xml HTTP/1.1" 200 1381572 "-" "Python-urllib/3.11"
85.232.241.194 - - [15/Apr/2025:15:25:06 +0200] "GET /Jurek/eurofryz/feeds/eurofryz_wortenES.xml HTTP/1.1" 200 1381572 "-" "Python-urllib/3.11"
85.232.241.194 - - [15/Apr/2025:15:25:06 +0200] "GET /Jurek/eurofryz3/feeds/eurofryz3_worten.xml HTTP/1.1" 200 172223 "-" "Python-urllib/3.11"
85.232.241.194 - - [15/Apr/2025:15:25:06 +0200] "GET /Jurek/eurofryz3/feeds/eurofryz3_wortenES.xml HTTP/1.1" 200 172225 "-" "Python-urllib/3.11"
85.232.241.194 - - [15/Apr/2025:15:25:06 +0200] "GET /Jurek/oknobest/feeds/oknobest_worten.xml HTTP/1.1" 200 2707911 "-" "Python-urllib/3.11"
85.232.241.194 - - [15/Apr/2025:15:25:06 +0200] "GET /Jurek/oknobest/feeds/oknobest_wortenES.xml HTTP/1.1" 200 2707931 "-" "Python-urllib/3.11"
85.232.241.194 - - [15/Apr/2025:15:25:06 +0200] "GET /Jurek/eoptimo/feeds/eoptimo_worten.xml HTTP/1.1" 200 2094362 "-" "Python-urllib/3.11"
85.232.241.194 - - [15/Apr/2025:15:25:06 +0200] "GET /Jurek/eoptimo/feeds/eoptimo_wortenES.xml HTTP/1.1" 200 2094377 "-" "Python-urllib/3.11"
85.232.241.194 - - [15/Apr/2025:15:25:06 +0200] "GET /Jurek/sklep24amk/feeds/sklep24amk_worten.xml HTTP/1.1" 200 3894619 "-" "Python-urllib/3.11"
85.232.241.194 - - [15/Apr/2025:15:25:06 +0200] "GET /Jurek/sklep24amk/feeds/sklep24amk_wortenES.xml HTTP/1.1" 200 3894608 "-" "Python-urllib/3.11"
85.232.241.194 - - [15/Apr/2025:15:25:07 +0200] "GET /Jurek/hlo/feeds/hlo_worten.xml HTTP/1.1" 200 4838688 "-" "Python-urllib/3.11"
85.232.241.194 - - [15/Apr/2025:15:25:07 +0200] "GET /Jurek/hlo/feeds/hlo_wortenES.xml HTTP/1.1" 200 4838674 "-" "Python-urllib/3.11"
85.232.241.194 - - [15/Apr/2025:15:25:07 +0200] "GET /Jurek/sternhoff/feeds/sternhoff_worten.xml HTTP/1.1" 200 1775266 "-" "Python-urllib/3.11"
85.232.241.194 - - [15/Apr/2025:15:25:07 +0200] "GET /Jurek/sternhoff/feeds/sternhoff_wortenES.xml HTTP/1.1" 200 1775234 "-" "Python-urllib/3.11"
85.232.241.194 - - [15/Apr/2025:15:25:07 +0200] "GET /Jurek/alucon/feeds/alucon_worten.xml HTTP/1.1" 200 553578 "-" "Python-urllib/3.11"
85.232.241.194 - - [15/Apr/2025:15:25:07 +0200] "GET /Jurek/alucon/feeds/alucon_wortenES.xml HTTP/1.1" 200 553574 "-" "Python-urllib/3.11"
85.232.241.194 - - [15/Apr/2025:15:25:07 +0200] "GET /Jurek/galopi/feeds/galopi_worten.xml HTTP/1.1" 200 2111091 "-" "Python-urllib/3.11"
85.232.241.194 - - [15/Apr/2025:15:25:07 +0200] "GET /Jurek/galopi/feeds/galopi_wortenES.xml HTTP/1.1" 200 2111072 "-" "Python-urllib/3.11"
85.232.241.194 - - [15/Apr/2025:15:25:09 +0200] "GET /Jurek/jankeski/feeds/jankeski_worten.xml HTTP/1.1" 200 6571011 "-" "Python-urllib/3.11"
85.232.241.194 - - [15/Apr/2025:15:25:09 +0200] "GET /Jurek/jankeski/feeds/jankeski_wortenES.xml HTTP/1.1" 200 6571026 "-" "Python-urllib/3.11"
85.232.241.194 - - [15/Apr/2025:15:25:09 +0200] "GET /Jurek/purewear/feeds/purewear_worten.xml HTTP/1.1" 200 13350740 "-" "Python-urllib/3.11"
85.232.241.194 - - [15/Apr/2025:15:25:09 +0200] "GET /Jurek/purewear/feeds/purewear_wortenES.xml HTTP/1.1" 200 13351132 "-" "Python-urllib/3.11"
85.232.241.194 - - [15/Apr/2025:15:25:09 +0200] "GET /Jurek/sportprise/feeds/sportprise_worten.xml HTTP/1.1" 200 12725962 "-" "Python-urllib/3.11"
85.232.241.194 - - [15/Apr/2025:15:25:09 +0200] "GET /Jurek/sportprise/feeds/sportprise_wortenES.xml HTTP/1.1" 200 12725853 "-" "Python-urllib/3.11"
85.232.241.194 - - [15/Apr/2025:15:25:09 +0200] "GET /Jurek/zbimatyja/feeds/zbimatyja_worten.xml HTTP/1.1" 200 11670261 "-" "Python-urllib/3.11"
85.232.241.194 - - [15/Apr/2025:15:25:10 +0200] "GET /Jurek/zbimatyja/feeds/zbimatyja_wortenES.xml HTTP/1.1" 200 11670286 "-" "Python-urllib/3.11"
85.232.241.194 - - [15/Apr/2025:15:25:10 +0200] "GET /Jurek/broers/feeds/broers_worten.xml HTTP/1.1" 200 1982595 "-" "Python-urllib/3.11"
85.232.241.194 - - [15/Apr/2025:15:25:10 +0200] "GET /Jurek/broers/feeds/broers_wortenES.xml HTTP/1.1" 200 1982652 "-" "Python-urllib/3.11"
85.232.241.194 - - [15/Apr/2025:15:25:10 +0200] "GET /Jurek/polzoo/feeds/polzoo_worten.xml HTTP/1.1" 200 48122468 "-" "Python-urllib/3.11"
85.232.241.194 - - [15/Apr/2025:15:25:10 +0200] "GET /Jurek/polzoo/feeds/polzoo_wortenES.xml HTTP/1.1" 200 48122507 "-" "Python-urllib/3.11"
85.232.241.194 - - [15/Apr/2025:15:25:11 +0200] "GET /Jurek/cdata/feeds/cdata_worten.xml HTTP/1.1" 200 1445165 "-" "Python-urllib/3.11"
85.232.241.194 - - [15/Apr/2025:15:25:11 +0200] "GET /Jurek/cdata/feeds/cdata_wortenES.xml HTTP/1.1" 200 1445161 "-" "Python-urllib/3.11"
85.232.241.194 - - [15/Apr/2025:15:25:11 +0200] "GET /Jurek/asortymenteu/feeds/asortymenteu_worten.xml HTTP/1.1" 200 2764538 "-" "Python-urllib/3.11"
85.232.241.194 - - [15/Apr/2025:15:25:11 +0200] "GET /Jurek/cdata/feeds/cdata_wortenES.xml HTTP/1.1" 200 1445161 "-" "Python-urllib/3.11"
85.232.241.194 - - [15/Apr/2025:15:25:11 +0200] "GET /Jurek/newtechele/feeds/newtechele_worten.xml HTTP/1.1" 200 2438528 "-" "Python-urllib/3.11"
85.232.241.194 - - [15/Apr/2025:15:25:11 +0200] "GET /Jurek/newtechele/feeds/newtechele_wortenES.xml HTTP/1.1" 200 2438530 "-" "Python-urllib/3.11"
85.232.241.194 - - [15/Apr/2025:15:25:11 +0200] "GET /Jurek/omi/feeds/omi_worten.xml HTTP/1.1" 200 8105560 "-" "Python-urllib/3.11"
85.232.241.194 - - [15/Apr/2025:15:25:11 +0200] "GET /Jurek/omi/feeds/omi_wortenES.xml HTTP/1.1" 200 8105457 "-" "Python-urllib/3.11"
85.232.241.194 - - [15/Apr/2025:15:25:11 +0200] "GET /Jurek/cenoman/feeds/cenoman_worten.xml HTTP/1.1" 200 5993193 "-" "Python-urllib/3.11"
