77.79.248.229 - - [14/Apr/2025:13:36:11 +0200] "GET /Jurek/stema/feeds/stema_cdon_se.xml HTTP/1.1" 200 852402 "-" "python-requests/2.32.3"
77.79.248.229 - - [14/Apr/2025:13:36:11 +0200] "GET /Jurek/stema/feeds/stema_cdon_dk.xml HTTP/1.1" 200 852294 "-" "python-requests/2.32.3"
77.79.248.229 - - [14/Apr/2025:13:36:11 +0200] "GET /Jurek/stema/feeds/stema_cdon_fi.xml HTTP/1.1" 200 852000 "-" "python-requests/2.32.3"
89.161.206.59 - - [14/Apr/2025:13:36:12 +0200] "GET /Jurek/german/feeds/german_skroutz.xml HTTP/1.0" 200 2449537 "-" "-"
89.161.206.59 - - [14/Apr/2025:13:36:13 +0200] "GET /Jurek/madrex/feeds/madrex_skroutz.xml HTTP/1.0" 200 466716 "-" "-"
77.79.248.229 - - [14/Apr/2025:13:36:13 +0200] "GET /Jurek/aw/feeds/awnarzedzia_cdon_se.xml HTTP/1.1" 200 90636964 "-" "python-requests/2.32.3"
77.79.248.229 - - [14/Apr/2025:13:36:14 +0200] "GET /Jurek/aw/feeds/awnarzedzia_cdon_dk.xml HTTP/1.1" 200 90633088 "-" "python-requests/2.32.3"
51.77.52.107 - - [14/Apr/2025:13:36:15 +0200] "GET /Jurek/eurofirany/images/448514/0.jpg HTTP/2.0" 200 136571 "-" "baselinker"
77.79.248.229 - - [14/Apr/2025:13:36:15 +0200] "GET /Jurek/aw/feeds/awnarzedzia_cdon_fi.xml HTTP/1.1" 200 90548944 "-" "python-requests/2.32.3"
89.161.206.59 - - [14/Apr/2025:13:36:15 +0200] "GET /Jurek/purewear/feeds/purewear_skroutz.xml HTTP/1.0" 200 13350672 "-" "-"
77.79.248.229 - - [14/Apr/2025:13:36:16 +0200] "GET /Jurek/hurtownia_przemyslowa/feeds/hp_cdon_se.xml HTTP/1.1" 200 49377443 "-" "python-requests/2.32.3"
89.161.206.59 - - [14/Apr/2025:13:36:16 +0200] "GET /Jurek/gandalf/feeds/gandalf_skr.xml HTTP/1.0" 200 1082284 "-" "-"
77.79.248.229 - - [14/Apr/2025:13:36:16 +0200] "GET /Jurek/hurtownia_przemyslowa/feeds/hp_cdon_dk.xml HTTP/1.1" 200 49376286 "-" "python-requests/2.32.3"
77.79.248.229 - - [14/Apr/2025:13:36:17 +0200] "GET /Jurek/hurtownia_przemyslowa/feeds/hp_cdon_fi.xml HTTP/1.1" 200 49363151 "-" "python-requests/2.32.3"
77.79.248.229 - - [14/Apr/2025:13:36:20 +0200] "GET /Jurek/ikonka/feeds/ikonka_cdon_se.xml HTTP/1.1" 200 22188803 "-" "python-requests/2.32.3"
77.79.248.229 - - [14/Apr/2025:13:36:20 +0200] "GET /Jurek/ikonka/feeds/ikonka_cdon_dk.xml HTTP/1.1" 200 22188763 "-" "python-requests/2.32.3"
77.79.248.229 - - [14/Apr/2025:13:36:21 +0200] "GET /Jurek/ikonka/feeds/ikonka_cdon_fi.xml HTTP/1.1" 200 22186572 "-" "python-requests/2.32.3"
77.79.248.229 - - [14/Apr/2025:13:36:21 +0200] "GET /Jurek/fernity/feeds/fernity_cdon_fi.xml HTTP/1.1" 200 4796716 "-" "python-requests/2.32.3"
77.79.248.229 - - [14/Apr/2025:13:36:21 +0200] "GET /Jurek/fernity/feeds/fernity_cdon_se.xml HTTP/1.1" 200 4799908 "-" "python-requests/2.32.3"
77.79.248.229 - - [14/Apr/2025:13:36:21 +0200] "GET /Jurek/fernity/feeds/fernity_cdon_dk.xml HTTP/1.1" 200 4799469 "-" "python-requests/2.32.3"
51.77.52.107 - - [14/Apr/2025:13:36:21 +0200] "GET /Jurek/eurofirany/images/448514/0.jpg HTTP/2.0" 200 136571 "-" "baselinker"
77.79.248.229 - - [14/Apr/2025:13:36:22 +0200] "GET /Jurek/activeshop/feeds/activeshop_cdon_se.xml HTTP/1.1" 200 10448666 "-" "python-requests/2.32.3"
77.79.248.229 - - [14/Apr/2025:13:36:22 +0200] "GET /Jurek/activeshop/feeds/activeshop_cdon_dk.xml HTTP/1.1" 200 10448273 "-" "python-requests/2.32.3"
77.79.248.229 - - [14/Apr/2025:13:36:22 +0200] "GET /Jurek/activeshop/feeds/activeshop_cdon_fi.xml HTTP/1.1" 200 10444956 "-" "python-requests/2.32.3"
77.79.248.229 - - [14/Apr/2025:13:36:26 +0200] "GET /Jurek/barbecook/feeds/barbecook_cdon_se.xml HTTP/1.1" 200 87595 "-" "python-requests/2.32.3"
77.79.248.229 - - [14/Apr/2025:13:36:26 +0200] "GET /Jurek/barbecook/feeds/barbecook_cdon_dk.xml HTTP/1.1" 200 87590 "-" "python-requests/2.32.3"
77.79.248.229 - - [14/Apr/2025:13:36:26 +0200] "GET /Jurek/barbecook/feeds/barbecook_cdon_fi.xml HTTP/1.1" 200 87531 "-" "python-requests/2.32.3"
77.79.248.229 - - [14/Apr/2025:13:36:28 +0200] "GET /Jurek/action/feeds/action_cdon_se.xml HTTP/1.1" 200 60238695 "-" "python-requests/2.32.3"
77.79.248.229 - - [14/Apr/2025:13:36:28 +0200] "GET /Jurek/action/feeds/action_cdon_dk.xml HTTP/1.1" 200 60233141 "-" "python-requests/2.32.3"
77.79.248.229 - - [14/Apr/2025:13:36:29 +0200] "GET /Jurek/action/feeds/action_cdon_fi.xml HTTP/1.1" 200 60206617 "-" "python-requests/2.32.3"
51.77.52.107 - - [14/Apr/2025:13:36:29 +0200] "GET /Jurek/eurofirany/images/448515/0.jpg HTTP/2.0" 200 136571 "-" "baselinker"
77.79.248.229 - - [14/Apr/2025:13:36:30 +0200] "GET /Jurek/kinghoff/feeds/kinghoff_cdon_se.xml HTTP/1.1" 200 15491907 "-" "python-requests/2.32.3"
77.79.248.229 - - [14/Apr/2025:13:36:30 +0200] "GET /Jurek/kinghoff/feeds/kinghoff_cdon_dk.xml HTTP/1.1" 200 15491822 "-" "python-requests/2.32.3"
77.79.248.229 - - [14/Apr/2025:13:36:30 +0200] "GET /Jurek/kinghoff/feeds/kinghoff_cdon_fi.xml HTTP/1.1" 200 15489409 "-" "python-requests/2.32.3"
193.33.8.61 - - [14/Apr/2025:13:36:45 +0200] "GET /Jurek/bass/output.txt HTTP/2.0" 200 11320 "https://konsola.dkkapusta1997.usermd.net/" "Mozilla/5.0 (Windows NT 10.0; Win64; x64) AppleWebKit/537.36 (KHTML, like Gecko) Chrome/135.0.0.0 Safari/537.36"
51.77.52.107 - - [14/Apr/2025:13:36:49 +0200] "GET /Jurek/eurofirany/images/448515/0.jpg HTTP/2.0" 200 136571 "-" "baselinker"
51.77.52.107 - - [14/Apr/2025:13:37:16 +0200] "GET /Jurek/eurofirany/images/448515/0.jpg HTTP/2.0" 200 136571 "-" "baselinker"
34.72.247.156 - - [14/Apr/2025:13:37:17 +0200] "GET /Jurek/topeshop/downloaded_images/5904507201951_20st_1.jpg HTTP/1.1" 404 3551 "-" "Mozilla/5.0 (X11; Linux x86_64) AppleWebKit/537.36 (KHTML, like Gecko) Chrome/110.0.0.0 Safari/537.36"
34.133.239.145 - - [14/Apr/2025:13:37:20 +0200] "GET /Jurek/topeshop/downloaded_images/5904507201951_20st_1.jpg HTTP/1.1" 404 3551 "-" "Mozilla/5.0 (X11; Linux x86_64) AppleWebKit/537.36 (KHTML, like Gecko) Chrome/110.0.0.0 Safari/537.36"
51.77.52.107 - - [14/Apr/2025:13:37:22 +0200] "GET /Jurek/eurofirany/images/429741/0.jpg HTTP/2.0" 200 44593 "-" "baselinker"
34.72.247.156 - - [14/Apr/2025:13:37:25 +0200] "GET /Jurek/topeshop/downloaded_images/5904507201951_20st_1.jpg HTTP/1.1" 404 3551 "-" "Mozilla/5.0 (X11; Linux x86_64) AppleWebKit/537.36 (KHTML, like Gecko) Chrome/110.0.0.0 Safari/537.36"
152.44.103.98 - - [14/Apr/2025:13:37:33 +0200] "GET /Jurek/topeshop/downloaded_images/5904507201951_20st_1.jpg HTTP/2.0" 404 3551 "-" "Mozilla/5.0 (X11; Linux x86_64) AppleWebKit/537.36 (KHTML, like Gecko) Chrome/110.0.0.0 Safari/537.36"
89.161.206.59 - - [14/Apr/2025:13:37:33 +0200] "GET /Jurek/takapara/feeds/takapara_emagro.xml HTTP/1.0" 200 1342690 "-" "-"
51.77.52.107 - - [14/Apr/2025:13:37:38 +0200] "GET /Jurek/eurofirany/images/429741/0.jpg HTTP/2.0" 200 44593 "-" "baselinker"
51.77.52.107 - - [14/Apr/2025:13:37:44 +0200] "GET /Jurek/eurofirany/images/429741/0.jpg HTTP/2.0" 200 44593 "-" "baselinker"
34.133.239.145 - - [14/Apr/2025:13:37:47 +0200] "GET /Jurek/topeshop/downloaded_images/5904507201951_3.jpg HTTP/1.1" 404 3551 "-" "Mozilla/5.0 (X11; Linux x86_64) AppleWebKit/537.36 (KHTML, like Gecko) Chrome/110.0.0.0 Safari/537.36"
51.77.52.107 - - [14/Apr/2025:13:37:49 +0200] "GET /Jurek/eurofirany/images/429743/0.jpg HTTP/2.0" 200 44593 "-" "baselinker"
45.39.255.231 - - [14/Apr/2025:13:37:55 +0200] "GET /Jurek/topeshop/downloaded_images/5904507201951_3.jpg HTTP/2.0" 404 3551 "-" "Mozilla/5.0 (X11; Linux x86_64) AppleWebKit/537.36 (KHTML, like Gecko) Chrome/110.0.0.0 Safari/537.36"
45.39.255.231 - - [14/Apr/2025:13:38:04 +0200] "GET /Jurek/topeshop/downloaded_images/5904507201951_3.jpg HTTP/2.0" 404 3551 "-" "Mozilla/5.0 (X11; Linux x86_64) AppleWebKit/537.36 (KHTML, like Gecko) Chrome/110.0.0.0 Safari/537.36"
51.77.52.107 - - [14/Apr/2025:13:38:04 +0200] "GET /Jurek/eurofirany/images/429743/0.jpg HTTP/2.0" 200 44593 "-" "baselinker"
77.79.248.229 - - [14/Apr/2025:13:38:07 +0200] "GET /Jurek/vidaSI/feeds/vidaSI_bigbang.xml HTTP/1.1" 200 622439108 "-" "Python-urllib/3.11"
77.79.248.229 - - [14/Apr/2025:13:38:08 +0200] "GET /Jurek/aw/feeds/awnarzedzia_bigbang.xml HTTP/1.1" 200 90523133 "-" "Python-urllib/3.11"
77.79.248.229 - - [14/Apr/2025:13:38:08 +0200] "GET /Jurek/hurtownia_przemyslowa/feeds/hp_bigbang.xml HTTP/1.1" 200 49360224 "-" "Python-urllib/3.11"
77.79.248.229 - - [14/Apr/2025:13:38:10 +0200] "GET /Jurek/action/feeds/action_bigbang.xml HTTP/1.1" 200 60201732 "-" "Python-urllib/3.11"
51.77.52.107 - - [14/Apr/2025:13:38:10 +0200] "GET /Jurek/eurofirany/images/429743/0.jpg HTTP/2.0" 200 44593 "-" "baselinker"
77.79.248.229 - - [14/Apr/2025:13:38:11 +0200] "GET /Jurek/ikonka/feeds/ikonka_bigbang.xml HTTP/1.1" 200 22186522 "-" "Python-urllib/3.11"
77.79.248.229 - - [14/Apr/2025:13:38:11 +0200] "GET /Jurek/bass/feeds/bass_bigbang.xml HTTP/1.1" 200 3984375 "-" "Python-urllib/3.11"
77.79.248.229 - - [14/Apr/2025:13:38:12 +0200] "GET /Jurek/kinghoff/feeds/kinghoff_bigbang.xml HTTP/1.1" 200 15489245 "-" "Python-urllib/3.11"
77.79.248.229 - - [14/Apr/2025:13:38:13 +0200] "GET /Jurek/activeshop/feeds/activeshop_bigbang.xml HTTP/1.1" 200 10444995 "-" "Python-urllib/3.11"
77.79.248.229 - - [14/Apr/2025:13:38:13 +0200] "GET /Jurek/octopia/feeds/octopia_bigbang.xml HTTP/1.1" 200 5658808 "-" "Python-urllib/3.11"
77.79.248.229 - - [14/Apr/2025:13:38:13 +0200] "GET /Jurek/topeshop/feeds/topeshop_bigbang.xml HTTP/1.1" 200 2633082 "-" "Python-urllib/3.11"
77.79.248.229 - - [14/Apr/2025:13:38:14 +0200] "GET /Jurek/b3/feeds/b3_bigbang.xml HTTP/1.1" 200 8029624 "-" "Python-urllib/3.11"
77.79.248.229 - - [14/Apr/2025:13:38:14 +0200] "GET /Jurek/asortymenteu/feeds/asortymenteu_bigbang.xml HTTP/1.1" 200 2764562 "-" "Python-urllib/3.11"
77.79.248.229 - - [14/Apr/2025:13:38:14 +0200] "GET /Jurek/eroplace/feeds/eroplace_bigbang.xml HTTP/1.1" 200 52134849 "-" "Python-urllib/3.11"
51.77.52.107 - - [14/Apr/2025:13:38:16 +0200] "GET /Jurek/eurofirany/images/429748/0.jpg HTTP/2.0" 200 35952 "-" "baselinker"
66.249.64.166 - - [14/Apr/2025:13:38:18 +0200] "GET /Jurek/eurofirany/images/371523/10.jpg HTTP/1.1" 200 178126 "-" "Googlebot-Image/1.0"
77.79.248.229 - - [14/Apr/2025:13:38:18 +0200] "GET /Jurek/intsell/feeds/intsell_bigbang.xml HTTP/1.1" 200 342004869 "-" "Python-urllib/3.11"
77.79.248.229 - - [14/Apr/2025:13:38:18 +0200] "GET /Jurek/coppotech/feeds/coppotech_bigbang.xml HTTP/1.1" 200 38048772 "-" "Python-urllib/3.11"
77.79.248.229 - - [14/Apr/2025:13:38:18 +0200] "GET /Jurek/stema/feeds/stema_bigbang.xml HTTP/1.1" 200 851868 "-" "Python-urllib/3.11"
77.79.248.229 - - [14/Apr/2025:13:38:19 +0200] "GET /Jurek/sempler/feeds/sempler_bigbang.xml HTTP/1.1" 200 6787936 "-" "Python-urllib/3.11"
77.79.248.229 - - [14/Apr/2025:13:38:19 +0200] "GET /Jurek/benetech/feeds/benetech_bigbang.xml HTTP/1.1" 200 4165290 "-" "Python-urllib/3.11"
77.79.248.229 - - [14/Apr/2025:13:38:19 +0200] "GET /Jurek/ekuchcikowo/feeds/ekuchcikowo_bigbang.xml HTTP/1.1" 200 12470961 "-" "Python-urllib/3.11"
77.79.248.229 - - [14/Apr/2025:13:38:19 +0200] "GET /Jurek/erohurtownia/feeds/erohurtownia_bigbang.xml HTTP/1.1" 200 22846260 "-" "Python-urllib/3.11"
77.79.248.229 - - [14/Apr/2025:13:38:28 +0200] "GET /Jurek/naszedzieci/feeds/naszedzieci_bigbang.xml HTTP/1.1" 200 833165824 "-" "Python-urllib/3.11"
77.79.248.229 - - [14/Apr/2025:13:38:30 +0200] "GET /Jurek/awparts/feeds/awparts_bigbang.xml HTTP/1.1" 200 142300402 "-" "Python-urllib/3.11"
77.79.248.229 - - [14/Apr/2025:13:38:30 +0200] "GET /Jurek/najtanszysport/feeds/najtanszysport_bigbang.xml HTTP/1.1" 200 3983127 "-" "Python-urllib/3.11"
77.79.248.229 - - [14/Apr/2025:13:38:30 +0200] "GET /Jurek/aiofactory/feeds/aiofactory_bigbang.xml HTTP/1.1" 200 2123799 "-" "Python-urllib/3.11"
77.79.248.229 - - [14/Apr/2025:13:38:30 +0200] "GET /Jurek/playcob/feeds/playcob_bigbang.xml HTTP/1.1" 200 6980098 "-" "Python-urllib/3.11"
77.79.248.229 - - [14/Apr/2025:13:38:30 +0200] "GET /Jurek/kidshop/feeds/kidshop_bigbang.xml HTTP/1.1" 200 19845640 "-" "Python-urllib/3.11"
77.79.248.229 - - [14/Apr/2025:13:38:30 +0200] "GET /Jurek/elavia/feeds/elavia_bigbang.xml HTTP/1.1" 200 2497269 "-" "Python-urllib/3.11"
77.79.248.229 - - [14/Apr/2025:13:38:31 +0200] "GET /Jurek/straganbiur/feeds/straganbiur_bigbang.xml HTTP/1.1" 200 8892855 "-" "Python-urllib/3.11"
77.79.248.229 - - [14/Apr/2025:13:38:31 +0200] "GET /Jurek/kobi/feeds/kobi_bigbang.xml HTTP/1.1" 200 1993236 "-" "Python-urllib/3.11"
77.79.248.229 - - [14/Apr/2025:13:38:31 +0200] "GET /Jurek/hanex/feeds/hanex_bigbang.xml HTTP/1.1" 200 13931538 "-" "Python-urllib/3.11"
77.79.248.229 - - [14/Apr/2025:13:38:31 +0200] "GET /Jurek/elecomp/feeds/elecomp_bigbang.xml HTTP/1.1" 200 2867762 "-" "Python-urllib/3.11"
77.79.248.229 - - [14/Apr/2025:13:38:31 +0200] "GET /Jurek/roger/feeds/roger_bigbang.xml HTTP/1.1" 200 1396580 "-" "Python-urllib/3.11"
89.161.206.59 - - [14/Apr/2025:13:38:31 +0200] "GET /Jurek/artdog/feeds/artdog_emagro.xml HTTP/1.0" 200 17165178 "-" "-"
77.79.248.229 - - [14/Apr/2025:13:38:31 +0200] "GET /Jurek/kristronik/feeds/kristronik_bigbang.xml HTTP/1.1" 200 691975 "-" "Python-urllib/3.11"
77.79.248.229 - - [14/Apr/2025:13:38:32 +0200] "GET /Jurek/oknobest/feeds/oknobest_bigbang.xml HTTP/1.1" 200 2707896 "-" "Python-urllib/3.11"
77.79.248.229 - - [14/Apr/2025:13:38:32 +0200] "GET /Jurek/globaldeli/feeds/globaldeli_bigbang.xml HTTP/1.1" 200 2590049 "-" "Python-urllib/3.11"
77.79.248.229 - - [14/Apr/2025:13:38:32 +0200] "GET /Jurek/rider/feeds/rider_bigbang.xml HTTP/1.1" 200 8165185 "-" "Python-urllib/3.11"
77.79.248.229 - - [14/Apr/2025:13:38:32 +0200] "GET /Jurek/cenoman/feeds/cenoman_bigbang.xml HTTP/1.1" 200 5993171 "-" "Python-urllib/3.11"
77.79.248.229 - - [14/Apr/2025:13:38:32 +0200] "GET /Jurek/luxma/feeds/luxma_bigbang.xml HTTP/1.1" 200 8058580 "-" "Python-urllib/3.11"
77.79.248.229 - - [14/Apr/2025:13:38:32 +0200] "GET /Jurek/zbimatyja/feeds/zbimatyja_bigbang.xml HTTP/1.1" 200 11670088 "-" "Python-urllib/3.11"
77.79.248.229 - - [14/Apr/2025:13:38:32 +0200] "GET /Jurek/smxdesign/feeds/smxdesign_bigbang.xml HTTP/1.1" 200 1829037 "-" "Python-urllib/3.11"
89.161.206.59 - - [14/Apr/2025:13:38:32 +0200] "GET /Jurek/fertes/feeds/fertes_emagro.xml HTTP/1.0" 200 2362244 "-" "-"
89.161.206.59 - - [14/Apr/2025:13:38:33 +0200] "GET /Jurek/carbonyway/feeds/carbonyway_emagro.xml HTTP/1.0" 200 3076313 "-" "-"
77.79.248.229 - - [14/Apr/2025:13:38:33 +0200] "GET /Jurek/rosfix/feeds/rosfix_bigbang.xml HTTP/1.1" 200 35769644 "-" "Python-urllib/3.11"
77.79.248.229 - - [14/Apr/2025:13:38:34 +0200] "GET /Jurek/dropkz/feeds/dropkz_bigbang.xml HTTP/1.1" 200 70013905 "-" "Python-urllib/3.11"
77.79.248.229 - - [14/Apr/2025:13:38:34 +0200] "GET /Jurek/pawonik/feeds/pawonik_bigbang.xml HTTP/1.1" 200 2138355 "-" "Python-urllib/3.11"
77.79.248.229 - - [14/Apr/2025:13:38:34 +0200] "GET /Jurek/spali/feeds/spali_bigbang.xml HTTP/1.1" 200 77055 "-" "Python-urllib/3.11"
77.79.248.229 - - [14/Apr/2025:13:38:34 +0200] "GET /Jurek/newtechele/feeds/newtechele_bigbang.xml HTTP/1.1" 200 2438455 "-" "Python-urllib/3.11"
77.79.248.229 - - [14/Apr/2025:13:38:34 +0200] "GET /Jurek/maksik/feeds/maksik_bigbang.xml HTTP/1.1" 200 4084770 "-" "Python-urllib/3.11"
77.79.248.229 - - [14/Apr/2025:13:38:34 +0200] "GET /Jurek/beltimore/feeds/beltimore_bigbang.xml HTTP/1.1" 200 18651522 "-" "Python-urllib/3.11"
77.79.248.229 - - [14/Apr/2025:13:38:34 +0200] "GET /Jurek/matkam/feeds/matkam_bigbang.xml HTTP/1.1" 200 5000590 "-" "Python-urllib/3.11"
77.79.248.229 - - [14/Apr/2025:13:38:35 +0200] "GET /Jurek/rovato/feeds/rovato_bigbang.xml HTTP/1.1" 200 180834 "-" "Python-urllib/3.11"
77.79.248.229 - - [14/Apr/2025:13:38:35 +0200] "GET /Jurek/eurofryz/feeds/eurofryz_bigbang.xml HTTP/1.1" 200 1381551 "-" "Python-urllib/3.11"
77.79.248.229 - - [14/Apr/2025:13:38:35 +0200] "GET /Jurek/alucon/feeds/alucon_bigbang.xml HTTP/1.1" 200 553577 "-" "Python-urllib/3.11"
77.79.248.229 - - [14/Apr/2025:13:38:35 +0200] "GET /Jurek/omi/feeds/omi_bigbang.xml HTTP/1.1" 200 8105368 "-" "Python-urllib/3.11"
77.79.248.229 - - [14/Apr/2025:13:38:35 +0200] "GET /Jurek/kamar/feeds/kamar_bigbang.xml HTTP/1.1" 200 25549973 "-" "Python-urllib/3.11"
77.79.248.229 - - [14/Apr/2025:13:38:35 +0200] "GET /Jurek/beautycare/feeds/beautycare_bigbang.xml HTTP/1.1" 200 1181297 "-" "Python-urllib/3.11"
77.79.248.229 - - [14/Apr/2025:13:38:35 +0200] "GET /Jurek/avenido/feeds/avenido_bigbang.xml HTTP/1.1" 200 720080 "-" "Python-urllib/3.11"
77.79.248.229 - - [14/Apr/2025:13:38:35 +0200] "GET /Jurek/zenex/feeds/zenex_bigbang.xml HTTP/1.1" 200 540139 "-" "Python-urllib/3.11"
77.79.248.229 - - [14/Apr/2025:13:38:35 +0200] "GET /Jurek/fertes/feeds/fertes_bigbang.xml HTTP/1.1" 200 2361775 "-" "Python-urllib/3.11"
77.79.248.229 - - [14/Apr/2025:13:38:36 +0200] "GET /Jurek/makow/feeds/makow_bigbang.xml HTTP/1.1" 200 21203686 "-" "Python-urllib/3.11"
77.79.248.229 - - [14/Apr/2025:13:38:36 +0200] "GET /Jurek/sternhoff/feeds/sternhoff_bigbang.xml HTTP/1.1" 200 1775217 "-" "Python-urllib/3.11"
77.79.248.229 - - [14/Apr/2025:13:38:36 +0200] "GET /Jurek/kalama/feeds/kalama_bigbang.xml HTTP/1.1" 200 2661720 "-" "Python-urllib/3.11"
77.79.248.229 - - [14/Apr/2025:13:38:36 +0200] "GET /Jurek/polzoo/feeds/polzoo_bigbang.xml HTTP/1.1" 200 48121804 "-" "Python-urllib/3.11"
77.79.248.229 - - [14/Apr/2025:13:38:37 +0200] "GET /Jurek/straganspoz/feeds/straganspoz_bigbang.xml HTTP/1.1" 200 9514255 "-" "Python-urllib/3.11"
77.79.248.229 - - [14/Apr/2025:13:38:37 +0200] "GET /Jurek/apresto/feeds/apresto_bigbang.xml HTTP/1.1" 200 1327610 "-" "Python-urllib/3.11"
77.79.248.229 - - [14/Apr/2025:13:38:37 +0200] "GET /Jurek/fertone/feeds/fertone_bigbang.xml HTTP/1.1" 200 576471 "-" "Python-urllib/3.11"
77.79.248.229 - - [14/Apr/2025:13:38:37 +0200] "GET /Jurek/fernity/feeds/fernity_bigbang.xml HTTP/1.1" 200 4796793 "-" "Python-urllib/3.11"
77.79.248.229 - - [14/Apr/2025:13:38:37 +0200] "GET /Jurek/jankeski/feeds/jankeski_bigbang.xml HTTP/1.1" 200 6570938 "-" "Python-urllib/3.11"
77.79.248.229 - - [14/Apr/2025:13:38:37 +0200] "GET /Jurek/bloomglow/feeds/bloomglow_bigbang.xml HTTP/1.1" 200 14094936 "-" "Python-urllib/3.11"
51.77.52.107 - - [14/Apr/2025:13:38:45 +0200] "GET /Jurek/eurofirany/images/429748/0.jpg HTTP/2.0" 200 35952 "-" "baselinker"
77.79.248.229 - - [14/Apr/2025:13:38:46 +0200] "GET /Jurek/galopi/feeds/galopi_bigbang.xml HTTP/1.1" 200 2111093 "-" "Python-urllib/3.11"
77.79.248.229 - - [14/Apr/2025:13:38:46 +0200] "GET /Jurek/stiv/feeds/stiv_bigbang.xml HTTP/1.1" 200 2056792 "-" "Python-urllib/3.11"
77.79.248.229 - - [14/Apr/2025:13:38:46 +0200] "GET /Jurek/hurtmeblowy/feeds/hurtmeblowy_bigbang.xml HTTP/1.1" 200 8495425 "-" "Python-urllib/3.11"
51.77.52.107 - - [14/Apr/2025:13:38:52 +0200] "GET /Jurek/eurofirany/images/429748/0.jpg HTTP/2.0" 200 35952 "-" "baselinker"
46.101.116.244 - - [14/Apr/2025:13:38:52 +0200] "GET /Jurek/unimet/feeds/unimet_mallsish.xml HTTP/2.0" 200 60475563 "-" "-"
51.77.52.107 - - [14/Apr/2025:13:39:06 +0200] "GET /Jurek/eurofirany/images/409414/0.jpg HTTP/2.0" 200 33 "-" "baselinker"
51.77.52.107 - - [14/Apr/2025:13:39:07 +0200] "GET /Jurek/eurofirany/images/409414/0.jpg HTTP/2.0" 200 33 "-" "baselinker"
51.77.52.107 - - [14/Apr/2025:13:39:08 +0200] "GET /Jurek/eurofirany/images/409414/0.jpg HTTP/2.0" 200 33 "-" "baselinker"
51.77.52.107 - - [14/Apr/2025:13:39:10 +0200] "GET /Jurek/eurofirany/images/409417/0.jpg HTTP/2.0" 200 33 "-" "baselinker"
51.77.52.107 - - [14/Apr/2025:13:39:11 +0200] "GET /Jurek/eurofirany/images/409417/0.jpg HTTP/2.0" 200 33 "-" "baselinker"
51.77.52.107 - - [14/Apr/2025:13:39:11 +0200] "GET /Jurek/eurofirany/images/409417/0.jpg HTTP/2.0" 200 33 "-" "baselinker"
51.77.52.107 - - [14/Apr/2025:13:39:13 +0200] "GET /Jurek/eurofirany/images/452246/0.jpg HTTP/2.0" 200 175270 "-" "baselinker"
51.77.52.107 - - [14/Apr/2025:13:39:36 +0200] "GET /Jurek/eurofirany/images/452246/0.jpg HTTP/2.0" 200 175270 "-" "baselinker"
51.77.52.107 - - [14/Apr/2025:13:39:52 +0200] "GET /Jurek/eurofirany/images/452246/0.jpg HTTP/2.0" 200 175270 "-" "baselinker"
51.77.52.107 - - [14/Apr/2025:13:39:59 +0200] "GET /Jurek/eurofirany/images/452247/0.jpg HTTP/2.0" 200 175270 "-" "baselinker"
51.77.52.107 - - [14/Apr/2025:13:40:16 +0200] "GET /Jurek/eurofirany/images/452247/0.jpg HTTP/2.0" 200 175270 "-" "baselinker"
77.79.248.229 - - [14/Apr/2025:13:40:17 +0200] "GET /Jurek/kinghoff/feeds/kinghoff_SkroutzGR.xml HTTP/1.1" 200 15489327 "-" "Python-urllib/3.11"
77.79.248.229 - - [14/Apr/2025:13:40:18 +0200] "GET /Jurek/aw/feeds/awnarzedzia_skroutz.xml HTTP/1.1" 200 90548328 "-" "Python-urllib/3.11"
77.79.248.229 - - [14/Apr/2025:13:40:19 +0200] "GET /Jurek/eurofirany/feeds/eurofirany_skroutz.xml HTTP/1.1" 200 19317883 "-" "Python-urllib/3.11"
77.79.248.229 - - [14/Apr/2025:13:40:20 +0200] "GET /Jurek/fernity/feeds/fernity_skroutz.xml HTTP/1.1" 200 4796965 "-" "Python-urllib/3.11"
51.77.52.107 - - [14/Apr/2025:13:40:30 +0200] "GET /Jurek/eurofirany/images/452247/0.jpg HTTP/2.0" 200 175270 "-" "baselinker"
46.101.116.244 - - [14/Apr/2025:13:40:33 +0200] "GET /Jurek/flhf/feeds/flhf_mallsish.xml HTTP/2.0" 404 3551 "-" "-"
51.77.52.107 - - [14/Apr/2025:13:40:42 +0200] "GET /Jurek/eurofirany/images/452718/0.jpg HTTP/2.0" 200 129243 "-" "baselinker"
51.77.52.107 - - [14/Apr/2025:13:40:47 +0200] "GET /Jurek/eurofirany/images/452718/0.jpg HTTP/2.0" 200 129243 "-" "baselinker"
66.249.64.166 - - [14/Apr/2025:13:40:47 +0200] "GET /Jurek/eurofirany/images/378441/6.jpg HTTP/1.1" 200 104546 "-" "Googlebot-Image/1.0"
89.161.206.59 - - [14/Apr/2025:13:41:00 +0200] "GET /Jurek/kinghoff/feeds/kinghoff_amazon_de.xml HTTP/1.0" 200 15489258 "-" "-"
89.161.206.59 - - [14/Apr/2025:13:41:01 +0200] "GET /Jurek/bass/feeds/bass_amazonde.xml HTTP/1.0" 200 3984378 "-" "-"
46.101.116.244 - - [14/Apr/2025:13:41:03 +0200] "GET /Jurek/vidaSI/feeds/vidaSI_mallsh.xml HTTP/2.0" 200 622466522 "-" "-"
51.77.52.107 - - [14/Apr/2025:13:41:03 +0200] "GET /Jurek/eurofirany/images/452718/0.jpg HTTP/2.0" 200 129243 "-" "baselinker"
51.77.52.107 - - [14/Apr/2025:13:41:24 +0200] "GET /Jurek/eurofirany/images/453516/0.jpg HTTP/2.0" 200 114510 "-" "baselinker"
193.33.8.61 - - [14/Apr/2025:13:41:29 +0200] "GET /Jurek/fernity/output.txt HTTP/2.0" 200 12601 "https://konsola.dkkapusta1997.usermd.net/" "Mozilla/5.0 (Windows NT 10.0; Win64; x64) AppleWebKit/537.36 (KHTML, like Gecko) Chrome/135.0.0.0 Safari/537.36"
51.77.52.107 - - [14/Apr/2025:13:41:44 +0200] "GET /Jurek/eurofirany/images/453516/0.jpg HTTP/2.0" 200 114510 "-" "baselinker"
51.77.52.107 - - [14/Apr/2025:13:42:00 +0200] "GET /Jurek/eurofirany/images/453516/0.jpg HTTP/2.0" 200 114510 "-" "baselinker"
51.77.52.107 - - [14/Apr/2025:13:42:11 +0200] "GET /Jurek/eurofirany/images/453517/0.jpg HTTP/2.0" 200 112113 "-" "baselinker"
51.77.52.107 - - [14/Apr/2025:13:42:26 +0200] "GET /Jurek/eurofirany/images/453517/0.jpg HTTP/2.0" 200 112113 "-" "baselinker"
89.161.206.59 - - [14/Apr/2025:13:42:29 +0200] "GET /Jurek/proadventure/feeds/proadventure_emag.xml HTTP/1.0" 200 10765406 "-" "-"
66.249.64.166 - - [14/Apr/2025:13:42:39 +0200] "GET /Jurek/topeshop/downloaded_images/5904507202002_BILBAO_4P_2_3.png HTTP/1.1" 200 1269265 "-" "Googlebot-Image/1.0"
51.77.52.107 - - [14/Apr/2025:13:42:44 +0200] "GET /Jurek/eurofirany/images/453517/0.jpg HTTP/2.0" 200 112113 "-" "baselinker"
51.77.52.107 - - [14/Apr/2025:13:43:06 +0200] "GET /Jurek/eurofirany/images/453519/0.jpg HTTP/2.0" 200 138944 "-" "baselinker"
51.77.52.107 - - [14/Apr/2025:13:43:21 +0200] "GET /Jurek/eurofirany/images/453519/0.jpg HTTP/2.0" 200 138944 "-" "baselinker"
51.77.52.107 - - [14/Apr/2025:13:43:38 +0200] "GET /Jurek/eurofirany/images/453519/0.jpg HTTP/2.0" 200 138944 "-" "baselinker"
66.249.64.166 - - [14/Apr/2025:13:43:43 +0200] "GET /Jurek/eurofirany/images/391117/6.jpg HTTP/1.1" 200 169774 "-" "Googlebot-Image/1.0"
51.77.52.107 - - [14/Apr/2025:13:43:55 +0200] "GET /Jurek/eurofirany/images/452236/0.jpg HTTP/2.0" 200 96600 "-" "baselinker"
51.77.52.107 - - [14/Apr/2025:13:44:11 +0200] "GET /Jurek/eurofirany/images/452236/0.jpg HTTP/2.0" 200 96600 "-" "baselinker"
51.77.52.107 - - [14/Apr/2025:13:44:26 +0200] "GET /Jurek/eurofirany/images/452236/0.jpg HTTP/2.0" 200 96600 "-" "baselinker"
51.77.52.107 - - [14/Apr/2025:13:44:42 +0200] "GET /Jurek/eurofirany/images/452237/0.jpg HTTP/2.0" 200 96600 "-" "baselinker"
51.77.52.107 - - [14/Apr/2025:13:44:47 +0200] "GET /Jurek/eurofirany/images/452237/0.jpg HTTP/2.0" 200 96600 "-" "baselinker"
51.77.52.107 - - [14/Apr/2025:13:45:09 +0200] "GET /Jurek/eurofirany/images/452237/0.jpg HTTP/2.0" 200 96600 "-" "baselinker"
51.77.52.107 - - [14/Apr/2025:13:45:29 +0200] "GET /Jurek/eurofirany/images/452238/0.jpg HTTP/2.0" 200 105368 "-" "baselinker"
51.77.52.107 - - [14/Apr/2025:13:45:35 +0200] "GET /Jurek/eurofirany/images/452238/0.jpg HTTP/2.0" 200 105368 "-" "baselinker"
51.77.52.107 - - [14/Apr/2025:13:45:40 +0200] "GET /Jurek/eurofirany/images/452238/0.jpg HTTP/2.0" 200 105368 "-" "baselinker"
51.77.52.107 - - [14/Apr/2025:13:45:47 +0200] "GET /Jurek/eurofirany/images/452239/0.jpg HTTP/2.0" 200 105368 "-" "baselinker"
51.77.52.107 - - [14/Apr/2025:13:46:05 +0200] "GET /Jurek/eurofirany/images/452239/0.jpg HTTP/2.0" 200 105368 "-" "baselinker"
51.77.52.107 - - [14/Apr/2025:13:46:27 +0200] "GET /Jurek/eurofirany/images/452239/0.jpg HTTP/2.0" 200 105368 "-" "baselinker"
51.77.52.107 - - [14/Apr/2025:13:46:33 +0200] "GET /Jurek/eurofirany/images/452240/0.jpg HTTP/2.0" 200 98109 "-" "baselinker"
51.77.52.107 - - [14/Apr/2025:13:46:55 +0200] "GET /Jurek/eurofirany/images/452240/0.jpg HTTP/2.0" 200 98109 "-" "baselinker"
51.77.52.107 - - [14/Apr/2025:13:47:13 +0200] "GET /Jurek/eurofirany/images/452240/0.jpg HTTP/2.0" 200 98109 "-" "baselinker"
51.77.52.107 - - [14/Apr/2025:13:47:25 +0200] "GET /Jurek/eurofirany/images/452241/0.jpg HTTP/2.0" 200 98109 "-" "baselinker"
51.77.52.107 - - [14/Apr/2025:13:47:42 +0200] "GET /Jurek/eurofirany/images/452241/0.jpg HTTP/2.0" 200 98109 "-" "baselinker"
193.33.8.61 - - [14/Apr/2025:13:47:56 +0200] "GET /Jurek/lerutrade/output.txt HTTP/2.0" 200 2427 "https://konsola.dkkapusta1997.usermd.net/" "Mozilla/5.0 (Windows NT 10.0; Win64; x64) AppleWebKit/537.36 (KHTML, like Gecko) Chrome/135.0.0.0 Safari/537.36"
51.77.52.107 - - [14/Apr/2025:13:47:58 +0200] "GET /Jurek/eurofirany/images/452241/0.jpg HTTP/2.0" 200 98109 "-" "baselinker"
51.77.52.107 - - [14/Apr/2025:13:48:14 +0200] "GET /Jurek/eurofirany/images/452242/0.jpg HTTP/2.0" 200 119998 "-" "baselinker"
51.77.52.107 - - [14/Apr/2025:13:48:30 +0200] "GET /Jurek/eurofirany/images/452242/0.jpg HTTP/2.0" 200 119998 "-" "baselinker"
51.77.52.107 - - [14/Apr/2025:13:48:46 +0200] "GET /Jurek/eurofirany/images/452242/0.jpg HTTP/2.0" 200 119998 "-" "baselinker"
51.77.52.107 - - [14/Apr/2025:13:49:03 +0200] "GET /Jurek/eurofirany/images/452243/0.jpg HTTP/2.0" 200 119998 "-" "baselinker"
51.77.52.107 - - [14/Apr/2025:13:49:21 +0200] "GET /Jurek/eurofirany/images/452243/0.jpg HTTP/2.0" 200 119998 "-" "baselinker"
51.77.52.107 - - [14/Apr/2025:13:49:43 +0200] "GET /Jurek/eurofirany/images/452243/0.jpg HTTP/2.0" 200 119998 "-" "baselinker"
51.77.52.107 - - [14/Apr/2025:13:50:01 +0200] "GET /Jurek/eurofirany/images/452244/0.jpg HTTP/2.0" 200 119982 "-" "baselinker"
51.77.52.107 - - [14/Apr/2025:13:50:16 +0200] "GET /Jurek/eurofirany/images/452244/0.jpg HTTP/2.0" 200 119982 "-" "baselinker"
51.77.52.107 - - [14/Apr/2025:13:50:32 +0200] "GET /Jurek/eurofirany/images/452244/0.jpg HTTP/2.0" 200 119982 "-" "baselinker"
51.77.52.107 - - [14/Apr/2025:13:51:01 +0200] "GET /Jurek/eurofirany/images/452245/0.jpg HTTP/2.0" 200 119982 "-" "baselinker"
66.249.64.165 - - [14/Apr/2025:13:51:18 +0200] "GET /Jurek/eurofirany/images/371523/3.jpg HTTP/1.1" 200 53628 "-" "Googlebot-Image/1.0"
51.77.52.107 - - [14/Apr/2025:13:51:20 +0200] "GET /Jurek/eurofirany/images/452245/0.jpg HTTP/2.0" 200 119982 "-" "baselinker"
51.77.52.107 - - [14/Apr/2025:13:51:39 +0200] "GET /Jurek/eurofirany/images/452245/0.jpg HTTP/2.0" 200 119982 "-" "baselinker"
51.77.52.107 - - [14/Apr/2025:13:51:45 +0200] "GET /Jurek/eurofirany/images/456567/0.jpg HTTP/2.0" 200 76751 "-" "baselinker"
51.77.52.107 - - [14/Apr/2025:13:52:03 +0200] "GET /Jurek/eurofirany/images/456567/0.jpg HTTP/2.0" 200 76751 "-" "baselinker"
51.77.52.107 - - [14/Apr/2025:13:52:21 +0200] "GET /Jurek/eurofirany/images/456567/0.jpg HTTP/2.0" 200 76751 "-" "baselinker"
66.249.64.167 - - [14/Apr/2025:13:52:23 +0200] "GET /Jurek/eurofirany/images/389939/7.jpg HTTP/1.1" 200 6595 "-" "Googlebot-Image/1.0"
51.77.52.107 - - [14/Apr/2025:13:52:40 +0200] "GET /Jurek/eurofirany/images/456420/0.jpg HTTP/2.0" 200 111742 "-" "baselinker"
51.77.52.107 - - [14/Apr/2025:13:52:56 +0200] "GET /Jurek/eurofirany/images/456420/0.jpg HTTP/2.0" 200 111742 "-" "baselinker"
46.101.116.244 - - [14/Apr/2025:13:52:57 +0200] "GET /Jurek/aw/feeds/aw_fnacfr.xml HTTP/1.0" 404 3551 "-" "-"
51.77.52.107 - - [14/Apr/2025:13:52:59 +0200] "GET /Jurek/eurofirany/images/456420/0.jpg HTTP/2.0" 200 111742 "-" "baselinker"
46.101.116.244 - - [14/Apr/2025:13:53:06 +0200] "GET /Jurek/hurtownia_przemyslowa/feeds/hp_fnacfr.xml HTTP/1.0" 200 49362479 "-" "-"
51.77.52.107 - - [14/Apr/2025:13:53:12 +0200] "GET /Jurek/eurofirany/images/459344/0.jpg HTTP/2.0" 200 79414 "-" "baselinker"
89.161.206.59 - - [14/Apr/2025:13:53:14 +0200] "GET /Jurek/sportprise/feeds/sportprise_cdsc.xml HTTP/1.0" 200 16750528 "-" "-"
89.161.206.59 - - [14/Apr/2025:13:53:15 +0200] "GET /Jurek/princelh/feeds/princelh_cdsc.xml HTTP/1.0" 200 123626 "-" "-"
89.161.206.59 - - [14/Apr/2025:13:53:15 +0200] "GET /Jurek/muminky/feeds/muminky_cdsc.xml HTTP/1.0" 200 2935888 "-" "-"
89.161.206.59 - - [14/Apr/2025:13:53:16 +0200] "GET /Jurek/nexus/feeds/nexus_cdsc.xml HTTP/1.0" 200 325924 "-" "-"
89.161.206.59 - - [14/Apr/2025:13:53:17 +0200] "GET /Jurek/tsjerzy/feeds/tsjerzy_cdsc.xml HTTP/1.0" 200 4383114 "-" "-"
89.161.206.59 - - [14/Apr/2025:13:53:18 +0200] "GET /Jurek/cenoman/feeds/cenoman_cdsc.xml HTTP/1.0" 200 4589280 "-" "-"
89.161.206.59 - - [14/Apr/2025:13:53:19 +0200] "GET /Jurek/amzteam/feeds/amzteam_cdsc.xml HTTP/1.0" 200 145387 "-" "-"
51.77.52.107 - - [14/Apr/2025:13:53:27 +0200] "GET /Jurek/eurofirany/images/459344/0.jpg HTTP/2.0" 200 79414 "-" "baselinker"
66.249.64.166 - - [14/Apr/2025:13:53:29 +0200] "GET /Jurek/eurofirany/images/389924/3.jpg HTTP/1.1" 200 291406 "-" "Googlebot-Image/1.0"
51.77.52.107 - - [14/Apr/2025:13:53:50 +0200] "GET /Jurek/eurofirany/images/459344/0.jpg HTTP/2.0" 200 79414 "-" "baselinker"
51.77.52.107 - - [14/Apr/2025:13:54:07 +0200] "GET /Jurek/eurofirany/images/459345/0.jpg HTTP/2.0" 200 90226 "-" "baselinker"
66.249.64.165 - - [14/Apr/2025:13:54:33 +0200] "GET /Jurek/topeshop/downloaded_images/5902838463338_Dallas_Sonoma(7).jpg HTTP/1.1" 404 3551 "-" "Googlebot-Image/1.0"
51.77.52.107 - - [14/Apr/2025:13:54:38 +0200] "GET /Jurek/eurofirany/images/459345/0.jpg HTTP/2.0" 200 90226 "-" "baselinker"
51.77.52.107 - - [14/Apr/2025:13:54:55 +0200] "GET /Jurek/eurofirany/images/459345/0.jpg HTTP/2.0" 200 90226 "-" "baselinker"
89.161.206.59 - - [14/Apr/2025:13:55:06 +0200] "GET /Jurek/lampart/feeds/lampart_bol.xml HTTP/1.0" 200 936030 "-" "-"
89.161.206.59 - - [14/Apr/2025:13:55:06 +0200] "GET /Jurek/drops/feeds/dropsofficecolection_bol.xml HTTP/1.0" 200 790638 "-" "-"
89.161.206.59 - - [14/Apr/2025:13:55:07 +0200] "GET /Jurek/bloomglow/feeds/bloomglow_bol.xml HTTP/1.0" 200 14095391 "-" "-"
51.77.52.107 - - [14/Apr/2025:13:55:10 +0200] "GET /Jurek/eurofirany/images/459351/0.jpg HTTP/2.0" 200 71249 "-" "baselinker"
89.161.206.59 - - [14/Apr/2025:13:55:11 +0200] "GET /Jurek/dekornatort/feeds/dekornatort_bol.xml HTTP/1.0" 200 225746 "-" "-"
89.161.206.59 - - [14/Apr/2025:13:55:13 +0200] "GET /Jurek/waks/feeds/waks_allegro.xml HTTP/1.0" 200 1598638 "-" "-"
89.161.206.59 - - [14/Apr/2025:13:55:14 +0200] "GET /Jurek/drops/feeds/dropsofficecolection_allegro.xml HTTP/1.0" 200 790615 "-" "-"
89.161.206.59 - - [14/Apr/2025:13:55:14 +0200] "GET /Jurek/velinda/feeds/velinda_allegro.xml HTTP/1.0" 200 23436 "-" "-"
89.161.206.59 - - [14/Apr/2025:13:55:14 +0200] "GET /Jurek/galopi/feeds/galopi_allegro.xml HTTP/1.0" 200 2111240 "-" "-"
89.161.206.59 - - [14/Apr/2025:13:55:14 +0200] "GET /Jurek/rovato/feeds/rovato_bol.xml HTTP/1.0" 200 180832 "-" "-"
51.77.52.107 - - [14/Apr/2025:13:55:24 +0200] "GET /Jurek/eurofirany/images/459351/0.jpg HTTP/2.0" 200 71249 "-" "baselinker"
66.249.64.167 - - [14/Apr/2025:13:55:38 +0200] "GET /Jurek/topeshop/downloaded_images/5904507202002_BILBAO4P__ARTISAN(3).jpg HTTP/1.1" 404 3551 "-" "Googlebot-Image/1.0"
51.77.52.107 - - [14/Apr/2025:13:55:39 +0200] "GET /Jurek/eurofirany/images/459351/0.jpg HTTP/2.0" 200 71249 "-" "baselinker"
51.77.52.107 - - [14/Apr/2025:13:55:52 +0200] "GET /Jurek/eurofirany/images/463941/0.jpg HTTP/2.0" 200 104007 "-" "baselinker"
178.21.154.6 - - [14/Apr/2025:13:55:58 +0200] "GET /Jurek/topeshop/downloaded_images/5902838464359_KUBABIURKOBRY%C5%81KABIELBOKZM.jpg HTTP/1.1" 404 3551 "-" "-"
178.21.154.6 - - [14/Apr/2025:13:55:58 +0200] "GET /Jurek/topeshop/downloaded_images/5902838468456_Oaplwieszak.png HTTP/1.1" 404 3551 "-" "-"
178.21.154.6 - - [14/Apr/2025:13:55:58 +0200] "GET /Jurek/topeshop/downloaded_images/5902838468456_Oaplwieszak.png HTTP/1.1" 404 3551 "https://www.ceneo.pl" "Mozilla/5.0 (Windows NT 10.0; WOW64) AppleWebKit/537.36 (KHTML, like Gecko) Chrome/52.0.2743.82 Safari/537.36 OPR/39.0.2256.48"
178.21.154.6 - - [14/Apr/2025:13:55:58 +0200] "GET /Jurek/topeshop/downloaded_images/5902838464359_KUBABIURKOBRY%C5%81KABIELBOKZM.jpg HTTP/1.1" 404 3551 "https://www.ceneo.pl" "Mozilla/5.0 (Windows NT 10.0; WOW64) AppleWebKit/537.36 (KHTML, like Gecko) Chrome/52.0.2743.82 Safari/537.36 OPR/39.0.2256.48"
178.21.154.6 - - [14/Apr/2025:13:55:58 +0200] "GET /Jurek/topeshop/downloaded_images/5902838468456_Oaplwieszak.png HTTP/1.1" 404 3551 "-" "-"
178.21.154.6 - - [14/Apr/2025:13:55:58 +0200] "GET /Jurek/topeshop/downloaded_images/5902838468456_Oaplwieszak.png HTTP/1.1" 404 3551 "https://www.ceneo.pl" "Mozilla/5.0 (Windows NT 10.0; WOW64) AppleWebKit/537.36 (KHTML, like Gecko) Chrome/52.0.2743.82 Safari/537.36 OPR/39.0.2256.48"
178.21.154.6 - - [14/Apr/2025:13:55:58 +0200] "GET /Jurek/topeshop/downloaded_images/5902838468463_1sonoma.png HTTP/1.1" 404 3551 "-" "-"
178.21.154.6 - - [14/Apr/2025:13:55:58 +0200] "GET /Jurek/topeshop/downloaded_images/5902838468463_1sonoma.png HTTP/1.1" 404 3551 "https://www.ceneo.pl" "Mozilla/5.0 (Windows NT 10.0; WOW64) AppleWebKit/537.36 (KHTML, like Gecko) Chrome/52.0.2743.82 Safari/537.36 OPR/39.0.2256.48"
178.21.154.6 - - [14/Apr/2025:13:55:59 +0200] "GET /Jurek/topeshop/downloaded_images/5902838468463_1sonoma.png HTTP/1.1" 404 3551 "-" "-"
178.21.154.6 - - [14/Apr/2025:13:55:59 +0200] "GET /Jurek/topeshop/downloaded_images/5902838468463_1sonoma.png HTTP/1.1" 404 3551 "https://www.ceneo.pl" "Mozilla/5.0 (Windows NT 10.0; WOW64) AppleWebKit/537.36 (KHTML, like Gecko) Chrome/52.0.2743.82 Safari/537.36 OPR/39.0.2256.48"
89.161.206.59 - - [14/Apr/2025:13:56:02 +0200] "GET /Jurek/carbonyway/feeds/carbonyway_amazonde.xml HTTP/1.0" 200 3075992 "-" "-"
89.161.206.59 - - [14/Apr/2025:13:56:03 +0200] "GET /Jurek/equalo/feeds/equalo_amazonde.xml HTTP/1.0" 200 98010 "-" "-"
89.161.206.59 - - [14/Apr/2025:13:56:03 +0200] "GET /Jurek/cdata/feeds/cdata_amazonde.xml HTTP/1.0" 200 1445095 "-" "-"
89.161.206.59 - - [14/Apr/2025:13:56:04 +0200] "GET /Jurek/alucon/feeds/alucon_amazonde.xml HTTP/1.0" 200 553581 "-" "-"
89.161.206.59 - - [14/Apr/2025:13:56:04 +0200] "GET /Jurek/riko/feeds/riko_amazonde.xml HTTP/1.0" 200 3784865 "-" "-"
51.77.52.107 - - [14/Apr/2025:13:56:16 +0200] "GET /Jurek/eurofirany/images/463941/0.jpg HTTP/2.0" 200 104007 "-" "baselinker"
51.77.52.107 - - [14/Apr/2025:13:56:36 +0200] "GET /Jurek/eurofirany/images/463941/0.jpg HTTP/2.0" 200 104007 "-" "baselinker"
66.249.64.166 - - [14/Apr/2025:13:56:44 +0200] "GET /Jurek/topeshop/downloaded_images/5904507202392_Modern2P_Biel(1).jpg HTTP/1.1" 404 3551 "-" "Googlebot-Image/1.0"
51.77.52.107 - - [14/Apr/2025:13:57:02 +0200] "GET /Jurek/eurofirany/images/463997/0.jpg HTTP/2.0" 200 86095 "-" "baselinker"
51.77.52.107 - - [14/Apr/2025:13:57:26 +0200] "GET /Jurek/eurofirany/images/463997/0.jpg HTTP/2.0" 200 86095 "-" "baselinker"
51.77.52.107 - - [14/Apr/2025:13:57:32 +0200] "GET /Jurek/eurofirany/images/463997/0.jpg HTTP/2.0" 200 86095 "-" "baselinker"
66.249.64.165 - - [14/Apr/2025:13:57:48 +0200] "GET /Jurek/topeshop/downloaded_images/5902838468449_front_close.jpg HTTP/1.1" 200 76125 "-" "Googlebot-Image/1.0"
51.77.52.107 - - [14/Apr/2025:13:57:54 +0200] "GET /Jurek/eurofirany/images/464007/0.jpg HTTP/2.0" 200 97816 "-" "baselinker"
89.161.206.59 - - [14/Apr/2025:13:57:59 +0200] "GET /Jurek/kobi/feeds/kobi_skroutz.xml HTTP/1.0" 200 1993258 "-" "-"
89.161.206.59 - - [14/Apr/2025:13:57:59 +0200] "GET /Jurek/evil/feeds/evil_skroutz.xml HTTP/1.0" 200 252469 "-" "-"
89.161.206.59 - - [14/Apr/2025:13:58:00 +0200] "GET /Jurek/antiodor/feeds/antiodor_skroutz.xml HTTP/1.0" 200 137855 "-" "-"
89.161.206.59 - - [14/Apr/2025:13:58:00 +0200] "GET /Jurek/sartrix/feeds/sartrix_skroutz.xml HTTP/1.0" 200 649145 "-" "-"
89.161.206.59 - - [14/Apr/2025:13:58:01 +0200] "GET /Jurek/twojsklep/feeds/twojsklep_skroutz.xml HTTP/1.0" 200 126783 "-" "-"
89.161.206.59 - - [14/Apr/2025:13:58:02 +0200] "GET /Jurek/drewdon/feeds/drewdon_skroutz.xml HTTP/1.0" 200 358912 "-" "-"
89.161.206.59 - - [14/Apr/2025:13:58:03 +0200] "GET /Jurek/zepnij/feeds/zepnij_skroutz.xml HTTP/1.0" 200 19522544 "-" "-"
89.161.206.59 - - [14/Apr/2025:13:58:03 +0200] "GET /Jurek/primohurt/feeds/primohurt_skroutz.xml HTTP/1.0" 200 17186612 "-" "-"
89.161.206.59 - - [14/Apr/2025:13:58:03 +0200] "GET /Jurek/dekoele/feeds/dekoele_skroutz.xml HTTP/1.0" 200 378800 "-" "-"
89.161.206.59 - - [14/Apr/2025:13:58:04 +0200] "GET /Jurek/rider/feeds/rider_skroutz.xml HTTP/1.0" 200 8165226 "-" "-"
89.161.206.59 - - [14/Apr/2025:13:58:05 +0200] "GET /Jurek/expertauto/feeds/expertauto_skroutz.xml HTTP/1.0" 200 1158917 "-" "-"
89.161.206.59 - - [14/Apr/2025:13:58:05 +0200] "GET /Jurek/qbox/feeds/qbox_skroutz.xml HTTP/1.0" 200 398725 "-" "-"
89.161.206.59 - - [14/Apr/2025:13:58:06 +0200] "GET /Jurek/emaja24/feeds/emaja24_skroutz.xml HTTP/1.0" 200 5101978 "-" "-"
51.77.52.107 - - [14/Apr/2025:13:58:13 +0200] "GET /Jurek/eurofirany/images/464007/0.jpg HTTP/2.0" 200 97816 "-" "baselinker"
51.77.52.107 - - [14/Apr/2025:13:58:18 +0200] "GET /Jurek/eurofirany/images/464007/0.jpg HTTP/2.0" 200 97816 "-" "baselinker"
89.161.206.59 - - [14/Apr/2025:13:58:29 +0200] "GET /Jurek/ekotex/feeds/ekotex_skroutz.xml HTTP/1.0" 200 197786 "-" "-"
89.161.206.59 - - [14/Apr/2025:13:58:30 +0200] "GET /Jurek/motofan/feeds/motofan_skroutz.xml HTTP/1.0" 200 2392156 "-" "-"
89.161.206.59 - - [14/Apr/2025:13:58:31 +0200] "GET /Jurek/elecomp/feeds/elecomp_skroutz.xml HTTP/1.0" 200 2867819 "-" "-"
51.77.52.107 - - [14/Apr/2025:13:58:36 +0200] "GET /Jurek/eurofirany/images/464008/0.jpg HTTP/2.0" 200 100112 "-" "baselinker"
89.161.206.59 - - [14/Apr/2025:13:58:39 +0200] "GET /Jurek/najtanszysport/feeds/najtanszysport_skroutz.xml HTTP/1.0" 200 3983349 "-" "-"
89.161.206.59 - - [14/Apr/2025:13:58:46 +0200] "GET /Jurek/eurofirany/feeds/eurofirany_skroutz.xml HTTP/1.0" 200 19317883 "-" "-"
89.161.206.59 - - [14/Apr/2025:13:58:51 +0200] "GET /Jurek/proparts/feeds/proparts_emagro.xml HTTP/1.0" 200 707620 "-" "-"
89.161.206.59 - - [14/Apr/2025:13:58:51 +0200] "GET /Jurek/cdata/feeds/cdata_emagro.xml HTTP/1.0" 200 1445564 "-" "-"
51.77.52.107 - - [14/Apr/2025:13:58:55 +0200] "GET /Jurek/eurofirany/images/464008/0.jpg HTTP/2.0" 200 100112 "-" "baselinker"
51.77.52.107 - - [14/Apr/2025:13:58:59 +0200] "GET /Jurek/eurofirany/images/464008/0.jpg HTTP/2.0" 200 100112 "-" "baselinker"
51.77.52.107 - - [14/Apr/2025:13:59:04 +0200] "GET /Jurek/eurofirany/images/464011/0.jpg HTTP/2.0" 200 100733 "-" "baselinker"
51.77.52.107 - - [14/Apr/2025:13:59:34 +0200] "GET /Jurek/eurofirany/images/464011/0.jpg HTTP/2.0" 200 100733 "-" "baselinker"
51.77.52.107 - - [14/Apr/2025:13:59:53 +0200] "GET /Jurek/eurofirany/images/464011/0.jpg HTTP/2.0" 200 100733 "-" "baselinker"
51.77.52.107 - - [14/Apr/2025:13:59:58 +0200] "GET /Jurek/eurofirany/images/464015/0.jpg HTTP/2.0" 200 104744 "-" "baselinker"
66.249.64.167 - - [14/Apr/2025:13:59:59 +0200] "GET /Jurek/topeshop/downloaded_images/5904507202392_front.jpg HTTP/1.1" 200 29847 "-" "Googlebot-Image/1.0"
164.92.232.189 - - [14/Apr/2025:14:00:01 +0200] "GET /subskrypcje/AMD/feeds/amd_cz.xml HTTP/1.1" 200 518486 "-" "-"
51.77.52.107 - - [14/Apr/2025:14:00:03 +0200] "GET /Jurek/eurofirany/images/464015/0.jpg HTTP/2.0" 200 104744 "-" "baselinker"
51.77.52.107 - - [14/Apr/2025:14:00:08 +0200] "GET /Jurek/eurofirany/images/464015/0.jpg HTTP/2.0" 200 104744 "-" "baselinker"
51.77.52.107 - - [14/Apr/2025:14:00:11 +0200] "GET /Jurek/eurofirany/images/464017/0.jpg HTTP/2.0" 200 92897 "-" "baselinker"
164.92.232.189 - - [14/Apr/2025:14:00:12 +0200] "GET /subskrypcje/AMD/feeds/amd_sk.xml HTTP/1.1" 200 528562 "-" "-"
164.92.232.189 - - [14/Apr/2025:14:00:12 +0200] "GET /subskrypcje/OverHorse/overhorse_mallcz.xml HTTP/1.1" 200 112935 "-" "-"
164.92.232.189 - - [14/Apr/2025:14:00:23 +0200] "GET /subskrypcje/mondex/feeds/mondex_mall_cz.xml HTTP/1.1" 200 2203515 "-" "-"
89.161.206.59 - - [14/Apr/2025:14:00:33 +0200] "GET /Jurek/winoszarnia/feeds/winoszarnia_skroutz.xml HTTP/1.0" 200 6064741 "-" "-"
51.77.52.107 - - [14/Apr/2025:14:00:35 +0200] "GET /Jurek/eurofirany/images/464017/0.jpg HTTP/2.0" 200 92897 "-" "baselinker"
51.77.52.107 - - [14/Apr/2025:14:00:41 +0200] "GET /Jurek/eurofirany/images/464017/0.jpg HTTP/2.0" 200 92897 "-" "baselinker"
52.209.168.113 - - [14/Apr/2025:14:00:45 +0200] "GET /marketplaces/ubaldi/results/ubaldi.csv HTTP/1.1" 200 147219 "-" "Mirakl HttpClient"
66.249.64.165 - - [14/Apr/2025:14:01:04 +0200] "GET /Jurek/topeshop/downloaded_images/5904507207465_20st_mijas_lewy_r%C3%B3%C5%BCowykopia.png HTTP/1.1" 200 253819 "-" "Googlebot-Image/1.0"
51.77.52.107 - - [14/Apr/2025:14:01:04 +0200] "GET /Jurek/eurofirany/images/464019/0.jpg HTTP/2.0" 200 110059 "-" "baselinker"
35.204.39.32 - - [14/Apr/2025:14:01:08 +0200] "GET /marketplaces/vente/results/vente_nl.csv HTTP/1.1" 200 147219 "-" "Mirakl HttpClient"
35.204.39.32 - - [14/Apr/2025:14:01:08 +0200] "GET /marketplaces/vente/results/vente_fr.csv HTTP/1.1" 200 163603 "-" "Mirakl HttpClient"
35.204.39.32 - - [14/Apr/2025:14:01:08 +0200] "GET /marketplaces/vente/results/vente_be.csv HTTP/1.1" 200 147219 "-" "Mirakl HttpClient"
35.204.39.32 - - [14/Apr/2025:14:01:08 +0200] "GET /marketplaces/vente/results/vente_it.csv HTTP/1.1" 200 163603 "-" "Mirakl HttpClient"
35.204.39.32 - - [14/Apr/2025:14:01:08 +0200] "GET /marketplaces/vente/results/vente_es.csv HTTP/1.1" 200 147219 "-" "Mirakl HttpClient"
35.204.39.32 - - [14/Apr/2025:14:01:08 +0200] "GET /marketplaces/vente/results/vente_de.csv HTTP/1.1" 200 147219 "-" "Mirakl HttpClient"
51.77.52.107 - - [14/Apr/2025:14:01:10 +0200] "GET /Jurek/eurofirany/images/464019/0.jpg HTTP/2.0" 200 110059 "-" "baselinker"
51.77.52.107 - - [14/Apr/2025:14:01:15 +0200] "GET /Jurek/eurofirany/images/464019/0.jpg HTTP/2.0" 200 110059 "-" "baselinker"
89.161.206.59 - - [14/Apr/2025:14:01:18 +0200] "GET /Jurek/takapara/feeds/takapara_skroutz.xml HTTP/1.0" 200 1342610 "-" "-"
51.77.52.107 - - [14/Apr/2025:14:01:20 +0200] "GET /Jurek/eurofirany/images/467809/0.jpg HTTP/2.0" 200 78296 "-" "baselinker"
51.77.52.107 - - [14/Apr/2025:14:01:38 +0200] "GET /Jurek/eurofirany/images/467809/0.jpg HTTP/2.0" 200 78296 "-" "baselinker"
51.77.52.107 - - [14/Apr/2025:14:01:55 +0200] "GET /Jurek/eurofirany/images/467809/0.jpg HTTP/2.0" 200 78296 "-" "baselinker"
52.17.80.36 - - [14/Apr/2025:14:02:05 +0200] "GET /marketplaces/rue/results/rue.csv HTTP/1.1" 200 147219 "-" "Mirakl HttpClient"
89.161.206.59 - - [14/Apr/2025:14:02:06 +0200] "GET /Jurek/reman/feeds/reman_amazonde.xml HTTP/1.0" 200 1394825 "-" "-"
66.249.64.165 - - [14/Apr/2025:14:02:09 +0200] "GET /Jurek/topeshop/downloaded_images/5904507202002_BILBAO4P__ARTISAN(2).jpg HTTP/1.1" 404 3551 "-" "Googlebot-Image/1.0"
89.161.206.59 - - [14/Apr/2025:14:02:09 +0200] "GET /Jurek/regis/feeds/regis_amazonde.xml HTTP/1.0" 200 82733 "-" "-"
89.161.206.59 - - [14/Apr/2025:14:02:13 +0200] "GET /Jurek/eurofirany/feeds/eurofirany_ebay.xml HTTP/1.0" 200 19209245 "-" "-"
51.77.52.107 - - [14/Apr/2025:14:02:14 +0200] "GET /Jurek/eurofirany/images/467810/0.jpg HTTP/2.0" 200 75972 "-" "baselinker"
51.77.52.107 - - [14/Apr/2025:14:02:35 +0200] "GET /Jurek/eurofirany/images/467810/0.jpg HTTP/2.0" 200 75972 "-" "baselinker"
88.220.33.218 - - [14/Apr/2025:14:02:40 +0200] "GET /Jurek/vida_morele/feeds/VidaPL_all.xml HTTP/2.0" 200 702064738 "-" "MarketplaceAPI curl/7.64.0 PHP/8"
51.77.52.107 - - [14/Apr/2025:14:02:51 +0200] "GET /Jurek/eurofirany/images/467810/0.jpg HTTP/2.0" 200 75972 "-" "baselinker"
88.220.33.218 - - [14/Apr/2025:14:03:08 +0200] "GET /Jurek/kinghoff/feeds/kinghoff_morele.xml HTTP/2.0" 200 15490083 "-" "MarketplaceAPI curl/7.64.0 PHP/8"
51.77.52.107 - - [14/Apr/2025:14:03:09 +0200] "GET /Jurek/eurofirany/images/467811/0.jpg HTTP/2.0" 200 80213 "-" "baselinker"
66.249.64.166 - - [14/Apr/2025:14:03:14 +0200] "GET /Jurek/topeshop/downloaded_images/5904507202392_Modern2P_Biel(2).jpg HTTP/1.1" 404 3551 "-" "Googlebot-Image/1.0"
89.161.206.59 - - [14/Apr/2025:14:03:19 +0200] "GET /Jurek/benetech/feeds/benetech_skroutz.xml HTTP/1.0" 200 2689612 "-" "-"
51.77.52.107 - - [14/Apr/2025:14:03:27 +0200] "GET /Jurek/eurofirany/images/467811/0.jpg HTTP/2.0" 200 80213 "-" "baselinker"
51.77.52.107 - - [14/Apr/2025:14:03:42 +0200] "GET /Jurek/eurofirany/images/467811/0.jpg HTTP/2.0" 200 80213 "-" "baselinker"
51.77.52.107 - - [14/Apr/2025:14:03:54 +0200] "GET /Jurek/eurofirany/images/464757/0.jpg HTTP/2.0" 200 84205 "-" "baselinker"
51.77.52.107 - - [14/Apr/2025:14:03:59 +0200] "GET /Jurek/eurofirany/images/464757/0.jpg HTTP/2.0" 200 84205 "-" "baselinker"
66.249.64.166 - - [14/Apr/2025:14:04:10 +0200] "GET /Jurek/topeshop/downloaded_images/5904507209896_brylkaaa.jpg HTTP/1.1" 404 3551 "-" "Googlebot-Image/1.0"
66.249.64.165 - - [14/Apr/2025:14:04:11 +0200] "GET /Jurek/topeshop/downloaded_images/5904507209896_2dkkaszmrigladki(6).jpg HTTP/1.1" 404 3551 "-" "Googlebot-Image/1.0"
66.249.64.165 - - [14/Apr/2025:14:04:15 +0200] "GET /Jurek/topeshop/downloaded_images/5904507209896_2dkkaszmrigladki(5).jpg HTTP/1.1" 404 3551 "-" "Googlebot-Image/1.0"
66.249.64.165 - - [14/Apr/2025:14:04:19 +0200] "GET /Jurek/eurofirany/images/422324/5.jpg HTTP/1.1" 200 162426 "-" "Googlebot-Image/1.0"
66.249.64.165 - - [14/Apr/2025:14:04:19 +0200] "GET /Jurek/topeshop/downloaded_images/5904507209896_2dkkaszmrigladki(4).jpg HTTP/1.1" 404 3551 "-" "Googlebot-Image/1.0"
66.249.64.165 - - [14/Apr/2025:14:04:19 +0200] "GET /Jurek/topeshop/downloaded_images/5904507209896_2dkkaszmrigladki(2).jpg HTTP/1.1" 404 3551 "-" "Googlebot-Image/1.0"
66.249.64.165 - - [14/Apr/2025:14:04:19 +0200] "GET /Jurek/topeshop/downloaded_images/5904507209896_2dkkaszmrigladki(8).jpg HTTP/1.1" 404 3551 "-" "Googlebot-Image/1.0"
66.249.64.165 - - [14/Apr/2025:14:04:23 +0200] "GET /Jurek/topeshop/downloaded_images/5904507209896_2dkkaszmrigladki(7).jpg HTTP/1.1" 404 3551 "-" "Googlebot-Image/1.0"
51.77.52.107 - - [14/Apr/2025:14:04:31 +0200] "GET /Jurek/eurofirany/images/464757/0.jpg HTTP/2.0" 200 84205 "-" "baselinker"
88.220.33.218 - - [14/Apr/2025:14:04:43 +0200] "GET /Jurek/eurofirany/feeds/eurofirany_morele.xml HTTP/2.0" 200 19319146 "-" "MarketplaceAPI curl/7.64.0 PHP/8"
88.220.33.218 - - [14/Apr/2025:14:04:47 +0200] "GET /Jurek/vivaldi/feeds/vivaldi_Morele-PL.xml HTTP/2.0" 200 344674 "-" "MarketplaceAPI curl/7.64.0 PHP/8"
51.77.52.107 - - [14/Apr/2025:14:04:53 +0200] "GET /Jurek/eurofirany/images/468393/0.jpg HTTP/2.0" 200 63787 "-" "baselinker"
51.77.52.107 - - [14/Apr/2025:14:05:15 +0200] "GET /Jurek/eurofirany/images/468393/0.jpg HTTP/2.0" 200 63787 "-" "baselinker"
51.77.52.107 - - [14/Apr/2025:14:05:17 +0200] "GET /Jurek/eurofirany/images/468393/0.jpg HTTP/2.0" 200 63787 "-" "baselinker"
51.77.52.107 - - [14/Apr/2025:14:05:38 +0200] "GET /Jurek/eurofirany/images/467976/0.jpg HTTP/2.0" 200 114304 "-" "baselinker"
51.77.52.107 - - [14/Apr/2025:14:05:54 +0200] "GET /Jurek/eurofirany/images/467976/0.jpg HTTP/2.0" 200 114304 "-" "baselinker"
88.220.33.218 - - [14/Apr/2025:14:06:01 +0200] "GET /Jurek/aw/feeds/awnarzedzia_morele.xml HTTP/2.0" 200 90559241 "-" "MarketplaceAPI curl/7.64.0 PHP/8"
51.77.52.107 - - [14/Apr/2025:14:06:10 +0200] "GET /Jurek/eurofirany/images/467976/0.jpg HTTP/2.0" 200 114304 "-" "baselinker"
66.249.64.165 - - [14/Apr/2025:14:06:29 +0200] "GET /Jurek/eurofirany/images/386192/2.jpg HTTP/1.1" 200 38992 "-" "Googlebot-Image/1.0"
88.220.33.218 - - [14/Apr/2025:14:06:32 +0200] "GET /Jurek/beliani/feeds/beliani_morele.xml HTTP/2.0" 200 31230528 "-" "MarketplaceAPI curl/7.64.0 PHP/8"
51.77.52.107 - - [14/Apr/2025:14:06:37 +0200] "GET /Jurek/eurofirany/images/467977/0.jpg HTTP/2.0" 200 125363 "-" "baselinker"
51.77.52.107 - - [14/Apr/2025:14:06:52 +0200] "GET /Jurek/eurofirany/images/467977/0.jpg HTTP/2.0" 200 125363 "-" "baselinker"
89.161.206.59 - - [14/Apr/2025:14:06:59 +0200] "GET /Jurek/oromed/feeds/oromed_skroutz.xml HTTP/1.0" 200 1095997 "-" "-"
89.161.206.59 - - [14/Apr/2025:14:07:00 +0200] "GET /Jurek/ralmetal/feeds/ralmetal_skroutz.xml HTTP/1.0" 200 1808631 "-" "-"
89.161.206.59 - - [14/Apr/2025:14:07:10 +0200] "GET /Jurek/narzbud/feeds/narzbud_skroutz.xml HTTP/1.0" 200 1901215 "-" "-"
89.161.206.59 - - [14/Apr/2025:14:07:10 +0200] "GET /Jurek/drops/feeds/dropsofficecolection_skroutz.xml HTTP/1.0" 200 790588 "-" "-"
89.161.206.59 - - [14/Apr/2025:14:07:11 +0200] "GET /Jurek/szpaklampy/feeds/szpaklampy_skroutz.xml HTTP/1.0" 200 388203 "-" "-"
51.77.52.107 - - [14/Apr/2025:14:07:19 +0200] "GET /Jurek/eurofirany/images/467977/0.jpg HTTP/2.0" 200 125363 "-" "baselinker"
89.161.206.59 - - [14/Apr/2025:14:07:29 +0200] "GET /Jurek/spali/feeds/spali_skroutz.xml HTTP/1.0" 200 77057 "-" "-"
