46.101.116.244 - - [14/Apr/2025:09:05:22 +0200] "GET /Jurek/sportprise/feeds/sportprise_alza.xml HTTP/2.0" 200 12730108 "-" "-"
89.161.206.59 - - [14/Apr/2025:09:05:37 +0200] "GET /Jurek/rosfix/feeds/rosfix_skroutz.xml HTTP/1.0" 200 34055625 "-" "-"
51.77.52.107 - - [14/Apr/2025:09:05:37 +0200] "GET /Jurek/eurofirany/images/459108/0.jpg HTTP/2.0" 200 99862 "-" "baselinker"
89.161.206.59 - - [14/Apr/2025:09:05:37 +0200] "GET /Jurek/fertone/feeds/fertone_emagro.xml HTTP/1.0" 200 576593 "-" "-"
89.161.206.59 - - [14/Apr/2025:09:05:38 +0200] "GET /Jurek/hurtownia_przemyslowa/feeds/hp_amazonDE.xml HTTP/1.0" 200 42278241 "-" "-"
89.161.206.59 - - [14/Apr/2025:09:05:40 +0200] "GET /Jurek/antiodor/feeds/antiodor_emagro.xml HTTP/1.0" 200 137846 "-" "-"
51.77.52.107 - - [14/Apr/2025:09:05:44 +0200] "GET /Jurek/eurofirany/images/459109/0.jpg HTTP/2.0" 200 99020 "-" "baselinker"
89.161.206.59 - - [14/Apr/2025:09:05:45 +0200] "GET /Jurek/bentivolio/feeds/bentivolio_emagro.xml HTTP/1.0" 200 3498444 "-" "-"
46.101.116.244 - - [14/Apr/2025:09:05:48 +0200] "GET /Jurek/coppotech/feeds/coppotech_alza.xml HTTP/2.0" 200 38061713 "-" "-"
89.161.206.59 - - [14/Apr/2025:09:05:49 +0200] "GET /Jurek/topeshop/feeds/topeshop_emagro.xml HTTP/1.0" 200 919731 "-" "-"
89.161.206.59 - - [14/Apr/2025:09:05:53 +0200] "GET /Jurek/playcob/feeds/playcob_emagro.xml HTTP/1.0" 200 6981057 "-" "-"
51.77.52.107 - - [14/Apr/2025:09:05:54 +0200] "GET /Jurek/eurofirany/images/459109/0.jpg HTTP/2.0" 200 99020 "-" "baselinker"
89.161.206.59 - - [14/Apr/2025:09:05:55 +0200] "GET /Jurek/alucon/feeds/alucon_emagro.xml HTTP/1.0" 200 553611 "-" "-"
89.161.206.59 - - [14/Apr/2025:09:05:55 +0200] "GET /Jurek/luxma/feeds/luxma_emagro.xml HTTP/1.0" 200 8059073 "-" "-"
89.161.206.59 - - [14/Apr/2025:09:05:55 +0200] "GET /Jurek/eoptimo/feeds/eoptimo_emagro.xml HTTP/1.0" 200 2094697 "-" "-"
89.161.206.59 - - [14/Apr/2025:09:05:55 +0200] "GET /Jurek/shiori/feeds/shiori_emagro.xml HTTP/1.0" 200 453720 "-" "-"
89.161.206.59 - - [14/Apr/2025:09:05:56 +0200] "GET /Jurek/drewdon/feeds/drewdon_amazonde.xml HTTP/1.0" 200 504431 "-" "-"
89.161.206.59 - - [14/Apr/2025:09:05:56 +0200] "GET /Jurek/bisanti/feeds/bisanti_emagro.xml HTTP/1.0" 200 1142429 "-" "-"
89.161.206.59 - - [14/Apr/2025:09:05:56 +0200] "GET /Jurek/dropkz/feeds/dropkz_emagro.xml HTTP/1.0" 200 70031476 "-" "-"
157.55.39.63 - - [14/Apr/2025:09:05:56 +0200] "GET /Jurek/topeshop/downloaded_images/5902838461129_1_Sonoma_mix.png HTTP/2.0" 404 3551 "-" "Mozilla/5.0 AppleWebKit/537.36 (KHTML, like Gecko; compatible; bingbot/2.0; +http://www.bing.com/bingbot.htm) Chrome/116.0.1938.76 Safari/537.36"
89.161.206.59 - - [14/Apr/2025:09:05:56 +0200] "GET /Jurek/najtanszysport/feeds/najtanszysport_emagro.xml HTTP/1.0" 200 3984596 "-" "-"
89.161.206.59 - - [14/Apr/2025:09:05:57 +0200] "GET /Jurek/zenga/feeds/zenga_emagro.xml HTTP/1.0" 200 222863 "-" "-"
89.161.206.59 - - [14/Apr/2025:09:06:01 +0200] "GET /Jurek/purewear/feeds/purewear_emagro.xml HTTP/1.0" 200 13354658 "-" "-"
46.101.116.244 - - [14/Apr/2025:09:06:02 +0200] "GET /Jurek/erohurtownia/feeds/erohurtownia_alza.xml HTTP/2.0" 200 22845700 "-" "-"
89.161.206.59 - - [14/Apr/2025:09:06:02 +0200] "GET /Jurek/beautycare/feeds/beautycare_emagro.xml HTTP/1.0" 200 1181601 "-" "-"
88.220.33.218 - - [14/Apr/2025:09:06:12 +0200] "GET /Jurek/aw/feeds/awnarzedzia_morele.xml HTTP/2.0" 200 90559241 "-" "MarketplaceAPI curl/7.64.0 PHP/8"
51.77.52.107 - - [14/Apr/2025:09:06:13 +0200] "GET /Jurek/eurofirany/images/459109/0.jpg HTTP/2.0" 200 99020 "-" "baselinker"
51.77.52.107 - - [14/Apr/2025:09:06:19 +0200] "GET /Jurek/eurofirany/images/459110/0.jpg HTTP/2.0" 200 94941 "-" "baselinker"
46.101.116.244 - - [14/Apr/2025:09:06:19 +0200] "GET /Jurek/euroshop/feeds/euroshop_alza.xml HTTP/2.0" 200 20020905 "-" "-"
46.101.116.244 - - [14/Apr/2025:09:06:31 +0200] "GET /Jurek/najtanszysport/feeds/najtanszysport_alza.xml HTTP/2.0" 200 3982925 "-" "-"
46.101.116.244 - - [14/Apr/2025:09:06:33 +0200] "GET /Jurek/aw/feeds/aw_fnacfr.xml HTTP/1.0" 404 3551 "-" "-"
46.101.116.244 - - [14/Apr/2025:09:06:42 +0200] "GET /Jurek/rider/feeds/rider_alza.xml HTTP/2.0" 200 8166378 "-" "-"
51.77.52.107 - - [14/Apr/2025:09:06:43 +0200] "GET /Jurek/eurofirany/images/459110/0.jpg HTTP/2.0" 200 94941 "-" "baselinker"
88.220.33.218 - - [14/Apr/2025:09:06:45 +0200] "GET /Jurek/beliani/feeds/beliani_morele.xml HTTP/2.0" 200 31230528 "-" "MarketplaceAPI curl/7.64.0 PHP/8"
66.211.183.70 - - [14/Apr/2025:09:06:47 +0200] "GET /Jurek/topeshop/downloaded_images/5902838466902_lima-1-lewe.png HTTP/1.1" 200 376573 "-" "Java/17.0.13.0.101"
51.77.52.107 - - [14/Apr/2025:09:06:50 +0200] "GET /Jurek/eurofirany/images/459110/0.jpg HTTP/2.0" 200 94941 "-" "baselinker"
46.101.116.244 - - [14/Apr/2025:09:06:57 +0200] "GET /Jurek/intsell/feeds/intsell_alza.xml HTTP/2.0" 200 342151945 "-" "-"
51.77.52.107 - - [14/Apr/2025:09:06:57 +0200] "GET /Jurek/eurofirany/images/459120/0.jpg HTTP/2.0" 200 75067 "-" "baselinker"
51.77.52.107 - - [14/Apr/2025:09:07:02 +0200] "GET /Jurek/eurofirany/images/459120/0.jpg HTTP/2.0" 200 75067 "-" "baselinker"
51.77.52.107 - - [14/Apr/2025:09:07:09 +0200] "GET /Jurek/eurofirany/images/459120/0.jpg HTTP/2.0" 200 75067 "-" "baselinker"
66.211.183.70 - - [14/Apr/2025:09:07:14 +0200] "GET /Jurek/topeshop/downloaded_images/5902838466698_RTV-120-DAB-ARTISAN.png HTTP/1.1" 200 783950 "-" "Java/17.0.13.0.101"
51.77.52.107 - - [14/Apr/2025:09:07:15 +0200] "GET /Jurek/eurofirany/images/459121/0.jpg HTTP/2.0" 200 92954 "-" "baselinker"
51.77.52.107 - - [14/Apr/2025:09:07:21 +0200] "GET /Jurek/eurofirany/images/459121/0.jpg HTTP/2.0" 200 92954 "-" "baselinker"
51.77.52.107 - - [14/Apr/2025:09:07:27 +0200] "GET /Jurek/eurofirany/images/459121/0.jpg HTTP/2.0" 200 92954 "-" "baselinker"
66.249.64.165 - - [14/Apr/2025:09:07:33 +0200] "GET /Jurek/eurofirany/images/400180/4.jpg HTTP/1.1" 200 142355 "-" "Googlebot-Image/1.0"
51.77.52.107 - - [14/Apr/2025:09:07:48 +0200] "GET /Jurek/eurofirany/images/459123/0.jpg HTTP/2.0" 200 100850 "-" "baselinker"
51.77.52.107 - - [14/Apr/2025:09:07:55 +0200] "GET /Jurek/eurofirany/images/459123/0.jpg HTTP/2.0" 200 100850 "-" "baselinker"
51.77.52.107 - - [14/Apr/2025:09:08:00 +0200] "GET /Jurek/eurofirany/images/459123/0.jpg HTTP/2.0" 200 100850 "-" "baselinker"
88.220.33.218 - - [14/Apr/2025:09:08:02 +0200] "GET /Jurek/vida_morele/feeds/VidaPL_morele.xml HTTP/2.0" 200 702212891 "-" "MarketplaceAPI curl/7.64.0 PHP/8"
51.77.52.107 - - [14/Apr/2025:09:08:07 +0200] "GET /Jurek/eurofirany/images/459124/0.jpg HTTP/2.0" 200 101347 "-" "baselinker"
51.77.52.107 - - [14/Apr/2025:09:08:15 +0200] "GET /Jurek/eurofirany/images/459124/0.jpg HTTP/2.0" 200 101347 "-" "baselinker"
89.161.206.59 - - [14/Apr/2025:09:08:16 +0200] "GET /Jurek/filmal/feeds/filmal_aliex.xml HTTP/1.0" 200 139293 "-" "-"
89.161.206.59 - - [14/Apr/2025:09:08:17 +0200] "GET /Jurek/sovapl/feeds/sovapl_aliex.xml HTTP/1.0" 200 9002777 "-" "-"
89.161.206.59 - - [14/Apr/2025:09:08:18 +0200] "GET /Jurek/riko/feeds/riko_aliex.xml HTTP/1.0" 200 3786214 "-" "-"
89.161.206.59 - - [14/Apr/2025:09:08:19 +0200] "GET /Jurek/gandalf/feeds/gandalf_aliex.xml HTTP/1.0" 200 1082569 "-" "-"
89.161.206.59 - - [14/Apr/2025:09:08:19 +0200] "GET /Jurek/andex/feeds/andex_aliex.xml HTTP/1.0" 200 1953945 "-" "-"
89.161.206.59 - - [14/Apr/2025:09:08:19 +0200] "GET /Jurek/sebmart/feeds/sebmart_aliex.xml HTTP/1.0" 200 1599106 "-" "-"
89.161.206.59 - - [14/Apr/2025:09:08:19 +0200] "GET /Jurek/bemipol/feeds/bemipol_aliex.xml HTTP/1.0" 200 423684 "-" "-"
89.161.206.59 - - [14/Apr/2025:09:08:20 +0200] "GET /Jurek/tsjerzy/feeds/tsjerzy_aliex.xml HTTP/1.0" 200 3899784 "-" "-"
89.161.206.59 - - [14/Apr/2025:09:08:20 +0200] "GET /Jurek/equalo/feeds/equalo_aliex.xml HTTP/1.0" 200 98019 "-" "-"
89.161.206.59 - - [14/Apr/2025:09:08:20 +0200] "GET /Jurek/newtechele/feeds/newtechele_aliex.xml HTTP/1.0" 200 2438724 "-" "-"
89.161.206.59 - - [14/Apr/2025:09:08:21 +0200] "GET /Jurek/nonabox/feeds/nonabox_aliex.xml HTTP/1.0" 200 33874 "-" "-"
89.161.206.59 - - [14/Apr/2025:09:08:21 +0200] "GET /Jurek/amzteam/feeds/amzteam_aliex.xml HTTP/1.0" 200 97912 "-" "-"
51.77.52.107 - - [14/Apr/2025:09:08:32 +0200] "GET /Jurek/eurofirany/images/459124/0.jpg HTTP/2.0" 200 101347 "-" "baselinker"
51.77.52.107 - - [14/Apr/2025:09:08:39 +0200] "GET /Jurek/eurofirany/images/464220/0.jpg HTTP/2.0" 200 61088 "-" "baselinker"
46.101.116.244 - - [14/Apr/2025:09:08:47 +0200] "GET /Jurek/sempler/feeds/sempler_alza.xml HTTP/2.0" 200 6789371 "-" "-"
185.6.76.18 - - [14/Apr/2025:09:08:51 +0200] "GET /marketplaces/skroutz/feeds/shumee.xml HTTP/1.1" 200 408248659 "-" "SkroutzBot v1.0"
51.77.52.107 - - [14/Apr/2025:09:08:59 +0200] "GET /Jurek/eurofirany/images/464220/0.jpg HTTP/2.0" 200 61088 "-" "baselinker"
46.101.116.244 - - [14/Apr/2025:09:09:00 +0200] "GET /Jurek/eroplace/feeds/eroplace_alza.xml HTTP/2.0" 200 52164367 "-" "-"
46.101.116.244 - - [14/Apr/2025:09:09:14 +0200] "GET /Jurek/mosti/feeds/mosti_alza.xml HTTP/2.0" 200 4629186 "-" "-"
46.101.116.244 - - [14/Apr/2025:09:09:14 +0200] "GET /Jurek/biokominki/feeds/biokomiinki_alza.xml HTTP/2.0" 200 1422347 "-" "-"
51.77.52.107 - - [14/Apr/2025:09:09:16 +0200] "GET /Jurek/eurofirany/images/464220/0.jpg HTTP/2.0" 200 61088 "-" "baselinker"
51.77.52.107 - - [14/Apr/2025:09:09:19 +0200] "GET /Jurek/eurofirany/images/464221/0.jpg HTTP/2.0" 200 53096 "-" "baselinker"
89.161.206.59 - - [14/Apr/2025:09:09:20 +0200] "GET /Jurek/euroshop/feeds/euroshop_emagro.xml HTTP/1.0" 200 20026491 "-" "-"
51.77.52.107 - - [14/Apr/2025:09:09:41 +0200] "GET /Jurek/eurofirany/images/464221/0.jpg HTTP/2.0" 200 53096 "-" "baselinker"
89.161.206.59 - - [14/Apr/2025:09:09:58 +0200] "GET /Jurek/polzoo/feeds/polzoo_emagro.xml HTTP/1.0" 200 48128607 "-" "-"
89.161.206.59 - - [14/Apr/2025:09:10:00 +0200] "GET /Jurek/german/feeds/german_emagro.xml HTTP/1.0" 200 2853936 "-" "-"
89.161.206.59 - - [14/Apr/2025:09:10:01 +0200] "GET /Jurek/makow/feeds/makow_emagro.xml HTTP/1.0" 200 21205959 "-" "-"
51.77.52.107 - - [14/Apr/2025:09:10:02 +0200] "GET /Jurek/eurofirany/images/464221/0.jpg HTTP/2.0" 200 53096 "-" "baselinker"
46.101.116.244 - - [14/Apr/2025:09:10:04 +0200] "GET /Jurek/vida_morele/feeds/vida_alza.xml HTTP/2.0" 200 701759367 "-" "-"
51.77.52.107 - - [14/Apr/2025:09:10:08 +0200] "GET /Jurek/eurofirany/images/464225/0.jpg HTTP/2.0" 200 43770 "-" "baselinker"
89.161.206.59 - - [14/Apr/2025:09:10:10 +0200] "GET /Jurek/ekolight/feeds/ekolioght_skroutz.xml HTTP/1.0" 200 9052753 "-" "-"
51.77.52.107 - - [14/Apr/2025:09:10:26 +0200] "GET /Jurek/eurofirany/images/464225/0.jpg HTTP/2.0" 200 43770 "-" "baselinker"
51.77.52.107 - - [14/Apr/2025:09:10:32 +0200] "GET /Jurek/eurofirany/images/464225/0.jpg HTTP/2.0" 200 43770 "-" "baselinker"
89.161.206.59 - - [14/Apr/2025:09:10:49 +0200] "GET /Jurek/bass/feeds/bass_amazonfr.xml HTTP/1.0" 200 3984394 "-" "-"
89.161.206.59 - - [14/Apr/2025:09:10:49 +0200] "GET /Jurek/bass/feeds/bass_amazonit.xml HTTP/1.0" 200 3984486 "-" "-"
89.161.206.59 - - [14/Apr/2025:09:10:50 +0200] "GET /Jurek/bass/feeds/bass_amazonnl.xml HTTP/1.0" 200 3984410 "-" "-"
51.77.52.107 - - [14/Apr/2025:09:10:52 +0200] "GET /Jurek/eurofirany/images/464226/0.jpg HTTP/2.0" 200 48117 "-" "baselinker"
193.33.8.61 - - [14/Apr/2025:09:10:53 +0200] "GET /Jurek/sovapl/feeds/sovapl_zero.xml HTTP/2.0" 200 8999937 "https://konsola.dkkapusta1997.usermd.net/" "Mozilla/5.0 (Windows NT 10.0; Win64; x64) AppleWebKit/537.36 (KHTML, like Gecko) Chrome/135.0.0.0 Safari/537.36"
77.79.248.229 - - [14/Apr/2025:09:10:57 +0200] "GET /Jurek/sovapl/feeds/sovapl_zero.xml HTTP/1.1" 200 8999937 "-" "Python-urllib/3.11"
51.77.52.107 - - [14/Apr/2025:09:11:01 +0200] "GET /Jurek/eurofirany/images/464226/0.jpg HTTP/2.0" 200 48117 "-" "baselinker"
51.77.52.107 - - [14/Apr/2025:09:11:19 +0200] "GET /Jurek/eurofirany/images/464226/0.jpg HTTP/2.0" 200 48117 "-" "baselinker"
51.77.52.107 - - [14/Apr/2025:09:11:26 +0200] "GET /Jurek/eurofirany/images/464228/0.jpg HTTP/2.0" 200 57021 "-" "baselinker"
66.249.64.165 - - [14/Apr/2025:09:11:31 +0200] "GET /Jurek/eurofirany/images/409912/2.jpg HTTP/1.1" 200 228420 "-" "Googlebot-Image/1.0"
51.77.52.107 - - [14/Apr/2025:09:11:33 +0200] "GET /Jurek/eurofirany/images/464228/0.jpg HTTP/2.0" 200 57021 "-" "baselinker"
51.77.52.107 - - [14/Apr/2025:09:11:39 +0200] "GET /Jurek/eurofirany/images/464228/0.jpg HTTP/2.0" 200 57021 "-" "baselinker"
51.77.52.107 - - [14/Apr/2025:09:11:47 +0200] "GET /Jurek/eurofirany/images/459048/0.jpg HTTP/2.0" 200 112049 "-" "baselinker"
51.77.52.107 - - [14/Apr/2025:09:11:56 +0200] "GET /Jurek/eurofirany/images/459048/0.jpg HTTP/2.0" 200 112049 "-" "baselinker"
51.77.52.107 - - [14/Apr/2025:09:11:58 +0200] "GET /Jurek/eurofirany/images/459048/0.jpg HTTP/2.0" 200 112049 "-" "baselinker"
51.77.52.107 - - [14/Apr/2025:09:12:02 +0200] "GET /Jurek/eurofirany/images/459049/0.jpg HTTP/2.0" 200 112049 "-" "baselinker"
51.77.52.107 - - [14/Apr/2025:09:12:16 +0200] "GET /Jurek/eurofirany/images/459049/0.jpg HTTP/2.0" 200 112049 "-" "baselinker"
51.77.52.107 - - [14/Apr/2025:09:12:22 +0200] "GET /Jurek/eurofirany/images/459049/0.jpg HTTP/2.0" 200 112049 "-" "baselinker"
89.161.206.59 - - [14/Apr/2025:09:12:26 +0200] "GET /Jurek/rovato/feeds/rovato_skroutz.xml HTTP/1.0" 200 99165 "-" "-"
51.77.52.107 - - [14/Apr/2025:09:12:28 +0200] "GET /Jurek/eurofirany/images/467099/0.jpg HTTP/2.0" 200 106574 "-" "baselinker"
51.77.52.107 - - [14/Apr/2025:09:12:48 +0200] "GET /Jurek/eurofirany/images/467099/0.jpg HTTP/2.0" 200 106574 "-" "baselinker"
51.77.52.107 - - [14/Apr/2025:09:12:50 +0200] "GET /Jurek/eurofirany/images/467099/0.jpg HTTP/2.0" 200 106574 "-" "baselinker"
51.77.52.107 - - [14/Apr/2025:09:12:53 +0200] "GET /Jurek/eurofirany/images/467100/0.jpg HTTP/2.0" 200 102728 "-" "baselinker"
51.77.52.107 - - [14/Apr/2025:09:13:16 +0200] "GET /Jurek/eurofirany/images/467100/0.jpg HTTP/2.0" 200 102728 "-" "baselinker"
51.77.52.107 - - [14/Apr/2025:09:13:25 +0200] "GET /Jurek/eurofirany/images/467100/0.jpg HTTP/2.0" 200 102728 "-" "baselinker"
66.249.64.165 - - [14/Apr/2025:09:13:29 +0200] "GET /Jurek/eurofirany/images/389924/7.jpg HTTP/1.1" 200 6595 "-" "Googlebot-Image/1.0"
51.77.52.107 - - [14/Apr/2025:09:13:30 +0200] "GET /Jurek/eurofirany/images/467116/0.jpg HTTP/2.0" 200 90283 "-" "baselinker"
51.77.52.107 - - [14/Apr/2025:09:13:49 +0200] "GET /Jurek/eurofirany/images/467116/0.jpg HTTP/2.0" 200 90283 "-" "baselinker"
51.77.52.107 - - [14/Apr/2025:09:13:55 +0200] "GET /Jurek/eurofirany/images/467116/0.jpg HTTP/2.0" 200 90283 "-" "baselinker"
51.77.52.107 - - [14/Apr/2025:09:14:02 +0200] "GET /Jurek/eurofirany/images/467415/0.jpg HTTP/2.0" 200 51469 "-" "baselinker"
51.77.52.107 - - [14/Apr/2025:09:14:09 +0200] "GET /Jurek/eurofirany/images/467415/0.jpg HTTP/2.0" 200 51469 "-" "baselinker"
51.77.52.107 - - [14/Apr/2025:09:14:12 +0200] "GET /Jurek/eurofirany/images/467415/0.jpg HTTP/2.0" 200 51469 "-" "baselinker"
51.77.52.107 - - [14/Apr/2025:09:14:32 +0200] "GET /Jurek/eurofirany/images/464830/0.jpg HTTP/2.0" 200 174714 "-" "baselinker"
51.77.52.107 - - [14/Apr/2025:09:14:50 +0200] "GET /Jurek/eurofirany/images/464830/0.jpg HTTP/2.0" 200 174714 "-" "baselinker"
51.77.52.107 - - [14/Apr/2025:09:15:02 +0200] "GET /Jurek/eurofirany/images/464830/0.jpg HTTP/2.0" 200 174714 "-" "baselinker"
51.77.52.107 - - [14/Apr/2025:09:15:22 +0200] "GET /Jurek/eurofirany/images/464839/0.jpg HTTP/2.0" 200 168656 "-" "baselinker"
66.249.64.167 - - [14/Apr/2025:09:15:28 +0200] "GET /Jurek/eurofirany/images/224673/4.jpg HTTP/1.1" 200 122104 "-" "Googlebot-Image/1.0"
51.77.52.107 - - [14/Apr/2025:09:15:37 +0200] "GET /Jurek/eurofirany/images/464839/0.jpg HTTP/2.0" 200 168656 "-" "baselinker"
51.77.52.107 - - [14/Apr/2025:09:15:52 +0200] "GET /Jurek/eurofirany/images/464839/0.jpg HTTP/2.0" 200 168656 "-" "baselinker"
216.113.184.101 - - [14/Apr/2025:09:15:58 +0200] "GET /Jurek/topeshop/downloaded_images/5902838466681_3.png HTTP/1.1" 404 3551 "http://www.ebay.com/" "Mozilla/4.0 (compatible; MSIE 4.01; Windows NT)"
216.113.184.101 - - [14/Apr/2025:09:15:58 +0200] "GET /Jurek/topeshop/downloaded_images/5902838466681_2.png HTTP/1.1" 404 3551 "http://www.ebay.com/" "Mozilla/4.0 (compatible; MSIE 4.01; Windows NT)"
216.113.184.103 - - [14/Apr/2025:09:15:58 +0200] "GET /Jurek/topeshop/downloaded_images/5902838466681_1.png HTTP/1.1" 404 3551 "http://www.ebay.com/" "Mozilla/4.0 (compatible; MSIE 4.01; Windows NT)"
216.113.184.102 - - [14/Apr/2025:09:15:58 +0200] "GET /Jurek/topeshop/downloaded_images/5902838466681_4.png HTTP/1.1" 404 3551 "http://www.ebay.com/" "Mozilla/4.0 (compatible; MSIE 4.01; Windows NT)"
216.113.184.105 - - [14/Apr/2025:09:15:58 +0200] "GET /Jurek/topeshop/downloaded_images/5902838466681_Artisan_Rtv.jpg HTTP/1.1" 404 3551 "http://www.ebay.com/" "Mozilla/4.0 (compatible; MSIE 4.01; Windows NT)"
216.113.184.104 - - [14/Apr/2025:09:15:58 +0200] "GET /Jurek/topeshop/downloaded_images/5902838466681_20st_1.png HTTP/1.1" 404 3551 "http://www.ebay.com/" "Mozilla/4.0 (compatible; MSIE 4.01; Windows NT)"
216.113.184.101 - - [14/Apr/2025:09:15:58 +0200] "GET /Jurek/topeshop/downloaded_images/5902838466681_I_RTV-140-MALWA_o_A.jpg HTTP/1.1" 200 138461 "http://www.ebay.com/" "Mozilla/4.0 (compatible; MSIE 4.01; Windows NT)"
216.113.184.103 - - [14/Apr/2025:09:15:58 +0200] "GET /Jurek/topeshop/downloaded_images/5902838466681_I_RTV-140-MALWA_A.jpg HTTP/1.1" 200 139285 "http://www.ebay.com/" "Mozilla/4.0 (compatible; MSIE 4.01; Windows NT)"
51.77.52.107 - - [14/Apr/2025:09:16:18 +0200] "GET /Jurek/eurofirany/images/464860/0.jpg HTTP/2.0" 200 154188 "-" "baselinker"
51.77.52.107 - - [14/Apr/2025:09:16:34 +0200] "GET /Jurek/eurofirany/images/464860/0.jpg HTTP/2.0" 200 154188 "-" "baselinker"
51.77.52.107 - - [14/Apr/2025:09:16:48 +0200] "GET /Jurek/eurofirany/images/464860/0.jpg HTTP/2.0" 200 154188 "-" "baselinker"
46.101.116.244 - - [14/Apr/2025:09:16:56 +0200] "GET /Jurek/aw/feeds/aw_fnacfr.xml HTTP/1.0" 404 3551 "-" "-"
51.77.52.107 - - [14/Apr/2025:09:17:04 +0200] "GET /Jurek/eurofirany/images/464810/0.jpg HTTP/2.0" 200 138941 "-" "baselinker"
51.77.52.107 - - [14/Apr/2025:09:17:23 +0200] "GET /Jurek/eurofirany/images/464810/0.jpg HTTP/2.0" 200 138941 "-" "baselinker"
51.77.52.107 - - [14/Apr/2025:09:17:41 +0200] "GET /Jurek/eurofirany/images/464810/0.jpg HTTP/2.0" 200 138941 "-" "baselinker"
51.77.52.107 - - [14/Apr/2025:09:17:53 +0200] "GET /Jurek/eurofirany/images/464831/0.jpg HTTP/2.0" 200 168658 "-" "baselinker"
89.161.206.59 - - [14/Apr/2025:09:17:55 +0200] "GET /Jurek/sportprise/feeds/sportprise_emagro.xml HTTP/1.0" 200 12727638 "-" "-"
89.161.206.59 - - [14/Apr/2025:09:17:56 +0200] "GET /Jurek/elavia/feeds/elavia_emagro.xml HTTP/1.0" 200 2497417 "-" "-"
89.161.206.59 - - [14/Apr/2025:09:17:57 +0200] "GET /Jurek/zbimatyja/feeds/zbimatyja_emagro.xml HTTP/1.0" 200 11671819 "-" "-"
89.161.206.59 - - [14/Apr/2025:09:17:58 +0200] "GET /Jurek/rosfix/feeds/rosfix_emagro.xml HTTP/1.0" 200 35771002 "-" "-"
89.161.206.59 - - [14/Apr/2025:09:17:59 +0200] "GET /Jurek/broers/feeds/broers_emagro.xml HTTP/1.0" 200 1982916 "-" "-"
89.161.206.59 - - [14/Apr/2025:09:18:00 +0200] "GET /Jurek/galopi/feeds/galopi_emagro.xml HTTP/1.0" 200 2111327 "-" "-"
89.161.206.59 - - [14/Apr/2025:09:18:00 +0200] "GET /Jurek/omi/feeds/omi_emagro.xml HTTP/1.0" 200 8106295 "-" "-"
89.161.206.59 - - [14/Apr/2025:09:18:01 +0200] "GET /Jurek/sebmart/feeds/sebmart_emagro.xml HTTP/1.0" 200 1599121 "-" "-"
89.161.206.59 - - [14/Apr/2025:09:18:01 +0200] "GET /Jurek/tsjerzy/feeds/tsjerzy_emagro.xml HTTP/1.0" 200 3900048 "-" "-"
89.161.206.59 - - [14/Apr/2025:09:18:02 +0200] "GET /Jurek/avenido/feeds/avenido_emagro.xml HTTP/1.0" 200 720133 "-" "-"
89.161.206.59 - - [14/Apr/2025:09:18:02 +0200] "GET /Jurek/kamar/feeds/kamar_emagro.xml HTTP/1.0" 200 25554599 "-" "-"
89.161.206.59 - - [14/Apr/2025:09:18:04 +0200] "GET /Jurek/zenex/feeds/zenex_emagro.xml HTTP/1.0" 200 540564 "-" "-"
89.161.206.59 - - [14/Apr/2025:09:18:05 +0200] "GET /Jurek/takapara/feeds/takapara_emagro.xml HTTP/1.0" 200 1342631 "-" "-"
51.77.52.107 - - [14/Apr/2025:09:18:11 +0200] "GET /Jurek/eurofirany/images/464831/0.jpg HTTP/2.0" 200 168658 "-" "baselinker"
51.77.52.107 - - [14/Apr/2025:09:18:19 +0200] "GET /Jurek/eurofirany/images/464831/0.jpg HTTP/2.0" 200 168658 "-" "baselinker"
51.77.52.107 - - [14/Apr/2025:09:18:23 +0200] "GET /Jurek/eurofirany/images/464832/0.jpg HTTP/2.0" 200 168658 "-" "baselinker"
51.77.52.107 - - [14/Apr/2025:09:18:38 +0200] "GET /Jurek/eurofirany/images/464832/0.jpg HTTP/2.0" 200 168658 "-" "baselinker"
51.77.52.107 - - [14/Apr/2025:09:18:54 +0200] "GET /Jurek/eurofirany/images/464832/0.jpg HTTP/2.0" 200 168658 "-" "baselinker"
89.161.206.59 - - [14/Apr/2025:09:19:16 +0200] "GET /Jurek/artdog/feeds/artdog_emagro.xml HTTP/1.0" 200 17164901 "-" "-"
89.161.206.59 - - [14/Apr/2025:09:19:17 +0200] "GET /Jurek/fertes/feeds/fertes_emagro.xml HTTP/1.0" 200 2362174 "-" "-"
89.161.206.59 - - [14/Apr/2025:09:19:17 +0200] "GET /Jurek/carbonyway/feeds/carbonyway_emagro.xml HTTP/1.0" 200 3076314 "-" "-"
51.77.52.107 - - [14/Apr/2025:09:19:18 +0200] "GET /Jurek/eurofirany/images/464833/0.jpg HTTP/2.0" 200 168658 "-" "baselinker"
51.77.52.107 - - [14/Apr/2025:09:19:41 +0200] "GET /Jurek/eurofirany/images/464833/0.jpg HTTP/2.0" 200 168658 "-" "baselinker"
51.77.52.107 - - [14/Apr/2025:09:19:54 +0200] "GET /Jurek/eurofirany/images/464833/0.jpg HTTP/2.0" 200 168658 "-" "baselinker"
51.77.52.107 - - [14/Apr/2025:09:20:21 +0200] "GET /Jurek/eurofirany/images/464840/0.jpg HTTP/2.0" 200 165864 "-" "baselinker"
51.77.52.107 - - [14/Apr/2025:09:20:37 +0200] "GET /Jurek/eurofirany/images/464840/0.jpg HTTP/2.0" 200 165864 "-" "baselinker"
51.77.52.107 - - [14/Apr/2025:09:20:53 +0200] "GET /Jurek/eurofirany/images/464840/0.jpg HTTP/2.0" 200 165864 "-" "baselinker"
51.77.52.107 - - [14/Apr/2025:09:21:02 +0200] "GET /Jurek/eurofirany/images/464841/0.jpg HTTP/2.0" 200 165864 "-" "baselinker"
66.249.64.166 - - [14/Apr/2025:09:21:24 +0200] "GET /Jurek/eurofirany/images/404489/3.jpg HTTP/1.1" 200 99649 "-" "Googlebot-Image/1.0"
51.77.52.107 - - [14/Apr/2025:09:21:24 +0200] "GET /Jurek/eurofirany/images/464841/0.jpg HTTP/2.0" 200 165864 "-" "baselinker"
51.77.52.107 - - [14/Apr/2025:09:21:43 +0200] "GET /Jurek/eurofirany/images/464841/0.jpg HTTP/2.0" 200 165864 "-" "baselinker"
5.134.208.158 - - [14/Apr/2025:09:21:49 +0200] "GET /Jurek/eurofirany/images/402660/0.jpg HTTP/1.1" 200 87409 "-" "-"
51.77.52.107 - - [14/Apr/2025:09:22:04 +0200] "GET /Jurek/eurofirany/images/464844/0.jpg HTTP/2.0" 200 165864 "-" "baselinker"
51.77.52.107 - - [14/Apr/2025:09:22:21 +0200] "GET /Jurek/eurofirany/images/464844/0.jpg HTTP/2.0" 200 165864 "-" "baselinker"
51.77.52.107 - - [14/Apr/2025:09:22:37 +0200] "GET /Jurek/eurofirany/images/464844/0.jpg HTTP/2.0" 200 165864 "-" "baselinker"
51.77.52.107 - - [14/Apr/2025:09:22:58 +0200] "GET /Jurek/eurofirany/images/464845/0.jpg HTTP/2.0" 200 175513 "-" "baselinker"
66.249.64.165 - - [14/Apr/2025:09:23:14 +0200] "GET /Jurek/topeshop/downloaded_images/5904507209865_Image0004.jpg HTTP/1.1" 404 3551 "-" "Googlebot-Image/1.0"
66.249.64.165 - - [14/Apr/2025:09:23:15 +0200] "GET /Jurek/topeshop/downloaded_images/5904507209865_Art_Witry.jpg HTTP/1.1" 404 3551 "-" "Googlebot-Image/1.0"
66.249.64.166 - - [14/Apr/2025:09:23:16 +0200] "GET /Jurek/topeshop/downloaded_images/5904507209865_1234123(3).jpg HTTP/1.1" 404 3551 "-" "Googlebot-Image/1.0"
66.249.64.165 - - [14/Apr/2025:09:23:17 +0200] "GET /Jurek/topeshop/downloaded_images/5904507209865_Image0008.jpg HTTP/1.1" 404 3551 "-" "Googlebot-Image/1.0"
66.249.64.165 - - [14/Apr/2025:09:23:18 +0200] "GET /Jurek/topeshop/downloaded_images/5904507209865_24.jpg HTTP/1.1" 404 3551 "-" "Googlebot-Image/1.0"
66.249.64.165 - - [14/Apr/2025:09:23:20 +0200] "GET /Jurek/topeshop/downloaded_images/5904507209865_20.jpg HTTP/1.1" 404 3551 "-" "Googlebot-Image/1.0"
66.249.64.165 - - [14/Apr/2025:09:23:20 +0200] "GET /Jurek/topeshop/downloaded_images/5904507209865_1234123(2).jpg HTTP/1.1" 404 3551 "-" "Googlebot-Image/1.0"
66.249.64.165 - - [14/Apr/2025:09:23:22 +0200] "GET /Jurek/eurofirany/images/400579/2.jpg HTTP/1.1" 200 31619 "-" "Googlebot-Image/1.0"
66.249.64.165 - - [14/Apr/2025:09:23:23 +0200] "GET /Jurek/topeshop/downloaded_images/5904507209865_Image0005.jpg HTTP/1.1" 404 3551 "-" "Googlebot-Image/1.0"
51.77.52.107 - - [14/Apr/2025:09:23:26 +0200] "GET /Jurek/eurofirany/images/464845/0.jpg HTTP/2.0" 200 175513 "-" "baselinker"
66.249.64.165 - - [14/Apr/2025:09:23:27 +0200] "GET /Jurek/topeshop/downloaded_images/5904507209865_Image0001.jpg HTTP/1.1" 404 3551 "-" "Googlebot-Image/1.0"
66.249.64.165 - - [14/Apr/2025:09:23:32 +0200] "GET /Jurek/topeshop/downloaded_images/5904507209865_Image0007_mini.jpg HTTP/1.1" 404 3551 "-" "Googlebot-Image/1.0"
66.249.64.165 - - [14/Apr/2025:09:23:35 +0200] "GET /Jurek/topeshop/downloaded_images/5904507209865_19.jpg HTTP/1.1" 404 3551 "-" "Googlebot-Image/1.0"
51.77.52.107 - - [14/Apr/2025:09:23:42 +0200] "GET /Jurek/eurofirany/images/464845/0.jpg HTTP/2.0" 200 175513 "-" "baselinker"
89.161.206.59 - - [14/Apr/2025:09:23:47 +0200] "GET /Jurek/fertone/feeds/fertone_skroutz.xml HTTP/1.0" 200 576485 "-" "-"
66.211.183.74 - - [14/Apr/2025:09:23:53 +0200] "GET /Jurek/eurofirany/images/458323/0.jpg HTTP/1.1" 200 101759 "-" "Java/17.0.13.0.101"
89.161.206.59 - - [14/Apr/2025:09:23:55 +0200] "GET /Jurek/domzapachy/feeds/domzapachy_skroutz.xml HTTP/1.0" 200 179716 "-" "-"
89.161.206.59 - - [14/Apr/2025:09:23:56 +0200] "GET /Jurek/wenom/feeds/wenom_skroutz.xml HTTP/1.0" 200 583071 "-" "-"
89.161.206.59 - - [14/Apr/2025:09:23:57 +0200] "GET /Jurek/hlo/feeds/hlo_skroutz.xml HTTP/1.0" 200 4831033 "-" "-"
51.77.52.107 - - [14/Apr/2025:09:23:58 +0200] "GET /Jurek/eurofirany/images/464854/0.jpg HTTP/2.0" 200 175513 "-" "baselinker"
89.161.206.59 - - [14/Apr/2025:09:23:58 +0200] "GET /Jurek/euroshop/feeds/euroshop_skroutz.xml HTTP/1.0" 200 20025457 "-" "-"
89.161.206.59 - - [14/Apr/2025:09:24:00 +0200] "GET /Jurek/german/feeds/german_skroutz.xml HTTP/1.0" 200 2449537 "-" "-"
89.161.206.59 - - [14/Apr/2025:09:24:04 +0200] "GET /Jurek/hurtmeblowy/feeds/hurtmeblowy_ebay.xml HTTP/1.0" 200 5813428 "-" "-"
51.77.52.107 - - [14/Apr/2025:09:24:14 +0200] "GET /Jurek/eurofirany/images/464854/0.jpg HTTP/2.0" 200 175513 "-" "baselinker"
51.77.52.107 - - [14/Apr/2025:09:24:17 +0200] "GET /Jurek/eurofirany/images/464854/0.jpg HTTP/2.0" 200 175513 "-" "baselinker"
51.77.52.107 - - [14/Apr/2025:09:24:37 +0200] "GET /Jurek/eurofirany/images/464855/0.jpg HTTP/2.0" 200 175513 "-" "baselinker"
51.77.52.107 - - [14/Apr/2025:09:24:56 +0200] "GET /Jurek/eurofirany/images/464855/0.jpg HTTP/2.0" 200 175513 "-" "baselinker"
51.77.52.107 - - [14/Apr/2025:09:25:16 +0200] "GET /Jurek/eurofirany/images/464855/0.jpg HTTP/2.0" 200 175513 "-" "baselinker"
51.77.52.107 - - [14/Apr/2025:09:25:33 +0200] "GET /Jurek/eurofirany/images/464858/0.jpg HTTP/2.0" 200 153354 "-" "baselinker"
51.77.52.107 - - [14/Apr/2025:09:25:49 +0200] "GET /Jurek/eurofirany/images/464858/0.jpg HTTP/2.0" 200 153354 "-" "baselinker"
51.77.52.107 - - [14/Apr/2025:09:26:47 +0200] "GET /Jurek/eurofirany/images/464858/0.jpg HTTP/2.0" 200 153354 "-" "baselinker"
51.77.52.107 - - [14/Apr/2025:09:27:05 +0200] "GET /Jurek/eurofirany/images/464862/0.jpg HTTP/2.0" 200 153354 "-" "baselinker"
51.77.52.107 - - [14/Apr/2025:09:27:12 +0200] "GET /Jurek/eurofirany/images/464862/0.jpg HTTP/2.0" 200 153354 "-" "baselinker"
66.249.64.165 - - [14/Apr/2025:09:27:20 +0200] "GET /Jurek/eurofirany/images/397065/5.jpg HTTP/1.1" 200 89781 "-" "Googlebot-Image/1.0"
51.77.52.107 - - [14/Apr/2025:09:27:28 +0200] "GET /Jurek/eurofirany/images/464862/0.jpg HTTP/2.0" 200 153354 "-" "baselinker"
51.77.52.107 - - [14/Apr/2025:09:27:43 +0200] "GET /Jurek/eurofirany/images/464865/0.jpg HTTP/2.0" 200 153354 "-" "baselinker"
193.33.8.61 - - [14/Apr/2025:09:27:43 +0200] "GET /Jurek/pagmil/feeds/pagmil_zero.xml HTTP/2.0" 200 1802764 "https://konsola.dkkapusta1997.usermd.net/" "Mozilla/5.0 (Windows NT 10.0; Win64; x64) AppleWebKit/537.36 (KHTML, like Gecko) Chrome/135.0.0.0 Safari/537.36"
77.79.248.229 - - [14/Apr/2025:09:27:48 +0200] "GET /Jurek/pagmil/feeds/pagmil_zero.xml HTTP/1.1" 200 1802764 "-" "Python-urllib/3.11"
51.77.52.107 - - [14/Apr/2025:09:27:58 +0200] "GET /Jurek/eurofirany/images/464865/0.jpg HTTP/2.0" 200 153354 "-" "baselinker"
51.77.52.107 - - [14/Apr/2025:09:28:16 +0200] "GET /Jurek/eurofirany/images/464865/0.jpg HTTP/2.0" 200 153354 "-" "baselinker"
51.77.52.107 - - [14/Apr/2025:09:28:34 +0200] "GET /Jurek/eurofirany/images/464936/0.jpg HTTP/2.0" 200 164213 "-" "baselinker"
51.77.52.107 - - [14/Apr/2025:09:28:53 +0200] "GET /Jurek/eurofirany/images/464936/0.jpg HTTP/2.0" 200 164213 "-" "baselinker"
51.77.52.107 - - [14/Apr/2025:09:29:09 +0200] "GET /Jurek/eurofirany/images/464936/0.jpg HTTP/2.0" 200 164213 "-" "baselinker"
66.249.64.166 - - [14/Apr/2025:09:29:19 +0200] "GET /Jurek/eurofirany/images/398813/6.jpg HTTP/1.1" 200 150541 "-" "Googlebot-Image/1.0"
51.77.52.107 - - [14/Apr/2025:09:29:25 +0200] "GET /Jurek/eurofirany/images/464949/0.jpg HTTP/2.0" 200 164817 "-" "baselinker"
82.78.75.155 - - [14/Apr/2025:09:29:37 +0200] "GET /Jurek/eurofirany/images/371141/3.jpg HTTP/2.0" 200 53353 "https://pandora.emag.network/" "Mozilla/5.0 (Windows NT 10.0; Win64; x64; rv:128.0) Gecko/20100101 Firefox/128.0"
82.78.75.155 - - [14/Apr/2025:09:29:37 +0200] "GET /Jurek/eurofirany/images/371141/11.jpg HTTP/2.0" 200 116756 "https://pandora.emag.network/" "Mozilla/5.0 (Windows NT 10.0; Win64; x64; rv:128.0) Gecko/20100101 Firefox/128.0"
82.78.75.155 - - [14/Apr/2025:09:29:37 +0200] "GET /Jurek/eurofirany/images/371141/7.jpg HTTP/2.0" 200 79558 "https://pandora.emag.network/" "Mozilla/5.0 (Windows NT 10.0; Win64; x64; rv:128.0) Gecko/20100101 Firefox/128.0"
82.78.75.155 - - [14/Apr/2025:09:29:38 +0200] "GET /Jurek/eurofirany/images/371141/12.jpg HTTP/2.0" 200 149195 "https://pandora.emag.network/" "Mozilla/5.0 (Windows NT 10.0; Win64; x64; rv:128.0) Gecko/20100101 Firefox/128.0"
82.78.75.155 - - [14/Apr/2025:09:29:38 +0200] "GET /Jurek/eurofirany/images/371141/9.jpg HTTP/2.0" 200 117227 "https://pandora.emag.network/" "Mozilla/5.0 (Windows NT 10.0; Win64; x64; rv:128.0) Gecko/20100101 Firefox/128.0"
82.78.75.155 - - [14/Apr/2025:09:29:38 +0200] "GET /Jurek/eurofirany/images/371141/1.jpg HTTP/2.0" 200 105363 "https://pandora.emag.network/" "Mozilla/5.0 (Windows NT 10.0; Win64; x64; rv:128.0) Gecko/20100101 Firefox/128.0"
82.78.75.155 - - [14/Apr/2025:09:29:38 +0200] "GET /Jurek/eurofirany/images/371141/15.jpg HTTP/2.0" 200 82832 "https://pandora.emag.network/" "Mozilla/5.0 (Windows NT 10.0; Win64; x64; rv:128.0) Gecko/20100101 Firefox/128.0"
82.78.75.155 - - [14/Apr/2025:09:29:38 +0200] "GET /Jurek/eurofirany/images/371141/14.jpg HTTP/2.0" 200 104663 "https://pandora.emag.network/" "Mozilla/5.0 (Windows NT 10.0; Win64; x64; rv:128.0) Gecko/20100101 Firefox/128.0"
82.78.75.155 - - [14/Apr/2025:09:29:38 +0200] "GET /Jurek/eurofirany/images/371141/8.jpg HTTP/2.0" 200 159129 "https://pandora.emag.network/" "Mozilla/5.0 (Windows NT 10.0; Win64; x64; rv:128.0) Gecko/20100101 Firefox/128.0"
82.78.75.155 - - [14/Apr/2025:09:29:38 +0200] "GET /Jurek/eurofirany/images/371141/10.jpg HTTP/2.0" 200 178681 "https://pandora.emag.network/" "Mozilla/5.0 (Windows NT 10.0; Win64; x64; rv:128.0) Gecko/20100101 Firefox/128.0"
82.78.75.155 - - [14/Apr/2025:09:29:38 +0200] "GET /Jurek/eurofirany/images/371141/13.jpg HTTP/2.0" 200 136522 "https://pandora.emag.network/" "Mozilla/5.0 (Windows NT 10.0; Win64; x64; rv:128.0) Gecko/20100101 Firefox/128.0"
82.78.75.155 - - [14/Apr/2025:09:29:38 +0200] "GET /Jurek/eurofirany/images/371141/6.jpg HTTP/2.0" 200 155750 "https://pandora.emag.network/" "Mozilla/5.0 (Windows NT 10.0; Win64; x64; rv:128.0) Gecko/20100101 Firefox/128.0"
82.78.75.155 - - [14/Apr/2025:09:29:38 +0200] "GET /Jurek/eurofirany/images/371141/4.jpg HTTP/2.0" 200 134327 "https://pandora.emag.network/" "Mozilla/5.0 (Windows NT 10.0; Win64; x64; rv:128.0) Gecko/20100101 Firefox/128.0"
82.78.75.155 - - [14/Apr/2025:09:29:38 +0200] "GET /Jurek/eurofirany/images/371141/5.jpg HTTP/2.0" 200 187142 "https://pandora.emag.network/" "Mozilla/5.0 (Windows NT 10.0; Win64; x64; rv:128.0) Gecko/20100101 Firefox/128.0"
82.78.75.155 - - [14/Apr/2025:09:29:38 +0200] "GET /Jurek/eurofirany/images/371141/2.jpg HTTP/2.0" 200 104832 "https://pandora.emag.network/" "Mozilla/5.0 (Windows NT 10.0; Win64; x64; rv:128.0) Gecko/20100101 Firefox/128.0"
51.77.52.107 - - [14/Apr/2025:09:29:43 +0200] "GET /Jurek/eurofirany/images/464949/0.jpg HTTP/2.0" 200 164817 "-" "baselinker"
51.77.52.107 - - [14/Apr/2025:09:29:57 +0200] "GET /Jurek/eurofirany/images/464949/0.jpg HTTP/2.0" 200 164817 "-" "baselinker"
89.161.206.59 - - [14/Apr/2025:09:30:02 +0200] "GET /Jurek/sartrix/feeds/sartrix_amazonde.xml HTTP/1.0" 200 649088 "-" "-"
51.77.52.107 - - [14/Apr/2025:09:30:03 +0200] "GET /Jurek/eurofirany/images/464811/0.jpg HTTP/2.0" 200 139743 "-" "baselinker"
51.77.52.107 - - [14/Apr/2025:09:30:21 +0200] "GET /Jurek/eurofirany/images/464811/0.jpg HTTP/2.0" 200 139743 "-" "baselinker"
51.77.52.107 - - [14/Apr/2025:09:30:43 +0200] "GET /Jurek/eurofirany/images/464811/0.jpg HTTP/2.0" 200 139743 "-" "baselinker"
62.146.215.32 - - [14/Apr/2025:09:30:50 +0200] "GET /Jurek/topeshop/downloaded_images/5904507201906_MIJASBIURKOBRY%C5%81KAANTRACYTLEWEBOKZM.jpg HTTP/2.0" 404 3551 "-" "billigerbot/1.0"
89.161.206.59 - - [14/Apr/2025:09:30:51 +0200] "GET /Jurek/bass/feeds/bass_amazones.xml HTTP/1.0" 200 3984408 "-" "-"
89.161.206.59 - - [14/Apr/2025:09:30:51 +0200] "GET /Jurek/bass/feeds/bass_amazonse.xml HTTP/1.0" 200 3986173 "-" "-"
51.77.52.107 - - [14/Apr/2025:09:31:00 +0200] "GET /Jurek/eurofirany/images/464926/0.jpg HTTP/2.0" 200 150283 "-" "baselinker"
89.161.206.59 - - [14/Apr/2025:09:31:01 +0200] "GET /Jurek/kambukka/feeds/kambukka_amazonfr.xml HTTP/1.0" 200 1021381 "-" "-"
89.161.206.59 - - [14/Apr/2025:09:31:01 +0200] "GET /Jurek/kambukka/feeds/kambukka_amazonit.xml HTTP/1.0" 200 1021388 "-" "-"
89.161.206.59 - - [14/Apr/2025:09:31:01 +0200] "GET /Jurek/kambukka/feeds/kambukka_amazones.xml HTTP/1.0" 200 1021367 "-" "-"
89.161.206.59 - - [14/Apr/2025:09:31:01 +0200] "GET /Jurek/kambukka/feeds/kambukka_amazonnl.xml HTTP/1.0" 200 1021382 "-" "-"
89.161.206.59 - - [14/Apr/2025:09:31:01 +0200] "GET /Jurek/kambukka/feeds/kambukka_amazonse.xml HTTP/1.0" 200 1021641 "-" "-"
89.161.206.59 - - [14/Apr/2025:09:31:02 +0200] "GET /Jurek/hdwr/feeds/hdwr_amazonse.xml HTTP/1.0" 200 789697 "-" "-"
89.161.206.59 - - [14/Apr/2025:09:31:18 +0200] "GET /Jurek/sportprise/feeds/sportprise_amazonde.xml HTTP/1.0" 200 11781967 "-" "-"
89.161.206.59 - - [14/Apr/2025:09:31:19 +0200] "GET /Jurek/nexus/feeds/nexus_amazonde.xml HTTP/1.0" 200 226639 "-" "-"
51.77.52.107 - - [14/Apr/2025:09:31:22 +0200] "GET /Jurek/eurofirany/images/464926/0.jpg HTTP/2.0" 200 150283 "-" "baselinker"
51.77.52.107 - - [14/Apr/2025:09:31:40 +0200] "GET /Jurek/eurofirany/images/464926/0.jpg HTTP/2.0" 200 150283 "-" "baselinker"
51.77.52.107 - - [14/Apr/2025:09:31:43 +0200] "GET /Jurek/eurofirany/images/464930/0.jpg HTTP/2.0" 200 149093 "-" "baselinker"
51.77.52.107 - - [14/Apr/2025:09:32:03 +0200] "GET /Jurek/eurofirany/images/464930/0.jpg HTTP/2.0" 200 149093 "-" "baselinker"
51.77.52.107 - - [14/Apr/2025:09:32:09 +0200] "GET /Jurek/eurofirany/images/464930/0.jpg HTTP/2.0" 200 149093 "-" "baselinker"
51.77.52.107 - - [14/Apr/2025:09:32:29 +0200] "GET /Jurek/eurofirany/images/464945/0.jpg HTTP/2.0" 200 141782 "-" "baselinker"
46.101.116.244 - - [14/Apr/2025:09:32:29 +0200] "GET /Jurek/aw/feeds/aw_fnacfr.xml HTTP/1.0" 404 3551 "-" "-"
5.134.208.158 - - [14/Apr/2025:09:32:31 +0200] "GET /Jurek/eurofirany/images/468000/0.jpg HTTP/1.1" 206 256 "https://www.ceneo.pl" "Mozilla/5.0 (Windows NT 10.0; Win64; x64) AppleWebKit/537.36 (KHTML, like Gecko) Chrome/87.0.4280.141 Safari/537.36"
5.134.208.158 - - [14/Apr/2025:09:32:31 +0200] "GET /Jurek/eurofirany/images/468000/0.jpg HTTP/1.1" 200 90120 "-" "-"
5.134.208.158 - - [14/Apr/2025:09:32:32 +0200] "GET /Jurek/eurofirany/images/457981/0.jpg HTTP/1.1" 206 256 "https://www.ceneo.pl" "Mozilla/5.0 (Windows NT 10.0; Win64; x64) AppleWebKit/537.36 (KHTML, like Gecko) Chrome/87.0.4280.141 Safari/537.36"
46.101.116.244 - - [14/Apr/2025:09:32:37 +0200] "GET /Jurek/hurtownia_przemyslowa/feeds/hp_fnacfr.xml HTTP/1.0" 200 49362515 "-" "-"
51.77.52.107 - - [14/Apr/2025:09:32:43 +0200] "GET /Jurek/eurofirany/images/464945/0.jpg HTTP/2.0" 200 141782 "-" "baselinker"
89.161.206.59 - - [14/Apr/2025:09:32:46 +0200] "GET /Jurek/muminky/feeds/muminky_cdsc.xml HTTP/1.0" 200 2935908 "-" "-"
89.161.206.59 - - [14/Apr/2025:09:32:47 +0200] "GET /Jurek/nexus/feeds/nexus_cdsc.xml HTTP/1.0" 200 325921 "-" "-"
89.161.206.59 - - [14/Apr/2025:09:32:48 +0200] "GET /Jurek/tsjerzy/feeds/tsjerzy_cdsc.xml HTTP/1.0" 200 4383151 "-" "-"
89.161.206.59 - - [14/Apr/2025:09:32:49 +0200] "GET /Jurek/cenoman/feeds/cenoman_cdsc.xml HTTP/1.0" 200 4589232 "-" "-"
51.77.52.107 - - [14/Apr/2025:09:32:54 +0200] "GET /Jurek/eurofirany/images/464945/0.jpg HTTP/2.0" 200 141782 "-" "baselinker"
51.77.52.107 - - [14/Apr/2025:09:33:09 +0200] "GET /Jurek/eurofirany/images/464946/0.jpg HTTP/2.0" 200 140149 "-" "baselinker"
66.249.64.167 - - [14/Apr/2025:09:33:16 +0200] "GET /Jurek/eurofirany/images/400180/5.jpg HTTP/1.1" 200 60735 "-" "Googlebot-Image/1.0"
51.77.52.107 - - [14/Apr/2025:09:33:25 +0200] "GET /Jurek/eurofirany/images/464946/0.jpg HTTP/2.0" 200 140149 "-" "baselinker"
51.77.52.107 - - [14/Apr/2025:09:33:55 +0200] "GET /Jurek/eurofirany/images/464946/0.jpg HTTP/2.0" 200 140149 "-" "baselinker"
89.161.206.59 - - [14/Apr/2025:09:33:56 +0200] "GET /Jurek/lampart/feeds/lampart_bol.xml HTTP/1.0" 200 936034 "-" "-"
89.161.206.59 - - [14/Apr/2025:09:33:56 +0200] "GET /Jurek/drops/feeds/dropsofficecolection_bol.xml HTTP/1.0" 200 790638 "-" "-"
89.161.206.59 - - [14/Apr/2025:09:33:56 +0200] "GET /Jurek/bloomglow/feeds/bloomglow_bol.xml HTTP/1.0" 200 14095392 "-" "-"
89.161.206.59 - - [14/Apr/2025:09:33:58 +0200] "GET /Jurek/dekornatort/feeds/dekornatort_bol.xml HTTP/1.0" 200 225747 "-" "-"
89.161.206.59 - - [14/Apr/2025:09:33:58 +0200] "GET /Jurek/rovato/feeds/rovato_bol.xml HTTP/1.0" 200 180834 "-" "-"
51.77.52.107 - - [14/Apr/2025:09:34:13 +0200] "GET /Jurek/eurofirany/images/464947/0.jpg HTTP/2.0" 200 211661 "-" "baselinker"
51.77.52.107 - - [14/Apr/2025:09:34:33 +0200] "GET /Jurek/eurofirany/images/464947/0.jpg HTTP/2.0" 200 211661 "-" "baselinker"
51.77.52.107 - - [14/Apr/2025:09:34:50 +0200] "GET /Jurek/eurofirany/images/464947/0.jpg HTTP/2.0" 200 211661 "-" "baselinker"
52.17.80.36 - - [14/Apr/2025:09:35:11 +0200] "GET /marketplaces/worten2/results/worten.csv HTTP/1.1" 200 147217 "-" "Mirakl HttpClient"
193.33.8.61 - - [14/Apr/2025:09:35:21 +0200] "GET /Jurek/eany/ HTTP/2.0" 304 0 "-" "Mozilla/5.0 (Windows NT 10.0; Win64; x64) AppleWebKit/537.36 (KHTML, like Gecko) Chrome/135.0.0.0 Safari/537.36"
193.33.8.61 - - [14/Apr/2025:09:35:23 +0200] "GET /favicon.ico HTTP/2.0" 404 3551 "https://dkkapusta1997.usermd.net/Jurek/eany/" "Mozilla/5.0 (Windows NT 10.0; Win64; x64) AppleWebKit/537.36 (KHTML, like Gecko) Chrome/135.0.0.0 Safari/537.36"
51.77.52.107 - - [14/Apr/2025:09:35:35 +0200] "GET /Jurek/eurofirany/images/466754/0.jpg HTTP/2.0" 200 138813 "-" "baselinker"
51.77.52.107 - - [14/Apr/2025:09:35:54 +0200] "GET /Jurek/eurofirany/images/466754/0.jpg HTTP/2.0" 200 138813 "-" "baselinker"
51.77.52.107 - - [14/Apr/2025:09:36:09 +0200] "GET /Jurek/eurofirany/images/466754/0.jpg HTTP/2.0" 200 138813 "-" "baselinker"
51.77.52.107 - - [14/Apr/2025:09:36:25 +0200] "GET /Jurek/eurofirany/images/466757/0.jpg HTTP/2.0" 200 138813 "-" "baselinker"
77.79.248.229 - - [14/Apr/2025:09:36:28 +0200] "GET /Jurek/eurofirany/feeds/eurofirany_cdon_se.xml HTTP/1.1" 200 19342159 "-" "python-requests/2.32.3"
77.79.248.229 - - [14/Apr/2025:09:36:29 +0200] "GET /Jurek/eurofirany/feeds/eurofirany_cdon_dk.xml HTTP/1.1" 200 19341903 "-" "python-requests/2.32.3"
77.79.248.229 - - [14/Apr/2025:09:36:29 +0200] "GET /Jurek/eurofirany/feeds/eurofirany_cdon_fi.xml HTTP/1.1" 200 19324619 "-" "python-requests/2.32.3"
77.79.248.229 - - [14/Apr/2025:09:36:31 +0200] "GET /Jurek/stema/feeds/stema_cdon_se.xml HTTP/1.1" 200 852405 "-" "python-requests/2.32.3"
77.79.248.229 - - [14/Apr/2025:09:36:31 +0200] "GET /Jurek/stema/feeds/stema_cdon_dk.xml HTTP/1.1" 200 852297 "-" "python-requests/2.32.3"
77.79.248.229 - - [14/Apr/2025:09:36:31 +0200] "GET /Jurek/stema/feeds/stema_cdon_fi.xml HTTP/1.1" 200 852003 "-" "python-requests/2.32.3"
77.79.248.229 - - [14/Apr/2025:09:36:35 +0200] "GET /Jurek/aw/feeds/awnarzedzia_cdon_se.xml HTTP/1.1" 200 90636964 "-" "python-requests/2.32.3"
77.79.248.229 - - [14/Apr/2025:09:36:38 +0200] "GET /Jurek/aw/feeds/awnarzedzia_cdon_dk.xml HTTP/1.1" 200 90633088 "-" "python-requests/2.32.3"
77.79.248.229 - - [14/Apr/2025:09:36:43 +0200] "GET /Jurek/aw/feeds/awnarzedzia_cdon_fi.xml HTTP/1.1" 200 90548944 "-" "python-requests/2.32.3"
51.77.52.107 - - [14/Apr/2025:09:36:43 +0200] "GET /Jurek/eurofirany/images/466757/0.jpg HTTP/2.0" 200 138813 "-" "baselinker"
77.79.248.229 - - [14/Apr/2025:09:36:45 +0200] "GET /Jurek/hurtownia_przemyslowa/feeds/hp_cdon_se.xml HTTP/1.1" 200 49377723 "-" "python-requests/2.32.3"
77.79.248.229 - - [14/Apr/2025:09:36:46 +0200] "GET /Jurek/hurtownia_przemyslowa/feeds/hp_cdon_dk.xml HTTP/1.1" 200 49376141 "-" "python-requests/2.32.3"
51.77.52.107 - - [14/Apr/2025:09:36:47 +0200] "GET /Jurek/eurofirany/images/466757/0.jpg HTTP/2.0" 200 138813 "-" "baselinker"
77.79.248.229 - - [14/Apr/2025:09:36:48 +0200] "GET /Jurek/hurtownia_przemyslowa/feeds/hp_cdon_fi.xml HTTP/1.1" 200 49362649 "-" "python-requests/2.32.3"
77.79.248.229 - - [14/Apr/2025:09:36:53 +0200] "GET /Jurek/ikonka/feeds/ikonka_cdon_se.xml HTTP/1.1" 200 22188727 "-" "python-requests/2.32.3"
77.79.248.229 - - [14/Apr/2025:09:36:54 +0200] "GET /Jurek/ikonka/feeds/ikonka_cdon_dk.xml HTTP/1.1" 200 22188722 "-" "python-requests/2.32.3"
77.79.248.229 - - [14/Apr/2025:09:36:55 +0200] "GET /Jurek/ikonka/feeds/ikonka_cdon_fi.xml HTTP/1.1" 200 22186562 "-" "python-requests/2.32.3"
77.79.248.229 - - [14/Apr/2025:09:36:56 +0200] "GET /Jurek/fernity/feeds/fernity_cdon_fi.xml HTTP/1.1" 200 4796685 "-" "python-requests/2.32.3"
77.79.248.229 - - [14/Apr/2025:09:36:56 +0200] "GET /Jurek/fernity/feeds/fernity_cdon_se.xml HTTP/1.1" 200 4799850 "-" "python-requests/2.32.3"
77.79.248.229 - - [14/Apr/2025:09:36:56 +0200] "GET /Jurek/fernity/feeds/fernity_cdon_dk.xml HTTP/1.1" 200 4799565 "-" "python-requests/2.32.3"
77.79.248.229 - - [14/Apr/2025:09:36:57 +0200] "GET /Jurek/activeshop/feeds/activeshop_cdon_se.xml HTTP/1.1" 200 10448666 "-" "python-requests/2.32.3"
77.79.248.229 - - [14/Apr/2025:09:36:58 +0200] "GET /Jurek/activeshop/feeds/activeshop_cdon_dk.xml HTTP/1.1" 200 10448273 "-" "python-requests/2.32.3"
77.79.248.229 - - [14/Apr/2025:09:36:58 +0200] "GET /Jurek/activeshop/feeds/activeshop_cdon_fi.xml HTTP/1.1" 200 10444956 "-" "python-requests/2.32.3"
51.77.52.107 - - [14/Apr/2025:09:37:03 +0200] "GET /Jurek/eurofirany/images/466760/0.jpg HTTP/2.0" 200 141159 "-" "baselinker"
66.249.64.166 - - [14/Apr/2025:09:37:14 +0200] "GET /Jurek/eurofirany/images/385837/7.jpg HTTP/1.1" 200 189021 "-" "Googlebot-Image/1.0"
77.79.248.229 - - [14/Apr/2025:09:37:15 +0200] "GET /Jurek/barbecook/feeds/barbecook_cdon_se.xml HTTP/1.1" 200 87595 "-" "python-requests/2.32.3"
77.79.248.229 - - [14/Apr/2025:09:37:15 +0200] "GET /Jurek/barbecook/feeds/barbecook_cdon_dk.xml HTTP/1.1" 200 87590 "-" "python-requests/2.32.3"
77.79.248.229 - - [14/Apr/2025:09:37:15 +0200] "GET /Jurek/barbecook/feeds/barbecook_cdon_fi.xml HTTP/1.1" 200 87531 "-" "python-requests/2.32.3"
89.161.206.59 - - [14/Apr/2025:09:37:18 +0200] "GET /Jurek/proadventure/feeds/proadventure_emag.xml HTTP/1.0" 200 10765407 "-" "-"
77.79.248.229 - - [14/Apr/2025:09:37:19 +0200] "GET /Jurek/action/feeds/action_cdon_se.xml HTTP/1.1" 200 60239524 "-" "python-requests/2.32.3"
77.79.248.229 - - [14/Apr/2025:09:37:20 +0200] "GET /Jurek/action/feeds/action_cdon_dk.xml HTTP/1.1" 200 60233514 "-" "python-requests/2.32.3"
77.79.248.229 - - [14/Apr/2025:09:37:22 +0200] "GET /Jurek/action/feeds/action_cdon_fi.xml HTTP/1.1" 200 60206992 "-" "python-requests/2.32.3"
77.79.248.229 - - [14/Apr/2025:09:37:23 +0200] "GET /Jurek/kinghoff/feeds/kinghoff_cdon_se.xml HTTP/1.1" 200 15517879 "-" "python-requests/2.32.3"
77.79.248.229 - - [14/Apr/2025:09:37:23 +0200] "GET /Jurek/kinghoff/feeds/kinghoff_cdon_dk.xml HTTP/1.1" 200 15517793 "-" "python-requests/2.32.3"
77.79.248.229 - - [14/Apr/2025:09:37:24 +0200] "GET /Jurek/kinghoff/feeds/kinghoff_cdon_fi.xml HTTP/1.1" 200 15515374 "-" "python-requests/2.32.3"
51.77.52.107 - - [14/Apr/2025:09:37:30 +0200] "GET /Jurek/eurofirany/images/466760/0.jpg HTTP/2.0" 200 141159 "-" "baselinker"
51.77.52.107 - - [14/Apr/2025:09:37:48 +0200] "GET /Jurek/eurofirany/images/466760/0.jpg HTTP/2.0" 200 141159 "-" "baselinker"
51.77.52.107 - - [14/Apr/2025:09:38:05 +0200] "GET /Jurek/eurofirany/images/466766/0.jpg HTTP/2.0" 200 141159 "-" "baselinker"
51.77.52.107 - - [14/Apr/2025:09:38:10 +0200] "GET /Jurek/eurofirany/images/466766/0.jpg HTTP/2.0" 200 141159 "-" "baselinker"
77.79.248.229 - - [14/Apr/2025:09:38:15 +0200] "GET /Jurek/vidaSI/feeds/vidaSI_bigbang.xml HTTP/1.1" 200 622170379 "-" "Python-urllib/3.11"
51.77.52.107 - - [14/Apr/2025:09:38:15 +0200] "GET /Jurek/eurofirany/images/466766/0.jpg HTTP/2.0" 200 141159 "-" "baselinker"
77.79.248.229 - - [14/Apr/2025:09:38:17 +0200] "GET /Jurek/aw/feeds/awnarzedzia_bigbang.xml HTTP/1.1" 200 90523133 "-" "Python-urllib/3.11"
77.79.248.229 - - [14/Apr/2025:09:38:18 +0200] "GET /Jurek/hurtownia_przemyslowa/feeds/hp_bigbang.xml HTTP/1.1" 200 49359896 "-" "Python-urllib/3.11"
77.79.248.229 - - [14/Apr/2025:09:38:21 +0200] "GET /Jurek/action/feeds/action_bigbang.xml HTTP/1.1" 200 60201844 "-" "Python-urllib/3.11"
77.79.248.229 - - [14/Apr/2025:09:38:24 +0200] "GET /Jurek/ikonka/feeds/ikonka_bigbang.xml HTTP/1.1" 200 22186511 "-" "Python-urllib/3.11"
77.79.248.229 - - [14/Apr/2025:09:38:24 +0200] "GET /Jurek/bass/feeds/bass_bigbang.xml HTTP/1.1" 200 3984237 "-" "Python-urllib/3.11"
77.79.248.229 - - [14/Apr/2025:09:38:27 +0200] "GET /Jurek/kinghoff/feeds/kinghoff_bigbang.xml HTTP/1.1" 200 15515210 "-" "Python-urllib/3.11"
77.79.248.229 - - [14/Apr/2025:09:38:30 +0200] "GET /Jurek/activeshop/feeds/activeshop_bigbang.xml HTTP/1.1" 200 10444995 "-" "Python-urllib/3.11"
77.79.248.229 - - [14/Apr/2025:09:38:31 +0200] "GET /Jurek/octopia/feeds/octopia_bigbang.xml HTTP/1.1" 200 5658808 "-" "Python-urllib/3.11"
77.79.248.229 - - [14/Apr/2025:09:38:32 +0200] "GET /Jurek/topeshop/feeds/topeshop_bigbang.xml HTTP/1.1" 200 2633096 "-" "Python-urllib/3.11"
77.79.248.229 - - [14/Apr/2025:09:38:32 +0200] "GET /Jurek/b3/feeds/b3_bigbang.xml HTTP/1.1" 200 8029686 "-" "Python-urllib/3.11"
77.79.248.229 - - [14/Apr/2025:09:38:33 +0200] "GET /Jurek/asortymenteu/feeds/asortymenteu_bigbang.xml HTTP/1.1" 200 2764563 "-" "Python-urllib/3.11"
51.77.52.107 - - [14/Apr/2025:09:38:34 +0200] "GET /Jurek/eurofirany/images/466767/0.jpg HTTP/2.0" 200 133277 "-" "baselinker"
77.79.248.229 - - [14/Apr/2025:09:38:35 +0200] "GET /Jurek/eroplace/feeds/eroplace_bigbang.xml HTTP/1.1" 200 52134733 "-" "Python-urllib/3.11"
77.79.248.229 - - [14/Apr/2025:09:38:49 +0200] "GET /Jurek/intsell/feeds/intsell_bigbang.xml HTTP/1.1" 200 342004869 "-" "Python-urllib/3.11"
77.79.248.229 - - [14/Apr/2025:09:38:50 +0200] "GET /Jurek/coppotech/feeds/coppotech_bigbang.xml HTTP/1.1" 200 38049019 "-" "Python-urllib/3.11"
77.79.248.229 - - [14/Apr/2025:09:38:50 +0200] "GET /Jurek/stema/feeds/stema_bigbang.xml HTTP/1.1" 200 851871 "-" "Python-urllib/3.11"
77.79.248.229 - - [14/Apr/2025:09:38:51 +0200] "GET /Jurek/sempler/feeds/sempler_bigbang.xml HTTP/1.1" 200 6787956 "-" "Python-urllib/3.11"
77.79.248.229 - - [14/Apr/2025:09:38:51 +0200] "GET /Jurek/benetech/feeds/benetech_bigbang.xml HTTP/1.1" 200 4165290 "-" "Python-urllib/3.11"
77.79.248.229 - - [14/Apr/2025:09:38:52 +0200] "GET /Jurek/ekuchcikowo/feeds/ekuchcikowo_bigbang.xml HTTP/1.1" 200 12470961 "-" "Python-urllib/3.11"
77.79.248.229 - - [14/Apr/2025:09:38:53 +0200] "GET /Jurek/erohurtownia/feeds/erohurtownia_bigbang.xml HTTP/1.1" 200 22846332 "-" "Python-urllib/3.11"
51.77.52.107 - - [14/Apr/2025:09:38:56 +0200] "GET /Jurek/eurofirany/images/466767/0.jpg HTTP/2.0" 200 133277 "-" "baselinker"
89.161.206.59 - - [14/Apr/2025:09:39:07 +0200] "GET /Jurek/sportprise/feeds/sportprise_cdsc.xml HTTP/1.0" 200 16750570 "-" "-"
89.161.206.59 - - [14/Apr/2025:09:39:08 +0200] "GET /Jurek/princelh/feeds/princelh_cdsc.xml HTTP/1.0" 200 123627 "-" "-"
51.77.52.107 - - [14/Apr/2025:09:39:11 +0200] "GET /Jurek/eurofirany/images/466767/0.jpg HTTP/2.0" 200 133277 "-" "baselinker"
51.77.52.107 - - [14/Apr/2025:09:39:16 +0200] "GET /Jurek/eurofirany/images/466770/0.jpg HTTP/2.0" 200 133277 "-" "baselinker"
77.79.248.229 - - [14/Apr/2025:09:39:19 +0200] "GET /Jurek/naszedzieci/feeds/naszedzieci_bigbang.xml HTTP/1.1" 200 833165824 "-" "Python-urllib/3.11"
193.33.8.61 - - [14/Apr/2025:09:39:20 +0200] "GET /Jurek/jakdroz/feeds/jakdroz_zero.xml HTTP/2.0" 200 4089748 "https://konsola.dkkapusta1997.usermd.net/" "Mozilla/5.0 (Windows NT 10.0; Win64; x64) AppleWebKit/537.36 (KHTML, like Gecko) Chrome/135.0.0.0 Safari/537.36"
77.79.248.229 - - [14/Apr/2025:09:39:25 +0200] "GET /Jurek/jakdroz/feeds/jakdroz_zero.xml HTTP/1.1" 200 4089748 "-" "Python-urllib/3.11"
77.79.248.229 - - [14/Apr/2025:09:39:26 +0200] "GET /Jurek/awparts/feeds/awparts_bigbang.xml HTTP/1.1" 200 142300498 "-" "Python-urllib/3.11"
77.79.248.229 - - [14/Apr/2025:09:39:26 +0200] "GET /Jurek/najtanszysport/feeds/najtanszysport_bigbang.xml HTTP/1.1" 200 3983106 "-" "Python-urllib/3.11"
