51.77.52.107 - - [14/Apr/2025:11:37:10 +0200] "GET /Jurek/eurofirany/images/458996/0.jpg HTTP/2.0" 200 81318 "-" "baselinker"
51.77.52.107 - - [14/Apr/2025:11:37:30 +0200] "GET /Jurek/eurofirany/images/458996/0.jpg HTTP/2.0" 200 81318 "-" "baselinker"
51.77.52.107 - - [14/Apr/2025:11:37:45 +0200] "GET /Jurek/eurofirany/images/458996/0.jpg HTTP/2.0" 200 81318 "-" "baselinker"
66.249.64.165 - - [14/Apr/2025:11:38:01 +0200] "GET /Jurek/eurofirany/images/384167/1.jpg HTTP/1.1" 200 98077 "-" "Googlebot-Image/1.0"
51.77.52.107 - - [14/Apr/2025:11:38:10 +0200] "GET /Jurek/eurofirany/images/458998/0.jpg HTTP/2.0" 200 102188 "-" "baselinker"
51.77.52.107 - - [14/Apr/2025:11:38:27 +0200] "GET /Jurek/eurofirany/images/458998/0.jpg HTTP/2.0" 200 102188 "-" "baselinker"
51.77.52.107 - - [14/Apr/2025:11:38:45 +0200] "GET /Jurek/eurofirany/images/458998/0.jpg HTTP/2.0" 200 102188 "-" "baselinker"
51.77.52.107 - - [14/Apr/2025:11:38:51 +0200] "GET /Jurek/eurofirany/images/459011/0.jpg HTTP/2.0" 200 126528 "-" "baselinker"
51.77.52.107 - - [14/Apr/2025:11:39:05 +0200] "GET /Jurek/eurofirany/images/459011/0.jpg HTTP/2.0" 200 126528 "-" "baselinker"
51.77.52.107 - - [14/Apr/2025:11:39:23 +0200] "GET /Jurek/eurofirany/images/459011/0.jpg HTTP/2.0" 200 126528 "-" "baselinker"
5.134.208.158 - - [14/Apr/2025:11:39:30 +0200] "GET /Jurek/eurofirany/images/434094/0.jpg HTTP/1.1" 206 256 "https://www.ceneo.pl" "Mozilla/5.0 (Windows NT 10.0; Win64; x64) AppleWebKit/537.36 (KHTML, like Gecko) Chrome/87.0.4280.141 Safari/537.36"
66.249.64.167 - - [14/Apr/2025:11:39:41 +0200] "GET /Jurek/eurofirany/images/389924/1.jpg HTTP/1.1" 200 126016 "-" "Googlebot-Image/1.0"
51.77.52.107 - - [14/Apr/2025:11:39:50 +0200] "GET /Jurek/eurofirany/images/459023/0.jpg HTTP/2.0" 200 115293 "-" "baselinker"
51.77.52.107 - - [14/Apr/2025:11:40:12 +0200] "GET /Jurek/eurofirany/images/459023/0.jpg HTTP/2.0" 200 115293 "-" "baselinker"
51.77.52.107 - - [14/Apr/2025:11:40:36 +0200] "GET /Jurek/eurofirany/images/459023/0.jpg HTTP/2.0" 200 115293 "-" "baselinker"
51.77.52.107 - - [14/Apr/2025:11:40:45 +0200] "GET /Jurek/eurofirany/images/459025/0.jpg HTTP/2.0" 200 115293 "-" "baselinker"
51.77.52.107 - - [14/Apr/2025:11:41:03 +0200] "GET /Jurek/eurofirany/images/459025/0.jpg HTTP/2.0" 200 115293 "-" "baselinker"
89.161.206.59 - - [14/Apr/2025:11:41:08 +0200] "GET /Jurek/tsjerzy/feeds/tsjerzy_amazonde.xml HTTP/1.0" 200 3897714 "-" "-"
51.77.52.107 - - [14/Apr/2025:11:41:21 +0200] "GET /Jurek/eurofirany/images/459025/0.jpg HTTP/2.0" 200 115293 "-" "baselinker"
66.249.64.167 - - [14/Apr/2025:11:41:22 +0200] "GET /Jurek/eurofirany/images/400180/1.jpg HTTP/1.1" 200 39053 "-" "Googlebot-Image/1.0"
46.101.116.244 - - [14/Apr/2025:11:41:23 +0200] "GET /Jurek/hurtmeblowy/feeds/hurtmeblowy_kauflandcz.xml HTTP/2.0" 200 7526955 "-" "-"
51.77.52.107 - - [14/Apr/2025:11:41:39 +0200] "GET /Jurek/eurofirany/images/461697/0.jpg HTTP/2.0" 200 159688 "-" "baselinker"
46.101.116.244 - - [14/Apr/2025:11:41:41 +0200] "GET /Jurek/kobi/feeds/kobi_kauflandcz.xml HTTP/2.0" 200 943199 "-" "-"
51.77.52.107 - - [14/Apr/2025:11:41:48 +0200] "GET /Jurek/eurofirany/images/461697/0.jpg HTTP/2.0" 200 159688 "-" "baselinker"
46.101.116.244 - - [14/Apr/2025:11:41:52 +0200] "GET /Jurek/madrex/feeds/madrex_kauflandcz.xml HTTP/2.0" 200 466751 "-" "-"
51.77.52.107 - - [14/Apr/2025:11:41:56 +0200] "GET /Jurek/eurofirany/images/461697/0.jpg HTTP/2.0" 200 159688 "-" "baselinker"
51.77.52.107 - - [14/Apr/2025:11:41:58 +0200] "GET /Jurek/eurofirany/images/461698/0.jpg HTTP/2.0" 200 195964 "-" "baselinker"
46.101.116.244 - - [14/Apr/2025:11:42:04 +0200] "GET /Jurek/aw/feeds/aw_fnacfr.xml HTTP/1.0" 404 3551 "-" "-"
51.77.52.107 - - [14/Apr/2025:11:42:05 +0200] "GET /Jurek/eurofirany/images/461698/0.jpg HTTP/2.0" 200 195964 "-" "baselinker"
51.77.52.107 - - [14/Apr/2025:11:42:13 +0200] "GET /Jurek/eurofirany/images/461698/0.jpg HTTP/2.0" 200 195964 "-" "baselinker"
51.77.52.107 - - [14/Apr/2025:11:42:22 +0200] "GET /Jurek/eurofirany/images/468014/0.jpg HTTP/2.0" 200 138742 "-" "baselinker"
46.101.116.244 - - [14/Apr/2025:11:42:27 +0200] "GET /Jurek/action/feeds/action_kaufland.xml HTTP/2.0" 200 60244038 "-" "-"
89.161.206.59 - - [14/Apr/2025:11:42:37 +0200] "GET /Jurek/proadventure/feeds/proadventure_bol.xml HTTP/1.0" 200 10763450 "-" "-"
89.161.206.59 - - [14/Apr/2025:11:42:38 +0200] "GET /Jurek/stiv/feeds/stiv_bol.xml HTTP/1.0" 200 2056803 "-" "-"
89.161.206.59 - - [14/Apr/2025:11:42:38 +0200] "GET /Jurek/andex/feeds/andex_bol.xml HTTP/1.0" 200 1953475 "-" "-"
51.77.52.107 - - [14/Apr/2025:11:42:39 +0200] "GET /Jurek/eurofirany/images/468014/0.jpg HTTP/2.0" 200 138742 "-" "baselinker"
89.161.206.59 - - [14/Apr/2025:11:42:40 +0200] "GET /Jurek/luxury/feeds/luxury_bol.xml HTTP/1.0" 200 1010125 "-" "-"
46.101.116.244 - - [14/Apr/2025:11:42:42 +0200] "GET /Jurek/andex/feeds/andex_kaufland.xml HTTP/2.0" 200 1954255 "-" "-"
89.161.206.59 - - [14/Apr/2025:11:42:50 +0200] "GET /Jurek/kambukka/feeds/kambukka_emagro.xml HTTP/1.0" 200 1021481 "-" "-"
89.161.206.59 - - [14/Apr/2025:11:42:50 +0200] "GET /Jurek/amzteam/feeds/amzteam_emagro.xml HTTP/1.0" 200 97904 "-" "-"
89.161.206.59 - - [14/Apr/2025:11:42:50 +0200] "GET /Jurek/benetech/feeds/benetech_emagro.xml HTTP/1.0" 200 4165543 "-" "-"
89.161.206.59 - - [14/Apr/2025:11:42:50 +0200] "GET /Jurek/sempler/feeds/sempler_emagro.xml HTTP/1.0" 200 6788435 "-" "-"
89.161.206.59 - - [14/Apr/2025:11:42:51 +0200] "GET /Jurek/kinghoff/feeds/kinghoff_emagro.xml HTTP/1.0" 200 15517385 "-" "-"
46.101.116.244 - - [14/Apr/2025:11:42:54 +0200] "GET /Jurek/aw/feeds/awnarzedzia_kauflandcz.xml HTTP/2.0" 200 90655148 "-" "-"
89.161.206.59 - - [14/Apr/2025:11:42:58 +0200] "GET /Jurek/aiofactory/feeds/aiofactory_emagro.xml HTTP/1.0" 200 2124057 "-" "-"
51.77.52.107 - - [14/Apr/2025:11:42:58 +0200] "GET /Jurek/eurofirany/images/468014/0.jpg HTTP/2.0" 200 138742 "-" "baselinker"
66.249.64.165 - - [14/Apr/2025:11:43:01 +0200] "GET /Jurek/eurofirany/images/389918/1.jpg HTTP/1.1" 200 143259 "-" "Googlebot-Image/1.0"
89.161.206.59 - - [14/Apr/2025:11:43:07 +0200] "GET /Jurek/eurofirany/feeds/eurofirany_manomanofr.xml HTTP/1.0" 200 19317058 "-" "-"
51.77.52.107 - - [14/Apr/2025:11:43:09 +0200] "GET /Jurek/eurofirany/images/468016/0.jpg HTTP/2.0" 200 147982 "-" "baselinker"
46.101.116.244 - - [14/Apr/2025:11:43:13 +0200] "GET /Jurek/b3/feeds/b3_kaufland.xml HTTP/2.0" 200 8034475 "-" "-"
46.101.116.244 - - [14/Apr/2025:11:43:24 +0200] "GET /Jurek/barbecook/feeds/barbecook_kaufland.xml HTTP/2.0" 200 87616 "-" "-"
51.77.52.107 - - [14/Apr/2025:11:43:27 +0200] "GET /Jurek/eurofirany/images/468016/0.jpg HTTP/2.0" 200 147982 "-" "baselinker"
46.101.116.244 - - [14/Apr/2025:11:43:34 +0200] "GET /Jurek/bass/feeds/bass_kaufland.xml HTTP/2.0" 200 3986718 "-" "-"
46.101.116.244 - - [14/Apr/2025:11:43:45 +0200] "GET /Jurek/beliani/feeds/beliani_cz_kaufland.xml HTTP/2.0" 200 33921392 "-" "-"
51.77.52.107 - - [14/Apr/2025:11:43:45 +0200] "GET /Jurek/eurofirany/images/468016/0.jpg HTTP/2.0" 200 147982 "-" "baselinker"
89.161.206.59 - - [14/Apr/2025:11:43:58 +0200] "GET /Jurek/techrebalina/feeds/techrebalina_emagro.xml HTTP/1.0" 200 2011326 "-" "-"
46.101.116.244 - - [14/Apr/2025:11:43:58 +0200] "GET /Jurek/benbaby/feeds/benbaby_kaufland.xml HTTP/2.0" 200 3640158 "-" "-"
89.161.206.59 - - [14/Apr/2025:11:44:02 +0200] "GET /Jurek/coppotech/feeds/coppotech_emagro.xml HTTP/1.0" 200 38056758 "-" "-"
77.79.248.229 - - [14/Apr/2025:11:44:02 +0200] "GET /Jurek/aw/feeds/awnarzedzia_leroy.xml HTTP/1.1" 200 90546850 "-" "Python-urllib/3.11"
77.79.248.229 - - [14/Apr/2025:11:44:03 +0200] "GET /Jurek/hurtownia_przemyslowa/feeds/hp_leroy.xml HTTP/1.1" 200 49362550 "-" "Python-urllib/3.11"
77.79.248.229 - - [14/Apr/2025:11:44:03 +0200] "GET /Jurek/action/feeds/action_leroy.xml HTTP/1.1" 200 60205632 "-" "Python-urllib/3.11"
77.79.248.229 - - [14/Apr/2025:11:44:07 +0200] "GET /Jurek/b3/feeds/b3_leroy.xml HTTP/1.1" 200 8029683 "-" "Python-urllib/3.11"
77.79.248.229 - - [14/Apr/2025:11:44:08 +0200] "GET /Jurek/topeshop/feeds/topeshop_leroy.xml HTTP/1.1" 200 2633156 "-" "Python-urllib/3.11"
46.101.116.244 - - [14/Apr/2025:11:44:09 +0200] "GET /Jurek/detian/feeds/detian_kaufland.xml HTTP/2.0" 404 3551 "-" "-"
77.79.248.229 - - [14/Apr/2025:11:44:09 +0200] "GET /Jurek/eurofirany/feeds/eurofirany_leroy.xml HTTP/1.1" 200 19317431 "-" "Python-urllib/3.11"
77.79.248.229 - - [14/Apr/2025:11:44:09 +0200] "GET /Jurek/fernity/feeds/fernity_leroy.xml HTTP/1.1" 200 4797051 "-" "Python-urllib/3.11"
77.79.248.229 - - [14/Apr/2025:11:44:10 +0200] "GET /Jurek/kambukka/feeds/kambukka_leroy.xml HTTP/1.1" 200 1021373 "-" "Python-urllib/3.11"
77.79.248.229 - - [14/Apr/2025:11:44:10 +0200] "GET /Jurek/ikonka/feeds/ikonka_leroy.xml HTTP/1.1" 200 22186583 "-" "Python-urllib/3.11"
77.79.248.229 - - [14/Apr/2025:11:44:11 +0200] "GET /Jurek/oromed/feeds/oromed_leroy.xml HTTP/1.1" 200 1095987 "-" "Python-urllib/3.11"
77.79.248.229 - - [14/Apr/2025:11:44:11 +0200] "GET /Jurek/benetech/feeds/benetech_leroy.xml HTTP/1.1" 200 4165305 "-" "Python-urllib/3.11"
77.79.248.229 - - [14/Apr/2025:11:44:11 +0200] "GET /Jurek/octopia/feeds/octopia_leroy.xml HTTP/1.1" 200 10104975 "-" "Python-urllib/3.11"
77.79.248.229 - - [14/Apr/2025:11:44:11 +0200] "GET /Jurek/waks/feeds/waks_leroy.xml HTTP/1.1" 200 1596552 "-" "Python-urllib/3.11"
77.79.248.229 - - [14/Apr/2025:11:44:11 +0200] "GET /Jurek/kinghoff/feeds/kinghoff_leroy.xml HTTP/1.1" 200 15515235 "-" "Python-urllib/3.11"
77.79.248.229 - - [14/Apr/2025:11:44:12 +0200] "GET /Jurek/hdwr/feeds/hdwr_leroy.xml HTTP/1.1" 200 789407 "-" "Python-urllib/3.11"
77.79.248.229 - - [14/Apr/2025:11:44:14 +0200] "GET /Jurek/barbecook/feeds/barbecook_leroy.xml HTTP/1.1" 200 87520 "-" "Python-urllib/3.11"
77.79.248.229 - - [14/Apr/2025:11:44:14 +0200] "GET /Jurek/sempler/feeds/sempler_leroy.xml HTTP/1.1" 200 6787919 "-" "Python-urllib/3.11"
77.79.248.229 - - [14/Apr/2025:11:44:14 +0200] "GET /Jurek/kinghome/feeds/kinghome_leroy.xml HTTP/1.1" 200 6023377 "-" "Python-urllib/3.11"
77.79.248.229 - - [14/Apr/2025:11:44:15 +0200] "GET /Jurek/ekolight/feeds/ekolioght_leroy.xml HTTP/1.1" 200 9052764 "-" "Python-urllib/3.11"
77.79.248.229 - - [14/Apr/2025:11:44:15 +0200] "GET /Jurek/bimboland/feeds/bimboland_leroy.xml HTTP/1.1" 200 2804689 "-" "Python-urllib/3.11"
77.79.248.229 - - [14/Apr/2025:11:44:16 +0200] "GET /Jurek/hurtmeblowy/feeds/hurtmeblowy_leroy.xml HTTP/1.1" 200 8495562 "-" "Python-urllib/3.11"
77.79.248.229 - - [14/Apr/2025:11:44:16 +0200] "GET /Jurek/fertone/feeds/fertone_leroy.xml HTTP/1.1" 200 576499 "-" "Python-urllib/3.11"
77.79.248.229 - - [14/Apr/2025:11:44:16 +0200] "GET /Jurek/ekuchcikowo/feeds/ekuchcikowo_leroy.xml HTTP/1.1" 200 12471032 "-" "Python-urllib/3.11"
46.101.116.244 - - [14/Apr/2025:11:44:19 +0200] "GET /Jurek/emibig/feeds/emibig_kaufland.xml HTTP/2.0" 200 2524164 "-" "-"
77.79.248.229 - - [14/Apr/2025:11:44:20 +0200] "GET /Jurek/intsell/feeds/intsell_leroy.xml HTTP/1.1" 200 342006987 "-" "Python-urllib/3.11"
77.79.248.229 - - [14/Apr/2025:11:44:20 +0200] "GET /Jurek/velinda/feeds/velinda_leroy.xml HTTP/1.1" 200 23436 "-" "Python-urllib/3.11"
77.79.248.229 - - [14/Apr/2025:11:44:20 +0200] "GET /Jurek/spali/feeds/spali_leroy.xml HTTP/1.1" 200 77057 "-" "Python-urllib/3.11"
77.79.248.229 - - [14/Apr/2025:11:44:20 +0200] "GET /Jurek/urwiskowo/feeds/urwiskowo_leroy.xml HTTP/1.1" 200 9115051 "-" "Python-urllib/3.11"
77.79.248.229 - - [14/Apr/2025:11:44:21 +0200] "GET /Jurek/erohurtownia/feeds/erohurtownia_leroy.xml HTTP/1.1" 200 22846432 "-" "Python-urllib/3.11"
77.79.248.229 - - [14/Apr/2025:11:44:21 +0200] "GET /Jurek/elecomp/feeds/elecomp_leroy.xml HTTP/1.1" 200 2867821 "-" "Python-urllib/3.11"
77.79.248.229 - - [14/Apr/2025:11:44:21 +0200] "GET /Jurek/rider/feeds/rider_leroy.xml HTTP/1.1" 200 8165182 "-" "Python-urllib/3.11"
77.79.248.229 - - [14/Apr/2025:11:44:21 +0200] "GET /Jurek/eurofryz2/feeds/eurofryz2_leroy.xml HTTP/1.1" 200 1376781 "-" "Python-urllib/3.11"
77.79.248.229 - - [14/Apr/2025:11:44:21 +0200] "GET /Jurek/expertauto/feeds/expertauto_leroy.xml HTTP/1.1" 200 1158929 "-" "Python-urllib/3.11"
77.79.248.229 - - [14/Apr/2025:11:44:21 +0200] "GET /Jurek/najtanszysport/feeds/najtanszysport_leroy.xml HTTP/1.1" 200 3983232 "-" "Python-urllib/3.11"
77.79.248.229 - - [14/Apr/2025:11:44:22 +0200] "GET /Jurek/kobi/feeds/kobi_leroy.xml HTTP/1.1" 200 1993165 "-" "Python-urllib/3.11"
77.79.248.229 - - [14/Apr/2025:11:44:22 +0200] "GET /Jurek/narzbud/feeds/narzbud_leroy.xml HTTP/1.1" 200 1901246 "-" "Python-urllib/3.11"
77.79.248.229 - - [14/Apr/2025:11:44:25 +0200] "GET /Jurek/awparts/feeds/awparts_leroy.xml HTTP/1.1" 200 142303969 "-" "Python-urllib/3.11"
77.79.248.229 - - [14/Apr/2025:11:44:25 +0200] "GET /Jurek/kidshop/feeds/kidshop_leroy.xml HTTP/1.1" 200 19850599 "-" "Python-urllib/3.11"
51.77.52.107 - - [14/Apr/2025:11:44:25 +0200] "GET /Jurek/eurofirany/images/468019/0.jpg HTTP/2.0" 200 117671 "-" "baselinker"
77.79.248.229 - - [14/Apr/2025:11:44:25 +0200] "GET /Jurek/playcob/feeds/playcob_leroy.xml HTTP/1.1" 200 6980199 "-" "Python-urllib/3.11"
77.79.248.229 - - [14/Apr/2025:11:44:26 +0200] "GET /Jurek/dropkz/feeds/dropkz_leroy.xml HTTP/1.1" 200 70014830 "-" "Python-urllib/3.11"
77.79.248.229 - - [14/Apr/2025:11:44:27 +0200] "GET /Jurek/hanex/feeds/hanex_leroy.xml HTTP/1.1" 200 13931596 "-" "Python-urllib/3.11"
77.79.248.229 - - [14/Apr/2025:11:44:27 +0200] "GET /Jurek/straganbiur/feeds/straganbiur_leroy.xml HTTP/1.1" 200 8892970 "-" "Python-urllib/3.11"
77.79.248.229 - - [14/Apr/2025:11:44:27 +0200] "GET /Jurek/roger/feeds/roger_leroy.xml HTTP/1.1" 200 1396545 "-" "Python-urllib/3.11"
77.79.248.229 - - [14/Apr/2025:11:44:27 +0200] "GET /Jurek/sportprise/feeds/sportprise_leroy.xml HTTP/1.1" 200 12725447 "-" "Python-urllib/3.11"
77.79.248.229 - - [14/Apr/2025:11:44:28 +0200] "GET /Jurek/hurtmeblowy/feeds/hurtmeblowy_leroy.xml HTTP/1.1" 200 8495562 "-" "Python-urllib/3.11"
77.79.248.229 - - [14/Apr/2025:11:44:28 +0200] "GET /Jurek/oknobest/feeds/oknobest_leroy.xml HTTP/1.1" 200 2707901 "-" "Python-urllib/3.11"
77.79.248.229 - - [14/Apr/2025:11:44:28 +0200] "GET /Jurek/german/feeds/german_leroy.xml HTTP/1.1" 200 2853573 "-" "Python-urllib/3.11"
77.79.248.229 - - [14/Apr/2025:11:44:28 +0200] "GET /Jurek/kristronik/feeds/kristronik_leroy.xml HTTP/1.1" 200 691971 "-" "Python-urllib/3.11"
77.79.248.229 - - [14/Apr/2025:11:44:29 +0200] "GET /Jurek/erohurtownia/feeds/erohurtownia_leroy.xml HTTP/1.1" 200 22846432 "-" "Python-urllib/3.11"
77.79.248.229 - - [14/Apr/2025:11:44:29 +0200] "GET /Jurek/smxdesign/feeds/smxdesign_leroy.xml HTTP/1.1" 200 1829046 "-" "Python-urllib/3.11"
77.79.248.229 - - [14/Apr/2025:11:44:29 +0200] "GET /Jurek/elavia/feeds/elavia_leroy.xml HTTP/1.1" 200 2497270 "-" "Python-urllib/3.11"
46.101.116.244 - - [14/Apr/2025:11:44:30 +0200] "GET /Jurek/eurofirany/feeds/eurofirany_kaufland_greatstore.xml HTTP/2.0" 200 19337498 "-" "-"
77.79.248.229 - - [14/Apr/2025:11:44:30 +0200] "GET /Jurek/relogy/feeds/relogy_leroy.xml HTTP/1.1" 200 66666156 "-" "Python-urllib/3.11"
77.79.248.229 - - [14/Apr/2025:11:44:31 +0200] "GET /Jurek/hlo/feeds/hlo_leroy.xml HTTP/1.1" 200 4838667 "-" "Python-urllib/3.11"
77.79.248.229 - - [14/Apr/2025:11:44:31 +0200] "GET /Jurek/aiofactory/feeds/aiofactory_leroy.xml HTTP/1.1" 200 2123784 "-" "Python-urllib/3.11"
77.79.248.229 - - [14/Apr/2025:11:44:31 +0200] "GET /Jurek/broers/feeds/broers_leroy.xml HTTP/1.1" 200 1982639 "-" "Python-urllib/3.11"
77.79.248.229 - - [14/Apr/2025:11:44:31 +0200] "GET /Jurek/euroshop/feeds/euroshop_leroy.xml HTTP/1.1" 200 20025477 "-" "Python-urllib/3.11"
77.79.248.229 - - [14/Apr/2025:11:44:32 +0200] "GET /Jurek/jankeski/feeds/jankeski_leroy.xml HTTP/1.1" 200 6571026 "-" "Python-urllib/3.11"
77.79.248.229 - - [14/Apr/2025:11:44:32 +0200] "GET /Jurek/zbimatyja/feeds/zbimatyja_leroy.xml HTTP/1.1" 200 11670126 "-" "Python-urllib/3.11"
51.77.52.107 - - [14/Apr/2025:11:44:32 +0200] "GET /Jurek/eurofirany/images/468019/0.jpg HTTP/2.0" 200 117671 "-" "baselinker"
77.79.248.229 - - [14/Apr/2025:11:44:32 +0200] "GET /Jurek/cdata/feeds/cdata_leroy.xml HTTP/1.1" 200 1445127 "-" "Python-urllib/3.11"
77.79.248.229 - - [14/Apr/2025:11:44:32 +0200] "GET /Jurek/asortymenteu/feeds/asortymenteu_leroy.xml HTTP/1.1" 200 2764561 "-" "Python-urllib/3.11"
77.79.248.229 - - [14/Apr/2025:11:44:33 +0200] "GET /Jurek/biokominki/feeds/biokominki_leroy.xml HTTP/1.1" 200 1422255 "-" "Python-urllib/3.11"
77.79.248.229 - - [14/Apr/2025:11:44:33 +0200] "GET /Jurek/newtechele/feeds/newtechele_leroy.xml HTTP/1.1" 200 2438529 "-" "Python-urllib/3.11"
77.79.248.229 - - [14/Apr/2025:11:44:33 +0200] "GET /Jurek/matkam/feeds/matkam_leroy.xml HTTP/1.1" 200 5000750 "-" "Python-urllib/3.11"
77.79.248.229 - - [14/Apr/2025:11:44:33 +0200] "GET /Jurek/cenoman/feeds/cenoman_leroy.xml HTTP/1.1" 200 5993191 "-" "Python-urllib/3.11"
77.79.248.229 - - [14/Apr/2025:11:44:34 +0200] "GET /Jurek/kamar/feeds/kamar_leroy.xml HTTP/1.1" 200 25549903 "-" "Python-urllib/3.11"
77.79.248.229 - - [14/Apr/2025:11:44:34 +0200] "GET /Jurek/avenido/feeds/avenido_leroy.xml HTTP/1.1" 200 720084 "-" "Python-urllib/3.11"
77.79.248.229 - - [14/Apr/2025:11:44:34 +0200] "GET /Jurek/zenex/feeds/zenex_leroy.xml HTTP/1.1" 200 540179 "-" "Python-urllib/3.11"
77.79.248.229 - - [14/Apr/2025:11:44:34 +0200] "GET /Jurek/filmal/feeds/filmal_leroy.xml HTTP/1.1" 200 139276 "-" "Python-urllib/3.11"
77.79.248.229 - - [14/Apr/2025:11:44:35 +0200] "GET /Jurek/makow/feeds/makow_leroy.xml HTTP/1.1" 200 21203815 "-" "Python-urllib/3.11"
77.79.248.229 - - [14/Apr/2025:11:44:35 +0200] "GET /Jurek/szpaklampy/feeds/szpaklampy_leroy.xml HTTP/1.1" 200 388209 "-" "Python-urllib/3.11"
77.79.248.229 - - [14/Apr/2025:11:44:35 +0200] "GET /Jurek/apresto/feeds/apresto_leroy.xml HTTP/1.1" 200 1327653 "-" "Python-urllib/3.11"
77.79.248.229 - - [14/Apr/2025:11:44:35 +0200] "GET /Jurek/nexus/feeds/nexus_leroy.xml HTTP/1.1" 200 226642 "-" "Python-urllib/3.11"
77.79.248.229 - - [14/Apr/2025:11:44:35 +0200] "GET /Jurek/em3/feeds/em3_leroy.xml HTTP/1.1" 200 258929 "-" "Python-urllib/3.11"
77.79.248.229 - - [14/Apr/2025:11:44:35 +0200] "GET /Jurek/mojeledy/feeds/mojeledy_leroy.xml HTTP/1.1" 200 1018430 "-" "Python-urllib/3.11"
77.79.248.229 - - [14/Apr/2025:11:44:35 +0200] "GET /Jurek/carbonyway/feeds/carbonyway_leroy.xml HTTP/1.1" 200 3076028 "-" "Python-urllib/3.11"
77.79.248.229 - - [14/Apr/2025:11:44:35 +0200] "GET /Jurek/kalama/feeds/kalama_leroy.xml HTTP/1.1" 200 2661735 "-" "Python-urllib/3.11"
77.79.248.229 - - [14/Apr/2025:11:44:35 +0200] "GET /Jurek/proadventure/feeds/proadventure_leroy.xml HTTP/1.1" 200 10763558 "-" "Python-urllib/3.11"
77.79.248.229 - - [14/Apr/2025:11:44:36 +0200] "GET /Jurek/sklep24amk/feeds/sklep24amk_leroy.xml HTTP/1.1" 200 3894566 "-" "Python-urllib/3.11"
51.77.52.107 - - [14/Apr/2025:11:44:36 +0200] "GET /Jurek/eurofirany/images/468019/0.jpg HTTP/2.0" 200 117671 "-" "baselinker"
66.249.64.167 - - [14/Apr/2025:11:44:41 +0200] "GET /Jurek/eurofirany/images/367116/4.jpg HTTP/1.1" 200 116759 "-" "Googlebot-Image/1.0"
46.101.116.244 - - [14/Apr/2025:11:44:42 +0200] "GET /Jurek/fernity/feeds/fernity_kaufland.xml HTTP/2.0" 200 4800667 "-" "-"
51.77.52.107 - - [14/Apr/2025:11:44:42 +0200] "GET /Jurek/eurofirany/images/468021/0.jpg HTTP/2.0" 200 117671 "-" "baselinker"
77.79.248.229 - - [14/Apr/2025:11:44:43 +0200] "GET /Jurek/bloomglow/feeds/bloomglow_leroy.xml HTTP/1.1" 200 14095423 "-" "Python-urllib/3.11"
51.77.52.107 - - [14/Apr/2025:11:44:47 +0200] "GET /Jurek/eurofirany/images/468021/0.jpg HTTP/2.0" 200 117671 "-" "baselinker"
51.77.52.107 - - [14/Apr/2025:11:44:52 +0200] "GET /Jurek/eurofirany/images/468021/0.jpg HTTP/2.0" 200 117671 "-" "baselinker"
51.77.52.107 - - [14/Apr/2025:11:44:57 +0200] "GET /Jurek/eurofirany/images/423906/0.jpg HTTP/2.0" 200 137716 "-" "baselinker"
46.101.116.244 - - [14/Apr/2025:11:45:05 +0200] "GET /Jurek/hurtownia_przemyslowa/feeds/hp_kaufcz.xml HTTP/2.0" 200 49378578 "-" "-"
51.77.52.107 - - [14/Apr/2025:11:45:13 +0200] "GET /Jurek/eurofirany/images/423906/0.jpg HTTP/2.0" 200 137716 "-" "baselinker"
51.77.52.107 - - [14/Apr/2025:11:45:28 +0200] "GET /Jurek/eurofirany/images/423906/0.jpg HTTP/2.0" 200 137716 "-" "baselinker"
46.101.116.244 - - [14/Apr/2025:11:45:36 +0200] "GET /Jurek/ikonka/feeds/ikonka_kaufland.xml HTTP/2.0" 200 22189087 "-" "-"
51.77.52.107 - - [14/Apr/2025:11:45:47 +0200] "GET /Jurek/eurofirany/images/423898/0.jpg HTTP/2.0" 200 137680 "-" "baselinker"
46.101.116.244 - - [14/Apr/2025:11:45:48 +0200] "GET /Jurek/kinghoff/feeds/kinghoff_kaufland.xml HTTP/2.0" 200 15518590 "-" "-"
46.101.116.244 - - [14/Apr/2025:11:46:01 +0200] "GET /Jurek/kinghome/feeds/kinghome_kaufland.xml HTTP/2.0" 200 6028365 "-" "-"
51.77.52.107 - - [14/Apr/2025:11:46:04 +0200] "GET /Jurek/eurofirany/images/423898/0.jpg HTTP/2.0" 200 137680 "-" "baselinker"
66.249.64.165 - - [14/Apr/2025:11:46:21 +0200] "GET /Jurek/eurofirany/images/357380/2.jpg HTTP/1.1" 200 40898 "-" "Googlebot-Image/1.0"
51.77.52.107 - - [14/Apr/2025:11:46:21 +0200] "GET /Jurek/eurofirany/images/423898/0.jpg HTTP/2.0" 200 137680 "-" "baselinker"
51.77.52.107 - - [14/Apr/2025:11:46:36 +0200] "GET /Jurek/eurofirany/images/425637/0.jpg HTTP/2.0" 200 132215 "-" "baselinker"
46.101.116.244 - - [14/Apr/2025:11:46:38 +0200] "GET /Jurek/octopia/feeds/octopia_kaufland.xml HTTP/2.0" 200 10116659 "-" "-"
46.101.116.244 - - [14/Apr/2025:11:46:50 +0200] "GET /Jurek/rovicky/feeds/rovicky_kaufland.xml HTTP/2.0" 200 15073600 "-" "-"
51.77.52.107 - - [14/Apr/2025:11:46:55 +0200] "GET /Jurek/eurofirany/images/425637/0.jpg HTTP/2.0" 200 132215 "-" "baselinker"
46.101.116.244 - - [14/Apr/2025:11:47:00 +0200] "GET /Jurek/stema/feeds/stema_kauflandcz.xml HTTP/2.0" 200 852447 "-" "-"
46.101.116.244 - - [14/Apr/2025:11:47:11 +0200] "GET /Jurek/twm/feeds/twm-kaufland.xml HTTP/2.0" 200 2418061 "-" "-"
51.77.52.107 - - [14/Apr/2025:11:47:11 +0200] "GET /Jurek/eurofirany/images/425637/0.jpg HTTP/2.0" 200 132215 "-" "baselinker"
46.101.116.244 - - [14/Apr/2025:11:47:22 +0200] "GET /Jurek/unimet/feeds/unimet_kaufland.xml HTTP/2.0" 200 60531195 "-" "-"
46.101.116.244 - - [14/Apr/2025:11:47:26 +0200] "GET /Jurek/vivaldi/feeds/vivaldi_kaufland.xml HTTP/2.0" 200 344829 "-" "-"
51.77.52.107 - - [14/Apr/2025:11:47:27 +0200] "GET /Jurek/eurofirany/images/425635/0.jpg HTTP/2.0" 200 130087 "-" "baselinker"
51.77.52.107 - - [14/Apr/2025:11:47:41 +0200] "GET /Jurek/eurofirany/images/425635/0.jpg HTTP/2.0" 200 130087 "-" "baselinker"
46.101.116.244 - - [14/Apr/2025:11:47:45 +0200] "GET /Jurek/vidaCZ/feeds/vida_Kaufland.xml HTTP/2.0" 200 664777904 "-" "-"
51.77.52.107 - - [14/Apr/2025:11:47:58 +0200] "GET /Jurek/eurofirany/images/425635/0.jpg HTTP/2.0" 200 130087 "-" "baselinker"
66.249.64.166 - - [14/Apr/2025:11:48:01 +0200] "GET /Jurek/eurofirany/images/389918/3.jpg HTTP/1.1" 200 254027 "-" "Googlebot-Image/1.0"
51.77.52.107 - - [14/Apr/2025:11:48:16 +0200] "GET /Jurek/eurofirany/images/448474/0.jpg HTTP/2.0" 200 137876 "-" "baselinker"
46.101.116.244 - - [14/Apr/2025:11:48:31 +0200] "GET /Jurek/hurtmeblowy/feeds/hurtmeblowy_kauflandsk.xml HTTP/2.0" 200 7523916 "-" "-"
51.77.52.107 - - [14/Apr/2025:11:48:32 +0200] "GET /Jurek/eurofirany/images/448474/0.jpg HTTP/2.0" 200 137876 "-" "baselinker"
46.101.116.244 - - [14/Apr/2025:11:48:47 +0200] "GET /Jurek/kobi/feeds/kobi_kauflandsk.xml HTTP/2.0" 200 942985 "-" "-"
51.77.52.107 - - [14/Apr/2025:11:48:50 +0200] "GET /Jurek/eurofirany/images/448474/0.jpg HTTP/2.0" 200 137876 "-" "baselinker"
46.101.116.244 - - [14/Apr/2025:11:48:57 +0200] "GET /Jurek/madrex/feeds/madrex_kauflandsk.xml HTTP/2.0" 200 466699 "-" "-"
51.77.52.107 - - [14/Apr/2025:11:49:06 +0200] "GET /Jurek/eurofirany/images/448478/0.jpg HTTP/2.0" 200 129990 "-" "baselinker"
3.126.202.245 - - [14/Apr/2025:11:49:12 +0200] "GET /Jurek/eurofirany/images/391735/0.jpg HTTP/2.0" 200 128537 "-" "Mozilla/5.0 (Windows NT 10.0; Win64; x64) AppleWebKit/537.36 (KHTML, like Gecko) Chrome/109.0.0.0 Safari/537.36"
51.77.52.107 - - [14/Apr/2025:11:49:23 +0200] "GET /Jurek/eurofirany/images/448478/0.jpg HTTP/2.0" 200 129990 "-" "baselinker"
46.101.116.244 - - [14/Apr/2025:11:49:32 +0200] "GET /Jurek/action/feeds/action_kauflandsk.xml HTTP/2.0" 200 60201773 "-" "-"
51.77.52.107 - - [14/Apr/2025:11:49:39 +0200] "GET /Jurek/eurofirany/images/448478/0.jpg HTTP/2.0" 200 129990 "-" "baselinker"
66.249.64.167 - - [14/Apr/2025:11:49:41 +0200] "GET /Jurek/eurofirany/images/416152/3.jpg HTTP/1.1" 200 105017 "-" "Googlebot-Image/1.0"
46.101.116.244 - - [14/Apr/2025:11:49:47 +0200] "GET /Jurek/andex/feeds/andex_kauflandsk.xml HTTP/2.0" 200 1953349 "-" "-"
51.77.52.107 - - [14/Apr/2025:11:49:54 +0200] "GET /Jurek/eurofirany/images/448470/0.jpg HTTP/2.0" 200 134919 "-" "baselinker"
46.101.116.244 - - [14/Apr/2025:11:49:59 +0200] "GET /Jurek/aw/feeds/awnarzedzia_kauflandsk.xml HTTP/2.0" 200 90532812 "-" "-"
77.79.248.229 - - [14/Apr/2025:11:50:03 +0200] "GET /Jurek/eurofirany/feeds/eurofirany_allsweet.xml HTTP/1.1" 200 19321749 "-" "Python-urllib/3.11"
77.79.248.229 - - [14/Apr/2025:11:50:05 +0200] "GET /Jurek/ikonka/feeds/ikonka_all_sweet.xml HTTP/1.1" 200 22187110 "-" "Python-urllib/3.11"
77.79.248.229 - - [14/Apr/2025:11:50:05 +0200] "GET /Jurek/stema/feeds/stema_all.xml HTTP/1.1" 200 852025 "-" "Python-urllib/3.11"
77.79.248.229 - - [14/Apr/2025:11:50:06 +0200] "GET /Jurek/eurofirany/feeds/eurofirany_all_cz.xml HTTP/1.1" 200 19336945 "-" "Python-urllib/3.11"
77.79.248.229 - - [14/Apr/2025:11:50:06 +0200] "GET /Jurek/ikonka/feeds/ikonka_all_cz.xml HTTP/1.1" 200 22189021 "-" "Python-urllib/3.11"
77.79.248.229 - - [14/Apr/2025:11:50:06 +0200] "GET /Jurek/stema/feeds/stema_all_cz.xml HTTP/1.1" 200 852483 "-" "Python-urllib/3.11"
77.79.248.229 - - [14/Apr/2025:11:50:07 +0200] "GET /Jurek/eurofirany/feeds/eurofirany_all_sk.xml HTTP/1.1" 200 19316275 "-" "Python-urllib/3.11"
77.79.248.229 - - [14/Apr/2025:11:50:08 +0200] "GET /Jurek/ikonka/feeds/ikonka_all_sk.xml HTTP/1.1" 200 22186316 "-" "Python-urllib/3.11"
77.79.248.229 - - [14/Apr/2025:11:50:08 +0200] "GET /Jurek/stema/feeds/stema_all_sk.xml HTTP/1.1" 200 851741 "-" "Python-urllib/3.11"
51.77.52.107 - - [14/Apr/2025:11:50:10 +0200] "GET /Jurek/eurofirany/images/448470/0.jpg HTTP/2.0" 200 134919 "-" "baselinker"
51.77.52.107 - - [14/Apr/2025:11:50:15 +0200] "GET /Jurek/eurofirany/images/448470/0.jpg HTTP/2.0" 200 134919 "-" "baselinker"
46.101.116.244 - - [14/Apr/2025:11:50:18 +0200] "GET /Jurek/b3/feeds/b3_kauflandsk.xml HTTP/2.0" 200 8029577 "-" "-"
46.101.116.244 - - [14/Apr/2025:11:50:29 +0200] "GET /Jurek/barbecook/feeds/barbecook_kauflandsk.xml HTTP/2.0" 200 87527 "-" "-"
51.77.52.107 - - [14/Apr/2025:11:50:35 +0200] "GET /Jurek/eurofirany/images/448477/0.jpg HTTP/2.0" 200 134919 "-" "baselinker"
46.101.116.244 - - [14/Apr/2025:11:50:40 +0200] "GET /Jurek/bass/feeds/bass_kauflandsk.xml HTTP/2.0" 200 3984413 "-" "-"
51.77.52.107 - - [14/Apr/2025:11:50:50 +0200] "GET /Jurek/eurofirany/images/448477/0.jpg HTTP/2.0" 200 134919 "-" "baselinker"
46.101.116.244 - - [14/Apr/2025:11:50:51 +0200] "GET /Jurek/beliani/feeds/beliani_sk_kaufland.xml HTTP/2.0" 200 34046950 "-" "-"
35.180.172.158 - - [14/Apr/2025:11:51:01 +0200] "GET / HTTP/1.1" 200 1559 "www.google.com" "Mozilla/5.0 (Linux; Android 7.0; SM-G892A Build/NRD90M; wv) AppleWebKit/537.36 (KHTML, like Gecko) Version/4.0 Chrome/60.0.3112.107 Mobile Safari/537.36"
35.180.172.158 - - [14/Apr/2025:11:51:03 +0200] "GET /wp HTTP/1.1" 404 3551 "www.google.com" "Mozilla/5.0 (Linux; Android 7.0; SM-G892A Build/NRD90M; wv) AppleWebKit/537.36 (KHTML, like Gecko) Version/4.0 Chrome/60.0.3112.107 Mobile Safari/537.36"
46.101.116.244 - - [14/Apr/2025:11:51:03 +0200] "GET /Jurek/benbaby/feeds/benbaby_kauflandsk.xml HTTP/2.0" 200 3637308 "-" "-"
35.180.172.158 - - [14/Apr/2025:11:51:05 +0200] "GET /wordpress HTTP/1.1" 404 3551 "www.google.com" "Mozilla/5.0 (Linux; Android 7.0; SM-G892A Build/NRD90M; wv) AppleWebKit/537.36 (KHTML, like Gecko) Version/4.0 Chrome/60.0.3112.107 Mobile Safari/537.36"
35.180.172.158 - - [14/Apr/2025:11:51:06 +0200] "GET /dkkapusta1997 HTTP/1.1" 404 3551 "www.google.com" "Mozilla/5.0 (Linux; Android 7.0; SM-G892A Build/NRD90M; wv) AppleWebKit/537.36 (KHTML, like Gecko) Version/4.0 Chrome/60.0.3112.107 Mobile Safari/537.36"
89.161.206.59 - - [14/Apr/2025:11:51:07 +0200] "GET /Jurek/princelh/feeds/princelh_amazonde.xml HTTP/1.0" 200 133438 "-" "-"
89.161.206.59 - - [14/Apr/2025:11:51:07 +0200] "GET /Jurek/zbimatyja/feeds/zbimatyja_amazonde.xml HTTP/1.0" 200 11670116 "-" "-"
35.180.172.158 - - [14/Apr/2025:11:51:08 +0200] "GET /wordpress HTTP/1.1" 404 3551 "www.google.com" "Mozilla/5.0 (Linux; Android 7.0; SM-G892A Build/NRD90M; wv) AppleWebKit/537.36 (KHTML, like Gecko) Version/4.0 Chrome/60.0.3112.107 Mobile Safari/537.36"
89.161.206.59 - - [14/Apr/2025:11:51:09 +0200] "GET /Jurek/beltimore/feeds/beltimore_amazonde.xml HTTP/1.0" 200 18651541 "-" "-"
35.180.172.158 - - [14/Apr/2025:11:51:09 +0200] "GET /old HTTP/1.1" 404 3551 "www.google.com" "Mozilla/5.0 (Linux; Android 7.0; SM-G892A Build/NRD90M; wv) AppleWebKit/537.36 (KHTML, like Gecko) Version/4.0 Chrome/60.0.3112.107 Mobile Safari/537.36"
51.77.52.107 - - [14/Apr/2025:11:51:09 +0200] "GET /Jurek/eurofirany/images/448477/0.jpg HTTP/2.0" 200 134919 "-" "baselinker"
35.180.172.158 - - [14/Apr/2025:11:51:09 +0200] "GET /backup HTTP/1.1" 404 3551 "www.google.com" "Mozilla/5.0 (Linux; Android 7.0; SM-G892A Build/NRD90M; wv) AppleWebKit/537.36 (KHTML, like Gecko) Version/4.0 Chrome/60.0.3112.107 Mobile Safari/537.36"
35.180.172.158 - - [14/Apr/2025:11:51:14 +0200] "GET /new HTTP/1.1" 404 3551 "www.google.com" "Mozilla/5.0 (Linux; Android 7.0; SM-G892A Build/NRD90M; wv) AppleWebKit/537.36 (KHTML, like Gecko) Version/4.0 Chrome/60.0.3112.107 Mobile Safari/537.36"
46.101.116.244 - - [14/Apr/2025:11:51:14 +0200] "GET /Jurek/detian/feeds/detian_kauflandsk.xml HTTP/2.0" 404 3551 "-" "-"
35.180.172.158 - - [14/Apr/2025:11:51:14 +0200] "GET /test HTTP/1.1" 404 3551 "www.google.com" "Mozilla/5.0 (Linux; Android 7.0; SM-G892A Build/NRD90M; wv) AppleWebKit/537.36 (KHTML, like Gecko) Version/4.0 Chrome/60.0.3112.107 Mobile Safari/537.36"
35.180.172.158 - - [14/Apr/2025:11:51:15 +0200] "GET /wp HTTP/1.1" 404 3551 "www.google.com" "Mozilla/5.0 (Linux; Android 7.0; SM-G892A Build/NRD90M; wv) AppleWebKit/537.36 (KHTML, like Gecko) Version/4.0 Chrome/60.0.3112.107 Mobile Safari/537.36"
35.180.172.158 - - [14/Apr/2025:11:51:17 +0200] "GET /temp HTTP/1.1" 404 3551 "www.google.com" "Mozilla/5.0 (Linux; Android 7.0; SM-G892A Build/NRD90M; wv) AppleWebKit/537.36 (KHTML, like Gecko) Version/4.0 Chrome/60.0.3112.107 Mobile Safari/537.36"
35.180.172.158 - - [14/Apr/2025:11:51:18 +0200] "GET /blog HTTP/1.1" 404 3551 "www.google.com" "Mozilla/5.0 (Linux; Android 7.0; SM-G892A Build/NRD90M; wv) AppleWebKit/537.36 (KHTML, like Gecko) Version/4.0 Chrome/60.0.3112.107 Mobile Safari/537.36"
66.249.64.165 - - [14/Apr/2025:11:51:21 +0200] "GET /Jurek/eurofirany/images/386192/6.jpg HTTP/1.1" 200 145680 "-" "Googlebot-Image/1.0"
46.101.116.244 - - [14/Apr/2025:11:51:24 +0200] "GET /Jurek/emibig/feeds/emibig_kauflandsk.xml HTTP/2.0" 200 2522205 "-" "-"
51.77.52.107 - - [14/Apr/2025:11:51:26 +0200] "GET /Jurek/eurofirany/images/448511/0.jpg HTTP/2.0" 200 136571 "-" "baselinker"
46.101.116.244 - - [14/Apr/2025:11:51:35 +0200] "GET /Jurek/eurofirany/feeds/eurofirany_kaufland_sk.xml HTTP/2.0" 200 19317633 "-" "-"
46.101.116.244 - - [14/Apr/2025:11:51:47 +0200] "GET /Jurek/fernity/feeds/fernity_kauflandsk.xml HTTP/2.0" 200 4796469 "-" "-"
51.77.52.107 - - [14/Apr/2025:11:51:47 +0200] "GET /Jurek/eurofirany/images/448511/0.jpg HTTP/2.0" 200 136571 "-" "baselinker"
51.77.52.107 - - [14/Apr/2025:11:52:07 +0200] "GET /Jurek/eurofirany/images/448511/0.jpg HTTP/2.0" 200 136571 "-" "baselinker"
46.101.116.244 - - [14/Apr/2025:11:52:10 +0200] "GET /Jurek/hurtownia_przemyslowa/feeds/hp_kaufsk.xml HTTP/2.0" 200 49360891 "-" "-"
51.77.52.107 - - [14/Apr/2025:11:52:16 +0200] "GET /Jurek/eurofirany/images/349899/0.jpg HTTP/2.0" 200 69212 "-" "baselinker"
51.77.52.107 - - [14/Apr/2025:11:52:31 +0200] "GET /Jurek/eurofirany/images/349899/0.jpg HTTP/2.0" 200 69212 "-" "baselinker"
51.77.52.107 - - [14/Apr/2025:11:52:43 +0200] "GET /Jurek/eurofirany/images/349899/0.jpg HTTP/2.0" 200 69212 "-" "baselinker"
46.101.116.244 - - [14/Apr/2025:11:52:44 +0200] "GET /Jurek/ikonka/feeds/ikonka_kauflandsk.xml HTTP/2.0" 200 22186547 "-" "-"
46.101.116.244 - - [14/Apr/2025:11:52:56 +0200] "GET /Jurek/kinghoff/feeds/kinghoff_kauflandsk.xml HTTP/2.0" 200 15515207 "-" "-"
51.77.52.107 - - [14/Apr/2025:11:53:00 +0200] "GET /Jurek/eurofirany/images/349953/0.jpg HTTP/2.0" 200 69037 "-" "baselinker"
66.249.64.167 - - [14/Apr/2025:11:53:01 +0200] "GET /Jurek/topeshop/downloaded_images/5904507202002_BILBAO_4P1_3_.png HTTP/1.1" 200 810253 "-" "Googlebot-Image/1.0"
51.77.52.107 - - [14/Apr/2025:11:53:05 +0200] "GET /Jurek/eurofirany/images/349953/0.jpg HTTP/2.0" 200 69037 "-" "baselinker"
46.101.116.244 - - [14/Apr/2025:11:53:11 +0200] "GET /Jurek/kinghome/feeds/kinghome_kauflandsk.xml HTTP/2.0" 200 6023035 "-" "-"
51.77.52.107 - - [14/Apr/2025:11:53:16 +0200] "GET /Jurek/eurofirany/images/349953/0.jpg HTTP/2.0" 200 69037 "-" "baselinker"
51.77.52.107 - - [14/Apr/2025:11:53:34 +0200] "GET /Jurek/eurofirany/images/349954/0.jpg HTTP/2.0" 200 65372 "-" "baselinker"
46.101.116.244 - - [14/Apr/2025:11:53:49 +0200] "GET /Jurek/aw/feeds/awnarzedzia_skroutz.xml HTTP/1.0" 200 90548328 "-" "-"
46.101.116.244 - - [14/Apr/2025:11:53:51 +0200] "GET /Jurek/octopia/feeds/octopia_kauflandsk.xml HTTP/2.0" 200 10103788 "-" "-"
51.77.52.107 - - [14/Apr/2025:11:53:55 +0200] "GET /Jurek/eurofirany/images/349954/0.jpg HTTP/2.0" 200 65372 "-" "baselinker"
51.77.52.107 - - [14/Apr/2025:11:53:59 +0200] "GET /Jurek/eurofirany/images/349954/0.jpg HTTP/2.0" 200 65372 "-" "baselinker"
46.101.116.244 - - [14/Apr/2025:11:54:02 +0200] "GET /Jurek/rovicky/feeds/rovicky_kauflandsk.xml HTTP/2.0" 200 15067927 "-" "-"
77.79.248.229 - - [14/Apr/2025:11:54:08 +0200] "GET /Jurek/vidaSI/feeds/vidaSI_bigbang.xml HTTP/1.1" 200 622439108 "-" "Python-urllib/3.11"
46.101.116.244 - - [14/Apr/2025:11:54:13 +0200] "GET /Jurek/stema/feeds/stema_kauflandsk.xml HTTP/2.0" 200 851748 "-" "-"
51.77.52.107 - - [14/Apr/2025:11:54:16 +0200] "GET /Jurek/eurofirany/images/432025/0.jpg HTTP/2.0" 200 51001 "-" "baselinker"
51.77.52.107 - - [14/Apr/2025:11:54:20 +0200] "GET /Jurek/eurofirany/images/432025/0.jpg HTTP/2.0" 200 51001 "-" "baselinker"
46.101.116.244 - - [14/Apr/2025:11:54:24 +0200] "GET /Jurek/twm/feeds/twm-kauflandsk.xml HTTP/2.0" 200 2417062 "-" "-"
46.101.116.244 - - [14/Apr/2025:11:54:35 +0200] "GET /Jurek/unimet/feeds/unimet_kauflandsk.xml HTTP/2.0" 200 60467288 "-" "-"
46.101.116.244 - - [14/Apr/2025:11:54:40 +0200] "GET /Jurek/vivaldi/feeds/vivaldi_kauflandsk.xml HTTP/2.0" 200 344660 "-" "-"
51.77.52.107 - - [14/Apr/2025:11:54:45 +0200] "GET /Jurek/eurofirany/images/432025/0.jpg HTTP/2.0" 200 51001 "-" "baselinker"
51.77.52.107 - - [14/Apr/2025:11:54:59 +0200] "GET /Jurek/eurofirany/images/432030/0.jpg HTTP/2.0" 200 77018 "-" "baselinker"
46.101.116.244 - - [14/Apr/2025:11:55:01 +0200] "GET /Jurek/vidaSK/feeds/vida_kaufland.xml HTTP/2.0" 200 645829373 "-" "-"
66.249.64.166 - - [14/Apr/2025:11:55:15 +0200] "GET /Jurek/eurofirany/images/408356/5.jpg HTTP/1.1" 200 193304 "-" "Googlebot-Image/1.0"
51.77.52.107 - - [14/Apr/2025:11:55:17 +0200] "GET /Jurek/eurofirany/images/432030/0.jpg HTTP/2.0" 200 77018 "-" "baselinker"
51.77.52.107 - - [14/Apr/2025:11:55:33 +0200] "GET /Jurek/eurofirany/images/432030/0.jpg HTTP/2.0" 200 77018 "-" "baselinker"
51.77.52.107 - - [14/Apr/2025:11:55:35 +0200] "GET /Jurek/eurofirany/images/369554/0.jpg HTTP/2.0" 200 31869 "-" "baselinker"
51.77.52.107 - - [14/Apr/2025:11:55:43 +0200] "GET /Jurek/eurofirany/images/369554/0.jpg HTTP/2.0" 200 31869 "-" "baselinker"
51.77.52.107 - - [14/Apr/2025:11:55:49 +0200] "GET /Jurek/eurofirany/images/369554/0.jpg HTTP/2.0" 200 31869 "-" "baselinker"
89.161.206.59 - - [14/Apr/2025:11:55:50 +0200] "GET /Jurek/slayo/feeds/slayo_skroutz.xml HTTP/1.0" 200 183614 "-" "-"
46.101.116.244 - - [14/Apr/2025:11:55:50 +0200] "GET /Jurek/madrex/feeds/madrex_kauflandde.xml HTTP/2.0" 200 466695 "-" "-"
51.77.52.107 - - [14/Apr/2025:11:55:55 +0200] "GET /Jurek/eurofirany/images/473037/0.jpg HTTP/2.0" 200 30334 "-" "baselinker"
46.101.116.244 - - [14/Apr/2025:11:56:01 +0200] "GET /Jurek/hurtmeblowy/feeds/hurtmeblowy_kauflandde.xml HTTP/2.0" 200 7523840 "-" "-"
46.101.116.244 - - [14/Apr/2025:11:56:19 +0200] "GET /Jurek/kobi/feeds/kobi_kauflandde.xml HTTP/2.0" 200 942998 "-" "-"
66.249.64.166 - - [14/Apr/2025:11:56:21 +0200] "GET /Jurek/topeshop/downloaded_images/5902838468449_Artisan_x.jpg HTTP/1.1" 200 96939 "-" "Googlebot-Image/1.0"
51.77.52.107 - - [14/Apr/2025:11:56:23 +0200] "GET /Jurek/eurofirany/images/473037/0.jpg HTTP/2.0" 200 30334 "-" "baselinker"
46.101.116.244 - - [14/Apr/2025:11:56:30 +0200] "GET /Jurek/matkam/feeds/matkam_kauflandde.xml HTTP/2.0" 200 4425510 "-" "-"
51.77.52.107 - - [14/Apr/2025:11:56:40 +0200] "GET /Jurek/eurofirany/images/473037/0.jpg HTTP/2.0" 200 30334 "-" "baselinker"
46.101.116.244 - - [14/Apr/2025:11:56:42 +0200] "GET /Jurek/action/feeds/action_kauflandde.xml HTTP/2.0" 200 60201133 "-" "-"
51.77.52.107 - - [14/Apr/2025:11:56:44 +0200] "GET /Jurek/eurofirany/images/459906/0.jpg HTTP/2.0" 200 91461 "-" "baselinker"
51.77.52.107 - - [14/Apr/2025:11:57:00 +0200] "GET /Jurek/eurofirany/images/459906/0.jpg HTTP/2.0" 200 91461 "-" "baselinker"
51.77.52.107 - - [14/Apr/2025:11:57:17 +0200] "GET /Jurek/eurofirany/images/459906/0.jpg HTTP/2.0" 200 91461 "-" "baselinker"
46.101.116.244 - - [14/Apr/2025:11:57:34 +0200] "GET /Jurek/aw/feeds/aw_fnacfr.xml HTTP/1.0" 404 3551 "-" "-"
51.77.52.107 - - [14/Apr/2025:11:57:36 +0200] "GET /Jurek/eurofirany/images/386934/0.jpg HTTP/2.0" 200 47515 "-" "baselinker"
51.77.52.107 - - [14/Apr/2025:11:57:55 +0200] "GET /Jurek/eurofirany/images/386934/0.jpg HTTP/2.0" 200 47515 "-" "baselinker"
51.77.52.107 - - [14/Apr/2025:11:58:01 +0200] "GET /Jurek/eurofirany/images/386934/0.jpg HTTP/2.0" 200 47515 "-" "baselinker"
66.249.64.165 - - [14/Apr/2025:11:58:01 +0200] "GET /Jurek/eurofirany/images/389924/4.jpg HTTP/1.1" 200 210889 "-" "Googlebot-Image/1.0"
51.77.52.107 - - [14/Apr/2025:11:58:06 +0200] "GET /Jurek/eurofirany/images/45590/0.jpg HTTP/2.0" 200 16503 "-" "baselinker"
51.77.52.107 - - [14/Apr/2025:11:58:21 +0200] "GET /Jurek/eurofirany/images/45590/0.jpg HTTP/2.0" 200 16503 "-" "baselinker"
89.161.206.59 - - [14/Apr/2025:11:58:35 +0200] "GET /Jurek/maksik/feeds/maksik_emagro.xml HTTP/1.0" 200 4085165 "-" "-"
89.161.206.59 - - [14/Apr/2025:11:58:38 +0200] "GET /Jurek/fernity/feeds/fernity_emagro.xml HTTP/1.0" 200 4798511 "-" "-"
51.77.52.107 - - [14/Apr/2025:11:58:39 +0200] "GET /Jurek/eurofirany/images/45590/0.jpg HTTP/2.0" 200 16503 "-" "baselinker"
89.161.206.59 - - [14/Apr/2025:11:58:39 +0200] "GET /Jurek/cenoman/feeds/cenoman_emagro.xml HTTP/1.0" 200 5993677 "-" "-"
89.161.206.59 - - [14/Apr/2025:11:58:41 +0200] "GET /Jurek/lampart/feeds/lampart_emagro.xml HTTP/1.0" 200 936156 "-" "-"
89.161.206.59 - - [14/Apr/2025:11:58:41 +0200] "GET /Jurek/newtechele/feeds/newtechele_emagro.xml HTTP/1.0" 200 2438668 "-" "-"
89.161.206.59 - - [14/Apr/2025:11:58:42 +0200] "GET /Jurek/eroplace/feeds/eroplace_emagro.xml HTTP/1.0" 200 52150014 "-" "-"
89.161.206.59 - - [14/Apr/2025:11:58:44 +0200] "GET /Jurek/andex/feeds/andex_emagro.xml HTTP/1.0" 200 1954000 "-" "-"
89.161.206.59 - - [14/Apr/2025:11:58:44 +0200] "GET /Jurek/riko/feeds/riko_emagro.xml HTTP/1.0" 200 3786495 "-" "-"
89.161.206.59 - - [14/Apr/2025:11:58:45 +0200] "GET /Jurek/sovapl/feeds/sovapl_emagro.xml HTTP/1.0" 200 9002197 "-" "-"
89.161.206.59 - - [14/Apr/2025:11:58:46 +0200] "GET /Jurek/mechdecor/feeds/mechdecor_emagro.xml HTTP/1.0" 200 596320 "-" "-"
89.161.206.59 - - [14/Apr/2025:11:58:46 +0200] "GET /Jurek/kalama/feeds/kalama_emagro.xml HTTP/1.0" 200 2662064 "-" "-"
89.161.206.59 - - [14/Apr/2025:11:58:56 +0200] "GET /Jurek/snibbs/feeds/snibbs_skroutz.xml HTTP/1.0" 200 74399 "-" "-"
89.161.206.59 - - [14/Apr/2025:11:59:00 +0200] "GET /Jurek/globaldeli/feeds/globaldeli_skroutz.xml HTTP/1.0" 200 2590887 "-" "-"
51.77.52.107 - - [14/Apr/2025:11:59:05 +0200] "GET /Jurek/eurofirany/images/45591/0.jpg HTTP/2.0" 200 16503 "-" "baselinker"
51.77.52.107 - - [14/Apr/2025:11:59:24 +0200] "GET /Jurek/eurofirany/images/45591/0.jpg HTTP/2.0" 200 16503 "-" "baselinker"
89.161.206.59 - - [14/Apr/2025:11:59:24 +0200] "GET /Jurek/hurtownia_przemyslowa/feeds/hp_ebayde.xml HTTP/1.0" 200 35621094 "-" "-"
46.101.116.244 - - [14/Apr/2025:11:59:34 +0200] "GET /Jurek/kinghoff/feeds/kinghoff_kauflandde.xml HTTP/2.0" 200 15515188 "-" "-"
66.249.64.167 - - [14/Apr/2025:11:59:41 +0200] "GET /Jurek/eurofirany/images/438610/6.jpg HTTP/1.1" 200 33 "-" "Googlebot-Image/1.0"
51.77.52.107 - - [14/Apr/2025:11:59:43 +0200] "GET /Jurek/eurofirany/images/45591/0.jpg HTTP/2.0" 200 16503 "-" "baselinker"
51.77.52.107 - - [14/Apr/2025:12:00:04 +0200] "GET /Jurek/eurofirany/images/325010/0.jpg HTTP/2.0" 200 164808 "-" "baselinker"
46.101.116.244 - - [14/Apr/2025:12:00:09 +0200] "GET /Jurek/unimet/feeds/unimet_kauflandde.xml HTTP/2.0" 200 60466734 "-" "-"
89.161.206.59 - - [14/Apr/2025:12:00:14 +0200] "GET /Jurek/bemipol/feeds/bemipol_skroutz.xml HTTP/1.0" 200 423639 "-" "-"
89.161.206.59 - - [14/Apr/2025:12:00:21 +0200] "GET /Jurek/bentivolio/feeds/bentivolio_skr.xml HTTP/1.0" 200 1261313 "-" "-"
51.77.52.107 - - [14/Apr/2025:12:00:22 +0200] "GET /Jurek/eurofirany/images/325010/0.jpg HTTP/2.0" 200 164808 "-" "baselinker"
51.77.52.107 - - [14/Apr/2025:12:00:37 +0200] "GET /Jurek/eurofirany/images/325010/0.jpg HTTP/2.0" 200 164808 "-" "baselinker"
52.209.168.113 - - [14/Apr/2025:12:00:46 +0200] "GET /marketplaces/ubaldi/results/ubaldi.csv HTTP/1.1" 200 3434695 "-" "Mirakl HttpClient"
51.77.52.107 - - [14/Apr/2025:12:00:58 +0200] "GET /Jurek/eurofirany/images/325012/0.jpg HTTP/2.0" 200 150451 "-" "baselinker"
51.77.52.107 - - [14/Apr/2025:12:01:18 +0200] "GET /Jurek/eurofirany/images/325012/0.jpg HTTP/2.0" 200 150451 "-" "baselinker"
46.101.116.244 - - [14/Apr/2025:12:01:21 +0200] "GET /Jurek/hurtownia_przemyslowa/feeds/hp_alza.xml HTTP/2.0" 200 49380899 "-" "-"
51.77.52.107 - - [14/Apr/2025:12:01:25 +0200] "GET /Jurek/eurofirany/images/325012/0.jpg HTTP/2.0" 200 150451 "-" "baselinker"
35.204.39.32 - - [14/Apr/2025:12:01:32 +0200] "GET /marketplaces/vente/results/vente_nl.csv HTTP/1.1" 200 2173797 "-" "Mirakl HttpClient"
35.204.39.32 - - [14/Apr/2025:12:01:32 +0200] "GET /marketplaces/vente/results/vente_fr.csv HTTP/1.1" 200 2394640 "-" "Mirakl HttpClient"
35.204.39.32 - - [14/Apr/2025:12:01:33 +0200] "GET /marketplaces/vente/results/vente_be.csv HTTP/1.1" 200 2173702 "-" "Mirakl HttpClient"
35.204.39.32 - - [14/Apr/2025:12:01:34 +0200] "GET /marketplaces/vente/results/vente_it.csv HTTP/1.1" 200 2203377 "-" "Mirakl HttpClient"
35.204.39.32 - - [14/Apr/2025:12:01:34 +0200] "GET /marketplaces/vente/results/vente_es.csv HTTP/1.1" 200 2173209 "-" "Mirakl HttpClient"
35.204.39.32 - - [14/Apr/2025:12:01:35 +0200] "GET /marketplaces/vente/results/vente_de.csv HTTP/1.1" 200 2173202 "-" "Mirakl HttpClient"
51.77.52.107 - - [14/Apr/2025:12:01:41 +0200] "GET /Jurek/eurofirany/images/325017/0.jpg HTTP/2.0" 200 150596 "-" "baselinker"
46.101.116.244 - - [14/Apr/2025:12:01:49 +0200] "GET /Jurek/hurtownia_przemyslowa2/feeds/hp_alza.xml HTTP/2.0" 200 50100471 "-" "-"
51.77.52.107 - - [14/Apr/2025:12:01:58 +0200] "GET /Jurek/eurofirany/images/325017/0.jpg HTTP/2.0" 200 150596 "-" "baselinker"
46.101.116.244 - - [14/Apr/2025:12:02:02 +0200] "GET /Jurek/hurtownia_przemyslowa/feeds/hp_kaufcz.xml HTTP/2.0" 200 49378578 "-" "-"
52.17.80.36 - - [14/Apr/2025:12:02:03 +0200] "GET /marketplaces/rue/results/rue.csv HTTP/1.1" 200 147219 "-" "Mirakl HttpClient"
88.220.33.218 - - [14/Apr/2025:12:02:06 +0200] "GET /Jurek/vida_morele/feeds/VidaPL_all.xml HTTP/2.0" 200 702212182 "-" "MarketplaceAPI curl/7.64.0 PHP/8"
51.77.52.107 - - [14/Apr/2025:12:02:09 +0200] "GET /Jurek/eurofirany/images/325017/0.jpg HTTP/2.0" 200 150596 "-" "baselinker"
51.77.52.107 - - [14/Apr/2025:12:02:14 +0200] "GET /Jurek/eurofirany/images/325019/0.jpg HTTP/2.0" 200 135786 "-" "baselinker"
51.77.52.107 - - [14/Apr/2025:12:02:31 +0200] "GET /Jurek/eurofirany/images/325019/0.jpg HTTP/2.0" 200 135786 "-" "baselinker"
51.77.52.107 - - [14/Apr/2025:12:02:49 +0200] "GET /Jurek/eurofirany/images/325019/0.jpg HTTP/2.0" 200 135786 "-" "baselinker"
88.220.33.218 - - [14/Apr/2025:12:03:00 +0200] "GET /Jurek/kinghoff/feeds/kinghoff_morele.xml HTTP/2.0" 200 15516049 "-" "MarketplaceAPI curl/7.64.0 PHP/8"
46.101.116.244 - - [14/Apr/2025:12:03:04 +0200] "GET /Jurek/hurtownia_przemyslowa/feeds/hp_kaufsk.xml HTTP/2.0" 200 49360891 "-" "-"
51.77.52.107 - - [14/Apr/2025:12:03:07 +0200] "GET /Jurek/eurofirany/images/350453/0.jpg HTTP/2.0" 200 61494 "-" "baselinker"
51.77.52.107 - - [14/Apr/2025:12:03:26 +0200] "GET /Jurek/eurofirany/images/350453/0.jpg HTTP/2.0" 200 61494 "-" "baselinker"
46.101.116.244 - - [14/Apr/2025:12:03:38 +0200] "GET /Jurek/hurtownia_przemyslowa/feeds/hp_kaufde.xml HTTP/2.0" 200 49360496 "-" "-"
46.101.116.244 - - [14/Apr/2025:12:03:46 +0200] "GET /Jurek/hurtownia_przemyslowa/feeds/hp_kaufde.xml HTTP/2.0" 200 49360496 "-" "-"
51.77.52.107 - - [14/Apr/2025:12:03:52 +0200] "GET /Jurek/eurofirany/images/350453/0.jpg HTTP/2.0" 200 61494 "-" "baselinker"
51.77.52.107 - - [14/Apr/2025:12:04:13 +0200] "GET /Jurek/eurofirany/images/350455/0.jpg HTTP/2.0" 200 67425 "-" "baselinker"
46.101.116.244 - - [14/Apr/2025:12:04:21 +0200] "GET /Jurek/broers/feeds/broers_mallsigs.xml HTTP/2.0" 200 1982591 "-" "-"
89.161.206.59 - - [14/Apr/2025:12:04:28 +0200] "GET /Jurek/swiatecznygoliat/feeds/swiatecznygoliat_skroutz.xml HTTP/1.0" 200 7054430 "-" "-"
88.220.33.218 - - [14/Apr/2025:12:04:29 +0200] "GET /Jurek/eurofirany/feeds/eurofirany_morele.xml HTTP/2.0" 200 19319146 "-" "MarketplaceAPI curl/7.64.0 PHP/8"
51.77.52.107 - - [14/Apr/2025:12:04:31 +0200] "GET /Jurek/eurofirany/images/350455/0.jpg HTTP/2.0" 200 67425 "-" "baselinker"
46.101.116.244 - - [14/Apr/2025:12:04:34 +0200] "GET /Jurek/cdata/feeds/cdata_mallsigs.xml HTTP/2.0" 200 1445085 "-" "-"
88.220.33.218 - - [14/Apr/2025:12:04:36 +0200] "GET /Jurek/vivaldi/feeds/vivaldi_Morele-PL.xml HTTP/2.0" 200 344674 "-" "MarketplaceAPI curl/7.64.0 PHP/8"
46.101.116.244 - - [14/Apr/2025:12:04:46 +0200] "GET /Jurek/elavia/feeds/elavia_mallsigs.xml HTTP/2.0" 200 2497275 "-" "-"
51.77.52.107 - - [14/Apr/2025:12:04:54 +0200] "GET /Jurek/eurofirany/images/350455/0.jpg HTTP/2.0" 200 67425 "-" "baselinker"
46.101.116.244 - - [14/Apr/2025:12:04:58 +0200] "GET /Jurek/filmal/feeds/filmal_mallsigs.xml HTTP/2.0" 200 139274 "-" "-"
5.134.208.158 - - [14/Apr/2025:12:05:07 +0200] "GET /Jurek/eurofirany/images/466766/0.jpg HTTP/1.1" 200 141159 "-" "-"
46.101.116.244 - - [14/Apr/2025:12:05:08 +0200] "GET /Jurek/jakdroz/feeds/jakdroz_mallsigs.xml HTTP/2.0" 200 4090058 "-" "-"
5.134.208.158 - - [14/Apr/2025:12:05:10 +0200] "GET /Jurek/eurofirany/images/464947/0.jpg HTTP/1.1" 200 211661 "-" "-"
51.77.52.107 - - [14/Apr/2025:12:05:14 +0200] "GET /Jurek/eurofirany/images/351244/0.jpg HTTP/2.0" 200 63278 "-" "baselinker"
46.101.116.244 - - [14/Apr/2025:12:05:24 +0200] "GET /Jurek/kristronik/feeds/kristronik_mallsigs.xml HTTP/2.0" 200 691972 "-" "-"
46.101.116.244 - - [14/Apr/2025:12:05:27 +0200] "GET /Jurek/kalama/feeds/kalama_alza.xml HTTP/2.0" 200 2662555 "-" "-"
51.77.52.107 - - [14/Apr/2025:12:05:32 +0200] "GET /Jurek/eurofirany/images/351244/0.jpg HTTP/2.0" 200 63278 "-" "baselinker"
46.101.116.244 - - [14/Apr/2025:12:05:35 +0200] "GET /Jurek/nonabox/feeds/nonabox_mallsigs.xml HTTP/2.0" 200 33866 "-" "-"
46.101.116.244 - - [14/Apr/2025:12:05:38 +0200] "GET /Jurek/proadventure/feeds/proadventure_alza.xml HTTP/2.0" 200 10767300 "-" "-"
46.101.116.244 - - [14/Apr/2025:12:05:46 +0200] "GET /Jurek/omi/feeds/omi_mallsigs.xml HTTP/2.0" 200 8105501 "-" "-"
89.161.206.59 - - [14/Apr/2025:12:05:47 +0200] "GET /Jurek/emaja24/feeds/emaja24_amazonnl.xml HTTP/1.0" 200 5109817 "-" "-"
46.101.116.244 - - [14/Apr/2025:12:05:51 +0200] "GET /Jurek/awparts/feeds/awparts_alza.xml HTTP/2.0" 200 142496211 "-" "-"
51.77.52.107 - - [14/Apr/2025:12:05:54 +0200] "GET /Jurek/eurofirany/images/351244/0.jpg HTTP/2.0" 200 63278 "-" "baselinker"
88.220.33.218 - - [14/Apr/2025:12:06:01 +0200] "GET /Jurek/aw/feeds/awnarzedzia_morele.xml HTTP/2.0" 200 90559241 "-" "MarketplaceAPI curl/7.64.0 PHP/8"
46.101.116.244 - - [14/Apr/2025:12:06:01 +0200] "GET /Jurek/proparts/feeds/proparts_mallsigs.xml HTTP/2.0" 200 707474 "-" "-"
51.77.52.107 - - [14/Apr/2025:12:06:09 +0200] "GET /Jurek/eurofirany/images/351256/0.jpg HTTP/2.0" 200 76245 "-" "baselinker"
88.220.33.218 - - [14/Apr/2025:12:06:12 +0200] "GET /Jurek/vida_morele/feeds/VidaPL_morele.xml HTTP/2.0" 200 213024768 "-" "MarketplaceAPI curl/7.64.0 PHP/8"
46.101.116.244 - - [14/Apr/2025:12:06:13 +0200] "GET /Jurek/rosfix/feeds/rosfix_mallsigs.xml HTTP/2.0" 200 35769651 "-" "-"
88.220.33.218 - - [14/Apr/2025:12:06:14 +0200] "GET /Jurek/beliani/feeds/beliani_morele.xml HTTP/2.0" 200 31230528 "-" "MarketplaceAPI curl/7.64.0 PHP/8"
46.101.116.244 - - [14/Apr/2025:12:06:28 +0200] "GET /Jurek/snibbs/feeds/snibbs_mallsigs.xml HTTP/2.0" 200 74399 "-" "-"
51.77.52.107 - - [14/Apr/2025:12:06:31 +0200] "GET /Jurek/eurofirany/images/351256/0.jpg HTTP/2.0" 200 76245 "-" "baselinker"
46.101.116.244 - - [14/Apr/2025:12:06:38 +0200] "GET /Jurek/sportprise/feeds/sportprise_mallsigs.xml HTTP/2.0" 200 11782388 "-" "-"
51.77.52.107 - - [14/Apr/2025:12:06:39 +0200] "GET /Jurek/eurofirany/images/351256/0.jpg HTTP/2.0" 200 76245 "-" "baselinker"
46.101.116.244 - - [14/Apr/2025:12:06:58 +0200] "GET /Jurek/techrebal/feeds/techrebal_mallsigs.xml HTTP/2.0" 200 1989736 "-" "-"
