51.77.52.107 - - [14/Apr/2025:07:53:33 +0200] "GET /Jurek/eurofirany/images/432091/0.jpg HTTP/2.0" 200 61785 "-" "baselinker"
57.141.0.5 - - [14/Apr/2025:07:53:44 +0200] "GET /marketplaces/ubaldi/output.txt HTTP/2.0" 200 302857 "-" "meta-externalagent/1.1 (+https://developers.facebook.com/docs/sharing/webmasters/crawler)"
51.77.52.107 - - [14/Apr/2025:07:53:50 +0200] "GET /Jurek/eurofirany/images/432278/0.jpg HTTP/2.0" 200 94771 "-" "baselinker"
51.77.52.107 - - [14/Apr/2025:07:53:54 +0200] "GET /Jurek/eurofirany/images/432278/0.jpg HTTP/2.0" 200 94771 "-" "baselinker"
51.77.52.107 - - [14/Apr/2025:07:53:57 +0200] "GET /Jurek/eurofirany/images/432278/0.jpg HTTP/2.0" 200 94771 "-" "baselinker"
51.77.52.107 - - [14/Apr/2025:07:54:05 +0200] "GET /Jurek/eurofirany/images/432279/0.jpg HTTP/2.0" 200 45939 "-" "baselinker"
77.79.248.229 - - [14/Apr/2025:07:54:07 +0200] "GET /Jurek/vidaSI/feeds/vidaSI_bigbang.xml HTTP/1.1" 200 622170379 "-" "Python-urllib/3.11"
51.77.52.107 - - [14/Apr/2025:07:54:10 +0200] "GET /Jurek/eurofirany/images/432279/0.jpg HTTP/2.0" 200 45939 "-" "baselinker"
51.77.52.107 - - [14/Apr/2025:07:54:17 +0200] "GET /Jurek/eurofirany/images/432279/0.jpg HTTP/2.0" 200 45939 "-" "baselinker"
51.77.52.107 - - [14/Apr/2025:07:54:22 +0200] "GET /Jurek/eurofirany/images/432280/0.jpg HTTP/2.0" 200 59790 "-" "baselinker"
46.101.116.244 - - [14/Apr/2025:07:54:29 +0200] "GET /Jurek/gimmik/feeds/gimmik_mallsiex.xml HTTP/2.0" 404 3551 "-" "-"
46.101.116.244 - - [14/Apr/2025:07:54:29 +0200] "GET /Jurek/eurofirany/feeds/eurofirany_allegro.xml HTTP/1.0" 200 19328427 "-" "-"
89.161.206.59 - - [14/Apr/2025:07:54:42 +0200] "GET /Jurek/ekuchcikowo/feeds/ekuchcikowo_skroutz.xml HTTP/1.0" 200 12470994 "-" "-"
51.77.52.107 - - [14/Apr/2025:07:54:44 +0200] "GET /Jurek/eurofirany/images/432280/0.jpg HTTP/2.0" 200 59790 "-" "baselinker"
46.101.116.244 - - [14/Apr/2025:07:54:45 +0200] "GET /Jurek/bimboland/feeds/bimboland_mallsiex.xml HTTP/2.0" 200 2804724 "-" "-"
51.77.52.107 - - [14/Apr/2025:07:54:58 +0200] "GET /Jurek/eurofirany/images/432280/0.jpg HTTP/2.0" 200 59790 "-" "baselinker"
51.77.52.107 - - [14/Apr/2025:07:55:06 +0200] "GET /Jurek/eurofirany/images/432281/0.jpg HTTP/2.0" 200 127735 "-" "baselinker"
51.77.52.107 - - [14/Apr/2025:07:55:10 +0200] "GET /Jurek/eurofirany/images/432281/0.jpg HTTP/2.0" 200 127735 "-" "baselinker"
66.249.64.166 - - [14/Apr/2025:07:55:15 +0200] "GET /Jurek/eurofirany/images/335308/2.jpg HTTP/1.1" 200 92134 "-" "Googlebot-Image/1.0"
51.77.52.107 - - [14/Apr/2025:07:55:16 +0200] "GET /Jurek/eurofirany/images/432281/0.jpg HTTP/2.0" 200 127735 "-" "baselinker"
46.101.116.244 - - [14/Apr/2025:07:55:20 +0200] "GET /Jurek/activeshop/feeds/activeshop_mallsiex.xml HTTP/2.0" 200 10444887 "-" "-"
46.101.116.244 - - [14/Apr/2025:07:55:24 +0200] "GET /Jurek/benbaby/feeds/benbaby_mallsi.xml HTTP/2.0" 200 3507298 "-" "-"
51.77.52.107 - - [14/Apr/2025:07:55:24 +0200] "GET /Jurek/eurofirany/images/432283/0.jpg HTTP/2.0" 200 116697 "-" "baselinker"
51.77.52.107 - - [14/Apr/2025:07:55:30 +0200] "GET /Jurek/eurofirany/images/432283/0.jpg HTTP/2.0" 200 116697 "-" "baselinker"
46.101.116.244 - - [14/Apr/2025:07:55:34 +0200] "GET /Jurek/bass/feeds/bass_mallsi.xml HTTP/2.0" 200 3984360 "-" "-"
51.77.52.107 - - [14/Apr/2025:07:55:35 +0200] "GET /Jurek/eurofirany/images/432283/0.jpg HTTP/2.0" 200 116697 "-" "baselinker"
51.77.52.107 - - [14/Apr/2025:07:55:41 +0200] "GET /Jurek/eurofirany/images/432286/0.jpg HTTP/2.0" 200 68085 "-" "baselinker"
46.101.116.244 - - [14/Apr/2025:07:55:45 +0200] "GET /Jurek/emibig/feeds/emibig_mallsi.xml HTTP/2.0" 200 2427331 "-" "-"
51.77.52.107 - - [14/Apr/2025:07:55:54 +0200] "GET /Jurek/eurofirany/images/432286/0.jpg HTTP/2.0" 200 68085 "-" "baselinker"
46.101.116.244 - - [14/Apr/2025:07:55:55 +0200] "GET /Jurek/b3/feeds/b3_mallsi.xml HTTP/2.0" 200 6468295 "-" "-"
51.77.52.107 - - [14/Apr/2025:07:55:56 +0200] "GET /Jurek/eurofirany/images/432286/0.jpg HTTP/2.0" 200 68085 "-" "baselinker"
46.101.116.244 - - [14/Apr/2025:07:56:07 +0200] "GET /Jurek/action/feeds/action_mallsi.xml HTTP/2.0" 200 60203885 "-" "-"
51.77.52.107 - - [14/Apr/2025:07:56:07 +0200] "GET /Jurek/eurofirany/images/423907/0.jpg HTTP/2.0" 200 32653 "-" "baselinker"
46.101.116.244 - - [14/Apr/2025:07:56:11 +0200] "GET /Jurek/aw/feeds/aw_fnacfr.xml HTTP/1.0" 404 3551 "-" "-"
46.101.116.244 - - [14/Apr/2025:07:56:24 +0200] "GET /Jurek/aw/feeds/awnarzedzia_mallsiex.xml HTTP/2.0" 200 90547739 "-" "-"
66.135.223.40 - - [14/Apr/2025:07:56:26 +0200] "GET /Jurek/topeshop/downloaded_images/5904507201678_SZAFA_IGA_120_SZPROSY_DRZWI_0006.png HTTP/1.1" 200 1015867 "-" "Java/17.0.13.0.101"
51.77.52.107 - - [14/Apr/2025:07:56:38 +0200] "GET /Jurek/eurofirany/images/423907/0.jpg HTTP/2.0" 200 32653 "-" "baselinker"
51.77.52.107 - - [14/Apr/2025:07:56:42 +0200] "GET /Jurek/eurofirany/images/423907/0.jpg HTTP/2.0" 200 32653 "-" "baselinker"
46.101.116.244 - - [14/Apr/2025:07:56:44 +0200] "GET /Jurek/eurofirany/feeds/eurofirany_mall_si_extrastore.xml HTTP/2.0" 200 19324630 "-" "-"
51.77.52.107 - - [14/Apr/2025:07:56:47 +0200] "GET /Jurek/eurofirany/images/423909/0.jpg HTTP/2.0" 200 40108 "-" "baselinker"
51.77.52.107 - - [14/Apr/2025:07:56:52 +0200] "GET /Jurek/eurofirany/images/423909/0.jpg HTTP/2.0" 200 40108 "-" "baselinker"
46.101.116.244 - - [14/Apr/2025:07:56:56 +0200] "GET /Jurek/fernity/feeds/fernity_mallslex.xml HTTP/2.0" 200 4796698 "-" "-"
51.77.52.107 - - [14/Apr/2025:07:56:57 +0200] "GET /Jurek/eurofirany/images/423909/0.jpg HTTP/2.0" 200 40108 "-" "baselinker"
51.77.52.107 - - [14/Apr/2025:07:57:01 +0200] "GET /Jurek/eurofirany/images/5603/0.jpg HTTP/2.0" 200 40054 "-" "baselinker"
46.101.116.244 - - [14/Apr/2025:07:57:06 +0200] "GET /Jurek/homla/feeds/homla_mallslex.xml HTTP/2.0" 404 3551 "-" "-"
89.161.206.59 - - [14/Apr/2025:07:57:09 +0200] "GET /Jurek/carbonyway/feeds/carbonyway_cdsc.xml HTTP/1.0" 200 2759410 "-" "-"
51.77.52.107 - - [14/Apr/2025:07:57:13 +0200] "GET /Jurek/eurofirany/images/5603/0.jpg HTTP/2.0" 200 40054 "-" "baselinker"
46.101.116.244 - - [14/Apr/2025:07:57:17 +0200] "GET /Jurek/hurtownia_przemyslowa/feeds/hp_mallsi.xml HTTP/2.0" 200 49362216 "-" "-"
51.77.52.107 - - [14/Apr/2025:07:57:24 +0200] "GET /Jurek/eurofirany/images/5603/0.jpg HTTP/2.0" 200 40054 "-" "baselinker"
51.77.52.107 - - [14/Apr/2025:07:57:28 +0200] "GET /Jurek/eurofirany/images/5616/0.jpg HTTP/2.0" 200 84919 "-" "baselinker"
46.101.116.244 - - [14/Apr/2025:07:57:30 +0200] "GET /Jurek/ikonka/feeds/ikonka_mallsiex.xml HTTP/2.0" 200 22186570 "-" "-"
89.161.206.59 - - [14/Apr/2025:07:57:36 +0200] "GET /Jurek/topeshop/feeds/topeshop_ebayDE.xml HTTP/1.0" 200 1972388 "-" "-"
46.101.116.244 - - [14/Apr/2025:07:57:42 +0200] "GET /Jurek/kinghoff/feeds/kinghoff_mallslex.xml HTTP/2.0" 200 15515425 "-" "-"
51.77.52.107 - - [14/Apr/2025:07:57:44 +0200] "GET /Jurek/eurofirany/images/5616/0.jpg HTTP/2.0" 200 84919 "-" "baselinker"
51.77.52.107 - - [14/Apr/2025:07:57:49 +0200] "GET /Jurek/eurofirany/images/5616/0.jpg HTTP/2.0" 200 84919 "-" "baselinker"
51.77.52.107 - - [14/Apr/2025:07:58:06 +0200] "GET /Jurek/eurofirany/images/5623/0.jpg HTTP/2.0" 200 145716 "-" "baselinker"
89.161.206.59 - - [14/Apr/2025:07:58:07 +0200] "GET /Jurek/bass_new/feeds/bass_ebayde.xml HTTP/1.0" 200 4806733 "-" "-"
51.77.52.107 - - [14/Apr/2025:07:58:14 +0200] "GET /Jurek/eurofirany/images/5623/0.jpg HTTP/2.0" 200 145716 "-" "baselinker"
46.101.116.244 - - [14/Apr/2025:07:58:21 +0200] "GET /Jurek/stema/feeds/stema_mallslex.xml HTTP/2.0" 200 851897 "-" "-"
51.77.52.107 - - [14/Apr/2025:07:58:24 +0200] "GET /Jurek/eurofirany/images/5623/0.jpg HTTP/2.0" 200 145716 "-" "baselinker"
66.249.64.165 - - [14/Apr/2025:07:58:27 +0200] "GET /Jurek/topeshop/downloaded_images/5904507206611_ANTRACYTBOKZM.jpg HTTP/1.1" 404 3551 "-" "Googlebot-Image/1.0"
66.249.64.165 - - [14/Apr/2025:07:58:30 +0200] "GET /Jurek/topeshop/downloaded_images/5904507206611_ANTRACYTBOKOT.jpg HTTP/1.1" 404 3551 "-" "Googlebot-Image/1.0"
46.101.116.244 - - [14/Apr/2025:07:58:32 +0200] "GET /Jurek/unimet/feeds/unimet_mallsiex.xml HTTP/2.0" 200 60476639 "-" "-"
66.249.64.165 - - [14/Apr/2025:07:58:32 +0200] "GET /Jurek/topeshop/downloaded_images/5904507206611_123321.jpg HTTP/1.1" 404 3551 "-" "Googlebot-Image/1.0"
66.249.64.165 - - [14/Apr/2025:07:58:37 +0200] "GET /Jurek/topeshop/downloaded_images/5904507206611_21.jpg HTTP/1.1" 404 3551 "-" "Googlebot-Image/1.0"
51.77.52.107 - - [14/Apr/2025:07:58:43 +0200] "GET /Jurek/eurofirany/images/5642/0.jpg HTTP/2.0" 200 145716 "-" "baselinker"
46.101.116.244 - - [14/Apr/2025:07:58:53 +0200] "GET /Jurek/andex/feeds/andex_mallslex.xml HTTP/2.0" 200 1953450 "-" "-"
66.249.64.165 - - [14/Apr/2025:07:58:55 +0200] "GET /Jurek/eurofirany/images/396259/1.jpg HTTP/1.1" 200 55272 "-" "Googlebot-Image/1.0"
51.77.52.107 - - [14/Apr/2025:07:58:55 +0200] "GET /Jurek/eurofirany/images/5642/0.jpg HTTP/2.0" 200 145716 "-" "baselinker"
46.101.116.244 - - [14/Apr/2025:07:59:03 +0200] "GET /Jurek/barbecook/feeds/barbecook_mallslex.xml HTTP/2.0" 200 87532 "-" "-"
89.161.206.59 - - [14/Apr/2025:07:59:07 +0200] "GET /Jurek/hurtownia_przemyslowa/feeds/hp_ebayde.xml HTTP/1.0" 200 35620954 "-" "-"
51.77.52.107 - - [14/Apr/2025:07:59:09 +0200] "GET /Jurek/eurofirany/images/5642/0.jpg HTTP/2.0" 200 145716 "-" "baselinker"
46.101.116.244 - - [14/Apr/2025:07:59:13 +0200] "GET /Jurek/beliani/feeds/beliani_si_mallsiex.xml HTTP/2.0" 200 31198905 "-" "-"
51.77.52.107 - - [14/Apr/2025:07:59:23 +0200] "GET /Jurek/eurofirany/images/45096/0.jpg HTTP/2.0" 200 77542 "-" "baselinker"
46.101.116.244 - - [14/Apr/2025:07:59:27 +0200] "GET /Jurek/chemex/feeds/chemex_mallsiex.xml HTTP/2.0" 200 47810433 "-" "-"
51.77.52.107 - - [14/Apr/2025:07:59:37 +0200] "GET /Jurek/eurofirany/images/45096/0.jpg HTTP/2.0" 200 77542 "-" "baselinker"
46.101.116.244 - - [14/Apr/2025:07:59:39 +0200] "GET /Jurek/duka/feeds/duka_mallslex.xml HTTP/2.0" 200 57 "-" "-"
51.77.52.107 - - [14/Apr/2025:07:59:42 +0200] "GET /Jurek/eurofirany/images/45096/0.jpg HTTP/2.0" 200 77542 "-" "baselinker"
51.77.52.107 - - [14/Apr/2025:07:59:47 +0200] "GET /Jurek/eurofirany/images/45097/0.jpg HTTP/2.0" 200 129397 "-" "baselinker"
46.101.116.244 - - [14/Apr/2025:07:59:49 +0200] "GET /Jurek/flhf/feeds/flhf_mallsiex.xml HTTP/2.0" 404 3551 "-" "-"
51.77.52.107 - - [14/Apr/2025:07:59:52 +0200] "GET /Jurek/eurofirany/images/45097/0.jpg HTTP/2.0" 200 129397 "-" "baselinker"
46.101.116.244 - - [14/Apr/2025:08:00:00 +0200] "GET /Jurek/kinghome/feeds/kinghome_mallslex.xml HTTP/2.0" 200 6003278 "-" "-"
164.92.232.189 - - [14/Apr/2025:08:00:02 +0200] "GET /subskrypcje/AMD/feeds/amd_cz.xml HTTP/1.1" 200 518486 "-" "-"
51.77.52.107 - - [14/Apr/2025:08:00:08 +0200] "GET /Jurek/eurofirany/images/45097/0.jpg HTTP/2.0" 200 129397 "-" "baselinker"
46.101.116.244 - - [14/Apr/2025:08:00:11 +0200] "GET /Jurek/kinghome/feeds/kinghome_mallslex.xml HTTP/2.0" 200 6003278 "-" "-"
164.92.232.189 - - [14/Apr/2025:08:00:13 +0200] "GET /subskrypcje/AMD/feeds/amd_sk.xml HTTP/1.1" 200 528562 "-" "-"
164.92.232.189 - - [14/Apr/2025:08:00:13 +0200] "GET /subskrypcje/OverHorse/overhorse_mallcz.xml HTTP/1.1" 200 112935 "-" "-"
51.77.52.107 - - [14/Apr/2025:08:00:13 +0200] "GET /Jurek/eurofirany/images/45098/0.jpg HTTP/2.0" 200 90865 "-" "baselinker"
89.161.206.59 - - [14/Apr/2025:08:00:14 +0200] "GET /Jurek/rosfix/feeds/rosfix_cdsc.xml HTTP/1.0" 200 19132803 "-" "-"
51.77.52.107 - - [14/Apr/2025:08:00:18 +0200] "GET /Jurek/eurofirany/images/45098/0.jpg HTTP/2.0" 200 90865 "-" "baselinker"
46.101.116.244 - - [14/Apr/2025:08:00:21 +0200] "GET /Jurek/rovicky/feeds/rovicky_mallsiex.xml HTTP/2.0" 200 15068525 "-" "-"
164.92.232.189 - - [14/Apr/2025:08:00:23 +0200] "GET /subskrypcje/mondex/feeds/mondex_mall_cz.xml HTTP/1.1" 200 2203515 "-" "-"
51.77.52.107 - - [14/Apr/2025:08:00:24 +0200] "GET /Jurek/eurofirany/images/45098/0.jpg HTTP/2.0" 200 90865 "-" "baselinker"
46.101.116.244 - - [14/Apr/2025:08:00:33 +0200] "GET /Jurek/vivaldi/feeds/vivaldi_Mall-slex.xml HTTP/2.0" 200 344674 "-" "-"
52.18.22.0 - - [14/Apr/2025:08:00:38 +0200] "GET /marketplaces/ubaldi/results/ubaldi.csv HTTP/1.1" 200 3434704 "-" "Mirakl HttpClient"
51.77.52.107 - - [14/Apr/2025:08:00:40 +0200] "GET /Jurek/eurofirany/images/45099/0.jpg HTTP/2.0" 200 122958 "-" "baselinker"
51.77.52.107 - - [14/Apr/2025:08:00:54 +0200] "GET /Jurek/eurofirany/images/45099/0.jpg HTTP/2.0" 200 122958 "-" "baselinker"
51.77.52.107 - - [14/Apr/2025:08:01:09 +0200] "GET /Jurek/eurofirany/images/45099/0.jpg HTTP/2.0" 200 122958 "-" "baselinker"
51.77.52.107 - - [14/Apr/2025:08:01:13 +0200] "GET /Jurek/eurofirany/images/130743/0.jpg HTTP/2.0" 200 53755 "-" "baselinker"
35.204.39.32 - - [14/Apr/2025:08:01:13 +0200] "GET /marketplaces/vente/results/vente_nl.csv HTTP/1.1" 200 2173771 "-" "Mirakl HttpClient"
35.204.39.32 - - [14/Apr/2025:08:01:14 +0200] "GET /marketplaces/vente/results/vente_fr.csv HTTP/1.1" 200 2394716 "-" "Mirakl HttpClient"
35.204.39.32 - - [14/Apr/2025:08:01:14 +0200] "GET /marketplaces/vente/results/vente_be.csv HTTP/1.1" 200 2173726 "-" "Mirakl HttpClient"
35.204.39.32 - - [14/Apr/2025:08:01:15 +0200] "GET /marketplaces/vente/results/vente_it.csv HTTP/1.1" 200 2203344 "-" "Mirakl HttpClient"
35.204.39.32 - - [14/Apr/2025:08:01:16 +0200] "GET /marketplaces/vente/results/vente_es.csv HTTP/1.1" 200 2173207 "-" "Mirakl HttpClient"
46.101.116.244 - - [14/Apr/2025:08:01:16 +0200] "GET /Jurek/aw/feeds/aw_fnacfr.xml HTTP/1.0" 404 3551 "-" "-"
35.204.39.32 - - [14/Apr/2025:08:01:16 +0200] "GET /marketplaces/vente/results/vente_de.csv HTTP/1.1" 200 2173199 "-" "Mirakl HttpClient"
51.77.52.107 - - [14/Apr/2025:08:01:17 +0200] "GET /Jurek/eurofirany/images/130743/0.jpg HTTP/2.0" 200 53755 "-" "baselinker"
51.77.52.107 - - [14/Apr/2025:08:01:21 +0200] "GET /Jurek/eurofirany/images/130743/0.jpg HTTP/2.0" 200 53755 "-" "baselinker"
51.77.52.107 - - [14/Apr/2025:08:01:29 +0200] "GET /Jurek/eurofirany/images/130744/0.jpg HTTP/2.0" 200 59872 "-" "baselinker"
51.77.52.107 - - [14/Apr/2025:08:01:35 +0200] "GET /Jurek/eurofirany/images/130744/0.jpg HTTP/2.0" 200 59872 "-" "baselinker"
51.77.52.107 - - [14/Apr/2025:08:01:40 +0200] "GET /Jurek/eurofirany/images/130744/0.jpg HTTP/2.0" 200 59872 "-" "baselinker"
89.161.206.59 - - [14/Apr/2025:08:01:46 +0200] "GET /Jurek/sportprise/feeds/sportprise_skroutz.xml HTTP/1.0" 200 11782348 "-" "-"
51.77.52.107 - - [14/Apr/2025:08:01:59 +0200] "GET /Jurek/eurofirany/images/431778/0.jpg HTTP/2.0" 200 49007 "-" "baselinker"
51.77.52.107 - - [14/Apr/2025:08:02:04 +0200] "GET /Jurek/eurofirany/images/431778/0.jpg HTTP/2.0" 200 49007 "-" "baselinker"
51.77.52.107 - - [14/Apr/2025:08:02:21 +0200] "GET /Jurek/eurofirany/images/431778/0.jpg HTTP/2.0" 200 49007 "-" "baselinker"
51.77.52.107 - - [14/Apr/2025:08:02:26 +0200] "GET /Jurek/eurofirany/images/435650/0.jpg HTTP/2.0" 200 68454 "-" "baselinker"
52.18.22.0 - - [14/Apr/2025:08:02:29 +0200] "GET /marketplaces/rue/results/rue.csv HTTP/1.1" 200 6811350 "-" "Mirakl HttpClient"
88.220.33.218 - - [14/Apr/2025:08:02:30 +0200] "GET /Jurek/vida_morele/feeds/VidaPL_all.xml HTTP/2.0" 200 702290627 "-" "MarketplaceAPI curl/7.64.0 PHP/8"
51.77.52.107 - - [14/Apr/2025:08:02:41 +0200] "GET /Jurek/eurofirany/images/435650/0.jpg HTTP/2.0" 200 68454 "-" "baselinker"
51.77.52.107 - - [14/Apr/2025:08:02:58 +0200] "GET /Jurek/eurofirany/images/435650/0.jpg HTTP/2.0" 200 68454 "-" "baselinker"
88.220.33.218 - - [14/Apr/2025:08:03:07 +0200] "GET /Jurek/kinghoff/feeds/kinghoff_morele.xml HTTP/2.0" 200 15516051 "-" "MarketplaceAPI curl/7.64.0 PHP/8"
51.77.52.107 - - [14/Apr/2025:08:03:12 +0200] "GET /Jurek/eurofirany/images/433804/0.jpg HTTP/2.0" 200 73584 "-" "baselinker"
66.249.64.167 - - [14/Apr/2025:08:03:16 +0200] "GET /Jurek/eurofirany/images/389924/6.jpg HTTP/1.1" 200 265045 "-" "Googlebot-Image/1.0"
51.77.52.107 - - [14/Apr/2025:08:03:26 +0200] "GET /Jurek/eurofirany/images/433804/0.jpg HTTP/2.0" 200 73584 "-" "baselinker"
51.77.52.107 - - [14/Apr/2025:08:03:31 +0200] "GET /Jurek/eurofirany/images/433804/0.jpg HTTP/2.0" 200 73584 "-" "baselinker"
216.113.184.104 - - [14/Apr/2025:08:03:33 +0200] "GET /Jurek/eurofirany/images/431882/0.jpg HTTP/1.1" 200 34840 "-" "Java/17.0.13.0.101"
51.77.52.107 - - [14/Apr/2025:08:03:37 +0200] "GET /Jurek/eurofirany/images/433796/0.jpg HTTP/2.0" 200 71633 "-" "baselinker"
51.77.52.107 - - [14/Apr/2025:08:03:52 +0200] "GET /Jurek/eurofirany/images/433796/0.jpg HTTP/2.0" 200 71633 "-" "baselinker"
51.77.52.107 - - [14/Apr/2025:08:03:59 +0200] "GET /Jurek/eurofirany/images/433796/0.jpg HTTP/2.0" 200 71633 "-" "baselinker"
51.77.52.107 - - [14/Apr/2025:08:04:04 +0200] "GET /Jurek/eurofirany/images/432282/0.jpg HTTP/2.0" 200 6625 "-" "baselinker"
51.77.52.107 - - [14/Apr/2025:08:04:05 +0200] "GET /Jurek/eurofirany/images/432282/0.jpg HTTP/2.0" 200 6625 "-" "baselinker"
51.77.52.107 - - [14/Apr/2025:08:04:06 +0200] "GET /Jurek/eurofirany/images/432282/0.jpg HTTP/2.0" 200 6625 "-" "baselinker"
51.77.52.107 - - [14/Apr/2025:08:04:07 +0200] "GET /Jurek/eurofirany/images/440532/0.jpg HTTP/2.0" 200 194756 "-" "baselinker"
51.77.52.107 - - [14/Apr/2025:08:04:24 +0200] "GET /Jurek/eurofirany/images/440532/0.jpg HTTP/2.0" 200 194756 "-" "baselinker"
88.220.33.218 - - [14/Apr/2025:08:04:37 +0200] "GET /Jurek/eurofirany/feeds/eurofirany_morele.xml HTTP/2.0" 200 19325863 "-" "MarketplaceAPI curl/7.64.0 PHP/8"
51.77.52.107 - - [14/Apr/2025:08:04:38 +0200] "GET /Jurek/eurofirany/images/440532/0.jpg HTTP/2.0" 200 194756 "-" "baselinker"
88.220.33.218 - - [14/Apr/2025:08:04:41 +0200] "GET /Jurek/vivaldi/feeds/vivaldi_Morele-PL.xml HTTP/2.0" 200 344674 "-" "MarketplaceAPI curl/7.64.0 PHP/8"
51.77.52.107 - - [14/Apr/2025:08:04:53 +0200] "GET /Jurek/eurofirany/images/440533/0.jpg HTTP/2.0" 200 142826 "-" "baselinker"
3.126.202.245 - - [14/Apr/2025:08:04:56 +0200] "GET /Jurek/topeshop/downloaded_images/5904507201340_St_decor_0005.png HTTP/2.0" 200 401933 "-" "Mozilla/5.0 (Windows NT 10.0; Win64; x64) AppleWebKit/537.36 (KHTML, like Gecko) Chrome/109.0.0.0 Safari/537.36"
51.77.52.107 - - [14/Apr/2025:08:04:58 +0200] "GET /Jurek/eurofirany/images/440533/0.jpg HTTP/2.0" 200 142826 "-" "baselinker"
51.77.52.107 - - [14/Apr/2025:08:05:02 +0200] "GET /Jurek/eurofirany/images/440533/0.jpg HTTP/2.0" 200 142826 "-" "baselinker"
51.77.52.107 - - [14/Apr/2025:08:05:06 +0200] "GET /Jurek/eurofirany/images/440534/0.jpg HTTP/2.0" 200 136586 "-" "baselinker"
51.77.52.107 - - [14/Apr/2025:08:05:12 +0200] "GET /Jurek/eurofirany/images/440534/0.jpg HTTP/2.0" 200 136586 "-" "baselinker"
51.77.52.107 - - [14/Apr/2025:08:05:20 +0200] "GET /Jurek/eurofirany/images/440534/0.jpg HTTP/2.0" 200 136586 "-" "baselinker"
51.77.52.107 - - [14/Apr/2025:08:05:28 +0200] "GET /Jurek/eurofirany/images/448520/0.jpg HTTP/2.0" 200 173400 "-" "baselinker"
89.161.206.59 - - [14/Apr/2025:08:05:47 +0200] "GET /Jurek/emaja24/feeds/emaja24_amazonnl.xml HTTP/1.0" 200 5109817 "-" "-"
88.220.33.218 - - [14/Apr/2025:08:05:58 +0200] "GET /Jurek/aw/feeds/awnarzedzia_morele.xml HTTP/2.0" 200 90559241 "-" "MarketplaceAPI curl/7.64.0 PHP/8"
51.77.52.107 - - [14/Apr/2025:08:06:29 +0200] "GET /Jurek/eurofirany/images/448520/0.jpg HTTP/2.0" 200 173400 "-" "baselinker"
46.101.116.244 - - [14/Apr/2025:08:06:36 +0200] "GET /Jurek/aw/feeds/aw_fnacfr.xml HTTP/1.0" 404 3551 "-" "-"
88.220.33.218 - - [14/Apr/2025:08:06:41 +0200] "GET /Jurek/beliani/feeds/beliani_morele.xml HTTP/2.0" 200 31230528 "-" "MarketplaceAPI curl/7.64.0 PHP/8"
51.77.52.107 - - [14/Apr/2025:08:06:46 +0200] "GET /Jurek/eurofirany/images/448520/0.jpg HTTP/2.0" 200 173400 "-" "baselinker"
51.77.52.107 - - [14/Apr/2025:08:07:01 +0200] "GET /Jurek/eurofirany/images/448521/0.jpg HTTP/2.0" 200 170052 "-" "baselinker"
51.77.52.107 - - [14/Apr/2025:08:07:18 +0200] "GET /Jurek/eurofirany/images/448521/0.jpg HTTP/2.0" 200 170052 "-" "baselinker"
51.77.52.107 - - [14/Apr/2025:08:07:29 +0200] "GET /Jurek/eurofirany/images/448521/0.jpg HTTP/2.0" 200 170052 "-" "baselinker"
51.77.52.107 - - [14/Apr/2025:08:07:51 +0200] "GET /Jurek/eurofirany/images/448516/0.jpg HTTP/2.0" 200 170304 "-" "baselinker"
51.77.52.107 - - [14/Apr/2025:08:07:58 +0200] "GET /Jurek/eurofirany/images/448516/0.jpg HTTP/2.0" 200 170304 "-" "baselinker"
46.101.116.244 - - [14/Apr/2025:08:08:02 +0200] "GET /Jurek/eurofirany/feeds/eurofirany_ceneo.xml HTTP/1.0" 200 19327970 "-" "-"
185.6.76.18 - - [14/Apr/2025:08:08:06 +0200] "GET /marketplaces/skroutz/feeds/shumee.xml HTTP/1.1" 200 408248659 "-" "SkroutzBot v1.0"
88.220.33.218 - - [14/Apr/2025:08:08:07 +0200] "GET /Jurek/vida_morele/feeds/VidaPL_morele.xml HTTP/2.0" 200 702291333 "-" "MarketplaceAPI curl/7.64.0 PHP/8"
51.77.52.107 - - [14/Apr/2025:08:08:17 +0200] "GET /Jurek/eurofirany/images/448516/0.jpg HTTP/2.0" 200 170304 "-" "baselinker"
51.77.52.107 - - [14/Apr/2025:08:08:34 +0200] "GET /Jurek/eurofirany/images/448517/0.jpg HTTP/2.0" 200 170027 "-" "baselinker"
51.77.52.107 - - [14/Apr/2025:08:08:54 +0200] "GET /Jurek/eurofirany/images/448517/0.jpg HTTP/2.0" 200 170027 "-" "baselinker"
51.77.52.107 - - [14/Apr/2025:08:09:10 +0200] "GET /Jurek/eurofirany/images/448517/0.jpg HTTP/2.0" 200 170027 "-" "baselinker"
51.77.52.107 - - [14/Apr/2025:08:09:16 +0200] "GET /Jurek/eurofirany/images/448518/0.jpg HTTP/2.0" 200 170027 "-" "baselinker"
51.77.52.107 - - [14/Apr/2025:08:09:35 +0200] "GET /Jurek/eurofirany/images/448518/0.jpg HTTP/2.0" 200 170027 "-" "baselinker"
89.161.206.59 - - [14/Apr/2025:08:09:43 +0200] "GET /Jurek/domzapachy/feeds/domzapachy_emagro.xml HTTP/1.0" 200 179806 "-" "-"
89.161.206.59 - - [14/Apr/2025:08:09:57 +0200] "GET /Jurek/pastelnitka/feeds/pastelnitka_zero.xml HTTP/1.0" 200 1827914 "-" "-"
89.161.206.59 - - [14/Apr/2025:08:10:00 +0200] "GET /Jurek/photho/feeds/photho_emagro.xml HTTP/1.0" 200 85056 "-" "-"
89.161.206.59 - - [14/Apr/2025:08:10:02 +0200] "GET /Jurek/princelh/feeds/princelh_emagro.xml HTTP/1.0" 200 133455 "-" "-"
89.161.206.59 - - [14/Apr/2025:08:10:11 +0200] "GET /Jurek/gandalf/feeds/gandalf_emagro.xml HTTP/1.0" 200 1082586 "-" "-"
89.161.206.59 - - [14/Apr/2025:08:10:12 +0200] "GET /Jurek/zami/feeds/zami_emagro.xml HTTP/1.0" 200 4475592 "-" "-"
51.77.52.107 - - [14/Apr/2025:08:10:13 +0200] "GET /Jurek/eurofirany/images/448518/0.jpg HTTP/2.0" 200 170027 "-" "baselinker"
89.161.206.59 - - [14/Apr/2025:08:10:17 +0200] "GET /Jurek/lerutrade/feeds/lerutrade_emag.xml HTTP/1.0" 200 82828 "-" "-"
51.77.52.107 - - [14/Apr/2025:08:10:24 +0200] "GET /Jurek/eurofirany/images/448519/0.jpg HTTP/2.0" 200 170027 "-" "baselinker"
51.77.52.107 - - [14/Apr/2025:08:10:42 +0200] "GET /Jurek/eurofirany/images/448519/0.jpg HTTP/2.0" 200 170027 "-" "baselinker"
51.77.52.107 - - [14/Apr/2025:08:10:51 +0200] "GET /Jurek/eurofirany/images/448519/0.jpg HTTP/2.0" 200 170027 "-" "baselinker"
51.77.52.107 - - [14/Apr/2025:08:11:03 +0200] "GET /Jurek/eurofirany/images/448522/0.jpg HTTP/2.0" 200 170304 "-" "baselinker"
51.77.52.107 - - [14/Apr/2025:08:11:20 +0200] "GET /Jurek/eurofirany/images/448522/0.jpg HTTP/2.0" 200 170304 "-" "baselinker"
51.77.52.107 - - [14/Apr/2025:08:11:29 +0200] "GET /Jurek/eurofirany/images/448522/0.jpg HTTP/2.0" 200 170304 "-" "baselinker"
46.101.116.244 - - [14/Apr/2025:08:11:39 +0200] "GET /Jurek/aw/feeds/aw_fnacfr.xml HTTP/1.0" 404 3551 "-" "-"
51.77.52.107 - - [14/Apr/2025:08:11:47 +0200] "GET /Jurek/eurofirany/images/448523/0.jpg HTTP/2.0" 200 170304 "-" "baselinker"
46.101.116.244 - - [14/Apr/2025:08:11:48 +0200] "GET /Jurek/kinghoff/feeds/kinghoff_ceneo.xml HTTP/1.0" 200 15516224 "-" "-"
46.101.116.244 - - [14/Apr/2025:08:11:50 +0200] "GET /Jurek/barbecook/feeds/barbecook_allegro.xml HTTP/1.0" 200 87554 "-" "-"
46.101.116.244 - - [14/Apr/2025:08:11:52 +0200] "GET /Jurek/vida_morele/feeds/vidaPL_velomarket_category0.xml HTTP/1.0" 200 144625330 "-" "-"
46.101.116.244 - - [14/Apr/2025:08:11:55 +0200] "GET /Jurek/vida_morele/feeds/vidaPL_velomarket_category2.xml HTTP/1.0" 200 40913944 "-" "-"
66.249.64.165 - - [14/Apr/2025:08:11:56 +0200] "GET /Jurek/topeshop/downloaded_images/5902838468449_20_st_open.jpg HTTP/1.1" 200 61794 "-" "Googlebot-Image/1.0"
46.101.116.244 - - [14/Apr/2025:08:11:58 +0200] "GET /Jurek/vida_morele/feeds/vidaPL_velomarket_category1.xml HTTP/1.0" 200 174552104 "-" "-"
46.101.116.244 - - [14/Apr/2025:08:12:00 +0200] "GET /Jurek/vida_morele/feeds/vidaPL_velomarket_category3.xml HTTP/1.0" 200 43537417 "-" "-"
51.77.52.107 - - [14/Apr/2025:08:12:01 +0200] "GET /Jurek/eurofirany/images/448523/0.jpg HTTP/2.0" 200 170304 "-" "baselinker"
51.77.52.107 - - [14/Apr/2025:08:12:04 +0200] "GET /Jurek/eurofirany/images/448523/0.jpg HTTP/2.0" 200 170304 "-" "baselinker"
51.77.52.107 - - [14/Apr/2025:08:12:19 +0200] "GET /Jurek/eurofirany/images/448524/0.jpg HTTP/2.0" 200 170304 "-" "baselinker"
51.77.52.107 - - [14/Apr/2025:08:12:32 +0200] "GET /Jurek/eurofirany/images/448524/0.jpg HTTP/2.0" 200 170304 "-" "baselinker"
51.77.52.107 - - [14/Apr/2025:08:12:46 +0200] "GET /Jurek/eurofirany/images/448524/0.jpg HTTP/2.0" 200 170304 "-" "baselinker"
51.77.52.107 - - [14/Apr/2025:08:13:03 +0200] "GET /Jurek/eurofirany/images/428719/0.jpg HTTP/2.0" 200 35724 "-" "baselinker"
51.77.52.107 - - [14/Apr/2025:08:13:16 +0200] "GET /Jurek/eurofirany/images/428719/0.jpg HTTP/2.0" 200 35724 "-" "baselinker"
89.244.83.206 - - [14/Apr/2025:08:13:16 +0200] "GET /Jurek/topeshop/downloaded_images/5902838467619_profilowe.jpg HTTP/2.0" 200 65510 "https://itm.ebaydesc.com/" "Mozilla/5.0 (iPhone; CPU iPhone OS 18_3_2 like Mac OS X) AppleWebKit/605.1.15 (KHTML, like Gecko) Version/18.3.1 Mobile/15E148 Safari/604.1"
51.77.52.107 - - [14/Apr/2025:08:13:29 +0200] "GET /Jurek/eurofirany/images/428719/0.jpg HTTP/2.0" 200 35724 "-" "baselinker"
51.77.52.107 - - [14/Apr/2025:08:13:43 +0200] "GET /Jurek/eurofirany/images/436620/0.jpg HTTP/2.0" 200 30690 "-" "baselinker"
51.77.52.107 - - [14/Apr/2025:08:13:57 +0200] "GET /Jurek/eurofirany/images/436620/0.jpg HTTP/2.0" 200 30690 "-" "baselinker"
51.77.52.107 - - [14/Apr/2025:08:14:02 +0200] "GET /Jurek/eurofirany/images/436620/0.jpg HTTP/2.0" 200 30690 "-" "baselinker"
5.134.208.158 - - [14/Apr/2025:08:14:12 +0200] "GET /Jurek/eurofirany/images/388497/0.jpg HTTP/1.1" 200 153880 "-" "-"
51.77.52.107 - - [14/Apr/2025:08:14:17 +0200] "GET /Jurek/eurofirany/images/448533/0.jpg HTTP/2.0" 200 95208 "-" "baselinker"
51.77.52.107 - - [14/Apr/2025:08:14:44 +0200] "GET /Jurek/eurofirany/images/448533/0.jpg HTTP/2.0" 200 95208 "-" "baselinker"
51.77.52.107 - - [14/Apr/2025:08:14:53 +0200] "GET /Jurek/eurofirany/images/448533/0.jpg HTTP/2.0" 200 95208 "-" "baselinker"
51.77.52.107 - - [14/Apr/2025:08:15:00 +0200] "GET /Jurek/eurofirany/images/448534/0.jpg HTTP/2.0" 200 107888 "-" "baselinker"
51.77.52.107 - - [14/Apr/2025:08:15:05 +0200] "GET /Jurek/eurofirany/images/448534/0.jpg HTTP/2.0" 200 107888 "-" "baselinker"
66.211.183.71 - - [14/Apr/2025:08:15:07 +0200] "GET /Jurek/topeshop/downloaded_images/5902838468012_Plus_biel_wiz.jpg HTTP/1.1" 404 3551 "http://www.ebay.com/" "Mozilla/4.0 (compatible; MSIE 4.01; Windows NT)"
66.211.183.71 - - [14/Apr/2025:08:15:07 +0200] "GET /Jurek/topeshop/downloaded_images/5902838468012_23_white_pp.jpg HTTP/1.1" 200 104072 "http://www.ebay.com/" "Mozilla/4.0 (compatible; MSIE 4.01; Windows NT)"
66.211.183.74 - - [14/Apr/2025:08:15:07 +0200] "GET /Jurek/topeshop/downloaded_images/5902838468012_23_white_(1).png HTTP/1.1" 200 175821 "http://www.ebay.com/" "Mozilla/4.0 (compatible; MSIE 4.01; Windows NT)"
51.77.52.107 - - [14/Apr/2025:08:15:12 +0200] "GET /Jurek/eurofirany/images/448534/0.jpg HTTP/2.0" 200 107888 "-" "baselinker"
51.77.52.107 - - [14/Apr/2025:08:15:18 +0200] "GET /Jurek/eurofirany/images/448537/0.jpg HTTP/2.0" 200 54118 "-" "baselinker"
51.77.52.107 - - [14/Apr/2025:08:15:23 +0200] "GET /Jurek/eurofirany/images/448537/0.jpg HTTP/2.0" 200 54118 "-" "baselinker"
51.77.52.107 - - [14/Apr/2025:08:15:29 +0200] "GET /Jurek/eurofirany/images/448537/0.jpg HTTP/2.0" 200 54118 "-" "baselinker"
51.77.52.107 - - [14/Apr/2025:08:15:38 +0200] "GET /Jurek/eurofirany/images/452473/0.jpg HTTP/2.0" 200 84030 "-" "baselinker"
51.77.52.107 - - [14/Apr/2025:08:15:54 +0200] "GET /Jurek/eurofirany/images/452473/0.jpg HTTP/2.0" 200 84030 "-" "baselinker"
51.77.52.107 - - [14/Apr/2025:08:15:57 +0200] "GET /Jurek/eurofirany/images/452473/0.jpg HTTP/2.0" 200 84030 "-" "baselinker"
51.77.52.107 - - [14/Apr/2025:08:16:08 +0200] "GET /Jurek/eurofirany/images/454606/0.jpg HTTP/2.0" 200 105355 "-" "baselinker"
66.211.183.74 - - [14/Apr/2025:08:16:08 +0200] "GET /Jurek/eurofirany/images/468240/0.jpg HTTP/1.1" 200 133044 "-" "Java/17.0.13.0.101"
66.249.64.167 - - [14/Apr/2025:08:16:18 +0200] "GET /Jurek/eurofirany/images/396274/2.jpg HTTP/1.1" 200 34948 "-" "Googlebot-Image/1.0"
51.77.52.107 - - [14/Apr/2025:08:16:25 +0200] "GET /Jurek/eurofirany/images/454606/0.jpg HTTP/2.0" 200 105355 "-" "baselinker"
51.77.52.107 - - [14/Apr/2025:08:16:41 +0200] "GET /Jurek/eurofirany/images/454606/0.jpg HTTP/2.0" 200 105355 "-" "baselinker"
18.157.125.26 - - [14/Apr/2025:08:16:41 +0200] "GET /Jurek/topeshop/downloaded_images/5902838460689_4.jpg HTTP/2.0" 404 3551 "-" "Mozilla/5.0 (Windows NT 10.0; Win64; x64) AppleWebKit/537.36 (KHTML, like Gecko) Chrome/109.0.0.0 Safari/537.36"
46.101.116.244 - - [14/Apr/2025:08:16:45 +0200] "GET /Jurek/aw/feeds/aw_fnacfr.xml HTTP/1.0" 404 3551 "-" "-"
51.77.52.107 - - [14/Apr/2025:08:16:52 +0200] "GET /Jurek/eurofirany/images/453891/0.jpg HTTP/2.0" 200 91165 "-" "baselinker"
51.77.52.107 - - [14/Apr/2025:08:17:05 +0200] "GET /Jurek/eurofirany/images/453891/0.jpg HTTP/2.0" 200 91165 "-" "baselinker"
46.101.116.244 - - [14/Apr/2025:08:17:25 +0200] "GET /Jurek/eurofirany/feeds/eurofirany_velomarket.xml HTTP/1.0" 200 19325547 "-" "-"
51.77.52.107 - - [14/Apr/2025:08:17:26 +0200] "GET /Jurek/eurofirany/images/453891/0.jpg HTTP/2.0" 200 91165 "-" "baselinker"
46.101.116.244 - - [14/Apr/2025:08:17:35 +0200] "GET /Jurek/victoria/feeds/victoria_pl_velo.xml HTTP/1.0" 200 16598777 "-" "-"
89.161.206.59 - - [14/Apr/2025:08:17:43 +0200] "GET /Jurek/drewdon/feeds/drewdon_piguEX.xml HTTP/1.0" 200 504451 "-" "-"
51.77.52.107 - - [14/Apr/2025:08:17:43 +0200] "GET /Jurek/eurofirany/images/457597/0.jpg HTTP/2.0" 200 75871 "-" "baselinker"
46.101.116.244 - - [14/Apr/2025:08:17:47 +0200] "GET /Jurek/hurtownia_przemyslowa/feeds/hp_bol.xml HTTP/1.0" 200 49362756 "-" "-"
46.101.116.244 - - [14/Apr/2025:08:17:53 +0200] "GET /Jurek/kinghoff/feeds/kinghoff_bol.xml HTTP/1.0" 200 15515243 "-" "-"
89.161.206.59 - - [14/Apr/2025:08:18:03 +0200] "GET /Jurek/sempler/feeds/sempler_BOL.xml HTTP/1.0" 200 6787964 "-" "-"
89.161.206.59 - - [14/Apr/2025:08:18:04 +0200] "GET /Jurek/benetech/feeds/benetech_bol.xml HTTP/1.0" 200 4165318 "-" "-"
89.161.206.59 - - [14/Apr/2025:08:18:07 +0200] "GET /Jurek/oromed/feeds/oromed_BOL.xml HTTP/1.0" 200 1095985 "-" "-"
89.161.206.59 - - [14/Apr/2025:08:18:07 +0200] "GET /Jurek/kamar/feeds/kamar_cdsc.xml HTTP/1.0" 200 37126828 "-" "-"
89.161.206.59 - - [14/Apr/2025:08:18:07 +0200] "GET /Jurek/narzbud/feeds/narzbud_bol.xml HTTP/1.0" 200 1901221 "-" "-"
89.161.206.59 - - [14/Apr/2025:08:18:08 +0200] "GET /Jurek/artdog/feeds/artdog_bol.xml HTTP/1.0" 200 17158826 "-" "-"
89.161.206.59 - - [14/Apr/2025:08:18:08 +0200] "GET /Jurek/ekolight/feeds/ekolight_bol.xml HTTP/1.0" 200 9052708 "-" "-"
89.161.206.59 - - [14/Apr/2025:08:18:08 +0200] "GET /Jurek/livinhill/feeds/livinhill_bol.xml HTTP/1.0" 200 1454937 "-" "-"
51.77.52.107 - - [14/Apr/2025:08:18:09 +0200] "GET /Jurek/eurofirany/images/457597/0.jpg HTTP/2.0" 200 75871 "-" "baselinker"
89.161.206.59 - - [14/Apr/2025:08:18:09 +0200] "GET /Jurek/galopi/feeds/galopi_bol.xml HTTP/1.0" 200 2111053 "-" "-"
89.161.206.59 - - [14/Apr/2025:08:18:09 +0200] "GET /Jurek/ekuchcikowo/feeds/ekuchcikowo_bol.xml HTTP/1.0" 200 12470998 "-" "-"
89.161.206.59 - - [14/Apr/2025:08:18:10 +0200] "GET /Jurek/erohurtownia/feeds/erohurtownia_bol.xml HTTP/1.0" 200 22846402 "-" "-"
89.161.206.59 - - [14/Apr/2025:08:18:10 +0200] "GET /Jurek/urwiskowo/feeds/urwiskowo_bol.xml HTTP/1.0" 200 9114983 "-" "-"
89.161.206.59 - - [14/Apr/2025:08:18:11 +0200] "GET /Jurek/combine/feeds/combine_bol.xml HTTP/1.0" 200 210557 "-" "-"
89.161.206.59 - - [14/Apr/2025:08:18:11 +0200] "GET /Jurek/spali/feeds/spali_bol.xml HTTP/1.0" 200 77055 "-" "-"
89.161.206.59 - - [14/Apr/2025:08:18:11 +0200] "GET /Jurek/bass_new/feeds/bass_bol.xml HTTP/1.0" 200 7040817 "-" "-"
89.161.206.59 - - [14/Apr/2025:08:18:11 +0200] "GET /Jurek/aiofactory/feeds/aiofactory_bol.xml HTTP/1.0" 200 2123775 "-" "-"
89.161.206.59 - - [14/Apr/2025:08:18:12 +0200] "GET /Jurek/hurtmeblowy/feeds/hurtmeblowy_bol.xml HTTP/1.0" 200 8495603 "-" "-"
89.161.206.59 - - [14/Apr/2025:08:18:13 +0200] "GET /Jurek/rider/feeds/rider_bol.xml HTTP/1.0" 200 8165171 "-" "-"
89.161.206.59 - - [14/Apr/2025:08:18:14 +0200] "GET /Jurek/eldar/feeds/eldar_bol.xml HTTP/1.0" 200 7329738 "-" "-"
89.161.206.59 - - [14/Apr/2025:08:18:14 +0200] "GET /Jurek/primohurt/feeds/primohurt_bol.xml HTTP/1.0" 200 17186762 "-" "-"
89.161.206.59 - - [14/Apr/2025:08:18:14 +0200] "GET /Jurek/najtanszysport/feeds/najtanszysport_bol.xml HTTP/1.0" 200 3983111 "-" "-"
89.161.206.59 - - [14/Apr/2025:08:18:15 +0200] "GET /Jurek/motofan/feeds/motofan_bol.xml HTTP/1.0" 200 2392160 "-" "-"
89.161.206.59 - - [14/Apr/2025:08:18:15 +0200] "GET /Jurek/topeshop/feeds/topeshop_bol.xml HTTP/1.0" 200 2633136 "-" "-"
89.161.206.59 - - [14/Apr/2025:08:18:15 +0200] "GET /Jurek/eurofirany/feeds/eurofirany_bol.xml HTTP/1.0" 200 19324135 "-" "-"
89.161.206.59 - - [14/Apr/2025:08:18:16 +0200] "GET /Jurek/pupus/feeds/pupus_bol.xml HTTP/1.0" 200 6154577 "-" "-"
89.161.206.59 - - [14/Apr/2025:08:18:18 +0200] "GET /Jurek/playcob/feeds/playcob_bol.xml HTTP/1.0" 200 6980179 "-" "-"
89.161.206.59 - - [14/Apr/2025:08:18:18 +0200] "GET /Jurek/maksik/feeds/maksik_bol.xml HTTP/1.0" 200 4084768 "-" "-"
89.161.206.59 - - [14/Apr/2025:08:18:18 +0200] "GET /Jurek/hanex/feeds/hanex_BOL.xml HTTP/1.0" 200 13931585 "-" "-"
89.161.206.59 - - [14/Apr/2025:08:18:19 +0200] "GET /Jurek/roger/feeds/roger_bol.xml HTTP/1.0" 200 1147378 "-" "-"
89.161.206.59 - - [14/Apr/2025:08:18:19 +0200] "GET /Jurek/smxdesign/feeds/smxdesign_bol.xml HTTP/1.0" 200 1829023 "-" "-"
89.161.206.59 - - [14/Apr/2025:08:18:19 +0200] "GET /Jurek/shiori/feeds/shiori_bol.xml HTTP/1.0" 200 453647 "-" "-"
89.161.206.59 - - [14/Apr/2025:08:18:20 +0200] "GET /Jurek/dropkz/feeds/dropkz_bol.xml HTTP/1.0" 200 70013865 "-" "-"
51.77.52.107 - - [14/Apr/2025:08:18:23 +0200] "GET /Jurek/eurofirany/images/457597/0.jpg HTTP/2.0" 200 75871 "-" "baselinker"
89.161.206.59 - - [14/Apr/2025:08:18:24 +0200] "GET /Jurek/eoptimo/feeds/eoptimo_bol.xml HTTP/1.0" 200 2094375 "-" "-"
89.161.206.59 - - [14/Apr/2025:08:18:25 +0200] "GET /Jurek/sklep24amk/feeds/sklep24amk_bol.xml HTTP/1.0" 200 3894601 "-" "-"
89.161.206.59 - - [14/Apr/2025:08:18:25 +0200] "GET /Jurek/matkam/feeds/matkam_bol.xml HTTP/1.0" 200 5000745 "-" "-"
89.161.206.59 - - [14/Apr/2025:08:18:25 +0200] "GET /Jurek/sportprise/feeds/sportprise_bol.xml HTTP/1.0" 200 12725612 "-" "-"
89.161.206.59 - - [14/Apr/2025:08:18:26 +0200] "GET /Jurek/elavia/feeds/elavia_bol.xml HTTP/1.0" 200 2497263 "-" "-"
89.161.206.59 - - [14/Apr/2025:08:18:26 +0200] "GET /Jurek/zbimatyja/feeds/zbimatyja_bol.xml HTTP/1.0" 200 11670140 "-" "-"
89.161.206.59 - - [14/Apr/2025:08:18:27 +0200] "GET /Jurek/cdata/feeds/cdata_bol.xml HTTP/1.0" 200 1445085 "-" "-"
89.161.206.59 - - [14/Apr/2025:08:18:27 +0200] "GET /Jurek/broers/feeds/broers_bol.xml HTTP/1.0" 200 1982560 "-" "-"
89.161.206.59 - - [14/Apr/2025:08:18:27 +0200] "GET /Jurek/princelh/feeds/princelh_bol.xml HTTP/1.0" 200 133431 "-" "-"
89.161.206.59 - - [14/Apr/2025:08:18:28 +0200] "GET /Jurek/sartrix/feeds/sartrix_bol.xml HTTP/1.0" 200 649155 "-" "-"
89.161.206.59 - - [14/Apr/2025:08:18:28 +0200] "GET /Jurek/hdwr/feeds/hdwr_BOL.xml HTTP/1.0" 200 789399 "-" "-"
89.161.206.59 - - [14/Apr/2025:08:18:28 +0200] "GET /Jurek/szpaklampy/feeds/szpaklampy_bol.xml HTTP/1.0" 200 388218 "-" "-"
89.161.206.59 - - [14/Apr/2025:08:18:29 +0200] "GET /Jurek/techrebal/feeds/techrebal_bol.xml HTTP/1.0" 200 1989739 "-" "-"
89.161.206.59 - - [14/Apr/2025:08:18:29 +0200] "GET /Jurek/muminky/feeds/muminky_bol.xml HTTP/1.0" 200 2677694 "-" "-"
89.161.206.59 - - [14/Apr/2025:08:18:29 +0200] "GET /Jurek/nonabox/feeds/nonabox_bol.xml HTTP/1.0" 200 33867 "-" "-"
89.161.206.59 - - [14/Apr/2025:08:18:29 +0200] "GET /Jurek/nexus/feeds/nexus_bol.xml HTTP/1.0" 200 226642 "-" "-"
89.161.206.59 - - [14/Apr/2025:08:18:29 +0200] "GET /Jurek/pagmil/feeds/pagmil_bol.xml HTTP/1.0" 200 1802840 "-" "-"
89.161.206.59 - - [14/Apr/2025:08:18:30 +0200] "GET /Jurek/proparts/feeds/proparts_bol.xml HTTP/1.0" 200 707471 "-" "-"
89.161.206.59 - - [14/Apr/2025:08:18:30 +0200] "GET /Jurek/techrebalina/feeds/techrebalina_bol.xml HTTP/1.0" 200 2011219 "-" "-"
89.161.206.59 - - [14/Apr/2025:08:18:30 +0200] "GET /Jurek/cenoman/feeds/cenoman_bol.xml HTTP/1.0" 200 5993160 "-" "-"
89.161.206.59 - - [14/Apr/2025:08:18:30 +0200] "GET /Jurek/newtechele/feeds/newtechele_bol.xml HTTP/1.0" 200 2438509 "-" "-"
89.161.206.59 - - [14/Apr/2025:08:18:31 +0200] "GET /Jurek/beltimore/feeds/beltimore_bol.xml HTTP/1.0" 200 18651715 "-" "-"
51.77.52.107 - - [14/Apr/2025:08:18:37 +0200] "GET /Jurek/eurofirany/images/457598/0.jpg HTTP/2.0" 200 60580 "-" "baselinker"
89.161.206.59 - - [14/Apr/2025:08:18:38 +0200] "GET /Jurek/rems/feeds/rems_bol.xml HTTP/1.0" 200 8706194 "-" "-"
89.161.206.59 - - [14/Apr/2025:08:18:39 +0200] "GET /Jurek/luxma/feeds/luxma_bol.xml HTTP/1.0" 200 8058599 "-" "-"
51.77.52.107 - - [14/Apr/2025:08:18:51 +0200] "GET /Jurek/eurofirany/images/457598/0.jpg HTTP/2.0" 200 60580 "-" "baselinker"
51.77.52.107 - - [14/Apr/2025:08:19:10 +0200] "GET /Jurek/eurofirany/images/457598/0.jpg HTTP/2.0" 200 60580 "-" "baselinker"
51.77.52.107 - - [14/Apr/2025:08:19:25 +0200] "GET /Jurek/eurofirany/images/458984/0.jpg HTTP/2.0" 200 117375 "-" "baselinker"
51.77.52.107 - - [14/Apr/2025:08:19:31 +0200] "GET /Jurek/eurofirany/images/458984/0.jpg HTTP/2.0" 200 117375 "-" "baselinker"
51.77.52.107 - - [14/Apr/2025:08:19:35 +0200] "GET /Jurek/eurofirany/images/458984/0.jpg HTTP/2.0" 200 117375 "-" "baselinker"
51.77.52.107 - - [14/Apr/2025:08:19:49 +0200] "GET /Jurek/eurofirany/images/458985/0.jpg HTTP/2.0" 200 117375 "-" "baselinker"
51.77.52.107 - - [14/Apr/2025:08:19:54 +0200] "GET /Jurek/eurofirany/images/458985/0.jpg HTTP/2.0" 200 117375 "-" "baselinker"
51.77.52.107 - - [14/Apr/2025:08:20:00 +0200] "GET /Jurek/eurofirany/images/458985/0.jpg HTTP/2.0" 200 117375 "-" "baselinker"
51.77.52.107 - - [14/Apr/2025:08:20:07 +0200] "GET /Jurek/eurofirany/images/459000/0.jpg HTTP/2.0" 200 100742 "-" "baselinker"
51.77.52.107 - - [14/Apr/2025:08:20:19 +0200] "GET /Jurek/eurofirany/images/459000/0.jpg HTTP/2.0" 200 100742 "-" "baselinker"
51.77.52.107 - - [14/Apr/2025:08:20:26 +0200] "GET /Jurek/eurofirany/images/459000/0.jpg HTTP/2.0" 200 100742 "-" "baselinker"
51.77.52.107 - - [14/Apr/2025:08:20:34 +0200] "GET /Jurek/eurofirany/images/459001/0.jpg HTTP/2.0" 200 100742 "-" "baselinker"
66.249.64.166 - - [14/Apr/2025:08:20:37 +0200] "GET /Jurek/eurofirany/images/390400/3.jpg HTTP/1.1" 200 183103 "-" "Googlebot-Image/1.0"
51.77.52.107 - - [14/Apr/2025:08:20:42 +0200] "GET /Jurek/eurofirany/images/459001/0.jpg HTTP/2.0" 200 100742 "-" "baselinker"
51.77.52.107 - - [14/Apr/2025:08:20:57 +0200] "GET /Jurek/eurofirany/images/459001/0.jpg HTTP/2.0" 200 100742 "-" "baselinker"
89.161.206.59 - - [14/Apr/2025:08:20:59 +0200] "GET /Jurek/benetech/feeds/benetech_aliex.xml HTTP/1.0" 200 4165604 "-" "-"
89.161.206.59 - - [14/Apr/2025:08:20:59 +0200] "GET /Jurek/slayo/feeds/slayo_aliex.xml HTTP/1.0" 200 183631 "-" "-"
89.161.206.59 - - [14/Apr/2025:08:20:59 +0200] "GET /Jurek/hdwr/feeds/hdwr_aliex.xml HTTP/1.0" 200 789581 "-" "-"
89.161.206.59 - - [14/Apr/2025:08:21:00 +0200] "GET /Jurek/targethome/feeds/targethome_aliex.xml HTTP/1.0" 200 688675 "-" "-"
89.161.206.59 - - [14/Apr/2025:08:21:00 +0200] "GET /Jurek/amzteam/feeds/amzteam_aliex.xml HTTP/1.0" 200 97912 "-" "-"
89.161.206.59 - - [14/Apr/2025:08:21:00 +0200] "GET /Jurek/ralmetal/feeds/ralmetal_aliex.xml HTTP/1.0" 200 1809286 "-" "-"
89.161.206.59 - - [14/Apr/2025:08:21:00 +0200] "GET /Jurek/cbdgreen/feeds/cbdgreen_aliex.xml HTTP/1.0" 200 50549 "-" "-"
89.161.206.59 - - [14/Apr/2025:08:21:01 +0200] "GET /Jurek/drops/feeds/dropsofficecolection_aliex.xml HTTP/1.0" 200 791042 "-" "-"
89.161.206.59 - - [14/Apr/2025:08:21:01 +0200] "GET /Jurek/szpaklampy/feeds/szpaklampy_aliex.xml HTTP/1.0" 200 388371 "-" "-"
89.161.206.59 - - [14/Apr/2025:08:21:02 +0200] "GET /Jurek/velinda/feeds/velinda_aliex.xml HTTP/1.0" 200 23438 "-" "-"
89.161.206.59 - - [14/Apr/2025:08:21:02 +0200] "GET /Jurek/spali/feeds/spali_aliex.xml HTTP/1.0" 200 77073 "-" "-"
89.161.206.59 - - [14/Apr/2025:08:21:02 +0200] "GET /Jurek/topeshop/feeds/topeshop_aliexpress.xml HTTP/1.0" 200 2633416 "-" "-"
51.77.52.107 - - [14/Apr/2025:08:21:02 +0200] "GET /Jurek/eurofirany/images/459002/0.jpg HTTP/2.0" 200 98817 "-" "baselinker"
89.161.206.59 - - [14/Apr/2025:08:21:02 +0200] "GET /Jurek/beltimore/feeds/beltimore_aliexpress.xml HTTP/1.0" 200 18654403 "-" "-"
89.161.206.59 - - [14/Apr/2025:08:21:04 +0200] "GET /Jurek/broers/feeds/broers_aliex.xml HTTP/1.0" 200 1983003 "-" "-"
89.161.206.59 - - [14/Apr/2025:08:21:05 +0200] "GET /Jurek/omi/feeds/omi_aliex.xml HTTP/1.0" 200 8106469 "-" "-"
89.161.206.59 - - [14/Apr/2025:08:21:06 +0200] "GET /Jurek/rosfix/feeds/rosfix_aliexpress.xml HTTP/1.0" 200 35771299 "-" "-"
51.77.52.107 - - [14/Apr/2025:08:21:08 +0200] "GET /Jurek/eurofirany/images/459002/0.jpg HTTP/2.0" 200 98817 "-" "baselinker"
89.161.206.59 - - [14/Apr/2025:08:21:09 +0200] "GET /Jurek/kamar/feeds/kamar_aliex.xml HTTP/1.0" 200 25554843 "-" "-"
89.161.206.59 - - [14/Apr/2025:08:21:10 +0200] "GET /Jurek/carbonyway/feeds/carbonyway_aliex.xml HTTP/1.0" 200 3076357 "-" "-"
89.161.206.59 - - [14/Apr/2025:08:21:11 +0200] "GET /Jurek/mojeledy/feeds/mojeledy_aliex.xml HTTP/1.0" 200 1018601 "-" "-"
89.161.206.59 - - [14/Apr/2025:08:21:11 +0200] "GET /Jurek/fertes/feeds/fertes_aliex.xml HTTP/1.0" 200 2362237 "-" "-"
89.161.206.59 - - [14/Apr/2025:08:21:11 +0200] "GET /Jurek/mechdecor/feeds/mechdecor_aliex.xml HTTP/1.0" 200 596311 "-" "-"
89.161.206.59 - - [14/Apr/2025:08:21:12 +0200] "GET /Jurek/avenido/feeds/avenido_aliex.xml HTTP/1.0" 200 720126 "-" "-"
89.161.206.59 - - [14/Apr/2025:08:21:12 +0200] "GET /Jurek/missionair/feeds/missionair_aliex.xml HTTP/1.0" 200 3155074 "-" "-"
89.161.206.59 - - [14/Apr/2025:08:21:12 +0200] "GET /Jurek/apresto/feeds/apresto_aliex.xml HTTP/1.0" 200 1327800 "-" "-"
89.161.206.59 - - [14/Apr/2025:08:21:13 +0200] "GET /Jurek/jakdroz/feeds/jakdroz_aliex.xml HTTP/1.0" 200 4090198 "-" "-"
89.161.206.59 - - [14/Apr/2025:08:21:13 +0200] "GET /Jurek/kalama/feeds/kalama_aliex.xml HTTP/1.0" 200 2662111 "-" "-"
89.161.206.59 - - [14/Apr/2025:08:21:14 +0200] "GET /Jurek/lampart/feeds/lampart_aliex.xml HTTP/1.0" 200 936194 "-" "-"
89.161.206.59 - - [14/Apr/2025:08:21:14 +0200] "GET /Jurek/takapara/feeds/takapara_aliex.xml HTTP/1.0" 200 1342690 "-" "-"
51.77.52.107 - - [14/Apr/2025:08:21:15 +0200] "GET /Jurek/eurofirany/images/459002/0.jpg HTTP/2.0" 200 98817 "-" "baselinker"
89.161.206.59 - - [14/Apr/2025:08:21:15 +0200] "GET /Jurek/cenoman/feeds/cenoman_aliex.xml HTTP/1.0" 200 5993743 "-" "-"
89.161.206.59 - - [14/Apr/2025:08:21:15 +0200] "GET /Jurek/regis/feeds/regis_aliex.xml HTTP/1.0" 200 82739 "-" "-"
89.161.206.59 - - [14/Apr/2025:08:21:15 +0200] "GET /Jurek/zami/feeds/zami_aliex.xml HTTP/1.0" 200 4474664 "-" "-"
51.77.52.107 - - [14/Apr/2025:08:21:23 +0200] "GET /Jurek/eurofirany/images/459004/0.jpg HTTP/2.0" 200 98817 "-" "baselinker"
46.101.116.244 - - [14/Apr/2025:08:21:26 +0200] "GET /Jurek/ikonka/feeds/ikonka_aliexpress.xml HTTP/1.0" 200 22184441 "-" "-"
51.77.52.107 - - [14/Apr/2025:08:21:34 +0200] "GET /Jurek/eurofirany/images/459004/0.jpg HTTP/2.0" 200 98817 "-" "baselinker"
51.77.52.107 - - [14/Apr/2025:08:21:39 +0200] "GET /Jurek/eurofirany/images/459004/0.jpg HTTP/2.0" 200 98817 "-" "baselinker"
46.101.116.244 - - [14/Apr/2025:08:21:41 +0200] "GET /Jurek/aw/feeds/aw_fnacfr.xml HTTP/1.0" 404 3551 "-" "-"
51.77.52.107 - - [14/Apr/2025:08:21:46 +0200] "GET /Jurek/eurofirany/images/459005/0.jpg HTTP/2.0" 200 86703 "-" "baselinker"
51.77.52.107 - - [14/Apr/2025:08:21:52 +0200] "GET /Jurek/eurofirany/images/459005/0.jpg HTTP/2.0" 200 86703 "-" "baselinker"
5.134.208.158 - - [14/Apr/2025:08:21:54 +0200] "GET /Jurek/eurofirany/images/403593/0.jpg HTTP/1.1" 200 44801 "-" "-"
51.77.52.107 - - [14/Apr/2025:08:22:00 +0200] "GET /Jurek/eurofirany/images/459005/0.jpg HTTP/2.0" 200 86703 "-" "baselinker"
51.77.52.107 - - [14/Apr/2025:08:22:08 +0200] "GET /Jurek/eurofirany/images/459007/0.jpg HTTP/2.0" 200 86703 "-" "baselinker"
51.77.52.107 - - [14/Apr/2025:08:22:14 +0200] "GET /Jurek/eurofirany/images/459007/0.jpg HTTP/2.0" 200 86703 "-" "baselinker"
51.77.52.107 - - [14/Apr/2025:08:22:20 +0200] "GET /Jurek/eurofirany/images/459007/0.jpg HTTP/2.0" 200 86703 "-" "baselinker"
51.77.52.107 - - [14/Apr/2025:08:22:26 +0200] "GET /Jurek/eurofirany/images/459009/0.jpg HTTP/2.0" 200 94742 "-" "baselinker"
51.77.52.107 - - [14/Apr/2025:08:22:43 +0200] "GET /Jurek/eurofirany/images/459009/0.jpg HTTP/2.0" 200 94742 "-" "baselinker"
66.249.64.165 - - [14/Apr/2025:08:22:47 +0200] "GET /Jurek/eurofirany/images/402865/3.jpg HTTP/1.1" 200 72529 "-" "Googlebot-Image/1.0"
51.77.52.107 - - [14/Apr/2025:08:22:50 +0200] "GET /Jurek/eurofirany/images/459009/0.jpg HTTP/2.0" 200 94742 "-" "baselinker"
51.77.52.107 - - [14/Apr/2025:08:23:07 +0200] "GET /Jurek/eurofirany/images/459010/0.jpg HTTP/2.0" 200 94742 "-" "baselinker"
51.77.52.107 - - [14/Apr/2025:08:23:13 +0200] "GET /Jurek/eurofirany/images/459010/0.jpg HTTP/2.0" 200 94742 "-" "baselinker"
51.77.52.107 - - [14/Apr/2025:08:23:18 +0200] "GET /Jurek/eurofirany/images/459010/0.jpg HTTP/2.0" 200 94742 "-" "baselinker"
51.77.52.107 - - [14/Apr/2025:08:23:26 +0200] "GET /Jurek/eurofirany/images/459013/0.jpg HTTP/2.0" 200 96107 "-" "baselinker"
51.77.52.107 - - [14/Apr/2025:08:23:39 +0200] "GET /Jurek/eurofirany/images/459013/0.jpg HTTP/2.0" 200 96107 "-" "baselinker"
51.77.52.107 - - [14/Apr/2025:08:23:58 +0200] "GET /Jurek/eurofirany/images/459013/0.jpg HTTP/2.0" 200 96107 "-" "baselinker"
51.77.52.107 - - [14/Apr/2025:08:24:01 +0200] "GET /Jurek/eurofirany/images/459016/0.jpg HTTP/2.0" 200 96107 "-" "baselinker"
51.77.52.107 - - [14/Apr/2025:08:24:09 +0200] "GET /Jurek/eurofirany/images/459016/0.jpg HTTP/2.0" 200 96107 "-" "baselinker"
51.77.52.107 - - [14/Apr/2025:08:24:13 +0200] "GET /Jurek/eurofirany/images/459016/0.jpg HTTP/2.0" 200 96107 "-" "baselinker"
51.77.52.107 - - [14/Apr/2025:08:24:17 +0200] "GET /Jurek/eurofirany/images/459018/0.jpg HTTP/2.0" 200 112002 "-" "baselinker"
51.77.52.107 - - [14/Apr/2025:08:24:32 +0200] "GET /Jurek/eurofirany/images/459018/0.jpg HTTP/2.0" 200 112002 "-" "baselinker"
51.77.52.107 - - [14/Apr/2025:08:25:03 +0200] "GET /Jurek/eurofirany/images/459018/0.jpg HTTP/2.0" 200 112002 "-" "baselinker"
51.77.52.107 - - [14/Apr/2025:08:25:12 +0200] "GET /Jurek/eurofirany/images/459019/0.jpg HTTP/2.0" 200 112002 "-" "baselinker"
51.77.52.107 - - [14/Apr/2025:08:25:26 +0200] "GET /Jurek/eurofirany/images/459019/0.jpg HTTP/2.0" 200 112002 "-" "baselinker"
51.77.52.107 - - [14/Apr/2025:08:25:30 +0200] "GET /Jurek/eurofirany/images/459019/0.jpg HTTP/2.0" 200 112002 "-" "baselinker"
51.77.52.107 - - [14/Apr/2025:08:25:52 +0200] "GET /Jurek/eurofirany/images/459022/0.jpg HTTP/2.0" 200 105293 "-" "baselinker"
207.46.13.111 - - [14/Apr/2025:08:25:58 +0200] "GET /Jurek/topeshop/downloaded_images/5902838464137_2.jpg HTTP/2.0" 404 3551 "-" "Mozilla/5.0 AppleWebKit/537.36 (KHTML, like Gecko; compatible; bingbot/2.0; +http://www.bing.com/bingbot.htm) Chrome/116.0.1938.76 Safari/537.36"
51.77.52.107 - - [14/Apr/2025:08:26:02 +0200] "GET /Jurek/eurofirany/images/459022/0.jpg HTTP/2.0" 200 105293 "-" "baselinker"
51.77.52.107 - - [14/Apr/2025:08:26:07 +0200] "GET /Jurek/eurofirany/images/459022/0.jpg HTTP/2.0" 200 105293 "-" "baselinker"
51.77.52.107 - - [14/Apr/2025:08:26:14 +0200] "GET /Jurek/eurofirany/images/459024/0.jpg HTTP/2.0" 200 105293 "-" "baselinker"
51.77.52.107 - - [14/Apr/2025:08:26:20 +0200] "GET /Jurek/eurofirany/images/459024/0.jpg HTTP/2.0" 200 105293 "-" "baselinker"
51.77.52.107 - - [14/Apr/2025:08:26:28 +0200] "GET /Jurek/eurofirany/images/459024/0.jpg HTTP/2.0" 200 105293 "-" "baselinker"
51.77.52.107 - - [14/Apr/2025:08:26:35 +0200] "GET /Jurek/eurofirany/images/459042/0.jpg HTTP/2.0" 200 85205 "-" "baselinker"
46.101.116.244 - - [14/Apr/2025:08:26:36 +0200] "GET /Jurek/aw/feeds/aw_fnacfr.xml HTTP/1.0" 404 3551 "-" "-"
51.77.52.107 - - [14/Apr/2025:08:26:46 +0200] "GET /Jurek/eurofirany/images/459042/0.jpg HTTP/2.0" 200 85205 "-" "baselinker"
51.77.52.107 - - [14/Apr/2025:08:26:57 +0200] "GET /Jurek/eurofirany/images/459042/0.jpg HTTP/2.0" 200 85205 "-" "baselinker"
51.77.52.107 - - [14/Apr/2025:08:27:03 +0200] "GET /Jurek/eurofirany/images/459043/0.jpg HTTP/2.0" 200 85205 "-" "baselinker"
51.77.52.107 - - [14/Apr/2025:08:27:22 +0200] "GET /Jurek/eurofirany/images/459043/0.jpg HTTP/2.0" 200 85205 "-" "baselinker"
89.161.206.59 - - [14/Apr/2025:08:27:33 +0200] "GET /Jurek/slayo/feeds/slayo_emagro.xml HTTP/1.0" 200 183631 "-" "-"
89.161.206.59 - - [14/Apr/2025:08:27:33 +0200] "GET /Jurek/bass/feeds/bass_emagro.xml HTTP/1.0" 200 3985567 "-" "-"
89.161.206.59 - - [14/Apr/2025:08:27:33 +0200] "GET /Jurek/mosti/feeds/mosti_emagro.xml HTTP/1.0" 200 4628102 "-" "-"
89.161.206.59 - - [14/Apr/2025:08:27:33 +0200] "GET /Jurek/ralmetal/feeds/ralmetal_emag.xml HTTP/1.0" 200 1787426 "-" "-"
89.161.206.59 - - [14/Apr/2025:08:27:33 +0200] "GET /Jurek/oromed/feeds/oromed_emagro.xml HTTP/1.0" 200 1096133 "-" "-"
