51.77.52.107 - - [14/Apr/2025:03:43:53 +0200] "GET /Jurek/eurofirany/images/460526/0.jpg HTTP/2.0" 200 73625 "-" "baselinker"
77.79.248.229 - - [14/Apr/2025:03:44:04 +0200] "GET /Jurek/aw/feeds/awnarzedzia_leroy.xml HTTP/1.1" 200 90571913 "-" "Python-urllib/3.11"
51.77.52.107 - - [14/Apr/2025:03:44:05 +0200] "GET /Jurek/eurofirany/images/460526/0.jpg HTTP/2.0" 200 73625 "-" "baselinker"
77.79.248.229 - - [14/Apr/2025:03:44:06 +0200] "GET /Jurek/hurtownia_przemyslowa/feeds/hp_leroy.xml HTTP/1.1" 200 49362548 "-" "Python-urllib/3.11"
77.79.248.229 - - [14/Apr/2025:03:44:07 +0200] "GET /Jurek/action/feeds/action_leroy.xml HTTP/1.1" 200 60205906 "-" "Python-urllib/3.11"
77.79.248.229 - - [14/Apr/2025:03:44:10 +0200] "GET /Jurek/b3/feeds/b3_leroy.xml HTTP/1.1" 200 8029749 "-" "Python-urllib/3.11"
46.101.116.244 - - [14/Apr/2025:03:44:11 +0200] "GET /Jurek/naszedzieci/feeds/naszedzieci_mallsiSH.xml HTTP/2.0" 200 833172423 "-" "-"
77.79.248.229 - - [14/Apr/2025:03:44:11 +0200] "GET /Jurek/topeshop/feeds/topeshop_leroy.xml HTTP/1.1" 200 2633191 "-" "Python-urllib/3.11"
77.79.248.229 - - [14/Apr/2025:03:44:13 +0200] "GET /Jurek/eurofirany/feeds/eurofirany_leroy.xml HTTP/1.1" 200 19324311 "-" "Python-urllib/3.11"
77.79.248.229 - - [14/Apr/2025:03:44:13 +0200] "GET /Jurek/fernity/feeds/fernity_leroy.xml HTTP/1.1" 200 4797071 "-" "Python-urllib/3.11"
77.79.248.229 - - [14/Apr/2025:03:44:14 +0200] "GET /Jurek/kambukka/feeds/kambukka_leroy.xml HTTP/1.1" 200 1021371 "-" "Python-urllib/3.11"
77.79.248.229 - - [14/Apr/2025:03:44:14 +0200] "GET /Jurek/ikonka/feeds/ikonka_leroy.xml HTTP/1.1" 200 22186523 "-" "Python-urllib/3.11"
77.79.248.229 - - [14/Apr/2025:03:44:15 +0200] "GET /Jurek/oromed/feeds/oromed_leroy.xml HTTP/1.1" 200 1095990 "-" "Python-urllib/3.11"
77.79.248.229 - - [14/Apr/2025:03:44:15 +0200] "GET /Jurek/benetech/feeds/benetech_leroy.xml HTTP/1.1" 200 4165326 "-" "Python-urllib/3.11"
77.79.248.229 - - [14/Apr/2025:03:44:15 +0200] "GET /Jurek/octopia/feeds/octopia_leroy.xml HTTP/1.1" 200 10104975 "-" "Python-urllib/3.11"
77.79.248.229 - - [14/Apr/2025:03:44:17 +0200] "GET /Jurek/waks/feeds/waks_leroy.xml HTTP/1.1" 200 1596552 "-" "Python-urllib/3.11"
77.79.248.229 - - [14/Apr/2025:03:44:17 +0200] "GET /Jurek/kinghoff/feeds/kinghoff_leroy.xml HTTP/1.1" 200 15515230 "-" "Python-urllib/3.11"
77.79.248.229 - - [14/Apr/2025:03:44:18 +0200] "GET /Jurek/hdwr/feeds/hdwr_leroy.xml HTTP/1.1" 200 789408 "-" "Python-urllib/3.11"
77.79.248.229 - - [14/Apr/2025:03:44:20 +0200] "GET /Jurek/barbecook/feeds/barbecook_leroy.xml HTTP/1.1" 200 87520 "-" "Python-urllib/3.11"
77.79.248.229 - - [14/Apr/2025:03:44:20 +0200] "GET /Jurek/sempler/feeds/sempler_leroy.xml HTTP/1.1" 200 6787943 "-" "Python-urllib/3.11"
77.79.248.229 - - [14/Apr/2025:03:44:20 +0200] "GET /Jurek/kinghome/feeds/kinghome_leroy.xml HTTP/1.1" 200 6023377 "-" "Python-urllib/3.11"
77.79.248.229 - - [14/Apr/2025:03:44:21 +0200] "GET /Jurek/ekolight/feeds/ekolioght_leroy.xml HTTP/1.1" 200 9052737 "-" "Python-urllib/3.11"
77.79.248.229 - - [14/Apr/2025:03:44:21 +0200] "GET /Jurek/bimboland/feeds/bimboland_leroy.xml HTTP/1.1" 200 2804689 "-" "Python-urllib/3.11"
51.77.52.107 - - [14/Apr/2025:03:44:21 +0200] "GET /Jurek/eurofirany/images/458678/0.jpg HTTP/2.0" 200 78714 "-" "baselinker"
77.79.248.229 - - [14/Apr/2025:03:44:22 +0200] "GET /Jurek/hurtmeblowy/feeds/hurtmeblowy_leroy.xml HTTP/1.1" 200 8495644 "-" "Python-urllib/3.11"
77.79.248.229 - - [14/Apr/2025:03:44:23 +0200] "GET /Jurek/fertone/feeds/fertone_leroy.xml HTTP/1.1" 200 576495 "-" "Python-urllib/3.11"
77.79.248.229 - - [14/Apr/2025:03:44:23 +0200] "GET /Jurek/ekuchcikowo/feeds/ekuchcikowo_leroy.xml HTTP/1.1" 200 12471016 "-" "Python-urllib/3.11"
51.77.52.107 - - [14/Apr/2025:03:44:26 +0200] "GET /Jurek/eurofirany/images/458678/0.jpg HTTP/2.0" 200 78714 "-" "baselinker"
77.79.248.229 - - [14/Apr/2025:03:44:30 +0200] "GET /Jurek/intsell/feeds/intsell_leroy.xml HTTP/1.1" 200 342006987 "-" "Python-urllib/3.11"
77.79.248.229 - - [14/Apr/2025:03:44:30 +0200] "GET /Jurek/velinda/feeds/velinda_leroy.xml HTTP/1.1" 200 23436 "-" "Python-urllib/3.11"
77.79.248.229 - - [14/Apr/2025:03:44:30 +0200] "GET /Jurek/spali/feeds/spali_leroy.xml HTTP/1.1" 200 77057 "-" "Python-urllib/3.11"
77.79.248.229 - - [14/Apr/2025:03:44:30 +0200] "GET /Jurek/urwiskowo/feeds/urwiskowo_leroy.xml HTTP/1.1" 200 9114978 "-" "Python-urllib/3.11"
77.79.248.229 - - [14/Apr/2025:03:44:31 +0200] "GET /Jurek/erohurtownia/feeds/erohurtownia_leroy.xml HTTP/1.1" 200 22846378 "-" "Python-urllib/3.11"
77.79.248.229 - - [14/Apr/2025:03:44:31 +0200] "GET /Jurek/elecomp/feeds/elecomp_leroy.xml HTTP/1.1" 200 2867851 "-" "Python-urllib/3.11"
77.79.248.229 - - [14/Apr/2025:03:44:31 +0200] "GET /Jurek/rider/feeds/rider_leroy.xml HTTP/1.1" 200 8165218 "-" "Python-urllib/3.11"
77.79.248.229 - - [14/Apr/2025:03:44:32 +0200] "GET /Jurek/eurofryz2/feeds/eurofryz2_leroy.xml HTTP/1.1" 200 1376780 "-" "Python-urllib/3.11"
77.79.248.229 - - [14/Apr/2025:03:44:32 +0200] "GET /Jurek/expertauto/feeds/expertauto_leroy.xml HTTP/1.1" 200 1158929 "-" "Python-urllib/3.11"
77.79.248.229 - - [14/Apr/2025:03:44:32 +0200] "GET /Jurek/najtanszysport/feeds/najtanszysport_leroy.xml HTTP/1.1" 200 3983258 "-" "Python-urllib/3.11"
77.79.248.229 - - [14/Apr/2025:03:44:32 +0200] "GET /Jurek/kobi/feeds/kobi_leroy.xml HTTP/1.1" 200 1993235 "-" "Python-urllib/3.11"
77.79.248.229 - - [14/Apr/2025:03:44:34 +0200] "GET /Jurek/narzbud/feeds/narzbud_leroy.xml HTTP/1.1" 200 1901236 "-" "Python-urllib/3.11"
77.79.248.229 - - [14/Apr/2025:03:44:40 +0200] "GET /Jurek/awparts/feeds/awparts_leroy.xml HTTP/1.1" 200 142303695 "-" "Python-urllib/3.11"
77.79.248.229 - - [14/Apr/2025:03:44:42 +0200] "GET /Jurek/kidshop/feeds/kidshop_leroy.xml HTTP/1.1" 200 19850599 "-" "Python-urllib/3.11"
77.79.248.229 - - [14/Apr/2025:03:44:43 +0200] "GET /Jurek/playcob/feeds/playcob_leroy.xml HTTP/1.1" 200 6980181 "-" "Python-urllib/3.11"
51.77.52.107 - - [14/Apr/2025:03:44:43 +0200] "GET /Jurek/eurofirany/images/458678/0.jpg HTTP/2.0" 200 78714 "-" "baselinker"
77.79.248.229 - - [14/Apr/2025:03:44:50 +0200] "GET /Jurek/dropkz/feeds/dropkz_leroy.xml HTTP/1.1" 200 70014763 "-" "Python-urllib/3.11"
77.79.248.229 - - [14/Apr/2025:03:44:52 +0200] "GET /Jurek/hanex/feeds/hanex_leroy.xml HTTP/1.1" 200 13931593 "-" "Python-urllib/3.11"
77.79.248.229 - - [14/Apr/2025:03:44:54 +0200] "GET /Jurek/straganbiur/feeds/straganbiur_leroy.xml HTTP/1.1" 200 8892849 "-" "Python-urllib/3.11"
77.79.248.229 - - [14/Apr/2025:03:44:55 +0200] "GET /Jurek/roger/feeds/roger_leroy.xml HTTP/1.1" 200 1396557 "-" "Python-urllib/3.11"
51.77.52.107 - - [14/Apr/2025:03:44:55 +0200] "GET /Jurek/eurofirany/images/458679/0.jpg HTTP/2.0" 200 87564 "-" "baselinker"
77.79.248.229 - - [14/Apr/2025:03:44:57 +0200] "GET /Jurek/sportprise/feeds/sportprise_leroy.xml HTTP/1.1" 200 12725570 "-" "Python-urllib/3.11"
77.79.248.229 - - [14/Apr/2025:03:44:58 +0200] "GET /Jurek/hurtmeblowy/feeds/hurtmeblowy_leroy.xml HTTP/1.1" 200 8495644 "-" "Python-urllib/3.11"
51.77.52.107 - - [14/Apr/2025:03:45:00 +0200] "GET /Jurek/eurofirany/images/458679/0.jpg HTTP/2.0" 200 87564 "-" "baselinker"
77.79.248.229 - - [14/Apr/2025:03:45:03 +0200] "GET /Jurek/oknobest/feeds/oknobest_leroy.xml HTTP/1.1" 200 2707903 "-" "Python-urllib/3.11"
77.79.248.229 - - [14/Apr/2025:03:45:04 +0200] "GET /Jurek/german/feeds/german_leroy.xml HTTP/1.1" 200 2853551 "-" "Python-urllib/3.11"
77.79.248.229 - - [14/Apr/2025:03:45:06 +0200] "GET /Jurek/kristronik/feeds/kristronik_leroy.xml HTTP/1.1" 200 691981 "-" "Python-urllib/3.11"
77.79.248.229 - - [14/Apr/2025:03:45:08 +0200] "GET /Jurek/erohurtownia/feeds/erohurtownia_leroy.xml HTTP/1.1" 200 22846378 "-" "Python-urllib/3.11"
77.79.248.229 - - [14/Apr/2025:03:45:10 +0200] "GET /Jurek/smxdesign/feeds/smxdesign_leroy.xml HTTP/1.1" 200 1829057 "-" "Python-urllib/3.11"
77.79.248.229 - - [14/Apr/2025:03:45:12 +0200] "GET /Jurek/elavia/feeds/elavia_leroy.xml HTTP/1.1" 200 2497273 "-" "Python-urllib/3.11"
51.77.52.107 - - [14/Apr/2025:03:45:15 +0200] "GET /Jurek/eurofirany/images/458679/0.jpg HTTP/2.0" 200 87564 "-" "baselinker"
77.79.248.229 - - [14/Apr/2025:03:45:18 +0200] "GET /Jurek/relogy/feeds/relogy_leroy.xml HTTP/1.1" 200 66666153 "-" "Python-urllib/3.11"
77.79.248.229 - - [14/Apr/2025:03:45:20 +0200] "GET /Jurek/hlo/feeds/hlo_leroy.xml HTTP/1.1" 200 4838667 "-" "Python-urllib/3.11"
77.79.248.229 - - [14/Apr/2025:03:45:21 +0200] "GET /Jurek/aiofactory/feeds/aiofactory_leroy.xml HTTP/1.1" 200 2123794 "-" "Python-urllib/3.11"
77.79.248.229 - - [14/Apr/2025:03:45:23 +0200] "GET /Jurek/broers/feeds/broers_leroy.xml HTTP/1.1" 200 1982529 "-" "Python-urllib/3.11"
77.79.248.229 - - [14/Apr/2025:03:45:26 +0200] "GET /Jurek/euroshop/feeds/euroshop_leroy.xml HTTP/1.1" 200 20025487 "-" "Python-urllib/3.11"
77.79.248.229 - - [14/Apr/2025:03:45:28 +0200] "GET /Jurek/jankeski/feeds/jankeski_leroy.xml HTTP/1.1" 200 6571010 "-" "Python-urllib/3.11"
51.77.52.107 - - [14/Apr/2025:03:45:28 +0200] "GET /Jurek/eurofirany/images/458680/0.jpg HTTP/2.0" 200 119712 "-" "baselinker"
77.79.248.229 - - [14/Apr/2025:03:45:29 +0200] "GET /Jurek/zbimatyja/feeds/zbimatyja_leroy.xml HTTP/1.1" 200 11670129 "-" "Python-urllib/3.11"
77.79.248.229 - - [14/Apr/2025:03:45:30 +0200] "GET /Jurek/cdata/feeds/cdata_leroy.xml HTTP/1.1" 200 1445137 "-" "Python-urllib/3.11"
77.79.248.229 - - [14/Apr/2025:03:45:31 +0200] "GET /Jurek/asortymenteu/feeds/asortymenteu_leroy.xml HTTP/1.1" 200 2764550 "-" "Python-urllib/3.11"
77.79.248.229 - - [14/Apr/2025:03:45:37 +0200] "GET /Jurek/biokominki/feeds/biokominki_leroy.xml HTTP/1.1" 200 1422255 "-" "Python-urllib/3.11"
77.79.248.229 - - [14/Apr/2025:03:45:38 +0200] "GET /Jurek/newtechele/feeds/newtechele_leroy.xml HTTP/1.1" 200 2438529 "-" "Python-urllib/3.11"
77.79.248.229 - - [14/Apr/2025:03:45:38 +0200] "GET /Jurek/matkam/feeds/matkam_leroy.xml HTTP/1.1" 200 5000695 "-" "Python-urllib/3.11"
77.79.248.229 - - [14/Apr/2025:03:45:39 +0200] "GET /Jurek/cenoman/feeds/cenoman_leroy.xml HTTP/1.1" 200 5993170 "-" "Python-urllib/3.11"
77.79.248.229 - - [14/Apr/2025:03:45:41 +0200] "GET /Jurek/kamar/feeds/kamar_leroy.xml HTTP/1.1" 200 25549905 "-" "Python-urllib/3.11"
77.79.248.229 - - [14/Apr/2025:03:45:43 +0200] "GET /Jurek/avenido/feeds/avenido_leroy.xml HTTP/1.1" 200 720086 "-" "Python-urllib/3.11"
77.79.248.229 - - [14/Apr/2025:03:45:44 +0200] "GET /Jurek/zenex/feeds/zenex_leroy.xml HTTP/1.1" 200 540179 "-" "Python-urllib/3.11"
77.79.248.229 - - [14/Apr/2025:03:45:46 +0200] "GET /Jurek/filmal/feeds/filmal_leroy.xml HTTP/1.1" 200 139276 "-" "Python-urllib/3.11"
77.79.248.229 - - [14/Apr/2025:03:45:48 +0200] "GET /Jurek/makow/feeds/makow_leroy.xml HTTP/1.1" 200 21203815 "-" "Python-urllib/3.11"
77.79.248.229 - - [14/Apr/2025:03:45:49 +0200] "GET /Jurek/szpaklampy/feeds/szpaklampy_leroy.xml HTTP/1.1" 200 388219 "-" "Python-urllib/3.11"
77.79.248.229 - - [14/Apr/2025:03:45:51 +0200] "GET /Jurek/apresto/feeds/apresto_leroy.xml HTTP/1.1" 200 1327678 "-" "Python-urllib/3.11"
51.77.52.107 - - [14/Apr/2025:03:45:51 +0200] "GET /Jurek/eurofirany/images/458680/0.jpg HTTP/2.0" 200 119712 "-" "baselinker"
77.79.248.229 - - [14/Apr/2025:03:45:52 +0200] "GET /Jurek/nexus/feeds/nexus_leroy.xml HTTP/1.1" 200 226642 "-" "Python-urllib/3.11"
77.79.248.229 - - [14/Apr/2025:03:45:53 +0200] "GET /Jurek/em3/feeds/em3_leroy.xml HTTP/1.1" 200 258929 "-" "Python-urllib/3.11"
77.79.248.229 - - [14/Apr/2025:03:45:53 +0200] "GET /Jurek/mojeledy/feeds/mojeledy_leroy.xml HTTP/1.1" 200 1018423 "-" "Python-urllib/3.11"
77.79.248.229 - - [14/Apr/2025:03:45:54 +0200] "GET /Jurek/carbonyway/feeds/carbonyway_leroy.xml HTTP/1.1" 200 3076028 "-" "Python-urllib/3.11"
51.77.52.107 - - [14/Apr/2025:03:45:56 +0200] "GET /Jurek/eurofirany/images/458680/0.jpg HTTP/2.0" 200 119712 "-" "baselinker"
77.79.248.229 - - [14/Apr/2025:03:45:56 +0200] "GET /Jurek/kalama/feeds/kalama_leroy.xml HTTP/1.1" 200 2661739 "-" "Python-urllib/3.11"
77.79.248.229 - - [14/Apr/2025:03:45:58 +0200] "GET /Jurek/proadventure/feeds/proadventure_leroy.xml HTTP/1.1" 200 10763576 "-" "Python-urllib/3.11"
77.79.248.229 - - [14/Apr/2025:03:46:02 +0200] "GET /Jurek/sklep24amk/feeds/sklep24amk_leroy.xml HTTP/1.1" 200 3894602 "-" "Python-urllib/3.11"
46.101.116.244 - - [14/Apr/2025:03:46:08 +0200] "GET /Jurek/aw/feeds/aw_fnacfr.xml HTTP/1.0" 404 3551 "-" "-"
77.79.248.229 - - [14/Apr/2025:03:46:10 +0200] "GET /Jurek/bloomglow/feeds/bloomglow_leroy.xml HTTP/1.1" 200 14095261 "-" "Python-urllib/3.11"
51.77.52.107 - - [14/Apr/2025:03:46:10 +0200] "GET /Jurek/eurofirany/images/458681/0.jpg HTTP/2.0" 200 134794 "-" "baselinker"
89.161.206.59 - - [14/Apr/2025:03:46:10 +0200] "GET /Jurek/maksik/feeds/maksik_cdsc.xml HTTP/1.0" 200 2927500 "-" "-"
89.161.206.59 - - [14/Apr/2025:03:46:11 +0200] "GET /Jurek/beltimore/feeds/beltimore_cdsc.xml HTTP/1.0" 200 11135904 "-" "-"
89.161.206.59 - - [14/Apr/2025:03:46:11 +0200] "GET /Jurek/benetech/feeds/benetech_cdsc.xml HTTP/1.0" 200 2361725 "-" "-"
89.161.206.59 - - [14/Apr/2025:03:46:12 +0200] "GET /Jurek/pawonik/feeds/pawonik_cdsc.xml HTTP/1.0" 200 1382159 "-" "-"
89.161.206.59 - - [14/Apr/2025:03:46:12 +0200] "GET /Jurek/hdwr/feeds/hdwr_cdsc.xml HTTP/1.0" 200 745700 "-" "-"
89.161.206.59 - - [14/Apr/2025:03:46:12 +0200] "GET /Jurek/drops/feeds/dropsofficecolection_cdsc.xml HTTP/1.0" 200 784244 "-" "-"
89.161.206.59 - - [14/Apr/2025:03:46:12 +0200] "GET /Jurek/szpaklampy/feeds/szpaklampy_cdsc.xml HTTP/1.0" 200 395816 "-" "-"
89.161.206.59 - - [14/Apr/2025:03:46:12 +0200] "GET /Jurek/sartrix/feeds/sartrix_cdsc.xml HTTP/1.0" 200 867436 "-" "-"
51.77.52.107 - - [14/Apr/2025:03:46:36 +0200] "GET /Jurek/eurofirany/images/458681/0.jpg HTTP/2.0" 200 134794 "-" "baselinker"
51.77.52.107 - - [14/Apr/2025:03:46:52 +0200] "GET /Jurek/eurofirany/images/458681/0.jpg HTTP/2.0" 200 134794 "-" "baselinker"
51.77.52.107 - - [14/Apr/2025:03:46:58 +0200] "GET /Jurek/eurofirany/images/458682/0.jpg HTTP/2.0" 200 117747 "-" "baselinker"
51.77.52.107 - - [14/Apr/2025:03:47:13 +0200] "GET /Jurek/eurofirany/images/458682/0.jpg HTTP/2.0" 200 117747 "-" "baselinker"
51.77.52.107 - - [14/Apr/2025:03:47:19 +0200] "GET /Jurek/eurofirany/images/458682/0.jpg HTTP/2.0" 200 117747 "-" "baselinker"
51.77.52.107 - - [14/Apr/2025:03:47:35 +0200] "GET /Jurek/eurofirany/images/458683/0.jpg HTTP/2.0" 200 128500 "-" "baselinker"
51.77.52.107 - - [14/Apr/2025:03:47:48 +0200] "GET /Jurek/eurofirany/images/458683/0.jpg HTTP/2.0" 200 128500 "-" "baselinker"
51.77.52.107 - - [14/Apr/2025:03:47:55 +0200] "GET /Jurek/eurofirany/images/458683/0.jpg HTTP/2.0" 200 128500 "-" "baselinker"
51.77.52.107 - - [14/Apr/2025:03:48:11 +0200] "GET /Jurek/eurofirany/images/458684/0.jpg HTTP/2.0" 200 113419 "-" "baselinker"
51.77.52.107 - - [14/Apr/2025:03:48:27 +0200] "GET /Jurek/eurofirany/images/458684/0.jpg HTTP/2.0" 200 113419 "-" "baselinker"
51.77.52.107 - - [14/Apr/2025:03:48:33 +0200] "GET /Jurek/eurofirany/images/458684/0.jpg HTTP/2.0" 200 113419 "-" "baselinker"
51.77.52.107 - - [14/Apr/2025:03:48:47 +0200] "GET /Jurek/eurofirany/images/458685/0.jpg HTTP/2.0" 200 123013 "-" "baselinker"
51.77.52.107 - - [14/Apr/2025:03:48:53 +0200] "GET /Jurek/eurofirany/images/458685/0.jpg HTTP/2.0" 200 123013 "-" "baselinker"
51.77.52.107 - - [14/Apr/2025:03:48:58 +0200] "GET /Jurek/eurofirany/images/458685/0.jpg HTTP/2.0" 200 123013 "-" "baselinker"
51.77.52.107 - - [14/Apr/2025:03:49:14 +0200] "GET /Jurek/eurofirany/images/458686/0.jpg HTTP/2.0" 200 131311 "-" "baselinker"
46.101.116.244 - - [14/Apr/2025:03:49:14 +0200] "GET /Jurek/reman/feeds/reman_mallsiSH.xml HTTP/2.0" 200 1394833 "-" "-"
51.77.52.107 - - [14/Apr/2025:03:49:19 +0200] "GET /Jurek/eurofirany/images/458686/0.jpg HTTP/2.0" 200 131311 "-" "baselinker"
46.101.116.244 - - [14/Apr/2025:03:49:25 +0200] "GET /Jurek/sartrix/feeds/sartrix_mallsiSH.xml HTTP/2.0" 200 649122 "-" "-"
51.77.52.107 - - [14/Apr/2025:03:49:33 +0200] "GET /Jurek/eurofirany/images/458686/0.jpg HTTP/2.0" 200 131311 "-" "baselinker"
46.101.116.244 - - [14/Apr/2025:03:49:35 +0200] "GET /Jurek/szpaklampy/feeds/szpaklampy_mallsiSH.xml HTTP/2.0" 200 388214 "-" "-"
51.77.52.107 - - [14/Apr/2025:03:49:38 +0200] "GET /Jurek/eurofirany/images/458687/0.jpg HTTP/2.0" 200 139933 "-" "baselinker"
51.77.52.107 - - [14/Apr/2025:03:49:45 +0200] "GET /Jurek/eurofirany/images/458687/0.jpg HTTP/2.0" 200 139933 "-" "baselinker"
46.101.116.244 - - [14/Apr/2025:03:49:45 +0200] "GET /Jurek/benetech/feeds/benetech_mallsiSH.xml HTTP/2.0" 200 4165295 "-" "-"
46.101.116.244 - - [14/Apr/2025:03:49:56 +0200] "GET /Jurek/dekoele/feeds/dekoele_mallsish.xml HTTP/2.0" 200 733934 "-" "-"
51.77.52.107 - - [14/Apr/2025:03:50:03 +0200] "GET /Jurek/eurofirany/images/458687/0.jpg HTTP/2.0" 200 139933 "-" "baselinker"
46.101.116.244 - - [14/Apr/2025:03:50:06 +0200] "GET /Jurek/drewdon/feeds/drewdon_mallsish.xml HTTP/2.0" 200 504440 "-" "-"
46.101.116.244 - - [14/Apr/2025:03:50:16 +0200] "GET /Jurek/emaja24/feeds/emaja24_mallsiSH.xml HTTP/2.0" 200 5109797 "-" "-"
51.77.52.107 - - [14/Apr/2025:03:50:16 +0200] "GET /Jurek/eurofirany/images/458698/0.jpg HTTP/2.0" 200 78714 "-" "baselinker"
46.101.116.244 - - [14/Apr/2025:03:50:28 +0200] "GET /Jurek/muminky/feeds/muminky_mallsiSH.xml HTTP/2.0" 200 2677715 "-" "-"
51.77.52.107 - - [14/Apr/2025:03:50:32 +0200] "GET /Jurek/eurofirany/images/458698/0.jpg HTTP/2.0" 200 78714 "-" "baselinker"
51.77.52.107 - - [14/Apr/2025:03:50:34 +0200] "GET /Jurek/eurofirany/images/458698/0.jpg HTTP/2.0" 200 78714 "-" "baselinker"
46.101.116.244 - - [14/Apr/2025:03:50:38 +0200] "GET /Jurek/pupus/feeds/pupus_mallsiSH.xml HTTP/2.0" 200 6154510 "-" "-"
77.79.248.229 - - [14/Apr/2025:03:50:43 +0200] "GET /Jurek/eurofirany/feeds/eurofirany_allsweet.xml HTTP/1.1" 200 19328475 "-" "Python-urllib/3.11"
51.77.52.107 - - [14/Apr/2025:03:50:48 +0200] "GET /Jurek/eurofirany/images/458699/0.jpg HTTP/2.0" 200 87564 "-" "baselinker"
46.101.116.244 - - [14/Apr/2025:03:50:49 +0200] "GET /Jurek/erohurtownia/feeds/erohurtownia_mallsish.xml HTTP/2.0" 200 22846420 "-" "-"
89.161.206.59 - - [14/Apr/2025:03:50:54 +0200] "GET /Jurek/princelh/feeds/princelh_amazonde.xml HTTP/1.0" 200 133435 "-" "-"
89.161.206.59 - - [14/Apr/2025:03:50:54 +0200] "GET /Jurek/zbimatyja/feeds/zbimatyja_amazonde.xml HTTP/1.0" 200 11670119 "-" "-"
77.79.248.229 - - [14/Apr/2025:03:50:54 +0200] "GET /Jurek/ikonka/feeds/ikonka_all_sweet.xml HTTP/1.1" 200 22187049 "-" "Python-urllib/3.11"
89.161.206.59 - - [14/Apr/2025:03:50:55 +0200] "GET /Jurek/beltimore/feeds/beltimore_amazonde.xml HTTP/1.0" 200 18651674 "-" "-"
77.79.248.229 - - [14/Apr/2025:03:51:01 +0200] "GET /Jurek/stema/feeds/stema_all.xml HTTP/1.1" 200 852026 "-" "Python-urllib/3.11"
46.101.116.244 - - [14/Apr/2025:03:51:02 +0200] "GET /Jurek/oromed/feeds/oromed_mallsish.xml HTTP/2.0" 200 1095989 "-" "-"
51.77.52.107 - - [14/Apr/2025:03:51:05 +0200] "GET /Jurek/eurofirany/images/458699/0.jpg HTTP/2.0" 200 87564 "-" "baselinker"
51.77.52.107 - - [14/Apr/2025:03:51:10 +0200] "GET /Jurek/eurofirany/images/458699/0.jpg HTTP/2.0" 200 87564 "-" "baselinker"
77.79.248.229 - - [14/Apr/2025:03:51:11 +0200] "GET /Jurek/eurofirany/feeds/eurofirany_all_cz.xml HTTP/1.1" 200 19343640 "-" "Python-urllib/3.11"
51.77.52.107 - - [14/Apr/2025:03:51:13 +0200] "GET /Jurek/eurofirany/images/458702/0.jpg HTTP/2.0" 200 128500 "-" "baselinker"
77.79.248.229 - - [14/Apr/2025:03:51:14 +0200] "GET /Jurek/ikonka/feeds/ikonka_all_cz.xml HTTP/1.1" 200 22189016 "-" "Python-urllib/3.11"
77.79.248.229 - - [14/Apr/2025:03:51:16 +0200] "GET /Jurek/stema/feeds/stema_all_cz.xml HTTP/1.1" 200 852457 "-" "Python-urllib/3.11"
46.101.116.244 - - [14/Apr/2025:03:51:17 +0200] "GET /Jurek/aw/feeds/aw_fnacfr.xml HTTP/1.0" 404 3551 "-" "-"
77.79.248.229 - - [14/Apr/2025:03:51:19 +0200] "GET /Jurek/eurofirany/feeds/eurofirany_all_sk.xml HTTP/1.1" 200 19323350 "-" "Python-urllib/3.11"
89.161.206.59 - - [14/Apr/2025:03:51:20 +0200] "GET /Jurek/matkam/feeds/matkam_cdsc.xml HTTP/1.0" 200 2760914 "-" "-"
89.161.206.59 - - [14/Apr/2025:03:51:21 +0200] "GET /Jurek/reman/feeds/reman_cdsc.xml HTTP/1.0" 200 400878 "-" "-"
89.161.206.59 - - [14/Apr/2025:03:51:21 +0200] "GET /Jurek/eurofirany/feeds/eurofirany_cdiscount.xml HTTP/1.0" 200 23016864 "-" "-"
77.79.248.229 - - [14/Apr/2025:03:51:24 +0200] "GET /Jurek/ikonka/feeds/ikonka_all_sk.xml HTTP/1.1" 200 22186334 "-" "Python-urllib/3.11"
89.161.206.59 - - [14/Apr/2025:03:51:25 +0200] "GET /Jurek/drewdon/feeds/drewdon_cdsc.xml HTTP/1.0" 200 483673 "-" "-"
89.161.206.59 - - [14/Apr/2025:03:51:25 +0200] "GET /Jurek/dekoele/feeds/dekoele_cdsc.xml HTTP/1.0" 200 478905 "-" "-"
77.79.248.229 - - [14/Apr/2025:03:51:26 +0200] "GET /Jurek/stema/feeds/stema_all_sk.xml HTTP/1.1" 200 851728 "-" "Python-urllib/3.11"
46.101.116.244 - - [14/Apr/2025:03:51:27 +0200] "GET /Jurek/urwiskowo/feeds/urwiskowo_mallsish.xml HTTP/2.0" 200 9114999 "-" "-"
51.77.52.107 - - [14/Apr/2025:03:51:33 +0200] "GET /Jurek/eurofirany/images/458702/0.jpg HTTP/2.0" 200 128500 "-" "baselinker"
46.101.116.244 - - [14/Apr/2025:03:51:39 +0200] "GET /Jurek/eroplace/feeds/eroplace_mallsish.xml HTTP/2.0" 200 52134877 "-" "-"
51.77.52.107 - - [14/Apr/2025:03:51:49 +0200] "GET /Jurek/eurofirany/images/458702/0.jpg HTTP/2.0" 200 128500 "-" "baselinker"
46.101.116.244 - - [14/Apr/2025:03:51:54 +0200] "GET /Jurek/bass_new/feeds/bass_mallsish.xml HTTP/2.0" 200 7040782 "-" "-"
51.77.52.107 - - [14/Apr/2025:03:51:58 +0200] "GET /Jurek/eurofirany/images/458712/0.jpg HTTP/2.0" 200 78714 "-" "baselinker"
51.77.52.107 - - [14/Apr/2025:03:52:03 +0200] "GET /Jurek/eurofirany/images/458712/0.jpg HTTP/2.0" 200 78714 "-" "baselinker"
46.101.116.244 - - [14/Apr/2025:03:52:05 +0200] "GET /Jurek/ekuchcikowo/feeds/ekuchcikowo_mallsish.xml HTTP/2.0" 200 12471012 "-" "-"
51.77.52.107 - - [14/Apr/2025:03:52:13 +0200] "GET /Jurek/eurofirany/images/458712/0.jpg HTTP/2.0" 200 78714 "-" "baselinker"
46.101.116.244 - - [14/Apr/2025:03:52:16 +0200] "GET /Jurek/sempler/feeds/sempler_mallsish.xml HTTP/2.0" 200 6787971 "-" "-"
89.161.206.59 - - [14/Apr/2025:03:52:16 +0200] "GET /Jurek/maksik/feeds/maksik_emagro.xml HTTP/1.0" 200 4085173 "-" "-"
51.77.52.107 - - [14/Apr/2025:03:52:17 +0200] "GET /Jurek/eurofirany/images/458717/0.jpg HTTP/2.0" 200 128500 "-" "baselinker"
89.161.206.59 - - [14/Apr/2025:03:52:19 +0200] "GET /Jurek/fernity/feeds/fernity_emagro.xml HTTP/1.0" 200 4798599 "-" "-"
89.161.206.59 - - [14/Apr/2025:03:52:20 +0200] "GET /Jurek/cenoman/feeds/cenoman_emagro.xml HTTP/1.0" 200 5993712 "-" "-"
89.161.206.59 - - [14/Apr/2025:03:52:21 +0200] "GET /Jurek/lampart/feeds/lampart_emagro.xml HTTP/1.0" 200 936203 "-" "-"
89.161.206.59 - - [14/Apr/2025:03:52:22 +0200] "GET /Jurek/newtechele/feeds/newtechele_emagro.xml HTTP/1.0" 200 2438668 "-" "-"
89.161.206.59 - - [14/Apr/2025:03:52:23 +0200] "GET /Jurek/eroplace/feeds/eroplace_emagro.xml HTTP/1.0" 200 52150158 "-" "-"
89.161.206.59 - - [14/Apr/2025:03:52:25 +0200] "GET /Jurek/andex/feeds/andex_emagro.xml HTTP/1.0" 200 1953992 "-" "-"
89.161.206.59 - - [14/Apr/2025:03:52:25 +0200] "GET /Jurek/riko/feeds/riko_emagro.xml HTTP/1.0" 200 3786494 "-" "-"
89.161.206.59 - - [14/Apr/2025:03:52:26 +0200] "GET /Jurek/sovapl/feeds/sovapl_emagro.xml HTTP/1.0" 200 9002636 "-" "-"
89.161.206.59 - - [14/Apr/2025:03:52:26 +0200] "GET /Jurek/mechdecor/feeds/mechdecor_emagro.xml HTTP/1.0" 200 596306 "-" "-"
46.101.116.244 - - [14/Apr/2025:03:52:26 +0200] "GET /Jurek/bass/feeds/bass_mallsish.xml HTTP/2.0" 200 3984360 "-" "-"
89.161.206.59 - - [14/Apr/2025:03:52:27 +0200] "GET /Jurek/kalama/feeds/kalama_emagro.xml HTTP/1.0" 200 2662095 "-" "-"
51.77.52.107 - - [14/Apr/2025:03:52:31 +0200] "GET /Jurek/eurofirany/images/458717/0.jpg HTTP/2.0" 200 128500 "-" "baselinker"
51.77.52.107 - - [14/Apr/2025:03:52:36 +0200] "GET /Jurek/eurofirany/images/458717/0.jpg HTTP/2.0" 200 128500 "-" "baselinker"
51.77.52.107 - - [14/Apr/2025:03:52:47 +0200] "GET /Jurek/eurofirany/images/458727/0.jpg HTTP/2.0" 200 128500 "-" "baselinker"
46.101.116.244 - - [14/Apr/2025:03:52:48 +0200] "GET /Jurek/slayo/feeds/slayo_mallsish.xml HTTP/2.0" 200 183612 "-" "-"
46.101.116.244 - - [14/Apr/2025:03:52:59 +0200] "GET /Jurek/mosti/feeds/mosti_mallsish.xml HTTP/2.0" 200 4628155 "-" "-"
46.101.116.244 - - [14/Apr/2025:03:52:59 +0200] "GET /Jurek/amzteam/feeds/amzteam_mallsish.xml HTTP/2.0" 200 97852 "-" "-"
46.101.116.244 - - [14/Apr/2025:03:53:00 +0200] "GET /Jurek/artdog/feeds/artdog_mallsish.xml HTTP/2.0" 200 17158474 "-" "-"
51.77.52.107 - - [14/Apr/2025:03:53:00 +0200] "GET /Jurek/eurofirany/images/458727/0.jpg HTTP/2.0" 200 128500 "-" "baselinker"
46.101.116.244 - - [14/Apr/2025:03:53:01 +0200] "GET /Jurek/kambukka/feeds/kambukka_mallsish.xml HTTP/2.0" 200 1021062 "-" "-"
51.77.52.107 - - [14/Apr/2025:03:53:06 +0200] "GET /Jurek/eurofirany/images/458727/0.jpg HTTP/2.0" 200 128500 "-" "baselinker"
51.77.52.107 - - [14/Apr/2025:03:53:12 +0200] "GET /Jurek/eurofirany/images/460577/0.jpg HTTP/2.0" 200 129302 "-" "baselinker"
46.101.116.244 - - [14/Apr/2025:03:53:13 +0200] "GET /Jurek/swiatecznygoliat/feeds/swiatecznygoliat_mallsish.xml HTTP/2.0" 200 7054433 "-" "-"
51.77.52.107 - - [14/Apr/2025:03:53:32 +0200] "GET /Jurek/eurofirany/images/460577/0.jpg HTTP/2.0" 200 129302 "-" "baselinker"
51.77.52.107 - - [14/Apr/2025:03:53:50 +0200] "GET /Jurek/eurofirany/images/460577/0.jpg HTTP/2.0" 200 129302 "-" "baselinker"
66.249.64.165 - - [14/Apr/2025:03:53:59 +0200] "GET /Jurek/topeshop/downloaded_images/5904507209902_Image0004.jpg HTTP/1.1" 404 3551 "-" "Googlebot-Image/1.0"
66.249.64.165 - - [14/Apr/2025:03:54:03 +0200] "GET /Jurek/topeshop/downloaded_images/5904507209902_Image0007_mini.jpg HTTP/1.1" 404 3551 "-" "Googlebot-Image/1.0"
51.77.52.107 - - [14/Apr/2025:03:54:03 +0200] "GET /Jurek/eurofirany/images/460579/0.jpg HTTP/2.0" 200 147854 "-" "baselinker"
66.249.64.165 - - [14/Apr/2025:03:54:04 +0200] "GET /Jurek/topeshop/downloaded_images/5904507209902_Witryna2_wymiary.jpg HTTP/1.1" 404 3551 "-" "Googlebot-Image/1.0"
66.249.64.165 - - [14/Apr/2025:03:54:05 +0200] "GET /Jurek/topeshop/downloaded_images/5904507209902_13.jpg HTTP/1.1" 404 3551 "-" "Googlebot-Image/1.0"
66.249.64.165 - - [14/Apr/2025:03:54:06 +0200] "GET /Jurek/topeshop/downloaded_images/5904507209902_Image000723.jpg HTTP/1.1" 404 3551 "-" "Googlebot-Image/1.0"
66.249.64.165 - - [14/Apr/2025:03:54:07 +0200] "GET /Jurek/topeshop/downloaded_images/5904507209902_Image00078.jpg HTTP/1.1" 404 3551 "-" "Googlebot-Image/1.0"
66.249.64.165 - - [14/Apr/2025:03:54:07 +0200] "GET /Jurek/topeshop/downloaded_images/5904507209902_Image0005.jpg HTTP/1.1" 404 3551 "-" "Googlebot-Image/1.0"
46.101.116.244 - - [14/Apr/2025:03:54:08 +0200] "GET /Jurek/octopia/feeds/octopia_mallsish.xml HTTP/2.0" 200 10103817 "-" "-"
66.249.64.165 - - [14/Apr/2025:03:54:13 +0200] "GET /Jurek/topeshop/downloaded_images/5904507209902_30.jpg HTTP/1.1" 404 3551 "-" "Googlebot-Image/1.0"
51.77.52.107 - - [14/Apr/2025:03:54:15 +0200] "GET /Jurek/eurofirany/images/460579/0.jpg HTTP/2.0" 200 147854 "-" "baselinker"
46.101.116.244 - - [14/Apr/2025:03:54:19 +0200] "GET /Jurek/topeshop/feeds/topeshop_mallsish.xml HTTP/2.0" 200 2633192 "-" "-"
51.77.52.107 - - [14/Apr/2025:03:54:25 +0200] "GET /Jurek/eurofirany/images/460579/0.jpg HTTP/2.0" 200 147854 "-" "baselinker"
77.79.248.229 - - [14/Apr/2025:03:54:28 +0200] "GET /Jurek/vidaSI/feeds/vidaSI_bigbang.xml HTTP/1.1" 200 625813833 "-" "Python-urllib/3.11"
51.77.52.107 - - [14/Apr/2025:03:54:40 +0200] "GET /Jurek/eurofirany/images/463407/0.jpg HTTP/2.0" 200 90106 "-" "baselinker"
51.77.52.107 - - [14/Apr/2025:03:54:56 +0200] "GET /Jurek/eurofirany/images/463407/0.jpg HTTP/2.0" 200 90106 "-" "baselinker"
51.77.52.107 - - [14/Apr/2025:03:55:13 +0200] "GET /Jurek/eurofirany/images/463407/0.jpg HTTP/2.0" 200 90106 "-" "baselinker"
51.77.52.107 - - [14/Apr/2025:03:55:26 +0200] "GET /Jurek/eurofirany/images/460159/0.jpg HTTP/2.0" 200 104396 "-" "baselinker"
51.77.52.107 - - [14/Apr/2025:03:55:31 +0200] "GET /Jurek/eurofirany/images/460159/0.jpg HTTP/2.0" 200 104396 "-" "baselinker"
51.77.52.107 - - [14/Apr/2025:03:55:51 +0200] "GET /Jurek/eurofirany/images/460159/0.jpg HTTP/2.0" 200 104396 "-" "baselinker"
46.101.116.244 - - [14/Apr/2025:03:56:06 +0200] "GET /Jurek/aw/feeds/aw_fnacfr.xml HTTP/1.0" 404 3551 "-" "-"
51.77.52.107 - - [14/Apr/2025:03:56:08 +0200] "GET /Jurek/eurofirany/images/460045/0.jpg HTTP/2.0" 200 79118 "-" "baselinker"
51.77.52.107 - - [14/Apr/2025:03:56:13 +0200] "GET /Jurek/eurofirany/images/460045/0.jpg HTTP/2.0" 200 79118 "-" "baselinker"
5.134.208.158 - - [14/Apr/2025:03:56:25 +0200] "GET /Jurek/eurofirany/images/431619/0.jpg HTTP/1.1" 206 256 "https://www.ceneo.pl" "Mozilla/5.0 (Windows NT 10.0; Win64; x64) AppleWebKit/537.36 (KHTML, like Gecko) Chrome/87.0.4280.141 Safari/537.36"
51.77.52.107 - - [14/Apr/2025:03:56:28 +0200] "GET /Jurek/eurofirany/images/460045/0.jpg HTTP/2.0" 200 79118 "-" "baselinker"
51.77.52.107 - - [14/Apr/2025:03:56:39 +0200] "GET /Jurek/eurofirany/images/460800/0.jpg HTTP/2.0" 200 73534 "-" "baselinker"
5.134.208.158 - - [14/Apr/2025:03:56:46 +0200] "GET /Jurek/eurofirany/images/371357/0.jpg HTTP/1.1" 206 256 "https://www.ceneo.pl" "Mozilla/5.0 (Windows NT 10.0; Win64; x64) AppleWebKit/537.36 (KHTML, like Gecko) Chrome/87.0.4280.141 Safari/537.36"
51.77.52.107 - - [14/Apr/2025:03:56:52 +0200] "GET /Jurek/eurofirany/images/460800/0.jpg HTTP/2.0" 200 73534 "-" "baselinker"
46.101.116.244 - - [14/Apr/2025:03:56:52 +0200] "GET /Jurek/activeshop/feeds/activeshop_mallsish.xml HTTP/2.0" 200 10444868 "-" "-"
51.77.52.107 - - [14/Apr/2025:03:57:02 +0200] "GET /Jurek/eurofirany/images/460800/0.jpg HTTP/2.0" 200 73534 "-" "baselinker"
51.77.52.107 - - [14/Apr/2025:03:57:19 +0200] "GET /Jurek/eurofirany/images/462070/0.jpg HTTP/2.0" 200 113318 "-" "baselinker"
51.77.52.107 - - [14/Apr/2025:03:57:32 +0200] "GET /Jurek/eurofirany/images/462070/0.jpg HTTP/2.0" 200 113318 "-" "baselinker"
51.77.52.107 - - [14/Apr/2025:03:57:37 +0200] "GET /Jurek/eurofirany/images/462070/0.jpg HTTP/2.0" 200 113318 "-" "baselinker"
51.77.52.107 - - [14/Apr/2025:03:57:51 +0200] "GET /Jurek/eurofirany/images/460801/0.jpg HTTP/2.0" 200 71156 "-" "baselinker"
51.77.52.107 - - [14/Apr/2025:03:58:03 +0200] "GET /Jurek/eurofirany/images/460801/0.jpg HTTP/2.0" 200 71156 "-" "baselinker"
51.77.52.107 - - [14/Apr/2025:03:58:22 +0200] "GET /Jurek/eurofirany/images/460801/0.jpg HTTP/2.0" 200 71156 "-" "baselinker"
51.77.52.107 - - [14/Apr/2025:03:58:33 +0200] "GET /Jurek/eurofirany/images/462071/0.jpg HTTP/2.0" 200 116009 "-" "baselinker"
51.77.52.107 - - [14/Apr/2025:03:58:50 +0200] "GET /Jurek/eurofirany/images/462071/0.jpg HTTP/2.0" 200 116009 "-" "baselinker"
89.161.206.59 - - [14/Apr/2025:03:59:00 +0200] "GET /Jurek/hurtownia_przemyslowa/feeds/hp_ebayde.xml HTTP/1.0" 200 35620956 "-" "-"
51.77.52.107 - - [14/Apr/2025:03:59:00 +0200] "GET /Jurek/eurofirany/images/462071/0.jpg HTTP/2.0" 200 116009 "-" "baselinker"
51.77.52.107 - - [14/Apr/2025:03:59:15 +0200] "GET /Jurek/eurofirany/images/462077/0.jpg HTTP/2.0" 200 112017 "-" "baselinker"
51.77.52.107 - - [14/Apr/2025:03:59:27 +0200] "GET /Jurek/eurofirany/images/462077/0.jpg HTTP/2.0" 200 112017 "-" "baselinker"
51.77.52.107 - - [14/Apr/2025:03:59:29 +0200] "GET /Jurek/eurofirany/images/462077/0.jpg HTTP/2.0" 200 112017 "-" "baselinker"
46.101.116.244 - - [14/Apr/2025:03:59:33 +0200] "GET /Jurek/hurtownia_przemyslowa/feeds/hp_mallsish.xml HTTP/2.0" 200 49362219 "-" "-"
51.77.52.107 - - [14/Apr/2025:03:59:46 +0200] "GET /Jurek/eurofirany/images/459992/0.jpg HTTP/2.0" 200 112930 "-" "baselinker"
46.101.116.244 - - [14/Apr/2025:03:59:48 +0200] "GET /Jurek/action/feeds/action_mallsish.xml HTTP/2.0" 200 60203134 "-" "-"
51.77.52.107 - - [14/Apr/2025:03:59:57 +0200] "GET /Jurek/eurofirany/images/459992/0.jpg HTTP/2.0" 200 112930 "-" "baselinker"
51.77.52.107 - - [14/Apr/2025:04:00:00 +0200] "GET /Jurek/eurofirany/images/459992/0.jpg HTTP/2.0" 200 112930 "-" "baselinker"
51.77.52.107 - - [14/Apr/2025:04:00:04 +0200] "GET /Jurek/eurofirany/images/460003/0.jpg HTTP/2.0" 200 81827 "-" "baselinker"
51.77.52.107 - - [14/Apr/2025:04:00:22 +0200] "GET /Jurek/eurofirany/images/460003/0.jpg HTTP/2.0" 200 81827 "-" "baselinker"
51.77.52.107 - - [14/Apr/2025:04:00:42 +0200] "GET /Jurek/eurofirany/images/460003/0.jpg HTTP/2.0" 200 81827 "-" "baselinker"
51.77.52.107 - - [14/Apr/2025:04:00:47 +0200] "GET /Jurek/eurofirany/images/465276/0.jpg HTTP/2.0" 200 71059 "-" "baselinker"
51.77.52.107 - - [14/Apr/2025:04:01:04 +0200] "GET /Jurek/eurofirany/images/465276/0.jpg HTTP/2.0" 200 71059 "-" "baselinker"
46.101.116.244 - - [14/Apr/2025:04:01:16 +0200] "GET /Jurek/aw/feeds/aw_fnacfr.xml HTTP/1.0" 404 3551 "-" "-"
51.77.52.107 - - [14/Apr/2025:04:01:18 +0200] "GET /Jurek/eurofirany/images/465276/0.jpg HTTP/2.0" 200 71059 "-" "baselinker"
46.101.116.244 - - [14/Apr/2025:04:01:18 +0200] "GET /Jurek/eurofirany/feeds/eurofirany_ceneo.xml HTTP/1.0" 200 19327975 "-" "-"
35.204.39.32 - - [14/Apr/2025:04:01:23 +0200] "GET /marketplaces/vente/results/vente_nl.csv HTTP/1.1" 200 2173767 "-" "Mirakl HttpClient"
35.204.39.32 - - [14/Apr/2025:04:01:24 +0200] "GET /marketplaces/vente/results/vente_fr.csv HTTP/1.1" 200 2394712 "-" "Mirakl HttpClient"
35.204.39.32 - - [14/Apr/2025:04:01:24 +0200] "GET /marketplaces/vente/results/vente_be.csv HTTP/1.1" 200 2173725 "-" "Mirakl HttpClient"
35.204.39.32 - - [14/Apr/2025:04:01:25 +0200] "GET /marketplaces/vente/results/vente_it.csv HTTP/1.1" 200 2203342 "-" "Mirakl HttpClient"
35.204.39.32 - - [14/Apr/2025:04:01:26 +0200] "GET /marketplaces/vente/results/vente_es.csv HTTP/1.1" 200 2173209 "-" "Mirakl HttpClient"
35.204.39.32 - - [14/Apr/2025:04:01:27 +0200] "GET /marketplaces/vente/results/vente_de.csv HTTP/1.1" 200 2173194 "-" "Mirakl HttpClient"
51.77.52.107 - - [14/Apr/2025:04:01:33 +0200] "GET /Jurek/eurofirany/images/460049/0.jpg HTTP/2.0" 200 62917 "-" "baselinker"
51.77.52.107 - - [14/Apr/2025:04:01:38 +0200] "GET /Jurek/eurofirany/images/460049/0.jpg HTTP/2.0" 200 62917 "-" "baselinker"
51.77.52.107 - - [14/Apr/2025:04:01:43 +0200] "GET /Jurek/eurofirany/images/460049/0.jpg HTTP/2.0" 200 62917 "-" "baselinker"
46.101.116.244 - - [14/Apr/2025:04:01:44 +0200] "GET /Jurek/beliani/feeds/beliani_si_mallsi.xml HTTP/2.0" 200 31198935 "-" "-"
88.220.33.218 - - [14/Apr/2025:04:01:46 +0200] "GET /Jurek/vida_morele/feeds/VidaPL_all.xml HTTP/2.0" 200 702290627 "-" "MarketplaceAPI curl/7.64.0 PHP/8"
51.77.52.107 - - [14/Apr/2025:04:01:48 +0200] "GET /Jurek/eurofirany/images/460774/0.jpg HTTP/2.0" 200 60745 "-" "baselinker"
46.101.116.244 - - [14/Apr/2025:04:01:59 +0200] "GET /Jurek/rovicky/feeds/rovicky_mallsish.xml HTTP/2.0" 200 15068114 "-" "-"
51.77.52.107 - - [14/Apr/2025:04:02:06 +0200] "GET /Jurek/eurofirany/images/460774/0.jpg HTTP/2.0" 200 60745 "-" "baselinker"
46.101.116.244 - - [14/Apr/2025:04:02:10 +0200] "GET /Jurek/detian/feeds/detian_mallsish.xml HTTP/2.0" 404 3551 "-" "-"
185.6.76.166 - - [14/Apr/2025:04:02:17 +0200] "GET /Jurek/eurofirany/images/409414/0.jpg HTTP/1.1" 200 33 "-" "Skroutz ImageBot v1"
185.6.76.166 - - [14/Apr/2025:04:02:17 +0200] "GET /Jurek/eurofirany/images/418659/0.jpg HTTP/1.1" 200 6595 "-" "Skroutz ImageBot v1"
185.6.76.166 - - [14/Apr/2025:04:02:17 +0200] "GET /Jurek/eurofirany/images/406034/0.jpg HTTP/1.1" 200 147219 "-" "Skroutz ImageBot v1"
185.6.76.166 - - [14/Apr/2025:04:02:17 +0200] "GET /Jurek/eurofirany/images/416890/0.jpg HTTP/1.1" 200 6595 "-" "Skroutz ImageBot v1"
185.6.76.166 - - [14/Apr/2025:04:02:17 +0200] "GET /Jurek/eurofirany/images/416889/0.jpg HTTP/1.1" 200 6595 "-" "Skroutz ImageBot v1"
185.6.76.166 - - [14/Apr/2025:04:02:17 +0200] "GET /Jurek/eurofirany/images/416893/0.jpg HTTP/1.1" 200 6595 "-" "Skroutz ImageBot v1"
185.6.76.166 - - [14/Apr/2025:04:02:17 +0200] "GET /Jurek/eurofirany/images/416887/0.jpg HTTP/1.1" 200 6595 "-" "Skroutz ImageBot v1"
185.6.76.166 - - [14/Apr/2025:04:02:17 +0200] "GET /Jurek/eurofirany/images/409417/0.jpg HTTP/1.1" 200 33 "-" "Skroutz ImageBot v1"
185.6.76.166 - - [14/Apr/2025:04:02:17 +0200] "GET /Jurek/eurofirany/images/416886/0.jpg HTTP/1.1" 200 6595 "-" "Skroutz ImageBot v1"
185.6.76.166 - - [14/Apr/2025:04:02:17 +0200] "GET /Jurek/eurofirany/images/423951/0.jpg HTTP/1.1" 200 0 "-" "Skroutz ImageBot v1"
185.6.76.166 - - [14/Apr/2025:04:02:17 +0200] "GET /Jurek/eurofirany/images/448312/0.jpg HTTP/1.1" 200 33 "-" "Skroutz ImageBot v1"
185.6.76.166 - - [14/Apr/2025:04:02:17 +0200] "GET /Jurek/eurofirany/images/416884/0.jpg HTTP/1.1" 200 6595 "-" "Skroutz ImageBot v1"
185.6.76.166 - - [14/Apr/2025:04:02:17 +0200] "GET /Jurek/eurofirany/images/416891/0.jpg HTTP/1.1" 200 6595 "-" "Skroutz ImageBot v1"
185.6.76.166 - - [14/Apr/2025:04:02:18 +0200] "GET /Jurek/eurofirany/images/423202/0.jpg HTTP/1.1" 200 0 "-" "Skroutz ImageBot v1"
185.6.76.166 - - [14/Apr/2025:04:02:18 +0200] "GET /Jurek/eurofirany/images/423204/0.jpg HTTP/1.1" 200 0 "-" "Skroutz ImageBot v1"
185.6.76.166 - - [14/Apr/2025:04:02:18 +0200] "GET /Jurek/eurofirany/images/423205/0.jpg HTTP/1.1" 200 0 "-" "Skroutz ImageBot v1"
185.6.76.166 - - [14/Apr/2025:04:02:19 +0200] "GET /Jurek/eurofirany/images/433272/0.jpg HTTP/1.1" 200 6625 "-" "Skroutz ImageBot v1"
185.6.76.166 - - [14/Apr/2025:04:02:19 +0200] "GET /Jurek/eurofirany/images/440501/0.jpg HTTP/1.1" 200 33 "-" "Skroutz ImageBot v1"
185.6.76.166 - - [14/Apr/2025:04:02:19 +0200] "GET /Jurek/eurofirany/images/432606/0.jpg HTTP/1.1" 200 33 "-" "Skroutz ImageBot v1"
185.6.76.166 - - [14/Apr/2025:04:02:19 +0200] "GET /Jurek/eurofirany/images/440490/0.jpg HTTP/1.1" 200 33 "-" "Skroutz ImageBot v1"
185.6.76.166 - - [14/Apr/2025:04:02:19 +0200] "GET /Jurek/eurofirany/images/463594/0.jpg HTTP/1.1" 200 0 "-" "Skroutz ImageBot v1"
185.6.76.166 - - [14/Apr/2025:04:02:19 +0200] "GET /Jurek/eurofirany/images/433255/0.jpg HTTP/1.1" 200 6625 "-" "Skroutz ImageBot v1"
185.6.76.166 - - [14/Apr/2025:04:02:19 +0200] "GET /Jurek/eurofirany/images/432597/0.jpg HTTP/1.1" 200 33 "-" "Skroutz ImageBot v1"
185.6.76.166 - - [14/Apr/2025:04:02:19 +0200] "GET /Jurek/eurofirany/images/463595/0.jpg HTTP/1.1" 200 0 "-" "Skroutz ImageBot v1"
185.6.76.166 - - [14/Apr/2025:04:02:19 +0200] "GET /Jurek/eurofirany/images/463597/0.jpg HTTP/1.1" 200 0 "-" "Skroutz ImageBot v1"
185.6.76.166 - - [14/Apr/2025:04:02:19 +0200] "GET /Jurek/eurofirany/images/433257/0.jpg HTTP/1.1" 200 6625 "-" "Skroutz ImageBot v1"
51.77.52.107 - - [14/Apr/2025:04:02:19 +0200] "GET /Jurek/eurofirany/images/460774/0.jpg HTTP/2.0" 200 60745 "-" "baselinker"
185.6.76.166 - - [14/Apr/2025:04:02:19 +0200] "GET /Jurek/eurofirany/images/463596/0.jpg HTTP/1.1" 200 0 "-" "Skroutz ImageBot v1"
185.6.76.166 - - [14/Apr/2025:04:02:19 +0200] "GET /Jurek/eurofirany/images/463592/0.jpg HTTP/1.1" 200 0 "-" "Skroutz ImageBot v1"
185.6.76.166 - - [14/Apr/2025:04:02:19 +0200] "GET /Jurek/eurofirany/images/429767/0.jpg HTTP/1.1" 200 6625 "-" "Skroutz ImageBot v1"
185.6.76.166 - - [14/Apr/2025:04:02:20 +0200] "GET /Jurek/eurofirany/images/441719/0.jpg HTTP/1.1" 200 33 "-" "Skroutz ImageBot v1"
185.6.76.166 - - [14/Apr/2025:04:02:20 +0200] "GET /Jurek/eurofirany/images/409423/0.jpg HTTP/1.1" 200 33 "-" "Skroutz ImageBot v1"
185.6.76.166 - - [14/Apr/2025:04:02:20 +0200] "GET /Jurek/eurofirany/images/432589/0.jpg HTTP/1.1" 200 33 "-" "Skroutz ImageBot v1"
185.6.76.166 - - [14/Apr/2025:04:02:20 +0200] "GET /Jurek/eurofirany/images/463591/0.jpg HTTP/1.1" 200 0 "-" "Skroutz ImageBot v1"
185.6.76.166 - - [14/Apr/2025:04:02:21 +0200] "GET /Jurek/eurofirany/images/440363/0.jpg HTTP/1.1" 200 33 "-" "Skroutz ImageBot v1"
185.6.76.166 - - [14/Apr/2025:04:02:21 +0200] "GET /Jurek/eurofirany/images/463589/0.jpg HTTP/1.1" 200 0 "-" "Skroutz ImageBot v1"
185.6.76.166 - - [14/Apr/2025:04:02:21 +0200] "GET /Jurek/eurofirany/images/432598/0.jpg HTTP/1.1" 200 33 "-" "Skroutz ImageBot v1"
46.101.116.244 - - [14/Apr/2025:04:02:21 +0200] "GET /Jurek/ikonka/feeds/ikonka_mallsish.xml HTTP/2.0" 200 22186553 "-" "-"
185.6.76.166 - - [14/Apr/2025:04:02:22 +0200] "GET /Jurek/eurofirany/images/418370/0.jpg HTTP/1.1" 200 6595 "-" "Skroutz ImageBot v1"
185.6.76.166 - - [14/Apr/2025:04:02:22 +0200] "GET /Jurek/eurofirany/images/407893/0.jpg HTTP/1.1" 200 163603 "-" "Skroutz ImageBot v1"
185.6.76.166 - - [14/Apr/2025:04:02:22 +0200] "GET /Jurek/eurofirany/images/431703/0.jpg HTTP/1.1" 200 6625 "-" "Skroutz ImageBot v1"
185.6.76.166 - - [14/Apr/2025:04:02:22 +0200] "GET /Jurek/eurofirany/images/419216/0.jpg HTTP/1.1" 200 6595 "-" "Skroutz ImageBot v1"
185.6.76.166 - - [14/Apr/2025:04:02:22 +0200] "GET /Jurek/eurofirany/images/418562/0.jpg HTTP/1.1" 200 6595 "-" "Skroutz ImageBot v1"
89.161.206.59 - - [14/Apr/2025:04:02:25 +0200] "GET /Jurek/domzapachy/feeds/domzapachy_emagro.xml HTTP/1.0" 200 179806 "-" "-"
46.101.116.244 - - [14/Apr/2025:04:02:32 +0200] "GET /Jurek/candellux/feeds/candellux_mallsish.xml HTTP/2.0" 200 465720 "-" "-"
89.161.206.59 - - [14/Apr/2025:04:02:37 +0200] "GET /Jurek/pastelnitka/feeds/pastelnitka_zero.xml HTTP/1.0" 200 1827914 "-" "-"
89.161.206.59 - - [14/Apr/2025:04:02:40 +0200] "GET /Jurek/photho/feeds/photho_emagro.xml HTTP/1.0" 200 85056 "-" "-"
51.77.52.107 - - [14/Apr/2025:04:02:40 +0200] "GET /Jurek/eurofirany/images/460776/0.jpg HTTP/2.0" 200 59336 "-" "baselinker"
89.161.206.59 - - [14/Apr/2025:04:02:41 +0200] "GET /Jurek/princelh/feeds/princelh_emagro.xml HTTP/1.0" 200 133455 "-" "-"
46.101.116.244 - - [14/Apr/2025:04:02:42 +0200] "GET /Jurek/andex/feeds/andex_mallslsh.xml HTTP/2.0" 200 1953482 "-" "-"
89.161.206.59 - - [14/Apr/2025:04:02:47 +0200] "GET /Jurek/gandalf/feeds/gandalf_emagro.xml HTTP/1.0" 200 1082586 "-" "-"
89.161.206.59 - - [14/Apr/2025:04:02:48 +0200] "GET /Jurek/zami/feeds/zami_emagro.xml HTTP/1.0" 200 4475592 "-" "-"
89.161.206.59 - - [14/Apr/2025:04:02:52 +0200] "GET /Jurek/lerutrade/feeds/lerutrade_emag.xml HTTP/1.0" 200 82828 "-" "-"
46.101.116.244 - - [14/Apr/2025:04:02:53 +0200] "GET /Jurek/chemex/feeds/chemex_mallsish.xml HTTP/2.0" 200 47809880 "-" "-"
51.77.52.107 - - [14/Apr/2025:04:02:54 +0200] "GET /Jurek/eurofirany/images/460776/0.jpg HTTP/2.0" 200 59336 "-" "baselinker"
52.18.22.0 - - [14/Apr/2025:04:03:00 +0200] "GET /marketplaces/rue/results/rue.csv HTTP/1.1" 200 6811517 "-" "Mirakl HttpClient"
88.220.33.218 - - [14/Apr/2025:04:03:02 +0200] "GET /Jurek/kinghoff/feeds/kinghoff_morele.xml HTTP/2.0" 200 15516051 "-" "MarketplaceAPI curl/7.64.0 PHP/8"
46.101.116.244 - - [14/Apr/2025:04:03:07 +0200] "GET /Jurek/aw/feeds/awnarzedzia_mallsish.xml HTTP/2.0" 200 90573825 "-" "-"
51.77.52.107 - - [14/Apr/2025:04:03:10 +0200] "GET /Jurek/eurofirany/images/460776/0.jpg HTTP/2.0" 200 59336 "-" "baselinker"
66.249.64.165 - - [14/Apr/2025:04:03:22 +0200] "GET /Jurek/topeshop/downloaded_images/5902838468463_3sonoma.png HTTP/1.1" 404 3551 "-" "Googlebot-Image/1.0"
51.77.52.107 - - [14/Apr/2025:04:03:23 +0200] "GET /Jurek/eurofirany/images/460777/0.jpg HTTP/2.0" 200 58510 "-" "baselinker"
66.249.64.165 - - [14/Apr/2025:04:03:31 +0200] "GET /Jurek/topeshop/downloaded_images/5902838468463_1sonoma.png HTTP/1.1" 404 3551 "-" "Googlebot-Image/1.0"
51.77.52.107 - - [14/Apr/2025:04:03:37 +0200] "GET /Jurek/eurofirany/images/460777/0.jpg HTTP/2.0" 200 58510 "-" "baselinker"
52.18.22.0 - - [14/Apr/2025:04:03:38 +0200] "GET /marketplaces/ubaldi/results/ubaldi.csv HTTP/1.1" 200 147219 "-" "Mirakl HttpClient"
89.161.206.59 - - [14/Apr/2025:04:03:52 +0200] "GET /Jurek/benetech/feeds/benetech_aliex.xml HTTP/1.0" 200 4165604 "-" "-"
51.77.52.107 - - [14/Apr/2025:04:03:52 +0200] "GET /Jurek/eurofirany/images/460777/0.jpg HTTP/2.0" 200 58510 "-" "baselinker"
89.161.206.59 - - [14/Apr/2025:04:03:52 +0200] "GET /Jurek/slayo/feeds/slayo_aliex.xml HTTP/1.0" 200 183631 "-" "-"
89.161.206.59 - - [14/Apr/2025:04:03:53 +0200] "GET /Jurek/hdwr/feeds/hdwr_aliex.xml HTTP/1.0" 200 789581 "-" "-"
89.161.206.59 - - [14/Apr/2025:04:03:53 +0200] "GET /Jurek/targethome/feeds/targethome_aliex.xml HTTP/1.0" 200 688675 "-" "-"
89.161.206.59 - - [14/Apr/2025:04:03:53 +0200] "GET /Jurek/amzteam/feeds/amzteam_aliex.xml HTTP/1.0" 200 97912 "-" "-"
89.161.206.59 - - [14/Apr/2025:04:03:53 +0200] "GET /Jurek/ralmetal/feeds/ralmetal_aliex.xml HTTP/1.0" 200 1809286 "-" "-"
89.161.206.59 - - [14/Apr/2025:04:03:54 +0200] "GET /Jurek/cbdgreen/feeds/cbdgreen_aliex.xml HTTP/1.0" 200 50549 "-" "-"
89.161.206.59 - - [14/Apr/2025:04:03:54 +0200] "GET /Jurek/drops/feeds/dropsofficecolection_aliex.xml HTTP/1.0" 200 791042 "-" "-"
89.161.206.59 - - [14/Apr/2025:04:03:54 +0200] "GET /Jurek/szpaklampy/feeds/szpaklampy_aliex.xml HTTP/1.0" 200 388371 "-" "-"
89.161.206.59 - - [14/Apr/2025:04:03:54 +0200] "GET /Jurek/velinda/feeds/velinda_aliex.xml HTTP/1.0" 200 23438 "-" "-"
89.161.206.59 - - [14/Apr/2025:04:03:54 +0200] "GET /Jurek/spali/feeds/spali_aliex.xml HTTP/1.0" 200 77073 "-" "-"
46.101.116.244 - - [14/Apr/2025:04:03:55 +0200] "GET /Jurek/barbecook/feeds/barbecook_mallslsh.xml HTTP/2.0" 200 87532 "-" "-"
89.161.206.59 - - [14/Apr/2025:04:03:55 +0200] "GET /Jurek/topeshop/feeds/topeshop_aliexpress.xml HTTP/1.0" 200 2633416 "-" "-"
89.161.206.59 - - [14/Apr/2025:04:03:55 +0200] "GET /Jurek/beltimore/feeds/beltimore_aliexpress.xml HTTP/1.0" 200 18654403 "-" "-"
89.161.206.59 - - [14/Apr/2025:04:03:57 +0200] "GET /Jurek/broers/feeds/broers_aliex.xml HTTP/1.0" 200 1983003 "-" "-"
89.161.206.59 - - [14/Apr/2025:04:03:58 +0200] "GET /Jurek/omi/feeds/omi_aliex.xml HTTP/1.0" 200 8106469 "-" "-"
89.161.206.59 - - [14/Apr/2025:04:03:59 +0200] "GET /Jurek/rosfix/feeds/rosfix_aliexpress.xml HTTP/1.0" 200 35771300 "-" "-"
89.161.206.59 - - [14/Apr/2025:04:04:01 +0200] "GET /Jurek/kamar/feeds/kamar_aliex.xml HTTP/1.0" 200 25554843 "-" "-"
89.161.206.59 - - [14/Apr/2025:04:04:03 +0200] "GET /Jurek/carbonyway/feeds/carbonyway_aliex.xml HTTP/1.0" 200 3076357 "-" "-"
89.161.206.59 - - [14/Apr/2025:04:04:03 +0200] "GET /Jurek/mojeledy/feeds/mojeledy_aliex.xml HTTP/1.0" 200 1018601 "-" "-"
89.161.206.59 - - [14/Apr/2025:04:04:03 +0200] "GET /Jurek/fertes/feeds/fertes_aliex.xml HTTP/1.0" 200 2362237 "-" "-"
89.161.206.59 - - [14/Apr/2025:04:04:03 +0200] "GET /Jurek/mechdecor/feeds/mechdecor_aliex.xml HTTP/1.0" 200 596311 "-" "-"
89.161.206.59 - - [14/Apr/2025:04:04:04 +0200] "GET /Jurek/avenido/feeds/avenido_aliex.xml HTTP/1.0" 200 720128 "-" "-"
89.161.206.59 - - [14/Apr/2025:04:04:04 +0200] "GET /Jurek/missionair/feeds/missionair_aliex.xml HTTP/1.0" 200 3155074 "-" "-"
89.161.206.59 - - [14/Apr/2025:04:04:04 +0200] "GET /Jurek/apresto/feeds/apresto_aliex.xml HTTP/1.0" 200 1327800 "-" "-"
46.101.116.244 - - [14/Apr/2025:04:04:05 +0200] "GET /Jurek/duka/feeds/duka_mallslsh.xml HTTP/2.0" 200 57 "-" "-"
89.161.206.59 - - [14/Apr/2025:04:04:05 +0200] "GET /Jurek/jakdroz/feeds/jakdroz_aliex.xml HTTP/1.0" 200 4090198 "-" "-"
89.161.206.59 - - [14/Apr/2025:04:04:05 +0200] "GET /Jurek/kalama/feeds/kalama_aliex.xml HTTP/1.0" 200 2662111 "-" "-"
89.161.206.59 - - [14/Apr/2025:04:04:06 +0200] "GET /Jurek/lampart/feeds/lampart_aliex.xml HTTP/1.0" 200 936194 "-" "-"
89.161.206.59 - - [14/Apr/2025:04:04:06 +0200] "GET /Jurek/takapara/feeds/takapara_aliex.xml HTTP/1.0" 200 1342690 "-" "-"
89.161.206.59 - - [14/Apr/2025:04:04:07 +0200] "GET /Jurek/cenoman/feeds/cenoman_aliex.xml HTTP/1.0" 200 5993743 "-" "-"
89.161.206.59 - - [14/Apr/2025:04:04:07 +0200] "GET /Jurek/regis/feeds/regis_aliex.xml HTTP/1.0" 200 82739 "-" "-"
89.161.206.59 - - [14/Apr/2025:04:04:07 +0200] "GET /Jurek/zami/feeds/zami_aliex.xml HTTP/1.0" 200 4474664 "-" "-"
51.77.52.107 - - [14/Apr/2025:04:04:08 +0200] "GET /Jurek/eurofirany/images/460779/0.jpg HTTP/2.0" 200 70675 "-" "baselinker"
46.101.116.244 - - [14/Apr/2025:04:04:15 +0200] "GET /Jurek/miloohome/feeds/miloohome_mallsish.xml HTTP/2.0" 200 1421025 "-" "-"
89.161.206.59 - - [14/Apr/2025:04:04:17 +0200] "GET /Jurek/emaja24/feeds/emaja24_amazonnl.xml HTTP/1.0" 200 5109818 "-" "-"
51.77.52.107 - - [14/Apr/2025:04:04:23 +0200] "GET /Jurek/eurofirany/images/460779/0.jpg HTTP/2.0" 200 70675 "-" "baselinker"
46.101.116.244 - - [14/Apr/2025:04:04:25 +0200] "GET /Jurek/stema/feeds/stema_mallslsh.xml HTTP/2.0" 200 851975 "-" "-"
88.220.33.218 - - [14/Apr/2025:04:04:31 +0200] "GET /Jurek/eurofirany/feeds/eurofirany_morele.xml HTTP/2.0" 200 19325868 "-" "MarketplaceAPI curl/7.64.0 PHP/8"
88.220.33.218 - - [14/Apr/2025:04:04:34 +0200] "GET /Jurek/vivaldi/feeds/vivaldi_Morele-PL.xml HTTP/2.0" 200 344674 "-" "MarketplaceAPI curl/7.64.0 PHP/8"
46.101.116.244 - - [14/Apr/2025:04:04:36 +0200] "GET /Jurek/fernity/feeds/fernity_mallslsh.xml HTTP/2.0" 200 4796671 "-" "-"
51.77.52.107 - - [14/Apr/2025:04:04:38 +0200] "GET /Jurek/eurofirany/images/460779/0.jpg HTTP/2.0" 200 70675 "-" "baselinker"
51.77.52.107 - - [14/Apr/2025:04:04:54 +0200] "GET /Jurek/eurofirany/images/460858/0.jpg HTTP/2.0" 200 97447 "-" "baselinker"
46.101.116.244 - - [14/Apr/2025:04:04:57 +0200] "GET /Jurek/kinghoff/feeds/kinghoff_mallslsh.xml HTTP/2.0" 200 15515215 "-" "-"
46.101.116.244 - - [14/Apr/2025:04:05:09 +0200] "GET /Jurek/kinghome/feeds/kinghome_mallslsh.xml HTTP/2.0" 200 6003381 "-" "-"
185.6.76.166 - - [14/Apr/2025:04:05:09 +0200] "GET /Jurek/eurofirany/images/417686/0.jpg HTTP/1.1" 200 6595 "-" "Skroutz ImageBot v1"
185.6.76.166 - - [14/Apr/2025:04:05:09 +0200] "GET /Jurek/topeshop/downloaded_images/5902838461761_brylki_.RGB_color.0002.png HTTP/1.1" 404 3551 "-" "Skroutz ImageBot v1"
185.6.76.166 - - [14/Apr/2025:04:05:09 +0200] "GET /Jurek/topeshop/downloaded_images/5902838469316_1.jpg HTTP/1.1" 404 3551 "-" "Skroutz ImageBot v1"
51.77.52.107 - - [14/Apr/2025:04:05:10 +0200] "GET /Jurek/eurofirany/images/460858/0.jpg HTTP/2.0" 200 97447 "-" "baselinker"
185.6.76.166 - - [14/Apr/2025:04:05:10 +0200] "GET /Jurek/eurofirany/images/417871/0.jpg HTTP/1.1" 200 6595 "-" "Skroutz ImageBot v1"
185.6.76.166 - - [14/Apr/2025:04:05:13 +0200] "GET /Jurek/eurofirany/images/432607/0.jpg HTTP/1.1" 200 33 "-" "Skroutz ImageBot v1"
