77.79.248.229 - - [14/Apr/2025:09:39:26 +0200] "GET /Jurek/aiofactory/feeds/aiofactory_bigbang.xml HTTP/1.1" 200 2123799 "-" "Python-urllib/3.11"
77.79.248.229 - - [14/Apr/2025:09:39:27 +0200] "GET /Jurek/playcob/feeds/playcob_bigbang.xml HTTP/1.1" 200 6980114 "-" "Python-urllib/3.11"
77.79.248.229 - - [14/Apr/2025:09:39:29 +0200] "GET /Jurek/kidshop/feeds/kidshop_bigbang.xml HTTP/1.1" 200 19845640 "-" "Python-urllib/3.11"
77.79.248.229 - - [14/Apr/2025:09:39:29 +0200] "GET /Jurek/elavia/feeds/elavia_bigbang.xml HTTP/1.1" 200 2497270 "-" "Python-urllib/3.11"
77.79.248.229 - - [14/Apr/2025:09:39:29 +0200] "GET /Jurek/straganbiur/feeds/straganbiur_bigbang.xml HTTP/1.1" 200 8892941 "-" "Python-urllib/3.11"
77.79.248.229 - - [14/Apr/2025:09:39:29 +0200] "GET /Jurek/kobi/feeds/kobi_bigbang.xml HTTP/1.1" 200 1993236 "-" "Python-urllib/3.11"
77.79.248.229 - - [14/Apr/2025:09:39:30 +0200] "GET /Jurek/hanex/feeds/hanex_bigbang.xml HTTP/1.1" 200 13931552 "-" "Python-urllib/3.11"
77.79.248.229 - - [14/Apr/2025:09:39:30 +0200] "GET /Jurek/elecomp/feeds/elecomp_bigbang.xml HTTP/1.1" 200 2867763 "-" "Python-urllib/3.11"
77.79.248.229 - - [14/Apr/2025:09:39:30 +0200] "GET /Jurek/roger/feeds/roger_bigbang.xml HTTP/1.1" 200 1396570 "-" "Python-urllib/3.11"
77.79.248.229 - - [14/Apr/2025:09:39:31 +0200] "GET /Jurek/kristronik/feeds/kristronik_bigbang.xml HTTP/1.1" 200 691974 "-" "Python-urllib/3.11"
51.77.52.107 - - [14/Apr/2025:09:39:31 +0200] "GET /Jurek/eurofirany/images/466770/0.jpg HTTP/2.0" 200 133277 "-" "baselinker"
77.79.248.229 - - [14/Apr/2025:09:39:31 +0200] "GET /Jurek/oknobest/feeds/oknobest_bigbang.xml HTTP/1.1" 200 2707906 "-" "Python-urllib/3.11"
77.79.248.229 - - [14/Apr/2025:09:39:31 +0200] "GET /Jurek/globaldeli/feeds/globaldeli_bigbang.xml HTTP/1.1" 200 2590049 "-" "Python-urllib/3.11"
77.79.248.229 - - [14/Apr/2025:09:39:31 +0200] "GET /Jurek/rider/feeds/rider_bigbang.xml HTTP/1.1" 200 8165196 "-" "Python-urllib/3.11"
77.79.248.229 - - [14/Apr/2025:09:39:32 +0200] "GET /Jurek/cenoman/feeds/cenoman_bigbang.xml HTTP/1.1" 200 5993184 "-" "Python-urllib/3.11"
77.79.248.229 - - [14/Apr/2025:09:39:32 +0200] "GET /Jurek/luxma/feeds/luxma_bigbang.xml HTTP/1.1" 200 8058580 "-" "Python-urllib/3.11"
77.79.248.229 - - [14/Apr/2025:09:39:33 +0200] "GET /Jurek/zbimatyja/feeds/zbimatyja_bigbang.xml HTTP/1.1" 200 11670162 "-" "Python-urllib/3.11"
77.79.248.229 - - [14/Apr/2025:09:39:33 +0200] "GET /Jurek/smxdesign/feeds/smxdesign_bigbang.xml HTTP/1.1" 200 1829036 "-" "Python-urllib/3.11"
77.79.248.229 - - [14/Apr/2025:09:39:33 +0200] "GET /Jurek/rosfix/feeds/rosfix_bigbang.xml HTTP/1.1" 200 35769642 "-" "Python-urllib/3.11"
77.79.248.229 - - [14/Apr/2025:09:39:35 +0200] "GET /Jurek/dropkz/feeds/dropkz_bigbang.xml HTTP/1.1" 200 70014014 "-" "Python-urllib/3.11"
77.79.248.229 - - [14/Apr/2025:09:39:36 +0200] "GET /Jurek/pawonik/feeds/pawonik_bigbang.xml HTTP/1.1" 200 2138355 "-" "Python-urllib/3.11"
77.79.248.229 - - [14/Apr/2025:09:39:36 +0200] "GET /Jurek/spali/feeds/spali_bigbang.xml HTTP/1.1" 200 77054 "-" "Python-urllib/3.11"
77.79.248.229 - - [14/Apr/2025:09:39:36 +0200] "GET /Jurek/newtechele/feeds/newtechele_bigbang.xml HTTP/1.1" 200 2438507 "-" "Python-urllib/3.11"
77.79.248.229 - - [14/Apr/2025:09:39:37 +0200] "GET /Jurek/maksik/feeds/maksik_bigbang.xml HTTP/1.1" 200 4084770 "-" "Python-urllib/3.11"
77.79.248.229 - - [14/Apr/2025:09:39:37 +0200] "GET /Jurek/beltimore/feeds/beltimore_bigbang.xml HTTP/1.1" 200 18651522 "-" "Python-urllib/3.11"
77.79.248.229 - - [14/Apr/2025:09:39:37 +0200] "GET /Jurek/matkam/feeds/matkam_bigbang.xml HTTP/1.1" 200 5000593 "-" "Python-urllib/3.11"
77.79.248.229 - - [14/Apr/2025:09:39:38 +0200] "GET /Jurek/rovato/feeds/rovato_bigbang.xml HTTP/1.1" 200 180831 "-" "Python-urllib/3.11"
77.79.248.229 - - [14/Apr/2025:09:39:38 +0200] "GET /Jurek/eurofryz/feeds/eurofryz_bigbang.xml HTTP/1.1" 200 1381551 "-" "Python-urllib/3.11"
77.79.248.229 - - [14/Apr/2025:09:39:38 +0200] "GET /Jurek/alucon/feeds/alucon_bigbang.xml HTTP/1.1" 200 553578 "-" "Python-urllib/3.11"
77.79.248.229 - - [14/Apr/2025:09:39:38 +0200] "GET /Jurek/omi/feeds/omi_bigbang.xml HTTP/1.1" 200 8105368 "-" "Python-urllib/3.11"
77.79.248.229 - - [14/Apr/2025:09:39:39 +0200] "GET /Jurek/kamar/feeds/kamar_bigbang.xml HTTP/1.1" 200 25550545 "-" "Python-urllib/3.11"
77.79.248.229 - - [14/Apr/2025:09:39:39 +0200] "GET /Jurek/beautycare/feeds/beautycare_bigbang.xml HTTP/1.1" 200 1181293 "-" "Python-urllib/3.11"
77.79.248.229 - - [14/Apr/2025:09:39:39 +0200] "GET /Jurek/avenido/feeds/avenido_bigbang.xml HTTP/1.1" 200 720077 "-" "Python-urllib/3.11"
77.79.248.229 - - [14/Apr/2025:09:39:40 +0200] "GET /Jurek/zenex/feeds/zenex_bigbang.xml HTTP/1.1" 200 540154 "-" "Python-urllib/3.11"
77.79.248.229 - - [14/Apr/2025:09:39:40 +0200] "GET /Jurek/fertes/feeds/fertes_bigbang.xml HTTP/1.1" 200 2361816 "-" "Python-urllib/3.11"
77.79.248.229 - - [14/Apr/2025:09:39:41 +0200] "GET /Jurek/makow/feeds/makow_bigbang.xml HTTP/1.1" 200 21203685 "-" "Python-urllib/3.11"
77.79.248.229 - - [14/Apr/2025:09:39:42 +0200] "GET /Jurek/sternhoff/feeds/sternhoff_bigbang.xml HTTP/1.1" 200 1775217 "-" "Python-urllib/3.11"
77.79.248.229 - - [14/Apr/2025:09:39:42 +0200] "GET /Jurek/kalama/feeds/kalama_bigbang.xml HTTP/1.1" 200 2661722 "-" "Python-urllib/3.11"
77.79.248.229 - - [14/Apr/2025:09:39:43 +0200] "GET /Jurek/polzoo/feeds/polzoo_bigbang.xml HTTP/1.1" 200 48121868 "-" "Python-urllib/3.11"
77.79.248.229 - - [14/Apr/2025:09:39:43 +0200] "GET /Jurek/straganspoz/feeds/straganspoz_bigbang.xml HTTP/1.1" 200 9514259 "-" "Python-urllib/3.11"
77.79.248.229 - - [14/Apr/2025:09:39:44 +0200] "GET /Jurek/apresto/feeds/apresto_bigbang.xml HTTP/1.1" 200 1327621 "-" "Python-urllib/3.11"
77.79.248.229 - - [14/Apr/2025:09:39:44 +0200] "GET /Jurek/fertone/feeds/fertone_bigbang.xml HTTP/1.1" 200 576471 "-" "Python-urllib/3.11"
77.79.248.229 - - [14/Apr/2025:09:39:45 +0200] "GET /Jurek/fernity/feeds/fernity_bigbang.xml HTTP/1.1" 200 4796717 "-" "Python-urllib/3.11"
77.79.248.229 - - [14/Apr/2025:09:39:45 +0200] "GET /Jurek/jankeski/feeds/jankeski_bigbang.xml HTTP/1.1" 200 6570942 "-" "Python-urllib/3.11"
77.79.248.229 - - [14/Apr/2025:09:39:45 +0200] "GET /Jurek/bloomglow/feeds/bloomglow_bigbang.xml HTTP/1.1" 200 14095355 "-" "Python-urllib/3.11"
51.77.52.107 - - [14/Apr/2025:09:39:48 +0200] "GET /Jurek/eurofirany/images/466770/0.jpg HTTP/2.0" 200 133277 "-" "baselinker"
77.79.248.229 - - [14/Apr/2025:09:39:53 +0200] "GET /Jurek/galopi/feeds/galopi_bigbang.xml HTTP/1.1" 200 2111093 "-" "Python-urllib/3.11"
77.79.248.229 - - [14/Apr/2025:09:39:53 +0200] "GET /Jurek/stiv/feeds/stiv_bigbang.xml HTTP/1.1" 200 2056793 "-" "Python-urllib/3.11"
77.79.248.229 - - [14/Apr/2025:09:39:54 +0200] "GET /Jurek/hurtmeblowy/feeds/hurtmeblowy_bigbang.xml HTTP/1.1" 200 8495454 "-" "Python-urllib/3.11"
51.77.52.107 - - [14/Apr/2025:09:40:06 +0200] "GET /Jurek/eurofirany/images/469686/0.jpg HTTP/2.0" 200 75854 "-" "baselinker"
51.77.52.107 - - [14/Apr/2025:09:40:21 +0200] "GET /Jurek/eurofirany/images/469686/0.jpg HTTP/2.0" 200 75854 "-" "baselinker"
77.79.248.229 - - [14/Apr/2025:09:40:29 +0200] "GET /Jurek/kinghoff/feeds/kinghoff_SkroutzGR.xml HTTP/1.1" 200 15515292 "-" "Python-urllib/3.11"
77.79.248.229 - - [14/Apr/2025:09:40:32 +0200] "GET /Jurek/aw/feeds/awnarzedzia_skroutz.xml HTTP/1.1" 200 90548328 "-" "Python-urllib/3.11"
77.79.248.229 - - [14/Apr/2025:09:40:33 +0200] "GET /Jurek/eurofirany/feeds/eurofirany_skroutz.xml HTTP/1.1" 200 19324582 "-" "Python-urllib/3.11"
77.79.248.229 - - [14/Apr/2025:09:40:33 +0200] "GET /Jurek/fernity/feeds/fernity_skroutz.xml HTTP/1.1" 200 4796974 "-" "Python-urllib/3.11"
51.77.52.107 - - [14/Apr/2025:09:40:38 +0200] "GET /Jurek/eurofirany/images/469686/0.jpg HTTP/2.0" 200 75854 "-" "baselinker"
51.77.52.107 - - [14/Apr/2025:09:40:52 +0200] "GET /Jurek/eurofirany/images/464074/0.jpg HTTP/2.0" 200 147629 "-" "baselinker"
89.161.206.59 - - [14/Apr/2025:09:40:52 +0200] "GET /Jurek/kinghoff/feeds/kinghoff_amazon_de.xml HTTP/1.0" 200 15515223 "-" "-"
89.161.206.59 - - [14/Apr/2025:09:40:52 +0200] "GET /Jurek/bass/feeds/bass_amazonde.xml HTTP/1.0" 200 3984334 "-" "-"
51.77.52.107 - - [14/Apr/2025:09:41:08 +0200] "GET /Jurek/eurofirany/images/464074/0.jpg HTTP/2.0" 200 147629 "-" "baselinker"
46.101.116.244 - - [14/Apr/2025:09:41:10 +0200] "GET /Jurek/b3/feeds/b3_alza.xml HTTP/2.0" 200 8034568 "-" "-"
51.77.52.107 - - [14/Apr/2025:09:41:15 +0200] "GET /Jurek/eurofirany/images/464074/0.jpg HTTP/2.0" 200 147629 "-" "baselinker"
5.134.208.158 - - [14/Apr/2025:09:41:19 +0200] "GET /Jurek/eurofirany/images/347655/0.jpg HTTP/1.1" 200 100806 "-" "-"
5.134.208.158 - - [14/Apr/2025:09:41:19 +0200] "GET /Jurek/eurofirany/images/468578/0.jpg HTTP/1.1" 200 102544 "-" "-"
5.134.208.158 - - [14/Apr/2025:09:41:19 +0200] "GET /Jurek/eurofirany/images/467756/0.jpg HTTP/1.1" 200 142473 "-" "-"
5.134.208.158 - - [14/Apr/2025:09:41:19 +0200] "GET /Jurek/eurofirany/images/350452/0.jpg HTTP/1.1" 200 75792 "-" "-"
5.134.208.158 - - [14/Apr/2025:09:41:19 +0200] "GET /Jurek/eurofirany/images/466446/0.jpg HTTP/1.1" 200 108152 "-" "-"
5.134.208.158 - - [14/Apr/2025:09:41:19 +0200] "GET /Jurek/eurofirany/images/463919/0.jpg HTTP/1.1" 200 75729 "-" "-"
5.134.208.158 - - [14/Apr/2025:09:41:19 +0200] "GET /Jurek/eurofirany/images/347656/0.jpg HTTP/1.1" 200 79111 "-" "-"
5.134.208.158 - - [14/Apr/2025:09:41:19 +0200] "GET /Jurek/eurofirany/images/391107/0.jpg HTTP/1.1" 200 98566 "-" "-"
5.134.208.158 - - [14/Apr/2025:09:41:19 +0200] "GET /Jurek/eurofirany/images/457794/0.jpg HTTP/1.1" 200 112807 "-" "-"
5.134.208.158 - - [14/Apr/2025:09:41:19 +0200] "GET /Jurek/eurofirany/images/457763/0.jpg HTTP/1.1" 200 65980 "-" "-"
5.134.208.158 - - [14/Apr/2025:09:41:19 +0200] "GET /Jurek/eurofirany/images/460579/0.jpg HTTP/1.1" 200 147854 "-" "-"
5.134.208.158 - - [14/Apr/2025:09:41:26 +0200] "GET /Jurek/eurofirany/images/367214/0.jpg HTTP/1.1" 200 160143 "-" "-"
5.134.208.158 - - [14/Apr/2025:09:41:26 +0200] "GET /Jurek/eurofirany/images/354500/0.jpg HTTP/1.1" 200 80916 "-" "-"
5.134.208.158 - - [14/Apr/2025:09:41:26 +0200] "GET /Jurek/eurofirany/images/351382/0.jpg HTTP/1.1" 200 131769 "-" "-"
5.134.208.158 - - [14/Apr/2025:09:41:26 +0200] "GET /Jurek/eurofirany/images/408588/0.jpg HTTP/1.1" 200 149935 "-" "-"
5.134.208.158 - - [14/Apr/2025:09:41:27 +0200] "GET /Jurek/eurofirany/images/430943/0.jpg HTTP/1.1" 200 119706 "-" "-"
5.134.208.158 - - [14/Apr/2025:09:41:27 +0200] "GET /Jurek/eurofirany/images/315096/0.jpg HTTP/1.1" 200 88834 "-" "-"
5.134.208.158 - - [14/Apr/2025:09:41:27 +0200] "GET /Jurek/eurofirany/images/422241/0.jpg HTTP/1.1" 200 82897 "-" "-"
5.134.208.158 - - [14/Apr/2025:09:41:27 +0200] "GET /Jurek/eurofirany/images/416815/0.jpg HTTP/1.1" 200 67464 "-" "-"
5.134.208.158 - - [14/Apr/2025:09:41:27 +0200] "GET /Jurek/eurofirany/images/386920/0.jpg HTTP/1.1" 200 99970 "-" "-"
5.134.208.158 - - [14/Apr/2025:09:41:27 +0200] "GET /Jurek/eurofirany/images/399010/0.jpg HTTP/1.1" 200 68383 "-" "-"
5.134.208.158 - - [14/Apr/2025:09:41:27 +0200] "GET /Jurek/eurofirany/images/386022/0.jpg HTTP/1.1" 200 69000 "-" "-"
5.134.208.158 - - [14/Apr/2025:09:41:27 +0200] "GET /Jurek/eurofirany/images/456752/0.jpg HTTP/1.1" 200 131900 "-" "-"
5.134.208.158 - - [14/Apr/2025:09:41:28 +0200] "GET /Jurek/eurofirany/images/398670/0.jpg HTTP/1.1" 200 16504 "-" "-"
5.134.208.158 - - [14/Apr/2025:09:41:28 +0200] "GET /Jurek/eurofirany/images/468567/0.jpg HTTP/1.1" 200 112877 "-" "-"
5.134.208.158 - - [14/Apr/2025:09:41:28 +0200] "GET /Jurek/eurofirany/images/466415/0.jpg HTTP/1.1" 200 104197 "-" "-"
5.134.208.158 - - [14/Apr/2025:09:41:28 +0200] "GET /Jurek/eurofirany/images/468393/0.jpg HTTP/1.1" 200 63787 "-" "-"
5.134.208.158 - - [14/Apr/2025:09:41:28 +0200] "GET /Jurek/eurofirany/images/467755/0.jpg HTTP/1.1" 200 143280 "-" "-"
5.134.208.158 - - [14/Apr/2025:09:41:28 +0200] "GET /Jurek/eurofirany/images/370709/0.jpg HTTP/1.1" 200 74855 "-" "-"
5.134.208.158 - - [14/Apr/2025:09:41:28 +0200] "GET /Jurek/eurofirany/images/370708/0.jpg HTTP/1.1" 200 69751 "-" "-"
5.134.208.158 - - [14/Apr/2025:09:41:28 +0200] "GET /Jurek/eurofirany/images/352223/0.jpg HTTP/1.1" 200 72441 "-" "-"
5.134.208.158 - - [14/Apr/2025:09:41:29 +0200] "GET /Jurek/eurofirany/images/351256/0.jpg HTTP/1.1" 200 76245 "-" "-"
5.134.208.158 - - [14/Apr/2025:09:41:29 +0200] "GET /Jurek/eurofirany/images/351239/0.jpg HTTP/1.1" 200 67795 "-" "-"
5.134.208.158 - - [14/Apr/2025:09:41:29 +0200] "GET /Jurek/eurofirany/images/351247/0.jpg HTTP/1.1" 200 77327 "-" "-"
5.134.208.158 - - [14/Apr/2025:09:41:29 +0200] "GET /Jurek/eurofirany/images/468224/0.jpg HTTP/1.1" 200 87263 "-" "-"
5.134.208.158 - - [14/Apr/2025:09:41:29 +0200] "GET /Jurek/eurofirany/images/350447/0.jpg HTTP/1.1" 200 70200 "-" "-"
5.134.208.158 - - [14/Apr/2025:09:41:29 +0200] "GET /Jurek/eurofirany/images/404672/0.jpg HTTP/1.1" 200 59831 "-" "-"
51.77.52.107 - - [14/Apr/2025:09:41:30 +0200] "GET /Jurek/eurofirany/images/464080/0.jpg HTTP/2.0" 200 148944 "-" "baselinker"
46.101.116.244 - - [14/Apr/2025:09:41:34 +0200] "GET /Jurek/action/feeds/action_alza.xml HTTP/2.0" 200 60244927 "-" "-"
51.77.52.107 - - [14/Apr/2025:09:41:45 +0200] "GET /Jurek/eurofirany/images/464080/0.jpg HTTP/2.0" 200 148944 "-" "baselinker"
89.161.206.59 - - [14/Apr/2025:09:42:01 +0200] "GET /Jurek/amzteam/feeds/amzteam_cdsc.xml HTTP/1.0" 200 145385 "-" "-"
51.77.52.107 - - [14/Apr/2025:09:42:04 +0200] "GET /Jurek/eurofirany/images/464080/0.jpg HTTP/2.0" 200 148944 "-" "baselinker"
51.77.52.107 - - [14/Apr/2025:09:42:22 +0200] "GET /Jurek/eurofirany/images/464095/0.jpg HTTP/2.0" 200 169982 "-" "baselinker"
51.77.52.107 - - [14/Apr/2025:09:42:36 +0200] "GET /Jurek/eurofirany/images/464095/0.jpg HTTP/2.0" 200 169982 "-" "baselinker"
178.21.154.6 - - [14/Apr/2025:09:42:49 +0200] "GET /Jurek/eurofirany/images/336035/0.jpg HTTP/1.1" 200 53491 "-" "-"
51.77.52.107 - - [14/Apr/2025:09:42:50 +0200] "GET /Jurek/eurofirany/images/464095/0.jpg HTTP/2.0" 200 169982 "-" "baselinker"
46.101.116.244 - - [14/Apr/2025:09:42:55 +0200] "GET /Jurek/aw/feeds/aw_fnacfr.xml HTTP/1.0" 404 3551 "-" "-"
51.77.52.107 - - [14/Apr/2025:09:42:59 +0200] "GET /Jurek/eurofirany/images/464097/0.jpg HTTP/2.0" 200 172422 "-" "baselinker"
66.249.64.165 - - [14/Apr/2025:09:43:10 +0200] "GET /Jurek/eurofirany/images/416148/3.jpg HTTP/1.1" 200 137589 "-" "Googlebot-Image/1.0"
46.101.116.244 - - [14/Apr/2025:09:43:12 +0200] "GET /Jurek/unimet/feeds/unimet_alza.xml HTTP/2.0" 200 60532824 "-" "-"
51.77.52.107 - - [14/Apr/2025:09:43:16 +0200] "GET /Jurek/eurofirany/images/464097/0.jpg HTTP/2.0" 200 172422 "-" "baselinker"
51.77.52.107 - - [14/Apr/2025:09:43:31 +0200] "GET /Jurek/eurofirany/images/464097/0.jpg HTTP/2.0" 200 172422 "-" "baselinker"
51.77.52.107 - - [14/Apr/2025:09:43:37 +0200] "GET /Jurek/eurofirany/images/467980/0.jpg HTTP/2.0" 200 71267 "-" "baselinker"
51.77.52.107 - - [14/Apr/2025:09:44:01 +0200] "GET /Jurek/eurofirany/images/467980/0.jpg HTTP/2.0" 200 71267 "-" "baselinker"
51.77.52.107 - - [14/Apr/2025:09:44:20 +0200] "GET /Jurek/eurofirany/images/467980/0.jpg HTTP/2.0" 200 71267 "-" "baselinker"
51.77.52.107 - - [14/Apr/2025:09:44:34 +0200] "GET /Jurek/eurofirany/images/464098/0.jpg HTTP/2.0" 200 162350 "-" "baselinker"
51.77.52.107 - - [14/Apr/2025:09:44:49 +0200] "GET /Jurek/eurofirany/images/464098/0.jpg HTTP/2.0" 200 162350 "-" "baselinker"
51.77.52.107 - - [14/Apr/2025:09:44:55 +0200] "GET /Jurek/eurofirany/images/464098/0.jpg HTTP/2.0" 200 162350 "-" "baselinker"
66.249.64.165 - - [14/Apr/2025:09:45:08 +0200] "GET /Jurek/eurofirany/images/390400/10.jpg HTTP/1.1" 200 92563 "-" "Googlebot-Image/1.0"
51.77.52.107 - - [14/Apr/2025:09:45:11 +0200] "GET /Jurek/eurofirany/images/464090/0.jpg HTTP/2.0" 200 158000 "-" "baselinker"
46.101.116.244 - - [14/Apr/2025:09:45:18 +0200] "GET /Jurek/andex/feeds/andex_alza.xml HTTP/2.0" 200 1954509 "-" "-"
46.101.116.244 - - [14/Apr/2025:09:45:29 +0200] "GET /Jurek/aw/feeds/awnarzedzia_alza.xml HTTP/2.0" 200 90651748 "-" "-"
51.77.52.107 - - [14/Apr/2025:09:45:42 +0200] "GET /Jurek/eurofirany/images/464090/0.jpg HTTP/2.0" 200 158000 "-" "baselinker"
51.77.52.107 - - [14/Apr/2025:09:45:45 +0200] "GET /Jurek/eurofirany/images/464090/0.jpg HTTP/2.0" 200 158000 "-" "baselinker"
51.77.52.107 - - [14/Apr/2025:09:45:50 +0200] "GET /Jurek/eurofirany/images/468654/0.jpg HTTP/2.0" 200 116369 "-" "baselinker"
46.101.116.244 - - [14/Apr/2025:09:45:55 +0200] "GET /Jurek/detian/feeds/detian_alza.xml HTTP/2.0" 404 3551 "-" "-"
51.77.52.107 - - [14/Apr/2025:09:45:55 +0200] "GET /Jurek/eurofirany/images/468654/0.jpg HTTP/2.0" 200 116369 "-" "baselinker"
51.77.52.107 - - [14/Apr/2025:09:45:59 +0200] "GET /Jurek/eurofirany/images/468654/0.jpg HTTP/2.0" 200 116369 "-" "baselinker"
51.77.52.107 - - [14/Apr/2025:09:46:04 +0200] "GET /Jurek/eurofirany/images/468655/0.jpg HTTP/2.0" 200 120118 "-" "baselinker"
46.101.116.244 - - [14/Apr/2025:09:46:05 +0200] "GET /Jurek/fernity/feeds/fernity_alza.xml HTTP/2.0" 200 4800652 "-" "-"
46.101.116.244 - - [14/Apr/2025:09:46:27 +0200] "GET /Jurek/octopia/feeds/octopia_alzacz.xml HTTP/2.0" 200 10117156 "-" "-"
51.77.52.107 - - [14/Apr/2025:09:46:28 +0200] "GET /Jurek/eurofirany/images/468655/0.jpg HTTP/2.0" 200 120118 "-" "baselinker"
51.77.52.107 - - [14/Apr/2025:09:46:33 +0200] "GET /Jurek/eurofirany/images/468655/0.jpg HTTP/2.0" 200 120118 "-" "baselinker"
51.77.52.107 - - [14/Apr/2025:09:46:38 +0200] "GET /Jurek/eurofirany/images/468656/0.jpg HTTP/2.0" 200 51580 "-" "baselinker"
46.101.116.244 - - [14/Apr/2025:09:46:39 +0200] "GET /Jurek/unimet/feeds/unimet_alza.xml HTTP/2.0" 200 60532824 "-" "-"
51.77.52.107 - - [14/Apr/2025:09:46:43 +0200] "GET /Jurek/eurofirany/images/468656/0.jpg HTTP/2.0" 200 51580 "-" "baselinker"
51.77.52.107 - - [14/Apr/2025:09:46:48 +0200] "GET /Jurek/eurofirany/images/468656/0.jpg HTTP/2.0" 200 51580 "-" "baselinker"
51.77.52.107 - - [14/Apr/2025:09:46:53 +0200] "GET /Jurek/eurofirany/images/468657/0.jpg HTTP/2.0" 200 126669 "-" "baselinker"
51.77.52.107 - - [14/Apr/2025:09:46:58 +0200] "GET /Jurek/eurofirany/images/468657/0.jpg HTTP/2.0" 200 126669 "-" "baselinker"
46.101.116.244 - - [14/Apr/2025:09:47:00 +0200] "GET /Jurek/eurofirany/feeds/eurofirany_alza.xml HTTP/2.0" 200 19292180 "-" "-"
51.77.52.107 - - [14/Apr/2025:09:47:03 +0200] "GET /Jurek/eurofirany/images/468657/0.jpg HTTP/2.0" 200 126669 "-" "baselinker"
66.249.64.167 - - [14/Apr/2025:09:47:07 +0200] "GET /Jurek/eurofirany/images/391366/3.jpg HTTP/1.1" 200 226291 "-" "Googlebot-Image/1.0"
51.77.52.107 - - [14/Apr/2025:09:47:13 +0200] "GET /Jurek/eurofirany/images/468658/0.jpg HTTP/2.0" 200 127366 "-" "baselinker"
46.101.116.244 - - [14/Apr/2025:09:47:16 +0200] "GET /Jurek/aw/feeds/aw_fnacfr.xml HTTP/1.0" 404 3551 "-" "-"
46.101.116.244 - - [14/Apr/2025:09:47:17 +0200] "GET /Jurek/beliani/feeds/beliani_alza.xml HTTP/2.0" 200 15298423 "-" "-"
51.77.52.107 - - [14/Apr/2025:09:47:21 +0200] "GET /Jurek/eurofirany/images/468658/0.jpg HTTP/2.0" 200 127366 "-" "baselinker"
51.77.52.107 - - [14/Apr/2025:09:47:24 +0200] "GET /Jurek/eurofirany/images/468658/0.jpg HTTP/2.0" 200 127366 "-" "baselinker"
51.77.52.107 - - [14/Apr/2025:09:47:31 +0200] "GET /Jurek/eurofirany/images/470714/0.jpg HTTP/2.0" 200 118240 "-" "baselinker"
46.101.116.244 - - [14/Apr/2025:09:47:39 +0200] "GET /Jurek/vivaldi/feeds/vivaldi_alza.xml HTTP/2.0" 200 344832 "-" "-"
51.77.52.107 - - [14/Apr/2025:09:47:39 +0200] "GET /Jurek/eurofirany/images/470714/0.jpg HTTP/2.0" 200 118240 "-" "baselinker"
51.77.52.107 - - [14/Apr/2025:09:47:44 +0200] "GET /Jurek/eurofirany/images/470714/0.jpg HTTP/2.0" 200 118240 "-" "baselinker"
51.77.52.107 - - [14/Apr/2025:09:47:50 +0200] "GET /Jurek/eurofirany/images/470719/0.jpg HTTP/2.0" 200 142815 "-" "baselinker"
46.101.116.244 - - [14/Apr/2025:09:47:50 +0200] "GET /Jurek/ikonka/feeds/ikonka_alza.xml HTTP/2.0" 200 22189018 "-" "-"
46.101.116.244 - - [14/Apr/2025:09:48:02 +0200] "GET /Jurek/stema/feeds/stema_alza.xml HTTP/2.0" 200 852468 "-" "-"
51.77.52.107 - - [14/Apr/2025:09:48:09 +0200] "GET /Jurek/eurofirany/images/470719/0.jpg HTTP/2.0" 200 142815 "-" "baselinker"
89.161.206.59 - - [14/Apr/2025:09:48:11 +0200] "GET /Jurek/proparts/feeds/proparts_emagro.xml HTTP/1.0" 200 707617 "-" "-"
89.161.206.59 - - [14/Apr/2025:09:48:11 +0200] "GET /Jurek/cdata/feeds/cdata_emagro.xml HTTP/1.0" 200 1445564 "-" "-"
46.101.116.244 - - [14/Apr/2025:09:48:14 +0200] "GET /Jurek/kinghoff/feeds/kinghoff_alza.xml HTTP/2.0" 200 15518454 "-" "-"
51.77.52.107 - - [14/Apr/2025:09:48:18 +0200] "GET /Jurek/eurofirany/images/470719/0.jpg HTTP/2.0" 200 142815 "-" "baselinker"
51.77.52.107 - - [14/Apr/2025:09:48:24 +0200] "GET /Jurek/eurofirany/images/466631/0.jpg HTTP/2.0" 200 126732 "-" "baselinker"
51.77.52.107 - - [14/Apr/2025:09:48:31 +0200] "GET /Jurek/eurofirany/images/466631/0.jpg HTTP/2.0" 200 126732 "-" "baselinker"
46.101.116.244 - - [14/Apr/2025:09:48:31 +0200] "GET /Jurek/beltimore/feeds/beltimore_mallsish.xml HTTP/2.0" 200 18651703 "-" "-"
51.77.52.107 - - [14/Apr/2025:09:48:35 +0200] "GET /Jurek/eurofirany/images/466631/0.jpg HTTP/2.0" 200 126732 "-" "baselinker"
51.77.52.107 - - [14/Apr/2025:09:48:41 +0200] "GET /Jurek/eurofirany/images/466633/0.jpg HTTP/2.0" 200 74167 "-" "baselinker"
46.101.116.244 - - [14/Apr/2025:09:48:48 +0200] "GET /Jurek/drops/feeds/dropsofficecolection_mallsish.xml HTTP/2.0" 200 790625 "-" "-"
46.101.116.244 - - [14/Apr/2025:09:48:58 +0200] "GET /Jurek/hdwr/feeds/hdwr_mallsish.xml HTTP/2.0" 200 789379 "-" "-"
51.77.52.107 - - [14/Apr/2025:09:49:01 +0200] "GET /Jurek/eurofirany/images/466633/0.jpg HTTP/2.0" 200 74167 "-" "baselinker"
66.249.64.165 - - [14/Apr/2025:09:49:06 +0200] "GET /Jurek/eurofirany/images/371523/2.jpg HTTP/1.1" 200 104318 "-" "Googlebot-Image/1.0"
46.101.116.244 - - [14/Apr/2025:09:49:09 +0200] "GET /Jurek/narzbud/feeds/narzbud_mallsish.xml HTTP/2.0" 200 1901243 "-" "-"
51.77.52.107 - - [14/Apr/2025:09:49:19 +0200] "GET /Jurek/eurofirany/images/466633/0.jpg HTTP/2.0" 200 74167 "-" "baselinker"
46.101.116.244 - - [14/Apr/2025:09:49:19 +0200] "GET /Jurek/newtechele/feeds/newtechele_mallsish.xml HTTP/2.0" 200 2438504 "-" "-"
51.77.52.107 - - [14/Apr/2025:09:49:26 +0200] "GET /Jurek/eurofirany/images/466634/0.jpg HTTP/2.0" 200 82785 "-" "baselinker"
46.101.116.244 - - [14/Apr/2025:09:49:30 +0200] "GET /Jurek/pagmil/feeds/pagmil_mallsish.xml HTTP/2.0" 200 1802835 "-" "-"
51.77.52.107 - - [14/Apr/2025:09:49:41 +0200] "GET /Jurek/eurofirany/images/466634/0.jpg HTTP/2.0" 200 82785 "-" "baselinker"
46.101.116.244 - - [14/Apr/2025:09:49:42 +0200] "GET /Jurek/pawonik/feeds/pawonik_mallsish.xml HTTP/2.0" 200 2138402 "-" "-"
46.101.116.244 - - [14/Apr/2025:09:49:53 +0200] "GET /Jurek/proadventure/feeds/proadventure_mallsish.xml HTTP/2.0" 200 10763461 "-" "-"
51.77.52.107 - - [14/Apr/2025:09:49:59 +0200] "GET /Jurek/eurofirany/images/466634/0.jpg HTTP/2.0" 200 82785 "-" "baselinker"
46.101.116.244 - - [14/Apr/2025:09:50:04 +0200] "GET /Jurek/rems/feeds/rems_mallsish.xml HTTP/2.0" 200 8706234 "-" "-"
46.101.116.244 - - [14/Apr/2025:09:50:15 +0200] "GET /Jurek/roger/feeds/roger_mallsish.xml HTTP/2.0" 200 1396560 "-" "-"
51.77.52.107 - - [14/Apr/2025:09:50:18 +0200] "GET /Jurek/eurofirany/images/467245/0.jpg HTTP/2.0" 200 167731 "-" "baselinker"
51.77.52.107 - - [14/Apr/2025:09:50:23 +0200] "GET /Jurek/eurofirany/images/467245/0.jpg HTTP/2.0" 200 167731 "-" "baselinker"
46.101.116.244 - - [14/Apr/2025:09:50:25 +0200] "GET /Jurek/sovapl/feeds/sovapl_mallsish.xml HTTP/2.0" 200 8999321 "-" "-"
51.77.52.107 - - [14/Apr/2025:09:50:26 +0200] "GET /Jurek/eurofirany/images/467245/0.jpg HTTP/2.0" 200 167731 "-" "baselinker"
51.77.52.107 - - [14/Apr/2025:09:50:41 +0200] "GET /Jurek/eurofirany/images/467247/0.jpg HTTP/2.0" 200 167731 "-" "baselinker"
46.101.116.244 - - [14/Apr/2025:09:50:44 +0200] "GET /Jurek/stiv/feeds/stiv_mallsish.xml HTTP/2.0" 200 2056811 "-" "-"
46.101.116.244 - - [14/Apr/2025:09:50:54 +0200] "GET /Jurek/fertes/feeds/fertes_mallsish.xml HTTP/2.0" 200 2361759 "-" "-"
51.77.52.107 - - [14/Apr/2025:09:50:58 +0200] "GET /Jurek/eurofirany/images/467247/0.jpg HTTP/2.0" 200 167731 "-" "baselinker"
66.249.64.166 - - [14/Apr/2025:09:51:05 +0200] "GET /Jurek/eurofirany/images/422324/10.jpg HTTP/1.1" 200 598582 "-" "Googlebot-Image/1.0"
46.101.116.244 - - [14/Apr/2025:09:51:05 +0200] "GET /Jurek/avenido/feeds/avenido_mallsish.xml HTTP/2.0" 200 720078 "-" "-"
89.161.206.59 - - [14/Apr/2025:09:51:12 +0200] "GET /Jurek/carbonyway/feeds/carbonyway_amazonde.xml HTTP/1.0" 200 3075963 "-" "-"
89.161.206.59 - - [14/Apr/2025:09:51:13 +0200] "GET /Jurek/equalo/feeds/equalo_amazonde.xml HTTP/1.0" 200 98010 "-" "-"
51.77.52.107 - - [14/Apr/2025:09:51:13 +0200] "GET /Jurek/eurofirany/images/467247/0.jpg HTTP/2.0" 200 167731 "-" "baselinker"
89.161.206.59 - - [14/Apr/2025:09:51:13 +0200] "GET /Jurek/cdata/feeds/cdata_amazonde.xml HTTP/1.0" 200 1445095 "-" "-"
89.161.206.59 - - [14/Apr/2025:09:51:14 +0200] "GET /Jurek/alucon/feeds/alucon_amazonde.xml HTTP/1.0" 200 553576 "-" "-"
89.161.206.59 - - [14/Apr/2025:09:51:14 +0200] "GET /Jurek/riko/feeds/riko_amazonde.xml HTTP/1.0" 200 3785004 "-" "-"
46.101.116.244 - - [14/Apr/2025:09:51:15 +0200] "GET /Jurek/carbonyway/feeds/carbonyway_mallsish.xml HTTP/2.0" 200 3076009 "-" "-"
46.101.116.244 - - [14/Apr/2025:09:51:26 +0200] "GET /Jurek/cenoman/feeds/cenoman_mallsish.xml HTTP/2.0" 200 5993224 "-" "-"
51.77.52.107 - - [14/Apr/2025:09:51:35 +0200] "GET /Jurek/eurofirany/images/467251/0.jpg HTTP/2.0" 200 170108 "-" "baselinker"
46.101.116.244 - - [14/Apr/2025:09:51:41 +0200] "GET /Jurek/equalo/feeds/equalo_mallsish.xml HTTP/2.0" 200 98011 "-" "-"
46.101.116.244 - - [14/Apr/2025:09:51:52 +0200] "GET /Jurek/kamar/feeds/kamar_mallsish.xml HTTP/2.0" 200 25549824 "-" "-"
51.77.52.107 - - [14/Apr/2025:09:51:54 +0200] "GET /Jurek/eurofirany/images/467251/0.jpg HTTP/2.0" 200 170108 "-" "baselinker"
46.101.116.244 - - [14/Apr/2025:09:52:07 +0200] "GET /Jurek/lampart/feeds/lampart_mallsish.xml HTTP/2.0" 200 936050 "-" "-"
51.77.52.107 - - [14/Apr/2025:09:52:10 +0200] "GET /Jurek/eurofirany/images/467251/0.jpg HTTP/2.0" 200 170108 "-" "baselinker"
46.101.116.244 - - [14/Apr/2025:09:52:18 +0200] "GET /Jurek/makow/feeds/makow_mallsish.xml HTTP/2.0" 200 21203656 "-" "-"
86.123.239.129 - - [14/Apr/2025:09:52:20 +0200] "GET /Jurek/eurofirany/images/325018/1.jpg HTTP/2.0" 200 112182 "https://www.emag.ro/cuvertura-de-pat-eurofirany-sofia-rezistenta-la-incretituri-si-murdarie-textura-neobisnuita-matlasata-folosind-o-metoda-de-presare-la-cald-fara-cusaturi-220-x-200-cm-albastru-325018/pd/DLSXRLMBM/?ref=fam" "Mozilla/5.0 (Windows NT 10.0; Win64; x64) AppleWebKit/537.36 (KHTML, like Gecko) Chrome/135.0.0.0 Safari/537.36"
86.123.239.129 - - [14/Apr/2025:09:52:20 +0200] "GET /Jurek/eurofirany/images/325018/2.jpg HTTP/2.0" 200 190295 "https://www.emag.ro/cuvertura-de-pat-eurofirany-sofia-rezistenta-la-incretituri-si-murdarie-textura-neobisnuita-matlasata-folosind-o-metoda-de-presare-la-cald-fara-cusaturi-220-x-200-cm-albastru-325018/pd/DLSXRLMBM/?ref=fam" "Mozilla/5.0 (Windows NT 10.0; Win64; x64) AppleWebKit/537.36 (KHTML, like Gecko) Chrome/135.0.0.0 Safari/537.36"
86.123.239.129 - - [14/Apr/2025:09:52:20 +0200] "GET /Jurek/eurofirany/images/325018/3.jpg HTTP/2.0" 200 165499 "https://www.emag.ro/cuvertura-de-pat-eurofirany-sofia-rezistenta-la-incretituri-si-murdarie-textura-neobisnuita-matlasata-folosind-o-metoda-de-presare-la-cald-fara-cusaturi-220-x-200-cm-albastru-325018/pd/DLSXRLMBM/?ref=fam" "Mozilla/5.0 (Windows NT 10.0; Win64; x64) AppleWebKit/537.36 (KHTML, like Gecko) Chrome/135.0.0.0 Safari/537.36"
51.77.52.107 - - [14/Apr/2025:09:52:24 +0200] "GET /Jurek/eurofirany/images/467248/0.jpg HTTP/2.0" 200 167731 "-" "baselinker"
46.101.116.244 - - [14/Apr/2025:09:52:30 +0200] "GET /Jurek/regis/feeds/regis_mallsish.xml HTTP/2.0" 200 82734 "-" "-"
46.101.116.244 - - [14/Apr/2025:09:52:40 +0200] "GET /Jurek/sebmart/feeds/sebmart_mallsish.xml HTTP/2.0" 200 1598696 "-" "-"
66.249.64.165 - - [14/Apr/2025:09:52:41 +0200] "GET /robots.txt HTTP/1.1" 404 3551 "-" "Mozilla/5.0 (compatible; Googlebot/2.1; +http://www.google.com/bot.html)"
51.77.52.107 - - [14/Apr/2025:09:52:41 +0200] "GET /Jurek/eurofirany/images/467248/0.jpg HTTP/2.0" 200 167731 "-" "baselinker"
46.101.116.244 - - [14/Apr/2025:09:52:51 +0200] "GET /Jurek/takapara/feeds/takapara_mallsish.xml HTTP/2.0" 200 1342610 "-" "-"
51.77.52.107 - - [14/Apr/2025:09:52:59 +0200] "GET /Jurek/eurofirany/images/467248/0.jpg HTTP/2.0" 200 167731 "-" "baselinker"
46.101.116.244 - - [14/Apr/2025:09:53:02 +0200] "GET /Jurek/tsjerzy/feeds/tsjerzy_mallsish.xml HTTP/2.0" 200 3897694 "-" "-"
66.249.64.166 - - [14/Apr/2025:09:53:03 +0200] "GET /Jurek/eurofirany/images/391366/4.jpg HTTP/1.1" 200 168959 "-" "Googlebot-Image/1.0"
46.101.116.244 - - [14/Apr/2025:09:53:15 +0200] "GET /Jurek/andex/feeds/andex_mallsiSH.xml HTTP/2.0" 200 1953446 "-" "-"
51.77.52.107 - - [14/Apr/2025:09:53:18 +0200] "GET /Jurek/eurofirany/images/469683/0.jpg HTTP/2.0" 200 75854 "-" "baselinker"
46.101.116.244 - - [14/Apr/2025:09:53:27 +0200] "GET /Jurek/german/feeds/german_mallsiSH.xml HTTP/2.0" 200 2853569 "-" "-"
46.101.116.244 - - [14/Apr/2025:09:53:40 +0200] "GET /Jurek/hanex/feeds/hanex_mallsiSH.xml HTTP/2.0" 200 13931567 "-" "-"
46.101.116.244 - - [14/Apr/2025:09:53:55 +0200] "GET /Jurek/maksik/feeds/maksik_mallsiSH.xml HTTP/2.0" 200 4084757 "-" "-"
46.101.116.244 - - [14/Apr/2025:09:54:06 +0200] "GET /Jurek/smxdesign/feeds/smxdesign_mallsiSH.xml HTTP/2.0" 200 1829040 "-" "-"
46.101.116.244 - - [14/Apr/2025:09:54:17 +0200] "GET /Jurek/aiofactory/feeds/aiofactory_mallsiSH.xml HTTP/2.0" 200 2123793 "-" "-"
51.77.52.107 - - [14/Apr/2025:09:54:18 +0200] "GET /Jurek/eurofirany/images/469683/0.jpg HTTP/2.0" 200 75854 "-" "baselinker"
46.101.116.244 - - [14/Apr/2025:09:54:29 +0200] "GET /Jurek/alucon/feeds/alucon_mallsiSH.xml HTTP/2.0" 200 553572 "-" "-"
89.161.206.59 - - [14/Apr/2025:09:54:39 +0200] "GET /Jurek/waks/feeds/waks_allegro.xml HTTP/1.0" 200 1598638 "-" "-"
89.161.206.59 - - [14/Apr/2025:09:54:39 +0200] "GET /Jurek/drops/feeds/dropsofficecolection_allegro.xml HTTP/1.0" 200 790615 "-" "-"
89.161.206.59 - - [14/Apr/2025:09:54:39 +0200] "GET /Jurek/velinda/feeds/velinda_allegro.xml HTTP/1.0" 200 23436 "-" "-"
46.101.116.244 - - [14/Apr/2025:09:54:39 +0200] "GET /Jurek/evil/feeds/evil_mallsiSH.xml HTTP/2.0" 200 306378 "-" "-"
89.161.206.59 - - [14/Apr/2025:09:54:39 +0200] "GET /Jurek/galopi/feeds/galopi_allegro.xml HTTP/1.0" 200 2111240 "-" "-"
51.77.52.107 - - [14/Apr/2025:09:54:41 +0200] "GET /Jurek/eurofirany/images/469683/0.jpg HTTP/2.0" 200 75854 "-" "baselinker"
46.101.116.244 - - [14/Apr/2025:09:54:50 +0200] "GET /Jurek/hlo/feeds/hlo_mallsiSH.xml HTTP/2.0" 200 4838671 "-" "-"
46.101.116.244 - - [14/Apr/2025:09:55:00 +0200] "GET /Jurek/lgbtshop/feeds/lgbtshop_mallsiSH.xml HTTP/2.0" 200 219246 "-" "-"
51.77.52.107 - - [14/Apr/2025:09:55:01 +0200] "GET /Jurek/eurofirany/images/469684/0.jpg HTTP/2.0" 200 75854 "-" "baselinker"
46.101.116.244 - - [14/Apr/2025:09:55:10 +0200] "GET /Jurek/madrex/feeds/madrex_mallsiSH.xml HTTP/2.0" 200 466703 "-" "-"
5.134.208.158 - - [14/Apr/2025:09:55:13 +0200] "GET /Jurek/eurofirany/images/390142/0.jpg HTTP/1.1" 200 75195 "-" "-"
51.77.52.107 - - [14/Apr/2025:09:55:14 +0200] "GET /Jurek/eurofirany/images/469684/0.jpg HTTP/2.0" 200 75854 "-" "baselinker"
66.249.64.167 - - [14/Apr/2025:09:55:15 +0200] "GET /robots.txt HTTP/1.1" 404 3551 "-" "Mozilla/5.0 (compatible; Googlebot/2.1; +http://www.google.com/bot.html)"
66.249.64.166 - - [14/Apr/2025:09:55:15 +0200] "GET /Jurek/eurofirany/images/391481/5.jpg HTTP/1.1" 200 207712 "-" "Googlebot-Image/1.0"
46.101.116.244 - - [14/Apr/2025:09:55:21 +0200] "GET /Jurek/motofan/feeds/motofan_mallsiSH.xml HTTP/2.0" 200 2392155 "-" "-"
51.77.52.107 - - [14/Apr/2025:09:55:28 +0200] "GET /Jurek/eurofirany/images/469684/0.jpg HTTP/2.0" 200 75854 "-" "baselinker"
46.101.116.244 - - [14/Apr/2025:09:55:32 +0200] "GET /Jurek/najtanszysport/feeds/najtanszysport_mallsiSH.xml HTTP/2.0" 200 3983181 "-" "-"
51.77.52.107 - - [14/Apr/2025:09:55:34 +0200] "GET /Jurek/eurofirany/images/469685/0.jpg HTTP/2.0" 200 75854 "-" "baselinker"
46.101.116.244 - - [14/Apr/2025:09:55:43 +0200] "GET /Jurek/nexus/feeds/nexus_mallsiSH.xml HTTP/2.0" 200 226642 "-" "-"
51.77.52.107 - - [14/Apr/2025:09:55:48 +0200] "GET /Jurek/eurofirany/images/469685/0.jpg HTTP/2.0" 200 75854 "-" "baselinker"
89.161.206.59 - - [14/Apr/2025:09:55:51 +0200] "GET /Jurek/bass_new/feeds/bass_skroutz.xml HTTP/1.0" 200 7040944 "-" "-"
51.77.52.107 - - [14/Apr/2025:09:55:52 +0200] "GET /Jurek/eurofirany/images/469685/0.jpg HTTP/2.0" 200 75854 "-" "baselinker"
46.101.116.244 - - [14/Apr/2025:09:55:54 +0200] "GET /Jurek/playcob/feeds/playcob_mallsiSH.xml HTTP/2.0" 200 6980169 "-" "-"
46.101.116.244 - - [14/Apr/2025:09:56:04 +0200] "GET /Jurek/cbdgreen/feeds/cbdgreen_mallsiSH.xml HTTP/2.0" 200 50542 "-" "-"
51.77.52.107 - - [14/Apr/2025:09:56:09 +0200] "GET /Jurek/eurofirany/images/468280/0.jpg HTTP/2.0" 200 104757 "-" "baselinker"
46.101.116.244 - - [14/Apr/2025:09:56:15 +0200] "GET /Jurek/cbdgreen/feeds/cbdgreen_mallsiSH.xml HTTP/2.0" 200 50542 "-" "-"
51.77.52.107 - - [14/Apr/2025:09:56:19 +0200] "GET /Jurek/eurofirany/images/468280/0.jpg HTTP/2.0" 200 104757 "-" "baselinker"
46.101.116.244 - - [14/Apr/2025:09:56:25 +0200] "GET /Jurek/dekornatort/feeds/dekornatort_mallsiSH.xml HTTP/2.0" 200 225744 "-" "-"
51.77.52.107 - - [14/Apr/2025:09:56:26 +0200] "GET /Jurek/eurofirany/images/468280/0.jpg HTTP/2.0" 200 104757 "-" "baselinker"
51.77.52.107 - - [14/Apr/2025:09:56:34 +0200] "GET /Jurek/eurofirany/images/468287/0.jpg HTTP/2.0" 200 68756 "-" "baselinker"
46.101.116.244 - - [14/Apr/2025:09:56:35 +0200] "GET /Jurek/eurofryz2/feeds/eurofryz2_mallsiSH.xml HTTP/2.0" 200 1376789 "-" "-"
89.161.206.59 - - [14/Apr/2025:09:56:39 +0200] "GET /Jurek/benetech/feeds/benetech_skroutz.xml HTTP/1.0" 200 2689612 "-" "-"
51.77.52.107 - - [14/Apr/2025:09:56:41 +0200] "GET /Jurek/eurofirany/images/468287/0.jpg HTTP/2.0" 200 68756 "-" "baselinker"
89.161.206.59 - - [14/Apr/2025:09:56:44 +0200] "GET /Jurek/waks/feeds/waks_skroutz.xml HTTP/1.0" 200 1596551 "-" "-"
46.101.116.244 - - [14/Apr/2025:09:56:46 +0200] "GET /Jurek/eurofryz3/feeds/eurofryz3_mallsiSH.xml HTTP/2.0" 200 172219 "-" "-"
51.77.52.107 - - [14/Apr/2025:09:56:47 +0200] "GET /Jurek/eurofirany/images/468287/0.jpg HTTP/2.0" 200 68756 "-" "baselinker"
51.77.52.107 - - [14/Apr/2025:09:56:53 +0200] "GET /Jurek/eurofirany/images/468289/0.jpg HTTP/2.0" 200 98475 "-" "baselinker"
89.161.206.59 - - [14/Apr/2025:09:56:56 +0200] "GET /Jurek/eroplace/feeds/eroplace_skroutz.xml HTTP/1.0" 200 51201499 "-" "-"
46.101.116.244 - - [14/Apr/2025:09:56:57 +0200] "GET /Jurek/globaldeli/feeds/globaldeli_mallsiSH.xml HTTP/2.0" 200 2590906 "-" "-"
51.77.52.107 - - [14/Apr/2025:09:56:58 +0200] "GET /Jurek/eurofirany/images/468289/0.jpg HTTP/2.0" 200 98475 "-" "baselinker"
66.249.64.165 - - [14/Apr/2025:09:57:00 +0200] "GET /robots.txt HTTP/1.1" 404 3551 "-" "Mozilla/5.0 (compatible; Googlebot/2.1; +http://www.google.com/bot.html)"
66.249.64.165 - - [14/Apr/2025:09:57:00 +0200] "GET /Jurek/eurofirany/images/409912/5.jpg HTTP/1.1" 200 6595 "-" "Googlebot-Image/1.0"
51.77.52.107 - - [14/Apr/2025:09:57:02 +0200] "GET /Jurek/eurofirany/images/468289/0.jpg HTTP/2.0" 200 98475 "-" "baselinker"
46.101.116.244 - - [14/Apr/2025:09:57:07 +0200] "GET /Jurek/kobi/feeds/kobi_mallsiSH.xml HTTP/2.0" 200 1993199 "-" "-"
51.77.52.107 - - [14/Apr/2025:09:57:08 +0200] "GET /Jurek/eurofirany/images/468290/0.jpg HTTP/2.0" 200 89661 "-" "baselinker"
46.101.116.244 - - [14/Apr/2025:09:57:08 +0200] "GET /Jurek/aw/feeds/aw_fnacfr.xml HTTP/1.0" 404 3551 "-" "-"
51.77.52.107 - - [14/Apr/2025:09:57:13 +0200] "GET /Jurek/eurofirany/images/468290/0.jpg HTTP/2.0" 200 89661 "-" "baselinker"
46.101.116.244 - - [14/Apr/2025:09:57:18 +0200] "GET /Jurek/lendo/feeds/lendo_mallsiSH.xml HTTP/2.0" 200 330388 "-" "-"
51.77.52.107 - - [14/Apr/2025:09:57:20 +0200] "GET /Jurek/eurofirany/images/468290/0.jpg HTTP/2.0" 200 89661 "-" "baselinker"
89.161.206.59 - - [14/Apr/2025:09:57:27 +0200] "GET /Jurek/oromed/feeds/oromed_skroutz.xml HTTP/1.0" 200 1096003 "-" "-"
51.77.52.107 - - [14/Apr/2025:09:57:27 +0200] "GET /Jurek/eurofirany/images/468293/0.jpg HTTP/2.0" 200 98183 "-" "baselinker"
89.161.206.59 - - [14/Apr/2025:09:57:28 +0200] "GET /Jurek/ralmetal/feeds/ralmetal_skroutz.xml HTTP/1.0" 200 1808631 "-" "-"
51.77.52.107 - - [14/Apr/2025:09:57:32 +0200] "GET /Jurek/eurofirany/images/468293/0.jpg HTTP/2.0" 200 98183 "-" "baselinker"
89.161.206.59 - - [14/Apr/2025:09:57:34 +0200] "GET /Jurek/narzbud/feeds/narzbud_skroutz.xml HTTP/1.0" 200 1901215 "-" "-"
89.161.206.59 - - [14/Apr/2025:09:57:34 +0200] "GET /Jurek/drops/feeds/dropsofficecolection_skroutz.xml HTTP/1.0" 200 790588 "-" "-"
89.161.206.59 - - [14/Apr/2025:09:57:35 +0200] "GET /Jurek/szpaklampy/feeds/szpaklampy_skroutz.xml HTTP/1.0" 200 388204 "-" "-"
89.161.206.59 - - [14/Apr/2025:09:57:36 +0200] "GET /Jurek/spali/feeds/spali_skroutz.xml HTTP/1.0" 200 77057 "-" "-"
89.161.206.59 - - [14/Apr/2025:09:57:37 +0200] "GET /Jurek/galopi/feeds/galopi_skroutz.xml HTTP/1.0" 200 2111093 "-" "-"
89.161.206.59 - - [14/Apr/2025:09:57:37 +0200] "GET /Jurek/eurofryz/feeds/eurofryz_skroutz.xml HTTP/1.0" 200 1381564 "-" "-"
89.161.206.59 - - [14/Apr/2025:09:57:37 +0200] "GET /Jurek/combine/feeds/combine_skroutz.xml HTTP/1.0" 200 210553 "-" "-"
89.161.206.59 - - [14/Apr/2025:09:57:40 +0200] "GET /Jurek/velinda/feeds/velinda_skroutz.xml HTTP/1.0" 200 23450 "-" "-"
46.101.116.244 - - [14/Apr/2025:09:57:40 +0200] "GET /Jurek/naszedzieci/feeds/naszedzieci_mallsiSH.xml HTTP/2.0" 200 833172423 "-" "-"
51.77.52.107 - - [14/Apr/2025:09:57:41 +0200] "GET /Jurek/eurofirany/images/468293/0.jpg HTTP/2.0" 200 98183 "-" "baselinker"
89.161.206.59 - - [14/Apr/2025:09:57:42 +0200] "GET /Jurek/reman/feeds/reman_skroutz.xml HTTP/1.0" 200 1394835 "-" "-"
89.161.206.59 - - [14/Apr/2025:09:57:42 +0200] "GET /Jurek/erohurtownia/feeds/erohurtownia_skroutz.xml HTTP/1.0" 200 22846423 "-" "-"
89.161.206.59 - - [14/Apr/2025:09:57:42 +0200] "GET /Jurek/urwiskowo/feeds/urwiskowo_skroutz.xml HTTP/1.0" 200 9114988 "-" "-"
51.77.52.107 - - [14/Apr/2025:09:57:46 +0200] "GET /Jurek/eurofirany/images/468372/0.jpg HTTP/2.0" 200 80944 "-" "baselinker"
51.77.52.107 - - [14/Apr/2025:09:57:50 +0200] "GET /Jurek/eurofirany/images/468372/0.jpg HTTP/2.0" 200 80944 "-" "baselinker"
89.161.206.59 - - [14/Apr/2025:09:57:55 +0200] "GET /Jurek/kobi/feeds/kobi_skroutz.xml HTTP/1.0" 200 1993258 "-" "-"
89.161.206.59 - - [14/Apr/2025:09:57:55 +0200] "GET /Jurek/evil/feeds/evil_skroutz.xml HTTP/1.0" 200 252469 "-" "-"
89.161.206.59 - - [14/Apr/2025:09:57:55 +0200] "GET /Jurek/antiodor/feeds/antiodor_skroutz.xml HTTP/1.0" 200 137856 "-" "-"
89.161.206.59 - - [14/Apr/2025:09:57:56 +0200] "GET /Jurek/sartrix/feeds/sartrix_skroutz.xml HTTP/1.0" 200 649145 "-" "-"
51.77.52.107 - - [14/Apr/2025:09:57:56 +0200] "GET /Jurek/eurofirany/images/468372/0.jpg HTTP/2.0" 200 80944 "-" "baselinker"
89.161.206.59 - - [14/Apr/2025:09:57:56 +0200] "GET /Jurek/twojsklep/feeds/twojsklep_skroutz.xml HTTP/1.0" 200 126783 "-" "-"
89.161.206.59 - - [14/Apr/2025:09:57:57 +0200] "GET /Jurek/drewdon/feeds/drewdon_skroutz.xml HTTP/1.0" 200 358913 "-" "-"
89.161.206.59 - - [14/Apr/2025:09:57:57 +0200] "GET /Jurek/zepnij/feeds/zepnij_skroutz.xml HTTP/1.0" 200 19522544 "-" "-"
89.161.206.59 - - [14/Apr/2025:09:57:57 +0200] "GET /Jurek/primohurt/feeds/primohurt_skroutz.xml HTTP/1.0" 200 17186660 "-" "-"
89.161.206.59 - - [14/Apr/2025:09:57:57 +0200] "GET /Jurek/dekoele/feeds/dekoele_skroutz.xml HTTP/1.0" 200 378800 "-" "-"
89.161.206.59 - - [14/Apr/2025:09:57:58 +0200] "GET /Jurek/rider/feeds/rider_skroutz.xml HTTP/1.0" 200 8165226 "-" "-"
89.161.206.59 - - [14/Apr/2025:09:57:58 +0200] "GET /Jurek/expertauto/feeds/expertauto_skroutz.xml HTTP/1.0" 200 1158917 "-" "-"
89.161.206.59 - - [14/Apr/2025:09:57:58 +0200] "GET /Jurek/qbox/feeds/qbox_skroutz.xml HTTP/1.0" 200 398707 "-" "-"
89.161.206.59 - - [14/Apr/2025:09:57:59 +0200] "GET /Jurek/emaja24/feeds/emaja24_skroutz.xml HTTP/1.0" 200 5101973 "-" "-"
51.77.52.107 - - [14/Apr/2025:09:58:01 +0200] "GET /Jurek/eurofirany/images/468376/0.jpg HTTP/2.0" 200 89475 "-" "baselinker"
89.161.206.59 - - [14/Apr/2025:09:58:03 +0200] "GET /Jurek/ekotex/feeds/ekotex_skroutz.xml HTTP/1.0" 200 197786 "-" "-"
89.161.206.59 - - [14/Apr/2025:09:58:04 +0200] "GET /Jurek/motofan/feeds/motofan_skroutz.xml HTTP/1.0" 200 2392157 "-" "-"
89.161.206.59 - - [14/Apr/2025:09:58:05 +0200] "GET /Jurek/elecomp/feeds/elecomp_skroutz.xml HTTP/1.0" 200 2867821 "-" "-"
51.77.52.107 - - [14/Apr/2025:09:58:05 +0200] "GET /Jurek/eurofirany/images/468376/0.jpg HTTP/2.0" 200 89475 "-" "baselinker"
51.77.52.107 - - [14/Apr/2025:09:58:10 +0200] "GET /Jurek/eurofirany/images/468376/0.jpg HTTP/2.0" 200 89475 "-" "baselinker"
51.77.52.107 - - [14/Apr/2025:09:58:13 +0200] "GET /Jurek/eurofirany/images/468378/0.jpg HTTP/2.0" 200 107121 "-" "baselinker"
51.77.52.107 - - [14/Apr/2025:09:58:17 +0200] "GET /Jurek/eurofirany/images/468378/0.jpg HTTP/2.0" 200 107121 "-" "baselinker"
178.21.154.6 - - [14/Apr/2025:09:58:20 +0200] "GET /Jurek/eurofirany/images/389957/0.jpg HTTP/1.1" 200 199278 "-" "-"
51.77.52.107 - - [14/Apr/2025:09:58:22 +0200] "GET /Jurek/eurofirany/images/468378/0.jpg HTTP/2.0" 200 107121 "-" "baselinker"
89.161.206.59 - - [14/Apr/2025:09:58:26 +0200] "GET /Jurek/najtanszysport/feeds/najtanszysport_skroutz.xml HTTP/1.0" 200 3983354 "-" "-"
51.77.52.107 - - [14/Apr/2025:09:58:27 +0200] "GET /Jurek/eurofirany/images/468385/0.jpg HTTP/2.0" 200 112801 "-" "baselinker"
51.77.52.107 - - [14/Apr/2025:09:58:32 +0200] "GET /Jurek/eurofirany/images/468385/0.jpg HTTP/2.0" 200 112801 "-" "baselinker"
89.161.206.59 - - [14/Apr/2025:09:58:36 +0200] "GET /Jurek/eurofirany/feeds/eurofirany_skroutz.xml HTTP/1.0" 200 19324582 "-" "-"
51.77.52.107 - - [14/Apr/2025:09:58:38 +0200] "GET /Jurek/eurofirany/images/468385/0.jpg HTTP/2.0" 200 112801 "-" "baselinker"
51.77.52.107 - - [14/Apr/2025:09:58:57 +0200] "GET /Jurek/eurofirany/images/459099/0.jpg HTTP/2.0" 200 73419 "-" "baselinker"
66.249.64.167 - - [14/Apr/2025:09:58:59 +0200] "GET /robots.txt HTTP/1.1" 404 3551 "-" "Mozilla/5.0 (compatible; Googlebot/2.1; +http://www.google.com/bot.html)"
66.249.64.166 - - [14/Apr/2025:09:58:59 +0200] "GET /Jurek/eurofirany/images/390400/2.jpg HTTP/1.1" 200 80527 "-" "Googlebot-Image/1.0"
5.134.208.158 - - [14/Apr/2025:09:59:07 +0200] "GET /Jurek/eurofirany/images/466760/0.jpg HTTP/1.1" 200 141159 "-" "-"
51.77.52.107 - - [14/Apr/2025:09:59:11 +0200] "GET /Jurek/eurofirany/images/459099/0.jpg HTTP/2.0" 200 73419 "-" "baselinker"
51.77.52.107 - - [14/Apr/2025:09:59:14 +0200] "GET /Jurek/eurofirany/images/459099/0.jpg HTTP/2.0" 200 73419 "-" "baselinker"
51.77.52.107 - - [14/Apr/2025:09:59:18 +0200] "GET /Jurek/eurofirany/images/467063/0.jpg HTTP/2.0" 200 135252 "-" "baselinker"
89.161.206.59 - - [14/Apr/2025:09:59:21 +0200] "GET /Jurek/aiofactory/feeds/aiofactory_ebayde.xml HTTP/1.0" 200 2123794 "-" "-"
89.161.206.59 - - [14/Apr/2025:09:59:32 +0200] "GET /Jurek/kobi/feeds/kobi_ebayde.xml HTTP/1.0" 200 713590 "-" "-"
51.77.52.107 - - [14/Apr/2025:09:59:37 +0200] "GET /Jurek/eurofirany/images/467063/0.jpg HTTP/2.0" 200 135252 "-" "baselinker"
51.77.52.107 - - [14/Apr/2025:09:59:51 +0200] "GET /Jurek/eurofirany/images/467063/0.jpg HTTP/2.0" 200 135252 "-" "baselinker"
89.161.206.59 - - [14/Apr/2025:09:59:56 +0200] "GET /Jurek/winoszarnia/feeds/winoszarnia_skroutz.xml HTTP/1.0" 200 6064741 "-" "-"
51.77.52.107 - - [14/Apr/2025:09:59:58 +0200] "GET /Jurek/eurofirany/images/467068/0.jpg HTTP/2.0" 200 135783 "-" "baselinker"
51.77.52.107 - - [14/Apr/2025:10:00:14 +0200] "GET /Jurek/eurofirany/images/467068/0.jpg HTTP/2.0" 200 135783 "-" "baselinker"
51.77.52.107 - - [14/Apr/2025:10:00:33 +0200] "GET /Jurek/eurofirany/images/467068/0.jpg HTTP/2.0" 200 135783 "-" "baselinker"
89.161.206.59 - - [14/Apr/2025:10:00:38 +0200] "GET /Jurek/takapara/feeds/takapara_skroutz.xml HTTP/1.0" 200 1342610 "-" "-"
52.18.22.0 - - [14/Apr/2025:10:00:45 +0200] "GET /marketplaces/ubaldi/results/ubaldi.csv HTTP/1.1" 200 114451 "-" "Mirakl HttpClient"
51.77.52.107 - - [14/Apr/2025:10:00:57 +0200] "GET /Jurek/eurofirany/images/459044/0.jpg HTTP/2.0" 200 148971 "-" "baselinker"
5.134.208.158 - - [14/Apr/2025:10:01:11 +0200] "GET /Jurek/eurofirany/images/420920/0.jpg HTTP/1.1" 200 72732 "-" "-"
89.161.206.59 - - [14/Apr/2025:10:01:13 +0200] "GET /Jurek/reman/feeds/reman_amazonde.xml HTTP/1.0" 200 1394826 "-" "-"
89.161.206.59 - - [14/Apr/2025:10:01:14 +0200] "GET /Jurek/regis/feeds/regis_amazonde.xml HTTP/1.0" 200 82729 "-" "-"
51.77.52.107 - - [14/Apr/2025:10:01:16 +0200] "GET /Jurek/eurofirany/images/459044/0.jpg HTTP/2.0" 200 148971 "-" "baselinker"
35.204.39.32 - - [14/Apr/2025:10:01:20 +0200] "GET /marketplaces/vente/results/vente_nl.csv HTTP/1.1" 200 147219 "-" "Mirakl HttpClient"
35.204.39.32 - - [14/Apr/2025:10:01:20 +0200] "GET /marketplaces/vente/results/vente_fr.csv HTTP/1.1" 200 147219 "-" "Mirakl HttpClient"
35.204.39.32 - - [14/Apr/2025:10:01:20 +0200] "GET /marketplaces/vente/results/vente_be.csv HTTP/1.1" 200 147219 "-" "Mirakl HttpClient"
35.204.39.32 - - [14/Apr/2025:10:01:20 +0200] "GET /marketplaces/vente/results/vente_it.csv HTTP/1.1" 200 163603 "-" "Mirakl HttpClient"
35.204.39.32 - - [14/Apr/2025:10:01:20 +0200] "GET /marketplaces/vente/results/vente_es.csv HTTP/1.1" 200 163603 "-" "Mirakl HttpClient"
35.204.39.32 - - [14/Apr/2025:10:01:20 +0200] "GET /marketplaces/vente/results/vente_de.csv HTTP/1.1" 200 147219 "-" "Mirakl HttpClient"
5.134.208.158 - - [14/Apr/2025:10:01:26 +0200] "GET /Jurek/eurofirany/images/461733/0.jpg HTTP/1.1" 200 33454 "-" "-"
51.77.52.107 - - [14/Apr/2025:10:01:35 +0200] "GET /Jurek/eurofirany/images/459044/0.jpg HTTP/2.0" 200 148971 "-" "baselinker"
89.161.206.59 - - [14/Apr/2025:10:01:50 +0200] "GET /Jurek/eurofirany/feeds/eurofirany_ebay.xml HTTP/1.0" 200 19215891 "-" "-"
51.77.52.107 - - [14/Apr/2025:10:01:52 +0200] "GET /Jurek/eurofirany/images/459047/0.jpg HTTP/2.0" 200 148971 "-" "baselinker"
51.77.52.107 - - [14/Apr/2025:10:01:59 +0200] "GET /Jurek/eurofirany/images/459047/0.jpg HTTP/2.0" 200 148971 "-" "baselinker"
51.77.52.107 - - [14/Apr/2025:10:02:05 +0200] "GET /Jurek/eurofirany/images/459047/0.jpg HTTP/2.0" 200 148971 "-" "baselinker"
52.18.22.0 - - [14/Apr/2025:10:02:05 +0200] "GET /marketplaces/rue/results/rue.csv HTTP/1.1" 200 147219 "-" "Mirakl HttpClient"
51.77.52.107 - - [14/Apr/2025:10:02:11 +0200] "GET /Jurek/eurofirany/images/468194/0.jpg HTTP/2.0" 200 119119 "-" "baselinker"
51.77.52.107 - - [14/Apr/2025:10:02:19 +0200] "GET /Jurek/eurofirany/images/468194/0.jpg HTTP/2.0" 200 119119 "-" "baselinker"
88.220.33.218 - - [14/Apr/2025:10:02:22 +0200] "GET /Jurek/vida_morele/feeds/VidaPL_all.xml HTTP/2.0" 200 702212182 "-" "MarketplaceAPI curl/7.64.0 PHP/8"
51.77.52.107 - - [14/Apr/2025:10:02:23 +0200] "GET /Jurek/eurofirany/images/468194/0.jpg HTTP/2.0" 200 119119 "-" "baselinker"
51.77.52.107 - - [14/Apr/2025:10:02:31 +0200] "GET /Jurek/eurofirany/images/468200/0.jpg HTTP/2.0" 200 115258 "-" "baselinker"
51.77.52.107 - - [14/Apr/2025:10:02:37 +0200] "GET /Jurek/eurofirany/images/468200/0.jpg HTTP/2.0" 200 115258 "-" "baselinker"
51.77.52.107 - - [14/Apr/2025:10:02:41 +0200] "GET /Jurek/eurofirany/images/468200/0.jpg HTTP/2.0" 200 115258 "-" "baselinker"
46.101.116.244 - - [14/Apr/2025:10:02:41 +0200] "GET /Jurek/reman/feeds/reman_mallsiSH.xml HTTP/2.0" 200 1394826 "-" "-"
46.101.116.244 - - [14/Apr/2025:10:02:52 +0200] "GET /Jurek/sartrix/feeds/sartrix_mallsiSH.xml HTTP/2.0" 200 649145 "-" "-"
51.77.52.107 - - [14/Apr/2025:10:02:56 +0200] "GET /Jurek/eurofirany/images/459058/0.jpg HTTP/2.0" 200 124607 "-" "baselinker"
66.249.64.167 - - [14/Apr/2025:10:02:56 +0200] "GET /robots.txt HTTP/1.1" 404 3551 "-" "Mozilla/5.0 (compatible; Googlebot/2.1; +http://www.google.com/bot.html)"
66.249.64.166 - - [14/Apr/2025:10:02:56 +0200] "GET /Jurek/eurofirany/images/372640/6.jpg HTTP/1.1" 200 6595 "-" "Googlebot-Image/1.0"
51.77.52.107 - - [14/Apr/2025:10:03:02 +0200] "GET /Jurek/eurofirany/images/459058/0.jpg HTTP/2.0" 200 124607 "-" "baselinker"
46.101.116.244 - - [14/Apr/2025:10:03:02 +0200] "GET /Jurek/szpaklampy/feeds/szpaklampy_mallsiSH.xml HTTP/2.0" 200 388228 "-" "-"
88.220.33.218 - - [14/Apr/2025:10:03:03 +0200] "GET /Jurek/kinghoff/feeds/kinghoff_morele.xml HTTP/2.0" 200 15516049 "-" "MarketplaceAPI curl/7.64.0 PHP/8"
51.77.52.107 - - [14/Apr/2025:10:03:10 +0200] "GET /Jurek/eurofirany/images/459058/0.jpg HTTP/2.0" 200 124607 "-" "baselinker"
46.101.116.244 - - [14/Apr/2025:10:03:15 +0200] "GET /Jurek/benetech/feeds/benetech_mallsiSH.xml HTTP/2.0" 200 4165304 "-" "-"
51.77.52.107 - - [14/Apr/2025:10:03:19 +0200] "GET /Jurek/eurofirany/images/459059/0.jpg HTTP/2.0" 200 124607 "-" "baselinker"
46.101.116.244 - - [14/Apr/2025:10:03:26 +0200] "GET /Jurek/dekoele/feeds/dekoele_mallsish.xml HTTP/2.0" 200 733934 "-" "-"
51.77.52.107 - - [14/Apr/2025:10:03:33 +0200] "GET /Jurek/eurofirany/images/459059/0.jpg HTTP/2.0" 200 124607 "-" "baselinker"
46.101.116.244 - - [14/Apr/2025:10:03:36 +0200] "GET /Jurek/drewdon/feeds/drewdon_mallsish.xml HTTP/2.0" 200 504449 "-" "-"
51.77.52.107 - - [14/Apr/2025:10:03:39 +0200] "GET /Jurek/eurofirany/images/459059/0.jpg HTTP/2.0" 200 124607 "-" "baselinker"
51.77.52.107 - - [14/Apr/2025:10:03:45 +0200] "GET /Jurek/eurofirany/images/459064/0.jpg HTTP/2.0" 200 134425 "-" "baselinker"
46.101.116.244 - - [14/Apr/2025:10:03:47 +0200] "GET /Jurek/emaja24/feeds/emaja24_mallsiSH.xml HTTP/2.0" 200 5109796 "-" "-"
51.77.52.107 - - [14/Apr/2025:10:03:56 +0200] "GET /Jurek/eurofirany/images/459064/0.jpg HTTP/2.0" 200 134425 "-" "baselinker"
