77.79.248.229 - - [14/Apr/2025:10:58:38 +0200] "GET /Jurek/matkam/feeds/matkam_manoIT.xml HTTP/1.1" 200 5000719 "-" "Python-urllib/3.11"
77.79.248.229 - - [14/Apr/2025:10:58:38 +0200] "GET /Jurek/hanex/feeds/hanex_manoIT.xml HTTP/1.1" 200 13931593 "-" "Python-urllib/3.11"
77.79.248.229 - - [14/Apr/2025:10:58:38 +0200] "GET /Jurek/broers/feeds/broers_manoIT.xml HTTP/1.1" 200 1982577 "-" "Python-urllib/3.11"
77.79.248.229 - - [14/Apr/2025:10:58:38 +0200] "GET /Jurek/em3/feeds/em3_manoIT.xml HTTP/1.1" 200 258924 "-" "Python-urllib/3.11"
77.79.248.229 - - [14/Apr/2025:10:58:38 +0200] "GET /Jurek/pagmil/feeds/pagmil_manoIT.xml HTTP/1.1" 200 1802819 "-" "Python-urllib/3.11"
77.79.248.229 - - [14/Apr/2025:10:58:39 +0200] "GET /Jurek/evil/feeds/evil_manoIT.xml HTTP/1.1" 200 306385 "-" "Python-urllib/3.11"
77.79.248.229 - - [14/Apr/2025:10:58:39 +0200] "GET /Jurek/hdwr/feeds/hdwr_manoIT.xml HTTP/1.1" 200 789399 "-" "Python-urllib/3.11"
77.79.248.229 - - [14/Apr/2025:10:58:39 +0200] "GET /Jurek/lampart/feeds/lampart_manoIT.xml HTTP/1.1" 200 936038 "-" "Python-urllib/3.11"
77.79.248.229 - - [14/Apr/2025:10:58:39 +0200] "GET /Jurek/nonabox/feeds/nonabox_manoIT.xml HTTP/1.1" 200 33867 "-" "Python-urllib/3.11"
77.79.248.229 - - [14/Apr/2025:10:58:39 +0200] "GET /Jurek/smxdesign/feeds/smxdesign_manoIT.xml HTTP/1.1" 200 1829044 "-" "Python-urllib/3.11"
77.79.248.229 - - [14/Apr/2025:10:58:39 +0200] "GET /Jurek/techrebalina/feeds/techrebalina_manoIT.xml HTTP/1.1" 200 2011225 "-" "Python-urllib/3.11"
77.79.248.229 - - [14/Apr/2025:10:58:39 +0200] "GET /Jurek/omi/feeds/omi_manoIT.xml HTTP/1.1" 200 8105536 "-" "Python-urllib/3.11"
77.79.248.229 - - [14/Apr/2025:10:58:39 +0200] "GET /Jurek/tsjerzy/feeds/tsjerzy_manoIT.xml HTTP/1.1" 200 3897844 "-" "Python-urllib/3.11"
77.79.248.229 - - [14/Apr/2025:10:58:39 +0200] "GET /Jurek/narzbud/feeds/narzbud_manoIT.xml HTTP/1.1" 200 1901214 "-" "Python-urllib/3.11"
77.79.248.229 - - [14/Apr/2025:10:58:40 +0200] "GET /Jurek/makow/feeds/makow_manoIT.xml HTTP/1.1" 200 21203756 "-" "Python-urllib/3.11"
77.79.248.229 - - [14/Apr/2025:10:58:40 +0200] "GET /Jurek/jankeski/feeds/jankeski_manoIT.xml HTTP/1.1" 200 6570867 "-" "Python-urllib/3.11"
77.79.248.229 - - [14/Apr/2025:10:58:40 +0200] "GET /Jurek/gandalf/feeds/gandalf_manoIT.xml HTTP/1.1" 200 1082528 "-" "Python-urllib/3.11"
77.79.248.229 - - [14/Apr/2025:10:58:40 +0200] "GET /Jurek/cenoman/feeds/cenoman_manoIT.xml HTTP/1.1" 200 5993209 "-" "Python-urllib/3.11"
77.79.248.229 - - [14/Apr/2025:10:58:40 +0200] "GET /Jurek/zenex/feeds/zenex_manoIT.xml HTTP/1.1" 200 540179 "-" "Python-urllib/3.11"
77.79.248.229 - - [14/Apr/2025:10:58:40 +0200] "GET /Jurek/andex/feeds/andex_manoIT.xml HTTP/1.1" 200 1953433 "-" "Python-urllib/3.11"
77.79.248.229 - - [14/Apr/2025:10:58:40 +0200] "GET /Jurek/sebmart/feeds/sebmart_manoIT.xml HTTP/1.1" 200 1598744 "-" "Python-urllib/3.11"
77.79.248.229 - - [14/Apr/2025:10:58:40 +0200] "GET /Jurek/benetech/feeds/benetech_manoit.xml HTTP/1.1" 200 4165316 "-" "Python-urllib/3.11"
77.79.248.229 - - [14/Apr/2025:10:58:40 +0200] "GET /Jurek/dekoele/feeds/dekoele_manomanoIT.xml HTTP/1.1" 200 733934 "-" "Python-urllib/3.11"
77.79.248.229 - - [14/Apr/2025:10:58:41 +0200] "GET /Jurek/kalama/feeds/kalama_manoIT.xml HTTP/1.1" 200 2661615 "-" "Python-urllib/3.11"
77.79.248.229 - - [14/Apr/2025:10:58:41 +0200] "GET /Jurek/mojeledy/feeds/mojeledy_manoIT.xml HTTP/1.1" 200 1018447 "-" "Python-urllib/3.11"
77.79.248.229 - - [14/Apr/2025:10:58:41 +0200] "GET /Jurek/rovato/feeds/rovato_manoIT.xml HTTP/1.1" 200 180833 "-" "Python-urllib/3.11"
77.79.248.229 - - [14/Apr/2025:10:58:41 +0200] "GET /Jurek/stiv/feeds/stiv_manoIT.xml HTTP/1.1" 200 2056828 "-" "Python-urllib/3.11"
77.79.248.229 - - [14/Apr/2025:10:58:42 +0200] "GET /Jurek/piotrmiedz/feeds/piotrmiedz_manoIT.xml HTTP/1.1" 200 91038179 "-" "Python-urllib/3.11"
77.79.248.229 - - [14/Apr/2025:10:58:42 +0200] "GET /Jurek/pawonik/feeds/pawonik_manoIT.xml HTTP/1.1" 200 2138419 "-" "Python-urllib/3.11"
77.79.248.229 - - [14/Apr/2025:10:58:42 +0200] "GET /Jurek/alucon/feeds/alucon_manoIT.xml HTTP/1.1" 200 553576 "-" "Python-urllib/3.11"
77.79.248.229 - - [14/Apr/2025:10:58:42 +0200] "GET /Jurek/sovapl/feeds/sovapl_manoIT.xml HTTP/1.1" 200 8999870 "-" "Python-urllib/3.11"
77.79.248.229 - - [14/Apr/2025:10:58:42 +0200] "GET /Jurek/missionair/feeds/missionair_manoIT.xml HTTP/1.1" 200 3154897 "-" "Python-urllib/3.11"
77.79.248.229 - - [14/Apr/2025:10:58:46 +0200] "GET /Jurek/drewdon/feeds/drewdon_manomanoES.xml HTTP/1.1" 200 504447 "-" "Python-urllib/3.11"
77.79.248.229 - - [14/Apr/2025:10:58:46 +0200] "GET /Jurek/hurtownia_przemyslowa/feeds/hp_manomanoES.xml HTTP/1.1" 200 49362835 "-" "Python-urllib/3.11"
77.79.248.229 - - [14/Apr/2025:10:58:46 +0200] "GET /Jurek/kobi/feeds/kobi_manomanoES.xml HTTP/1.1" 200 1993274 "-" "Python-urllib/3.11"
77.79.248.229 - - [14/Apr/2025:10:58:47 +0200] "GET /Jurek/pupus/feeds/pupus_manomanoES.xml HTTP/1.1" 200 6154412 "-" "Python-urllib/3.11"
77.79.248.229 - - [14/Apr/2025:10:58:47 +0200] "GET /Jurek/reman/feeds/reman_manoamnoES.xml HTTP/1.1" 200 1394827 "-" "Python-urllib/3.11"
77.79.248.229 - - [14/Apr/2025:10:58:47 +0200] "GET /Jurek/artdog/feeds/artdog_manomanoES.xml HTTP/1.1" 200 17158799 "-" "Python-urllib/3.11"
77.79.248.229 - - [14/Apr/2025:10:58:47 +0200] "GET /Jurek/sartrix/feeds/sartrix_manomanoES.xml HTTP/1.1" 200 649178 "-" "Python-urllib/3.11"
77.79.248.229 - - [14/Apr/2025:10:58:47 +0200] "GET /Jurek/hlo/feeds/hlo_manomanoES.xml HTTP/1.1" 200 4838614 "-" "Python-urllib/3.11"
77.79.248.229 - - [14/Apr/2025:10:58:47 +0200] "GET /Jurek/drops/feeds/dropsofficecolection_manoES.xml HTTP/1.1" 200 790633 "-" "Python-urllib/3.11"
77.79.248.229 - - [14/Apr/2025:10:58:48 +0200] "GET /Jurek/szpaklampy/feeds/szpaklampy_manoES.xml HTTP/1.1" 200 388208 "-" "Python-urllib/3.11"
77.79.248.229 - - [14/Apr/2025:10:58:48 +0200] "GET /Jurek/hurtmeblowy/feeds/hurtmeblowy_ManoES.xml HTTP/1.1" 200 8493859 "-" "Python-urllib/3.11"
77.79.248.229 - - [14/Apr/2025:10:58:48 +0200] "GET /Jurek/aiofactory/feeds/aiofactory_manomanoES.xml HTTP/1.1" 200 2123795 "-" "Python-urllib/3.11"
77.79.248.229 - - [14/Apr/2025:10:58:48 +0200] "GET /Jurek/topeshop/feeds/topeshop_manoES.xml HTTP/1.1" 200 2633188 "-" "Python-urllib/3.11"
77.79.248.229 - - [14/Apr/2025:10:58:48 +0200] "GET /Jurek/kristronik/feeds/kristronik_manoES.xml HTTP/1.1" 200 691973 "-" "Python-urllib/3.11"
77.79.248.229 - - [14/Apr/2025:10:58:48 +0200] "GET /Jurek/techrebal/feeds/techrebal_manoES.xml HTTP/1.1" 200 1989745 "-" "Python-urllib/3.11"
77.79.248.229 - - [14/Apr/2025:10:58:48 +0200] "GET /Jurek/proparts/feeds/proparts_manoES.xml HTTP/1.1" 200 707500 "-" "Python-urllib/3.11"
77.79.248.229 - - [14/Apr/2025:10:58:49 +0200] "GET /Jurek/rosfix/feeds/rosfix_manoES.xml HTTP/1.1" 200 35769633 "-" "Python-urllib/3.11"
77.79.248.229 - - [14/Apr/2025:10:58:49 +0200] "GET /Jurek/matkam/feeds/matkam_manoES.xml HTTP/1.1" 200 5000761 "-" "Python-urllib/3.11"
77.79.248.229 - - [14/Apr/2025:10:58:49 +0200] "GET /Jurek/hanex/feeds/hanex_manoES.xml HTTP/1.1" 200 13931589 "-" "Python-urllib/3.11"
77.79.248.229 - - [14/Apr/2025:10:58:49 +0200] "GET /Jurek/broers/feeds/broers_manoES.xml HTTP/1.1" 200 1982642 "-" "Python-urllib/3.11"
77.79.248.229 - - [14/Apr/2025:10:58:49 +0200] "GET /Jurek/em3/feeds/em3_manoES.xml HTTP/1.1" 200 258928 "-" "Python-urllib/3.11"
77.79.248.229 - - [14/Apr/2025:10:58:49 +0200] "GET /Jurek/pagmil/feeds/pagmil_manoES.xml HTTP/1.1" 200 1802832 "-" "Python-urllib/3.11"
77.79.248.229 - - [14/Apr/2025:10:58:49 +0200] "GET /Jurek/evil/feeds/evil_manoES.xml HTTP/1.1" 200 306378 "-" "Python-urllib/3.11"
77.79.248.229 - - [14/Apr/2025:10:58:49 +0200] "GET /Jurek/hdwr/feeds/hdwr_manoES.xml HTTP/1.1" 200 789408 "-" "Python-urllib/3.11"
77.79.248.229 - - [14/Apr/2025:10:58:50 +0200] "GET /Jurek/lampart/feeds/lampart_manoES.xml HTTP/1.1" 200 936045 "-" "Python-urllib/3.11"
77.79.248.229 - - [14/Apr/2025:10:58:50 +0200] "GET /Jurek/nonabox/feeds/nonabox_manoES.xml HTTP/1.1" 200 33863 "-" "Python-urllib/3.11"
77.79.248.229 - - [14/Apr/2025:10:58:50 +0200] "GET /Jurek/smxdesign/feeds/smxdesign_manoES.xml HTTP/1.1" 200 1829040 "-" "Python-urllib/3.11"
77.79.248.229 - - [14/Apr/2025:10:58:50 +0200] "GET /Jurek/techrebalina/feeds/techrebalina_manoES.xml HTTP/1.1" 200 2011223 "-" "Python-urllib/3.11"
77.79.248.229 - - [14/Apr/2025:10:58:50 +0200] "GET /Jurek/cdata/feeds/cdata_manoES.xml HTTP/1.1" 200 1445119 "-" "Python-urllib/3.11"
77.79.248.229 - - [14/Apr/2025:10:58:50 +0200] "GET /Jurek/omi/feeds/omi_manoES.xml HTTP/1.1" 200 8105518 "-" "Python-urllib/3.11"
77.79.248.229 - - [14/Apr/2025:10:58:50 +0200] "GET /Jurek/tsjerzy/feeds/tsjerzy_manoES.xml HTTP/1.1" 200 3897764 "-" "Python-urllib/3.11"
77.79.248.229 - - [14/Apr/2025:10:58:50 +0200] "GET /Jurek/narzbud/feeds/narzbud_manoES.xml HTTP/1.1" 200 1901235 "-" "Python-urllib/3.11"
77.79.248.229 - - [14/Apr/2025:10:58:51 +0200] "GET /Jurek/makow/feeds/makow_manoES.xml HTTP/1.1" 200 21203580 "-" "Python-urllib/3.11"
77.79.248.229 - - [14/Apr/2025:10:58:51 +0200] "GET /Jurek/jankeski/feeds/jankeski_manoES.xml HTTP/1.1" 200 6571044 "-" "Python-urllib/3.11"
77.79.248.229 - - [14/Apr/2025:10:58:51 +0200] "GET /Jurek/gandalf/feeds/gandalf_manoES.xml HTTP/1.1" 200 1082538 "-" "Python-urllib/3.11"
77.79.248.229 - - [14/Apr/2025:10:58:51 +0200] "GET /Jurek/cenoman/feeds/cenoman_manoES.xml HTTP/1.1" 200 5993217 "-" "Python-urllib/3.11"
77.79.248.229 - - [14/Apr/2025:10:58:51 +0200] "GET /Jurek/zenex/feeds/zenex_manoES.xml HTTP/1.1" 200 540163 "-" "Python-urllib/3.11"
77.79.248.229 - - [14/Apr/2025:10:58:51 +0200] "GET /Jurek/andex/feeds/andex_manoES.xml HTTP/1.1" 200 1953441 "-" "Python-urllib/3.11"
77.79.248.229 - - [14/Apr/2025:10:58:51 +0200] "GET /Jurek/sebmart/feeds/sebmart_manoES.xml HTTP/1.1" 200 1598721 "-" "Python-urllib/3.11"
77.79.248.229 - - [14/Apr/2025:10:58:51 +0200] "GET /Jurek/benetech/feeds/benetech_manoes.xml HTTP/1.1" 200 4165320 "-" "Python-urllib/3.11"
77.79.248.229 - - [14/Apr/2025:10:58:52 +0200] "GET /Jurek/dekoele/feeds/dekoele_manomanoES.xml HTTP/1.1" 200 733939 "-" "Python-urllib/3.11"
77.79.248.229 - - [14/Apr/2025:10:58:52 +0200] "GET /Jurek/kalama/feeds/kalama_manoES.xml HTTP/1.1" 200 2661627 "-" "Python-urllib/3.11"
77.79.248.229 - - [14/Apr/2025:10:58:52 +0200] "GET /Jurek/mojeledy/feeds/mojeledy_manoES.xml HTTP/1.1" 200 1018439 "-" "Python-urllib/3.11"
77.79.248.229 - - [14/Apr/2025:10:58:52 +0200] "GET /Jurek/rovato/feeds/rovato_manoES.xml HTTP/1.1" 200 180834 "-" "Python-urllib/3.11"
77.79.248.229 - - [14/Apr/2025:10:58:52 +0200] "GET /Jurek/stiv/feeds/stiv_manoES.xml HTTP/1.1" 200 2056865 "-" "Python-urllib/3.11"
77.79.248.229 - - [14/Apr/2025:10:58:53 +0200] "GET /Jurek/piotrmiedz/feeds/piotrmiedz_manoES.xml HTTP/1.1" 200 91042998 "-" "Python-urllib/3.11"
77.79.248.229 - - [14/Apr/2025:10:58:53 +0200] "GET /Jurek/pawonik/feeds/pawonik_manoES.xml HTTP/1.1" 200 2138425 "-" "Python-urllib/3.11"
77.79.248.229 - - [14/Apr/2025:10:58:53 +0200] "GET /Jurek/alucon/feeds/alucon_manoES.xml HTTP/1.1" 200 553577 "-" "Python-urllib/3.11"
77.79.248.229 - - [14/Apr/2025:10:58:53 +0200] "GET /Jurek/sovapl/feeds/sovapl_manoES.xml HTTP/1.1" 200 9000034 "-" "Python-urllib/3.11"
51.77.52.107 - - [14/Apr/2025:10:58:53 +0200] "GET /Jurek/eurofirany/images/468073/0.jpg HTTP/2.0" 200 159939 "-" "baselinker"
77.79.248.229 - - [14/Apr/2025:10:58:53 +0200] "GET /Jurek/missionair/feeds/missionair_manoES.xml HTTP/1.1" 200 3154895 "-" "Python-urllib/3.11"
51.77.52.107 - - [14/Apr/2025:10:58:59 +0200] "GET /Jurek/eurofirany/images/468073/0.jpg HTTP/2.0" 200 159939 "-" "baselinker"
51.77.52.107 - - [14/Apr/2025:10:59:04 +0200] "GET /Jurek/eurofirany/images/468073/0.jpg HTTP/2.0" 200 159939 "-" "baselinker"
51.77.52.107 - - [14/Apr/2025:10:59:11 +0200] "GET /Jurek/eurofirany/images/468074/0.jpg HTTP/2.0" 200 159939 "-" "baselinker"
51.77.52.107 - - [14/Apr/2025:10:59:18 +0200] "GET /Jurek/eurofirany/images/468074/0.jpg HTTP/2.0" 200 159939 "-" "baselinker"
51.77.52.107 - - [14/Apr/2025:10:59:20 +0200] "GET /Jurek/eurofirany/images/468074/0.jpg HTTP/2.0" 200 159939 "-" "baselinker"
51.77.52.107 - - [14/Apr/2025:10:59:25 +0200] "GET /Jurek/eurofirany/images/468212/0.jpg HTTP/2.0" 200 88144 "-" "baselinker"
5.134.208.158 - - [14/Apr/2025:10:59:25 +0200] "GET /Jurek/eurofirany/images/420925/0.jpg HTTP/1.1" 200 73821 "-" "-"
5.134.208.158 - - [14/Apr/2025:10:59:25 +0200] "GET /Jurek/eurofirany/images/459353/0.jpg HTTP/1.1" 200 71214 "-" "-"
5.134.208.158 - - [14/Apr/2025:10:59:26 +0200] "GET /Jurek/eurofirany/images/460577/0.jpg HTTP/1.1" 200 129302 "-" "-"
5.134.208.158 - - [14/Apr/2025:10:59:27 +0200] "GET /Jurek/eurofirany/images/460578/0.jpg HTTP/1.1" 200 143351 "-" "-"
5.134.208.158 - - [14/Apr/2025:10:59:28 +0200] "GET /Jurek/eurofirany/images/460591/0.jpg HTTP/1.1" 200 147348 "-" "-"
69.171.231.3 - - [14/Apr/2025:10:59:34 +0200] "GET /robots.txt HTTP/1.1" 404 3551 "-" "facebookexternalhit/1.1 (+http://www.facebook.com/externalhit_uatext.php)"
57.141.0.4 - - [14/Apr/2025:10:59:35 +0200] "GET /converted/areto-drop-stocks.xml HTTP/1.1" 200 3361 "-" "meta-externalagent/1.1 (+https://developers.facebook.com/docs/sharing/webmasters/crawler)"
51.77.52.107 - - [14/Apr/2025:10:59:40 +0200] "GET /Jurek/eurofirany/images/468212/0.jpg HTTP/2.0" 200 88144 "-" "baselinker"
66.249.64.167 - - [14/Apr/2025:10:59:41 +0200] "GET /Jurek/eurofirany/images/409912/1.jpg HTTP/1.1" 200 119225 "-" "Googlebot-Image/1.0"
69.171.231.10 - - [14/Apr/2025:10:59:44 +0200] "GET /robots.txt HTTP/1.1" 404 3551 "-" "facebookexternalhit/1.1 (+http://www.facebook.com/externalhit_uatext.php)"
51.77.52.107 - - [14/Apr/2025:10:59:45 +0200] "GET /Jurek/eurofirany/images/468212/0.jpg HTTP/2.0" 200 88144 "-" "baselinker"
57.141.0.30 - - [14/Apr/2025:10:59:45 +0200] "GET /Kacper/olzaconvert.py HTTP/1.1" 200 989 "-" "meta-externalagent/1.1 (+https://developers.facebook.com/docs/sharing/webmasters/crawler)"
51.77.52.107 - - [14/Apr/2025:10:59:54 +0200] "GET /Jurek/eurofirany/images/468214/0.jpg HTTP/2.0" 200 88144 "-" "baselinker"
51.77.52.107 - - [14/Apr/2025:10:59:58 +0200] "GET /Jurek/eurofirany/images/468214/0.jpg HTTP/2.0" 200 88144 "-" "baselinker"
164.92.232.189 - - [14/Apr/2025:11:00:01 +0200] "GET /subskrypcje/AMD/feeds/amd_cz.xml HTTP/1.1" 200 518486 "-" "-"
89.161.206.59 - - [14/Apr/2025:11:00:03 +0200] "GET /Jurek/eurofryz3/feeds/eurofryz3_skroutz.xml HTTP/1.0" 200 172218 "-" "-"
51.77.52.107 - - [14/Apr/2025:11:00:07 +0200] "GET /Jurek/eurofirany/images/468214/0.jpg HTTP/2.0" 200 88144 "-" "baselinker"
89.161.206.59 - - [14/Apr/2025:11:00:20 +0200] "GET /Jurek/dekornatort/feeds/dekornatort_skroutz.xml HTTP/1.0" 200 225734 "-" "-"
89.161.206.59 - - [14/Apr/2025:11:00:21 +0200] "GET /Jurek/lendo/feeds/lendo_skroutz.xml HTTP/1.0" 200 330391 "-" "-"
164.92.232.189 - - [14/Apr/2025:11:00:21 +0200] "GET /subskrypcje/AMD/feeds/amd_sk.xml HTTP/1.1" 200 528562 "-" "-"
89.161.206.59 - - [14/Apr/2025:11:00:21 +0200] "GET /Jurek/cbdgreen/feeds/cbdgreen_skroutz.xml HTTP/1.0" 200 30343 "-" "-"
164.92.232.189 - - [14/Apr/2025:11:00:22 +0200] "GET /subskrypcje/OverHorse/overhorse_mallcz.xml HTTP/1.1" 200 112935 "-" "-"
89.161.206.59 - - [14/Apr/2025:11:00:22 +0200] "GET /Jurek/eurofryz2/feeds/eurofryz2_skroutz.xml HTTP/1.0" 200 1376719 "-" "-"
89.161.206.59 - - [14/Apr/2025:11:00:23 +0200] "GET /Jurek/nexus/feeds/nexus_skroutz.xml HTTP/1.0" 200 226644 "-" "-"
89.161.206.59 - - [14/Apr/2025:11:00:23 +0200] "GET /Jurek/alucon/feeds/alucon_skroutz.xml HTTP/1.0" 200 553580 "-" "-"
51.77.52.107 - - [14/Apr/2025:11:00:23 +0200] "GET /Jurek/eurofirany/images/468217/0.jpg HTTP/2.0" 200 88144 "-" "baselinker"
164.92.232.189 - - [14/Apr/2025:11:00:32 +0200] "GET /subskrypcje/mondex/feeds/mondex_mall_cz.xml HTTP/1.1" 200 2203515 "-" "-"
57.141.0.2 - - [14/Apr/2025:11:00:32 +0200] "GET /marketplaces/shoppster_orders/main.py HTTP/1.1" 200 8286 "-" "meta-externalagent/1.1 (+https://developers.facebook.com/docs/sharing/webmasters/crawler)"
51.77.52.107 - - [14/Apr/2025:11:00:42 +0200] "GET /Jurek/eurofirany/images/468217/0.jpg HTTP/2.0" 200 88144 "-" "baselinker"
89.161.206.59 - - [14/Apr/2025:11:00:44 +0200] "GET /Jurek/playcob/feeds/playcob_skroutz.xml HTTP/1.0" 200 6980185 "-" "-"
51.77.52.107 - - [14/Apr/2025:11:00:49 +0200] "GET /Jurek/eurofirany/images/468217/0.jpg HTTP/2.0" 200 88144 "-" "baselinker"
51.77.52.107 - - [14/Apr/2025:11:00:54 +0200] "GET /Jurek/eurofirany/images/468213/0.jpg HTTP/2.0" 200 68201 "-" "baselinker"
89.161.206.59 - - [14/Apr/2025:11:01:11 +0200] "GET /Jurek/aiofactory/feeds/aiofactory_skroutz.xml HTTP/1.0" 200 1876561 "-" "-"
51.77.52.107 - - [14/Apr/2025:11:01:15 +0200] "GET /Jurek/eurofirany/images/468213/0.jpg HTTP/2.0" 200 68201 "-" "baselinker"
5.134.208.158 - - [14/Apr/2025:11:01:18 +0200] "GET /Jurek/eurofirany/images/460814/0.jpg HTTP/1.1" 206 256 "https://www.ceneo.pl" "Mozilla/5.0 (Windows NT 10.0; Win64; x64) AppleWebKit/537.36 (KHTML, like Gecko) Chrome/87.0.4280.141 Safari/537.36"
5.134.208.158 - - [14/Apr/2025:11:01:18 +0200] "GET /Jurek/eurofirany/images/460814/1.jpg HTTP/1.1" 206 256 "https://www.ceneo.pl" "Mozilla/5.0 (Windows NT 10.0; Win64; x64) AppleWebKit/537.36 (KHTML, like Gecko) Chrome/87.0.4280.141 Safari/537.36"
66.249.64.167 - - [14/Apr/2025:11:01:21 +0200] "GET /Jurek/eurofirany/images/422324/6.jpg HTTP/1.1" 200 153203 "-" "Googlebot-Image/1.0"
89.161.206.59 - - [14/Apr/2025:11:01:24 +0200] "GET /Jurek/smxdesign/feeds/smxdesign_skroutz.xml HTTP/1.0" 200 1829037 "-" "-"
52.209.168.113 - - [14/Apr/2025:11:01:26 +0200] "GET /marketplaces/ubaldi/results/ubaldi.csv HTTP/1.1" 200 114451 "-" "Mirakl HttpClient"
89.161.206.59 - - [14/Apr/2025:11:01:26 +0200] "GET /Jurek/proparts/feeds/proparts_skroutz.xml HTTP/1.0" 200 707484 "-" "-"
89.161.206.59 - - [14/Apr/2025:11:01:32 +0200] "GET /Jurek/kristronik/feeds/kristronik_skroutz.xml HTTP/1.0" 200 691971 "-" "-"
51.77.52.107 - - [14/Apr/2025:11:01:33 +0200] "GET /Jurek/eurofirany/images/468213/0.jpg HTTP/2.0" 200 68201 "-" "baselinker"
89.161.206.59 - - [14/Apr/2025:11:01:34 +0200] "GET /Jurek/matkam/feeds/matkam_skroutz.xml HTTP/1.0" 200 4425973 "-" "-"
89.161.206.59 - - [14/Apr/2025:11:01:35 +0200] "GET /Jurek/roger/feeds/roger_amazonde.xml HTTP/1.0" 200 1396570 "-" "-"
89.161.206.59 - - [14/Apr/2025:11:01:37 +0200] "GET /Jurek/kinghoff/feeds/kinghoff_SkroutzGR.xml HTTP/1.0" 200 15515292 "-" "-"
89.161.206.59 - - [14/Apr/2025:11:01:39 +0200] "GET /Jurek/galopibhp/feeds/galopibhp_skroutz.xml HTTP/1.0" 200 1972865 "-" "-"
51.77.52.107 - - [14/Apr/2025:11:01:53 +0200] "GET /Jurek/eurofirany/images/468216/0.jpg HTTP/2.0" 200 68201 "-" "baselinker"
52.17.80.36 - - [14/Apr/2025:11:01:58 +0200] "GET /marketplaces/rue/results/rue.csv HTTP/1.1" 200 147219 "-" "Mirakl HttpClient"
178.21.154.6 - - [14/Apr/2025:11:01:59 +0200] "GET /Jurek/eurofirany/images/460768/0.jpg HTTP/1.1" 200 92097 "-" "-"
178.21.154.6 - - [14/Apr/2025:11:02:00 +0200] "GET /Jurek/eurofirany/images/463386/0.jpg HTTP/1.1" 200 153957 "-" "-"
178.21.154.6 - - [14/Apr/2025:11:02:00 +0200] "GET /Jurek/eurofirany/images/464107/0.jpg HTTP/1.1" 200 162350 "-" "-"
85.232.241.194 - - [14/Apr/2025:11:02:02 +0200] "GET /Jurek/kobi/feeds/kobi_vente_fr.xml HTTP/1.1" 200 942998 "-" "Python-urllib/3.11"
85.232.241.194 - - [14/Apr/2025:11:02:03 +0200] "GET /Jurek/topeshop/feeds/topeshop_vente_fr.xml HTTP/1.1" 200 2633139 "-" "Python-urllib/3.11"
85.232.241.194 - - [14/Apr/2025:11:02:03 +0200] "GET /Jurek/fernity/feeds/fernity_vente_fr.xml HTTP/1.1" 200 3284488 "-" "Python-urllib/3.11"
85.232.241.194 - - [14/Apr/2025:11:02:03 +0200] "GET /Jurek/kinghome/feeds/kinghome_vente_fr.xml HTTP/1.1" 200 5672818 "-" "Python-urllib/3.11"
85.232.241.194 - - [14/Apr/2025:11:02:03 +0200] "GET /Jurek/emibig/feeds/emibig_vente_fr.xml HTTP/1.1" 200 2522309 "-" "Python-urllib/3.11"
85.232.241.194 - - [14/Apr/2025:11:02:03 +0200] "GET /Jurek/b3/feeds/b3_vente_fr.xml HTTP/1.1" 200 8029795 "-" "Python-urllib/3.11"
85.232.241.194 - - [14/Apr/2025:11:02:04 +0200] "GET /Jurek/aw/feeds/aw_vente_fr.xml HTTP/1.1" 200 90547932 "-" "Python-urllib/3.11"
89.161.206.59 - - [14/Apr/2025:11:02:04 +0200] "GET /Jurek/techrebalina/feeds/techrebalina_skroutz.xml HTTP/1.0" 200 2011201 "-" "-"
89.161.206.59 - - [14/Apr/2025:11:02:04 +0200] "GET /Jurek/techrebal/feeds/techrebal_skroutz.xml HTTP/1.0" 200 1989733 "-" "-"
85.232.241.194 - - [14/Apr/2025:11:02:06 +0200] "GET /Jurek/asortymenteu/feeds/asortymenteu_vente_fr.xml HTTP/1.1" 200 2764551 "-" "Python-urllib/3.11"
85.232.241.194 - - [14/Apr/2025:11:02:06 +0200] "GET /Jurek/hurtownia_przemyslowa/feeds/hp_vente_fr.xml HTTP/1.1" 200 49362447 "-" "Python-urllib/3.11"
89.161.206.59 - - [14/Apr/2025:11:02:08 +0200] "GET /Jurek/nonabox/feeds/nonabox_skroutz.xml HTTP/1.0" 200 33865 "-" "-"
89.161.206.59 - - [14/Apr/2025:11:02:10 +0200] "GET /Jurek/omi/feeds/omi_skroutz.xml HTTP/1.0" 200 8105533 "-" "-"
51.77.52.107 - - [14/Apr/2025:11:02:10 +0200] "GET /Jurek/eurofirany/images/468216/0.jpg HTTP/2.0" 200 68201 "-" "baselinker"
51.77.52.107 - - [14/Apr/2025:11:02:16 +0200] "GET /Jurek/eurofirany/images/468216/0.jpg HTTP/2.0" 200 68201 "-" "baselinker"
85.232.241.194 - - [14/Apr/2025:11:02:21 +0200] "GET /Jurek/kobi/feeds/kobi_vente_be.xml HTTP/1.1" 200 942965 "-" "Python-urllib/3.11"
85.232.241.194 - - [14/Apr/2025:11:02:22 +0200] "GET /Jurek/topeshop/feeds/topeshop_vente_be.xml HTTP/1.1" 200 2633170 "-" "Python-urllib/3.11"
85.232.241.194 - - [14/Apr/2025:11:02:22 +0200] "GET /Jurek/fernity/feeds/fernity_vente_be.xml HTTP/1.1" 200 3284308 "-" "Python-urllib/3.11"
85.232.241.194 - - [14/Apr/2025:11:02:22 +0200] "GET /Jurek/kinghome/feeds/kinghome_vente_be.xml HTTP/1.1" 200 5672725 "-" "Python-urllib/3.11"
85.232.241.194 - - [14/Apr/2025:11:02:22 +0200] "GET /Jurek/emibig/feeds/emibig_vente_be.xml HTTP/1.1" 200 2522209 "-" "Python-urllib/3.11"
85.232.241.194 - - [14/Apr/2025:11:02:22 +0200] "GET /Jurek/b3/feeds/b3_vente_be.xml HTTP/1.1" 200 8029764 "-" "Python-urllib/3.11"
85.232.241.194 - - [14/Apr/2025:11:02:22 +0200] "GET /Jurek/aw/feeds/aw_vente_be.xml HTTP/1.1" 200 90545957 "-" "Python-urllib/3.11"
88.220.33.218 - - [14/Apr/2025:11:02:23 +0200] "GET /Jurek/vida_morele/feeds/VidaPL_all.xml HTTP/2.0" 200 702212182 "-" "MarketplaceAPI curl/7.64.0 PHP/8"
85.232.241.194 - - [14/Apr/2025:11:02:24 +0200] "GET /Jurek/asortymenteu/feeds/asortymenteu_vente_be.xml HTTP/1.1" 200 2764539 "-" "Python-urllib/3.11"
85.232.241.194 - - [14/Apr/2025:11:02:24 +0200] "GET /Jurek/hurtownia_przemyslowa/feeds/hp_vente_be.xml HTTP/1.1" 200 49362436 "-" "Python-urllib/3.11"
57.141.0.5 - - [14/Apr/2025:11:02:30 +0200] "GET /olza_labels/?C=N;O=D HTTP/1.1" 200 488 "-" "meta-externalagent/1.1 (+https://developers.facebook.com/docs/sharing/webmasters/crawler)"
51.77.52.107 - - [14/Apr/2025:11:02:34 +0200] "GET /Jurek/eurofirany/images/468222/0.jpg HTTP/2.0" 200 68201 "-" "baselinker"
85.232.241.194 - - [14/Apr/2025:11:02:38 +0200] "GET /Jurek/kobi/feeds/kobi_vente_es.xml HTTP/1.1" 200 943035 "-" "Python-urllib/3.11"
85.232.241.194 - - [14/Apr/2025:11:02:38 +0200] "GET /Jurek/topeshop/feeds/topeshop_vente_es.xml HTTP/1.1" 200 2633167 "-" "Python-urllib/3.11"
85.232.241.194 - - [14/Apr/2025:11:02:38 +0200] "GET /Jurek/fernity/feeds/fernity_vente_es.xml HTTP/1.1" 200 3284482 "-" "Python-urllib/3.11"
85.232.241.194 - - [14/Apr/2025:11:02:39 +0200] "GET /Jurek/kinghome/feeds/kinghome_vente_es.xml HTTP/1.1" 200 5672836 "-" "Python-urllib/3.11"
85.232.241.194 - - [14/Apr/2025:11:02:39 +0200] "GET /Jurek/emibig/feeds/emibig_vente_es.xml HTTP/1.1" 200 2522554 "-" "Python-urllib/3.11"
85.232.241.194 - - [14/Apr/2025:11:02:39 +0200] "GET /Jurek/b3/feeds/b3_vente_es.xml HTTP/1.1" 200 8029910 "-" "Python-urllib/3.11"
85.232.241.194 - - [14/Apr/2025:11:02:39 +0200] "GET /Jurek/aw/feeds/aw_vente_es.xml HTTP/1.1" 200 90548879 "-" "Python-urllib/3.11"
85.232.241.194 - - [14/Apr/2025:11:02:41 +0200] "GET /Jurek/asortymenteu/feeds/asortymenteu_vente_es.xml HTTP/1.1" 200 2764566 "-" "Python-urllib/3.11"
85.232.241.194 - - [14/Apr/2025:11:02:41 +0200] "GET /Jurek/hurtownia_przemyslowa/feeds/hp_vente_es.xml HTTP/1.1" 200 49362822 "-" "Python-urllib/3.11"
89.161.206.59 - - [14/Apr/2025:11:02:44 +0200] "GET /Jurek/eoptimo/feeds/eoptimo_skroutz.xml HTTP/1.0" 200 2094337 "-" "-"
89.161.206.59 - - [14/Apr/2025:11:02:45 +0200] "GET /Jurek/broers/feeds/broers_skroutz.xml HTTP/1.0" 200 1982623 "-" "-"
51.77.52.107 - - [14/Apr/2025:11:02:46 +0200] "GET /Jurek/eurofirany/images/468222/0.jpg HTTP/2.0" 200 68201 "-" "baselinker"
85.232.241.194 - - [14/Apr/2025:11:02:55 +0200] "GET /Jurek/kobi/feeds/kobi_vente_it.xml HTTP/1.1" 200 943006 "-" "Python-urllib/3.11"
85.232.241.194 - - [14/Apr/2025:11:02:55 +0200] "GET /Jurek/topeshop/feeds/topeshop_vente_it.xml HTTP/1.1" 200 2633150 "-" "Python-urllib/3.11"
85.232.241.194 - - [14/Apr/2025:11:02:56 +0200] "GET /Jurek/fernity/feeds/fernity_vente_it.xml HTTP/1.1" 200 3284506 "-" "Python-urllib/3.11"
51.77.52.107 - - [14/Apr/2025:11:02:56 +0200] "GET /Jurek/eurofirany/images/468222/0.jpg HTTP/2.0" 200 68201 "-" "baselinker"
85.232.241.194 - - [14/Apr/2025:11:02:56 +0200] "GET /Jurek/kinghome/feeds/kinghome_vente_it.xml HTTP/1.1" 200 5672793 "-" "Python-urllib/3.11"
85.232.241.194 - - [14/Apr/2025:11:02:56 +0200] "GET /Jurek/emibig/feeds/emibig_vente_it.xml HTTP/1.1" 200 2522440 "-" "Python-urllib/3.11"
85.232.241.194 - - [14/Apr/2025:11:02:56 +0200] "GET /Jurek/b3/feeds/b3_vente_it.xml HTTP/1.1" 200 8029885 "-" "Python-urllib/3.11"
85.232.241.194 - - [14/Apr/2025:11:02:56 +0200] "GET /Jurek/aw/feeds/aw_vente_it.xml HTTP/1.1" 200 90548212 "-" "Python-urllib/3.11"
85.232.241.194 - - [14/Apr/2025:11:02:58 +0200] "GET /Jurek/asortymenteu/feeds/asortymenteu_vente_it.xml HTTP/1.1" 200 2764568 "-" "Python-urllib/3.11"
85.232.241.194 - - [14/Apr/2025:11:02:58 +0200] "GET /Jurek/hurtownia_przemyslowa/feeds/hp_vente_it.xml HTTP/1.1" 200 49362847 "-" "Python-urllib/3.11"
51.77.52.107 - - [14/Apr/2025:11:03:00 +0200] "GET /Jurek/eurofirany/images/468223/0.jpg HTTP/2.0" 200 87263 "-" "baselinker"
66.249.64.167 - - [14/Apr/2025:11:03:01 +0200] "GET /Jurek/topeshop/downloaded_images/5904507201876_KUBABIURKOANTRACYT.png HTTP/1.1" 404 3551 "-" "Googlebot-Image/1.0"
51.77.52.107 - - [14/Apr/2025:11:03:05 +0200] "GET /Jurek/eurofirany/images/468223/0.jpg HTTP/2.0" 200 87263 "-" "baselinker"
88.220.33.218 - - [14/Apr/2025:11:03:07 +0200] "GET /Jurek/kinghoff/feeds/kinghoff_morele.xml HTTP/2.0" 200 15516049 "-" "MarketplaceAPI curl/7.64.0 PHP/8"
89.161.206.59 - - [14/Apr/2025:11:03:10 +0200] "GET /Jurek/cenoman/feeds/cenoman_skroutz.xml HTTP/1.0" 200 5993170 "-" "-"
51.77.52.107 - - [14/Apr/2025:11:03:10 +0200] "GET /Jurek/eurofirany/images/468223/0.jpg HTTP/2.0" 200 87263 "-" "baselinker"
89.161.206.59 - - [14/Apr/2025:11:03:10 +0200] "GET /Jurek/em3/feeds/em3_skroutz.xml HTTP/1.0" 200 258921 "-" "-"
85.232.241.194 - - [14/Apr/2025:11:03:12 +0200] "GET /Jurek/kobi/feeds/kobi_vente_ne.xml HTTP/1.1" 200 943011 "-" "Python-urllib/3.11"
85.232.241.194 - - [14/Apr/2025:11:03:13 +0200] "GET /Jurek/topeshop/feeds/topeshop_vente_ne.xml HTTP/1.1" 200 2633147 "-" "Python-urllib/3.11"
85.232.241.194 - - [14/Apr/2025:11:03:13 +0200] "GET /Jurek/fernity/feeds/fernity_vente_ne.xml HTTP/1.1" 200 3284353 "-" "Python-urllib/3.11"
85.232.241.194 - - [14/Apr/2025:11:03:13 +0200] "GET /Jurek/kinghome/feeds/kinghome_vente_ne.xml HTTP/1.1" 200 5672731 "-" "Python-urllib/3.11"
85.232.241.194 - - [14/Apr/2025:11:03:13 +0200] "GET /Jurek/emibig/feeds/emibig_vente_ne.xml HTTP/1.1" 200 2522334 "-" "Python-urllib/3.11"
85.232.241.194 - - [14/Apr/2025:11:03:13 +0200] "GET /Jurek/b3/feeds/b3_vente_nl.xml HTTP/1.1" 200 8029695 "-" "Python-urllib/3.11"
85.232.241.194 - - [14/Apr/2025:11:03:13 +0200] "GET /Jurek/aw/feeds/aw_vente_nl.xml HTTP/1.1" 200 90546644 "-" "Python-urllib/3.11"
85.232.241.194 - - [14/Apr/2025:11:03:15 +0200] "GET /Jurek/asortymenteu/feeds/asortymenteu_vente_nl.xml HTTP/1.1" 200 2764526 "-" "Python-urllib/3.11"
85.232.241.194 - - [14/Apr/2025:11:03:15 +0200] "GET /Jurek/hurtownia_przemyslowa/feeds/hp_vente_nl.xml HTTP/1.1" 200 49362498 "-" "Python-urllib/3.11"
51.77.52.107 - - [14/Apr/2025:11:03:16 +0200] "GET /Jurek/eurofirany/images/468224/0.jpg HTTP/2.0" 200 87263 "-" "baselinker"
51.77.52.107 - - [14/Apr/2025:11:03:22 +0200] "GET /Jurek/eurofirany/images/468224/0.jpg HTTP/2.0" 200 87263 "-" "baselinker"
89.161.206.59 - - [14/Apr/2025:11:03:23 +0200] "GET /Jurek/zbimatyja/feeds/zbimatyja_skroutz.xml HTTP/1.0" 200 11670182 "-" "-"
89.161.206.59 - - [14/Apr/2025:11:03:24 +0200] "GET /Jurek/equalo/feeds/equalo_skroutz.xml HTTP/1.0" 200 98009 "-" "-"
89.161.206.59 - - [14/Apr/2025:11:03:24 +0200] "GET /Jurek/regis/feeds/regis_skroutz.xml HTTP/1.0" 200 82728 "-" "-"
89.161.206.59 - - [14/Apr/2025:11:03:25 +0200] "GET /Jurek/lampart/feeds/lampart_skroutz.xml HTTP/1.0" 200 936024 "-" "-"
57.141.0.20 - - [14/Apr/2025:11:03:26 +0200] "GET /Jurek/OLD/OLDnew_vida_mall/logs/?C=N;O=D HTTP/2.0" 200 478 "-" "meta-externalagent/1.1 (+https://developers.facebook.com/docs/sharing/webmasters/crawler)"
51.77.52.107 - - [14/Apr/2025:11:03:27 +0200] "GET /Jurek/eurofirany/images/468224/0.jpg HTTP/2.0" 200 87263 "-" "baselinker"
85.232.241.194 - - [14/Apr/2025:11:03:28 +0200] "GET /Jurek/kobi/feeds/kobi_vente_de.xml HTTP/1.1" 200 943017 "-" "Python-urllib/3.11"
85.232.241.194 - - [14/Apr/2025:11:03:28 +0200] "GET /Jurek/topeshop/feeds/topeshop_vente_de.xml HTTP/1.1" 200 2633067 "-" "Python-urllib/3.11"
85.232.241.194 - - [14/Apr/2025:11:03:28 +0200] "GET /Jurek/fernity/feeds/fernity_vente_de.xml HTTP/1.1" 200 3284327 "-" "Python-urllib/3.11"
85.232.241.194 - - [14/Apr/2025:11:03:28 +0200] "GET /Jurek/kinghome/feeds/kinghome_vente_de.xml HTTP/1.1" 200 5672598 "-" "Python-urllib/3.11"
85.232.241.194 - - [14/Apr/2025:11:03:29 +0200] "GET /Jurek/emibig/feeds/emibig_vente_de.xml HTTP/1.1" 200 2522227 "-" "Python-urllib/3.11"
85.232.241.194 - - [14/Apr/2025:11:03:29 +0200] "GET /Jurek/b3/feeds/b3_vente_de.xml HTTP/1.1" 200 8029631 "-" "Python-urllib/3.11"
85.232.241.194 - - [14/Apr/2025:11:03:29 +0200] "GET /Jurek/aw/feeds/aw_vente_de.xml HTTP/1.1" 200 90545777 "-" "Python-urllib/3.11"
85.232.241.194 - - [14/Apr/2025:11:03:31 +0200] "GET /Jurek/asortymenteu/feeds/asortymenteu_vente_de.xml HTTP/1.1" 200 2764554 "-" "Python-urllib/3.11"
85.232.241.194 - - [14/Apr/2025:11:03:31 +0200] "GET /Jurek/hurtownia_przemyslowa/feeds/hp_vente_de.xml HTTP/1.1" 200 49362651 "-" "Python-urllib/3.11"
51.77.52.107 - - [14/Apr/2025:11:03:31 +0200] "GET /Jurek/eurofirany/images/468225/0.jpg HTTP/2.0" 200 87263 "-" "baselinker"
51.77.52.107 - - [14/Apr/2025:11:03:49 +0200] "GET /Jurek/eurofirany/images/468225/0.jpg HTTP/2.0" 200 87263 "-" "baselinker"
51.77.52.107 - - [14/Apr/2025:11:03:54 +0200] "GET /Jurek/eurofirany/images/468225/0.jpg HTTP/2.0" 200 87263 "-" "baselinker"
51.77.52.107 - - [14/Apr/2025:11:03:58 +0200] "GET /Jurek/eurofirany/images/468226/0.jpg HTTP/2.0" 200 85877 "-" "baselinker"
51.77.52.107 - - [14/Apr/2025:11:04:03 +0200] "GET /Jurek/eurofirany/images/468226/0.jpg HTTP/2.0" 200 85877 "-" "baselinker"
89.161.206.59 - - [14/Apr/2025:11:04:05 +0200] "GET /Jurek/asortymenteu/feeds/asortymenteu_skroutz_great.xml HTTP/1.0" 200 2775233 "-" "-"
88.220.33.218 - - [14/Apr/2025:11:04:38 +0200] "GET /Jurek/eurofirany/feeds/eurofirany_morele.xml HTTP/2.0" 200 19319146 "-" "MarketplaceAPI curl/7.64.0 PHP/8"
66.249.64.167 - - [14/Apr/2025:11:04:41 +0200] "GET /Jurek/eurofirany/images/404489/1.jpg HTTP/1.1" 200 68851 "-" "Googlebot-Image/1.0"
88.220.33.218 - - [14/Apr/2025:11:04:43 +0200] "GET /Jurek/vivaldi/feeds/vivaldi_Morele-PL.xml HTTP/2.0" 200 344674 "-" "MarketplaceAPI curl/7.64.0 PHP/8"
51.77.52.107 - - [14/Apr/2025:11:04:46 +0200] "GET /Jurek/eurofirany/images/468226/0.jpg HTTP/2.0" 200 85877 "-" "baselinker"
51.77.52.107 - - [14/Apr/2025:11:05:03 +0200] "GET /Jurek/eurofirany/images/468227/0.jpg HTTP/2.0" 200 85877 "-" "baselinker"
51.77.52.107 - - [14/Apr/2025:11:05:21 +0200] "GET /Jurek/eurofirany/images/468227/0.jpg HTTP/2.0" 200 85877 "-" "baselinker"
18.157.125.26 - - [14/Apr/2025:11:05:22 +0200] "GET /Jurek/topeshop/downloaded_images/5904507207151_Marina_mijas_Bry%C5%82a_lewy_222.jpg HTTP/2.0" 200 44440 "-" "Mozilla/5.0 (Windows NT 10.0; Win64; x64) AppleWebKit/537.36 (KHTML, like Gecko) Chrome/109.0.0.0 Safari/537.36"
18.157.125.26 - - [14/Apr/2025:11:05:22 +0200] "GET /Jurek/topeshop/downloaded_images/5904507207168_Marina_mijas_Bry%C5%82a_222.jpg HTTP/2.0" 200 40350 "-" "Mozilla/5.0 (Windows NT 10.0; Win64; x64) AppleWebKit/537.36 (KHTML, like Gecko) Chrome/109.0.0.0 Safari/537.36"
3.74.7.74 - - [14/Apr/2025:11:05:22 +0200] "GET /Jurek/topeshop/downloaded_images/5904507200435_1_poprawka_t%C5%82o.jpg HTTP/2.0" 200 34042 "-" "Mozilla/5.0 (Windows NT 10.0; Win64; x64) AppleWebKit/537.36 (KHTML, like Gecko) Chrome/109.0.0.0 Safari/537.36"
3.74.7.74 - - [14/Apr/2025:11:05:23 +0200] "GET /Jurek/topeshop/downloaded_images/5904507200350_Bry%C5%82a20008.jpg HTTP/2.0" 200 75832 "-" "Mozilla/5.0 (Windows NT 10.0; Win64; x64) AppleWebKit/537.36 (KHTML, like Gecko) Chrome/109.0.0.0 Safari/537.36"
3.126.202.245 - - [14/Apr/2025:11:05:24 +0200] "GET /Jurek/topeshop/downloaded_images/5904507202255_Artisan_1.png HTTP/2.0" 200 657484 "-" "Mozilla/5.0 (Windows NT 10.0; Win64; x64) AppleWebKit/537.36 (KHTML, like Gecko) Chrome/109.0.0.0 Safari/537.36"
51.77.52.107 - - [14/Apr/2025:11:05:26 +0200] "GET /Jurek/eurofirany/images/468227/0.jpg HTTP/2.0" 200 85877 "-" "baselinker"
51.77.52.107 - - [14/Apr/2025:11:05:42 +0200] "GET /Jurek/eurofirany/images/468229/0.jpg HTTP/2.0" 200 85877 "-" "baselinker"
88.220.33.218 - - [14/Apr/2025:11:06:04 +0200] "GET /Jurek/aw/feeds/awnarzedzia_morele.xml HTTP/2.0" 200 90559241 "-" "MarketplaceAPI curl/7.64.0 PHP/8"
51.77.52.107 - - [14/Apr/2025:11:06:08 +0200] "GET /Jurek/eurofirany/images/468229/0.jpg HTTP/2.0" 200 85877 "-" "baselinker"
46.101.116.244 - - [14/Apr/2025:11:06:10 +0200] "GET /Jurek/vida_morele/feeds/vidaPL_velomarket_category4.xml HTTP/1.0" 200 52387349 "-" "-"
51.77.52.107 - - [14/Apr/2025:11:06:11 +0200] "GET /Jurek/eurofirany/images/468229/0.jpg HTTP/2.0" 200 85877 "-" "baselinker"
51.77.52.107 - - [14/Apr/2025:11:06:16 +0200] "GET /Jurek/eurofirany/images/468821/0.jpg HTTP/2.0" 200 84543 "-" "baselinker"
18.157.125.26 - - [14/Apr/2025:11:06:28 +0200] "GET /Jurek/topeshop/downloaded_images/5902838461266_2.png HTTP/2.0" 404 3551 "-" "Mozilla/5.0 (Windows NT 10.0; Win64; x64) AppleWebKit/537.36 (KHTML, like Gecko) Chrome/109.0.0.0 Safari/537.36"
18.157.125.26 - - [14/Apr/2025:11:06:28 +0200] "GET /Jurek/topeshop/downloaded_images/5902838460306_2.jpg HTTP/2.0" 404 3551 "-" "Mozilla/5.0 (Windows NT 10.0; Win64; x64) AppleWebKit/537.36 (KHTML, like Gecko) Chrome/109.0.0.0 Safari/537.36"
18.157.125.26 - - [14/Apr/2025:11:06:28 +0200] "GET /Jurek/topeshop/downloaded_images/5904507204082_7e4f6f564bd5b7f97c3b4cd62126.jpg HTTP/2.0" 200 81542 "-" "Mozilla/5.0 (Windows NT 10.0; Win64; x64) AppleWebKit/537.36 (KHTML, like Gecko) Chrome/109.0.0.0 Safari/537.36"
18.157.125.26 - - [14/Apr/2025:11:06:28 +0200] "GET /Jurek/topeshop/downloaded_images/5902838461389_S40SONOMABRY%C5%81KABOKZM.jpg HTTP/2.0" 404 3551 "-" "Mozilla/5.0 (Windows NT 10.0; Win64; x64) AppleWebKit/537.36 (KHTML, like Gecko) Chrome/109.0.0.0 Safari/537.36"
18.157.125.26 - - [14/Apr/2025:11:06:28 +0200] "GET /Jurek/topeshop/downloaded_images/5902838460085_1.png HTTP/2.0" 404 3551 "-" "Mozilla/5.0 (Windows NT 10.0; Win64; x64) AppleWebKit/537.36 (KHTML, like Gecko) Chrome/109.0.0.0 Safari/537.36"
18.157.125.26 - - [14/Apr/2025:11:06:28 +0200] "GET /Jurek/topeshop/downloaded_images/5904507202323_profilowe.png HTTP/2.0" 200 545533 "-" "Mozilla/5.0 (Windows NT 10.0; Win64; x64) AppleWebKit/537.36 (KHTML, like Gecko) Chrome/109.0.0.0 Safari/537.36"
3.126.202.245 - - [14/Apr/2025:11:06:28 +0200] "GET /Jurek/topeshop/downloaded_images/5902838468050_2.jpg HTTP/2.0" 404 3551 "-" "Mozilla/5.0 (Windows NT 10.0; Win64; x64) AppleWebKit/537.36 (KHTML, like Gecko) Chrome/109.0.0.0 Safari/537.36"
18.157.125.26 - - [14/Apr/2025:11:06:28 +0200] "GET /Jurek/topeshop/downloaded_images/5902838460689_4.jpg HTTP/2.0" 404 3551 "-" "Mozilla/5.0 (Windows NT 10.0; Win64; x64) AppleWebKit/537.36 (KHTML, like Gecko) Chrome/109.0.0.0 Safari/537.36"
3.126.202.245 - - [14/Apr/2025:11:06:28 +0200] "GET /Jurek/topeshop/downloaded_images/5904507205713_Modo_C_1_0003.png HTTP/2.0" 200 546725 "-" "Mozilla/5.0 (Windows NT 10.0; Win64; x64) AppleWebKit/537.36 (KHTML, like Gecko) Chrome/109.0.0.0 Safari/537.36"
3.126.202.245 - - [14/Apr/2025:11:06:28 +0200] "GET /Jurek/topeshop/downloaded_images/5904507201753_SZAFA_IGA_160_G%C5%81ADKI_FRONT_0006.png HTTP/2.0" 200 682276 "-" "Mozilla/5.0 (Windows NT 10.0; Win64; x64) AppleWebKit/537.36 (KHTML, like Gecko) Chrome/109.0.0.0 Safari/537.36"
18.157.125.26 - - [14/Apr/2025:11:06:28 +0200] "GET /Jurek/topeshop/downloaded_images/5904507201777_SZAFA_IGA_160_2X_LUSTRO_DRZWI_0001.png HTTP/2.0" 200 838529 "-" "Mozilla/5.0 (Windows NT 10.0; Win64; x64) AppleWebKit/537.36 (KHTML, like Gecko) Chrome/109.0.0.0 Safari/537.36"
3.126.202.245 - - [14/Apr/2025:11:06:28 +0200] "GET /Jurek/topeshop/downloaded_images/5904507201418_20-st.jpg HTTP/2.0" 200 185736 "-" "Mozilla/5.0 (Windows NT 10.0; Win64; x64) AppleWebKit/537.36 (KHTML, like Gecko) Chrome/109.0.0.0 Safari/537.36"
18.157.125.26 - - [14/Apr/2025:11:06:30 +0200] "GET /Jurek/topeshop/downloaded_images/5904507209063_profiloweeee.jpg HTTP/2.0" 200 67478 "-" "Mozilla/5.0 (Windows NT 10.0; Win64; x64) AppleWebKit/537.36 (KHTML, like Gecko) Chrome/109.0.0.0 Safari/537.36"
18.157.125.26 - - [14/Apr/2025:11:06:30 +0200] "GET /Jurek/topeshop/downloaded_images/5904507209186_profilowee.jpg HTTP/2.0" 200 35310 "-" "Mozilla/5.0 (Windows NT 10.0; Win64; x64) AppleWebKit/537.36 (KHTML, like Gecko) Chrome/109.0.0.0 Safari/537.36"
3.126.202.245 - - [14/Apr/2025:11:06:30 +0200] "GET /Jurek/topeshop/downloaded_images/5902838467886_23_sonoma_(1).png HTTP/2.0" 200 464278 "-" "Mozilla/5.0 (Windows NT 10.0; Win64; x64) AppleWebKit/537.36 (KHTML, like Gecko) Chrome/109.0.0.0 Safari/537.36"
18.157.125.26 - - [14/Apr/2025:11:06:30 +0200] "GET /Jurek/topeshop/downloaded_images/5902838468180_K_S__(1).png HTTP/2.0" 200 897022 "-" "Mozilla/5.0 (Windows NT 10.0; Win64; x64) AppleWebKit/537.36 (KHTML, like Gecko) Chrome/109.0.0.0 Safari/537.36"
3.126.202.245 - - [14/Apr/2025:11:06:30 +0200] "GET /Jurek/topeshop/downloaded_images/5904507209216_Bry%C5%82a_Glina_20st0004.jpg HTTP/2.0" 200 32420 "-" "Mozilla/5.0 (Windows NT 10.0; Win64; x64) AppleWebKit/537.36 (KHTML, like Gecko) Chrome/109.0.0.0 Safari/537.36"
3.74.7.74 - - [14/Apr/2025:11:06:30 +0200] "GET /Jurek/topeshop/downloaded_images/5904507202279_Sonoma_1.png HTTP/2.0" 200 711064 "-" "Mozilla/5.0 (Windows NT 10.0; Win64; x64) AppleWebKit/537.36 (KHTML, like Gecko) Chrome/109.0.0.0 Safari/537.36"
51.77.52.107 - - [14/Apr/2025:11:06:34 +0200] "GET /Jurek/eurofirany/images/468821/0.jpg HTTP/2.0" 200 84543 "-" "baselinker"
51.77.52.107 - - [14/Apr/2025:11:06:40 +0200] "GET /Jurek/eurofirany/images/468821/0.jpg HTTP/2.0" 200 84543 "-" "baselinker"
88.220.33.218 - - [14/Apr/2025:11:06:42 +0200] "GET /Jurek/beliani/feeds/beliani_morele.xml HTTP/2.0" 200 31230528 "-" "MarketplaceAPI curl/7.64.0 PHP/8"
51.77.52.107 - - [14/Apr/2025:11:06:59 +0200] "GET /Jurek/eurofirany/images/468822/0.jpg HTTP/2.0" 200 84543 "-" "baselinker"
51.77.52.107 - - [14/Apr/2025:11:07:05 +0200] "GET /Jurek/eurofirany/images/468822/0.jpg HTTP/2.0" 200 84543 "-" "baselinker"
46.101.116.244 - - [14/Apr/2025:11:07:09 +0200] "GET /Jurek/aw/feeds/aw_fnacfr.xml HTTP/1.0" 404 3551 "-" "-"
51.77.52.107 - - [14/Apr/2025:11:07:10 +0200] "GET /Jurek/eurofirany/images/468822/0.jpg HTTP/2.0" 200 84543 "-" "baselinker"
5.134.208.158 - - [14/Apr/2025:11:07:20 +0200] "GET /Jurek/eurofirany/images/428673/0.jpg HTTP/1.1" 200 89133 "-" "-"
51.77.52.107 - - [14/Apr/2025:11:07:27 +0200] "GET /Jurek/eurofirany/images/468823/0.jpg HTTP/2.0" 200 84543 "-" "baselinker"
51.77.52.107 - - [14/Apr/2025:11:07:43 +0200] "GET /Jurek/eurofirany/images/468823/0.jpg HTTP/2.0" 200 84543 "-" "baselinker"
89.161.206.59 - - [14/Apr/2025:11:07:50 +0200] "GET /Jurek/artdog/feeds/artdog_cdsc.xml HTTP/1.0" 200 17921498 "-" "-"
18.157.125.26 - - [14/Apr/2025:11:07:52 +0200] "GET /Jurek/topeshop/downloaded_images/5902838469989_2_(11).jpg HTTP/2.0" 200 23769 "-" "Mozilla/5.0 (Windows NT 10.0; Win64; x64) AppleWebKit/537.36 (KHTML, like Gecko) Chrome/109.0.0.0 Safari/537.36"
3.126.202.245 - - [14/Apr/2025:11:07:52 +0200] "GET /Jurek/topeshop/downloaded_images/5902838468661_5aa5f5a54ed1a1fadd113a7841b5.jpg HTTP/2.0" 200 96466 "-" "Mozilla/5.0 (Windows NT 10.0; Win64; x64) AppleWebKit/537.36 (KHTML, like Gecko) Chrome/109.0.0.0 Safari/537.36"
3.74.7.74 - - [14/Apr/2025:11:07:52 +0200] "GET /Jurek/topeshop/downloaded_images/5904507209025_Bry%C5%82a_kaszmir_20st0003.jpg HTTP/2.0" 200 35502 "-" "Mozilla/5.0 (Windows NT 10.0; Win64; x64) AppleWebKit/537.36 (KHTML, like Gecko) Chrome/109.0.0.0 Safari/537.36"
3.126.202.245 - - [14/Apr/2025:11:07:52 +0200] "GET /Jurek/topeshop/downloaded_images/5904507209155_profiloweKaszmir.jpg HTTP/2.0" 200 49723 "-" "Mozilla/5.0 (Windows NT 10.0; Win64; x64) AppleWebKit/537.36 (KHTML, like Gecko) Chrome/109.0.0.0 Safari/537.36"
18.157.125.26 - - [14/Apr/2025:11:07:52 +0200] "GET /Jurek/topeshop/downloaded_images/5904507200305_20_st_close_miniaturka.jpg HTTP/2.0" 200 41285 "-" "Mozilla/5.0 (Windows NT 10.0; Win64; x64) AppleWebKit/537.36 (KHTML, like Gecko) Chrome/109.0.0.0 Safari/537.36"
3.126.202.245 - - [14/Apr/2025:11:07:52 +0200] "GET /Jurek/topeshop/downloaded_images/5902838467688_2_sonoma.jpg HTTP/2.0" 404 3551 "-" "Mozilla/5.0 (Windows NT 10.0; Win64; x64) AppleWebKit/537.36 (KHTML, like Gecko) Chrome/109.0.0.0 Safari/537.36"
3.74.7.74 - - [14/Apr/2025:11:07:52 +0200] "GET /Jurek/topeshop/downloaded_images/5902838468067_2.jpg HTTP/2.0" 404 3551 "-" "Mozilla/5.0 (Windows NT 10.0; Win64; x64) AppleWebKit/537.36 (KHTML, like Gecko) Chrome/109.0.0.0 Safari/537.36"
3.126.202.245 - - [14/Apr/2025:11:07:52 +0200] "GET /Jurek/topeshop/downloaded_images/5902838468388_4.png HTTP/2.0" 200 273986 "-" "Mozilla/5.0 (Windows NT 10.0; Win64; x64) AppleWebKit/537.36 (KHTML, like Gecko) Chrome/109.0.0.0 Safari/537.36"
18.157.125.26 - - [14/Apr/2025:11:07:52 +0200] "GET /Jurek/topeshop/downloaded_images/5904507202248_3.jpg HTTP/2.0" 200 66203 "-" "Mozilla/5.0 (Windows NT 10.0; Win64; x64) AppleWebKit/537.36 (KHTML, like Gecko) Chrome/109.0.0.0 Safari/537.36"
3.74.7.74 - - [14/Apr/2025:11:07:52 +0200] "GET /Jurek/topeshop/downloaded_images/5902838468418_20_st.jpg HTTP/2.0" 200 42885 "-" "Mozilla/5.0 (Windows NT 10.0; Win64; x64) AppleWebKit/537.36 (KHTML, like Gecko) Chrome/109.0.0.0 Safari/537.36"
3.74.7.74 - - [14/Apr/2025:11:07:52 +0200] "GET /Jurek/topeshop/downloaded_images/5902838468678_Screenshot_2.jpg HTTP/2.0" 200 62558 "-" "Mozilla/5.0 (Windows NT 10.0; Win64; x64) AppleWebKit/537.36 (KHTML, like Gecko) Chrome/109.0.0.0 Safari/537.36"
51.77.52.107 - - [14/Apr/2025:11:07:59 +0200] "GET /Jurek/eurofirany/images/468823/0.jpg HTTP/2.0" 200 84543 "-" "baselinker"
66.249.64.167 - - [14/Apr/2025:11:08:01 +0200] "GET /Jurek/topeshop/downloaded_images/5904507202392_20_st.jpg HTTP/1.1" 200 33576 "-" "Googlebot-Image/1.0"
51.77.52.107 - - [14/Apr/2025:11:08:02 +0200] "GET /Jurek/eurofirany/images/468079/0.jpg HTTP/2.0" 200 139066 "-" "baselinker"
88.220.33.218 - - [14/Apr/2025:11:08:14 +0200] "GET /Jurek/vida_morele/feeds/VidaPL_morele.xml HTTP/2.0" 200 702212891 "-" "MarketplaceAPI curl/7.64.0 PHP/8"
89.161.206.59 - - [14/Apr/2025:11:08:15 +0200] "GET /Jurek/bemipol/feeds/bemipol_emagro.xml HTTP/1.0" 200 423676 "-" "-"
89.161.206.59 - - [14/Apr/2025:11:08:15 +0200] "GET /Jurek/apresto/feeds/apresto_emagro.xml HTTP/1.0" 200 1327831 "-" "-"
89.161.206.59 - - [14/Apr/2025:11:08:15 +0200] "GET /Jurek/missionair/feeds/missionair_emagro.xml HTTP/1.0" 200 3155106 "-" "-"
89.161.206.59 - - [14/Apr/2025:11:08:15 +0200] "GET /Jurek/mojeledy/feeds/mojeledy_emagro.xml HTTP/1.0" 200 1018621 "-" "-"
51.77.52.107 - - [14/Apr/2025:11:08:24 +0200] "GET /Jurek/eurofirany/images/468079/0.jpg HTTP/2.0" 200 139066 "-" "baselinker"
51.77.52.107 - - [14/Apr/2025:11:08:37 +0200] "GET /Jurek/eurofirany/images/468079/0.jpg HTTP/2.0" 200 139066 "-" "baselinker"
185.6.76.18 - - [14/Apr/2025:11:08:47 +0200] "GET /marketplaces/skroutz/feeds/shumee.xml HTTP/1.1" 200 408248659 "-" "SkroutzBot v1.0"
51.77.52.107 - - [14/Apr/2025:11:08:48 +0200] "GET /Jurek/eurofirany/images/468094/0.jpg HTTP/2.0" 200 161080 "-" "baselinker"
66.211.183.70 - - [14/Apr/2025:11:09:18 +0200] "GET /Jurek/topeshop/downloaded_images/5902838461273_2.png HTTP/1.1" 404 3551 "http://www.ebay.com/" "Mozilla/4.0 (compatible; MSIE 4.01; Windows NT)"
66.211.183.71 - - [14/Apr/2025:11:09:18 +0200] "GET /Jurek/topeshop/downloaded_images/5902838461273_I_RTV-140-MALWA_2_S.jpg HTTP/1.1" 200 131398 "http://www.ebay.com/" "Mozilla/4.0 (compatible; MSIE 4.01; Windows NT)"
66.211.183.74 - - [14/Apr/2025:11:09:18 +0200] "GET /Jurek/topeshop/downloaded_images/5902838461273_3.png HTTP/1.1" 404 3551 "http://www.ebay.com/" "Mozilla/4.0 (compatible; MSIE 4.01; Windows NT)"
66.211.183.71 - - [14/Apr/2025:11:09:18 +0200] "GET /Jurek/topeshop/downloaded_images/5902838461273_Sonoma_Rtv.jpg HTTP/1.1" 404 3551 "http://www.ebay.com/" "Mozilla/4.0 (compatible; MSIE 4.01; Windows NT)"
66.211.183.72 - - [14/Apr/2025:11:09:18 +0200] "GET /Jurek/topeshop/downloaded_images/5902838461273_I_RTV-140-MALWA_S.jpg HTTP/1.1" 200 141531 "http://www.ebay.com/" "Mozilla/4.0 (compatible; MSIE 4.01; Windows NT)"
66.211.183.74 - - [14/Apr/2025:11:09:18 +0200] "GET /Jurek/topeshop/downloaded_images/5902838461273_ar2_ss_.RGB_color.0003.jpg HTTP/1.1" 200 137343 "http://www.ebay.com/" "Mozilla/4.0 (compatible; MSIE 4.01; Windows NT)"
66.211.183.74 - - [14/Apr/2025:11:09:18 +0200] "GET /Jurek/topeshop/downloaded_images/5902838461273_I_RTV-140-MALWA_o_S.jpg HTTP/1.1" 200 140612 "http://www.ebay.com/" "Mozilla/4.0 (compatible; MSIE 4.01; Windows NT)"
51.77.52.107 - - [14/Apr/2025:11:09:38 +0200] "GET /Jurek/eurofirany/images/468094/0.jpg HTTP/2.0" 200 161080 "-" "baselinker"
51.77.52.107 - - [14/Apr/2025:11:09:53 +0200] "GET /Jurek/eurofirany/images/468094/0.jpg HTTP/2.0" 200 161080 "-" "baselinker"
51.77.52.107 - - [14/Apr/2025:11:09:59 +0200] "GET /Jurek/eurofirany/images/468097/0.jpg HTTP/2.0" 200 144316 "-" "baselinker"
178.21.154.6 - - [14/Apr/2025:11:10:03 +0200] "GET /Jurek/eurofirany/images/460515/0.jpg HTTP/1.1" 200 91583 "-" "-"
178.21.154.6 - - [14/Apr/2025:11:10:04 +0200] "GET /Jurek/eurofirany/images/469620/0.jpg HTTP/1.1" 200 149531 "-" "-"
18.157.125.26 - - [14/Apr/2025:11:10:06 +0200] "GET /Jurek/topeshop/downloaded_images/5902838461891_rtv_120_140_czer%C5%84_po%C5%82.png HTTP/2.0" 200 77457 "-" "Mozilla/5.0 (Windows NT 10.0; Win64; x64) AppleWebKit/537.36 (KHTML, like Gecko) Chrome/109.0.0.0 Safari/537.36"
18.157.125.26 - - [14/Apr/2025:11:10:06 +0200] "GET /Jurek/topeshop/downloaded_images/5902838463437_close_DK_nogi_bry%C5%82a.png HTTP/2.0" 200 81196 "-" "Mozilla/5.0 (Windows NT 10.0; Win64; x64) AppleWebKit/537.36 (KHTML, like Gecko) Chrome/109.0.0.0 Safari/537.36"
3.74.7.74 - - [14/Apr/2025:11:10:06 +0200] "GET /Jurek/topeshop/downloaded_images/5902838463246_rtv_szyba_.RGB_color.0004.png HTTP/2.0" 200 92102 "-" "Mozilla/5.0 (Windows NT 10.0; Win64; x64) AppleWebKit/537.36 (KHTML, like Gecko) Chrome/109.0.0.0 Safari/537.36"
18.157.125.26 - - [14/Apr/2025:11:10:06 +0200] "GET /Jurek/topeshop/downloaded_images/5902838463628_14417.jpg HTTP/2.0" 404 3551 "-" "Mozilla/5.0 (Windows NT 10.0; Win64; x64) AppleWebKit/537.36 (KHTML, like Gecko) Chrome/109.0.0.0 Safari/537.36"
18.157.125.26 - - [14/Apr/2025:11:10:06 +0200] "GET /Jurek/topeshop/downloaded_images/5902838464304_20_st.jpg HTTP/2.0" 200 66763 "-" "Mozilla/5.0 (Windows NT 10.0; Win64; x64) AppleWebKit/537.36 (KHTML, like Gecko) Chrome/109.0.0.0 Safari/537.36"
3.126.202.245 - - [14/Apr/2025:11:10:06 +0200] "GET /Jurek/topeshop/downloaded_images/5902838463581_12_(1).png HTTP/2.0" 200 78396 "-" "Mozilla/5.0 (Windows NT 10.0; Win64; x64) AppleWebKit/537.36 (KHTML, like Gecko) Chrome/109.0.0.0 Safari/537.36"
3.126.202.245 - - [14/Apr/2025:11:10:06 +0200] "GET /Jurek/topeshop/downloaded_images/5902838463291_1.jpg HTTP/2.0" 404 3551 "-" "Mozilla/5.0 (Windows NT 10.0; Win64; x64) AppleWebKit/537.36 (KHTML, like Gecko) Chrome/109.0.0.0 Safari/537.36"
18.157.125.26 - - [14/Apr/2025:11:10:06 +0200] "GET /Jurek/topeshop/downloaded_images/5902838463598_5_(1).png HTTP/2.0" 200 87854 "-" "Mozilla/5.0 (Windows NT 10.0; Win64; x64) AppleWebKit/537.36 (KHTML, like Gecko) Chrome/109.0.0.0 Safari/537.36"
3.126.202.245 - - [14/Apr/2025:11:10:06 +0200] "GET /Jurek/topeshop/downloaded_images/5902838461594_brylki_.RGB_color.0006.png HTTP/2.0" 200 31761 "-" "Mozilla/5.0 (Windows NT 10.0; Win64; x64) AppleWebKit/537.36 (KHTML, like Gecko) Chrome/109.0.0.0 Safari/537.36"
3.126.202.245 - - [14/Apr/2025:11:10:06 +0200] "GET /Jurek/topeshop/downloaded_images/5902838464199_20_st.jpg HTTP/2.0" 200 38673 "-" "Mozilla/5.0 (Windows NT 10.0; Win64; x64) AppleWebKit/537.36 (KHTML, like Gecko) Chrome/109.0.0.0 Safari/537.36"
3.74.7.74 - - [14/Apr/2025:11:10:06 +0200] "GET /Jurek/topeshop/downloaded_images/5902838464359_KUBABIURKOBRY%C5%81KABIELBOKZM.jpg HTTP/2.0" 404 3551 "-" "Mozilla/5.0 (Windows NT 10.0; Win64; x64) AppleWebKit/537.36 (KHTML, like Gecko) Chrome/109.0.0.0 Safari/537.36"
18.157.125.26 - - [14/Apr/2025:11:10:06 +0200] "GET /Jurek/topeshop/downloaded_images/5902838461686_R60-BIEL-1.png HTTP/2.0" 200 197431 "-" "Mozilla/5.0 (Windows NT 10.0; Win64; x64) AppleWebKit/537.36 (KHTML, like Gecko) Chrome/109.0.0.0 Safari/537.36"
