51.77.52.107 - - [14/Apr/2025:00:00:03 +0200] "GET /Jurek/eurofirany/images/390422/0.jpg HTTP/2.0" 200 97224 "-" "baselinker"
51.77.52.107 - - [14/Apr/2025:00:00:07 +0200] "GET /Jurek/eurofirany/images/390424/0.jpg HTTP/2.0" 200 97224 "-" "baselinker"
51.77.52.107 - - [14/Apr/2025:00:00:12 +0200] "GET /Jurek/eurofirany/images/390424/0.jpg HTTP/2.0" 200 97224 "-" "baselinker"
51.77.52.107 - - [14/Apr/2025:00:00:18 +0200] "GET /Jurek/eurofirany/images/390424/0.jpg HTTP/2.0" 200 97224 "-" "baselinker"
51.77.52.107 - - [14/Apr/2025:00:00:27 +0200] "GET /Jurek/eurofirany/images/390427/0.jpg HTTP/2.0" 200 97224 "-" "baselinker"
51.77.52.107 - - [14/Apr/2025:00:00:32 +0200] "GET /Jurek/eurofirany/images/390427/0.jpg HTTP/2.0" 200 97224 "-" "baselinker"
52.18.22.0 - - [14/Apr/2025:00:00:35 +0200] "GET /marketplaces/ubaldi/results/ubaldi.csv HTTP/1.1" 200 3434724 "-" "Mirakl HttpClient"
51.77.52.107 - - [14/Apr/2025:00:00:36 +0200] "GET /Jurek/eurofirany/images/390427/0.jpg HTTP/2.0" 200 97224 "-" "baselinker"
51.77.52.107 - - [14/Apr/2025:00:00:42 +0200] "GET /Jurek/eurofirany/images/390429/0.jpg HTTP/2.0" 200 97224 "-" "baselinker"
51.77.52.107 - - [14/Apr/2025:00:00:47 +0200] "GET /Jurek/eurofirany/images/390429/0.jpg HTTP/2.0" 200 97224 "-" "baselinker"
89.161.206.59 - - [14/Apr/2025:00:01:00 +0200] "GET /Jurek/emaja24/feeds/emaja24_amazonnl.xml HTTP/1.0" 200 5109832 "-" "-"
51.77.52.107 - - [14/Apr/2025:00:01:00 +0200] "GET /Jurek/eurofirany/images/390429/0.jpg HTTP/2.0" 200 97224 "-" "baselinker"
46.101.116.244 - - [14/Apr/2025:00:01:03 +0200] "GET /Jurek/topeshop/feeds/topeshop_skr.xml HTTP/1.0" 200 919613 "-" "-"
51.77.52.107 - - [14/Apr/2025:00:01:04 +0200] "GET /Jurek/eurofirany/images/390430/0.jpg HTTP/2.0" 200 97224 "-" "baselinker"
51.77.52.107 - - [14/Apr/2025:00:01:08 +0200] "GET /Jurek/eurofirany/images/390430/0.jpg HTTP/2.0" 200 97224 "-" "baselinker"
51.77.52.107 - - [14/Apr/2025:00:01:12 +0200] "GET /Jurek/eurofirany/images/390430/0.jpg HTTP/2.0" 200 97224 "-" "baselinker"
51.77.52.107 - - [14/Apr/2025:00:01:16 +0200] "GET /Jurek/eurofirany/images/390432/0.jpg HTTP/2.0" 200 155815 "-" "baselinker"
51.77.52.107 - - [14/Apr/2025:00:01:20 +0200] "GET /Jurek/eurofirany/images/390432/0.jpg HTTP/2.0" 200 155815 "-" "baselinker"
51.77.52.107 - - [14/Apr/2025:00:01:26 +0200] "GET /Jurek/eurofirany/images/390432/0.jpg HTTP/2.0" 200 155815 "-" "baselinker"
51.77.52.107 - - [14/Apr/2025:00:01:29 +0200] "GET /Jurek/eurofirany/images/390435/0.jpg HTTP/2.0" 200 181750 "-" "baselinker"
35.204.39.32 - - [14/Apr/2025:00:01:33 +0200] "GET /marketplaces/vente/results/vente_nl.csv HTTP/1.1" 200 2173768 "-" "Mirakl HttpClient"
35.204.39.32 - - [14/Apr/2025:00:01:34 +0200] "GET /marketplaces/vente/results/vente_fr.csv HTTP/1.1" 200 2394716 "-" "Mirakl HttpClient"
35.204.39.32 - - [14/Apr/2025:00:01:35 +0200] "GET /marketplaces/vente/results/vente_be.csv HTTP/1.1" 200 2173726 "-" "Mirakl HttpClient"
51.77.52.107 - - [14/Apr/2025:00:01:35 +0200] "GET /Jurek/eurofirany/images/390435/0.jpg HTTP/2.0" 200 181750 "-" "baselinker"
35.204.39.32 - - [14/Apr/2025:00:01:35 +0200] "GET /marketplaces/vente/results/vente_it.csv HTTP/1.1" 200 2203343 "-" "Mirakl HttpClient"
35.204.39.32 - - [14/Apr/2025:00:01:36 +0200] "GET /marketplaces/vente/results/vente_es.csv HTTP/1.1" 200 2173210 "-" "Mirakl HttpClient"
35.204.39.32 - - [14/Apr/2025:00:01:37 +0200] "GET /marketplaces/vente/results/vente_de.csv HTTP/1.1" 200 2173195 "-" "Mirakl HttpClient"
51.77.52.107 - - [14/Apr/2025:00:01:39 +0200] "GET /Jurek/eurofirany/images/390435/0.jpg HTTP/2.0" 200 181750 "-" "baselinker"
51.77.52.107 - - [14/Apr/2025:00:01:45 +0200] "GET /Jurek/eurofirany/images/390437/0.jpg HTTP/2.0" 200 137978 "-" "baselinker"
51.77.52.107 - - [14/Apr/2025:00:01:50 +0200] "GET /Jurek/eurofirany/images/390437/0.jpg HTTP/2.0" 200 137978 "-" "baselinker"
51.77.52.107 - - [14/Apr/2025:00:01:54 +0200] "GET /Jurek/eurofirany/images/390437/0.jpg HTTP/2.0" 200 137978 "-" "baselinker"
51.77.52.107 - - [14/Apr/2025:00:01:59 +0200] "GET /Jurek/eurofirany/images/390441/0.jpg HTTP/2.0" 200 144267 "-" "baselinker"
52.18.22.0 - - [14/Apr/2025:00:02:03 +0200] "GET /marketplaces/rue/results/rue.csv HTTP/1.1" 200 6811548 "-" "Mirakl HttpClient"
51.77.52.107 - - [14/Apr/2025:00:02:04 +0200] "GET /Jurek/eurofirany/images/390441/0.jpg HTTP/2.0" 200 144267 "-" "baselinker"
51.77.52.107 - - [14/Apr/2025:00:02:21 +0200] "GET /Jurek/eurofirany/images/390441/0.jpg HTTP/2.0" 200 144267 "-" "baselinker"
51.77.52.107 - - [14/Apr/2025:00:02:26 +0200] "GET /Jurek/eurofirany/images/390444/0.jpg HTTP/2.0" 200 144267 "-" "baselinker"
46.101.116.244 - - [14/Apr/2025:00:02:26 +0200] "GET /Jurek/activeshop/feeds/activeshop_mallhu.xml HTTP/2.0" 200 10444556 "-" "-"
51.77.52.107 - - [14/Apr/2025:00:02:37 +0200] "GET /Jurek/eurofirany/images/390444/0.jpg HTTP/2.0" 200 144267 "-" "baselinker"
51.77.52.107 - - [14/Apr/2025:00:02:42 +0200] "GET /Jurek/eurofirany/images/390444/0.jpg HTTP/2.0" 200 144267 "-" "baselinker"
51.77.52.107 - - [14/Apr/2025:00:02:47 +0200] "GET /Jurek/eurofirany/images/390450/0.jpg HTTP/2.0" 200 144267 "-" "baselinker"
51.77.52.107 - - [14/Apr/2025:00:02:52 +0200] "GET /Jurek/eurofirany/images/390450/0.jpg HTTP/2.0" 200 144267 "-" "baselinker"
51.77.52.107 - - [14/Apr/2025:00:02:56 +0200] "GET /Jurek/eurofirany/images/390450/0.jpg HTTP/2.0" 200 144267 "-" "baselinker"
51.77.52.107 - - [14/Apr/2025:00:03:01 +0200] "GET /Jurek/eurofirany/images/390453/0.jpg HTTP/2.0" 200 144267 "-" "baselinker"
51.77.52.107 - - [14/Apr/2025:00:03:05 +0200] "GET /Jurek/eurofirany/images/390453/0.jpg HTTP/2.0" 200 144267 "-" "baselinker"
51.77.52.107 - - [14/Apr/2025:00:03:11 +0200] "GET /Jurek/eurofirany/images/390453/0.jpg HTTP/2.0" 200 144267 "-" "baselinker"
46.101.116.244 - - [14/Apr/2025:00:03:12 +0200] "GET /Jurek/action/feeds/action_mallhugs.xml HTTP/2.0" 200 60284706 "-" "-"
51.77.52.107 - - [14/Apr/2025:00:03:15 +0200] "GET /Jurek/eurofirany/images/390455/0.jpg HTTP/2.0" 200 144267 "-" "baselinker"
51.77.52.107 - - [14/Apr/2025:00:03:19 +0200] "GET /Jurek/eurofirany/images/390455/0.jpg HTTP/2.0" 200 144267 "-" "baselinker"
51.77.52.107 - - [14/Apr/2025:00:03:23 +0200] "GET /Jurek/eurofirany/images/390455/0.jpg HTTP/2.0" 200 144267 "-" "baselinker"
51.77.52.107 - - [14/Apr/2025:00:03:28 +0200] "GET /Jurek/eurofirany/images/390456/0.jpg HTTP/2.0" 200 144267 "-" "baselinker"
46.101.116.244 - - [14/Apr/2025:00:03:28 +0200] "GET /Jurek/b3/feeds/b3_mallhugs.xml HTTP/2.0" 200 8038343 "-" "-"
46.101.116.244 - - [14/Apr/2025:00:03:39 +0200] "GET /Jurek/benbaby/feeds/benbaby_mallhugs.xml HTTP/2.0" 200 3642533 "-" "-"
51.77.52.107 - - [14/Apr/2025:00:03:44 +0200] "GET /Jurek/eurofirany/images/390456/0.jpg HTTP/2.0" 200 144267 "-" "baselinker"
46.101.116.244 - - [14/Apr/2025:00:03:50 +0200] "GET /Jurek/emibig/feeds/emibig_mallhugs.xml HTTP/2.0" 200 2530852 "-" "-"
51.77.52.107 - - [14/Apr/2025:00:03:56 +0200] "GET /Jurek/eurofirany/images/390456/0.jpg HTTP/2.0" 200 144267 "-" "baselinker"
46.101.116.244 - - [14/Apr/2025:00:04:01 +0200] "GET /Jurek/hurtownia_przemyslowa/feeds/hp_mallhugs.xml HTTP/2.0" 200 49398930 "-" "-"
51.77.52.107 - - [14/Apr/2025:00:04:06 +0200] "GET /Jurek/eurofirany/images/401946/0.jpg HTTP/2.0" 200 264720 "-" "baselinker"
51.77.52.107 - - [14/Apr/2025:00:04:19 +0200] "GET /Jurek/eurofirany/images/401946/0.jpg HTTP/2.0" 200 264720 "-" "baselinker"
51.77.52.107 - - [14/Apr/2025:00:04:24 +0200] "GET /Jurek/eurofirany/images/401946/0.jpg HTTP/2.0" 200 264720 "-" "baselinker"
51.77.52.107 - - [14/Apr/2025:00:04:30 +0200] "GET /Jurek/eurofirany/images/409902/0.jpg HTTP/2.0" 200 188678 "-" "baselinker"
51.77.52.107 - - [14/Apr/2025:00:04:35 +0200] "GET /Jurek/eurofirany/images/409902/0.jpg HTTP/2.0" 200 188678 "-" "baselinker"
51.77.52.107 - - [14/Apr/2025:00:04:40 +0200] "GET /Jurek/eurofirany/images/409902/0.jpg HTTP/2.0" 200 188678 "-" "baselinker"
51.77.52.107 - - [14/Apr/2025:00:04:45 +0200] "GET /Jurek/eurofirany/images/409903/0.jpg HTTP/2.0" 200 188678 "-" "baselinker"
51.77.52.107 - - [14/Apr/2025:00:04:50 +0200] "GET /Jurek/eurofirany/images/409903/0.jpg HTTP/2.0" 200 188678 "-" "baselinker"
51.77.52.107 - - [14/Apr/2025:00:04:54 +0200] "GET /Jurek/eurofirany/images/409903/0.jpg HTTP/2.0" 200 188678 "-" "baselinker"
46.101.116.244 - - [14/Apr/2025:00:04:56 +0200] "GET /Jurek/kinghoff/feeds/kinghoff_mallhu.xml HTTP/2.0" 200 15521802 "-" "-"
51.77.52.107 - - [14/Apr/2025:00:04:59 +0200] "GET /Jurek/eurofirany/images/409904/0.jpg HTTP/2.0" 200 78745 "-" "baselinker"
51.77.52.107 - - [14/Apr/2025:00:05:03 +0200] "GET /Jurek/eurofirany/images/409904/0.jpg HTTP/2.0" 200 78745 "-" "baselinker"
51.77.52.107 - - [14/Apr/2025:00:05:06 +0200] "GET /Jurek/eurofirany/images/409904/0.jpg HTTP/2.0" 200 78745 "-" "baselinker"
46.101.116.244 - - [14/Apr/2025:00:05:07 +0200] "GET /Jurek/fernity/feeds/fernity_mallhu.xml HTTP/2.0" 200 4805140 "-" "-"
89.161.206.59 - - [14/Apr/2025:00:05:12 +0200] "GET /Jurek/hdwr/feeds/hdwr_skroutz.xml HTTP/1.0" 200 789393 "-" "-"
51.77.52.107 - - [14/Apr/2025:00:05:12 +0200] "GET /Jurek/eurofirany/images/409905/0.jpg HTTP/2.0" 200 78745 "-" "baselinker"
89.161.206.59 - - [14/Apr/2025:00:05:14 +0200] "GET /Jurek/pagmil/feeds/pagmil_skroutz.xml HTTP/1.0" 200 1802834 "-" "-"
51.77.52.107 - - [14/Apr/2025:00:05:16 +0200] "GET /Jurek/eurofirany/images/409905/0.jpg HTTP/2.0" 200 78745 "-" "baselinker"
89.161.206.59 - - [14/Apr/2025:00:05:18 +0200] "GET /Jurek/kambukka/feeds/kambukka_skroutz.xml HTTP/1.0" 200 1021133 "-" "-"
46.101.116.244 - - [14/Apr/2025:00:05:19 +0200] "GET /Jurek/beliani/feeds/beliani_hu.xml HTTP/2.0" 200 43477839 "-" "-"
51.77.52.107 - - [14/Apr/2025:00:05:21 +0200] "GET /Jurek/eurofirany/images/409905/0.jpg HTTP/2.0" 200 78745 "-" "baselinker"
51.77.52.107 - - [14/Apr/2025:00:05:25 +0200] "GET /Jurek/eurofirany/images/409906/0.jpg HTTP/2.0" 200 78745 "-" "baselinker"
89.161.206.59 - - [14/Apr/2025:00:05:27 +0200] "GET /Jurek/sempler/feeds/sempler_skroutz.xml HTTP/1.0" 200 6787965 "-" "-"
89.161.206.59 - - [14/Apr/2025:00:05:28 +0200] "GET /Jurek/targethome/feeds/targethome_skroutz.xml HTTP/1.0" 200 688617 "-" "-"
51.77.52.107 - - [14/Apr/2025:00:05:29 +0200] "GET /Jurek/eurofirany/images/409906/0.jpg HTTP/2.0" 200 78745 "-" "baselinker"
46.101.116.244 - - [14/Apr/2025:00:05:32 +0200] "GET /Jurek/detian/feeds/detian_mallhu.xml HTTP/2.0" 404 3551 "-" "-"
51.77.52.107 - - [14/Apr/2025:00:05:33 +0200] "GET /Jurek/eurofirany/images/409906/0.jpg HTTP/2.0" 200 78745 "-" "baselinker"
51.77.52.107 - - [14/Apr/2025:00:05:38 +0200] "GET /Jurek/eurofirany/images/409907/0.jpg HTTP/2.0" 200 78745 "-" "baselinker"
46.101.116.244 - - [14/Apr/2025:00:05:43 +0200] "GET /Jurek/flhf/feeds/flhf_mallsi.xml HTTP/2.0" 404 3551 "-" "-"
51.77.52.107 - - [14/Apr/2025:00:05:43 +0200] "GET /Jurek/eurofirany/images/409907/0.jpg HTTP/2.0" 200 78745 "-" "baselinker"
51.77.52.107 - - [14/Apr/2025:00:05:56 +0200] "GET /Jurek/eurofirany/images/409907/0.jpg HTTP/2.0" 200 78745 "-" "baselinker"
51.77.52.107 - - [14/Apr/2025:00:06:01 +0200] "GET /Jurek/eurofirany/images/409910/0.jpg HTTP/2.0" 200 84953 "-" "baselinker"
51.77.52.107 - - [14/Apr/2025:00:06:20 +0200] "GET /Jurek/eurofirany/images/409910/0.jpg HTTP/2.0" 200 84953 "-" "baselinker"
89.161.206.59 - - [14/Apr/2025:00:06:21 +0200] "GET /Jurek/pawonik/feeds/pawonik_skroutz.xml HTTP/1.0" 200 2138390 "-" "-"
89.161.206.59 - - [14/Apr/2025:00:06:21 +0200] "GET /Jurek/amzteam/feeds/amzteam_skroutz.xml HTTP/1.0" 200 95904 "-" "-"
89.161.206.59 - - [14/Apr/2025:00:06:22 +0200] "GET /Jurek/mosti/feeds/mosti_skroutz.xml HTTP/1.0" 200 4633552 "-" "-"
46.101.116.244 - - [14/Apr/2025:00:06:23 +0200] "GET /Jurek/aw/feeds/aw_fnacfr.xml HTTP/1.0" 404 3551 "-" "-"
89.161.206.59 - - [14/Apr/2025:00:06:24 +0200] "GET /Jurek/artdog/feeds/artdog_skroutz.xml HTTP/1.0" 200 17158328 "-" "-"
51.77.52.107 - - [14/Apr/2025:00:06:25 +0200] "GET /Jurek/eurofirany/images/409910/0.jpg HTTP/2.0" 200 84953 "-" "baselinker"
51.77.52.107 - - [14/Apr/2025:00:06:31 +0200] "GET /Jurek/eurofirany/images/424850/0.jpg HTTP/2.0" 200 110905 "-" "baselinker"
46.101.116.244 - - [14/Apr/2025:00:06:32 +0200] "GET /Jurek/kinghoff/feeds/kinghoff_ceneo.xml HTTP/1.0" 200 15516225 "-" "-"
46.101.116.244 - - [14/Apr/2025:00:06:34 +0200] "GET /Jurek/barbecook/feeds/barbecook_allegro.xml HTTP/1.0" 200 87554 "-" "-"
46.101.116.244 - - [14/Apr/2025:00:06:36 +0200] "GET /Jurek/vida_morele/feeds/vidaPL_velomarket_category0.xml HTTP/1.0" 200 144630933 "-" "-"
46.101.116.244 - - [14/Apr/2025:00:06:38 +0200] "GET /Jurek/vida_morele/feeds/vidaPL_velomarket_category2.xml HTTP/1.0" 200 40934495 "-" "-"
51.77.52.107 - - [14/Apr/2025:00:06:40 +0200] "GET /Jurek/eurofirany/images/424850/0.jpg HTTP/2.0" 200 110905 "-" "baselinker"
46.101.116.244 - - [14/Apr/2025:00:06:41 +0200] "GET /Jurek/vida_morele/feeds/vidaPL_velomarket_category1.xml HTTP/1.0" 200 174815295 "-" "-"
46.101.116.244 - - [14/Apr/2025:00:06:42 +0200] "GET /Jurek/vida_morele/feeds/vidaPL_velomarket_category3.xml HTTP/1.0" 200 43546841 "-" "-"
51.77.52.107 - - [14/Apr/2025:00:06:45 +0200] "GET /Jurek/eurofirany/images/424850/0.jpg HTTP/2.0" 200 110905 "-" "baselinker"
46.101.116.244 - - [14/Apr/2025:00:06:49 +0200] "GET /Jurek/eurofirany/feeds/eurofirany_velomarket.xml HTTP/1.0" 200 19331370 "-" "-"
51.77.52.107 - - [14/Apr/2025:00:06:51 +0200] "GET /Jurek/eurofirany/images/424851/0.jpg HTTP/2.0" 200 110905 "-" "baselinker"
46.101.116.244 - - [14/Apr/2025:00:06:53 +0200] "GET /Jurek/victoria/feeds/victoria_pl_velo.xml HTTP/1.0" 200 16445430 "-" "-"
51.77.52.107 - - [14/Apr/2025:00:06:55 +0200] "GET /Jurek/eurofirany/images/424851/0.jpg HTTP/2.0" 200 110905 "-" "baselinker"
89.161.206.59 - - [14/Apr/2025:00:07:00 +0200] "GET /Jurek/drewdon/feeds/drewdon_piguEX.xml HTTP/1.0" 200 504451 "-" "-"
46.101.116.244 - - [14/Apr/2025:00:07:04 +0200] "GET /Jurek/hurtownia_przemyslowa/feeds/hp_bol.xml HTTP/1.0" 200 49362764 "-" "-"
51.77.52.107 - - [14/Apr/2025:00:07:09 +0200] "GET /Jurek/eurofirany/images/424851/0.jpg HTTP/2.0" 200 110905 "-" "baselinker"
46.101.116.244 - - [14/Apr/2025:00:07:10 +0200] "GET /Jurek/kinghoff/feeds/kinghoff_bol.xml HTTP/1.0" 200 15515244 "-" "-"
51.77.52.107 - - [14/Apr/2025:00:07:14 +0200] "GET /Jurek/eurofirany/images/424852/0.jpg HTTP/2.0" 200 90931 "-" "baselinker"
89.161.206.59 - - [14/Apr/2025:00:07:21 +0200] "GET /Jurek/sempler/feeds/sempler_BOL.xml HTTP/1.0" 200 6787964 "-" "-"
89.161.206.59 - - [14/Apr/2025:00:07:22 +0200] "GET /Jurek/benetech/feeds/benetech_bol.xml HTTP/1.0" 200 4165318 "-" "-"
89.161.206.59 - - [14/Apr/2025:00:07:24 +0200] "GET /Jurek/oromed/feeds/oromed_BOL.xml HTTP/1.0" 200 1095985 "-" "-"
89.161.206.59 - - [14/Apr/2025:00:07:24 +0200] "GET /Jurek/narzbud/feeds/narzbud_bol.xml HTTP/1.0" 200 1901221 "-" "-"
89.161.206.59 - - [14/Apr/2025:00:07:24 +0200] "GET /Jurek/artdog/feeds/artdog_bol.xml HTTP/1.0" 200 17158826 "-" "-"
89.161.206.59 - - [14/Apr/2025:00:07:24 +0200] "GET /Jurek/ekolight/feeds/ekolight_bol.xml HTTP/1.0" 200 9052708 "-" "-"
89.161.206.59 - - [14/Apr/2025:00:07:25 +0200] "GET /Jurek/livinhill/feeds/livinhill_bol.xml HTTP/1.0" 200 1454937 "-" "-"
89.161.206.59 - - [14/Apr/2025:00:07:25 +0200] "GET /Jurek/galopi/feeds/galopi_bol.xml HTTP/1.0" 200 2111053 "-" "-"
89.161.206.59 - - [14/Apr/2025:00:07:25 +0200] "GET /Jurek/ekuchcikowo/feeds/ekuchcikowo_bol.xml HTTP/1.0" 200 12470999 "-" "-"
89.161.206.59 - - [14/Apr/2025:00:07:26 +0200] "GET /Jurek/erohurtownia/feeds/erohurtownia_bol.xml HTTP/1.0" 200 22846403 "-" "-"
89.161.206.59 - - [14/Apr/2025:00:07:26 +0200] "GET /Jurek/urwiskowo/feeds/urwiskowo_bol.xml HTTP/1.0" 200 9114983 "-" "-"
89.161.206.59 - - [14/Apr/2025:00:07:26 +0200] "GET /Jurek/combine/feeds/combine_bol.xml HTTP/1.0" 200 210557 "-" "-"
89.161.206.59 - - [14/Apr/2025:00:07:27 +0200] "GET /Jurek/spali/feeds/spali_bol.xml HTTP/1.0" 200 77055 "-" "-"
89.161.206.59 - - [14/Apr/2025:00:07:27 +0200] "GET /Jurek/bass_new/feeds/bass_bol.xml HTTP/1.0" 200 7040813 "-" "-"
89.161.206.59 - - [14/Apr/2025:00:07:27 +0200] "GET /Jurek/aiofactory/feeds/aiofactory_bol.xml HTTP/1.0" 200 2123775 "-" "-"
89.161.206.59 - - [14/Apr/2025:00:07:28 +0200] "GET /Jurek/hurtmeblowy/feeds/hurtmeblowy_bol.xml HTTP/1.0" 200 8495603 "-" "-"
51.77.52.107 - - [14/Apr/2025:00:07:28 +0200] "GET /Jurek/eurofirany/images/424852/0.jpg HTTP/2.0" 200 90931 "-" "baselinker"
89.161.206.59 - - [14/Apr/2025:00:07:29 +0200] "GET /Jurek/rider/feeds/rider_bol.xml HTTP/1.0" 200 8165171 "-" "-"
89.161.206.59 - - [14/Apr/2025:00:07:29 +0200] "GET /Jurek/eldar/feeds/eldar_bol.xml HTTP/1.0" 200 7329739 "-" "-"
89.161.206.59 - - [14/Apr/2025:00:07:29 +0200] "GET /Jurek/primohurt/feeds/primohurt_bol.xml HTTP/1.0" 200 17186762 "-" "-"
89.161.206.59 - - [14/Apr/2025:00:07:30 +0200] "GET /Jurek/najtanszysport/feeds/najtanszysport_bol.xml HTTP/1.0" 200 3983111 "-" "-"
89.161.206.59 - - [14/Apr/2025:00:07:30 +0200] "GET /Jurek/motofan/feeds/motofan_bol.xml HTTP/1.0" 200 2392160 "-" "-"
89.161.206.59 - - [14/Apr/2025:00:07:32 +0200] "GET /Jurek/topeshop/feeds/topeshop_bol.xml HTTP/1.0" 200 2633144 "-" "-"
89.161.206.59 - - [14/Apr/2025:00:07:33 +0200] "GET /Jurek/eurofirany/feeds/eurofirany_bol.xml HTTP/1.0" 200 19329959 "-" "-"
51.77.52.107 - - [14/Apr/2025:00:07:34 +0200] "GET /Jurek/eurofirany/images/424852/0.jpg HTTP/2.0" 200 90931 "-" "baselinker"
89.161.206.59 - - [14/Apr/2025:00:07:34 +0200] "GET /Jurek/pupus/feeds/pupus_bol.xml HTTP/1.0" 200 6154577 "-" "-"
89.161.206.59 - - [14/Apr/2025:00:07:36 +0200] "GET /Jurek/playcob/feeds/playcob_bol.xml HTTP/1.0" 200 6980186 "-" "-"
89.161.206.59 - - [14/Apr/2025:00:07:37 +0200] "GET /Jurek/maksik/feeds/maksik_bol.xml HTTP/1.0" 200 4084768 "-" "-"
89.161.206.59 - - [14/Apr/2025:00:07:37 +0200] "GET /Jurek/hanex/feeds/hanex_BOL.xml HTTP/1.0" 200 13931585 "-" "-"
89.161.206.59 - - [14/Apr/2025:00:07:38 +0200] "GET /Jurek/roger/feeds/roger_bol.xml HTTP/1.0" 200 1147380 "-" "-"
89.161.206.59 - - [14/Apr/2025:00:07:38 +0200] "GET /Jurek/smxdesign/feeds/smxdesign_bol.xml HTTP/1.0" 200 1829023 "-" "-"
89.161.206.59 - - [14/Apr/2025:00:07:38 +0200] "GET /Jurek/shiori/feeds/shiori_bol.xml HTTP/1.0" 200 453647 "-" "-"
89.161.206.59 - - [14/Apr/2025:00:07:39 +0200] "GET /Jurek/dropkz/feeds/dropkz_bol.xml HTTP/1.0" 200 70013871 "-" "-"
51.77.52.107 - - [14/Apr/2025:00:07:42 +0200] "GET /Jurek/eurofirany/images/424854/0.jpg HTTP/2.0" 200 129771 "-" "baselinker"
89.161.206.59 - - [14/Apr/2025:00:07:43 +0200] "GET /Jurek/eoptimo/feeds/eoptimo_bol.xml HTTP/1.0" 200 2094375 "-" "-"
89.161.206.59 - - [14/Apr/2025:00:07:43 +0200] "GET /Jurek/sklep24amk/feeds/sklep24amk_bol.xml HTTP/1.0" 200 3894602 "-" "-"
89.161.206.59 - - [14/Apr/2025:00:07:43 +0200] "GET /Jurek/matkam/feeds/matkam_bol.xml HTTP/1.0" 200 5000750 "-" "-"
89.161.206.59 - - [14/Apr/2025:00:07:44 +0200] "GET /Jurek/sportprise/feeds/sportprise_bol.xml HTTP/1.0" 200 12725612 "-" "-"
89.161.206.59 - - [14/Apr/2025:00:07:44 +0200] "GET /Jurek/elavia/feeds/elavia_bol.xml HTTP/1.0" 200 2497263 "-" "-"
89.161.206.59 - - [14/Apr/2025:00:07:46 +0200] "GET /Jurek/zbimatyja/feeds/zbimatyja_bol.xml HTTP/1.0" 200 11670140 "-" "-"
89.161.206.59 - - [14/Apr/2025:00:07:46 +0200] "GET /Jurek/cdata/feeds/cdata_bol.xml HTTP/1.0" 200 1445085 "-" "-"
89.161.206.59 - - [14/Apr/2025:00:07:46 +0200] "GET /Jurek/broers/feeds/broers_bol.xml HTTP/1.0" 200 1982560 "-" "-"
89.161.206.59 - - [14/Apr/2025:00:07:46 +0200] "GET /Jurek/princelh/feeds/princelh_bol.xml HTTP/1.0" 200 133431 "-" "-"
89.161.206.59 - - [14/Apr/2025:00:07:47 +0200] "GET /Jurek/sartrix/feeds/sartrix_bol.xml HTTP/1.0" 200 649155 "-" "-"
89.161.206.59 - - [14/Apr/2025:00:07:47 +0200] "GET /Jurek/hdwr/feeds/hdwr_BOL.xml HTTP/1.0" 200 789399 "-" "-"
89.161.206.59 - - [14/Apr/2025:00:07:48 +0200] "GET /Jurek/szpaklampy/feeds/szpaklampy_bol.xml HTTP/1.0" 200 388218 "-" "-"
89.161.206.59 - - [14/Apr/2025:00:07:48 +0200] "GET /Jurek/techrebal/feeds/techrebal_bol.xml HTTP/1.0" 200 1989741 "-" "-"
89.161.206.59 - - [14/Apr/2025:00:07:48 +0200] "GET /Jurek/muminky/feeds/muminky_bol.xml HTTP/1.0" 200 2677694 "-" "-"
89.161.206.59 - - [14/Apr/2025:00:07:48 +0200] "GET /Jurek/nonabox/feeds/nonabox_bol.xml HTTP/1.0" 200 33867 "-" "-"
89.161.206.59 - - [14/Apr/2025:00:07:48 +0200] "GET /Jurek/nexus/feeds/nexus_bol.xml HTTP/1.0" 200 226642 "-" "-"
89.161.206.59 - - [14/Apr/2025:00:07:49 +0200] "GET /Jurek/pagmil/feeds/pagmil_bol.xml HTTP/1.0" 200 1802840 "-" "-"
89.161.206.59 - - [14/Apr/2025:00:07:49 +0200] "GET /Jurek/proparts/feeds/proparts_bol.xml HTTP/1.0" 200 707471 "-" "-"
89.161.206.59 - - [14/Apr/2025:00:07:49 +0200] "GET /Jurek/techrebalina/feeds/techrebalina_bol.xml HTTP/1.0" 200 2011219 "-" "-"
89.161.206.59 - - [14/Apr/2025:00:07:49 +0200] "GET /Jurek/cenoman/feeds/cenoman_bol.xml HTTP/1.0" 200 5993160 "-" "-"
89.161.206.59 - - [14/Apr/2025:00:07:49 +0200] "GET /Jurek/newtechele/feeds/newtechele_bol.xml HTTP/1.0" 200 2438509 "-" "-"
89.161.206.59 - - [14/Apr/2025:00:07:50 +0200] "GET /Jurek/beltimore/feeds/beltimore_bol.xml HTTP/1.0" 200 18651715 "-" "-"
51.77.52.107 - - [14/Apr/2025:00:07:50 +0200] "GET /Jurek/eurofirany/images/424854/0.jpg HTTP/2.0" 200 129771 "-" "baselinker"
51.77.52.107 - - [14/Apr/2025:00:07:57 +0200] "GET /Jurek/eurofirany/images/424854/0.jpg HTTP/2.0" 200 129771 "-" "baselinker"
89.161.206.59 - - [14/Apr/2025:00:07:58 +0200] "GET /Jurek/rems/feeds/rems_bol.xml HTTP/1.0" 200 8706194 "-" "-"
89.161.206.59 - - [14/Apr/2025:00:07:59 +0200] "GET /Jurek/luxma/feeds/luxma_bol.xml HTTP/1.0" 200 8058599 "-" "-"
51.77.52.107 - - [14/Apr/2025:00:08:02 +0200] "GET /Jurek/eurofirany/images/424855/0.jpg HTTP/2.0" 200 129771 "-" "baselinker"
51.77.52.107 - - [14/Apr/2025:00:08:06 +0200] "GET /Jurek/eurofirany/images/424855/0.jpg HTTP/2.0" 200 129771 "-" "baselinker"
51.77.52.107 - - [14/Apr/2025:00:08:09 +0200] "GET /Jurek/eurofirany/images/424855/0.jpg HTTP/2.0" 200 129771 "-" "baselinker"
51.77.52.107 - - [14/Apr/2025:00:08:14 +0200] "GET /Jurek/eurofirany/images/424868/0.jpg HTTP/2.0" 200 122921 "-" "baselinker"
51.77.52.107 - - [14/Apr/2025:00:08:28 +0200] "GET /Jurek/eurofirany/images/424868/0.jpg HTTP/2.0" 200 122921 "-" "baselinker"
51.77.52.107 - - [14/Apr/2025:00:08:32 +0200] "GET /Jurek/eurofirany/images/424868/0.jpg HTTP/2.0" 200 122921 "-" "baselinker"
51.77.52.107 - - [14/Apr/2025:00:08:35 +0200] "GET /Jurek/eurofirany/images/424869/0.jpg HTTP/2.0" 200 122921 "-" "baselinker"
51.77.52.107 - - [14/Apr/2025:00:08:48 +0200] "GET /Jurek/eurofirany/images/424869/0.jpg HTTP/2.0" 200 122921 "-" "baselinker"
51.77.52.107 - - [14/Apr/2025:00:08:52 +0200] "GET /Jurek/eurofirany/images/424869/0.jpg HTTP/2.0" 200 122921 "-" "baselinker"
51.77.52.107 - - [14/Apr/2025:00:08:58 +0200] "GET /Jurek/eurofirany/images/435103/0.jpg HTTP/2.0" 200 129174 "-" "baselinker"
51.77.52.107 - - [14/Apr/2025:00:09:01 +0200] "GET /Jurek/eurofirany/images/435103/0.jpg HTTP/2.0" 200 129174 "-" "baselinker"
51.77.52.107 - - [14/Apr/2025:00:09:05 +0200] "GET /Jurek/eurofirany/images/435103/0.jpg HTTP/2.0" 200 129174 "-" "baselinker"
51.77.52.107 - - [14/Apr/2025:00:09:10 +0200] "GET /Jurek/eurofirany/images/435106/0.jpg HTTP/2.0" 200 112980 "-" "baselinker"
46.101.116.244 - - [14/Apr/2025:00:09:13 +0200] "GET /Jurek/vivaldi/feeds/vivaldi_allegro.xml HTTP/1.0" 200 344685 "-" "-"
46.101.116.244 - - [14/Apr/2025:00:09:14 +0200] "GET /Jurek/kokiska/feeds/kokiska_allegro.xml HTTP/1.0" 200 11781876 "-" "-"
51.77.52.107 - - [14/Apr/2025:00:09:16 +0200] "GET /Jurek/eurofirany/images/435106/0.jpg HTTP/2.0" 200 112980 "-" "baselinker"
51.77.52.107 - - [14/Apr/2025:00:09:22 +0200] "GET /Jurek/eurofirany/images/435106/0.jpg HTTP/2.0" 200 112980 "-" "baselinker"
51.77.52.107 - - [14/Apr/2025:00:09:27 +0200] "GET /Jurek/eurofirany/images/435107/0.jpg HTTP/2.0" 200 116779 "-" "baselinker"
51.77.52.107 - - [14/Apr/2025:00:09:39 +0200] "GET /Jurek/eurofirany/images/435107/0.jpg HTTP/2.0" 200 116779 "-" "baselinker"
51.77.52.107 - - [14/Apr/2025:00:09:42 +0200] "GET /Jurek/eurofirany/images/435107/0.jpg HTTP/2.0" 200 116779 "-" "baselinker"
51.77.52.107 - - [14/Apr/2025:00:09:52 +0200] "GET /Jurek/eurofirany/images/435110/0.jpg HTTP/2.0" 200 123225 "-" "baselinker"
51.77.52.107 - - [14/Apr/2025:00:10:03 +0200] "GET /Jurek/eurofirany/images/435110/0.jpg HTTP/2.0" 200 123225 "-" "baselinker"
66.249.64.165 - - [14/Apr/2025:00:10:04 +0200] "GET /Jurek/topeshop/downloaded_images/5904507209377_GLINASZAFADUOFRONTOT.jpg HTTP/1.1" 404 3551 "-" "Googlebot-Image/1.0"
66.249.64.165 - - [14/Apr/2025:00:10:04 +0200] "GET /Jurek/topeshop/downloaded_images/5904507209377_GLINASZAFADUOFRONTZM.jpg HTTP/1.1" 404 3551 "-" "Googlebot-Image/1.0"
51.77.52.107 - - [14/Apr/2025:00:10:14 +0200] "GET /Jurek/eurofirany/images/435110/0.jpg HTTP/2.0" 200 123225 "-" "baselinker"
51.77.52.107 - - [14/Apr/2025:00:10:20 +0200] "GET /Jurek/eurofirany/images/435116/0.jpg HTTP/2.0" 200 147629 "-" "baselinker"
51.77.52.107 - - [14/Apr/2025:00:10:24 +0200] "GET /Jurek/eurofirany/images/435116/0.jpg HTTP/2.0" 200 147629 "-" "baselinker"
51.77.52.107 - - [14/Apr/2025:00:10:38 +0200] "GET /Jurek/eurofirany/images/435116/0.jpg HTTP/2.0" 200 147629 "-" "baselinker"
51.77.52.107 - - [14/Apr/2025:00:10:51 +0200] "GET /Jurek/eurofirany/images/435104/0.jpg HTTP/2.0" 200 56132 "-" "baselinker"
51.77.52.107 - - [14/Apr/2025:00:11:02 +0200] "GET /Jurek/eurofirany/images/435104/0.jpg HTTP/2.0" 200 56132 "-" "baselinker"
51.77.52.107 - - [14/Apr/2025:00:11:07 +0200] "GET /Jurek/eurofirany/images/435104/0.jpg HTTP/2.0" 200 56132 "-" "baselinker"
51.77.52.107 - - [14/Apr/2025:00:11:18 +0200] "GET /Jurek/eurofirany/images/435105/0.jpg HTTP/2.0" 200 53815 "-" "baselinker"
51.77.52.107 - - [14/Apr/2025:00:11:23 +0200] "GET /Jurek/eurofirany/images/435105/0.jpg HTTP/2.0" 200 53815 "-" "baselinker"
46.101.116.244 - - [14/Apr/2025:00:11:31 +0200] "GET /Jurek/aw/feeds/aw_fnacfr.xml HTTP/1.0" 404 3551 "-" "-"
51.77.52.107 - - [14/Apr/2025:00:11:34 +0200] "GET /Jurek/eurofirany/images/435105/0.jpg HTTP/2.0" 200 53815 "-" "baselinker"
51.77.52.107 - - [14/Apr/2025:00:11:39 +0200] "GET /Jurek/eurofirany/images/435114/0.jpg HTTP/2.0" 200 123301 "-" "baselinker"
51.77.52.107 - - [14/Apr/2025:00:11:45 +0200] "GET /Jurek/eurofirany/images/435114/0.jpg HTTP/2.0" 200 123301 "-" "baselinker"
51.77.52.107 - - [14/Apr/2025:00:12:00 +0200] "GET /Jurek/eurofirany/images/435114/0.jpg HTTP/2.0" 200 123301 "-" "baselinker"
51.77.52.107 - - [14/Apr/2025:00:12:05 +0200] "GET /Jurek/eurofirany/images/435115/0.jpg HTTP/2.0" 200 114885 "-" "baselinker"
46.101.116.244 - - [14/Apr/2025:00:12:11 +0200] "GET /Jurek/aw/feeds/aw_fnacfr.xml HTTP/1.0" 404 3551 "-" "-"
51.77.52.107 - - [14/Apr/2025:00:12:19 +0200] "GET /Jurek/eurofirany/images/435115/0.jpg HTTP/2.0" 200 114885 "-" "baselinker"
51.77.52.107 - - [14/Apr/2025:00:12:23 +0200] "GET /Jurek/eurofirany/images/435115/0.jpg HTTP/2.0" 200 114885 "-" "baselinker"
51.77.52.107 - - [14/Apr/2025:00:12:38 +0200] "GET /Jurek/eurofirany/images/375304/0.jpg HTTP/2.0" 200 69584 "-" "baselinker"
51.77.52.107 - - [14/Apr/2025:00:12:43 +0200] "GET /Jurek/eurofirany/images/375304/0.jpg HTTP/2.0" 200 69584 "-" "baselinker"
51.77.52.107 - - [14/Apr/2025:00:12:48 +0200] "GET /Jurek/eurofirany/images/375304/0.jpg HTTP/2.0" 200 69584 "-" "baselinker"
51.77.52.107 - - [14/Apr/2025:00:12:53 +0200] "GET /Jurek/eurofirany/images/375305/0.jpg HTTP/2.0" 200 76338 "-" "baselinker"
178.21.154.6 - - [14/Apr/2025:00:12:54 +0200] "GET /Jurek/eurofirany/images/438726/0.jpg HTTP/1.1" 200 107205 "-" "-"
51.77.52.107 - - [14/Apr/2025:00:12:58 +0200] "GET /Jurek/eurofirany/images/375305/0.jpg HTTP/2.0" 200 76338 "-" "baselinker"
51.77.52.107 - - [14/Apr/2025:00:13:05 +0200] "GET /Jurek/eurofirany/images/375305/0.jpg HTTP/2.0" 200 76338 "-" "baselinker"
51.77.52.107 - - [14/Apr/2025:00:13:11 +0200] "GET /Jurek/eurofirany/images/453313/0.jpg HTTP/2.0" 200 73385 "-" "baselinker"
51.77.52.107 - - [14/Apr/2025:00:13:24 +0200] "GET /Jurek/eurofirany/images/453313/0.jpg HTTP/2.0" 200 73385 "-" "baselinker"
51.77.52.107 - - [14/Apr/2025:00:14:02 +0200] "GET /Jurek/eurofirany/images/453313/0.jpg HTTP/2.0" 200 73385 "-" "baselinker"
51.77.52.107 - - [14/Apr/2025:00:14:16 +0200] "GET /Jurek/eurofirany/images/455895/0.jpg HTTP/2.0" 200 92969 "-" "baselinker"
51.77.52.107 - - [14/Apr/2025:00:14:31 +0200] "GET /Jurek/eurofirany/images/455895/0.jpg HTTP/2.0" 200 92969 "-" "baselinker"
51.77.52.107 - - [14/Apr/2025:00:14:33 +0200] "GET /Jurek/eurofirany/images/455895/0.jpg HTTP/2.0" 200 92969 "-" "baselinker"
51.77.52.107 - - [14/Apr/2025:00:14:37 +0200] "GET /Jurek/eurofirany/images/455896/0.jpg HTTP/2.0" 200 75847 "-" "baselinker"
51.77.52.107 - - [14/Apr/2025:00:14:49 +0200] "GET /Jurek/eurofirany/images/455896/0.jpg HTTP/2.0" 200 75847 "-" "baselinker"
51.77.52.107 - - [14/Apr/2025:00:15:02 +0200] "GET /Jurek/eurofirany/images/455896/0.jpg HTTP/2.0" 200 75847 "-" "baselinker"
51.77.52.107 - - [14/Apr/2025:00:15:18 +0200] "GET /Jurek/eurofirany/images/455897/0.jpg HTTP/2.0" 200 69209 "-" "baselinker"
51.77.52.107 - - [14/Apr/2025:00:15:32 +0200] "GET /Jurek/eurofirany/images/455897/0.jpg HTTP/2.0" 200 69209 "-" "baselinker"
51.77.52.107 - - [14/Apr/2025:00:15:41 +0200] "GET /Jurek/eurofirany/images/455897/0.jpg HTTP/2.0" 200 69209 "-" "baselinker"
51.77.52.107 - - [14/Apr/2025:00:15:53 +0200] "GET /Jurek/eurofirany/images/455898/0.jpg HTTP/2.0" 200 54261 "-" "baselinker"
51.77.52.107 - - [14/Apr/2025:00:16:06 +0200] "GET /Jurek/eurofirany/images/455898/0.jpg HTTP/2.0" 200 54261 "-" "baselinker"
46.101.116.244 - - [14/Apr/2025:00:16:15 +0200] "GET /Jurek/aw/feeds/aw_fnacfr.xml HTTP/1.0" 404 3551 "-" "-"
51.77.52.107 - - [14/Apr/2025:00:16:20 +0200] "GET /Jurek/eurofirany/images/455898/0.jpg HTTP/2.0" 200 54261 "-" "baselinker"
51.77.52.107 - - [14/Apr/2025:00:16:33 +0200] "GET /Jurek/eurofirany/images/454868/0.jpg HTTP/2.0" 200 68263 "-" "baselinker"
51.77.52.107 - - [14/Apr/2025:00:16:47 +0200] "GET /Jurek/eurofirany/images/454868/0.jpg HTTP/2.0" 200 68263 "-" "baselinker"
51.77.52.107 - - [14/Apr/2025:00:16:59 +0200] "GET /Jurek/eurofirany/images/454868/0.jpg HTTP/2.0" 200 68263 "-" "baselinker"
51.77.52.107 - - [14/Apr/2025:00:17:06 +0200] "GET /Jurek/eurofirany/images/454869/0.jpg HTTP/2.0" 200 66750 "-" "baselinker"
51.77.52.107 - - [14/Apr/2025:00:17:11 +0200] "GET /Jurek/eurofirany/images/454869/0.jpg HTTP/2.0" 200 66750 "-" "baselinker"
51.77.52.107 - - [14/Apr/2025:00:17:25 +0200] "GET /Jurek/eurofirany/images/454869/0.jpg HTTP/2.0" 200 66750 "-" "baselinker"
51.77.52.107 - - [14/Apr/2025:00:17:37 +0200] "GET /Jurek/eurofirany/images/454870/0.jpg HTTP/2.0" 200 63152 "-" "baselinker"
51.77.52.107 - - [14/Apr/2025:00:17:46 +0200] "GET /Jurek/eurofirany/images/454870/0.jpg HTTP/2.0" 200 63152 "-" "baselinker"
51.77.52.107 - - [14/Apr/2025:00:17:56 +0200] "GET /Jurek/eurofirany/images/454870/0.jpg HTTP/2.0" 200 63152 "-" "baselinker"
51.77.52.107 - - [14/Apr/2025:00:17:59 +0200] "GET /Jurek/eurofirany/images/454871/0.jpg HTTP/2.0" 200 71463 "-" "baselinker"
51.77.52.107 - - [14/Apr/2025:00:18:13 +0200] "GET /Jurek/eurofirany/images/454871/0.jpg HTTP/2.0" 200 71463 "-" "baselinker"
51.77.52.107 - - [14/Apr/2025:00:18:16 +0200] "GET /Jurek/eurofirany/images/454871/0.jpg HTTP/2.0" 200 71463 "-" "baselinker"
51.77.52.107 - - [14/Apr/2025:00:18:20 +0200] "GET /Jurek/eurofirany/images/454874/0.jpg HTTP/2.0" 200 59949 "-" "baselinker"
51.77.52.107 - - [14/Apr/2025:00:18:31 +0200] "GET /Jurek/eurofirany/images/454874/0.jpg HTTP/2.0" 200 59949 "-" "baselinker"
51.77.52.107 - - [14/Apr/2025:00:18:34 +0200] "GET /Jurek/eurofirany/images/454874/0.jpg HTTP/2.0" 200 59949 "-" "baselinker"
51.77.52.107 - - [14/Apr/2025:00:18:55 +0200] "GET /Jurek/eurofirany/images/454875/0.jpg HTTP/2.0" 200 69970 "-" "baselinker"
51.77.52.107 - - [14/Apr/2025:00:19:07 +0200] "GET /Jurek/eurofirany/images/454875/0.jpg HTTP/2.0" 200 69970 "-" "baselinker"
51.77.52.107 - - [14/Apr/2025:00:19:20 +0200] "GET /Jurek/eurofirany/images/454875/0.jpg HTTP/2.0" 200 69970 "-" "baselinker"
89.161.206.59 - - [14/Apr/2025:00:19:30 +0200] "GET /Jurek/proadventure/feeds/proadventure_skr.xml HTTP/1.0" 200 10763573 "-" "-"
89.161.206.59 - - [14/Apr/2025:00:19:31 +0200] "GET /Jurek/bloomglow/feeds/bloomglow_skr.xml HTTP/1.0" 200 13214475 "-" "-"
51.77.52.107 - - [14/Apr/2025:00:19:37 +0200] "GET /Jurek/eurofirany/images/454876/0.jpg HTTP/2.0" 200 65281 "-" "baselinker"
51.77.52.107 - - [14/Apr/2025:00:19:49 +0200] "GET /Jurek/eurofirany/images/454876/0.jpg HTTP/2.0" 200 65281 "-" "baselinker"
51.77.52.107 - - [14/Apr/2025:00:19:54 +0200] "GET /Jurek/eurofirany/images/454876/0.jpg HTTP/2.0" 200 65281 "-" "baselinker"
51.77.52.107 - - [14/Apr/2025:00:19:59 +0200] "GET /Jurek/eurofirany/images/454878/0.jpg HTTP/2.0" 200 64787 "-" "baselinker"
89.161.206.59 - - [14/Apr/2025:00:20:02 +0200] "GET /Jurek/rems/feeds/rems_skr.xml HTTP/1.0" 200 8706255 "-" "-"
51.77.52.107 - - [14/Apr/2025:00:20:06 +0200] "GET /Jurek/eurofirany/images/454878/0.jpg HTTP/2.0" 200 64787 "-" "baselinker"
51.77.52.107 - - [14/Apr/2025:00:20:11 +0200] "GET /Jurek/eurofirany/images/454878/0.jpg HTTP/2.0" 200 64787 "-" "baselinker"
51.77.52.107 - - [14/Apr/2025:00:20:23 +0200] "GET /Jurek/eurofirany/images/454879/0.jpg HTTP/2.0" 200 78913 "-" "baselinker"
51.77.52.107 - - [14/Apr/2025:00:20:38 +0200] "GET /Jurek/eurofirany/images/454879/0.jpg HTTP/2.0" 200 78913 "-" "baselinker"
51.77.52.107 - - [14/Apr/2025:00:20:51 +0200] "GET /Jurek/eurofirany/images/454879/0.jpg HTTP/2.0" 200 78913 "-" "baselinker"
51.77.52.107 - - [14/Apr/2025:00:20:53 +0200] "GET /Jurek/eurofirany/images/454880/0.jpg HTTP/2.0" 200 74257 "-" "baselinker"
51.77.52.107 - - [14/Apr/2025:00:20:59 +0200] "GET /Jurek/eurofirany/images/454880/0.jpg HTTP/2.0" 200 74257 "-" "baselinker"
46.101.116.244 - - [14/Apr/2025:00:21:11 +0200] "GET /Jurek/aw/feeds/aw_fnacfr.xml HTTP/1.0" 404 3551 "-" "-"
51.77.52.107 - - [14/Apr/2025:00:21:12 +0200] "GET /Jurek/eurofirany/images/454880/0.jpg HTTP/2.0" 200 74257 "-" "baselinker"
51.77.52.107 - - [14/Apr/2025:00:21:15 +0200] "GET /Jurek/eurofirany/images/454881/0.jpg HTTP/2.0" 200 62968 "-" "baselinker"
62.146.215.33 - - [14/Apr/2025:00:21:17 +0200] "GET /Jurek/topeshop/downloaded_images/5904507201883_MIJASBIURKOBRY%C5%81KAANTRACYTPRAWEBOKZM.jpg HTTP/2.0" 404 3551 "-" "billigerbot/1.0"
51.77.52.107 - - [14/Apr/2025:00:21:31 +0200] "GET /Jurek/eurofirany/images/454881/0.jpg HTTP/2.0" 200 62968 "-" "baselinker"
51.77.52.107 - - [14/Apr/2025:00:21:35 +0200] "GET /Jurek/eurofirany/images/454881/0.jpg HTTP/2.0" 200 62968 "-" "baselinker"
51.77.52.107 - - [14/Apr/2025:00:21:51 +0200] "GET /Jurek/eurofirany/images/454882/0.jpg HTTP/2.0" 200 51122 "-" "baselinker"
89.161.206.59 - - [14/Apr/2025:00:21:52 +0200] "GET /Jurek/slayo/feeds/slayo_emagro.xml HTTP/1.0" 200 183631 "-" "-"
89.161.206.59 - - [14/Apr/2025:00:21:53 +0200] "GET /Jurek/bass/feeds/bass_emagro.xml HTTP/1.0" 200 3985567 "-" "-"
89.161.206.59 - - [14/Apr/2025:00:21:53 +0200] "GET /Jurek/mosti/feeds/mosti_emagro.xml HTTP/1.0" 200 4628102 "-" "-"
89.161.206.59 - - [14/Apr/2025:00:21:53 +0200] "GET /Jurek/ralmetal/feeds/ralmetal_emag.xml HTTP/1.0" 200 1787426 "-" "-"
89.161.206.59 - - [14/Apr/2025:00:21:53 +0200] "GET /Jurek/oromed/feeds/oromed_emagro.xml HTTP/1.0" 200 1096133 "-" "-"
89.161.206.59 - - [14/Apr/2025:00:21:54 +0200] "GET /Jurek/b3/feeds/b3_emagro.xml HTTP/1.0" 200 8032764 "-" "-"
89.161.206.59 - - [14/Apr/2025:00:21:55 +0200] "GET /Jurek/narzbud/feeds/narzbud_emagro.xml HTTP/1.0" 200 1901334 "-" "-"
89.161.206.59 - - [14/Apr/2025:00:21:55 +0200] "GET /Jurek/swiatecznygoliat/feeds/swiatecznygoliat_emagro.xml HTTP/1.0" 200 7054981 "-" "-"
89.161.206.59 - - [14/Apr/2025:00:21:55 +0200] "GET /Jurek/drops/feeds/dropsofficecolection_emagro.xml HTTP/1.0" 200 790649 "-" "-"
89.161.206.59 - - [14/Apr/2025:00:21:55 +0200] "GET /Jurek/szpaklampy/feeds/szpaklampy_emagro.xml HTTP/1.0" 200 388357 "-" "-"
89.161.206.59 - - [14/Apr/2025:00:21:55 +0200] "GET /Jurek/spali/feeds/spali_emagro.xml HTTP/1.0" 200 77071 "-" "-"
89.161.206.59 - - [14/Apr/2025:00:21:55 +0200] "GET /Jurek/combine/feeds/combine_EMAGRO.xml HTTP/1.0" 200 210574 "-" "-"
89.161.206.59 - - [14/Apr/2025:00:21:56 +0200] "GET /Jurek/velinda/feeds/velinda_emagro.xml HTTP/1.0" 200 23441 "-" "-"
89.161.206.59 - - [14/Apr/2025:00:21:56 +0200] "GET /Jurek/urwiskowo/feeds/urwiskowo_emagro.xml HTTP/1.0" 200 9116261 "-" "-"
89.161.206.59 - - [14/Apr/2025:00:21:56 +0200] "GET /Jurek/reman/feeds/reman_emagro.xml HTTP/1.0" 200 1394904 "-" "-"
89.161.206.59 - - [14/Apr/2025:00:21:56 +0200] "GET /Jurek/edruk/feeds/edruk_emagro.xml HTTP/1.0" 200 14177745 "-" "-"
89.161.206.59 - - [14/Apr/2025:00:21:57 +0200] "GET /Jurek/erohurtownia/feeds/erohurtownia_emagro.xml HTTP/1.0" 200 22855854 "-" "-"
51.77.52.107 - - [14/Apr/2025:00:22:03 +0200] "GET /Jurek/eurofirany/images/454882/0.jpg HTTP/2.0" 200 51122 "-" "baselinker"
51.77.52.107 - - [14/Apr/2025:00:22:06 +0200] "GET /Jurek/eurofirany/images/454882/0.jpg HTTP/2.0" 200 51122 "-" "baselinker"
51.77.52.107 - - [14/Apr/2025:00:22:11 +0200] "GET /Jurek/eurofirany/images/454883/0.jpg HTTP/2.0" 200 52778 "-" "baselinker"
51.77.52.107 - - [14/Apr/2025:00:22:25 +0200] "GET /Jurek/eurofirany/images/454883/0.jpg HTTP/2.0" 200 52778 "-" "baselinker"
66.211.183.73 - - [14/Apr/2025:00:22:32 +0200] "GET /Jurek/eurofirany/images/431872/0.jpg HTTP/1.1" 200 74878 "-" "Java/17.0.13.0.101"
51.77.52.107 - - [14/Apr/2025:00:22:40 +0200] "GET /Jurek/eurofirany/images/454883/0.jpg HTTP/2.0" 200 52778 "-" "baselinker"
89.161.206.59 - - [14/Apr/2025:00:22:41 +0200] "GET /Jurek/cbdgreen/feeds/cbdgreen_emagro.xml HTTP/1.0" 200 50547 "-" "-"
89.161.206.59 - - [14/Apr/2025:00:22:41 +0200] "GET /Jurek/ekolight/feeds/ekolioght_emagro.xml HTTP/1.0" 200 9054876 "-" "-"
89.161.206.59 - - [14/Apr/2025:00:22:41 +0200] "GET /Jurek/eldar/feeds/eldar_emagro.xml HTTP/1.0" 200 7337240 "-" "-"
89.161.206.59 - - [14/Apr/2025:00:22:42 +0200] "GET /Jurek/motofan/feeds/motofan_emagro.xml HTTP/1.0" 200 2392185 "-" "-"
89.161.206.59 - - [14/Apr/2025:00:22:42 +0200] "GET /Jurek/sartrix/feeds/sartrix_emagro.xml HTTP/1.0" 200 649218 "-" "-"
89.161.206.59 - - [14/Apr/2025:00:22:42 +0200] "GET /Jurek/dekoele/feeds/dekoele_emagro.xml HTTP/1.0" 200 733956 "-" "-"
89.161.206.59 - - [14/Apr/2025:00:22:42 +0200] "GET /Jurek/expertauto/feeds/expertauto_emagro.xml HTTP/1.0" 200 1159159 "-" "-"
89.161.206.59 - - [14/Apr/2025:00:22:43 +0200] "GET /Jurek/rider/feeds/rider_emagro.xml HTTP/1.0" 200 8165924 "-" "-"
51.77.52.107 - - [14/Apr/2025:00:22:43 +0200] "GET /Jurek/eurofirany/images/453934/0.jpg HTTP/2.0" 200 40572 "-" "baselinker"
89.161.206.59 - - [14/Apr/2025:00:22:43 +0200] "GET /Jurek/pupus/feeds/pupus_emagro.xml HTTP/1.0" 200 6154942 "-" "-"
89.161.206.59 - - [14/Apr/2025:00:22:43 +0200] "GET /Jurek/beltimore/feeds/beltimore_emagro.xml HTTP/1.0" 200 18653288 "-" "-"
89.161.206.59 - - [14/Apr/2025:00:22:44 +0200] "GET /Jurek/smxdesign/feeds/smxdesign_emagro.xml HTTP/1.0" 200 1829194 "-" "-"
89.161.206.59 - - [14/Apr/2025:00:22:44 +0200] "GET /Jurek/muminky/feeds/muminky_emagro.xml HTTP/1.0" 200 2678083 "-" "-"
89.161.206.59 - - [14/Apr/2025:00:22:44 +0200] "GET /Jurek/eurofirany/feeds/eurofirany_emagro.xml HTTP/1.0" 200 19341289 "-" "-"
89.161.206.59 - - [14/Apr/2025:00:22:44 +0200] "GET /Jurek/qbox/feeds/qbox_emagro.xml HTTP/1.0" 200 398878 "-" "-"
89.161.206.59 - - [14/Apr/2025:00:22:45 +0200] "GET /Jurek/evil/feeds/evil_emagro.xml HTTP/1.0" 200 306430 "-" "-"
89.161.206.59 - - [14/Apr/2025:00:22:45 +0200] "GET /Jurek/dekornatort/feeds/dekornatort_emagro.xml HTTP/1.0" 200 225752 "-" "-"
89.161.206.59 - - [14/Apr/2025:00:22:45 +0200] "GET /Jurek/ekotex/feeds/ekotex_emagro.xml HTTP/1.0" 200 197970 "-" "-"
89.161.206.59 - - [14/Apr/2025:00:22:46 +0200] "GET /Jurek/twojsklep/feeds/twojsklep_emagro.xml HTTP/1.0" 200 126810 "-" "-"
89.161.206.59 - - [14/Apr/2025:00:22:46 +0200] "GET /Jurek/drewdon/feeds/drewdon_emagro.xml HTTP/1.0" 200 504522 "-" "-"
89.161.206.59 - - [14/Apr/2025:00:22:46 +0200] "GET /Jurek/wezer/feeds/wezer_emagro.xml HTTP/1.0" 200 210970 "-" "-"
89.161.206.59 - - [14/Apr/2025:00:22:46 +0200] "GET /Jurek/pasiekaslodka/feeds/pasiekaslodka_emagro.xml HTTP/1.0" 200 119685 "-" "-"
89.161.206.59 - - [14/Apr/2025:00:22:46 +0200] "GET /Jurek/lendo/feeds/lendo_emagro.xml HTTP/1.0" 200 330411 "-" "-"
89.161.206.59 - - [14/Apr/2025:00:22:47 +0200] "GET /Jurek/pawonik/feeds/pawonik_emagro.xml HTTP/1.0" 200 2138620 "-" "-"
89.161.206.59 - - [14/Apr/2025:00:22:48 +0200] "GET /Jurek/hurtmeblowy/feeds/hurtmeblowy_emagro.xml HTTP/1.0" 200 8496839 "-" "-"
89.161.206.59 - - [14/Apr/2025:00:22:48 +0200] "GET /Jurek/ikonka/feeds/ikonka_emagro.xml HTTP/1.0" 200 22187829 "-" "-"
89.161.206.59 - - [14/Apr/2025:00:22:49 +0200] "GET /Jurek/hurtownia_przemyslowa/feeds/hp_emagro.xml HTTP/1.0" 200 42445105 "-" "-"
89.161.206.59 - - [14/Apr/2025:00:22:51 +0200] "GET /Jurek/fertone/feeds/fertone_skroutz.xml HTTP/1.0" 200 576486 "-" "-"
66.249.64.165 - - [14/Apr/2025:00:22:53 +0200] "GET /Jurek/topeshop/downloaded_images/5904507209841_Rtv_slim_160_kaszmir(1).jpg HTTP/1.1" 404 3551 "-" "Googlebot-Image/1.0"
66.249.64.165 - - [14/Apr/2025:00:22:53 +0200] "GET /Jurek/topeshop/downloaded_images/5904507209841_Rtv_slim_160_kaszmir-(3).jpg HTTP/1.1" 404 3551 "-" "Googlebot-Image/1.0"
66.249.64.165 - - [14/Apr/2025:00:22:54 +0200] "GET /Jurek/topeshop/downloaded_images/5904507209841_RTV160KAMAROKASZMIRSLIMKPL_3.jpg HTTP/1.1" 404 3551 "-" "Googlebot-Image/1.0"
66.249.64.165 - - [14/Apr/2025:00:22:54 +0200] "GET /Jurek/topeshop/downloaded_images/5904507209841_RTV160KAMAROKASZMIRSLIMKPL_5.jpg HTTP/1.1" 404 3551 "-" "Googlebot-Image/1.0"
66.249.64.165 - - [14/Apr/2025:00:22:57 +0200] "GET /Jurek/topeshop/downloaded_images/5904507209841_RTV160KAMAROKASZMIRSLIMKPL_4.jpg HTTP/1.1" 404 3551 "-" "Googlebot-Image/1.0"
51.77.52.107 - - [14/Apr/2025:00:22:57 +0200] "GET /Jurek/eurofirany/images/453934/0.jpg HTTP/2.0" 200 40572 "-" "baselinker"
89.161.206.59 - - [14/Apr/2025:00:22:57 +0200] "GET /Jurek/luxma/feeds/luxma_skroutz.xml HTTP/1.0" 200 4419675 "-" "-"
66.249.64.165 - - [14/Apr/2025:00:22:58 +0200] "GET /Jurek/topeshop/downloaded_images/5904507209841_RTV160KAMAROKASZMIRSLIMKPL_1.jpg HTTP/1.1" 404 3551 "-" "Googlebot-Image/1.0"
89.161.206.59 - - [14/Apr/2025:00:22:59 +0200] "GET /Jurek/hlo/feeds/hlo_skroutz.xml HTTP/1.0" 200 4831033 "-" "-"
51.77.52.107 - - [14/Apr/2025:00:22:59 +0200] "GET /Jurek/eurofirany/images/453934/0.jpg HTTP/2.0" 200 40572 "-" "baselinker"
89.161.206.59 - - [14/Apr/2025:00:23:00 +0200] "GET /Jurek/madrex/feeds/madrex_skroutz.xml HTTP/1.0" 200 466719 "-" "-"
89.161.206.59 - - [14/Apr/2025:00:23:01 +0200] "GET /Jurek/purewear/feeds/purewear_skroutz.xml HTTP/1.0" 200 13350270 "-" "-"
66.249.64.165 - - [14/Apr/2025:00:23:01 +0200] "GET /Jurek/topeshop/downloaded_images/5904507209841_RTV160KAMAROKASZMIRSLIMKPL_2.jpg HTTP/1.1" 404 3551 "-" "Googlebot-Image/1.0"
89.161.206.59 - - [14/Apr/2025:00:23:01 +0200] "GET /Jurek/gandalf/feeds/gandalf_skr.xml HTTP/1.0" 200 1082273 "-" "-"
66.249.64.165 - - [14/Apr/2025:00:23:01 +0200] "GET /Jurek/topeshop/downloaded_images/5904507209841_wymiarytv160kamaro.jpg HTTP/1.1" 404 3551 "-" "Googlebot-Image/1.0"
66.249.64.165 - - [14/Apr/2025:00:23:02 +0200] "GET /Jurek/topeshop/downloaded_images/5904507209841_Rtv_slim_160_kaszmir-(1).jpg HTTP/1.1" 404 3551 "-" "Googlebot-Image/1.0"
51.77.52.107 - - [14/Apr/2025:00:23:14 +0200] "GET /Jurek/eurofirany/images/453935/0.jpg HTTP/2.0" 200 33905 "-" "baselinker"
51.77.52.107 - - [14/Apr/2025:00:23:18 +0200] "GET /Jurek/eurofirany/images/453935/0.jpg HTTP/2.0" 200 33905 "-" "baselinker"
89.161.206.59 - - [14/Apr/2025:00:23:22 +0200] "GET /Jurek/kobi/feeds/kobi_ebayde.xml HTTP/1.0" 200 713590 "-" "-"
89.161.206.59 - - [14/Apr/2025:00:23:22 +0200] "GET /Jurek/aiofactory/feeds/aiofactory_ebayde.xml HTTP/1.0" 200 2123782 "-" "-"
51.77.52.107 - - [14/Apr/2025:00:23:23 +0200] "GET /Jurek/eurofirany/images/453935/0.jpg HTTP/2.0" 200 33905 "-" "baselinker"
51.77.52.107 - - [14/Apr/2025:00:23:40 +0200] "GET /Jurek/eurofirany/images/453947/0.jpg HTTP/2.0" 200 34687 "-" "baselinker"
51.77.52.107 - - [14/Apr/2025:00:23:55 +0200] "GET /Jurek/eurofirany/images/453947/0.jpg HTTP/2.0" 200 34687 "-" "baselinker"
51.77.52.107 - - [14/Apr/2025:00:24:09 +0200] "GET /Jurek/eurofirany/images/453947/0.jpg HTTP/2.0" 200 34687 "-" "baselinker"
51.77.52.107 - - [14/Apr/2025:00:24:16 +0200] "GET /Jurek/eurofirany/images/453948/0.jpg HTTP/2.0" 200 34361 "-" "baselinker"
51.77.52.107 - - [14/Apr/2025:00:24:38 +0200] "GET /Jurek/eurofirany/images/453948/0.jpg HTTP/2.0" 200 34361 "-" "baselinker"
51.77.52.107 - - [14/Apr/2025:00:24:53 +0200] "GET /Jurek/eurofirany/images/453948/0.jpg HTTP/2.0" 200 34361 "-" "baselinker"
51.77.52.107 - - [14/Apr/2025:00:25:12 +0200] "GET /Jurek/eurofirany/images/460863/0.jpg HTTP/2.0" 200 97466 "-" "baselinker"
51.77.52.107 - - [14/Apr/2025:00:25:28 +0200] "GET /Jurek/eurofirany/images/460863/0.jpg HTTP/2.0" 200 97466 "-" "baselinker"
46.101.116.244 - - [14/Apr/2025:00:25:30 +0200] "GET /Jurek/eurofirany/feeds/eurofirany_erli.xml HTTP/1.0" 200 19333997 "-" "-"
51.77.52.107 - - [14/Apr/2025:00:25:40 +0200] "GET /Jurek/eurofirany/images/460863/0.jpg HTTP/2.0" 200 97466 "-" "baselinker"
51.77.52.107 - - [14/Apr/2025:00:25:43 +0200] "GET /Jurek/eurofirany/images/460864/0.jpg HTTP/2.0" 200 97535 "-" "baselinker"
51.77.52.107 - - [14/Apr/2025:00:25:57 +0200] "GET /Jurek/eurofirany/images/460864/0.jpg HTTP/2.0" 200 97535 "-" "baselinker"
51.77.52.107 - - [14/Apr/2025:00:26:09 +0200] "GET /Jurek/eurofirany/images/460864/0.jpg HTTP/2.0" 200 97535 "-" "baselinker"
51.77.52.107 - - [14/Apr/2025:00:26:15 +0200] "GET /Jurek/eurofirany/images/461419/0.jpg HTTP/2.0" 200 83490 "-" "baselinker"
51.77.52.107 - - [14/Apr/2025:00:26:36 +0200] "GET /Jurek/eurofirany/images/461419/0.jpg HTTP/2.0" 200 83490 "-" "baselinker"
51.77.52.107 - - [14/Apr/2025:00:26:51 +0200] "GET /Jurek/eurofirany/images/461419/0.jpg HTTP/2.0" 200 83490 "-" "baselinker"
51.77.52.107 - - [14/Apr/2025:00:27:06 +0200] "GET /Jurek/eurofirany/images/461420/0.jpg HTTP/2.0" 200 83496 "-" "baselinker"
51.77.52.107 - - [14/Apr/2025:00:27:23 +0200] "GET /Jurek/eurofirany/images/461420/0.jpg HTTP/2.0" 200 83496 "-" "baselinker"
51.77.52.107 - - [14/Apr/2025:00:27:36 +0200] "GET /Jurek/eurofirany/images/461420/0.jpg HTTP/2.0" 200 83496 "-" "baselinker"
51.77.52.107 - - [14/Apr/2025:00:27:49 +0200] "GET /Jurek/eurofirany/images/461508/0.jpg HTTP/2.0" 200 85796 "-" "baselinker"
51.77.52.107 - - [14/Apr/2025:00:28:01 +0200] "GET /Jurek/eurofirany/images/461508/0.jpg HTTP/2.0" 200 85796 "-" "baselinker"
51.77.52.107 - - [14/Apr/2025:00:28:15 +0200] "GET /Jurek/eurofirany/images/461508/0.jpg HTTP/2.0" 200 85796 "-" "baselinker"
51.77.52.107 - - [14/Apr/2025:00:28:28 +0200] "GET /Jurek/eurofirany/images/461509/0.jpg HTTP/2.0" 200 114494 "-" "baselinker"
51.77.52.107 - - [14/Apr/2025:00:28:40 +0200] "GET /Jurek/eurofirany/images/461509/0.jpg HTTP/2.0" 200 114494 "-" "baselinker"
51.77.52.107 - - [14/Apr/2025:00:28:52 +0200] "GET /Jurek/eurofirany/images/461509/0.jpg HTTP/2.0" 200 114494 "-" "baselinker"
51.77.52.107 - - [14/Apr/2025:00:29:08 +0200] "GET /Jurek/eurofirany/images/460514/0.jpg HTTP/2.0" 200 96022 "-" "baselinker"
51.77.52.107 - - [14/Apr/2025:00:29:21 +0200] "GET /Jurek/eurofirany/images/460514/0.jpg HTTP/2.0" 200 96022 "-" "baselinker"
89.161.206.59 - - [14/Apr/2025:00:29:34 +0200] "GET /Jurek/rosfix/feeds/rosfix_skroutz.xml HTTP/1.0" 200 34055627 "-" "-"
51.77.52.107 - - [14/Apr/2025:00:29:35 +0200] "GET /Jurek/eurofirany/images/460514/0.jpg HTTP/2.0" 200 96022 "-" "baselinker"
51.77.52.107 - - [14/Apr/2025:00:29:48 +0200] "GET /Jurek/eurofirany/images/460515/0.jpg HTTP/2.0" 200 91583 "-" "baselinker"
51.77.52.107 - - [14/Apr/2025:00:30:10 +0200] "GET /Jurek/eurofirany/images/460515/0.jpg HTTP/2.0" 200 91583 "-" "baselinker"
51.77.52.107 - - [14/Apr/2025:00:30:22 +0200] "GET /Jurek/eurofirany/images/460515/0.jpg HTTP/2.0" 200 91583 "-" "baselinker"
51.77.52.107 - - [14/Apr/2025:00:30:36 +0200] "GET /Jurek/eurofirany/images/460516/0.jpg HTTP/2.0" 200 115050 "-" "baselinker"
51.77.52.107 - - [14/Apr/2025:00:30:50 +0200] "GET /Jurek/eurofirany/images/460516/0.jpg HTTP/2.0" 200 115050 "-" "baselinker"
51.77.52.107 - - [14/Apr/2025:00:31:04 +0200] "GET /Jurek/eurofirany/images/460516/0.jpg HTTP/2.0" 200 115050 "-" "baselinker"
51.77.52.107 - - [14/Apr/2025:00:31:20 +0200] "GET /Jurek/eurofirany/images/460539/0.jpg HTTP/2.0" 200 70132 "-" "baselinker"
51.77.52.107 - - [14/Apr/2025:00:31:33 +0200] "GET /Jurek/eurofirany/images/460539/0.jpg HTTP/2.0" 200 70132 "-" "baselinker"
51.77.52.107 - - [14/Apr/2025:00:31:45 +0200] "GET /Jurek/eurofirany/images/460539/0.jpg HTTP/2.0" 200 70132 "-" "baselinker"
51.77.52.107 - - [14/Apr/2025:00:31:54 +0200] "GET /Jurek/eurofirany/images/460572/0.jpg HTTP/2.0" 200 75118 "-" "baselinker"
46.101.116.244 - - [14/Apr/2025:00:32:07 +0200] "GET /Jurek/aw/feeds/aw_fnacfr.xml HTTP/1.0" 404 3551 "-" "-"
66.211.183.72 - - [14/Apr/2025:00:32:09 +0200] "GET /Jurek/eurofirany/images/432982/0.jpg HTTP/1.1" 200 41292 "-" "Java/17.0.13.0.101"
51.77.52.107 - - [14/Apr/2025:00:32:09 +0200] "GET /Jurek/eurofirany/images/460572/0.jpg HTTP/2.0" 200 75118 "-" "baselinker"
51.77.52.107 - - [14/Apr/2025:00:32:22 +0200] "GET /Jurek/eurofirany/images/460572/0.jpg HTTP/2.0" 200 75118 "-" "baselinker"
89.161.206.59 - - [14/Apr/2025:00:32:24 +0200] "GET /Jurek/hurtownia_przemyslowa/feeds/hp_skroutz.xml HTTP/1.0" 200 49362739 "-" "-"
51.77.52.107 - - [14/Apr/2025:00:32:34 +0200] "GET /Jurek/eurofirany/images/461575/0.jpg HTTP/2.0" 200 81086 "-" "baselinker"
89.161.206.59 - - [14/Apr/2025:00:32:43 +0200] "GET /Jurek/kobi/feeds/kobi_bol.xml HTTP/1.0" 200 1993222 "-" "-"
