89.161.206.59 - - [14/Apr/2025:00:32:43 +0200] "GET /Jurek/mosti/feeds/mosti_bol.xml HTTP/1.0" 200 4628224 "-" "-"
89.161.206.59 - - [14/Apr/2025:00:32:43 +0200] "GET /Jurek/rosfix/feeds/rosfix_bol.xml HTTP/1.0" 200 35769636 "-" "-"
89.161.206.59 - - [14/Apr/2025:00:32:44 +0200] "GET /Jurek/evil/feeds/evil_bol.xml HTTP/1.0" 200 306385 "-" "-"
89.161.206.59 - - [14/Apr/2025:00:32:44 +0200] "GET /Jurek/drewdon/feeds/drewdon_bol.xml HTTP/1.0" 200 504434 "-" "-"
89.161.206.59 - - [14/Apr/2025:00:32:44 +0200] "GET /Jurek/dekoele/feeds/dekoele_bol.xml HTTP/1.0" 200 733936 "-" "-"
89.161.206.59 - - [14/Apr/2025:00:32:44 +0200] "GET /Jurek/pawonik/feeds/pawonik_bol.xml HTTP/1.0" 200 2138404 "-" "-"
89.161.206.59 - - [14/Apr/2025:00:32:46 +0200] "GET /Jurek/omi/feeds/omi_bol.xml HTTP/1.0" 200 8105540 "-" "-"
89.161.206.59 - - [14/Apr/2025:00:32:46 +0200] "GET /Jurek/reman/feeds/reman_bol.xml HTTP/1.0" 200 1394824 "-" "-"
89.161.206.59 - - [14/Apr/2025:00:32:47 +0200] "GET /Jurek/em3/feeds/em3_bol.xml HTTP/1.0" 200 258927 "-" "-"
89.161.206.59 - - [14/Apr/2025:00:32:47 +0200] "GET /Jurek/takapara/feeds/takapara_bol.xml HTTP/1.0" 200 1342597 "-" "-"
89.161.206.59 - - [14/Apr/2025:00:32:47 +0200] "GET /Jurek/kamar/feeds/kamar_bol.xml HTTP/1.0" 200 25550305 "-" "-"
89.161.206.59 - - [14/Apr/2025:00:32:49 +0200] "GET /Jurek/zenex/feeds/zenex_bol.xml HTTP/1.0" 200 540161 "-" "-"
89.161.206.59 - - [14/Apr/2025:00:32:49 +0200] "GET /Jurek/tsjerzy/feeds/tsjerzy_bol.xml HTTP/1.0" 200 3897704 "-" "-"
89.161.206.59 - - [14/Apr/2025:00:32:49 +0200] "GET /Jurek/carbonyway/feeds/carbonyway_bol.xml HTTP/1.0" 200 3076014 "-" "-"
89.161.206.59 - - [14/Apr/2025:00:32:49 +0200] "GET /Jurek/avenido/feeds/avenido_bol.xml HTTP/1.0" 200 720077 "-" "-"
89.161.206.59 - - [14/Apr/2025:00:32:50 +0200] "GET /Jurek/fertes/feeds/fertes_bol.xml HTTP/1.0" 200 2361789 "-" "-"
51.77.52.107 - - [14/Apr/2025:00:32:50 +0200] "GET /Jurek/eurofirany/images/461575/0.jpg HTTP/2.0" 200 81086 "-" "baselinker"
89.161.206.59 - - [14/Apr/2025:00:32:50 +0200] "GET /Jurek/filmal/feeds/filmal_bol.xml HTTP/1.0" 200 139279 "-" "-"
89.161.206.59 - - [14/Apr/2025:00:32:51 +0200] "GET /Jurek/sebmart/feeds/sebmart_bol.xml HTTP/1.0" 200 1598652 "-" "-"
89.161.206.59 - - [14/Apr/2025:00:32:51 +0200] "GET /Jurek/kalama/feeds/kalama_bol.xml HTTP/1.0" 200 2661697 "-" "-"
89.161.206.59 - - [14/Apr/2025:00:32:51 +0200] "GET /Jurek/amzteam/feeds/amzteam_bol.xml HTTP/1.0" 200 97875 "-" "-"
89.161.206.59 - - [14/Apr/2025:00:32:51 +0200] "GET /Jurek/equalo/feeds/equalo_bol.xml HTTP/1.0" 200 98006 "-" "-"
89.161.206.59 - - [14/Apr/2025:00:32:51 +0200] "GET /Jurek/mojeledy/feeds/mojeledy_bol.xml HTTP/1.0" 200 1018432 "-" "-"
89.161.206.59 - - [14/Apr/2025:00:32:52 +0200] "GET /Jurek/sovapl/feeds/sovapl_bol.xml HTTP/1.0" 200 8999829 "-" "-"
89.161.206.59 - - [14/Apr/2025:00:32:52 +0200] "GET /Jurek/apresto/feeds/apresto_bol.xml HTTP/1.0" 200 1327632 "-" "-"
89.161.206.59 - - [14/Apr/2025:00:32:53 +0200] "GET /Jurek/missionair/feeds/missionair_bol.xml HTTP/1.0" 200 3154892 "-" "-"
89.161.206.59 - - [14/Apr/2025:00:32:53 +0200] "GET /Jurek/mechdecor/feeds/mechdecor_bol.xml HTTP/1.0" 200 596189 "-" "-"
89.161.206.59 - - [14/Apr/2025:00:32:54 +0200] "GET /Jurek/alucon/feeds/alucon_bol.xml HTTP/1.0" 200 553580 "-" "-"
89.161.206.59 - - [14/Apr/2025:00:32:56 +0200] "GET /Jurek/zami/feeds/zami_bol.xml HTTP/1.0" 200 4472705 "-" "-"
51.77.52.107 - - [14/Apr/2025:00:33:06 +0200] "GET /Jurek/eurofirany/images/461575/0.jpg HTTP/2.0" 200 81086 "-" "baselinker"
89.161.206.59 - - [14/Apr/2025:00:33:09 +0200] "GET /Jurek/topeshop/feeds/topeshop_amazonFR.xml HTTP/1.0" 200 2633189 "-" "-"
89.161.206.59 - - [14/Apr/2025:00:33:09 +0200] "GET /Jurek/topeshop/feeds/topeshop_amazonIT.xml HTTP/1.0" 200 2633182 "-" "-"
89.161.206.59 - - [14/Apr/2025:00:33:09 +0200] "GET /Jurek/topeshop/feeds/topeshop_amazonDE.xml HTTP/1.0" 200 2633083 "-" "-"
89.161.206.59 - - [14/Apr/2025:00:33:09 +0200] "GET /Jurek/topeshop/feeds/topeshop_amazonSE.xml HTTP/1.0" 200 2633879 "-" "-"
89.161.206.59 - - [14/Apr/2025:00:33:10 +0200] "GET /Jurek/topeshop/feeds/topeshop_amazonES.xml HTTP/1.0" 200 2633206 "-" "-"
89.161.206.59 - - [14/Apr/2025:00:33:10 +0200] "GET /Jurek/topeshop/feeds/topeshop_amazonNL.xml HTTP/1.0" 200 2633172 "-" "-"
89.161.206.59 - - [14/Apr/2025:00:33:10 +0200] "GET /Jurek/topeshop/feeds/topeshop_amazonBE.xml HTTP/1.0" 200 2633215 "-" "-"
51.77.52.107 - - [14/Apr/2025:00:33:18 +0200] "GET /Jurek/eurofirany/images/463918/0.jpg HTTP/2.0" 200 82370 "-" "baselinker"
89.161.206.59 - - [14/Apr/2025:00:33:23 +0200] "GET /Jurek/b3/feeds/b3_amazones.xml HTTP/1.0" 200 8029859 "-" "-"
89.161.206.59 - - [14/Apr/2025:00:33:23 +0200] "GET /Jurek/b3/feeds/b3_amazonnl.xml HTTP/1.0" 200 8029751 "-" "-"
89.161.206.59 - - [14/Apr/2025:00:33:24 +0200] "GET /Jurek/b3/feeds/b3_amazonfr.xml HTTP/1.0" 200 8029835 "-" "-"
89.161.206.59 - - [14/Apr/2025:00:33:24 +0200] "GET /Jurek/ralmetal/feeds/ralmetal_amazonde.xml HTTP/1.0" 200 1808642 "-" "-"
89.161.206.59 - - [14/Apr/2025:00:33:24 +0200] "GET /Jurek/b3/feeds/b3_amazonit.xml HTTP/1.0" 200 8029898 "-" "-"
89.161.206.59 - - [14/Apr/2025:00:33:25 +0200] "GET /Jurek/oromed/feeds/oromed_amazonde.xml HTTP/1.0" 200 1095992 "-" "-"
89.161.206.59 - - [14/Apr/2025:00:33:25 +0200] "GET /Jurek/b3/feeds/b3_amazonse.xml HTTP/1.0" 200 8033352 "-" "-"
89.161.206.59 - - [14/Apr/2025:00:33:25 +0200] "GET /Jurek/b3/feeds/b3_amazonbe.xml HTTP/1.0" 200 8029779 "-" "-"
89.161.206.59 - - [14/Apr/2025:00:33:26 +0200] "GET /Jurek/ralmetal/feeds/ralmetal_amazonfr.xml HTTP/1.0" 200 1808639 "-" "-"
89.161.206.59 - - [14/Apr/2025:00:33:26 +0200] "GET /Jurek/ralmetal/feeds/ralmetal_amazonit.xml HTTP/1.0" 200 1808644 "-" "-"
89.161.206.59 - - [14/Apr/2025:00:33:26 +0200] "GET /Jurek/ralmetal/feeds/ralmetal_amazonnl.xml HTTP/1.0" 200 1808627 "-" "-"
89.161.206.59 - - [14/Apr/2025:00:33:26 +0200] "GET /Jurek/ralmetal/feeds/ralmetal_amazones.xml HTTP/1.0" 200 1808645 "-" "-"
89.161.206.59 - - [14/Apr/2025:00:33:32 +0200] "GET /Jurek/erohurtownia/feeds/erohurtownia_amazonde.xml HTTP/1.0" 200 22846492 "-" "-"
51.77.52.107 - - [14/Apr/2025:00:33:34 +0200] "GET /Jurek/eurofirany/images/463918/0.jpg HTTP/2.0" 200 82370 "-" "baselinker"
89.161.206.59 - - [14/Apr/2025:00:33:43 +0200] "GET /Jurek/oromed/feeds/oromed_amazones.xml HTTP/1.0" 200 1095996 "-" "-"
89.161.206.59 - - [14/Apr/2025:00:33:44 +0200] "GET /Jurek/oromed/feeds/oromed_amazonbe.xml HTTP/1.0" 200 1095988 "-" "-"
89.161.206.59 - - [14/Apr/2025:00:33:44 +0200] "GET /Jurek/oromed/feeds/oromed_amazonfr.xml HTTP/1.0" 200 1095992 "-" "-"
89.161.206.59 - - [14/Apr/2025:00:33:44 +0200] "GET /Jurek/oromed/feeds/oromed_amazonit.xml HTTP/1.0" 200 1096004 "-" "-"
89.161.206.59 - - [14/Apr/2025:00:33:44 +0200] "GET /Jurek/oromed/feeds/oromed_amazonnl.xml HTTP/1.0" 200 1095993 "-" "-"
89.161.206.59 - - [14/Apr/2025:00:33:44 +0200] "GET /Jurek/combine/feeds/combine_amazonde.xml HTTP/1.0" 200 210554 "-" "-"
89.161.206.59 - - [14/Apr/2025:00:33:45 +0200] "GET /Jurek/eroplace/feeds/eroplace_amazonit.xml HTTP/1.0" 200 52135277 "-" "-"
89.161.206.59 - - [14/Apr/2025:00:33:47 +0200] "GET /Jurek/eroplace/feeds/eroplace_amazonfr.xml HTTP/1.0" 200 52135003 "-" "-"
89.161.206.59 - - [14/Apr/2025:00:33:48 +0200] "GET /Jurek/eroplace/feeds/eroplace_amazonnl.xml HTTP/1.0" 200 52134618 "-" "-"
51.77.52.107 - - [14/Apr/2025:00:33:49 +0200] "GET /Jurek/eurofirany/images/463918/0.jpg HTTP/2.0" 200 82370 "-" "baselinker"
51.77.52.107 - - [14/Apr/2025:00:34:02 +0200] "GET /Jurek/eurofirany/images/460595/0.jpg HTTP/2.0" 200 89111 "-" "baselinker"
89.161.206.59 - - [14/Apr/2025:00:34:03 +0200] "GET /Jurek/eroplace/feeds/eroplace_amazonde.xml HTTP/1.0" 200 52134708 "-" "-"
89.161.206.59 - - [14/Apr/2025:00:34:05 +0200] "GET /Jurek/eroplace/feeds/eroplace_amazonse.xml HTTP/1.0" 200 52159277 "-" "-"
89.161.206.59 - - [14/Apr/2025:00:34:07 +0200] "GET /Jurek/eroplace/feeds/eroplace_amazones.xml HTTP/1.0" 200 52135013 "-" "-"
51.77.52.107 - - [14/Apr/2025:00:34:19 +0200] "GET /Jurek/eurofirany/images/460595/0.jpg HTTP/2.0" 200 89111 "-" "baselinker"
51.77.52.107 - - [14/Apr/2025:00:34:33 +0200] "GET /Jurek/eurofirany/images/460595/0.jpg HTTP/2.0" 200 89111 "-" "baselinker"
51.77.52.107 - - [14/Apr/2025:00:34:44 +0200] "GET /Jurek/eurofirany/images/460778/0.jpg HTTP/2.0" 200 114925 "-" "baselinker"
51.77.52.107 - - [14/Apr/2025:00:34:57 +0200] "GET /Jurek/eurofirany/images/460778/0.jpg HTTP/2.0" 200 114925 "-" "baselinker"
51.77.52.107 - - [14/Apr/2025:00:35:10 +0200] "GET /Jurek/eurofirany/images/460778/0.jpg HTTP/2.0" 200 114925 "-" "baselinker"
51.77.52.107 - - [14/Apr/2025:00:35:23 +0200] "GET /Jurek/eurofirany/images/460742/0.jpg HTTP/2.0" 200 75005 "-" "baselinker"
52.17.80.36 - - [14/Apr/2025:00:35:23 +0200] "GET /marketplaces/worten2/results/worten.csv HTTP/1.1" 200 147217 "-" "Mirakl HttpClient"
51.77.52.107 - - [14/Apr/2025:00:35:36 +0200] "GET /Jurek/eurofirany/images/460742/0.jpg HTTP/2.0" 200 75005 "-" "baselinker"
51.77.52.107 - - [14/Apr/2025:00:35:51 +0200] "GET /Jurek/eurofirany/images/460742/0.jpg HTTP/2.0" 200 75005 "-" "baselinker"
51.77.52.107 - - [14/Apr/2025:00:36:06 +0200] "GET /Jurek/eurofirany/images/460743/0.jpg HTTP/2.0" 200 82959 "-" "baselinker"
51.77.52.107 - - [14/Apr/2025:00:36:23 +0200] "GET /Jurek/eurofirany/images/460743/0.jpg HTTP/2.0" 200 82959 "-" "baselinker"
46.101.116.244 - - [14/Apr/2025:00:36:37 +0200] "GET /Jurek/aw/feeds/aw_fnacfr.xml HTTP/1.0" 404 3551 "-" "-"
51.77.52.107 - - [14/Apr/2025:00:36:38 +0200] "GET /Jurek/eurofirany/images/460743/0.jpg HTTP/2.0" 200 82959 "-" "baselinker"
66.135.223.43 - - [14/Apr/2025:00:36:42 +0200] "GET /Jurek/topeshop/downloaded_images/5904507209230_kaszmir20st0003.jpg HTTP/1.1" 200 43249 "-" "Java/17.0.13.0.101"
51.77.52.107 - - [14/Apr/2025:00:36:48 +0200] "GET /Jurek/eurofirany/images/460744/0.jpg HTTP/2.0" 200 80138 "-" "baselinker"
51.77.52.107 - - [14/Apr/2025:00:37:00 +0200] "GET /Jurek/eurofirany/images/460744/0.jpg HTTP/2.0" 200 80138 "-" "baselinker"
51.77.52.107 - - [14/Apr/2025:00:37:16 +0200] "GET /Jurek/eurofirany/images/460744/0.jpg HTTP/2.0" 200 80138 "-" "baselinker"
51.77.52.107 - - [14/Apr/2025:00:37:30 +0200] "GET /Jurek/eurofirany/images/460781/0.jpg HTTP/2.0" 200 116978 "-" "baselinker"
51.77.52.107 - - [14/Apr/2025:00:37:42 +0200] "GET /Jurek/eurofirany/images/460781/0.jpg HTTP/2.0" 200 116978 "-" "baselinker"
51.77.52.107 - - [14/Apr/2025:00:37:58 +0200] "GET /Jurek/eurofirany/images/460781/0.jpg HTTP/2.0" 200 116978 "-" "baselinker"
51.77.52.107 - - [14/Apr/2025:00:38:11 +0200] "GET /Jurek/eurofirany/images/460517/0.jpg HTTP/2.0" 200 108395 "-" "baselinker"
51.77.52.107 - - [14/Apr/2025:00:38:27 +0200] "GET /Jurek/eurofirany/images/460517/0.jpg HTTP/2.0" 200 108395 "-" "baselinker"
51.77.52.107 - - [14/Apr/2025:00:38:37 +0200] "GET /Jurek/eurofirany/images/460517/0.jpg HTTP/2.0" 200 108395 "-" "baselinker"
51.77.52.107 - - [14/Apr/2025:00:38:50 +0200] "GET /Jurek/eurofirany/images/460518/0.jpg HTTP/2.0" 200 102944 "-" "baselinker"
51.77.52.107 - - [14/Apr/2025:00:39:03 +0200] "GET /Jurek/eurofirany/images/460518/0.jpg HTTP/2.0" 200 102944 "-" "baselinker"
51.77.52.107 - - [14/Apr/2025:00:39:12 +0200] "GET /Jurek/eurofirany/images/460518/0.jpg HTTP/2.0" 200 102944 "-" "baselinker"
51.77.52.107 - - [14/Apr/2025:00:39:24 +0200] "GET /Jurek/eurofirany/images/461576/0.jpg HTTP/2.0" 200 75677 "-" "baselinker"
51.77.52.107 - - [14/Apr/2025:00:39:44 +0200] "GET /Jurek/eurofirany/images/461576/0.jpg HTTP/2.0" 200 75677 "-" "baselinker"
89.161.206.59 - - [14/Apr/2025:00:39:45 +0200] "GET /Jurek/rovato/feeds/rovato_skroutz.xml HTTP/1.0" 200 99165 "-" "-"
89.161.206.59 - - [14/Apr/2025:00:39:52 +0200] "GET /Jurek/fertes/feeds/fertes_skr.xml HTTP/1.0" 200 2361680 "-" "-"
51.77.52.107 - - [14/Apr/2025:00:39:57 +0200] "GET /Jurek/eurofirany/images/461576/0.jpg HTTP/2.0" 200 75677 "-" "baselinker"
51.77.52.107 - - [14/Apr/2025:00:40:10 +0200] "GET /Jurek/eurofirany/images/460520/0.jpg HTTP/2.0" 200 104582 "-" "baselinker"
51.77.52.107 - - [14/Apr/2025:00:40:22 +0200] "GET /Jurek/eurofirany/images/460520/0.jpg HTTP/2.0" 200 104582 "-" "baselinker"
51.77.52.107 - - [14/Apr/2025:00:40:32 +0200] "GET /Jurek/eurofirany/images/460520/0.jpg HTTP/2.0" 200 104582 "-" "baselinker"
89.161.206.59 - - [14/Apr/2025:00:40:36 +0200] "GET /Jurek/relogy/feeds/relogy_skroutz.xml HTTP/1.0" 200 66667657 "-" "-"
89.161.206.59 - - [14/Apr/2025:00:40:39 +0200] "GET /Jurek/sklep24amk/feeds/sklep24amk_skroutz.xml HTTP/1.0" 200 3894622 "-" "-"
89.161.206.59 - - [14/Apr/2025:00:40:39 +0200] "GET /Jurek/wezer/feeds/wezer_skroutz.xml HTTP/1.0" 200 202556 "-" "-"
89.161.206.59 - - [14/Apr/2025:00:40:40 +0200] "GET /Jurek/shiori/feeds/shiori_skroutz.xml HTTP/1.0" 200 453654 "-" "-"
89.161.206.59 - - [14/Apr/2025:00:40:41 +0200] "GET /Jurek/bisanti/feeds/bisanti_skroutz.xml HTTP/1.0" 200 1142291 "-" "-"
51.77.52.107 - - [14/Apr/2025:00:40:43 +0200] "GET /Jurek/eurofirany/images/463990/0.jpg HTTP/2.0" 200 83282 "-" "baselinker"
51.77.52.107 - - [14/Apr/2025:00:40:56 +0200] "GET /Jurek/eurofirany/images/463990/0.jpg HTTP/2.0" 200 83282 "-" "baselinker"
89.161.206.59 - - [14/Apr/2025:00:40:56 +0200] "GET /Jurek/hdwr/feeds/hdwr_amazonde.xml HTTP/1.0" 200 789400 "-" "-"
89.161.206.59 - - [14/Apr/2025:00:40:57 +0200] "GET /Jurek/hdwr/feeds/hdwr_amazonfr.xml HTTP/1.0" 200 789400 "-" "-"
89.161.206.59 - - [14/Apr/2025:00:40:57 +0200] "GET /Jurek/sempler/feeds/sempler_amazonde.xml HTTP/1.0" 200 6787958 "-" "-"
89.161.206.59 - - [14/Apr/2025:00:40:57 +0200] "GET /Jurek/kambukka/feeds/kambukka_amazonde.xml HTTP/1.0" 200 1021230 "-" "-"
89.161.206.59 - - [14/Apr/2025:00:40:57 +0200] "GET /Jurek/benetech/feeds/benetech_amazonde.xml HTTP/1.0" 200 4165305 "-" "-"
89.161.206.59 - - [14/Apr/2025:00:40:58 +0200] "GET /Jurek/sempler/feeds/sempler_amazonbe.xml HTTP/1.0" 200 6787944 "-" "-"
89.161.206.59 - - [14/Apr/2025:00:40:58 +0200] "GET /Jurek/kambukka/feeds/kambukka_amazonbe.xml HTTP/1.0" 200 1021382 "-" "-"
89.161.206.59 - - [14/Apr/2025:00:40:59 +0200] "GET /Jurek/artdog/feeds/artdog_amazonde.xml HTTP/1.0" 200 17158447 "-" "-"
89.161.206.59 - - [14/Apr/2025:00:41:00 +0200] "GET /Jurek/pawonik/feeds/pawonik_amazonde.xml HTTP/1.0" 200 2138411 "-" "-"
89.161.206.59 - - [14/Apr/2025:00:41:00 +0200] "GET /Jurek/b3/feeds/b3_amazonde.xml HTTP/1.0" 200 8029671 "-" "-"
89.161.206.59 - - [14/Apr/2025:00:41:00 +0200] "GET /Jurek/sempler/feeds/sempler_amazonfr.xml HTTP/1.0" 200 6788003 "-" "-"
89.161.206.59 - - [14/Apr/2025:00:41:01 +0200] "GET /Jurek/sempler/feeds/sempler_amazonit.xml HTTP/1.0" 200 6788036 "-" "-"
89.161.206.59 - - [14/Apr/2025:00:41:01 +0200] "GET /Jurek/sempler/feeds/sempler_amazonnl.xml HTTP/1.0" 200 6787986 "-" "-"
89.161.206.59 - - [14/Apr/2025:00:41:03 +0200] "GET /Jurek/oromed/feeds/oromed_amazonse.xml HTTP/1.0" 200 1096197 "-" "-"
51.77.52.107 - - [14/Apr/2025:00:41:05 +0200] "GET /Jurek/eurofirany/images/463990/0.jpg HTTP/2.0" 200 83282 "-" "baselinker"
89.161.206.59 - - [14/Apr/2025:00:41:11 +0200] "GET /Jurek/eurofirany/feeds/eurofirany_amazonNL.xml HTTP/1.0" 200 19330486 "-" "-"
89.161.206.59 - - [14/Apr/2025:00:41:12 +0200] "GET /Jurek/eurofirany/feeds/eurofirany_amazonES.xml HTTP/1.0" 200 19330128 "-" "-"
89.161.206.59 - - [14/Apr/2025:00:41:12 +0200] "GET /Jurek/eurofirany/feeds/eurofirany_amazonIT.xml HTTP/1.0" 200 19330180 "-" "-"
89.161.206.59 - - [14/Apr/2025:00:41:14 +0200] "GET /Jurek/eurofirany/feeds/eurofirany_amazonFR.xml HTTP/1.0" 200 19330073 "-" "-"
89.161.206.59 - - [14/Apr/2025:00:41:14 +0200] "GET /Jurek/eurofirany/feeds/eurofirany_amazonSE.xml HTTP/1.0" 200 19348211 "-" "-"
89.161.206.59 - - [14/Apr/2025:00:41:15 +0200] "GET /Jurek/eurofirany/feeds/eurofirany_amazonBE.xml HTTP/1.0" 200 19330017 "-" "-"
89.161.206.59 - - [14/Apr/2025:00:41:16 +0200] "GET /Jurek/eurofirany/feeds/eurofirany_amazaon_de.xml HTTP/1.0" 200 19330045 "-" "-"
51.77.52.107 - - [14/Apr/2025:00:41:18 +0200] "GET /Jurek/eurofirany/images/463993/0.jpg HTTP/2.0" 200 85241 "-" "baselinker"
89.161.206.59 - - [14/Apr/2025:00:41:19 +0200] "GET /Jurek/benetech/feeds/benetech_amazonnl.xml HTTP/1.0" 200 4165314 "-" "-"
89.161.206.59 - - [14/Apr/2025:00:41:19 +0200] "GET /Jurek/benetech/feeds/benetech_amazonit.xml HTTP/1.0" 200 4165335 "-" "-"
89.161.206.59 - - [14/Apr/2025:00:41:19 +0200] "GET /Jurek/benetech/feeds/benetech_amazones.xml HTTP/1.0" 200 4165328 "-" "-"
89.161.206.59 - - [14/Apr/2025:00:41:19 +0200] "GET /Jurek/benetech/feeds/benetech_amazonfr.xml HTTP/1.0" 200 4165315 "-" "-"
89.161.206.59 - - [14/Apr/2025:00:41:19 +0200] "GET /Jurek/benetech/feeds/benetech_amazonbe.xml HTTP/1.0" 200 4165300 "-" "-"
89.161.206.59 - - [14/Apr/2025:00:41:20 +0200] "GET /Jurek/benetech/feeds/benetech_amazonse.xml HTTP/1.0" 200 4165717 "-" "-"
89.161.206.59 - - [14/Apr/2025:00:41:21 +0200] "GET /Jurek/pupus/feeds/pupus_amazonfr.xml HTTP/1.0" 200 6154451 "-" "-"
89.161.206.59 - - [14/Apr/2025:00:41:21 +0200] "GET /Jurek/pupus/feeds/pupus_amazonde.xml HTTP/1.0" 200 6154375 "-" "-"
89.161.206.59 - - [14/Apr/2025:00:41:21 +0200] "GET /Jurek/pupus/feeds/pupus_amazonnl.xml HTTP/1.0" 200 6154467 "-" "-"
89.161.206.59 - - [14/Apr/2025:00:41:22 +0200] "GET /Jurek/pupus/feeds/pupus_amazonse.xml HTTP/1.0" 200 6156126 "-" "-"
89.161.206.59 - - [14/Apr/2025:00:41:22 +0200] "GET /Jurek/pupus/feeds/pupus_amazonbe.xml HTTP/1.0" 200 6154544 "-" "-"
89.161.206.59 - - [14/Apr/2025:00:41:22 +0200] "GET /Jurek/pupus/feeds/pupus_amazonit.xml HTTP/1.0" 200 6154497 "-" "-"
89.161.206.59 - - [14/Apr/2025:00:41:22 +0200] "GET /Jurek/pupus/feeds/pupus_amazones.xml HTTP/1.0" 200 6154547 "-" "-"
89.161.206.59 - - [14/Apr/2025:00:41:22 +0200] "GET /Jurek/dekoele/feeds/dekoele_amazonde.xml HTTP/1.0" 200 733935 "-" "-"
89.161.206.59 - - [14/Apr/2025:00:41:22 +0200] "GET /Jurek/dekoele/feeds/dekoele_amazonit.xml HTTP/1.0" 200 733934 "-" "-"
89.161.206.59 - - [14/Apr/2025:00:41:23 +0200] "GET /Jurek/dekoele/feeds/dekoele_amazonfr.xml HTTP/1.0" 200 733933 "-" "-"
89.161.206.59 - - [14/Apr/2025:00:41:23 +0200] "GET /Jurek/dekoele/feeds/dekoele_amazones.xml HTTP/1.0" 200 733934 "-" "-"
89.161.206.59 - - [14/Apr/2025:00:41:23 +0200] "GET /Jurek/dekoele/feeds/dekoele_amazonnl.xml HTTP/1.0" 200 733936 "-" "-"
89.161.206.59 - - [14/Apr/2025:00:41:23 +0200] "GET /Jurek/dekoele/feeds/dekoele_amazonse.xml HTTP/1.0" 200 734008 "-" "-"
89.161.206.59 - - [14/Apr/2025:00:41:23 +0200] "GET /Jurek/dekoele/feeds/dekoele_amazonbe.xml HTTP/1.0" 200 733936 "-" "-"
89.161.206.59 - - [14/Apr/2025:00:41:23 +0200] "GET /Jurek/kobi/feeds/kobi_amazonnl.xml HTTP/1.0" 200 677201 "-" "-"
89.161.206.59 - - [14/Apr/2025:00:41:24 +0200] "GET /Jurek/kobi/feeds/kobi_amazonse.xml HTTP/1.0" 200 677358 "-" "-"
89.161.206.59 - - [14/Apr/2025:00:41:24 +0200] "GET /Jurek/kobi/feeds/kobi_amazones.xml HTTP/1.0" 200 677193 "-" "-"
89.161.206.59 - - [14/Apr/2025:00:41:24 +0200] "GET /Jurek/kobi/feeds/kobi_amazonfr.xml HTTP/1.0" 200 677230 "-" "-"
89.161.206.59 - - [14/Apr/2025:00:41:24 +0200] "GET /Jurek/kobi/feeds/kobi_amazonbe.xml HTTP/1.0" 200 677197 "-" "-"
89.161.206.59 - - [14/Apr/2025:00:41:24 +0200] "GET /Jurek/aiofactory/feeds/aiofactory_amazones.xml HTTP/1.0" 200 2123774 "-" "-"
89.161.206.59 - - [14/Apr/2025:00:41:24 +0200] "GET /Jurek/aiofactory/feeds/aiofactory_amazonfr.xml HTTP/1.0" 200 2123785 "-" "-"
89.161.206.59 - - [14/Apr/2025:00:41:24 +0200] "GET /Jurek/aiofactory/feeds/aiofactory_amazonit.xml HTTP/1.0" 200 2123791 "-" "-"
89.161.206.59 - - [14/Apr/2025:00:41:24 +0200] "GET /Jurek/aiofactory/feeds/aiofactory_amazonnl.xml HTTP/1.0" 200 2123767 "-" "-"
89.161.206.59 - - [14/Apr/2025:00:41:25 +0200] "GET /Jurek/aiofactory/feeds/aiofactory_amazonde.xml HTTP/1.0" 200 2123786 "-" "-"
89.161.206.59 - - [14/Apr/2025:00:41:25 +0200] "GET /Jurek/hurtmeblowy/feeds/hurtmeblowy_amazonde.xml HTTP/1.0" 200 7523979 "-" "-"
89.161.206.59 - - [14/Apr/2025:00:41:26 +0200] "GET /Jurek/rosfix/feeds/rosfix_amazonde.xml HTTP/1.0" 200 34055615 "-" "-"
89.161.206.59 - - [14/Apr/2025:00:41:29 +0200] "GET /Jurek/kamar/feeds/kamar_amazonde.xml HTTP/1.0" 200 25550339 "-" "-"
89.161.206.59 - - [14/Apr/2025:00:41:30 +0200] "GET /Jurek/avenido/feeds/avenido_amazonde.xml HTTP/1.0" 200 720078 "-" "-"
51.77.52.107 - - [14/Apr/2025:00:41:31 +0200] "GET /Jurek/eurofirany/images/463993/0.jpg HTTP/2.0" 200 85241 "-" "baselinker"
89.161.206.59 - - [14/Apr/2025:00:41:31 +0200] "GET /Jurek/snibbs/feeds/snibbs_amazonde.xml HTTP/1.0" 200 74399 "-" "-"
51.77.52.107 - - [14/Apr/2025:00:41:46 +0200] "GET /Jurek/eurofirany/images/463993/0.jpg HTTP/2.0" 200 85241 "-" "baselinker"
46.101.116.244 - - [14/Apr/2025:00:41:55 +0200] "GET /Jurek/aw/feeds/aw_fnacfr.xml HTTP/1.0" 404 3551 "-" "-"
51.77.52.107 - - [14/Apr/2025:00:41:59 +0200] "GET /Jurek/eurofirany/images/460790/0.jpg HTTP/2.0" 200 92269 "-" "baselinker"
51.77.52.107 - - [14/Apr/2025:00:42:14 +0200] "GET /Jurek/eurofirany/images/460790/0.jpg HTTP/2.0" 200 92269 "-" "baselinker"
89.161.206.59 - - [14/Apr/2025:00:42:34 +0200] "GET /Jurek/eroplace/feeds/eroplace_bol.xml HTTP/1.0" 200 52134664 "-" "-"
89.161.206.59 - - [14/Apr/2025:00:42:34 +0200] "GET /Jurek/waks/feeds/waks_bol.xml HTTP/1.0" 200 1596552 "-" "-"
89.161.206.59 - - [14/Apr/2025:00:42:35 +0200] "GET /Jurek/german/feeds/german_bol.xml HTTP/1.0" 200 2853541 "-" "-"
89.161.206.59 - - [14/Apr/2025:00:42:35 +0200] "GET /Jurek/kristronik/feeds/kristronik_bol.xml HTTP/1.0" 200 691980 "-" "-"
89.161.206.59 - - [14/Apr/2025:00:42:35 +0200] "GET /Jurek/hlo/feeds/hlo_bol.xml HTTP/1.0" 200 4838667 "-" "-"
89.161.206.59 - - [14/Apr/2025:00:42:36 +0200] "GET /Jurek/makow/feeds/makow_bol.xml HTTP/1.0" 200 21203693 "-" "-"
89.161.206.59 - - [14/Apr/2025:00:42:36 +0200] "GET /Jurek/beautycare/feeds/beautycare_bol.xml HTTP/1.0" 200 1181297 "-" "-"
51.77.52.107 - - [14/Apr/2025:00:42:37 +0200] "GET /Jurek/eurofirany/images/460790/0.jpg HTTP/2.0" 200 92269 "-" "baselinker"
46.101.116.244 - - [14/Apr/2025:00:42:39 +0200] "GET /Jurek/rovicky/feeds/rovicky_zalando.xml HTTP/1.0" 200 15303188 "-" "-"
89.161.206.59 - - [14/Apr/2025:00:42:46 +0200] "GET /Jurek/elecomp/feeds/elecomp_emagro.xml HTTP/1.0" 200 2868369 "-" "-"
89.161.206.59 - - [14/Apr/2025:00:42:47 +0200] "GET /Jurek/emaja24/feeds/emaja24_emagro.xml HTTP/1.0" 200 5102196 "-" "-"
89.161.206.59 - - [14/Apr/2025:00:42:49 +0200] "GET /Jurek/pagmil/feeds/pagmil_emaghu.xml HTTP/1.0" 200 1803746 "-" "-"
89.161.206.59 - - [14/Apr/2025:00:42:51 +0200] "GET /Jurek/activeshop/feeds/activeshop_emagro.xml HTTP/1.0" 200 10446812 "-" "-"
89.161.206.59 - - [14/Apr/2025:00:42:52 +0200] "GET /Jurek/ekuchcikowo/feeds/ekuchcikowo_emagro.xml HTTP/1.0" 200 12472708 "-" "-"
51.77.52.107 - - [14/Apr/2025:00:42:53 +0200] "GET /Jurek/eurofirany/images/460794/0.jpg HTTP/2.0" 200 91884 "-" "baselinker"
89.161.206.59 - - [14/Apr/2025:00:42:56 +0200] "GET /Jurek/kinghome/feeds/kinghome_emagro.xml HTTP/1.0" 200 6025758 "-" "-"
89.161.206.59 - - [14/Apr/2025:00:42:59 +0200] "GET /Jurek/em3/feeds/em3_emagro.xml HTTP/1.0" 200 259013 "-" "-"
51.77.52.107 - - [14/Apr/2025:00:43:08 +0200] "GET /Jurek/eurofirany/images/460794/0.jpg HTTP/2.0" 200 91884 "-" "baselinker"
51.77.52.107 - - [14/Apr/2025:00:43:21 +0200] "GET /Jurek/eurofirany/images/460794/0.jpg HTTP/2.0" 200 91884 "-" "baselinker"
51.77.52.107 - - [14/Apr/2025:00:43:39 +0200] "GET /Jurek/eurofirany/images/460795/0.jpg HTTP/2.0" 200 94313 "-" "baselinker"
89.161.206.59 - - [14/Apr/2025:00:43:49 +0200] "GET /Jurek/filmal/feeds/filmal_aliex.xml HTTP/1.0" 200 139293 "-" "-"
89.161.206.59 - - [14/Apr/2025:00:43:49 +0200] "GET /Jurek/sovapl/feeds/sovapl_aliex.xml HTTP/1.0" 200 9002777 "-" "-"
89.161.206.59 - - [14/Apr/2025:00:43:50 +0200] "GET /Jurek/riko/feeds/riko_aliex.xml HTTP/1.0" 200 3786214 "-" "-"
89.161.206.59 - - [14/Apr/2025:00:43:51 +0200] "GET /Jurek/gandalf/feeds/gandalf_aliex.xml HTTP/1.0" 200 1082569 "-" "-"
89.161.206.59 - - [14/Apr/2025:00:43:51 +0200] "GET /Jurek/andex/feeds/andex_aliex.xml HTTP/1.0" 200 1953945 "-" "-"
89.161.206.59 - - [14/Apr/2025:00:43:51 +0200] "GET /Jurek/sebmart/feeds/sebmart_aliex.xml HTTP/1.0" 200 1599106 "-" "-"
89.161.206.59 - - [14/Apr/2025:00:43:53 +0200] "GET /Jurek/bemipol/feeds/bemipol_aliex.xml HTTP/1.0" 200 423684 "-" "-"
89.161.206.59 - - [14/Apr/2025:00:43:53 +0200] "GET /Jurek/tsjerzy/feeds/tsjerzy_aliex.xml HTTP/1.0" 200 3899784 "-" "-"
51.77.52.107 - - [14/Apr/2025:00:43:53 +0200] "GET /Jurek/eurofirany/images/460795/0.jpg HTTP/2.0" 200 94313 "-" "baselinker"
89.161.206.59 - - [14/Apr/2025:00:43:53 +0200] "GET /Jurek/equalo/feeds/equalo_aliex.xml HTTP/1.0" 200 98019 "-" "-"
89.161.206.59 - - [14/Apr/2025:00:43:54 +0200] "GET /Jurek/newtechele/feeds/newtechele_aliex.xml HTTP/1.0" 200 2438724 "-" "-"
89.161.206.59 - - [14/Apr/2025:00:43:54 +0200] "GET /Jurek/nonabox/feeds/nonabox_aliex.xml HTTP/1.0" 200 33874 "-" "-"
89.161.206.59 - - [14/Apr/2025:00:43:54 +0200] "GET /Jurek/amzteam/feeds/amzteam_aliex.xml HTTP/1.0" 200 97912 "-" "-"
51.77.52.107 - - [14/Apr/2025:00:44:12 +0200] "GET /Jurek/eurofirany/images/460795/0.jpg HTTP/2.0" 200 94313 "-" "baselinker"
51.77.52.107 - - [14/Apr/2025:00:44:23 +0200] "GET /Jurek/eurofirany/images/463638/0.jpg HTTP/2.0" 200 77190 "-" "baselinker"
51.77.52.107 - - [14/Apr/2025:00:44:35 +0200] "GET /Jurek/eurofirany/images/463638/0.jpg HTTP/2.0" 200 77190 "-" "baselinker"
46.101.116.244 - - [14/Apr/2025:00:44:46 +0200] "GET /Jurek/intsell/feeds/intsell_emagro.xml HTTP/1.0" 200 342065826 "-" "-"
51.77.52.107 - - [14/Apr/2025:00:44:48 +0200] "GET /Jurek/eurofirany/images/463638/0.jpg HTTP/2.0" 200 77190 "-" "baselinker"
51.77.52.107 - - [14/Apr/2025:00:45:02 +0200] "GET /Jurek/eurofirany/images/463639/0.jpg HTTP/2.0" 200 82544 "-" "baselinker"
89.161.206.59 - - [14/Apr/2025:00:45:04 +0200] "GET /Jurek/wenom/feeds/wenom_emagro.xml HTTP/1.0" 200 583128 "-" "-"
89.161.206.59 - - [14/Apr/2025:00:45:04 +0200] "GET /Jurek/zepnij/feeds/zepnij_emagro.xml HTTP/1.0" 200 19523697 "-" "-"
51.77.52.107 - - [14/Apr/2025:00:45:18 +0200] "GET /Jurek/eurofirany/images/463639/0.jpg HTTP/2.0" 200 82544 "-" "baselinker"
51.77.52.107 - - [14/Apr/2025:00:45:31 +0200] "GET /Jurek/eurofirany/images/463639/0.jpg HTTP/2.0" 200 82544 "-" "baselinker"
51.77.52.107 - - [14/Apr/2025:00:45:45 +0200] "GET /Jurek/eurofirany/images/463641/0.jpg HTTP/2.0" 200 77075 "-" "baselinker"
51.77.52.107 - - [14/Apr/2025:00:45:58 +0200] "GET /Jurek/eurofirany/images/463641/0.jpg HTTP/2.0" 200 77075 "-" "baselinker"
51.77.52.107 - - [14/Apr/2025:00:46:11 +0200] "GET /Jurek/eurofirany/images/463641/0.jpg HTTP/2.0" 200 77075 "-" "baselinker"
51.77.52.107 - - [14/Apr/2025:00:46:23 +0200] "GET /Jurek/eurofirany/images/460575/0.jpg HTTP/2.0" 200 78165 "-" "baselinker"
51.77.52.107 - - [14/Apr/2025:00:46:38 +0200] "GET /Jurek/eurofirany/images/460575/0.jpg HTTP/2.0" 200 78165 "-" "baselinker"
51.77.52.107 - - [14/Apr/2025:00:46:53 +0200] "GET /Jurek/eurofirany/images/460575/0.jpg HTTP/2.0" 200 78165 "-" "baselinker"
51.77.52.107 - - [14/Apr/2025:00:46:59 +0200] "GET /Jurek/eurofirany/images/459745/0.jpg HTTP/2.0" 200 169471 "-" "baselinker"
51.77.52.107 - - [14/Apr/2025:00:47:04 +0200] "GET /Jurek/eurofirany/images/459745/0.jpg HTTP/2.0" 200 169471 "-" "baselinker"
51.77.52.107 - - [14/Apr/2025:00:47:09 +0200] "GET /Jurek/eurofirany/images/459745/0.jpg HTTP/2.0" 200 169471 "-" "baselinker"
51.77.52.107 - - [14/Apr/2025:00:47:15 +0200] "GET /Jurek/eurofirany/images/459752/0.jpg HTTP/2.0" 200 118369 "-" "baselinker"
51.77.52.107 - - [14/Apr/2025:00:47:20 +0200] "GET /Jurek/eurofirany/images/459752/0.jpg HTTP/2.0" 200 118369 "-" "baselinker"
51.77.52.107 - - [14/Apr/2025:00:47:33 +0200] "GET /Jurek/eurofirany/images/459752/0.jpg HTTP/2.0" 200 118369 "-" "baselinker"
51.77.52.107 - - [14/Apr/2025:00:47:38 +0200] "GET /Jurek/eurofirany/images/459755/0.jpg HTTP/2.0" 200 145618 "-" "baselinker"
51.77.52.107 - - [14/Apr/2025:00:47:54 +0200] "GET /Jurek/eurofirany/images/459755/0.jpg HTTP/2.0" 200 145618 "-" "baselinker"
51.77.52.107 - - [14/Apr/2025:00:48:00 +0200] "GET /Jurek/eurofirany/images/459755/0.jpg HTTP/2.0" 200 145618 "-" "baselinker"
51.77.52.107 - - [14/Apr/2025:00:48:06 +0200] "GET /Jurek/eurofirany/images/463661/0.jpg HTTP/2.0" 200 112277 "-" "baselinker"
51.77.52.107 - - [14/Apr/2025:00:48:20 +0200] "GET /Jurek/eurofirany/images/463661/0.jpg HTTP/2.0" 200 112277 "-" "baselinker"
51.77.52.107 - - [14/Apr/2025:00:48:32 +0200] "GET /Jurek/eurofirany/images/463661/0.jpg HTTP/2.0" 200 112277 "-" "baselinker"
51.77.52.107 - - [14/Apr/2025:00:48:48 +0200] "GET /Jurek/eurofirany/images/463662/0.jpg HTTP/2.0" 200 187903 "-" "baselinker"
51.77.52.107 - - [14/Apr/2025:00:49:02 +0200] "GET /Jurek/eurofirany/images/463662/0.jpg HTTP/2.0" 200 187903 "-" "baselinker"
51.77.52.107 - - [14/Apr/2025:00:49:17 +0200] "GET /Jurek/eurofirany/images/463662/0.jpg HTTP/2.0" 200 187903 "-" "baselinker"
46.101.116.244 - - [14/Apr/2025:00:49:22 +0200] "GET /Jurek/kinghoff/feeds/kinghoff_allegro.xml HTTP/1.0" 200 15517004 "-" "-"
89.161.206.59 - - [14/Apr/2025:00:49:22 +0200] "GET /Jurek/ikonka/feeds/ikonka_allegro_cz.xml HTTP/1.0" 200 22187211 "-" "-"
89.161.206.59 - - [14/Apr/2025:00:49:23 +0200] "GET /Jurek/hurtownia_przemyslowa/feeds/hp_allegro_cz.xml HTTP/1.0" 200 49369547 "-" "-"
89.161.206.59 - - [14/Apr/2025:00:49:25 +0200] "GET /Jurek/benetech/feeds/benetech_allegro.xml HTTP/1.0" 200 4165579 "-" "-"
89.161.206.59 - - [14/Apr/2025:00:49:25 +0200] "GET /Jurek/sempler/feeds/sempler_allegro.xml HTTP/1.0" 200 6788390 "-" "-"
89.161.206.59 - - [14/Apr/2025:00:49:25 +0200] "GET /Jurek/targethome/feeds/targethome_allegro.xml HTTP/1.0" 200 688654 "-" "-"
89.161.206.59 - - [14/Apr/2025:00:49:26 +0200] "GET /Jurek/kambukka/feeds/kambukka_allegro.xml HTTP/1.0" 200 1021462 "-" "-"
89.161.206.59 - - [14/Apr/2025:00:49:26 +0200] "GET /Jurek/swiatecznygoliat/feeds/swiatecznygoliat_allegro.xml HTTP/1.0" 200 7054771 "-" "-"
89.161.206.59 - - [14/Apr/2025:00:49:26 +0200] "GET /Jurek/artdog/feeds/artdog_allegro.xml HTTP/1.0" 200 17162209 "-" "-"
89.161.206.59 - - [14/Apr/2025:00:49:26 +0200] "GET /Jurek/oromed/feeds/oromed_allegro.xml HTTP/1.0" 200 1096133 "-" "-"
89.161.206.59 - - [14/Apr/2025:00:49:26 +0200] "GET /Jurek/ekuchcikowo/feeds/ekuchcikowo_allegro.xml HTTP/1.0" 200 12472487 "-" "-"
89.161.206.59 - - [14/Apr/2025:00:49:27 +0200] "GET /Jurek/livinhill/feeds/livinhill_allegro.xml HTTP/1.0" 200 1455219 "-" "-"
89.161.206.59 - - [14/Apr/2025:00:49:27 +0200] "GET /Jurek/narzbud/feeds/narzbud_allegro.xml HTTP/1.0" 200 1901326 "-" "-"
89.161.206.59 - - [14/Apr/2025:00:49:27 +0200] "GET /Jurek/bisanti/feeds/bisanti_allegro.xml HTTP/1.0" 200 1142375 "-" "-"
89.161.206.59 - - [14/Apr/2025:00:49:27 +0200] "GET /Jurek/combine/feeds/combine_allegro.xml HTTP/1.0" 200 210566 "-" "-"
89.161.206.59 - - [14/Apr/2025:00:49:27 +0200] "GET /Jurek/spali/feeds/spali_allegro.xml HTTP/1.0" 200 77067 "-" "-"
89.161.206.59 - - [14/Apr/2025:00:49:27 +0200] "GET /Jurek/ekolight/feeds/ekolight_allegro.xml HTTP/1.0" 200 9055030 "-" "-"
89.161.206.59 - - [14/Apr/2025:00:49:28 +0200] "GET /Jurek/urwiskowo/feeds/urwiskowo_allegro.xml HTTP/1.0" 200 9115660 "-" "-"
89.161.206.59 - - [14/Apr/2025:00:49:28 +0200] "GET /Jurek/reman/feeds/reman_allegro.xml HTTP/1.0" 200 1394889 "-" "-"
51.77.52.107 - - [14/Apr/2025:00:49:37 +0200] "GET /Jurek/eurofirany/images/459744/0.jpg HTTP/2.0" 200 65947 "-" "baselinker"
51.77.52.107 - - [14/Apr/2025:00:49:51 +0200] "GET /Jurek/eurofirany/images/459744/0.jpg HTTP/2.0" 200 65947 "-" "baselinker"
51.77.52.107 - - [14/Apr/2025:00:49:55 +0200] "GET /Jurek/eurofirany/images/459744/0.jpg HTTP/2.0" 200 65947 "-" "baselinker"
46.101.116.244 - - [14/Apr/2025:00:49:59 +0200] "GET /Jurek/topeshop/feeds/topeshop_alza.xml HTTP/2.0" 200 2634038 "-" "-"
51.77.52.107 - - [14/Apr/2025:00:49:59 +0200] "GET /Jurek/eurofirany/images/459746/0.jpg HTTP/2.0" 200 135077 "-" "baselinker"
46.101.116.244 - - [14/Apr/2025:00:50:10 +0200] "GET /Jurek/topeshop/feeds/topeshop_kauflandde.xml HTTP/2.0" 200 2633023 "-" "-"
51.77.52.107 - - [14/Apr/2025:00:50:18 +0200] "GET /Jurek/eurofirany/images/459746/0.jpg HTTP/2.0" 200 135077 "-" "baselinker"
46.101.116.244 - - [14/Apr/2025:00:50:20 +0200] "GET /Jurek/topeshop/feeds/topeshop_kauflandcz.xml HTTP/2.0" 200 2634002 "-" "-"
51.77.52.107 - - [14/Apr/2025:00:50:22 +0200] "GET /Jurek/eurofirany/images/459746/0.jpg HTTP/2.0" 200 135077 "-" "baselinker"
89.161.206.59 - - [14/Apr/2025:00:50:24 +0200] "GET /Jurek/domzapachy/feeds/domzapachy_skroutz.xml HTTP/1.0" 200 179761 "-" "-"
89.161.206.59 - - [14/Apr/2025:00:50:24 +0200] "GET /Jurek/wenom/feeds/wenom_skroutz.xml HTTP/1.0" 200 583071 "-" "-"
89.161.206.59 - - [14/Apr/2025:00:50:25 +0200] "GET /Jurek/euroshop/feeds/euroshop_skroutz.xml HTTP/1.0" 200 20025457 "-" "-"
51.77.52.107 - - [14/Apr/2025:00:50:25 +0200] "GET /Jurek/eurofirany/images/459747/0.jpg HTTP/2.0" 200 55263 "-" "baselinker"
89.161.206.59 - - [14/Apr/2025:00:50:26 +0200] "GET /Jurek/german/feeds/german_skroutz.xml HTTP/1.0" 200 2449544 "-" "-"
46.101.116.244 - - [14/Apr/2025:00:50:31 +0200] "GET /Jurek/topeshop/feeds/topeshop_kauflandsk.xml HTTP/2.0" 200 2633052 "-" "-"
46.101.116.244 - - [14/Apr/2025:00:50:41 +0200] "GET /Jurek/ikonka/feeds/ikonka_alza.xml HTTP/2.0" 200 22189020 "-" "-"
51.77.52.107 - - [14/Apr/2025:00:50:42 +0200] "GET /Jurek/eurofirany/images/459747/0.jpg HTTP/2.0" 200 55263 "-" "baselinker"
51.77.52.107 - - [14/Apr/2025:00:50:46 +0200] "GET /Jurek/eurofirany/images/459747/0.jpg HTTP/2.0" 200 55263 "-" "baselinker"
51.77.52.107 - - [14/Apr/2025:00:50:51 +0200] "GET /Jurek/eurofirany/images/459748/0.jpg HTTP/2.0" 200 120543 "-" "baselinker"
46.101.116.244 - - [14/Apr/2025:00:50:53 +0200] "GET /Jurek/ikonka/feeds/ikonka_kaufcz.xml HTTP/2.0" 200 22189019 "-" "-"
51.77.52.107 - - [14/Apr/2025:00:50:57 +0200] "GET /Jurek/eurofirany/images/459748/0.jpg HTTP/2.0" 200 120543 "-" "baselinker"
46.101.116.244 - - [14/Apr/2025:00:51:04 +0200] "GET /Jurek/ikonka/feeds/ikonka_kaufde.xml HTTP/2.0" 200 22186346 "-" "-"
51.77.52.107 - - [14/Apr/2025:00:51:14 +0200] "GET /Jurek/eurofirany/images/459748/0.jpg HTTP/2.0" 200 120543 "-" "baselinker"
51.77.52.107 - - [14/Apr/2025:00:51:29 +0200] "GET /Jurek/eurofirany/images/459749/0.jpg HTTP/2.0" 200 97911 "-" "baselinker"
51.77.52.107 - - [14/Apr/2025:00:51:46 +0200] "GET /Jurek/eurofirany/images/459749/0.jpg HTTP/2.0" 200 97911 "-" "baselinker"
46.101.116.244 - - [14/Apr/2025:00:51:47 +0200] "GET /Jurek/stema/feeds/stema_alza.xml HTTP/2.0" 200 852477 "-" "-"
46.101.116.244 - - [14/Apr/2025:00:51:58 +0200] "GET /Jurek/stema/feeds/stema_kaufcz.xml HTTP/2.0" 200 852479 "-" "-"
51.77.52.107 - - [14/Apr/2025:00:52:06 +0200] "GET /Jurek/eurofirany/images/459749/0.jpg HTTP/2.0" 200 97911 "-" "baselinker"
46.101.116.244 - - [14/Apr/2025:00:52:08 +0200] "GET /Jurek/stema/feeds/stema_kaufde.xml HTTP/2.0" 200 851750 "-" "-"
51.77.52.107 - - [14/Apr/2025:00:52:09 +0200] "GET /Jurek/eurofirany/images/459750/0.jpg HTTP/2.0" 200 63127 "-" "baselinker"
46.101.116.244 - - [14/Apr/2025:00:52:09 +0200] "GET /Jurek/aw/feeds/aw_fnacfr.xml HTTP/1.0" 404 3551 "-" "-"
89.161.206.59 - - [14/Apr/2025:00:52:15 +0200] "GET /Jurek/cdata/feeds/cdata_cdsc.xml HTTP/1.0" 200 1865816 "-" "-"
89.161.206.59 - - [14/Apr/2025:00:52:16 +0200] "GET /Jurek/playcob/feeds/playcob_cdsc.xml HTTP/1.0" 200 6624652 "-" "-"
89.161.206.59 - - [14/Apr/2025:00:52:16 +0200] "GET /Jurek/elavia/feeds/elavia_cdsc.xml HTTP/1.0" 200 2085737 "-" "-"
89.161.206.59 - - [14/Apr/2025:00:52:16 +0200] "GET /Jurek/pagmil/feeds/pagmil_cdsc.xml HTTP/1.0" 200 1133299 "-" "-"
89.161.206.59 - - [14/Apr/2025:00:52:17 +0200] "GET /Jurek/proparts/feeds/proparts_cdsc.xml HTTP/1.0" 200 556015 "-" "-"
89.161.206.59 - - [14/Apr/2025:00:52:18 +0200] "GET /Jurek/alucon/feeds/alucon_cdsc.xml HTTP/1.0" 200 378665 "-" "-"
89.161.206.59 - - [14/Apr/2025:00:52:18 +0200] "GET /Jurek/equalo/feeds/equalo_cdsc.xml HTTP/1.0" 200 134211 "-" "-"
89.161.206.59 - - [14/Apr/2025:00:52:18 +0200] "GET /Jurek/techrebalina/feeds/techrebalina_cdsc.xml HTTP/1.0" 200 1363225 "-" "-"
89.161.206.59 - - [14/Apr/2025:00:52:18 +0200] "GET /Jurek/smxdesign/feeds/smxdesign_cdsc.xml HTTP/1.0" 200 1154230 "-" "-"
51.77.52.107 - - [14/Apr/2025:00:52:22 +0200] "GET /Jurek/eurofirany/images/459750/0.jpg HTTP/2.0" 200 63127 "-" "baselinker"
51.77.52.107 - - [14/Apr/2025:00:52:37 +0200] "GET /Jurek/eurofirany/images/459750/0.jpg HTTP/2.0" 200 63127 "-" "baselinker"
51.77.52.107 - - [14/Apr/2025:00:52:41 +0200] "GET /Jurek/eurofirany/images/459753/0.jpg HTTP/2.0" 200 125720 "-" "baselinker"
51.77.52.107 - - [14/Apr/2025:00:52:56 +0200] "GET /Jurek/eurofirany/images/459753/0.jpg HTTP/2.0" 200 125720 "-" "baselinker"
89.161.206.59 - - [14/Apr/2025:00:53:10 +0200] "GET /Jurek/jakdroz/feeds/jakdroz_bol.xml HTTP/1.0" 200 4089898 "-" "-"
51.77.52.107 - - [14/Apr/2025:00:53:11 +0200] "GET /Jurek/eurofirany/images/459753/0.jpg HTTP/2.0" 200 125720 "-" "baselinker"
89.161.206.59 - - [14/Apr/2025:00:53:13 +0200] "GET /Jurek/ikonka/feeds/ikonka_bol.xml HTTP/1.0" 200 22186486 "-" "-"
89.161.206.59 - - [14/Apr/2025:00:53:15 +0200] "GET /Jurek/riko/feeds/riko_bol.xml HTTP/1.0" 200 3785284 "-" "-"
89.161.206.59 - - [14/Apr/2025:00:53:16 +0200] "GET /Jurek/bemipol/feeds/bemipol_bol.xml HTTP/1.0" 200 423635 "-" "-"
89.161.206.59 - - [14/Apr/2025:00:53:17 +0200] "GET /Jurek/gandalf/feeds/gandalf_bol.xml HTTP/1.0" 200 1082522 "-" "-"
51.77.52.107 - - [14/Apr/2025:00:53:29 +0200] "GET /Jurek/eurofirany/images/459754/0.jpg HTTP/2.0" 200 79051 "-" "baselinker"
51.77.52.107 - - [14/Apr/2025:00:53:44 +0200] "GET /Jurek/eurofirany/images/459754/0.jpg HTTP/2.0" 200 79051 "-" "baselinker"
46.101.116.244 - - [14/Apr/2025:00:53:51 +0200] "GET /Jurek/gimmik/feeds/gimmik_mallsiex.xml HTTP/2.0" 404 3551 "-" "-"
51.77.52.107 - - [14/Apr/2025:00:53:58 +0200] "GET /Jurek/eurofirany/images/459754/0.jpg HTTP/2.0" 200 79051 "-" "baselinker"
89.161.206.59 - - [14/Apr/2025:00:54:06 +0200] "GET /Jurek/antiodor/feeds/antiodor_emagro.xml HTTP/1.0" 200 137846 "-" "-"
46.101.116.244 - - [14/Apr/2025:00:54:06 +0200] "GET /Jurek/bimboland/feeds/bimboland_mallsiex.xml HTTP/2.0" 200 2804724 "-" "-"
89.161.206.59 - - [14/Apr/2025:00:54:09 +0200] "GET /Jurek/topeshop/feeds/topeshop_emagro.xml HTTP/1.0" 200 919731 "-" "-"
51.77.52.107 - - [14/Apr/2025:00:54:12 +0200] "GET /Jurek/eurofirany/images/463636/0.jpg HTTP/2.0" 200 86115 "-" "baselinker"
51.77.52.107 - - [14/Apr/2025:00:54:27 +0200] "GET /Jurek/eurofirany/images/463636/0.jpg HTTP/2.0" 200 86115 "-" "baselinker"
46.101.116.244 - - [14/Apr/2025:00:54:37 +0200] "GET /Jurek/activeshop/feeds/activeshop_mallsiex.xml HTTP/2.0" 200 10444903 "-" "-"
46.101.116.244 - - [14/Apr/2025:00:54:41 +0200] "GET /Jurek/benbaby/feeds/benbaby_mallsi.xml HTTP/2.0" 200 3507298 "-" "-"
51.77.52.107 - - [14/Apr/2025:00:54:44 +0200] "GET /Jurek/eurofirany/images/463636/0.jpg HTTP/2.0" 200 86115 "-" "baselinker"
157.55.39.7 - - [14/Apr/2025:00:54:46 +0200] "GET /olza_labels/?C=S;O=A HTTP/2.0" 200 488 "-" "Mozilla/5.0 AppleWebKit/537.36 (KHTML, like Gecko; compatible; bingbot/2.0; +http://www.bing.com/bingbot.htm) Chrome/116.0.1938.76 Safari/537.36"
89.161.206.59 - - [14/Apr/2025:00:54:51 +0200] "GET /Jurek/playcob/feeds/playcob_emagro.xml HTTP/1.0" 200 6981015 "-" "-"
89.161.206.59 - - [14/Apr/2025:00:54:51 +0200] "GET /Jurek/alucon/feeds/alucon_emagro.xml HTTP/1.0" 200 553611 "-" "-"
46.101.116.244 - - [14/Apr/2025:00:54:51 +0200] "GET /Jurek/bass/feeds/bass_mallsi.xml HTTP/2.0" 200 3984360 "-" "-"
66.249.64.165 - - [14/Apr/2025:00:54:52 +0200] "GET /Jurek/topeshop/downloaded_images/5904507209957_14.jpg HTTP/1.1" 404 3551 "-" "Googlebot-Image/1.0"
89.161.206.59 - - [14/Apr/2025:00:54:52 +0200] "GET /Jurek/dropkz/feeds/dropkz_emagro.xml HTTP/1.0" 200 70031482 "-" "-"
89.161.206.59 - - [14/Apr/2025:00:54:55 +0200] "GET /Jurek/shiori/feeds/shiori_emagro.xml HTTP/1.0" 200 453720 "-" "-"
89.161.206.59 - - [14/Apr/2025:00:54:55 +0200] "GET /Jurek/eoptimo/feeds/eoptimo_emagro.xml HTTP/1.0" 200 2094681 "-" "-"
89.161.206.59 - - [14/Apr/2025:00:54:56 +0200] "GET /Jurek/bisanti/feeds/bisanti_emagro.xml HTTP/1.0" 200 1142459 "-" "-"
89.161.206.59 - - [14/Apr/2025:00:54:56 +0200] "GET /Jurek/najtanszysport/feeds/najtanszysport_emagro.xml HTTP/1.0" 200 3984596 "-" "-"
89.161.206.59 - - [14/Apr/2025:00:54:56 +0200] "GET /Jurek/bentivolio/feeds/bentivolio_emagro.xml HTTP/1.0" 200 3498403 "-" "-"
51.77.52.107 - - [14/Apr/2025:00:54:57 +0200] "GET /Jurek/eurofirany/images/463637/0.jpg HTTP/2.0" 200 100397 "-" "baselinker"
46.101.116.244 - - [14/Apr/2025:00:55:02 +0200] "GET /Jurek/emibig/feeds/emibig_mallsi.xml HTTP/2.0" 200 2427331 "-" "-"
51.77.52.107 - - [14/Apr/2025:00:55:07 +0200] "GET /Jurek/eurofirany/images/463637/0.jpg HTTP/2.0" 200 100397 "-" "baselinker"
46.101.116.244 - - [14/Apr/2025:00:55:12 +0200] "GET /Jurek/b3/feeds/b3_mallsi.xml HTTP/2.0" 200 6468295 "-" "-"
51.77.52.107 - - [14/Apr/2025:00:55:20 +0200] "GET /Jurek/eurofirany/images/463637/0.jpg HTTP/2.0" 200 100397 "-" "baselinker"
46.101.116.244 - - [14/Apr/2025:00:55:24 +0200] "GET /Jurek/action/feeds/action_mallsi.xml HTTP/2.0" 200 60203905 "-" "-"
46.101.116.244 - - [14/Apr/2025:00:55:40 +0200] "GET /Jurek/aw/feeds/awnarzedzia_mallsiex.xml HTTP/2.0" 200 90572956 "-" "-"
89.161.206.59 - - [14/Apr/2025:00:55:41 +0200] "GET /Jurek/luxma/feeds/luxma_emagro.xml HTTP/1.0" 200 8059073 "-" "-"
51.77.52.107 - - [14/Apr/2025:00:55:44 +0200] "GET /Jurek/eurofirany/images/464633/0.jpg HTTP/2.0" 200 60282 "-" "baselinker"
51.77.52.107 - - [14/Apr/2025:00:55:57 +0200] "GET /Jurek/eurofirany/images/464633/0.jpg HTTP/2.0" 200 60282 "-" "baselinker"
46.101.116.244 - - [14/Apr/2025:00:55:58 +0200] "GET /Jurek/eurofirany/feeds/eurofirany_mall_si_extrastore.xml HTTP/2.0" 200 19330454 "-" "-"
89.161.206.59 - - [14/Apr/2025:00:56:06 +0200] "GET /Jurek/ekolight/feeds/ekolioght_skroutz.xml HTTP/1.0" 200 9052753 "-" "-"
46.101.116.244 - - [14/Apr/2025:00:56:10 +0200] "GET /Jurek/fernity/feeds/fernity_mallslex.xml HTTP/2.0" 200 4796698 "-" "-"
51.77.52.107 - - [14/Apr/2025:00:56:15 +0200] "GET /Jurek/eurofirany/images/464633/0.jpg HTTP/2.0" 200 60282 "-" "baselinker"
46.101.116.244 - - [14/Apr/2025:00:56:20 +0200] "GET /Jurek/homla/feeds/homla_mallslex.xml HTTP/2.0" 404 3551 "-" "-"
51.77.52.107 - - [14/Apr/2025:00:56:29 +0200] "GET /Jurek/eurofirany/images/464634/0.jpg HTTP/2.0" 200 64196 "-" "baselinker"
46.101.116.244 - - [14/Apr/2025:00:56:31 +0200] "GET /Jurek/hurtownia_przemyslowa/feeds/hp_mallsi.xml HTTP/2.0" 200 49362224 "-" "-"
89.161.206.59 - - [14/Apr/2025:00:56:37 +0200] "GET /Jurek/fertone/feeds/fertone_emagro.xml HTTP/1.0" 200 576593 "-" "-"
89.161.206.59 - - [14/Apr/2025:00:56:39 +0200] "GET /Jurek/zenga/feeds/zenga_emagro.xml HTTP/1.0" 200 222863 "-" "-"
89.161.206.59 - - [14/Apr/2025:00:56:39 +0200] "GET /Jurek/euroshop/feeds/euroshop_emagro.xml HTTP/1.0" 200 20026491 "-" "-"
89.161.206.59 - - [14/Apr/2025:00:56:41 +0200] "GET /Jurek/polzoo/feeds/polzoo_emagro.xml HTTP/1.0" 200 48128595 "-" "-"
89.161.206.59 - - [14/Apr/2025:00:56:43 +0200] "GET /Jurek/german/feeds/german_emagro.xml HTTP/1.0" 200 2853936 "-" "-"
51.77.52.107 - - [14/Apr/2025:00:56:43 +0200] "GET /Jurek/eurofirany/images/464634/0.jpg HTTP/2.0" 200 64196 "-" "baselinker"
89.161.206.59 - - [14/Apr/2025:00:56:43 +0200] "GET /Jurek/purewear/feeds/purewear_emagro.xml HTTP/1.0" 200 13354658 "-" "-"
46.101.116.244 - - [14/Apr/2025:00:56:44 +0200] "GET /Jurek/ikonka/feeds/ikonka_mallsiex.xml HTTP/2.0" 200 22186572 "-" "-"
89.161.206.59 - - [14/Apr/2025:00:56:44 +0200] "GET /Jurek/beautycare/feeds/beautycare_emagro.xml HTTP/1.0" 200 1181601 "-" "-"
89.161.206.59 - - [14/Apr/2025:00:56:44 +0200] "GET /Jurek/makow/feeds/makow_emagro.xml HTTP/1.0" 200 21205958 "-" "-"
46.101.116.244 - - [14/Apr/2025:00:56:55 +0200] "GET /Jurek/kinghoff/feeds/kinghoff_mallslex.xml HTTP/2.0" 200 15515426 "-" "-"
51.77.52.107 - - [14/Apr/2025:00:56:56 +0200] "GET /Jurek/eurofirany/images/464634/0.jpg HTTP/2.0" 200 64196 "-" "baselinker"
51.77.52.107 - - [14/Apr/2025:00:57:10 +0200] "GET /Jurek/eurofirany/images/465036/0.jpg HTTP/2.0" 200 76363 "-" "baselinker"
51.77.52.107 - - [14/Apr/2025:00:57:24 +0200] "GET /Jurek/eurofirany/images/465036/0.jpg HTTP/2.0" 200 76363 "-" "baselinker"
46.101.116.244 - - [14/Apr/2025:00:57:31 +0200] "GET /Jurek/stema/feeds/stema_mallslex.xml HTTP/2.0" 200 851897 "-" "-"
51.77.52.107 - - [14/Apr/2025:00:57:38 +0200] "GET /Jurek/eurofirany/images/465036/0.jpg HTTP/2.0" 200 76363 "-" "baselinker"
46.101.116.244 - - [14/Apr/2025:00:57:42 +0200] "GET /Jurek/unimet/feeds/unimet_mallsiex.xml HTTP/2.0" 200 60476644 "-" "-"
89.161.206.59 - - [14/Apr/2025:00:57:49 +0200] "GET /Jurek/ikonka/feeds/ikonka_ebayde.xml HTTP/1.0" 200 7112847 "-" "-"
51.77.52.107 - - [14/Apr/2025:00:57:52 +0200] "GET /Jurek/eurofirany/images/461573/0.jpg HTTP/2.0" 200 80618 "-" "baselinker"
46.101.116.244 - - [14/Apr/2025:00:57:58 +0200] "GET /Jurek/andex/feeds/andex_mallslex.xml HTTP/2.0" 200 1953450 "-" "-"
46.101.116.244 - - [14/Apr/2025:00:58:08 +0200] "GET /Jurek/barbecook/feeds/barbecook_mallslex.xml HTTP/2.0" 200 87532 "-" "-"
51.77.52.107 - - [14/Apr/2025:00:58:10 +0200] "GET /Jurek/eurofirany/images/461573/0.jpg HTTP/2.0" 200 80618 "-" "baselinker"
46.101.116.244 - - [14/Apr/2025:00:58:19 +0200] "GET /Jurek/beliani/feeds/beliani_si_mallsiex.xml HTTP/2.0" 200 31199242 "-" "-"
51.77.52.107 - - [14/Apr/2025:00:58:30 +0200] "GET /Jurek/eurofirany/images/461573/0.jpg HTTP/2.0" 200 80618 "-" "baselinker"
51.77.52.107 - - [14/Apr/2025:00:58:32 +0200] "GET /Jurek/eurofirany/images/461971/0.jpg HTTP/2.0" 200 83743 "-" "baselinker"
46.101.116.244 - - [14/Apr/2025:00:58:32 +0200] "GET /Jurek/chemex/feeds/chemex_mallsiex.xml HTTP/2.0" 200 47810433 "-" "-"
46.101.116.244 - - [14/Apr/2025:00:58:44 +0200] "GET /Jurek/duka/feeds/duka_mallslex.xml HTTP/2.0" 200 57 "-" "-"
51.77.52.107 - - [14/Apr/2025:00:58:45 +0200] "GET /Jurek/eurofirany/images/461971/0.jpg HTTP/2.0" 200 83743 "-" "baselinker"
46.101.116.244 - - [14/Apr/2025:00:58:54 +0200] "GET /Jurek/flhf/feeds/flhf_mallsiex.xml HTTP/2.0" 404 3551 "-" "-"
51.77.52.107 - - [14/Apr/2025:00:58:58 +0200] "GET /Jurek/eurofirany/images/461971/0.jpg HTTP/2.0" 200 83743 "-" "baselinker"
46.101.116.244 - - [14/Apr/2025:00:59:05 +0200] "GET /Jurek/kinghome/feeds/kinghome_mallslex.xml HTTP/2.0" 200 6003278 "-" "-"
89.161.206.59 - - [14/Apr/2025:00:59:10 +0200] "GET /Jurek/eurofirany/feeds/eurofirany_ebay.xml HTTP/1.0" 200 19221688 "-" "-"
51.77.52.107 - - [14/Apr/2025:00:59:10 +0200] "GET /Jurek/eurofirany/images/461249/0.jpg HTTP/2.0" 200 35001 "-" "baselinker"
46.101.116.244 - - [14/Apr/2025:00:59:15 +0200] "GET /Jurek/kinghome/feeds/kinghome_mallslex.xml HTTP/2.0" 200 6003278 "-" "-"
51.77.52.107 - - [14/Apr/2025:00:59:21 +0200] "GET /Jurek/eurofirany/images/461249/0.jpg HTTP/2.0" 200 35001 "-" "baselinker"
46.101.116.244 - - [14/Apr/2025:00:59:26 +0200] "GET /Jurek/rovicky/feeds/rovicky_mallsiex.xml HTTP/2.0" 200 15068527 "-" "-"
51.77.52.107 - - [14/Apr/2025:00:59:35 +0200] "GET /Jurek/eurofirany/images/461249/0.jpg HTTP/2.0" 200 35001 "-" "baselinker"
46.101.116.244 - - [14/Apr/2025:00:59:37 +0200] "GET /Jurek/vivaldi/feeds/vivaldi_Mall-slex.xml HTTP/2.0" 200 344674 "-" "-"
51.77.52.107 - - [14/Apr/2025:00:59:48 +0200] "GET /Jurek/eurofirany/images/461252/0.jpg HTTP/2.0" 200 40182 "-" "baselinker"
51.77.52.107 - - [14/Apr/2025:01:00:01 +0200] "GET /Jurek/eurofirany/images/461252/0.jpg HTTP/2.0" 200 40182 "-" "baselinker"
51.77.52.107 - - [14/Apr/2025:01:00:15 +0200] "GET /Jurek/eurofirany/images/461252/0.jpg HTTP/2.0" 200 40182 "-" "baselinker"
51.77.52.107 - - [14/Apr/2025:01:00:31 +0200] "GET /Jurek/eurofirany/images/461263/0.jpg HTTP/2.0" 200 54468 "-" "baselinker"
52.18.22.0 - - [14/Apr/2025:01:00:33 +0200] "GET /marketplaces/ubaldi/results/ubaldi.csv HTTP/1.1" 200 147219 "-" "Mirakl HttpClient"
51.77.52.107 - - [14/Apr/2025:01:00:36 +0200] "GET /Jurek/eurofirany/images/461263/0.jpg HTTP/2.0" 200 54468 "-" "baselinker"
51.77.52.107 - - [14/Apr/2025:01:00:42 +0200] "GET /Jurek/eurofirany/images/461263/0.jpg HTTP/2.0" 200 54468 "-" "baselinker"
51.77.52.107 - - [14/Apr/2025:01:00:47 +0200] "GET /Jurek/eurofirany/images/461266/0.jpg HTTP/2.0" 200 55062 "-" "baselinker"
89.161.206.59 - - [14/Apr/2025:01:00:48 +0200] "GET /Jurek/hurtownia_przemyslowa/feeds/hp_amazonDE.xml HTTP/1.0" 200 42278248 "-" "-"
89.161.206.59 - - [14/Apr/2025:01:00:52 +0200] "GET /Jurek/drewdon/feeds/drewdon_amazonde.xml HTTP/1.0" 200 504446 "-" "-"
51.77.52.107 - - [14/Apr/2025:01:01:02 +0200] "GET /Jurek/eurofirany/images/461266/0.jpg HTTP/2.0" 200 55062 "-" "baselinker"
51.77.52.107 - - [14/Apr/2025:01:01:07 +0200] "GET /Jurek/eurofirany/images/461266/0.jpg HTTP/2.0" 200 55062 "-" "baselinker"
46.101.116.244 - - [14/Apr/2025:01:01:11 +0200] "GET /Jurek/aw/feeds/aw_fnacfr.xml HTTP/1.0" 404 3551 "-" "-"
51.77.52.107 - - [14/Apr/2025:01:01:31 +0200] "GET /Jurek/eurofirany/images/461270/0.jpg HTTP/2.0" 200 52619 "-" "baselinker"
35.204.39.32 - - [14/Apr/2025:01:01:33 +0200] "GET /marketplaces/vente/results/vente_nl.csv HTTP/1.1" 200 147219 "-" "Mirakl HttpClient"
35.204.39.32 - - [14/Apr/2025:01:01:33 +0200] "GET /marketplaces/vente/results/vente_fr.csv HTTP/1.1" 200 147219 "-" "Mirakl HttpClient"
35.204.39.32 - - [14/Apr/2025:01:01:33 +0200] "GET /marketplaces/vente/results/vente_be.csv HTTP/1.1" 200 147219 "-" "Mirakl HttpClient"
35.204.39.32 - - [14/Apr/2025:01:01:33 +0200] "GET /marketplaces/vente/results/vente_it.csv HTTP/1.1" 200 147219 "-" "Mirakl HttpClient"
35.204.39.32 - - [14/Apr/2025:01:01:33 +0200] "GET /marketplaces/vente/results/vente_es.csv HTTP/1.1" 200 147219 "-" "Mirakl HttpClient"
35.204.39.32 - - [14/Apr/2025:01:01:33 +0200] "GET /marketplaces/vente/results/vente_de.csv HTTP/1.1" 200 147219 "-" "Mirakl HttpClient"
51.77.52.107 - - [14/Apr/2025:01:01:35 +0200] "GET /Jurek/eurofirany/images/461270/0.jpg HTTP/2.0" 200 52619 "-" "baselinker"
