77.79.248.229 - - [14/Apr/2025:03:30:24 +0200] "GET /Jurek/mechdecor/feeds/mechdecor_pigu.xml HTTP/1.1" 200 596206 "-" "Python-urllib/3.11"
77.79.248.229 - - [14/Apr/2025:03:30:24 +0200] "GET /Jurek/mechdecor/feeds/mechdecor_piguFI.xml HTTP/1.1" 200 596203 "-" "Python-urllib/3.11"
77.79.248.229 - - [14/Apr/2025:03:30:25 +0200] "GET /Jurek/mojeledy/feeds/mojeledy_pigu.xml HTTP/1.1" 200 1018437 "-" "Python-urllib/3.11"
77.79.248.229 - - [14/Apr/2025:03:30:25 +0200] "GET /Jurek/mojeledy/feeds/mojeledy_piguFI.xml HTTP/1.1" 200 1018425 "-" "Python-urllib/3.11"
77.79.248.229 - - [14/Apr/2025:03:30:25 +0200] "GET /Jurek/zami/feeds/zami_pigu.xml HTTP/1.1" 200 4472808 "-" "Python-urllib/3.11"
77.79.248.229 - - [14/Apr/2025:03:30:25 +0200] "GET /Jurek/zami/feeds/zami_piguFI.xml HTTP/1.1" 200 4472832 "-" "Python-urllib/3.11"
51.77.52.107 - - [14/Apr/2025:03:30:28 +0200] "GET /Jurek/eurofirany/images/460578/0.jpg HTTP/2.0" 200 143351 "-" "baselinker"
77.79.248.229 - - [14/Apr/2025:03:30:31 +0200] "GET /Jurek/proadventure/feeds/proadventure_pigu.xml HTTP/1.1" 200 10763352 "-" "Python-urllib/3.11"
77.79.248.229 - - [14/Apr/2025:03:30:32 +0200] "GET /Jurek/proadventure/feeds/proadventure_piguFI.xml HTTP/1.1" 200 10763605 "-" "Python-urllib/3.11"
77.79.248.229 - - [14/Apr/2025:03:30:40 +0200] "GET /Jurek/rems/feeds/rems_pigu.xml HTTP/1.1" 200 8706253 "-" "Python-urllib/3.11"
77.79.248.229 - - [14/Apr/2025:03:30:40 +0200] "GET /Jurek/rems/feeds/rems_piguFI.xml HTTP/1.1" 200 8706272 "-" "Python-urllib/3.11"
51.77.52.107 - - [14/Apr/2025:03:30:46 +0200] "GET /Jurek/eurofirany/images/460578/0.jpg HTTP/2.0" 200 143351 "-" "baselinker"
77.79.248.229 - - [14/Apr/2025:03:30:47 +0200] "GET /Jurek/hurtownia_przemyslowa/feeds/hp_piguex.xml HTTP/1.1" 200 41376333 "-" "Python-urllib/3.11"
77.79.248.229 - - [14/Apr/2025:03:30:48 +0200] "GET /Jurek/hurtownia_przemyslowa/feeds/hp_piguexFI.xml HTTP/1.1" 200 41376465 "-" "Python-urllib/3.11"
77.79.248.229 - - [14/Apr/2025:03:30:48 +0200] "GET /Jurek/hurtownia_przemyslowa/feeds/hp_piguex.xml HTTP/1.1" 200 41376333 "-" "Python-urllib/3.11"
77.79.248.229 - - [14/Apr/2025:03:30:49 +0200] "GET /Jurek/hurtownia_przemyslowa/feeds/hp_piguex.xml HTTP/1.1" 200 41376333 "-" "Python-urllib/3.11"
77.79.248.229 - - [14/Apr/2025:03:30:51 +0200] "GET /Jurek/topeshop/feeds/topeshop_piguEX.xml HTTP/1.1" 200 2633245 "-" "Python-urllib/3.11"
77.79.248.229 - - [14/Apr/2025:03:30:51 +0200] "GET /Jurek/topeshop/feeds/topeshop_piguFIEX.xml HTTP/1.1" 200 2633365 "-" "Python-urllib/3.11"
77.79.248.229 - - [14/Apr/2025:03:30:51 +0200] "GET /Jurek/topeshop/feeds/topeshop_piguEX.xml HTTP/1.1" 200 2633245 "-" "Python-urllib/3.11"
77.79.248.229 - - [14/Apr/2025:03:30:52 +0200] "GET /Jurek/topeshop/feeds/topeshop_piguEX.xml HTTP/1.1" 200 2633245 "-" "Python-urllib/3.11"
77.79.248.229 - - [14/Apr/2025:03:30:59 +0200] "GET /Jurek/awparts/feeds/awparts_piguEX.xml HTTP/1.1" 200 142241333 "-" "Python-urllib/3.11"
77.79.248.229 - - [14/Apr/2025:03:31:01 +0200] "GET /Jurek/awparts/feeds/awparts_pigufiEX.xml HTTP/1.1" 200 142246207 "-" "Python-urllib/3.11"
51.77.52.107 - - [14/Apr/2025:03:31:03 +0200] "GET /Jurek/eurofirany/images/460591/0.jpg HTTP/2.0" 200 147348 "-" "baselinker"
77.79.248.229 - - [14/Apr/2025:03:31:05 +0200] "GET /Jurek/awparts/feeds/awparts_piguEX.xml HTTP/1.1" 200 142241333 "-" "Python-urllib/3.11"
77.79.248.229 - - [14/Apr/2025:03:31:10 +0200] "GET /Jurek/awparts/feeds/awparts_piguEX.xml HTTP/1.1" 200 142241333 "-" "Python-urllib/3.11"
77.79.248.229 - - [14/Apr/2025:03:31:10 +0200] "GET /Jurek/expertauto/feeds/expertauto_piguEX.xml HTTP/1.1" 200 1158934 "-" "Python-urllib/3.11"
77.79.248.229 - - [14/Apr/2025:03:31:10 +0200] "GET /Jurek/expertauto/feeds/expertauto_pigufiEX.xml HTTP/1.1" 200 1158937 "-" "Python-urllib/3.11"
77.79.248.229 - - [14/Apr/2025:03:31:10 +0200] "GET /Jurek/expertauto/feeds/expertauto_piguEX.xml HTTP/1.1" 200 1158934 "-" "Python-urllib/3.11"
77.79.248.229 - - [14/Apr/2025:03:31:11 +0200] "GET /Jurek/expertauto/feeds/expertauto_piguEX.xml HTTP/1.1" 200 1158934 "-" "Python-urllib/3.11"
77.79.248.229 - - [14/Apr/2025:03:31:11 +0200] "GET /Jurek/rider/feeds/rider_piguEX.xml HTTP/1.1" 200 8165176 "-" "Python-urllib/3.11"
77.79.248.229 - - [14/Apr/2025:03:31:11 +0200] "GET /Jurek/rider/feeds/rider_pigufiEX.xml HTTP/1.1" 200 8165250 "-" "Python-urllib/3.11"
77.79.248.229 - - [14/Apr/2025:03:31:12 +0200] "GET /Jurek/rider/feeds/rider_piguEX.xml HTTP/1.1" 200 8165176 "-" "Python-urllib/3.11"
77.79.248.229 - - [14/Apr/2025:03:31:12 +0200] "GET /Jurek/rider/feeds/rider_piguEX.xml HTTP/1.1" 200 8165176 "-" "Python-urllib/3.11"
46.101.116.244 - - [14/Apr/2025:03:31:14 +0200] "GET /Jurek/unimet/feeds/unimet_alza.xml HTTP/2.0" 200 60532826 "-" "-"
51.77.52.107 - - [14/Apr/2025:03:31:15 +0200] "GET /Jurek/eurofirany/images/460591/0.jpg HTTP/2.0" 200 147348 "-" "baselinker"
46.101.116.244 - - [14/Apr/2025:03:31:21 +0200] "GET /Jurek/aw/feeds/aw_fnacfr.xml HTTP/1.0" 404 3551 "-" "-"
5.134.208.158 - - [14/Apr/2025:03:31:26 +0200] "GET /Jurek/eurofirany/images/461181/0.jpg HTTP/1.1" 206 256 "https://www.ceneo.pl" "Mozilla/5.0 (Windows NT 10.0; Win64; x64) AppleWebKit/537.36 (KHTML, like Gecko) Chrome/87.0.4280.141 Safari/537.36"
5.134.208.158 - - [14/Apr/2025:03:31:26 +0200] "GET /Jurek/eurofirany/images/461181/1.jpg HTTP/1.1" 206 256 "https://www.ceneo.pl" "Mozilla/5.0 (Windows NT 10.0; Win64; x64) AppleWebKit/537.36 (KHTML, like Gecko) Chrome/87.0.4280.141 Safari/537.36"
5.134.208.158 - - [14/Apr/2025:03:31:26 +0200] "GET /Jurek/eurofirany/images/461181/0.jpg HTTP/1.1" 200 61578 "-" "-"
5.134.208.158 - - [14/Apr/2025:03:31:26 +0200] "GET /Jurek/eurofirany/images/461181/1.jpg HTTP/1.1" 200 67598 "-" "-"
5.134.208.158 - - [14/Apr/2025:03:31:26 +0200] "GET /Jurek/eurofirany/images/461181/2.jpg HTTP/1.1" 200 74195 "-" "-"
5.134.208.158 - - [14/Apr/2025:03:31:26 +0200] "GET /Jurek/eurofirany/images/461181/3.jpg HTTP/1.1" 200 59595 "-" "-"
5.134.208.158 - - [14/Apr/2025:03:31:26 +0200] "GET /Jurek/eurofirany/images/461181/4.jpg HTTP/1.1" 200 127197 "-" "-"
51.77.52.107 - - [14/Apr/2025:03:31:33 +0200] "GET /Jurek/eurofirany/images/460591/0.jpg HTTP/2.0" 200 147348 "-" "baselinker"
51.77.52.107 - - [14/Apr/2025:03:31:45 +0200] "GET /Jurek/eurofirany/images/461398/0.jpg HTTP/2.0" 200 131926 "-" "baselinker"
77.79.248.229 - - [14/Apr/2025:03:31:47 +0200] "GET /Jurek/naszedzieci/feeds/naszedzieci_piguEX.xml HTTP/1.1" 200 833176709 "-" "Python-urllib/3.11"
51.77.52.107 - - [14/Apr/2025:03:31:58 +0200] "GET /Jurek/eurofirany/images/461398/0.jpg HTTP/2.0" 200 131926 "-" "baselinker"
85.232.241.194 - - [14/Apr/2025:03:32:02 +0200] "GET /Jurek/kinghoff/feeds/kinghoff_skrSH.xml HTTP/1.1" 200 15515204 "-" "Python-urllib/3.11"
85.232.241.194 - - [14/Apr/2025:03:32:03 +0200] "GET /Jurek/aw/feeds/aw_skroutzSH.xml HTTP/1.1" 200 90573378 "-" "Python-urllib/3.11"
85.232.241.194 - - [14/Apr/2025:03:32:04 +0200] "GET /Jurek/eurofirany/feeds/eurofirany_skrSH.xml HTTP/1.1" 200 19324382 "-" "Python-urllib/3.11"
85.232.241.194 - - [14/Apr/2025:03:32:04 +0200] "GET /Jurek/fernity/feeds/fernity_skrSH.xml HTTP/1.1" 200 4797190 "-" "Python-urllib/3.11"
85.232.241.194 - - [14/Apr/2025:03:32:05 +0200] "GET /Jurek/hurtownia_przemyslowa/feeds/hp_skrSH.xml HTTP/1.1" 200 49362926 "-" "Python-urllib/3.11"
85.232.241.194 - - [14/Apr/2025:03:32:05 +0200] "GET /Jurek/stema/feeds/stema_skrSH.xml HTTP/1.1" 200 851986 "-" "Python-urllib/3.11"
85.232.241.194 - - [14/Apr/2025:03:32:07 +0200] "GET /Jurek/eroplace/feeds/eroplace_skroutz.xml HTTP/1.1" 200 51201499 "-" "Python-urllib/3.11"
85.232.241.194 - - [14/Apr/2025:03:32:08 +0200] "GET /Jurek/bass_new/feeds/bass_skroutz.xml HTTP/1.1" 200 7040944 "-" "Python-urllib/3.11"
85.232.241.194 - - [14/Apr/2025:03:32:08 +0200] "GET /Jurek/topeshop/feeds/topeshop_skr.xml HTTP/1.1" 200 919613 "-" "Python-urllib/3.11"
77.79.248.229 - - [14/Apr/2025:03:32:10 +0200] "GET /Jurek/naszedzieci/feeds/naszedzieci_pigufiEX.xml HTTP/1.1" 200 833184659 "-" "Python-urllib/3.11"
51.77.52.107 - - [14/Apr/2025:03:32:12 +0200] "GET /Jurek/eurofirany/images/461398/0.jpg HTTP/2.0" 200 131926 "-" "baselinker"
51.77.52.107 - - [14/Apr/2025:03:32:23 +0200] "GET /Jurek/eurofirany/images/461404/0.jpg HTTP/2.0" 200 102152 "-" "baselinker"
51.77.52.107 - - [14/Apr/2025:03:32:39 +0200] "GET /Jurek/eurofirany/images/461404/0.jpg HTTP/2.0" 200 102152 "-" "baselinker"
77.79.248.229 - - [14/Apr/2025:03:32:41 +0200] "GET /Jurek/naszedzieci/feeds/naszedzieci_piguEX.xml HTTP/1.1" 200 833176709 "-" "Python-urllib/3.11"
46.101.116.244 - - [14/Apr/2025:03:32:50 +0200] "GET /Jurek/andex/feeds/andex_alza.xml HTTP/2.0" 200 1954500 "-" "-"
51.77.52.107 - - [14/Apr/2025:03:32:58 +0200] "GET /Jurek/eurofirany/images/461404/0.jpg HTTP/2.0" 200 102152 "-" "baselinker"
46.101.116.244 - - [14/Apr/2025:03:33:02 +0200] "GET /Jurek/aw/feeds/awnarzedzia_alza.xml HTTP/2.0" 200 90677349 "-" "-"
77.79.248.229 - - [14/Apr/2025:03:33:09 +0200] "GET /Jurek/naszedzieci/feeds/naszedzieci_piguEX.xml HTTP/1.1" 200 833176709 "-" "Python-urllib/3.11"
77.79.248.229 - - [14/Apr/2025:03:33:09 +0200] "GET /Jurek/dekoele/feeds/dekoele_piguEX.xml HTTP/1.1" 200 733933 "-" "Python-urllib/3.11"
77.79.248.229 - - [14/Apr/2025:03:33:09 +0200] "GET /Jurek/dekoele/feeds/dekoele_pigufiEX.xml HTTP/1.1" 200 733939 "-" "Python-urllib/3.11"
77.79.248.229 - - [14/Apr/2025:03:33:09 +0200] "GET /Jurek/dekoele/feeds/dekoele_piguEX.xml HTTP/1.1" 200 733933 "-" "Python-urllib/3.11"
77.79.248.229 - - [14/Apr/2025:03:33:10 +0200] "GET /Jurek/dekoele/feeds/dekoele_piguEX.xml HTTP/1.1" 200 733933 "-" "Python-urllib/3.11"
77.79.248.229 - - [14/Apr/2025:03:33:10 +0200] "GET /Jurek/zepnij/feeds/zepnij_piguEX.xml HTTP/1.1" 200 19522799 "-" "Python-urllib/3.11"
51.77.52.107 - - [14/Apr/2025:03:33:11 +0200] "GET /Jurek/eurofirany/images/461405/0.jpg HTTP/2.0" 200 145807 "-" "baselinker"
77.79.248.229 - - [14/Apr/2025:03:33:11 +0200] "GET /Jurek/zepnij/feeds/zepnij_piguFIEX.xml HTTP/1.1" 200 19522481 "-" "Python-urllib/3.11"
77.79.248.229 - - [14/Apr/2025:03:33:12 +0200] "GET /Jurek/zepnij/feeds/zepnij_piguEX.xml HTTP/1.1" 200 19522799 "-" "Python-urllib/3.11"
77.79.248.229 - - [14/Apr/2025:03:33:13 +0200] "GET /Jurek/zepnij/feeds/zepnij_piguEX.xml HTTP/1.1" 200 19522799 "-" "Python-urllib/3.11"
77.79.248.229 - - [14/Apr/2025:03:33:13 +0200] "GET /Jurek/drewdon/feeds/drewdon_piguEX.xml HTTP/1.1" 200 504451 "-" "Python-urllib/3.11"
77.79.248.229 - - [14/Apr/2025:03:33:13 +0200] "GET /Jurek/drewdon/feeds/drewdon_pigufiEX.xml HTTP/1.1" 200 504454 "-" "Python-urllib/3.11"
77.79.248.229 - - [14/Apr/2025:03:33:13 +0200] "GET /Jurek/drewdon/feeds/drewdon_piguEX.xml HTTP/1.1" 200 504451 "-" "Python-urllib/3.11"
77.79.248.229 - - [14/Apr/2025:03:33:13 +0200] "GET /Jurek/drewdon/feeds/drewdon_piguEX.xml HTTP/1.1" 200 504451 "-" "Python-urllib/3.11"
77.79.248.229 - - [14/Apr/2025:03:33:14 +0200] "GET /Jurek/luxma/feeds/luxma_piguEX.xml HTTP/1.1" 200 8058586 "-" "Python-urllib/3.11"
77.79.248.229 - - [14/Apr/2025:03:33:14 +0200] "GET /Jurek/luxma/feeds/luxma_pigufiEX.xml HTTP/1.1" 200 8058567 "-" "Python-urllib/3.11"
77.79.248.229 - - [14/Apr/2025:03:33:14 +0200] "GET /Jurek/luxma/feeds/luxma_piguEX.xml HTTP/1.1" 200 8058586 "-" "Python-urllib/3.11"
77.79.248.229 - - [14/Apr/2025:03:33:15 +0200] "GET /Jurek/luxma/feeds/luxma_piguEX.xml HTTP/1.1" 200 8058586 "-" "Python-urllib/3.11"
77.79.248.229 - - [14/Apr/2025:03:33:15 +0200] "GET /Jurek/emaja24/feeds/emaja24_piguEX.xml HTTP/1.1" 200 5109859 "-" "Python-urllib/3.11"
77.79.248.229 - - [14/Apr/2025:03:33:16 +0200] "GET /Jurek/emaja24/feeds/emaja24_pigufiEX.xml HTTP/1.1" 200 5109858 "-" "Python-urllib/3.11"
77.79.248.229 - - [14/Apr/2025:03:33:16 +0200] "GET /Jurek/emaja24/feeds/emaja24_piguEX.xml HTTP/1.1" 200 5109859 "-" "Python-urllib/3.11"
77.79.248.229 - - [14/Apr/2025:03:33:17 +0200] "GET /Jurek/emaja24/feeds/emaja24_piguEX.xml HTTP/1.1" 200 5109859 "-" "Python-urllib/3.11"
77.79.248.229 - - [14/Apr/2025:03:33:17 +0200] "GET /Jurek/domzapachy/feeds/domzapachy_piguEX.xml HTTP/1.1" 200 179761 "-" "Python-urllib/3.11"
77.79.248.229 - - [14/Apr/2025:03:33:17 +0200] "GET /Jurek/domzapachy/feeds/domzapachy_pigufiEX.xml HTTP/1.1" 200 179761 "-" "Python-urllib/3.11"
77.79.248.229 - - [14/Apr/2025:03:33:17 +0200] "GET /Jurek/domzapachy/feeds/domzapachy_piguEX.xml HTTP/1.1" 200 179761 "-" "Python-urllib/3.11"
77.79.248.229 - - [14/Apr/2025:03:33:17 +0200] "GET /Jurek/domzapachy/feeds/domzapachy_piguEX.xml HTTP/1.1" 200 179761 "-" "Python-urllib/3.11"
77.79.248.229 - - [14/Apr/2025:03:33:17 +0200] "GET /Jurek/madrex/feeds/madrex_piguEX.xml HTTP/1.1" 200 466708 "-" "Python-urllib/3.11"
77.79.248.229 - - [14/Apr/2025:03:33:18 +0200] "GET /Jurek/madrex/feeds/madrex_pigufiEX.xml HTTP/1.1" 200 466721 "-" "Python-urllib/3.11"
77.79.248.229 - - [14/Apr/2025:03:33:18 +0200] "GET /Jurek/madrex/feeds/madrex_piguEX.xml HTTP/1.1" 200 466708 "-" "Python-urllib/3.11"
77.79.248.229 - - [14/Apr/2025:03:33:18 +0200] "GET /Jurek/madrex/feeds/madrex_piguEX.xml HTTP/1.1" 200 466708 "-" "Python-urllib/3.11"
77.79.248.229 - - [14/Apr/2025:03:33:18 +0200] "GET /Jurek/twojsklep/feeds/twojsklep_piguEX.xml HTTP/1.1" 200 126785 "-" "Python-urllib/3.11"
77.79.248.229 - - [14/Apr/2025:03:33:19 +0200] "GET /Jurek/twojsklep/feeds/twojsklep_pigufiEX.xml HTTP/1.1" 200 126789 "-" "Python-urllib/3.11"
77.79.248.229 - - [14/Apr/2025:03:33:19 +0200] "GET /Jurek/twojsklep/feeds/twojsklep_piguEX.xml HTTP/1.1" 200 126785 "-" "Python-urllib/3.11"
77.79.248.229 - - [14/Apr/2025:03:33:19 +0200] "GET /Jurek/twojsklep/feeds/twojsklep_piguEX.xml HTTP/1.1" 200 126785 "-" "Python-urllib/3.11"
77.79.248.229 - - [14/Apr/2025:03:33:19 +0200] "GET /Jurek/motofan/feeds/motofan_piguEX.xml HTTP/1.1" 200 2391876 "-" "Python-urllib/3.11"
77.79.248.229 - - [14/Apr/2025:03:33:19 +0200] "GET /Jurek/motofan/feeds/motofan_pigufiEX.xml HTTP/1.1" 200 2392079 "-" "Python-urllib/3.11"
77.79.248.229 - - [14/Apr/2025:03:33:19 +0200] "GET /Jurek/motofan/feeds/motofan_piguEX.xml HTTP/1.1" 200 2391876 "-" "Python-urllib/3.11"
77.79.248.229 - - [14/Apr/2025:03:33:20 +0200] "GET /Jurek/motofan/feeds/motofan_piguEX.xml HTTP/1.1" 200 2391876 "-" "Python-urllib/3.11"
77.79.248.229 - - [14/Apr/2025:03:33:20 +0200] "GET /Jurek/antiodor/feeds/antiodor_piguEX.xml HTTP/1.1" 200 137788 "-" "Python-urllib/3.11"
77.79.248.229 - - [14/Apr/2025:03:33:20 +0200] "GET /Jurek/antiodor/feeds/antiodor_pigufiEX.xml HTTP/1.1" 200 137788 "-" "Python-urllib/3.11"
77.79.248.229 - - [14/Apr/2025:03:33:20 +0200] "GET /Jurek/antiodor/feeds/antiodor_piguEX.xml HTTP/1.1" 200 137788 "-" "Python-urllib/3.11"
77.79.248.229 - - [14/Apr/2025:03:33:20 +0200] "GET /Jurek/antiodor/feeds/antiodor_piguEX.xml HTTP/1.1" 200 137788 "-" "Python-urllib/3.11"
46.101.116.244 - - [14/Apr/2025:03:33:20 +0200] "GET /Jurek/detian/feeds/detian_alza.xml HTTP/2.0" 404 3551 "-" "-"
77.79.248.229 - - [14/Apr/2025:03:33:20 +0200] "GET /Jurek/qbox/feeds/qbox_piguEX.xml HTTP/1.1" 200 398472 "-" "Python-urllib/3.11"
77.79.248.229 - - [14/Apr/2025:03:33:21 +0200] "GET /Jurek/qbox/feeds/qbox_pigufiEX.xml HTTP/1.1" 200 398493 "-" "Python-urllib/3.11"
77.79.248.229 - - [14/Apr/2025:03:33:21 +0200] "GET /Jurek/qbox/feeds/qbox_piguEX.xml HTTP/1.1" 200 398472 "-" "Python-urllib/3.11"
77.79.248.229 - - [14/Apr/2025:03:33:21 +0200] "GET /Jurek/qbox/feeds/qbox_piguEX.xml HTTP/1.1" 200 398472 "-" "Python-urllib/3.11"
77.79.248.229 - - [14/Apr/2025:03:33:21 +0200] "GET /Jurek/wenom/feeds/wenom_piguEX.xml HTTP/1.1" 200 583075 "-" "Python-urllib/3.11"
77.79.248.229 - - [14/Apr/2025:03:33:21 +0200] "GET /Jurek/wenom/feeds/wenom_pigufiEX.xml HTTP/1.1" 200 583074 "-" "Python-urllib/3.11"
77.79.248.229 - - [14/Apr/2025:03:33:21 +0200] "GET /Jurek/wenom/feeds/wenom_piguEX.xml HTTP/1.1" 200 583075 "-" "Python-urllib/3.11"
77.79.248.229 - - [14/Apr/2025:03:33:21 +0200] "GET /Jurek/wenom/feeds/wenom_piguEX.xml HTTP/1.1" 200 583075 "-" "Python-urllib/3.11"
77.79.248.229 - - [14/Apr/2025:03:33:22 +0200] "GET /Jurek/evil/feeds/evil_piguEX.xml HTTP/1.1" 200 306385 "-" "Python-urllib/3.11"
77.79.248.229 - - [14/Apr/2025:03:33:22 +0200] "GET /Jurek/evil/feeds/evil_pigufiEX.xml HTTP/1.1" 200 306383 "-" "Python-urllib/3.11"
77.79.248.229 - - [14/Apr/2025:03:33:22 +0200] "GET /Jurek/evil/feeds/evil_piguEX.xml HTTP/1.1" 200 306385 "-" "Python-urllib/3.11"
77.79.248.229 - - [14/Apr/2025:03:33:22 +0200] "GET /Jurek/evil/feeds/evil_piguEX.xml HTTP/1.1" 200 306385 "-" "Python-urllib/3.11"
77.79.248.229 - - [14/Apr/2025:03:33:22 +0200] "GET /Jurek/kobi/feeds/kobi_piguEX.xml HTTP/1.1" 200 1992514 "-" "Python-urllib/3.11"
77.79.248.229 - - [14/Apr/2025:03:33:23 +0200] "GET /Jurek/kobi/feeds/kobi_pigufiEX.xml HTTP/1.1" 200 1992512 "-" "Python-urllib/3.11"
77.79.248.229 - - [14/Apr/2025:03:33:23 +0200] "GET /Jurek/kobi/feeds/kobi_piguEX.xml HTTP/1.1" 200 1992514 "-" "Python-urllib/3.11"
77.79.248.229 - - [14/Apr/2025:03:33:23 +0200] "GET /Jurek/kobi/feeds/kobi_piguEX.xml HTTP/1.1" 200 1992514 "-" "Python-urllib/3.11"
77.79.248.229 - - [14/Apr/2025:03:33:23 +0200] "GET /Jurek/najtanszysport/feeds/najtanszysport_piguEX.xml HTTP/1.1" 200 3983120 "-" "Python-urllib/3.11"
77.79.248.229 - - [14/Apr/2025:03:33:24 +0200] "GET /Jurek/najtanszysport/feeds/najtanszysport_pigufiEX.xml HTTP/1.1" 200 3983355 "-" "Python-urllib/3.11"
77.79.248.229 - - [14/Apr/2025:03:33:24 +0200] "GET /Jurek/najtanszysport/feeds/najtanszysport_piguEX.xml HTTP/1.1" 200 3983120 "-" "Python-urllib/3.11"
77.79.248.229 - - [14/Apr/2025:03:33:24 +0200] "GET /Jurek/najtanszysport/feeds/najtanszysport_piguEX.xml HTTP/1.1" 200 3983120 "-" "Python-urllib/3.11"
51.77.52.107 - - [14/Apr/2025:03:33:24 +0200] "GET /Jurek/eurofirany/images/461405/0.jpg HTTP/2.0" 200 145807 "-" "baselinker"
77.79.248.229 - - [14/Apr/2025:03:33:24 +0200] "GET /Jurek/bisanti/feeds/bisanti_piguEX.xml HTTP/1.1" 200 1141589 "-" "Python-urllib/3.11"
77.79.248.229 - - [14/Apr/2025:03:33:25 +0200] "GET /Jurek/bisanti/feeds/bisanti_pigufiEX.xml HTTP/1.1" 200 1141591 "-" "Python-urllib/3.11"
77.79.248.229 - - [14/Apr/2025:03:33:25 +0200] "GET /Jurek/bisanti/feeds/bisanti_piguEX.xml HTTP/1.1" 200 1141589 "-" "Python-urllib/3.11"
77.79.248.229 - - [14/Apr/2025:03:33:25 +0200] "GET /Jurek/bisanti/feeds/bisanti_piguEX.xml HTTP/1.1" 200 1141589 "-" "Python-urllib/3.11"
77.79.248.229 - - [14/Apr/2025:03:33:25 +0200] "GET /Jurek/eoptimo/feeds/eoptimo_piguEX.xml HTTP/1.1" 200 2094384 "-" "Python-urllib/3.11"
77.79.248.229 - - [14/Apr/2025:03:33:26 +0200] "GET /Jurek/eoptimo/feeds/eoptimo_pigufiEX.xml HTTP/1.1" 200 2094371 "-" "Python-urllib/3.11"
77.79.248.229 - - [14/Apr/2025:03:33:26 +0200] "GET /Jurek/eoptimo/feeds/eoptimo_piguEX.xml HTTP/1.1" 200 2094384 "-" "Python-urllib/3.11"
77.79.248.229 - - [14/Apr/2025:03:33:26 +0200] "GET /Jurek/eoptimo/feeds/eoptimo_piguEX.xml HTTP/1.1" 200 2094384 "-" "Python-urllib/3.11"
77.79.248.229 - - [14/Apr/2025:03:33:27 +0200] "GET /Jurek/aiofactory/feeds/aiofactory_piguEX.xml HTTP/1.1" 200 2123792 "-" "Python-urllib/3.11"
77.79.248.229 - - [14/Apr/2025:03:33:27 +0200] "GET /Jurek/aiofactory/feeds/aiofactory_pigufiEX.xml HTTP/1.1" 200 2123786 "-" "Python-urllib/3.11"
77.79.248.229 - - [14/Apr/2025:03:33:27 +0200] "GET /Jurek/aiofactory/feeds/aiofactory_piguEX.xml HTTP/1.1" 200 2123792 "-" "Python-urllib/3.11"
77.79.248.229 - - [14/Apr/2025:03:33:27 +0200] "GET /Jurek/aiofactory/feeds/aiofactory_piguEX.xml HTTP/1.1" 200 2123792 "-" "Python-urllib/3.11"
77.79.248.229 - - [14/Apr/2025:03:33:28 +0200] "GET /Jurek/elecomp/feeds/elecomp_piguEX.xml HTTP/1.1" 200 2867777 "-" "Python-urllib/3.11"
77.79.248.229 - - [14/Apr/2025:03:33:28 +0200] "GET /Jurek/elecomp/feeds/elecomp_pigufiEX.xml HTTP/1.1" 200 2867794 "-" "Python-urllib/3.11"
77.79.248.229 - - [14/Apr/2025:03:33:28 +0200] "GET /Jurek/elecomp/feeds/elecomp_piguEX.xml HTTP/1.1" 200 2867777 "-" "Python-urllib/3.11"
77.79.248.229 - - [14/Apr/2025:03:33:28 +0200] "GET /Jurek/elecomp/feeds/elecomp_piguEX.xml HTTP/1.1" 200 2867777 "-" "Python-urllib/3.11"
77.79.248.229 - - [14/Apr/2025:03:33:29 +0200] "GET /Jurek/velinda/feeds/velinda_piguEX.xml HTTP/1.1" 200 23414 "-" "Python-urllib/3.11"
77.79.248.229 - - [14/Apr/2025:03:33:29 +0200] "GET /Jurek/velinda/feeds/velinda_pigufiEX.xml HTTP/1.1" 200 23417 "-" "Python-urllib/3.11"
77.79.248.229 - - [14/Apr/2025:03:33:29 +0200] "GET /Jurek/velinda/feeds/velinda_piguEX.xml HTTP/1.1" 200 23414 "-" "Python-urllib/3.11"
77.79.248.229 - - [14/Apr/2025:03:33:29 +0200] "GET /Jurek/velinda/feeds/velinda_piguEX.xml HTTP/1.1" 200 23414 "-" "Python-urllib/3.11"
77.79.248.229 - - [14/Apr/2025:03:33:29 +0200] "GET /Jurek/erohurtownia/feeds/erohurtownia_piguEX.xml HTTP/1.1" 200 22841427 "-" "Python-urllib/3.11"
77.79.248.229 - - [14/Apr/2025:03:33:30 +0200] "GET /Jurek/erohurtownia/feeds/erohurtownia_pigufiEX.xml HTTP/1.1" 200 22841550 "-" "Python-urllib/3.11"
46.101.116.244 - - [14/Apr/2025:03:33:31 +0200] "GET /Jurek/fernity/feeds/fernity_alza.xml HTTP/2.0" 200 4800652 "-" "-"
77.79.248.229 - - [14/Apr/2025:03:33:31 +0200] "GET /Jurek/erohurtownia/feeds/erohurtownia_piguEX.xml HTTP/1.1" 200 22841427 "-" "Python-urllib/3.11"
77.79.248.229 - - [14/Apr/2025:03:33:32 +0200] "GET /Jurek/erohurtownia/feeds/erohurtownia_piguEX.xml HTTP/1.1" 200 22841427 "-" "Python-urllib/3.11"
77.79.248.229 - - [14/Apr/2025:03:33:32 +0200] "GET /Jurek/reman/feeds/reman_piguEX.xml HTTP/1.1" 200 1394836 "-" "Python-urllib/3.11"
77.79.248.229 - - [14/Apr/2025:03:33:32 +0200] "GET /Jurek/reman/feeds/reman_pigufiEX.xml HTTP/1.1" 200 1394836 "-" "Python-urllib/3.11"
77.79.248.229 - - [14/Apr/2025:03:33:32 +0200] "GET /Jurek/reman/feeds/reman_piguEX.xml HTTP/1.1" 200 1394836 "-" "Python-urllib/3.11"
77.79.248.229 - - [14/Apr/2025:03:33:33 +0200] "GET /Jurek/reman/feeds/reman_piguEX.xml HTTP/1.1" 200 1394836 "-" "Python-urllib/3.11"
77.79.248.229 - - [14/Apr/2025:03:33:33 +0200] "GET /Jurek/urwiskowo/feeds/urwiskowo_piguEX.xml HTTP/1.1" 200 9114219 "-" "Python-urllib/3.11"
77.79.248.229 - - [14/Apr/2025:03:33:34 +0200] "GET /Jurek/urwiskowo/feeds/urwiskowo_pigufiEX.xml HTTP/1.1" 200 9114163 "-" "Python-urllib/3.11"
77.79.248.229 - - [14/Apr/2025:03:33:34 +0200] "GET /Jurek/urwiskowo/feeds/urwiskowo_piguEX.xml HTTP/1.1" 200 9114219 "-" "Python-urllib/3.11"
77.79.248.229 - - [14/Apr/2025:03:33:35 +0200] "GET /Jurek/urwiskowo/feeds/urwiskowo_piguEX.xml HTTP/1.1" 200 9114219 "-" "Python-urllib/3.11"
77.79.248.229 - - [14/Apr/2025:03:33:35 +0200] "GET /Jurek/combine/feeds/combine_piguEX.xml HTTP/1.1" 200 210557 "-" "Python-urllib/3.11"
77.79.248.229 - - [14/Apr/2025:03:33:35 +0200] "GET /Jurek/combine/feeds/combine_pigufiEX.xml HTTP/1.1" 200 210557 "-" "Python-urllib/3.11"
77.79.248.229 - - [14/Apr/2025:03:33:36 +0200] "GET /Jurek/combine/feeds/combine_piguEX.xml HTTP/1.1" 200 210557 "-" "Python-urllib/3.11"
77.79.248.229 - - [14/Apr/2025:03:33:36 +0200] "GET /Jurek/combine/feeds/combine_piguEX.xml HTTP/1.1" 200 210557 "-" "Python-urllib/3.11"
77.79.248.229 - - [14/Apr/2025:03:33:36 +0200] "GET /Jurek/eldar/feeds/eldar_piguEX.xml HTTP/1.1" 200 7326618 "-" "Python-urllib/3.11"
77.79.248.229 - - [14/Apr/2025:03:33:37 +0200] "GET /Jurek/eldar/feeds/eldar_pigufiEX.xml HTTP/1.1" 200 7326992 "-" "Python-urllib/3.11"
77.79.248.229 - - [14/Apr/2025:03:33:37 +0200] "GET /Jurek/eldar/feeds/eldar_piguEX.xml HTTP/1.1" 200 7326618 "-" "Python-urllib/3.11"
77.79.248.229 - - [14/Apr/2025:03:33:38 +0200] "GET /Jurek/eldar/feeds/eldar_piguEX.xml HTTP/1.1" 200 7326618 "-" "Python-urllib/3.11"
77.79.248.229 - - [14/Apr/2025:03:33:38 +0200] "GET /Jurek/kinghoff/feeds/kinghoff_piguEX.xml HTTP/1.1" 200 15515236 "-" "Python-urllib/3.11"
51.77.52.107 - - [14/Apr/2025:03:33:38 +0200] "GET /Jurek/eurofirany/images/461405/0.jpg HTTP/2.0" 200 145807 "-" "baselinker"
77.79.248.229 - - [14/Apr/2025:03:33:39 +0200] "GET /Jurek/kinghoff/feeds/kinghoff_pigufiEX.xml HTTP/1.1" 200 15515397 "-" "Python-urllib/3.11"
77.79.248.229 - - [14/Apr/2025:03:33:40 +0200] "GET /Jurek/kinghoff/feeds/kinghoff_piguEX.xml HTTP/1.1" 200 15515236 "-" "Python-urllib/3.11"
77.79.248.229 - - [14/Apr/2025:03:33:40 +0200] "GET /Jurek/kinghoff/feeds/kinghoff_piguEX.xml HTTP/1.1" 200 15515236 "-" "Python-urllib/3.11"
77.79.248.229 - - [14/Apr/2025:03:33:42 +0200] "GET /Jurek/action/feeds/action_piguEX.xml HTTP/1.1" 200 60202951 "-" "Python-urllib/3.11"
77.79.248.229 - - [14/Apr/2025:03:33:43 +0200] "GET /Jurek/action/feeds/action_pigufiEX.xml HTTP/1.1" 200 60204381 "-" "Python-urllib/3.11"
66.249.64.167 - - [14/Apr/2025:03:33:47 +0200] "GET /Jurek/topeshop/downloaded_images/5904507209971_1(1).png HTTP/1.1" 404 3551 "-" "Googlebot-Image/1.0"
77.79.248.229 - - [14/Apr/2025:03:33:47 +0200] "GET /Jurek/action/feeds/action_piguEX.xml HTTP/1.1" 200 60202951 "-" "Python-urllib/3.11"
77.79.248.229 - - [14/Apr/2025:03:33:49 +0200] "GET /Jurek/action/feeds/action_piguEX.xml HTTP/1.1" 200 60202951 "-" "Python-urllib/3.11"
66.249.64.165 - - [14/Apr/2025:03:33:51 +0200] "GET /Jurek/topeshop/downloaded_images/5904507209971_1(3).png HTTP/1.1" 404 3551 "-" "Googlebot-Image/1.0"
77.79.248.229 - - [14/Apr/2025:03:33:52 +0200] "GET /Jurek/aw/feeds/aw_piguEX.xml HTTP/1.1" 200 90559899 "-" "Python-urllib/3.11"
66.249.64.165 - - [14/Apr/2025:03:33:52 +0200] "GET /Jurek/topeshop/downloaded_images/5904507209971_1(5).png HTTP/1.1" 404 3551 "-" "Googlebot-Image/1.0"
46.101.116.244 - - [14/Apr/2025:03:33:52 +0200] "GET /Jurek/octopia/feeds/octopia_alzacz.xml HTTP/2.0" 200 10117156 "-" "-"
77.79.248.229 - - [14/Apr/2025:03:33:54 +0200] "GET /Jurek/aw/feeds/aw_pigufiEX.xml HTTP/1.1" 200 90562797 "-" "Python-urllib/3.11"
51.77.52.107 - - [14/Apr/2025:03:33:56 +0200] "GET /Jurek/eurofirany/images/461990/0.jpg HTTP/2.0" 200 98046 "-" "baselinker"
77.79.248.229 - - [14/Apr/2025:03:33:56 +0200] "GET /Jurek/aw/feeds/aw_piguEX.xml HTTP/1.1" 200 90559899 "-" "Python-urllib/3.11"
77.79.248.229 - - [14/Apr/2025:03:33:58 +0200] "GET /Jurek/aw/feeds/aw_piguEX.xml HTTP/1.1" 200 90559899 "-" "Python-urllib/3.11"
77.79.248.229 - - [14/Apr/2025:03:34:00 +0200] "GET /Jurek/eurofirany/feeds/eurofirany_piguEX.xml HTTP/1.1" 200 19324427 "-" "Python-urllib/3.11"
77.79.248.229 - - [14/Apr/2025:03:34:01 +0200] "GET /Jurek/eurofirany/feeds/eurofirany_piguFIEX.xml HTTP/1.1" 200 19324285 "-" "Python-urllib/3.11"
77.79.248.229 - - [14/Apr/2025:03:34:02 +0200] "GET /Jurek/eurofirany/feeds/eurofirany_piguEX.xml HTTP/1.1" 200 19324427 "-" "Python-urllib/3.11"
77.79.248.229 - - [14/Apr/2025:03:34:03 +0200] "GET /Jurek/eurofirany/feeds/eurofirany_piguEX.xml HTTP/1.1" 200 19324427 "-" "Python-urllib/3.11"
46.101.116.244 - - [14/Apr/2025:03:34:04 +0200] "GET /Jurek/unimet/feeds/unimet_alza.xml HTTP/2.0" 200 60532826 "-" "-"
77.79.248.229 - - [14/Apr/2025:03:34:04 +0200] "GET /Jurek/muminky/feeds/muminky_piguEX.xml HTTP/1.1" 200 2677706 "-" "Python-urllib/3.11"
77.79.248.229 - - [14/Apr/2025:03:34:05 +0200] "GET /Jurek/muminky/feeds/muminky_piguFIEX.xml HTTP/1.1" 200 2677717 "-" "Python-urllib/3.11"
77.79.248.229 - - [14/Apr/2025:03:34:05 +0200] "GET /Jurek/muminky/feeds/muminky_piguEX.xml HTTP/1.1" 200 2677706 "-" "Python-urllib/3.11"
77.79.248.229 - - [14/Apr/2025:03:34:06 +0200] "GET /Jurek/muminky/feeds/muminky_piguEX.xml HTTP/1.1" 200 2677706 "-" "Python-urllib/3.11"
77.79.248.229 - - [14/Apr/2025:03:34:06 +0200] "GET /Jurek/benetech/feeds/benetech_piguEX.xml HTTP/1.1" 200 4165302 "-" "Python-urllib/3.11"
77.79.248.229 - - [14/Apr/2025:03:34:07 +0200] "GET /Jurek/benetech/feeds/benetech_piguFIEX.xml HTTP/1.1" 200 4165317 "-" "Python-urllib/3.11"
77.79.248.229 - - [14/Apr/2025:03:34:07 +0200] "GET /Jurek/benetech/feeds/benetech_piguEX.xml HTTP/1.1" 200 4165302 "-" "Python-urllib/3.11"
77.79.248.229 - - [14/Apr/2025:03:34:07 +0200] "GET /Jurek/benetech/feeds/benetech_piguEX.xml HTTP/1.1" 200 4165302 "-" "Python-urllib/3.11"
77.79.248.229 - - [14/Apr/2025:03:34:08 +0200] "GET /Jurek/pupus/feeds/pupus_piguEX.xml HTTP/1.1" 200 6154415 "-" "Python-urllib/3.11"
77.79.248.229 - - [14/Apr/2025:03:34:08 +0200] "GET /Jurek/pupus/feeds/pupus_piguFIEX.xml HTTP/1.1" 200 6154418 "-" "Python-urllib/3.11"
51.77.52.107 - - [14/Apr/2025:03:34:08 +0200] "GET /Jurek/eurofirany/images/461990/0.jpg HTTP/2.0" 200 98046 "-" "baselinker"
77.79.248.229 - - [14/Apr/2025:03:34:09 +0200] "GET /Jurek/pupus/feeds/pupus_piguEX.xml HTTP/1.1" 200 6154415 "-" "Python-urllib/3.11"
77.79.248.229 - - [14/Apr/2025:03:34:09 +0200] "GET /Jurek/pupus/feeds/pupus_piguEX.xml HTTP/1.1" 200 6154415 "-" "Python-urllib/3.11"
77.79.248.229 - - [14/Apr/2025:03:34:13 +0200] "GET /Jurek/ikonka/feeds/ikonka_piguEX.xml HTTP/1.1" 200 22186479 "-" "Python-urllib/3.11"
77.79.248.229 - - [14/Apr/2025:03:34:13 +0200] "GET /Jurek/ikonka/feeds/ikonka_piguFIEX.xml HTTP/1.1" 200 22186545 "-" "Python-urllib/3.11"
77.79.248.229 - - [14/Apr/2025:03:34:14 +0200] "GET /Jurek/ikonka/feeds/ikonka_piguEX.xml HTTP/1.1" 200 22186479 "-" "Python-urllib/3.11"
77.79.248.229 - - [14/Apr/2025:03:34:15 +0200] "GET /Jurek/ikonka/feeds/ikonka_piguEX.xml HTTP/1.1" 200 22186479 "-" "Python-urllib/3.11"
77.79.248.229 - - [14/Apr/2025:03:34:16 +0200] "GET /Jurek/beltimore/feeds/beltimore_piguEX.xml HTTP/1.1" 200 18651553 "-" "Python-urllib/3.11"
77.79.248.229 - - [14/Apr/2025:03:34:17 +0200] "GET /Jurek/beltimore/feeds/beltimore_piguFIEX.xml HTTP/1.1" 200 18651598 "-" "Python-urllib/3.11"
77.79.248.229 - - [14/Apr/2025:03:34:18 +0200] "GET /Jurek/beltimore/feeds/beltimore_piguEX.xml HTTP/1.1" 200 18651553 "-" "Python-urllib/3.11"
77.79.248.229 - - [14/Apr/2025:03:34:19 +0200] "GET /Jurek/beltimore/feeds/beltimore_piguEX.xml HTTP/1.1" 200 18651553 "-" "Python-urllib/3.11"
77.79.248.229 - - [14/Apr/2025:03:34:19 +0200] "GET /Jurek/matkam/feeds/matkam_piguEX.xml HTTP/1.1" 200 4425772 "-" "Python-urllib/3.11"
77.79.248.229 - - [14/Apr/2025:03:34:19 +0200] "GET /Jurek/matkam/feeds/matkam_piguFIEX.xml HTTP/1.1" 200 4425935 "-" "Python-urllib/3.11"
77.79.248.229 - - [14/Apr/2025:03:34:20 +0200] "GET /Jurek/matkam/feeds/matkam_piguEX.xml HTTP/1.1" 200 4425772 "-" "Python-urllib/3.11"
77.79.248.229 - - [14/Apr/2025:03:34:20 +0200] "GET /Jurek/matkam/feeds/matkam_piguEX.xml HTTP/1.1" 200 4425772 "-" "Python-urllib/3.11"
46.101.116.244 - - [14/Apr/2025:03:34:20 +0200] "GET /Jurek/eurofirany/feeds/eurofirany_alza.xml HTTP/2.0" 200 19292185 "-" "-"
77.79.248.229 - - [14/Apr/2025:03:34:20 +0200] "GET /Jurek/sportprise/feeds/sportprise_piguEX.xml HTTP/1.1" 200 11782354 "-" "Python-urllib/3.11"
77.79.248.229 - - [14/Apr/2025:03:34:21 +0200] "GET /Jurek/sportprise/feeds/sportprise_piguFIEX.xml HTTP/1.1" 200 11782737 "-" "Python-urllib/3.11"
77.79.248.229 - - [14/Apr/2025:03:34:21 +0200] "GET /Jurek/sportprise/feeds/sportprise_piguEX.xml HTTP/1.1" 200 11782354 "-" "Python-urllib/3.11"
51.77.52.107 - - [14/Apr/2025:03:34:22 +0200] "GET /Jurek/eurofirany/images/461990/0.jpg HTTP/2.0" 200 98046 "-" "baselinker"
77.79.248.229 - - [14/Apr/2025:03:34:22 +0200] "GET /Jurek/sportprise/feeds/sportprise_piguEX.xml HTTP/1.1" 200 11782354 "-" "Python-urllib/3.11"
77.79.248.229 - - [14/Apr/2025:03:34:22 +0200] "GET /Jurek/takapara/feeds/takapara_piguEX.xml HTTP/1.1" 200 1342587 "-" "Python-urllib/3.11"
77.79.248.229 - - [14/Apr/2025:03:34:22 +0200] "GET /Jurek/takapara/feeds/takapara_piguFIEX.xml HTTP/1.1" 200 1342588 "-" "Python-urllib/3.11"
77.79.248.229 - - [14/Apr/2025:03:34:23 +0200] "GET /Jurek/takapara/feeds/takapara_piguEX.xml HTTP/1.1" 200 1342587 "-" "Python-urllib/3.11"
77.79.248.229 - - [14/Apr/2025:03:34:23 +0200] "GET /Jurek/takapara/feeds/takapara_piguEX.xml HTTP/1.1" 200 1342587 "-" "Python-urllib/3.11"
77.79.248.229 - - [14/Apr/2025:03:34:23 +0200] "GET /Jurek/tsjerzy/feeds/tsjerzy_piguEX.xml HTTP/1.1" 200 3897731 "-" "Python-urllib/3.11"
77.79.248.229 - - [14/Apr/2025:03:34:23 +0200] "GET /Jurek/tsjerzy/feeds/tsjerzy_piguFIEX.xml HTTP/1.1" 200 3897824 "-" "Python-urllib/3.11"
77.79.248.229 - - [14/Apr/2025:03:34:23 +0200] "GET /Jurek/tsjerzy/feeds/tsjerzy_piguEX.xml HTTP/1.1" 200 3897731 "-" "Python-urllib/3.11"
77.79.248.229 - - [14/Apr/2025:03:34:24 +0200] "GET /Jurek/tsjerzy/feeds/tsjerzy_piguEX.xml HTTP/1.1" 200 3897731 "-" "Python-urllib/3.11"
77.79.248.229 - - [14/Apr/2025:03:34:24 +0200] "GET /Jurek/narzbud/feeds/narzbud_piguEX.xml HTTP/1.1" 200 1901211 "-" "Python-urllib/3.11"
77.79.248.229 - - [14/Apr/2025:03:34:24 +0200] "GET /Jurek/narzbud/feeds/narzbud_piguFIEX.xml HTTP/1.1" 200 1901264 "-" "Python-urllib/3.11"
77.79.248.229 - - [14/Apr/2025:03:34:24 +0200] "GET /Jurek/narzbud/feeds/narzbud_piguEX.xml HTTP/1.1" 200 1901211 "-" "Python-urllib/3.11"
77.79.248.229 - - [14/Apr/2025:03:34:25 +0200] "GET /Jurek/narzbud/feeds/narzbud_piguEX.xml HTTP/1.1" 200 1901211 "-" "Python-urllib/3.11"
77.79.248.229 - - [14/Apr/2025:03:34:25 +0200] "GET /Jurek/pawonik/feeds/pawonik_piguEX.xml HTTP/1.1" 200 2138417 "-" "Python-urllib/3.11"
77.79.248.229 - - [14/Apr/2025:03:34:25 +0200] "GET /Jurek/pawonik/feeds/pawonik_piguFIEX.xml HTTP/1.1" 200 2138443 "-" "Python-urllib/3.11"
77.79.248.229 - - [14/Apr/2025:03:34:25 +0200] "GET /Jurek/pawonik/feeds/pawonik_piguEX.xml HTTP/1.1" 200 2138417 "-" "Python-urllib/3.11"
77.79.248.229 - - [14/Apr/2025:03:34:25 +0200] "GET /Jurek/pawonik/feeds/pawonik_piguEX.xml HTTP/1.1" 200 2138417 "-" "Python-urllib/3.11"
77.79.248.229 - - [14/Apr/2025:03:34:26 +0200] "GET /Jurek/princelh/feeds/princelh_piguEX.xml HTTP/1.1" 200 133438 "-" "Python-urllib/3.11"
77.79.248.229 - - [14/Apr/2025:03:34:26 +0200] "GET /Jurek/princelh/feeds/princelh_piguFIEX.xml HTTP/1.1" 200 133440 "-" "Python-urllib/3.11"
77.79.248.229 - - [14/Apr/2025:03:34:26 +0200] "GET /Jurek/princelh/feeds/princelh_piguEX.xml HTTP/1.1" 200 133438 "-" "Python-urllib/3.11"
77.79.248.229 - - [14/Apr/2025:03:34:26 +0200] "GET /Jurek/princelh/feeds/princelh_piguEX.xml HTTP/1.1" 200 133438 "-" "Python-urllib/3.11"
77.79.248.229 - - [14/Apr/2025:03:34:27 +0200] "GET /Jurek/proparts/feeds/proparts_piguEX.xml HTTP/1.1" 200 707477 "-" "Python-urllib/3.11"
77.79.248.229 - - [14/Apr/2025:03:34:27 +0200] "GET /Jurek/proparts/feeds/proparts_piguFIEX.xml HTTP/1.1" 200 707505 "-" "Python-urllib/3.11"
77.79.248.229 - - [14/Apr/2025:03:34:27 +0200] "GET /Jurek/proparts/feeds/proparts_piguEX.xml HTTP/1.1" 200 707477 "-" "Python-urllib/3.11"
77.79.248.229 - - [14/Apr/2025:03:34:27 +0200] "GET /Jurek/proparts/feeds/proparts_piguEX.xml HTTP/1.1" 200 707477 "-" "Python-urllib/3.11"
77.79.248.229 - - [14/Apr/2025:03:34:27 +0200] "GET /Jurek/newtechele/feeds/newtechele_piguEX.xml HTTP/1.1" 200 2438521 "-" "Python-urllib/3.11"
77.79.248.229 - - [14/Apr/2025:03:34:28 +0200] "GET /Jurek/newtechele/feeds/newtechele_piguFIEX.xml HTTP/1.1" 200 2438534 "-" "Python-urllib/3.11"
77.79.248.229 - - [14/Apr/2025:03:34:28 +0200] "GET /Jurek/newtechele/feeds/newtechele_piguEX.xml HTTP/1.1" 200 2438521 "-" "Python-urllib/3.11"
77.79.248.229 - - [14/Apr/2025:03:34:28 +0200] "GET /Jurek/newtechele/feeds/newtechele_piguEX.xml HTTP/1.1" 200 2438521 "-" "Python-urllib/3.11"
77.79.248.229 - - [14/Apr/2025:03:34:29 +0200] "GET /Jurek/lampart/feeds/lampart_piguEX.xml HTTP/1.1" 200 936024 "-" "Python-urllib/3.11"
77.79.248.229 - - [14/Apr/2025:03:34:29 +0200] "GET /Jurek/lampart/feeds/lampart_piguFIEX.xml HTTP/1.1" 200 936018 "-" "Python-urllib/3.11"
77.79.248.229 - - [14/Apr/2025:03:34:29 +0200] "GET /Jurek/lampart/feeds/lampart_piguEX.xml HTTP/1.1" 200 936024 "-" "Python-urllib/3.11"
77.79.248.229 - - [14/Apr/2025:03:34:29 +0200] "GET /Jurek/lampart/feeds/lampart_piguEX.xml HTTP/1.1" 200 936024 "-" "Python-urllib/3.11"
77.79.248.229 - - [14/Apr/2025:03:34:29 +0200] "GET /Jurek/nonabox/feeds/nonabox_piguEX.xml HTTP/1.1" 200 33864 "-" "Python-urllib/3.11"
77.79.248.229 - - [14/Apr/2025:03:34:29 +0200] "GET /Jurek/nonabox/feeds/nonabox_piguFIEX.xml HTTP/1.1" 200 33865 "-" "Python-urllib/3.11"
77.79.248.229 - - [14/Apr/2025:03:34:29 +0200] "GET /Jurek/nonabox/feeds/nonabox_piguEX.xml HTTP/1.1" 200 33864 "-" "Python-urllib/3.11"
77.79.248.229 - - [14/Apr/2025:03:34:30 +0200] "GET /Jurek/nonabox/feeds/nonabox_piguEX.xml HTTP/1.1" 200 33864 "-" "Python-urllib/3.11"
46.101.116.244 - - [14/Apr/2025:03:34:33 +0200] "GET /Jurek/beliani/feeds/beliani_alza.xml HTTP/2.0" 200 15298455 "-" "-"
51.77.52.107 - - [14/Apr/2025:03:34:37 +0200] "GET /Jurek/eurofirany/images/463994/0.jpg HTTP/2.0" 200 65714 "-" "baselinker"
46.101.116.244 - - [14/Apr/2025:03:34:44 +0200] "GET /Jurek/vivaldi/feeds/vivaldi_alza.xml HTTP/2.0" 200 344825 "-" "-"
51.77.52.107 - - [14/Apr/2025:03:34:53 +0200] "GET /Jurek/eurofirany/images/463994/0.jpg HTTP/2.0" 200 65714 "-" "baselinker"
46.101.116.244 - - [14/Apr/2025:03:34:55 +0200] "GET /Jurek/ikonka/feeds/ikonka_alza.xml HTTP/2.0" 200 22189018 "-" "-"
51.77.52.107 - - [14/Apr/2025:03:35:03 +0200] "GET /Jurek/eurofirany/images/463994/0.jpg HTTP/2.0" 200 65714 "-" "baselinker"
46.101.116.244 - - [14/Apr/2025:03:35:06 +0200] "GET /Jurek/stema/feeds/stema_alza.xml HTTP/2.0" 200 852477 "-" "-"
46.101.116.244 - - [14/Apr/2025:03:35:17 +0200] "GET /Jurek/kinghoff/feeds/kinghoff_alza.xml HTTP/2.0" 200 15518487 "-" "-"
51.77.52.107 - - [14/Apr/2025:03:35:17 +0200] "GET /Jurek/eurofirany/images/463995/0.jpg HTTP/2.0" 200 76398 "-" "baselinker"
46.101.116.244 - - [14/Apr/2025:03:35:29 +0200] "GET /Jurek/beltimore/feeds/beltimore_mallsish.xml HTTP/2.0" 200 18651624 "-" "-"
51.77.52.107 - - [14/Apr/2025:03:35:33 +0200] "GET /Jurek/eurofirany/images/463995/0.jpg HTTP/2.0" 200 76398 "-" "baselinker"
46.101.116.244 - - [14/Apr/2025:03:35:40 +0200] "GET /Jurek/drops/feeds/dropsofficecolection_mallsish.xml HTTP/2.0" 200 790594 "-" "-"
51.77.52.107 - - [14/Apr/2025:03:35:47 +0200] "GET /Jurek/eurofirany/images/463995/0.jpg HTTP/2.0" 200 76398 "-" "baselinker"
46.101.116.244 - - [14/Apr/2025:03:35:50 +0200] "GET /Jurek/hdwr/feeds/hdwr_mallsish.xml HTTP/2.0" 200 789401 "-" "-"
89.161.206.59 - - [14/Apr/2025:03:35:52 +0200] "GET /Jurek/tsjerzy/feeds/tsjerzy_amazonde.xml HTTP/1.0" 200 3897622 "-" "-"
51.77.52.107 - - [14/Apr/2025:03:36:01 +0200] "GET /Jurek/eurofirany/images/461374/0.jpg HTTP/2.0" 200 86332 "-" "baselinker"
46.101.116.244 - - [14/Apr/2025:03:36:01 +0200] "GET /Jurek/narzbud/feeds/narzbud_mallsish.xml HTTP/2.0" 200 1901237 "-" "-"
46.101.116.244 - - [14/Apr/2025:03:36:03 +0200] "GET /Jurek/aw/feeds/aw_fnacfr.xml HTTP/1.0" 404 3551 "-" "-"
46.101.116.244 - - [14/Apr/2025:03:36:12 +0200] "GET /Jurek/newtechele/feeds/newtechele_mallsish.xml HTTP/2.0" 200 2438504 "-" "-"
51.77.52.107 - - [14/Apr/2025:03:36:13 +0200] "GET /Jurek/eurofirany/images/461374/0.jpg HTTP/2.0" 200 86332 "-" "baselinker"
46.101.116.244 - - [14/Apr/2025:03:36:25 +0200] "GET /Jurek/pagmil/feeds/pagmil_mallsish.xml HTTP/2.0" 200 1802836 "-" "-"
51.77.52.107 - - [14/Apr/2025:03:36:27 +0200] "GET /Jurek/eurofirany/images/461374/0.jpg HTTP/2.0" 200 86332 "-" "baselinker"
46.101.116.244 - - [14/Apr/2025:03:36:36 +0200] "GET /Jurek/pawonik/feeds/pawonik_mallsish.xml HTTP/2.0" 200 2138390 "-" "-"
51.77.52.107 - - [14/Apr/2025:03:36:42 +0200] "GET /Jurek/eurofirany/images/461375/0.jpg HTTP/2.0" 200 122069 "-" "baselinker"
89.161.206.59 - - [14/Apr/2025:03:36:42 +0200] "GET /Jurek/proadventure/feeds/proadventure_bol.xml HTTP/1.0" 200 10763454 "-" "-"
89.161.206.59 - - [14/Apr/2025:03:36:43 +0200] "GET /Jurek/stiv/feeds/stiv_bol.xml HTTP/1.0" 200 2056796 "-" "-"
89.161.206.59 - - [14/Apr/2025:03:36:44 +0200] "GET /Jurek/andex/feeds/andex_bol.xml HTTP/1.0" 200 1953479 "-" "-"
89.161.206.59 - - [14/Apr/2025:03:36:46 +0200] "GET /Jurek/luxury/feeds/luxury_bol.xml HTTP/1.0" 200 1010125 "-" "-"
46.101.116.244 - - [14/Apr/2025:03:36:47 +0200] "GET /Jurek/proadventure/feeds/proadventure_mallsish.xml HTTP/2.0" 200 10763431 "-" "-"
51.77.52.107 - - [14/Apr/2025:03:36:56 +0200] "GET /Jurek/eurofirany/images/461375/0.jpg HTTP/2.0" 200 122069 "-" "baselinker"
89.161.206.59 - - [14/Apr/2025:03:36:56 +0200] "GET /Jurek/kambukka/feeds/kambukka_emagro.xml HTTP/1.0" 200 1021483 "-" "-"
89.161.206.59 - - [14/Apr/2025:03:36:56 +0200] "GET /Jurek/amzteam/feeds/amzteam_emagro.xml HTTP/1.0" 200 97904 "-" "-"
89.161.206.59 - - [14/Apr/2025:03:36:56 +0200] "GET /Jurek/benetech/feeds/benetech_emagro.xml HTTP/1.0" 200 4165576 "-" "-"
89.161.206.59 - - [14/Apr/2025:03:36:57 +0200] "GET /Jurek/sempler/feeds/sempler_emagro.xml HTTP/1.0" 200 6788427 "-" "-"
89.161.206.59 - - [14/Apr/2025:03:36:57 +0200] "GET /Jurek/kinghoff/feeds/kinghoff_emagro.xml HTTP/1.0" 200 15517279 "-" "-"
46.101.116.244 - - [14/Apr/2025:03:36:58 +0200] "GET /Jurek/rems/feeds/rems_mallsish.xml HTTP/2.0" 200 8706208 "-" "-"
89.161.206.59 - - [14/Apr/2025:03:37:07 +0200] "GET /Jurek/aiofactory/feeds/aiofactory_emagro.xml HTTP/1.0" 200 2124057 "-" "-"
46.101.116.244 - - [14/Apr/2025:03:37:09 +0200] "GET /Jurek/roger/feeds/roger_mallsish.xml HTTP/2.0" 200 1396576 "-" "-"
89.161.206.59 - - [14/Apr/2025:03:37:10 +0200] "GET /Jurek/techrebalina/feeds/techrebalina_emagro.xml HTTP/1.0" 200 2011318 "-" "-"
51.77.52.107 - - [14/Apr/2025:03:37:10 +0200] "GET /Jurek/eurofirany/images/461375/0.jpg HTTP/2.0" 200 122069 "-" "baselinker"
89.161.206.59 - - [14/Apr/2025:03:37:14 +0200] "GET /Jurek/coppotech/feeds/coppotech_emagro.xml HTTP/1.0" 200 38056302 "-" "-"
46.101.116.244 - - [14/Apr/2025:03:37:19 +0200] "GET /Jurek/sovapl/feeds/sovapl_mallsish.xml HTTP/2.0" 200 8999321 "-" "-"
51.77.52.107 - - [14/Apr/2025:03:37:23 +0200] "GET /Jurek/eurofirany/images/460775/0.jpg HTTP/2.0" 200 136340 "-" "baselinker"
46.101.116.244 - - [14/Apr/2025:03:37:31 +0200] "GET /Jurek/stiv/feeds/stiv_mallsish.xml HTTP/2.0" 200 2056803 "-" "-"
51.77.52.107 - - [14/Apr/2025:03:37:36 +0200] "GET /Jurek/eurofirany/images/460775/0.jpg HTTP/2.0" 200 136340 "-" "baselinker"
46.101.116.244 - - [14/Apr/2025:03:37:41 +0200] "GET /Jurek/fertes/feeds/fertes_mallsish.xml HTTP/2.0" 200 2361759 "-" "-"
51.77.52.107 - - [14/Apr/2025:03:37:46 +0200] "GET /Jurek/eurofirany/images/460775/0.jpg HTTP/2.0" 200 136340 "-" "baselinker"
46.101.116.244 - - [14/Apr/2025:03:37:51 +0200] "GET /Jurek/avenido/feeds/avenido_mallsish.xml HTTP/2.0" 200 720080 "-" "-"
51.77.52.107 - - [14/Apr/2025:03:38:00 +0200] "GET /Jurek/eurofirany/images/460780/0.jpg HTTP/2.0" 200 128698 "-" "baselinker"
46.101.116.244 - - [14/Apr/2025:03:38:02 +0200] "GET /Jurek/carbonyway/feeds/carbonyway_mallsish.xml HTTP/2.0" 200 3076009 "-" "-"
46.101.116.244 - - [14/Apr/2025:03:38:12 +0200] "GET /Jurek/cenoman/feeds/cenoman_mallsish.xml HTTP/2.0" 200 5993216 "-" "-"
51.77.52.107 - - [14/Apr/2025:03:38:18 +0200] "GET /Jurek/eurofirany/images/460780/0.jpg HTTP/2.0" 200 128698 "-" "baselinker"
46.101.116.244 - - [14/Apr/2025:03:38:23 +0200] "GET /Jurek/equalo/feeds/equalo_mallsish.xml HTTP/2.0" 200 98011 "-" "-"
51.77.52.107 - - [14/Apr/2025:03:38:33 +0200] "GET /Jurek/eurofirany/images/460780/0.jpg HTTP/2.0" 200 128698 "-" "baselinker"
46.101.116.244 - - [14/Apr/2025:03:38:34 +0200] "GET /Jurek/kamar/feeds/kamar_mallsish.xml HTTP/2.0" 200 25549826 "-" "-"
52.17.80.36 - - [14/Apr/2025:03:38:39 +0200] "GET /marketplaces/worten2/results/worten.csv HTTP/1.1" 200 17141127 "-" "Mirakl HttpClient"
46.101.116.244 - - [14/Apr/2025:03:38:47 +0200] "GET /Jurek/lampart/feeds/lampart_mallsish.xml HTTP/2.0" 200 936050 "-" "-"
51.77.52.107 - - [14/Apr/2025:03:38:49 +0200] "GET /Jurek/eurofirany/images/460786/0.jpg HTTP/2.0" 200 132786 "-" "baselinker"
46.101.116.244 - - [14/Apr/2025:03:38:58 +0200] "GET /Jurek/makow/feeds/makow_mallsish.xml HTTP/2.0" 200 21203656 "-" "-"
51.77.52.107 - - [14/Apr/2025:03:39:06 +0200] "GET /Jurek/eurofirany/images/460786/0.jpg HTTP/2.0" 200 132786 "-" "baselinker"
46.101.116.244 - - [14/Apr/2025:03:39:09 +0200] "GET /Jurek/regis/feeds/regis_mallsish.xml HTTP/2.0" 200 82734 "-" "-"
46.101.116.244 - - [14/Apr/2025:03:39:19 +0200] "GET /Jurek/sebmart/feeds/sebmart_mallsish.xml HTTP/2.0" 200 1598696 "-" "-"
51.77.52.107 - - [14/Apr/2025:03:39:21 +0200] "GET /Jurek/eurofirany/images/460786/0.jpg HTTP/2.0" 200 132786 "-" "baselinker"
46.101.116.244 - - [14/Apr/2025:03:39:30 +0200] "GET /Jurek/takapara/feeds/takapara_mallsish.xml HTTP/2.0" 200 1342610 "-" "-"
51.77.52.107 - - [14/Apr/2025:03:39:36 +0200] "GET /Jurek/eurofirany/images/460151/0.jpg HTTP/2.0" 200 148222 "-" "baselinker"
46.101.116.244 - - [14/Apr/2025:03:39:40 +0200] "GET /Jurek/tsjerzy/feeds/tsjerzy_mallsish.xml HTTP/2.0" 200 3897694 "-" "-"
51.77.52.107 - - [14/Apr/2025:03:39:49 +0200] "GET /Jurek/eurofirany/images/460151/0.jpg HTTP/2.0" 200 148222 "-" "baselinker"
46.101.116.244 - - [14/Apr/2025:03:39:51 +0200] "GET /Jurek/andex/feeds/andex_mallsiSH.xml HTTP/2.0" 200 1953484 "-" "-"
51.77.52.107 - - [14/Apr/2025:03:39:54 +0200] "GET /Jurek/eurofirany/images/460151/0.jpg HTTP/2.0" 200 148222 "-" "baselinker"
51.77.52.107 - - [14/Apr/2025:03:39:58 +0200] "GET /Jurek/eurofirany/images/460157/0.jpg HTTP/2.0" 200 96801 "-" "baselinker"
46.101.116.244 - - [14/Apr/2025:03:40:02 +0200] "GET /Jurek/german/feeds/german_mallsiSH.xml HTTP/2.0" 200 2853533 "-" "-"
51.77.52.107 - - [14/Apr/2025:03:40:10 +0200] "GET /Jurek/eurofirany/images/460157/0.jpg HTTP/2.0" 200 96801 "-" "baselinker"
46.101.116.244 - - [14/Apr/2025:03:40:12 +0200] "GET /Jurek/hanex/feeds/hanex_mallsiSH.xml HTTP/2.0" 200 13931593 "-" "-"
51.77.52.107 - - [14/Apr/2025:03:40:16 +0200] "GET /Jurek/eurofirany/images/460157/0.jpg HTTP/2.0" 200 96801 "-" "baselinker"
46.101.116.244 - - [14/Apr/2025:03:40:23 +0200] "GET /Jurek/maksik/feeds/maksik_mallsiSH.xml HTTP/2.0" 200 4084747 "-" "-"
51.77.52.107 - - [14/Apr/2025:03:40:31 +0200] "GET /Jurek/eurofirany/images/460158/0.jpg HTTP/2.0" 200 96801 "-" "baselinker"
46.101.116.244 - - [14/Apr/2025:03:40:34 +0200] "GET /Jurek/smxdesign/feeds/smxdesign_mallsiSH.xml HTTP/2.0" 200 1829010 "-" "-"
46.101.116.244 - - [14/Apr/2025:03:40:44 +0200] "GET /Jurek/aiofactory/feeds/aiofactory_mallsiSH.xml HTTP/2.0" 200 2123787 "-" "-"
51.77.52.107 - - [14/Apr/2025:03:40:44 +0200] "GET /Jurek/eurofirany/images/460158/0.jpg HTTP/2.0" 200 96801 "-" "baselinker"
46.101.116.244 - - [14/Apr/2025:03:40:54 +0200] "GET /Jurek/alucon/feeds/alucon_mallsiSH.xml HTTP/2.0" 200 553572 "-" "-"
46.101.116.244 - - [14/Apr/2025:03:40:55 +0200] "GET /Jurek/aw/feeds/aw_fnacfr.xml HTTP/1.0" 404 3551 "-" "-"
51.77.52.107 - - [14/Apr/2025:03:41:01 +0200] "GET /Jurek/eurofirany/images/460158/0.jpg HTTP/2.0" 200 96801 "-" "baselinker"
46.101.116.244 - - [14/Apr/2025:03:41:05 +0200] "GET /Jurek/evil/feeds/evil_mallsiSH.xml HTTP/2.0" 200 306381 "-" "-"
51.77.52.107 - - [14/Apr/2025:03:41:07 +0200] "GET /Jurek/eurofirany/images/460164/0.jpg HTTP/2.0" 200 108123 "-" "baselinker"
46.101.116.244 - - [14/Apr/2025:03:41:15 +0200] "GET /Jurek/hlo/feeds/hlo_mallsiSH.xml HTTP/2.0" 200 4838671 "-" "-"
51.77.52.107 - - [14/Apr/2025:03:41:21 +0200] "GET /Jurek/eurofirany/images/460164/0.jpg HTTP/2.0" 200 108123 "-" "baselinker"
46.101.116.244 - - [14/Apr/2025:03:41:26 +0200] "GET /Jurek/lgbtshop/feeds/lgbtshop_mallsiSH.xml HTTP/2.0" 200 219246 "-" "-"
46.101.116.244 - - [14/Apr/2025:03:41:36 +0200] "GET /Jurek/madrex/feeds/madrex_mallsiSH.xml HTTP/2.0" 200 466714 "-" "-"
51.77.52.107 - - [14/Apr/2025:03:41:37 +0200] "GET /Jurek/eurofirany/images/460164/0.jpg HTTP/2.0" 200 108123 "-" "baselinker"
46.101.116.244 - - [14/Apr/2025:03:41:46 +0200] "GET /Jurek/motofan/feeds/motofan_mallsiSH.xml HTTP/2.0" 200 2392158 "-" "-"
51.77.52.107 - - [14/Apr/2025:03:41:51 +0200] "GET /Jurek/eurofirany/images/460176/0.jpg HTTP/2.0" 200 105917 "-" "baselinker"
51.77.52.107 - - [14/Apr/2025:03:41:56 +0200] "GET /Jurek/eurofirany/images/460176/0.jpg HTTP/2.0" 200 105917 "-" "baselinker"
46.101.116.244 - - [14/Apr/2025:03:41:57 +0200] "GET /Jurek/najtanszysport/feeds/najtanszysport_mallsiSH.xml HTTP/2.0" 200 3983183 "-" "-"
46.101.116.244 - - [14/Apr/2025:03:42:07 +0200] "GET /Jurek/nexus/feeds/nexus_mallsiSH.xml HTTP/2.0" 200 226642 "-" "-"
51.77.52.107 - - [14/Apr/2025:03:42:11 +0200] "GET /Jurek/eurofirany/images/460176/0.jpg HTTP/2.0" 200 105917 "-" "baselinker"
46.101.116.244 - - [14/Apr/2025:03:42:18 +0200] "GET /Jurek/playcob/feeds/playcob_mallsiSH.xml HTTP/2.0" 200 6980178 "-" "-"
51.77.52.107 - - [14/Apr/2025:03:42:22 +0200] "GET /Jurek/eurofirany/images/461487/0.jpg HTTP/2.0" 200 91577 "-" "baselinker"
46.101.116.244 - - [14/Apr/2025:03:42:28 +0200] "GET /Jurek/cbdgreen/feeds/cbdgreen_mallsiSH.xml HTTP/2.0" 200 50542 "-" "-"
51.77.52.107 - - [14/Apr/2025:03:42:35 +0200] "GET /Jurek/eurofirany/images/461487/0.jpg HTTP/2.0" 200 91577 "-" "baselinker"
46.101.116.244 - - [14/Apr/2025:03:42:38 +0200] "GET /Jurek/cbdgreen/feeds/cbdgreen_mallsiSH.xml HTTP/2.0" 200 50542 "-" "-"
51.77.52.107 - - [14/Apr/2025:03:42:48 +0200] "GET /Jurek/eurofirany/images/461487/0.jpg HTTP/2.0" 200 91577 "-" "baselinker"
46.101.116.244 - - [14/Apr/2025:03:42:49 +0200] "GET /Jurek/dekornatort/feeds/dekornatort_mallsiSH.xml HTTP/2.0" 200 225744 "-" "-"
46.101.116.244 - - [14/Apr/2025:03:42:59 +0200] "GET /Jurek/eurofryz2/feeds/eurofryz2_mallsiSH.xml HTTP/2.0" 200 1376777 "-" "-"
51.77.52.107 - - [14/Apr/2025:03:43:03 +0200] "GET /Jurek/eurofirany/images/460765/0.jpg HTTP/2.0" 200 57461 "-" "baselinker"
46.101.116.244 - - [14/Apr/2025:03:43:09 +0200] "GET /Jurek/eurofryz3/feeds/eurofryz3_mallsiSH.xml HTTP/2.0" 200 172219 "-" "-"
51.77.52.107 - - [14/Apr/2025:03:43:15 +0200] "GET /Jurek/eurofirany/images/460765/0.jpg HTTP/2.0" 200 57461 "-" "baselinker"
46.101.116.244 - - [14/Apr/2025:03:43:20 +0200] "GET /Jurek/globaldeli/feeds/globaldeli_mallsiSH.xml HTTP/2.0" 200 2590906 "-" "-"
51.77.52.107 - - [14/Apr/2025:03:43:27 +0200] "GET /Jurek/eurofirany/images/460765/0.jpg HTTP/2.0" 200 57461 "-" "baselinker"
46.101.116.244 - - [14/Apr/2025:03:43:30 +0200] "GET /Jurek/kobi/feeds/kobi_mallsiSH.xml HTTP/2.0" 200 1993192 "-" "-"
46.101.116.244 - - [14/Apr/2025:03:43:40 +0200] "GET /Jurek/lendo/feeds/lendo_mallsiSH.xml HTTP/2.0" 200 330389 "-" "-"
51.77.52.107 - - [14/Apr/2025:03:43:41 +0200] "GET /Jurek/eurofirany/images/460526/0.jpg HTTP/2.0" 200 73625 "-" "baselinker"
