46.101.116.244 - - [14/Apr/2025:10:04:04 +0200] "GET /Jurek/muminky/feeds/muminky_mallsiSH.xml HTTP/2.0" 200 2677749 "-" "-"
89.161.206.59 - - [14/Apr/2025:10:04:06 +0200] "GET /Jurek/carbonyway/feeds/carbonyway_skroutz.xml HTTP/1.0" 200 3075969 "-" "-"
89.161.206.59 - - [14/Apr/2025:10:04:07 +0200] "GET /Jurek/filmal/feeds/filmal_skroutz.xml HTTP/1.0" 200 139274 "-" "-"
89.161.206.59 - - [14/Apr/2025:10:04:07 +0200] "GET /Jurek/jakdroz/feeds/jakdroz_skroutz.xml HTTP/1.0" 200 4090035 "-" "-"
89.161.206.59 - - [14/Apr/2025:10:04:08 +0200] "GET /Jurek/jakdroz/feeds/jakdroz_skroutz.xml HTTP/1.0" 200 4090035 "-" "-"
89.161.206.59 - - [14/Apr/2025:10:04:10 +0200] "GET /Jurek/cdata/feeds/cdata_skr.xml HTTP/1.0" 200 1445099 "-" "-"
89.161.206.59 - - [14/Apr/2025:10:04:10 +0200] "GET /Jurek/riko/feeds/riko_skr.xml HTTP/1.0" 200 3785344 "-" "-"
89.161.206.59 - - [14/Apr/2025:10:04:10 +0200] "GET /Jurek/tsjerzy/feeds/tsjerzy_skr.xml HTTP/1.0" 200 3897746 "-" "-"
89.161.206.59 - - [14/Apr/2025:10:04:10 +0200] "GET /Jurek/sebmart/feeds/sebmart_skr.xml HTTP/1.0" 200 1598751 "-" "-"
89.161.206.59 - - [14/Apr/2025:10:04:11 +0200] "GET /Jurek/kalama/feeds/kalama_skr.xml HTTP/1.0" 200 2541343 "-" "-"
89.161.206.59 - - [14/Apr/2025:10:04:11 +0200] "GET /Jurek/harmonypost/feeds/harmonypost_skr.xml HTTP/1.0" 200 39902282 "-" "-"
46.101.116.244 - - [14/Apr/2025:10:04:16 +0200] "GET /Jurek/pupus/feeds/pupus_mallsiSH.xml HTTP/2.0" 200 6154113 "-" "-"
51.77.52.107 - - [14/Apr/2025:10:04:22 +0200] "GET /Jurek/eurofirany/images/459064/0.jpg HTTP/2.0" 200 134425 "-" "baselinker"
51.77.52.107 - - [14/Apr/2025:10:04:29 +0200] "GET /Jurek/eurofirany/images/459065/0.jpg HTTP/2.0" 200 134425 "-" "baselinker"
46.101.116.244 - - [14/Apr/2025:10:04:34 +0200] "GET /Jurek/erohurtownia/feeds/erohurtownia_mallsish.xml HTTP/2.0" 200 22846420 "-" "-"
88.220.33.218 - - [14/Apr/2025:10:04:34 +0200] "GET /Jurek/eurofirany/feeds/eurofirany_morele.xml HTTP/2.0" 200 19325863 "-" "MarketplaceAPI curl/7.64.0 PHP/8"
216.113.184.105 - - [14/Apr/2025:10:04:36 +0200] "GET /Jurek/eurofirany/images/469941/0.jpg HTTP/1.1" 200 80664 "-" "Java/17.0.13.0.101"
88.220.33.218 - - [14/Apr/2025:10:04:40 +0200] "GET /Jurek/vivaldi/feeds/vivaldi_Morele-PL.xml HTTP/2.0" 200 344674 "-" "MarketplaceAPI curl/7.64.0 PHP/8"
51.77.52.107 - - [14/Apr/2025:10:04:44 +0200] "GET /Jurek/eurofirany/images/459065/0.jpg HTTP/2.0" 200 134425 "-" "baselinker"
46.101.116.244 - - [14/Apr/2025:10:04:51 +0200] "GET /Jurek/oromed/feeds/oromed_mallsish.xml HTTP/2.0" 200 1095989 "-" "-"
51.77.52.107 - - [14/Apr/2025:10:04:54 +0200] "GET /Jurek/eurofirany/images/459065/0.jpg HTTP/2.0" 200 134425 "-" "baselinker"
51.77.52.107 - - [14/Apr/2025:10:05:00 +0200] "GET /Jurek/eurofirany/images/459066/0.jpg HTTP/2.0" 200 158271 "-" "baselinker"
51.77.52.107 - - [14/Apr/2025:10:05:10 +0200] "GET /Jurek/eurofirany/images/459066/0.jpg HTTP/2.0" 200 158271 "-" "baselinker"
51.77.52.107 - - [14/Apr/2025:10:05:17 +0200] "GET /Jurek/eurofirany/images/459066/0.jpg HTTP/2.0" 200 158271 "-" "baselinker"
46.101.116.244 - - [14/Apr/2025:10:05:34 +0200] "GET /Jurek/urwiskowo/feeds/urwiskowo_mallsish.xml HTTP/2.0" 200 9114999 "-" "-"
51.77.52.107 - - [14/Apr/2025:10:05:35 +0200] "GET /Jurek/eurofirany/images/459067/0.jpg HTTP/2.0" 200 158271 "-" "baselinker"
46.101.116.244 - - [14/Apr/2025:10:05:47 +0200] "GET /Jurek/eroplace/feeds/eroplace_mallsish.xml HTTP/2.0" 200 52134877 "-" "-"
51.77.52.107 - - [14/Apr/2025:10:05:55 +0200] "GET /Jurek/eurofirany/images/459067/0.jpg HTTP/2.0" 200 158271 "-" "baselinker"
88.220.33.218 - - [14/Apr/2025:10:05:58 +0200] "GET /Jurek/aw/feeds/awnarzedzia_morele.xml HTTP/2.0" 200 90559241 "-" "MarketplaceAPI curl/7.64.0 PHP/8"
51.77.52.107 - - [14/Apr/2025:10:06:04 +0200] "GET /Jurek/eurofirany/images/459067/0.jpg HTTP/2.0" 200 158271 "-" "baselinker"
207.46.13.107 - - [14/Apr/2025:10:06:05 +0200] "GET /Jurek/eurofirany/images/433272/0.jpg HTTP/2.0" 200 6625 "-" "Mozilla/5.0 AppleWebKit/537.36 (KHTML, like Gecko; compatible; bingbot/2.0; +http://www.bing.com/bingbot.htm) Chrome/116.0.1938.76 Safari/537.36"
46.101.116.244 - - [14/Apr/2025:10:06:09 +0200] "GET /Jurek/bass_new/feeds/bass_mallsish.xml HTTP/2.0" 200 7040782 "-" "-"
51.77.52.107 - - [14/Apr/2025:10:06:14 +0200] "GET /Jurek/eurofirany/images/459070/0.jpg HTTP/2.0" 200 156463 "-" "baselinker"
46.101.116.244 - - [14/Apr/2025:10:06:20 +0200] "GET /Jurek/ekuchcikowo/feeds/ekuchcikowo_mallsish.xml HTTP/2.0" 200 12471014 "-" "-"
51.77.52.107 - - [14/Apr/2025:10:06:22 +0200] "GET /Jurek/eurofirany/images/459070/0.jpg HTTP/2.0" 200 156463 "-" "baselinker"
46.101.116.244 - - [14/Apr/2025:10:06:31 +0200] "GET /Jurek/sempler/feeds/sempler_mallsish.xml HTTP/2.0" 200 6787978 "-" "-"
51.77.52.107 - - [14/Apr/2025:10:06:33 +0200] "GET /Jurek/eurofirany/images/459070/0.jpg HTTP/2.0" 200 156463 "-" "baselinker"
88.220.33.218 - - [14/Apr/2025:10:06:33 +0200] "GET /Jurek/beliani/feeds/beliani_morele.xml HTTP/2.0" 200 31230528 "-" "MarketplaceAPI curl/7.64.0 PHP/8"
51.77.52.107 - - [14/Apr/2025:10:06:42 +0200] "GET /Jurek/eurofirany/images/459071/0.jpg HTTP/2.0" 200 156463 "-" "baselinker"
46.101.116.244 - - [14/Apr/2025:10:06:43 +0200] "GET /Jurek/bass/feeds/bass_mallsish.xml HTTP/2.0" 200 3984354 "-" "-"
51.77.52.107 - - [14/Apr/2025:10:06:49 +0200] "GET /Jurek/eurofirany/images/459071/0.jpg HTTP/2.0" 200 156463 "-" "baselinker"
66.249.64.166 - - [14/Apr/2025:10:06:54 +0200] "GET /Jurek/eurofirany/images/406481/2.jpg HTTP/1.1" 200 33077 "-" "Googlebot-Image/1.0"
51.77.52.107 - - [14/Apr/2025:10:06:56 +0200] "GET /Jurek/eurofirany/images/459071/0.jpg HTTP/2.0" 200 156463 "-" "baselinker"
51.77.52.107 - - [14/Apr/2025:10:07:03 +0200] "GET /Jurek/eurofirany/images/459072/0.jpg HTTP/2.0" 200 144988 "-" "baselinker"
46.101.116.244 - - [14/Apr/2025:10:07:06 +0200] "GET /Jurek/slayo/feeds/slayo_mallsish.xml HTTP/2.0" 200 183612 "-" "-"
51.77.52.107 - - [14/Apr/2025:10:07:10 +0200] "GET /Jurek/eurofirany/images/459072/0.jpg HTTP/2.0" 200 144988 "-" "baselinker"
46.101.116.244 - - [14/Apr/2025:10:07:17 +0200] "GET /Jurek/mosti/feeds/mosti_mallsish.xml HTTP/2.0" 200 4628111 "-" "-"
46.101.116.244 - - [14/Apr/2025:10:07:17 +0200] "GET /Jurek/amzteam/feeds/amzteam_mallsish.xml HTTP/2.0" 200 97852 "-" "-"
51.77.52.107 - - [14/Apr/2025:10:07:17 +0200] "GET /Jurek/eurofirany/images/459072/0.jpg HTTP/2.0" 200 144988 "-" "baselinker"
46.101.116.244 - - [14/Apr/2025:10:07:17 +0200] "GET /Jurek/artdog/feeds/artdog_mallsish.xml HTTP/2.0" 200 17158474 "-" "-"
46.101.116.244 - - [14/Apr/2025:10:07:19 +0200] "GET /Jurek/kambukka/feeds/kambukka_mallsish.xml HTTP/2.0" 200 1021048 "-" "-"
51.77.52.107 - - [14/Apr/2025:10:07:25 +0200] "GET /Jurek/eurofirany/images/459073/0.jpg HTTP/2.0" 200 144988 "-" "baselinker"
51.77.52.107 - - [14/Apr/2025:10:07:31 +0200] "GET /Jurek/eurofirany/images/459073/0.jpg HTTP/2.0" 200 144988 "-" "baselinker"
46.101.116.244 - - [14/Apr/2025:10:07:38 +0200] "GET /Jurek/swiatecznygoliat/feeds/swiatecznygoliat_mallsish.xml HTTP/2.0" 200 7054433 "-" "-"
51.77.52.107 - - [14/Apr/2025:10:07:38 +0200] "GET /Jurek/eurofirany/images/459073/0.jpg HTTP/2.0" 200 144988 "-" "baselinker"
51.77.52.107 - - [14/Apr/2025:10:07:47 +0200] "GET /Jurek/eurofirany/images/466892/0.jpg HTTP/2.0" 200 70393 "-" "baselinker"
88.220.33.218 - - [14/Apr/2025:10:07:52 +0200] "GET /Jurek/vida_morele/feeds/VidaPL_morele.xml HTTP/2.0" 200 702212891 "-" "MarketplaceAPI curl/7.64.0 PHP/8"
51.77.52.107 - - [14/Apr/2025:10:07:53 +0200] "GET /Jurek/eurofirany/images/466892/0.jpg HTTP/2.0" 200 70393 "-" "baselinker"
51.77.52.107 - - [14/Apr/2025:10:08:00 +0200] "GET /Jurek/eurofirany/images/466892/0.jpg HTTP/2.0" 200 70393 "-" "baselinker"
51.77.52.107 - - [14/Apr/2025:10:08:06 +0200] "GET /Jurek/eurofirany/images/466910/0.jpg HTTP/2.0" 200 64317 "-" "baselinker"
99.81.173.210 - - [14/Apr/2025:10:08:09 +0200] "GET /Jurek/topeshop/downloaded_images/5904507209179_PROFILOWE.jpg HTTP/2.0" 200 72642 "-" "KlarnaBot-DownloadProductImage/1.0"
51.77.52.107 - - [14/Apr/2025:10:08:15 +0200] "GET /Jurek/eurofirany/images/466910/0.jpg HTTP/2.0" 200 64317 "-" "baselinker"
51.77.52.107 - - [14/Apr/2025:10:08:20 +0200] "GET /Jurek/eurofirany/images/466910/0.jpg HTTP/2.0" 200 64317 "-" "baselinker"
51.77.52.107 - - [14/Apr/2025:10:08:26 +0200] "GET /Jurek/eurofirany/images/466912/0.jpg HTTP/2.0" 200 55546 "-" "baselinker"
185.6.76.18 - - [14/Apr/2025:10:08:34 +0200] "GET /marketplaces/skroutz/feeds/shumee.xml HTTP/1.1" 200 408248659 "-" "SkroutzBot v1.0"
3.248.75.7 - - [14/Apr/2025:10:08:37 +0200] "GET /Jurek/topeshop/downloaded_images/5902838466742_20_st.jpg HTTP/2.0" 200 63928 "-" "KlarnaBot-DownloadProductImage/1.0"
46.101.116.244 - - [14/Apr/2025:10:08:40 +0200] "GET /Jurek/octopia/feeds/octopia_mallsish.xml HTTP/2.0" 200 10103817 "-" "-"
51.77.52.107 - - [14/Apr/2025:10:08:43 +0200] "GET /Jurek/eurofirany/images/466912/0.jpg HTTP/2.0" 200 55546 "-" "baselinker"
66.249.64.166 - - [14/Apr/2025:10:08:52 +0200] "GET /Jurek/eurofirany/images/383336/7.jpg HTTP/1.1" 200 46202 "-" "Googlebot-Image/1.0"
46.101.116.244 - - [14/Apr/2025:10:08:55 +0200] "GET /Jurek/topeshop/feeds/topeshop_mallsish.xml HTTP/2.0" 200 2633175 "-" "-"
51.77.52.107 - - [14/Apr/2025:10:09:00 +0200] "GET /Jurek/eurofirany/images/466912/0.jpg HTTP/2.0" 200 55546 "-" "baselinker"
51.77.52.107 - - [14/Apr/2025:10:09:07 +0200] "GET /Jurek/eurofirany/images/466918/0.jpg HTTP/2.0" 200 48525 "-" "baselinker"
51.77.52.107 - - [14/Apr/2025:10:09:25 +0200] "GET /Jurek/eurofirany/images/466918/0.jpg HTTP/2.0" 200 48525 "-" "baselinker"
147.161.131.25 - - [14/Apr/2025:10:09:38 +0200] "GET /Jurek/eurofirany/images/325018/1.jpg HTTP/1.1" 200 112182 "https://www.emag.ro/cuvertura-de-pat-eurofirany-sofia-rezistenta-la-incretituri-si-murdarie-textura-neobisnuita-matlasata-folosind-o-metoda-de-presare-la-cald-fara-cusaturi-220-x-200-cm-albastru-325018/pd/DLSXRLMBM/?ref=fam" "Mozilla/5.0 (Macintosh; Intel Mac OS X 10_15_7) AppleWebKit/537.36 (KHTML, like Gecko) Chrome/134.0.0.0 Safari/537.36"
147.161.131.25 - - [14/Apr/2025:10:09:38 +0200] "GET /Jurek/eurofirany/images/325018/3.jpg HTTP/1.1" 200 165499 "https://www.emag.ro/cuvertura-de-pat-eurofirany-sofia-rezistenta-la-incretituri-si-murdarie-textura-neobisnuita-matlasata-folosind-o-metoda-de-presare-la-cald-fara-cusaturi-220-x-200-cm-albastru-325018/pd/DLSXRLMBM/?ref=fam" "Mozilla/5.0 (Macintosh; Intel Mac OS X 10_15_7) AppleWebKit/537.36 (KHTML, like Gecko) Chrome/134.0.0.0 Safari/537.36"
147.161.131.25 - - [14/Apr/2025:10:09:38 +0200] "GET /Jurek/eurofirany/images/325018/2.jpg HTTP/1.1" 200 190295 "https://www.emag.ro/cuvertura-de-pat-eurofirany-sofia-rezistenta-la-incretituri-si-murdarie-textura-neobisnuita-matlasata-folosind-o-metoda-de-presare-la-cald-fara-cusaturi-220-x-200-cm-albastru-325018/pd/DLSXRLMBM/?ref=fam" "Mozilla/5.0 (Macintosh; Intel Mac OS X 10_15_7) AppleWebKit/537.36 (KHTML, like Gecko) Chrome/134.0.0.0 Safari/537.36"
51.77.52.107 - - [14/Apr/2025:10:09:44 +0200] "GET /Jurek/eurofirany/images/466918/0.jpg HTTP/2.0" 200 48525 "-" "baselinker"
51.77.52.107 - - [14/Apr/2025:10:10:02 +0200] "GET /Jurek/eurofirany/images/466919/0.jpg HTTP/2.0" 200 52390 "-" "baselinker"
77.79.248.229 - - [14/Apr/2025:10:10:05 +0200] "GET /Jurek/ikonka/feeds/ikonka_cdon_se.xml HTTP/1.1" 200 22188727 "-" "python-requests/2.32.3"
77.79.248.229 - - [14/Apr/2025:10:10:06 +0200] "GET /Jurek/ikonka/feeds/ikonka_cdon_dk.xml HTTP/1.1" 200 22188722 "-" "python-requests/2.32.3"
77.79.248.229 - - [14/Apr/2025:10:10:06 +0200] "GET /Jurek/ikonka/feeds/ikonka_cdon_fi.xml HTTP/1.1" 200 22186562 "-" "python-requests/2.32.3"
77.79.248.229 - - [14/Apr/2025:10:10:19 +0200] "GET /Jurek/rovicky/feeds/rovicky_cdonSE.xml HTTP/1.1" 200 15073918 "-" "python-requests/2.32.3"
77.79.248.229 - - [14/Apr/2025:10:10:20 +0200] "GET /Jurek/rovicky/feeds/rovicky_cdonDK.xml HTTP/1.1" 200 15073856 "-" "python-requests/2.32.3"
77.79.248.229 - - [14/Apr/2025:10:10:20 +0200] "GET /Jurek/rovicky/feeds/rovicky_cdonFI.xml HTTP/1.1" 200 15068635 "-" "python-requests/2.32.3"
77.79.248.229 - - [14/Apr/2025:10:10:20 +0200] "GET /Jurek/benbaby/feeds/benbaby_cdon_se.xml HTTP/1.1" 200 3640020 "-" "python-requests/2.32.3"
77.79.248.229 - - [14/Apr/2025:10:10:20 +0200] "GET /Jurek/benbaby/feeds/benbaby_cdon_dk.xml HTTP/1.1" 200 3639987 "-" "python-requests/2.32.3"
77.79.248.229 - - [14/Apr/2025:10:10:21 +0200] "GET /Jurek/benbaby/feeds/benbaby_cdon_fi.xml HTTP/1.1" 200 3637465 "-" "python-requests/2.32.3"
77.79.248.229 - - [14/Apr/2025:10:10:22 +0200] "GET /Jurek/candellux/feeds/candellux_cdon_se.xml HTTP/1.1" 200 466166 "-" "python-requests/2.32.3"
77.79.248.229 - - [14/Apr/2025:10:10:22 +0200] "GET /Jurek/candellux/feeds/candellux_cdon_dk.xml HTTP/1.1" 200 466129 "-" "python-requests/2.32.3"
77.79.248.229 - - [14/Apr/2025:10:10:22 +0200] "GET /Jurek/candellux/feeds/candellux_cdon_fi.xml HTTP/1.1" 200 465745 "-" "python-requests/2.32.3"
51.77.52.107 - - [14/Apr/2025:10:10:23 +0200] "GET /Jurek/eurofirany/images/466919/0.jpg HTTP/2.0" 200 52390 "-" "baselinker"
77.79.248.229 - - [14/Apr/2025:10:10:23 +0200] "GET /Jurek/hurtownia_przemyslowa/feeds/hp_cdon_se.xml HTTP/1.1" 200 49377723 "-" "python-requests/2.32.3"
77.79.248.229 - - [14/Apr/2025:10:10:24 +0200] "GET /Jurek/hurtownia_przemyslowa/feeds/hp_cdon_dk.xml HTTP/1.1" 200 49376141 "-" "python-requests/2.32.3"
77.79.248.229 - - [14/Apr/2025:10:10:25 +0200] "GET /Jurek/hurtownia_przemyslowa/feeds/hp_cdon_fi.xml HTTP/1.1" 200 49362649 "-" "python-requests/2.32.3"
77.79.248.229 - - [14/Apr/2025:10:10:25 +0200] "GET /Jurek/topeshop/feeds/topeshop_cdon_se.xml HTTP/1.1" 200 2633856 "-" "python-requests/2.32.3"
77.79.248.229 - - [14/Apr/2025:10:10:25 +0200] "GET /Jurek/topeshop/feeds/topeshop_cdon_dk.xml HTTP/1.1" 200 2633629 "-" "python-requests/2.32.3"
77.79.248.229 - - [14/Apr/2025:10:10:26 +0200] "GET /Jurek/topeshop/feeds/topeshop_cdon_fi.xml HTTP/1.1" 200 2633164 "-" "python-requests/2.32.3"
77.79.248.229 - - [14/Apr/2025:10:10:26 +0200] "GET /Jurek/asortymenteu/feeds/asortymenteu_cdon_se.xml HTTP/1.1" 200 2765555 "-" "python-requests/2.32.3"
77.79.248.229 - - [14/Apr/2025:10:10:26 +0200] "GET /Jurek/asortymenteu/feeds/asortymenteu_cdon_dk.xml HTTP/1.1" 200 2765550 "-" "python-requests/2.32.3"
77.79.248.229 - - [14/Apr/2025:10:10:26 +0200] "GET /Jurek/asortymenteu/feeds/asortymenteu_cdon_fi.xml HTTP/1.1" 200 2764574 "-" "python-requests/2.32.3"
77.79.248.229 - - [14/Apr/2025:10:10:26 +0200] "GET /Jurek/fernity/feeds/fernity_cdon_se.xml HTTP/1.1" 200 4799850 "-" "python-requests/2.32.3"
77.79.248.229 - - [14/Apr/2025:10:10:26 +0200] "GET /Jurek/fernity/feeds/fernity_cdon_dk.xml HTTP/1.1" 200 4799565 "-" "python-requests/2.32.3"
77.79.248.229 - - [14/Apr/2025:10:10:26 +0200] "GET /Jurek/fernity/feeds/fernity_cdon_fi.xml HTTP/1.1" 200 4796685 "-" "python-requests/2.32.3"
77.79.248.229 - - [14/Apr/2025:10:10:27 +0200] "GET /Jurek/aw/feeds/awnarzedzia_cdon_se.xml HTTP/1.1" 200 90636964 "-" "python-requests/2.32.3"
77.79.248.229 - - [14/Apr/2025:10:10:29 +0200] "GET /Jurek/aw/feeds/awnarzedzia_cdon_dk.xml HTTP/1.1" 200 90633088 "-" "python-requests/2.32.3"
77.79.248.229 - - [14/Apr/2025:10:10:30 +0200] "GET /Jurek/aw/feeds/awnarzedzia_cdon_fi.xml HTTP/1.1" 200 90548944 "-" "python-requests/2.32.3"
77.79.248.229 - - [14/Apr/2025:10:10:31 +0200] "GET /Jurek/activeshop/feeds/activeshop_cdon_se.xml HTTP/1.1" 200 10448666 "-" "python-requests/2.32.3"
77.79.248.229 - - [14/Apr/2025:10:10:31 +0200] "GET /Jurek/activeshop/feeds/activeshop_cdon_dk.xml HTTP/1.1" 200 10448273 "-" "python-requests/2.32.3"
46.101.116.244 - - [14/Apr/2025:10:10:31 +0200] "GET /Jurek/aw/feeds/aw_fnacfr.xml HTTP/1.0" 404 3551 "-" "-"
77.79.248.229 - - [14/Apr/2025:10:10:31 +0200] "GET /Jurek/activeshop/feeds/activeshop_cdon_fi.xml HTTP/1.1" 200 10444956 "-" "python-requests/2.32.3"
51.77.52.107 - - [14/Apr/2025:10:10:31 +0200] "GET /Jurek/eurofirany/images/466919/0.jpg HTTP/2.0" 200 52390 "-" "baselinker"
77.79.248.229 - - [14/Apr/2025:10:10:32 +0200] "GET /Jurek/ikonka/feeds/ikonka_cdon_se.xml HTTP/1.1" 200 22188727 "-" "python-requests/2.32.3"
77.79.248.229 - - [14/Apr/2025:10:10:32 +0200] "GET /Jurek/ikonka/feeds/ikonka_cdon_dk.xml HTTP/1.1" 200 22188722 "-" "python-requests/2.32.3"
77.79.248.229 - - [14/Apr/2025:10:10:33 +0200] "GET /Jurek/ikonka/feeds/ikonka_cdon_fi.xml HTTP/1.1" 200 22186562 "-" "python-requests/2.32.3"
77.79.248.229 - - [14/Apr/2025:10:10:33 +0200] "GET /Jurek/swiatecznygoliat/feeds/swiatecznygoliat_cdon_se.xml HTTP/1.1" 200 7056936 "-" "python-requests/2.32.3"
77.79.248.229 - - [14/Apr/2025:10:10:34 +0200] "GET /Jurek/swiatecznygoliat/feeds/swiatecznygoliat_cdon_dk.xml HTTP/1.1" 200 7056896 "-" "python-requests/2.32.3"
77.79.248.229 - - [14/Apr/2025:10:10:34 +0200] "GET /Jurek/swiatecznygoliat/feeds/swiatecznygoliat_cdon_fi.xml HTTP/1.1" 200 7054400 "-" "python-requests/2.32.3"
77.79.248.229 - - [14/Apr/2025:10:10:34 +0200] "GET /Jurek/slayo/feeds/slayo_cdon_se.xml HTTP/1.1" 200 183627 "-" "python-requests/2.32.3"
77.79.248.229 - - [14/Apr/2025:10:10:34 +0200] "GET /Jurek/slayo/feeds/slayo_cdon_dk.xml HTTP/1.1" 200 183627 "-" "python-requests/2.32.3"
77.79.248.229 - - [14/Apr/2025:10:10:34 +0200] "GET /Jurek/slayo/feeds/slayo_cdon_fi.xml HTTP/1.1" 200 183615 "-" "python-requests/2.32.3"
77.79.248.229 - - [14/Apr/2025:10:10:35 +0200] "GET /Jurek/bass/feeds/bass_cdon_se.xml HTTP/1.1" 200 3986099 "-" "python-requests/2.32.3"
77.79.248.229 - - [14/Apr/2025:10:10:35 +0200] "GET /Jurek/bass/feeds/bass_cdon_dk.xml HTTP/1.1" 200 3985921 "-" "python-requests/2.32.3"
77.79.248.229 - - [14/Apr/2025:10:10:35 +0200] "GET /Jurek/bass/feeds/bass_cdon_fi.xml HTTP/1.1" 200 3984378 "-" "python-requests/2.32.3"
77.79.248.229 - - [14/Apr/2025:10:10:35 +0200] "GET /Jurek/benetech/feeds/benetech_cdon_se.xml HTTP/1.1" 200 4165708 "-" "python-requests/2.32.3"
77.79.248.229 - - [14/Apr/2025:10:10:35 +0200] "GET /Jurek/benetech/feeds/benetech_cdon_dk.xml HTTP/1.1" 200 4165677 "-" "python-requests/2.32.3"
77.79.248.229 - - [14/Apr/2025:10:10:35 +0200] "GET /Jurek/benetech/feeds/benetech_cdon_fi.xml HTTP/1.1" 200 4165318 "-" "python-requests/2.32.3"
77.79.248.229 - - [14/Apr/2025:10:10:35 +0200] "GET /Jurek/waks/feeds/waks_cdon_se.xml HTTP/1.1" 200 1598639 "-" "python-requests/2.32.3"
77.79.248.229 - - [14/Apr/2025:10:10:35 +0200] "GET /Jurek/waks/feeds/waks_cdon_dk.xml HTTP/1.1" 200 1598638 "-" "python-requests/2.32.3"
77.79.248.229 - - [14/Apr/2025:10:10:35 +0200] "GET /Jurek/waks/feeds/waks_cdon_fi.xml HTTP/1.1" 200 1596552 "-" "python-requests/2.32.3"
77.79.248.229 - - [14/Apr/2025:10:10:35 +0200] "GET /Jurek/kambukka/feeds/kambukka_cdon_se.xml HTTP/1.1" 200 1021659 "-" "python-requests/2.32.3"
77.79.248.229 - - [14/Apr/2025:10:10:36 +0200] "GET /Jurek/kambukka/feeds/kambukka_cdon_dk.xml HTTP/1.1" 200 1021638 "-" "python-requests/2.32.3"
77.79.248.229 - - [14/Apr/2025:10:10:36 +0200] "GET /Jurek/kambukka/feeds/kambukka_cdon_fi.xml HTTP/1.1" 200 1021375 "-" "python-requests/2.32.3"
77.79.248.229 - - [14/Apr/2025:10:10:36 +0200] "GET /Jurek/hdwr/feeds/hdwr_cdon_se.xml HTTP/1.1" 200 789684 "-" "python-requests/2.32.3"
77.79.248.229 - - [14/Apr/2025:10:10:36 +0200] "GET /Jurek/hdwr/feeds/hdwr_cdon_dk.xml HTTP/1.1" 200 789635 "-" "python-requests/2.32.3"
77.79.248.229 - - [14/Apr/2025:10:10:36 +0200] "GET /Jurek/hdwr/feeds/hdwr_cdon_fi.xml HTTP/1.1" 200 789428 "-" "python-requests/2.32.3"
77.79.248.229 - - [14/Apr/2025:10:10:36 +0200] "GET /Jurek/pagmil/feeds/pagmil_cdon_se.xml HTTP/1.1" 200 1803246 "-" "python-requests/2.32.3"
77.79.248.229 - - [14/Apr/2025:10:10:36 +0200] "GET /Jurek/pagmil/feeds/pagmil_cdon_dk.xml HTTP/1.1" 200 1803238 "-" "python-requests/2.32.3"
77.79.248.229 - - [14/Apr/2025:10:10:36 +0200] "GET /Jurek/pagmil/feeds/pagmil_cdon_fi.xml HTTP/1.1" 200 1802833 "-" "python-requests/2.32.3"
77.79.248.229 - - [14/Apr/2025:10:10:36 +0200] "GET /Jurek/targethome/feeds/targethome_cdon_se.xml HTTP/1.1" 200 688751 "-" "python-requests/2.32.3"
77.79.248.229 - - [14/Apr/2025:10:10:36 +0200] "GET /Jurek/targethome/feeds/targethome_cdon_dk.xml HTTP/1.1" 200 688710 "-" "python-requests/2.32.3"
77.79.248.229 - - [14/Apr/2025:10:10:36 +0200] "GET /Jurek/targethome/feeds/targethome_cdon_fi.xml HTTP/1.1" 200 688621 "-" "python-requests/2.32.3"
77.79.248.229 - - [14/Apr/2025:10:10:37 +0200] "GET /Jurek/eroplace/feeds/eroplace_cdon_se.xml HTTP/1.1" 200 52158628 "-" "python-requests/2.32.3"
77.79.248.229 - - [14/Apr/2025:10:10:37 +0200] "GET /Jurek/eroplace/feeds/eroplace_cdon_dk.xml HTTP/1.1" 200 52157697 "-" "python-requests/2.32.3"
77.79.248.229 - - [14/Apr/2025:10:10:38 +0200] "GET /Jurek/eroplace/feeds/eroplace_cdon_fi.xml HTTP/1.1" 200 52135647 "-" "python-requests/2.32.3"
77.79.248.229 - - [14/Apr/2025:10:10:39 +0200] "GET /Jurek/artdog/feeds/artdog_cdon_se.xml HTTP/1.1" 200 17165957 "-" "python-requests/2.32.3"
77.79.248.229 - - [14/Apr/2025:10:10:39 +0200] "GET /Jurek/artdog/feeds/artdog_cdon_dk.xml HTTP/1.1" 200 17165481 "-" "python-requests/2.32.3"
77.79.248.229 - - [14/Apr/2025:10:10:39 +0200] "GET /Jurek/artdog/feeds/artdog_cdon_fi.xml HTTP/1.1" 200 17159745 "-" "python-requests/2.32.3"
77.79.248.229 - - [14/Apr/2025:10:10:39 +0200] "GET /Jurek/sempler/feeds/sempler_cdon_se.xml HTTP/1.1" 200 6789220 "-" "python-requests/2.32.3"
77.79.248.229 - - [14/Apr/2025:10:10:39 +0200] "GET /Jurek/sempler/feeds/sempler_cdon_dk.xml HTTP/1.1" 200 6789137 "-" "python-requests/2.32.3"
77.79.248.229 - - [14/Apr/2025:10:10:39 +0200] "GET /Jurek/sempler/feeds/sempler_cdon_fi.xml HTTP/1.1" 200 6787944 "-" "python-requests/2.32.3"
77.79.248.229 - - [14/Apr/2025:10:10:39 +0200] "GET /Jurek/oromed/feeds/oromed_cdon_se.xml HTTP/1.1" 200 1096196 "-" "python-requests/2.32.3"
77.79.248.229 - - [14/Apr/2025:10:10:40 +0200] "GET /Jurek/oromed/feeds/oromed_cdon_dk.xml HTTP/1.1" 200 1096173 "-" "python-requests/2.32.3"
77.79.248.229 - - [14/Apr/2025:10:10:40 +0200] "GET /Jurek/oromed/feeds/oromed_cdon_fi.xml HTTP/1.1" 200 1095987 "-" "python-requests/2.32.3"
77.79.248.229 - - [14/Apr/2025:10:10:40 +0200] "GET /Jurek/hurtmeblowy/feeds/hurtmeblowy_cdon_se.xml HTTP/1.1" 200 8497858 "-" "python-requests/2.32.3"
77.79.248.229 - - [14/Apr/2025:10:10:40 +0200] "GET /Jurek/hurtmeblowy/feeds/hurtmeblowy_cdon_dk.xml HTTP/1.1" 200 8497360 "-" "python-requests/2.32.3"
77.79.248.229 - - [14/Apr/2025:10:10:40 +0200] "GET /Jurek/hurtmeblowy/feeds/hurtmeblowy_cdon_fi.xml HTTP/1.1" 200 8495628 "-" "python-requests/2.32.3"
77.79.248.229 - - [14/Apr/2025:10:10:40 +0200] "GET /Jurek/narzbud/feeds/narzbud_cdon_se.xml HTTP/1.1" 200 1901942 "-" "python-requests/2.32.3"
77.79.248.229 - - [14/Apr/2025:10:10:40 +0200] "GET /Jurek/narzbud/feeds/narzbud_cdon_dk.xml HTTP/1.1" 200 1901940 "-" "python-requests/2.32.3"
77.79.248.229 - - [14/Apr/2025:10:10:40 +0200] "GET /Jurek/narzbud/feeds/narzbud_cdon_fi.xml HTTP/1.1" 200 1901247 "-" "python-requests/2.32.3"
77.79.248.229 - - [14/Apr/2025:10:10:40 +0200] "GET /Jurek/livinhill/feeds/livinhill_cdon_se.xml HTTP/1.1" 200 212004 "-" "python-requests/2.32.3"
77.79.248.229 - - [14/Apr/2025:10:10:40 +0200] "GET /Jurek/livinhill/feeds/livinhill_cdon_dk.xml HTTP/1.1" 200 1476031 "-" "python-requests/2.32.3"
77.79.248.229 - - [14/Apr/2025:10:10:40 +0200] "GET /Jurek/livinhill/feeds/livinhill_cdon_fi.xml HTTP/1.1" 200 1475599 "-" "python-requests/2.32.3"
77.79.248.229 - - [14/Apr/2025:10:10:40 +0200] "GET /Jurek/ekuchcikowo/feeds/ekuchcikowo_cdon_se.xml HTTP/1.1" 200 12473280 "-" "python-requests/2.32.3"
77.79.248.229 - - [14/Apr/2025:10:10:41 +0200] "GET /Jurek/ekuchcikowo/feeds/ekuchcikowo_cdon_dk.xml HTTP/1.1" 200 12473105 "-" "python-requests/2.32.3"
77.79.248.229 - - [14/Apr/2025:10:10:41 +0200] "GET /Jurek/ekuchcikowo/feeds/ekuchcikowo_cdon_fi.xml HTTP/1.1" 200 12471064 "-" "python-requests/2.32.3"
77.79.248.229 - - [14/Apr/2025:10:10:41 +0200] "GET /Jurek/fertone/feeds/fertone_cdon_se.xml HTTP/1.1" 200 576806 "-" "python-requests/2.32.3"
77.79.248.229 - - [14/Apr/2025:10:10:41 +0200] "GET /Jurek/fertone/feeds/fertone_cdon_dk.xml HTTP/1.1" 200 576788 "-" "python-requests/2.32.3"
77.79.248.229 - - [14/Apr/2025:10:10:41 +0200] "GET /Jurek/fertone/feeds/fertone_cdon_fi.xml HTTP/1.1" 200 576384 "-" "python-requests/2.32.3"
77.79.248.229 - - [14/Apr/2025:10:10:41 +0200] "GET /Jurek/ekolight/feeds/ekolioght_cdon_se.xml HTTP/1.1" 200 9056593 "-" "python-requests/2.32.3"
77.79.248.229 - - [14/Apr/2025:10:10:41 +0200] "GET /Jurek/ekolight/feeds/ekolioght_cdon_dk.xml HTTP/1.1" 200 9055942 "-" "python-requests/2.32.3"
77.79.248.229 - - [14/Apr/2025:10:10:41 +0200] "GET /Jurek/ekolight/feeds/ekolioght_cdon_fi.xml HTTP/1.1" 200 9052893 "-" "python-requests/2.32.3"
77.79.248.229 - - [14/Apr/2025:10:10:41 +0200] "GET /Jurek/cbdgreen/feeds/cbdgreen_cdon_se.xml HTTP/1.1" 200 50548 "-" "python-requests/2.32.3"
77.79.248.229 - - [14/Apr/2025:10:10:41 +0200] "GET /Jurek/cbdgreen/feeds/cbdgreen_cdon_dk.xml HTTP/1.1" 200 50550 "-" "python-requests/2.32.3"
77.79.248.229 - - [14/Apr/2025:10:10:41 +0200] "GET /Jurek/cbdgreen/feeds/cbdgreen_cdon_fi.xml HTTP/1.1" 200 50543 "-" "python-requests/2.32.3"
77.79.248.229 - - [14/Apr/2025:10:10:41 +0200] "GET /Jurek/pawonik/feeds/pawonik_cdon_se.xml HTTP/1.1" 200 2138744 "-" "python-requests/2.32.3"
77.79.248.229 - - [14/Apr/2025:10:10:42 +0200] "GET /Jurek/pawonik/feeds/pawonik_cdon_dk.xml HTTP/1.1" 200 2138739 "-" "python-requests/2.32.3"
77.79.248.229 - - [14/Apr/2025:10:10:42 +0200] "GET /Jurek/pawonik/feeds/pawonik_cdon_fi.xml HTTP/1.1" 200 2138403 "-" "python-requests/2.32.3"
77.79.248.229 - - [14/Apr/2025:10:10:42 +0200] "GET /Jurek/mosti/feeds/mosti_cdon_se.xml HTTP/1.1" 200 4634984 "-" "python-requests/2.32.3"
77.79.248.229 - - [14/Apr/2025:10:10:42 +0200] "GET /Jurek/mosti/feeds/mosti_cdon_dk.xml HTTP/1.1" 200 4634938 "-" "python-requests/2.32.3"
77.79.248.229 - - [14/Apr/2025:10:10:42 +0200] "GET /Jurek/mosti/feeds/mosti_cdon_fi.xml HTTP/1.1" 200 4633458 "-" "python-requests/2.32.3"
77.79.248.229 - - [14/Apr/2025:10:10:42 +0200] "GET /Jurek/winoszarnia/feeds/winoszarnia_cdon_se.xml HTTP/1.1" 200 6066079 "-" "python-requests/2.32.3"
77.79.248.229 - - [14/Apr/2025:10:10:42 +0200] "GET /Jurek/winoszarnia/feeds/winoszarnia_cdon_dk.xml HTTP/1.1" 200 6066133 "-" "python-requests/2.32.3"
77.79.248.229 - - [14/Apr/2025:10:10:42 +0200] "GET /Jurek/winoszarnia/feeds/winoszarnia_cdon_fi.xml HTTP/1.1" 200 6064776 "-" "python-requests/2.32.3"
77.79.248.229 - - [14/Apr/2025:10:10:42 +0200] "GET /Jurek/bass_new/feeds/bass_cdon_se.xml HTTP/1.1" 200 7043148 "-" "python-requests/2.32.3"
77.79.248.229 - - [14/Apr/2025:10:10:42 +0200] "GET /Jurek/bass_new/feeds/bass_cdon_dk.xml HTTP/1.1" 200 7042883 "-" "python-requests/2.32.3"
77.79.248.229 - - [14/Apr/2025:10:10:42 +0200] "GET /Jurek/bass_new/feeds/bass_cdon_fi.xml HTTP/1.1" 200 7040891 "-" "python-requests/2.32.3"
77.79.248.229 - - [14/Apr/2025:10:10:43 +0200] "GET /Jurek/pupus/feeds/pupus_cdon_se.xml HTTP/1.1" 200 6156429 "-" "python-requests/2.32.3"
77.79.248.229 - - [14/Apr/2025:10:10:43 +0200] "GET /Jurek/pupus/feeds/pupus_cdon_dk.xml HTTP/1.1" 200 6156326 "-" "python-requests/2.32.3"
77.79.248.229 - - [14/Apr/2025:10:10:43 +0200] "GET /Jurek/pupus/feeds/pupus_cdon_fi.xml HTTP/1.1" 200 6154556 "-" "python-requests/2.32.3"
77.79.248.229 - - [14/Apr/2025:10:10:44 +0200] "GET /Jurek/relogy/feeds/relogy_cdon_se.xml HTTP/1.1" 200 66684774 "-" "python-requests/2.32.3"
77.79.248.229 - - [14/Apr/2025:10:10:44 +0200] "GET /Jurek/relogy/feeds/relogy_cdon_dk.xml HTTP/1.1" 200 66677663 "-" "python-requests/2.32.3"
77.79.248.229 - - [14/Apr/2025:10:10:45 +0200] "GET /Jurek/relogy/feeds/relogy_cdon_fi.xml HTTP/1.1" 200 66667879 "-" "python-requests/2.32.3"
77.79.248.229 - - [14/Apr/2025:10:10:46 +0200] "GET /Jurek/harmonypost/feeds/harmonypost_cdon_se.xml HTTP/1.1" 200 39920341 "-" "python-requests/2.32.3"
77.79.248.229 - - [14/Apr/2025:10:10:46 +0200] "GET /Jurek/harmonypost/feeds/harmonypost_cdon_dk.xml HTTP/1.1" 200 39915182 "-" "python-requests/2.32.3"
77.79.248.229 - - [14/Apr/2025:10:10:47 +0200] "GET /Jurek/harmonypost/feeds/harmonypost_cdon_fi.xml HTTP/1.1" 200 39902928 "-" "python-requests/2.32.3"
77.79.248.229 - - [14/Apr/2025:10:10:47 +0200] "GET /Jurek/pasiekaslodka/feeds/pasiekaslodka_cdon_se.xml HTTP/1.1" 200 119698 "-" "python-requests/2.32.3"
77.79.248.229 - - [14/Apr/2025:10:10:47 +0200] "GET /Jurek/pasiekaslodka/feeds/pasiekaslodka_cdon_dk.xml HTTP/1.1" 200 119698 "-" "python-requests/2.32.3"
77.79.248.229 - - [14/Apr/2025:10:10:47 +0200] "GET /Jurek/pasiekaslodka/feeds/pasiekaslodka_cdon_fi.xml HTTP/1.1" 200 119676 "-" "python-requests/2.32.3"
51.77.52.107 - - [14/Apr/2025:10:10:54 +0200] "GET /Jurek/eurofirany/images/459910/0.jpg HTTP/2.0" 200 88272 "-" "baselinker"
51.77.52.107 - - [14/Apr/2025:10:11:10 +0200] "GET /Jurek/eurofirany/images/459910/0.jpg HTTP/2.0" 200 88272 "-" "baselinker"
51.77.52.107 - - [14/Apr/2025:10:11:28 +0200] "GET /Jurek/eurofirany/images/459910/0.jpg HTTP/2.0" 200 88272 "-" "baselinker"
51.77.52.107 - - [14/Apr/2025:10:11:47 +0200] "GET /Jurek/eurofirany/images/459904/0.jpg HTTP/2.0" 200 85284 "-" "baselinker"
51.77.52.107 - - [14/Apr/2025:10:12:06 +0200] "GET /Jurek/eurofirany/images/459904/0.jpg HTTP/2.0" 200 85284 "-" "baselinker"
51.77.52.107 - - [14/Apr/2025:10:12:22 +0200] "GET /Jurek/eurofirany/images/459904/0.jpg HTTP/2.0" 200 85284 "-" "baselinker"
46.101.116.244 - - [14/Apr/2025:10:12:22 +0200] "GET /Jurek/activeshop/feeds/activeshop_mallsish.xml HTTP/2.0" 200 10444866 "-" "-"
51.77.52.107 - - [14/Apr/2025:10:12:45 +0200] "GET /Jurek/eurofirany/images/459908/0.jpg HTTP/2.0" 200 80716 "-" "baselinker"
66.249.64.165 - - [14/Apr/2025:10:12:50 +0200] "GET /Jurek/topeshop/downloaded_images/5902838468449_front.jpg HTTP/1.1" 200 56564 "-" "Googlebot-Image/1.0"
51.77.52.107 - - [14/Apr/2025:10:13:03 +0200] "GET /Jurek/eurofirany/images/459908/0.jpg HTTP/2.0" 200 80716 "-" "baselinker"
66.249.64.167 - - [14/Apr/2025:10:13:08 +0200] "GET /Jurek/topeshop/downloaded_images/5902838467671_Wieszak_front.png HTTP/1.1" 404 3551 "-" "Googlebot-Image/1.0"
51.77.52.107 - - [14/Apr/2025:10:13:16 +0200] "GET /Jurek/eurofirany/images/459908/0.jpg HTTP/2.0" 200 80716 "-" "baselinker"
66.249.64.165 - - [14/Apr/2025:10:13:18 +0200] "GET /Jurek/topeshop/downloaded_images/5902838467671_2.png HTTP/1.1" 404 3551 "-" "Googlebot-Image/1.0"
5.134.208.158 - - [14/Apr/2025:10:13:29 +0200] "GET /Jurek/eurofirany/images/423211/0.jpg HTTP/1.1" 200 0 "-" "-"
5.134.208.158 - - [14/Apr/2025:10:13:29 +0200] "GET /Jurek/eurofirany/images/423211/0.jpg HTTP/1.1" 200 0 "https://www.ceneo.pl" "Mozilla/5.0 (Windows NT 10.0; WOW64) AppleWebKit/537.36 (KHTML, like Gecko) Chrome/52.0.2743.82 Safari/537.36 OPR/39.0.2256.48"
5.134.208.158 - - [14/Apr/2025:10:13:29 +0200] "GET /Jurek/eurofirany/images/423211/0.jpg HTTP/1.1" 200 0 "-" "-"
5.134.208.158 - - [14/Apr/2025:10:13:29 +0200] "GET /Jurek/eurofirany/images/423211/0.jpg HTTP/1.1" 200 0 "https://www.ceneo.pl" "Mozilla/5.0 (Windows NT 10.0; WOW64) AppleWebKit/537.36 (KHTML, like Gecko) Chrome/52.0.2743.82 Safari/537.36 OPR/39.0.2256.48"
51.77.52.107 - - [14/Apr/2025:10:13:34 +0200] "GET /Jurek/eurofirany/images/325009/0.jpg HTTP/2.0" 200 164808 "-" "baselinker"
89.161.206.59 - - [14/Apr/2025:10:13:37 +0200] "GET /Jurek/hurtmeblowy/feeds/hurtmeblowy_skroutz.xml HTTP/1.0" 200 8495721 "-" "-"
51.77.52.107 - - [14/Apr/2025:10:13:48 +0200] "GET /Jurek/eurofirany/images/325009/0.jpg HTTP/2.0" 200 164808 "-" "baselinker"
51.77.52.107 - - [14/Apr/2025:10:14:05 +0200] "GET /Jurek/eurofirany/images/325009/0.jpg HTTP/2.0" 200 164808 "-" "baselinker"
77.79.248.229 - - [14/Apr/2025:10:14:08 +0200] "GET /Jurek/vida_morele/feeds/vidaPL_erli.xml HTTP/1.1" 200 702184284 "-" "Python-urllib/3.11"
51.77.52.107 - - [14/Apr/2025:10:14:16 +0200] "GET /Jurek/eurofirany/images/349461/0.jpg HTTP/2.0" 200 82606 "-" "baselinker"
51.77.52.107 - - [14/Apr/2025:10:14:23 +0200] "GET /Jurek/eurofirany/images/349461/0.jpg HTTP/2.0" 200 82606 "-" "baselinker"
51.77.52.107 - - [14/Apr/2025:10:14:38 +0200] "GET /Jurek/eurofirany/images/349461/0.jpg HTTP/2.0" 200 82606 "-" "baselinker"
51.77.52.107 - - [14/Apr/2025:10:14:53 +0200] "GET /Jurek/eurofirany/images/349472/0.jpg HTTP/2.0" 200 153048 "-" "baselinker"
51.77.52.107 - - [14/Apr/2025:10:15:09 +0200] "GET /Jurek/eurofirany/images/349472/0.jpg HTTP/2.0" 200 153048 "-" "baselinker"
51.77.52.107 - - [14/Apr/2025:10:15:14 +0200] "GET /Jurek/eurofirany/images/349472/0.jpg HTTP/2.0" 200 153048 "-" "baselinker"
51.77.52.107 - - [14/Apr/2025:10:15:30 +0200] "GET /Jurek/eurofirany/images/383070/0.jpg HTTP/2.0" 200 72405 "-" "baselinker"
46.101.116.244 - - [14/Apr/2025:10:15:31 +0200] "GET /Jurek/hurtownia_przemyslowa/feeds/hp_mallsish.xml HTTP/2.0" 200 49362216 "-" "-"
89.161.206.59 - - [14/Apr/2025:10:15:31 +0200] "GET /Jurek/beltimore/feeds/beltimore_skroutz.xml HTTP/1.0" 200 18651539 "-" "-"
51.77.52.107 - - [14/Apr/2025:10:15:44 +0200] "GET /Jurek/eurofirany/images/383070/0.jpg HTTP/2.0" 200 72405 "-" "baselinker"
51.77.52.107 - - [14/Apr/2025:10:15:57 +0200] "GET /Jurek/eurofirany/images/383070/0.jpg HTTP/2.0" 200 72405 "-" "baselinker"
51.77.52.107 - - [14/Apr/2025:10:16:01 +0200] "GET /Jurek/eurofirany/images/383103/0.jpg HTTP/2.0" 200 75271 "-" "baselinker"
46.101.116.244 - - [14/Apr/2025:10:16:10 +0200] "GET /Jurek/action/feeds/action_mallsish.xml HTTP/2.0" 200 60202569 "-" "-"
77.79.248.229 - - [14/Apr/2025:10:16:10 +0200] "GET /Jurek/vida_morele/feeds/vidaPL_erli.xml HTTP/1.1" 200 702184284 "-" "Python-urllib/3.11"
51.77.52.107 - - [14/Apr/2025:10:16:19 +0200] "GET /Jurek/eurofirany/images/383103/0.jpg HTTP/2.0" 200 75271 "-" "baselinker"
51.77.52.107 - - [14/Apr/2025:10:16:34 +0200] "GET /Jurek/eurofirany/images/383103/0.jpg HTTP/2.0" 200 75271 "-" "baselinker"
51.77.52.107 - - [14/Apr/2025:10:16:45 +0200] "GET /Jurek/eurofirany/images/383385/0.jpg HTTP/2.0" 200 77082 "-" "baselinker"
51.77.52.107 - - [14/Apr/2025:10:17:01 +0200] "GET /Jurek/eurofirany/images/383385/0.jpg HTTP/2.0" 200 77082 "-" "baselinker"
51.77.52.107 - - [14/Apr/2025:10:17:07 +0200] "GET /Jurek/eurofirany/images/383385/0.jpg HTTP/2.0" 200 77082 "-" "baselinker"
51.77.52.107 - - [14/Apr/2025:10:17:12 +0200] "GET /Jurek/eurofirany/images/408370/0.jpg HTTP/2.0" 200 142167 "-" "baselinker"
178.21.154.6 - - [14/Apr/2025:10:17:19 +0200] "GET /Jurek/eurofirany/images/415637/0.jpg HTTP/1.1" 200 104649 "-" "-"
178.21.154.6 - - [14/Apr/2025:10:17:19 +0200] "GET /Jurek/eurofirany/images/382230/0.jpg HTTP/1.1" 200 137841 "-" "-"
51.77.52.107 - - [14/Apr/2025:10:17:37 +0200] "GET /Jurek/eurofirany/images/408370/0.jpg HTTP/2.0" 200 142167 "-" "baselinker"
51.77.52.107 - - [14/Apr/2025:10:17:43 +0200] "GET /Jurek/eurofirany/images/408370/0.jpg HTTP/2.0" 200 142167 "-" "baselinker"
51.77.52.107 - - [14/Apr/2025:10:17:49 +0200] "GET /Jurek/eurofirany/images/400228/0.jpg HTTP/2.0" 200 21115 "-" "baselinker"
51.77.52.107 - - [14/Apr/2025:10:18:03 +0200] "GET /Jurek/eurofirany/images/400228/0.jpg HTTP/2.0" 200 21115 "-" "baselinker"
46.101.116.244 - - [14/Apr/2025:10:18:10 +0200] "GET /Jurek/aw/feeds/aw_fnacfr.xml HTTP/1.0" 404 3551 "-" "-"
51.77.52.107 - - [14/Apr/2025:10:18:11 +0200] "GET /Jurek/eurofirany/images/400228/0.jpg HTTP/2.0" 200 21115 "-" "baselinker"
77.79.248.229 - - [14/Apr/2025:10:18:12 +0200] "GET /Jurek/vida_morele/feeds/vidaPL_erli.xml HTTP/1.1" 200 702184284 "-" "Python-urllib/3.11"
51.77.52.107 - - [14/Apr/2025:10:18:17 +0200] "GET /Jurek/eurofirany/images/400229/0.jpg HTTP/2.0" 200 21115 "-" "baselinker"
46.101.116.244 - - [14/Apr/2025:10:18:25 +0200] "GET /Jurek/beliani/feeds/beliani_si_mallsi.xml HTTP/2.0" 200 31198905 "-" "-"
51.77.52.107 - - [14/Apr/2025:10:18:28 +0200] "GET /Jurek/eurofirany/images/400229/0.jpg HTTP/2.0" 200 21115 "-" "baselinker"
51.77.52.107 - - [14/Apr/2025:10:18:34 +0200] "GET /Jurek/eurofirany/images/400229/0.jpg HTTP/2.0" 200 21115 "-" "baselinker"
66.249.64.167 - - [14/Apr/2025:10:18:35 +0200] "GET /Jurek/eurofirany/images/398813/3.jpg HTTP/1.1" 200 57899 "-" "Googlebot-Image/1.0"
3.74.7.74 - - [14/Apr/2025:10:18:37 +0200] "GET /Jurek/topeshop/downloaded_images/5902838461440_profilll.jpg HTTP/2.0" 404 3551 "-" "Mozilla/5.0 (Windows NT 10.0; Win64; x64) AppleWebKit/537.36 (KHTML, like Gecko) Chrome/109.0.0.0 Safari/537.36"
66.249.64.165 - - [14/Apr/2025:10:18:51 +0200] "GET /Jurek/eurofirany/images/315117/1.jpg HTTP/1.1" 200 83559 "-" "Googlebot-Image/1.0"
51.77.52.107 - - [14/Apr/2025:10:18:53 +0200] "GET /Jurek/eurofirany/images/400230/0.jpg HTTP/2.0" 200 24361 "-" "baselinker"
51.77.52.107 - - [14/Apr/2025:10:19:10 +0200] "GET /Jurek/eurofirany/images/400230/0.jpg HTTP/2.0" 200 24361 "-" "baselinker"
89.161.206.59 - - [14/Apr/2025:10:19:13 +0200] "GET /Jurek/roger/feeds/roger_emagro.xml HTTP/1.0" 200 1396781 "-" "-"
46.101.116.244 - - [14/Apr/2025:10:19:13 +0200] "GET /Jurek/rovicky/feeds/rovicky_mallsish.xml HTTP/2.0" 200 15068116 "-" "-"
89.161.206.59 - - [14/Apr/2025:10:19:13 +0200] "GET /Jurek/nexus/feeds/nexus_emagro.xml HTTP/1.0" 200 226698 "-" "-"
89.161.206.59 - - [14/Apr/2025:10:19:14 +0200] "GET /Jurek/porzwkablach/feeds/porzwkablach_emag.xml HTTP/1.0" 200 1200410 "-" "-"
89.161.206.59 - - [14/Apr/2025:10:19:14 +0200] "GET /Jurek/galopibhp/feeds/galopibhp_emagro.xml HTTP/1.0" 200 1973679 "-" "-"
89.161.206.59 - - [14/Apr/2025:10:19:15 +0200] "GET /Jurek/techrebal/feeds/techrebal_emagro.xml HTTP/1.0" 200 1989872 "-" "-"
89.161.206.59 - - [14/Apr/2025:10:19:15 +0200] "GET /Jurek/kristronik/feeds/kristronik_emagro.xml HTTP/1.0" 200 692073 "-" "-"
89.161.206.59 - - [14/Apr/2025:10:19:17 +0200] "GET /Jurek/nonabox/feeds/nonabox_emagro.xml HTTP/1.0" 200 33866 "-" "-"
89.161.206.59 - - [14/Apr/2025:10:19:18 +0200] "GET /Jurek/winoszarnia/feeds/winoszarnia_emagro.xml HTTP/1.0" 200 6065006 "-" "-"
89.161.206.59 - - [14/Apr/2025:10:19:19 +0200] "GET /Jurek/filmal/feeds/filmal_emagro.xml HTTP/1.0" 200 139310 "-" "-"
89.161.206.59 - - [14/Apr/2025:10:19:19 +0200] "GET /Jurek/equalo/feeds/equalo_emagro.xml HTTP/1.0" 200 98021 "-" "-"
51.77.52.107 - - [14/Apr/2025:10:19:23 +0200] "GET /Jurek/eurofirany/images/400230/0.jpg HTTP/2.0" 200 24361 "-" "baselinker"
46.101.116.244 - - [14/Apr/2025:10:19:24 +0200] "GET /Jurek/detian/feeds/detian_mallsish.xml HTTP/2.0" 404 3551 "-" "-"
51.77.52.107 - - [14/Apr/2025:10:19:30 +0200] "GET /Jurek/eurofirany/images/400232/0.jpg HTTP/2.0" 200 24361 "-" "baselinker"
46.101.116.244 - - [14/Apr/2025:10:19:35 +0200] "GET /Jurek/ikonka/feeds/ikonka_mallsish.xml HTTP/2.0" 200 22186553 "-" "-"
51.77.52.107 - - [14/Apr/2025:10:19:47 +0200] "GET /Jurek/eurofirany/images/400232/0.jpg HTTP/2.0" 200 24361 "-" "baselinker"
46.101.116.244 - - [14/Apr/2025:10:19:49 +0200] "GET /Jurek/candellux/feeds/candellux_mallsish.xml HTTP/2.0" 200 465720 "-" "-"
51.77.52.107 - - [14/Apr/2025:10:19:55 +0200] "GET /Jurek/eurofirany/images/400232/0.jpg HTTP/2.0" 200 24361 "-" "baselinker"
46.101.116.244 - - [14/Apr/2025:10:20:00 +0200] "GET /Jurek/andex/feeds/andex_mallslsh.xml HTTP/2.0" 200 1953451 "-" "-"
51.77.52.107 - - [14/Apr/2025:10:20:10 +0200] "GET /Jurek/eurofirany/images/400236/0.jpg HTTP/2.0" 200 37068 "-" "baselinker"
46.101.116.244 - - [14/Apr/2025:10:20:13 +0200] "GET /Jurek/chemex/feeds/chemex_mallsish.xml HTTP/2.0" 200 47809880 "-" "-"
89.161.206.59 - - [14/Apr/2025:10:20:21 +0200] "GET /Jurek/livinhill/feeds/livinhill_emagro.xml HTTP/1.0" 200 167750 "-" "-"
89.161.206.59 - - [14/Apr/2025:10:20:21 +0200] "GET /Jurek/snibbs/feeds/snibbs_emagro.xml HTTP/1.0" 200 74411 "-" "-"
89.161.206.59 - - [14/Apr/2025:10:20:21 +0200] "GET /Jurek/jakdroz/feeds/jakdroz_emagro.xml HTTP/1.0" 200 4090923 "-" "-"
51.77.52.107 - - [14/Apr/2025:10:20:24 +0200] "GET /Jurek/eurofirany/images/400236/0.jpg HTTP/2.0" 200 37068 "-" "baselinker"
46.101.116.244 - - [14/Apr/2025:10:20:28 +0200] "GET /Jurek/aw/feeds/awnarzedzia_mallsish.xml HTTP/2.0" 200 90548429 "-" "-"
51.77.52.107 - - [14/Apr/2025:10:20:33 +0200] "GET /Jurek/eurofirany/images/400236/0.jpg HTTP/2.0" 200 37068 "-" "baselinker"
51.77.52.107 - - [14/Apr/2025:10:20:48 +0200] "GET /Jurek/eurofirany/images/400241/0.jpg HTTP/2.0" 200 37068 "-" "baselinker"
51.77.52.107 - - [14/Apr/2025:10:20:55 +0200] "GET /Jurek/eurofirany/images/400241/0.jpg HTTP/2.0" 200 37068 "-" "baselinker"
51.77.52.107 - - [14/Apr/2025:10:21:15 +0200] "GET /Jurek/eurofirany/images/400241/0.jpg HTTP/2.0" 200 37068 "-" "baselinker"
51.77.52.107 - - [14/Apr/2025:10:21:41 +0200] "GET /Jurek/eurofirany/images/400242/0.jpg HTTP/2.0" 200 38051 "-" "baselinker"
51.77.52.107 - - [14/Apr/2025:10:21:56 +0200] "GET /Jurek/eurofirany/images/400242/0.jpg HTTP/2.0" 200 38051 "-" "baselinker"
51.77.52.107 - - [14/Apr/2025:10:22:02 +0200] "GET /Jurek/eurofirany/images/400242/0.jpg HTTP/2.0" 200 38051 "-" "baselinker"
51.77.52.107 - - [14/Apr/2025:10:22:20 +0200] "GET /Jurek/eurofirany/images/400243/0.jpg HTTP/2.0" 200 38051 "-" "baselinker"
5.134.208.158 - - [14/Apr/2025:10:22:20 +0200] "GET /Jurek/eurofirany/images/468017/0.jpg HTTP/1.1" 200 147982 "-" "-"
5.134.208.158 - - [14/Apr/2025:10:22:20 +0200] "GET /Jurek/eurofirany/images/468593/0.jpg HTTP/1.1" 200 206631 "-" "-"
5.134.208.158 - - [14/Apr/2025:10:22:21 +0200] "GET /Jurek/eurofirany/images/448446/0.jpg HTTP/1.1" 200 86318 "-" "-"
51.77.52.107 - - [14/Apr/2025:10:22:29 +0200] "GET /Jurek/eurofirany/images/400243/0.jpg HTTP/2.0" 200 38051 "-" "baselinker"
51.77.52.107 - - [14/Apr/2025:10:22:43 +0200] "GET /Jurek/eurofirany/images/400243/0.jpg HTTP/2.0" 200 38051 "-" "baselinker"
66.249.64.167 - - [14/Apr/2025:10:22:43 +0200] "GET /Jurek/eurofirany/images/391117/2.jpg HTTP/1.1" 200 173996 "-" "Googlebot-Image/1.0"
51.77.52.107 - - [14/Apr/2025:10:22:58 +0200] "GET /Jurek/eurofirany/images/400245/0.jpg HTTP/2.0" 200 38051 "-" "baselinker"
51.77.52.107 - - [14/Apr/2025:10:23:03 +0200] "GET /Jurek/eurofirany/images/400245/0.jpg HTTP/2.0" 200 38051 "-" "baselinker"
51.77.52.107 - - [14/Apr/2025:10:23:07 +0200] "GET /Jurek/eurofirany/images/400245/0.jpg HTTP/2.0" 200 38051 "-" "baselinker"
46.101.116.244 - - [14/Apr/2025:10:23:07 +0200] "GET /Jurek/barbecook/feeds/barbecook_mallslsh.xml HTTP/2.0" 200 87532 "-" "-"
51.77.52.107 - - [14/Apr/2025:10:23:14 +0200] "GET /Jurek/eurofirany/images/400251/0.jpg HTTP/2.0" 200 31759 "-" "baselinker"
46.101.116.244 - - [14/Apr/2025:10:23:18 +0200] "GET /Jurek/duka/feeds/duka_mallslsh.xml HTTP/2.0" 200 57 "-" "-"
51.77.52.107 - - [14/Apr/2025:10:23:27 +0200] "GET /Jurek/eurofirany/images/400251/0.jpg HTTP/2.0" 200 31759 "-" "baselinker"
46.101.116.244 - - [14/Apr/2025:10:23:28 +0200] "GET /Jurek/miloohome/feeds/miloohome_mallsish.xml HTTP/2.0" 200 1421025 "-" "-"
46.101.116.244 - - [14/Apr/2025:10:23:39 +0200] "GET /Jurek/stema/feeds/stema_mallslsh.xml HTTP/2.0" 200 851959 "-" "-"
51.77.52.107 - - [14/Apr/2025:10:23:44 +0200] "GET /Jurek/eurofirany/images/400251/0.jpg HTTP/2.0" 200 31759 "-" "baselinker"
46.101.116.244 - - [14/Apr/2025:10:23:51 +0200] "GET /Jurek/fernity/feeds/fernity_mallslsh.xml HTTP/2.0" 200 4796671 "-" "-"
51.77.52.107 - - [14/Apr/2025:10:24:00 +0200] "GET /Jurek/eurofirany/images/400252/0.jpg HTTP/2.0" 200 27060 "-" "baselinker"
46.101.116.244 - - [14/Apr/2025:10:24:14 +0200] "GET /Jurek/kinghoff/feeds/kinghoff_mallslsh.xml HTTP/2.0" 200 15515315 "-" "-"
51.77.52.107 - - [14/Apr/2025:10:24:15 +0200] "GET /Jurek/eurofirany/images/400252/0.jpg HTTP/2.0" 200 27060 "-" "baselinker"
51.77.52.107 - - [14/Apr/2025:10:24:22 +0200] "GET /Jurek/eurofirany/images/400252/0.jpg HTTP/2.0" 200 27060 "-" "baselinker"
51.77.52.107 - - [14/Apr/2025:10:24:28 +0200] "GET /Jurek/eurofirany/images/400253/0.jpg HTTP/2.0" 200 27060 "-" "baselinker"
66.249.64.166 - - [14/Apr/2025:10:24:42 +0200] "GET /Jurek/eurofirany/images/390030/1.jpg HTTP/1.1" 200 114200 "-" "Googlebot-Image/1.0"
51.77.52.107 - - [14/Apr/2025:10:24:42 +0200] "GET /Jurek/eurofirany/images/400253/0.jpg HTTP/2.0" 200 27060 "-" "baselinker"
46.101.116.244 - - [14/Apr/2025:10:24:43 +0200] "GET /Jurek/kinghome/feeds/kinghome_mallslsh.xml HTTP/2.0" 200 6003381 "-" "-"
51.77.52.107 - - [14/Apr/2025:10:24:46 +0200] "GET /Jurek/eurofirany/images/400253/0.jpg HTTP/2.0" 200 27060 "-" "baselinker"
51.77.52.107 - - [14/Apr/2025:10:24:53 +0200] "GET /Jurek/eurofirany/images/400254/0.jpg HTTP/2.0" 200 27060 "-" "baselinker"
46.101.116.244 - - [14/Apr/2025:10:24:54 +0200] "GET /Jurek/vivaldi/feeds/vivaldi_Mall-slsh.xml HTTP/2.0" 200 344659 "-" "-"
46.101.116.244 - - [14/Apr/2025:10:25:06 +0200] "GET /Jurek/eurofirany/feeds/eurofirany_mall_si_shumee.xml HTTP/2.0" 200 19324242 "-" "-"
51.77.52.107 - - [14/Apr/2025:10:25:07 +0200] "GET /Jurek/eurofirany/images/400254/0.jpg HTTP/2.0" 200 27060 "-" "baselinker"
51.77.52.107 - - [14/Apr/2025:10:25:13 +0200] "GET /Jurek/eurofirany/images/400254/0.jpg HTTP/2.0" 200 27060 "-" "baselinker"
51.77.52.107 - - [14/Apr/2025:10:25:16 +0200] "GET /Jurek/eurofirany/images/400255/0.jpg HTTP/2.0" 200 37917 "-" "baselinker"
46.101.116.244 - - [14/Apr/2025:10:25:22 +0200] "GET /Jurek/vida_morele/feeds/vidaPL_velomarket_category5.xml HTTP/1.0" 200 75899251 "-" "-"
51.77.52.107 - - [14/Apr/2025:10:25:29 +0200] "GET /Jurek/eurofirany/images/400255/0.jpg HTTP/2.0" 200 37917 "-" "baselinker"
51.77.52.107 - - [14/Apr/2025:10:25:34 +0200] "GET /Jurek/eurofirany/images/400255/0.jpg HTTP/2.0" 200 37917 "-" "baselinker"
51.77.52.107 - - [14/Apr/2025:10:25:49 +0200] "GET /Jurek/eurofirany/images/400256/0.jpg HTTP/2.0" 200 37917 "-" "baselinker"
89.161.206.59 - - [14/Apr/2025:10:25:50 +0200] "GET /Jurek/jankeski/feeds/jankeski_skroutz.xml HTTP/1.0" 200 6570972 "-" "-"
46.101.116.244 - - [14/Apr/2025:10:26:04 +0200] "GET /Jurek/fernity/feeds/fernity_manomano.xml HTTP/1.0" 200 4796782 "-" "-"
51.77.52.107 - - [14/Apr/2025:10:26:07 +0200] "GET /Jurek/eurofirany/images/400256/0.jpg HTTP/2.0" 200 37917 "-" "baselinker"
89.161.206.59 - - [14/Apr/2025:10:26:13 +0200] "GET /Jurek/mechdecor/feeds/mechdecor_skr.xml HTTP/1.0" 200 596211 "-" "-"
51.77.52.107 - - [14/Apr/2025:10:26:14 +0200] "GET /Jurek/eurofirany/images/400256/0.jpg HTTP/2.0" 200 37917 "-" "baselinker"
89.161.206.59 - - [14/Apr/2025:10:26:14 +0200] "GET /Jurek/apresto/feeds/apresto_skr.xml HTTP/1.0" 200 1316768 "-" "-"
89.161.206.59 - - [14/Apr/2025:10:26:17 +0200] "GET /Jurek/andex/feeds/andex_skr.xml HTTP/1.0" 200 1953531 "-" "-"
89.161.206.59 - - [14/Apr/2025:10:26:19 +0200] "GET /Jurek/mojeledy/feeds/mojeledy_skr.xml HTTP/1.0" 200 1018420 "-" "-"
89.161.206.59 - - [14/Apr/2025:10:26:19 +0200] "GET /Jurek/sovapl/feeds/sovapl_skr.xml HTTP/1.0" 200 9000070 "-" "-"
89.161.206.59 - - [14/Apr/2025:10:26:20 +0200] "GET /Jurek/kamar/feeds/kamar_skr.xml HTTP/1.0" 200 25549785 "-" "-"
51.77.52.107 - - [14/Apr/2025:10:26:26 +0200] "GET /Jurek/eurofirany/images/400257/0.jpg HTTP/2.0" 200 37917 "-" "baselinker"
51.77.52.107 - - [14/Apr/2025:10:26:32 +0200] "GET /Jurek/eurofirany/images/400257/0.jpg HTTP/2.0" 200 37917 "-" "baselinker"
66.249.64.165 - - [14/Apr/2025:10:26:41 +0200] "GET /Jurek/eurofirany/images/389924/5.jpg HTTP/1.1" 200 235943 "-" "Googlebot-Image/1.0"
89.161.206.59 - - [14/Apr/2025:10:26:43 +0200] "GET /Jurek/missionair/feeds/missionair_skr.xml HTTP/1.0" 200 3154874 "-" "-"
51.77.52.107 - - [14/Apr/2025:10:26:45 +0200] "GET /Jurek/eurofirany/images/400257/0.jpg HTTP/2.0" 200 37917 "-" "baselinker"
51.77.52.107 - - [14/Apr/2025:10:26:59 +0200] "GET /Jurek/eurofirany/images/398794/0.jpg HTTP/2.0" 200 45365 "-" "baselinker"
51.77.52.107 - - [14/Apr/2025:10:27:14 +0200] "GET /Jurek/eurofirany/images/398794/0.jpg HTTP/2.0" 200 45365 "-" "baselinker"
51.77.52.107 - - [14/Apr/2025:10:27:19 +0200] "GET /Jurek/eurofirany/images/398794/0.jpg HTTP/2.0" 200 45365 "-" "baselinker"
46.101.116.244 - - [14/Apr/2025:10:27:33 +0200] "GET /Jurek/aw/feeds/aw_fnacfr.xml HTTP/1.0" 404 3551 "-" "-"
51.77.52.107 - - [14/Apr/2025:10:27:34 +0200] "GET /Jurek/eurofirany/images/398799/0.jpg HTTP/2.0" 200 28529 "-" "baselinker"
89.161.206.59 - - [14/Apr/2025:10:27:35 +0200] "GET /Jurek/topeshop/feeds/topeshop_cdsc.xml HTTP/1.0" 200 2649811 "-" "-"
89.161.206.59 - - [14/Apr/2025:10:27:39 +0200] "GET /Jurek/kinghoff/feeds/kinghoff_cdiscount.xml HTTP/1.0" 200 7414091 "-" "-"
89.161.206.59 - - [14/Apr/2025:10:27:40 +0200] "GET /Jurek/techrebal/feeds/techrebal_cdsc.xml HTTP/1.0" 200 1423352 "-" "-"
89.161.206.59 - - [14/Apr/2025:10:27:40 +0200] "GET /Jurek/zbimatyja/feeds/zbimatyja_cdsc.xml HTTP/1.0" 200 11000853 "-" "-"
89.161.206.59 - - [14/Apr/2025:10:27:41 +0200] "GET /Jurek/broers/feeds/broers_cdsc.xml HTTP/1.0" 200 2303346 "-" "-"
89.161.206.59 - - [14/Apr/2025:10:27:41 +0200] "GET /Jurek/nonabox/feeds/nonabox_cdsc.xml HTTP/1.0" 200 39041 "-" "-"
51.77.52.107 - - [14/Apr/2025:10:27:44 +0200] "GET /Jurek/eurofirany/images/398799/0.jpg HTTP/2.0" 200 28529 "-" "baselinker"
51.77.52.107 - - [14/Apr/2025:10:27:59 +0200] "GET /Jurek/eurofirany/images/398799/0.jpg HTTP/2.0" 200 28529 "-" "baselinker"
89.161.206.59 - - [14/Apr/2025:10:28:00 +0200] "GET /Jurek/lampart/feeds/lampart_cdsc.xml HTTP/1.0" 200 1057911 "-" "-"
89.161.206.59 - - [14/Apr/2025:10:28:00 +0200] "GET /Jurek/regis/feeds/regis_cdsc.xml HTTP/1.0" 200 84989 "-" "-"
89.161.206.59 - - [14/Apr/2025:10:28:00 +0200] "GET /Jurek/stiv/feeds/stiv_cdsc.xml HTTP/1.0" 200 1348010 "-" "-"
89.161.206.59 - - [14/Apr/2025:10:28:01 +0200] "GET /Jurek/hanex/feeds/hanex_cdsc.xml HTTP/1.0" 200 7027237 "-" "-"
51.77.52.107 - - [14/Apr/2025:10:28:17 +0200] "GET /Jurek/eurofirany/images/398800/0.jpg HTTP/2.0" 200 28529 "-" "baselinker"
51.77.52.107 - - [14/Apr/2025:10:28:30 +0200] "GET /Jurek/eurofirany/images/398800/0.jpg HTTP/2.0" 200 28529 "-" "baselinker"
51.77.52.107 - - [14/Apr/2025:10:28:35 +0200] "GET /Jurek/eurofirany/images/398800/0.jpg HTTP/2.0" 200 28529 "-" "baselinker"
46.101.116.244 - - [14/Apr/2025:10:28:38 +0200] "GET /Jurek/unimet/feeds/unimet_mallsish.xml HTTP/2.0" 200 60475639 "-" "-"
