51.77.52.107 - - [14/Apr/2025:13:06:38 +0200] "GET /Jurek/eurofirany/images/397050/0.jpg HTTP/2.0" 200 23712 "-" "baselinker"
51.77.52.107 - - [14/Apr/2025:13:06:44 +0200] "GET /Jurek/eurofirany/images/397052/0.jpg HTTP/2.0" 200 23712 "-" "baselinker"
51.77.52.107 - - [14/Apr/2025:13:06:50 +0200] "GET /Jurek/eurofirany/images/397052/0.jpg HTTP/2.0" 200 23712 "-" "baselinker"
66.249.64.166 - - [14/Apr/2025:13:06:51 +0200] "GET /Jurek/eurofirany/images/367116/2.jpg HTTP/1.1" 200 56699 "-" "Googlebot-Image/1.0"
51.77.52.107 - - [14/Apr/2025:13:07:20 +0200] "GET /Jurek/eurofirany/images/397052/0.jpg HTTP/2.0" 200 23712 "-" "baselinker"
51.77.52.107 - - [14/Apr/2025:13:07:25 +0200] "GET /Jurek/eurofirany/images/397053/0.jpg HTTP/2.0" 200 23712 "-" "baselinker"
89.161.206.59 - - [14/Apr/2025:13:07:31 +0200] "GET /Jurek/playcob/feeds/playcob_emagro.xml HTTP/1.0" 200 6981041 "-" "-"
89.161.206.59 - - [14/Apr/2025:13:07:31 +0200] "GET /Jurek/alucon/feeds/alucon_emagro.xml HTTP/1.0" 200 553602 "-" "-"
89.161.206.59 - - [14/Apr/2025:13:07:33 +0200] "GET /Jurek/dropkz/feeds/dropkz_emagro.xml HTTP/1.0" 200 70031288 "-" "-"
89.161.206.59 - - [14/Apr/2025:13:07:36 +0200] "GET /Jurek/shiori/feeds/shiori_emagro.xml HTTP/1.0" 200 453708 "-" "-"
89.161.206.59 - - [14/Apr/2025:13:07:36 +0200] "GET /Jurek/eoptimo/feeds/eoptimo_emagro.xml HTTP/1.0" 200 2094697 "-" "-"
89.161.206.59 - - [14/Apr/2025:13:07:37 +0200] "GET /Jurek/bisanti/feeds/bisanti_emagro.xml HTTP/1.0" 200 1142429 "-" "-"
89.161.206.59 - - [14/Apr/2025:13:07:37 +0200] "GET /Jurek/najtanszysport/feeds/najtanszysport_emagro.xml HTTP/1.0" 200 3984576 "-" "-"
51.77.52.107 - - [14/Apr/2025:13:07:47 +0200] "GET /Jurek/eurofirany/images/397053/0.jpg HTTP/2.0" 200 23712 "-" "baselinker"
51.77.52.107 - - [14/Apr/2025:13:07:52 +0200] "GET /Jurek/eurofirany/images/397053/0.jpg HTTP/2.0" 200 23712 "-" "baselinker"
51.77.52.107 - - [14/Apr/2025:13:07:57 +0200] "GET /Jurek/eurofirany/images/397055/0.jpg HTTP/2.0" 200 23712 "-" "baselinker"
88.220.33.218 - - [14/Apr/2025:13:08:08 +0200] "GET /Jurek/vida_morele/feeds/VidaPL_morele.xml HTTP/2.0" 200 702065444 "-" "MarketplaceAPI curl/7.64.0 PHP/8"
51.77.52.107 - - [14/Apr/2025:13:08:11 +0200] "GET /Jurek/eurofirany/images/397055/0.jpg HTTP/2.0" 200 23712 "-" "baselinker"
51.77.52.107 - - [14/Apr/2025:13:08:17 +0200] "GET /Jurek/eurofirany/images/397055/0.jpg HTTP/2.0" 200 23712 "-" "baselinker"
51.77.52.107 - - [14/Apr/2025:13:08:23 +0200] "GET /Jurek/eurofirany/images/397056/0.jpg HTTP/2.0" 200 23712 "-" "baselinker"
185.6.76.18 - - [14/Apr/2025:13:08:28 +0200] "GET /marketplaces/skroutz/feeds/shumee.xml HTTP/1.1" 200 408238610 "-" "SkroutzBot v1.0"
51.77.52.107 - - [14/Apr/2025:13:08:29 +0200] "GET /Jurek/eurofirany/images/397056/0.jpg HTTP/2.0" 200 23712 "-" "baselinker"
51.77.52.107 - - [14/Apr/2025:13:08:36 +0200] "GET /Jurek/eurofirany/images/397056/0.jpg HTTP/2.0" 200 23712 "-" "baselinker"
51.77.52.107 - - [14/Apr/2025:13:08:42 +0200] "GET /Jurek/eurofirany/images/397057/0.jpg HTTP/2.0" 200 23712 "-" "baselinker"
89.161.206.59 - - [14/Apr/2025:13:08:48 +0200] "GET /Jurek/bentivolio/feeds/bentivolio_emagro.xml HTTP/1.0" 200 3498444 "-" "-"
66.249.64.166 - - [14/Apr/2025:13:09:01 +0200] "GET /Jurek/topeshop/downloaded_images/5904507202392_Modern2P_Biel(4).jpg HTTP/1.1" 404 3551 "-" "Googlebot-Image/1.0"
51.77.52.107 - - [14/Apr/2025:13:09:05 +0200] "GET /Jurek/eurofirany/images/397057/0.jpg HTTP/2.0" 200 23712 "-" "baselinker"
51.77.52.107 - - [14/Apr/2025:13:09:11 +0200] "GET /Jurek/eurofirany/images/397057/0.jpg HTTP/2.0" 200 23712 "-" "baselinker"
51.77.52.107 - - [14/Apr/2025:13:09:14 +0200] "GET /Jurek/eurofirany/images/397058/0.jpg HTTP/2.0" 200 30123 "-" "baselinker"
51.77.52.107 - - [14/Apr/2025:13:09:32 +0200] "GET /Jurek/eurofirany/images/397058/0.jpg HTTP/2.0" 200 30123 "-" "baselinker"
51.77.52.107 - - [14/Apr/2025:13:09:38 +0200] "GET /Jurek/eurofirany/images/397058/0.jpg HTTP/2.0" 200 30123 "-" "baselinker"
51.77.52.107 - - [14/Apr/2025:13:09:45 +0200] "GET /Jurek/eurofirany/images/397059/0.jpg HTTP/2.0" 200 30123 "-" "baselinker"
51.77.52.107 - - [14/Apr/2025:13:09:51 +0200] "GET /Jurek/eurofirany/images/397059/0.jpg HTTP/2.0" 200 30123 "-" "baselinker"
89.161.206.59 - - [14/Apr/2025:13:09:57 +0200] "GET /Jurek/luxma/feeds/luxma_emagro.xml HTTP/1.0" 200 8059089 "-" "-"
51.77.52.107 - - [14/Apr/2025:13:09:58 +0200] "GET /Jurek/eurofirany/images/397059/0.jpg HTTP/2.0" 200 30123 "-" "baselinker"
66.249.64.167 - - [14/Apr/2025:13:10:06 +0200] "GET /Jurek/eurofirany/images/371523/13.jpg HTTP/1.1" 200 143173 "-" "Googlebot-Image/1.0"
51.77.52.107 - - [14/Apr/2025:13:10:14 +0200] "GET /Jurek/eurofirany/images/397060/0.jpg HTTP/2.0" 200 30123 "-" "baselinker"
51.77.52.107 - - [14/Apr/2025:13:10:28 +0200] "GET /Jurek/eurofirany/images/397060/0.jpg HTTP/2.0" 200 30123 "-" "baselinker"
51.77.52.107 - - [14/Apr/2025:13:10:46 +0200] "GET /Jurek/eurofirany/images/397060/0.jpg HTTP/2.0" 200 30123 "-" "baselinker"
89.161.206.59 - - [14/Apr/2025:13:10:55 +0200] "GET /Jurek/bass/feeds/bass_amazonfr.xml HTTP/1.0" 200 3984394 "-" "-"
89.161.206.59 - - [14/Apr/2025:13:10:55 +0200] "GET /Jurek/bass/feeds/bass_amazonit.xml HTTP/1.0" 200 3984456 "-" "-"
89.161.206.59 - - [14/Apr/2025:13:10:55 +0200] "GET /Jurek/bass/feeds/bass_amazonnl.xml HTTP/1.0" 200 3984432 "-" "-"
51.77.52.107 - - [14/Apr/2025:13:11:02 +0200] "GET /Jurek/eurofirany/images/397061/0.jpg HTTP/2.0" 200 30123 "-" "baselinker"
66.249.64.166 - - [14/Apr/2025:13:11:12 +0200] "GET /Jurek/topeshop/downloaded_images/5902838468425_front.jpg HTTP/1.1" 200 78612 "-" "Googlebot-Image/1.0"
66.249.64.165 - - [14/Apr/2025:13:11:17 +0200] "GET / HTTP/1.1" 200 1559 "-" "GoogleOther"
51.77.52.107 - - [14/Apr/2025:13:11:20 +0200] "GET /Jurek/eurofirany/images/397061/0.jpg HTTP/2.0" 200 30123 "-" "baselinker"
193.33.8.61 - - [14/Apr/2025:13:11:21 +0200] "GET /Jurek/kambukka/output.txt HTTP/2.0" 200 43920465 "https://konsola.dkkapusta1997.usermd.net/" "Mozilla/5.0 (Windows NT 10.0; Win64; x64) AppleWebKit/537.36 (KHTML, like Gecko) Chrome/135.0.0.0 Safari/537.36"
46.101.116.244 - - [14/Apr/2025:13:11:22 +0200] "GET /Jurek/reman/feeds/reman_mallsiSH.xml HTTP/2.0" 200 1394826 "-" "-"
51.77.52.107 - - [14/Apr/2025:13:11:27 +0200] "GET /Jurek/eurofirany/images/397061/0.jpg HTTP/2.0" 200 30123 "-" "baselinker"
46.101.116.244 - - [14/Apr/2025:13:11:32 +0200] "GET /Jurek/sartrix/feeds/sartrix_mallsiSH.xml HTTP/2.0" 200 649145 "-" "-"
51.77.52.107 - - [14/Apr/2025:13:11:33 +0200] "GET /Jurek/eurofirany/images/397062/0.jpg HTTP/2.0" 200 46195 "-" "baselinker"
46.101.116.244 - - [14/Apr/2025:13:11:43 +0200] "GET /Jurek/szpaklampy/feeds/szpaklampy_mallsiSH.xml HTTP/2.0" 200 388227 "-" "-"
51.77.52.107 - - [14/Apr/2025:13:11:46 +0200] "GET /Jurek/eurofirany/images/397062/0.jpg HTTP/2.0" 200 46195 "-" "baselinker"
193.33.8.61 - - [14/Apr/2025:13:11:47 +0200] "GET /favicon.ico HTTP/2.0" 404 3551 "https://dkkapusta1997.usermd.net/Jurek/kambukka/output.txt" "Mozilla/5.0 (Windows NT 10.0; Win64; x64) AppleWebKit/537.36 (KHTML, like Gecko) Chrome/135.0.0.0 Safari/537.36"
51.77.52.107 - - [14/Apr/2025:13:11:51 +0200] "GET /Jurek/eurofirany/images/397062/0.jpg HTTP/2.0" 200 46195 "-" "baselinker"
46.101.116.244 - - [14/Apr/2025:13:11:53 +0200] "GET /Jurek/benetech/feeds/benetech_mallsiSH.xml HTTP/2.0" 200 4165304 "-" "-"
162.142.125.41 - - [14/Apr/2025:13:11:59 +0200] "GET / HTTP/1.1" 403 3541 "-" "Mozilla/5.0 (compatible; CensysInspect/1.1; +https://about.censys.io/)"
46.101.116.244 - - [14/Apr/2025:13:12:04 +0200] "GET /Jurek/dekoele/feeds/dekoele_mallsish.xml HTTP/2.0" 200 733934 "-" "-"
51.77.52.107 - - [14/Apr/2025:13:12:05 +0200] "GET /Jurek/eurofirany/images/397063/0.jpg HTTP/2.0" 200 46195 "-" "baselinker"
51.77.52.107 - - [14/Apr/2025:13:12:10 +0200] "GET /Jurek/eurofirany/images/397063/0.jpg HTTP/2.0" 200 46195 "-" "baselinker"
46.101.116.244 - - [14/Apr/2025:13:12:14 +0200] "GET /Jurek/drewdon/feeds/drewdon_mallsish.xml HTTP/2.0" 200 504448 "-" "-"
66.249.64.167 - - [14/Apr/2025:13:12:16 +0200] "GET /Jurek/eurofirany/images/398813/8.jpg HTTP/1.1" 200 93071 "-" "Googlebot-Image/1.0"
51.77.52.107 - - [14/Apr/2025:13:12:17 +0200] "GET /Jurek/eurofirany/images/397063/0.jpg HTTP/2.0" 200 46195 "-" "baselinker"
51.77.52.107 - - [14/Apr/2025:13:12:24 +0200] "GET /Jurek/eurofirany/images/397064/0.jpg HTTP/2.0" 200 46195 "-" "baselinker"
46.101.116.244 - - [14/Apr/2025:13:12:25 +0200] "GET /Jurek/emaja24/feeds/emaja24_mallsiSH.xml HTTP/2.0" 200 5109775 "-" "-"
89.161.206.59 - - [14/Apr/2025:13:12:39 +0200] "GET /Jurek/rosfix/feeds/rosfix_skroutz.xml HTTP/1.0" 200 34055569 "-" "-"
51.77.52.107 - - [14/Apr/2025:13:12:49 +0200] "GET /Jurek/eurofirany/images/397064/0.jpg HTTP/2.0" 200 46195 "-" "baselinker"
62.146.215.33 - - [14/Apr/2025:13:12:49 +0200] "GET /Jurek/topeshop/downloaded_images/5902838464359_KUBABIURKOBRY%C5%81KABIELBOKZM.jpg HTTP/2.0" 404 3551 "-" "billigerbot/1.0"
46.101.116.244 - - [14/Apr/2025:13:12:50 +0200] "GET /Jurek/muminky/feeds/muminky_mallsiSH.xml HTTP/2.0" 200 2677749 "-" "-"
162.142.125.41 - - [14/Apr/2025:13:12:59 +0200] "GET /favicon.ico HTTP/1.1" 403 3541 "-" "Mozilla/5.0 (compatible; CensysInspect/1.1; +https://about.censys.io/)"
46.101.116.244 - - [14/Apr/2025:13:13:01 +0200] "GET /Jurek/pupus/feeds/pupus_mallsiSH.xml HTTP/2.0" 200 6154113 "-" "-"
51.77.52.107 - - [14/Apr/2025:13:13:06 +0200] "GET /Jurek/eurofirany/images/397064/0.jpg HTTP/2.0" 200 46195 "-" "baselinker"
46.101.116.244 - - [14/Apr/2025:13:13:13 +0200] "GET /Jurek/erohurtownia/feeds/erohurtownia_mallsish.xml HTTP/2.0" 200 22846377 "-" "-"
51.77.52.107 - - [14/Apr/2025:13:13:26 +0200] "GET /Jurek/eurofirany/images/397065/0.jpg HTTP/2.0" 200 42257 "-" "baselinker"
51.77.52.107 - - [14/Apr/2025:13:13:40 +0200] "GET /Jurek/eurofirany/images/397065/0.jpg HTTP/2.0" 200 42257 "-" "baselinker"
46.101.116.244 - - [14/Apr/2025:13:13:42 +0200] "GET /Jurek/oromed/feeds/oromed_mallsish.xml HTTP/2.0" 200 1095989 "-" "-"
51.77.52.107 - - [14/Apr/2025:13:13:54 +0200] "GET /Jurek/eurofirany/images/397065/0.jpg HTTP/2.0" 200 42257 "-" "baselinker"
51.77.52.107 - - [14/Apr/2025:13:14:00 +0200] "GET /Jurek/eurofirany/images/397066/0.jpg HTTP/2.0" 200 42257 "-" "baselinker"
46.101.116.244 - - [14/Apr/2025:13:14:10 +0200] "GET /Jurek/urwiskowo/feeds/urwiskowo_mallsish.xml HTTP/2.0" 200 9114914 "-" "-"
46.101.116.244 - - [14/Apr/2025:13:14:23 +0200] "GET /Jurek/eroplace/feeds/eroplace_mallsish.xml HTTP/2.0" 200 52134986 "-" "-"
51.77.52.107 - - [14/Apr/2025:13:14:26 +0200] "GET /Jurek/eurofirany/images/397066/0.jpg HTTP/2.0" 200 42257 "-" "baselinker"
89.161.206.59 - - [14/Apr/2025:13:14:29 +0200] "GET /Jurek/ekolight/feeds/ekolioght_skroutz.xml HTTP/1.0" 200 9052711 "-" "-"
51.77.52.107 - - [14/Apr/2025:13:14:31 +0200] "GET /Jurek/eurofirany/images/397066/0.jpg HTTP/2.0" 200 42257 "-" "baselinker"
46.101.116.244 - - [14/Apr/2025:13:15:08 +0200] "GET /Jurek/bass_new/feeds/bass_mallsish.xml HTTP/2.0" 200 7040788 "-" "-"
46.101.116.244 - - [14/Apr/2025:13:15:22 +0200] "GET /Jurek/ekuchcikowo/feeds/ekuchcikowo_mallsish.xml HTTP/2.0" 200 12471014 "-" "-"
51.77.52.107 - - [14/Apr/2025:13:15:32 +0200] "GET /Jurek/eurofirany/images/397067/0.jpg HTTP/2.0" 200 42257 "-" "baselinker"
46.101.116.244 - - [14/Apr/2025:13:15:33 +0200] "GET /Jurek/sempler/feeds/sempler_mallsish.xml HTTP/2.0" 200 6787978 "-" "-"
51.77.52.107 - - [14/Apr/2025:13:15:38 +0200] "GET /Jurek/eurofirany/images/397067/0.jpg HTTP/2.0" 200 42257 "-" "baselinker"
46.101.116.244 - - [14/Apr/2025:13:15:43 +0200] "GET /Jurek/bass/feeds/bass_mallsish.xml HTTP/2.0" 200 3984354 "-" "-"
51.77.52.107 - - [14/Apr/2025:13:15:54 +0200] "GET /Jurek/eurofirany/images/397067/0.jpg HTTP/2.0" 200 42257 "-" "baselinker"
51.77.52.107 - - [14/Apr/2025:13:16:01 +0200] "GET /Jurek/eurofirany/images/397068/0.jpg HTTP/2.0" 200 42257 "-" "baselinker"
46.101.116.244 - - [14/Apr/2025:13:16:14 +0200] "GET /Jurek/slayo/feeds/slayo_mallsish.xml HTTP/2.0" 200 183615 "-" "-"
193.33.8.61 - - [14/Apr/2025:13:16:17 +0200] "GET /Jurek/amzteam/output.txt HTTP/2.0" 200 7401 "https://konsola.dkkapusta1997.usermd.net/" "Mozilla/5.0 (Windows NT 10.0; Win64; x64) AppleWebKit/537.36 (KHTML, like Gecko) Chrome/135.0.0.0 Safari/537.36"
51.77.52.107 - - [14/Apr/2025:13:16:20 +0200] "GET /Jurek/eurofirany/images/397068/0.jpg HTTP/2.0" 200 42257 "-" "baselinker"
46.101.116.244 - - [14/Apr/2025:13:16:25 +0200] "GET /Jurek/mosti/feeds/mosti_mallsish.xml HTTP/2.0" 200 4628111 "-" "-"
46.101.116.244 - - [14/Apr/2025:13:16:25 +0200] "GET /Jurek/amzteam/feeds/amzteam_mallsish.xml HTTP/2.0" 200 97843 "-" "-"
46.101.116.244 - - [14/Apr/2025:13:16:26 +0200] "GET /Jurek/artdog/feeds/artdog_mallsish.xml HTTP/2.0" 200 17158588 "-" "-"
46.101.116.244 - - [14/Apr/2025:13:16:27 +0200] "GET /Jurek/kambukka/feeds/kambukka_mallsish.xml HTTP/2.0" 200 1021048 "-" "-"
51.77.52.107 - - [14/Apr/2025:13:16:36 +0200] "GET /Jurek/eurofirany/images/397068/0.jpg HTTP/2.0" 200 42257 "-" "baselinker"
66.249.64.165 - - [14/Apr/2025:13:16:36 +0200] "GET /Jurek/topeshop/downloaded_images/5902838467459_szafa-gar-duo0008_allegro_(11).jpg HTTP/1.1" 200 85480 "-" "Googlebot-Image/1.0"
46.101.116.244 - - [14/Apr/2025:13:16:42 +0200] "GET /Jurek/swiatecznygoliat/feeds/swiatecznygoliat_mallsish.xml HTTP/2.0" 200 7054433 "-" "-"
51.77.52.107 - - [14/Apr/2025:13:16:57 +0200] "GET /Jurek/eurofirany/images/397069/0.jpg HTTP/2.0" 200 42257 "-" "baselinker"
51.77.52.107 - - [14/Apr/2025:13:17:15 +0200] "GET /Jurek/eurofirany/images/397069/0.jpg HTTP/2.0" 200 42257 "-" "baselinker"
51.77.52.107 - - [14/Apr/2025:13:17:22 +0200] "GET /Jurek/eurofirany/images/397069/0.jpg HTTP/2.0" 200 42257 "-" "baselinker"
51.77.52.107 - - [14/Apr/2025:13:17:31 +0200] "GET /Jurek/eurofirany/images/397070/0.jpg HTTP/2.0" 200 42257 "-" "baselinker"
66.249.64.166 - - [14/Apr/2025:13:17:41 +0200] "GET /Jurek/eurofirany/images/383362/1.jpg HTTP/1.1" 200 52483 "-" "Googlebot-Image/1.0"
46.101.116.244 - - [14/Apr/2025:13:17:44 +0200] "GET /Jurek/octopia/feeds/octopia_mallsish.xml HTTP/2.0" 200 10103817 "-" "-"
51.77.52.107 - - [14/Apr/2025:13:17:45 +0200] "GET /Jurek/eurofirany/images/397070/0.jpg HTTP/2.0" 200 42257 "-" "baselinker"
51.77.52.107 - - [14/Apr/2025:13:17:50 +0200] "GET /Jurek/eurofirany/images/397070/0.jpg HTTP/2.0" 200 42257 "-" "baselinker"
46.101.116.244 - - [14/Apr/2025:13:18:00 +0200] "GET /Jurek/topeshop/feeds/topeshop_mallsish.xml HTTP/2.0" 200 2633175 "-" "-"
51.77.52.107 - - [14/Apr/2025:13:18:05 +0200] "GET /Jurek/eurofirany/images/397071/0.jpg HTTP/2.0" 200 47634 "-" "baselinker"
51.77.52.107 - - [14/Apr/2025:13:18:27 +0200] "GET /Jurek/eurofirany/images/397071/0.jpg HTTP/2.0" 200 47634 "-" "baselinker"
51.77.52.107 - - [14/Apr/2025:13:18:33 +0200] "GET /Jurek/eurofirany/images/397071/0.jpg HTTP/2.0" 200 47634 "-" "baselinker"
51.77.52.107 - - [14/Apr/2025:13:18:39 +0200] "GET /Jurek/eurofirany/images/397090/0.jpg HTTP/2.0" 200 23563 "-" "baselinker"
66.249.64.165 - - [14/Apr/2025:13:18:46 +0200] "GET /Jurek/eurofirany/images/406521/5.jpg HTTP/1.1" 200 46452 "-" "Googlebot-Image/1.0"
51.77.52.107 - - [14/Apr/2025:13:18:53 +0200] "GET /Jurek/eurofirany/images/397090/0.jpg HTTP/2.0" 200 23563 "-" "baselinker"
31.182.245.53 - maria [14/Apr/2025:13:19:04 +0200] "GET /Filip/janshop_orders/exports/ HTTP/2.0" 200 1749 "-" "Mozilla/5.0 (Windows NT 10.0; Win64; x64) AppleWebKit/537.36 (KHTML, like Gecko) Chrome/135.0.0.0 Safari/537.36"
31.182.245.53 - maria [14/Apr/2025:13:19:05 +0200] "GET /Filip/janshop_orders/exports/ HTTP/2.0" 200 1749 "-" "Mozilla/5.0 (Windows NT 10.0; Win64; x64) AppleWebKit/537.36 (KHTML, like Gecko) Chrome/135.0.0.0 Safari/537.36"
31.182.245.53 - maria [14/Apr/2025:13:19:07 +0200] "GET /Filip/janshop_orders/exports/extra_2025-04-14_12.txt HTTP/2.0" 200 2050 "https://dkkapusta1997.usermd.net/Filip/janshop_orders/exports/" "Mozilla/5.0 (Windows NT 10.0; Win64; x64) AppleWebKit/537.36 (KHTML, like Gecko) Chrome/135.0.0.0 Safari/537.36"
51.77.52.107 - - [14/Apr/2025:13:19:08 +0200] "GET /Jurek/eurofirany/images/397090/0.jpg HTTP/2.0" 200 23563 "-" "baselinker"
51.77.52.107 - - [14/Apr/2025:13:19:13 +0200] "GET /Jurek/eurofirany/images/397091/0.jpg HTTP/2.0" 200 23563 "-" "baselinker"
89.161.206.59 - - [14/Apr/2025:13:19:25 +0200] "GET /Jurek/fertone/feeds/fertone_emagro.xml HTTP/1.0" 200 576599 "-" "-"
51.77.52.107 - - [14/Apr/2025:13:19:31 +0200] "GET /Jurek/eurofirany/images/397091/0.jpg HTTP/2.0" 200 23563 "-" "baselinker"
51.77.52.107 - - [14/Apr/2025:13:19:37 +0200] "GET /Jurek/eurofirany/images/397091/0.jpg HTTP/2.0" 200 23563 "-" "baselinker"
89.161.206.59 - - [14/Apr/2025:13:19:38 +0200] "GET /Jurek/rovato/feeds/rovato_skroutz.xml HTTP/1.0" 200 99166 "-" "-"
51.77.52.107 - - [14/Apr/2025:13:19:43 +0200] "GET /Jurek/eurofirany/images/397092/0.jpg HTTP/2.0" 200 23563 "-" "baselinker"
89.161.206.59 - - [14/Apr/2025:13:19:46 +0200] "GET /Jurek/fertes/feeds/fertes_skr.xml HTTP/1.0" 200 2361800 "-" "-"
46.101.116.244 - - [14/Apr/2025:13:19:50 +0200] "GET /Jurek/intsell/feeds/intsell_emagro.xml HTTP/1.0" 200 342065826 "-" "-"
51.77.52.107 - - [14/Apr/2025:13:20:02 +0200] "GET /Jurek/eurofirany/images/397092/0.jpg HTTP/2.0" 200 23563 "-" "baselinker"
51.77.52.107 - - [14/Apr/2025:13:20:07 +0200] "GET /Jurek/eurofirany/images/397092/0.jpg HTTP/2.0" 200 23563 "-" "baselinker"
89.161.206.59 - - [14/Apr/2025:13:20:13 +0200] "GET /Jurek/wenom/feeds/wenom_emagro.xml HTTP/1.0" 200 583116 "-" "-"
89.161.206.59 - - [14/Apr/2025:13:20:13 +0200] "GET /Jurek/zepnij/feeds/zepnij_emagro.xml HTTP/1.0" 200 19523697 "-" "-"
89.161.206.59 - - [14/Apr/2025:13:20:14 +0200] "GET /Jurek/zenga/feeds/zenga_emagro.xml HTTP/1.0" 200 222863 "-" "-"
89.161.206.59 - - [14/Apr/2025:13:20:15 +0200] "GET /Jurek/euroshop/feeds/euroshop_emagro.xml HTTP/1.0" 200 20026589 "-" "-"
89.161.206.59 - - [14/Apr/2025:13:20:17 +0200] "GET /Jurek/polzoo/feeds/polzoo_emagro.xml HTTP/1.0" 200 48128288 "-" "-"
89.161.206.59 - - [14/Apr/2025:13:20:19 +0200] "GET /Jurek/german/feeds/german_emagro.xml HTTP/1.0" 200 2853977 "-" "-"
51.77.52.107 - - [14/Apr/2025:13:20:19 +0200] "GET /Jurek/eurofirany/images/397095/0.jpg HTTP/2.0" 200 23563 "-" "baselinker"
89.161.206.59 - - [14/Apr/2025:13:20:29 +0200] "GET /Jurek/relogy/feeds/relogy_skroutz.xml HTTP/1.0" 200 66667489 "-" "-"
89.161.206.59 - - [14/Apr/2025:13:20:34 +0200] "GET /Jurek/sklep24amk/feeds/sklep24amk_skroutz.xml HTTP/1.0" 200 3894584 "-" "-"
89.161.206.59 - - [14/Apr/2025:13:20:34 +0200] "GET /Jurek/wezer/feeds/wezer_skroutz.xml HTTP/1.0" 200 202557 "-" "-"
89.161.206.59 - - [14/Apr/2025:13:20:34 +0200] "GET /Jurek/shiori/feeds/shiori_skroutz.xml HTTP/1.0" 200 453644 "-" "-"
89.161.206.59 - - [14/Apr/2025:13:20:36 +0200] "GET /Jurek/bisanti/feeds/bisanti_skroutz.xml HTTP/1.0" 200 1142303 "-" "-"
51.77.52.107 - - [14/Apr/2025:13:20:37 +0200] "GET /Jurek/eurofirany/images/397095/0.jpg HTTP/2.0" 200 23563 "-" "baselinker"
51.77.52.107 - - [14/Apr/2025:13:20:52 +0200] "GET /Jurek/eurofirany/images/397095/0.jpg HTTP/2.0" 200 23563 "-" "baselinker"
66.249.64.165 - - [14/Apr/2025:13:20:57 +0200] "GET /Jurek/eurofirany/images/397112/5.jpg HTTP/1.1" 200 92601 "-" "Googlebot-Image/1.0"
51.77.52.107 - - [14/Apr/2025:13:20:57 +0200] "GET /Jurek/eurofirany/images/397101/0.jpg HTTP/2.0" 200 37466 "-" "baselinker"
3.126.202.245 - - [14/Apr/2025:13:20:59 +0200] "GET /Jurek/topeshop/downloaded_images/5902838460085_1.png HTTP/2.0" 404 3551 "-" "Mozilla/5.0 (Windows NT 10.0; Win64; x64) AppleWebKit/537.36 (KHTML, like Gecko) Chrome/109.0.0.0 Safari/537.36"
51.77.52.107 - - [14/Apr/2025:13:21:03 +0200] "GET /Jurek/eurofirany/images/397101/0.jpg HTTP/2.0" 200 37466 "-" "baselinker"
89.161.206.59 - - [14/Apr/2025:13:21:12 +0200] "GET /Jurek/purewear/feeds/purewear_emagro.xml HTTP/1.0" 200 13354720 "-" "-"
89.161.206.59 - - [14/Apr/2025:13:21:12 +0200] "GET /Jurek/beautycare/feeds/beautycare_emagro.xml HTTP/1.0" 200 1181595 "-" "-"
89.161.206.59 - - [14/Apr/2025:13:21:13 +0200] "GET /Jurek/makow/feeds/makow_emagro.xml HTTP/1.0" 200 21206034 "-" "-"
51.77.52.107 - - [14/Apr/2025:13:21:22 +0200] "GET /Jurek/eurofirany/images/397101/0.jpg HTTP/2.0" 200 37466 "-" "baselinker"
46.101.116.244 - - [14/Apr/2025:13:21:28 +0200] "GET /Jurek/activeshop/feeds/activeshop_mallsish.xml HTTP/2.0" 200 10444866 "-" "-"
51.77.52.107 - - [14/Apr/2025:13:21:29 +0200] "GET /Jurek/eurofirany/images/397102/0.jpg HTTP/2.0" 200 37466 "-" "baselinker"
51.77.52.107 - - [14/Apr/2025:13:21:34 +0200] "GET /Jurek/eurofirany/images/397102/0.jpg HTTP/2.0" 200 37466 "-" "baselinker"
51.77.52.107 - - [14/Apr/2025:13:21:53 +0200] "GET /Jurek/eurofirany/images/397102/0.jpg HTTP/2.0" 200 37466 "-" "baselinker"
66.249.64.167 - - [14/Apr/2025:13:22:02 +0200] "GET /Jurek/eurofirany/images/401271/12.jpg HTTP/1.1" 200 333560 "-" "Googlebot-Image/1.0"
51.77.52.107 - - [14/Apr/2025:13:22:04 +0200] "GET /Jurek/eurofirany/images/397103/0.jpg HTTP/2.0" 200 37466 "-" "baselinker"
51.77.52.107 - - [14/Apr/2025:13:22:19 +0200] "GET /Jurek/eurofirany/images/397103/0.jpg HTTP/2.0" 200 37466 "-" "baselinker"
51.77.52.107 - - [14/Apr/2025:13:22:38 +0200] "GET /Jurek/eurofirany/images/397103/0.jpg HTTP/2.0" 200 37466 "-" "baselinker"
51.77.52.107 - - [14/Apr/2025:13:22:42 +0200] "GET /Jurek/eurofirany/images/397104/0.jpg HTTP/2.0" 200 37466 "-" "baselinker"
51.77.52.107 - - [14/Apr/2025:13:23:03 +0200] "GET /Jurek/eurofirany/images/397104/0.jpg HTTP/2.0" 200 37466 "-" "baselinker"
66.249.64.167 - - [14/Apr/2025:13:23:06 +0200] "GET /Jurek/eurofirany/images/386192/1.jpg HTTP/1.1" 200 78230 "-" "Googlebot-Image/1.0"
51.77.52.107 - - [14/Apr/2025:13:23:09 +0200] "GET /Jurek/eurofirany/images/397104/0.jpg HTTP/2.0" 200 37466 "-" "baselinker"
51.77.52.107 - - [14/Apr/2025:13:23:13 +0200] "GET /Jurek/eurofirany/images/397105/0.jpg HTTP/2.0" 200 37057 "-" "baselinker"
51.77.52.107 - - [14/Apr/2025:13:23:18 +0200] "GET /Jurek/eurofirany/images/397105/0.jpg HTTP/2.0" 200 37057 "-" "baselinker"
51.77.52.107 - - [14/Apr/2025:13:23:32 +0200] "GET /Jurek/eurofirany/images/397105/0.jpg HTTP/2.0" 200 37057 "-" "baselinker"
31.182.245.53 - maria [14/Apr/2025:13:23:36 +0200] "GET /Filip/janshop_orders/exports/ HTTP/2.0" 200 1749 "-" "Mozilla/5.0 (Windows NT 10.0; Win64; x64) AppleWebKit/537.36 (KHTML, like Gecko) Chrome/135.0.0.0 Safari/537.36"
31.182.245.53 - maria [14/Apr/2025:13:23:37 +0200] "GET /Filip/janshop_orders/exports/shumee_2025-04-14_12.txt HTTP/2.0" 200 9042 "https://dkkapusta1997.usermd.net/Filip/janshop_orders/exports/" "Mozilla/5.0 (Windows NT 10.0; Win64; x64) AppleWebKit/537.36 (KHTML, like Gecko) Chrome/135.0.0.0 Safari/537.36"
193.33.8.61 - - [14/Apr/2025:13:23:48 +0200] "GET /Jurek/swiatecznygoliat/output.txt HTTP/2.0" 200 1781 "https://konsola.dkkapusta1997.usermd.net/" "Mozilla/5.0 (Windows NT 10.0; Win64; x64) AppleWebKit/537.36 (KHTML, like Gecko) Chrome/135.0.0.0 Safari/537.36"
51.77.52.107 - - [14/Apr/2025:13:24:00 +0200] "GET /Jurek/eurofirany/images/397106/0.jpg HTTP/2.0" 200 37057 "-" "baselinker"
51.77.52.107 - - [14/Apr/2025:13:24:07 +0200] "GET /Jurek/eurofirany/images/397106/0.jpg HTTP/2.0" 200 37057 "-" "baselinker"
66.249.64.166 - - [14/Apr/2025:13:24:12 +0200] "GET /Jurek/eurofirany/images/390441/9.jpg HTTP/1.1" 200 265023 "-" "Googlebot-Image/1.0"
51.77.52.107 - - [14/Apr/2025:13:24:26 +0200] "GET /Jurek/eurofirany/images/397106/0.jpg HTTP/2.0" 200 37057 "-" "baselinker"
46.101.116.244 - - [14/Apr/2025:13:24:38 +0200] "GET /Jurek/hurtownia_przemyslowa/feeds/hp_mallsish.xml HTTP/2.0" 200 49362576 "-" "-"
51.77.52.107 - - [14/Apr/2025:13:24:44 +0200] "GET /Jurek/eurofirany/images/397107/0.jpg HTTP/2.0" 200 37057 "-" "baselinker"
51.77.52.107 - - [14/Apr/2025:13:25:02 +0200] "GET /Jurek/eurofirany/images/397107/0.jpg HTTP/2.0" 200 37057 "-" "baselinker"
66.249.64.167 - - [14/Apr/2025:13:25:17 +0200] "GET /Jurek/eurofirany/images/422324/9.jpg HTTP/1.1" 200 99689 "-" "Googlebot-Image/1.0"
51.77.52.107 - - [14/Apr/2025:13:25:18 +0200] "GET /Jurek/eurofirany/images/397107/0.jpg HTTP/2.0" 200 37057 "-" "baselinker"
51.77.52.107 - - [14/Apr/2025:13:25:26 +0200] "GET /Jurek/eurofirany/images/397108/0.jpg HTTP/2.0" 200 37057 "-" "baselinker"
193.33.8.61 - - [14/Apr/2025:13:25:30 +0200] "GET /Jurek/ekolight/output.txt HTTP/2.0" 200 11622 "https://konsola.dkkapusta1997.usermd.net/" "Mozilla/5.0 (Windows NT 10.0; Win64; x64) AppleWebKit/537.36 (KHTML, like Gecko) Chrome/135.0.0.0 Safari/537.36"
51.77.52.107 - - [14/Apr/2025:13:25:42 +0200] "GET /Jurek/eurofirany/images/397108/0.jpg HTTP/2.0" 200 37057 "-" "baselinker"
51.77.52.107 - - [14/Apr/2025:13:25:48 +0200] "GET /Jurek/eurofirany/images/397108/0.jpg HTTP/2.0" 200 37057 "-" "baselinker"
34.133.239.145 - - [14/Apr/2025:13:25:50 +0200] "GET /Jurek/topeshop/downloaded_images/5902838461273_2.png HTTP/1.1" 404 3551 "-" "Mozilla/5.0 (X11; Linux x86_64) AppleWebKit/537.36 (KHTML, like Gecko) Chrome/110.0.0.0 Safari/537.36"
34.133.239.145 - - [14/Apr/2025:13:25:51 +0200] "GET /Jurek/topeshop/downloaded_images/5902838461266_3.png HTTP/1.1" 404 3551 "-" "Mozilla/5.0 (X11; Linux x86_64) AppleWebKit/537.36 (KHTML, like Gecko) Chrome/110.0.0.0 Safari/537.36"
34.72.247.156 - - [14/Apr/2025:13:25:55 +0200] "GET /Jurek/topeshop/downloaded_images/5902838461266_3.png HTTP/1.1" 404 3551 "-" "Mozilla/5.0 (X11; Linux x86_64) AppleWebKit/537.36 (KHTML, like Gecko) Chrome/110.0.0.0 Safari/537.36"
34.133.239.145 - - [14/Apr/2025:13:25:56 +0200] "GET /Jurek/topeshop/downloaded_images/5902838461273_2.png HTTP/1.1" 404 3551 "-" "Mozilla/5.0 (X11; Linux x86_64) AppleWebKit/537.36 (KHTML, like Gecko) Chrome/110.0.0.0 Safari/537.36"
34.133.239.145 - - [14/Apr/2025:13:25:59 +0200] "GET /Jurek/topeshop/downloaded_images/5902838461266_3.png HTTP/1.1" 404 3551 "-" "Mozilla/5.0 (X11; Linux x86_64) AppleWebKit/537.36 (KHTML, like Gecko) Chrome/110.0.0.0 Safari/537.36"
46.101.116.244 - - [14/Apr/2025:13:26:03 +0200] "GET /Jurek/action/feeds/action_mallsish.xml HTTP/2.0" 200 60202569 "-" "-"
209.163.119.61 - - [14/Apr/2025:13:26:03 +0200] "GET /Jurek/topeshop/downloaded_images/5902838461273_2.png HTTP/2.0" 404 3551 "-" "Mozilla/5.0 (X11; Linux x86_64) AppleWebKit/537.36 (KHTML, like Gecko) Chrome/110.0.0.0 Safari/537.36"
51.77.52.107 - - [14/Apr/2025:13:26:04 +0200] "GET /Jurek/eurofirany/images/397109/0.jpg HTTP/2.0" 200 37057 "-" "baselinker"
199.34.90.47 - - [14/Apr/2025:13:26:06 +0200] "GET /Jurek/topeshop/downloaded_images/5902838461266_3.png HTTP/2.0" 404 3551 "-" "Mozilla/5.0 (X11; Linux x86_64) AppleWebKit/537.36 (KHTML, like Gecko) Chrome/110.0.0.0 Safari/537.36"
51.77.52.107 - - [14/Apr/2025:13:26:09 +0200] "GET /Jurek/eurofirany/images/397109/0.jpg HTTP/2.0" 200 37057 "-" "baselinker"
67.226.219.48 - - [14/Apr/2025:13:26:12 +0200] "GET /Jurek/topeshop/downloaded_images/5902838461273_2.png HTTP/2.0" 404 3551 "-" "Mozilla/5.0 (X11; Linux x86_64) AppleWebKit/537.36 (KHTML, like Gecko) Chrome/110.0.0.0 Safari/537.36"
34.72.247.156 - - [14/Apr/2025:13:26:14 +0200] "GET /Jurek/topeshop/downloaded_images/5902838461273_3.png HTTP/1.1" 404 3551 "-" "Mozilla/5.0 (X11; Linux x86_64) AppleWebKit/537.36 (KHTML, like Gecko) Chrome/110.0.0.0 Safari/537.36"
34.133.239.145 - - [14/Apr/2025:13:26:15 +0200] "GET /Jurek/topeshop/downloaded_images/5902838461266_2.png HTTP/1.1" 404 3551 "-" "Mozilla/5.0 (X11; Linux x86_64) AppleWebKit/537.36 (KHTML, like Gecko) Chrome/110.0.0.0 Safari/537.36"
34.72.247.156 - - [14/Apr/2025:13:26:16 +0200] "GET /Jurek/topeshop/downloaded_images/5902838461273_3.png HTTP/1.1" 404 3551 "-" "Mozilla/5.0 (X11; Linux x86_64) AppleWebKit/537.36 (KHTML, like Gecko) Chrome/110.0.0.0 Safari/537.36"
34.72.247.156 - - [14/Apr/2025:13:26:21 +0200] "GET /Jurek/topeshop/downloaded_images/5902838461273_3.png HTTP/1.1" 404 3551 "-" "Mozilla/5.0 (X11; Linux x86_64) AppleWebKit/537.36 (KHTML, like Gecko) Chrome/110.0.0.0 Safari/537.36"
34.133.239.145 - - [14/Apr/2025:13:26:21 +0200] "GET /Jurek/topeshop/downloaded_images/5902838461266_2.png HTTP/1.1" 404 3551 "-" "Mozilla/5.0 (X11; Linux x86_64) AppleWebKit/537.36 (KHTML, like Gecko) Chrome/110.0.0.0 Safari/537.36"
51.77.52.107 - - [14/Apr/2025:13:26:23 +0200] "GET /Jurek/eurofirany/images/397109/0.jpg HTTP/2.0" 200 37057 "-" "baselinker"
130.44.201.130 - - [14/Apr/2025:13:26:28 +0200] "GET /Jurek/topeshop/downloaded_images/5902838461273_3.png HTTP/2.0" 404 3551 "-" "Mozilla/5.0 (X11; Linux x86_64) AppleWebKit/537.36 (KHTML, like Gecko) Chrome/110.0.0.0 Safari/537.36"
130.44.203.201 - - [14/Apr/2025:13:26:28 +0200] "GET /Jurek/topeshop/downloaded_images/5902838461266_2.png HTTP/2.0" 404 3551 "-" "Mozilla/5.0 (X11; Linux x86_64) AppleWebKit/537.36 (KHTML, like Gecko) Chrome/110.0.0.0 Safari/537.36"
46.101.116.244 - - [14/Apr/2025:13:26:29 +0200] "GET /Jurek/eurofirany/feeds/eurofirany_erli.xml HTTP/1.0" 200 19321454 "-" "-"
170.199.227.144 - - [14/Apr/2025:13:26:37 +0200] "GET /Jurek/topeshop/downloaded_images/5902838461266_2.png HTTP/2.0" 404 3551 "-" "Mozilla/5.0 (X11; Linux x86_64) AppleWebKit/537.36 (KHTML, like Gecko) Chrome/110.0.0.0 Safari/537.36"
149.20.241.102 - - [14/Apr/2025:13:26:38 +0200] "GET /Jurek/topeshop/downloaded_images/5902838461273_3.png HTTP/2.0" 404 3551 "-" "Mozilla/5.0 (X11; Linux x86_64) AppleWebKit/537.36 (KHTML, like Gecko) Chrome/110.0.0.0 Safari/537.36"
51.77.52.107 - - [14/Apr/2025:13:26:39 +0200] "GET /Jurek/eurofirany/images/397110/0.jpg HTTP/2.0" 200 37057 "-" "baselinker"
51.77.52.107 - - [14/Apr/2025:13:26:46 +0200] "GET /Jurek/eurofirany/images/397110/0.jpg HTTP/2.0" 200 37057 "-" "baselinker"
51.77.52.107 - - [14/Apr/2025:13:26:52 +0200] "GET /Jurek/eurofirany/images/397110/0.jpg HTTP/2.0" 200 37057 "-" "baselinker"
51.77.52.107 - - [14/Apr/2025:13:26:56 +0200] "GET /Jurek/eurofirany/images/397111/0.jpg HTTP/2.0" 200 40976 "-" "baselinker"
51.77.52.107 - - [14/Apr/2025:13:27:02 +0200] "GET /Jurek/eurofirany/images/397111/0.jpg HTTP/2.0" 200 40976 "-" "baselinker"
51.77.52.107 - - [14/Apr/2025:13:27:06 +0200] "GET /Jurek/eurofirany/images/397111/0.jpg HTTP/2.0" 200 40976 "-" "baselinker"
51.77.52.107 - - [14/Apr/2025:13:27:11 +0200] "GET /Jurek/eurofirany/images/397112/0.jpg HTTP/2.0" 200 40976 "-" "baselinker"
51.77.52.107 - - [14/Apr/2025:13:27:17 +0200] "GET /Jurek/eurofirany/images/397112/0.jpg HTTP/2.0" 200 40976 "-" "baselinker"
193.33.8.61 - - [14/Apr/2025:13:27:28 +0200] "GET /Jurek/benetech/output.txt HTTP/2.0" 200 22419 "https://konsola.dkkapusta1997.usermd.net/" "Mozilla/5.0 (Windows NT 10.0; Win64; x64) AppleWebKit/537.36 (KHTML, like Gecko) Chrome/135.0.0.0 Safari/537.36"
51.77.52.107 - - [14/Apr/2025:13:27:31 +0200] "GET /Jurek/eurofirany/images/397112/0.jpg HTTP/2.0" 200 40976 "-" "baselinker"
51.77.52.107 - - [14/Apr/2025:13:27:38 +0200] "GET /Jurek/eurofirany/images/397113/0.jpg HTTP/2.0" 200 40976 "-" "baselinker"
34.133.239.145 - - [14/Apr/2025:13:27:41 +0200] "GET /Jurek/topeshop/downloaded_images/5902838463741_20st_open.jpg HTTP/1.1" 404 3551 "-" "Mozilla/5.0 (X11; Linux x86_64) AppleWebKit/537.36 (KHTML, like Gecko) Chrome/110.0.0.0 Safari/537.36"
51.77.52.107 - - [14/Apr/2025:13:27:43 +0200] "GET /Jurek/eurofirany/images/397113/0.jpg HTTP/2.0" 200 40976 "-" "baselinker"
34.72.247.156 - - [14/Apr/2025:13:27:45 +0200] "GET /Jurek/topeshop/downloaded_images/5902838463741_20st_open.jpg HTTP/1.1" 404 3551 "-" "Mozilla/5.0 (X11; Linux x86_64) AppleWebKit/537.36 (KHTML, like Gecko) Chrome/110.0.0.0 Safari/537.36"
51.77.52.107 - - [14/Apr/2025:13:27:59 +0200] "GET /Jurek/eurofirany/images/397113/0.jpg HTTP/2.0" 200 40976 "-" "baselinker"
34.72.247.156 - - [14/Apr/2025:13:28:04 +0200] "GET /Jurek/topeshop/downloaded_images/5902838463741_20st_close.jpg HTTP/1.1" 404 3551 "-" "Mozilla/5.0 (X11; Linux x86_64) AppleWebKit/537.36 (KHTML, like Gecko) Chrome/110.0.0.0 Safari/537.36"
51.77.52.107 - - [14/Apr/2025:13:28:04 +0200] "GET /Jurek/eurofirany/images/397114/0.jpg HTTP/2.0" 200 40976 "-" "baselinker"
34.133.239.145 - - [14/Apr/2025:13:28:07 +0200] "GET /Jurek/topeshop/downloaded_images/5902838463741_20st_close.jpg HTTP/1.1" 404 3551 "-" "Mozilla/5.0 (X11; Linux x86_64) AppleWebKit/537.36 (KHTML, like Gecko) Chrome/110.0.0.0 Safari/537.36"
34.133.239.145 - - [14/Apr/2025:13:28:11 +0200] "GET /Jurek/topeshop/downloaded_images/5902838463741_20st_close.jpg HTTP/1.1" 404 3551 "-" "Mozilla/5.0 (X11; Linux x86_64) AppleWebKit/537.36 (KHTML, like Gecko) Chrome/110.0.0.0 Safari/537.36"
89.161.206.59 - - [14/Apr/2025:13:28:11 +0200] "GET /Jurek/filmal/feeds/filmal_aliex.xml HTTP/1.0" 200 139293 "-" "-"
89.161.206.59 - - [14/Apr/2025:13:28:12 +0200] "GET /Jurek/sovapl/feeds/sovapl_aliex.xml HTTP/1.0" 200 9002777 "-" "-"
89.161.206.59 - - [14/Apr/2025:13:28:13 +0200] "GET /Jurek/riko/feeds/riko_aliex.xml HTTP/1.0" 200 3786214 "-" "-"
89.161.206.59 - - [14/Apr/2025:13:28:14 +0200] "GET /Jurek/gandalf/feeds/gandalf_aliex.xml HTTP/1.0" 200 1082570 "-" "-"
89.161.206.59 - - [14/Apr/2025:13:28:14 +0200] "GET /Jurek/andex/feeds/andex_aliex.xml HTTP/1.0" 200 1953945 "-" "-"
89.161.206.59 - - [14/Apr/2025:13:28:14 +0200] "GET /Jurek/sebmart/feeds/sebmart_aliex.xml HTTP/1.0" 200 1599106 "-" "-"
89.161.206.59 - - [14/Apr/2025:13:28:14 +0200] "GET /Jurek/bemipol/feeds/bemipol_aliex.xml HTTP/1.0" 200 423685 "-" "-"
89.161.206.59 - - [14/Apr/2025:13:28:15 +0200] "GET /Jurek/tsjerzy/feeds/tsjerzy_aliex.xml HTTP/1.0" 200 3899782 "-" "-"
89.161.206.59 - - [14/Apr/2025:13:28:15 +0200] "GET /Jurek/equalo/feeds/equalo_aliex.xml HTTP/1.0" 200 98019 "-" "-"
89.161.206.59 - - [14/Apr/2025:13:28:15 +0200] "GET /Jurek/newtechele/feeds/newtechele_aliex.xml HTTP/1.0" 200 2438724 "-" "-"
89.161.206.59 - - [14/Apr/2025:13:28:16 +0200] "GET /Jurek/nonabox/feeds/nonabox_aliex.xml HTTP/1.0" 200 33874 "-" "-"
89.161.206.59 - - [14/Apr/2025:13:28:16 +0200] "GET /Jurek/amzteam/feeds/amzteam_aliex.xml HTTP/1.0" 200 97912 "-" "-"
51.77.52.107 - - [14/Apr/2025:13:28:17 +0200] "GET /Jurek/eurofirany/images/397114/0.jpg HTTP/2.0" 200 40976 "-" "baselinker"
104.252.30.44 - - [14/Apr/2025:13:28:18 +0200] "GET /Jurek/topeshop/downloaded_images/5902838463741_20st_close.jpg HTTP/2.0" 404 3551 "-" "Mozilla/5.0 (X11; Linux x86_64) AppleWebKit/537.36 (KHTML, like Gecko) Chrome/110.0.0.0 Safari/537.36"
51.77.52.107 - - [14/Apr/2025:13:28:21 +0200] "GET /Jurek/eurofirany/images/397114/0.jpg HTTP/2.0" 200 40976 "-" "baselinker"
51.77.52.107 - - [14/Apr/2025:13:28:26 +0200] "GET /Jurek/eurofirany/images/397115/0.jpg HTTP/2.0" 200 40976 "-" "baselinker"
170.199.229.149 - - [14/Apr/2025:13:28:30 +0200] "GET /Jurek/topeshop/downloaded_images/5902838463741_20st_close.jpg HTTP/2.0" 404 3551 "-" "Mozilla/5.0 (X11; Linux x86_64) AppleWebKit/537.36 (KHTML, like Gecko) Chrome/110.0.0.0 Safari/537.36"
51.77.52.107 - - [14/Apr/2025:13:28:31 +0200] "GET /Jurek/eurofirany/images/397115/0.jpg HTTP/2.0" 200 40976 "-" "baselinker"
66.249.64.167 - - [14/Apr/2025:13:28:32 +0200] "GET /Jurek/eurofirany/images/367111/2.jpg HTTP/1.1" 200 56699 "-" "Googlebot-Image/1.0"
51.77.52.107 - - [14/Apr/2025:13:28:39 +0200] "GET /Jurek/eurofirany/images/397115/0.jpg HTTP/2.0" 200 40976 "-" "baselinker"
46.101.116.244 - - [14/Apr/2025:13:28:39 +0200] "GET /Jurek/beliani/feeds/beliani_si_mallsi.xml HTTP/2.0" 200 31199361 "-" "-"
51.77.52.107 - - [14/Apr/2025:13:28:58 +0200] "GET /Jurek/eurofirany/images/397116/0.jpg HTTP/2.0" 200 40976 "-" "baselinker"
51.77.52.107 - - [14/Apr/2025:13:29:12 +0200] "GET /Jurek/eurofirany/images/397116/0.jpg HTTP/2.0" 200 40976 "-" "baselinker"
51.77.52.107 - - [14/Apr/2025:13:29:18 +0200] "GET /Jurek/eurofirany/images/397116/0.jpg HTTP/2.0" 200 40976 "-" "baselinker"
51.77.52.107 - - [14/Apr/2025:13:29:23 +0200] "GET /Jurek/eurofirany/images/397117/0.jpg HTTP/2.0" 200 40976 "-" "baselinker"
66.249.64.166 - - [14/Apr/2025:13:29:37 +0200] "GET /Jurek/eurofirany/images/391360/1.jpg HTTP/1.1" 200 64041 "-" "Googlebot-Image/1.0"
51.77.52.107 - - [14/Apr/2025:13:29:37 +0200] "GET /Jurek/eurofirany/images/397117/0.jpg HTTP/2.0" 200 40976 "-" "baselinker"
46.101.116.244 - - [14/Apr/2025:13:29:47 +0200] "GET /Jurek/rovicky/feeds/rovicky_mallsish.xml HTTP/2.0" 200 15068074 "-" "-"
34.133.239.145 - - [14/Apr/2025:13:29:54 +0200] "GET /Jurek/topeshop/downloaded_images/5902838466681_1.png HTTP/1.1" 404 3551 "-" "Mozilla/5.0 (X11; Linux x86_64) AppleWebKit/537.36 (KHTML, like Gecko) Chrome/110.0.0.0 Safari/537.36"
51.77.52.107 - - [14/Apr/2025:13:29:55 +0200] "GET /Jurek/eurofirany/images/397117/0.jpg HTTP/2.0" 200 40976 "-" "baselinker"
51.77.52.107 - - [14/Apr/2025:13:29:57 +0200] "GET /Jurek/eurofirany/images/409411/0.jpg HTTP/2.0" 200 18565 "-" "baselinker"
46.101.116.244 - - [14/Apr/2025:13:29:58 +0200] "GET /Jurek/detian/feeds/detian_mallsish.xml HTTP/2.0" 404 3551 "-" "-"
34.72.247.156 - - [14/Apr/2025:13:30:01 +0200] "GET /Jurek/topeshop/downloaded_images/5902838466681_1.png HTTP/1.1" 404 3551 "-" "Mozilla/5.0 (X11; Linux x86_64) AppleWebKit/537.36 (KHTML, like Gecko) Chrome/110.0.0.0 Safari/537.36"
51.77.52.107 - - [14/Apr/2025:13:30:03 +0200] "GET /Jurek/eurofirany/images/409411/0.jpg HTTP/2.0" 200 18565 "-" "baselinker"
170.199.227.144 - - [14/Apr/2025:13:30:07 +0200] "GET /Jurek/topeshop/downloaded_images/5902838466681_1.png HTTP/2.0" 404 3551 "-" "Mozilla/5.0 (X11; Linux x86_64) AppleWebKit/537.36 (KHTML, like Gecko) Chrome/110.0.0.0 Safari/537.36"
46.101.116.244 - - [14/Apr/2025:13:30:09 +0200] "GET /Jurek/ikonka/feeds/ikonka_mallsish.xml HTTP/2.0" 200 22186579 "-" "-"
51.77.52.107 - - [14/Apr/2025:13:30:10 +0200] "GET /Jurek/eurofirany/images/409411/0.jpg HTTP/2.0" 200 18565 "-" "baselinker"
51.77.52.107 - - [14/Apr/2025:13:30:14 +0200] "GET /Jurek/eurofirany/images/409412/0.jpg HTTP/2.0" 200 29127 "-" "baselinker"
207.182.30.65 - - [14/Apr/2025:13:30:16 +0200] "GET /Jurek/topeshop/downloaded_images/5902838466681_1.png HTTP/2.0" 404 3551 "-" "Mozilla/5.0 (X11; Linux x86_64) AppleWebKit/537.36 (KHTML, like Gecko) Chrome/110.0.0.0 Safari/537.36"
34.133.239.145 - - [14/Apr/2025:13:30:17 +0200] "GET /Jurek/topeshop/downloaded_images/5902838466681_3.png HTTP/1.1" 404 3551 "-" "Mozilla/5.0 (X11; Linux x86_64) AppleWebKit/537.36 (KHTML, like Gecko) Chrome/110.0.0.0 Safari/537.36"
34.72.247.156 - - [14/Apr/2025:13:30:20 +0200] "GET /Jurek/topeshop/downloaded_images/5902838466681_3.png HTTP/1.1" 404 3551 "-" "Mozilla/5.0 (X11; Linux x86_64) AppleWebKit/537.36 (KHTML, like Gecko) Chrome/110.0.0.0 Safari/537.36"
89.161.206.59 - - [14/Apr/2025:13:30:21 +0200] "GET /Jurek/proadventure/feeds/proadventure_skr.xml HTTP/1.0" 200 10763551 "-" "-"
89.161.206.59 - - [14/Apr/2025:13:30:23 +0200] "GET /Jurek/bloomglow/feeds/bloomglow_skr.xml HTTP/1.0" 200 13214477 "-" "-"
34.72.247.156 - - [14/Apr/2025:13:30:25 +0200] "GET /Jurek/topeshop/downloaded_images/5902838466681_3.png HTTP/1.1" 404 3551 "-" "Mozilla/5.0 (X11; Linux x86_64) AppleWebKit/537.36 (KHTML, like Gecko) Chrome/110.0.0.0 Safari/537.36"
46.101.116.244 - - [14/Apr/2025:13:30:27 +0200] "GET /Jurek/candellux/feeds/candellux_mallsish.xml HTTP/2.0" 200 465720 "-" "-"
167.160.75.21 - - [14/Apr/2025:13:30:32 +0200] "GET /Jurek/topeshop/downloaded_images/5902838466681_3.png HTTP/2.0" 404 3551 "-" "Mozilla/5.0 (X11; Linux x86_64) AppleWebKit/537.36 (KHTML, like Gecko) Chrome/110.0.0.0 Safari/537.36"
51.77.52.107 - - [14/Apr/2025:13:30:34 +0200] "GET /Jurek/eurofirany/images/409412/0.jpg HTTP/2.0" 200 29127 "-" "baselinker"
46.101.116.244 - - [14/Apr/2025:13:30:38 +0200] "GET /Jurek/andex/feeds/andex_mallslsh.xml HTTP/2.0" 200 1953451 "-" "-"
51.77.52.107 - - [14/Apr/2025:13:30:39 +0200] "GET /Jurek/eurofirany/images/409412/0.jpg HTTP/2.0" 200 29127 "-" "baselinker"
166.88.125.135 - - [14/Apr/2025:13:30:40 +0200] "GET /Jurek/topeshop/downloaded_images/5902838466681_3.png HTTP/2.0" 404 3551 "-" "Mozilla/5.0 (X11; Linux x86_64) AppleWebKit/537.36 (KHTML, like Gecko) Chrome/110.0.0.0 Safari/537.36"
66.249.64.167 - - [14/Apr/2025:13:30:42 +0200] "GET /Jurek/eurofirany/images/396259/5.jpg HTTP/1.1" 200 41141 "-" "Googlebot-Image/1.0"
46.101.116.244 - - [14/Apr/2025:13:30:49 +0200] "GET /Jurek/chemex/feeds/chemex_mallsish.xml HTTP/2.0" 200 47809880 "-" "-"
51.77.52.107 - - [14/Apr/2025:13:30:51 +0200] "GET /Jurek/eurofirany/images/409413/0.jpg HTTP/2.0" 200 29127 "-" "baselinker"
89.161.206.59 - - [14/Apr/2025:13:30:59 +0200] "GET /Jurek/bass/feeds/bass_amazones.xml HTTP/1.0" 200 3984581 "-" "-"
89.161.206.59 - - [14/Apr/2025:13:30:59 +0200] "GET /Jurek/bass/feeds/bass_amazonse.xml HTTP/1.0" 200 3986186 "-" "-"
89.161.206.59 - - [14/Apr/2025:13:31:00 +0200] "GET /Jurek/rems/feeds/rems_skr.xml HTTP/1.0" 200 8706218 "-" "-"
51.77.52.107 - - [14/Apr/2025:13:31:04 +0200] "GET /Jurek/eurofirany/images/409413/0.jpg HTTP/2.0" 200 29127 "-" "baselinker"
46.101.116.244 - - [14/Apr/2025:13:31:05 +0200] "GET /Jurek/aw/feeds/awnarzedzia_mallsish.xml HTTP/2.0" 200 90548429 "-" "-"
51.77.52.107 - - [14/Apr/2025:13:31:12 +0200] "GET /Jurek/eurofirany/images/409413/0.jpg HTTP/2.0" 200 29127 "-" "baselinker"
89.161.206.59 - - [14/Apr/2025:13:31:21 +0200] "GET /Jurek/kambukka/feeds/kambukka_amazonfr.xml HTTP/1.0" 200 1021382 "-" "-"
89.161.206.59 - - [14/Apr/2025:13:31:22 +0200] "GET /Jurek/kambukka/feeds/kambukka_amazonit.xml HTTP/1.0" 200 1021383 "-" "-"
51.77.52.107 - - [14/Apr/2025:13:31:22 +0200] "GET /Jurek/eurofirany/images/409416/0.jpg HTTP/2.0" 200 22943 "-" "baselinker"
193.33.8.61 - - [14/Apr/2025:13:31:22 +0200] "GET /Jurek/fertone/output.txt HTTP/2.0" 200 1294697 "https://konsola.dkkapusta1997.usermd.net/" "Mozilla/5.0 (Windows NT 10.0; Win64; x64) AppleWebKit/537.36 (KHTML, like Gecko) Chrome/135.0.0.0 Safari/537.36"
89.161.206.59 - - [14/Apr/2025:13:31:22 +0200] "GET /Jurek/kambukka/feeds/kambukka_amazones.xml HTTP/1.0" 200 1021380 "-" "-"
89.161.206.59 - - [14/Apr/2025:13:31:22 +0200] "GET /Jurek/kambukka/feeds/kambukka_amazonnl.xml HTTP/1.0" 200 1021365 "-" "-"
89.161.206.59 - - [14/Apr/2025:13:31:23 +0200] "GET /Jurek/kambukka/feeds/kambukka_amazonse.xml HTTP/1.0" 200 1021647 "-" "-"
89.161.206.59 - - [14/Apr/2025:13:31:24 +0200] "GET /Jurek/hdwr/feeds/hdwr_amazonse.xml HTTP/1.0" 200 789697 "-" "-"
51.77.52.107 - - [14/Apr/2025:13:31:31 +0200] "GET /Jurek/eurofirany/images/409416/0.jpg HTTP/2.0" 200 22943 "-" "baselinker"
46.101.116.244 - - [14/Apr/2025:13:31:36 +0200] "GET /Jurek/aw/feeds/aw_fnacfr.xml HTTP/1.0" 404 3551 "-" "-"
66.135.223.40 - - [14/Apr/2025:13:31:42 +0200] "GET /Jurek/topeshop/downloaded_images/5904507209674_PROFIL.jpg HTTP/1.1" 200 74049 "-" "Java/17.0.13.0.101"
66.249.64.166 - - [14/Apr/2025:13:31:47 +0200] "GET /Jurek/eurofirany/images/422324/2.jpg HTTP/1.1" 200 89251 "-" "Googlebot-Image/1.0"
89.161.206.59 - - [14/Apr/2025:13:31:47 +0200] "GET /Jurek/sportprise/feeds/sportprise_amazonde.xml HTTP/1.0" 200 11782461 "-" "-"
51.77.52.107 - - [14/Apr/2025:13:31:48 +0200] "GET /Jurek/eurofirany/images/409416/0.jpg HTTP/2.0" 200 22943 "-" "baselinker"
89.161.206.59 - - [14/Apr/2025:13:31:49 +0200] "GET /Jurek/nexus/feeds/nexus_amazonde.xml HTTP/1.0" 200 226643 "-" "-"
51.77.52.107 - - [14/Apr/2025:13:31:53 +0200] "GET /Jurek/eurofirany/images/428732/0.jpg HTTP/2.0" 200 101564 "-" "baselinker"
51.77.52.107 - - [14/Apr/2025:13:32:10 +0200] "GET /Jurek/eurofirany/images/428732/0.jpg HTTP/2.0" 200 101564 "-" "baselinker"
51.77.52.107 - - [14/Apr/2025:13:32:26 +0200] "GET /Jurek/eurofirany/images/428732/0.jpg HTTP/2.0" 200 101564 "-" "baselinker"
51.77.52.107 - - [14/Apr/2025:13:32:47 +0200] "GET /Jurek/eurofirany/images/438590/0.jpg HTTP/2.0" 200 81235 "-" "baselinker"
46.101.116.244 - - [14/Apr/2025:13:32:49 +0200] "GET /Jurek/barbecook/feeds/barbecook_mallslsh.xml HTTP/2.0" 200 87532 "-" "-"
46.101.116.244 - - [14/Apr/2025:13:32:59 +0200] "GET /Jurek/duka/feeds/duka_mallslsh.xml HTTP/2.0" 200 57 "-" "-"
51.77.52.107 - - [14/Apr/2025:13:33:00 +0200] "GET /Jurek/eurofirany/images/438590/0.jpg HTTP/2.0" 200 81235 "-" "baselinker"
46.101.116.244 - - [14/Apr/2025:13:33:10 +0200] "GET /Jurek/miloohome/feeds/miloohome_mallsish.xml HTTP/2.0" 200 1421025 "-" "-"
51.77.52.107 - - [14/Apr/2025:13:33:19 +0200] "GET /Jurek/eurofirany/images/438590/0.jpg HTTP/2.0" 200 81235 "-" "baselinker"
46.101.116.244 - - [14/Apr/2025:13:33:20 +0200] "GET /Jurek/stema/feeds/stema_mallslsh.xml HTTP/2.0" 200 851956 "-" "-"
46.101.116.244 - - [14/Apr/2025:13:33:31 +0200] "GET /Jurek/fernity/feeds/fernity_mallslsh.xml HTTP/2.0" 200 4796654 "-" "-"
51.77.52.107 - - [14/Apr/2025:13:33:36 +0200] "GET /Jurek/eurofirany/images/409415/0.jpg HTTP/2.0" 200 45924 "-" "baselinker"
51.77.52.107 - - [14/Apr/2025:13:33:45 +0200] "GET /Jurek/eurofirany/images/409415/0.jpg HTTP/2.0" 200 45924 "-" "baselinker"
51.77.52.107 - - [14/Apr/2025:13:33:51 +0200] "GET /Jurek/eurofirany/images/409415/0.jpg HTTP/2.0" 200 45924 "-" "baselinker"
46.101.116.244 - - [14/Apr/2025:13:33:55 +0200] "GET /Jurek/kinghoff/feeds/kinghoff_mallslsh.xml HTTP/2.0" 200 15489350 "-" "-"
66.249.64.166 - - [14/Apr/2025:13:33:57 +0200] "GET /Jurek/eurofirany/images/315117/5.jpg HTTP/1.1" 200 113623 "-" "Googlebot-Image/1.0"
89.161.206.59 - - [14/Apr/2025:13:34:04 +0200] "GET /Jurek/sportprise/feeds/sportprise_emagro.xml HTTP/1.0" 200 12727714 "-" "-"
89.161.206.59 - - [14/Apr/2025:13:34:05 +0200] "GET /Jurek/elavia/feeds/elavia_emagro.xml HTTP/1.0" 200 2497405 "-" "-"
89.161.206.59 - - [14/Apr/2025:13:34:07 +0200] "GET /Jurek/zbimatyja/feeds/zbimatyja_emagro.xml HTTP/1.0" 200 11671721 "-" "-"
89.161.206.59 - - [14/Apr/2025:13:34:08 +0200] "GET /Jurek/rosfix/feeds/rosfix_emagro.xml HTTP/1.0" 200 35770985 "-" "-"
89.161.206.59 - - [14/Apr/2025:13:34:09 +0200] "GET /Jurek/broers/feeds/broers_emagro.xml HTTP/1.0" 200 1982916 "-" "-"
46.101.116.244 - - [14/Apr/2025:13:34:14 +0200] "GET /Jurek/kinghome/feeds/kinghome_mallslsh.xml HTTP/2.0" 200 6003381 "-" "-"
46.101.116.244 - - [14/Apr/2025:13:34:26 +0200] "GET /Jurek/vivaldi/feeds/vivaldi_Mall-slsh.xml HTTP/2.0" 200 344659 "-" "-"
46.101.116.244 - - [14/Apr/2025:13:34:36 +0200] "GET /Jurek/eurofirany/feeds/eurofirany_mall_si_shumee.xml HTTP/2.0" 200 19317781 "-" "-"
51.77.52.107 - - [14/Apr/2025:13:34:52 +0200] "GET /Jurek/eurofirany/images/441929/0.jpg HTTP/2.0" 200 33 "-" "baselinker"
51.77.52.107 - - [14/Apr/2025:13:34:53 +0200] "GET /Jurek/eurofirany/images/441929/0.jpg HTTP/2.0" 200 33 "-" "baselinker"
51.77.52.107 - - [14/Apr/2025:13:34:54 +0200] "GET /Jurek/eurofirany/images/441929/0.jpg HTTP/2.0" 200 33 "-" "baselinker"
51.77.52.107 - - [14/Apr/2025:13:34:55 +0200] "GET /Jurek/eurofirany/images/448513/0.jpg HTTP/2.0" 200 136571 "-" "baselinker"
89.161.206.59 - - [14/Apr/2025:13:35:11 +0200] "GET /Jurek/fertone/feeds/fertone_skroutz.xml HTTP/1.0" 200 576486 "-" "-"
52.18.22.0 - - [14/Apr/2025:13:35:17 +0200] "GET /marketplaces/worten2/results/worten.csv HTTP/1.1" 200 147217 "-" "Mirakl HttpClient"
89.161.206.59 - - [14/Apr/2025:13:35:18 +0200] "GET /Jurek/galopi/feeds/galopi_emagro.xml HTTP/1.0" 200 2111327 "-" "-"
89.161.206.59 - - [14/Apr/2025:13:35:19 +0200] "GET /Jurek/omi/feeds/omi_emagro.xml HTTP/1.0" 200 8106295 "-" "-"
89.161.206.59 - - [14/Apr/2025:13:35:20 +0200] "GET /Jurek/sebmart/feeds/sebmart_emagro.xml HTTP/1.0" 200 1599098 "-" "-"
89.161.206.59 - - [14/Apr/2025:13:35:20 +0200] "GET /Jurek/tsjerzy/feeds/tsjerzy_emagro.xml HTTP/1.0" 200 3900014 "-" "-"
89.161.206.59 - - [14/Apr/2025:13:35:20 +0200] "GET /Jurek/avenido/feeds/avenido_emagro.xml HTTP/1.0" 200 720133 "-" "-"
89.161.206.59 - - [14/Apr/2025:13:35:21 +0200] "GET /Jurek/kamar/feeds/kamar_emagro.xml HTTP/1.0" 200 25554817 "-" "-"
89.161.206.59 - - [14/Apr/2025:13:35:22 +0200] "GET /Jurek/domzapachy/feeds/domzapachy_skroutz.xml HTTP/1.0" 200 179716 "-" "-"
89.161.206.59 - - [14/Apr/2025:13:35:22 +0200] "GET /Jurek/wenom/feeds/wenom_skroutz.xml HTTP/1.0" 200 583071 "-" "-"
89.161.206.59 - - [14/Apr/2025:13:35:22 +0200] "GET /Jurek/luxma/feeds/luxma_skroutz.xml HTTP/1.0" 200 4419640 "-" "-"
89.161.206.59 - - [14/Apr/2025:13:35:23 +0200] "GET /Jurek/zenex/feeds/zenex_emagro.xml HTTP/1.0" 200 540564 "-" "-"
51.77.52.107 - - [14/Apr/2025:13:35:24 +0200] "GET /Jurek/eurofirany/images/448513/0.jpg HTTP/2.0" 200 136571 "-" "baselinker"
66.135.223.41 - - [14/Apr/2025:13:35:29 +0200] "GET /Jurek/topeshop/downloaded_images/5902838467534_Riva_wieszak-opal_biel.jpg HTTP/1.1" 404 3551 "http://www.ebay.com/" "Mozilla/4.0 (compatible; MSIE 4.01; Windows NT)"
66.135.223.42 - - [14/Apr/2025:13:35:29 +0200] "GET /Jurek/topeshop/downloaded_images/5902838467534_RIVA-SZAFKA-BIEL1.jpg HTTP/1.1" 200 24817 "http://www.ebay.com/" "Mozilla/4.0 (compatible; MSIE 4.01; Windows NT)"
66.135.223.41 - - [14/Apr/2025:13:35:29 +0200] "GET /Jurek/topeshop/downloaded_images/5902838467534_RIVA-SZAFKA-BIEL.jpg HTTP/1.1" 200 89644 "http://www.ebay.com/" "Mozilla/4.0 (compatible; MSIE 4.01; Windows NT)"
66.135.223.41 - - [14/Apr/2025:13:35:29 +0200] "GET /Jurek/topeshop/downloaded_images/5902838467534_RIVA-SZAFKA-BIEL2.png HTTP/1.1" 200 171507 "http://www.ebay.com/" "Mozilla/4.0 (compatible; MSIE 4.01; Windows NT)"
89.161.206.59 - - [14/Apr/2025:13:35:31 +0200] "GET /Jurek/hlo/feeds/hlo_skroutz.xml HTTP/1.0" 200 4831033 "-" "-"
89.161.206.59 - - [14/Apr/2025:13:35:32 +0200] "GET /Jurek/euroshop/feeds/euroshop_skroutz.xml HTTP/1.0" 200 20025541 "-" "-"
51.77.52.107 - - [14/Apr/2025:13:35:40 +0200] "GET /Jurek/eurofirany/images/448513/0.jpg HTTP/2.0" 200 136571 "-" "baselinker"
51.77.52.107 - - [14/Apr/2025:13:36:00 +0200] "GET /Jurek/eurofirany/images/448514/0.jpg HTTP/2.0" 200 136571 "-" "baselinker"
77.79.248.229 - - [14/Apr/2025:13:36:10 +0200] "GET /Jurek/eurofirany/feeds/eurofirany_cdon_se.xml HTTP/1.1" 200 19335242 "-" "python-requests/2.32.3"
77.79.248.229 - - [14/Apr/2025:13:36:10 +0200] "GET /Jurek/eurofirany/feeds/eurofirany_cdon_dk.xml HTTP/1.1" 200 19335241 "-" "python-requests/2.32.3"
77.79.248.229 - - [14/Apr/2025:13:36:11 +0200] "GET /Jurek/eurofirany/feeds/eurofirany_cdon_fi.xml HTTP/1.1" 200 19317396 "-" "python-requests/2.32.3"
