89.161.206.59 - - [11/Apr/2025:04:04:23 +0200] "GET /Jurek/playcob/feeds/playcob_emagro.xml HTTP/1.0" 200 6981087 "-" "-"
89.161.206.59 - - [11/Apr/2025:04:04:23 +0200] "GET /Jurek/alucon/feeds/alucon_emagro.xml HTTP/1.0" 200 553612 "-" "-"
89.161.206.59 - - [11/Apr/2025:04:04:24 +0200] "GET /Jurek/luxma/feeds/luxma_emagro.xml HTTP/1.0" 200 8059692 "-" "-"
89.161.206.59 - - [11/Apr/2025:04:04:24 +0200] "GET /Jurek/shiori/feeds/shiori_emagro.xml HTTP/1.0" 200 453713 "-" "-"
89.161.206.59 - - [11/Apr/2025:04:04:24 +0200] "GET /Jurek/eoptimo/feeds/eoptimo_emagro.xml HTTP/1.0" 200 2094694 "-" "-"
89.161.206.59 - - [11/Apr/2025:04:04:25 +0200] "GET /Jurek/dropkz/feeds/dropkz_emagro.xml HTTP/1.0" 200 70031353 "-" "-"
51.77.52.107 - - [11/Apr/2025:04:04:25 +0200] "GET /Jurek/eurofirany/images/410687/0.jpg HTTP/2.0" 200 70864 "-" "baselinker"
89.161.206.59 - - [11/Apr/2025:04:04:25 +0200] "GET /Jurek/bisanti/feeds/bisanti_emagro.xml HTTP/1.0" 200 1142472 "-" "-"
89.161.206.59 - - [11/Apr/2025:04:04:25 +0200] "GET /Jurek/najtanszysport/feeds/najtanszysport_emagro.xml HTTP/1.0" 200 3984574 "-" "-"
88.220.33.218 - - [11/Apr/2025:04:04:35 +0200] "GET /Jurek/eurofirany/feeds/eurofirany_morele.xml HTTP/2.0" 200 19347641 "-" "MarketplaceAPI curl/7.64.0 PHP/8"
88.220.33.218 - - [11/Apr/2025:04:04:48 +0200] "GET /Jurek/vivaldi/feeds/vivaldi_Morele-PL.xml HTTP/2.0" 200 344674 "-" "MarketplaceAPI curl/7.64.0 PHP/8"
51.77.52.107 - - [11/Apr/2025:04:04:51 +0200] "GET /Jurek/eurofirany/images/419734/0.jpg HTTP/2.0" 200 86292 "-" "baselinker"
51.77.52.107 - - [11/Apr/2025:04:05:06 +0200] "GET /Jurek/eurofirany/images/419734/0.jpg HTTP/2.0" 200 86292 "-" "baselinker"
46.101.116.244 - - [11/Apr/2025:04:05:07 +0200] "GET /Jurek/octopia/feeds/octopia_mallsish.xml HTTP/2.0" 200 10103817 "-" "-"
51.77.52.107 - - [11/Apr/2025:04:05:22 +0200] "GET /Jurek/eurofirany/images/419734/0.jpg HTTP/2.0" 200 86292 "-" "baselinker"
46.101.116.244 - - [11/Apr/2025:04:05:23 +0200] "GET /Jurek/topeshop/feeds/topeshop_mallsish.xml HTTP/2.0" 200 2626912 "-" "-"
51.77.52.107 - - [11/Apr/2025:04:05:36 +0200] "GET /Jurek/eurofirany/images/423950/0.jpg HTTP/2.0" 200 0 "-" "baselinker"
51.77.52.107 - - [11/Apr/2025:04:05:39 +0200] "GET /Jurek/eurofirany/images/423950/0.jpg HTTP/2.0" 200 0 "-" "baselinker"
51.77.52.107 - - [11/Apr/2025:04:05:41 +0200] "GET /Jurek/eurofirany/images/423950/0.jpg HTTP/2.0" 200 0 "-" "baselinker"
51.77.52.107 - - [11/Apr/2025:04:05:46 +0200] "GET /Jurek/eurofirany/images/423951/0.jpg HTTP/2.0" 200 0 "-" "baselinker"
89.161.206.59 - - [11/Apr/2025:04:05:47 +0200] "GET /Jurek/aiofactory/feeds/aiofactory_amazones.xml HTTP/1.0" 200 2123788 "-" "-"
89.161.206.59 - - [11/Apr/2025:04:05:48 +0200] "GET /Jurek/aiofactory/feeds/aiofactory_amazonfr.xml HTTP/1.0" 200 2123795 "-" "-"
89.161.206.59 - - [11/Apr/2025:04:05:48 +0200] "GET /Jurek/aiofactory/feeds/aiofactory_amazonit.xml HTTP/1.0" 200 2123798 "-" "-"
89.161.206.59 - - [11/Apr/2025:04:05:48 +0200] "GET /Jurek/aiofactory/feeds/aiofactory_amazonnl.xml HTTP/1.0" 200 2123787 "-" "-"
89.161.206.59 - - [11/Apr/2025:04:05:48 +0200] "GET /Jurek/aiofactory/feeds/aiofactory_amazonde.xml HTTP/1.0" 200 2123745 "-" "-"
89.161.206.59 - - [11/Apr/2025:04:05:48 +0200] "GET /Jurek/hurtmeblowy/feeds/hurtmeblowy_amazonde.xml HTTP/1.0" 200 7524056 "-" "-"
89.161.206.59 - - [11/Apr/2025:04:05:49 +0200] "GET /Jurek/rosfix/feeds/rosfix_amazonde.xml HTTP/1.0" 200 34055663 "-" "-"
51.77.52.107 - - [11/Apr/2025:04:05:51 +0200] "GET /Jurek/eurofirany/images/423951/0.jpg HTTP/2.0" 200 0 "-" "baselinker"
89.161.206.59 - - [11/Apr/2025:04:05:53 +0200] "GET /Jurek/avenido/feeds/avenido_amazonde.xml HTTP/1.0" 200 720084 "-" "-"
51.77.52.107 - - [11/Apr/2025:04:05:54 +0200] "GET /Jurek/eurofirany/images/423951/0.jpg HTTP/2.0" 200 0 "-" "baselinker"
51.77.52.107 - - [11/Apr/2025:04:06:01 +0200] "GET /Jurek/eurofirany/images/424076/0.jpg HTTP/2.0" 200 79499 "-" "baselinker"
185.6.76.166 - - [11/Apr/2025:04:06:09 +0200] "GET /Jurek/topeshop/downloaded_images/5902838461761_brylki_.RGB_color.0002.png HTTP/1.1" 404 3551 "-" "Skroutz ImageBot v1"
88.220.33.218 - - [11/Apr/2025:04:06:10 +0200] "GET /Jurek/aw/feeds/awnarzedzia_morele.xml HTTP/2.0" 200 90184486 "-" "MarketplaceAPI curl/7.64.0 PHP/8"
185.6.76.167 - - [11/Apr/2025:04:06:10 +0200] "GET /Jurek/eurofirany/images/417686/0.jpg HTTP/1.1" 200 6595 "-" "Skroutz ImageBot v1"
185.6.76.166 - - [11/Apr/2025:04:06:10 +0200] "GET /Jurek/topeshop/downloaded_images/5902838469316_1.jpg HTTP/1.1" 404 3551 "-" "Skroutz ImageBot v1"
185.6.76.166 - - [11/Apr/2025:04:06:12 +0200] "GET /Jurek/eurofirany/images/417871/0.jpg HTTP/1.1" 200 6595 "-" "Skroutz ImageBot v1"
185.6.76.166 - - [11/Apr/2025:04:06:14 +0200] "GET /Jurek/eurofirany/images/432607/0.jpg HTTP/1.1" 200 33 "-" "Skroutz ImageBot v1"
185.6.76.166 - - [11/Apr/2025:04:06:15 +0200] "GET /Jurek/eurofirany/images/432590/0.jpg HTTP/1.1" 200 33 "-" "Skroutz ImageBot v1"
51.77.52.107 - - [11/Apr/2025:04:06:23 +0200] "GET /Jurek/eurofirany/images/424076/0.jpg HTTP/2.0" 200 79499 "-" "baselinker"
51.77.52.107 - - [11/Apr/2025:04:06:33 +0200] "GET /Jurek/eurofirany/images/424076/0.jpg HTTP/2.0" 200 79499 "-" "baselinker"
88.220.33.218 - - [11/Apr/2025:04:06:39 +0200] "GET /Jurek/beliani/feeds/beliani_morele.xml HTTP/2.0" 200 31269076 "-" "MarketplaceAPI curl/7.64.0 PHP/8"
51.77.52.107 - - [11/Apr/2025:04:06:48 +0200] "GET /Jurek/eurofirany/images/428398/0.jpg HTTP/2.0" 200 118019 "-" "baselinker"
185.6.76.167 - - [11/Apr/2025:04:06:55 +0200] "GET /Jurek/eurofirany/images/423214/0.jpg HTTP/1.1" 200 0 "-" "Skroutz ImageBot v1"
185.6.76.167 - - [11/Apr/2025:04:06:55 +0200] "GET /Jurek/eurofirany/images/423211/0.jpg HTTP/1.1" 200 0 "-" "Skroutz ImageBot v1"
185.6.76.167 - - [11/Apr/2025:04:06:55 +0200] "GET /Jurek/eurofirany/images/423213/0.jpg HTTP/1.1" 200 0 "-" "Skroutz ImageBot v1"
185.6.76.167 - - [11/Apr/2025:04:06:55 +0200] "GET /Jurek/eurofirany/images/423209/0.jpg HTTP/1.1" 200 0 "-" "Skroutz ImageBot v1"
185.6.76.167 - - [11/Apr/2025:04:06:55 +0200] "GET /Jurek/eurofirany/images/423211/0.jpg HTTP/1.1" 200 0 "-" "Skroutz ImageBot v1"
185.6.76.167 - - [11/Apr/2025:04:06:56 +0200] "GET /Jurek/eurofirany/images/423209/0.jpg HTTP/1.1" 200 0 "-" "Skroutz ImageBot v1"
185.6.76.167 - - [11/Apr/2025:04:06:56 +0200] "GET /Jurek/eurofirany/images/423214/0.jpg HTTP/1.1" 200 0 "-" "Skroutz ImageBot v1"
185.6.76.167 - - [11/Apr/2025:04:06:56 +0200] "GET /Jurek/eurofirany/images/423213/0.jpg HTTP/1.1" 200 0 "-" "Skroutz ImageBot v1"
51.77.52.107 - - [11/Apr/2025:04:07:08 +0200] "GET /Jurek/eurofirany/images/428398/0.jpg HTTP/2.0" 200 118019 "-" "baselinker"
51.77.52.107 - - [11/Apr/2025:04:07:33 +0200] "GET /Jurek/eurofirany/images/428398/0.jpg HTTP/2.0" 200 118019 "-" "baselinker"
185.6.76.167 - - [11/Apr/2025:04:07:40 +0200] "GET /Jurek/eurofirany/images/432599/0.jpg HTTP/1.1" 200 33 "-" "Skroutz ImageBot v1"
88.220.33.218 - - [11/Apr/2025:04:07:41 +0200] "GET /Jurek/vida_morele/feeds/VidaPL_morele.xml HTTP/2.0" 200 704914914 "-" "MarketplaceAPI curl/7.64.0 PHP/8"
51.77.52.107 - - [11/Apr/2025:04:07:46 +0200] "GET /Jurek/eurofirany/images/428726/0.jpg HTTP/2.0" 200 75699 "-" "baselinker"
51.77.52.107 - - [11/Apr/2025:04:08:07 +0200] "GET /Jurek/eurofirany/images/428726/0.jpg HTTP/2.0" 200 75699 "-" "baselinker"
51.77.52.107 - - [11/Apr/2025:04:08:20 +0200] "GET /Jurek/eurofirany/images/428726/0.jpg HTTP/2.0" 200 75699 "-" "baselinker"
51.77.52.107 - - [11/Apr/2025:04:08:35 +0200] "GET /Jurek/eurofirany/images/431705/0.jpg HTTP/2.0" 200 111518 "-" "baselinker"
51.77.52.107 - - [11/Apr/2025:04:08:51 +0200] "GET /Jurek/eurofirany/images/431705/0.jpg HTTP/2.0" 200 111518 "-" "baselinker"
51.77.52.107 - - [11/Apr/2025:04:09:03 +0200] "GET /Jurek/eurofirany/images/431705/0.jpg HTTP/2.0" 200 111518 "-" "baselinker"
51.77.52.107 - - [11/Apr/2025:04:09:19 +0200] "GET /Jurek/eurofirany/images/431706/0.jpg HTTP/2.0" 200 119835 "-" "baselinker"
51.77.52.107 - - [11/Apr/2025:04:09:32 +0200] "GET /Jurek/eurofirany/images/431706/0.jpg HTTP/2.0" 200 119835 "-" "baselinker"
51.77.52.107 - - [11/Apr/2025:04:09:44 +0200] "GET /Jurek/eurofirany/images/431706/0.jpg HTTP/2.0" 200 119835 "-" "baselinker"
51.77.52.107 - - [11/Apr/2025:04:09:56 +0200] "GET /Jurek/eurofirany/images/432125/0.jpg HTTP/2.0" 200 73871 "-" "baselinker"
46.101.116.244 - - [11/Apr/2025:04:10:07 +0200] "GET /Jurek/activeshop/feeds/activeshop_mallsish.xml HTTP/2.0" 200 10443480 "-" "-"
51.77.52.107 - - [11/Apr/2025:04:10:09 +0200] "GET /Jurek/eurofirany/images/432125/0.jpg HTTP/2.0" 200 73871 "-" "baselinker"
51.77.52.107 - - [11/Apr/2025:04:10:24 +0200] "GET /Jurek/eurofirany/images/432125/0.jpg HTTP/2.0" 200 73871 "-" "baselinker"
51.77.52.107 - - [11/Apr/2025:04:10:41 +0200] "GET /Jurek/eurofirany/images/390020/0.jpg HTTP/2.0" 200 56382 "-" "baselinker"
51.77.52.107 - - [11/Apr/2025:04:11:00 +0200] "GET /Jurek/eurofirany/images/390020/0.jpg HTTP/2.0" 200 56382 "-" "baselinker"
51.77.52.107 - - [11/Apr/2025:04:11:06 +0200] "GET /Jurek/eurofirany/images/390020/0.jpg HTTP/2.0" 200 56382 "-" "baselinker"
51.77.52.107 - - [11/Apr/2025:04:11:13 +0200] "GET /Jurek/eurofirany/images/390021/0.jpg HTTP/2.0" 200 77775 "-" "baselinker"
46.101.116.244 - - [11/Apr/2025:04:11:14 +0200] "GET /Jurek/aw/feeds/aw_fnacfr.xml HTTP/1.0" 404 3551 "-" "-"
51.77.52.107 - - [11/Apr/2025:04:11:20 +0200] "GET /Jurek/eurofirany/images/390021/0.jpg HTTP/2.0" 200 77775 "-" "baselinker"
51.77.52.107 - - [11/Apr/2025:04:11:35 +0200] "GET /Jurek/eurofirany/images/390021/0.jpg HTTP/2.0" 200 77775 "-" "baselinker"
51.77.52.107 - - [11/Apr/2025:04:11:41 +0200] "GET /Jurek/eurofirany/images/390025/0.jpg HTTP/2.0" 200 62888 "-" "baselinker"
89.161.206.59 - - [11/Apr/2025:04:11:46 +0200] "GET /Jurek/jakdroz/feeds/jakdroz_bol.xml HTTP/1.0" 200 4089899 "-" "-"
51.77.52.107 - - [11/Apr/2025:04:11:48 +0200] "GET /Jurek/eurofirany/images/390025/0.jpg HTTP/2.0" 200 62888 "-" "baselinker"
89.161.206.59 - - [11/Apr/2025:04:11:48 +0200] "GET /Jurek/ikonka/feeds/ikonka_bol.xml HTTP/1.0" 200 22016757 "-" "-"
51.77.52.107 - - [11/Apr/2025:04:11:53 +0200] "GET /Jurek/eurofirany/images/390025/0.jpg HTTP/2.0" 200 62888 "-" "baselinker"
51.77.52.107 - - [11/Apr/2025:04:11:57 +0200] "GET /Jurek/eurofirany/images/448419/0.jpg HTTP/2.0" 200 68100 "-" "baselinker"
89.161.206.59 - - [11/Apr/2025:04:12:06 +0200] "GET /Jurek/bentivolio/feeds/bentivolio_emagro.xml HTTP/1.0" 200 3498444 "-" "-"
51.77.52.107 - - [11/Apr/2025:04:12:11 +0200] "GET /Jurek/eurofirany/images/448419/0.jpg HTTP/2.0" 200 68100 "-" "baselinker"
51.77.52.107 - - [11/Apr/2025:04:12:27 +0200] "GET /Jurek/eurofirany/images/448419/0.jpg HTTP/2.0" 200 68100 "-" "baselinker"
51.77.52.107 - - [11/Apr/2025:04:12:39 +0200] "GET /Jurek/eurofirany/images/452353/0.jpg HTTP/2.0" 200 80768 "-" "baselinker"
46.101.116.244 - - [11/Apr/2025:04:12:45 +0200] "GET /Jurek/kinghoff/feeds/kinghoff_allegro.xml HTTP/1.0" 200 15439320 "-" "-"
89.161.206.59 - - [11/Apr/2025:04:12:45 +0200] "GET /Jurek/sportprise/feeds/sportprise_emagro.xml HTTP/1.0" 200 12727723 "-" "-"
89.161.206.59 - - [11/Apr/2025:04:12:46 +0200] "GET /Jurek/ikonka/feeds/ikonka_allegro_cz.xml HTTP/1.0" 200 22017443 "-" "-"
89.161.206.59 - - [11/Apr/2025:04:12:46 +0200] "GET /Jurek/elavia/feeds/elavia_emagro.xml HTTP/1.0" 200 2497430 "-" "-"
89.161.206.59 - - [11/Apr/2025:04:12:47 +0200] "GET /Jurek/hurtownia_przemyslowa/feeds/hp_allegro_cz.xml HTTP/1.0" 200 49369716 "-" "-"
89.161.206.59 - - [11/Apr/2025:04:12:47 +0200] "GET /Jurek/zbimatyja/feeds/zbimatyja_emagro.xml HTTP/1.0" 200 11671814 "-" "-"
89.161.206.59 - - [11/Apr/2025:04:12:48 +0200] "GET /Jurek/rosfix/feeds/rosfix_emagro.xml HTTP/1.0" 200 35771256 "-" "-"
89.161.206.59 - - [11/Apr/2025:04:12:50 +0200] "GET /Jurek/broers/feeds/broers_emagro.xml HTTP/1.0" 200 1983010 "-" "-"
89.161.206.59 - - [11/Apr/2025:04:12:51 +0200] "GET /Jurek/benetech/feeds/benetech_allegro.xml HTTP/1.0" 200 4165587 "-" "-"
89.161.206.59 - - [11/Apr/2025:04:12:51 +0200] "GET /Jurek/sempler/feeds/sempler_allegro.xml HTTP/1.0" 200 6788401 "-" "-"
89.161.206.59 - - [11/Apr/2025:04:12:51 +0200] "GET /Jurek/targethome/feeds/targethome_allegro.xml HTTP/1.0" 200 688654 "-" "-"
89.161.206.59 - - [11/Apr/2025:04:12:51 +0200] "GET /Jurek/kambukka/feeds/kambukka_allegro.xml HTTP/1.0" 200 1021462 "-" "-"
89.161.206.59 - - [11/Apr/2025:04:12:52 +0200] "GET /Jurek/swiatecznygoliat/feeds/swiatecznygoliat_allegro.xml HTTP/1.0" 200 7054771 "-" "-"
89.161.206.59 - - [11/Apr/2025:04:12:52 +0200] "GET /Jurek/artdog/feeds/artdog_allegro.xml HTTP/1.0" 200 17162209 "-" "-"
89.161.206.59 - - [11/Apr/2025:04:12:52 +0200] "GET /Jurek/oromed/feeds/oromed_allegro.xml HTTP/1.0" 200 1074040 "-" "-"
89.161.206.59 - - [11/Apr/2025:04:12:52 +0200] "GET /Jurek/ekuchcikowo/feeds/ekuchcikowo_allegro.xml HTTP/1.0" 200 12472496 "-" "-"
89.161.206.59 - - [11/Apr/2025:04:12:53 +0200] "GET /Jurek/livinhill/feeds/livinhill_allegro.xml HTTP/1.0" 200 1466963 "-" "-"
89.161.206.59 - - [11/Apr/2025:04:12:53 +0200] "GET /Jurek/narzbud/feeds/narzbud_allegro.xml HTTP/1.0" 200 1901332 "-" "-"
89.161.206.59 - - [11/Apr/2025:04:12:53 +0200] "GET /Jurek/bisanti/feeds/bisanti_allegro.xml HTTP/1.0" 200 1142376 "-" "-"
89.161.206.59 - - [11/Apr/2025:04:12:53 +0200] "GET /Jurek/combine/feeds/combine_allegro.xml HTTP/1.0" 200 210566 "-" "-"
89.161.206.59 - - [11/Apr/2025:04:12:53 +0200] "GET /Jurek/spali/feeds/spali_allegro.xml HTTP/1.0" 200 77067 "-" "-"
89.161.206.59 - - [11/Apr/2025:04:12:53 +0200] "GET /Jurek/ekolight/feeds/ekolight_allegro.xml HTTP/1.0" 200 9055033 "-" "-"
89.161.206.59 - - [11/Apr/2025:04:12:54 +0200] "GET /Jurek/urwiskowo/feeds/urwiskowo_allegro.xml HTTP/1.0" 200 9115644 "-" "-"
89.161.206.59 - - [11/Apr/2025:04:12:54 +0200] "GET /Jurek/reman/feeds/reman_allegro.xml HTTP/1.0" 200 1394890 "-" "-"
51.77.52.107 - - [11/Apr/2025:04:12:56 +0200] "GET /Jurek/eurofirany/images/452353/0.jpg HTTP/2.0" 200 80768 "-" "baselinker"
51.77.52.107 - - [11/Apr/2025:04:13:09 +0200] "GET /Jurek/eurofirany/images/452353/0.jpg HTTP/2.0" 200 80768 "-" "baselinker"
51.77.52.107 - - [11/Apr/2025:04:13:22 +0200] "GET /Jurek/eurofirany/images/452483/0.jpg HTTP/2.0" 200 94214 "-" "baselinker"
46.101.116.244 - - [11/Apr/2025:04:13:27 +0200] "GET /Jurek/hurtownia_przemyslowa/feeds/hp_mallsish.xml HTTP/2.0" 200 49362771 "-" "-"
89.161.206.59 - - [11/Apr/2025:04:13:36 +0200] "GET /Jurek/galopi/feeds/galopi_emagro.xml HTTP/1.0" 200 2111378 "-" "-"
89.161.206.59 - - [11/Apr/2025:04:13:36 +0200] "GET /Jurek/omi/feeds/omi_emagro.xml HTTP/1.0" 200 8106447 "-" "-"
89.161.206.59 - - [11/Apr/2025:04:13:37 +0200] "GET /Jurek/sebmart/feeds/sebmart_emagro.xml HTTP/1.0" 200 1599082 "-" "-"
89.161.206.59 - - [11/Apr/2025:04:13:37 +0200] "GET /Jurek/tsjerzy/feeds/tsjerzy_emagro.xml HTTP/1.0" 200 3899896 "-" "-"
89.161.206.59 - - [11/Apr/2025:04:13:37 +0200] "GET /Jurek/avenido/feeds/avenido_emagro.xml HTTP/1.0" 200 720133 "-" "-"
89.161.206.59 - - [11/Apr/2025:04:13:38 +0200] "GET /Jurek/kamar/feeds/kamar_emagro.xml HTTP/1.0" 200 25555309 "-" "-"
89.161.206.59 - - [11/Apr/2025:04:13:40 +0200] "GET /Jurek/zenex/feeds/zenex_emagro.xml HTTP/1.0" 200 540562 "-" "-"
89.161.206.59 - - [11/Apr/2025:04:13:41 +0200] "GET /Jurek/takapara/feeds/takapara_emagro.xml HTTP/1.0" 200 1342690 "-" "-"
89.161.206.59 - - [11/Apr/2025:04:13:41 +0200] "GET /Jurek/artdog/feeds/artdog_emagro.xml HTTP/1.0" 200 17165263 "-" "-"
51.77.52.107 - - [11/Apr/2025:04:13:41 +0200] "GET /Jurek/eurofirany/images/452483/0.jpg HTTP/2.0" 200 94214 "-" "baselinker"
89.161.206.59 - - [11/Apr/2025:04:13:42 +0200] "GET /Jurek/fertes/feeds/fertes_emagro.xml HTTP/1.0" 200 2362215 "-" "-"
89.161.206.59 - - [11/Apr/2025:04:13:43 +0200] "GET /Jurek/carbonyway/feeds/carbonyway_emagro.xml HTTP/1.0" 200 3076362 "-" "-"
51.77.52.107 - - [11/Apr/2025:04:13:57 +0200] "GET /Jurek/eurofirany/images/452483/0.jpg HTTP/2.0" 200 94214 "-" "baselinker"
46.101.116.244 - - [11/Apr/2025:04:14:03 +0200] "GET /Jurek/action/feeds/action_mallsish.xml HTTP/2.0" 200 60203306 "-" "-"
51.77.52.107 - - [11/Apr/2025:04:14:04 +0200] "GET /Jurek/eurofirany/images/456255/0.jpg HTTP/2.0" 200 147823 "-" "baselinker"
51.77.52.107 - - [11/Apr/2025:04:14:14 +0200] "GET /Jurek/eurofirany/images/456255/0.jpg HTTP/2.0" 200 147823 "-" "baselinker"
51.77.52.107 - - [11/Apr/2025:04:14:33 +0200] "GET /Jurek/eurofirany/images/456255/0.jpg HTTP/2.0" 200 147823 "-" "baselinker"
51.77.52.107 - - [11/Apr/2025:04:14:44 +0200] "GET /Jurek/eurofirany/images/456256/0.jpg HTTP/2.0" 200 92663 "-" "baselinker"
51.77.52.107 - - [11/Apr/2025:04:15:05 +0200] "GET /Jurek/eurofirany/images/456256/0.jpg HTTP/2.0" 200 92663 "-" "baselinker"
51.77.52.107 - - [11/Apr/2025:04:15:08 +0200] "GET /Jurek/eurofirany/images/456256/0.jpg HTTP/2.0" 200 92663 "-" "baselinker"
89.161.206.59 - - [11/Apr/2025:04:15:09 +0200] "GET /Jurek/proadventure/feeds/proadventure_emag.xml HTTP/1.0" 200 10765396 "-" "-"
51.77.52.107 - - [11/Apr/2025:04:15:26 +0200] "GET /Jurek/eurofirany/images/460387/0.jpg HTTP/2.0" 200 25734 "-" "baselinker"
89.161.206.59 - - [11/Apr/2025:04:15:37 +0200] "GET /Jurek/waks/feeds/waks_emagro.xml HTTP/1.0" 200 1598638 "-" "-"
51.77.52.107 - - [11/Apr/2025:04:15:47 +0200] "GET /Jurek/eurofirany/images/460387/0.jpg HTTP/2.0" 200 25734 "-" "baselinker"
51.77.52.107 - - [11/Apr/2025:04:16:10 +0200] "GET /Jurek/eurofirany/images/460387/0.jpg HTTP/2.0" 200 25734 "-" "baselinker"
89.161.206.59 - - [11/Apr/2025:04:16:24 +0200] "GET /Jurek/targethome/feeds/targethome_emagro.xml HTTP/1.0" 200 688660 "-" "-"
51.77.52.107 - - [11/Apr/2025:04:16:30 +0200] "GET /Jurek/eurofirany/images/460396/0.jpg HTTP/2.0" 200 35083 "-" "baselinker"
46.101.116.244 - - [11/Apr/2025:04:16:31 +0200] "GET /Jurek/beliani/feeds/beliani_si_mallsi.xml HTTP/2.0" 200 31238031 "-" "-"
51.77.52.107 - - [11/Apr/2025:04:16:49 +0200] "GET /Jurek/eurofirany/images/460396/0.jpg HTTP/2.0" 200 35083 "-" "baselinker"
46.101.116.244 - - [11/Apr/2025:04:17:17 +0200] "GET /Jurek/rovicky/feeds/rovicky_mallsish.xml HTTP/2.0" 200 15094212 "-" "-"
51.77.52.107 - - [11/Apr/2025:04:17:25 +0200] "GET /Jurek/eurofirany/images/460396/0.jpg HTTP/2.0" 200 35083 "-" "baselinker"
46.101.116.244 - - [11/Apr/2025:04:17:29 +0200] "GET /Jurek/detian/feeds/detian_mallsish.xml HTTP/2.0" 404 3551 "-" "-"
46.101.116.244 - - [11/Apr/2025:04:17:39 +0200] "GET /Jurek/ikonka/feeds/ikonka_mallsish.xml HTTP/2.0" 200 22016768 "-" "-"
51.77.52.107 - - [11/Apr/2025:04:17:42 +0200] "GET /Jurek/eurofirany/images/460408/0.jpg HTTP/2.0" 200 59530 "-" "baselinker"
89.161.206.59 - - [11/Apr/2025:04:17:44 +0200] "GET /Jurek/madrex/feeds/madrex_emagro.xml HTTP/1.0" 200 466710 "-" "-"
46.101.116.244 - - [11/Apr/2025:04:17:53 +0200] "GET /Jurek/candellux/feeds/candellux_mallsish.xml HTTP/2.0" 200 465720 "-" "-"
46.101.116.244 - - [11/Apr/2025:04:18:03 +0200] "GET /Jurek/andex/feeds/andex_mallslsh.xml HTTP/2.0" 200 1953497 "-" "-"
89.161.206.59 - - [11/Apr/2025:04:18:07 +0200] "GET /Jurek/hlo/feeds/hlo_emagro.xml HTTP/1.0" 200 4838786 "-" "-"
51.77.52.107 - - [11/Apr/2025:04:18:09 +0200] "GET /Jurek/eurofirany/images/460408/0.jpg HTTP/2.0" 200 59530 "-" "baselinker"
46.101.116.244 - - [11/Apr/2025:04:18:14 +0200] "GET /Jurek/chemex/feeds/chemex_mallsish.xml HTTP/2.0" 200 47809880 "-" "-"
46.101.116.244 - - [11/Apr/2025:04:18:29 +0200] "GET /Jurek/aw/feeds/awnarzedzia_mallsish.xml HTTP/2.0" 200 90173474 "-" "-"
51.77.52.107 - - [11/Apr/2025:04:18:29 +0200] "GET /Jurek/eurofirany/images/460408/0.jpg HTTP/2.0" 200 59530 "-" "baselinker"
89.161.206.59 - - [11/Apr/2025:04:18:35 +0200] "GET /Jurek/oknobest/feeds/oknobest_emagro.xml HTTP/1.0" 200 2708115 "-" "-"
89.161.206.59 - - [11/Apr/2025:04:18:37 +0200] "GET /Jurek/globaldeli/feeds/globaldeli_emagro.xml HTTP/1.0" 200 2590918 "-" "-"
51.77.52.107 - - [11/Apr/2025:04:18:43 +0200] "GET /Jurek/eurofirany/images/460416/0.jpg HTTP/2.0" 200 34713 "-" "baselinker"
51.77.52.107 - - [11/Apr/2025:04:19:01 +0200] "GET /Jurek/eurofirany/images/460416/0.jpg HTTP/2.0" 200 34713 "-" "baselinker"
51.77.52.107 - - [11/Apr/2025:04:19:16 +0200] "GET /Jurek/eurofirany/images/460416/0.jpg HTTP/2.0" 200 34713 "-" "baselinker"
51.77.52.107 - - [11/Apr/2025:04:19:37 +0200] "GET /Jurek/eurofirany/images/460417/0.jpg HTTP/2.0" 200 36465 "-" "baselinker"
51.77.52.107 - - [11/Apr/2025:04:19:51 +0200] "GET /Jurek/eurofirany/images/460417/0.jpg HTTP/2.0" 200 36465 "-" "baselinker"
46.101.116.244 - - [11/Apr/2025:04:20:05 +0200] "GET /Jurek/barbecook/feeds/barbecook_mallslsh.xml HTTP/2.0" 200 87532 "-" "-"
51.77.52.107 - - [11/Apr/2025:04:20:06 +0200] "GET /Jurek/eurofirany/images/460417/0.jpg HTTP/2.0" 200 36465 "-" "baselinker"
46.101.116.244 - - [11/Apr/2025:04:20:15 +0200] "GET /Jurek/duka/feeds/duka_mallslsh.xml HTTP/2.0" 200 57 "-" "-"
46.101.116.244 - - [11/Apr/2025:04:20:26 +0200] "GET /Jurek/miloohome/feeds/miloohome_mallsish.xml HTTP/2.0" 200 1421025 "-" "-"
185.6.76.166 - - [11/Apr/2025:04:20:27 +0200] "GET /Jurek/eurofirany/images/432587/0.jpg HTTP/1.1" 200 33 "-" "Skroutz ImageBot v1"
51.77.52.107 - - [11/Apr/2025:04:20:29 +0200] "GET /Jurek/eurofirany/images/460438/0.jpg HTTP/2.0" 200 25897 "-" "baselinker"
46.101.116.244 - - [11/Apr/2025:04:20:37 +0200] "GET /Jurek/stema/feeds/stema_mallslsh.xml HTTP/2.0" 200 851964 "-" "-"
89.161.206.59 - - [11/Apr/2025:04:20:39 +0200] "GET /Jurek/hurtownia_przemyslowa/feeds/hp_amazonDE.xml HTTP/1.0" 200 42278522 "-" "-"
51.77.52.107 - - [11/Apr/2025:04:20:43 +0200] "GET /Jurek/eurofirany/images/460438/0.jpg HTTP/2.0" 200 25897 "-" "baselinker"
46.101.116.244 - - [11/Apr/2025:04:20:47 +0200] "GET /Jurek/fernity/feeds/fernity_mallslsh.xml HTTP/2.0" 200 4796490 "-" "-"
51.77.52.107 - - [11/Apr/2025:04:21:00 +0200] "GET /Jurek/eurofirany/images/460438/0.jpg HTTP/2.0" 200 25897 "-" "baselinker"
89.161.206.59 - - [11/Apr/2025:04:21:00 +0200] "GET /Jurek/drewdon/feeds/drewdon_amazonde.xml HTTP/1.0" 200 504436 "-" "-"
51.77.52.107 - - [11/Apr/2025:04:21:03 +0200] "GET /Jurek/eurofirany/images/460440/0.jpg HTTP/2.0" 200 34358 "-" "baselinker"
46.101.116.244 - - [11/Apr/2025:04:21:11 +0200] "GET /Jurek/kinghoff/feeds/kinghoff_mallslsh.xml HTTP/2.0" 200 15437575 "-" "-"
46.101.116.244 - - [11/Apr/2025:04:21:11 +0200] "GET /Jurek/aw/feeds/aw_fnacfr.xml HTTP/1.0" 404 3551 "-" "-"
51.77.52.107 - - [11/Apr/2025:04:21:23 +0200] "GET /Jurek/eurofirany/images/460440/0.jpg HTTP/2.0" 200 34358 "-" "baselinker"
46.101.116.244 - - [11/Apr/2025:04:21:28 +0200] "GET /Jurek/kinghome/feeds/kinghome_mallslsh.xml HTTP/2.0" 200 6003418 "-" "-"
51.77.52.107 - - [11/Apr/2025:04:21:30 +0200] "GET /Jurek/eurofirany/images/460440/0.jpg HTTP/2.0" 200 34358 "-" "baselinker"
46.101.116.244 - - [11/Apr/2025:04:21:39 +0200] "GET /Jurek/vivaldi/feeds/vivaldi_Mall-slsh.xml HTTP/2.0" 200 344667 "-" "-"
46.101.116.244 - - [11/Apr/2025:04:21:49 +0200] "GET /Jurek/eurofirany/feeds/eurofirany_mall_si_shumee.xml HTTP/2.0" 200 19346248 "-" "-"
51.77.52.107 - - [11/Apr/2025:04:21:52 +0200] "GET /Jurek/eurofirany/images/460450/0.jpg HTTP/2.0" 200 37392 "-" "baselinker"
51.77.52.107 - - [11/Apr/2025:04:22:11 +0200] "GET /Jurek/eurofirany/images/460450/0.jpg HTTP/2.0" 200 37392 "-" "baselinker"
51.77.52.107 - - [11/Apr/2025:04:22:26 +0200] "GET /Jurek/eurofirany/images/460450/0.jpg HTTP/2.0" 200 37392 "-" "baselinker"
51.77.52.107 - - [11/Apr/2025:04:22:43 +0200] "GET /Jurek/eurofirany/images/460453/0.jpg HTTP/2.0" 200 34013 "-" "baselinker"
185.6.76.166 - - [11/Apr/2025:04:22:55 +0200] "GET /Jurek/eurofirany/images/426270/0.jpg HTTP/1.1" 200 6625 "-" "Skroutz ImageBot v1"
51.77.52.107 - - [11/Apr/2025:04:23:00 +0200] "GET /Jurek/eurofirany/images/460453/0.jpg HTTP/2.0" 200 34013 "-" "baselinker"
185.6.76.167 - - [11/Apr/2025:04:23:04 +0200] "GET /Jurek/eurofirany/images/426303/0.jpg HTTP/1.1" 200 6625 "-" "Skroutz ImageBot v1"
185.6.76.166 - - [11/Apr/2025:04:23:11 +0200] "GET /Jurek/eurofirany/images/428878/0.jpg HTTP/1.1" 200 6625 "-" "Skroutz ImageBot v1"
51.77.52.107 - - [11/Apr/2025:04:23:16 +0200] "GET /Jurek/eurofirany/images/460453/0.jpg HTTP/2.0" 200 34013 "-" "baselinker"
51.77.52.107 - - [11/Apr/2025:04:23:18 +0200] "GET /Jurek/eurofirany/images/460405/0.jpg HTTP/2.0" 200 32950 "-" "baselinker"
51.77.52.107 - - [11/Apr/2025:04:23:36 +0200] "GET /Jurek/eurofirany/images/460405/0.jpg HTTP/2.0" 200 32950 "-" "baselinker"
51.77.52.107 - - [11/Apr/2025:04:24:01 +0200] "GET /Jurek/eurofirany/images/460405/0.jpg HTTP/2.0" 200 32950 "-" "baselinker"
51.77.52.107 - - [11/Apr/2025:04:24:24 +0200] "GET /Jurek/eurofirany/images/460406/0.jpg HTTP/2.0" 200 52473 "-" "baselinker"
51.77.52.107 - - [11/Apr/2025:04:24:48 +0200] "GET /Jurek/eurofirany/images/460406/0.jpg HTTP/2.0" 200 52473 "-" "baselinker"
46.101.116.244 - - [11/Apr/2025:04:25:08 +0200] "GET /Jurek/unimet/feeds/unimet_mallsish.xml HTTP/2.0" 200 60475652 "-" "-"
51.77.52.107 - - [11/Apr/2025:04:25:11 +0200] "GET /Jurek/eurofirany/images/460406/0.jpg HTTP/2.0" 200 52473 "-" "baselinker"
51.77.52.107 - - [11/Apr/2025:04:25:14 +0200] "GET /Jurek/eurofirany/images/460423/0.jpg HTTP/2.0" 200 35196 "-" "baselinker"
51.77.52.107 - - [11/Apr/2025:04:25:40 +0200] "GET /Jurek/eurofirany/images/460423/0.jpg HTTP/2.0" 200 35196 "-" "baselinker"
51.77.52.107 - - [11/Apr/2025:04:25:58 +0200] "GET /Jurek/eurofirany/images/460423/0.jpg HTTP/2.0" 200 35196 "-" "baselinker"
185.6.76.166 - - [11/Apr/2025:04:26:04 +0200] "GET /Jurek/eurofirany/images/419761/0.jpg HTTP/1.1" 200 6595 "-" "Skroutz ImageBot v1"
185.6.76.166 - - [11/Apr/2025:04:26:04 +0200] "GET /Jurek/eurofirany/images/419800/0.jpg HTTP/1.1" 200 6595 "-" "Skroutz ImageBot v1"
185.6.76.166 - - [11/Apr/2025:04:26:04 +0200] "GET /Jurek/eurofirany/images/419760/0.jpg HTTP/1.1" 200 6595 "-" "Skroutz ImageBot v1"
185.6.76.167 - - [11/Apr/2025:04:26:04 +0200] "GET /Jurek/eurofirany/images/419761/0.jpg HTTP/1.1" 200 6595 "-" "Skroutz ImageBot v1"
185.6.76.167 - - [11/Apr/2025:04:26:04 +0200] "GET /Jurek/eurofirany/images/416874/0.jpg HTTP/1.1" 200 6595 "-" "Skroutz ImageBot v1"
185.6.76.167 - - [11/Apr/2025:04:26:04 +0200] "GET /Jurek/eurofirany/images/419800/0.jpg HTTP/1.1" 200 6595 "-" "Skroutz ImageBot v1"
185.6.76.167 - - [11/Apr/2025:04:26:04 +0200] "GET /Jurek/eurofirany/images/431629/0.jpg HTTP/1.1" 200 6625 "-" "Skroutz ImageBot v1"
185.6.76.167 - - [11/Apr/2025:04:26:04 +0200] "GET /Jurek/eurofirany/images/419762/0.jpg HTTP/1.1" 200 6595 "-" "Skroutz ImageBot v1"
185.6.76.167 - - [11/Apr/2025:04:26:04 +0200] "GET /Jurek/eurofirany/images/419760/0.jpg HTTP/1.1" 200 6595 "-" "Skroutz ImageBot v1"
46.101.116.244 - - [11/Apr/2025:04:26:05 +0200] "GET /Jurek/fernity/feeds/fernity_manomano.xml HTTP/1.0" 200 4796501 "-" "-"
185.6.76.166 - - [11/Apr/2025:04:26:10 +0200] "GET /Jurek/eurofirany/images/419498/0.jpg HTTP/1.1" 200 6595 "-" "Skroutz ImageBot v1"
51.77.52.107 - - [11/Apr/2025:04:26:17 +0200] "GET /Jurek/eurofirany/images/465045/0.jpg HTTP/2.0" 200 76044 "-" "baselinker"
46.101.116.244 - - [11/Apr/2025:04:26:18 +0200] "GET /Jurek/flhf/feeds/flhf_mallsish.xml HTTP/2.0" 404 3551 "-" "-"
51.77.52.107 - - [11/Apr/2025:04:26:32 +0200] "GET /Jurek/eurofirany/images/465045/0.jpg HTTP/2.0" 200 76044 "-" "baselinker"
46.101.116.244 - - [11/Apr/2025:04:26:34 +0200] "GET /Jurek/aw/feeds/aw_fnacfr.xml HTTP/1.0" 404 3551 "-" "-"
46.101.116.244 - - [11/Apr/2025:04:26:43 +0200] "GET /Jurek/hurtownia_przemyslowa/feeds/hp_fnacfr.xml HTTP/1.0" 200 49362765 "-" "-"
46.101.116.244 - - [11/Apr/2025:04:26:47 +0200] "GET /Jurek/vidaSI/feeds/vidaSI_mallsh.xml HTTP/2.0" 200 624995498 "-" "-"
51.77.52.107 - - [11/Apr/2025:04:26:49 +0200] "GET /Jurek/eurofirany/images/465045/0.jpg HTTP/2.0" 200 76044 "-" "baselinker"
89.161.206.59 - - [11/Apr/2025:04:26:51 +0200] "GET /Jurek/muminky/feeds/muminky_cdsc.xml HTTP/1.0" 200 2935905 "-" "-"
89.161.206.59 - - [11/Apr/2025:04:26:51 +0200] "GET /Jurek/nexus/feeds/nexus_cdsc.xml HTTP/1.0" 200 325919 "-" "-"
89.161.206.59 - - [11/Apr/2025:04:26:52 +0200] "GET /Jurek/tsjerzy/feeds/tsjerzy_cdsc.xml HTTP/1.0" 200 4383203 "-" "-"
51.77.52.107 - - [11/Apr/2025:04:27:04 +0200] "GET /Jurek/eurofirany/images/463841/0.jpg HTTP/2.0" 200 43631 "-" "baselinker"
51.77.52.107 - - [11/Apr/2025:04:27:09 +0200] "GET /Jurek/eurofirany/images/463841/0.jpg HTTP/2.0" 200 43631 "-" "baselinker"
51.77.52.107 - - [11/Apr/2025:04:27:20 +0200] "GET /Jurek/eurofirany/images/463841/0.jpg HTTP/2.0" 200 43631 "-" "baselinker"
185.6.76.166 - - [11/Apr/2025:04:27:29 +0200] "GET /Jurek/topeshop/downloaded_images/5902838469316_1.jpg HTTP/1.1" 404 3551 "-" "Skroutz ImageBot v1"
185.6.76.166 - - [11/Apr/2025:04:27:29 +0200] "GET /Jurek/topeshop/downloaded_images/5904507209407_3.jpg HTTP/1.1" 404 3551 "-" "Skroutz ImageBot v1"
185.6.76.166 - - [11/Apr/2025:04:27:29 +0200] "GET /Jurek/topeshop/downloaded_images/5904507209476_Marina2s_kaszmir_slim_bry%C5%82ka(2).jpg HTTP/1.1" 404 3551 "-" "Skroutz ImageBot v1"
185.6.76.166 - - [11/Apr/2025:04:27:29 +0200] "GET /Jurek/topeshop/downloaded_images/5904507209391_profilowe.jpg HTTP/1.1" 404 3551 "-" "Skroutz ImageBot v1"
185.6.76.166 - - [11/Apr/2025:04:27:29 +0200] "GET /Jurek/topeshop/downloaded_images/5904507209469_pROFILOWEMARINAkASZ.jpg HTTP/1.1" 404 3551 "-" "Skroutz ImageBot v1"
185.6.76.166 - - [11/Apr/2025:04:27:30 +0200] "GET /Jurek/topeshop/downloaded_images/5904507209445_modern1p-slim20st.jpg HTTP/1.1" 404 3551 "-" "Skroutz ImageBot v1"
51.77.52.107 - - [11/Apr/2025:04:27:31 +0200] "GET /Jurek/eurofirany/images/463842/0.jpg HTTP/2.0" 200 49975 "-" "baselinker"
185.6.76.166 - - [11/Apr/2025:04:27:35 +0200] "GET /Jurek/topeshop/downloaded_images/5902838461761_brylki_.RGB_color.0002.png HTTP/1.1" 404 3551 "-" "Skroutz ImageBot v1"
51.77.52.107 - - [11/Apr/2025:04:27:52 +0200] "GET /Jurek/eurofirany/images/463842/0.jpg HTTP/2.0" 200 49975 "-" "baselinker"
89.161.206.59 - - [11/Apr/2025:04:27:57 +0200] "GET /Jurek/lampart/feeds/lampart_bol.xml HTTP/1.0" 200 936026 "-" "-"
89.161.206.59 - - [11/Apr/2025:04:27:58 +0200] "GET /Jurek/drops/feeds/dropsofficecolection_bol.xml HTTP/1.0" 200 790621 "-" "-"
89.161.206.59 - - [11/Apr/2025:04:27:58 +0200] "GET /Jurek/bloomglow/feeds/bloomglow_bol.xml HTTP/1.0" 200 14095288 "-" "-"
89.161.206.59 - - [11/Apr/2025:04:28:02 +0200] "GET /Jurek/dekornatort/feeds/dekornatort_bol.xml HTTP/1.0" 200 225750 "-" "-"
89.161.206.59 - - [11/Apr/2025:04:28:02 +0200] "GET /Jurek/rovato/feeds/rovato_bol.xml HTTP/1.0" 200 180832 "-" "-"
51.77.52.107 - - [11/Apr/2025:04:28:04 +0200] "GET /Jurek/eurofirany/images/463842/0.jpg HTTP/2.0" 200 49975 "-" "baselinker"
51.77.52.107 - - [11/Apr/2025:04:28:09 +0200] "GET /Jurek/eurofirany/images/463843/0.jpg HTTP/2.0" 200 51331 "-" "baselinker"
51.77.52.107 - - [11/Apr/2025:04:28:13 +0200] "GET /Jurek/eurofirany/images/463843/0.jpg HTTP/2.0" 200 51331 "-" "baselinker"
51.77.52.107 - - [11/Apr/2025:04:28:16 +0200] "GET /Jurek/eurofirany/images/463843/0.jpg HTTP/2.0" 200 51331 "-" "baselinker"
51.77.52.107 - - [11/Apr/2025:04:28:35 +0200] "GET /Jurek/eurofirany/images/463844/0.jpg HTTP/2.0" 200 68901 "-" "baselinker"
51.77.52.107 - - [11/Apr/2025:04:28:53 +0200] "GET /Jurek/eurofirany/images/463844/0.jpg HTTP/2.0" 200 68901 "-" "baselinker"
51.77.52.107 - - [11/Apr/2025:04:29:12 +0200] "GET /Jurek/eurofirany/images/463844/0.jpg HTTP/2.0" 200 68901 "-" "baselinker"
51.77.52.107 - - [11/Apr/2025:04:29:30 +0200] "GET /Jurek/eurofirany/images/463845/0.jpg HTTP/2.0" 200 78308 "-" "baselinker"
51.77.52.107 - - [11/Apr/2025:04:29:50 +0200] "GET /Jurek/eurofirany/images/463845/0.jpg HTTP/2.0" 200 78308 "-" "baselinker"
51.77.52.107 - - [11/Apr/2025:04:29:56 +0200] "GET /Jurek/eurofirany/images/463845/0.jpg HTTP/2.0" 200 78308 "-" "baselinker"
51.77.52.107 - - [11/Apr/2025:04:30:15 +0200] "GET /Jurek/eurofirany/images/463846/0.jpg HTTP/2.0" 200 84882 "-" "baselinker"
51.77.52.107 - - [11/Apr/2025:04:30:20 +0200] "GET /Jurek/eurofirany/images/463846/0.jpg HTTP/2.0" 200 84882 "-" "baselinker"
51.77.52.107 - - [11/Apr/2025:04:30:36 +0200] "GET /Jurek/eurofirany/images/463846/0.jpg HTTP/2.0" 200 84882 "-" "baselinker"
51.77.52.107 - - [11/Apr/2025:04:30:42 +0200] "GET /Jurek/eurofirany/images/463847/0.jpg HTTP/2.0" 200 65627 "-" "baselinker"
185.6.76.166 - - [11/Apr/2025:04:30:53 +0200] "GET /Jurek/eurofirany/images/433263/0.jpg HTTP/1.1" 200 6625 "-" "Skroutz ImageBot v1"
185.6.76.166 - - [11/Apr/2025:04:30:53 +0200] "GET /Jurek/eurofirany/images/433260/0.jpg HTTP/1.1" 200 6625 "-" "Skroutz ImageBot v1"
5.134.208.158 - - [11/Apr/2025:04:30:59 +0200] "GET /Jurek/eurofirany/images/467998/0.jpg HTTP/1.1" 206 256 "https://www.ceneo.pl" "Mozilla/5.0 (Windows NT 10.0; Win64; x64) AppleWebKit/537.36 (KHTML, like Gecko) Chrome/87.0.4280.141 Safari/537.36"
51.77.52.107 - - [11/Apr/2025:04:31:01 +0200] "GET /Jurek/eurofirany/images/463847/0.jpg HTTP/2.0" 200 65627 "-" "baselinker"
51.77.52.107 - - [11/Apr/2025:04:31:05 +0200] "GET /Jurek/eurofirany/images/463847/0.jpg HTTP/2.0" 200 65627 "-" "baselinker"
185.6.76.166 - - [11/Apr/2025:04:31:06 +0200] "GET /Jurek/eurofirany/images/433253/0.jpg HTTP/1.1" 200 6625 "-" "Skroutz ImageBot v1"
185.6.76.166 - - [11/Apr/2025:04:31:06 +0200] "GET /Jurek/eurofirany/images/433254/0.jpg HTTP/1.1" 200 6625 "-" "Skroutz ImageBot v1"
185.6.76.166 - - [11/Apr/2025:04:31:06 +0200] "GET /Jurek/eurofirany/images/433249/0.jpg HTTP/1.1" 200 6625 "-" "Skroutz ImageBot v1"
185.6.76.166 - - [11/Apr/2025:04:31:08 +0200] "GET /Jurek/topeshop/downloaded_images/5904507209407_3.jpg HTTP/1.1" 404 3551 "-" "Skroutz ImageBot v1"
51.77.52.107 - - [11/Apr/2025:04:31:08 +0200] "GET /Jurek/eurofirany/images/463848/0.jpg HTTP/2.0" 200 62610 "-" "baselinker"
51.77.52.107 - - [11/Apr/2025:04:31:13 +0200] "GET /Jurek/eurofirany/images/463848/0.jpg HTTP/2.0" 200 62610 "-" "baselinker"
51.77.52.107 - - [11/Apr/2025:04:31:18 +0200] "GET /Jurek/eurofirany/images/463848/0.jpg HTTP/2.0" 200 62610 "-" "baselinker"
51.77.52.107 - - [11/Apr/2025:04:31:22 +0200] "GET /Jurek/eurofirany/images/463849/0.jpg HTTP/2.0" 200 77632 "-" "baselinker"
51.77.52.107 - - [11/Apr/2025:04:31:27 +0200] "GET /Jurek/eurofirany/images/463849/0.jpg HTTP/2.0" 200 77632 "-" "baselinker"
5.134.208.158 - - [11/Apr/2025:04:31:42 +0200] "GET /Jurek/eurofirany/images/458734/0.jpg HTTP/1.1" 206 256 "https://www.ceneo.pl" "Mozilla/5.0 (Windows NT 10.0; Win64; x64) AppleWebKit/537.36 (KHTML, like Gecko) Chrome/87.0.4280.141 Safari/537.36"
51.77.52.107 - - [11/Apr/2025:04:31:43 +0200] "GET /Jurek/eurofirany/images/463849/0.jpg HTTP/2.0" 200 77632 "-" "baselinker"
51.77.52.107 - - [11/Apr/2025:04:32:03 +0200] "GET /Jurek/eurofirany/images/463851/0.jpg HTTP/2.0" 200 80489 "-" "baselinker"
51.77.52.107 - - [11/Apr/2025:04:32:23 +0200] "GET /Jurek/eurofirany/images/463851/0.jpg HTTP/2.0" 200 80489 "-" "baselinker"
51.77.52.107 - - [11/Apr/2025:04:32:38 +0200] "GET /Jurek/eurofirany/images/463851/0.jpg HTTP/2.0" 200 80489 "-" "baselinker"
51.77.52.107 - - [11/Apr/2025:04:32:43 +0200] "GET /Jurek/eurofirany/images/463852/0.jpg HTTP/2.0" 200 91164 "-" "baselinker"
51.77.52.107 - - [11/Apr/2025:04:32:50 +0200] "GET /Jurek/eurofirany/images/463852/0.jpg HTTP/2.0" 200 91164 "-" "baselinker"
51.77.52.107 - - [11/Apr/2025:04:32:55 +0200] "GET /Jurek/eurofirany/images/463852/0.jpg HTTP/2.0" 200 91164 "-" "baselinker"
51.77.52.107 - - [11/Apr/2025:04:32:59 +0200] "GET /Jurek/eurofirany/images/463853/0.jpg HTTP/2.0" 200 69812 "-" "baselinker"
51.77.52.107 - - [11/Apr/2025:04:33:12 +0200] "GET /Jurek/eurofirany/images/463853/0.jpg HTTP/2.0" 200 69812 "-" "baselinker"
51.77.52.107 - - [11/Apr/2025:04:33:19 +0200] "GET /Jurek/eurofirany/images/463853/0.jpg HTTP/2.0" 200 69812 "-" "baselinker"
51.77.52.107 - - [11/Apr/2025:04:33:23 +0200] "GET /Jurek/eurofirany/images/463854/0.jpg HTTP/2.0" 200 83057 "-" "baselinker"
51.77.52.107 - - [11/Apr/2025:04:33:36 +0200] "GET /Jurek/eurofirany/images/463854/0.jpg HTTP/2.0" 200 83057 "-" "baselinker"
51.77.52.107 - - [11/Apr/2025:04:33:48 +0200] "GET /Jurek/eurofirany/images/463854/0.jpg HTTP/2.0" 200 83057 "-" "baselinker"
51.77.52.107 - - [11/Apr/2025:04:33:53 +0200] "GET /Jurek/eurofirany/images/463855/0.jpg HTTP/2.0" 200 85547 "-" "baselinker"
51.77.52.107 - - [11/Apr/2025:04:33:58 +0200] "GET /Jurek/eurofirany/images/463855/0.jpg HTTP/2.0" 200 85547 "-" "baselinker"
51.77.52.107 - - [11/Apr/2025:04:34:14 +0200] "GET /Jurek/eurofirany/images/463855/0.jpg HTTP/2.0" 200 85547 "-" "baselinker"
51.77.52.107 - - [11/Apr/2025:04:34:18 +0200] "GET /Jurek/eurofirany/images/463856/0.jpg HTTP/2.0" 200 69646 "-" "baselinker"
51.77.52.107 - - [11/Apr/2025:04:34:32 +0200] "GET /Jurek/eurofirany/images/463856/0.jpg HTTP/2.0" 200 69646 "-" "baselinker"
51.77.52.107 - - [11/Apr/2025:04:34:34 +0200] "GET /Jurek/eurofirany/images/463856/0.jpg HTTP/2.0" 200 69646 "-" "baselinker"
51.77.52.107 - - [11/Apr/2025:04:34:40 +0200] "GET /Jurek/eurofirany/images/463857/0.jpg HTTP/2.0" 200 77662 "-" "baselinker"
51.77.52.107 - - [11/Apr/2025:04:34:45 +0200] "GET /Jurek/eurofirany/images/463857/0.jpg HTTP/2.0" 200 77662 "-" "baselinker"
51.77.52.107 - - [11/Apr/2025:04:34:49 +0200] "GET /Jurek/eurofirany/images/463857/0.jpg HTTP/2.0" 200 77662 "-" "baselinker"
51.77.52.107 - - [11/Apr/2025:04:34:53 +0200] "GET /Jurek/eurofirany/images/464055/0.jpg HTTP/2.0" 200 77983 "-" "baselinker"
52.17.80.36 - - [11/Apr/2025:04:34:57 +0200] "GET /marketplaces/worten2/results/worten.csv HTTP/1.1" 200 147218 "-" "Mirakl HttpClient"
51.77.52.107 - - [11/Apr/2025:04:34:57 +0200] "GET /Jurek/eurofirany/images/464055/0.jpg HTTP/2.0" 200 77983 "-" "baselinker"
51.77.52.107 - - [11/Apr/2025:04:35:02 +0200] "GET /Jurek/eurofirany/images/464055/0.jpg HTTP/2.0" 200 77983 "-" "baselinker"
51.77.52.107 - - [11/Apr/2025:04:35:06 +0200] "GET /Jurek/eurofirany/images/464343/0.jpg HTTP/2.0" 200 140851 "-" "baselinker"
185.6.76.166 - - [11/Apr/2025:04:35:11 +0200] "GET /Jurek/eurofirany/images/432282/0.jpg HTTP/1.1" 200 6625 "-" "Skroutz ImageBot v1"
185.6.76.166 - - [11/Apr/2025:04:35:12 +0200] "GET /Jurek/eurofirany/images/432282/0.jpg HTTP/1.1" 200 6625 "-" "Skroutz ImageBot v1"
185.6.76.166 - - [11/Apr/2025:04:35:12 +0200] "GET /Jurek/eurofirany/images/5638/0.jpg HTTP/1.1" 200 6625 "-" "Skroutz ImageBot v1"
185.6.76.166 - - [11/Apr/2025:04:35:12 +0200] "GET /Jurek/eurofirany/images/45095/0.jpg HTTP/1.1" 200 6625 "-" "Skroutz ImageBot v1"
51.77.52.107 - - [11/Apr/2025:04:35:22 +0200] "GET /Jurek/eurofirany/images/464343/0.jpg HTTP/2.0" 200 140851 "-" "baselinker"
51.77.52.107 - - [11/Apr/2025:04:35:36 +0200] "GET /Jurek/eurofirany/images/464343/0.jpg HTTP/2.0" 200 140851 "-" "baselinker"
89.161.206.59 - - [11/Apr/2025:04:35:42 +0200] "GET /Jurek/bass/feeds/bass_amazonfr.xml HTTP/1.0" 200 3984422 "-" "-"
89.161.206.59 - - [11/Apr/2025:04:35:42 +0200] "GET /Jurek/bass/feeds/bass_amazonit.xml HTTP/1.0" 200 3984500 "-" "-"
89.161.206.59 - - [11/Apr/2025:04:35:42 +0200] "GET /Jurek/bass/feeds/bass_amazonnl.xml HTTP/1.0" 200 3984390 "-" "-"
89.161.206.59 - - [11/Apr/2025:04:35:42 +0200] "GET /Jurek/bass/feeds/bass_amazones.xml HTTP/1.0" 200 3984501 "-" "-"
89.161.206.59 - - [11/Apr/2025:04:35:43 +0200] "GET /Jurek/bass/feeds/bass_amazonse.xml HTTP/1.0" 200 3986206 "-" "-"
89.161.206.59 - - [11/Apr/2025:04:35:52 +0200] "GET /Jurek/kambukka/feeds/kambukka_amazonfr.xml HTTP/1.0" 200 1021381 "-" "-"
89.161.206.59 - - [11/Apr/2025:04:35:52 +0200] "GET /Jurek/kambukka/feeds/kambukka_amazonit.xml HTTP/1.0" 200 1021383 "-" "-"
51.77.52.107 - - [11/Apr/2025:04:35:52 +0200] "GET /Jurek/eurofirany/images/464345/0.jpg HTTP/2.0" 200 181028 "-" "baselinker"
89.161.206.59 - - [11/Apr/2025:04:35:52 +0200] "GET /Jurek/kambukka/feeds/kambukka_amazones.xml HTTP/1.0" 200 1021375 "-" "-"
89.161.206.59 - - [11/Apr/2025:04:35:52 +0200] "GET /Jurek/kambukka/feeds/kambukka_amazonnl.xml HTTP/1.0" 200 1021377 "-" "-"
89.161.206.59 - - [11/Apr/2025:04:35:52 +0200] "GET /Jurek/kambukka/feeds/kambukka_amazonse.xml HTTP/1.0" 200 1021506 "-" "-"
89.161.206.59 - - [11/Apr/2025:04:35:53 +0200] "GET /Jurek/hdwr/feeds/hdwr_amazonse.xml HTTP/1.0" 200 789686 "-" "-"
51.77.52.107 - - [11/Apr/2025:04:36:07 +0200] "GET /Jurek/eurofirany/images/464345/0.jpg HTTP/2.0" 200 181028 "-" "baselinker"
89.161.206.59 - - [11/Apr/2025:04:36:07 +0200] "GET /Jurek/sportprise/feeds/sportprise_amazonde.xml HTTP/1.0" 200 11782257 "-" "-"
46.101.116.244 - - [11/Apr/2025:04:36:14 +0200] "GET /Jurek/aw/feeds/aw_fnacfr.xml HTTP/1.0" 404 3551 "-" "-"
51.77.52.107 - - [11/Apr/2025:04:36:20 +0200] "GET /Jurek/eurofirany/images/464345/0.jpg HTTP/2.0" 200 181028 "-" "baselinker"
185.6.76.166 - - [11/Apr/2025:04:36:21 +0200] "GET /Jurek/eurofirany/images/440482/0.jpg HTTP/1.1" 200 33 "-" "Skroutz ImageBot v1"
185.6.76.166 - - [11/Apr/2025:04:36:21 +0200] "GET /Jurek/eurofirany/images/440496/0.jpg HTTP/1.1" 200 33 "-" "Skroutz ImageBot v1"
185.6.76.166 - - [11/Apr/2025:04:36:21 +0200] "GET /Jurek/eurofirany/images/440489/0.jpg HTTP/1.1" 200 33 "-" "Skroutz ImageBot v1"
185.6.76.166 - - [11/Apr/2025:04:36:21 +0200] "GET /Jurek/eurofirany/images/440493/0.jpg HTTP/1.1" 200 33 "-" "Skroutz ImageBot v1"
185.6.76.166 - - [11/Apr/2025:04:36:22 +0200] "GET /Jurek/eurofirany/images/432603/0.jpg HTTP/1.1" 200 33 "-" "Skroutz ImageBot v1"
185.6.76.166 - - [11/Apr/2025:04:36:22 +0200] "GET /Jurek/eurofirany/images/441718/0.jpg HTTP/1.1" 200 33 "-" "Skroutz ImageBot v1"
51.77.52.107 - - [11/Apr/2025:04:36:35 +0200] "GET /Jurek/eurofirany/images/464348/0.jpg HTTP/2.0" 200 134098 "-" "baselinker"
51.77.52.107 - - [11/Apr/2025:04:36:48 +0200] "GET /Jurek/eurofirany/images/464348/0.jpg HTTP/2.0" 200 134098 "-" "baselinker"
51.77.52.107 - - [11/Apr/2025:04:37:13 +0200] "GET /Jurek/eurofirany/images/464348/0.jpg HTTP/2.0" 200 134098 "-" "baselinker"
185.6.76.166 - - [11/Apr/2025:04:37:32 +0200] "GET /Jurek/eurofirany/images/426270/0.jpg HTTP/1.1" 200 6625 "-" "Skroutz ImageBot v1"
185.6.76.166 - - [11/Apr/2025:04:37:32 +0200] "GET /Jurek/eurofirany/images/426273/0.jpg HTTP/1.1" 200 6625 "-" "Skroutz ImageBot v1"
51.77.52.107 - - [11/Apr/2025:04:37:34 +0200] "GET /Jurek/eurofirany/images/464349/0.jpg HTTP/2.0" 200 170850 "-" "baselinker"
51.77.52.107 - - [11/Apr/2025:04:37:53 +0200] "GET /Jurek/eurofirany/images/464349/0.jpg HTTP/2.0" 200 170850 "-" "baselinker"
51.77.52.107 - - [11/Apr/2025:04:38:11 +0200] "GET /Jurek/eurofirany/images/464349/0.jpg HTTP/2.0" 200 170850 "-" "baselinker"
51.77.52.107 - - [11/Apr/2025:04:38:28 +0200] "GET /Jurek/eurofirany/images/464355/0.jpg HTTP/2.0" 200 117613 "-" "baselinker"
66.135.223.40 - - [11/Apr/2025:04:38:29 +0200] "GET /Jurek/topeshop/downloaded_images/5902838468807_DUOARTISANBRY%C5%81KAFRONTZM.jpg HTTP/1.1" 404 3551 "http://www.ebay.com/" "Mozilla/4.0 (compatible; MSIE 4.01; Windows NT)"
66.135.223.41 - - [11/Apr/2025:04:38:29 +0200] "GET /Jurek/topeshop/downloaded_images/5902838468807_ARTISANBOKOT.jpg HTTP/1.1" 404 3551 "http://www.ebay.com/" "Mozilla/4.0 (compatible; MSIE 4.01; Windows NT)"
66.135.223.42 - - [11/Apr/2025:04:38:30 +0200] "GET /Jurek/topeshop/downloaded_images/5902838468807_DUOARTISANBRY%C5%81KABOKZM.jpg HTTP/1.1" 404 3551 "http://www.ebay.com/" "Mozilla/4.0 (compatible; MSIE 4.01; Windows NT)"
66.135.223.42 - - [11/Apr/2025:04:38:30 +0200] "GET /Jurek/topeshop/downloaded_images/5902838468807_DUOARTISANBRY%C5%81KAFRONTOT.jpg HTTP/1.1" 404 3551 "http://www.ebay.com/" "Mozilla/4.0 (compatible; MSIE 4.01; Windows NT)"
66.135.223.44 - - [11/Apr/2025:04:38:30 +0200] "GET /Jurek/topeshop/downloaded_images/5902838468807_ARTISANBOKZM.jpg HTTP/1.1" 404 3551 "http://www.ebay.com/" "Mozilla/4.0 (compatible; MSIE 4.01; Windows NT)"
66.135.223.41 - - [11/Apr/2025:04:38:30 +0200] "GET /Jurek/topeshop/downloaded_images/5902838468807_DUOARTISANBRY%C5%81KABOKOT.jpg HTTP/1.1" 404 3551 "http://www.ebay.com/" "Mozilla/4.0 (compatible; MSIE 4.01; Windows NT)"
66.135.223.40 - - [11/Apr/2025:04:38:30 +0200] "GET /Jurek/topeshop/downloaded_images/5902838468807_ARTISANFRONTZM.jpg HTTP/1.1" 404 3551 "http://www.ebay.com/" "Mozilla/4.0 (compatible; MSIE 4.01; Windows NT)"
51.77.52.107 - - [11/Apr/2025:04:38:47 +0200] "GET /Jurek/eurofirany/images/464355/0.jpg HTTP/2.0" 200 117613 "-" "baselinker"
46.101.116.244 - - [11/Apr/2025:04:38:59 +0200] "GET /Jurek/chemex/feeds/chemex_empik.xml HTTP/1.0" 200 47822490 "-" "-"
51.77.52.107 - - [11/Apr/2025:04:39:05 +0200] "GET /Jurek/eurofirany/images/464355/0.jpg HTTP/2.0" 200 117613 "-" "baselinker"
5.134.208.158 - - [11/Apr/2025:04:39:12 +0200] "GET /Jurek/eurofirany/images/430775/0.jpg HTTP/1.1" 206 256 "https://www.ceneo.pl" "Mozilla/5.0 (Windows NT 10.0; Win64; x64) AppleWebKit/537.36 (KHTML, like Gecko) Chrome/87.0.4280.141 Safari/537.36"
51.77.52.107 - - [11/Apr/2025:04:39:26 +0200] "GET /Jurek/eurofirany/images/464357/0.jpg HTTP/2.0" 200 171717 "-" "baselinker"
89.161.206.59 - - [11/Apr/2025:04:39:28 +0200] "GET /Jurek/cenoman/feeds/cenoman_cdsc.xml HTTP/1.0" 200 4589305 "-" "-"
51.77.52.107 - - [11/Apr/2025:04:39:46 +0200] "GET /Jurek/eurofirany/images/464357/0.jpg HTTP/2.0" 200 171717 "-" "baselinker"
51.77.52.107 - - [11/Apr/2025:04:40:07 +0200] "GET /Jurek/eurofirany/images/464357/0.jpg HTTP/2.0" 200 171717 "-" "baselinker"
51.77.52.107 - - [11/Apr/2025:04:40:13 +0200] "GET /Jurek/eurofirany/images/464362/0.jpg HTTP/2.0" 200 114189 "-" "baselinker"
51.77.52.107 - - [11/Apr/2025:04:40:36 +0200] "GET /Jurek/eurofirany/images/464362/0.jpg HTTP/2.0" 200 114189 "-" "baselinker"
51.77.52.107 - - [11/Apr/2025:04:40:56 +0200] "GET /Jurek/eurofirany/images/464362/0.jpg HTTP/2.0" 200 114189 "-" "baselinker"
46.101.116.244 - - [11/Apr/2025:04:41:09 +0200] "GET /Jurek/aw/feeds/aw_fnacfr.xml HTTP/1.0" 404 3551 "-" "-"
51.77.52.107 - - [11/Apr/2025:04:41:11 +0200] "GET /Jurek/eurofirany/images/464363/0.jpg HTTP/2.0" 200 162229 "-" "baselinker"
51.77.52.107 - - [11/Apr/2025:04:41:30 +0200] "GET /Jurek/eurofirany/images/464363/0.jpg HTTP/2.0" 200 162229 "-" "baselinker"
51.77.52.107 - - [11/Apr/2025:04:41:49 +0200] "GET /Jurek/eurofirany/images/464363/0.jpg HTTP/2.0" 200 162229 "-" "baselinker"
89.161.206.59 - - [11/Apr/2025:04:42:01 +0200] "GET /Jurek/proparts/feeds/proparts_emagro.xml HTTP/1.0" 200 707608 "-" "-"
89.161.206.59 - - [11/Apr/2025:04:42:01 +0200] "GET /Jurek/cdata/feeds/cdata_emagro.xml HTTP/1.0" 200 1445601 "-" "-"
51.77.52.107 - - [11/Apr/2025:04:42:11 +0200] "GET /Jurek/eurofirany/images/464364/0.jpg HTTP/2.0" 200 112791 "-" "baselinker"
51.77.52.107 - - [11/Apr/2025:04:42:29 +0200] "GET /Jurek/eurofirany/images/464364/0.jpg HTTP/2.0" 200 112791 "-" "baselinker"
51.77.52.107 - - [11/Apr/2025:04:42:48 +0200] "GET /Jurek/eurofirany/images/464364/0.jpg HTTP/2.0" 200 112791 "-" "baselinker"
51.77.52.107 - - [11/Apr/2025:04:43:04 +0200] "GET /Jurek/eurofirany/images/464365/0.jpg HTTP/2.0" 200 117529 "-" "baselinker"
185.6.76.166 - - [11/Apr/2025:04:43:10 +0200] "GET /Jurek/eurofirany/images/433270/0.jpg HTTP/1.1" 200 6625 "-" "Skroutz ImageBot v1"
185.6.76.166 - - [11/Apr/2025:04:43:10 +0200] "GET /Jurek/eurofirany/images/433268/0.jpg HTTP/1.1" 200 6625 "-" "Skroutz ImageBot v1"
51.77.52.107 - - [11/Apr/2025:04:43:20 +0200] "GET /Jurek/eurofirany/images/464365/0.jpg HTTP/2.0" 200 117529 "-" "baselinker"
51.77.52.107 - - [11/Apr/2025:04:43:37 +0200] "GET /Jurek/eurofirany/images/464365/0.jpg HTTP/2.0" 200 117529 "-" "baselinker"
51.77.52.107 - - [11/Apr/2025:04:43:49 +0200] "GET /Jurek/eurofirany/images/464366/0.jpg HTTP/2.0" 200 116960 "-" "baselinker"
51.77.52.107 - - [11/Apr/2025:04:43:57 +0200] "GET /Jurek/eurofirany/images/464366/0.jpg HTTP/2.0" 200 116960 "-" "baselinker"
51.77.52.107 - - [11/Apr/2025:04:44:11 +0200] "GET /Jurek/eurofirany/images/464366/0.jpg HTTP/2.0" 200 116960 "-" "baselinker"
46.101.116.244 - - [11/Apr/2025:04:44:24 +0200] "GET /Jurek/eurofirany/feeds/eurofirany_ceneo.xml HTTP/1.0" 200 19349748 "-" "-"
51.77.52.107 - - [11/Apr/2025:04:44:27 +0200] "GET /Jurek/eurofirany/images/464368/0.jpg HTTP/2.0" 200 114433 "-" "baselinker"
51.77.52.107 - - [11/Apr/2025:04:44:41 +0200] "GET /Jurek/eurofirany/images/464368/0.jpg HTTP/2.0" 200 114433 "-" "baselinker"
51.77.52.107 - - [11/Apr/2025:04:44:48 +0200] "GET /Jurek/eurofirany/images/464368/0.jpg HTTP/2.0" 200 114433 "-" "baselinker"
51.77.52.107 - - [11/Apr/2025:04:45:05 +0200] "GET /Jurek/eurofirany/images/467755/0.jpg HTTP/2.0" 200 143280 "-" "baselinker"
51.77.52.107 - - [11/Apr/2025:04:45:21 +0200] "GET /Jurek/eurofirany/images/467755/0.jpg HTTP/2.0" 200 143280 "-" "baselinker"
51.77.52.107 - - [11/Apr/2025:04:45:34 +0200] "GET /Jurek/eurofirany/images/467755/0.jpg HTTP/2.0" 200 143280 "-" "baselinker"
51.77.52.107 - - [11/Apr/2025:04:45:56 +0200] "GET /Jurek/eurofirany/images/467757/0.jpg HTTP/2.0" 200 138023 "-" "baselinker"
46.101.116.244 - - [11/Apr/2025:04:46:13 +0200] "GET /Jurek/aw/feeds/aw_fnacfr.xml HTTP/1.0" 404 3551 "-" "-"
51.77.52.107 - - [11/Apr/2025:04:46:14 +0200] "GET /Jurek/eurofirany/images/467757/0.jpg HTTP/2.0" 200 138023 "-" "baselinker"
51.77.52.107 - - [11/Apr/2025:04:46:30 +0200] "GET /Jurek/eurofirany/images/467757/0.jpg HTTP/2.0" 200 138023 "-" "baselinker"
51.77.52.107 - - [11/Apr/2025:04:46:46 +0200] "GET /Jurek/eurofirany/images/466414/0.jpg HTTP/2.0" 200 93532 "-" "baselinker"
51.77.52.107 - - [11/Apr/2025:04:47:05 +0200] "GET /Jurek/eurofirany/images/466414/0.jpg HTTP/2.0" 200 93532 "-" "baselinker"
51.77.52.107 - - [11/Apr/2025:04:47:22 +0200] "GET /Jurek/eurofirany/images/466414/0.jpg HTTP/2.0" 200 93532 "-" "baselinker"
51.77.52.107 - - [11/Apr/2025:04:47:35 +0200] "GET /Jurek/eurofirany/images/466415/0.jpg HTTP/2.0" 200 104197 "-" "baselinker"
51.77.52.107 - - [11/Apr/2025:04:47:52 +0200] "GET /Jurek/eurofirany/images/466415/0.jpg HTTP/2.0" 200 104197 "-" "baselinker"
51.77.52.107 - - [11/Apr/2025:04:48:01 +0200] "GET /Jurek/eurofirany/images/466415/0.jpg HTTP/2.0" 200 104197 "-" "baselinker"
89.161.206.59 - - [11/Apr/2025:04:48:14 +0200] "GET /Jurek/eurofirany/feeds/eurofirany_ebay.xml HTTP/1.0" 200 19237460 "-" "-"
