77.79.248.229 - - [11/Apr/2025:11:44:32 +0200] "GET /Jurek/biokominki/feeds/biokominki_leroy.xml HTTP/1.1" 200 1422255 "-" "Python-urllib/3.11"
77.79.248.229 - - [11/Apr/2025:11:44:32 +0200] "GET /Jurek/newtechele/feeds/newtechele_leroy.xml HTTP/1.1" 200 2438522 "-" "Python-urllib/3.11"
77.79.248.229 - - [11/Apr/2025:11:44:32 +0200] "GET /Jurek/matkam/feeds/matkam_leroy.xml HTTP/1.1" 200 5000682 "-" "Python-urllib/3.11"
77.79.248.229 - - [11/Apr/2025:11:44:32 +0200] "GET /Jurek/cenoman/feeds/cenoman_leroy.xml HTTP/1.1" 200 5993170 "-" "Python-urllib/3.11"
77.79.248.229 - - [11/Apr/2025:11:44:33 +0200] "GET /Jurek/kamar/feeds/kamar_leroy.xml HTTP/1.1" 200 25550283 "-" "Python-urllib/3.11"
77.79.248.229 - - [11/Apr/2025:11:44:33 +0200] "GET /Jurek/avenido/feeds/avenido_leroy.xml HTTP/1.1" 200 720081 "-" "Python-urllib/3.11"
77.79.248.229 - - [11/Apr/2025:11:44:33 +0200] "GET /Jurek/zenex/feeds/zenex_leroy.xml HTTP/1.1" 200 540149 "-" "Python-urllib/3.11"
77.79.248.229 - - [11/Apr/2025:11:44:33 +0200] "GET /Jurek/filmal/feeds/filmal_leroy.xml HTTP/1.1" 200 139277 "-" "Python-urllib/3.11"
77.79.248.229 - - [11/Apr/2025:11:44:33 +0200] "GET /Jurek/makow/feeds/makow_leroy.xml HTTP/1.1" 200 21203764 "-" "Python-urllib/3.11"
77.79.248.229 - - [11/Apr/2025:11:44:33 +0200] "GET /Jurek/szpaklampy/feeds/szpaklampy_leroy.xml HTTP/1.1" 200 388219 "-" "Python-urllib/3.11"
77.79.248.229 - - [11/Apr/2025:11:44:33 +0200] "GET /Jurek/apresto/feeds/apresto_leroy.xml HTTP/1.1" 200 1327679 "-" "Python-urllib/3.11"
77.79.248.229 - - [11/Apr/2025:11:44:34 +0200] "GET /Jurek/nexus/feeds/nexus_leroy.xml HTTP/1.1" 200 226636 "-" "Python-urllib/3.11"
77.79.248.229 - - [11/Apr/2025:11:44:34 +0200] "GET /Jurek/em3/feeds/em3_leroy.xml HTTP/1.1" 200 258925 "-" "Python-urllib/3.11"
77.79.248.229 - - [11/Apr/2025:11:44:34 +0200] "GET /Jurek/mojeledy/feeds/mojeledy_leroy.xml HTTP/1.1" 200 1018426 "-" "Python-urllib/3.11"
77.79.248.229 - - [11/Apr/2025:11:44:34 +0200] "GET /Jurek/carbonyway/feeds/carbonyway_leroy.xml HTTP/1.1" 200 3075998 "-" "Python-urllib/3.11"
77.79.248.229 - - [11/Apr/2025:11:44:34 +0200] "GET /Jurek/kalama/feeds/kalama_leroy.xml HTTP/1.1" 200 2661741 "-" "Python-urllib/3.11"
77.79.248.229 - - [11/Apr/2025:11:44:34 +0200] "GET /Jurek/proadventure/feeds/proadventure_leroy.xml HTTP/1.1" 200 10763576 "-" "Python-urllib/3.11"
77.79.248.229 - - [11/Apr/2025:11:44:34 +0200] "GET /Jurek/sklep24amk/feeds/sklep24amk_leroy.xml HTTP/1.1" 200 3894613 "-" "Python-urllib/3.11"
51.77.52.107 - - [11/Apr/2025:11:44:38 +0200] "GET /Jurek/eurofirany/images/466770/0.jpg HTTP/2.0" 200 133277 "-" "baselinker"
77.79.248.229 - - [11/Apr/2025:11:44:40 +0200] "GET /Jurek/bloomglow/feeds/bloomglow_leroy.xml HTTP/1.1" 200 14095561 "-" "Python-urllib/3.11"
51.77.52.107 - - [11/Apr/2025:11:44:55 +0200] "GET /Jurek/eurofirany/images/469686/0.jpg HTTP/2.0" 200 75854 "-" "baselinker"
51.77.52.107 - - [11/Apr/2025:11:45:10 +0200] "GET /Jurek/eurofirany/images/469686/0.jpg HTTP/2.0" 200 75854 "-" "baselinker"
51.77.52.107 - - [11/Apr/2025:11:45:15 +0200] "GET /Jurek/eurofirany/images/469686/0.jpg HTTP/2.0" 200 75854 "-" "baselinker"
51.77.52.107 - - [11/Apr/2025:11:45:31 +0200] "GET /Jurek/eurofirany/images/464074/0.jpg HTTP/2.0" 200 147629 "-" "baselinker"
51.77.52.107 - - [11/Apr/2025:11:45:58 +0200] "GET /Jurek/eurofirany/images/464074/0.jpg HTTP/2.0" 200 147629 "-" "baselinker"
51.77.52.107 - - [11/Apr/2025:11:46:16 +0200] "GET /Jurek/eurofirany/images/464074/0.jpg HTTP/2.0" 200 147629 "-" "baselinker"
46.101.116.244 - - [11/Apr/2025:11:46:24 +0200] "GET /Jurek/aw/feeds/aw_fnacfr.xml HTTP/1.0" 404 3551 "-" "-"
51.77.52.107 - - [11/Apr/2025:11:46:34 +0200] "GET /Jurek/eurofirany/images/464076/0.jpg HTTP/2.0" 200 147629 "-" "baselinker"
51.77.52.107 - - [11/Apr/2025:11:46:47 +0200] "GET /Jurek/eurofirany/images/464076/0.jpg HTTP/2.0" 200 147629 "-" "baselinker"
51.77.52.107 - - [11/Apr/2025:11:46:52 +0200] "GET /Jurek/eurofirany/images/464076/0.jpg HTTP/2.0" 200 147629 "-" "baselinker"
51.77.52.107 - - [11/Apr/2025:11:46:59 +0200] "GET /Jurek/eurofirany/images/464080/0.jpg HTTP/2.0" 200 148944 "-" "baselinker"
51.77.52.107 - - [11/Apr/2025:11:47:04 +0200] "GET /Jurek/eurofirany/images/464080/0.jpg HTTP/2.0" 200 148944 "-" "baselinker"
51.77.52.107 - - [11/Apr/2025:11:47:28 +0200] "GET /Jurek/eurofirany/images/464080/0.jpg HTTP/2.0" 200 148944 "-" "baselinker"
51.77.52.107 - - [11/Apr/2025:11:47:48 +0200] "GET /Jurek/eurofirany/images/464095/0.jpg HTTP/2.0" 200 169982 "-" "baselinker"
51.77.52.107 - - [11/Apr/2025:11:47:53 +0200] "GET /Jurek/eurofirany/images/464095/0.jpg HTTP/2.0" 200 169982 "-" "baselinker"
51.77.52.107 - - [11/Apr/2025:11:48:04 +0200] "GET /Jurek/eurofirany/images/464095/0.jpg HTTP/2.0" 200 169982 "-" "baselinker"
51.77.52.107 - - [11/Apr/2025:11:48:23 +0200] "GET /Jurek/eurofirany/images/464097/0.jpg HTTP/2.0" 200 172422 "-" "baselinker"
51.77.52.107 - - [11/Apr/2025:11:48:34 +0200] "GET /Jurek/eurofirany/images/464097/0.jpg HTTP/2.0" 200 172422 "-" "baselinker"
51.77.52.107 - - [11/Apr/2025:11:48:53 +0200] "GET /Jurek/eurofirany/images/464097/0.jpg HTTP/2.0" 200 172422 "-" "baselinker"
51.77.52.107 - - [11/Apr/2025:11:49:18 +0200] "GET /Jurek/eurofirany/images/464098/0.jpg HTTP/2.0" 200 162350 "-" "baselinker"
51.77.52.107 - - [11/Apr/2025:11:49:35 +0200] "GET /Jurek/eurofirany/images/464098/0.jpg HTTP/2.0" 200 162350 "-" "baselinker"
51.77.52.107 - - [11/Apr/2025:11:49:50 +0200] "GET /Jurek/eurofirany/images/464098/0.jpg HTTP/2.0" 200 162350 "-" "baselinker"
77.79.248.229 - - [11/Apr/2025:11:50:02 +0200] "GET /Jurek/eurofirany/feeds/eurofirany_allsweet.xml HTTP/1.1" 200 19351101 "-" "Python-urllib/3.11"
77.79.248.229 - - [11/Apr/2025:11:50:03 +0200] "GET /Jurek/ikonka/feeds/ikonka_all_sweet.xml HTTP/1.1" 200 22017303 "-" "Python-urllib/3.11"
77.79.248.229 - - [11/Apr/2025:11:50:03 +0200] "GET /Jurek/stema/feeds/stema_all.xml HTTP/1.1" 200 852026 "-" "Python-urllib/3.11"
77.79.248.229 - - [11/Apr/2025:11:50:04 +0200] "GET /Jurek/eurofirany/feeds/eurofirany_all_cz.xml HTTP/1.1" 200 19366282 "-" "Python-urllib/3.11"
77.79.248.229 - - [11/Apr/2025:11:50:04 +0200] "GET /Jurek/ikonka/feeds/ikonka_all_cz.xml HTTP/1.1" 200 22019249 "-" "Python-urllib/3.11"
77.79.248.229 - - [11/Apr/2025:11:50:05 +0200] "GET /Jurek/stema/feeds/stema_all_cz.xml HTTP/1.1" 200 852457 "-" "Python-urllib/3.11"
77.79.248.229 - - [11/Apr/2025:11:50:05 +0200] "GET /Jurek/eurofirany/feeds/eurofirany_all_sk.xml HTTP/1.1" 200 19345968 "-" "Python-urllib/3.11"
77.79.248.229 - - [11/Apr/2025:11:50:06 +0200] "GET /Jurek/ikonka/feeds/ikonka_all_sk.xml HTTP/1.1" 200 22016595 "-" "Python-urllib/3.11"
77.79.248.229 - - [11/Apr/2025:11:50:06 +0200] "GET /Jurek/stema/feeds/stema_all_sk.xml HTTP/1.1" 200 851728 "-" "Python-urllib/3.11"
51.77.52.107 - - [11/Apr/2025:11:50:06 +0200] "GET /Jurek/eurofirany/images/464090/0.jpg HTTP/2.0" 200 158000 "-" "baselinker"
89.161.206.59 - - [11/Apr/2025:11:50:23 +0200] "GET /Jurek/domzapachy/feeds/domzapachy_skroutz.xml HTTP/1.0" 200 179761 "-" "-"
89.161.206.59 - - [11/Apr/2025:11:50:23 +0200] "GET /Jurek/wenom/feeds/wenom_skroutz.xml HTTP/1.0" 200 583071 "-" "-"
51.77.52.107 - - [11/Apr/2025:11:50:24 +0200] "GET /Jurek/eurofirany/images/464090/0.jpg HTTP/2.0" 200 158000 "-" "baselinker"
51.77.52.107 - - [11/Apr/2025:11:50:27 +0200] "GET /Jurek/eurofirany/images/464090/0.jpg HTTP/2.0" 200 158000 "-" "baselinker"
51.77.52.107 - - [11/Apr/2025:11:50:34 +0200] "GET /Jurek/eurofirany/images/468654/0.jpg HTTP/2.0" 200 116369 "-" "baselinker"
89.161.206.59 - - [11/Apr/2025:11:50:36 +0200] "GET /Jurek/euroshop/feeds/euroshop_skroutz.xml HTTP/1.0" 200 20025457 "-" "-"
89.161.206.59 - - [11/Apr/2025:11:50:39 +0200] "GET /Jurek/german/feeds/german_skroutz.xml HTTP/1.0" 200 2449544 "-" "-"
51.77.52.107 - - [11/Apr/2025:11:50:40 +0200] "GET /Jurek/eurofirany/images/468654/0.jpg HTTP/2.0" 200 116369 "-" "baselinker"
51.77.52.107 - - [11/Apr/2025:11:51:02 +0200] "GET /Jurek/eurofirany/images/468654/0.jpg HTTP/2.0" 200 116369 "-" "baselinker"
51.77.52.107 - - [11/Apr/2025:11:51:08 +0200] "GET /Jurek/eurofirany/images/468655/0.jpg HTTP/2.0" 200 120118 "-" "baselinker"
51.77.52.107 - - [11/Apr/2025:11:51:31 +0200] "GET /Jurek/eurofirany/images/468655/0.jpg HTTP/2.0" 200 120118 "-" "baselinker"
51.77.52.107 - - [11/Apr/2025:11:51:36 +0200] "GET /Jurek/eurofirany/images/468655/0.jpg HTTP/2.0" 200 120118 "-" "baselinker"
51.77.52.107 - - [11/Apr/2025:11:51:41 +0200] "GET /Jurek/eurofirany/images/468656/0.jpg HTTP/2.0" 200 51580 "-" "baselinker"
51.77.52.107 - - [11/Apr/2025:11:52:03 +0200] "GET /Jurek/eurofirany/images/468656/0.jpg HTTP/2.0" 200 51580 "-" "baselinker"
46.101.116.244 - - [11/Apr/2025:11:52:06 +0200] "GET /Jurek/aw/feeds/aw_fnacfr.xml HTTP/1.0" 404 3551 "-" "-"
51.77.52.107 - - [11/Apr/2025:11:52:18 +0200] "GET /Jurek/eurofirany/images/468656/0.jpg HTTP/2.0" 200 51580 "-" "baselinker"
51.77.52.107 - - [11/Apr/2025:11:52:25 +0200] "GET /Jurek/eurofirany/images/468657/0.jpg HTTP/2.0" 200 126669 "-" "baselinker"
51.77.52.107 - - [11/Apr/2025:11:52:30 +0200] "GET /Jurek/eurofirany/images/468657/0.jpg HTTP/2.0" 200 126669 "-" "baselinker"
51.77.52.107 - - [11/Apr/2025:11:52:36 +0200] "GET /Jurek/eurofirany/images/468657/0.jpg HTTP/2.0" 200 126669 "-" "baselinker"
89.161.206.59 - - [11/Apr/2025:11:52:41 +0200] "GET /Jurek/riko/feeds/riko_bol.xml HTTP/1.0" 200 3785272 "-" "-"
89.161.206.59 - - [11/Apr/2025:11:52:41 +0200] "GET /Jurek/bemipol/feeds/bemipol_bol.xml HTTP/1.0" 200 423638 "-" "-"
51.77.52.107 - - [11/Apr/2025:11:52:42 +0200] "GET /Jurek/eurofirany/images/468658/0.jpg HTTP/2.0" 200 127366 "-" "baselinker"
89.161.206.59 - - [11/Apr/2025:11:52:42 +0200] "GET /Jurek/gandalf/feeds/gandalf_bol.xml HTTP/1.0" 200 1082524 "-" "-"
89.161.206.59 - - [11/Apr/2025:11:53:00 +0200] "GET /Jurek/kinghome/feeds/kinghome_emagro.xml HTTP/1.0" 200 6026195 "-" "-"
51.77.52.107 - - [11/Apr/2025:11:53:02 +0200] "GET /Jurek/eurofirany/images/468658/0.jpg HTTP/2.0" 200 127366 "-" "baselinker"
89.161.206.59 - - [11/Apr/2025:11:53:02 +0200] "GET /Jurek/em3/feeds/em3_emagro.xml HTTP/1.0" 200 259007 "-" "-"
5.255.231.245 - - [11/Apr/2025:11:53:18 +0200] "GET /robots.txt HTTP/1.1" 404 3551 "-" "Mozilla/5.0 (compatible; YandexBot/3.0; +http://yandex.com/bots)"
5.255.231.32 - - [11/Apr/2025:11:53:19 +0200] "GET /robots.txt HTTP/1.1" 404 3551 "-" "Mozilla/5.0 (compatible; YandexBot/3.0; +http://yandex.com/bots)"
87.250.224.240 - - [11/Apr/2025:11:53:20 +0200] "GET /robots.txt HTTP/1.1" 404 3551 "-" "Mozilla/5.0 (compatible; YandexBot/3.0; +http://yandex.com/bots)"
87.250.224.104 - - [11/Apr/2025:11:53:21 +0200] "GET /robots.txt HTTP/1.1" 404 3551 "-" "Mozilla/5.0 (compatible; YandexBot/3.0; +http://yandex.com/bots)"
5.255.231.83 - - [11/Apr/2025:11:53:22 +0200] "GET /robots.txt HTTP/1.1" 404 3551 "-" "Mozilla/5.0 (compatible; YandexBot/3.0; +http://yandex.com/bots)"
5.255.231.19 - - [11/Apr/2025:11:53:23 +0200] "GET /robots.txt HTTP/1.1" 404 3551 "-" "Mozilla/5.0 (compatible; YandexBot/3.0; +http://yandex.com/bots)"
213.180.203.129 - - [11/Apr/2025:11:53:24 +0200] "GET /robots.txt HTTP/1.1" 404 3551 "-" "Mozilla/5.0 (compatible; YandexBot/3.0; +http://yandex.com/bots)"
213.180.203.85 - - [11/Apr/2025:11:53:25 +0200] "GET /robots.txt HTTP/1.1" 404 3551 "-" "Mozilla/5.0 (compatible; YandexBot/3.0; +http://yandex.com/bots)"
5.255.231.101 - - [11/Apr/2025:11:53:26 +0200] "GET /robots.txt HTTP/1.1" 404 3551 "-" "Mozilla/5.0 (compatible; YandexBot/3.0; +http://yandex.com/bots)"
87.250.224.209 - - [11/Apr/2025:11:53:27 +0200] "GET /robots.txt HTTP/1.1" 404 3551 "-" "Mozilla/5.0 (compatible; YandexBot/3.0; +http://yandex.com/bots)"
51.77.52.107 - - [11/Apr/2025:11:53:30 +0200] "GET /Jurek/eurofirany/images/468658/0.jpg HTTP/2.0" 200 127366 "-" "baselinker"
51.77.52.107 - - [11/Apr/2025:11:53:36 +0200] "GET /Jurek/eurofirany/images/470714/0.jpg HTTP/2.0" 200 118240 "-" "baselinker"
51.77.52.107 - - [11/Apr/2025:11:53:56 +0200] "GET /Jurek/eurofirany/images/470714/0.jpg HTTP/2.0" 200 118240 "-" "baselinker"
51.77.52.107 - - [11/Apr/2025:11:54:02 +0200] "GET /Jurek/eurofirany/images/470714/0.jpg HTTP/2.0" 200 118240 "-" "baselinker"
173.252.83.5 - - [11/Apr/2025:11:54:06 +0200] "GET /robots.txt HTTP/1.1" 404 3551 "-" "facebookexternalhit/1.1 (+http://www.facebook.com/externalhit_uatext.php)"
57.141.0.17 - - [11/Apr/2025:11:54:07 +0200] "GET /Kacper/olzaconvert.py HTTP/1.1" 200 989 "-" "meta-externalagent/1.1 (+https://developers.facebook.com/docs/sharing/webmasters/crawler)"
77.79.248.229 - - [11/Apr/2025:11:54:07 +0200] "GET /Jurek/vidaSI/feeds/vidaSI_bigbang.xml HTTP/1.1" 200 625816202 "-" "Python-urllib/3.11"
51.77.52.107 - - [11/Apr/2025:11:54:10 +0200] "GET /Jurek/eurofirany/images/470719/0.jpg HTTP/2.0" 200 142815 "-" "baselinker"
51.77.52.107 - - [11/Apr/2025:11:54:15 +0200] "GET /Jurek/eurofirany/images/470719/0.jpg HTTP/2.0" 200 142815 "-" "baselinker"
51.77.52.107 - - [11/Apr/2025:11:54:20 +0200] "GET /Jurek/eurofirany/images/470719/0.jpg HTTP/2.0" 200 142815 "-" "baselinker"
51.77.52.107 - - [11/Apr/2025:11:54:23 +0200] "GET /Jurek/eurofirany/images/466631/0.jpg HTTP/2.0" 200 126732 "-" "baselinker"
51.77.52.107 - - [11/Apr/2025:11:54:42 +0200] "GET /Jurek/eurofirany/images/466631/0.jpg HTTP/2.0" 200 126732 "-" "baselinker"
51.77.52.107 - - [11/Apr/2025:11:55:04 +0200] "GET /Jurek/eurofirany/images/466631/0.jpg HTTP/2.0" 200 126732 "-" "baselinker"
51.77.52.107 - - [11/Apr/2025:11:55:26 +0200] "GET /Jurek/eurofirany/images/466633/0.jpg HTTP/2.0" 200 74167 "-" "baselinker"
51.77.52.107 - - [11/Apr/2025:11:55:51 +0200] "GET /Jurek/eurofirany/images/466633/0.jpg HTTP/2.0" 200 74167 "-" "baselinker"
51.77.52.107 - - [11/Apr/2025:11:56:02 +0200] "GET /Jurek/eurofirany/images/466633/0.jpg HTTP/2.0" 200 74167 "-" "baselinker"
51.77.52.107 - - [11/Apr/2025:11:56:06 +0200] "GET /Jurek/eurofirany/images/466634/0.jpg HTTP/2.0" 200 82785 "-" "baselinker"
51.77.52.107 - - [11/Apr/2025:11:56:26 +0200] "GET /Jurek/eurofirany/images/466634/0.jpg HTTP/2.0" 200 82785 "-" "baselinker"
51.77.52.107 - - [11/Apr/2025:11:56:47 +0200] "GET /Jurek/eurofirany/images/466634/0.jpg HTTP/2.0" 200 82785 "-" "baselinker"
51.77.52.107 - - [11/Apr/2025:11:57:03 +0200] "GET /Jurek/eurofirany/images/467245/0.jpg HTTP/2.0" 200 167731 "-" "baselinker"
62.146.215.34 - - [11/Apr/2025:11:57:12 +0200] "GET /Jurek/topeshop/downloaded_images/5902838467879_23_artisan_(1).png HTTP/2.0" 200 454380 "-" "billigerbot/1.0"
51.77.52.107 - - [11/Apr/2025:11:57:28 +0200] "GET /Jurek/eurofirany/images/467245/0.jpg HTTP/2.0" 200 167731 "-" "baselinker"
51.77.52.107 - - [11/Apr/2025:11:57:50 +0200] "GET /Jurek/eurofirany/images/467245/0.jpg HTTP/2.0" 200 167731 "-" "baselinker"
89.161.206.59 - - [11/Apr/2025:11:58:11 +0200] "GET /Jurek/rovato/feeds/rovato_skroutz.xml HTTP/1.0" 200 99165 "-" "-"
51.77.52.107 - - [11/Apr/2025:11:58:17 +0200] "GET /Jurek/eurofirany/images/467247/0.jpg HTTP/2.0" 200 167731 "-" "baselinker"
51.77.52.107 - - [11/Apr/2025:11:58:37 +0200] "GET /Jurek/eurofirany/images/467247/0.jpg HTTP/2.0" 200 167731 "-" "baselinker"
51.77.52.107 - - [11/Apr/2025:11:59:00 +0200] "GET /Jurek/eurofirany/images/467247/0.jpg HTTP/2.0" 200 167731 "-" "baselinker"
51.77.52.107 - - [11/Apr/2025:11:59:15 +0200] "GET /Jurek/eurofirany/images/467251/0.jpg HTTP/2.0" 200 170108 "-" "baselinker"
51.77.52.107 - - [11/Apr/2025:11:59:41 +0200] "GET /Jurek/eurofirany/images/467251/0.jpg HTTP/2.0" 200 170108 "-" "baselinker"
51.77.52.107 - - [11/Apr/2025:12:00:10 +0200] "GET /Jurek/eurofirany/images/467251/0.jpg HTTP/2.0" 200 170108 "-" "baselinker"
51.77.52.107 - - [11/Apr/2025:12:00:36 +0200] "GET /Jurek/eurofirany/images/467248/0.jpg HTTP/2.0" 200 167731 "-" "baselinker"
52.18.22.0 - - [11/Apr/2025:12:00:44 +0200] "GET /marketplaces/ubaldi/results/ubaldi.csv HTTP/1.1" 200 3398544 "-" "Mirakl HttpClient"
89.161.206.59 - - [11/Apr/2025:12:00:45 +0200] "GET /Jurek/topeshop/feeds/topeshop_amazonFR.xml HTTP/1.0" 200 2624382 "-" "-"
89.161.206.59 - - [11/Apr/2025:12:00:45 +0200] "GET /Jurek/topeshop/feeds/topeshop_amazonIT.xml HTTP/1.0" 200 2624375 "-" "-"
89.161.206.59 - - [11/Apr/2025:12:00:46 +0200] "GET /Jurek/topeshop/feeds/topeshop_amazonDE.xml HTTP/1.0" 200 2624277 "-" "-"
89.161.206.59 - - [11/Apr/2025:12:00:46 +0200] "GET /Jurek/topeshop/feeds/topeshop_amazonSE.xml HTTP/1.0" 200 2625070 "-" "-"
89.161.206.59 - - [11/Apr/2025:12:00:46 +0200] "GET /Jurek/topeshop/feeds/topeshop_amazonES.xml HTTP/1.0" 200 2624399 "-" "-"
89.161.206.59 - - [11/Apr/2025:12:00:46 +0200] "GET /Jurek/topeshop/feeds/topeshop_amazonNL.xml HTTP/1.0" 200 2624365 "-" "-"
89.161.206.59 - - [11/Apr/2025:12:00:46 +0200] "GET /Jurek/topeshop/feeds/topeshop_amazonBE.xml HTTP/1.0" 200 2624408 "-" "-"
51.77.52.107 - - [11/Apr/2025:12:00:49 +0200] "GET /Jurek/eurofirany/images/467248/0.jpg HTTP/2.0" 200 167731 "-" "baselinker"
89.161.206.59 - - [11/Apr/2025:12:00:57 +0200] "GET /Jurek/hdwr/feeds/hdwr_amazonde.xml HTTP/1.0" 200 789401 "-" "-"
89.161.206.59 - - [11/Apr/2025:12:00:57 +0200] "GET /Jurek/hdwr/feeds/hdwr_amazonfr.xml HTTP/1.0" 200 789401 "-" "-"
89.161.206.59 - - [11/Apr/2025:12:00:57 +0200] "GET /Jurek/sempler/feeds/sempler_amazonde.xml HTTP/1.0" 200 6787968 "-" "-"
89.161.206.59 - - [11/Apr/2025:12:00:58 +0200] "GET /Jurek/eroplace/feeds/eroplace_amazonde.xml HTTP/1.0" 200 52134709 "-" "-"
89.161.206.59 - - [11/Apr/2025:12:00:58 +0200] "GET /Jurek/kambukka/feeds/kambukka_amazonde.xml HTTP/1.0" 200 1021230 "-" "-"
89.161.206.59 - - [11/Apr/2025:12:00:58 +0200] "GET /Jurek/benetech/feeds/benetech_amazonde.xml HTTP/1.0" 200 4165302 "-" "-"
89.161.206.59 - - [11/Apr/2025:12:00:58 +0200] "GET /Jurek/sempler/feeds/sempler_amazonbe.xml HTTP/1.0" 200 6787953 "-" "-"
89.161.206.59 - - [11/Apr/2025:12:00:59 +0200] "GET /Jurek/kambukka/feeds/kambukka_amazonbe.xml HTTP/1.0" 200 1021382 "-" "-"
89.161.206.59 - - [11/Apr/2025:12:00:59 +0200] "GET /Jurek/artdog/feeds/artdog_amazonde.xml HTTP/1.0" 200 17158447 "-" "-"
89.161.206.59 - - [11/Apr/2025:12:00:59 +0200] "GET /Jurek/pawonik/feeds/pawonik_amazonde.xml HTTP/1.0" 200 2138411 "-" "-"
89.161.206.59 - - [11/Apr/2025:12:00:59 +0200] "GET /Jurek/b3/feeds/b3_amazonde.xml HTTP/1.0" 200 8032341 "-" "-"
89.161.206.59 - - [11/Apr/2025:12:01:00 +0200] "GET /Jurek/eroplace/feeds/eroplace_amazonse.xml HTTP/1.0" 200 52159279 "-" "-"
89.161.206.59 - - [11/Apr/2025:12:01:01 +0200] "GET /Jurek/sempler/feeds/sempler_amazonfr.xml HTTP/1.0" 200 6788013 "-" "-"
89.161.206.59 - - [11/Apr/2025:12:01:01 +0200] "GET /Jurek/sempler/feeds/sempler_amazonit.xml HTTP/1.0" 200 6788046 "-" "-"
89.161.206.59 - - [11/Apr/2025:12:01:02 +0200] "GET /Jurek/sempler/feeds/sempler_amazonnl.xml HTTP/1.0" 200 6787993 "-" "-"
89.161.206.59 - - [11/Apr/2025:12:01:03 +0200] "GET /Jurek/eroplace/feeds/eroplace_amazonnl.xml HTTP/1.0" 200 52134618 "-" "-"
89.161.206.59 - - [11/Apr/2025:12:01:04 +0200] "GET /Jurek/eroplace/feeds/eroplace_amazonfr.xml HTTP/1.0" 200 52135003 "-" "-"
89.161.206.59 - - [11/Apr/2025:12:01:09 +0200] "GET /Jurek/eroplace/feeds/eroplace_amazonit.xml HTTP/1.0" 200 52135277 "-" "-"
51.77.52.107 - - [11/Apr/2025:12:01:11 +0200] "GET /Jurek/eurofirany/images/467248/0.jpg HTTP/2.0" 200 167731 "-" "baselinker"
89.161.206.59 - - [11/Apr/2025:12:01:11 +0200] "GET /Jurek/eroplace/feeds/eroplace_amazones.xml HTTP/1.0" 200 52135011 "-" "-"
89.161.206.59 - - [11/Apr/2025:12:01:14 +0200] "GET /Jurek/b3/feeds/b3_amazones.xml HTTP/1.0" 200 8032528 "-" "-"
89.161.206.59 - - [11/Apr/2025:12:01:14 +0200] "GET /Jurek/b3/feeds/b3_amazonnl.xml HTTP/1.0" 200 8032420 "-" "-"
89.161.206.59 - - [11/Apr/2025:12:01:15 +0200] "GET /Jurek/b3/feeds/b3_amazonfr.xml HTTP/1.0" 200 8032504 "-" "-"
89.161.206.59 - - [11/Apr/2025:12:01:22 +0200] "GET /Jurek/ralmetal/feeds/ralmetal_amazonde.xml HTTP/1.0" 200 1808636 "-" "-"
89.161.206.59 - - [11/Apr/2025:12:01:22 +0200] "GET /Jurek/b3/feeds/b3_amazonit.xml HTTP/1.0" 200 8032567 "-" "-"
89.161.206.59 - - [11/Apr/2025:12:01:22 +0200] "GET /Jurek/oromed/feeds/oromed_amazonde.xml HTTP/1.0" 200 1079759 "-" "-"
89.161.206.59 - - [11/Apr/2025:12:01:22 +0200] "GET /Jurek/b3/feeds/b3_amazonse.xml HTTP/1.0" 200 8036023 "-" "-"
89.161.206.59 - - [11/Apr/2025:12:01:22 +0200] "GET /Jurek/b3/feeds/b3_amazonbe.xml HTTP/1.0" 200 8032445 "-" "-"
89.161.206.59 - - [11/Apr/2025:12:01:22 +0200] "GET /Jurek/ralmetal/feeds/ralmetal_amazonfr.xml HTTP/1.0" 200 1808633 "-" "-"
89.161.206.59 - - [11/Apr/2025:12:01:23 +0200] "GET /Jurek/ralmetal/feeds/ralmetal_amazonit.xml HTTP/1.0" 200 1808638 "-" "-"
89.161.206.59 - - [11/Apr/2025:12:01:23 +0200] "GET /Jurek/ralmetal/feeds/ralmetal_amazonnl.xml HTTP/1.0" 200 1808622 "-" "-"
89.161.206.59 - - [11/Apr/2025:12:01:23 +0200] "GET /Jurek/ralmetal/feeds/ralmetal_amazones.xml HTTP/1.0" 200 1808639 "-" "-"
89.161.206.59 - - [11/Apr/2025:12:01:24 +0200] "GET /Jurek/oromed/feeds/oromed_amazones.xml HTTP/1.0" 200 1079762 "-" "-"
89.161.206.59 - - [11/Apr/2025:12:01:24 +0200] "GET /Jurek/oromed/feeds/oromed_amazonse.xml HTTP/1.0" 200 1079963 "-" "-"
89.161.206.59 - - [11/Apr/2025:12:01:24 +0200] "GET /Jurek/oromed/feeds/oromed_amazonbe.xml HTTP/1.0" 200 1079760 "-" "-"
89.161.206.59 - - [11/Apr/2025:12:01:24 +0200] "GET /Jurek/oromed/feeds/oromed_amazonfr.xml HTTP/1.0" 200 1079763 "-" "-"
89.161.206.59 - - [11/Apr/2025:12:01:24 +0200] "GET /Jurek/oromed/feeds/oromed_amazonit.xml HTTP/1.0" 200 1079770 "-" "-"
89.161.206.59 - - [11/Apr/2025:12:01:24 +0200] "GET /Jurek/oromed/feeds/oromed_amazonnl.xml HTTP/1.0" 200 1079761 "-" "-"
89.161.206.59 - - [11/Apr/2025:12:01:24 +0200] "GET /Jurek/erohurtownia/feeds/erohurtownia_amazonde.xml HTTP/1.0" 200 22846577 "-" "-"
89.161.206.59 - - [11/Apr/2025:12:01:25 +0200] "GET /Jurek/combine/feeds/combine_amazonde.xml HTTP/1.0" 200 210556 "-" "-"
51.77.52.107 - - [11/Apr/2025:12:01:29 +0200] "GET /Jurek/eurofirany/images/469683/0.jpg HTTP/2.0" 200 75854 "-" "baselinker"
46.101.116.244 - - [11/Apr/2025:12:01:29 +0200] "GET /Jurek/hurtownia_przemyslowa/feeds/hp_alza.xml HTTP/2.0" 200 49381203 "-" "-"
89.161.206.59 - - [11/Apr/2025:12:01:37 +0200] "GET /Jurek/eurofirany/feeds/eurofirany_amazonNL.xml HTTP/1.0" 200 19347280 "-" "-"
89.161.206.59 - - [11/Apr/2025:12:01:38 +0200] "GET /Jurek/eurofirany/feeds/eurofirany_amazonES.xml HTTP/1.0" 200 19346926 "-" "-"
51.77.52.107 - - [11/Apr/2025:12:01:38 +0200] "GET /Jurek/eurofirany/images/469683/0.jpg HTTP/2.0" 200 75854 "-" "baselinker"
89.161.206.59 - - [11/Apr/2025:12:01:38 +0200] "GET /Jurek/eurofirany/feeds/eurofirany_amazonIT.xml HTTP/1.0" 200 19346977 "-" "-"
89.161.206.59 - - [11/Apr/2025:12:01:40 +0200] "GET /Jurek/eurofirany/feeds/eurofirany_amazonFR.xml HTTP/1.0" 200 19346870 "-" "-"
89.161.206.59 - - [11/Apr/2025:12:01:41 +0200] "GET /Jurek/eurofirany/feeds/eurofirany_amazonSE.xml HTTP/1.0" 200 19365024 "-" "-"
89.161.206.59 - - [11/Apr/2025:12:01:41 +0200] "GET /Jurek/eurofirany/feeds/eurofirany_amazonBE.xml HTTP/1.0" 200 19346814 "-" "-"
35.204.39.32 - - [11/Apr/2025:12:01:43 +0200] "GET /marketplaces/vente/results/vente_nl.csv HTTP/1.1" 200 2173775 "-" "Mirakl HttpClient"
89.161.206.59 - - [11/Apr/2025:12:01:43 +0200] "GET /Jurek/eurofirany/feeds/eurofirany_amazaon_de.xml HTTP/1.0" 200 19346840 "-" "-"
35.204.39.32 - - [11/Apr/2025:12:01:43 +0200] "GET /marketplaces/vente/results/vente_fr.csv HTTP/1.1" 200 2394713 "-" "Mirakl HttpClient"
35.204.39.32 - - [11/Apr/2025:12:01:44 +0200] "GET /marketplaces/vente/results/vente_be.csv HTTP/1.1" 200 2173724 "-" "Mirakl HttpClient"
35.204.39.32 - - [11/Apr/2025:12:01:45 +0200] "GET /marketplaces/vente/results/vente_it.csv HTTP/1.1" 200 2203350 "-" "Mirakl HttpClient"
35.204.39.32 - - [11/Apr/2025:12:01:46 +0200] "GET /marketplaces/vente/results/vente_es.csv HTTP/1.1" 200 2173216 "-" "Mirakl HttpClient"
89.161.206.59 - - [11/Apr/2025:12:01:47 +0200] "GET /Jurek/benetech/feeds/benetech_amazonnl.xml HTTP/1.0" 200 4165315 "-" "-"
89.161.206.59 - - [11/Apr/2025:12:01:47 +0200] "GET /Jurek/benetech/feeds/benetech_amazonit.xml HTTP/1.0" 200 4165340 "-" "-"
35.204.39.32 - - [11/Apr/2025:12:01:47 +0200] "GET /marketplaces/vente/results/vente_de.csv HTTP/1.1" 200 2173199 "-" "Mirakl HttpClient"
89.161.206.59 - - [11/Apr/2025:12:01:48 +0200] "GET /Jurek/benetech/feeds/benetech_amazones.xml HTTP/1.0" 200 4165329 "-" "-"
89.161.206.59 - - [11/Apr/2025:12:01:48 +0200] "GET /Jurek/benetech/feeds/benetech_amazonfr.xml HTTP/1.0" 200 4165312 "-" "-"
89.161.206.59 - - [11/Apr/2025:12:01:48 +0200] "GET /Jurek/benetech/feeds/benetech_amazonbe.xml HTTP/1.0" 200 4165309 "-" "-"
89.161.206.59 - - [11/Apr/2025:12:01:49 +0200] "GET /Jurek/benetech/feeds/benetech_amazonse.xml HTTP/1.0" 200 4165717 "-" "-"
46.101.116.244 - - [11/Apr/2025:12:01:51 +0200] "GET /Jurek/aw/feeds/aw_fnacfr.xml HTTP/1.0" 404 3551 "-" "-"
89.161.206.59 - - [11/Apr/2025:12:01:51 +0200] "GET /Jurek/pupus/feeds/pupus_amazonfr.xml HTTP/1.0" 200 6154455 "-" "-"
89.161.206.59 - - [11/Apr/2025:12:01:51 +0200] "GET /Jurek/pupus/feeds/pupus_amazonde.xml HTTP/1.0" 200 6154380 "-" "-"
89.161.206.59 - - [11/Apr/2025:12:01:51 +0200] "GET /Jurek/pupus/feeds/pupus_amazonnl.xml HTTP/1.0" 200 6154471 "-" "-"
89.161.206.59 - - [11/Apr/2025:12:01:52 +0200] "GET /Jurek/pupus/feeds/pupus_amazonse.xml HTTP/1.0" 200 6156130 "-" "-"
89.161.206.59 - - [11/Apr/2025:12:01:52 +0200] "GET /Jurek/pupus/feeds/pupus_amazonbe.xml HTTP/1.0" 200 6154548 "-" "-"
89.161.206.59 - - [11/Apr/2025:12:01:52 +0200] "GET /Jurek/pupus/feeds/pupus_amazonit.xml HTTP/1.0" 200 6154501 "-" "-"
89.161.206.59 - - [11/Apr/2025:12:01:52 +0200] "GET /Jurek/pupus/feeds/pupus_amazones.xml HTTP/1.0" 200 6154551 "-" "-"
89.161.206.59 - - [11/Apr/2025:12:01:52 +0200] "GET /Jurek/dekoele/feeds/dekoele_amazonde.xml HTTP/1.0" 200 733935 "-" "-"
89.161.206.59 - - [11/Apr/2025:12:01:52 +0200] "GET /Jurek/dekoele/feeds/dekoele_amazonit.xml HTTP/1.0" 200 733934 "-" "-"
89.161.206.59 - - [11/Apr/2025:12:01:53 +0200] "GET /Jurek/dekoele/feeds/dekoele_amazonfr.xml HTTP/1.0" 200 733933 "-" "-"
89.161.206.59 - - [11/Apr/2025:12:01:53 +0200] "GET /Jurek/dekoele/feeds/dekoele_amazones.xml HTTP/1.0" 200 733934 "-" "-"
89.161.206.59 - - [11/Apr/2025:12:01:53 +0200] "GET /Jurek/dekoele/feeds/dekoele_amazonnl.xml HTTP/1.0" 200 733936 "-" "-"
89.161.206.59 - - [11/Apr/2025:12:01:53 +0200] "GET /Jurek/dekoele/feeds/dekoele_amazonse.xml HTTP/1.0" 200 734008 "-" "-"
89.161.206.59 - - [11/Apr/2025:12:01:53 +0200] "GET /Jurek/dekoele/feeds/dekoele_amazonbe.xml HTTP/1.0" 200 733936 "-" "-"
89.161.206.59 - - [11/Apr/2025:12:01:53 +0200] "GET /Jurek/kobi/feeds/kobi_amazonnl.xml HTTP/1.0" 200 677201 "-" "-"
89.161.206.59 - - [11/Apr/2025:12:01:54 +0200] "GET /Jurek/kobi/feeds/kobi_amazonse.xml HTTP/1.0" 200 677358 "-" "-"
89.161.206.59 - - [11/Apr/2025:12:01:54 +0200] "GET /Jurek/kobi/feeds/kobi_amazones.xml HTTP/1.0" 200 677193 "-" "-"
89.161.206.59 - - [11/Apr/2025:12:01:54 +0200] "GET /Jurek/kobi/feeds/kobi_amazonfr.xml HTTP/1.0" 200 677230 "-" "-"
89.161.206.59 - - [11/Apr/2025:12:01:54 +0200] "GET /Jurek/kobi/feeds/kobi_amazonbe.xml HTTP/1.0" 200 677197 "-" "-"
89.161.206.59 - - [11/Apr/2025:12:01:54 +0200] "GET /Jurek/cdata/feeds/cdata_cdsc.xml HTTP/1.0" 200 1865817 "-" "-"
89.161.206.59 - - [11/Apr/2025:12:01:55 +0200] "GET /Jurek/playcob/feeds/playcob_cdsc.xml HTTP/1.0" 200 6624671 "-" "-"
89.161.206.59 - - [11/Apr/2025:12:01:55 +0200] "GET /Jurek/elavia/feeds/elavia_cdsc.xml HTTP/1.0" 200 2085738 "-" "-"
46.101.116.244 - - [11/Apr/2025:12:01:55 +0200] "GET /Jurek/hurtownia_przemyslowa2/feeds/hp_alza.xml HTTP/2.0" 200 50148420 "-" "-"
89.161.206.59 - - [11/Apr/2025:12:01:56 +0200] "GET /Jurek/pagmil/feeds/pagmil_cdsc.xml HTTP/1.0" 200 1133299 "-" "-"
89.161.206.59 - - [11/Apr/2025:12:01:56 +0200] "GET /Jurek/proparts/feeds/proparts_cdsc.xml HTTP/1.0" 200 556015 "-" "-"
89.161.206.59 - - [11/Apr/2025:12:01:57 +0200] "GET /Jurek/alucon/feeds/alucon_cdsc.xml HTTP/1.0" 200 378670 "-" "-"
89.161.206.59 - - [11/Apr/2025:12:01:57 +0200] "GET /Jurek/equalo/feeds/equalo_cdsc.xml HTTP/1.0" 200 134211 "-" "-"
89.161.206.59 - - [11/Apr/2025:12:01:57 +0200] "GET /Jurek/kamar/feeds/kamar_amazonde.xml HTTP/1.0" 200 25550346 "-" "-"
89.161.206.59 - - [11/Apr/2025:12:01:57 +0200] "GET /Jurek/techrebalina/feeds/techrebalina_cdsc.xml HTTP/1.0" 200 1363180 "-" "-"
89.161.206.59 - - [11/Apr/2025:12:01:57 +0200] "GET /Jurek/smxdesign/feeds/smxdesign_cdsc.xml HTTP/1.0" 200 1154234 "-" "-"
51.77.52.107 - - [11/Apr/2025:12:01:59 +0200] "GET /Jurek/eurofirany/images/469683/0.jpg HTTP/2.0" 200 75854 "-" "baselinker"
52.18.22.0 - - [11/Apr/2025:12:02:01 +0200] "GET /marketplaces/rue/results/rue.csv HTTP/1.1" 200 6635955 "-" "Mirakl HttpClient"
46.101.116.244 - - [11/Apr/2025:12:02:09 +0200] "GET /Jurek/hurtownia_przemyslowa/feeds/hp_kaufcz.xml HTTP/2.0" 200 49381200 "-" "-"
51.77.52.107 - - [11/Apr/2025:12:02:12 +0200] "GET /Jurek/eurofirany/images/469684/0.jpg HTTP/2.0" 200 75854 "-" "baselinker"
88.220.33.218 - - [11/Apr/2025:12:02:25 +0200] "GET /Jurek/vida_morele/feeds/VidaPL_all.xml HTTP/2.0" 200 704761945 "-" "MarketplaceAPI curl/7.64.0 PHP/8"
51.77.52.107 - - [11/Apr/2025:12:02:29 +0200] "GET /Jurek/eurofirany/images/469684/0.jpg HTTP/2.0" 200 75854 "-" "baselinker"
5.134.208.158 - - [11/Apr/2025:12:02:31 +0200] "GET /Jurek/eurofirany/images/388497/0.jpg HTTP/1.1" 200 153880 "-" "-"
5.134.208.158 - - [11/Apr/2025:12:02:31 +0200] "GET /Jurek/eurofirany/images/432940/0.jpg HTTP/1.1" 200 126935 "-" "-"
5.134.208.158 - - [11/Apr/2025:12:02:31 +0200] "GET /Jurek/eurofirany/images/456574/0.jpg HTTP/1.1" 200 110563 "-" "-"
5.134.208.158 - - [11/Apr/2025:12:02:31 +0200] "GET /Jurek/eurofirany/images/394049/0.jpg HTTP/1.1" 200 124360 "-" "-"
5.134.208.158 - - [11/Apr/2025:12:02:31 +0200] "GET /Jurek/eurofirany/images/409621/0.jpg HTTP/1.1" 200 111969 "-" "-"
5.134.208.158 - - [11/Apr/2025:12:02:31 +0200] "GET /Jurek/eurofirany/images/456607/0.jpg HTTP/1.1" 200 103355 "-" "-"
5.134.208.158 - - [11/Apr/2025:12:02:31 +0200] "GET /Jurek/eurofirany/images/426318/0.jpg HTTP/1.1" 200 96714 "-" "-"
5.134.208.158 - - [11/Apr/2025:12:02:31 +0200] "GET /Jurek/eurofirany/images/356441/0.jpg HTTP/1.1" 200 168611 "-" "-"
5.134.208.158 - - [11/Apr/2025:12:02:31 +0200] "GET /Jurek/eurofirany/images/423898/0.jpg HTTP/1.1" 200 137680 "-" "-"
5.134.208.158 - - [11/Apr/2025:12:02:31 +0200] "GET /Jurek/eurofirany/images/431623/0.jpg HTTP/1.1" 200 93057 "-" "-"
51.77.52.107 - - [11/Apr/2025:12:02:36 +0200] "GET /Jurek/eurofirany/images/469684/0.jpg HTTP/2.0" 200 75854 "-" "baselinker"
46.101.116.244 - - [11/Apr/2025:12:03:01 +0200] "GET /Jurek/hurtownia_przemyslowa/feeds/hp_kaufsk.xml HTTP/2.0" 200 49361397 "-" "-"
51.77.52.107 - - [11/Apr/2025:12:03:02 +0200] "GET /Jurek/eurofirany/images/469685/0.jpg HTTP/2.0" 200 75854 "-" "baselinker"
88.220.33.218 - - [11/Apr/2025:12:03:06 +0200] "GET /Jurek/kinghoff/feeds/kinghoff_morele.xml HTTP/2.0" 200 15438373 "-" "MarketplaceAPI curl/7.64.0 PHP/8"
46.101.116.244 - - [11/Apr/2025:12:03:37 +0200] "GET /Jurek/hurtownia_przemyslowa/feeds/hp_kaufde.xml HTTP/2.0" 200 49360914 "-" "-"
51.77.52.107 - - [11/Apr/2025:12:03:52 +0200] "GET /Jurek/eurofirany/images/469685/0.jpg HTTP/2.0" 200 75854 "-" "baselinker"
62.146.215.32 - - [11/Apr/2025:12:03:55 +0200] "GET /Jurek/topeshop/downloaded_images/5904507201982_BILBAO_4P1_1.png HTTP/2.0" 200 624336 "-" "billigerbot/1.0"
51.77.52.107 - - [11/Apr/2025:12:04:15 +0200] "GET /Jurek/eurofirany/images/469685/0.jpg HTTP/2.0" 200 75854 "-" "baselinker"
51.77.52.107 - - [11/Apr/2025:12:04:33 +0200] "GET /Jurek/eurofirany/images/468280/0.jpg HTTP/2.0" 200 104757 "-" "baselinker"
88.220.33.218 - - [11/Apr/2025:12:04:42 +0200] "GET /Jurek/eurofirany/feeds/eurofirany_morele.xml HTTP/2.0" 200 19348491 "-" "MarketplaceAPI curl/7.64.0 PHP/8"
51.77.52.107 - - [11/Apr/2025:12:04:43 +0200] "GET /Jurek/eurofirany/images/468280/0.jpg HTTP/2.0" 200 104757 "-" "baselinker"
88.220.33.218 - - [11/Apr/2025:12:04:49 +0200] "GET /Jurek/vivaldi/feeds/vivaldi_Morele-PL.xml HTTP/2.0" 200 344674 "-" "MarketplaceAPI curl/7.64.0 PHP/8"
51.77.52.107 - - [11/Apr/2025:12:04:52 +0200] "GET /Jurek/eurofirany/images/468280/0.jpg HTTP/2.0" 200 104757 "-" "baselinker"
51.77.52.107 - - [11/Apr/2025:12:04:58 +0200] "GET /Jurek/eurofirany/images/468287/0.jpg HTTP/2.0" 200 68756 "-" "baselinker"
46.101.116.244 - - [11/Apr/2025:12:05:16 +0200] "GET /Jurek/kalama/feeds/kalama_alza.xml HTTP/2.0" 200 2662544 "-" "-"
51.77.52.107 - - [11/Apr/2025:12:05:18 +0200] "GET /Jurek/eurofirany/images/468287/0.jpg HTTP/2.0" 200 68756 "-" "baselinker"
46.101.116.244 - - [11/Apr/2025:12:05:27 +0200] "GET /Jurek/proadventure/feeds/proadventure_alza.xml HTTP/2.0" 200 10767307 "-" "-"
89.161.206.59 - - [11/Apr/2025:12:05:30 +0200] "GET /Jurek/lerutrade/feeds/lerutrade_emag.xml HTTP/1.0" 200 82828 "-" "-"
51.77.52.107 - - [11/Apr/2025:12:05:33 +0200] "GET /Jurek/eurofirany/images/468287/0.jpg HTTP/2.0" 200 68756 "-" "baselinker"
46.101.116.244 - - [11/Apr/2025:12:05:39 +0200] "GET /Jurek/awparts/feeds/awparts_alza.xml HTTP/2.0" 200 142495296 "-" "-"
51.77.52.107 - - [11/Apr/2025:12:05:42 +0200] "GET /Jurek/eurofirany/images/468289/0.jpg HTTP/2.0" 200 98475 "-" "baselinker"
51.77.52.107 - - [11/Apr/2025:12:05:51 +0200] "GET /Jurek/eurofirany/images/468289/0.jpg HTTP/2.0" 200 98475 "-" "baselinker"
51.77.52.107 - - [11/Apr/2025:12:05:58 +0200] "GET /Jurek/eurofirany/images/468289/0.jpg HTTP/2.0" 200 98475 "-" "baselinker"
88.220.33.218 - - [11/Apr/2025:12:06:02 +0200] "GET /Jurek/aw/feeds/awnarzedzia_morele.xml HTTP/2.0" 200 90584674 "-" "MarketplaceAPI curl/7.64.0 PHP/8"
51.77.52.107 - - [11/Apr/2025:12:06:07 +0200] "GET /Jurek/eurofirany/images/468290/0.jpg HTTP/2.0" 200 89661 "-" "baselinker"
51.77.52.107 - - [11/Apr/2025:12:06:28 +0200] "GET /Jurek/eurofirany/images/468290/0.jpg HTTP/2.0" 200 89661 "-" "baselinker"
88.220.33.218 - - [11/Apr/2025:12:06:39 +0200] "GET /Jurek/beliani/feeds/beliani_morele.xml HTTP/2.0" 200 31269076 "-" "MarketplaceAPI curl/7.64.0 PHP/8"
193.33.8.61 - - [11/Apr/2025:12:06:40 +0200] "GET /Jurek/lerutrade/download/products.csv HTTP/2.0" 200 75782 "https://konsola.dkkapusta1997.usermd.net/" "Mozilla/5.0 (Windows NT 10.0; Win64; x64) AppleWebKit/537.36 (KHTML, like Gecko) Chrome/135.0.0.0 Safari/537.36"
51.77.52.107 - - [11/Apr/2025:12:06:54 +0200] "GET /Jurek/eurofirany/images/468290/0.jpg HTTP/2.0" 200 89661 "-" "baselinker"
46.101.116.244 - - [11/Apr/2025:12:06:56 +0200] "GET /Jurek/sportprise/feeds/sportprise_alza.xml HTTP/2.0" 200 12730069 "-" "-"
51.77.52.107 - - [11/Apr/2025:12:07:01 +0200] "GET /Jurek/eurofirany/images/468293/0.jpg HTTP/2.0" 200 98183 "-" "baselinker"
51.77.52.107 - - [11/Apr/2025:12:07:07 +0200] "GET /Jurek/eurofirany/images/468293/0.jpg HTTP/2.0" 200 98183 "-" "baselinker"
46.101.116.244 - - [11/Apr/2025:12:07:22 +0200] "GET /Jurek/coppotech/feeds/coppotech_alza.xml HTTP/2.0" 200 38061713 "-" "-"
51.77.52.107 - - [11/Apr/2025:12:07:32 +0200] "GET /Jurek/eurofirany/images/468293/0.jpg HTTP/2.0" 200 98183 "-" "baselinker"
46.101.116.244 - - [11/Apr/2025:12:07:36 +0200] "GET /Jurek/erohurtownia/feeds/erohurtownia_alza.xml HTTP/2.0" 200 22845786 "-" "-"
51.77.52.107 - - [11/Apr/2025:12:07:38 +0200] "GET /Jurek/eurofirany/images/468372/0.jpg HTTP/2.0" 200 80944 "-" "baselinker"
46.101.116.244 - - [11/Apr/2025:12:07:53 +0200] "GET /Jurek/euroshop/feeds/euroshop_alza.xml HTTP/2.0" 200 20020905 "-" "-"
51.77.52.107 - - [11/Apr/2025:12:07:58 +0200] "GET /Jurek/eurofirany/images/468372/0.jpg HTTP/2.0" 200 80944 "-" "baselinker"
51.77.52.107 - - [11/Apr/2025:12:08:03 +0200] "GET /Jurek/eurofirany/images/468372/0.jpg HTTP/2.0" 200 80944 "-" "baselinker"
46.101.116.244 - - [11/Apr/2025:12:08:04 +0200] "GET /Jurek/najtanszysport/feeds/najtanszysport_alza.xml HTTP/2.0" 200 3982914 "-" "-"
51.77.52.107 - - [11/Apr/2025:12:08:07 +0200] "GET /Jurek/eurofirany/images/468376/0.jpg HTTP/2.0" 200 89475 "-" "baselinker"
51.77.52.107 - - [11/Apr/2025:12:08:13 +0200] "GET /Jurek/eurofirany/images/468376/0.jpg HTTP/2.0" 200 89475 "-" "baselinker"
88.220.33.218 - - [11/Apr/2025:12:08:14 +0200] "GET /Jurek/vida_morele/feeds/VidaPL_morele.xml HTTP/2.0" 200 704763099 "-" "MarketplaceAPI curl/7.64.0 PHP/8"
46.101.116.244 - - [11/Apr/2025:12:08:15 +0200] "GET /Jurek/rider/feeds/rider_alza.xml HTTP/2.0" 200 8166378 "-" "-"
51.77.52.107 - - [11/Apr/2025:12:08:19 +0200] "GET /Jurek/eurofirany/images/468376/0.jpg HTTP/2.0" 200 89475 "-" "baselinker"
185.6.76.18 - - [11/Apr/2025:12:08:28 +0200] "GET /marketplaces/skroutz/feeds/shumee.xml HTTP/1.1" 200 419004290 "-" "SkroutzBot v1.0"
46.101.116.244 - - [11/Apr/2025:12:08:30 +0200] "GET /Jurek/intsell/feeds/intsell_alza.xml HTTP/2.0" 200 342151945 "-" "-"
51.77.52.107 - - [11/Apr/2025:12:08:31 +0200] "GET /Jurek/eurofirany/images/468385/0.jpg HTTP/2.0" 200 112801 "-" "baselinker"
51.77.52.107 - - [11/Apr/2025:12:08:37 +0200] "GET /Jurek/eurofirany/images/468385/0.jpg HTTP/2.0" 200 112801 "-" "baselinker"
51.77.52.107 - - [11/Apr/2025:12:08:43 +0200] "GET /Jurek/eurofirany/images/468385/0.jpg HTTP/2.0" 200 112801 "-" "baselinker"
51.77.52.107 - - [11/Apr/2025:12:08:49 +0200] "GET /Jurek/eurofirany/images/459099/0.jpg HTTP/2.0" 200 73419 "-" "baselinker"
89.161.206.59 - - [11/Apr/2025:12:08:51 +0200] "GET /Jurek/sternhoff/feeds/sternhoff_emagro.xml HTTP/1.0" 200 1775474 "-" "-"
51.77.52.107 - - [11/Apr/2025:12:08:56 +0200] "GET /Jurek/eurofirany/images/459099/0.jpg HTTP/2.0" 200 73419 "-" "baselinker"
51.77.52.107 - - [11/Apr/2025:12:09:05 +0200] "GET /Jurek/eurofirany/images/459099/0.jpg HTTP/2.0" 200 73419 "-" "baselinker"
51.77.52.107 - - [11/Apr/2025:12:09:10 +0200] "GET /Jurek/eurofirany/images/467063/0.jpg HTTP/2.0" 200 135252 "-" "baselinker"
89.161.206.59 - - [11/Apr/2025:12:09:26 +0200] "GET /Jurek/aiofactory/feeds/aiofactory_amazones.xml HTTP/1.0" 200 2123781 "-" "-"
89.161.206.59 - - [11/Apr/2025:12:09:26 +0200] "GET /Jurek/aiofactory/feeds/aiofactory_amazonfr.xml HTTP/1.0" 200 2123792 "-" "-"
89.161.206.59 - - [11/Apr/2025:12:09:26 +0200] "GET /Jurek/aiofactory/feeds/aiofactory_amazonit.xml HTTP/1.0" 200 2123798 "-" "-"
89.161.206.59 - - [11/Apr/2025:12:09:26 +0200] "GET /Jurek/aiofactory/feeds/aiofactory_amazonnl.xml HTTP/1.0" 200 2123774 "-" "-"
89.161.206.59 - - [11/Apr/2025:12:09:26 +0200] "GET /Jurek/aiofactory/feeds/aiofactory_amazonde.xml HTTP/1.0" 200 2123793 "-" "-"
89.161.206.59 - - [11/Apr/2025:12:09:27 +0200] "GET /Jurek/hurtmeblowy/feeds/hurtmeblowy_amazonde.xml HTTP/1.0" 200 7523979 "-" "-"
89.161.206.59 - - [11/Apr/2025:12:09:28 +0200] "GET /Jurek/rosfix/feeds/rosfix_amazonde.xml HTTP/1.0" 200 34055646 "-" "-"
89.161.206.59 - - [11/Apr/2025:12:09:33 +0200] "GET /Jurek/avenido/feeds/avenido_amazonde.xml HTTP/1.0" 200 720078 "-" "-"
51.77.52.107 - - [11/Apr/2025:12:09:37 +0200] "GET /Jurek/eurofirany/images/467063/0.jpg HTTP/2.0" 200 135252 "-" "baselinker"
51.77.52.107 - - [11/Apr/2025:12:09:58 +0200] "GET /Jurek/eurofirany/images/467063/0.jpg HTTP/2.0" 200 135252 "-" "baselinker"
51.77.52.107 - - [11/Apr/2025:12:10:18 +0200] "GET /Jurek/eurofirany/images/467068/0.jpg HTTP/2.0" 200 135783 "-" "baselinker"
46.101.116.244 - - [11/Apr/2025:12:10:28 +0200] "GET /Jurek/sempler/feeds/sempler_alza.xml HTTP/2.0" 200 6789383 "-" "-"
51.77.52.107 - - [11/Apr/2025:12:10:39 +0200] "GET /Jurek/eurofirany/images/467068/0.jpg HTTP/2.0" 200 135783 "-" "baselinker"
46.101.116.244 - - [11/Apr/2025:12:10:40 +0200] "GET /Jurek/eroplace/feeds/eroplace_alza.xml HTTP/2.0" 200 52164364 "-" "-"
51.77.52.107 - - [11/Apr/2025:12:10:53 +0200] "GET /Jurek/eurofirany/images/467068/0.jpg HTTP/2.0" 200 135783 "-" "baselinker"
46.101.116.244 - - [11/Apr/2025:12:10:54 +0200] "GET /Jurek/mosti/feeds/mosti_alza.xml HTTP/2.0" 200 4629189 "-" "-"
46.101.116.244 - - [11/Apr/2025:12:10:54 +0200] "GET /Jurek/biokominki/feeds/biokomiinki_alza.xml HTTP/2.0" 200 1422347 "-" "-"
51.77.52.107 - - [11/Apr/2025:12:11:01 +0200] "GET /Jurek/eurofirany/images/459044/0.jpg HTTP/2.0" 200 148971 "-" "baselinker"
51.77.52.107 - - [11/Apr/2025:12:11:10 +0200] "GET /Jurek/eurofirany/images/459044/0.jpg HTTP/2.0" 200 148971 "-" "baselinker"
51.77.52.107 - - [11/Apr/2025:12:11:15 +0200] "GET /Jurek/eurofirany/images/459044/0.jpg HTTP/2.0" 200 148971 "-" "baselinker"
51.77.52.107 - - [11/Apr/2025:12:11:22 +0200] "GET /Jurek/eurofirany/images/459047/0.jpg HTTP/2.0" 200 148971 "-" "baselinker"
193.33.8.61 - - [11/Apr/2025:12:11:27 +0200] "GET /Jurek/hurtmeblowy/feeds/hurtmeblowy_zero.xml HTTP/2.0" 200 8496134 "https://konsola.dkkapusta1997.usermd.net/" "Mozilla/5.0 (Windows NT 10.0; Win64; x64) AppleWebKit/537.36 (KHTML, like Gecko) Chrome/135.0.0.0 Safari/537.36"
51.77.52.107 - - [11/Apr/2025:12:11:29 +0200] "GET /Jurek/eurofirany/images/459047/0.jpg HTTP/2.0" 200 148971 "-" "baselinker"
77.79.248.229 - - [11/Apr/2025:12:11:31 +0200] "GET /Jurek/hurtmeblowy/feeds/hurtmeblowy_zero.xml HTTP/1.1" 200 8496134 "-" "Python-urllib/3.11"
46.101.116.244 - - [11/Apr/2025:12:11:33 +0200] "GET /Jurek/vida_morele/feeds/vida_alza.xml HTTP/2.0" 200 705373417 "-" "-"
51.77.52.107 - - [11/Apr/2025:12:11:36 +0200] "GET /Jurek/eurofirany/images/459047/0.jpg HTTP/2.0" 200 148971 "-" "baselinker"
51.77.52.107 - - [11/Apr/2025:12:11:47 +0200] "GET /Jurek/eurofirany/images/468194/0.jpg HTTP/2.0" 200 119119 "-" "baselinker"
51.77.52.107 - - [11/Apr/2025:12:11:54 +0200] "GET /Jurek/eurofirany/images/468194/0.jpg HTTP/2.0" 200 119119 "-" "baselinker"
46.101.116.244 - - [11/Apr/2025:12:11:56 +0200] "GET /Jurek/aw/feeds/aw_fnacfr.xml HTTP/1.0" 404 3551 "-" "-"
51.77.52.107 - - [11/Apr/2025:12:12:00 +0200] "GET /Jurek/eurofirany/images/468194/0.jpg HTTP/2.0" 200 119119 "-" "baselinker"
51.77.52.107 - - [11/Apr/2025:12:12:04 +0200] "GET /Jurek/eurofirany/images/468200/0.jpg HTTP/2.0" 200 115258 "-" "baselinker"
51.77.52.107 - - [11/Apr/2025:12:12:10 +0200] "GET /Jurek/eurofirany/images/468200/0.jpg HTTP/2.0" 200 115258 "-" "baselinker"
51.77.52.107 - - [11/Apr/2025:12:12:30 +0200] "GET /Jurek/eurofirany/images/468200/0.jpg HTTP/2.0" 200 115258 "-" "baselinker"
89.161.206.59 - - [11/Apr/2025:12:12:31 +0200] "GET /Jurek/jakdroz/feeds/jakdroz_bol.xml HTTP/1.0" 200 4089901 "-" "-"
89.161.206.59 - - [11/Apr/2025:12:12:33 +0200] "GET /Jurek/ikonka/feeds/ikonka_bol.xml HTTP/1.0" 200 22016743 "-" "-"
51.77.52.107 - - [11/Apr/2025:12:12:38 +0200] "GET /Jurek/eurofirany/images/459058/0.jpg HTTP/2.0" 200 124607 "-" "baselinker"
51.77.52.107 - - [11/Apr/2025:12:12:46 +0200] "GET /Jurek/eurofirany/images/459058/0.jpg HTTP/2.0" 200 124607 "-" "baselinker"
89.161.206.59 - - [11/Apr/2025:12:12:46 +0200] "GET /Jurek/antiodor/feeds/antiodor_emagro.xml HTTP/1.0" 200 137839 "-" "-"
89.161.206.59 - - [11/Apr/2025:12:12:49 +0200] "GET /Jurek/topeshop/feeds/topeshop_emagro.xml HTTP/1.0" 200 919724 "-" "-"
89.161.206.59 - - [11/Apr/2025:12:12:52 +0200] "GET /Jurek/playcob/feeds/playcob_emagro.xml HTTP/1.0" 200 6981034 "-" "-"
89.161.206.59 - - [11/Apr/2025:12:12:53 +0200] "GET /Jurek/alucon/feeds/alucon_emagro.xml HTTP/1.0" 200 553611 "-" "-"
89.161.206.59 - - [11/Apr/2025:12:12:53 +0200] "GET /Jurek/dropkz/feeds/dropkz_emagro.xml HTTP/1.0" 200 70031501 "-" "-"
51.77.52.107 - - [11/Apr/2025:12:12:54 +0200] "GET /Jurek/eurofirany/images/459058/0.jpg HTTP/2.0" 200 124607 "-" "baselinker"
89.161.206.59 - - [11/Apr/2025:12:12:57 +0200] "GET /Jurek/shiori/feeds/shiori_emagro.xml HTTP/1.0" 200 453713 "-" "-"
89.161.206.59 - - [11/Apr/2025:12:12:57 +0200] "GET /Jurek/eoptimo/feeds/eoptimo_emagro.xml HTTP/1.0" 200 2094681 "-" "-"
89.161.206.59 - - [11/Apr/2025:12:12:57 +0200] "GET /Jurek/bisanti/feeds/bisanti_emagro.xml HTTP/1.0" 200 1142459 "-" "-"
89.161.206.59 - - [11/Apr/2025:12:12:58 +0200] "GET /Jurek/najtanszysport/feeds/najtanszysport_emagro.xml HTTP/1.0" 200 3984585 "-" "-"
89.161.206.59 - - [11/Apr/2025:12:12:58 +0200] "GET /Jurek/luxma/feeds/luxma_emagro.xml HTTP/1.0" 200 8059073 "-" "-"
51.77.52.107 - - [11/Apr/2025:12:13:05 +0200] "GET /Jurek/eurofirany/images/459059/0.jpg HTTP/2.0" 200 124607 "-" "baselinker"
51.77.52.107 - - [11/Apr/2025:12:13:14 +0200] "GET /Jurek/eurofirany/images/459059/0.jpg HTTP/2.0" 200 124607 "-" "baselinker"
89.161.206.59 - - [11/Apr/2025:12:13:42 +0200] "GET /Jurek/bentivolio/feeds/bentivolio_emagro.xml HTTP/1.0" 200 3498403 "-" "-"
51.77.52.107 - - [11/Apr/2025:12:13:49 +0200] "GET /Jurek/eurofirany/images/459059/0.jpg HTTP/2.0" 200 124607 "-" "baselinker"
51.77.52.107 - - [11/Apr/2025:12:13:58 +0200] "GET /Jurek/eurofirany/images/459064/0.jpg HTTP/2.0" 200 134425 "-" "baselinker"
46.101.116.244 - - [11/Apr/2025:12:14:12 +0200] "GET /Jurek/kinghoff/feeds/kinghoff_allegro.xml HTTP/1.0" 200 15439317 "-" "-"
89.161.206.59 - - [11/Apr/2025:12:14:12 +0200] "GET /Jurek/ikonka/feeds/ikonka_allegro_cz.xml HTTP/1.0" 200 22017455 "-" "-"
89.161.206.59 - - [11/Apr/2025:12:14:13 +0200] "GET /Jurek/hurtownia_przemyslowa/feeds/hp_allegro_cz.xml HTTP/1.0" 200 49369715 "-" "-"
51.77.52.107 - - [11/Apr/2025:12:14:18 +0200] "GET /Jurek/eurofirany/images/459064/0.jpg HTTP/2.0" 200 134425 "-" "baselinker"
89.161.206.59 - - [11/Apr/2025:12:14:19 +0200] "GET /Jurek/benetech/feeds/benetech_allegro.xml HTTP/1.0" 200 4165587 "-" "-"
89.161.206.59 - - [11/Apr/2025:12:14:19 +0200] "GET /Jurek/sempler/feeds/sempler_allegro.xml HTTP/1.0" 200 6788402 "-" "-"
89.161.206.59 - - [11/Apr/2025:12:14:19 +0200] "GET /Jurek/targethome/feeds/targethome_allegro.xml HTTP/1.0" 200 688654 "-" "-"
89.161.206.59 - - [11/Apr/2025:12:14:19 +0200] "GET /Jurek/kambukka/feeds/kambukka_allegro.xml HTTP/1.0" 200 1021462 "-" "-"
89.161.206.59 - - [11/Apr/2025:12:14:20 +0200] "GET /Jurek/swiatecznygoliat/feeds/swiatecznygoliat_allegro.xml HTTP/1.0" 200 7054771 "-" "-"
89.161.206.59 - - [11/Apr/2025:12:14:20 +0200] "GET /Jurek/artdog/feeds/artdog_allegro.xml HTTP/1.0" 200 17162209 "-" "-"
89.161.206.59 - - [11/Apr/2025:12:14:20 +0200] "GET /Jurek/oromed/feeds/oromed_allegro.xml HTTP/1.0" 200 1079895 "-" "-"
89.161.206.59 - - [11/Apr/2025:12:14:21 +0200] "GET /Jurek/ekuchcikowo/feeds/ekuchcikowo_allegro.xml HTTP/1.0" 200 12472495 "-" "-"
89.161.206.59 - - [11/Apr/2025:12:14:21 +0200] "GET /Jurek/livinhill/feeds/livinhill_allegro.xml HTTP/1.0" 200 1455219 "-" "-"
89.161.206.59 - - [11/Apr/2025:12:14:21 +0200] "GET /Jurek/narzbud/feeds/narzbud_allegro.xml HTTP/1.0" 200 1901332 "-" "-"
89.161.206.59 - - [11/Apr/2025:12:14:21 +0200] "GET /Jurek/bisanti/feeds/bisanti_allegro.xml HTTP/1.0" 200 1142376 "-" "-"
89.161.206.59 - - [11/Apr/2025:12:14:21 +0200] "GET /Jurek/combine/feeds/combine_allegro.xml HTTP/1.0" 200 210566 "-" "-"
89.161.206.59 - - [11/Apr/2025:12:14:21 +0200] "GET /Jurek/spali/feeds/spali_allegro.xml HTTP/1.0" 200 77067 "-" "-"
89.161.206.59 - - [11/Apr/2025:12:14:21 +0200] "GET /Jurek/ekolight/feeds/ekolight_allegro.xml HTTP/1.0" 200 9055033 "-" "-"
89.161.206.59 - - [11/Apr/2025:12:14:22 +0200] "GET /Jurek/urwiskowo/feeds/urwiskowo_allegro.xml HTTP/1.0" 200 9115644 "-" "-"
89.161.206.59 - - [11/Apr/2025:12:14:22 +0200] "GET /Jurek/reman/feeds/reman_allegro.xml HTTP/1.0" 200 1394890 "-" "-"
51.77.52.107 - - [11/Apr/2025:12:14:25 +0200] "GET /Jurek/eurofirany/images/459064/0.jpg HTTP/2.0" 200 134425 "-" "baselinker"
51.77.52.107 - - [11/Apr/2025:12:14:35 +0200] "GET /Jurek/eurofirany/images/459065/0.jpg HTTP/2.0" 200 134425 "-" "baselinker"
51.77.52.107 - - [11/Apr/2025:12:14:43 +0200] "GET /Jurek/eurofirany/images/459065/0.jpg HTTP/2.0" 200 134425 "-" "baselinker"
51.77.52.107 - - [11/Apr/2025:12:14:48 +0200] "GET /Jurek/eurofirany/images/459065/0.jpg HTTP/2.0" 200 134425 "-" "baselinker"
51.77.52.107 - - [11/Apr/2025:12:14:55 +0200] "GET /Jurek/eurofirany/images/459066/0.jpg HTTP/2.0" 200 158271 "-" "baselinker"
51.77.52.107 - - [11/Apr/2025:12:15:03 +0200] "GET /Jurek/eurofirany/images/459066/0.jpg HTTP/2.0" 200 158271 "-" "baselinker"
51.77.52.107 - - [11/Apr/2025:12:15:12 +0200] "GET /Jurek/eurofirany/images/459066/0.jpg HTTP/2.0" 200 158271 "-" "baselinker"
51.77.52.107 - - [11/Apr/2025:12:15:23 +0200] "GET /Jurek/eurofirany/images/459067/0.jpg HTTP/2.0" 200 158271 "-" "baselinker"
51.77.52.107 - - [11/Apr/2025:12:15:32 +0200] "GET /Jurek/eurofirany/images/459067/0.jpg HTTP/2.0" 200 158271 "-" "baselinker"
51.77.52.107 - - [11/Apr/2025:12:15:43 +0200] "GET /Jurek/eurofirany/images/459067/0.jpg HTTP/2.0" 200 158271 "-" "baselinker"
51.77.52.107 - - [11/Apr/2025:12:15:51 +0200] "GET /Jurek/eurofirany/images/459070/0.jpg HTTP/2.0" 200 156463 "-" "baselinker"
51.77.52.107 - - [11/Apr/2025:12:16:14 +0200] "GET /Jurek/eurofirany/images/459070/0.jpg HTTP/2.0" 200 156463 "-" "baselinker"
51.77.52.107 - - [11/Apr/2025:12:16:21 +0200] "GET /Jurek/eurofirany/images/459070/0.jpg HTTP/2.0" 200 156463 "-" "baselinker"
51.77.52.107 - - [11/Apr/2025:12:16:28 +0200] "GET /Jurek/eurofirany/images/459071/0.jpg HTTP/2.0" 200 156463 "-" "baselinker"
51.77.52.107 - - [11/Apr/2025:12:16:37 +0200] "GET /Jurek/eurofirany/images/459071/0.jpg HTTP/2.0" 200 156463 "-" "baselinker"
51.77.52.107 - - [11/Apr/2025:12:16:40 +0200] "GET /Jurek/eurofirany/images/459071/0.jpg HTTP/2.0" 200 156463 "-" "baselinker"
51.77.52.107 - - [11/Apr/2025:12:16:51 +0200] "GET /Jurek/eurofirany/images/459072/0.jpg HTTP/2.0" 200 144988 "-" "baselinker"
51.77.52.107 - - [11/Apr/2025:12:17:00 +0200] "GET /Jurek/eurofirany/images/459072/0.jpg HTTP/2.0" 200 144988 "-" "baselinker"
51.77.52.107 - - [11/Apr/2025:12:17:07 +0200] "GET /Jurek/eurofirany/images/459072/0.jpg HTTP/2.0" 200 144988 "-" "baselinker"
51.77.52.107 - - [11/Apr/2025:12:17:16 +0200] "GET /Jurek/eurofirany/images/459073/0.jpg HTTP/2.0" 200 144988 "-" "baselinker"
51.77.52.107 - - [11/Apr/2025:12:17:26 +0200] "GET /Jurek/eurofirany/images/459073/0.jpg HTTP/2.0" 200 144988 "-" "baselinker"
62.146.215.32 - - [11/Apr/2025:12:17:31 +0200] "GET /Jurek/topeshop/downloaded_images/5902838464359_KUBABIURKOBRY%C5%81KABIELBOKZM.jpg HTTP/2.0" 404 3551 "-" "billigerbot/1.0"
