51.77.52.107 - - [11/Apr/2025:05:52:10 +0200] "GET /Jurek/eurofirany/images/463809/0.jpg HTTP/2.0" 200 77653 "-" "baselinker"
89.161.206.59 - - [11/Apr/2025:05:52:12 +0200] "GET /Jurek/euroshop/feeds/euroshop_emagro.xml HTTP/1.0" 200 20026523 "-" "-"
89.161.206.59 - - [11/Apr/2025:05:52:13 +0200] "GET /Jurek/polzoo/feeds/polzoo_emagro.xml HTTP/1.0" 200 10649359 "-" "-"
89.161.206.59 - - [11/Apr/2025:05:52:13 +0200] "GET /Jurek/german/feeds/german_emagro.xml HTTP/1.0" 200 2853950 "-" "-"
51.77.52.107 - - [11/Apr/2025:05:52:15 +0200] "GET /Jurek/eurofirany/images/463809/0.jpg HTTP/2.0" 200 77653 "-" "baselinker"
51.77.52.107 - - [11/Apr/2025:05:52:20 +0200] "GET /Jurek/eurofirany/images/463810/0.jpg HTTP/2.0" 200 69101 "-" "baselinker"
51.77.52.107 - - [11/Apr/2025:05:52:36 +0200] "GET /Jurek/eurofirany/images/463810/0.jpg HTTP/2.0" 200 69101 "-" "baselinker"
46.101.116.244 - - [11/Apr/2025:05:52:39 +0200] "GET /Jurek/broers/feeds/broers_mallsigs.xml HTTP/2.0" 200 1982434 "-" "-"
89.161.206.59 - - [11/Apr/2025:05:52:45 +0200] "GET /Jurek/ekuchcikowo/feeds/ekuchcikowo_skroutz.xml HTTP/1.0" 200 12471082 "-" "-"
89.161.206.59 - - [11/Apr/2025:05:52:48 +0200] "GET /Jurek/purewear/feeds/purewear_emagro.xml HTTP/1.0" 200 13354342 "-" "-"
89.161.206.59 - - [11/Apr/2025:05:52:48 +0200] "GET /Jurek/beautycare/feeds/beautycare_emagro.xml HTTP/1.0" 200 1181590 "-" "-"
89.161.206.59 - - [11/Apr/2025:05:52:49 +0200] "GET /Jurek/makow/feeds/makow_emagro.xml HTTP/1.0" 200 21206157 "-" "-"
46.101.116.244 - - [11/Apr/2025:05:52:50 +0200] "GET /Jurek/cdata/feeds/cdata_mallsigs.xml HTTP/2.0" 200 1445089 "-" "-"
89.161.206.59 - - [11/Apr/2025:05:52:52 +0200] "GET /Jurek/ekolight/feeds/ekolioght_skroutz.xml HTTP/1.0" 200 9052727 "-" "-"
89.161.206.59 - - [11/Apr/2025:05:52:57 +0200] "GET /Jurek/kobi/feeds/kobi_skroutz.xml HTTP/1.0" 200 1993267 "-" "-"
89.161.206.59 - - [11/Apr/2025:05:52:57 +0200] "GET /Jurek/evil/feeds/evil_skroutz.xml HTTP/1.0" 200 252481 "-" "-"
89.161.206.59 - - [11/Apr/2025:05:52:58 +0200] "GET /Jurek/twojsklep/feeds/twojsklep_skroutz.xml HTTP/1.0" 200 126800 "-" "-"
89.161.206.59 - - [11/Apr/2025:05:52:58 +0200] "GET /Jurek/antiodor/feeds/antiodor_skroutz.xml HTTP/1.0" 200 137856 "-" "-"
89.161.206.59 - - [11/Apr/2025:05:52:59 +0200] "GET /Jurek/sartrix/feeds/sartrix_skroutz.xml HTTP/1.0" 200 649178 "-" "-"
51.77.52.107 - - [11/Apr/2025:05:52:59 +0200] "GET /Jurek/eurofirany/images/463810/0.jpg HTTP/2.0" 200 69101 "-" "baselinker"
46.101.116.244 - - [11/Apr/2025:05:53:00 +0200] "GET /Jurek/elavia/feeds/elavia_mallsigs.xml HTTP/2.0" 200 2497275 "-" "-"
89.161.206.59 - - [11/Apr/2025:05:53:01 +0200] "GET /Jurek/luxma/feeds/luxma_skroutz.xml HTTP/1.0" 200 4420305 "-" "-"
89.161.206.59 - - [11/Apr/2025:05:53:02 +0200] "GET /Jurek/drewdon/feeds/drewdon_skroutz.xml HTTP/1.0" 200 358916 "-" "-"
89.161.206.59 - - [11/Apr/2025:05:53:03 +0200] "GET /Jurek/primohurt/feeds/primohurt_skroutz.xml HTTP/1.0" 200 17183874 "-" "-"
89.161.206.59 - - [11/Apr/2025:05:53:04 +0200] "GET /Jurek/dekoele/feeds/dekoele_skroutz.xml HTTP/1.0" 200 378805 "-" "-"
89.161.206.59 - - [11/Apr/2025:05:53:05 +0200] "GET /Jurek/rider/feeds/rider_skroutz.xml HTTP/1.0" 200 8165072 "-" "-"
89.161.206.59 - - [11/Apr/2025:05:53:06 +0200] "GET /Jurek/expertauto/feeds/expertauto_skroutz.xml HTTP/1.0" 200 1158917 "-" "-"
89.161.206.59 - - [11/Apr/2025:05:53:11 +0200] "GET /Jurek/qbox/feeds/qbox_skroutz.xml HTTP/1.0" 200 398695 "-" "-"
46.101.116.244 - - [11/Apr/2025:05:53:11 +0200] "GET /Jurek/filmal/feeds/filmal_mallsigs.xml HTTP/2.0" 200 139277 "-" "-"
46.101.116.244 - - [11/Apr/2025:05:53:21 +0200] "GET /Jurek/jakdroz/feeds/jakdroz_mallsigs.xml HTTP/2.0" 200 4090093 "-" "-"
89.161.206.59 - - [11/Apr/2025:05:53:22 +0200] "GET /Jurek/ekotex/feeds/ekotex_skroutz.xml HTTP/1.0" 200 197811 "-" "-"
89.161.206.59 - - [11/Apr/2025:05:53:22 +0200] "GET /Jurek/motofan/feeds/motofan_skroutz.xml HTTP/1.0" 200 2392142 "-" "-"
89.161.206.59 - - [11/Apr/2025:05:53:23 +0200] "GET /Jurek/elecomp/feeds/elecomp_skroutz.xml HTTP/1.0" 200 2867831 "-" "-"
51.77.52.107 - - [11/Apr/2025:05:53:24 +0200] "GET /Jurek/eurofirany/images/463811/0.jpg HTTP/2.0" 200 73006 "-" "baselinker"
51.77.52.107 - - [11/Apr/2025:05:53:30 +0200] "GET /Jurek/eurofirany/images/463811/0.jpg HTTP/2.0" 200 73006 "-" "baselinker"
46.101.116.244 - - [11/Apr/2025:05:53:32 +0200] "GET /Jurek/kristronik/feeds/kristronik_mallsigs.xml HTTP/2.0" 200 691973 "-" "-"
51.77.52.107 - - [11/Apr/2025:05:53:34 +0200] "GET /Jurek/eurofirany/images/463811/0.jpg HTTP/2.0" 200 73006 "-" "baselinker"
51.77.52.107 - - [11/Apr/2025:05:53:37 +0200] "GET /Jurek/eurofirany/images/463814/0.jpg HTTP/2.0" 200 72052 "-" "baselinker"
46.101.116.244 - - [11/Apr/2025:05:53:43 +0200] "GET /Jurek/nonabox/feeds/nonabox_mallsigs.xml HTTP/2.0" 200 33867 "-" "-"
46.101.116.244 - - [11/Apr/2025:05:53:53 +0200] "GET /Jurek/omi/feeds/omi_mallsigs.xml HTTP/2.0" 200 8105520 "-" "-"
51.77.52.107 - - [11/Apr/2025:05:53:55 +0200] "GET /Jurek/eurofirany/images/463814/0.jpg HTTP/2.0" 200 72052 "-" "baselinker"
51.77.52.107 - - [11/Apr/2025:05:54:01 +0200] "GET /Jurek/eurofirany/images/463814/0.jpg HTTP/2.0" 200 72052 "-" "baselinker"
46.101.116.244 - - [11/Apr/2025:05:54:04 +0200] "GET /Jurek/proparts/feeds/proparts_mallsigs.xml HTTP/2.0" 200 707488 "-" "-"
51.77.52.107 - - [11/Apr/2025:05:54:05 +0200] "GET /Jurek/eurofirany/images/463815/0.jpg HTTP/2.0" 200 75095 "-" "baselinker"
51.77.52.107 - - [11/Apr/2025:05:54:10 +0200] "GET /Jurek/eurofirany/images/463815/0.jpg HTTP/2.0" 200 75095 "-" "baselinker"
46.101.116.244 - - [11/Apr/2025:05:54:15 +0200] "GET /Jurek/rosfix/feeds/rosfix_mallsigs.xml HTTP/2.0" 200 35769627 "-" "-"
89.161.206.59 - - [11/Apr/2025:05:54:21 +0200] "GET /Jurek/najtanszysport/feeds/najtanszysport_skroutz.xml HTTP/1.0" 200 3983363 "-" "-"
51.77.52.107 - - [11/Apr/2025:05:54:27 +0200] "GET /Jurek/eurofirany/images/463815/0.jpg HTTP/2.0" 200 75095 "-" "baselinker"
46.101.116.244 - - [11/Apr/2025:05:54:29 +0200] "GET /Jurek/snibbs/feeds/snibbs_mallsigs.xml HTTP/2.0" 200 74393 "-" "-"
89.161.206.59 - - [11/Apr/2025:05:54:31 +0200] "GET /Jurek/slayo/feeds/slayo_skroutz.xml HTTP/1.0" 200 183614 "-" "-"
51.77.52.107 - - [11/Apr/2025:05:54:32 +0200] "GET /Jurek/eurofirany/images/463816/0.jpg HTTP/2.0" 200 75203 "-" "baselinker"
89.161.206.59 - - [11/Apr/2025:05:54:32 +0200] "GET /Jurek/waks/feeds/waks_skroutz.xml HTTP/1.0" 200 1596551 "-" "-"
51.77.52.107 - - [11/Apr/2025:05:54:36 +0200] "GET /Jurek/eurofirany/images/463816/0.jpg HTTP/2.0" 200 75203 "-" "baselinker"
46.101.116.244 - - [11/Apr/2025:05:54:40 +0200] "GET /Jurek/sportprise/feeds/sportprise_mallsigs.xml HTTP/2.0" 200 11782339 "-" "-"
51.77.52.107 - - [11/Apr/2025:05:54:41 +0200] "GET /Jurek/eurofirany/images/463816/0.jpg HTTP/2.0" 200 75203 "-" "baselinker"
46.101.116.244 - - [11/Apr/2025:05:54:52 +0200] "GET /Jurek/techrebal/feeds/techrebal_mallsigs.xml HTTP/2.0" 200 1989714 "-" "-"
89.161.206.59 - - [11/Apr/2025:05:54:53 +0200] "GET /Jurek/eroplace/feeds/eroplace_skroutz.xml HTTP/1.0" 200 51201632 "-" "-"
46.101.116.244 - - [11/Apr/2025:05:55:03 +0200] "GET /Jurek/techrebalina/feeds/techrebalina_mallsigs.xml HTTP/2.0" 200 2011173 "-" "-"
46.101.116.244 - - [11/Apr/2025:05:55:14 +0200] "GET /Jurek/zbimatyja/feeds/zbimatyja_mallsigs.xml HTTP/2.0" 200 11670122 "-" "-"
46.101.116.244 - - [11/Apr/2025:05:55:26 +0200] "GET /Jurek/maksik/feeds/maksik_mallsi.xml HTTP/2.0" 200 4084753 "-" "-"
46.101.116.244 - - [11/Apr/2025:05:55:37 +0200] "GET /Jurek/andex/feeds/andex_mallsi.xml HTTP/2.0" 200 1953495 "-" "-"
46.101.116.244 - - [11/Apr/2025:05:55:47 +0200] "GET /Jurek/german/feeds/german_mallsi.xml HTTP/2.0" 200 2853561 "-" "-"
46.101.116.244 - - [11/Apr/2025:05:55:58 +0200] "GET /Jurek/hanex/feeds/hanex_mallsi.xml HTTP/2.0" 200 13931547 "-" "-"
46.101.116.244 - - [11/Apr/2025:05:56:10 +0200] "GET /Jurek/maksik/feeds/maksik_mallsi.xml HTTP/2.0" 200 4084753 "-" "-"
46.101.116.244 - - [11/Apr/2025:05:56:20 +0200] "GET /Jurek/smxdesign/feeds/smxdesign_mallsi.xml HTTP/2.0" 200 1829031 "-" "-"
46.101.116.244 - - [11/Apr/2025:05:56:26 +0200] "GET /Jurek/aw/feeds/aw_fnacfr.xml HTTP/1.0" 404 3551 "-" "-"
46.101.116.244 - - [11/Apr/2025:05:56:31 +0200] "GET /Jurek/aiofactory/feeds/aiofactory_mallsi.xml HTTP/2.0" 200 2123797 "-" "-"
89.161.206.59 - - [11/Apr/2025:05:56:32 +0200] "GET /Jurek/takapara/feeds/takapara_cdsc.xml HTTP/1.0" 200 1398944 "-" "-"
46.101.116.244 - - [11/Apr/2025:05:56:41 +0200] "GET /Jurek/alucon/feeds/alucon_mallsi.xml HTTP/2.0" 200 553571 "-" "-"
46.101.116.244 - - [11/Apr/2025:05:56:52 +0200] "GET /Jurek/evil/feeds/evil_mallsi.xml HTTP/2.0" 200 306385 "-" "-"
46.101.116.244 - - [11/Apr/2025:05:57:02 +0200] "GET /Jurek/hlo/feeds/hlo_mallsi.xml HTTP/2.0" 200 4838671 "-" "-"
89.161.206.59 - - [11/Apr/2025:05:57:10 +0200] "GET /Jurek/muminky/feeds/muminky_skroutz.xml HTTP/1.0" 200 2270332 "-" "-"
46.101.116.244 - - [11/Apr/2025:05:57:13 +0200] "GET /Jurek/lgbtshop/feeds/lgbtshop_mallsi.xml HTTP/2.0" 200 219244 "-" "-"
89.161.206.59 - - [11/Apr/2025:05:57:23 +0200] "GET /Jurek/pupus/feeds/pupus_skroutz.xml HTTP/1.0" 200 1017921 "-" "-"
46.101.116.244 - - [11/Apr/2025:05:57:23 +0200] "GET /Jurek/madrex/feeds/madrex_mallsi.xml HTTP/2.0" 200 466713 "-" "-"
46.101.116.244 - - [11/Apr/2025:05:57:24 +0200] "GET /Jurek/intsell/feeds/intsell_skroutz.xml HTTP/1.0" 200 269817819 "-" "-"
51.77.52.107 - - [11/Apr/2025:05:57:24 +0200] "GET /Jurek/topeshop/downloaded_images/5902838469149_5.png HTTP/2.0" 200 89495 "-" "baselinker"
89.161.206.59 - - [11/Apr/2025:05:57:26 +0200] "GET /Jurek/rems/feeds/rems_emag.xml HTTP/1.0" 200 8706557 "-" "-"
51.77.52.107 - - [11/Apr/2025:05:57:30 +0200] "GET /Jurek/topeshop/downloaded_images/5902838469149_5.png HTTP/2.0" 200 89495 "-" "baselinker"
51.77.52.107 - - [11/Apr/2025:05:57:32 +0200] "GET /Jurek/topeshop/downloaded_images/5902838469149_5.png HTTP/2.0" 200 89495 "-" "baselinker"
46.101.116.244 - - [11/Apr/2025:05:57:33 +0200] "GET /Jurek/motofan/feeds/motofan_mallsi.xml HTTP/2.0" 200 2392150 "-" "-"
51.77.52.107 - - [11/Apr/2025:05:57:34 +0200] "GET /Jurek/topeshop/downloaded_images/5902838463529_^3BC4BD3FC3ABC4EC149D80E6155349E5D61377DA550A78F95B^pimgpsh_fullsize_distr.png HTTP/2.0" 200 194976 "-" "baselinker"
51.77.52.107 - - [11/Apr/2025:05:57:38 +0200] "GET /Jurek/topeshop/downloaded_images/5902838463529_^3BC4BD3FC3ABC4EC149D80E6155349E5D61377DA550A78F95B^pimgpsh_fullsize_distr.png HTTP/2.0" 200 194976 "-" "baselinker"
89.161.206.59 - - [11/Apr/2025:05:57:38 +0200] "GET /Jurek/zepnij/feeds/zepnij_skroutz.xml HTTP/1.0" 200 19522544 "-" "-"
89.161.206.59 - - [11/Apr/2025:05:57:40 +0200] "GET /Jurek/emaja24/feeds/emaja24_skroutz.xml HTTP/1.0" 200 5101958 "-" "-"
46.101.116.244 - - [11/Apr/2025:05:57:44 +0200] "GET /Jurek/najtanszysport/feeds/najtanszysport_mallsi.xml HTTP/2.0" 200 3983183 "-" "-"
51.77.52.107 - - [11/Apr/2025:05:57:46 +0200] "GET /Jurek/topeshop/downloaded_images/5902838463529_^3BC4BD3FC3ABC4EC149D80E6155349E5D61377DA550A78F95B^pimgpsh_fullsize_distr.png HTTP/2.0" 200 194976 "-" "baselinker"
51.77.52.107 - - [11/Apr/2025:05:57:50 +0200] "GET /Jurek/topeshop/downloaded_images/5902838469514_2.jpg HTTP/2.0" 200 49066 "-" "baselinker"
46.101.116.244 - - [11/Apr/2025:05:57:54 +0200] "GET /Jurek/nexus/feeds/nexus_mallsi.xml HTTP/2.0" 200 226645 "-" "-"
51.77.52.107 - - [11/Apr/2025:05:57:58 +0200] "GET /Jurek/topeshop/downloaded_images/5902838469514_2.jpg HTTP/2.0" 200 49066 "-" "baselinker"
46.101.116.244 - - [11/Apr/2025:05:58:05 +0200] "GET /Jurek/playcob/feeds/playcob_mallsi.xml HTTP/2.0" 200 6980211 "-" "-"
51.77.52.107 - - [11/Apr/2025:05:58:06 +0200] "GET /Jurek/topeshop/downloaded_images/5902838469514_2.jpg HTTP/2.0" 200 49066 "-" "baselinker"
51.77.52.107 - - [11/Apr/2025:05:58:12 +0200] "GET /Jurek/topeshop/downloaded_images/5902838467381_Duo_bry\xC5\x82ka-(2).jpg HTTP/2.0" 404 3551 "-" "baselinker"
51.77.52.107 - - [11/Apr/2025:05:58:12 +0200] "GET /Jurek/topeshop/downloaded_images/5902838467381_Duo_bry\xC5\x82ka-(2).jpg HTTP/2.0" 404 3551 "-" "baselinker"
51.77.52.107 - - [11/Apr/2025:05:58:13 +0200] "GET /Jurek/topeshop/downloaded_images/5902838467381_Duo_bry\xC5\x82ka-(2).jpg HTTP/2.0" 404 3551 "-" "baselinker"
51.77.52.107 - - [11/Apr/2025:05:58:14 +0200] "GET /Jurek/topeshop/downloaded_images/5902838467404_3.jpg HTTP/2.0" 404 3551 "-" "baselinker"
51.77.52.107 - - [11/Apr/2025:05:58:14 +0200] "GET /Jurek/topeshop/downloaded_images/5902838467404_3.jpg HTTP/2.0" 404 3551 "-" "baselinker"
51.77.52.107 - - [11/Apr/2025:05:58:15 +0200] "GET /Jurek/topeshop/downloaded_images/5902838467404_3.jpg HTTP/2.0" 404 3551 "-" "baselinker"
51.77.52.107 - - [11/Apr/2025:05:58:15 +0200] "GET /Jurek/topeshop/downloaded_images/5904507209186_profilowee.jpg HTTP/2.0" 200 35310 "-" "baselinker"
46.101.116.244 - - [11/Apr/2025:05:58:16 +0200] "GET /Jurek/zepnij/feeds/zepnij_mallsi.xml HTTP/2.0" 200 19522728 "-" "-"
51.77.52.107 - - [11/Apr/2025:05:58:21 +0200] "GET /Jurek/topeshop/downloaded_images/5904507209186_profilowee.jpg HTTP/2.0" 200 35310 "-" "baselinker"
46.101.116.244 - - [11/Apr/2025:05:58:27 +0200] "GET /Jurek/cbdgreen/feeds/cbdgreen_mallsi.xml HTTP/2.0" 200 50542 "-" "-"
51.77.52.107 - - [11/Apr/2025:05:58:29 +0200] "GET /Jurek/topeshop/downloaded_images/5904507209186_profilowee.jpg HTTP/2.0" 200 35310 "-" "baselinker"
89.161.206.59 - - [11/Apr/2025:05:58:33 +0200] "GET /Jurek/eurofryz3/feeds/eurofryz3_skroutz.xml HTTP/1.0" 200 172223 "-" "-"
46.101.116.244 - - [11/Apr/2025:05:58:37 +0200] "GET /Jurek/dekornatort/feeds/dekornatort_mallsi.xml HTTP/2.0" 200 225739 "-" "-"
51.77.52.107 - - [11/Apr/2025:05:58:38 +0200] "GET /Jurek/topeshop/downloaded_images/5902838467411_4.jpg HTTP/2.0" 404 3551 "-" "baselinker"
51.77.52.107 - - [11/Apr/2025:05:58:39 +0200] "GET /Jurek/topeshop/downloaded_images/5902838467411_4.jpg HTTP/2.0" 404 3551 "-" "baselinker"
51.77.52.107 - - [11/Apr/2025:05:58:39 +0200] "GET /Jurek/topeshop/downloaded_images/5902838467411_4.jpg HTTP/2.0" 404 3551 "-" "baselinker"
89.161.206.59 - - [11/Apr/2025:05:58:39 +0200] "GET /Jurek/dekornatort/feeds/dekornatort_skroutz.xml HTTP/1.0" 200 225738 "-" "-"
89.161.206.59 - - [11/Apr/2025:05:58:40 +0200] "GET /Jurek/lendo/feeds/lendo_skroutz.xml HTTP/1.0" 200 330388 "-" "-"
51.77.52.107 - - [11/Apr/2025:05:58:40 +0200] "GET /Jurek/topeshop/downloaded_images/5904507206215_20_st_close_artisan_ant.jpg HTTP/2.0" 200 65282 "-" "baselinker"
89.161.206.59 - - [11/Apr/2025:05:58:41 +0200] "GET /Jurek/eurofryz2/feeds/eurofryz2_skroutz.xml HTTP/1.0" 200 1376777 "-" "-"
89.161.206.59 - - [11/Apr/2025:05:58:41 +0200] "GET /Jurek/nexus/feeds/nexus_skroutz.xml HTTP/1.0" 200 226642 "-" "-"
89.161.206.59 - - [11/Apr/2025:05:58:41 +0200] "GET /Jurek/alucon/feeds/alucon_skroutz.xml HTTP/1.0" 200 553577 "-" "-"
51.77.52.107 - - [11/Apr/2025:05:58:45 +0200] "GET /Jurek/topeshop/downloaded_images/5904507206215_20_st_close_artisan_ant.jpg HTTP/2.0" 200 65282 "-" "baselinker"
46.101.116.244 - - [11/Apr/2025:05:58:48 +0200] "GET /Jurek/globaldeli/feeds/globaldeli_mallsi.xml HTTP/2.0" 200 2590906 "-" "-"
51.77.52.107 - - [11/Apr/2025:05:58:48 +0200] "GET /Jurek/topeshop/downloaded_images/5904507206215_20_st_close_artisan_ant.jpg HTTP/2.0" 200 65282 "-" "baselinker"
51.77.52.107 - - [11/Apr/2025:05:58:52 +0200] "GET /Jurek/topeshop/downloaded_images/5904507205935_1antracyt-artisanbry\xC5\x82ka.jpg HTTP/2.0" 404 3551 "-" "baselinker"
51.77.52.107 - - [11/Apr/2025:05:58:52 +0200] "GET /Jurek/topeshop/downloaded_images/5904507205935_1antracyt-artisanbry\xC5\x82ka.jpg HTTP/2.0" 404 3551 "-" "baselinker"
51.77.52.107 - - [11/Apr/2025:05:58:53 +0200] "GET /Jurek/topeshop/downloaded_images/5904507205935_1antracyt-artisanbry\xC5\x82ka.jpg HTTP/2.0" 404 3551 "-" "baselinker"
51.77.52.107 - - [11/Apr/2025:05:58:54 +0200] "GET /Jurek/topeshop/downloaded_images/5902838461501_1bielbry\xC5\x82ka.jpg HTTP/2.0" 404 3551 "-" "baselinker"
51.77.52.107 - - [11/Apr/2025:05:58:54 +0200] "GET /Jurek/topeshop/downloaded_images/5902838461501_1bielbry\xC5\x82ka.jpg HTTP/2.0" 404 3551 "-" "baselinker"
51.77.52.107 - - [11/Apr/2025:05:58:55 +0200] "GET /Jurek/topeshop/downloaded_images/5902838461501_1bielbry\xC5\x82ka.jpg HTTP/2.0" 404 3551 "-" "baselinker"
51.77.52.107 - - [11/Apr/2025:05:58:55 +0200] "GET /Jurek/topeshop/downloaded_images/5902838461488_1sonomabry\xC5\x82ka.jpg HTTP/2.0" 404 3551 "-" "baselinker"
51.77.52.107 - - [11/Apr/2025:05:58:56 +0200] "GET /Jurek/topeshop/downloaded_images/5902838461488_1sonomabry\xC5\x82ka.jpg HTTP/2.0" 404 3551 "-" "baselinker"
51.77.52.107 - - [11/Apr/2025:05:58:56 +0200] "GET /Jurek/topeshop/downloaded_images/5902838461488_1sonomabry\xC5\x82ka.jpg HTTP/2.0" 404 3551 "-" "baselinker"
51.77.52.107 - - [11/Apr/2025:05:58:57 +0200] "GET /Jurek/topeshop/downloaded_images/5902838461471_1truffelbry\xC5\x82ka.jpg HTTP/2.0" 404 3551 "-" "baselinker"
51.77.52.107 - - [11/Apr/2025:05:58:58 +0200] "GET /Jurek/topeshop/downloaded_images/5902838461471_1truffelbry\xC5\x82ka.jpg HTTP/2.0" 404 3551 "-" "baselinker"
89.161.206.59 - - [11/Apr/2025:05:58:58 +0200] "GET /Jurek/playcob/feeds/playcob_skroutz.xml HTTP/1.0" 200 6980239 "-" "-"
46.101.116.244 - - [11/Apr/2025:05:58:58 +0200] "GET /Jurek/kobi/feeds/kobi_mallsi.xml HTTP/2.0" 200 1993227 "-" "-"
51.77.52.107 - - [11/Apr/2025:05:58:58 +0200] "GET /Jurek/topeshop/downloaded_images/5902838461471_1truffelbry\xC5\x82ka.jpg HTTP/2.0" 404 3551 "-" "baselinker"
51.77.52.107 - - [11/Apr/2025:05:58:59 +0200] "GET /Jurek/topeshop/downloaded_images/5904507205430_Nowy_projekt_(1).png HTTP/2.0" 200 540633 "-" "baselinker"
46.101.116.244 - - [11/Apr/2025:05:59:09 +0200] "GET /Jurek/lendo/feeds/lendo_mallsi.xml HTTP/2.0" 200 330391 "-" "-"
51.77.52.107 - - [11/Apr/2025:05:59:30 +0200] "GET /Jurek/topeshop/downloaded_images/5904507205430_Nowy_projekt_(1).png HTTP/2.0" 200 540633 "-" "baselinker"
51.77.52.107 - - [11/Apr/2025:05:59:33 +0200] "GET /Jurek/topeshop/downloaded_images/5904507205430_Nowy_projekt_(1).png HTTP/2.0" 200 540633 "-" "baselinker"
89.161.206.59 - - [11/Apr/2025:05:59:36 +0200] "GET /Jurek/beltimore/feeds/beltimore_skroutz.xml HTTP/1.0" 200 18651513 "-" "-"
51.77.52.107 - - [11/Apr/2025:05:59:36 +0200] "GET /Jurek/topeshop/downloaded_images/5904507205515_blu.png HTTP/2.0" 200 328526 "-" "baselinker"
46.101.116.244 - - [11/Apr/2025:05:59:39 +0200] "GET /Jurek/naszedzieci/feeds/naszedzieci_mallsi.xml HTTP/2.0" 200 833172423 "-" "-"
89.161.206.59 - - [11/Apr/2025:05:59:40 +0200] "GET /Jurek/galopibhp/feeds/galopibhp_skroutz.xml HTTP/1.0" 200 1972830 "-" "-"
51.77.52.107 - - [11/Apr/2025:05:59:43 +0200] "GET /Jurek/topeshop/downloaded_images/5904507205515_blu.png HTTP/2.0" 200 328526 "-" "baselinker"
51.77.52.107 - - [11/Apr/2025:05:59:46 +0200] "GET /Jurek/topeshop/downloaded_images/5904507205515_blu.png HTTP/2.0" 200 328526 "-" "baselinker"
51.77.52.107 - - [11/Apr/2025:05:59:54 +0200] "GET /Jurek/topeshop/downloaded_images/5904507205508_black_2.png HTTP/2.0" 200 477279 "-" "baselinker"
89.161.206.59 - - [11/Apr/2025:05:59:59 +0200] "GET /Jurek/kinghoff/feeds/kinghoff_SkroutzGR.xml HTTP/1.0" 200 15437577 "-" "-"
89.161.206.59 - - [11/Apr/2025:06:00:00 +0200] "GET /Jurek/nonabox/feeds/nonabox_skroutz.xml HTTP/1.0" 200 33865 "-" "-"
89.161.206.59 - - [11/Apr/2025:06:00:01 +0200] "GET /Jurek/omi/feeds/omi_skroutz.xml HTTP/1.0" 200 8105544 "-" "-"
89.161.206.59 - - [11/Apr/2025:06:00:03 +0200] "GET /Jurek/sportprise/feeds/sportprise_skroutz.xml HTTP/1.0" 200 11782074 "-" "-"
51.77.52.107 - - [11/Apr/2025:06:00:14 +0200] "GET /Jurek/topeshop/downloaded_images/5904507205508_black_2.png HTTP/2.0" 200 477279 "-" "baselinker"
89.161.206.59 - - [11/Apr/2025:06:00:26 +0200] "GET /Jurek/winoszarnia/feeds/winoszarnia_skroutz.xml HTTP/1.0" 200 6064692 "-" "-"
89.161.206.59 - - [11/Apr/2025:06:00:27 +0200] "GET /Jurek/eoptimo/feeds/eoptimo_skroutz.xml HTTP/1.0" 200 2094361 "-" "-"
89.161.206.59 - - [11/Apr/2025:06:00:28 +0200] "GET /Jurek/broers/feeds/broers_skroutz.xml HTTP/1.0" 200 1982399 "-" "-"
51.77.52.107 - - [11/Apr/2025:06:00:38 +0200] "GET /Jurek/topeshop/downloaded_images/5904507205508_black_2.png HTTP/2.0" 200 477279 "-" "baselinker"
51.77.52.107 - - [11/Apr/2025:06:00:42 +0200] "GET /Jurek/topeshop/downloaded_images/5904507205522_ziel.png HTTP/2.0" 200 466634 "-" "baselinker"
52.18.22.0 - - [11/Apr/2025:06:00:43 +0200] "GET /marketplaces/ubaldi/results/ubaldi.csv HTTP/1.1" 200 147219 "-" "Mirakl HttpClient"
51.77.52.107 - - [11/Apr/2025:06:01:03 +0200] "GET /Jurek/topeshop/downloaded_images/5904507205522_ziel.png HTTP/2.0" 200 466634 "-" "baselinker"
35.204.39.32 - - [11/Apr/2025:06:01:12 +0200] "GET /marketplaces/vente/results/vente_nl.csv HTTP/1.1" 200 147219 "-" "Mirakl HttpClient"
35.204.39.32 - - [11/Apr/2025:06:01:12 +0200] "GET /marketplaces/vente/results/vente_fr.csv HTTP/1.1" 200 147219 "-" "Mirakl HttpClient"
35.204.39.32 - - [11/Apr/2025:06:01:12 +0200] "GET /marketplaces/vente/results/vente_be.csv HTTP/1.1" 200 147219 "-" "Mirakl HttpClient"
35.204.39.32 - - [11/Apr/2025:06:01:12 +0200] "GET /marketplaces/vente/results/vente_it.csv HTTP/1.1" 200 147219 "-" "Mirakl HttpClient"
35.204.39.32 - - [11/Apr/2025:06:01:12 +0200] "GET /marketplaces/vente/results/vente_es.csv HTTP/1.1" 200 147219 "-" "Mirakl HttpClient"
35.204.39.32 - - [11/Apr/2025:06:01:12 +0200] "GET /marketplaces/vente/results/vente_de.csv HTTP/1.1" 200 147219 "-" "Mirakl HttpClient"
46.101.116.244 - - [11/Apr/2025:06:01:17 +0200] "GET /Jurek/aw/feeds/aw_fnacfr.xml HTTP/1.0" 404 3551 "-" "-"
51.77.52.107 - - [11/Apr/2025:06:01:23 +0200] "GET /Jurek/topeshop/downloaded_images/5904507205522_ziel.png HTTP/2.0" 200 466634 "-" "baselinker"
51.77.52.107 - - [11/Apr/2025:06:01:26 +0200] "GET /Jurek/topeshop/downloaded_images/5904507205447_Nowy_projekt.png HTTP/2.0" 200 676940 "-" "baselinker"
51.77.52.107 - - [11/Apr/2025:06:01:34 +0200] "GET /Jurek/topeshop/downloaded_images/5904507205447_Nowy_projekt.png HTTP/2.0" 200 676940 "-" "baselinker"
51.77.52.107 - - [11/Apr/2025:06:01:50 +0200] "GET /Jurek/topeshop/downloaded_images/5904507205447_Nowy_projekt.png HTTP/2.0" 200 676940 "-" "baselinker"
88.220.33.218 - - [11/Apr/2025:06:01:51 +0200] "GET /Jurek/vida_morele/feeds/VidaPL_all.xml HTTP/2.0" 200 704913758 "-" "MarketplaceAPI curl/7.64.0 PHP/8"
52.18.22.0 - - [11/Apr/2025:06:01:58 +0200] "GET /marketplaces/rue/results/rue.csv HTTP/1.1" 200 147219 "-" "Mirakl HttpClient"
51.77.52.107 - - [11/Apr/2025:06:02:01 +0200] "GET /Jurek/topeshop/downloaded_images/5904507205553_profilowe.jpg HTTP/2.0" 200 68220 "-" "baselinker"
51.77.52.107 - - [11/Apr/2025:06:02:09 +0200] "GET /Jurek/topeshop/downloaded_images/5904507205553_profilowe.jpg HTTP/2.0" 200 68220 "-" "baselinker"
51.77.52.107 - - [11/Apr/2025:06:02:23 +0200] "GET /Jurek/topeshop/downloaded_images/5904507205553_profilowe.jpg HTTP/2.0" 200 68220 "-" "baselinker"
51.77.52.107 - - [11/Apr/2025:06:02:37 +0200] "GET /Jurek/topeshop/downloaded_images/5904507205478_profilowe.jpg HTTP/2.0" 200 105140 "-" "baselinker"
88.220.33.218 - - [11/Apr/2025:06:02:52 +0200] "GET /Jurek/kinghoff/feeds/kinghoff_morele.xml HTTP/2.0" 200 15438376 "-" "MarketplaceAPI curl/7.64.0 PHP/8"
51.77.52.107 - - [11/Apr/2025:06:02:57 +0200] "GET /Jurek/topeshop/downloaded_images/5904507205478_profilowe.jpg HTTP/2.0" 200 105140 "-" "baselinker"
51.77.52.107 - - [11/Apr/2025:06:02:59 +0200] "GET /Jurek/topeshop/downloaded_images/5904507205478_profilowe.jpg HTTP/2.0" 200 105140 "-" "baselinker"
51.77.52.107 - - [11/Apr/2025:06:03:16 +0200] "GET /Jurek/topeshop/downloaded_images/5902838468302_2.jpg HTTP/2.0" 404 3551 "-" "baselinker"
51.77.52.107 - - [11/Apr/2025:06:03:17 +0200] "GET /Jurek/topeshop/downloaded_images/5902838468302_2.jpg HTTP/2.0" 404 3551 "-" "baselinker"
51.77.52.107 - - [11/Apr/2025:06:03:18 +0200] "GET /Jurek/topeshop/downloaded_images/5902838468302_2.jpg HTTP/2.0" 404 3551 "-" "baselinker"
51.77.52.107 - - [11/Apr/2025:06:03:18 +0200] "GET /Jurek/topeshop/downloaded_images/5902838460290_2.jpg HTTP/2.0" 404 3551 "-" "baselinker"
51.77.52.107 - - [11/Apr/2025:06:03:19 +0200] "GET /Jurek/topeshop/downloaded_images/5902838460290_2.jpg HTTP/2.0" 404 3551 "-" "baselinker"
51.77.52.107 - - [11/Apr/2025:06:03:19 +0200] "GET /Jurek/topeshop/downloaded_images/5902838460290_2.jpg HTTP/2.0" 404 3551 "-" "baselinker"
51.77.52.107 - - [11/Apr/2025:06:03:20 +0200] "GET /Jurek/topeshop/downloaded_images/5902838460306_2.jpg HTTP/2.0" 404 3551 "-" "baselinker"
51.77.52.107 - - [11/Apr/2025:06:03:21 +0200] "GET /Jurek/topeshop/downloaded_images/5902838460306_2.jpg HTTP/2.0" 404 3551 "-" "baselinker"
51.77.52.107 - - [11/Apr/2025:06:03:21 +0200] "GET /Jurek/topeshop/downloaded_images/5902838460306_2.jpg HTTP/2.0" 404 3551 "-" "baselinker"
51.77.52.107 - - [11/Apr/2025:06:03:22 +0200] "GET /Jurek/topeshop/downloaded_images/5902838460085_1.png HTTP/2.0" 404 3551 "-" "baselinker"
51.77.52.107 - - [11/Apr/2025:06:03:23 +0200] "GET /Jurek/topeshop/downloaded_images/5902838460085_1.png HTTP/2.0" 404 3551 "-" "baselinker"
51.77.52.107 - - [11/Apr/2025:06:03:23 +0200] "GET /Jurek/topeshop/downloaded_images/5902838460085_1.png HTTP/2.0" 404 3551 "-" "baselinker"
51.77.52.107 - - [11/Apr/2025:06:03:24 +0200] "GET /Jurek/topeshop/downloaded_images/5902838460412_1.jpg HTTP/2.0" 404 3551 "-" "baselinker"
51.77.52.107 - - [11/Apr/2025:06:03:24 +0200] "GET /Jurek/topeshop/downloaded_images/5902838460412_1.jpg HTTP/2.0" 404 3551 "-" "baselinker"
51.77.52.107 - - [11/Apr/2025:06:03:25 +0200] "GET /Jurek/topeshop/downloaded_images/5902838460412_1.jpg HTTP/2.0" 404 3551 "-" "baselinker"
51.77.52.107 - - [11/Apr/2025:06:03:26 +0200] "GET /Jurek/topeshop/downloaded_images/5904507202019_2.jpg HTTP/2.0" 404 3551 "-" "baselinker"
51.77.52.107 - - [11/Apr/2025:06:03:27 +0200] "GET /Jurek/topeshop/downloaded_images/5904507202019_2.jpg HTTP/2.0" 404 3551 "-" "baselinker"
51.77.52.107 - - [11/Apr/2025:06:03:27 +0200] "GET /Jurek/topeshop/downloaded_images/5904507202019_2.jpg HTTP/2.0" 404 3551 "-" "baselinker"
51.77.52.107 - - [11/Apr/2025:06:03:28 +0200] "GET /Jurek/topeshop/downloaded_images/5902838468074_2.jpg HTTP/2.0" 404 3551 "-" "baselinker"
51.77.52.107 - - [11/Apr/2025:06:03:29 +0200] "GET /Jurek/topeshop/downloaded_images/5902838468074_2.jpg HTTP/2.0" 404 3551 "-" "baselinker"
51.77.52.107 - - [11/Apr/2025:06:03:30 +0200] "GET /Jurek/topeshop/downloaded_images/5902838468074_2.jpg HTTP/2.0" 404 3551 "-" "baselinker"
51.77.52.107 - - [11/Apr/2025:06:03:30 +0200] "GET /Jurek/topeshop/downloaded_images/5902838468050_2.jpg HTTP/2.0" 404 3551 "-" "baselinker"
51.77.52.107 - - [11/Apr/2025:06:03:31 +0200] "GET /Jurek/topeshop/downloaded_images/5902838468050_2.jpg HTTP/2.0" 404 3551 "-" "baselinker"
51.77.52.107 - - [11/Apr/2025:06:03:32 +0200] "GET /Jurek/topeshop/downloaded_images/5902838468050_2.jpg HTTP/2.0" 404 3551 "-" "baselinker"
51.77.52.107 - - [11/Apr/2025:06:03:32 +0200] "GET /Jurek/topeshop/downloaded_images/5902838468067_2.jpg HTTP/2.0" 404 3551 "-" "baselinker"
51.77.52.107 - - [11/Apr/2025:06:03:33 +0200] "GET /Jurek/topeshop/downloaded_images/5902838468067_2.jpg HTTP/2.0" 404 3551 "-" "baselinker"
51.77.52.107 - - [11/Apr/2025:06:03:33 +0200] "GET /Jurek/topeshop/downloaded_images/5902838468067_2.jpg HTTP/2.0" 404 3551 "-" "baselinker"
51.77.52.107 - - [11/Apr/2025:06:03:34 +0200] "GET /Jurek/topeshop/downloaded_images/5904507205812_2.jpg HTTP/2.0" 404 3551 "-" "baselinker"
51.77.52.107 - - [11/Apr/2025:06:03:35 +0200] "GET /Jurek/topeshop/downloaded_images/5904507205812_2.jpg HTTP/2.0" 404 3551 "-" "baselinker"
51.77.52.107 - - [11/Apr/2025:06:03:35 +0200] "GET /Jurek/topeshop/downloaded_images/5904507205812_2.jpg HTTP/2.0" 404 3551 "-" "baselinker"
51.77.52.107 - - [11/Apr/2025:06:03:36 +0200] "GET /Jurek/topeshop/downloaded_images/5904507202026_2.jpg HTTP/2.0" 404 3551 "-" "baselinker"
51.77.52.107 - - [11/Apr/2025:06:03:37 +0200] "GET /Jurek/topeshop/downloaded_images/5904507202026_2.jpg HTTP/2.0" 404 3551 "-" "baselinker"
51.77.52.107 - - [11/Apr/2025:06:03:38 +0200] "GET /Jurek/topeshop/downloaded_images/5904507202026_2.jpg HTTP/2.0" 404 3551 "-" "baselinker"
51.77.52.107 - - [11/Apr/2025:06:03:38 +0200] "GET /Jurek/topeshop/downloaded_images/5902838466780_2.jpg HTTP/2.0" 404 3551 "-" "baselinker"
51.77.52.107 - - [11/Apr/2025:06:03:39 +0200] "GET /Jurek/topeshop/downloaded_images/5902838466780_2.jpg HTTP/2.0" 404 3551 "-" "baselinker"
51.77.52.107 - - [11/Apr/2025:06:03:39 +0200] "GET /Jurek/topeshop/downloaded_images/5902838466780_2.jpg HTTP/2.0" 404 3551 "-" "baselinker"
51.77.52.107 - - [11/Apr/2025:06:03:41 +0200] "GET /Jurek/topeshop/downloaded_images/5902838465790_2.jpg HTTP/2.0" 404 3551 "-" "baselinker"
51.77.52.107 - - [11/Apr/2025:06:03:42 +0200] "GET /Jurek/topeshop/downloaded_images/5902838465790_2.jpg HTTP/2.0" 404 3551 "-" "baselinker"
51.77.52.107 - - [11/Apr/2025:06:03:42 +0200] "GET /Jurek/topeshop/downloaded_images/5902838465790_2.jpg HTTP/2.0" 404 3551 "-" "baselinker"
89.161.206.59 - - [11/Apr/2025:06:03:43 +0200] "GET /Jurek/carbonyway/feeds/carbonyway_skroutz.xml HTTP/1.0" 200 3075991 "-" "-"
51.77.52.107 - - [11/Apr/2025:06:03:43 +0200] "GET /Jurek/topeshop/downloaded_images/5902838466575_2.jpg HTTP/2.0" 404 3551 "-" "baselinker"
89.161.206.59 - - [11/Apr/2025:06:03:43 +0200] "GET /Jurek/filmal/feeds/filmal_skroutz.xml HTTP/1.0" 200 139280 "-" "-"
51.77.52.107 - - [11/Apr/2025:06:03:43 +0200] "GET /Jurek/topeshop/downloaded_images/5902838466575_2.jpg HTTP/2.0" 404 3551 "-" "baselinker"
51.77.52.107 - - [11/Apr/2025:06:03:44 +0200] "GET /Jurek/topeshop/downloaded_images/5902838466575_2.jpg HTTP/2.0" 404 3551 "-" "baselinker"
89.161.206.59 - - [11/Apr/2025:06:03:45 +0200] "GET /Jurek/jakdroz/feeds/jakdroz_skroutz.xml HTTP/1.0" 200 4090088 "-" "-"
51.77.52.107 - - [11/Apr/2025:06:03:45 +0200] "GET /Jurek/topeshop/downloaded_images/5904507207014_2.jpg HTTP/2.0" 404 3551 "-" "baselinker"
89.161.206.59 - - [11/Apr/2025:06:03:45 +0200] "GET /Jurek/jakdroz/feeds/jakdroz_skroutz.xml HTTP/1.0" 200 4090088 "-" "-"
51.77.52.107 - - [11/Apr/2025:06:03:45 +0200] "GET /Jurek/topeshop/downloaded_images/5904507207014_2.jpg HTTP/2.0" 404 3551 "-" "baselinker"
89.161.206.59 - - [11/Apr/2025:06:03:46 +0200] "GET /Jurek/riko/feeds/riko_skr.xml HTTP/1.0" 200 3785241 "-" "-"
51.77.52.107 - - [11/Apr/2025:06:03:46 +0200] "GET /Jurek/topeshop/downloaded_images/5904507207014_2.jpg HTTP/2.0" 404 3551 "-" "baselinker"
51.77.52.107 - - [11/Apr/2025:06:03:47 +0200] "GET /Jurek/topeshop/downloaded_images/5904507201869_3D3S_KOMODA_.png HTTP/2.0" 200 545021 "-" "baselinker"
51.77.52.107 - - [11/Apr/2025:06:03:53 +0200] "GET /Jurek/topeshop/downloaded_images/5904507201869_3D3S_KOMODA_.png HTTP/2.0" 200 545021 "-" "baselinker"
51.77.52.107 - - [11/Apr/2025:06:04:02 +0200] "GET /Jurek/topeshop/downloaded_images/5904507201869_3D3S_KOMODA_.png HTTP/2.0" 200 545021 "-" "baselinker"
89.161.206.59 - - [11/Apr/2025:06:04:07 +0200] "GET /Jurek/kalama/feeds/kalama_skr.xml HTTP/1.0" 200 2541417 "-" "-"
46.101.116.244 - - [11/Apr/2025:06:04:08 +0200] "GET /Jurek/beliani/feeds/beliani_erli.xml HTTP/1.0" 200 31271025 "-" "-"
51.77.52.107 - - [11/Apr/2025:06:04:10 +0200] "GET /Jurek/topeshop/downloaded_images/5904507209407_3.jpg HTTP/2.0" 404 3551 "-" "baselinker"
51.77.52.107 - - [11/Apr/2025:06:04:10 +0200] "GET /Jurek/topeshop/downloaded_images/5904507209407_3.jpg HTTP/2.0" 404 3551 "-" "baselinker"
51.77.52.107 - - [11/Apr/2025:06:04:11 +0200] "GET /Jurek/topeshop/downloaded_images/5904507209407_3.jpg HTTP/2.0" 404 3551 "-" "baselinker"
51.77.52.107 - - [11/Apr/2025:06:04:12 +0200] "GET /Jurek/topeshop/downloaded_images/5904507209032_Bry\xC5\x82a_kaszmir_20st0002.jpg HTTP/2.0" 200 38640 "-" "baselinker"
46.101.116.244 - - [11/Apr/2025:06:04:12 +0200] "GET /Jurek/kokiska/feeds/kokiska_erli.xml HTTP/1.0" 200 11816369 "-" "-"
89.161.206.59 - - [11/Apr/2025:06:04:17 +0200] "GET /Jurek/cdata/feeds/cdata_skr.xml HTTP/1.0" 200 1445113 "-" "-"
51.77.52.107 - - [11/Apr/2025:06:04:17 +0200] "GET /Jurek/topeshop/downloaded_images/5904507209032_Bry\xC5\x82a_kaszmir_20st0002.jpg HTTP/2.0" 200 38640 "-" "baselinker"
46.101.116.244 - - [11/Apr/2025:06:04:18 +0200] "GET /Jurek/ikonka/feeds/ikonka_erli.xml HTTP/1.0" 200 22017233 "-" "-"
89.161.206.59 - - [11/Apr/2025:06:04:18 +0200] "GET /Jurek/harmonypost/feeds/harmonypost_skr.xml HTTP/1.0" 200 39902928 "-" "-"
51.77.52.107 - - [11/Apr/2025:06:04:23 +0200] "GET /Jurek/topeshop/downloaded_images/5904507209032_Bry\xC5\x82a_kaszmir_20st0002.jpg HTTP/2.0" 200 38640 "-" "baselinker"
46.101.116.244 - - [11/Apr/2025:06:04:27 +0200] "GET /Jurek/hurtownia_przemyslowa/feeds/hp_velomarket.xml HTTP/1.0" 200 49367068 "-" "-"
51.77.52.107 - - [11/Apr/2025:06:04:28 +0200] "GET /Jurek/topeshop/downloaded_images/5904507201494_4.jpg HTTP/2.0" 404 3551 "-" "baselinker"
51.77.52.107 - - [11/Apr/2025:06:04:29 +0200] "GET /Jurek/topeshop/downloaded_images/5904507201494_4.jpg HTTP/2.0" 404 3551 "-" "baselinker"
51.77.52.107 - - [11/Apr/2025:06:04:29 +0200] "GET /Jurek/topeshop/downloaded_images/5904507201494_4.jpg HTTP/2.0" 404 3551 "-" "baselinker"
88.220.33.218 - - [11/Apr/2025:06:04:29 +0200] "GET /Jurek/eurofirany/feeds/eurofirany_morele.xml HTTP/2.0" 200 19347641 "-" "MarketplaceAPI curl/7.64.0 PHP/8"
51.77.52.107 - - [11/Apr/2025:06:04:30 +0200] "GET /Jurek/topeshop/downloaded_images/5902838466889_1.png HTTP/2.0" 404 3551 "-" "baselinker"
51.77.52.107 - - [11/Apr/2025:06:04:30 +0200] "GET /Jurek/topeshop/downloaded_images/5902838466889_1.png HTTP/2.0" 404 3551 "-" "baselinker"
51.77.52.107 - - [11/Apr/2025:06:04:31 +0200] "GET /Jurek/topeshop/downloaded_images/5902838466889_1.png HTTP/2.0" 404 3551 "-" "baselinker"
51.77.52.107 - - [11/Apr/2025:06:04:32 +0200] "GET /Jurek/topeshop/downloaded_images/5902838460511_4.png HTTP/2.0" 404 3551 "-" "baselinker"
51.77.52.107 - - [11/Apr/2025:06:04:32 +0200] "GET /Jurek/topeshop/downloaded_images/5902838460511_4.png HTTP/2.0" 404 3551 "-" "baselinker"
51.77.52.107 - - [11/Apr/2025:06:04:33 +0200] "GET /Jurek/topeshop/downloaded_images/5902838460511_4.png HTTP/2.0" 404 3551 "-" "baselinker"
51.77.52.107 - - [11/Apr/2025:06:04:34 +0200] "GET /Jurek/topeshop/downloaded_images/5902838463604_1.jpg HTTP/2.0" 404 3551 "-" "baselinker"
51.77.52.107 - - [11/Apr/2025:06:04:35 +0200] "GET /Jurek/topeshop/downloaded_images/5902838463604_1.jpg HTTP/2.0" 404 3551 "-" "baselinker"
51.77.52.107 - - [11/Apr/2025:06:04:35 +0200] "GET /Jurek/topeshop/downloaded_images/5902838463604_1.jpg HTTP/2.0" 404 3551 "-" "baselinker"
51.77.52.107 - - [11/Apr/2025:06:04:36 +0200] "GET /Jurek/topeshop/downloaded_images/5904507201500_1.jpg HTTP/2.0" 404 3551 "-" "baselinker"
88.220.33.218 - - [11/Apr/2025:06:04:36 +0200] "GET /Jurek/vivaldi/feeds/vivaldi_Morele-PL.xml HTTP/2.0" 200 344674 "-" "MarketplaceAPI curl/7.64.0 PHP/8"
51.77.52.107 - - [11/Apr/2025:06:04:36 +0200] "GET /Jurek/topeshop/downloaded_images/5904507201500_1.jpg HTTP/2.0" 404 3551 "-" "baselinker"
51.77.52.107 - - [11/Apr/2025:06:04:37 +0200] "GET /Jurek/topeshop/downloaded_images/5904507201500_1.jpg HTTP/2.0" 404 3551 "-" "baselinker"
51.77.52.107 - - [11/Apr/2025:06:04:38 +0200] "GET /Jurek/topeshop/downloaded_images/5902838466896_4.jpg HTTP/2.0" 404 3551 "-" "baselinker"
51.77.52.107 - - [11/Apr/2025:06:04:38 +0200] "GET /Jurek/topeshop/downloaded_images/5902838466896_4.jpg HTTP/2.0" 404 3551 "-" "baselinker"
51.77.52.107 - - [11/Apr/2025:06:04:39 +0200] "GET /Jurek/topeshop/downloaded_images/5902838466896_4.jpg HTTP/2.0" 404 3551 "-" "baselinker"
51.77.52.107 - - [11/Apr/2025:06:04:40 +0200] "GET /Jurek/topeshop/downloaded_images/5902838460696_4.png HTTP/2.0" 404 3551 "-" "baselinker"
51.77.52.107 - - [11/Apr/2025:06:04:40 +0200] "GET /Jurek/topeshop/downloaded_images/5902838460696_4.png HTTP/2.0" 404 3551 "-" "baselinker"
51.77.52.107 - - [11/Apr/2025:06:04:41 +0200] "GET /Jurek/topeshop/downloaded_images/5902838460696_4.png HTTP/2.0" 404 3551 "-" "baselinker"
46.101.116.244 - - [11/Apr/2025:06:04:41 +0200] "GET /Jurek/benbaby/feeds/benbaby_velo.xml HTTP/1.0" 200 3602548 "-" "-"
51.77.52.107 - - [11/Apr/2025:06:04:41 +0200] "GET /Jurek/topeshop/downloaded_images/5902838460689_4.jpg HTTP/2.0" 404 3551 "-" "baselinker"
51.77.52.107 - - [11/Apr/2025:06:04:42 +0200] "GET /Jurek/topeshop/downloaded_images/5902838460689_4.jpg HTTP/2.0" 404 3551 "-" "baselinker"
46.101.116.244 - - [11/Apr/2025:06:04:42 +0200] "GET /Jurek/aw/feeds/awnarzedzia_velomarket.xml HTTP/1.0" 200 8315481 "-" "-"
51.77.52.107 - - [11/Apr/2025:06:04:43 +0200] "GET /Jurek/topeshop/downloaded_images/5902838460689_4.jpg HTTP/2.0" 404 3551 "-" "baselinker"
51.77.52.107 - - [11/Apr/2025:06:04:43 +0200] "GET /Jurek/topeshop/downloaded_images/5904507205942_W5_0005_close.png HTTP/2.0" 200 421770 "-" "baselinker"
89.161.206.59 - - [11/Apr/2025:06:04:51 +0200] "GET /Jurek/hurtownia_przemyslowa/feeds/hp_emagHU.xml HTTP/1.0" 200 49401329 "-" "-"
51.77.52.107 - - [11/Apr/2025:06:05:03 +0200] "GET /Jurek/topeshop/downloaded_images/5904507205942_W5_0005_close.png HTTP/2.0" 200 421770 "-" "baselinker"
51.77.52.107 - - [11/Apr/2025:06:05:24 +0200] "GET /Jurek/topeshop/downloaded_images/5904507205942_W5_0005_close.png HTTP/2.0" 200 421770 "-" "baselinker"
46.101.116.244 - - [11/Apr/2025:06:05:35 +0200] "GET /Jurek/reman/feeds/reman_mallsi.xml HTTP/2.0" 200 1394822 "-" "-"
88.220.33.218 - - [11/Apr/2025:06:05:39 +0200] "GET /Jurek/aw/feeds/awnarzedzia_morele.xml HTTP/2.0" 200 90184486 "-" "MarketplaceAPI curl/7.64.0 PHP/8"
46.101.116.244 - - [11/Apr/2025:06:05:45 +0200] "GET /Jurek/sartrix/feeds/sartrix_mallsi.xml HTTP/2.0" 200 649125 "-" "-"
51.77.52.107 - - [11/Apr/2025:06:05:47 +0200] "GET /Jurek/topeshop/downloaded_images/5902838467800_W5_1_000333.jpg HTTP/2.0" 200 51280 "-" "baselinker"
46.101.116.244 - - [11/Apr/2025:06:05:56 +0200] "GET /Jurek/szpaklampy/feeds/szpaklampy_mallsi.xml HTTP/2.0" 200 388226 "-" "-"
51.77.52.107 - - [11/Apr/2025:06:06:02 +0200] "GET /Jurek/topeshop/downloaded_images/5902838467800_W5_1_000333.jpg HTTP/2.0" 200 51280 "-" "baselinker"
46.101.116.244 - - [11/Apr/2025:06:06:06 +0200] "GET /Jurek/benetech/feeds/benetech_mallsi.xml HTTP/2.0" 200 4165313 "-" "-"
89.161.206.59 - - [11/Apr/2025:06:06:12 +0200] "GET /Jurek/kinghoff/feeds/kinghoff_emaghu.xml HTTP/1.0" 200 15444929 "-" "-"
88.220.33.218 - - [11/Apr/2025:06:06:14 +0200] "GET /Jurek/beliani/feeds/beliani_morele.xml HTTP/2.0" 200 31269076 "-" "MarketplaceAPI curl/7.64.0 PHP/8"
46.101.116.244 - - [11/Apr/2025:06:06:17 +0200] "GET /Jurek/dekoele/feeds/dekoele_mallsi.xml HTTP/2.0" 200 733933 "-" "-"
51.77.52.107 - - [11/Apr/2025:06:06:18 +0200] "GET /Jurek/topeshop/downloaded_images/5902838467800_W5_1_000333.jpg HTTP/2.0" 200 51280 "-" "baselinker"
46.101.116.244 - - [11/Apr/2025:06:06:27 +0200] "GET /Jurek/drewdon/feeds/drewdon_mallsi.xml HTTP/2.0" 200 504439 "-" "-"
51.77.52.107 - - [11/Apr/2025:06:06:36 +0200] "GET /Jurek/topeshop/downloaded_images/5902838465745_W5_1_0001.jpg HTTP/2.0" 200 23982 "-" "baselinker"
46.101.116.244 - - [11/Apr/2025:06:06:37 +0200] "GET /Jurek/emaja24/feeds/emaja24_mallsi.xml HTTP/2.0" 200 5109841 "-" "-"
51.77.52.107 - - [11/Apr/2025:06:06:41 +0200] "GET /Jurek/topeshop/downloaded_images/5902838465745_W5_1_0001.jpg HTTP/2.0" 200 23982 "-" "baselinker"
51.77.52.107 - - [11/Apr/2025:06:06:49 +0200] "GET /Jurek/topeshop/downloaded_images/5902838465745_W5_1_0001.jpg HTTP/2.0" 200 23982 "-" "baselinker"
51.77.52.107 - - [11/Apr/2025:06:06:52 +0200] "GET /Jurek/topeshop/downloaded_images/5902838465752_W5_1_0002.jpg HTTP/2.0" 200 19696 "-" "baselinker"
46.101.116.244 - - [11/Apr/2025:06:06:53 +0200] "GET /Jurek/muminky/feeds/muminky_mallsi.xml HTTP/2.0" 200 2677745 "-" "-"
62.146.215.32 - - [11/Apr/2025:06:06:58 +0200] "GET /Jurek/topeshop/downloaded_images/5904507209179_PROFILOWE.jpg HTTP/2.0" 200 72642 "-" "billigerbot/1.0"
46.101.116.244 - - [11/Apr/2025:06:07:03 +0200] "GET /Jurek/pupus/feeds/pupus_mallsi.xml HTTP/2.0" 200 6154454 "-" "-"
51.77.52.107 - - [11/Apr/2025:06:07:07 +0200] "GET /Jurek/topeshop/downloaded_images/5902838465752_W5_1_0002.jpg HTTP/2.0" 200 19696 "-" "baselinker"
46.101.116.244 - - [11/Apr/2025:06:07:10 +0200] "GET /Jurek/kinghoff/feeds/kinghoff_empik.xml HTTP/1.0" 200 15438467 "-" "-"
46.101.116.244 - - [11/Apr/2025:06:07:15 +0200] "GET /Jurek/erohurtownia/feeds/erohurtownia_mallsi.xml HTTP/2.0" 200 22846409 "-" "-"
88.220.33.218 - - [11/Apr/2025:06:07:20 +0200] "GET /Jurek/vida_morele/feeds/VidaPL_morele.xml HTTP/2.0" 200 704914914 "-" "MarketplaceAPI curl/7.64.0 PHP/8"
46.101.116.244 - - [11/Apr/2025:06:07:32 +0200] "GET /Jurek/oromed/feeds/oromed_mallsi.xml HTTP/2.0" 200 1073905 "-" "-"
51.77.52.107 - - [11/Apr/2025:06:07:33 +0200] "GET /Jurek/topeshop/downloaded_images/5902838465752_W5_1_0002.jpg HTTP/2.0" 200 19696 "-" "baselinker"
51.77.52.107 - - [11/Apr/2025:06:07:51 +0200] "GET /Jurek/topeshop/downloaded_images/5902838465769_W5_1_000444.jpg HTTP/2.0" 200 82910 "-" "baselinker"
46.101.116.244 - - [11/Apr/2025:06:07:59 +0200] "GET /Jurek/urwiskowo/feeds/urwiskowo_mallsi.xml HTTP/2.0" 200 9114899 "-" "-"
46.101.116.244 - - [11/Apr/2025:06:08:11 +0200] "GET /Jurek/eroplace/feeds/eroplace_mallsi.xml HTTP/2.0" 200 52134705 "-" "-"
51.77.52.107 - - [11/Apr/2025:06:08:11 +0200] "GET /Jurek/topeshop/downloaded_images/5902838465769_W5_1_000444.jpg HTTP/2.0" 200 82910 "-" "baselinker"
51.77.52.107 - - [11/Apr/2025:06:08:17 +0200] "GET /Jurek/topeshop/downloaded_images/5902838465769_W5_1_000444.jpg HTTP/2.0" 200 82910 "-" "baselinker"
51.77.52.107 - - [11/Apr/2025:06:08:21 +0200] "GET /Jurek/topeshop/downloaded_images/5902838463291_1.jpg HTTP/2.0" 404 3551 "-" "baselinker"
51.77.52.107 - - [11/Apr/2025:06:08:22 +0200] "GET /Jurek/topeshop/downloaded_images/5902838463291_1.jpg HTTP/2.0" 404 3551 "-" "baselinker"
51.77.52.107 - - [11/Apr/2025:06:08:22 +0200] "GET /Jurek/topeshop/downloaded_images/5902838463291_1.jpg HTTP/2.0" 404 3551 "-" "baselinker"
51.77.52.107 - - [11/Apr/2025:06:08:23 +0200] "GET /Jurek/topeshop/downloaded_images/5902838463352_1.jpg HTTP/2.0" 404 3551 "-" "baselinker"
51.77.52.107 - - [11/Apr/2025:06:08:24 +0200] "GET /Jurek/topeshop/downloaded_images/5902838463352_1.jpg HTTP/2.0" 404 3551 "-" "baselinker"
51.77.52.107 - - [11/Apr/2025:06:08:24 +0200] "GET /Jurek/topeshop/downloaded_images/5902838463352_1.jpg HTTP/2.0" 404 3551 "-" "baselinker"
51.77.52.107 - - [11/Apr/2025:06:08:25 +0200] "GET /Jurek/topeshop/downloaded_images/5904507202385_modern2p-20st.jpg HTTP/2.0" 404 3551 "-" "baselinker"
51.77.52.107 - - [11/Apr/2025:06:08:25 +0200] "GET /Jurek/topeshop/downloaded_images/5904507202385_modern2p-20st.jpg HTTP/2.0" 404 3551 "-" "baselinker"
51.77.52.107 - - [11/Apr/2025:06:08:26 +0200] "GET /Jurek/topeshop/downloaded_images/5904507202385_modern2p-20st.jpg HTTP/2.0" 404 3551 "-" "baselinker"
51.77.52.107 - - [11/Apr/2025:06:08:27 +0200] "GET /Jurek/topeshop/downloaded_images/5904507209445_modern1p-slim20st.jpg HTTP/2.0" 404 3551 "-" "baselinker"
51.77.52.107 - - [11/Apr/2025:06:08:27 +0200] "GET /Jurek/topeshop/downloaded_images/5904507209445_modern1p-slim20st.jpg HTTP/2.0" 404 3551 "-" "baselinker"
51.77.52.107 - - [11/Apr/2025:06:08:28 +0200] "GET /Jurek/topeshop/downloaded_images/5904507209445_modern1p-slim20st.jpg HTTP/2.0" 404 3551 "-" "baselinker"
51.77.52.107 - - [11/Apr/2025:06:08:29 +0200] "GET /Jurek/topeshop/downloaded_images/5902838469316_1.jpg HTTP/2.0" 404 3551 "-" "baselinker"
51.77.52.107 - - [11/Apr/2025:06:08:29 +0200] "GET /Jurek/topeshop/downloaded_images/5902838469316_1.jpg HTTP/2.0" 404 3551 "-" "baselinker"
51.77.52.107 - - [11/Apr/2025:06:08:30 +0200] "GET /Jurek/topeshop/downloaded_images/5902838469316_1.jpg HTTP/2.0" 404 3551 "-" "baselinker"
51.77.52.107 - - [11/Apr/2025:06:08:30 +0200] "GET /Jurek/topeshop/downloaded_images/5902838466223_2.jpg HTTP/2.0" 404 3551 "-" "baselinker"
51.77.52.107 - - [11/Apr/2025:06:08:31 +0200] "GET /Jurek/topeshop/downloaded_images/5902838466223_2.jpg HTTP/2.0" 404 3551 "-" "baselinker"
51.77.52.107 - - [11/Apr/2025:06:08:31 +0200] "GET /Jurek/topeshop/downloaded_images/5902838466223_2.jpg HTTP/2.0" 404 3551 "-" "baselinker"
46.101.116.244 - - [11/Apr/2025:06:08:33 +0200] "GET /Jurek/bass_new/feeds/bass_mallsi.xml HTTP/2.0" 200 7040863 "-" "-"
51.77.52.107 - - [11/Apr/2025:06:08:33 +0200] "GET /Jurek/topeshop/downloaded_images/5902838466360_1.jpg HTTP/2.0" 404 3551 "-" "baselinker"
51.77.52.107 - - [11/Apr/2025:06:08:34 +0200] "GET /Jurek/topeshop/downloaded_images/5902838466360_1.jpg HTTP/2.0" 404 3551 "-" "baselinker"
51.77.52.107 - - [11/Apr/2025:06:08:34 +0200] "GET /Jurek/topeshop/downloaded_images/5902838466360_1.jpg HTTP/2.0" 404 3551 "-" "baselinker"
51.77.52.107 - - [11/Apr/2025:06:08:35 +0200] "GET /Jurek/topeshop/downloaded_images/5904507206482_rega\xC5\x82_fs003.jpg HTTP/2.0" 200 111711 "-" "baselinker"
51.77.52.107 - - [11/Apr/2025:06:08:44 +0200] "GET /Jurek/topeshop/downloaded_images/5904507206482_rega\xC5\x82_fs003.jpg HTTP/2.0" 200 111711 "-" "baselinker"
46.101.116.244 - - [11/Apr/2025:06:08:44 +0200] "GET /Jurek/ekuchcikowo/feeds/ekuchcikowo_mallsi.xml HTTP/2.0" 200 12471068 "-" "-"
51.77.52.107 - - [11/Apr/2025:06:08:49 +0200] "GET /Jurek/topeshop/downloaded_images/5904507206482_rega\xC5\x82_fs003.jpg HTTP/2.0" 200 111711 "-" "baselinker"
185.6.76.18 - - [11/Apr/2025:06:08:51 +0200] "GET /marketplaces/skroutz/feeds/shumee.xml HTTP/1.1" 200 418633284 "-" "SkroutzBot v1.0"
51.77.52.107 - - [11/Apr/2025:06:08:55 +0200] "GET /Jurek/topeshop/downloaded_images/5904507206185_ant_art.jpg HTTP/2.0" 200 51503 "-" "baselinker"
46.101.116.244 - - [11/Apr/2025:06:08:55 +0200] "GET /Jurek/sempler/feeds/sempler_mallsi.xml HTTP/2.0" 200 6787958 "-" "-"
51.77.52.107 - - [11/Apr/2025:06:08:59 +0200] "GET /Jurek/topeshop/downloaded_images/5904507206185_ant_art.jpg HTTP/2.0" 200 51503 "-" "baselinker"
51.77.52.107 - - [11/Apr/2025:06:09:01 +0200] "GET /Jurek/topeshop/downloaded_images/5904507206185_ant_art.jpg HTTP/2.0" 200 51503 "-" "baselinker"
51.77.52.107 - - [11/Apr/2025:06:09:03 +0200] "GET /Jurek/topeshop/downloaded_images/5904507205621_sonoma.jpg HTTP/2.0" 200 63187 "-" "baselinker"
46.101.116.244 - - [11/Apr/2025:06:09:06 +0200] "GET /Jurek/bass/feeds/bass_mallsi.xml HTTP/2.0" 200 3984389 "-" "-"
51.77.52.107 - - [11/Apr/2025:06:09:09 +0200] "GET /Jurek/topeshop/downloaded_images/5904507205621_sonoma.jpg HTTP/2.0" 200 63187 "-" "baselinker"
51.77.52.107 - - [11/Apr/2025:06:09:14 +0200] "GET /Jurek/topeshop/downloaded_images/5904507205621_sonoma.jpg HTTP/2.0" 200 63187 "-" "baselinker"
51.77.52.107 - - [11/Apr/2025:06:09:15 +0200] "GET /Jurek/topeshop/downloaded_images/5904507206512_profil.png HTTP/2.0" 200 107622 "-" "baselinker"
51.77.52.107 - - [11/Apr/2025:06:09:22 +0200] "GET /Jurek/topeshop/downloaded_images/5904507206512_profil.png HTTP/2.0" 200 107622 "-" "baselinker"
51.77.52.107 - - [11/Apr/2025:06:09:27 +0200] "GET /Jurek/topeshop/downloaded_images/5904507206512_profil.png HTTP/2.0" 200 107622 "-" "baselinker"
46.101.116.244 - - [11/Apr/2025:06:09:29 +0200] "GET /Jurek/slayo/feeds/slayo_mallsi.xml HTTP/2.0" 200 183614 "-" "-"
51.77.52.107 - - [11/Apr/2025:06:09:31 +0200] "GET /Jurek/topeshop/downloaded_images/5904507206529_profilowe_sonoma.jpg HTTP/2.0" 200 67710 "-" "baselinker"
46.101.116.244 - - [11/Apr/2025:06:09:40 +0200] "GET /Jurek/mosti/feeds/mosti_mallsi.xml HTTP/2.0" 200 4628083 "-" "-"
46.101.116.244 - - [11/Apr/2025:06:09:40 +0200] "GET /Jurek/amzteam/feeds/amzteam_mallsi.xml HTTP/2.0" 200 97852 "-" "-"
46.101.116.244 - - [11/Apr/2025:06:09:41 +0200] "GET /Jurek/artdog/feeds/artdog_mallsi.xml HTTP/2.0" 200 17158514 "-" "-"
46.101.116.244 - - [11/Apr/2025:06:09:42 +0200] "GET /Jurek/kambukka/feeds/kambukka_mallsi.xml HTTP/2.0" 200 1021061 "-" "-"
51.77.52.107 - - [11/Apr/2025:06:09:47 +0200] "GET /Jurek/topeshop/downloaded_images/5904507206529_profilowe_sonoma.jpg HTTP/2.0" 200 67710 "-" "baselinker"
51.77.52.107 - - [11/Apr/2025:06:09:49 +0200] "GET /Jurek/topeshop/downloaded_images/5904507206529_profilowe_sonoma.jpg HTTP/2.0" 200 67710 "-" "baselinker"
46.101.116.244 - - [11/Apr/2025:06:09:56 +0200] "GET /Jurek/swiatecznygoliat/feeds/swiatecznygoliat_mallsi.xml HTTP/2.0" 200 7054433 "-" "-"
51.77.52.107 - - [11/Apr/2025:06:10:01 +0200] "GET /Jurek/topeshop/downloaded_images/5902838465707_3d6cebe441e19a030bfaaac2ec6d2.jpg HTTP/2.0" 200 59727 "-" "baselinker"
77.79.248.229 - - [11/Apr/2025:06:10:03 +0200] "GET /Jurek/ikonka/feeds/ikonka_cdon_se.xml HTTP/1.1" 200 22018979 "-" "python-requests/2.32.3"
77.79.248.229 - - [11/Apr/2025:06:10:03 +0200] "GET /Jurek/ikonka/feeds/ikonka_cdon_dk.xml HTTP/1.1" 200 22018887 "-" "python-requests/2.32.3"
77.79.248.229 - - [11/Apr/2025:06:10:04 +0200] "GET /Jurek/ikonka/feeds/ikonka_cdon_fi.xml HTTP/1.1" 200 22016792 "-" "python-requests/2.32.3"
51.77.52.107 - - [11/Apr/2025:06:10:05 +0200] "GET /Jurek/topeshop/downloaded_images/5902838465707_3d6cebe441e19a030bfaaac2ec6d2.jpg HTTP/2.0" 200 59727 "-" "baselinker"
77.79.248.229 - - [11/Apr/2025:06:10:07 +0200] "GET /Jurek/rovicky/feeds/rovicky_cdonSE.xml HTTP/1.1" 200 15099938 "-" "python-requests/2.32.3"
77.79.248.229 - - [11/Apr/2025:06:10:07 +0200] "GET /Jurek/rovicky/feeds/rovicky_cdonDK.xml HTTP/1.1" 200 15099803 "-" "python-requests/2.32.3"
77.79.248.229 - - [11/Apr/2025:06:10:07 +0200] "GET /Jurek/rovicky/feeds/rovicky_cdonFI.xml HTTP/1.1" 200 15094658 "-" "python-requests/2.32.3"
77.79.248.229 - - [11/Apr/2025:06:10:07 +0200] "GET /Jurek/benbaby/feeds/benbaby_cdon_se.xml HTTP/1.1" 200 3604738 "-" "python-requests/2.32.3"
77.79.248.229 - - [11/Apr/2025:06:10:07 +0200] "GET /Jurek/benbaby/feeds/benbaby_cdon_dk.xml HTTP/1.1" 200 3604638 "-" "python-requests/2.32.3"
77.79.248.229 - - [11/Apr/2025:06:10:07 +0200] "GET /Jurek/benbaby/feeds/benbaby_cdon_fi.xml HTTP/1.1" 200 3602212 "-" "python-requests/2.32.3"
