51.77.52.107 - - [11/Apr/2025:04:48:16 +0200] "GET /Jurek/eurofirany/images/464000/0.jpg HTTP/2.0" 200 102354 "-" "baselinker"
185.6.76.166 - - [11/Apr/2025:04:48:21 +0200] "GET /Jurek/eurofirany/images/410909/0.jpg HTTP/1.1" 200 147219 "-" "Skroutz ImageBot v1"
185.6.76.166 - - [11/Apr/2025:04:48:23 +0200] "GET /Jurek/eurofirany/images/419764/0.jpg HTTP/1.1" 200 6595 "-" "Skroutz ImageBot v1"
51.77.52.107 - - [11/Apr/2025:04:48:29 +0200] "GET /Jurek/eurofirany/images/464000/0.jpg HTTP/2.0" 200 102354 "-" "baselinker"
51.77.52.107 - - [11/Apr/2025:04:48:34 +0200] "GET /Jurek/eurofirany/images/464000/0.jpg HTTP/2.0" 200 102354 "-" "baselinker"
51.77.52.107 - - [11/Apr/2025:04:48:37 +0200] "GET /Jurek/eurofirany/images/464026/0.jpg HTTP/2.0" 200 31953 "-" "baselinker"
51.77.52.107 - - [11/Apr/2025:04:49:00 +0200] "GET /Jurek/eurofirany/images/464026/0.jpg HTTP/2.0" 200 31953 "-" "baselinker"
51.77.52.107 - - [11/Apr/2025:04:49:10 +0200] "GET /Jurek/eurofirany/images/464026/0.jpg HTTP/2.0" 200 31953 "-" "baselinker"
51.77.52.107 - - [11/Apr/2025:04:49:15 +0200] "GET /Jurek/eurofirany/images/464027/0.jpg HTTP/2.0" 200 40278 "-" "baselinker"
185.6.76.166 - - [11/Apr/2025:04:49:30 +0200] "GET /Jurek/eurofirany/images/419764/0.jpg HTTP/1.1" 200 6595 "-" "Skroutz ImageBot v1"
51.77.52.107 - - [11/Apr/2025:04:49:32 +0200] "GET /Jurek/eurofirany/images/464027/0.jpg HTTP/2.0" 200 40278 "-" "baselinker"
51.77.52.107 - - [11/Apr/2025:04:49:47 +0200] "GET /Jurek/eurofirany/images/464027/0.jpg HTTP/2.0" 200 40278 "-" "baselinker"
51.77.52.107 - - [11/Apr/2025:04:50:05 +0200] "GET /Jurek/eurofirany/images/464029/0.jpg HTTP/2.0" 200 45351 "-" "baselinker"
51.77.52.107 - - [11/Apr/2025:04:50:24 +0200] "GET /Jurek/eurofirany/images/464029/0.jpg HTTP/2.0" 200 45351 "-" "baselinker"
51.77.52.107 - - [11/Apr/2025:04:50:30 +0200] "GET /Jurek/eurofirany/images/464029/0.jpg HTTP/2.0" 200 45351 "-" "baselinker"
51.77.52.107 - - [11/Apr/2025:04:50:36 +0200] "GET /Jurek/eurofirany/images/464031/0.jpg HTTP/2.0" 200 39268 "-" "baselinker"
51.77.52.107 - - [11/Apr/2025:04:50:53 +0200] "GET /Jurek/eurofirany/images/464031/0.jpg HTTP/2.0" 200 39268 "-" "baselinker"
51.77.52.107 - - [11/Apr/2025:04:50:57 +0200] "GET /Jurek/eurofirany/images/464031/0.jpg HTTP/2.0" 200 39268 "-" "baselinker"
46.101.116.244 - - [11/Apr/2025:04:51:06 +0200] "GET /Jurek/aw/feeds/aw_fnacfr.xml HTTP/1.0" 404 3551 "-" "-"
89.161.206.59 - - [11/Apr/2025:04:51:10 +0200] "GET /Jurek/sportprise/feeds/sportprise_cdsc.xml HTTP/1.0" 200 16750672 "-" "-"
89.161.206.59 - - [11/Apr/2025:04:51:10 +0200] "GET /Jurek/princelh/feeds/princelh_cdsc.xml HTTP/1.0" 200 123625 "-" "-"
89.161.206.59 - - [11/Apr/2025:04:51:13 +0200] "GET /Jurek/amzteam/feeds/amzteam_cdsc.xml HTTP/1.0" 200 145385 "-" "-"
51.77.52.107 - - [11/Apr/2025:04:51:24 +0200] "GET /Jurek/eurofirany/images/464033/0.jpg HTTP/2.0" 200 45666 "-" "baselinker"
51.77.52.107 - - [11/Apr/2025:04:51:49 +0200] "GET /Jurek/eurofirany/images/464033/0.jpg HTTP/2.0" 200 45666 "-" "baselinker"
51.77.52.107 - - [11/Apr/2025:04:52:22 +0200] "GET /Jurek/eurofirany/images/464033/0.jpg HTTP/2.0" 200 45666 "-" "baselinker"
51.77.52.107 - - [11/Apr/2025:04:52:25 +0200] "GET /Jurek/eurofirany/images/464034/0.jpg HTTP/2.0" 200 53403 "-" "baselinker"
51.77.52.107 - - [11/Apr/2025:04:52:46 +0200] "GET /Jurek/eurofirany/images/464034/0.jpg HTTP/2.0" 200 53403 "-" "baselinker"
51.77.52.107 - - [11/Apr/2025:04:52:52 +0200] "GET /Jurek/eurofirany/images/464034/0.jpg HTTP/2.0" 200 53403 "-" "baselinker"
51.77.52.107 - - [11/Apr/2025:04:53:10 +0200] "GET /Jurek/eurofirany/images/464035/0.jpg HTTP/2.0" 200 54468 "-" "baselinker"
51.77.52.107 - - [11/Apr/2025:04:53:17 +0200] "GET /Jurek/eurofirany/images/464035/0.jpg HTTP/2.0" 200 54468 "-" "baselinker"
51.77.52.107 - - [11/Apr/2025:04:53:30 +0200] "GET /Jurek/eurofirany/images/464035/0.jpg HTTP/2.0" 200 54468 "-" "baselinker"
51.77.52.107 - - [11/Apr/2025:04:53:40 +0200] "GET /Jurek/eurofirany/images/464044/0.jpg HTTP/2.0" 200 51166 "-" "baselinker"
51.77.52.107 - - [11/Apr/2025:04:53:45 +0200] "GET /Jurek/eurofirany/images/464044/0.jpg HTTP/2.0" 200 51166 "-" "baselinker"
51.77.52.107 - - [11/Apr/2025:04:53:54 +0200] "GET /Jurek/eurofirany/images/464044/0.jpg HTTP/2.0" 200 51166 "-" "baselinker"
51.77.52.107 - - [11/Apr/2025:04:54:01 +0200] "GET /Jurek/eurofirany/images/464045/0.jpg HTTP/2.0" 200 48788 "-" "baselinker"
51.77.52.107 - - [11/Apr/2025:04:54:08 +0200] "GET /Jurek/eurofirany/images/464045/0.jpg HTTP/2.0" 200 48788 "-" "baselinker"
51.77.52.107 - - [11/Apr/2025:04:54:12 +0200] "GET /Jurek/eurofirany/images/464045/0.jpg HTTP/2.0" 200 48788 "-" "baselinker"
51.77.52.107 - - [11/Apr/2025:04:54:22 +0200] "GET /Jurek/eurofirany/images/464046/0.jpg HTTP/2.0" 200 49144 "-" "baselinker"
51.77.52.107 - - [11/Apr/2025:04:54:43 +0200] "GET /Jurek/eurofirany/images/464046/0.jpg HTTP/2.0" 200 49144 "-" "baselinker"
66.249.64.165 - - [11/Apr/2025:04:55:01 +0200] "GET /Jurek/eurofirany/images/400579/11.jpg HTTP/1.1" 200 6595 "-" "Googlebot-Image/1.0"
66.249.64.165 - - [11/Apr/2025:04:55:01 +0200] "GET /Jurek/eurofirany/images/400579/9.jpg HTTP/1.1" 200 6595 "-" "Googlebot-Image/1.0"
51.77.52.107 - - [11/Apr/2025:04:55:01 +0200] "GET /Jurek/eurofirany/images/464046/0.jpg HTTP/2.0" 200 49144 "-" "baselinker"
66.249.64.165 - - [11/Apr/2025:04:55:05 +0200] "GET /Jurek/eurofirany/images/400579/8.jpg HTTP/1.1" 200 6595 "-" "Googlebot-Image/1.0"
51.77.52.107 - - [11/Apr/2025:04:55:17 +0200] "GET /Jurek/eurofirany/images/464047/0.jpg HTTP/2.0" 200 48411 "-" "baselinker"
51.77.52.107 - - [11/Apr/2025:04:55:40 +0200] "GET /Jurek/eurofirany/images/464047/0.jpg HTTP/2.0" 200 48411 "-" "baselinker"
51.77.52.107 - - [11/Apr/2025:04:55:51 +0200] "GET /Jurek/eurofirany/images/464047/0.jpg HTTP/2.0" 200 48411 "-" "baselinker"
51.77.52.107 - - [11/Apr/2025:04:55:56 +0200] "GET /Jurek/eurofirany/images/464049/0.jpg HTTP/2.0" 200 50102 "-" "baselinker"
51.77.52.107 - - [11/Apr/2025:04:56:16 +0200] "GET /Jurek/eurofirany/images/464049/0.jpg HTTP/2.0" 200 50102 "-" "baselinker"
46.101.116.244 - - [11/Apr/2025:04:56:24 +0200] "GET /Jurek/aw/feeds/aw_fnacfr.xml HTTP/1.0" 404 3551 "-" "-"
51.77.52.107 - - [11/Apr/2025:04:56:34 +0200] "GET /Jurek/eurofirany/images/464049/0.jpg HTTP/2.0" 200 50102 "-" "baselinker"
89.161.206.59 - - [11/Apr/2025:04:56:35 +0200] "GET /Jurek/hurtownia_przemyslowa/feeds/hp_skroutz.xml HTTP/1.0" 200 49363111 "-" "-"
51.77.52.107 - - [11/Apr/2025:04:56:39 +0200] "GET /Jurek/eurofirany/images/464051/0.jpg HTTP/2.0" 200 52148 "-" "baselinker"
51.77.52.107 - - [11/Apr/2025:04:56:56 +0200] "GET /Jurek/eurofirany/images/464051/0.jpg HTTP/2.0" 200 52148 "-" "baselinker"
51.77.52.107 - - [11/Apr/2025:04:57:12 +0200] "GET /Jurek/eurofirany/images/464051/0.jpg HTTP/2.0" 200 52148 "-" "baselinker"
51.77.52.107 - - [11/Apr/2025:04:57:27 +0200] "GET /Jurek/eurofirany/images/464052/0.jpg HTTP/2.0" 200 41666 "-" "baselinker"
89.161.206.59 - - [11/Apr/2025:04:57:29 +0200] "GET /Jurek/waks/feeds/waks_allegro.xml HTTP/1.0" 200 1598638 "-" "-"
89.161.206.59 - - [11/Apr/2025:04:57:29 +0200] "GET /Jurek/drops/feeds/dropsofficecolection_allegro.xml HTTP/1.0" 200 790659 "-" "-"
89.161.206.59 - - [11/Apr/2025:04:57:29 +0200] "GET /Jurek/velinda/feeds/velinda_allegro.xml HTTP/1.0" 200 23436 "-" "-"
89.161.206.59 - - [11/Apr/2025:04:57:29 +0200] "GET /Jurek/galopi/feeds/galopi_allegro.xml HTTP/1.0" 200 2111240 "-" "-"
51.77.52.107 - - [11/Apr/2025:04:57:46 +0200] "GET /Jurek/eurofirany/images/464052/0.jpg HTTP/2.0" 200 41666 "-" "baselinker"
89.161.206.59 - - [11/Apr/2025:04:57:54 +0200] "GET /Jurek/ikonka/feeds/ikonka_ebayde.xml HTTP/1.0" 200 7025757 "-" "-"
51.77.52.107 - - [11/Apr/2025:04:57:54 +0200] "GET /Jurek/eurofirany/images/464052/0.jpg HTTP/2.0" 200 41666 "-" "baselinker"
89.161.206.59 - - [11/Apr/2025:04:57:55 +0200] "GET /Jurek/aiofactory/feeds/aiofactory_ebayde.xml HTTP/1.0" 200 2123791 "-" "-"
89.161.206.59 - - [11/Apr/2025:04:57:59 +0200] "GET /Jurek/kobi/feeds/kobi_ebayde.xml HTTP/1.0" 200 713607 "-" "-"
51.77.52.107 - - [11/Apr/2025:04:58:06 +0200] "GET /Jurek/eurofirany/images/464054/0.jpg HTTP/2.0" 200 48395 "-" "baselinker"
51.77.52.107 - - [11/Apr/2025:04:58:22 +0200] "GET /Jurek/eurofirany/images/464054/0.jpg HTTP/2.0" 200 48395 "-" "baselinker"
51.77.52.107 - - [11/Apr/2025:04:58:37 +0200] "GET /Jurek/eurofirany/images/464054/0.jpg HTTP/2.0" 200 48395 "-" "baselinker"
51.77.52.107 - - [11/Apr/2025:04:58:42 +0200] "GET /Jurek/eurofirany/images/468029/0.jpg HTTP/2.0" 200 52873 "-" "baselinker"
51.77.52.107 - - [11/Apr/2025:04:58:46 +0200] "GET /Jurek/eurofirany/images/468029/0.jpg HTTP/2.0" 200 52873 "-" "baselinker"
51.77.52.107 - - [11/Apr/2025:04:58:49 +0200] "GET /Jurek/eurofirany/images/468029/0.jpg HTTP/2.0" 200 52873 "-" "baselinker"
51.77.52.107 - - [11/Apr/2025:04:58:52 +0200] "GET /Jurek/eurofirany/images/468030/0.jpg HTTP/2.0" 200 86038 "-" "baselinker"
51.77.52.107 - - [11/Apr/2025:04:58:57 +0200] "GET /Jurek/eurofirany/images/468030/0.jpg HTTP/2.0" 200 86038 "-" "baselinker"
51.77.52.107 - - [11/Apr/2025:04:58:59 +0200] "GET /Jurek/eurofirany/images/468030/0.jpg HTTP/2.0" 200 86038 "-" "baselinker"
51.77.52.107 - - [11/Apr/2025:04:59:04 +0200] "GET /Jurek/eurofirany/images/468031/0.jpg HTTP/2.0" 200 47881 "-" "baselinker"
46.101.116.244 - - [11/Apr/2025:04:59:27 +0200] "GET /Jurek/topeshop/feeds/topeshop_skr.xml HTTP/1.0" 200 922128 "-" "-"
51.77.52.107 - - [11/Apr/2025:04:59:28 +0200] "GET /Jurek/eurofirany/images/468031/0.jpg HTTP/2.0" 200 47881 "-" "baselinker"
51.77.52.107 - - [11/Apr/2025:04:59:32 +0200] "GET /Jurek/eurofirany/images/468031/0.jpg HTTP/2.0" 200 47881 "-" "baselinker"
51.77.52.107 - - [11/Apr/2025:04:59:36 +0200] "GET /Jurek/eurofirany/images/468036/0.jpg HTTP/2.0" 200 78554 "-" "baselinker"
51.77.52.107 - - [11/Apr/2025:04:59:40 +0200] "GET /Jurek/eurofirany/images/468036/0.jpg HTTP/2.0" 200 78554 "-" "baselinker"
51.77.52.107 - - [11/Apr/2025:04:59:44 +0200] "GET /Jurek/eurofirany/images/468036/0.jpg HTTP/2.0" 200 78554 "-" "baselinker"
89.161.206.59 - - [11/Apr/2025:04:59:46 +0200] "GET /Jurek/winoszarnia/feeds/winoszarnia_emagro.xml HTTP/1.0" 200 6065004 "-" "-"
89.161.206.59 - - [11/Apr/2025:04:59:46 +0200] "GET /Jurek/filmal/feeds/filmal_emagro.xml HTTP/1.0" 200 139310 "-" "-"
51.77.52.107 - - [11/Apr/2025:04:59:47 +0200] "GET /Jurek/eurofirany/images/468038/0.jpg HTTP/2.0" 200 62811 "-" "baselinker"
89.161.206.59 - - [11/Apr/2025:04:59:50 +0200] "GET /Jurek/livinhill/feeds/livinhill_emagro.xml HTTP/1.0" 200 167748 "-" "-"
89.161.206.59 - - [11/Apr/2025:04:59:50 +0200] "GET /Jurek/jakdroz/feeds/jakdroz_emagro.xml HTTP/1.0" 200 4090885 "-" "-"
185.6.76.167 - - [11/Apr/2025:04:59:55 +0200] "GET /Jurek/topeshop/downloaded_images/5902838461594_brylki_.RGB_color.0006.png HTTP/1.1" 200 31761 "-" "Skroutz ImageBot v1"
164.92.232.189 - - [11/Apr/2025:05:00:01 +0200] "GET /subskrypcje/AMD/feeds/amd_cz.xml HTTP/1.1" 200 518486 "-" "-"
51.77.52.107 - - [11/Apr/2025:05:00:07 +0200] "GET /Jurek/eurofirany/images/468038/0.jpg HTTP/2.0" 200 62811 "-" "baselinker"
51.77.52.107 - - [11/Apr/2025:05:00:12 +0200] "GET /Jurek/eurofirany/images/468038/0.jpg HTTP/2.0" 200 62811 "-" "baselinker"
164.92.232.189 - - [11/Apr/2025:05:00:12 +0200] "GET /subskrypcje/AMD/feeds/amd_sk.xml HTTP/1.1" 200 528562 "-" "-"
164.92.232.189 - - [11/Apr/2025:05:00:12 +0200] "GET /subskrypcje/OverHorse/overhorse_mallcz.xml HTTP/1.1" 200 112935 "-" "-"
51.77.52.107 - - [11/Apr/2025:05:00:18 +0200] "GET /Jurek/eurofirany/images/468040/0.jpg HTTP/2.0" 200 59048 "-" "baselinker"
164.92.232.189 - - [11/Apr/2025:05:00:23 +0200] "GET /subskrypcje/mondex/feeds/mondex_mall_cz.xml HTTP/1.1" 200 2203515 "-" "-"
51.77.52.107 - - [11/Apr/2025:05:00:26 +0200] "GET /Jurek/eurofirany/images/468040/0.jpg HTTP/2.0" 200 59048 "-" "baselinker"
51.77.52.107 - - [11/Apr/2025:05:00:31 +0200] "GET /Jurek/eurofirany/images/468040/0.jpg HTTP/2.0" 200 59048 "-" "baselinker"
51.77.52.107 - - [11/Apr/2025:05:00:36 +0200] "GET /Jurek/eurofirany/images/468041/0.jpg HTTP/2.0" 200 80158 "-" "baselinker"
52.18.22.0 - - [11/Apr/2025:05:00:37 +0200] "GET /marketplaces/ubaldi/results/ubaldi.csv HTTP/1.1" 200 147219 "-" "Mirakl HttpClient"
51.77.52.107 - - [11/Apr/2025:05:00:51 +0200] "GET /Jurek/eurofirany/images/468041/0.jpg HTTP/2.0" 200 80158 "-" "baselinker"
51.77.52.107 - - [11/Apr/2025:05:00:56 +0200] "GET /Jurek/eurofirany/images/468041/0.jpg HTTP/2.0" 200 80158 "-" "baselinker"
51.77.52.107 - - [11/Apr/2025:05:01:01 +0200] "GET /Jurek/eurofirany/images/468563/0.jpg HTTP/2.0" 200 112877 "-" "baselinker"
51.77.52.107 - - [11/Apr/2025:05:01:06 +0200] "GET /Jurek/eurofirany/images/468563/0.jpg HTTP/2.0" 200 112877 "-" "baselinker"
51.77.52.107 - - [11/Apr/2025:05:01:10 +0200] "GET /Jurek/eurofirany/images/468563/0.jpg HTTP/2.0" 200 112877 "-" "baselinker"
35.204.39.32 - - [11/Apr/2025:05:01:14 +0200] "GET /marketplaces/vente/results/vente_nl.csv HTTP/1.1" 200 147219 "-" "Mirakl HttpClient"
35.204.39.32 - - [11/Apr/2025:05:01:14 +0200] "GET /marketplaces/vente/results/vente_fr.csv HTTP/1.1" 200 147219 "-" "Mirakl HttpClient"
35.204.39.32 - - [11/Apr/2025:05:01:14 +0200] "GET /marketplaces/vente/results/vente_be.csv HTTP/1.1" 200 147219 "-" "Mirakl HttpClient"
35.204.39.32 - - [11/Apr/2025:05:01:14 +0200] "GET /marketplaces/vente/results/vente_it.csv HTTP/1.1" 200 147219 "-" "Mirakl HttpClient"
35.204.39.32 - - [11/Apr/2025:05:01:14 +0200] "GET /marketplaces/vente/results/vente_es.csv HTTP/1.1" 200 147219 "-" "Mirakl HttpClient"
35.204.39.32 - - [11/Apr/2025:05:01:14 +0200] "GET /marketplaces/vente/results/vente_de.csv HTTP/1.1" 200 147219 "-" "Mirakl HttpClient"
51.77.52.107 - - [11/Apr/2025:05:01:16 +0200] "GET /Jurek/eurofirany/images/468564/0.jpg HTTP/2.0" 200 112877 "-" "baselinker"
51.77.52.107 - - [11/Apr/2025:05:01:25 +0200] "GET /Jurek/eurofirany/images/468564/0.jpg HTTP/2.0" 200 112877 "-" "baselinker"
51.77.52.107 - - [11/Apr/2025:05:01:30 +0200] "GET /Jurek/eurofirany/images/468564/0.jpg HTTP/2.0" 200 112877 "-" "baselinker"
51.77.52.107 - - [11/Apr/2025:05:01:48 +0200] "GET /Jurek/eurofirany/images/468565/0.jpg HTTP/2.0" 200 112877 "-" "baselinker"
51.77.52.107 - - [11/Apr/2025:05:01:53 +0200] "GET /Jurek/eurofirany/images/468565/0.jpg HTTP/2.0" 200 112877 "-" "baselinker"
52.18.22.0 - - [11/Apr/2025:05:01:54 +0200] "GET /marketplaces/rue/results/rue.csv HTTP/1.1" 200 147219 "-" "Mirakl HttpClient"
51.77.52.107 - - [11/Apr/2025:05:01:57 +0200] "GET /Jurek/eurofirany/images/468565/0.jpg HTTP/2.0" 200 112877 "-" "baselinker"
51.77.52.107 - - [11/Apr/2025:05:02:03 +0200] "GET /Jurek/eurofirany/images/468566/0.jpg HTTP/2.0" 200 112877 "-" "baselinker"
51.77.52.107 - - [11/Apr/2025:05:02:08 +0200] "GET /Jurek/eurofirany/images/468566/0.jpg HTTP/2.0" 200 112877 "-" "baselinker"
88.220.33.218 - - [11/Apr/2025:05:02:10 +0200] "GET /Jurek/vida_morele/feeds/VidaPL_all.xml HTTP/2.0" 200 704913758 "-" "MarketplaceAPI curl/7.64.0 PHP/8"
51.77.52.107 - - [11/Apr/2025:05:02:12 +0200] "GET /Jurek/eurofirany/images/468566/0.jpg HTTP/2.0" 200 112877 "-" "baselinker"
51.77.52.107 - - [11/Apr/2025:05:02:17 +0200] "GET /Jurek/eurofirany/images/468567/0.jpg HTTP/2.0" 200 112877 "-" "baselinker"
51.77.52.107 - - [11/Apr/2025:05:02:22 +0200] "GET /Jurek/eurofirany/images/468567/0.jpg HTTP/2.0" 200 112877 "-" "baselinker"
51.77.52.107 - - [11/Apr/2025:05:02:34 +0200] "GET /Jurek/eurofirany/images/468567/0.jpg HTTP/2.0" 200 112877 "-" "baselinker"
51.77.52.107 - - [11/Apr/2025:05:02:40 +0200] "GET /Jurek/eurofirany/images/468568/0.jpg HTTP/2.0" 200 112877 "-" "baselinker"
51.77.52.107 - - [11/Apr/2025:05:02:46 +0200] "GET /Jurek/eurofirany/images/468568/0.jpg HTTP/2.0" 200 112877 "-" "baselinker"
88.220.33.218 - - [11/Apr/2025:05:02:47 +0200] "GET /Jurek/kinghoff/feeds/kinghoff_morele.xml HTTP/2.0" 200 15438376 "-" "MarketplaceAPI curl/7.64.0 PHP/8"
51.77.52.107 - - [11/Apr/2025:05:02:51 +0200] "GET /Jurek/eurofirany/images/468568/0.jpg HTTP/2.0" 200 112877 "-" "baselinker"
51.77.52.107 - - [11/Apr/2025:05:02:56 +0200] "GET /Jurek/eurofirany/images/468569/0.jpg HTTP/2.0" 200 84172 "-" "baselinker"
51.77.52.107 - - [11/Apr/2025:05:03:02 +0200] "GET /Jurek/eurofirany/images/468569/0.jpg HTTP/2.0" 200 84172 "-" "baselinker"
51.77.52.107 - - [11/Apr/2025:05:03:04 +0200] "GET /Jurek/eurofirany/images/468569/0.jpg HTTP/2.0" 200 84172 "-" "baselinker"
51.77.52.107 - - [11/Apr/2025:05:03:11 +0200] "GET /Jurek/eurofirany/images/468570/0.jpg HTTP/2.0" 200 119686 "-" "baselinker"
51.77.52.107 - - [11/Apr/2025:05:03:16 +0200] "GET /Jurek/eurofirany/images/468570/0.jpg HTTP/2.0" 200 119686 "-" "baselinker"
51.77.52.107 - - [11/Apr/2025:05:03:24 +0200] "GET /Jurek/eurofirany/images/468570/0.jpg HTTP/2.0" 200 119686 "-" "baselinker"
51.77.52.107 - - [11/Apr/2025:05:03:28 +0200] "GET /Jurek/eurofirany/images/468571/0.jpg HTTP/2.0" 200 119686 "-" "baselinker"
51.77.52.107 - - [11/Apr/2025:05:03:33 +0200] "GET /Jurek/eurofirany/images/468571/0.jpg HTTP/2.0" 200 119686 "-" "baselinker"
89.161.206.59 - - [11/Apr/2025:05:03:37 +0200] "GET /Jurek/hdwr/feeds/hdwr_skroutz.xml HTTP/1.0" 200 789390 "-" "-"
51.77.52.107 - - [11/Apr/2025:05:03:39 +0200] "GET /Jurek/eurofirany/images/468571/0.jpg HTTP/2.0" 200 119686 "-" "baselinker"
89.161.206.59 - - [11/Apr/2025:05:03:40 +0200] "GET /Jurek/pagmil/feeds/pagmil_skroutz.xml HTTP/1.0" 200 1802847 "-" "-"
51.77.52.107 - - [11/Apr/2025:05:03:42 +0200] "GET /Jurek/eurofirany/images/468572/0.jpg HTTP/2.0" 200 113443 "-" "baselinker"
89.161.206.59 - - [11/Apr/2025:05:03:43 +0200] "GET /Jurek/kambukka/feeds/kambukka_skroutz.xml HTTP/1.0" 200 1021387 "-" "-"
51.77.52.107 - - [11/Apr/2025:05:03:47 +0200] "GET /Jurek/eurofirany/images/468572/0.jpg HTTP/2.0" 200 113443 "-" "baselinker"
89.161.206.59 - - [11/Apr/2025:05:03:50 +0200] "GET /Jurek/sempler/feeds/sempler_skroutz.xml HTTP/1.0" 200 6787981 "-" "-"
89.161.206.59 - - [11/Apr/2025:05:03:50 +0200] "GET /Jurek/targethome/feeds/targethome_skroutz.xml HTTP/1.0" 200 688603 "-" "-"
51.77.52.107 - - [11/Apr/2025:05:03:52 +0200] "GET /Jurek/eurofirany/images/468572/0.jpg HTTP/2.0" 200 113443 "-" "baselinker"
51.77.52.107 - - [11/Apr/2025:05:03:57 +0200] "GET /Jurek/eurofirany/images/468573/0.jpg HTTP/2.0" 200 104896 "-" "baselinker"
51.77.52.107 - - [11/Apr/2025:05:04:01 +0200] "GET /Jurek/eurofirany/images/468573/0.jpg HTTP/2.0" 200 104896 "-" "baselinker"
51.77.52.107 - - [11/Apr/2025:05:04:06 +0200] "GET /Jurek/eurofirany/images/468573/0.jpg HTTP/2.0" 200 104896 "-" "baselinker"
88.220.33.218 - - [11/Apr/2025:05:04:11 +0200] "GET /Jurek/eurofirany/feeds/eurofirany_morele.xml HTTP/2.0" 200 19347641 "-" "MarketplaceAPI curl/7.64.0 PHP/8"
51.77.52.107 - - [11/Apr/2025:05:04:12 +0200] "GET /Jurek/eurofirany/images/468574/0.jpg HTTP/2.0" 200 102544 "-" "baselinker"
51.77.52.107 - - [11/Apr/2025:05:04:17 +0200] "GET /Jurek/eurofirany/images/468574/0.jpg HTTP/2.0" 200 102544 "-" "baselinker"
88.220.33.218 - - [11/Apr/2025:05:04:17 +0200] "GET /Jurek/vivaldi/feeds/vivaldi_Morele-PL.xml HTTP/2.0" 200 344674 "-" "MarketplaceAPI curl/7.64.0 PHP/8"
51.77.52.107 - - [11/Apr/2025:05:04:23 +0200] "GET /Jurek/eurofirany/images/468574/0.jpg HTTP/2.0" 200 102544 "-" "baselinker"
51.77.52.107 - - [11/Apr/2025:05:04:27 +0200] "GET /Jurek/eurofirany/images/468575/0.jpg HTTP/2.0" 200 102544 "-" "baselinker"
89.161.206.59 - - [11/Apr/2025:05:04:29 +0200] "GET /Jurek/kinghoff/feeds/kinghoff_amazon_de.xml HTTP/1.0" 200 15437592 "-" "-"
89.161.206.59 - - [11/Apr/2025:05:04:30 +0200] "GET /Jurek/bass/feeds/bass_amazonde.xml HTTP/1.0" 200 3984375 "-" "-"
51.77.52.107 - - [11/Apr/2025:05:04:35 +0200] "GET /Jurek/eurofirany/images/468575/0.jpg HTTP/2.0" 200 102544 "-" "baselinker"
51.77.52.107 - - [11/Apr/2025:05:04:39 +0200] "GET /Jurek/eurofirany/images/468575/0.jpg HTTP/2.0" 200 102544 "-" "baselinker"
89.161.206.59 - - [11/Apr/2025:05:04:39 +0200] "GET /Jurek/pawonik/feeds/pawonik_skroutz.xml HTTP/1.0" 200 2138439 "-" "-"
89.161.206.59 - - [11/Apr/2025:05:04:40 +0200] "GET /Jurek/amzteam/feeds/amzteam_skroutz.xml HTTP/1.0" 200 95904 "-" "-"
89.161.206.59 - - [11/Apr/2025:05:04:41 +0200] "GET /Jurek/mosti/feeds/mosti_skroutz.xml HTTP/1.0" 200 4633455 "-" "-"
51.77.52.107 - - [11/Apr/2025:05:04:42 +0200] "GET /Jurek/eurofirany/images/468576/0.jpg HTTP/2.0" 200 102544 "-" "baselinker"
89.161.206.59 - - [11/Apr/2025:05:04:43 +0200] "GET /Jurek/artdog/feeds/artdog_skroutz.xml HTTP/1.0" 200 17158523 "-" "-"
51.77.52.107 - - [11/Apr/2025:05:04:47 +0200] "GET /Jurek/eurofirany/images/468576/0.jpg HTTP/2.0" 200 102544 "-" "baselinker"
89.161.206.59 - - [11/Apr/2025:05:04:56 +0200] "GET /Jurek/carbonyway/feeds/carbonyway_amazonde.xml HTTP/1.0" 200 3076038 "-" "-"
89.161.206.59 - - [11/Apr/2025:05:04:58 +0200] "GET /Jurek/equalo/feeds/equalo_amazonde.xml HTTP/1.0" 200 98010 "-" "-"
89.161.206.59 - - [11/Apr/2025:05:04:59 +0200] "GET /Jurek/cdata/feeds/cdata_amazonde.xml HTTP/1.0" 200 1445071 "-" "-"
51.77.52.107 - - [11/Apr/2025:05:05:02 +0200] "GET /Jurek/eurofirany/images/468576/0.jpg HTTP/2.0" 200 102544 "-" "baselinker"
51.77.52.107 - - [11/Apr/2025:05:05:06 +0200] "GET /Jurek/eurofirany/images/468577/0.jpg HTTP/2.0" 200 102544 "-" "baselinker"
51.77.52.107 - - [11/Apr/2025:05:05:11 +0200] "GET /Jurek/eurofirany/images/468577/0.jpg HTTP/2.0" 200 102544 "-" "baselinker"
51.77.52.107 - - [11/Apr/2025:05:05:16 +0200] "GET /Jurek/eurofirany/images/468577/0.jpg HTTP/2.0" 200 102544 "-" "baselinker"
51.77.52.107 - - [11/Apr/2025:05:05:21 +0200] "GET /Jurek/eurofirany/images/468578/0.jpg HTTP/2.0" 200 102544 "-" "baselinker"
51.77.52.107 - - [11/Apr/2025:05:05:34 +0200] "GET /Jurek/eurofirany/images/468578/0.jpg HTTP/2.0" 200 102544 "-" "baselinker"
88.220.33.218 - - [11/Apr/2025:05:05:34 +0200] "GET /Jurek/aw/feeds/awnarzedzia_morele.xml HTTP/2.0" 200 90184486 "-" "MarketplaceAPI curl/7.64.0 PHP/8"
20.71.215.11 - - [11/Apr/2025:05:05:37 +0200] "GET /Jurek/altex_all/feeds/altex.xml HTTP/2.0" 200 872936 "-" "Mozilla/5.0 (Windows; U; Windows NT 5.1; en-US; rv:1.8.1.13) Gecko/20080311 Firefox/2.0.0.13"
51.77.52.107 - - [11/Apr/2025:05:05:37 +0200] "GET /Jurek/eurofirany/images/468578/0.jpg HTTP/2.0" 200 102544 "-" "baselinker"
51.77.52.107 - - [11/Apr/2025:05:05:44 +0200] "GET /Jurek/eurofirany/images/468579/0.jpg HTTP/2.0" 200 102544 "-" "baselinker"
51.77.52.107 - - [11/Apr/2025:05:05:50 +0200] "GET /Jurek/eurofirany/images/468579/0.jpg HTTP/2.0" 200 102544 "-" "baselinker"
51.77.52.107 - - [11/Apr/2025:05:05:54 +0200] "GET /Jurek/eurofirany/images/468579/0.jpg HTTP/2.0" 200 102544 "-" "baselinker"
51.77.52.107 - - [11/Apr/2025:05:05:58 +0200] "GET /Jurek/eurofirany/images/468580/0.jpg HTTP/2.0" 200 77391 "-" "baselinker"
51.77.52.107 - - [11/Apr/2025:05:06:02 +0200] "GET /Jurek/eurofirany/images/468580/0.jpg HTTP/2.0" 200 77391 "-" "baselinker"
46.101.116.244 - - [11/Apr/2025:05:06:04 +0200] "GET /Jurek/aw/feeds/aw_fnacfr.xml HTTP/1.0" 404 3551 "-" "-"
51.77.52.107 - - [11/Apr/2025:05:06:05 +0200] "GET /Jurek/eurofirany/images/468580/0.jpg HTTP/2.0" 200 77391 "-" "baselinker"
51.77.52.107 - - [11/Apr/2025:05:06:10 +0200] "GET /Jurek/eurofirany/images/468582/0.jpg HTTP/2.0" 200 137011 "-" "baselinker"
51.77.52.107 - - [11/Apr/2025:05:06:14 +0200] "GET /Jurek/eurofirany/images/468582/0.jpg HTTP/2.0" 200 137011 "-" "baselinker"
51.77.52.107 - - [11/Apr/2025:05:06:19 +0200] "GET /Jurek/eurofirany/images/468582/0.jpg HTTP/2.0" 200 137011 "-" "baselinker"
88.220.33.218 - - [11/Apr/2025:05:06:20 +0200] "GET /Jurek/beliani/feeds/beliani_morele.xml HTTP/2.0" 200 31269076 "-" "MarketplaceAPI curl/7.64.0 PHP/8"
51.77.52.107 - - [11/Apr/2025:05:06:28 +0200] "GET /Jurek/eurofirany/images/468583/0.jpg HTTP/2.0" 200 100696 "-" "baselinker"
51.77.52.107 - - [11/Apr/2025:05:06:42 +0200] "GET /Jurek/eurofirany/images/468583/0.jpg HTTP/2.0" 200 100696 "-" "baselinker"
88.220.33.218 - - [11/Apr/2025:05:06:54 +0200] "GET /Jurek/vida_morele/feeds/VidaPL_morele.xml HTTP/2.0" 200 704914914 "-" "MarketplaceAPI curl/7.64.0 PHP/8"
51.77.52.107 - - [11/Apr/2025:05:06:58 +0200] "GET /Jurek/eurofirany/images/468583/0.jpg HTTP/2.0" 200 100696 "-" "baselinker"
51.77.52.107 - - [11/Apr/2025:05:07:03 +0200] "GET /Jurek/eurofirany/images/468584/0.jpg HTTP/2.0" 200 94988 "-" "baselinker"
51.77.52.107 - - [11/Apr/2025:05:07:08 +0200] "GET /Jurek/eurofirany/images/468584/0.jpg HTTP/2.0" 200 94988 "-" "baselinker"
51.77.52.107 - - [11/Apr/2025:05:07:14 +0200] "GET /Jurek/eurofirany/images/468584/0.jpg HTTP/2.0" 200 94988 "-" "baselinker"
51.77.52.107 - - [11/Apr/2025:05:07:42 +0200] "GET /Jurek/eurofirany/images/468585/0.jpg HTTP/2.0" 200 114616 "-" "baselinker"
51.77.52.107 - - [11/Apr/2025:05:07:48 +0200] "GET /Jurek/eurofirany/images/468585/0.jpg HTTP/2.0" 200 114616 "-" "baselinker"
51.77.52.107 - - [11/Apr/2025:05:07:52 +0200] "GET /Jurek/eurofirany/images/468585/0.jpg HTTP/2.0" 200 114616 "-" "baselinker"
51.77.52.107 - - [11/Apr/2025:05:07:56 +0200] "GET /Jurek/eurofirany/images/468586/0.jpg HTTP/2.0" 200 114616 "-" "baselinker"
51.77.52.107 - - [11/Apr/2025:05:07:59 +0200] "GET /Jurek/eurofirany/images/468586/0.jpg HTTP/2.0" 200 114616 "-" "baselinker"
51.77.52.107 - - [11/Apr/2025:05:08:03 +0200] "GET /Jurek/eurofirany/images/468586/0.jpg HTTP/2.0" 200 114616 "-" "baselinker"
185.6.76.18 - - [11/Apr/2025:05:08:15 +0200] "GET /marketplaces/skroutz/feeds/shumee.xml HTTP/1.1" 200 418633284 "-" "SkroutzBot v1.0"
51.77.52.107 - - [11/Apr/2025:05:08:30 +0200] "GET /Jurek/eurofirany/images/468587/0.jpg HTTP/2.0" 200 114616 "-" "baselinker"
51.77.52.107 - - [11/Apr/2025:05:08:41 +0200] "GET /Jurek/eurofirany/images/468587/0.jpg HTTP/2.0" 200 114616 "-" "baselinker"
51.77.52.107 - - [11/Apr/2025:05:08:45 +0200] "GET /Jurek/eurofirany/images/468587/0.jpg HTTP/2.0" 200 114616 "-" "baselinker"
51.77.52.107 - - [11/Apr/2025:05:08:49 +0200] "GET /Jurek/eurofirany/images/468588/0.jpg HTTP/2.0" 200 114616 "-" "baselinker"
51.77.52.107 - - [11/Apr/2025:05:08:57 +0200] "GET /Jurek/eurofirany/images/468588/0.jpg HTTP/2.0" 200 114616 "-" "baselinker"
51.77.52.107 - - [11/Apr/2025:05:09:03 +0200] "GET /Jurek/eurofirany/images/468588/0.jpg HTTP/2.0" 200 114616 "-" "baselinker"
51.77.52.107 - - [11/Apr/2025:05:09:08 +0200] "GET /Jurek/eurofirany/images/468589/0.jpg HTTP/2.0" 200 114616 "-" "baselinker"
51.77.52.107 - - [11/Apr/2025:05:09:13 +0200] "GET /Jurek/eurofirany/images/468589/0.jpg HTTP/2.0" 200 114616 "-" "baselinker"
51.77.52.107 - - [11/Apr/2025:05:09:16 +0200] "GET /Jurek/eurofirany/images/468589/0.jpg HTTP/2.0" 200 114616 "-" "baselinker"
51.77.52.107 - - [11/Apr/2025:05:09:21 +0200] "GET /Jurek/eurofirany/images/468590/0.jpg HTTP/2.0" 200 114616 "-" "baselinker"
51.77.52.107 - - [11/Apr/2025:05:09:25 +0200] "GET /Jurek/eurofirany/images/468590/0.jpg HTTP/2.0" 200 114616 "-" "baselinker"
51.77.52.107 - - [11/Apr/2025:05:09:28 +0200] "GET /Jurek/eurofirany/images/468590/0.jpg HTTP/2.0" 200 114616 "-" "baselinker"
51.77.52.107 - - [11/Apr/2025:05:09:33 +0200] "GET /Jurek/eurofirany/images/468591/0.jpg HTTP/2.0" 200 82539 "-" "baselinker"
51.77.52.107 - - [11/Apr/2025:05:09:37 +0200] "GET /Jurek/eurofirany/images/468591/0.jpg HTTP/2.0" 200 82539 "-" "baselinker"
51.77.52.107 - - [11/Apr/2025:05:09:41 +0200] "GET /Jurek/eurofirany/images/468591/0.jpg HTTP/2.0" 200 82539 "-" "baselinker"
51.77.52.107 - - [11/Apr/2025:05:09:46 +0200] "GET /Jurek/eurofirany/images/468592/0.jpg HTTP/2.0" 200 206631 "-" "baselinker"
51.77.52.107 - - [11/Apr/2025:05:09:50 +0200] "GET /Jurek/eurofirany/images/468592/0.jpg HTTP/2.0" 200 206631 "-" "baselinker"
51.77.52.107 - - [11/Apr/2025:05:10:02 +0200] "GET /Jurek/eurofirany/images/468592/0.jpg HTTP/2.0" 200 206631 "-" "baselinker"
51.77.52.107 - - [11/Apr/2025:05:10:16 +0200] "GET /Jurek/eurofirany/images/468593/0.jpg HTTP/2.0" 200 206631 "-" "baselinker"
51.77.52.107 - - [11/Apr/2025:05:10:28 +0200] "GET /Jurek/eurofirany/images/468593/0.jpg HTTP/2.0" 200 206631 "-" "baselinker"
51.77.52.107 - - [11/Apr/2025:05:10:31 +0200] "GET /Jurek/eurofirany/images/468593/0.jpg HTTP/2.0" 200 206631 "-" "baselinker"
51.77.52.107 - - [11/Apr/2025:05:10:35 +0200] "GET /Jurek/eurofirany/images/468594/0.jpg HTTP/2.0" 200 98882 "-" "baselinker"
51.77.52.107 - - [11/Apr/2025:05:10:39 +0200] "GET /Jurek/eurofirany/images/468594/0.jpg HTTP/2.0" 200 98882 "-" "baselinker"
51.77.52.107 - - [11/Apr/2025:05:10:42 +0200] "GET /Jurek/eurofirany/images/468594/0.jpg HTTP/2.0" 200 98882 "-" "baselinker"
51.77.52.107 - - [11/Apr/2025:05:10:47 +0200] "GET /Jurek/eurofirany/images/468595/0.jpg HTTP/2.0" 200 111945 "-" "baselinker"
51.77.52.107 - - [11/Apr/2025:05:11:02 +0200] "GET /Jurek/eurofirany/images/468595/0.jpg HTTP/2.0" 200 111945 "-" "baselinker"
89.161.206.59 - - [11/Apr/2025:05:11:12 +0200] "GET /Jurek/bass_new/feeds/bass_skroutz.xml HTTP/1.0" 200 7040941 "-" "-"
46.101.116.244 - - [11/Apr/2025:05:11:13 +0200] "GET /Jurek/aw/feeds/aw_fnacfr.xml HTTP/1.0" 404 3551 "-" "-"
51.77.52.107 - - [11/Apr/2025:05:11:20 +0200] "GET /Jurek/eurofirany/images/468595/0.jpg HTTP/2.0" 200 111945 "-" "baselinker"
51.77.52.107 - - [11/Apr/2025:05:11:25 +0200] "GET /Jurek/eurofirany/images/419800/0.jpg HTTP/2.0" 200 6595 "-" "baselinker"
51.77.52.107 - - [11/Apr/2025:05:11:25 +0200] "GET /Jurek/eurofirany/images/419800/0.jpg HTTP/2.0" 200 6595 "-" "baselinker"
51.77.52.107 - - [11/Apr/2025:05:11:26 +0200] "GET /Jurek/eurofirany/images/419800/0.jpg HTTP/2.0" 200 6595 "-" "baselinker"
51.77.52.107 - - [11/Apr/2025:05:11:27 +0200] "GET /Jurek/eurofirany/images/467756/0.jpg HTTP/2.0" 200 142473 "-" "baselinker"
51.77.52.107 - - [11/Apr/2025:05:11:45 +0200] "GET /Jurek/eurofirany/images/467756/0.jpg HTTP/2.0" 200 142473 "-" "baselinker"
51.77.52.107 - - [11/Apr/2025:05:12:01 +0200] "GET /Jurek/eurofirany/images/467756/0.jpg HTTP/2.0" 200 142473 "-" "baselinker"
51.77.52.107 - - [11/Apr/2025:05:12:15 +0200] "GET /Jurek/eurofirany/images/421899/0.jpg HTTP/2.0" 200 100167 "-" "baselinker"
51.77.52.107 - - [11/Apr/2025:05:12:26 +0200] "GET /Jurek/eurofirany/images/421899/0.jpg HTTP/2.0" 200 100167 "-" "baselinker"
51.77.52.107 - - [11/Apr/2025:05:12:41 +0200] "GET /Jurek/eurofirany/images/421899/0.jpg HTTP/2.0" 200 100167 "-" "baselinker"
51.77.52.107 - - [11/Apr/2025:05:12:57 +0200] "GET /Jurek/eurofirany/images/465285/0.jpg HTTP/2.0" 200 91067 "-" "baselinker"
51.77.52.107 - - [11/Apr/2025:05:13:13 +0200] "GET /Jurek/eurofirany/images/465285/0.jpg HTTP/2.0" 200 91067 "-" "baselinker"
51.77.52.107 - - [11/Apr/2025:05:13:23 +0200] "GET /Jurek/eurofirany/images/465285/0.jpg HTTP/2.0" 200 91067 "-" "baselinker"
51.77.52.107 - - [11/Apr/2025:05:13:38 +0200] "GET /Jurek/eurofirany/images/465288/0.jpg HTTP/2.0" 200 90120 "-" "baselinker"
51.77.52.107 - - [11/Apr/2025:05:13:49 +0200] "GET /Jurek/eurofirany/images/465288/0.jpg HTTP/2.0" 200 90120 "-" "baselinker"
178.21.154.6 - - [11/Apr/2025:05:13:53 +0200] "GET /Jurek/eurofirany/images/325012/0.jpg HTTP/1.1" 200 150451 "-" "-"
51.77.52.107 - - [11/Apr/2025:05:14:01 +0200] "GET /Jurek/eurofirany/images/465288/0.jpg HTTP/2.0" 200 90120 "-" "baselinker"
51.77.52.107 - - [11/Apr/2025:05:14:15 +0200] "GET /Jurek/eurofirany/images/378348/0.jpg HTTP/2.0" 200 141429 "-" "baselinker"
51.77.52.107 - - [11/Apr/2025:05:14:29 +0200] "GET /Jurek/eurofirany/images/378348/0.jpg HTTP/2.0" 200 141429 "-" "baselinker"
89.161.206.59 - - [11/Apr/2025:05:14:30 +0200] "GET /Jurek/hurtmeblowy/feeds/hurtmeblowy_skroutz.xml HTTP/1.0" 200 8495666 "-" "-"
51.77.52.107 - - [11/Apr/2025:05:14:52 +0200] "GET /Jurek/eurofirany/images/378348/0.jpg HTTP/2.0" 200 141429 "-" "baselinker"
51.77.52.107 - - [11/Apr/2025:05:14:57 +0200] "GET /Jurek/eurofirany/images/457970/0.jpg HTTP/2.0" 200 146923 "-" "baselinker"
51.77.52.107 - - [11/Apr/2025:05:15:01 +0200] "GET /Jurek/eurofirany/images/457970/0.jpg HTTP/2.0" 200 146923 "-" "baselinker"
51.77.52.107 - - [11/Apr/2025:05:15:06 +0200] "GET /Jurek/eurofirany/images/457970/0.jpg HTTP/2.0" 200 146923 "-" "baselinker"
51.77.52.107 - - [11/Apr/2025:05:15:12 +0200] "GET /Jurek/eurofirany/images/457972/0.jpg HTTP/2.0" 200 122743 "-" "baselinker"
89.161.206.59 - - [11/Apr/2025:05:15:12 +0200] "GET /Jurek/cbdgreen/feeds/cbdgreen_skroutz.xml HTTP/1.0" 200 30343 "-" "-"
51.77.52.107 - - [11/Apr/2025:05:15:17 +0200] "GET /Jurek/eurofirany/images/457972/0.jpg HTTP/2.0" 200 122743 "-" "baselinker"
51.77.52.107 - - [11/Apr/2025:05:15:31 +0200] "GET /Jurek/eurofirany/images/457972/0.jpg HTTP/2.0" 200 122743 "-" "baselinker"
89.161.206.59 - - [11/Apr/2025:05:15:32 +0200] "GET /Jurek/hanex/feeds/hanex_skroutz.xml HTTP/1.0" 200 13931527 "-" "-"
51.77.52.107 - - [11/Apr/2025:05:15:34 +0200] "GET /Jurek/eurofirany/images/457979/0.jpg HTTP/2.0" 200 85612 "-" "baselinker"
51.77.52.107 - - [11/Apr/2025:05:15:40 +0200] "GET /Jurek/eurofirany/images/457979/0.jpg HTTP/2.0" 200 85612 "-" "baselinker"
51.77.52.107 - - [11/Apr/2025:05:15:43 +0200] "GET /Jurek/eurofirany/images/457979/0.jpg HTTP/2.0" 200 85612 "-" "baselinker"
89.161.206.59 - - [11/Apr/2025:05:15:46 +0200] "GET /Jurek/alucon/feeds/alucon_amazonde.xml HTTP/1.0" 200 553574 "-" "-"
89.161.206.59 - - [11/Apr/2025:05:15:48 +0200] "GET /Jurek/coppotech/feeds/coppotech_skroutz.xml HTTP/1.0" 200 37856704 "-" "-"
51.77.52.107 - - [11/Apr/2025:05:15:49 +0200] "GET /Jurek/eurofirany/images/457981/0.jpg HTTP/2.0" 200 100820 "-" "baselinker"
89.161.206.59 - - [11/Apr/2025:05:15:52 +0200] "GET /Jurek/elavia/feeds/elavia_skroutz.xml HTTP/1.0" 200 2497278 "-" "-"
89.161.206.59 - - [11/Apr/2025:05:15:56 +0200] "GET /Jurek/aiofactory/feeds/aiofactory_skroutz.xml HTTP/1.0" 200 1876569 "-" "-"
40.77.167.35 - - [11/Apr/2025:05:15:57 +0200] "GET /Jurek/topeshop/downloaded_images/5902838466681_3.png HTTP/2.0" 404 3551 "-" "Mozilla/5.0 AppleWebKit/537.36 (KHTML, like Gecko; compatible; bingbot/2.0; +http://www.bing.com/bingbot.htm) Chrome/116.0.1938.76 Safari/537.36"
89.161.206.59 - - [11/Apr/2025:05:15:59 +0200] "GET /Jurek/maksik/feeds/maksik_skroutz.xml HTTP/1.0" 200 4084732 "-" "-"
51.77.52.107 - - [11/Apr/2025:05:16:07 +0200] "GET /Jurek/eurofirany/images/457981/0.jpg HTTP/2.0" 200 100820 "-" "baselinker"
89.161.206.59 - - [11/Apr/2025:05:16:09 +0200] "GET /Jurek/smxdesign/feeds/smxdesign_skroutz.xml HTTP/1.0" 200 1829055 "-" "-"
89.161.206.59 - - [11/Apr/2025:05:16:09 +0200] "GET /Jurek/princelh/feeds/princelh_skroutz.xml HTTP/1.0" 200 133438 "-" "-"
89.161.206.59 - - [11/Apr/2025:05:16:11 +0200] "GET /Jurek/proparts/feeds/proparts_skroutz.xml HTTP/1.0" 200 707490 "-" "-"
89.161.206.59 - - [11/Apr/2025:05:16:16 +0200] "GET /Jurek/kristronik/feeds/kristronik_skroutz.xml HTTP/1.0" 200 691973 "-" "-"
89.161.206.59 - - [11/Apr/2025:05:16:17 +0200] "GET /Jurek/matkam/feeds/matkam_skroutz.xml HTTP/1.0" 200 4425969 "-" "-"
46.101.116.244 - - [11/Apr/2025:05:16:19 +0200] "GET /Jurek/aw/feeds/aw_fnacfr.xml HTTP/1.0" 404 3551 "-" "-"
51.77.52.107 - - [11/Apr/2025:05:16:20 +0200] "GET /Jurek/eurofirany/images/457981/0.jpg HTTP/2.0" 200 100820 "-" "baselinker"
51.77.52.107 - - [11/Apr/2025:05:16:26 +0200] "GET /Jurek/eurofirany/images/457983/0.jpg HTTP/2.0" 200 107142 "-" "baselinker"
185.6.76.166 - - [11/Apr/2025:05:16:27 +0200] "GET /Jurek/topeshop/downloaded_images/5902838461594_brylki_.RGB_color.0006.png HTTP/1.1" 200 31761 "-" "Skroutz ImageBot v1"
89.161.206.59 - - [11/Apr/2025:05:16:37 +0200] "GET /Jurek/techrebalina/feeds/techrebalina_skroutz.xml HTTP/1.0" 200 2011155 "-" "-"
89.161.206.59 - - [11/Apr/2025:05:16:38 +0200] "GET /Jurek/techrebal/feeds/techrebal_skroutz.xml HTTP/1.0" 200 1989702 "-" "-"
51.77.52.107 - - [11/Apr/2025:05:16:47 +0200] "GET /Jurek/eurofirany/images/457983/0.jpg HTTP/2.0" 200 107142 "-" "baselinker"
51.77.52.107 - - [11/Apr/2025:05:16:52 +0200] "GET /Jurek/eurofirany/images/457983/0.jpg HTTP/2.0" 200 107142 "-" "baselinker"
51.77.52.107 - - [11/Apr/2025:05:16:58 +0200] "GET /Jurek/eurofirany/images/457985/0.jpg HTTP/2.0" 200 70093 "-" "baselinker"
51.77.52.107 - - [11/Apr/2025:05:17:19 +0200] "GET /Jurek/eurofirany/images/457985/0.jpg HTTP/2.0" 200 70093 "-" "baselinker"
89.161.206.59 - - [11/Apr/2025:05:17:24 +0200] "GET /Jurek/cenoman/feeds/cenoman_skroutz.xml HTTP/1.0" 200 5993215 "-" "-"
89.161.206.59 - - [11/Apr/2025:05:17:24 +0200] "GET /Jurek/em3/feeds/em3_skroutz.xml HTTP/1.0" 200 258931 "-" "-"
51.77.52.107 - - [11/Apr/2025:05:17:25 +0200] "GET /Jurek/eurofirany/images/457985/0.jpg HTTP/2.0" 200 70093 "-" "baselinker"
51.77.52.107 - - [11/Apr/2025:05:17:32 +0200] "GET /Jurek/eurofirany/images/457989/0.jpg HTTP/2.0" 200 54616 "-" "baselinker"
89.161.206.59 - - [11/Apr/2025:05:17:33 +0200] "GET /Jurek/zbimatyja/feeds/zbimatyja_skroutz.xml HTTP/1.0" 200 11670197 "-" "-"
89.161.206.59 - - [11/Apr/2025:05:17:33 +0200] "GET /Jurek/equalo/feeds/equalo_skroutz.xml HTTP/1.0" 200 98008 "-" "-"
89.161.206.59 - - [11/Apr/2025:05:17:33 +0200] "GET /Jurek/regis/feeds/regis_skroutz.xml HTTP/1.0" 200 82733 "-" "-"
89.161.206.59 - - [11/Apr/2025:05:17:33 +0200] "GET /Jurek/lampart/feeds/lampart_skroutz.xml HTTP/1.0" 200 936022 "-" "-"
51.77.52.107 - - [11/Apr/2025:05:17:48 +0200] "GET /Jurek/eurofirany/images/457989/0.jpg HTTP/2.0" 200 54616 "-" "baselinker"
51.77.52.107 - - [11/Apr/2025:05:18:04 +0200] "GET /Jurek/eurofirany/images/457989/0.jpg HTTP/2.0" 200 54616 "-" "baselinker"
51.77.52.107 - - [11/Apr/2025:05:18:21 +0200] "GET /Jurek/eurofirany/images/457991/0.jpg HTTP/2.0" 200 64136 "-" "baselinker"
51.77.52.107 - - [11/Apr/2025:05:18:26 +0200] "GET /Jurek/eurofirany/images/457991/0.jpg HTTP/2.0" 200 64136 "-" "baselinker"
51.77.52.107 - - [11/Apr/2025:05:18:31 +0200] "GET /Jurek/eurofirany/images/457991/0.jpg HTTP/2.0" 200 64136 "-" "baselinker"
51.77.52.107 - - [11/Apr/2025:05:18:33 +0200] "GET /Jurek/eurofirany/images/457993/0.jpg HTTP/2.0" 200 128585 "-" "baselinker"
51.77.52.107 - - [11/Apr/2025:05:18:52 +0200] "GET /Jurek/eurofirany/images/457993/0.jpg HTTP/2.0" 200 128585 "-" "baselinker"
51.77.52.107 - - [11/Apr/2025:05:19:07 +0200] "GET /Jurek/eurofirany/images/457993/0.jpg HTTP/2.0" 200 128585 "-" "baselinker"
51.77.52.107 - - [11/Apr/2025:05:19:09 +0200] "GET /Jurek/eurofirany/images/457995/0.jpg HTTP/2.0" 200 100951 "-" "baselinker"
185.6.76.166 - - [11/Apr/2025:05:19:13 +0200] "GET /Jurek/eurofirany/images/382105/0.jpg HTTP/1.1" 200 209372 "-" "Skroutz ImageBot v1"
185.6.76.166 - - [11/Apr/2025:05:19:13 +0200] "GET /Jurek/eurofirany/images/457787/0.jpg HTTP/1.1" 200 173862 "-" "Skroutz ImageBot v1"
185.6.76.166 - - [11/Apr/2025:05:19:14 +0200] "GET /Jurek/eurofirany/images/467345/0.jpg HTTP/1.1" 200 84039 "-" "Skroutz ImageBot v1"
185.6.76.166 - - [11/Apr/2025:05:19:15 +0200] "GET /Jurek/eurofirany/images/463351/0.jpg HTTP/1.1" 200 141175 "-" "Skroutz ImageBot v1"
185.6.76.166 - - [11/Apr/2025:05:19:20 +0200] "GET /Jurek/eurofirany/images/463351/3.jpg HTTP/1.1" 200 100288 "-" "Skroutz ImageBot v1"
185.6.76.166 - - [11/Apr/2025:05:19:21 +0200] "GET /Jurek/eurofirany/images/467345/2.jpg HTTP/1.1" 200 137008 "-" "Skroutz ImageBot v1"
185.6.76.166 - - [11/Apr/2025:05:19:21 +0200] "GET /Jurek/eurofirany/images/382105/3.jpg HTTP/1.1" 200 181826 "-" "Skroutz ImageBot v1"
185.6.76.166 - - [11/Apr/2025:05:19:21 +0200] "GET /Jurek/eurofirany/images/467345/3.jpg HTTP/1.1" 200 113769 "-" "Skroutz ImageBot v1"
185.6.76.166 - - [11/Apr/2025:05:19:21 +0200] "GET /Jurek/eurofirany/images/457787/2.jpg HTTP/1.1" 200 277049 "-" "Skroutz ImageBot v1"
185.6.76.166 - - [11/Apr/2025:05:19:21 +0200] "GET /Jurek/eurofirany/images/382105/2.jpg HTTP/1.1" 200 203179 "-" "Skroutz ImageBot v1"
185.6.76.166 - - [11/Apr/2025:05:19:21 +0200] "GET /Jurek/eurofirany/images/382105/1.jpg HTTP/1.1" 200 272958 "-" "Skroutz ImageBot v1"
185.6.76.166 - - [11/Apr/2025:05:19:21 +0200] "GET /Jurek/eurofirany/images/463351/1.jpg HTTP/1.1" 200 69957 "-" "Skroutz ImageBot v1"
185.6.76.166 - - [11/Apr/2025:05:19:22 +0200] "GET /Jurek/eurofirany/images/463351/2.jpg HTTP/1.1" 200 125212 "-" "Skroutz ImageBot v1"
185.6.76.166 - - [11/Apr/2025:05:19:22 +0200] "GET /Jurek/eurofirany/images/467345/1.jpg HTTP/1.1" 200 65545 "-" "Skroutz ImageBot v1"
185.6.76.166 - - [11/Apr/2025:05:19:22 +0200] "GET /Jurek/eurofirany/images/457787/3.jpg HTTP/1.1" 200 242089 "-" "Skroutz ImageBot v1"
185.6.76.166 - - [11/Apr/2025:05:19:22 +0200] "GET /Jurek/eurofirany/images/457787/1.jpg HTTP/1.1" 200 133595 "-" "Skroutz ImageBot v1"
185.6.76.166 - - [11/Apr/2025:05:19:25 +0200] "GET /Jurek/eurofirany/images/467345/4.jpg HTTP/1.1" 200 262136 "-" "Skroutz ImageBot v1"
185.6.76.166 - - [11/Apr/2025:05:19:26 +0200] "GET /Jurek/eurofirany/images/382105/4.jpg HTTP/1.1" 200 164946 "-" "Skroutz ImageBot v1"
185.6.76.166 - - [11/Apr/2025:05:19:26 +0200] "GET /Jurek/eurofirany/images/463351/4.jpg HTTP/1.1" 200 137581 "-" "Skroutz ImageBot v1"
185.6.76.166 - - [11/Apr/2025:05:19:27 +0200] "GET /Jurek/eurofirany/images/457787/4.jpg HTTP/1.1" 200 172572 "-" "Skroutz ImageBot v1"
51.77.52.107 - - [11/Apr/2025:05:19:27 +0200] "GET /Jurek/eurofirany/images/457995/0.jpg HTTP/2.0" 200 100951 "-" "baselinker"
51.77.52.107 - - [11/Apr/2025:05:19:37 +0200] "GET /Jurek/eurofirany/images/457995/0.jpg HTTP/2.0" 200 100951 "-" "baselinker"
89.161.206.59 - - [11/Apr/2025:05:19:46 +0200] "GET /Jurek/takapara/feeds/takapara_skroutz.xml HTTP/1.0" 200 1342601 "-" "-"
185.6.76.166 - - [11/Apr/2025:05:19:53 +0200] "GET /Jurek/eurofirany/images/378541/0.jpg HTTP/1.1" 200 32940 "-" "Skroutz ImageBot v1"
185.6.76.166 - - [11/Apr/2025:05:19:53 +0200] "GET /Jurek/eurofirany/images/430736/0.jpg HTTP/1.1" 200 40705 "-" "Skroutz ImageBot v1"
51.77.52.107 - - [11/Apr/2025:05:19:57 +0200] "GET /Jurek/eurofirany/images/457997/0.jpg HTTP/2.0" 200 115440 "-" "baselinker"
51.77.52.107 - - [11/Apr/2025:05:20:02 +0200] "GET /Jurek/eurofirany/images/457997/0.jpg HTTP/2.0" 200 115440 "-" "baselinker"
89.161.206.59 - - [11/Apr/2025:05:20:05 +0200] "GET /Jurek/rosfix/feeds/rosfix_skroutz.xml HTTP/1.0" 200 34055585 "-" "-"
89.161.206.59 - - [11/Apr/2025:05:20:07 +0200] "GET /Jurek/tsjerzy/feeds/tsjerzy_skr.xml HTTP/1.0" 200 3897806 "-" "-"
51.77.52.107 - - [11/Apr/2025:05:20:07 +0200] "GET /Jurek/eurofirany/images/457997/0.jpg HTTP/2.0" 200 115440 "-" "baselinker"
51.77.52.107 - - [11/Apr/2025:05:20:11 +0200] "GET /Jurek/eurofirany/images/458000/0.jpg HTTP/2.0" 200 74622 "-" "baselinker"
89.161.206.59 - - [11/Apr/2025:05:20:17 +0200] "GET /Jurek/sebmart/feeds/sebmart_skr.xml HTTP/1.0" 200 1598769 "-" "-"
51.77.52.107 - - [11/Apr/2025:05:20:29 +0200] "GET /Jurek/eurofirany/images/458000/0.jpg HTTP/2.0" 200 74622 "-" "baselinker"
51.77.52.107 - - [11/Apr/2025:05:20:33 +0200] "GET /Jurek/eurofirany/images/458000/0.jpg HTTP/2.0" 200 74622 "-" "baselinker"
51.77.52.107 - - [11/Apr/2025:05:20:37 +0200] "GET /Jurek/eurofirany/images/458002/0.jpg HTTP/2.0" 200 88185 "-" "baselinker"
51.77.52.107 - - [11/Apr/2025:05:20:42 +0200] "GET /Jurek/eurofirany/images/458002/0.jpg HTTP/2.0" 200 88185 "-" "baselinker"
51.77.52.107 - - [11/Apr/2025:05:21:00 +0200] "GET /Jurek/eurofirany/images/458002/0.jpg HTTP/2.0" 200 88185 "-" "baselinker"
51.77.52.107 - - [11/Apr/2025:05:21:05 +0200] "GET /Jurek/eurofirany/images/458004/0.jpg HTTP/2.0" 200 101427 "-" "baselinker"
46.101.116.244 - - [11/Apr/2025:05:21:07 +0200] "GET /Jurek/aw/feeds/aw_fnacfr.xml HTTP/1.0" 404 3551 "-" "-"
51.77.52.107 - - [11/Apr/2025:05:21:11 +0200] "GET /Jurek/eurofirany/images/458004/0.jpg HTTP/2.0" 200 101427 "-" "baselinker"
51.77.52.107 - - [11/Apr/2025:05:21:43 +0200] "GET /Jurek/eurofirany/images/458004/0.jpg HTTP/2.0" 200 101427 "-" "baselinker"
51.77.52.107 - - [11/Apr/2025:05:21:46 +0200] "GET /Jurek/eurofirany/images/458097/0.jpg HTTP/2.0" 200 88892 "-" "baselinker"
51.77.52.107 - - [11/Apr/2025:05:22:01 +0200] "GET /Jurek/eurofirany/images/458097/0.jpg HTTP/2.0" 200 88892 "-" "baselinker"
89.161.206.59 - - [11/Apr/2025:05:22:13 +0200] "GET /Jurek/reman/feeds/reman_amazonde.xml HTTP/1.0" 200 1394822 "-" "-"
89.161.206.59 - - [11/Apr/2025:05:22:15 +0200] "GET /Jurek/regis/feeds/regis_amazonde.xml HTTP/1.0" 200 82734 "-" "-"
51.77.52.107 - - [11/Apr/2025:05:22:22 +0200] "GET /Jurek/eurofirany/images/458097/0.jpg HTTP/2.0" 200 88892 "-" "baselinker"
51.77.52.107 - - [11/Apr/2025:05:22:39 +0200] "GET /Jurek/eurofirany/images/458098/0.jpg HTTP/2.0" 200 112634 "-" "baselinker"
51.77.52.107 - - [11/Apr/2025:05:23:00 +0200] "GET /Jurek/eurofirany/images/458098/0.jpg HTTP/2.0" 200 112634 "-" "baselinker"
51.77.52.107 - - [11/Apr/2025:05:23:02 +0200] "GET /Jurek/eurofirany/images/458098/0.jpg HTTP/2.0" 200 112634 "-" "baselinker"
51.77.52.107 - - [11/Apr/2025:05:23:07 +0200] "GET /Jurek/eurofirany/images/458102/0.jpg HTTP/2.0" 200 80256 "-" "baselinker"
51.77.52.107 - - [11/Apr/2025:05:23:23 +0200] "GET /Jurek/eurofirany/images/458102/0.jpg HTTP/2.0" 200 80256 "-" "baselinker"
51.77.52.107 - - [11/Apr/2025:05:23:27 +0200] "GET /Jurek/eurofirany/images/458102/0.jpg HTTP/2.0" 200 80256 "-" "baselinker"
51.77.52.107 - - [11/Apr/2025:05:23:33 +0200] "GET /Jurek/eurofirany/images/457974/0.jpg HTTP/2.0" 200 106753 "-" "baselinker"
51.77.52.107 - - [11/Apr/2025:05:23:38 +0200] "GET /Jurek/eurofirany/images/457974/0.jpg HTTP/2.0" 200 106753 "-" "baselinker"
51.77.52.107 - - [11/Apr/2025:05:23:46 +0200] "GET /Jurek/eurofirany/images/457974/0.jpg HTTP/2.0" 200 106753 "-" "baselinker"
51.77.52.107 - - [11/Apr/2025:05:23:50 +0200] "GET /Jurek/eurofirany/images/458099/0.jpg HTTP/2.0" 200 55508 "-" "baselinker"
51.77.52.107 - - [11/Apr/2025:05:24:05 +0200] "GET /Jurek/eurofirany/images/458099/0.jpg HTTP/2.0" 200 55508 "-" "baselinker"
51.77.52.107 - - [11/Apr/2025:05:24:09 +0200] "GET /Jurek/eurofirany/images/458099/0.jpg HTTP/2.0" 200 55508 "-" "baselinker"
51.77.52.107 - - [11/Apr/2025:05:24:13 +0200] "GET /Jurek/eurofirany/images/457987/0.jpg HTTP/2.0" 200 102721 "-" "baselinker"
51.77.52.107 - - [11/Apr/2025:05:24:20 +0200] "GET /Jurek/eurofirany/images/457987/0.jpg HTTP/2.0" 200 102721 "-" "baselinker"
51.77.52.107 - - [11/Apr/2025:05:24:22 +0200] "GET /Jurek/eurofirany/images/457987/0.jpg HTTP/2.0" 200 102721 "-" "baselinker"
51.77.52.107 - - [11/Apr/2025:05:24:27 +0200] "GET /Jurek/eurofirany/images/378346/0.jpg HTTP/2.0" 200 141429 "-" "baselinker"
51.77.52.107 - - [11/Apr/2025:05:24:45 +0200] "GET /Jurek/eurofirany/images/378346/0.jpg HTTP/2.0" 200 141429 "-" "baselinker"
51.77.52.107 - - [11/Apr/2025:05:24:57 +0200] "GET /Jurek/eurofirany/images/378346/0.jpg HTTP/2.0" 200 141429 "-" "baselinker"
51.77.52.107 - - [11/Apr/2025:05:25:02 +0200] "GET /Jurek/eurofirany/images/461664/0.jpg HTTP/2.0" 200 137379 "-" "baselinker"
51.77.52.107 - - [11/Apr/2025:05:25:07 +0200] "GET /Jurek/eurofirany/images/461664/0.jpg HTTP/2.0" 200 137379 "-" "baselinker"
51.77.52.107 - - [11/Apr/2025:05:25:12 +0200] "GET /Jurek/eurofirany/images/461664/0.jpg HTTP/2.0" 200 137379 "-" "baselinker"
51.77.52.107 - - [11/Apr/2025:05:25:16 +0200] "GET /Jurek/eurofirany/images/461667/0.jpg HTTP/2.0" 200 123182 "-" "baselinker"
51.77.52.107 - - [11/Apr/2025:05:25:36 +0200] "GET /Jurek/eurofirany/images/461667/0.jpg HTTP/2.0" 200 123182 "-" "baselinker"
157.55.39.58 - - [11/Apr/2025:05:25:41 +0200] "GET /Jurek/topeshop/downloaded_images/5904507201951_3.jpg HTTP/2.0" 404 3551 "-" "Mozilla/5.0 AppleWebKit/537.36 (KHTML, like Gecko; compatible; bingbot/2.0; +http://www.bing.com/bingbot.htm) Chrome/116.0.1938.76 Safari/537.36"
51.77.52.107 - - [11/Apr/2025:05:25:44 +0200] "GET /Jurek/eurofirany/images/461667/0.jpg HTTP/2.0" 200 123182 "-" "baselinker"
51.77.52.107 - - [11/Apr/2025:05:25:59 +0200] "GET /Jurek/eurofirany/images/461982/0.jpg HTTP/2.0" 200 124629 "-" "baselinker"
51.77.52.107 - - [11/Apr/2025:05:26:05 +0200] "GET /Jurek/eurofirany/images/461982/0.jpg HTTP/2.0" 200 124629 "-" "baselinker"
51.77.52.107 - - [11/Apr/2025:05:26:09 +0200] "GET /Jurek/eurofirany/images/461982/0.jpg HTTP/2.0" 200 124629 "-" "baselinker"
46.101.116.244 - - [11/Apr/2025:05:26:09 +0200] "GET /Jurek/aw/feeds/aw_fnacfr.xml HTTP/1.0" 404 3551 "-" "-"
89.161.206.59 - - [11/Apr/2025:05:26:11 +0200] "GET /Jurek/eurofirany/feeds/eurofirany_manomanofr.xml HTTP/1.0" 200 19346027 "-" "-"
51.77.52.107 - - [11/Apr/2025:05:26:26 +0200] "GET /Jurek/eurofirany/images/458713/0.jpg HTTP/2.0" 200 87564 "-" "baselinker"
51.77.52.107 - - [11/Apr/2025:05:26:32 +0200] "GET /Jurek/eurofirany/images/458713/0.jpg HTTP/2.0" 200 87564 "-" "baselinker"
51.77.52.107 - - [11/Apr/2025:05:26:47 +0200] "GET /Jurek/eurofirany/images/458713/0.jpg HTTP/2.0" 200 87564 "-" "baselinker"
89.161.206.59 - - [11/Apr/2025:05:26:57 +0200] "GET /Jurek/roger/feeds/roger_emagro.xml HTTP/1.0" 200 1396777 "-" "-"
89.161.206.59 - - [11/Apr/2025:05:26:57 +0200] "GET /Jurek/nexus/feeds/nexus_emagro.xml HTTP/1.0" 200 226694 "-" "-"
89.161.206.59 - - [11/Apr/2025:05:26:59 +0200] "GET /Jurek/porzwkablach/feeds/porzwkablach_emag.xml HTTP/1.0" 200 1200386 "-" "-"
89.161.206.59 - - [11/Apr/2025:05:27:00 +0200] "GET /Jurek/galopibhp/feeds/galopibhp_emagro.xml HTTP/1.0" 200 1973596 "-" "-"
89.161.206.59 - - [11/Apr/2025:05:27:00 +0200] "GET /Jurek/techrebal/feeds/techrebal_emagro.xml HTTP/1.0" 200 1989825 "-" "-"
89.161.206.59 - - [11/Apr/2025:05:27:00 +0200] "GET /Jurek/kristronik/feeds/kristronik_emagro.xml HTTP/1.0" 200 692090 "-" "-"
51.77.52.107 - - [11/Apr/2025:05:27:02 +0200] "GET /Jurek/eurofirany/images/461254/0.jpg HTTP/2.0" 200 83230 "-" "baselinker"
89.161.206.59 - - [11/Apr/2025:05:27:02 +0200] "GET /Jurek/nonabox/feeds/nonabox_emagro.xml HTTP/1.0" 200 33872 "-" "-"
89.161.206.59 - - [11/Apr/2025:05:27:04 +0200] "GET /Jurek/equalo/feeds/equalo_emagro.xml HTTP/1.0" 200 98022 "-" "-"
89.161.206.59 - - [11/Apr/2025:05:27:05 +0200] "GET /Jurek/snibbs/feeds/snibbs_emagro.xml HTTP/1.0" 200 74411 "-" "-"
51.77.52.107 - - [11/Apr/2025:05:27:21 +0200] "GET /Jurek/eurofirany/images/461254/0.jpg HTTP/2.0" 200 83230 "-" "baselinker"
51.77.52.107 - - [11/Apr/2025:05:27:25 +0200] "GET /Jurek/eurofirany/images/461254/0.jpg HTTP/2.0" 200 83230 "-" "baselinker"
