51.77.52.107 - - [11/Apr/2025:05:27:46 +0200] "GET /Jurek/eurofirany/images/461255/0.jpg HTTP/2.0" 200 120984 "-" "baselinker"
51.77.52.107 - - [11/Apr/2025:05:28:01 +0200] "GET /Jurek/eurofirany/images/461255/0.jpg HTTP/2.0" 200 120984 "-" "baselinker"
51.77.52.107 - - [11/Apr/2025:05:28:05 +0200] "GET /Jurek/eurofirany/images/461255/0.jpg HTTP/2.0" 200 120984 "-" "baselinker"
51.77.52.107 - - [11/Apr/2025:05:28:10 +0200] "GET /Jurek/eurofirany/images/466880/0.jpg HTTP/2.0" 200 87028 "-" "baselinker"
51.77.52.107 - - [11/Apr/2025:05:28:29 +0200] "GET /Jurek/eurofirany/images/466880/0.jpg HTTP/2.0" 200 87028 "-" "baselinker"
51.77.52.107 - - [11/Apr/2025:05:28:34 +0200] "GET /Jurek/eurofirany/images/466880/0.jpg HTTP/2.0" 200 87028 "-" "baselinker"
51.77.52.107 - - [11/Apr/2025:05:28:41 +0200] "GET /Jurek/eurofirany/images/393430/0.jpg HTTP/2.0" 200 117101 "-" "baselinker"
51.77.52.107 - - [11/Apr/2025:05:28:47 +0200] "GET /Jurek/eurofirany/images/393430/0.jpg HTTP/2.0" 200 117101 "-" "baselinker"
51.77.52.107 - - [11/Apr/2025:05:28:54 +0200] "GET /Jurek/eurofirany/images/393430/0.jpg HTTP/2.0" 200 117101 "-" "baselinker"
51.77.52.107 - - [11/Apr/2025:05:28:58 +0200] "GET /Jurek/eurofirany/images/452758/0.jpg HTTP/2.0" 200 90441 "-" "baselinker"
51.77.52.107 - - [11/Apr/2025:05:29:15 +0200] "GET /Jurek/eurofirany/images/452758/0.jpg HTTP/2.0" 200 90441 "-" "baselinker"
46.101.116.244 - - [11/Apr/2025:05:29:20 +0200] "GET /Jurek/intsell/feeds/intsell_emagro.xml HTTP/1.0" 200 342065826 "-" "-"
51.77.52.107 - - [11/Apr/2025:05:29:32 +0200] "GET /Jurek/eurofirany/images/452758/0.jpg HTTP/2.0" 200 90441 "-" "baselinker"
80.171.127.249 - - [11/Apr/2025:05:29:33 +0200] "GET /Jurek/topeshop/downloaded_images/5904507201777_SZAFA_IGA_160_2X_LUSTRO_DRZWI_0001.png HTTP/2.0" 200 838529 "https://itm.ebaydesc.com/" "Mozilla/5.0 (Windows NT 6.3; Win64; x64) AppleWebKit/537.36 (KHTML, like Gecko) Chrome/109.0.0.0 Safari/537.36 Edg/109.0.1518.140"
51.77.52.107 - - [11/Apr/2025:05:29:47 +0200] "GET /Jurek/eurofirany/images/465207/0.jpg HTTP/2.0" 200 53276 "-" "baselinker"
51.77.52.107 - - [11/Apr/2025:05:29:52 +0200] "GET /Jurek/eurofirany/images/465207/0.jpg HTTP/2.0" 200 53276 "-" "baselinker"
51.77.52.107 - - [11/Apr/2025:05:30:00 +0200] "GET /Jurek/eurofirany/images/465207/0.jpg HTTP/2.0" 200 53276 "-" "baselinker"
51.77.52.107 - - [11/Apr/2025:05:30:04 +0200] "GET /Jurek/eurofirany/images/463314/0.jpg HTTP/2.0" 200 124383 "-" "baselinker"
51.77.52.107 - - [11/Apr/2025:05:30:19 +0200] "GET /Jurek/eurofirany/images/463314/0.jpg HTTP/2.0" 200 124383 "-" "baselinker"
89.161.206.59 - - [11/Apr/2025:05:30:25 +0200] "GET /Jurek/wenom/feeds/wenom_emagro.xml HTTP/1.0" 200 583123 "-" "-"
89.161.206.59 - - [11/Apr/2025:05:30:25 +0200] "GET /Jurek/zepnij/feeds/zepnij_emagro.xml HTTP/1.0" 200 19523697 "-" "-"
51.77.52.107 - - [11/Apr/2025:05:30:31 +0200] "GET /Jurek/eurofirany/images/463314/0.jpg HTTP/2.0" 200 124383 "-" "baselinker"
51.77.52.107 - - [11/Apr/2025:05:30:41 +0200] "GET /Jurek/eurofirany/images/463458/0.jpg HTTP/2.0" 200 104336 "-" "baselinker"
80.171.127.249 - - [11/Apr/2025:05:30:47 +0200] "GET /Jurek/topeshop/downloaded_images/5904507201821_SZAFA_IGA_160_SZPROSY_DRZWI_0004.png HTTP/2.0" 200 765934 "https://itm.ebaydesc.com/" "Mozilla/5.0 (Windows NT 6.3; Win64; x64) AppleWebKit/537.36 (KHTML, like Gecko) Chrome/109.0.0.0 Safari/537.36 Edg/109.0.1518.140"
40.77.167.144 - - [11/Apr/2025:05:30:54 +0200] "GET /Jurek/eurofirany/images/463596/0.jpg HTTP/2.0" 200 0 "-" "Mozilla/5.0 AppleWebKit/537.36 (KHTML, like Gecko; compatible; bingbot/2.0; +http://www.bing.com/bingbot.htm) Chrome/116.0.1938.76 Safari/537.36"
51.77.52.107 - - [11/Apr/2025:05:30:58 +0200] "GET /Jurek/eurofirany/images/463458/0.jpg HTTP/2.0" 200 104336 "-" "baselinker"
51.77.52.107 - - [11/Apr/2025:05:31:16 +0200] "GET /Jurek/eurofirany/images/463458/0.jpg HTTP/2.0" 200 104336 "-" "baselinker"
51.77.52.107 - - [11/Apr/2025:05:31:33 +0200] "GET /Jurek/eurofirany/images/463460/0.jpg HTTP/2.0" 200 117133 "-" "baselinker"
51.77.52.107 - - [11/Apr/2025:05:31:46 +0200] "GET /Jurek/eurofirany/images/463460/0.jpg HTTP/2.0" 200 117133 "-" "baselinker"
51.77.52.107 - - [11/Apr/2025:05:32:05 +0200] "GET /Jurek/eurofirany/images/463460/0.jpg HTTP/2.0" 200 117133 "-" "baselinker"
62.146.215.32 - - [11/Apr/2025:05:32:10 +0200] "GET /Jurek/topeshop/downloaded_images/5904507201876_KUBABIURKOBRY%C5%81KAANTRACYTBOKZM.jpg HTTP/2.0" 404 3551 "-" "billigerbot/1.0"
51.77.52.107 - - [11/Apr/2025:05:32:13 +0200] "GET /Jurek/eurofirany/images/463461/0.jpg HTTP/2.0" 200 105932 "-" "baselinker"
51.77.52.107 - - [11/Apr/2025:05:32:17 +0200] "GET /Jurek/eurofirany/images/463461/0.jpg HTTP/2.0" 200 105932 "-" "baselinker"
51.77.52.107 - - [11/Apr/2025:05:32:33 +0200] "GET /Jurek/eurofirany/images/463461/0.jpg HTTP/2.0" 200 105932 "-" "baselinker"
51.77.52.107 - - [11/Apr/2025:05:32:39 +0200] "GET /Jurek/eurofirany/images/463463/0.jpg HTTP/2.0" 200 119076 "-" "baselinker"
51.77.52.107 - - [11/Apr/2025:05:32:54 +0200] "GET /Jurek/eurofirany/images/463463/0.jpg HTTP/2.0" 200 119076 "-" "baselinker"
51.77.52.107 - - [11/Apr/2025:05:33:00 +0200] "GET /Jurek/eurofirany/images/463463/0.jpg HTTP/2.0" 200 119076 "-" "baselinker"
51.77.52.107 - - [11/Apr/2025:05:33:03 +0200] "GET /Jurek/eurofirany/images/463465/0.jpg HTTP/2.0" 200 107791 "-" "baselinker"
51.77.52.107 - - [11/Apr/2025:05:33:20 +0200] "GET /Jurek/eurofirany/images/463465/0.jpg HTTP/2.0" 200 107791 "-" "baselinker"
51.77.52.107 - - [11/Apr/2025:05:33:37 +0200] "GET /Jurek/eurofirany/images/463465/0.jpg HTTP/2.0" 200 107791 "-" "baselinker"
89.161.206.59 - - [11/Apr/2025:05:33:42 +0200] "GET /Jurek/ikonka/feeds/ikonka_amazonDE.xml HTTP/1.0" 200 22016770 "-" "-"
89.161.206.59 - - [11/Apr/2025:05:33:43 +0200] "GET /Jurek/ikonka/feeds/ikonka_amazonIT.xml HTTP/1.0" 200 22016768 "-" "-"
89.161.206.59 - - [11/Apr/2025:05:33:44 +0200] "GET /Jurek/ikonka/feeds/ikonka_amazonFR.xml HTTP/1.0" 200 22016750 "-" "-"
89.161.206.59 - - [11/Apr/2025:05:33:44 +0200] "GET /Jurek/ikonka/feeds/ikonka_amazonES.xml HTTP/1.0" 200 22016793 "-" "-"
89.161.206.59 - - [11/Apr/2025:05:33:45 +0200] "GET /Jurek/ikonka/feeds/ikonka_amazonNL.xml HTTP/1.0" 200 22016760 "-" "-"
89.161.206.59 - - [11/Apr/2025:05:33:47 +0200] "GET /Jurek/hurtownia_przemyslowa/feeds/hp_amazonFR.xml HTTP/1.0" 200 49363670 "-" "-"
89.161.206.59 - - [11/Apr/2025:05:33:49 +0200] "GET /Jurek/hurtownia_przemyslowa/feeds/hp_amazonIT.xml HTTP/1.0" 200 49363865 "-" "-"
89.161.206.59 - - [11/Apr/2025:05:33:51 +0200] "GET /Jurek/hurtownia_przemyslowa/feeds/hp_amazonNL.xml HTTP/1.0" 200 49363575 "-" "-"
89.161.206.59 - - [11/Apr/2025:05:33:52 +0200] "GET /Jurek/hurtownia_przemyslowa/feeds/hp_amazonSE.xml HTTP/1.0" 200 49378794 "-" "-"
89.161.206.59 - - [11/Apr/2025:05:33:53 +0200] "GET /Jurek/waks/feeds/waks_amazonde.xml HTTP/1.0" 200 1596552 "-" "-"
89.161.206.59 - - [11/Apr/2025:05:33:53 +0200] "GET /Jurek/waks/feeds/waks_amazonfr.xml HTTP/1.0" 200 1594466 "-" "-"
89.161.206.59 - - [11/Apr/2025:05:33:54 +0200] "GET /Jurek/waks/feeds/waks_amazonit.xml HTTP/1.0" 200 1596552 "-" "-"
89.161.206.59 - - [11/Apr/2025:05:33:54 +0200] "GET /Jurek/waks/feeds/waks_amazones.xml HTTP/1.0" 200 1596552 "-" "-"
89.161.206.59 - - [11/Apr/2025:05:33:54 +0200] "GET /Jurek/waks/feeds/waks_amazonnl.xml HTTP/1.0" 200 1596552 "-" "-"
89.161.206.59 - - [11/Apr/2025:05:33:55 +0200] "GET /Jurek/waks/feeds/waks_amazonse.xml HTTP/1.0" 200 1596553 "-" "-"
89.161.206.59 - - [11/Apr/2025:05:33:55 +0200] "GET /Jurek/beautycare/feeds/beautycare_amazonde.xml HTTP/1.0" 200 1181308 "-" "-"
89.161.206.59 - - [11/Apr/2025:05:33:56 +0200] "GET /Jurek/swiatecznygoliat/feeds/swiatecznygoliat_amazonde.xml HTTP/1.0" 200 7054356 "-" "-"
51.77.52.107 - - [11/Apr/2025:05:33:56 +0200] "GET /Jurek/eurofirany/images/463467/0.jpg HTTP/2.0" 200 130399 "-" "baselinker"
51.77.52.107 - - [11/Apr/2025:05:34:01 +0200] "GET /Jurek/eurofirany/images/463467/0.jpg HTTP/2.0" 200 130399 "-" "baselinker"
46.101.116.244 - - [11/Apr/2025:05:34:13 +0200] "GET /Jurek/action/feeds/action_kaufland.xml HTTP/2.0" 200 60244355 "-" "-"
51.77.52.107 - - [11/Apr/2025:05:34:18 +0200] "GET /Jurek/eurofirany/images/463467/0.jpg HTTP/2.0" 200 130399 "-" "baselinker"
51.77.52.107 - - [11/Apr/2025:05:34:24 +0200] "GET /Jurek/eurofirany/images/45593/0.jpg HTTP/2.0" 200 154993 "-" "baselinker"
46.101.116.244 - - [11/Apr/2025:05:34:29 +0200] "GET /Jurek/andex/feeds/andex_kaufland.xml HTTP/2.0" 200 1954275 "-" "-"
46.101.116.244 - - [11/Apr/2025:05:34:40 +0200] "GET /Jurek/aw/feeds/awnarzedzia_kauflandcz.xml HTTP/2.0" 200 90280157 "-" "-"
51.77.52.107 - - [11/Apr/2025:05:34:53 +0200] "GET /Jurek/eurofirany/images/45593/0.jpg HTTP/2.0" 200 154993 "-" "baselinker"
46.101.116.244 - - [11/Apr/2025:05:34:59 +0200] "GET /Jurek/b3/feeds/b3_kaufland.xml HTTP/2.0" 200 8037122 "-" "-"
46.101.116.244 - - [11/Apr/2025:05:35:10 +0200] "GET /Jurek/barbecook/feeds/barbecook_kaufland.xml HTTP/2.0" 200 87616 "-" "-"
89.161.206.59 - - [11/Apr/2025:05:35:16 +0200] "GET /Jurek/fertone/feeds/fertone_skroutz.xml HTTP/1.0" 200 576498 "-" "-"
51.77.52.107 - - [11/Apr/2025:05:35:17 +0200] "GET /Jurek/eurofirany/images/45593/0.jpg HTTP/2.0" 200 154993 "-" "baselinker"
89.161.206.59 - - [11/Apr/2025:05:35:18 +0200] "GET /Jurek/hlo/feeds/hlo_skroutz.xml HTTP/1.0" 200 4831033 "-" "-"
89.161.206.59 - - [11/Apr/2025:05:35:18 +0200] "GET /Jurek/madrex/feeds/madrex_skroutz.xml HTTP/1.0" 200 466710 "-" "-"
89.161.206.59 - - [11/Apr/2025:05:35:19 +0200] "GET /Jurek/purewear/feeds/purewear_skroutz.xml HTTP/1.0" 200 13350120 "-" "-"
89.161.206.59 - - [11/Apr/2025:05:35:19 +0200] "GET /Jurek/gandalf/feeds/gandalf_skr.xml HTTP/1.0" 200 1082270 "-" "-"
46.101.116.244 - - [11/Apr/2025:05:35:21 +0200] "GET /Jurek/bass/feeds/bass_kaufland.xml HTTP/2.0" 200 3986757 "-" "-"
51.77.52.107 - - [11/Apr/2025:05:35:29 +0200] "GET /Jurek/eurofirany/images/389957/0.jpg HTTP/2.0" 200 199278 "-" "baselinker"
46.101.116.244 - - [11/Apr/2025:05:35:31 +0200] "GET /Jurek/beliani/feeds/beliani_cz_kaufland.xml HTTP/2.0" 200 34076772 "-" "-"
46.101.116.244 - - [11/Apr/2025:05:35:45 +0200] "GET /Jurek/benbaby/feeds/benbaby_kaufland.xml HTTP/2.0" 200 3605006 "-" "-"
51.77.52.107 - - [11/Apr/2025:05:35:47 +0200] "GET /Jurek/eurofirany/images/389957/0.jpg HTTP/2.0" 200 199278 "-" "baselinker"
89.161.206.59 - - [11/Apr/2025:05:35:47 +0200] "GET /Jurek/hanex/feeds/hanex_amazonde.xml HTTP/1.0" 200 13931497 "-" "-"
89.161.206.59 - - [11/Apr/2025:05:35:47 +0200] "GET /Jurek/playcob/feeds/playcob_amazonde.xml HTTP/1.0" 200 6980194 "-" "-"
89.161.206.59 - - [11/Apr/2025:05:35:48 +0200] "GET /Jurek/kinghoff/feeds/kinghoff_amazonfr.xml HTTP/1.0" 200 15437539 "-" "-"
89.161.206.59 - - [11/Apr/2025:05:35:48 +0200] "GET /Jurek/artdog/feeds/artdog_amazonfr.xml HTTP/1.0" 200 17158698 "-" "-"
89.161.206.59 - - [11/Apr/2025:05:35:48 +0200] "GET /Jurek/artdog/feeds/artdog_amazones.xml HTTP/1.0" 200 17158750 "-" "-"
89.161.206.59 - - [11/Apr/2025:05:35:49 +0200] "GET /Jurek/kinghoff/feeds/kinghoff_amazones.xml HTTP/1.0" 200 15437639 "-" "-"
46.101.116.244 - - [11/Apr/2025:05:35:55 +0200] "GET /Jurek/detian/feeds/detian_kaufland.xml HTTP/2.0" 404 3551 "-" "-"
51.77.52.107 - - [11/Apr/2025:05:36:03 +0200] "GET /Jurek/eurofirany/images/389957/0.jpg HTTP/2.0" 200 199278 "-" "baselinker"
52.17.80.36 - - [11/Apr/2025:05:36:05 +0200] "GET /marketplaces/worten2/results/worten.csv HTTP/1.1" 200 147218 "-" "Mirakl HttpClient"
46.101.116.244 - - [11/Apr/2025:05:36:05 +0200] "GET /Jurek/emibig/feeds/emibig_kaufland.xml HTTP/2.0" 200 2523919 "-" "-"
77.79.248.229 - - [11/Apr/2025:05:36:07 +0200] "GET /Jurek/eurofirany/feeds/eurofirany_cdon_se.xml HTTP/1.1" 200 19363627 "-" "python-requests/2.32.3"
77.79.248.229 - - [11/Apr/2025:05:36:07 +0200] "GET /Jurek/eurofirany/feeds/eurofirany_cdon_dk.xml HTTP/1.1" 200 19363887 "-" "python-requests/2.32.3"
77.79.248.229 - - [11/Apr/2025:05:36:07 +0200] "GET /Jurek/eurofirany/feeds/eurofirany_cdon_fi.xml HTTP/1.1" 200 19346360 "-" "python-requests/2.32.3"
77.79.248.229 - - [11/Apr/2025:05:36:08 +0200] "GET /Jurek/stema/feeds/stema_cdon_se.xml HTTP/1.1" 200 852360 "-" "python-requests/2.32.3"
77.79.248.229 - - [11/Apr/2025:05:36:08 +0200] "GET /Jurek/stema/feeds/stema_cdon_dk.xml HTTP/1.1" 200 852303 "-" "python-requests/2.32.3"
77.79.248.229 - - [11/Apr/2025:05:36:08 +0200] "GET /Jurek/stema/feeds/stema_cdon_fi.xml HTTP/1.1" 200 852006 "-" "python-requests/2.32.3"
77.79.248.229 - - [11/Apr/2025:05:36:09 +0200] "GET /Jurek/aw/feeds/awnarzedzia_cdon_se.xml HTTP/1.1" 200 90261538 "-" "python-requests/2.32.3"
77.79.248.229 - - [11/Apr/2025:05:36:10 +0200] "GET /Jurek/aw/feeds/awnarzedzia_cdon_dk.xml HTTP/1.1" 200 90256554 "-" "python-requests/2.32.3"
77.79.248.229 - - [11/Apr/2025:05:36:11 +0200] "GET /Jurek/aw/feeds/awnarzedzia_cdon_fi.xml HTTP/1.1" 200 90173549 "-" "python-requests/2.32.3"
77.79.248.229 - - [11/Apr/2025:05:36:11 +0200] "GET /Jurek/hurtownia_przemyslowa/feeds/hp_cdon_se.xml HTTP/1.1" 200 49377729 "-" "python-requests/2.32.3"
46.101.116.244 - - [11/Apr/2025:05:36:11 +0200] "GET /Jurek/aw/feeds/aw_fnacfr.xml HTTP/1.0" 404 3551 "-" "-"
77.79.248.229 - - [11/Apr/2025:05:36:12 +0200] "GET /Jurek/hurtownia_przemyslowa/feeds/hp_cdon_dk.xml HTTP/1.1" 200 49376252 "-" "python-requests/2.32.3"
77.79.248.229 - - [11/Apr/2025:05:36:12 +0200] "GET /Jurek/hurtownia_przemyslowa/feeds/hp_cdon_fi.xml HTTP/1.1" 200 49362188 "-" "python-requests/2.32.3"
77.79.248.229 - - [11/Apr/2025:05:36:14 +0200] "GET /Jurek/ikonka/feeds/ikonka_cdon_se.xml HTTP/1.1" 200 22018979 "-" "python-requests/2.32.3"
89.161.206.59 - - [11/Apr/2025:05:36:14 +0200] "GET /Jurek/topeshop/feeds/topeshop_cdsc.xml HTTP/1.0" 200 2643518 "-" "-"
77.79.248.229 - - [11/Apr/2025:05:36:14 +0200] "GET /Jurek/ikonka/feeds/ikonka_cdon_dk.xml HTTP/1.1" 200 22018887 "-" "python-requests/2.32.3"
77.79.248.229 - - [11/Apr/2025:05:36:14 +0200] "GET /Jurek/ikonka/feeds/ikonka_cdon_fi.xml HTTP/1.1" 200 22016792 "-" "python-requests/2.32.3"
77.79.248.229 - - [11/Apr/2025:05:36:14 +0200] "GET /Jurek/fernity/feeds/fernity_cdon_fi.xml HTTP/1.1" 200 4796434 "-" "python-requests/2.32.3"
77.79.248.229 - - [11/Apr/2025:05:36:14 +0200] "GET /Jurek/fernity/feeds/fernity_cdon_se.xml HTTP/1.1" 200 4799557 "-" "python-requests/2.32.3"
77.79.248.229 - - [11/Apr/2025:05:36:15 +0200] "GET /Jurek/fernity/feeds/fernity_cdon_dk.xml HTTP/1.1" 200 4799181 "-" "python-requests/2.32.3"
77.79.248.229 - - [11/Apr/2025:05:36:15 +0200] "GET /Jurek/activeshop/feeds/activeshop_cdon_se.xml HTTP/1.1" 200 10447378 "-" "python-requests/2.32.3"
77.79.248.229 - - [11/Apr/2025:05:36:15 +0200] "GET /Jurek/activeshop/feeds/activeshop_cdon_dk.xml HTTP/1.1" 200 10446829 "-" "python-requests/2.32.3"
77.79.248.229 - - [11/Apr/2025:05:36:15 +0200] "GET /Jurek/activeshop/feeds/activeshop_cdon_fi.xml HTTP/1.1" 200 10443586 "-" "python-requests/2.32.3"
46.101.116.244 - - [11/Apr/2025:05:36:16 +0200] "GET /Jurek/eurofirany/feeds/eurofirany_kaufland_greatstore.xml HTTP/2.0" 200 19365678 "-" "-"
89.161.206.59 - - [11/Apr/2025:05:36:18 +0200] "GET /Jurek/kinghoff/feeds/kinghoff_cdiscount.xml HTTP/1.0" 200 7328391 "-" "-"
89.161.206.59 - - [11/Apr/2025:05:36:18 +0200] "GET /Jurek/broers/feeds/broers_cdsc.xml HTTP/1.0" 200 2303338 "-" "-"
89.161.206.59 - - [11/Apr/2025:05:36:19 +0200] "GET /Jurek/nonabox/feeds/nonabox_cdsc.xml HTTP/1.0" 200 39041 "-" "-"
77.79.248.229 - - [11/Apr/2025:05:36:19 +0200] "GET /Jurek/barbecook/feeds/barbecook_cdon_se.xml HTTP/1.1" 200 87595 "-" "python-requests/2.32.3"
77.79.248.229 - - [11/Apr/2025:05:36:19 +0200] "GET /Jurek/barbecook/feeds/barbecook_cdon_dk.xml HTTP/1.1" 200 87590 "-" "python-requests/2.32.3"
77.79.248.229 - - [11/Apr/2025:05:36:19 +0200] "GET /Jurek/barbecook/feeds/barbecook_cdon_fi.xml HTTP/1.1" 200 87531 "-" "python-requests/2.32.3"
51.77.52.107 - - [11/Apr/2025:05:36:20 +0200] "GET /Jurek/eurofirany/images/389970/0.jpg HTTP/2.0" 200 186061 "-" "baselinker"
77.79.248.229 - - [11/Apr/2025:05:36:20 +0200] "GET /Jurek/action/feeds/action_cdon_se.xml HTTP/1.1" 200 60238733 "-" "python-requests/2.32.3"
89.161.206.59 - - [11/Apr/2025:05:36:20 +0200] "GET /Jurek/hanex/feeds/hanex_cdsc.xml HTTP/1.0" 200 7027182 "-" "-"
77.79.248.229 - - [11/Apr/2025:05:36:21 +0200] "GET /Jurek/action/feeds/action_cdon_dk.xml HTTP/1.1" 200 60233330 "-" "python-requests/2.32.3"
77.79.248.229 - - [11/Apr/2025:05:36:21 +0200] "GET /Jurek/action/feeds/action_cdon_fi.xml HTTP/1.1" 200 60207092 "-" "python-requests/2.32.3"
77.79.248.229 - - [11/Apr/2025:05:36:21 +0200] "GET /Jurek/kinghoff/feeds/kinghoff_cdon_se.xml HTTP/1.1" 200 15440207 "-" "python-requests/2.32.3"
77.79.248.229 - - [11/Apr/2025:05:36:22 +0200] "GET /Jurek/kinghoff/feeds/kinghoff_cdon_dk.xml HTTP/1.1" 200 15440119 "-" "python-requests/2.32.3"
77.79.248.229 - - [11/Apr/2025:05:36:22 +0200] "GET /Jurek/kinghoff/feeds/kinghoff_cdon_fi.xml HTTP/1.1" 200 15437722 "-" "python-requests/2.32.3"
46.101.116.244 - - [11/Apr/2025:05:36:29 +0200] "GET /Jurek/fernity/feeds/fernity_kaufland.xml HTTP/2.0" 200 4800415 "-" "-"
51.77.52.107 - - [11/Apr/2025:05:36:34 +0200] "GET /Jurek/eurofirany/images/389970/0.jpg HTTP/2.0" 200 186061 "-" "baselinker"
66.135.223.42 - - [11/Apr/2025:05:36:49 +0200] "GET /Jurek/topeshop/downloaded_images/5902838468449_Artisan_x.jpg HTTP/1.1" 200 96939 "http://www.ebay.com/" "Mozilla/4.0 (compatible; MSIE 4.01; Windows NT)"
66.135.223.44 - - [11/Apr/2025:05:36:49 +0200] "GET /Jurek/topeshop/downloaded_images/5902838468449_front.jpg HTTP/1.1" 200 56564 "http://www.ebay.com/" "Mozilla/4.0 (compatible; MSIE 4.01; Windows NT)"
66.135.223.44 - - [11/Apr/2025:05:36:49 +0200] "GET /Jurek/topeshop/downloaded_images/5902838468449_20_st.jpg HTTP/1.1" 200 75551 "http://www.ebay.com/" "Mozilla/4.0 (compatible; MSIE 4.01; Windows NT)"
66.135.223.40 - - [11/Apr/2025:05:36:49 +0200] "GET /Jurek/topeshop/downloaded_images/5902838468449_close_wymiary_Obszar_roboczy_1.jpg HTTP/1.1" 200 87208 "http://www.ebay.com/" "Mozilla/4.0 (compatible; MSIE 4.01; Windows NT)"
66.135.223.44 - - [11/Apr/2025:05:36:49 +0200] "GET /Jurek/topeshop/downloaded_images/5902838468449_20_st_open.jpg HTTP/1.1" 200 61794 "http://www.ebay.com/" "Mozilla/4.0 (compatible; MSIE 4.01; Windows NT)"
66.135.223.41 - - [11/Apr/2025:05:36:49 +0200] "GET /Jurek/topeshop/downloaded_images/5902838468449_open_20_st_Obszar_roboczy_1.jpg HTTP/1.1" 200 68529 "http://www.ebay.com/" "Mozilla/4.0 (compatible; MSIE 4.01; Windows NT)"
66.135.223.41 - - [11/Apr/2025:05:36:49 +0200] "GET /Jurek/topeshop/downloaded_images/5902838468449_front_close.jpg HTTP/1.1" 200 76125 "http://www.ebay.com/" "Mozilla/4.0 (compatible; MSIE 4.01; Windows NT)"
51.77.52.107 - - [11/Apr/2025:05:36:49 +0200] "GET /Jurek/eurofirany/images/389970/0.jpg HTTP/2.0" 200 186061 "-" "baselinker"
66.135.223.42 - - [11/Apr/2025:05:36:49 +0200] "GET /Jurek/topeshop/downloaded_images/5902838468449_Opal_Artisan_Szafka.jpg HTTP/1.1" 404 3551 "http://www.ebay.com/" "Mozilla/4.0 (compatible; MSIE 4.01; Windows NT)"
46.101.116.244 - - [11/Apr/2025:05:36:51 +0200] "GET /Jurek/hurtownia_przemyslowa/feeds/hp_kaufcz.xml HTTP/2.0" 200 49380861 "-" "-"
51.77.52.107 - - [11/Apr/2025:05:37:04 +0200] "GET /Jurek/eurofirany/images/439360/0.jpg HTTP/2.0" 200 77707 "-" "baselinker"
46.101.116.244 - - [11/Apr/2025:05:37:17 +0200] "GET /Jurek/aw/feeds/awnarzedzia_skroutz.xml HTTP/1.0" 200 90173906 "-" "-"
51.77.52.107 - - [11/Apr/2025:05:37:22 +0200] "GET /Jurek/eurofirany/images/439360/0.jpg HTTP/2.0" 200 77707 "-" "baselinker"
46.101.116.244 - - [11/Apr/2025:05:37:24 +0200] "GET /Jurek/ikonka/feeds/ikonka_kaufland.xml HTTP/2.0" 200 22019246 "-" "-"
46.101.116.244 - - [11/Apr/2025:05:37:36 +0200] "GET /Jurek/kinghoff/feeds/kinghoff_kaufland.xml HTTP/2.0" 200 15440956 "-" "-"
51.77.52.107 - - [11/Apr/2025:05:37:37 +0200] "GET /Jurek/eurofirany/images/439360/0.jpg HTTP/2.0" 200 77707 "-" "baselinker"
46.101.116.244 - - [11/Apr/2025:05:37:49 +0200] "GET /Jurek/kinghome/feeds/kinghome_kaufland.xml HTTP/2.0" 200 6028341 "-" "-"
51.77.52.107 - - [11/Apr/2025:05:37:51 +0200] "GET /Jurek/eurofirany/images/461024/0.jpg HTTP/2.0" 200 74381 "-" "baselinker"
77.79.248.229 - - [11/Apr/2025:05:38:06 +0200] "GET /Jurek/vidaSI/feeds/vidaSI_bigbang.xml HTTP/1.1" 200 624968043 "-" "Python-urllib/3.11"
77.79.248.229 - - [11/Apr/2025:05:38:07 +0200] "GET /Jurek/aw/feeds/awnarzedzia_bigbang.xml HTTP/1.1" 200 90147997 "-" "Python-urllib/3.11"
77.79.248.229 - - [11/Apr/2025:05:38:08 +0200] "GET /Jurek/hurtownia_przemyslowa/feeds/hp_bigbang.xml HTTP/1.1" 200 49360261 "-" "Python-urllib/3.11"
77.79.248.229 - - [11/Apr/2025:05:38:09 +0200] "GET /Jurek/action/feeds/action_bigbang.xml HTTP/1.1" 200 60201870 "-" "Python-urllib/3.11"
51.77.52.107 - - [11/Apr/2025:05:38:10 +0200] "GET /Jurek/eurofirany/images/461024/0.jpg HTTP/2.0" 200 74381 "-" "baselinker"
77.79.248.229 - - [11/Apr/2025:05:38:10 +0200] "GET /Jurek/ikonka/feeds/ikonka_bigbang.xml HTTP/1.1" 200 22016794 "-" "Python-urllib/3.11"
77.79.248.229 - - [11/Apr/2025:05:38:10 +0200] "GET /Jurek/bass/feeds/bass_bigbang.xml HTTP/1.1" 200 3984364 "-" "Python-urllib/3.11"
77.79.248.229 - - [11/Apr/2025:05:38:11 +0200] "GET /Jurek/kinghoff/feeds/kinghoff_bigbang.xml HTTP/1.1" 200 15437700 "-" "Python-urllib/3.11"
77.79.248.229 - - [11/Apr/2025:05:38:12 +0200] "GET /Jurek/activeshop/feeds/activeshop_bigbang.xml HTTP/1.1" 200 10443546 "-" "Python-urllib/3.11"
77.79.248.229 - - [11/Apr/2025:05:38:12 +0200] "GET /Jurek/octopia/feeds/octopia_bigbang.xml HTTP/1.1" 200 5658808 "-" "Python-urllib/3.11"
77.79.248.229 - - [11/Apr/2025:05:38:12 +0200] "GET /Jurek/topeshop/feeds/topeshop_bigbang.xml HTTP/1.1" 200 2626821 "-" "Python-urllib/3.11"
77.79.248.229 - - [11/Apr/2025:05:38:12 +0200] "GET /Jurek/b3/feeds/b3_bigbang.xml HTTP/1.1" 200 8032232 "-" "Python-urllib/3.11"
77.79.248.229 - - [11/Apr/2025:05:38:12 +0200] "GET /Jurek/asortymenteu/feeds/asortymenteu_bigbang.xml HTTP/1.1" 200 2764493 "-" "Python-urllib/3.11"
77.79.248.229 - - [11/Apr/2025:05:38:13 +0200] "GET /Jurek/eroplace/feeds/eroplace_bigbang.xml HTTP/1.1" 200 52134396 "-" "Python-urllib/3.11"
77.79.248.229 - - [11/Apr/2025:05:38:16 +0200] "GET /Jurek/intsell/feeds/intsell_bigbang.xml HTTP/1.1" 200 342004869 "-" "Python-urllib/3.11"
77.79.248.229 - - [11/Apr/2025:05:38:17 +0200] "GET /Jurek/coppotech/feeds/coppotech_bigbang.xml HTTP/1.1" 200 38048938 "-" "Python-urllib/3.11"
77.79.248.229 - - [11/Apr/2025:05:38:17 +0200] "GET /Jurek/stema/feeds/stema_bigbang.xml HTTP/1.1" 200 851884 "-" "Python-urllib/3.11"
77.79.248.229 - - [11/Apr/2025:05:38:17 +0200] "GET /Jurek/sempler/feeds/sempler_bigbang.xml HTTP/1.1" 200 6787992 "-" "Python-urllib/3.11"
77.79.248.229 - - [11/Apr/2025:05:38:17 +0200] "GET /Jurek/benetech/feeds/benetech_bigbang.xml HTTP/1.1" 200 4165297 "-" "Python-urllib/3.11"
77.79.248.229 - - [11/Apr/2025:05:38:17 +0200] "GET /Jurek/ekuchcikowo/feeds/ekuchcikowo_bigbang.xml HTTP/1.1" 200 12470979 "-" "Python-urllib/3.11"
77.79.248.229 - - [11/Apr/2025:05:38:18 +0200] "GET /Jurek/erohurtownia/feeds/erohurtownia_bigbang.xml HTTP/1.1" 200 22846388 "-" "Python-urllib/3.11"
77.79.248.229 - - [11/Apr/2025:05:38:25 +0200] "GET /Jurek/naszedzieci/feeds/naszedzieci_bigbang.xml HTTP/1.1" 200 833165824 "-" "Python-urllib/3.11"
77.79.248.229 - - [11/Apr/2025:05:38:26 +0200] "GET /Jurek/awparts/feeds/awparts_bigbang.xml HTTP/1.1" 200 142298895 "-" "Python-urllib/3.11"
77.79.248.229 - - [11/Apr/2025:05:38:26 +0200] "GET /Jurek/najtanszysport/feeds/najtanszysport_bigbang.xml HTTP/1.1" 200 3983099 "-" "Python-urllib/3.11"
77.79.248.229 - - [11/Apr/2025:05:38:27 +0200] "GET /Jurek/aiofactory/feeds/aiofactory_bigbang.xml HTTP/1.1" 200 2123794 "-" "Python-urllib/3.11"
77.79.248.229 - - [11/Apr/2025:05:38:27 +0200] "GET /Jurek/playcob/feeds/playcob_bigbang.xml HTTP/1.1" 200 6980178 "-" "Python-urllib/3.11"
77.79.248.229 - - [11/Apr/2025:05:38:27 +0200] "GET /Jurek/kidshop/feeds/kidshop_bigbang.xml HTTP/1.1" 200 19845640 "-" "Python-urllib/3.11"
77.79.248.229 - - [11/Apr/2025:05:38:27 +0200] "GET /Jurek/elavia/feeds/elavia_bigbang.xml HTTP/1.1" 200 2497281 "-" "Python-urllib/3.11"
77.79.248.229 - - [11/Apr/2025:05:38:27 +0200] "GET /Jurek/straganbiur/feeds/straganbiur_bigbang.xml HTTP/1.1" 200 8892783 "-" "Python-urllib/3.11"
77.79.248.229 - - [11/Apr/2025:05:38:27 +0200] "GET /Jurek/kobi/feeds/kobi_bigbang.xml HTTP/1.1" 200 1993187 "-" "Python-urllib/3.11"
77.79.248.229 - - [11/Apr/2025:05:38:28 +0200] "GET /Jurek/hanex/feeds/hanex_bigbang.xml HTTP/1.1" 200 13931511 "-" "Python-urllib/3.11"
77.79.248.229 - - [11/Apr/2025:05:38:28 +0200] "GET /Jurek/elecomp/feeds/elecomp_bigbang.xml HTTP/1.1" 200 2867772 "-" "Python-urllib/3.11"
77.79.248.229 - - [11/Apr/2025:05:38:28 +0200] "GET /Jurek/roger/feeds/roger_bigbang.xml HTTP/1.1" 200 1396510 "-" "Python-urllib/3.11"
77.79.248.229 - - [11/Apr/2025:05:38:28 +0200] "GET /Jurek/kristronik/feeds/kristronik_bigbang.xml HTTP/1.1" 200 691980 "-" "Python-urllib/3.11"
77.79.248.229 - - [11/Apr/2025:05:38:28 +0200] "GET /Jurek/oknobest/feeds/oknobest_bigbang.xml HTTP/1.1" 200 2707878 "-" "Python-urllib/3.11"
77.79.248.229 - - [11/Apr/2025:05:38:28 +0200] "GET /Jurek/globaldeli/feeds/globaldeli_bigbang.xml HTTP/1.1" 200 2590049 "-" "Python-urllib/3.11"
77.79.248.229 - - [11/Apr/2025:05:38:28 +0200] "GET /Jurek/rider/feeds/rider_bigbang.xml HTTP/1.1" 200 8165179 "-" "Python-urllib/3.11"
77.79.248.229 - - [11/Apr/2025:05:38:28 +0200] "GET /Jurek/cenoman/feeds/cenoman_bigbang.xml HTTP/1.1" 200 5993174 "-" "Python-urllib/3.11"
77.79.248.229 - - [11/Apr/2025:05:38:28 +0200] "GET /Jurek/luxma/feeds/luxma_bigbang.xml HTTP/1.1" 200 8059178 "-" "Python-urllib/3.11"
77.79.248.229 - - [11/Apr/2025:05:38:29 +0200] "GET /Jurek/zbimatyja/feeds/zbimatyja_bigbang.xml HTTP/1.1" 200 11670019 "-" "Python-urllib/3.11"
77.79.248.229 - - [11/Apr/2025:05:38:29 +0200] "GET /Jurek/smxdesign/feeds/smxdesign_bigbang.xml HTTP/1.1" 200 1829042 "-" "Python-urllib/3.11"
77.79.248.229 - - [11/Apr/2025:05:38:29 +0200] "GET /Jurek/rosfix/feeds/rosfix_bigbang.xml HTTP/1.1" 200 35769381 "-" "Python-urllib/3.11"
46.101.116.244 - - [11/Apr/2025:05:38:30 +0200] "GET /Jurek/octopia/feeds/octopia_kaufland.xml HTTP/2.0" 200 10116659 "-" "-"
77.79.248.229 - - [11/Apr/2025:05:38:30 +0200] "GET /Jurek/dropkz/feeds/dropkz_bigbang.xml HTTP/1.1" 200 70013747 "-" "Python-urllib/3.11"
77.79.248.229 - - [11/Apr/2025:05:38:30 +0200] "GET /Jurek/pawonik/feeds/pawonik_bigbang.xml HTTP/1.1" 200 2138400 "-" "Python-urllib/3.11"
77.79.248.229 - - [11/Apr/2025:05:38:30 +0200] "GET /Jurek/spali/feeds/spali_bigbang.xml HTTP/1.1" 200 77056 "-" "Python-urllib/3.11"
77.79.248.229 - - [11/Apr/2025:05:38:30 +0200] "GET /Jurek/newtechele/feeds/newtechele_bigbang.xml HTTP/1.1" 200 2438521 "-" "Python-urllib/3.11"
77.79.248.229 - - [11/Apr/2025:05:38:30 +0200] "GET /Jurek/maksik/feeds/maksik_bigbang.xml HTTP/1.1" 200 4084774 "-" "Python-urllib/3.11"
77.79.248.229 - - [11/Apr/2025:05:38:31 +0200] "GET /Jurek/beltimore/feeds/beltimore_bigbang.xml HTTP/1.1" 200 18651597 "-" "Python-urllib/3.11"
77.79.248.229 - - [11/Apr/2025:05:38:31 +0200] "GET /Jurek/matkam/feeds/matkam_bigbang.xml HTTP/1.1" 200 5000538 "-" "Python-urllib/3.11"
77.79.248.229 - - [11/Apr/2025:05:38:31 +0200] "GET /Jurek/rovato/feeds/rovato_bigbang.xml HTTP/1.1" 200 180831 "-" "Python-urllib/3.11"
77.79.248.229 - - [11/Apr/2025:05:38:31 +0200] "GET /Jurek/eurofryz/feeds/eurofryz_bigbang.xml HTTP/1.1" 200 1381554 "-" "Python-urllib/3.11"
77.79.248.229 - - [11/Apr/2025:05:38:31 +0200] "GET /Jurek/alucon/feeds/alucon_bigbang.xml HTTP/1.1" 200 553575 "-" "Python-urllib/3.11"
77.79.248.229 - - [11/Apr/2025:05:38:31 +0200] "GET /Jurek/omi/feeds/omi_bigbang.xml HTTP/1.1" 200 8105549 "-" "Python-urllib/3.11"
77.79.248.229 - - [11/Apr/2025:05:38:31 +0200] "GET /Jurek/kamar/feeds/kamar_bigbang.xml HTTP/1.1" 200 25550023 "-" "Python-urllib/3.11"
77.79.248.229 - - [11/Apr/2025:05:38:31 +0200] "GET /Jurek/beautycare/feeds/beautycare_bigbang.xml HTTP/1.1" 200 1181292 "-" "Python-urllib/3.11"
77.79.248.229 - - [11/Apr/2025:05:38:31 +0200] "GET /Jurek/avenido/feeds/avenido_bigbang.xml HTTP/1.1" 200 720084 "-" "Python-urllib/3.11"
77.79.248.229 - - [11/Apr/2025:05:38:32 +0200] "GET /Jurek/zenex/feeds/zenex_bigbang.xml HTTP/1.1" 200 540140 "-" "Python-urllib/3.11"
77.79.248.229 - - [11/Apr/2025:05:38:32 +0200] "GET /Jurek/fertes/feeds/fertes_bigbang.xml HTTP/1.1" 200 2361821 "-" "Python-urllib/3.11"
77.79.248.229 - - [11/Apr/2025:05:38:32 +0200] "GET /Jurek/makow/feeds/makow_bigbang.xml HTTP/1.1" 200 21203714 "-" "Python-urllib/3.11"
77.79.248.229 - - [11/Apr/2025:05:38:32 +0200] "GET /Jurek/sternhoff/feeds/sternhoff_bigbang.xml HTTP/1.1" 200 1775251 "-" "Python-urllib/3.11"
77.79.248.229 - - [11/Apr/2025:05:38:32 +0200] "GET /Jurek/kalama/feeds/kalama_bigbang.xml HTTP/1.1" 200 2661713 "-" "Python-urllib/3.11"
77.79.248.229 - - [11/Apr/2025:05:38:32 +0200] "GET /Jurek/polzoo/feeds/polzoo_bigbang.xml HTTP/1.1" 200 48121898 "-" "Python-urllib/3.11"
77.79.248.229 - - [11/Apr/2025:05:38:33 +0200] "GET /Jurek/straganspoz/feeds/straganspoz_bigbang.xml HTTP/1.1" 200 9513995 "-" "Python-urllib/3.11"
77.79.248.229 - - [11/Apr/2025:05:38:33 +0200] "GET /Jurek/apresto/feeds/apresto_bigbang.xml HTTP/1.1" 200 1327621 "-" "Python-urllib/3.11"
77.79.248.229 - - [11/Apr/2025:05:38:33 +0200] "GET /Jurek/fertone/feeds/fertone_bigbang.xml HTTP/1.1" 200 576476 "-" "Python-urllib/3.11"
77.79.248.229 - - [11/Apr/2025:05:38:33 +0200] "GET /Jurek/fernity/feeds/fernity_bigbang.xml HTTP/1.1" 200 4796645 "-" "Python-urllib/3.11"
77.79.248.229 - - [11/Apr/2025:05:38:33 +0200] "GET /Jurek/jankeski/feeds/jankeski_bigbang.xml HTTP/1.1" 200 6571077 "-" "Python-urllib/3.11"
77.79.248.229 - - [11/Apr/2025:05:38:33 +0200] "GET /Jurek/bloomglow/feeds/bloomglow_bigbang.xml HTTP/1.1" 200 14095248 "-" "Python-urllib/3.11"
51.77.52.107 - - [11/Apr/2025:05:38:38 +0200] "GET /Jurek/eurofirany/images/461024/0.jpg HTTP/2.0" 200 74381 "-" "baselinker"
77.79.248.229 - - [11/Apr/2025:05:38:40 +0200] "GET /Jurek/galopi/feeds/galopi_bigbang.xml HTTP/1.1" 200 2111110 "-" "Python-urllib/3.11"
77.79.248.229 - - [11/Apr/2025:05:38:40 +0200] "GET /Jurek/stiv/feeds/stiv_bigbang.xml HTTP/1.1" 200 2056790 "-" "Python-urllib/3.11"
46.101.116.244 - - [11/Apr/2025:05:38:41 +0200] "GET /Jurek/rovicky/feeds/rovicky_kaufland.xml HTTP/2.0" 200 15099567 "-" "-"
51.77.52.107 - - [11/Apr/2025:05:38:52 +0200] "GET /Jurek/eurofirany/images/457471/0.jpg HTTP/2.0" 200 116015 "-" "baselinker"
46.101.116.244 - - [11/Apr/2025:05:38:52 +0200] "GET /Jurek/stema/feeds/stema_kauflandcz.xml HTTP/2.0" 200 852464 "-" "-"
46.101.116.244 - - [11/Apr/2025:05:39:03 +0200] "GET /Jurek/twm/feeds/twm-kaufland.xml HTTP/2.0" 200 2372828 "-" "-"
51.77.52.107 - - [11/Apr/2025:05:39:11 +0200] "GET /Jurek/eurofirany/images/457471/0.jpg HTTP/2.0" 200 116015 "-" "baselinker"
46.101.116.244 - - [11/Apr/2025:05:39:14 +0200] "GET /Jurek/unimet/feeds/unimet_kaufland.xml HTTP/2.0" 200 60531284 "-" "-"
46.101.116.244 - - [11/Apr/2025:05:39:19 +0200] "GET /Jurek/vivaldi/feeds/vivaldi_kaufland.xml HTTP/2.0" 200 344831 "-" "-"
51.77.52.107 - - [11/Apr/2025:05:39:25 +0200] "GET /Jurek/eurofirany/images/457471/0.jpg HTTP/2.0" 200 116015 "-" "baselinker"
46.101.116.244 - - [11/Apr/2025:05:39:38 +0200] "GET /Jurek/vidaCZ/feeds/vida_Kaufland.xml HTTP/2.0" 200 667412836 "-" "-"
51.77.52.107 - - [11/Apr/2025:05:39:39 +0200] "GET /Jurek/eurofirany/images/463558/0.jpg HTTP/2.0" 200 121703 "-" "baselinker"
89.161.206.59 - - [11/Apr/2025:05:39:44 +0200] "GET /Jurek/eurofirany/feeds/eurofirany_skroutz.xml HTTP/1.0" 200 19346105 "-" "-"
51.77.52.107 - - [11/Apr/2025:05:39:59 +0200] "GET /Jurek/eurofirany/images/463558/0.jpg HTTP/2.0" 200 121703 "-" "baselinker"
51.77.52.107 - - [11/Apr/2025:05:40:14 +0200] "GET /Jurek/eurofirany/images/463558/0.jpg HTTP/2.0" 200 121703 "-" "baselinker"
51.77.52.107 - - [11/Apr/2025:05:40:17 +0200] "GET /Jurek/eurofirany/images/459277/0.jpg HTTP/2.0" 200 87966 "-" "baselinker"
77.79.248.229 - - [11/Apr/2025:05:40:19 +0200] "GET /Jurek/kinghoff/feeds/kinghoff_SkroutzGR.xml HTTP/1.1" 200 15437577 "-" "Python-urllib/3.11"
77.79.248.229 - - [11/Apr/2025:05:40:20 +0200] "GET /Jurek/aw/feeds/awnarzedzia_skroutz.xml HTTP/1.1" 200 90173906 "-" "Python-urllib/3.11"
77.79.248.229 - - [11/Apr/2025:05:40:20 +0200] "GET /Jurek/eurofirany/feeds/eurofirany_skroutz.xml HTTP/1.1" 200 19346105 "-" "Python-urllib/3.11"
77.79.248.229 - - [11/Apr/2025:05:40:20 +0200] "GET /Jurek/fernity/feeds/fernity_skroutz.xml HTTP/1.1" 200 4796698 "-" "Python-urllib/3.11"
51.77.52.107 - - [11/Apr/2025:05:40:23 +0200] "GET /Jurek/eurofirany/images/459277/0.jpg HTTP/2.0" 200 87966 "-" "baselinker"
51.77.52.107 - - [11/Apr/2025:05:40:43 +0200] "GET /Jurek/eurofirany/images/459277/0.jpg HTTP/2.0" 200 87966 "-" "baselinker"
51.77.52.107 - - [11/Apr/2025:05:40:49 +0200] "GET /Jurek/eurofirany/images/459278/0.jpg HTTP/2.0" 200 87966 "-" "baselinker"
51.77.52.107 - - [11/Apr/2025:05:40:54 +0200] "GET /Jurek/eurofirany/images/459278/0.jpg HTTP/2.0" 200 87966 "-" "baselinker"
46.101.116.244 - - [11/Apr/2025:05:40:57 +0200] "GET /Jurek/action/feeds/action_kauflandsk.xml HTTP/2.0" 200 60202576 "-" "-"
46.101.116.244 - - [11/Apr/2025:05:41:03 +0200] "GET /Jurek/aw/feeds/aw_fnacfr.xml HTTP/1.0" 404 3551 "-" "-"
89.161.206.59 - - [11/Apr/2025:05:41:08 +0200] "GET /Jurek/techrebal/feeds/techrebal_cdsc.xml HTTP/1.0" 200 1423340 "-" "-"
89.161.206.59 - - [11/Apr/2025:05:41:09 +0200] "GET /Jurek/zbimatyja/feeds/zbimatyja_cdsc.xml HTTP/1.0" 200 11001047 "-" "-"
51.77.52.107 - - [11/Apr/2025:05:41:09 +0200] "GET /Jurek/eurofirany/images/459278/0.jpg HTTP/2.0" 200 87966 "-" "baselinker"
89.161.206.59 - - [11/Apr/2025:05:41:09 +0200] "GET /Jurek/lampart/feeds/lampart_cdsc.xml HTTP/1.0" 200 1057914 "-" "-"
89.161.206.59 - - [11/Apr/2025:05:41:10 +0200] "GET /Jurek/regis/feeds/regis_cdsc.xml HTTP/1.0" 200 84994 "-" "-"
89.161.206.59 - - [11/Apr/2025:05:41:10 +0200] "GET /Jurek/stiv/feeds/stiv_cdsc.xml HTTP/1.0" 200 1348030 "-" "-"
46.101.116.244 - - [11/Apr/2025:05:41:14 +0200] "GET /Jurek/andex/feeds/andex_kauflandsk.xml HTTP/2.0" 200 1953356 "-" "-"
46.101.116.244 - - [11/Apr/2025:05:41:25 +0200] "GET /Jurek/aw/feeds/awnarzedzia_kauflandsk.xml HTTP/2.0" 200 90157372 "-" "-"
51.77.52.107 - - [11/Apr/2025:05:41:29 +0200] "GET /Jurek/eurofirany/images/459279/0.jpg HTTP/2.0" 200 87966 "-" "baselinker"
51.77.52.107 - - [11/Apr/2025:05:41:33 +0200] "GET /Jurek/eurofirany/images/459279/0.jpg HTTP/2.0" 200 87966 "-" "baselinker"
51.77.52.107 - - [11/Apr/2025:05:41:40 +0200] "GET /Jurek/eurofirany/images/459279/0.jpg HTTP/2.0" 200 87966 "-" "baselinker"
46.101.116.244 - - [11/Apr/2025:05:41:45 +0200] "GET /Jurek/b3/feeds/b3_kauflandsk.xml HTTP/2.0" 200 8032205 "-" "-"
51.77.52.107 - - [11/Apr/2025:05:41:47 +0200] "GET /Jurek/eurofirany/images/459321/0.jpg HTTP/2.0" 200 96975 "-" "baselinker"
51.77.52.107 - - [11/Apr/2025:05:41:53 +0200] "GET /Jurek/eurofirany/images/459321/0.jpg HTTP/2.0" 200 96975 "-" "baselinker"
46.101.116.244 - - [11/Apr/2025:05:41:56 +0200] "GET /Jurek/barbecook/feeds/barbecook_kauflandsk.xml HTTP/2.0" 200 87527 "-" "-"
46.101.116.244 - - [11/Apr/2025:05:41:57 +0200] "GET /Jurek/vida_morele/feeds/vidaPL_velomarket_category4.xml HTTP/1.0" 200 52566741 "-" "-"
51.77.52.107 - - [11/Apr/2025:05:41:59 +0200] "GET /Jurek/eurofirany/images/459321/0.jpg HTTP/2.0" 200 96975 "-" "baselinker"
46.101.116.244 - - [11/Apr/2025:05:42:00 +0200] "GET /Jurek/vida_morele/feeds/vidaPL_velomarket_category5.xml HTTP/1.0" 200 76082961 "-" "-"
51.77.52.107 - - [11/Apr/2025:05:42:05 +0200] "GET /Jurek/eurofirany/images/459326/0.jpg HTTP/2.0" 200 135803 "-" "baselinker"
46.101.116.244 - - [11/Apr/2025:05:42:07 +0200] "GET /Jurek/bass/feeds/bass_kauflandsk.xml HTTP/2.0" 200 3984353 "-" "-"
46.101.116.244 - - [11/Apr/2025:05:42:18 +0200] "GET /Jurek/beliani/feeds/beliani_sk_kaufland.xml HTTP/2.0" 200 34228694 "-" "-"
46.101.116.244 - - [11/Apr/2025:05:42:31 +0200] "GET /Jurek/benbaby/feeds/benbaby_kauflandsk.xml HTTP/2.0" 200 3602135 "-" "-"
51.77.52.107 - - [11/Apr/2025:05:42:38 +0200] "GET /Jurek/eurofirany/images/459326/0.jpg HTTP/2.0" 200 135803 "-" "baselinker"
46.101.116.244 - - [11/Apr/2025:05:42:41 +0200] "GET /Jurek/detian/feeds/detian_kauflandsk.xml HTTP/2.0" 404 3551 "-" "-"
46.101.116.244 - - [11/Apr/2025:05:42:51 +0200] "GET /Jurek/emibig/feeds/emibig_kauflandsk.xml HTTP/2.0" 200 2522247 "-" "-"
51.77.52.107 - - [11/Apr/2025:05:42:52 +0200] "GET /Jurek/eurofirany/images/459326/0.jpg HTTP/2.0" 200 135803 "-" "baselinker"
46.101.116.244 - - [11/Apr/2025:05:43:03 +0200] "GET /Jurek/eurofirany/feeds/eurofirany_kaufland_sk.xml HTTP/2.0" 200 19346002 "-" "-"
89.161.206.59 - - [11/Apr/2025:05:43:15 +0200] "GET /Jurek/asortymenteu/feeds/asortymenteu_skroutz_great.xml HTTP/1.0" 200 2775205 "-" "-"
46.101.116.244 - - [11/Apr/2025:05:43:16 +0200] "GET /Jurek/fernity/feeds/fernity_kauflandsk.xml HTTP/2.0" 200 4796282 "-" "-"
51.77.52.107 - - [11/Apr/2025:05:43:19 +0200] "GET /Jurek/eurofirany/images/466453/0.jpg HTTP/2.0" 200 126352 "-" "baselinker"
51.77.52.107 - - [11/Apr/2025:05:43:31 +0200] "GET /Jurek/eurofirany/images/466453/0.jpg HTTP/2.0" 200 126352 "-" "baselinker"
46.101.116.244 - - [11/Apr/2025:05:43:38 +0200] "GET /Jurek/hurtownia_przemyslowa/feeds/hp_kaufsk.xml HTTP/2.0" 200 49361014 "-" "-"
51.77.52.107 - - [11/Apr/2025:05:43:45 +0200] "GET /Jurek/eurofirany/images/466453/0.jpg HTTP/2.0" 200 126352 "-" "baselinker"
46.101.116.244 - - [11/Apr/2025:05:44:08 +0200] "GET /Jurek/ikonka/feeds/ikonka_kauflandsk.xml HTTP/2.0" 200 22016739 "-" "-"
51.77.52.107 - - [11/Apr/2025:05:44:09 +0200] "GET /Jurek/eurofirany/images/466454/0.jpg HTTP/2.0" 200 140547 "-" "baselinker"
66.135.223.43 - - [11/Apr/2025:05:44:20 +0200] "GET /Jurek/eurofirany/images/467555/0.jpg HTTP/1.1" 200 124308 "-" "Java/17.0.13.0.101"
46.101.116.244 - - [11/Apr/2025:05:44:20 +0200] "GET /Jurek/kinghoff/feeds/kinghoff_kauflandsk.xml HTTP/2.0" 200 15437535 "-" "-"
51.77.52.107 - - [11/Apr/2025:05:44:25 +0200] "GET /Jurek/eurofirany/images/466454/0.jpg HTTP/2.0" 200 140547 "-" "baselinker"
46.101.116.244 - - [11/Apr/2025:05:44:33 +0200] "GET /Jurek/kinghome/feeds/kinghome_kauflandsk.xml HTTP/2.0" 200 6023105 "-" "-"
51.77.52.107 - - [11/Apr/2025:05:44:36 +0200] "GET /Jurek/eurofirany/images/466454/0.jpg HTTP/2.0" 200 140547 "-" "baselinker"
51.77.52.107 - - [11/Apr/2025:05:44:56 +0200] "GET /Jurek/eurofirany/images/466455/0.jpg HTTP/2.0" 200 103752 "-" "baselinker"
46.101.116.244 - - [11/Apr/2025:05:45:09 +0200] "GET /Jurek/octopia/feeds/octopia_kauflandsk.xml HTTP/2.0" 200 10103788 "-" "-"
51.77.52.107 - - [11/Apr/2025:05:45:13 +0200] "GET /Jurek/eurofirany/images/466455/0.jpg HTTP/2.0" 200 103752 "-" "baselinker"
46.101.116.244 - - [11/Apr/2025:05:45:21 +0200] "GET /Jurek/rovicky/feeds/rovicky_kauflandsk.xml HTTP/2.0" 200 15094542 "-" "-"
51.77.52.107 - - [11/Apr/2025:05:45:31 +0200] "GET /Jurek/eurofirany/images/466455/0.jpg HTTP/2.0" 200 103752 "-" "baselinker"
46.101.116.244 - - [11/Apr/2025:05:45:32 +0200] "GET /Jurek/stema/feeds/stema_kauflandsk.xml HTTP/2.0" 200 851742 "-" "-"
51.77.52.107 - - [11/Apr/2025:05:45:42 +0200] "GET /Jurek/eurofirany/images/463559/0.jpg HTTP/2.0" 200 121705 "-" "baselinker"
46.101.116.244 - - [11/Apr/2025:05:45:42 +0200] "GET /Jurek/twm/feeds/twm-kauflandsk.xml HTTP/2.0" 200 2371806 "-" "-"
46.101.116.244 - - [11/Apr/2025:05:45:54 +0200] "GET /Jurek/unimet/feeds/unimet_kauflandsk.xml HTTP/2.0" 200 60467377 "-" "-"
46.101.116.244 - - [11/Apr/2025:05:45:59 +0200] "GET /Jurek/vivaldi/feeds/vivaldi_kauflandsk.xml HTTP/2.0" 200 344646 "-" "-"
51.77.52.107 - - [11/Apr/2025:05:45:59 +0200] "GET /Jurek/eurofirany/images/463559/0.jpg HTTP/2.0" 200 121705 "-" "baselinker"
66.135.223.42 - - [11/Apr/2025:05:46:05 +0200] "GET /Jurek/topeshop/downloaded_images/5904507209841_Rtv_slim_160_kaszmir(1).jpg HTTP/1.1" 404 3551 "http://www.ebay.com/" "Mozilla/4.0 (compatible; MSIE 4.01; Windows NT)"
66.135.223.44 - - [11/Apr/2025:05:46:05 +0200] "GET /Jurek/topeshop/downloaded_images/5904507209841_RTV160KAMAROKASZMIRSLIMKPL_5.jpg HTTP/1.1" 404 3551 "http://www.ebay.com/" "Mozilla/4.0 (compatible; MSIE 4.01; Windows NT)"
66.135.223.42 - - [11/Apr/2025:05:46:05 +0200] "GET /Jurek/topeshop/downloaded_images/5904507209841_RTV160KAMAROKASZMIRSLIMKPL_1.jpg HTTP/1.1" 404 3551 "http://www.ebay.com/" "Mozilla/4.0 (compatible; MSIE 4.01; Windows NT)"
66.135.223.44 - - [11/Apr/2025:05:46:05 +0200] "GET /Jurek/topeshop/downloaded_images/5904507209841_RTV160KAMAROKASZMIRSLIMKPL_4.jpg HTTP/1.1" 404 3551 "http://www.ebay.com/" "Mozilla/4.0 (compatible; MSIE 4.01; Windows NT)"
66.135.223.43 - - [11/Apr/2025:05:46:05 +0200] "GET /Jurek/topeshop/downloaded_images/5904507209841_Rtv_slim_160_kaszmir-(3).jpg HTTP/1.1" 404 3551 "http://www.ebay.com/" "Mozilla/4.0 (compatible; MSIE 4.01; Windows NT)"
66.135.223.42 - - [11/Apr/2025:05:46:05 +0200] "GET /Jurek/topeshop/downloaded_images/5904507209841_RTV160KAMAROKASZMIRSLIMKPL_2.jpg HTTP/1.1" 404 3551 "http://www.ebay.com/" "Mozilla/4.0 (compatible; MSIE 4.01; Windows NT)"
66.135.223.43 - - [11/Apr/2025:05:46:05 +0200] "GET /Jurek/topeshop/downloaded_images/5904507209841_RTV160KAMAROKASZMIRSLIMKPL_3.jpg HTTP/1.1" 404 3551 "http://www.ebay.com/" "Mozilla/4.0 (compatible; MSIE 4.01; Windows NT)"
66.135.223.40 - - [11/Apr/2025:05:46:05 +0200] "GET /Jurek/topeshop/downloaded_images/5904507209841_Rtv_slim_160_kaszmir-(1).jpg HTTP/1.1" 404 3551 "http://www.ebay.com/" "Mozilla/4.0 (compatible; MSIE 4.01; Windows NT)"
66.135.223.40 - - [11/Apr/2025:05:46:05 +0200] "GET /Jurek/topeshop/downloaded_images/5904507209841_wymiarytv160kamaro.jpg HTTP/1.1" 404 3551 "http://www.ebay.com/" "Mozilla/4.0 (compatible; MSIE 4.01; Windows NT)"
51.77.52.107 - - [11/Apr/2025:05:46:16 +0200] "GET /Jurek/eurofirany/images/463559/0.jpg HTTP/2.0" 200 121705 "-" "baselinker"
46.101.116.244 - - [11/Apr/2025:05:46:17 +0200] "GET /Jurek/vidaSK/feeds/vida_kaufland.xml HTTP/2.0" 200 648358388 "-" "-"
46.101.116.244 - - [11/Apr/2025:05:46:20 +0200] "GET /Jurek/aw/feeds/aw_fnacfr.xml HTTP/1.0" 404 3551 "-" "-"
51.77.52.107 - - [11/Apr/2025:05:46:37 +0200] "GET /Jurek/eurofirany/images/463502/0.jpg HTTP/2.0" 200 129917 "-" "baselinker"
89.161.206.59 - - [11/Apr/2025:05:46:48 +0200] "GET /Jurek/benetech/feeds/benetech_skroutz.xml HTTP/1.0" 200 2689624 "-" "-"
51.77.52.107 - - [11/Apr/2025:05:46:51 +0200] "GET /Jurek/eurofirany/images/463502/0.jpg HTTP/2.0" 200 129917 "-" "baselinker"
46.101.116.244 - - [11/Apr/2025:05:47:07 +0200] "GET /Jurek/madrex/feeds/madrex_kauflandde.xml HTTP/2.0" 200 466693 "-" "-"
51.77.52.107 - - [11/Apr/2025:05:47:11 +0200] "GET /Jurek/eurofirany/images/463502/0.jpg HTTP/2.0" 200 129917 "-" "baselinker"
51.77.52.107 - - [11/Apr/2025:05:47:17 +0200] "GET /Jurek/eurofirany/images/463503/0.jpg HTTP/2.0" 200 136518 "-" "baselinker"
46.101.116.244 - - [11/Apr/2025:05:47:18 +0200] "GET /Jurek/hurtmeblowy/feeds/hurtmeblowy_kauflandde.xml HTTP/2.0" 200 7523755 "-" "-"
51.77.52.107 - - [11/Apr/2025:05:47:23 +0200] "GET /Jurek/eurofirany/images/463503/0.jpg HTTP/2.0" 200 136518 "-" "baselinker"
51.77.52.107 - - [11/Apr/2025:05:47:29 +0200] "GET /Jurek/eurofirany/images/463503/0.jpg HTTP/2.0" 200 136518 "-" "baselinker"
46.101.116.244 - - [11/Apr/2025:05:47:29 +0200] "GET /Jurek/kobi/feeds/kobi_kauflandde.xml HTTP/2.0" 200 942990 "-" "-"
46.101.116.244 - - [11/Apr/2025:05:47:40 +0200] "GET /Jurek/matkam/feeds/matkam_kauflandde.xml HTTP/2.0" 200 4425473 "-" "-"
51.77.52.107 - - [11/Apr/2025:05:47:46 +0200] "GET /Jurek/eurofirany/images/463507/0.jpg HTTP/2.0" 200 142910 "-" "baselinker"
46.101.116.244 - - [11/Apr/2025:05:47:51 +0200] "GET /Jurek/action/feeds/action_kauflandde.xml HTTP/2.0" 200 60201715 "-" "-"
89.161.206.59 - - [11/Apr/2025:05:47:52 +0200] "GET /Jurek/swiatecznygoliat/feeds/swiatecznygoliat_skroutz.xml HTTP/1.0" 200 7054430 "-" "-"
51.77.52.107 - - [11/Apr/2025:05:47:53 +0200] "GET /Jurek/eurofirany/images/463507/0.jpg HTTP/2.0" 200 142910 "-" "baselinker"
51.77.52.107 - - [11/Apr/2025:05:48:01 +0200] "GET /Jurek/eurofirany/images/463507/0.jpg HTTP/2.0" 200 142910 "-" "baselinker"
51.77.52.107 - - [11/Apr/2025:05:48:06 +0200] "GET /Jurek/eurofirany/images/463510/0.jpg HTTP/2.0" 200 158812 "-" "baselinker"
51.77.52.107 - - [11/Apr/2025:05:48:14 +0200] "GET /Jurek/eurofirany/images/463510/0.jpg HTTP/2.0" 200 158812 "-" "baselinker"
51.77.52.107 - - [11/Apr/2025:05:48:34 +0200] "GET /Jurek/eurofirany/images/463510/0.jpg HTTP/2.0" 200 158812 "-" "baselinker"
51.77.52.107 - - [11/Apr/2025:05:48:40 +0200] "GET /Jurek/eurofirany/images/463512/0.jpg HTTP/2.0" 200 132589 "-" "baselinker"
51.77.52.107 - - [11/Apr/2025:05:48:45 +0200] "GET /Jurek/eurofirany/images/463512/0.jpg HTTP/2.0" 200 132589 "-" "baselinker"
51.77.52.107 - - [11/Apr/2025:05:49:05 +0200] "GET /Jurek/eurofirany/images/463512/0.jpg HTTP/2.0" 200 132589 "-" "baselinker"
46.101.116.244 - - [11/Apr/2025:05:49:13 +0200] "GET /Jurek/eurofirany/feeds/eurofirany_erli.xml HTTP/1.0" 200 19349952 "-" "-"
51.77.52.107 - - [11/Apr/2025:05:49:20 +0200] "GET /Jurek/eurofirany/images/463515/0.jpg HTTP/2.0" 200 112541 "-" "baselinker"
51.77.52.107 - - [11/Apr/2025:05:49:27 +0200] "GET /Jurek/eurofirany/images/463515/0.jpg HTTP/2.0" 200 112541 "-" "baselinker"
46.101.116.244 - - [11/Apr/2025:05:49:30 +0200] "GET /Jurek/kinghoff/feeds/kinghoff_kauflandde.xml HTTP/2.0" 200 15437532 "-" "-"
51.77.52.107 - - [11/Apr/2025:05:49:36 +0200] "GET /Jurek/eurofirany/images/463515/0.jpg HTTP/2.0" 200 112541 "-" "baselinker"
51.77.52.107 - - [11/Apr/2025:05:49:42 +0200] "GET /Jurek/eurofirany/images/463516/0.jpg HTTP/2.0" 200 138916 "-" "baselinker"
51.77.52.107 - - [11/Apr/2025:05:49:55 +0200] "GET /Jurek/eurofirany/images/463516/0.jpg HTTP/2.0" 200 138916 "-" "baselinker"
46.101.116.244 - - [11/Apr/2025:05:49:57 +0200] "GET /Jurek/unimet/feeds/unimet_kauflandde.xml HTTP/2.0" 200 60466823 "-" "-"
51.77.52.107 - - [11/Apr/2025:05:50:02 +0200] "GET /Jurek/eurofirany/images/463516/0.jpg HTTP/2.0" 200 138916 "-" "baselinker"
51.77.52.107 - - [11/Apr/2025:05:50:07 +0200] "GET /Jurek/eurofirany/images/463517/0.jpg HTTP/2.0" 200 120079 "-" "baselinker"
51.77.52.107 - - [11/Apr/2025:05:50:14 +0200] "GET /Jurek/eurofirany/images/463517/0.jpg HTTP/2.0" 200 120079 "-" "baselinker"
51.77.52.107 - - [11/Apr/2025:05:50:22 +0200] "GET /Jurek/eurofirany/images/463517/0.jpg HTTP/2.0" 200 120079 "-" "baselinker"
51.77.52.107 - - [11/Apr/2025:05:50:29 +0200] "GET /Jurek/eurofirany/images/463518/0.jpg HTTP/2.0" 200 144218 "-" "baselinker"
51.77.52.107 - - [11/Apr/2025:05:50:42 +0200] "GET /Jurek/eurofirany/images/463518/0.jpg HTTP/2.0" 200 144218 "-" "baselinker"
89.161.206.59 - - [11/Apr/2025:05:50:42 +0200] "GET /Jurek/oromed/feeds/oromed_skroutz.xml HTTP/1.0" 200 1073907 "-" "-"
89.161.206.59 - - [11/Apr/2025:05:50:43 +0200] "GET /Jurek/ralmetal/feeds/ralmetal_skroutz.xml HTTP/1.0" 200 1808605 "-" "-"
89.161.206.59 - - [11/Apr/2025:05:50:53 +0200] "GET /Jurek/narzbud/feeds/narzbud_skroutz.xml HTTP/1.0" 200 1901243 "-" "-"
89.161.206.59 - - [11/Apr/2025:05:50:53 +0200] "GET /Jurek/drops/feeds/dropsofficecolection_skroutz.xml HTTP/1.0" 200 790587 "-" "-"
89.161.206.59 - - [11/Apr/2025:05:50:53 +0200] "GET /Jurek/szpaklampy/feeds/szpaklampy_skroutz.xml HTTP/1.0" 200 388214 "-" "-"
51.77.52.107 - - [11/Apr/2025:05:51:02 +0200] "GET /Jurek/eurofirany/images/463518/0.jpg HTTP/2.0" 200 144218 "-" "baselinker"
89.161.206.59 - - [11/Apr/2025:05:51:10 +0200] "GET /Jurek/spali/feeds/spali_skroutz.xml HTTP/1.0" 200 77055 "-" "-"
89.161.206.59 - - [11/Apr/2025:05:51:10 +0200] "GET /Jurek/galopi/feeds/galopi_skroutz.xml HTTP/1.0" 200 2111077 "-" "-"
51.77.52.107 - - [11/Apr/2025:05:51:10 +0200] "GET /Jurek/eurofirany/images/463520/0.jpg HTTP/2.0" 200 112165 "-" "baselinker"
89.161.206.59 - - [11/Apr/2025:05:51:10 +0200] "GET /Jurek/combine/feeds/combine_skroutz.xml HTTP/1.0" 200 210551 "-" "-"
89.161.206.59 - - [11/Apr/2025:05:51:10 +0200] "GET /Jurek/eurofryz/feeds/eurofryz_skroutz.xml HTTP/1.0" 200 1381541 "-" "-"
89.161.206.59 - - [11/Apr/2025:05:51:14 +0200] "GET /Jurek/velinda/feeds/velinda_skroutz.xml HTTP/1.0" 200 23449 "-" "-"
89.161.206.59 - - [11/Apr/2025:05:51:15 +0200] "GET /Jurek/erohurtownia/feeds/erohurtownia_skroutz.xml HTTP/1.0" 200 22846489 "-" "-"
89.161.206.59 - - [11/Apr/2025:05:51:16 +0200] "GET /Jurek/reman/feeds/reman_skroutz.xml HTTP/1.0" 200 1394828 "-" "-"
89.161.206.59 - - [11/Apr/2025:05:51:17 +0200] "GET /Jurek/urwiskowo/feeds/urwiskowo_skroutz.xml HTTP/1.0" 200 9114918 "-" "-"
51.77.52.107 - - [11/Apr/2025:05:51:17 +0200] "GET /Jurek/eurofirany/images/463520/0.jpg HTTP/2.0" 200 112165 "-" "baselinker"
51.77.52.107 - - [11/Apr/2025:05:51:20 +0200] "GET /Jurek/eurofirany/images/463520/0.jpg HTTP/2.0" 200 112165 "-" "baselinker"
51.77.52.107 - - [11/Apr/2025:05:51:25 +0200] "GET /Jurek/eurofirany/images/463522/0.jpg HTTP/2.0" 200 131914 "-" "baselinker"
51.77.52.107 - - [11/Apr/2025:05:51:37 +0200] "GET /Jurek/eurofirany/images/463522/0.jpg HTTP/2.0" 200 131914 "-" "baselinker"
51.77.52.107 - - [11/Apr/2025:05:51:39 +0200] "GET /Jurek/eurofirany/images/463522/0.jpg HTTP/2.0" 200 131914 "-" "baselinker"
51.77.52.107 - - [11/Apr/2025:05:51:47 +0200] "GET /Jurek/eurofirany/images/463741/0.jpg HTTP/2.0" 200 66813 "-" "baselinker"
51.77.52.107 - - [11/Apr/2025:05:51:56 +0200] "GET /Jurek/eurofirany/images/463741/0.jpg HTTP/2.0" 200 66813 "-" "baselinker"
51.77.52.107 - - [11/Apr/2025:05:52:01 +0200] "GET /Jurek/eurofirany/images/463741/0.jpg HTTP/2.0" 200 66813 "-" "baselinker"
51.77.52.107 - - [11/Apr/2025:05:52:04 +0200] "GET /Jurek/eurofirany/images/463809/0.jpg HTTP/2.0" 200 77653 "-" "baselinker"
46.101.116.244 - - [11/Apr/2025:05:52:10 +0200] "GET /Jurek/hurtownia_przemyslowa/feeds/hp_kaufde.xml HTTP/2.0" 200 49360819 "-" "-"
