51.77.52.107 - - [11/Apr/2025:08:36:35 +0200] "GET /Jurek/eurofirany/images/383287/0.jpg HTTP/2.0" 200 75036 "-" "baselinker"
51.77.52.107 - - [11/Apr/2025:08:36:39 +0200] "GET /Jurek/eurofirany/images/383287/0.jpg HTTP/2.0" 200 75036 "-" "baselinker"
46.101.116.244 - - [11/Apr/2025:08:36:40 +0200] "GET /Jurek/hurtownia_przemyslowa/feeds/hp_fnacfr.xml HTTP/1.0" 200 49362757 "-" "-"
89.161.206.59 - - [11/Apr/2025:08:36:47 +0200] "GET /Jurek/muminky/feeds/muminky_cdsc.xml HTTP/1.0" 200 2935905 "-" "-"
89.161.206.59 - - [11/Apr/2025:08:36:48 +0200] "GET /Jurek/nexus/feeds/nexus_cdsc.xml HTTP/1.0" 200 325919 "-" "-"
89.161.206.59 - - [11/Apr/2025:08:36:49 +0200] "GET /Jurek/tsjerzy/feeds/tsjerzy_cdsc.xml HTTP/1.0" 200 4383203 "-" "-"
51.77.52.107 - - [11/Apr/2025:08:36:57 +0200] "GET /Jurek/eurofirany/images/383326/0.jpg HTTP/2.0" 200 93037 "-" "baselinker"
51.77.52.107 - - [11/Apr/2025:08:37:11 +0200] "GET /Jurek/eurofirany/images/383326/0.jpg HTTP/2.0" 200 93037 "-" "baselinker"
46.101.116.244 - - [11/Apr/2025:08:37:16 +0200] "GET /Jurek/kokiska/feeds/kokiska_allegro.xml HTTP/1.0" 200 11816387 "-" "-"
216.113.184.103 - - [11/Apr/2025:08:37:18 +0200] "GET /Jurek/topeshop/downloaded_images/5904507200589_1.jpg HTTP/1.1" 200 25667 "-" "Java/17.0.13.0.101"
46.101.116.244 - - [11/Apr/2025:08:37:19 +0200] "GET /Jurek/vivaldi/feeds/vivaldi_allegro.xml HTTP/1.0" 200 344685 "-" "-"
51.77.52.107 - - [11/Apr/2025:08:37:20 +0200] "GET /Jurek/eurofirany/images/383326/0.jpg HTTP/2.0" 200 93037 "-" "baselinker"
51.77.52.107 - - [11/Apr/2025:08:37:34 +0200] "GET /Jurek/eurofirany/images/383327/0.jpg HTTP/2.0" 200 82449 "-" "baselinker"
193.33.8.61 - - [11/Apr/2025:08:37:41 +0200] "GET /Jurek/aiofactory/feeds/aiofactory_kauflandde.xml HTTP/2.0" 200 2123787 "https://konsola.dkkapusta1997.usermd.net/" "Mozilla/5.0 (Windows NT 10.0; Win64; x64) AppleWebKit/537.36 (KHTML, like Gecko) Chrome/135.0.0.0 Safari/537.36"
51.77.52.107 - - [11/Apr/2025:08:37:49 +0200] "GET /Jurek/eurofirany/images/383327/0.jpg HTTP/2.0" 200 82449 "-" "baselinker"
51.77.52.107 - - [11/Apr/2025:08:37:54 +0200] "GET /Jurek/eurofirany/images/383327/0.jpg HTTP/2.0" 200 82449 "-" "baselinker"
51.77.52.107 - - [11/Apr/2025:08:38:00 +0200] "GET /Jurek/eurofirany/images/383328/0.jpg HTTP/2.0" 200 82449 "-" "baselinker"
51.77.52.107 - - [11/Apr/2025:08:38:22 +0200] "GET /Jurek/eurofirany/images/383328/0.jpg HTTP/2.0" 200 82449 "-" "baselinker"
193.33.8.61 - - [11/Apr/2025:08:38:31 +0200] "GET /Jurek/matkam/feeds/matkam_kauflandde.xml HTTP/2.0" 200 4425473 "https://konsola.dkkapusta1997.usermd.net/" "Mozilla/5.0 (Windows NT 10.0; Win64; x64) AppleWebKit/537.36 (KHTML, like Gecko) Chrome/135.0.0.0 Safari/537.36"
51.77.52.107 - - [11/Apr/2025:08:38:39 +0200] "GET /Jurek/eurofirany/images/383328/0.jpg HTTP/2.0" 200 82449 "-" "baselinker"
51.77.52.107 - - [11/Apr/2025:08:39:00 +0200] "GET /Jurek/eurofirany/images/383332/0.jpg HTTP/2.0" 200 76845 "-" "baselinker"
51.77.52.107 - - [11/Apr/2025:08:39:17 +0200] "GET /Jurek/eurofirany/images/383332/0.jpg HTTP/2.0" 200 76845 "-" "baselinker"
51.77.52.107 - - [11/Apr/2025:08:39:25 +0200] "GET /Jurek/eurofirany/images/383332/0.jpg HTTP/2.0" 200 76845 "-" "baselinker"
51.77.52.107 - - [11/Apr/2025:08:39:31 +0200] "GET /Jurek/eurofirany/images/383346/0.jpg HTTP/2.0" 200 67002 "-" "baselinker"
51.77.52.107 - - [11/Apr/2025:08:39:49 +0200] "GET /Jurek/eurofirany/images/383346/0.jpg HTTP/2.0" 200 67002 "-" "baselinker"
46.101.116.244 - - [11/Apr/2025:08:40:06 +0200] "GET /Jurek/chemex/feeds/chemex_empik.xml HTTP/1.0" 200 47822490 "-" "-"
51.77.52.107 - - [11/Apr/2025:08:40:08 +0200] "GET /Jurek/eurofirany/images/383346/0.jpg HTTP/2.0" 200 67002 "-" "baselinker"
66.249.64.165 - - [11/Apr/2025:08:40:24 +0200] "GET /robots.txt HTTP/1.1" 404 3551 "-" "Mozilla/5.0 (compatible; Googlebot/2.1; +http://www.google.com/bot.html)"
66.249.64.166 - - [11/Apr/2025:08:40:25 +0200] "GET /Jurek/eurofirany/images/423202/0.jpg HTTP/1.1" 200 0 "-" "Googlebot-Image/1.0"
51.77.52.107 - - [11/Apr/2025:08:40:28 +0200] "GET /Jurek/eurofirany/images/383347/0.jpg HTTP/2.0" 200 66982 "-" "baselinker"
89.161.206.59 - - [11/Apr/2025:08:40:35 +0200] "GET /Jurek/bass/feeds/bass_amazonfr.xml HTTP/1.0" 200 3984422 "-" "-"
89.161.206.59 - - [11/Apr/2025:08:40:35 +0200] "GET /Jurek/bass/feeds/bass_amazonit.xml HTTP/1.0" 200 3984500 "-" "-"
89.161.206.59 - - [11/Apr/2025:08:40:35 +0200] "GET /Jurek/bass/feeds/bass_amazonnl.xml HTTP/1.0" 200 3984390 "-" "-"
89.161.206.59 - - [11/Apr/2025:08:40:36 +0200] "GET /Jurek/bass/feeds/bass_amazones.xml HTTP/1.0" 200 3984501 "-" "-"
89.161.206.59 - - [11/Apr/2025:08:40:36 +0200] "GET /Jurek/bass/feeds/bass_amazonse.xml HTTP/1.0" 200 3986206 "-" "-"
51.77.52.107 - - [11/Apr/2025:08:40:43 +0200] "GET /Jurek/eurofirany/images/383347/0.jpg HTTP/2.0" 200 66982 "-" "baselinker"
89.161.206.59 - - [11/Apr/2025:08:40:46 +0200] "GET /Jurek/kambukka/feeds/kambukka_amazonfr.xml HTTP/1.0" 200 1021381 "-" "-"
89.161.206.59 - - [11/Apr/2025:08:40:46 +0200] "GET /Jurek/kambukka/feeds/kambukka_amazonit.xml HTTP/1.0" 200 1021383 "-" "-"
89.161.206.59 - - [11/Apr/2025:08:40:46 +0200] "GET /Jurek/kambukka/feeds/kambukka_amazones.xml HTTP/1.0" 200 1021375 "-" "-"
89.161.206.59 - - [11/Apr/2025:08:40:46 +0200] "GET /Jurek/kambukka/feeds/kambukka_amazonnl.xml HTTP/1.0" 200 1021377 "-" "-"
89.161.206.59 - - [11/Apr/2025:08:40:46 +0200] "GET /Jurek/kambukka/feeds/kambukka_amazonse.xml HTTP/1.0" 200 1021506 "-" "-"
89.161.206.59 - - [11/Apr/2025:08:40:47 +0200] "GET /Jurek/hdwr/feeds/hdwr_amazonse.xml HTTP/1.0" 200 789686 "-" "-"
51.77.52.107 - - [11/Apr/2025:08:40:49 +0200] "GET /Jurek/eurofirany/images/383347/0.jpg HTTP/2.0" 200 66982 "-" "baselinker"
51.77.52.107 - - [11/Apr/2025:08:40:55 +0200] "GET /Jurek/eurofirany/images/383352/0.jpg HTTP/2.0" 200 79685 "-" "baselinker"
89.161.206.59 - - [11/Apr/2025:08:40:59 +0200] "GET /Jurek/sportprise/feeds/sportprise_amazonde.xml HTTP/1.0" 200 11782257 "-" "-"
157.55.39.63 - - [11/Apr/2025:08:41:10 +0200] "GET /Jurek/topeshop/downloaded_images/5902838467558_RIVA-SZAFKA-ARTISAN1.jpg HTTP/2.0" 200 59515 "-" "Mozilla/5.0 AppleWebKit/537.36 (KHTML, like Gecko; compatible; bingbot/2.0; +http://www.bing.com/bingbot.htm) Chrome/116.0.1938.76 Safari/537.36"
51.77.52.107 - - [11/Apr/2025:08:41:15 +0200] "GET /Jurek/eurofirany/images/383352/0.jpg HTTP/2.0" 200 79685 "-" "baselinker"
51.77.52.107 - - [11/Apr/2025:08:41:36 +0200] "GET /Jurek/eurofirany/images/383352/0.jpg HTTP/2.0" 200 79685 "-" "baselinker"
51.77.52.107 - - [11/Apr/2025:08:41:39 +0200] "GET /Jurek/eurofirany/images/383340/0.jpg HTTP/2.0" 200 73555 "-" "baselinker"
3.74.7.74 - - [11/Apr/2025:08:41:41 +0200] "GET /Jurek/topeshop/downloaded_images/5904507209056_Bry%C5%82a_kaszmir_20st0005.jpg HTTP/2.0" 200 31618 "-" "Mozilla/5.0 (Windows NT 10.0; Win64; x64) AppleWebKit/537.36 (KHTML, like Gecko) Chrome/109.0.0.0 Safari/537.36"
46.101.116.244 - - [11/Apr/2025:08:41:54 +0200] "GET /Jurek/aw/feeds/aw_fnacfr.xml HTTP/1.0" 404 3551 "-" "-"
51.77.52.107 - - [11/Apr/2025:08:41:55 +0200] "GET /Jurek/eurofirany/images/383340/0.jpg HTTP/2.0" 200 73555 "-" "baselinker"
89.161.206.59 - - [11/Apr/2025:08:41:59 +0200] "GET /Jurek/cenoman/feeds/cenoman_cdsc.xml HTTP/1.0" 200 4589305 "-" "-"
51.77.52.107 - - [11/Apr/2025:08:42:28 +0200] "GET /Jurek/eurofirany/images/383340/0.jpg HTTP/2.0" 200 73555 "-" "baselinker"
51.77.52.107 - - [11/Apr/2025:08:42:42 +0200] "GET /Jurek/eurofirany/images/383343/0.jpg HTTP/2.0" 200 73555 "-" "baselinker"
89.161.206.59 - - [11/Apr/2025:08:42:43 +0200] "GET /Jurek/proparts/feeds/proparts_emagro.xml HTTP/1.0" 200 707608 "-" "-"
89.161.206.59 - - [11/Apr/2025:08:42:43 +0200] "GET /Jurek/cdata/feeds/cdata_emagro.xml HTTP/1.0" 200 1445601 "-" "-"
193.33.8.61 - - [11/Apr/2025:08:42:58 +0200] "GET /Jurek/bass_new/output.txt HTTP/2.0" 200 110219 "https://konsola.dkkapusta1997.usermd.net/" "Mozilla/5.0 (Windows NT 10.0; Win64; x64) AppleWebKit/537.36 (KHTML, like Gecko) Chrome/135.0.0.0 Safari/537.36"
51.77.52.107 - - [11/Apr/2025:08:42:59 +0200] "GET /Jurek/eurofirany/images/383343/0.jpg HTTP/2.0" 200 73555 "-" "baselinker"
213.177.0.82 - - [11/Apr/2025:08:43:01 +0200] "GET /Jurek/eurofirany/images/321435/1.jpg HTTP/2.0" 200 73950 "https://www.emag.ro/ready-lucy-perdea-pe-banda-300x160-cm-alba-eurofirany-321435/pd/DSKH8LMBM/?ref=fam" "Mozilla/5.0 (Windows NT 10.0; Win64; x64) AppleWebKit/537.36 (KHTML, like Gecko) Chrome/135.0.0.0 Safari/537.36"
213.177.0.82 - - [11/Apr/2025:08:43:01 +0200] "GET /Jurek/eurofirany/images/321435/2.jpg HTTP/2.0" 200 37923 "https://www.emag.ro/ready-lucy-perdea-pe-banda-300x160-cm-alba-eurofirany-321435/pd/DSKH8LMBM/?ref=fam" "Mozilla/5.0 (Windows NT 10.0; Win64; x64) AppleWebKit/537.36 (KHTML, like Gecko) Chrome/135.0.0.0 Safari/537.36"
213.177.0.82 - - [11/Apr/2025:08:43:01 +0200] "GET /Jurek/eurofirany/images/321435/3.jpg HTTP/2.0" 200 44625 "https://www.emag.ro/ready-lucy-perdea-pe-banda-300x160-cm-alba-eurofirany-321435/pd/DSKH8LMBM/?ref=fam" "Mozilla/5.0 (Windows NT 10.0; Win64; x64) AppleWebKit/537.36 (KHTML, like Gecko) Chrome/135.0.0.0 Safari/537.36"
213.177.0.82 - - [11/Apr/2025:08:43:01 +0200] "GET /Jurek/eurofirany/images/321435/4.jpg HTTP/2.0" 200 69396 "https://www.emag.ro/ready-lucy-perdea-pe-banda-300x160-cm-alba-eurofirany-321435/pd/DSKH8LMBM/?ref=fam" "Mozilla/5.0 (Windows NT 10.0; Win64; x64) AppleWebKit/537.36 (KHTML, like Gecko) Chrome/135.0.0.0 Safari/537.36"
213.177.0.82 - - [11/Apr/2025:08:43:01 +0200] "GET /Jurek/eurofirany/images/321435/5.jpg HTTP/2.0" 200 37840 "https://www.emag.ro/ready-lucy-perdea-pe-banda-300x160-cm-alba-eurofirany-321435/pd/DSKH8LMBM/?ref=fam" "Mozilla/5.0 (Windows NT 10.0; Win64; x64) AppleWebKit/537.36 (KHTML, like Gecko) Chrome/135.0.0.0 Safari/537.36"
51.77.52.107 - - [11/Apr/2025:08:43:17 +0200] "GET /Jurek/eurofirany/images/383343/0.jpg HTTP/2.0" 200 73555 "-" "baselinker"
40.77.167.144 - - [11/Apr/2025:08:43:21 +0200] "GET /Filip/feeds/ HTTP/2.0" 200 633 "-" "Mozilla/5.0 AppleWebKit/537.36 (KHTML, like Gecko; compatible; bingbot/2.0; +http://www.bing.com/bingbot.htm) Chrome/116.0.1938.76 Safari/537.36"
157.55.39.63 - - [11/Apr/2025:08:43:41 +0200] "GET /Filip/aukro_magazyn.csv HTTP/2.0" 200 99947 "-" "Mozilla/5.0 AppleWebKit/537.36 (KHTML, like Gecko; compatible; bingbot/2.0; +http://www.bing.com/bingbot.htm) Chrome/116.0.1938.76 Safari/537.36"
51.77.52.107 - - [11/Apr/2025:08:43:44 +0200] "GET /Jurek/eurofirany/images/383354/0.jpg HTTP/2.0" 200 79703 "-" "baselinker"
51.77.52.107 - - [11/Apr/2025:08:44:00 +0200] "GET /Jurek/eurofirany/images/383354/0.jpg HTTP/2.0" 200 79703 "-" "baselinker"
193.33.8.61 - - [11/Apr/2025:08:44:09 +0200] "GET /Jurek/bass_new/feeds/bass_kauflandde.xml HTTP/2.0" 200 7040575 "https://konsola.dkkapusta1997.usermd.net/" "Mozilla/5.0 (Windows NT 10.0; Win64; x64) AppleWebKit/537.36 (KHTML, like Gecko) Chrome/135.0.0.0 Safari/537.36"
51.77.52.107 - - [11/Apr/2025:08:44:17 +0200] "GET /Jurek/eurofirany/images/383354/0.jpg HTTP/2.0" 200 79703 "-" "baselinker"
61.8.154.220 - - [11/Apr/2025:08:44:18 +0200] "GET /Jurek/topeshop/downloaded_images/5904507209650_20_R60_kaszmir.jpg HTTP/2.0" 200 25326 "-" "Mozilla/5.0 (iPhone; CPU iPhone OS 18_3_2 like Mac OS X) AppleWebKit/605.1.15 (KHTML, like Gecko) Mobile/15E148"
51.77.52.107 - - [11/Apr/2025:08:44:20 +0200] "GET /Jurek/eurofirany/images/383348/0.jpg HTTP/2.0" 200 67932 "-" "baselinker"
40.77.167.144 - - [11/Apr/2025:08:44:21 +0200] "GET /Filip/Rovicky/ HTTP/2.0" 200 574 "-" "Mozilla/5.0 AppleWebKit/537.36 (KHTML, like Gecko; compatible; bingbot/2.0; +http://www.bing.com/bingbot.htm) Chrome/116.0.1938.76 Safari/537.36"
51.77.52.107 - - [11/Apr/2025:08:44:42 +0200] "GET /Jurek/eurofirany/images/383348/0.jpg HTTP/2.0" 200 67932 "-" "baselinker"
51.77.52.107 - - [11/Apr/2025:08:44:49 +0200] "GET /Jurek/eurofirany/images/383348/0.jpg HTTP/2.0" 200 67932 "-" "baselinker"
51.77.52.107 - - [11/Apr/2025:08:44:55 +0200] "GET /Jurek/eurofirany/images/383355/0.jpg HTTP/2.0" 200 73387 "-" "baselinker"
51.77.52.107 - - [11/Apr/2025:08:45:18 +0200] "GET /Jurek/eurofirany/images/383355/0.jpg HTTP/2.0" 200 73387 "-" "baselinker"
51.77.52.107 - - [11/Apr/2025:08:45:35 +0200] "GET /Jurek/eurofirany/images/383355/0.jpg HTTP/2.0" 200 73387 "-" "baselinker"
51.77.52.107 - - [11/Apr/2025:08:45:59 +0200] "GET /Jurek/eurofirany/images/383349/0.jpg HTTP/2.0" 200 67932 "-" "baselinker"
46.101.116.244 - - [11/Apr/2025:08:46:05 +0200] "GET /Jurek/fernity/feeds/fernity_manomano.xml HTTP/1.0" 200 4796501 "-" "-"
51.77.52.107 - - [11/Apr/2025:08:46:41 +0200] "GET /Jurek/eurofirany/images/383349/0.jpg HTTP/2.0" 200 67932 "-" "baselinker"
18.157.125.26 - - [11/Apr/2025:08:46:47 +0200] "GET /Jurek/topeshop/downloaded_images/5904507204310_2.png HTTP/2.0" 200 186661 "-" "Mozilla/5.0 (Windows NT 10.0; Win64; x64) AppleWebKit/537.36 (KHTML, like Gecko) Chrome/109.0.0.0 Safari/537.36"
51.77.52.107 - - [11/Apr/2025:08:46:53 +0200] "GET /Jurek/eurofirany/images/383349/0.jpg HTTP/2.0" 200 67932 "-" "baselinker"
51.77.52.107 - - [11/Apr/2025:08:46:57 +0200] "GET /Jurek/eurofirany/images/383357/0.jpg HTTP/2.0" 200 73387 "-" "baselinker"
51.77.52.107 - - [11/Apr/2025:08:47:15 +0200] "GET /Jurek/eurofirany/images/383357/0.jpg HTTP/2.0" 200 73387 "-" "baselinker"
51.77.52.107 - - [11/Apr/2025:08:47:21 +0200] "GET /Jurek/eurofirany/images/383357/0.jpg HTTP/2.0" 200 73387 "-" "baselinker"
40.77.167.144 - - [11/Apr/2025:08:47:22 +0200] "GET /mall/cz/ HTTP/2.0" 200 1843 "-" "Mozilla/5.0 AppleWebKit/537.36 (KHTML, like Gecko; compatible; bingbot/2.0; +http://www.bing.com/bingbot.htm) Chrome/116.0.1938.76 Safari/537.36"
46.101.116.244 - - [11/Apr/2025:08:47:22 +0200] "GET /Jurek/eurofirany/feeds/eurofirany_ceneo.xml HTTP/1.0" 200 19350604 "-" "-"
51.77.52.107 - - [11/Apr/2025:08:47:40 +0200] "GET /Jurek/eurofirany/images/383359/0.jpg HTTP/2.0" 200 73387 "-" "baselinker"
51.77.52.107 - - [11/Apr/2025:08:47:49 +0200] "GET /Jurek/eurofirany/images/383359/0.jpg HTTP/2.0" 200 73387 "-" "baselinker"
51.77.52.107 - - [11/Apr/2025:08:48:01 +0200] "GET /Jurek/eurofirany/images/383359/0.jpg HTTP/2.0" 200 73387 "-" "baselinker"
51.77.52.107 - - [11/Apr/2025:08:48:13 +0200] "GET /Jurek/eurofirany/images/383360/0.jpg HTTP/2.0" 200 73385 "-" "baselinker"
51.77.52.107 - - [11/Apr/2025:08:48:29 +0200] "GET /Jurek/eurofirany/images/383360/0.jpg HTTP/2.0" 200 73385 "-" "baselinker"
51.77.52.107 - - [11/Apr/2025:08:48:49 +0200] "GET /Jurek/eurofirany/images/383360/0.jpg HTTP/2.0" 200 73385 "-" "baselinker"
89.161.206.59 - - [11/Apr/2025:08:49:18 +0200] "GET /Jurek/eurofirany/feeds/eurofirany_ebay.xml HTTP/1.0" 200 19238316 "-" "-"
51.77.52.107 - - [11/Apr/2025:08:49:20 +0200] "GET /Jurek/eurofirany/images/383395/0.jpg HTTP/2.0" 200 78770 "-" "baselinker"
51.77.52.107 - - [11/Apr/2025:08:49:26 +0200] "GET /Jurek/eurofirany/images/383395/0.jpg HTTP/2.0" 200 78770 "-" "baselinker"
51.77.52.107 - - [11/Apr/2025:08:49:32 +0200] "GET /Jurek/eurofirany/images/383395/0.jpg HTTP/2.0" 200 78770 "-" "baselinker"
51.77.52.107 - - [11/Apr/2025:08:49:50 +0200] "GET /Jurek/eurofirany/images/383464/0.jpg HTTP/2.0" 200 78770 "-" "baselinker"
51.77.52.107 - - [11/Apr/2025:08:50:08 +0200] "GET /Jurek/eurofirany/images/383464/0.jpg HTTP/2.0" 200 78770 "-" "baselinker"
185.212.107.60 - - [11/Apr/2025:08:50:11 +0200] "GET /Jurek/topeshop/downloaded_images/5902838464113_d79ff9ff4edcbb0d08257d8d7992.jpg HTTP/2.0" 200 36099 "https://itm.ebaydesc.com/" "Mozilla/5.0 (Windows NT 10.0; Win64; x64) AppleWebKit/537.36 (KHTML, like Gecko) Chrome/135.0.0.0 Safari/537.36"
51.77.52.107 - - [11/Apr/2025:08:50:20 +0200] "GET /Jurek/eurofirany/images/383464/0.jpg HTTP/2.0" 200 78770 "-" "baselinker"
5.134.208.158 - - [11/Apr/2025:08:50:20 +0200] "GET /Jurek/eurofirany/images/452759/0.jpg HTTP/1.1" 206 256 "https://www.ceneo.pl" "Mozilla/5.0 (Windows NT 10.0; Win64; x64) AppleWebKit/537.36 (KHTML, like Gecko) Chrome/87.0.4280.141 Safari/537.36"
51.77.52.107 - - [11/Apr/2025:08:50:24 +0200] "GET /Jurek/eurofirany/images/383466/0.jpg HTTP/2.0" 200 78770 "-" "baselinker"
51.77.52.107 - - [11/Apr/2025:08:50:44 +0200] "GET /Jurek/eurofirany/images/383466/0.jpg HTTP/2.0" 200 78770 "-" "baselinker"
51.77.52.107 - - [11/Apr/2025:08:50:50 +0200] "GET /Jurek/eurofirany/images/383466/0.jpg HTTP/2.0" 200 78770 "-" "baselinker"
51.77.52.107 - - [11/Apr/2025:08:50:55 +0200] "GET /Jurek/eurofirany/images/383473/0.jpg HTTP/2.0" 200 69041 "-" "baselinker"
51.77.52.107 - - [11/Apr/2025:08:51:12 +0200] "GET /Jurek/eurofirany/images/383473/0.jpg HTTP/2.0" 200 69041 "-" "baselinker"
46.101.116.244 - - [11/Apr/2025:08:51:18 +0200] "GET /Jurek/aw/feeds/aw_fnacfr.xml HTTP/1.0" 404 3551 "-" "-"
89.161.206.59 - - [11/Apr/2025:08:51:22 +0200] "GET /Jurek/sportprise/feeds/sportprise_cdsc.xml HTTP/1.0" 200 16750672 "-" "-"
89.161.206.59 - - [11/Apr/2025:08:51:23 +0200] "GET /Jurek/princelh/feeds/princelh_cdsc.xml HTTP/1.0" 200 123625 "-" "-"
89.161.206.59 - - [11/Apr/2025:08:51:25 +0200] "GET /Jurek/amzteam/feeds/amzteam_cdsc.xml HTTP/1.0" 200 145385 "-" "-"
51.77.52.107 - - [11/Apr/2025:08:51:30 +0200] "GET /Jurek/eurofirany/images/383473/0.jpg HTTP/2.0" 200 69041 "-" "baselinker"
51.77.52.107 - - [11/Apr/2025:08:51:36 +0200] "GET /Jurek/eurofirany/images/394480/0.jpg HTTP/2.0" 200 213964 "-" "baselinker"
86.124.24.65 - - [11/Apr/2025:08:51:48 +0200] "GET /Jurek/eurofirany/images/325018/1.jpg HTTP/2.0" 200 112182 "https://www.emag.ro/" "Mozilla/5.0 (eMAG/3.38.0 (iPhone14,5; iOS 18.3.2; Alamofire; 1170x2532))"
86.124.24.65 - - [11/Apr/2025:08:51:48 +0200] "GET /Jurek/eurofirany/images/325018/3.jpg HTTP/2.0" 200 165499 "https://www.emag.ro/" "Mozilla/5.0 (eMAG/3.38.0 (iPhone14,5; iOS 18.3.2; Alamofire; 1170x2532))"
86.124.24.65 - - [11/Apr/2025:08:51:48 +0200] "GET /Jurek/eurofirany/images/325018/2.jpg HTTP/2.0" 200 190295 "https://www.emag.ro/" "Mozilla/5.0 (eMAG/3.38.0 (iPhone14,5; iOS 18.3.2; Alamofire; 1170x2532))"
51.77.52.107 - - [11/Apr/2025:08:51:55 +0200] "GET /Jurek/eurofirany/images/394480/0.jpg HTTP/2.0" 200 213964 "-" "baselinker"
51.77.52.107 - - [11/Apr/2025:08:52:12 +0200] "GET /Jurek/eurofirany/images/394480/0.jpg HTTP/2.0" 200 213964 "-" "baselinker"
51.77.52.107 - - [11/Apr/2025:08:52:28 +0200] "GET /Jurek/eurofirany/images/394494/0.jpg HTTP/2.0" 200 187433 "-" "baselinker"
89.161.206.59 - - [11/Apr/2025:08:52:41 +0200] "GET /Jurek/bass_new/feeds/bass_ebayde.xml HTTP/1.0" 200 4806733 "-" "-"
51.77.52.107 - - [11/Apr/2025:08:52:49 +0200] "GET /Jurek/eurofirany/images/394494/0.jpg HTTP/2.0" 200 187433 "-" "baselinker"
51.77.52.107 - - [11/Apr/2025:08:53:03 +0200] "GET /Jurek/eurofirany/images/394494/0.jpg HTTP/2.0" 200 187433 "-" "baselinker"
51.77.52.107 - - [11/Apr/2025:08:53:12 +0200] "GET /Jurek/eurofirany/images/394495/0.jpg HTTP/2.0" 200 225821 "-" "baselinker"
51.77.52.107 - - [11/Apr/2025:08:53:29 +0200] "GET /Jurek/eurofirany/images/394495/0.jpg HTTP/2.0" 200 225821 "-" "baselinker"
51.77.52.107 - - [11/Apr/2025:08:53:41 +0200] "GET /Jurek/eurofirany/images/394495/0.jpg HTTP/2.0" 200 225821 "-" "baselinker"
51.77.52.107 - - [11/Apr/2025:08:53:59 +0200] "GET /Jurek/eurofirany/images/394496/0.jpg HTTP/2.0" 200 196821 "-" "baselinker"
51.77.52.107 - - [11/Apr/2025:08:54:16 +0200] "GET /Jurek/eurofirany/images/394496/0.jpg HTTP/2.0" 200 196821 "-" "baselinker"
51.77.52.107 - - [11/Apr/2025:08:54:28 +0200] "GET /Jurek/eurofirany/images/394496/0.jpg HTTP/2.0" 200 196821 "-" "baselinker"
51.77.52.107 - - [11/Apr/2025:08:54:46 +0200] "GET /Jurek/eurofirany/images/398662/0.jpg HTTP/2.0" 200 66026 "-" "baselinker"
51.77.52.107 - - [11/Apr/2025:08:55:02 +0200] "GET /Jurek/eurofirany/images/398662/0.jpg HTTP/2.0" 200 66026 "-" "baselinker"
51.77.52.107 - - [11/Apr/2025:08:55:12 +0200] "GET /Jurek/eurofirany/images/398662/0.jpg HTTP/2.0" 200 66026 "-" "baselinker"
51.77.52.107 - - [11/Apr/2025:08:55:31 +0200] "GET /Jurek/eurofirany/images/398890/0.jpg HTTP/2.0" 200 79703 "-" "baselinker"
51.77.52.107 - - [11/Apr/2025:08:55:36 +0200] "GET /Jurek/eurofirany/images/398890/0.jpg HTTP/2.0" 200 79703 "-" "baselinker"
51.77.52.107 - - [11/Apr/2025:08:55:52 +0200] "GET /Jurek/eurofirany/images/398890/0.jpg HTTP/2.0" 200 79703 "-" "baselinker"
51.77.52.107 - - [11/Apr/2025:08:56:09 +0200] "GET /Jurek/eurofirany/images/404672/0.jpg HTTP/2.0" 200 59831 "-" "baselinker"
46.101.116.244 - - [11/Apr/2025:08:56:19 +0200] "GET /Jurek/aw/feeds/aw_fnacfr.xml HTTP/1.0" 404 3551 "-" "-"
51.77.52.107 - - [11/Apr/2025:08:56:30 +0200] "GET /Jurek/eurofirany/images/404672/0.jpg HTTP/2.0" 200 59831 "-" "baselinker"
89.161.206.59 - - [11/Apr/2025:08:56:33 +0200] "GET /Jurek/topeshop/feeds/topeshop_ebayDE.xml HTTP/1.0" 200 1965664 "-" "-"
193.33.8.61 - - [11/Apr/2025:08:56:41 +0200] "GET /Jurek/topeshop/output.txt HTTP/2.0" 200 17140 "https://konsola.dkkapusta1997.usermd.net/" "Mozilla/5.0 (Windows NT 10.0; Win64; x64) AppleWebKit/537.36 (KHTML, like Gecko) Chrome/135.0.0.0 Safari/537.36"
51.77.52.107 - - [11/Apr/2025:08:56:52 +0200] "GET /Jurek/eurofirany/images/404672/0.jpg HTTP/2.0" 200 59831 "-" "baselinker"
51.77.52.107 - - [11/Apr/2025:08:57:10 +0200] "GET /Jurek/eurofirany/images/408854/0.jpg HTTP/2.0" 200 138413 "-" "baselinker"
51.77.52.107 - - [11/Apr/2025:08:57:19 +0200] "GET /Jurek/eurofirany/images/408854/0.jpg HTTP/2.0" 200 138413 "-" "baselinker"
51.77.52.107 - - [11/Apr/2025:08:57:31 +0200] "GET /Jurek/eurofirany/images/408854/0.jpg HTTP/2.0" 200 138413 "-" "baselinker"
51.77.52.107 - - [11/Apr/2025:08:57:39 +0200] "GET /Jurek/eurofirany/images/408855/0.jpg HTTP/2.0" 200 126863 "-" "baselinker"
51.77.52.107 - - [11/Apr/2025:08:58:00 +0200] "GET /Jurek/eurofirany/images/408855/0.jpg HTTP/2.0" 200 126863 "-" "baselinker"
193.33.8.61 - - [11/Apr/2025:08:58:12 +0200] "GET /Jurek/lerutrade/feeds/lerutrade_bol.xml HTTP/2.0" 200 82825 "https://konsola.dkkapusta1997.usermd.net/" "Mozilla/5.0 (Windows NT 10.0; Win64; x64) AppleWebKit/537.36 (KHTML, like Gecko) Chrome/135.0.0.0 Safari/537.36"
89.161.206.59 - - [11/Apr/2025:08:58:12 +0200] "GET /Jurek/waks/feeds/waks_allegro.xml HTTP/1.0" 200 1598638 "-" "-"
89.161.206.59 - - [11/Apr/2025:08:58:12 +0200] "GET /Jurek/drops/feeds/dropsofficecolection_allegro.xml HTTP/1.0" 200 790615 "-" "-"
89.161.206.59 - - [11/Apr/2025:08:58:12 +0200] "GET /Jurek/velinda/feeds/velinda_allegro.xml HTTP/1.0" 200 23436 "-" "-"
89.161.206.59 - - [11/Apr/2025:08:58:13 +0200] "GET /Jurek/galopi/feeds/galopi_allegro.xml HTTP/1.0" 200 2111240 "-" "-"
77.79.248.229 - - [11/Apr/2025:08:58:18 +0200] "GET /Jurek/lerutrade/feeds/lerutrade_bol.xml HTTP/1.1" 200 82825 "-" "Python-urllib/3.11"
51.77.52.107 - - [11/Apr/2025:08:58:18 +0200] "GET /Jurek/eurofirany/images/408855/0.jpg HTTP/2.0" 200 126863 "-" "baselinker"
89.161.206.59 - - [11/Apr/2025:08:58:29 +0200] "GET /Jurek/ikonka/feeds/ikonka_ebayde.xml HTTP/1.0" 200 7025757 "-" "-"
89.161.206.59 - - [11/Apr/2025:08:58:31 +0200] "GET /Jurek/aiofactory/feeds/aiofactory_ebayde.xml HTTP/1.0" 200 2123789 "-" "-"
89.161.206.59 - - [11/Apr/2025:08:58:36 +0200] "GET /Jurek/kobi/feeds/kobi_ebayde.xml HTTP/1.0" 200 713607 "-" "-"
51.77.52.107 - - [11/Apr/2025:08:58:37 +0200] "GET /Jurek/eurofirany/images/408879/0.jpg HTTP/2.0" 200 120427 "-" "baselinker"
89.161.206.59 - - [11/Apr/2025:08:58:44 +0200] "GET /Jurek/snibbs/feeds/snibbs_skroutz.xml HTTP/1.0" 200 74399 "-" "-"
89.161.206.59 - - [11/Apr/2025:08:58:53 +0200] "GET /Jurek/globaldeli/feeds/globaldeli_skroutz.xml HTTP/1.0" 200 2590887 "-" "-"
193.33.8.61 - - [11/Apr/2025:08:59:01 +0200] "GET /Jurek/topeshop/feeds/topeshop_kauflandcz.xml HTTP/2.0" 200 2627713 "https://konsola.dkkapusta1997.usermd.net/" "Mozilla/5.0 (Windows NT 10.0; Win64; x64) AppleWebKit/537.36 (KHTML, like Gecko) Chrome/135.0.0.0 Safari/537.36"
51.77.52.107 - - [11/Apr/2025:08:59:03 +0200] "GET /Jurek/eurofirany/images/408879/0.jpg HTTP/2.0" 200 120427 "-" "baselinker"
193.33.8.61 - - [11/Apr/2025:08:59:03 +0200] "GET /Jurek/topeshop/feeds/topeshop_kauflandsk.xml HTTP/2.0" 200 2626766 "https://konsola.dkkapusta1997.usermd.net/" "Mozilla/5.0 (Windows NT 10.0; Win64; x64) AppleWebKit/537.36 (KHTML, like Gecko) Chrome/135.0.0.0 Safari/537.36"
54.76.121.17 - - [11/Apr/2025:08:59:14 +0200] "GET /Jurek/topeshop/feeds/topeshop_kauflandcz.xml HTTP/1.1" 200 147217 "-" "Mozilla/5.0 (Macintosh; Intel Mac OS X 10_13_6) AppleWebKit/537.36 (KHTML, like Gecko) Chrome/73.0.3669.0 Safari/537.36"
54.171.3.247 - - [11/Apr/2025:08:59:15 +0200] "GET /Jurek/topeshop/feeds/topeshop_kauflandcz.xml HTTP/1.1" 200 2627713 "-" "ClickUpLinkUnfurler/1.0 (+https://clickup.com)"
54.228.8.124 - - [11/Apr/2025:08:59:15 +0200] "GET /Jurek/topeshop/feeds/topeshop_kauflandcz.xml HTTP/1.1" 200 147217 "-" "Mozilla/5.0 (Macintosh; Intel Mac OS X 10_13_6) AppleWebKit/537.36 (KHTML, like Gecko) Chrome/73.0.3669.0 Safari/537.36"
54.171.3.247 - - [11/Apr/2025:08:59:16 +0200] "GET /Jurek/topeshop/feeds/topeshop_kauflandcz.xml HTTP/1.1" 200 2627713 "-" "ClickUpLinkUnfurler/1.0 (+https://clickup.com)"
51.77.52.107 - - [11/Apr/2025:08:59:21 +0200] "GET /Jurek/eurofirany/images/408879/0.jpg HTTP/2.0" 200 120427 "-" "baselinker"
34.251.233.56 - - [11/Apr/2025:08:59:24 +0200] "GET /Jurek/topeshop/feeds/topeshop_kauflandsk.xml HTTP/1.1" 200 147217 "-" "Mozilla/5.0 (Macintosh; Intel Mac OS X 10_13_6) AppleWebKit/537.36 (KHTML, like Gecko) Chrome/73.0.3669.0 Safari/537.36"
54.171.3.247 - - [11/Apr/2025:08:59:25 +0200] "GET /Jurek/topeshop/feeds/topeshop_kauflandsk.xml HTTP/1.1" 200 2626766 "-" "ClickUpLinkUnfurler/1.0 (+https://clickup.com)"
54.228.254.251 - - [11/Apr/2025:08:59:25 +0200] "GET /Jurek/topeshop/feeds/topeshop_kauflandsk.xml HTTP/1.1" 200 147217 "-" "Mozilla/5.0 (Macintosh; Intel Mac OS X 10_13_6) AppleWebKit/537.36 (KHTML, like Gecko) Chrome/73.0.3669.0 Safari/537.36"
54.171.3.247 - - [11/Apr/2025:08:59:26 +0200] "GET /Jurek/topeshop/feeds/topeshop_kauflandsk.xml HTTP/1.1" 200 2626766 "-" "ClickUpLinkUnfurler/1.0 (+https://clickup.com)"
51.77.52.107 - - [11/Apr/2025:08:59:42 +0200] "GET /Jurek/eurofirany/images/408880/0.jpg HTTP/2.0" 200 144516 "-" "baselinker"
51.77.52.107 - - [11/Apr/2025:08:59:55 +0200] "GET /Jurek/eurofirany/images/408880/0.jpg HTTP/2.0" 200 144516 "-" "baselinker"
51.77.52.107 - - [11/Apr/2025:08:59:58 +0200] "GET /Jurek/eurofirany/images/408880/0.jpg HTTP/2.0" 200 144516 "-" "baselinker"
51.77.52.107 - - [11/Apr/2025:09:00:01 +0200] "GET /Jurek/eurofirany/images/408881/0.jpg HTTP/2.0" 200 192902 "-" "baselinker"
51.77.52.107 - - [11/Apr/2025:09:00:15 +0200] "GET /Jurek/eurofirany/images/408881/0.jpg HTTP/2.0" 200 192902 "-" "baselinker"
51.77.52.107 - - [11/Apr/2025:09:00:33 +0200] "GET /Jurek/eurofirany/images/408881/0.jpg HTTP/2.0" 200 192902 "-" "baselinker"
52.18.22.0 - - [11/Apr/2025:09:00:43 +0200] "GET /marketplaces/ubaldi/results/ubaldi.csv HTTP/1.1" 200 147219 "-" "Mirakl HttpClient"
51.77.52.107 - - [11/Apr/2025:09:00:48 +0200] "GET /Jurek/eurofirany/images/408885/0.jpg HTTP/2.0" 200 104175 "-" "baselinker"
46.101.116.244 - - [11/Apr/2025:09:00:59 +0200] "GET /Jurek/vida_morele/feeds/vidaPL_velomarket.xml HTTP/1.0" 200 704767073 "-" "-"
51.77.52.107 - - [11/Apr/2025:09:01:11 +0200] "GET /Jurek/eurofirany/images/408885/0.jpg HTTP/2.0" 200 104175 "-" "baselinker"
51.77.52.107 - - [11/Apr/2025:09:01:14 +0200] "GET /Jurek/eurofirany/images/408885/0.jpg HTTP/2.0" 200 104175 "-" "baselinker"
51.77.52.107 - - [11/Apr/2025:09:01:17 +0200] "GET /Jurek/eurofirany/images/408893/0.jpg HTTP/2.0" 200 169875 "-" "baselinker"
35.204.39.32 - - [11/Apr/2025:09:01:18 +0200] "GET /marketplaces/vente/results/vente_nl.csv HTTP/1.1" 200 147219 "-" "Mirakl HttpClient"
35.204.39.32 - - [11/Apr/2025:09:01:19 +0200] "GET /marketplaces/vente/results/vente_fr.csv HTTP/1.1" 200 147219 "-" "Mirakl HttpClient"
35.204.39.32 - - [11/Apr/2025:09:01:19 +0200] "GET /marketplaces/vente/results/vente_be.csv HTTP/1.1" 200 130835 "-" "Mirakl HttpClient"
35.204.39.32 - - [11/Apr/2025:09:01:19 +0200] "GET /marketplaces/vente/results/vente_it.csv HTTP/1.1" 200 147219 "-" "Mirakl HttpClient"
35.204.39.32 - - [11/Apr/2025:09:01:19 +0200] "GET /marketplaces/vente/results/vente_es.csv HTTP/1.1" 200 163603 "-" "Mirakl HttpClient"
35.204.39.32 - - [11/Apr/2025:09:01:19 +0200] "GET /marketplaces/vente/results/vente_de.csv HTTP/1.1" 200 147219 "-" "Mirakl HttpClient"
46.101.116.244 - - [11/Apr/2025:09:01:38 +0200] "GET /Jurek/topeshop/feeds/topeshop_alza.xml HTTP/2.0" 200 2627749 "-" "-"
46.101.116.244 - - [11/Apr/2025:09:01:39 +0200] "GET /Jurek/aw/feeds/aw_fnacfr.xml HTTP/1.0" 404 3551 "-" "-"
51.77.52.107 - - [11/Apr/2025:09:01:41 +0200] "GET /Jurek/eurofirany/images/408893/0.jpg HTTP/2.0" 200 169875 "-" "baselinker"
46.101.116.244 - - [11/Apr/2025:09:01:50 +0200] "GET /Jurek/topeshop/feeds/topeshop_kauflandde.xml HTTP/2.0" 200 2626737 "-" "-"
52.18.22.0 - - [11/Apr/2025:09:01:54 +0200] "GET /marketplaces/rue/results/rue.csv HTTP/1.1" 200 147219 "-" "Mirakl HttpClient"
51.77.52.107 - - [11/Apr/2025:09:02:01 +0200] "GET /Jurek/eurofirany/images/408893/0.jpg HTTP/2.0" 200 169875 "-" "baselinker"
46.101.116.244 - - [11/Apr/2025:09:02:02 +0200] "GET /Jurek/ikonka/feeds/ikonka_alza.xml HTTP/2.0" 200 22019202 "-" "-"
51.77.52.107 - - [11/Apr/2025:09:02:10 +0200] "GET /Jurek/eurofirany/images/408894/0.jpg HTTP/2.0" 200 165168 "-" "baselinker"
46.101.116.244 - - [11/Apr/2025:09:02:14 +0200] "GET /Jurek/ikonka/feeds/ikonka_kaufcz.xml HTTP/2.0" 200 22019272 "-" "-"
88.220.33.218 - - [11/Apr/2025:09:02:25 +0200] "GET /Jurek/vida_morele/feeds/VidaPL_all.xml HTTP/2.0" 200 704761945 "-" "MarketplaceAPI curl/7.64.0 PHP/8"
46.101.116.244 - - [11/Apr/2025:09:02:26 +0200] "GET /Jurek/ikonka/feeds/ikonka_kaufde.xml HTTP/2.0" 200 22016554 "-" "-"
51.77.52.107 - - [11/Apr/2025:09:02:32 +0200] "GET /Jurek/eurofirany/images/408894/0.jpg HTTP/2.0" 200 165168 "-" "baselinker"
46.113.14.87 - - [11/Apr/2025:09:02:46 +0200] "GET /Jurek/topeshop/downloaded_images/5902838465707_af9a6d9a4e168f8ab4c82c3d6dcd.jpg HTTP/2.0" 200 142070 "-" "Mozilla/5.0 (Windows NT 10.0; Win64; x64) AppleWebKit/537.36 (KHTML, like Gecko) Chrome/135.0.0.0 Safari/537.36"
46.113.14.87 - - [11/Apr/2025:09:02:48 +0200] "GET /favicon.ico HTTP/2.0" 404 3551 "https://dkkapusta1997.usermd.net/Jurek/topeshop/downloaded_images/5902838465707_af9a6d9a4e168f8ab4c82c3d6dcd.jpg" "Mozilla/5.0 (Windows NT 10.0; Win64; x64) AppleWebKit/537.36 (KHTML, like Gecko) Chrome/135.0.0.0 Safari/537.36"
51.77.52.107 - - [11/Apr/2025:09:02:51 +0200] "GET /Jurek/eurofirany/images/408894/0.jpg HTTP/2.0" 200 165168 "-" "baselinker"
46.113.14.87 - - [11/Apr/2025:09:02:54 +0200] "GET /Jurek/topeshop/downloaded_images/5902838465707_3d6cebe441e19a030bfaaac2ec6d.jpg HTTP/2.0" 200 55869 "-" "Mozilla/5.0 (Windows NT 10.0; Win64; x64) AppleWebKit/537.36 (KHTML, like Gecko) Chrome/135.0.0.0 Safari/537.36"
51.77.52.107 - - [11/Apr/2025:09:03:08 +0200] "GET /Jurek/eurofirany/images/420656/0.jpg HTTP/2.0" 200 146663 "-" "baselinker"
46.101.116.244 - - [11/Apr/2025:09:03:10 +0200] "GET /Jurek/stema/feeds/stema_alza.xml HTTP/2.0" 200 852462 "-" "-"
46.101.116.244 - - [11/Apr/2025:09:03:21 +0200] "GET /Jurek/stema/feeds/stema_kaufcz.xml HTTP/2.0" 200 852456 "-" "-"
88.220.33.218 - - [11/Apr/2025:09:03:23 +0200] "GET /Jurek/kinghoff/feeds/kinghoff_morele.xml HTTP/2.0" 200 15438376 "-" "MarketplaceAPI curl/7.64.0 PHP/8"
51.77.52.107 - - [11/Apr/2025:09:03:27 +0200] "GET /Jurek/eurofirany/images/420656/0.jpg HTTP/2.0" 200 146663 "-" "baselinker"
46.101.116.244 - - [11/Apr/2025:09:03:31 +0200] "GET /Jurek/stema/feeds/stema_kaufde.xml HTTP/2.0" 200 851716 "-" "-"
51.77.52.107 - - [11/Apr/2025:09:03:52 +0200] "GET /Jurek/eurofirany/images/420656/0.jpg HTTP/2.0" 200 146663 "-" "baselinker"
51.77.52.107 - - [11/Apr/2025:09:04:07 +0200] "GET /Jurek/eurofirany/images/420653/0.jpg HTTP/2.0" 200 198449 "-" "baselinker"
46.101.116.244 - - [11/Apr/2025:09:04:33 +0200] "GET /Jurek/topeshop/feeds/topeshop_skr.xml HTTP/1.0" 200 922126 "-" "-"
88.220.33.218 - - [11/Apr/2025:09:04:51 +0200] "GET /Jurek/eurofirany/feeds/eurofirany_morele.xml HTTP/2.0" 200 19348497 "-" "MarketplaceAPI curl/7.64.0 PHP/8"
51.77.52.107 - - [11/Apr/2025:09:04:56 +0200] "GET /Jurek/eurofirany/images/420653/0.jpg HTTP/2.0" 200 198449 "-" "baselinker"
88.220.33.218 - - [11/Apr/2025:09:04:57 +0200] "GET /Jurek/vivaldi/feeds/vivaldi_Morele-PL.xml HTTP/2.0" 200 344674 "-" "MarketplaceAPI curl/7.64.0 PHP/8"
89.161.206.59 - - [11/Apr/2025:09:05:01 +0200] "GET /Jurek/kinghoff/feeds/kinghoff_amazon_de.xml HTTP/1.0" 200 15437592 "-" "-"
89.161.206.59 - - [11/Apr/2025:09:05:02 +0200] "GET /Jurek/bass/feeds/bass_amazonde.xml HTTP/1.0" 200 3984375 "-" "-"
51.77.52.107 - - [11/Apr/2025:09:05:15 +0200] "GET /Jurek/eurofirany/images/420653/0.jpg HTTP/2.0" 200 198449 "-" "baselinker"
85.232.241.194 - - [11/Apr/2025:09:05:25 +0200] "GET /subskrypcje/mondex/feeds/mondex_kaufland_de.xml HTTP/1.1" 200 2204485 "-" "-"
51.77.52.107 - - [11/Apr/2025:09:05:26 +0200] "POST /subskrypcje/mondex/bl/kauf/baselinker-ceneo-shumee.php HTTP/2.0" 200 2809 "-" "BaseLinker/1.0"
89.161.206.59 - - [11/Apr/2025:09:05:31 +0200] "GET /Jurek/carbonyway/feeds/carbonyway_amazonde.xml HTTP/1.0" 200 3076038 "-" "-"
89.161.206.59 - - [11/Apr/2025:09:05:35 +0200] "GET /Jurek/equalo/feeds/equalo_amazonde.xml HTTP/1.0" 200 98010 "-" "-"
89.161.206.59 - - [11/Apr/2025:09:05:35 +0200] "GET /Jurek/cdata/feeds/cdata_amazonde.xml HTTP/1.0" 200 1445071 "-" "-"
51.77.52.107 - - [11/Apr/2025:09:05:36 +0200] "GET /Jurek/eurofirany/images/400235/0.jpg HTTP/2.0" 200 37068 "-" "baselinker"
46.101.116.244 - - [11/Apr/2025:09:05:40 +0200] "GET /Jurek/gimmik/feeds/gimmik_mallsiex.xml HTTP/2.0" 404 3551 "-" "-"
51.77.52.107 - - [11/Apr/2025:09:05:56 +0200] "GET /Jurek/eurofirany/images/400235/0.jpg HTTP/2.0" 200 37068 "-" "baselinker"
46.101.116.244 - - [11/Apr/2025:09:05:57 +0200] "GET /Jurek/bimboland/feeds/bimboland_mallsiex.xml HTTP/2.0" 200 2807800 "-" "-"
89.161.206.59 - - [11/Apr/2025:09:05:59 +0200] "GET /Jurek/winoszarnia/feeds/winoszarnia_emagro.xml HTTP/1.0" 200 6065004 "-" "-"
89.161.206.59 - - [11/Apr/2025:09:06:00 +0200] "GET /Jurek/filmal/feeds/filmal_emagro.xml HTTP/1.0" 200 139310 "-" "-"
88.220.33.218 - - [11/Apr/2025:09:06:01 +0200] "GET /Jurek/aw/feeds/awnarzedzia_morele.xml HTTP/2.0" 200 90584674 "-" "MarketplaceAPI curl/7.64.0 PHP/8"
89.161.206.59 - - [11/Apr/2025:09:06:01 +0200] "GET /Jurek/livinhill/feeds/livinhill_emagro.xml HTTP/1.0" 200 167748 "-" "-"
89.161.206.59 - - [11/Apr/2025:09:06:02 +0200] "GET /Jurek/jakdroz/feeds/jakdroz_emagro.xml HTTP/1.0" 200 4090885 "-" "-"
51.77.52.107 - - [11/Apr/2025:09:06:13 +0200] "GET /Jurek/eurofirany/images/400235/0.jpg HTTP/2.0" 200 37068 "-" "baselinker"
51.77.52.107 - - [11/Apr/2025:09:06:29 +0200] "GET /Jurek/eurofirany/images/400246/0.jpg HTTP/2.0" 200 22876 "-" "baselinker"
46.101.116.244 - - [11/Apr/2025:09:06:36 +0200] "GET /Jurek/activeshop/feeds/activeshop_mallsiex.xml HTTP/2.0" 200 10443346 "-" "-"
46.101.116.244 - - [11/Apr/2025:09:06:40 +0200] "GET /Jurek/benbaby/feeds/benbaby_mallsi.xml HTTP/2.0" 200 3472265 "-" "-"
88.220.33.218 - - [11/Apr/2025:09:06:44 +0200] "GET /Jurek/beliani/feeds/beliani_morele.xml HTTP/2.0" 200 31269076 "-" "MarketplaceAPI curl/7.64.0 PHP/8"
51.77.52.107 - - [11/Apr/2025:09:06:46 +0200] "GET /Jurek/eurofirany/images/400246/0.jpg HTTP/2.0" 200 22876 "-" "baselinker"
46.101.116.244 - - [11/Apr/2025:09:06:51 +0200] "GET /Jurek/bass/feeds/bass_mallsi.xml HTTP/2.0" 200 3984389 "-" "-"
51.77.52.107 - - [11/Apr/2025:09:07:01 +0200] "GET /Jurek/eurofirany/images/400246/0.jpg HTTP/2.0" 200 22876 "-" "baselinker"
46.101.116.244 - - [11/Apr/2025:09:07:02 +0200] "GET /Jurek/emibig/feeds/emibig_mallsi.xml HTTP/2.0" 200 2427365 "-" "-"
46.101.116.244 - - [11/Apr/2025:09:07:12 +0200] "GET /Jurek/b3/feeds/b3_mallsi.xml HTTP/2.0" 200 6470970 "-" "-"
51.77.52.107 - - [11/Apr/2025:09:07:18 +0200] "GET /Jurek/eurofirany/images/400247/0.jpg HTTP/2.0" 200 22876 "-" "baselinker"
46.101.116.244 - - [11/Apr/2025:09:07:24 +0200] "GET /Jurek/action/feeds/action_mallsi.xml HTTP/2.0" 200 60202830 "-" "-"
51.77.52.107 - - [11/Apr/2025:09:07:37 +0200] "GET /Jurek/eurofirany/images/400247/0.jpg HTTP/2.0" 200 22876 "-" "baselinker"
46.101.116.244 - - [11/Apr/2025:09:07:43 +0200] "GET /Jurek/aw/feeds/awnarzedzia_mallsiex.xml HTTP/2.0" 200 90572956 "-" "-"
51.77.52.107 - - [11/Apr/2025:09:07:55 +0200] "GET /Jurek/eurofirany/images/400247/0.jpg HTTP/2.0" 200 22876 "-" "baselinker"
88.220.33.218 - - [11/Apr/2025:09:07:57 +0200] "GET /Jurek/vida_morele/feeds/VidaPL_morele.xml HTTP/2.0" 200 704763099 "-" "MarketplaceAPI curl/7.64.0 PHP/8"
46.101.116.244 - - [11/Apr/2025:09:08:06 +0200] "GET /Jurek/eurofirany/feeds/eurofirany_mall_si_extrastore.xml HTTP/2.0" 200 19347153 "-" "-"
51.77.52.107 - - [11/Apr/2025:09:08:17 +0200] "GET /Jurek/eurofirany/images/400248/0.jpg HTTP/2.0" 200 22876 "-" "baselinker"
46.101.116.244 - - [11/Apr/2025:09:08:19 +0200] "GET /Jurek/fernity/feeds/fernity_mallslex.xml HTTP/2.0" 200 4796560 "-" "-"
46.101.116.244 - - [11/Apr/2025:09:08:30 +0200] "GET /Jurek/homla/feeds/homla_mallslex.xml HTTP/2.0" 404 3551 "-" "-"
51.77.52.107 - - [11/Apr/2025:09:08:32 +0200] "GET /Jurek/eurofirany/images/400248/0.jpg HTTP/2.0" 200 22876 "-" "baselinker"
51.77.52.107 - - [11/Apr/2025:09:08:38 +0200] "GET /Jurek/eurofirany/images/400248/0.jpg HTTP/2.0" 200 22876 "-" "baselinker"
46.101.116.244 - - [11/Apr/2025:09:08:41 +0200] "GET /Jurek/hurtownia_przemyslowa/feeds/hp_mallsi.xml HTTP/2.0" 200 49362763 "-" "-"
185.6.76.18 - - [11/Apr/2025:09:08:46 +0200] "GET /marketplaces/skroutz/feeds/shumee.xml HTTP/1.1" 200 418928351 "-" "SkroutzBot v1.0"
46.101.116.244 - - [11/Apr/2025:09:08:55 +0200] "GET /Jurek/ikonka/feeds/ikonka_mallsiex.xml HTTP/2.0" 200 22016782 "-" "-"
51.77.52.107 - - [11/Apr/2025:09:08:58 +0200] "GET /Jurek/eurofirany/images/400249/0.jpg HTTP/2.0" 200 33505 "-" "baselinker"
46.101.116.244 - - [11/Apr/2025:09:09:07 +0200] "GET /Jurek/kinghoff/feeds/kinghoff_mallslex.xml HTTP/2.0" 200 15437675 "-" "-"
51.77.52.107 - - [11/Apr/2025:09:09:17 +0200] "GET /Jurek/eurofirany/images/400249/0.jpg HTTP/2.0" 200 33505 "-" "baselinker"
89.161.206.59 - - [11/Apr/2025:09:09:20 +0200] "GET /Jurek/hdwr/feeds/hdwr_skroutz.xml HTTP/1.0" 200 789394 "-" "-"
89.161.206.59 - - [11/Apr/2025:09:09:23 +0200] "GET /Jurek/pagmil/feeds/pagmil_skroutz.xml HTTP/1.0" 200 1802847 "-" "-"
89.161.206.59 - - [11/Apr/2025:09:09:26 +0200] "GET /Jurek/kambukka/feeds/kambukka_skroutz.xml HTTP/1.0" 200 1021387 "-" "-"
51.77.52.107 - - [11/Apr/2025:09:09:34 +0200] "GET /Jurek/eurofirany/images/400249/0.jpg HTTP/2.0" 200 33505 "-" "baselinker"
89.161.206.59 - - [11/Apr/2025:09:09:34 +0200] "GET /Jurek/sempler/feeds/sempler_skroutz.xml HTTP/1.0" 200 6787981 "-" "-"
89.161.206.59 - - [11/Apr/2025:09:09:35 +0200] "GET /Jurek/targethome/feeds/targethome_skroutz.xml HTTP/1.0" 200 688617 "-" "-"
51.77.52.107 - - [11/Apr/2025:09:09:50 +0200] "GET /Jurek/eurofirany/images/400250/0.jpg HTTP/2.0" 200 33505 "-" "baselinker"
46.101.116.244 - - [11/Apr/2025:09:09:51 +0200] "GET /Jurek/stema/feeds/stema_mallslex.xml HTTP/2.0" 200 851890 "-" "-"
46.101.116.244 - - [11/Apr/2025:09:10:02 +0200] "GET /Jurek/unimet/feeds/unimet_mallsiex.xml HTTP/2.0" 200 60476679 "-" "-"
51.77.52.107 - - [11/Apr/2025:09:10:09 +0200] "GET /Jurek/eurofirany/images/400250/0.jpg HTTP/2.0" 200 33505 "-" "baselinker"
51.77.52.107 - - [11/Apr/2025:09:10:11 +0200] "GET /Jurek/eurofirany/images/400250/0.jpg HTTP/2.0" 200 33505 "-" "baselinker"
46.101.116.244 - - [11/Apr/2025:09:10:27 +0200] "GET /Jurek/andex/feeds/andex_mallslex.xml HTTP/2.0" 200 1953450 "-" "-"
51.77.52.107 - - [11/Apr/2025:09:10:27 +0200] "GET /Jurek/eurofirany/images/398804/0.jpg HTTP/2.0" 200 31541 "-" "baselinker"
89.161.206.59 - - [11/Apr/2025:09:10:33 +0200] "GET /Jurek/pawonik/feeds/pawonik_skroutz.xml HTTP/1.0" 200 2138439 "-" "-"
89.161.206.59 - - [11/Apr/2025:09:10:33 +0200] "GET /Jurek/amzteam/feeds/amzteam_skroutz.xml HTTP/1.0" 200 95904 "-" "-"
89.161.206.59 - - [11/Apr/2025:09:10:35 +0200] "GET /Jurek/mosti/feeds/mosti_skroutz.xml HTTP/1.0" 200 4633455 "-" "-"
46.101.116.244 - - [11/Apr/2025:09:10:37 +0200] "GET /Jurek/barbecook/feeds/barbecook_mallslex.xml HTTP/2.0" 200 87532 "-" "-"
89.161.206.59 - - [11/Apr/2025:09:10:37 +0200] "GET /Jurek/artdog/feeds/artdog_skroutz.xml HTTP/1.0" 200 17158523 "-" "-"
51.77.52.107 - - [11/Apr/2025:09:10:43 +0200] "GET /Jurek/eurofirany/images/398804/0.jpg HTTP/2.0" 200 31541 "-" "baselinker"
46.101.116.244 - - [11/Apr/2025:09:10:48 +0200] "GET /Jurek/beliani/feeds/beliani_si_mallsiex.xml HTTP/2.0" 200 31238031 "-" "-"
51.77.52.107 - - [11/Apr/2025:09:10:59 +0200] "GET /Jurek/eurofirany/images/398804/0.jpg HTTP/2.0" 200 31541 "-" "baselinker"
46.101.116.244 - - [11/Apr/2025:09:11:03 +0200] "GET /Jurek/chemex/feeds/chemex_mallsiex.xml HTTP/2.0" 200 47810433 "-" "-"
46.101.116.244 - - [11/Apr/2025:09:11:16 +0200] "GET /Jurek/duka/feeds/duka_mallslex.xml HTTP/2.0" 200 57 "-" "-"
51.77.52.107 - - [11/Apr/2025:09:11:18 +0200] "GET /Jurek/eurofirany/images/423244/0.jpg HTTP/2.0" 200 134745 "-" "baselinker"
46.101.116.244 - - [11/Apr/2025:09:11:26 +0200] "GET /Jurek/flhf/feeds/flhf_mallsiex.xml HTTP/2.0" 404 3551 "-" "-"
51.77.52.107 - - [11/Apr/2025:09:11:34 +0200] "GET /Jurek/eurofirany/images/423244/0.jpg HTTP/2.0" 200 134745 "-" "baselinker"
46.101.116.244 - - [11/Apr/2025:09:11:37 +0200] "GET /Jurek/kinghome/feeds/kinghome_mallslex.xml HTTP/2.0" 200 6003263 "-" "-"
51.77.52.107 - - [11/Apr/2025:09:11:39 +0200] "GET /Jurek/eurofirany/images/423244/0.jpg HTTP/2.0" 200 134745 "-" "baselinker"
46.101.116.244 - - [11/Apr/2025:09:11:48 +0200] "GET /Jurek/kinghome/feeds/kinghome_mallslex.xml HTTP/2.0" 200 6003263 "-" "-"
46.101.116.244 - - [11/Apr/2025:09:11:59 +0200] "GET /Jurek/rovicky/feeds/rovicky_mallsiex.xml HTTP/2.0" 200 15094528 "-" "-"
51.77.52.107 - - [11/Apr/2025:09:12:00 +0200] "GET /Jurek/eurofirany/images/423245/0.jpg HTTP/2.0" 200 134745 "-" "baselinker"
51.77.52.107 - - [11/Apr/2025:09:12:06 +0200] "GET /Jurek/eurofirany/images/423245/0.jpg HTTP/2.0" 200 134745 "-" "baselinker"
46.101.116.244 - - [11/Apr/2025:09:12:11 +0200] "GET /Jurek/vivaldi/feeds/vivaldi_Mall-slex.xml HTTP/2.0" 200 344657 "-" "-"
46.101.116.244 - - [11/Apr/2025:09:12:20 +0200] "GET /Jurek/aw/feeds/aw_fnacfr.xml HTTP/1.0" 404 3551 "-" "-"
51.77.52.107 - - [11/Apr/2025:09:12:23 +0200] "GET /Jurek/eurofirany/images/423245/0.jpg HTTP/2.0" 200 134745 "-" "baselinker"
51.77.52.107 - - [11/Apr/2025:09:12:49 +0200] "GET /Jurek/eurofirany/images/423255/0.jpg HTTP/2.0" 200 112479 "-" "baselinker"
51.77.52.107 - - [11/Apr/2025:09:13:01 +0200] "GET /Jurek/eurofirany/images/423255/0.jpg HTTP/2.0" 200 112479 "-" "baselinker"
51.77.52.107 - - [11/Apr/2025:09:13:20 +0200] "GET /Jurek/eurofirany/images/423255/0.jpg HTTP/2.0" 200 112479 "-" "baselinker"
51.77.52.107 - - [11/Apr/2025:09:13:39 +0200] "GET /Jurek/eurofirany/images/423258/0.jpg HTTP/2.0" 200 114353 "-" "baselinker"
51.77.52.107 - - [11/Apr/2025:09:13:58 +0200] "GET /Jurek/eurofirany/images/423258/0.jpg HTTP/2.0" 200 114353 "-" "baselinker"
51.77.52.107 - - [11/Apr/2025:09:14:13 +0200] "GET /Jurek/eurofirany/images/423258/0.jpg HTTP/2.0" 200 114353 "-" "baselinker"
51.77.52.107 - - [11/Apr/2025:09:14:32 +0200] "GET /Jurek/eurofirany/images/406013/0.jpg HTTP/2.0" 200 30690 "-" "baselinker"
193.33.8.61 - - [11/Apr/2025:09:14:34 +0200] "GET /Jurek/hurtmeblowy/output.txt HTTP/2.0" 200 11240 "https://konsola.dkkapusta1997.usermd.net/" "Mozilla/5.0 (Windows NT 10.0; Win64; x64) AppleWebKit/537.36 (KHTML, like Gecko) Chrome/135.0.0.0 Safari/537.36"
51.77.52.107 - - [11/Apr/2025:09:15:05 +0200] "GET /Jurek/eurofirany/images/406013/0.jpg HTTP/2.0" 200 30690 "-" "baselinker"
51.77.52.107 - - [11/Apr/2025:09:15:11 +0200] "GET /Jurek/eurofirany/images/406013/0.jpg HTTP/2.0" 200 30690 "-" "baselinker"
51.77.52.107 - - [11/Apr/2025:09:15:21 +0200] "GET /Jurek/eurofirany/images/425221/0.jpg HTTP/2.0" 200 74793 "-" "baselinker"
51.77.52.107 - - [11/Apr/2025:09:15:45 +0200] "GET /Jurek/eurofirany/images/425221/0.jpg HTTP/2.0" 200 74793 "-" "baselinker"
89.161.206.59 - - [11/Apr/2025:09:15:58 +0200] "GET /Jurek/alucon/feeds/alucon_amazonde.xml HTTP/1.0" 200 553574 "-" "-"
193.33.8.61 - - [11/Apr/2025:09:16:07 +0200] "GET /Jurek/hurtmeblowy/feeds/hurtmeblowy_kauflandcz.xml HTTP/2.0" 200 8498712 "https://konsola.dkkapusta1997.usermd.net/" "Mozilla/5.0 (Windows NT 10.0; Win64; x64) AppleWebKit/537.36 (KHTML, like Gecko) Chrome/135.0.0.0 Safari/537.36"
193.33.8.61 - - [11/Apr/2025:09:16:09 +0200] "GET /Jurek/hurtmeblowy/feeds/hurtmeblowy_kauflandsk.xml HTTP/2.0" 200 8495484 "https://konsola.dkkapusta1997.usermd.net/" "Mozilla/5.0 (Windows NT 10.0; Win64; x64) AppleWebKit/537.36 (KHTML, like Gecko) Chrome/135.0.0.0 Safari/537.36"
51.77.52.107 - - [11/Apr/2025:09:16:11 +0200] "GET /Jurek/eurofirany/images/425221/0.jpg HTTP/2.0" 200 74793 "-" "baselinker"
54.76.121.17 - - [11/Apr/2025:09:16:12 +0200] "GET /Jurek/hurtmeblowy/feeds/hurtmeblowy_kauflandcz.xml HTTP/1.1" 200 147217 "-" "Mozilla/5.0 (Macintosh; Intel Mac OS X 10_13_6) AppleWebKit/537.36 (KHTML, like Gecko) Chrome/73.0.3669.0 Safari/537.36"
52.210.221.24 - - [11/Apr/2025:09:16:13 +0200] "GET /Jurek/hurtmeblowy/feeds/hurtmeblowy_kauflandcz.xml HTTP/1.1" 200 8498712 "-" "ClickUpLinkUnfurler/1.0 (+https://clickup.com)"
54.228.8.124 - - [11/Apr/2025:09:16:13 +0200] "GET /Jurek/hurtmeblowy/feeds/hurtmeblowy_kauflandcz.xml HTTP/1.1" 200 130833 "-" "Mozilla/5.0 (Macintosh; Intel Mac OS X 10_13_6) AppleWebKit/537.36 (KHTML, like Gecko) Chrome/73.0.3669.0 Safari/537.36"
52.210.221.24 - - [11/Apr/2025:09:16:15 +0200] "GET /Jurek/hurtmeblowy/feeds/hurtmeblowy_kauflandcz.xml HTTP/1.1" 200 8498712 "-" "ClickUpLinkUnfurler/1.0 (+https://clickup.com)"
34.254.211.19 - - [11/Apr/2025:09:16:22 +0200] "GET /Jurek/hurtmeblowy/feeds/hurtmeblowy_kauflandsk.xml HTTP/1.1" 200 147217 "-" "Mozilla/5.0 (Macintosh; Intel Mac OS X 10_13_6) AppleWebKit/537.36 (KHTML, like Gecko) Chrome/73.0.3669.0 Safari/537.36"
52.210.221.24 - - [11/Apr/2025:09:16:24 +0200] "GET /Jurek/hurtmeblowy/feeds/hurtmeblowy_kauflandsk.xml HTTP/1.1" 200 8495484 "-" "ClickUpLinkUnfurler/1.0 (+https://clickup.com)"
51.77.52.107 - - [11/Apr/2025:09:16:28 +0200] "GET /Jurek/eurofirany/images/428731/0.jpg HTTP/2.0" 200 101606 "-" "baselinker"
51.77.52.107 - - [11/Apr/2025:09:16:50 +0200] "GET /Jurek/eurofirany/images/428731/0.jpg HTTP/2.0" 200 101606 "-" "baselinker"
51.77.52.107 - - [11/Apr/2025:09:17:03 +0200] "GET /Jurek/eurofirany/images/428731/0.jpg HTTP/2.0" 200 101606 "-" "baselinker"
51.77.52.107 - - [11/Apr/2025:09:17:24 +0200] "GET /Jurek/eurofirany/images/430214/0.jpg HTTP/2.0" 200 67809 "-" "baselinker"
51.77.52.107 - - [11/Apr/2025:09:17:37 +0200] "GET /Jurek/eurofirany/images/430214/0.jpg HTTP/2.0" 200 67809 "-" "baselinker"
216.113.184.102 - - [11/Apr/2025:09:17:47 +0200] "GET /Jurek/topeshop/downloaded_images/5904507209902_13.jpg HTTP/1.1" 404 3551 "http://www.ebay.com/" "Mozilla/4.0 (compatible; MSIE 4.01; Windows NT)"
216.113.184.102 - - [11/Apr/2025:09:17:47 +0200] "GET /Jurek/topeshop/downloaded_images/5904507209902_Witryna2_wymiary.jpg HTTP/1.1" 404 3551 "http://www.ebay.com/" "Mozilla/4.0 (compatible; MSIE 4.01; Windows NT)"
216.113.184.102 - - [11/Apr/2025:09:17:47 +0200] "GET /Jurek/topeshop/downloaded_images/5904507209902_Image000723.jpg HTTP/1.1" 404 3551 "http://www.ebay.com/" "Mozilla/4.0 (compatible; MSIE 4.01; Windows NT)"
216.113.184.104 - - [11/Apr/2025:09:17:47 +0200] "GET /Jurek/topeshop/downloaded_images/5904507209902_Image0007_mini.jpg HTTP/1.1" 404 3551 "http://www.ebay.com/" "Mozilla/4.0 (compatible; MSIE 4.01; Windows NT)"
216.113.184.103 - - [11/Apr/2025:09:17:47 +0200] "GET /Jurek/topeshop/downloaded_images/5904507209902_Image00078.jpg HTTP/1.1" 404 3551 "http://www.ebay.com/" "Mozilla/4.0 (compatible; MSIE 4.01; Windows NT)"
216.113.184.104 - - [11/Apr/2025:09:17:47 +0200] "GET /Jurek/topeshop/downloaded_images/5904507209902_10.jpg HTTP/1.1" 404 3551 "http://www.ebay.com/" "Mozilla/4.0 (compatible; MSIE 4.01; Windows NT)"
216.113.184.105 - - [11/Apr/2025:09:17:47 +0200] "GET /Jurek/topeshop/downloaded_images/5904507209902_Image0001.jpg HTTP/1.1" 404 3551 "http://www.ebay.com/" "Mozilla/4.0 (compatible; MSIE 4.01; Windows NT)"
216.113.184.101 - - [11/Apr/2025:09:17:47 +0200] "GET /Jurek/topeshop/downloaded_images/5904507209902_30.jpg HTTP/1.1" 404 3551 "http://www.ebay.com/" "Mozilla/4.0 (compatible; MSIE 4.01; Windows NT)"
216.113.184.103 - - [11/Apr/2025:09:17:47 +0200] "GET /Jurek/topeshop/downloaded_images/5904507209902_Image0004.jpg HTTP/1.1" 404 3551 "http://www.ebay.com/" "Mozilla/4.0 (compatible; MSIE 4.01; Windows NT)"
216.113.184.103 - - [11/Apr/2025:09:17:47 +0200] "GET /Jurek/topeshop/downloaded_images/5904507209902_Image0008.jpg HTTP/1.1" 404 3551 "http://www.ebay.com/" "Mozilla/4.0 (compatible; MSIE 4.01; Windows NT)"
216.113.184.104 - - [11/Apr/2025:09:17:48 +0200] "GET /Jurek/topeshop/downloaded_images/5904507209902_Image0005.jpg HTTP/1.1" 404 3551 "http://www.ebay.com/" "Mozilla/4.0 (compatible; MSIE 4.01; Windows NT)"
51.77.52.107 - - [11/Apr/2025:09:17:51 +0200] "GET /Jurek/eurofirany/images/430214/0.jpg HTTP/2.0" 200 67809 "-" "baselinker"
51.77.52.107 - - [11/Apr/2025:09:18:01 +0200] "GET /Jurek/eurofirany/images/430215/0.jpg HTTP/2.0" 200 68454 "-" "baselinker"
51.77.52.107 - - [11/Apr/2025:09:18:21 +0200] "GET /Jurek/eurofirany/images/430215/0.jpg HTTP/2.0" 200 68454 "-" "baselinker"
89.161.206.59 - - [11/Apr/2025:09:18:36 +0200] "GET /Jurek/bass_new/feeds/bass_skroutz.xml HTTP/1.0" 200 7040944 "-" "-"
51.77.52.107 - - [11/Apr/2025:09:18:37 +0200] "GET /Jurek/eurofirany/images/430215/0.jpg HTTP/2.0" 200 68454 "-" "baselinker"
51.77.52.107 - - [11/Apr/2025:09:18:51 +0200] "GET /Jurek/eurofirany/images/432087/0.jpg HTTP/2.0" 200 60610 "-" "baselinker"
