66.135.223.41 - - [11/Apr/2025:10:39:10 +0200] "GET /Jurek/topeshop/downloaded_images/5902838468814_DUO-BIEL-BRY%C5%81KA-BOK-ZM.jpg HTTP/1.1" 404 3551 "http://www.ebay.com/" "Mozilla/4.0 (compatible; MSIE 4.01; Windows NT)"
46.101.116.244 - - [11/Apr/2025:10:39:33 +0200] "GET /Jurek/aw/feeds/awnarzedzia_skroutz.xml HTTP/1.0" 200 90573378 "-" "-"
77.79.248.229 - - [11/Apr/2025:10:42:13 +0200] "GET /Jurek/dropkz/feeds/dropkz_cdon_fi.xml HTTP/1.1" 200 70014488 "-" "Python-urllib/3.11"
46.101.116.244 - - [11/Apr/2025:10:42:15 +0200] "GET /Jurek/aw/feeds/aw_fnacfr.xml HTTP/1.0" 404 3551 "-" "-"
89.161.206.59 - - [11/Apr/2025:10:42:42 +0200] "GET /Jurek/aiofactory/feeds/aiofactory_cdsc.xml HTTP/1.0" 200 1192857 "-" "-"
89.161.206.59 - - [11/Apr/2025:10:42:42 +0200] "GET /Jurek/kobi/feeds/kobi_cdsc.xml HTTP/1.0" 200 544145 "-" "-"
89.161.206.59 - - [11/Apr/2025:10:42:42 +0200] "GET /Jurek/hurtmeblowy/feeds/hurtmeblowy_cdsc.xml HTTP/1.0" 200 5247988 "-" "-"
89.161.206.59 - - [11/Apr/2025:10:43:03 +0200] "GET /Jurek/zenex/feeds/zenex_cdsc.xml HTTP/1.0" 200 540172 "-" "-"
89.161.206.59 - - [11/Apr/2025:10:43:03 +0200] "GET /Jurek/avenido/feeds/avenido_cdsc.xml HTTP/1.0" 200 449201 "-" "-"
89.161.206.59 - - [11/Apr/2025:10:43:03 +0200] "GET /Jurek/filmal/feeds/filmal_cdsc.xml HTTP/1.0" 200 105885 "-" "-"
89.161.206.59 - - [11/Apr/2025:10:43:03 +0200] "GET /Jurek/ikonka/feeds/ikonka_cdsc.xml HTTP/1.0" 200 22016751 "-" "-"
89.161.206.59 - - [11/Apr/2025:10:43:11 +0200] "GET /Jurek/omi/feeds/omi_amazonde.xml HTTP/1.0" 200 8105521 "-" "-"
89.161.206.59 - - [11/Apr/2025:10:43:11 +0200] "GET /Jurek/smxdesign/feeds/smxdesign_amazonde.xml HTTP/1.0" 200 1829038 "-" "-"
89.161.206.59 - - [11/Apr/2025:10:43:11 +0200] "GET /Jurek/elavia/feeds/elavia_amazonde.xml HTTP/1.0" 200 2497276 "-" "-"
193.33.8.61 - - [11/Apr/2025:10:43:23 +0200] "GET /Jurek/roger/output.txt HTTP/2.0" 200 12981 "https://konsola.dkkapusta1997.usermd.net/" "Mozilla/5.0 (Windows NT 10.0; Win64; x64) AppleWebKit/537.36 (KHTML, like Gecko) Chrome/135.0.0.0 Safari/537.36"
193.33.8.61 - - [11/Apr/2025:10:43:29 +0200] "GET /Jurek/lampart/feeds/lampart_mallsish.xml HTTP/2.0" 200 936047 "https://konsola.dkkapusta1997.usermd.net/" "Mozilla/5.0 (Windows NT 10.0; Win64; x64) AppleWebKit/537.36 (KHTML, like Gecko) Chrome/135.0.0.0 Safari/537.36"
89.161.206.59 - - [11/Apr/2025:10:43:31 +0200] "GET /Jurek/jankeski/feeds/jankeski_bol.xml HTTP/1.0" 200 6571012 "-" "-"
89.161.206.59 - - [11/Apr/2025:10:43:32 +0200] "GET /Jurek/stiv/feeds/stiv_bol.xml HTTP/1.0" 200 2056810 "-" "-"
89.161.206.59 - - [11/Apr/2025:10:43:32 +0200] "GET /Jurek/proadventure/feeds/proadventure_bol.xml HTTP/1.0" 200 10763455 "-" "-"
89.161.206.59 - - [11/Apr/2025:10:43:33 +0200] "GET /Jurek/andex/feeds/andex_bol.xml HTTP/1.0" 200 1953479 "-" "-"
89.161.206.59 - - [11/Apr/2025:10:43:34 +0200] "GET /Jurek/luxury/feeds/luxury_bol.xml HTTP/1.0" 200 1010125 "-" "-"
89.161.206.59 - - [11/Apr/2025:10:43:46 +0200] "GET /Jurek/kambukka/feeds/kambukka_emagro.xml HTTP/1.0" 200 1021483 "-" "-"
89.161.206.59 - - [11/Apr/2025:10:43:46 +0200] "GET /Jurek/amzteam/feeds/amzteam_emagro.xml HTTP/1.0" 200 97904 "-" "-"
89.161.206.59 - - [11/Apr/2025:10:43:46 +0200] "GET /Jurek/benetech/feeds/benetech_emagro.xml HTTP/1.0" 200 4165572 "-" "-"
89.161.206.59 - - [11/Apr/2025:10:43:46 +0200] "GET /Jurek/sempler/feeds/sempler_emagro.xml HTTP/1.0" 200 6788438 "-" "-"
89.161.206.59 - - [11/Apr/2025:10:43:47 +0200] "GET /Jurek/kinghoff/feeds/kinghoff_emagro.xml HTTP/1.0" 200 15439586 "-" "-"
193.33.8.61 - - [11/Apr/2025:10:43:48 +0200] "GET /Jurek/dropkz/feeds/dropkz_cdon_fi.xml HTTP/2.0" 200 12591095 "https://konsola.dkkapusta1997.usermd.net/" "Mozilla/5.0 (Windows NT 10.0; Win64; x64) AppleWebKit/537.36 (KHTML, like Gecko) Chrome/135.0.0.0 Safari/537.36"
77.79.248.229 - - [11/Apr/2025:10:43:51 +0200] "GET /Jurek/dropkz/feeds/dropkz_cdon_fi.xml HTTP/1.1" 200 70014488 "-" "Python-urllib/3.11"
89.161.206.59 - - [11/Apr/2025:10:44:01 +0200] "GET /Jurek/eroplace/feeds/eroplace_emagro.xml HTTP/1.0" 200 52149735 "-" "-"
193.33.8.61 - - [11/Apr/2025:10:44:41 +0200] "GET /Jurek/roger/feeds/roger_manoFR.xml HTTP/2.0" 200 1147381 "https://konsola.dkkapusta1997.usermd.net/" "Mozilla/5.0 (Windows NT 10.0; Win64; x64) AppleWebKit/537.36 (KHTML, like Gecko) Chrome/135.0.0.0 Safari/537.36"
77.79.248.229 - - [11/Apr/2025:10:44:46 +0200] "GET /Jurek/roger/feeds/roger_manoFR.xml HTTP/1.1" 200 1147381 "-" "Python-urllib/3.11"
5.134.208.158 - - [11/Apr/2025:10:44:57 +0200] "GET /Jurek/eurofirany/images/387350/0.jpg HTTP/1.1" 200 141384 "-" "-"
5.134.208.158 - - [11/Apr/2025:10:44:57 +0200] "GET /Jurek/eurofirany/images/388775/0.jpg HTTP/1.1" 200 109803 "-" "-"
52.167.144.19 - - [11/Apr/2025:10:45:31 +0200] "GET /Jurek/topeshop/downloaded_images/5902838467459_1.jpg HTTP/2.0" 404 3551 "-" "Mozilla/5.0 AppleWebKit/537.36 (KHTML, like Gecko; compatible; bingbot/2.0; +http://www.bing.com/bingbot.htm) Chrome/116.0.1938.76 Safari/537.36"
77.79.248.229 - - [11/Apr/2025:10:45:32 +0200] "GET /Jurek/lampart/feeds/lampart_mallsish.xml HTTP/1.1" 200 936047 "-" "Python-urllib/3.11"
193.33.8.61 - - [11/Apr/2025:10:46:09 +0200] "GET /Jurek/lerutrade/feeds/lerutrade_zero.xml HTTP/2.0" 200 82814 "https://konsola.dkkapusta1997.usermd.net/" "Mozilla/5.0 (Windows NT 10.0; Win64; x64) AppleWebKit/537.36 (KHTML, like Gecko) Chrome/135.0.0.0 Safari/537.36"
77.79.248.229 - - [11/Apr/2025:10:46:14 +0200] "GET /Jurek/lerutrade/feeds/lerutrade_zero.xml HTTP/1.1" 200 82814 "-" "Python-urllib/3.11"
34.250.103.72 - - [11/Apr/2025:10:46:49 +0200] "GET /Jurek/rems/feeds/rems_mallsish.xml HTTP/1.1" 200 147217 "-" "Mozilla/5.0 (Macintosh; Intel Mac OS X 10_13_6) AppleWebKit/537.36 (KHTML, like Gecko) Chrome/73.0.3669.0 Safari/537.36"
31.183.145.2 - - [11/Apr/2025:10:46:53 +0200] "GET /Jurek/beltimore/feeds/beltimore_mallsish.xml HTTP/2.0" 200 9445367 "-" "Mozilla/5.0 (X11; Linux x86_64) AppleWebKit/537.36 (KHTML, like Gecko) Chrome/135.0.0.0 Safari/537.36"
34.254.211.19 - - [11/Apr/2025:10:47:12 +0200] "GET /Jurek/proadventure/feeds/proadventure_mallsish.xml HTTP/1.1" 200 147216 "-" "Mozilla/5.0 (Macintosh; Intel Mac OS X 10_13_6) AppleWebKit/537.36 (KHTML, like Gecko) Chrome/73.0.3669.0 Safari/537.36"
34.250.103.72 - - [11/Apr/2025:10:47:22 +0200] "GET /Jurek/newtechele/feeds/newtechele_mallsish.xml HTTP/1.1" 200 147217 "-" "Mozilla/5.0 (Macintosh; Intel Mac OS X 10_13_6) AppleWebKit/537.36 (KHTML, like Gecko) Chrome/73.0.3669.0 Safari/537.36"
31.183.145.2 - - [11/Apr/2025:10:47:26 +0200] "GET /Jurek/drops/feeds/dropsofficecolection_mallsish.xml HTTP/2.0" 200 790594 "-" "Mozilla/5.0 (X11; Linux x86_64) AppleWebKit/537.36 (KHTML, like Gecko) Chrome/135.0.0.0 Safari/537.36"
54.74.57.157 - - [11/Apr/2025:10:47:26 +0200] "GET /Jurek/drops/feeds/dropsofficecolection_mallsish.xml HTTP/1.1" 200 147219 "-" "Mozilla/5.0 (Macintosh; Intel Mac OS X 10_13_6) AppleWebKit/537.36 (KHTML, like Gecko) Chrome/73.0.3669.0 Safari/537.36"
31.183.145.2 - - [11/Apr/2025:10:47:27 +0200] "GET /favicon.ico HTTP/2.0" 404 3551 "https://dkkapusta1997.usermd.net/Jurek/drops/feeds/dropsofficecolection_mallsish.xml" "Mozilla/5.0 (X11; Linux x86_64) AppleWebKit/537.36 (KHTML, like Gecko) Chrome/135.0.0.0 Safari/537.36"
5.134.208.158 - - [11/Apr/2025:10:47:44 +0200] "GET /Jurek/eurofirany/images/429256/0.jpg HTTP/1.1" 206 256 "https://www.ceneo.pl" "Mozilla/5.0 (Windows NT 10.0; Win64; x64) AppleWebKit/537.36 (KHTML, like Gecko) Chrome/87.0.4280.141 Safari/537.36"
31.183.145.2 - - [11/Apr/2025:10:47:47 +0200] "GET /Jurek/hdwr/feeds/hdwr_mallsish.xml HTTP/2.0" 200 789402 "-" "Mozilla/5.0 (X11; Linux x86_64) AppleWebKit/537.36 (KHTML, like Gecko) Chrome/135.0.0.0 Safari/537.36"
54.74.57.157 - - [11/Apr/2025:10:48:08 +0200] "GET /Jurek/narzbud/feeds/narzbud_mallsish.xml HTTP/1.1" 200 147217 "-" "Mozilla/5.0 (Macintosh; Intel Mac OS X 10_13_6) AppleWebKit/537.36 (KHTML, like Gecko) Chrome/73.0.3669.0 Safari/537.36"
31.183.145.2 - - [11/Apr/2025:10:48:08 +0200] "GET /Jurek/narzbud/feeds/narzbud_mallsish.xml HTTP/2.0" 200 1901243 "-" "Mozilla/5.0 (X11; Linux x86_64) AppleWebKit/537.36 (KHTML, like Gecko) Chrome/135.0.0.0 Safari/537.36"
31.183.145.2 - - [11/Apr/2025:10:48:25 +0200] "GET /Jurek/newtechele/feeds/newtechele_mallsish.xml HTTP/2.0" 200 2438513 "-" "Mozilla/5.0 (X11; Linux x86_64) AppleWebKit/537.36 (KHTML, like Gecko) Chrome/135.0.0.0 Safari/537.36"
34.250.103.72 - - [11/Apr/2025:10:48:49 +0200] "GET /Jurek/pagmil/feeds/pagmil_mallsish.xml HTTP/1.1" 200 147217 "-" "Mozilla/5.0 (Macintosh; Intel Mac OS X 10_13_6) AppleWebKit/537.36 (KHTML, like Gecko) Chrome/73.0.3669.0 Safari/537.36"
31.183.145.2 - - [11/Apr/2025:10:48:50 +0200] "GET /Jurek/pagmil/feeds/pagmil_mallsish.xml HTTP/2.0" 200 1802836 "-" "Mozilla/5.0 (X11; Linux x86_64) AppleWebKit/537.36 (KHTML, like Gecko) Chrome/135.0.0.0 Safari/537.36"
89.161.206.59 - - [11/Apr/2025:10:48:52 +0200] "GET /Jurek/asortymenteu/feeds/asortymenteu_skroutz_great.xml HTTP/1.0" 200 2775219 "-" "-"
31.183.145.2 - - [11/Apr/2025:10:49:08 +0200] "GET /Jurek/pawonik/feeds/pawonik_mallsish.xml HTTP/2.0" 200 2138390 "-" "Mozilla/5.0 (X11; Linux x86_64) AppleWebKit/537.36 (KHTML, like Gecko) Chrome/135.0.0.0 Safari/537.36"
34.251.233.56 - - [11/Apr/2025:10:49:22 +0200] "GET /Jurek/proadventure/feeds/proadventure_mallsish.xml HTTP/1.1" 200 147216 "-" "Mozilla/5.0 (Macintosh; Intel Mac OS X 10_13_6) AppleWebKit/537.36 (KHTML, like Gecko) Chrome/73.0.3669.0 Safari/537.36"
31.183.145.2 - - [11/Apr/2025:10:49:25 +0200] "GET /Jurek/proadventure/feeds/proadventure_mallsish.xml HTTP/2.0" 200 10763432 "-" "Mozilla/5.0 (X11; Linux x86_64) AppleWebKit/537.36 (KHTML, like Gecko) Chrome/135.0.0.0 Safari/537.36"
34.254.211.19 - - [11/Apr/2025:10:49:38 +0200] "GET /Jurek/rems/feeds/rems_mallsish.xml HTTP/1.1" 200 147217 "-" "Mozilla/5.0 (Macintosh; Intel Mac OS X 10_13_6) AppleWebKit/537.36 (KHTML, like Gecko) Chrome/73.0.3669.0 Safari/537.36"
31.183.145.2 - - [11/Apr/2025:10:49:39 +0200] "GET /Jurek/rems/feeds/rems_mallsish.xml HTTP/2.0" 200 8706208 "-" "Mozilla/5.0 (X11; Linux x86_64) AppleWebKit/537.36 (KHTML, like Gecko) Chrome/135.0.0.0 Safari/537.36"
54.74.57.157 - - [11/Apr/2025:10:49:52 +0200] "GET /Jurek/newtechele/feeds/newtechele_mallsish.xml HTTP/1.1" 200 147217 "-" "Mozilla/5.0 (Macintosh; Intel Mac OS X 10_13_6) AppleWebKit/537.36 (KHTML, like Gecko) Chrome/73.0.3669.0 Safari/537.36"
99.81.124.164 - - [11/Apr/2025:10:49:55 +0200] "GET /Jurek/narzbud/feeds/narzbud_mallsish.xml HTTP/1.1" 200 147217 "-" "Mozilla/5.0 (Macintosh; Intel Mac OS X 10_13_6) AppleWebKit/537.36 (KHTML, like Gecko) Chrome/73.0.3669.0 Safari/537.36"
31.183.145.2 - - [11/Apr/2025:10:49:56 +0200] "GET /Jurek/roger/feeds/roger_mallsish.xml HTTP/2.0" 200 1396572 "-" "Mozilla/5.0 (X11; Linux x86_64) AppleWebKit/537.36 (KHTML, like Gecko) Chrome/135.0.0.0 Safari/537.36"
34.251.233.56 - - [11/Apr/2025:10:50:10 +0200] "GET /Jurek/beltimore/feeds/beltimore_mallsish.xml HTTP/1.1" 200 147215 "-" "Mozilla/5.0 (Macintosh; Intel Mac OS X 10_13_6) AppleWebKit/537.36 (KHTML, like Gecko) Chrome/73.0.3669.0 Safari/537.36"
31.183.145.2 - - [11/Apr/2025:10:50:12 +0200] "GET /Jurek/sovapl/feeds/sovapl_mallsish.xml HTTP/2.0" 200 8999705 "-" "Mozilla/5.0 (X11; Linux x86_64) AppleWebKit/537.36 (KHTML, like Gecko) Chrome/135.0.0.0 Safari/537.36"
34.251.233.56 - - [11/Apr/2025:10:50:26 +0200] "GET /Jurek/roger/feeds/roger_mallsish.xml HTTP/1.1" 200 147217 "-" "Mozilla/5.0 (Macintosh; Intel Mac OS X 10_13_6) AppleWebKit/537.36 (KHTML, like Gecko) Chrome/73.0.3669.0 Safari/537.36"
99.81.124.164 - - [11/Apr/2025:10:50:29 +0200] "GET /Jurek/stiv/feeds/stiv_mallsish.xml HTTP/1.1" 200 147217 "-" "Mozilla/5.0 (Macintosh; Intel Mac OS X 10_13_6) AppleWebKit/537.36 (KHTML, like Gecko) Chrome/73.0.3669.0 Safari/537.36"
31.183.145.2 - - [11/Apr/2025:10:50:29 +0200] "GET /Jurek/stiv/feeds/stiv_mallsish.xml HTTP/2.0" 200 2056817 "-" "Mozilla/5.0 (X11; Linux x86_64) AppleWebKit/537.36 (KHTML, like Gecko) Chrome/135.0.0.0 Safari/537.36"
52.167.144.216 - - [11/Apr/2025:10:50:52 +0200] "GET /Jurek/eurofirany/images/433255/0.jpg HTTP/2.0" 200 6625 "-" "Mozilla/5.0 AppleWebKit/537.36 (KHTML, like Gecko; compatible; bingbot/2.0; +http://www.bing.com/bingbot.htm) Chrome/116.0.1938.76 Safari/537.36"
46.101.116.244 - - [11/Apr/2025:10:51:52 +0200] "GET /Jurek/aw/feeds/aw_fnacfr.xml HTTP/1.0" 404 3551 "-" "-"
31.183.145.2 - - [11/Apr/2025:10:52:34 +0200] "GET /Jurek/kalama/feeds/kalama_alza.xml HTTP/2.0" 200 2662552 "-" "Mozilla/5.0 (X11; Linux x86_64) AppleWebKit/537.36 (KHTML, like Gecko) Chrome/135.0.0.0 Safari/537.36"
5.134.208.158 - - [11/Apr/2025:10:52:48 +0200] "GET /Jurek/eurofirany/images/379495/0.jpg HTTP/1.1" 200 52269 "-" "-"
31.183.145.2 - - [11/Apr/2025:10:52:48 +0200] "GET /Jurek/proadventure/feeds/proadventure_alza.xml HTTP/2.0" 200 10767307 "-" "Mozilla/5.0 (X11; Linux x86_64) AppleWebKit/537.36 (KHTML, like Gecko) Chrome/135.0.0.0 Safari/537.36"
109.103.100.86 - - [11/Apr/2025:10:53:13 +0200] "GET /Jurek/eurofirany/images/91842/1.jpg HTTP/2.0" 200 70838 "https://www.emag.ro/perdea-rebecca-350x160-cm-alba-eurofirany-91842/pd/DXKH8LMBM/" "Mozilla/5.0 (Windows NT 10.0; Win64; x64) AppleWebKit/537.36 (KHTML, like Gecko) Chrome/135.0.0.0 Safari/537.36"
109.103.100.86 - - [11/Apr/2025:10:53:13 +0200] "GET /Jurek/eurofirany/images/91842/3.jpg HTTP/2.0" 200 78393 "https://www.emag.ro/perdea-rebecca-350x160-cm-alba-eurofirany-91842/pd/DXKH8LMBM/" "Mozilla/5.0 (Windows NT 10.0; Win64; x64) AppleWebKit/537.36 (KHTML, like Gecko) Chrome/135.0.0.0 Safari/537.36"
109.103.100.86 - - [11/Apr/2025:10:53:13 +0200] "GET /Jurek/eurofirany/images/91842/6.jpg HTTP/2.0" 200 80050 "https://www.emag.ro/perdea-rebecca-350x160-cm-alba-eurofirany-91842/pd/DXKH8LMBM/" "Mozilla/5.0 (Windows NT 10.0; Win64; x64) AppleWebKit/537.36 (KHTML, like Gecko) Chrome/135.0.0.0 Safari/537.36"
109.103.100.86 - - [11/Apr/2025:10:53:13 +0200] "GET /Jurek/eurofirany/images/91842/2.jpg HTTP/2.0" 200 42338 "https://www.emag.ro/perdea-rebecca-350x160-cm-alba-eurofirany-91842/pd/DXKH8LMBM/" "Mozilla/5.0 (Windows NT 10.0; Win64; x64) AppleWebKit/537.36 (KHTML, like Gecko) Chrome/135.0.0.0 Safari/537.36"
109.103.100.86 - - [11/Apr/2025:10:53:13 +0200] "GET /Jurek/eurofirany/images/91842/4.jpg HTTP/2.0" 200 329274 "https://www.emag.ro/perdea-rebecca-350x160-cm-alba-eurofirany-91842/pd/DXKH8LMBM/" "Mozilla/5.0 (Windows NT 10.0; Win64; x64) AppleWebKit/537.36 (KHTML, like Gecko) Chrome/135.0.0.0 Safari/537.36"
109.103.100.86 - - [11/Apr/2025:10:53:13 +0200] "GET /Jurek/eurofirany/images/91842/5.jpg HTTP/2.0" 200 152403 "https://www.emag.ro/perdea-rebecca-350x160-cm-alba-eurofirany-91842/pd/DXKH8LMBM/" "Mozilla/5.0 (Windows NT 10.0; Win64; x64) AppleWebKit/537.36 (KHTML, like Gecko) Chrome/135.0.0.0 Safari/537.36"
109.103.100.86 - - [11/Apr/2025:10:53:13 +0200] "GET /Jurek/eurofirany/images/91842/7.jpg HTTP/2.0" 200 243490 "https://www.emag.ro/perdea-rebecca-350x160-cm-alba-eurofirany-91842/pd/DXKH8LMBM/" "Mozilla/5.0 (Windows NT 10.0; Win64; x64) AppleWebKit/537.36 (KHTML, like Gecko) Chrome/135.0.0.0 Safari/537.36"
66.135.223.43 - - [11/Apr/2025:10:54:04 +0200] "GET /Jurek/topeshop/downloaded_images/5902838468418_front.jpg HTTP/1.1" 200 42188 "http://www.ebay.com/" "Mozilla/4.0 (compatible; MSIE 4.01; Windows NT)"
66.135.223.44 - - [11/Apr/2025:10:54:04 +0200] "GET /Jurek/topeshop/downloaded_images/5902838468418_Opal_Biel_Szafka.jpg HTTP/1.1" 404 3551 "http://www.ebay.com/" "Mozilla/4.0 (compatible; MSIE 4.01; Windows NT)"
66.135.223.44 - - [11/Apr/2025:10:54:04 +0200] "GET /Jurek/topeshop/downloaded_images/5902838468418_20_st.jpg HTTP/1.1" 200 42885 "http://www.ebay.com/" "Mozilla/4.0 (compatible; MSIE 4.01; Windows NT)"
66.135.223.44 - - [11/Apr/2025:10:54:04 +0200] "GET /Jurek/topeshop/downloaded_images/5902838468418_Biel_x.jpg HTTP/1.1" 200 78747 "http://www.ebay.com/" "Mozilla/4.0 (compatible; MSIE 4.01; Windows NT)"
66.135.223.43 - - [11/Apr/2025:10:54:04 +0200] "GET /Jurek/topeshop/downloaded_images/5902838468418_front_open.jpg HTTP/1.1" 200 38868 "http://www.ebay.com/" "Mozilla/4.0 (compatible; MSIE 4.01; Windows NT)"
66.135.223.44 - - [11/Apr/2025:10:54:04 +0200] "GET /Jurek/topeshop/downloaded_images/5902838468418_20_st_open.jpg HTTP/1.1" 200 40708 "http://www.ebay.com/" "Mozilla/4.0 (compatible; MSIE 4.01; Windows NT)"
66.135.223.40 - - [11/Apr/2025:10:54:04 +0200] "GET /Jurek/topeshop/downloaded_images/5902838468418_wymiary_open_Obszar_roboczy_1.jpg HTTP/1.1" 200 50172 "http://www.ebay.com/" "Mozilla/4.0 (compatible; MSIE 4.01; Windows NT)"
66.135.223.41 - - [11/Apr/2025:10:54:04 +0200] "GET /Jurek/topeshop/downloaded_images/5902838468418_close_wymiary_Obszar_roboczy_1.jpg HTTP/1.1" 200 51632 "http://www.ebay.com/" "Mozilla/4.0 (compatible; MSIE 4.01; Windows NT)"
34.254.211.19 - - [11/Apr/2025:10:55:20 +0200] "GET /Jurek/madrex/feeds/madrex_kauflandsk.xml HTTP/1.1" 200 147219 "-" "Mozilla/5.0 (Macintosh; Intel Mac OS X 10_13_6) AppleWebKit/537.36 (KHTML, like Gecko) Chrome/73.0.3669.0 Safari/537.36"
31.183.145.2 - - [11/Apr/2025:10:55:20 +0200] "GET /Jurek/madrex/feeds/madrex_kauflandsk.xml HTTP/2.0" 200 466693 "-" "Mozilla/5.0 (X11; Linux x86_64) AppleWebKit/537.36 (KHTML, like Gecko) Chrome/135.0.0.0 Safari/537.36"
99.81.124.164 - - [11/Apr/2025:10:55:35 +0200] "GET /Jurek/madrex/feeds/madrex_kauflandcz.xml HTTP/1.1" 200 147219 "-" "Mozilla/5.0 (Macintosh; Intel Mac OS X 10_13_6) AppleWebKit/537.36 (KHTML, like Gecko) Chrome/73.0.3669.0 Safari/537.36"
31.183.145.2 - - [11/Apr/2025:10:55:36 +0200] "GET /Jurek/madrex/feeds/madrex_kauflandcz.xml HTTP/2.0" 200 466751 "-" "Mozilla/5.0 (X11; Linux x86_64) AppleWebKit/537.36 (KHTML, like Gecko) Chrome/135.0.0.0 Safari/537.36"
193.33.8.61 - - [11/Apr/2025:10:55:49 +0200] "GET /Jurek/roger/feeds/roger_cdon_se.xml HTTP/2.0" 200 1148086 "https://konsola.dkkapusta1997.usermd.net/" "Mozilla/5.0 (Windows NT 10.0; Win64; x64) AppleWebKit/537.36 (KHTML, like Gecko) Chrome/135.0.0.0 Safari/537.36"
193.33.8.61 - - [11/Apr/2025:10:55:51 +0200] "GET /favicon.ico HTTP/2.0" 404 3551 "https://dkkapusta1997.usermd.net/Jurek/roger/feeds/roger_cdon_se.xml" "Mozilla/5.0 (Windows NT 10.0; Win64; x64) AppleWebKit/537.36 (KHTML, like Gecko) Chrome/135.0.0.0 Safari/537.36"
89.161.206.59 - - [11/Apr/2025:10:55:52 +0200] "GET /Jurek/tsjerzy/feeds/tsjerzy_amazonde.xml HTTP/1.0" 200 3897676 "-" "-"
77.79.248.229 - - [11/Apr/2025:10:55:55 +0200] "GET /Jurek/roger/feeds/roger_cdon_se.xml HTTP/1.1" 200 1148086 "-" "Python-urllib/3.11"
31.183.145.2 - - [11/Apr/2025:10:55:56 +0200] "GET /Jurek/kobi/feeds/kobi_kauflandcz.xml HTTP/2.0" 200 943223 "-" "Mozilla/5.0 (X11; Linux x86_64) AppleWebKit/537.36 (KHTML, like Gecko) Chrome/135.0.0.0 Safari/537.36"
34.250.103.72 - - [11/Apr/2025:10:56:15 +0200] "GET /Jurek/kobi/feeds/kobi_kauflandsk.xml HTTP/1.1" 200 147219 "-" "Mozilla/5.0 (Macintosh; Intel Mac OS X 10_13_6) AppleWebKit/537.36 (KHTML, like Gecko) Chrome/73.0.3669.0 Safari/537.36"
31.183.145.2 - - [11/Apr/2025:10:56:16 +0200] "GET /Jurek/kobi/feeds/kobi_kauflandsk.xml HTTP/2.0" 200 943003 "-" "Mozilla/5.0 (X11; Linux x86_64) AppleWebKit/537.36 (KHTML, like Gecko) Chrome/135.0.0.0 Safari/537.36"
34.254.211.19 - - [11/Apr/2025:10:56:35 +0200] "GET /Jurek/hurtmeblowy/feeds/hurtmeblowy_kauflandsk.xml HTTP/1.1" 200 147217 "-" "Mozilla/5.0 (Macintosh; Intel Mac OS X 10_13_6) AppleWebKit/537.36 (KHTML, like Gecko) Chrome/73.0.3669.0 Safari/537.36"
31.183.145.2 - - [11/Apr/2025:10:56:36 +0200] "GET /Jurek/hurtmeblowy/feeds/hurtmeblowy_kauflandsk.xml HTTP/2.0" 200 8495484 "-" "Mozilla/5.0 (X11; Linux x86_64) AppleWebKit/537.36 (KHTML, like Gecko) Chrome/135.0.0.0 Safari/537.36"
46.101.116.244 - - [11/Apr/2025:10:56:45 +0200] "GET /Jurek/aw/feeds/aw_fnacfr.xml HTTP/1.0" 404 3551 "-" "-"
46.101.116.244 - - [11/Apr/2025:10:56:52 +0200] "GET /Jurek/kinghoff/feeds/kinghoff_ceneo.xml HTTP/1.0" 200 15438549 "-" "-"
46.101.116.244 - - [11/Apr/2025:10:56:53 +0200] "GET /Jurek/barbecook/feeds/barbecook_allegro.xml HTTP/1.0" 200 87554 "-" "-"
46.101.116.244 - - [11/Apr/2025:10:56:56 +0200] "GET /Jurek/vida_morele/feeds/vidaPL_velomarket_category0.xml HTTP/1.0" 200 144367788 "-" "-"
31.183.145.2 - - [11/Apr/2025:10:56:58 +0200] "GET /Jurek/hurtmeblowy/feeds/hurtmeblowy_kauflandcz.xml HTTP/2.0" 200 8498712 "-" "Mozilla/5.0 (X11; Linux x86_64) AppleWebKit/537.36 (KHTML, like Gecko) Chrome/135.0.0.0 Safari/537.36"
46.101.116.244 - - [11/Apr/2025:10:56:58 +0200] "GET /Jurek/vida_morele/feeds/vidaPL_velomarket_category2.xml HTTP/1.0" 200 41669604 "-" "-"
89.161.206.59 - - [11/Apr/2025:10:57:26 +0200] "GET /Jurek/rems/feeds/rems_bol.xml HTTP/1.0" 200 8706194 "-" "-"
89.161.206.59 - - [11/Apr/2025:10:57:39 +0200] "GET /Jurek/maksik/feeds/maksik_emagro.xml HTTP/1.0" 200 4085175 "-" "-"
46.101.116.244 - - [11/Apr/2025:10:57:42 +0200] "GET /Jurek/intsell/feeds/intsell_skroutz.xml HTTP/1.0" 200 269817819 "-" "-"
89.161.206.59 - - [11/Apr/2025:10:57:51 +0200] "GET /Jurek/zepnij/feeds/zepnij_skroutz.xml HTTP/1.0" 200 19522544 "-" "-"
89.161.206.59 - - [11/Apr/2025:10:57:53 +0200] "GET /Jurek/emaja24/feeds/emaja24_skroutz.xml HTTP/1.0" 200 5101974 "-" "-"
89.161.206.59 - - [11/Apr/2025:10:57:58 +0200] "GET /Jurek/swiatecznygoliat/feeds/swiatecznygoliat_skroutz.xml HTTP/1.0" 200 7054430 "-" "-"
77.79.248.229 - - [11/Apr/2025:10:58:01 +0200] "GET /Jurek/eurofirany/feeds/eurofirany_manomanode.xml HTTP/1.1" 200 19347101 "-" "Python-urllib/3.11"
77.79.248.229 - - [11/Apr/2025:10:58:03 +0200] "GET /Jurek/hurtownia_przemyslowa/feeds/hp_manomanode.xml HTTP/1.1" 200 49362466 "-" "Python-urllib/3.11"
77.79.248.229 - - [11/Apr/2025:10:58:03 +0200] "GET /Jurek/topeshop/feeds/topeshop_manoDE.xml HTTP/1.1" 200 2624255 "-" "Python-urllib/3.11"
77.79.248.229 - - [11/Apr/2025:10:58:04 +0200] "GET /Jurek/aw/feeds/awnarzedzia_manomanoDE.xml HTTP/1.1" 200 90570733 "-" "Python-urllib/3.11"
77.79.248.229 - - [11/Apr/2025:10:58:05 +0200] "GET /Jurek/action/feeds/action_manomano_DE.xml HTTP/1.1" 200 60188913 "-" "Python-urllib/3.11"
77.79.248.229 - - [11/Apr/2025:10:58:05 +0200] "GET /Jurek/drewdon/feeds/drewdon_manomanoDE.xml HTTP/1.1" 200 504449 "-" "Python-urllib/3.11"
77.79.248.229 - - [11/Apr/2025:10:58:05 +0200] "GET /Jurek/kobi/feeds/kobi_manomanoDE.xml HTTP/1.1" 200 1993244 "-" "Python-urllib/3.11"
77.79.248.229 - - [11/Apr/2025:10:58:05 +0200] "GET /Jurek/pupus/feeds/pupus_manomanoDE.xml HTTP/1.1" 200 6154178 "-" "Python-urllib/3.11"
77.79.248.229 - - [11/Apr/2025:10:58:05 +0200] "GET /Jurek/reman/feeds/reman_manoamnoDE.xml HTTP/1.1" 200 1394831 "-" "Python-urllib/3.11"
77.79.248.229 - - [11/Apr/2025:10:58:06 +0200] "GET /Jurek/artdog/feeds/artdog_manomanoDE.xml HTTP/1.1" 200 17158802 "-" "Python-urllib/3.11"
77.79.248.229 - - [11/Apr/2025:10:58:06 +0200] "GET /Jurek/sartrix/feeds/sartrix_manomanoDE.xml HTTP/1.1" 200 649178 "-" "Python-urllib/3.11"
77.79.248.229 - - [11/Apr/2025:10:58:06 +0200] "GET /Jurek/hlo/feeds/hlo_manomanoDE.xml HTTP/1.1" 200 4838600 "-" "Python-urllib/3.11"
77.79.248.229 - - [11/Apr/2025:10:58:06 +0200] "GET /Jurek/hurtmeblowy/feeds/hurtmeblowy_ManoDE.xml HTTP/1.1" 200 8493735 "-" "Python-urllib/3.11"
77.79.248.229 - - [11/Apr/2025:10:58:06 +0200] "GET /Jurek/drops/feeds/dropsofficecolection_manoDE.xml HTTP/1.1" 200 790631 "-" "Python-urllib/3.11"
77.79.248.229 - - [11/Apr/2025:10:58:06 +0200] "GET /Jurek/aiofactory/feeds/aiofactory_manomanoDE.xml HTTP/1.1" 200 2123774 "-" "Python-urllib/3.11"
77.79.248.229 - - [11/Apr/2025:10:58:06 +0200] "GET /Jurek/szpaklampy/feeds/szpaklampy_manoDE.xml HTTP/1.1" 200 388213 "-" "Python-urllib/3.11"
77.79.248.229 - - [11/Apr/2025:10:58:07 +0200] "GET /Jurek/kristronik/feeds/kristronik_manoDE.xml HTTP/1.1" 200 691971 "-" "Python-urllib/3.11"
77.79.248.229 - - [11/Apr/2025:10:58:07 +0200] "GET /Jurek/techrebal/feeds/techrebal_manoDE.xml HTTP/1.1" 200 1989720 "-" "Python-urllib/3.11"
77.79.248.229 - - [11/Apr/2025:10:58:07 +0200] "GET /Jurek/proparts/feeds/proparts_manoDE.xml HTTP/1.1" 200 707467 "-" "Python-urllib/3.11"
77.79.248.229 - - [11/Apr/2025:10:58:07 +0200] "GET /Jurek/rosfix/feeds/rosfix_manoDE.xml HTTP/1.1" 200 35769576 "-" "Python-urllib/3.11"
77.79.248.229 - - [11/Apr/2025:10:58:07 +0200] "GET /Jurek/matkam/feeds/matkam_manoDE.xml HTTP/1.1" 200 5000480 "-" "Python-urllib/3.11"
77.79.248.229 - - [11/Apr/2025:10:58:07 +0200] "GET /Jurek/hanex/feeds/hanex_manoDE.xml HTTP/1.1" 200 13931507 "-" "Python-urllib/3.11"
77.79.248.229 - - [11/Apr/2025:10:58:08 +0200] "GET /Jurek/broers/feeds/broers_manoDE.xml HTTP/1.1" 200 1982574 "-" "Python-urllib/3.11"
77.79.248.229 - - [11/Apr/2025:10:58:08 +0200] "GET /Jurek/em3/feeds/em3_manoDE.xml HTTP/1.1" 200 258923 "-" "Python-urllib/3.11"
77.79.248.229 - - [11/Apr/2025:10:58:08 +0200] "GET /Jurek/pagmil/feeds/pagmil_manoDE.xml HTTP/1.1" 200 1802831 "-" "Python-urllib/3.11"
77.79.248.229 - - [11/Apr/2025:10:58:08 +0200] "GET /Jurek/evil/feeds/evil_manoDE.xml HTTP/1.1" 200 306374 "-" "Python-urllib/3.11"
77.79.248.229 - - [11/Apr/2025:10:58:08 +0200] "GET /Jurek/hdwr/feeds/hdwr_manoDE.xml HTTP/1.1" 200 789388 "-" "Python-urllib/3.11"
77.79.248.229 - - [11/Apr/2025:10:58:08 +0200] "GET /Jurek/lampart/feeds/lampart_manoDE.xml HTTP/1.1" 200 936030 "-" "Python-urllib/3.11"
77.79.248.229 - - [11/Apr/2025:10:58:08 +0200] "GET /Jurek/nonabox/feeds/nonabox_manoDE.xml HTTP/1.1" 200 33867 "-" "Python-urllib/3.11"
77.79.248.229 - - [11/Apr/2025:10:58:08 +0200] "GET /Jurek/smxdesign/feeds/smxdesign_manoDE.xml HTTP/1.1" 200 1829044 "-" "Python-urllib/3.11"
77.79.248.229 - - [11/Apr/2025:10:58:08 +0200] "GET /Jurek/techrebalina/feeds/techrebalina_manoDE.xml HTTP/1.1" 200 2011171 "-" "Python-urllib/3.11"
77.79.248.229 - - [11/Apr/2025:10:58:08 +0200] "GET /Jurek/cdata/feeds/cdata_manoDE.xml HTTP/1.1" 200 1445120 "-" "Python-urllib/3.11"
77.79.248.229 - - [11/Apr/2025:10:58:08 +0200] "GET /Jurek/omi/feeds/omi_manoDE.xml HTTP/1.1" 200 8105384 "-" "Python-urllib/3.11"
77.79.248.229 - - [11/Apr/2025:10:58:08 +0200] "GET /Jurek/tsjerzy/feeds/tsjerzy_manoDE.xml HTTP/1.1" 200 3897712 "-" "Python-urllib/3.11"
77.79.248.229 - - [11/Apr/2025:10:58:08 +0200] "GET /Jurek/narzbud/feeds/narzbud_manoDE.xml HTTP/1.1" 200 1901225 "-" "Python-urllib/3.11"
77.79.248.229 - - [11/Apr/2025:10:58:09 +0200] "GET /Jurek/makow/feeds/makow_manoDE.xml HTTP/1.1" 200 21203692 "-" "Python-urllib/3.11"
77.79.248.229 - - [11/Apr/2025:10:58:09 +0200] "GET /Jurek/jankeski/feeds/jankeski_manoDE.xml HTTP/1.1" 200 6571088 "-" "Python-urllib/3.11"
77.79.248.229 - - [11/Apr/2025:10:58:09 +0200] "GET /Jurek/gandalf/feeds/gandalf_manoDE.xml HTTP/1.1" 200 1082509 "-" "Python-urllib/3.11"
77.79.248.229 - - [11/Apr/2025:10:58:09 +0200] "GET /Jurek/cenoman/feeds/cenoman_manoDE.xml HTTP/1.1" 200 5993131 "-" "Python-urllib/3.11"
77.79.248.229 - - [11/Apr/2025:10:58:09 +0200] "GET /Jurek/zenex/feeds/zenex_manoDE.xml HTTP/1.1" 200 540148 "-" "Python-urllib/3.11"
77.79.248.229 - - [11/Apr/2025:10:58:09 +0200] "GET /Jurek/andex/feeds/andex_manoDE.xml HTTP/1.1" 200 1953416 "-" "Python-urllib/3.11"
77.79.248.229 - - [11/Apr/2025:10:58:09 +0200] "GET /Jurek/sebmart/feeds/sebmart_manoDE.xml HTTP/1.1" 200 1598740 "-" "Python-urllib/3.11"
77.79.248.229 - - [11/Apr/2025:10:58:09 +0200] "GET /Jurek/benetech/feeds/benetech_manode.xml HTTP/1.1" 200 4165333 "-" "Python-urllib/3.11"
77.79.248.229 - - [11/Apr/2025:10:58:10 +0200] "GET /Jurek/dekoele/feeds/dekoele_manomanoDE.xml HTTP/1.1" 200 733937 "-" "Python-urllib/3.11"
77.79.248.229 - - [11/Apr/2025:10:58:10 +0200] "GET /Jurek/kalama/feeds/kalama_manoDE.xml HTTP/1.1" 200 2661726 "-" "Python-urllib/3.11"
77.79.248.229 - - [11/Apr/2025:10:58:10 +0200] "GET /Jurek/mojeledy/feeds/mojeledy_manoDE.xml HTTP/1.1" 200 1018431 "-" "Python-urllib/3.11"
77.79.248.229 - - [11/Apr/2025:10:58:10 +0200] "GET /Jurek/rovato/feeds/rovato_manoDE.xml HTTP/1.1" 200 180831 "-" "Python-urllib/3.11"
77.79.248.229 - - [11/Apr/2025:10:58:10 +0200] "GET /Jurek/stiv/feeds/stiv_manoDE.xml HTTP/1.1" 200 2056797 "-" "Python-urllib/3.11"
77.79.248.229 - - [11/Apr/2025:10:58:11 +0200] "GET /Jurek/piotrmiedz/feeds/piotrmiedz_manoDE.xml HTTP/1.1" 200 91046726 "-" "Python-urllib/3.11"
77.79.248.229 - - [11/Apr/2025:10:58:11 +0200] "GET /Jurek/pawonik/feeds/pawonik_manoDE.xml HTTP/1.1" 200 2138412 "-" "Python-urllib/3.11"
77.79.248.229 - - [11/Apr/2025:10:58:11 +0200] "GET /Jurek/alucon/feeds/alucon_manoDE.xml HTTP/1.1" 200 553581 "-" "Python-urllib/3.11"
77.79.248.229 - - [11/Apr/2025:10:58:11 +0200] "GET /Jurek/sovapl/feeds/sovapl_manoDE.xml HTTP/1.1" 200 8999888 "-" "Python-urllib/3.11"
77.79.248.229 - - [11/Apr/2025:10:58:11 +0200] "GET /Jurek/missionair/feeds/missionair_manoDE.xml HTTP/1.1" 200 3154876 "-" "Python-urllib/3.11"
77.79.248.229 - - [11/Apr/2025:10:58:11 +0200] "GET /Jurek/fernity/feeds/fernity_manomano.xml HTTP/1.1" 200 4796565 "-" "Python-urllib/3.11"
77.79.248.229 - - [11/Apr/2025:10:58:12 +0200] "GET /Jurek/eurofirany/feeds/eurofirany_manomanofr.xml HTTP/1.1" 200 19346969 "-" "Python-urllib/3.11"
77.79.248.229 - - [11/Apr/2025:10:58:12 +0200] "GET /Jurek/hurtownia_przemyslowa/feeds/hp_manomanofr.xml HTTP/1.1" 200 49362723 "-" "Python-urllib/3.11"
77.79.248.229 - - [11/Apr/2025:10:58:13 +0200] "GET /Jurek/kinghome/feeds/kinghome_manomanofr.xml HTTP/1.1" 200 6023748 "-" "Python-urllib/3.11"
77.79.248.229 - - [11/Apr/2025:10:58:13 +0200] "GET /Jurek/topeshop/feeds/topeshop_manoFR.xml HTTP/1.1" 200 2624351 "-" "Python-urllib/3.11"
77.79.248.229 - - [11/Apr/2025:10:58:14 +0200] "GET /Jurek/activeshop/feeds/activeshop_manomanofr.xml HTTP/1.1" 200 10443660 "-" "Python-urllib/3.11"
77.79.248.229 - - [11/Apr/2025:10:58:15 +0200] "GET /Jurek/aw/feeds/awnarzedzia_manomanofr.xml HTTP/1.1" 200 90572647 "-" "Python-urllib/3.11"
77.79.248.229 - - [11/Apr/2025:10:58:16 +0200] "GET /Jurek/bass_new/feeds/bass_manofr.xml HTTP/1.1" 200 7041026 "-" "Python-urllib/3.11"
77.79.248.229 - - [11/Apr/2025:10:58:16 +0200] "GET /Jurek/stema/feeds/stema_manofr.xml HTTP/1.1" 200 851870 "-" "Python-urllib/3.11"
77.79.248.229 - - [11/Apr/2025:10:58:16 +0200] "GET /Jurek/aiofactory/feeds/aiofactory_manomanoFR.xml HTTP/1.1" 200 2123758 "-" "Python-urllib/3.11"
77.79.248.229 - - [11/Apr/2025:10:58:17 +0200] "GET /Jurek/hurtmeblowy/feeds/hurtmeblowy_ManoFR.xml HTTP/1.1" 200 8493831 "-" "Python-urllib/3.11"
77.79.248.229 - - [11/Apr/2025:10:58:17 +0200] "GET /Jurek/szpaklampy/feeds/szpaklampy_manoFR.xml HTTP/1.1" 200 388215 "-" "Python-urllib/3.11"
77.79.248.229 - - [11/Apr/2025:10:58:17 +0200] "GET /Jurek/drops/feeds/dropsofficecolection_manoFR.xml HTTP/1.1" 200 790631 "-" "Python-urllib/3.11"
77.79.248.229 - - [11/Apr/2025:10:58:17 +0200] "GET /Jurek/kristronik/feeds/kristronik_manoFR.xml HTTP/1.1" 200 691976 "-" "Python-urllib/3.11"
77.79.248.229 - - [11/Apr/2025:10:58:17 +0200] "GET /Jurek/techrebal/feeds/techrebal_manoFR.xml HTTP/1.1" 200 1989718 "-" "Python-urllib/3.11"
77.79.248.229 - - [11/Apr/2025:10:58:17 +0200] "GET /Jurek/proparts/feeds/proparts_manoFR.xml HTTP/1.1" 200 707481 "-" "Python-urllib/3.11"
77.79.248.229 - - [11/Apr/2025:10:58:17 +0200] "GET /Jurek/kobi/feeds/kobi_manomanoFR.xml HTTP/1.1" 200 1993228 "-" "Python-urllib/3.11"
77.79.248.229 - - [11/Apr/2025:10:58:18 +0200] "GET /Jurek/rosfix/feeds/rosfix_manoFR.xml HTTP/1.1" 200 35769751 "-" "Python-urllib/3.11"
77.79.248.229 - - [11/Apr/2025:10:58:18 +0200] "GET /Jurek/matkam/feeds/matkam_manoFR.xml HTTP/1.1" 200 5000638 "-" "Python-urllib/3.11"
77.79.248.229 - - [11/Apr/2025:10:58:18 +0200] "GET /Jurek/hanex/feeds/hanex_manoFR.xml HTTP/1.1" 200 13931528 "-" "Python-urllib/3.11"
77.79.248.229 - - [11/Apr/2025:10:58:18 +0200] "GET /Jurek/broers/feeds/broers_manoFR.xml HTTP/1.1" 200 1982499 "-" "Python-urllib/3.11"
77.79.248.229 - - [11/Apr/2025:10:58:18 +0200] "GET /Jurek/em3/feeds/em3_manoFR.xml HTTP/1.1" 200 258924 "-" "Python-urllib/3.11"
77.79.248.229 - - [11/Apr/2025:10:58:18 +0200] "GET /Jurek/pagmil/feeds/pagmil_manoFR.xml HTTP/1.1" 200 1802831 "-" "Python-urllib/3.11"
77.79.248.229 - - [11/Apr/2025:10:58:18 +0200] "GET /Jurek/evil/feeds/evil_manoFR.xml HTTP/1.1" 200 306381 "-" "Python-urllib/3.11"
77.79.248.229 - - [11/Apr/2025:10:58:18 +0200] "GET /Jurek/hdwr/feeds/hdwr_manoFR.xml HTTP/1.1" 200 789405 "-" "Python-urllib/3.11"
77.79.248.229 - - [11/Apr/2025:10:58:19 +0200] "GET /Jurek/lampart/feeds/lampart_manoFR.xml HTTP/1.1" 200 936023 "-" "Python-urllib/3.11"
77.79.248.229 - - [11/Apr/2025:10:58:19 +0200] "GET /Jurek/nonabox/feeds/nonabox_manoFR.xml HTTP/1.1" 200 33865 "-" "Python-urllib/3.11"
77.79.248.229 - - [11/Apr/2025:10:58:19 +0200] "GET /Jurek/smxdesign/feeds/smxdesign_manoFR.xml HTTP/1.1" 200 1829028 "-" "Python-urllib/3.11"
77.79.248.229 - - [11/Apr/2025:10:58:19 +0200] "GET /Jurek/techrebalina/feeds/techrebalina_manoFR.xml HTTP/1.1" 200 2011146 "-" "Python-urllib/3.11"
77.79.248.229 - - [11/Apr/2025:10:58:19 +0200] "GET /Jurek/cdata/feeds/cdata_manoFR.xml HTTP/1.1" 200 1445128 "-" "Python-urllib/3.11"
77.79.248.229 - - [11/Apr/2025:10:58:19 +0200] "GET /Jurek/omi/feeds/omi_manoFR.xml HTTP/1.1" 200 8105570 "-" "Python-urllib/3.11"
77.79.248.229 - - [11/Apr/2025:10:58:19 +0200] "GET /Jurek/tsjerzy/feeds/tsjerzy_manoFR.xml HTTP/1.1" 200 3897764 "-" "Python-urllib/3.11"
77.79.248.229 - - [11/Apr/2025:10:58:19 +0200] "GET /Jurek/narzbud/feeds/narzbud_manoFR.xml HTTP/1.1" 200 1901237 "-" "Python-urllib/3.11"
77.79.248.229 - - [11/Apr/2025:10:58:19 +0200] "GET /Jurek/makow/feeds/makow_manoFR.xml HTTP/1.1" 200 21203753 "-" "Python-urllib/3.11"
77.79.248.229 - - [11/Apr/2025:10:58:20 +0200] "GET /Jurek/jankeski/feeds/jankeski_manoFR.xml HTTP/1.1" 200 6571063 "-" "Python-urllib/3.11"
77.79.248.229 - - [11/Apr/2025:10:58:20 +0200] "GET /Jurek/gandalf/feeds/gandalf_manoFR.xml HTTP/1.1" 200 1082530 "-" "Python-urllib/3.11"
77.79.248.229 - - [11/Apr/2025:10:58:20 +0200] "GET /Jurek/cenoman/feeds/cenoman_manoFR.xml HTTP/1.1" 200 5993159 "-" "Python-urllib/3.11"
77.79.248.229 - - [11/Apr/2025:10:58:20 +0200] "GET /Jurek/zenex/feeds/zenex_manoFR.xml HTTP/1.1" 200 540166 "-" "Python-urllib/3.11"
77.79.248.229 - - [11/Apr/2025:10:58:20 +0200] "GET /Jurek/andex/feeds/andex_manoFR.xml HTTP/1.1" 200 1953440 "-" "Python-urllib/3.11"
77.79.248.229 - - [11/Apr/2025:10:58:20 +0200] "GET /Jurek/sebmart/feeds/sebmart_manoFR.xml HTTP/1.1" 200 1598738 "-" "Python-urllib/3.11"
77.79.248.229 - - [11/Apr/2025:10:58:20 +0200] "GET /Jurek/benetech/feeds/benetech_manofr.xml HTTP/1.1" 200 4165339 "-" "Python-urllib/3.11"
77.79.248.229 - - [11/Apr/2025:10:58:20 +0200] "GET /Jurek/dekoele/feeds/dekoele_manomanoFR.xml HTTP/1.1" 200 733939 "-" "Python-urllib/3.11"
77.79.248.229 - - [11/Apr/2025:10:58:20 +0200] "GET /Jurek/kalama/feeds/kalama_manoFR.xml HTTP/1.1" 200 2661769 "-" "Python-urllib/3.11"
77.79.248.229 - - [11/Apr/2025:10:58:21 +0200] "GET /Jurek/mojeledy/feeds/mojeledy_manoFR.xml HTTP/1.1" 200 1018433 "-" "Python-urllib/3.11"
77.79.248.229 - - [11/Apr/2025:10:58:21 +0200] "GET /Jurek/rovato/feeds/rovato_manoFR.xml HTTP/1.1" 200 180832 "-" "Python-urllib/3.11"
77.79.248.229 - - [11/Apr/2025:10:58:21 +0200] "GET /Jurek/stiv/feeds/stiv_manoFR.xml HTTP/1.1" 200 2056863 "-" "Python-urllib/3.11"
77.79.248.229 - - [11/Apr/2025:10:58:22 +0200] "GET /Jurek/piotrmiedz/feeds/piotrmiedz_manoFR.xml HTTP/1.1" 200 91042166 "-" "Python-urllib/3.11"
77.79.248.229 - - [11/Apr/2025:10:58:22 +0200] "GET /Jurek/sartrix/feeds/sartrix_manomanoFR.xml HTTP/1.1" 200 649178 "-" "Python-urllib/3.11"
77.79.248.229 - - [11/Apr/2025:10:58:22 +0200] "GET /Jurek/drewdon/feeds/drewdon_manomanoFR.xml HTTP/1.1" 200 504450 "-" "Python-urllib/3.11"
77.79.248.229 - - [11/Apr/2025:10:58:22 +0200] "GET /Jurek/pupus/feeds/pupus_manomanoFR.xml HTTP/1.1" 200 6154617 "-" "Python-urllib/3.11"
77.79.248.229 - - [11/Apr/2025:10:58:22 +0200] "GET /Jurek/artdog/feeds/artdog_manomanoFR.xml HTTP/1.1" 200 17158764 "-" "Python-urllib/3.11"
77.79.248.229 - - [11/Apr/2025:10:58:22 +0200] "GET /Jurek/reman/feeds/reman_manoamnoFR.xml HTTP/1.1" 200 1394827 "-" "Python-urllib/3.11"
77.79.248.229 - - [11/Apr/2025:10:58:22 +0200] "GET /Jurek/pawonik/feeds/pawonik_manoFR.xml HTTP/1.1" 200 2138384 "-" "Python-urllib/3.11"
77.79.248.229 - - [11/Apr/2025:10:58:23 +0200] "GET /Jurek/alucon/feeds/alucon_manoFR.xml HTTP/1.1" 200 553578 "-" "Python-urllib/3.11"
77.79.248.229 - - [11/Apr/2025:10:58:23 +0200] "GET /Jurek/sovapl/feeds/sovapl_manoFR.xml HTTP/1.1" 200 8999462 "-" "Python-urllib/3.11"
77.79.248.229 - - [11/Apr/2025:10:58:23 +0200] "GET /Jurek/missionair/feeds/missionair_manoFR.xml HTTP/1.1" 200 3154886 "-" "Python-urllib/3.11"
77.79.248.229 - - [11/Apr/2025:10:58:24 +0200] "GET /Jurek/hurtownia_przemyslowa/feeds/hp_manomanoit.xml HTTP/1.1" 200 49362780 "-" "Python-urllib/3.11"
77.79.248.229 - - [11/Apr/2025:10:58:25 +0200] "GET /Jurek/eurofirany/feeds/eurofirany_manomanoit.xml HTTP/1.1" 200 19346928 "-" "Python-urllib/3.11"
77.79.248.229 - - [11/Apr/2025:10:58:26 +0200] "GET /Jurek/fernity/feeds/fernity_manoIT.xml HTTP/1.1" 200 4797012 "-" "Python-urllib/3.11"
77.79.248.229 - - [11/Apr/2025:10:58:27 +0200] "GET /Jurek/topeshop/feeds/topeshop_manoIT.xml HTTP/1.1" 200 2624342 "-" "Python-urllib/3.11"
77.79.248.229 - - [11/Apr/2025:10:58:27 +0200] "GET /Jurek/action/feeds/action_manomano_IT.xml HTTP/1.1" 200 60190697 "-" "Python-urllib/3.11"
77.79.248.229 - - [11/Apr/2025:10:58:28 +0200] "GET /Jurek/activeshop/feeds/activeshop_manomanoit.xml HTTP/1.1" 200 10443414 "-" "Python-urllib/3.11"
3.74.7.74 - - [11/Apr/2025:10:58:29 +0200] "GET /Jurek/eurofirany/images/467339/0.jpg HTTP/2.0" 200 79904 "-" "Mozilla/5.0 (Windows NT 10.0; Win64; x64) AppleWebKit/537.36 (KHTML, like Gecko) Chrome/109.0.0.0 Safari/537.36"
77.79.248.229 - - [11/Apr/2025:10:58:30 +0200] "GET /Jurek/aw/feeds/awnarzedzia_manomanoIT.xml HTTP/1.1" 200 90573325 "-" "Python-urllib/3.11"
5.134.208.158 - - [11/Apr/2025:10:58:30 +0200] "GET /Jurek/eurofirany/images/448538/0.jpg HTTP/1.1" 206 256 "https://www.ceneo.pl" "Mozilla/5.0 (Windows NT 10.0; Win64; x64) AppleWebKit/537.36 (KHTML, like Gecko) Chrome/87.0.4280.141 Safari/537.36"
77.79.248.229 - - [11/Apr/2025:10:58:30 +0200] "GET /Jurek/barbecook/feeds/barbecook_manoit.xml HTTP/1.1" 200 87536 "-" "Python-urllib/3.11"
77.79.248.229 - - [11/Apr/2025:10:58:30 +0200] "GET /Jurek/drewdon/feeds/drewdon_manomanoIT.xml HTTP/1.1" 200 504447 "-" "Python-urllib/3.11"
77.79.248.229 - - [11/Apr/2025:10:58:30 +0200] "GET /Jurek/kobi/feeds/kobi_manomanoIT.xml HTTP/1.1" 200 1993284 "-" "Python-urllib/3.11"
77.79.248.229 - - [11/Apr/2025:10:58:30 +0200] "GET /Jurek/pupus/feeds/pupus_manomanoIT.xml HTTP/1.1" 200 6154539 "-" "Python-urllib/3.11"
77.79.248.229 - - [11/Apr/2025:10:58:31 +0200] "GET /Jurek/reman/feeds/reman_manoamnoIT.xml HTTP/1.1" 200 1394827 "-" "Python-urllib/3.11"
77.79.248.229 - - [11/Apr/2025:10:58:31 +0200] "GET /Jurek/artdog/feeds/artdog_manomanoIT.xml HTTP/1.1" 200 17157203 "-" "Python-urllib/3.11"
77.79.248.229 - - [11/Apr/2025:10:58:31 +0200] "GET /Jurek/sartrix/feeds/sartrix_manomanoIT.xml HTTP/1.1" 200 649165 "-" "Python-urllib/3.11"
77.79.248.229 - - [11/Apr/2025:10:58:31 +0200] "GET /Jurek/hlo/feeds/hlo_manomanoIT.xml HTTP/1.1" 200 4838655 "-" "Python-urllib/3.11"
77.79.248.229 - - [11/Apr/2025:10:58:32 +0200] "GET /Jurek/hurtmeblowy/feeds/hurtmeblowy_ManoIT.xml HTTP/1.1" 200 8493774 "-" "Python-urllib/3.11"
77.79.248.229 - - [11/Apr/2025:10:58:32 +0200] "GET /Jurek/aiofactory/feeds/aiofactory_manomanoIT.xml HTTP/1.1" 200 2123785 "-" "Python-urllib/3.11"
77.79.248.229 - - [11/Apr/2025:10:58:32 +0200] "GET /Jurek/szpaklampy/feeds/szpaklampy_manoIT.xml HTTP/1.1" 200 388221 "-" "Python-urllib/3.11"
77.79.248.229 - - [11/Apr/2025:10:58:32 +0200] "GET /Jurek/drops/feeds/dropsofficecolection_manoIT.xml HTTP/1.1" 200 790559 "-" "Python-urllib/3.11"
77.79.248.229 - - [11/Apr/2025:10:58:32 +0200] "GET /Jurek/kristronik/feeds/kristronik_manoIT.xml HTTP/1.1" 200 691980 "-" "Python-urllib/3.11"
77.79.248.229 - - [11/Apr/2025:10:58:32 +0200] "GET /Jurek/techrebal/feeds/techrebal_manoIT.xml HTTP/1.1" 200 1989714 "-" "Python-urllib/3.11"
77.79.248.229 - - [11/Apr/2025:10:58:32 +0200] "GET /Jurek/proparts/feeds/proparts_manoIT.xml HTTP/1.1" 200 707504 "-" "Python-urllib/3.11"
77.79.248.229 - - [11/Apr/2025:10:58:33 +0200] "GET /Jurek/rosfix/feeds/rosfix_manoIT.xml HTTP/1.1" 200 35769716 "-" "Python-urllib/3.11"
77.79.248.229 - - [11/Apr/2025:10:58:33 +0200] "GET /Jurek/matkam/feeds/matkam_manoIT.xml HTTP/1.1" 200 5000664 "-" "Python-urllib/3.11"
77.79.248.229 - - [11/Apr/2025:10:58:33 +0200] "GET /Jurek/hanex/feeds/hanex_manoIT.xml HTTP/1.1" 200 13931522 "-" "Python-urllib/3.11"
77.79.248.229 - - [11/Apr/2025:10:58:33 +0200] "GET /Jurek/broers/feeds/broers_manoIT.xml HTTP/1.1" 200 1982627 "-" "Python-urllib/3.11"
77.79.248.229 - - [11/Apr/2025:10:58:33 +0200] "GET /Jurek/em3/feeds/em3_manoIT.xml HTTP/1.1" 200 258924 "-" "Python-urllib/3.11"
77.79.248.229 - - [11/Apr/2025:10:58:33 +0200] "GET /Jurek/pagmil/feeds/pagmil_manoIT.xml HTTP/1.1" 200 1802843 "-" "Python-urllib/3.11"
77.79.248.229 - - [11/Apr/2025:10:58:33 +0200] "GET /Jurek/evil/feeds/evil_manoIT.xml HTTP/1.1" 200 306387 "-" "Python-urllib/3.11"
77.79.248.229 - - [11/Apr/2025:10:58:33 +0200] "GET /Jurek/hdwr/feeds/hdwr_manoIT.xml HTTP/1.1" 200 789414 "-" "Python-urllib/3.11"
77.79.248.229 - - [11/Apr/2025:10:58:33 +0200] "GET /Jurek/lampart/feeds/lampart_manoIT.xml HTTP/1.1" 200 936036 "-" "Python-urllib/3.11"
77.79.248.229 - - [11/Apr/2025:10:58:34 +0200] "GET /Jurek/nonabox/feeds/nonabox_manoIT.xml HTTP/1.1" 200 33866 "-" "Python-urllib/3.11"
77.79.248.229 - - [11/Apr/2025:10:58:34 +0200] "GET /Jurek/smxdesign/feeds/smxdesign_manoIT.xml HTTP/1.1" 200 1828994 "-" "Python-urllib/3.11"
77.79.248.229 - - [11/Apr/2025:10:58:34 +0200] "GET /Jurek/techrebalina/feeds/techrebalina_manoIT.xml HTTP/1.1" 200 2011176 "-" "Python-urllib/3.11"
77.79.248.229 - - [11/Apr/2025:10:58:34 +0200] "GET /Jurek/omi/feeds/omi_manoIT.xml HTTP/1.1" 200 8105562 "-" "Python-urllib/3.11"
77.79.248.229 - - [11/Apr/2025:10:58:34 +0200] "GET /Jurek/tsjerzy/feeds/tsjerzy_manoIT.xml HTTP/1.1" 200 3897762 "-" "Python-urllib/3.11"
77.79.248.229 - - [11/Apr/2025:10:58:34 +0200] "GET /Jurek/narzbud/feeds/narzbud_manoIT.xml HTTP/1.1" 200 1901227 "-" "Python-urllib/3.11"
77.79.248.229 - - [11/Apr/2025:10:58:34 +0200] "GET /Jurek/makow/feeds/makow_manoIT.xml HTTP/1.1" 200 21203792 "-" "Python-urllib/3.11"
77.79.248.229 - - [11/Apr/2025:10:58:34 +0200] "GET /Jurek/jankeski/feeds/jankeski_manoIT.xml HTTP/1.1" 200 6571036 "-" "Python-urllib/3.11"
77.79.248.229 - - [11/Apr/2025:10:58:35 +0200] "GET /Jurek/gandalf/feeds/gandalf_manoIT.xml HTTP/1.1" 200 1082536 "-" "Python-urllib/3.11"
77.79.248.229 - - [11/Apr/2025:10:58:35 +0200] "GET /Jurek/cenoman/feeds/cenoman_manoIT.xml HTTP/1.1" 200 5993232 "-" "Python-urllib/3.11"
77.79.248.229 - - [11/Apr/2025:10:58:35 +0200] "GET /Jurek/zenex/feeds/zenex_manoIT.xml HTTP/1.1" 200 540160 "-" "Python-urllib/3.11"
5.134.208.158 - - [11/Apr/2025:10:58:35 +0200] "GET /Jurek/eurofirany/images/460711/0.jpg HTTP/1.1" 206 256 "https://www.ceneo.pl" "Mozilla/5.0 (Windows NT 10.0; Win64; x64) AppleWebKit/537.36 (KHTML, like Gecko) Chrome/87.0.4280.141 Safari/537.36"
77.79.248.229 - - [11/Apr/2025:10:58:35 +0200] "GET /Jurek/andex/feeds/andex_manoIT.xml HTTP/1.1" 200 1953445 "-" "Python-urllib/3.11"
77.79.248.229 - - [11/Apr/2025:10:58:35 +0200] "GET /Jurek/sebmart/feeds/sebmart_manoIT.xml HTTP/1.1" 200 1598732 "-" "Python-urllib/3.11"
77.79.248.229 - - [11/Apr/2025:10:58:35 +0200] "GET /Jurek/benetech/feeds/benetech_manoit.xml HTTP/1.1" 200 4165310 "-" "Python-urllib/3.11"
77.79.248.229 - - [11/Apr/2025:10:58:35 +0200] "GET /Jurek/dekoele/feeds/dekoele_manomanoIT.xml HTTP/1.1" 200 733938 "-" "Python-urllib/3.11"
77.79.248.229 - - [11/Apr/2025:10:58:35 +0200] "GET /Jurek/kalama/feeds/kalama_manoIT.xml HTTP/1.1" 200 2661740 "-" "Python-urllib/3.11"
77.79.248.229 - - [11/Apr/2025:10:58:35 +0200] "GET /Jurek/mojeledy/feeds/mojeledy_manoIT.xml HTTP/1.1" 200 1018422 "-" "Python-urllib/3.11"
77.79.248.229 - - [11/Apr/2025:10:58:36 +0200] "GET /Jurek/rovato/feeds/rovato_manoIT.xml HTTP/1.1" 200 180833 "-" "Python-urllib/3.11"
77.79.248.229 - - [11/Apr/2025:10:58:36 +0200] "GET /Jurek/stiv/feeds/stiv_manoIT.xml HTTP/1.1" 200 2056857 "-" "Python-urllib/3.11"
77.79.248.229 - - [11/Apr/2025:10:58:37 +0200] "GET /Jurek/piotrmiedz/feeds/piotrmiedz_manoIT.xml HTTP/1.1" 200 91038226 "-" "Python-urllib/3.11"
77.79.248.229 - - [11/Apr/2025:10:58:37 +0200] "GET /Jurek/pawonik/feeds/pawonik_manoIT.xml HTTP/1.1" 200 2138415 "-" "Python-urllib/3.11"
77.79.248.229 - - [11/Apr/2025:10:58:37 +0200] "GET /Jurek/alucon/feeds/alucon_manoIT.xml HTTP/1.1" 200 553576 "-" "Python-urllib/3.11"
77.79.248.229 - - [11/Apr/2025:10:58:37 +0200] "GET /Jurek/sovapl/feeds/sovapl_manoIT.xml HTTP/1.1" 200 8999523 "-" "Python-urllib/3.11"
77.79.248.229 - - [11/Apr/2025:10:58:37 +0200] "GET /Jurek/missionair/feeds/missionair_manoIT.xml HTTP/1.1" 200 3154883 "-" "Python-urllib/3.11"
77.79.248.229 - - [11/Apr/2025:10:58:37 +0200] "GET /Jurek/drewdon/feeds/drewdon_manomanoES.xml HTTP/1.1" 200 504439 "-" "Python-urllib/3.11"
77.79.248.229 - - [11/Apr/2025:10:58:38 +0200] "GET /Jurek/hurtownia_przemyslowa/feeds/hp_manomanoES.xml HTTP/1.1" 200 49362833 "-" "Python-urllib/3.11"
77.79.248.229 - - [11/Apr/2025:10:58:38 +0200] "GET /Jurek/kobi/feeds/kobi_manomanoES.xml HTTP/1.1" 200 1993276 "-" "Python-urllib/3.11"
77.79.248.229 - - [11/Apr/2025:10:58:38 +0200] "GET /Jurek/pupus/feeds/pupus_manomanoES.xml HTTP/1.1" 200 6154544 "-" "Python-urllib/3.11"
77.79.248.229 - - [11/Apr/2025:10:58:38 +0200] "GET /Jurek/reman/feeds/reman_manoamnoES.xml HTTP/1.1" 200 1394824 "-" "Python-urllib/3.11"
77.79.248.229 - - [11/Apr/2025:10:58:39 +0200] "GET /Jurek/artdog/feeds/artdog_manomanoES.xml HTTP/1.1" 200 17158542 "-" "Python-urllib/3.11"
77.79.248.229 - - [11/Apr/2025:10:58:39 +0200] "GET /Jurek/sartrix/feeds/sartrix_manomanoES.xml HTTP/1.1" 200 649164 "-" "Python-urllib/3.11"
77.79.248.229 - - [11/Apr/2025:10:58:39 +0200] "GET /Jurek/hlo/feeds/hlo_manomanoES.xml HTTP/1.1" 200 4838614 "-" "Python-urllib/3.11"
77.79.248.229 - - [11/Apr/2025:10:58:39 +0200] "GET /Jurek/drops/feeds/dropsofficecolection_manoES.xml HTTP/1.1" 200 790596 "-" "Python-urllib/3.11"
77.79.248.229 - - [11/Apr/2025:10:58:40 +0200] "GET /Jurek/szpaklampy/feeds/szpaklampy_manoES.xml HTTP/1.1" 200 388213 "-" "Python-urllib/3.11"
77.79.248.229 - - [11/Apr/2025:10:58:40 +0200] "GET /Jurek/hurtmeblowy/feeds/hurtmeblowy_ManoES.xml HTTP/1.1" 200 8493846 "-" "Python-urllib/3.11"
77.79.248.229 - - [11/Apr/2025:10:58:40 +0200] "GET /Jurek/aiofactory/feeds/aiofactory_manomanoES.xml HTTP/1.1" 200 2123785 "-" "Python-urllib/3.11"
77.79.248.229 - - [11/Apr/2025:10:58:41 +0200] "GET /Jurek/topeshop/feeds/topeshop_manoES.xml HTTP/1.1" 200 2624410 "-" "Python-urllib/3.11"
77.79.248.229 - - [11/Apr/2025:10:58:41 +0200] "GET /Jurek/kristronik/feeds/kristronik_manoES.xml HTTP/1.1" 200 691970 "-" "Python-urllib/3.11"
77.79.248.229 - - [11/Apr/2025:10:58:41 +0200] "GET /Jurek/techrebal/feeds/techrebal_manoES.xml HTTP/1.1" 200 1989726 "-" "Python-urllib/3.11"
77.79.248.229 - - [11/Apr/2025:10:58:41 +0200] "GET /Jurek/proparts/feeds/proparts_manoES.xml HTTP/1.1" 200 707493 "-" "Python-urllib/3.11"
77.79.248.229 - - [11/Apr/2025:10:58:43 +0200] "GET /Jurek/rosfix/feeds/rosfix_manoES.xml HTTP/1.1" 200 35769667 "-" "Python-urllib/3.11"
77.79.248.229 - - [11/Apr/2025:10:58:43 +0200] "GET /Jurek/matkam/feeds/matkam_manoES.xml HTTP/1.1" 200 5000769 "-" "Python-urllib/3.11"
77.79.248.229 - - [11/Apr/2025:10:58:43 +0200] "GET /Jurek/hanex/feeds/hanex_manoES.xml HTTP/1.1" 200 13931536 "-" "Python-urllib/3.11"
77.79.248.229 - - [11/Apr/2025:10:58:44 +0200] "GET /Jurek/broers/feeds/broers_manoES.xml HTTP/1.1" 200 1982655 "-" "Python-urllib/3.11"
77.79.248.229 - - [11/Apr/2025:10:58:44 +0200] "GET /Jurek/em3/feeds/em3_manoES.xml HTTP/1.1" 200 258929 "-" "Python-urllib/3.11"
77.79.248.229 - - [11/Apr/2025:10:58:44 +0200] "GET /Jurek/pagmil/feeds/pagmil_manoES.xml HTTP/1.1" 200 1802830 "-" "Python-urllib/3.11"
77.79.248.229 - - [11/Apr/2025:10:58:44 +0200] "GET /Jurek/evil/feeds/evil_manoES.xml HTTP/1.1" 200 306385 "-" "Python-urllib/3.11"
77.79.248.229 - - [11/Apr/2025:10:58:44 +0200] "GET /Jurek/hdwr/feeds/hdwr_manoES.xml HTTP/1.1" 200 789407 "-" "Python-urllib/3.11"
77.79.248.229 - - [11/Apr/2025:10:58:44 +0200] "GET /Jurek/lampart/feeds/lampart_manoES.xml HTTP/1.1" 200 936032 "-" "Python-urllib/3.11"
77.79.248.229 - - [11/Apr/2025:10:58:45 +0200] "GET /Jurek/nonabox/feeds/nonabox_manoES.xml HTTP/1.1" 200 33867 "-" "Python-urllib/3.11"
77.79.248.229 - - [11/Apr/2025:10:58:45 +0200] "GET /Jurek/smxdesign/feeds/smxdesign_manoES.xml HTTP/1.1" 200 1829058 "-" "Python-urllib/3.11"
77.79.248.229 - - [11/Apr/2025:10:58:45 +0200] "GET /Jurek/techrebalina/feeds/techrebalina_manoES.xml HTTP/1.1" 200 2011181 "-" "Python-urllib/3.11"
77.79.248.229 - - [11/Apr/2025:10:58:45 +0200] "GET /Jurek/cdata/feeds/cdata_manoES.xml HTTP/1.1" 200 1445133 "-" "Python-urllib/3.11"
77.79.248.229 - - [11/Apr/2025:10:58:45 +0200] "GET /Jurek/omi/feeds/omi_manoES.xml HTTP/1.1" 200 8105487 "-" "Python-urllib/3.11"
77.79.248.229 - - [11/Apr/2025:10:58:45 +0200] "GET /Jurek/tsjerzy/feeds/tsjerzy_manoES.xml HTTP/1.1" 200 3897675 "-" "Python-urllib/3.11"
77.79.248.229 - - [11/Apr/2025:10:58:45 +0200] "GET /Jurek/narzbud/feeds/narzbud_manoES.xml HTTP/1.1" 200 1901256 "-" "Python-urllib/3.11"
77.79.248.229 - - [11/Apr/2025:10:58:46 +0200] "GET /Jurek/makow/feeds/makow_manoES.xml HTTP/1.1" 200 21203798 "-" "Python-urllib/3.11"
77.79.248.229 - - [11/Apr/2025:10:58:46 +0200] "GET /Jurek/jankeski/feeds/jankeski_manoES.xml HTTP/1.1" 200 6571089 "-" "Python-urllib/3.11"
77.79.248.229 - - [11/Apr/2025:10:58:46 +0200] "GET /Jurek/gandalf/feeds/gandalf_manoES.xml HTTP/1.1" 200 1082531 "-" "Python-urllib/3.11"
