77.79.248.229 - - [11/Apr/2025:10:58:46 +0200] "GET /Jurek/cenoman/feeds/cenoman_manoES.xml HTTP/1.1" 200 5993235 "-" "Python-urllib/3.11"
77.79.248.229 - - [11/Apr/2025:10:58:46 +0200] "GET /Jurek/zenex/feeds/zenex_manoES.xml HTTP/1.1" 200 540146 "-" "Python-urllib/3.11"
77.79.248.229 - - [11/Apr/2025:10:58:46 +0200] "GET /Jurek/andex/feeds/andex_manoES.xml HTTP/1.1" 200 1953462 "-" "Python-urllib/3.11"
77.79.248.229 - - [11/Apr/2025:10:58:47 +0200] "GET /Jurek/sebmart/feeds/sebmart_manoES.xml HTTP/1.1" 200 1598738 "-" "Python-urllib/3.11"
77.79.248.229 - - [11/Apr/2025:10:58:47 +0200] "GET /Jurek/benetech/feeds/benetech_manoes.xml HTTP/1.1" 200 4165306 "-" "Python-urllib/3.11"
77.79.248.229 - - [11/Apr/2025:10:58:47 +0200] "GET /Jurek/dekoele/feeds/dekoele_manomanoES.xml HTTP/1.1" 200 733931 "-" "Python-urllib/3.11"
77.79.248.229 - - [11/Apr/2025:10:58:47 +0200] "GET /Jurek/kalama/feeds/kalama_manoES.xml HTTP/1.1" 200 2661779 "-" "Python-urllib/3.11"
77.79.248.229 - - [11/Apr/2025:10:58:47 +0200] "GET /Jurek/mojeledy/feeds/mojeledy_manoES.xml HTTP/1.1" 200 1018432 "-" "Python-urllib/3.11"
77.79.248.229 - - [11/Apr/2025:10:58:47 +0200] "GET /Jurek/rovato/feeds/rovato_manoES.xml HTTP/1.1" 200 180834 "-" "Python-urllib/3.11"
77.79.248.229 - - [11/Apr/2025:10:58:47 +0200] "GET /Jurek/stiv/feeds/stiv_manoES.xml HTTP/1.1" 200 2056885 "-" "Python-urllib/3.11"
77.79.248.229 - - [11/Apr/2025:10:58:48 +0200] "GET /Jurek/piotrmiedz/feeds/piotrmiedz_manoES.xml HTTP/1.1" 200 91043045 "-" "Python-urllib/3.11"
77.79.248.229 - - [11/Apr/2025:10:58:49 +0200] "GET /Jurek/pawonik/feeds/pawonik_manoES.xml HTTP/1.1" 200 2138419 "-" "Python-urllib/3.11"
77.79.248.229 - - [11/Apr/2025:10:58:49 +0200] "GET /Jurek/alucon/feeds/alucon_manoES.xml HTTP/1.1" 200 553580 "-" "Python-urllib/3.11"
77.79.248.229 - - [11/Apr/2025:10:58:49 +0200] "GET /Jurek/sovapl/feeds/sovapl_manoES.xml HTTP/1.1" 200 8999081 "-" "Python-urllib/3.11"
77.79.248.229 - - [11/Apr/2025:10:58:49 +0200] "GET /Jurek/missionair/feeds/missionair_manoES.xml HTTP/1.1" 200 3154884 "-" "Python-urllib/3.11"
51.77.52.107 - - [11/Apr/2025:10:58:52 +0200] "GET /Jurek/eurofirany/images/459061/0.jpg HTTP/2.0" 200 144283 "-" "baselinker"
89.161.206.59 - - [11/Apr/2025:10:58:54 +0200] "GET /Jurek/eurofryz2/feeds/eurofryz2_skroutz.xml HTTP/1.0" 200 1376773 "-" "-"
89.161.206.59 - - [11/Apr/2025:10:58:54 +0200] "GET /Jurek/eurofryz3/feeds/eurofryz3_skroutz.xml HTTP/1.0" 200 172223 "-" "-"
89.161.206.59 - - [11/Apr/2025:10:58:54 +0200] "GET /Jurek/lendo/feeds/lendo_skroutz.xml HTTP/1.0" 200 330388 "-" "-"
89.161.206.59 - - [11/Apr/2025:10:58:55 +0200] "GET /Jurek/dekornatort/feeds/dekornatort_skroutz.xml HTTP/1.0" 200 225738 "-" "-"
89.161.206.59 - - [11/Apr/2025:10:58:56 +0200] "GET /Jurek/playcob/feeds/playcob_skroutz.xml HTTP/1.0" 200 6980200 "-" "-"
89.161.206.59 - - [11/Apr/2025:10:58:56 +0200] "GET /Jurek/nexus/feeds/nexus_skroutz.xml HTTP/1.0" 200 226642 "-" "-"
89.161.206.59 - - [11/Apr/2025:10:58:56 +0200] "GET /Jurek/alucon/feeds/alucon_skroutz.xml HTTP/1.0" 200 553577 "-" "-"
51.77.52.107 - - [11/Apr/2025:10:58:58 +0200] "GET /Jurek/eurofirany/images/459061/0.jpg HTTP/2.0" 200 144283 "-" "baselinker"
51.77.52.107 - - [11/Apr/2025:10:59:17 +0200] "GET /Jurek/eurofirany/images/459061/0.jpg HTTP/2.0" 200 144283 "-" "baselinker"
51.77.52.107 - - [11/Apr/2025:10:59:21 +0200] "GET /Jurek/eurofirany/images/459068/0.jpg HTTP/2.0" 200 98238 "-" "baselinker"
51.77.52.107 - - [11/Apr/2025:10:59:30 +0200] "GET /Jurek/eurofirany/images/459068/0.jpg HTTP/2.0" 200 98238 "-" "baselinker"
89.161.206.59 - - [11/Apr/2025:10:59:41 +0200] "GET /Jurek/winoszarnia/feeds/winoszarnia_skroutz.xml HTTP/1.0" 200 6064699 "-" "-"
51.77.52.107 - - [11/Apr/2025:10:59:43 +0200] "GET /Jurek/eurofirany/images/459068/0.jpg HTTP/2.0" 200 98238 "-" "baselinker"
89.161.206.59 - - [11/Apr/2025:10:59:47 +0200] "GET /Jurek/beltimore/feeds/beltimore_skroutz.xml HTTP/1.0" 200 18651718 "-" "-"
89.161.206.59 - - [11/Apr/2025:10:59:48 +0200] "GET /Jurek/galopibhp/feeds/galopibhp_skroutz.xml HTTP/1.0" 200 1972801 "-" "-"
89.161.206.59 - - [11/Apr/2025:10:59:51 +0200] "GET /Jurek/kinghoff/feeds/kinghoff_SkroutzGR.xml HTTP/1.0" 200 15437529 "-" "-"
89.161.206.59 - - [11/Apr/2025:10:59:52 +0200] "GET /Jurek/nonabox/feeds/nonabox_skroutz.xml HTTP/1.0" 200 33865 "-" "-"
89.161.206.59 - - [11/Apr/2025:10:59:53 +0200] "GET /Jurek/omi/feeds/omi_skroutz.xml HTTP/1.0" 200 8105458 "-" "-"
89.161.206.59 - - [11/Apr/2025:10:59:55 +0200] "GET /Jurek/eoptimo/feeds/eoptimo_skroutz.xml HTTP/1.0" 200 2094381 "-" "-"
31.183.145.2 - - [11/Apr/2025:10:59:55 +0200] "GET /Jurek/topeshop/feeds/topeshop_kauflandcz.xml HTTP/2.0" 200 2625191 "-" "Mozilla/5.0 (X11; Linux x86_64) AppleWebKit/537.36 (KHTML, like Gecko) Chrome/135.0.0.0 Safari/537.36"
89.161.206.59 - - [11/Apr/2025:10:59:55 +0200] "GET /Jurek/broers/feeds/broers_skroutz.xml HTTP/1.0" 200 1982639 "-" "-"
51.77.52.107 - - [11/Apr/2025:10:59:57 +0200] "GET /Jurek/eurofirany/images/459069/0.jpg HTTP/2.0" 200 98238 "-" "baselinker"
164.92.232.189 - - [11/Apr/2025:11:00:01 +0200] "GET /subskrypcje/AMD/feeds/amd_cz.xml HTTP/1.1" 200 518486 "-" "-"
51.77.52.107 - - [11/Apr/2025:11:00:05 +0200] "GET /Jurek/eurofirany/images/459069/0.jpg HTTP/2.0" 200 98238 "-" "baselinker"
164.92.232.189 - - [11/Apr/2025:11:00:11 +0200] "GET /subskrypcje/AMD/feeds/amd_sk.xml HTTP/1.1" 200 528562 "-" "-"
164.92.232.189 - - [11/Apr/2025:11:00:12 +0200] "GET /subskrypcje/OverHorse/overhorse_mallcz.xml HTTP/1.1" 200 112935 "-" "-"
51.77.52.107 - - [11/Apr/2025:11:00:12 +0200] "GET /Jurek/eurofirany/images/459069/0.jpg HTTP/2.0" 200 98238 "-" "baselinker"
164.92.232.189 - - [11/Apr/2025:11:00:22 +0200] "GET /subskrypcje/mondex/feeds/mondex_mall_cz.xml HTTP/1.1" 200 2203515 "-" "-"
51.77.52.107 - - [11/Apr/2025:11:00:28 +0200] "GET /Jurek/eurofirany/images/459057/0.jpg HTTP/2.0" 200 81194 "-" "baselinker"
51.77.52.107 - - [11/Apr/2025:11:00:36 +0200] "GET /Jurek/eurofirany/images/459057/0.jpg HTTP/2.0" 200 81194 "-" "baselinker"
5.134.208.158 - - [11/Apr/2025:11:00:41 +0200] "GET /Jurek/eurofirany/images/26730/0.jpg HTTP/1.1" 200 119419 "-" "-"
52.18.22.0 - - [11/Apr/2025:11:00:42 +0200] "GET /marketplaces/ubaldi/results/ubaldi.csv HTTP/1.1" 200 147219 "-" "Mirakl HttpClient"
40.77.167.48 - - [11/Apr/2025:11:00:45 +0200] "GET /Jurek/eurofirany/images/463592/0.jpg HTTP/2.0" 200 0 "-" "Mozilla/5.0 AppleWebKit/537.36 (KHTML, like Gecko; compatible; bingbot/2.0; +http://www.bing.com/bingbot.htm) Chrome/116.0.1938.76 Safari/537.36"
89.161.206.59 - - [11/Apr/2025:11:00:45 +0200] "GET /Jurek/hurtownia_przemyslowa/feeds/hp_ebayde.xml HTTP/1.0" 200 35621014 "-" "-"
51.77.52.107 - - [11/Apr/2025:11:00:46 +0200] "GET /Jurek/eurofirany/images/459057/0.jpg HTTP/2.0" 200 81194 "-" "baselinker"
51.77.52.107 - - [11/Apr/2025:11:00:49 +0200] "GET /Jurek/eurofirany/images/458337/0.jpg HTTP/2.0" 200 68438 "-" "baselinker"
89.161.206.59 - - [11/Apr/2025:11:00:57 +0200] "GET /Jurek/carbonyway/feeds/carbonyway_skroutz.xml HTTP/1.0" 200 3075991 "-" "-"
51.77.52.107 - - [11/Apr/2025:11:00:57 +0200] "GET /Jurek/eurofirany/images/458337/0.jpg HTTP/2.0" 200 68438 "-" "baselinker"
89.161.206.59 - - [11/Apr/2025:11:00:58 +0200] "GET /Jurek/jakdroz/feeds/jakdroz_skroutz.xml HTTP/1.0" 200 4090088 "-" "-"
89.161.206.59 - - [11/Apr/2025:11:01:00 +0200] "GET /Jurek/filmal/feeds/filmal_skroutz.xml HTTP/1.0" 200 139280 "-" "-"
89.161.206.59 - - [11/Apr/2025:11:01:01 +0200] "GET /Jurek/jakdroz/feeds/jakdroz_skroutz.xml HTTP/1.0" 200 4090088 "-" "-"
89.161.206.59 - - [11/Apr/2025:11:01:03 +0200] "GET /Jurek/riko/feeds/riko_skr.xml HTTP/1.0" 200 3785241 "-" "-"
51.77.52.107 - - [11/Apr/2025:11:01:04 +0200] "GET /Jurek/eurofirany/images/458337/0.jpg HTTP/2.0" 200 68438 "-" "baselinker"
89.161.206.59 - - [11/Apr/2025:11:01:05 +0200] "GET /Jurek/cdata/feeds/cdata_skr.xml HTTP/1.0" 200 1445073 "-" "-"
89.161.206.59 - - [11/Apr/2025:11:01:06 +0200] "GET /Jurek/harmonypost/feeds/harmonypost_skr.xml HTTP/1.0" 200 39899065 "-" "-"
89.161.206.59 - - [11/Apr/2025:11:01:07 +0200] "GET /Jurek/kalama/feeds/kalama_skr.xml HTTP/1.0" 200 2541417 "-" "-"
54.74.57.157 - - [11/Apr/2025:11:01:10 +0200] "GET /Jurek/topeshop/feeds/topeshop_kauflandsk.xml HTTP/1.1" 200 147217 "-" "Mozilla/5.0 (Macintosh; Intel Mac OS X 10_13_6) AppleWebKit/537.36 (KHTML, like Gecko) Chrome/73.0.3669.0 Safari/537.36"
31.183.145.2 - - [11/Apr/2025:11:01:12 +0200] "GET /Jurek/topeshop/feeds/topeshop_kauflandsk.xml HTTP/2.0" 200 2624245 "-" "Mozilla/5.0 (X11; Linux x86_64) AppleWebKit/537.36 (KHTML, like Gecko) Chrome/135.0.0.0 Safari/537.36"
51.77.52.107 - - [11/Apr/2025:11:01:13 +0200] "GET /Jurek/eurofirany/images/458338/0.jpg HTTP/2.0" 200 64104 "-" "baselinker"
35.204.39.32 - - [11/Apr/2025:11:01:15 +0200] "GET /marketplaces/vente/results/vente_nl.csv HTTP/1.1" 200 147219 "-" "Mirakl HttpClient"
35.204.39.32 - - [11/Apr/2025:11:01:15 +0200] "GET /marketplaces/vente/results/vente_fr.csv HTTP/1.1" 200 147219 "-" "Mirakl HttpClient"
35.204.39.32 - - [11/Apr/2025:11:01:15 +0200] "GET /marketplaces/vente/results/vente_be.csv HTTP/1.1" 200 147219 "-" "Mirakl HttpClient"
35.204.39.32 - - [11/Apr/2025:11:01:15 +0200] "GET /marketplaces/vente/results/vente_it.csv HTTP/1.1" 200 147219 "-" "Mirakl HttpClient"
35.204.39.32 - - [11/Apr/2025:11:01:15 +0200] "GET /marketplaces/vente/results/vente_es.csv HTTP/1.1" 200 147219 "-" "Mirakl HttpClient"
35.204.39.32 - - [11/Apr/2025:11:01:15 +0200] "GET /marketplaces/vente/results/vente_de.csv HTTP/1.1" 200 147219 "-" "Mirakl HttpClient"
89.161.206.59 - - [11/Apr/2025:11:01:16 +0200] "GET /Jurek/jankeski/feeds/jankeski_skroutz.xml HTTP/1.0" 200 6571052 "-" "-"
51.77.52.107 - - [11/Apr/2025:11:01:21 +0200] "GET /Jurek/eurofirany/images/458338/0.jpg HTTP/2.0" 200 64104 "-" "baselinker"
89.161.206.59 - - [11/Apr/2025:11:01:22 +0200] "GET /Jurek/mechdecor/feeds/mechdecor_skr.xml HTTP/1.0" 200 596211 "-" "-"
89.161.206.59 - - [11/Apr/2025:11:01:23 +0200] "GET /Jurek/apresto/feeds/apresto_skr.xml HTTP/1.0" 200 1316770 "-" "-"
89.161.206.59 - - [11/Apr/2025:11:01:23 +0200] "GET /Jurek/mojeledy/feeds/mojeledy_skr.xml HTTP/1.0" 200 1018422 "-" "-"
89.161.206.59 - - [11/Apr/2025:11:01:23 +0200] "GET /Jurek/sovapl/feeds/sovapl_skr.xml HTTP/1.0" 200 8999778 "-" "-"
89.161.206.59 - - [11/Apr/2025:11:01:24 +0200] "GET /Jurek/missionair/feeds/missionair_skr.xml HTTP/1.0" 200 3154874 "-" "-"
193.33.8.61 - - [11/Apr/2025:11:01:24 +0200] "GET /Jurek/tsjerzy/feeds/tsjerzy_zero.xml HTTP/2.0" 200 3898647 "https://konsola.dkkapusta1997.usermd.net/" "Mozilla/5.0 (Windows NT 10.0; Win64; x64) AppleWebKit/537.36 (KHTML, like Gecko) Chrome/135.0.0.0 Safari/537.36"
89.161.206.59 - - [11/Apr/2025:11:01:26 +0200] "GET /Jurek/andex/feeds/andex_skr.xml HTTP/1.0" 200 1953527 "-" "-"
89.161.206.59 - - [11/Apr/2025:11:01:27 +0200] "GET /Jurek/kamar/feeds/kamar_skr.xml HTTP/1.0" 200 25550423 "-" "-"
77.79.248.229 - - [11/Apr/2025:11:01:27 +0200] "GET /Jurek/tsjerzy/feeds/tsjerzy_zero.xml HTTP/1.1" 200 3898647 "-" "Python-urllib/3.11"
51.77.52.107 - - [11/Apr/2025:11:01:28 +0200] "GET /Jurek/eurofirany/images/458338/0.jpg HTTP/2.0" 200 64104 "-" "baselinker"
89.161.206.59 - - [11/Apr/2025:11:01:30 +0200] "GET /Jurek/zami/feeds/zami_skr.xml HTTP/1.0" 200 4466322 "-" "-"
89.161.206.59 - - [11/Apr/2025:11:01:31 +0200] "GET /Jurek/stiv/feeds/stiv_skr.xml HTTP/1.0" 200 2056844 "-" "-"
51.77.52.107 - - [11/Apr/2025:11:01:35 +0200] "GET /Jurek/eurofirany/images/458341/0.jpg HTTP/2.0" 200 69418 "-" "baselinker"
46.101.116.244 - - [11/Apr/2025:11:01:42 +0200] "GET /Jurek/aw/feeds/aw_fnacfr.xml HTTP/1.0" 404 3551 "-" "-"
52.18.22.0 - - [11/Apr/2025:11:01:49 +0200] "GET /marketplaces/rue/results/rue.csv HTTP/1.1" 200 147219 "-" "Mirakl HttpClient"
51.77.52.107 - - [11/Apr/2025:11:01:53 +0200] "GET /Jurek/eurofirany/images/458341/0.jpg HTTP/2.0" 200 69418 "-" "baselinker"
85.232.241.194 - - [11/Apr/2025:11:02:02 +0200] "GET /Jurek/kobi/feeds/kobi_vente_fr.xml HTTP/1.1" 200 943014 "-" "Python-urllib/3.11"
85.232.241.194 - - [11/Apr/2025:11:02:03 +0200] "GET /Jurek/topeshop/feeds/topeshop_vente_fr.xml HTTP/1.1" 200 2624378 "-" "Python-urllib/3.11"
51.77.52.107 - - [11/Apr/2025:11:02:03 +0200] "GET /Jurek/eurofirany/images/458341/0.jpg HTTP/2.0" 200 69418 "-" "baselinker"
85.232.241.194 - - [11/Apr/2025:11:02:03 +0200] "GET /Jurek/fernity/feeds/fernity_vente_fr.xml HTTP/1.1" 200 3284271 "-" "Python-urllib/3.11"
85.232.241.194 - - [11/Apr/2025:11:02:03 +0200] "GET /Jurek/kinghome/feeds/kinghome_vente_fr.xml HTTP/1.1" 200 5672738 "-" "Python-urllib/3.11"
85.232.241.194 - - [11/Apr/2025:11:02:03 +0200] "GET /Jurek/emibig/feeds/emibig_vente_fr.xml HTTP/1.1" 200 2522408 "-" "Python-urllib/3.11"
85.232.241.194 - - [11/Apr/2025:11:02:03 +0200] "GET /Jurek/b3/feeds/b3_vente_fr.xml HTTP/1.1" 200 8032572 "-" "Python-urllib/3.11"
85.232.241.194 - - [11/Apr/2025:11:02:04 +0200] "GET /Jurek/aw/feeds/aw_vente_fr.xml HTTP/1.1" 200 90573036 "-" "Python-urllib/3.11"
85.232.241.194 - - [11/Apr/2025:11:02:05 +0200] "GET /Jurek/asortymenteu/feeds/asortymenteu_vente_fr.xml HTTP/1.1" 200 2764522 "-" "Python-urllib/3.11"
85.232.241.194 - - [11/Apr/2025:11:02:05 +0200] "GET /Jurek/hurtownia_przemyslowa/feeds/hp_vente_fr.xml HTTP/1.1" 200 49362709 "-" "Python-urllib/3.11"
51.77.52.107 - - [11/Apr/2025:11:02:10 +0200] "GET /Jurek/eurofirany/images/459074/0.jpg HTTP/2.0" 200 76076 "-" "baselinker"
51.77.52.107 - - [11/Apr/2025:11:02:17 +0200] "GET /Jurek/eurofirany/images/459074/0.jpg HTTP/2.0" 200 76076 "-" "baselinker"
51.77.52.107 - - [11/Apr/2025:11:02:20 +0200] "GET /Jurek/eurofirany/images/459074/0.jpg HTTP/2.0" 200 76076 "-" "baselinker"
85.232.241.194 - - [11/Apr/2025:11:02:24 +0200] "GET /Jurek/kobi/feeds/kobi_vente_be.xml HTTP/1.1" 200 942979 "-" "Python-urllib/3.11"
85.232.241.194 - - [11/Apr/2025:11:02:24 +0200] "GET /Jurek/topeshop/feeds/topeshop_vente_be.xml HTTP/1.1" 200 2624375 "-" "Python-urllib/3.11"
85.232.241.194 - - [11/Apr/2025:11:02:24 +0200] "GET /Jurek/fernity/feeds/fernity_vente_be.xml HTTP/1.1" 200 3284088 "-" "Python-urllib/3.11"
85.232.241.194 - - [11/Apr/2025:11:02:24 +0200] "GET /Jurek/kinghome/feeds/kinghome_vente_be.xml HTTP/1.1" 200 5672625 "-" "Python-urllib/3.11"
85.232.241.194 - - [11/Apr/2025:11:02:24 +0200] "GET /Jurek/emibig/feeds/emibig_vente_be.xml HTTP/1.1" 200 2522233 "-" "Python-urllib/3.11"
85.232.241.194 - - [11/Apr/2025:11:02:25 +0200] "GET /Jurek/b3/feeds/b3_vente_be.xml HTTP/1.1" 200 8032452 "-" "Python-urllib/3.11"
88.220.33.218 - - [11/Apr/2025:11:02:25 +0200] "GET /Jurek/vida_morele/feeds/VidaPL_all.xml HTTP/2.0" 200 704761945 "-" "MarketplaceAPI curl/7.64.0 PHP/8"
85.232.241.194 - - [11/Apr/2025:11:02:25 +0200] "GET /Jurek/aw/feeds/aw_vente_be.xml HTTP/1.1" 200 90571870 "-" "Python-urllib/3.11"
85.232.241.194 - - [11/Apr/2025:11:02:27 +0200] "GET /Jurek/asortymenteu/feeds/asortymenteu_vente_be.xml HTTP/1.1" 200 2764563 "-" "Python-urllib/3.11"
85.232.241.194 - - [11/Apr/2025:11:02:27 +0200] "GET /Jurek/hurtownia_przemyslowa/feeds/hp_vente_be.xml HTTP/1.1" 200 49362577 "-" "Python-urllib/3.11"
51.77.52.107 - - [11/Apr/2025:11:02:30 +0200] "GET /Jurek/eurofirany/images/459075/0.jpg HTTP/2.0" 200 100372 "-" "baselinker"
89.161.206.59 - - [11/Apr/2025:11:02:34 +0200] "GET /Jurek/maksik/feeds/maksik_cdsc.xml HTTP/1.0" 200 2927502 "-" "-"
89.161.206.59 - - [11/Apr/2025:11:02:34 +0200] "GET /Jurek/matkam/feeds/matkam_cdsc.xml HTTP/1.0" 200 2760906 "-" "-"
89.161.206.59 - - [11/Apr/2025:11:02:34 +0200] "GET /Jurek/beltimore/feeds/beltimore_cdsc.xml HTTP/1.0" 200 11135899 "-" "-"
89.161.206.59 - - [11/Apr/2025:11:02:35 +0200] "GET /Jurek/benetech/feeds/benetech_cdsc.xml HTTP/1.0" 200 2361725 "-" "-"
89.161.206.59 - - [11/Apr/2025:11:02:35 +0200] "GET /Jurek/pawonik/feeds/pawonik_cdsc.xml HTTP/1.0" 200 1382159 "-" "-"
89.161.206.59 - - [11/Apr/2025:11:02:35 +0200] "GET /Jurek/hdwr/feeds/hdwr_cdsc.xml HTTP/1.0" 200 745701 "-" "-"
89.161.206.59 - - [11/Apr/2025:11:02:35 +0200] "GET /Jurek/drops/feeds/dropsofficecolection_cdsc.xml HTTP/1.0" 200 784244 "-" "-"
89.161.206.59 - - [11/Apr/2025:11:02:36 +0200] "GET /Jurek/szpaklampy/feeds/szpaklampy_cdsc.xml HTTP/1.0" 200 395816 "-" "-"
89.161.206.59 - - [11/Apr/2025:11:02:36 +0200] "GET /Jurek/sartrix/feeds/sartrix_cdsc.xml HTTP/1.0" 200 867436 "-" "-"
89.161.206.59 - - [11/Apr/2025:11:02:36 +0200] "GET /Jurek/reman/feeds/reman_cdsc.xml HTTP/1.0" 200 400879 "-" "-"
89.161.206.59 - - [11/Apr/2025:11:02:36 +0200] "GET /Jurek/eurofirany/feeds/eurofirany_cdiscount.xml HTTP/1.0" 200 23044014 "-" "-"
51.77.52.107 - - [11/Apr/2025:11:02:37 +0200] "GET /Jurek/eurofirany/images/459075/0.jpg HTTP/2.0" 200 100372 "-" "baselinker"
85.232.241.194 - - [11/Apr/2025:11:02:41 +0200] "GET /Jurek/kobi/feeds/kobi_vente_es.xml HTTP/1.1" 200 943001 "-" "Python-urllib/3.11"
85.232.241.194 - - [11/Apr/2025:11:02:42 +0200] "GET /Jurek/topeshop/feeds/topeshop_vente_es.xml HTTP/1.1" 200 2624424 "-" "Python-urllib/3.11"
85.232.241.194 - - [11/Apr/2025:11:02:42 +0200] "GET /Jurek/fernity/feeds/fernity_vente_es.xml HTTP/1.1" 200 3284193 "-" "Python-urllib/3.11"
85.232.241.194 - - [11/Apr/2025:11:02:42 +0200] "GET /Jurek/kinghome/feeds/kinghome_vente_es.xml HTTP/1.1" 200 5672850 "-" "Python-urllib/3.11"
85.232.241.194 - - [11/Apr/2025:11:02:42 +0200] "GET /Jurek/emibig/feeds/emibig_vente_es.xml HTTP/1.1" 200 2522621 "-" "Python-urllib/3.11"
85.232.241.194 - - [11/Apr/2025:11:02:42 +0200] "GET /Jurek/b3/feeds/b3_vente_es.xml HTTP/1.1" 200 8032540 "-" "Python-urllib/3.11"
85.232.241.194 - - [11/Apr/2025:11:02:43 +0200] "GET /Jurek/aw/feeds/aw_vente_es.xml HTTP/1.1" 200 90574489 "-" "Python-urllib/3.11"
85.232.241.194 - - [11/Apr/2025:11:02:44 +0200] "GET /Jurek/asortymenteu/feeds/asortymenteu_vente_es.xml HTTP/1.1" 200 2764560 "-" "Python-urllib/3.11"
85.232.241.194 - - [11/Apr/2025:11:02:45 +0200] "GET /Jurek/hurtownia_przemyslowa/feeds/hp_vente_es.xml HTTP/1.1" 200 49363096 "-" "Python-urllib/3.11"
89.161.206.59 - - [11/Apr/2025:11:02:55 +0200] "GET /Jurek/drewdon/feeds/drewdon_cdsc.xml HTTP/1.0" 200 483673 "-" "-"
89.161.206.59 - - [11/Apr/2025:11:02:56 +0200] "GET /Jurek/dekoele/feeds/dekoele_cdsc.xml HTTP/1.0" 200 478905 "-" "-"
51.77.52.107 - - [11/Apr/2025:11:02:57 +0200] "GET /Jurek/eurofirany/images/459075/0.jpg HTTP/2.0" 200 100372 "-" "baselinker"
85.232.241.194 - - [11/Apr/2025:11:02:57 +0200] "GET /Jurek/kobi/feeds/kobi_vente_it.xml HTTP/1.1" 200 943013 "-" "Python-urllib/3.11"
85.232.241.194 - - [11/Apr/2025:11:02:58 +0200] "GET /Jurek/topeshop/feeds/topeshop_vente_it.xml HTTP/1.1" 200 2624387 "-" "Python-urllib/3.11"
85.232.241.194 - - [11/Apr/2025:11:02:58 +0200] "GET /Jurek/fernity/feeds/fernity_vente_it.xml HTTP/1.1" 200 3284204 "-" "Python-urllib/3.11"
85.232.241.194 - - [11/Apr/2025:11:02:58 +0200] "GET /Jurek/kinghome/feeds/kinghome_vente_it.xml HTTP/1.1" 200 5672776 "-" "Python-urllib/3.11"
85.232.241.194 - - [11/Apr/2025:11:02:58 +0200] "GET /Jurek/emibig/feeds/emibig_vente_it.xml HTTP/1.1" 200 2522423 "-" "Python-urllib/3.11"
85.232.241.194 - - [11/Apr/2025:11:02:58 +0200] "GET /Jurek/b3/feeds/b3_vente_it.xml HTTP/1.1" 200 8032504 "-" "Python-urllib/3.11"
85.232.241.194 - - [11/Apr/2025:11:02:59 +0200] "GET /Jurek/aw/feeds/aw_vente_it.xml HTTP/1.1" 200 90573162 "-" "Python-urllib/3.11"
85.232.241.194 - - [11/Apr/2025:11:03:00 +0200] "GET /Jurek/asortymenteu/feeds/asortymenteu_vente_it.xml HTTP/1.1" 200 2764542 "-" "Python-urllib/3.11"
85.232.241.194 - - [11/Apr/2025:11:03:01 +0200] "GET /Jurek/hurtownia_przemyslowa/feeds/hp_vente_it.xml HTTP/1.1" 200 49363103 "-" "Python-urllib/3.11"
51.77.52.107 - - [11/Apr/2025:11:03:06 +0200] "GET /Jurek/eurofirany/images/459076/0.jpg HTTP/2.0" 200 100139 "-" "baselinker"
88.220.33.218 - - [11/Apr/2025:11:03:11 +0200] "GET /Jurek/kinghoff/feeds/kinghoff_morele.xml HTTP/2.0" 200 15438373 "-" "MarketplaceAPI curl/7.64.0 PHP/8"
51.77.52.107 - - [11/Apr/2025:11:03:13 +0200] "GET /Jurek/eurofirany/images/459076/0.jpg HTTP/2.0" 200 100139 "-" "baselinker"
85.232.241.194 - - [11/Apr/2025:11:03:15 +0200] "GET /Jurek/kobi/feeds/kobi_vente_ne.xml HTTP/1.1" 200 943015 "-" "Python-urllib/3.11"
85.232.241.194 - - [11/Apr/2025:11:03:16 +0200] "GET /Jurek/topeshop/feeds/topeshop_vente_ne.xml HTTP/1.1" 200 2624361 "-" "Python-urllib/3.11"
85.232.241.194 - - [11/Apr/2025:11:03:16 +0200] "GET /Jurek/fernity/feeds/fernity_vente_ne.xml HTTP/1.1" 200 3284118 "-" "Python-urllib/3.11"
85.232.241.194 - - [11/Apr/2025:11:03:16 +0200] "GET /Jurek/kinghome/feeds/kinghome_vente_ne.xml HTTP/1.1" 200 5672643 "-" "Python-urllib/3.11"
85.232.241.194 - - [11/Apr/2025:11:03:16 +0200] "GET /Jurek/emibig/feeds/emibig_vente_ne.xml HTTP/1.1" 200 2522269 "-" "Python-urllib/3.11"
85.232.241.194 - - [11/Apr/2025:11:03:16 +0200] "GET /Jurek/b3/feeds/b3_vente_nl.xml HTTP/1.1" 200 8032337 "-" "Python-urllib/3.11"
85.232.241.194 - - [11/Apr/2025:11:03:17 +0200] "GET /Jurek/aw/feeds/aw_vente_nl.xml HTTP/1.1" 200 90572101 "-" "Python-urllib/3.11"
85.232.241.194 - - [11/Apr/2025:11:03:18 +0200] "GET /Jurek/asortymenteu/feeds/asortymenteu_vente_nl.xml HTTP/1.1" 200 2764541 "-" "Python-urllib/3.11"
85.232.241.194 - - [11/Apr/2025:11:03:18 +0200] "GET /Jurek/hurtownia_przemyslowa/feeds/hp_vente_nl.xml HTTP/1.1" 200 49362661 "-" "Python-urllib/3.11"
51.77.52.107 - - [11/Apr/2025:11:03:19 +0200] "GET /Jurek/eurofirany/images/459076/0.jpg HTTP/2.0" 200 100139 "-" "baselinker"
89.161.206.59 - - [11/Apr/2025:11:03:23 +0200] "GET /Jurek/artdog/feeds/artdog_cdsc.xml HTTP/1.0" 200 17922066 "-" "-"
51.77.52.107 - - [11/Apr/2025:11:03:26 +0200] "GET /Jurek/eurofirany/images/459077/0.jpg HTTP/2.0" 200 100546 "-" "baselinker"
85.232.241.194 - - [11/Apr/2025:11:03:32 +0200] "GET /Jurek/kobi/feeds/kobi_vente_de.xml HTTP/1.1" 200 942989 "-" "Python-urllib/3.11"
85.232.241.194 - - [11/Apr/2025:11:03:33 +0200] "GET /Jurek/topeshop/feeds/topeshop_vente_de.xml HTTP/1.1" 200 2624296 "-" "Python-urllib/3.11"
85.232.241.194 - - [11/Apr/2025:11:03:33 +0200] "GET /Jurek/fernity/feeds/fernity_vente_de.xml HTTP/1.1" 200 3284036 "-" "Python-urllib/3.11"
85.232.241.194 - - [11/Apr/2025:11:03:33 +0200] "GET /Jurek/kinghome/feeds/kinghome_vente_de.xml HTTP/1.1" 200 5672599 "-" "Python-urllib/3.11"
85.232.241.194 - - [11/Apr/2025:11:03:33 +0200] "GET /Jurek/emibig/feeds/emibig_vente_de.xml HTTP/1.1" 200 2522228 "-" "Python-urllib/3.11"
85.232.241.194 - - [11/Apr/2025:11:03:33 +0200] "GET /Jurek/b3/feeds/b3_vente_de.xml HTTP/1.1" 200 8032390 "-" "Python-urllib/3.11"
85.232.241.194 - - [11/Apr/2025:11:03:33 +0200] "GET /Jurek/aw/feeds/aw_vente_de.xml HTTP/1.1" 200 90571150 "-" "Python-urllib/3.11"
85.232.241.194 - - [11/Apr/2025:11:03:35 +0200] "GET /Jurek/asortymenteu/feeds/asortymenteu_vente_de.xml HTTP/1.1" 200 2764556 "-" "Python-urllib/3.11"
85.232.241.194 - - [11/Apr/2025:11:03:35 +0200] "GET /Jurek/hurtownia_przemyslowa/feeds/hp_vente_de.xml HTTP/1.1" 200 49362658 "-" "Python-urllib/3.11"
51.77.52.107 - - [11/Apr/2025:11:03:54 +0200] "GET /Jurek/eurofirany/images/459077/0.jpg HTTP/2.0" 200 100546 "-" "baselinker"
51.77.52.107 - - [11/Apr/2025:11:04:01 +0200] "GET /Jurek/eurofirany/images/459077/0.jpg HTTP/2.0" 200 100546 "-" "baselinker"
51.77.52.107 - - [11/Apr/2025:11:04:15 +0200] "GET /Jurek/eurofirany/images/459078/0.jpg HTTP/2.0" 200 100783 "-" "baselinker"
51.77.52.107 - - [11/Apr/2025:11:04:22 +0200] "GET /Jurek/eurofirany/images/459078/0.jpg HTTP/2.0" 200 100783 "-" "baselinker"
46.101.116.244 - - [11/Apr/2025:11:04:27 +0200] "GET /Jurek/vida_morele/feeds/vidaPL_velomarket_category1.xml HTTP/1.0" 200 175887826 "-" "-"
46.101.116.244 - - [11/Apr/2025:11:04:29 +0200] "GET /Jurek/vida_morele/feeds/vidaPL_velomarket_category3.xml HTTP/1.0" 200 43653210 "-" "-"
51.77.52.107 - - [11/Apr/2025:11:04:31 +0200] "GET /Jurek/eurofirany/images/459078/0.jpg HTTP/2.0" 200 100783 "-" "baselinker"
46.101.116.244 - - [11/Apr/2025:11:04:39 +0200] "GET /Jurek/eurofirany/feeds/eurofirany_velomarket.xml HTTP/1.0" 200 19348172 "-" "-"
51.77.52.107 - - [11/Apr/2025:11:04:39 +0200] "GET /Jurek/eurofirany/images/459079/0.jpg HTTP/2.0" 200 78937 "-" "baselinker"
46.101.116.244 - - [11/Apr/2025:11:04:41 +0200] "GET /Jurek/eurofirany/feeds/eurofirany_allegro.xml HTTP/1.0" 200 19351056 "-" "-"
46.101.116.244 - - [11/Apr/2025:11:04:44 +0200] "GET /Jurek/victoria/feeds/victoria_pl_velo.xml HTTP/1.0" 200 16375537 "-" "-"
51.77.52.107 - - [11/Apr/2025:11:04:46 +0200] "GET /Jurek/eurofirany/images/459079/0.jpg HTTP/2.0" 200 78937 "-" "baselinker"
88.220.33.218 - - [11/Apr/2025:11:04:48 +0200] "GET /Jurek/eurofirany/feeds/eurofirany_morele.xml HTTP/2.0" 200 19348491 "-" "MarketplaceAPI curl/7.64.0 PHP/8"
89.161.206.59 - - [11/Apr/2025:11:04:52 +0200] "GET /Jurek/drewdon/feeds/drewdon_piguEX.xml HTTP/1.0" 200 504451 "-" "-"
89.161.206.59 - - [11/Apr/2025:11:04:54 +0200] "GET /Jurek/ekuchcikowo/feeds/ekuchcikowo_skroutz.xml HTTP/1.0" 200 12471003 "-" "-"
46.101.116.244 - - [11/Apr/2025:11:04:57 +0200] "GET /Jurek/hurtownia_przemyslowa/feeds/hp_bol.xml HTTP/1.0" 200 49362942 "-" "-"
88.220.33.218 - - [11/Apr/2025:11:04:57 +0200] "GET /Jurek/vivaldi/feeds/vivaldi_Morele-PL.xml HTTP/2.0" 200 344674 "-" "MarketplaceAPI curl/7.64.0 PHP/8"
51.77.52.107 - - [11/Apr/2025:11:05:08 +0200] "GET /Jurek/eurofirany/images/459079/0.jpg HTTP/2.0" 200 78937 "-" "baselinker"
46.101.116.244 - - [11/Apr/2025:11:05:10 +0200] "GET /Jurek/kinghoff/feeds/kinghoff_bol.xml HTTP/1.0" 200 15437564 "-" "-"
51.77.52.107 - - [11/Apr/2025:11:05:16 +0200] "GET /Jurek/eurofirany/images/459080/0.jpg HTTP/2.0" 200 101125 "-" "baselinker"
89.161.206.59 - - [11/Apr/2025:11:05:24 +0200] "GET /Jurek/sempler/feeds/sempler_BOL.xml HTTP/1.0" 200 6787972 "-" "-"
89.161.206.59 - - [11/Apr/2025:11:05:24 +0200] "GET /Jurek/benetech/feeds/benetech_bol.xml HTTP/1.0" 200 4165320 "-" "-"
51.77.52.107 - - [11/Apr/2025:11:05:25 +0200] "GET /Jurek/eurofirany/images/459080/0.jpg HTTP/2.0" 200 101125 "-" "baselinker"
89.161.206.59 - - [11/Apr/2025:11:05:27 +0200] "GET /Jurek/oromed/feeds/oromed_BOL.xml HTTP/1.0" 200 1079756 "-" "-"
89.161.206.59 - - [11/Apr/2025:11:05:27 +0200] "GET /Jurek/narzbud/feeds/narzbud_bol.xml HTTP/1.0" 200 1901227 "-" "-"
89.161.206.59 - - [11/Apr/2025:11:05:27 +0200] "GET /Jurek/artdog/feeds/artdog_bol.xml HTTP/1.0" 200 17158826 "-" "-"
89.161.206.59 - - [11/Apr/2025:11:05:27 +0200] "GET /Jurek/ekolight/feeds/ekolight_bol.xml HTTP/1.0" 200 9052711 "-" "-"
89.161.206.59 - - [11/Apr/2025:11:05:27 +0200] "GET /Jurek/livinhill/feeds/livinhill_bol.xml HTTP/1.0" 200 1454945 "-" "-"
89.161.206.59 - - [11/Apr/2025:11:05:28 +0200] "GET /Jurek/galopi/feeds/galopi_bol.xml HTTP/1.0" 200 2111053 "-" "-"
89.161.206.59 - - [11/Apr/2025:11:05:28 +0200] "GET /Jurek/ekuchcikowo/feeds/ekuchcikowo_bol.xml HTTP/1.0" 200 12471007 "-" "-"
89.161.206.59 - - [11/Apr/2025:11:05:29 +0200] "GET /Jurek/erohurtownia/feeds/erohurtownia_bol.xml HTTP/1.0" 200 22846488 "-" "-"
51.77.52.107 - - [11/Apr/2025:11:05:29 +0200] "GET /Jurek/eurofirany/images/459080/0.jpg HTTP/2.0" 200 101125 "-" "baselinker"
89.161.206.59 - - [11/Apr/2025:11:05:29 +0200] "GET /Jurek/urwiskowo/feeds/urwiskowo_bol.xml HTTP/1.0" 200 9114989 "-" "-"
89.161.206.59 - - [11/Apr/2025:11:05:29 +0200] "GET /Jurek/combine/feeds/combine_bol.xml HTTP/1.0" 200 210558 "-" "-"
89.161.206.59 - - [11/Apr/2025:11:05:29 +0200] "GET /Jurek/spali/feeds/spali_bol.xml HTTP/1.0" 200 77055 "-" "-"
89.161.206.59 - - [11/Apr/2025:11:05:29 +0200] "GET /Jurek/bass_new/feeds/bass_bol.xml HTTP/1.0" 200 7040817 "-" "-"
89.161.206.59 - - [11/Apr/2025:11:05:30 +0200] "GET /Jurek/aiofactory/feeds/aiofactory_bol.xml HTTP/1.0" 200 2123782 "-" "-"
89.161.206.59 - - [11/Apr/2025:11:05:31 +0200] "GET /Jurek/hurtmeblowy/feeds/hurtmeblowy_bol.xml HTTP/1.0" 200 8495603 "-" "-"
89.161.206.59 - - [11/Apr/2025:11:05:32 +0200] "GET /Jurek/rider/feeds/rider_bol.xml HTTP/1.0" 200 8165194 "-" "-"
89.161.206.59 - - [11/Apr/2025:11:05:32 +0200] "GET /Jurek/eldar/feeds/eldar_bol.xml HTTP/1.0" 200 7329740 "-" "-"
89.161.206.59 - - [11/Apr/2025:11:05:32 +0200] "GET /Jurek/luxma/feeds/luxma_bol.xml HTTP/1.0" 200 8058599 "-" "-"
89.161.206.59 - - [11/Apr/2025:11:05:33 +0200] "GET /Jurek/primohurt/feeds/primohurt_bol.xml HTTP/1.0" 200 17186759 "-" "-"
89.161.206.59 - - [11/Apr/2025:11:05:33 +0200] "GET /Jurek/najtanszysport/feeds/najtanszysport_bol.xml HTTP/1.0" 200 3983100 "-" "-"
89.161.206.59 - - [11/Apr/2025:11:05:33 +0200] "GET /Jurek/motofan/feeds/motofan_bol.xml HTTP/1.0" 200 2392159 "-" "-"
89.161.206.59 - - [11/Apr/2025:11:05:34 +0200] "GET /Jurek/topeshop/feeds/topeshop_bol.xml HTTP/1.0" 200 2624337 "-" "-"
89.161.206.59 - - [11/Apr/2025:11:05:34 +0200] "GET /Jurek/eurofirany/feeds/eurofirany_bol.xml HTTP/1.0" 200 19346757 "-" "-"
89.161.206.59 - - [11/Apr/2025:11:05:35 +0200] "GET /Jurek/pupus/feeds/pupus_bol.xml HTTP/1.0" 200 6154581 "-" "-"
89.161.206.59 - - [11/Apr/2025:11:05:37 +0200] "GET /Jurek/playcob/feeds/playcob_bol.xml HTTP/1.0" 200 6980198 "-" "-"
89.161.206.59 - - [11/Apr/2025:11:05:37 +0200] "GET /Jurek/maksik/feeds/maksik_bol.xml HTTP/1.0" 200 4084770 "-" "-"
89.161.206.59 - - [11/Apr/2025:11:05:37 +0200] "GET /Jurek/hanex/feeds/hanex_BOL.xml HTTP/1.0" 200 13931533 "-" "-"
89.161.206.59 - - [11/Apr/2025:11:05:38 +0200] "GET /Jurek/roger/feeds/roger_bol.xml HTTP/1.0" 200 1147376 "-" "-"
89.161.206.59 - - [11/Apr/2025:11:05:39 +0200] "GET /Jurek/smxdesign/feeds/smxdesign_bol.xml HTTP/1.0" 200 1829027 "-" "-"
89.161.206.59 - - [11/Apr/2025:11:05:39 +0200] "GET /Jurek/shiori/feeds/shiori_bol.xml HTTP/1.0" 200 453664 "-" "-"
89.161.206.59 - - [11/Apr/2025:11:05:40 +0200] "GET /Jurek/dropkz/feeds/dropkz_bol.xml HTTP/1.0" 200 70013884 "-" "-"
89.161.206.59 - - [11/Apr/2025:11:05:42 +0200] "GET /Jurek/kinghoff/feeds/kinghoff_emaghu.xml HTTP/1.0" 200 15444944 "-" "-"
89.161.206.59 - - [11/Apr/2025:11:05:44 +0200] "GET /Jurek/eoptimo/feeds/eoptimo_bol.xml HTTP/1.0" 200 2094375 "-" "-"
89.161.206.59 - - [11/Apr/2025:11:05:44 +0200] "GET /Jurek/sklep24amk/feeds/sklep24amk_bol.xml HTTP/1.0" 200 3894612 "-" "-"
89.161.206.59 - - [11/Apr/2025:11:05:45 +0200] "GET /Jurek/matkam/feeds/matkam_bol.xml HTTP/1.0" 200 5000732 "-" "-"
89.161.206.59 - - [11/Apr/2025:11:05:45 +0200] "GET /Jurek/sportprise/feeds/sportprise_bol.xml HTTP/1.0" 200 12725574 "-" "-"
89.161.206.59 - - [11/Apr/2025:11:05:46 +0200] "GET /Jurek/elavia/feeds/elavia_bol.xml HTTP/1.0" 200 2497264 "-" "-"
89.161.206.59 - - [11/Apr/2025:11:05:48 +0200] "GET /Jurek/zbimatyja/feeds/zbimatyja_bol.xml HTTP/1.0" 200 11670043 "-" "-"
89.161.206.59 - - [11/Apr/2025:11:05:48 +0200] "GET /Jurek/cdata/feeds/cdata_bol.xml HTTP/1.0" 200 1445086 "-" "-"
89.161.206.59 - - [11/Apr/2025:11:05:49 +0200] "GET /Jurek/broers/feeds/broers_bol.xml HTTP/1.0" 200 1982560 "-" "-"
89.161.206.59 - - [11/Apr/2025:11:05:49 +0200] "GET /Jurek/princelh/feeds/princelh_bol.xml HTTP/1.0" 200 133438 "-" "-"
89.161.206.59 - - [11/Apr/2025:11:05:50 +0200] "GET /Jurek/sartrix/feeds/sartrix_bol.xml HTTP/1.0" 200 649155 "-" "-"
89.161.206.59 - - [11/Apr/2025:11:05:50 +0200] "GET /Jurek/hdwr/feeds/hdwr_BOL.xml HTTP/1.0" 200 789400 "-" "-"
89.161.206.59 - - [11/Apr/2025:11:05:50 +0200] "GET /Jurek/szpaklampy/feeds/szpaklampy_bol.xml HTTP/1.0" 200 388218 "-" "-"
89.161.206.59 - - [11/Apr/2025:11:05:50 +0200] "GET /Jurek/techrebal/feeds/techrebal_bol.xml HTTP/1.0" 200 1989718 "-" "-"
89.161.206.59 - - [11/Apr/2025:11:05:51 +0200] "GET /Jurek/muminky/feeds/muminky_bol.xml HTTP/1.0" 200 2677696 "-" "-"
89.161.206.59 - - [11/Apr/2025:11:05:51 +0200] "GET /Jurek/nonabox/feeds/nonabox_bol.xml HTTP/1.0" 200 33867 "-" "-"
51.77.52.107 - - [11/Apr/2025:11:05:51 +0200] "GET /Jurek/eurofirany/images/459095/0.jpg HTTP/2.0" 200 103752 "-" "baselinker"
89.161.206.59 - - [11/Apr/2025:11:05:51 +0200] "GET /Jurek/nexus/feeds/nexus_bol.xml HTTP/1.0" 200 226638 "-" "-"
89.161.206.59 - - [11/Apr/2025:11:05:51 +0200] "GET /Jurek/pagmil/feeds/pagmil_bol.xml HTTP/1.0" 200 1802840 "-" "-"
89.161.206.59 - - [11/Apr/2025:11:05:51 +0200] "GET /Jurek/proparts/feeds/proparts_bol.xml HTTP/1.0" 200 707471 "-" "-"
89.161.206.59 - - [11/Apr/2025:11:05:52 +0200] "GET /Jurek/techrebalina/feeds/techrebalina_bol.xml HTTP/1.0" 200 2011174 "-" "-"
89.161.206.59 - - [11/Apr/2025:11:05:52 +0200] "GET /Jurek/cenoman/feeds/cenoman_bol.xml HTTP/1.0" 200 5993160 "-" "-"
89.161.206.59 - - [11/Apr/2025:11:05:52 +0200] "GET /Jurek/newtechele/feeds/newtechele_bol.xml HTTP/1.0" 200 2438523 "-" "-"
89.161.206.59 - - [11/Apr/2025:11:05:52 +0200] "GET /Jurek/beltimore/feeds/beltimore_bol.xml HTTP/1.0" 200 18651710 "-" "-"
51.77.52.107 - - [11/Apr/2025:11:05:56 +0200] "GET /Jurek/eurofirany/images/459095/0.jpg HTTP/2.0" 200 103752 "-" "baselinker"
88.220.33.218 - - [11/Apr/2025:11:06:01 +0200] "GET /Jurek/aw/feeds/awnarzedzia_morele.xml HTTP/2.0" 200 90584674 "-" "MarketplaceAPI curl/7.64.0 PHP/8"
89.161.206.59 - - [11/Apr/2025:11:06:09 +0200] "GET /Jurek/fertone/feeds/fertone_emagro.xml HTTP/1.0" 200 576595 "-" "-"
51.77.52.107 - - [11/Apr/2025:11:06:14 +0200] "GET /Jurek/eurofirany/images/459095/0.jpg HTTP/2.0" 200 103752 "-" "baselinker"
89.161.206.59 - - [11/Apr/2025:11:06:15 +0200] "GET /Jurek/domzapachy/feeds/domzapachy_emagro.xml HTTP/1.0" 200 179806 "-" "-"
51.77.52.107 - - [11/Apr/2025:11:06:20 +0200] "GET /Jurek/eurofirany/images/459101/0.jpg HTTP/2.0" 200 69071 "-" "baselinker"
89.161.206.59 - - [11/Apr/2025:11:06:25 +0200] "GET /Jurek/fernity/feeds/fernity_emagro.xml HTTP/1.0" 200 4798382 "-" "-"
89.161.206.59 - - [11/Apr/2025:11:06:28 +0200] "GET /Jurek/pastelnitka/feeds/pastelnitka_zero.xml HTTP/1.0" 200 1827914 "-" "-"
51.77.52.107 - - [11/Apr/2025:11:06:28 +0200] "GET /Jurek/eurofirany/images/459101/0.jpg HTTP/2.0" 200 69071 "-" "baselinker"
89.161.206.59 - - [11/Apr/2025:11:06:31 +0200] "GET /Jurek/photho/feeds/photho_emagro.xml HTTP/1.0" 200 85056 "-" "-"
89.161.206.59 - - [11/Apr/2025:11:06:32 +0200] "GET /Jurek/zenga/feeds/zenga_emagro.xml HTTP/1.0" 200 222863 "-" "-"
89.161.206.59 - - [11/Apr/2025:11:06:32 +0200] "GET /Jurek/princelh/feeds/princelh_emagro.xml HTTP/1.0" 200 133456 "-" "-"
89.161.206.59 - - [11/Apr/2025:11:06:33 +0200] "GET /Jurek/cenoman/feeds/cenoman_emagro.xml HTTP/1.0" 200 5993712 "-" "-"
89.161.206.59 - - [11/Apr/2025:11:06:34 +0200] "GET /Jurek/lampart/feeds/lampart_emagro.xml HTTP/1.0" 200 936199 "-" "-"
89.161.206.59 - - [11/Apr/2025:11:06:34 +0200] "GET /Jurek/newtechele/feeds/newtechele_emagro.xml HTTP/1.0" 200 2438733 "-" "-"
51.77.52.107 - - [11/Apr/2025:11:06:35 +0200] "GET /Jurek/eurofirany/images/459101/0.jpg HTTP/2.0" 200 69071 "-" "baselinker"
89.161.206.59 - - [11/Apr/2025:11:06:36 +0200] "GET /Jurek/andex/feeds/andex_emagro.xml HTTP/1.0" 200 1953992 "-" "-"
89.161.206.59 - - [11/Apr/2025:11:06:37 +0200] "GET /Jurek/riko/feeds/riko_emagro.xml HTTP/1.0" 200 3786286 "-" "-"
89.161.206.59 - - [11/Apr/2025:11:06:37 +0200] "GET /Jurek/sovapl/feeds/sovapl_emagro.xml HTTP/1.0" 200 9002643 "-" "-"
89.161.206.59 - - [11/Apr/2025:11:06:37 +0200] "GET /Jurek/gandalf/feeds/gandalf_emagro.xml HTTP/1.0" 200 1082571 "-" "-"
89.161.206.59 - - [11/Apr/2025:11:06:37 +0200] "GET /Jurek/kalama/feeds/kalama_emagro.xml HTTP/1.0" 200 2662089 "-" "-"
89.161.206.59 - - [11/Apr/2025:11:06:38 +0200] "GET /Jurek/mechdecor/feeds/mechdecor_emagro.xml HTTP/1.0" 200 596306 "-" "-"
89.161.206.59 - - [11/Apr/2025:11:06:38 +0200] "GET /Jurek/mechdecor/feeds/mechdecor_emagro.xml HTTP/1.0" 200 596306 "-" "-"
89.161.206.59 - - [11/Apr/2025:11:06:38 +0200] "GET /Jurek/zami/feeds/zami_emagro.xml HTTP/1.0" 200 4475595 "-" "-"
51.77.52.107 - - [11/Apr/2025:11:06:40 +0200] "GET /Jurek/eurofirany/images/459102/0.jpg HTTP/2.0" 200 96373 "-" "baselinker"
88.220.33.218 - - [11/Apr/2025:11:06:41 +0200] "GET /Jurek/beliani/feeds/beliani_morele.xml HTTP/2.0" 200 31269076 "-" "MarketplaceAPI curl/7.64.0 PHP/8"
5.134.208.158 - - [11/Apr/2025:11:06:45 +0200] "GET /Jurek/eurofirany/images/409809/0.jpg HTTP/1.1" 200 115437 "-" "-"
51.77.52.107 - - [11/Apr/2025:11:06:48 +0200] "GET /Jurek/eurofirany/images/459102/0.jpg HTTP/2.0" 200 96373 "-" "baselinker"
51.77.52.107 - - [11/Apr/2025:11:06:58 +0200] "GET /Jurek/eurofirany/images/459102/0.jpg HTTP/2.0" 200 96373 "-" "baselinker"
51.77.52.107 - - [11/Apr/2025:11:07:07 +0200] "GET /Jurek/eurofirany/images/459103/0.jpg HTTP/2.0" 200 78335 "-" "baselinker"
51.77.52.107 - - [11/Apr/2025:11:07:14 +0200] "GET /Jurek/eurofirany/images/459103/0.jpg HTTP/2.0" 200 78335 "-" "baselinker"
51.77.52.107 - - [11/Apr/2025:11:07:21 +0200] "GET /Jurek/eurofirany/images/459103/0.jpg HTTP/2.0" 200 78335 "-" "baselinker"
51.77.52.107 - - [11/Apr/2025:11:07:27 +0200] "GET /Jurek/eurofirany/images/459104/0.jpg HTTP/2.0" 200 100333 "-" "baselinker"
51.77.52.107 - - [11/Apr/2025:11:07:41 +0200] "GET /Jurek/eurofirany/images/459104/0.jpg HTTP/2.0" 200 100333 "-" "baselinker"
51.77.52.107 - - [11/Apr/2025:11:08:01 +0200] "GET /Jurek/eurofirany/images/459104/0.jpg HTTP/2.0" 200 100333 "-" "baselinker"
88.220.33.218 - - [11/Apr/2025:11:08:03 +0200] "GET /Jurek/vida_morele/feeds/VidaPL_morele.xml HTTP/2.0" 200 704763099 "-" "MarketplaceAPI curl/7.64.0 PHP/8"
51.77.52.107 - - [11/Apr/2025:11:08:22 +0200] "GET /Jurek/eurofirany/images/459105/0.jpg HTTP/2.0" 200 102402 "-" "baselinker"
51.77.52.107 - - [11/Apr/2025:11:08:40 +0200] "GET /Jurek/eurofirany/images/459105/0.jpg HTTP/2.0" 200 102402 "-" "baselinker"
51.77.52.107 - - [11/Apr/2025:11:08:48 +0200] "GET /Jurek/eurofirany/images/459105/0.jpg HTTP/2.0" 200 102402 "-" "baselinker"
185.6.76.18 - - [11/Apr/2025:11:08:55 +0200] "GET /marketplaces/skroutz/feeds/shumee.xml HTTP/1.1" 200 418928351 "-" "SkroutzBot v1.0"
51.77.52.107 - - [11/Apr/2025:11:09:02 +0200] "GET /Jurek/eurofirany/images/459106/0.jpg HTTP/2.0" 200 64502 "-" "baselinker"
51.77.52.107 - - [11/Apr/2025:11:09:09 +0200] "GET /Jurek/eurofirany/images/459106/0.jpg HTTP/2.0" 200 64502 "-" "baselinker"
51.77.52.107 - - [11/Apr/2025:11:09:15 +0200] "GET /Jurek/eurofirany/images/459106/0.jpg HTTP/2.0" 200 64502 "-" "baselinker"
51.77.52.107 - - [11/Apr/2025:11:09:29 +0200] "GET /Jurek/eurofirany/images/459107/0.jpg HTTP/2.0" 200 75532 "-" "baselinker"
77.79.248.229 - - [11/Apr/2025:11:09:35 +0200] "GET /Jurek/roger/feeds/roger_cdon_dk.xml HTTP/1.1" 200 1148058 "-" "Python-urllib/3.11"
51.77.52.107 - - [11/Apr/2025:11:09:38 +0200] "GET /Jurek/eurofirany/images/459107/0.jpg HTTP/2.0" 200 75532 "-" "baselinker"
51.77.52.107 - - [11/Apr/2025:11:09:55 +0200] "GET /Jurek/eurofirany/images/459107/0.jpg HTTP/2.0" 200 75532 "-" "baselinker"
51.77.52.107 - - [11/Apr/2025:11:10:00 +0200] "GET /Jurek/eurofirany/images/459108/0.jpg HTTP/2.0" 200 99862 "-" "baselinker"
51.77.52.107 - - [11/Apr/2025:11:10:08 +0200] "GET /Jurek/eurofirany/images/459108/0.jpg HTTP/2.0" 200 99862 "-" "baselinker"
51.77.52.107 - - [11/Apr/2025:11:10:13 +0200] "GET /Jurek/eurofirany/images/459108/0.jpg HTTP/2.0" 200 99862 "-" "baselinker"
51.77.52.107 - - [11/Apr/2025:11:10:20 +0200] "GET /Jurek/eurofirany/images/459109/0.jpg HTTP/2.0" 200 99020 "-" "baselinker"
51.77.52.107 - - [11/Apr/2025:11:10:25 +0200] "GET /Jurek/eurofirany/images/459109/0.jpg HTTP/2.0" 200 99020 "-" "baselinker"
51.77.52.107 - - [11/Apr/2025:11:10:30 +0200] "GET /Jurek/eurofirany/images/459109/0.jpg HTTP/2.0" 200 99020 "-" "baselinker"
51.77.52.107 - - [11/Apr/2025:11:10:38 +0200] "GET /Jurek/eurofirany/images/459110/0.jpg HTTP/2.0" 200 94941 "-" "baselinker"
77.79.248.229 - - [11/Apr/2025:11:10:47 +0200] "GET /Jurek/roger/feeds/roger_cdon_fi.xml HTTP/1.1" 200 1147373 "-" "Python-urllib/3.11"
51.77.52.107 - - [11/Apr/2025:11:10:51 +0200] "GET /Jurek/eurofirany/images/459110/0.jpg HTTP/2.0" 200 94941 "-" "baselinker"
51.77.52.107 - - [11/Apr/2025:11:11:08 +0200] "GET /Jurek/eurofirany/images/459110/0.jpg HTTP/2.0" 200 94941 "-" "baselinker"
89.161.206.59 - - [11/Apr/2025:11:11:17 +0200] "GET /Jurek/beltimore/feeds/beltimore_amazonde.xml HTTP/1.0" 200 18651669 "-" "-"
51.77.52.107 - - [11/Apr/2025:11:11:18 +0200] "GET /Jurek/eurofirany/images/459120/0.jpg HTTP/2.0" 200 75067 "-" "baselinker"
51.77.52.107 - - [11/Apr/2025:11:11:27 +0200] "GET /Jurek/eurofirany/images/459120/0.jpg HTTP/2.0" 200 75067 "-" "baselinker"
51.77.52.107 - - [11/Apr/2025:11:11:35 +0200] "GET /Jurek/eurofirany/images/459120/0.jpg HTTP/2.0" 200 75067 "-" "baselinker"
51.77.52.107 - - [11/Apr/2025:11:11:50 +0200] "GET /Jurek/eurofirany/images/459121/0.jpg HTTP/2.0" 200 92954 "-" "baselinker"
51.77.52.107 - - [11/Apr/2025:11:12:00 +0200] "GET /Jurek/eurofirany/images/459121/0.jpg HTTP/2.0" 200 92954 "-" "baselinker"
51.77.52.107 - - [11/Apr/2025:11:12:08 +0200] "GET /Jurek/eurofirany/images/459121/0.jpg HTTP/2.0" 200 92954 "-" "baselinker"
51.77.52.107 - - [11/Apr/2025:11:12:16 +0200] "GET /Jurek/eurofirany/images/459123/0.jpg HTTP/2.0" 200 100850 "-" "baselinker"
46.101.116.244 - - [11/Apr/2025:11:12:19 +0200] "GET /Jurek/aw/feeds/aw_fnacfr.xml HTTP/1.0" 404 3551 "-" "-"
51.77.52.107 - - [11/Apr/2025:11:12:53 +0200] "GET /Jurek/eurofirany/images/459123/0.jpg HTTP/2.0" 200 100850 "-" "baselinker"
89.161.206.59 - - [11/Apr/2025:11:12:56 +0200] "GET /Jurek/kobi/feeds/kobi_bol.xml HTTP/1.0" 200 1993222 "-" "-"
89.161.206.59 - - [11/Apr/2025:11:12:56 +0200] "GET /Jurek/mosti/feeds/mosti_bol.xml HTTP/1.0" 200 4628227 "-" "-"
89.161.206.59 - - [11/Apr/2025:11:12:57 +0200] "GET /Jurek/rosfix/feeds/rosfix_bol.xml HTTP/1.0" 200 35769667 "-" "-"
89.161.206.59 - - [11/Apr/2025:11:12:57 +0200] "GET /Jurek/evil/feeds/evil_bol.xml HTTP/1.0" 200 306385 "-" "-"
89.161.206.59 - - [11/Apr/2025:11:12:57 +0200] "GET /Jurek/drewdon/feeds/drewdon_bol.xml HTTP/1.0" 200 504434 "-" "-"
89.161.206.59 - - [11/Apr/2025:11:12:57 +0200] "GET /Jurek/dekoele/feeds/dekoele_bol.xml HTTP/1.0" 200 733936 "-" "-"
89.161.206.59 - - [11/Apr/2025:11:12:57 +0200] "GET /Jurek/pawonik/feeds/pawonik_bol.xml HTTP/1.0" 200 2138404 "-" "-"
51.77.52.107 - - [11/Apr/2025:11:13:03 +0200] "GET /Jurek/eurofirany/images/459123/0.jpg HTTP/2.0" 200 100850 "-" "baselinker"
51.77.52.107 - - [11/Apr/2025:11:13:19 +0200] "GET /Jurek/eurofirany/images/459124/0.jpg HTTP/2.0" 200 101347 "-" "baselinker"
51.77.52.107 - - [11/Apr/2025:11:13:25 +0200] "GET /Jurek/eurofirany/images/459124/0.jpg HTTP/2.0" 200 101347 "-" "baselinker"
51.77.52.107 - - [11/Apr/2025:11:13:37 +0200] "GET /Jurek/eurofirany/images/459124/0.jpg HTTP/2.0" 200 101347 "-" "baselinker"
51.77.52.107 - - [11/Apr/2025:11:13:53 +0200] "GET /Jurek/eurofirany/images/464218/0.jpg HTTP/2.0" 200 72310 "-" "baselinker"
51.77.52.107 - - [11/Apr/2025:11:14:01 +0200] "GET /Jurek/eurofirany/images/464218/0.jpg HTTP/2.0" 200 72310 "-" "baselinker"
51.77.52.107 - - [11/Apr/2025:11:14:08 +0200] "GET /Jurek/eurofirany/images/464218/0.jpg HTTP/2.0" 200 72310 "-" "baselinker"
89.161.206.59 - - [11/Apr/2025:11:14:10 +0200] "GET /Jurek/princelh/feeds/princelh_amazonde.xml HTTP/1.0" 200 133433 "-" "-"
89.161.206.59 - - [11/Apr/2025:11:14:11 +0200] "GET /Jurek/zbimatyja/feeds/zbimatyja_amazonde.xml HTTP/1.0" 200 11670169 "-" "-"
51.77.52.107 - - [11/Apr/2025:11:14:15 +0200] "GET /Jurek/eurofirany/images/464220/0.jpg HTTP/2.0" 200 61088 "-" "baselinker"
193.33.8.61 - - [11/Apr/2025:11:14:18 +0200] "GET /Jurek/topeshop/downloaded_images/5904507202422_b_biel_2.jpg HTTP/2.0" 200 31569 "https://itm.ebaydesc.com/" "Mozilla/5.0 (Windows NT 10.0; Win64; x64) AppleWebKit/537.36 (KHTML, like Gecko) Chrome/135.0.0.0 Safari/537.36"
5.134.208.158 - - [11/Apr/2025:11:14:25 +0200] "GET /Jurek/eurofirany/images/416970/0.jpg HTTP/1.1" 206 256 "https://www.ceneo.pl" "Mozilla/5.0 (Windows NT 10.0; Win64; x64) AppleWebKit/537.36 (KHTML, like Gecko) Chrome/87.0.4280.141 Safari/537.36"
51.77.52.107 - - [11/Apr/2025:11:14:50 +0200] "GET /Jurek/eurofirany/images/464220/0.jpg HTTP/2.0" 200 61088 "-" "baselinker"
51.77.52.107 - - [11/Apr/2025:11:14:56 +0200] "GET /Jurek/eurofirany/images/464220/0.jpg HTTP/2.0" 200 61088 "-" "baselinker"
5.134.208.158 - - [11/Apr/2025:11:15:08 +0200] "GET /Jurek/eurofirany/images/439761/0.jpg HTTP/1.1" 206 256 "https://www.ceneo.pl" "Mozilla/5.0 (Windows NT 10.0; Win64; x64) AppleWebKit/537.36 (KHTML, like Gecko) Chrome/87.0.4280.141 Safari/537.36"
51.77.52.107 - - [11/Apr/2025:11:15:13 +0200] "GET /Jurek/eurofirany/images/464221/0.jpg HTTP/2.0" 200 53096 "-" "baselinker"
51.77.52.107 - - [11/Apr/2025:11:15:18 +0200] "GET /Jurek/eurofirany/images/464221/0.jpg HTTP/2.0" 200 53096 "-" "baselinker"
51.77.52.107 - - [11/Apr/2025:11:15:39 +0200] "GET /Jurek/eurofirany/images/464221/0.jpg HTTP/2.0" 200 53096 "-" "baselinker"
51.77.52.107 - - [11/Apr/2025:11:15:58 +0200] "GET /Jurek/eurofirany/images/464225/0.jpg HTTP/2.0" 200 43770 "-" "baselinker"
51.77.52.107 - - [11/Apr/2025:11:16:03 +0200] "GET /Jurek/eurofirany/images/464225/0.jpg HTTP/2.0" 200 43770 "-" "baselinker"
51.77.52.107 - - [11/Apr/2025:11:16:10 +0200] "GET /Jurek/eurofirany/images/464225/0.jpg HTTP/2.0" 200 43770 "-" "baselinker"
51.77.52.107 - - [11/Apr/2025:11:16:17 +0200] "GET /Jurek/eurofirany/images/464226/0.jpg HTTP/2.0" 200 48117 "-" "baselinker"
51.77.52.107 - - [11/Apr/2025:11:16:24 +0200] "GET /Jurek/eurofirany/images/464226/0.jpg HTTP/2.0" 200 48117 "-" "baselinker"
51.77.52.107 - - [11/Apr/2025:11:16:32 +0200] "GET /Jurek/eurofirany/images/464226/0.jpg HTTP/2.0" 200 48117 "-" "baselinker"
51.77.52.107 - - [11/Apr/2025:11:16:39 +0200] "GET /Jurek/eurofirany/images/464228/0.jpg HTTP/2.0" 200 57021 "-" "baselinker"
178.21.154.6 - - [11/Apr/2025:11:16:39 +0200] "GET /Jurek/eurofirany/images/426318/0.jpg HTTP/1.1" 200 96714 "-" "-"
46.101.116.244 - - [11/Apr/2025:11:16:43 +0200] "GET /Jurek/aw/feeds/aw_fnacfr.xml HTTP/1.0" 404 3551 "-" "-"
51.77.52.107 - - [11/Apr/2025:11:16:59 +0200] "GET /Jurek/eurofirany/images/464228/0.jpg HTTP/2.0" 200 57021 "-" "baselinker"
51.77.52.107 - - [11/Apr/2025:11:17:05 +0200] "GET /Jurek/eurofirany/images/464228/0.jpg HTTP/2.0" 200 57021 "-" "baselinker"
51.77.52.107 - - [11/Apr/2025:11:17:13 +0200] "GET /Jurek/eurofirany/images/459048/0.jpg HTTP/2.0" 200 112049 "-" "baselinker"
193.33.8.61 - - [11/Apr/2025:11:17:21 +0200] "GET /Jurek/eany/data.csv HTTP/2.0" 304 0 "https://dkkapusta1997.usermd.net/Jurek/eany/" "Mozilla/5.0 (Windows NT 10.0; Win64; x64) AppleWebKit/537.36 (KHTML, like Gecko) Chrome/135.0.0.0 Safari/537.36"
193.33.8.61 - - [11/Apr/2025:11:17:21 +0200] "GET /favicon.ico HTTP/2.0" 404 3551 "https://dkkapusta1997.usermd.net/Jurek/eany/" "Mozilla/5.0 (Windows NT 10.0; Win64; x64) AppleWebKit/537.36 (KHTML, like Gecko) Chrome/135.0.0.0 Safari/537.36"
51.77.52.107 - - [11/Apr/2025:11:17:31 +0200] "GET /Jurek/eurofirany/images/459048/0.jpg HTTP/2.0" 200 112049 "-" "baselinker"
51.77.52.107 - - [11/Apr/2025:11:17:38 +0200] "GET /Jurek/eurofirany/images/459048/0.jpg HTTP/2.0" 200 112049 "-" "baselinker"
51.77.52.107 - - [11/Apr/2025:11:17:41 +0200] "GET /Jurek/eurofirany/images/459049/0.jpg HTTP/2.0" 200 112049 "-" "baselinker"
51.77.52.107 - - [11/Apr/2025:11:17:48 +0200] "GET /Jurek/eurofirany/images/459049/0.jpg HTTP/2.0" 200 112049 "-" "baselinker"
89.161.206.59 - - [11/Apr/2025:11:17:55 +0200] "GET /Jurek/sportprise/feeds/sportprise_skroutz.xml HTTP/1.0" 200 11782310 "-" "-"
51.77.52.107 - - [11/Apr/2025:11:17:55 +0200] "GET /Jurek/eurofirany/images/459049/0.jpg HTTP/2.0" 200 112049 "-" "baselinker"
51.77.52.107 - - [11/Apr/2025:11:18:03 +0200] "GET /Jurek/eurofirany/images/467099/0.jpg HTTP/2.0" 200 106574 "-" "baselinker"
51.77.52.107 - - [11/Apr/2025:11:18:21 +0200] "GET /Jurek/eurofirany/images/467099/0.jpg HTTP/2.0" 200 106574 "-" "baselinker"
51.77.52.107 - - [11/Apr/2025:11:18:32 +0200] "GET /Jurek/eurofirany/images/467099/0.jpg HTTP/2.0" 200 106574 "-" "baselinker"
51.77.52.107 - - [11/Apr/2025:11:18:53 +0200] "GET /Jurek/eurofirany/images/467100/0.jpg HTTP/2.0" 200 102728 "-" "baselinker"
51.77.52.107 - - [11/Apr/2025:11:19:12 +0200] "GET /Jurek/eurofirany/images/467100/0.jpg HTTP/2.0" 200 102728 "-" "baselinker"
51.77.52.107 - - [11/Apr/2025:11:19:52 +0200] "GET /Jurek/eurofirany/images/467100/0.jpg HTTP/2.0" 200 102728 "-" "baselinker"
51.77.52.107 - - [11/Apr/2025:11:19:59 +0200] "GET /Jurek/eurofirany/images/467116/0.jpg HTTP/2.0" 200 90283 "-" "baselinker"
51.77.52.107 - - [11/Apr/2025:11:20:23 +0200] "GET /Jurek/eurofirany/images/467116/0.jpg HTTP/2.0" 200 90283 "-" "baselinker"
51.77.52.107 - - [11/Apr/2025:11:20:29 +0200] "GET /Jurek/eurofirany/images/467116/0.jpg HTTP/2.0" 200 90283 "-" "baselinker"
51.77.52.107 - - [11/Apr/2025:11:20:35 +0200] "GET /Jurek/eurofirany/images/467415/0.jpg HTTP/2.0" 200 51469 "-" "baselinker"
51.77.52.107 - - [11/Apr/2025:11:21:07 +0200] "GET /Jurek/eurofirany/images/467415/0.jpg HTTP/2.0" 200 51469 "-" "baselinker"
51.77.52.107 - - [11/Apr/2025:11:21:26 +0200] "GET /Jurek/eurofirany/images/467415/0.jpg HTTP/2.0" 200 51469 "-" "baselinker"
51.77.52.107 - - [11/Apr/2025:11:21:35 +0200] "GET /Jurek/eurofirany/images/464830/0.jpg HTTP/2.0" 200 174714 "-" "baselinker"
46.101.116.244 - - [11/Apr/2025:11:21:52 +0200] "GET /Jurek/aw/feeds/aw_fnacfr.xml HTTP/1.0" 404 3551 "-" "-"
51.77.52.107 - - [11/Apr/2025:11:21:54 +0200] "GET /Jurek/eurofirany/images/464830/0.jpg HTTP/2.0" 200 174714 "-" "baselinker"
85.232.241.194 - - [11/Apr/2025:11:22:02 +0200] "GET /Jurek/action/feeds/action_ubaldi.xml HTTP/1.1" 200 60204457 "-" "Python-urllib/3.11"
85.232.241.194 - - [11/Apr/2025:11:22:05 +0200] "GET /Jurek/hurtownia_przemyslowa/feeds/hp_ubaldi.xml HTTP/1.1" 200 49362610 "-" "Python-urllib/3.11"
85.232.241.194 - - [11/Apr/2025:11:22:06 +0200] "GET /Jurek/aw/feeds/aw_ubaldi.xml HTTP/1.1" 200 90576674 "-" "Python-urllib/3.11"
85.232.241.194 - - [11/Apr/2025:11:22:08 +0200] "GET /Jurek/intsell/feeds/intsell_rue.xml HTTP/1.1" 200 342006453 "-" "Python-urllib/3.11"
85.232.241.194 - - [11/Apr/2025:11:22:08 +0200] "GET /Jurek/ekuchcikowo/feeds/ekuchcikowo_rue.xml HTTP/1.1" 200 12471047 "-" "Python-urllib/3.11"
85.232.241.194 - - [11/Apr/2025:11:22:08 +0200] "GET /Jurek/coppotech/feeds/coppotech_ubaldi.xml HTTP/1.1" 200 38049140 "-" "Python-urllib/3.11"
