51.77.52.107 - - [11/Apr/2025:00:48:14 +0200] "GET /Jurek/eurofirany/images/428730/0.jpg HTTP/2.0" 200 80768 "-" "baselinker"
51.77.52.107 - - [11/Apr/2025:00:48:24 +0200] "GET /Jurek/eurofirany/images/428730/0.jpg HTTP/2.0" 200 80768 "-" "baselinker"
51.77.52.107 - - [11/Apr/2025:00:48:40 +0200] "GET /Jurek/eurofirany/images/428730/0.jpg HTTP/2.0" 200 80768 "-" "baselinker"
51.77.52.107 - - [11/Apr/2025:00:48:45 +0200] "GET /Jurek/eurofirany/images/428728/0.jpg HTTP/2.0" 200 93599 "-" "baselinker"
51.77.52.107 - - [11/Apr/2025:00:48:56 +0200] "GET /Jurek/eurofirany/images/428728/0.jpg HTTP/2.0" 200 93599 "-" "baselinker"
51.77.52.107 - - [11/Apr/2025:00:49:11 +0200] "GET /Jurek/eurofirany/images/428728/0.jpg HTTP/2.0" 200 93599 "-" "baselinker"
51.77.52.107 - - [11/Apr/2025:00:49:29 +0200] "GET /Jurek/eurofirany/images/459353/0.jpg HTTP/2.0" 200 71214 "-" "baselinker"
51.77.52.107 - - [11/Apr/2025:00:49:39 +0200] "GET /Jurek/eurofirany/images/459353/0.jpg HTTP/2.0" 200 71214 "-" "baselinker"
51.77.52.107 - - [11/Apr/2025:00:49:54 +0200] "GET /Jurek/eurofirany/images/459353/0.jpg HTTP/2.0" 200 71214 "-" "baselinker"
51.77.52.107 - - [11/Apr/2025:00:50:05 +0200] "GET /Jurek/eurofirany/images/462361/0.jpg HTTP/2.0" 200 74776 "-" "baselinker"
51.77.52.107 - - [11/Apr/2025:00:50:19 +0200] "GET /Jurek/eurofirany/images/462361/0.jpg HTTP/2.0" 200 74776 "-" "baselinker"
89.161.206.59 - - [11/Apr/2025:00:50:30 +0200] "GET /Jurek/hurtownia_przemyslowa/feeds/hp_skroutz.xml HTTP/1.0" 200 49363122 "-" "-"
51.77.52.107 - - [11/Apr/2025:00:50:33 +0200] "GET /Jurek/eurofirany/images/462361/0.jpg HTTP/2.0" 200 74776 "-" "baselinker"
51.77.52.107 - - [11/Apr/2025:00:51:07 +0200] "GET /Jurek/eurofirany/images/467979/0.jpg HTTP/2.0" 200 65217 "-" "baselinker"
51.77.52.107 - - [11/Apr/2025:00:51:23 +0200] "GET /Jurek/eurofirany/images/467979/0.jpg HTTP/2.0" 200 65217 "-" "baselinker"
51.77.52.107 - - [11/Apr/2025:00:51:37 +0200] "GET /Jurek/eurofirany/images/467979/0.jpg HTTP/2.0" 200 65217 "-" "baselinker"
51.77.52.107 - - [11/Apr/2025:00:51:53 +0200] "GET /Jurek/eurofirany/images/467996/0.jpg HTTP/2.0" 200 91476 "-" "baselinker"
46.101.116.244 - - [11/Apr/2025:00:51:59 +0200] "GET /Jurek/aw/feeds/aw_fnacfr.xml HTTP/1.0" 404 3551 "-" "-"
51.77.52.107 - - [11/Apr/2025:00:52:05 +0200] "GET /Jurek/eurofirany/images/467996/0.jpg HTTP/2.0" 200 91476 "-" "baselinker"
51.77.52.107 - - [11/Apr/2025:00:52:20 +0200] "GET /Jurek/eurofirany/images/467996/0.jpg HTTP/2.0" 200 91476 "-" "baselinker"
51.77.52.107 - - [11/Apr/2025:00:52:33 +0200] "GET /Jurek/eurofirany/images/467997/0.jpg HTTP/2.0" 200 89536 "-" "baselinker"
51.77.52.107 - - [11/Apr/2025:00:52:48 +0200] "GET /Jurek/eurofirany/images/467997/0.jpg HTTP/2.0" 200 89536 "-" "baselinker"
51.77.52.107 - - [11/Apr/2025:00:53:02 +0200] "GET /Jurek/eurofirany/images/467997/0.jpg HTTP/2.0" 200 89536 "-" "baselinker"
51.77.52.107 - - [11/Apr/2025:00:53:18 +0200] "GET /Jurek/eurofirany/images/468000/0.jpg HTTP/2.0" 200 90120 "-" "baselinker"
51.77.52.107 - - [11/Apr/2025:00:53:31 +0200] "GET /Jurek/eurofirany/images/468000/0.jpg HTTP/2.0" 200 90120 "-" "baselinker"
51.77.52.107 - - [11/Apr/2025:00:53:48 +0200] "GET /Jurek/eurofirany/images/468000/0.jpg HTTP/2.0" 200 90120 "-" "baselinker"
51.77.52.107 - - [11/Apr/2025:00:54:01 +0200] "GET /Jurek/eurofirany/images/465105/0.jpg HTTP/2.0" 200 50923 "-" "baselinker"
51.77.52.107 - - [11/Apr/2025:00:54:23 +0200] "GET /Jurek/eurofirany/images/465105/0.jpg HTTP/2.0" 200 50923 "-" "baselinker"
89.161.206.59 - - [11/Apr/2025:00:54:24 +0200] "GET /Jurek/waks/feeds/waks_allegro.xml HTTP/1.0" 200 1598638 "-" "-"
89.161.206.59 - - [11/Apr/2025:00:54:25 +0200] "GET /Jurek/drops/feeds/dropsofficecolection_allegro.xml HTTP/1.0" 200 790659 "-" "-"
51.77.52.107 - - [11/Apr/2025:00:54:25 +0200] "GET /Jurek/eurofirany/images/465105/0.jpg HTTP/2.0" 200 50923 "-" "baselinker"
89.161.206.59 - - [11/Apr/2025:00:54:25 +0200] "GET /Jurek/velinda/feeds/velinda_allegro.xml HTTP/1.0" 200 23436 "-" "-"
89.161.206.59 - - [11/Apr/2025:00:54:25 +0200] "GET /Jurek/galopi/feeds/galopi_allegro.xml HTTP/1.0" 200 2111240 "-" "-"
51.77.52.107 - - [11/Apr/2025:00:54:42 +0200] "GET /Jurek/eurofirany/images/465133/0.jpg HTTP/2.0" 200 54363 "-" "baselinker"
51.77.52.107 - - [11/Apr/2025:00:54:56 +0200] "GET /Jurek/eurofirany/images/465133/0.jpg HTTP/2.0" 200 54363 "-" "baselinker"
51.77.52.107 - - [11/Apr/2025:00:55:01 +0200] "GET /Jurek/eurofirany/images/465133/0.jpg HTTP/2.0" 200 54363 "-" "baselinker"
51.77.52.107 - - [11/Apr/2025:00:55:07 +0200] "GET /Jurek/eurofirany/images/465081/0.jpg HTTP/2.0" 200 22445 "-" "baselinker"
51.77.52.107 - - [11/Apr/2025:00:55:22 +0200] "GET /Jurek/eurofirany/images/465081/0.jpg HTTP/2.0" 200 22445 "-" "baselinker"
51.77.52.107 - - [11/Apr/2025:00:55:25 +0200] "GET /Jurek/eurofirany/images/465081/0.jpg HTTP/2.0" 200 22445 "-" "baselinker"
89.161.206.59 - - [11/Apr/2025:00:55:25 +0200] "GET /Jurek/slayo/feeds/slayo_skroutz.xml HTTP/1.0" 200 183614 "-" "-"
89.161.206.59 - - [11/Apr/2025:00:55:25 +0200] "GET /Jurek/kambukka/feeds/kambukka_skroutz.xml HTTP/1.0" 200 1025305 "-" "-"
89.161.206.59 - - [11/Apr/2025:00:55:26 +0200] "GET /Jurek/pagmil/feeds/pagmil_skroutz.xml HTTP/1.0" 200 1802847 "-" "-"
89.161.206.59 - - [11/Apr/2025:00:55:26 +0200] "GET /Jurek/hdwr/feeds/hdwr_skroutz.xml HTTP/1.0" 200 789390 "-" "-"
89.161.206.59 - - [11/Apr/2025:00:55:33 +0200] "GET /Jurek/sempler/feeds/sempler_skroutz.xml HTTP/1.0" 200 6787981 "-" "-"
89.161.206.59 - - [11/Apr/2025:00:55:34 +0200] "GET /Jurek/targethome/feeds/targethome_skroutz.xml HTTP/1.0" 200 688603 "-" "-"
51.77.52.107 - - [11/Apr/2025:00:55:42 +0200] "GET /Jurek/eurofirany/images/465082/0.jpg HTTP/2.0" 200 22445 "-" "baselinker"
89.161.206.59 - - [11/Apr/2025:00:55:49 +0200] "GET /Jurek/pawonik/feeds/pawonik_skroutz.xml HTTP/1.0" 200 2138439 "-" "-"
89.161.206.59 - - [11/Apr/2025:00:55:49 +0200] "GET /Jurek/amzteam/feeds/amzteam_skroutz.xml HTTP/1.0" 200 95904 "-" "-"
89.161.206.59 - - [11/Apr/2025:00:55:50 +0200] "GET /Jurek/artdog/feeds/artdog_skroutz.xml HTTP/1.0" 200 17158523 "-" "-"
89.161.206.59 - - [11/Apr/2025:00:55:51 +0200] "GET /Jurek/mosti/feeds/mosti_skroutz.xml HTTP/1.0" 200 4633455 "-" "-"
51.77.52.107 - - [11/Apr/2025:00:55:55 +0200] "GET /Jurek/eurofirany/images/465082/0.jpg HTTP/2.0" 200 22445 "-" "baselinker"
51.77.52.107 - - [11/Apr/2025:00:56:04 +0200] "GET /Jurek/eurofirany/images/465082/0.jpg HTTP/2.0" 200 22445 "-" "baselinker"
51.77.52.107 - - [11/Apr/2025:00:57:04 +0200] "GET /Jurek/eurofirany/images/465083/0.jpg HTTP/2.0" 200 22445 "-" "baselinker"
51.77.52.107 - - [11/Apr/2025:00:57:16 +0200] "GET /Jurek/eurofirany/images/465083/0.jpg HTTP/2.0" 200 22445 "-" "baselinker"
51.77.52.107 - - [11/Apr/2025:00:57:29 +0200] "GET /Jurek/eurofirany/images/465083/0.jpg HTTP/2.0" 200 22445 "-" "baselinker"
89.161.206.59 - - [11/Apr/2025:00:57:38 +0200] "GET /Jurek/eurofirany/feeds/eurofirany_skroutz.xml HTTP/1.0" 200 19350653 "-" "-"
51.77.52.107 - - [11/Apr/2025:00:57:44 +0200] "GET /Jurek/eurofirany/images/465084/0.jpg HTTP/2.0" 200 22445 "-" "baselinker"
89.161.206.59 - - [11/Apr/2025:00:57:50 +0200] "GET /Jurek/ikonka/feeds/ikonka_ebayde.xml HTTP/1.0" 200 7025757 "-" "-"
46.101.116.244 - - [11/Apr/2025:00:57:55 +0200] "GET /Jurek/aw/feeds/awnarzedzia_skroutz.xml HTTP/1.0" 200 90173906 "-" "-"
46.101.116.244 - - [11/Apr/2025:00:57:57 +0200] "GET /Jurek/topeshop/feeds/topeshop_skr.xml HTTP/1.0" 200 922128 "-" "-"
51.77.52.107 - - [11/Apr/2025:00:58:00 +0200] "GET /Jurek/eurofirany/images/465084/0.jpg HTTP/2.0" 200 22445 "-" "baselinker"
89.161.206.59 - - [11/Apr/2025:00:58:08 +0200] "GET /Jurek/winoszarnia/feeds/winoszarnia_emagro.xml HTTP/1.0" 200 6065004 "-" "-"
89.161.206.59 - - [11/Apr/2025:00:58:09 +0200] "GET /Jurek/filmal/feeds/filmal_emagro.xml HTTP/1.0" 200 139310 "-" "-"
89.161.206.59 - - [11/Apr/2025:00:58:12 +0200] "GET /Jurek/livinhill/feeds/livinhill_emagro.xml HTTP/1.0" 200 167748 "-" "-"
51.77.52.107 - - [11/Apr/2025:00:58:12 +0200] "GET /Jurek/eurofirany/images/465084/0.jpg HTTP/2.0" 200 22445 "-" "baselinker"
89.161.206.59 - - [11/Apr/2025:00:58:12 +0200] "GET /Jurek/jakdroz/feeds/jakdroz_emagro.xml HTTP/1.0" 200 4090885 "-" "-"
51.77.52.107 - - [11/Apr/2025:00:58:26 +0200] "GET /Jurek/eurofirany/images/465085/0.jpg HTTP/2.0" 200 22445 "-" "baselinker"
51.77.52.107 - - [11/Apr/2025:00:58:44 +0200] "GET /Jurek/eurofirany/images/465085/0.jpg HTTP/2.0" 200 22445 "-" "baselinker"
51.77.52.107 - - [11/Apr/2025:00:59:01 +0200] "GET /Jurek/eurofirany/images/465085/0.jpg HTTP/2.0" 200 22445 "-" "baselinker"
51.77.52.107 - - [11/Apr/2025:00:59:11 +0200] "GET /Jurek/eurofirany/images/465086/0.jpg HTTP/2.0" 200 22445 "-" "baselinker"
51.77.52.107 - - [11/Apr/2025:00:59:29 +0200] "GET /Jurek/eurofirany/images/465086/0.jpg HTTP/2.0" 200 22445 "-" "baselinker"
51.77.52.107 - - [11/Apr/2025:00:59:40 +0200] "GET /Jurek/eurofirany/images/465086/0.jpg HTTP/2.0" 200 22445 "-" "baselinker"
51.77.52.107 - - [11/Apr/2025:00:59:51 +0200] "GET /Jurek/eurofirany/images/465087/0.jpg HTTP/2.0" 200 22445 "-" "baselinker"
51.77.52.107 - - [11/Apr/2025:01:00:00 +0200] "GET /Jurek/eurofirany/images/465087/0.jpg HTTP/2.0" 200 22445 "-" "baselinker"
51.77.52.107 - - [11/Apr/2025:01:00:15 +0200] "GET /Jurek/eurofirany/images/465087/0.jpg HTTP/2.0" 200 22445 "-" "baselinker"
46.101.116.244 - - [11/Apr/2025:01:00:21 +0200] "GET /Jurek/intsell/feeds/intsell_emagro.xml HTTP/1.0" 200 342065826 "-" "-"
51.77.52.107 - - [11/Apr/2025:01:00:30 +0200] "GET /Jurek/eurofirany/images/465088/0.jpg HTTP/2.0" 200 40949 "-" "baselinker"
52.18.22.0 - - [11/Apr/2025:01:00:35 +0200] "GET /marketplaces/ubaldi/results/ubaldi.csv HTTP/1.1" 200 147219 "-" "Mirakl HttpClient"
51.77.52.107 - - [11/Apr/2025:01:00:46 +0200] "GET /Jurek/eurofirany/images/465088/0.jpg HTTP/2.0" 200 40949 "-" "baselinker"
89.161.206.59 - - [11/Apr/2025:01:00:49 +0200] "GET /Jurek/kinghoff/feeds/kinghoff_amazon_de.xml HTTP/1.0" 200 15437592 "-" "-"
89.161.206.59 - - [11/Apr/2025:01:00:50 +0200] "GET /Jurek/bass/feeds/bass_amazonde.xml HTTP/1.0" 200 3984375 "-" "-"
51.77.52.107 - - [11/Apr/2025:01:00:57 +0200] "GET /Jurek/eurofirany/images/465088/0.jpg HTTP/2.0" 200 40949 "-" "baselinker"
89.161.206.59 - - [11/Apr/2025:01:01:13 +0200] "GET /Jurek/carbonyway/feeds/carbonyway_amazonde.xml HTTP/1.0" 200 3076038 "-" "-"
51.77.52.107 - - [11/Apr/2025:01:01:15 +0200] "GET /Jurek/eurofirany/images/465089/0.jpg HTTP/2.0" 200 40949 "-" "baselinker"
89.161.206.59 - - [11/Apr/2025:01:01:15 +0200] "GET /Jurek/equalo/feeds/equalo_amazonde.xml HTTP/1.0" 200 98010 "-" "-"
89.161.206.59 - - [11/Apr/2025:01:01:16 +0200] "GET /Jurek/cdata/feeds/cdata_amazonde.xml HTTP/1.0" 200 1445071 "-" "-"
35.204.39.32 - - [11/Apr/2025:01:01:20 +0200] "GET /marketplaces/vente/results/vente_nl.csv HTTP/1.1" 200 147219 "-" "Mirakl HttpClient"
35.204.39.32 - - [11/Apr/2025:01:01:20 +0200] "GET /marketplaces/vente/results/vente_fr.csv HTTP/1.1" 200 147219 "-" "Mirakl HttpClient"
35.204.39.32 - - [11/Apr/2025:01:01:20 +0200] "GET /marketplaces/vente/results/vente_be.csv HTTP/1.1" 200 147219 "-" "Mirakl HttpClient"
35.204.39.32 - - [11/Apr/2025:01:01:20 +0200] "GET /marketplaces/vente/results/vente_it.csv HTTP/1.1" 200 147219 "-" "Mirakl HttpClient"
35.204.39.32 - - [11/Apr/2025:01:01:20 +0200] "GET /marketplaces/vente/results/vente_es.csv HTTP/1.1" 200 147219 "-" "Mirakl HttpClient"
35.204.39.32 - - [11/Apr/2025:01:01:21 +0200] "GET /marketplaces/vente/results/vente_de.csv HTTP/1.1" 200 147219 "-" "Mirakl HttpClient"
89.161.206.59 - - [11/Apr/2025:01:01:26 +0200] "GET /Jurek/wenom/feeds/wenom_emagro.xml HTTP/1.0" 200 583123 "-" "-"
89.161.206.59 - - [11/Apr/2025:01:01:26 +0200] "GET /Jurek/zepnij/feeds/zepnij_emagro.xml HTTP/1.0" 200 19523697 "-" "-"
51.77.52.107 - - [11/Apr/2025:01:01:31 +0200] "GET /Jurek/eurofirany/images/465089/0.jpg HTTP/2.0" 200 40949 "-" "baselinker"
51.77.52.107 - - [11/Apr/2025:01:01:45 +0200] "GET /Jurek/eurofirany/images/465089/0.jpg HTTP/2.0" 200 40949 "-" "baselinker"
89.161.206.59 - - [11/Apr/2025:01:01:49 +0200] "GET /Jurek/bass_new/feeds/bass_skroutz.xml HTTP/1.0" 200 7040941 "-" "-"
52.18.22.0 - - [11/Apr/2025:01:01:58 +0200] "GET /marketplaces/rue/results/rue.csv HTTP/1.1" 200 147219 "-" "Mirakl HttpClient"
51.77.52.107 - - [11/Apr/2025:01:02:03 +0200] "GET /Jurek/eurofirany/images/465090/0.jpg HTTP/2.0" 200 40949 "-" "baselinker"
51.77.52.107 - - [11/Apr/2025:01:02:16 +0200] "GET /Jurek/eurofirany/images/465090/0.jpg HTTP/2.0" 200 40949 "-" "baselinker"
51.77.52.107 - - [11/Apr/2025:01:02:37 +0200] "GET /Jurek/eurofirany/images/465090/0.jpg HTTP/2.0" 200 40949 "-" "baselinker"
51.77.52.107 - - [11/Apr/2025:01:02:52 +0200] "GET /Jurek/eurofirany/images/465091/0.jpg HTTP/2.0" 200 40949 "-" "baselinker"
89.161.206.59 - - [11/Apr/2025:01:03:03 +0200] "GET /Jurek/purewear/feeds/purewear_emagro.xml HTTP/1.0" 200 13354342 "-" "-"
89.161.206.59 - - [11/Apr/2025:01:03:05 +0200] "GET /Jurek/beautycare/feeds/beautycare_emagro.xml HTTP/1.0" 200 1181590 "-" "-"
51.77.52.107 - - [11/Apr/2025:01:03:10 +0200] "GET /Jurek/eurofirany/images/465091/0.jpg HTTP/2.0" 200 40949 "-" "baselinker"
51.77.52.107 - - [11/Apr/2025:01:03:15 +0200] "GET /Jurek/eurofirany/images/465091/0.jpg HTTP/2.0" 200 40949 "-" "baselinker"
51.77.52.107 - - [11/Apr/2025:01:03:28 +0200] "GET /Jurek/eurofirany/images/465092/0.jpg HTTP/2.0" 200 40949 "-" "baselinker"
51.77.52.107 - - [11/Apr/2025:01:03:39 +0200] "GET /Jurek/eurofirany/images/465092/0.jpg HTTP/2.0" 200 40949 "-" "baselinker"
51.77.52.107 - - [11/Apr/2025:01:03:59 +0200] "GET /Jurek/eurofirany/images/465092/0.jpg HTTP/2.0" 200 40949 "-" "baselinker"
51.77.52.107 - - [11/Apr/2025:01:04:03 +0200] "GET /Jurek/eurofirany/images/465094/0.jpg HTTP/2.0" 200 40949 "-" "baselinker"
51.77.52.107 - - [11/Apr/2025:01:04:09 +0200] "GET /Jurek/eurofirany/images/465094/0.jpg HTTP/2.0" 200 40949 "-" "baselinker"
51.77.52.107 - - [11/Apr/2025:01:04:28 +0200] "GET /Jurek/eurofirany/images/465094/0.jpg HTTP/2.0" 200 40949 "-" "baselinker"
51.77.52.107 - - [11/Apr/2025:01:04:39 +0200] "GET /Jurek/eurofirany/images/465095/0.jpg HTTP/2.0" 200 45355 "-" "baselinker"
51.77.52.107 - - [11/Apr/2025:01:04:53 +0200] "GET /Jurek/eurofirany/images/465095/0.jpg HTTP/2.0" 200 45355 "-" "baselinker"
89.161.206.59 - - [11/Apr/2025:01:04:56 +0200] "GET /Jurek/asortymenteu/feeds/asortymenteu_skroutz_great.xml HTTP/1.0" 200 2775205 "-" "-"
51.77.52.107 - - [11/Apr/2025:01:05:13 +0200] "GET /Jurek/eurofirany/images/465095/0.jpg HTTP/2.0" 200 45355 "-" "baselinker"
89.161.206.59 - - [11/Apr/2025:01:05:35 +0200] "GET /Jurek/hurtmeblowy/feeds/hurtmeblowy_skroutz.xml HTTP/1.0" 200 8495666 "-" "-"
51.77.52.107 - - [11/Apr/2025:01:05:46 +0200] "GET /Jurek/eurofirany/images/465096/0.jpg HTTP/2.0" 200 45355 "-" "baselinker"
52.167.144.185 - - [11/Apr/2025:01:05:49 +0200] "GET /Jurek/topeshop/downloaded_images/5902838464199_20_st.jpg HTTP/2.0" 200 38673 "-" "Mozilla/5.0 AppleWebKit/537.36 (KHTML, like Gecko; compatible; bingbot/2.0; +http://www.bing.com/bingbot.htm) Chrome/116.0.1938.76 Safari/537.36"
51.77.52.107 - - [11/Apr/2025:01:05:51 +0200] "GET /Jurek/eurofirany/images/465096/0.jpg HTTP/2.0" 200 45355 "-" "baselinker"
51.77.52.107 - - [11/Apr/2025:01:05:56 +0200] "GET /Jurek/eurofirany/images/465096/0.jpg HTTP/2.0" 200 45355 "-" "baselinker"
51.77.52.107 - - [11/Apr/2025:01:06:07 +0200] "GET /Jurek/eurofirany/images/465097/0.jpg HTTP/2.0" 200 45355 "-" "baselinker"
51.77.52.107 - - [11/Apr/2025:01:06:13 +0200] "GET /Jurek/eurofirany/images/465097/0.jpg HTTP/2.0" 200 45355 "-" "baselinker"
51.77.52.107 - - [11/Apr/2025:01:06:21 +0200] "GET /Jurek/eurofirany/images/465097/0.jpg HTTP/2.0" 200 45355 "-" "baselinker"
89.161.206.59 - - [11/Apr/2025:01:06:21 +0200] "GET /Jurek/cbdgreen/feeds/cbdgreen_skroutz.xml HTTP/1.0" 200 30343 "-" "-"
46.101.116.244 - - [11/Apr/2025:01:06:25 +0200] "GET /Jurek/aw/feeds/aw_fnacfr.xml HTTP/1.0" 404 3551 "-" "-"
51.77.52.107 - - [11/Apr/2025:01:06:41 +0200] "GET /Jurek/eurofirany/images/465099/0.jpg HTTP/2.0" 200 45355 "-" "baselinker"
89.161.206.59 - - [11/Apr/2025:01:06:42 +0200] "GET /Jurek/hanex/feeds/hanex_skroutz.xml HTTP/1.0" 200 13931527 "-" "-"
89.161.206.59 - - [11/Apr/2025:01:06:58 +0200] "GET /Jurek/coppotech/feeds/coppotech_skroutz.xml HTTP/1.0" 200 37856704 "-" "-"
51.77.52.107 - - [11/Apr/2025:01:06:58 +0200] "GET /Jurek/eurofirany/images/465099/0.jpg HTTP/2.0" 200 45355 "-" "baselinker"
89.161.206.59 - - [11/Apr/2025:01:07:04 +0200] "GET /Jurek/elavia/feeds/elavia_skroutz.xml HTTP/1.0" 200 2497278 "-" "-"
51.77.52.107 - - [11/Apr/2025:01:07:11 +0200] "GET /Jurek/eurofirany/images/465099/0.jpg HTTP/2.0" 200 45355 "-" "baselinker"
89.161.206.59 - - [11/Apr/2025:01:07:12 +0200] "GET /Jurek/aiofactory/feeds/aiofactory_skroutz.xml HTTP/1.0" 200 1876569 "-" "-"
89.161.206.59 - - [11/Apr/2025:01:07:14 +0200] "GET /Jurek/maksik/feeds/maksik_skroutz.xml HTTP/1.0" 200 4084732 "-" "-"
51.77.52.107 - - [11/Apr/2025:01:07:17 +0200] "GET /Jurek/eurofirany/images/465100/0.jpg HTTP/2.0" 200 45355 "-" "baselinker"
89.161.206.59 - - [11/Apr/2025:01:07:23 +0200] "GET /Jurek/smxdesign/feeds/smxdesign_skroutz.xml HTTP/1.0" 200 1829055 "-" "-"
89.161.206.59 - - [11/Apr/2025:01:07:24 +0200] "GET /Jurek/princelh/feeds/princelh_skroutz.xml HTTP/1.0" 200 133438 "-" "-"
89.161.206.59 - - [11/Apr/2025:01:07:25 +0200] "GET /Jurek/proparts/feeds/proparts_skroutz.xml HTTP/1.0" 200 707490 "-" "-"
89.161.206.59 - - [11/Apr/2025:01:07:31 +0200] "GET /Jurek/kristronik/feeds/kristronik_skroutz.xml HTTP/1.0" 200 691973 "-" "-"
89.161.206.59 - - [11/Apr/2025:01:07:32 +0200] "GET /Jurek/matkam/feeds/matkam_skroutz.xml HTTP/1.0" 200 4425969 "-" "-"
51.77.52.107 - - [11/Apr/2025:01:07:33 +0200] "GET /Jurek/eurofirany/images/465100/0.jpg HTTP/2.0" 200 45355 "-" "baselinker"
51.77.52.107 - - [11/Apr/2025:01:07:37 +0200] "GET /Jurek/eurofirany/images/465100/0.jpg HTTP/2.0" 200 45355 "-" "baselinker"
62.146.215.33 - - [11/Apr/2025:01:07:51 +0200] "GET /Jurek/topeshop/downloaded_images/5902838467541_RIVA-SZAFKA-SONOMA1.jpg HTTP/2.0" 200 60801 "-" "billigerbot/1.0"
51.77.52.107 - - [11/Apr/2025:01:07:53 +0200] "GET /Jurek/eurofirany/images/465101/0.jpg HTTP/2.0" 200 45355 "-" "baselinker"
89.161.206.59 - - [11/Apr/2025:01:07:54 +0200] "GET /Jurek/techrebalina/feeds/techrebalina_skroutz.xml HTTP/1.0" 200 2011155 "-" "-"
89.161.206.59 - - [11/Apr/2025:01:07:54 +0200] "GET /Jurek/techrebal/feeds/techrebal_skroutz.xml HTTP/1.0" 200 1989702 "-" "-"
51.77.52.107 - - [11/Apr/2025:01:08:06 +0200] "GET /Jurek/eurofirany/images/465101/0.jpg HTTP/2.0" 200 45355 "-" "baselinker"
51.77.52.107 - - [11/Apr/2025:01:08:13 +0200] "GET /Jurek/eurofirany/images/465101/0.jpg HTTP/2.0" 200 45355 "-" "baselinker"
51.77.52.107 - - [11/Apr/2025:01:08:32 +0200] "GET /Jurek/eurofirany/images/465103/0.jpg HTTP/2.0" 200 37113 "-" "baselinker"
51.77.52.107 - - [11/Apr/2025:01:08:45 +0200] "GET /Jurek/eurofirany/images/465103/0.jpg HTTP/2.0" 200 37113 "-" "baselinker"
89.161.206.59 - - [11/Apr/2025:01:08:46 +0200] "GET /Jurek/cenoman/feeds/cenoman_skroutz.xml HTTP/1.0" 200 5993215 "-" "-"
89.161.206.59 - - [11/Apr/2025:01:08:47 +0200] "GET /Jurek/em3/feeds/em3_skroutz.xml HTTP/1.0" 200 258931 "-" "-"
185.6.76.18 - - [11/Apr/2025:01:08:47 +0200] "GET /marketplaces/skroutz/feeds/shumee.xml HTTP/1.1" 200 418635450 "-" "SkroutzBot v1.0"
89.161.206.59 - - [11/Apr/2025:01:08:56 +0200] "GET /Jurek/zbimatyja/feeds/zbimatyja_skroutz.xml HTTP/1.0" 200 11670197 "-" "-"
89.161.206.59 - - [11/Apr/2025:01:08:57 +0200] "GET /Jurek/benetech/feeds/benetech_skroutz.xml HTTP/1.0" 200 2689624 "-" "-"
89.161.206.59 - - [11/Apr/2025:01:08:57 +0200] "GET /Jurek/equalo/feeds/equalo_skroutz.xml HTTP/1.0" 200 98008 "-" "-"
89.161.206.59 - - [11/Apr/2025:01:08:57 +0200] "GET /Jurek/regis/feeds/regis_skroutz.xml HTTP/1.0" 200 82733 "-" "-"
89.161.206.59 - - [11/Apr/2025:01:08:58 +0200] "GET /Jurek/lampart/feeds/lampart_skroutz.xml HTTP/1.0" 200 936022 "-" "-"
51.77.52.107 - - [11/Apr/2025:01:09:01 +0200] "GET /Jurek/eurofirany/images/465103/0.jpg HTTP/2.0" 200 37113 "-" "baselinker"
51.77.52.107 - - [11/Apr/2025:01:09:16 +0200] "GET /Jurek/eurofirany/images/465106/0.jpg HTTP/2.0" 200 37113 "-" "baselinker"
51.77.52.107 - - [11/Apr/2025:01:09:30 +0200] "GET /Jurek/eurofirany/images/465106/0.jpg HTTP/2.0" 200 37113 "-" "baselinker"
51.77.52.107 - - [11/Apr/2025:01:09:36 +0200] "GET /Jurek/eurofirany/images/465106/0.jpg HTTP/2.0" 200 37113 "-" "baselinker"
51.77.52.107 - - [11/Apr/2025:01:09:49 +0200] "GET /Jurek/eurofirany/images/465107/0.jpg HTTP/2.0" 200 37113 "-" "baselinker"
89.161.206.59 - - [11/Apr/2025:01:09:58 +0200] "GET /Jurek/swiatecznygoliat/feeds/swiatecznygoliat_skroutz.xml HTTP/1.0" 200 7054430 "-" "-"
51.77.52.107 - - [11/Apr/2025:01:10:03 +0200] "GET /Jurek/eurofirany/images/465107/0.jpg HTTP/2.0" 200 37113 "-" "baselinker"
51.77.52.107 - - [11/Apr/2025:01:10:08 +0200] "GET /Jurek/eurofirany/images/465107/0.jpg HTTP/2.0" 200 37113 "-" "baselinker"
51.77.52.107 - - [11/Apr/2025:01:10:23 +0200] "GET /Jurek/eurofirany/images/465108/0.jpg HTTP/2.0" 200 37113 "-" "baselinker"
51.77.52.107 - - [11/Apr/2025:01:10:30 +0200] "GET /Jurek/eurofirany/images/465108/0.jpg HTTP/2.0" 200 37113 "-" "baselinker"
51.77.52.107 - - [11/Apr/2025:01:10:45 +0200] "GET /Jurek/eurofirany/images/465108/0.jpg HTTP/2.0" 200 37113 "-" "baselinker"
51.77.52.107 - - [11/Apr/2025:01:10:54 +0200] "GET /Jurek/eurofirany/images/465109/0.jpg HTTP/2.0" 200 37113 "-" "baselinker"
89.161.206.59 - - [11/Apr/2025:01:10:56 +0200] "GET /Jurek/alucon/feeds/alucon_amazonde.xml HTTP/1.0" 200 553574 "-" "-"
51.77.52.107 - - [11/Apr/2025:01:11:07 +0200] "GET /Jurek/eurofirany/images/465109/0.jpg HTTP/2.0" 200 37113 "-" "baselinker"
89.161.206.59 - - [11/Apr/2025:01:11:11 +0200] "GET /Jurek/takapara/feeds/takapara_skroutz.xml HTTP/1.0" 200 1342601 "-" "-"
51.77.52.107 - - [11/Apr/2025:01:11:17 +0200] "GET /Jurek/eurofirany/images/465109/0.jpg HTTP/2.0" 200 37113 "-" "baselinker"
46.101.116.244 - - [11/Apr/2025:01:11:21 +0200] "GET /Jurek/aw/feeds/aw_fnacfr.xml HTTP/1.0" 404 3551 "-" "-"
51.77.52.107 - - [11/Apr/2025:01:11:23 +0200] "GET /Jurek/eurofirany/images/465110/0.jpg HTTP/2.0" 200 37113 "-" "baselinker"
51.77.52.107 - - [11/Apr/2025:01:11:29 +0200] "GET /Jurek/eurofirany/images/465110/0.jpg HTTP/2.0" 200 37113 "-" "baselinker"
89.161.206.59 - - [11/Apr/2025:01:11:35 +0200] "GET /Jurek/rosfix/feeds/rosfix_skroutz.xml HTTP/1.0" 200 34055585 "-" "-"
89.161.206.59 - - [11/Apr/2025:01:11:37 +0200] "GET /Jurek/tsjerzy/feeds/tsjerzy_skr.xml HTTP/1.0" 200 3897806 "-" "-"
51.77.52.107 - - [11/Apr/2025:01:11:41 +0200] "GET /Jurek/eurofirany/images/465110/0.jpg HTTP/2.0" 200 37113 "-" "baselinker"
89.161.206.59 - - [11/Apr/2025:01:11:48 +0200] "GET /Jurek/sebmart/feeds/sebmart_skr.xml HTTP/1.0" 200 1598769 "-" "-"
51.77.52.107 - - [11/Apr/2025:01:12:00 +0200] "GET /Jurek/eurofirany/images/465111/0.jpg HTTP/2.0" 200 23111 "-" "baselinker"
51.77.52.107 - - [11/Apr/2025:01:12:07 +0200] "GET /Jurek/eurofirany/images/465111/0.jpg HTTP/2.0" 200 23111 "-" "baselinker"
51.77.52.107 - - [11/Apr/2025:01:12:12 +0200] "GET /Jurek/eurofirany/images/465111/0.jpg HTTP/2.0" 200 23111 "-" "baselinker"
51.77.52.107 - - [11/Apr/2025:01:12:26 +0200] "GET /Jurek/eurofirany/images/465112/0.jpg HTTP/2.0" 200 23111 "-" "baselinker"
51.77.52.107 - - [11/Apr/2025:01:12:40 +0200] "GET /Jurek/eurofirany/images/465112/0.jpg HTTP/2.0" 200 23111 "-" "baselinker"
51.77.52.107 - - [11/Apr/2025:01:12:47 +0200] "GET /Jurek/eurofirany/images/465112/0.jpg HTTP/2.0" 200 23111 "-" "baselinker"
51.77.52.107 - - [11/Apr/2025:01:13:00 +0200] "GET /Jurek/eurofirany/images/465113/0.jpg HTTP/2.0" 200 23111 "-" "baselinker"
89.161.206.59 - - [11/Apr/2025:01:13:04 +0200] "GET /Jurek/oromed/feeds/oromed_skroutz.xml HTTP/1.0" 200 1073907 "-" "-"
89.161.206.59 - - [11/Apr/2025:01:13:06 +0200] "GET /Jurek/ralmetal/feeds/ralmetal_skroutz.xml HTTP/1.0" 200 1808605 "-" "-"
51.77.52.107 - - [11/Apr/2025:01:13:15 +0200] "GET /Jurek/eurofirany/images/465113/0.jpg HTTP/2.0" 200 23111 "-" "baselinker"
89.161.206.59 - - [11/Apr/2025:01:13:17 +0200] "GET /Jurek/narzbud/feeds/narzbud_skroutz.xml HTTP/1.0" 200 1901243 "-" "-"
89.161.206.59 - - [11/Apr/2025:01:13:17 +0200] "GET /Jurek/drops/feeds/dropsofficecolection_skroutz.xml HTTP/1.0" 200 790587 "-" "-"
89.161.206.59 - - [11/Apr/2025:01:13:17 +0200] "GET /Jurek/szpaklampy/feeds/szpaklampy_skroutz.xml HTTP/1.0" 200 388214 "-" "-"
51.77.52.107 - - [11/Apr/2025:01:13:33 +0200] "GET /Jurek/eurofirany/images/465113/0.jpg HTTP/2.0" 200 23111 "-" "baselinker"
89.161.206.59 - - [11/Apr/2025:01:13:35 +0200] "GET /Jurek/spali/feeds/spali_skroutz.xml HTTP/1.0" 200 77055 "-" "-"
89.161.206.59 - - [11/Apr/2025:01:13:36 +0200] "GET /Jurek/galopi/feeds/galopi_skroutz.xml HTTP/1.0" 200 2111077 "-" "-"
89.161.206.59 - - [11/Apr/2025:01:13:36 +0200] "GET /Jurek/combine/feeds/combine_skroutz.xml HTTP/1.0" 200 210551 "-" "-"
89.161.206.59 - - [11/Apr/2025:01:13:36 +0200] "GET /Jurek/eurofryz/feeds/eurofryz_skroutz.xml HTTP/1.0" 200 1381541 "-" "-"
89.161.206.59 - - [11/Apr/2025:01:13:40 +0200] "GET /Jurek/velinda/feeds/velinda_skroutz.xml HTTP/1.0" 200 23449 "-" "-"
89.161.206.59 - - [11/Apr/2025:01:13:41 +0200] "GET /Jurek/erohurtownia/feeds/erohurtownia_skroutz.xml HTTP/1.0" 200 22846493 "-" "-"
89.161.206.59 - - [11/Apr/2025:01:13:42 +0200] "GET /Jurek/reman/feeds/reman_skroutz.xml HTTP/1.0" 200 1394828 "-" "-"
89.161.206.59 - - [11/Apr/2025:01:13:43 +0200] "GET /Jurek/urwiskowo/feeds/urwiskowo_skroutz.xml HTTP/1.0" 200 9114919 "-" "-"
51.77.52.107 - - [11/Apr/2025:01:13:50 +0200] "GET /Jurek/eurofirany/images/465114/0.jpg HTTP/2.0" 200 23111 "-" "baselinker"
51.77.52.107 - - [11/Apr/2025:01:14:05 +0200] "GET /Jurek/eurofirany/images/465114/0.jpg HTTP/2.0" 200 23111 "-" "baselinker"
51.77.52.107 - - [11/Apr/2025:01:14:15 +0200] "GET /Jurek/eurofirany/images/465114/0.jpg HTTP/2.0" 200 23111 "-" "baselinker"
51.77.52.107 - - [11/Apr/2025:01:14:31 +0200] "GET /Jurek/eurofirany/images/465115/0.jpg HTTP/2.0" 200 23111 "-" "baselinker"
51.77.52.107 - - [11/Apr/2025:01:14:46 +0200] "GET /Jurek/eurofirany/images/465115/0.jpg HTTP/2.0" 200 23111 "-" "baselinker"
51.77.52.107 - - [11/Apr/2025:01:15:00 +0200] "GET /Jurek/eurofirany/images/465115/0.jpg HTTP/2.0" 200 23111 "-" "baselinker"
51.77.52.107 - - [11/Apr/2025:01:15:14 +0200] "GET /Jurek/eurofirany/images/465116/0.jpg HTTP/2.0" 200 23111 "-" "baselinker"
89.161.206.59 - - [11/Apr/2025:01:15:27 +0200] "GET /Jurek/ekuchcikowo/feeds/ekuchcikowo_skroutz.xml HTTP/1.0" 200 12471083 "-" "-"
51.77.52.107 - - [11/Apr/2025:01:15:29 +0200] "GET /Jurek/eurofirany/images/465116/0.jpg HTTP/2.0" 200 23111 "-" "baselinker"
89.161.206.59 - - [11/Apr/2025:01:15:35 +0200] "GET /Jurek/ekolight/feeds/ekolioght_skroutz.xml HTTP/1.0" 200 9052729 "-" "-"
51.77.52.107 - - [11/Apr/2025:01:15:36 +0200] "GET /Jurek/eurofirany/images/465116/0.jpg HTTP/2.0" 200 23111 "-" "baselinker"
89.161.206.59 - - [11/Apr/2025:01:15:40 +0200] "GET /Jurek/kobi/feeds/kobi_skroutz.xml HTTP/1.0" 200 1993267 "-" "-"
89.161.206.59 - - [11/Apr/2025:01:15:40 +0200] "GET /Jurek/evil/feeds/evil_skroutz.xml HTTP/1.0" 200 252481 "-" "-"
89.161.206.59 - - [11/Apr/2025:01:15:41 +0200] "GET /Jurek/twojsklep/feeds/twojsklep_skroutz.xml HTTP/1.0" 200 126800 "-" "-"
51.77.52.107 - - [11/Apr/2025:01:15:41 +0200] "GET /Jurek/eurofirany/images/465117/0.jpg HTTP/2.0" 200 23111 "-" "baselinker"
89.161.206.59 - - [11/Apr/2025:01:15:41 +0200] "GET /Jurek/antiodor/feeds/antiodor_skroutz.xml HTTP/1.0" 200 137856 "-" "-"
89.161.206.59 - - [11/Apr/2025:01:15:42 +0200] "GET /Jurek/sartrix/feeds/sartrix_skroutz.xml HTTP/1.0" 200 649178 "-" "-"
89.161.206.59 - - [11/Apr/2025:01:15:44 +0200] "GET /Jurek/luxma/feeds/luxma_skroutz.xml HTTP/1.0" 200 4420305 "-" "-"
89.161.206.59 - - [11/Apr/2025:01:15:45 +0200] "GET /Jurek/drewdon/feeds/drewdon_skroutz.xml HTTP/1.0" 200 358916 "-" "-"
89.161.206.59 - - [11/Apr/2025:01:15:46 +0200] "GET /Jurek/primohurt/feeds/primohurt_skroutz.xml HTTP/1.0" 200 17183874 "-" "-"
89.161.206.59 - - [11/Apr/2025:01:15:47 +0200] "GET /Jurek/dekoele/feeds/dekoele_skroutz.xml HTTP/1.0" 200 378805 "-" "-"
89.161.206.59 - - [11/Apr/2025:01:15:47 +0200] "GET /Jurek/rider/feeds/rider_skroutz.xml HTTP/1.0" 200 8165072 "-" "-"
89.161.206.59 - - [11/Apr/2025:01:15:48 +0200] "GET /Jurek/expertauto/feeds/expertauto_skroutz.xml HTTP/1.0" 200 1158917 "-" "-"
89.161.206.59 - - [11/Apr/2025:01:15:53 +0200] "GET /Jurek/qbox/feeds/qbox_skroutz.xml HTTP/1.0" 200 398695 "-" "-"
51.77.52.107 - - [11/Apr/2025:01:15:58 +0200] "GET /Jurek/eurofirany/images/465117/0.jpg HTTP/2.0" 200 23111 "-" "baselinker"
46.101.116.244 - - [11/Apr/2025:01:16:02 +0200] "GET /Jurek/aw/feeds/aw_fnacfr.xml HTTP/1.0" 404 3551 "-" "-"
89.161.206.59 - - [11/Apr/2025:01:16:05 +0200] "GET /Jurek/ekotex/feeds/ekotex_skroutz.xml HTTP/1.0" 200 197811 "-" "-"
89.161.206.59 - - [11/Apr/2025:01:16:06 +0200] "GET /Jurek/motofan/feeds/motofan_skroutz.xml HTTP/1.0" 200 2392142 "-" "-"
89.161.206.59 - - [11/Apr/2025:01:16:06 +0200] "GET /Jurek/elecomp/feeds/elecomp_skroutz.xml HTTP/1.0" 200 2867831 "-" "-"
51.77.52.107 - - [11/Apr/2025:01:16:10 +0200] "GET /Jurek/eurofirany/images/465117/0.jpg HTTP/2.0" 200 23111 "-" "baselinker"
51.77.52.107 - - [11/Apr/2025:01:16:15 +0200] "GET /Jurek/eurofirany/images/465119/0.jpg HTTP/2.0" 200 41494 "-" "baselinker"
51.77.52.107 - - [11/Apr/2025:01:16:32 +0200] "GET /Jurek/eurofirany/images/465119/0.jpg HTTP/2.0" 200 41494 "-" "baselinker"
51.77.52.107 - - [11/Apr/2025:01:16:50 +0200] "GET /Jurek/eurofirany/images/465119/0.jpg HTTP/2.0" 200 41494 "-" "baselinker"
51.77.52.107 - - [11/Apr/2025:01:16:55 +0200] "GET /Jurek/eurofirany/images/465120/0.jpg HTTP/2.0" 200 41494 "-" "baselinker"
51.77.52.107 - - [11/Apr/2025:01:17:06 +0200] "GET /Jurek/eurofirany/images/465120/0.jpg HTTP/2.0" 200 41494 "-" "baselinker"
89.161.206.59 - - [11/Apr/2025:01:17:09 +0200] "GET /Jurek/najtanszysport/feeds/najtanszysport_skroutz.xml HTTP/1.0" 200 3983363 "-" "-"
51.77.52.107 - - [11/Apr/2025:01:17:11 +0200] "GET /Jurek/eurofirany/images/465120/0.jpg HTTP/2.0" 200 41494 "-" "baselinker"
51.77.52.107 - - [11/Apr/2025:01:17:15 +0200] "GET /Jurek/eurofirany/images/465121/0.jpg HTTP/2.0" 200 41494 "-" "baselinker"
51.77.52.107 - - [11/Apr/2025:01:17:32 +0200] "GET /Jurek/eurofirany/images/465121/0.jpg HTTP/2.0" 200 41494 "-" "baselinker"
46.101.116.244 - - [11/Apr/2025:01:17:34 +0200] "GET /Jurek/hurtownia_przemyslowa/feeds/hp_velomarket.xml HTTP/1.0" 200 49367079 "-" "-"
51.77.52.107 - - [11/Apr/2025:01:17:39 +0200] "GET /Jurek/eurofirany/images/465121/0.jpg HTTP/2.0" 200 41494 "-" "baselinker"
46.101.116.244 - - [11/Apr/2025:01:17:42 +0200] "GET /Jurek/benbaby/feeds/benbaby_velo.xml HTTP/1.0" 200 3603446 "-" "-"
51.77.52.107 - - [11/Apr/2025:01:17:54 +0200] "GET /Jurek/eurofirany/images/465122/0.jpg HTTP/2.0" 200 41494 "-" "baselinker"
51.77.52.107 - - [11/Apr/2025:01:17:59 +0200] "GET /Jurek/eurofirany/images/465122/0.jpg HTTP/2.0" 200 41494 "-" "baselinker"
51.77.52.107 - - [11/Apr/2025:01:18:05 +0200] "GET /Jurek/eurofirany/images/465122/0.jpg HTTP/2.0" 200 41494 "-" "baselinker"
51.77.52.107 - - [11/Apr/2025:01:18:11 +0200] "GET /Jurek/eurofirany/images/465123/0.jpg HTTP/2.0" 200 41494 "-" "baselinker"
51.77.52.107 - - [11/Apr/2025:01:18:27 +0200] "GET /Jurek/eurofirany/images/465123/0.jpg HTTP/2.0" 200 41494 "-" "baselinker"
51.77.52.107 - - [11/Apr/2025:01:18:42 +0200] "GET /Jurek/eurofirany/images/465123/0.jpg HTTP/2.0" 200 41494 "-" "baselinker"
51.77.52.107 - - [11/Apr/2025:01:18:59 +0200] "GET /Jurek/eurofirany/images/465124/0.jpg HTTP/2.0" 200 41494 "-" "baselinker"
51.77.52.107 - - [11/Apr/2025:01:19:25 +0200] "GET /Jurek/eurofirany/images/465124/0.jpg HTTP/2.0" 200 41494 "-" "baselinker"
51.77.52.107 - - [11/Apr/2025:01:19:47 +0200] "GET /Jurek/eurofirany/images/465124/0.jpg HTTP/2.0" 200 41494 "-" "baselinker"
51.77.52.107 - - [11/Apr/2025:01:19:55 +0200] "GET /Jurek/eurofirany/images/465125/0.jpg HTTP/2.0" 200 41494 "-" "baselinker"
51.77.52.107 - - [11/Apr/2025:01:20:06 +0200] "GET /Jurek/eurofirany/images/465125/0.jpg HTTP/2.0" 200 41494 "-" "baselinker"
89.161.206.59 - - [11/Apr/2025:01:20:10 +0200] "GET /Jurek/muminky/feeds/muminky_skroutz.xml HTTP/1.0" 200 2270332 "-" "-"
51.77.52.107 - - [11/Apr/2025:01:20:21 +0200] "GET /Jurek/eurofirany/images/465125/0.jpg HTTP/2.0" 200 41494 "-" "baselinker"
89.161.206.59 - - [11/Apr/2025:01:20:23 +0200] "GET /Jurek/pupus/feeds/pupus_skroutz.xml HTTP/1.0" 200 1017921 "-" "-"
51.77.52.107 - - [11/Apr/2025:01:20:36 +0200] "GET /Jurek/eurofirany/images/465126/0.jpg HTTP/2.0" 200 38633 "-" "baselinker"
46.101.116.244 - - [11/Apr/2025:01:20:38 +0200] "GET /Jurek/aw/feeds/awnarzedzia_velomarket.xml HTTP/1.0" 200 8315481 "-" "-"
46.101.116.244 - - [11/Apr/2025:01:20:51 +0200] "GET /Jurek/vida_morele/feeds/vidaPL_velomarket.xml HTTP/1.0" 200 705016828 "-" "-"
51.77.52.107 - - [11/Apr/2025:01:20:53 +0200] "GET /Jurek/eurofirany/images/465126/0.jpg HTTP/2.0" 200 38633 "-" "baselinker"
52.167.144.158 - - [11/Apr/2025:01:20:55 +0200] "GET /Jurek/topeshop/downloaded_images/5902838464304_20_st.jpg HTTP/2.0" 200 66763 "-" "Mozilla/5.0 AppleWebKit/537.36 (KHTML, like Gecko; compatible; bingbot/2.0; +http://www.bing.com/bingbot.htm) Chrome/116.0.1938.76 Safari/537.36"
51.77.52.107 - - [11/Apr/2025:01:20:58 +0200] "GET /Jurek/eurofirany/images/465126/0.jpg HTTP/2.0" 200 38633 "-" "baselinker"
51.77.52.107 - - [11/Apr/2025:01:21:02 +0200] "GET /Jurek/eurofirany/images/465127/0.jpg HTTP/2.0" 200 38633 "-" "baselinker"
51.77.52.107 - - [11/Apr/2025:01:21:16 +0200] "GET /Jurek/eurofirany/images/465127/0.jpg HTTP/2.0" 200 38633 "-" "baselinker"
89.161.206.59 - - [11/Apr/2025:01:21:26 +0200] "GET /Jurek/reman/feeds/reman_amazonde.xml HTTP/1.0" 200 1394822 "-" "-"
46.101.116.244 - - [11/Apr/2025:01:21:26 +0200] "GET /Jurek/aw/feeds/aw_fnacfr.xml HTTP/1.0" 404 3551 "-" "-"
89.161.206.59 - - [11/Apr/2025:01:21:27 +0200] "GET /Jurek/regis/feeds/regis_amazonde.xml HTTP/1.0" 200 82734 "-" "-"
51.77.52.107 - - [11/Apr/2025:01:21:27 +0200] "GET /Jurek/eurofirany/images/465127/0.jpg HTTP/2.0" 200 38633 "-" "baselinker"
178.21.154.6 - - [11/Apr/2025:01:21:32 +0200] "GET /Jurek/eurofirany/images/384117/0.jpg HTTP/1.1" 200 111727 "-" "-"
51.77.52.107 - - [11/Apr/2025:01:21:35 +0200] "GET /Jurek/eurofirany/images/465129/0.jpg HTTP/2.0" 200 38633 "-" "baselinker"
51.77.52.107 - - [11/Apr/2025:01:21:39 +0200] "GET /Jurek/eurofirany/images/465129/0.jpg HTTP/2.0" 200 38633 "-" "baselinker"
89.161.206.59 - - [11/Apr/2025:01:21:40 +0200] "GET /Jurek/eurofryz3/feeds/eurofryz3_skroutz.xml HTTP/1.0" 200 172223 "-" "-"
89.161.206.59 - - [11/Apr/2025:01:21:47 +0200] "GET /Jurek/dekornatort/feeds/dekornatort_skroutz.xml HTTP/1.0" 200 225738 "-" "-"
89.161.206.59 - - [11/Apr/2025:01:21:47 +0200] "GET /Jurek/lendo/feeds/lendo_skroutz.xml HTTP/1.0" 200 330388 "-" "-"
89.161.206.59 - - [11/Apr/2025:01:21:48 +0200] "GET /Jurek/eurofryz2/feeds/eurofryz2_skroutz.xml HTTP/1.0" 200 1376777 "-" "-"
89.161.206.59 - - [11/Apr/2025:01:21:48 +0200] "GET /Jurek/nexus/feeds/nexus_skroutz.xml HTTP/1.0" 200 226642 "-" "-"
89.161.206.59 - - [11/Apr/2025:01:21:49 +0200] "GET /Jurek/alucon/feeds/alucon_skroutz.xml HTTP/1.0" 200 553577 "-" "-"
51.77.52.107 - - [11/Apr/2025:01:21:52 +0200] "GET /Jurek/eurofirany/images/465129/0.jpg HTTP/2.0" 200 38633 "-" "baselinker"
51.77.52.107 - - [11/Apr/2025:01:22:04 +0200] "GET /Jurek/eurofirany/images/465130/0.jpg HTTP/2.0" 200 38633 "-" "baselinker"
89.161.206.59 - - [11/Apr/2025:01:22:10 +0200] "GET /Jurek/playcob/feeds/playcob_skroutz.xml HTTP/1.0" 200 6980239 "-" "-"
51.77.52.107 - - [11/Apr/2025:01:22:19 +0200] "GET /Jurek/eurofirany/images/465130/0.jpg HTTP/2.0" 200 38633 "-" "baselinker"
51.77.52.107 - - [11/Apr/2025:01:22:23 +0200] "GET /Jurek/eurofirany/images/465130/0.jpg HTTP/2.0" 200 38633 "-" "baselinker"
89.161.206.59 - - [11/Apr/2025:01:22:32 +0200] "GET /Jurek/roger/feeds/roger_emagro.xml HTTP/1.0" 200 1396779 "-" "-"
89.161.206.59 - - [11/Apr/2025:01:22:32 +0200] "GET /Jurek/nexus/feeds/nexus_emagro.xml HTTP/1.0" 200 226694 "-" "-"
89.161.206.59 - - [11/Apr/2025:01:22:34 +0200] "GET /Jurek/porzwkablach/feeds/porzwkablach_emag.xml HTTP/1.0" 200 1200386 "-" "-"
89.161.206.59 - - [11/Apr/2025:01:22:34 +0200] "GET /Jurek/galopibhp/feeds/galopibhp_emagro.xml HTTP/1.0" 200 1973596 "-" "-"
89.161.206.59 - - [11/Apr/2025:01:22:35 +0200] "GET /Jurek/techrebal/feeds/techrebal_emagro.xml HTTP/1.0" 200 1989825 "-" "-"
89.161.206.59 - - [11/Apr/2025:01:22:35 +0200] "GET /Jurek/kristronik/feeds/kristronik_emagro.xml HTTP/1.0" 200 692090 "-" "-"
89.161.206.59 - - [11/Apr/2025:01:22:38 +0200] "GET /Jurek/nonabox/feeds/nonabox_emagro.xml HTTP/1.0" 200 33872 "-" "-"
51.77.52.107 - - [11/Apr/2025:01:22:40 +0200] "GET /Jurek/eurofirany/images/465131/0.jpg HTTP/2.0" 200 38633 "-" "baselinker"
89.161.206.59 - - [11/Apr/2025:01:22:40 +0200] "GET /Jurek/equalo/feeds/equalo_emagro.xml HTTP/1.0" 200 98022 "-" "-"
89.161.206.59 - - [11/Apr/2025:01:22:42 +0200] "GET /Jurek/snibbs/feeds/snibbs_emagro.xml HTTP/1.0" 200 74411 "-" "-"
89.161.206.59 - - [11/Apr/2025:01:22:54 +0200] "GET /Jurek/beltimore/feeds/beltimore_skroutz.xml HTTP/1.0" 200 18651513 "-" "-"
89.161.206.59 - - [11/Apr/2025:01:22:59 +0200] "GET /Jurek/galopibhp/feeds/galopibhp_skroutz.xml HTTP/1.0" 200 1972830 "-" "-"
62.146.215.33 - - [11/Apr/2025:01:22:59 +0200] "GET /Jurek/topeshop/downloaded_images/5904507207465_20st_mijas_lewy_r%C3%B3%C5%BCowykopia.png HTTP/2.0" 200 253819 "-" "billigerbot/1.0"
51.77.52.107 - - [11/Apr/2025:01:23:00 +0200] "GET /Jurek/eurofirany/images/465131/0.jpg HTTP/2.0" 200 38633 "-" "baselinker"
51.77.52.107 - - [11/Apr/2025:01:23:04 +0200] "GET /Jurek/eurofirany/images/465131/0.jpg HTTP/2.0" 200 38633 "-" "baselinker"
51.77.52.107 - - [11/Apr/2025:01:23:11 +0200] "GET /Jurek/eurofirany/images/465132/0.jpg HTTP/2.0" 200 38633 "-" "baselinker"
51.77.52.107 - - [11/Apr/2025:01:23:16 +0200] "GET /Jurek/eurofirany/images/465132/0.jpg HTTP/2.0" 200 38633 "-" "baselinker"
89.161.206.59 - - [11/Apr/2025:01:23:27 +0200] "GET /Jurek/kinghoff/feeds/kinghoff_SkroutzGR.xml HTTP/1.0" 200 15437577 "-" "-"
89.161.206.59 - - [11/Apr/2025:01:23:27 +0200] "GET /Jurek/nonabox/feeds/nonabox_skroutz.xml HTTP/1.0" 200 33865 "-" "-"
89.161.206.59 - - [11/Apr/2025:01:23:28 +0200] "GET /Jurek/omi/feeds/omi_skroutz.xml HTTP/1.0" 200 8105544 "-" "-"
89.161.206.59 - - [11/Apr/2025:01:23:30 +0200] "GET /Jurek/sportprise/feeds/sportprise_skroutz.xml HTTP/1.0" 200 11782074 "-" "-"
51.77.52.107 - - [11/Apr/2025:01:23:34 +0200] "GET /Jurek/eurofirany/images/465132/0.jpg HTTP/2.0" 200 38633 "-" "baselinker"
51.77.52.107 - - [11/Apr/2025:01:23:49 +0200] "GET /Jurek/eurofirany/images/465134/0.jpg HTTP/2.0" 200 37780 "-" "baselinker"
89.161.206.59 - - [11/Apr/2025:01:23:51 +0200] "GET /Jurek/winoszarnia/feeds/winoszarnia_skroutz.xml HTTP/1.0" 200 6064692 "-" "-"
89.161.206.59 - - [11/Apr/2025:01:23:52 +0200] "GET /Jurek/eoptimo/feeds/eoptimo_skroutz.xml HTTP/1.0" 200 2094361 "-" "-"
89.161.206.59 - - [11/Apr/2025:01:23:52 +0200] "GET /Jurek/broers/feeds/broers_skroutz.xml HTTP/1.0" 200 1982399 "-" "-"
51.77.52.107 - - [11/Apr/2025:01:23:54 +0200] "GET /Jurek/eurofirany/images/465134/0.jpg HTTP/2.0" 200 37780 "-" "baselinker"
51.77.52.107 - - [11/Apr/2025:01:24:04 +0200] "GET /Jurek/eurofirany/images/465134/0.jpg HTTP/2.0" 200 37780 "-" "baselinker"
51.77.52.107 - - [11/Apr/2025:01:24:09 +0200] "GET /Jurek/eurofirany/images/465135/0.jpg HTTP/2.0" 200 37780 "-" "baselinker"
51.77.52.107 - - [11/Apr/2025:01:24:13 +0200] "GET /Jurek/eurofirany/images/465135/0.jpg HTTP/2.0" 200 37780 "-" "baselinker"
51.77.52.107 - - [11/Apr/2025:01:24:18 +0200] "GET /Jurek/eurofirany/images/465135/0.jpg HTTP/2.0" 200 37780 "-" "baselinker"
51.77.52.107 - - [11/Apr/2025:01:24:24 +0200] "GET /Jurek/eurofirany/images/465136/0.jpg HTTP/2.0" 200 37780 "-" "baselinker"
51.77.52.107 - - [11/Apr/2025:01:24:35 +0200] "GET /Jurek/eurofirany/images/465136/0.jpg HTTP/2.0" 200 37780 "-" "baselinker"
51.77.52.107 - - [11/Apr/2025:01:24:39 +0200] "GET /Jurek/eurofirany/images/465136/0.jpg HTTP/2.0" 200 37780 "-" "baselinker"
51.77.52.107 - - [11/Apr/2025:01:24:54 +0200] "GET /Jurek/eurofirany/images/465137/0.jpg HTTP/2.0" 200 37780 "-" "baselinker"
57.141.0.25 - - [11/Apr/2025:01:24:57 +0200] "GET /Jurek/eurofirany/feeds/?C=S;O=A HTTP/2.0" 200 5231 "-" "meta-externalagent/1.1 (+https://developers.facebook.com/docs/sharing/webmasters/crawler)"
51.77.52.107 - - [11/Apr/2025:01:25:07 +0200] "GET /Jurek/eurofirany/images/465137/0.jpg HTTP/2.0" 200 37780 "-" "baselinker"
51.77.52.107 - - [11/Apr/2025:01:25:14 +0200] "GET /Jurek/eurofirany/images/465137/0.jpg HTTP/2.0" 200 37780 "-" "baselinker"
51.77.52.107 - - [11/Apr/2025:01:25:29 +0200] "GET /Jurek/eurofirany/images/465138/0.jpg HTTP/2.0" 200 37780 "-" "baselinker"
51.77.52.107 - - [11/Apr/2025:01:25:33 +0200] "GET /Jurek/eurofirany/images/465138/0.jpg HTTP/2.0" 200 37780 "-" "baselinker"
51.77.52.107 - - [11/Apr/2025:01:25:52 +0200] "GET /Jurek/eurofirany/images/465138/0.jpg HTTP/2.0" 200 37780 "-" "baselinker"
89.161.206.59 - - [11/Apr/2025:01:25:59 +0200] "GET /Jurek/euroshop/feeds/euroshop_emagro.xml HTTP/1.0" 200 20026523 "-" "-"
89.161.206.59 - - [11/Apr/2025:01:26:01 +0200] "GET /Jurek/polzoo/feeds/polzoo_emagro.xml HTTP/1.0" 200 48128471 "-" "-"
89.161.206.59 - - [11/Apr/2025:01:26:03 +0200] "GET /Jurek/german/feeds/german_emagro.xml HTTP/1.0" 200 2853950 "-" "-"
89.161.206.59 - - [11/Apr/2025:01:26:05 +0200] "GET /Jurek/makow/feeds/makow_emagro.xml HTTP/1.0" 200 21206157 "-" "-"
51.77.52.107 - - [11/Apr/2025:01:26:05 +0200] "GET /Jurek/eurofirany/images/465139/0.jpg HTTP/2.0" 200 37780 "-" "baselinker"
51.77.52.107 - - [11/Apr/2025:01:26:19 +0200] "GET /Jurek/eurofirany/images/465139/0.jpg HTTP/2.0" 200 37780 "-" "baselinker"
51.77.52.107 - - [11/Apr/2025:01:26:25 +0200] "GET /Jurek/eurofirany/images/465139/0.jpg HTTP/2.0" 200 37780 "-" "baselinker"
51.77.52.107 - - [11/Apr/2025:01:26:30 +0200] "GET /Jurek/eurofirany/images/325011/0.jpg HTTP/2.0" 200 150451 "-" "baselinker"
51.77.52.107 - - [11/Apr/2025:01:26:44 +0200] "GET /Jurek/eurofirany/images/325011/0.jpg HTTP/2.0" 200 150451 "-" "baselinker"
89.161.206.59 - - [11/Apr/2025:01:26:47 +0200] "GET /Jurek/carbonyway/feeds/carbonyway_skroutz.xml HTTP/1.0" 200 3075991 "-" "-"
89.161.206.59 - - [11/Apr/2025:01:26:47 +0200] "GET /Jurek/filmal/feeds/filmal_skroutz.xml HTTP/1.0" 200 139280 "-" "-"
89.161.206.59 - - [11/Apr/2025:01:26:49 +0200] "GET /Jurek/jakdroz/feeds/jakdroz_skroutz.xml HTTP/1.0" 200 4090088 "-" "-"
89.161.206.59 - - [11/Apr/2025:01:26:49 +0200] "GET /Jurek/jakdroz/feeds/jakdroz_skroutz.xml HTTP/1.0" 200 4090088 "-" "-"
89.161.206.59 - - [11/Apr/2025:01:26:49 +0200] "GET /Jurek/riko/feeds/riko_skr.xml HTTP/1.0" 200 3785241 "-" "-"
51.77.52.107 - - [11/Apr/2025:01:27:03 +0200] "GET /Jurek/eurofirany/images/325011/0.jpg HTTP/2.0" 200 150451 "-" "baselinker"
89.161.206.59 - - [11/Apr/2025:01:27:14 +0200] "GET /Jurek/kalama/feeds/kalama_skr.xml HTTP/1.0" 200 2541417 "-" "-"
51.77.52.107 - - [11/Apr/2025:01:27:17 +0200] "GET /Jurek/eurofirany/images/325014/0.jpg HTTP/2.0" 200 164854 "-" "baselinker"
51.77.52.107 - - [11/Apr/2025:01:27:23 +0200] "GET /Jurek/eurofirany/images/325014/0.jpg HTTP/2.0" 200 164854 "-" "baselinker"
89.161.206.59 - - [11/Apr/2025:01:27:24 +0200] "GET /Jurek/cdata/feeds/cdata_skr.xml HTTP/1.0" 200 1445113 "-" "-"
89.161.206.59 - - [11/Apr/2025:01:27:25 +0200] "GET /Jurek/harmonypost/feeds/harmonypost_skr.xml HTTP/1.0" 200 39902928 "-" "-"
51.77.52.107 - - [11/Apr/2025:01:27:34 +0200] "GET /Jurek/eurofirany/images/325014/0.jpg HTTP/2.0" 200 164854 "-" "baselinker"
51.77.52.107 - - [11/Apr/2025:01:27:50 +0200] "GET /Jurek/eurofirany/images/325018/0.jpg HTTP/2.0" 200 150596 "-" "baselinker"
51.77.52.107 - - [11/Apr/2025:01:28:07 +0200] "GET /Jurek/eurofirany/images/325018/0.jpg HTTP/2.0" 200 150596 "-" "baselinker"
51.77.52.107 - - [11/Apr/2025:01:28:26 +0200] "GET /Jurek/eurofirany/images/325018/0.jpg HTTP/2.0" 200 150596 "-" "baselinker"
46.101.116.244 - - [11/Apr/2025:01:28:35 +0200] "GET /Jurek/vida_morele/feeds/vidaPL_velomarket_category4.xml HTTP/1.0" 200 52576796 "-" "-"
46.101.116.244 - - [11/Apr/2025:01:28:39 +0200] "GET /Jurek/vida_morele/feeds/vidaPL_velomarket_category5.xml HTTP/1.0" 200 76091105 "-" "-"
51.77.52.107 - - [11/Apr/2025:01:28:39 +0200] "GET /Jurek/eurofirany/images/325020/0.jpg HTTP/2.0" 200 135786 "-" "baselinker"
51.77.52.107 - - [11/Apr/2025:01:28:53 +0200] "GET /Jurek/eurofirany/images/325020/0.jpg HTTP/2.0" 200 135786 "-" "baselinker"
51.77.52.107 - - [11/Apr/2025:01:29:04 +0200] "GET /Jurek/eurofirany/images/325020/0.jpg HTTP/2.0" 200 135786 "-" "baselinker"
89.161.206.59 - - [11/Apr/2025:01:29:14 +0200] "GET /Jurek/topeshop/feeds/topeshop_cdsc.xml HTTP/1.0" 200 2643519 "-" "-"
89.161.206.59 - - [11/Apr/2025:01:29:18 +0200] "GET /Jurek/kinghoff/feeds/kinghoff_cdiscount.xml HTTP/1.0" 200 7328391 "-" "-"
89.161.206.59 - - [11/Apr/2025:01:29:19 +0200] "GET /Jurek/broers/feeds/broers_cdsc.xml HTTP/1.0" 200 2303338 "-" "-"
51.77.52.107 - - [11/Apr/2025:01:29:19 +0200] "GET /Jurek/eurofirany/images/349423/0.jpg HTTP/2.0" 200 164854 "-" "baselinker"
89.161.206.59 - - [11/Apr/2025:01:29:19 +0200] "GET /Jurek/nonabox/feeds/nonabox_cdsc.xml HTTP/1.0" 200 39041 "-" "-"
89.161.206.59 - - [11/Apr/2025:01:29:20 +0200] "GET /Jurek/hanex/feeds/hanex_cdsc.xml HTTP/1.0" 200 7027182 "-" "-"
89.161.206.59 - - [11/Apr/2025:01:29:24 +0200] "GET /Jurek/fertone/feeds/fertone_skroutz.xml HTTP/1.0" 200 576498 "-" "-"
89.161.206.59 - - [11/Apr/2025:01:29:35 +0200] "GET /Jurek/hlo/feeds/hlo_skroutz.xml HTTP/1.0" 200 4831033 "-" "-"
89.161.206.59 - - [11/Apr/2025:01:29:37 +0200] "GET /Jurek/madrex/feeds/madrex_skroutz.xml HTTP/1.0" 200 466710 "-" "-"
89.161.206.59 - - [11/Apr/2025:01:29:37 +0200] "GET /Jurek/purewear/feeds/purewear_skroutz.xml HTTP/1.0" 200 13350120 "-" "-"
89.161.206.59 - - [11/Apr/2025:01:29:38 +0200] "GET /Jurek/gandalf/feeds/gandalf_skr.xml HTTP/1.0" 200 1082270 "-" "-"
51.77.52.107 - - [11/Apr/2025:01:29:53 +0200] "GET /Jurek/eurofirany/images/349423/0.jpg HTTP/2.0" 200 164854 "-" "baselinker"
51.77.52.107 - - [11/Apr/2025:01:30:09 +0200] "GET /Jurek/eurofirany/images/349423/0.jpg HTTP/2.0" 200 164854 "-" "baselinker"
51.77.52.107 - - [11/Apr/2025:01:30:16 +0200] "GET /Jurek/eurofirany/images/349455/0.jpg HTTP/2.0" 200 164808 "-" "baselinker"
51.77.52.107 - - [11/Apr/2025:01:30:39 +0200] "GET /Jurek/eurofirany/images/349455/0.jpg HTTP/2.0" 200 164808 "-" "baselinker"
51.77.52.107 - - [11/Apr/2025:01:30:54 +0200] "GET /Jurek/eurofirany/images/349455/0.jpg HTTP/2.0" 200 164808 "-" "baselinker"
51.77.52.107 - - [11/Apr/2025:01:31:23 +0200] "GET /Jurek/eurofirany/images/349462/0.jpg HTTP/2.0" 200 150596 "-" "baselinker"
46.101.116.244 - - [11/Apr/2025:01:31:24 +0200] "GET /Jurek/aw/feeds/aw_fnacfr.xml HTTP/1.0" 404 3551 "-" "-"
89.161.206.59 - - [11/Apr/2025:01:31:30 +0200] "GET /Jurek/ikonka/feeds/ikonka_amazonDE.xml HTTP/1.0" 200 22016770 "-" "-"
89.161.206.59 - - [11/Apr/2025:01:31:31 +0200] "GET /Jurek/ikonka/feeds/ikonka_amazonIT.xml HTTP/1.0" 200 22016768 "-" "-"
89.161.206.59 - - [11/Apr/2025:01:31:31 +0200] "GET /Jurek/ikonka/feeds/ikonka_amazonFR.xml HTTP/1.0" 200 22016750 "-" "-"
89.161.206.59 - - [11/Apr/2025:01:31:32 +0200] "GET /Jurek/ikonka/feeds/ikonka_amazonES.xml HTTP/1.0" 200 22016793 "-" "-"
89.161.206.59 - - [11/Apr/2025:01:31:33 +0200] "GET /Jurek/ikonka/feeds/ikonka_amazonNL.xml HTTP/1.0" 200 22016760 "-" "-"
89.161.206.59 - - [11/Apr/2025:01:31:34 +0200] "GET /Jurek/hurtownia_przemyslowa/feeds/hp_amazonFR.xml HTTP/1.0" 200 49363681 "-" "-"
89.161.206.59 - - [11/Apr/2025:01:31:35 +0200] "GET /Jurek/hurtownia_przemyslowa/feeds/hp_amazonIT.xml HTTP/1.0" 200 49363876 "-" "-"
89.161.206.59 - - [11/Apr/2025:01:31:36 +0200] "GET /Jurek/hurtownia_przemyslowa/feeds/hp_amazonNL.xml HTTP/1.0" 200 49363586 "-" "-"
89.161.206.59 - - [11/Apr/2025:01:31:37 +0200] "GET /Jurek/hurtownia_przemyslowa/feeds/hp_amazonSE.xml HTTP/1.0" 200 49378805 "-" "-"
89.161.206.59 - - [11/Apr/2025:01:31:41 +0200] "GET /Jurek/waks/feeds/waks_amazonde.xml HTTP/1.0" 200 1596552 "-" "-"
89.161.206.59 - - [11/Apr/2025:01:31:41 +0200] "GET /Jurek/waks/feeds/waks_amazonfr.xml HTTP/1.0" 200 1594466 "-" "-"
89.161.206.59 - - [11/Apr/2025:01:31:41 +0200] "GET /Jurek/waks/feeds/waks_amazonit.xml HTTP/1.0" 200 1596552 "-" "-"
89.161.206.59 - - [11/Apr/2025:01:31:41 +0200] "GET /Jurek/waks/feeds/waks_amazones.xml HTTP/1.0" 200 1596552 "-" "-"
89.161.206.59 - - [11/Apr/2025:01:31:41 +0200] "GET /Jurek/waks/feeds/waks_amazonnl.xml HTTP/1.0" 200 1596552 "-" "-"
89.161.206.59 - - [11/Apr/2025:01:31:42 +0200] "GET /Jurek/waks/feeds/waks_amazonse.xml HTTP/1.0" 200 1596553 "-" "-"
51.77.52.107 - - [11/Apr/2025:01:31:42 +0200] "GET /Jurek/eurofirany/images/349462/0.jpg HTTP/2.0" 200 150596 "-" "baselinker"
89.161.206.59 - - [11/Apr/2025:01:31:43 +0200] "GET /Jurek/swiatecznygoliat/feeds/swiatecznygoliat_amazonde.xml HTTP/1.0" 200 7054356 "-" "-"
89.161.206.59 - - [11/Apr/2025:01:31:51 +0200] "GET /Jurek/hanex/feeds/hanex_amazonde.xml HTTP/1.0" 200 13931497 "-" "-"
89.161.206.59 - - [11/Apr/2025:01:31:51 +0200] "GET /Jurek/playcob/feeds/playcob_amazonde.xml HTTP/1.0" 200 6980194 "-" "-"
89.161.206.59 - - [11/Apr/2025:01:31:52 +0200] "GET /Jurek/kinghoff/feeds/kinghoff_amazonfr.xml HTTP/1.0" 200 15437539 "-" "-"
89.161.206.59 - - [11/Apr/2025:01:31:52 +0200] "GET /Jurek/artdog/feeds/artdog_amazonfr.xml HTTP/1.0" 200 17158698 "-" "-"
89.161.206.59 - - [11/Apr/2025:01:31:52 +0200] "GET /Jurek/artdog/feeds/artdog_amazones.xml HTTP/1.0" 200 17158750 "-" "-"
89.161.206.59 - - [11/Apr/2025:01:31:53 +0200] "GET /Jurek/kinghoff/feeds/kinghoff_amazones.xml HTTP/1.0" 200 15437639 "-" "-"
