51.77.52.107 - - [11/Apr/2025:09:19:05 +0200] "GET /Jurek/eurofirany/images/432087/0.jpg HTTP/2.0" 200 60610 "-" "baselinker"
51.77.52.107 - - [11/Apr/2025:09:19:26 +0200] "GET /Jurek/eurofirany/images/432087/0.jpg HTTP/2.0" 200 60610 "-" "baselinker"
51.77.52.107 - - [11/Apr/2025:09:19:31 +0200] "GET /Jurek/eurofirany/images/432089/0.jpg HTTP/2.0" 200 48219 "-" "baselinker"
51.77.52.107 - - [11/Apr/2025:09:19:52 +0200] "GET /Jurek/eurofirany/images/432089/0.jpg HTTP/2.0" 200 48219 "-" "baselinker"
51.77.52.107 - - [11/Apr/2025:09:20:07 +0200] "GET /Jurek/eurofirany/images/432089/0.jpg HTTP/2.0" 200 48219 "-" "baselinker"
89.161.206.59 - - [11/Apr/2025:09:20:18 +0200] "GET /Jurek/hurtmeblowy/feeds/hurtmeblowy_ebay.xml HTTP/1.0" 200 5813449 "-" "-"
51.77.52.107 - - [11/Apr/2025:09:20:28 +0200] "GET /Jurek/eurofirany/images/432090/0.jpg HTTP/2.0" 200 55488 "-" "baselinker"
51.77.52.107 - - [11/Apr/2025:09:20:42 +0200] "GET /Jurek/eurofirany/images/432090/0.jpg HTTP/2.0" 200 55488 "-" "baselinker"
51.77.52.107 - - [11/Apr/2025:09:21:04 +0200] "GET /Jurek/eurofirany/images/432090/0.jpg HTTP/2.0" 200 55488 "-" "baselinker"
51.77.52.107 - - [11/Apr/2025:09:21:20 +0200] "GET /Jurek/eurofirany/images/432091/0.jpg HTTP/2.0" 200 61785 "-" "baselinker"
51.77.52.107 - - [11/Apr/2025:09:21:35 +0200] "GET /Jurek/eurofirany/images/432091/0.jpg HTTP/2.0" 200 61785 "-" "baselinker"
51.77.52.107 - - [11/Apr/2025:09:21:50 +0200] "GET /Jurek/eurofirany/images/432091/0.jpg HTTP/2.0" 200 61785 "-" "baselinker"
51.77.52.107 - - [11/Apr/2025:09:22:05 +0200] "GET /Jurek/eurofirany/images/432278/0.jpg HTTP/2.0" 200 94771 "-" "baselinker"
89.161.206.59 - - [11/Apr/2025:09:22:19 +0200] "GET /Jurek/hurtmeblowy/feeds/hurtmeblowy_skroutz.xml HTTP/1.0" 200 8495765 "-" "-"
51.77.52.107 - - [11/Apr/2025:09:22:23 +0200] "GET /Jurek/eurofirany/images/432278/0.jpg HTTP/2.0" 200 94771 "-" "baselinker"
51.77.52.107 - - [11/Apr/2025:09:22:29 +0200] "GET /Jurek/eurofirany/images/432278/0.jpg HTTP/2.0" 200 94771 "-" "baselinker"
51.77.52.107 - - [11/Apr/2025:09:22:45 +0200] "GET /Jurek/eurofirany/images/432279/0.jpg HTTP/2.0" 200 45939 "-" "baselinker"
51.77.52.107 - - [11/Apr/2025:09:22:49 +0200] "GET /Jurek/eurofirany/images/432279/0.jpg HTTP/2.0" 200 45939 "-" "baselinker"
51.77.52.107 - - [11/Apr/2025:09:22:53 +0200] "GET /Jurek/eurofirany/images/432279/0.jpg HTTP/2.0" 200 45939 "-" "baselinker"
62.146.215.34 - - [11/Apr/2025:09:22:59 +0200] "GET /Jurek/topeshop/downloaded_images/5904507207458_20st_mijas_lewy_zielonykopia.png HTTP/2.0" 200 259990 "-" "billigerbot/1.0"
89.161.206.59 - - [11/Apr/2025:09:23:18 +0200] "GET /Jurek/cbdgreen/feeds/cbdgreen_skroutz.xml HTTP/1.0" 200 30343 "-" "-"
51.77.52.107 - - [11/Apr/2025:09:23:21 +0200] "GET /Jurek/eurofirany/images/432280/0.jpg HTTP/2.0" 200 59790 "-" "baselinker"
51.77.52.107 - - [11/Apr/2025:09:23:37 +0200] "GET /Jurek/eurofirany/images/432280/0.jpg HTTP/2.0" 200 59790 "-" "baselinker"
51.77.52.107 - - [11/Apr/2025:09:23:39 +0200] "GET /Jurek/eurofirany/images/432280/0.jpg HTTP/2.0" 200 59790 "-" "baselinker"
89.161.206.59 - - [11/Apr/2025:09:23:42 +0200] "GET /Jurek/reman/feeds/reman_amazonde.xml HTTP/1.0" 200 1394830 "-" "-"
51.77.52.107 - - [11/Apr/2025:09:23:42 +0200] "GET /Jurek/eurofirany/images/432281/0.jpg HTTP/2.0" 200 127735 "-" "baselinker"
89.161.206.59 - - [11/Apr/2025:09:23:42 +0200] "GET /Jurek/regis/feeds/regis_amazonde.xml HTTP/1.0" 200 82734 "-" "-"
89.161.206.59 - - [11/Apr/2025:09:23:43 +0200] "GET /Jurek/hanex/feeds/hanex_skroutz.xml HTTP/1.0" 200 13931484 "-" "-"
193.33.8.61 - - [11/Apr/2025:09:23:47 +0200] "GET /Jurek/kobi/output.txt HTTP/2.0" 200 19064 "https://konsola.dkkapusta1997.usermd.net/" "Mozilla/5.0 (Windows NT 10.0; Win64; x64) AppleWebKit/537.36 (KHTML, like Gecko) Chrome/135.0.0.0 Safari/537.36"
89.161.206.59 - - [11/Apr/2025:09:24:01 +0200] "GET /Jurek/coppotech/feeds/coppotech_skroutz.xml HTTP/1.0" 200 37856704 "-" "-"
51.77.52.107 - - [11/Apr/2025:09:24:05 +0200] "GET /Jurek/eurofirany/images/432281/0.jpg HTTP/2.0" 200 127735 "-" "baselinker"
89.161.206.59 - - [11/Apr/2025:09:24:06 +0200] "GET /Jurek/elavia/feeds/elavia_skroutz.xml HTTP/1.0" 200 2497278 "-" "-"
51.77.52.107 - - [11/Apr/2025:09:24:09 +0200] "GET /Jurek/eurofirany/images/432281/0.jpg HTTP/2.0" 200 127735 "-" "baselinker"
89.161.206.59 - - [11/Apr/2025:09:24:11 +0200] "GET /Jurek/aiofactory/feeds/aiofactory_skroutz.xml HTTP/1.0" 200 1876539 "-" "-"
89.161.206.59 - - [11/Apr/2025:09:24:14 +0200] "GET /Jurek/maksik/feeds/maksik_skroutz.xml HTTP/1.0" 200 4084774 "-" "-"
51.77.52.107 - - [11/Apr/2025:09:24:19 +0200] "GET /Jurek/eurofirany/images/432283/0.jpg HTTP/2.0" 200 116697 "-" "baselinker"
89.161.206.59 - - [11/Apr/2025:09:24:24 +0200] "GET /Jurek/smxdesign/feeds/smxdesign_skroutz.xml HTTP/1.0" 200 1829045 "-" "-"
89.161.206.59 - - [11/Apr/2025:09:24:24 +0200] "GET /Jurek/princelh/feeds/princelh_skroutz.xml HTTP/1.0" 200 133438 "-" "-"
89.161.206.59 - - [11/Apr/2025:09:24:26 +0200] "GET /Jurek/proparts/feeds/proparts_skroutz.xml HTTP/1.0" 200 707490 "-" "-"
89.161.206.59 - - [11/Apr/2025:09:24:32 +0200] "GET /Jurek/kristronik/feeds/kristronik_skroutz.xml HTTP/1.0" 200 691973 "-" "-"
89.161.206.59 - - [11/Apr/2025:09:24:33 +0200] "GET /Jurek/matkam/feeds/matkam_skroutz.xml HTTP/1.0" 200 4425949 "-" "-"
51.77.52.107 - - [11/Apr/2025:09:24:38 +0200] "GET /Jurek/eurofirany/images/432283/0.jpg HTTP/2.0" 200 116697 "-" "baselinker"
51.77.52.107 - - [11/Apr/2025:09:24:54 +0200] "GET /Jurek/eurofirany/images/432283/0.jpg HTTP/2.0" 200 116697 "-" "baselinker"
89.161.206.59 - - [11/Apr/2025:09:24:59 +0200] "GET /Jurek/techrebalina/feeds/techrebalina_skroutz.xml HTTP/1.0" 200 2011155 "-" "-"
89.161.206.59 - - [11/Apr/2025:09:24:59 +0200] "GET /Jurek/techrebal/feeds/techrebal_skroutz.xml HTTP/1.0" 200 1989702 "-" "-"
5.134.208.158 - - [11/Apr/2025:09:25:09 +0200] "GET /Jurek/eurofirany/images/383326/0.jpg HTTP/1.1" 200 93037 "-" "-"
51.77.52.107 - - [11/Apr/2025:09:25:10 +0200] "GET /Jurek/eurofirany/images/432286/0.jpg HTTP/2.0" 200 68085 "-" "baselinker"
46.101.116.244 - - [11/Apr/2025:09:25:12 +0200] "GET /Jurek/aw/feeds/aw_fnacfr.xml HTTP/1.0" 404 3551 "-" "-"
51.77.52.107 - - [11/Apr/2025:09:25:29 +0200] "GET /Jurek/eurofirany/images/432286/0.jpg HTTP/2.0" 200 68085 "-" "baselinker"
172.225.134.25 - - [11/Apr/2025:09:25:36 +0200] "GET /Jurek/topeshop/downloaded_images/5902838466742_20_st.jpg HTTP/2.0" 200 63928 "-" "Mozilla/5.0"
51.77.52.107 - - [11/Apr/2025:09:25:39 +0200] "GET /Jurek/eurofirany/images/432286/0.jpg HTTP/2.0" 200 68085 "-" "baselinker"
51.77.52.107 - - [11/Apr/2025:09:25:46 +0200] "GET /Jurek/eurofirany/images/423907/0.jpg HTTP/2.0" 200 32653 "-" "baselinker"
51.77.52.107 - - [11/Apr/2025:09:25:50 +0200] "GET /Jurek/eurofirany/images/423907/0.jpg HTTP/2.0" 200 32653 "-" "baselinker"
89.161.206.59 - - [11/Apr/2025:09:25:53 +0200] "GET /Jurek/cenoman/feeds/cenoman_skroutz.xml HTTP/1.0" 200 5993215 "-" "-"
89.161.206.59 - - [11/Apr/2025:09:25:53 +0200] "GET /Jurek/em3/feeds/em3_skroutz.xml HTTP/1.0" 200 258931 "-" "-"
51.77.52.107 - - [11/Apr/2025:09:25:56 +0200] "GET /Jurek/eurofirany/images/423907/0.jpg HTTP/2.0" 200 32653 "-" "baselinker"
193.33.8.61 - - [11/Apr/2025:09:25:58 +0200] "GET /Jurek/kobi/feeds/kobi_kauflandcz.xml HTTP/2.0" 200 943223 "https://konsola.dkkapusta1997.usermd.net/" "Mozilla/5.0 (Windows NT 10.0; Win64; x64) AppleWebKit/537.36 (KHTML, like Gecko) Chrome/135.0.0.0 Safari/537.36"
193.33.8.61 - - [11/Apr/2025:09:25:58 +0200] "GET /Jurek/kobi/feeds/kobi_kauflandsk.xml HTTP/2.0" 200 943003 "https://konsola.dkkapusta1997.usermd.net/" "Mozilla/5.0 (Windows NT 10.0; Win64; x64) AppleWebKit/537.36 (KHTML, like Gecko) Chrome/135.0.0.0 Safari/537.36"
54.228.254.251 - - [11/Apr/2025:09:26:03 +0200] "GET /Jurek/kobi/feeds/kobi_kauflandcz.xml HTTP/1.1" 200 147219 "-" "Mozilla/5.0 (Macintosh; Intel Mac OS X 10_13_6) AppleWebKit/537.36 (KHTML, like Gecko) Chrome/73.0.3669.0 Safari/537.36"
51.77.52.107 - - [11/Apr/2025:09:26:03 +0200] "GET /Jurek/eurofirany/images/423909/0.jpg HTTP/2.0" 200 40108 "-" "baselinker"
52.210.221.24 - - [11/Apr/2025:09:26:03 +0200] "GET /Jurek/kobi/feeds/kobi_kauflandcz.xml HTTP/1.1" 200 943223 "-" "ClickUpLinkUnfurler/1.0 (+https://clickup.com)"
54.76.121.17 - - [11/Apr/2025:09:26:03 +0200] "GET /Jurek/kobi/feeds/kobi_kauflandcz.xml HTTP/1.1" 200 163603 "-" "Mozilla/5.0 (Macintosh; Intel Mac OS X 10_13_6) AppleWebKit/537.36 (KHTML, like Gecko) Chrome/73.0.3669.0 Safari/537.36"
89.161.206.59 - - [11/Apr/2025:09:26:04 +0200] "GET /Jurek/zbimatyja/feeds/zbimatyja_skroutz.xml HTTP/1.0" 200 11670197 "-" "-"
52.210.221.24 - - [11/Apr/2025:09:26:04 +0200] "GET /Jurek/kobi/feeds/kobi_kauflandcz.xml HTTP/1.1" 200 943223 "-" "ClickUpLinkUnfurler/1.0 (+https://clickup.com)"
89.161.206.59 - - [11/Apr/2025:09:26:04 +0200] "GET /Jurek/equalo/feeds/equalo_skroutz.xml HTTP/1.0" 200 98008 "-" "-"
89.161.206.59 - - [11/Apr/2025:09:26:04 +0200] "GET /Jurek/regis/feeds/regis_skroutz.xml HTTP/1.0" 200 82733 "-" "-"
89.161.206.59 - - [11/Apr/2025:09:26:05 +0200] "GET /Jurek/lampart/feeds/lampart_skroutz.xml HTTP/1.0" 200 936022 "-" "-"
18.157.125.26 - - [11/Apr/2025:09:26:08 +0200] "GET /Jurek/topeshop/downloaded_images/5902838467541_RIVA-SZAFKA-SONOMA1.jpg HTTP/2.0" 200 60801 "-" "Mozilla/5.0 (Windows NT 10.0; Win64; x64) AppleWebKit/537.36 (KHTML, like Gecko) Chrome/109.0.0.0 Safari/537.36"
54.228.254.251 - - [11/Apr/2025:09:26:09 +0200] "GET /Jurek/kobi/feeds/kobi_kauflandsk.xml HTTP/1.1" 200 147219 "-" "Mozilla/5.0 (Macintosh; Intel Mac OS X 10_13_6) AppleWebKit/537.36 (KHTML, like Gecko) Chrome/73.0.3669.0 Safari/537.36"
3.74.7.74 - - [11/Apr/2025:09:26:09 +0200] "GET /Jurek/topeshop/downloaded_images/5902838467534_RIVA-SZAFKA-BIEL1.jpg HTTP/2.0" 200 24817 "-" "Mozilla/5.0 (Windows NT 10.0; Win64; x64) AppleWebKit/537.36 (KHTML, like Gecko) Chrome/109.0.0.0 Safari/537.36"
3.74.7.74 - - [11/Apr/2025:09:26:09 +0200] "GET /Jurek/topeshop/downloaded_images/5902838467558_RIVA-SZAFKA-ARTISAN1.jpg HTTP/2.0" 200 59515 "-" "Mozilla/5.0 (Windows NT 10.0; Win64; x64) AppleWebKit/537.36 (KHTML, like Gecko) Chrome/109.0.0.0 Safari/537.36"
52.210.221.24 - - [11/Apr/2025:09:26:09 +0200] "GET /Jurek/kobi/feeds/kobi_kauflandsk.xml HTTP/1.1" 200 943003 "-" "ClickUpLinkUnfurler/1.0 (+https://clickup.com)"
54.76.121.17 - - [11/Apr/2025:09:26:09 +0200] "GET /Jurek/kobi/feeds/kobi_kauflandsk.xml HTTP/1.1" 200 147219 "-" "Mozilla/5.0 (Macintosh; Intel Mac OS X 10_13_6) AppleWebKit/537.36 (KHTML, like Gecko) Chrome/73.0.3669.0 Safari/537.36"
52.210.221.24 - - [11/Apr/2025:09:26:10 +0200] "GET /Jurek/kobi/feeds/kobi_kauflandsk.xml HTTP/1.1" 200 943003 "-" "ClickUpLinkUnfurler/1.0 (+https://clickup.com)"
18.157.125.26 - - [11/Apr/2025:09:26:13 +0200] "GET /Jurek/topeshop/downloaded_images/5902838461273_3.png HTTP/2.0" 404 3551 "-" "Mozilla/5.0 (Windows NT 10.0; Win64; x64) AppleWebKit/537.36 (KHTML, like Gecko) Chrome/109.0.0.0 Safari/537.36"
3.74.7.74 - - [11/Apr/2025:09:26:14 +0200] "GET /Jurek/topeshop/downloaded_images/5902838463741_20st_close.jpg HTTP/2.0" 404 3551 "-" "Mozilla/5.0 (Windows NT 10.0; Win64; x64) AppleWebKit/537.36 (KHTML, like Gecko) Chrome/109.0.0.0 Safari/537.36"
3.126.202.245 - - [11/Apr/2025:09:26:14 +0200] "GET /Jurek/topeshop/downloaded_images/5902838461266_2.png HTTP/2.0" 404 3551 "-" "Mozilla/5.0 (Windows NT 10.0; Win64; x64) AppleWebKit/537.36 (KHTML, like Gecko) Chrome/109.0.0.0 Safari/537.36"
51.77.52.107 - - [11/Apr/2025:09:26:23 +0200] "GET /Jurek/eurofirany/images/423909/0.jpg HTTP/2.0" 200 40108 "-" "baselinker"
51.77.52.107 - - [11/Apr/2025:09:26:41 +0200] "GET /Jurek/eurofirany/images/423909/0.jpg HTTP/2.0" 200 40108 "-" "baselinker"
51.77.52.107 - - [11/Apr/2025:09:26:48 +0200] "GET /Jurek/eurofirany/images/5603/0.jpg HTTP/2.0" 200 40054 "-" "baselinker"
51.77.52.107 - - [11/Apr/2025:09:27:04 +0200] "GET /Jurek/eurofirany/images/5603/0.jpg HTTP/2.0" 200 40054 "-" "baselinker"
51.77.52.107 - - [11/Apr/2025:09:27:19 +0200] "GET /Jurek/eurofirany/images/5603/0.jpg HTTP/2.0" 200 40054 "-" "baselinker"
51.77.52.107 - - [11/Apr/2025:09:27:25 +0200] "GET /Jurek/eurofirany/images/5616/0.jpg HTTP/2.0" 200 84919 "-" "baselinker"
51.77.52.107 - - [11/Apr/2025:09:27:40 +0200] "GET /Jurek/eurofirany/images/5616/0.jpg HTTP/2.0" 200 84919 "-" "baselinker"
51.77.52.107 - - [11/Apr/2025:09:27:56 +0200] "GET /Jurek/eurofirany/images/5616/0.jpg HTTP/2.0" 200 84919 "-" "baselinker"
51.77.52.107 - - [11/Apr/2025:09:28:16 +0200] "GET /Jurek/eurofirany/images/5623/0.jpg HTTP/2.0" 200 145716 "-" "baselinker"
89.161.206.59 - - [11/Apr/2025:09:28:16 +0200] "GET /Jurek/takapara/feeds/takapara_skroutz.xml HTTP/1.0" 200 1342601 "-" "-"
89.161.206.59 - - [11/Apr/2025:09:28:38 +0200] "GET /Jurek/rosfix/feeds/rosfix_skroutz.xml HTTP/1.0" 200 34055658 "-" "-"
89.161.206.59 - - [11/Apr/2025:09:28:39 +0200] "GET /Jurek/tsjerzy/feeds/tsjerzy_skr.xml HTTP/1.0" 200 3897806 "-" "-"
51.77.52.107 - - [11/Apr/2025:09:28:40 +0200] "GET /Jurek/eurofirany/images/5623/0.jpg HTTP/2.0" 200 145716 "-" "baselinker"
89.161.206.59 - - [11/Apr/2025:09:28:49 +0200] "GET /Jurek/sebmart/feeds/sebmart_skr.xml HTTP/1.0" 200 1598769 "-" "-"
51.77.52.107 - - [11/Apr/2025:09:28:54 +0200] "GET /Jurek/eurofirany/images/5623/0.jpg HTTP/2.0" 200 145716 "-" "baselinker"
193.33.8.61 - - [11/Apr/2025:09:28:59 +0200] "GET /Jurek/dropkz/feeds/dropkz_cdon_se.xml HTTP/2.0" 200 12591095 "https://konsola.dkkapusta1997.usermd.net/" "Mozilla/5.0 (Windows NT 10.0; Win64; x64) AppleWebKit/537.36 (KHTML, like Gecko) Chrome/135.0.0.0 Safari/537.36"
77.79.248.229 - - [11/Apr/2025:09:29:02 +0200] "GET /Jurek/dropkz/feeds/dropkz_cdon_se.xml HTTP/1.1" 200 70045566 "-" "Python-urllib/3.11"
89.161.206.59 - - [11/Apr/2025:09:29:05 +0200] "GET /Jurek/kalama/feeds/kalama_cdsc.xml HTTP/1.0" 200 1574009 "-" "-"
51.77.52.107 - - [11/Apr/2025:09:29:05 +0200] "GET /Jurek/eurofirany/images/5642/0.jpg HTTP/2.0" 200 145716 "-" "baselinker"
51.77.52.107 - - [11/Apr/2025:09:29:15 +0200] "GET /Jurek/eurofirany/images/5642/0.jpg HTTP/2.0" 200 145716 "-" "baselinker"
51.77.52.107 - - [11/Apr/2025:09:29:20 +0200] "GET /Jurek/eurofirany/images/5642/0.jpg HTTP/2.0" 200 145716 "-" "baselinker"
51.77.52.107 - - [11/Apr/2025:09:29:35 +0200] "GET /Jurek/eurofirany/images/45096/0.jpg HTTP/2.0" 200 77542 "-" "baselinker"
51.77.52.107 - - [11/Apr/2025:09:29:40 +0200] "GET /Jurek/eurofirany/images/45096/0.jpg HTTP/2.0" 200 77542 "-" "baselinker"
5.134.208.158 - - [11/Apr/2025:09:29:41 +0200] "GET /Jurek/eurofirany/images/431357/0.jpg HTTP/1.1" 206 256 "https://www.ceneo.pl" "Mozilla/5.0 (Windows NT 10.0; Win64; x64) AppleWebKit/537.36 (KHTML, like Gecko) Chrome/87.0.4280.141 Safari/537.36"
5.134.208.158 - - [11/Apr/2025:09:29:41 +0200] "GET /Jurek/eurofirany/images/431357/0.jpg HTTP/1.1" 200 121777 "-" "-"
51.77.52.107 - - [11/Apr/2025:09:29:50 +0200] "GET /Jurek/eurofirany/images/45096/0.jpg HTTP/2.0" 200 77542 "-" "baselinker"
51.77.52.107 - - [11/Apr/2025:09:29:54 +0200] "GET /Jurek/eurofirany/images/45097/0.jpg HTTP/2.0" 200 129397 "-" "baselinker"
51.77.52.107 - - [11/Apr/2025:09:30:10 +0200] "GET /Jurek/eurofirany/images/45097/0.jpg HTTP/2.0" 200 129397 "-" "baselinker"
51.77.52.107 - - [11/Apr/2025:09:30:20 +0200] "GET /Jurek/eurofirany/images/45097/0.jpg HTTP/2.0" 200 129397 "-" "baselinker"
193.33.8.61 - - [11/Apr/2025:09:30:21 +0200] "GET /Jurek/madrex/output.txt HTTP/2.0" 200 7408 "https://konsola.dkkapusta1997.usermd.net/" "Mozilla/5.0 (Windows NT 10.0; Win64; x64) AppleWebKit/537.36 (KHTML, like Gecko) Chrome/135.0.0.0 Safari/537.36"
51.77.52.107 - - [11/Apr/2025:09:30:25 +0200] "GET /Jurek/eurofirany/images/45098/0.jpg HTTP/2.0" 200 90865 "-" "baselinker"
51.77.52.107 - - [11/Apr/2025:09:30:29 +0200] "GET /Jurek/eurofirany/images/45098/0.jpg HTTP/2.0" 200 90865 "-" "baselinker"
51.77.52.107 - - [11/Apr/2025:09:30:43 +0200] "GET /Jurek/eurofirany/images/45098/0.jpg HTTP/2.0" 200 90865 "-" "baselinker"
51.77.52.107 - - [11/Apr/2025:09:30:47 +0200] "GET /Jurek/eurofirany/images/45099/0.jpg HTTP/2.0" 200 122958 "-" "baselinker"
51.77.52.107 - - [11/Apr/2025:09:30:53 +0200] "GET /Jurek/eurofirany/images/45099/0.jpg HTTP/2.0" 200 122958 "-" "baselinker"
51.77.52.107 - - [11/Apr/2025:09:31:09 +0200] "GET /Jurek/eurofirany/images/45099/0.jpg HTTP/2.0" 200 122958 "-" "baselinker"
51.77.52.107 - - [11/Apr/2025:09:31:15 +0200] "GET /Jurek/eurofirany/images/130743/0.jpg HTTP/2.0" 200 53755 "-" "baselinker"
51.77.52.107 - - [11/Apr/2025:09:31:20 +0200] "GET /Jurek/eurofirany/images/130743/0.jpg HTTP/2.0" 200 53755 "-" "baselinker"
51.77.52.107 - - [11/Apr/2025:09:31:23 +0200] "GET /Jurek/eurofirany/images/130743/0.jpg HTTP/2.0" 200 53755 "-" "baselinker"
51.77.52.107 - - [11/Apr/2025:09:31:36 +0200] "GET /Jurek/eurofirany/images/130744/0.jpg HTTP/2.0" 200 59872 "-" "baselinker"
51.77.52.107 - - [11/Apr/2025:09:31:40 +0200] "GET /Jurek/eurofirany/images/130744/0.jpg HTTP/2.0" 200 59872 "-" "baselinker"
51.77.52.107 - - [11/Apr/2025:09:31:43 +0200] "GET /Jurek/eurofirany/images/130744/0.jpg HTTP/2.0" 200 59872 "-" "baselinker"
51.77.52.107 - - [11/Apr/2025:09:31:56 +0200] "GET /Jurek/eurofirany/images/431778/0.jpg HTTP/2.0" 200 49007 "-" "baselinker"
51.77.52.107 - - [11/Apr/2025:09:32:11 +0200] "GET /Jurek/eurofirany/images/431778/0.jpg HTTP/2.0" 200 49007 "-" "baselinker"
51.77.52.107 - - [11/Apr/2025:09:32:20 +0200] "GET /Jurek/eurofirany/images/431778/0.jpg HTTP/2.0" 200 49007 "-" "baselinker"
193.33.8.61 - - [11/Apr/2025:09:32:31 +0200] "GET /Jurek/madrex/feeds/madrex_kauflandcz.xml HTTP/2.0" 200 466751 "https://konsola.dkkapusta1997.usermd.net/" "Mozilla/5.0 (Windows NT 10.0; Win64; x64) AppleWebKit/537.36 (KHTML, like Gecko) Chrome/135.0.0.0 Safari/537.36"
193.33.8.61 - - [11/Apr/2025:09:32:32 +0200] "GET /Jurek/madrex/feeds/madrex_kauflandsk.xml HTTP/2.0" 200 466693 "https://konsola.dkkapusta1997.usermd.net/" "Mozilla/5.0 (Windows NT 10.0; Win64; x64) AppleWebKit/537.36 (KHTML, like Gecko) Chrome/135.0.0.0 Safari/537.36"
51.77.52.107 - - [11/Apr/2025:09:32:34 +0200] "GET /Jurek/eurofirany/images/433804/0.jpg HTTP/2.0" 200 73584 "-" "baselinker"
54.217.251.197 - - [11/Apr/2025:09:32:36 +0200] "GET /Jurek/madrex/feeds/madrex_kauflandcz.xml HTTP/1.1" 200 147219 "-" "Mozilla/5.0 (Macintosh; Intel Mac OS X 10_13_6) AppleWebKit/537.36 (KHTML, like Gecko) Chrome/73.0.3669.0 Safari/537.36"
52.210.221.24 - - [11/Apr/2025:09:32:37 +0200] "GET /Jurek/madrex/feeds/madrex_kauflandcz.xml HTTP/1.1" 200 466751 "-" "ClickUpLinkUnfurler/1.0 (+https://clickup.com)"
54.217.251.197 - - [11/Apr/2025:09:32:37 +0200] "GET /Jurek/madrex/feeds/madrex_kauflandcz.xml HTTP/1.1" 200 147219 "-" "Mozilla/5.0 (Macintosh; Intel Mac OS X 10_13_6) AppleWebKit/537.36 (KHTML, like Gecko) Chrome/73.0.3669.0 Safari/537.36"
52.210.221.24 - - [11/Apr/2025:09:32:37 +0200] "GET /Jurek/madrex/feeds/madrex_kauflandcz.xml HTTP/1.1" 200 466751 "-" "ClickUpLinkUnfurler/1.0 (+https://clickup.com)"
54.74.57.157 - - [11/Apr/2025:09:32:44 +0200] "GET /Jurek/madrex/feeds/madrex_kauflandsk.xml HTTP/1.1" 200 147219 "-" "Mozilla/5.0 (Macintosh; Intel Mac OS X 10_13_6) AppleWebKit/537.36 (KHTML, like Gecko) Chrome/73.0.3669.0 Safari/537.36"
52.210.221.24 - - [11/Apr/2025:09:32:44 +0200] "GET /Jurek/madrex/feeds/madrex_kauflandsk.xml HTTP/1.1" 200 466693 "-" "ClickUpLinkUnfurler/1.0 (+https://clickup.com)"
54.74.57.157 - - [11/Apr/2025:09:32:44 +0200] "GET /Jurek/madrex/feeds/madrex_kauflandsk.xml HTTP/1.1" 200 163603 "-" "Mozilla/5.0 (Macintosh; Intel Mac OS X 10_13_6) AppleWebKit/537.36 (KHTML, like Gecko) Chrome/73.0.3669.0 Safari/537.36"
52.210.221.24 - - [11/Apr/2025:09:32:44 +0200] "GET /Jurek/madrex/feeds/madrex_kauflandsk.xml HTTP/1.1" 200 466693 "-" "ClickUpLinkUnfurler/1.0 (+https://clickup.com)"
51.77.52.107 - - [11/Apr/2025:09:32:49 +0200] "GET /Jurek/eurofirany/images/433804/0.jpg HTTP/2.0" 200 73584 "-" "baselinker"
51.77.52.107 - - [11/Apr/2025:09:33:01 +0200] "GET /Jurek/eurofirany/images/433804/0.jpg HTTP/2.0" 200 73584 "-" "baselinker"
51.77.52.107 - - [11/Apr/2025:09:33:16 +0200] "GET /Jurek/eurofirany/images/439077/0.jpg HTTP/2.0" 200 122335 "-" "baselinker"
51.77.52.107 - - [11/Apr/2025:09:33:32 +0200] "GET /Jurek/eurofirany/images/439077/0.jpg HTTP/2.0" 200 122335 "-" "baselinker"
51.77.52.107 - - [11/Apr/2025:09:33:36 +0200] "GET /Jurek/eurofirany/images/439077/0.jpg HTTP/2.0" 200 122335 "-" "baselinker"
46.101.116.244 - - [11/Apr/2025:09:33:43 +0200] "GET /Jurek/aw/feeds/aw_fnacfr.xml HTTP/1.0" 404 3551 "-" "-"
51.77.52.107 - - [11/Apr/2025:09:33:45 +0200] "GET /Jurek/eurofirany/images/433796/0.jpg HTTP/2.0" 200 71633 "-" "baselinker"
51.77.52.107 - - [11/Apr/2025:09:33:59 +0200] "GET /Jurek/eurofirany/images/433796/0.jpg HTTP/2.0" 200 71633 "-" "baselinker"
51.77.52.107 - - [11/Apr/2025:09:34:14 +0200] "GET /Jurek/eurofirany/images/433796/0.jpg HTTP/2.0" 200 71633 "-" "baselinker"
51.77.52.107 - - [11/Apr/2025:09:34:24 +0200] "GET /Jurek/eurofirany/images/432282/0.jpg HTTP/2.0" 200 6625 "-" "baselinker"
51.77.52.107 - - [11/Apr/2025:09:34:25 +0200] "GET /Jurek/eurofirany/images/432282/0.jpg HTTP/2.0" 200 6625 "-" "baselinker"
51.77.52.107 - - [11/Apr/2025:09:34:25 +0200] "GET /Jurek/eurofirany/images/432282/0.jpg HTTP/2.0" 200 6625 "-" "baselinker"
51.77.52.107 - - [11/Apr/2025:09:34:26 +0200] "GET /Jurek/eurofirany/images/440532/0.jpg HTTP/2.0" 200 194756 "-" "baselinker"
89.161.206.59 - - [11/Apr/2025:09:34:35 +0200] "GET /Jurek/roger/feeds/roger_emagro.xml HTTP/1.0" 200 1396751 "-" "-"
89.161.206.59 - - [11/Apr/2025:09:34:35 +0200] "GET /Jurek/nexus/feeds/nexus_emagro.xml HTTP/1.0" 200 226694 "-" "-"
89.161.206.59 - - [11/Apr/2025:09:34:36 +0200] "GET /Jurek/porzwkablach/feeds/porzwkablach_emag.xml HTTP/1.0" 200 1200442 "-" "-"
89.161.206.59 - - [11/Apr/2025:09:34:37 +0200] "GET /Jurek/galopibhp/feeds/galopibhp_emagro.xml HTTP/1.0" 200 1973716 "-" "-"
89.161.206.59 - - [11/Apr/2025:09:34:37 +0200] "GET /Jurek/techrebal/feeds/techrebal_emagro.xml HTTP/1.0" 200 1989825 "-" "-"
89.161.206.59 - - [11/Apr/2025:09:34:38 +0200] "GET /Jurek/kristronik/feeds/kristronik_emagro.xml HTTP/1.0" 200 692090 "-" "-"
89.161.206.59 - - [11/Apr/2025:09:34:39 +0200] "GET /Jurek/nonabox/feeds/nonabox_emagro.xml HTTP/1.0" 200 33873 "-" "-"
89.161.206.59 - - [11/Apr/2025:09:34:41 +0200] "GET /Jurek/equalo/feeds/equalo_emagro.xml HTTP/1.0" 200 98022 "-" "-"
89.161.206.59 - - [11/Apr/2025:09:34:42 +0200] "GET /Jurek/snibbs/feeds/snibbs_emagro.xml HTTP/1.0" 200 74411 "-" "-"
51.77.52.107 - - [11/Apr/2025:09:34:49 +0200] "GET /Jurek/eurofirany/images/440532/0.jpg HTTP/2.0" 200 194756 "-" "baselinker"
51.77.52.107 - - [11/Apr/2025:09:35:06 +0200] "GET /Jurek/eurofirany/images/440532/0.jpg HTTP/2.0" 200 194756 "-" "baselinker"
51.77.52.107 - - [11/Apr/2025:09:35:15 +0200] "GET /Jurek/eurofirany/images/440533/0.jpg HTTP/2.0" 200 142826 "-" "baselinker"
52.17.80.36 - - [11/Apr/2025:09:35:25 +0200] "GET /marketplaces/worten2/results/worten.csv HTTP/1.1" 200 147218 "-" "Mirakl HttpClient"
51.77.52.107 - - [11/Apr/2025:09:35:32 +0200] "GET /Jurek/eurofirany/images/440533/0.jpg HTTP/2.0" 200 142826 "-" "baselinker"
51.77.52.107 - - [11/Apr/2025:09:35:45 +0200] "GET /Jurek/eurofirany/images/440533/0.jpg HTTP/2.0" 200 142826 "-" "baselinker"
51.77.52.107 - - [11/Apr/2025:09:35:49 +0200] "GET /Jurek/eurofirany/images/440534/0.jpg HTTP/2.0" 200 136586 "-" "baselinker"
51.77.52.107 - - [11/Apr/2025:09:35:54 +0200] "GET /Jurek/eurofirany/images/440534/0.jpg HTTP/2.0" 200 136586 "-" "baselinker"
51.77.52.107 - - [11/Apr/2025:09:36:00 +0200] "GET /Jurek/eurofirany/images/440534/0.jpg HTTP/2.0" 200 136586 "-" "baselinker"
193.33.8.61 - - [11/Apr/2025:09:36:10 +0200] "GET /Jurek/piotrmiedz/feeds/piotrmiedz_zero.xml HTTP/2.0" 200 18890752 "https://konsola.dkkapusta1997.usermd.net/" "Mozilla/5.0 (Windows NT 10.0; Win64; x64) AppleWebKit/537.36 (KHTML, like Gecko) Chrome/135.0.0.0 Safari/537.36"
77.79.248.229 - - [11/Apr/2025:09:36:13 +0200] "GET /Jurek/piotrmiedz/feeds/piotrmiedz_zero.xml HTTP/1.1" 200 91011626 "-" "Python-urllib/3.11"
77.79.248.229 - - [11/Apr/2025:09:36:15 +0200] "GET /Jurek/eurofirany/feeds/eurofirany_cdon_se.xml HTTP/1.1" 200 19364483 "-" "python-requests/2.32.3"
77.79.248.229 - - [11/Apr/2025:09:36:15 +0200] "GET /Jurek/eurofirany/feeds/eurofirany_cdon_dk.xml HTTP/1.1" 200 19364743 "-" "python-requests/2.32.3"
77.79.248.229 - - [11/Apr/2025:09:36:16 +0200] "GET /Jurek/eurofirany/feeds/eurofirany_cdon_fi.xml HTTP/1.1" 200 19347216 "-" "python-requests/2.32.3"
77.79.248.229 - - [11/Apr/2025:09:36:17 +0200] "GET /Jurek/stema/feeds/stema_cdon_se.xml HTTP/1.1" 200 852446 "-" "python-requests/2.32.3"
77.79.248.229 - - [11/Apr/2025:09:36:17 +0200] "GET /Jurek/stema/feeds/stema_cdon_dk.xml HTTP/1.1" 200 852288 "-" "python-requests/2.32.3"
77.79.248.229 - - [11/Apr/2025:09:36:17 +0200] "GET /Jurek/stema/feeds/stema_cdon_fi.xml HTTP/1.1" 200 851998 "-" "python-requests/2.32.3"
51.77.52.107 - - [11/Apr/2025:09:36:17 +0200] "GET /Jurek/eurofirany/images/448520/0.jpg HTTP/2.0" 200 173400 "-" "baselinker"
77.79.248.229 - - [11/Apr/2025:09:36:18 +0200] "GET /Jurek/aw/feeds/awnarzedzia_cdon_se.xml HTTP/1.1" 200 90661783 "-" "python-requests/2.32.3"
77.79.248.229 - - [11/Apr/2025:09:36:19 +0200] "GET /Jurek/aw/feeds/awnarzedzia_cdon_dk.xml HTTP/1.1" 200 90657025 "-" "python-requests/2.32.3"
77.79.248.229 - - [11/Apr/2025:09:36:20 +0200] "GET /Jurek/aw/feeds/awnarzedzia_cdon_fi.xml HTTP/1.1" 200 90573907 "-" "python-requests/2.32.3"
77.79.248.229 - - [11/Apr/2025:09:36:21 +0200] "GET /Jurek/hurtownia_przemyslowa/feeds/hp_cdon_se.xml HTTP/1.1" 200 49377721 "-" "python-requests/2.32.3"
77.79.248.229 - - [11/Apr/2025:09:36:21 +0200] "GET /Jurek/hurtownia_przemyslowa/feeds/hp_cdon_dk.xml HTTP/1.1" 200 49376244 "-" "python-requests/2.32.3"
77.79.248.229 - - [11/Apr/2025:09:36:22 +0200] "GET /Jurek/hurtownia_przemyslowa/feeds/hp_cdon_fi.xml HTTP/1.1" 200 49362180 "-" "python-requests/2.32.3"
77.79.248.229 - - [11/Apr/2025:09:36:25 +0200] "GET /Jurek/ikonka/feeds/ikonka_cdon_se.xml HTTP/1.1" 200 22018979 "-" "python-requests/2.32.3"
77.79.248.229 - - [11/Apr/2025:09:36:26 +0200] "GET /Jurek/ikonka/feeds/ikonka_cdon_dk.xml HTTP/1.1" 200 22018887 "-" "python-requests/2.32.3"
77.79.248.229 - - [11/Apr/2025:09:36:26 +0200] "GET /Jurek/ikonka/feeds/ikonka_cdon_fi.xml HTTP/1.1" 200 22016792 "-" "python-requests/2.32.3"
77.79.248.229 - - [11/Apr/2025:09:36:26 +0200] "GET /Jurek/fernity/feeds/fernity_cdon_fi.xml HTTP/1.1" 200 4796434 "-" "python-requests/2.32.3"
77.79.248.229 - - [11/Apr/2025:09:36:26 +0200] "GET /Jurek/fernity/feeds/fernity_cdon_se.xml HTTP/1.1" 200 4799557 "-" "python-requests/2.32.3"
77.79.248.229 - - [11/Apr/2025:09:36:26 +0200] "GET /Jurek/fernity/feeds/fernity_cdon_dk.xml HTTP/1.1" 200 4799181 "-" "python-requests/2.32.3"
77.79.248.229 - - [11/Apr/2025:09:36:27 +0200] "GET /Jurek/activeshop/feeds/activeshop_cdon_se.xml HTTP/1.1" 200 10447376 "-" "python-requests/2.32.3"
77.79.248.229 - - [11/Apr/2025:09:36:27 +0200] "GET /Jurek/activeshop/feeds/activeshop_cdon_dk.xml HTTP/1.1" 200 10446827 "-" "python-requests/2.32.3"
77.79.248.229 - - [11/Apr/2025:09:36:27 +0200] "GET /Jurek/activeshop/feeds/activeshop_cdon_fi.xml HTTP/1.1" 200 10443584 "-" "python-requests/2.32.3"
51.77.52.107 - - [11/Apr/2025:09:36:28 +0200] "GET /Jurek/eurofirany/images/448520/0.jpg HTTP/2.0" 200 173400 "-" "baselinker"
89.161.206.59 - - [11/Apr/2025:09:36:29 +0200] "GET /Jurek/topeshop/feeds/topeshop_cdsc.xml HTTP/1.0" 200 2643527 "-" "-"
77.79.248.229 - - [11/Apr/2025:09:36:33 +0200] "GET /Jurek/barbecook/feeds/barbecook_cdon_se.xml HTTP/1.1" 200 87595 "-" "python-requests/2.32.3"
77.79.248.229 - - [11/Apr/2025:09:36:33 +0200] "GET /Jurek/barbecook/feeds/barbecook_cdon_dk.xml HTTP/1.1" 200 87590 "-" "python-requests/2.32.3"
77.79.248.229 - - [11/Apr/2025:09:36:33 +0200] "GET /Jurek/barbecook/feeds/barbecook_cdon_fi.xml HTTP/1.1" 200 87531 "-" "python-requests/2.32.3"
77.79.248.229 - - [11/Apr/2025:09:36:33 +0200] "GET /Jurek/action/feeds/action_cdon_se.xml HTTP/1.1" 200 60238733 "-" "python-requests/2.32.3"
77.79.248.229 - - [11/Apr/2025:09:36:34 +0200] "GET /Jurek/action/feeds/action_cdon_dk.xml HTTP/1.1" 200 60233330 "-" "python-requests/2.32.3"
77.79.248.229 - - [11/Apr/2025:09:36:35 +0200] "GET /Jurek/action/feeds/action_cdon_fi.xml HTTP/1.1" 200 60207092 "-" "python-requests/2.32.3"
77.79.248.229 - - [11/Apr/2025:09:36:35 +0200] "GET /Jurek/kinghoff/feeds/kinghoff_cdon_se.xml HTTP/1.1" 200 15440224 "-" "python-requests/2.32.3"
77.79.248.229 - - [11/Apr/2025:09:36:35 +0200] "GET /Jurek/kinghoff/feeds/kinghoff_cdon_dk.xml HTTP/1.1" 200 15440175 "-" "python-requests/2.32.3"
77.79.248.229 - - [11/Apr/2025:09:36:35 +0200] "GET /Jurek/kinghoff/feeds/kinghoff_cdon_fi.xml HTTP/1.1" 200 15437631 "-" "python-requests/2.32.3"
51.77.52.107 - - [11/Apr/2025:09:36:46 +0200] "GET /Jurek/eurofirany/images/448520/0.jpg HTTP/2.0" 200 173400 "-" "baselinker"
51.77.52.107 - - [11/Apr/2025:09:36:57 +0200] "GET /Jurek/eurofirany/images/448521/0.jpg HTTP/2.0" 200 170052 "-" "baselinker"
51.77.52.107 - - [11/Apr/2025:09:37:11 +0200] "GET /Jurek/eurofirany/images/448521/0.jpg HTTP/2.0" 200 170052 "-" "baselinker"
51.77.52.107 - - [11/Apr/2025:09:37:22 +0200] "GET /Jurek/eurofirany/images/448521/0.jpg HTTP/2.0" 200 170052 "-" "baselinker"
89.161.206.59 - - [11/Apr/2025:09:37:22 +0200] "GET /Jurek/ikonka/feeds/ikonka_amazonDE.xml HTTP/1.0" 200 22016770 "-" "-"
89.161.206.59 - - [11/Apr/2025:09:37:23 +0200] "GET /Jurek/ikonka/feeds/ikonka_amazonIT.xml HTTP/1.0" 200 22016768 "-" "-"
89.161.206.59 - - [11/Apr/2025:09:37:23 +0200] "GET /Jurek/ikonka/feeds/ikonka_amazonFR.xml HTTP/1.0" 200 22016750 "-" "-"
89.161.206.59 - - [11/Apr/2025:09:37:23 +0200] "GET /Jurek/ikonka/feeds/ikonka_amazonES.xml HTTP/1.0" 200 22016793 "-" "-"
89.161.206.59 - - [11/Apr/2025:09:37:25 +0200] "GET /Jurek/ikonka/feeds/ikonka_amazonNL.xml HTTP/1.0" 200 22016760 "-" "-"
89.161.206.59 - - [11/Apr/2025:09:37:26 +0200] "GET /Jurek/hurtownia_przemyslowa/feeds/hp_amazonFR.xml HTTP/1.0" 200 49363662 "-" "-"
89.161.206.59 - - [11/Apr/2025:09:37:27 +0200] "GET /Jurek/hurtownia_przemyslowa/feeds/hp_amazonIT.xml HTTP/1.0" 200 49363857 "-" "-"
89.161.206.59 - - [11/Apr/2025:09:37:27 +0200] "GET /Jurek/hurtownia_przemyslowa/feeds/hp_amazonNL.xml HTTP/1.0" 200 49363567 "-" "-"
89.161.206.59 - - [11/Apr/2025:09:37:28 +0200] "GET /Jurek/hurtownia_przemyslowa/feeds/hp_amazonSE.xml HTTP/1.0" 200 49378786 "-" "-"
89.161.206.59 - - [11/Apr/2025:09:37:31 +0200] "GET /Jurek/waks/feeds/waks_amazonde.xml HTTP/1.0" 200 1596552 "-" "-"
89.161.206.59 - - [11/Apr/2025:09:37:31 +0200] "GET /Jurek/waks/feeds/waks_amazonfr.xml HTTP/1.0" 200 1594466 "-" "-"
89.161.206.59 - - [11/Apr/2025:09:37:31 +0200] "GET /Jurek/waks/feeds/waks_amazonit.xml HTTP/1.0" 200 1596552 "-" "-"
89.161.206.59 - - [11/Apr/2025:09:37:31 +0200] "GET /Jurek/waks/feeds/waks_amazones.xml HTTP/1.0" 200 1596552 "-" "-"
89.161.206.59 - - [11/Apr/2025:09:37:32 +0200] "GET /Jurek/waks/feeds/waks_amazonnl.xml HTTP/1.0" 200 1596552 "-" "-"
89.161.206.59 - - [11/Apr/2025:09:37:32 +0200] "GET /Jurek/waks/feeds/waks_amazonse.xml HTTP/1.0" 200 1596553 "-" "-"
89.161.206.59 - - [11/Apr/2025:09:37:33 +0200] "GET /Jurek/swiatecznygoliat/feeds/swiatecznygoliat_amazonde.xml HTTP/1.0" 200 7054356 "-" "-"
51.77.52.107 - - [11/Apr/2025:09:37:36 +0200] "GET /Jurek/eurofirany/images/448516/0.jpg HTTP/2.0" 200 170304 "-" "baselinker"
89.161.206.59 - - [11/Apr/2025:09:37:42 +0200] "GET /Jurek/hanex/feeds/hanex_amazonde.xml HTTP/1.0" 200 13931505 "-" "-"
89.161.206.59 - - [11/Apr/2025:09:37:42 +0200] "GET /Jurek/playcob/feeds/playcob_amazonde.xml HTTP/1.0" 200 6980136 "-" "-"
89.161.206.59 - - [11/Apr/2025:09:37:42 +0200] "GET /Jurek/kinghoff/feeds/kinghoff_amazonfr.xml HTTP/1.0" 200 15437676 "-" "-"
89.161.206.59 - - [11/Apr/2025:09:37:43 +0200] "GET /Jurek/artdog/feeds/artdog_amazonfr.xml HTTP/1.0" 200 17158698 "-" "-"
89.161.206.59 - - [11/Apr/2025:09:37:43 +0200] "GET /Jurek/artdog/feeds/artdog_amazones.xml HTTP/1.0" 200 17158750 "-" "-"
89.161.206.59 - - [11/Apr/2025:09:37:44 +0200] "GET /Jurek/kinghoff/feeds/kinghoff_amazones.xml HTTP/1.0" 200 15437664 "-" "-"
89.161.206.59 - - [11/Apr/2025:09:37:45 +0200] "GET /Jurek/beautycare/feeds/beautycare_amazonde.xml HTTP/1.0" 200 1181308 "-" "-"
51.77.52.107 - - [11/Apr/2025:09:37:53 +0200] "GET /Jurek/eurofirany/images/448516/0.jpg HTTP/2.0" 200 170304 "-" "baselinker"
46.101.116.244 - - [11/Apr/2025:09:37:53 +0200] "GET /Jurek/intsell/feeds/intsell_emagro.xml HTTP/1.0" 200 342065826 "-" "-"
89.161.206.59 - - [11/Apr/2025:09:38:04 +0200] "GET /Jurek/kinghoff/feeds/kinghoff_cdiscount.xml HTTP/1.0" 200 7328362 "-" "-"
51.77.52.107 - - [11/Apr/2025:09:38:05 +0200] "GET /Jurek/eurofirany/images/448516/0.jpg HTTP/2.0" 200 170304 "-" "baselinker"
77.79.248.229 - - [11/Apr/2025:09:38:08 +0200] "GET /Jurek/vidaSI/feeds/vidaSI_bigbang.xml HTTP/1.1" 200 624845464 "-" "Python-urllib/3.11"
77.79.248.229 - - [11/Apr/2025:09:38:09 +0200] "GET /Jurek/aw/feeds/awnarzedzia_bigbang.xml HTTP/1.1" 200 90547674 "-" "Python-urllib/3.11"
77.79.248.229 - - [11/Apr/2025:09:38:10 +0200] "GET /Jurek/hurtownia_przemyslowa/feeds/hp_bigbang.xml HTTP/1.1" 200 49360253 "-" "Python-urllib/3.11"
77.79.248.229 - - [11/Apr/2025:09:38:12 +0200] "GET /Jurek/action/feeds/action_bigbang.xml HTTP/1.1" 200 60201870 "-" "Python-urllib/3.11"
77.79.248.229 - - [11/Apr/2025:09:38:14 +0200] "GET /Jurek/ikonka/feeds/ikonka_bigbang.xml HTTP/1.1" 200 22016794 "-" "Python-urllib/3.11"
77.79.248.229 - - [11/Apr/2025:09:38:14 +0200] "GET /Jurek/bass/feeds/bass_bigbang.xml HTTP/1.1" 200 3984364 "-" "Python-urllib/3.11"
77.79.248.229 - - [11/Apr/2025:09:38:15 +0200] "GET /Jurek/kinghoff/feeds/kinghoff_bigbang.xml HTTP/1.1" 200 15437514 "-" "Python-urllib/3.11"
77.79.248.229 - - [11/Apr/2025:09:38:16 +0200] "GET /Jurek/activeshop/feeds/activeshop_bigbang.xml HTTP/1.1" 200 10443544 "-" "Python-urllib/3.11"
77.79.248.229 - - [11/Apr/2025:09:38:17 +0200] "GET /Jurek/octopia/feeds/octopia_bigbang.xml HTTP/1.1" 200 5658808 "-" "Python-urllib/3.11"
77.79.248.229 - - [11/Apr/2025:09:38:17 +0200] "GET /Jurek/topeshop/feeds/topeshop_bigbang.xml HTTP/1.1" 200 2626818 "-" "Python-urllib/3.11"
77.79.248.229 - - [11/Apr/2025:09:38:17 +0200] "GET /Jurek/b3/feeds/b3_bigbang.xml HTTP/1.1" 200 8032232 "-" "Python-urllib/3.11"
77.79.248.229 - - [11/Apr/2025:09:38:17 +0200] "GET /Jurek/asortymenteu/feeds/asortymenteu_bigbang.xml HTTP/1.1" 200 2764574 "-" "Python-urllib/3.11"
77.79.248.229 - - [11/Apr/2025:09:38:18 +0200] "GET /Jurek/eroplace/feeds/eroplace_bigbang.xml HTTP/1.1" 200 52134396 "-" "Python-urllib/3.11"
51.77.52.107 - - [11/Apr/2025:09:38:20 +0200] "GET /Jurek/eurofirany/images/448517/0.jpg HTTP/2.0" 200 170027 "-" "baselinker"
77.79.248.229 - - [11/Apr/2025:09:38:21 +0200] "GET /Jurek/intsell/feeds/intsell_bigbang.xml HTTP/1.1" 200 342004869 "-" "Python-urllib/3.11"
77.79.248.229 - - [11/Apr/2025:09:38:22 +0200] "GET /Jurek/coppotech/feeds/coppotech_bigbang.xml HTTP/1.1" 200 38048938 "-" "Python-urllib/3.11"
77.79.248.229 - - [11/Apr/2025:09:38:22 +0200] "GET /Jurek/stema/feeds/stema_bigbang.xml HTTP/1.1" 200 851876 "-" "Python-urllib/3.11"
77.79.248.229 - - [11/Apr/2025:09:38:22 +0200] "GET /Jurek/sempler/feeds/sempler_bigbang.xml HTTP/1.1" 200 6787992 "-" "Python-urllib/3.11"
77.79.248.229 - - [11/Apr/2025:09:38:22 +0200] "GET /Jurek/benetech/feeds/benetech_bigbang.xml HTTP/1.1" 200 4165299 "-" "Python-urllib/3.11"
77.79.248.229 - - [11/Apr/2025:09:38:22 +0200] "GET /Jurek/ekuchcikowo/feeds/ekuchcikowo_bigbang.xml HTTP/1.1" 200 12470857 "-" "Python-urllib/3.11"
77.79.248.229 - - [11/Apr/2025:09:38:23 +0200] "GET /Jurek/erohurtownia/feeds/erohurtownia_bigbang.xml HTTP/1.1" 200 22846388 "-" "Python-urllib/3.11"
77.79.248.229 - - [11/Apr/2025:09:38:31 +0200] "GET /Jurek/naszedzieci/feeds/naszedzieci_bigbang.xml HTTP/1.1" 200 833165824 "-" "Python-urllib/3.11"
77.79.248.229 - - [11/Apr/2025:09:38:32 +0200] "GET /Jurek/awparts/feeds/awparts_bigbang.xml HTTP/1.1" 200 142298895 "-" "Python-urllib/3.11"
77.79.248.229 - - [11/Apr/2025:09:38:32 +0200] "GET /Jurek/najtanszysport/feeds/najtanszysport_bigbang.xml HTTP/1.1" 200 3983099 "-" "Python-urllib/3.11"
77.79.248.229 - - [11/Apr/2025:09:38:32 +0200] "GET /Jurek/aiofactory/feeds/aiofactory_bigbang.xml HTTP/1.1" 200 2123796 "-" "Python-urllib/3.11"
77.79.248.229 - - [11/Apr/2025:09:38:33 +0200] "GET /Jurek/playcob/feeds/playcob_bigbang.xml HTTP/1.1" 200 6980122 "-" "Python-urllib/3.11"
77.79.248.229 - - [11/Apr/2025:09:38:33 +0200] "GET /Jurek/kidshop/feeds/kidshop_bigbang.xml HTTP/1.1" 200 19845640 "-" "Python-urllib/3.11"
77.79.248.229 - - [11/Apr/2025:09:38:33 +0200] "GET /Jurek/elavia/feeds/elavia_bigbang.xml HTTP/1.1" 200 2497281 "-" "Python-urllib/3.11"
77.79.248.229 - - [11/Apr/2025:09:38:33 +0200] "GET /Jurek/straganbiur/feeds/straganbiur_bigbang.xml HTTP/1.1" 200 8892787 "-" "Python-urllib/3.11"
77.79.248.229 - - [11/Apr/2025:09:38:33 +0200] "GET /Jurek/kobi/feeds/kobi_bigbang.xml HTTP/1.1" 200 1993193 "-" "Python-urllib/3.11"
77.79.248.229 - - [11/Apr/2025:09:38:34 +0200] "GET /Jurek/hanex/feeds/hanex_bigbang.xml HTTP/1.1" 200 13931519 "-" "Python-urllib/3.11"
77.79.248.229 - - [11/Apr/2025:09:38:34 +0200] "GET /Jurek/elecomp/feeds/elecomp_bigbang.xml HTTP/1.1" 200 2867752 "-" "Python-urllib/3.11"
77.79.248.229 - - [11/Apr/2025:09:38:34 +0200] "GET /Jurek/roger/feeds/roger_bigbang.xml HTTP/1.1" 200 1396586 "-" "Python-urllib/3.11"
77.79.248.229 - - [11/Apr/2025:09:38:34 +0200] "GET /Jurek/kristronik/feeds/kristronik_bigbang.xml HTTP/1.1" 200 691980 "-" "Python-urllib/3.11"
77.79.248.229 - - [11/Apr/2025:09:38:34 +0200] "GET /Jurek/oknobest/feeds/oknobest_bigbang.xml HTTP/1.1" 200 2707878 "-" "Python-urllib/3.11"
77.79.248.229 - - [11/Apr/2025:09:38:34 +0200] "GET /Jurek/globaldeli/feeds/globaldeli_bigbang.xml HTTP/1.1" 200 2590049 "-" "Python-urllib/3.11"
77.79.248.229 - - [11/Apr/2025:09:38:34 +0200] "GET /Jurek/rider/feeds/rider_bigbang.xml HTTP/1.1" 200 8165179 "-" "Python-urllib/3.11"
77.79.248.229 - - [11/Apr/2025:09:38:35 +0200] "GET /Jurek/cenoman/feeds/cenoman_bigbang.xml HTTP/1.1" 200 5993174 "-" "Python-urllib/3.11"
77.79.248.229 - - [11/Apr/2025:09:38:35 +0200] "GET /Jurek/luxma/feeds/luxma_bigbang.xml HTTP/1.1" 200 8058559 "-" "Python-urllib/3.11"
77.79.248.229 - - [11/Apr/2025:09:38:35 +0200] "GET /Jurek/zbimatyja/feeds/zbimatyja_bigbang.xml HTTP/1.1" 200 11670019 "-" "Python-urllib/3.11"
77.79.248.229 - - [11/Apr/2025:09:38:35 +0200] "GET /Jurek/smxdesign/feeds/smxdesign_bigbang.xml HTTP/1.1" 200 1829053 "-" "Python-urllib/3.11"
77.79.248.229 - - [11/Apr/2025:09:38:35 +0200] "GET /Jurek/rosfix/feeds/rosfix_bigbang.xml HTTP/1.1" 200 35769674 "-" "Python-urllib/3.11"
77.79.248.229 - - [11/Apr/2025:09:38:36 +0200] "GET /Jurek/dropkz/feeds/dropkz_bigbang.xml HTTP/1.1" 200 70013747 "-" "Python-urllib/3.11"
77.79.248.229 - - [11/Apr/2025:09:38:36 +0200] "GET /Jurek/pawonik/feeds/pawonik_bigbang.xml HTTP/1.1" 200 2138405 "-" "Python-urllib/3.11"
77.79.248.229 - - [11/Apr/2025:09:38:36 +0200] "GET /Jurek/spali/feeds/spali_bigbang.xml HTTP/1.1" 200 77054 "-" "Python-urllib/3.11"
77.79.248.229 - - [11/Apr/2025:09:38:37 +0200] "GET /Jurek/newtechele/feeds/newtechele_bigbang.xml HTTP/1.1" 200 2438521 "-" "Python-urllib/3.11"
77.79.248.229 - - [11/Apr/2025:09:38:37 +0200] "GET /Jurek/maksik/feeds/maksik_bigbang.xml HTTP/1.1" 200 4084769 "-" "Python-urllib/3.11"
51.77.52.107 - - [11/Apr/2025:09:38:37 +0200] "GET /Jurek/eurofirany/images/448517/0.jpg HTTP/2.0" 200 170027 "-" "baselinker"
77.79.248.229 - - [11/Apr/2025:09:38:37 +0200] "GET /Jurek/beltimore/feeds/beltimore_bigbang.xml HTTP/1.1" 200 18651508 "-" "Python-urllib/3.11"
77.79.248.229 - - [11/Apr/2025:09:38:37 +0200] "GET /Jurek/matkam/feeds/matkam_bigbang.xml HTTP/1.1" 200 5000568 "-" "Python-urllib/3.11"
77.79.248.229 - - [11/Apr/2025:09:38:37 +0200] "GET /Jurek/rovato/feeds/rovato_bigbang.xml HTTP/1.1" 200 180831 "-" "Python-urllib/3.11"
77.79.248.229 - - [11/Apr/2025:09:38:37 +0200] "GET /Jurek/eurofryz/feeds/eurofryz_bigbang.xml HTTP/1.1" 200 1381547 "-" "Python-urllib/3.11"
77.79.248.229 - - [11/Apr/2025:09:38:37 +0200] "GET /Jurek/alucon/feeds/alucon_bigbang.xml HTTP/1.1" 200 553575 "-" "Python-urllib/3.11"
77.79.248.229 - - [11/Apr/2025:09:38:37 +0200] "GET /Jurek/omi/feeds/omi_bigbang.xml HTTP/1.1" 200 8105530 "-" "Python-urllib/3.11"
77.79.248.229 - - [11/Apr/2025:09:38:38 +0200] "GET /Jurek/kamar/feeds/kamar_bigbang.xml HTTP/1.1" 200 25550023 "-" "Python-urllib/3.11"
77.79.248.229 - - [11/Apr/2025:09:38:38 +0200] "GET /Jurek/beautycare/feeds/beautycare_bigbang.xml HTTP/1.1" 200 1181292 "-" "Python-urllib/3.11"
77.79.248.229 - - [11/Apr/2025:09:38:38 +0200] "GET /Jurek/avenido/feeds/avenido_bigbang.xml HTTP/1.1" 200 720084 "-" "Python-urllib/3.11"
77.79.248.229 - - [11/Apr/2025:09:38:38 +0200] "GET /Jurek/zenex/feeds/zenex_bigbang.xml HTTP/1.1" 200 540140 "-" "Python-urllib/3.11"
77.79.248.229 - - [11/Apr/2025:09:38:38 +0200] "GET /Jurek/fertes/feeds/fertes_bigbang.xml HTTP/1.1" 200 2361821 "-" "Python-urllib/3.11"
77.79.248.229 - - [11/Apr/2025:09:38:38 +0200] "GET /Jurek/makow/feeds/makow_bigbang.xml HTTP/1.1" 200 21203714 "-" "Python-urllib/3.11"
77.79.248.229 - - [11/Apr/2025:09:38:39 +0200] "GET /Jurek/sternhoff/feeds/sternhoff_bigbang.xml HTTP/1.1" 200 1775235 "-" "Python-urllib/3.11"
77.79.248.229 - - [11/Apr/2025:09:38:39 +0200] "GET /Jurek/kalama/feeds/kalama_bigbang.xml HTTP/1.1" 200 2661713 "-" "Python-urllib/3.11"
77.79.248.229 - - [11/Apr/2025:09:38:39 +0200] "GET /Jurek/polzoo/feeds/polzoo_bigbang.xml HTTP/1.1" 200 48121881 "-" "Python-urllib/3.11"
77.79.248.229 - - [11/Apr/2025:09:38:39 +0200] "GET /Jurek/straganspoz/feeds/straganspoz_bigbang.xml HTTP/1.1" 200 9513850 "-" "Python-urllib/3.11"
77.79.248.229 - - [11/Apr/2025:09:38:39 +0200] "GET /Jurek/apresto/feeds/apresto_bigbang.xml HTTP/1.1" 200 1327621 "-" "Python-urllib/3.11"
77.79.248.229 - - [11/Apr/2025:09:38:39 +0200] "GET /Jurek/fertone/feeds/fertone_bigbang.xml HTTP/1.1" 200 576484 "-" "Python-urllib/3.11"
77.79.248.229 - - [11/Apr/2025:09:38:40 +0200] "GET /Jurek/fernity/feeds/fernity_bigbang.xml HTTP/1.1" 200 4796645 "-" "Python-urllib/3.11"
77.79.248.229 - - [11/Apr/2025:09:38:40 +0200] "GET /Jurek/jankeski/feeds/jankeski_bigbang.xml HTTP/1.1" 200 6571128 "-" "Python-urllib/3.11"
77.79.248.229 - - [11/Apr/2025:09:38:40 +0200] "GET /Jurek/bloomglow/feeds/bloomglow_bigbang.xml HTTP/1.1" 200 14095248 "-" "Python-urllib/3.11"
77.79.248.229 - - [11/Apr/2025:09:38:47 +0200] "GET /Jurek/galopi/feeds/galopi_bigbang.xml HTTP/1.1" 200 2111098 "-" "Python-urllib/3.11"
77.79.248.229 - - [11/Apr/2025:09:38:47 +0200] "GET /Jurek/stiv/feeds/stiv_bigbang.xml HTTP/1.1" 200 2056809 "-" "Python-urllib/3.11"
51.77.52.107 - - [11/Apr/2025:09:38:55 +0200] "GET /Jurek/eurofirany/images/448517/0.jpg HTTP/2.0" 200 170027 "-" "baselinker"
51.77.52.107 - - [11/Apr/2025:09:39:04 +0200] "GET /Jurek/eurofirany/images/448518/0.jpg HTTP/2.0" 200 170027 "-" "baselinker"
89.161.206.59 - - [11/Apr/2025:09:39:16 +0200] "GET /Jurek/wenom/feeds/wenom_emagro.xml HTTP/1.0" 200 583128 "-" "-"
89.161.206.59 - - [11/Apr/2025:09:39:16 +0200] "GET /Jurek/zepnij/feeds/zepnij_emagro.xml HTTP/1.0" 200 19523697 "-" "-"
51.77.52.107 - - [11/Apr/2025:09:39:19 +0200] "GET /Jurek/eurofirany/images/448518/0.jpg HTTP/2.0" 200 170027 "-" "baselinker"
51.77.52.107 - - [11/Apr/2025:09:39:46 +0200] "GET /Jurek/eurofirany/images/448518/0.jpg HTTP/2.0" 200 170027 "-" "baselinker"
89.161.206.59 - - [11/Apr/2025:09:39:52 +0200] "GET /Jurek/broers/feeds/broers_cdsc.xml HTTP/1.0" 200 2303332 "-" "-"
89.161.206.59 - - [11/Apr/2025:09:39:52 +0200] "GET /Jurek/nonabox/feeds/nonabox_cdsc.xml HTTP/1.0" 200 39043 "-" "-"
89.161.206.59 - - [11/Apr/2025:09:39:58 +0200] "GET /Jurek/hanex/feeds/hanex_cdsc.xml HTTP/1.0" 200 7027166 "-" "-"
51.77.52.107 - - [11/Apr/2025:09:40:03 +0200] "GET /Jurek/eurofirany/images/448519/0.jpg HTTP/2.0" 200 170027 "-" "baselinker"
51.77.52.107 - - [11/Apr/2025:09:40:18 +0200] "GET /Jurek/eurofirany/images/448519/0.jpg HTTP/2.0" 200 170027 "-" "baselinker"
77.79.248.229 - - [11/Apr/2025:09:40:31 +0200] "GET /Jurek/kinghoff/feeds/kinghoff_SkroutzGR.xml HTTP/1.1" 200 15437529 "-" "Python-urllib/3.11"
77.79.248.229 - - [11/Apr/2025:09:40:32 +0200] "GET /Jurek/aw/feeds/awnarzedzia_skroutz.xml HTTP/1.1" 200 90573378 "-" "Python-urllib/3.11"
77.79.248.229 - - [11/Apr/2025:09:40:32 +0200] "GET /Jurek/eurofirany/feeds/eurofirany_skroutz.xml HTTP/1.1" 200 19346961 "-" "Python-urllib/3.11"
77.79.248.229 - - [11/Apr/2025:09:40:33 +0200] "GET /Jurek/fernity/feeds/fernity_skroutz.xml HTTP/1.1" 200 4796698 "-" "Python-urllib/3.11"
51.77.52.107 - - [11/Apr/2025:09:40:33 +0200] "GET /Jurek/eurofirany/images/448519/0.jpg HTTP/2.0" 200 170027 "-" "baselinker"
51.77.52.107 - - [11/Apr/2025:09:40:51 +0200] "GET /Jurek/eurofirany/images/448522/0.jpg HTTP/2.0" 200 170304 "-" "baselinker"
51.77.52.107 - - [11/Apr/2025:09:41:09 +0200] "GET /Jurek/eurofirany/images/448522/0.jpg HTTP/2.0" 200 170304 "-" "baselinker"
51.77.52.107 - - [11/Apr/2025:09:41:29 +0200] "GET /Jurek/eurofirany/images/448522/0.jpg HTTP/2.0" 200 170304 "-" "baselinker"
51.77.52.107 - - [11/Apr/2025:09:41:40 +0200] "GET /Jurek/eurofirany/images/448523/0.jpg HTTP/2.0" 200 170304 "-" "baselinker"
51.77.52.107 - - [11/Apr/2025:09:42:05 +0200] "GET /Jurek/eurofirany/images/448523/0.jpg HTTP/2.0" 200 170304 "-" "baselinker"
51.77.52.107 - - [11/Apr/2025:09:42:19 +0200] "GET /Jurek/eurofirany/images/448523/0.jpg HTTP/2.0" 200 170304 "-" "baselinker"
46.113.14.87 - - [11/Apr/2025:09:42:34 +0200] "GET /Jurek/topeshop/downloaded_images/5902838464656_R40_mini2.jpg HTTP/2.0" 404 3551 "-" "Mozilla/5.0 (Windows NT 10.0; Win64; x64) AppleWebKit/537.36 (KHTML, like Gecko) Chrome/135.0.0.0 Safari/537.36"
51.77.52.107 - - [11/Apr/2025:09:42:37 +0200] "GET /Jurek/eurofirany/images/448524/0.jpg HTTP/2.0" 200 170304 "-" "baselinker"
51.77.52.107 - - [11/Apr/2025:09:42:52 +0200] "GET /Jurek/eurofirany/images/448524/0.jpg HTTP/2.0" 200 170304 "-" "baselinker"
51.77.52.107 - - [11/Apr/2025:09:42:54 +0200] "GET /Jurek/eurofirany/images/448524/0.jpg HTTP/2.0" 200 170304 "-" "baselinker"
62.146.215.34 - - [11/Apr/2025:09:43:06 +0200] "GET /Jurek/topeshop/downloaded_images/5902838467886_23_sonoma_(1).png HTTP/2.0" 200 464278 "-" "billigerbot/1.0"
51.77.52.107 - - [11/Apr/2025:09:43:07 +0200] "GET /Jurek/eurofirany/images/448432/0.jpg HTTP/2.0" 200 67228 "-" "baselinker"
46.101.116.244 - - [11/Apr/2025:09:43:15 +0200] "GET /Jurek/vida_morele/feeds/vidaPL_velomarket_category4.xml HTTP/1.0" 200 52553522 "-" "-"
51.77.52.107 - - [11/Apr/2025:09:43:18 +0200] "GET /Jurek/eurofirany/images/448432/0.jpg HTTP/2.0" 200 67228 "-" "baselinker"
46.101.116.244 - - [11/Apr/2025:09:43:18 +0200] "GET /Jurek/vida_morele/feeds/vidaPL_velomarket_category5.xml HTTP/1.0" 200 76065063 "-" "-"
51.77.52.107 - - [11/Apr/2025:09:43:30 +0200] "GET /Jurek/eurofirany/images/448432/0.jpg HTTP/2.0" 200 67228 "-" "baselinker"
51.77.52.107 - - [11/Apr/2025:09:43:42 +0200] "GET /Jurek/eurofirany/images/428719/0.jpg HTTP/2.0" 200 35724 "-" "baselinker"
193.33.8.61 - - [11/Apr/2025:09:43:59 +0200] "GET /Jurek/cdata/feeds/cdata_mallsigs.xml HTTP/2.0" 200 1445053 "https://konsola.dkkapusta1997.usermd.net/" "Mozilla/5.0 (Windows NT 10.0; Win64; x64) AppleWebKit/537.36 (KHTML, like Gecko) Chrome/135.0.0.0 Safari/537.36"
51.77.52.107 - - [11/Apr/2025:09:43:59 +0200] "GET /Jurek/eurofirany/images/428719/0.jpg HTTP/2.0" 200 35724 "-" "baselinker"
77.79.248.229 - - [11/Apr/2025:09:44:03 +0200] "GET /Jurek/cdata/feeds/cdata_mallsigs.xml HTTP/1.1" 200 1445053 "-" "Python-urllib/3.11"
51.77.52.107 - - [11/Apr/2025:09:44:06 +0200] "GET /Jurek/eurofirany/images/428719/0.jpg HTTP/2.0" 200 35724 "-" "baselinker"
51.77.52.107 - - [11/Apr/2025:09:44:20 +0200] "GET /Jurek/eurofirany/images/436620/0.jpg HTTP/2.0" 200 30690 "-" "baselinker"
51.77.52.107 - - [11/Apr/2025:09:44:32 +0200] "GET /Jurek/eurofirany/images/436620/0.jpg HTTP/2.0" 200 30690 "-" "baselinker"
51.77.52.107 - - [11/Apr/2025:09:45:05 +0200] "GET /Jurek/eurofirany/images/436620/0.jpg HTTP/2.0" 200 30690 "-" "baselinker"
89.161.206.59 - - [11/Apr/2025:09:45:14 +0200] "GET /Jurek/techrebal/feeds/techrebal_cdsc.xml HTTP/1.0" 200 1423340 "-" "-"
89.161.206.59 - - [11/Apr/2025:09:45:14 +0200] "GET /Jurek/zbimatyja/feeds/zbimatyja_cdsc.xml HTTP/1.0" 200 11001047 "-" "-"
89.161.206.59 - - [11/Apr/2025:09:45:15 +0200] "GET /Jurek/lampart/feeds/lampart_cdsc.xml HTTP/1.0" 200 1057914 "-" "-"
89.161.206.59 - - [11/Apr/2025:09:45:15 +0200] "GET /Jurek/regis/feeds/regis_cdsc.xml HTTP/1.0" 200 84994 "-" "-"
89.161.206.59 - - [11/Apr/2025:09:45:16 +0200] "GET /Jurek/stiv/feeds/stiv_cdsc.xml HTTP/1.0" 200 1348027 "-" "-"
51.77.52.107 - - [11/Apr/2025:09:45:17 +0200] "GET /Jurek/eurofirany/images/448533/0.jpg HTTP/2.0" 200 95208 "-" "baselinker"
51.77.52.107 - - [11/Apr/2025:09:45:23 +0200] "GET /Jurek/eurofirany/images/448533/0.jpg HTTP/2.0" 200 95208 "-" "baselinker"
51.77.52.107 - - [11/Apr/2025:09:45:27 +0200] "GET /Jurek/eurofirany/images/448533/0.jpg HTTP/2.0" 200 95208 "-" "baselinker"
51.77.52.107 - - [11/Apr/2025:09:45:38 +0200] "GET /Jurek/eurofirany/images/448534/0.jpg HTTP/2.0" 200 107888 "-" "baselinker"
51.77.52.107 - - [11/Apr/2025:09:45:43 +0200] "GET /Jurek/eurofirany/images/448534/0.jpg HTTP/2.0" 200 107888 "-" "baselinker"
51.77.52.107 - - [11/Apr/2025:09:46:00 +0200] "GET /Jurek/eurofirany/images/448534/0.jpg HTTP/2.0" 200 107888 "-" "baselinker"
51.77.52.107 - - [11/Apr/2025:09:46:06 +0200] "GET /Jurek/eurofirany/images/448537/0.jpg HTTP/2.0" 200 54118 "-" "baselinker"
51.77.52.107 - - [11/Apr/2025:09:46:10 +0200] "GET /Jurek/eurofirany/images/448537/0.jpg HTTP/2.0" 200 54118 "-" "baselinker"
51.77.52.107 - - [11/Apr/2025:09:46:26 +0200] "GET /Jurek/eurofirany/images/448537/0.jpg HTTP/2.0" 200 54118 "-" "baselinker"
