46.101.116.244 - - [11/Apr/2025:13:00:43 +0200] "GET /Jurek/hanex/feeds/hanex_mallsiSH.xml HTTP/2.0" 200 13931587 "-" "-"
51.77.52.107 - - [11/Apr/2025:13:00:45 +0200] "GET /Jurek/eurofirany/images/462524/0.jpg HTTP/2.0" 200 49228 "-" "baselinker"
51.77.52.107 - - [11/Apr/2025:13:00:53 +0200] "GET /Jurek/eurofirany/images/462524/0.jpg HTTP/2.0" 200 49228 "-" "baselinker"
46.101.116.244 - - [11/Apr/2025:13:00:58 +0200] "GET /Jurek/maksik/feeds/maksik_mallsiSH.xml HTTP/2.0" 200 4084749 "-" "-"
46.101.116.244 - - [11/Apr/2025:13:01:09 +0200] "GET /Jurek/smxdesign/feeds/smxdesign_mallsiSH.xml HTTP/2.0" 200 1829015 "-" "-"
35.204.39.32 - - [11/Apr/2025:13:01:10 +0200] "GET /marketplaces/vente/results/vente_nl.csv HTTP/1.1" 200 147219 "-" "Mirakl HttpClient"
35.204.39.32 - - [11/Apr/2025:13:01:10 +0200] "GET /marketplaces/vente/results/vente_fr.csv HTTP/1.1" 200 147219 "-" "Mirakl HttpClient"
35.204.39.32 - - [11/Apr/2025:13:01:10 +0200] "GET /marketplaces/vente/results/vente_be.csv HTTP/1.1" 200 147219 "-" "Mirakl HttpClient"
35.204.39.32 - - [11/Apr/2025:13:01:10 +0200] "GET /marketplaces/vente/results/vente_it.csv HTTP/1.1" 200 163603 "-" "Mirakl HttpClient"
35.204.39.32 - - [11/Apr/2025:13:01:10 +0200] "GET /marketplaces/vente/results/vente_es.csv HTTP/1.1" 200 163603 "-" "Mirakl HttpClient"
35.204.39.32 - - [11/Apr/2025:13:01:10 +0200] "GET /marketplaces/vente/results/vente_de.csv HTTP/1.1" 200 147219 "-" "Mirakl HttpClient"
51.77.52.107 - - [11/Apr/2025:13:01:18 +0200] "GET /Jurek/eurofirany/images/466638/0.jpg HTTP/2.0" 200 39753 "-" "baselinker"
46.101.116.244 - - [11/Apr/2025:13:01:20 +0200] "GET /Jurek/aiofactory/feeds/aiofactory_mallsiSH.xml HTTP/2.0" 200 2123794 "-" "-"
46.101.116.244 - - [11/Apr/2025:13:01:32 +0200] "GET /Jurek/alucon/feeds/alucon_mallsiSH.xml HTTP/2.0" 200 553572 "-" "-"
193.33.8.61 - maria [11/Apr/2025:13:01:33 +0200] "GET /Filip/janshop_orders/exports/ HTTP/2.0" 200 1542 "https://dkkapusta1997.usermd.net/Filip/janshop_orders/" "Mozilla/5.0 (Macintosh; Intel Mac OS X 10_15_7) AppleWebKit/537.36 (KHTML, like Gecko) Chrome/135.0.0.0 Safari/537.36"
193.33.8.61 - maria [11/Apr/2025:13:01:34 +0200] "GET /Filip/janshop_orders/exports/ HTTP/2.0" 200 1542 "https://dkkapusta1997.usermd.net/Filip/janshop_orders/" "Mozilla/5.0 (Macintosh; Intel Mac OS X 10_15_7) AppleWebKit/537.36 (KHTML, like Gecko) Chrome/135.0.0.0 Safari/537.36"
193.33.8.61 - maria [11/Apr/2025:13:01:35 +0200] "GET /Filip/janshop_orders/exports/ HTTP/2.0" 200 1542 "https://dkkapusta1997.usermd.net/Filip/janshop_orders/" "Mozilla/5.0 (Macintosh; Intel Mac OS X 10_15_7) AppleWebKit/537.36 (KHTML, like Gecko) Chrome/135.0.0.0 Safari/537.36"
193.33.8.61 - maria [11/Apr/2025:13:01:35 +0200] "GET /Filip/janshop_orders/exports/ HTTP/2.0" 200 1542 "https://dkkapusta1997.usermd.net/Filip/janshop_orders/" "Mozilla/5.0 (Macintosh; Intel Mac OS X 10_15_7) AppleWebKit/537.36 (KHTML, like Gecko) Chrome/135.0.0.0 Safari/537.36"
193.33.8.61 - maria [11/Apr/2025:13:01:39 +0200] "GET /Filip/janshop_orders/exports/index.php HTTP/2.0" 200 1542 "-" "Mozilla/5.0 (Macintosh; Intel Mac OS X 10_15_7) AppleWebKit/537.36 (KHTML, like Gecko) Chrome/135.0.0.0 Safari/537.36"
51.77.52.107 - - [11/Apr/2025:13:01:41 +0200] "GET /Jurek/eurofirany/images/466638/0.jpg HTTP/2.0" 200 39753 "-" "baselinker"
46.101.116.244 - - [11/Apr/2025:13:01:43 +0200] "GET /Jurek/evil/feeds/evil_mallsiSH.xml HTTP/2.0" 200 306381 "-" "-"
88.220.33.218 - - [11/Apr/2025:13:01:45 +0200] "GET /Jurek/vida_morele/feeds/VidaPL_all.xml HTTP/2.0" 200 705828070 "-" "MarketplaceAPI curl/7.64.0 PHP/8"
46.101.116.244 - - [11/Apr/2025:13:01:53 +0200] "GET /Jurek/hlo/feeds/hlo_mallsiSH.xml HTTP/2.0" 200 4838671 "-" "-"
66.211.183.72 - - [11/Apr/2025:13:01:57 +0200] "GET /Jurek/topeshop/downloaded_images/5904507209377_profill.jpg HTTP/1.1" 200 77572 "http://www.ebay.com/" "Mozilla/4.0 (compatible; MSIE 4.01; Windows NT)"
66.211.183.74 - - [11/Apr/2025:13:01:57 +0200] "GET /Jurek/topeshop/downloaded_images/5904507209377_bry%C5%82ka0009.jpg HTTP/1.1" 200 37381 "http://www.ebay.com/" "Mozilla/4.0 (compatible; MSIE 4.01; Windows NT)"
52.18.22.0 - - [11/Apr/2025:13:01:57 +0200] "GET /marketplaces/rue/results/rue.csv HTTP/1.1" 200 147219 "-" "Mirakl HttpClient"
66.211.183.70 - - [11/Apr/2025:13:01:57 +0200] "GET /Jurek/topeshop/downloaded_images/5904507209377_bry%C5%82ka0015.jpg HTTP/1.1" 200 63019 "http://www.ebay.com/" "Mozilla/4.0 (compatible; MSIE 4.01; Windows NT)"
66.211.183.72 - - [11/Apr/2025:13:01:57 +0200] "GET /Jurek/topeshop/downloaded_images/5904507209377__szafa-duo0013(1)111.jpg HTTP/1.1" 200 102835 "http://www.ebay.com/" "Mozilla/4.0 (compatible; MSIE 4.01; Windows NT)"
66.211.183.74 - - [11/Apr/2025:13:01:57 +0200] "GET /Jurek/topeshop/downloaded_images/5904507209377_bry%C5%82ka0013.jpg HTTP/1.1" 200 40158 "http://www.ebay.com/" "Mozilla/4.0 (compatible; MSIE 4.01; Windows NT)"
66.211.183.74 - - [11/Apr/2025:13:01:57 +0200] "GET /Jurek/topeshop/downloaded_images/5904507209377_bry%C5%82ka0011.jpg HTTP/1.1" 200 62470 "http://www.ebay.com/" "Mozilla/4.0 (compatible; MSIE 4.01; Windows NT)"
66.211.183.71 - - [11/Apr/2025:13:01:57 +0200] "GET /Jurek/topeshop/downloaded_images/5904507209377_GLINASZAFADUOFRONTOT.jpg HTTP/1.1" 404 3551 "http://www.ebay.com/" "Mozilla/4.0 (compatible; MSIE 4.01; Windows NT)"
66.211.183.74 - - [11/Apr/2025:13:01:57 +0200] "GET /Jurek/topeshop/downloaded_images/5904507209377__szafa-duo0013(1).jpg HTTP/1.1" 200 83048 "http://www.ebay.com/" "Mozilla/4.0 (compatible; MSIE 4.01; Windows NT)"
66.211.183.74 - - [11/Apr/2025:13:01:57 +0200] "GET /Jurek/topeshop/downloaded_images/5904507209377__szafa-duo0013(2).jpg HTTP/1.1" 200 88926 "http://www.ebay.com/" "Mozilla/4.0 (compatible; MSIE 4.01; Windows NT)"
66.211.183.73 - - [11/Apr/2025:13:01:57 +0200] "GET /Jurek/topeshop/downloaded_images/5904507209377_GLINASZAFADUOFRONTZM.jpg HTTP/1.1" 404 3551 "http://www.ebay.com/" "Mozilla/4.0 (compatible; MSIE 4.01; Windows NT)"
66.211.183.73 - - [11/Apr/2025:13:01:57 +0200] "GET /Jurek/topeshop/downloaded_images/5904507209377__szafa-duo0013(3).jpg HTTP/1.1" 200 107706 "http://www.ebay.com/" "Mozilla/4.0 (compatible; MSIE 4.01; Windows NT)"
46.101.116.244 - - [11/Apr/2025:13:02:04 +0200] "GET /Jurek/lgbtshop/feeds/lgbtshop_mallsiSH.xml HTTP/2.0" 200 219246 "-" "-"
46.101.116.244 - - [11/Apr/2025:13:02:04 +0200] "GET /Jurek/aw/feeds/aw_fnacfr.xml HTTP/1.0" 404 3551 "-" "-"
51.77.52.107 - - [11/Apr/2025:13:02:07 +0200] "GET /Jurek/eurofirany/images/466638/0.jpg HTTP/2.0" 200 39753 "-" "baselinker"
46.101.116.244 - - [11/Apr/2025:13:02:14 +0200] "GET /Jurek/madrex/feeds/madrex_mallsiSH.xml HTTP/2.0" 200 466714 "-" "-"
46.101.116.244 - - [11/Apr/2025:13:02:25 +0200] "GET /Jurek/motofan/feeds/motofan_mallsiSH.xml HTTP/2.0" 200 2392157 "-" "-"
51.77.52.107 - - [11/Apr/2025:13:02:29 +0200] "GET /Jurek/eurofirany/images/466639/0.jpg HTTP/2.0" 200 47739 "-" "baselinker"
51.77.52.107 - - [11/Apr/2025:13:02:36 +0200] "GET /Jurek/eurofirany/images/466639/0.jpg HTTP/2.0" 200 47739 "-" "baselinker"
46.101.116.244 - - [11/Apr/2025:13:02:36 +0200] "GET /Jurek/najtanszysport/feeds/najtanszysport_mallsiSH.xml HTTP/2.0" 200 3983171 "-" "-"
46.101.116.244 - - [11/Apr/2025:13:02:47 +0200] "GET /Jurek/nexus/feeds/nexus_mallsiSH.xml HTTP/2.0" 200 226642 "-" "-"
51.77.52.107 - - [11/Apr/2025:13:02:48 +0200] "GET /Jurek/eurofirany/images/466639/0.jpg HTTP/2.0" 200 47739 "-" "baselinker"
46.101.116.244 - - [11/Apr/2025:13:02:58 +0200] "GET /Jurek/playcob/feeds/playcob_mallsiSH.xml HTTP/2.0" 200 6980199 "-" "-"
51.77.52.107 - - [11/Apr/2025:13:02:58 +0200] "GET /Jurek/eurofirany/images/466641/0.jpg HTTP/2.0" 200 37275 "-" "baselinker"
51.77.52.107 - - [11/Apr/2025:13:03:04 +0200] "GET /Jurek/eurofirany/images/466641/0.jpg HTTP/2.0" 200 37275 "-" "baselinker"
46.101.116.244 - - [11/Apr/2025:13:03:09 +0200] "GET /Jurek/cbdgreen/feeds/cbdgreen_mallsiSH.xml HTTP/2.0" 200 50542 "-" "-"
51.77.52.107 - - [11/Apr/2025:13:03:10 +0200] "GET /Jurek/eurofirany/images/466641/0.jpg HTTP/2.0" 200 37275 "-" "baselinker"
88.220.33.218 - - [11/Apr/2025:13:03:13 +0200] "GET /Jurek/kinghoff/feeds/kinghoff_morele.xml HTTP/2.0" 200 15438373 "-" "MarketplaceAPI curl/7.64.0 PHP/8"
46.101.116.244 - - [11/Apr/2025:13:03:19 +0200] "GET /Jurek/cbdgreen/feeds/cbdgreen_mallsiSH.xml HTTP/2.0" 200 50542 "-" "-"
51.77.52.107 - - [11/Apr/2025:13:03:28 +0200] "GET /Jurek/eurofirany/images/466644/0.jpg HTTP/2.0" 200 74440 "-" "baselinker"
46.101.116.244 - - [11/Apr/2025:13:03:29 +0200] "GET /Jurek/dekornatort/feeds/dekornatort_mallsiSH.xml HTTP/2.0" 200 225744 "-" "-"
46.101.116.244 - - [11/Apr/2025:13:03:37 +0200] "GET /Jurek/hurtownia_przemyslowa/feeds/hp_velomarket.xml HTTP/1.0" 200 49367071 "-" "-"
46.101.116.244 - - [11/Apr/2025:13:03:40 +0200] "GET /Jurek/eurofryz2/feeds/eurofryz2_mallsiSH.xml HTTP/2.0" 200 1376777 "-" "-"
193.33.8.61 - maria [11/Apr/2025:13:03:44 +0200] "GET /Filip/janshop_orders/exports/index.php HTTP/2.0" 200 1731 "-" "Mozilla/5.0 (Macintosh; Intel Mac OS X 10_15_7) AppleWebKit/537.36 (KHTML, like Gecko) Chrome/135.0.0.0 Safari/537.36"
46.101.116.244 - - [11/Apr/2025:13:03:50 +0200] "GET /Jurek/benbaby/feeds/benbaby_velo.xml HTTP/1.0" 200 3602548 "-" "-"
46.101.116.244 - - [11/Apr/2025:13:03:51 +0200] "GET /Jurek/eurofryz3/feeds/eurofryz3_mallsiSH.xml HTTP/2.0" 200 172219 "-" "-"
46.101.116.244 - - [11/Apr/2025:13:04:02 +0200] "GET /Jurek/globaldeli/feeds/globaldeli_mallsiSH.xml HTTP/2.0" 200 2590906 "-" "-"
51.77.52.107 - - [11/Apr/2025:13:04:02 +0200] "GET /Jurek/eurofirany/images/466644/0.jpg HTTP/2.0" 200 74440 "-" "baselinker"
51.77.52.107 - - [11/Apr/2025:13:04:08 +0200] "GET /Jurek/eurofirany/images/466644/0.jpg HTTP/2.0" 200 74440 "-" "baselinker"
46.101.116.244 - - [11/Apr/2025:13:04:12 +0200] "GET /Jurek/kobi/feeds/kobi_mallsiSH.xml HTTP/2.0" 200 1993193 "-" "-"
46.101.116.244 - - [11/Apr/2025:13:04:23 +0200] "GET /Jurek/lendo/feeds/lendo_mallsiSH.xml HTTP/2.0" 200 330390 "-" "-"
88.220.33.218 - - [11/Apr/2025:13:04:35 +0200] "GET /Jurek/eurofirany/feeds/eurofirany_morele.xml HTTP/2.0" 200 19348491 "-" "MarketplaceAPI curl/7.64.0 PHP/8"
51.77.52.107 - - [11/Apr/2025:13:04:39 +0200] "GET /Jurek/eurofirany/images/464644/0.jpg HTTP/2.0" 200 39346 "-" "baselinker"
46.101.116.244 - - [11/Apr/2025:13:04:43 +0200] "GET /Jurek/naszedzieci/feeds/naszedzieci_mallsiSH.xml HTTP/2.0" 200 833172423 "-" "-"
88.220.33.218 - - [11/Apr/2025:13:04:43 +0200] "GET /Jurek/vivaldi/feeds/vivaldi_Morele-PL.xml HTTP/2.0" 200 344674 "-" "MarketplaceAPI curl/7.64.0 PHP/8"
51.77.52.107 - - [11/Apr/2025:13:04:45 +0200] "GET /Jurek/eurofirany/images/464644/0.jpg HTTP/2.0" 200 39346 "-" "baselinker"
51.77.52.107 - - [11/Apr/2025:13:04:50 +0200] "GET /Jurek/eurofirany/images/464644/0.jpg HTTP/2.0" 200 39346 "-" "baselinker"
193.33.8.61 - maria [11/Apr/2025:13:04:57 +0200] "GET /Filip/janshop_orders/exports/ HTTP/2.0" 200 1731 "-" "Mozilla/5.0 (Windows NT 10.0; Win64; x64) AppleWebKit/537.36 (KHTML, like Gecko) Chrome/135.0.0.0 Safari/537.36"
51.77.52.107 - - [11/Apr/2025:13:04:57 +0200] "GET /Jurek/eurofirany/images/468061/0.jpg HTTP/2.0" 200 159939 "-" "baselinker"
193.33.8.61 - maria [11/Apr/2025:13:05:08 +0200] "GET /Filip/janshop_orders/exports/extra_2025-04-11_12.txt HTTP/2.0" 200 2965 "https://dkkapusta1997.usermd.net/Filip/janshop_orders/exports/" "Mozilla/5.0 (Windows NT 10.0; Win64; x64) AppleWebKit/537.36 (KHTML, like Gecko) Chrome/135.0.0.0 Safari/537.36"
193.33.8.61 - maria [11/Apr/2025:13:05:09 +0200] "GET /Filip/janshop_orders/exports/shumee_2025-04-11_12.txt HTTP/2.0" 200 788 "https://dkkapusta1997.usermd.net/Filip/janshop_orders/exports/index.php" "Mozilla/5.0 (Macintosh; Intel Mac OS X 10_15_7) AppleWebKit/537.36 (KHTML, like Gecko) Chrome/135.0.0.0 Safari/537.36"
193.33.8.61 - maria [11/Apr/2025:13:05:16 +0200] "GET /Filip/janshop_orders/exports/extra_2025-04-11_12.txt HTTP/2.0" 200 2965 "https://dkkapusta1997.usermd.net/Filip/janshop_orders/exports/index.php" "Mozilla/5.0 (Macintosh; Intel Mac OS X 10_15_7) AppleWebKit/537.36 (KHTML, like Gecko) Chrome/135.0.0.0 Safari/537.36"
193.33.8.61 - maria [11/Apr/2025:13:05:23 +0200] "GET /Filip/janshop_orders/exports/ HTTP/2.0" 200 1731 "-" "Mozilla/5.0 (Windows NT 10.0; Win64; x64) AppleWebKit/537.36 (KHTML, like Gecko) Chrome/135.0.0.0 Safari/537.36"
51.77.52.107 - - [11/Apr/2025:13:05:23 +0200] "GET /Jurek/eurofirany/images/468061/0.jpg HTTP/2.0" 200 159939 "-" "baselinker"
51.77.52.107 - - [11/Apr/2025:13:05:33 +0200] "GET /Jurek/eurofirany/images/468061/0.jpg HTTP/2.0" 200 159939 "-" "baselinker"
46.101.116.244 - - [11/Apr/2025:13:05:35 +0200] "GET /Jurek/topeshop/feeds/topeshop_skr.xml HTTP/1.0" 200 919606 "-" "-"
89.161.206.59 - - [11/Apr/2025:13:05:36 +0200] "GET /Jurek/kinghoff/feeds/kinghoff_amazon_de.xml HTTP/1.0" 200 15437556 "-" "-"
89.161.206.59 - - [11/Apr/2025:13:05:36 +0200] "GET /Jurek/bass/feeds/bass_amazonde.xml HTTP/1.0" 200 3984348 "-" "-"
193.33.8.61 - maria [11/Apr/2025:13:05:42 +0200] "GET /Filip/janshop_orders/exports/ HTTP/2.0" 200 1731 "-" "Mozilla/5.0 (Windows NT 10.0; Win64; x64) AppleWebKit/537.36 (KHTML, like Gecko) Chrome/135.0.0.0 Safari/537.36"
88.220.33.218 - - [11/Apr/2025:13:05:51 +0200] "GET /Jurek/aw/feeds/awnarzedzia_morele.xml HTTP/2.0" 200 90584674 "-" "MarketplaceAPI curl/7.64.0 PHP/8"
51.77.52.107 - - [11/Apr/2025:13:05:55 +0200] "GET /Jurek/eurofirany/images/468062/0.jpg HTTP/2.0" 200 72938 "-" "baselinker"
89.161.206.59 - - [11/Apr/2025:13:05:57 +0200] "GET /Jurek/carbonyway/feeds/carbonyway_amazonde.xml HTTP/1.0" 200 3075962 "-" "-"
89.161.206.59 - - [11/Apr/2025:13:05:58 +0200] "GET /Jurek/equalo/feeds/equalo_amazonde.xml HTTP/1.0" 200 98010 "-" "-"
89.161.206.59 - - [11/Apr/2025:13:05:58 +0200] "GET /Jurek/cdata/feeds/cdata_amazonde.xml HTTP/1.0" 200 1445122 "-" "-"
51.77.52.107 - - [11/Apr/2025:13:06:30 +0200] "GET /Jurek/eurofirany/images/468062/0.jpg HTTP/2.0" 200 72938 "-" "baselinker"
51.77.52.107 - - [11/Apr/2025:13:06:45 +0200] "GET /Jurek/eurofirany/images/468062/0.jpg HTTP/2.0" 200 72938 "-" "baselinker"
88.220.33.218 - - [11/Apr/2025:13:06:46 +0200] "GET /Jurek/beliani/feeds/beliani_morele.xml HTTP/2.0" 200 31269076 "-" "MarketplaceAPI curl/7.64.0 PHP/8"
193.33.8.61 - maria [11/Apr/2025:13:07:25 +0200] "GET /Filip/janshop_orders/exports/index.php HTTP/2.0" 200 1749 "-" "Mozilla/5.0 (Macintosh; Intel Mac OS X 10_15_7) AppleWebKit/537.36 (KHTML, like Gecko) Chrome/135.0.0.0 Safari/537.36"
193.33.8.61 - maria [11/Apr/2025:13:07:26 +0200] "GET /Filip/janshop_orders/exports/extra_2025-04-11_12.txt HTTP/2.0" 200 2965 "https://dkkapusta1997.usermd.net/Filip/janshop_orders/exports/index.php" "Mozilla/5.0 (Macintosh; Intel Mac OS X 10_15_7) AppleWebKit/537.36 (KHTML, like Gecko) Chrome/135.0.0.0 Safari/537.36"
193.33.8.61 - maria [11/Apr/2025:13:07:36 +0200] "GET /Filip/janshop_orders/exports/ HTTP/2.0" 200 1749 "-" "Mozilla/5.0 (Windows NT 10.0; Win64; x64) AppleWebKit/537.36 (KHTML, like Gecko) Chrome/135.0.0.0 Safari/537.36"
46.101.116.244 - - [11/Apr/2025:13:07:38 +0200] "GET /Jurek/aw/feeds/awnarzedzia_velomarket.xml HTTP/1.0" 200 8319099 "-" "-"
77.79.248.229 - - [11/Apr/2025:13:07:39 +0200] "GET /Jurek/beltimore/feeds/beltimore_zero.xml HTTP/1.1" 200 18652245 "-" "Python-urllib/3.11"
51.77.52.107 - - [11/Apr/2025:13:07:40 +0200] "GET /Jurek/eurofirany/images/468063/0.jpg HTTP/2.0" 200 159939 "-" "baselinker"
193.33.8.61 - - [11/Apr/2025:13:07:40 +0200] "GET /Jurek/beltimore/feeds/beltimore_zero.xml HTTP/2.0" 200 18652245 "https://konsola.dkkapusta1997.usermd.net/" "Mozilla/5.0 (Windows NT 10.0; Win64; x64) AppleWebKit/537.36 (KHTML, like Gecko) Chrome/135.0.0.0 Safari/537.36"
193.33.8.61 - maria [11/Apr/2025:13:07:43 +0200] "GET /Filip/janshop_orders/exports/ HTTP/2.0" 200 1749 "-" "Mozilla/5.0 (Windows NT 10.0; Win64; x64) AppleWebKit/537.36 (KHTML, like Gecko) Chrome/135.0.0.0 Safari/537.36"
193.33.8.61 - maria [11/Apr/2025:13:07:44 +0200] "GET /Filip/janshop_orders/exports/ HTTP/2.0" 200 1749 "-" "Mozilla/5.0 (Windows NT 10.0; Win64; x64) AppleWebKit/537.36 (KHTML, like Gecko) Chrome/135.0.0.0 Safari/537.36"
193.33.8.61 - maria [11/Apr/2025:13:07:46 +0200] "GET /Filip/janshop_orders/exports/extra_2025-04-11_12.txt HTTP/2.0" 200 2965 "https://dkkapusta1997.usermd.net/Filip/janshop_orders/exports/" "Mozilla/5.0 (Windows NT 10.0; Win64; x64) AppleWebKit/537.36 (KHTML, like Gecko) Chrome/135.0.0.0 Safari/537.36"
193.33.8.61 - maria [11/Apr/2025:13:07:48 +0200] "GET /Filip/janshop_orders/exports/shumee_2025-04-11_12.txt HTTP/2.0" 200 788 "https://dkkapusta1997.usermd.net/Filip/janshop_orders/exports/" "Mozilla/5.0 (Windows NT 10.0; Win64; x64) AppleWebKit/537.36 (KHTML, like Gecko) Chrome/135.0.0.0 Safari/537.36"
88.220.33.218 - - [11/Apr/2025:13:07:50 +0200] "GET /Jurek/vida_morele/feeds/VidaPL_morele.xml HTTP/2.0" 200 705828870 "-" "MarketplaceAPI curl/7.64.0 PHP/8"
193.33.8.61 - maria [11/Apr/2025:13:07:58 +0200] "GET /Filip/janshop_orders/exports/ HTTP/2.0" 200 1749 "-" "Mozilla/5.0 (Macintosh; Intel Mac OS X 10_15_7) AppleWebKit/537.36 (KHTML, like Gecko) Chrome/135.0.0.0 Safari/537.36"
51.77.52.107 - - [11/Apr/2025:13:07:58 +0200] "GET /Jurek/eurofirany/images/468063/0.jpg HTTP/2.0" 200 159939 "-" "baselinker"
51.77.52.107 - - [11/Apr/2025:13:08:02 +0200] "GET /Jurek/eurofirany/images/468063/0.jpg HTTP/2.0" 200 159939 "-" "baselinker"
46.101.116.244 - - [11/Apr/2025:13:08:18 +0200] "GET /Jurek/vida_morele/feeds/vidaPL_velomarket.xml HTTP/1.0" 200 705832778 "-" "-"
51.77.52.107 - - [11/Apr/2025:13:08:25 +0200] "GET /Jurek/eurofirany/images/468064/0.jpg HTTP/2.0" 200 159939 "-" "baselinker"
51.77.52.107 - - [11/Apr/2025:13:08:49 +0200] "GET /Jurek/eurofirany/images/468064/0.jpg HTTP/2.0" 200 159939 "-" "baselinker"
51.77.52.107 - - [11/Apr/2025:13:09:22 +0200] "GET /Jurek/eurofirany/images/468064/0.jpg HTTP/2.0" 200 159939 "-" "baselinker"
185.6.76.18 - - [11/Apr/2025:13:09:23 +0200] "GET /marketplaces/skroutz/feeds/shumee.xml HTTP/1.1" 200 419004290 "-" "SkroutzBot v1.0"
51.77.52.107 - - [11/Apr/2025:13:09:31 +0200] "GET /Jurek/eurofirany/images/468065/0.jpg HTTP/2.0" 200 159939 "-" "baselinker"
89.161.206.59 - - [11/Apr/2025:13:09:57 +0200] "GET /Jurek/hdwr/feeds/hdwr_skroutz.xml HTTP/1.0" 200 789393 "-" "-"
89.161.206.59 - - [11/Apr/2025:13:09:59 +0200] "GET /Jurek/pagmil/feeds/pagmil_skroutz.xml HTTP/1.0" 200 1802834 "-" "-"
51.77.52.107 - - [11/Apr/2025:13:10:00 +0200] "GET /Jurek/eurofirany/images/468065/0.jpg HTTP/2.0" 200 159939 "-" "baselinker"
51.77.52.107 - - [11/Apr/2025:13:10:03 +0200] "GET /Jurek/eurofirany/images/468065/0.jpg HTTP/2.0" 200 159939 "-" "baselinker"
89.161.206.59 - - [11/Apr/2025:13:10:03 +0200] "GET /Jurek/kambukka/feeds/kambukka_skroutz.xml HTTP/1.0" 200 1021133 "-" "-"
51.77.52.107 - - [11/Apr/2025:13:10:06 +0200] "GET /Jurek/eurofirany/images/468066/0.jpg HTTP/2.0" 200 159939 "-" "baselinker"
89.161.206.59 - - [11/Apr/2025:13:10:11 +0200] "GET /Jurek/sempler/feeds/sempler_skroutz.xml HTTP/1.0" 200 6787977 "-" "-"
89.161.206.59 - - [11/Apr/2025:13:10:12 +0200] "GET /Jurek/targethome/feeds/targethome_skroutz.xml HTTP/1.0" 200 688617 "-" "-"
51.77.52.107 - - [11/Apr/2025:13:10:25 +0200] "GET /Jurek/eurofirany/images/468066/0.jpg HTTP/2.0" 200 159939 "-" "baselinker"
51.77.52.107 - - [11/Apr/2025:13:10:27 +0200] "GET /Jurek/eurofirany/images/468066/0.jpg HTTP/2.0" 200 159939 "-" "baselinker"
51.77.52.107 - - [11/Apr/2025:13:10:52 +0200] "GET /Jurek/eurofirany/images/468068/0.jpg HTTP/2.0" 200 159939 "-" "baselinker"
89.161.206.59 - - [11/Apr/2025:13:11:03 +0200] "GET /Jurek/pawonik/feeds/pawonik_skroutz.xml HTTP/1.0" 200 2138390 "-" "-"
89.161.206.59 - - [11/Apr/2025:13:11:04 +0200] "GET /Jurek/amzteam/feeds/amzteam_skroutz.xml HTTP/1.0" 200 95904 "-" "-"
89.161.206.59 - - [11/Apr/2025:13:11:05 +0200] "GET /Jurek/mosti/feeds/mosti_skroutz.xml HTTP/1.0" 200 4633555 "-" "-"
51.77.52.107 - - [11/Apr/2025:13:11:07 +0200] "GET /Jurek/eurofirany/images/468068/0.jpg HTTP/2.0" 200 159939 "-" "baselinker"
89.161.206.59 - - [11/Apr/2025:13:11:08 +0200] "GET /Jurek/artdog/feeds/artdog_skroutz.xml HTTP/1.0" 200 17158328 "-" "-"
51.77.52.107 - - [11/Apr/2025:13:11:10 +0200] "GET /Jurek/eurofirany/images/468068/0.jpg HTTP/2.0" 200 159939 "-" "baselinker"
51.77.52.107 - - [11/Apr/2025:13:11:16 +0200] "GET /Jurek/eurofirany/images/468069/0.jpg HTTP/2.0" 200 159939 "-" "baselinker"
46.101.116.244 - - [11/Apr/2025:13:11:19 +0200] "GET /Jurek/reman/feeds/reman_mallsiSH.xml HTTP/2.0" 200 1394833 "-" "-"
46.101.116.244 - - [11/Apr/2025:13:11:30 +0200] "GET /Jurek/sartrix/feeds/sartrix_mallsiSH.xml HTTP/2.0" 200 649122 "-" "-"
51.77.52.107 - - [11/Apr/2025:13:11:36 +0200] "GET /Jurek/eurofirany/images/468069/0.jpg HTTP/2.0" 200 159939 "-" "baselinker"
46.101.116.244 - - [11/Apr/2025:13:11:41 +0200] "GET /Jurek/szpaklampy/feeds/szpaklampy_mallsiSH.xml HTTP/2.0" 200 388214 "-" "-"
51.77.52.107 - - [11/Apr/2025:13:11:44 +0200] "GET /Jurek/eurofirany/images/468069/0.jpg HTTP/2.0" 200 159939 "-" "baselinker"
46.101.116.244 - - [11/Apr/2025:13:11:52 +0200] "GET /Jurek/benetech/feeds/benetech_mallsiSH.xml HTTP/2.0" 200 4165306 "-" "-"
51.77.52.107 - - [11/Apr/2025:13:12:02 +0200] "GET /Jurek/eurofirany/images/468070/0.jpg HTTP/2.0" 200 159939 "-" "baselinker"
46.101.116.244 - - [11/Apr/2025:13:12:03 +0200] "GET /Jurek/dekoele/feeds/dekoele_mallsish.xml HTTP/2.0" 200 733934 "-" "-"
46.101.116.244 - - [11/Apr/2025:13:12:05 +0200] "GET /Jurek/aw/feeds/aw_fnacfr.xml HTTP/1.0" 404 3551 "-" "-"
89.161.206.59 - - [11/Apr/2025:13:12:07 +0200] "GET /Jurek/piotrmiedz/feeds/piotrmiedz_amazonde.xml HTTP/1.0" 200 91046681 "-" "-"
51.77.52.107 - - [11/Apr/2025:13:12:10 +0200] "GET /Jurek/eurofirany/images/468070/0.jpg HTTP/2.0" 200 159939 "-" "baselinker"
46.101.116.244 - - [11/Apr/2025:13:12:14 +0200] "GET /Jurek/drewdon/feeds/drewdon_mallsish.xml HTTP/2.0" 200 504440 "-" "-"
46.101.116.244 - - [11/Apr/2025:13:12:24 +0200] "GET /Jurek/emaja24/feeds/emaja24_mallsiSH.xml HTTP/2.0" 200 5109787 "-" "-"
51.77.52.107 - - [11/Apr/2025:13:12:30 +0200] "GET /Jurek/eurofirany/images/468070/0.jpg HTTP/2.0" 200 159939 "-" "baselinker"
51.77.52.107 - - [11/Apr/2025:13:12:33 +0200] "GET /Jurek/eurofirany/images/468071/0.jpg HTTP/2.0" 200 159939 "-" "baselinker"
51.77.52.107 - - [11/Apr/2025:13:12:41 +0200] "GET /Jurek/eurofirany/images/468071/0.jpg HTTP/2.0" 200 159939 "-" "baselinker"
51.77.52.107 - - [11/Apr/2025:13:12:46 +0200] "GET /Jurek/eurofirany/images/468071/0.jpg HTTP/2.0" 200 159939 "-" "baselinker"
46.101.116.244 - - [11/Apr/2025:13:12:52 +0200] "GET /Jurek/muminky/feeds/muminky_mallsiSH.xml HTTP/2.0" 200 2677717 "-" "-"
89.161.206.59 - - [11/Apr/2025:13:13:05 +0200] "GET /Jurek/winoszarnia/feeds/winoszarnia_emagro.xml HTTP/1.0" 200 6064953 "-" "-"
46.101.116.244 - - [11/Apr/2025:13:13:05 +0200] "GET /Jurek/pupus/feeds/pupus_mallsiSH.xml HTTP/2.0" 200 6154514 "-" "-"
89.161.206.59 - - [11/Apr/2025:13:13:05 +0200] "GET /Jurek/filmal/feeds/filmal_emagro.xml HTTP/1.0" 200 139311 "-" "-"
51.77.52.107 - - [11/Apr/2025:13:13:08 +0200] "GET /Jurek/eurofirany/images/468072/0.jpg HTTP/2.0" 200 159939 "-" "baselinker"
89.161.206.59 - - [11/Apr/2025:13:13:09 +0200] "GET /Jurek/livinhill/feeds/livinhill_emagro.xml HTTP/1.0" 200 167748 "-" "-"
89.161.206.59 - - [11/Apr/2025:13:13:09 +0200] "GET /Jurek/jakdroz/feeds/jakdroz_emagro.xml HTTP/1.0" 200 4090926 "-" "-"
46.101.116.244 - - [11/Apr/2025:13:13:23 +0200] "GET /Jurek/erohurtownia/feeds/erohurtownia_mallsish.xml HTTP/2.0" 200 22846506 "-" "-"
51.77.52.107 - - [11/Apr/2025:13:13:28 +0200] "GET /Jurek/eurofirany/images/468072/0.jpg HTTP/2.0" 200 159939 "-" "baselinker"
51.77.52.107 - - [11/Apr/2025:13:13:37 +0200] "GET /Jurek/eurofirany/images/468072/0.jpg HTTP/2.0" 200 159939 "-" "baselinker"
89.161.206.59 - - [11/Apr/2025:13:13:53 +0200] "GET /Jurek/riko/feeds/riko_amazonde.xml HTTP/1.0" 200 3785006 "-" "-"
46.101.116.244 - - [11/Apr/2025:13:13:53 +0200] "GET /Jurek/oromed/feeds/oromed_mallsish.xml HTTP/2.0" 200 1079759 "-" "-"
51.77.52.107 - - [11/Apr/2025:13:13:59 +0200] "GET /Jurek/eurofirany/images/468073/0.jpg HTTP/2.0" 200 159939 "-" "baselinker"
51.77.52.107 - - [11/Apr/2025:13:14:11 +0200] "GET /Jurek/eurofirany/images/468073/0.jpg HTTP/2.0" 200 159939 "-" "baselinker"
46.101.116.244 - - [11/Apr/2025:13:14:33 +0200] "GET /Jurek/urwiskowo/feeds/urwiskowo_mallsish.xml HTTP/2.0" 200 9114983 "-" "-"
51.77.52.107 - - [11/Apr/2025:13:14:34 +0200] "GET /Jurek/eurofirany/images/468073/0.jpg HTTP/2.0" 200 159939 "-" "baselinker"
51.77.52.107 - - [11/Apr/2025:13:14:38 +0200] "GET /Jurek/eurofirany/images/468074/0.jpg HTTP/2.0" 200 159939 "-" "baselinker"
46.101.116.244 - - [11/Apr/2025:13:14:46 +0200] "GET /Jurek/eroplace/feeds/eroplace_mallsish.xml HTTP/2.0" 200 52134880 "-" "-"
51.77.52.107 - - [11/Apr/2025:13:15:02 +0200] "GET /Jurek/eurofirany/images/468074/0.jpg HTTP/2.0" 200 159939 "-" "baselinker"
51.77.52.107 - - [11/Apr/2025:13:15:05 +0200] "GET /Jurek/eurofirany/images/468074/0.jpg HTTP/2.0" 200 159939 "-" "baselinker"
51.77.52.107 - - [11/Apr/2025:13:15:32 +0200] "GET /Jurek/eurofirany/images/468212/0.jpg HTTP/2.0" 200 88144 "-" "baselinker"
46.101.116.244 - - [11/Apr/2025:13:15:36 +0200] "GET /Jurek/bass_new/feeds/bass_mallsish.xml HTTP/2.0" 200 7040782 "-" "-"
51.77.52.107 - - [11/Apr/2025:13:15:38 +0200] "GET /Jurek/eurofirany/images/468212/0.jpg HTTP/2.0" 200 88144 "-" "baselinker"
46.101.116.244 - - [11/Apr/2025:13:15:49 +0200] "GET /Jurek/ekuchcikowo/feeds/ekuchcikowo_mallsish.xml HTTP/2.0" 200 12471019 "-" "-"
46.101.116.244 - - [11/Apr/2025:13:16:00 +0200] "GET /Jurek/sempler/feeds/sempler_mallsish.xml HTTP/2.0" 200 6787982 "-" "-"
51.77.52.107 - - [11/Apr/2025:13:16:04 +0200] "GET /Jurek/eurofirany/images/468212/0.jpg HTTP/2.0" 200 88144 "-" "baselinker"
51.77.52.107 - - [11/Apr/2025:13:16:11 +0200] "GET /Jurek/eurofirany/images/468214/0.jpg HTTP/2.0" 200 88144 "-" "baselinker"
46.101.116.244 - - [11/Apr/2025:13:16:12 +0200] "GET /Jurek/bass/feeds/bass_mallsish.xml HTTP/2.0" 200 3984373 "-" "-"
89.161.206.59 - - [11/Apr/2025:13:16:14 +0200] "GET /Jurek/alucon/feeds/alucon_amazonde.xml HTTP/1.0" 200 553576 "-" "-"
51.77.52.107 - - [11/Apr/2025:13:16:17 +0200] "GET /Jurek/eurofirany/images/468214/0.jpg HTTP/2.0" 200 88144 "-" "baselinker"
51.77.52.107 - - [11/Apr/2025:13:16:24 +0200] "GET /Jurek/eurofirany/images/468214/0.jpg HTTP/2.0" 200 88144 "-" "baselinker"
51.77.52.107 - - [11/Apr/2025:13:16:30 +0200] "GET /Jurek/eurofirany/images/468217/0.jpg HTTP/2.0" 200 88144 "-" "baselinker"
51.77.52.107 - - [11/Apr/2025:13:16:36 +0200] "GET /Jurek/eurofirany/images/468217/0.jpg HTTP/2.0" 200 88144 "-" "baselinker"
51.77.52.107 - - [11/Apr/2025:13:16:41 +0200] "GET /Jurek/eurofirany/images/468217/0.jpg HTTP/2.0" 200 88144 "-" "baselinker"
46.101.116.244 - - [11/Apr/2025:13:16:43 +0200] "GET /Jurek/slayo/feeds/slayo_mallsish.xml HTTP/2.0" 200 183612 "-" "-"
51.77.52.107 - - [11/Apr/2025:13:16:49 +0200] "GET /Jurek/eurofirany/images/468213/0.jpg HTTP/2.0" 200 68201 "-" "baselinker"
51.77.52.107 - - [11/Apr/2025:13:16:54 +0200] "GET /Jurek/eurofirany/images/468213/0.jpg HTTP/2.0" 200 68201 "-" "baselinker"
46.101.116.244 - - [11/Apr/2025:13:16:54 +0200] "GET /Jurek/mosti/feeds/mosti_mallsish.xml HTTP/2.0" 200 4628158 "-" "-"
46.101.116.244 - - [11/Apr/2025:13:16:54 +0200] "GET /Jurek/amzteam/feeds/amzteam_mallsish.xml HTTP/2.0" 200 97852 "-" "-"
46.101.116.244 - - [11/Apr/2025:13:16:55 +0200] "GET /Jurek/artdog/feeds/artdog_mallsish.xml HTTP/2.0" 200 17158474 "-" "-"
46.101.116.244 - - [11/Apr/2025:13:16:56 +0200] "GET /Jurek/kambukka/feeds/kambukka_mallsish.xml HTTP/2.0" 200 1021062 "-" "-"
51.77.52.107 - - [11/Apr/2025:13:16:57 +0200] "GET /Jurek/eurofirany/images/468213/0.jpg HTTP/2.0" 200 68201 "-" "baselinker"
46.101.116.244 - - [11/Apr/2025:13:17:00 +0200] "GET /Jurek/aw/feeds/aw_fnacfr.xml HTTP/1.0" 404 3551 "-" "-"
51.77.52.107 - - [11/Apr/2025:13:17:02 +0200] "GET /Jurek/eurofirany/images/468216/0.jpg HTTP/2.0" 200 68201 "-" "baselinker"
51.77.52.107 - - [11/Apr/2025:13:17:06 +0200] "GET /Jurek/eurofirany/images/468216/0.jpg HTTP/2.0" 200 68201 "-" "baselinker"
46.101.116.244 - - [11/Apr/2025:13:17:15 +0200] "GET /Jurek/swiatecznygoliat/feeds/swiatecznygoliat_mallsish.xml HTTP/2.0" 200 7054433 "-" "-"
51.77.52.107 - - [11/Apr/2025:13:17:26 +0200] "GET /Jurek/eurofirany/images/468216/0.jpg HTTP/2.0" 200 68201 "-" "baselinker"
51.77.52.107 - - [11/Apr/2025:13:17:30 +0200] "GET /Jurek/eurofirany/images/468222/0.jpg HTTP/2.0" 200 68201 "-" "baselinker"
51.77.52.107 - - [11/Apr/2025:13:18:05 +0200] "GET /Jurek/eurofirany/images/468222/0.jpg HTTP/2.0" 200 68201 "-" "baselinker"
46.101.116.244 - - [11/Apr/2025:13:18:18 +0200] "GET /Jurek/octopia/feeds/octopia_mallsish.xml HTTP/2.0" 200 10103817 "-" "-"
51.77.52.107 - - [11/Apr/2025:13:18:21 +0200] "GET /Jurek/eurofirany/images/468222/0.jpg HTTP/2.0" 200 68201 "-" "baselinker"
46.101.116.244 - - [11/Apr/2025:13:18:33 +0200] "GET /Jurek/topeshop/feeds/topeshop_mallsish.xml HTTP/2.0" 200 2624393 "-" "-"
89.161.206.59 - - [11/Apr/2025:13:18:36 +0200] "GET /Jurek/bass_new/feeds/bass_skroutz.xml HTTP/1.0" 200 7040944 "-" "-"
51.77.52.107 - - [11/Apr/2025:13:18:37 +0200] "GET /Jurek/eurofirany/images/468223/0.jpg HTTP/2.0" 200 87263 "-" "baselinker"
51.77.52.107 - - [11/Apr/2025:13:18:44 +0200] "GET /Jurek/eurofirany/images/468223/0.jpg HTTP/2.0" 200 87263 "-" "baselinker"
51.77.52.107 - - [11/Apr/2025:13:18:59 +0200] "GET /Jurek/eurofirany/images/468223/0.jpg HTTP/2.0" 200 87263 "-" "baselinker"
51.77.52.107 - - [11/Apr/2025:13:19:06 +0200] "GET /Jurek/eurofirany/images/468224/0.jpg HTTP/2.0" 200 87263 "-" "baselinker"
51.77.52.107 - - [11/Apr/2025:13:19:20 +0200] "GET /Jurek/eurofirany/images/468224/0.jpg HTTP/2.0" 200 87263 "-" "baselinker"
66.249.64.165 - - [11/Apr/2025:13:19:30 +0200] "GET /Jurek/eurofirany/images/454474/3.jpg HTTP/1.1" 200 0 "-" "Googlebot-Image/1.0"
193.33.8.61 - - [11/Apr/2025:13:19:38 +0200] "GET /Jurek/eany/data.csv HTTP/2.0" 304 0 "https://dkkapusta1997.usermd.net/Jurek/eany/" "Mozilla/5.0 (Windows NT 10.0; Win64; x64) AppleWebKit/537.36 (KHTML, like Gecko) Chrome/135.0.0.0 Safari/537.36"
193.33.8.61 - - [11/Apr/2025:13:19:38 +0200] "GET /favicon.ico HTTP/2.0" 404 3551 "https://dkkapusta1997.usermd.net/Jurek/eany/" "Mozilla/5.0 (Windows NT 10.0; Win64; x64) AppleWebKit/537.36 (KHTML, like Gecko) Chrome/135.0.0.0 Safari/537.36"
51.77.52.107 - - [11/Apr/2025:13:19:38 +0200] "GET /Jurek/eurofirany/images/468224/0.jpg HTTP/2.0" 200 87263 "-" "baselinker"
51.77.52.107 - - [11/Apr/2025:13:19:43 +0200] "GET /Jurek/eurofirany/images/468225/0.jpg HTTP/2.0" 200 87263 "-" "baselinker"
51.77.52.107 - - [11/Apr/2025:13:19:48 +0200] "GET /Jurek/eurofirany/images/468225/0.jpg HTTP/2.0" 200 87263 "-" "baselinker"
51.77.52.107 - - [11/Apr/2025:13:19:52 +0200] "GET /Jurek/eurofirany/images/468225/0.jpg HTTP/2.0" 200 87263 "-" "baselinker"
51.77.52.107 - - [11/Apr/2025:13:20:00 +0200] "GET /Jurek/eurofirany/images/468226/0.jpg HTTP/2.0" 200 85877 "-" "baselinker"
51.77.52.107 - - [11/Apr/2025:13:20:27 +0200] "GET /Jurek/eurofirany/images/468226/0.jpg HTTP/2.0" 200 85877 "-" "baselinker"
51.77.52.107 - - [11/Apr/2025:13:20:31 +0200] "GET /Jurek/eurofirany/images/468226/0.jpg HTTP/2.0" 200 85877 "-" "baselinker"
51.77.52.107 - - [11/Apr/2025:13:20:44 +0200] "GET /Jurek/eurofirany/images/468227/0.jpg HTTP/2.0" 200 85877 "-" "baselinker"
51.77.52.107 - - [11/Apr/2025:13:20:54 +0200] "GET /Jurek/eurofirany/images/468227/0.jpg HTTP/2.0" 200 85877 "-" "baselinker"
51.77.52.107 - - [11/Apr/2025:13:20:59 +0200] "GET /Jurek/eurofirany/images/468227/0.jpg HTTP/2.0" 200 85877 "-" "baselinker"
66.211.183.71 - - [11/Apr/2025:13:21:01 +0200] "GET /Jurek/topeshop/downloaded_images/5902838461273_3.png HTTP/1.1" 404 3551 "http://www.ebay.com/" "Mozilla/4.0 (compatible; MSIE 4.01; Windows NT)"
66.211.183.74 - - [11/Apr/2025:13:21:01 +0200] "GET /Jurek/topeshop/downloaded_images/5902838461273_2.png HTTP/1.1" 404 3551 "http://www.ebay.com/" "Mozilla/4.0 (compatible; MSIE 4.01; Windows NT)"
66.211.183.71 - - [11/Apr/2025:13:21:01 +0200] "GET /Jurek/topeshop/downloaded_images/5902838461273_I_RTV-140-MALWA_2_S.jpg HTTP/1.1" 200 131398 "http://www.ebay.com/" "Mozilla/4.0 (compatible; MSIE 4.01; Windows NT)"
66.211.183.73 - - [11/Apr/2025:13:21:01 +0200] "GET /Jurek/topeshop/downloaded_images/5902838461273_Sonoma_Rtv.jpg HTTP/1.1" 404 3551 "http://www.ebay.com/" "Mozilla/4.0 (compatible; MSIE 4.01; Windows NT)"
66.211.183.72 - - [11/Apr/2025:13:21:01 +0200] "GET /Jurek/topeshop/downloaded_images/5902838461273_ar2_ss_.RGB_color.0003.jpg HTTP/1.1" 200 137343 "http://www.ebay.com/" "Mozilla/4.0 (compatible; MSIE 4.01; Windows NT)"
66.211.183.71 - - [11/Apr/2025:13:21:02 +0200] "GET /Jurek/topeshop/downloaded_images/5902838461273_I_RTV-140-MALWA_S.jpg HTTP/1.1" 200 141531 "http://www.ebay.com/" "Mozilla/4.0 (compatible; MSIE 4.01; Windows NT)"
66.211.183.71 - - [11/Apr/2025:13:21:02 +0200] "GET /Jurek/topeshop/downloaded_images/5902838461273_I_RTV-140-MALWA_o_S.jpg HTTP/1.1" 200 140612 "http://www.ebay.com/" "Mozilla/4.0 (compatible; MSIE 4.01; Windows NT)"
51.77.52.107 - - [11/Apr/2025:13:21:06 +0200] "GET /Jurek/eurofirany/images/468229/0.jpg HTTP/2.0" 200 85877 "-" "baselinker"
66.135.223.44 - - [11/Apr/2025:13:21:09 +0200] "GET /Jurek/topeshop/downloaded_images/5902838468463_1sonoma.png HTTP/1.1" 404 3551 "http://www.ebay.com/" "Mozilla/4.0 (compatible; MSIE 4.01; Windows NT)"
66.135.223.41 - - [11/Apr/2025:13:21:09 +0200] "GET /Jurek/topeshop/downloaded_images/5902838468463_3sonoma.png HTTP/1.1" 404 3551 "http://www.ebay.com/" "Mozilla/4.0 (compatible; MSIE 4.01; Windows NT)"
66.135.223.40 - - [11/Apr/2025:13:21:09 +0200] "GET /Jurek/topeshop/downloaded_images/5902838468463_2sonoma.png HTTP/1.1" 404 3551 "http://www.ebay.com/" "Mozilla/4.0 (compatible; MSIE 4.01; Windows NT)"
66.135.223.43 - - [11/Apr/2025:13:21:09 +0200] "GET /Jurek/topeshop/downloaded_images/5902838468463_18.jpg HTTP/1.1" 200 97903 "http://www.ebay.com/" "Mozilla/4.0 (compatible; MSIE 4.01; Windows NT)"
51.77.52.107 - - [11/Apr/2025:13:21:37 +0200] "GET /Jurek/eurofirany/images/468229/0.jpg HTTP/2.0" 200 85877 "-" "baselinker"
51.77.52.107 - - [11/Apr/2025:13:21:41 +0200] "GET /Jurek/eurofirany/images/468229/0.jpg HTTP/2.0" 200 85877 "-" "baselinker"
51.77.52.107 - - [11/Apr/2025:13:21:56 +0200] "GET /Jurek/eurofirany/images/468821/0.jpg HTTP/2.0" 200 84543 "-" "baselinker"
51.77.52.107 - - [11/Apr/2025:13:22:01 +0200] "GET /Jurek/eurofirany/images/468821/0.jpg HTTP/2.0" 200 84543 "-" "baselinker"
46.101.116.244 - - [11/Apr/2025:13:22:06 +0200] "GET /Jurek/activeshop/feeds/activeshop_mallsish.xml HTTP/2.0" 200 10443478 "-" "-"
51.77.52.107 - - [11/Apr/2025:13:22:07 +0200] "GET /Jurek/eurofirany/images/468821/0.jpg HTTP/2.0" 200 84543 "-" "baselinker"
193.33.8.61 - - [11/Apr/2025:13:22:13 +0200] "GET /Jurek/zami/feeds/zami_zero.xml HTTP/2.0" 200 4473548 "https://konsola.dkkapusta1997.usermd.net/" "Mozilla/5.0 (Windows NT 10.0; Win64; x64) AppleWebKit/537.36 (KHTML, like Gecko) Chrome/135.0.0.0 Safari/537.36"
77.79.248.229 - - [11/Apr/2025:13:22:18 +0200] "GET /Jurek/zami/feeds/zami_zero.xml HTTP/1.1" 200 4473548 "-" "Python-urllib/3.11"
51.77.52.107 - - [11/Apr/2025:13:22:35 +0200] "GET /Jurek/eurofirany/images/468822/0.jpg HTTP/2.0" 200 84543 "-" "baselinker"
51.77.52.107 - - [11/Apr/2025:13:22:51 +0200] "GET /Jurek/eurofirany/images/468822/0.jpg HTTP/2.0" 200 84543 "-" "baselinker"
51.77.52.107 - - [11/Apr/2025:13:23:05 +0200] "GET /Jurek/eurofirany/images/468822/0.jpg HTTP/2.0" 200 84543 "-" "baselinker"
51.77.52.107 - - [11/Apr/2025:13:23:12 +0200] "GET /Jurek/eurofirany/images/468823/0.jpg HTTP/2.0" 200 84543 "-" "baselinker"
89.161.206.59 - - [11/Apr/2025:13:24:07 +0200] "GET /Jurek/reman/feeds/reman_amazonde.xml HTTP/1.0" 200 1394829 "-" "-"
89.161.206.59 - - [11/Apr/2025:13:24:09 +0200] "GET /Jurek/regis/feeds/regis_amazonde.xml HTTP/1.0" 200 82727 "-" "-"
51.77.52.107 - - [11/Apr/2025:13:24:12 +0200] "GET /Jurek/eurofirany/images/468823/0.jpg HTTP/2.0" 200 84543 "-" "baselinker"
51.77.52.107 - - [11/Apr/2025:13:24:18 +0200] "GET /Jurek/eurofirany/images/468823/0.jpg HTTP/2.0" 200 84543 "-" "baselinker"
51.77.52.107 - - [11/Apr/2025:13:24:24 +0200] "GET /Jurek/eurofirany/images/468079/0.jpg HTTP/2.0" 200 139066 "-" "baselinker"
51.77.52.107 - - [11/Apr/2025:13:24:29 +0200] "GET /Jurek/eurofirany/images/468079/0.jpg HTTP/2.0" 200 139066 "-" "baselinker"
51.77.52.107 - - [11/Apr/2025:13:24:34 +0200] "GET /Jurek/eurofirany/images/468079/0.jpg HTTP/2.0" 200 139066 "-" "baselinker"
51.77.52.107 - - [11/Apr/2025:13:24:49 +0200] "GET /Jurek/eurofirany/images/468094/0.jpg HTTP/2.0" 200 161080 "-" "baselinker"
51.77.52.107 - - [11/Apr/2025:13:25:02 +0200] "GET /Jurek/eurofirany/images/468094/0.jpg HTTP/2.0" 200 161080 "-" "baselinker"
51.77.52.107 - - [11/Apr/2025:13:25:17 +0200] "GET /Jurek/eurofirany/images/468094/0.jpg HTTP/2.0" 200 161080 "-" "baselinker"
51.77.52.107 - - [11/Apr/2025:13:25:24 +0200] "GET /Jurek/eurofirany/images/468097/0.jpg HTTP/2.0" 200 144316 "-" "baselinker"
51.77.52.107 - - [11/Apr/2025:13:25:38 +0200] "GET /Jurek/eurofirany/images/468097/0.jpg HTTP/2.0" 200 144316 "-" "baselinker"
46.101.116.244 - - [11/Apr/2025:13:25:39 +0200] "GET /Jurek/hurtownia_przemyslowa/feeds/hp_mallsish.xml HTTP/2.0" 200 49362441 "-" "-"
51.77.52.107 - - [11/Apr/2025:13:25:45 +0200] "GET /Jurek/eurofirany/images/468097/0.jpg HTTP/2.0" 200 144316 "-" "baselinker"
89.161.206.59 - - [11/Apr/2025:13:25:55 +0200] "GET /Jurek/hurtmeblowy/feeds/hurtmeblowy_ebay.xml HTTP/1.0" 200 5813449 "-" "-"
40.77.167.74 - - [11/Apr/2025:13:26:00 +0200] "GET /Jurek/topeshop/downloaded_images/5902838461273_3.png HTTP/2.0" 404 3551 "-" "Mozilla/5.0 AppleWebKit/537.36 (KHTML, like Gecko; compatible; bingbot/2.0; +http://www.bing.com/bingbot.htm) Chrome/116.0.1938.76 Safari/537.36"
51.77.52.107 - - [11/Apr/2025:13:26:09 +0200] "GET /Jurek/eurofirany/images/468101/0.jpg HTTP/2.0" 200 132826 "-" "baselinker"
51.77.52.107 - - [11/Apr/2025:13:26:14 +0200] "GET /Jurek/eurofirany/images/468101/0.jpg HTTP/2.0" 200 132826 "-" "baselinker"
51.77.52.107 - - [11/Apr/2025:13:26:19 +0200] "GET /Jurek/eurofirany/images/468101/0.jpg HTTP/2.0" 200 132826 "-" "baselinker"
46.101.116.244 - - [11/Apr/2025:13:26:42 +0200] "GET /Jurek/action/feeds/action_mallsish.xml HTTP/2.0" 200 60203048 "-" "-"
51.77.52.107 - - [11/Apr/2025:13:26:50 +0200] "GET /Jurek/eurofirany/images/468049/0.jpg HTTP/2.0" 200 72677 "-" "baselinker"
51.77.52.107 - - [11/Apr/2025:13:27:10 +0200] "GET /Jurek/eurofirany/images/468049/0.jpg HTTP/2.0" 200 72677 "-" "baselinker"
51.77.52.107 - - [11/Apr/2025:13:27:12 +0200] "GET /Jurek/eurofirany/images/468049/0.jpg HTTP/2.0" 200 72677 "-" "baselinker"
51.77.52.107 - - [11/Apr/2025:13:27:14 +0200] "GET /Jurek/eurofirany/images/468050/0.jpg HTTP/2.0" 200 131973 "-" "baselinker"
46.101.116.244 - - [11/Apr/2025:13:27:25 +0200] "GET /Jurek/aw/feeds/aw_fnacfr.xml HTTP/1.0" 404 3551 "-" "-"
51.77.52.107 - - [11/Apr/2025:13:27:44 +0200] "GET /Jurek/eurofirany/images/468050/0.jpg HTTP/2.0" 200 131973 "-" "baselinker"
51.77.52.107 - - [11/Apr/2025:13:28:00 +0200] "GET /Jurek/eurofirany/images/468050/0.jpg HTTP/2.0" 200 131973 "-" "baselinker"
51.77.52.107 - - [11/Apr/2025:13:28:07 +0200] "GET /Jurek/eurofirany/images/468051/0.jpg HTTP/2.0" 200 120961 "-" "baselinker"
51.77.52.107 - - [11/Apr/2025:13:28:29 +0200] "GET /Jurek/eurofirany/images/468051/0.jpg HTTP/2.0" 200 120961 "-" "baselinker"
51.77.52.107 - - [11/Apr/2025:13:28:49 +0200] "GET /Jurek/eurofirany/images/468051/0.jpg HTTP/2.0" 200 120961 "-" "baselinker"
51.77.52.107 - - [11/Apr/2025:13:28:52 +0200] "GET /Jurek/eurofirany/images/468052/0.jpg HTTP/2.0" 200 109008 "-" "baselinker"
51.77.52.107 - - [11/Apr/2025:13:29:09 +0200] "GET /Jurek/eurofirany/images/468052/0.jpg HTTP/2.0" 200 109008 "-" "baselinker"
46.101.116.244 - - [11/Apr/2025:13:29:14 +0200] "GET /Jurek/beliani/feeds/beliani_si_mallsi.xml HTTP/2.0" 200 31237897 "-" "-"
51.77.52.107 - - [11/Apr/2025:13:29:27 +0200] "GET /Jurek/eurofirany/images/468052/0.jpg HTTP/2.0" 200 109008 "-" "baselinker"
51.77.52.107 - - [11/Apr/2025:13:29:37 +0200] "GET /Jurek/eurofirany/images/468053/0.jpg HTTP/2.0" 200 138141 "-" "baselinker"
51.77.52.107 - - [11/Apr/2025:13:29:42 +0200] "GET /Jurek/eurofirany/images/468053/0.jpg HTTP/2.0" 200 138141 "-" "baselinker"
51.77.52.107 - - [11/Apr/2025:13:30:04 +0200] "GET /Jurek/eurofirany/images/468053/0.jpg HTTP/2.0" 200 138141 "-" "baselinker"
46.101.116.244 - - [11/Apr/2025:13:30:24 +0200] "GET /Jurek/rovicky/feeds/rovicky_mallsish.xml HTTP/2.0" 200 15094187 "-" "-"
51.77.52.107 - - [11/Apr/2025:13:30:28 +0200] "GET /Jurek/eurofirany/images/468054/0.jpg HTTP/2.0" 200 91297 "-" "baselinker"
46.101.116.244 - - [11/Apr/2025:13:30:36 +0200] "GET /Jurek/detian/feeds/detian_mallsish.xml HTTP/2.0" 404 3551 "-" "-"
46.101.116.244 - - [11/Apr/2025:13:30:46 +0200] "GET /Jurek/ikonka/feeds/ikonka_mallsish.xml HTTP/2.0" 200 22016813 "-" "-"
51.77.52.107 - - [11/Apr/2025:13:31:00 +0200] "GET /Jurek/eurofirany/images/468054/0.jpg HTTP/2.0" 200 91297 "-" "baselinker"
46.101.116.244 - - [11/Apr/2025:13:31:04 +0200] "GET /Jurek/candellux/feeds/candellux_mallsish.xml HTTP/2.0" 200 465720 "-" "-"
51.77.52.107 - - [11/Apr/2025:13:31:05 +0200] "GET /Jurek/eurofirany/images/468054/0.jpg HTTP/2.0" 200 91297 "-" "baselinker"
51.77.52.107 - - [11/Apr/2025:13:31:12 +0200] "GET /Jurek/eurofirany/images/423209/0.jpg HTTP/2.0" 200 0 "-" "baselinker"
46.101.116.244 - - [11/Apr/2025:13:31:15 +0200] "GET /Jurek/andex/feeds/andex_mallslsh.xml HTTP/2.0" 200 1953481 "-" "-"
51.77.52.107 - - [11/Apr/2025:13:31:19 +0200] "GET /Jurek/eurofirany/images/423209/0.jpg HTTP/2.0" 200 0 "-" "baselinker"
51.77.52.107 - - [11/Apr/2025:13:31:25 +0200] "GET /Jurek/eurofirany/images/423209/0.jpg HTTP/2.0" 200 0 "-" "baselinker"
46.101.116.244 - - [11/Apr/2025:13:31:27 +0200] "GET /Jurek/chemex/feeds/chemex_mallsish.xml HTTP/2.0" 200 47809880 "-" "-"
51.77.52.107 - - [11/Apr/2025:13:31:33 +0200] "GET /Jurek/eurofirany/images/423211/0.jpg HTTP/2.0" 200 0 "-" "baselinker"
51.77.52.107 - - [11/Apr/2025:13:31:39 +0200] "GET /Jurek/eurofirany/images/423211/0.jpg HTTP/2.0" 200 0 "-" "baselinker"
46.101.116.244 - - [11/Apr/2025:13:31:42 +0200] "GET /Jurek/aw/feeds/awnarzedzia_mallsish.xml HTTP/2.0" 200 90573825 "-" "-"
51.77.52.107 - - [11/Apr/2025:13:31:45 +0200] "GET /Jurek/eurofirany/images/423211/0.jpg HTTP/2.0" 200 0 "-" "baselinker"
51.77.52.107 - - [11/Apr/2025:13:32:03 +0200] "GET /Jurek/eurofirany/images/423213/0.jpg HTTP/2.0" 200 0 "-" "baselinker"
51.77.52.107 - - [11/Apr/2025:13:32:09 +0200] "GET /Jurek/eurofirany/images/423213/0.jpg HTTP/2.0" 200 0 "-" "baselinker"
51.77.52.107 - - [11/Apr/2025:13:32:17 +0200] "GET /Jurek/eurofirany/images/423213/0.jpg HTTP/2.0" 200 0 "-" "baselinker"
51.77.52.107 - - [11/Apr/2025:13:32:25 +0200] "GET /Jurek/eurofirany/images/423214/0.jpg HTTP/2.0" 200 0 "-" "baselinker"
51.77.52.107 - - [11/Apr/2025:13:32:30 +0200] "GET /Jurek/eurofirany/images/423214/0.jpg HTTP/2.0" 200 0 "-" "baselinker"
51.77.52.107 - - [11/Apr/2025:13:32:37 +0200] "GET /Jurek/eurofirany/images/423214/0.jpg HTTP/2.0" 200 0 "-" "baselinker"
51.77.52.107 - - [11/Apr/2025:13:32:44 +0200] "GET /Jurek/eurofirany/images/436657/0.jpg HTTP/2.0" 200 116979 "-" "baselinker"
51.77.52.107 - - [11/Apr/2025:13:33:02 +0200] "GET /Jurek/eurofirany/images/436657/0.jpg HTTP/2.0" 200 116979 "-" "baselinker"
51.77.52.107 - - [11/Apr/2025:13:33:05 +0200] "GET /Jurek/eurofirany/images/436657/0.jpg HTTP/2.0" 200 116979 "-" "baselinker"
51.77.52.107 - - [11/Apr/2025:13:33:18 +0200] "GET /Jurek/eurofirany/images/436658/0.jpg HTTP/2.0" 200 114058 "-" "baselinker"
51.77.52.107 - - [11/Apr/2025:13:33:40 +0200] "GET /Jurek/eurofirany/images/436658/0.jpg HTTP/2.0" 200 114058 "-" "baselinker"
51.77.52.107 - - [11/Apr/2025:13:33:59 +0200] "GET /Jurek/eurofirany/images/436658/0.jpg HTTP/2.0" 200 114058 "-" "baselinker"
51.77.52.107 - - [11/Apr/2025:13:34:03 +0200] "GET /Jurek/eurofirany/images/440409/0.jpg HTTP/2.0" 200 138784 "-" "baselinker"
193.33.8.61 - - [11/Apr/2025:13:34:05 +0200] "GET /Jurek/carbonyway/feeds/carbonyway_zero.xml HTTP/2.0" 200 3076233 "https://konsola.dkkapusta1997.usermd.net/" "Mozilla/5.0 (Windows NT 10.0; Win64; x64) AppleWebKit/537.36 (KHTML, like Gecko) Chrome/135.0.0.0 Safari/537.36"
77.79.248.229 - - [11/Apr/2025:13:34:10 +0200] "GET /Jurek/carbonyway/feeds/carbonyway_zero.xml HTTP/1.1" 200 3076233 "-" "Python-urllib/3.11"
51.77.52.107 - - [11/Apr/2025:13:34:28 +0200] "GET /Jurek/eurofirany/images/440409/0.jpg HTTP/2.0" 200 138784 "-" "baselinker"
46.101.116.244 - - [11/Apr/2025:13:34:28 +0200] "GET /Jurek/barbecook/feeds/barbecook_mallslsh.xml HTTP/2.0" 200 87532 "-" "-"
46.101.116.244 - - [11/Apr/2025:13:34:38 +0200] "GET /Jurek/duka/feeds/duka_mallslsh.xml HTTP/2.0" 200 57 "-" "-"
51.77.52.107 - - [11/Apr/2025:13:34:48 +0200] "GET /Jurek/eurofirany/images/440409/0.jpg HTTP/2.0" 200 138784 "-" "baselinker"
46.101.116.244 - - [11/Apr/2025:13:34:49 +0200] "GET /Jurek/miloohome/feeds/miloohome_mallsish.xml HTTP/2.0" 200 1421025 "-" "-"
46.101.116.244 - - [11/Apr/2025:13:34:59 +0200] "GET /Jurek/stema/feeds/stema_mallslsh.xml HTTP/2.0" 200 851975 "-" "-"
51.77.52.107 - - [11/Apr/2025:13:35:06 +0200] "GET /Jurek/eurofirany/images/440410/0.jpg HTTP/2.0" 200 130086 "-" "baselinker"
46.101.116.244 - - [11/Apr/2025:13:35:12 +0200] "GET /Jurek/fernity/feeds/fernity_mallslsh.xml HTTP/2.0" 200 4796454 "-" "-"
51.77.52.107 - - [11/Apr/2025:13:35:14 +0200] "GET /Jurek/eurofirany/images/440410/0.jpg HTTP/2.0" 200 130086 "-" "baselinker"
51.77.52.107 - - [11/Apr/2025:13:35:20 +0200] "GET /Jurek/eurofirany/images/440410/0.jpg HTTP/2.0" 200 130086 "-" "baselinker"
46.101.116.244 - - [11/Apr/2025:13:35:36 +0200] "GET /Jurek/kinghoff/feeds/kinghoff_mallslsh.xml HTTP/2.0" 200 15421098 "-" "-"
52.17.80.36 - - [11/Apr/2025:13:35:37 +0200] "GET /marketplaces/worten2/results/worten.csv HTTP/1.1" 200 147218 "-" "Mirakl HttpClient"
51.77.52.107 - - [11/Apr/2025:13:35:40 +0200] "GET /Jurek/eurofirany/images/440413/0.jpg HTTP/2.0" 200 260638 "-" "baselinker"
46.101.116.244 - - [11/Apr/2025:13:35:47 +0200] "GET /Jurek/aw/feeds/aw_fnacfr.xml HTTP/1.0" 404 3551 "-" "-"
51.77.52.107 - - [11/Apr/2025:13:36:00 +0200] "GET /Jurek/eurofirany/images/440413/0.jpg HTTP/2.0" 200 260638 "-" "baselinker"
46.101.116.244 - - [11/Apr/2025:13:36:07 +0200] "GET /Jurek/kinghome/feeds/kinghome_mallslsh.xml HTTP/2.0" 200 6003381 "-" "-"
77.79.248.229 - - [11/Apr/2025:13:36:10 +0200] "GET /Jurek/eurofirany/feeds/eurofirany_cdon_se.xml HTTP/1.1" 200 19364797 "-" "python-requests/2.32.3"
77.79.248.229 - - [11/Apr/2025:13:36:10 +0200] "GET /Jurek/eurofirany/feeds/eurofirany_cdon_dk.xml HTTP/1.1" 200 19364547 "-" "python-requests/2.32.3"
77.79.248.229 - - [11/Apr/2025:13:36:10 +0200] "GET /Jurek/eurofirany/feeds/eurofirany_cdon_fi.xml HTTP/1.1" 200 19347240 "-" "python-requests/2.32.3"
77.79.248.229 - - [11/Apr/2025:13:36:11 +0200] "GET /Jurek/stema/feeds/stema_cdon_se.xml HTTP/1.1" 200 852446 "-" "python-requests/2.32.3"
77.79.248.229 - - [11/Apr/2025:13:36:11 +0200] "GET /Jurek/stema/feeds/stema_cdon_dk.xml HTTP/1.1" 200 852288 "-" "python-requests/2.32.3"
77.79.248.229 - - [11/Apr/2025:13:36:11 +0200] "GET /Jurek/stema/feeds/stema_cdon_fi.xml HTTP/1.1" 200 851998 "-" "python-requests/2.32.3"
77.79.248.229 - - [11/Apr/2025:13:36:12 +0200] "GET /Jurek/aw/feeds/awnarzedzia_cdon_se.xml HTTP/1.1" 200 90661783 "-" "python-requests/2.32.3"
77.79.248.229 - - [11/Apr/2025:13:36:13 +0200] "GET /Jurek/aw/feeds/awnarzedzia_cdon_dk.xml HTTP/1.1" 200 90657025 "-" "python-requests/2.32.3"
77.79.248.229 - - [11/Apr/2025:13:36:14 +0200] "GET /Jurek/aw/feeds/awnarzedzia_cdon_fi.xml HTTP/1.1" 200 90573907 "-" "python-requests/2.32.3"
77.79.248.229 - - [11/Apr/2025:13:36:15 +0200] "GET /Jurek/hurtownia_przemyslowa/feeds/hp_cdon_se.xml HTTP/1.1" 200 49377920 "-" "python-requests/2.32.3"
77.79.248.229 - - [11/Apr/2025:13:36:16 +0200] "GET /Jurek/hurtownia_przemyslowa/feeds/hp_cdon_dk.xml HTTP/1.1" 200 49376352 "-" "python-requests/2.32.3"
77.79.248.229 - - [11/Apr/2025:13:36:16 +0200] "GET /Jurek/hurtownia_przemyslowa/feeds/hp_cdon_fi.xml HTTP/1.1" 200 49362844 "-" "python-requests/2.32.3"
46.101.116.244 - - [11/Apr/2025:13:36:18 +0200] "GET /Jurek/vivaldi/feeds/vivaldi_Mall-slsh.xml HTTP/2.0" 200 344670 "-" "-"
77.79.248.229 - - [11/Apr/2025:13:36:18 +0200] "GET /Jurek/ikonka/feeds/ikonka_cdon_se.xml HTTP/1.1" 200 22018966 "-" "python-requests/2.32.3"
77.79.248.229 - - [11/Apr/2025:13:36:18 +0200] "GET /Jurek/ikonka/feeds/ikonka_cdon_dk.xml HTTP/1.1" 200 22018968 "-" "python-requests/2.32.3"
77.79.248.229 - - [11/Apr/2025:13:36:19 +0200] "GET /Jurek/ikonka/feeds/ikonka_cdon_fi.xml HTTP/1.1" 200 22016822 "-" "python-requests/2.32.3"
77.79.248.229 - - [11/Apr/2025:13:36:19 +0200] "GET /Jurek/fernity/feeds/fernity_cdon_fi.xml HTTP/1.1" 200 4796468 "-" "python-requests/2.32.3"
77.79.248.229 - - [11/Apr/2025:13:36:19 +0200] "GET /Jurek/fernity/feeds/fernity_cdon_se.xml HTTP/1.1" 200 4799633 "-" "python-requests/2.32.3"
77.79.248.229 - - [11/Apr/2025:13:36:19 +0200] "GET /Jurek/fernity/feeds/fernity_cdon_dk.xml HTTP/1.1" 200 4799348 "-" "python-requests/2.32.3"
77.79.248.229 - - [11/Apr/2025:13:36:20 +0200] "GET /Jurek/activeshop/feeds/activeshop_cdon_se.xml HTTP/1.1" 200 10447376 "-" "python-requests/2.32.3"
77.79.248.229 - - [11/Apr/2025:13:36:20 +0200] "GET /Jurek/activeshop/feeds/activeshop_cdon_dk.xml HTTP/1.1" 200 10446827 "-" "python-requests/2.32.3"
77.79.248.229 - - [11/Apr/2025:13:36:20 +0200] "GET /Jurek/activeshop/feeds/activeshop_cdon_fi.xml HTTP/1.1" 200 10443584 "-" "python-requests/2.32.3"
77.79.248.229 - - [11/Apr/2025:13:36:24 +0200] "GET /Jurek/barbecook/feeds/barbecook_cdon_se.xml HTTP/1.1" 200 87595 "-" "python-requests/2.32.3"
