51.77.52.107 - - [11/Apr/2025:12:17:33 +0200] "GET /Jurek/eurofirany/images/459073/0.jpg HTTP/2.0" 200 144988 "-" "baselinker"
62.146.215.32 - - [11/Apr/2025:12:17:46 +0200] "GET /Jurek/topeshop/downloaded_images/5904507209377_profill.jpg HTTP/2.0" 304 0 "-" "billigerbot/1.0"
51.77.52.107 - - [11/Apr/2025:12:17:52 +0200] "GET /Jurek/eurofirany/images/466892/0.jpg HTTP/2.0" 200 70393 "-" "baselinker"
51.77.52.107 - - [11/Apr/2025:12:17:59 +0200] "GET /Jurek/eurofirany/images/466892/0.jpg HTTP/2.0" 200 70393 "-" "baselinker"
51.77.52.107 - - [11/Apr/2025:12:18:08 +0200] "GET /Jurek/eurofirany/images/466892/0.jpg HTTP/2.0" 200 70393 "-" "baselinker"
51.77.52.107 - - [11/Apr/2025:12:18:16 +0200] "GET /Jurek/eurofirany/images/466910/0.jpg HTTP/2.0" 200 64317 "-" "baselinker"
51.77.52.107 - - [11/Apr/2025:12:18:23 +0200] "GET /Jurek/eurofirany/images/466910/0.jpg HTTP/2.0" 200 64317 "-" "baselinker"
51.77.52.107 - - [11/Apr/2025:12:18:54 +0200] "GET /Jurek/eurofirany/images/466910/0.jpg HTTP/2.0" 200 64317 "-" "baselinker"
51.77.52.107 - - [11/Apr/2025:12:19:00 +0200] "GET /Jurek/eurofirany/images/466912/0.jpg HTTP/2.0" 200 55546 "-" "baselinker"
51.77.52.107 - - [11/Apr/2025:12:19:06 +0200] "GET /Jurek/eurofirany/images/466912/0.jpg HTTP/2.0" 200 55546 "-" "baselinker"
51.77.52.107 - - [11/Apr/2025:12:19:12 +0200] "GET /Jurek/eurofirany/images/466912/0.jpg HTTP/2.0" 200 55546 "-" "baselinker"
51.77.52.107 - - [11/Apr/2025:12:19:25 +0200] "GET /Jurek/eurofirany/images/466918/0.jpg HTTP/2.0" 200 48525 "-" "baselinker"
51.77.52.107 - - [11/Apr/2025:12:19:32 +0200] "GET /Jurek/eurofirany/images/466918/0.jpg HTTP/2.0" 200 48525 "-" "baselinker"
51.77.52.107 - - [11/Apr/2025:12:19:37 +0200] "GET /Jurek/eurofirany/images/466918/0.jpg HTTP/2.0" 200 48525 "-" "baselinker"
89.161.206.59 - - [11/Apr/2025:12:19:38 +0200] "GET /Jurek/snibbs/feeds/snibbs_amazonde.xml HTTP/1.0" 200 74399 "-" "-"
51.77.52.107 - - [11/Apr/2025:12:19:44 +0200] "GET /Jurek/eurofirany/images/466919/0.jpg HTTP/2.0" 200 52390 "-" "baselinker"
51.77.52.107 - - [11/Apr/2025:12:20:02 +0200] "GET /Jurek/eurofirany/images/466919/0.jpg HTTP/2.0" 200 52390 "-" "baselinker"
51.77.52.107 - - [11/Apr/2025:12:20:17 +0200] "GET /Jurek/eurofirany/images/466919/0.jpg HTTP/2.0" 200 52390 "-" "baselinker"
51.77.52.107 - - [11/Apr/2025:12:20:50 +0200] "GET /Jurek/eurofirany/images/459910/0.jpg HTTP/2.0" 200 88272 "-" "baselinker"
51.77.52.107 - - [11/Apr/2025:12:21:05 +0200] "GET /Jurek/eurofirany/images/459910/0.jpg HTTP/2.0" 200 88272 "-" "baselinker"
51.77.52.107 - - [11/Apr/2025:12:21:39 +0200] "GET /Jurek/eurofirany/images/459910/0.jpg HTTP/2.0" 200 88272 "-" "baselinker"
51.77.52.107 - - [11/Apr/2025:12:21:42 +0200] "GET /Jurek/eurofirany/images/459904/0.jpg HTTP/2.0" 200 85284 "-" "baselinker"
51.77.52.107 - - [11/Apr/2025:12:22:04 +0200] "GET /Jurek/eurofirany/images/459904/0.jpg HTTP/2.0" 200 85284 "-" "baselinker"
46.101.116.244 - - [11/Apr/2025:12:22:21 +0200] "GET /Jurek/aw/feeds/aw_fnacfr.xml HTTP/1.0" 404 3551 "-" "-"
51.77.52.107 - - [11/Apr/2025:12:22:25 +0200] "GET /Jurek/eurofirany/images/459904/0.jpg HTTP/2.0" 200 85284 "-" "baselinker"
51.77.52.107 - - [11/Apr/2025:12:22:50 +0200] "GET /Jurek/eurofirany/images/459908/0.jpg HTTP/2.0" 200 80716 "-" "baselinker"
89.161.206.59 - - [11/Apr/2025:12:22:51 +0200] "GET /Jurek/hurtownia_przemyslowa/feeds/hp_amazonDE.xml HTTP/1.0" 200 42278431 "-" "-"
89.161.206.59 - - [11/Apr/2025:12:23:01 +0200] "GET /Jurek/drewdon/feeds/drewdon_amazonde.xml HTTP/1.0" 200 504446 "-" "-"
51.77.52.107 - - [11/Apr/2025:12:23:01 +0200] "GET /Jurek/eurofirany/images/459908/0.jpg HTTP/2.0" 200 80716 "-" "baselinker"
51.77.52.107 - - [11/Apr/2025:12:23:18 +0200] "GET /Jurek/eurofirany/images/459908/0.jpg HTTP/2.0" 200 80716 "-" "baselinker"
51.77.52.107 - - [11/Apr/2025:12:23:35 +0200] "GET /Jurek/eurofirany/images/325009/0.jpg HTTP/2.0" 200 164808 "-" "baselinker"
89.161.206.59 - - [11/Apr/2025:12:23:35 +0200] "GET /Jurek/sportprise/feeds/sportprise_emagro.xml HTTP/1.0" 200 12727600 "-" "-"
89.161.206.59 - - [11/Apr/2025:12:23:36 +0200] "GET /Jurek/elavia/feeds/elavia_emagro.xml HTTP/1.0" 200 2497417 "-" "-"
89.161.206.59 - - [11/Apr/2025:12:23:38 +0200] "GET /Jurek/zbimatyja/feeds/zbimatyja_emagro.xml HTTP/1.0" 200 11671824 "-" "-"
89.161.206.59 - - [11/Apr/2025:12:23:39 +0200] "GET /Jurek/rosfix/feeds/rosfix_emagro.xml HTTP/1.0" 200 35771034 "-" "-"
89.161.206.59 - - [11/Apr/2025:12:23:40 +0200] "GET /Jurek/broers/feeds/broers_emagro.xml HTTP/1.0" 200 1982950 "-" "-"
51.77.52.107 - - [11/Apr/2025:12:23:40 +0200] "GET /Jurek/eurofirany/images/325009/0.jpg HTTP/2.0" 200 164808 "-" "baselinker"
51.77.52.107 - - [11/Apr/2025:12:23:47 +0200] "GET /Jurek/eurofirany/images/325009/0.jpg HTTP/2.0" 200 164808 "-" "baselinker"
3.74.7.74 - - [11/Apr/2025:12:23:53 +0200] "GET /Jurek/topeshop/downloaded_images/5902838460085_1.png HTTP/2.0" 404 3551 "-" "Mozilla/5.0 (Windows NT 10.0; Win64; x64) AppleWebKit/537.36 (KHTML, like Gecko) Chrome/109.0.0.0 Safari/537.36"
193.33.8.61 - - [11/Apr/2025:12:23:58 +0200] "GET /Jurek/rosfix/feeds/rosfix_cdsc.xml HTTP/2.0" 200 19132834 "https://konsola.dkkapusta1997.usermd.net/" "Mozilla/5.0 (Windows NT 10.0; Win64; x64) AppleWebKit/537.36 (KHTML, like Gecko) Chrome/135.0.0.0 Safari/537.36"
77.79.248.229 - - [11/Apr/2025:12:23:58 +0200] "GET /Jurek/rosfix/feeds/rosfix_cdsc.xml HTTP/1.1" 200 19132834 "-" "Python-urllib/3.11"
51.77.52.107 - - [11/Apr/2025:12:24:06 +0200] "GET /Jurek/eurofirany/images/349461/0.jpg HTTP/2.0" 200 82606 "-" "baselinker"
51.77.52.107 - - [11/Apr/2025:12:24:29 +0200] "GET /Jurek/eurofirany/images/349461/0.jpg HTTP/2.0" 200 82606 "-" "baselinker"
193.33.8.61 - - [11/Apr/2025:12:24:30 +0200] "GET /favicon.ico HTTP/2.0" 404 3551 "https://dkkapusta1997.usermd.net/Jurek/rosfix/feeds/rosfix_cdsc.xml" "Mozilla/5.0 (Windows NT 10.0; Win64; x64) AppleWebKit/537.36 (KHTML, like Gecko) Chrome/135.0.0.0 Safari/537.36"
51.77.52.107 - - [11/Apr/2025:12:24:48 +0200] "GET /Jurek/eurofirany/images/349461/0.jpg HTTP/2.0" 200 82606 "-" "baselinker"
51.77.52.107 - - [11/Apr/2025:12:24:54 +0200] "GET /Jurek/eurofirany/images/349472/0.jpg HTTP/2.0" 200 153048 "-" "baselinker"
51.77.52.107 - - [11/Apr/2025:12:25:11 +0200] "GET /Jurek/eurofirany/images/349472/0.jpg HTTP/2.0" 200 153048 "-" "baselinker"
46.101.116.244 - - [11/Apr/2025:12:25:17 +0200] "GET /Jurek/eurofirany/feeds/eurofirany_empik.xml HTTP/1.0" 200 19348256 "-" "-"
89.161.206.59 - - [11/Apr/2025:12:25:23 +0200] "GET /Jurek/galopi/feeds/galopi_emagro.xml HTTP/1.0" 200 2111372 "-" "-"
89.161.206.59 - - [11/Apr/2025:12:25:24 +0200] "GET /Jurek/omi/feeds/omi_emagro.xml HTTP/1.0" 200 8106420 "-" "-"
89.161.206.59 - - [11/Apr/2025:12:25:25 +0200] "GET /Jurek/sebmart/feeds/sebmart_emagro.xml HTTP/1.0" 200 1599121 "-" "-"
89.161.206.59 - - [11/Apr/2025:12:25:25 +0200] "GET /Jurek/tsjerzy/feeds/tsjerzy_emagro.xml HTTP/1.0" 200 3900048 "-" "-"
89.161.206.59 - - [11/Apr/2025:12:25:25 +0200] "GET /Jurek/avenido/feeds/avenido_emagro.xml HTTP/1.0" 200 720135 "-" "-"
89.161.206.59 - - [11/Apr/2025:12:25:26 +0200] "GET /Jurek/kamar/feeds/kamar_emagro.xml HTTP/1.0" 200 25554608 "-" "-"
89.161.206.59 - - [11/Apr/2025:12:25:28 +0200] "GET /Jurek/zenex/feeds/zenex_emagro.xml HTTP/1.0" 200 540563 "-" "-"
51.77.52.107 - - [11/Apr/2025:12:25:28 +0200] "GET /Jurek/eurofirany/images/349472/0.jpg HTTP/2.0" 200 153048 "-" "baselinker"
51.77.52.107 - - [11/Apr/2025:12:25:48 +0200] "GET /Jurek/eurofirany/images/383070/0.jpg HTTP/2.0" 200 72405 "-" "baselinker"
51.77.52.107 - - [11/Apr/2025:12:26:04 +0200] "GET /Jurek/eurofirany/images/383070/0.jpg HTTP/2.0" 200 72405 "-" "baselinker"
51.77.52.107 - - [11/Apr/2025:12:26:07 +0200] "GET /Jurek/eurofirany/images/383070/0.jpg HTTP/2.0" 200 72405 "-" "baselinker"
51.77.52.107 - - [11/Apr/2025:12:26:12 +0200] "GET /Jurek/eurofirany/images/383103/0.jpg HTTP/2.0" 200 75271 "-" "baselinker"
89.161.206.59 - - [11/Apr/2025:12:26:14 +0200] "GET /Jurek/takapara/feeds/takapara_emagro.xml HTTP/1.0" 200 1342631 "-" "-"
51.77.52.107 - - [11/Apr/2025:12:26:36 +0200] "GET /Jurek/eurofirany/images/383103/0.jpg HTTP/2.0" 200 75271 "-" "baselinker"
51.77.52.107 - - [11/Apr/2025:12:26:42 +0200] "GET /Jurek/eurofirany/images/383103/0.jpg HTTP/2.0" 200 75271 "-" "baselinker"
51.77.52.107 - - [11/Apr/2025:12:26:50 +0200] "GET /Jurek/eurofirany/images/383385/0.jpg HTTP/2.0" 200 77082 "-" "baselinker"
89.161.206.59 - - [11/Apr/2025:12:27:01 +0200] "GET /Jurek/artdog/feeds/artdog_emagro.xml HTTP/1.0" 200 17164901 "-" "-"
89.161.206.59 - - [11/Apr/2025:12:27:02 +0200] "GET /Jurek/fertes/feeds/fertes_emagro.xml HTTP/1.0" 200 2362176 "-" "-"
89.161.206.59 - - [11/Apr/2025:12:27:03 +0200] "GET /Jurek/carbonyway/feeds/carbonyway_emagro.xml HTTP/1.0" 200 3076313 "-" "-"
51.77.52.107 - - [11/Apr/2025:12:27:07 +0200] "GET /Jurek/eurofirany/images/383385/0.jpg HTTP/2.0" 200 77082 "-" "baselinker"
51.77.52.107 - - [11/Apr/2025:12:27:25 +0200] "GET /Jurek/eurofirany/images/383385/0.jpg HTTP/2.0" 200 77082 "-" "baselinker"
51.77.52.107 - - [11/Apr/2025:12:27:32 +0200] "GET /Jurek/eurofirany/images/408370/0.jpg HTTP/2.0" 200 142167 "-" "baselinker"
51.77.52.107 - - [11/Apr/2025:12:27:46 +0200] "GET /Jurek/eurofirany/images/408370/0.jpg HTTP/2.0" 200 142167 "-" "baselinker"
3.126.202.245 - - [11/Apr/2025:12:27:48 +0200] "GET /Jurek/topeshop/downloaded_images/5902838460085_1.png HTTP/2.0" 404 3551 "-" "Mozilla/5.0 (Windows NT 10.0; Win64; x64) AppleWebKit/537.36 (KHTML, like Gecko) Chrome/109.0.0.0 Safari/537.36"
51.77.52.107 - - [11/Apr/2025:12:27:57 +0200] "GET /Jurek/eurofirany/images/408370/0.jpg HTTP/2.0" 200 142167 "-" "baselinker"
51.77.52.107 - - [11/Apr/2025:12:28:03 +0200] "GET /Jurek/eurofirany/images/400228/0.jpg HTTP/2.0" 200 21115 "-" "baselinker"
51.77.52.107 - - [11/Apr/2025:12:28:19 +0200] "GET /Jurek/eurofirany/images/400228/0.jpg HTTP/2.0" 200 21115 "-" "baselinker"
51.77.52.107 - - [11/Apr/2025:12:28:29 +0200] "GET /Jurek/eurofirany/images/400228/0.jpg HTTP/2.0" 200 21115 "-" "baselinker"
89.161.206.59 - - [11/Apr/2025:12:28:43 +0200] "GET /Jurek/proadventure/feeds/proadventure_emag.xml HTTP/1.0" 200 10765428 "-" "-"
51.77.52.107 - - [11/Apr/2025:12:28:45 +0200] "GET /Jurek/eurofirany/images/400229/0.jpg HTTP/2.0" 200 21115 "-" "baselinker"
51.77.52.107 - - [11/Apr/2025:12:28:57 +0200] "GET /Jurek/eurofirany/images/400229/0.jpg HTTP/2.0" 200 21115 "-" "baselinker"
51.77.52.107 - - [11/Apr/2025:12:29:16 +0200] "GET /Jurek/eurofirany/images/400229/0.jpg HTTP/2.0" 200 21115 "-" "baselinker"
89.161.206.59 - - [11/Apr/2025:12:29:18 +0200] "GET /Jurek/waks/feeds/waks_emagro.xml HTTP/1.0" 200 1598638 "-" "-"
51.77.52.107 - - [11/Apr/2025:12:29:31 +0200] "GET /Jurek/eurofirany/images/400230/0.jpg HTTP/2.0" 200 24361 "-" "baselinker"
3.74.7.74 - - [11/Apr/2025:12:29:44 +0200] "GET /Jurek/topeshop/downloaded_images/5904507209056_Bry%C5%82a_kaszmir_20st0005.jpg HTTP/2.0" 200 31618 "-" "Mozilla/5.0 (Windows NT 10.0; Win64; x64) AppleWebKit/537.36 (KHTML, like Gecko) Chrome/109.0.0.0 Safari/537.36"
51.77.52.107 - - [11/Apr/2025:12:29:46 +0200] "GET /Jurek/eurofirany/images/400230/0.jpg HTTP/2.0" 200 24361 "-" "baselinker"
51.77.52.107 - - [11/Apr/2025:12:30:05 +0200] "GET /Jurek/eurofirany/images/400230/0.jpg HTTP/2.0" 200 24361 "-" "baselinker"
89.161.206.59 - - [11/Apr/2025:12:30:17 +0200] "GET /Jurek/targethome/feeds/targethome_emagro.xml HTTP/1.0" 200 688675 "-" "-"
51.77.52.107 - - [11/Apr/2025:12:30:24 +0200] "GET /Jurek/eurofirany/images/400232/0.jpg HTTP/2.0" 200 24361 "-" "baselinker"
51.77.52.107 - - [11/Apr/2025:12:30:37 +0200] "GET /Jurek/eurofirany/images/400232/0.jpg HTTP/2.0" 200 24361 "-" "baselinker"
62.146.215.33 - - [11/Apr/2025:12:30:47 +0200] "GET /Jurek/topeshop/downloaded_images/5902838468012_23_white_(1).png HTTP/2.0" 200 175821 "-" "billigerbot/1.0"
51.77.52.107 - - [11/Apr/2025:12:30:55 +0200] "GET /Jurek/eurofirany/images/400232/0.jpg HTTP/2.0" 200 24361 "-" "baselinker"
51.77.52.107 - - [11/Apr/2025:12:31:01 +0200] "GET /Jurek/eurofirany/images/400241/0.jpg HTTP/2.0" 200 37068 "-" "baselinker"
51.77.52.107 - - [11/Apr/2025:12:31:11 +0200] "GET /Jurek/eurofirany/images/400241/0.jpg HTTP/2.0" 200 37068 "-" "baselinker"
57.141.0.20 - - [11/Apr/2025:12:31:27 +0200] "GET /others/test_aw_orders_sellasist/?C=N;O=A HTTP/2.0" 200 672 "-" "meta-externalagent/1.1 (+https://developers.facebook.com/docs/sharing/webmasters/crawler)"
51.77.52.107 - - [11/Apr/2025:12:31:30 +0200] "GET /Jurek/eurofirany/images/400241/0.jpg HTTP/2.0" 200 37068 "-" "baselinker"
193.33.8.61 - - [11/Apr/2025:12:31:37 +0200] "GET /Filip/janshop_orders HTTP/2.0" 301 262 "-" "Mozilla/5.0 (Macintosh; Intel Mac OS X 10_15_7) AppleWebKit/537.36 (KHTML, like Gecko) Chrome/135.0.0.0 Safari/537.36"
193.33.8.61 - - [11/Apr/2025:12:31:37 +0200] "GET /Filip/janshop_orders/ HTTP/2.0" 200 1236 "-" "Mozilla/5.0 (Macintosh; Intel Mac OS X 10_15_7) AppleWebKit/537.36 (KHTML, like Gecko) Chrome/135.0.0.0 Safari/537.36"
193.33.8.61 - - [11/Apr/2025:12:31:38 +0200] "GET /favicon.ico HTTP/2.0" 404 3551 "https://dkkapusta1997.usermd.net/Filip/janshop_orders/" "Mozilla/5.0 (Macintosh; Intel Mac OS X 10_15_7) AppleWebKit/537.36 (KHTML, like Gecko) Chrome/135.0.0.0 Safari/537.36"
193.33.8.61 - - [11/Apr/2025:12:31:42 +0200] "GET /Filip/janshop_orders/exports HTTP/2.0" 301 270 "-" "Mozilla/5.0 (Macintosh; Intel Mac OS X 10_15_7) AppleWebKit/537.36 (KHTML, like Gecko) Chrome/135.0.0.0 Safari/537.36"
193.33.8.61 - - [11/Apr/2025:12:31:42 +0200] "GET /Filip/janshop_orders/exports/ HTTP/2.0" 200 644 "-" "Mozilla/5.0 (Macintosh; Intel Mac OS X 10_15_7) AppleWebKit/537.36 (KHTML, like Gecko) Chrome/135.0.0.0 Safari/537.36"
51.77.52.107 - - [11/Apr/2025:12:31:44 +0200] "GET /Jurek/eurofirany/images/400242/0.jpg HTTP/2.0" 200 38051 "-" "baselinker"
89.161.206.59 - - [11/Apr/2025:12:32:02 +0200] "GET /Jurek/madrex/feeds/madrex_emagro.xml HTTP/1.0" 200 466711 "-" "-"
89.161.206.59 - - [11/Apr/2025:12:32:30 +0200] "GET /Jurek/hlo/feeds/hlo_emagro.xml HTTP/1.0" 200 4838786 "-" "-"
89.161.206.59 - - [11/Apr/2025:12:32:30 +0200] "GET /Jurek/oknobest/feeds/oknobest_emagro.xml HTTP/1.0" 200 2708138 "-" "-"
89.161.206.59 - - [11/Apr/2025:12:32:33 +0200] "GET /Jurek/globaldeli/feeds/globaldeli_emagro.xml HTTP/1.0" 200 2590918 "-" "-"
51.77.52.107 - - [11/Apr/2025:12:32:35 +0200] "GET /Jurek/eurofirany/images/400242/0.jpg HTTP/2.0" 200 38051 "-" "baselinker"
51.77.52.107 - - [11/Apr/2025:12:32:37 +0200] "GET /Jurek/eurofirany/images/400242/0.jpg HTTP/2.0" 200 38051 "-" "baselinker"
51.77.52.107 - - [11/Apr/2025:12:32:54 +0200] "GET /Jurek/eurofirany/images/400243/0.jpg HTTP/2.0" 200 38051 "-" "baselinker"
89.161.206.59 - - [11/Apr/2025:12:33:03 +0200] "GET /Jurek/ikonka/feeds/ikonka_skroutz.xml HTTP/1.0" 200 22016820 "-" "-"
51.77.52.107 - - [11/Apr/2025:12:33:07 +0200] "GET /Jurek/eurofirany/images/400243/0.jpg HTTP/2.0" 200 38051 "-" "baselinker"
51.77.52.107 - - [11/Apr/2025:12:33:25 +0200] "GET /Jurek/eurofirany/images/400243/0.jpg HTTP/2.0" 200 38051 "-" "baselinker"
51.77.52.107 - - [11/Apr/2025:12:33:41 +0200] "GET /Jurek/eurofirany/images/400245/0.jpg HTTP/2.0" 200 38051 "-" "baselinker"
51.77.52.107 - - [11/Apr/2025:12:33:54 +0200] "GET /Jurek/eurofirany/images/400245/0.jpg HTTP/2.0" 200 38051 "-" "baselinker"
51.77.52.107 - - [11/Apr/2025:12:34:04 +0200] "GET /Jurek/eurofirany/images/400245/0.jpg HTTP/2.0" 200 38051 "-" "baselinker"
51.77.52.107 - - [11/Apr/2025:12:34:20 +0200] "GET /Jurek/eurofirany/images/400251/0.jpg HTTP/2.0" 200 31759 "-" "baselinker"
51.77.52.107 - - [11/Apr/2025:12:34:26 +0200] "GET /Jurek/eurofirany/images/400251/0.jpg HTTP/2.0" 200 31759 "-" "baselinker"
51.77.52.107 - - [11/Apr/2025:12:34:31 +0200] "GET /Jurek/eurofirany/images/400251/0.jpg HTTP/2.0" 200 31759 "-" "baselinker"
51.77.52.107 - - [11/Apr/2025:12:34:41 +0200] "GET /Jurek/eurofirany/images/400253/0.jpg HTTP/2.0" 200 27060 "-" "baselinker"
51.77.52.107 - - [11/Apr/2025:12:34:57 +0200] "GET /Jurek/eurofirany/images/400253/0.jpg HTTP/2.0" 200 27060 "-" "baselinker"
51.77.52.107 - - [11/Apr/2025:12:35:05 +0200] "GET /Jurek/eurofirany/images/400253/0.jpg HTTP/2.0" 200 27060 "-" "baselinker"
51.77.52.107 - - [11/Apr/2025:12:35:21 +0200] "GET /Jurek/eurofirany/images/400254/0.jpg HTTP/2.0" 200 27060 "-" "baselinker"
51.77.52.107 - - [11/Apr/2025:12:35:47 +0200] "GET /Jurek/eurofirany/images/400254/0.jpg HTTP/2.0" 200 27060 "-" "baselinker"
89.161.206.59 - - [11/Apr/2025:12:35:55 +0200] "GET /Jurek/fernity/feeds/fernity_skroutz.xml HTTP/1.0" 200 4796757 "-" "-"
51.77.52.107 - - [11/Apr/2025:12:36:03 +0200] "GET /Jurek/eurofirany/images/400254/0.jpg HTTP/2.0" 200 27060 "-" "baselinker"
89.161.206.59 - - [11/Apr/2025:12:36:15 +0200] "GET /Jurek/activeshop/feeds/activeshop_skroutz.xml HTTP/1.0" 200 10443625 "-" "-"
51.77.52.107 - - [11/Apr/2025:12:36:17 +0200] "GET /Jurek/eurofirany/images/400256/0.jpg HTTP/2.0" 200 37917 "-" "baselinker"
51.77.52.107 - - [11/Apr/2025:12:36:30 +0200] "GET /Jurek/eurofirany/images/400256/0.jpg HTTP/2.0" 200 37917 "-" "baselinker"
51.77.52.107 - - [11/Apr/2025:12:36:47 +0200] "GET /Jurek/eurofirany/images/400256/0.jpg HTTP/2.0" 200 37917 "-" "baselinker"
51.77.52.107 - - [11/Apr/2025:12:37:01 +0200] "GET /Jurek/eurofirany/images/400257/0.jpg HTTP/2.0" 200 37917 "-" "baselinker"
46.101.116.244 - - [11/Apr/2025:12:37:05 +0200] "GET /Jurek/beliani/feeds/beliani_skroutz.xml HTTP/1.0" 200 31264639 "-" "-"
51.77.52.107 - - [11/Apr/2025:12:37:21 +0200] "GET /Jurek/eurofirany/images/400257/0.jpg HTTP/2.0" 200 37917 "-" "baselinker"
46.101.116.244 - - [11/Apr/2025:12:37:22 +0200] "GET /Jurek/aw/feeds/aw_fnacfr.xml HTTP/1.0" 404 3551 "-" "-"
46.101.116.244 - - [11/Apr/2025:12:37:31 +0200] "GET /Jurek/hurtownia_przemyslowa/feeds/hp_fnacfr.xml HTTP/1.0" 200 49362716 "-" "-"
89.161.206.59 - - [11/Apr/2025:12:37:38 +0200] "GET /Jurek/muminky/feeds/muminky_cdsc.xml HTTP/1.0" 200 2935910 "-" "-"
89.161.206.59 - - [11/Apr/2025:12:37:38 +0200] "GET /Jurek/nexus/feeds/nexus_cdsc.xml HTTP/1.0" 200 325921 "-" "-"
89.161.206.59 - - [11/Apr/2025:12:37:39 +0200] "GET /Jurek/tsjerzy/feeds/tsjerzy_cdsc.xml HTTP/1.0" 200 4383151 "-" "-"
51.77.52.107 - - [11/Apr/2025:12:37:43 +0200] "GET /Jurek/eurofirany/images/400257/0.jpg HTTP/2.0" 200 37917 "-" "baselinker"
104.28.62.22 - - [11/Apr/2025:12:37:50 +0200] "GET /Jurek/topeshop/downloaded_images/5902838466353_SONOMA_.jpg HTTP/2.0" 200 86598 "https://itm.ebaydesc.com/" "Mozilla/5.0 (iPhone; CPU iPhone OS 18_3_2 like Mac OS X) AppleWebKit/605.1.15 (KHTML, like Gecko) Version/18.3.1 Mobile/15E148 Safari/604.1"
193.33.8.61 - - [11/Apr/2025:12:37:59 +0200] "GET /Jurek/hurtownia_przemyslowa/feeds/hp_zero.xml HTTP/2.0" 200 12992512 "https://konsola.dkkapusta1997.usermd.net/" "Mozilla/5.0 (Windows NT 10.0; Win64; x64) AppleWebKit/537.36 (KHTML, like Gecko) Chrome/135.0.0.0 Safari/537.36"
77.79.248.229 - - [11/Apr/2025:12:38:02 +0200] "GET /Jurek/hurtownia_przemyslowa/feeds/hp_zero.xml HTTP/1.1" 200 49360001 "-" "Python-urllib/3.11"
51.77.52.107 - - [11/Apr/2025:12:38:08 +0200] "GET /Jurek/eurofirany/images/398794/0.jpg HTTP/2.0" 200 45365 "-" "baselinker"
51.77.52.107 - - [11/Apr/2025:12:38:21 +0200] "GET /Jurek/eurofirany/images/398794/0.jpg HTTP/2.0" 200 45365 "-" "baselinker"
51.77.52.107 - - [11/Apr/2025:12:38:40 +0200] "GET /Jurek/eurofirany/images/398794/0.jpg HTTP/2.0" 200 45365 "-" "baselinker"
51.77.52.107 - - [11/Apr/2025:12:38:55 +0200] "GET /Jurek/eurofirany/images/398799/0.jpg HTTP/2.0" 200 28529 "-" "baselinker"
51.77.52.107 - - [11/Apr/2025:12:39:13 +0200] "GET /Jurek/eurofirany/images/398799/0.jpg HTTP/2.0" 200 28529 "-" "baselinker"
89.161.206.59 - - [11/Apr/2025:12:39:17 +0200] "GET /Jurek/lampart/feeds/lampart_bol.xml HTTP/1.0" 200 936034 "-" "-"
89.161.206.59 - - [11/Apr/2025:12:39:17 +0200] "GET /Jurek/drops/feeds/dropsofficecolection_bol.xml HTTP/1.0" 200 790597 "-" "-"
89.161.206.59 - - [11/Apr/2025:12:39:17 +0200] "GET /Jurek/bloomglow/feeds/bloomglow_bol.xml HTTP/1.0" 200 14095974 "-" "-"
89.161.206.59 - - [11/Apr/2025:12:39:20 +0200] "GET /Jurek/dekornatort/feeds/dekornatort_bol.xml HTTP/1.0" 200 225747 "-" "-"
89.161.206.59 - - [11/Apr/2025:12:39:24 +0200] "GET /Jurek/rovato/feeds/rovato_bol.xml HTTP/1.0" 200 180834 "-" "-"
51.77.52.107 - - [11/Apr/2025:12:39:31 +0200] "GET /Jurek/eurofirany/images/398799/0.jpg HTTP/2.0" 200 28529 "-" "baselinker"
178.21.154.6 - - [11/Apr/2025:12:39:34 +0200] "GET /Jurek/eurofirany/images/410347/0.jpg HTTP/1.1" 200 105615 "-" "-"
51.77.52.107 - - [11/Apr/2025:12:39:50 +0200] "GET /Jurek/eurofirany/images/398814/0.jpg HTTP/2.0" 200 34321 "-" "baselinker"
51.77.52.107 - - [11/Apr/2025:12:40:06 +0200] "GET /Jurek/eurofirany/images/398814/0.jpg HTTP/2.0" 200 34321 "-" "baselinker"
89.161.206.59 - - [11/Apr/2025:12:40:21 +0200] "GET /Jurek/nexus/feeds/nexus_amazonde.xml HTTP/1.0" 200 226639 "-" "-"
51.77.52.107 - - [11/Apr/2025:12:40:23 +0200] "GET /Jurek/eurofirany/images/398814/0.jpg HTTP/2.0" 200 34321 "-" "baselinker"
193.33.8.61 - - [11/Apr/2025:12:40:40 +0200] "GET /Jurek/kalama/feeds/kalama_cdsc.xml HTTP/2.0" 200 1574006 "https://konsola.dkkapusta1997.usermd.net/" "Mozilla/5.0 (Windows NT 10.0; Win64; x64) AppleWebKit/537.36 (KHTML, like Gecko) Chrome/135.0.0.0 Safari/537.36"
51.77.52.107 - - [11/Apr/2025:12:40:41 +0200] "GET /Jurek/eurofirany/images/398815/0.jpg HTTP/2.0" 200 34321 "-" "baselinker"
89.161.206.59 - - [11/Apr/2025:12:40:45 +0200] "GET /Jurek/bass/feeds/bass_amazonfr.xml HTTP/1.0" 200 3984407 "-" "-"
89.161.206.59 - - [11/Apr/2025:12:40:45 +0200] "GET /Jurek/bass/feeds/bass_amazonit.xml HTTP/1.0" 200 3984499 "-" "-"
89.161.206.59 - - [11/Apr/2025:12:40:45 +0200] "GET /Jurek/bass/feeds/bass_amazonnl.xml HTTP/1.0" 200 3984423 "-" "-"
89.161.206.59 - - [11/Apr/2025:12:40:46 +0200] "GET /Jurek/bass/feeds/bass_amazones.xml HTTP/1.0" 200 3984421 "-" "-"
89.161.206.59 - - [11/Apr/2025:12:40:46 +0200] "GET /Jurek/bass/feeds/bass_amazonse.xml HTTP/1.0" 200 3986186 "-" "-"
51.77.52.107 - - [11/Apr/2025:12:40:46 +0200] "GET /Jurek/eurofirany/images/398815/0.jpg HTTP/2.0" 200 34321 "-" "baselinker"
77.79.248.229 - - [11/Apr/2025:12:40:46 +0200] "GET /Jurek/kalama/feeds/kalama_cdsc.xml HTTP/1.1" 200 1574006 "-" "Python-urllib/3.11"
89.161.206.59 - - [11/Apr/2025:12:40:54 +0200] "GET /Jurek/kambukka/feeds/kambukka_amazonfr.xml HTTP/1.0" 200 1021381 "-" "-"
89.161.206.59 - - [11/Apr/2025:12:40:54 +0200] "GET /Jurek/kambukka/feeds/kambukka_amazonit.xml HTTP/1.0" 200 1021388 "-" "-"
89.161.206.59 - - [11/Apr/2025:12:40:54 +0200] "GET /Jurek/kambukka/feeds/kambukka_amazones.xml HTTP/1.0" 200 1021367 "-" "-"
89.161.206.59 - - [11/Apr/2025:12:40:54 +0200] "GET /Jurek/kambukka/feeds/kambukka_amazonnl.xml HTTP/1.0" 200 1021382 "-" "-"
89.161.206.59 - - [11/Apr/2025:12:40:55 +0200] "GET /Jurek/kambukka/feeds/kambukka_amazonse.xml HTTP/1.0" 200 1021641 "-" "-"
89.161.206.59 - - [11/Apr/2025:12:40:55 +0200] "GET /Jurek/hdwr/feeds/hdwr_amazonse.xml HTTP/1.0" 200 789682 "-" "-"
51.77.52.107 - - [11/Apr/2025:12:40:59 +0200] "GET /Jurek/eurofirany/images/398815/0.jpg HTTP/2.0" 200 34321 "-" "baselinker"
51.77.52.107 - - [11/Apr/2025:12:41:17 +0200] "GET /Jurek/eurofirany/images/398817/0.jpg HTTP/2.0" 200 34321 "-" "baselinker"
89.161.206.59 - - [11/Apr/2025:12:41:18 +0200] "GET /Jurek/sportprise/feeds/sportprise_amazonde.xml HTTP/1.0" 200 11781929 "-" "-"
51.77.52.107 - - [11/Apr/2025:12:41:33 +0200] "GET /Jurek/eurofirany/images/398817/0.jpg HTTP/2.0" 200 34321 "-" "baselinker"
51.77.52.107 - - [11/Apr/2025:12:41:48 +0200] "GET /Jurek/eurofirany/images/398817/0.jpg HTTP/2.0" 200 34321 "-" "baselinker"
51.77.52.107 - - [11/Apr/2025:12:42:02 +0200] "GET /Jurek/eurofirany/images/398818/0.jpg HTTP/2.0" 200 34321 "-" "baselinker"
51.77.52.107 - - [11/Apr/2025:12:42:08 +0200] "GET /Jurek/eurofirany/images/398818/0.jpg HTTP/2.0" 200 34321 "-" "baselinker"
193.33.8.61 - - [11/Apr/2025:12:42:11 +0200] "GET /Jurek/hurtownia_przemyslowa/feeds/hp_zero.xml HTTP/2.0" 206 1 "https://konsola.dkkapusta1997.usermd.net/" "Mozilla/5.0 (Windows NT 10.0; Win64; x64) AppleWebKit/537.36 (KHTML, like Gecko) Chrome/135.0.0.0 Safari/537.36"
52.17.80.36 - - [11/Apr/2025:12:42:15 +0200] "GET /marketplaces/worten2/results/worten.csv HTTP/1.1" 200 147218 "-" "Mirakl HttpClient"
51.77.52.107 - - [11/Apr/2025:12:42:20 +0200] "GET /Jurek/eurofirany/images/398818/0.jpg HTTP/2.0" 200 34321 "-" "baselinker"
193.33.8.61 - - [11/Apr/2025:12:42:21 +0200] "GET /Jurek/sempler/feeds/sempler_zero.xml HTTP/2.0" 200 6787903 "https://konsola.dkkapusta1997.usermd.net/" "Mozilla/5.0 (Windows NT 10.0; Win64; x64) AppleWebKit/537.36 (KHTML, like Gecko) Chrome/135.0.0.0 Safari/537.36"
51.77.52.107 - - [11/Apr/2025:12:42:43 +0200] "GET /Jurek/eurofirany/images/398819/0.jpg HTTP/2.0" 200 28870 "-" "baselinker"
51.77.52.107 - - [11/Apr/2025:12:42:47 +0200] "GET /Jurek/eurofirany/images/398819/0.jpg HTTP/2.0" 200 28870 "-" "baselinker"
51.77.52.107 - - [11/Apr/2025:12:43:02 +0200] "GET /Jurek/eurofirany/images/398819/0.jpg HTTP/2.0" 200 28870 "-" "baselinker"
51.77.52.107 - - [11/Apr/2025:12:43:26 +0200] "GET /Jurek/eurofirany/images/398822/0.jpg HTTP/2.0" 200 28870 "-" "baselinker"
46.101.116.244 - - [11/Apr/2025:12:43:36 +0200] "GET /Jurek/chemex/feeds/chemex_empik.xml HTTP/1.0" 200 47822490 "-" "-"
46.101.116.244 - - [11/Apr/2025:12:43:40 +0200] "GET /Jurek/vivaldi/feeds/vivaldi_allegro.xml HTTP/1.0" 200 344685 "-" "-"
46.101.116.244 - - [11/Apr/2025:12:43:41 +0200] "GET /Jurek/kokiska/feeds/kokiska_allegro.xml HTTP/1.0" 200 11805412 "-" "-"
51.77.52.107 - - [11/Apr/2025:12:43:46 +0200] "GET /Jurek/eurofirany/images/398822/0.jpg HTTP/2.0" 200 28870 "-" "baselinker"
51.77.52.107 - - [11/Apr/2025:12:44:02 +0200] "GET /Jurek/eurofirany/images/398822/0.jpg HTTP/2.0" 200 28870 "-" "baselinker"
51.77.52.107 - - [11/Apr/2025:12:44:17 +0200] "GET /Jurek/eurofirany/images/398835/0.jpg HTTP/2.0" 200 35427 "-" "baselinker"
51.77.52.107 - - [11/Apr/2025:12:44:30 +0200] "GET /Jurek/eurofirany/images/398835/0.jpg HTTP/2.0" 200 35427 "-" "baselinker"
51.77.52.107 - - [11/Apr/2025:12:44:47 +0200] "GET /Jurek/eurofirany/images/398835/0.jpg HTTP/2.0" 200 35427 "-" "baselinker"
51.77.52.107 - - [11/Apr/2025:12:45:05 +0200] "GET /Jurek/eurofirany/images/398839/0.jpg HTTP/2.0" 200 42705 "-" "baselinker"
193.33.8.61 - - [11/Apr/2025:12:45:20 +0200] "GET /Filip/janshop_orders/ HTTP/2.0" 401 3550 "-" "Mozilla/5.0 (Macintosh; Intel Mac OS X 10_15_7) AppleWebKit/537.36 (KHTML, like Gecko) Chrome/135.0.0.0 Safari/537.36"
51.77.52.107 - - [11/Apr/2025:12:45:26 +0200] "GET /Jurek/eurofirany/images/398839/0.jpg HTTP/2.0" 200 42705 "-" "baselinker"
193.33.8.61 - - [11/Apr/2025:12:45:29 +0200] "GET /Filip/janshop_orders/ HTTP/2.0" 401 3550 "-" "Mozilla/5.0 (Macintosh; Intel Mac OS X 10_15_7) AppleWebKit/537.36 (KHTML, like Gecko) Chrome/135.0.0.0 Safari/537.36"
193.33.8.61 - - [11/Apr/2025:12:45:33 +0200] "GET /Filip/janshop_orders/.htaccess HTTP/2.0" 403 3538 "-" "Mozilla/5.0 (Macintosh; Intel Mac OS X 10_15_7) AppleWebKit/537.36 (KHTML, like Gecko) Chrome/135.0.0.0 Safari/537.36"
51.77.52.107 - - [11/Apr/2025:12:45:38 +0200] "GET /Jurek/eurofirany/images/398839/0.jpg HTTP/2.0" 200 42705 "-" "baselinker"
51.77.52.107 - - [11/Apr/2025:12:45:46 +0200] "GET /Jurek/eurofirany/images/406016/0.jpg HTTP/2.0" 200 30690 "-" "baselinker"
46.175.227.131 - - [11/Apr/2025:12:45:57 +0200] "GET /Jurek/beltimore/feeds/beltimore_amazonde.xml HTTP/2.0" 200 9445187 "https://konsola.dkkapusta1997.usermd.net/" "Mozilla/5.0 (Windows NT 10.0; Win64; x64) AppleWebKit/537.36 (KHTML, like Gecko) Chrome/135.0.0.0 Safari/537.36"
51.77.52.107 - - [11/Apr/2025:12:45:58 +0200] "GET /Jurek/eurofirany/images/406016/0.jpg HTTP/2.0" 200 30690 "-" "baselinker"
178.21.154.6 - - [11/Apr/2025:12:46:04 +0200] "GET /Jurek/eurofirany/images/401278/0.jpg HTTP/1.1" 200 83393 "-" "-"
51.77.52.107 - - [11/Apr/2025:12:46:23 +0200] "GET /Jurek/eurofirany/images/406016/0.jpg HTTP/2.0" 200 30690 "-" "baselinker"
89.161.206.59 - - [11/Apr/2025:12:46:25 +0200] "GET /Jurek/cenoman/feeds/cenoman_cdsc.xml HTTP/1.0" 200 4589232 "-" "-"
51.77.52.107 - - [11/Apr/2025:12:46:34 +0200] "GET /Jurek/eurofirany/images/406017/0.jpg HTTP/2.0" 200 31190 "-" "baselinker"
51.77.52.107 - - [11/Apr/2025:12:46:39 +0200] "GET /Jurek/eurofirany/images/406017/0.jpg HTTP/2.0" 200 31190 "-" "baselinker"
46.101.116.244 - - [11/Apr/2025:12:46:45 +0200] "GET /Jurek/b3/feeds/b3_alza.xml HTTP/2.0" 200 8037239 "-" "-"
89.161.206.59 - - [11/Apr/2025:12:46:56 +0200] "GET /Jurek/filmal/feeds/filmal_aliex.xml HTTP/1.0" 200 139294 "-" "-"
89.161.206.59 - - [11/Apr/2025:12:46:57 +0200] "GET /Jurek/sovapl/feeds/sovapl_aliex.xml HTTP/1.0" 200 9002784 "-" "-"
89.161.206.59 - - [11/Apr/2025:12:46:58 +0200] "GET /Jurek/riko/feeds/riko_aliex.xml HTTP/1.0" 200 3786216 "-" "-"
89.161.206.59 - - [11/Apr/2025:12:46:58 +0200] "GET /Jurek/gandalf/feeds/gandalf_aliex.xml HTTP/1.0" 200 1082569 "-" "-"
89.161.206.59 - - [11/Apr/2025:12:46:58 +0200] "GET /Jurek/andex/feeds/andex_aliex.xml HTTP/1.0" 200 1953945 "-" "-"
89.161.206.59 - - [11/Apr/2025:12:46:59 +0200] "GET /Jurek/sebmart/feeds/sebmart_aliex.xml HTTP/1.0" 200 1599106 "-" "-"
89.161.206.59 - - [11/Apr/2025:12:46:59 +0200] "GET /Jurek/bemipol/feeds/bemipol_aliex.xml HTTP/1.0" 200 423687 "-" "-"
89.161.206.59 - - [11/Apr/2025:12:46:59 +0200] "GET /Jurek/tsjerzy/feeds/tsjerzy_aliex.xml HTTP/1.0" 200 3899784 "-" "-"
89.161.206.59 - - [11/Apr/2025:12:47:00 +0200] "GET /Jurek/equalo/feeds/equalo_aliex.xml HTTP/1.0" 200 98019 "-" "-"
89.161.206.59 - - [11/Apr/2025:12:47:00 +0200] "GET /Jurek/newtechele/feeds/newtechele_aliex.xml HTTP/1.0" 200 2438724 "-" "-"
89.161.206.59 - - [11/Apr/2025:12:47:00 +0200] "GET /Jurek/nonabox/feeds/nonabox_aliex.xml HTTP/1.0" 200 33874 "-" "-"
89.161.206.59 - - [11/Apr/2025:12:47:02 +0200] "GET /Jurek/amzteam/feeds/amzteam_aliex.xml HTTP/1.0" 200 97912 "-" "-"
51.77.52.107 - - [11/Apr/2025:12:47:05 +0200] "GET /Jurek/eurofirany/images/406017/0.jpg HTTP/2.0" 200 31190 "-" "baselinker"
46.101.116.244 - - [11/Apr/2025:12:47:10 +0200] "GET /Jurek/action/feeds/action_alza.xml HTTP/2.0" 200 60244767 "-" "-"
46.101.116.244 - - [11/Apr/2025:12:47:28 +0200] "GET /Jurek/eurofirany/feeds/eurofirany_ceneo.xml HTTP/1.0" 200 19350598 "-" "-"
51.77.52.107 - - [11/Apr/2025:12:47:30 +0200] "GET /Jurek/eurofirany/images/406020/0.jpg HTTP/2.0" 200 31190 "-" "baselinker"
51.77.52.107 - - [11/Apr/2025:12:47:47 +0200] "GET /Jurek/eurofirany/images/406020/0.jpg HTTP/2.0" 200 31190 "-" "baselinker"
51.77.52.107 - - [11/Apr/2025:12:47:49 +0200] "GET /Jurek/eurofirany/images/406020/0.jpg HTTP/2.0" 200 31190 "-" "baselinker"
178.21.154.6 - - [11/Apr/2025:12:48:03 +0200] "GET /Jurek/eurofirany/images/440203/0.jpg HTTP/1.1" 200 69669 "-" "-"
178.21.154.6 - - [11/Apr/2025:12:48:03 +0200] "GET /Jurek/eurofirany/images/434178/0.jpg HTTP/1.1" 200 127184 "-" "-"
51.77.52.107 - - [11/Apr/2025:12:48:05 +0200] "GET /Jurek/eurofirany/images/406033/0.jpg HTTP/2.0" 200 33884 "-" "baselinker"
51.77.52.107 - - [11/Apr/2025:12:48:23 +0200] "GET /Jurek/eurofirany/images/406033/0.jpg HTTP/2.0" 200 33884 "-" "baselinker"
51.77.52.107 - - [11/Apr/2025:12:48:42 +0200] "GET /Jurek/eurofirany/images/406033/0.jpg HTTP/2.0" 200 33884 "-" "baselinker"
46.101.116.244 - - [11/Apr/2025:12:48:57 +0200] "GET /Jurek/unimet/feeds/unimet_alza.xml HTTP/2.0" 200 60532900 "-" "-"
51.77.52.107 - - [11/Apr/2025:12:49:01 +0200] "GET /Jurek/eurofirany/images/406034/0.jpg HTTP/2.0" 200 598371 "-" "baselinker"
51.77.52.107 - - [11/Apr/2025:12:49:02 +0200] "GET /Jurek/eurofirany/images/406034/0.jpg HTTP/2.0" 200 598371 "-" "baselinker"
51.77.52.107 - - [11/Apr/2025:12:49:03 +0200] "GET /Jurek/eurofirany/images/406034/0.jpg HTTP/2.0" 200 598371 "-" "baselinker"
51.77.52.107 - - [11/Apr/2025:12:49:04 +0200] "GET /Jurek/eurofirany/images/406031/0.jpg HTTP/2.0" 200 39914 "-" "baselinker"
51.77.52.107 - - [11/Apr/2025:12:49:20 +0200] "GET /Jurek/eurofirany/images/406031/0.jpg HTTP/2.0" 200 39914 "-" "baselinker"
51.77.52.107 - - [11/Apr/2025:12:49:25 +0200] "GET /Jurek/eurofirany/images/406031/0.jpg HTTP/2.0" 200 39914 "-" "baselinker"
89.161.206.59 - - [11/Apr/2025:12:49:42 +0200] "GET /Jurek/eurofirany/feeds/eurofirany_ebay.xml HTTP/1.0" 200 19238348 "-" "-"
51.77.52.107 - - [11/Apr/2025:12:49:44 +0200] "GET /Jurek/eurofirany/images/433795/0.jpg HTTP/2.0" 200 75732 "-" "baselinker"
51.77.52.107 - - [11/Apr/2025:12:49:58 +0200] "GET /Jurek/eurofirany/images/433795/0.jpg HTTP/2.0" 200 75732 "-" "baselinker"
51.77.52.107 - - [11/Apr/2025:12:50:23 +0200] "GET /Jurek/eurofirany/images/433795/0.jpg HTTP/2.0" 200 75732 "-" "baselinker"
51.77.52.107 - - [11/Apr/2025:12:50:33 +0200] "GET /Jurek/eurofirany/images/433794/0.jpg HTTP/2.0" 200 75732 "-" "baselinker"
51.77.52.107 - - [11/Apr/2025:12:50:52 +0200] "GET /Jurek/eurofirany/images/433794/0.jpg HTTP/2.0" 200 75732 "-" "baselinker"
46.175.227.131 - - [11/Apr/2025:12:51:01 +0200] "GET /Jurek/kinghome/output.txt HTTP/2.0" 200 7055 "https://konsola.dkkapusta1997.usermd.net/" "Mozilla/5.0 (Windows NT 10.0; Win64; x64) AppleWebKit/537.36 (KHTML, like Gecko) Chrome/135.0.0.0 Safari/537.36"
51.77.52.107 - - [11/Apr/2025:12:51:05 +0200] "GET /Jurek/eurofirany/images/433794/0.jpg HTTP/2.0" 200 75732 "-" "baselinker"
51.77.52.107 - - [11/Apr/2025:12:51:23 +0200] "GET /Jurek/eurofirany/images/433801/0.jpg HTTP/2.0" 200 73584 "-" "baselinker"
46.101.116.244 - - [11/Apr/2025:12:51:25 +0200] "GET /Jurek/andex/feeds/andex_alza.xml HTTP/2.0" 200 1954499 "-" "-"
46.101.116.244 - - [11/Apr/2025:12:51:37 +0200] "GET /Jurek/aw/feeds/awnarzedzia_alza.xml HTTP/2.0" 200 90677349 "-" "-"
46.101.116.244 - - [11/Apr/2025:12:51:43 +0200] "GET /Jurek/aw/feeds/aw_fnacfr.xml HTTP/1.0" 404 3551 "-" "-"
51.77.52.107 - - [11/Apr/2025:12:51:45 +0200] "GET /Jurek/eurofirany/images/433801/0.jpg HTTP/2.0" 200 73584 "-" "baselinker"
89.161.206.59 - - [11/Apr/2025:12:51:47 +0200] "GET /Jurek/sportprise/feeds/sportprise_cdsc.xml HTTP/1.0" 200 16750532 "-" "-"
89.161.206.59 - - [11/Apr/2025:12:51:48 +0200] "GET /Jurek/princelh/feeds/princelh_cdsc.xml HTTP/1.0" 200 123627 "-" "-"
89.161.206.59 - - [11/Apr/2025:12:51:51 +0200] "GET /Jurek/amzteam/feeds/amzteam_cdsc.xml HTTP/1.0" 200 145385 "-" "-"
51.77.52.107 - - [11/Apr/2025:12:52:06 +0200] "GET /Jurek/eurofirany/images/433801/0.jpg HTTP/2.0" 200 73584 "-" "baselinker"
46.101.116.244 - - [11/Apr/2025:12:52:06 +0200] "GET /Jurek/detian/feeds/detian_alza.xml HTTP/2.0" 404 3551 "-" "-"
46.101.116.244 - - [11/Apr/2025:12:52:17 +0200] "GET /Jurek/fernity/feeds/fernity_alza.xml HTTP/2.0" 200 4800435 "-" "-"
51.77.52.107 - - [11/Apr/2025:12:52:21 +0200] "GET /Jurek/eurofirany/images/433802/0.jpg HTTP/2.0" 200 73584 "-" "baselinker"
89.161.206.59 - - [11/Apr/2025:12:52:39 +0200] "GET /Jurek/proparts/feeds/proparts_emagro.xml HTTP/1.0" 200 707617 "-" "-"
46.101.116.244 - - [11/Apr/2025:12:52:39 +0200] "GET /Jurek/octopia/feeds/octopia_alzacz.xml HTTP/2.0" 200 10117156 "-" "-"
89.161.206.59 - - [11/Apr/2025:12:52:39 +0200] "GET /Jurek/cdata/feeds/cdata_emagro.xml HTTP/1.0" 200 1445566 "-" "-"
51.77.52.107 - - [11/Apr/2025:12:52:43 +0200] "GET /Jurek/eurofirany/images/433802/0.jpg HTTP/2.0" 200 73584 "-" "baselinker"
46.101.116.244 - - [11/Apr/2025:12:52:51 +0200] "GET /Jurek/unimet/feeds/unimet_alza.xml HTTP/2.0" 200 60532900 "-" "-"
51.77.52.107 - - [11/Apr/2025:12:53:01 +0200] "GET /Jurek/eurofirany/images/433802/0.jpg HTTP/2.0" 200 73584 "-" "baselinker"
46.101.116.244 - - [11/Apr/2025:12:53:11 +0200] "GET /Jurek/eurofirany/feeds/eurofirany_alza.xml HTTP/2.0" 200 19314762 "-" "-"
51.77.52.107 - - [11/Apr/2025:12:53:13 +0200] "GET /Jurek/eurofirany/images/452704/0.jpg HTTP/2.0" 200 82619 "-" "baselinker"
51.77.52.107 - - [11/Apr/2025:12:53:19 +0200] "GET /Jurek/eurofirany/images/452704/0.jpg HTTP/2.0" 200 82619 "-" "baselinker"
51.77.52.107 - - [11/Apr/2025:12:53:24 +0200] "GET /Jurek/eurofirany/images/452704/0.jpg HTTP/2.0" 200 82619 "-" "baselinker"
193.33.8.61 - - [11/Apr/2025:12:53:27 +0200] "GET /Jurek/stiv/output.txt HTTP/2.0" 200 8712 "https://konsola.dkkapusta1997.usermd.net/" "Mozilla/5.0 (Windows NT 10.0; Win64; x64) AppleWebKit/537.36 (KHTML, like Gecko) Chrome/135.0.0.0 Safari/537.36"
193.33.8.61 - - [11/Apr/2025:12:53:27 +0200] "GET /favicon.ico HTTP/2.0" 404 3551 "https://dkkapusta1997.usermd.net/Jurek/stiv/output.txt" "Mozilla/5.0 (Windows NT 10.0; Win64; x64) AppleWebKit/537.36 (KHTML, like Gecko) Chrome/135.0.0.0 Safari/537.36"
66.249.64.167 - - [11/Apr/2025:12:53:29 +0200] "GET /Jurek/eurofirany/images/387144/4.jpg HTTP/1.1" 200 174475 "-" "Googlebot-Image/1.0"
46.101.116.244 - - [11/Apr/2025:12:53:30 +0200] "GET /Jurek/beliani/feeds/beliani_alza.xml HTTP/2.0" 200 15370302 "-" "-"
51.77.52.107 - - [11/Apr/2025:12:53:45 +0200] "GET /Jurek/eurofirany/images/378340/0.jpg HTTP/2.0" 200 156945 "-" "baselinker"
46.101.116.244 - - [11/Apr/2025:12:53:58 +0200] "GET /Jurek/vivaldi/feeds/vivaldi_alza.xml HTTP/2.0" 200 344825 "-" "-"
51.77.52.107 - - [11/Apr/2025:12:54:05 +0200] "GET /Jurek/eurofirany/images/378340/0.jpg HTTP/2.0" 200 156945 "-" "baselinker"
51.77.52.107 - - [11/Apr/2025:12:54:07 +0200] "GET /Jurek/eurofirany/images/378340/0.jpg HTTP/2.0" 200 156945 "-" "baselinker"
46.101.116.244 - - [11/Apr/2025:12:54:09 +0200] "GET /Jurek/ikonka/feeds/ikonka_alza.xml HTTP/2.0" 200 22019251 "-" "-"
51.77.52.107 - - [11/Apr/2025:12:54:10 +0200] "GET /Jurek/eurofirany/images/462513/0.jpg HTTP/2.0" 200 28034 "-" "baselinker"
46.101.116.244 - - [11/Apr/2025:12:54:22 +0200] "GET /Jurek/stema/feeds/stema_alza.xml HTTP/2.0" 200 852477 "-" "-"
46.101.116.244 - - [11/Apr/2025:12:54:34 +0200] "GET /Jurek/kinghoff/feeds/kinghoff_alza.xml HTTP/2.0" 200 15440798 "-" "-"
51.77.52.107 - - [11/Apr/2025:12:54:35 +0200] "GET /Jurek/eurofirany/images/462513/0.jpg HTTP/2.0" 200 28034 "-" "baselinker"
46.101.116.244 - - [11/Apr/2025:12:54:53 +0200] "GET /Jurek/beltimore/feeds/beltimore_mallsish.xml HTTP/2.0" 200 18651619 "-" "-"
51.77.52.107 - - [11/Apr/2025:12:54:55 +0200] "GET /Jurek/eurofirany/images/462513/0.jpg HTTP/2.0" 200 28034 "-" "baselinker"
51.77.52.107 - - [11/Apr/2025:12:55:02 +0200] "GET /Jurek/eurofirany/images/462514/0.jpg HTTP/2.0" 200 42234 "-" "baselinker"
46.101.116.244 - - [11/Apr/2025:12:55:09 +0200] "GET /Jurek/drops/feeds/dropsofficecolection_mallsish.xml HTTP/2.0" 200 790594 "-" "-"
46.101.116.244 - - [11/Apr/2025:12:55:20 +0200] "GET /Jurek/hdwr/feeds/hdwr_mallsish.xml HTTP/2.0" 200 789402 "-" "-"
51.77.52.107 - - [11/Apr/2025:12:55:28 +0200] "GET /Jurek/eurofirany/images/462514/0.jpg HTTP/2.0" 200 42234 "-" "baselinker"
46.101.116.244 - - [11/Apr/2025:12:55:30 +0200] "GET /Jurek/narzbud/feeds/narzbud_mallsish.xml HTTP/2.0" 200 1901243 "-" "-"
46.101.116.244 - - [11/Apr/2025:12:55:41 +0200] "GET /Jurek/newtechele/feeds/newtechele_mallsish.xml HTTP/2.0" 200 2438504 "-" "-"
51.77.52.107 - - [11/Apr/2025:12:55:46 +0200] "GET /Jurek/eurofirany/images/462514/0.jpg HTTP/2.0" 200 42234 "-" "baselinker"
46.101.116.244 - - [11/Apr/2025:12:55:51 +0200] "GET /Jurek/pagmil/feeds/pagmil_mallsish.xml HTTP/2.0" 200 1802836 "-" "-"
193.33.8.61 - - [11/Apr/2025:12:55:57 +0200] "GET /Filip/janshop_orders/ HTTP/2.0" 401 3550 "-" "Mozilla/5.0 (Macintosh; Intel Mac OS X 10_15_7) AppleWebKit/537.36 (KHTML, like Gecko) Chrome/135.0.0.0 Safari/537.36"
46.101.116.244 - - [11/Apr/2025:12:56:04 +0200] "GET /Jurek/pawonik/feeds/pawonik_mallsish.xml HTTP/2.0" 200 2138390 "-" "-"
51.77.52.107 - - [11/Apr/2025:12:56:05 +0200] "GET /Jurek/eurofirany/images/462516/0.jpg HTTP/2.0" 200 72096 "-" "baselinker"
193.33.8.61 - maria [11/Apr/2025:12:56:07 +0200] "GET /Filip/janshop_orders/ HTTP/2.0" 200 1236 "-" "Mozilla/5.0 (Macintosh; Intel Mac OS X 10_15_7) AppleWebKit/537.36 (KHTML, like Gecko) Chrome/135.0.0.0 Safari/537.36"
193.33.8.61 - maria [11/Apr/2025:12:56:10 +0200] "GET /Filip/janshop_orders/exports/ HTTP/2.0" 200 644 "https://dkkapusta1997.usermd.net/Filip/janshop_orders/" "Mozilla/5.0 (Macintosh; Intel Mac OS X 10_15_7) AppleWebKit/537.36 (KHTML, like Gecko) Chrome/135.0.0.0 Safari/537.36"
46.101.116.244 - - [11/Apr/2025:12:56:14 +0200] "GET /Jurek/proadventure/feeds/proadventure_mallsish.xml HTTP/2.0" 200 10763432 "-" "-"
193.33.8.61 - - [11/Apr/2025:12:56:19 +0200] "GET /Filip/janshop_orders/exports/ HTTP/2.0" 401 3550 "-" "Mozilla/5.0 (Macintosh; Intel Mac OS X 10_15_7) AppleWebKit/537.36 (KHTML, like Gecko) Chrome/135.0.0.0 Safari/537.36"
193.33.8.61 - maria [11/Apr/2025:12:56:20 +0200] "GET /Filip/janshop_orders/exports/ HTTP/2.0" 200 644 "-" "Mozilla/5.0 (Macintosh; Intel Mac OS X 10_15_7) AppleWebKit/537.36 (KHTML, like Gecko) Chrome/135.0.0.0 Safari/537.36"
46.101.116.244 - - [11/Apr/2025:12:56:26 +0200] "GET /Jurek/rems/feeds/rems_mallsish.xml HTTP/2.0" 200 8706208 "-" "-"
51.77.52.107 - - [11/Apr/2025:12:56:29 +0200] "GET /Jurek/eurofirany/images/462516/0.jpg HTTP/2.0" 200 72096 "-" "baselinker"
51.77.52.107 - - [11/Apr/2025:12:56:37 +0200] "GET /Jurek/eurofirany/images/462516/0.jpg HTTP/2.0" 200 72096 "-" "baselinker"
46.101.116.244 - - [11/Apr/2025:12:56:37 +0200] "GET /Jurek/roger/feeds/roger_mallsish.xml HTTP/2.0" 200 1396571 "-" "-"
89.161.206.59 - - [11/Apr/2025:12:56:43 +0200] "GET /Jurek/topeshop/feeds/topeshop_ebayDE.xml HTTP/1.0" 200 1963589 "-" "-"
51.77.52.107 - - [11/Apr/2025:12:56:45 +0200] "GET /Jurek/topeshop/downloaded_images/5904507206857_Bry\xC5\x82a20004.jpg HTTP/2.0" 200 74064 "-" "baselinker"
46.101.116.244 - - [11/Apr/2025:12:56:48 +0200] "GET /Jurek/sovapl/feeds/sovapl_mallsish.xml HTTP/2.0" 200 8999328 "-" "-"
44.200.117.14 - - [11/Apr/2025:12:56:52 +0200] "GET /Filip/janshop_orders/exports/ HTTP/1.1" 401 3550 "-" "Slackbot-LinkExpanding 1.0 (+https://api.slack.com/robots)"
51.77.52.107 - - [11/Apr/2025:12:56:57 +0200] "GET /Jurek/eurofirany/images/462517/0.jpg HTTP/2.0" 200 71997 "-" "baselinker"
51.77.52.107 - - [11/Apr/2025:12:56:57 +0200] "GET /Jurek/topeshop/downloaded_images/5904507206857_Bry\xC5\x82a20004.jpg HTTP/2.0" 200 74064 "-" "baselinker"
51.77.52.107 - - [11/Apr/2025:12:57:03 +0200] "GET /Jurek/topeshop/downloaded_images/5904507206857_Bry\xC5\x82a20004.jpg HTTP/2.0" 200 74064 "-" "baselinker"
51.77.52.107 - - [11/Apr/2025:12:57:14 +0200] "GET /Jurek/eurofirany/images/462517/0.jpg HTTP/2.0" 200 71997 "-" "baselinker"
51.77.52.107 - - [11/Apr/2025:12:57:18 +0200] "GET /Jurek/eurofirany/images/462517/0.jpg HTTP/2.0" 200 71997 "-" "baselinker"
46.101.116.244 - - [11/Apr/2025:12:57:24 +0200] "GET /Jurek/stiv/feeds/stiv_mallsish.xml HTTP/2.0" 200 2056815 "-" "-"
51.77.52.107 - - [11/Apr/2025:12:57:27 +0200] "GET /Jurek/eurofirany/images/462518/0.jpg HTTP/2.0" 200 42637 "-" "baselinker"
46.101.116.244 - - [11/Apr/2025:12:57:35 +0200] "GET /Jurek/fertes/feeds/fertes_mallsish.xml HTTP/2.0" 200 2361761 "-" "-"
89.161.206.59 - - [11/Apr/2025:12:57:45 +0200] "GET /Jurek/bass_new/feeds/bass_ebayde.xml HTTP/1.0" 200 4806733 "-" "-"
46.101.116.244 - - [11/Apr/2025:12:57:47 +0200] "GET /Jurek/avenido/feeds/avenido_mallsish.xml HTTP/2.0" 200 720080 "-" "-"
51.77.52.107 - - [11/Apr/2025:12:57:52 +0200] "GET /Jurek/eurofirany/images/462518/0.jpg HTTP/2.0" 200 42637 "-" "baselinker"
51.77.52.107 - - [11/Apr/2025:12:57:57 +0200] "GET /Jurek/eurofirany/images/462518/0.jpg HTTP/2.0" 200 42637 "-" "baselinker"
46.101.116.244 - - [11/Apr/2025:12:57:58 +0200] "GET /Jurek/carbonyway/feeds/carbonyway_mallsish.xml HTTP/2.0" 200 3076008 "-" "-"
46.101.116.244 - - [11/Apr/2025:12:58:10 +0200] "GET /Jurek/cenoman/feeds/cenoman_mallsish.xml HTTP/2.0" 200 5993216 "-" "-"
51.77.52.107 - - [11/Apr/2025:12:58:16 +0200] "GET /Jurek/eurofirany/images/462520/0.jpg HTTP/2.0" 200 58512 "-" "baselinker"
51.77.52.107 - - [11/Apr/2025:12:58:22 +0200] "GET /Jurek/eurofirany/images/462520/0.jpg HTTP/2.0" 200 58512 "-" "baselinker"
46.101.116.244 - - [11/Apr/2025:12:58:24 +0200] "GET /Jurek/equalo/feeds/equalo_mallsish.xml HTTP/2.0" 200 98011 "-" "-"
89.161.206.59 - - [11/Apr/2025:12:58:29 +0200] "GET /Jurek/ikonka/feeds/ikonka_ebayde.xml HTTP/1.0" 200 7025759 "-" "-"
51.77.52.107 - - [11/Apr/2025:12:58:29 +0200] "GET /Jurek/eurofirany/images/462520/0.jpg HTTP/2.0" 200 58512 "-" "baselinker"
46.101.116.244 - - [11/Apr/2025:12:58:35 +0200] "GET /Jurek/kamar/feeds/kamar_mallsish.xml HTTP/2.0" 200 25549829 "-" "-"
193.33.8.61 - maria [11/Apr/2025:12:58:44 +0200] "GET /Filip/janshop_orders/exports/ HTTP/2.0" 200 3278 "https://dkkapusta1997.usermd.net/Filip/janshop_orders/" "Mozilla/5.0 (Macintosh; Intel Mac OS X 10_15_7) AppleWebKit/537.36 (KHTML, like Gecko) Chrome/135.0.0.0 Safari/537.36"
193.33.8.61 - maria [11/Apr/2025:12:58:44 +0200] "GET /Filip/janshop_orders/exports/ HTTP/2.0" 304 0 "https://dkkapusta1997.usermd.net/Filip/janshop_orders/exports/" "Mozilla/5.0 (Macintosh; Intel Mac OS X 10_15_7) AppleWebKit/537.36 (KHTML, like Gecko) Chrome/135.0.0.0 Safari/537.36"
193.33.8.61 - maria [11/Apr/2025:12:58:49 +0200] "GET /Filip/janshop_orders/exports/ HTTP/2.0" 304 0 "https://dkkapusta1997.usermd.net/Filip/janshop_orders/" "Mozilla/5.0 (Macintosh; Intel Mac OS X 10_15_7) AppleWebKit/537.36 (KHTML, like Gecko) Chrome/135.0.0.0 Safari/537.36"
193.33.8.61 - maria [11/Apr/2025:12:58:50 +0200] "GET /Filip/janshop_orders/exports/ HTTP/2.0" 304 0 "https://dkkapusta1997.usermd.net/Filip/janshop_orders/" "Mozilla/5.0 (Macintosh; Intel Mac OS X 10_15_7) AppleWebKit/537.36 (KHTML, like Gecko) Chrome/135.0.0.0 Safari/537.36"
51.77.52.107 - - [11/Apr/2025:12:58:53 +0200] "GET /Jurek/eurofirany/images/462522/0.jpg HTTP/2.0" 200 47408 "-" "baselinker"
46.101.116.244 - - [11/Apr/2025:12:58:53 +0200] "GET /Jurek/lampart/feeds/lampart_mallsish.xml HTTP/2.0" 200 936050 "-" "-"
193.33.8.61 - - [11/Apr/2025:12:59:00 +0200] "GET /Filip/janshop_orders/exports/ HTTP/2.0" 401 3550 "-" "Mozilla/5.0 (Windows NT 10.0; Win64; x64) AppleWebKit/537.36 (KHTML, like Gecko) Chrome/135.0.0.0 Safari/537.36"
46.101.116.244 - - [11/Apr/2025:12:59:05 +0200] "GET /Jurek/makow/feeds/makow_mallsish.xml HTTP/2.0" 200 21203656 "-" "-"
193.33.8.61 - maria [11/Apr/2025:12:59:11 +0200] "GET /Filip/janshop_orders/exports/ HTTP/2.0" 200 3278 "-" "Mozilla/5.0 (Windows NT 10.0; Win64; x64) AppleWebKit/537.36 (KHTML, like Gecko) Chrome/135.0.0.0 Safari/537.36"
193.33.8.61 - - [11/Apr/2025:12:59:11 +0200] "GET /favicon.ico HTTP/2.0" 404 3551 "https://dkkapusta1997.usermd.net/Filip/janshop_orders/exports/" "Mozilla/5.0 (Windows NT 10.0; Win64; x64) AppleWebKit/537.36 (KHTML, like Gecko) Chrome/135.0.0.0 Safari/537.36"
51.77.52.107 - - [11/Apr/2025:12:59:17 +0200] "GET /Jurek/eurofirany/images/462522/0.jpg HTTP/2.0" 200 47408 "-" "baselinker"
46.101.116.244 - - [11/Apr/2025:12:59:17 +0200] "GET /Jurek/regis/feeds/regis_mallsish.xml HTTP/2.0" 200 82733 "-" "-"
51.77.52.107 - - [11/Apr/2025:12:59:21 +0200] "GET /Jurek/eurofirany/images/462522/0.jpg HTTP/2.0" 200 47408 "-" "baselinker"
46.101.116.244 - - [11/Apr/2025:12:59:27 +0200] "GET /Jurek/sebmart/feeds/sebmart_mallsish.xml HTTP/2.0" 200 1598696 "-" "-"
51.77.52.107 - - [11/Apr/2025:12:59:27 +0200] "GET /Jurek/eurofirany/images/462523/0.jpg HTTP/2.0" 200 37266 "-" "baselinker"
89.161.206.59 - - [11/Apr/2025:12:59:35 +0200] "GET /Jurek/waks/feeds/waks_allegro.xml HTTP/1.0" 200 1598638 "-" "-"
89.161.206.59 - - [11/Apr/2025:12:59:35 +0200] "GET /Jurek/drops/feeds/dropsofficecolection_allegro.xml HTTP/1.0" 200 790615 "-" "-"
89.161.206.59 - - [11/Apr/2025:12:59:35 +0200] "GET /Jurek/velinda/feeds/velinda_allegro.xml HTTP/1.0" 200 23436 "-" "-"
89.161.206.59 - - [11/Apr/2025:12:59:35 +0200] "GET /Jurek/galopi/feeds/galopi_allegro.xml HTTP/1.0" 200 2111240 "-" "-"
46.101.116.244 - - [11/Apr/2025:12:59:39 +0200] "GET /Jurek/takapara/feeds/takapara_mallsish.xml HTTP/2.0" 200 1342610 "-" "-"
51.77.52.107 - - [11/Apr/2025:12:59:48 +0200] "GET /Jurek/eurofirany/images/462523/0.jpg HTTP/2.0" 200 37266 "-" "baselinker"
46.101.116.244 - - [11/Apr/2025:12:59:53 +0200] "GET /Jurek/tsjerzy/feeds/tsjerzy_mallsish.xml HTTP/2.0" 200 3897694 "-" "-"
51.77.52.107 - - [11/Apr/2025:13:00:12 +0200] "GET /Jurek/eurofirany/images/462523/0.jpg HTTP/2.0" 200 37266 "-" "baselinker"
51.77.52.107 - - [11/Apr/2025:13:00:17 +0200] "GET /Jurek/eurofirany/images/462524/0.jpg HTTP/2.0" 200 49228 "-" "baselinker"
46.101.116.244 - - [11/Apr/2025:13:00:18 +0200] "GET /Jurek/andex/feeds/andex_mallsiSH.xml HTTP/2.0" 200 1953483 "-" "-"
89.161.206.59 - - [11/Apr/2025:13:00:21 +0200] "GET /Jurek/bemipol/feeds/bemipol_skroutz.xml HTTP/1.0" 200 423638 "-" "-"
89.161.206.59 - - [11/Apr/2025:13:00:24 +0200] "GET /Jurek/bentivolio/feeds/bentivolio_skr.xml HTTP/1.0" 200 1261294 "-" "-"
46.101.116.244 - - [11/Apr/2025:13:00:30 +0200] "GET /Jurek/german/feeds/german_mallsiSH.xml HTTP/2.0" 200 2853532 "-" "-"
89.161.206.59 - - [11/Apr/2025:13:00:31 +0200] "GET /Jurek/fertes/feeds/fertes_skr.xml HTTP/1.0" 200 2361682 "-" "-"
89.161.206.59 - - [11/Apr/2025:13:00:32 +0200] "GET /Jurek/sklep24amk/feeds/sklep24amk_skroutz.xml HTTP/1.0" 200 3894632 "-" "-"
89.161.206.59 - - [11/Apr/2025:13:00:33 +0200] "GET /Jurek/wezer/feeds/wezer_skroutz.xml HTTP/1.0" 200 202556 "-" "-"
89.161.206.59 - - [11/Apr/2025:13:00:33 +0200] "GET /Jurek/relogy/feeds/relogy_skroutz.xml HTTP/1.0" 200 66667899 "-" "-"
89.161.206.59 - - [11/Apr/2025:13:00:34 +0200] "GET /Jurek/shiori/feeds/shiori_skroutz.xml HTTP/1.0" 200 453654 "-" "-"
89.161.206.59 - - [11/Apr/2025:13:00:35 +0200] "GET /Jurek/bisanti/feeds/bisanti_skroutz.xml HTTP/1.0" 200 1142291 "-" "-"
89.161.206.59 - - [11/Apr/2025:13:00:41 +0200] "GET /Jurek/proadventure/feeds/proadventure_skr.xml HTTP/1.0" 200 10763573 "-" "-"
89.161.206.59 - - [11/Apr/2025:13:00:41 +0200] "GET /Jurek/rems/feeds/rems_skr.xml HTTP/1.0" 200 8706255 "-" "-"
52.18.22.0 - - [11/Apr/2025:13:00:42 +0200] "GET /marketplaces/ubaldi/results/ubaldi.csv HTTP/1.1" 200 147219 "-" "Mirakl HttpClient"
89.161.206.59 - - [11/Apr/2025:13:00:43 +0200] "GET /Jurek/bloomglow/feeds/bloomglow_skr.xml HTTP/1.0" 200 13215016 "-" "-"
