77.79.248.229 - - [11/Apr/2025:03:44:23 +0200] "GET /Jurek/kidshop/feeds/kidshop_leroy.xml HTTP/1.1" 200 19850599 "-" "Python-urllib/3.11"
77.79.248.229 - - [11/Apr/2025:03:44:24 +0200] "GET /Jurek/playcob/feeds/playcob_leroy.xml HTTP/1.1" 200 6980247 "-" "Python-urllib/3.11"
77.79.248.229 - - [11/Apr/2025:03:44:24 +0200] "GET /Jurek/dropkz/feeds/dropkz_leroy.xml HTTP/1.1" 200 70014658 "-" "Python-urllib/3.11"
77.79.248.229 - - [11/Apr/2025:03:44:24 +0200] "GET /Jurek/hanex/feeds/hanex_leroy.xml HTTP/1.1" 200 13931526 "-" "Python-urllib/3.11"
77.79.248.229 - - [11/Apr/2025:03:44:25 +0200] "GET /Jurek/straganbiur/feeds/straganbiur_leroy.xml HTTP/1.1" 200 8893067 "-" "Python-urllib/3.11"
77.79.248.229 - - [11/Apr/2025:03:44:25 +0200] "GET /Jurek/roger/feeds/roger_leroy.xml HTTP/1.1" 200 1396541 "-" "Python-urllib/3.11"
77.79.248.229 - - [11/Apr/2025:03:44:25 +0200] "GET /Jurek/sportprise/feeds/sportprise_leroy.xml HTTP/1.1" 200 12725001 "-" "Python-urllib/3.11"
77.79.248.229 - - [11/Apr/2025:03:44:25 +0200] "GET /Jurek/hurtmeblowy/feeds/hurtmeblowy_leroy.xml HTTP/1.1" 200 8495612 "-" "Python-urllib/3.11"
77.79.248.229 - - [11/Apr/2025:03:44:25 +0200] "GET /Jurek/oknobest/feeds/oknobest_leroy.xml HTTP/1.1" 200 2707898 "-" "Python-urllib/3.11"
77.79.248.229 - - [11/Apr/2025:03:44:25 +0200] "GET /Jurek/german/feeds/german_leroy.xml HTTP/1.1" 200 2853562 "-" "Python-urllib/3.11"
77.79.248.229 - - [11/Apr/2025:03:44:26 +0200] "GET /Jurek/kristronik/feeds/kristronik_leroy.xml HTTP/1.1" 200 691983 "-" "Python-urllib/3.11"
77.79.248.229 - - [11/Apr/2025:03:44:26 +0200] "GET /Jurek/erohurtownia/feeds/erohurtownia_leroy.xml HTTP/1.1" 200 22846487 "-" "Python-urllib/3.11"
77.79.248.229 - - [11/Apr/2025:03:44:26 +0200] "GET /Jurek/smxdesign/feeds/smxdesign_leroy.xml HTTP/1.1" 200 1829043 "-" "Python-urllib/3.11"
77.79.248.229 - - [11/Apr/2025:03:44:26 +0200] "GET /Jurek/elavia/feeds/elavia_leroy.xml HTTP/1.1" 200 2497273 "-" "Python-urllib/3.11"
77.79.248.229 - - [11/Apr/2025:03:44:27 +0200] "GET /Jurek/relogy/feeds/relogy_leroy.xml HTTP/1.1" 200 66667153 "-" "Python-urllib/3.11"
77.79.248.229 - - [11/Apr/2025:03:44:27 +0200] "GET /Jurek/hlo/feeds/hlo_leroy.xml HTTP/1.1" 200 4838667 "-" "Python-urllib/3.11"
77.79.248.229 - - [11/Apr/2025:03:44:27 +0200] "GET /Jurek/sternhoff/feeds/sternhoff_leroy.xml HTTP/1.1" 200 1775237 "-" "Python-urllib/3.11"
77.79.248.229 - - [11/Apr/2025:03:44:27 +0200] "GET /Jurek/aiofactory/feeds/aiofactory_leroy.xml HTTP/1.1" 200 2123797 "-" "Python-urllib/3.11"
51.77.52.107 - - [11/Apr/2025:03:44:27 +0200] "GET /Jurek/eurofirany/images/372435/0.jpg HTTP/2.0" 200 97644 "-" "baselinker"
77.79.248.229 - - [11/Apr/2025:03:44:27 +0200] "GET /Jurek/broers/feeds/broers_leroy.xml HTTP/1.1" 200 1982592 "-" "Python-urllib/3.11"
77.79.248.229 - - [11/Apr/2025:03:44:28 +0200] "GET /Jurek/euroshop/feeds/euroshop_leroy.xml HTTP/1.1" 200 20025496 "-" "Python-urllib/3.11"
77.79.248.229 - - [11/Apr/2025:03:44:28 +0200] "GET /Jurek/jankeski/feeds/jankeski_leroy.xml HTTP/1.1" 200 6571081 "-" "Python-urllib/3.11"
77.79.248.229 - - [11/Apr/2025:03:44:28 +0200] "GET /Jurek/zbimatyja/feeds/zbimatyja_leroy.xml HTTP/1.1" 200 11670175 "-" "Python-urllib/3.11"
77.79.248.229 - - [11/Apr/2025:03:44:28 +0200] "GET /Jurek/cdata/feeds/cdata_leroy.xml HTTP/1.1" 200 1445098 "-" "Python-urllib/3.11"
77.79.248.229 - - [11/Apr/2025:03:44:28 +0200] "GET /Jurek/asortymenteu/feeds/asortymenteu_leroy.xml HTTP/1.1" 200 2764489 "-" "Python-urllib/3.11"
77.79.248.229 - - [11/Apr/2025:03:44:29 +0200] "GET /Jurek/polzoo/feeds/polzoo_leroy.xml HTTP/1.1" 200 48122112 "-" "Python-urllib/3.11"
77.79.248.229 - - [11/Apr/2025:03:44:29 +0200] "GET /Jurek/biokominki/feeds/biokominki_leroy.xml HTTP/1.1" 200 1422255 "-" "Python-urllib/3.11"
77.79.248.229 - - [11/Apr/2025:03:44:30 +0200] "GET /Jurek/newtechele/feeds/newtechele_leroy.xml HTTP/1.1" 200 2438522 "-" "Python-urllib/3.11"
77.79.248.229 - - [11/Apr/2025:03:44:30 +0200] "GET /Jurek/matkam/feeds/matkam_leroy.xml HTTP/1.1" 200 5000718 "-" "Python-urllib/3.11"
77.79.248.229 - - [11/Apr/2025:03:44:30 +0200] "GET /Jurek/cenoman/feeds/cenoman_leroy.xml HTTP/1.1" 200 5993195 "-" "Python-urllib/3.11"
77.79.248.229 - - [11/Apr/2025:03:44:30 +0200] "GET /Jurek/kamar/feeds/kamar_leroy.xml HTTP/1.1" 200 25550283 "-" "Python-urllib/3.11"
77.79.248.229 - - [11/Apr/2025:03:44:30 +0200] "GET /Jurek/avenido/feeds/avenido_leroy.xml HTTP/1.1" 200 720081 "-" "Python-urllib/3.11"
77.79.248.229 - - [11/Apr/2025:03:44:31 +0200] "GET /Jurek/zenex/feeds/zenex_leroy.xml HTTP/1.1" 200 540149 "-" "Python-urllib/3.11"
77.79.248.229 - - [11/Apr/2025:03:44:31 +0200] "GET /Jurek/filmal/feeds/filmal_leroy.xml HTTP/1.1" 200 139277 "-" "Python-urllib/3.11"
77.79.248.229 - - [11/Apr/2025:03:44:31 +0200] "GET /Jurek/makow/feeds/makow_leroy.xml HTTP/1.1" 200 21203764 "-" "Python-urllib/3.11"
77.79.248.229 - - [11/Apr/2025:03:44:31 +0200] "GET /Jurek/szpaklampy/feeds/szpaklampy_leroy.xml HTTP/1.1" 200 388221 "-" "Python-urllib/3.11"
77.79.248.229 - - [11/Apr/2025:03:44:31 +0200] "GET /Jurek/apresto/feeds/apresto_leroy.xml HTTP/1.1" 200 1327652 "-" "Python-urllib/3.11"
77.79.248.229 - - [11/Apr/2025:03:44:31 +0200] "GET /Jurek/nexus/feeds/nexus_leroy.xml HTTP/1.1" 200 226636 "-" "Python-urllib/3.11"
77.79.248.229 - - [11/Apr/2025:03:44:31 +0200] "GET /Jurek/em3/feeds/em3_leroy.xml HTTP/1.1" 200 258925 "-" "Python-urllib/3.11"
77.79.248.229 - - [11/Apr/2025:03:44:32 +0200] "GET /Jurek/mojeledy/feeds/mojeledy_leroy.xml HTTP/1.1" 200 1018426 "-" "Python-urllib/3.11"
77.79.248.229 - - [11/Apr/2025:03:44:32 +0200] "GET /Jurek/carbonyway/feeds/carbonyway_leroy.xml HTTP/1.1" 200 3075998 "-" "Python-urllib/3.11"
77.79.248.229 - - [11/Apr/2025:03:44:32 +0200] "GET /Jurek/kalama/feeds/kalama_leroy.xml HTTP/1.1" 200 2661739 "-" "Python-urllib/3.11"
77.79.248.229 - - [11/Apr/2025:03:44:32 +0200] "GET /Jurek/proadventure/feeds/proadventure_leroy.xml HTTP/1.1" 200 10763596 "-" "Python-urllib/3.11"
77.79.248.229 - - [11/Apr/2025:03:44:32 +0200] "GET /Jurek/sklep24amk/feeds/sklep24amk_leroy.xml HTTP/1.1" 200 3894582 "-" "Python-urllib/3.11"
77.79.248.229 - - [11/Apr/2025:03:44:38 +0200] "GET /Jurek/bloomglow/feeds/bloomglow_leroy.xml HTTP/1.1" 200 14095364 "-" "Python-urllib/3.11"
51.77.52.107 - - [11/Apr/2025:03:44:44 +0200] "GET /Jurek/eurofirany/images/373033/0.jpg HTTP/2.0" 200 85629 "-" "baselinker"
46.101.116.244 - - [11/Apr/2025:03:44:53 +0200] "GET /Jurek/andex/feeds/andex_alza.xml HTTP/2.0" 200 1954518 "-" "-"
51.77.52.107 - - [11/Apr/2025:03:45:01 +0200] "GET /Jurek/eurofirany/images/373033/0.jpg HTTP/2.0" 200 85629 "-" "baselinker"
46.101.116.244 - - [11/Apr/2025:03:45:04 +0200] "GET /Jurek/aw/feeds/awnarzedzia_alza.xml HTTP/2.0" 200 90276758 "-" "-"
51.77.52.107 - - [11/Apr/2025:03:45:14 +0200] "GET /Jurek/eurofirany/images/373033/0.jpg HTTP/2.0" 200 85629 "-" "baselinker"
46.101.116.244 - - [11/Apr/2025:03:45:24 +0200] "GET /Jurek/detian/feeds/detian_alza.xml HTTP/2.0" 404 3551 "-" "-"
46.101.116.244 - - [11/Apr/2025:03:45:34 +0200] "GET /Jurek/fernity/feeds/fernity_alza.xml HTTP/2.0" 200 4800401 "-" "-"
51.77.52.107 - - [11/Apr/2025:03:45:36 +0200] "GET /Jurek/eurofirany/images/373034/0.jpg HTTP/2.0" 200 86466 "-" "baselinker"
51.77.52.107 - - [11/Apr/2025:03:45:47 +0200] "GET /Jurek/eurofirany/images/373034/0.jpg HTTP/2.0" 200 86466 "-" "baselinker"
46.101.116.244 - - [11/Apr/2025:03:45:57 +0200] "GET /Jurek/octopia/feeds/octopia_alzacz.xml HTTP/2.0" 200 10117156 "-" "-"
51.77.52.107 - - [11/Apr/2025:03:46:00 +0200] "GET /Jurek/eurofirany/images/373034/0.jpg HTTP/2.0" 200 86466 "-" "baselinker"
46.101.116.244 - - [11/Apr/2025:03:46:09 +0200] "GET /Jurek/unimet/feeds/unimet_alza.xml HTTP/2.0" 200 60532837 "-" "-"
51.77.52.107 - - [11/Apr/2025:03:46:13 +0200] "GET /Jurek/eurofirany/images/373035/0.jpg HTTP/2.0" 200 81742 "-" "baselinker"
46.101.116.244 - - [11/Apr/2025:03:46:14 +0200] "GET /Jurek/aw/feeds/aw_fnacfr.xml HTTP/1.0" 404 3551 "-" "-"
46.101.116.244 - - [11/Apr/2025:03:46:29 +0200] "GET /Jurek/eurofirany/feeds/eurofirany_alza.xml HTTP/2.0" 200 19313901 "-" "-"
51.77.52.107 - - [11/Apr/2025:03:46:31 +0200] "GET /Jurek/eurofirany/images/373035/0.jpg HTTP/2.0" 200 81742 "-" "baselinker"
51.77.52.107 - - [11/Apr/2025:03:46:45 +0200] "GET /Jurek/eurofirany/images/373035/0.jpg HTTP/2.0" 200 81742 "-" "baselinker"
46.101.116.244 - - [11/Apr/2025:03:46:46 +0200] "GET /Jurek/beliani/feeds/beliani_alza.xml HTTP/2.0" 200 15370302 "-" "-"
51.77.52.107 - - [11/Apr/2025:03:46:56 +0200] "GET /Jurek/eurofirany/images/373036/0.jpg HTTP/2.0" 200 84138 "-" "baselinker"
89.161.206.59 - - [11/Apr/2025:03:46:59 +0200] "GET /Jurek/riko/feeds/riko_bol.xml HTTP/1.0" 200 3785272 "-" "-"
89.161.206.59 - - [11/Apr/2025:03:46:59 +0200] "GET /Jurek/bemipol/feeds/bemipol_bol.xml HTTP/1.0" 200 423634 "-" "-"
89.161.206.59 - - [11/Apr/2025:03:47:00 +0200] "GET /Jurek/gandalf/feeds/gandalf_bol.xml HTTP/1.0" 200 1082524 "-" "-"
46.101.116.244 - - [11/Apr/2025:03:47:06 +0200] "GET /Jurek/vivaldi/feeds/vivaldi_alza.xml HTTP/2.0" 200 344827 "-" "-"
51.77.52.107 - - [11/Apr/2025:03:47:08 +0200] "GET /Jurek/eurofirany/images/373036/0.jpg HTTP/2.0" 200 84138 "-" "baselinker"
89.161.206.59 - - [11/Apr/2025:03:47:17 +0200] "GET /Jurek/kinghome/feeds/kinghome_emagro.xml HTTP/1.0" 200 6026195 "-" "-"
46.101.116.244 - - [11/Apr/2025:03:47:17 +0200] "GET /Jurek/ikonka/feeds/ikonka_alza.xml HTTP/2.0" 200 22019202 "-" "-"
89.161.206.59 - - [11/Apr/2025:03:47:19 +0200] "GET /Jurek/em3/feeds/em3_emagro.xml HTTP/1.0" 200 259007 "-" "-"
51.77.52.107 - - [11/Apr/2025:03:47:22 +0200] "GET /Jurek/eurofirany/images/373036/0.jpg HTTP/2.0" 200 84138 "-" "baselinker"
46.101.116.244 - - [11/Apr/2025:03:47:29 +0200] "GET /Jurek/stema/feeds/stema_alza.xml HTTP/2.0" 200 852462 "-" "-"
46.101.116.244 - - [11/Apr/2025:03:47:40 +0200] "GET /Jurek/kinghoff/feeds/kinghoff_alza.xml HTTP/2.0" 200 15440763 "-" "-"
51.77.52.107 - - [11/Apr/2025:03:47:41 +0200] "GET /Jurek/eurofirany/images/373038/0.jpg HTTP/2.0" 200 80342 "-" "baselinker"
46.101.116.244 - - [11/Apr/2025:03:47:53 +0200] "GET /Jurek/avenido/feeds/avenido_mallsish.xml HTTP/2.0" 200 720078 "-" "-"
51.77.52.107 - - [11/Apr/2025:03:47:54 +0200] "GET /Jurek/eurofirany/images/373038/0.jpg HTTP/2.0" 200 80342 "-" "baselinker"
46.101.116.244 - - [11/Apr/2025:03:48:04 +0200] "GET /Jurek/carbonyway/feeds/carbonyway_mallsish.xml HTTP/2.0" 200 3076008 "-" "-"
46.101.116.244 - - [11/Apr/2025:03:48:14 +0200] "GET /Jurek/cenoman/feeds/cenoman_mallsish.xml HTTP/2.0" 200 5993139 "-" "-"
51.77.52.107 - - [11/Apr/2025:03:48:22 +0200] "GET /Jurek/eurofirany/images/373038/0.jpg HTTP/2.0" 200 80342 "-" "baselinker"
46.101.116.244 - - [11/Apr/2025:03:48:25 +0200] "GET /Jurek/equalo/feeds/equalo_mallsish.xml HTTP/2.0" 200 98008 "-" "-"
51.77.52.107 - - [11/Apr/2025:03:48:32 +0200] "GET /Jurek/eurofirany/images/373039/0.jpg HTTP/2.0" 200 85650 "-" "baselinker"
46.101.116.244 - - [11/Apr/2025:03:48:36 +0200] "GET /Jurek/kamar/feeds/kamar_mallsish.xml HTTP/2.0" 200 25549875 "-" "-"
46.101.116.244 - - [11/Apr/2025:03:48:51 +0200] "GET /Jurek/lampart/feeds/lampart_mallsish.xml HTTP/2.0" 200 936047 "-" "-"
51.77.52.107 - - [11/Apr/2025:03:48:52 +0200] "GET /Jurek/eurofirany/images/373039/0.jpg HTTP/2.0" 200 85650 "-" "baselinker"
89.161.206.59 - - [11/Apr/2025:03:48:59 +0200] "GET /Jurek/proadventure/feeds/proadventure_skr.xml HTTP/1.0" 200 10763623 "-" "-"
89.161.206.59 - - [11/Apr/2025:03:49:00 +0200] "GET /Jurek/bloomglow/feeds/bloomglow_skr.xml HTTP/1.0" 200 13214601 "-" "-"
46.101.116.244 - - [11/Apr/2025:03:49:02 +0200] "GET /Jurek/makow/feeds/makow_mallsish.xml HTTP/2.0" 200 21203688 "-" "-"
51.77.52.107 - - [11/Apr/2025:03:49:05 +0200] "GET /Jurek/eurofirany/images/373039/0.jpg HTTP/2.0" 200 85650 "-" "baselinker"
46.101.116.244 - - [11/Apr/2025:03:49:14 +0200] "GET /Jurek/regis/feeds/regis_mallsish.xml HTTP/2.0" 200 82734 "-" "-"
51.77.52.107 - - [11/Apr/2025:03:49:17 +0200] "GET /Jurek/eurofirany/images/373040/0.jpg HTTP/2.0" 200 75838 "-" "baselinker"
46.101.116.244 - - [11/Apr/2025:03:49:24 +0200] "GET /Jurek/sebmart/feeds/sebmart_mallsish.xml HTTP/2.0" 200 1598744 "-" "-"
89.161.206.59 - - [11/Apr/2025:03:49:28 +0200] "GET /Jurek/rems/feeds/rems_skr.xml HTTP/1.0" 200 8706235 "-" "-"
51.77.52.107 - - [11/Apr/2025:03:49:30 +0200] "GET /Jurek/eurofirany/images/373040/0.jpg HTTP/2.0" 200 75838 "-" "baselinker"
46.101.116.244 - - [11/Apr/2025:03:49:35 +0200] "GET /Jurek/takapara/feeds/takapara_mallsish.xml HTTP/2.0" 200 1342610 "-" "-"
46.101.116.244 - - [11/Apr/2025:03:49:46 +0200] "GET /Jurek/tsjerzy/feeds/tsjerzy_mallsish.xml HTTP/2.0" 200 3897787 "-" "-"
51.77.52.107 - - [11/Apr/2025:03:49:46 +0200] "GET /Jurek/eurofirany/images/373040/0.jpg HTTP/2.0" 200 75838 "-" "baselinker"
51.77.52.107 - - [11/Apr/2025:03:49:49 +0200] "GET /Jurek/eurofirany/images/382444/0.jpg HTTP/2.0" 200 16503 "-" "baselinker"
46.101.116.244 - - [11/Apr/2025:03:49:59 +0200] "GET /Jurek/andex/feeds/andex_mallsiSH.xml HTTP/2.0" 200 1953495 "-" "-"
77.79.248.229 - - [11/Apr/2025:03:50:03 +0200] "GET /Jurek/eurofirany/feeds/eurofirany_allsweet.xml HTTP/1.1" 200 19350251 "-" "Python-urllib/3.11"
77.79.248.229 - - [11/Apr/2025:03:50:04 +0200] "GET /Jurek/ikonka/feeds/ikonka_all_sweet.xml HTTP/1.1" 200 22017289 "-" "Python-urllib/3.11"
77.79.248.229 - - [11/Apr/2025:03:50:04 +0200] "GET /Jurek/stema/feeds/stema_all.xml HTTP/1.1" 200 852026 "-" "Python-urllib/3.11"
51.77.52.107 - - [11/Apr/2025:03:50:04 +0200] "GET /Jurek/eurofirany/images/382444/0.jpg HTTP/2.0" 200 16503 "-" "baselinker"
77.79.248.229 - - [11/Apr/2025:03:50:04 +0200] "GET /Jurek/eurofirany/feeds/eurofirany_all_cz.xml HTTP/1.1" 200 19365596 "-" "Python-urllib/3.11"
77.79.248.229 - - [11/Apr/2025:03:50:05 +0200] "GET /Jurek/ikonka/feeds/ikonka_all_cz.xml HTTP/1.1" 200 22019182 "-" "Python-urllib/3.11"
77.79.248.229 - - [11/Apr/2025:03:50:05 +0200] "GET /Jurek/stema/feeds/stema_all_cz.xml HTTP/1.1" 200 852477 "-" "Python-urllib/3.11"
77.79.248.229 - - [11/Apr/2025:03:50:05 +0200] "GET /Jurek/eurofirany/feeds/eurofirany_all_sk.xml HTTP/1.1" 200 19344943 "-" "Python-urllib/3.11"
77.79.248.229 - - [11/Apr/2025:03:50:06 +0200] "GET /Jurek/ikonka/feeds/ikonka_all_sk.xml HTTP/1.1" 200 22016563 "-" "Python-urllib/3.11"
77.79.248.229 - - [11/Apr/2025:03:50:06 +0200] "GET /Jurek/stema/feeds/stema_all_sk.xml HTTP/1.1" 200 851742 "-" "Python-urllib/3.11"
46.101.116.244 - - [11/Apr/2025:03:50:09 +0200] "GET /Jurek/german/feeds/german_mallsiSH.xml HTTP/2.0" 200 2853561 "-" "-"
51.77.52.107 - - [11/Apr/2025:03:50:20 +0200] "GET /Jurek/eurofirany/images/382444/0.jpg HTTP/2.0" 200 16503 "-" "baselinker"
46.101.116.244 - - [11/Apr/2025:03:50:20 +0200] "GET /Jurek/hanex/feeds/hanex_mallsiSH.xml HTTP/2.0" 200 13931547 "-" "-"
46.101.116.244 - - [11/Apr/2025:03:50:32 +0200] "GET /Jurek/maksik/feeds/maksik_mallsiSH.xml HTTP/2.0" 200 4084753 "-" "-"
51.77.52.107 - - [11/Apr/2025:03:50:41 +0200] "GET /Jurek/eurofirany/images/382871/0.jpg HTTP/2.0" 200 103485 "-" "baselinker"
46.101.116.244 - - [11/Apr/2025:03:50:43 +0200] "GET /Jurek/smxdesign/feeds/smxdesign_mallsiSH.xml HTTP/2.0" 200 1829031 "-" "-"
46.101.116.244 - - [11/Apr/2025:03:50:53 +0200] "GET /Jurek/aiofactory/feeds/aiofactory_mallsiSH.xml HTTP/2.0" 200 2123797 "-" "-"
51.77.52.107 - - [11/Apr/2025:03:50:56 +0200] "GET /Jurek/eurofirany/images/382871/0.jpg HTTP/2.0" 200 103485 "-" "baselinker"
46.101.116.244 - - [11/Apr/2025:03:51:04 +0200] "GET /Jurek/alucon/feeds/alucon_mallsiSH.xml HTTP/2.0" 200 553571 "-" "-"
52.167.144.194 - - [11/Apr/2025:03:51:04 +0200] "GET /Jurek/topeshop/downloaded_images/5902838466513_sonoma_close_20.jpg HTTP/2.0" 404 3551 "-" "Mozilla/5.0 AppleWebKit/537.36 (KHTML, like Gecko; compatible; bingbot/2.0; +http://www.bing.com/bingbot.htm) Chrome/116.0.1938.76 Safari/537.36"
52.167.144.194 - - [11/Apr/2025:03:51:05 +0200] "GET /Jurek/eurofirany/images/423202/0.jpg HTTP/2.0" 200 0 "-" "Mozilla/5.0 AppleWebKit/537.36 (KHTML, like Gecko; compatible; bingbot/2.0; +http://www.bing.com/bingbot.htm) Chrome/116.0.1938.76 Safari/537.36"
51.77.52.107 - - [11/Apr/2025:03:51:14 +0200] "GET /Jurek/eurofirany/images/382871/0.jpg HTTP/2.0" 200 103485 "-" "baselinker"
46.101.116.244 - - [11/Apr/2025:03:51:14 +0200] "GET /Jurek/evil/feeds/evil_mallsiSH.xml HTTP/2.0" 200 306385 "-" "-"
46.101.116.244 - - [11/Apr/2025:03:51:25 +0200] "GET /Jurek/hlo/feeds/hlo_mallsiSH.xml HTTP/2.0" 200 4838671 "-" "-"
51.77.52.107 - - [11/Apr/2025:03:51:26 +0200] "GET /Jurek/eurofirany/images/383719/0.jpg HTTP/2.0" 200 70891 "-" "baselinker"
46.101.116.244 - - [11/Apr/2025:03:51:35 +0200] "GET /Jurek/lgbtshop/feeds/lgbtshop_mallsiSH.xml HTTP/2.0" 200 219244 "-" "-"
51.77.52.107 - - [11/Apr/2025:03:51:43 +0200] "GET /Jurek/eurofirany/images/383719/0.jpg HTTP/2.0" 200 70891 "-" "baselinker"
46.101.116.244 - - [11/Apr/2025:03:51:45 +0200] "GET /Jurek/madrex/feeds/madrex_mallsiSH.xml HTTP/2.0" 200 466713 "-" "-"
46.101.116.244 - - [11/Apr/2025:03:51:56 +0200] "GET /Jurek/motofan/feeds/motofan_mallsiSH.xml HTTP/2.0" 200 2392150 "-" "-"
51.77.52.107 - - [11/Apr/2025:03:52:00 +0200] "GET /Jurek/eurofirany/images/383719/0.jpg HTTP/2.0" 200 70891 "-" "baselinker"
46.101.116.244 - - [11/Apr/2025:03:52:06 +0200] "GET /Jurek/najtanszysport/feeds/najtanszysport_mallsiSH.xml HTTP/2.0" 200 3983183 "-" "-"
51.77.52.107 - - [11/Apr/2025:03:52:14 +0200] "GET /Jurek/eurofirany/images/383720/0.jpg HTTP/2.0" 200 85938 "-" "baselinker"
46.101.116.244 - - [11/Apr/2025:03:52:17 +0200] "GET /Jurek/nexus/feeds/nexus_mallsiSH.xml HTTP/2.0" 200 226645 "-" "-"
51.77.52.107 - - [11/Apr/2025:03:52:26 +0200] "GET /Jurek/eurofirany/images/383720/0.jpg HTTP/2.0" 200 85938 "-" "baselinker"
46.101.116.244 - - [11/Apr/2025:03:52:27 +0200] "GET /Jurek/playcob/feeds/playcob_mallsiSH.xml HTTP/2.0" 200 6980211 "-" "-"
46.101.116.244 - - [11/Apr/2025:03:52:38 +0200] "GET /Jurek/cbdgreen/feeds/cbdgreen_mallsiSH.xml HTTP/2.0" 200 50542 "-" "-"
51.77.52.107 - - [11/Apr/2025:03:52:39 +0200] "GET /Jurek/eurofirany/images/383720/0.jpg HTTP/2.0" 200 85938 "-" "baselinker"
46.101.116.244 - - [11/Apr/2025:03:52:48 +0200] "GET /Jurek/cbdgreen/feeds/cbdgreen_mallsiSH.xml HTTP/2.0" 200 50542 "-" "-"
51.77.52.107 - - [11/Apr/2025:03:52:51 +0200] "GET /Jurek/eurofirany/images/386608/0.jpg HTTP/2.0" 200 61738 "-" "baselinker"
46.101.116.244 - - [11/Apr/2025:03:52:58 +0200] "GET /Jurek/dekornatort/feeds/dekornatort_mallsiSH.xml HTTP/2.0" 200 225739 "-" "-"
46.101.116.244 - - [11/Apr/2025:03:53:09 +0200] "GET /Jurek/eurofryz2/feeds/eurofryz2_mallsiSH.xml HTTP/2.0" 200 1376789 "-" "-"
51.77.52.107 - - [11/Apr/2025:03:53:12 +0200] "GET /Jurek/eurofirany/images/386608/0.jpg HTTP/2.0" 200 61738 "-" "baselinker"
46.101.116.244 - - [11/Apr/2025:03:53:19 +0200] "GET /Jurek/eurofryz3/feeds/eurofryz3_mallsiSH.xml HTTP/2.0" 200 172217 "-" "-"
51.77.52.107 - - [11/Apr/2025:03:53:27 +0200] "GET /Jurek/eurofirany/images/386608/0.jpg HTTP/2.0" 200 61738 "-" "baselinker"
46.101.116.244 - - [11/Apr/2025:03:53:29 +0200] "GET /Jurek/globaldeli/feeds/globaldeli_mallsiSH.xml HTTP/2.0" 200 2590906 "-" "-"
51.77.52.107 - - [11/Apr/2025:03:53:33 +0200] "GET /Jurek/eurofirany/images/387973/0.jpg HTTP/2.0" 200 86395 "-" "baselinker"
46.101.116.244 - - [11/Apr/2025:03:53:40 +0200] "GET /Jurek/kobi/feeds/kobi_mallsiSH.xml HTTP/2.0" 200 1993227 "-" "-"
51.77.52.107 - - [11/Apr/2025:03:53:41 +0200] "GET /Jurek/eurofirany/images/387973/0.jpg HTTP/2.0" 200 86395 "-" "baselinker"
46.101.116.244 - - [11/Apr/2025:03:53:50 +0200] "GET /Jurek/lendo/feeds/lendo_mallsiSH.xml HTTP/2.0" 200 330391 "-" "-"
51.77.52.107 - - [11/Apr/2025:03:54:00 +0200] "GET /Jurek/eurofirany/images/387973/0.jpg HTTP/2.0" 200 86395 "-" "baselinker"
51.77.52.107 - - [11/Apr/2025:03:54:03 +0200] "GET /Jurek/eurofirany/images/388550/0.jpg HTTP/2.0" 200 100440 "-" "baselinker"
51.77.52.107 - - [11/Apr/2025:03:54:08 +0200] "GET /Jurek/eurofirany/images/388550/0.jpg HTTP/2.0" 200 100440 "-" "baselinker"
77.79.248.229 - - [11/Apr/2025:03:54:11 +0200] "GET /Jurek/vidaSI/feeds/vidaSI_bigbang.xml HTTP/1.1" 200 624968043 "-" "Python-urllib/3.11"
51.77.52.107 - - [11/Apr/2025:03:54:17 +0200] "GET /Jurek/eurofirany/images/388550/0.jpg HTTP/2.0" 200 100440 "-" "baselinker"
46.101.116.244 - - [11/Apr/2025:03:54:25 +0200] "GET /Jurek/naszedzieci/feeds/naszedzieci_mallsiSH.xml HTTP/2.0" 200 833172423 "-" "-"
51.77.52.107 - - [11/Apr/2025:03:54:36 +0200] "GET /Jurek/eurofirany/images/388552/0.jpg HTTP/2.0" 200 105287 "-" "baselinker"
5.134.208.158 - - [11/Apr/2025:03:54:40 +0200] "GET /Jurek/eurofirany/images/463357/0.jpg HTTP/1.1" 206 256 "https://www.ceneo.pl" "Mozilla/5.0 (Windows NT 10.0; Win64; x64) AppleWebKit/537.36 (KHTML, like Gecko) Chrome/87.0.4280.141 Safari/537.36"
51.77.52.107 - - [11/Apr/2025:03:54:41 +0200] "GET /Jurek/eurofirany/images/388552/0.jpg HTTP/2.0" 200 105287 "-" "baselinker"
51.77.52.107 - - [11/Apr/2025:03:54:44 +0200] "GET /Jurek/eurofirany/images/388552/0.jpg HTTP/2.0" 200 105287 "-" "baselinker"
51.77.52.107 - - [11/Apr/2025:03:54:50 +0200] "GET /Jurek/eurofirany/images/389888/0.jpg HTTP/2.0" 200 54466 "-" "baselinker"
51.77.52.107 - - [11/Apr/2025:03:55:05 +0200] "GET /Jurek/eurofirany/images/389888/0.jpg HTTP/2.0" 200 54466 "-" "baselinker"
51.77.52.107 - - [11/Apr/2025:03:55:22 +0200] "GET /Jurek/eurofirany/images/389888/0.jpg HTTP/2.0" 200 54466 "-" "baselinker"
57.141.0.15 - - [11/Apr/2025:03:55:27 +0200] "GET /marketplaces/pigu_orders/logs/pigu_orders_31_12_2024.log HTTP/2.0" 404 3551 "-" "meta-externalagent/1.1 (+https://developers.facebook.com/docs/sharing/webmasters/crawler)"
5.134.208.158 - - [11/Apr/2025:03:55:28 +0200] "GET /Jurek/eurofirany/images/463517/0.jpg HTTP/1.1" 206 256 "https://www.ceneo.pl" "Mozilla/5.0 (Windows NT 10.0; Win64; x64) AppleWebKit/537.36 (KHTML, like Gecko) Chrome/87.0.4280.141 Safari/537.36"
51.77.52.107 - - [11/Apr/2025:03:55:36 +0200] "GET /Jurek/eurofirany/images/389904/0.jpg HTTP/2.0" 200 38716 "-" "baselinker"
51.77.52.107 - - [11/Apr/2025:03:55:42 +0200] "GET /Jurek/eurofirany/images/389904/0.jpg HTTP/2.0" 200 38716 "-" "baselinker"
89.161.206.59 - - [11/Apr/2025:03:55:45 +0200] "GET /Jurek/topeshop/feeds/topeshop_amazonFR.xml HTTP/1.0" 200 2626911 "-" "-"
89.161.206.59 - - [11/Apr/2025:03:55:45 +0200] "GET /Jurek/topeshop/feeds/topeshop_amazonIT.xml HTTP/1.0" 200 2626886 "-" "-"
89.161.206.59 - - [11/Apr/2025:03:55:46 +0200] "GET /Jurek/topeshop/feeds/topeshop_amazonDE.xml HTTP/1.0" 200 2626785 "-" "-"
89.161.206.59 - - [11/Apr/2025:03:55:46 +0200] "GET /Jurek/topeshop/feeds/topeshop_amazonSE.xml HTTP/1.0" 200 2627597 "-" "-"
89.161.206.59 - - [11/Apr/2025:03:55:46 +0200] "GET /Jurek/topeshop/feeds/topeshop_amazonES.xml HTTP/1.0" 200 2626938 "-" "-"
89.161.206.59 - - [11/Apr/2025:03:55:46 +0200] "GET /Jurek/topeshop/feeds/topeshop_amazonNL.xml HTTP/1.0" 200 2626877 "-" "-"
89.161.206.59 - - [11/Apr/2025:03:55:46 +0200] "GET /Jurek/topeshop/feeds/topeshop_amazonBE.xml HTTP/1.0" 200 2626919 "-" "-"
89.161.206.59 - - [11/Apr/2025:03:55:54 +0200] "GET /Jurek/hdwr/feeds/hdwr_amazonde.xml HTTP/1.0" 200 789395 "-" "-"
89.161.206.59 - - [11/Apr/2025:03:55:54 +0200] "GET /Jurek/hdwr/feeds/hdwr_amazonfr.xml HTTP/1.0" 200 789412 "-" "-"
89.161.206.59 - - [11/Apr/2025:03:55:55 +0200] "GET /Jurek/sempler/feeds/sempler_amazonde.xml HTTP/1.0" 200 6787986 "-" "-"
89.161.206.59 - - [11/Apr/2025:03:55:55 +0200] "GET /Jurek/eroplace/feeds/eroplace_amazonde.xml HTTP/1.0" 200 52134504 "-" "-"
51.77.52.107 - - [11/Apr/2025:03:55:56 +0200] "GET /Jurek/eurofirany/images/389904/0.jpg HTTP/2.0" 200 38716 "-" "baselinker"
89.161.206.59 - - [11/Apr/2025:03:55:56 +0200] "GET /Jurek/kambukka/feeds/kambukka_amazonde.xml HTTP/1.0" 200 1021233 "-" "-"
89.161.206.59 - - [11/Apr/2025:03:55:56 +0200] "GET /Jurek/benetech/feeds/benetech_amazonde.xml HTTP/1.0" 200 4165299 "-" "-"
89.161.206.59 - - [11/Apr/2025:03:55:56 +0200] "GET /Jurek/sempler/feeds/sempler_amazonbe.xml HTTP/1.0" 200 6787969 "-" "-"
89.161.206.59 - - [11/Apr/2025:03:55:57 +0200] "GET /Jurek/kambukka/feeds/kambukka_amazonbe.xml HTTP/1.0" 200 1021388 "-" "-"
89.161.206.59 - - [11/Apr/2025:03:55:57 +0200] "GET /Jurek/artdog/feeds/artdog_amazonde.xml HTTP/1.0" 200 17158698 "-" "-"
89.161.206.59 - - [11/Apr/2025:03:55:57 +0200] "GET /Jurek/pawonik/feeds/pawonik_amazonde.xml HTTP/1.0" 200 2138425 "-" "-"
89.161.206.59 - - [11/Apr/2025:03:55:58 +0200] "GET /Jurek/b3/feeds/b3_amazonde.xml HTTP/1.0" 200 8032219 "-" "-"
89.161.206.59 - - [11/Apr/2025:03:55:58 +0200] "GET /Jurek/eroplace/feeds/eroplace_amazonse.xml HTTP/1.0" 200 52159034 "-" "-"
51.77.52.107 - - [11/Apr/2025:03:55:59 +0200] "GET /Jurek/eurofirany/images/389909/0.jpg HTTP/2.0" 200 118391 "-" "baselinker"
89.161.206.59 - - [11/Apr/2025:03:55:59 +0200] "GET /Jurek/sempler/feeds/sempler_amazonfr.xml HTTP/1.0" 200 6787999 "-" "-"
89.161.206.59 - - [11/Apr/2025:03:55:59 +0200] "GET /Jurek/sempler/feeds/sempler_amazonit.xml HTTP/1.0" 200 6788035 "-" "-"
89.161.206.59 - - [11/Apr/2025:03:55:59 +0200] "GET /Jurek/sempler/feeds/sempler_amazonnl.xml HTTP/1.0" 200 6787999 "-" "-"
89.161.206.59 - - [11/Apr/2025:03:56:00 +0200] "GET /Jurek/eroplace/feeds/eroplace_amazonnl.xml HTTP/1.0" 200 52134685 "-" "-"
89.161.206.59 - - [11/Apr/2025:03:56:01 +0200] "GET /Jurek/eroplace/feeds/eroplace_amazonfr.xml HTTP/1.0" 200 52134785 "-" "-"
89.161.206.59 - - [11/Apr/2025:03:56:02 +0200] "GET /Jurek/eroplace/feeds/eroplace_amazonit.xml HTTP/1.0" 200 52135291 "-" "-"
89.161.206.59 - - [11/Apr/2025:03:56:03 +0200] "GET /Jurek/eroplace/feeds/eroplace_amazones.xml HTTP/1.0" 200 52135054 "-" "-"
89.161.206.59 - - [11/Apr/2025:03:56:04 +0200] "GET /Jurek/b3/feeds/b3_amazones.xml HTTP/1.0" 200 8032327 "-" "-"
51.77.52.107 - - [11/Apr/2025:03:56:04 +0200] "GET /Jurek/eurofirany/images/389909/0.jpg HTTP/2.0" 200 118391 "-" "baselinker"
89.161.206.59 - - [11/Apr/2025:03:56:04 +0200] "GET /Jurek/b3/feeds/b3_amazonnl.xml HTTP/1.0" 200 8032355 "-" "-"
89.161.206.59 - - [11/Apr/2025:03:56:04 +0200] "GET /Jurek/b3/feeds/b3_amazonfr.xml HTTP/1.0" 200 8032269 "-" "-"
89.161.206.59 - - [11/Apr/2025:03:56:04 +0200] "GET /Jurek/ralmetal/feeds/ralmetal_amazonde.xml HTTP/1.0" 200 1808640 "-" "-"
89.161.206.59 - - [11/Apr/2025:03:56:05 +0200] "GET /Jurek/b3/feeds/b3_amazonit.xml HTTP/1.0" 200 8032332 "-" "-"
89.161.206.59 - - [11/Apr/2025:03:56:05 +0200] "GET /Jurek/oromed/feeds/oromed_amazonde.xml HTTP/1.0" 200 1073906 "-" "-"
89.161.206.59 - - [11/Apr/2025:03:56:05 +0200] "GET /Jurek/b3/feeds/b3_amazonse.xml HTTP/1.0" 200 8035865 "-" "-"
89.161.206.59 - - [11/Apr/2025:03:56:05 +0200] "GET /Jurek/b3/feeds/b3_amazonbe.xml HTTP/1.0" 200 8032202 "-" "-"
89.161.206.59 - - [11/Apr/2025:03:56:06 +0200] "GET /Jurek/ralmetal/feeds/ralmetal_amazonfr.xml HTTP/1.0" 200 1808623 "-" "-"
89.161.206.59 - - [11/Apr/2025:03:56:06 +0200] "GET /Jurek/ralmetal/feeds/ralmetal_amazonit.xml HTTP/1.0" 200 1808628 "-" "-"
89.161.206.59 - - [11/Apr/2025:03:56:06 +0200] "GET /Jurek/ralmetal/feeds/ralmetal_amazonnl.xml HTTP/1.0" 200 1808606 "-" "-"
89.161.206.59 - - [11/Apr/2025:03:56:06 +0200] "GET /Jurek/ralmetal/feeds/ralmetal_amazones.xml HTTP/1.0" 200 1808643 "-" "-"
89.161.206.59 - - [11/Apr/2025:03:56:06 +0200] "GET /Jurek/oromed/feeds/oromed_amazones.xml HTTP/1.0" 200 1073914 "-" "-"
89.161.206.59 - - [11/Apr/2025:03:56:07 +0200] "GET /Jurek/oromed/feeds/oromed_amazonse.xml HTTP/1.0" 200 1074115 "-" "-"
89.161.206.59 - - [11/Apr/2025:03:56:07 +0200] "GET /Jurek/oromed/feeds/oromed_amazonbe.xml HTTP/1.0" 200 1073905 "-" "-"
89.161.206.59 - - [11/Apr/2025:03:56:07 +0200] "GET /Jurek/oromed/feeds/oromed_amazonfr.xml HTTP/1.0" 200 1073904 "-" "-"
89.161.206.59 - - [11/Apr/2025:03:56:07 +0200] "GET /Jurek/oromed/feeds/oromed_amazonit.xml HTTP/1.0" 200 1073906 "-" "-"
89.161.206.59 - - [11/Apr/2025:03:56:07 +0200] "GET /Jurek/oromed/feeds/oromed_amazonnl.xml HTTP/1.0" 200 1073906 "-" "-"
89.161.206.59 - - [11/Apr/2025:03:56:07 +0200] "GET /Jurek/erohurtownia/feeds/erohurtownia_amazonde.xml HTTP/1.0" 200 22846593 "-" "-"
89.161.206.59 - - [11/Apr/2025:03:56:08 +0200] "GET /Jurek/combine/feeds/combine_amazonde.xml HTTP/1.0" 200 210556 "-" "-"
51.77.52.107 - - [11/Apr/2025:03:56:09 +0200] "GET /Jurek/eurofirany/images/389909/0.jpg HTTP/2.0" 200 118391 "-" "baselinker"
89.161.206.59 - - [11/Apr/2025:03:56:13 +0200] "GET /Jurek/eurofirany/feeds/eurofirany_amazonNL.xml HTTP/1.0" 200 19346436 "-" "-"
89.161.206.59 - - [11/Apr/2025:03:56:14 +0200] "GET /Jurek/eurofirany/feeds/eurofirany_amazonES.xml HTTP/1.0" 200 19346165 "-" "-"
89.161.206.59 - - [11/Apr/2025:03:56:15 +0200] "GET /Jurek/eurofirany/feeds/eurofirany_amazonIT.xml HTTP/1.0" 200 19346105 "-" "-"
89.161.206.59 - - [11/Apr/2025:03:56:16 +0200] "GET /Jurek/eurofirany/feeds/eurofirany_amazonFR.xml HTTP/1.0" 200 19346110 "-" "-"
89.161.206.59 - - [11/Apr/2025:03:56:17 +0200] "GET /Jurek/eurofirany/feeds/eurofirany_amazonSE.xml HTTP/1.0" 200 19363799 "-" "-"
89.161.206.59 - - [11/Apr/2025:03:56:17 +0200] "GET /Jurek/eurofirany/feeds/eurofirany_amazonBE.xml HTTP/1.0" 200 19346048 "-" "-"
46.101.116.244 - - [11/Apr/2025:03:56:18 +0200] "GET /Jurek/aw/feeds/aw_fnacfr.xml HTTP/1.0" 404 3551 "-" "-"
89.161.206.59 - - [11/Apr/2025:03:56:19 +0200] "GET /Jurek/eurofirany/feeds/eurofirany_amazaon_de.xml HTTP/1.0" 200 19346011 "-" "-"
51.77.52.107 - - [11/Apr/2025:03:56:20 +0200] "GET /Jurek/eurofirany/images/389910/0.jpg HTTP/2.0" 200 39416 "-" "baselinker"
89.161.206.59 - - [11/Apr/2025:03:56:21 +0200] "GET /Jurek/benetech/feeds/benetech_amazonnl.xml HTTP/1.0" 200 4165305 "-" "-"
89.161.206.59 - - [11/Apr/2025:03:56:21 +0200] "GET /Jurek/benetech/feeds/benetech_amazonit.xml HTTP/1.0" 200 4165334 "-" "-"
89.161.206.59 - - [11/Apr/2025:03:56:21 +0200] "GET /Jurek/benetech/feeds/benetech_amazones.xml HTTP/1.0" 200 4165320 "-" "-"
89.161.206.59 - - [11/Apr/2025:03:56:22 +0200] "GET /Jurek/benetech/feeds/benetech_amazonfr.xml HTTP/1.0" 200 4165309 "-" "-"
89.161.206.59 - - [11/Apr/2025:03:56:22 +0200] "GET /Jurek/benetech/feeds/benetech_amazonbe.xml HTTP/1.0" 200 4165309 "-" "-"
89.161.206.59 - - [11/Apr/2025:03:56:22 +0200] "GET /Jurek/benetech/feeds/benetech_amazonse.xml HTTP/1.0" 200 4165716 "-" "-"
89.161.206.59 - - [11/Apr/2025:03:56:22 +0200] "GET /Jurek/cdata/feeds/cdata_cdsc.xml HTTP/1.0" 200 1865810 "-" "-"
89.161.206.59 - - [11/Apr/2025:03:56:23 +0200] "GET /Jurek/pupus/feeds/pupus_amazonfr.xml HTTP/1.0" 200 6154084 "-" "-"
89.161.206.59 - - [11/Apr/2025:03:56:23 +0200] "GET /Jurek/pupus/feeds/pupus_amazonde.xml HTTP/1.0" 200 6154282 "-" "-"
89.161.206.59 - - [11/Apr/2025:03:56:23 +0200] "GET /Jurek/playcob/feeds/playcob_cdsc.xml HTTP/1.0" 200 6624651 "-" "-"
89.161.206.59 - - [11/Apr/2025:03:56:23 +0200] "GET /Jurek/pupus/feeds/pupus_amazonnl.xml HTTP/1.0" 200 6154604 "-" "-"
89.161.206.59 - - [11/Apr/2025:03:56:23 +0200] "GET /Jurek/pupus/feeds/pupus_amazonse.xml HTTP/1.0" 200 6156577 "-" "-"
89.161.206.59 - - [11/Apr/2025:03:56:23 +0200] "GET /Jurek/elavia/feeds/elavia_cdsc.xml HTTP/1.0" 200 2085737 "-" "-"
89.161.206.59 - - [11/Apr/2025:03:56:24 +0200] "GET /Jurek/pupus/feeds/pupus_amazonbe.xml HTTP/1.0" 200 6154322 "-" "-"
89.161.206.59 - - [11/Apr/2025:03:56:24 +0200] "GET /Jurek/pagmil/feeds/pagmil_cdsc.xml HTTP/1.0" 200 1133296 "-" "-"
89.161.206.59 - - [11/Apr/2025:03:56:24 +0200] "GET /Jurek/pupus/feeds/pupus_amazonit.xml HTTP/1.0" 200 6154581 "-" "-"
89.161.206.59 - - [11/Apr/2025:03:56:24 +0200] "GET /Jurek/pupus/feeds/pupus_amazones.xml HTTP/1.0" 200 6154504 "-" "-"
89.161.206.59 - - [11/Apr/2025:03:56:24 +0200] "GET /Jurek/proparts/feeds/proparts_cdsc.xml HTTP/1.0" 200 556038 "-" "-"
89.161.206.59 - - [11/Apr/2025:03:56:24 +0200] "GET /Jurek/dekoele/feeds/dekoele_amazonde.xml HTTP/1.0" 200 733936 "-" "-"
89.161.206.59 - - [11/Apr/2025:03:56:24 +0200] "GET /Jurek/dekoele/feeds/dekoele_amazonit.xml HTTP/1.0" 200 733931 "-" "-"
89.161.206.59 - - [11/Apr/2025:03:56:24 +0200] "GET /Jurek/dekoele/feeds/dekoele_amazonfr.xml HTTP/1.0" 200 733937 "-" "-"
89.161.206.59 - - [11/Apr/2025:03:56:24 +0200] "GET /Jurek/dekoele/feeds/dekoele_amazones.xml HTTP/1.0" 200 733933 "-" "-"
89.161.206.59 - - [11/Apr/2025:03:56:25 +0200] "GET /Jurek/alucon/feeds/alucon_cdsc.xml HTTP/1.0" 200 378670 "-" "-"
89.161.206.59 - - [11/Apr/2025:03:56:25 +0200] "GET /Jurek/dekoele/feeds/dekoele_amazonnl.xml HTTP/1.0" 200 733934 "-" "-"
89.161.206.59 - - [11/Apr/2025:03:56:25 +0200] "GET /Jurek/equalo/feeds/equalo_cdsc.xml HTTP/1.0" 200 134209 "-" "-"
89.161.206.59 - - [11/Apr/2025:03:56:25 +0200] "GET /Jurek/dekoele/feeds/dekoele_amazonse.xml HTTP/1.0" 200 734008 "-" "-"
89.161.206.59 - - [11/Apr/2025:03:56:25 +0200] "GET /Jurek/techrebalina/feeds/techrebalina_cdsc.xml HTTP/1.0" 200 1363192 "-" "-"
89.161.206.59 - - [11/Apr/2025:03:56:25 +0200] "GET /Jurek/dekoele/feeds/dekoele_amazonbe.xml HTTP/1.0" 200 733932 "-" "-"
89.161.206.59 - - [11/Apr/2025:03:56:25 +0200] "GET /Jurek/smxdesign/feeds/smxdesign_cdsc.xml HTTP/1.0" 200 1154226 "-" "-"
89.161.206.59 - - [11/Apr/2025:03:56:25 +0200] "GET /Jurek/kobi/feeds/kobi_amazonnl.xml HTTP/1.0" 200 677195 "-" "-"
89.161.206.59 - - [11/Apr/2025:03:56:25 +0200] "GET /Jurek/kobi/feeds/kobi_amazonse.xml HTTP/1.0" 200 677356 "-" "-"
89.161.206.59 - - [11/Apr/2025:03:56:26 +0200] "GET /Jurek/kobi/feeds/kobi_amazones.xml HTTP/1.0" 200 677240 "-" "-"
89.161.206.59 - - [11/Apr/2025:03:56:26 +0200] "GET /Jurek/kobi/feeds/kobi_amazonfr.xml HTTP/1.0" 200 677239 "-" "-"
89.161.206.59 - - [11/Apr/2025:03:56:26 +0200] "GET /Jurek/kobi/feeds/kobi_amazonbe.xml HTTP/1.0" 200 677191 "-" "-"
89.161.206.59 - - [11/Apr/2025:03:56:29 +0200] "GET /Jurek/kamar/feeds/kamar_amazonde.xml HTTP/1.0" 200 25550114 "-" "-"
51.77.52.107 - - [11/Apr/2025:03:56:33 +0200] "GET /Jurek/eurofirany/images/389910/0.jpg HTTP/2.0" 200 39416 "-" "baselinker"
51.77.52.107 - - [11/Apr/2025:03:56:46 +0200] "GET /Jurek/eurofirany/images/389910/0.jpg HTTP/2.0" 200 39416 "-" "baselinker"
51.77.52.107 - - [11/Apr/2025:03:57:04 +0200] "GET /Jurek/eurofirany/images/390056/0.jpg HTTP/2.0" 200 71589 "-" "baselinker"
51.77.52.107 - - [11/Apr/2025:03:57:21 +0200] "GET /Jurek/eurofirany/images/390056/0.jpg HTTP/2.0" 200 71589 "-" "baselinker"
51.77.52.107 - - [11/Apr/2025:03:57:45 +0200] "GET /Jurek/eurofirany/images/390056/0.jpg HTTP/2.0" 200 71589 "-" "baselinker"
51.77.52.107 - - [11/Apr/2025:03:58:09 +0200] "GET /Jurek/eurofirany/images/390749/0.jpg HTTP/2.0" 200 94174 "-" "baselinker"
89.161.206.59 - - [11/Apr/2025:03:58:20 +0200] "GET /Jurek/topeshop/feeds/topeshop_ebayDE.xml HTTP/1.0" 200 1965643 "-" "-"
51.77.52.107 - - [11/Apr/2025:03:58:24 +0200] "GET /Jurek/eurofirany/images/390749/0.jpg HTTP/2.0" 200 94174 "-" "baselinker"
51.77.52.107 - - [11/Apr/2025:03:58:45 +0200] "GET /Jurek/eurofirany/images/390749/0.jpg HTTP/2.0" 200 94174 "-" "baselinker"
51.77.52.107 - - [11/Apr/2025:03:58:59 +0200] "GET /Jurek/eurofirany/images/390751/0.jpg HTTP/2.0" 200 108056 "-" "baselinker"
89.161.206.59 - - [11/Apr/2025:03:59:15 +0200] "GET /Jurek/bass_new/feeds/bass_ebayde.xml HTTP/1.0" 200 4806705 "-" "-"
51.77.52.107 - - [11/Apr/2025:03:59:23 +0200] "GET /Jurek/eurofirany/images/390751/0.jpg HTTP/2.0" 200 108056 "-" "baselinker"
51.77.52.107 - - [11/Apr/2025:03:59:38 +0200] "GET /Jurek/eurofirany/images/390751/0.jpg HTTP/2.0" 200 108056 "-" "baselinker"
46.101.116.244 - - [11/Apr/2025:03:59:49 +0200] "GET /Jurek/reman/feeds/reman_mallsiSH.xml HTTP/2.0" 200 1394822 "-" "-"
51.77.52.107 - - [11/Apr/2025:03:59:57 +0200] "GET /Jurek/eurofirany/images/398941/0.jpg HTTP/2.0" 200 80342 "-" "baselinker"
46.101.116.244 - - [11/Apr/2025:03:59:59 +0200] "GET /Jurek/sartrix/feeds/sartrix_mallsiSH.xml HTTP/2.0" 200 649125 "-" "-"
89.161.206.59 - - [11/Apr/2025:04:00:01 +0200] "GET /Jurek/snibbs/feeds/snibbs_skroutz.xml HTTP/1.0" 200 74399 "-" "-"
89.161.206.59 - - [11/Apr/2025:04:00:05 +0200] "GET /Jurek/globaldeli/feeds/globaldeli_skroutz.xml HTTP/1.0" 200 2590887 "-" "-"
46.101.116.244 - - [11/Apr/2025:04:00:10 +0200] "GET /Jurek/szpaklampy/feeds/szpaklampy_mallsiSH.xml HTTP/2.0" 200 388226 "-" "-"
51.77.52.107 - - [11/Apr/2025:04:00:12 +0200] "GET /Jurek/eurofirany/images/398941/0.jpg HTTP/2.0" 200 80342 "-" "baselinker"
62.146.215.33 - - [11/Apr/2025:04:00:17 +0200] "GET /Jurek/topeshop/downloaded_images/5902838467534_RIVA-SZAFKA-BIEL1.jpg HTTP/2.0" 200 24817 "-" "billigerbot/1.0"
46.101.116.244 - - [11/Apr/2025:04:00:20 +0200] "GET /Jurek/benetech/feeds/benetech_mallsiSH.xml HTTP/2.0" 200 4165313 "-" "-"
51.77.52.107 - - [11/Apr/2025:04:00:23 +0200] "GET /Jurek/eurofirany/images/398941/0.jpg HTTP/2.0" 200 80342 "-" "baselinker"
46.101.116.244 - - [11/Apr/2025:04:00:31 +0200] "GET /Jurek/dekoele/feeds/dekoele_mallsish.xml HTTP/2.0" 200 733933 "-" "-"
46.101.116.244 - - [11/Apr/2025:04:00:41 +0200] "GET /Jurek/drewdon/feeds/drewdon_mallsish.xml HTTP/2.0" 200 504439 "-" "-"
51.77.52.107 - - [11/Apr/2025:04:00:44 +0200] "GET /Jurek/eurofirany/images/398942/0.jpg HTTP/2.0" 200 80342 "-" "baselinker"
46.101.116.244 - - [11/Apr/2025:04:00:52 +0200] "GET /Jurek/emaja24/feeds/emaja24_mallsiSH.xml HTTP/2.0" 200 5109841 "-" "-"
89.161.206.59 - - [11/Apr/2025:04:00:58 +0200] "GET /Jurek/bemipol/feeds/bemipol_skroutz.xml HTTP/1.0" 200 423639 "-" "-"
51.77.52.107 - - [11/Apr/2025:04:00:59 +0200] "GET /Jurek/eurofirany/images/398942/0.jpg HTTP/2.0" 200 80342 "-" "baselinker"
51.77.52.107 - - [11/Apr/2025:04:01:02 +0200] "GET /Jurek/eurofirany/images/398942/0.jpg HTTP/2.0" 200 80342 "-" "baselinker"
89.161.206.59 - - [11/Apr/2025:04:01:03 +0200] "GET /Jurek/bentivolio/feeds/bentivolio_skr.xml HTTP/1.0" 200 1261313 "-" "-"
46.101.116.244 - - [11/Apr/2025:04:01:07 +0200] "GET /Jurek/muminky/feeds/muminky_mallsiSH.xml HTTP/2.0" 200 2677745 "-" "-"
46.101.116.244 - - [11/Apr/2025:04:01:08 +0200] "GET /Jurek/aw/feeds/aw_fnacfr.xml HTTP/1.0" 404 3551 "-" "-"
88.220.33.218 - - [11/Apr/2025:04:01:11 +0200] "GET /Jurek/vida_morele/feeds/VidaPL_all.xml HTTP/2.0" 200 410222592 "-" "MarketplaceAPI curl/7.64.0 PHP/8"
35.204.39.32 - - [11/Apr/2025:04:01:15 +0200] "GET /marketplaces/vente/results/vente_nl.csv HTTP/1.1" 200 2173732 "-" "Mirakl HttpClient"
35.204.39.32 - - [11/Apr/2025:04:01:16 +0200] "GET /marketplaces/vente/results/vente_fr.csv HTTP/1.1" 200 2394698 "-" "Mirakl HttpClient"
35.204.39.32 - - [11/Apr/2025:04:01:16 +0200] "GET /marketplaces/vente/results/vente_be.csv HTTP/1.1" 200 2173767 "-" "Mirakl HttpClient"
35.204.39.32 - - [11/Apr/2025:04:01:17 +0200] "GET /marketplaces/vente/results/vente_it.csv HTTP/1.1" 200 2203332 "-" "Mirakl HttpClient"
46.101.116.244 - - [11/Apr/2025:04:01:18 +0200] "GET /Jurek/pupus/feeds/pupus_mallsiSH.xml HTTP/2.0" 200 6154454 "-" "-"
35.204.39.32 - - [11/Apr/2025:04:01:18 +0200] "GET /marketplaces/vente/results/vente_es.csv HTTP/1.1" 200 2173193 "-" "Mirakl HttpClient"
35.204.39.32 - - [11/Apr/2025:04:01:19 +0200] "GET /marketplaces/vente/results/vente_de.csv HTTP/1.1" 200 2173150 "-" "Mirakl HttpClient"
51.77.52.107 - - [11/Apr/2025:04:01:21 +0200] "GET /Jurek/eurofirany/images/398943/0.jpg HTTP/2.0" 200 80342 "-" "baselinker"
66.135.223.44 - - [11/Apr/2025:04:01:28 +0200] "GET /Jurek/topeshop/downloaded_images/5902838468838_DUOSONOMABRY%C5%81KABOKZM.jpg HTTP/1.1" 404 3551 "-" "Java/17.0.13.0.101"
46.101.116.244 - - [11/Apr/2025:04:01:30 +0200] "GET /Jurek/erohurtownia/feeds/erohurtownia_mallsish.xml HTTP/2.0" 200 22846409 "-" "-"
51.77.52.107 - - [11/Apr/2025:04:01:37 +0200] "GET /Jurek/eurofirany/images/398943/0.jpg HTTP/2.0" 200 80342 "-" "baselinker"
46.101.116.244 - - [11/Apr/2025:04:01:46 +0200] "GET /Jurek/oromed/feeds/oromed_mallsish.xml HTTP/2.0" 200 1073905 "-" "-"
51.77.52.107 - - [11/Apr/2025:04:01:54 +0200] "GET /Jurek/eurofirany/images/398943/0.jpg HTTP/2.0" 200 80342 "-" "baselinker"
52.18.22.0 - - [11/Apr/2025:04:02:05 +0200] "GET /marketplaces/rue/results/rue.csv HTTP/1.1" 200 6635913 "-" "Mirakl HttpClient"
51.77.52.107 - - [11/Apr/2025:04:02:11 +0200] "GET /Jurek/eurofirany/images/401270/0.jpg HTTP/2.0" 200 199777 "-" "baselinker"
46.101.116.244 - - [11/Apr/2025:04:02:13 +0200] "GET /Jurek/urwiskowo/feeds/urwiskowo_mallsish.xml HTTP/2.0" 200 9114899 "-" "-"
46.101.116.244 - - [11/Apr/2025:04:02:25 +0200] "GET /Jurek/eroplace/feeds/eroplace_mallsish.xml HTTP/2.0" 200 52134705 "-" "-"
51.77.52.107 - - [11/Apr/2025:04:02:40 +0200] "GET /Jurek/eurofirany/images/401270/0.jpg HTTP/2.0" 200 199777 "-" "baselinker"
46.101.116.244 - - [11/Apr/2025:04:02:46 +0200] "GET /Jurek/bass_new/feeds/bass_mallsish.xml HTTP/2.0" 200 7040863 "-" "-"
89.161.206.59 - - [11/Apr/2025:04:02:47 +0200] "GET /Jurek/topeshop/feeds/topeshop_emagro.xml HTTP/1.0" 200 922250 "-" "-"
51.77.52.107 - - [11/Apr/2025:04:02:52 +0200] "GET /Jurek/eurofirany/images/401270/0.jpg HTTP/2.0" 200 199777 "-" "baselinker"
46.101.116.244 - - [11/Apr/2025:04:02:58 +0200] "GET /Jurek/ekuchcikowo/feeds/ekuchcikowo_mallsish.xml HTTP/2.0" 200 12471069 "-" "-"
88.220.33.218 - - [11/Apr/2025:04:03:06 +0200] "GET /Jurek/kinghoff/feeds/kinghoff_morele.xml HTTP/2.0" 200 15438376 "-" "MarketplaceAPI curl/7.64.0 PHP/8"
46.101.116.244 - - [11/Apr/2025:04:03:09 +0200] "GET /Jurek/sempler/feeds/sempler_mallsish.xml HTTP/2.0" 200 6787958 "-" "-"
185.6.76.166 - - [11/Apr/2025:04:03:12 +0200] "GET /Jurek/eurofirany/images/423951/0.jpg HTTP/1.1" 200 0 "-" "Skroutz ImageBot v1"
185.6.76.166 - - [11/Apr/2025:04:03:12 +0200] "GET /Jurek/eurofirany/images/409417/0.jpg HTTP/1.1" 200 33 "-" "Skroutz ImageBot v1"
185.6.76.166 - - [11/Apr/2025:04:03:12 +0200] "GET /Jurek/eurofirany/images/448312/0.jpg HTTP/1.1" 200 33 "-" "Skroutz ImageBot v1"
185.6.76.166 - - [11/Apr/2025:04:03:12 +0200] "GET /Jurek/eurofirany/images/416884/0.jpg HTTP/1.1" 200 6595 "-" "Skroutz ImageBot v1"
185.6.76.166 - - [11/Apr/2025:04:03:12 +0200] "GET /Jurek/eurofirany/images/418659/0.jpg HTTP/1.1" 200 6595 "-" "Skroutz ImageBot v1"
185.6.76.166 - - [11/Apr/2025:04:03:12 +0200] "GET /Jurek/eurofirany/images/416890/0.jpg HTTP/1.1" 200 6595 "-" "Skroutz ImageBot v1"
185.6.76.166 - - [11/Apr/2025:04:03:12 +0200] "GET /Jurek/eurofirany/images/409414/0.jpg HTTP/1.1" 200 33 "-" "Skroutz ImageBot v1"
185.6.76.166 - - [11/Apr/2025:04:03:12 +0200] "GET /Jurek/eurofirany/images/416891/0.jpg HTTP/1.1" 200 6595 "-" "Skroutz ImageBot v1"
185.6.76.166 - - [11/Apr/2025:04:03:12 +0200] "GET /Jurek/eurofirany/images/416893/0.jpg HTTP/1.1" 200 6595 "-" "Skroutz ImageBot v1"
185.6.76.166 - - [11/Apr/2025:04:03:12 +0200] "GET /Jurek/eurofirany/images/416886/0.jpg HTTP/1.1" 200 6595 "-" "Skroutz ImageBot v1"
185.6.76.166 - - [11/Apr/2025:04:03:12 +0200] "GET /Jurek/eurofirany/images/406034/0.jpg HTTP/1.1" 200 147219 "-" "Skroutz ImageBot v1"
185.6.76.166 - - [11/Apr/2025:04:03:12 +0200] "GET /Jurek/eurofirany/images/416889/0.jpg HTTP/1.1" 200 6595 "-" "Skroutz ImageBot v1"
185.6.76.166 - - [11/Apr/2025:04:03:12 +0200] "GET /Jurek/eurofirany/images/416887/0.jpg HTTP/1.1" 200 6595 "-" "Skroutz ImageBot v1"
51.77.52.107 - - [11/Apr/2025:04:03:14 +0200] "GET /Jurek/eurofirany/images/408629/0.jpg HTTP/2.0" 200 93833 "-" "baselinker"
185.6.76.166 - - [11/Apr/2025:04:03:14 +0200] "GET /Jurek/eurofirany/images/423205/0.jpg HTTP/1.1" 200 0 "-" "Skroutz ImageBot v1"
185.6.76.166 - - [11/Apr/2025:04:03:14 +0200] "GET /Jurek/eurofirany/images/423204/0.jpg HTTP/1.1" 200 0 "-" "Skroutz ImageBot v1"
185.6.76.166 - - [11/Apr/2025:04:03:14 +0200] "GET /Jurek/eurofirany/images/423202/0.jpg HTTP/1.1" 200 0 "-" "Skroutz ImageBot v1"
185.6.76.166 - - [11/Apr/2025:04:03:15 +0200] "GET /Jurek/eurofirany/images/433257/0.jpg HTTP/1.1" 200 6625 "-" "Skroutz ImageBot v1"
185.6.76.166 - - [11/Apr/2025:04:03:15 +0200] "GET /Jurek/eurofirany/images/463594/0.jpg HTTP/1.1" 200 0 "-" "Skroutz ImageBot v1"
185.6.76.166 - - [11/Apr/2025:04:03:15 +0200] "GET /Jurek/eurofirany/images/433272/0.jpg HTTP/1.1" 200 6625 "-" "Skroutz ImageBot v1"
185.6.76.166 - - [11/Apr/2025:04:03:15 +0200] "GET /Jurek/eurofirany/images/463592/0.jpg HTTP/1.1" 200 0 "-" "Skroutz ImageBot v1"
185.6.76.166 - - [11/Apr/2025:04:03:15 +0200] "GET /Jurek/eurofirany/images/433255/0.jpg HTTP/1.1" 200 6625 "-" "Skroutz ImageBot v1"
185.6.76.166 - - [11/Apr/2025:04:03:15 +0200] "GET /Jurek/eurofirany/images/432606/0.jpg HTTP/1.1" 200 33 "-" "Skroutz ImageBot v1"
185.6.76.166 - - [11/Apr/2025:04:03:15 +0200] "GET /Jurek/eurofirany/images/432597/0.jpg HTTP/1.1" 200 33 "-" "Skroutz ImageBot v1"
185.6.76.166 - - [11/Apr/2025:04:03:15 +0200] "GET /Jurek/eurofirany/images/440362/0.jpg HTTP/1.1" 200 33 "-" "Skroutz ImageBot v1"
185.6.76.166 - - [11/Apr/2025:04:03:15 +0200] "GET /Jurek/eurofirany/images/463596/0.jpg HTTP/1.1" 200 0 "-" "Skroutz ImageBot v1"
185.6.76.166 - - [11/Apr/2025:04:03:15 +0200] "GET /Jurek/eurofirany/images/463597/0.jpg HTTP/1.1" 200 0 "-" "Skroutz ImageBot v1"
185.6.76.166 - - [11/Apr/2025:04:03:15 +0200] "GET /Jurek/eurofirany/images/440501/0.jpg HTTP/1.1" 200 33 "-" "Skroutz ImageBot v1"
185.6.76.166 - - [11/Apr/2025:04:03:15 +0200] "GET /Jurek/eurofirany/images/441719/0.jpg HTTP/1.1" 200 33 "-" "Skroutz ImageBot v1"
185.6.76.166 - - [11/Apr/2025:04:03:15 +0200] "GET /Jurek/eurofirany/images/409423/0.jpg HTTP/1.1" 200 33 "-" "Skroutz ImageBot v1"
185.6.76.166 - - [11/Apr/2025:04:03:15 +0200] "GET /Jurek/eurofirany/images/429767/0.jpg HTTP/1.1" 200 6625 "-" "Skroutz ImageBot v1"
185.6.76.166 - - [11/Apr/2025:04:03:15 +0200] "GET /Jurek/eurofirany/images/440490/0.jpg HTTP/1.1" 200 33 "-" "Skroutz ImageBot v1"
185.6.76.166 - - [11/Apr/2025:04:03:15 +0200] "GET /Jurek/eurofirany/images/463595/0.jpg HTTP/1.1" 200 0 "-" "Skroutz ImageBot v1"
185.6.76.166 - - [11/Apr/2025:04:03:16 +0200] "GET /Jurek/eurofirany/images/432589/0.jpg HTTP/1.1" 200 33 "-" "Skroutz ImageBot v1"
185.6.76.166 - - [11/Apr/2025:04:03:16 +0200] "GET /Jurek/eurofirany/images/440363/0.jpg HTTP/1.1" 200 33 "-" "Skroutz ImageBot v1"
185.6.76.166 - - [11/Apr/2025:04:03:16 +0200] "GET /Jurek/eurofirany/images/432598/0.jpg HTTP/1.1" 200 33 "-" "Skroutz ImageBot v1"
185.6.76.166 - - [11/Apr/2025:04:03:16 +0200] "GET /Jurek/eurofirany/images/463589/0.jpg HTTP/1.1" 200 0 "-" "Skroutz ImageBot v1"
185.6.76.166 - - [11/Apr/2025:04:03:16 +0200] "GET /Jurek/eurofirany/images/463591/0.jpg HTTP/1.1" 200 0 "-" "Skroutz ImageBot v1"
185.6.76.166 - - [11/Apr/2025:04:03:17 +0200] "GET /Jurek/eurofirany/images/418370/0.jpg HTTP/1.1" 200 6595 "-" "Skroutz ImageBot v1"
185.6.76.166 - - [11/Apr/2025:04:03:18 +0200] "GET /Jurek/eurofirany/images/431703/0.jpg HTTP/1.1" 200 6625 "-" "Skroutz ImageBot v1"
185.6.76.166 - - [11/Apr/2025:04:03:18 +0200] "GET /Jurek/eurofirany/images/418562/0.jpg HTTP/1.1" 200 6595 "-" "Skroutz ImageBot v1"
185.6.76.166 - - [11/Apr/2025:04:03:18 +0200] "GET /Jurek/eurofirany/images/407893/0.jpg HTTP/1.1" 200 147219 "-" "Skroutz ImageBot v1"
185.6.76.166 - - [11/Apr/2025:04:03:18 +0200] "GET /Jurek/eurofirany/images/419216/0.jpg HTTP/1.1" 200 6595 "-" "Skroutz ImageBot v1"
46.101.116.244 - - [11/Apr/2025:04:03:20 +0200] "GET /Jurek/bass/feeds/bass_mallsish.xml HTTP/2.0" 200 3984389 "-" "-"
51.77.52.107 - - [11/Apr/2025:04:03:30 +0200] "GET /Jurek/eurofirany/images/408629/0.jpg HTTP/2.0" 200 93833 "-" "baselinker"
52.18.22.0 - - [11/Apr/2025:04:03:41 +0200] "GET /marketplaces/ubaldi/results/ubaldi.csv HTTP/1.1" 200 3398519 "-" "Mirakl HttpClient"
46.101.116.244 - - [11/Apr/2025:04:03:43 +0200] "GET /Jurek/slayo/feeds/slayo_mallsish.xml HTTP/2.0" 200 183614 "-" "-"
51.77.52.107 - - [11/Apr/2025:04:03:43 +0200] "GET /Jurek/eurofirany/images/408629/0.jpg HTTP/2.0" 200 93833 "-" "baselinker"
46.101.116.244 - - [11/Apr/2025:04:03:53 +0200] "GET /Jurek/mosti/feeds/mosti_mallsish.xml HTTP/2.0" 200 4628083 "-" "-"
51.77.52.107 - - [11/Apr/2025:04:03:53 +0200] "GET /Jurek/eurofirany/images/410687/0.jpg HTTP/2.0" 200 70864 "-" "baselinker"
46.101.116.244 - - [11/Apr/2025:04:03:53 +0200] "GET /Jurek/amzteam/feeds/amzteam_mallsish.xml HTTP/2.0" 200 97852 "-" "-"
46.101.116.244 - - [11/Apr/2025:04:03:54 +0200] "GET /Jurek/artdog/feeds/artdog_mallsish.xml HTTP/2.0" 200 17158514 "-" "-"
89.161.206.59 - - [11/Apr/2025:04:03:54 +0200] "GET /Jurek/filmal/feeds/filmal_aliex.xml HTTP/1.0" 200 139294 "-" "-"
89.161.206.59 - - [11/Apr/2025:04:03:55 +0200] "GET /Jurek/sovapl/feeds/sovapl_aliex.xml HTTP/1.0" 200 9002784 "-" "-"
46.101.116.244 - - [11/Apr/2025:04:03:55 +0200] "GET /Jurek/kambukka/feeds/kambukka_mallsish.xml HTTP/2.0" 200 1021061 "-" "-"
89.161.206.59 - - [11/Apr/2025:04:03:56 +0200] "GET /Jurek/riko/feeds/riko_aliex.xml HTTP/1.0" 200 3786216 "-" "-"
89.161.206.59 - - [11/Apr/2025:04:03:57 +0200] "GET /Jurek/gandalf/feeds/gandalf_aliex.xml HTTP/1.0" 200 1082567 "-" "-"
89.161.206.59 - - [11/Apr/2025:04:03:57 +0200] "GET /Jurek/andex/feeds/andex_aliex.xml HTTP/1.0" 200 1953945 "-" "-"
89.161.206.59 - - [11/Apr/2025:04:03:57 +0200] "GET /Jurek/sebmart/feeds/sebmart_aliex.xml HTTP/1.0" 200 1599106 "-" "-"
89.161.206.59 - - [11/Apr/2025:04:03:58 +0200] "GET /Jurek/bemipol/feeds/bemipol_aliex.xml HTTP/1.0" 200 423686 "-" "-"
89.161.206.59 - - [11/Apr/2025:04:03:58 +0200] "GET /Jurek/tsjerzy/feeds/tsjerzy_aliex.xml HTTP/1.0" 200 3899783 "-" "-"
89.161.206.59 - - [11/Apr/2025:04:03:59 +0200] "GET /Jurek/equalo/feeds/equalo_aliex.xml HTTP/1.0" 200 98019 "-" "-"
89.161.206.59 - - [11/Apr/2025:04:03:59 +0200] "GET /Jurek/newtechele/feeds/newtechele_aliex.xml HTTP/1.0" 200 2438724 "-" "-"
89.161.206.59 - - [11/Apr/2025:04:03:59 +0200] "GET /Jurek/nonabox/feeds/nonabox_aliex.xml HTTP/1.0" 200 33874 "-" "-"
89.161.206.59 - - [11/Apr/2025:04:04:00 +0200] "GET /Jurek/amzteam/feeds/amzteam_aliex.xml HTTP/1.0" 200 97912 "-" "-"
51.77.52.107 - - [11/Apr/2025:04:04:06 +0200] "GET /Jurek/eurofirany/images/410687/0.jpg HTTP/2.0" 200 70864 "-" "baselinker"
46.101.116.244 - - [11/Apr/2025:04:04:09 +0200] "GET /Jurek/swiatecznygoliat/feeds/swiatecznygoliat_mallsish.xml HTTP/2.0" 200 7054433 "-" "-"
89.161.206.59 - - [11/Apr/2025:04:04:10 +0200] "GET /Jurek/antiodor/feeds/antiodor_emagro.xml HTTP/1.0" 200 137839 "-" "-"
