89.161.206.59 - - [11/Apr/2025:07:59:18 +0200] "GET /Jurek/dekoele/feeds/dekoele_amazonbe.xml HTTP/1.0" 200 733932 "-" "-"
89.161.206.59 - - [11/Apr/2025:07:59:22 +0200] "GET /Jurek/benetech/feeds/benetech_amazonse.xml HTTP/1.0" 200 4165716 "-" "-"
89.161.206.59 - - [11/Apr/2025:07:59:22 +0200] "GET /Jurek/benetech/feeds/benetech_amazonnl.xml HTTP/1.0" 200 4165305 "-" "-"
89.161.206.59 - - [11/Apr/2025:07:59:22 +0200] "GET /Jurek/benetech/feeds/benetech_amazonfr.xml HTTP/1.0" 200 4165309 "-" "-"
89.161.206.59 - - [11/Apr/2025:07:59:22 +0200] "GET /Jurek/benetech/feeds/benetech_amazones.xml HTTP/1.0" 200 4165320 "-" "-"
89.161.206.59 - - [11/Apr/2025:07:59:22 +0200] "GET /Jurek/benetech/feeds/benetech_amazonit.xml HTTP/1.0" 200 4165334 "-" "-"
89.161.206.59 - - [11/Apr/2025:07:59:23 +0200] "GET /Jurek/kobi/feeds/kobi_amazonnl.xml HTTP/1.0" 200 677195 "-" "-"
89.161.206.59 - - [11/Apr/2025:07:59:23 +0200] "GET /Jurek/kobi/feeds/kobi_amazonse.xml HTTP/1.0" 200 677356 "-" "-"
89.161.206.59 - - [11/Apr/2025:07:59:24 +0200] "GET /Jurek/kobi/feeds/kobi_amazones.xml HTTP/1.0" 200 677240 "-" "-"
89.161.206.59 - - [11/Apr/2025:07:59:24 +0200] "GET /Jurek/kobi/feeds/kobi_amazonfr.xml HTTP/1.0" 200 677239 "-" "-"
89.161.206.59 - - [11/Apr/2025:07:59:24 +0200] "GET /Jurek/kobi/feeds/kobi_amazonbe.xml HTTP/1.0" 200 677191 "-" "-"
89.161.206.59 - - [11/Apr/2025:07:59:27 +0200] "GET /Jurek/kamar/feeds/kamar_amazonde.xml HTTP/1.0" 200 25550114 "-" "-"
89.161.206.59 - - [11/Apr/2025:07:59:31 +0200] "GET /Jurek/oromed/feeds/oromed_amazones.xml HTTP/1.0" 200 1073914 "-" "-"
89.161.206.59 - - [11/Apr/2025:07:59:31 +0200] "GET /Jurek/oromed/feeds/oromed_amazonse.xml HTTP/1.0" 200 1074115 "-" "-"
89.161.206.59 - - [11/Apr/2025:07:59:31 +0200] "GET /Jurek/oromed/feeds/oromed_amazonbe.xml HTTP/1.0" 200 1073905 "-" "-"
89.161.206.59 - - [11/Apr/2025:07:59:31 +0200] "GET /Jurek/oromed/feeds/oromed_amazonfr.xml HTTP/1.0" 200 1073904 "-" "-"
89.161.206.59 - - [11/Apr/2025:07:59:31 +0200] "GET /Jurek/oromed/feeds/oromed_amazonit.xml HTTP/1.0" 200 1073906 "-" "-"
89.161.206.59 - - [11/Apr/2025:07:59:32 +0200] "GET /Jurek/oromed/feeds/oromed_amazonnl.xml HTTP/1.0" 200 1073906 "-" "-"
89.161.206.59 - - [11/Apr/2025:07:59:32 +0200] "GET /Jurek/combine/feeds/combine_amazonde.xml HTTP/1.0" 200 210556 "-" "-"
89.161.206.59 - - [11/Apr/2025:07:59:32 +0200] "GET /Jurek/benetech/feeds/benetech_amazonbe.xml HTTP/1.0" 200 4165309 "-" "-"
89.161.206.59 - - [11/Apr/2025:07:59:33 +0200] "GET /Jurek/eroplace/feeds/eroplace_amazonit.xml HTTP/1.0" 200 52135291 "-" "-"
51.77.52.107 - - [11/Apr/2025:07:59:33 +0200] "GET /Jurek/eurofirany/images/466642/0.jpg HTTP/2.0" 200 113190 "-" "baselinker"
89.161.206.59 - - [11/Apr/2025:07:59:34 +0200] "GET /Jurek/eroplace/feeds/eroplace_amazonfr.xml HTTP/1.0" 200 52134785 "-" "-"
89.161.206.59 - - [11/Apr/2025:07:59:36 +0200] "GET /Jurek/eroplace/feeds/eroplace_amazonnl.xml HTTP/1.0" 200 52134685 "-" "-"
5.134.208.158 - - [11/Apr/2025:07:59:48 +0200] "GET /Jurek/eurofirany/images/373038/0.jpg HTTP/1.1" 200 80342 "-" "-"
51.77.52.107 - - [11/Apr/2025:07:59:50 +0200] "GET /Jurek/eurofirany/images/467075/0.jpg HTTP/2.0" 200 63911 "-" "baselinker"
89.161.206.59 - - [11/Apr/2025:07:59:52 +0200] "GET /Jurek/eroplace/feeds/eroplace_amazonde.xml HTTP/1.0" 200 52134504 "-" "-"
51.77.52.107 - - [11/Apr/2025:07:59:53 +0200] "GET /Jurek/eurofirany/images/467075/0.jpg HTTP/2.0" 200 63911 "-" "baselinker"
89.161.206.59 - - [11/Apr/2025:07:59:54 +0200] "GET /Jurek/eroplace/feeds/eroplace_amazonse.xml HTTP/1.0" 200 52159034 "-" "-"
89.161.206.59 - - [11/Apr/2025:07:59:56 +0200] "GET /Jurek/eroplace/feeds/eroplace_amazones.xml HTTP/1.0" 200 52135054 "-" "-"
51.77.52.107 - - [11/Apr/2025:07:59:59 +0200] "GET /Jurek/eurofirany/images/467075/0.jpg HTTP/2.0" 200 63911 "-" "baselinker"
164.92.232.189 - - [11/Apr/2025:08:00:01 +0200] "GET /subskrypcje/AMD/feeds/amd_cz.xml HTTP/1.1" 200 518486 "-" "-"
51.77.52.107 - - [11/Apr/2025:08:00:05 +0200] "GET /Jurek/eurofirany/images/463693/0.jpg HTTP/2.0" 200 85500 "-" "baselinker"
164.92.232.189 - - [11/Apr/2025:08:00:12 +0200] "GET /subskrypcje/AMD/feeds/amd_sk.xml HTTP/1.1" 200 528562 "-" "-"
164.92.232.189 - - [11/Apr/2025:08:00:12 +0200] "GET /subskrypcje/OverHorse/overhorse_mallcz.xml HTTP/1.1" 200 112935 "-" "-"
5.134.208.158 - - [11/Apr/2025:08:00:13 +0200] "GET /Jurek/eurofirany/images/459552/0.jpg HTTP/1.1" 200 81438 "-" "-"
51.77.52.107 - - [11/Apr/2025:08:00:21 +0200] "GET /Jurek/eurofirany/images/463693/0.jpg HTTP/2.0" 200 85500 "-" "baselinker"
164.92.232.189 - - [11/Apr/2025:08:00:22 +0200] "GET /subskrypcje/mondex/feeds/mondex_mall_cz.xml HTTP/1.1" 200 2203515 "-" "-"
51.77.52.107 - - [11/Apr/2025:08:00:36 +0200] "GET /Jurek/eurofirany/images/463693/0.jpg HTTP/2.0" 200 85500 "-" "baselinker"
52.18.22.0 - - [11/Apr/2025:08:00:38 +0200] "GET /marketplaces/ubaldi/results/ubaldi.csv HTTP/1.1" 200 3398576 "-" "Mirakl HttpClient"
5.134.208.158 - - [11/Apr/2025:08:00:57 +0200] "GET /Jurek/eurofirany/images/390142/0.jpg HTTP/1.1" 200 75195 "-" "-"
5.134.208.158 - - [11/Apr/2025:08:00:58 +0200] "GET /Jurek/eurofirany/images/401278/0.jpg HTTP/1.1" 200 83393 "-" "-"
89.161.206.59 - - [11/Apr/2025:08:01:05 +0200] "GET /Jurek/bemipol/feeds/bemipol_skroutz.xml HTTP/1.0" 200 423639 "-" "-"
89.161.206.59 - - [11/Apr/2025:08:01:12 +0200] "GET /Jurek/bentivolio/feeds/bentivolio_skr.xml HTTP/1.0" 200 1261313 "-" "-"
35.204.39.32 - - [11/Apr/2025:08:01:12 +0200] "GET /marketplaces/vente/results/vente_nl.csv HTTP/1.1" 200 2173721 "-" "Mirakl HttpClient"
35.204.39.32 - - [11/Apr/2025:08:01:13 +0200] "GET /marketplaces/vente/results/vente_fr.csv HTTP/1.1" 200 2394697 "-" "Mirakl HttpClient"
35.204.39.32 - - [11/Apr/2025:08:01:13 +0200] "GET /marketplaces/vente/results/vente_be.csv HTTP/1.1" 200 2173764 "-" "Mirakl HttpClient"
35.204.39.32 - - [11/Apr/2025:08:01:14 +0200] "GET /marketplaces/vente/results/vente_it.csv HTTP/1.1" 200 2203336 "-" "Mirakl HttpClient"
51.77.52.107 - - [11/Apr/2025:08:01:14 +0200] "GET /Jurek/eurofirany/images/463694/0.jpg HTTP/2.0" 200 95246 "-" "baselinker"
35.204.39.32 - - [11/Apr/2025:08:01:15 +0200] "GET /marketplaces/vente/results/vente_es.csv HTTP/1.1" 200 2173201 "-" "Mirakl HttpClient"
35.204.39.32 - - [11/Apr/2025:08:01:15 +0200] "GET /marketplaces/vente/results/vente_de.csv HTTP/1.1" 200 2173147 "-" "Mirakl HttpClient"
89.161.206.59 - - [11/Apr/2025:08:01:29 +0200] "GET /Jurek/fertes/feeds/fertes_skr.xml HTTP/1.0" 200 2361758 "-" "-"
51.77.52.107 - - [11/Apr/2025:08:01:30 +0200] "GET /Jurek/eurofirany/images/463694/0.jpg HTTP/2.0" 200 95246 "-" "baselinker"
89.161.206.59 - - [11/Apr/2025:08:01:30 +0200] "GET /Jurek/sklep24amk/feeds/sklep24amk_skroutz.xml HTTP/1.0" 200 3894624 "-" "-"
89.161.206.59 - - [11/Apr/2025:08:01:31 +0200] "GET /Jurek/relogy/feeds/relogy_skroutz.xml HTTP/1.0" 200 66668137 "-" "-"
89.161.206.59 - - [11/Apr/2025:08:01:32 +0200] "GET /Jurek/wezer/feeds/wezer_skroutz.xml HTTP/1.0" 200 202562 "-" "-"
89.161.206.59 - - [11/Apr/2025:08:01:33 +0200] "GET /Jurek/shiori/feeds/shiori_skroutz.xml HTTP/1.0" 200 453656 "-" "-"
46.101.116.244 - - [11/Apr/2025:08:01:34 +0200] "GET /Jurek/aw/feeds/aw_fnacfr.xml HTTP/1.0" 404 3551 "-" "-"
89.161.206.59 - - [11/Apr/2025:08:01:36 +0200] "GET /Jurek/bisanti/feeds/bisanti_skroutz.xml HTTP/1.0" 200 1142286 "-" "-"
51.77.52.107 - - [11/Apr/2025:08:01:47 +0200] "GET /Jurek/eurofirany/images/463694/0.jpg HTTP/2.0" 200 95246 "-" "baselinker"
51.77.52.107 - - [11/Apr/2025:08:02:09 +0200] "GET /Jurek/eurofirany/images/463695/0.jpg HTTP/2.0" 200 98797 "-" "baselinker"
89.161.206.59 - - [11/Apr/2025:08:02:18 +0200] "GET /Jurek/proadventure/feeds/proadventure_skr.xml HTTP/1.0" 200 10763623 "-" "-"
88.220.33.218 - - [11/Apr/2025:08:02:18 +0200] "GET /Jurek/vida_morele/feeds/VidaPL_all.xml HTTP/2.0" 200 628113408 "-" "MarketplaceAPI curl/7.64.0 PHP/8"
89.161.206.59 - - [11/Apr/2025:08:02:19 +0200] "GET /Jurek/rems/feeds/rems_skr.xml HTTP/1.0" 200 8706235 "-" "-"
89.161.206.59 - - [11/Apr/2025:08:02:21 +0200] "GET /Jurek/bloomglow/feeds/bloomglow_skr.xml HTTP/1.0" 200 13214601 "-" "-"
51.77.52.107 - - [11/Apr/2025:08:02:27 +0200] "GET /Jurek/eurofirany/images/463695/0.jpg HTTP/2.0" 200 98797 "-" "baselinker"
51.77.52.107 - - [11/Apr/2025:08:02:44 +0200] "GET /Jurek/eurofirany/images/463695/0.jpg HTTP/2.0" 200 98797 "-" "baselinker"
5.134.208.158 - - [11/Apr/2025:08:02:50 +0200] "GET /Jurek/eurofirany/images/410355/0.jpg HTTP/1.1" 200 152233 "-" "-"
5.134.208.158 - - [11/Apr/2025:08:02:50 +0200] "GET /Jurek/eurofirany/images/410356/0.jpg HTTP/1.1" 200 149957 "-" "-"
5.134.208.158 - - [11/Apr/2025:08:02:51 +0200] "GET /Jurek/eurofirany/images/410348/0.jpg HTTP/1.1" 200 105114 "-" "-"
52.18.22.0 - - [11/Apr/2025:08:02:58 +0200] "GET /marketplaces/rue/results/rue.csv HTTP/1.1" 200 6635938 "-" "Mirakl HttpClient"
51.77.52.107 - - [11/Apr/2025:08:02:59 +0200] "GET /Jurek/eurofirany/images/469007/0.jpg HTTP/2.0" 200 119254 "-" "baselinker"
88.220.33.218 - - [11/Apr/2025:08:03:04 +0200] "GET /Jurek/kinghoff/feeds/kinghoff_morele.xml HTTP/2.0" 200 15438376 "-" "MarketplaceAPI curl/7.64.0 PHP/8"
51.77.52.107 - - [11/Apr/2025:08:03:17 +0200] "GET /Jurek/eurofirany/images/469007/0.jpg HTTP/2.0" 200 119254 "-" "baselinker"
51.77.52.107 - - [11/Apr/2025:08:03:35 +0200] "GET /Jurek/eurofirany/images/469007/0.jpg HTTP/2.0" 200 119254 "-" "baselinker"
51.77.52.107 - - [11/Apr/2025:08:03:50 +0200] "GET /Jurek/eurofirany/images/469009/0.jpg HTTP/2.0" 200 136743 "-" "baselinker"
51.77.52.107 - - [11/Apr/2025:08:03:54 +0200] "GET /Jurek/eurofirany/images/469009/0.jpg HTTP/2.0" 200 136743 "-" "baselinker"
51.77.52.107 - - [11/Apr/2025:08:03:58 +0200] "GET /Jurek/eurofirany/images/469009/0.jpg HTTP/2.0" 200 136743 "-" "baselinker"
51.77.52.107 - - [11/Apr/2025:08:04:04 +0200] "GET /Jurek/eurofirany/images/469010/0.jpg HTTP/2.0" 200 93090 "-" "baselinker"
193.33.8.61 - - [11/Apr/2025:08:04:12 +0200] "GET /Jurek/topeshop/feeds/topeshop_kauflandde.xml HTTP/2.0" 200 2626709 "https://konsola.dkkapusta1997.usermd.net/" "Mozilla/5.0 (Windows NT 10.0; Win64; x64) AppleWebKit/537.36 (KHTML, like Gecko) Chrome/135.0.0.0 Safari/537.36"
51.77.52.107 - - [11/Apr/2025:08:04:20 +0200] "GET /Jurek/eurofirany/images/469010/0.jpg HTTP/2.0" 200 93090 "-" "baselinker"
88.220.33.218 - - [11/Apr/2025:08:04:28 +0200] "GET /Jurek/eurofirany/feeds/eurofirany_morele.xml HTTP/2.0" 200 19348497 "-" "MarketplaceAPI curl/7.64.0 PHP/8"
88.220.33.218 - - [11/Apr/2025:08:04:31 +0200] "GET /Jurek/vivaldi/feeds/vivaldi_Morele-PL.xml HTTP/2.0" 200 344674 "-" "MarketplaceAPI curl/7.64.0 PHP/8"
51.77.52.107 - - [11/Apr/2025:08:04:31 +0200] "GET /Jurek/eurofirany/images/469010/0.jpg HTTP/2.0" 200 93090 "-" "baselinker"
51.77.52.107 - - [11/Apr/2025:08:04:44 +0200] "GET /Jurek/eurofirany/images/469011/0.jpg HTTP/2.0" 200 106416 "-" "baselinker"
51.77.52.107 - - [11/Apr/2025:08:04:59 +0200] "GET /Jurek/eurofirany/images/469011/0.jpg HTTP/2.0" 200 106416 "-" "baselinker"
51.77.52.107 - - [11/Apr/2025:08:05:03 +0200] "GET /Jurek/eurofirany/images/469011/0.jpg HTTP/2.0" 200 106416 "-" "baselinker"
51.77.52.107 - - [11/Apr/2025:08:05:16 +0200] "GET /Jurek/eurofirany/images/469013/0.jpg HTTP/2.0" 200 87368 "-" "baselinker"
51.77.52.107 - - [11/Apr/2025:08:05:21 +0200] "GET /Jurek/eurofirany/images/469013/0.jpg HTTP/2.0" 200 87368 "-" "baselinker"
51.77.52.107 - - [11/Apr/2025:08:05:24 +0200] "GET /Jurek/eurofirany/images/469013/0.jpg HTTP/2.0" 200 87368 "-" "baselinker"
51.77.52.107 - - [11/Apr/2025:08:05:27 +0200] "GET /Jurek/eurofirany/images/470169/0.jpg HTTP/2.0" 200 39392 "-" "baselinker"
89.161.206.59 - - [11/Apr/2025:08:05:35 +0200] "GET /Jurek/antiodor/feeds/antiodor_emagro.xml HTTP/1.0" 200 137839 "-" "-"
51.77.52.107 - - [11/Apr/2025:08:05:37 +0200] "GET /Jurek/eurofirany/images/470169/0.jpg HTTP/2.0" 200 39392 "-" "baselinker"
89.161.206.59 - - [11/Apr/2025:08:05:39 +0200] "GET /Jurek/sternhoff/feeds/sternhoff_emagro.xml HTTP/1.0" 200 1775487 "-" "-"
89.161.206.59 - - [11/Apr/2025:08:05:44 +0200] "GET /Jurek/topeshop/feeds/topeshop_emagro.xml HTTP/1.0" 200 922250 "-" "-"
88.220.33.218 - - [11/Apr/2025:08:05:46 +0200] "GET /Jurek/aw/feeds/awnarzedzia_morele.xml HTTP/2.0" 200 90584674 "-" "MarketplaceAPI curl/7.64.0 PHP/8"
89.161.206.59 - - [11/Apr/2025:08:05:47 +0200] "GET /Jurek/playcob/feeds/playcob_emagro.xml HTTP/1.0" 200 6981087 "-" "-"
89.161.206.59 - - [11/Apr/2025:08:05:47 +0200] "GET /Jurek/alucon/feeds/alucon_emagro.xml HTTP/1.0" 200 553612 "-" "-"
89.161.206.59 - - [11/Apr/2025:08:05:48 +0200] "GET /Jurek/luxma/feeds/luxma_emagro.xml HTTP/1.0" 200 8059692 "-" "-"
89.161.206.59 - - [11/Apr/2025:08:05:49 +0200] "GET /Jurek/eoptimo/feeds/eoptimo_emagro.xml HTTP/1.0" 200 2094694 "-" "-"
89.161.206.59 - - [11/Apr/2025:08:05:49 +0200] "GET /Jurek/shiori/feeds/shiori_emagro.xml HTTP/1.0" 200 453713 "-" "-"
89.161.206.59 - - [11/Apr/2025:08:05:49 +0200] "GET /Jurek/dropkz/feeds/dropkz_emagro.xml HTTP/1.0" 200 70031353 "-" "-"
89.161.206.59 - - [11/Apr/2025:08:05:49 +0200] "GET /Jurek/bisanti/feeds/bisanti_emagro.xml HTTP/1.0" 200 1142472 "-" "-"
89.161.206.59 - - [11/Apr/2025:08:05:50 +0200] "GET /Jurek/najtanszysport/feeds/najtanszysport_emagro.xml HTTP/1.0" 200 3984574 "-" "-"
51.77.52.107 - - [11/Apr/2025:08:05:55 +0200] "GET /Jurek/eurofirany/images/470169/0.jpg HTTP/2.0" 200 39392 "-" "baselinker"
51.77.52.107 - - [11/Apr/2025:08:05:58 +0200] "GET /Jurek/eurofirany/images/470171/0.jpg HTTP/2.0" 200 39193 "-" "baselinker"
51.77.52.107 - - [11/Apr/2025:08:06:02 +0200] "GET /Jurek/eurofirany/images/470171/0.jpg HTTP/2.0" 200 39193 "-" "baselinker"
89.161.206.59 - - [11/Apr/2025:08:06:12 +0200] "GET /Jurek/aiofactory/feeds/aiofactory_amazones.xml HTTP/1.0" 200 2123788 "-" "-"
89.161.206.59 - - [11/Apr/2025:08:06:12 +0200] "GET /Jurek/aiofactory/feeds/aiofactory_amazonfr.xml HTTP/1.0" 200 2123795 "-" "-"
89.161.206.59 - - [11/Apr/2025:08:06:13 +0200] "GET /Jurek/aiofactory/feeds/aiofactory_amazonit.xml HTTP/1.0" 200 2123798 "-" "-"
89.161.206.59 - - [11/Apr/2025:08:06:13 +0200] "GET /Jurek/aiofactory/feeds/aiofactory_amazonnl.xml HTTP/1.0" 200 2123787 "-" "-"
89.161.206.59 - - [11/Apr/2025:08:06:13 +0200] "GET /Jurek/aiofactory/feeds/aiofactory_amazonde.xml HTTP/1.0" 200 2123745 "-" "-"
89.161.206.59 - - [11/Apr/2025:08:06:13 +0200] "GET /Jurek/hurtmeblowy/feeds/hurtmeblowy_amazonde.xml HTTP/1.0" 200 7524056 "-" "-"
89.161.206.59 - - [11/Apr/2025:08:06:14 +0200] "GET /Jurek/rosfix/feeds/rosfix_amazonde.xml HTTP/1.0" 200 34055663 "-" "-"
51.77.52.107 - - [11/Apr/2025:08:06:15 +0200] "GET /Jurek/eurofirany/images/470171/0.jpg HTTP/2.0" 200 39193 "-" "baselinker"
89.161.206.59 - - [11/Apr/2025:08:06:19 +0200] "GET /Jurek/avenido/feeds/avenido_amazonde.xml HTTP/1.0" 200 720084 "-" "-"
51.77.52.107 - - [11/Apr/2025:08:06:20 +0200] "GET /Jurek/eurofirany/images/470172/0.jpg HTTP/2.0" 200 49791 "-" "baselinker"
51.77.52.107 - - [11/Apr/2025:08:06:23 +0200] "GET /Jurek/eurofirany/images/470172/0.jpg HTTP/2.0" 200 49791 "-" "baselinker"
88.220.33.218 - - [11/Apr/2025:08:06:26 +0200] "GET /Jurek/beliani/feeds/beliani_morele.xml HTTP/2.0" 200 31269076 "-" "MarketplaceAPI curl/7.64.0 PHP/8"
46.101.116.244 - - [11/Apr/2025:08:06:28 +0200] "GET /Jurek/aw/feeds/aw_fnacfr.xml HTTP/1.0" 404 3551 "-" "-"
51.77.52.107 - - [11/Apr/2025:08:06:28 +0200] "GET /Jurek/eurofirany/images/470172/0.jpg HTTP/2.0" 200 49791 "-" "baselinker"
51.77.52.107 - - [11/Apr/2025:08:06:44 +0200] "GET /Jurek/eurofirany/images/470173/0.jpg HTTP/2.0" 200 43101 "-" "baselinker"
51.77.52.107 - - [11/Apr/2025:08:06:55 +0200] "GET /Jurek/eurofirany/images/470173/0.jpg HTTP/2.0" 200 43101 "-" "baselinker"
51.77.52.107 - - [11/Apr/2025:08:06:59 +0200] "GET /Jurek/eurofirany/images/470173/0.jpg HTTP/2.0" 200 43101 "-" "baselinker"
51.77.52.107 - - [11/Apr/2025:08:07:06 +0200] "GET /Jurek/eurofirany/images/470186/0.jpg HTTP/2.0" 200 46754 "-" "baselinker"
51.77.52.107 - - [11/Apr/2025:08:07:09 +0200] "GET /Jurek/eurofirany/images/470186/0.jpg HTTP/2.0" 200 46754 "-" "baselinker"
51.77.52.107 - - [11/Apr/2025:08:07:13 +0200] "GET /Jurek/eurofirany/images/470186/0.jpg HTTP/2.0" 200 46754 "-" "baselinker"
88.220.33.218 - - [11/Apr/2025:08:07:15 +0200] "GET /Jurek/vida_morele/feeds/VidaPL_morele.xml HTTP/2.0" 200 504785024 "-" "MarketplaceAPI curl/7.64.0 PHP/8"
51.77.52.107 - - [11/Apr/2025:08:07:19 +0200] "GET /Jurek/eurofirany/images/470187/0.jpg HTTP/2.0" 200 36044 "-" "baselinker"
51.77.52.107 - - [11/Apr/2025:08:07:23 +0200] "GET /Jurek/eurofirany/images/470187/0.jpg HTTP/2.0" 200 36044 "-" "baselinker"
51.77.52.107 - - [11/Apr/2025:08:07:38 +0200] "GET /Jurek/eurofirany/images/470187/0.jpg HTTP/2.0" 200 36044 "-" "baselinker"
51.77.52.107 - - [11/Apr/2025:08:07:43 +0200] "GET /Jurek/eurofirany/images/470190/0.jpg HTTP/2.0" 200 36242 "-" "baselinker"
51.77.52.107 - - [11/Apr/2025:08:07:47 +0200] "GET /Jurek/eurofirany/images/470190/0.jpg HTTP/2.0" 200 36242 "-" "baselinker"
51.77.52.107 - - [11/Apr/2025:08:08:06 +0200] "GET /Jurek/eurofirany/images/470190/0.jpg HTTP/2.0" 200 36242 "-" "baselinker"
51.77.52.107 - - [11/Apr/2025:08:08:27 +0200] "GET /Jurek/eurofirany/images/470196/0.jpg HTTP/2.0" 200 35751 "-" "baselinker"
51.77.52.107 - - [11/Apr/2025:08:08:33 +0200] "GET /Jurek/eurofirany/images/470196/0.jpg HTTP/2.0" 200 35751 "-" "baselinker"
185.6.76.18 - - [11/Apr/2025:08:08:43 +0200] "GET /marketplaces/skroutz/feeds/shumee.xml HTTP/1.1" 200 418928351 "-" "SkroutzBot v1.0"
51.77.52.107 - - [11/Apr/2025:08:08:49 +0200] "GET /Jurek/eurofirany/images/470196/0.jpg HTTP/2.0" 200 35751 "-" "baselinker"
51.77.52.107 - - [11/Apr/2025:08:09:01 +0200] "GET /Jurek/eurofirany/images/470198/0.jpg HTTP/2.0" 200 32245 "-" "baselinker"
51.77.52.107 - - [11/Apr/2025:08:09:15 +0200] "GET /Jurek/eurofirany/images/470198/0.jpg HTTP/2.0" 200 32245 "-" "baselinker"
51.77.52.107 - - [11/Apr/2025:08:09:46 +0200] "GET /Jurek/eurofirany/images/470198/0.jpg HTTP/2.0" 200 32245 "-" "baselinker"
51.77.52.107 - - [11/Apr/2025:08:09:59 +0200] "GET /Jurek/eurofirany/images/470199/0.jpg HTTP/2.0" 200 39370 "-" "baselinker"
51.77.52.107 - - [11/Apr/2025:08:10:11 +0200] "GET /Jurek/eurofirany/images/470199/0.jpg HTTP/2.0" 200 39370 "-" "baselinker"
51.77.52.107 - - [11/Apr/2025:08:10:15 +0200] "GET /Jurek/eurofirany/images/470199/0.jpg HTTP/2.0" 200 39370 "-" "baselinker"
51.77.52.107 - - [11/Apr/2025:08:10:33 +0200] "GET /Jurek/eurofirany/images/470201/0.jpg HTTP/2.0" 200 46772 "-" "baselinker"
51.77.52.107 - - [11/Apr/2025:08:10:37 +0200] "GET /Jurek/eurofirany/images/470201/0.jpg HTTP/2.0" 200 46772 "-" "baselinker"
51.77.52.107 - - [11/Apr/2025:08:10:51 +0200] "GET /Jurek/eurofirany/images/470201/0.jpg HTTP/2.0" 200 46772 "-" "baselinker"
51.77.52.107 - - [11/Apr/2025:08:11:10 +0200] "GET /Jurek/eurofirany/images/470204/0.jpg HTTP/2.0" 200 35196 "-" "baselinker"
46.101.116.244 - - [11/Apr/2025:08:11:27 +0200] "GET /Jurek/aw/feeds/aw_fnacfr.xml HTTP/1.0" 404 3551 "-" "-"
51.77.52.107 - - [11/Apr/2025:08:11:30 +0200] "GET /Jurek/eurofirany/images/470204/0.jpg HTTP/2.0" 200 35196 "-" "baselinker"
51.77.52.107 - - [11/Apr/2025:08:11:43 +0200] "GET /Jurek/eurofirany/images/470204/0.jpg HTTP/2.0" 200 35196 "-" "baselinker"
51.77.52.107 - - [11/Apr/2025:08:11:50 +0200] "GET /Jurek/eurofirany/images/470205/0.jpg HTTP/2.0" 200 32722 "-" "baselinker"
89.161.206.59 - - [11/Apr/2025:08:11:59 +0200] "GET /Jurek/jakdroz/feeds/jakdroz_bol.xml HTTP/1.0" 200 4089899 "-" "-"
89.161.206.59 - - [11/Apr/2025:08:12:04 +0200] "GET /Jurek/ikonka/feeds/ikonka_bol.xml HTTP/1.0" 200 22016757 "-" "-"
51.77.52.107 - - [11/Apr/2025:08:12:05 +0200] "GET /Jurek/eurofirany/images/470205/0.jpg HTTP/2.0" 200 32722 "-" "baselinker"
51.77.52.107 - - [11/Apr/2025:08:12:10 +0200] "GET /Jurek/eurofirany/images/470205/0.jpg HTTP/2.0" 200 32722 "-" "baselinker"
89.161.206.59 - - [11/Apr/2025:08:12:20 +0200] "GET /Jurek/bentivolio/feeds/bentivolio_emagro.xml HTTP/1.0" 200 3498444 "-" "-"
51.77.52.107 - - [11/Apr/2025:08:12:26 +0200] "GET /Jurek/eurofirany/images/470206/0.jpg HTTP/2.0" 200 58144 "-" "baselinker"
51.77.52.107 - - [11/Apr/2025:08:12:31 +0200] "GET /Jurek/eurofirany/images/470206/0.jpg HTTP/2.0" 200 58144 "-" "baselinker"
51.77.52.107 - - [11/Apr/2025:08:12:37 +0200] "GET /Jurek/eurofirany/images/470206/0.jpg HTTP/2.0" 200 58144 "-" "baselinker"
51.77.52.107 - - [11/Apr/2025:08:12:46 +0200] "GET /Jurek/eurofirany/images/470207/0.jpg HTTP/2.0" 200 62989 "-" "baselinker"
51.77.52.107 - - [11/Apr/2025:08:12:57 +0200] "GET /Jurek/eurofirany/images/470207/0.jpg HTTP/2.0" 200 62989 "-" "baselinker"
51.77.52.107 - - [11/Apr/2025:08:13:09 +0200] "GET /Jurek/eurofirany/images/470207/0.jpg HTTP/2.0" 200 62989 "-" "baselinker"
46.101.116.244 - - [11/Apr/2025:08:13:11 +0200] "GET /Jurek/kinghoff/feeds/kinghoff_allegro.xml HTTP/1.0" 200 15439320 "-" "-"
89.161.206.59 - - [11/Apr/2025:08:13:11 +0200] "GET /Jurek/ikonka/feeds/ikonka_allegro_cz.xml HTTP/1.0" 200 22017443 "-" "-"
89.161.206.59 - - [11/Apr/2025:08:13:12 +0200] "GET /Jurek/hurtownia_przemyslowa/feeds/hp_allegro_cz.xml HTTP/1.0" 200 49369708 "-" "-"
89.161.206.59 - - [11/Apr/2025:08:13:17 +0200] "GET /Jurek/benetech/feeds/benetech_allegro.xml HTTP/1.0" 200 4165587 "-" "-"
89.161.206.59 - - [11/Apr/2025:08:13:17 +0200] "GET /Jurek/sempler/feeds/sempler_allegro.xml HTTP/1.0" 200 6788401 "-" "-"
89.161.206.59 - - [11/Apr/2025:08:13:17 +0200] "GET /Jurek/targethome/feeds/targethome_allegro.xml HTTP/1.0" 200 688654 "-" "-"
89.161.206.59 - - [11/Apr/2025:08:13:17 +0200] "GET /Jurek/kambukka/feeds/kambukka_allegro.xml HTTP/1.0" 200 1021462 "-" "-"
89.161.206.59 - - [11/Apr/2025:08:13:17 +0200] "GET /Jurek/swiatecznygoliat/feeds/swiatecznygoliat_allegro.xml HTTP/1.0" 200 7054771 "-" "-"
89.161.206.59 - - [11/Apr/2025:08:13:18 +0200] "GET /Jurek/artdog/feeds/artdog_allegro.xml HTTP/1.0" 200 17162209 "-" "-"
89.161.206.59 - - [11/Apr/2025:08:13:18 +0200] "GET /Jurek/oromed/feeds/oromed_allegro.xml HTTP/1.0" 200 1074040 "-" "-"
89.161.206.59 - - [11/Apr/2025:08:13:18 +0200] "GET /Jurek/ekuchcikowo/feeds/ekuchcikowo_allegro.xml HTTP/1.0" 200 12472495 "-" "-"
89.161.206.59 - - [11/Apr/2025:08:13:18 +0200] "GET /Jurek/livinhill/feeds/livinhill_allegro.xml HTTP/1.0" 200 1455219 "-" "-"
89.161.206.59 - - [11/Apr/2025:08:13:19 +0200] "GET /Jurek/narzbud/feeds/narzbud_allegro.xml HTTP/1.0" 200 1901332 "-" "-"
89.161.206.59 - - [11/Apr/2025:08:13:19 +0200] "GET /Jurek/bisanti/feeds/bisanti_allegro.xml HTTP/1.0" 200 1142376 "-" "-"
89.161.206.59 - - [11/Apr/2025:08:13:19 +0200] "GET /Jurek/combine/feeds/combine_allegro.xml HTTP/1.0" 200 210566 "-" "-"
89.161.206.59 - - [11/Apr/2025:08:13:19 +0200] "GET /Jurek/spali/feeds/spali_allegro.xml HTTP/1.0" 200 77067 "-" "-"
89.161.206.59 - - [11/Apr/2025:08:13:19 +0200] "GET /Jurek/ekolight/feeds/ekolight_allegro.xml HTTP/1.0" 200 9055033 "-" "-"
89.161.206.59 - - [11/Apr/2025:08:13:19 +0200] "GET /Jurek/urwiskowo/feeds/urwiskowo_allegro.xml HTTP/1.0" 200 9115643 "-" "-"
89.161.206.59 - - [11/Apr/2025:08:13:20 +0200] "GET /Jurek/reman/feeds/reman_allegro.xml HTTP/1.0" 200 1394890 "-" "-"
51.77.52.107 - - [11/Apr/2025:08:13:24 +0200] "GET /Jurek/eurofirany/images/470210/0.jpg HTTP/2.0" 200 64563 "-" "baselinker"
193.33.8.61 - - [11/Apr/2025:08:13:30 +0200] "GET /favicon.ico HTTP/2.0" 404 3551 "https://dkkapusta1997.usermd.net/Jurek/aiofactory/feeds/aiofactory_manomanoFR.xml" "Mozilla/5.0 (Windows NT 10.0; Win64; x64) AppleWebKit/537.36 (KHTML, like Gecko) Chrome/135.0.0.0 Safari/537.36"
51.77.52.107 - - [11/Apr/2025:08:13:46 +0200] "GET /Jurek/eurofirany/images/470210/0.jpg HTTP/2.0" 200 64563 "-" "baselinker"
51.77.52.107 - - [11/Apr/2025:08:14:03 +0200] "GET /Jurek/eurofirany/images/470210/0.jpg HTTP/2.0" 200 64563 "-" "baselinker"
51.77.52.107 - - [11/Apr/2025:08:14:19 +0200] "GET /Jurek/eurofirany/images/470216/0.jpg HTTP/2.0" 200 34961 "-" "baselinker"
51.77.52.107 - - [11/Apr/2025:08:14:34 +0200] "GET /Jurek/eurofirany/images/470216/0.jpg HTTP/2.0" 200 34961 "-" "baselinker"
51.77.52.107 - - [11/Apr/2025:08:14:39 +0200] "GET /Jurek/eurofirany/images/470216/0.jpg HTTP/2.0" 200 34961 "-" "baselinker"
51.77.52.107 - - [11/Apr/2025:08:14:42 +0200] "GET /Jurek/eurofirany/images/470217/0.jpg HTTP/2.0" 200 37799 "-" "baselinker"
51.77.52.107 - - [11/Apr/2025:08:15:00 +0200] "GET /Jurek/eurofirany/images/470217/0.jpg HTTP/2.0" 200 37799 "-" "baselinker"
51.77.52.107 - - [11/Apr/2025:08:15:05 +0200] "GET /Jurek/eurofirany/images/470217/0.jpg HTTP/2.0" 200 37799 "-" "baselinker"
51.77.52.107 - - [11/Apr/2025:08:15:18 +0200] "GET /Jurek/eurofirany/images/470218/0.jpg HTTP/2.0" 200 48967 "-" "baselinker"
51.77.52.107 - - [11/Apr/2025:08:15:21 +0200] "GET /Jurek/eurofirany/images/470218/0.jpg HTTP/2.0" 200 48967 "-" "baselinker"
51.77.52.107 - - [11/Apr/2025:08:15:26 +0200] "GET /Jurek/eurofirany/images/470218/0.jpg HTTP/2.0" 200 48967 "-" "baselinker"
51.77.52.107 - - [11/Apr/2025:08:15:29 +0200] "GET /Jurek/eurofirany/images/470220/0.jpg HTTP/2.0" 200 41964 "-" "baselinker"
89.161.206.59 - - [11/Apr/2025:08:15:45 +0200] "GET /Jurek/rosfix/feeds/rosfix_cdsc.xml HTTP/1.0" 200 19133017 "-" "-"
51.77.52.107 - - [11/Apr/2025:08:15:46 +0200] "GET /Jurek/eurofirany/images/470220/0.jpg HTTP/2.0" 200 41964 "-" "baselinker"
51.77.52.107 - - [11/Apr/2025:08:15:52 +0200] "GET /Jurek/eurofirany/images/470220/0.jpg HTTP/2.0" 200 41964 "-" "baselinker"
51.77.52.107 - - [11/Apr/2025:08:15:56 +0200] "GET /Jurek/eurofirany/images/470222/0.jpg HTTP/2.0" 200 39375 "-" "baselinker"
51.77.52.107 - - [11/Apr/2025:08:16:00 +0200] "GET /Jurek/eurofirany/images/470222/0.jpg HTTP/2.0" 200 39375 "-" "baselinker"
51.77.52.107 - - [11/Apr/2025:08:16:06 +0200] "GET /Jurek/eurofirany/images/470222/0.jpg HTTP/2.0" 200 39375 "-" "baselinker"
18.157.125.26 - - [11/Apr/2025:08:16:08 +0200] "GET /Jurek/topeshop/downloaded_images/5904507201500_1.jpg HTTP/2.0" 404 3551 "-" "Mozilla/5.0 (Windows NT 10.0; Win64; x64) AppleWebKit/537.36 (KHTML, like Gecko) Chrome/109.0.0.0 Safari/537.36"
51.77.52.107 - - [11/Apr/2025:08:16:10 +0200] "GET /Jurek/eurofirany/images/470224/0.jpg HTTP/2.0" 200 46443 "-" "baselinker"
46.101.116.244 - - [11/Apr/2025:08:16:19 +0200] "GET /Jurek/aw/feeds/aw_fnacfr.xml HTTP/1.0" 404 3551 "-" "-"
193.33.8.61 - - [11/Apr/2025:08:16:26 +0200] "GET /Jurek/eany/data.csv HTTP/2.0" 304 0 "https://dkkapusta1997.usermd.net/Jurek/eany/" "Mozilla/5.0 (Windows NT 10.0; Win64; x64) AppleWebKit/537.36 (KHTML, like Gecko) Chrome/135.0.0.0 Safari/537.36"
51.77.52.107 - - [11/Apr/2025:08:16:27 +0200] "GET /Jurek/eurofirany/images/470224/0.jpg HTTP/2.0" 200 46443 "-" "baselinker"
193.33.8.61 - - [11/Apr/2025:08:16:27 +0200] "GET /favicon.ico HTTP/2.0" 404 3551 "https://dkkapusta1997.usermd.net/Jurek/eany/" "Mozilla/5.0 (Windows NT 10.0; Win64; x64) AppleWebKit/537.36 (KHTML, like Gecko) Chrome/135.0.0.0 Safari/537.36"
51.77.52.107 - - [11/Apr/2025:08:16:31 +0200] "GET /Jurek/eurofirany/images/470224/0.jpg HTTP/2.0" 200 46443 "-" "baselinker"
51.77.52.107 - - [11/Apr/2025:08:16:45 +0200] "GET /Jurek/eurofirany/images/470225/0.jpg HTTP/2.0" 200 33933 "-" "baselinker"
51.77.52.107 - - [11/Apr/2025:08:16:51 +0200] "GET /Jurek/eurofirany/images/470225/0.jpg HTTP/2.0" 200 33933 "-" "baselinker"
51.77.52.107 - - [11/Apr/2025:08:17:04 +0200] "GET /Jurek/eurofirany/images/470225/0.jpg HTTP/2.0" 200 33933 "-" "baselinker"
89.161.206.59 - - [11/Apr/2025:08:17:14 +0200] "GET /Jurek/sportprise/feeds/sportprise_emagro.xml HTTP/1.0" 200 12727723 "-" "-"
89.161.206.59 - - [11/Apr/2025:08:17:15 +0200] "GET /Jurek/elavia/feeds/elavia_emagro.xml HTTP/1.0" 200 2497430 "-" "-"
89.161.206.59 - - [11/Apr/2025:08:17:16 +0200] "GET /Jurek/zbimatyja/feeds/zbimatyja_emagro.xml HTTP/1.0" 200 11671814 "-" "-"
89.161.206.59 - - [11/Apr/2025:08:17:17 +0200] "GET /Jurek/rosfix/feeds/rosfix_emagro.xml HTTP/1.0" 200 35771256 "-" "-"
89.161.206.59 - - [11/Apr/2025:08:17:18 +0200] "GET /Jurek/broers/feeds/broers_emagro.xml HTTP/1.0" 200 1983010 "-" "-"
89.161.206.59 - - [11/Apr/2025:08:17:19 +0200] "GET /Jurek/galopi/feeds/galopi_emagro.xml HTTP/1.0" 200 2111378 "-" "-"
89.161.206.59 - - [11/Apr/2025:08:17:19 +0200] "GET /Jurek/omi/feeds/omi_emagro.xml HTTP/1.0" 200 8106447 "-" "-"
89.161.206.59 - - [11/Apr/2025:08:17:20 +0200] "GET /Jurek/sebmart/feeds/sebmart_emagro.xml HTTP/1.0" 200 1599082 "-" "-"
89.161.206.59 - - [11/Apr/2025:08:17:20 +0200] "GET /Jurek/tsjerzy/feeds/tsjerzy_emagro.xml HTTP/1.0" 200 3899896 "-" "-"
89.161.206.59 - - [11/Apr/2025:08:17:20 +0200] "GET /Jurek/avenido/feeds/avenido_emagro.xml HTTP/1.0" 200 720133 "-" "-"
89.161.206.59 - - [11/Apr/2025:08:17:21 +0200] "GET /Jurek/kamar/feeds/kamar_emagro.xml HTTP/1.0" 200 25555309 "-" "-"
89.161.206.59 - - [11/Apr/2025:08:17:22 +0200] "GET /Jurek/zenex/feeds/zenex_emagro.xml HTTP/1.0" 200 540562 "-" "-"
89.161.206.59 - - [11/Apr/2025:08:17:23 +0200] "GET /Jurek/takapara/feeds/takapara_emagro.xml HTTP/1.0" 200 1342690 "-" "-"
89.161.206.59 - - [11/Apr/2025:08:17:24 +0200] "GET /Jurek/artdog/feeds/artdog_emagro.xml HTTP/1.0" 200 17165263 "-" "-"
51.77.52.107 - - [11/Apr/2025:08:17:25 +0200] "GET /Jurek/eurofirany/images/470226/0.jpg HTTP/2.0" 200 33759 "-" "baselinker"
89.161.206.59 - - [11/Apr/2025:08:17:25 +0200] "GET /Jurek/fertes/feeds/fertes_emagro.xml HTTP/1.0" 200 2362215 "-" "-"
89.161.206.59 - - [11/Apr/2025:08:17:25 +0200] "GET /Jurek/carbonyway/feeds/carbonyway_emagro.xml HTTP/1.0" 200 3076362 "-" "-"
51.77.52.107 - - [11/Apr/2025:08:17:28 +0200] "GET /Jurek/eurofirany/images/470226/0.jpg HTTP/2.0" 200 33759 "-" "baselinker"
89.161.206.59 - - [11/Apr/2025:08:17:28 +0200] "GET /Jurek/proadventure/feeds/proadventure_emag.xml HTTP/1.0" 200 10765396 "-" "-"
51.77.52.107 - - [11/Apr/2025:08:17:32 +0200] "GET /Jurek/eurofirany/images/470226/0.jpg HTTP/2.0" 200 33759 "-" "baselinker"
51.77.52.107 - - [11/Apr/2025:08:17:36 +0200] "GET /Jurek/eurofirany/images/470228/0.jpg HTTP/2.0" 200 36777 "-" "baselinker"
51.77.52.107 - - [11/Apr/2025:08:17:40 +0200] "GET /Jurek/eurofirany/images/470228/0.jpg HTTP/2.0" 200 36777 "-" "baselinker"
51.77.52.107 - - [11/Apr/2025:08:17:47 +0200] "GET /Jurek/eurofirany/images/470228/0.jpg HTTP/2.0" 200 36777 "-" "baselinker"
51.77.52.107 - - [11/Apr/2025:08:18:01 +0200] "GET /Jurek/eurofirany/images/470229/0.jpg HTTP/2.0" 200 40589 "-" "baselinker"
51.77.52.107 - - [11/Apr/2025:08:18:05 +0200] "GET /Jurek/eurofirany/images/470229/0.jpg HTTP/2.0" 200 40589 "-" "baselinker"
51.77.52.107 - - [11/Apr/2025:08:18:08 +0200] "GET /Jurek/eurofirany/images/470229/0.jpg HTTP/2.0" 200 40589 "-" "baselinker"
51.77.52.107 - - [11/Apr/2025:08:18:13 +0200] "GET /Jurek/eurofirany/images/470230/0.jpg HTTP/2.0" 200 39573 "-" "baselinker"
51.77.52.107 - - [11/Apr/2025:08:18:26 +0200] "GET /Jurek/eurofirany/images/470230/0.jpg HTTP/2.0" 200 39573 "-" "baselinker"
51.77.52.107 - - [11/Apr/2025:08:18:28 +0200] "GET /Jurek/eurofirany/images/470230/0.jpg HTTP/2.0" 200 39573 "-" "baselinker"
51.77.52.107 - - [11/Apr/2025:08:18:31 +0200] "GET /Jurek/eurofirany/images/5613/0.jpg HTTP/2.0" 200 94956 "-" "baselinker"
89.161.206.59 - - [11/Apr/2025:08:18:32 +0200] "GET /Jurek/waks/feeds/waks_emagro.xml HTTP/1.0" 200 1598638 "-" "-"
51.77.52.107 - - [11/Apr/2025:08:18:36 +0200] "GET /Jurek/eurofirany/images/5613/0.jpg HTTP/2.0" 200 94956 "-" "baselinker"
51.77.52.107 - - [11/Apr/2025:08:18:41 +0200] "GET /Jurek/eurofirany/images/5613/0.jpg HTTP/2.0" 200 94956 "-" "baselinker"
51.77.52.107 - - [11/Apr/2025:08:18:44 +0200] "GET /Jurek/eurofirany/images/5617/0.jpg HTTP/2.0" 200 81302 "-" "baselinker"
89.161.206.59 - - [11/Apr/2025:08:18:58 +0200] "GET /Jurek/targethome/feeds/targethome_emagro.xml HTTP/1.0" 200 688660 "-" "-"
51.77.52.107 - - [11/Apr/2025:08:19:01 +0200] "GET /Jurek/eurofirany/images/5617/0.jpg HTTP/2.0" 200 81302 "-" "baselinker"
51.77.52.107 - - [11/Apr/2025:08:19:16 +0200] "GET /Jurek/eurofirany/images/5617/0.jpg HTTP/2.0" 200 81302 "-" "baselinker"
51.77.52.107 - - [11/Apr/2025:08:19:22 +0200] "GET /Jurek/eurofirany/images/5619/0.jpg HTTP/2.0" 200 26806 "-" "baselinker"
51.77.52.107 - - [11/Apr/2025:08:19:27 +0200] "GET /Jurek/eurofirany/images/5619/0.jpg HTTP/2.0" 200 26806 "-" "baselinker"
51.77.52.107 - - [11/Apr/2025:08:19:45 +0200] "GET /Jurek/eurofirany/images/5619/0.jpg HTTP/2.0" 200 26806 "-" "baselinker"
51.77.52.107 - - [11/Apr/2025:08:19:50 +0200] "GET /Jurek/eurofirany/images/5621/0.jpg HTTP/2.0" 200 45443 "-" "baselinker"
51.77.52.107 - - [11/Apr/2025:08:19:53 +0200] "GET /Jurek/eurofirany/images/5621/0.jpg HTTP/2.0" 200 45443 "-" "baselinker"
51.77.52.107 - - [11/Apr/2025:08:20:05 +0200] "GET /Jurek/eurofirany/images/5621/0.jpg HTTP/2.0" 200 45443 "-" "baselinker"
51.77.52.107 - - [11/Apr/2025:08:20:10 +0200] "GET /Jurek/eurofirany/images/5622/0.jpg HTTP/2.0" 200 24976 "-" "baselinker"
51.77.52.107 - - [11/Apr/2025:08:20:13 +0200] "GET /Jurek/eurofirany/images/5622/0.jpg HTTP/2.0" 200 24976 "-" "baselinker"
51.77.52.107 - - [11/Apr/2025:08:20:36 +0200] "GET /Jurek/eurofirany/images/5622/0.jpg HTTP/2.0" 200 24976 "-" "baselinker"
89.161.206.59 - - [11/Apr/2025:08:20:51 +0200] "GET /Jurek/hurtownia_przemyslowa/feeds/hp_amazonDE.xml HTTP/1.0" 200 42278516 "-" "-"
40.77.167.150 - - [11/Apr/2025:08:20:55 +0200] "GET /Jurek/topeshop/downloaded_images/5902838467541_RIVA-SZAFKA-SONOMA1.jpg HTTP/2.0" 200 60801 "-" "Mozilla/5.0 AppleWebKit/537.36 (KHTML, like Gecko; compatible; bingbot/2.0; +http://www.bing.com/bingbot.htm) Chrome/116.0.1938.76 Safari/537.36"
40.77.167.150 - - [11/Apr/2025:08:20:56 +0200] "GET /Jurek/topeshop/downloaded_images/5902838467541_RIVA-SZAFKA-SONOMA1.jpg HTTP/2.0" 200 60801 "-" "Mozilla/5.0 AppleWebKit/537.36 (KHTML, like Gecko; compatible; bingbot/2.0; +http://www.bing.com/bingbot.htm) Chrome/116.0.1938.76 Safari/537.36"
89.161.206.59 - - [11/Apr/2025:08:20:57 +0200] "GET /Jurek/madrex/feeds/madrex_emagro.xml HTTP/1.0" 200 466710 "-" "-"
178.21.154.6 - - [11/Apr/2025:08:20:58 +0200] "GET /Jurek/eurofirany/images/464099/0.jpg HTTP/1.1" 200 158000 "-" "-"
178.21.154.6 - - [11/Apr/2025:08:20:58 +0200] "GET /Jurek/eurofirany/images/469585/0.jpg HTTP/1.1" 200 176499 "-" "-"
178.21.154.6 - - [11/Apr/2025:08:20:58 +0200] "GET /Jurek/eurofirany/images/457855/0.jpg HTTP/1.1" 200 74009 "-" "-"
178.21.154.6 - - [11/Apr/2025:08:21:00 +0200] "GET /Jurek/eurofirany/images/463397/0.jpg HTTP/1.1" 200 161159 "-" "-"
178.21.154.6 - - [11/Apr/2025:08:21:00 +0200] "GET /Jurek/eurofirany/images/457910/0.jpg HTTP/1.1" 200 131459 "-" "-"
178.21.154.6 - - [11/Apr/2025:08:21:00 +0200] "GET /Jurek/eurofirany/images/458047/0.jpg HTTP/1.1" 200 117758 "-" "-"
178.21.154.6 - - [11/Apr/2025:08:21:00 +0200] "GET /Jurek/eurofirany/images/459278/0.jpg HTTP/1.1" 200 87966 "-" "-"
178.21.154.6 - - [11/Apr/2025:08:21:02 +0200] "GET /Jurek/eurofirany/images/459279/0.jpg HTTP/1.1" 200 87966 "-" "-"
178.21.154.6 - - [11/Apr/2025:08:21:02 +0200] "GET /Jurek/eurofirany/images/459548/0.jpg HTTP/1.1" 200 60022 "-" "-"
178.21.154.6 - - [11/Apr/2025:08:21:04 +0200] "GET /Jurek/eurofirany/images/459551/0.jpg HTTP/1.1" 200 81438 "-" "-"
178.21.154.6 - - [11/Apr/2025:08:21:04 +0200] "GET /Jurek/eurofirany/images/464098/0.jpg HTTP/1.1" 200 162350 "-" "-"
51.77.52.107 - - [11/Apr/2025:08:21:06 +0200] "GET /Jurek/eurofirany/images/5638/0.jpg HTTP/2.0" 200 6625 "-" "baselinker"
51.77.52.107 - - [11/Apr/2025:08:21:07 +0200] "GET /Jurek/eurofirany/images/5638/0.jpg HTTP/2.0" 200 6625 "-" "baselinker"
51.77.52.107 - - [11/Apr/2025:08:21:08 +0200] "GET /Jurek/eurofirany/images/5638/0.jpg HTTP/2.0" 200 6625 "-" "baselinker"
51.77.52.107 - - [11/Apr/2025:08:21:09 +0200] "GET /Jurek/eurofirany/images/45095/0.jpg HTTP/2.0" 200 6625 "-" "baselinker"
51.77.52.107 - - [11/Apr/2025:08:21:09 +0200] "GET /Jurek/eurofirany/images/45095/0.jpg HTTP/2.0" 200 6625 "-" "baselinker"
51.77.52.107 - - [11/Apr/2025:08:21:10 +0200] "GET /Jurek/eurofirany/images/45095/0.jpg HTTP/2.0" 200 6625 "-" "baselinker"
51.77.52.107 - - [11/Apr/2025:08:21:11 +0200] "GET /Jurek/eurofirany/images/362266/0.jpg HTTP/2.0" 200 153681 "-" "baselinker"
89.161.206.59 - - [11/Apr/2025:08:21:12 +0200] "GET /Jurek/drewdon/feeds/drewdon_amazonde.xml HTTP/1.0" 200 504436 "-" "-"
89.161.206.59 - - [11/Apr/2025:08:21:24 +0200] "GET /Jurek/hlo/feeds/hlo_emagro.xml HTTP/1.0" 200 4838786 "-" "-"
89.161.206.59 - - [11/Apr/2025:08:21:25 +0200] "GET /Jurek/oknobest/feeds/oknobest_emagro.xml HTTP/1.0" 200 2708115 "-" "-"
89.161.206.59 - - [11/Apr/2025:08:21:26 +0200] "GET /Jurek/globaldeli/feeds/globaldeli_emagro.xml HTTP/1.0" 200 2590918 "-" "-"
51.77.52.107 - - [11/Apr/2025:08:21:34 +0200] "GET /Jurek/eurofirany/images/362266/0.jpg HTTP/2.0" 200 153681 "-" "baselinker"
51.77.52.107 - - [11/Apr/2025:08:21:48 +0200] "GET /Jurek/eurofirany/images/362266/0.jpg HTTP/2.0" 200 153681 "-" "baselinker"
51.77.52.107 - - [11/Apr/2025:08:22:07 +0200] "GET /Jurek/eurofirany/images/362268/0.jpg HTTP/2.0" 200 186084 "-" "baselinker"
51.77.52.107 - - [11/Apr/2025:08:22:30 +0200] "GET /Jurek/eurofirany/images/362268/0.jpg HTTP/2.0" 200 186084 "-" "baselinker"
51.77.52.107 - - [11/Apr/2025:08:22:52 +0200] "GET /Jurek/eurofirany/images/362268/0.jpg HTTP/2.0" 200 186084 "-" "baselinker"
51.77.52.107 - - [11/Apr/2025:08:23:13 +0200] "GET /Jurek/eurofirany/images/362269/0.jpg HTTP/2.0" 200 183146 "-" "baselinker"
51.77.52.107 - - [11/Apr/2025:08:23:32 +0200] "GET /Jurek/eurofirany/images/362269/0.jpg HTTP/2.0" 200 183146 "-" "baselinker"
51.77.52.107 - - [11/Apr/2025:08:23:40 +0200] "GET /Jurek/eurofirany/images/362269/0.jpg HTTP/2.0" 200 183146 "-" "baselinker"
193.33.8.61 - - [11/Apr/2025:08:23:51 +0200] "GET /Jurek/hurtmeblowy/feeds/hurtmeblowy_zero.xml HTTP/2.0" 200 7176192 "https://konsola.dkkapusta1997.usermd.net/" "Mozilla/5.0 (Windows NT 10.0; Win64; x64) AppleWebKit/537.36 (KHTML, like Gecko) Chrome/135.0.0.0 Safari/537.36"
77.79.248.229 - - [11/Apr/2025:08:23:56 +0200] "GET /Jurek/hurtmeblowy/feeds/hurtmeblowy_zero.xml HTTP/1.1" 200 8496150 "-" "Python-urllib/3.11"
51.77.52.107 - - [11/Apr/2025:08:23:56 +0200] "GET /Jurek/eurofirany/images/383057/0.jpg HTTP/2.0" 200 69046 "-" "baselinker"
51.77.52.107 - - [11/Apr/2025:08:24:12 +0200] "GET /Jurek/eurofirany/images/383057/0.jpg HTTP/2.0" 200 69046 "-" "baselinker"
46.101.116.244 - - [11/Apr/2025:08:24:21 +0200] "GET /Jurek/eurofirany/feeds/eurofirany_empik.xml HTTP/1.0" 200 19348262 "-" "-"
51.77.52.107 - - [11/Apr/2025:08:24:29 +0200] "GET /Jurek/eurofirany/images/383057/0.jpg HTTP/2.0" 200 69046 "-" "baselinker"
51.77.52.107 - - [11/Apr/2025:08:24:48 +0200] "GET /Jurek/eurofirany/images/383059/0.jpg HTTP/2.0" 200 77181 "-" "baselinker"
51.77.52.107 - - [11/Apr/2025:08:25:01 +0200] "GET /Jurek/eurofirany/images/383059/0.jpg HTTP/2.0" 200 77181 "-" "baselinker"
51.77.52.107 - - [11/Apr/2025:08:25:17 +0200] "GET /Jurek/eurofirany/images/383059/0.jpg HTTP/2.0" 200 77181 "-" "baselinker"
51.77.52.107 - - [11/Apr/2025:08:25:36 +0200] "GET /Jurek/eurofirany/images/383060/0.jpg HTTP/2.0" 200 77181 "-" "baselinker"
51.77.52.107 - - [11/Apr/2025:08:25:56 +0200] "GET /Jurek/eurofirany/images/383060/0.jpg HTTP/2.0" 200 77181 "-" "baselinker"
51.77.52.107 - - [11/Apr/2025:08:26:01 +0200] "GET /Jurek/eurofirany/images/383060/0.jpg HTTP/2.0" 200 77181 "-" "baselinker"
178.21.154.6 - - [11/Apr/2025:08:26:11 +0200] "GET /Jurek/eurofirany/images/372794/0.jpg HTTP/1.1" 200 82822 "-" "-"
51.77.52.107 - - [11/Apr/2025:08:26:20 +0200] "GET /Jurek/eurofirany/images/383061/0.jpg HTTP/2.0" 200 77181 "-" "baselinker"
46.101.116.244 - - [11/Apr/2025:08:26:26 +0200] "GET /Jurek/aw/feeds/aw_fnacfr.xml HTTP/1.0" 404 3551 "-" "-"
51.77.52.107 - - [11/Apr/2025:08:26:36 +0200] "GET /Jurek/eurofirany/images/383061/0.jpg HTTP/2.0" 200 77181 "-" "baselinker"
51.77.52.107 - - [11/Apr/2025:08:26:54 +0200] "GET /Jurek/eurofirany/images/383061/0.jpg HTTP/2.0" 200 77181 "-" "baselinker"
51.77.52.107 - - [11/Apr/2025:08:26:59 +0200] "GET /Jurek/eurofirany/images/383062/0.jpg HTTP/2.0" 200 77181 "-" "baselinker"
51.77.52.107 - - [11/Apr/2025:08:27:17 +0200] "GET /Jurek/eurofirany/images/383062/0.jpg HTTP/2.0" 200 77181 "-" "baselinker"
51.77.52.107 - - [11/Apr/2025:08:27:31 +0200] "GET /Jurek/eurofirany/images/383062/0.jpg HTTP/2.0" 200 77181 "-" "baselinker"
51.77.52.107 - - [11/Apr/2025:08:27:37 +0200] "GET /Jurek/eurofirany/images/383093/0.jpg HTTP/2.0" 200 80797 "-" "baselinker"
216.113.184.102 - - [11/Apr/2025:08:27:42 +0200] "GET /Jurek/eurofirany/images/369555/0.jpg HTTP/1.1" 200 16503 "-" "Java/17.0.13.0.101"
51.77.52.107 - - [11/Apr/2025:08:28:01 +0200] "GET /Jurek/eurofirany/images/383093/0.jpg HTTP/2.0" 200 80797 "-" "baselinker"
216.113.184.104 - - [11/Apr/2025:08:28:03 +0200] "GET /Jurek/eurofirany/images/433147/0.jpg HTTP/1.1" 200 50596 "-" "Java/17.0.13.0.101"
89.161.206.59 - - [11/Apr/2025:08:28:06 +0200] "GET /Jurek/lampart/feeds/lampart_bol.xml HTTP/1.0" 200 936026 "-" "-"
89.161.206.59 - - [11/Apr/2025:08:28:06 +0200] "GET /Jurek/drops/feeds/dropsofficecolection_bol.xml HTTP/1.0" 200 790623 "-" "-"
89.161.206.59 - - [11/Apr/2025:08:28:07 +0200] "GET /Jurek/bloomglow/feeds/bloomglow_bol.xml HTTP/1.0" 200 14095288 "-" "-"
89.161.206.59 - - [11/Apr/2025:08:28:08 +0200] "GET /Jurek/dekornatort/feeds/dekornatort_bol.xml HTTP/1.0" 200 225750 "-" "-"
89.161.206.59 - - [11/Apr/2025:08:28:09 +0200] "GET /Jurek/rovato/feeds/rovato_bol.xml HTTP/1.0" 200 180834 "-" "-"
89.161.206.59 - - [11/Apr/2025:08:28:11 +0200] "GET /Jurek/filmal/feeds/filmal_aliex.xml HTTP/1.0" 200 139294 "-" "-"
51.77.52.107 - - [11/Apr/2025:08:28:11 +0200] "GET /Jurek/eurofirany/images/383093/0.jpg HTTP/2.0" 200 80797 "-" "baselinker"
89.161.206.59 - - [11/Apr/2025:08:28:11 +0200] "GET /Jurek/sovapl/feeds/sovapl_aliex.xml HTTP/1.0" 200 9002784 "-" "-"
89.161.206.59 - - [11/Apr/2025:08:28:12 +0200] "GET /Jurek/riko/feeds/riko_aliex.xml HTTP/1.0" 200 3786216 "-" "-"
89.161.206.59 - - [11/Apr/2025:08:28:13 +0200] "GET /Jurek/gandalf/feeds/gandalf_aliex.xml HTTP/1.0" 200 1082567 "-" "-"
89.161.206.59 - - [11/Apr/2025:08:28:13 +0200] "GET /Jurek/andex/feeds/andex_aliex.xml HTTP/1.0" 200 1953945 "-" "-"
89.161.206.59 - - [11/Apr/2025:08:28:13 +0200] "GET /Jurek/sebmart/feeds/sebmart_aliex.xml HTTP/1.0" 200 1599106 "-" "-"
89.161.206.59 - - [11/Apr/2025:08:28:14 +0200] "GET /Jurek/bemipol/feeds/bemipol_aliex.xml HTTP/1.0" 200 423686 "-" "-"
89.161.206.59 - - [11/Apr/2025:08:28:14 +0200] "GET /Jurek/tsjerzy/feeds/tsjerzy_aliex.xml HTTP/1.0" 200 3899783 "-" "-"
89.161.206.59 - - [11/Apr/2025:08:28:15 +0200] "GET /Jurek/equalo/feeds/equalo_aliex.xml HTTP/1.0" 200 98019 "-" "-"
89.161.206.59 - - [11/Apr/2025:08:28:15 +0200] "GET /Jurek/newtechele/feeds/newtechele_aliex.xml HTTP/1.0" 200 2438724 "-" "-"
89.161.206.59 - - [11/Apr/2025:08:28:15 +0200] "GET /Jurek/nonabox/feeds/nonabox_aliex.xml HTTP/1.0" 200 33874 "-" "-"
89.161.206.59 - - [11/Apr/2025:08:28:16 +0200] "GET /Jurek/amzteam/feeds/amzteam_aliex.xml HTTP/1.0" 200 97912 "-" "-"
51.77.52.107 - - [11/Apr/2025:08:28:30 +0200] "GET /Jurek/eurofirany/images/383094/0.jpg HTTP/2.0" 200 80797 "-" "baselinker"
51.77.52.107 - - [11/Apr/2025:08:28:44 +0200] "GET /Jurek/eurofirany/images/383094/0.jpg HTTP/2.0" 200 80797 "-" "baselinker"
51.77.52.107 - - [11/Apr/2025:08:29:01 +0200] "GET /Jurek/eurofirany/images/383094/0.jpg HTTP/2.0" 200 80797 "-" "baselinker"
51.77.52.107 - - [11/Apr/2025:08:29:15 +0200] "GET /Jurek/eurofirany/images/383264/0.jpg HTTP/2.0" 200 81569 "-" "baselinker"
51.77.52.107 - - [11/Apr/2025:08:29:29 +0200] "GET /Jurek/eurofirany/images/383264/0.jpg HTTP/2.0" 200 81569 "-" "baselinker"
51.77.52.107 - - [11/Apr/2025:08:29:43 +0200] "GET /Jurek/eurofirany/images/383264/0.jpg HTTP/2.0" 200 81569 "-" "baselinker"
51.77.52.107 - - [11/Apr/2025:08:29:59 +0200] "GET /Jurek/eurofirany/images/383265/0.jpg HTTP/2.0" 200 81569 "-" "baselinker"
193.33.8.61 - - [11/Apr/2025:08:30:18 +0200] "GET /Jurek/luxma/output.txt HTTP/2.0" 200 8698 "https://konsola.dkkapusta1997.usermd.net/" "Mozilla/5.0 (Windows NT 10.0; Win64; x64) AppleWebKit/537.36 (KHTML, like Gecko) Chrome/135.0.0.0 Safari/537.36"
193.33.8.61 - - [11/Apr/2025:08:30:18 +0200] "GET /favicon.ico HTTP/2.0" 404 3551 "https://dkkapusta1997.usermd.net/Jurek/luxma/output.txt" "Mozilla/5.0 (Windows NT 10.0; Win64; x64) AppleWebKit/537.36 (KHTML, like Gecko) Chrome/135.0.0.0 Safari/537.36"
5.134.208.158 - - [11/Apr/2025:08:30:18 +0200] "GET /Jurek/eurofirany/images/463395/0.jpg HTTP/1.1" 200 161159 "-" "-"
5.134.208.158 - - [11/Apr/2025:08:30:18 +0200] "GET /Jurek/eurofirany/images/459562/0.jpg HTTP/1.1" 200 89409 "-" "-"
18.157.125.26 - - [11/Apr/2025:08:30:21 +0200] "GET /Jurek/topeshop/downloaded_images/5902838461440_profilll.jpg HTTP/2.0" 404 3551 "-" "Mozilla/5.0 (Windows NT 10.0; Win64; x64) AppleWebKit/537.36 (KHTML, like Gecko) Chrome/109.0.0.0 Safari/537.36"
51.77.52.107 - - [11/Apr/2025:08:30:59 +0200] "GET /Jurek/eurofirany/images/383265/0.jpg HTTP/2.0" 200 81569 "-" "baselinker"
51.77.52.107 - - [11/Apr/2025:08:31:02 +0200] "GET /Jurek/eurofirany/images/383265/0.jpg HTTP/2.0" 200 81569 "-" "baselinker"
51.77.52.107 - - [11/Apr/2025:08:31:05 +0200] "GET /Jurek/eurofirany/images/383266/0.jpg HTTP/2.0" 200 81569 "-" "baselinker"
51.77.52.107 - - [11/Apr/2025:08:31:19 +0200] "GET /Jurek/eurofirany/images/383266/0.jpg HTTP/2.0" 200 81569 "-" "baselinker"
51.77.52.107 - - [11/Apr/2025:08:31:34 +0200] "GET /Jurek/eurofirany/images/383266/0.jpg HTTP/2.0" 200 81569 "-" "baselinker"
3.74.7.74 - - [11/Apr/2025:08:31:42 +0200] "GET /Jurek/topeshop/downloaded_images/5902838461440_profilll.jpg HTTP/2.0" 404 3551 "-" "Mozilla/5.0 (Windows NT 10.0; Win64; x64) AppleWebKit/537.36 (KHTML, like Gecko) Chrome/109.0.0.0 Safari/537.36"
51.77.52.107 - - [11/Apr/2025:08:31:51 +0200] "GET /Jurek/eurofirany/images/383267/0.jpg HTTP/2.0" 200 81569 "-" "baselinker"
5.134.208.158 - - [11/Apr/2025:08:31:54 +0200] "GET /Jurek/eurofirany/images/458881/0.jpg HTTP/1.1" 206 256 "https://www.ceneo.pl" "Mozilla/5.0 (Windows NT 10.0; Win64; x64) AppleWebKit/537.36 (KHTML, like Gecko) Chrome/87.0.4280.141 Safari/537.36"
51.77.52.107 - - [11/Apr/2025:08:32:06 +0200] "GET /Jurek/eurofirany/images/383267/0.jpg HTTP/2.0" 200 81569 "-" "baselinker"
51.77.52.107 - - [11/Apr/2025:08:32:22 +0200] "GET /Jurek/eurofirany/images/383267/0.jpg HTTP/2.0" 200 81569 "-" "baselinker"
51.77.52.107 - - [11/Apr/2025:08:32:45 +0200] "GET /Jurek/eurofirany/images/383268/0.jpg HTTP/2.0" 200 74473 "-" "baselinker"
51.77.52.107 - - [11/Apr/2025:08:33:01 +0200] "GET /Jurek/eurofirany/images/383268/0.jpg HTTP/2.0" 200 74473 "-" "baselinker"
51.77.52.107 - - [11/Apr/2025:08:33:16 +0200] "GET /Jurek/eurofirany/images/383268/0.jpg HTTP/2.0" 200 74473 "-" "baselinker"
51.77.52.107 - - [11/Apr/2025:08:33:31 +0200] "GET /Jurek/eurofirany/images/383269/0.jpg HTTP/2.0" 200 74473 "-" "baselinker"
51.77.52.107 - - [11/Apr/2025:08:33:43 +0200] "GET /Jurek/eurofirany/images/383269/0.jpg HTTP/2.0" 200 74473 "-" "baselinker"
51.77.52.107 - - [11/Apr/2025:08:33:58 +0200] "GET /Jurek/eurofirany/images/383269/0.jpg HTTP/2.0" 200 74473 "-" "baselinker"
193.33.8.61 - - [11/Apr/2025:08:34:07 +0200] "GET /Jurek/aiofactory/output.txt HTTP/2.0" 200 14429 "https://konsola.dkkapusta1997.usermd.net/" "Mozilla/5.0 (Windows NT 10.0; Win64; x64) AppleWebKit/537.36 (KHTML, like Gecko) Chrome/135.0.0.0 Safari/537.36"
51.77.52.107 - - [11/Apr/2025:08:34:14 +0200] "GET /Jurek/eurofirany/images/383270/0.jpg HTTP/2.0" 200 74450 "-" "baselinker"
51.77.52.107 - - [11/Apr/2025:08:34:29 +0200] "GET /Jurek/eurofirany/images/383270/0.jpg HTTP/2.0" 200 74450 "-" "baselinker"
5.134.208.158 - - [11/Apr/2025:08:34:34 +0200] "GET /Jurek/eurofirany/images/459936/0.jpg HTTP/1.1" 206 256 "https://www.ceneo.pl" "Mozilla/5.0 (Windows NT 10.0; Win64; x64) AppleWebKit/537.36 (KHTML, like Gecko) Chrome/87.0.4280.141 Safari/537.36"
51.77.52.107 - - [11/Apr/2025:08:34:43 +0200] "GET /Jurek/eurofirany/images/383270/0.jpg HTTP/2.0" 200 74450 "-" "baselinker"
51.77.52.107 - - [11/Apr/2025:08:34:49 +0200] "GET /Jurek/eurofirany/images/383271/0.jpg HTTP/2.0" 200 74473 "-" "baselinker"
51.77.52.107 - - [11/Apr/2025:08:35:02 +0200] "GET /Jurek/eurofirany/images/383271/0.jpg HTTP/2.0" 200 74473 "-" "baselinker"
51.77.52.107 - - [11/Apr/2025:08:35:13 +0200] "GET /Jurek/eurofirany/images/383271/0.jpg HTTP/2.0" 200 74473 "-" "baselinker"
5.134.208.158 - - [11/Apr/2025:08:35:16 +0200] "GET /Jurek/eurofirany/images/460230/0.jpg HTTP/1.1" 206 256 "https://www.ceneo.pl" "Mozilla/5.0 (Windows NT 10.0; Win64; x64) AppleWebKit/537.36 (KHTML, like Gecko) Chrome/87.0.4280.141 Safari/537.36"
5.134.208.158 - - [11/Apr/2025:08:35:16 +0200] "GET /Jurek/eurofirany/images/460230/0.jpg HTTP/1.1" 200 69233 "-" "-"
3.74.7.74 - - [11/Apr/2025:08:35:20 +0200] "GET /Jurek/topeshop/downloaded_images/5904507201500_1.jpg HTTP/2.0" 404 3551 "-" "Mozilla/5.0 (Windows NT 10.0; Win64; x64) AppleWebKit/537.36 (KHTML, like Gecko) Chrome/109.0.0.0 Safari/537.36"
51.77.52.107 - - [11/Apr/2025:08:35:26 +0200] "GET /Jurek/eurofirany/images/383273/0.jpg HTTP/2.0" 200 75036 "-" "baselinker"
51.77.52.107 - - [11/Apr/2025:08:35:47 +0200] "GET /Jurek/eurofirany/images/383273/0.jpg HTTP/2.0" 200 75036 "-" "baselinker"
51.77.52.107 - - [11/Apr/2025:08:35:59 +0200] "GET /Jurek/eurofirany/images/383273/0.jpg HTTP/2.0" 200 75036 "-" "baselinker"
52.17.80.36 - - [11/Apr/2025:08:36:14 +0200] "GET /marketplaces/worten2/results/worten.csv HTTP/1.1" 200 147218 "-" "Mirakl HttpClient"
51.77.52.107 - - [11/Apr/2025:08:36:16 +0200] "GET /Jurek/eurofirany/images/383287/0.jpg HTTP/2.0" 200 75036 "-" "baselinker"
62.146.215.32 - - [11/Apr/2025:08:36:30 +0200] "GET /Jurek/topeshop/downloaded_images/5904507201906_MIJASBIURKOBRY%C5%81KAANTRACYTLEWEBOKZM.jpg HTTP/2.0" 404 3551 "-" "billigerbot/1.0"
46.101.116.244 - - [11/Apr/2025:08:36:31 +0200] "GET /Jurek/aw/feeds/aw_fnacfr.xml HTTP/1.0" 404 3551 "-" "-"
