34.72.247.156 - - [10/Apr/2025:13:46:22 +0200] "GET /Jurek/topeshop/downloaded_images/5904507201883_MIJASBIURKOBRY%C5%81KAANTRACYTPRAWEBOKOT.jpg HTTP/1.1" 404 3551 "-" "Mozilla/5.0 (X11; Linux x86_64) AppleWebKit/537.36 (KHTML, like Gecko) Chrome/110.0.0.0 Safari/537.36"
34.133.239.145 - - [10/Apr/2025:13:46:22 +0200] "GET /Jurek/topeshop/downloaded_images/5904507207458_20st_mijas_lewy_zielonykopia.png HTTP/1.1" 200 259990 "-" "Mozilla/5.0 (X11; Linux x86_64) AppleWebKit/537.36 (KHTML, like Gecko) Chrome/110.0.0.0 Safari/537.36"
34.133.239.145 - - [10/Apr/2025:13:46:22 +0200] "GET /Jurek/topeshop/downloaded_images/5904507207489_Front_mijas_Prawy_zielony.png HTTP/1.1" 404 3551 "-" "Mozilla/5.0 (X11; Linux x86_64) AppleWebKit/537.36 (KHTML, like Gecko) Chrome/110.0.0.0 Safari/537.36"
172.96.95.213 - - [10/Apr/2025:13:46:23 +0200] "GET /Jurek/topeshop/downloaded_images/5904507201876_KUBABIURKOBRY%C5%81KAANTRACYTBOKZM.jpg HTTP/2.0" 404 3551 "-" "Mozilla/5.0 (X11; Linux x86_64) AppleWebKit/537.36 (KHTML, like Gecko) Chrome/110.0.0.0 Safari/537.36"
34.133.239.145 - - [10/Apr/2025:13:46:24 +0200] "GET /Jurek/topeshop/downloaded_images/5904507207489_Front_mijas_Prawy_zielony.png HTTP/1.1" 404 3551 "-" "Mozilla/5.0 (X11; Linux x86_64) AppleWebKit/537.36 (KHTML, like Gecko) Chrome/110.0.0.0 Safari/537.36"
34.133.239.145 - - [10/Apr/2025:13:46:24 +0200] "GET /Jurek/topeshop/downloaded_images/5904507200084_MIJASBIURKOBIELPRAWOOT.2tif.png HTTP/1.1" 404 3551 "-" "Mozilla/5.0 (X11; Linux x86_64) AppleWebKit/537.36 (KHTML, like Gecko) Chrome/110.0.0.0 Safari/537.36"
66.249.81.101 - - [10/Apr/2025:13:46:25 +0200] "GET /Jurek/topeshop/downloaded_images/5904507209384_profilowee.jpg HTTP/1.1" 200 37736 "-" "Mozilla/5.0 (Windows NT 5.1; rv:11.0) Gecko Firefox/11.0 (via ggpht.com GoogleImageProxy)"
66.249.81.102 - - [10/Apr/2025:13:46:25 +0200] "GET /Jurek/topeshop/downloaded_images/5902838466742_20_st.jpg HTTP/1.1" 200 63928 "-" "Mozilla/5.0 (Windows NT 5.1; rv:11.0) Gecko Firefox/11.0 (via ggpht.com GoogleImageProxy)"
34.72.247.156 - - [10/Apr/2025:13:46:25 +0200] "GET /Jurek/topeshop/downloaded_images/5904507201883_MIJASBIURKOBRY%C5%81KAANTRACYTPRAWEBOKOT.jpg HTTP/1.1" 404 3551 "-" "Mozilla/5.0 (X11; Linux x86_64) AppleWebKit/537.36 (KHTML, like Gecko) Chrome/110.0.0.0 Safari/537.36"
156.239.60.190 - - [10/Apr/2025:13:46:26 +0200] "GET /Jurek/topeshop/downloaded_images/5904507207472_Front_mijas_Prawy_niebieski.png HTTP/2.0" 404 3551 "-" "Mozilla/5.0 (X11; Linux x86_64) AppleWebKit/537.36 (KHTML, like Gecko) Chrome/110.0.0.0 Safari/537.36"
170.199.228.182 - - [10/Apr/2025:13:46:26 +0200] "GET /Jurek/topeshop/downloaded_images/5902838464359_KUBABIURKOBRY%C5%81KABIELBOKZM.jpg HTTP/2.0" 404 3551 "-" "Mozilla/5.0 (X11; Linux x86_64) AppleWebKit/537.36 (KHTML, like Gecko) Chrome/110.0.0.0 Safari/537.36"
172.252.233.245 - - [10/Apr/2025:13:46:28 +0200] "GET /Jurek/topeshop/downloaded_images/5902838466209_KUBABIURKOBRY%C5%81KASONOMAFRONTOT.jpg HTTP/2.0" 404 3551 "-" "Mozilla/5.0 (X11; Linux x86_64) AppleWebKit/537.36 (KHTML, like Gecko) Chrome/110.0.0.0 Safari/537.36"
166.88.31.175 - - [10/Apr/2025:13:46:28 +0200] "GET /Jurek/topeshop/downloaded_images/5904507207465_Front_mijas_Lewy_r%C3%B3%C5%BCowy.png HTTP/2.0" 404 3551 "-" "Mozilla/5.0 (X11; Linux x86_64) AppleWebKit/537.36 (KHTML, like Gecko) Chrome/110.0.0.0 Safari/537.36"
34.133.239.145 - - [10/Apr/2025:13:46:29 +0200] "GET /Jurek/topeshop/downloaded_images/5904507207489_Front_mijas_Prawy_zielony.png HTTP/1.1" 404 3551 "-" "Mozilla/5.0 (X11; Linux x86_64) AppleWebKit/537.36 (KHTML, like Gecko) Chrome/110.0.0.0 Safari/537.36"
170.199.228.182 - - [10/Apr/2025:13:46:29 +0200] "GET /Jurek/topeshop/downloaded_images/5904507201906_MIJASBIURKOANTRACYTLEWE.2tif.png HTTP/2.0" 404 3551 "-" "Mozilla/5.0 (X11; Linux x86_64) AppleWebKit/537.36 (KHTML, like Gecko) Chrome/110.0.0.0 Safari/537.36"
34.133.239.145 - - [10/Apr/2025:13:46:29 +0200] "GET /Jurek/topeshop/downloaded_images/5904507207465_20st_mijas_lewy_r%C3%B3%C5%BCowykopia.png HTTP/1.1" 200 253819 "-" "Mozilla/5.0 (X11; Linux x86_64) AppleWebKit/537.36 (KHTML, like Gecko) Chrome/110.0.0.0 Safari/537.36"
34.133.239.145 - - [10/Apr/2025:13:46:29 +0200] "GET /Jurek/topeshop/downloaded_images/5904507201883_MIJASBIURKOBRY%C5%81KAANTRACYTPRAWEBOKOT.jpg HTTP/1.1" 404 3551 "-" "Mozilla/5.0 (X11; Linux x86_64) AppleWebKit/537.36 (KHTML, like Gecko) Chrome/110.0.0.0 Safari/537.36"
34.72.247.156 - - [10/Apr/2025:13:46:30 +0200] "GET /Jurek/topeshop/downloaded_images/5904507201906_MIJASBIURKOBRY%C5%81KAANTRACYTLEWEBOKZM.jpg HTTP/1.1" 404 3551 "-" "Mozilla/5.0 (X11; Linux x86_64) AppleWebKit/537.36 (KHTML, like Gecko) Chrome/110.0.0.0 Safari/537.36"
170.199.228.182 - - [10/Apr/2025:13:46:31 +0200] "GET /Jurek/topeshop/downloaded_images/5904507201876_KUBABIURKOBRY%C5%81KAANTRACYTBOKZM.jpg HTTP/2.0" 404 3551 "-" "Mozilla/5.0 (X11; Linux x86_64) AppleWebKit/537.36 (KHTML, like Gecko) Chrome/110.0.0.0 Safari/537.36"
46.101.116.244 - - [10/Apr/2025:13:46:31 +0200] "GET /Jurek/aw/feeds/aw_fnacfr.xml HTTP/1.0" 404 3551 "-" "-"
51.77.52.107 - - [10/Apr/2025:13:46:32 +0200] "GET /Jurek/eurofirany/images/458321/0.jpg HTTP/2.0" 200 144117 "-" "baselinker"
34.133.239.145 - - [10/Apr/2025:13:46:32 +0200] "GET /Jurek/topeshop/downloaded_images/5904507201906_MIJASBIURKOBRY%C5%81KAANTRACYTLEWEBOKZM.jpg HTTP/1.1" 404 3551 "-" "Mozilla/5.0 (X11; Linux x86_64) AppleWebKit/537.36 (KHTML, like Gecko) Chrome/110.0.0.0 Safari/537.36"
130.44.202.36 - - [10/Apr/2025:13:46:34 +0200] "GET /Jurek/topeshop/downloaded_images/5904507200084_MIJASBIURKOBIELPRAWOOT.2tif.png HTTP/2.0" 404 3551 "-" "Mozilla/5.0 (X11; Linux x86_64) AppleWebKit/537.36 (KHTML, like Gecko) Chrome/110.0.0.0 Safari/537.36"
149.20.241.125 - - [10/Apr/2025:13:46:35 +0200] "GET /Jurek/topeshop/downloaded_images/5904507207472_Front_mijas_Prawy_niebieski.png HTTP/2.0" 404 3551 "-" "Mozilla/5.0 (X11; Linux x86_64) AppleWebKit/537.36 (KHTML, like Gecko) Chrome/110.0.0.0 Safari/537.36"
147.92.54.98 - - [10/Apr/2025:13:46:35 +0200] "GET /Jurek/topeshop/downloaded_images/5904507207489_Front_mijas_Prawy_zielony.png HTTP/2.0" 404 3551 "-" "Mozilla/5.0 (X11; Linux x86_64) AppleWebKit/537.36 (KHTML, like Gecko) Chrome/110.0.0.0 Safari/537.36"
34.133.239.145 - - [10/Apr/2025:13:46:36 +0200] "GET /Jurek/topeshop/downloaded_images/5904507207472_20st_mijas_prawy_niebieski.png HTTP/1.1" 200 245526 "-" "Mozilla/5.0 (X11; Linux x86_64) AppleWebKit/537.36 (KHTML, like Gecko) Chrome/110.0.0.0 Safari/537.36"
206.198.216.115 - - [10/Apr/2025:13:46:37 +0200] "GET /Jurek/topeshop/downloaded_images/5904507201883_MIJASBIURKOBRY%C5%81KAANTRACYTPRAWEBOKOT.jpg HTTP/2.0" 404 3551 "-" "Mozilla/5.0 (X11; Linux x86_64) AppleWebKit/537.36 (KHTML, like Gecko) Chrome/110.0.0.0 Safari/537.36"
34.133.239.145 - - [10/Apr/2025:13:46:37 +0200] "GET /Jurek/topeshop/downloaded_images/5904507201906_MIJASBIURKOBRY%C5%81KAANTRACYTLEWEBOKZM.jpg HTTP/1.1" 404 3551 "-" "Mozilla/5.0 (X11; Linux x86_64) AppleWebKit/537.36 (KHTML, like Gecko) Chrome/110.0.0.0 Safari/537.36"
51.77.52.107 - - [10/Apr/2025:13:46:38 +0200] "GET /Jurek/eurofirany/images/458321/0.jpg HTTP/2.0" 200 144117 "-" "baselinker"
142.147.107.109 - - [10/Apr/2025:13:46:38 +0200] "GET /Jurek/topeshop/downloaded_images/5902838466209_KUBABIURKOBRY%C5%81KASONOMAFRONTOT.jpg HTTP/2.0" 404 3551 "-" "Mozilla/5.0 (X11; Linux x86_64) AppleWebKit/537.36 (KHTML, like Gecko) Chrome/110.0.0.0 Safari/537.36"
34.72.247.156 - - [10/Apr/2025:13:46:39 +0200] "GET /Jurek/topeshop/downloaded_images/5902838466209_KUBABIURKOBRY%C5%81KASONOMABOKZM.jpg HTTP/1.1" 404 3551 "-" "Mozilla/5.0 (X11; Linux x86_64) AppleWebKit/537.36 (KHTML, like Gecko) Chrome/110.0.0.0 Safari/537.36"
34.72.247.156 - - [10/Apr/2025:13:46:42 +0200] "GET /Jurek/topeshop/downloaded_images/5902838466209_KUBABIURKOBRY%C5%81KASONOMABOKZM.jpg HTTP/1.1" 404 3551 "-" "Mozilla/5.0 (X11; Linux x86_64) AppleWebKit/537.36 (KHTML, like Gecko) Chrome/110.0.0.0 Safari/537.36"
149.20.241.125 - - [10/Apr/2025:13:46:43 +0200] "GET /Jurek/topeshop/downloaded_images/5904507201906_MIJASBIURKOBRY%C5%81KAANTRACYTLEWEBOKZM.jpg HTTP/2.0" 404 3551 "-" "Mozilla/5.0 (X11; Linux x86_64) AppleWebKit/537.36 (KHTML, like Gecko) Chrome/110.0.0.0 Safari/537.36"
149.20.241.125 - - [10/Apr/2025:13:46:43 +0200] "GET /Jurek/topeshop/downloaded_images/5904507200084_MIJASBIURKOBIELPRAWOOT.2tif.png HTTP/2.0" 404 3551 "-" "Mozilla/5.0 (X11; Linux x86_64) AppleWebKit/537.36 (KHTML, like Gecko) Chrome/110.0.0.0 Safari/537.36"
51.77.52.107 - - [10/Apr/2025:13:46:44 +0200] "GET /Jurek/eurofirany/images/458321/0.jpg HTTP/2.0" 200 144117 "-" "baselinker"
167.160.76.166 - - [10/Apr/2025:13:46:46 +0200] "GET /Jurek/topeshop/downloaded_images/5904507201883_MIJASBIURKOBRY%C5%81KAANTRACYTPRAWEBOKOT.jpg HTTP/2.0" 404 3551 "-" "Mozilla/5.0 (X11; Linux x86_64) AppleWebKit/537.36 (KHTML, like Gecko) Chrome/110.0.0.0 Safari/537.36"
34.133.239.145 - - [10/Apr/2025:13:46:46 +0200] "GET /Jurek/topeshop/downloaded_images/5904507200084_MIJASBIURKOBRY%C5%81KABIELPRAWEBOKZM.jpg HTTP/1.1" 404 3551 "-" "Mozilla/5.0 (X11; Linux x86_64) AppleWebKit/537.36 (KHTML, like Gecko) Chrome/110.0.0.0 Safari/537.36"
34.133.239.145 - - [10/Apr/2025:13:46:46 +0200] "GET /Jurek/topeshop/downloaded_images/5904507201883_MIJASBIURKOBRY%C5%81KAANTRACYTPRAWEBOKZM.jpg HTTP/1.1" 404 3551 "-" "Mozilla/5.0 (X11; Linux x86_64) AppleWebKit/537.36 (KHTML, like Gecko) Chrome/110.0.0.0 Safari/537.36"
34.133.239.145 - - [10/Apr/2025:13:46:47 +0200] "GET /Jurek/topeshop/downloaded_images/5904507200176_MIJASBIURKOSONOMAPRAWO.2tif.png HTTP/1.1" 404 3551 "-" "Mozilla/5.0 (X11; Linux x86_64) AppleWebKit/537.36 (KHTML, like Gecko) Chrome/110.0.0.0 Safari/537.36"
45.39.255.231 - - [10/Apr/2025:13:46:47 +0200] "GET /Jurek/topeshop/downloaded_images/5904507207489_Front_mijas_Prawy_zielony.png HTTP/2.0" 404 3551 "-" "Mozilla/5.0 (X11; Linux x86_64) AppleWebKit/537.36 (KHTML, like Gecko) Chrome/110.0.0.0 Safari/537.36"
34.72.247.156 - - [10/Apr/2025:13:46:48 +0200] "GET /Jurek/topeshop/downloaded_images/5902838466209_KUBABIURKOBRY%C5%81KASONOMABOKZM.jpg HTTP/1.1" 404 3551 "-" "Mozilla/5.0 (X11; Linux x86_64) AppleWebKit/537.36 (KHTML, like Gecko) Chrome/110.0.0.0 Safari/537.36"
34.72.247.156 - - [10/Apr/2025:13:46:49 +0200] "GET /Jurek/topeshop/downloaded_images/5902838467879_Plus_Art_wiz.jpg HTTP/1.1" 404 3551 "-" "Mozilla/5.0 (X11; Linux x86_64) AppleWebKit/537.36 (KHTML, like Gecko) Chrome/110.0.0.0 Safari/537.36"
34.133.239.145 - - [10/Apr/2025:13:46:49 +0200] "GET /Jurek/topeshop/downloaded_images/5902838467886_23_sonoma_pp.jpg HTTP/1.1" 200 116467 "-" "Mozilla/5.0 (X11; Linux x86_64) AppleWebKit/537.36 (KHTML, like Gecko) Chrome/110.0.0.0 Safari/537.36"
34.133.239.145 - - [10/Apr/2025:13:46:49 +0200] "GET /Jurek/topeshop/downloaded_images/5904507201883_MIJASBIURKOBRY%C5%81KAANTRACYTPRAWEBOKZM.jpg HTTP/1.1" 404 3551 "-" "Mozilla/5.0 (X11; Linux x86_64) AppleWebKit/537.36 (KHTML, like Gecko) Chrome/110.0.0.0 Safari/537.36"
34.72.247.156 - - [10/Apr/2025:13:46:49 +0200] "GET /Jurek/topeshop/downloaded_images/5904507207489_20st_mijas_prawy_zielonykopia.png HTTP/1.1" 200 223941 "-" "Mozilla/5.0 (X11; Linux x86_64) AppleWebKit/537.36 (KHTML, like Gecko) Chrome/110.0.0.0 Safari/537.36"
51.77.52.107 - - [10/Apr/2025:13:46:50 +0200] "GET /Jurek/eurofirany/images/458322/0.jpg HTTP/2.0" 200 93815 "-" "baselinker"
34.72.247.156 - - [10/Apr/2025:13:46:50 +0200] "GET /Jurek/topeshop/downloaded_images/5904507200176_MIJASBIURKOSONOMAPRAWO.2tif.png HTTP/1.1" 404 3551 "-" "Mozilla/5.0 (X11; Linux x86_64) AppleWebKit/537.36 (KHTML, like Gecko) Chrome/110.0.0.0 Safari/537.36"
34.133.239.145 - - [10/Apr/2025:13:46:50 +0200] "GET /Jurek/topeshop/downloaded_images/5902838467886_Plus_sonoma_wiz.jpg HTTP/1.1" 404 3551 "-" "Mozilla/5.0 (X11; Linux x86_64) AppleWebKit/537.36 (KHTML, like Gecko) Chrome/110.0.0.0 Safari/537.36"
34.133.239.145 - - [10/Apr/2025:13:46:50 +0200] "GET /Jurek/topeshop/downloaded_images/5904507200084_MIJASBIURKOBRY%C5%81KABIELPRAWEBOKZM.jpg HTTP/1.1" 404 3551 "-" "Mozilla/5.0 (X11; Linux x86_64) AppleWebKit/537.36 (KHTML, like Gecko) Chrome/110.0.0.0 Safari/537.36"
34.72.247.156 - - [10/Apr/2025:13:46:51 +0200] "GET /Jurek/topeshop/downloaded_images/5902838467879_Plus_Art_wiz.jpg HTTP/1.1" 404 3551 "-" "Mozilla/5.0 (X11; Linux x86_64) AppleWebKit/537.36 (KHTML, like Gecko) Chrome/110.0.0.0 Safari/537.36"
34.72.247.156 - - [10/Apr/2025:13:46:53 +0200] "GET /Jurek/topeshop/downloaded_images/5902838468012_23_white_pp.jpg HTTP/1.1" 200 104072 "-" "Mozilla/5.0 (X11; Linux x86_64) AppleWebKit/537.36 (KHTML, like Gecko) Chrome/110.0.0.0 Safari/537.36"
167.160.77.231 - - [10/Apr/2025:13:46:53 +0200] "GET /Jurek/topeshop/downloaded_images/5904507201906_MIJASBIURKOBRY%C5%81KAANTRACYTLEWEBOKZM.jpg HTTP/2.0" 404 3551 "-" "Mozilla/5.0 (X11; Linux x86_64) AppleWebKit/537.36 (KHTML, like Gecko) Chrome/110.0.0.0 Safari/537.36"
34.133.239.145 - - [10/Apr/2025:13:46:53 +0200] "GET /Jurek/topeshop/downloaded_images/5902838468012_Plus_biel_wiz.jpg HTTP/1.1" 404 3551 "-" "Mozilla/5.0 (X11; Linux x86_64) AppleWebKit/537.36 (KHTML, like Gecko) Chrome/110.0.0.0 Safari/537.36"
34.72.247.156 - - [10/Apr/2025:13:46:54 +0200] "GET /Jurek/topeshop/downloaded_images/5904507200176_MIJASBIURKOSONOMAPRAWO.2tif.png HTTP/1.1" 404 3551 "-" "Mozilla/5.0 (X11; Linux x86_64) AppleWebKit/537.36 (KHTML, like Gecko) Chrome/110.0.0.0 Safari/537.36"
34.72.247.156 - - [10/Apr/2025:13:46:55 +0200] "GET /Jurek/topeshop/downloaded_images/5902838467886_Plus_sonoma_wiz.jpg HTTP/1.1" 404 3551 "-" "Mozilla/5.0 (X11; Linux x86_64) AppleWebKit/537.36 (KHTML, like Gecko) Chrome/110.0.0.0 Safari/537.36"
34.72.247.156 - - [10/Apr/2025:13:46:57 +0200] "GET /Jurek/topeshop/downloaded_images/5902838468012_Plus_biel_wiz.jpg HTTP/1.1" 404 3551 "-" "Mozilla/5.0 (X11; Linux x86_64) AppleWebKit/537.36 (KHTML, like Gecko) Chrome/110.0.0.0 Safari/537.36"
23.230.39.230 - - [10/Apr/2025:13:46:57 +0200] "GET /Jurek/topeshop/downloaded_images/5904507200084_MIJASBIURKOBRY%C5%81KABIELPRAWEBOKZM.jpg HTTP/2.0" 404 3551 "-" "Mozilla/5.0 (X11; Linux x86_64) AppleWebKit/537.36 (KHTML, like Gecko) Chrome/110.0.0.0 Safari/537.36"
34.72.247.156 - - [10/Apr/2025:13:46:58 +0200] "GET /Jurek/topeshop/downloaded_images/5902838467879_Plus_Art_wiz.jpg HTTP/1.1" 404 3551 "-" "Mozilla/5.0 (X11; Linux x86_64) AppleWebKit/537.36 (KHTML, like Gecko) Chrome/110.0.0.0 Safari/537.36"
23.230.39.230 - - [10/Apr/2025:13:46:59 +0200] "GET /Jurek/topeshop/downloaded_images/5904507201883_MIJASBIURKOBRY%C5%81KAANTRACYTPRAWEBOKZM.jpg HTTP/2.0" 404 3551 "-" "Mozilla/5.0 (X11; Linux x86_64) AppleWebKit/537.36 (KHTML, like Gecko) Chrome/110.0.0.0 Safari/537.36"
34.72.247.156 - - [10/Apr/2025:13:47:00 +0200] "GET /Jurek/topeshop/downloaded_images/5902838467886_Plus_sonoma_wiz.jpg HTTP/1.1" 404 3551 "-" "Mozilla/5.0 (X11; Linux x86_64) AppleWebKit/537.36 (KHTML, like Gecko) Chrome/110.0.0.0 Safari/537.36"
23.230.39.230 - - [10/Apr/2025:13:47:01 +0200] "GET /Jurek/topeshop/downloaded_images/5904507200176_MIJASBIURKOSONOMAPRAWO.2tif.png HTTP/2.0" 404 3551 "-" "Mozilla/5.0 (X11; Linux x86_64) AppleWebKit/537.36 (KHTML, like Gecko) Chrome/110.0.0.0 Safari/537.36"
34.133.239.145 - - [10/Apr/2025:13:47:01 +0200] "GET /Jurek/topeshop/downloaded_images/5902838468012_Plus_biel_wiz.jpg HTTP/1.1" 404 3551 "-" "Mozilla/5.0 (X11; Linux x86_64) AppleWebKit/537.36 (KHTML, like Gecko) Chrome/110.0.0.0 Safari/537.36"
167.160.78.164 - - [10/Apr/2025:13:47:04 +0200] "GET /Jurek/topeshop/downloaded_images/5902838466209_KUBABIURKOBRY%C5%81KASONOMABOKZM.jpg HTTP/2.0" 404 3551 "-" "Mozilla/5.0 (X11; Linux x86_64) AppleWebKit/537.36 (KHTML, like Gecko) Chrome/110.0.0.0 Safari/537.36"
69.58.88.199 - - [10/Apr/2025:13:47:05 +0200] "GET /Jurek/topeshop/downloaded_images/5902838467879_Plus_Art_wiz.jpg HTTP/2.0" 404 3551 "-" "Mozilla/5.0 (X11; Linux x86_64) AppleWebKit/537.36 (KHTML, like Gecko) Chrome/110.0.0.0 Safari/537.36"
167.160.78.164 - - [10/Apr/2025:13:47:06 +0200] "GET /Jurek/topeshop/downloaded_images/5904507200084_MIJASBIURKOBRY%C5%81KABIELPRAWEBOKZM.jpg HTTP/2.0" 404 3551 "-" "Mozilla/5.0 (X11; Linux x86_64) AppleWebKit/537.36 (KHTML, like Gecko) Chrome/110.0.0.0 Safari/537.36"
69.58.88.199 - - [10/Apr/2025:13:47:06 +0200] "GET /Jurek/topeshop/downloaded_images/5902838467886_Plus_sonoma_wiz.jpg HTTP/2.0" 404 3551 "-" "Mozilla/5.0 (X11; Linux x86_64) AppleWebKit/537.36 (KHTML, like Gecko) Chrome/110.0.0.0 Safari/537.36"
167.160.78.164 - - [10/Apr/2025:13:47:07 +0200] "GET /Jurek/topeshop/downloaded_images/5902838468012_Plus_biel_wiz.jpg HTTP/2.0" 404 3551 "-" "Mozilla/5.0 (X11; Linux x86_64) AppleWebKit/537.36 (KHTML, like Gecko) Chrome/110.0.0.0 Safari/537.36"
51.77.52.107 - - [10/Apr/2025:13:47:07 +0200] "GET /Jurek/eurofirany/images/458322/0.jpg HTTP/2.0" 200 93815 "-" "baselinker"
69.58.88.199 - - [10/Apr/2025:13:47:08 +0200] "GET /Jurek/topeshop/downloaded_images/5904507201883_MIJASBIURKOBRY%C5%81KAANTRACYTPRAWEBOKZM.jpg HTTP/2.0" 404 3551 "-" "Mozilla/5.0 (X11; Linux x86_64) AppleWebKit/537.36 (KHTML, like Gecko) Chrome/110.0.0.0 Safari/537.36"
69.58.88.199 - - [10/Apr/2025:13:47:09 +0200] "GET /Jurek/topeshop/downloaded_images/5904507200176_MIJASBIURKOSONOMAPRAWO.2tif.png HTTP/2.0" 404 3551 "-" "Mozilla/5.0 (X11; Linux x86_64) AppleWebKit/537.36 (KHTML, like Gecko) Chrome/110.0.0.0 Safari/537.36"
34.133.239.145 - - [10/Apr/2025:13:47:10 +0200] "GET /Jurek/topeshop/downloaded_images/5904507200176_MIJASBIURKOBRY%C5%81KASONOMAPRAWEBOKZM.jpg HTTP/1.1" 404 3551 "-" "Mozilla/5.0 (X11; Linux x86_64) AppleWebKit/537.36 (KHTML, like Gecko) Chrome/110.0.0.0 Safari/537.36"
34.133.239.145 - - [10/Apr/2025:13:47:12 +0200] "GET /Jurek/topeshop/downloaded_images/5904507200176_MIJASBIURKOBRY%C5%81KASONOMAPRAWEBOKZM.jpg HTTP/1.1" 404 3551 "-" "Mozilla/5.0 (X11; Linux x86_64) AppleWebKit/537.36 (KHTML, like Gecko) Chrome/110.0.0.0 Safari/537.36"
199.250.189.104 - - [10/Apr/2025:13:47:14 +0200] "GET /Jurek/topeshop/downloaded_images/5902838467879_Plus_Art_wiz.jpg HTTP/2.0" 404 3551 "-" "Mozilla/5.0 (X11; Linux x86_64) AppleWebKit/537.36 (KHTML, like Gecko) Chrome/110.0.0.0 Safari/537.36"
167.160.78.164 - - [10/Apr/2025:13:47:15 +0200] "GET /Jurek/topeshop/downloaded_images/5902838467886_Plus_sonoma_wiz.jpg HTTP/2.0" 404 3551 "-" "Mozilla/5.0 (X11; Linux x86_64) AppleWebKit/537.36 (KHTML, like Gecko) Chrome/110.0.0.0 Safari/537.36"
167.160.74.165 - - [10/Apr/2025:13:47:16 +0200] "GET /Jurek/topeshop/downloaded_images/5902838468012_Plus_biel_wiz.jpg HTTP/2.0" 404 3551 "-" "Mozilla/5.0 (X11; Linux x86_64) AppleWebKit/537.36 (KHTML, like Gecko) Chrome/110.0.0.0 Safari/537.36"
34.133.239.145 - - [10/Apr/2025:13:47:16 +0200] "GET /Jurek/topeshop/downloaded_images/5902838467886_23_sonoma_(1).png HTTP/1.1" 200 464278 "-" "Mozilla/5.0 (X11; Linux x86_64) AppleWebKit/537.36 (KHTML, like Gecko) Chrome/110.0.0.0 Safari/537.36"
34.133.239.145 - - [10/Apr/2025:13:47:16 +0200] "GET /Jurek/topeshop/downloaded_images/5904507200176_MIJASBIURKOBRY%C5%81KASONOMAPRAWEBOKZM.jpg HTTP/1.1" 404 3551 "-" "Mozilla/5.0 (X11; Linux x86_64) AppleWebKit/537.36 (KHTML, like Gecko) Chrome/110.0.0.0 Safari/537.36"
34.72.247.156 - - [10/Apr/2025:13:47:17 +0200] "GET /Jurek/topeshop/downloaded_images/5902838467879_23_artisan_(1).png HTTP/1.1" 200 454380 "-" "Mozilla/5.0 (X11; Linux x86_64) AppleWebKit/537.36 (KHTML, like Gecko) Chrome/110.0.0.0 Safari/537.36"
34.72.247.156 - - [10/Apr/2025:13:47:17 +0200] "GET /Jurek/topeshop/downloaded_images/5902838468012_23_white_(1).png HTTP/1.1" 200 175821 "-" "Mozilla/5.0 (X11; Linux x86_64) AppleWebKit/537.36 (KHTML, like Gecko) Chrome/110.0.0.0 Safari/537.36"
51.77.52.107 - - [10/Apr/2025:13:47:21 +0200] "GET /Jurek/eurofirany/images/458322/0.jpg HTTP/2.0" 200 93815 "-" "baselinker"
167.160.74.165 - - [10/Apr/2025:13:47:23 +0200] "GET /Jurek/topeshop/downloaded_images/5904507200176_MIJASBIURKOBRY%C5%81KASONOMAPRAWEBOKZM.jpg HTTP/2.0" 404 3551 "-" "Mozilla/5.0 (X11; Linux x86_64) AppleWebKit/537.36 (KHTML, like Gecko) Chrome/110.0.0.0 Safari/537.36"
167.160.72.96 - - [10/Apr/2025:13:47:32 +0200] "GET /Jurek/topeshop/downloaded_images/5904507200176_MIJASBIURKOBRY%C5%81KASONOMAPRAWEBOKZM.jpg HTTP/2.0" 404 3551 "-" "Mozilla/5.0 (X11; Linux x86_64) AppleWebKit/537.36 (KHTML, like Gecko) Chrome/110.0.0.0 Safari/537.36"
34.133.239.145 - - [10/Apr/2025:13:47:40 +0200] "GET /Jurek/topeshop/downloaded_images/5904507209384_Garderoba0013.jpg HTTP/1.1" 200 85595 "-" "Mozilla/5.0 (X11; Linux x86_64) AppleWebKit/537.36 (KHTML, like Gecko) Chrome/110.0.0.0 Safari/537.36"
51.77.52.107 - - [10/Apr/2025:13:47:41 +0200] "GET /Jurek/eurofirany/images/458323/0.jpg HTTP/2.0" 200 101759 "-" "baselinker"
34.72.247.156 - - [10/Apr/2025:13:47:41 +0200] "GET /Jurek/topeshop/downloaded_images/5904507209384_Garderoba0011.jpg HTTP/1.1" 200 100273 "-" "Mozilla/5.0 (X11; Linux x86_64) AppleWebKit/537.36 (KHTML, like Gecko) Chrome/110.0.0.0 Safari/537.36"
34.72.247.156 - - [10/Apr/2025:13:47:42 +0200] "GET /Jurek/topeshop/downloaded_images/5904507209384_bry%C5%82ka0011.jpg HTTP/1.1" 200 73944 "-" "Mozilla/5.0 (X11; Linux x86_64) AppleWebKit/537.36 (KHTML, like Gecko) Chrome/110.0.0.0 Safari/537.36"
34.72.247.156 - - [10/Apr/2025:13:47:44 +0200] "GET /Jurek/topeshop/downloaded_images/5904507209384_Garderoba0009.jpg HTTP/1.1" 200 93769 "-" "Mozilla/5.0 (X11; Linux x86_64) AppleWebKit/537.36 (KHTML, like Gecko) Chrome/110.0.0.0 Safari/537.36"
34.72.247.156 - - [10/Apr/2025:13:47:46 +0200] "GET /Jurek/topeshop/downloaded_images/5904507209384_Garderoba0015.jpg HTTP/1.1" 200 86498 "-" "Mozilla/5.0 (X11; Linux x86_64) AppleWebKit/537.36 (KHTML, like Gecko) Chrome/110.0.0.0 Safari/537.36"
51.77.52.107 - - [10/Apr/2025:13:47:46 +0200] "GET /Jurek/eurofirany/images/458323/0.jpg HTTP/2.0" 200 101759 "-" "baselinker"
34.133.239.145 - - [10/Apr/2025:13:47:47 +0200] "GET /Jurek/topeshop/downloaded_images/5904507209384_DUOGLINABOKZM.png HTTP/1.1" 404 3551 "-" "Mozilla/5.0 (X11; Linux x86_64) AppleWebKit/537.36 (KHTML, like Gecko) Chrome/110.0.0.0 Safari/537.36"
34.133.239.145 - - [10/Apr/2025:13:47:50 +0200] "GET /Jurek/topeshop/downloaded_images/5904507209384_DUOGLINABOKZM.png HTTP/1.1" 404 3551 "-" "Mozilla/5.0 (X11; Linux x86_64) AppleWebKit/537.36 (KHTML, like Gecko) Chrome/110.0.0.0 Safari/537.36"
51.77.52.107 - - [10/Apr/2025:13:47:51 +0200] "GET /Jurek/eurofirany/images/458323/0.jpg HTTP/2.0" 200 101759 "-" "baselinker"
51.77.52.107 - - [10/Apr/2025:13:47:54 +0200] "GET /Jurek/eurofirany/images/458324/0.jpg HTTP/2.0" 200 76635 "-" "baselinker"
34.133.239.145 - - [10/Apr/2025:13:47:54 +0200] "GET /Jurek/topeshop/downloaded_images/5904507209384_DUOGLINABOKZM.png HTTP/1.1" 404 3551 "-" "Mozilla/5.0 (X11; Linux x86_64) AppleWebKit/537.36 (KHTML, like Gecko) Chrome/110.0.0.0 Safari/537.36"
34.72.247.156 - - [10/Apr/2025:13:47:57 +0200] "GET /Jurek/topeshop/downloaded_images/5902838466742_20_st_open.jpg HTTP/1.1" 200 59908 "-" "Mozilla/5.0 (X11; Linux x86_64) AppleWebKit/537.36 (KHTML, like Gecko) Chrome/110.0.0.0 Safari/537.36"
34.133.239.145 - - [10/Apr/2025:13:48:00 +0200] "GET /Jurek/topeshop/downloaded_images/5902838464304_20_st_open.jpg HTTP/1.1" 200 60982 "-" "Mozilla/5.0 (X11; Linux x86_64) AppleWebKit/537.36 (KHTML, like Gecko) Chrome/110.0.0.0 Safari/537.36"
34.133.239.145 - - [10/Apr/2025:13:48:00 +0200] "GET /Jurek/topeshop/downloaded_images/5902838464304_Opal_garderoba_Sonoma.jpg HTTP/1.1" 404 3551 "-" "Mozilla/5.0 (X11; Linux x86_64) AppleWebKit/537.36 (KHTML, like Gecko) Chrome/110.0.0.0 Safari/537.36"
34.72.247.156 - - [10/Apr/2025:13:48:01 +0200] "GET /Jurek/topeshop/downloaded_images/5902838466742_Opal_garderoba_artisan.jpg HTTP/1.1" 404 3551 "-" "Mozilla/5.0 (X11; Linux x86_64) AppleWebKit/537.36 (KHTML, like Gecko) Chrome/110.0.0.0 Safari/537.36"
130.44.202.51 - - [10/Apr/2025:13:48:01 +0200] "GET /Jurek/topeshop/downloaded_images/5904507209384_DUOGLINABOKZM.png HTTP/2.0" 404 3551 "-" "Mozilla/5.0 (X11; Linux x86_64) AppleWebKit/537.36 (KHTML, like Gecko) Chrome/110.0.0.0 Safari/537.36"
34.72.247.156 - - [10/Apr/2025:13:48:02 +0200] "GET /Jurek/topeshop/downloaded_images/5902838464199_Opal_garderoba_biel.jpg HTTP/1.1" 404 3551 "-" "Mozilla/5.0 (X11; Linux x86_64) AppleWebKit/537.36 (KHTML, like Gecko) Chrome/110.0.0.0 Safari/537.36"
34.133.239.145 - - [10/Apr/2025:13:48:02 +0200] "GET /Jurek/topeshop/downloaded_images/5902838464304_Opal_garderoba_Sonoma.jpg HTTP/1.1" 404 3551 "-" "Mozilla/5.0 (X11; Linux x86_64) AppleWebKit/537.36 (KHTML, like Gecko) Chrome/110.0.0.0 Safari/537.36"
34.72.247.156 - - [10/Apr/2025:13:48:04 +0200] "GET /Jurek/topeshop/downloaded_images/5902838466742_Opal_garderoba_artisan.jpg HTTP/1.1" 404 3551 "-" "Mozilla/5.0 (X11; Linux x86_64) AppleWebKit/537.36 (KHTML, like Gecko) Chrome/110.0.0.0 Safari/537.36"
34.72.247.156 - - [10/Apr/2025:13:48:05 +0200] "GET /Jurek/topeshop/downloaded_images/5902838464199_Opal_garderoba_biel.jpg HTTP/1.1" 404 3551 "-" "Mozilla/5.0 (X11; Linux x86_64) AppleWebKit/537.36 (KHTML, like Gecko) Chrome/110.0.0.0 Safari/537.36"
34.133.239.145 - - [10/Apr/2025:13:48:07 +0200] "GET /Jurek/topeshop/downloaded_images/5902838464304_Opal_garderoba_Sonoma.jpg HTTP/1.1" 404 3551 "-" "Mozilla/5.0 (X11; Linux x86_64) AppleWebKit/537.36 (KHTML, like Gecko) Chrome/110.0.0.0 Safari/537.36"
172.96.95.213 - - [10/Apr/2025:13:48:10 +0200] "GET /Jurek/topeshop/downloaded_images/5904507209384_DUOGLINABOKZM.png HTTP/2.0" 404 3551 "-" "Mozilla/5.0 (X11; Linux x86_64) AppleWebKit/537.36 (KHTML, like Gecko) Chrome/110.0.0.0 Safari/537.36"
34.72.247.156 - - [10/Apr/2025:13:48:10 +0200] "GET /Jurek/topeshop/downloaded_images/5902838464199_Opal_garderoba_biel.jpg HTTP/1.1" 404 3551 "-" "Mozilla/5.0 (X11; Linux x86_64) AppleWebKit/537.36 (KHTML, like Gecko) Chrome/110.0.0.0 Safari/537.36"
51.77.52.107 - - [10/Apr/2025:13:48:10 +0200] "GET /Jurek/eurofirany/images/458324/0.jpg HTTP/2.0" 200 76635 "-" "baselinker"
34.72.247.156 - - [10/Apr/2025:13:48:10 +0200] "GET /Jurek/topeshop/downloaded_images/5904507209384_profilowee.jpg HTTP/1.1" 200 37736 "-" "Mozilla/5.0 (X11; Linux x86_64) AppleWebKit/537.36 (KHTML, like Gecko) Chrome/110.0.0.0 Safari/537.36"
34.72.247.156 - - [10/Apr/2025:13:48:11 +0200] "GET /Jurek/topeshop/downloaded_images/5902838466742_Opal_garderoba_artisan.jpg HTTP/1.1" 404 3551 "-" "Mozilla/5.0 (X11; Linux x86_64) AppleWebKit/537.36 (KHTML, like Gecko) Chrome/110.0.0.0 Safari/537.36"
172.96.95.213 - - [10/Apr/2025:13:48:13 +0200] "GET /Jurek/topeshop/downloaded_images/5902838464304_Opal_garderoba_Sonoma.jpg HTTP/2.0" 404 3551 "-" "Mozilla/5.0 (X11; Linux x86_64) AppleWebKit/537.36 (KHTML, like Gecko) Chrome/110.0.0.0 Safari/537.36"
51.77.52.107 - - [10/Apr/2025:13:48:15 +0200] "GET /Jurek/eurofirany/images/458324/0.jpg HTTP/2.0" 200 76635 "-" "baselinker"
149.20.241.125 - - [10/Apr/2025:13:48:17 +0200] "GET /Jurek/topeshop/downloaded_images/5902838464199_Opal_garderoba_biel.jpg HTTP/2.0" 404 3551 "-" "Mozilla/5.0 (X11; Linux x86_64) AppleWebKit/537.36 (KHTML, like Gecko) Chrome/110.0.0.0 Safari/537.36"
162.244.144.175 - - [10/Apr/2025:13:48:17 +0200] "GET /Jurek/topeshop/downloaded_images/5902838466742_Opal_garderoba_artisan.jpg HTTP/2.0" 404 3551 "-" "Mozilla/5.0 (X11; Linux x86_64) AppleWebKit/537.36 (KHTML, like Gecko) Chrome/110.0.0.0 Safari/537.36"
147.53.125.171 - - [10/Apr/2025:13:48:22 +0200] "GET /Jurek/topeshop/downloaded_images/5902838464304_Opal_garderoba_Sonoma.jpg HTTP/2.0" 404 3551 "-" "Mozilla/5.0 (X11; Linux x86_64) AppleWebKit/537.36 (KHTML, like Gecko) Chrome/110.0.0.0 Safari/537.36"
34.133.239.145 - - [10/Apr/2025:13:48:22 +0200] "GET /Jurek/topeshop/downloaded_images/5902838464304_20_st.jpg HTTP/1.1" 200 66763 "-" "Mozilla/5.0 (X11; Linux x86_64) AppleWebKit/537.36 (KHTML, like Gecko) Chrome/110.0.0.0 Safari/537.36"
51.77.52.107 - - [10/Apr/2025:13:48:23 +0200] "GET /Jurek/eurofirany/images/458317/0.jpg HTTP/2.0" 200 121857 "-" "baselinker"
199.34.90.47 - - [10/Apr/2025:13:48:27 +0200] "GET /Jurek/topeshop/downloaded_images/5902838464199_Opal_garderoba_biel.jpg HTTP/2.0" 404 3551 "-" "Mozilla/5.0 (X11; Linux x86_64) AppleWebKit/537.36 (KHTML, like Gecko) Chrome/110.0.0.0 Safari/537.36"
162.244.146.188 - - [10/Apr/2025:13:48:27 +0200] "GET /Jurek/topeshop/downloaded_images/5902838466742_Opal_garderoba_artisan.jpg HTTP/2.0" 404 3551 "-" "Mozilla/5.0 (X11; Linux x86_64) AppleWebKit/537.36 (KHTML, like Gecko) Chrome/110.0.0.0 Safari/537.36"
34.72.247.156 - - [10/Apr/2025:13:48:28 +0200] "GET /Jurek/topeshop/downloaded_images/5902838464199_20_st.jpg HTTP/1.1" 200 38673 "-" "Mozilla/5.0 (X11; Linux x86_64) AppleWebKit/537.36 (KHTML, like Gecko) Chrome/110.0.0.0 Safari/537.36"
34.72.247.156 - - [10/Apr/2025:13:48:30 +0200] "GET /Jurek/topeshop/downloaded_images/5902838466742_20_st.jpg HTTP/1.1" 200 63928 "-" "Mozilla/5.0 (X11; Linux x86_64) AppleWebKit/537.36 (KHTML, like Gecko) Chrome/110.0.0.0 Safari/537.36"
51.77.52.107 - - [10/Apr/2025:13:48:52 +0200] "GET /Jurek/eurofirany/images/458317/0.jpg HTTP/2.0" 200 121857 "-" "baselinker"
51.77.52.107 - - [10/Apr/2025:13:48:56 +0200] "GET /Jurek/eurofirany/images/458317/0.jpg HTTP/2.0" 200 121857 "-" "baselinker"
51.77.52.107 - - [10/Apr/2025:13:49:01 +0200] "GET /Jurek/eurofirany/images/458320/0.jpg HTTP/2.0" 200 117453 "-" "baselinker"
51.77.52.107 - - [10/Apr/2025:13:49:05 +0200] "GET /Jurek/eurofirany/images/458320/0.jpg HTTP/2.0" 200 117453 "-" "baselinker"
51.77.52.107 - - [10/Apr/2025:13:49:21 +0200] "GET /Jurek/eurofirany/images/458320/0.jpg HTTP/2.0" 200 117453 "-" "baselinker"
51.77.52.107 - - [10/Apr/2025:13:49:36 +0200] "GET /Jurek/eurofirany/images/458944/0.jpg HTTP/2.0" 200 40256 "-" "baselinker"
51.77.52.107 - - [10/Apr/2025:13:50:12 +0200] "GET /Jurek/eurofirany/images/458944/0.jpg HTTP/2.0" 200 40256 "-" "baselinker"
51.77.52.107 - - [10/Apr/2025:13:50:34 +0200] "GET /Jurek/eurofirany/images/458944/0.jpg HTTP/2.0" 200 40256 "-" "baselinker"
51.77.52.107 - - [10/Apr/2025:13:50:41 +0200] "GET /Jurek/eurofirany/images/458945/0.jpg HTTP/2.0" 200 82479 "-" "baselinker"
51.77.52.107 - - [10/Apr/2025:13:51:06 +0200] "GET /Jurek/eurofirany/images/458945/0.jpg HTTP/2.0" 200 82479 "-" "baselinker"
34.133.239.145 - - [10/Apr/2025:13:51:11 +0200] "GET /Jurek/topeshop/downloaded_images/5902838463277_14255.jpg HTTP/1.1" 404 3551 "-" "Mozilla/5.0 (X11; Linux x86_64) AppleWebKit/537.36 (KHTML, like Gecko) Chrome/110.0.0.0 Safari/537.36"
34.133.239.145 - - [10/Apr/2025:13:51:13 +0200] "GET /Jurek/topeshop/downloaded_images/5902838463277_14255.jpg HTTP/1.1" 404 3551 "-" "Mozilla/5.0 (X11; Linux x86_64) AppleWebKit/537.36 (KHTML, like Gecko) Chrome/110.0.0.0 Safari/537.36"
34.72.247.156 - - [10/Apr/2025:13:51:15 +0200] "GET /Jurek/topeshop/downloaded_images/5902838463383_DENVER_SONOMA(3).jpg HTTP/1.1" 404 3551 "-" "Mozilla/5.0 (X11; Linux x86_64) AppleWebKit/537.36 (KHTML, like Gecko) Chrome/110.0.0.0 Safari/537.36"
34.133.239.145 - - [10/Apr/2025:13:51:16 +0200] "GET /Jurek/topeshop/downloaded_images/5902838463413_render_pop_.RGB_color.0012_kopia.png HTTP/1.1" 200 337992 "-" "Mozilla/5.0 (X11; Linux x86_64) AppleWebKit/537.36 (KHTML, like Gecko) Chrome/110.0.0.0 Safari/537.36"
34.133.239.145 - - [10/Apr/2025:13:51:16 +0200] "GET /Jurek/topeshop/downloaded_images/5902838463420_DENVER_BIEL_PO%C5%81YSK(4).jpg HTTP/1.1" 404 3551 "-" "Mozilla/5.0 (X11; Linux x86_64) AppleWebKit/537.36 (KHTML, like Gecko) Chrome/110.0.0.0 Safari/537.36"
34.133.239.145 - - [10/Apr/2025:13:51:16 +0200] "GET /Jurek/topeshop/downloaded_images/5902838463413_DENVER_BIEL(6).jpg HTTP/1.1" 404 3551 "-" "Mozilla/5.0 (X11; Linux x86_64) AppleWebKit/537.36 (KHTML, like Gecko) Chrome/110.0.0.0 Safari/537.36"
34.133.239.145 - - [10/Apr/2025:13:51:17 +0200] "GET /Jurek/topeshop/downloaded_images/5902838463383_DENVER_SONOMA(3).jpg HTTP/1.1" 404 3551 "-" "Mozilla/5.0 (X11; Linux x86_64) AppleWebKit/537.36 (KHTML, like Gecko) Chrome/110.0.0.0 Safari/537.36"
34.72.247.156 - - [10/Apr/2025:13:51:18 +0200] "GET /Jurek/topeshop/downloaded_images/5902838463277_14255.jpg HTTP/1.1" 404 3551 "-" "Mozilla/5.0 (X11; Linux x86_64) AppleWebKit/537.36 (KHTML, like Gecko) Chrome/110.0.0.0 Safari/537.36"
34.133.239.145 - - [10/Apr/2025:13:51:19 +0200] "GET /Jurek/topeshop/downloaded_images/5902838463420_DENVER_BIEL_PO%C5%81YSK(4).jpg HTTP/1.1" 404 3551 "-" "Mozilla/5.0 (X11; Linux x86_64) AppleWebKit/537.36 (KHTML, like Gecko) Chrome/110.0.0.0 Safari/537.36"
34.133.239.145 - - [10/Apr/2025:13:51:19 +0200] "GET /Jurek/topeshop/downloaded_images/5902838463413_DENVER_BIEL(6).jpg HTTP/1.1" 404 3551 "-" "Mozilla/5.0 (X11; Linux x86_64) AppleWebKit/537.36 (KHTML, like Gecko) Chrome/110.0.0.0 Safari/537.36"
34.133.239.145 - - [10/Apr/2025:13:51:22 +0200] "GET /Jurek/topeshop/downloaded_images/5902838463383_DENVER_SONOMA(3).jpg HTTP/1.1" 404 3551 "-" "Mozilla/5.0 (X11; Linux x86_64) AppleWebKit/537.36 (KHTML, like Gecko) Chrome/110.0.0.0 Safari/537.36"
34.72.247.156 - - [10/Apr/2025:13:51:22 +0200] "GET /Jurek/topeshop/downloaded_images/5902838463338_Dallas_Sonoma(1).jpg HTTP/1.1" 404 3551 "-" "Mozilla/5.0 (X11; Linux x86_64) AppleWebKit/537.36 (KHTML, like Gecko) Chrome/110.0.0.0 Safari/537.36"
34.133.239.145 - - [10/Apr/2025:13:51:23 +0200] "GET /Jurek/topeshop/downloaded_images/5902838463420_DENVER_BIEL_PO%C5%81YSK(4).jpg HTTP/1.1" 404 3551 "-" "Mozilla/5.0 (X11; Linux x86_64) AppleWebKit/537.36 (KHTML, like Gecko) Chrome/110.0.0.0 Safari/537.36"
34.133.239.145 - - [10/Apr/2025:13:51:23 +0200] "GET /Jurek/topeshop/downloaded_images/5902838463413_DENVER_BIEL(6).jpg HTTP/1.1" 404 3551 "-" "Mozilla/5.0 (X11; Linux x86_64) AppleWebKit/537.36 (KHTML, like Gecko) Chrome/110.0.0.0 Safari/537.36"
34.72.247.156 - - [10/Apr/2025:13:51:25 +0200] "GET /Jurek/topeshop/downloaded_images/5902838463338_Dallas_Sonoma(1).jpg HTTP/1.1" 404 3551 "-" "Mozilla/5.0 (X11; Linux x86_64) AppleWebKit/537.36 (KHTML, like Gecko) Chrome/110.0.0.0 Safari/537.36"
199.250.189.104 - - [10/Apr/2025:13:51:26 +0200] "GET /Jurek/topeshop/downloaded_images/5902838463277_14255.jpg HTTP/2.0" 404 3551 "-" "Mozilla/5.0 (X11; Linux x86_64) AppleWebKit/537.36 (KHTML, like Gecko) Chrome/110.0.0.0 Safari/537.36"
168.91.45.221 - - [10/Apr/2025:13:51:29 +0200] "GET /Jurek/topeshop/downloaded_images/5902838463383_DENVER_SONOMA(3).jpg HTTP/2.0" 404 3551 "-" "Mozilla/5.0 (X11; Linux x86_64) AppleWebKit/537.36 (KHTML, like Gecko) Chrome/110.0.0.0 Safari/537.36"
34.133.239.145 - - [10/Apr/2025:13:51:29 +0200] "GET /Jurek/topeshop/downloaded_images/5902838463338_Dallas_Sonoma(1).jpg HTTP/1.1" 404 3551 "-" "Mozilla/5.0 (X11; Linux x86_64) AppleWebKit/537.36 (KHTML, like Gecko) Chrome/110.0.0.0 Safari/537.36"
67.218.4.137 - - [10/Apr/2025:13:51:30 +0200] "GET /Jurek/topeshop/downloaded_images/5902838463420_DENVER_BIEL_PO%C5%81YSK(4).jpg HTTP/2.0" 404 3551 "-" "Mozilla/5.0 (X11; Linux x86_64) AppleWebKit/537.36 (KHTML, like Gecko) Chrome/110.0.0.0 Safari/537.36"
162.244.146.188 - - [10/Apr/2025:13:51:30 +0200] "GET /Jurek/topeshop/downloaded_images/5902838463413_DENVER_BIEL(6).jpg HTTP/2.0" 404 3551 "-" "Mozilla/5.0 (X11; Linux x86_64) AppleWebKit/537.36 (KHTML, like Gecko) Chrome/110.0.0.0 Safari/537.36"
51.77.52.107 - - [10/Apr/2025:13:51:36 +0200] "GET /Jurek/eurofirany/images/458945/0.jpg HTTP/2.0" 200 82479 "-" "baselinker"
172.96.80.214 - - [10/Apr/2025:13:51:37 +0200] "GET /Jurek/topeshop/downloaded_images/5902838463277_14255.jpg HTTP/2.0" 404 3551 "-" "Mozilla/5.0 (X11; Linux x86_64) AppleWebKit/537.36 (KHTML, like Gecko) Chrome/110.0.0.0 Safari/537.36"
34.72.247.156 - - [10/Apr/2025:13:51:37 +0200] "GET /Jurek/topeshop/downloaded_images/5904507209421_modern2p-slim2.jpg HTTP/1.1" 200 42640 "-" "Mozilla/5.0 (X11; Linux x86_64) AppleWebKit/537.36 (KHTML, like Gecko) Chrome/110.0.0.0 Safari/537.36"
167.160.72.96 - - [10/Apr/2025:13:51:37 +0200] "GET /Jurek/topeshop/downloaded_images/5902838463338_Dallas_Sonoma(1).jpg HTTP/2.0" 404 3551 "-" "Mozilla/5.0 (X11; Linux x86_64) AppleWebKit/537.36 (KHTML, like Gecko) Chrome/110.0.0.0 Safari/537.36"
34.133.239.145 - - [10/Apr/2025:13:51:38 +0200] "GET /Jurek/topeshop/downloaded_images/5902838463277_render_pop_.RGB_color.0009_kopia.png HTTP/1.1" 200 399484 "-" "Mozilla/5.0 (X11; Linux x86_64) AppleWebKit/537.36 (KHTML, like Gecko) Chrome/110.0.0.0 Safari/537.36"
34.133.239.145 - - [10/Apr/2025:13:51:38 +0200] "GET /Jurek/topeshop/downloaded_images/5904507209438_MODERN4P(4).jpg HTTP/1.1" 404 3551 "-" "Mozilla/5.0 (X11; Linux x86_64) AppleWebKit/537.36 (KHTML, like Gecko) Chrome/110.0.0.0 Safari/537.36"
34.72.247.156 - - [10/Apr/2025:13:51:38 +0200] "GET /Jurek/topeshop/downloaded_images/5904507209421_Modern2PSLIM(1).jpg HTTP/1.1" 404 3551 "-" "Mozilla/5.0 (X11; Linux x86_64) AppleWebKit/537.36 (KHTML, like Gecko) Chrome/110.0.0.0 Safari/537.36"
51.77.52.107 - - [10/Apr/2025:13:51:38 +0200] "GET /Jurek/eurofirany/images/458946/0.jpg HTTP/2.0" 200 34319 "-" "baselinker"
209.163.117.121 - - [10/Apr/2025:13:51:39 +0200] "GET /Jurek/topeshop/downloaded_images/5902838463420_DENVER_BIEL_PO%C5%81YSK(4).jpg HTTP/2.0" 404 3551 "-" "Mozilla/5.0 (X11; Linux x86_64) AppleWebKit/537.36 (KHTML, like Gecko) Chrome/110.0.0.0 Safari/537.36"
34.133.239.145 - - [10/Apr/2025:13:51:39 +0200] "GET /Jurek/topeshop/downloaded_images/5904507202408_sonoma-mini.png HTTP/1.1" 200 1173124 "-" "Mozilla/5.0 (X11; Linux x86_64) AppleWebKit/537.36 (KHTML, like Gecko) Chrome/110.0.0.0 Safari/537.36"
34.133.239.145 - - [10/Apr/2025:13:51:39 +0200] "GET /Jurek/topeshop/downloaded_images/5904507202408_Wymiary_Sonoma_Obszar_roboczy_1.jpg HTTP/1.1" 200 46150 "-" "Mozilla/5.0 (X11; Linux x86_64) AppleWebKit/537.36 (KHTML, like Gecko) Chrome/110.0.0.0 Safari/537.36"
34.133.239.145 - - [10/Apr/2025:13:51:39 +0200] "GET /Jurek/topeshop/downloaded_images/5904507202408_Modern2P_Sonoma(2).jpg HTTP/1.1" 404 3551 "-" "Mozilla/5.0 (X11; Linux x86_64) AppleWebKit/537.36 (KHTML, like Gecko) Chrome/110.0.0.0 Safari/537.36"
34.133.239.145 - - [10/Apr/2025:13:51:40 +0200] "GET /Jurek/topeshop/downloaded_images/5902838463420_render_pop_.RGB_color.0006_kopia.png HTTP/1.1" 200 325009 "-" "Mozilla/5.0 (X11; Linux x86_64) AppleWebKit/537.36 (KHTML, like Gecko) Chrome/110.0.0.0 Safari/537.36"
167.160.76.193 - - [10/Apr/2025:13:51:40 +0200] "GET /Jurek/topeshop/downloaded_images/5902838463383_DENVER_SONOMA(3).jpg HTTP/2.0" 404 3551 "-" "Mozilla/5.0 (X11; Linux x86_64) AppleWebKit/537.36 (KHTML, like Gecko) Chrome/110.0.0.0 Safari/537.36"
209.163.119.79 - - [10/Apr/2025:13:51:40 +0200] "GET /Jurek/topeshop/downloaded_images/5902838463413_DENVER_BIEL(6).jpg HTTP/2.0" 404 3551 "-" "Mozilla/5.0 (X11; Linux x86_64) AppleWebKit/537.36 (KHTML, like Gecko) Chrome/110.0.0.0 Safari/537.36"
34.133.239.145 - - [10/Apr/2025:13:51:41 +0200] "GET /Jurek/topeshop/downloaded_images/5904507209421_Modern2PSLIM(1).jpg HTTP/1.1" 404 3551 "-" "Mozilla/5.0 (X11; Linux x86_64) AppleWebKit/537.36 (KHTML, like Gecko) Chrome/110.0.0.0 Safari/537.36"
34.133.239.145 - - [10/Apr/2025:13:51:41 +0200] "GET /Jurek/topeshop/downloaded_images/5902838463413_render_pop_.RGB_color.0010_kopia.png HTTP/1.1" 200 327122 "-" "Mozilla/5.0 (X11; Linux x86_64) AppleWebKit/537.36 (KHTML, like Gecko) Chrome/110.0.0.0 Safari/537.36"
34.72.247.156 - - [10/Apr/2025:13:51:41 +0200] "GET /Jurek/topeshop/downloaded_images/5904507209438_MODERN4P(4).jpg HTTP/1.1" 404 3551 "-" "Mozilla/5.0 (X11; Linux x86_64) AppleWebKit/537.36 (KHTML, like Gecko) Chrome/110.0.0.0 Safari/537.36"
34.133.239.145 - - [10/Apr/2025:13:51:41 +0200] "GET /Jurek/topeshop/downloaded_images/5904507202392_Modern2P_Biel(1).jpg HTTP/1.1" 404 3551 "-" "Mozilla/5.0 (X11; Linux x86_64) AppleWebKit/537.36 (KHTML, like Gecko) Chrome/110.0.0.0 Safari/537.36"
34.72.247.156 - - [10/Apr/2025:13:51:41 +0200] "GET /Jurek/topeshop/downloaded_images/5902838463383_render_pop_.RGB_color.0014_kopia.png HTTP/1.1" 200 478400 "-" "Mozilla/5.0 (X11; Linux x86_64) AppleWebKit/537.36 (KHTML, like Gecko) Chrome/110.0.0.0 Safari/537.36"
89.161.206.59 - - [10/Apr/2025:13:51:41 +0200] "GET /Jurek/benetech/feeds/benetech_aliex.xml HTTP/1.0" 200 4165613 "-" "-"
34.72.247.156 - - [10/Apr/2025:13:51:42 +0200] "GET /Jurek/topeshop/downloaded_images/5904507202408_Modern2P_Sonoma(2).jpg HTTP/1.1" 404 3551 "-" "Mozilla/5.0 (X11; Linux x86_64) AppleWebKit/537.36 (KHTML, like Gecko) Chrome/110.0.0.0 Safari/537.36"
89.161.206.59 - - [10/Apr/2025:13:51:42 +0200] "GET /Jurek/slayo/feeds/slayo_aliex.xml HTTP/1.0" 200 183631 "-" "-"
89.161.206.59 - - [10/Apr/2025:13:51:42 +0200] "GET /Jurek/hdwr/feeds/hdwr_aliex.xml HTTP/1.0" 200 789580 "-" "-"
89.161.206.59 - - [10/Apr/2025:13:51:42 +0200] "GET /Jurek/targethome/feeds/targethome_aliex.xml HTTP/1.0" 200 688675 "-" "-"
89.161.206.59 - - [10/Apr/2025:13:51:42 +0200] "GET /Jurek/amzteam/feeds/amzteam_aliex.xml HTTP/1.0" 200 97912 "-" "-"
89.161.206.59 - - [10/Apr/2025:13:51:43 +0200] "GET /Jurek/ralmetal/feeds/ralmetal_aliex.xml HTTP/1.0" 200 1809282 "-" "-"
89.161.206.59 - - [10/Apr/2025:13:51:43 +0200] "GET /Jurek/cbdgreen/feeds/cbdgreen_aliex.xml HTTP/1.0" 200 50549 "-" "-"
89.161.206.59 - - [10/Apr/2025:13:51:43 +0200] "GET /Jurek/drops/feeds/dropsofficecolection_aliex.xml HTTP/1.0" 200 790979 "-" "-"
34.133.239.145 - - [10/Apr/2025:13:51:43 +0200] "GET /Jurek/topeshop/downloaded_images/5904507202392_Modern2P_Biel(1).jpg HTTP/1.1" 404 3551 "-" "Mozilla/5.0 (X11; Linux x86_64) AppleWebKit/537.36 (KHTML, like Gecko) Chrome/110.0.0.0 Safari/537.36"
89.161.206.59 - - [10/Apr/2025:13:51:43 +0200] "GET /Jurek/szpaklampy/feeds/szpaklampy_aliex.xml HTTP/1.0" 200 388371 "-" "-"
89.161.206.59 - - [10/Apr/2025:13:51:44 +0200] "GET /Jurek/velinda/feeds/velinda_aliex.xml HTTP/1.0" 200 23438 "-" "-"
34.72.247.156 - - [10/Apr/2025:13:51:44 +0200] "GET /Jurek/topeshop/downloaded_images/5904507206789_Modern2p_Antracyt_Artisan(4).jpg HTTP/1.1" 404 3551 "-" "Mozilla/5.0 (X11; Linux x86_64) AppleWebKit/537.36 (KHTML, like Gecko) Chrome/110.0.0.0 Safari/537.36"
89.161.206.59 - - [10/Apr/2025:13:51:44 +0200] "GET /Jurek/spali/feeds/spali_aliex.xml HTTP/1.0" 200 77073 "-" "-"
89.161.206.59 - - [10/Apr/2025:13:51:44 +0200] "GET /Jurek/topeshop/feeds/topeshop_aliexpress.xml HTTP/1.0" 200 2626084 "-" "-"
89.161.206.59 - - [10/Apr/2025:13:51:44 +0200] "GET /Jurek/beltimore/feeds/beltimore_aliexpress.xml HTTP/1.0" 200 18654398 "-" "-"
34.133.239.145 - - [10/Apr/2025:13:51:45 +0200] "GET /Jurek/topeshop/downloaded_images/5904507209438_MODERN4P(4).jpg HTTP/1.1" 404 3551 "-" "Mozilla/5.0 (X11; Linux x86_64) AppleWebKit/537.36 (KHTML, like Gecko) Chrome/110.0.0.0 Safari/537.36"
34.72.247.156 - - [10/Apr/2025:13:51:46 +0200] "GET /Jurek/topeshop/downloaded_images/5904507209421_Modern2PSLIM(1).jpg HTTP/1.1" 404 3551 "-" "Mozilla/5.0 (X11; Linux x86_64) AppleWebKit/537.36 (KHTML, like Gecko) Chrome/110.0.0.0 Safari/537.36"
89.161.206.59 - - [10/Apr/2025:13:51:46 +0200] "GET /Jurek/broers/feeds/broers_aliex.xml HTTP/1.0" 200 1983003 "-" "-"
167.160.74.249 - - [10/Apr/2025:13:51:46 +0200] "GET /Jurek/topeshop/downloaded_images/5902838463338_Dallas_Sonoma(1).jpg HTTP/2.0" 404 3551 "-" "Mozilla/5.0 (X11; Linux x86_64) AppleWebKit/537.36 (KHTML, like Gecko) Chrome/110.0.0.0 Safari/537.36"
34.133.239.145 - - [10/Apr/2025:13:51:46 +0200] "GET /Jurek/topeshop/downloaded_images/5904507202408_Modern2P_Sonoma(2).jpg HTTP/1.1" 404 3551 "-" "Mozilla/5.0 (X11; Linux x86_64) AppleWebKit/537.36 (KHTML, like Gecko) Chrome/110.0.0.0 Safari/537.36"
51.77.52.107 - - [10/Apr/2025:13:51:46 +0200] "GET /Jurek/eurofirany/images/458946/0.jpg HTTP/2.0" 200 34319 "-" "baselinker"
34.133.239.145 - - [10/Apr/2025:13:51:47 +0200] "GET /Jurek/topeshop/downloaded_images/5902838463338_render_pop_.RGB_color.0013_kopia.png HTTP/1.1" 200 567153 "-" "Mozilla/5.0 (X11; Linux x86_64) AppleWebKit/537.36 (KHTML, like Gecko) Chrome/110.0.0.0 Safari/537.36"
89.161.206.59 - - [10/Apr/2025:13:51:47 +0200] "GET /Jurek/omi/feeds/omi_aliex.xml HTTP/1.0" 200 8106469 "-" "-"
34.72.247.156 - - [10/Apr/2025:13:51:47 +0200] "GET /Jurek/topeshop/downloaded_images/5904507206789_Modern2p_Antracyt_Artisan(4).jpg HTTP/1.1" 404 3551 "-" "Mozilla/5.0 (X11; Linux x86_64) AppleWebKit/537.36 (KHTML, like Gecko) Chrome/110.0.0.0 Safari/537.36"
34.133.239.145 - - [10/Apr/2025:13:51:47 +0200] "GET /Jurek/topeshop/downloaded_images/5904507202392_Modern2P_Biel(1).jpg HTTP/1.1" 404 3551 "-" "Mozilla/5.0 (X11; Linux x86_64) AppleWebKit/537.36 (KHTML, like Gecko) Chrome/110.0.0.0 Safari/537.36"
89.161.206.59 - - [10/Apr/2025:13:51:48 +0200] "GET /Jurek/rosfix/feeds/rosfix_aliexpress.xml HTTP/1.0" 200 35771341 "-" "-"
89.161.206.59 - - [10/Apr/2025:13:51:50 +0200] "GET /Jurek/kamar/feeds/kamar_aliex.xml HTTP/1.0" 200 25554855 "-" "-"
89.161.206.59 - - [10/Apr/2025:13:51:52 +0200] "GET /Jurek/carbonyway/feeds/carbonyway_aliex.xml HTTP/1.0" 200 3076350 "-" "-"
89.161.206.59 - - [10/Apr/2025:13:51:52 +0200] "GET /Jurek/mojeledy/feeds/mojeledy_aliex.xml HTTP/1.0" 200 1018602 "-" "-"
104.244.100.39 - - [10/Apr/2025:13:51:52 +0200] "GET /Jurek/topeshop/downloaded_images/5904507209421_Modern2PSLIM(1).jpg HTTP/2.0" 404 3551 "-" "Mozilla/5.0 (X11; Linux x86_64) AppleWebKit/537.36 (KHTML, like Gecko) Chrome/110.0.0.0 Safari/537.36"
89.161.206.59 - - [10/Apr/2025:13:51:52 +0200] "GET /Jurek/fertes/feeds/fertes_aliex.xml HTTP/1.0" 200 2362239 "-" "-"
172.96.89.219 - - [10/Apr/2025:13:51:52 +0200] "GET /Jurek/topeshop/downloaded_images/5904507209438_MODERN4P(4).jpg HTTP/2.0" 404 3551 "-" "Mozilla/5.0 (X11; Linux x86_64) AppleWebKit/537.36 (KHTML, like Gecko) Chrome/110.0.0.0 Safari/537.36"
130.44.200.121 - - [10/Apr/2025:13:51:53 +0200] "GET /Jurek/topeshop/downloaded_images/5904507202408_Modern2P_Sonoma(2).jpg HTTP/2.0" 404 3551 "-" "Mozilla/5.0 (X11; Linux x86_64) AppleWebKit/537.36 (KHTML, like Gecko) Chrome/110.0.0.0 Safari/537.36"
89.161.206.59 - - [10/Apr/2025:13:51:53 +0200] "GET /Jurek/mechdecor/feeds/mechdecor_aliex.xml HTTP/1.0" 200 596311 "-" "-"
89.161.206.59 - - [10/Apr/2025:13:51:53 +0200] "GET /Jurek/avenido/feeds/avenido_aliex.xml HTTP/1.0" 200 720128 "-" "-"
34.72.247.156 - - [10/Apr/2025:13:51:53 +0200] "GET /Jurek/topeshop/downloaded_images/5904507206789_Modern2p_Antracyt_Artisan(4).jpg HTTP/1.1" 404 3551 "-" "Mozilla/5.0 (X11; Linux x86_64) AppleWebKit/537.36 (KHTML, like Gecko) Chrome/110.0.0.0 Safari/537.36"
89.161.206.59 - - [10/Apr/2025:13:51:53 +0200] "GET /Jurek/missionair/feeds/missionair_aliex.xml HTTP/1.0" 200 3155074 "-" "-"
89.161.206.59 - - [10/Apr/2025:13:51:54 +0200] "GET /Jurek/apresto/feeds/apresto_aliex.xml HTTP/1.0" 200 1327782 "-" "-"
216.213.27.81 - - [10/Apr/2025:13:51:54 +0200] "GET /Jurek/topeshop/downloaded_images/5904507202392_Modern2P_Biel(1).jpg HTTP/2.0" 404 3551 "-" "Mozilla/5.0 (X11; Linux x86_64) AppleWebKit/537.36 (KHTML, like Gecko) Chrome/110.0.0.0 Safari/537.36"
89.161.206.59 - - [10/Apr/2025:13:51:54 +0200] "GET /Jurek/jakdroz/feeds/jakdroz_aliex.xml HTTP/1.0" 200 4090203 "-" "-"
89.161.206.59 - - [10/Apr/2025:13:51:55 +0200] "GET /Jurek/kalama/feeds/kalama_aliex.xml HTTP/1.0" 200 2662114 "-" "-"
147.53.125.195 - - [10/Apr/2025:13:52:01 +0200] "GET /Jurek/topeshop/downloaded_images/5904507209421_Modern2PSLIM(1).jpg HTTP/2.0" 404 3551 "-" "Mozilla/5.0 (X11; Linux x86_64) AppleWebKit/537.36 (KHTML, like Gecko) Chrome/110.0.0.0 Safari/537.36"
167.160.75.21 - - [10/Apr/2025:13:52:01 +0200] "GET /Jurek/topeshop/downloaded_images/5904507206789_Modern2p_Antracyt_Artisan(4).jpg HTTP/2.0" 404 3551 "-" "Mozilla/5.0 (X11; Linux x86_64) AppleWebKit/537.36 (KHTML, like Gecko) Chrome/110.0.0.0 Safari/537.36"
192.177.109.88 - - [10/Apr/2025:13:52:01 +0200] "GET /Jurek/topeshop/downloaded_images/5904507202408_Modern2P_Sonoma(2).jpg HTTP/2.0" 404 3551 "-" "Mozilla/5.0 (X11; Linux x86_64) AppleWebKit/537.36 (KHTML, like Gecko) Chrome/110.0.0.0 Safari/537.36"
34.133.239.145 - - [10/Apr/2025:13:52:01 +0200] "GET /Jurek/topeshop/downloaded_images/5904507209421_modern2p-slim-20st.jpg HTTP/1.1" 200 53719 "-" "Mozilla/5.0 (X11; Linux x86_64) AppleWebKit/537.36 (KHTML, like Gecko) Chrome/110.0.0.0 Safari/537.36"
34.133.239.145 - - [10/Apr/2025:13:52:02 +0200] "GET /Jurek/topeshop/downloaded_images/5904507202408_sonoma_20_st.jpg HTTP/1.1" 200 45680 "-" "Mozilla/5.0 (X11; Linux x86_64) AppleWebKit/537.36 (KHTML, like Gecko) Chrome/110.0.0.0 Safari/537.36"
142.147.108.100 - - [10/Apr/2025:13:52:02 +0200] "GET /Jurek/topeshop/downloaded_images/5904507209438_MODERN4P(4).jpg HTTP/2.0" 404 3551 "-" "Mozilla/5.0 (X11; Linux x86_64) AppleWebKit/537.36 (KHTML, like Gecko) Chrome/110.0.0.0 Safari/537.36"
167.160.75.21 - - [10/Apr/2025:13:52:02 +0200] "GET /Jurek/topeshop/downloaded_images/5904507202392_Modern2P_Biel(1).jpg HTTP/2.0" 404 3551 "-" "Mozilla/5.0 (X11; Linux x86_64) AppleWebKit/537.36 (KHTML, like Gecko) Chrome/110.0.0.0 Safari/537.36"
34.133.239.145 - - [10/Apr/2025:13:52:02 +0200] "GET /Jurek/topeshop/downloaded_images/5904507202392_20_st.jpg HTTP/1.1" 200 33576 "-" "Mozilla/5.0 (X11; Linux x86_64) AppleWebKit/537.36 (KHTML, like Gecko) Chrome/110.0.0.0 Safari/537.36"
34.72.247.156 - - [10/Apr/2025:13:52:04 +0200] "GET /Jurek/topeshop/downloaded_images/5904507209438_modern4pslim.jpg HTTP/1.1" 200 71558 "-" "Mozilla/5.0 (X11; Linux x86_64) AppleWebKit/537.36 (KHTML, like Gecko) Chrome/110.0.0.0 Safari/537.36"
51.77.52.107 - - [10/Apr/2025:13:52:09 +0200] "GET /Jurek/eurofirany/images/458946/0.jpg HTTP/2.0" 200 34319 "-" "baselinker"
209.163.118.69 - - [10/Apr/2025:13:52:09 +0200] "GET /Jurek/topeshop/downloaded_images/5904507206789_Modern2p_Antracyt_Artisan(4).jpg HTTP/2.0" 404 3551 "-" "Mozilla/5.0 (X11; Linux x86_64) AppleWebKit/537.36 (KHTML, like Gecko) Chrome/110.0.0.0 Safari/537.36"
34.133.239.145 - - [10/Apr/2025:13:52:10 +0200] "GET /Jurek/topeshop/downloaded_images/5904507206789_20_st.jpg HTTP/1.1" 200 38111 "-" "Mozilla/5.0 (X11; Linux x86_64) AppleWebKit/537.36 (KHTML, like Gecko) Chrome/110.0.0.0 Safari/537.36"
