66.211.183.72 - - [10/Apr/2025:13:13:37 +0200] "GET /Jurek/topeshop/downloaded_images/5902838469903_sonoma.jpg HTTP/1.1" 200 39323 "http://www.ebay.com/" "Mozilla/4.0 (compatible; MSIE 4.01; Windows NT)"
66.211.183.73 - - [10/Apr/2025:13:13:37 +0200] "GET /Jurek/topeshop/downloaded_images/5902838469903_1.png HTTP/1.1" 200 132443 "http://www.ebay.com/" "Mozilla/4.0 (compatible; MSIE 4.01; Windows NT)"
66.211.183.73 - - [10/Apr/2025:13:13:37 +0200] "GET /Jurek/topeshop/downloaded_images/5902838469903_2.png HTTP/1.1" 200 203033 "http://www.ebay.com/" "Mozilla/4.0 (compatible; MSIE 4.01; Windows NT)"
66.211.183.70 - - [10/Apr/2025:13:13:37 +0200] "GET /Jurek/topeshop/downloaded_images/5902838460450_1.png HTTP/1.1" 200 109812 "-" "Java/17.0.13.0.101"
66.135.223.40 - - [10/Apr/2025:13:13:37 +0200] "GET /Jurek/topeshop/downloaded_images/5904507201562_biel_z_ozdobami.jpg HTTP/1.1" 200 62710 "http://www.ebay.com/" "Mozilla/4.0 (compatible; MSIE 4.01; Windows NT)"
66.135.223.40 - - [10/Apr/2025:13:13:37 +0200] "GET /Jurek/topeshop/downloaded_images/5904507201562_biel_puste.jpg HTTP/1.1" 200 23719 "http://www.ebay.com/" "Mozilla/4.0 (compatible; MSIE 4.01; Windows NT)"
66.135.223.41 - - [10/Apr/2025:13:13:37 +0200] "GET /Jurek/topeshop/downloaded_images/5904507201562_biel.jpg HTTP/1.1" 200 86551 "http://www.ebay.com/" "Mozilla/4.0 (compatible; MSIE 4.01; Windows NT)"
66.135.223.41 - - [10/Apr/2025:13:13:37 +0200] "GET /Jurek/topeshop/downloaded_images/5904507201562_Biel_wymiary_Obszar_roboczy_1.jpg HTTP/1.1" 200 34405 "http://www.ebay.com/" "Mozilla/4.0 (compatible; MSIE 4.01; Windows NT)"
66.211.183.73 - - [10/Apr/2025:13:13:38 +0200] "GET /Jurek/topeshop/downloaded_images/5902838469903_R50_REGA%C5%81_1_S.png HTTP/1.1" 200 1701777 "http://www.ebay.com/" "Mozilla/4.0 (compatible; MSIE 4.01; Windows NT)"
66.211.183.70 - - [10/Apr/2025:13:13:38 +0200] "GET /Jurek/topeshop/downloaded_images/5902838469903_R50_REGA%C5%81_2_S.png HTTP/1.1" 200 1742859 "http://www.ebay.com/" "Mozilla/4.0 (compatible; MSIE 4.01; Windows NT)"
66.211.183.72 - - [10/Apr/2025:13:13:40 +0200] "GET /Jurek/topeshop/downloaded_images/5904507209636_R80_20_kaszmir.jpg HTTP/1.1" 200 31126 "http://www.ebay.com/" "Mozilla/4.0 (compatible; MSIE 4.01; Windows NT)"
66.211.183.72 - - [10/Apr/2025:13:13:40 +0200] "GET /Jurek/topeshop/downloaded_images/5904507209636_3_R80_80(3)Wizzzzzz.jpg HTTP/1.1" 200 126844 "http://www.ebay.com/" "Mozilla/4.0 (compatible; MSIE 4.01; Windows NT)"
66.211.183.72 - - [10/Apr/2025:13:13:40 +0200] "GET /Jurek/topeshop/downloaded_images/5904507209636_R80_Front_full_kaszmir.jpg HTTP/1.1" 200 69914 "http://www.ebay.com/" "Mozilla/4.0 (compatible; MSIE 4.01; Windows NT)"
66.211.183.71 - - [10/Apr/2025:13:13:40 +0200] "GET /Jurek/topeshop/downloaded_images/5904507209636_R80_20_full_kaszmir.jpg HTTP/1.1" 200 66327 "http://www.ebay.com/" "Mozilla/4.0 (compatible; MSIE 4.01; Windows NT)"
66.211.183.73 - - [10/Apr/2025:13:13:40 +0200] "GET /Jurek/topeshop/downloaded_images/5904507209636_R50_R80_kaszmir.jpg HTTP/1.1" 200 127237 "http://www.ebay.com/" "Mozilla/4.0 (compatible; MSIE 4.01; Windows NT)"
66.211.183.72 - - [10/Apr/2025:13:13:40 +0200] "GET /Jurek/topeshop/downloaded_images/5904507209636_R80_Front_kaszmir.jpg HTTP/1.1" 200 37038 "http://www.ebay.com/" "Mozilla/4.0 (compatible; MSIE 4.01; Windows NT)"
66.211.183.74 - - [10/Apr/2025:13:13:40 +0200] "GET /Jurek/topeshop/downloaded_images/5904507209636_3_R80_80(1)WIzzzzzzz.jpg HTTP/1.1" 200 149095 "http://www.ebay.com/" "Mozilla/4.0 (compatible; MSIE 4.01; Windows NT)"
66.211.183.73 - - [10/Apr/2025:13:13:40 +0200] "GET /Jurek/topeshop/downloaded_images/5904507209636_3_R80_80(5)WiZZ.jpg HTTP/1.1" 200 136122 "http://www.ebay.com/" "Mozilla/4.0 (compatible; MSIE 4.01; Windows NT)"
66.211.183.70 - - [10/Apr/2025:13:13:43 +0200] "GET /Jurek/topeshop/downloaded_images/5904507205614_biel_(2).jpg HTTP/1.1" 200 137540 "http://www.ebay.com/" "Mozilla/4.0 (compatible; MSIE 4.01; Windows NT)"
66.211.183.71 - - [10/Apr/2025:13:13:43 +0200] "GET /Jurek/topeshop/downloaded_images/5904507205614_biel_(1).jpg HTTP/1.1" 200 171935 "http://www.ebay.com/" "Mozilla/4.0 (compatible; MSIE 4.01; Windows NT)"
66.211.183.74 - - [10/Apr/2025:13:13:43 +0200] "GET /Jurek/topeshop/downloaded_images/5904507205614_biel.png HTTP/1.1" 200 485026 "http://www.ebay.com/" "Mozilla/4.0 (compatible; MSIE 4.01; Windows NT)"
51.77.52.107 - - [10/Apr/2025:13:13:46 +0200] "GET /Jurek/eurofirany/images/433167/0.jpg HTTP/2.0" 200 132836 "-" "baselinker"
216.113.184.102 - - [10/Apr/2025:13:13:47 +0200] "GET /Jurek/topeshop/downloaded_images/5904507205591_2x3_sonoma_pokoj.jpg HTTP/1.1" 200 151824 "http://www.ebay.com/" "Mozilla/4.0 (compatible; MSIE 4.01; Windows NT)"
216.113.184.105 - - [10/Apr/2025:13:13:47 +0200] "GET /Jurek/topeshop/downloaded_images/5904507205591_2x3_sonoma.jpg HTTP/1.1" 200 181467 "http://www.ebay.com/" "Mozilla/4.0 (compatible; MSIE 4.01; Windows NT)"
216.113.184.105 - - [10/Apr/2025:13:13:48 +0200] "GET /Jurek/topeshop/downloaded_images/5904507205591_sonoma.png HTTP/1.1" 200 745030 "http://www.ebay.com/" "Mozilla/4.0 (compatible; MSIE 4.01; Windows NT)"
66.135.223.41 - - [10/Apr/2025:13:13:49 +0200] "GET /Jurek/topeshop/downloaded_images/5902838469613_1.jpg HTTP/1.1" 200 109368 "http://www.ebay.com/" "Mozilla/4.0 (compatible; MSIE 4.01; Windows NT)"
66.135.223.41 - - [10/Apr/2025:13:13:50 +0200] "GET /Jurek/topeshop/downloaded_images/5902838469613_2.jpg HTTP/1.1" 200 85797 "http://www.ebay.com/" "Mozilla/4.0 (compatible; MSIE 4.01; Windows NT)"
66.135.223.43 - - [10/Apr/2025:13:13:50 +0200] "GET /Jurek/topeshop/downloaded_images/5902838469613_3.jpg HTTP/1.1" 200 101330 "http://www.ebay.com/" "Mozilla/4.0 (compatible; MSIE 4.01; Windows NT)"
66.135.223.44 - - [10/Apr/2025:13:13:50 +0200] "GET /Jurek/topeshop/downloaded_images/5902838469613_4.jpg HTTP/1.1" 200 48544 "http://www.ebay.com/" "Mozilla/4.0 (compatible; MSIE 4.01; Windows NT)"
66.135.223.44 - - [10/Apr/2025:13:13:50 +0200] "GET /Jurek/topeshop/downloaded_images/5902838469613_30_CM.jpg HTTP/1.1" 200 79688 "http://www.ebay.com/" "Mozilla/4.0 (compatible; MSIE 4.01; Windows NT)"
51.77.52.107 - - [10/Apr/2025:13:13:50 +0200] "GET /Jurek/eurofirany/images/433167/0.jpg HTTP/2.0" 200 132836 "-" "baselinker"
66.211.183.71 - - [10/Apr/2025:13:13:52 +0200] "GET /Jurek/topeshop/downloaded_images/5904507205584_x3_bialy_pokoj.jpg HTTP/1.1" 200 148148 "http://www.ebay.com/" "Mozilla/4.0 (compatible; MSIE 4.01; Windows NT)"
66.211.183.74 - - [10/Apr/2025:13:13:52 +0200] "GET /Jurek/topeshop/downloaded_images/5904507205584_2x3_bialy.jpg HTTP/1.1" 200 169849 "http://www.ebay.com/" "Mozilla/4.0 (compatible; MSIE 4.01; Windows NT)"
66.211.183.72 - - [10/Apr/2025:13:13:52 +0200] "GET /Jurek/topeshop/downloaded_images/5904507205584_biel.png HTTP/1.1" 200 463817 "http://www.ebay.com/" "Mozilla/4.0 (compatible; MSIE 4.01; Windows NT)"
66.135.223.41 - - [10/Apr/2025:13:13:54 +0200] "GET /Jurek/topeshop/downloaded_images/5902838461211_I_RTV-120-MALWA_2_S.jpg HTTP/1.1" 200 129076 "http://www.ebay.com/" "Mozilla/4.0 (compatible; MSIE 4.01; Windows NT)"
66.135.223.44 - - [10/Apr/2025:13:13:55 +0200] "GET /Jurek/topeshop/downloaded_images/5902838461211_I_RTV-120-MALWA_S.jpg HTTP/1.1" 200 139915 "http://www.ebay.com/" "Mozilla/4.0 (compatible; MSIE 4.01; Windows NT)"
66.135.223.41 - - [10/Apr/2025:13:13:55 +0200] "GET /Jurek/topeshop/downloaded_images/5902838461211_ar2_ss_.RGB_color.0003.jpg HTTP/1.1" 200 137343 "http://www.ebay.com/" "Mozilla/4.0 (compatible; MSIE 4.01; Windows NT)"
66.135.223.44 - - [10/Apr/2025:13:13:55 +0200] "GET /Jurek/topeshop/downloaded_images/5902838461211_I_RTV-120-MALWA_o_S.jpg HTTP/1.1" 200 139519 "http://www.ebay.com/" "Mozilla/4.0 (compatible; MSIE 4.01; Windows NT)"
66.135.223.40 - - [10/Apr/2025:13:13:55 +0200] "GET /Jurek/topeshop/downloaded_images/5902838461211_sonoma_.RGB_color.0017.png HTTP/1.1" 200 193940 "http://www.ebay.com/" "Mozilla/4.0 (compatible; MSIE 4.01; Windows NT)"
216.113.184.101 - - [10/Apr/2025:13:13:55 +0200] "GET /Jurek/topeshop/downloaded_images/5904507201890_5904507201890_(2).png HTTP/1.1" 200 152619 "http://www.ebay.com/" "Mozilla/4.0 (compatible; MSIE 4.01; Windows NT)"
216.113.184.101 - - [10/Apr/2025:13:13:55 +0200] "GET /Jurek/topeshop/downloaded_images/5904507201890_5904507201890_(3).png HTTP/1.1" 200 158153 "http://www.ebay.com/" "Mozilla/4.0 (compatible; MSIE 4.01; Windows NT)"
216.113.184.103 - - [10/Apr/2025:13:13:57 +0200] "GET /Jurek/topeshop/downloaded_images/5904507201890_5904507201890_(4).png HTTP/1.1" 200 1628510 "http://www.ebay.com/" "Mozilla/4.0 (compatible; MSIE 4.01; Windows NT)"
216.113.184.101 - - [10/Apr/2025:13:13:57 +0200] "GET /Jurek/topeshop/downloaded_images/5904507201890_5904507201890_(1).png HTTP/1.1" 200 1683980 "http://www.ebay.com/" "Mozilla/4.0 (compatible; MSIE 4.01; Windows NT)"
51.77.52.107 - - [10/Apr/2025:13:14:00 +0200] "GET /Jurek/eurofirany/images/433235/0.jpg HTTP/2.0" 200 97997 "-" "baselinker"
66.135.223.41 - - [10/Apr/2025:13:14:02 +0200] "GET /Jurek/topeshop/downloaded_images/5904507209483_kaszmir_20st_2x2_malax.jpg HTTP/1.1" 200 49708 "http://www.ebay.com/" "Mozilla/4.0 (compatible; MSIE 4.01; Windows NT)"
66.135.223.41 - - [10/Apr/2025:13:14:02 +0200] "GET /Jurek/topeshop/downloaded_images/5904507209483_2x2_kaszmir_allegro.jpg HTTP/1.1" 200 105395 "http://www.ebay.com/" "Mozilla/4.0 (compatible; MSIE 4.01; Windows NT)"
66.135.223.41 - - [10/Apr/2025:13:14:02 +0200] "GET /Jurek/topeshop/downloaded_images/5904507209483_full_kaszmir_20st_2x2_malax.jpg HTTP/1.1" 200 66964 "http://www.ebay.com/" "Mozilla/4.0 (compatible; MSIE 4.01; Windows NT)"
66.135.223.41 - - [10/Apr/2025:13:14:02 +0200] "GET /Jurek/topeshop/downloaded_images/5904507209483_Wymiary_kaszmir_20st_2x2_malax_Obszarroboczy1.jpg HTTP/1.1" 200 48208 "http://www.ebay.com/" "Mozilla/4.0 (compatible; MSIE 4.01; Windows NT)"
66.135.223.40 - - [10/Apr/2025:13:14:02 +0200] "GET /Jurek/topeshop/downloaded_images/5904507209483_kaszmir_2x2_malax.jpg HTTP/1.1" 200 39328 "http://www.ebay.com/" "Mozilla/4.0 (compatible; MSIE 4.01; Windows NT)"
66.135.223.44 - - [10/Apr/2025:13:14:02 +0200] "GET /Jurek/topeshop/downloaded_images/5904507209483_Full_kaszmir_2x2_malax.jpg HTTP/1.1" 200 68400 "http://www.ebay.com/" "Mozilla/4.0 (compatible; MSIE 4.01; Windows NT)"
51.77.52.107 - - [10/Apr/2025:13:14:05 +0200] "GET /Jurek/eurofirany/images/433235/0.jpg HTTP/2.0" 200 97997 "-" "baselinker"
51.77.52.107 - - [10/Apr/2025:13:14:08 +0200] "GET /Jurek/eurofirany/images/433235/0.jpg HTTP/2.0" 200 97997 "-" "baselinker"
66.211.183.73 - - [10/Apr/2025:13:14:10 +0200] "GET /Jurek/topeshop/downloaded_images/5904507209414_Glina_20st_2x2_malax.jpg HTTP/1.1" 200 52468 "http://www.ebay.com/" "Mozilla/4.0 (compatible; MSIE 4.01; Windows NT)"
66.211.183.70 - - [10/Apr/2025:13:14:10 +0200] "GET /Jurek/topeshop/downloaded_images/5904507209414_Full_Glina_20st_2x2_malax.jpg HTTP/1.1" 200 68968 "http://www.ebay.com/" "Mozilla/4.0 (compatible; MSIE 4.01; Windows NT)"
66.211.183.71 - - [10/Apr/2025:13:14:10 +0200] "GET /Jurek/topeshop/downloaded_images/5904507209414_2x2_Glina_allegro.jpg HTTP/1.1" 200 104441 "http://www.ebay.com/" "Mozilla/4.0 (compatible; MSIE 4.01; Windows NT)"
66.211.183.72 - - [10/Apr/2025:13:14:10 +0200] "GET /Jurek/topeshop/downloaded_images/5904507209414_Full_Glina_2x2_malax.jpg HTTP/1.1" 200 70361 "http://www.ebay.com/" "Mozilla/4.0 (compatible; MSIE 4.01; Windows NT)"
66.211.183.72 - - [10/Apr/2025:13:14:10 +0200] "GET /Jurek/topeshop/downloaded_images/5904507209414_Wymiary_Glina_20st_2x2_malax_Obszarroboczy1.jpg HTTP/1.1" 200 50016 "http://www.ebay.com/" "Mozilla/4.0 (compatible; MSIE 4.01; Windows NT)"
66.211.183.70 - - [10/Apr/2025:13:14:10 +0200] "GET /Jurek/topeshop/downloaded_images/5904507209414_Glina_2x2_malax.jpg HTTP/1.1" 200 40855 "http://www.ebay.com/" "Mozilla/4.0 (compatible; MSIE 4.01; Windows NT)"
51.77.52.107 - - [10/Apr/2025:13:14:14 +0200] "GET /Jurek/eurofirany/images/433236/0.jpg HTTP/2.0" 200 100773 "-" "baselinker"
51.77.52.107 - - [10/Apr/2025:13:14:20 +0200] "GET /Jurek/eurofirany/images/433236/0.jpg HTTP/2.0" 200 100773 "-" "baselinker"
51.77.52.107 - - [10/Apr/2025:13:14:24 +0200] "GET /Jurek/eurofirany/images/433236/0.jpg HTTP/2.0" 200 100773 "-" "baselinker"
66.135.223.42 - - [10/Apr/2025:13:14:25 +0200] "GET /Jurek/topeshop/downloaded_images/5902838461686_I_R60-REGA%C5%81_1_W.jpg HTTP/1.1" 200 156556 "http://www.ebay.com/" "Mozilla/4.0 (compatible; MSIE 4.01; Windows NT)"
66.135.223.44 - - [10/Apr/2025:13:14:25 +0200] "GET /Jurek/topeshop/downloaded_images/5902838461686_ar_bialy.jpg HTTP/1.1" 200 157093 "http://www.ebay.com/" "Mozilla/4.0 (compatible; MSIE 4.01; Windows NT)"
66.135.223.41 - - [10/Apr/2025:13:14:25 +0200] "GET /Jurek/topeshop/downloaded_images/5902838461686_I_R60-REGA%C5%81_2_W.jpg HTTP/1.1" 200 163182 "http://www.ebay.com/" "Mozilla/4.0 (compatible; MSIE 4.01; Windows NT)"
66.135.223.44 - - [10/Apr/2025:13:14:25 +0200] "GET /Jurek/topeshop/downloaded_images/5902838461686_R60-BIEL-1.png HTTP/1.1" 200 197431 "http://www.ebay.com/" "Mozilla/4.0 (compatible; MSIE 4.01; Windows NT)"
51.77.52.107 - - [10/Apr/2025:13:14:26 +0200] "GET /Jurek/eurofirany/images/433242/0.jpg HTTP/2.0" 200 80419 "-" "baselinker"
5.134.208.158 - - [10/Apr/2025:13:14:27 +0200] "GET /Jurek/eurofirany/images/434106/0.jpg HTTP/1.1" 206 256 "https://www.ceneo.pl" "Mozilla/5.0 (Windows NT 10.0; Win64; x64) AppleWebKit/537.36 (KHTML, like Gecko) Chrome/87.0.4280.141 Safari/537.36"
5.134.208.158 - - [10/Apr/2025:13:14:31 +0200] "GET /Jurek/eurofirany/images/442210/0.jpg HTTP/1.1" 206 256 "https://www.ceneo.pl" "Mozilla/5.0 (Windows NT 10.0; Win64; x64) AppleWebKit/537.36 (KHTML, like Gecko) Chrome/87.0.4280.141 Safari/537.36"
51.77.52.107 - - [10/Apr/2025:13:14:32 +0200] "GET /Jurek/eurofirany/images/433242/0.jpg HTTP/2.0" 200 80419 "-" "baselinker"
51.77.52.107 - - [10/Apr/2025:13:14:36 +0200] "GET /Jurek/eurofirany/images/433242/0.jpg HTTP/2.0" 200 80419 "-" "baselinker"
216.113.184.104 - - [10/Apr/2025:13:14:36 +0200] "GET /Jurek/topeshop/downloaded_images/5902838466698_I_RTV-120-MALWA_2_A.jpg HTTP/1.1" 200 126654 "http://www.ebay.com/" "Mozilla/4.0 (compatible; MSIE 4.01; Windows NT)"
216.113.184.104 - - [10/Apr/2025:13:14:36 +0200] "GET /Jurek/topeshop/downloaded_images/5902838466698_I_RTV-120-MALWA_A.jpg HTTP/1.1" 200 138184 "http://www.ebay.com/" "Mozilla/4.0 (compatible; MSIE 4.01; Windows NT)"
216.113.184.102 - - [10/Apr/2025:13:14:36 +0200] "GET /Jurek/topeshop/downloaded_images/5902838466698_I_RTV-120-MALWA_o_A.jpg HTTP/1.1" 200 138284 "http://www.ebay.com/" "Mozilla/4.0 (compatible; MSIE 4.01; Windows NT)"
216.113.184.104 - - [10/Apr/2025:13:14:37 +0200] "GET /Jurek/topeshop/downloaded_images/5902838466698_RTV-120-DAB-ARTISAN.png HTTP/1.1" 200 783950 "http://www.ebay.com/" "Mozilla/4.0 (compatible; MSIE 4.01; Windows NT)"
216.113.184.101 - - [10/Apr/2025:13:14:37 +0200] "GET /Jurek/topeshop/downloaded_images/5902838466698_RTV-120-DAB-ARTISAN-1.png HTTP/1.1" 200 731073 "http://www.ebay.com/" "Mozilla/4.0 (compatible; MSIE 4.01; Windows NT)"
216.113.184.103 - - [10/Apr/2025:13:14:38 +0200] "GET /Jurek/topeshop/downloaded_images/5902838466698_RTV-120-DAB-ARTISAN-3.png HTTP/1.1" 200 1040210 "http://www.ebay.com/" "Mozilla/4.0 (compatible; MSIE 4.01; Windows NT)"
216.113.184.104 - - [10/Apr/2025:13:14:38 +0200] "GET /Jurek/topeshop/downloaded_images/5902838466698_RTV-120-DAB-ARTISAN-4.png HTTP/1.1" 200 1068744 "http://www.ebay.com/" "Mozilla/4.0 (compatible; MSIE 4.01; Windows NT)"
66.135.223.41 - - [10/Apr/2025:13:14:48 +0200] "GET /Jurek/topeshop/downloaded_images/5904507209704_20_Glina.jpg HTTP/1.1" 200 25689 "http://www.ebay.com/" "Mozilla/4.0 (compatible; MSIE 4.01; Windows NT)"
66.135.223.44 - - [10/Apr/2025:13:14:48 +0200] "GET /Jurek/topeshop/downloaded_images/5904507209704_Frontfullglina.jpg HTTP/1.1" 200 57191 "http://www.ebay.com/" "Mozilla/4.0 (compatible; MSIE 4.01; Windows NT)"
66.135.223.44 - - [10/Apr/2025:13:14:48 +0200] "GET /Jurek/topeshop/downloaded_images/5904507209704_1_R50(4)wizzz.jpg HTTP/1.1" 200 127186 "http://www.ebay.com/" "Mozilla/4.0 (compatible; MSIE 4.01; Windows NT)"
66.135.223.40 - - [10/Apr/2025:13:14:48 +0200] "GET /Jurek/topeshop/downloaded_images/5904507209704_R50_full_20_glina.jpg HTTP/1.1" 200 48826 "http://www.ebay.com/" "Mozilla/4.0 (compatible; MSIE 4.01; Windows NT)"
18.157.125.26 - - [10/Apr/2025:13:14:48 +0200] "GET /Jurek/topeshop/downloaded_images/5902838461440_profilll.jpg HTTP/2.0" 404 3551 "-" "Mozilla/5.0 (Windows NT 10.0; Win64; x64) AppleWebKit/537.36 (KHTML, like Gecko) Chrome/109.0.0.0 Safari/537.36"
66.135.223.42 - - [10/Apr/2025:13:14:48 +0200] "GET /Jurek/topeshop/downloaded_images/5904507209704_R50_R60_Glina.jpg HTTP/1.1" 200 124161 "http://www.ebay.com/" "Mozilla/4.0 (compatible; MSIE 4.01; Windows NT)"
66.135.223.42 - - [10/Apr/2025:13:14:48 +0200] "GET /Jurek/topeshop/downloaded_images/5904507209704_3_R50_glinaWIZZ.jpg HTTP/1.1" 200 144343 "http://www.ebay.com/" "Mozilla/4.0 (compatible; MSIE 4.01; Windows NT)"
66.135.223.42 - - [10/Apr/2025:13:14:48 +0200] "GET /Jurek/topeshop/downloaded_images/5904507209704_Frontglina.jpg HTTP/1.1" 200 32782 "http://www.ebay.com/" "Mozilla/4.0 (compatible; MSIE 4.01; Windows NT)"
66.135.223.44 - - [10/Apr/2025:13:14:48 +0200] "GET /Jurek/topeshop/downloaded_images/5904507209704_R50_R80_Glina.jpg HTTP/1.1" 200 126825 "http://www.ebay.com/" "Mozilla/4.0 (compatible; MSIE 4.01; Windows NT)"
66.135.223.43 - - [10/Apr/2025:13:14:48 +0200] "GET /Jurek/topeshop/downloaded_images/5904507209704_1_R50(1wizzzz.jpg HTTP/1.1" 200 135611 "http://www.ebay.com/" "Mozilla/4.0 (compatible; MSIE 4.01; Windows NT)"
66.135.223.41 - - [10/Apr/2025:13:14:59 +0200] "GET /Jurek/topeshop/downloaded_images/5904507209780_R80_20_Glina.jpg HTTP/1.1" 200 35287 "-" "Java/17.0.13.0.101"
66.135.223.41 - - [10/Apr/2025:13:15:05 +0200] "GET /Jurek/topeshop/downloaded_images/5902838463635_1.png HTTP/1.1" 200 89780 "http://www.ebay.com/" "Mozilla/4.0 (compatible; MSIE 4.01; Windows NT)"
66.135.223.42 - - [10/Apr/2025:13:15:05 +0200] "GET /Jurek/topeshop/downloaded_images/5902838463635_2.png HTTP/1.1" 200 101464 "http://www.ebay.com/" "Mozilla/4.0 (compatible; MSIE 4.01; Windows NT)"
66.135.223.44 - - [10/Apr/2025:13:15:05 +0200] "GET /Jurek/topeshop/downloaded_images/5902838463635_3.png HTTP/1.1" 200 84488 "http://www.ebay.com/" "Mozilla/4.0 (compatible; MSIE 4.01; Windows NT)"
66.135.223.44 - - [10/Apr/2025:13:15:05 +0200] "GET /Jurek/topeshop/downloaded_images/5902838463635_I_R60-REGA%C5%81_2_B.jpg HTTP/1.1" 200 162293 "http://www.ebay.com/" "Mozilla/4.0 (compatible; MSIE 4.01; Windows NT)"
66.135.223.40 - - [10/Apr/2025:13:15:05 +0200] "GET /Jurek/topeshop/downloaded_images/5902838463635_I_R60-REGA%C5%81_1_B.jpg HTTP/1.1" 200 153455 "http://www.ebay.com/" "Mozilla/4.0 (compatible; MSIE 4.01; Windows NT)"
51.77.52.107 - - [10/Apr/2025:13:15:09 +0200] "GET /Jurek/eurofirany/images/433243/0.jpg HTTP/2.0" 200 73569 "-" "baselinker"
66.211.183.74 - - [10/Apr/2025:13:15:10 +0200] "GET /Jurek/topeshop/downloaded_images/5902838469910_artisan.jpg HTTP/1.1" 200 38196 "http://www.ebay.com/" "Mozilla/4.0 (compatible; MSIE 4.01; Windows NT)"
66.211.183.72 - - [10/Apr/2025:13:15:10 +0200] "GET /Jurek/topeshop/downloaded_images/5902838469910_1.png HTTP/1.1" 200 136461 "http://www.ebay.com/" "Mozilla/4.0 (compatible; MSIE 4.01; Windows NT)"
66.211.183.73 - - [10/Apr/2025:13:15:11 +0200] "GET /Jurek/topeshop/downloaded_images/5902838469910_2.png HTTP/1.1" 200 193379 "http://www.ebay.com/" "Mozilla/4.0 (compatible; MSIE 4.01; Windows NT)"
66.211.183.72 - - [10/Apr/2025:13:15:12 +0200] "GET /Jurek/topeshop/downloaded_images/5902838469910_R50_REGA%C5%81_1_A.png HTTP/1.1" 200 1697408 "http://www.ebay.com/" "Mozilla/4.0 (compatible; MSIE 4.01; Windows NT)"
66.211.183.74 - - [10/Apr/2025:13:15:12 +0200] "GET /Jurek/topeshop/downloaded_images/5902838469910_R50_REGA%C5%81_2_A.png HTTP/1.1" 200 1745481 "http://www.ebay.com/" "Mozilla/4.0 (compatible; MSIE 4.01; Windows NT)"
51.77.52.107 - - [10/Apr/2025:13:15:15 +0200] "GET /Jurek/eurofirany/images/433243/0.jpg HTTP/2.0" 200 73569 "-" "baselinker"
66.135.223.40 - - [10/Apr/2025:13:15:17 +0200] "GET /Jurek/topeshop/downloaded_images/5902838461235_b7d728bb434d8f6ae02e0b5bc5ed_(Copy).jpg HTTP/1.1" 200 23171 "http://www.ebay.com/" "Mozilla/4.0 (compatible; MSIE 4.01; Windows NT)"
66.135.223.42 - - [10/Apr/2025:13:15:17 +0200] "GET /Jurek/topeshop/downloaded_images/5902838461235_I_RTV-120-MALWA_2_W.jpg HTTP/1.1" 200 121124 "http://www.ebay.com/" "Mozilla/4.0 (compatible; MSIE 4.01; Windows NT)"
66.135.223.40 - - [10/Apr/2025:13:15:17 +0200] "GET /Jurek/topeshop/downloaded_images/5902838461235_ar2_bb.jpg HTTP/1.1" 200 133508 "http://www.ebay.com/" "Mozilla/4.0 (compatible; MSIE 4.01; Windows NT)"
66.135.223.42 - - [10/Apr/2025:13:15:17 +0200] "GET /Jurek/topeshop/downloaded_images/5902838461235_I_RTV-120-MALWA_o_W.jpg HTTP/1.1" 200 133970 "http://www.ebay.com/" "Mozilla/4.0 (compatible; MSIE 4.01; Windows NT)"
66.135.223.40 - - [10/Apr/2025:13:15:17 +0200] "GET /Jurek/topeshop/downloaded_images/5902838461235_I_RTV-120-MALWA_W.jpg HTTP/1.1" 200 133364 "http://www.ebay.com/" "Mozilla/4.0 (compatible; MSIE 4.01; Windows NT)"
51.77.52.107 - - [10/Apr/2025:13:15:18 +0200] "GET /Jurek/eurofirany/images/433243/0.jpg HTTP/2.0" 200 73569 "-" "baselinker"
66.135.223.43 - - [10/Apr/2025:13:15:23 +0200] "GET /Jurek/topeshop/downloaded_images/5902838461211_sonoma_.RGB_color.0017.png HTTP/1.1" 200 193940 "-" "Java/17.0.13.0.101"
66.211.183.72 - - [10/Apr/2025:13:15:25 +0200] "GET /Jurek/topeshop/downloaded_images/5902838461655_I_R60-REGA%C5%81_2_S.jpg HTTP/1.1" 200 171175 "http://www.ebay.com/" "Mozilla/4.0 (compatible; MSIE 4.01; Windows NT)"
66.211.183.72 - - [10/Apr/2025:13:15:25 +0200] "GET /Jurek/topeshop/downloaded_images/5902838461655_R60_SONOMA1.jpg HTTP/1.1" 200 131979 "http://www.ebay.com/" "Mozilla/4.0 (compatible; MSIE 4.01; Windows NT)"
66.211.183.73 - - [10/Apr/2025:13:15:25 +0200] "GET /Jurek/topeshop/downloaded_images/5902838461655_I_R60-REGA%C5%81_1_S.jpg HTTP/1.1" 200 164158 "http://www.ebay.com/" "Mozilla/4.0 (compatible; MSIE 4.01; Windows NT)"
66.211.183.74 - - [10/Apr/2025:13:15:26 +0200] "GET /Jurek/topeshop/downloaded_images/5902838461655_60_s.png HTTP/1.1" 200 434541 "http://www.ebay.com/" "Mozilla/4.0 (compatible; MSIE 4.01; Windows NT)"
66.211.183.70 - - [10/Apr/2025:13:15:26 +0200] "GET /Jurek/topeshop/downloaded_images/5904507201074_profilowe.jpg HTTP/1.1" 200 95056 "http://www.ebay.com/" "Mozilla/4.0 (compatible; MSIE 4.01; Windows NT)"
66.211.183.73 - - [10/Apr/2025:13:15:26 +0200] "GET /Jurek/topeshop/downloaded_images/5904507201074_20_st_opeb.jpg HTTP/1.1" 200 62909 "http://www.ebay.com/" "Mozilla/4.0 (compatible; MSIE 4.01; Windows NT)"
66.211.183.73 - - [10/Apr/2025:13:15:26 +0200] "GET /Jurek/topeshop/downloaded_images/5904507201074_20_st_open_full.jpg HTTP/1.1" 200 81009 "http://www.ebay.com/" "Mozilla/4.0 (compatible; MSIE 4.01; Windows NT)"
66.211.183.71 - - [10/Apr/2025:13:15:26 +0200] "GET /Jurek/topeshop/downloaded_images/5904507201074_close_st_20.jpg HTTP/1.1" 200 35769 "http://www.ebay.com/" "Mozilla/4.0 (compatible; MSIE 4.01; Windows NT)"
66.211.183.73 - - [10/Apr/2025:13:15:26 +0200] "GET /Jurek/topeshop/downloaded_images/5904507201074_front_open.jpg HTTP/1.1" 200 48959 "http://www.ebay.com/" "Mozilla/4.0 (compatible; MSIE 4.01; Windows NT)"
66.211.183.70 - - [10/Apr/2025:13:15:26 +0200] "GET /Jurek/topeshop/downloaded_images/5904507201074_front_close.jpg HTTP/1.1" 200 26454 "http://www.ebay.com/" "Mozilla/4.0 (compatible; MSIE 4.01; Windows NT)"
66.211.183.72 - - [10/Apr/2025:13:15:26 +0200] "GET /Jurek/topeshop/downloaded_images/5904507201074_sonoma_biel_mix_MNIEJSZE.jpg HTTP/1.1" 200 168733 "http://www.ebay.com/" "Mozilla/4.0 (compatible; MSIE 4.01; Windows NT)"
66.135.223.42 - - [10/Apr/2025:13:15:27 +0200] "GET /Jurek/topeshop/downloaded_images/5904507200725_2.jpg HTTP/1.1" 200 62892 "-" "Java/17.0.13.0.101"
66.135.223.43 - - [10/Apr/2025:13:15:34 +0200] "GET /Jurek/topeshop/downloaded_images/5904507205362_profilowe.png HTTP/1.1" 200 1117134 "-" "Java/17.0.13.0.101"
66.211.183.73 - - [10/Apr/2025:13:15:36 +0200] "GET /Jurek/topeshop/downloaded_images/5904507201586_Artisan_z_ozdobami.jpg HTTP/1.1" 200 67427 "http://www.ebay.com/" "Mozilla/4.0 (compatible; MSIE 4.01; Windows NT)"
66.211.183.72 - - [10/Apr/2025:13:15:36 +0200] "GET /Jurek/topeshop/downloaded_images/5904507201586_Artisan_pusta.jpg HTTP/1.1" 200 29145 "http://www.ebay.com/" "Mozilla/4.0 (compatible; MSIE 4.01; Windows NT)"
66.211.183.70 - - [10/Apr/2025:13:15:36 +0200] "GET /Jurek/topeshop/downloaded_images/5904507201586_Artisan_wymiary_Obszar_roboczy_1.jpg HTTP/1.1" 200 39826 "http://www.ebay.com/" "Mozilla/4.0 (compatible; MSIE 4.01; Windows NT)"
66.211.183.74 - - [10/Apr/2025:13:15:36 +0200] "GET /Jurek/topeshop/downloaded_images/5904507201586_artisan.jpg HTTP/1.1" 200 102544 "http://www.ebay.com/" "Mozilla/4.0 (compatible; MSIE 4.01; Windows NT)"
51.77.52.107 - - [10/Apr/2025:13:15:37 +0200] "GET /Jurek/eurofirany/images/433245/0.jpg HTTP/2.0" 200 98011 "-" "baselinker"
66.135.223.42 - - [10/Apr/2025:13:15:40 +0200] "GET /Jurek/topeshop/downloaded_images/5904507205409_20_st.png HTTP/1.1" 200 778947 "-" "Java/17.0.13.0.101"
66.211.183.72 - - [10/Apr/2025:13:15:42 +0200] "GET /Jurek/topeshop/downloaded_images/5904507201951_3.jpg HTTP/1.1" 404 3551 "http://www.ebay.com/" "Mozilla/4.0 (compatible; MSIE 4.01; Windows NT)"
66.211.183.74 - - [10/Apr/2025:13:15:42 +0200] "GET /Jurek/topeshop/downloaded_images/5904507201951_2.jpg HTTP/1.1" 404 3551 "http://www.ebay.com/" "Mozilla/4.0 (compatible; MSIE 4.01; Windows NT)"
66.211.183.73 - - [10/Apr/2025:13:15:42 +0200] "GET /Jurek/topeshop/downloaded_images/5904507201951_20st_1.jpg HTTP/1.1" 404 3551 "http://www.ebay.com/" "Mozilla/4.0 (compatible; MSIE 4.01; Windows NT)"
66.211.183.74 - - [10/Apr/2025:13:15:42 +0200] "GET /Jurek/topeshop/downloaded_images/5904507201951_1.jpg HTTP/1.1" 404 3551 "http://www.ebay.com/" "Mozilla/4.0 (compatible; MSIE 4.01; Windows NT)"
66.211.183.70 - - [10/Apr/2025:13:15:42 +0200] "GET /Jurek/topeshop/downloaded_images/5904507201951_aaaartv140.jpg HTTP/1.1" 200 125198 "http://www.ebay.com/" "Mozilla/4.0 (compatible; MSIE 4.01; Windows NT)"
66.211.183.72 - - [10/Apr/2025:13:15:43 +0200] "GET /Jurek/topeshop/downloaded_images/5904507201951_artisan140.jpg HTTP/1.1" 404 3551 "http://www.ebay.com/" "Mozilla/4.0 (compatible; MSIE 4.01; Windows NT)"
66.211.183.73 - - [10/Apr/2025:13:15:43 +0200] "GET /Jurek/topeshop/downloaded_images/5904507201951_rtv140aaaa.jpg HTTP/1.1" 200 135975 "http://www.ebay.com/" "Mozilla/4.0 (compatible; MSIE 4.01; Windows NT)"
66.211.183.74 - - [10/Apr/2025:13:15:43 +0200] "GET /Jurek/topeshop/downloaded_images/5904507201951_wiz1.jpg HTTP/1.1" 200 135073 "http://www.ebay.com/" "Mozilla/4.0 (compatible; MSIE 4.01; Windows NT)"
216.113.184.102 - - [10/Apr/2025:13:15:46 +0200] "GET /Jurek/topeshop/downloaded_images/5904507209780_R80_20_full_Glina.jpg HTTP/1.1" 200 68543 "http://www.ebay.com/" "Mozilla/4.0 (compatible; MSIE 4.01; Windows NT)"
216.113.184.101 - - [10/Apr/2025:13:15:46 +0200] "GET /Jurek/topeshop/downloaded_images/5904507209780_R80_20_Glina.jpg HTTP/1.1" 200 35287 "http://www.ebay.com/" "Mozilla/4.0 (compatible; MSIE 4.01; Windows NT)"
216.113.184.104 - - [10/Apr/2025:13:15:46 +0200] "GET /Jurek/topeshop/downloaded_images/5904507209780_R50_R80_Glina.jpg HTTP/1.1" 200 126825 "http://www.ebay.com/" "Mozilla/4.0 (compatible; MSIE 4.01; Windows NT)"
216.113.184.105 - - [10/Apr/2025:13:15:46 +0200] "GET /Jurek/topeshop/downloaded_images/5904507209780_R80_Front_Glina.jpg HTTP/1.1" 200 41528 "http://www.ebay.com/" "Mozilla/4.0 (compatible; MSIE 4.01; Windows NT)"
216.113.184.101 - - [10/Apr/2025:13:15:46 +0200] "GET /Jurek/topeshop/downloaded_images/5904507209780_R80_Front_full_Glina.jpg HTTP/1.1" 200 72644 "http://www.ebay.com/" "Mozilla/4.0 (compatible; MSIE 4.01; Windows NT)"
216.113.184.103 - - [10/Apr/2025:13:15:46 +0200] "GET /Jurek/topeshop/downloaded_images/5904507209780_3_R80_80(4)WiZZ.jpg HTTP/1.1" 200 129238 "http://www.ebay.com/" "Mozilla/4.0 (compatible; MSIE 4.01; Windows NT)"
216.113.184.104 - - [10/Apr/2025:13:15:46 +0200] "GET /Jurek/topeshop/downloaded_images/5904507209780_3_R80_80(6)WiZz.jpg HTTP/1.1" 200 138830 "http://www.ebay.com/" "Mozilla/4.0 (compatible; MSIE 4.01; Windows NT)"
216.113.184.102 - - [10/Apr/2025:13:15:46 +0200] "GET /Jurek/topeshop/downloaded_images/5904507209780_3_R80_80(2)WiZ.jpg HTTP/1.1" 200 151126 "http://www.ebay.com/" "Mozilla/4.0 (compatible; MSIE 4.01; Windows NT)"
66.211.183.74 - - [10/Apr/2025:13:15:49 +0200] "GET /Jurek/topeshop/downloaded_images/5902838461891_rtv_120_140_czer%C5%84_po%C5%82.png HTTP/1.1" 200 77457 "http://www.ebay.com/" "Mozilla/4.0 (compatible; MSIE 4.01; Windows NT)"
66.211.183.72 - - [10/Apr/2025:13:15:49 +0200] "GET /Jurek/topeshop/downloaded_images/5902838461891_ar_rtv_czarny_czarny_polysk.jpg HTTP/1.1" 200 130835 "http://www.ebay.com/" "Mozilla/4.0 (compatible; MSIE 4.01; Windows NT)"
66.211.183.73 - - [10/Apr/2025:13:15:49 +0200] "GET /Jurek/topeshop/downloaded_images/5902838461891_rtv_szyba_.RGB_color.0010.png HTTP/1.1" 200 94377 "http://www.ebay.com/" "Mozilla/4.0 (compatible; MSIE 4.01; Windows NT)"
51.77.52.107 - - [10/Apr/2025:13:15:49 +0200] "GET /Jurek/eurofirany/images/433245/0.jpg HTTP/2.0" 200 98011 "-" "baselinker"
216.113.184.102 - - [10/Apr/2025:13:15:53 +0200] "GET /Jurek/topeshop/downloaded_images/5902838466681_1.png HTTP/1.1" 404 3551 "http://www.ebay.com/" "Mozilla/4.0 (compatible; MSIE 4.01; Windows NT)"
216.113.184.101 - - [10/Apr/2025:13:15:53 +0200] "GET /Jurek/topeshop/downloaded_images/5902838466681_3.png HTTP/1.1" 404 3551 "http://www.ebay.com/" "Mozilla/4.0 (compatible; MSIE 4.01; Windows NT)"
216.113.184.101 - - [10/Apr/2025:13:15:53 +0200] "GET /Jurek/topeshop/downloaded_images/5902838466681_20st_1.png HTTP/1.1" 404 3551 "http://www.ebay.com/" "Mozilla/4.0 (compatible; MSIE 4.01; Windows NT)"
216.113.184.103 - - [10/Apr/2025:13:15:53 +0200] "GET /Jurek/topeshop/downloaded_images/5902838466681_4.png HTTP/1.1" 404 3551 "http://www.ebay.com/" "Mozilla/4.0 (compatible; MSIE 4.01; Windows NT)"
216.113.184.102 - - [10/Apr/2025:13:15:53 +0200] "GET /Jurek/topeshop/downloaded_images/5902838466681_2.png HTTP/1.1" 404 3551 "http://www.ebay.com/" "Mozilla/4.0 (compatible; MSIE 4.01; Windows NT)"
216.113.184.105 - - [10/Apr/2025:13:15:53 +0200] "GET /Jurek/topeshop/downloaded_images/5902838466681_Artisan_Rtv.jpg HTTP/1.1" 404 3551 "http://www.ebay.com/" "Mozilla/4.0 (compatible; MSIE 4.01; Windows NT)"
216.113.184.103 - - [10/Apr/2025:13:15:53 +0200] "GET /Jurek/topeshop/downloaded_images/5902838466681_I_RTV-140-MALWA_o_A.jpg HTTP/1.1" 200 138461 "http://www.ebay.com/" "Mozilla/4.0 (compatible; MSIE 4.01; Windows NT)"
216.113.184.103 - - [10/Apr/2025:13:15:53 +0200] "GET /Jurek/topeshop/downloaded_images/5902838466681_I_RTV-140-MALWA_A.jpg HTTP/1.1" 200 139285 "http://www.ebay.com/" "Mozilla/4.0 (compatible; MSIE 4.01; Windows NT)"
51.77.52.107 - - [10/Apr/2025:13:15:55 +0200] "GET /Jurek/eurofirany/images/433245/0.jpg HTTP/2.0" 200 98011 "-" "baselinker"
216.113.184.101 - - [10/Apr/2025:13:15:55 +0200] "GET /Jurek/topeshop/downloaded_images/5902838461235_b7d728bb434d8f6ae02e0b5bc5ed_(Copy).jpg HTTP/1.1" 200 23171 "-" "Java/17.0.13.0.101"
51.77.52.107 - - [10/Apr/2025:13:15:58 +0200] "GET /Jurek/eurofirany/images/433249/0.jpg HTTP/2.0" 200 6625 "-" "baselinker"
51.77.52.107 - - [10/Apr/2025:13:15:59 +0200] "GET /Jurek/eurofirany/images/433249/0.jpg HTTP/2.0" 200 6625 "-" "baselinker"
66.211.183.71 - - [10/Apr/2025:13:15:59 +0200] "GET /Jurek/topeshop/downloaded_images/5904507209292_PROFILOWE.jpg HTTP/1.1" 200 41248 "-" "Java/17.0.13.0.101"
51.77.52.107 - - [10/Apr/2025:13:15:59 +0200] "GET /Jurek/eurofirany/images/433249/0.jpg HTTP/2.0" 200 6625 "-" "baselinker"
51.77.52.107 - - [10/Apr/2025:13:16:00 +0200] "GET /Jurek/eurofirany/images/433253/0.jpg HTTP/2.0" 200 6625 "-" "baselinker"
51.77.52.107 - - [10/Apr/2025:13:16:01 +0200] "GET /Jurek/eurofirany/images/433253/0.jpg HTTP/2.0" 200 6625 "-" "baselinker"
51.77.52.107 - - [10/Apr/2025:13:16:01 +0200] "GET /Jurek/eurofirany/images/433253/0.jpg HTTP/2.0" 200 6625 "-" "baselinker"
51.77.52.107 - - [10/Apr/2025:13:16:03 +0200] "GET /Jurek/eurofirany/images/433254/0.jpg HTTP/2.0" 200 6625 "-" "baselinker"
51.77.52.107 - - [10/Apr/2025:13:16:04 +0200] "GET /Jurek/eurofirany/images/433254/0.jpg HTTP/2.0" 200 6625 "-" "baselinker"
51.77.52.107 - - [10/Apr/2025:13:16:04 +0200] "GET /Jurek/eurofirany/images/433254/0.jpg HTTP/2.0" 200 6625 "-" "baselinker"
51.77.52.107 - - [10/Apr/2025:13:16:05 +0200] "GET /Jurek/eurofirany/images/433260/0.jpg HTTP/2.0" 200 6625 "-" "baselinker"
51.77.52.107 - - [10/Apr/2025:13:16:06 +0200] "GET /Jurek/eurofirany/images/433260/0.jpg HTTP/2.0" 200 6625 "-" "baselinker"
216.113.184.103 - - [10/Apr/2025:13:16:06 +0200] "GET /Jurek/topeshop/downloaded_images/5902838461686_R60-BIEL-1.png HTTP/1.1" 200 197431 "-" "Java/17.0.13.0.101"
51.77.52.107 - - [10/Apr/2025:13:16:06 +0200] "GET /Jurek/eurofirany/images/433260/0.jpg HTTP/2.0" 200 6625 "-" "baselinker"
51.77.52.107 - - [10/Apr/2025:13:16:07 +0200] "GET /Jurek/eurofirany/images/433263/0.jpg HTTP/2.0" 200 6625 "-" "baselinker"
51.77.52.107 - - [10/Apr/2025:13:16:08 +0200] "GET /Jurek/eurofirany/images/433263/0.jpg HTTP/2.0" 200 6625 "-" "baselinker"
51.77.52.107 - - [10/Apr/2025:13:16:09 +0200] "GET /Jurek/eurofirany/images/433263/0.jpg HTTP/2.0" 200 6625 "-" "baselinker"
66.211.183.72 - - [10/Apr/2025:13:16:09 +0200] "GET /Jurek/topeshop/downloaded_images/5902838465608_13.png HTTP/1.1" 200 71804 "-" "Java/17.0.13.0.101"
51.77.52.107 - - [10/Apr/2025:13:16:10 +0200] "GET /Jurek/eurofirany/images/433264/0.jpg HTTP/2.0" 200 6625 "-" "baselinker"
51.77.52.107 - - [10/Apr/2025:13:16:11 +0200] "GET /Jurek/eurofirany/images/433264/0.jpg HTTP/2.0" 200 6625 "-" "baselinker"
51.77.52.107 - - [10/Apr/2025:13:16:11 +0200] "GET /Jurek/eurofirany/images/433264/0.jpg HTTP/2.0" 200 6625 "-" "baselinker"
51.77.52.107 - - [10/Apr/2025:13:16:12 +0200] "GET /Jurek/eurofirany/images/434164/0.jpg HTTP/2.0" 200 90291 "-" "baselinker"
66.211.183.72 - - [10/Apr/2025:13:16:16 +0200] "GET /Jurek/topeshop/downloaded_images/5904507202392_20_st.jpg HTTP/1.1" 200 33576 "-" "Java/17.0.13.0.101"
66.135.223.40 - - [10/Apr/2025:13:16:26 +0200] "GET /Jurek/topeshop/downloaded_images/5902838463567_11.png HTTP/1.1" 200 59516 "-" "Java/17.0.13.0.101"
66.135.223.40 - - [10/Apr/2025:13:16:26 +0200] "GET /Jurek/topeshop/downloaded_images/5904507209629_R25_20st_bielPROFILOWE.jpg HTTP/1.1" 200 20456 "-" "Java/17.0.13.0.101"
89.161.206.59 - - [10/Apr/2025:13:16:29 +0200] "GET /Jurek/reman/feeds/reman_amazonde.xml HTTP/1.0" 200 1394832 "-" "-"
51.77.52.107 - - [10/Apr/2025:13:16:31 +0200] "GET /Jurek/eurofirany/images/434164/0.jpg HTTP/2.0" 200 90291 "-" "baselinker"
89.161.206.59 - - [10/Apr/2025:13:16:31 +0200] "GET /Jurek/regis/feeds/regis_amazonde.xml HTTP/1.0" 200 82734 "-" "-"
66.211.183.71 - - [10/Apr/2025:13:16:35 +0200] "GET /Jurek/topeshop/downloaded_images/5902838460054_7.png HTTP/1.1" 200 72306 "-" "Java/17.0.13.0.101"
51.77.52.107 - - [10/Apr/2025:13:16:40 +0200] "GET /Jurek/eurofirany/images/434164/0.jpg HTTP/2.0" 200 90291 "-" "baselinker"
51.77.52.107 - - [10/Apr/2025:13:16:46 +0200] "GET /Jurek/eurofirany/images/434166/0.jpg HTTP/2.0" 200 110807 "-" "baselinker"
51.77.52.107 - - [10/Apr/2025:13:16:50 +0200] "GET /Jurek/eurofirany/images/434166/0.jpg HTTP/2.0" 200 110807 "-" "baselinker"
216.113.184.102 - - [10/Apr/2025:13:16:51 +0200] "GET /Jurek/topeshop/downloaded_images/5902838463598_5_(1).png HTTP/1.1" 200 87854 "-" "Java/17.0.13.0.101"
216.113.184.103 - - [10/Apr/2025:13:16:53 +0200] "GET /Jurek/topeshop/downloaded_images/5902838460344_1_(5).png HTTP/1.1" 200 106725 "-" "Java/17.0.13.0.101"
46.101.116.244 - - [10/Apr/2025:13:16:55 +0200] "GET /Jurek/aw/feeds/aw_fnacfr.xml HTTP/1.0" 404 3551 "-" "-"
89.161.206.59 - - [10/Apr/2025:13:16:57 +0200] "GET /Jurek/topeshop/feeds/topeshop_cdsc.xml HTTP/1.0" 200 2642460 "-" "-"
66.249.69.172 - - [10/Apr/2025:13:17:00 +0200] "GET /Jurek/eurofirany/images/401006/3.jpg HTTP/1.1" 200 112916 "-" "Googlebot-Image/1.0"
89.161.206.59 - - [10/Apr/2025:13:17:02 +0200] "GET /Jurek/kinghoff/feeds/kinghoff_cdiscount.xml HTTP/1.0" 200 7334559 "-" "-"
89.161.206.59 - - [10/Apr/2025:13:17:02 +0200] "GET /Jurek/broers/feeds/broers_cdsc.xml HTTP/1.0" 200 2303338 "-" "-"
89.161.206.59 - - [10/Apr/2025:13:17:03 +0200] "GET /Jurek/nonabox/feeds/nonabox_cdsc.xml HTTP/1.0" 200 39041 "-" "-"
89.161.206.59 - - [10/Apr/2025:13:17:04 +0200] "GET /Jurek/hanex/feeds/hanex_cdsc.xml HTTP/1.0" 200 7027185 "-" "-"
51.77.52.107 - - [10/Apr/2025:13:17:06 +0200] "GET /Jurek/eurofirany/images/434166/0.jpg HTTP/2.0" 200 110807 "-" "baselinker"
51.77.52.107 - - [10/Apr/2025:13:17:12 +0200] "GET /Jurek/eurofirany/images/434167/0.jpg HTTP/2.0" 200 116604 "-" "baselinker"
51.77.52.107 - - [10/Apr/2025:13:17:16 +0200] "GET /Jurek/eurofirany/images/434167/0.jpg HTTP/2.0" 200 116604 "-" "baselinker"
216.113.184.102 - - [10/Apr/2025:13:17:20 +0200] "GET /Jurek/topeshop/downloaded_images/5902838466759_4.png HTTP/1.1" 200 1508716 "-" "Java/17.0.13.0.101"
51.77.52.107 - - [10/Apr/2025:13:17:20 +0200] "GET /Jurek/eurofirany/images/434167/0.jpg HTTP/2.0" 200 116604 "-" "baselinker"
216.113.184.103 - - [10/Apr/2025:13:17:22 +0200] "GET /Jurek/topeshop/downloaded_images/5904507202446_sonoma_3.png HTTP/1.1" 200 225366 "-" "Java/17.0.13.0.101"
51.77.52.107 - - [10/Apr/2025:13:17:26 +0200] "GET /Jurek/eurofirany/images/434178/0.jpg HTTP/2.0" 200 127184 "-" "baselinker"
216.113.184.105 - - [10/Apr/2025:13:17:30 +0200] "GET /Jurek/topeshop/downloaded_images/5902838461631_biel.jpg HTTP/1.1" 200 18616 "-" "Java/17.0.13.0.101"
216.113.184.105 - - [10/Apr/2025:13:17:41 +0200] "GET /Jurek/topeshop/downloaded_images/5904507205829_miniatura.jpg HTTP/1.1" 200 100356 "-" "Java/17.0.13.0.101"
51.77.52.107 - - [10/Apr/2025:13:17:44 +0200] "GET /Jurek/eurofirany/images/434178/0.jpg HTTP/2.0" 200 127184 "-" "baselinker"
51.77.52.107 - - [10/Apr/2025:13:17:48 +0200] "GET /Jurek/eurofirany/images/434178/0.jpg HTTP/2.0" 200 127184 "-" "baselinker"
34.133.239.145 - - [10/Apr/2025:13:17:59 +0200] "GET /Jurek/topeshop/downloaded_images/5902838466681_20st_1.png HTTP/1.1" 404 3551 "-" "Mozilla/5.0 (X11; Linux x86_64) AppleWebKit/537.36 (KHTML, like Gecko) Chrome/110.0.0.0 Safari/537.36"
34.133.239.145 - - [10/Apr/2025:13:18:00 +0200] "GET /Jurek/topeshop/downloaded_images/5904507201951_wiz1.jpg HTTP/1.1" 200 135073 "-" "Mozilla/5.0 (X11; Linux x86_64) AppleWebKit/537.36 (KHTML, like Gecko) Chrome/110.0.0.0 Safari/537.36"
34.72.247.156 - - [10/Apr/2025:13:18:01 +0200] "GET /Jurek/topeshop/downloaded_images/5904507201951_artisan140.jpg HTTP/1.1" 404 3551 "-" "Mozilla/5.0 (X11; Linux x86_64) AppleWebKit/537.36 (KHTML, like Gecko) Chrome/110.0.0.0 Safari/537.36"
34.72.247.156 - - [10/Apr/2025:13:18:02 +0200] "GET /Jurek/topeshop/downloaded_images/5902838466681_20st_1.png HTTP/1.1" 404 3551 "-" "Mozilla/5.0 (X11; Linux x86_64) AppleWebKit/537.36 (KHTML, like Gecko) Chrome/110.0.0.0 Safari/537.36"
34.72.247.156 - - [10/Apr/2025:13:18:06 +0200] "GET /Jurek/topeshop/downloaded_images/5904507201951_artisan140.jpg HTTP/1.1" 404 3551 "-" "Mozilla/5.0 (X11; Linux x86_64) AppleWebKit/537.36 (KHTML, like Gecko) Chrome/110.0.0.0 Safari/537.36"
34.133.239.145 - - [10/Apr/2025:13:18:06 +0200] "GET /Jurek/topeshop/downloaded_images/5902838466681_20st_1.png HTTP/1.1" 404 3551 "-" "Mozilla/5.0 (X11; Linux x86_64) AppleWebKit/537.36 (KHTML, like Gecko) Chrome/110.0.0.0 Safari/537.36"
51.77.52.107 - - [10/Apr/2025:13:18:08 +0200] "GET /Jurek/eurofirany/images/432976/0.jpg HTTP/2.0" 200 26287 "-" "baselinker"
34.72.247.156 - - [10/Apr/2025:13:18:11 +0200] "GET /Jurek/topeshop/downloaded_images/5904507201951_artisan140.jpg HTTP/1.1" 404 3551 "-" "Mozilla/5.0 (X11; Linux x86_64) AppleWebKit/537.36 (KHTML, like Gecko) Chrome/110.0.0.0 Safari/537.36"
156.239.60.190 - - [10/Apr/2025:13:18:13 +0200] "GET /Jurek/topeshop/downloaded_images/5902838466681_20st_1.png HTTP/2.0" 404 3551 "-" "Mozilla/5.0 (X11; Linux x86_64) AppleWebKit/537.36 (KHTML, like Gecko) Chrome/110.0.0.0 Safari/537.36"
172.252.233.245 - - [10/Apr/2025:13:18:17 +0200] "GET /Jurek/topeshop/downloaded_images/5904507201951_artisan140.jpg HTTP/2.0" 404 3551 "-" "Mozilla/5.0 (X11; Linux x86_64) AppleWebKit/537.36 (KHTML, like Gecko) Chrome/110.0.0.0 Safari/537.36"
66.135.223.44 - - [10/Apr/2025:13:18:22 +0200] "GET /Jurek/topeshop/downloaded_images/5904507209636_R80_20_kaszmir.jpg HTTP/1.1" 200 31126 "-" "Java/17.0.13.0.101"
149.20.241.102 - - [10/Apr/2025:13:18:22 +0200] "GET /Jurek/topeshop/downloaded_images/5902838466681_20st_1.png HTTP/2.0" 404 3551 "-" "Mozilla/5.0 (X11; Linux x86_64) AppleWebKit/537.36 (KHTML, like Gecko) Chrome/110.0.0.0 Safari/537.36"
34.72.247.156 - - [10/Apr/2025:13:18:23 +0200] "GET /Jurek/topeshop/downloaded_images/5902838466681_3.png HTTP/1.1" 404 3551 "-" "Mozilla/5.0 (X11; Linux x86_64) AppleWebKit/537.36 (KHTML, like Gecko) Chrome/110.0.0.0 Safari/537.36"
34.133.239.145 - - [10/Apr/2025:13:18:26 +0200] "GET /Jurek/topeshop/downloaded_images/5902838466681_3.png HTTP/1.1" 404 3551 "-" "Mozilla/5.0 (X11; Linux x86_64) AppleWebKit/537.36 (KHTML, like Gecko) Chrome/110.0.0.0 Safari/537.36"
170.199.228.182 - - [10/Apr/2025:13:18:27 +0200] "GET /Jurek/topeshop/downloaded_images/5904507201951_artisan140.jpg HTTP/2.0" 404 3551 "-" "Mozilla/5.0 (X11; Linux x86_64) AppleWebKit/537.36 (KHTML, like Gecko) Chrome/110.0.0.0 Safari/537.36"
34.72.247.156 - - [10/Apr/2025:13:18:27 +0200] "GET /Jurek/topeshop/downloaded_images/5904507201951_3.jpg HTTP/1.1" 404 3551 "-" "Mozilla/5.0 (X11; Linux x86_64) AppleWebKit/537.36 (KHTML, like Gecko) Chrome/110.0.0.0 Safari/537.36"
51.77.52.107 - - [10/Apr/2025:13:18:29 +0200] "GET /Jurek/eurofirany/images/432976/0.jpg HTTP/2.0" 200 26287 "-" "baselinker"
34.72.247.156 - - [10/Apr/2025:13:18:30 +0200] "GET /Jurek/topeshop/downloaded_images/5904507201951_3.jpg HTTP/1.1" 404 3551 "-" "Mozilla/5.0 (X11; Linux x86_64) AppleWebKit/537.36 (KHTML, like Gecko) Chrome/110.0.0.0 Safari/537.36"
34.133.239.145 - - [10/Apr/2025:13:18:30 +0200] "GET /Jurek/topeshop/downloaded_images/5902838466681_3.png HTTP/1.1" 404 3551 "-" "Mozilla/5.0 (X11; Linux x86_64) AppleWebKit/537.36 (KHTML, like Gecko) Chrome/110.0.0.0 Safari/537.36"
51.77.52.107 - - [10/Apr/2025:13:18:31 +0200] "GET /Jurek/eurofirany/images/432976/0.jpg HTTP/2.0" 200 26287 "-" "baselinker"
172.252.233.245 - - [10/Apr/2025:13:18:36 +0200] "GET /Jurek/topeshop/downloaded_images/5902838466681_3.png HTTP/2.0" 404 3551 "-" "Mozilla/5.0 (X11; Linux x86_64) AppleWebKit/537.36 (KHTML, like Gecko) Chrome/110.0.0.0 Safari/537.36"
34.72.247.156 - - [10/Apr/2025:13:18:37 +0200] "GET /Jurek/topeshop/downloaded_images/5904507201951_3.jpg HTTP/1.1" 404 3551 "-" "Mozilla/5.0 (X11; Linux x86_64) AppleWebKit/537.36 (KHTML, like Gecko) Chrome/110.0.0.0 Safari/537.36"
51.77.52.107 - - [10/Apr/2025:13:18:41 +0200] "GET /Jurek/eurofirany/images/432982/0.jpg HTTP/2.0" 200 41292 "-" "baselinker"
142.147.104.179 - - [10/Apr/2025:13:18:45 +0200] "GET /Jurek/topeshop/downloaded_images/5904507201951_3.jpg HTTP/2.0" 404 3551 "-" "Mozilla/5.0 (X11; Linux x86_64) AppleWebKit/537.36 (KHTML, like Gecko) Chrome/110.0.0.0 Safari/537.36"
216.113.184.101 - - [10/Apr/2025:13:18:45 +0200] "GET /Jurek/topeshop/downloaded_images/5904507201579_Sonoma_pusta.jpg HTTP/1.1" 200 29931 "-" "Java/17.0.13.0.101"
167.160.78.164 - - [10/Apr/2025:13:18:45 +0200] "GET /Jurek/topeshop/downloaded_images/5902838466681_3.png HTTP/2.0" 404 3551 "-" "Mozilla/5.0 (X11; Linux x86_64) AppleWebKit/537.36 (KHTML, like Gecko) Chrome/110.0.0.0 Safari/537.36"
147.92.52.154 - - [10/Apr/2025:13:18:54 +0200] "GET /Jurek/topeshop/downloaded_images/5904507201951_3.jpg HTTP/2.0" 404 3551 "-" "Mozilla/5.0 (X11; Linux x86_64) AppleWebKit/537.36 (KHTML, like Gecko) Chrome/110.0.0.0 Safari/537.36"
51.77.52.107 - - [10/Apr/2025:13:19:01 +0200] "GET /Jurek/eurofirany/images/432982/0.jpg HTTP/2.0" 200 41292 "-" "baselinker"
51.77.52.107 - - [10/Apr/2025:13:19:23 +0200] "GET /Jurek/eurofirany/images/432982/0.jpg HTTP/2.0" 200 41292 "-" "baselinker"
66.211.183.70 - - [10/Apr/2025:13:19:31 +0200] "GET /Jurek/topeshop/downloaded_images/5902838463581_12_(1).png HTTP/1.1" 200 78396 "-" "Java/17.0.13.0.101"
51.77.52.107 - - [10/Apr/2025:13:19:35 +0200] "GET /Jurek/eurofirany/images/432983/0.jpg HTTP/2.0" 200 48624 "-" "baselinker"
51.77.52.107 - - [10/Apr/2025:13:19:56 +0200] "GET /Jurek/eurofirany/images/432983/0.jpg HTTP/2.0" 200 48624 "-" "baselinker"
216.113.184.102 - - [10/Apr/2025:13:20:09 +0200] "GET /Jurek/topeshop/downloaded_images/5904507201890_5904507201890_(2).png HTTP/1.1" 200 152619 "-" "Java/17.0.13.0.101"
51.77.52.107 - - [10/Apr/2025:13:20:18 +0200] "GET /Jurek/eurofirany/images/432983/0.jpg HTTP/2.0" 200 48624 "-" "baselinker"
51.77.52.107 - - [10/Apr/2025:13:20:20 +0200] "GET /Jurek/eurofirany/images/432984/0.jpg HTTP/2.0" 200 67001 "-" "baselinker"
51.77.52.107 - - [10/Apr/2025:13:20:27 +0200] "GET /Jurek/eurofirany/images/432984/0.jpg HTTP/2.0" 200 67001 "-" "baselinker"
66.135.223.40 - - [10/Apr/2025:13:20:44 +0200] "GET /Jurek/topeshop/downloaded_images/5904507201920_R60-REGA%C5%81_.png HTTP/1.1" 200 227588 "-" "Java/17.0.13.0.101"
51.77.52.107 - - [10/Apr/2025:13:20:52 +0200] "GET /Jurek/eurofirany/images/432984/0.jpg HTTP/2.0" 200 67001 "-" "baselinker"
51.77.52.107 - - [10/Apr/2025:13:21:02 +0200] "GET /Jurek/eurofirany/images/434817/0.jpg HTTP/2.0" 200 45543 "-" "baselinker"
51.77.52.107 - - [10/Apr/2025:13:21:29 +0200] "GET /Jurek/eurofirany/images/434817/0.jpg HTTP/2.0" 200 45543 "-" "baselinker"
51.77.52.107 - - [10/Apr/2025:13:21:33 +0200] "GET /Jurek/eurofirany/images/434817/0.jpg HTTP/2.0" 200 45543 "-" "baselinker"
66.211.183.72 - - [10/Apr/2025:13:21:52 +0200] "GET /Jurek/topeshop/downloaded_images/5902838461891_rtv_120_140_czer%C5%84_po%C5%82.png HTTP/1.1" 200 77457 "-" "Java/17.0.13.0.101"
51.77.52.107 - - [10/Apr/2025:13:21:52 +0200] "GET /Jurek/eurofirany/images/440159/0.jpg HTTP/2.0" 200 82788 "-" "baselinker"
66.211.183.73 - - [10/Apr/2025:13:21:54 +0200] "GET /Jurek/topeshop/downloaded_images/5902838466834_4.png HTTP/1.1" 200 507693 "-" "Java/17.0.13.0.101"
51.77.52.107 - - [10/Apr/2025:13:21:57 +0200] "GET /Jurek/eurofirany/images/440159/0.jpg HTTP/2.0" 200 82788 "-" "baselinker"
66.211.183.70 - - [10/Apr/2025:13:21:58 +0200] "GET /Jurek/topeshop/downloaded_images/5904507206734_profil.jpg HTTP/1.1" 200 62936 "-" "Java/17.0.13.0.101"
51.77.52.107 - - [10/Apr/2025:13:22:03 +0200] "GET /Jurek/eurofirany/images/440159/0.jpg HTTP/2.0" 200 82788 "-" "baselinker"
51.77.52.107 - - [10/Apr/2025:13:22:34 +0200] "GET /Jurek/eurofirany/images/440160/0.jpg HTTP/2.0" 200 65352 "-" "baselinker"
66.135.223.41 - - [10/Apr/2025:13:22:43 +0200] "GET /Jurek/topeshop/downloaded_images/5904507209308_PROFIL.jpg HTTP/1.1" 200 44709 "-" "Java/17.0.13.0.101"
89.161.206.59 - - [10/Apr/2025:13:22:45 +0200] "GET /Jurek/jankeski/feeds/jankeski_skroutz.xml HTTP/1.0" 200 6570848 "-" "-"
51.77.52.107 - - [10/Apr/2025:13:22:52 +0200] "GET /Jurek/eurofirany/images/440160/0.jpg HTTP/2.0" 200 65352 "-" "baselinker"
51.77.52.107 - - [10/Apr/2025:13:22:55 +0200] "GET /Jurek/eurofirany/images/440160/0.jpg HTTP/2.0" 200 65352 "-" "baselinker"
51.77.52.107 - - [10/Apr/2025:13:23:15 +0200] "GET /Jurek/eurofirany/images/440161/0.jpg HTTP/2.0" 200 47127 "-" "baselinker"
66.211.183.73 - - [10/Apr/2025:13:23:16 +0200] "GET /Jurek/topeshop/downloaded_images/5902838469040_2.jpg HTTP/1.1" 200 58273 "-" "Java/17.0.13.0.101"
51.77.52.107 - - [10/Apr/2025:13:23:19 +0200] "GET /Jurek/eurofirany/images/440161/0.jpg HTTP/2.0" 200 47127 "-" "baselinker"
89.161.206.59 - - [10/Apr/2025:13:23:27 +0200] "GET /Jurek/mechdecor/feeds/mechdecor_skr.xml HTTP/1.0" 200 596203 "-" "-"
89.161.206.59 - - [10/Apr/2025:13:23:29 +0200] "GET /Jurek/apresto/feeds/apresto_skr.xml HTTP/1.0" 200 1316784 "-" "-"
89.161.206.59 - - [10/Apr/2025:13:23:33 +0200] "GET /Jurek/andex/feeds/andex_skr.xml HTTP/1.0" 200 1953518 "-" "-"
89.161.206.59 - - [10/Apr/2025:13:23:35 +0200] "GET /Jurek/mojeledy/feeds/mojeledy_skr.xml HTTP/1.0" 200 1018424 "-" "-"
89.161.206.59 - - [10/Apr/2025:13:23:36 +0200] "GET /Jurek/sovapl/feeds/sovapl_skr.xml HTTP/1.0" 200 8996913 "-" "-"
89.161.206.59 - - [10/Apr/2025:13:23:37 +0200] "GET /Jurek/kamar/feeds/kamar_skr.xml HTTP/1.0" 200 25550426 "-" "-"
51.77.52.107 - - [10/Apr/2025:13:24:01 +0200] "GET /Jurek/eurofirany/images/440161/0.jpg HTTP/2.0" 200 47127 "-" "baselinker"
51.77.52.107 - - [10/Apr/2025:13:24:03 +0200] "GET /Jurek/eurofirany/images/440162/0.jpg HTTP/2.0" 200 79416 "-" "baselinker"
89.161.206.59 - - [10/Apr/2025:13:24:11 +0200] "GET /Jurek/missionair/feeds/missionair_skr.xml HTTP/1.0" 200 3154891 "-" "-"
66.211.183.71 - - [10/Apr/2025:13:24:23 +0200] "GET /Jurek/topeshop/downloaded_images/5904507201357_St_decor_0001.jpg HTTP/1.1" 200 66484 "-" "Java/17.0.13.0.101"
51.77.52.107 - - [10/Apr/2025:13:24:23 +0200] "GET /Jurek/eurofirany/images/440162/0.jpg HTTP/2.0" 200 79416 "-" "baselinker"
51.77.52.107 - - [10/Apr/2025:13:24:40 +0200] "GET /Jurek/eurofirany/images/440162/0.jpg HTTP/2.0" 200 79416 "-" "baselinker"
89.161.206.59 - - [10/Apr/2025:13:24:50 +0200] "GET /Jurek/ikonka/feeds/ikonka_amazonDE.xml HTTP/1.0" 200 22029234 "-" "-"
89.161.206.59 - - [10/Apr/2025:13:24:50 +0200] "GET /Jurek/ikonka/feeds/ikonka_amazonIT.xml HTTP/1.0" 200 22029232 "-" "-"
89.161.206.59 - - [10/Apr/2025:13:24:51 +0200] "GET /Jurek/ikonka/feeds/ikonka_amazonFR.xml HTTP/1.0" 200 22029214 "-" "-"
