34.72.247.156 - - [10/Apr/2025:13:52:18 +0200] "GET /Jurek/topeshop/downloaded_images/5904507202002_BILBAO4P__ARTISAN(3).jpg HTTP/1.1" 404 3551 "-" "Mozilla/5.0 (X11; Linux x86_64) AppleWebKit/537.36 (KHTML, like Gecko) Chrome/110.0.0.0 Safari/537.36"
34.72.247.156 - - [10/Apr/2025:13:52:18 +0200] "GET /Jurek/topeshop/downloaded_images/5904507201982_BILBAO_4P1_1_.png HTTP/1.1" 200 753619 "-" "Mozilla/5.0 (X11; Linux x86_64) AppleWebKit/537.36 (KHTML, like Gecko) Chrome/110.0.0.0 Safari/537.36"
51.77.52.107 - - [10/Apr/2025:13:52:18 +0200] "GET /Jurek/eurofirany/images/458947/0.jpg HTTP/2.0" 200 65544 "-" "baselinker"
34.72.247.156 - - [10/Apr/2025:13:52:20 +0200] "GET /Jurek/topeshop/downloaded_images/5904507202002_BILBAO4P__ARTISAN(3).jpg HTTP/1.1" 404 3551 "-" "Mozilla/5.0 (X11; Linux x86_64) AppleWebKit/537.36 (KHTML, like Gecko) Chrome/110.0.0.0 Safari/537.36"
34.72.247.156 - - [10/Apr/2025:13:52:22 +0200] "GET /Jurek/topeshop/downloaded_images/5904507201999_BILBAO4P__BIEL(3).jpg HTTP/1.1" 404 3551 "-" "Mozilla/5.0 (X11; Linux x86_64) AppleWebKit/537.36 (KHTML, like Gecko) Chrome/110.0.0.0 Safari/537.36"
34.133.239.145 - - [10/Apr/2025:13:52:23 +0200] "GET /Jurek/topeshop/downloaded_images/5904507200381_BILBAO7(4).jpg HTTP/1.1" 404 3551 "-" "Mozilla/5.0 (X11; Linux x86_64) AppleWebKit/537.36 (KHTML, like Gecko) Chrome/110.0.0.0 Safari/537.36"
34.72.247.156 - - [10/Apr/2025:13:52:23 +0200] "GET /Jurek/topeshop/downloaded_images/5904507201982_BILBAO_4P_1_1.png HTTP/1.1" 200 1325493 "-" "Mozilla/5.0 (X11; Linux x86_64) AppleWebKit/537.36 (KHTML, like Gecko) Chrome/110.0.0.0 Safari/537.36"
34.133.239.145 - - [10/Apr/2025:13:52:24 +0200] "GET /Jurek/topeshop/downloaded_images/5904507201982_BILBAO4P__SONOMA(2).jpg HTTP/1.1" 404 3551 "-" "Mozilla/5.0 (X11; Linux x86_64) AppleWebKit/537.36 (KHTML, like Gecko) Chrome/110.0.0.0 Safari/537.36"
34.72.247.156 - - [10/Apr/2025:13:52:24 +0200] "GET /Jurek/topeshop/downloaded_images/5904507201999_BILBAO4P__BIEL(3).jpg HTTP/1.1" 404 3551 "-" "Mozilla/5.0 (X11; Linux x86_64) AppleWebKit/537.36 (KHTML, like Gecko) Chrome/110.0.0.0 Safari/537.36"
34.72.247.156 - - [10/Apr/2025:13:52:25 +0200] "GET /Jurek/topeshop/downloaded_images/5904507202002_BILBAO4P__ARTISAN(3).jpg HTTP/1.1" 404 3551 "-" "Mozilla/5.0 (X11; Linux x86_64) AppleWebKit/537.36 (KHTML, like Gecko) Chrome/110.0.0.0 Safari/537.36"
34.133.239.145 - - [10/Apr/2025:13:52:26 +0200] "GET /Jurek/topeshop/downloaded_images/5904507200381_BILBAO7(4).jpg HTTP/1.1" 404 3551 "-" "Mozilla/5.0 (X11; Linux x86_64) AppleWebKit/537.36 (KHTML, like Gecko) Chrome/110.0.0.0 Safari/537.36"
34.133.239.145 - - [10/Apr/2025:13:52:27 +0200] "GET /Jurek/topeshop/downloaded_images/5904507201982_BILBAO4P__SONOMA(2).jpg HTTP/1.1" 404 3551 "-" "Mozilla/5.0 (X11; Linux x86_64) AppleWebKit/537.36 (KHTML, like Gecko) Chrome/110.0.0.0 Safari/537.36"
34.72.247.156 - - [10/Apr/2025:13:52:28 +0200] "GET /Jurek/topeshop/downloaded_images/5904507200374_BILBAO7(1).jpg HTTP/1.1" 404 3551 "-" "Mozilla/5.0 (X11; Linux x86_64) AppleWebKit/537.36 (KHTML, like Gecko) Chrome/110.0.0.0 Safari/537.36"
34.133.239.145 - - [10/Apr/2025:13:52:29 +0200] "GET /Jurek/topeshop/downloaded_images/5904507201999_BILBAO4P__BIEL(3).jpg HTTP/1.1" 404 3551 "-" "Mozilla/5.0 (X11; Linux x86_64) AppleWebKit/537.36 (KHTML, like Gecko) Chrome/110.0.0.0 Safari/537.36"
34.72.247.156 - - [10/Apr/2025:13:52:31 +0200] "GET /Jurek/topeshop/downloaded_images/5904507200381_BILBAO7(4).jpg HTTP/1.1" 404 3551 "-" "Mozilla/5.0 (X11; Linux x86_64) AppleWebKit/537.36 (KHTML, like Gecko) Chrome/110.0.0.0 Safari/537.36"
34.133.239.145 - - [10/Apr/2025:13:52:31 +0200] "GET /Jurek/topeshop/downloaded_images/5904507201982_BILBAO4P__SONOMA(2).jpg HTTP/1.1" 404 3551 "-" "Mozilla/5.0 (X11; Linux x86_64) AppleWebKit/537.36 (KHTML, like Gecko) Chrome/110.0.0.0 Safari/537.36"
34.72.247.156 - - [10/Apr/2025:13:52:31 +0200] "GET /Jurek/topeshop/downloaded_images/5904507200374_BILBAO7(1).jpg HTTP/1.1" 404 3551 "-" "Mozilla/5.0 (X11; Linux x86_64) AppleWebKit/537.36 (KHTML, like Gecko) Chrome/110.0.0.0 Safari/537.36"
34.72.247.156 - - [10/Apr/2025:13:52:32 +0200] "GET /Jurek/topeshop/downloaded_images/5904507200367_BILBAO7(3).jpg HTTP/1.1" 404 3551 "-" "Mozilla/5.0 (X11; Linux x86_64) AppleWebKit/537.36 (KHTML, like Gecko) Chrome/110.0.0.0 Safari/537.36"
216.213.29.230 - - [10/Apr/2025:13:52:32 +0200] "GET /Jurek/topeshop/downloaded_images/5904507202002_BILBAO4P__ARTISAN(3).jpg HTTP/2.0" 404 3551 "-" "Mozilla/5.0 (X11; Linux x86_64) AppleWebKit/537.36 (KHTML, like Gecko) Chrome/110.0.0.0 Safari/537.36"
34.72.247.156 - - [10/Apr/2025:13:52:35 +0200] "GET /Jurek/topeshop/downloaded_images/5904507200367_BILBAO7(3).jpg HTTP/1.1" 404 3551 "-" "Mozilla/5.0 (X11; Linux x86_64) AppleWebKit/537.36 (KHTML, like Gecko) Chrome/110.0.0.0 Safari/537.36"
170.199.228.182 - - [10/Apr/2025:13:52:36 +0200] "GET /Jurek/topeshop/downloaded_images/5904507201999_BILBAO4P__BIEL(3).jpg HTTP/2.0" 404 3551 "-" "Mozilla/5.0 (X11; Linux x86_64) AppleWebKit/537.36 (KHTML, like Gecko) Chrome/110.0.0.0 Safari/537.36"
34.133.239.145 - - [10/Apr/2025:13:52:36 +0200] "GET /Jurek/topeshop/downloaded_images/5904507200374_BILBAO7(1).jpg HTTP/1.1" 404 3551 "-" "Mozilla/5.0 (X11; Linux x86_64) AppleWebKit/537.36 (KHTML, like Gecko) Chrome/110.0.0.0 Safari/537.36"
162.244.144.164 - - [10/Apr/2025:13:52:38 +0200] "GET /Jurek/topeshop/downloaded_images/5904507200381_BILBAO7(4).jpg HTTP/2.0" 404 3551 "-" "Mozilla/5.0 (X11; Linux x86_64) AppleWebKit/537.36 (KHTML, like Gecko) Chrome/110.0.0.0 Safari/537.36"
170.199.228.182 - - [10/Apr/2025:13:52:38 +0200] "GET /Jurek/topeshop/downloaded_images/5904507201982_BILBAO4P__SONOMA(2).jpg HTTP/2.0" 404 3551 "-" "Mozilla/5.0 (X11; Linux x86_64) AppleWebKit/537.36 (KHTML, like Gecko) Chrome/110.0.0.0 Safari/537.36"
34.133.239.145 - - [10/Apr/2025:13:52:40 +0200] "GET /Jurek/topeshop/downloaded_images/5904507200367_BILBAO7(3).jpg HTTP/1.1" 404 3551 "-" "Mozilla/5.0 (X11; Linux x86_64) AppleWebKit/537.36 (KHTML, like Gecko) Chrome/110.0.0.0 Safari/537.36"
172.252.233.245 - - [10/Apr/2025:13:52:41 +0200] "GET /Jurek/topeshop/downloaded_images/5904507202002_BILBAO4P__ARTISAN(3).jpg HTTP/2.0" 404 3551 "-" "Mozilla/5.0 (X11; Linux x86_64) AppleWebKit/537.36 (KHTML, like Gecko) Chrome/110.0.0.0 Safari/537.36"
34.133.239.145 - - [10/Apr/2025:13:52:42 +0200] "GET /Jurek/topeshop/downloaded_images/5904507202002_BILBAO_4P1_3.png HTTP/1.1" 200 571721 "-" "Mozilla/5.0 (X11; Linux x86_64) AppleWebKit/537.36 (KHTML, like Gecko) Chrome/110.0.0.0 Safari/537.36"
147.92.52.128 - - [10/Apr/2025:13:52:42 +0200] "GET /Jurek/topeshop/downloaded_images/5904507200374_BILBAO7(1).jpg HTTP/2.0" 404 3551 "-" "Mozilla/5.0 (X11; Linux x86_64) AppleWebKit/537.36 (KHTML, like Gecko) Chrome/110.0.0.0 Safari/537.36"
51.77.52.107 - - [10/Apr/2025:13:52:43 +0200] "GET /Jurek/eurofirany/images/458947/0.jpg HTTP/2.0" 200 65544 "-" "baselinker"
51.77.52.107 - - [10/Apr/2025:13:52:46 +0200] "GET /Jurek/eurofirany/images/458947/0.jpg HTTP/2.0" 200 65544 "-" "baselinker"
199.250.189.104 - - [10/Apr/2025:13:52:46 +0200] "GET /Jurek/topeshop/downloaded_images/5904507200367_BILBAO7(3).jpg HTTP/2.0" 404 3551 "-" "Mozilla/5.0 (X11; Linux x86_64) AppleWebKit/537.36 (KHTML, like Gecko) Chrome/110.0.0.0 Safari/537.36"
167.160.75.168 - - [10/Apr/2025:13:52:46 +0200] "GET /Jurek/topeshop/downloaded_images/5904507201982_BILBAO4P__SONOMA(2).jpg HTTP/2.0" 404 3551 "-" "Mozilla/5.0 (X11; Linux x86_64) AppleWebKit/537.36 (KHTML, like Gecko) Chrome/110.0.0.0 Safari/537.36"
167.160.73.250 - - [10/Apr/2025:13:52:47 +0200] "GET /Jurek/topeshop/downloaded_images/5904507200381_BILBAO7(4).jpg HTTP/2.0" 404 3551 "-" "Mozilla/5.0 (X11; Linux x86_64) AppleWebKit/537.36 (KHTML, like Gecko) Chrome/110.0.0.0 Safari/537.36"
34.133.239.145 - - [10/Apr/2025:13:52:47 +0200] "GET /Jurek/topeshop/downloaded_images/5904507201982_BILBAO_4P1_1.png HTTP/1.1" 200 624336 "-" "Mozilla/5.0 (X11; Linux x86_64) AppleWebKit/537.36 (KHTML, like Gecko) Chrome/110.0.0.0 Safari/537.36"
34.72.247.156 - - [10/Apr/2025:13:52:48 +0200] "GET /Jurek/topeshop/downloaded_images/5904507200381_1-bez-dodatk%C3%B3w-wymiary.jpg HTTP/1.1" 200 38026 "-" "Mozilla/5.0 (X11; Linux x86_64) AppleWebKit/537.36 (KHTML, like Gecko) Chrome/110.0.0.0 Safari/537.36"
34.133.239.145 - - [10/Apr/2025:13:52:50 +0200] "GET /Jurek/topeshop/downloaded_images/5904507201999_BILBAO_4P1_2.png HTTP/1.1" 200 122005 "-" "Mozilla/5.0 (X11; Linux x86_64) AppleWebKit/537.36 (KHTML, like Gecko) Chrome/110.0.0.0 Safari/537.36"
167.160.76.193 - - [10/Apr/2025:13:52:51 +0200] "GET /Jurek/topeshop/downloaded_images/5904507200374_BILBAO7(1).jpg HTTP/2.0" 404 3551 "-" "Mozilla/5.0 (X11; Linux x86_64) AppleWebKit/537.36 (KHTML, like Gecko) Chrome/110.0.0.0 Safari/537.36"
34.133.239.145 - - [10/Apr/2025:13:52:51 +0200] "GET /Jurek/topeshop/downloaded_images/5904507200374_2-bez-dodatk%C3%B3w-wymiary.jpg HTTP/1.1" 200 36945 "-" "Mozilla/5.0 (X11; Linux x86_64) AppleWebKit/537.36 (KHTML, like Gecko) Chrome/110.0.0.0 Safari/537.36"
51.77.52.107 - - [10/Apr/2025:13:52:53 +0200] "GET /Jurek/eurofirany/images/458949/0.jpg HTTP/2.0" 200 62063 "-" "baselinker"
152.44.103.98 - - [10/Apr/2025:13:52:55 +0200] "GET /Jurek/topeshop/downloaded_images/5904507200367_BILBAO7(3).jpg HTTP/2.0" 404 3551 "-" "Mozilla/5.0 (X11; Linux x86_64) AppleWebKit/537.36 (KHTML, like Gecko) Chrome/110.0.0.0 Safari/537.36"
34.72.247.156 - - [10/Apr/2025:13:52:56 +0200] "GET /Jurek/topeshop/downloaded_images/5904507200367_1.jpg HTTP/1.1" 200 29380 "-" "Mozilla/5.0 (X11; Linux x86_64) AppleWebKit/537.36 (KHTML, like Gecko) Chrome/110.0.0.0 Safari/537.36"
51.77.52.107 - - [10/Apr/2025:13:53:24 +0200] "GET /Jurek/eurofirany/images/458949/0.jpg HTTP/2.0" 200 62063 "-" "baselinker"
51.77.52.107 - - [10/Apr/2025:13:53:38 +0200] "GET /Jurek/eurofirany/images/458949/0.jpg HTTP/2.0" 200 62063 "-" "baselinker"
51.77.52.107 - - [10/Apr/2025:13:54:01 +0200] "GET /Jurek/eurofirany/images/458948/0.jpg HTTP/2.0" 200 80009 "-" "baselinker"
51.77.52.107 - - [10/Apr/2025:13:54:10 +0200] "GET /Jurek/eurofirany/images/458948/0.jpg HTTP/2.0" 200 80009 "-" "baselinker"
51.77.52.107 - - [10/Apr/2025:13:54:31 +0200] "GET /Jurek/eurofirany/images/458948/0.jpg HTTP/2.0" 200 80009 "-" "baselinker"
51.77.52.107 - - [10/Apr/2025:13:54:41 +0200] "GET /Jurek/eurofirany/images/460442/0.jpg HTTP/2.0" 200 36376 "-" "baselinker"
51.77.52.107 - - [10/Apr/2025:13:55:04 +0200] "GET /Jurek/eurofirany/images/460442/0.jpg HTTP/2.0" 200 36376 "-" "baselinker"
51.77.52.107 - - [10/Apr/2025:13:55:09 +0200] "GET /Jurek/eurofirany/images/460442/0.jpg HTTP/2.0" 200 36376 "-" "baselinker"
34.133.239.145 - - [10/Apr/2025:13:55:10 +0200] "GET /Jurek/topeshop/downloaded_images/5904507201951_2.jpg HTTP/1.1" 404 3551 "-" "Mozilla/5.0 (X11; Linux x86_64) AppleWebKit/537.36 (KHTML, like Gecko) Chrome/110.0.0.0 Safari/537.36"
34.72.247.156 - - [10/Apr/2025:13:55:13 +0200] "GET /Jurek/topeshop/downloaded_images/5904507201951_2.jpg HTTP/1.1" 404 3551 "-" "Mozilla/5.0 (X11; Linux x86_64) AppleWebKit/537.36 (KHTML, like Gecko) Chrome/110.0.0.0 Safari/537.36"
34.133.239.145 - - [10/Apr/2025:13:55:13 +0200] "GET /Jurek/topeshop/downloaded_images/5902838466681_I_RTV-140-MALWA_A.jpg HTTP/1.1" 200 139285 "-" "Mozilla/5.0 (X11; Linux x86_64) AppleWebKit/537.36 (KHTML, like Gecko) Chrome/110.0.0.0 Safari/537.36"
34.133.239.145 - - [10/Apr/2025:13:55:14 +0200] "GET /Jurek/topeshop/downloaded_images/5902838466681_I_RTV-140-MALWA_o_A.jpg HTTP/1.1" 200 138461 "-" "Mozilla/5.0 (X11; Linux x86_64) AppleWebKit/537.36 (KHTML, like Gecko) Chrome/110.0.0.0 Safari/537.36"
34.133.239.145 - - [10/Apr/2025:13:55:14 +0200] "GET /Jurek/topeshop/downloaded_images/5902838466681_Artisan_Rtv.jpg HTTP/1.1" 404 3551 "-" "Mozilla/5.0 (X11; Linux x86_64) AppleWebKit/537.36 (KHTML, like Gecko) Chrome/110.0.0.0 Safari/537.36"
51.77.52.107 - - [10/Apr/2025:13:55:16 +0200] "GET /Jurek/eurofirany/images/459830/0.jpg HTTP/2.0" 200 72657 "-" "baselinker"
34.133.239.145 - - [10/Apr/2025:13:55:16 +0200] "GET /Jurek/topeshop/downloaded_images/5902838466681_Artisan_Rtv.jpg HTTP/1.1" 404 3551 "-" "Mozilla/5.0 (X11; Linux x86_64) AppleWebKit/537.36 (KHTML, like Gecko) Chrome/110.0.0.0 Safari/537.36"
34.133.239.145 - - [10/Apr/2025:13:55:17 +0200] "GET /Jurek/topeshop/downloaded_images/5904507201951_2.jpg HTTP/1.1" 404 3551 "-" "Mozilla/5.0 (X11; Linux x86_64) AppleWebKit/537.36 (KHTML, like Gecko) Chrome/110.0.0.0 Safari/537.36"
34.133.239.145 - - [10/Apr/2025:13:55:21 +0200] "GET /Jurek/topeshop/downloaded_images/5902838466681_Artisan_Rtv.jpg HTTP/1.1" 404 3551 "-" "Mozilla/5.0 (X11; Linux x86_64) AppleWebKit/537.36 (KHTML, like Gecko) Chrome/110.0.0.0 Safari/537.36"
51.77.52.107 - - [10/Apr/2025:13:55:22 +0200] "GET /Jurek/eurofirany/images/459830/0.jpg HTTP/2.0" 200 72657 "-" "baselinker"
142.147.108.100 - - [10/Apr/2025:13:55:25 +0200] "GET /Jurek/topeshop/downloaded_images/5904507201951_2.jpg HTTP/2.0" 404 3551 "-" "Mozilla/5.0 (X11; Linux x86_64) AppleWebKit/537.36 (KHTML, like Gecko) Chrome/110.0.0.0 Safari/537.36"
51.77.52.107 - - [10/Apr/2025:13:55:25 +0200] "GET /Jurek/eurofirany/images/459830/0.jpg HTTP/2.0" 200 72657 "-" "baselinker"
147.92.52.154 - - [10/Apr/2025:13:55:27 +0200] "GET /Jurek/topeshop/downloaded_images/5902838466681_Artisan_Rtv.jpg HTTP/2.0" 404 3551 "-" "Mozilla/5.0 (X11; Linux x86_64) AppleWebKit/537.36 (KHTML, like Gecko) Chrome/110.0.0.0 Safari/537.36"
168.91.11.194 - - [10/Apr/2025:13:55:34 +0200] "GET /Jurek/topeshop/downloaded_images/5904507201951_2.jpg HTTP/2.0" 404 3551 "-" "Mozilla/5.0 (X11; Linux x86_64) AppleWebKit/537.36 (KHTML, like Gecko) Chrome/110.0.0.0 Safari/537.36"
34.133.239.145 - - [10/Apr/2025:13:55:35 +0200] "GET /Jurek/topeshop/downloaded_images/5904507201951_3.jpg HTTP/1.1" 404 3551 "-" "Mozilla/5.0 (X11; Linux x86_64) AppleWebKit/537.36 (KHTML, like Gecko) Chrome/110.0.0.0 Safari/537.36"
216.41.235.131 - - [10/Apr/2025:13:55:39 +0200] "GET /Jurek/topeshop/downloaded_images/5902838466681_Artisan_Rtv.jpg HTTP/2.0" 404 3551 "-" "Mozilla/5.0 (X11; Linux x86_64) AppleWebKit/537.36 (KHTML, like Gecko) Chrome/110.0.0.0 Safari/537.36"
51.77.52.107 - - [10/Apr/2025:13:55:40 +0200] "GET /Jurek/eurofirany/images/459832/0.jpg HTTP/2.0" 200 107364 "-" "baselinker"
34.72.247.156 - - [10/Apr/2025:13:55:40 +0200] "GET /Jurek/topeshop/downloaded_images/5904507201951_3.jpg HTTP/1.1" 404 3551 "-" "Mozilla/5.0 (X11; Linux x86_64) AppleWebKit/537.36 (KHTML, like Gecko) Chrome/110.0.0.0 Safari/537.36"
34.72.247.156 - - [10/Apr/2025:13:55:40 +0200] "GET /Jurek/topeshop/downloaded_images/5902838466681_3.png HTTP/1.1" 404 3551 "-" "Mozilla/5.0 (X11; Linux x86_64) AppleWebKit/537.36 (KHTML, like Gecko) Chrome/110.0.0.0 Safari/537.36"
34.72.247.156 - - [10/Apr/2025:13:55:43 +0200] "GET /Jurek/topeshop/downloaded_images/5902838466681_3.png HTTP/1.1" 404 3551 "-" "Mozilla/5.0 (X11; Linux x86_64) AppleWebKit/537.36 (KHTML, like Gecko) Chrome/110.0.0.0 Safari/537.36"
51.77.52.107 - - [10/Apr/2025:13:55:44 +0200] "GET /Jurek/eurofirany/images/459832/0.jpg HTTP/2.0" 200 107364 "-" "baselinker"
34.72.247.156 - - [10/Apr/2025:13:55:45 +0200] "GET /Jurek/topeshop/downloaded_images/5904507201951_3.jpg HTTP/1.1" 404 3551 "-" "Mozilla/5.0 (X11; Linux x86_64) AppleWebKit/537.36 (KHTML, like Gecko) Chrome/110.0.0.0 Safari/537.36"
51.77.52.107 - - [10/Apr/2025:13:55:47 +0200] "GET /Jurek/eurofirany/images/459832/0.jpg HTTP/2.0" 200 107364 "-" "baselinker"
34.72.247.156 - - [10/Apr/2025:13:55:48 +0200] "GET /Jurek/topeshop/downloaded_images/5902838466681_3.png HTTP/1.1" 404 3551 "-" "Mozilla/5.0 (X11; Linux x86_64) AppleWebKit/537.36 (KHTML, like Gecko) Chrome/110.0.0.0 Safari/537.36"
51.77.52.107 - - [10/Apr/2025:13:55:50 +0200] "GET /Jurek/eurofirany/images/459834/0.jpg HTTP/2.0" 200 101784 "-" "baselinker"
172.96.89.219 - - [10/Apr/2025:13:55:52 +0200] "GET /Jurek/topeshop/downloaded_images/5904507201951_3.jpg HTTP/2.0" 404 3551 "-" "Mozilla/5.0 (X11; Linux x86_64) AppleWebKit/537.36 (KHTML, like Gecko) Chrome/110.0.0.0 Safari/537.36"
130.44.202.51 - - [10/Apr/2025:13:55:55 +0200] "GET /Jurek/topeshop/downloaded_images/5902838466681_3.png HTTP/2.0" 404 3551 "-" "Mozilla/5.0 (X11; Linux x86_64) AppleWebKit/537.36 (KHTML, like Gecko) Chrome/110.0.0.0 Safari/537.36"
51.77.52.107 - - [10/Apr/2025:13:55:56 +0200] "GET /Jurek/eurofirany/images/459834/0.jpg HTTP/2.0" 200 101784 "-" "baselinker"
166.88.126.193 - - [10/Apr/2025:13:56:01 +0200] "GET /Jurek/topeshop/downloaded_images/5904507201951_3.jpg HTTP/2.0" 404 3551 "-" "Mozilla/5.0 (X11; Linux x86_64) AppleWebKit/537.36 (KHTML, like Gecko) Chrome/110.0.0.0 Safari/537.36"
51.77.52.107 - - [10/Apr/2025:13:56:02 +0200] "GET /Jurek/eurofirany/images/459834/0.jpg HTTP/2.0" 200 101784 "-" "baselinker"
167.160.76.193 - - [10/Apr/2025:13:56:04 +0200] "GET /Jurek/topeshop/downloaded_images/5902838466681_3.png HTTP/2.0" 404 3551 "-" "Mozilla/5.0 (X11; Linux x86_64) AppleWebKit/537.36 (KHTML, like Gecko) Chrome/110.0.0.0 Safari/537.36"
51.77.52.107 - - [10/Apr/2025:13:56:06 +0200] "GET /Jurek/eurofirany/images/459835/0.jpg HTTP/2.0" 200 138741 "-" "baselinker"
51.77.52.107 - - [10/Apr/2025:13:56:12 +0200] "GET /Jurek/eurofirany/images/459835/0.jpg HTTP/2.0" 200 138741 "-" "baselinker"
51.77.52.107 - - [10/Apr/2025:13:56:25 +0200] "GET /Jurek/eurofirany/images/459835/0.jpg HTTP/2.0" 200 138741 "-" "baselinker"
51.77.52.107 - - [10/Apr/2025:13:56:27 +0200] "GET /Jurek/eurofirany/images/459836/0.jpg HTTP/2.0" 200 105140 "-" "baselinker"
51.77.52.107 - - [10/Apr/2025:13:56:34 +0200] "GET /Jurek/eurofirany/images/459836/0.jpg HTTP/2.0" 200 105140 "-" "baselinker"
51.77.52.107 - - [10/Apr/2025:13:56:51 +0200] "GET /Jurek/eurofirany/images/459836/0.jpg HTTP/2.0" 200 105140 "-" "baselinker"
216.113.184.105 - - [10/Apr/2025:13:57:32 +0200] "GET /Jurek/eurofirany/images/431870/0.jpg HTTP/1.1" 200 44875 "http://www.ebay.com/" "Mozilla/4.0 (compatible; MSIE 4.01; Windows NT)"
216.113.184.105 - - [10/Apr/2025:13:57:32 +0200] "GET /Jurek/eurofirany/images/431870/4.jpg HTTP/1.1" 200 49140 "http://www.ebay.com/" "Mozilla/4.0 (compatible; MSIE 4.01; Windows NT)"
216.113.184.103 - - [10/Apr/2025:13:57:32 +0200] "GET /Jurek/eurofirany/images/431870/2.jpg HTTP/1.1" 200 46088 "http://www.ebay.com/" "Mozilla/4.0 (compatible; MSIE 4.01; Windows NT)"
216.113.184.101 - - [10/Apr/2025:13:57:32 +0200] "GET /Jurek/eurofirany/images/431870/3.jpg HTTP/1.1" 200 87199 "http://www.ebay.com/" "Mozilla/4.0 (compatible; MSIE 4.01; Windows NT)"
216.113.184.105 - - [10/Apr/2025:13:57:32 +0200] "GET /Jurek/eurofirany/images/431870/1.jpg HTTP/1.1" 200 140100 "http://www.ebay.com/" "Mozilla/4.0 (compatible; MSIE 4.01; Windows NT)"
89.161.206.59 - - [10/Apr/2025:13:57:36 +0200] "GET /Jurek/riko/feeds/riko_cdsc.xml HTTP/1.0" 200 3648918 "-" "-"
66.211.183.70 - - [10/Apr/2025:13:57:38 +0200] "GET /Jurek/eurofirany/images/431872/2.jpg HTTP/1.1" 200 46088 "http://www.ebay.com/" "Mozilla/4.0 (compatible; MSIE 4.01; Windows NT)"
66.211.183.72 - - [10/Apr/2025:13:57:38 +0200] "GET /Jurek/eurofirany/images/431872/4.jpg HTTP/1.1" 200 49140 "http://www.ebay.com/" "Mozilla/4.0 (compatible; MSIE 4.01; Windows NT)"
66.211.183.74 - - [10/Apr/2025:13:57:38 +0200] "GET /Jurek/eurofirany/images/431872/3.jpg HTTP/1.1" 200 87199 "http://www.ebay.com/" "Mozilla/4.0 (compatible; MSIE 4.01; Windows NT)"
66.211.183.71 - - [10/Apr/2025:13:57:38 +0200] "GET /Jurek/eurofirany/images/431872/0.jpg HTTP/1.1" 200 74878 "http://www.ebay.com/" "Mozilla/4.0 (compatible; MSIE 4.01; Windows NT)"
66.211.183.72 - - [10/Apr/2025:13:57:38 +0200] "GET /Jurek/eurofirany/images/431872/1.jpg HTTP/1.1" 200 113212 "http://www.ebay.com/" "Mozilla/4.0 (compatible; MSIE 4.01; Windows NT)"
51.77.52.107 - - [10/Apr/2025:13:57:41 +0200] "GET /Jurek/topeshop/downloaded_images/5902838461266_2.png HTTP/2.0" 404 3551 "-" "baselinker"
51.77.52.107 - - [10/Apr/2025:13:57:42 +0200] "GET /Jurek/topeshop/downloaded_images/5902838461266_2.png HTTP/2.0" 404 3551 "-" "baselinker"
51.77.52.107 - - [10/Apr/2025:13:57:42 +0200] "GET /Jurek/topeshop/downloaded_images/5902838461266_2.png HTTP/2.0" 404 3551 "-" "baselinker"
51.77.52.107 - - [10/Apr/2025:13:57:43 +0200] "GET /Jurek/topeshop/downloaded_images/5902838463246_rtv_szyba_.RGB_color.0004.png HTTP/2.0" 200 92102 "-" "baselinker"
66.211.183.74 - - [10/Apr/2025:13:57:50 +0200] "GET /Jurek/eurofirany/images/431892/2.jpg HTTP/1.1" 200 46088 "http://www.ebay.com/" "Mozilla/4.0 (compatible; MSIE 4.01; Windows NT)"
66.211.183.74 - - [10/Apr/2025:13:57:50 +0200] "GET /Jurek/eurofirany/images/431892/3.jpg HTTP/1.1" 200 87199 "http://www.ebay.com/" "Mozilla/4.0 (compatible; MSIE 4.01; Windows NT)"
66.211.183.70 - - [10/Apr/2025:13:57:50 +0200] "GET /Jurek/eurofirany/images/431892/4.jpg HTTP/1.1" 200 49140 "http://www.ebay.com/" "Mozilla/4.0 (compatible; MSIE 4.01; Windows NT)"
66.211.183.73 - - [10/Apr/2025:13:57:50 +0200] "GET /Jurek/eurofirany/images/431892/0.jpg HTTP/1.1" 200 21365 "http://www.ebay.com/" "Mozilla/4.0 (compatible; MSIE 4.01; Windows NT)"
66.211.183.71 - - [10/Apr/2025:13:57:50 +0200] "GET /Jurek/eurofirany/images/431892/1.jpg HTTP/1.1" 200 152288 "http://www.ebay.com/" "Mozilla/4.0 (compatible; MSIE 4.01; Windows NT)"
51.77.52.107 - - [10/Apr/2025:13:57:57 +0200] "GET /Jurek/topeshop/downloaded_images/5902838463246_rtv_szyba_.RGB_color.0004.png HTTP/2.0" 200 92102 "-" "baselinker"
51.77.52.107 - - [10/Apr/2025:13:57:59 +0200] "GET /Jurek/topeshop/downloaded_images/5902838463246_rtv_szyba_.RGB_color.0004.png HTTP/2.0" 200 92102 "-" "baselinker"
34.133.239.145 - - [10/Apr/2025:13:58:00 +0200] "GET /Jurek/topeshop/downloaded_images/5904507200381_1_(1)1.jpg HTTP/1.1" 200 59850 "-" "Mozilla/5.0 (X11; Linux x86_64) AppleWebKit/537.36 (KHTML, like Gecko) Chrome/110.0.0.0 Safari/537.36"
34.133.239.145 - - [10/Apr/2025:13:58:00 +0200] "GET /Jurek/topeshop/downloaded_images/5904507200381_BILBAO7(4).jpg HTTP/1.1" 404 3551 "-" "Mozilla/5.0 (X11; Linux x86_64) AppleWebKit/537.36 (KHTML, like Gecko) Chrome/110.0.0.0 Safari/537.36"
34.72.247.156 - - [10/Apr/2025:13:58:02 +0200] "GET /Jurek/topeshop/downloaded_images/5904507200374_son_wymiary.jpg HTTP/1.1" 200 56142 "-" "Mozilla/5.0 (X11; Linux x86_64) AppleWebKit/537.36 (KHTML, like Gecko) Chrome/110.0.0.0 Safari/537.36"
34.133.239.145 - - [10/Apr/2025:13:58:03 +0200] "GET /Jurek/topeshop/downloaded_images/5904507200381_BILBAO7(4).jpg HTTP/1.1" 404 3551 "-" "Mozilla/5.0 (X11; Linux x86_64) AppleWebKit/537.36 (KHTML, like Gecko) Chrome/110.0.0.0 Safari/537.36"
34.72.247.156 - - [10/Apr/2025:13:58:03 +0200] "GET /Jurek/topeshop/downloaded_images/5904507200374_BILBAO7(4).jpg HTTP/1.1" 404 3551 "-" "Mozilla/5.0 (X11; Linux x86_64) AppleWebKit/537.36 (KHTML, like Gecko) Chrome/110.0.0.0 Safari/537.36"
34.133.239.145 - - [10/Apr/2025:13:58:04 +0200] "GET /Jurek/topeshop/downloaded_images/5904507201999_BILBAO_4P1_2_.png HTTP/1.1" 200 695776 "-" "Mozilla/5.0 (X11; Linux x86_64) AppleWebKit/537.36 (KHTML, like Gecko) Chrome/110.0.0.0 Safari/537.36"
77.79.248.229 - - [10/Apr/2025:13:58:04 +0200] "GET /Filip/zalando/zalando-logo.jpg HTTP/1.1" 200 5121 "-" "-"
77.79.248.229 - - [10/Apr/2025:13:58:05 +0200] "GET /Filip/zalando/zalando-logo.jpg HTTP/1.1" 200 5121 "-" "-"
34.133.239.145 - - [10/Apr/2025:13:58:05 +0200] "GET /Jurek/topeshop/downloaded_images/5904507200374_BILBAO7(4).jpg HTTP/1.1" 404 3551 "-" "Mozilla/5.0 (X11; Linux x86_64) AppleWebKit/537.36 (KHTML, like Gecko) Chrome/110.0.0.0 Safari/537.36"
34.133.239.145 - - [10/Apr/2025:13:58:07 +0200] "GET /Jurek/topeshop/downloaded_images/5904507200367_3--.jpg HTTP/1.1" 200 52014 "-" "Mozilla/5.0 (X11; Linux x86_64) AppleWebKit/537.36 (KHTML, like Gecko) Chrome/110.0.0.0 Safari/537.36"
34.72.247.156 - - [10/Apr/2025:13:58:07 +0200] "GET /Jurek/topeshop/downloaded_images/5904507201999_BILBAO_4P_1_2.png HTTP/1.1" 200 1380922 "-" "Mozilla/5.0 (X11; Linux x86_64) AppleWebKit/537.36 (KHTML, like Gecko) Chrome/110.0.0.0 Safari/537.36"
34.133.239.145 - - [10/Apr/2025:13:58:07 +0200] "GET /Jurek/topeshop/downloaded_images/5904507200381_BILBAO7(4).jpg HTTP/1.1" 404 3551 "-" "Mozilla/5.0 (X11; Linux x86_64) AppleWebKit/537.36 (KHTML, like Gecko) Chrome/110.0.0.0 Safari/537.36"
34.133.239.145 - - [10/Apr/2025:13:58:07 +0200] "GET /Jurek/topeshop/downloaded_images/5904507200367_wizualizacja.jpg HTTP/1.1" 200 65961 "-" "Mozilla/5.0 (X11; Linux x86_64) AppleWebKit/537.36 (KHTML, like Gecko) Chrome/110.0.0.0 Safari/537.36"
34.72.247.156 - - [10/Apr/2025:13:58:08 +0200] "GET /Jurek/topeshop/downloaded_images/5904507200367_BILBAO7(3).jpg HTTP/1.1" 404 3551 "-" "Mozilla/5.0 (X11; Linux x86_64) AppleWebKit/537.36 (KHTML, like Gecko) Chrome/110.0.0.0 Safari/537.36"
34.72.247.156 - - [10/Apr/2025:13:58:08 +0200] "GET /Jurek/topeshop/downloaded_images/5904507201999_BILBAO4P__BIEL(3).jpg HTTP/1.1" 404 3551 "-" "Mozilla/5.0 (X11; Linux x86_64) AppleWebKit/537.36 (KHTML, like Gecko) Chrome/110.0.0.0 Safari/537.36"
66.135.223.42 - - [10/Apr/2025:13:58:08 +0200] "GET /Jurek/eurofirany/images/459751/0.jpg HTTP/1.1" 200 27508 "http://www.ebay.com/" "Mozilla/4.0 (compatible; MSIE 4.01; Windows NT)"
66.135.223.41 - - [10/Apr/2025:13:58:08 +0200] "GET /Jurek/eurofirany/images/459751/1.jpg HTTP/1.1" 200 45180 "http://www.ebay.com/" "Mozilla/4.0 (compatible; MSIE 4.01; Windows NT)"
34.133.239.145 - - [10/Apr/2025:13:58:09 +0200] "GET /Jurek/topeshop/downloaded_images/5904507201982_BILBAO4P__SONOMA(2).jpg HTTP/1.1" 404 3551 "-" "Mozilla/5.0 (X11; Linux x86_64) AppleWebKit/537.36 (KHTML, like Gecko) Chrome/110.0.0.0 Safari/537.36"
34.72.247.156 - - [10/Apr/2025:13:58:10 +0200] "GET /Jurek/topeshop/downloaded_images/5904507200374_BILBAO7(4).jpg HTTP/1.1" 404 3551 "-" "Mozilla/5.0 (X11; Linux x86_64) AppleWebKit/537.36 (KHTML, like Gecko) Chrome/110.0.0.0 Safari/537.36"
34.72.247.156 - - [10/Apr/2025:13:58:10 +0200] "GET /Jurek/topeshop/downloaded_images/5904507200367_BILBAO7(3).jpg HTTP/1.1" 404 3551 "-" "Mozilla/5.0 (X11; Linux x86_64) AppleWebKit/537.36 (KHTML, like Gecko) Chrome/110.0.0.0 Safari/537.36"
34.72.247.156 - - [10/Apr/2025:13:58:10 +0200] "GET /Jurek/topeshop/downloaded_images/5904507202002_BILBAO4P__ARTISAN(1).jpg HTTP/1.1" 404 3551 "-" "Mozilla/5.0 (X11; Linux x86_64) AppleWebKit/537.36 (KHTML, like Gecko) Chrome/110.0.0.0 Safari/537.36"
34.72.247.156 - - [10/Apr/2025:13:58:11 +0200] "GET /Jurek/topeshop/downloaded_images/5904507201999_BILBAO4P__BIEL(3).jpg HTTP/1.1" 404 3551 "-" "Mozilla/5.0 (X11; Linux x86_64) AppleWebKit/537.36 (KHTML, like Gecko) Chrome/110.0.0.0 Safari/537.36"
34.72.247.156 - - [10/Apr/2025:13:58:12 +0200] "GET /Jurek/topeshop/downloaded_images/5904507201982_BILBAO4P__SONOMA(2).jpg HTTP/1.1" 404 3551 "-" "Mozilla/5.0 (X11; Linux x86_64) AppleWebKit/537.36 (KHTML, like Gecko) Chrome/110.0.0.0 Safari/537.36"
34.133.239.145 - - [10/Apr/2025:13:58:12 +0200] "GET /Jurek/topeshop/downloaded_images/5904507202002_BILBAO4P__ARTISAN(1).jpg HTTP/1.1" 404 3551 "-" "Mozilla/5.0 (X11; Linux x86_64) AppleWebKit/537.36 (KHTML, like Gecko) Chrome/110.0.0.0 Safari/537.36"
51.77.52.107 - - [10/Apr/2025:13:58:14 +0200] "GET /Jurek/topeshop/downloaded_images/5902838463741_20st_close.jpg HTTP/2.0" 404 3551 "-" "baselinker"
206.198.219.196 - - [10/Apr/2025:13:58:14 +0200] "GET /Jurek/topeshop/downloaded_images/5904507200381_BILBAO7(4).jpg HTTP/2.0" 404 3551 "-" "Mozilla/5.0 (X11; Linux x86_64) AppleWebKit/537.36 (KHTML, like Gecko) Chrome/110.0.0.0 Safari/537.36"
51.77.52.107 - - [10/Apr/2025:13:58:14 +0200] "GET /Jurek/topeshop/downloaded_images/5902838463741_20st_close.jpg HTTP/2.0" 404 3551 "-" "baselinker"
34.133.239.145 - - [10/Apr/2025:13:58:15 +0200] "GET /Jurek/topeshop/downloaded_images/5904507200367_BILBAO7(3).jpg HTTP/1.1" 404 3551 "-" "Mozilla/5.0 (X11; Linux x86_64) AppleWebKit/537.36 (KHTML, like Gecko) Chrome/110.0.0.0 Safari/537.36"
51.77.52.107 - - [10/Apr/2025:13:58:15 +0200] "GET /Jurek/topeshop/downloaded_images/5902838463741_20st_close.jpg HTTP/2.0" 404 3551 "-" "baselinker"
34.133.239.145 - - [10/Apr/2025:13:58:15 +0200] "GET /Jurek/topeshop/downloaded_images/5904507201999_BILBAO4P__BIEL(3).jpg HTTP/1.1" 404 3551 "-" "Mozilla/5.0 (X11; Linux x86_64) AppleWebKit/537.36 (KHTML, like Gecko) Chrome/110.0.0.0 Safari/537.36"
51.77.52.107 - - [10/Apr/2025:13:58:16 +0200] "GET /Jurek/topeshop/downloaded_images/5904507209803_20st1Glina140.jpg HTTP/2.0" 200 24508 "-" "baselinker"
34.133.239.145 - - [10/Apr/2025:13:58:16 +0200] "GET /Jurek/topeshop/downloaded_images/5904507201982_BILBAO4P__SONOMA(2).jpg HTTP/1.1" 404 3551 "-" "Mozilla/5.0 (X11; Linux x86_64) AppleWebKit/537.36 (KHTML, like Gecko) Chrome/110.0.0.0 Safari/537.36"
167.160.75.21 - - [10/Apr/2025:13:58:16 +0200] "GET /Jurek/topeshop/downloaded_images/5904507200374_BILBAO7(4).jpg HTTP/2.0" 404 3551 "-" "Mozilla/5.0 (X11; Linux x86_64) AppleWebKit/537.36 (KHTML, like Gecko) Chrome/110.0.0.0 Safari/537.36"
34.133.239.145 - - [10/Apr/2025:13:58:17 +0200] "GET /Jurek/topeshop/downloaded_images/5904507202002_BILBAO4P__ARTISAN(1).jpg HTTP/1.1" 404 3551 "-" "Mozilla/5.0 (X11; Linux x86_64) AppleWebKit/537.36 (KHTML, like Gecko) Chrome/110.0.0.0 Safari/537.36"
130.44.202.51 - - [10/Apr/2025:13:58:21 +0200] "GET /Jurek/topeshop/downloaded_images/5904507200367_BILBAO7(3).jpg HTTP/2.0" 404 3551 "-" "Mozilla/5.0 (X11; Linux x86_64) AppleWebKit/537.36 (KHTML, like Gecko) Chrome/110.0.0.0 Safari/537.36"
130.44.202.51 - - [10/Apr/2025:13:58:22 +0200] "GET /Jurek/topeshop/downloaded_images/5904507201999_BILBAO4P__BIEL(3).jpg HTTP/2.0" 404 3551 "-" "Mozilla/5.0 (X11; Linux x86_64) AppleWebKit/537.36 (KHTML, like Gecko) Chrome/110.0.0.0 Safari/537.36"
209.163.117.111 - - [10/Apr/2025:13:58:22 +0200] "GET /Jurek/topeshop/downloaded_images/5904507201982_BILBAO4P__SONOMA(2).jpg HTTP/2.0" 404 3551 "-" "Mozilla/5.0 (X11; Linux x86_64) AppleWebKit/537.36 (KHTML, like Gecko) Chrome/110.0.0.0 Safari/537.36"
104.252.30.40 - - [10/Apr/2025:13:58:23 +0200] "GET /Jurek/topeshop/downloaded_images/5904507202002_BILBAO4P__ARTISAN(1).jpg HTTP/2.0" 404 3551 "-" "Mozilla/5.0 (X11; Linux x86_64) AppleWebKit/537.36 (KHTML, like Gecko) Chrome/110.0.0.0 Safari/537.36"
152.44.102.92 - - [10/Apr/2025:13:58:23 +0200] "GET /Jurek/topeshop/downloaded_images/5904507200381_BILBAO7(4).jpg HTTP/2.0" 404 3551 "-" "Mozilla/5.0 (X11; Linux x86_64) AppleWebKit/537.36 (KHTML, like Gecko) Chrome/110.0.0.0 Safari/537.36"
34.133.239.145 - - [10/Apr/2025:13:58:24 +0200] "GET /Jurek/topeshop/downloaded_images/5904507200381_1-bez-dodatk%C3%B3w-wymiary.jpg HTTP/1.1" 200 38026 "-" "Mozilla/5.0 (X11; Linux x86_64) AppleWebKit/537.36 (KHTML, like Gecko) Chrome/110.0.0.0 Safari/537.36"
66.135.223.44 - - [10/Apr/2025:13:58:25 +0200] "GET /Jurek/eurofirany/images/431883/0.jpg HTTP/1.1" 200 32980 "http://www.ebay.com/" "Mozilla/4.0 (compatible; MSIE 4.01; Windows NT)"
66.135.223.41 - - [10/Apr/2025:13:58:25 +0200] "GET /Jurek/eurofirany/images/431883/3.jpg HTTP/1.1" 200 87199 "http://www.ebay.com/" "Mozilla/4.0 (compatible; MSIE 4.01; Windows NT)"
66.135.223.40 - - [10/Apr/2025:13:58:25 +0200] "GET /Jurek/eurofirany/images/431883/2.jpg HTTP/1.1" 200 46088 "http://www.ebay.com/" "Mozilla/4.0 (compatible; MSIE 4.01; Windows NT)"
66.135.223.40 - - [10/Apr/2025:13:58:25 +0200] "GET /Jurek/eurofirany/images/431883/1.jpg HTTP/1.1" 200 126861 "http://www.ebay.com/" "Mozilla/4.0 (compatible; MSIE 4.01; Windows NT)"
66.135.223.41 - - [10/Apr/2025:13:58:25 +0200] "GET /Jurek/eurofirany/images/431883/4.jpg HTTP/1.1" 200 49140 "http://www.ebay.com/" "Mozilla/4.0 (compatible; MSIE 4.01; Windows NT)"
142.147.107.109 - - [10/Apr/2025:13:58:25 +0200] "GET /Jurek/topeshop/downloaded_images/5904507200374_BILBAO7(4).jpg HTTP/2.0" 404 3551 "-" "Mozilla/5.0 (X11; Linux x86_64) AppleWebKit/537.36 (KHTML, like Gecko) Chrome/110.0.0.0 Safari/537.36"
34.133.239.145 - - [10/Apr/2025:13:58:25 +0200] "GET /Jurek/topeshop/downloaded_images/5904507200374_2-bez-dodatk%C3%B3w-wymiary.jpg HTTP/1.1" 200 36945 "-" "Mozilla/5.0 (X11; Linux x86_64) AppleWebKit/537.36 (KHTML, like Gecko) Chrome/110.0.0.0 Safari/537.36"
136.0.46.90 - - [10/Apr/2025:13:58:30 +0200] "GET /Jurek/topeshop/downloaded_images/5904507201999_BILBAO4P__BIEL(3).jpg HTTP/2.0" 404 3551 "-" "Mozilla/5.0 (X11; Linux x86_64) AppleWebKit/537.36 (KHTML, like Gecko) Chrome/110.0.0.0 Safari/537.36"
51.77.52.107 - - [10/Apr/2025:13:58:31 +0200] "GET /Jurek/topeshop/downloaded_images/5904507209803_20st1Glina140.jpg HTTP/2.0" 200 24508 "-" "baselinker"
34.72.247.156 - - [10/Apr/2025:13:58:31 +0200] "GET /Jurek/topeshop/downloaded_images/5904507201999_BILBAO_4P1_2.png HTTP/1.1" 200 122005 "-" "Mozilla/5.0 (X11; Linux x86_64) AppleWebKit/537.36 (KHTML, like Gecko) Chrome/110.0.0.0 Safari/537.36"
192.177.109.88 - - [10/Apr/2025:13:58:31 +0200] "GET /Jurek/topeshop/downloaded_images/5904507200367_BILBAO7(3).jpg HTTP/2.0" 404 3551 "-" "Mozilla/5.0 (X11; Linux x86_64) AppleWebKit/537.36 (KHTML, like Gecko) Chrome/110.0.0.0 Safari/537.36"
147.53.114.104 - - [10/Apr/2025:13:58:31 +0200] "GET /Jurek/topeshop/downloaded_images/5904507201982_BILBAO4P__SONOMA(2).jpg HTTP/2.0" 404 3551 "-" "Mozilla/5.0 (X11; Linux x86_64) AppleWebKit/537.36 (KHTML, like Gecko) Chrome/110.0.0.0 Safari/537.36"
34.72.247.156 - - [10/Apr/2025:13:58:32 +0200] "GET /Jurek/topeshop/downloaded_images/5904507200367_1.jpg HTTP/1.1" 200 29380 "-" "Mozilla/5.0 (X11; Linux x86_64) AppleWebKit/537.36 (KHTML, like Gecko) Chrome/110.0.0.0 Safari/537.36"
51.77.52.107 - - [10/Apr/2025:13:58:32 +0200] "GET /Jurek/topeshop/downloaded_images/5904507209803_20st1Glina140.jpg HTTP/2.0" 200 24508 "-" "baselinker"
147.53.122.137 - - [10/Apr/2025:13:58:33 +0200] "GET /Jurek/topeshop/downloaded_images/5904507202002_BILBAO4P__ARTISAN(1).jpg HTTP/2.0" 404 3551 "-" "Mozilla/5.0 (X11; Linux x86_64) AppleWebKit/537.36 (KHTML, like Gecko) Chrome/110.0.0.0 Safari/537.36"
34.72.247.156 - - [10/Apr/2025:13:58:33 +0200] "GET /Jurek/topeshop/downloaded_images/5904507201982_BILBAO_4P1_1.png HTTP/1.1" 200 624336 "-" "Mozilla/5.0 (X11; Linux x86_64) AppleWebKit/537.36 (KHTML, like Gecko) Chrome/110.0.0.0 Safari/537.36"
34.72.247.156 - - [10/Apr/2025:13:58:34 +0200] "GET /Jurek/topeshop/downloaded_images/5904507202002_BILBAO_4P1_3.png HTTP/1.1" 200 571721 "-" "Mozilla/5.0 (X11; Linux x86_64) AppleWebKit/537.36 (KHTML, like Gecko) Chrome/110.0.0.0 Safari/537.36"
51.77.52.107 - - [10/Apr/2025:13:58:34 +0200] "GET /Jurek/topeshop/downloaded_images/5904507209131_20st1kaszmir140.jpg HTTP/2.0" 200 21473 "-" "baselinker"
51.77.52.107 - - [10/Apr/2025:13:58:45 +0200] "GET /Jurek/topeshop/downloaded_images/5904507209131_20st1kaszmir140.jpg HTTP/2.0" 200 21473 "-" "baselinker"
51.77.52.107 - - [10/Apr/2025:13:58:51 +0200] "GET /Jurek/eurofirany/images/464661/0.jpg HTTP/2.0" 200 221624 "-" "baselinker"
51.77.52.107 - - [10/Apr/2025:13:58:54 +0200] "GET /Jurek/eurofirany/images/453037/0.jpg HTTP/2.0" 200 80386 "-" "baselinker"
51.77.52.107 - - [10/Apr/2025:13:58:57 +0200] "GET /Jurek/eurofirany/images/439745/0.jpg HTTP/2.0" 200 62664 "-" "baselinker"
51.77.52.107 - - [10/Apr/2025:13:58:58 +0200] "GET /Jurek/topeshop/downloaded_images/5904507209131_20st1kaszmir140.jpg HTTP/2.0" 200 21473 "-" "baselinker"
51.77.52.107 - - [10/Apr/2025:13:59:01 +0200] "GET /Jurek/eurofirany/images/352563/0.jpg HTTP/2.0" 200 116632 "-" "baselinker"
51.77.52.107 - - [10/Apr/2025:13:59:12 +0200] "GET /Jurek/topeshop/downloaded_images/5902838461273_3.png HTTP/2.0" 404 3551 "-" "baselinker"
51.77.52.107 - - [10/Apr/2025:13:59:12 +0200] "GET /Jurek/topeshop/downloaded_images/5902838461273_3.png HTTP/2.0" 404 3551 "-" "baselinker"
51.77.52.107 - - [10/Apr/2025:13:59:13 +0200] "GET /Jurek/topeshop/downloaded_images/5902838461273_3.png HTTP/2.0" 404 3551 "-" "baselinker"
51.77.52.107 - - [10/Apr/2025:13:59:14 +0200] "GET /Jurek/topeshop/downloaded_images/5902838469989_2_(11).jpg HTTP/2.0" 200 23769 "-" "baselinker"
51.77.52.107 - - [10/Apr/2025:13:59:34 +0200] "GET /Jurek/topeshop/downloaded_images/5902838469989_2_(11).jpg HTTP/2.0" 200 23769 "-" "baselinker"
89.161.206.59 - - [10/Apr/2025:13:59:39 +0200] "GET /Jurek/snibbs/feeds/snibbs_skroutz.xml HTTP/1.0" 200 74399 "-" "-"
51.77.52.107 - - [10/Apr/2025:13:59:40 +0200] "GET /Jurek/topeshop/downloaded_images/5902838469989_2_(11).jpg HTTP/2.0" 200 23769 "-" "baselinker"
89.161.206.59 - - [10/Apr/2025:13:59:45 +0200] "GET /Jurek/globaldeli/feeds/globaldeli_skroutz.xml HTTP/1.0" 200 2590887 "-" "-"
51.77.52.107 - - [10/Apr/2025:13:59:47 +0200] "GET /Jurek/topeshop/downloaded_images/5902838469996_2.jpg HTTP/2.0" 200 29507 "-" "baselinker"
51.77.52.107 - - [10/Apr/2025:13:59:53 +0200] "GET /Jurek/topeshop/downloaded_images/5902838469996_2.jpg HTTP/2.0" 200 29507 "-" "baselinker"
66.135.223.40 - - [10/Apr/2025:13:59:58 +0200] "GET /Jurek/eurofirany/images/369556/0.jpg HTTP/1.1" 200 36358 "http://www.ebay.com/" "Mozilla/4.0 (compatible; MSIE 4.01; Windows NT)"
66.135.223.44 - - [10/Apr/2025:13:59:58 +0200] "GET /Jurek/eurofirany/images/431864/0.jpg HTTP/1.1" 200 21208 "http://www.ebay.com/" "Mozilla/4.0 (compatible; MSIE 4.01; Windows NT)"
66.135.223.42 - - [10/Apr/2025:13:59:58 +0200] "GET /Jurek/eurofirany/images/431864/4.jpg HTTP/1.1" 200 49140 "http://www.ebay.com/" "Mozilla/4.0 (compatible; MSIE 4.01; Windows NT)"
66.135.223.44 - - [10/Apr/2025:13:59:58 +0200] "GET /Jurek/eurofirany/images/431864/2.jpg HTTP/1.1" 200 46088 "http://www.ebay.com/" "Mozilla/4.0 (compatible; MSIE 4.01; Windows NT)"
66.135.223.40 - - [10/Apr/2025:13:59:58 +0200] "GET /Jurek/eurofirany/images/431864/3.jpg HTTP/1.1" 200 87199 "http://www.ebay.com/" "Mozilla/4.0 (compatible; MSIE 4.01; Windows NT)"
66.135.223.43 - - [10/Apr/2025:13:59:59 +0200] "GET /Jurek/eurofirany/images/369523/2.jpg HTTP/1.1" 200 16503 "http://www.ebay.com/" "Mozilla/4.0 (compatible; MSIE 4.01; Windows NT)"
66.135.223.44 - - [10/Apr/2025:13:59:59 +0200] "GET /Jurek/eurofirany/images/369523/4.jpg HTTP/1.1" 200 59202 "http://www.ebay.com/" "Mozilla/4.0 (compatible; MSIE 4.01; Windows NT)"
66.135.223.42 - - [10/Apr/2025:13:59:59 +0200] "GET /Jurek/eurofirany/images/369523/3.jpg HTTP/1.1" 200 31377 "http://www.ebay.com/" "Mozilla/4.0 (compatible; MSIE 4.01; Windows NT)"
66.135.223.42 - - [10/Apr/2025:13:59:59 +0200] "GET /Jurek/eurofirany/images/369523/1.jpg HTTP/1.1" 200 16503 "http://www.ebay.com/" "Mozilla/4.0 (compatible; MSIE 4.01; Windows NT)"
66.135.223.41 - - [10/Apr/2025:13:59:59 +0200] "GET /Jurek/eurofirany/images/369523/5.jpg HTTP/1.1" 200 90360 "http://www.ebay.com/" "Mozilla/4.0 (compatible; MSIE 4.01; Windows NT)"
66.135.223.41 - - [10/Apr/2025:13:59:59 +0200] "GET /Jurek/eurofirany/images/369523/0.jpg HTTP/1.1" 200 16503 "http://www.ebay.com/" "Mozilla/4.0 (compatible; MSIE 4.01; Windows NT)"
66.135.223.42 - - [10/Apr/2025:13:59:59 +0200] "GET /Jurek/eurofirany/images/431864/1.jpg HTTP/1.1" 200 164694 "http://www.ebay.com/" "Mozilla/4.0 (compatible; MSIE 4.01; Windows NT)"
164.92.232.189 - - [10/Apr/2025:14:00:01 +0200] "GET /subskrypcje/AMD/feeds/amd_cz.xml HTTP/1.1" 200 518486 "-" "-"
66.135.223.44 - - [10/Apr/2025:14:00:02 +0200] "GET /Jurek/eurofirany/images/459742/0.jpg HTTP/1.1" 200 40056 "http://www.ebay.com/" "Mozilla/4.0 (compatible; MSIE 4.01; Windows NT)"
66.135.223.43 - - [10/Apr/2025:14:00:02 +0200] "GET /Jurek/eurofirany/images/459742/1.jpg HTTP/1.1" 200 45180 "http://www.ebay.com/" "Mozilla/4.0 (compatible; MSIE 4.01; Windows NT)"
51.77.52.107 - - [10/Apr/2025:14:00:02 +0200] "GET /Jurek/topeshop/downloaded_images/5902838469996_2.jpg HTTP/2.0" 200 29507 "-" "baselinker"
66.211.183.74 - - [10/Apr/2025:14:00:08 +0200] "GET /Jurek/eurofirany/images/431871/0.jpg HTTP/1.1" 200 56554 "http://www.ebay.com/" "Mozilla/4.0 (compatible; MSIE 4.01; Windows NT)"
66.211.183.72 - - [10/Apr/2025:14:00:08 +0200] "GET /Jurek/eurofirany/images/431871/2.jpg HTTP/1.1" 200 46088 "http://www.ebay.com/" "Mozilla/4.0 (compatible; MSIE 4.01; Windows NT)"
66.211.183.74 - - [10/Apr/2025:14:00:08 +0200] "GET /Jurek/eurofirany/images/431871/3.jpg HTTP/1.1" 200 87199 "http://www.ebay.com/" "Mozilla/4.0 (compatible; MSIE 4.01; Windows NT)"
66.211.183.72 - - [10/Apr/2025:14:00:08 +0200] "GET /Jurek/eurofirany/images/431871/4.jpg HTTP/1.1" 200 49140 "http://www.ebay.com/" "Mozilla/4.0 (compatible; MSIE 4.01; Windows NT)"
66.211.183.72 - - [10/Apr/2025:14:00:08 +0200] "GET /Jurek/eurofirany/images/431871/1.jpg HTTP/1.1" 200 119366 "http://www.ebay.com/" "Mozilla/4.0 (compatible; MSIE 4.01; Windows NT)"
164.92.232.189 - - [10/Apr/2025:14:00:11 +0200] "GET /subskrypcje/AMD/feeds/amd_sk.xml HTTP/1.1" 200 528562 "-" "-"
164.92.232.189 - - [10/Apr/2025:14:00:11 +0200] "GET /subskrypcje/OverHorse/overhorse_mallcz.xml HTTP/1.1" 200 112935 "-" "-"
34.72.247.156 - - [10/Apr/2025:14:00:15 +0200] "GET /Jurek/topeshop/downloaded_images/5904507201883_MIJASBIURKOANTRACYTPRAWE.2tif.png HTTP/1.1" 404 3551 "-" "Mozilla/5.0 (X11; Linux x86_64) AppleWebKit/537.36 (KHTML, like Gecko) Chrome/110.0.0.0 Safari/537.36"
66.211.183.74 - - [10/Apr/2025:14:00:15 +0200] "GET /Jurek/eurofirany/images/369504/0.jpg HTTP/1.1" 200 16503 "-" "Java/17.0.13.0.101"
66.135.223.43 - - [10/Apr/2025:14:00:16 +0200] "GET /Jurek/eurofirany/images/369548/0.jpg HTTP/1.1" 200 30296 "http://www.ebay.com/" "Mozilla/4.0 (compatible; MSIE 4.01; Windows NT)"
66.135.223.43 - - [10/Apr/2025:14:00:16 +0200] "GET /Jurek/eurofirany/images/369548/1.jpg HTTP/1.1" 200 46493 "http://www.ebay.com/" "Mozilla/4.0 (compatible; MSIE 4.01; Windows NT)"
66.135.223.40 - - [10/Apr/2025:14:00:16 +0200] "GET /Jurek/eurofirany/images/369548/2.jpg HTTP/1.1" 200 64327 "http://www.ebay.com/" "Mozilla/4.0 (compatible; MSIE 4.01; Windows NT)"
66.135.223.41 - - [10/Apr/2025:14:00:16 +0200] "GET /Jurek/eurofirany/images/369548/3.jpg HTTP/1.1" 200 82489 "http://www.ebay.com/" "Mozilla/4.0 (compatible; MSIE 4.01; Windows NT)"
34.72.247.156 - - [10/Apr/2025:14:00:19 +0200] "GET /Jurek/topeshop/downloaded_images/5904507201883_MIJASBIURKOANTRACYTPRAWE.2tif.png HTTP/1.1" 404 3551 "-" "Mozilla/5.0 (X11; Linux x86_64) AppleWebKit/537.36 (KHTML, like Gecko) Chrome/110.0.0.0 Safari/537.36"
66.211.183.72 - - [10/Apr/2025:14:00:21 +0200] "GET /Jurek/eurofirany/images/369555/0.jpg HTTP/1.1" 200 16503 "http://www.ebay.com/" "Mozilla/4.0 (compatible; MSIE 4.01; Windows NT)"
66.211.183.70 - - [10/Apr/2025:14:00:21 +0200] "GET /Jurek/eurofirany/images/369555/1.jpg HTTP/1.1" 200 44999 "http://www.ebay.com/" "Mozilla/4.0 (compatible; MSIE 4.01; Windows NT)"
66.211.183.71 - - [10/Apr/2025:14:00:21 +0200] "GET /Jurek/eurofirany/images/369555/2.jpg HTTP/1.1" 200 59202 "http://www.ebay.com/" "Mozilla/4.0 (compatible; MSIE 4.01; Windows NT)"
66.211.183.74 - - [10/Apr/2025:14:00:21 +0200] "GET /Jurek/eurofirany/images/369555/3.jpg HTTP/1.1" 200 90360 "http://www.ebay.com/" "Mozilla/4.0 (compatible; MSIE 4.01; Windows NT)"
164.92.232.189 - - [10/Apr/2025:14:00:22 +0200] "GET /subskrypcje/mondex/feeds/mondex_mall_cz.xml HTTP/1.1" 200 2203515 "-" "-"
51.77.52.107 - - [10/Apr/2025:14:00:23 +0200] "GET /Jurek/topeshop/downloaded_images/5902838464366_1.jpg HTTP/2.0" 200 55449 "-" "baselinker"
34.72.247.156 - - [10/Apr/2025:14:00:24 +0200] "GET /Jurek/topeshop/downloaded_images/5904507201883_MIJASBIURKOANTRACYTPRAWE.2tif.png HTTP/1.1" 404 3551 "-" "Mozilla/5.0 (X11; Linux x86_64) AppleWebKit/537.36 (KHTML, like Gecko) Chrome/110.0.0.0 Safari/537.36"
66.211.183.74 - - [10/Apr/2025:14:00:29 +0200] "GET /Jurek/eurofirany/images/466831/0.jpg HTTP/1.1" 200 178405 "http://www.ebay.com/" "Mozilla/4.0 (compatible; MSIE 4.01; Windows NT)"
66.135.223.44 - - [10/Apr/2025:14:00:31 +0200] "GET /Jurek/eurofirany/images/470167/0.jpg HTTP/1.1" 200 33030 "http://www.ebay.com/" "Mozilla/4.0 (compatible; MSIE 4.01; Windows NT)"
51.77.52.107 - - [10/Apr/2025:14:00:31 +0200] "GET /Jurek/topeshop/downloaded_images/5902838464366_1.jpg HTTP/2.0" 200 55449 "-" "baselinker"
66.135.223.41 - - [10/Apr/2025:14:00:31 +0200] "GET /Jurek/eurofirany/images/470167/1.jpg HTTP/1.1" 200 216563 "http://www.ebay.com/" "Mozilla/4.0 (compatible; MSIE 4.01; Windows NT)"
209.251.20.151 - - [10/Apr/2025:14:00:31 +0200] "GET /Jurek/topeshop/downloaded_images/5904507201883_MIJASBIURKOANTRACYTPRAWE.2tif.png HTTP/2.0" 404 3551 "-" "Mozilla/5.0 (X11; Linux x86_64) AppleWebKit/537.36 (KHTML, like Gecko) Chrome/110.0.0.0 Safari/537.36"
66.211.183.70 - - [10/Apr/2025:14:00:34 +0200] "GET /Jurek/eurofirany/images/459595/0.jpg HTTP/1.1" 200 88551 "http://www.ebay.com/" "Mozilla/4.0 (compatible; MSIE 4.01; Windows NT)"
66.211.183.72 - - [10/Apr/2025:14:00:34 +0200] "GET /Jurek/eurofirany/images/459595/1.jpg HTTP/1.1" 200 71495 "http://www.ebay.com/" "Mozilla/4.0 (compatible; MSIE 4.01; Windows NT)"
3.74.7.74 - - [10/Apr/2025:14:00:37 +0200] "GET /Jurek/eurofirany/images/467557/0.jpg HTTP/2.0" 200 94707 "-" "Mozilla/5.0 (Windows NT 10.0; Win64; x64) AppleWebKit/537.36 (KHTML, like Gecko) Chrome/109.0.0.0 Safari/537.36"
3.126.202.245 - - [10/Apr/2025:14:00:39 +0200] "GET /Jurek/eurofirany/images/467555/0.jpg HTTP/2.0" 200 124308 "-" "Mozilla/5.0 (Windows NT 10.0; Win64; x64) AppleWebKit/537.36 (KHTML, like Gecko) Chrome/109.0.0.0 Safari/537.36"
3.126.202.245 - - [10/Apr/2025:14:00:39 +0200] "GET /Jurek/eurofirany/images/467553/0.jpg HTTP/2.0" 200 131649 "-" "Mozilla/5.0 (Windows NT 10.0; Win64; x64) AppleWebKit/537.36 (KHTML, like Gecko) Chrome/109.0.0.0 Safari/537.36"
66.135.223.40 - - [10/Apr/2025:14:00:40 +0200] "GET /Jurek/eurofirany/images/466839/0.jpg HTTP/1.1" 200 127737 "http://www.ebay.com/" "Mozilla/4.0 (compatible; MSIE 4.01; Windows NT)"
170.199.228.182 - - [10/Apr/2025:14:00:40 +0200] "GET /Jurek/topeshop/downloaded_images/5904507201883_MIJASBIURKOANTRACYTPRAWE.2tif.png HTTP/2.0" 404 3551 "-" "Mozilla/5.0 (X11; Linux x86_64) AppleWebKit/537.36 (KHTML, like Gecko) Chrome/110.0.0.0 Safari/537.36"
34.133.239.145 - - [10/Apr/2025:14:00:40 +0200] "GET /Jurek/topeshop/downloaded_images/5904507201883_MIJASBIURKOBRY%C5%81KAANTRACYTPRAWEBOKZM.jpg HTTP/1.1" 404 3551 "-" "Mozilla/5.0 (X11; Linux x86_64) AppleWebKit/537.36 (KHTML, like Gecko) Chrome/110.0.0.0 Safari/537.36"
34.133.239.145 - - [10/Apr/2025:14:00:43 +0200] "GET /Jurek/topeshop/downloaded_images/5904507201883_MIJASBIURKOBRY%C5%81KAANTRACYTPRAWEBOKZM.jpg HTTP/1.1" 404 3551 "-" "Mozilla/5.0 (X11; Linux x86_64) AppleWebKit/537.36 (KHTML, like Gecko) Chrome/110.0.0.0 Safari/537.36"
18.157.125.26 - - [10/Apr/2025:14:00:44 +0200] "GET /Jurek/eurofirany/images/467551/0.jpg HTTP/2.0" 200 131649 "-" "Mozilla/5.0 (Windows NT 10.0; Win64; x64) AppleWebKit/537.36 (KHTML, like Gecko) Chrome/109.0.0.0 Safari/537.36"
52.18.22.0 - - [10/Apr/2025:14:00:44 +0200] "GET /marketplaces/ubaldi/results/ubaldi.csv HTTP/1.1" 200 147219 "-" "Mirakl HttpClient"
18.157.125.26 - - [10/Apr/2025:14:00:45 +0200] "GET /Jurek/eurofirany/images/467550/0.jpg HTTP/2.0" 200 139953 "-" "Mozilla/5.0 (Windows NT 10.0; Win64; x64) AppleWebKit/537.36 (KHTML, like Gecko) Chrome/109.0.0.0 Safari/537.36"
66.211.183.72 - - [10/Apr/2025:14:00:46 +0200] "GET /Jurek/eurofirany/images/466833/0.jpg HTTP/1.1" 200 129942 "http://www.ebay.com/" "Mozilla/4.0 (compatible; MSIE 4.01; Windows NT)"
51.77.52.107 - - [10/Apr/2025:14:00:47 +0200] "GET /Jurek/topeshop/downloaded_images/5902838464366_1.jpg HTTP/2.0" 200 55449 "-" "baselinker"
34.72.247.156 - - [10/Apr/2025:14:00:49 +0200] "GET /Jurek/topeshop/downloaded_images/5904507201883_MIJASBIURKOBRY%C5%81KAANTRACYTPRAWEBOKZM.jpg HTTP/1.1" 404 3551 "-" "Mozilla/5.0 (X11; Linux x86_64) AppleWebKit/537.36 (KHTML, like Gecko) Chrome/110.0.0.0 Safari/537.36"
3.74.7.74 - - [10/Apr/2025:14:00:52 +0200] "GET /Jurek/eurofirany/images/467555/0.jpg HTTP/2.0" 200 124308 "-" "Mozilla/5.0 (Windows NT 10.0; Win64; x64) AppleWebKit/537.36 (KHTML, like Gecko) Chrome/109.0.0.0 Safari/537.36"
156.239.60.190 - - [10/Apr/2025:14:00:56 +0200] "GET /Jurek/topeshop/downloaded_images/5904507201883_MIJASBIURKOBRY%C5%81KAANTRACYTPRAWEBOKZM.jpg HTTP/2.0" 404 3551 "-" "Mozilla/5.0 (X11; Linux x86_64) AppleWebKit/537.36 (KHTML, like Gecko) Chrome/110.0.0.0 Safari/537.36"
147.53.124.168 - - [10/Apr/2025:14:01:05 +0200] "GET /Jurek/topeshop/downloaded_images/5904507201883_MIJASBIURKOBRY%C5%81KAANTRACYTPRAWEBOKZM.jpg HTTP/2.0" 404 3551 "-" "Mozilla/5.0 (X11; Linux x86_64) AppleWebKit/537.36 (KHTML, like Gecko) Chrome/110.0.0.0 Safari/537.36"
216.113.184.102 - - [10/Apr/2025:14:01:05 +0200] "GET /Jurek/eurofirany/images/467551/0.jpg HTTP/1.1" 200 131649 "http://www.ebay.com/" "Mozilla/4.0 (compatible; MSIE 4.01; Windows NT)"
216.113.184.101 - - [10/Apr/2025:14:01:05 +0200] "GET /Jurek/eurofirany/images/467551/1.jpg HTTP/1.1" 200 123168 "http://www.ebay.com/" "Mozilla/4.0 (compatible; MSIE 4.01; Windows NT)"
216.113.184.103 - - [10/Apr/2025:14:01:06 +0200] "GET /Jurek/eurofirany/images/467551/2.jpg HTTP/1.1" 200 166473 "http://www.ebay.com/" "Mozilla/4.0 (compatible; MSIE 4.01; Windows NT)"
216.113.184.101 - - [10/Apr/2025:14:01:06 +0200] "GET /Jurek/eurofirany/images/467551/3.jpg HTTP/1.1" 200 158846 "http://www.ebay.com/" "Mozilla/4.0 (compatible; MSIE 4.01; Windows NT)"
216.113.184.102 - - [10/Apr/2025:14:01:06 +0200] "GET /Jurek/eurofirany/images/467551/4.jpg HTTP/1.1" 200 279589 "http://www.ebay.com/" "Mozilla/4.0 (compatible; MSIE 4.01; Windows NT)"
51.77.52.107 - - [10/Apr/2025:14:01:06 +0200] "GET /Jurek/topeshop/downloaded_images/5904507207021_miniaturka.jpg HTTP/2.0" 200 103564 "-" "baselinker"
66.135.223.40 - - [10/Apr/2025:14:01:12 +0200] "GET /Jurek/eurofirany/images/466824/0.jpg HTTP/1.1" 200 96618 "http://www.ebay.com/" "Mozilla/4.0 (compatible; MSIE 4.01; Windows NT)"
66.135.223.40 - - [10/Apr/2025:14:01:12 +0200] "GET /Jurek/eurofirany/images/466824/1.jpg HTTP/1.1" 200 89260 "http://www.ebay.com/" "Mozilla/4.0 (compatible; MSIE 4.01; Windows NT)"
66.135.223.42 - - [10/Apr/2025:14:01:12 +0200] "GET /Jurek/eurofirany/images/466824/2.jpg HTTP/1.1" 200 94144 "http://www.ebay.com/" "Mozilla/4.0 (compatible; MSIE 4.01; Windows NT)"
