89.161.206.59 - - [10/Apr/2025:12:51:54 +0200] "GET /Jurek/benetech/feeds/benetech_skroutz.xml HTTP/1.0" 200 2689628 "-" "-"
51.77.52.107 - - [10/Apr/2025:12:51:56 +0200] "GET /Jurek/topeshop/downloaded_images/5902838461655_60_s.png HTTP/2.0" 200 434541 "-" "baselinker"
51.77.52.107 - - [10/Apr/2025:12:52:00 +0200] "GET /Jurek/topeshop/downloaded_images/5904507201937_R80-REGA\xC5\x81_.png HTTP/2.0" 200 293454 "-" "baselinker"
51.77.52.107 - - [10/Apr/2025:12:52:06 +0200] "GET /Jurek/topeshop/downloaded_images/5904507201937_R80-REGA\xC5\x81_.png HTTP/2.0" 200 293454 "-" "baselinker"
51.77.52.107 - - [10/Apr/2025:12:52:08 +0200] "GET /Jurek/topeshop/downloaded_images/5904507201937_R80-REGA\xC5\x81_.png HTTP/2.0" 200 293454 "-" "baselinker"
51.77.52.107 - - [10/Apr/2025:12:52:11 +0200] "GET /Jurek/eurofirany/images/468473/0.jpg HTTP/2.0" 200 104492 "-" "baselinker"
46.101.116.244 - - [10/Apr/2025:12:52:15 +0200] "GET /Jurek/aw/feeds/aw_fnacfr.xml HTTP/1.0" 404 3551 "-" "-"
51.77.52.107 - - [10/Apr/2025:12:52:16 +0200] "GET /Jurek/topeshop/downloaded_images/5902838467220_r80-artisan-2.png HTTP/2.0" 200 606700 "-" "baselinker"
51.77.52.107 - - [10/Apr/2025:12:52:26 +0200] "GET /Jurek/eurofirany/images/468480/0.jpg HTTP/2.0" 200 102504 "-" "baselinker"
51.77.52.107 - - [10/Apr/2025:12:52:29 +0200] "GET /Jurek/topeshop/downloaded_images/5902838467220_r80-artisan-2.png HTTP/2.0" 200 606700 "-" "baselinker"
51.77.52.107 - - [10/Apr/2025:12:52:38 +0200] "GET /Jurek/topeshop/downloaded_images/5902838467220_r80-artisan-2.png HTTP/2.0" 200 606700 "-" "baselinker"
51.77.52.107 - - [10/Apr/2025:12:52:48 +0200] "GET /Jurek/topeshop/downloaded_images/5902838461709_80.png HTTP/2.0" 200 244303 "-" "baselinker"
51.77.52.107 - - [10/Apr/2025:12:52:48 +0200] "GET /Jurek/eurofirany/images/468480/0.jpg HTTP/2.0" 200 102504 "-" "baselinker"
51.77.52.107 - - [10/Apr/2025:12:53:07 +0200] "GET /Jurek/eurofirany/images/468480/0.jpg HTTP/2.0" 200 102504 "-" "baselinker"
51.77.52.107 - - [10/Apr/2025:12:53:09 +0200] "GET /Jurek/topeshop/downloaded_images/5902838461709_80.png HTTP/2.0" 200 244303 "-" "baselinker"
51.77.52.107 - - [10/Apr/2025:12:53:16 +0200] "GET /Jurek/topeshop/downloaded_images/5902838461709_80.png HTTP/2.0" 200 244303 "-" "baselinker"
51.77.52.107 - - [10/Apr/2025:12:53:19 +0200] "GET /Jurek/topeshop/downloaded_images/5902838463642_e544c1eb422d967c2610b3835974.jpg HTTP/2.0" 200 29639 "-" "baselinker"
51.77.52.107 - - [10/Apr/2025:12:53:22 +0200] "GET /Jurek/eurofirany/images/468474/0.jpg HTTP/2.0" 200 119719 "-" "baselinker"
51.77.52.107 - - [10/Apr/2025:12:53:36 +0200] "GET /Jurek/topeshop/downloaded_images/5902838463642_e544c1eb422d967c2610b3835974.jpg HTTP/2.0" 200 29639 "-" "baselinker"
51.77.52.107 - - [10/Apr/2025:12:53:38 +0200] "GET /Jurek/eurofirany/images/468474/0.jpg HTTP/2.0" 200 119719 "-" "baselinker"
51.77.52.107 - - [10/Apr/2025:12:53:42 +0200] "GET /Jurek/topeshop/downloaded_images/5902838463642_e544c1eb422d967c2610b3835974.jpg HTTP/2.0" 200 29639 "-" "baselinker"
193.33.8.61 - - [10/Apr/2025:12:53:46 +0200] "GET /Jurek/hdwr/feeds/hdwr_mallsish.xml HTTP/2.0" 200 789391 "https://konsola.dkkapusta1997.usermd.net/" "Mozilla/5.0 (Windows NT 10.0; Win64; x64) AppleWebKit/537.36 (KHTML, like Gecko) Chrome/135.0.0.0 Safari/537.36"
51.77.52.107 - - [10/Apr/2025:12:53:47 +0200] "GET /Jurek/topeshop/downloaded_images/5904507209780_R80_20_Glina.jpg HTTP/2.0" 200 35287 "-" "baselinker"
51.77.52.107 - - [10/Apr/2025:12:53:53 +0200] "GET /Jurek/topeshop/downloaded_images/5904507209780_R80_20_Glina.jpg HTTP/2.0" 200 35287 "-" "baselinker"
77.79.248.229 - - [10/Apr/2025:12:53:56 +0200] "GET /Jurek/hdwr/feeds/hdwr_mallsish.xml HTTP/1.1" 200 789391 "-" "Python-urllib/3.11"
54.76.121.17 - - [10/Apr/2025:12:53:58 +0200] "GET /Jurek/hdwr/feeds/hdwr_mallsish.xml HTTP/1.1" 200 147219 "-" "Mozilla/5.0 (Macintosh; Intel Mac OS X 10_13_6) AppleWebKit/537.36 (KHTML, like Gecko) Chrome/73.0.3669.0 Safari/537.36"
54.171.3.247 - - [10/Apr/2025:12:53:59 +0200] "GET /Jurek/hdwr/feeds/hdwr_mallsish.xml HTTP/1.1" 200 789391 "-" "ClickUpLinkUnfurler/1.0 (+https://clickup.com)"
54.76.121.17 - - [10/Apr/2025:12:53:59 +0200] "GET /Jurek/hdwr/feeds/hdwr_mallsish.xml HTTP/1.1" 200 147219 "-" "Mozilla/5.0 (Macintosh; Intel Mac OS X 10_13_6) AppleWebKit/537.36 (KHTML, like Gecko) Chrome/73.0.3669.0 Safari/537.36"
54.171.3.247 - - [10/Apr/2025:12:54:00 +0200] "GET /Jurek/hdwr/feeds/hdwr_mallsish.xml HTTP/1.1" 200 789391 "-" "ClickUpLinkUnfurler/1.0 (+https://clickup.com)"
51.77.52.107 - - [10/Apr/2025:12:54:00 +0200] "GET /Jurek/eurofirany/images/468474/0.jpg HTTP/2.0" 200 119719 "-" "baselinker"
51.77.52.107 - - [10/Apr/2025:12:54:00 +0200] "GET /Jurek/topeshop/downloaded_images/5904507209780_R80_20_Glina.jpg HTTP/2.0" 200 35287 "-" "baselinker"
51.77.52.107 - - [10/Apr/2025:12:54:04 +0200] "GET /Jurek/topeshop/downloaded_images/5904507209636_R80_20_kaszmir.jpg HTTP/2.0" 200 31126 "-" "baselinker"
51.77.52.107 - - [10/Apr/2025:12:54:10 +0200] "GET /Jurek/topeshop/downloaded_images/5904507209636_R80_20_kaszmir.jpg HTTP/2.0" 200 31126 "-" "baselinker"
51.77.52.107 - - [10/Apr/2025:12:54:21 +0200] "GET /Jurek/eurofirany/images/468481/0.jpg HTTP/2.0" 200 110091 "-" "baselinker"
51.77.52.107 - - [10/Apr/2025:12:54:40 +0200] "GET /Jurek/eurofirany/images/468481/0.jpg HTTP/2.0" 200 110091 "-" "baselinker"
51.77.52.107 - - [10/Apr/2025:12:54:44 +0200] "GET /Jurek/topeshop/downloaded_images/5904507209636_R80_20_kaszmir.jpg HTTP/2.0" 200 31126 "-" "baselinker"
51.77.52.107 - - [10/Apr/2025:12:54:51 +0200] "GET /Jurek/topeshop/downloaded_images/5902838461716_80_s.png HTTP/2.0" 200 562593 "-" "baselinker"
51.77.52.107 - - [10/Apr/2025:12:54:53 +0200] "GET /Jurek/eurofirany/images/468481/0.jpg HTTP/2.0" 200 110091 "-" "baselinker"
51.77.52.107 - - [10/Apr/2025:12:55:04 +0200] "GET /Jurek/topeshop/downloaded_images/5902838461716_80_s.png HTTP/2.0" 200 562593 "-" "baselinker"
51.77.52.107 - - [10/Apr/2025:12:55:08 +0200] "GET /Jurek/topeshop/downloaded_images/5902838461716_80_s.png HTTP/2.0" 200 562593 "-" "baselinker"
51.77.52.107 - - [10/Apr/2025:12:55:08 +0200] "GET /Jurek/eurofirany/images/419764/0.jpg HTTP/2.0" 200 6595 "-" "baselinker"
51.77.52.107 - - [10/Apr/2025:12:55:09 +0200] "GET /Jurek/eurofirany/images/419764/0.jpg HTTP/2.0" 200 6595 "-" "baselinker"
51.77.52.107 - - [10/Apr/2025:12:55:09 +0200] "GET /Jurek/eurofirany/images/419764/0.jpg HTTP/2.0" 200 6595 "-" "baselinker"
51.77.52.107 - - [10/Apr/2025:12:55:10 +0200] "GET /Jurek/eurofirany/images/467112/0.jpg HTTP/2.0" 200 108316 "-" "baselinker"
51.77.52.107 - - [10/Apr/2025:12:55:12 +0200] "GET /Jurek/topeshop/downloaded_images/5902838466230_4.png HTTP/2.0" 404 3551 "-" "baselinker"
51.77.52.107 - - [10/Apr/2025:12:55:12 +0200] "GET /Jurek/topeshop/downloaded_images/5902838466230_4.png HTTP/2.0" 404 3551 "-" "baselinker"
51.77.52.107 - - [10/Apr/2025:12:55:13 +0200] "GET /Jurek/topeshop/downloaded_images/5902838466230_4.png HTTP/2.0" 404 3551 "-" "baselinker"
51.77.52.107 - - [10/Apr/2025:12:55:13 +0200] "GET /Jurek/topeshop/downloaded_images/5902838466469_3(1).png HTTP/2.0" 404 3551 "-" "baselinker"
51.77.52.107 - - [10/Apr/2025:12:55:14 +0200] "GET /Jurek/topeshop/downloaded_images/5902838466469_3(1).png HTTP/2.0" 404 3551 "-" "baselinker"
51.77.52.107 - - [10/Apr/2025:12:55:15 +0200] "GET /Jurek/topeshop/downloaded_images/5902838466469_3(1).png HTTP/2.0" 404 3551 "-" "baselinker"
51.77.52.107 - - [10/Apr/2025:12:55:15 +0200] "GET /Jurek/topeshop/downloaded_images/5902838467794_PROFILL.png HTTP/2.0" 404 3551 "-" "baselinker"
51.77.52.107 - - [10/Apr/2025:12:55:16 +0200] "GET /Jurek/topeshop/downloaded_images/5902838467794_PROFILL.png HTTP/2.0" 404 3551 "-" "baselinker"
51.77.52.107 - - [10/Apr/2025:12:55:16 +0200] "GET /Jurek/eurofirany/images/467112/0.jpg HTTP/2.0" 200 108316 "-" "baselinker"
51.77.52.107 - - [10/Apr/2025:12:55:17 +0200] "GET /Jurek/topeshop/downloaded_images/5902838467794_PROFILL.png HTTP/2.0" 404 3551 "-" "baselinker"
51.77.52.107 - - [10/Apr/2025:12:55:17 +0200] "GET /Jurek/topeshop/downloaded_images/5902838466247_3(1).png HTTP/2.0" 404 3551 "-" "baselinker"
51.77.52.107 - - [10/Apr/2025:12:55:18 +0200] "GET /Jurek/topeshop/downloaded_images/5902838466247_3(1).png HTTP/2.0" 404 3551 "-" "baselinker"
51.77.52.107 - - [10/Apr/2025:12:55:19 +0200] "GET /Jurek/topeshop/downloaded_images/5902838466247_3(1).png HTTP/2.0" 404 3551 "-" "baselinker"
51.77.52.107 - - [10/Apr/2025:12:55:19 +0200] "GET /Jurek/topeshop/downloaded_images/5902838466476_PROFIL.jpg HTTP/2.0" 404 3551 "-" "baselinker"
51.77.52.107 - - [10/Apr/2025:12:55:20 +0200] "GET /Jurek/topeshop/downloaded_images/5902838466476_PROFIL.jpg HTTP/2.0" 404 3551 "-" "baselinker"
51.77.52.107 - - [10/Apr/2025:12:55:20 +0200] "GET /Jurek/topeshop/downloaded_images/5902838466476_PROFIL.jpg HTTP/2.0" 404 3551 "-" "baselinker"
51.77.52.107 - - [10/Apr/2025:12:55:21 +0200] "GET /Jurek/eurofirany/images/467112/0.jpg HTTP/2.0" 200 108316 "-" "baselinker"
51.77.52.107 - - [10/Apr/2025:12:55:21 +0200] "GET /Jurek/topeshop/downloaded_images/5904507201586_Artisan_pusta.jpg HTTP/2.0" 200 29145 "-" "baselinker"
51.77.52.107 - - [10/Apr/2025:12:55:26 +0200] "GET /Jurek/eurofirany/images/420925/0.jpg HTTP/2.0" 200 73821 "-" "baselinker"
51.77.52.107 - - [10/Apr/2025:12:55:30 +0200] "GET /Jurek/topeshop/downloaded_images/5904507201586_Artisan_pusta.jpg HTTP/2.0" 200 29145 "-" "baselinker"
51.77.52.107 - - [10/Apr/2025:12:55:44 +0200] "GET /Jurek/eurofirany/images/420925/0.jpg HTTP/2.0" 200 73821 "-" "baselinker"
51.77.52.107 - - [10/Apr/2025:12:55:47 +0200] "GET /Jurek/topeshop/downloaded_images/5904507201586_Artisan_pusta.jpg HTTP/2.0" 200 29145 "-" "baselinker"
66.249.69.172 - - [10/Apr/2025:12:56:01 +0200] "GET /Jurek/eurofirany/images/367116/1.jpg HTTP/1.1" 200 54413 "-" "Googlebot-Image/1.0"
51.77.52.107 - - [10/Apr/2025:12:56:02 +0200] "GET /Jurek/eurofirany/images/420925/0.jpg HTTP/2.0" 200 73821 "-" "baselinker"
89.161.206.59 - - [10/Apr/2025:12:56:05 +0200] "GET /Jurek/oromed/feeds/oromed_skroutz.xml HTTP/1.0" 200 1073884 "-" "-"
89.161.206.59 - - [10/Apr/2025:12:56:06 +0200] "GET /Jurek/ralmetal/feeds/ralmetal_skroutz.xml HTTP/1.0" 200 1808607 "-" "-"
89.161.206.59 - - [10/Apr/2025:12:56:22 +0200] "GET /Jurek/narzbud/feeds/narzbud_skroutz.xml HTTP/1.0" 200 1901246 "-" "-"
89.161.206.59 - - [10/Apr/2025:12:56:23 +0200] "GET /Jurek/ekolight/feeds/ekolioght_skroutz.xml HTTP/1.0" 200 9052729 "-" "-"
89.161.206.59 - - [10/Apr/2025:12:56:23 +0200] "GET /Jurek/drops/feeds/dropsofficecolection_skroutz.xml HTTP/1.0" 200 790587 "-" "-"
89.161.206.59 - - [10/Apr/2025:12:56:25 +0200] "GET /Jurek/szpaklampy/feeds/szpaklampy_skroutz.xml HTTP/1.0" 200 388214 "-" "-"
51.77.52.107 - - [10/Apr/2025:12:56:26 +0200] "GET /Jurek/eurofirany/images/469931/0.jpg HTTP/2.0" 200 101774 "-" "baselinker"
51.77.52.107 - - [10/Apr/2025:12:56:29 +0200] "GET /Jurek/topeshop/downloaded_images/5904507201562_biel_puste.jpg HTTP/2.0" 200 23719 "-" "baselinker"
89.161.206.59 - - [10/Apr/2025:12:56:29 +0200] "GET /Jurek/galopi/feeds/galopi_skroutz.xml HTTP/1.0" 200 2111079 "-" "-"
89.161.206.59 - - [10/Apr/2025:12:56:30 +0200] "GET /Jurek/spali/feeds/spali_skroutz.xml HTTP/1.0" 200 77055 "-" "-"
89.161.206.59 - - [10/Apr/2025:12:56:31 +0200] "GET /Jurek/eurofryz/feeds/eurofryz_skroutz.xml HTTP/1.0" 200 1381541 "-" "-"
89.161.206.59 - - [10/Apr/2025:12:56:32 +0200] "GET /Jurek/combine/feeds/combine_skroutz.xml HTTP/1.0" 200 210551 "-" "-"
193.33.8.61 - - [10/Apr/2025:12:56:34 +0200] "GET /Jurek/drops/feeds/dropsofficecolection_mallsish.xml HTTP/2.0" 200 790600 "https://konsola.dkkapusta1997.usermd.net/" "Mozilla/5.0 (Windows NT 10.0; Win64; x64) AppleWebKit/537.36 (KHTML, like Gecko) Chrome/135.0.0.0 Safari/537.36"
77.79.248.229 - - [10/Apr/2025:12:56:39 +0200] "GET /Jurek/drops/feeds/dropsofficecolection_mallsish.xml HTTP/1.1" 200 790600 "-" "Python-urllib/3.11"
51.77.52.107 - - [10/Apr/2025:12:56:39 +0200] "GET /Jurek/topeshop/downloaded_images/5904507201562_biel_puste.jpg HTTP/2.0" 200 23719 "-" "baselinker"
89.161.206.59 - - [10/Apr/2025:12:56:41 +0200] "GET /Jurek/velinda/feeds/velinda_skroutz.xml HTTP/1.0" 200 23449 "-" "-"
54.76.121.17 - - [10/Apr/2025:12:56:41 +0200] "GET /Jurek/drops/feeds/dropsofficecolection_mallsish.xml HTTP/1.1" 200 147219 "-" "Mozilla/5.0 (Macintosh; Intel Mac OS X 10_13_6) AppleWebKit/537.36 (KHTML, like Gecko) Chrome/73.0.3669.0 Safari/537.36"
51.77.52.107 - - [10/Apr/2025:12:56:41 +0200] "GET /Jurek/eurofirany/images/469931/0.jpg HTTP/2.0" 200 101774 "-" "baselinker"
54.171.3.247 - - [10/Apr/2025:12:56:42 +0200] "GET /Jurek/drops/feeds/dropsofficecolection_mallsish.xml HTTP/1.1" 200 790600 "-" "ClickUpLinkUnfurler/1.0 (+https://clickup.com)"
34.251.233.56 - - [10/Apr/2025:12:56:42 +0200] "GET /Jurek/drops/feeds/dropsofficecolection_mallsish.xml HTTP/1.1" 200 147219 "-" "Mozilla/5.0 (Macintosh; Intel Mac OS X 10_13_6) AppleWebKit/537.36 (KHTML, like Gecko) Chrome/73.0.3669.0 Safari/537.36"
54.171.3.247 - - [10/Apr/2025:12:56:42 +0200] "GET /Jurek/drops/feeds/dropsofficecolection_mallsish.xml HTTP/1.1" 200 790600 "-" "ClickUpLinkUnfurler/1.0 (+https://clickup.com)"
89.161.206.59 - - [10/Apr/2025:12:56:43 +0200] "GET /Jurek/erohurtownia/feeds/erohurtownia_skroutz.xml HTTP/1.0" 200 22846482 "-" "-"
89.161.206.59 - - [10/Apr/2025:12:56:44 +0200] "GET /Jurek/reman/feeds/reman_skroutz.xml HTTP/1.0" 200 1394833 "-" "-"
89.161.206.59 - - [10/Apr/2025:12:56:45 +0200] "GET /Jurek/urwiskowo/feeds/urwiskowo_skroutz.xml HTTP/1.0" 200 9114918 "-" "-"
51.77.52.107 - - [10/Apr/2025:12:56:52 +0200] "GET /Jurek/topeshop/downloaded_images/5904507201562_biel_puste.jpg HTTP/2.0" 200 23719 "-" "baselinker"
51.77.52.107 - - [10/Apr/2025:12:57:01 +0200] "GET /Jurek/eurofirany/images/469931/0.jpg HTTP/2.0" 200 101774 "-" "baselinker"
51.77.52.107 - - [10/Apr/2025:12:57:07 +0200] "GET /Jurek/topeshop/downloaded_images/5904507201579_Sonoma_pusta.jpg HTTP/2.0" 200 29931 "-" "baselinker"
89.161.206.59 - - [10/Apr/2025:12:57:10 +0200] "GET /Jurek/kobi/feeds/kobi_skroutz.xml HTTP/1.0" 200 1993267 "-" "-"
89.161.206.59 - - [10/Apr/2025:12:57:11 +0200] "GET /Jurek/evil/feeds/evil_skroutz.xml HTTP/1.0" 200 252481 "-" "-"
89.161.206.59 - - [10/Apr/2025:12:57:11 +0200] "GET /Jurek/antiodor/feeds/antiodor_skroutz.xml HTTP/1.0" 200 137856 "-" "-"
89.161.206.59 - - [10/Apr/2025:12:57:11 +0200] "GET /Jurek/twojsklep/feeds/twojsklep_skroutz.xml HTTP/1.0" 200 126800 "-" "-"
89.161.206.59 - - [10/Apr/2025:12:57:12 +0200] "GET /Jurek/sartrix/feeds/sartrix_skroutz.xml HTTP/1.0" 200 649178 "-" "-"
89.161.206.59 - - [10/Apr/2025:12:57:13 +0200] "GET /Jurek/luxma/feeds/luxma_skroutz.xml HTTP/1.0" 200 4420309 "-" "-"
89.161.206.59 - - [10/Apr/2025:12:57:13 +0200] "GET /Jurek/drewdon/feeds/drewdon_skroutz.xml HTTP/1.0" 200 358916 "-" "-"
89.161.206.59 - - [10/Apr/2025:12:57:13 +0200] "GET /Jurek/primohurt/feeds/primohurt_skroutz.xml HTTP/1.0" 200 17183875 "-" "-"
89.161.206.59 - - [10/Apr/2025:12:57:14 +0200] "GET /Jurek/dekoele/feeds/dekoele_skroutz.xml HTTP/1.0" 200 378805 "-" "-"
89.161.206.59 - - [10/Apr/2025:12:57:14 +0200] "GET /Jurek/rider/feeds/rider_skroutz.xml HTTP/1.0" 200 8165077 "-" "-"
89.161.206.59 - - [10/Apr/2025:12:57:14 +0200] "GET /Jurek/expertauto/feeds/expertauto_skroutz.xml HTTP/1.0" 200 1158917 "-" "-"
51.77.52.107 - - [10/Apr/2025:12:57:15 +0200] "GET /Jurek/eurofirany/images/469932/0.jpg HTTP/2.0" 200 97577 "-" "baselinker"
89.161.206.59 - - [10/Apr/2025:12:57:15 +0200] "GET /Jurek/qbox/feeds/qbox_skroutz.xml HTTP/1.0" 200 398697 "-" "-"
89.161.206.59 - - [10/Apr/2025:12:57:23 +0200] "GET /Jurek/ekotex/feeds/ekotex_skroutz.xml HTTP/1.0" 200 197811 "-" "-"
51.77.52.107 - - [10/Apr/2025:12:57:24 +0200] "GET /Jurek/topeshop/downloaded_images/5904507201579_Sonoma_pusta.jpg HTTP/2.0" 200 29931 "-" "baselinker"
89.161.206.59 - - [10/Apr/2025:12:57:24 +0200] "GET /Jurek/motofan/feeds/motofan_skroutz.xml HTTP/1.0" 200 2392142 "-" "-"
89.161.206.59 - - [10/Apr/2025:12:57:24 +0200] "GET /Jurek/elecomp/feeds/elecomp_skroutz.xml HTTP/1.0" 200 2867835 "-" "-"
46.101.116.244 - - [10/Apr/2025:12:57:27 +0200] "GET /Jurek/aw/feeds/aw_fnacfr.xml HTTP/1.0" 404 3551 "-" "-"
51.77.52.107 - - [10/Apr/2025:12:57:35 +0200] "GET /Jurek/eurofirany/images/469932/0.jpg HTTP/2.0" 200 97577 "-" "baselinker"
51.77.52.107 - - [10/Apr/2025:12:57:37 +0200] "GET /Jurek/topeshop/downloaded_images/5904507201579_Sonoma_pusta.jpg HTTP/2.0" 200 29931 "-" "baselinker"
3.74.7.74 - - [10/Apr/2025:12:57:38 +0200] "GET /Jurek/topeshop/downloaded_images/5904507202286_I.jpg HTTP/2.0" 200 50739 "-" "Mozilla/5.0 (Windows NT 10.0; Win64; x64) AppleWebKit/537.36 (KHTML, like Gecko) Chrome/109.0.0.0 Safari/537.36"
51.77.52.107 - - [10/Apr/2025:12:57:41 +0200] "GET /Jurek/eurofirany/images/469932/0.jpg HTTP/2.0" 200 97577 "-" "baselinker"
51.77.52.107 - - [10/Apr/2025:12:57:55 +0200] "GET /Jurek/topeshop/downloaded_images/5904507201944_RTV120MALWA_AAA.jpg HTTP/2.0" 200 38158 "-" "baselinker"
51.77.52.107 - - [10/Apr/2025:12:58:04 +0200] "GET /Jurek/topeshop/downloaded_images/5904507201944_RTV120MALWA_AAA.jpg HTTP/2.0" 200 38158 "-" "baselinker"
51.77.52.107 - - [10/Apr/2025:12:58:06 +0200] "GET /Jurek/topeshop/downloaded_images/5904507201944_RTV120MALWA_AAA.jpg HTTP/2.0" 200 38158 "-" "baselinker"
51.77.52.107 - - [10/Apr/2025:12:58:10 +0200] "GET /Jurek/eurofirany/images/469933/0.jpg HTTP/2.0" 200 73886 "-" "baselinker"
51.77.52.107 - - [10/Apr/2025:12:58:13 +0200] "GET /Jurek/topeshop/downloaded_images/5902838466698_RTV-120-DAB-ARTISAN.png HTTP/2.0" 200 783950 "-" "baselinker"
51.77.52.107 - - [10/Apr/2025:12:58:15 +0200] "GET /Jurek/eurofirany/images/469933/0.jpg HTTP/2.0" 200 73886 "-" "baselinker"
51.77.52.107 - - [10/Apr/2025:12:58:21 +0200] "GET /Jurek/eurofirany/images/469933/0.jpg HTTP/2.0" 200 73886 "-" "baselinker"
51.77.52.107 - - [10/Apr/2025:12:58:28 +0200] "GET /Jurek/topeshop/downloaded_images/5902838466698_RTV-120-DAB-ARTISAN.png HTTP/2.0" 200 783950 "-" "baselinker"
51.77.52.107 - - [10/Apr/2025:12:58:31 +0200] "GET /Jurek/topeshop/downloaded_images/5902838466698_RTV-120-DAB-ARTISAN.png HTTP/2.0" 200 783950 "-" "baselinker"
51.77.52.107 - - [10/Apr/2025:12:58:43 +0200] "GET /Jurek/topeshop/downloaded_images/5902838461235_b7d728bb434d8f6ae02e0b5bc5ed_(Copy).jpg HTTP/2.0" 200 23171 "-" "baselinker"
51.77.52.107 - - [10/Apr/2025:12:58:49 +0200] "GET /Jurek/eurofirany/images/469934/0.jpg HTTP/2.0" 200 76198 "-" "baselinker"
77.79.248.229 - - [10/Apr/2025:12:58:54 +0200] "GET /Jurek/beltimore/feeds/beltimore_mallsish.xml HTTP/1.1" 200 18651544 "-" "Python-urllib/3.11"
51.77.52.107 - - [10/Apr/2025:12:58:54 +0200] "GET /Jurek/topeshop/downloaded_images/5902838461235_b7d728bb434d8f6ae02e0b5bc5ed_(Copy).jpg HTTP/2.0" 200 23171 "-" "baselinker"
193.33.8.61 - - [10/Apr/2025:12:58:56 +0200] "GET /Jurek/beltimore/feeds/beltimore_mallsish.xml HTTP/2.0" 200 18651544 "https://konsola.dkkapusta1997.usermd.net/" "Mozilla/5.0 (Windows NT 10.0; Win64; x64) AppleWebKit/537.36 (KHTML, like Gecko) Chrome/135.0.0.0 Safari/537.36"
34.250.103.72 - - [10/Apr/2025:12:58:58 +0200] "GET /Jurek/beltimore/feeds/beltimore_mallsish.xml HTTP/1.1" 200 147215 "-" "Mozilla/5.0 (Macintosh; Intel Mac OS X 10_13_6) AppleWebKit/537.36 (KHTML, like Gecko) Chrome/73.0.3669.0 Safari/537.36"
51.77.52.107 - - [10/Apr/2025:12:58:59 +0200] "GET /Jurek/topeshop/downloaded_images/5902838461235_b7d728bb434d8f6ae02e0b5bc5ed_(Copy).jpg HTTP/2.0" 200 23171 "-" "baselinker"
54.171.3.247 - - [10/Apr/2025:12:59:00 +0200] "GET /Jurek/beltimore/feeds/beltimore_mallsish.xml HTTP/1.1" 200 18651544 "-" "ClickUpLinkUnfurler/1.0 (+https://clickup.com)"
34.251.233.56 - - [10/Apr/2025:12:59:01 +0200] "GET /Jurek/beltimore/feeds/beltimore_mallsish.xml HTTP/1.1" 200 147215 "-" "Mozilla/5.0 (Macintosh; Intel Mac OS X 10_13_6) AppleWebKit/537.36 (KHTML, like Gecko) Chrome/73.0.3669.0 Safari/537.36"
51.77.52.107 - - [10/Apr/2025:12:59:01 +0200] "GET /Jurek/topeshop/downloaded_images/5902838464182_rtv_.RGB_color.0009.png HTTP/2.0" 200 52957 "-" "baselinker"
54.171.3.247 - - [10/Apr/2025:12:59:02 +0200] "GET /Jurek/beltimore/feeds/beltimore_mallsish.xml HTTP/1.1" 200 18651544 "-" "ClickUpLinkUnfurler/1.0 (+https://clickup.com)"
51.77.52.107 - - [10/Apr/2025:12:59:08 +0200] "GET /Jurek/eurofirany/images/469934/0.jpg HTTP/2.0" 200 76198 "-" "baselinker"
51.77.52.107 - - [10/Apr/2025:12:59:10 +0200] "GET /Jurek/topeshop/downloaded_images/5902838464182_rtv_.RGB_color.0009.png HTTP/2.0" 200 52957 "-" "baselinker"
51.77.52.107 - - [10/Apr/2025:12:59:12 +0200] "GET /Jurek/eurofirany/images/469934/0.jpg HTTP/2.0" 200 76198 "-" "baselinker"
51.77.52.107 - - [10/Apr/2025:12:59:14 +0200] "GET /Jurek/topeshop/downloaded_images/5902838464182_rtv_.RGB_color.0009.png HTTP/2.0" 200 52957 "-" "baselinker"
51.77.52.107 - - [10/Apr/2025:12:59:23 +0200] "GET /Jurek/topeshop/downloaded_images/5902838461891_rtv_120_140_czer\xC5\x84_po\xC5\x82.png HTTP/2.0" 200 77457 "-" "baselinker"
51.77.52.107 - - [10/Apr/2025:12:59:28 +0200] "GET /Jurek/eurofirany/images/469935/0.jpg HTTP/2.0" 200 78854 "-" "baselinker"
51.77.52.107 - - [10/Apr/2025:12:59:36 +0200] "GET /Jurek/topeshop/downloaded_images/5902838461891_rtv_120_140_czer\xC5\x84_po\xC5\x82.png HTTP/2.0" 200 77457 "-" "baselinker"
3.74.7.74 - - [10/Apr/2025:12:59:39 +0200] "GET /Jurek/topeshop/downloaded_images/5902838461440_profilll.jpg HTTP/2.0" 404 3551 "-" "Mozilla/5.0 (Windows NT 10.0; Win64; x64) AppleWebKit/537.36 (KHTML, like Gecko) Chrome/109.0.0.0 Safari/537.36"
51.77.52.107 - - [10/Apr/2025:12:59:39 +0200] "GET /Jurek/topeshop/downloaded_images/5902838461891_rtv_120_140_czer\xC5\x84_po\xC5\x82.png HTTP/2.0" 200 77457 "-" "baselinker"
51.77.52.107 - - [10/Apr/2025:12:59:45 +0200] "GET /Jurek/eurofirany/images/469935/0.jpg HTTP/2.0" 200 78854 "-" "baselinker"
51.77.52.107 - - [10/Apr/2025:12:59:50 +0200] "GET /Jurek/topeshop/downloaded_images/5902838461211_sonoma_.RGB_color.0017.png HTTP/2.0" 200 193940 "-" "baselinker"
51.77.52.107 - - [10/Apr/2025:12:59:57 +0200] "GET /Jurek/eurofirany/images/469935/0.jpg HTTP/2.0" 200 78854 "-" "baselinker"
51.77.52.107 - - [10/Apr/2025:13:00:01 +0200] "GET /Jurek/topeshop/downloaded_images/5902838461211_sonoma_.RGB_color.0017.png HTTP/2.0" 200 193940 "-" "baselinker"
51.77.52.107 - - [10/Apr/2025:13:00:13 +0200] "GET /Jurek/topeshop/downloaded_images/5902838461211_sonoma_.RGB_color.0017.png HTTP/2.0" 200 193940 "-" "baselinker"
51.77.52.107 - - [10/Apr/2025:13:00:15 +0200] "GET /Jurek/eurofirany/images/469936/0.jpg HTTP/2.0" 200 108202 "-" "baselinker"
51.77.52.107 - - [10/Apr/2025:13:00:27 +0200] "GET /Jurek/topeshop/downloaded_images/5904507201951_3.jpg HTTP/2.0" 404 3551 "-" "baselinker"
51.77.52.107 - - [10/Apr/2025:13:00:28 +0200] "GET /Jurek/topeshop/downloaded_images/5904507201951_3.jpg HTTP/2.0" 404 3551 "-" "baselinker"
51.77.52.107 - - [10/Apr/2025:13:00:28 +0200] "GET /Jurek/topeshop/downloaded_images/5904507201951_3.jpg HTTP/2.0" 404 3551 "-" "baselinker"
51.77.52.107 - - [10/Apr/2025:13:00:29 +0200] "GET /Jurek/eurofirany/images/469936/0.jpg HTTP/2.0" 200 108202 "-" "baselinker"
51.77.52.107 - - [10/Apr/2025:13:00:29 +0200] "GET /Jurek/topeshop/downloaded_images/5902838466681_3.png HTTP/2.0" 404 3551 "-" "baselinker"
51.77.52.107 - - [10/Apr/2025:13:00:30 +0200] "GET /Jurek/topeshop/downloaded_images/5902838466681_3.png HTTP/2.0" 404 3551 "-" "baselinker"
51.77.52.107 - - [10/Apr/2025:13:00:30 +0200] "GET /Jurek/topeshop/downloaded_images/5902838466681_3.png HTTP/2.0" 404 3551 "-" "baselinker"
51.77.52.107 - - [10/Apr/2025:13:00:34 +0200] "GET /Jurek/eurofirany/images/469936/0.jpg HTTP/2.0" 200 108202 "-" "baselinker"
51.77.52.107 - - [10/Apr/2025:13:00:39 +0200] "GET /Jurek/eurofirany/images/468255/0.jpg HTTP/2.0" 200 102709 "-" "baselinker"
52.18.22.0 - - [10/Apr/2025:13:00:42 +0200] "GET /marketplaces/ubaldi/results/ubaldi.csv HTTP/1.1" 200 147219 "-" "Mirakl HttpClient"
51.77.52.107 - - [10/Apr/2025:13:00:45 +0200] "GET /Jurek/eurofirany/images/468255/0.jpg HTTP/2.0" 200 102709 "-" "baselinker"
51.77.52.107 - - [10/Apr/2025:13:01:05 +0200] "GET /Jurek/eurofirany/images/468255/0.jpg HTTP/2.0" 200 102709 "-" "baselinker"
51.77.52.107 - - [10/Apr/2025:13:01:29 +0200] "GET /Jurek/eurofirany/images/468257/0.jpg HTTP/2.0" 200 102066 "-" "baselinker"
66.211.183.74 - - [10/Apr/2025:13:01:32 +0200] "GET /Jurek/topeshop/downloaded_images/5904507209797_Kuba_glina.jpg HTTP/1.1" 200 121602 "http://www.ebay.com/" "Mozilla/4.0 (compatible; MSIE 4.01; Windows NT)"
66.211.183.72 - - [10/Apr/2025:13:01:32 +0200] "GET /Jurek/topeshop/downloaded_images/5904507209797_BiurkaGlina_20st0002.jpg HTTP/1.1" 200 37413 "http://www.ebay.com/" "Mozilla/4.0 (compatible; MSIE 4.01; Windows NT)"
66.211.183.70 - - [10/Apr/2025:13:01:32 +0200] "GET /Jurek/topeshop/downloaded_images/5904507209797_BiurkaGlina0002.jpg HTTP/1.1" 200 37361 "http://www.ebay.com/" "Mozilla/4.0 (compatible; MSIE 4.01; Windows NT)"
35.204.39.32 - - [10/Apr/2025:13:01:38 +0200] "GET /marketplaces/vente/results/vente_nl.csv HTTP/1.1" 200 147219 "-" "Mirakl HttpClient"
35.204.39.32 - - [10/Apr/2025:13:01:38 +0200] "GET /marketplaces/vente/results/vente_fr.csv HTTP/1.1" 200 147219 "-" "Mirakl HttpClient"
35.204.39.32 - - [10/Apr/2025:13:01:38 +0200] "GET /marketplaces/vente/results/vente_be.csv HTTP/1.1" 200 147219 "-" "Mirakl HttpClient"
35.204.39.32 - - [10/Apr/2025:13:01:38 +0200] "GET /marketplaces/vente/results/vente_it.csv HTTP/1.1" 200 147219 "-" "Mirakl HttpClient"
35.204.39.32 - - [10/Apr/2025:13:01:39 +0200] "GET /marketplaces/vente/results/vente_es.csv HTTP/1.1" 200 147219 "-" "Mirakl HttpClient"
35.204.39.32 - - [10/Apr/2025:13:01:39 +0200] "GET /marketplaces/vente/results/vente_de.csv HTTP/1.1" 200 163603 "-" "Mirakl HttpClient"
51.77.52.107 - - [10/Apr/2025:13:01:48 +0200] "GET /Jurek/eurofirany/images/468257/0.jpg HTTP/2.0" 200 102066 "-" "baselinker"
66.211.183.72 - - [10/Apr/2025:13:01:57 +0200] "GET /Jurek/topeshop/downloaded_images/5904507201876_KUBABIURKOBRY%C5%81KAANTRACYTBOKOT.jpg HTTP/1.1" 404 3551 "http://www.ebay.com/" "Mozilla/4.0 (compatible; MSIE 4.01; Windows NT)"
66.211.183.74 - - [10/Apr/2025:13:01:57 +0200] "GET /Jurek/topeshop/downloaded_images/5904507201876_KUBABIURKOBRY%C5%81KAANTRACYTBOKZM.jpg HTTP/1.1" 404 3551 "http://www.ebay.com/" "Mozilla/4.0 (compatible; MSIE 4.01; Windows NT)"
66.211.183.73 - - [10/Apr/2025:13:01:57 +0200] "GET /Jurek/topeshop/downloaded_images/5904507201876_KUBABIURKOBRY%C5%81KAANTRACYTFRONTOT.jpg HTTP/1.1" 404 3551 "http://www.ebay.com/" "Mozilla/4.0 (compatible; MSIE 4.01; Windows NT)"
66.211.183.70 - - [10/Apr/2025:13:01:57 +0200] "GET /Jurek/topeshop/downloaded_images/5904507201876_KUBABIURKOBRY%C5%81KAANTRACYTFRONTZM.jpg HTTP/1.1" 404 3551 "http://www.ebay.com/" "Mozilla/4.0 (compatible; MSIE 4.01; Windows NT)"
66.211.183.74 - - [10/Apr/2025:13:01:57 +0200] "GET /Jurek/topeshop/downloaded_images/5904507201876_KUBABIURKOARTISAN2.png HTTP/1.1" 404 3551 "http://www.ebay.com/" "Mozilla/4.0 (compatible; MSIE 4.01; Windows NT)"
66.211.183.72 - - [10/Apr/2025:13:01:57 +0200] "GET /Jurek/topeshop/downloaded_images/5904507201876_KUBABIURKOANTRACYT.png HTTP/1.1" 404 3551 "http://www.ebay.com/" "Mozilla/4.0 (compatible; MSIE 4.01; Windows NT)"
52.18.22.0 - - [10/Apr/2025:13:01:58 +0200] "GET /marketplaces/rue/results/rue.csv HTTP/1.1" 200 147219 "-" "Mirakl HttpClient"
88.220.33.218 - - [10/Apr/2025:13:02:12 +0200] "GET /Jurek/vida_morele/feeds/VidaPL_all.xml HTTP/2.0" 200 704479931 "-" "MarketplaceAPI curl/7.64.0 PHP/8"
51.77.52.107 - - [10/Apr/2025:13:02:16 +0200] "GET /Jurek/eurofirany/images/468257/0.jpg HTTP/2.0" 200 102066 "-" "baselinker"
216.113.184.101 - - [10/Apr/2025:13:02:20 +0200] "GET /Jurek/topeshop/downloaded_images/5904507202262_wymiary_biel_Obszar_roboczy_1.jpg HTTP/1.1" 200 42881 "http://www.ebay.com/" "Mozilla/4.0 (compatible; MSIE 4.01; Windows NT)"
51.77.52.107 - - [10/Apr/2025:13:02:20 +0200] "GET /Jurek/eurofirany/images/468269/0.jpg HTTP/2.0" 200 150178 "-" "baselinker"
216.113.184.104 - - [10/Apr/2025:13:02:20 +0200] "GET /Jurek/topeshop/downloaded_images/5904507202262_biel_2.png HTTP/1.1" 200 140627 "http://www.ebay.com/" "Mozilla/4.0 (compatible; MSIE 4.01; Windows NT)"
216.113.184.101 - - [10/Apr/2025:13:02:21 +0200] "GET /Jurek/topeshop/downloaded_images/5904507202262_biel_4.png HTTP/1.1" 200 343748 "http://www.ebay.com/" "Mozilla/4.0 (compatible; MSIE 4.01; Windows NT)"
216.113.184.101 - - [10/Apr/2025:13:02:21 +0200] "GET /Jurek/topeshop/downloaded_images/5904507202262_biel_3.png HTTP/1.1" 200 346859 "http://www.ebay.com/" "Mozilla/4.0 (compatible; MSIE 4.01; Windows NT)"
216.113.184.104 - - [10/Apr/2025:13:02:21 +0200] "GET /Jurek/topeshop/downloaded_images/5904507202262_biel.png HTTP/1.1" 200 1234539 "http://www.ebay.com/" "Mozilla/4.0 (compatible; MSIE 4.01; Windows NT)"
51.77.52.107 - - [10/Apr/2025:13:02:25 +0200] "GET /Jurek/eurofirany/images/468269/0.jpg HTTP/2.0" 200 150178 "-" "baselinker"
46.101.116.244 - - [10/Apr/2025:13:02:29 +0200] "GET /Jurek/aw/feeds/aw_fnacfr.xml HTTP/1.0" 404 3551 "-" "-"
89.161.206.59 - - [10/Apr/2025:13:02:29 +0200] "GET /Jurek/lampart/feeds/lampart_aliex.xml HTTP/1.0" 200 936194 "-" "-"
89.161.206.59 - - [10/Apr/2025:13:02:29 +0200] "GET /Jurek/takapara/feeds/takapara_aliex.xml HTTP/1.0" 200 1342690 "-" "-"
51.77.52.107 - - [10/Apr/2025:13:02:29 +0200] "GET /Jurek/eurofirany/images/468269/0.jpg HTTP/2.0" 200 150178 "-" "baselinker"
89.161.206.59 - - [10/Apr/2025:13:02:30 +0200] "GET /Jurek/cenoman/feeds/cenoman_aliex.xml HTTP/1.0" 200 5993743 "-" "-"
89.161.206.59 - - [10/Apr/2025:13:02:30 +0200] "GET /Jurek/regis/feeds/regis_aliex.xml HTTP/1.0" 200 82739 "-" "-"
89.161.206.59 - - [10/Apr/2025:13:02:30 +0200] "GET /Jurek/zami/feeds/zami_aliex.xml HTTP/1.0" 200 4474669 "-" "-"
216.113.184.103 - - [10/Apr/2025:13:02:30 +0200] "GET /Jurek/topeshop/downloaded_images/5904507202255_wymiary_artisan_Obszar_roboczy_1.jpg HTTP/1.1" 200 69254 "http://www.ebay.com/" "Mozilla/4.0 (compatible; MSIE 4.01; Windows NT)"
216.113.184.104 - - [10/Apr/2025:13:02:31 +0200] "GET /Jurek/topeshop/downloaded_images/5904507202255_Artisan_1.png HTTP/1.1" 200 657484 "http://www.ebay.com/" "Mozilla/4.0 (compatible; MSIE 4.01; Windows NT)"
216.113.184.105 - - [10/Apr/2025:13:02:31 +0200] "GET /Jurek/topeshop/downloaded_images/5904507202255_Artisan_3.png HTTP/1.1" 200 806459 "http://www.ebay.com/" "Mozilla/4.0 (compatible; MSIE 4.01; Windows NT)"
216.113.184.103 - - [10/Apr/2025:13:02:31 +0200] "GET /Jurek/topeshop/downloaded_images/5904507202255_Artisan_2.png HTTP/1.1" 200 787630 "http://www.ebay.com/" "Mozilla/4.0 (compatible; MSIE 4.01; Windows NT)"
216.113.184.101 - - [10/Apr/2025:13:02:31 +0200] "GET /Jurek/topeshop/downloaded_images/5904507202255_Artisan_4.png HTTP/1.1" 200 814002 "http://www.ebay.com/" "Mozilla/4.0 (compatible; MSIE 4.01; Windows NT)"
216.113.184.101 - - [10/Apr/2025:13:02:32 +0200] "GET /Jurek/topeshop/downloaded_images/5904507202255_Artisan.png HTTP/1.1" 200 1363283 "http://www.ebay.com/" "Mozilla/4.0 (compatible; MSIE 4.01; Windows NT)"
216.113.184.104 - - [10/Apr/2025:13:02:32 +0200] "GET /Jurek/topeshop/downloaded_images/5904507202255_Artisan_XL.png HTTP/1.1" 200 1860064 "http://www.ebay.com/" "Mozilla/4.0 (compatible; MSIE 4.01; Windows NT)"
51.77.52.107 - - [10/Apr/2025:13:02:37 +0200] "GET /Jurek/eurofirany/images/468270/0.jpg HTTP/2.0" 200 152999 "-" "baselinker"
216.113.184.103 - - [10/Apr/2025:13:02:45 +0200] "GET /Jurek/topeshop/downloaded_images/5904507207489_Front_mijas_Prawy_zielony.png HTTP/1.1" 404 3551 "http://www.ebay.com/" "Mozilla/4.0 (compatible; MSIE 4.01; Windows NT)"
216.113.184.104 - - [10/Apr/2025:13:02:45 +0200] "GET /Jurek/topeshop/downloaded_images/5904507207489_20st_mijas_prawy_open_zielony.png HTTP/1.1" 404 3551 "http://www.ebay.com/" "Mozilla/4.0 (compatible; MSIE 4.01; Windows NT)"
216.113.184.104 - - [10/Apr/2025:13:02:45 +0200] "GET /Jurek/topeshop/downloaded_images/5904507207489_mijas_zielonykopiaaa.jpg HTTP/1.1" 200 126282 "http://www.ebay.com/" "Mozilla/4.0 (compatible; MSIE 4.01; Windows NT)"
216.113.184.105 - - [10/Apr/2025:13:02:46 +0200] "GET /Jurek/topeshop/downloaded_images/5904507207489_20st_mijas_prawy_zielonykopia.png HTTP/1.1" 200 223941 "http://www.ebay.com/" "Mozilla/4.0 (compatible; MSIE 4.01; Windows NT)"
66.211.183.71 - - [10/Apr/2025:13:03:06 +0200] "GET /Jurek/topeshop/downloaded_images/5904507201906_MIJASBIURKOBRY%C5%81KAANTRACYTLEWEBOKZM.jpg HTTP/1.1" 404 3551 "http://www.ebay.com/" "Mozilla/4.0 (compatible; MSIE 4.01; Windows NT)"
66.211.183.71 - - [10/Apr/2025:13:03:06 +0200] "GET /Jurek/topeshop/downloaded_images/5904507201906_MIJASBIURKOBRY%C5%81KAANTRACYTLEWEFRONTZM.jpg HTTP/1.1" 404 3551 "http://www.ebay.com/" "Mozilla/4.0 (compatible; MSIE 4.01; Windows NT)"
66.211.183.73 - - [10/Apr/2025:13:03:06 +0200] "GET /Jurek/topeshop/downloaded_images/5904507201906_MIJASBIURKOBRY%C5%81KAANTRACYTLEWEBOKkOT.jpg HTTP/1.1" 404 3551 "http://www.ebay.com/" "Mozilla/4.0 (compatible; MSIE 4.01; Windows NT)"
66.211.183.72 - - [10/Apr/2025:13:03:06 +0200] "GET /Jurek/topeshop/downloaded_images/5904507201906_MIJASBIURKOBRY%C5%81KAANTRACYTLEWEFRONTOT.jpg HTTP/1.1" 404 3551 "http://www.ebay.com/" "Mozilla/4.0 (compatible; MSIE 4.01; Windows NT)"
66.211.183.74 - - [10/Apr/2025:13:03:06 +0200] "GET /Jurek/topeshop/downloaded_images/5904507201906_MIJASBIURKOANTRACYTLEWE.png HTTP/1.1" 404 3551 "http://www.ebay.com/" "Mozilla/4.0 (compatible; MSIE 4.01; Windows NT)"
66.211.183.70 - - [10/Apr/2025:13:03:06 +0200] "GET /Jurek/topeshop/downloaded_images/5904507201906_MIJASBIURKOANTRACYTLEWE.2tif.png HTTP/1.1" 404 3551 "http://www.ebay.com/" "Mozilla/4.0 (compatible; MSIE 4.01; Windows NT)"
66.135.223.44 - - [10/Apr/2025:13:03:10 +0200] "GET /Jurek/topeshop/downloaded_images/5904507209766_BiurkaPGlina0003.jpg HTTP/1.1" 200 38669 "http://www.ebay.com/" "Mozilla/4.0 (compatible; MSIE 4.01; Windows NT)"
66.135.223.43 - - [10/Apr/2025:13:03:10 +0200] "GET /Jurek/topeshop/downloaded_images/5904507209766_Mijas_P_Glina.jpg HTTP/1.1" 200 122795 "http://www.ebay.com/" "Mozilla/4.0 (compatible; MSIE 4.01; Windows NT)"
66.135.223.40 - - [10/Apr/2025:13:03:10 +0200] "GET /Jurek/topeshop/downloaded_images/5904507209766_BiurkaGlina0003.jpg HTTP/1.1" 200 39485 "http://www.ebay.com/" "Mozilla/4.0 (compatible; MSIE 4.01; Windows NT)"
66.135.223.42 - - [10/Apr/2025:13:03:10 +0200] "GET /Jurek/topeshop/downloaded_images/5904507209766_full_20_Glinia_Mijas_P_open.png HTTP/1.1" 200 165556 "http://www.ebay.com/" "Mozilla/4.0 (compatible; MSIE 4.01; Windows NT)"
66.135.223.41 - - [10/Apr/2025:13:03:11 +0200] "GET /Jurek/topeshop/downloaded_images/5902838468685_KOLKA-GUMOWE-KAUCZUKOWE-MOCNE-DO-FOTELA-OBROTOWEGO-Zastosowanie-biurka-fotele-krzesla.jpg HTTP/1.1" 200 20390 "http://www.ebay.com/" "Mozilla/4.0 (compatible; MSIE 4.01; Windows NT)"
66.135.223.44 - - [10/Apr/2025:13:03:11 +0200] "GET /Jurek/topeshop/downloaded_images/5902838468685_Screenshot_1.jpg HTTP/1.1" 200 32713 "http://www.ebay.com/" "Mozilla/4.0 (compatible; MSIE 4.01; Windows NT)"
66.135.223.40 - - [10/Apr/2025:13:03:11 +0200] "GET /Jurek/topeshop/downloaded_images/5902838468685_KOLKA-GUMOWE-KAUCZUKOWE-MOCNE-DO-FOTELA-OBROTOWEGO.jpg HTTP/1.1" 200 21599 "http://www.ebay.com/" "Mozilla/4.0 (compatible; MSIE 4.01; Windows NT)"
66.135.223.44 - - [10/Apr/2025:13:03:11 +0200] "GET /Jurek/topeshop/downloaded_images/5902838468685_Screenshot_3.jpg HTTP/1.1" 200 14964 "http://www.ebay.com/" "Mozilla/4.0 (compatible; MSIE 4.01; Windows NT)"
66.135.223.40 - - [10/Apr/2025:13:03:11 +0200] "GET /Jurek/topeshop/downloaded_images/5902838468685_KOLKA-GUMOWE-KAUCZUKOWE-MOCNE-DO-FOTELA-OBROTOWEGO-EAN-5900779934351.jpg HTTP/1.1" 200 18235 "http://www.ebay.com/" "Mozilla/4.0 (compatible; MSIE 4.01; Windows NT)"
66.135.223.44 - - [10/Apr/2025:13:03:11 +0200] "GET /Jurek/topeshop/downloaded_images/5902838468685_KOLKA-GUMOWE-KAUCZUKOWE-MOCNE-DO-FOTELA-OBROTOWEGO-Kolor-dominujacy-bialy.jpg HTTP/1.1" 200 47609 "http://www.ebay.com/" "Mozilla/4.0 (compatible; MSIE 4.01; Windows NT)"
66.135.223.44 - - [10/Apr/2025:13:03:11 +0200] "GET /Jurek/topeshop/downloaded_images/5902838468685_KOLKA-GUMOWE-KAUCZUKOWE-MOCNE-DO-FOTELA-OBROTOWEGO-Kod-produktu-5900779934351.jpg HTTP/1.1" 200 18443 "http://www.ebay.com/" "Mozilla/4.0 (compatible; MSIE 4.01; Windows NT)"
66.135.223.42 - - [10/Apr/2025:13:03:11 +0200] "GET /Jurek/topeshop/downloaded_images/5902838468685_9054e9a14fb78a9e90b807672cf6.jpg HTTP/1.1" 200 43148 "http://www.ebay.com/" "Mozilla/4.0 (compatible; MSIE 4.01; Windows NT)"
66.135.223.40 - - [10/Apr/2025:13:03:11 +0200] "GET /Jurek/topeshop/downloaded_images/5902838468685_KOLKA-GUMOWE-KAUCZUKOWE-MOCNE-DO-FOTELA-OBROTOWEGO-Mocowanie-trzpien-wciskany.jpg HTTP/1.1" 200 31915 "http://www.ebay.com/" "Mozilla/4.0 (compatible; MSIE 4.01; Windows NT)"
66.135.223.42 - - [10/Apr/2025:13:03:11 +0200] "GET /Jurek/topeshop/downloaded_images/5902838468685_5caefedc45919924c826c6661a1d.jpg HTTP/1.1" 200 48183 "http://www.ebay.com/" "Mozilla/4.0 (compatible; MSIE 4.01; Windows NT)"
88.220.33.218 - - [10/Apr/2025:13:03:13 +0200] "GET /Jurek/kinghoff/feeds/kinghoff_morele.xml HTTP/2.0" 200 15453976 "-" "MarketplaceAPI curl/7.64.0 PHP/8"
66.135.223.41 - - [10/Apr/2025:13:03:15 +0200] "GET /Jurek/topeshop/downloaded_images/5902838467886_23_sonoma_pp.jpg HTTP/1.1" 200 116467 "http://www.ebay.com/" "Mozilla/4.0 (compatible; MSIE 4.01; Windows NT)"
66.135.223.40 - - [10/Apr/2025:13:03:15 +0200] "GET /Jurek/topeshop/downloaded_images/5902838467886_Plus_sonoma_wiz.jpg HTTP/1.1" 404 3551 "http://www.ebay.com/" "Mozilla/4.0 (compatible; MSIE 4.01; Windows NT)"
66.135.223.43 - - [10/Apr/2025:13:03:16 +0200] "GET /Jurek/topeshop/downloaded_images/5902838467886_23_sonoma_(1).png HTTP/1.1" 200 464278 "http://www.ebay.com/" "Mozilla/4.0 (compatible; MSIE 4.01; Windows NT)"
66.135.223.40 - - [10/Apr/2025:13:03:20 +0200] "GET /Jurek/topeshop/downloaded_images/5904507209117_Biurkakaszmir0002.jpg HTTP/1.1" 200 34974 "http://www.ebay.com/" "Mozilla/4.0 (compatible; MSIE 4.01; Windows NT)"
66.135.223.43 - - [10/Apr/2025:13:03:20 +0200] "GET /Jurek/topeshop/downloaded_images/5904507209117_Kuba_kaszmir.jpg HTTP/1.1" 200 119629 "http://www.ebay.com/" "Mozilla/4.0 (compatible; MSIE 4.01; Windows NT)"
66.135.223.43 - - [10/Apr/2025:13:03:20 +0200] "GET /Jurek/topeshop/downloaded_images/5904507209117_Biurkakaszmir_20st0002.jpg HTTP/1.1" 200 34260 "http://www.ebay.com/" "Mozilla/4.0 (compatible; MSIE 4.01; Windows NT)"
66.135.223.41 - - [10/Apr/2025:13:03:20 +0200] "GET /Jurek/topeshop/downloaded_images/5902838468715_6.jpg HTTP/1.1" 200 79506 "http://www.ebay.com/" "Mozilla/4.0 (compatible; MSIE 4.01; Windows NT)"
66.135.223.42 - - [10/Apr/2025:13:03:20 +0200] "GET /Jurek/topeshop/downloaded_images/5902838468715_1.jpg HTTP/1.1" 200 59690 "http://www.ebay.com/" "Mozilla/4.0 (compatible; MSIE 4.01; Windows NT)"
66.135.223.41 - - [10/Apr/2025:13:03:21 +0200] "GET /Jurek/topeshop/downloaded_images/5902838468715_2.jpg HTTP/1.1" 200 87303 "http://www.ebay.com/" "Mozilla/4.0 (compatible; MSIE 4.01; Windows NT)"
66.135.223.44 - - [10/Apr/2025:13:03:21 +0200] "GET /Jurek/topeshop/downloaded_images/5902838468715_3.jpg HTTP/1.1" 200 61602 "http://www.ebay.com/" "Mozilla/4.0 (compatible; MSIE 4.01; Windows NT)"
66.135.223.40 - - [10/Apr/2025:13:03:21 +0200] "GET /Jurek/topeshop/downloaded_images/5902838468715_4.jpg HTTP/1.1" 200 80922 "http://www.ebay.com/" "Mozilla/4.0 (compatible; MSIE 4.01; Windows NT)"
66.135.223.43 - - [10/Apr/2025:13:03:21 +0200] "GET /Jurek/topeshop/downloaded_images/5902838468715_5.jpg HTTP/1.1" 200 97474 "http://www.ebay.com/" "Mozilla/4.0 (compatible; MSIE 4.01; Windows NT)"
51.77.52.107 - - [10/Apr/2025:13:03:22 +0200] "GET /Jurek/eurofirany/images/468270/0.jpg HTTP/2.0" 200 152999 "-" "baselinker"
51.77.52.107 - - [10/Apr/2025:13:03:30 +0200] "GET /Jurek/eurofirany/images/468270/0.jpg HTTP/2.0" 200 152999 "-" "baselinker"
66.211.183.72 - - [10/Apr/2025:13:03:33 +0200] "GET /Jurek/topeshop/downloaded_images/5902838466902_Furn_intL_white.jpg HTTP/1.1" 200 138008 "http://www.ebay.com/" "Mozilla/4.0 (compatible; MSIE 4.01; Windows NT)"
66.211.183.73 - - [10/Apr/2025:13:03:33 +0200] "GET /Jurek/topeshop/downloaded_images/5902838466902_lima-1-lewe.png HTTP/1.1" 200 376573 "http://www.ebay.com/" "Mozilla/4.0 (compatible; MSIE 4.01; Windows NT)"
66.211.183.71 - - [10/Apr/2025:13:03:34 +0200] "GET /Jurek/topeshop/downloaded_images/5902838466902_lima-miniatura.png HTTP/1.1" 200 550122 "http://www.ebay.com/" "Mozilla/4.0 (compatible; MSIE 4.01; Windows NT)"
51.77.52.107 - - [10/Apr/2025:13:03:35 +0200] "GET /Jurek/eurofirany/images/468271/0.jpg HTTP/2.0" 200 112217 "-" "baselinker"
66.211.183.74 - - [10/Apr/2025:13:03:40 +0200] "GET /Jurek/topeshop/downloaded_images/5902838466391_FOTEL-OBROTOWY-KRZESLO-BIUROWE-NEMO-CZARNY-Marka-TopEshop.jpg HTTP/1.1" 200 109005 "http://www.ebay.com/" "Mozilla/4.0 (compatible; MSIE 4.01; Windows NT)"
51.77.52.107 - - [10/Apr/2025:13:03:40 +0200] "GET /Jurek/eurofirany/images/468271/0.jpg HTTP/2.0" 200 112217 "-" "baselinker"
66.211.183.72 - - [10/Apr/2025:13:03:41 +0200] "GET /Jurek/topeshop/downloaded_images/5902838466391_3.png HTTP/1.1" 200 278683 "http://www.ebay.com/" "Mozilla/4.0 (compatible; MSIE 4.01; Windows NT)"
66.211.183.72 - - [10/Apr/2025:13:03:41 +0200] "GET /Jurek/topeshop/downloaded_images/5902838466391_4.png HTTP/1.1" 200 398273 "http://www.ebay.com/" "Mozilla/4.0 (compatible; MSIE 4.01; Windows NT)"
66.211.183.74 - - [10/Apr/2025:13:03:41 +0200] "GET /Jurek/topeshop/downloaded_images/5902838466391_2.png HTTP/1.1" 200 360718 "http://www.ebay.com/" "Mozilla/4.0 (compatible; MSIE 4.01; Windows NT)"
66.211.183.74 - - [10/Apr/2025:13:03:41 +0200] "GET /Jurek/topeshop/downloaded_images/5902838466391_1.png HTTP/1.1" 200 470066 "http://www.ebay.com/" "Mozilla/4.0 (compatible; MSIE 4.01; Windows NT)"
51.77.52.107 - - [10/Apr/2025:13:03:42 +0200] "GET /Jurek/eurofirany/images/468271/0.jpg HTTP/2.0" 200 112217 "-" "baselinker"
66.211.183.74 - - [10/Apr/2025:13:03:42 +0200] "GET /Jurek/topeshop/downloaded_images/5904507202279_Wymiary_Sonoma_Obszar_roboczy_1.jpg HTTP/1.1" 200 79042 "http://www.ebay.com/" "Mozilla/4.0 (compatible; MSIE 4.01; Windows NT)"
66.211.183.70 - - [10/Apr/2025:13:03:44 +0200] "GET /Jurek/topeshop/downloaded_images/5904507202279_sonoma_2.png HTTP/1.1" 200 892095 "http://www.ebay.com/" "Mozilla/4.0 (compatible; MSIE 4.01; Windows NT)"
66.211.183.74 - - [10/Apr/2025:13:03:44 +0200] "GET /Jurek/topeshop/downloaded_images/5904507202279_Sonoma_1.png HTTP/1.1" 200 711064 "http://www.ebay.com/" "Mozilla/4.0 (compatible; MSIE 4.01; Windows NT)"
66.211.183.73 - - [10/Apr/2025:13:03:44 +0200] "GET /Jurek/topeshop/downloaded_images/5904507202279_sonoma_4.png HTTP/1.1" 200 848051 "http://www.ebay.com/" "Mozilla/4.0 (compatible; MSIE 4.01; Windows NT)"
66.211.183.72 - - [10/Apr/2025:13:03:44 +0200] "GET /Jurek/topeshop/downloaded_images/5904507202279_Sonoma_3.png HTTP/1.1" 200 844234 "http://www.ebay.com/" "Mozilla/4.0 (compatible; MSIE 4.01; Windows NT)"
66.211.183.72 - - [10/Apr/2025:13:03:44 +0200] "GET /Jurek/topeshop/downloaded_images/5904507202279_sonoma.png HTTP/1.1" 200 1372530 "http://www.ebay.com/" "Mozilla/4.0 (compatible; MSIE 4.01; Windows NT)"
66.211.183.74 - - [10/Apr/2025:13:03:44 +0200] "GET /Jurek/topeshop/downloaded_images/5904507202279_sonoma_XL.png HTTP/1.1" 200 1894816 "http://www.ebay.com/" "Mozilla/4.0 (compatible; MSIE 4.01; Windows NT)"
66.211.183.74 - - [10/Apr/2025:13:03:45 +0200] "GET /Jurek/topeshop/downloaded_images/5902838461532_ar6_.RGB_color.0003.jpg HTTP/1.1" 200 129998 "http://www.ebay.com/" "Mozilla/4.0 (compatible; MSIE 4.01; Windows NT)"
66.211.183.72 - - [10/Apr/2025:13:03:45 +0200] "GET /Jurek/topeshop/downloaded_images/5902838461532_ar3_.RGB_color.0004.jpg HTTP/1.1" 200 117576 "http://www.ebay.com/" "Mozilla/4.0 (compatible; MSIE 4.01; Windows NT)"
66.211.183.71 - - [10/Apr/2025:13:03:45 +0200] "GET /Jurek/topeshop/downloaded_images/5902838461532_biurko_.RGB_color.0009_kopia.png HTTP/1.1" 200 148945 "http://www.ebay.com/" "Mozilla/4.0 (compatible; MSIE 4.01; Windows NT)"
51.77.52.107 - - [10/Apr/2025:13:03:46 +0200] "GET /Jurek/eurofirany/images/468272/0.jpg HTTP/2.0" 200 123818 "-" "baselinker"
66.135.223.40 - - [10/Apr/2025:13:03:50 +0200] "GET /Jurek/topeshop/downloaded_images/5902838469460_1.png HTTP/1.1" 200 603812 "-" "Java/17.0.13.0.101"
66.135.223.40 - - [10/Apr/2025:13:03:53 +0200] "GET /Jurek/topeshop/downloaded_images/5904507209087_Biurkakaszmir_20st0003.jpg HTTP/1.1" 200 35772 "http://www.ebay.com/" "Mozilla/4.0 (compatible; MSIE 4.01; Windows NT)"
66.135.223.42 - - [10/Apr/2025:13:03:53 +0200] "GET /Jurek/topeshop/downloaded_images/5904507209087_Mijas_L_kaszmir.jpg HTTP/1.1" 200 119066 "http://www.ebay.com/" "Mozilla/4.0 (compatible; MSIE 4.01; Windows NT)"
66.135.223.41 - - [10/Apr/2025:13:03:53 +0200] "GET /Jurek/topeshop/downloaded_images/5904507209087_BiurkaLkaszmir0003.jpg HTTP/1.1" 200 37681 "http://www.ebay.com/" "Mozilla/4.0 (compatible; MSIE 4.01; Windows NT)"
216.113.184.105 - - [10/Apr/2025:13:03:54 +0200] "GET /Jurek/topeshop/downloaded_images/5904507207472_20st_mijas_prawy_open_niebieski.png HTTP/1.1" 404 3551 "http://www.ebay.com/" "Mozilla/4.0 (compatible; MSIE 4.01; Windows NT)"
216.113.184.103 - - [10/Apr/2025:13:03:54 +0200] "GET /Jurek/topeshop/downloaded_images/5904507207472_Front_mijas_Prawy_niebieski.png HTTP/1.1" 404 3551 "http://www.ebay.com/" "Mozilla/4.0 (compatible; MSIE 4.01; Windows NT)"
216.113.184.102 - - [10/Apr/2025:13:03:54 +0200] "GET /Jurek/topeshop/downloaded_images/5904507207472_mijas_prawyniebieski.jpg HTTP/1.1" 200 128106 "http://www.ebay.com/" "Mozilla/4.0 (compatible; MSIE 4.01; Windows NT)"
216.113.184.101 - - [10/Apr/2025:13:03:54 +0200] "GET /Jurek/topeshop/downloaded_images/5904507207472_20st_mijas_prawy_niebieski.png HTTP/1.1" 200 245526 "http://www.ebay.com/" "Mozilla/4.0 (compatible; MSIE 4.01; Windows NT)"
51.77.52.107 - - [10/Apr/2025:13:03:55 +0200] "GET /Jurek/eurofirany/images/468272/0.jpg HTTP/2.0" 200 123818 "-" "baselinker"
51.77.52.107 - - [10/Apr/2025:13:03:59 +0200] "GET /Jurek/eurofirany/images/468272/0.jpg HTTP/2.0" 200 123818 "-" "baselinker"
5.134.208.158 - - [10/Apr/2025:13:04:04 +0200] "GET /Jurek/eurofirany/images/458945/0.jpg HTTP/1.1" 200 82479 "-" "-"
51.77.52.107 - - [10/Apr/2025:13:04:05 +0200] "GET /Jurek/eurofirany/images/468274/0.jpg HTTP/2.0" 200 131294 "-" "baselinker"
66.211.183.70 - - [10/Apr/2025:13:04:08 +0200] "GET /Jurek/topeshop/downloaded_images/5902838468661_5aa5f5a54ed1a1fadd113a7841b5.jpg HTTP/1.1" 200 96466 "-" "Java/17.0.13.0.101"
66.211.183.71 - - [10/Apr/2025:13:04:08 +0200] "GET /Jurek/topeshop/downloaded_images/5904507209285_Full_20_Dany_kaszmir.jpg HTTP/1.1" 200 51911 "http://www.ebay.com/" "Mozilla/4.0 (compatible; MSIE 4.01; Windows NT)"
66.211.183.71 - - [10/Apr/2025:13:04:08 +0200] "GET /Jurek/topeshop/downloaded_images/5904507209285_front_20_Dany_kaszmir.jpg HTTP/1.1" 200 43777 "http://www.ebay.com/" "Mozilla/4.0 (compatible; MSIE 4.01; Windows NT)"
66.211.183.71 - - [10/Apr/2025:13:04:08 +0200] "GET /Jurek/topeshop/downloaded_images/5904507209285_90_front_Dany_kaszmir.jpg HTTP/1.1" 200 39170 "http://www.ebay.com/" "Mozilla/4.0 (compatible; MSIE 4.01; Windows NT)"
66.211.183.74 - - [10/Apr/2025:13:04:08 +0200] "GET /Jurek/topeshop/downloaded_images/5904507209285_Open_Full_20_Dany_kaszmir.jpg HTTP/1.1" 200 60515 "http://www.ebay.com/" "Mozilla/4.0 (compatible; MSIE 4.01; Windows NT)"
66.211.183.73 - - [10/Apr/2025:13:04:08 +0200] "GET /Jurek/topeshop/downloaded_images/5904507209285_close_20_Dany_kaszmir.jpg HTTP/1.1" 200 45317 "http://www.ebay.com/" "Mozilla/4.0 (compatible; MSIE 4.01; Windows NT)"
66.211.183.70 - - [10/Apr/2025:13:04:08 +0200] "GET /Jurek/topeshop/downloaded_images/5904507209285_Open_20_Dany_kaszmir.jpg HTTP/1.1" 200 45628 "http://www.ebay.com/" "Mozilla/4.0 (compatible; MSIE 4.01; Windows NT)"
66.211.183.73 - - [10/Apr/2025:13:04:08 +0200] "GET /Jurek/topeshop/downloaded_images/5904507209285_Dany0005.jpg HTTP/1.1" 200 155096 "http://www.ebay.com/" "Mozilla/4.0 (compatible; MSIE 4.01; Windows NT)"
66.211.183.73 - - [10/Apr/2025:13:04:08 +0200] "GET /Jurek/topeshop/downloaded_images/5904507209285_Dany0004.jpg HTTP/1.1" 200 156482 "http://www.ebay.com/" "Mozilla/4.0 (compatible; MSIE 4.01; Windows NT)"
66.211.183.72 - - [10/Apr/2025:13:04:08 +0200] "GET /Jurek/topeshop/downloaded_images/5904507209285_Dany0001.jpg HTTP/1.1" 200 158091 "http://www.ebay.com/" "Mozilla/4.0 (compatible; MSIE 4.01; Windows NT)"
216.113.184.101 - - [10/Apr/2025:13:04:08 +0200] "GET /Jurek/topeshop/downloaded_images/5902838469460_FOTEL-OBROTOWY-KRZESLO-BIUROWE-NEMO-CZARNY-Marka-TopEshop.jpg HTTP/1.1" 200 109005 "http://www.ebay.com/" "Mozilla/4.0 (compatible; MSIE 4.01; Windows NT)"
216.113.184.103 - - [10/Apr/2025:13:04:09 +0200] "GET /Jurek/topeshop/downloaded_images/5902838469460_3.png HTTP/1.1" 200 293445 "http://www.ebay.com/" "Mozilla/4.0 (compatible; MSIE 4.01; Windows NT)"
216.113.184.101 - - [10/Apr/2025:13:04:09 +0200] "GET /Jurek/topeshop/downloaded_images/5902838469460_2.png HTTP/1.1" 200 485577 "http://www.ebay.com/" "Mozilla/4.0 (compatible; MSIE 4.01; Windows NT)"
216.113.184.103 - - [10/Apr/2025:13:04:09 +0200] "GET /Jurek/topeshop/downloaded_images/5902838469460_4.png HTTP/1.1" 200 536724 "http://www.ebay.com/" "Mozilla/4.0 (compatible; MSIE 4.01; Windows NT)"
216.113.184.102 - - [10/Apr/2025:13:04:09 +0200] "GET /Jurek/topeshop/downloaded_images/5902838469460_1.png HTTP/1.1" 200 603812 "http://www.ebay.com/" "Mozilla/4.0 (compatible; MSIE 4.01; Windows NT)"
216.113.184.103 - - [10/Apr/2025:13:04:10 +0200] "GET /Jurek/topeshop/downloaded_images/5902838466919_Furn_intR_white.jpg HTTP/1.1" 200 122691 "http://www.ebay.com/" "Mozilla/4.0 (compatible; MSIE 4.01; Windows NT)"
