34.72.247.156 - - [08/Apr/2025:11:48:57 +0200] "GET /Jurek/topeshop/downloaded_images/5904507209865_Image0004.jpg HTTP/1.1" 404 3551 "-" "Mozilla/5.0 (X11; Linux x86_64) AppleWebKit/537.36 (KHTML, like Gecko) Chrome/110.0.0.0 Safari/537.36"
34.72.247.156 - - [08/Apr/2025:11:48:58 +0200] "GET /Jurek/topeshop/downloaded_images/5902838468814_DUO-BIEL-BRY%C5%81KA-BOK-ZM.jpg HTTP/1.1" 404 3551 "-" "Mozilla/5.0 (X11; Linux x86_64) AppleWebKit/537.36 (KHTML, like Gecko) Chrome/110.0.0.0 Safari/537.36"
167.160.74.2 - - [08/Apr/2025:11:48:58 +0200] "GET /Jurek/topeshop/downloaded_images/5904507209841_RTV160KAMAROKASZMIRSLIMKPL_1.jpg HTTP/2.0" 404 3551 "-" "Mozilla/5.0 (X11; Linux x86_64) AppleWebKit/537.36 (KHTML, like Gecko) Chrome/110.0.0.0 Safari/537.36"
152.44.102.90 - - [08/Apr/2025:11:48:58 +0200] "GET /Jurek/topeshop/downloaded_images/5902838468838_DUOSONOMABRY%C5%81KAFRONTZM.jpg HTTP/2.0" 404 3551 "-" "Mozilla/5.0 (X11; Linux x86_64) AppleWebKit/537.36 (KHTML, like Gecko) Chrome/110.0.0.0 Safari/537.36"
167.160.76.193 - - [08/Apr/2025:11:48:59 +0200] "GET /Jurek/topeshop/downloaded_images/5902838468456_2.png HTTP/2.0" 404 3551 "-" "Mozilla/5.0 (X11; Linux x86_64) AppleWebKit/537.36 (KHTML, like Gecko) Chrome/110.0.0.0 Safari/537.36"
34.133.239.145 - - [08/Apr/2025:11:48:59 +0200] "GET /Jurek/topeshop/downloaded_images/5902838468838_DUOSONOMABRY%C5%81KABOKZM.jpg HTTP/1.1" 404 3551 "-" "Mozilla/5.0 (X11; Linux x86_64) AppleWebKit/537.36 (KHTML, like Gecko) Chrome/110.0.0.0 Safari/537.36"
34.133.239.145 - - [08/Apr/2025:11:48:59 +0200] "GET /Jurek/topeshop/downloaded_images/5904507209865_Image0004.jpg HTTP/1.1" 404 3551 "-" "Mozilla/5.0 (X11; Linux x86_64) AppleWebKit/537.36 (KHTML, like Gecko) Chrome/110.0.0.0 Safari/537.36"
193.33.8.61 - - [08/Apr/2025:11:49:00 +0200] "GET /Jurek/piotrmiedz/feeds/piotrmiedz_amazonde.xml HTTP/2.0" 200 15761408 "https://konsola.dkkapusta1997.usermd.net/" "Mozilla/5.0 (Windows NT 10.0; Win64; x64) AppleWebKit/537.36 (KHTML, like Gecko) Chrome/134.0.0.0 Safari/537.36"
34.72.247.156 - - [08/Apr/2025:11:49:00 +0200] "GET /Jurek/topeshop/downloaded_images/5902838468463_2sonoma.png HTTP/1.1" 404 3551 "-" "Mozilla/5.0 (X11; Linux x86_64) AppleWebKit/537.36 (KHTML, like Gecko) Chrome/110.0.0.0 Safari/537.36"
34.72.247.156 - - [08/Apr/2025:11:49:00 +0200] "GET /Jurek/topeshop/downloaded_images/5902838467688_Wieszak_front_sonoma.jpg HTTP/1.1" 404 3551 "-" "Mozilla/5.0 (X11; Linux x86_64) AppleWebKit/537.36 (KHTML, like Gecko) Chrome/110.0.0.0 Safari/537.36"
34.133.239.145 - - [08/Apr/2025:11:49:01 +0200] "GET /Jurek/topeshop/downloaded_images/5902838468838_DUOSONOMABRY%C5%81KABOKZM.jpg HTTP/1.1" 404 3551 "-" "Mozilla/5.0 (X11; Linux x86_64) AppleWebKit/537.36 (KHTML, like Gecko) Chrome/110.0.0.0 Safari/537.36"
34.72.247.156 - - [08/Apr/2025:11:49:03 +0200] "GET /Jurek/topeshop/downloaded_images/5904507209957_Image0004.jpg HTTP/1.1" 404 3551 "-" "Mozilla/5.0 (X11; Linux x86_64) AppleWebKit/537.36 (KHTML, like Gecko) Chrome/110.0.0.0 Safari/537.36"
34.133.239.145 - - [08/Apr/2025:11:49:04 +0200] "GET /Jurek/topeshop/downloaded_images/5904507209872_WITRYNAKAMARO1DDSLIMKASZMIRKPL_4.jpg HTTP/1.1" 404 3551 "-" "Mozilla/5.0 (X11; Linux x86_64) AppleWebKit/537.36 (KHTML, like Gecko) Chrome/110.0.0.0 Safari/537.36"
199.101.143.48 - - [08/Apr/2025:11:49:04 +0200] "GET /Jurek/topeshop/downloaded_images/5902838468821_DUOCZERNBRYLKABOKZM.jpg HTTP/2.0" 404 3551 "-" "Mozilla/5.0 (X11; Linux x86_64) AppleWebKit/537.36 (KHTML, like Gecko) Chrome/110.0.0.0 Safari/537.36"
130.44.200.122 - - [08/Apr/2025:11:49:04 +0200] "GET /Jurek/topeshop/downloaded_images/5902838468487_2artisan.png HTTP/2.0" 404 3551 "-" "Mozilla/5.0 (X11; Linux x86_64) AppleWebKit/537.36 (KHTML, like Gecko) Chrome/110.0.0.0 Safari/537.36"
147.53.125.195 - - [08/Apr/2025:11:49:04 +0200] "GET /Jurek/topeshop/downloaded_images/5902838468807_DUOARTISANBRY%C5%81KABOKZM.jpg HTTP/2.0" 404 3551 "-" "Mozilla/5.0 (X11; Linux x86_64) AppleWebKit/537.36 (KHTML, like Gecko) Chrome/110.0.0.0 Safari/537.36"
156.239.60.194 - - [08/Apr/2025:11:49:04 +0200] "GET /Jurek/topeshop/downloaded_images/5902838467671_Wieszak_front.png HTTP/2.0" 404 3551 "-" "Mozilla/5.0 (X11; Linux x86_64) AppleWebKit/537.36 (KHTML, like Gecko) Chrome/110.0.0.0 Safari/537.36"
34.133.239.145 - - [08/Apr/2025:11:49:06 +0200] "GET /Jurek/topeshop/downloaded_images/5902838468838_DUOSONOMABRY%C5%81KABOKZM.jpg HTTP/1.1" 404 3551 "-" "Mozilla/5.0 (X11; Linux x86_64) AppleWebKit/537.36 (KHTML, like Gecko) Chrome/110.0.0.0 Safari/537.36"
34.72.247.156 - - [08/Apr/2025:11:49:06 +0200] "GET /Jurek/topeshop/downloaded_images/5904507209957_Image0004.jpg HTTP/1.1" 404 3551 "-" "Mozilla/5.0 (X11; Linux x86_64) AppleWebKit/537.36 (KHTML, like Gecko) Chrome/110.0.0.0 Safari/537.36"
167.160.78.85 - - [08/Apr/2025:11:49:07 +0200] "GET /Jurek/topeshop/downloaded_images/5904507209841_RTV160KAMAROKASZMIRSLIMKPL_1.jpg HTTP/2.0" 404 3551 "-" "Mozilla/5.0 (X11; Linux x86_64) AppleWebKit/537.36 (KHTML, like Gecko) Chrome/110.0.0.0 Safari/537.36"
34.133.239.145 - - [08/Apr/2025:11:49:07 +0200] "GET /Jurek/topeshop/downloaded_images/5904507209872_WITRYNAKAMARO1DDSLIMKASZMIRKPL_4.jpg HTTP/1.1" 404 3551 "-" "Mozilla/5.0 (X11; Linux x86_64) AppleWebKit/537.36 (KHTML, like Gecko) Chrome/110.0.0.0 Safari/537.36"
34.133.239.145 - - [08/Apr/2025:11:49:07 +0200] "GET /Jurek/topeshop/downloaded_images/5902838468487_1artisan.png HTTP/1.1" 404 3551 "-" "Mozilla/5.0 (X11; Linux x86_64) AppleWebKit/537.36 (KHTML, like Gecko) Chrome/110.0.0.0 Safari/537.36"
34.133.239.145 - - [08/Apr/2025:11:49:07 +0200] "GET /Jurek/topeshop/downloaded_images/5904507209841_Rtv_slim_160_kaszmir(1).jpg HTTP/1.1" 404 3551 "-" "Mozilla/5.0 (X11; Linux x86_64) AppleWebKit/537.36 (KHTML, like Gecko) Chrome/110.0.0.0 Safari/537.36"
139.180.225.142 - - [08/Apr/2025:11:49:07 +0200] "GET /Jurek/topeshop/downloaded_images/5902838468463_2sonoma.png HTTP/2.0" 404 3551 "-" "Mozilla/5.0 (X11; Linux x86_64) AppleWebKit/537.36 (KHTML, like Gecko) Chrome/110.0.0.0 Safari/537.36"
34.72.247.156 - - [08/Apr/2025:11:49:08 +0200] "GET /Jurek/topeshop/downloaded_images/5902838468456_Oaplwieszak.png HTTP/1.1" 404 3551 "-" "Mozilla/5.0 (X11; Linux x86_64) AppleWebKit/537.36 (KHTML, like Gecko) Chrome/110.0.0.0 Safari/537.36"
34.72.247.156 - - [08/Apr/2025:11:49:10 +0200] "GET /Jurek/topeshop/downloaded_images/5904507209841_Rtv_slim_160_kaszmir(1).jpg HTTP/1.1" 404 3551 "-" "Mozilla/5.0 (X11; Linux x86_64) AppleWebKit/537.36 (KHTML, like Gecko) Chrome/110.0.0.0 Safari/537.36"
66.211.183.73 - - [08/Apr/2025:11:49:10 +0200] "GET /Jurek/topeshop/downloaded_images/5902838468456_2.png HTTP/1.1" 404 3551 "http://www.ebay.com/" "Mozilla/4.0 (compatible; MSIE 4.01; Windows NT)"
66.211.183.73 - - [08/Apr/2025:11:49:10 +0200] "GET /Jurek/topeshop/downloaded_images/5902838468456_Oaplwieszak.png HTTP/1.1" 404 3551 "http://www.ebay.com/" "Mozilla/4.0 (compatible; MSIE 4.01; Windows NT)"
66.211.183.74 - - [08/Apr/2025:11:49:10 +0200] "GET /Jurek/topeshop/downloaded_images/5902838468456_3.png HTTP/1.1" 404 3551 "http://www.ebay.com/" "Mozilla/4.0 (compatible; MSIE 4.01; Windows NT)"
66.211.183.73 - - [08/Apr/2025:11:49:10 +0200] "GET /Jurek/topeshop/downloaded_images/5902838468456_20.jpg HTTP/1.1" 200 91795 "http://www.ebay.com/" "Mozilla/4.0 (compatible; MSIE 4.01; Windows NT)"
130.44.200.117 - - [08/Apr/2025:11:49:10 +0200] "GET /Jurek/topeshop/downloaded_images/5902838467688_Wieszak_front_sonoma.jpg HTTP/2.0" 404 3551 "-" "Mozilla/5.0 (X11; Linux x86_64) AppleWebKit/537.36 (KHTML, like Gecko) Chrome/110.0.0.0 Safari/537.36"
34.133.239.145 - - [08/Apr/2025:11:49:11 +0200] "GET /Jurek/topeshop/downloaded_images/5904507209957_Image0004.jpg HTTP/1.1" 404 3551 "-" "Mozilla/5.0 (X11; Linux x86_64) AppleWebKit/537.36 (KHTML, like Gecko) Chrome/110.0.0.0 Safari/537.36"
34.133.239.145 - - [08/Apr/2025:11:49:11 +0200] "GET /Jurek/topeshop/downloaded_images/5902838468456_Oaplwieszak.png HTTP/1.1" 404 3551 "-" "Mozilla/5.0 (X11; Linux x86_64) AppleWebKit/537.36 (KHTML, like Gecko) Chrome/110.0.0.0 Safari/537.36"
216.213.29.61 - - [08/Apr/2025:11:49:11 +0200] "GET /Jurek/topeshop/downloaded_images/5904507209865_Image0004.jpg HTTP/2.0" 404 3551 "-" "Mozilla/5.0 (X11; Linux x86_64) AppleWebKit/537.36 (KHTML, like Gecko) Chrome/110.0.0.0 Safari/537.36"
34.133.239.145 - - [08/Apr/2025:11:49:11 +0200] "GET /Jurek/topeshop/downloaded_images/5904507209872_WITRYNAKAMARO1DDSLIMKASZMIRKPL_4.jpg HTTP/1.1" 404 3551 "-" "Mozilla/5.0 (X11; Linux x86_64) AppleWebKit/537.36 (KHTML, like Gecko) Chrome/110.0.0.0 Safari/537.36"
34.72.247.156 - - [08/Apr/2025:11:49:13 +0200] "GET /Jurek/topeshop/downloaded_images/5902838468487_1artisan.png HTTP/1.1" 404 3551 "-" "Mozilla/5.0 (X11; Linux x86_64) AppleWebKit/537.36 (KHTML, like Gecko) Chrome/110.0.0.0 Safari/537.36"
130.44.200.131 - - [08/Apr/2025:11:49:13 +0200] "GET /Jurek/topeshop/downloaded_images/5902838468807_DUOARTISANBRY%C5%81KABOKZM.jpg HTTP/2.0" 404 3551 "-" "Mozilla/5.0 (X11; Linux x86_64) AppleWebKit/537.36 (KHTML, like Gecko) Chrome/110.0.0.0 Safari/537.36"
209.163.117.121 - - [08/Apr/2025:11:49:13 +0200] "GET /Jurek/topeshop/downloaded_images/5902838468838_DUOSONOMABRY%C5%81KABOKZM.jpg HTTP/2.0" 404 3551 "-" "Mozilla/5.0 (X11; Linux x86_64) AppleWebKit/537.36 (KHTML, like Gecko) Chrome/110.0.0.0 Safari/537.36"
167.160.74.2 - - [08/Apr/2025:11:49:13 +0200] "GET /Jurek/topeshop/downloaded_images/5902838467671_Wieszak_front.png HTTP/2.0" 404 3551 "-" "Mozilla/5.0 (X11; Linux x86_64) AppleWebKit/537.36 (KHTML, like Gecko) Chrome/110.0.0.0 Safari/537.36"
172.252.143.114 - - [08/Apr/2025:11:49:13 +0200] "GET /Jurek/topeshop/downloaded_images/5902838468821_DUOCZERNBRYLKABOKZM.jpg HTTP/2.0" 404 3551 "-" "Mozilla/5.0 (X11; Linux x86_64) AppleWebKit/537.36 (KHTML, like Gecko) Chrome/110.0.0.0 Safari/537.36"
34.72.247.156 - - [08/Apr/2025:11:49:14 +0200] "GET /Jurek/topeshop/downloaded_images/5902838467671_2.png HTTP/1.1" 404 3551 "-" "Mozilla/5.0 (X11; Linux x86_64) AppleWebKit/537.36 (KHTML, like Gecko) Chrome/110.0.0.0 Safari/537.36"
34.133.239.145 - - [08/Apr/2025:11:49:15 +0200] "GET /Jurek/topeshop/downloaded_images/5904507209841_Rtv_slim_160_kaszmir(1).jpg HTTP/1.1" 404 3551 "-" "Mozilla/5.0 (X11; Linux x86_64) AppleWebKit/537.36 (KHTML, like Gecko) Chrome/110.0.0.0 Safari/537.36"
69.58.88.199 - - [08/Apr/2025:11:49:15 +0200] "GET /Jurek/topeshop/downloaded_images/5902838468814_DUO-BIEL-BRY%C5%81KA-BOK-ZM.jpg HTTP/2.0" 404 3551 "-" "Mozilla/5.0 (X11; Linux x86_64) AppleWebKit/537.36 (KHTML, like Gecko) Chrome/110.0.0.0 Safari/537.36"
66.211.183.71 - - [08/Apr/2025:11:49:15 +0200] "GET /Jurek/topeshop/downloaded_images/5902838467688_2_sonoma.jpg HTTP/1.1" 404 3551 "http://www.ebay.com/" "Mozilla/4.0 (compatible; MSIE 4.01; Windows NT)"
34.72.247.156 - - [08/Apr/2025:11:49:15 +0200] "GET /Jurek/topeshop/downloaded_images/5902838468456_Oaplwieszak.png HTTP/1.1" 404 3551 "-" "Mozilla/5.0 (X11; Linux x86_64) AppleWebKit/537.36 (KHTML, like Gecko) Chrome/110.0.0.0 Safari/537.36"
66.211.183.74 - - [08/Apr/2025:11:49:15 +0200] "GET /Jurek/topeshop/downloaded_images/5902838467688_3_sonoma.jpg HTTP/1.1" 404 3551 "http://www.ebay.com/" "Mozilla/4.0 (compatible; MSIE 4.01; Windows NT)"
66.211.183.71 - - [08/Apr/2025:11:49:15 +0200] "GET /Jurek/topeshop/downloaded_images/5902838467688_Wieszak_front_sonoma.jpg HTTP/1.1" 404 3551 "http://www.ebay.com/" "Mozilla/4.0 (compatible; MSIE 4.01; Windows NT)"
69.58.88.199 - - [08/Apr/2025:11:49:16 +0200] "GET /Jurek/topeshop/downloaded_images/5902838468463_2sonoma.png HTTP/2.0" 404 3551 "-" "Mozilla/5.0 (X11; Linux x86_64) AppleWebKit/537.36 (KHTML, like Gecko) Chrome/110.0.0.0 Safari/537.36"
34.133.239.145 - - [08/Apr/2025:11:49:16 +0200] "GET /Jurek/topeshop/downloaded_images/5902838468463_1sonoma.png HTTP/1.1" 404 3551 "-" "Mozilla/5.0 (X11; Linux x86_64) AppleWebKit/537.36 (KHTML, like Gecko) Chrome/110.0.0.0 Safari/537.36"
34.72.247.156 - - [08/Apr/2025:11:49:17 +0200] "GET /Jurek/topeshop/downloaded_images/5902838467671_2.png HTTP/1.1" 404 3551 "-" "Mozilla/5.0 (X11; Linux x86_64) AppleWebKit/537.36 (KHTML, like Gecko) Chrome/110.0.0.0 Safari/537.36"
34.133.239.145 - - [08/Apr/2025:11:49:18 +0200] "GET /Jurek/topeshop/downloaded_images/5904507209964_4DKKASZMIR(2).jpg HTTP/1.1" 404 3551 "-" "Mozilla/5.0 (X11; Linux x86_64) AppleWebKit/537.36 (KHTML, like Gecko) Chrome/110.0.0.0 Safari/537.36"
104.244.100.39 - - [08/Apr/2025:11:49:18 +0200] "GET /Jurek/topeshop/downloaded_images/5904507209872_WITRYNAKAMARO1DDSLIMKASZMIRKPL_4.jpg HTTP/2.0" 404 3551 "-" "Mozilla/5.0 (X11; Linux x86_64) AppleWebKit/537.36 (KHTML, like Gecko) Chrome/110.0.0.0 Safari/537.36"
34.72.247.156 - - [08/Apr/2025:11:49:19 +0200] "GET /Jurek/topeshop/downloaded_images/5902838468463_1sonoma.png HTTP/1.1" 404 3551 "-" "Mozilla/5.0 (X11; Linux x86_64) AppleWebKit/537.36 (KHTML, like Gecko) Chrome/110.0.0.0 Safari/537.36"
34.133.239.145 - - [08/Apr/2025:11:49:19 +0200] "GET /Jurek/topeshop/downloaded_images/5904507206994_W40_pafos_3_22222.jpg HTTP/1.1" 200 20885 "-" "Mozilla/5.0 (X11; Linux x86_64) AppleWebKit/537.36 (KHTML, like Gecko) Chrome/110.0.0.0 Safari/537.36"
34.72.247.156 - - [08/Apr/2025:11:49:19 +0200] "GET /Jurek/topeshop/downloaded_images/5904507209971_1(5).png HTTP/1.1" 404 3551 "-" "Mozilla/5.0 (X11; Linux x86_64) AppleWebKit/537.36 (KHTML, like Gecko) Chrome/110.0.0.0 Safari/537.36"
147.53.125.195 - - [08/Apr/2025:11:49:19 +0200] "GET /Jurek/topeshop/downloaded_images/5902838467688_Wieszak_front_sonoma.jpg HTTP/2.0" 404 3551 "-" "Mozilla/5.0 (X11; Linux x86_64) AppleWebKit/537.36 (KHTML, like Gecko) Chrome/110.0.0.0 Safari/537.36"
156.239.60.194 - - [08/Apr/2025:11:49:20 +0200] "GET /Jurek/topeshop/downloaded_images/5902838468487_1artisan.png HTTP/2.0" 404 3551 "-" "Mozilla/5.0 (X11; Linux x86_64) AppleWebKit/537.36 (KHTML, like Gecko) Chrome/110.0.0.0 Safari/537.36"
34.133.239.145 - - [08/Apr/2025:11:49:20 +0200] "GET /Jurek/topeshop/downloaded_images/5904507206994_V_1_2open.jpg HTTP/1.1" 200 124059 "-" "Mozilla/5.0 (X11; Linux x86_64) AppleWebKit/537.36 (KHTML, like Gecko) Chrome/110.0.0.0 Safari/537.36"
136.0.46.227 - - [08/Apr/2025:11:49:20 +0200] "GET /Jurek/topeshop/downloaded_images/5904507209865_Image0004.jpg HTTP/2.0" 404 3551 "-" "Mozilla/5.0 (X11; Linux x86_64) AppleWebKit/537.36 (KHTML, like Gecko) Chrome/110.0.0.0 Safari/537.36"
34.133.239.145 - - [08/Apr/2025:11:49:20 +0200] "GET /Jurek/topeshop/downloaded_images/5902838467688_2_sonoma.jpg HTTP/1.1" 404 3551 "-" "Mozilla/5.0 (X11; Linux x86_64) AppleWebKit/537.36 (KHTML, like Gecko) Chrome/110.0.0.0 Safari/537.36"
34.133.239.145 - - [08/Apr/2025:11:49:20 +0200] "GET /Jurek/topeshop/downloaded_images/5904507206994_V_2_2.jpg HTTP/1.1" 200 156450 "-" "Mozilla/5.0 (X11; Linux x86_64) AppleWebKit/537.36 (KHTML, like Gecko) Chrome/110.0.0.0 Safari/537.36"
34.72.247.156 - - [08/Apr/2025:11:49:20 +0200] "GET /Jurek/topeshop/downloaded_images/5904507209865_Image0007_mini.jpg HTTP/1.1" 404 3551 "-" "Mozilla/5.0 (X11; Linux x86_64) AppleWebKit/537.36 (KHTML, like Gecko) Chrome/110.0.0.0 Safari/537.36"
34.133.239.145 - - [08/Apr/2025:11:49:20 +0200] "GET /Jurek/topeshop/downloaded_images/5904507209964_4DKKASZMIR(2).jpg HTTP/1.1" 404 3551 "-" "Mozilla/5.0 (X11; Linux x86_64) AppleWebKit/537.36 (KHTML, like Gecko) Chrome/110.0.0.0 Safari/537.36"
34.133.239.145 - - [08/Apr/2025:11:49:21 +0200] "GET /Jurek/topeshop/downloaded_images/5904507206994_W_40_C_1.jpg HTTP/1.1" 200 121533 "-" "Mozilla/5.0 (X11; Linux x86_64) AppleWebKit/537.36 (KHTML, like Gecko) Chrome/110.0.0.0 Safari/537.36"
34.133.239.145 - - [08/Apr/2025:11:49:21 +0200] "GET /Jurek/topeshop/downloaded_images/5902838467671_2.png HTTP/1.1" 404 3551 "-" "Mozilla/5.0 (X11; Linux x86_64) AppleWebKit/537.36 (KHTML, like Gecko) Chrome/110.0.0.0 Safari/537.36"
34.133.239.145 - - [08/Apr/2025:11:49:22 +0200] "GET /Jurek/topeshop/downloaded_images/5904507206994_W_40_C_2.jpg HTTP/1.1" 200 120851 "-" "Mozilla/5.0 (X11; Linux x86_64) AppleWebKit/537.36 (KHTML, like Gecko) Chrome/110.0.0.0 Safari/537.36"
172.96.80.220 - - [08/Apr/2025:11:49:22 +0200] "GET /Jurek/topeshop/downloaded_images/5904507209841_Rtv_slim_160_kaszmir(1).jpg HTTP/2.0" 404 3551 "-" "Mozilla/5.0 (X11; Linux x86_64) AppleWebKit/537.36 (KHTML, like Gecko) Chrome/110.0.0.0 Safari/537.36"
209.163.117.121 - - [08/Apr/2025:11:49:22 +0200] "GET /Jurek/topeshop/downloaded_images/5902838468456_Oaplwieszak.png HTTP/2.0" 404 3551 "-" "Mozilla/5.0 (X11; Linux x86_64) AppleWebKit/537.36 (KHTML, like Gecko) Chrome/110.0.0.0 Safari/537.36"
45.39.255.231 - - [08/Apr/2025:11:49:22 +0200] "GET /Jurek/topeshop/downloaded_images/5902838468838_DUOSONOMABRY%C5%81KABOKZM.jpg HTTP/2.0" 404 3551 "-" "Mozilla/5.0 (X11; Linux x86_64) AppleWebKit/537.36 (KHTML, like Gecko) Chrome/110.0.0.0 Safari/537.36"
34.133.239.145 - - [08/Apr/2025:11:49:22 +0200] "GET /Jurek/topeshop/downloaded_images/5904507206994_W_40_RDS_80_WIZKA_FRONT.jpg HTTP/1.1" 200 138173 "-" "Mozilla/5.0 (X11; Linux x86_64) AppleWebKit/537.36 (KHTML, like Gecko) Chrome/110.0.0.0 Safari/537.36"
66.211.183.73 - - [08/Apr/2025:11:49:22 +0200] "GET /Jurek/topeshop/downloaded_images/5904507207007_W80_pafos_3_.jpg HTTP/1.1" 200 27123 "http://www.ebay.com/" "Mozilla/4.0 (compatible; MSIE 4.01; Windows NT)"
66.211.183.73 - - [08/Apr/2025:11:49:22 +0200] "GET /Jurek/topeshop/downloaded_images/5904507207007_W_80_C_1.jpg HTTP/1.1" 200 127683 "http://www.ebay.com/" "Mozilla/4.0 (compatible; MSIE 4.01; Windows NT)"
66.211.183.73 - - [08/Apr/2025:11:49:22 +0200] "GET /Jurek/topeshop/downloaded_images/5904507207007_W80_pafos_3_wwwww.jpg HTTP/1.1" 200 27326 "http://www.ebay.com/" "Mozilla/4.0 (compatible; MSIE 4.01; Windows NT)"
34.72.247.156 - - [08/Apr/2025:11:49:22 +0200] "GET /Jurek/topeshop/downloaded_images/5904507209971_1(5).png HTTP/1.1" 404 3551 "-" "Mozilla/5.0 (X11; Linux x86_64) AppleWebKit/537.36 (KHTML, like Gecko) Chrome/110.0.0.0 Safari/537.36"
34.133.239.145 - - [08/Apr/2025:11:49:22 +0200] "GET /Jurek/topeshop/downloaded_images/5902838467688_2_sonoma.jpg HTTP/1.1" 404 3551 "-" "Mozilla/5.0 (X11; Linux x86_64) AppleWebKit/537.36 (KHTML, like Gecko) Chrome/110.0.0.0 Safari/537.36"
66.211.183.72 - - [08/Apr/2025:11:49:22 +0200] "GET /Jurek/topeshop/downloaded_images/5904507207007_W_80_C_2.jpg HTTP/1.1" 200 128706 "http://www.ebay.com/" "Mozilla/4.0 (compatible; MSIE 4.01; Windows NT)"
66.211.183.74 - - [08/Apr/2025:11:49:22 +0200] "GET /Jurek/topeshop/downloaded_images/5904507207007_V_3_2.jpg HTTP/1.1" 200 163592 "http://www.ebay.com/" "Mozilla/4.0 (compatible; MSIE 4.01; Windows NT)"
34.133.239.145 - - [08/Apr/2025:11:49:22 +0200] "GET /Jurek/topeshop/downloaded_images/5904507206994_W40_pafos_3_.jpg HTTP/1.1" 200 19981 "-" "Mozilla/5.0 (X11; Linux x86_64) AppleWebKit/537.36 (KHTML, like Gecko) Chrome/110.0.0.0 Safari/537.36"
34.133.239.145 - - [08/Apr/2025:11:49:23 +0200] "GET /Jurek/topeshop/downloaded_images/5904507209865_Image0007_mini.jpg HTTP/1.1" 404 3551 "-" "Mozilla/5.0 (X11; Linux x86_64) AppleWebKit/537.36 (KHTML, like Gecko) Chrome/110.0.0.0 Safari/537.36"
66.211.183.74 - - [08/Apr/2025:11:49:23 +0200] "GET /Jurek/topeshop/downloaded_images/5904507207007_V_3_2open.jpg HTTP/1.1" 200 164995 "http://www.ebay.com/" "Mozilla/4.0 (compatible; MSIE 4.01; Windows NT)"
34.133.239.145 - - [08/Apr/2025:11:49:23 +0200] "GET /Jurek/topeshop/downloaded_images/5902838468463_1sonoma.png HTTP/1.1" 404 3551 "-" "Mozilla/5.0 (X11; Linux x86_64) AppleWebKit/537.36 (KHTML, like Gecko) Chrome/110.0.0.0 Safari/537.36"
34.133.239.145 - - [08/Apr/2025:11:49:25 +0200] "GET /Jurek/topeshop/downloaded_images/5904507209964_4DKKASZMIR(2).jpg HTTP/1.1" 404 3551 "-" "Mozilla/5.0 (X11; Linux x86_64) AppleWebKit/537.36 (KHTML, like Gecko) Chrome/110.0.0.0 Safari/537.36"
156.239.60.194 - - [08/Apr/2025:11:49:25 +0200] "GET /Jurek/topeshop/downloaded_images/5904507209957_Image0004.jpg HTTP/2.0" 404 3551 "-" "Mozilla/5.0 (X11; Linux x86_64) AppleWebKit/537.36 (KHTML, like Gecko) Chrome/110.0.0.0 Safari/537.36"
89.161.206.59 - - [08/Apr/2025:11:49:26 +0200] "GET /Jurek/piotrmiedz/feeds/piotrmiedz_amazonde.xml HTTP/1.0" 200 91040577 "-" "-"
34.72.247.156 - - [08/Apr/2025:11:49:27 +0200] "GET /Jurek/topeshop/downloaded_images/5904507209957_Image0007_mini.jpg HTTP/1.1" 404 3551 "-" "Mozilla/5.0 (X11; Linux x86_64) AppleWebKit/537.36 (KHTML, like Gecko) Chrome/110.0.0.0 Safari/537.36"
34.133.239.145 - - [08/Apr/2025:11:49:27 +0200] "GET /Jurek/topeshop/downloaded_images/5902838467688_2_sonoma.jpg HTTP/1.1" 404 3551 "-" "Mozilla/5.0 (X11; Linux x86_64) AppleWebKit/537.36 (KHTML, like Gecko) Chrome/110.0.0.0 Safari/537.36"
208.52.181.173 - - [08/Apr/2025:11:49:27 +0200] "GET /Jurek/topeshop/downloaded_images/5904507209872_WITRYNAKAMARO1DDSLIMKASZMIRKPL_4.jpg HTTP/2.0" 404 3551 "-" "Mozilla/5.0 (X11; Linux x86_64) AppleWebKit/537.36 (KHTML, like Gecko) Chrome/110.0.0.0 Safari/537.36"
34.133.239.145 - - [08/Apr/2025:11:49:27 +0200] "GET /Jurek/topeshop/downloaded_images/5904507209865_Image0007_mini.jpg HTTP/1.1" 404 3551 "-" "Mozilla/5.0 (X11; Linux x86_64) AppleWebKit/537.36 (KHTML, like Gecko) Chrome/110.0.0.0 Safari/537.36"
34.72.247.156 - - [08/Apr/2025:11:49:28 +0200] "GET /Jurek/topeshop/downloaded_images/5904507209971_1(5).png HTTP/1.1" 404 3551 "-" "Mozilla/5.0 (X11; Linux x86_64) AppleWebKit/537.36 (KHTML, like Gecko) Chrome/110.0.0.0 Safari/537.36"
34.72.247.156 - - [08/Apr/2025:11:49:28 +0200] "GET /Jurek/topeshop/downloaded_images/5904507209872_W_1D_slim_full_Kaszmir_Bry%C5%82ka-(3)_mini.jpg HTTP/1.1" 404 3551 "-" "Mozilla/5.0 (X11; Linux x86_64) AppleWebKit/537.36 (KHTML, like Gecko) Chrome/110.0.0.0 Safari/537.36"
67.218.4.49 - - [08/Apr/2025:11:49:28 +0200] "GET /Jurek/topeshop/downloaded_images/5902838467671_2.png HTTP/2.0" 404 3551 "-" "Mozilla/5.0 (X11; Linux x86_64) AppleWebKit/537.36 (KHTML, like Gecko) Chrome/110.0.0.0 Safari/537.36"
34.72.247.156 - - [08/Apr/2025:11:49:28 +0200] "GET /Jurek/topeshop/downloaded_images/5904507209902_30.jpg HTTP/1.1" 404 3551 "-" "Mozilla/5.0 (X11; Linux x86_64) AppleWebKit/537.36 (KHTML, like Gecko) Chrome/110.0.0.0 Safari/537.36"
45.39.255.231 - - [08/Apr/2025:11:49:29 +0200] "GET /Jurek/topeshop/downloaded_images/5902838468487_1artisan.png HTTP/2.0" 404 3551 "-" "Mozilla/5.0 (X11; Linux x86_64) AppleWebKit/537.36 (KHTML, like Gecko) Chrome/110.0.0.0 Safari/537.36"
147.53.125.195 - - [08/Apr/2025:11:49:29 +0200] "GET /Jurek/topeshop/downloaded_images/5902838468463_1sonoma.png HTTP/2.0" 404 3551 "-" "Mozilla/5.0 (X11; Linux x86_64) AppleWebKit/537.36 (KHTML, like Gecko) Chrome/110.0.0.0 Safari/537.36"
34.72.247.156 - - [08/Apr/2025:11:49:30 +0200] "GET /Jurek/topeshop/downloaded_images/5904507209957_Image0007_mini.jpg HTTP/1.1" 404 3551 "-" "Mozilla/5.0 (X11; Linux x86_64) AppleWebKit/537.36 (KHTML, like Gecko) Chrome/110.0.0.0 Safari/537.36"
209.163.117.121 - - [08/Apr/2025:11:49:30 +0200] "GET /Jurek/topeshop/downloaded_images/5902838468456_Oaplwieszak.png HTTP/2.0" 404 3551 "-" "Mozilla/5.0 (X11; Linux x86_64) AppleWebKit/537.36 (KHTML, like Gecko) Chrome/110.0.0.0 Safari/537.36"
34.72.247.156 - - [08/Apr/2025:11:49:30 +0200] "GET /Jurek/topeshop/downloaded_images/5904507209889_Image0005.jpg HTTP/1.1" 404 3551 "-" "Mozilla/5.0 (X11; Linux x86_64) AppleWebKit/537.36 (KHTML, like Gecko) Chrome/110.0.0.0 Safari/537.36"
34.133.239.145 - - [08/Apr/2025:11:49:31 +0200] "GET /Jurek/topeshop/downloaded_images/5904507209896_2dkkaszmrigladki(1).jpg HTTP/1.1" 404 3551 "-" "Mozilla/5.0 (X11; Linux x86_64) AppleWebKit/537.36 (KHTML, like Gecko) Chrome/110.0.0.0 Safari/537.36"
216.113.184.102 - - [08/Apr/2025:11:49:31 +0200] "GET /Jurek/topeshop/downloaded_images/5902838465899_Bry%C5%82a20011.jpg HTTP/1.1" 200 58924 "http://www.ebay.com/" "Mozilla/4.0 (compatible; MSIE 4.01; Windows NT)"
216.113.184.101 - - [08/Apr/2025:11:49:31 +0200] "GET /Jurek/topeshop/downloaded_images/5902838465899_20006.jpg HTTP/1.1" 200 91531 "http://www.ebay.com/" "Mozilla/4.0 (compatible; MSIE 4.01; Windows NT)"
216.113.184.104 - - [08/Apr/2025:11:49:31 +0200] "GET /Jurek/topeshop/downloaded_images/5902838465899_120006.jpg HTTP/1.1" 200 115698 "http://www.ebay.com/" "Mozilla/4.0 (compatible; MSIE 4.01; Windows NT)"
216.113.184.103 - - [08/Apr/2025:11:49:31 +0200] "GET /Jurek/topeshop/downloaded_images/5902838465899_Bry%C5%82a20006.jpg HTTP/1.1" 200 40554 "http://www.ebay.com/" "Mozilla/4.0 (compatible; MSIE 4.01; Windows NT)"
216.113.184.104 - - [08/Apr/2025:11:49:31 +0200] "GET /Jurek/topeshop/downloaded_images/5902838465899_120011.jpg HTTP/1.1" 200 121216 "http://www.ebay.com/" "Mozilla/4.0 (compatible; MSIE 4.01; Windows NT)"
147.92.52.154 - - [08/Apr/2025:11:49:31 +0200] "GET /Jurek/topeshop/downloaded_images/5904507209841_Rtv_slim_160_kaszmir(1).jpg HTTP/2.0" 404 3551 "-" "Mozilla/5.0 (X11; Linux x86_64) AppleWebKit/537.36 (KHTML, like Gecko) Chrome/110.0.0.0 Safari/537.36"
34.72.247.156 - - [08/Apr/2025:11:49:31 +0200] "GET /Jurek/topeshop/downloaded_images/5904507209872_W_1D_slim_full_Kaszmir_Bry%C5%82ka-(3)_mini.jpg HTTP/1.1" 404 3551 "-" "Mozilla/5.0 (X11; Linux x86_64) AppleWebKit/537.36 (KHTML, like Gecko) Chrome/110.0.0.0 Safari/537.36"
208.52.181.173 - - [08/Apr/2025:11:49:31 +0200] "GET /Jurek/topeshop/downloaded_images/5904507209964_4DKKASZMIR(2).jpg HTTP/2.0" 404 3551 "-" "Mozilla/5.0 (X11; Linux x86_64) AppleWebKit/537.36 (KHTML, like Gecko) Chrome/110.0.0.0 Safari/537.36"
89.161.206.59 - - [08/Apr/2025:11:49:32 +0200] "GET /Jurek/fernity/feeds/fernity_skroutz.xml HTTP/1.0" 200 4799835 "-" "-"
34.133.239.145 - - [08/Apr/2025:11:49:33 +0200] "GET /Jurek/topeshop/downloaded_images/5904507209889_Image0005.jpg HTTP/1.1" 404 3551 "-" "Mozilla/5.0 (X11; Linux x86_64) AppleWebKit/537.36 (KHTML, like Gecko) Chrome/110.0.0.0 Safari/537.36"
34.72.247.156 - - [08/Apr/2025:11:49:34 +0200] "GET /Jurek/topeshop/downloaded_images/5904507209896_2dkkaszmrigladki(1).jpg HTTP/1.1" 404 3551 "-" "Mozilla/5.0 (X11; Linux x86_64) AppleWebKit/537.36 (KHTML, like Gecko) Chrome/110.0.0.0 Safari/537.36"
167.160.78.85 - - [08/Apr/2025:11:49:34 +0200] "GET /Jurek/topeshop/downloaded_images/5904507209865_Image0007_mini.jpg HTTP/2.0" 404 3551 "-" "Mozilla/5.0 (X11; Linux x86_64) AppleWebKit/537.36 (KHTML, like Gecko) Chrome/110.0.0.0 Safari/537.36"
34.72.247.156 - - [08/Apr/2025:11:49:34 +0200] "GET /Jurek/topeshop/downloaded_images/5904507209902_30.jpg HTTP/1.1" 404 3551 "-" "Mozilla/5.0 (X11; Linux x86_64) AppleWebKit/537.36 (KHTML, like Gecko) Chrome/110.0.0.0 Safari/537.36"
168.91.11.194 - - [08/Apr/2025:11:49:35 +0200] "GET /Jurek/topeshop/downloaded_images/5904507209971_1(5).png HTTP/2.0" 404 3551 "-" "Mozilla/5.0 (X11; Linux x86_64) AppleWebKit/537.36 (KHTML, like Gecko) Chrome/110.0.0.0 Safari/537.36"
34.72.247.156 - - [08/Apr/2025:11:49:35 +0200] "GET /Jurek/topeshop/downloaded_images/5904507209957_Image0007_mini.jpg HTTP/1.1" 404 3551 "-" "Mozilla/5.0 (X11; Linux x86_64) AppleWebKit/537.36 (KHTML, like Gecko) Chrome/110.0.0.0 Safari/537.36"
34.72.247.156 - - [08/Apr/2025:11:49:36 +0200] "GET /Jurek/topeshop/downloaded_images/5904507209872_W_1D_slim_full_Kaszmir_Bry%C5%82ka-(3)_mini.jpg HTTP/1.1" 404 3551 "-" "Mozilla/5.0 (X11; Linux x86_64) AppleWebKit/537.36 (KHTML, like Gecko) Chrome/110.0.0.0 Safari/537.36"
34.133.239.145 - - [08/Apr/2025:11:49:37 +0200] "GET /Jurek/topeshop/downloaded_images/5904507209889_Image0005.jpg HTTP/1.1" 404 3551 "-" "Mozilla/5.0 (X11; Linux x86_64) AppleWebKit/537.36 (KHTML, like Gecko) Chrome/110.0.0.0 Safari/537.36"
206.198.219.196 - - [08/Apr/2025:11:49:37 +0200] "GET /Jurek/topeshop/downloaded_images/5902838467671_2.png HTTP/2.0" 404 3551 "-" "Mozilla/5.0 (X11; Linux x86_64) AppleWebKit/537.36 (KHTML, like Gecko) Chrome/110.0.0.0 Safari/537.36"
168.91.11.194 - - [08/Apr/2025:11:49:38 +0200] "GET /Jurek/topeshop/downloaded_images/5902838468463_1sonoma.png HTTP/2.0" 404 3551 "-" "Mozilla/5.0 (X11; Linux x86_64) AppleWebKit/537.36 (KHTML, like Gecko) Chrome/110.0.0.0 Safari/537.36"
34.133.239.145 - - [08/Apr/2025:11:49:38 +0200] "GET /Jurek/topeshop/downloaded_images/5904507209896_2dkkaszmrigladki(1).jpg HTTP/1.1" 404 3551 "-" "Mozilla/5.0 (X11; Linux x86_64) AppleWebKit/537.36 (KHTML, like Gecko) Chrome/110.0.0.0 Safari/537.36"
34.133.239.145 - - [08/Apr/2025:11:49:39 +0200] "GET /Jurek/topeshop/downloaded_images/5904507209902_30.jpg HTTP/1.1" 404 3551 "-" "Mozilla/5.0 (X11; Linux x86_64) AppleWebKit/537.36 (KHTML, like Gecko) Chrome/110.0.0.0 Safari/537.36"
147.53.124.167 - - [08/Apr/2025:11:49:39 +0200] "GET /Jurek/topeshop/downloaded_images/5904507209964_4DKKASZMIR(2).jpg HTTP/2.0" 404 3551 "-" "Mozilla/5.0 (X11; Linux x86_64) AppleWebKit/537.36 (KHTML, like Gecko) Chrome/110.0.0.0 Safari/537.36"
34.133.239.145 - - [08/Apr/2025:11:49:40 +0200] "GET /Jurek/topeshop/downloaded_images/5904507209964_4DKKASZMIR(12).jpg HTTP/1.1" 404 3551 "-" "Mozilla/5.0 (X11; Linux x86_64) AppleWebKit/537.36 (KHTML, like Gecko) Chrome/110.0.0.0 Safari/537.36"
152.44.103.98 - - [08/Apr/2025:11:49:42 +0200] "GET /Jurek/topeshop/downloaded_images/5904507209957_Image0007_mini.jpg HTTP/2.0" 404 3551 "-" "Mozilla/5.0 (X11; Linux x86_64) AppleWebKit/537.36 (KHTML, like Gecko) Chrome/110.0.0.0 Safari/537.36"
89.161.206.59 - - [08/Apr/2025:11:49:42 +0200] "GET /Jurek/activeshop/feeds/activeshop_skroutz.xml HTTP/1.0" 200 10450655 "-" "-"
209.163.118.239 - - [08/Apr/2025:11:49:42 +0200] "GET /Jurek/topeshop/downloaded_images/5904507209865_Image0007_mini.jpg HTTP/2.0" 404 3551 "-" "Mozilla/5.0 (X11; Linux x86_64) AppleWebKit/537.36 (KHTML, like Gecko) Chrome/110.0.0.0 Safari/537.36"
34.133.239.145 - - [08/Apr/2025:11:49:42 +0200] "GET /Jurek/topeshop/downloaded_images/5904507209964_4DKKASZMIR(12).jpg HTTP/1.1" 404 3551 "-" "Mozilla/5.0 (X11; Linux x86_64) AppleWebKit/537.36 (KHTML, like Gecko) Chrome/110.0.0.0 Safari/537.36"
147.53.123.171 - - [08/Apr/2025:11:49:42 +0200] "GET /Jurek/topeshop/downloaded_images/5904507209872_W_1D_slim_full_Kaszmir_Bry%C5%82ka-(3)_mini.jpg HTTP/2.0" 404 3551 "-" "Mozilla/5.0 (X11; Linux x86_64) AppleWebKit/537.36 (KHTML, like Gecko) Chrome/110.0.0.0 Safari/537.36"
216.213.29.74 - - [08/Apr/2025:11:49:44 +0200] "GET /Jurek/topeshop/downloaded_images/5904507209971_1(5).png HTTP/2.0" 404 3551 "-" "Mozilla/5.0 (X11; Linux x86_64) AppleWebKit/537.36 (KHTML, like Gecko) Chrome/110.0.0.0 Safari/537.36"
66.135.223.42 - - [08/Apr/2025:11:49:44 +0200] "GET /Jurek/topeshop/downloaded_images/5904507209865_Image0007_mini.jpg HTTP/1.1" 404 3551 "-" "Java/17.0.13.0.101"
34.133.239.145 - - [08/Apr/2025:11:49:44 +0200] "GET /Jurek/topeshop/downloaded_images/5904507209971_2.jpg HTTP/1.1" 404 3551 "-" "Mozilla/5.0 (X11; Linux x86_64) AppleWebKit/537.36 (KHTML, like Gecko) Chrome/110.0.0.0 Safari/537.36"
158.62.222.171 - - [08/Apr/2025:11:49:45 +0200] "GET /Jurek/topeshop/downloaded_images/5904507209902_30.jpg HTTP/2.0" 404 3551 "-" "Mozilla/5.0 (X11; Linux x86_64) AppleWebKit/537.36 (KHTML, like Gecko) Chrome/110.0.0.0 Safari/537.36"
66.211.183.70 - - [08/Apr/2025:11:49:45 +0200] "GET /Jurek/topeshop/downloaded_images/5904507206994_W40_pafos_3_.jpg HTTP/1.1" 200 19981 "http://www.ebay.com/" "Mozilla/4.0 (compatible; MSIE 4.01; Windows NT)"
66.211.183.70 - - [08/Apr/2025:11:49:46 +0200] "GET /Jurek/topeshop/downloaded_images/5904507206994_V_1_2open.jpg HTTP/1.1" 200 124059 "http://www.ebay.com/" "Mozilla/4.0 (compatible; MSIE 4.01; Windows NT)"
66.211.183.70 - - [08/Apr/2025:11:49:46 +0200] "GET /Jurek/topeshop/downloaded_images/5904507206994_W40_pafos_3_22222.jpg HTTP/1.1" 200 20885 "http://www.ebay.com/" "Mozilla/4.0 (compatible; MSIE 4.01; Windows NT)"
66.211.183.71 - - [08/Apr/2025:11:49:46 +0200] "GET /Jurek/topeshop/downloaded_images/5904507206994_W_40_C_1.jpg HTTP/1.1" 200 121533 "http://www.ebay.com/" "Mozilla/4.0 (compatible; MSIE 4.01; Windows NT)"
66.211.183.72 - - [08/Apr/2025:11:49:46 +0200] "GET /Jurek/topeshop/downloaded_images/5904507206994_W_40_C_2.jpg HTTP/1.1" 200 120851 "http://www.ebay.com/" "Mozilla/4.0 (compatible; MSIE 4.01; Windows NT)"
66.211.183.73 - - [08/Apr/2025:11:49:46 +0200] "GET /Jurek/topeshop/downloaded_images/5904507206994_W_40_RDS_80_WIZKA_FRONT.jpg HTTP/1.1" 200 138173 "http://www.ebay.com/" "Mozilla/4.0 (compatible; MSIE 4.01; Windows NT)"
66.211.183.70 - - [08/Apr/2025:11:49:46 +0200] "GET /Jurek/topeshop/downloaded_images/5904507206994_V_2_2.jpg HTTP/1.1" 200 156450 "http://www.ebay.com/" "Mozilla/4.0 (compatible; MSIE 4.01; Windows NT)"
136.0.46.90 - - [08/Apr/2025:11:49:46 +0200] "GET /Jurek/topeshop/downloaded_images/5904507209889_Image0005.jpg HTTP/2.0" 404 3551 "-" "Mozilla/5.0 (X11; Linux x86_64) AppleWebKit/537.36 (KHTML, like Gecko) Chrome/110.0.0.0 Safari/537.36"
34.133.239.145 - - [08/Apr/2025:11:49:47 +0200] "GET /Jurek/topeshop/downloaded_images/5904507209971_2.jpg HTTP/1.1" 404 3551 "-" "Mozilla/5.0 (X11; Linux x86_64) AppleWebKit/537.36 (KHTML, like Gecko) Chrome/110.0.0.0 Safari/537.36"
34.133.239.145 - - [08/Apr/2025:11:49:47 +0200] "GET /Jurek/topeshop/downloaded_images/5904507209964_4DKKASZMIR(12).jpg HTTP/1.1" 404 3551 "-" "Mozilla/5.0 (X11; Linux x86_64) AppleWebKit/537.36 (KHTML, like Gecko) Chrome/110.0.0.0 Safari/537.36"
172.252.233.245 - - [08/Apr/2025:11:49:51 +0200] "GET /Jurek/topeshop/downloaded_images/5904507209872_W_1D_slim_full_Kaszmir_Bry%C5%82ka-(3)_mini.jpg HTTP/2.0" 404 3551 "-" "Mozilla/5.0 (X11; Linux x86_64) AppleWebKit/537.36 (KHTML, like Gecko) Chrome/110.0.0.0 Safari/537.36"
34.133.239.145 - - [08/Apr/2025:11:49:51 +0200] "GET /Jurek/topeshop/downloaded_images/5904507209971_2.jpg HTTP/1.1" 404 3551 "-" "Mozilla/5.0 (X11; Linux x86_64) AppleWebKit/537.36 (KHTML, like Gecko) Chrome/110.0.0.0 Safari/537.36"
136.0.110.103 - - [08/Apr/2025:11:49:52 +0200] "GET /Jurek/topeshop/downloaded_images/5904507209957_Image0007_mini.jpg HTTP/2.0" 404 3551 "-" "Mozilla/5.0 (X11; Linux x86_64) AppleWebKit/537.36 (KHTML, like Gecko) Chrome/110.0.0.0 Safari/537.36"
136.0.90.116 - - [08/Apr/2025:11:49:53 +0200] "GET /Jurek/topeshop/downloaded_images/5904507209896_2dkkaszmrigladki(1).jpg HTTP/2.0" 404 3551 "-" "Mozilla/5.0 (X11; Linux x86_64) AppleWebKit/537.36 (KHTML, like Gecko) Chrome/110.0.0.0 Safari/537.36"
216.213.27.81 - - [08/Apr/2025:11:49:54 +0200] "GET /Jurek/topeshop/downloaded_images/5904507209964_4DKKASZMIR(12).jpg HTTP/2.0" 404 3551 "-" "Mozilla/5.0 (X11; Linux x86_64) AppleWebKit/537.36 (KHTML, like Gecko) Chrome/110.0.0.0 Safari/537.36"
172.96.87.142 - - [08/Apr/2025:11:49:54 +0200] "GET /Jurek/topeshop/downloaded_images/5904507209902_30.jpg HTTP/2.0" 404 3551 "-" "Mozilla/5.0 (X11; Linux x86_64) AppleWebKit/537.36 (KHTML, like Gecko) Chrome/110.0.0.0 Safari/537.36"
216.213.27.81 - - [08/Apr/2025:11:49:54 +0200] "GET /Jurek/topeshop/downloaded_images/5904507209889_Image0005.jpg HTTP/2.0" 404 3551 "-" "Mozilla/5.0 (X11; Linux x86_64) AppleWebKit/537.36 (KHTML, like Gecko) Chrome/110.0.0.0 Safari/537.36"
34.133.239.145 - - [08/Apr/2025:11:49:55 +0200] "GET /Jurek/topeshop/downloaded_images/5904507209889_Image0007_mini.jpg HTTP/1.1" 404 3551 "-" "Mozilla/5.0 (X11; Linux x86_64) AppleWebKit/537.36 (KHTML, like Gecko) Chrome/110.0.0.0 Safari/537.36"
216.113.184.101 - - [08/Apr/2025:11:49:55 +0200] "GET /Jurek/topeshop/downloaded_images/5904507207434_20st_artisan_ant.jpg HTTP/1.1" 200 87981 "-" "Java/17.0.13.0.101"
34.72.247.156 - - [08/Apr/2025:11:49:56 +0200] "GET /Jurek/topeshop/downloaded_images/5904507209902_Image0007_mini.jpg HTTP/1.1" 404 3551 "-" "Mozilla/5.0 (X11; Linux x86_64) AppleWebKit/537.36 (KHTML, like Gecko) Chrome/110.0.0.0 Safari/537.36"
34.133.239.145 - - [08/Apr/2025:11:49:57 +0200] "GET /Jurek/topeshop/downloaded_images/5904507209889_Image0007_mini.jpg HTTP/1.1" 404 3551 "-" "Mozilla/5.0 (X11; Linux x86_64) AppleWebKit/537.36 (KHTML, like Gecko) Chrome/110.0.0.0 Safari/537.36"
66.135.223.40 - - [08/Apr/2025:11:49:57 +0200] "GET /Jurek/topeshop/downloaded_images/5904507206536_PAFOS_RSS_40_CLOSE.jpg HTTP/1.1" 200 20304 "-" "Java/17.0.13.0.101"
216.41.235.131 - - [08/Apr/2025:11:50:00 +0200] "GET /Jurek/topeshop/downloaded_images/5904507209971_2.jpg HTTP/2.0" 404 3551 "-" "Mozilla/5.0 (X11; Linux x86_64) AppleWebKit/537.36 (KHTML, like Gecko) Chrome/110.0.0.0 Safari/537.36"
34.72.247.156 - - [08/Apr/2025:11:50:00 +0200] "GET /Jurek/topeshop/downloaded_images/5904507209858_RTV(2).jpg HTTP/1.1" 404 3551 "-" "Mozilla/5.0 (X11; Linux x86_64) AppleWebKit/537.36 (KHTML, like Gecko) Chrome/110.0.0.0 Safari/537.36"
34.72.247.156 - - [08/Apr/2025:11:50:01 +0200] "GET /Jurek/topeshop/downloaded_images/5904507209902_Image0007_mini.jpg HTTP/1.1" 404 3551 "-" "Mozilla/5.0 (X11; Linux x86_64) AppleWebKit/537.36 (KHTML, like Gecko) Chrome/110.0.0.0 Safari/537.36"
136.0.90.116 - - [08/Apr/2025:11:50:02 +0200] "GET /Jurek/topeshop/downloaded_images/5904507209896_2dkkaszmrigladki(1).jpg HTTP/2.0" 404 3551 "-" "Mozilla/5.0 (X11; Linux x86_64) AppleWebKit/537.36 (KHTML, like Gecko) Chrome/110.0.0.0 Safari/537.36"
34.72.247.156 - - [08/Apr/2025:11:50:03 +0200] "GET /Jurek/topeshop/downloaded_images/5904507209889_Image0007_mini.jpg HTTP/1.1" 404 3551 "-" "Mozilla/5.0 (X11; Linux x86_64) AppleWebKit/537.36 (KHTML, like Gecko) Chrome/110.0.0.0 Safari/537.36"
149.20.243.106 - - [08/Apr/2025:11:50:03 +0200] "GET /Jurek/topeshop/downloaded_images/5904507209964_4DKKASZMIR(12).jpg HTTP/2.0" 404 3551 "-" "Mozilla/5.0 (X11; Linux x86_64) AppleWebKit/537.36 (KHTML, like Gecko) Chrome/110.0.0.0 Safari/537.36"
34.72.247.156 - - [08/Apr/2025:11:50:03 +0200] "GET /Jurek/topeshop/downloaded_images/5904507209858_RTV(2).jpg HTTP/1.1" 404 3551 "-" "Mozilla/5.0 (X11; Linux x86_64) AppleWebKit/537.36 (KHTML, like Gecko) Chrome/110.0.0.0 Safari/537.36"
34.72.247.156 - - [08/Apr/2025:11:50:04 +0200] "GET /Jurek/topeshop/downloaded_images/5904507209896_brylkaaa.jpg HTTP/1.1" 404 3551 "-" "Mozilla/5.0 (X11; Linux x86_64) AppleWebKit/537.36 (KHTML, like Gecko) Chrome/110.0.0.0 Safari/537.36"
77.79.248.229 - - [08/Apr/2025:11:50:04 +0200] "GET /Jurek/eurofirany/feeds/eurofirany_allsweet.xml HTTP/1.1" 200 19281484 "-" "Python-urllib/3.11"
77.79.248.229 - - [08/Apr/2025:11:50:05 +0200] "GET /Jurek/ikonka/feeds/ikonka_all_sweet.xml HTTP/1.1" 200 21432299 "-" "Python-urllib/3.11"
34.72.247.156 - - [08/Apr/2025:11:50:05 +0200] "GET /Jurek/topeshop/downloaded_images/5902838469941_sonoma.jpg HTTP/1.1" 200 53360 "-" "Mozilla/5.0 (X11; Linux x86_64) AppleWebKit/537.36 (KHTML, like Gecko) Chrome/110.0.0.0 Safari/537.36"
34.72.247.156 - - [08/Apr/2025:11:50:06 +0200] "GET /Jurek/topeshop/downloaded_images/5904507209902_Image0007_mini.jpg HTTP/1.1" 404 3551 "-" "Mozilla/5.0 (X11; Linux x86_64) AppleWebKit/537.36 (KHTML, like Gecko) Chrome/110.0.0.0 Safari/537.36"
77.79.248.229 - - [08/Apr/2025:11:50:06 +0200] "GET /Jurek/stema/feeds/stema_all.xml HTTP/1.1" 200 852031 "-" "Python-urllib/3.11"
34.133.239.145 - - [08/Apr/2025:11:50:06 +0200] "GET /Jurek/topeshop/downloaded_images/5904507209896_brylkaaa.jpg HTTP/1.1" 404 3551 "-" "Mozilla/5.0 (X11; Linux x86_64) AppleWebKit/537.36 (KHTML, like Gecko) Chrome/110.0.0.0 Safari/537.36"
77.79.248.229 - - [08/Apr/2025:11:50:07 +0200] "GET /Jurek/eurofirany/feeds/eurofirany_all_cz.xml HTTP/1.1" 200 19296346 "-" "Python-urllib/3.11"
34.133.239.145 - - [08/Apr/2025:11:50:08 +0200] "GET /Jurek/topeshop/downloaded_images/5904507209858_RTV(2).jpg HTTP/1.1" 404 3551 "-" "Mozilla/5.0 (X11; Linux x86_64) AppleWebKit/537.36 (KHTML, like Gecko) Chrome/110.0.0.0 Safari/537.36"
34.72.247.156 - - [08/Apr/2025:11:50:08 +0200] "GET /Jurek/topeshop/downloaded_images/5902838469941_sonoma.png HTTP/1.1" 200 1380031 "-" "Mozilla/5.0 (X11; Linux x86_64) AppleWebKit/537.36 (KHTML, like Gecko) Chrome/110.0.0.0 Safari/537.36"
193.33.8.61 - - [08/Apr/2025:11:50:08 +0200] "GET /Jurek/riko/feeds/riko_amazonde.xml HTTP/2.0" 200 3784935 "https://konsola.dkkapusta1997.usermd.net/" "Mozilla/5.0 (Windows NT 10.0; Win64; x64) AppleWebKit/537.36 (KHTML, like Gecko) Chrome/134.0.0.0 Safari/537.36"
34.133.239.145 - - [08/Apr/2025:11:50:08 +0200] "GET /Jurek/topeshop/downloaded_images/5902838469941_sonoma-2.jpg HTTP/1.1" 200 62307 "-" "Mozilla/5.0 (X11; Linux x86_64) AppleWebKit/537.36 (KHTML, like Gecko) Chrome/110.0.0.0 Safari/537.36"
77.79.248.229 - - [08/Apr/2025:11:50:09 +0200] "GET /Jurek/ikonka/feeds/ikonka_all_cz.xml HTTP/1.1" 200 21434144 "-" "Python-urllib/3.11"
77.79.248.229 - - [08/Apr/2025:11:50:09 +0200] "GET /Jurek/stema/feeds/stema_all_cz.xml HTTP/1.1" 200 852495 "-" "Python-urllib/3.11"
172.252.233.200 - - [08/Apr/2025:11:50:10 +0200] "GET /Jurek/topeshop/downloaded_images/5904507209889_Image0007_mini.jpg HTTP/2.0" 404 3551 "-" "Mozilla/5.0 (X11; Linux x86_64) AppleWebKit/537.36 (KHTML, like Gecko) Chrome/110.0.0.0 Safari/537.36"
209.163.116.212 - - [08/Apr/2025:11:50:10 +0200] "GET /Jurek/topeshop/downloaded_images/5904507209971_2.jpg HTTP/2.0" 404 3551 "-" "Mozilla/5.0 (X11; Linux x86_64) AppleWebKit/537.36 (KHTML, like Gecko) Chrome/110.0.0.0 Safari/537.36"
34.133.239.145 - - [08/Apr/2025:11:50:10 +0200] "GET /Jurek/topeshop/downloaded_images/5904507209896_brylkaaa.jpg HTTP/1.1" 404 3551 "-" "Mozilla/5.0 (X11; Linux x86_64) AppleWebKit/537.36 (KHTML, like Gecko) Chrome/110.0.0.0 Safari/537.36"
77.79.248.229 - - [08/Apr/2025:11:50:11 +0200] "GET /Jurek/eurofirany/feeds/eurofirany_all_sk.xml HTTP/1.1" 200 19276075 "-" "Python-urllib/3.11"
77.79.248.229 - - [08/Apr/2025:11:50:13 +0200] "GET /Jurek/ikonka/feeds/ikonka_all_sk.xml HTTP/1.1" 200 21431575 "-" "Python-urllib/3.11"
77.79.248.229 - - [08/Apr/2025:11:50:13 +0200] "GET /Jurek/stema/feeds/stema_all_sk.xml HTTP/1.1" 200 851741 "-" "Python-urllib/3.11"
158.62.208.170 - - [08/Apr/2025:11:50:13 +0200] "GET /Jurek/topeshop/downloaded_images/5904507209902_Image0007_mini.jpg HTTP/2.0" 404 3551 "-" "Mozilla/5.0 (X11; Linux x86_64) AppleWebKit/537.36 (KHTML, like Gecko) Chrome/110.0.0.0 Safari/537.36"
167.160.72.96 - - [08/Apr/2025:11:50:15 +0200] "GET /Jurek/topeshop/downloaded_images/5904507209858_RTV(2).jpg HTTP/2.0" 404 3551 "-" "Mozilla/5.0 (X11; Linux x86_64) AppleWebKit/537.36 (KHTML, like Gecko) Chrome/110.0.0.0 Safari/537.36"
167.160.79.34 - - [08/Apr/2025:11:50:17 +0200] "GET /Jurek/topeshop/downloaded_images/5904507209896_brylkaaa.jpg HTTP/2.0" 404 3551 "-" "Mozilla/5.0 (X11; Linux x86_64) AppleWebKit/537.36 (KHTML, like Gecko) Chrome/110.0.0.0 Safari/537.36"
66.211.183.71 - - [08/Apr/2025:11:50:19 +0200] "GET /Jurek/topeshop/downloaded_images/5902838469941_sonoma.jpg HTTP/1.1" 200 53360 "http://www.ebay.com/" "Mozilla/4.0 (compatible; MSIE 4.01; Windows NT)"
66.211.183.73 - - [08/Apr/2025:11:50:19 +0200] "GET /Jurek/topeshop/downloaded_images/5902838469941_sonoma-2.jpg HTTP/1.1" 200 62307 "http://www.ebay.com/" "Mozilla/4.0 (compatible; MSIE 4.01; Windows NT)"
149.20.240.132 - - [08/Apr/2025:11:50:20 +0200] "GET /Jurek/topeshop/downloaded_images/5904507209889_Image0007_mini.jpg HTTP/2.0" 404 3551 "-" "Mozilla/5.0 (X11; Linux x86_64) AppleWebKit/537.36 (KHTML, like Gecko) Chrome/110.0.0.0 Safari/537.36"
66.211.183.74 - - [08/Apr/2025:11:50:22 +0200] "GET /Jurek/topeshop/downloaded_images/5902838469941_sonoma.png HTTP/1.1" 200 1380031 "http://www.ebay.com/" "Mozilla/4.0 (compatible; MSIE 4.01; Windows NT)"
5.134.208.158 - - [08/Apr/2025:11:50:23 +0200] "GET /Jurek/eurofirany/images/423864/0.jpg HTTP/1.1" 200 131581 "-" "-"
141.164.91.164 - - [08/Apr/2025:11:50:23 +0200] "GET /Jurek/topeshop/downloaded_images/5904507209902_Image0007_mini.jpg HTTP/2.0" 404 3551 "-" "Mozilla/5.0 (X11; Linux x86_64) AppleWebKit/537.36 (KHTML, like Gecko) Chrome/110.0.0.0 Safari/537.36"
206.198.219.196 - - [08/Apr/2025:11:50:24 +0200] "GET /Jurek/topeshop/downloaded_images/5904507209858_RTV(2).jpg HTTP/2.0" 404 3551 "-" "Mozilla/5.0 (X11; Linux x86_64) AppleWebKit/537.36 (KHTML, like Gecko) Chrome/110.0.0.0 Safari/537.36"
34.133.239.145 - - [08/Apr/2025:11:50:25 +0200] "GET /Jurek/topeshop/downloaded_images/5904507209858_Image0007_mini.jpg HTTP/1.1" 404 3551 "-" "Mozilla/5.0 (X11; Linux x86_64) AppleWebKit/537.36 (KHTML, like Gecko) Chrome/110.0.0.0 Safari/537.36"
46.101.116.244 - - [08/Apr/2025:11:50:25 +0200] "GET /Jurek/beliani/feeds/beliani_skroutz.xml HTTP/1.0" 200 31405882 "-" "-"
34.72.247.156 - - [08/Apr/2025:11:50:32 +0200] "GET /Jurek/topeshop/downloaded_images/5904507209858_Image0007_mini.jpg HTTP/1.1" 404 3551 "-" "Mozilla/5.0 (X11; Linux x86_64) AppleWebKit/537.36 (KHTML, like Gecko) Chrome/110.0.0.0 Safari/537.36"
209.163.119.78 - - [08/Apr/2025:11:50:39 +0200] "GET /Jurek/topeshop/downloaded_images/5904507209858_Image0007_mini.jpg HTTP/2.0" 404 3551 "-" "Mozilla/5.0 (X11; Linux x86_64) AppleWebKit/537.36 (KHTML, like Gecko) Chrome/110.0.0.0 Safari/537.36"
66.211.183.73 - - [08/Apr/2025:11:50:40 +0200] "GET /Jurek/topeshop/downloaded_images/5904507201142_close-30.jpg HTTP/1.1" 200 106758 "-" "Java/17.0.13.0.101"
89.161.206.59 - - [08/Apr/2025:11:50:46 +0200] "GET /Jurek/riko/feeds/riko_amazonde.xml HTTP/1.0" 200 3784935 "-" "-"
23.230.39.230 - - [08/Apr/2025:11:50:48 +0200] "GET /Jurek/topeshop/downloaded_images/5904507209858_Image0007_mini.jpg HTTP/2.0" 404 3551 "-" "Mozilla/5.0 (X11; Linux x86_64) AppleWebKit/537.36 (KHTML, like Gecko) Chrome/110.0.0.0 Safari/537.36"
66.211.183.73 - - [08/Apr/2025:11:50:53 +0200] "GET /Jurek/topeshop/downloaded_images/5902838468807_DUOARTISANBRY%C5%81KABOKZM.jpg HTTP/1.1" 404 3551 "-" "Java/17.0.13.0.101"
66.135.223.44 - - [08/Apr/2025:11:50:55 +0200] "GET /Jurek/topeshop/downloaded_images/5904507209964_4DKKASZMIR(12).jpg HTTP/1.1" 404 3551 "-" "Java/17.0.13.0.101"
66.135.223.41 - - [08/Apr/2025:11:51:03 +0200] "GET /Jurek/topeshop/downloaded_images/5904507209841_Rtv_slim_160_kaszmir(1).jpg HTTP/1.1" 404 3551 "-" "Java/17.0.13.0.101"
89.161.206.59 - - [08/Apr/2025:11:51:38 +0200] "GET /Jurek/drewdon/feeds/drewdon_amazonde.xml HTTP/1.0" 200 504439 "-" "-"
46.101.116.244 - - [08/Apr/2025:11:51:46 +0200] "GET /Jurek/aw/feeds/aw_fnacfr.xml HTTP/1.0" 404 3551 "-" "-"
89.161.206.59 - - [08/Apr/2025:11:51:51 +0200] "GET /Jurek/sportprise/feeds/sportprise_cdsc.xml HTTP/1.0" 200 16750543 "-" "-"
89.161.206.59 - - [08/Apr/2025:11:51:52 +0200] "GET /Jurek/princelh/feeds/princelh_cdsc.xml HTTP/1.0" 200 123624 "-" "-"
66.135.223.43 - - [08/Apr/2025:11:52:31 +0200] "GET /Jurek/topeshop/downloaded_images/5904507209865_Image0007_mini.jpg HTTP/1.1" 404 3551 "-" "Java/17.0.13.0.101"
66.135.223.42 - - [08/Apr/2025:11:52:37 +0200] "GET /Jurek/topeshop/downloaded_images/5904507209841_Rtv_slim_160_kaszmir(1).jpg HTTP/1.1" 404 3551 "-" "Java/17.0.13.0.101"
193.33.8.61 - - [08/Apr/2025:11:52:50 +0200] "GET /Jurek/kalama/output.txt HTTP/2.0" 200 9992 "https://konsola.dkkapusta1997.usermd.net/" "Mozilla/5.0 (Windows NT 10.0; Win64; x64) AppleWebKit/537.36 (KHTML, like Gecko) Chrome/135.0.0.0 Safari/537.36"
193.33.8.61 - - [08/Apr/2025:11:53:16 +0200] "GET /Jurek/kalama/output.txt HTTP/2.0" 200 9992 "https://konsola.dkkapusta1997.usermd.net/" "Mozilla/5.0 (Windows NT 10.0; Win64; x64) AppleWebKit/537.36 (KHTML, like Gecko) Chrome/134.0.0.0 Safari/537.36"
66.135.223.42 - - [08/Apr/2025:11:53:24 +0200] "GET /Jurek/topeshop/downloaded_images/5904507209964_4DKKASZMIR(12).jpg HTTP/1.1" 404 3551 "-" "Java/17.0.13.0.101"
46.101.116.244 - - [08/Apr/2025:11:53:39 +0200] "GET /Jurek/aw/feeds/awnarzedzia_skroutz.xml HTTP/1.0" 200 90451231 "-" "-"
66.211.183.73 - - [08/Apr/2025:11:53:48 +0200] "GET /Jurek/topeshop/downloaded_images/5902838468807_DUOARTISANBRY%C5%81KABOKZM.jpg HTTP/1.1" 404 3551 "-" "Java/17.0.13.0.101"
193.33.8.61 - - [08/Apr/2025:11:53:58 +0200] "GET /Jurek/kalama/feeds/kalama_amazonde.xml HTTP/2.0" 200 2541321 "https://konsola.dkkapusta1997.usermd.net/" "Mozilla/5.0 (Windows NT 10.0; Win64; x64) AppleWebKit/537.36 (KHTML, like Gecko) Chrome/134.0.0.0 Safari/537.36"
77.79.248.229 - - [08/Apr/2025:11:54:28 +0200] "GET /Jurek/vidaSI/feeds/vidaSI_bigbang.xml HTTP/1.1" 200 624662183 "-" "Python-urllib/3.11"
89.161.206.59 - - [08/Apr/2025:11:54:29 +0200] "GET /Jurek/kalama/feeds/kalama_amazonde.xml HTTP/1.0" 200 2541321 "-" "-"
66.135.223.41 - - [08/Apr/2025:11:55:14 +0200] "GET /Jurek/topeshop/downloaded_images/5904507209865_Image0007_mini.jpg HTTP/1.1" 404 3551 "-" "Java/17.0.13.0.101"
193.33.8.61 - - [08/Apr/2025:11:55:26 +0200] "GET /Jurek/bemipol/feeds/bemipol_amazonde.xml HTTP/2.0" 200 423639 "https://konsola.dkkapusta1997.usermd.net/" "Mozilla/5.0 (Windows NT 10.0; Win64; x64) AppleWebKit/537.36 (KHTML, like Gecko) Chrome/134.0.0.0 Safari/537.36"
193.33.8.61 - - [08/Apr/2025:11:56:07 +0200] "GET /Jurek/missionair/output.txt HTTP/2.0" 200 3578 "https://konsola.dkkapusta1997.usermd.net/" "Mozilla/5.0 (Windows NT 10.0; Win64; x64) AppleWebKit/537.36 (KHTML, like Gecko) Chrome/135.0.0.0 Safari/537.36"
89.161.206.59 - - [08/Apr/2025:11:56:10 +0200] "GET /Jurek/bemipol/feeds/bemipol_amazonde.xml HTTP/1.0" 200 423639 "-" "-"
193.33.8.61 - - [08/Apr/2025:11:57:15 +0200] "GET /Jurek/narzbud/feeds/narzbud_amazonde.xml HTTP/2.0" 200 1901261 "https://konsola.dkkapusta1997.usermd.net/" "Mozilla/5.0 (Windows NT 10.0; Win64; x64) AppleWebKit/537.36 (KHTML, like Gecko) Chrome/134.0.0.0 Safari/537.36"
46.101.116.244 - - [08/Apr/2025:11:57:28 +0200] "GET /Jurek/aw/feeds/aw_fnacfr.xml HTTP/1.0" 404 3551 "-" "-"
89.161.206.59 - - [08/Apr/2025:11:57:35 +0200] "GET /Jurek/amzteam/feeds/amzteam_cdsc.xml HTTP/1.0" 200 145385 "-" "-"
77.79.248.229 - - [08/Apr/2025:11:58:14 +0200] "GET /Filip/zalando/zalando-logo.jpg HTTP/1.1" 200 5121 "-" "-"
77.79.248.229 - - [08/Apr/2025:11:58:14 +0200] "GET /Filip/zalando/zalando-logo.jpg HTTP/1.1" 200 5121 "-" "-"
66.135.223.40 - - [08/Apr/2025:11:58:16 +0200] "GET /Jurek/topeshop/downloaded_images/5904507209841_Rtv_slim_160_kaszmir(1).jpg HTTP/1.1" 404 3551 "-" "Java/17.0.13.0.101"
51.77.52.107 - - [08/Apr/2025:11:58:17 +0200] "GET /Jurek/eurofirany/images/431864/0.jpg HTTP/2.0" 200 21208 "-" "-"
89.161.206.59 - - [08/Apr/2025:11:58:18 +0200] "GET /Jurek/narzbud/feeds/narzbud_amazonde.xml HTTP/1.0" 200 1901261 "-" "-"
