216.113.184.104 - - [08/Apr/2025:11:42:33 +0200] "GET /Jurek/topeshop/downloaded_images/5904507202316_SZAFA_IGA__0009.png HTTP/1.1" 200 1345676 "http://www.ebay.com/" "Mozilla/4.0 (compatible; MSIE 4.01; Windows NT)"
216.113.184.103 - - [08/Apr/2025:11:42:33 +0200] "GET /Jurek/topeshop/downloaded_images/5904507202316_SZAFA_IGA__2_0009.png HTTP/1.1" 200 1348186 "http://www.ebay.com/" "Mozilla/4.0 (compatible; MSIE 4.01; Windows NT)"
34.133.239.145 - - [08/Apr/2025:11:42:33 +0200] "GET /Jurek/topeshop/downloaded_images/5902838461266_2.png HTTP/1.1" 404 3551 "-" "Mozilla/5.0 (X11; Linux x86_64) AppleWebKit/537.36 (KHTML, like Gecko) Chrome/110.0.0.0 Safari/537.36"
34.133.239.145 - - [08/Apr/2025:11:42:34 +0200] "GET /Jurek/topeshop/downloaded_images/5902838466681_3.png HTTP/1.1" 404 3551 "-" "Mozilla/5.0 (X11; Linux x86_64) AppleWebKit/537.36 (KHTML, like Gecko) Chrome/110.0.0.0 Safari/537.36"
34.133.239.145 - - [08/Apr/2025:11:42:37 +0200] "GET /Jurek/topeshop/downloaded_images/5904507201951_3.jpg HTTP/1.1" 404 3551 "-" "Mozilla/5.0 (X11; Linux x86_64) AppleWebKit/537.36 (KHTML, like Gecko) Chrome/110.0.0.0 Safari/537.36"
152.44.103.55 - - [08/Apr/2025:11:42:38 +0200] "GET /Jurek/topeshop/downloaded_images/5902838461273_Sonoma_Rtv.jpg HTTP/2.0" 404 3551 "-" "Mozilla/5.0 (X11; Linux x86_64) AppleWebKit/537.36 (KHTML, like Gecko) Chrome/110.0.0.0 Safari/537.36"
34.72.247.156 - - [08/Apr/2025:11:42:38 +0200] "GET /Jurek/topeshop/downloaded_images/5902838461266_2.png HTTP/1.1" 404 3551 "-" "Mozilla/5.0 (X11; Linux x86_64) AppleWebKit/537.36 (KHTML, like Gecko) Chrome/110.0.0.0 Safari/537.36"
66.135.223.43 - - [08/Apr/2025:11:42:39 +0200] "GET /Jurek/topeshop/downloaded_images/5904507207564_ss90_niebieski(1)kopia.jpg HTTP/1.1" 200 79761 "http://www.ebay.com/" "Mozilla/4.0 (compatible; MSIE 4.01; Windows NT)"
66.135.223.40 - - [08/Apr/2025:11:42:40 +0200] "GET /Jurek/topeshop/downloaded_images/5904507207564_20st_ss90_niebieskikopia.png HTTP/1.1" 200 193324 "http://www.ebay.com/" "Mozilla/4.0 (compatible; MSIE 4.01; Windows NT)"
66.135.223.43 - - [08/Apr/2025:11:42:40 +0200] "GET /Jurek/topeshop/downloaded_images/5904507207564_ss90_niebieskikopia.png HTTP/1.1" 200 177693 "http://www.ebay.com/" "Mozilla/4.0 (compatible; MSIE 4.01; Windows NT)"
66.135.223.41 - - [08/Apr/2025:11:42:40 +0200] "GET /Jurek/topeshop/downloaded_images/5904507207564_MINII.png HTTP/1.1" 200 385675 "http://www.ebay.com/" "Mozilla/4.0 (compatible; MSIE 4.01; Windows NT)"
66.135.223.41 - - [08/Apr/2025:11:42:40 +0200] "GET /Jurek/topeshop/downloaded_images/5904507207564_otwartyss90_niebieskikopia.png HTTP/1.1" 200 322986 "http://www.ebay.com/" "Mozilla/4.0 (compatible; MSIE 4.01; Windows NT)"
172.96.80.214 - - [08/Apr/2025:11:42:41 +0200] "GET /Jurek/topeshop/downloaded_images/5902838466681_3.png HTTP/2.0" 404 3551 "-" "Mozilla/5.0 (X11; Linux x86_64) AppleWebKit/537.36 (KHTML, like Gecko) Chrome/110.0.0.0 Safari/537.36"
34.133.239.145 - - [08/Apr/2025:11:42:43 +0200] "GET /Jurek/topeshop/downloaded_images/5902838461266_2.png HTTP/1.1" 404 3551 "-" "Mozilla/5.0 (X11; Linux x86_64) AppleWebKit/537.36 (KHTML, like Gecko) Chrome/110.0.0.0 Safari/537.36"
69.58.88.198 - - [08/Apr/2025:11:42:44 +0200] "GET /Jurek/topeshop/downloaded_images/5902838463741_blackRtv-140.jpg HTTP/2.0" 404 3551 "-" "Mozilla/5.0 (X11; Linux x86_64) AppleWebKit/537.36 (KHTML, like Gecko) Chrome/110.0.0.0 Safari/537.36"
69.58.88.198 - - [08/Apr/2025:11:42:44 +0200] "GET /Jurek/topeshop/downloaded_images/5904507201951_3.jpg HTTP/2.0" 404 3551 "-" "Mozilla/5.0 (X11; Linux x86_64) AppleWebKit/537.36 (KHTML, like Gecko) Chrome/110.0.0.0 Safari/537.36"
34.72.247.156 - - [08/Apr/2025:11:42:44 +0200] "GET /Jurek/topeshop/downloaded_images/5902838463741_20st_close.jpg HTTP/1.1" 404 3551 "-" "Mozilla/5.0 (X11; Linux x86_64) AppleWebKit/537.36 (KHTML, like Gecko) Chrome/110.0.0.0 Safari/537.36"
34.133.239.145 - - [08/Apr/2025:11:42:47 +0200] "GET /Jurek/topeshop/downloaded_images/5902838463741_20st_close.jpg HTTP/1.1" 404 3551 "-" "Mozilla/5.0 (X11; Linux x86_64) AppleWebKit/537.36 (KHTML, like Gecko) Chrome/110.0.0.0 Safari/537.36"
156.239.60.190 - - [08/Apr/2025:11:42:47 +0200] "GET /Jurek/topeshop/downloaded_images/5902838461273_Sonoma_Rtv.jpg HTTP/2.0" 404 3551 "-" "Mozilla/5.0 (X11; Linux x86_64) AppleWebKit/537.36 (KHTML, like Gecko) Chrome/110.0.0.0 Safari/537.36"
34.133.239.145 - - [08/Apr/2025:11:42:47 +0200] "GET /Jurek/topeshop/downloaded_images/5902838461273_3.png HTTP/1.1" 404 3551 "-" "Mozilla/5.0 (X11; Linux x86_64) AppleWebKit/537.36 (KHTML, like Gecko) Chrome/110.0.0.0 Safari/537.36"
142.252.145.51 - - [08/Apr/2025:11:42:49 +0200] "GET /Jurek/topeshop/downloaded_images/5902838466681_3.png HTTP/2.0" 404 3551 "-" "Mozilla/5.0 (X11; Linux x86_64) AppleWebKit/537.36 (KHTML, like Gecko) Chrome/110.0.0.0 Safari/537.36"
167.160.74.136 - - [08/Apr/2025:11:42:49 +0200] "GET /Jurek/topeshop/downloaded_images/5902838461266_2.png HTTP/2.0" 404 3551 "-" "Mozilla/5.0 (X11; Linux x86_64) AppleWebKit/537.36 (KHTML, like Gecko) Chrome/110.0.0.0 Safari/537.36"
34.72.247.156 - - [08/Apr/2025:11:42:51 +0200] "GET /Jurek/topeshop/downloaded_images/5902838461273_3.png HTTP/1.1" 404 3551 "-" "Mozilla/5.0 (X11; Linux x86_64) AppleWebKit/537.36 (KHTML, like Gecko) Chrome/110.0.0.0 Safari/537.36"
34.133.239.145 - - [08/Apr/2025:11:42:51 +0200] "GET /Jurek/topeshop/downloaded_images/5902838463741_20st_close.jpg HTTP/1.1" 404 3551 "-" "Mozilla/5.0 (X11; Linux x86_64) AppleWebKit/537.36 (KHTML, like Gecko) Chrome/110.0.0.0 Safari/537.36"
172.96.95.56 - - [08/Apr/2025:11:42:53 +0200] "GET /Jurek/topeshop/downloaded_images/5904507201951_3.jpg HTTP/2.0" 404 3551 "-" "Mozilla/5.0 (X11; Linux x86_64) AppleWebKit/537.36 (KHTML, like Gecko) Chrome/110.0.0.0 Safari/537.36"
66.211.183.72 - - [08/Apr/2025:11:42:54 +0200] "GET /Jurek/topeshop/downloaded_images/5904507202118_SZAFA_IGA1.png HTTP/1.1" 200 154949 "http://www.ebay.com/" "Mozilla/4.0 (compatible; MSIE 4.01; Windows NT)"
66.211.183.72 - - [08/Apr/2025:11:42:55 +0200] "GET /Jurek/topeshop/downloaded_images/5904507202118_ll.png HTTP/1.1" 200 553631 "http://www.ebay.com/" "Mozilla/4.0 (compatible; MSIE 4.01; Windows NT)"
66.211.183.71 - - [08/Apr/2025:11:42:55 +0200] "GET /Jurek/topeshop/downloaded_images/5904507202118_SZAFA_IGA2_0006.png HTTP/1.1" 200 1367098 "http://www.ebay.com/" "Mozilla/4.0 (compatible; MSIE 4.01; Windows NT)"
66.211.183.72 - - [08/Apr/2025:11:42:55 +0200] "GET /Jurek/topeshop/downloaded_images/5904507202118_SZAFA_IGA_120__6.png HTTP/1.1" 200 1410300 "http://www.ebay.com/" "Mozilla/4.0 (compatible; MSIE 4.01; Windows NT)"
66.211.183.71 - - [08/Apr/2025:11:42:55 +0200] "GET /Jurek/topeshop/downloaded_images/5904507202118_SZAFA_IGA2_0002_.png HTTP/1.1" 200 1348102 "http://www.ebay.com/" "Mozilla/4.0 (compatible; MSIE 4.01; Windows NT)"
34.72.247.156 - - [08/Apr/2025:11:42:56 +0200] "GET /Jurek/topeshop/downloaded_images/5902838461273_Sonoma_Rtv.jpg HTTP/1.1" 404 3551 "-" "Mozilla/5.0 (X11; Linux x86_64) AppleWebKit/537.36 (KHTML, like Gecko) Chrome/110.0.0.0 Safari/537.36"
34.72.247.156 - - [08/Apr/2025:11:42:56 +0200] "GET /Jurek/topeshop/downloaded_images/5902838461273_3.png HTTP/1.1" 404 3551 "-" "Mozilla/5.0 (X11; Linux x86_64) AppleWebKit/537.36 (KHTML, like Gecko) Chrome/110.0.0.0 Safari/537.36"
139.180.225.142 - - [08/Apr/2025:11:42:58 +0200] "GET /Jurek/topeshop/downloaded_images/5902838463741_20st_close.jpg HTTP/2.0" 404 3551 "-" "Mozilla/5.0 (X11; Linux x86_64) AppleWebKit/537.36 (KHTML, like Gecko) Chrome/110.0.0.0 Safari/537.36"
34.72.247.156 - - [08/Apr/2025:11:42:59 +0200] "GET /Jurek/topeshop/downloaded_images/5902838461273_Sonoma_Rtv.jpg HTTP/1.1" 404 3551 "-" "Mozilla/5.0 (X11; Linux x86_64) AppleWebKit/537.36 (KHTML, like Gecko) Chrome/110.0.0.0 Safari/537.36"
139.180.225.177 - - [08/Apr/2025:11:42:59 +0200] "GET /Jurek/topeshop/downloaded_images/5902838461266_2.png HTTP/2.0" 404 3551 "-" "Mozilla/5.0 (X11; Linux x86_64) AppleWebKit/537.36 (KHTML, like Gecko) Chrome/110.0.0.0 Safari/537.36"
209.163.116.212 - - [08/Apr/2025:11:43:03 +0200] "GET /Jurek/topeshop/downloaded_images/5902838461273_3.png HTTP/2.0" 404 3551 "-" "Mozilla/5.0 (X11; Linux x86_64) AppleWebKit/537.36 (KHTML, like Gecko) Chrome/110.0.0.0 Safari/537.36"
46.101.116.244 - - [08/Apr/2025:11:43:03 +0200] "GET /Jurek/fernity/feeds/fernity_manomano.xml HTTP/1.0" 200 4799572 "-" "-"
89.161.206.59 - - [08/Apr/2025:11:43:06 +0200] "GET /Jurek/eurofirany/feeds/eurofirany_manomanofr.xml HTTP/1.0" 200 19276770 "-" "-"
168.91.45.176 - - [08/Apr/2025:11:43:07 +0200] "GET /Jurek/topeshop/downloaded_images/5902838463741_20st_close.jpg HTTP/2.0" 404 3551 "-" "Mozilla/5.0 (X11; Linux x86_64) AppleWebKit/537.36 (KHTML, like Gecko) Chrome/110.0.0.0 Safari/537.36"
167.160.78.142 - - [08/Apr/2025:11:43:09 +0200] "GET /Jurek/topeshop/downloaded_images/5902838461273_Sonoma_Rtv.jpg HTTP/2.0" 404 3551 "-" "Mozilla/5.0 (X11; Linux x86_64) AppleWebKit/537.36 (KHTML, like Gecko) Chrome/110.0.0.0 Safari/537.36"
167.160.75.190 - - [08/Apr/2025:11:43:13 +0200] "GET /Jurek/topeshop/downloaded_images/5902838461273_3.png HTTP/2.0" 404 3551 "-" "Mozilla/5.0 (X11; Linux x86_64) AppleWebKit/537.36 (KHTML, like Gecko) Chrome/110.0.0.0 Safari/537.36"
66.211.183.71 - - [08/Apr/2025:11:43:18 +0200] "GET /Jurek/topeshop/downloaded_images/5902838466728_bry%C5%82a0008.jpg HTTP/1.1" 200 77506 "http://www.ebay.com/" "Mozilla/4.0 (compatible; MSIE 4.01; Windows NT)"
66.211.183.70 - - [08/Apr/2025:11:43:19 +0200] "GET /Jurek/topeshop/downloaded_images/5902838466728_bry%C5%82a0002.jpg HTTP/1.1" 200 67490 "http://www.ebay.com/" "Mozilla/4.0 (compatible; MSIE 4.01; Windows NT)"
66.211.183.71 - - [08/Apr/2025:11:43:19 +0200] "GET /Jurek/topeshop/downloaded_images/5902838466728_bry%C5%82a0009.jpg HTTP/1.1" 200 64036 "http://www.ebay.com/" "Mozilla/4.0 (compatible; MSIE 4.01; Windows NT)"
142.147.107.109 - - [08/Apr/2025:11:43:19 +0200] "GET /Jurek/topeshop/downloaded_images/5902838461273_Sonoma_Rtv.jpg HTTP/2.0" 404 3551 "-" "Mozilla/5.0 (X11; Linux x86_64) AppleWebKit/537.36 (KHTML, like Gecko) Chrome/110.0.0.0 Safari/537.36"
66.211.183.71 - - [08/Apr/2025:11:43:20 +0200] "GET /Jurek/topeshop/downloaded_images/5902838466728_Paual-10002.png HTTP/1.1" 200 916701 "http://www.ebay.com/" "Mozilla/4.0 (compatible; MSIE 4.01; Windows NT)"
34.72.247.156 - - [08/Apr/2025:11:43:20 +0200] "GET /Jurek/topeshop/downloaded_images/5902838461273_3.png HTTP/1.1" 404 3551 "-" "Mozilla/5.0 (X11; Linux x86_64) AppleWebKit/537.36 (KHTML, like Gecko) Chrome/110.0.0.0 Safari/537.36"
34.133.239.145 - - [08/Apr/2025:11:43:23 +0200] "GET /Jurek/topeshop/downloaded_images/5902838461273_3.png HTTP/1.1" 404 3551 "-" "Mozilla/5.0 (X11; Linux x86_64) AppleWebKit/537.36 (KHTML, like Gecko) Chrome/110.0.0.0 Safari/537.36"
66.211.183.71 - - [08/Apr/2025:11:43:25 +0200] "GET /Jurek/topeshop/downloaded_images/5902838466728_Paual-10008.png HTTP/1.1" 200 965346 "http://www.ebay.com/" "Mozilla/4.0 (compatible; MSIE 4.01; Windows NT)"
66.211.183.72 - - [08/Apr/2025:11:43:28 +0200] "GET /Jurek/topeshop/downloaded_images/5902838467268_ROmana_bry%C5%82y_F_C_b0001.jpg HTTP/1.1" 200 111671 "-" "Java/17.0.13.0.101"
34.72.247.156 - - [08/Apr/2025:11:43:28 +0200] "GET /Jurek/topeshop/downloaded_images/5902838461273_3.png HTTP/1.1" 404 3551 "-" "Mozilla/5.0 (X11; Linux x86_64) AppleWebKit/537.36 (KHTML, like Gecko) Chrome/110.0.0.0 Safari/537.36"
66.211.183.70 - - [08/Apr/2025:11:43:31 +0200] "GET /Jurek/topeshop/downloaded_images/5904507201043_close-30.jpg HTTP/1.1" 200 32878 "http://www.ebay.com/" "Mozilla/4.0 (compatible; MSIE 4.01; Windows NT)"
66.211.183.70 - - [08/Apr/2025:11:43:31 +0200] "GET /Jurek/topeshop/downloaded_images/5904507201043_open-30.jpg HTTP/1.1" 200 57259 "http://www.ebay.com/" "Mozilla/4.0 (compatible; MSIE 4.01; Windows NT)"
66.211.183.73 - - [08/Apr/2025:11:43:31 +0200] "GET /Jurek/topeshop/downloaded_images/5904507201043_close.jpg HTTP/1.1" 200 30828 "http://www.ebay.com/" "Mozilla/4.0 (compatible; MSIE 4.01; Windows NT)"
66.211.183.72 - - [08/Apr/2025:11:43:31 +0200] "GET /Jurek/topeshop/downloaded_images/5904507201043_open-front.jpg HTTP/1.1" 200 88422 "http://www.ebay.com/" "Mozilla/4.0 (compatible; MSIE 4.01; Windows NT)"
66.211.183.72 - - [08/Apr/2025:11:43:31 +0200] "GET /Jurek/topeshop/downloaded_images/5904507201043_biel_wizualizacja.jpg HTTP/1.1" 200 77628 "http://www.ebay.com/" "Mozilla/4.0 (compatible; MSIE 4.01; Windows NT)"
66.135.223.44 - - [08/Apr/2025:11:43:34 +0200] "GET /Jurek/topeshop/downloaded_images/5904507201821_SZAFA_IGA2.png HTTP/1.1" 200 214809 "http://www.ebay.com/" "Mozilla/4.0 (compatible; MSIE 4.01; Windows NT)"
167.160.74.136 - - [08/Apr/2025:11:43:34 +0200] "GET /Jurek/topeshop/downloaded_images/5902838461273_3.png HTTP/2.0" 404 3551 "-" "Mozilla/5.0 (X11; Linux x86_64) AppleWebKit/537.36 (KHTML, like Gecko) Chrome/110.0.0.0 Safari/537.36"
66.135.223.44 - - [08/Apr/2025:11:43:35 +0200] "GET /Jurek/topeshop/downloaded_images/5904507201821_SZAFA_IGA_160_SZPROSY_DRZWI_0004.png HTTP/1.1" 200 765934 "http://www.ebay.com/" "Mozilla/4.0 (compatible; MSIE 4.01; Windows NT)"
66.135.223.43 - - [08/Apr/2025:11:43:35 +0200] "GET /Jurek/topeshop/downloaded_images/5904507201821_SZAFA_IGA2_0001_.png HTTP/1.1" 200 1155368 "http://www.ebay.com/" "Mozilla/4.0 (compatible; MSIE 4.01; Windows NT)"
66.135.223.40 - - [08/Apr/2025:11:43:35 +0200] "GET /Jurek/topeshop/downloaded_images/5904507201821_SZAFA_IGA__2_0004.png HTTP/1.1" 200 1477531 "http://www.ebay.com/" "Mozilla/4.0 (compatible; MSIE 4.01; Windows NT)"
66.135.223.43 - - [08/Apr/2025:11:43:35 +0200] "GET /Jurek/topeshop/downloaded_images/5904507201821_SZAFA_IGA__0004.png HTTP/1.1" 200 1489575 "http://www.ebay.com/" "Mozilla/4.0 (compatible; MSIE 4.01; Windows NT)"
216.113.184.104 - - [08/Apr/2025:11:43:36 +0200] "GET /Jurek/topeshop/downloaded_images/5904507201135_front-open.jpg HTTP/1.1" 200 113379 "http://www.ebay.com/" "Mozilla/4.0 (compatible; MSIE 4.01; Windows NT)"
216.113.184.105 - - [08/Apr/2025:11:43:36 +0200] "GET /Jurek/topeshop/downloaded_images/5904507201135_close-front.jpg HTTP/1.1" 200 119644 "http://www.ebay.com/" "Mozilla/4.0 (compatible; MSIE 4.01; Windows NT)"
216.113.184.104 - - [08/Apr/2025:11:43:36 +0200] "GET /Jurek/topeshop/downloaded_images/5904507201135_open-30.jpg HTTP/1.1" 200 117091 "http://www.ebay.com/" "Mozilla/4.0 (compatible; MSIE 4.01; Windows NT)"
216.113.184.104 - - [08/Apr/2025:11:43:36 +0200] "GET /Jurek/topeshop/downloaded_images/5904507201135_close-30.jpg HTTP/1.1" 200 114267 "http://www.ebay.com/" "Mozilla/4.0 (compatible; MSIE 4.01; Windows NT)"
216.113.184.105 - - [08/Apr/2025:11:43:36 +0200] "GET /Jurek/topeshop/downloaded_images/5904507201135_sonoma.jpg HTTP/1.1" 200 69831 "http://www.ebay.com/" "Mozilla/4.0 (compatible; MSIE 4.01; Windows NT)"
66.135.223.44 - - [08/Apr/2025:11:43:42 +0200] "GET /Jurek/topeshop/downloaded_images/5902838468425_20_st.jpg HTTP/1.1" 200 86910 "http://www.ebay.com/" "Mozilla/4.0 (compatible; MSIE 4.01; Windows NT)"
66.135.223.43 - - [08/Apr/2025:11:43:42 +0200] "GET /Jurek/topeshop/downloaded_images/5902838468425_front.jpg HTTP/1.1" 200 78612 "http://www.ebay.com/" "Mozilla/4.0 (compatible; MSIE 4.01; Windows NT)"
66.135.223.44 - - [08/Apr/2025:11:43:42 +0200] "GET /Jurek/topeshop/downloaded_images/5902838468425_sonoma_20_st.jpg HTTP/1.1" 200 63729 "http://www.ebay.com/" "Mozilla/4.0 (compatible; MSIE 4.01; Windows NT)"
66.135.223.43 - - [08/Apr/2025:11:43:42 +0200] "GET /Jurek/topeshop/downloaded_images/5902838468425_Opal_Sonoma_Szafka.jpg HTTP/1.1" 404 3551 "http://www.ebay.com/" "Mozilla/4.0 (compatible; MSIE 4.01; Windows NT)"
66.135.223.44 - - [08/Apr/2025:11:43:42 +0200] "GET /Jurek/topeshop/downloaded_images/5902838468425_wymiary_close_Obszar_roboczy_1.jpg HTTP/1.1" 200 98344 "http://www.ebay.com/" "Mozilla/4.0 (compatible; MSIE 4.01; Windows NT)"
66.135.223.43 - - [08/Apr/2025:11:43:42 +0200] "GET /Jurek/topeshop/downloaded_images/5902838468425_sonoma_x.jpg HTTP/1.1" 200 90759 "http://www.ebay.com/" "Mozilla/4.0 (compatible; MSIE 4.01; Windows NT)"
66.135.223.43 - - [08/Apr/2025:11:43:42 +0200] "GET /Jurek/topeshop/downloaded_images/5902838468425_wymiary_open_Obszar_roboczy_1.jpg HTTP/1.1" 200 70383 "http://www.ebay.com/" "Mozilla/4.0 (compatible; MSIE 4.01; Windows NT)"
66.135.223.41 - - [08/Apr/2025:11:43:42 +0200] "GET /Jurek/topeshop/downloaded_images/5902838468425_front_open.jpg HTTP/1.1" 200 52020 "http://www.ebay.com/" "Mozilla/4.0 (compatible; MSIE 4.01; Windows NT)"
66.135.223.44 - - [08/Apr/2025:11:43:44 +0200] "GET /Jurek/topeshop/downloaded_images/5902838467558_RIVA-SZAFKA-ARTISAN1.jpg HTTP/1.1" 200 59515 "http://www.ebay.com/" "Mozilla/4.0 (compatible; MSIE 4.01; Windows NT)"
66.135.223.40 - - [08/Apr/2025:11:43:44 +0200] "GET /Jurek/topeshop/downloaded_images/5902838467558_RIVA-SZAFKA-ARTISAN.jpg HTTP/1.1" 200 100005 "http://www.ebay.com/" "Mozilla/4.0 (compatible; MSIE 4.01; Windows NT)"
66.135.223.42 - - [08/Apr/2025:11:43:45 +0200] "GET /Jurek/topeshop/downloaded_images/5902838467558_RIVA-SZAFKA-ARTISAN2.png HTTP/1.1" 200 419955 "http://www.ebay.com/" "Mozilla/4.0 (compatible; MSIE 4.01; Windows NT)"
66.211.183.70 - - [08/Apr/2025:11:43:45 +0200] "GET /Jurek/topeshop/downloaded_images/5904507205744_2Modo_C_1_0001.jpg HTTP/1.1" 200 39935 "http://www.ebay.com/" "Mozilla/4.0 (compatible; MSIE 4.01; Windows NT)"
66.211.183.72 - - [08/Apr/2025:11:43:45 +0200] "GET /Jurek/topeshop/downloaded_images/5904507205744_33.jpg HTTP/1.1" 200 121421 "http://www.ebay.com/" "Mozilla/4.0 (compatible; MSIE 4.01; Windows NT)"
66.211.183.72 - - [08/Apr/2025:11:43:45 +0200] "GET /Jurek/topeshop/downloaded_images/5904507205744_333(1).jpg HTTP/1.1" 200 90950 "http://www.ebay.com/" "Mozilla/4.0 (compatible; MSIE 4.01; Windows NT)"
66.211.183.73 - - [08/Apr/2025:11:43:45 +0200] "GET /Jurek/topeshop/downloaded_images/5904507205744_333(3).jpg HTTP/1.1" 200 102706 "http://www.ebay.com/" "Mozilla/4.0 (compatible; MSIE 4.01; Windows NT)"
66.211.183.74 - - [08/Apr/2025:11:43:45 +0200] "GET /Jurek/topeshop/downloaded_images/5904507205744_333(2).jpg HTTP/1.1" 200 95274 "http://www.ebay.com/" "Mozilla/4.0 (compatible; MSIE 4.01; Windows NT)"
66.211.183.74 - - [08/Apr/2025:11:43:45 +0200] "GET /Jurek/topeshop/downloaded_images/5904507205744_333(4).jpg HTTP/1.1" 200 91272 "http://www.ebay.com/" "Mozilla/4.0 (compatible; MSIE 4.01; Windows NT)"
199.34.84.155 - - [08/Apr/2025:11:43:45 +0200] "GET /Jurek/topeshop/downloaded_images/5902838461273_3.png HTTP/2.0" 404 3551 "-" "Mozilla/5.0 (X11; Linux x86_64) AppleWebKit/537.36 (KHTML, like Gecko) Chrome/110.0.0.0 Safari/537.36"
66.211.183.74 - - [08/Apr/2025:11:43:46 +0200] "GET /Jurek/topeshop/downloaded_images/5904507205744_2Modo_C_2_0001.png HTTP/1.1" 200 297061 "http://www.ebay.com/" "Mozilla/4.0 (compatible; MSIE 4.01; Windows NT)"
66.211.183.70 - - [08/Apr/2025:11:43:51 +0200] "GET /Jurek/topeshop/downloaded_images/5904507205737_2modo_C_1_0002.jpg HTTP/1.1" 200 88037 "http://www.ebay.com/" "Mozilla/4.0 (compatible; MSIE 4.01; Windows NT)"
66.211.183.70 - - [08/Apr/2025:11:43:51 +0200] "GET /Jurek/topeshop/downloaded_images/5904507205737_2(3).jpg HTTP/1.1" 200 111011 "http://www.ebay.com/" "Mozilla/4.0 (compatible; MSIE 4.01; Windows NT)"
66.211.183.70 - - [08/Apr/2025:11:43:51 +0200] "GET /Jurek/topeshop/downloaded_images/5904507205737_2(2).jpg HTTP/1.1" 200 127315 "http://www.ebay.com/" "Mozilla/4.0 (compatible; MSIE 4.01; Windows NT)"
66.211.183.71 - - [08/Apr/2025:11:43:51 +0200] "GET /Jurek/topeshop/downloaded_images/5904507205737_1.jpg HTTP/1.1" 200 129851 "http://www.ebay.com/" "Mozilla/4.0 (compatible; MSIE 4.01; Windows NT)"
66.211.183.73 - - [08/Apr/2025:11:43:51 +0200] "GET /Jurek/topeshop/downloaded_images/5904507205737_2(1).jpg HTTP/1.1" 200 139356 "http://www.ebay.com/" "Mozilla/4.0 (compatible; MSIE 4.01; Windows NT)"
66.135.223.44 - - [08/Apr/2025:11:43:51 +0200] "GET /Jurek/topeshop/downloaded_images/5902838461099_1.png HTTP/1.1" 200 53894 "http://www.ebay.com/" "Mozilla/4.0 (compatible; MSIE 4.01; Windows NT)"
66.135.223.40 - - [08/Apr/2025:11:43:51 +0200] "GET /Jurek/topeshop/downloaded_images/5902838461099_8.png HTTP/1.1" 200 57139 "http://www.ebay.com/" "Mozilla/4.0 (compatible; MSIE 4.01; Windows NT)"
66.135.223.44 - - [08/Apr/2025:11:43:51 +0200] "GET /Jurek/topeshop/downloaded_images/5902838461099_m2_white.jpg HTTP/1.1" 200 101864 "http://www.ebay.com/" "Mozilla/4.0 (compatible; MSIE 4.01; Windows NT)"
66.135.223.41 - - [08/Apr/2025:11:43:51 +0200] "GET /Jurek/topeshop/downloaded_images/5902838461099_Kopia_2_20_3_white.jpg HTTP/1.1" 200 127963 "http://www.ebay.com/" "Mozilla/4.0 (compatible; MSIE 4.01; Windows NT)"
66.135.223.44 - - [08/Apr/2025:11:43:51 +0200] "GET /Jurek/topeshop/downloaded_images/5902838461099_M2_close_2_W.jpg HTTP/1.1" 200 84383 "http://www.ebay.com/" "Mozilla/4.0 (compatible; MSIE 4.01; Windows NT)"
66.135.223.40 - - [08/Apr/2025:11:43:51 +0200] "GET /Jurek/topeshop/downloaded_images/5902838461099_M2_close_W.jpg HTTP/1.1" 200 81011 "http://www.ebay.com/" "Mozilla/4.0 (compatible; MSIE 4.01; Windows NT)"
66.135.223.44 - - [08/Apr/2025:11:43:52 +0200] "GET /Jurek/topeshop/downloaded_images/5902838461099_M2_open_W.jpg HTTP/1.1" 200 81379 "http://www.ebay.com/" "Mozilla/4.0 (compatible; MSIE 4.01; Windows NT)"
66.211.183.72 - - [08/Apr/2025:11:43:52 +0200] "GET /Jurek/topeshop/downloaded_images/5904507205737_2Modo_C_2_0002.png HTTP/1.1" 200 526493 "http://www.ebay.com/" "Mozilla/4.0 (compatible; MSIE 4.01; Windows NT)"
66.211.183.73 - - [08/Apr/2025:11:43:55 +0200] "GET /Jurek/topeshop/downloaded_images/5904507201036_30-close.jpg HTTP/1.1" 200 85073 "http://www.ebay.com/" "Mozilla/4.0 (compatible; MSIE 4.01; Windows NT)"
66.211.183.70 - - [08/Apr/2025:11:43:55 +0200] "GET /Jurek/topeshop/downloaded_images/5904507201036_front.jpg HTTP/1.1" 200 73400 "http://www.ebay.com/" "Mozilla/4.0 (compatible; MSIE 4.01; Windows NT)"
66.211.183.70 - - [08/Apr/2025:11:43:55 +0200] "GET /Jurek/topeshop/downloaded_images/5904507201036_30-open.jpg HTTP/1.1" 200 95410 "http://www.ebay.com/" "Mozilla/4.0 (compatible; MSIE 4.01; Windows NT)"
66.211.183.74 - - [08/Apr/2025:11:43:55 +0200] "GET /Jurek/topeshop/downloaded_images/5904507201036_Front-open.jpg HTTP/1.1" 200 113272 "http://www.ebay.com/" "Mozilla/4.0 (compatible; MSIE 4.01; Windows NT)"
66.211.183.70 - - [08/Apr/2025:11:43:55 +0200] "GET /Jurek/topeshop/downloaded_images/5904507201036_artisan_wizualizacja.jpg HTTP/1.1" 200 82387 "http://www.ebay.com/" "Mozilla/4.0 (compatible; MSIE 4.01; Windows NT)"
66.135.223.42 - - [08/Apr/2025:11:44:02 +0200] "GET /Jurek/topeshop/downloaded_images/5902838466681_3.png HTTP/1.1" 404 3551 "-" "Java/17.0.13.0.101"
77.79.248.229 - - [08/Apr/2025:11:44:03 +0200] "GET /Jurek/aw/feeds/awnarzedzia_leroy.xml HTTP/1.1" 200 90449641 "-" "Python-urllib/3.11"
66.135.223.41 - - [08/Apr/2025:11:44:05 +0200] "GET /Jurek/topeshop/downloaded_images/5902838460924_bry%C5%82a0006.jpg HTTP/1.1" 200 28702 "http://www.ebay.com/" "Mozilla/4.0 (compatible; MSIE 4.01; Windows NT)"
66.135.223.44 - - [08/Apr/2025:11:44:05 +0200] "GET /Jurek/topeshop/downloaded_images/5902838460924_bry%C5%82a0003.jpg HTTP/1.1" 200 33192 "http://www.ebay.com/" "Mozilla/4.0 (compatible; MSIE 4.01; Windows NT)"
66.135.223.41 - - [08/Apr/2025:11:44:05 +0200] "GET /Jurek/topeshop/downloaded_images/5902838460924_bry%C5%82a0011.jpg HTTP/1.1" 200 44728 "http://www.ebay.com/" "Mozilla/4.0 (compatible; MSIE 4.01; Windows NT)"
77.79.248.229 - - [08/Apr/2025:11:44:06 +0200] "GET /Jurek/hurtownia_przemyslowa/feeds/hp_leroy.xml HTTP/1.1" 200 49362609 "-" "Python-urllib/3.11"
66.135.223.42 - - [08/Apr/2025:11:44:06 +0200] "GET /Jurek/topeshop/downloaded_images/5902838461174_10_0002.png HTTP/1.1" 200 34565 "-" "Java/17.0.13.0.101"
66.135.223.43 - - [08/Apr/2025:11:44:06 +0200] "GET /Jurek/topeshop/downloaded_images/5902838460924_Paual-10006.png HTTP/1.1" 200 872177 "http://www.ebay.com/" "Mozilla/4.0 (compatible; MSIE 4.01; Windows NT)"
66.135.223.43 - - [08/Apr/2025:11:44:06 +0200] "GET /Jurek/topeshop/downloaded_images/5902838460924_Paual-10003.png HTTP/1.1" 200 819358 "http://www.ebay.com/" "Mozilla/4.0 (compatible; MSIE 4.01; Windows NT)"
77.79.248.229 - - [08/Apr/2025:11:44:08 +0200] "GET /Jurek/action/feeds/action_leroy.xml HTTP/1.1" 200 59560509 "-" "Python-urllib/3.11"
34.72.247.156 - - [08/Apr/2025:11:44:12 +0200] "GET /Jurek/topeshop/downloaded_images/5904507209377__szafa-duo0013(3).jpg HTTP/1.1" 200 107706 "-" "Mozilla/5.0 (X11; Linux x86_64) AppleWebKit/537.36 (KHTML, like Gecko) Chrome/110.0.0.0 Safari/537.36"
77.79.248.229 - - [08/Apr/2025:11:44:12 +0200] "GET /Jurek/b3/feeds/b3_leroy.xml HTTP/1.1" 200 8028274 "-" "Python-urllib/3.11"
34.72.247.156 - - [08/Apr/2025:11:44:13 +0200] "GET /Jurek/topeshop/downloaded_images/5904507209377__szafa-duo0013(2).jpg HTTP/1.1" 200 88926 "-" "Mozilla/5.0 (X11; Linux x86_64) AppleWebKit/537.36 (KHTML, like Gecko) Chrome/110.0.0.0 Safari/537.36"
77.79.248.229 - - [08/Apr/2025:11:44:14 +0200] "GET /Jurek/topeshop/feeds/topeshop_leroy.xml HTTP/1.1" 200 2621186 "-" "Python-urllib/3.11"
34.72.247.156 - - [08/Apr/2025:11:44:14 +0200] "GET /Jurek/topeshop/downloaded_images/5904507209377_bry%C5%82ka0013.jpg HTTP/1.1" 200 40158 "-" "Mozilla/5.0 (X11; Linux x86_64) AppleWebKit/537.36 (KHTML, like Gecko) Chrome/110.0.0.0 Safari/537.36"
34.72.247.156 - - [08/Apr/2025:11:44:16 +0200] "GET /Jurek/topeshop/downloaded_images/5904507209377_GLINASZAFADUOFRONTOT.jpg HTTP/1.1" 404 3551 "-" "Mozilla/5.0 (X11; Linux x86_64) AppleWebKit/537.36 (KHTML, like Gecko) Chrome/110.0.0.0 Safari/537.36"
77.79.248.229 - - [08/Apr/2025:11:44:16 +0200] "GET /Jurek/eurofirany/feeds/eurofirany_leroy.xml HTTP/1.1" 200 19277226 "-" "Python-urllib/3.11"
77.79.248.229 - - [08/Apr/2025:11:44:16 +0200] "GET /Jurek/fernity/feeds/fernity_leroy.xml HTTP/1.1" 200 4799844 "-" "Python-urllib/3.11"
77.79.248.229 - - [08/Apr/2025:11:44:17 +0200] "GET /Jurek/kambukka/feeds/kambukka_leroy.xml HTTP/1.1" 200 1025295 "-" "Python-urllib/3.11"
77.79.248.229 - - [08/Apr/2025:11:44:17 +0200] "GET /Jurek/ikonka/feeds/ikonka_leroy.xml HTTP/1.1" 200 21431799 "-" "Python-urllib/3.11"
216.113.184.103 - - [08/Apr/2025:11:44:18 +0200] "GET /Jurek/topeshop/downloaded_images/5904507205393_20_st.png HTTP/1.1" 200 483350 "-" "Java/17.0.13.0.101"
77.79.248.229 - - [08/Apr/2025:11:44:18 +0200] "GET /Jurek/oromed/feeds/oromed_leroy.xml HTTP/1.1" 200 1071793 "-" "Python-urllib/3.11"
77.79.248.229 - - [08/Apr/2025:11:44:18 +0200] "GET /Jurek/benetech/feeds/benetech_leroy.xml HTTP/1.1" 200 4165430 "-" "Python-urllib/3.11"
77.79.248.229 - - [08/Apr/2025:11:44:18 +0200] "GET /Jurek/octopia/feeds/octopia_leroy.xml HTTP/1.1" 200 10104975 "-" "Python-urllib/3.11"
77.79.248.229 - - [08/Apr/2025:11:44:18 +0200] "GET /Jurek/waks/feeds/waks_leroy.xml HTTP/1.1" 200 1594466 "-" "Python-urllib/3.11"
34.72.247.156 - - [08/Apr/2025:11:44:19 +0200] "GET /Jurek/topeshop/downloaded_images/5904507209377_GLINASZAFADUOFRONTOT.jpg HTTP/1.1" 404 3551 "-" "Mozilla/5.0 (X11; Linux x86_64) AppleWebKit/537.36 (KHTML, like Gecko) Chrome/110.0.0.0 Safari/537.36"
77.79.248.229 - - [08/Apr/2025:11:44:19 +0200] "GET /Jurek/kinghoff/feeds/kinghoff_leroy.xml HTTP/1.1" 200 15495626 "-" "Python-urllib/3.11"
77.79.248.229 - - [08/Apr/2025:11:44:19 +0200] "GET /Jurek/hdwr/feeds/hdwr_leroy.xml HTTP/1.1" 200 789413 "-" "Python-urllib/3.11"
34.133.239.145 - - [08/Apr/2025:11:44:22 +0200] "GET /Jurek/topeshop/downloaded_images/5904507201739_SZAFA_IGA_120_SZPROSY_DRZWI_3_0004.png HTTP/1.1" 200 1589096 "-" "Mozilla/5.0 (X11; Linux x86_64) AppleWebKit/537.36 (KHTML, like Gecko) Chrome/110.0.0.0 Safari/537.36"
77.79.248.229 - - [08/Apr/2025:11:44:22 +0200] "GET /Jurek/barbecook/feeds/barbecook_leroy.xml HTTP/1.1" 200 87520 "-" "Python-urllib/3.11"
77.79.248.229 - - [08/Apr/2025:11:44:22 +0200] "GET /Jurek/sempler/feeds/sempler_leroy.xml HTTP/1.1" 200 6787914 "-" "Python-urllib/3.11"
77.79.248.229 - - [08/Apr/2025:11:44:23 +0200] "GET /Jurek/kinghome/feeds/kinghome_leroy.xml HTTP/1.1" 200 5997629 "-" "Python-urllib/3.11"
34.133.239.145 - - [08/Apr/2025:11:44:23 +0200] "GET /Jurek/topeshop/downloaded_images/5904507201739_SZAFA_IGA_120_0004.png HTTP/1.1" 200 1674726 "-" "Mozilla/5.0 (X11; Linux x86_64) AppleWebKit/537.36 (KHTML, like Gecko) Chrome/110.0.0.0 Safari/537.36"
77.79.248.229 - - [08/Apr/2025:11:44:23 +0200] "GET /Jurek/ekolight/feeds/ekolioght_leroy.xml HTTP/1.1" 200 9052444 "-" "Python-urllib/3.11"
77.79.248.229 - - [08/Apr/2025:11:44:23 +0200] "GET /Jurek/bimboland/feeds/bimboland_leroy.xml HTTP/1.1" 200 2744364 "-" "Python-urllib/3.11"
66.135.223.43 - - [08/Apr/2025:11:44:24 +0200] "GET /Jurek/topeshop/downloaded_images/5904507201739_SZAFA_IGA1.png HTTP/1.1" 200 154949 "http://www.ebay.com/" "Mozilla/4.0 (compatible; MSIE 4.01; Windows NT)"
77.79.248.229 - - [08/Apr/2025:11:44:25 +0200] "GET /Jurek/eroplace/feeds/eroplace_leroy.xml HTTP/1.1" 200 52134693 "-" "Python-urllib/3.11"
77.79.248.229 - - [08/Apr/2025:11:44:25 +0200] "GET /Jurek/hurtmeblowy/feeds/hurtmeblowy_leroy.xml HTTP/1.1" 200 8465175 "-" "Python-urllib/3.11"
77.79.248.229 - - [08/Apr/2025:11:44:25 +0200] "GET /Jurek/fertone/feeds/fertone_leroy.xml HTTP/1.1" 200 567784 "-" "Python-urllib/3.11"
66.135.223.41 - - [08/Apr/2025:11:44:25 +0200] "GET /Jurek/topeshop/downloaded_images/5904507201739_SZAFA_IGA_120_SZPROSY_DRZWI_0004.png HTTP/1.1" 200 1097965 "http://www.ebay.com/" "Mozilla/4.0 (compatible; MSIE 4.01; Windows NT)"
66.135.223.40 - - [08/Apr/2025:11:44:25 +0200] "GET /Jurek/topeshop/downloaded_images/5904507201739_SZAFA_IGA2_0002_.png HTTP/1.1" 200 1348102 "http://www.ebay.com/" "Mozilla/4.0 (compatible; MSIE 4.01; Windows NT)"
66.135.223.42 - - [08/Apr/2025:11:44:26 +0200] "GET /Jurek/topeshop/downloaded_images/5904507201739_SZAFA_IGA_120_SZPROSY_DRZWI_3_0004.png HTTP/1.1" 200 1589096 "http://www.ebay.com/" "Mozilla/4.0 (compatible; MSIE 4.01; Windows NT)"
66.135.223.40 - - [08/Apr/2025:11:44:26 +0200] "GET /Jurek/topeshop/downloaded_images/5904507201739_SZAFA_IGA_120_0004.png HTTP/1.1" 200 1674726 "http://www.ebay.com/" "Mozilla/4.0 (compatible; MSIE 4.01; Windows NT)"
77.79.248.229 - - [08/Apr/2025:11:44:26 +0200] "GET /Jurek/ekuchcikowo/feeds/ekuchcikowo_leroy.xml HTTP/1.1" 200 12471053 "-" "Python-urllib/3.11"
34.72.247.156 - - [08/Apr/2025:11:44:26 +0200] "GET /Jurek/topeshop/downloaded_images/5904507201739_SZAFA_IGA2_0002_.png HTTP/1.1" 200 1348102 "-" "Mozilla/5.0 (X11; Linux x86_64) AppleWebKit/537.36 (KHTML, like Gecko) Chrome/110.0.0.0 Safari/537.36"
34.72.247.156 - - [08/Apr/2025:11:44:26 +0200] "GET /Jurek/topeshop/downloaded_images/5904507201739_SZAFA_IGA1.png HTTP/1.1" 200 154949 "-" "Mozilla/5.0 (X11; Linux x86_64) AppleWebKit/537.36 (KHTML, like Gecko) Chrome/110.0.0.0 Safari/537.36"
34.133.239.145 - - [08/Apr/2025:11:44:29 +0200] "GET /Jurek/topeshop/downloaded_images/5904507201739_SZAFA_IGA_120_SZPROSY_DRZWI_0004.png HTTP/1.1" 200 1097965 "-" "Mozilla/5.0 (X11; Linux x86_64) AppleWebKit/537.36 (KHTML, like Gecko) Chrome/110.0.0.0 Safari/537.36"
216.113.184.102 - - [08/Apr/2025:11:44:30 +0200] "GET /Jurek/topeshop/downloaded_images/5904507205751_2Modo_C_1_0003.jpg HTTP/1.1" 200 129196 "http://www.ebay.com/" "Mozilla/4.0 (compatible; MSIE 4.01; Windows NT)"
216.113.184.105 - - [08/Apr/2025:11:44:30 +0200] "GET /Jurek/topeshop/downloaded_images/5904507205751_1(1).jpg HTTP/1.1" 200 128822 "http://www.ebay.com/" "Mozilla/4.0 (compatible; MSIE 4.01; Windows NT)"
216.113.184.102 - - [08/Apr/2025:11:44:30 +0200] "GET /Jurek/topeshop/downloaded_images/5904507205751_1(3).jpg HTTP/1.1" 200 97091 "http://www.ebay.com/" "Mozilla/4.0 (compatible; MSIE 4.01; Windows NT)"
216.113.184.101 - - [08/Apr/2025:11:44:30 +0200] "GET /Jurek/topeshop/downloaded_images/5904507205751_1(4).jpg HTTP/1.1" 200 97740 "http://www.ebay.com/" "Mozilla/4.0 (compatible; MSIE 4.01; Windows NT)"
216.113.184.104 - - [08/Apr/2025:11:44:30 +0200] "GET /Jurek/topeshop/downloaded_images/5904507205751_1(5).jpg HTTP/1.1" 200 114316 "http://www.ebay.com/" "Mozilla/4.0 (compatible; MSIE 4.01; Windows NT)"
216.113.184.104 - - [08/Apr/2025:11:44:30 +0200] "GET /Jurek/topeshop/downloaded_images/5904507205751_1(2).jpg HTTP/1.1" 200 139192 "http://www.ebay.com/" "Mozilla/4.0 (compatible; MSIE 4.01; Windows NT)"
77.79.248.229 - - [08/Apr/2025:11:44:30 +0200] "GET /Jurek/intsell/feeds/intsell_leroy.xml HTTP/1.1" 200 342006987 "-" "Python-urllib/3.11"
77.79.248.229 - - [08/Apr/2025:11:44:30 +0200] "GET /Jurek/velinda/feeds/velinda_leroy.xml HTTP/1.1" 200 23437 "-" "Python-urllib/3.11"
66.211.183.71 - - [08/Apr/2025:11:44:30 +0200] "GET /Jurek/topeshop/downloaded_images/5902838467541_RIVA-SZAFKA-SONOMA1.jpg HTTP/1.1" 200 60801 "http://www.ebay.com/" "Mozilla/4.0 (compatible; MSIE 4.01; Windows NT)"
66.211.183.71 - - [08/Apr/2025:11:44:30 +0200] "GET /Jurek/topeshop/downloaded_images/5902838467541_RIVA-SZAFKA-SONOMA.jpg HTTP/1.1" 200 100179 "http://www.ebay.com/" "Mozilla/4.0 (compatible; MSIE 4.01; Windows NT)"
216.113.184.104 - - [08/Apr/2025:11:44:30 +0200] "GET /Jurek/topeshop/downloaded_images/5902838466421_1_1.png HTTP/1.1" 200 187916 "http://www.ebay.com/" "Mozilla/4.0 (compatible; MSIE 4.01; Windows NT)"
77.79.248.229 - - [08/Apr/2025:11:44:30 +0200] "GET /Jurek/spali/feeds/spali_leroy.xml HTTP/1.1" 200 77054 "-" "Python-urllib/3.11"
216.113.184.101 - - [08/Apr/2025:11:44:30 +0200] "GET /Jurek/topeshop/downloaded_images/5902838468449_20_st.jpg HTTP/1.1" 200 75551 "http://www.ebay.com/" "Mozilla/4.0 (compatible; MSIE 4.01; Windows NT)"
216.113.184.104 - - [08/Apr/2025:11:44:30 +0200] "GET /Jurek/topeshop/downloaded_images/5902838468449_20_st_open.jpg HTTP/1.1" 200 61794 "http://www.ebay.com/" "Mozilla/4.0 (compatible; MSIE 4.01; Windows NT)"
216.113.184.101 - - [08/Apr/2025:11:44:30 +0200] "GET /Jurek/topeshop/downloaded_images/5902838468449_Opal_Artisan_Szafka.jpg HTTP/1.1" 404 3551 "http://www.ebay.com/" "Mozilla/4.0 (compatible; MSIE 4.01; Windows NT)"
216.113.184.104 - - [08/Apr/2025:11:44:30 +0200] "GET /Jurek/topeshop/downloaded_images/5902838468449_Artisan_x.jpg HTTP/1.1" 200 96939 "http://www.ebay.com/" "Mozilla/4.0 (compatible; MSIE 4.01; Windows NT)"
216.113.184.104 - - [08/Apr/2025:11:44:30 +0200] "GET /Jurek/topeshop/downloaded_images/5902838468449_front_close.jpg HTTP/1.1" 200 76125 "http://www.ebay.com/" "Mozilla/4.0 (compatible; MSIE 4.01; Windows NT)"
216.113.184.104 - - [08/Apr/2025:11:44:30 +0200] "GET /Jurek/topeshop/downloaded_images/5902838468449_front.jpg HTTP/1.1" 200 56564 "http://www.ebay.com/" "Mozilla/4.0 (compatible; MSIE 4.01; Windows NT)"
216.113.184.102 - - [08/Apr/2025:11:44:30 +0200] "GET /Jurek/topeshop/downloaded_images/5902838468449_close_wymiary_Obszar_roboczy_1.jpg HTTP/1.1" 200 87208 "http://www.ebay.com/" "Mozilla/4.0 (compatible; MSIE 4.01; Windows NT)"
77.79.248.229 - - [08/Apr/2025:11:44:30 +0200] "GET /Jurek/urwiskowo/feeds/urwiskowo_leroy.xml HTTP/1.1" 200 9115010 "-" "Python-urllib/3.11"
216.113.184.104 - - [08/Apr/2025:11:44:30 +0200] "GET /Jurek/topeshop/downloaded_images/5902838468449_open_20_st_Obszar_roboczy_1.jpg HTTP/1.1" 200 68529 "http://www.ebay.com/" "Mozilla/4.0 (compatible; MSIE 4.01; Windows NT)"
216.113.184.104 - - [08/Apr/2025:11:44:31 +0200] "GET /Jurek/topeshop/downloaded_images/5904507205751_2Modo_C_2_0003.png HTTP/1.1" 200 558931 "http://www.ebay.com/" "Mozilla/4.0 (compatible; MSIE 4.01; Windows NT)"
77.79.248.229 - - [08/Apr/2025:11:44:31 +0200] "GET /Jurek/erohurtownia/feeds/erohurtownia_leroy.xml HTTP/1.1" 200 22846393 "-" "Python-urllib/3.11"
77.79.248.229 - - [08/Apr/2025:11:44:31 +0200] "GET /Jurek/elecomp/feeds/elecomp_leroy.xml HTTP/1.1" 200 2867806 "-" "Python-urllib/3.11"
216.113.184.101 - - [08/Apr/2025:11:44:31 +0200] "GET /Jurek/topeshop/downloaded_images/5902838466421_wieszak-2fffff.png HTTP/1.1" 200 955371 "http://www.ebay.com/" "Mozilla/4.0 (compatible; MSIE 4.01; Windows NT)"
77.79.248.229 - - [08/Apr/2025:11:44:31 +0200] "GET /Jurek/luxma/feeds/luxma_leroy.xml HTTP/1.1" 200 8059205 "-" "Python-urllib/3.11"
66.211.183.74 - - [08/Apr/2025:11:44:31 +0200] "GET /Jurek/topeshop/downloaded_images/5902838467541_RIVA-SZAFKA-SONOMA2.png HTTP/1.1" 200 434436 "http://www.ebay.com/" "Mozilla/4.0 (compatible; MSIE 4.01; Windows NT)"
77.79.248.229 - - [08/Apr/2025:11:44:32 +0200] "GET /Jurek/coppotech/feeds/coppotech_leroy.xml HTTP/1.1" 200 38049140 "-" "Python-urllib/3.11"
77.79.248.229 - - [08/Apr/2025:11:44:32 +0200] "GET /Jurek/rider/feeds/rider_leroy.xml HTTP/1.1" 200 8165141 "-" "Python-urllib/3.11"
77.79.248.229 - - [08/Apr/2025:11:44:32 +0200] "GET /Jurek/eurofryz2/feeds/eurofryz2_leroy.xml HTTP/1.1" 200 1376780 "-" "Python-urllib/3.11"
77.79.248.229 - - [08/Apr/2025:11:44:32 +0200] "GET /Jurek/expertauto/feeds/expertauto_leroy.xml HTTP/1.1" 200 1158929 "-" "Python-urllib/3.11"
77.79.248.229 - - [08/Apr/2025:11:44:32 +0200] "GET /Jurek/najtanszysport/feeds/najtanszysport_leroy.xml HTTP/1.1" 200 3983128 "-" "Python-urllib/3.11"
77.79.248.229 - - [08/Apr/2025:11:44:33 +0200] "GET /Jurek/kobi/feeds/kobi_leroy.xml HTTP/1.1" 200 1993182 "-" "Python-urllib/3.11"
77.79.248.229 - - [08/Apr/2025:11:44:33 +0200] "GET /Jurek/narzbud/feeds/narzbud_leroy.xml HTTP/1.1" 200 1901253 "-" "Python-urllib/3.11"
66.135.223.41 - - [08/Apr/2025:11:44:36 +0200] "GET /Jurek/topeshop/downloaded_images/5904507200312_miniatura.jpg HTTP/1.1" 200 124340 "-" "Java/17.0.13.0.101"
216.113.184.105 - - [08/Apr/2025:11:44:36 +0200] "GET /Jurek/topeshop/downloaded_images/5902838468487_3artisan.png HTTP/1.1" 404 3551 "http://www.ebay.com/" "Mozilla/4.0 (compatible; MSIE 4.01; Windows NT)"
216.113.184.102 - - [08/Apr/2025:11:44:36 +0200] "GET /Jurek/topeshop/downloaded_images/5902838468487_2artisan.png HTTP/1.1" 404 3551 "http://www.ebay.com/" "Mozilla/4.0 (compatible; MSIE 4.01; Windows NT)"
216.113.184.101 - - [08/Apr/2025:11:44:36 +0200] "GET /Jurek/topeshop/downloaded_images/5902838468487_1artisan.png HTTP/1.1" 404 3551 "http://www.ebay.com/" "Mozilla/4.0 (compatible; MSIE 4.01; Windows NT)"
216.113.184.104 - - [08/Apr/2025:11:44:36 +0200] "GET /Jurek/topeshop/downloaded_images/5902838468487_14.jpg HTTP/1.1" 200 96288 "http://www.ebay.com/" "Mozilla/4.0 (compatible; MSIE 4.01; Windows NT)"
77.79.248.229 - - [08/Apr/2025:11:44:37 +0200] "GET /Jurek/awparts/feeds/awparts_leroy.xml HTTP/1.1" 200 142304488 "-" "Python-urllib/3.11"
77.79.248.229 - - [08/Apr/2025:11:44:37 +0200] "GET /Jurek/kidshop/feeds/kidshop_leroy.xml HTTP/1.1" 200 19850599 "-" "Python-urllib/3.11"
77.79.248.229 - - [08/Apr/2025:11:44:37 +0200] "GET /Jurek/playcob/feeds/playcob_leroy.xml HTTP/1.1" 200 6980216 "-" "Python-urllib/3.11"
130.44.203.201 - - [08/Apr/2025:11:44:38 +0200] "GET /Jurek/topeshop/downloaded_images/5904507209377_GLINASZAFADUOFRONTOT.jpg HTTP/2.0" 404 3551 "-" "Mozilla/5.0 (X11; Linux x86_64) AppleWebKit/537.36 (KHTML, like Gecko) Chrome/110.0.0.0 Safari/537.36"
77.79.248.229 - - [08/Apr/2025:11:44:38 +0200] "GET /Jurek/dropkz/feeds/dropkz_leroy.xml HTTP/1.1" 200 70014744 "-" "Python-urllib/3.11"
34.72.247.156 - - [08/Apr/2025:11:44:39 +0200] "GET /Jurek/topeshop/downloaded_images/5904507209377_profill.jpg HTTP/1.1" 200 77572 "-" "Mozilla/5.0 (X11; Linux x86_64) AppleWebKit/537.36 (KHTML, like Gecko) Chrome/110.0.0.0 Safari/537.36"
77.79.248.229 - - [08/Apr/2025:11:44:39 +0200] "GET /Jurek/hanex/feeds/hanex_leroy.xml HTTP/1.1" 200 13931502 "-" "Python-urllib/3.11"
77.79.248.229 - - [08/Apr/2025:11:44:39 +0200] "GET /Jurek/straganbiur/feeds/straganbiur_leroy.xml HTTP/1.1" 200 8893098 "-" "Python-urllib/3.11"
77.79.248.229 - - [08/Apr/2025:11:44:39 +0200] "GET /Jurek/roger/feeds/roger_leroy.xml HTTP/1.1" 200 1396536 "-" "Python-urllib/3.11"
77.79.248.229 - - [08/Apr/2025:11:44:39 +0200] "GET /Jurek/sportprise/feeds/sportprise_leroy.xml HTTP/1.1" 200 12725434 "-" "Python-urllib/3.11"
77.79.248.229 - - [08/Apr/2025:11:44:39 +0200] "GET /Jurek/hurtmeblowy/feeds/hurtmeblowy_leroy.xml HTTP/1.1" 200 8465175 "-" "Python-urllib/3.11"
77.79.248.229 - - [08/Apr/2025:11:44:40 +0200] "GET /Jurek/oknobest/feeds/oknobest_leroy.xml HTTP/1.1" 200 2707912 "-" "Python-urllib/3.11"
77.79.248.229 - - [08/Apr/2025:11:44:40 +0200] "GET /Jurek/german/feeds/german_leroy.xml HTTP/1.1" 200 2853572 "-" "Python-urllib/3.11"
216.113.184.101 - - [08/Apr/2025:11:44:40 +0200] "GET /Jurek/topeshop/downloaded_images/5904507201128_close-30.jpg HTTP/1.1" 200 39327 "http://www.ebay.com/" "Mozilla/4.0 (compatible; MSIE 4.01; Windows NT)"
216.113.184.101 - - [08/Apr/2025:11:44:40 +0200] "GET /Jurek/topeshop/downloaded_images/5904507201128_open-30.jpg HTTP/1.1" 200 65998 "http://www.ebay.com/" "Mozilla/4.0 (compatible; MSIE 4.01; Windows NT)"
216.113.184.102 - - [08/Apr/2025:11:44:40 +0200] "GET /Jurek/topeshop/downloaded_images/5904507201128_front-open.jpg HTTP/1.1" 200 74673 "http://www.ebay.com/" "Mozilla/4.0 (compatible; MSIE 4.01; Windows NT)"
216.113.184.104 - - [08/Apr/2025:11:44:40 +0200] "GET /Jurek/topeshop/downloaded_images/5904507201128_front-close.jpg HTTP/1.1" 200 39570 "http://www.ebay.com/" "Mozilla/4.0 (compatible; MSIE 4.01; Windows NT)"
216.113.184.101 - - [08/Apr/2025:11:44:40 +0200] "GET /Jurek/topeshop/downloaded_images/5904507201128_biel.jpg HTTP/1.1" 200 64613 "http://www.ebay.com/" "Mozilla/4.0 (compatible; MSIE 4.01; Windows NT)"
77.79.248.229 - - [08/Apr/2025:11:44:40 +0200] "GET /Jurek/kristronik/feeds/kristronik_leroy.xml HTTP/1.1" 200 691969 "-" "Python-urllib/3.11"
77.79.248.229 - - [08/Apr/2025:11:44:40 +0200] "GET /Jurek/erohurtownia/feeds/erohurtownia_leroy.xml HTTP/1.1" 200 22846393 "-" "Python-urllib/3.11"
77.79.248.229 - - [08/Apr/2025:11:44:40 +0200] "GET /Jurek/smxdesign/feeds/smxdesign_leroy.xml HTTP/1.1" 200 1829032 "-" "Python-urllib/3.11"
77.79.248.229 - - [08/Apr/2025:11:44:40 +0200] "GET /Jurek/elavia/feeds/elavia_leroy.xml HTTP/1.1" 200 2497274 "-" "Python-urllib/3.11"
66.211.183.70 - - [08/Apr/2025:11:44:41 +0200] "GET /Jurek/topeshop/downloaded_images/5904507205683_Modo_C_1_0004.png HTTP/1.1" 200 322626 "http://www.ebay.com/" "Mozilla/4.0 (compatible; MSIE 4.01; Windows NT)"
66.211.183.72 - - [08/Apr/2025:11:44:41 +0200] "GET /Jurek/topeshop/downloaded_images/5904507205683_Modo_C_2_0004.png HTTP/1.1" 200 313729 "http://www.ebay.com/" "Mozilla/4.0 (compatible; MSIE 4.01; Windows NT)"
66.211.183.73 - - [08/Apr/2025:11:44:41 +0200] "GET /Jurek/topeshop/downloaded_images/5904507205683_modo-m2-cam1-open-4.png HTTP/1.1" 200 932352 "http://www.ebay.com/" "Mozilla/4.0 (compatible; MSIE 4.01; Windows NT)"
66.211.183.74 - - [08/Apr/2025:11:44:41 +0200] "GET /Jurek/topeshop/downloaded_images/5904507205683_modo-m2-3-cam1-open-4.png HTTP/1.1" 200 953537 "http://www.ebay.com/" "Mozilla/4.0 (compatible; MSIE 4.01; Windows NT)"
66.211.183.72 - - [08/Apr/2025:11:44:41 +0200] "GET /Jurek/topeshop/downloaded_images/5904507205683_g-c1-open-4.png HTTP/1.1" 200 1073213 "http://www.ebay.com/" "Mozilla/4.0 (compatible; MSIE 4.01; Windows NT)"
66.211.183.72 - - [08/Apr/2025:11:44:41 +0200] "GET /Jurek/topeshop/downloaded_images/5904507205683_modo-m2-cam1-close-4.png HTTP/1.1" 200 945788 "http://www.ebay.com/" "Mozilla/4.0 (compatible; MSIE 4.01; Windows NT)"
66.211.183.70 - - [08/Apr/2025:11:44:41 +0200] "GET /Jurek/topeshop/downloaded_images/5904507205683_g-c2-4.png HTTP/1.1" 200 1267431 "http://www.ebay.com/" "Mozilla/4.0 (compatible; MSIE 4.01; Windows NT)"
66.211.183.73 - - [08/Apr/2025:11:44:41 +0200] "GET /Jurek/topeshop/downloaded_images/5904507205683_modo-m2-2-cam1-close-4.png HTTP/1.1" 200 924128 "http://www.ebay.com/" "Mozilla/4.0 (compatible; MSIE 4.01; Windows NT)"
66.211.183.74 - - [08/Apr/2025:11:44:41 +0200] "GET /Jurek/topeshop/downloaded_images/5904507205683_modo-m2-3-cam2-close-4.png HTTP/1.1" 200 1038178 "http://www.ebay.com/" "Mozilla/4.0 (compatible; MSIE 4.01; Windows NT)"
66.211.183.74 - - [08/Apr/2025:11:44:41 +0200] "GET /Jurek/topeshop/downloaded_images/5904507205683_modo-m2-3-cam1-close-4.png HTTP/1.1" 200 955443 "http://www.ebay.com/" "Mozilla/4.0 (compatible; MSIE 4.01; Windows NT)"
66.211.183.71 - - [08/Apr/2025:11:44:41 +0200] "GET /Jurek/topeshop/downloaded_images/5904507205683_modo-m2-2-v2-cam1-open-1.png HTTP/1.1" 200 1202923 "http://www.ebay.com/" "Mozilla/4.0 (compatible; MSIE 4.01; Windows NT)"
66.211.183.71 - - [08/Apr/2025:11:44:41 +0200] "GET /Jurek/topeshop/downloaded_images/5904507205683_modo-m2-cam2-close-4.png HTTP/1.1" 200 1070479 "http://www.ebay.com/" "Mozilla/4.0 (compatible; MSIE 4.01; Windows NT)"
66.211.183.72 - - [08/Apr/2025:11:44:41 +0200] "GET /Jurek/topeshop/downloaded_images/5904507205683_modo-m2-2-cam1-open-4.png HTTP/1.1" 200 922288 "http://www.ebay.com/" "Mozilla/4.0 (compatible; MSIE 4.01; Windows NT)"
66.211.183.74 - - [08/Apr/2025:11:44:41 +0200] "GET /Jurek/topeshop/downloaded_images/5904507205683_modo-m2-2-v2-cam1-close-4.png HTTP/1.1" 200 1206996 "http://www.ebay.com/" "Mozilla/4.0 (compatible; MSIE 4.01; Windows NT)"
66.211.183.73 - - [08/Apr/2025:11:44:41 +0200] "GET /Jurek/topeshop/downloaded_images/5904507205683_modo-m2-2-v2-cam2-4.png HTTP/1.1" 200 1269334 "http://www.ebay.com/" "Mozilla/4.0 (compatible; MSIE 4.01; Windows NT)"
66.211.183.73 - - [08/Apr/2025:11:44:41 +0200] "GET /Jurek/topeshop/downloaded_images/5904507205683_modo-m2-2-cam2-close-4.png HTTP/1.1" 200 1002651 "http://www.ebay.com/" "Mozilla/4.0 (compatible; MSIE 4.01; Windows NT)"
77.79.248.229 - - [08/Apr/2025:11:44:42 +0200] "GET /Jurek/relogy/feeds/relogy_leroy.xml HTTP/1.1" 200 66667030 "-" "Python-urllib/3.11"
77.79.248.229 - - [08/Apr/2025:11:44:42 +0200] "GET /Jurek/hlo/feeds/hlo_leroy.xml HTTP/1.1" 200 4838667 "-" "Python-urllib/3.11"
77.79.248.229 - - [08/Apr/2025:11:44:42 +0200] "GET /Jurek/sternhoff/feeds/sternhoff_leroy.xml HTTP/1.1" 200 1775771 "-" "Python-urllib/3.11"
66.211.183.74 - - [08/Apr/2025:11:44:42 +0200] "GET /Jurek/topeshop/downloaded_images/5904507201418_20-st.jpg HTTP/1.1" 200 185736 "-" "Java/17.0.13.0.101"
66.211.183.73 - - [08/Apr/2025:11:44:42 +0200] "GET /Jurek/topeshop/downloaded_images/5902838466445_1.png HTTP/1.1" 200 364045 "http://www.ebay.com/" "Mozilla/4.0 (compatible; MSIE 4.01; Windows NT)"
77.79.248.229 - - [08/Apr/2025:11:44:42 +0200] "GET /Jurek/aiofactory/feeds/aiofactory_leroy.xml HTTP/1.1" 200 2123784 "-" "Python-urllib/3.11"
66.211.183.74 - - [08/Apr/2025:11:44:42 +0200] "GET /Jurek/topeshop/downloaded_images/5904507201517_W2_2_3.png HTTP/1.1" 200 372669 "-" "Java/17.0.13.0.101"
77.79.248.229 - - [08/Apr/2025:11:44:42 +0200] "GET /Jurek/broers/feeds/broers_leroy.xml HTTP/1.1" 200 1982574 "-" "Python-urllib/3.11"
77.79.248.229 - - [08/Apr/2025:11:44:43 +0200] "GET /Jurek/euroshop/feeds/euroshop_leroy.xml HTTP/1.1" 200 20025496 "-" "Python-urllib/3.11"
66.211.183.72 - - [08/Apr/2025:11:44:43 +0200] "GET /Jurek/topeshop/downloaded_images/5902838467268_ROmana_bry%C5%82y_F_C_b0001.jpg HTTP/1.1" 200 111671 "http://www.ebay.com/" "Mozilla/4.0 (compatible; MSIE 4.01; Windows NT)"
77.79.248.229 - - [08/Apr/2025:11:44:43 +0200] "GET /Jurek/jankeski/feeds/jankeski_leroy.xml HTTP/1.1" 200 6571045 "-" "Python-urllib/3.11"
66.211.183.70 - - [08/Apr/2025:11:44:43 +0200] "GET /Jurek/topeshop/downloaded_images/5902838466445_1a.png HTTP/1.1" 200 1030508 "http://www.ebay.com/" "Mozilla/4.0 (compatible; MSIE 4.01; Windows NT)"
66.211.183.70 - - [08/Apr/2025:11:44:43 +0200] "GET /Jurek/topeshop/downloaded_images/5902838467268_ROmana_bry%C5%82y0001.jpg HTTP/1.1" 200 135280 "http://www.ebay.com/" "Mozilla/4.0 (compatible; MSIE 4.01; Windows NT)"
66.211.183.74 - - [08/Apr/2025:11:44:43 +0200] "GET /Jurek/topeshop/downloaded_images/5902838467268_ROmana_bry%C5%82y_F_C0001.jpg HTTP/1.1" 200 112301 "http://www.ebay.com/" "Mozilla/4.0 (compatible; MSIE 4.01; Windows NT)"
66.211.183.74 - - [08/Apr/2025:11:44:43 +0200] "GET /Jurek/topeshop/downloaded_images/5902838467268_ROmana_bry%C5%82y_front0001.jpg HTTP/1.1" 200 93898 "http://www.ebay.com/" "Mozilla/4.0 (compatible; MSIE 4.01; Windows NT)"
66.211.183.74 - - [08/Apr/2025:11:44:43 +0200] "GET /Jurek/topeshop/downloaded_images/5902838467268_Romanac_close0001.jpg HTTP/1.1" 200 156709 "http://www.ebay.com/" "Mozilla/4.0 (compatible; MSIE 4.01; Windows NT)"
77.79.248.229 - - [08/Apr/2025:11:44:43 +0200] "GET /Jurek/zbimatyja/feeds/zbimatyja_leroy.xml HTTP/1.1" 200 11670111 "-" "Python-urllib/3.11"
77.79.248.229 - - [08/Apr/2025:11:44:44 +0200] "GET /Jurek/cdata/feeds/cdata_leroy.xml HTTP/1.1" 200 1445122 "-" "Python-urllib/3.11"
66.211.183.73 - - [08/Apr/2025:11:44:44 +0200] "GET /Jurek/topeshop/downloaded_images/5902838467268_Romana_160_Sonomal_Open_L.jpg HTTP/1.1" 200 158371 "http://www.ebay.com/" "Mozilla/4.0 (compatible; MSIE 4.01; Windows NT)"
77.79.248.229 - - [08/Apr/2025:11:44:44 +0200] "GET /Jurek/asortymenteu/feeds/asortymenteu_leroy.xml HTTP/1.1" 200 2760724 "-" "Python-urllib/3.11"
77.79.248.229 - - [08/Apr/2025:11:44:45 +0200] "GET /Jurek/polzoo/feeds/polzoo_leroy.xml HTTP/1.1" 200 48122251 "-" "Python-urllib/3.11"
77.79.248.229 - - [08/Apr/2025:11:44:45 +0200] "GET /Jurek/biokominki/feeds/biokominki_leroy.xml HTTP/1.1" 200 1422255 "-" "Python-urllib/3.11"
77.79.248.229 - - [08/Apr/2025:11:44:45 +0200] "GET /Jurek/newtechele/feeds/newtechele_leroy.xml HTTP/1.1" 200 2438527 "-" "Python-urllib/3.11"
77.79.248.229 - - [08/Apr/2025:11:44:46 +0200] "GET /Jurek/matkam/feeds/matkam_leroy.xml HTTP/1.1" 200 5000748 "-" "Python-urllib/3.11"
77.79.248.229 - - [08/Apr/2025:11:44:46 +0200] "GET /Jurek/cenoman/feeds/cenoman_leroy.xml HTTP/1.1" 200 5993189 "-" "Python-urllib/3.11"
77.79.248.229 - - [08/Apr/2025:11:44:46 +0200] "GET /Jurek/kamar/feeds/kamar_leroy.xml HTTP/1.1" 200 25549551 "-" "Python-urllib/3.11"
66.135.223.42 - - [08/Apr/2025:11:44:46 +0200] "GET /Jurek/topeshop/downloaded_images/5904507202583_wieszaki_2,2.jpg HTTP/1.1" 200 14927 "http://www.ebay.com/" "Mozilla/4.0 (compatible; MSIE 4.01; Windows NT)"
