66.135.223.40 - - [08/Apr/2025:11:44:46 +0200] "GET /Jurek/topeshop/downloaded_images/5904507202583_wieszaki_2,1.jpg HTTP/1.1" 200 17100 "http://www.ebay.com/" "Mozilla/4.0 (compatible; MSIE 4.01; Windows NT)"
77.79.248.229 - - [08/Apr/2025:11:44:46 +0200] "GET /Jurek/avenido/feeds/avenido_leroy.xml HTTP/1.1" 200 720083 "-" "Python-urllib/3.11"
77.79.248.229 - - [08/Apr/2025:11:44:46 +0200] "GET /Jurek/zenex/feeds/zenex_leroy.xml HTTP/1.1" 200 540164 "-" "Python-urllib/3.11"
77.79.248.229 - - [08/Apr/2025:11:44:47 +0200] "GET /Jurek/filmal/feeds/filmal_leroy.xml HTTP/1.1" 200 139277 "-" "Python-urllib/3.11"
77.79.248.229 - - [08/Apr/2025:11:44:47 +0200] "GET /Jurek/makow/feeds/makow_leroy.xml HTTP/1.1" 200 21203641 "-" "Python-urllib/3.11"
77.79.248.229 - - [08/Apr/2025:11:44:47 +0200] "GET /Jurek/szpaklampy/feeds/szpaklampy_leroy.xml HTTP/1.1" 200 388209 "-" "Python-urllib/3.11"
77.79.248.229 - - [08/Apr/2025:11:44:47 +0200] "GET /Jurek/apresto/feeds/apresto_leroy.xml HTTP/1.1" 200 1327661 "-" "Python-urllib/3.11"
77.79.248.229 - - [08/Apr/2025:11:44:47 +0200] "GET /Jurek/nexus/feeds/nexus_leroy.xml HTTP/1.1" 200 226622 "-" "Python-urllib/3.11"
77.79.248.229 - - [08/Apr/2025:11:44:47 +0200] "GET /Jurek/em3/feeds/em3_leroy.xml HTTP/1.1" 200 258923 "-" "Python-urllib/3.11"
77.79.248.229 - - [08/Apr/2025:11:44:47 +0200] "GET /Jurek/mojeledy/feeds/mojeledy_leroy.xml HTTP/1.1" 200 1018426 "-" "Python-urllib/3.11"
77.79.248.229 - - [08/Apr/2025:11:44:48 +0200] "GET /Jurek/carbonyway/feeds/carbonyway_leroy.xml HTTP/1.1" 200 3076035 "-" "Python-urllib/3.11"
77.79.248.229 - - [08/Apr/2025:11:44:48 +0200] "GET /Jurek/kalama/feeds/kalama_leroy.xml HTTP/1.1" 200 2661755 "-" "Python-urllib/3.11"
193.33.8.61 - - [08/Apr/2025:11:44:48 +0200] "GET /Jurek/mojeledy/output.txt HTTP/2.0" 200 6620 "https://konsola.dkkapusta1997.usermd.net/" "Mozilla/5.0 (Windows NT 10.0; Win64; x64) AppleWebKit/537.36 (KHTML, like Gecko) Chrome/134.0.0.0 Safari/537.36"
77.79.248.229 - - [08/Apr/2025:11:44:48 +0200] "GET /Jurek/proadventure/feeds/proadventure_leroy.xml HTTP/1.1" 200 10763583 "-" "Python-urllib/3.11"
77.79.248.229 - - [08/Apr/2025:11:44:48 +0200] "GET /Jurek/sklep24amk/feeds/sklep24amk_leroy.xml HTTP/1.1" 200 3894534 "-" "Python-urllib/3.11"
66.135.223.41 - - [08/Apr/2025:11:44:58 +0200] "GET /Jurek/topeshop/downloaded_images/5904507202033_SZAFA_IGA_120_G%C5%81ADKI_FRONT_0009_(1).png HTTP/1.1" 200 455955 "-" "Java/17.0.13.0.101"
66.135.223.40 - - [08/Apr/2025:11:45:02 +0200] "GET /Jurek/topeshop/downloaded_images/5904507205706_Modo_C_1_0001.png HTTP/1.1" 200 113381 "-" "Java/17.0.13.0.101"
66.211.183.70 - - [08/Apr/2025:11:45:05 +0200] "GET /Jurek/topeshop/downloaded_images/5902838468838_DUOSONOMABRY%C5%81KABOKZM.jpg HTTP/1.1" 404 3551 "http://www.ebay.com/" "Mozilla/4.0 (compatible; MSIE 4.01; Windows NT)"
66.211.183.73 - - [08/Apr/2025:11:45:05 +0200] "GET /Jurek/topeshop/downloaded_images/5902838468838_DUOSONOMABRY%C5%81KABOKOT.jpg HTTP/1.1" 404 3551 "http://www.ebay.com/" "Mozilla/4.0 (compatible; MSIE 4.01; Windows NT)"
66.211.183.74 - - [08/Apr/2025:11:45:05 +0200] "GET /Jurek/topeshop/downloaded_images/5902838468838_DUOSONOMABRY%C5%81KAFRONTZM.jpg HTTP/1.1" 404 3551 "http://www.ebay.com/" "Mozilla/4.0 (compatible; MSIE 4.01; Windows NT)"
66.211.183.72 - - [08/Apr/2025:11:45:05 +0200] "GET /Jurek/topeshop/downloaded_images/5902838468838_DUOSONOMABRY%C5%81KAFRONTOT.jpg HTTP/1.1" 404 3551 "http://www.ebay.com/" "Mozilla/4.0 (compatible; MSIE 4.01; Windows NT)"
66.211.183.74 - - [08/Apr/2025:11:45:05 +0200] "GET /Jurek/topeshop/downloaded_images/5902838468838_SONOMABOKOT.jpg HTTP/1.1" 404 3551 "http://www.ebay.com/" "Mozilla/4.0 (compatible; MSIE 4.01; Windows NT)"
66.211.183.74 - - [08/Apr/2025:11:45:05 +0200] "GET /Jurek/topeshop/downloaded_images/5902838468838_SONOMAFRONTZM.jpg HTTP/1.1" 404 3551 "http://www.ebay.com/" "Mozilla/4.0 (compatible; MSIE 4.01; Windows NT)"
66.211.183.73 - - [08/Apr/2025:11:45:05 +0200] "GET /Jurek/topeshop/downloaded_images/5902838468838_SONOMABOKZM.jpg HTTP/1.1" 404 3551 "http://www.ebay.com/" "Mozilla/4.0 (compatible; MSIE 4.01; Windows NT)"
66.211.183.73 - - [08/Apr/2025:11:45:05 +0200] "GET /Jurek/topeshop/downloaded_images/5902838468838_SONOMAFRONTOT.jpg HTTP/1.1" 404 3551 "http://www.ebay.com/" "Mozilla/4.0 (compatible; MSIE 4.01; Windows NT)"
66.135.223.40 - - [08/Apr/2025:11:45:06 +0200] "GET /Jurek/topeshop/downloaded_images/5902838468807_DUOARTISANBRY%C5%81KABOKZM.jpg HTTP/1.1" 404 3551 "http://www.ebay.com/" "Mozilla/4.0 (compatible; MSIE 4.01; Windows NT)"
66.135.223.44 - - [08/Apr/2025:11:45:06 +0200] "GET /Jurek/topeshop/downloaded_images/5902838468807_DUOARTISANBRY%C5%81KABOKOT.jpg HTTP/1.1" 404 3551 "http://www.ebay.com/" "Mozilla/4.0 (compatible; MSIE 4.01; Windows NT)"
66.135.223.40 - - [08/Apr/2025:11:45:06 +0200] "GET /Jurek/topeshop/downloaded_images/5902838468807_DUOARTISANBRY%C5%81KAFRONTZM.jpg HTTP/1.1" 404 3551 "http://www.ebay.com/" "Mozilla/4.0 (compatible; MSIE 4.01; Windows NT)"
66.135.223.44 - - [08/Apr/2025:11:45:06 +0200] "GET /Jurek/topeshop/downloaded_images/5902838468807_DUOARTISANBRY%C5%81KAFRONTOT.jpg HTTP/1.1" 404 3551 "http://www.ebay.com/" "Mozilla/4.0 (compatible; MSIE 4.01; Windows NT)"
66.135.223.41 - - [08/Apr/2025:11:45:06 +0200] "GET /Jurek/topeshop/downloaded_images/5902838468807_ARTISANBOKZM.jpg HTTP/1.1" 404 3551 "http://www.ebay.com/" "Mozilla/4.0 (compatible; MSIE 4.01; Windows NT)"
66.135.223.43 - - [08/Apr/2025:11:45:06 +0200] "GET /Jurek/topeshop/downloaded_images/5902838468807_ARTISANFRONTZM.jpg HTTP/1.1" 404 3551 "http://www.ebay.com/" "Mozilla/4.0 (compatible; MSIE 4.01; Windows NT)"
66.135.223.42 - - [08/Apr/2025:11:45:06 +0200] "GET /Jurek/topeshop/downloaded_images/5902838468807_ARTISANBOKOT.jpg HTTP/1.1" 404 3551 "http://www.ebay.com/" "Mozilla/4.0 (compatible; MSIE 4.01; Windows NT)"
66.211.183.73 - - [08/Apr/2025:11:45:06 +0200] "GET /Jurek/topeshop/downloaded_images/5904507202484_DD_close_bry%C5%82a.png HTTP/1.1" 200 63957 "http://www.ebay.com/" "Mozilla/4.0 (compatible; MSIE 4.01; Windows NT)"
66.211.183.72 - - [08/Apr/2025:11:45:06 +0200] "GET /Jurek/topeshop/downloaded_images/5904507202484_DD_open_20st_bry%C5%82a.png HTTP/1.1" 200 147352 "http://www.ebay.com/" "Mozilla/4.0 (compatible; MSIE 4.01; Windows NT)"
66.211.183.70 - - [08/Apr/2025:11:45:06 +0200] "GET /Jurek/topeshop/downloaded_images/5904507202484_DD_open_bry%C5%82a.png HTTP/1.1" 200 148780 "http://www.ebay.com/" "Mozilla/4.0 (compatible; MSIE 4.01; Windows NT)"
66.135.223.42 - - [08/Apr/2025:11:45:07 +0200] "GET /Jurek/topeshop/downloaded_images/5904507205706_Modo_C_1_0001.png HTTP/1.1" 200 113381 "http://www.ebay.com/" "Mozilla/4.0 (compatible; MSIE 4.01; Windows NT)"
66.211.183.70 - - [08/Apr/2025:11:45:07 +0200] "GET /Jurek/topeshop/downloaded_images/5904507202484_DD_open_dodatki_bry%C5%82a.png HTTP/1.1" 200 345503 "http://www.ebay.com/" "Mozilla/4.0 (compatible; MSIE 4.01; Windows NT)"
66.135.223.44 - - [08/Apr/2025:11:45:07 +0200] "GET /Jurek/topeshop/downloaded_images/5904507205706_Modo_C_2_0001.png HTTP/1.1" 200 254914 "http://www.ebay.com/" "Mozilla/4.0 (compatible; MSIE 4.01; Windows NT)"
66.135.223.41 - - [08/Apr/2025:11:45:08 +0200] "GET /Jurek/topeshop/downloaded_images/5904507205706_Modo_M2_Cam1_Close_1.png HTTP/1.1" 200 893923 "http://www.ebay.com/" "Mozilla/4.0 (compatible; MSIE 4.01; Windows NT)"
66.135.223.42 - - [08/Apr/2025:11:45:08 +0200] "GET /Jurek/topeshop/downloaded_images/5904507205706_Modo_M2_3_Cam1_Close_1.png HTTP/1.1" 200 867687 "http://www.ebay.com/" "Mozilla/4.0 (compatible; MSIE 4.01; Windows NT)"
66.211.183.71 - - [08/Apr/2025:11:45:08 +0200] "GET /Jurek/topeshop/downloaded_images/5904507202484_DD_wiz_allegro.png HTTP/1.1" 200 1255355 "http://www.ebay.com/" "Mozilla/4.0 (compatible; MSIE 4.01; Windows NT)"
66.135.223.43 - - [08/Apr/2025:11:45:08 +0200] "GET /Jurek/topeshop/downloaded_images/5904507205706_Modo_M2_Cam1_Open_1.png HTTP/1.1" 200 915863 "http://www.ebay.com/" "Mozilla/4.0 (compatible; MSIE 4.01; Windows NT)"
66.135.223.41 - - [08/Apr/2025:11:45:08 +0200] "GET /Jurek/topeshop/downloaded_images/5904507205706_Modo_M2_2_Cam1_Close_1.png HTTP/1.1" 200 861538 "http://www.ebay.com/" "Mozilla/4.0 (compatible; MSIE 4.01; Windows NT)"
66.135.223.43 - - [08/Apr/2025:11:45:08 +0200] "GET /Jurek/topeshop/downloaded_images/5904507205706_Modo_M2_2_Cam1_Open_1.png HTTP/1.1" 200 901363 "http://www.ebay.com/" "Mozilla/4.0 (compatible; MSIE 4.01; Windows NT)"
66.135.223.40 - - [08/Apr/2025:11:45:08 +0200] "GET /Jurek/topeshop/downloaded_images/5904507205706_Modo_M2_3_Cam1_Open_1.png HTTP/1.1" 200 911059 "http://www.ebay.com/" "Mozilla/4.0 (compatible; MSIE 4.01; Windows NT)"
66.135.223.44 - - [08/Apr/2025:11:45:08 +0200] "GET /Jurek/topeshop/downloaded_images/5904507205706_Modo_M2_3_Cam2_Close_1.png HTTP/1.1" 200 914422 "http://www.ebay.com/" "Mozilla/4.0 (compatible; MSIE 4.01; Windows NT)"
66.135.223.43 - - [08/Apr/2025:11:45:08 +0200] "GET /Jurek/topeshop/downloaded_images/5904507205706_G_C2_1.png HTTP/1.1" 200 1157046 "http://www.ebay.com/" "Mozilla/4.0 (compatible; MSIE 4.01; Windows NT)"
66.135.223.40 - - [08/Apr/2025:11:45:08 +0200] "GET /Jurek/topeshop/downloaded_images/5904507205706_Modo_M2__2_V2_Cam1_Open_4.png HTTP/1.1" 200 1132669 "http://www.ebay.com/" "Mozilla/4.0 (compatible; MSIE 4.01; Windows NT)"
66.135.223.41 - - [08/Apr/2025:11:45:08 +0200] "GET /Jurek/topeshop/downloaded_images/5904507205706_Modo_M2__2_V2_Cam1_Close_1.png HTTP/1.1" 200 1095017 "http://www.ebay.com/" "Mozilla/4.0 (compatible; MSIE 4.01; Windows NT)"
66.135.223.44 - - [08/Apr/2025:11:45:08 +0200] "GET /Jurek/topeshop/downloaded_images/5904507205706_Modo_M2_Cam2_Close_1.png HTTP/1.1" 200 995757 "http://www.ebay.com/" "Mozilla/4.0 (compatible; MSIE 4.01; Windows NT)"
66.135.223.43 - - [08/Apr/2025:11:45:08 +0200] "GET /Jurek/topeshop/downloaded_images/5904507205706_Modo_M2__2_V2_Cam2_1.png HTTP/1.1" 200 1130481 "http://www.ebay.com/" "Mozilla/4.0 (compatible; MSIE 4.01; Windows NT)"
66.135.223.42 - - [08/Apr/2025:11:45:08 +0200] "GET /Jurek/topeshop/downloaded_images/5904507205706_Modo_M2_2_Cam2_Close_1.png HTTP/1.1" 200 922172 "http://www.ebay.com/" "Mozilla/4.0 (compatible; MSIE 4.01; Windows NT)"
34.72.247.156 - - [08/Apr/2025:11:45:08 +0200] "GET /Jurek/topeshop/downloaded_images/5904507205706_Modo_M2__2_V2_Cam1_Close_1.png HTTP/1.1" 200 1095017 "-" "Mozilla/5.0 (X11; Linux x86_64) AppleWebKit/537.36 (KHTML, like Gecko) Chrome/110.0.0.0 Safari/537.36"
66.135.223.43 - - [08/Apr/2025:11:45:14 +0200] "GET /Jurek/topeshop/downloaded_images/5904507206208_b_m.png HTTP/1.1" 200 155260 "-" "Java/17.0.13.0.101"
34.72.247.156 - - [08/Apr/2025:11:45:16 +0200] "GET /Jurek/topeshop/downloaded_images/5904507205706_Modo_M2_3_Cam2_Close_1.png HTTP/1.1" 200 914422 "-" "Mozilla/5.0 (X11; Linux x86_64) AppleWebKit/537.36 (KHTML, like Gecko) Chrome/110.0.0.0 Safari/537.36"
34.133.239.145 - - [08/Apr/2025:11:45:18 +0200] "GET /Jurek/topeshop/downloaded_images/5904507205706_Modo_M2_3_Cam1_Close_1.png HTTP/1.1" 200 867687 "-" "Mozilla/5.0 (X11; Linux x86_64) AppleWebKit/537.36 (KHTML, like Gecko) Chrome/110.0.0.0 Safari/537.36"
66.135.223.42 - - [08/Apr/2025:11:45:18 +0200] "GET /Jurek/topeshop/downloaded_images/5902838467534_RIVA-SZAFKA-BIEL.jpg HTTP/1.1" 200 89644 "http://www.ebay.com/" "Mozilla/4.0 (compatible; MSIE 4.01; Windows NT)"
66.135.223.41 - - [08/Apr/2025:11:45:18 +0200] "GET /Jurek/topeshop/downloaded_images/5902838467534_RIVA-SZAFKA-BIEL1.jpg HTTP/1.1" 200 24817 "http://www.ebay.com/" "Mozilla/4.0 (compatible; MSIE 4.01; Windows NT)"
66.135.223.44 - - [08/Apr/2025:11:45:18 +0200] "GET /Jurek/topeshop/downloaded_images/5902838467534_RIVA-SZAFKA-BIEL2.png HTTP/1.1" 200 171507 "http://www.ebay.com/" "Mozilla/4.0 (compatible; MSIE 4.01; Windows NT)"
66.135.223.40 - - [08/Apr/2025:11:45:19 +0200] "GET /Jurek/topeshop/downloaded_images/5904507205393_20_st.png HTTP/1.1" 200 483350 "http://www.ebay.com/" "Mozilla/4.0 (compatible; MSIE 4.01; Windows NT)"
66.135.223.42 - - [08/Apr/2025:11:45:19 +0200] "GET /Jurek/topeshop/downloaded_images/5904507205393_20_st_open.png.png HTTP/1.1" 200 601117 "http://www.ebay.com/" "Mozilla/4.0 (compatible; MSIE 4.01; Windows NT)"
66.135.223.44 - - [08/Apr/2025:11:45:19 +0200] "GET /Jurek/topeshop/downloaded_images/5904507205393_front_open.png.png HTTP/1.1" 200 508942 "http://www.ebay.com/" "Mozilla/4.0 (compatible; MSIE 4.01; Windows NT)"
66.135.223.44 - - [08/Apr/2025:11:45:19 +0200] "GET /Jurek/topeshop/downloaded_images/5904507205393_front.png.png HTTP/1.1" 200 530857 "http://www.ebay.com/" "Mozilla/4.0 (compatible; MSIE 4.01; Windows NT)"
34.133.239.145 - - [08/Apr/2025:11:45:20 +0200] "GET /Jurek/topeshop/downloaded_images/5904507205706_Modo_M2_2_Cam2_Close_1.png HTTP/1.1" 200 922172 "-" "Mozilla/5.0 (X11; Linux x86_64) AppleWebKit/537.36 (KHTML, like Gecko) Chrome/110.0.0.0 Safari/537.36"
66.135.223.44 - - [08/Apr/2025:11:45:20 +0200] "GET /Jurek/topeshop/downloaded_images/5904507205881_profliowe.png HTTP/1.1" 200 983463 "-" "Java/17.0.13.0.101"
66.135.223.44 - - [08/Apr/2025:11:45:20 +0200] "GET /Jurek/topeshop/downloaded_images/5904507205393_Artisan_antracyt_white.png HTTP/1.1" 200 2008382 "http://www.ebay.com/" "Mozilla/4.0 (compatible; MSIE 4.01; Windows NT)"
66.135.223.42 - - [08/Apr/2025:11:45:20 +0200] "GET /Jurek/topeshop/downloaded_images/5904507205393_Artisan_antracyt_black.png HTTP/1.1" 200 2013545 "http://www.ebay.com/" "Mozilla/4.0 (compatible; MSIE 4.01; Windows NT)"
34.72.247.156 - - [08/Apr/2025:11:45:21 +0200] "GET /Jurek/topeshop/downloaded_images/5902838468418_Biel_x.jpg HTTP/1.1" 200 78747 "-" "Mozilla/5.0 (X11; Linux x86_64) AppleWebKit/537.36 (KHTML, like Gecko) Chrome/110.0.0.0 Safari/537.36"
34.133.239.145 - - [08/Apr/2025:11:45:21 +0200] "GET /Jurek/topeshop/downloaded_images/5904507205706_Modo_M2_2_Cam1_Close_1.png HTTP/1.1" 200 861538 "-" "Mozilla/5.0 (X11; Linux x86_64) AppleWebKit/537.36 (KHTML, like Gecko) Chrome/110.0.0.0 Safari/537.36"
66.211.183.73 - - [08/Apr/2025:11:45:22 +0200] "GET /Jurek/topeshop/downloaded_images/5904507209858_Image0007_mini.jpg HTTP/1.1" 404 3551 "http://www.ebay.com/" "Mozilla/4.0 (compatible; MSIE 4.01; Windows NT)"
34.72.247.156 - - [08/Apr/2025:11:45:22 +0200] "GET /Jurek/topeshop/downloaded_images/5902838468449_front_close.jpg HTTP/1.1" 200 76125 "-" "Mozilla/5.0 (X11; Linux x86_64) AppleWebKit/537.36 (KHTML, like Gecko) Chrome/110.0.0.0 Safari/537.36"
66.211.183.70 - - [08/Apr/2025:11:45:22 +0200] "GET /Jurek/topeshop/downloaded_images/5904507209858_RTV(2).jpg HTTP/1.1" 404 3551 "http://www.ebay.com/" "Mozilla/4.0 (compatible; MSIE 4.01; Windows NT)"
66.211.183.70 - - [08/Apr/2025:11:45:22 +0200] "GET /Jurek/topeshop/downloaded_images/5904507209858_RTV(3).jpg HTTP/1.1" 404 3551 "http://www.ebay.com/" "Mozilla/4.0 (compatible; MSIE 4.01; Windows NT)"
66.211.183.73 - - [08/Apr/2025:11:45:22 +0200] "GET /Jurek/topeshop/downloaded_images/5904507209858_Image0002.jpg HTTP/1.1" 404 3551 "http://www.ebay.com/" "Mozilla/4.0 (compatible; MSIE 4.01; Windows NT)"
66.211.183.74 - - [08/Apr/2025:11:45:22 +0200] "GET /Jurek/topeshop/downloaded_images/5904507209858_1234123(1).jpg HTTP/1.1" 404 3551 "http://www.ebay.com/" "Mozilla/4.0 (compatible; MSIE 4.01; Windows NT)"
66.211.183.74 - - [08/Apr/2025:11:45:22 +0200] "GET /Jurek/topeshop/downloaded_images/5904507209858_14.jpg HTTP/1.1" 404 3551 "http://www.ebay.com/" "Mozilla/4.0 (compatible; MSIE 4.01; Windows NT)"
66.211.183.73 - - [08/Apr/2025:11:45:22 +0200] "GET /Jurek/topeshop/downloaded_images/5904507209858_8.jpg HTTP/1.1" 404 3551 "http://www.ebay.com/" "Mozilla/4.0 (compatible; MSIE 4.01; Windows NT)"
66.211.183.70 - - [08/Apr/2025:11:45:22 +0200] "GET /Jurek/topeshop/downloaded_images/5904507209858_RTV_wymiarykamaroart160.jpg HTTP/1.1" 404 3551 "http://www.ebay.com/" "Mozilla/4.0 (compatible; MSIE 4.01; Windows NT)"
66.211.183.73 - - [08/Apr/2025:11:45:22 +0200] "GET /Jurek/topeshop/downloaded_images/5904507209858_1234123(2).jpg HTTP/1.1" 404 3551 "http://www.ebay.com/" "Mozilla/4.0 (compatible; MSIE 4.01; Windows NT)"
66.211.183.72 - - [08/Apr/2025:11:45:22 +0200] "GET /Jurek/topeshop/downloaded_images/5904507209858_1234123(3).jpg HTTP/1.1" 404 3551 "http://www.ebay.com/" "Mozilla/4.0 (compatible; MSIE 4.01; Windows NT)"
66.211.183.71 - - [08/Apr/2025:11:45:22 +0200] "GET /Jurek/topeshop/downloaded_images/5904507209858_32.jpg HTTP/1.1" 404 3551 "http://www.ebay.com/" "Mozilla/4.0 (compatible; MSIE 4.01; Windows NT)"
34.133.239.145 - - [08/Apr/2025:11:45:22 +0200] "GET /Jurek/topeshop/downloaded_images/5902838468418_close_wymiary_Obszar_roboczy_1.jpg HTTP/1.1" 200 51632 "-" "Mozilla/5.0 (X11; Linux x86_64) AppleWebKit/537.36 (KHTML, like Gecko) Chrome/110.0.0.0 Safari/537.36"
34.133.239.145 - - [08/Apr/2025:11:45:23 +0200] "GET /Jurek/topeshop/downloaded_images/5902838468418_wymiary_open_Obszar_roboczy_1.jpg HTTP/1.1" 200 50172 "-" "Mozilla/5.0 (X11; Linux x86_64) AppleWebKit/537.36 (KHTML, like Gecko) Chrome/110.0.0.0 Safari/537.36"
34.133.239.145 - - [08/Apr/2025:11:45:23 +0200] "GET /Jurek/topeshop/downloaded_images/5904507205706_Modo_M2__2_V2_Cam1_Open_4.png HTTP/1.1" 200 1132669 "-" "Mozilla/5.0 (X11; Linux x86_64) AppleWebKit/537.36 (KHTML, like Gecko) Chrome/110.0.0.0 Safari/537.36"
34.133.239.145 - - [08/Apr/2025:11:45:23 +0200] "GET /Jurek/topeshop/downloaded_images/5902838468418_20_st_open.jpg HTTP/1.1" 200 40708 "-" "Mozilla/5.0 (X11; Linux x86_64) AppleWebKit/537.36 (KHTML, like Gecko) Chrome/110.0.0.0 Safari/537.36"
34.72.247.156 - - [08/Apr/2025:11:45:23 +0200] "GET /Jurek/topeshop/downloaded_images/5902838468449_front.jpg HTTP/1.1" 200 56564 "-" "Mozilla/5.0 (X11; Linux x86_64) AppleWebKit/537.36 (KHTML, like Gecko) Chrome/110.0.0.0 Safari/537.36"
34.133.239.145 - - [08/Apr/2025:11:45:24 +0200] "GET /Jurek/topeshop/downloaded_images/5904507205706_Modo_M2_Cam1_Open_1.png HTTP/1.1" 200 915863 "-" "Mozilla/5.0 (X11; Linux x86_64) AppleWebKit/537.36 (KHTML, like Gecko) Chrome/110.0.0.0 Safari/537.36"
34.133.239.145 - - [08/Apr/2025:11:45:24 +0200] "GET /Jurek/topeshop/downloaded_images/5902838468418_Opal_Biel_Szafka.jpg HTTP/1.1" 404 3551 "-" "Mozilla/5.0 (X11; Linux x86_64) AppleWebKit/537.36 (KHTML, like Gecko) Chrome/110.0.0.0 Safari/537.36"
34.133.239.145 - - [08/Apr/2025:11:45:24 +0200] "GET /Jurek/topeshop/downloaded_images/5904507205706_Modo_M2_3_Cam1_Open_1.png HTTP/1.1" 200 911059 "-" "Mozilla/5.0 (X11; Linux x86_64) AppleWebKit/537.36 (KHTML, like Gecko) Chrome/110.0.0.0 Safari/537.36"
34.72.247.156 - - [08/Apr/2025:11:45:25 +0200] "GET /Jurek/topeshop/downloaded_images/5902838468449_Artisan_x.jpg HTTP/1.1" 200 96939 "-" "Mozilla/5.0 (X11; Linux x86_64) AppleWebKit/537.36 (KHTML, like Gecko) Chrome/110.0.0.0 Safari/537.36"
34.133.239.145 - - [08/Apr/2025:11:45:26 +0200] "GET /Jurek/topeshop/downloaded_images/5904507205706_G_C2_1.png HTTP/1.1" 200 1157046 "-" "Mozilla/5.0 (X11; Linux x86_64) AppleWebKit/537.36 (KHTML, like Gecko) Chrome/110.0.0.0 Safari/537.36"
34.133.239.145 - - [08/Apr/2025:11:45:26 +0200] "GET /Jurek/topeshop/downloaded_images/5902838468425_sonoma_20_st.jpg HTTP/1.1" 200 63729 "-" "Mozilla/5.0 (X11; Linux x86_64) AppleWebKit/537.36 (KHTML, like Gecko) Chrome/110.0.0.0 Safari/537.36"
34.133.239.145 - - [08/Apr/2025:11:45:26 +0200] "GET /Jurek/topeshop/downloaded_images/5902838468449_close_wymiary_Obszar_roboczy_1.jpg HTTP/1.1" 200 87208 "-" "Mozilla/5.0 (X11; Linux x86_64) AppleWebKit/537.36 (KHTML, like Gecko) Chrome/110.0.0.0 Safari/537.36"
34.133.239.145 - - [08/Apr/2025:11:45:26 +0200] "GET /Jurek/topeshop/downloaded_images/5902838468418_Opal_Biel_Szafka.jpg HTTP/1.1" 404 3551 "-" "Mozilla/5.0 (X11; Linux x86_64) AppleWebKit/537.36 (KHTML, like Gecko) Chrome/110.0.0.0 Safari/537.36"
34.133.239.145 - - [08/Apr/2025:11:45:27 +0200] "GET /Jurek/topeshop/downloaded_images/5902838468449_open_20_st_Obszar_roboczy_1.jpg HTTP/1.1" 200 68529 "-" "Mozilla/5.0 (X11; Linux x86_64) AppleWebKit/537.36 (KHTML, like Gecko) Chrome/110.0.0.0 Safari/537.36"
34.133.239.145 - - [08/Apr/2025:11:45:27 +0200] "GET /Jurek/topeshop/downloaded_images/5902838468425_Opal_Sonoma_Szafka.jpg HTTP/1.1" 404 3551 "-" "Mozilla/5.0 (X11; Linux x86_64) AppleWebKit/537.36 (KHTML, like Gecko) Chrome/110.0.0.0 Safari/537.36"
34.133.239.145 - - [08/Apr/2025:11:45:28 +0200] "GET /Jurek/topeshop/downloaded_images/5902838468449_20_st_open.jpg HTTP/1.1" 200 61794 "-" "Mozilla/5.0 (X11; Linux x86_64) AppleWebKit/537.36 (KHTML, like Gecko) Chrome/110.0.0.0 Safari/537.36"
34.133.239.145 - - [08/Apr/2025:11:45:28 +0200] "GET /Jurek/topeshop/downloaded_images/5904507205706_Modo_C_2_0001.png HTTP/1.1" 200 254914 "-" "Mozilla/5.0 (X11; Linux x86_64) AppleWebKit/537.36 (KHTML, like Gecko) Chrome/110.0.0.0 Safari/537.36"
34.72.247.156 - - [08/Apr/2025:11:45:29 +0200] "GET /Jurek/topeshop/downloaded_images/5902838468449_Opal_Artisan_Szafka.jpg HTTP/1.1" 404 3551 "-" "Mozilla/5.0 (X11; Linux x86_64) AppleWebKit/537.36 (KHTML, like Gecko) Chrome/110.0.0.0 Safari/537.36"
216.113.184.104 - - [08/Apr/2025:11:45:30 +0200] "GET /Jurek/topeshop/downloaded_images/5902838461174_10_0002.png HTTP/1.1" 200 34565 "http://www.ebay.com/" "Mozilla/4.0 (compatible; MSIE 4.01; Windows NT)"
216.113.184.101 - - [08/Apr/2025:11:45:30 +0200] "GET /Jurek/topeshop/downloaded_images/5902838461174_10_opened_0002.png HTTP/1.1" 200 43960 "http://www.ebay.com/" "Mozilla/4.0 (compatible; MSIE 4.01; Windows NT)"
216.113.184.103 - - [08/Apr/2025:11:45:30 +0200] "GET /Jurek/topeshop/downloaded_images/5902838461174_10_white_int.jpg HTTP/1.1" 200 125656 "http://www.ebay.com/" "Mozilla/4.0 (compatible; MSIE 4.01; Windows NT)"
66.211.183.72 - - [08/Apr/2025:11:45:30 +0200] "GET /Jurek/topeshop/downloaded_images/5904507207434_20st_artisan_ant.jpg HTTP/1.1" 200 87981 "http://www.ebay.com/" "Mozilla/4.0 (compatible; MSIE 4.01; Windows NT)"
66.211.183.70 - - [08/Apr/2025:11:45:30 +0200] "GET /Jurek/topeshop/downloaded_images/5904507207434_Artisan_ant_front.jpg HTTP/1.1" 200 87230 "http://www.ebay.com/" "Mozilla/4.0 (compatible; MSIE 4.01; Windows NT)"
34.72.247.156 - - [08/Apr/2025:11:45:30 +0200] "GET /Jurek/topeshop/downloaded_images/5902838468425_Opal_Sonoma_Szafka.jpg HTTP/1.1" 404 3551 "-" "Mozilla/5.0 (X11; Linux x86_64) AppleWebKit/537.36 (KHTML, like Gecko) Chrome/110.0.0.0 Safari/537.36"
66.211.183.73 - - [08/Apr/2025:11:45:31 +0200] "GET /Jurek/topeshop/downloaded_images/5904507207434_gawiz.jpg HTTP/1.1" 200 207222 "http://www.ebay.com/" "Mozilla/4.0 (compatible; MSIE 4.01; Windows NT)"
66.135.223.43 - - [08/Apr/2025:11:45:32 +0200] "GET /Jurek/topeshop/downloaded_images/5902838468814_DUO-BIEL-BRY%C5%81KA-BOK-ZM.jpg HTTP/1.1" 404 3551 "http://www.ebay.com/" "Mozilla/4.0 (compatible; MSIE 4.01; Windows NT)"
66.135.223.42 - - [08/Apr/2025:11:45:32 +0200] "GET /Jurek/topeshop/downloaded_images/5902838468814_BIELBOKOT.jpg HTTP/1.1" 404 3551 "http://www.ebay.com/" "Mozilla/4.0 (compatible; MSIE 4.01; Windows NT)"
66.135.223.42 - - [08/Apr/2025:11:45:32 +0200] "GET /Jurek/topeshop/downloaded_images/5902838468814_BIELBOKZM.jpg HTTP/1.1" 404 3551 "http://www.ebay.com/" "Mozilla/4.0 (compatible; MSIE 4.01; Windows NT)"
66.135.223.40 - - [08/Apr/2025:11:45:32 +0200] "GET /Jurek/topeshop/downloaded_images/5902838468814_DUO-BIEL-BRY%C5%81KA-BOK-OT.jpg HTTP/1.1" 404 3551 "http://www.ebay.com/" "Mozilla/4.0 (compatible; MSIE 4.01; Windows NT)"
66.135.223.42 - - [08/Apr/2025:11:45:32 +0200] "GET /Jurek/topeshop/downloaded_images/5902838468814_BIELFRONTOT.jpg HTTP/1.1" 404 3551 "http://www.ebay.com/" "Mozilla/4.0 (compatible; MSIE 4.01; Windows NT)"
66.135.223.42 - - [08/Apr/2025:11:45:32 +0200] "GET /Jurek/topeshop/downloaded_images/5902838468814_DUO-BIEL-BRY%C5%81KA-FRONT-ZM.jpg HTTP/1.1" 404 3551 "http://www.ebay.com/" "Mozilla/4.0 (compatible; MSIE 4.01; Windows NT)"
66.135.223.41 - - [08/Apr/2025:11:45:32 +0200] "GET /Jurek/topeshop/downloaded_images/5902838468814_DUO-BIEL-BRY%C5%81KA-FRONT-OT.jpg HTTP/1.1" 404 3551 "http://www.ebay.com/" "Mozilla/4.0 (compatible; MSIE 4.01; Windows NT)"
66.135.223.43 - - [08/Apr/2025:11:45:32 +0200] "GET /Jurek/topeshop/downloaded_images/5902838468814_BIELFRONTZM.jpg HTTP/1.1" 404 3551 "http://www.ebay.com/" "Mozilla/4.0 (compatible; MSIE 4.01; Windows NT)"
34.133.239.145 - - [08/Apr/2025:11:45:32 +0200] "GET /Jurek/topeshop/downloaded_images/5904507205706_Modo_M2_2_Cam1_Open_1.png HTTP/1.1" 200 901363 "-" "Mozilla/5.0 (X11; Linux x86_64) AppleWebKit/537.36 (KHTML, like Gecko) Chrome/110.0.0.0 Safari/537.36"
34.72.247.156 - - [08/Apr/2025:11:45:33 +0200] "GET /Jurek/topeshop/downloaded_images/5902838468449_Opal_Artisan_Szafka.jpg HTTP/1.1" 404 3551 "-" "Mozilla/5.0 (X11; Linux x86_64) AppleWebKit/537.36 (KHTML, like Gecko) Chrome/110.0.0.0 Safari/537.36"
34.133.239.145 - - [08/Apr/2025:11:45:33 +0200] "GET /Jurek/topeshop/downloaded_images/5904507205706_Modo_M2_Cam2_Close_1.png HTTP/1.1" 200 995757 "-" "Mozilla/5.0 (X11; Linux x86_64) AppleWebKit/537.36 (KHTML, like Gecko) Chrome/110.0.0.0 Safari/537.36"
66.211.183.74 - - [08/Apr/2025:11:45:34 +0200] "GET /Jurek/topeshop/downloaded_images/5904507200688_m2_artisan.jpg HTTP/1.1" 200 113075 "http://www.ebay.com/" "Mozilla/4.0 (compatible; MSIE 4.01; Windows NT)"
66.211.183.70 - - [08/Apr/2025:11:45:34 +0200] "GET /Jurek/topeshop/downloaded_images/5904507200688_Kopia_2_20_3_artisan.jpg HTTP/1.1" 200 130888 "http://www.ebay.com/" "Mozilla/4.0 (compatible; MSIE 4.01; Windows NT)"
66.211.183.72 - - [08/Apr/2025:11:45:34 +0200] "GET /Jurek/topeshop/downloaded_images/5904507200688_M2_close_2_A.jpg HTTP/1.1" 200 88409 "http://www.ebay.com/" "Mozilla/4.0 (compatible; MSIE 4.01; Windows NT)"
66.211.183.71 - - [08/Apr/2025:11:45:34 +0200] "GET /Jurek/topeshop/downloaded_images/5904507200688_M2_close_A.jpg HTTP/1.1" 200 87141 "http://www.ebay.com/" "Mozilla/4.0 (compatible; MSIE 4.01; Windows NT)"
66.211.183.73 - - [08/Apr/2025:11:45:34 +0200] "GET /Jurek/topeshop/downloaded_images/5904507200688_M2_open_A.jpg HTTP/1.1" 200 87313 "http://www.ebay.com/" "Mozilla/4.0 (compatible; MSIE 4.01; Windows NT)"
66.211.183.70 - - [08/Apr/2025:11:45:34 +0200] "GET /Jurek/topeshop/downloaded_images/5904507200688_4.png HTTP/1.1" 200 262124 "http://www.ebay.com/" "Mozilla/4.0 (compatible; MSIE 4.01; Windows NT)"
66.211.183.71 - - [08/Apr/2025:11:45:34 +0200] "GET /Jurek/topeshop/downloaded_images/5904507200688_11.png HTTP/1.1" 200 266503 "http://www.ebay.com/" "Mozilla/4.0 (compatible; MSIE 4.01; Windows NT)"
34.133.239.145 - - [08/Apr/2025:11:45:35 +0200] "GET /Jurek/topeshop/downloaded_images/5902838468425_Opal_Sonoma_Szafka.jpg HTTP/1.1" 404 3551 "-" "Mozilla/5.0 (X11; Linux x86_64) AppleWebKit/537.36 (KHTML, like Gecko) Chrome/110.0.0.0 Safari/537.36"
34.72.247.156 - - [08/Apr/2025:11:45:35 +0200] "GET /Jurek/topeshop/downloaded_images/5904507205706_Modo_M2_Cam1_Close_1.png HTTP/1.1" 200 893923 "-" "Mozilla/5.0 (X11; Linux x86_64) AppleWebKit/537.36 (KHTML, like Gecko) Chrome/110.0.0.0 Safari/537.36"
66.135.223.41 - - [08/Apr/2025:11:45:36 +0200] "GET /Jurek/topeshop/downloaded_images/5902838468418_20_st.jpg HTTP/1.1" 200 42885 "http://www.ebay.com/" "Mozilla/4.0 (compatible; MSIE 4.01; Windows NT)"
66.135.223.40 - - [08/Apr/2025:11:45:36 +0200] "GET /Jurek/topeshop/downloaded_images/5902838468418_Opal_Biel_Szafka.jpg HTTP/1.1" 404 3551 "http://www.ebay.com/" "Mozilla/4.0 (compatible; MSIE 4.01; Windows NT)"
66.135.223.42 - - [08/Apr/2025:11:45:37 +0200] "GET /Jurek/topeshop/downloaded_images/5902838468418_front.jpg HTTP/1.1" 200 42188 "http://www.ebay.com/" "Mozilla/4.0 (compatible; MSIE 4.01; Windows NT)"
66.135.223.40 - - [08/Apr/2025:11:45:37 +0200] "GET /Jurek/topeshop/downloaded_images/5902838468418_20_st_open.jpg HTTP/1.1" 200 40708 "http://www.ebay.com/" "Mozilla/4.0 (compatible; MSIE 4.01; Windows NT)"
66.135.223.42 - - [08/Apr/2025:11:45:37 +0200] "GET /Jurek/topeshop/downloaded_images/5902838468418_Biel_x.jpg HTTP/1.1" 200 78747 "http://www.ebay.com/" "Mozilla/4.0 (compatible; MSIE 4.01; Windows NT)"
66.135.223.44 - - [08/Apr/2025:11:45:37 +0200] "GET /Jurek/topeshop/downloaded_images/5902838468418_close_wymiary_Obszar_roboczy_1.jpg HTTP/1.1" 200 51632 "http://www.ebay.com/" "Mozilla/4.0 (compatible; MSIE 4.01; Windows NT)"
66.135.223.44 - - [08/Apr/2025:11:45:37 +0200] "GET /Jurek/topeshop/downloaded_images/5902838468418_front_open.jpg HTTP/1.1" 200 38868 "http://www.ebay.com/" "Mozilla/4.0 (compatible; MSIE 4.01; Windows NT)"
66.135.223.41 - - [08/Apr/2025:11:45:37 +0200] "GET /Jurek/topeshop/downloaded_images/5902838468418_wymiary_open_Obszar_roboczy_1.jpg HTTP/1.1" 200 50172 "http://www.ebay.com/" "Mozilla/4.0 (compatible; MSIE 4.01; Windows NT)"
34.72.247.156 - - [08/Apr/2025:11:45:38 +0200] "GET /Jurek/topeshop/downloaded_images/5902838468449_Opal_Artisan_Szafka.jpg HTTP/1.1" 404 3551 "-" "Mozilla/5.0 (X11; Linux x86_64) AppleWebKit/537.36 (KHTML, like Gecko) Chrome/110.0.0.0 Safari/537.36"
34.72.247.156 - - [08/Apr/2025:11:45:39 +0200] "GET /Jurek/topeshop/downloaded_images/5904507205706_Modo_M2__2_V2_Cam2_1.png HTTP/1.1" 200 1130481 "-" "Mozilla/5.0 (X11; Linux x86_64) AppleWebKit/537.36 (KHTML, like Gecko) Chrome/110.0.0.0 Safari/537.36"
136.0.90.116 - - [08/Apr/2025:11:45:39 +0200] "GET /Jurek/topeshop/downloaded_images/5902838468418_Opal_Biel_Szafka.jpg HTTP/2.0" 404 3551 "-" "Mozilla/5.0 (X11; Linux x86_64) AppleWebKit/537.36 (KHTML, like Gecko) Chrome/110.0.0.0 Safari/537.36"
66.135.223.44 - - [08/Apr/2025:11:45:40 +0200] "GET /Jurek/topeshop/downloaded_images/5904507205973_bry%C5%82a0005.jpg HTTP/1.1" 200 64825 "http://www.ebay.com/" "Mozilla/4.0 (compatible; MSIE 4.01; Windows NT)"
66.135.223.42 - - [08/Apr/2025:11:45:40 +0200] "GET /Jurek/topeshop/downloaded_images/5904507205973_bry%C5%82a0010.jpg HTTP/1.1" 200 58571 "http://www.ebay.com/" "Mozilla/4.0 (compatible; MSIE 4.01; Windows NT)"
66.135.223.43 - - [08/Apr/2025:11:45:40 +0200] "GET /Jurek/topeshop/downloaded_images/5904507205973_szafa-gar-duo0008_allegro_(5).jpg HTTP/1.1" 200 84319 "http://www.ebay.com/" "Mozilla/4.0 (compatible; MSIE 4.01; Windows NT)"
66.135.223.43 - - [08/Apr/2025:11:45:40 +0200] "GET /Jurek/topeshop/downloaded_images/5904507205973_bry%C5%82a0004.jpg HTTP/1.1" 200 64630 "http://www.ebay.com/" "Mozilla/4.0 (compatible; MSIE 4.01; Windows NT)"
66.135.223.44 - - [08/Apr/2025:11:45:40 +0200] "GET /Jurek/topeshop/downloaded_images/5904507205973_szafa-gar-duo0008_allegro_(6).jpg HTTP/1.1" 200 90258 "http://www.ebay.com/" "Mozilla/4.0 (compatible; MSIE 4.01; Windows NT)"
89.161.206.59 - - [08/Apr/2025:11:45:40 +0200] "GET /Jurek/hurtownia_przemyslowa/feeds/hp_amazonDE.xml HTTP/1.0" 200 42278358 "-" "-"
34.133.239.145 - - [08/Apr/2025:11:45:41 +0200] "GET /Jurek/topeshop/downloaded_images/5904507201142_front-close.jpg HTTP/1.1" 200 112493 "-" "Mozilla/5.0 (X11; Linux x86_64) AppleWebKit/537.36 (KHTML, like Gecko) Chrome/110.0.0.0 Safari/537.36"
66.135.223.41 - - [08/Apr/2025:11:45:41 +0200] "GET /Jurek/topeshop/downloaded_images/5904507205973_Paual-10004.png HTTP/1.1" 200 898324 "http://www.ebay.com/" "Mozilla/4.0 (compatible; MSIE 4.01; Windows NT)"
66.135.223.43 - - [08/Apr/2025:11:45:41 +0200] "GET /Jurek/topeshop/downloaded_images/5904507205973_Paual-10005.png HTTP/1.1" 200 953706 "http://www.ebay.com/" "Mozilla/4.0 (compatible; MSIE 4.01; Windows NT)"
149.20.246.84 - - [08/Apr/2025:11:45:42 +0200] "GET /Jurek/topeshop/downloaded_images/5902838468425_Opal_Sonoma_Szafka.jpg HTTP/2.0" 404 3551 "-" "Mozilla/5.0 (X11; Linux x86_64) AppleWebKit/537.36 (KHTML, like Gecko) Chrome/110.0.0.0 Safari/537.36"
34.133.239.145 - - [08/Apr/2025:11:45:42 +0200] "GET /Jurek/topeshop/downloaded_images/5904507201142_open-30.jpg HTTP/1.1" 200 106688 "-" "Mozilla/5.0 (X11; Linux x86_64) AppleWebKit/537.36 (KHTML, like Gecko) Chrome/110.0.0.0 Safari/537.36"
34.133.239.145 - - [08/Apr/2025:11:45:42 +0200] "GET /Jurek/topeshop/downloaded_images/5904507201142_front-open.jpg HTTP/1.1" 200 115300 "-" "Mozilla/5.0 (X11; Linux x86_64) AppleWebKit/537.36 (KHTML, like Gecko) Chrome/110.0.0.0 Safari/537.36"
34.72.247.156 - - [08/Apr/2025:11:45:43 +0200] "GET /Jurek/topeshop/downloaded_images/5904507205706_Modo_C_1_0001.png HTTP/1.1" 200 113381 "-" "Mozilla/5.0 (X11; Linux x86_64) AppleWebKit/537.36 (KHTML, like Gecko) Chrome/110.0.0.0 Safari/537.36"
34.133.239.145 - - [08/Apr/2025:11:45:43 +0200] "GET /Jurek/topeshop/downloaded_images/5904507201142_Artisan.jpg HTTP/1.1" 200 69922 "-" "Mozilla/5.0 (X11; Linux x86_64) AppleWebKit/537.36 (KHTML, like Gecko) Chrome/110.0.0.0 Safari/537.36"
199.34.83.181 - - [08/Apr/2025:11:45:45 +0200] "GET /Jurek/topeshop/downloaded_images/5902838468449_Opal_Artisan_Szafka.jpg HTTP/2.0" 404 3551 "-" "Mozilla/5.0 (X11; Linux x86_64) AppleWebKit/537.36 (KHTML, like Gecko) Chrome/110.0.0.0 Safari/537.36"
34.72.247.156 - - [08/Apr/2025:11:45:45 +0200] "GET /Jurek/topeshop/downloaded_images/5904507201142_close-30.jpg HTTP/1.1" 200 106758 "-" "Mozilla/5.0 (X11; Linux x86_64) AppleWebKit/537.36 (KHTML, like Gecko) Chrome/110.0.0.0 Safari/537.36"
209.163.118.251 - - [08/Apr/2025:11:45:48 +0200] "GET /Jurek/topeshop/downloaded_images/5902838468418_Opal_Biel_Szafka.jpg HTTP/2.0" 404 3551 "-" "Mozilla/5.0 (X11; Linux x86_64) AppleWebKit/537.36 (KHTML, like Gecko) Chrome/110.0.0.0 Safari/537.36"
34.133.239.145 - - [08/Apr/2025:11:45:48 +0200] "GET /Jurek/topeshop/downloaded_images/5902838468418_20_st.jpg HTTP/1.1" 200 42885 "-" "Mozilla/5.0 (X11; Linux x86_64) AppleWebKit/537.36 (KHTML, like Gecko) Chrome/110.0.0.0 Safari/537.36"
66.211.183.72 - - [08/Apr/2025:11:45:52 +0200] "GET /Jurek/topeshop/downloaded_images/5902838468821_DUOCZERNBRYLKABOKZM.jpg HTTP/1.1" 404 3551 "http://www.ebay.com/" "Mozilla/4.0 (compatible; MSIE 4.01; Windows NT)"
66.211.183.74 - - [08/Apr/2025:11:45:52 +0200] "GET /Jurek/topeshop/downloaded_images/5902838468821_DUOCZER%C5%83BRY%C5%81KABOKOT.jpg HTTP/1.1" 404 3551 "http://www.ebay.com/" "Mozilla/4.0 (compatible; MSIE 4.01; Windows NT)"
66.211.183.70 - - [08/Apr/2025:11:45:52 +0200] "GET /Jurek/topeshop/downloaded_images/5902838468821_DUOCZER%C5%83BRY%C5%81KAFRONTZM.jpg HTTP/1.1" 404 3551 "http://www.ebay.com/" "Mozilla/4.0 (compatible; MSIE 4.01; Windows NT)"
66.211.183.71 - - [08/Apr/2025:11:45:52 +0200] "GET /Jurek/topeshop/downloaded_images/5902838468821_DUOCZER%C5%83BRY%C5%81KAFRONTOT.jpg HTTP/1.1" 404 3551 "http://www.ebay.com/" "Mozilla/4.0 (compatible; MSIE 4.01; Windows NT)"
66.211.183.70 - - [08/Apr/2025:11:45:52 +0200] "GET /Jurek/topeshop/downloaded_images/5902838468821_CZER%C5%83BOKZM.jpg HTTP/1.1" 404 3551 "http://www.ebay.com/" "Mozilla/4.0 (compatible; MSIE 4.01; Windows NT)"
66.211.183.73 - - [08/Apr/2025:11:45:52 +0200] "GET /Jurek/topeshop/downloaded_images/5902838468821_CZER%C5%83FRONTZM.jpg HTTP/1.1" 404 3551 "http://www.ebay.com/" "Mozilla/4.0 (compatible; MSIE 4.01; Windows NT)"
66.211.183.70 - - [08/Apr/2025:11:45:52 +0200] "GET /Jurek/topeshop/downloaded_images/5902838468821_CZER%C5%83FRONTOT.jpg HTTP/1.1" 404 3551 "http://www.ebay.com/" "Mozilla/4.0 (compatible; MSIE 4.01; Windows NT)"
66.211.183.71 - - [08/Apr/2025:11:45:52 +0200] "GET /Jurek/topeshop/downloaded_images/5902838468821_CZER%C5%83BOKOT.jpg HTTP/1.1" 404 3551 "http://www.ebay.com/" "Mozilla/4.0 (compatible; MSIE 4.01; Windows NT)"
66.135.223.41 - - [08/Apr/2025:11:45:53 +0200] "GET /Jurek/topeshop/downloaded_images/5904507209865_Image0007_mini.jpg HTTP/1.1" 404 3551 "-" "Java/17.0.13.0.101"
66.135.223.42 - - [08/Apr/2025:11:45:53 +0200] "GET /Jurek/topeshop/downloaded_images/5904507207649_m2_r%C3%B3%C5%BCowykopia.png HTTP/1.1" 200 413445 "http://www.ebay.com/" "Mozilla/4.0 (compatible; MSIE 4.01; Windows NT)"
66.135.223.41 - - [08/Apr/2025:11:45:53 +0200] "GET /Jurek/topeshop/downloaded_images/5904507207649_20st_m2_r%C3%B3%C5%BCowykopia.png HTTP/1.1" 200 423471 "http://www.ebay.com/" "Mozilla/4.0 (compatible; MSIE 4.01; Windows NT)"
66.135.223.44 - - [08/Apr/2025:11:45:54 +0200] "GET /Jurek/topeshop/downloaded_images/5904507207649_m2_r%C3%B3%C5%BCowYykopia.png HTTP/1.1" 200 1172279 "http://www.ebay.com/" "Mozilla/4.0 (compatible; MSIE 4.01; Windows NT)"
66.135.223.43 - - [08/Apr/2025:11:45:54 +0200] "GET /Jurek/topeshop/downloaded_images/5904507207649_Kopiass90_r%C3%B3%C5%BCowykopia.png HTTP/1.1" 200 1154195 "http://www.ebay.com/" "Mozilla/4.0 (compatible; MSIE 4.01; Windows NT)"
199.101.143.165 - - [08/Apr/2025:11:45:55 +0200] "GET /Jurek/topeshop/downloaded_images/5902838468449_Opal_Artisan_Szafka.jpg HTTP/2.0" 404 3551 "-" "Mozilla/5.0 (X11; Linux x86_64) AppleWebKit/537.36 (KHTML, like Gecko) Chrome/110.0.0.0 Safari/537.36"
34.133.239.145 - - [08/Apr/2025:11:45:55 +0200] "GET /Jurek/topeshop/downloaded_images/5902838468449_20_st.jpg HTTP/1.1" 200 75551 "-" "Mozilla/5.0 (X11; Linux x86_64) AppleWebKit/537.36 (KHTML, like Gecko) Chrome/110.0.0.0 Safari/537.36"
34.133.239.145 - - [08/Apr/2025:11:45:56 +0200] "GET /Jurek/topeshop/downloaded_images/5902838468425_20_st.jpg HTTP/1.1" 200 86910 "-" "Mozilla/5.0 (X11; Linux x86_64) AppleWebKit/537.36 (KHTML, like Gecko) Chrome/110.0.0.0 Safari/537.36"
216.113.184.105 - - [08/Apr/2025:11:45:57 +0200] "GET /Jurek/topeshop/downloaded_images/5902838461105_Kopia_2_20_3_sonoma.jpg HTTP/1.1" 200 130860 "http://www.ebay.com/" "Mozilla/4.0 (compatible; MSIE 4.01; Windows NT)"
216.113.184.105 - - [08/Apr/2025:11:45:57 +0200] "GET /Jurek/topeshop/downloaded_images/5902838461105_m2_sonoma.jpg HTTP/1.1" 200 112562 "http://www.ebay.com/" "Mozilla/4.0 (compatible; MSIE 4.01; Windows NT)"
216.113.184.103 - - [08/Apr/2025:11:45:57 +0200] "GET /Jurek/topeshop/downloaded_images/5902838461105_M2_close_S.jpg HTTP/1.1" 200 90595 "http://www.ebay.com/" "Mozilla/4.0 (compatible; MSIE 4.01; Windows NT)"
216.113.184.102 - - [08/Apr/2025:11:45:57 +0200] "GET /Jurek/topeshop/downloaded_images/5902838461105_M2_open_S.jpg HTTP/1.1" 200 90658 "http://www.ebay.com/" "Mozilla/4.0 (compatible; MSIE 4.01; Windows NT)"
216.113.184.101 - - [08/Apr/2025:11:45:57 +0200] "GET /Jurek/topeshop/downloaded_images/5902838461105_M2_close_2_S.jpg HTTP/1.1" 200 90414 "http://www.ebay.com/" "Mozilla/4.0 (compatible; MSIE 4.01; Windows NT)"
216.113.184.104 - - [08/Apr/2025:11:45:57 +0200] "GET /Jurek/topeshop/downloaded_images/5902838461105_2.png HTTP/1.1" 200 264182 "http://www.ebay.com/" "Mozilla/4.0 (compatible; MSIE 4.01; Windows NT)"
216.113.184.104 - - [08/Apr/2025:11:45:57 +0200] "GET /Jurek/topeshop/downloaded_images/5902838461105_9.png HTTP/1.1" 200 268348 "http://www.ebay.com/" "Mozilla/4.0 (compatible; MSIE 4.01; Windows NT)"
34.133.239.145 - - [08/Apr/2025:11:46:02 +0200] "GET /Jurek/topeshop/downloaded_images/5904507201050_close-front.jpg HTTP/1.1" 200 81308 "-" "Mozilla/5.0 (X11; Linux x86_64) AppleWebKit/537.36 (KHTML, like Gecko) Chrome/110.0.0.0 Safari/537.36"
66.135.223.43 - - [08/Apr/2025:11:46:03 +0200] "GET /Jurek/topeshop/downloaded_images/5904507209193_profilWieDUOKaszmir.jpg HTTP/1.1" 200 23168 "-" "Java/17.0.13.0.101"
34.133.239.145 - - [08/Apr/2025:11:46:03 +0200] "GET /Jurek/topeshop/downloaded_images/5904507201050_open-30.jpg HTTP/1.1" 200 80560 "-" "Mozilla/5.0 (X11; Linux x86_64) AppleWebKit/537.36 (KHTML, like Gecko) Chrome/110.0.0.0 Safari/537.36"
34.133.239.145 - - [08/Apr/2025:11:46:04 +0200] "GET /Jurek/topeshop/downloaded_images/5904507201050_open-front.jpg HTTP/1.1" 200 109735 "-" "Mozilla/5.0 (X11; Linux x86_64) AppleWebKit/537.36 (KHTML, like Gecko) Chrome/110.0.0.0 Safari/537.36"
34.133.239.145 - - [08/Apr/2025:11:46:05 +0200] "GET /Jurek/topeshop/downloaded_images/5904507201050_sonoma_wizualizacja.jpg HTTP/1.1" 200 79025 "-" "Mozilla/5.0 (X11; Linux x86_64) AppleWebKit/537.36 (KHTML, like Gecko) Chrome/110.0.0.0 Safari/537.36"
34.133.239.145 - - [08/Apr/2025:11:46:05 +0200] "GET /Jurek/topeshop/downloaded_images/5904507201050_close-301.jpg HTTP/1.1" 200 84330 "-" "Mozilla/5.0 (X11; Linux x86_64) AppleWebKit/537.36 (KHTML, like Gecko) Chrome/110.0.0.0 Safari/537.36"
66.135.223.43 - - [08/Apr/2025:11:46:09 +0200] "GET /Jurek/topeshop/downloaded_images/5902838461099_1.png HTTP/1.1" 200 53894 "-" "Java/17.0.13.0.101"
66.135.223.42 - - [08/Apr/2025:11:46:09 +0200] "GET /Jurek/topeshop/downloaded_images/5904507201142_Artisan.jpg HTTP/1.1" 200 69922 "http://www.ebay.com/" "Mozilla/4.0 (compatible; MSIE 4.01; Windows NT)"
66.135.223.44 - - [08/Apr/2025:11:46:09 +0200] "GET /Jurek/topeshop/downloaded_images/5904507201142_front-close.jpg HTTP/1.1" 200 112493 "http://www.ebay.com/" "Mozilla/4.0 (compatible; MSIE 4.01; Windows NT)"
66.135.223.41 - - [08/Apr/2025:11:46:09 +0200] "GET /Jurek/topeshop/downloaded_images/5904507201142_open-30.jpg HTTP/1.1" 200 106688 "http://www.ebay.com/" "Mozilla/4.0 (compatible; MSIE 4.01; Windows NT)"
66.135.223.44 - - [08/Apr/2025:11:46:09 +0200] "GET /Jurek/topeshop/downloaded_images/5904507201142_close-30.jpg HTTP/1.1" 200 106758 "http://www.ebay.com/" "Mozilla/4.0 (compatible; MSIE 4.01; Windows NT)"
66.135.223.44 - - [08/Apr/2025:11:46:10 +0200] "GET /Jurek/topeshop/downloaded_images/5904507201142_front-open.jpg HTTP/1.1" 200 115300 "http://www.ebay.com/" "Mozilla/4.0 (compatible; MSIE 4.01; Windows NT)"
66.135.223.40 - - [08/Apr/2025:11:46:11 +0200] "GET /Jurek/topeshop/downloaded_images/5902838460917_bry%C5%82a0012.jpg HTTP/1.1" 200 66209 "http://www.ebay.com/" "Mozilla/4.0 (compatible; MSIE 4.01; Windows NT)"
66.135.223.41 - - [08/Apr/2025:11:46:11 +0200] "GET /Jurek/topeshop/downloaded_images/5902838460917_bry%C5%82a0007.jpg HTTP/1.1" 200 93415 "http://www.ebay.com/" "Mozilla/4.0 (compatible; MSIE 4.01; Windows NT)"
66.135.223.40 - - [08/Apr/2025:11:46:11 +0200] "GET /Jurek/topeshop/downloaded_images/5902838460917_bry%C5%82a0001.jpg HTTP/1.1" 200 75968 "http://www.ebay.com/" "Mozilla/4.0 (compatible; MSIE 4.01; Windows NT)"
216.113.184.104 - - [08/Apr/2025:11:46:12 +0200] "GET /Jurek/topeshop/downloaded_images/5904507201050_close-301.jpg HTTP/1.1" 200 84330 "http://www.ebay.com/" "Mozilla/4.0 (compatible; MSIE 4.01; Windows NT)"
216.113.184.104 - - [08/Apr/2025:11:46:12 +0200] "GET /Jurek/topeshop/downloaded_images/5904507201050_sonoma_wizualizacja.jpg HTTP/1.1" 200 79025 "http://www.ebay.com/" "Mozilla/4.0 (compatible; MSIE 4.01; Windows NT)"
216.113.184.104 - - [08/Apr/2025:11:46:12 +0200] "GET /Jurek/topeshop/downloaded_images/5904507201050_close-front.jpg HTTP/1.1" 200 81308 "http://www.ebay.com/" "Mozilla/4.0 (compatible; MSIE 4.01; Windows NT)"
216.113.184.102 - - [08/Apr/2025:11:46:12 +0200] "GET /Jurek/topeshop/downloaded_images/5904507201050_open-front.jpg HTTP/1.1" 200 109735 "http://www.ebay.com/" "Mozilla/4.0 (compatible; MSIE 4.01; Windows NT)"
216.113.184.103 - - [08/Apr/2025:11:46:12 +0200] "GET /Jurek/topeshop/downloaded_images/5904507201050_open-30.jpg HTTP/1.1" 200 80560 "http://www.ebay.com/" "Mozilla/4.0 (compatible; MSIE 4.01; Windows NT)"
66.135.223.41 - - [08/Apr/2025:11:46:12 +0200] "GET /Jurek/topeshop/downloaded_images/5902838460917_Paual-10001.png HTTP/1.1" 200 916438 "http://www.ebay.com/" "Mozilla/4.0 (compatible; MSIE 4.01; Windows NT)"
66.135.223.40 - - [08/Apr/2025:11:46:12 +0200] "GET /Jurek/topeshop/downloaded_images/5902838460917_Paual-10007.png HTTP/1.1" 200 974424 "http://www.ebay.com/" "Mozilla/4.0 (compatible; MSIE 4.01; Windows NT)"
193.33.8.61 - - [08/Apr/2025:11:46:21 +0200] "GET /Jurek/opisy.html HTTP/2.0" 200 4086 "https://konsola.dkkapusta1997.usermd.net/" "Mozilla/5.0 (Windows NT 10.0; Win64; x64) AppleWebKit/537.36 (KHTML, like Gecko) Chrome/134.0.0.0 Safari/537.36"
66.211.183.73 - - [08/Apr/2025:11:46:22 +0200] "GET /Jurek/topeshop/downloaded_images/5904507209841_Rtv_slim_160_kaszmir(1).jpg HTTP/1.1" 404 3551 "http://www.ebay.com/" "Mozilla/4.0 (compatible; MSIE 4.01; Windows NT)"
66.211.183.70 - - [08/Apr/2025:11:46:22 +0200] "GET /Jurek/topeshop/downloaded_images/5904507209841_RTV160KAMAROKASZMIRSLIMKPL_5.jpg HTTP/1.1" 404 3551 "http://www.ebay.com/" "Mozilla/4.0 (compatible; MSIE 4.01; Windows NT)"
66.211.183.71 - - [08/Apr/2025:11:46:22 +0200] "GET /Jurek/topeshop/downloaded_images/5904507209841_RTV160KAMAROKASZMIRSLIMKPL_4.jpg HTTP/1.1" 404 3551 "http://www.ebay.com/" "Mozilla/4.0 (compatible; MSIE 4.01; Windows NT)"
66.211.183.74 - - [08/Apr/2025:11:46:22 +0200] "GET /Jurek/topeshop/downloaded_images/5904507209841_Rtv_slim_160_kaszmir-(3).jpg HTTP/1.1" 404 3551 "http://www.ebay.com/" "Mozilla/4.0 (compatible; MSIE 4.01; Windows NT)"
66.211.183.74 - - [08/Apr/2025:11:46:22 +0200] "GET /Jurek/topeshop/downloaded_images/5904507209841_RTV160KAMAROKASZMIRSLIMKPL_1.jpg HTTP/1.1" 404 3551 "http://www.ebay.com/" "Mozilla/4.0 (compatible; MSIE 4.01; Windows NT)"
66.211.183.70 - - [08/Apr/2025:11:46:22 +0200] "GET /Jurek/topeshop/downloaded_images/5904507209841_RTV160KAMAROKASZMIRSLIMKPL_3.jpg HTTP/1.1" 404 3551 "http://www.ebay.com/" "Mozilla/4.0 (compatible; MSIE 4.01; Windows NT)"
66.211.183.73 - - [08/Apr/2025:11:46:22 +0200] "GET /Jurek/topeshop/downloaded_images/5904507209841_RTV160KAMAROKASZMIRSLIMKPL_2.jpg HTTP/1.1" 404 3551 "http://www.ebay.com/" "Mozilla/4.0 (compatible; MSIE 4.01; Windows NT)"
66.211.183.72 - - [08/Apr/2025:11:46:22 +0200] "GET /Jurek/topeshop/downloaded_images/5904507209841_Rtv_slim_160_kaszmir-(1).jpg HTTP/1.1" 404 3551 "http://www.ebay.com/" "Mozilla/4.0 (compatible; MSIE 4.01; Windows NT)"
66.211.183.73 - - [08/Apr/2025:11:46:22 +0200] "GET /Jurek/topeshop/downloaded_images/5904507209841_wymiarytv160kamaro.jpg HTTP/1.1" 404 3551 "http://www.ebay.com/" "Mozilla/4.0 (compatible; MSIE 4.01; Windows NT)"
66.211.183.73 - - [08/Apr/2025:11:46:24 +0200] "GET /Jurek/topeshop/downloaded_images/5904507209964_4DKKASZMIR(12).jpg HTTP/1.1" 404 3551 "http://www.ebay.com/" "Mozilla/4.0 (compatible; MSIE 4.01; Windows NT)"
66.211.183.70 - - [08/Apr/2025:11:46:24 +0200] "GET /Jurek/topeshop/downloaded_images/5904507209964_4DKKASZMIR(7).jpg HTTP/1.1" 404 3551 "http://www.ebay.com/" "Mozilla/4.0 (compatible; MSIE 4.01; Windows NT)"
66.211.183.71 - - [08/Apr/2025:11:46:24 +0200] "GET /Jurek/topeshop/downloaded_images/5904507209964_4DKKASZMIR(11).jpg HTTP/1.1" 404 3551 "http://www.ebay.com/" "Mozilla/4.0 (compatible; MSIE 4.01; Windows NT)"
66.211.183.74 - - [08/Apr/2025:11:46:24 +0200] "GET /Jurek/topeshop/downloaded_images/5904507209964_4DKKASZMIR(3).jpg HTTP/1.1" 404 3551 "http://www.ebay.com/" "Mozilla/4.0 (compatible; MSIE 4.01; Windows NT)"
66.211.183.74 - - [08/Apr/2025:11:46:24 +0200] "GET /Jurek/topeshop/downloaded_images/5904507209964_4DKKASZMIR(5).jpg HTTP/1.1" 404 3551 "http://www.ebay.com/" "Mozilla/4.0 (compatible; MSIE 4.01; Windows NT)"
66.211.183.70 - - [08/Apr/2025:11:46:24 +0200] "GET /Jurek/topeshop/downloaded_images/5904507209964_Kaszmir_Witryna2_wymiary.jpg HTTP/1.1" 404 3551 "http://www.ebay.com/" "Mozilla/4.0 (compatible; MSIE 4.01; Windows NT)"
66.211.183.73 - - [08/Apr/2025:11:46:24 +0200] "GET /Jurek/topeshop/downloaded_images/5904507209964_4DKKASZMIR(1).jpg HTTP/1.1" 404 3551 "http://www.ebay.com/" "Mozilla/4.0 (compatible; MSIE 4.01; Windows NT)"
66.211.183.72 - - [08/Apr/2025:11:46:24 +0200] "GET /Jurek/topeshop/downloaded_images/5904507209964_4DKKASZMIR(10).jpg HTTP/1.1" 404 3551 "http://www.ebay.com/" "Mozilla/4.0 (compatible; MSIE 4.01; Windows NT)"
66.211.183.73 - - [08/Apr/2025:11:46:24 +0200] "GET /Jurek/topeshop/downloaded_images/5904507209964_4DKKASZMIR(2).jpg HTTP/1.1" 404 3551 "http://www.ebay.com/" "Mozilla/4.0 (compatible; MSIE 4.01; Windows NT)"
66.211.183.73 - - [08/Apr/2025:11:46:24 +0200] "GET /Jurek/topeshop/downloaded_images/5904507209964_4DKKASZMIR(9).jpg HTTP/1.1" 404 3551 "http://www.ebay.com/" "Mozilla/4.0 (compatible; MSIE 4.01; Windows NT)"
66.211.183.71 - - [08/Apr/2025:11:46:24 +0200] "GET /Jurek/topeshop/downloaded_images/5904507209964_4DKKASZMIR(4).jpg HTTP/1.1" 404 3551 "http://www.ebay.com/" "Mozilla/4.0 (compatible; MSIE 4.01; Windows NT)"
66.211.183.70 - - [08/Apr/2025:11:46:24 +0200] "GET /Jurek/topeshop/downloaded_images/5904507209964_4DKKASZMIR(8).jpg HTTP/1.1" 404 3551 "http://www.ebay.com/" "Mozilla/4.0 (compatible; MSIE 4.01; Windows NT)"
66.135.223.42 - - [08/Apr/2025:11:46:25 +0200] "GET /Jurek/topeshop/downloaded_images/5902838469941_sonoma-2.jpg HTTP/1.1" 200 62307 "-" "Java/17.0.13.0.101"
66.135.223.44 - - [08/Apr/2025:11:46:27 +0200] "GET /Jurek/topeshop/downloaded_images/5904507209889_Image0007_mini.jpg HTTP/1.1" 404 3551 "http://www.ebay.com/" "Mozilla/4.0 (compatible; MSIE 4.01; Windows NT)"
66.135.223.41 - - [08/Apr/2025:11:46:27 +0200] "GET /Jurek/topeshop/downloaded_images/5904507209889_Image0001.jpg HTTP/1.1" 404 3551 "http://www.ebay.com/" "Mozilla/4.0 (compatible; MSIE 4.01; Windows NT)"
66.135.223.41 - - [08/Apr/2025:11:46:27 +0200] "GET /Jurek/topeshop/downloaded_images/5904507209889_21.jpg HTTP/1.1" 404 3551 "http://www.ebay.com/" "Mozilla/4.0 (compatible; MSIE 4.01; Windows NT)"
66.135.223.44 - - [08/Apr/2025:11:46:27 +0200] "GET /Jurek/topeshop/downloaded_images/5904507209889_24.jpg HTTP/1.1" 404 3551 "http://www.ebay.com/" "Mozilla/4.0 (compatible; MSIE 4.01; Windows NT)"
66.135.223.44 - - [08/Apr/2025:11:46:27 +0200] "GET /Jurek/topeshop/downloaded_images/5904507209889_Image0004.jpg HTTP/1.1" 404 3551 "http://www.ebay.com/" "Mozilla/4.0 (compatible; MSIE 4.01; Windows NT)"
66.135.223.40 - - [08/Apr/2025:11:46:28 +0200] "GET /Jurek/topeshop/downloaded_images/5904507209889_1234123(1).jpg HTTP/1.1" 404 3551 "http://www.ebay.com/" "Mozilla/4.0 (compatible; MSIE 4.01; Windows NT)"
66.135.223.40 - - [08/Apr/2025:11:46:28 +0200] "GET /Jurek/topeshop/downloaded_images/5904507209889_Image0008.jpg HTTP/1.1" 404 3551 "http://www.ebay.com/" "Mozilla/4.0 (compatible; MSIE 4.01; Windows NT)"
66.135.223.42 - - [08/Apr/2025:11:46:28 +0200] "GET /Jurek/topeshop/downloaded_images/5904507209889_16.jpg HTTP/1.1" 404 3551 "http://www.ebay.com/" "Mozilla/4.0 (compatible; MSIE 4.01; Windows NT)"
