77.79.248.229 - - [07/Apr/2025:11:44:38 +0200] "GET /Jurek/elavia/feeds/elavia_leroy.xml HTTP/1.1" 200 2497282 "-" "Python-urllib/3.11"
77.79.248.229 - - [07/Apr/2025:11:44:39 +0200] "GET /Jurek/relogy/feeds/relogy_leroy.xml HTTP/1.1" 200 66667489 "-" "Python-urllib/3.11"
77.79.248.229 - - [07/Apr/2025:11:44:39 +0200] "GET /Jurek/hlo/feeds/hlo_leroy.xml HTTP/1.1" 200 4838667 "-" "Python-urllib/3.11"
77.79.248.229 - - [07/Apr/2025:11:44:39 +0200] "GET /Jurek/sternhoff/feeds/sternhoff_leroy.xml HTTP/1.1" 200 1775809 "-" "Python-urllib/3.11"
77.79.248.229 - - [07/Apr/2025:11:44:39 +0200] "GET /Jurek/aiofactory/feeds/aiofactory_leroy.xml HTTP/1.1" 200 2123767 "-" "Python-urllib/3.11"
77.79.248.229 - - [07/Apr/2025:11:44:40 +0200] "GET /Jurek/broers/feeds/broers_leroy.xml HTTP/1.1" 200 1982636 "-" "Python-urllib/3.11"
77.79.248.229 - - [07/Apr/2025:11:44:41 +0200] "GET /Jurek/euroshop/feeds/euroshop_leroy.xml HTTP/1.1" 200 20025504 "-" "Python-urllib/3.11"
77.79.248.229 - - [07/Apr/2025:11:44:41 +0200] "GET /Jurek/jankeski/feeds/jankeski_leroy.xml HTTP/1.1" 200 6571168 "-" "Python-urllib/3.11"
77.79.248.229 - - [07/Apr/2025:11:44:41 +0200] "GET /Jurek/zbimatyja/feeds/zbimatyja_leroy.xml HTTP/1.1" 200 11670172 "-" "Python-urllib/3.11"
77.79.248.229 - - [07/Apr/2025:11:44:42 +0200] "GET /Jurek/cdata/feeds/cdata_leroy.xml HTTP/1.1" 200 1445144 "-" "Python-urllib/3.11"
77.79.248.229 - - [07/Apr/2025:11:44:42 +0200] "GET /Jurek/asortymenteu/feeds/asortymenteu_leroy.xml HTTP/1.1" 200 2752208 "-" "Python-urllib/3.11"
77.79.248.229 - - [07/Apr/2025:11:44:43 +0200] "GET /Jurek/polzoo/feeds/polzoo_leroy.xml HTTP/1.1" 200 48122330 "-" "Python-urllib/3.11"
77.79.248.229 - - [07/Apr/2025:11:44:43 +0200] "GET /Jurek/biokominki/feeds/biokominki_leroy.xml HTTP/1.1" 200 1422255 "-" "Python-urllib/3.11"
77.79.248.229 - - [07/Apr/2025:11:44:43 +0200] "GET /Jurek/newtechele/feeds/newtechele_leroy.xml HTTP/1.1" 200 2438523 "-" "Python-urllib/3.11"
77.79.248.229 - - [07/Apr/2025:11:44:44 +0200] "GET /Jurek/matkam/feeds/matkam_leroy.xml HTTP/1.1" 200 5000724 "-" "Python-urllib/3.11"
77.79.248.229 - - [07/Apr/2025:11:44:44 +0200] "GET /Jurek/cenoman/feeds/cenoman_leroy.xml HTTP/1.1" 200 5993199 "-" "Python-urllib/3.11"
77.79.248.229 - - [07/Apr/2025:11:44:45 +0200] "GET /Jurek/kamar/feeds/kamar_leroy.xml HTTP/1.1" 200 25550333 "-" "Python-urllib/3.11"
77.79.248.229 - - [07/Apr/2025:11:44:45 +0200] "GET /Jurek/avenido/feeds/avenido_leroy.xml HTTP/1.1" 200 720080 "-" "Python-urllib/3.11"
77.79.248.229 - - [07/Apr/2025:11:44:45 +0200] "GET /Jurek/zenex/feeds/zenex_leroy.xml HTTP/1.1" 200 540180 "-" "Python-urllib/3.11"
77.79.248.229 - - [07/Apr/2025:11:44:45 +0200] "GET /Jurek/filmal/feeds/filmal_leroy.xml HTTP/1.1" 200 139280 "-" "Python-urllib/3.11"
77.79.248.229 - - [07/Apr/2025:11:44:45 +0200] "GET /Jurek/makow/feeds/makow_leroy.xml HTTP/1.1" 200 21203814 "-" "Python-urllib/3.11"
77.79.248.229 - - [07/Apr/2025:11:44:45 +0200] "GET /Jurek/szpaklampy/feeds/szpaklampy_leroy.xml HTTP/1.1" 200 388201 "-" "Python-urllib/3.11"
77.79.248.229 - - [07/Apr/2025:11:44:46 +0200] "GET /Jurek/apresto/feeds/apresto_leroy.xml HTTP/1.1" 200 1327675 "-" "Python-urllib/3.11"
77.79.248.229 - - [07/Apr/2025:11:44:46 +0200] "GET /Jurek/nexus/feeds/nexus_leroy.xml HTTP/1.1" 200 226642 "-" "Python-urllib/3.11"
77.79.248.229 - - [07/Apr/2025:11:44:46 +0200] "GET /Jurek/em3/feeds/em3_leroy.xml HTTP/1.1" 200 258915 "-" "Python-urllib/3.11"
77.79.248.229 - - [07/Apr/2025:11:44:46 +0200] "GET /Jurek/mojeledy/feeds/mojeledy_leroy.xml HTTP/1.1" 200 1018437 "-" "Python-urllib/3.11"
77.79.248.229 - - [07/Apr/2025:11:44:46 +0200] "GET /Jurek/carbonyway/feeds/carbonyway_leroy.xml HTTP/1.1" 200 3075990 "-" "Python-urllib/3.11"
77.79.248.229 - - [07/Apr/2025:11:44:46 +0200] "GET /Jurek/kalama/feeds/kalama_leroy.xml HTTP/1.1" 200 2661784 "-" "Python-urllib/3.11"
77.79.248.229 - - [07/Apr/2025:11:44:46 +0200] "GET /Jurek/proadventure/feeds/proadventure_leroy.xml HTTP/1.1" 200 10763584 "-" "Python-urllib/3.11"
77.79.248.229 - - [07/Apr/2025:11:44:47 +0200] "GET /Jurek/sklep24amk/feeds/sklep24amk_leroy.xml HTTP/1.1" 200 3894557 "-" "Python-urllib/3.11"
3.74.7.74 - - [07/Apr/2025:11:44:49 +0200] "GET /Jurek/topeshop/downloaded_images/5902838461860_1.jpg HTTP/2.0" 404 3551 "-" "Mozilla/5.0 (Windows NT 10.0; Win64; x64) AppleWebKit/537.36 (KHTML, like Gecko) Chrome/109.0.0.0 Safari/537.36"
66.249.66.66 - - [07/Apr/2025:11:44:50 +0200] "GET /Jurek/topeshop/downloaded_images/5904507201876_KUBABIURKOARTISAN2.png HTTP/1.1" 404 3551 "-" "Googlebot-Image/1.0"
89.161.206.59 - - [07/Apr/2025:11:45:58 +0200] "GET /Jurek/bass/feeds/bass_amazonfr.xml HTTP/1.0" 200 3984472 "-" "-"
89.161.206.59 - - [07/Apr/2025:11:45:59 +0200] "GET /Jurek/bass/feeds/bass_amazonit.xml HTTP/1.0" 200 3984525 "-" "-"
89.161.206.59 - - [07/Apr/2025:11:45:59 +0200] "GET /Jurek/bass/feeds/bass_amazonnl.xml HTTP/1.0" 200 3984401 "-" "-"
89.161.206.59 - - [07/Apr/2025:11:45:59 +0200] "GET /Jurek/bass/feeds/bass_amazones.xml HTTP/1.0" 200 3984527 "-" "-"
89.161.206.59 - - [07/Apr/2025:11:45:59 +0200] "GET /Jurek/bass/feeds/bass_amazonse.xml HTTP/1.0" 200 3986246 "-" "-"
89.161.206.59 - - [07/Apr/2025:11:46:16 +0200] "GET /Jurek/sportprise/feeds/sportprise_amazonde.xml HTTP/1.0" 200 11782384 "-" "-"
66.249.66.67 - - [07/Apr/2025:11:47:08 +0200] "GET /Jurek/eurofirany/images/390450/10.jpg HTTP/1.1" 200 200134 "-" "Googlebot-Image/1.0"
46.175.227.131 - - [07/Apr/2025:11:48:18 +0200] "GET /Jurek/topeshop/feeds/topeshop_bigbang.xml HTTP/2.0" 200 2598680 "https://konsola.dkkapusta1997.usermd.net/" "Mozilla/5.0 (Windows NT 10.0; Win64; x64) AppleWebKit/537.36 (KHTML, like Gecko) Chrome/134.0.0.0 Safari/537.36"
77.79.248.229 - - [07/Apr/2025:11:48:38 +0200] "GET /Jurek/topeshop/feeds/topeshop_bigbang.xml HTTP/1.1" 200 2598680 "-" "Python-urllib/3.11"
66.249.66.67 - - [07/Apr/2025:11:49:27 +0200] "GET /Jurek/eurofirany/images/383362/5.jpg HTTP/1.1" 200 93129 "-" "Googlebot-Image/1.0"
77.79.248.229 - - [07/Apr/2025:11:50:03 +0200] "GET /Jurek/eurofirany/feeds/eurofirany_allsweet.xml HTTP/1.1" 200 19262666 "-" "Python-urllib/3.11"
77.79.248.229 - - [07/Apr/2025:11:50:05 +0200] "GET /Jurek/ikonka/feeds/ikonka_all_sweet.xml HTTP/1.1" 200 21479412 "-" "Python-urllib/3.11"
77.79.248.229 - - [07/Apr/2025:11:50:05 +0200] "GET /Jurek/stema/feeds/stema_all.xml HTTP/1.1" 200 852027 "-" "Python-urllib/3.11"
77.79.248.229 - - [07/Apr/2025:11:50:06 +0200] "GET /Jurek/eurofirany/feeds/eurofirany_all_cz.xml HTTP/1.1" 200 19277898 "-" "Python-urllib/3.11"
77.79.248.229 - - [07/Apr/2025:11:50:07 +0200] "GET /Jurek/ikonka/feeds/ikonka_all_cz.xml HTTP/1.1" 200 21481287 "-" "Python-urllib/3.11"
77.79.248.229 - - [07/Apr/2025:11:50:07 +0200] "GET /Jurek/stema/feeds/stema_all_cz.xml HTTP/1.1" 200 852454 "-" "Python-urllib/3.11"
77.79.248.229 - - [07/Apr/2025:11:50:08 +0200] "GET /Jurek/eurofirany/feeds/eurofirany_all_sk.xml HTTP/1.1" 200 19257220 "-" "Python-urllib/3.11"
77.79.248.229 - - [07/Apr/2025:11:50:09 +0200] "GET /Jurek/ikonka/feeds/ikonka_all_sk.xml HTTP/1.1" 200 21478733 "-" "Python-urllib/3.11"
77.79.248.229 - - [07/Apr/2025:11:50:09 +0200] "GET /Jurek/stema/feeds/stema_all_sk.xml HTTP/1.1" 200 851743 "-" "Python-urllib/3.11"
46.101.116.244 - - [07/Apr/2025:11:51:35 +0200] "GET /Jurek/aw/feeds/aw_fnacfr.xml HTTP/1.0" 404 3551 "-" "-"
89.161.206.59 - - [07/Apr/2025:11:52:41 +0200] "GET /Jurek/roger/feeds/roger_emagro.xml HTTP/1.0" 200 1396758 "-" "-"
89.161.206.59 - - [07/Apr/2025:11:52:42 +0200] "GET /Jurek/nexus/feeds/nexus_emagro.xml HTTP/1.0" 200 226704 "-" "-"
89.161.206.59 - - [07/Apr/2025:11:52:43 +0200] "GET /Jurek/porzwkablach/feeds/porzwkablach_emag.xml HTTP/1.0" 200 1200416 "-" "-"
89.161.206.59 - - [07/Apr/2025:11:52:43 +0200] "GET /Jurek/galopibhp/feeds/galopibhp_emagro.xml HTTP/1.0" 200 1973721 "-" "-"
89.161.206.59 - - [07/Apr/2025:11:53:53 +0200] "GET /Jurek/waks/feeds/waks_allegro.xml HTTP/1.0" 200 1598638 "-" "-"
89.161.206.59 - - [07/Apr/2025:11:53:53 +0200] "GET /Jurek/drops/feeds/dropsofficecolection_allegro.xml HTTP/1.0" 200 790659 "-" "-"
89.161.206.59 - - [07/Apr/2025:11:53:53 +0200] "GET /Jurek/velinda/feeds/velinda_allegro.xml HTTP/1.0" 200 23437 "-" "-"
89.161.206.59 - - [07/Apr/2025:11:53:53 +0200] "GET /Jurek/galopi/feeds/galopi_allegro.xml HTTP/1.0" 200 2111239 "-" "-"
66.249.66.67 - - [07/Apr/2025:11:54:03 +0200] "GET /Jurek/eurofirany/images/371523/11.jpg HTTP/1.1" 200 112375 "-" "Googlebot-Image/1.0"
46.101.116.244 - - [07/Apr/2025:11:54:10 +0200] "GET /Jurek/action/feeds/action_kaufland.xml HTTP/2.0" 200 59599238 "-" "-"
77.79.248.229 - - [07/Apr/2025:11:54:25 +0200] "GET /Jurek/vidaSI/feeds/vidaSI_bigbang.xml HTTP/1.1" 200 623132868 "-" "Python-urllib/3.11"
46.101.116.244 - - [07/Apr/2025:11:54:27 +0200] "GET /Jurek/andex/feeds/andex_kaufland.xml HTTP/2.0" 200 1954262 "-" "-"
89.161.206.59 - - [07/Apr/2025:11:54:33 +0200] "GET /Jurek/slayo/feeds/slayo_skroutz.xml HTTP/1.0" 200 183615 "-" "-"
46.101.116.244 - - [07/Apr/2025:11:54:39 +0200] "GET /Jurek/aw/feeds/awnarzedzia_kauflandcz.xml HTTP/2.0" 200 90493321 "-" "-"
89.161.206.59 - - [07/Apr/2025:11:54:46 +0200] "GET /Jurek/hurtmeblowy/feeds/hurtmeblowy_skroutz.xml HTTP/1.0" 200 8465273 "-" "-"
46.101.116.244 - - [07/Apr/2025:11:55:00 +0200] "GET /Jurek/b3/feeds/b3_kaufland.xml HTTP/2.0" 200 8015007 "-" "-"
46.101.116.244 - - [07/Apr/2025:11:55:12 +0200] "GET /Jurek/barbecook/feeds/barbecook_kaufland.xml HTTP/2.0" 200 87616 "-" "-"
46.101.116.244 - - [07/Apr/2025:11:55:22 +0200] "GET /Jurek/bass/feeds/bass_kaufland.xml HTTP/2.0" 200 3986635 "-" "-"
89.161.206.59 - - [07/Apr/2025:11:55:29 +0200] "GET /Jurek/b3/feeds/b3_ebayde.xml HTTP/1.0" 200 5815052 "-" "-"
46.101.116.244 - - [07/Apr/2025:11:55:33 +0200] "GET /Jurek/beliani/feeds/beliani_cz_kaufland.xml HTTP/2.0" 200 33982684 "-" "-"
46.101.116.244 - - [07/Apr/2025:11:55:47 +0200] "GET /Jurek/benbaby/feeds/benbaby_kaufland.xml HTTP/2.0" 200 3669737 "-" "-"
89.161.206.59 - - [07/Apr/2025:11:55:50 +0200] "GET /Jurek/madrex/feeds/madrex_skroutz.xml HTTP/1.0" 200 466716 "-" "-"
46.101.116.244 - - [07/Apr/2025:11:55:58 +0200] "GET /Jurek/detian/feeds/detian_kaufland.xml HTTP/2.0" 404 3551 "-" "-"
89.161.206.59 - - [07/Apr/2025:11:56:04 +0200] "GET /Jurek/eurofirany/feeds/eurofirany_skroutz.xml HTTP/1.0" 200 19258478 "-" "-"
89.161.206.59 - - [07/Apr/2025:11:56:05 +0200] "GET /Jurek/kinghoff/feeds/kinghoff_amazon_de.xml HTTP/1.0" 200 15471483 "-" "-"
89.161.206.59 - - [07/Apr/2025:11:56:05 +0200] "GET /Jurek/bass/feeds/bass_amazonde.xml HTTP/1.0" 200 3984438 "-" "-"
46.101.116.244 - - [07/Apr/2025:11:56:08 +0200] "GET /Jurek/emibig/feeds/emibig_kaufland.xml HTTP/2.0" 200 2524105 "-" "-"
178.21.154.6 - - [07/Apr/2025:11:56:12 +0200] "GET /Jurek/eurofirany/images/388728/0.jpg HTTP/1.1" 200 70632 "-" "-"
89.161.206.59 - - [07/Apr/2025:11:56:12 +0200] "GET /Jurek/kambukka/feeds/kambukka_amazonfr.xml HTTP/1.0" 200 1025310 "-" "-"
89.161.206.59 - - [07/Apr/2025:11:56:13 +0200] "GET /Jurek/kambukka/feeds/kambukka_amazonit.xml HTTP/1.0" 200 1025306 "-" "-"
89.161.206.59 - - [07/Apr/2025:11:56:13 +0200] "GET /Jurek/kambukka/feeds/kambukka_amazones.xml HTTP/1.0" 200 1025304 "-" "-"
89.161.206.59 - - [07/Apr/2025:11:56:13 +0200] "GET /Jurek/kambukka/feeds/kambukka_amazonnl.xml HTTP/1.0" 200 1025292 "-" "-"
89.161.206.59 - - [07/Apr/2025:11:56:13 +0200] "GET /Jurek/kambukka/feeds/kambukka_amazonse.xml HTTP/1.0" 200 1025580 "-" "-"
89.161.206.59 - - [07/Apr/2025:11:56:14 +0200] "GET /Jurek/hdwr/feeds/hdwr_amazonse.xml HTTP/1.0" 200 789692 "-" "-"
46.101.116.244 - - [07/Apr/2025:11:56:19 +0200] "GET /Jurek/eurofirany/feeds/eurofirany_kaufland_greatstore.xml HTTP/2.0" 200 19278403 "-" "-"
66.249.66.67 - - [07/Apr/2025:11:56:22 +0200] "GET /Jurek/eurofirany/images/400180/6.jpg HTTP/1.1" 200 93071 "-" "Googlebot-Image/1.0"
46.101.116.244 - - [07/Apr/2025:11:56:32 +0200] "GET /Jurek/fernity/feeds/fernity_kaufland.xml HTTP/2.0" 200 5223801 "-" "-"
46.101.116.244 - - [07/Apr/2025:11:56:55 +0200] "GET /Jurek/hurtownia_przemyslowa/feeds/hp_kaufcz.xml HTTP/2.0" 200 49381157 "-" "-"
89.161.206.59 - - [07/Apr/2025:11:57:25 +0200] "GET /Jurek/snibbs/feeds/snibbs_skroutz.xml HTTP/1.0" 200 74399 "-" "-"
89.161.206.59 - - [07/Apr/2025:11:57:28 +0200] "GET /Jurek/globaldeli/feeds/globaldeli_skroutz.xml HTTP/1.0" 200 2590887 "-" "-"
46.101.116.244 - - [07/Apr/2025:11:57:29 +0200] "GET /Jurek/ikonka/feeds/ikonka_kaufland.xml HTTP/2.0" 200 21481344 "-" "-"
46.101.116.244 - - [07/Apr/2025:11:57:41 +0200] "GET /Jurek/kinghoff/feeds/kinghoff_kaufland.xml HTTP/2.0" 200 15474911 "-" "-"
193.33.8.61 - - [07/Apr/2025:11:57:45 +0200] "GET /Jurek/polzoo/feeds/polzoo_skroutz.xml HTTP/2.0" 200 151878 "https://konsola.dkkapusta1997.usermd.net/" "Mozilla/5.0 (Windows NT 10.0; Win64; x64) AppleWebKit/537.36 (KHTML, like Gecko) Chrome/134.0.0.0 Safari/537.36"
46.101.116.244 - - [07/Apr/2025:11:57:56 +0200] "GET /Jurek/kinghome/feeds/kinghome_kaufland.xml HTTP/2.0" 200 5967664 "-" "-"
66.249.66.66 - - [07/Apr/2025:11:58:23 +0200] "GET /Jurek/eurofirany/images/422324/7.jpg HTTP/1.1" 200 67890 "-" "Googlebot-Image/1.0"
46.101.116.244 - - [07/Apr/2025:11:58:38 +0200] "GET /Jurek/octopia/feeds/octopia_kaufland.xml HTTP/2.0" 200 10116659 "-" "-"
89.161.206.59 - - [07/Apr/2025:11:58:44 +0200] "GET /Jurek/bemipol/feeds/bemipol_skroutz.xml HTTP/1.0" 200 423641 "-" "-"
46.101.116.244 - - [07/Apr/2025:11:58:49 +0200] "GET /Jurek/rovicky/feeds/rovicky_kaufland.xml HTTP/2.0" 200 15047416 "-" "-"
89.161.206.59 - - [07/Apr/2025:11:58:50 +0200] "GET /Jurek/bentivolio/feeds/bentivolio_skr.xml HTTP/1.0" 200 3498096 "-" "-"
18.157.125.26 - - [07/Apr/2025:11:58:59 +0200] "GET /Jurek/topeshop/downloaded_images/5902838468302_2.jpg HTTP/2.0" 404 3551 "-" "Mozilla/5.0 (Windows NT 10.0; Win64; x64) AppleWebKit/537.36 (KHTML, like Gecko) Chrome/109.0.0.0 Safari/537.36"
46.101.116.244 - - [07/Apr/2025:11:59:00 +0200] "GET /Jurek/stema/feeds/stema_kauflandcz.xml HTTP/2.0" 200 852457 "-" "-"
46.101.116.244 - - [07/Apr/2025:11:59:11 +0200] "GET /Jurek/twm/feeds/twm-kaufland.xml HTTP/2.0" 200 2316480 "-" "-"
46.101.116.244 - - [07/Apr/2025:11:59:23 +0200] "GET /Jurek/unimet/feeds/unimet_kaufland.xml HTTP/2.0" 200 60531490 "-" "-"
46.101.116.244 - - [07/Apr/2025:11:59:28 +0200] "GET /Jurek/vivaldi/feeds/vivaldi_kaufland.xml HTTP/2.0" 200 344829 "-" "-"
46.101.116.244 - - [07/Apr/2025:11:59:46 +0200] "GET /Jurek/vidaCZ/feeds/vida_Kaufland.xml HTTP/2.0" 200 665328364 "-" "-"
89.161.206.59 - - [07/Apr/2025:11:59:53 +0200] "GET /Jurek/ekolight/feeds/ekolioght_aliex.xml HTTP/1.0" 200 9052078 "-" "-"
193.33.8.61 - - [07/Apr/2025:12:00:29 +0200] "GET /Jurek/polzoo/output.txt HTTP/2.0" 200 4861 "https://konsola.dkkapusta1997.usermd.net/" "Mozilla/5.0 (Windows NT 10.0; Win64; x64) AppleWebKit/537.36 (KHTML, like Gecko) Chrome/134.0.0.0 Safari/537.36"
52.18.22.0 - - [07/Apr/2025:12:00:45 +0200] "GET /marketplaces/ubaldi/results/ubaldi.csv HTTP/1.1" 200 3360148 "-" "Mirakl HttpClient"
35.204.39.32 - - [07/Apr/2025:12:01:04 +0200] "GET /marketplaces/vente/results/vente_nl.csv HTTP/1.1" 200 2173828 "-" "Mirakl HttpClient"
35.204.39.32 - - [07/Apr/2025:12:01:05 +0200] "GET /marketplaces/vente/results/vente_fr.csv HTTP/1.1" 200 2215078 "-" "Mirakl HttpClient"
35.204.39.32 - - [07/Apr/2025:12:01:05 +0200] "GET /marketplaces/vente/results/vente_be.csv HTTP/1.1" 200 2173837 "-" "Mirakl HttpClient"
35.204.39.32 - - [07/Apr/2025:12:01:06 +0200] "GET /marketplaces/vente/results/vente_it.csv HTTP/1.1" 200 2203423 "-" "Mirakl HttpClient"
35.204.39.32 - - [07/Apr/2025:12:01:06 +0200] "GET /marketplaces/vente/results/vente_es.csv HTTP/1.1" 200 2173223 "-" "Mirakl HttpClient"
46.101.116.244 - - [07/Apr/2025:12:01:07 +0200] "GET /Jurek/action/feeds/action_kauflandsk.xml HTTP/2.0" 200 59557796 "-" "-"
35.204.39.32 - - [07/Apr/2025:12:01:07 +0200] "GET /marketplaces/vente/results/vente_de.csv HTTP/1.1" 200 2173274 "-" "Mirakl HttpClient"
46.101.116.244 - - [07/Apr/2025:12:01:23 +0200] "GET /Jurek/andex/feeds/andex_kauflandsk.xml HTTP/2.0" 200 1953340 "-" "-"
89.161.206.59 - - [07/Apr/2025:12:01:32 +0200] "GET /Jurek/kinghoff/feeds/kinghoff_emaghu.xml HTTP/1.0" 200 15478914 "-" "-"
46.101.116.244 - - [07/Apr/2025:12:01:34 +0200] "GET /Jurek/hurtownia_przemyslowa/feeds/hp_alza.xml HTTP/2.0" 200 49381376 "-" "-"
46.101.116.244 - - [07/Apr/2025:12:01:35 +0200] "GET /Jurek/aw/feeds/awnarzedzia_kauflandsk.xml HTTP/2.0" 200 90372327 "-" "-"
66.249.66.68 - - [07/Apr/2025:12:01:37 +0200] "GET /Jurek/eurofirany/images/390441/3.jpg HTTP/1.1" 200 311350 "-" "Googlebot-Image/1.0"
89.161.206.59 - - [07/Apr/2025:12:01:48 +0200] "GET /Jurek/cbdgreen/feeds/cbdgreen_skroutz.xml HTTP/1.0" 200 30342 "-" "-"
89.161.206.59 - - [07/Apr/2025:12:01:51 +0200] "GET /Jurek/domzapachy/feeds/domzapachy_emagro.xml HTTP/1.0" 200 179806 "-" "-"
46.101.116.244 - - [07/Apr/2025:12:01:56 +0200] "GET /Jurek/b3/feeds/b3_kauflandsk.xml HTTP/2.0" 200 8010301 "-" "-"
89.161.206.59 - - [07/Apr/2025:12:02:00 +0200] "GET /Jurek/pastelnitka/feeds/pastelnitka_zero.xml HTTP/1.0" 200 1827914 "-" "-"
89.161.206.59 - - [07/Apr/2025:12:02:03 +0200] "GET /Jurek/photho/feeds/photho_emagro.xml HTTP/1.0" 200 85046 "-" "-"
89.161.206.59 - - [07/Apr/2025:12:02:05 +0200] "GET /Jurek/princelh/feeds/princelh_emagro.xml HTTP/1.0" 200 133463 "-" "-"
46.101.116.244 - - [07/Apr/2025:12:02:06 +0200] "GET /Jurek/hurtownia_przemyslowa2/feeds/hp_alza.xml HTTP/2.0" 200 48173636 "-" "-"
46.101.116.244 - - [07/Apr/2025:12:02:07 +0200] "GET /Jurek/barbecook/feeds/barbecook_kauflandsk.xml HTTP/2.0" 200 87527 "-" "-"
89.161.206.59 - - [07/Apr/2025:12:02:11 +0200] "GET /Jurek/hanex/feeds/hanex_skroutz.xml HTTP/1.0" 200 13931471 "-" "-"
89.161.206.59 - - [07/Apr/2025:12:02:11 +0200] "GET /Jurek/gandalf/feeds/gandalf_emagro.xml HTTP/1.0" 200 1082346 "-" "-"
89.161.206.59 - - [07/Apr/2025:12:02:12 +0200] "GET /Jurek/zami/feeds/zami_emagro.xml HTTP/1.0" 200 4475626 "-" "-"
88.220.33.218 - - [07/Apr/2025:12:02:17 +0200] "GET /Jurek/vida_morele/feeds/VidaPL_all.xml HTTP/2.0" 200 702716488 "-" "MarketplaceAPI curl/7.64.0 PHP/8"
46.101.116.244 - - [07/Apr/2025:12:02:18 +0200] "GET /Jurek/bass/feeds/bass_kauflandsk.xml HTTP/2.0" 200 3984422 "-" "-"
46.101.116.244 - - [07/Apr/2025:12:02:20 +0200] "GET /Jurek/hurtownia_przemyslowa/feeds/hp_kaufcz.xml HTTP/2.0" 200 49381157 "-" "-"
46.101.116.244 - - [07/Apr/2025:12:02:29 +0200] "GET /Jurek/beliani/feeds/beliani_sk_kaufland.xml HTTP/2.0" 200 34035983 "-" "-"
89.161.206.59 - - [07/Apr/2025:12:02:30 +0200] "GET /Jurek/coppotech/feeds/coppotech_skroutz.xml HTTP/1.0" 200 37865265 "-" "-"
52.18.22.0 - - [07/Apr/2025:12:02:42 +0200] "GET /marketplaces/rue/results/rue.csv HTTP/1.1" 200 7030220 "-" "Mirakl HttpClient"
46.101.116.244 - - [07/Apr/2025:12:02:42 +0200] "GET /Jurek/benbaby/feeds/benbaby_kauflandsk.xml HTTP/2.0" 200 3666803 "-" "-"
46.101.116.244 - - [07/Apr/2025:12:02:53 +0200] "GET /Jurek/detian/feeds/detian_kauflandsk.xml HTTP/2.0" 404 3551 "-" "-"
46.101.116.244 - - [07/Apr/2025:12:03:03 +0200] "GET /Jurek/emibig/feeds/emibig_kauflandsk.xml HTTP/2.0" 200 2522277 "-" "-"
46.101.116.244 - - [07/Apr/2025:12:03:14 +0200] "GET /Jurek/eurofirany/feeds/eurofirany_kaufland_sk.xml HTTP/2.0" 200 19258423 "-" "-"
88.220.33.218 - - [07/Apr/2025:12:03:19 +0200] "GET /Jurek/kinghoff/feeds/kinghoff_morele.xml HTTP/2.0" 200 15472371 "-" "MarketplaceAPI curl/7.64.0 PHP/8"
46.101.116.244 - - [07/Apr/2025:12:03:24 +0200] "GET /Jurek/hurtownia_przemyslowa/feeds/hp_kaufsk.xml HTTP/2.0" 200 49361771 "-" "-"
46.101.116.244 - - [07/Apr/2025:12:03:27 +0200] "GET /Jurek/fernity/feeds/fernity_kauflandsk.xml HTTP/2.0" 200 5219200 "-" "-"
46.101.116.244 - - [07/Apr/2025:12:03:51 +0200] "GET /Jurek/hurtownia_przemyslowa/feeds/hp_kaufsk.xml HTTP/2.0" 200 49361771 "-" "-"
46.101.116.244 - - [07/Apr/2025:12:03:59 +0200] "GET /Jurek/hurtownia_przemyslowa/feeds/hp_kaufde.xml HTTP/2.0" 200 49361060 "-" "-"
46.101.116.244 - - [07/Apr/2025:12:04:26 +0200] "GET /Jurek/ikonka/feeds/ikonka_kauflandsk.xml HTTP/2.0" 200 21478919 "-" "-"
46.101.116.244 - - [07/Apr/2025:12:04:39 +0200] "GET /Jurek/kinghoff/feeds/kinghoff_kauflandsk.xml HTTP/2.0" 200 15471555 "-" "-"
88.220.33.218 - - [07/Apr/2025:12:04:52 +0200] "GET /Jurek/eurofirany/feeds/eurofirany_morele.xml HTTP/2.0" 200 19260067 "-" "MarketplaceAPI curl/7.64.0 PHP/8"
46.101.116.244 - - [07/Apr/2025:12:04:54 +0200] "GET /Jurek/kinghome/feeds/kinghome_kauflandsk.xml HTTP/2.0" 200 5962461 "-" "-"
88.220.33.218 - - [07/Apr/2025:12:04:58 +0200] "GET /Jurek/vivaldi/feeds/vivaldi_Morele-PL.xml HTTP/2.0" 200 344674 "-" "MarketplaceAPI curl/7.64.0 PHP/8"
66.249.66.66 - - [07/Apr/2025:12:05:06 +0200] "GET /Jurek/eurofirany/images/401006/3.jpg HTTP/1.1" 200 112916 "-" "Googlebot-Image/1.0"
89.161.206.59 - - [07/Apr/2025:12:05:20 +0200] "GET /Jurek/elavia/feeds/elavia_skroutz.xml HTTP/1.0" 200 2497285 "-" "-"
89.161.206.59 - - [07/Apr/2025:12:05:27 +0200] "GET /Jurek/aiofactory/feeds/aiofactory_skroutz.xml HTTP/1.0" 200 1876558 "-" "-"
89.161.206.59 - - [07/Apr/2025:12:05:29 +0200] "GET /Jurek/maksik/feeds/maksik_skroutz.xml HTTP/1.0" 200 4084781 "-" "-"
46.101.116.244 - - [07/Apr/2025:12:05:35 +0200] "GET /Jurek/octopia/feeds/octopia_kauflandsk.xml HTTP/2.0" 200 10103788 "-" "-"
89.161.206.59 - - [07/Apr/2025:12:05:42 +0200] "GET /Jurek/smxdesign/feeds/smxdesign_skroutz.xml HTTP/1.0" 200 1829052 "-" "-"
89.161.206.59 - - [07/Apr/2025:12:05:43 +0200] "GET /Jurek/princelh/feeds/princelh_skroutz.xml HTTP/1.0" 200 133438 "-" "-"
89.161.206.59 - - [07/Apr/2025:12:05:45 +0200] "GET /Jurek/proparts/feeds/proparts_skroutz.xml HTTP/1.0" 200 707501 "-" "-"
46.101.116.244 - - [07/Apr/2025:12:05:47 +0200] "GET /Jurek/rovicky/feeds/rovicky_kauflandsk.xml HTTP/2.0" 200 15041961 "-" "-"
89.161.206.59 - - [07/Apr/2025:12:05:52 +0200] "GET /Jurek/kristronik/feeds/kristronik_skroutz.xml HTTP/1.0" 200 691969 "-" "-"
89.161.206.59 - - [07/Apr/2025:12:05:54 +0200] "GET /Jurek/matkam/feeds/matkam_skroutz.xml HTTP/1.0" 200 4425997 "-" "-"
46.101.116.244 - - [07/Apr/2025:12:05:54 +0200] "GET /Jurek/awparts/feeds/awparts_alza.xml HTTP/2.0" 200 142497107 "-" "-"
46.101.116.244 - - [07/Apr/2025:12:05:58 +0200] "GET /Jurek/stema/feeds/stema_kauflandsk.xml HTTP/2.0" 200 851776 "-" "-"
88.220.33.218 - - [07/Apr/2025:12:06:02 +0200] "GET /Jurek/aw/feeds/awnarzedzia_morele.xml HTTP/2.0" 200 90397115 "-" "MarketplaceAPI curl/7.64.0 PHP/8"
46.101.116.244 - - [07/Apr/2025:12:06:09 +0200] "GET /Jurek/twm/feeds/twm-kauflandsk.xml HTTP/2.0" 200 2315506 "-" "-"
46.101.116.244 - - [07/Apr/2025:12:06:20 +0200] "GET /Jurek/unimet/feeds/unimet_kauflandsk.xml HTTP/2.0" 200 60467583 "-" "-"
89.161.206.59 - - [07/Apr/2025:12:06:25 +0200] "GET /Jurek/techrebalina/feeds/techrebalina_skroutz.xml HTTP/1.0" 200 2011175 "-" "-"
89.161.206.59 - - [07/Apr/2025:12:06:26 +0200] "GET /Jurek/techrebal/feeds/techrebal_skroutz.xml HTTP/1.0" 200 1989720 "-" "-"
46.101.116.244 - - [07/Apr/2025:12:06:26 +0200] "GET /Jurek/vivaldi/feeds/vivaldi_kauflandsk.xml HTTP/2.0" 200 344651 "-" "-"
88.220.33.218 - - [07/Apr/2025:12:06:37 +0200] "GET /Jurek/beliani/feeds/beliani_morele.xml HTTP/2.0" 200 31410720 "-" "MarketplaceAPI curl/7.64.0 PHP/8"
46.101.116.244 - - [07/Apr/2025:12:06:45 +0200] "GET /Jurek/vidaSK/feeds/vida_kaufland.xml HTTP/2.0" 200 646321171 "-" "-"
66.249.66.67 - - [07/Apr/2025:12:06:51 +0200] "GET /Jurek/eurofirany/images/396259/2.jpg HTTP/1.1" 200 31198 "-" "Googlebot-Image/1.0"
46.101.116.244 - - [07/Apr/2025:12:07:17 +0200] "GET /Jurek/sportprise/feeds/sportprise_alza.xml HTTP/2.0" 200 12729954 "-" "-"
89.161.206.59 - - [07/Apr/2025:12:07:23 +0200] "GET /Jurek/cenoman/feeds/cenoman_skroutz.xml HTTP/1.0" 200 5993158 "-" "-"
89.161.206.59 - - [07/Apr/2025:12:07:23 +0200] "GET /Jurek/em3/feeds/em3_skroutz.xml HTTP/1.0" 200 258924 "-" "-"
89.161.206.59 - - [07/Apr/2025:12:07:38 +0200] "GET /Jurek/zbimatyja/feeds/zbimatyja_skroutz.xml HTTP/1.0" 200 11670119 "-" "-"
89.161.206.59 - - [07/Apr/2025:12:07:38 +0200] "GET /Jurek/equalo/feeds/equalo_skroutz.xml HTTP/1.0" 200 98004 "-" "-"
89.161.206.59 - - [07/Apr/2025:12:07:38 +0200] "GET /Jurek/regis/feeds/regis_skroutz.xml HTTP/1.0" 200 82734 "-" "-"
89.161.206.59 - - [07/Apr/2025:12:07:39 +0200] "GET /Jurek/lampart/feeds/lampart_skroutz.xml HTTP/1.0" 200 936047 "-" "-"
46.101.116.244 - - [07/Apr/2025:12:07:39 +0200] "GET /Jurek/hurtmeblowy/feeds/hurtmeblowy_kauflandde.xml HTTP/2.0" 200 7523767 "-" "-"
46.101.116.244 - - [07/Apr/2025:12:07:43 +0200] "GET /Jurek/coppotech/feeds/coppotech_alza.xml HTTP/2.0" 200 38071373 "-" "-"
46.101.116.244 - - [07/Apr/2025:12:07:57 +0200] "GET /Jurek/kobi/feeds/kobi_kauflandde.xml HTTP/2.0" 200 942998 "-" "-"
46.101.116.244 - - [07/Apr/2025:12:07:58 +0200] "GET /Jurek/erohurtownia/feeds/erohurtownia_alza.xml HTTP/2.0" 200 22845346 "-" "-"
46.101.116.244 - - [07/Apr/2025:12:08:08 +0200] "GET /Jurek/matkam/feeds/matkam_kauflandde.xml HTTP/2.0" 200 4425476 "-" "-"
46.101.116.244 - - [07/Apr/2025:12:08:15 +0200] "GET /Jurek/euroshop/feeds/euroshop_alza.xml HTTP/2.0" 200 20020993 "-" "-"
88.220.33.218 - - [07/Apr/2025:12:08:16 +0200] "GET /Jurek/vida_morele/feeds/VidaPL_morele.xml HTTP/2.0" 200 702717067 "-" "MarketplaceAPI curl/7.64.0 PHP/8"
46.101.116.244 - - [07/Apr/2025:12:08:19 +0200] "GET /Jurek/action/feeds/action_kauflandde.xml HTTP/2.0" 200 59556990 "-" "-"
46.101.116.244 - - [07/Apr/2025:12:08:27 +0200] "GET /Jurek/najtanszysport/feeds/najtanszysport_alza.xml HTTP/2.0" 200 3982824 "-" "-"
66.249.66.68 - - [07/Apr/2025:12:08:36 +0200] "GET /Jurek/eurofirany/images/396259/3.jpg HTTP/1.1" 200 49981 "-" "Googlebot-Image/1.0"
46.101.116.244 - - [07/Apr/2025:12:08:38 +0200] "GET /Jurek/rider/feeds/rider_alza.xml HTTP/2.0" 200 8166364 "-" "-"
89.161.206.59 - - [07/Apr/2025:12:08:48 +0200] "GET /Jurek/takapara/feeds/takapara_skroutz.xml HTTP/1.0" 200 1342556 "-" "-"
46.101.116.244 - - [07/Apr/2025:12:08:54 +0200] "GET /Jurek/intsell/feeds/intsell_alza.xml HTTP/2.0" 200 342151945 "-" "-"
185.6.76.18 - - [07/Apr/2025:12:08:56 +0200] "GET /marketplaces/skroutz/feeds/shumee.xml HTTP/1.1" 200 418203550 "-" "SkroutzBot v1.0"
89.161.206.59 - - [07/Apr/2025:12:09:10 +0200] "GET /Jurek/rosfix/feeds/rosfix_skroutz.xml HTTP/1.0" 200 34055699 "-" "-"
89.161.206.59 - - [07/Apr/2025:12:09:12 +0200] "GET /Jurek/tsjerzy/feeds/tsjerzy_skr.xml HTTP/1.0" 200 3897737 "-" "-"
89.161.206.59 - - [07/Apr/2025:12:09:27 +0200] "GET /Jurek/sebmart/feeds/sebmart_skr.xml HTTP/1.0" 200 1598768 "-" "-"
66.249.66.67 - - [07/Apr/2025:12:10:21 +0200] "GET /Jurek/eurofirany/images/367116/1.jpg HTTP/1.1" 200 54413 "-" "Googlebot-Image/1.0"
46.101.116.244 - - [07/Apr/2025:12:10:54 +0200] "GET /Jurek/sempler/feeds/sempler_alza.xml HTTP/2.0" 200 6789344 "-" "-"
46.101.116.244 - - [07/Apr/2025:12:11:06 +0200] "GET /Jurek/eroplace/feeds/eroplace_alza.xml HTTP/2.0" 200 52164407 "-" "-"
89.161.206.59 - - [07/Apr/2025:12:11:12 +0200] "GET /Jurek/carbonyway/feeds/carbonyway_amazonde.xml HTTP/1.0" 200 3075953 "-" "-"
46.101.116.244 - - [07/Apr/2025:12:11:19 +0200] "GET /Jurek/mosti/feeds/mosti_alza.xml HTTP/2.0" 200 4629120 "-" "-"
46.101.116.244 - - [07/Apr/2025:12:11:20 +0200] "GET /Jurek/biokominki/feeds/biokomiinki_alza.xml HTTP/2.0" 200 1422347 "-" "-"
46.101.116.244 - - [07/Apr/2025:12:11:29 +0200] "GET /Jurek/aw/feeds/aw_fnacfr.xml HTTP/1.0" 404 3551 "-" "-"
46.101.116.244 - - [07/Apr/2025:12:11:33 +0200] "GET /Jurek/kinghoff/feeds/kinghoff_kauflandde.xml HTTP/2.0" 200 15471418 "-" "-"
89.161.206.59 - - [07/Apr/2025:12:11:35 +0200] "GET /Jurek/techrebal/feeds/techrebal_cdsc.xml HTTP/1.0" 200 1423342 "-" "-"
89.161.206.59 - - [07/Apr/2025:12:11:35 +0200] "GET /Jurek/zbimatyja/feeds/zbimatyja_cdsc.xml HTTP/1.0" 200 11000864 "-" "-"
66.249.66.66 - - [07/Apr/2025:12:11:41 +0200] "GET /Jurek/eurofirany/images/391112/11.jpg HTTP/1.1" 200 6595 "-" "Googlebot-Image/1.0"
46.101.116.244 - - [07/Apr/2025:12:12:02 +0200] "GET /Jurek/vida_morele/feeds/vida_alza.xml HTTP/2.0" 200 702264390 "-" "-"
46.101.116.244 - - [07/Apr/2025:12:12:08 +0200] "GET /Jurek/unimet/feeds/unimet_kauflandde.xml HTTP/2.0" 200 60467029 "-" "-"
178.21.154.6 - - [07/Apr/2025:12:12:29 +0200] "GET /Jurek/eurofirany/images/403002/0.jpg HTTP/1.1" 200 35716 "-" "-"
46.101.116.244 - - [07/Apr/2025:12:14:31 +0200] "GET /Jurek/hurtownia_przemyslowa/feeds/hp_kaufde.xml HTTP/2.0" 200 49361060 "-" "-"
46.101.116.244 - - [07/Apr/2025:12:15:04 +0200] "GET /Jurek/bass/feeds/bass_mallcz.xml HTTP/2.0" 200 3986693 "-" "-"
66.249.66.68 - - [07/Apr/2025:12:15:35 +0200] "GET /Jurek/eurofirany/images/333890/6.jpg HTTP/1.1" 200 100920 "-" "Googlebot-Image/1.0"
46.101.116.244 - - [07/Apr/2025:12:15:38 +0200] "GET /Jurek/slayo/feeds/slayo_mallcz.xml HTTP/2.0" 200 183640 "-" "-"
46.101.116.244 - - [07/Apr/2025:12:15:49 +0200] "GET /Jurek/mosti/feeds/mosti_mallcz.xml HTTP/2.0" 200 4629621 "-" "-"
46.101.116.244 - - [07/Apr/2025:12:15:49 +0200] "GET /Jurek/amzteam/feeds/amzteam_mallcz.xml HTTP/2.0" 200 97916 "-" "-"
46.101.116.244 - - [07/Apr/2025:12:15:50 +0200] "GET /Jurek/artdog/feeds/artdog_mallcz.xml HTTP/2.0" 200 17168118 "-" "-"
46.101.116.244 - - [07/Apr/2025:12:15:53 +0200] "GET /Jurek/swiatecznygoliat/feeds/swiatecznygoliat_mallczsh.xml HTTP/2.0" 200 7057188 "-" "-"
46.101.116.244 - - [07/Apr/2025:12:16:06 +0200] "GET /Jurek/swiatecznygoliat/feeds/swiatecznygoliat_mallcz.xml HTTP/2.0" 200 7057205 "-" "-"
89.161.206.59 - - [07/Apr/2025:12:16:31 +0200] "GET /Jurek/rovato/feeds/rovato_skroutz.xml HTTP/1.0" 200 99166 "-" "-"
66.249.66.66 - - [07/Apr/2025:12:16:34 +0200] "GET /Jurek/topeshop/downloaded_images/5904507201425_2.jpg HTTP/1.1" 404 3551 "-" "Googlebot-Image/1.0"
66.249.66.66 - - [07/Apr/2025:12:16:35 +0200] "GET /Jurek/topeshop/downloaded_images/5904507201425_1.jpg HTTP/1.1" 404 3551 "-" "Googlebot-Image/1.0"
66.249.66.66 - - [07/Apr/2025:12:16:37 +0200] "GET /Jurek/topeshop/downloaded_images/5904507201425_4.jpg HTTP/1.1" 404 3551 "-" "Googlebot-Image/1.0"
66.249.66.66 - - [07/Apr/2025:12:16:37 +0200] "GET /Jurek/topeshop/downloaded_images/5904507201425_3.jpg HTTP/1.1" 404 3551 "-" "Googlebot-Image/1.0"
89.161.206.59 - - [07/Apr/2025:12:16:40 +0200] "GET /Jurek/fertes/feeds/fertes_skr.xml HTTP/1.0" 200 2361735 "-" "-"
46.101.116.244 - - [07/Apr/2025:12:16:56 +0200] "GET /Jurek/topeshop/feeds/topeshop_mallcz.xml HTTP/2.0" 200 2599655 "-" "-"
89.161.206.59 - - [07/Apr/2025:12:17:18 +0200] "GET /Jurek/ikonka/feeds/ikonka_amazonDE.xml HTTP/1.0" 200 21478869 "-" "-"
89.161.206.59 - - [07/Apr/2025:12:17:18 +0200] "GET /Jurek/ikonka/feeds/ikonka_amazonIT.xml HTTP/1.0" 200 21478915 "-" "-"
89.161.206.59 - - [07/Apr/2025:12:17:19 +0200] "GET /Jurek/ikonka/feeds/ikonka_amazonFR.xml HTTP/1.0" 200 21478926 "-" "-"
89.161.206.59 - - [07/Apr/2025:12:17:19 +0200] "GET /Jurek/ikonka/feeds/ikonka_amazonES.xml HTTP/1.0" 200 21478971 "-" "-"
66.249.66.68 - - [07/Apr/2025:12:17:20 +0200] "GET /Jurek/eurofirany/images/405402/3.jpg HTTP/1.1" 200 16503 "-" "Googlebot-Image/1.0"
89.161.206.59 - - [07/Apr/2025:12:17:20 +0200] "GET /Jurek/ikonka/feeds/ikonka_amazonNL.xml HTTP/1.0" 200 21478788 "-" "-"
89.161.206.59 - - [07/Apr/2025:12:17:21 +0200] "GET /Jurek/hurtownia_przemyslowa/feeds/hp_amazonFR.xml HTTP/1.0" 200 49363940 "-" "-"
89.161.206.59 - - [07/Apr/2025:12:17:22 +0200] "GET /Jurek/hurtownia_przemyslowa/feeds/hp_amazonIT.xml HTTP/1.0" 200 49363911 "-" "-"
89.161.206.59 - - [07/Apr/2025:12:17:24 +0200] "GET /Jurek/hurtownia_przemyslowa/feeds/hp_amazonNL.xml HTTP/1.0" 200 49363513 "-" "-"
89.161.206.59 - - [07/Apr/2025:12:17:25 +0200] "GET /Jurek/relogy/feeds/relogy_skroutz.xml HTTP/1.0" 200 66668683 "-" "-"
89.161.206.59 - - [07/Apr/2025:12:17:25 +0200] "GET /Jurek/hurtownia_przemyslowa/feeds/hp_amazonSE.xml HTTP/1.0" 200 49378894 "-" "-"
89.161.206.59 - - [07/Apr/2025:12:17:28 +0200] "GET /Jurek/waks/feeds/waks_amazonde.xml HTTP/1.0" 200 1596552 "-" "-"
89.161.206.59 - - [07/Apr/2025:12:17:28 +0200] "GET /Jurek/waks/feeds/waks_amazonfr.xml HTTP/1.0" 200 1596552 "-" "-"
89.161.206.59 - - [07/Apr/2025:12:17:28 +0200] "GET /Jurek/waks/feeds/waks_amazonit.xml HTTP/1.0" 200 1596552 "-" "-"
89.161.206.59 - - [07/Apr/2025:12:17:28 +0200] "GET /Jurek/waks/feeds/waks_amazones.xml HTTP/1.0" 200 1596552 "-" "-"
89.161.206.59 - - [07/Apr/2025:12:17:29 +0200] "GET /Jurek/waks/feeds/waks_amazonnl.xml HTTP/1.0" 200 1596551 "-" "-"
89.161.206.59 - - [07/Apr/2025:12:17:29 +0200] "GET /Jurek/waks/feeds/waks_amazonse.xml HTTP/1.0" 200 1598639 "-" "-"
89.161.206.59 - - [07/Apr/2025:12:17:29 +0200] "GET /Jurek/sklep24amk/feeds/sklep24amk_skroutz.xml HTTP/1.0" 200 3894595 "-" "-"
89.161.206.59 - - [07/Apr/2025:12:17:29 +0200] "GET /Jurek/wezer/feeds/wezer_skroutz.xml HTTP/1.0" 200 202554 "-" "-"
89.161.206.59 - - [07/Apr/2025:12:17:30 +0200] "GET /Jurek/shiori/feeds/shiori_skroutz.xml HTTP/1.0" 200 453667 "-" "-"
89.161.206.59 - - [07/Apr/2025:12:17:30 +0200] "GET /Jurek/swiatecznygoliat/feeds/swiatecznygoliat_amazonde.xml HTTP/1.0" 200 7054356 "-" "-"
89.161.206.59 - - [07/Apr/2025:12:17:31 +0200] "GET /Jurek/bisanti/feeds/bisanti_skroutz.xml HTTP/1.0" 200 1142281 "-" "-"
89.161.206.59 - - [07/Apr/2025:12:17:39 +0200] "GET /Jurek/hanex/feeds/hanex_amazonde.xml HTTP/1.0" 200 13931523 "-" "-"
89.161.206.59 - - [07/Apr/2025:12:17:39 +0200] "GET /Jurek/playcob/feeds/playcob_amazonde.xml HTTP/1.0" 200 6980251 "-" "-"
89.161.206.59 - - [07/Apr/2025:12:17:40 +0200] "GET /Jurek/kinghoff/feeds/kinghoff_amazonfr.xml HTTP/1.0" 200 15471617 "-" "-"
89.161.206.59 - - [07/Apr/2025:12:17:40 +0200] "GET /Jurek/artdog/feeds/artdog_amazonfr.xml HTTP/1.0" 200 17158575 "-" "-"
89.161.206.59 - - [07/Apr/2025:12:17:40 +0200] "GET /Jurek/artdog/feeds/artdog_amazones.xml HTTP/1.0" 200 17158582 "-" "-"
89.161.206.59 - - [07/Apr/2025:12:17:41 +0200] "GET /Jurek/kinghoff/feeds/kinghoff_amazones.xml HTTP/1.0" 200 15471620 "-" "-"
89.161.206.59 - - [07/Apr/2025:12:17:42 +0200] "GET /Jurek/beautycare/feeds/beautycare_amazonde.xml HTTP/1.0" 200 1181313 "-" "-"
193.33.8.61 - - [07/Apr/2025:12:18:17 +0200] "GET /Jurek/ikonka/output.txt HTTP/2.0" 200 19365 "https://konsola.dkkapusta1997.usermd.net/" "Mozilla/5.0 (Windows NT 10.0; Win64; x64) AppleWebKit/537.36 (KHTML, like Gecko) Chrome/134.0.0.0 Safari/537.36"
66.249.66.68 - - [07/Apr/2025:12:19:05 +0200] "GET /Jurek/eurofirany/images/402867/3.jpg HTTP/1.1" 200 71213 "-" "Googlebot-Image/1.0"
46.101.116.244 - - [07/Apr/2025:12:19:42 +0200] "GET /Jurek/aw/feeds/aw_fnacfr.xml HTTP/1.0" 404 3551 "-" "-"
89.161.206.59 - - [07/Apr/2025:12:19:44 +0200] "GET /Jurek/topeshop/feeds/topeshop_cdsc.xml HTTP/1.0" 200 2614328 "-" "-"
89.161.206.59 - - [07/Apr/2025:12:19:49 +0200] "GET /Jurek/kinghoff/feeds/kinghoff_cdiscount.xml HTTP/1.0" 200 10160095 "-" "-"
89.161.206.59 - - [07/Apr/2025:12:19:49 +0200] "GET /Jurek/broers/feeds/broers_cdsc.xml HTTP/1.0" 200 2303300 "-" "-"
46.101.116.244 - - [07/Apr/2025:12:20:36 +0200] "GET /Jurek/activeshop/feeds/activeshop_mallcz.xml HTTP/2.0" 200 10458901 "-" "-"
66.249.66.66 - - [07/Apr/2025:12:20:50 +0200] "GET /Jurek/eurofirany/images/391481/2.jpg HTTP/1.1" 200 79878 "-" "Googlebot-Image/1.0"
193.33.8.61 - - [07/Apr/2025:12:21:01 +0200] "GET /Jurek/avenido/feeds/avenido_zero.xml HTTP/2.0" 200 720099 "https://konsola.dkkapusta1997.usermd.net/" "Mozilla/5.0 (Windows NT 10.0; Win64; x64) AppleWebKit/537.36 (KHTML, like Gecko) Chrome/134.0.0.0 Safari/537.36"
89.161.206.59 - - [07/Apr/2025:12:21:13 +0200] "GET /Jurek/coppotech/feeds/coppotech_emagro.xml HTTP/1.0" 200 38065682 "-" "-"
89.161.206.59 - - [07/Apr/2025:12:21:16 +0200] "GET /Jurek/techrebalina/feeds/techrebalina_emagro.xml HTTP/1.0" 200 2011288 "-" "-"
89.161.206.59 - - [07/Apr/2025:12:21:21 +0200] "GET /Jurek/bemipol/feeds/bemipol_emagro.xml HTTP/1.0" 200 423681 "-" "-"
89.161.206.59 - - [07/Apr/2025:12:21:21 +0200] "GET /Jurek/apresto/feeds/apresto_emagro.xml HTTP/1.0" 200 1327809 "-" "-"
89.161.206.59 - - [07/Apr/2025:12:21:22 +0200] "GET /Jurek/missionair/feeds/missionair_emagro.xml HTTP/1.0" 200 3155113 "-" "-"
89.161.206.59 - - [07/Apr/2025:12:21:22 +0200] "GET /Jurek/mojeledy/feeds/mojeledy_emagro.xml HTTP/1.0" 200 1018622 "-" "-"
193.33.8.61 - - [07/Apr/2025:12:21:23 +0200] "GET /Jurek/filmal/feeds/filmal_zero.xml HTTP/2.0" 200 139255 "https://konsola.dkkapusta1997.usermd.net/" "Mozilla/5.0 (Windows NT 10.0; Win64; x64) AppleWebKit/537.36 (KHTML, like Gecko) Chrome/134.0.0.0 Safari/537.36"
66.249.66.66 - - [07/Apr/2025:12:24:20 +0200] "GET /Jurek/eurofirany/images/385772/3.jpg HTTP/1.1" 200 75188 "-" "Googlebot-Image/1.0"
46.101.116.244 - - [07/Apr/2025:12:25:21 +0200] "GET /Jurek/chemex/feeds/chemex_empik.xml HTTP/1.0" 200 47822490 "-" "-"
193.33.8.61 - - [07/Apr/2025:12:25:40 +0200] "GET /Jurek/apresto/feeds/apresto_zero.xml HTTP/2.0" 200 1327476 "https://konsola.dkkapusta1997.usermd.net/" "Mozilla/5.0 (Windows NT 10.0; Win64; x64) AppleWebKit/537.36 (KHTML, like Gecko) Chrome/134.0.0.0 Safari/537.36"
46.101.116.244 - - [07/Apr/2025:12:25:59 +0200] "GET /Jurek/action/feeds/action_mallczgs.xml HTTP/2.0" 200 59602040 "-" "-"
193.33.8.61 - - [07/Apr/2025:12:26:18 +0200] "GET /Jurek/avenido/feeds/avenido_zero.xml HTTP/2.0" 304 0 "https://konsola.dkkapusta1997.usermd.net/" "Mozilla/5.0 (Windows NT 10.0; Win64; x64) AppleWebKit/537.36 (KHTML, like Gecko) Chrome/134.0.0.0 Safari/537.36"
46.101.116.244 - - [07/Apr/2025:12:26:33 +0200] "GET /Jurek/b3/feeds/b3_mallczgs.xml HTTP/2.0" 200 8015007 "-" "-"
89.161.206.59 - - [07/Apr/2025:12:26:40 +0200] "GET /Jurek/nonabox/feeds/nonabox_cdsc.xml HTTP/1.0" 200 39042 "-" "-"
46.101.116.244 - - [07/Apr/2025:12:26:48 +0200] "GET /Jurek/benbaby/feeds/benbaby_mallczgs.xml HTTP/2.0" 200 3669633 "-" "-"
46.101.116.244 - - [07/Apr/2025:12:27:00 +0200] "GET /Jurek/emibig/feeds/emibig_mallczgs.xml HTTP/2.0" 200 2489705 "-" "-"
46.101.116.244 - - [07/Apr/2025:12:27:12 +0200] "GET /Jurek/hurtownia_przemyslowa/feeds/hp_mallczgs.xml HTTP/2.0" 200 49381578 "-" "-"
46.101.116.244 - - [07/Apr/2025:12:27:31 +0200] "GET /Jurek/aw/feeds/aw_fnacfr.xml HTTP/1.0" 404 3551 "-" "-"
89.161.206.59 - - [07/Apr/2025:12:27:37 +0200] "GET /Jurek/lampart/feeds/lampart_cdsc.xml HTTP/1.0" 200 1057906 "-" "-"
89.161.206.59 - - [07/Apr/2025:12:27:38 +0200] "GET /Jurek/regis/feeds/regis_cdsc.xml HTTP/1.0" 200 84987 "-" "-"
66.249.66.67 - - [07/Apr/2025:12:27:49 +0200] "GET /Jurek/eurofirany/images/367116/4.jpg HTTP/1.1" 200 116759 "-" "Googlebot-Image/1.0"
89.161.206.59 - - [07/Apr/2025:12:27:58 +0200] "GET /Jurek/stiv/feeds/stiv_cdsc.xml HTTP/1.0" 200 1348010 "-" "-"
89.161.206.59 - - [07/Apr/2025:12:28:57 +0200] "GET /Jurek/waks/feeds/waks_skroutz.xml HTTP/1.0" 200 1596552 "-" "-"
89.161.206.59 - - [07/Apr/2025:12:29:29 +0200] "GET /Jurek/zepnij/feeds/zepnij_skroutz.xml HTTP/1.0" 200 19522544 "-" "-"
89.161.206.59 - - [07/Apr/2025:12:29:30 +0200] "GET /Jurek/emaja24/feeds/emaja24_skroutz.xml HTTP/1.0" 200 5102069 "-" "-"
66.249.66.67 - - [07/Apr/2025:12:29:34 +0200] "GET /Jurek/eurofirany/images/389924/4.jpg HTTP/1.1" 200 210889 "-" "Googlebot-Image/1.0"
89.161.206.59 - - [07/Apr/2025:12:29:41 +0200] "GET /Jurek/purewear/feeds/purewear_skroutz.xml HTTP/1.0" 200 13350738 "-" "-"
89.161.206.59 - - [07/Apr/2025:12:29:42 +0200] "GET /Jurek/gandalf/feeds/gandalf_skr.xml HTTP/1.0" 200 1082263 "-" "-"
193.33.8.61 - - [07/Apr/2025:12:30:29 +0200] "GET /Jurek/kinghoff/feeds/kinghoff_zero.xml HTTP/2.0" 200 15472204 "https://konsola.dkkapusta1997.usermd.net/" "Mozilla/5.0 (Macintosh; Intel Mac OS X 10_15_7) AppleWebKit/537.36 (KHTML, like Gecko) Chrome/134.0.0.0 Safari/537.36"
193.33.8.61 - - [07/Apr/2025:12:30:36 +0200] "GET /favicon.ico HTTP/2.0" 404 3551 "https://dkkapusta1997.usermd.net/Jurek/kinghoff/feeds/kinghoff_zero.xml" "Mozilla/5.0 (Macintosh; Intel Mac OS X 10_15_7) AppleWebKit/537.36 (KHTML, like Gecko) Chrome/134.0.0.0 Safari/537.36"
77.79.248.229 - - [07/Apr/2025:12:30:46 +0200] "GET /Jurek/kinghoff/feeds/kinghoff_zero.xml HTTP/1.1" 200 15472204 "-" "Python-urllib/3.11"
46.101.116.244 - - [07/Apr/2025:12:31:04 +0200] "GET /Jurek/vidaCZ/feeds/vidaGS1gr_cz_Mall.xml HTTP/2.0" 200 665319418 "-" "-"
66.249.66.68 - - [07/Apr/2025:12:31:20 +0200] "GET /Jurek/eurofirany/images/408356/5.jpg HTTP/1.1" 200 193304 "-" "Googlebot-Image/1.0"
193.33.8.61 - - [07/Apr/2025:12:31:26 +0200] "GET /Jurek/nonabox/output.txt HTTP/2.0" 200 8284 "https://konsola.dkkapusta1997.usermd.net/" "Mozilla/5.0 (Windows NT 10.0; Win64; x64) AppleWebKit/537.36 (KHTML, like Gecko) Chrome/134.0.0.0 Safari/537.36"
89.161.206.59 - - [07/Apr/2025:12:31:32 +0200] "GET /Jurek/riko/feeds/riko_aliex.xml HTTP/1.0" 200 3786221 "-" "-"
46.101.116.244 - - [07/Apr/2025:12:32:11 +0200] "GET /Jurek/teamson/feeds/teamson_mallcz.xml HTTP/2.0" 200 1095173 "-" "-"
46.101.116.244 - - [07/Apr/2025:12:32:21 +0200] "GET /Jurek/ml_meble/feeds/ml_meble_mallcz.xml HTTP/2.0" 404 3551 "-" "-"
46.101.116.244 - - [07/Apr/2025:12:32:32 +0200] "GET /Jurek/unimet/feeds/unimet_mallcz.xml HTTP/2.0" 200 60532649 "-" "-"
66.249.66.68 - - [07/Apr/2025:12:33:04 +0200] "GET /Jurek/eurofirany/images/422324/11.jpg HTTP/1.1" 200 598584 "-" "Googlebot-Image/1.0"
46.101.116.244 - - [07/Apr/2025:12:33:05 +0200] "GET /Jurek/beliani/feeds/beliani_cz_mallcz.xml HTTP/2.0" 200 33983597 "-" "-"
89.161.206.59 - - [07/Apr/2025:12:33:36 +0200] "GET /Jurek/zenga/feeds/zenga_emagro.xml HTTP/1.0" 200 222863 "-" "-"
89.161.206.59 - - [07/Apr/2025:12:33:36 +0200] "GET /Jurek/hlo/feeds/hlo_emagro.xml HTTP/1.0" 200 4838786 "-" "-"
46.101.116.244 - - [07/Apr/2025:12:34:20 +0200] "GET /Jurek/rovicky/feeds/rovicky_mallcz.xml HTTP/2.0" 200 15047611 "-" "-"
46.101.116.244 - - [07/Apr/2025:12:34:32 +0200] "GET /Jurek/detian/feeds/detian_mallcz.xml HTTP/2.0" 404 3551 "-" "-"
46.101.116.244 - - [07/Apr/2025:12:34:43 +0200] "GET /Jurek/ikonka/feeds/ikonka_mallcz.xml HTTP/2.0" 200 21483878 "-" "-"
52.18.22.0 - - [07/Apr/2025:12:35:00 +0200] "GET /marketplaces/worten2/results/worten.csv HTTP/1.1" 200 147217 "-" "Mirakl HttpClient"
46.101.116.244 - - [07/Apr/2025:12:35:02 +0200] "GET /Jurek/candellux/feeds/candellux_mallcz.xml HTTP/2.0" 200 466282 "-" "-"
46.101.116.244 - - [07/Apr/2025:12:35:12 +0200] "GET /Jurek/andex/feeds/andex_mallcz.xml HTTP/2.0" 200 1954499 "-" "-"
66.249.66.68 - - [07/Apr/2025:12:35:15 +0200] "GET /Jurek/eurofirany/images/367111/4.jpg HTTP/1.1" 200 116759 "-" "Googlebot-Image/1.0"
46.101.116.244 - - [07/Apr/2025:12:35:24 +0200] "GET /Jurek/barbecook/feeds/barbecook_mallcz.xml HTTP/2.0" 200 87614 "-" "-"
46.101.116.244 - - [07/Apr/2025:12:35:34 +0200] "GET /Jurek/duka/feeds/duka_mallcz.xml HTTP/2.0" 200 57 "-" "-"
46.101.116.244 - - [07/Apr/2025:12:35:44 +0200] "GET /Jurek/miloohome/feeds/miloohome_mallcz.xml HTTP/2.0" 200 1421848 "-" "-"
46.101.116.244 - - [07/Apr/2025:12:35:55 +0200] "GET /Jurek/stema/feeds/stema_mallcz.xml HTTP/2.0" 200 852439 "-" "-"
46.101.116.244 - - [07/Apr/2025:12:36:08 +0200] "GET /Jurek/aw/feeds/awnarzedzia_mallcz.xml HTTP/2.0" 200 90493570 "-" "-"
193.33.8.61 - - [07/Apr/2025:12:37:46 +0200] "GET /Jurek/luxury/feeds/luxury_zero.xml HTTP/2.0" 200 1010001 "https://konsola.dkkapusta1997.usermd.net/" "Mozilla/5.0 (Windows NT 10.0; Win64; x64) AppleWebKit/537.36 (KHTML, like Gecko) Chrome/134.0.0.0 Safari/537.36"
46.101.116.244 - - [07/Apr/2025:12:38:46 +0200] "GET /Jurek/update_twm_on_mall/feeds/twm_all_cats.xml HTTP/1.1" 200 226022 "-" "-"
46.101.116.244 - - [07/Apr/2025:12:39:25 +0200] "GET /Jurek/aw/feeds/aw_fnacfr.xml HTTP/1.0" 404 3551 "-" "-"
66.249.66.66 - - [07/Apr/2025:12:40:03 +0200] "GET /Jurek/eurofirany/images/438725/0.jpg HTTP/1.1" 200 82418 "-" "Googlebot-Image/1.0"
46.101.116.244 - - [07/Apr/2025:12:40:18 +0200] "GET /Jurek/kokiskaCZ/feeds/kokiska_mallcz.xml HTTP/2.0" 200 1484906 "-" "-"
46.101.116.244 - - [07/Apr/2025:12:40:36 +0200] "GET /Jurek/fernity/feeds/fernity_mallcz.xml HTTP/2.0" 200 5223640 "-" "-"
46.101.116.244 - - [07/Apr/2025:12:41:01 +0200] "GET /Jurek/kinghoff/feeds/kinghoff_mallcz.xml HTTP/2.0" 200 15474936 "-" "-"
46.101.116.244 - - [07/Apr/2025:12:41:27 +0200] "GET /Jurek/kinghome/feeds/kinghome_mallcz.xml HTTP/2.0" 200 5948018 "-" "-"
46.101.116.244 - - [07/Apr/2025:12:41:39 +0200] "GET /Jurek/vivaldi/feeds/vivaldi_Mall-cz.xml HTTP/2.0" 200 344839 "-" "-"
66.249.66.66 - - [07/Apr/2025:12:41:48 +0200] "GET /Jurek/eurofirany/images/398405/6.jpg HTTP/1.1" 200 139238 "-" "Googlebot-Image/1.0"
46.101.116.244 - - [07/Apr/2025:12:41:49 +0200] "GET /Jurek/eurofirany/feeds/eurofirany_mall_cz_greatstore.xml HTTP/2.0" 200 19278329 "-" "-"
3.74.7.74 - - [07/Apr/2025:12:42:23 +0200] "GET /Jurek/topeshop/downloaded_images/5904507204303_2.png HTTP/2.0" 200 739705 "-" "Mozilla/5.0 (Windows NT 10.0; Win64; x64) AppleWebKit/537.36 (KHTML, like Gecko) Chrome/109.0.0.0 Safari/537.36"
193.33.8.61 - - [07/Apr/2025:12:42:42 +0200] "GET /Jurek/luxury/output.txt HTTP/2.0" 200 1921 "https://konsola.dkkapusta1997.usermd.net/" "Mozilla/5.0 (Windows NT 10.0; Win64; x64) AppleWebKit/537.36 (KHTML, like Gecko) Chrome/134.0.0.0 Safari/537.36"
193.33.8.61 - - [07/Apr/2025:12:42:50 +0200] "GET /Jurek/luxury/feeds/luxury_bol.xml HTTP/2.0" 200 1010121 "https://konsola.dkkapusta1997.usermd.net/" "Mozilla/5.0 (Windows NT 10.0; Win64; x64) AppleWebKit/537.36 (KHTML, like Gecko) Chrome/134.0.0.0 Safari/537.36"
46.101.116.244 - - [07/Apr/2025:12:43:20 +0200] "GET /Jurek/vida_morele/feeds/vidaPL_greatcz_MD.xml HTTP/2.0" 200 702921778 "-" "-"
66.249.66.66 - - [07/Apr/2025:12:43:33 +0200] "GET /Jurek/eurofirany/images/402858/2.jpg HTTP/1.1" 200 229386 "-" "Googlebot-Image/1.0"
77.79.248.229 - - [07/Apr/2025:12:44:03 +0200] "GET /Jurek/luxury/feeds/luxury_bol.xml HTTP/1.1" 200 1010121 "-" "Python-urllib/3.11"
89.161.206.59 - - [07/Apr/2025:12:44:22 +0200] "GET /Jurek/eurofirany/feeds/eurofirany_manomanofr.xml HTTP/1.0" 200 19258387 "-" "-"
46.101.116.244 - - [07/Apr/2025:12:44:54 +0200] "GET /Jurek/eurofirany/feeds/eurofirany_ceneo.xml HTTP/1.0" 200 19262156 "-" "-"
5.134.208.158 - - [07/Apr/2025:12:44:57 +0200] "GET /Jurek/eurofirany/images/431352/0.jpg HTTP/1.1" 206 256 "https://www.ceneo.pl" "Mozilla/5.0 (Windows NT 10.0; Win64; x64) AppleWebKit/537.36 (KHTML, like Gecko) Chrome/87.0.4280.141 Safari/537.36"
88.220.33.218 - - [07/Apr/2025:12:45:07 +0200] "GET /Jurek/eurofirany/images/467569/0.jpg HTTP/2.0" 200 163540 "-" "-"
66.249.66.67 - - [07/Apr/2025:12:45:18 +0200] "GET /Jurek/eurofirany/images/389918/6.jpg HTTP/1.1" 200 255190 "-" "Googlebot-Image/1.0"
178.21.154.6 - - [07/Apr/2025:12:46:21 +0200] "GET /Jurek/eurofirany/images/382250/0.jpg HTTP/1.1" 200 133518 "-" "-"
84.40.232.234 - - [07/Apr/2025:12:46:48 +0200] "GET /Jurek/sebmart/feeds/sebmart_zero.xml HTTP/2.0" 200 1598591 "https://konsola.dkkapusta1997.usermd.net/" "Mozilla/5.0 (Windows NT 10.0; Win64; x64) AppleWebKit/537.36 (KHTML, like Gecko) Chrome/134.0.0.0 Safari/537.36"
77.79.248.229 - - [07/Apr/2025:12:46:52 +0200] "GET /Jurek/sebmart/feeds/sebmart_zero.xml HTTP/1.1" 200 1598591 "-" "Python-urllib/3.11"
84.40.232.234 - - [07/Apr/2025:12:46:55 +0200] "GET /favicon.ico HTTP/2.0" 404 3551 "https://dkkapusta1997.usermd.net/Jurek/sebmart/feeds/sebmart_zero.xml" "Mozilla/5.0 (Windows NT 10.0; Win64; x64) AppleWebKit/537.36 (KHTML, like Gecko) Chrome/134.0.0.0 Safari/537.36"
66.249.66.67 - - [07/Apr/2025:12:47:03 +0200] "GET /Jurek/eurofirany/images/400235/4.jpg HTTP/1.1" 200 60735 "-" "Googlebot-Image/1.0"
5.134.208.158 - - [07/Apr/2025:12:47:26 +0200] "GET /Jurek/eurofirany/images/438742/0.jpg HTTP/1.1" 206 256 "https://www.ceneo.pl" "Mozilla/5.0 (Windows NT 10.0; Win64; x64) AppleWebKit/537.36 (KHTML, like Gecko) Chrome/87.0.4280.141 Safari/537.36"
89.161.206.59 - - [07/Apr/2025:12:47:38 +0200] "GET /Jurek/reman/feeds/reman_amazonde.xml HTTP/1.0" 200 1394825 "-" "-"
46.101.116.244 - - [07/Apr/2025:12:48:04 +0200] "GET /Jurek/b3/feeds/b3_alza.xml HTTP/2.0" 200 8015274 "-" "-"
46.101.116.244 - - [07/Apr/2025:12:48:09 +0200] "GET /Jurek/octopia/feeds/octopia_mallcz.xml HTTP/2.0" 200 10116778 "-" "-"
46.101.116.244 - - [07/Apr/2025:12:48:30 +0200] "GET /Jurek/action/feeds/action_alza.xml HTTP/2.0" 200 59599654 "-" "-"
46.101.116.244 - - [07/Apr/2025:12:48:44 +0200] "GET /Jurek/flhf/feeds/flhf_mallcz.xml HTTP/2.0" 404 3551 "-" "-"
89.161.206.59 - - [07/Apr/2025:12:48:59 +0200] "GET /Jurek/ikonka/feeds/ikonka_skroutz.xml HTTP/1.0" 200 21481450 "-" "-"
193.33.8.61 - - [07/Apr/2025:12:49:05 +0200] "GET /Jurek/nonabox/feeds/nonabox_piguEX.xml HTTP/2.0" 200 33867 "https://konsola.dkkapusta1997.usermd.net/" "Mozilla/5.0 (Windows NT 10.0; Win64; x64) AppleWebKit/537.36 (KHTML, like Gecko) Chrome/134.0.0.0 Safari/537.36"
193.33.8.61 - - [07/Apr/2025:12:49:08 +0200] "GET /Jurek/nonabox/feeds/nonabox_piguFIEX.xml HTTP/2.0" 200 33867 "https://konsola.dkkapusta1997.usermd.net/" "Mozilla/5.0 (Windows NT 10.0; Win64; x64) AppleWebKit/537.36 (KHTML, like Gecko) Chrome/134.0.0.0 Safari/537.36"
46.101.116.244 - - [07/Apr/2025:12:49:14 +0200] "GET /Jurek/livinhill/feeds/livinhill_mallcz.xml HTTP/2.0" 200 1469861 "-" "-"
46.101.116.244 - - [07/Apr/2025:12:49:34 +0200] "GET /Jurek/vidaCZ/feeds/vida_mallcz.xml HTTP/2.0" 200 665310773 "-" "-"
46.101.116.244 - - [07/Apr/2025:12:49:42 +0200] "GET /Jurek/kokiska/feeds/kokiska_allegro.xml HTTP/1.0" 200 11804739 "-" "-"
46.101.116.244 - - [07/Apr/2025:12:49:48 +0200] "GET /Jurek/vivaldi/feeds/vivaldi_allegro.xml HTTP/1.0" 200 344685 "-" "-"
193.33.8.61 - - [07/Apr/2025:12:49:51 +0200] "GET /Jurek/eurofirany/images/404516/0.jpg HTTP/2.0" 200 42336 "https://www.ebay.pl/" "Mozilla/5.0 (Windows NT 10.0; Win64; x64) AppleWebKit/537.36 (KHTML, like Gecko) Chrome/135.0.0.0 Safari/537.36"
193.33.8.61 - - [07/Apr/2025:12:49:51 +0200] "GET /Jurek/eurofirany/images/404521/0.jpg HTTP/2.0" 200 64334 "https://www.ebay.pl/" "Mozilla/5.0 (Windows NT 10.0; Win64; x64) AppleWebKit/537.36 (KHTML, like Gecko) Chrome/135.0.0.0 Safari/537.36"
