51.77.52.107 - - [01/Apr/2025:08:38:41 +0200] "GET /Jurek/eurofirany/images/408376/0.jpg HTTP/2.0" 200 131365 "-" "-"
51.77.52.107 - - [01/Apr/2025:08:38:58 +0200] "GET /Jurek/eurofirany/images/378350/0.jpg HTTP/2.0" 200 165499 "-" "-"
66.249.64.165 - - [01/Apr/2025:08:39:05 +0200] "GET /Jurek/eurofirany/images/398813/1.jpg HTTP/1.1" 200 58141 "-" "Googlebot-Image/1.0"
51.77.52.107 - - [01/Apr/2025:08:39:05 +0200] "GET /Jurek/eurofirany/images/419475/0.jpg HTTP/2.0" 200 6595 "-" "-"
51.77.52.107 - - [01/Apr/2025:08:39:06 +0200] "GET /Jurek/eurofirany/images/432709/0.jpg HTTP/2.0" 200 34960 "-" "-"
77.79.248.229 - - [01/Apr/2025:08:39:08 +0200] "GET /Jurek/aw/feeds/awnarzedzia_zero.xml HTTP/1.1" 200 90191970 "-" "Python-urllib/3.11"
193.33.8.61 - - [01/Apr/2025:08:39:19 +0200] "GET /Jurek/aw/feeds/awnarzedzia_zero.xml HTTP/2.0" 200 90191970 "https://konsola.dkkapusta1997.usermd.net/" "Mozilla/5.0 (Windows NT 10.0; Win64; x64) AppleWebKit/537.36 (KHTML, like Gecko) Chrome/134.0.0.0 Safari/537.36"
51.77.52.107 - - [01/Apr/2025:08:39:25 +0200] "GET /Jurek/eurofirany/images/432718/0.jpg HTTP/2.0" 200 39850 "-" "-"
193.33.8.61 - - [01/Apr/2025:08:39:30 +0200] "GET /Jurek/filmal/output.txt HTTP/2.0" 200 7840 "https://konsola.dkkapusta1997.usermd.net/" "Mozilla/5.0 (Windows NT 10.0; Win64; x64) AppleWebKit/537.36 (KHTML, like Gecko) Chrome/134.0.0.0 Safari/537.36"
51.77.52.107 - - [01/Apr/2025:08:39:39 +0200] "GET /Jurek/eurofirany/images/432723/0.jpg HTTP/2.0" 200 40163 "-" "-"
51.77.52.107 - - [01/Apr/2025:08:39:55 +0200] "GET /Jurek/eurofirany/images/463391/0.jpg HTTP/2.0" 200 115824 "-" "-"
51.77.52.107 - - [01/Apr/2025:08:40:01 +0200] "GET /Jurek/eurofirany/images/459330/0.jpg HTTP/2.0" 200 91812 "-" "-"
193.33.8.61 - - [01/Apr/2025:08:40:09 +0200] "GET /Jurek/filmal/feeds/filmal_cdsc.xml HTTP/2.0" 200 105880 "https://konsola.dkkapusta1997.usermd.net/" "Mozilla/5.0 (Windows NT 10.0; Win64; x64) AppleWebKit/537.36 (KHTML, like Gecko) Chrome/134.0.0.0 Safari/537.36"
51.77.52.107 - - [01/Apr/2025:08:40:18 +0200] "GET /Jurek/eurofirany/images/459331/0.jpg HTTP/2.0" 200 91812 "-" "-"
51.77.52.107 - - [01/Apr/2025:08:40:31 +0200] "GET /Jurek/eurofirany/images/432122/0.jpg HTTP/2.0" 200 64302 "-" "-"
51.77.52.107 - - [01/Apr/2025:08:40:46 +0200] "GET /Jurek/eurofirany/images/439427/0.jpg HTTP/2.0" 200 88197 "-" "-"
193.33.8.61 - - [01/Apr/2025:08:40:46 +0200] "GET /Jurek/zenex/feeds/zenex_cdsc.xml HTTP/2.0" 200 540180 "https://konsola.dkkapusta1997.usermd.net/" "Mozilla/5.0 (Windows NT 10.0; Win64; x64) AppleWebKit/537.36 (KHTML, like Gecko) Chrome/134.0.0.0 Safari/537.36"
77.79.248.229 - - [01/Apr/2025:08:40:52 +0200] "GET /Jurek/zenex/feeds/zenex_cdsc.xml HTTP/1.1" 200 540180 "-" "Python-urllib/3.11"
51.77.52.107 - - [01/Apr/2025:08:41:04 +0200] "GET /Jurek/eurofirany/images/463851/0.jpg HTTP/2.0" 200 80489 "-" "-"
51.77.52.107 - - [01/Apr/2025:08:41:20 +0200] "GET /Jurek/eurofirany/images/464055/0.jpg HTTP/2.0" 200 77983 "-" "-"
46.101.116.244 - - [01/Apr/2025:08:41:28 +0200] "GET /Jurek/aw/feeds/aw_fnacfr.xml HTTP/1.0" 404 3551 "-" "-"
51.77.52.107 - - [01/Apr/2025:08:41:28 +0200] "GET /Jurek/eurofirany/images/463996/0.jpg HTTP/2.0" 200 85424 "-" "-"
51.77.52.107 - - [01/Apr/2025:08:41:34 +0200] "GET /Jurek/eurofirany/images/464000/0.jpg HTTP/2.0" 200 102354 "-" "-"
66.249.64.167 - - [01/Apr/2025:08:41:36 +0200] "GET /Jurek/eurofirany/images/409912/5.jpg HTTP/1.1" 200 6595 "-" "Googlebot-Image/1.0"
51.77.52.107 - - [01/Apr/2025:08:41:40 +0200] "GET /Jurek/eurofirany/images/464010/0.jpg HTTP/2.0" 200 100806 "-" "-"
51.77.52.107 - - [01/Apr/2025:08:42:02 +0200] "GET /Jurek/eurofirany/images/464027/0.jpg HTTP/2.0" 200 40278 "-" "-"
66.249.64.165 - - [01/Apr/2025:08:42:21 +0200] "GET /Jurek/eurofirany/images/371523/2.jpg HTTP/1.1" 200 104318 "-" "Googlebot-Image/1.0"
51.77.52.107 - - [01/Apr/2025:08:42:24 +0200] "GET /Jurek/eurofirany/images/464030/0.jpg HTTP/2.0" 200 51340 "-" "-"
51.77.52.107 - - [01/Apr/2025:08:42:42 +0200] "GET /Jurek/eurofirany/images/464046/0.jpg HTTP/2.0" 200 49144 "-" "-"
51.77.52.107 - - [01/Apr/2025:08:43:00 +0200] "GET /Jurek/eurofirany/images/464049/0.jpg HTTP/2.0" 200 50102 "-" "-"
51.77.52.107 - - [01/Apr/2025:08:43:15 +0200] "GET /Jurek/eurofirany/images/464050/0.jpg HTTP/2.0" 200 67173 "-" "-"
51.77.52.107 - - [01/Apr/2025:08:43:31 +0200] "GET /Jurek/eurofirany/images/464054/0.jpg HTTP/2.0" 200 48395 "-" "-"
51.77.52.107 - - [01/Apr/2025:08:43:51 +0200] "GET /Jurek/eurofirany/images/419800/0.jpg HTTP/2.0" 200 6595 "-" "-"
51.77.52.107 - - [01/Apr/2025:08:43:52 +0200] "GET /Jurek/eurofirany/images/393517/0.jpg HTTP/2.0" 200 121162 "-" "-"
51.77.52.107 - - [01/Apr/2025:08:43:58 +0200] "GET /Jurek/eurofirany/images/457977/0.jpg HTTP/2.0" 200 88104 "-" "-"
51.77.52.107 - - [01/Apr/2025:08:44:03 +0200] "GET /Jurek/eurofirany/images/457981/0.jpg HTTP/2.0" 200 100820 "-" "-"
193.33.8.61 - - [01/Apr/2025:08:44:18 +0200] "GET /Jurek/fertes/feeds/fertes_cdsc.xml HTTP/2.0" 200 2361738 "https://konsola.dkkapusta1997.usermd.net/" "Mozilla/5.0 (Windows NT 10.0; Win64; x64) AppleWebKit/537.36 (KHTML, like Gecko) Chrome/134.0.0.0 Safari/537.36"
77.79.248.229 - - [01/Apr/2025:08:44:22 +0200] "GET /Jurek/fertes/feeds/fertes_cdsc.xml HTTP/1.1" 200 2361738 "-" "Python-urllib/3.11"
51.77.52.107 - - [01/Apr/2025:08:44:26 +0200] "GET /Jurek/eurofirany/images/458098/0.jpg HTTP/2.0" 200 112634 "-" "-"
51.77.52.107 - - [01/Apr/2025:08:45:08 +0200] "GET /Jurek/eurofirany/images/459327/0.jpg HTTP/2.0" 200 135803 "-" "-"
51.77.52.107 - - [01/Apr/2025:08:45:22 +0200] "GET /Jurek/eurofirany/images/463740/0.jpg HTTP/2.0" 200 46539 "-" "-"
51.77.52.107 - - [01/Apr/2025:08:45:28 +0200] "GET /Jurek/eurofirany/images/463811/0.jpg HTTP/2.0" 200 73006 "-" "-"
51.77.52.107 - - [01/Apr/2025:08:45:33 +0200] "GET /Jurek/eurofirany/images/463815/0.jpg HTTP/2.0" 200 75095 "-" "-"
51.77.52.107 - - [01/Apr/2025:08:45:51 +0200] "GET /Jurek/eurofirany/images/463817/0.jpg HTTP/2.0" 200 72254 "-" "-"
46.101.116.244 - - [01/Apr/2025:08:46:05 +0200] "GET /Jurek/aw/feeds/aw_fnacfr.xml HTTP/1.0" 404 3551 "-" "-"
51.77.52.107 - - [01/Apr/2025:08:46:08 +0200] "GET /Jurek/eurofirany/images/463834/0.jpg HTTP/2.0" 200 85547 "-" "-"
51.77.52.107 - - [01/Apr/2025:08:46:12 +0200] "GET /Jurek/eurofirany/images/463800/0.jpg HTTP/2.0" 200 64041 "-" "-"
66.249.64.165 - - [01/Apr/2025:08:46:39 +0200] "GET /Jurek/eurofirany/images/374446/1.jpg HTTP/1.1" 200 96441 "-" "Googlebot-Image/1.0"
51.77.52.107 - - [01/Apr/2025:08:47:00 +0200] "GET /Jurek/eurofirany/images/463839/0.jpg HTTP/2.0" 200 86104 "-" "-"
5.134.208.158 - - [01/Apr/2025:08:47:08 +0200] "GET /Jurek/eurofirany/images/460181/0.jpg HTTP/1.1" 206 256 "https://www.ceneo.pl" "Mozilla/5.0 (Windows NT 10.0; Win64; x64) AppleWebKit/537.36 (KHTML, like Gecko) Chrome/87.0.4280.141 Safari/537.36"
51.77.52.107 - - [01/Apr/2025:08:47:17 +0200] "GET /Jurek/eurofirany/images/463901/0.jpg HTTP/2.0" 200 55122 "-" "-"
51.77.52.107 - - [01/Apr/2025:08:47:32 +0200] "GET /Jurek/eurofirany/images/463903/0.jpg HTTP/2.0" 200 52791 "-" "-"
51.77.52.107 - - [01/Apr/2025:08:47:37 +0200] "GET /Jurek/eurofirany/images/463905/0.jpg HTTP/2.0" 200 58304 "-" "-"
66.249.64.166 - - [01/Apr/2025:08:47:45 +0200] "GET /Jurek/eurofirany/images/397147/5.jpg HTTP/1.1" 200 6595 "-" "Googlebot-Image/1.0"
51.77.52.107 - - [01/Apr/2025:08:47:49 +0200] "GET /Jurek/eurofirany/images/463908/0.jpg HTTP/2.0" 200 58410 "-" "-"
51.77.52.107 - - [01/Apr/2025:08:48:07 +0200] "GET /Jurek/eurofirany/images/463938/0.jpg HTTP/2.0" 200 52904 "-" "-"
66.249.64.165 - - [01/Apr/2025:08:48:10 +0200] "GET /Jurek/eurofirany/images/390030/5.jpg HTTP/1.1" 200 188973 "-" "Googlebot-Image/1.0"
51.77.52.107 - - [01/Apr/2025:08:48:12 +0200] "GET /Jurek/eurofirany/images/463940/0.jpg HTTP/2.0" 200 55943 "-" "-"
51.77.52.107 - - [01/Apr/2025:08:48:16 +0200] "GET /Jurek/eurofirany/images/461564/0.jpg HTTP/2.0" 200 77328 "-" "-"
51.77.52.107 - - [01/Apr/2025:08:48:33 +0200] "GET /Jurek/eurofirany/images/448312/0.jpg HTTP/2.0" 200 33 "-" "-"
51.77.52.107 - - [01/Apr/2025:08:48:34 +0200] "GET /Jurek/eurofirany/images/452481/0.jpg HTTP/2.0" 200 89041 "-" "-"
51.77.52.107 - - [01/Apr/2025:08:48:51 +0200] "GET /Jurek/eurofirany/images/419761/0.jpg HTTP/2.0" 200 6595 "-" "-"
51.77.52.107 - - [01/Apr/2025:08:48:51 +0200] "GET /Jurek/eurofirany/images/419780/0.jpg HTTP/2.0" 200 69652 "-" "-"
51.77.52.107 - - [01/Apr/2025:08:49:07 +0200] "GET /Jurek/eurofirany/images/416884/0.jpg HTTP/2.0" 200 6595 "-" "-"
51.77.52.107 - - [01/Apr/2025:08:49:08 +0200] "GET /Jurek/eurofirany/images/416886/0.jpg HTTP/2.0" 200 6595 "-" "-"
51.77.52.107 - - [01/Apr/2025:08:49:09 +0200] "GET /Jurek/eurofirany/images/416887/0.jpg HTTP/2.0" 200 6595 "-" "-"
51.77.52.107 - - [01/Apr/2025:08:49:09 +0200] "GET /Jurek/eurofirany/images/416889/0.jpg HTTP/2.0" 200 6595 "-" "-"
51.77.52.107 - - [01/Apr/2025:08:49:11 +0200] "GET /Jurek/eurofirany/images/416890/0.jpg HTTP/2.0" 200 6595 "-" "-"
51.77.52.107 - - [01/Apr/2025:08:49:12 +0200] "GET /Jurek/eurofirany/images/416891/0.jpg HTTP/2.0" 200 6595 "-" "-"
51.77.52.107 - - [01/Apr/2025:08:49:13 +0200] "GET /Jurek/eurofirany/images/416892/0.jpg HTTP/2.0" 200 6595 "-" "-"
51.77.52.107 - - [01/Apr/2025:08:49:13 +0200] "GET /Jurek/eurofirany/images/416893/0.jpg HTTP/2.0" 200 6595 "-" "-"
51.77.52.107 - - [01/Apr/2025:08:49:14 +0200] "GET /Jurek/eurofirany/images/416894/0.jpg HTTP/2.0" 200 6595 "-" "-"
51.77.52.107 - - [01/Apr/2025:08:49:15 +0200] "GET /Jurek/eurofirany/images/420711/0.jpg HTTP/2.0" 200 18173 "-" "-"
51.77.52.107 - - [01/Apr/2025:08:49:26 +0200] "GET /Jurek/eurofirany/images/420714/0.jpg HTTP/2.0" 200 18173 "-" "-"
51.77.52.107 - - [01/Apr/2025:08:49:32 +0200] "GET /Jurek/eurofirany/images/420748/0.jpg HTTP/2.0" 200 42727 "-" "-"
51.77.52.107 - - [01/Apr/2025:08:49:47 +0200] "GET /Jurek/eurofirany/images/420750/0.jpg HTTP/2.0" 200 42727 "-" "-"
51.77.52.107 - - [01/Apr/2025:08:50:00 +0200] "GET /Jurek/eurofirany/images/398644/0.jpg HTTP/2.0" 200 75777 "-" "-"
51.77.52.107 - - [01/Apr/2025:08:50:16 +0200] "GET /Jurek/eurofirany/images/398664/0.jpg HTTP/2.0" 200 61968 "-" "-"
51.77.52.107 - - [01/Apr/2025:08:50:32 +0200] "GET /Jurek/eurofirany/images/429833/0.jpg HTTP/2.0" 200 114938 "-" "-"
51.77.52.107 - - [01/Apr/2025:08:50:45 +0200] "GET /Jurek/eurofirany/images/456009/0.jpg HTTP/2.0" 200 87883 "-" "-"
51.77.52.107 - - [01/Apr/2025:08:50:58 +0200] "GET /Jurek/eurofirany/images/463384/0.jpg HTTP/2.0" 200 153957 "-" "-"
51.77.52.107 - - [01/Apr/2025:08:51:02 +0200] "GET /Jurek/eurofirany/images/349804/0.jpg HTTP/2.0" 200 70678 "-" "-"
51.77.52.107 - - [01/Apr/2025:08:51:21 +0200] "GET /Jurek/eurofirany/images/426304/0.jpg HTTP/2.0" 200 6625 "-" "-"
51.77.52.107 - - [01/Apr/2025:08:51:22 +0200] "GET /Jurek/eurofirany/images/350432/0.jpg HTTP/2.0" 200 62541 "-" "-"
46.101.116.244 - - [01/Apr/2025:08:51:30 +0200] "GET /Jurek/aw/feeds/aw_fnacfr.xml HTTP/1.0" 404 3551 "-" "-"
51.77.52.107 - - [01/Apr/2025:08:51:40 +0200] "GET /Jurek/eurofirany/images/353305/0.jpg HTTP/2.0" 200 71154 "-" "-"
51.77.52.107 - - [01/Apr/2025:08:51:53 +0200] "GET /Jurek/eurofirany/images/367886/0.jpg HTTP/2.0" 200 56233 "-" "-"
51.77.52.107 - - [01/Apr/2025:08:52:11 +0200] "GET /Jurek/eurofirany/images/383353/0.jpg HTTP/2.0" 200 79685 "-" "-"
51.77.52.107 - - [01/Apr/2025:08:52:30 +0200] "GET /Jurek/eurofirany/images/315107/0.jpg HTTP/2.0" 200 72009 "-" "-"
51.77.52.107 - - [01/Apr/2025:08:52:43 +0200] "GET /Jurek/eurofirany/images/390381/0.jpg HTTP/2.0" 200 155819 "-" "-"
51.77.52.107 - - [01/Apr/2025:08:52:48 +0200] "GET /Jurek/eurofirany/images/390382/0.jpg HTTP/2.0" 200 155819 "-" "-"
51.77.52.107 - - [01/Apr/2025:08:52:55 +0200] "GET /Jurek/eurofirany/images/454872/0.jpg HTTP/2.0" 200 74450 "-" "-"
51.77.52.107 - - [01/Apr/2025:08:53:01 +0200] "GET /Jurek/eurofirany/images/454873/0.jpg HTTP/2.0" 200 73110 "-" "-"
51.77.52.107 - - [01/Apr/2025:08:53:08 +0200] "GET /Jurek/eurofirany/images/454877/0.jpg HTTP/2.0" 200 58201 "-" "-"
51.77.52.107 - - [01/Apr/2025:08:53:21 +0200] "GET /Jurek/eurofirany/images/453947/0.jpg HTTP/2.0" 200 34687 "-" "-"
51.77.52.107 - - [01/Apr/2025:08:53:34 +0200] "GET /Jurek/eurofirany/images/455186/0.jpg HTTP/2.0" 200 189862 "-" "-"
51.77.52.107 - - [01/Apr/2025:08:53:58 +0200] "GET /Jurek/eurofirany/images/455192/0.jpg HTTP/2.0" 200 168651 "-" "-"
51.77.52.107 - - [01/Apr/2025:08:54:16 +0200] "GET /Jurek/eurofirany/images/455193/0.jpg HTTP/2.0" 200 168651 "-" "-"
51.77.52.107 - - [01/Apr/2025:08:54:32 +0200] "GET /Jurek/eurofirany/images/455194/0.jpg HTTP/2.0" 200 168651 "-" "-"
51.77.52.107 - - [01/Apr/2025:08:54:46 +0200] "GET /Jurek/eurofirany/images/455595/0.jpg HTTP/2.0" 200 161425 "-" "-"
51.77.52.107 - - [01/Apr/2025:08:55:01 +0200] "GET /Jurek/eurofirany/images/455596/0.jpg HTTP/2.0" 200 161425 "-" "-"
51.77.52.107 - - [01/Apr/2025:08:55:07 +0200] "GET /Jurek/eurofirany/images/455597/0.jpg HTTP/2.0" 200 161425 "-" "-"
193.33.8.61 - - [01/Apr/2025:08:55:19 +0200] "GET /Jurek/pagmil/feeds/pagmil_cdsc.xml HTTP/2.0" 200 1133298 "https://konsola.dkkapusta1997.usermd.net/" "Mozilla/5.0 (Windows NT 10.0; Win64; x64) AppleWebKit/537.36 (KHTML, like Gecko) Chrome/134.0.0.0 Safari/537.36"
51.77.52.107 - - [01/Apr/2025:08:55:22 +0200] "GET /Jurek/eurofirany/images/455598/0.jpg HTTP/2.0" 200 182384 "-" "-"
77.79.248.229 - - [01/Apr/2025:08:55:24 +0200] "GET /Jurek/pagmil/feeds/pagmil_cdsc.xml HTTP/1.1" 200 1133298 "-" "Python-urllib/3.11"
51.77.52.107 - - [01/Apr/2025:08:55:28 +0200] "GET /Jurek/eurofirany/images/455600/0.jpg HTTP/2.0" 200 182384 "-" "-"
51.77.52.107 - - [01/Apr/2025:08:55:49 +0200] "GET /Jurek/eurofirany/images/455601/0.jpg HTTP/2.0" 200 175654 "-" "-"
89.161.206.59 - - [01/Apr/2025:08:55:49 +0200] "GET /Jurek/b3/feeds/b3_ebayde.xml HTTP/1.0" 200 5696114 "-" "-"
51.77.52.107 - - [01/Apr/2025:08:55:57 +0200] "GET /Jurek/eurofirany/images/455607/0.jpg HTTP/2.0" 200 175654 "-" "-"
51.77.52.107 - - [01/Apr/2025:08:56:12 +0200] "GET /Jurek/eurofirany/images/455608/0.jpg HTTP/2.0" 200 175654 "-" "-"
46.101.116.244 - - [01/Apr/2025:08:56:15 +0200] "GET /Jurek/aw/feeds/aw_fnacfr.xml HTTP/1.0" 404 3551 "-" "-"
51.77.52.107 - - [01/Apr/2025:08:56:18 +0200] "GET /Jurek/eurofirany/images/455620/0.jpg HTTP/2.0" 200 138617 "-" "-"
5.134.208.158 - - [01/Apr/2025:08:56:21 +0200] "GET /Jurek/eurofirany/images/452610/0.jpg HTTP/1.1" 206 256 "https://www.ceneo.pl" "Mozilla/5.0 (Windows NT 10.0; Win64; x64) AppleWebKit/537.36 (KHTML, like Gecko) Chrome/87.0.4280.141 Safari/537.36"
51.77.52.107 - - [01/Apr/2025:08:56:47 +0200] "GET /Jurek/eurofirany/images/455622/0.jpg HTTP/2.0" 200 120219 "-" "-"
51.77.52.107 - - [01/Apr/2025:08:57:08 +0200] "GET /Jurek/eurofirany/images/455623/0.jpg HTTP/2.0" 200 120219 "-" "-"
89.161.206.59 - - [01/Apr/2025:08:57:22 +0200] "GET /Jurek/hlo/feeds/hlo_skroutz.xml HTTP/1.0" 200 4838658 "-" "-"
51.77.52.107 - - [01/Apr/2025:08:57:23 +0200] "GET /Jurek/eurofirany/images/455624/0.jpg HTTP/2.0" 200 120219 "-" "-"
51.77.52.107 - - [01/Apr/2025:08:57:36 +0200] "GET /Jurek/eurofirany/images/455654/0.jpg HTTP/2.0" 200 181658 "-" "-"
51.77.52.107 - - [01/Apr/2025:08:57:47 +0200] "GET /Jurek/eurofirany/images/455657/0.jpg HTTP/2.0" 200 170343 "-" "-"
89.161.206.59 - - [01/Apr/2025:08:57:50 +0200] "GET /Jurek/rovato/feeds/rovato_skroutz.xml HTTP/1.0" 200 180833 "-" "-"
89.161.206.59 - - [01/Apr/2025:08:57:51 +0200] "GET /Jurek/snibbs/feeds/snibbs_skroutz.xml HTTP/1.0" 200 74387 "-" "-"
51.77.52.107 - - [01/Apr/2025:08:58:01 +0200] "GET /Jurek/eurofirany/images/456194/0.jpg HTTP/2.0" 200 48569 "-" "-"
89.161.206.59 - - [01/Apr/2025:08:58:06 +0200] "GET /Jurek/globaldeli/feeds/globaldeli_skroutz.xml HTTP/1.0" 200 2590887 "-" "-"
51.77.52.107 - - [01/Apr/2025:08:58:16 +0200] "GET /Jurek/eurofirany/images/456195/0.jpg HTTP/2.0" 200 52105 "-" "-"
89.161.206.59 - - [01/Apr/2025:08:58:20 +0200] "GET /Jurek/rosfix/feeds/rosfix_skroutz.xml HTTP/1.0" 200 35769643 "-" "-"
51.77.52.107 - - [01/Apr/2025:08:58:29 +0200] "GET /Jurek/eurofirany/images/456196/0.jpg HTTP/2.0" 200 69984 "-" "-"
51.77.52.107 - - [01/Apr/2025:08:58:42 +0200] "GET /Jurek/eurofirany/images/456202/0.jpg HTTP/2.0" 200 36636 "-" "-"
51.77.52.107 - - [01/Apr/2025:08:59:02 +0200] "GET /Jurek/eurofirany/images/453799/0.jpg HTTP/2.0" 200 47356 "-" "-"
51.77.52.107 - - [01/Apr/2025:08:59:07 +0200] "GET /Jurek/eurofirany/images/453800/0.jpg HTTP/2.0" 200 48691 "-" "-"
51.77.52.107 - - [01/Apr/2025:08:59:18 +0200] "GET /Jurek/eurofirany/images/453806/0.jpg HTTP/2.0" 200 85346 "-" "-"
89.161.206.59 - - [01/Apr/2025:08:59:30 +0200] "GET /Jurek/purewear/feeds/purewear_skroutz.xml HTTP/1.0" 200 13351326 "-" "-"
51.77.52.107 - - [01/Apr/2025:08:59:36 +0200] "GET /Jurek/eurofirany/images/453672/0.jpg HTTP/2.0" 200 63355 "-" "-"
51.77.52.107 - - [01/Apr/2025:08:59:40 +0200] "GET /Jurek/eurofirany/images/463222/0.jpg HTTP/2.0" 200 150310 "-" "-"
51.77.52.107 - - [01/Apr/2025:08:59:53 +0200] "GET /Jurek/eurofirany/images/438765/0.jpg HTTP/2.0" 200 109730 "-" "-"
51.77.52.107 - - [01/Apr/2025:09:00:08 +0200] "GET /Jurek/eurofirany/images/440471/0.jpg HTTP/2.0" 200 33 "-" "-"
51.77.52.107 - - [01/Apr/2025:09:00:09 +0200] "GET /Jurek/eurofirany/images/461405/0.jpg HTTP/2.0" 200 145807 "-" "-"
89.161.206.59 - - [01/Apr/2025:09:00:21 +0200] "GET /Jurek/bentivolio/feeds/bentivolio_skr.xml HTTP/1.0" 200 3498240 "-" "-"
51.77.52.107 - - [01/Apr/2025:09:00:28 +0200] "GET /Jurek/eurofirany/images/461990/0.jpg HTTP/2.0" 200 98046 "-" "-"
85.14.86.141 - - [01/Apr/2025:09:00:33 +0200] "GET /Jurek/vida_morele/feeds/VidaPL_all.xml HTTP/2.0" 200 703248585 "-" "MarketplaceAPI curl/7.64.0 PHP/8"
52.17.80.36 - - [01/Apr/2025:09:00:43 +0200] "GET /marketplaces/ubaldi/results/ubaldi.csv HTTP/1.1" 200 147219 "-" "Mirakl HttpClient"
51.77.52.107 - - [01/Apr/2025:09:00:44 +0200] "GET /Jurek/eurofirany/images/460175/0.jpg HTTP/2.0" 200 105917 "-" "-"
51.77.52.107 - - [01/Apr/2025:09:00:58 +0200] "GET /Jurek/eurofirany/images/458681/0.jpg HTTP/2.0" 200 134794 "-" "-"
193.33.8.61 - - [01/Apr/2025:09:00:59 +0200] "GET /Jurek/playcob/feeds/playcob_cdsc.xml HTTP/2.0" 200 6624617 "https://konsola.dkkapusta1997.usermd.net/" "Mozilla/5.0 (Windows NT 10.0; Win64; x64) AppleWebKit/537.36 (KHTML, like Gecko) Chrome/134.0.0.0 Safari/537.36"
77.79.248.229 - - [01/Apr/2025:09:01:00 +0200] "GET /Jurek/playcob/feeds/playcob_cdsc.xml HTTP/1.1" 200 6624617 "-" "Python-urllib/3.11"
35.204.39.32 - - [01/Apr/2025:09:01:12 +0200] "GET /marketplaces/vente/results/vente_nl.csv HTTP/1.1" 200 147219 "-" "Mirakl HttpClient"
35.204.39.32 - - [01/Apr/2025:09:01:12 +0200] "GET /marketplaces/vente/results/vente_fr.csv HTTP/1.1" 200 147219 "-" "Mirakl HttpClient"
35.204.39.32 - - [01/Apr/2025:09:01:12 +0200] "GET /marketplaces/vente/results/vente_be.csv HTTP/1.1" 200 147219 "-" "Mirakl HttpClient"
35.204.39.32 - - [01/Apr/2025:09:01:12 +0200] "GET /marketplaces/vente/results/vente_it.csv HTTP/1.1" 200 163603 "-" "Mirakl HttpClient"
35.204.39.32 - - [01/Apr/2025:09:01:12 +0200] "GET /marketplaces/vente/results/vente_es.csv HTTP/1.1" 200 163603 "-" "Mirakl HttpClient"
35.204.39.32 - - [01/Apr/2025:09:01:12 +0200] "GET /marketplaces/vente/results/vente_de.csv HTTP/1.1" 200 147219 "-" "Mirakl HttpClient"
51.77.52.107 - - [01/Apr/2025:09:01:15 +0200] "GET /Jurek/eurofirany/images/458686/0.jpg HTTP/2.0" 200 131311 "-" "-"
51.77.52.107 - - [01/Apr/2025:09:01:31 +0200] "GET /Jurek/eurofirany/images/458687/0.jpg HTTP/2.0" 200 139933 "-" "-"
51.77.52.107 - - [01/Apr/2025:09:01:48 +0200] "GET /Jurek/eurofirany/images/458705/0.jpg HTTP/2.0" 200 113419 "-" "-"
52.18.22.0 - - [01/Apr/2025:09:01:58 +0200] "GET /marketplaces/rue/results/rue.csv HTTP/1.1" 200 147219 "-" "Mirakl HttpClient"
51.77.52.107 - - [01/Apr/2025:09:02:02 +0200] "GET /Jurek/eurofirany/images/458727/0.jpg HTTP/2.0" 200 128500 "-" "-"
46.101.116.244 - - [01/Apr/2025:09:02:06 +0200] "GET /Jurek/eurofirany/feeds/eurofirany_ceneo.xml HTTP/1.0" 200 19308362 "-" "-"
46.101.116.244 - - [01/Apr/2025:09:02:06 +0200] "GET /Jurek/aw/feeds/aw_fnacfr.xml HTTP/1.0" 404 3551 "-" "-"
51.77.52.107 - - [01/Apr/2025:09:02:27 +0200] "GET /Jurek/eurofirany/images/456037/0.jpg HTTP/2.0" 200 43235 "-" "-"
85.14.86.141 - - [01/Apr/2025:09:02:30 +0200] "GET /Jurek/kinghoff/feeds/kinghoff_morele.xml HTTP/2.0" 200 15493719 "-" "MarketplaceAPI curl/7.64.0 PHP/8"
51.77.52.107 - - [01/Apr/2025:09:02:40 +0200] "GET /Jurek/eurofirany/images/456039/0.jpg HTTP/2.0" 200 48292 "-" "-"
89.161.206.59 - - [01/Apr/2025:09:02:56 +0200] "GET /Jurek/kinghoff/feeds/kinghoff_emaghu.xml HTTP/1.0" 200 15500358 "-" "-"
51.77.52.107 - - [01/Apr/2025:09:03:00 +0200] "GET /Jurek/eurofirany/images/455720/0.jpg HTTP/2.0" 200 37861 "-" "-"
89.161.206.59 - - [01/Apr/2025:09:03:01 +0200] "GET /Jurek/broers/feeds/broers_aliex.xml HTTP/1.0" 200 1983003 "-" "-"
89.161.206.59 - - [01/Apr/2025:09:03:12 +0200] "GET /Jurek/waks/feeds/waks_emagro.xml HTTP/1.0" 200 1598638 "-" "-"
89.161.206.59 - - [01/Apr/2025:09:03:16 +0200] "GET /Jurek/fertone/feeds/fertone_emagro.xml HTTP/1.0" 200 561263 "-" "-"
51.77.52.107 - - [01/Apr/2025:09:03:16 +0200] "GET /Jurek/eurofirany/images/455721/0.jpg HTTP/2.0" 200 31629 "-" "-"
89.161.206.59 - - [01/Apr/2025:09:03:24 +0200] "GET /Jurek/domzapachy/feeds/domzapachy_emagro.xml HTTP/1.0" 200 179806 "-" "-"
51.77.52.107 - - [01/Apr/2025:09:03:38 +0200] "GET /Jurek/eurofirany/images/455731/0.jpg HTTP/2.0" 200 27644 "-" "-"
46.101.116.244 - - [01/Apr/2025:09:03:39 +0200] "GET /Jurek/vida_morele/feeds/vidaPL_velomarket.xml HTTP/1.0" 200 703253635 "-" "-"
89.161.206.59 - - [01/Apr/2025:09:03:39 +0200] "GET /Jurek/pastelnitka/feeds/pastelnitka_zero.xml HTTP/1.0" 200 1827914 "-" "-"
51.77.52.107 - - [01/Apr/2025:09:03:43 +0200] "GET /Jurek/eurofirany/images/455732/0.jpg HTTP/2.0" 200 27920 "-" "-"
89.161.206.59 - - [01/Apr/2025:09:03:43 +0200] "GET /Jurek/zenga/feeds/zenga_emagro.xml HTTP/1.0" 200 222863 "-" "-"
89.161.206.59 - - [01/Apr/2025:09:03:44 +0200] "GET /Jurek/photho/feeds/photho_emagro.xml HTTP/1.0" 200 85056 "-" "-"
89.161.206.59 - - [01/Apr/2025:09:03:46 +0200] "GET /Jurek/oknobest/feeds/oknobest_emagro.xml HTTP/1.0" 200 2708196 "-" "-"
89.161.206.59 - - [01/Apr/2025:09:03:46 +0200] "GET /Jurek/princelh/feeds/princelh_emagro.xml HTTP/1.0" 200 133463 "-" "-"
89.161.206.59 - - [01/Apr/2025:09:03:49 +0200] "GET /Jurek/takapara/feeds/takapara_emagro.xml HTTP/1.0" 200 1343356 "-" "-"
85.14.86.141 - - [01/Apr/2025:09:03:58 +0200] "GET /Jurek/eurofirany/feeds/eurofirany_morele.xml HTTP/2.0" 200 19306272 "-" "MarketplaceAPI curl/7.64.0 PHP/8"
51.77.52.107 - - [01/Apr/2025:09:03:58 +0200] "GET /Jurek/eurofirany/images/455733/0.jpg HTTP/2.0" 200 27671 "-" "-"
51.77.52.107 - - [01/Apr/2025:09:04:14 +0200] "GET /Jurek/eurofirany/images/456041/0.jpg HTTP/2.0" 200 75291 "-" "-"
46.101.116.244 - - [01/Apr/2025:09:04:16 +0200] "GET /Jurek/hurtownia_przemyslowa/feeds/hp_alza.xml HTTP/2.0" 200 49381864 "-" "-"
85.14.86.141 - - [01/Apr/2025:09:04:17 +0200] "GET /Jurek/vivaldi/feeds/vivaldi_Morele-PL.xml HTTP/2.0" 200 344674 "-" "MarketplaceAPI curl/7.64.0 PHP/8"
51.77.52.107 - - [01/Apr/2025:09:04:27 +0200] "GET /Jurek/eurofirany/images/456042/0.jpg HTTP/2.0" 200 88220 "-" "-"
51.77.52.107 - - [01/Apr/2025:09:04:47 +0200] "GET /Jurek/eurofirany/images/456052/0.jpg HTTP/2.0" 200 80771 "-" "-"
51.77.52.107 - - [01/Apr/2025:09:04:54 +0200] "GET /Jurek/eurofirany/images/462018/0.jpg HTTP/2.0" 200 154101 "-" "-"
51.77.52.107 - - [01/Apr/2025:09:05:15 +0200] "GET /Jurek/eurofirany/images/462019/0.jpg HTTP/2.0" 200 145523 "-" "-"
85.14.86.141 - - [01/Apr/2025:09:05:17 +0200] "GET /Jurek/aw/feeds/awnarzedzia_morele.xml HTTP/2.0" 200 90227747 "-" "MarketplaceAPI curl/7.64.0 PHP/8"
51.77.52.107 - - [01/Apr/2025:09:05:20 +0200] "GET /Jurek/eurofirany/images/462021/0.jpg HTTP/2.0" 200 154449 "-" "-"
85.14.86.141 - - [01/Apr/2025:09:05:20 +0200] "GET /Jurek/vida_morele/feeds/VidaPL_morele.xml HTTP/2.0" 200 703249765 "-" "MarketplaceAPI curl/7.64.0 PHP/8"
51.77.52.107 - - [01/Apr/2025:09:05:38 +0200] "GET /Jurek/eurofirany/images/420728/0.jpg HTTP/2.0" 200 32429 "-" "-"
51.77.52.107 - - [01/Apr/2025:09:05:50 +0200] "GET /Jurek/eurofirany/images/420738/0.jpg HTTP/2.0" 200 28577 "-" "-"
85.14.86.141 - - [01/Apr/2025:09:05:59 +0200] "GET /Jurek/beliani/feeds/beliani_morele.xml HTTP/2.0" 200 31522570 "-" "MarketplaceAPI curl/7.64.0 PHP/8"
51.77.52.107 - - [01/Apr/2025:09:06:03 +0200] "GET /Jurek/eurofirany/images/435573/0.jpg HTTP/2.0" 200 59614 "-" "-"
51.77.52.107 - - [01/Apr/2025:09:06:18 +0200] "GET /Jurek/eurofirany/images/435575/0.jpg HTTP/2.0" 200 60662 "-" "-"
51.77.52.107 - - [01/Apr/2025:09:06:28 +0200] "GET /Jurek/eurofirany/images/435578/0.jpg HTTP/2.0" 200 103753 "-" "-"
51.77.52.107 - - [01/Apr/2025:09:06:43 +0200] "GET /Jurek/eurofirany/images/435597/0.jpg HTTP/2.0" 200 99073 "-" "-"
51.77.52.107 - - [01/Apr/2025:09:07:04 +0200] "GET /Jurek/eurofirany/images/440414/0.jpg HTTP/2.0" 200 133580 "-" "-"
51.77.52.107 - - [01/Apr/2025:09:07:20 +0200] "GET /Jurek/eurofirany/images/455658/0.jpg HTTP/2.0" 200 97073 "-" "-"
51.77.52.107 - - [01/Apr/2025:09:07:33 +0200] "GET /Jurek/eurofirany/images/40892/0.jpg HTTP/2.0" 200 209941 "-" "-"
51.77.52.107 - - [01/Apr/2025:09:07:47 +0200] "GET /Jurek/eurofirany/images/459793/0.jpg HTTP/2.0" 200 173107 "-" "-"
51.77.52.107 - - [01/Apr/2025:09:08:05 +0200] "GET /Jurek/eurofirany/images/452134/0.jpg HTTP/2.0" 200 98972 "-" "-"
3.126.202.245 - - [01/Apr/2025:09:08:10 +0200] "GET /Jurek/topeshop/downloaded_images/5902838461389_S40SONOMABRY%C5%81KABOKZM.jpg HTTP/2.0" 404 3551 "-" "Mozilla/5.0 (Windows NT 10.0; Win64; x64) AppleWebKit/537.36 (KHTML, like Gecko) Chrome/109.0.0.0 Safari/537.36"
18.157.125.26 - - [01/Apr/2025:09:08:10 +0200] "GET /Jurek/topeshop/downloaded_images/5902838461266_2.png HTTP/2.0" 404 3551 "-" "Mozilla/5.0 (Windows NT 10.0; Win64; x64) AppleWebKit/537.36 (KHTML, like Gecko) Chrome/109.0.0.0 Safari/537.36"
51.77.52.107 - - [01/Apr/2025:09:08:25 +0200] "GET /Jurek/eurofirany/images/452136/0.jpg HTTP/2.0" 200 101967 "-" "-"
3.126.202.245 - - [01/Apr/2025:09:08:29 +0200] "GET /Jurek/topeshop/downloaded_images/5902838460306_2.jpg HTTP/2.0" 404 3551 "-" "Mozilla/5.0 (Windows NT 10.0; Win64; x64) AppleWebKit/537.36 (KHTML, like Gecko) Chrome/109.0.0.0 Safari/537.36"
18.157.125.26 - - [01/Apr/2025:09:08:29 +0200] "GET /Jurek/topeshop/downloaded_images/5904507205737_2modo_C_1_0002.jpg HTTP/2.0" 200 88037 "-" "Mozilla/5.0 (Windows NT 10.0; Win64; x64) AppleWebKit/537.36 (KHTML, like Gecko) Chrome/109.0.0.0 Safari/537.36"
3.74.7.74 - - [01/Apr/2025:09:08:29 +0200] "GET /Jurek/topeshop/downloaded_images/5902838468050_2.jpg HTTP/2.0" 404 3551 "-" "Mozilla/5.0 (Windows NT 10.0; Win64; x64) AppleWebKit/537.36 (KHTML, like Gecko) Chrome/109.0.0.0 Safari/537.36"
3.74.7.74 - - [01/Apr/2025:09:08:29 +0200] "GET /Jurek/topeshop/downloaded_images/5902838460689_4.jpg HTTP/2.0" 404 3551 "-" "Mozilla/5.0 (Windows NT 10.0; Win64; x64) AppleWebKit/537.36 (KHTML, like Gecko) Chrome/109.0.0.0 Safari/537.36"
18.157.125.26 - - [01/Apr/2025:09:08:29 +0200] "GET /Jurek/topeshop/downloaded_images/5902838460085_1.png HTTP/2.0" 404 3551 "-" "Mozilla/5.0 (Windows NT 10.0; Win64; x64) AppleWebKit/537.36 (KHTML, like Gecko) Chrome/109.0.0.0 Safari/537.36"
185.6.76.18 - - [01/Apr/2025:09:08:41 +0200] "GET /marketplaces/skroutz/feeds/shumee.xml HTTP/1.1" 200 420303045 "-" "SkroutzBot v1.0"
51.77.52.107 - - [01/Apr/2025:09:08:43 +0200] "GET /Jurek/eurofirany/images/452137/0.jpg HTTP/2.0" 200 102989 "-" "-"
5.134.208.158 - - [01/Apr/2025:09:09:51 +0200] "GET /Jurek/eurofirany/images/458000/0.jpg HTTP/1.1" 206 256 "https://www.ceneo.pl" "Mozilla/5.0 (Windows NT 10.0; Win64; x64) AppleWebKit/537.36 (KHTML, like Gecko) Chrome/87.0.4280.141 Safari/537.36"
5.134.208.158 - - [01/Apr/2025:09:10:15 +0200] "GET /Jurek/eurofirany/images/460715/0.jpg HTTP/1.1" 206 256 "https://www.ceneo.pl" "Mozilla/5.0 (Windows NT 10.0; Win64; x64) AppleWebKit/537.36 (KHTML, like Gecko) Chrome/87.0.4280.141 Safari/537.36"
5.134.208.158 - - [01/Apr/2025:09:10:22 +0200] "GET /Jurek/eurofirany/images/442214/0.jpg HTTP/1.1" 206 256 "https://www.ceneo.pl" "Mozilla/5.0 (Windows NT 10.0; Win64; x64) AppleWebKit/537.36 (KHTML, like Gecko) Chrome/87.0.4280.141 Safari/537.36"
46.101.116.244 - - [01/Apr/2025:09:11:22 +0200] "GET /Jurek/aw/feeds/aw_fnacfr.xml HTTP/1.0" 404 3551 "-" "-"
18.157.125.26 - - [01/Apr/2025:09:11:59 +0200] "GET /Jurek/topeshop/downloaded_images/5902838460689_4.jpg HTTP/2.0" 404 3551 "-" "Mozilla/5.0 (Windows NT 10.0; Win64; x64) AppleWebKit/537.36 (KHTML, like Gecko) Chrome/109.0.0.0 Safari/537.36"
3.74.7.74 - - [01/Apr/2025:09:11:59 +0200] "GET /Jurek/topeshop/downloaded_images/5902838461211_sonoma_.RGB_color.0017.png HTTP/2.0" 200 193940 "-" "Mozilla/5.0 (Windows NT 10.0; Win64; x64) AppleWebKit/537.36 (KHTML, like Gecko) Chrome/109.0.0.0 Safari/537.36"
3.74.7.74 - - [01/Apr/2025:09:11:59 +0200] "GET /Jurek/topeshop/downloaded_images/5902838461266_2.png HTTP/2.0" 404 3551 "-" "Mozilla/5.0 (Windows NT 10.0; Win64; x64) AppleWebKit/537.36 (KHTML, like Gecko) Chrome/109.0.0.0 Safari/537.36"
3.74.7.74 - - [01/Apr/2025:09:11:59 +0200] "GET /Jurek/topeshop/downloaded_images/5902838461389_S40SONOMABRY%C5%81KABOKZM.jpg HTTP/2.0" 404 3551 "-" "Mozilla/5.0 (Windows NT 10.0; Win64; x64) AppleWebKit/537.36 (KHTML, like Gecko) Chrome/109.0.0.0 Safari/537.36"
3.126.202.245 - - [01/Apr/2025:09:11:59 +0200] "GET /Jurek/topeshop/downloaded_images/5902838463697_5.png HTTP/2.0" 200 95475 "-" "Mozilla/5.0 (Windows NT 10.0; Win64; x64) AppleWebKit/537.36 (KHTML, like Gecko) Chrome/109.0.0.0 Safari/537.36"
3.74.7.74 - - [01/Apr/2025:09:11:59 +0200] "GET /Jurek/topeshop/downloaded_images/5902838460306_2.jpg HTTP/2.0" 404 3551 "-" "Mozilla/5.0 (Windows NT 10.0; Win64; x64) AppleWebKit/537.36 (KHTML, like Gecko) Chrome/109.0.0.0 Safari/537.36"
3.74.7.74 - - [01/Apr/2025:09:11:59 +0200] "GET /Jurek/topeshop/downloaded_images/5902838460085_1.png HTTP/2.0" 404 3551 "-" "Mozilla/5.0 (Windows NT 10.0; Win64; x64) AppleWebKit/537.36 (KHTML, like Gecko) Chrome/109.0.0.0 Safari/537.36"
193.33.8.61 - - [01/Apr/2025:09:14:30 +0200] "GET /Jurek/princelh/feeds/princelh_cdsc.xml HTTP/2.0" 200 123628 "https://konsola.dkkapusta1997.usermd.net/" "Mozilla/5.0 (Windows NT 10.0; Win64; x64) AppleWebKit/537.36 (KHTML, like Gecko) Chrome/134.0.0.0 Safari/537.36"
77.79.248.229 - - [01/Apr/2025:09:14:35 +0200] "GET /Jurek/princelh/feeds/princelh_cdsc.xml HTTP/1.1" 200 123628 "-" "Python-urllib/3.11"
66.249.64.166 - - [01/Apr/2025:09:14:52 +0200] "GET /Jurek/eurofirany/images/409912/1.jpg HTTP/1.1" 200 119225 "-" "Googlebot-Image/1.0"
66.249.64.166 - - [01/Apr/2025:09:15:41 +0200] "GET /Jurek/eurofirany/images/416441/5.jpg HTTP/1.1" 200 6595 "-" "Googlebot-Image/1.0"
66.249.64.165 - - [01/Apr/2025:09:15:43 +0200] "GET /Jurek/eurofirany/images/416441/4.jpg HTTP/1.1" 200 6595 "-" "Googlebot-Image/1.0"
66.249.64.165 - - [01/Apr/2025:09:15:45 +0200] "GET /Jurek/eurofirany/images/416441/8.jpg HTTP/1.1" 200 6595 "-" "Googlebot-Image/1.0"
66.249.64.165 - - [01/Apr/2025:09:15:51 +0200] "GET /Jurek/eurofirany/images/416441/7.jpg HTTP/1.1" 200 6595 "-" "Googlebot-Image/1.0"
66.249.64.165 - - [01/Apr/2025:09:15:52 +0200] "GET /Jurek/eurofirany/images/416441/9.jpg HTTP/1.1" 200 6595 "-" "Googlebot-Image/1.0"
66.249.64.165 - - [01/Apr/2025:09:15:52 +0200] "GET /Jurek/eurofirany/images/416441/6.jpg HTTP/1.1" 200 6595 "-" "Googlebot-Image/1.0"
89.161.206.59 - - [01/Apr/2025:09:15:55 +0200] "GET /Jurek/cbdgreen/feeds/cbdgreen_skroutz.xml HTTP/1.0" 200 30342 "-" "-"
46.101.116.244 - - [01/Apr/2025:09:16:30 +0200] "GET /Jurek/aw/feeds/aw_fnacfr.xml HTTP/1.0" 404 3551 "-" "-"
66.249.64.166 - - [01/Apr/2025:09:16:54 +0200] "GET /Jurek/eurofirany/images/422324/6.jpg HTTP/1.1" 200 153203 "-" "Googlebot-Image/1.0"
193.33.8.61 - - [01/Apr/2025:09:16:55 +0200] "GET /Jurek/kalama/output.txt HTTP/2.0" 200 6515 "https://konsola.dkkapusta1997.usermd.net/" "Mozilla/5.0 (Windows NT 10.0; Win64; x64) AppleWebKit/537.36 (KHTML, like Gecko) Chrome/134.0.0.0 Safari/537.36"
66.249.64.165 - - [01/Apr/2025:09:17:26 +0200] "GET /Jurek/eurofirany/images/383322/3.jpg HTTP/1.1" 200 6595 "-" "Googlebot-Image/1.0"
193.33.8.61 - - [01/Apr/2025:09:17:50 +0200] "GET /Jurek/kalama/feeds/kalama_manoFR.xml HTTP/2.0" 200 2661784 "https://konsola.dkkapusta1997.usermd.net/" "Mozilla/5.0 (Windows NT 10.0; Win64; x64) AppleWebKit/537.36 (KHTML, like Gecko) Chrome/134.0.0.0 Safari/537.36"
193.33.8.61 - - [01/Apr/2025:09:17:52 +0200] "GET /Jurek/kalama/feeds/kalama_manoDE.xml HTTP/2.0" 200 2661776 "https://konsola.dkkapusta1997.usermd.net/" "Mozilla/5.0 (Windows NT 10.0; Win64; x64) AppleWebKit/537.36 (KHTML, like Gecko) Chrome/134.0.0.0 Safari/537.36"
193.33.8.61 - - [01/Apr/2025:09:17:54 +0200] "GET /Jurek/kalama/feeds/kalama_manoIT.xml HTTP/2.0" 200 2661803 "https://konsola.dkkapusta1997.usermd.net/" "Mozilla/5.0 (Windows NT 10.0; Win64; x64) AppleWebKit/537.36 (KHTML, like Gecko) Chrome/134.0.0.0 Safari/537.36"
193.33.8.61 - - [01/Apr/2025:09:17:55 +0200] "GET /Jurek/kalama/feeds/kalama_manoES.xml HTTP/2.0" 200 2661789 "https://konsola.dkkapusta1997.usermd.net/" "Mozilla/5.0 (Windows NT 10.0; Win64; x64) AppleWebKit/537.36 (KHTML, like Gecko) Chrome/134.0.0.0 Safari/537.36"
77.79.248.229 - - [01/Apr/2025:09:18:01 +0200] "GET /Jurek/kalama/feeds/kalama_manoFR.xml HTTP/1.1" 200 2661784 "-" "Python-urllib/3.11"
66.249.64.167 - - [01/Apr/2025:09:18:24 +0200] "GET /Jurek/eurofirany/images/383336/7.jpg HTTP/1.1" 200 46202 "-" "Googlebot-Image/1.0"
89.161.206.59 - - [01/Apr/2025:09:18:36 +0200] "GET /Jurek/aiofactory/feeds/aiofactory_skroutz.xml HTTP/1.0" 200 1876565 "-" "-"
89.161.206.59 - - [01/Apr/2025:09:18:45 +0200] "GET /Jurek/smxdesign/feeds/smxdesign_skroutz.xml HTTP/1.0" 200 1829060 "-" "-"
89.161.206.59 - - [01/Apr/2025:09:18:46 +0200] "GET /Jurek/princelh/feeds/princelh_skroutz.xml HTTP/1.0" 200 133445 "-" "-"
89.161.206.59 - - [01/Apr/2025:09:18:47 +0200] "GET /Jurek/proparts/feeds/proparts_skroutz.xml HTTP/1.0" 200 707431 "-" "-"
89.161.206.59 - - [01/Apr/2025:09:18:52 +0200] "GET /Jurek/kristronik/feeds/kristronik_skroutz.xml HTTP/1.0" 200 691978 "-" "-"
89.161.206.59 - - [01/Apr/2025:09:19:15 +0200] "GET /Jurek/techrebalina/feeds/techrebalina_skroutz.xml HTTP/1.0" 200 2011190 "-" "-"
89.161.206.59 - - [01/Apr/2025:09:19:15 +0200] "GET /Jurek/techrebal/feeds/techrebal_skroutz.xml HTTP/1.0" 200 1989733 "-" "-"
89.161.206.59 - - [01/Apr/2025:09:20:09 +0200] "GET /Jurek/equalo/feeds/equalo_skroutz.xml HTTP/1.0" 200 98006 "-" "-"
89.161.206.59 - - [01/Apr/2025:09:20:10 +0200] "GET /Jurek/lampart/feeds/lampart_skroutz.xml HTTP/1.0" 200 936007 "-" "-"
66.249.64.165 - - [01/Apr/2025:09:20:19 +0200] "GET /Jurek/eurofirany/images/383326/4.jpg HTTP/1.1" 200 6595 "-" "Googlebot-Image/1.0"
185.6.76.167 - - [01/Apr/2025:09:20:26 +0200] "GET /Jurek/topeshop/downloaded_images/5902838468777_1.png HTTP/1.1" 404 3551 "-" "Skroutz ImageBot v1"
193.33.8.61 - - [01/Apr/2025:09:21:20 +0200] "GET /Jurek/fertes/output.txt HTTP/2.0" 200 6347 "https://konsola.dkkapusta1997.usermd.net/" "Mozilla/5.0 (Windows NT 10.0; Win64; x64) AppleWebKit/537.36 (KHTML, like Gecko) Chrome/134.0.0.0 Safari/537.36"
89.161.206.59 - - [01/Apr/2025:09:21:28 +0200] "GET /Jurek/rosfix/feeds/rosfix_skroutz.xml HTTP/1.0" 200 35769643 "-" "-"
193.33.8.61 - - [01/Apr/2025:09:22:16 +0200] "GET /Jurek/fertes/feeds/fertes_cdsc.xml HTTP/2.0" 200 2192453 "https://konsola.dkkapusta1997.usermd.net/" "Mozilla/5.0 (Windows NT 10.0; Win64; x64) AppleWebKit/537.36 (KHTML, like Gecko) Chrome/134.0.0.0 Safari/537.36"
178.21.154.6 - - [01/Apr/2025:09:22:43 +0200] "GET /Jurek/eurofirany/images/371974/0.jpg HTTP/1.1" 200 152177 "-" "-"
5.134.208.158 - - [01/Apr/2025:09:23:07 +0200] "GET /Jurek/eurofirany/images/452149/0.jpg HTTP/1.1" 206 256 "https://www.ceneo.pl" "Mozilla/5.0 (Windows NT 10.0; Win64; x64) AppleWebKit/537.36 (KHTML, like Gecko) Chrome/87.0.4280.141 Safari/537.36"
89.161.206.59 - - [01/Apr/2025:09:23:50 +0200] "GET /Jurek/kamar/feeds/kamar_amazonde.xml HTTP/1.0" 200 25549787 "-" "-"
77.79.248.229 - - [01/Apr/2025:09:23:56 +0200] "GET /Jurek/jakdroz/feeds/jakdroz_cdsc.xml HTTP/1.1" 200 4090134 "-" "Python-urllib/3.11"
193.33.8.61 - - [01/Apr/2025:09:23:58 +0200] "GET /Jurek/jakdroz/feeds/jakdroz_cdsc.xml HTTP/2.0" 200 4090134 "https://konsola.dkkapusta1997.usermd.net/" "Mozilla/5.0 (Windows NT 10.0; Win64; x64) AppleWebKit/537.36 (KHTML, like Gecko) Chrome/134.0.0.0 Safari/537.36"
114.119.130.3 - - [01/Apr/2025:09:24:06 +0200] "GET /matikrol/texas/5902110003931_3.jpg HTTP/1.1" 403 146 "https://arena.pl/oferta/wycieraczka-kokos-1090-kokosowa-49707692" "Mozilla/5.0 (Linux; Android 7.0;) AppleWebKit/537.36 (KHTML, like Gecko) Mobile Safari/537.36 (compatible; PetalBot;+https://webmaster.petalsearch.com/site/petalbot)"
46.101.116.244 - - [01/Apr/2025:09:24:58 +0200] "GET /Jurek/chemex/feeds/chemex_empik.xml HTTP/1.0" 200 47822490 "-" "-"
46.101.116.244 - - [01/Apr/2025:09:25:02 +0200] "GET /Jurek/eurofirany/feeds/eurofirany_empik.xml HTTP/1.0" 200 19306061 "-" "-"
52.167.144.219 - - [01/Apr/2025:09:25:46 +0200] "GET /Jurek/topeshop/downloaded_images/5902838466209_KUBABIURKOBRY%C5%81KASONOMABOKZM.jpg HTTP/2.0" 404 3551 "-" "Mozilla/5.0 AppleWebKit/537.36 (KHTML, like Gecko; compatible; bingbot/2.0; +http://www.bing.com/bingbot.htm) Chrome/116.0.1938.76 Safari/537.36"
46.101.116.244 - - [01/Apr/2025:09:25:49 +0200] "GET /Jurek/aw/feeds/aw_fnacfr.xml HTTP/1.0" 404 3551 "-" "-"
89.161.206.59 - - [01/Apr/2025:09:25:54 +0200] "GET /Jurek/amzteam/feeds/amzteam_cdsc.xml HTTP/1.0" 200 145385 "-" "-"
66.249.64.166 - - [01/Apr/2025:09:25:58 +0200] "GET /Jurek/eurofirany/images/398813/3.jpg HTTP/1.1" 200 57899 "-" "Googlebot-Image/1.0"
193.33.8.61 - - [01/Apr/2025:09:26:18 +0200] "GET /Jurek/elavia/feeds/elavia_cdsc.xml HTTP/2.0" 200 2085733 "https://konsola.dkkapusta1997.usermd.net/" "Mozilla/5.0 (Windows NT 10.0; Win64; x64) AppleWebKit/537.36 (KHTML, like Gecko) Chrome/134.0.0.0 Safari/537.36"
77.79.248.229 - - [01/Apr/2025:09:26:23 +0200] "GET /Jurek/elavia/feeds/elavia_cdsc.xml HTTP/1.1" 200 2085733 "-" "Python-urllib/3.11"
66.249.64.166 - - [01/Apr/2025:09:27:29 +0200] "GET /Jurek/eurofirany/images/315117/1.jpg HTTP/1.1" 200 83559 "-" "Googlebot-Image/1.0"
178.21.154.6 - - [01/Apr/2025:09:28:15 +0200] "GET /Jurek/eurofirany/images/362325/0.jpg HTTP/1.1" 200 85775 "-" "-"
89.161.206.59 - - [01/Apr/2025:09:28:32 +0200] "GET /Jurek/domzapachy/feeds/domzapachy_skroutz.xml HTTP/1.0" 200 179716 "-" "-"
89.161.206.59 - - [01/Apr/2025:09:28:33 +0200] "GET /Jurek/wenom/feeds/wenom_skroutz.xml HTTP/1.0" 200 583074 "-" "-"
89.161.206.59 - - [01/Apr/2025:09:28:33 +0200] "GET /Jurek/euroshop/feeds/euroshop_skroutz.xml HTTP/1.0" 200 20025393 "-" "-"
89.161.206.59 - - [01/Apr/2025:09:28:33 +0200] "GET /Jurek/german/feeds/german_skroutz.xml HTTP/1.0" 200 2449569 "-" "-"
193.33.8.61 - - [01/Apr/2025:09:33:16 +0200] "GET /Jurek/sportprise/feeds/sportprise_cdsc.xml HTTP/2.0" 200 16750563 "https://konsola.dkkapusta1997.usermd.net/" "Mozilla/5.0 (Windows NT 10.0; Win64; x64) AppleWebKit/537.36 (KHTML, like Gecko) Chrome/134.0.0.0 Safari/537.36"
77.79.248.229 - - [01/Apr/2025:09:33:18 +0200] "GET /Jurek/sportprise/feeds/sportprise_cdsc.xml HTTP/1.1" 200 16750563 "-" "Python-urllib/3.11"
3.126.202.245 - - [01/Apr/2025:09:33:35 +0200] "GET /Jurek/topeshop/downloaded_images/5904507204327_2.png HTTP/2.0" 200 882068 "-" "Mozilla/5.0 (Windows NT 10.0; Win64; x64) AppleWebKit/537.36 (KHTML, like Gecko) Chrome/109.0.0.0 Safari/537.36"
46.101.116.244 - - [01/Apr/2025:09:34:30 +0200] "GET /Jurek/aw/feeds/aw_fnacfr.xml HTTP/1.0" 404 3551 "-" "-"
52.18.22.0 - - [01/Apr/2025:09:34:43 +0200] "GET /marketplaces/worten2/results/worten.csv HTTP/1.1" 200 147217 "-" "Mirakl HttpClient"
5.134.208.158 - - [01/Apr/2025:09:35:07 +0200] "GET /Jurek/topeshop/downloaded_images/5904507200725_2.jpg HTTP/1.1" 200 62892 "-" "-"
5.134.208.158 - - [01/Apr/2025:09:35:07 +0200] "GET /Jurek/topeshop/downloaded_images/5904507207601_20_m3_zielonykopia.png HTTP/1.1" 200 485177 "-" "-"
5.134.208.158 - - [01/Apr/2025:09:35:07 +0200] "GET /Jurek/topeshop/downloaded_images/5904507205959_20_st.jpg HTTP/1.1" 200 59017 "-" "-"
5.134.208.158 - - [01/Apr/2025:09:35:10 +0200] "GET /Jurek/topeshop/downloaded_images/5904507209377_profill.jpg HTTP/1.1" 200 77572 "-" "-"
77.79.248.229 - - [01/Apr/2025:09:36:07 +0200] "GET /Jurek/eurofirany/feeds/eurofirany_cdon_se.xml HTTP/1.1" 200 19322296 "-" "python-requests/2.32.3"
77.79.248.229 - - [01/Apr/2025:09:36:08 +0200] "GET /Jurek/eurofirany/feeds/eurofirany_cdon_dk.xml HTTP/1.1" 200 19322376 "-" "python-requests/2.32.3"
77.79.248.229 - - [01/Apr/2025:09:36:08 +0200] "GET /Jurek/eurofirany/feeds/eurofirany_cdon_fi.xml HTTP/1.1" 200 19304669 "-" "python-requests/2.32.3"
77.79.248.229 - - [01/Apr/2025:09:36:08 +0200] "GET /Jurek/stema/feeds/stema_cdon_se.xml HTTP/1.1" 200 852441 "-" "python-requests/2.32.3"
77.79.248.229 - - [01/Apr/2025:09:36:08 +0200] "GET /Jurek/stema/feeds/stema_cdon_dk.xml HTTP/1.1" 200 852309 "-" "python-requests/2.32.3"
77.79.248.229 - - [01/Apr/2025:09:36:08 +0200] "GET /Jurek/stema/feeds/stema_cdon_fi.xml HTTP/1.1" 200 852005 "-" "python-requests/2.32.3"
77.79.248.229 - - [01/Apr/2025:09:36:09 +0200] "GET /Jurek/aw/feeds/awnarzedzia_cdon_se.xml HTTP/1.1" 200 90305188 "-" "python-requests/2.32.3"
77.79.248.229 - - [01/Apr/2025:09:36:10 +0200] "GET /Jurek/aw/feeds/awnarzedzia_cdon_dk.xml HTTP/1.1" 200 90300330 "-" "python-requests/2.32.3"
77.79.248.229 - - [01/Apr/2025:09:36:11 +0200] "GET /Jurek/aw/feeds/awnarzedzia_cdon_fi.xml HTTP/1.1" 200 90217617 "-" "python-requests/2.32.3"
77.79.248.229 - - [01/Apr/2025:09:36:12 +0200] "GET /Jurek/hurtownia_przemyslowa/feeds/hp_cdon_se.xml HTTP/1.1" 200 49378069 "-" "python-requests/2.32.3"
77.79.248.229 - - [01/Apr/2025:09:36:12 +0200] "GET /Jurek/hurtownia_przemyslowa/feeds/hp_cdon_dk.xml HTTP/1.1" 200 49376678 "-" "python-requests/2.32.3"
77.79.248.229 - - [01/Apr/2025:09:36:13 +0200] "GET /Jurek/hurtownia_przemyslowa/feeds/hp_cdon_fi.xml HTTP/1.1" 200 49363286 "-" "python-requests/2.32.3"
77.79.248.229 - - [01/Apr/2025:09:36:15 +0200] "GET /Jurek/ikonka/feeds/ikonka_cdon_se.xml HTTP/1.1" 200 21430751 "-" "python-requests/2.32.3"
77.79.248.229 - - [01/Apr/2025:09:36:15 +0200] "GET /Jurek/ikonka/feeds/ikonka_cdon_dk.xml HTTP/1.1" 200 21430724 "-" "python-requests/2.32.3"
77.79.248.229 - - [01/Apr/2025:09:36:15 +0200] "GET /Jurek/ikonka/feeds/ikonka_cdon_fi.xml HTTP/1.1" 200 21428630 "-" "python-requests/2.32.3"
77.79.248.229 - - [01/Apr/2025:09:36:15 +0200] "GET /Jurek/fernity/feeds/fernity_cdon_fi.xml HTTP/1.1" 200 5215226 "-" "python-requests/2.32.3"
77.79.248.229 - - [01/Apr/2025:09:36:15 +0200] "GET /Jurek/fernity/feeds/fernity_cdon_se.xml HTTP/1.1" 200 5218799 "-" "python-requests/2.32.3"
77.79.248.229 - - [01/Apr/2025:09:36:15 +0200] "GET /Jurek/fernity/feeds/fernity_cdon_dk.xml HTTP/1.1" 200 5218342 "-" "python-requests/2.32.3"
77.79.248.229 - - [01/Apr/2025:09:36:16 +0200] "GET /Jurek/activeshop/feeds/activeshop_cdon_se.xml HTTP/1.1" 200 10424217 "-" "python-requests/2.32.3"
77.79.248.229 - - [01/Apr/2025:09:36:16 +0200] "GET /Jurek/activeshop/feeds/activeshop_cdon_dk.xml HTTP/1.1" 200 10423907 "-" "python-requests/2.32.3"
77.79.248.229 - - [01/Apr/2025:09:36:16 +0200] "GET /Jurek/activeshop/feeds/activeshop_cdon_fi.xml HTTP/1.1" 200 10420477 "-" "python-requests/2.32.3"
77.79.248.229 - - [01/Apr/2025:09:36:21 +0200] "GET /Jurek/barbecook/feeds/barbecook_cdon_se.xml HTTP/1.1" 200 87595 "-" "python-requests/2.32.3"
77.79.248.229 - - [01/Apr/2025:09:36:21 +0200] "GET /Jurek/barbecook/feeds/barbecook_cdon_dk.xml HTTP/1.1" 200 87590 "-" "python-requests/2.32.3"
77.79.248.229 - - [01/Apr/2025:09:36:21 +0200] "GET /Jurek/barbecook/feeds/barbecook_cdon_fi.xml HTTP/1.1" 200 87531 "-" "python-requests/2.32.3"
77.79.248.229 - - [01/Apr/2025:09:36:22 +0200] "GET /Jurek/action/feeds/action_cdon_se.xml HTTP/1.1" 200 59594111 "-" "python-requests/2.32.3"
77.79.248.229 - - [01/Apr/2025:09:36:22 +0200] "GET /Jurek/action/feeds/action_cdon_dk.xml HTTP/1.1" 200 59588828 "-" "python-requests/2.32.3"
77.79.248.229 - - [01/Apr/2025:09:36:23 +0200] "GET /Jurek/action/feeds/action_cdon_fi.xml HTTP/1.1" 200 59562640 "-" "python-requests/2.32.3"
77.79.248.229 - - [01/Apr/2025:09:36:23 +0200] "GET /Jurek/kinghoff/feeds/kinghoff_cdon_se.xml HTTP/1.1" 200 15495482 "-" "python-requests/2.32.3"
77.79.248.229 - - [01/Apr/2025:09:36:23 +0200] "GET /Jurek/kinghoff/feeds/kinghoff_cdon_dk.xml HTTP/1.1" 200 15495435 "-" "python-requests/2.32.3"
77.79.248.229 - - [01/Apr/2025:09:36:24 +0200] "GET /Jurek/kinghoff/feeds/kinghoff_cdon_fi.xml HTTP/1.1" 200 15492965 "-" "python-requests/2.32.3"
77.79.248.229 - - [01/Apr/2025:09:36:31 +0200] "GET /Jurek/kalama/feeds/kalama_manoDE.xml HTTP/1.1" 200 2661776 "-" "Python-urllib/3.11"
5.134.208.158 - - [01/Apr/2025:09:37:13 +0200] "GET /Jurek/eurofirany/images/431924/0.jpg HTTP/1.1" 206 256 "https://www.ceneo.pl" "Mozilla/5.0 (Windows NT 10.0; Win64; x64) AppleWebKit/537.36 (KHTML, like Gecko) Chrome/87.0.4280.141 Safari/537.36"
5.134.208.158 - - [01/Apr/2025:09:37:14 +0200] "GET /Jurek/eurofirany/images/431924/0.jpg HTTP/1.1" 206 256 "https://www.ceneo.pl" "Mozilla/5.0 (Windows NT 10.0; Win64; x64) AppleWebKit/537.36 (KHTML, like Gecko) Chrome/87.0.4280.141 Safari/537.36"
77.79.248.229 - - [01/Apr/2025:09:37:27 +0200] "GET /Jurek/kalama/feeds/kalama_manoIT.xml HTTP/1.1" 200 2661803 "-" "Python-urllib/3.11"
77.79.248.229 - - [01/Apr/2025:09:37:59 +0200] "GET /Jurek/kalama/feeds/kalama_manoES.xml HTTP/1.1" 200 2661789 "-" "Python-urllib/3.11"
77.79.248.229 - - [01/Apr/2025:09:38:07 +0200] "GET /Jurek/vidaSI/feeds/vidaSI_bigbang.xml HTTP/1.1" 200 623710990 "-" "Python-urllib/3.11"
77.79.248.229 - - [01/Apr/2025:09:38:08 +0200] "GET /Jurek/aw/feeds/awnarzedzia_bigbang.xml HTTP/1.1" 200 90193294 "-" "Python-urllib/3.11"
77.79.248.229 - - [01/Apr/2025:09:38:08 +0200] "GET /Jurek/hurtownia_przemyslowa/feeds/hp_bigbang.xml HTTP/1.1" 200 49360632 "-" "Python-urllib/3.11"
77.79.248.229 - - [01/Apr/2025:09:38:09 +0200] "GET /Jurek/action/feeds/action_bigbang.xml HTTP/1.1" 200 59557420 "-" "Python-urllib/3.11"
77.79.248.229 - - [01/Apr/2025:09:38:11 +0200] "GET /Jurek/unimet/feeds/unimet_bigbang.xml HTTP/1.1" 200 60472816 "-" "Python-urllib/3.11"
77.79.248.229 - - [01/Apr/2025:09:38:11 +0200] "GET /Jurek/ikonka/feeds/ikonka_bigbang.xml HTTP/1.1" 200 21428662 "-" "Python-urllib/3.11"
77.79.248.229 - - [01/Apr/2025:09:38:11 +0200] "GET /Jurek/bass/feeds/bass_bigbang.xml HTTP/1.1" 200 3984452 "-" "Python-urllib/3.11"
77.79.248.229 - - [01/Apr/2025:09:38:12 +0200] "GET /Jurek/kinghoff/feeds/kinghoff_bigbang.xml HTTP/1.1" 200 15492806 "-" "Python-urllib/3.11"
77.79.248.229 - - [01/Apr/2025:09:38:13 +0200] "GET /Jurek/activeshop/feeds/activeshop_bigbang.xml HTTP/1.1" 200 10420603 "-" "Python-urllib/3.11"
77.79.248.229 - - [01/Apr/2025:09:38:13 +0200] "GET /Jurek/octopia/feeds/octopia_bigbang.xml HTTP/1.1" 200 5658808 "-" "Python-urllib/3.11"
77.79.248.229 - - [01/Apr/2025:09:38:14 +0200] "GET /Jurek/topeshop/feeds/topeshop_bigbang.xml HTTP/1.1" 200 2591190 "-" "Python-urllib/3.11"
77.79.248.229 - - [01/Apr/2025:09:38:14 +0200] "GET /Jurek/b3/feeds/b3_bigbang.xml HTTP/1.1" 200 7887835 "-" "Python-urllib/3.11"
77.79.248.229 - - [01/Apr/2025:09:38:14 +0200] "GET /Jurek/asortymenteu/feeds/asortymenteu_bigbang.xml HTTP/1.1" 200 2698644 "-" "Python-urllib/3.11"
77.79.248.229 - - [01/Apr/2025:09:38:14 +0200] "GET /Jurek/eroplace/feeds/eroplace_bigbang.xml HTTP/1.1" 200 52152091 "-" "Python-urllib/3.11"
77.79.248.229 - - [01/Apr/2025:09:38:18 +0200] "GET /Jurek/intsell/feeds/intsell_bigbang.xml HTTP/1.1" 200 342004869 "-" "Python-urllib/3.11"
77.79.248.229 - - [01/Apr/2025:09:38:18 +0200] "GET /Jurek/coppotech/feeds/coppotech_bigbang.xml HTTP/1.1" 200 38058688 "-" "Python-urllib/3.11"
77.79.248.229 - - [01/Apr/2025:09:38:18 +0200] "GET /Jurek/stema/feeds/stema_bigbang.xml HTTP/1.1" 200 851866 "-" "Python-urllib/3.11"
77.79.248.229 - - [01/Apr/2025:09:38:18 +0200] "GET /Jurek/sempler/feeds/sempler_bigbang.xml HTTP/1.1" 200 6787905 "-" "Python-urllib/3.11"
77.79.248.229 - - [01/Apr/2025:09:38:19 +0200] "GET /Jurek/benetech/feeds/benetech_bigbang.xml HTTP/1.1" 200 4165262 "-" "Python-urllib/3.11"
77.79.248.229 - - [01/Apr/2025:09:38:19 +0200] "GET /Jurek/ekuchcikowo/feeds/ekuchcikowo_bigbang.xml HTTP/1.1" 200 12470981 "-" "Python-urllib/3.11"
77.79.248.229 - - [01/Apr/2025:09:38:19 +0200] "GET /Jurek/erohurtownia/feeds/erohurtownia_bigbang.xml HTTP/1.1" 200 22846081 "-" "Python-urllib/3.11"
77.79.248.229 - - [01/Apr/2025:09:38:28 +0200] "GET /Jurek/naszedzieci/feeds/naszedzieci_bigbang.xml HTTP/1.1" 200 833165824 "-" "Python-urllib/3.11"
77.79.248.229 - - [01/Apr/2025:09:38:29 +0200] "GET /Jurek/awparts/feeds/awparts_bigbang.xml HTTP/1.1" 200 142302442 "-" "Python-urllib/3.11"
77.79.248.229 - - [01/Apr/2025:09:38:29 +0200] "GET /Jurek/najtanszysport/feeds/najtanszysport_bigbang.xml HTTP/1.1" 200 3983031 "-" "Python-urllib/3.11"
77.79.248.229 - - [01/Apr/2025:09:38:29 +0200] "GET /Jurek/aiofactory/feeds/aiofactory_bigbang.xml HTTP/1.1" 200 2123799 "-" "Python-urllib/3.11"
77.79.248.229 - - [01/Apr/2025:09:38:30 +0200] "GET /Jurek/playcob/feeds/playcob_bigbang.xml HTTP/1.1" 200 6980215 "-" "Python-urllib/3.11"
77.79.248.229 - - [01/Apr/2025:09:38:30 +0200] "GET /Jurek/kidshop/feeds/kidshop_bigbang.xml HTTP/1.1" 200 19845640 "-" "Python-urllib/3.11"
77.79.248.229 - - [01/Apr/2025:09:38:30 +0200] "GET /Jurek/elavia/feeds/elavia_bigbang.xml HTTP/1.1" 200 2497262 "-" "Python-urllib/3.11"
77.79.248.229 - - [01/Apr/2025:09:38:30 +0200] "GET /Jurek/straganbiur/feeds/straganbiur_bigbang.xml HTTP/1.1" 200 8893045 "-" "Python-urllib/3.11"
77.79.248.229 - - [01/Apr/2025:09:38:30 +0200] "GET /Jurek/kobi/feeds/kobi_bigbang.xml HTTP/1.1" 200 1993226 "-" "Python-urllib/3.11"
