185.6.76.166 - - [26/Mar/2025:04:03:23 +0100] "GET /Jurek/eurofirany/images/463594/0.jpg HTTP/1.1" 200 0 "-" "Skroutz ImageBot v1"
185.6.76.166 - - [26/Mar/2025:04:03:23 +0100] "GET /Jurek/eurofirany/images/463592/0.jpg HTTP/1.1" 200 0 "-" "Skroutz ImageBot v1"
185.6.76.166 - - [26/Mar/2025:04:03:23 +0100] "GET /Jurek/eurofirany/images/433271/0.jpg HTTP/1.1" 200 6625 "-" "Skroutz ImageBot v1"
185.6.76.166 - - [26/Mar/2025:04:03:23 +0100] "GET /Jurek/eurofirany/images/463589/0.jpg HTTP/1.1" 200 0 "-" "Skroutz ImageBot v1"
185.6.76.166 - - [26/Mar/2025:04:03:23 +0100] "GET /Jurek/eurofirany/images/440501/0.jpg HTTP/1.1" 200 33 "-" "Skroutz ImageBot v1"
185.6.76.166 - - [26/Mar/2025:04:03:24 +0100] "GET /Jurek/eurofirany/images/419216/0.jpg HTTP/1.1" 200 6595 "-" "Skroutz ImageBot v1"
185.6.76.166 - - [26/Mar/2025:04:03:24 +0100] "GET /Jurek/eurofirany/images/407893/0.jpg HTTP/1.1" 200 147219 "-" "Skroutz ImageBot v1"
185.6.76.166 - - [26/Mar/2025:04:03:24 +0100] "GET /Jurek/eurofirany/images/463591/0.jpg HTTP/1.1" 200 0 "-" "Skroutz ImageBot v1"
185.6.76.166 - - [26/Mar/2025:04:03:24 +0100] "GET /Jurek/eurofirany/images/418595/0.jpg HTTP/1.1" 200 6595 "-" "Skroutz ImageBot v1"
185.6.76.166 - - [26/Mar/2025:04:03:24 +0100] "GET /Jurek/eurofirany/images/429767/0.jpg HTTP/1.1" 200 6625 "-" "Skroutz ImageBot v1"
185.6.76.166 - - [26/Mar/2025:04:03:24 +0100] "GET /Jurek/eurofirany/images/440363/0.jpg HTTP/1.1" 200 33 "-" "Skroutz ImageBot v1"
185.6.76.166 - - [26/Mar/2025:04:03:24 +0100] "GET /Jurek/eurofirany/images/432589/0.jpg HTTP/1.1" 200 33 "-" "Skroutz ImageBot v1"
185.6.76.166 - - [26/Mar/2025:04:03:24 +0100] "GET /Jurek/eurofirany/images/433255/0.jpg HTTP/1.1" 200 6625 "-" "Skroutz ImageBot v1"
185.6.76.166 - - [26/Mar/2025:04:03:24 +0100] "GET /Jurek/eurofirany/images/441719/0.jpg HTTP/1.1" 200 33 "-" "Skroutz ImageBot v1"
185.6.76.166 - - [26/Mar/2025:04:03:24 +0100] "GET /Jurek/eurofirany/images/419217/0.jpg HTTP/1.1" 200 6595 "-" "Skroutz ImageBot v1"
46.101.116.244 - - [26/Mar/2025:04:03:28 +0100] "GET /Jurek/unimet/feeds/unimet_mallsi.xml HTTP/2.0" 200 60475113 "-" "-"
52.18.22.0 - - [26/Mar/2025:04:03:38 +0100] "GET /marketplaces/ubaldi/results/ubaldi.csv HTTP/1.1" 200 3296456 "-" "Mirakl HttpClient"
185.6.76.167 - - [26/Mar/2025:04:03:43 +0100] "GET /Jurek/eurofirany/images/417686/0.jpg HTTP/1.1" 200 6595 "-" "Skroutz ImageBot v1"
185.6.76.166 - - [26/Mar/2025:04:03:49 +0100] "GET /Jurek/topeshop/downloaded_images/5902838466513_sonoma_close_20.jpg HTTP/1.1" 404 3551 "-" "Skroutz ImageBot v1"
185.6.76.166 - - [26/Mar/2025:04:03:49 +0100] "GET /Jurek/topeshop/downloaded_images/5902838469316_1.jpg HTTP/1.1" 404 3551 "-" "Skroutz ImageBot v1"
185.6.76.166 - - [26/Mar/2025:04:03:49 +0100] "GET /Jurek/topeshop/downloaded_images/5902838464359_KUBABIURKOBRY%C5%81KABIELBOKZM.jpg HTTP/1.1" 404 3551 "-" "Skroutz ImageBot v1"
185.6.76.166 - - [26/Mar/2025:04:03:49 +0100] "GET /Jurek/topeshop/downloaded_images/5904507201876_KUBABIURKOBRY%C5%81KAANTRACYTBOKZM.jpg HTTP/1.1" 404 3551 "-" "Skroutz ImageBot v1"
185.6.76.166 - - [26/Mar/2025:04:03:49 +0100] "GET /Jurek/eurofirany/images/417871/0.jpg HTTP/1.1" 200 6595 "-" "Skroutz ImageBot v1"
185.6.76.166 - - [26/Mar/2025:04:03:49 +0100] "GET /Jurek/topeshop/downloaded_images/5904507209391_profilowe.jpg HTTP/1.1" 404 3551 "-" "Skroutz ImageBot v1"
185.6.76.166 - - [26/Mar/2025:04:03:49 +0100] "GET /Jurek/topeshop/downloaded_images/5902838461761_brylki_.RGB_color.0002.png HTTP/1.1" 404 3551 "-" "Skroutz ImageBot v1"
185.6.76.166 - - [26/Mar/2025:04:03:49 +0100] "GET /Jurek/eurofirany/images/432607/0.jpg HTTP/1.1" 200 33 "-" "Skroutz ImageBot v1"
185.6.76.167 - - [26/Mar/2025:04:03:52 +0100] "GET /Jurek/eurofirany/images/423213/0.jpg HTTP/1.1" 200 0 "-" "Skroutz ImageBot v1"
185.6.76.167 - - [26/Mar/2025:04:03:52 +0100] "GET /Jurek/eurofirany/images/423214/0.jpg HTTP/1.1" 200 0 "-" "Skroutz ImageBot v1"
185.6.76.167 - - [26/Mar/2025:04:03:52 +0100] "GET /Jurek/eurofirany/images/423209/0.jpg HTTP/1.1" 200 0 "-" "Skroutz ImageBot v1"
185.6.76.167 - - [26/Mar/2025:04:03:52 +0100] "GET /Jurek/eurofirany/images/423211/0.jpg HTTP/1.1" 200 0 "-" "Skroutz ImageBot v1"
85.14.86.141 - - [26/Mar/2025:04:03:52 +0100] "GET /Jurek/eurofirany/feeds/eurofirany_morele.xml HTTP/2.0" 200 19228299 "-" "MarketplaceAPI curl/7.64.0 PHP/8"
185.6.76.166 - - [26/Mar/2025:04:03:54 +0100] "GET /Jurek/topeshop/downloaded_images/5902838466209_KUBABIURKOBRY%C5%81KASONOMABOKZM.jpg HTTP/1.1" 404 3551 "-" "Skroutz ImageBot v1"
185.6.76.166 - - [26/Mar/2025:04:03:54 +0100] "GET /Jurek/eurofirany/images/423209/0.jpg HTTP/1.1" 200 0 "-" "Skroutz ImageBot v1"
185.6.76.166 - - [26/Mar/2025:04:03:54 +0100] "GET /Jurek/eurofirany/images/423213/0.jpg HTTP/1.1" 200 0 "-" "Skroutz ImageBot v1"
185.6.76.166 - - [26/Mar/2025:04:03:54 +0100] "GET /Jurek/topeshop/downloaded_images/5902838466520_ROmana_bry%C5%82y_F_C_b0005.jpg HTTP/1.1" 404 3551 "-" "Skroutz ImageBot v1"
185.6.76.166 - - [26/Mar/2025:04:03:54 +0100] "GET /Jurek/eurofirany/images/423211/0.jpg HTTP/1.1" 200 0 "-" "Skroutz ImageBot v1"
185.6.76.166 - - [26/Mar/2025:04:03:54 +0100] "GET /Jurek/eurofirany/images/423214/0.jpg HTTP/1.1" 200 0 "-" "Skroutz ImageBot v1"
185.6.76.166 - - [26/Mar/2025:04:03:58 +0100] "GET /Jurek/eurofirany/images/432599/0.jpg HTTP/1.1" 200 33 "-" "Skroutz ImageBot v1"
85.14.86.141 - - [26/Mar/2025:04:04:10 +0100] "GET /Jurek/vivaldi/feeds/vivaldi_Morele-PL.xml HTTP/2.0" 200 344674 "-" "MarketplaceAPI curl/7.64.0 PHP/8"
178.21.154.10 - - [26/Mar/2025:04:04:26 +0100] "GET /Jurek/eurofirany/images/459830/0.jpg HTTP/1.1" 206 256 "https://www.ceneo.pl" "Mozilla/5.0 (Windows NT 10.0; Win64; x64) AppleWebKit/537.36 (KHTML, like Gecko) Chrome/87.0.4280.141 Safari/537.36"
178.21.154.10 - - [26/Mar/2025:04:04:26 +0100] "GET /Jurek/eurofirany/images/459830/0.jpg HTTP/1.1" 200 72657 "-" "-"
178.21.154.10 - - [26/Mar/2025:04:04:31 +0100] "GET /Jurek/eurofirany/images/435103/0.jpg HTTP/1.1" 206 256 "https://www.ceneo.pl" "Mozilla/5.0 (Windows NT 10.0; Win64; x64) AppleWebKit/537.36 (KHTML, like Gecko) Chrome/87.0.4280.141 Safari/537.36"
178.21.154.10 - - [26/Mar/2025:04:04:31 +0100] "GET /Jurek/eurofirany/images/435103/0.jpg HTTP/1.1" 200 129174 "-" "-"
46.101.116.244 - - [26/Mar/2025:04:04:41 +0100] "GET /Jurek/vidaSI/feeds/vidaSI_mall.xml HTTP/2.0" 200 624001024 "-" "-"
114.119.149.145 - - [26/Mar/2025:04:04:52 +0100] "GET /matikrol/lavre/5907558293401_2.jpg HTTP/1.1" 403 146 "https://arena.pl/oferta/roy-bateria-wannowa-wolnostojaca-czarna-49949010" "Mozilla/5.0 (Linux; Android 7.0;) AppleWebKit/537.36 (KHTML, like Gecko) Mobile Safari/537.36 (compatible; PetalBot;+https://webmaster.petalsearch.com/site/petalbot)"
85.14.86.141 - - [26/Mar/2025:04:05:19 +0100] "GET /Jurek/aw/feeds/awnarzedzia_morele.xml HTTP/2.0" 200 90283678 "-" "MarketplaceAPI curl/7.64.0 PHP/8"
85.14.86.141 - - [26/Mar/2025:04:05:22 +0100] "GET /Jurek/vida_morele/feeds/VidaPL_morele.xml HTTP/2.0" 200 703951545 "-" "MarketplaceAPI curl/7.64.0 PHP/8"
89.161.206.59 - - [26/Mar/2025:04:05:40 +0100] "GET /Jurek/sempler/feeds/sempler_amazonfr.xml HTTP/1.0" 200 6787972 "-" "-"
20.71.215.11 - - [26/Mar/2025:04:05:41 +0100] "GET /Jurek/altex_all/feeds/altex.xml HTTP/2.0" 200 872936 "-" "Mozilla/5.0 (Windows; U; Windows NT 5.1; en-US; rv:1.8.1.13) Gecko/20080311 Firefox/2.0.0.13"
89.161.206.59 - - [26/Mar/2025:04:05:46 +0100] "GET /Jurek/oromed/feeds/oromed_amazonde.xml HTTP/1.0" 200 955199 "-" "-"
185.6.76.167 - - [26/Mar/2025:04:05:47 +0100] "GET /Jurek/eurofirany/images/432587/0.jpg HTTP/1.1" 200 33 "-" "Skroutz ImageBot v1"
89.161.206.59 - - [26/Mar/2025:04:05:48 +0100] "GET /Jurek/combine/feeds/combine_amazonde.xml HTTP/1.0" 200 210557 "-" "-"
89.161.206.59 - - [26/Mar/2025:04:05:50 +0100] "GET /Jurek/benetech/feeds/benetech_amazonfr.xml HTTP/1.0" 200 4165273 "-" "-"
46.101.116.244 - - [26/Mar/2025:04:05:52 +0100] "GET /Jurek/aw/feeds/aw_fnacfr.xml HTTP/1.0" 404 3551 "-" "-"
185.6.76.166 - - [26/Mar/2025:04:05:52 +0100] "GET /Jurek/eurofirany/images/418658/0.jpg HTTP/1.1" 200 6595 "-" "Skroutz ImageBot v1"
185.6.76.166 - - [26/Mar/2025:04:05:54 +0100] "GET /Jurek/topeshop/downloaded_images/5902838465868_Biel_close_20.jpg HTTP/1.1" 404 3551 "-" "Skroutz ImageBot v1"
89.161.206.59 - - [26/Mar/2025:04:05:54 +0100] "GET /Jurek/benetech/feeds/benetech_cdsc.xml HTTP/1.0" 200 2361682 "-" "-"
85.14.86.141 - - [26/Mar/2025:04:06:00 +0100] "GET /Jurek/beliani/feeds/beliani_morele.xml HTTP/2.0" 200 31547459 "-" "MarketplaceAPI curl/7.64.0 PHP/8"
185.6.76.167 - - [26/Mar/2025:04:06:13 +0100] "GET /Jurek/eurofirany/images/426270/0.jpg HTTP/1.1" 200 6625 "-" "Skroutz ImageBot v1"
185.6.76.167 - - [26/Mar/2025:04:06:19 +0100] "GET /Jurek/eurofirany/images/428878/0.jpg HTTP/1.1" 200 6625 "-" "Skroutz ImageBot v1"
185.6.76.166 - - [26/Mar/2025:04:06:21 +0100] "GET /Jurek/eurofirany/images/426303/0.jpg HTTP/1.1" 200 6625 "-" "Skroutz ImageBot v1"
185.6.76.167 - - [26/Mar/2025:04:06:46 +0100] "GET /Jurek/eurofirany/images/419800/0.jpg HTTP/1.1" 200 6595 "-" "Skroutz ImageBot v1"
185.6.76.167 - - [26/Mar/2025:04:06:46 +0100] "GET /Jurek/eurofirany/images/419761/0.jpg HTTP/1.1" 200 6595 "-" "Skroutz ImageBot v1"
185.6.76.167 - - [26/Mar/2025:04:06:46 +0100] "GET /Jurek/eurofirany/images/419760/0.jpg HTTP/1.1" 200 6595 "-" "Skroutz ImageBot v1"
185.6.76.166 - - [26/Mar/2025:04:06:50 +0100] "GET /Jurek/eurofirany/images/419761/0.jpg HTTP/1.1" 200 6595 "-" "Skroutz ImageBot v1"
185.6.76.166 - - [26/Mar/2025:04:06:50 +0100] "GET /Jurek/eurofirany/images/419800/0.jpg HTTP/1.1" 200 6595 "-" "Skroutz ImageBot v1"
185.6.76.166 - - [26/Mar/2025:04:06:50 +0100] "GET /Jurek/eurofirany/images/419762/0.jpg HTTP/1.1" 200 6595 "-" "Skroutz ImageBot v1"
185.6.76.166 - - [26/Mar/2025:04:06:50 +0100] "GET /Jurek/eurofirany/images/419760/0.jpg HTTP/1.1" 200 6595 "-" "Skroutz ImageBot v1"
185.6.76.166 - - [26/Mar/2025:04:06:50 +0100] "GET /Jurek/eurofirany/images/416874/0.jpg HTTP/1.1" 200 6595 "-" "Skroutz ImageBot v1"
185.6.76.166 - - [26/Mar/2025:04:06:50 +0100] "GET /Jurek/eurofirany/images/431629/0.jpg HTTP/1.1" 200 6625 "-" "Skroutz ImageBot v1"
185.6.76.166 - - [26/Mar/2025:04:06:50 +0100] "GET /Jurek/eurofirany/images/419756/0.jpg HTTP/1.1" 200 6595 "-" "Skroutz ImageBot v1"
185.6.76.167 - - [26/Mar/2025:04:06:50 +0100] "GET /Jurek/eurofirany/images/419498/0.jpg HTTP/1.1" 200 6595 "-" "Skroutz ImageBot v1"
185.6.76.166 - - [26/Mar/2025:04:06:58 +0100] "GET /Jurek/eurofirany/images/419214/0.jpg HTTP/1.1" 200 6595 "-" "Skroutz ImageBot v1"
185.6.76.167 - - [26/Mar/2025:04:07:07 +0100] "GET /Jurek/topeshop/downloaded_images/5904507209407_3.jpg HTTP/1.1" 404 3551 "-" "Skroutz ImageBot v1"
185.6.76.167 - - [26/Mar/2025:04:07:07 +0100] "GET /Jurek/topeshop/downloaded_images/5904507209445_modern2pminislimartcz(1).jpg HTTP/1.1" 404 3551 "-" "Skroutz ImageBot v1"
185.6.76.167 - - [26/Mar/2025:04:07:07 +0100] "GET /Jurek/topeshop/downloaded_images/5904507209889_Image0007_mini.jpg HTTP/1.1" 404 3551 "-" "Skroutz ImageBot v1"
185.6.76.167 - - [26/Mar/2025:04:07:07 +0100] "GET /Jurek/topeshop/downloaded_images/5904507209858_Image0007_mini.jpg HTTP/1.1" 404 3551 "-" "Skroutz ImageBot v1"
185.6.76.167 - - [26/Mar/2025:04:07:07 +0100] "GET /Jurek/topeshop/downloaded_images/5902838469316_1.jpg HTTP/1.1" 404 3551 "-" "Skroutz ImageBot v1"
185.6.76.167 - - [26/Mar/2025:04:07:07 +0100] "GET /Jurek/topeshop/downloaded_images/5902838466513_sonoma_close_20.jpg HTTP/1.1" 404 3551 "-" "Skroutz ImageBot v1"
185.6.76.167 - - [26/Mar/2025:04:07:07 +0100] "GET /Jurek/topeshop/downloaded_images/5904507209865_Image0007_mini.jpg HTTP/1.1" 404 3551 "-" "Skroutz ImageBot v1"
185.6.76.167 - - [26/Mar/2025:04:07:07 +0100] "GET /Jurek/topeshop/downloaded_images/5904507209995_SZAFA-MALWA-ARTBIEL-KPL_miniaturka.jpg HTTP/1.1" 404 3551 "-" "Skroutz ImageBot v1"
185.6.76.167 - - [26/Mar/2025:04:07:07 +0100] "GET /Jurek/topeshop/downloaded_images/5904507209841_Rtv_slim_160_kaszmir(1).jpg HTTP/1.1" 404 3551 "-" "Skroutz ImageBot v1"
185.6.76.167 - - [26/Mar/2025:04:07:07 +0100] "GET /Jurek/topeshop/downloaded_images/5904507209391_profilowe.jpg HTTP/1.1" 404 3551 "-" "Skroutz ImageBot v1"
185.6.76.167 - - [26/Mar/2025:04:07:08 +0100] "GET /Jurek/topeshop/downloaded_images/5904507201876_KUBABIURKOBRY%C5%81KAANTRACYTBOKZM.jpg HTTP/1.1" 404 3551 "-" "Skroutz ImageBot v1"
185.6.76.167 - - [26/Mar/2025:04:07:08 +0100] "GET /Jurek/topeshop/downloaded_images/5902838464359_KUBABIURKOBRY%C5%81KABIELBOKZM.jpg HTTP/1.1" 404 3551 "-" "Skroutz ImageBot v1"
185.6.76.167 - - [26/Mar/2025:04:07:08 +0100] "GET /Jurek/topeshop/downloaded_images/5904507209896_brylkaaa.jpg HTTP/1.1" 404 3551 "-" "Skroutz ImageBot v1"
185.6.76.167 - - [26/Mar/2025:04:07:08 +0100] "GET /Jurek/topeshop/downloaded_images/5902838461273_3.png HTTP/1.1" 404 3551 "-" "Skroutz ImageBot v1"
185.6.76.167 - - [26/Mar/2025:04:07:10 +0100] "GET /Jurek/topeshop/downloaded_images/5902838465868_Biel_close_20.jpg HTTP/1.1" 404 3551 "-" "Skroutz ImageBot v1"
185.6.76.167 - - [26/Mar/2025:04:07:11 +0100] "GET /Jurek/topeshop/downloaded_images/5902838468821_DUOCZERNBRYLKABOKZM.jpg HTTP/1.1" 404 3551 "-" "Skroutz ImageBot v1"
185.6.76.167 - - [26/Mar/2025:04:07:11 +0100] "GET /Jurek/topeshop/downloaded_images/5902838466520_ROmana_bry%C5%82y_F_C_b0005.jpg HTTP/1.1" 404 3551 "-" "Skroutz ImageBot v1"
185.6.76.167 - - [26/Mar/2025:04:07:11 +0100] "GET /Jurek/topeshop/downloaded_images/5904507209988_OLIV_2D_ANT_BIEL_KPL_Miniaturka.jpg HTTP/1.1" 404 3551 "-" "Skroutz ImageBot v1"
185.6.76.167 - - [26/Mar/2025:04:07:11 +0100] "GET /Jurek/topeshop/downloaded_images/5904507209476_Marina2s_kaszmir_slim_bry%C5%82ka(2).jpg HTTP/1.1" 404 3551 "-" "Skroutz ImageBot v1"
185.6.76.167 - - [26/Mar/2025:04:07:11 +0100] "GET /Jurek/topeshop/downloaded_images/5904507209469_pROFILOWEMARINAkASZ.jpg HTTP/1.1" 404 3551 "-" "Skroutz ImageBot v1"
185.6.76.167 - - [26/Mar/2025:04:07:11 +0100] "GET /Jurek/topeshop/downloaded_images/5902838465929_ROmana_bry%C5%82y_F_C_b0006.jpg HTTP/1.1" 404 3551 "-" "Skroutz ImageBot v1"
185.6.76.167 - - [26/Mar/2025:04:07:11 +0100] "GET /Jurek/topeshop/downloaded_images/5902838466209_KUBABIURKOBRY%C5%81KASONOMABOKZM.jpg HTTP/1.1" 404 3551 "-" "Skroutz ImageBot v1"
185.6.76.167 - - [26/Mar/2025:04:07:12 +0100] "GET /Jurek/topeshop/downloaded_images/5902838468784_M6-140-ART_Biel_KPL_miniaturka.jpg HTTP/1.1" 404 3551 "-" "Skroutz ImageBot v1"
185.6.76.167 - - [26/Mar/2025:04:07:12 +0100] "GET /Jurek/topeshop/downloaded_images/5902838461761_brylki_.RGB_color.0002.png HTTP/1.1" 404 3551 "-" "Skroutz ImageBot v1"
185.6.76.167 - - [26/Mar/2025:04:07:12 +0100] "GET /Jurek/topeshop/downloaded_images/5900354140184_isoczarne1bry.jpg HTTP/1.1" 404 3551 "-" "Skroutz ImageBot v1"
185.6.76.167 - - [26/Mar/2025:04:07:12 +0100] "GET /Jurek/topeshop/downloaded_images/5904507209872_W_1D_slim_full_Kaszmir_Bry%C5%82ka-(3)_mini.jpg HTTP/1.1" 404 3551 "-" "Skroutz ImageBot v1"
185.6.76.167 - - [26/Mar/2025:04:07:12 +0100] "GET /Jurek/topeshop/downloaded_images/5902838460986_M6-12-ART_Biel_KPL_Miniaturka.jpg HTTP/1.1" 404 3551 "-" "Skroutz ImageBot v1"
185.6.76.167 - - [26/Mar/2025:04:07:30 +0100] "GET /Jurek/topeshop/downloaded_images/5904507209957_Image0007_mini.jpg HTTP/1.1" 404 3551 "-" "Skroutz ImageBot v1"
185.6.76.167 - - [26/Mar/2025:04:07:38 +0100] "GET /Jurek/topeshop/downloaded_images/5904507209971_2.jpg HTTP/1.1" 404 3551 "-" "Skroutz ImageBot v1"
185.6.76.166 - - [26/Mar/2025:04:07:38 +0100] "GET /Jurek/topeshop/downloaded_images/5902838465790_2.jpg HTTP/1.1" 404 3551 "-" "Skroutz ImageBot v1"
185.6.76.166 - - [26/Mar/2025:04:07:38 +0100] "GET /Jurek/topeshop/downloaded_images/5904507209407_3.jpg HTTP/1.1" 404 3551 "-" "Skroutz ImageBot v1"
185.6.76.167 - - [26/Mar/2025:04:07:40 +0100] "GET /Jurek/topeshop/downloaded_images/5904507209902_Image0007_mini.jpg HTTP/1.1" 404 3551 "-" "Skroutz ImageBot v1"
185.6.76.167 - - [26/Mar/2025:04:07:40 +0100] "GET /Jurek/topeshop/downloaded_images/5904507209964_4DKKASZMIR(12).jpg HTTP/1.1" 404 3551 "-" "Skroutz ImageBot v1"
185.6.76.166 - - [26/Mar/2025:04:07:40 +0100] "GET /Jurek/eurofirany/images/433263/0.jpg HTTP/1.1" 200 6625 "-" "Skroutz ImageBot v1"
185.6.76.166 - - [26/Mar/2025:04:07:40 +0100] "GET /Jurek/eurofirany/images/433260/0.jpg HTTP/1.1" 200 6625 "-" "Skroutz ImageBot v1"
185.6.76.166 - - [26/Mar/2025:04:07:40 +0100] "GET /Jurek/eurofirany/images/433264/0.jpg HTTP/1.1" 200 6625 "-" "Skroutz ImageBot v1"
185.6.76.166 - - [26/Mar/2025:04:07:40 +0100] "GET /Jurek/eurofirany/images/433267/0.jpg HTTP/1.1" 200 6625 "-" "Skroutz ImageBot v1"
185.6.76.166 - - [26/Mar/2025:04:07:41 +0100] "GET /Jurek/eurofirany/images/433253/0.jpg HTTP/1.1" 200 6625 "-" "Skroutz ImageBot v1"
185.6.76.166 - - [26/Mar/2025:04:07:42 +0100] "GET /Jurek/eurofirany/images/433254/0.jpg HTTP/1.1" 200 6625 "-" "Skroutz ImageBot v1"
185.6.76.166 - - [26/Mar/2025:04:07:42 +0100] "GET /Jurek/eurofirany/images/433249/0.jpg HTTP/1.1" 200 6625 "-" "Skroutz ImageBot v1"
185.6.76.167 - - [26/Mar/2025:04:07:56 +0100] "GET /Jurek/topeshop/downloaded_images/5900354140214_FIESTA8P(2).jpg HTTP/1.1" 404 3551 "-" "Skroutz ImageBot v1"
185.6.76.166 - - [26/Mar/2025:04:07:58 +0100] "GET /Jurek/topeshop/downloaded_images/5900354140214_FIESTA8P(2).jpg HTTP/1.1" 404 3551 "-" "Skroutz ImageBot v1"
185.6.76.167 - - [26/Mar/2025:04:08:20 +0100] "GET /Jurek/eurofirany/images/432282/0.jpg HTTP/1.1" 200 6625 "-" "Skroutz ImageBot v1"
185.6.76.166 - - [26/Mar/2025:04:08:26 +0100] "GET /Jurek/eurofirany/images/5638/0.jpg HTTP/1.1" 200 6625 "-" "Skroutz ImageBot v1"
185.6.76.166 - - [26/Mar/2025:04:08:26 +0100] "GET /Jurek/eurofirany/images/432282/0.jpg HTTP/1.1" 200 6625 "-" "Skroutz ImageBot v1"
185.6.76.166 - - [26/Mar/2025:04:08:26 +0100] "GET /Jurek/eurofirany/images/45095/0.jpg HTTP/1.1" 200 6625 "-" "Skroutz ImageBot v1"
185.6.76.167 - - [26/Mar/2025:04:08:41 +0100] "GET /Jurek/topeshop/downloaded_images/5900354140207_Miniaturka.jpg HTTP/1.1" 404 3551 "-" "Skroutz ImageBot v1"
185.6.76.167 - - [26/Mar/2025:04:08:42 +0100] "GET /Jurek/topeshop/downloaded_images/5902838464663_R50_Mini.jpg HTTP/1.1" 404 3551 "-" "Skroutz ImageBot v1"
185.6.76.167 - - [26/Mar/2025:04:08:42 +0100] "GET /Jurek/topeshop/downloaded_images/5902838468760_R80_mini_2.jpg HTTP/1.1" 404 3551 "-" "Skroutz ImageBot v1"
185.6.76.166 - - [26/Mar/2025:04:08:43 +0100] "GET /Jurek/topeshop/downloaded_images/5902838464663_R50_Mini.jpg HTTP/1.1" 404 3551 "-" "Skroutz ImageBot v1"
185.6.76.166 - - [26/Mar/2025:04:09:53 +0100] "GET /Jurek/topeshop/downloaded_images/5902838461594_brylki_.RGB_color.0006.png HTTP/1.1" 200 31761 "-" "Skroutz ImageBot v1"
89.161.206.59 - - [26/Mar/2025:04:10:46 +0100] "GET /Jurek/artdog/feeds/artdog_allegro.xml HTTP/1.0" 200 17162209 "-" "-"
89.161.206.59 - - [26/Mar/2025:04:10:48 +0100] "GET /Jurek/artdog/feeds/artdog_amazonde.xml HTTP/1.0" 200 17158165 "-" "-"
89.161.206.59 - - [26/Mar/2025:04:10:49 +0100] "GET /Jurek/pawonik/feeds/pawonik_amazonde.xml HTTP/1.0" 200 2586085 "-" "-"
89.161.206.59 - - [26/Mar/2025:04:10:49 +0100] "GET /Jurek/b3/feeds/b3_amazonde.xml HTTP/1.0" 200 7886288 "-" "-"
89.161.206.59 - - [26/Mar/2025:04:10:50 +0100] "GET /Jurek/sempler/feeds/sempler_amazonit.xml HTTP/1.0" 200 6787944 "-" "-"
89.161.206.59 - - [26/Mar/2025:04:10:51 +0100] "GET /Jurek/sempler/feeds/sempler_amazonnl.xml HTTP/1.0" 200 6787937 "-" "-"
89.161.206.59 - - [26/Mar/2025:04:10:53 +0100] "GET /Jurek/ralmetal/feeds/ralmetal_amazonit.xml HTTP/1.0" 200 1808634 "-" "-"
89.161.206.59 - - [26/Mar/2025:04:10:53 +0100] "GET /Jurek/ralmetal/feeds/ralmetal_amazonnl.xml HTTP/1.0" 200 1808604 "-" "-"
89.161.206.59 - - [26/Mar/2025:04:10:54 +0100] "GET /Jurek/ralmetal/feeds/ralmetal_amazones.xml HTTP/1.0" 200 1808623 "-" "-"
89.161.206.59 - - [26/Mar/2025:04:10:57 +0100] "GET /Jurek/benetech/feeds/benetech_amazonse.xml HTTP/1.0" 200 4165665 "-" "-"
89.161.206.59 - - [26/Mar/2025:04:10:58 +0100] "GET /Jurek/dekoele/feeds/dekoele_amazonde.xml HTTP/1.0" 200 733939 "-" "-"
89.161.206.59 - - [26/Mar/2025:04:10:58 +0100] "GET /Jurek/dekoele/feeds/dekoele_amazonit.xml HTTP/1.0" 200 733941 "-" "-"
89.161.206.59 - - [26/Mar/2025:04:10:58 +0100] "GET /Jurek/dekoele/feeds/dekoele_amazonfr.xml HTTP/1.0" 200 733939 "-" "-"
89.161.206.59 - - [26/Mar/2025:04:10:58 +0100] "GET /Jurek/dekoele/feeds/dekoele_amazones.xml HTTP/1.0" 200 733935 "-" "-"
89.161.206.59 - - [26/Mar/2025:04:10:58 +0100] "GET /Jurek/dekoele/feeds/dekoele_amazonnl.xml HTTP/1.0" 200 733937 "-" "-"
89.161.206.59 - - [26/Mar/2025:04:10:59 +0100] "GET /Jurek/dekoele/feeds/dekoele_amazonse.xml HTTP/1.0" 200 734010 "-" "-"
89.161.206.59 - - [26/Mar/2025:04:10:59 +0100] "GET /Jurek/dekoele/feeds/dekoele_amazonbe.xml HTTP/1.0" 200 733935 "-" "-"
46.101.116.244 - - [26/Mar/2025:04:11:11 +0100] "GET /Jurek/aw/feeds/aw_fnacfr.xml HTTP/1.0" 404 3551 "-" "-"
89.161.206.59 - - [26/Mar/2025:04:11:15 +0100] "GET /Jurek/aiofactory/feeds/aiofactory_cdsc.xml HTTP/1.0" 200 1192849 "-" "-"
46.101.116.244 - - [26/Mar/2025:04:11:23 +0100] "GET /Jurek/kinghoff/feeds/kinghoff_ceneo.xml HTTP/1.0" 200 15473104 "-" "-"
66.249.69.170 - - [26/Mar/2025:04:11:27 +0100] "GET /Jurek/eurofirany/images/392850/2.jpg HTTP/1.1" 200 258681 "-" "Googlebot-Image/1.0"
89.161.206.59 - - [26/Mar/2025:04:11:31 +0100] "GET /Jurek/drewdon/feeds/drewdon_piguEX.xml HTTP/1.0" 200 504445 "-" "-"
46.101.116.244 - - [26/Mar/2025:04:11:34 +0100] "GET /Jurek/kinghoff/feeds/kinghoff_bol.xml HTTP/1.0" 200 15472158 "-" "-"
89.161.206.59 - - [26/Mar/2025:04:11:35 +0100] "GET /Jurek/sempler/feeds/sempler_BOL.xml HTTP/1.0" 200 6787922 "-" "-"
89.161.206.59 - - [26/Mar/2025:04:11:35 +0100] "GET /Jurek/eroplace/feeds/eroplace_bol.xml HTTP/1.0" 200 52152359 "-" "-"
185.6.76.167 - - [26/Mar/2025:04:12:49 +0100] "GET /Jurek/topeshop/downloaded_images/5902838461594_brylki_.RGB_color.0006.png HTTP/1.1" 200 31761 "-" "Skroutz ImageBot v1"
89.161.206.59 - - [26/Mar/2025:04:14:29 +0100] "GET /Jurek/emaja24/feeds/emaja24_skroutz.xml HTTP/1.0" 200 5101991 "-" "-"
114.119.130.110 - - [26/Mar/2025:04:15:43 +0100] "GET /matikrol/texas/5902110025001_2.jpg.jpg HTTP/1.1" 403 146 "https://arena.pl/oferta/mata-oslonowa-wiklina-120x300-cm-49948956" "Mozilla/5.0 (Linux; Android 7.0;) AppleWebKit/537.36 (KHTML, like Gecko) Mobile Safari/537.36 (compatible; PetalBot;+https://webmaster.petalsearch.com/site/petalbot)"
46.101.116.244 - - [26/Mar/2025:04:15:56 +0100] "GET /Jurek/aw/feeds/aw_fnacfr.xml HTTP/1.0" 404 3551 "-" "-"
114.119.145.134 - - [26/Mar/2025:04:16:00 +0100] "GET /matikrol/texas/5902110003207_3.jpg HTTP/1.1" 403 146 "https://arena.pl/oferta/wycieraczka-azurowa-domino-22mm-50x100-cm-49707688" "Mozilla/5.0 (Linux; Android 7.0;) AppleWebKit/537.36 (KHTML, like Gecko) Mobile Safari/537.36 (compatible; PetalBot;+https://webmaster.petalsearch.com/site/petalbot)"
46.101.116.244 - - [26/Mar/2025:04:20:55 +0100] "GET /Jurek/aw/feeds/aw_fnacfr.xml HTTP/1.0" 404 3551 "-" "-"
89.161.206.59 - - [26/Mar/2025:04:21:39 +0100] "GET /Jurek/carbonyway/feeds/carbonyway_emagro.xml HTTP/1.0" 200 3076392 "-" "-"
66.249.69.171 - - [26/Mar/2025:04:22:29 +0100] "GET /Jurek/eurofirany/images/367111/2.jpg HTTP/1.1" 200 56699 "-" "Googlebot-Image/1.0"
66.249.69.170 - - [26/Mar/2025:04:25:02 +0100] "GET /Jurek/eurofirany/images/383351/5.jpg HTTP/1.1" 200 6595 "-" "Googlebot-Image/1.0"
205.210.31.235 - - [26/Mar/2025:04:25:48 +0100] "GET / HTTP/1.1" 200 1559 "-" "Expanse, a Palo Alto Networks company, searches across the global IPv4 space multiple times per day to identify customers' presences on the Internet. If you would like to be excluded from our scans, please send IP addresses/domains to: scaninfo@paloaltonetworks.com"
46.101.116.244 - - [26/Mar/2025:04:25:52 +0100] "GET /Jurek/aw/feeds/aw_fnacfr.xml HTTP/1.0" 404 3551 "-" "-"
89.161.206.59 - - [26/Mar/2025:04:25:55 +0100] "GET /Jurek/eurofirany/feeds/eurofirany_cdiscount.xml HTTP/1.0" 200 22958465 "-" "-"
66.249.69.172 - - [26/Mar/2025:04:26:18 +0100] "GET /Jurek/eurofirany/images/392850/1.jpg HTTP/1.1" 200 183147 "-" "Googlebot-Image/1.0"
46.101.116.244 - - [26/Mar/2025:04:29:37 +0100] "GET /Jurek/kokiska/feeds/kokiska_allegro.xml HTTP/1.0" 200 11829654 "-" "-"
46.101.116.244 - - [26/Mar/2025:04:29:39 +0100] "GET /Jurek/vivaldi/feeds/vivaldi_allegro.xml HTTP/1.0" 200 344685 "-" "-"
165.227.238.157 - - [26/Mar/2025:04:29:57 +0100] "GET / HTTP/1.1" 200 1559 "-" "Mozilla/5.0 (compatible)"
165.227.238.157 - - [26/Mar/2025:04:29:57 +0100] "GET /favicon.ico HTTP/1.1" 404 3551 "http://jurek.dkkapusta1997.usermd.net/" "Mozilla/5.0 (compatible)"
165.227.238.157 - - [26/Mar/2025:04:29:57 +0100] "GET /ads.txt HTTP/1.1" 404 3551 "-" "Mozilla/5.0 (compatible)"
165.227.238.157 - - [26/Mar/2025:04:29:57 +0100] "GET / HTTP/1.1" 200 1559 "-" "Mozilla/5.0 (compatible)"
165.227.238.157 - - [26/Mar/2025:04:29:58 +0100] "GET /favicon.ico HTTP/1.1" 404 3551 "https://jurek.dkkapusta1997.usermd.net/" "Mozilla/5.0 (compatible)"
165.227.238.157 - - [26/Mar/2025:04:29:58 +0100] "GET /ads.txt HTTP/1.1" 404 3551 "-" "Mozilla/5.0 (compatible)"
46.101.116.244 - - [26/Mar/2025:04:30:59 +0100] "GET /Jurek/aw/feeds/aw_fnacfr.xml HTTP/1.0" 404 3551 "-" "-"
89.161.206.59 - - [26/Mar/2025:04:32:38 +0100] "GET /Jurek/topeshop/feeds/topeshop_amazonIT.xml HTTP/1.0" 200 2529245 "-" "-"
89.161.206.59 - - [26/Mar/2025:04:32:39 +0100] "GET /Jurek/topeshop/feeds/topeshop_amazonDE.xml HTTP/1.0" 200 2529132 "-" "-"
114.119.128.154 - - [26/Mar/2025:04:33:33 +0100] "GET /matikrol/texas/5902110066615_3.jpg.jpg HTTP/1.1" 404 3551 "https://arena.pl/oferta/szczotko-skrobaczka-oslo-49948954" "Mozilla/5.0 (Linux; Android 7.0;) AppleWebKit/537.36 (KHTML, like Gecko) Mobile Safari/537.36 (compatible; PetalBot;+https://webmaster.petalsearch.com/site/petalbot)"
89.161.206.59 - - [26/Mar/2025:04:35:46 +0100] "GET /Jurek/eroplace/feeds/eroplace_amazonnl.xml HTTP/1.0" 200 52152407 "-" "-"
46.101.116.244 - - [26/Mar/2025:04:35:56 +0100] "GET /Jurek/aw/feeds/aw_fnacfr.xml HTTP/1.0" 404 3551 "-" "-"
66.249.69.170 - - [26/Mar/2025:04:37:01 +0100] "GET /Jurek/eurofirany/images/392850/4.jpg HTTP/1.1" 200 218883 "-" "Googlebot-Image/1.0"
178.21.154.10 - - [26/Mar/2025:04:37:56 +0100] "GET /Jurek/eurofirany/images/431138/0.jpg HTTP/1.1" 206 256 "https://www.ceneo.pl" "Mozilla/5.0 (Windows NT 10.0; Win64; x64) AppleWebKit/537.36 (KHTML, like Gecko) Chrome/87.0.4280.141 Safari/537.36"
178.21.154.10 - - [26/Mar/2025:04:37:56 +0100] "GET /Jurek/eurofirany/images/431138/0.jpg HTTP/1.1" 200 135140 "-" "-"
89.161.206.59 - - [26/Mar/2025:04:39:42 +0100] "GET /Jurek/asortymenteu/feeds/asortymenteu_skroutz_great.xml HTTP/1.0" 200 2686546 "-" "-"
89.161.206.59 - - [26/Mar/2025:04:40:49 +0100] "GET /Jurek/kinghoff/feeds/kinghoff_amazonfr.xml HTTP/1.0" 200 15472154 "-" "-"
46.101.116.244 - - [26/Mar/2025:04:40:51 +0100] "GET /Jurek/aw/feeds/aw_fnacfr.xml HTTP/1.0" 404 3551 "-" "-"
66.249.69.170 - - [26/Mar/2025:04:41:01 +0100] "GET /Jurek/eurofirany/images/383175/2.jpg HTTP/1.1" 200 6595 "-" "Googlebot-Image/1.0"
89.161.206.59 - - [26/Mar/2025:04:41:08 +0100] "GET /Jurek/benetech/feeds/benetech_bol.xml HTTP/1.0" 200 4165262 "-" "-"
89.161.206.59 - - [26/Mar/2025:04:41:09 +0100] "GET /Jurek/oromed/feeds/oromed_BOL.xml HTTP/1.0" 200 955210 "-" "-"
89.161.206.59 - - [26/Mar/2025:04:41:09 +0100] "GET /Jurek/narzbud/feeds/narzbud_bol.xml HTTP/1.0" 200 1901217 "-" "-"
89.161.206.59 - - [26/Mar/2025:04:41:10 +0100] "GET /Jurek/artdog/feeds/artdog_bol.xml HTTP/1.0" 200 17158243 "-" "-"
89.161.206.59 - - [26/Mar/2025:04:41:11 +0100] "GET /Jurek/ekuchcikowo/feeds/ekuchcikowo_bol.xml HTTP/1.0" 200 13843287 "-" "-"
89.161.206.59 - - [26/Mar/2025:04:41:12 +0100] "GET /Jurek/ekolight/feeds/ekolight_bol.xml HTTP/1.0" 200 9051551 "-" "-"
89.161.206.59 - - [26/Mar/2025:04:41:12 +0100] "GET /Jurek/livinhill/feeds/livinhill_bol.xml HTTP/1.0" 200 1487037 "-" "-"
89.161.206.59 - - [26/Mar/2025:04:41:13 +0100] "GET /Jurek/galopi/feeds/galopi_bol.xml HTTP/1.0" 200 2111102 "-" "-"
89.161.206.59 - - [26/Mar/2025:04:41:13 +0100] "GET /Jurek/erohurtownia/feeds/erohurtownia_bol.xml HTTP/1.0" 200 22846310 "-" "-"
89.161.206.59 - - [26/Mar/2025:04:41:15 +0100] "GET /Jurek/urwiskowo/feeds/urwiskowo_bol.xml HTTP/1.0" 200 9115009 "-" "-"
89.161.206.59 - - [26/Mar/2025:04:41:15 +0100] "GET /Jurek/combine/feeds/combine_bol.xml HTTP/1.0" 200 210553 "-" "-"
89.161.206.59 - - [26/Mar/2025:04:41:16 +0100] "GET /Jurek/spali/feeds/spali_bol.xml HTTP/1.0" 200 77056 "-" "-"
89.161.206.59 - - [26/Mar/2025:04:41:17 +0100] "GET /Jurek/bass_new/feeds/bass_bol.xml HTTP/1.0" 200 7040923 "-" "-"
89.161.206.59 - - [26/Mar/2025:04:41:17 +0100] "GET /Jurek/aiofactory/feeds/aiofactory_bol.xml HTTP/1.0" 200 2123778 "-" "-"
89.161.206.59 - - [26/Mar/2025:04:41:20 +0100] "GET /Jurek/hurtmeblowy/feeds/hurtmeblowy_bol.xml HTTP/1.0" 200 8356184 "-" "-"
89.161.206.59 - - [26/Mar/2025:04:41:20 +0100] "GET /Jurek/rider/feeds/rider_bol.xml HTTP/1.0" 200 8165057 "-" "-"
89.161.206.59 - - [26/Mar/2025:04:41:21 +0100] "GET /Jurek/eldar/feeds/eldar_bol.xml HTTP/1.0" 200 7329651 "-" "-"
89.161.206.59 - - [26/Mar/2025:04:41:22 +0100] "GET /Jurek/luxma/feeds/luxma_bol.xml HTTP/1.0" 200 8059082 "-" "-"
89.161.206.59 - - [26/Mar/2025:04:41:23 +0100] "GET /Jurek/primohurt/feeds/primohurt_bol.xml HTTP/1.0" 200 17187244 "-" "-"
89.161.206.59 - - [26/Mar/2025:04:41:24 +0100] "GET /Jurek/najtanszysport/feeds/najtanszysport_bol.xml HTTP/1.0" 200 3982926 "-" "-"
89.161.206.59 - - [26/Mar/2025:04:41:24 +0100] "GET /Jurek/motofan/feeds/motofan_bol.xml HTTP/1.0" 200 2392149 "-" "-"
89.161.206.59 - - [26/Mar/2025:04:41:25 +0100] "GET /Jurek/topeshop/feeds/topeshop_bol.xml HTTP/1.0" 200 2529242 "-" "-"
89.161.206.59 - - [26/Mar/2025:04:41:26 +0100] "GET /Jurek/eurofirany/feeds/eurofirany_bol.xml HTTP/1.0" 200 19226881 "-" "-"
52.209.168.113 - - [26/Mar/2025:04:41:29 +0100] "GET /marketplaces/worten2/results/worten.csv HTTP/1.1" 200 147217 "-" "Mirakl HttpClient"
5.134.208.158 - - [26/Mar/2025:04:41:29 +0100] "GET /Jurek/eurofirany/images/459925/0.jpg HTTP/1.1" 206 256 "https://www.ceneo.pl" "Mozilla/5.0 (Windows NT 10.0; Win64; x64) AppleWebKit/537.36 (KHTML, like Gecko) Chrome/87.0.4280.141 Safari/537.36"
89.161.206.59 - - [26/Mar/2025:04:41:34 +0100] "GET /Jurek/playcob/feeds/playcob_bol.xml HTTP/1.0" 200 6980105 "-" "-"
89.161.206.59 - - [26/Mar/2025:04:41:35 +0100] "GET /Jurek/maksik/feeds/maksik_bol.xml HTTP/1.0" 200 4084787 "-" "-"
89.161.206.59 - - [26/Mar/2025:04:41:38 +0100] "GET /Jurek/zbimatyja/feeds/zbimatyja_bol.xml HTTP/1.0" 200 11670111 "-" "-"
89.161.206.59 - - [26/Mar/2025:04:41:39 +0100] "GET /Jurek/cdata/feeds/cdata_bol.xml HTTP/1.0" 200 1445031 "-" "-"
89.161.206.59 - - [26/Mar/2025:04:41:39 +0100] "GET /Jurek/broers/feeds/broers_bol.xml HTTP/1.0" 200 1982569 "-" "-"
89.161.206.59 - - [26/Mar/2025:04:41:39 +0100] "GET /Jurek/princelh/feeds/princelh_bol.xml HTTP/1.0" 200 133441 "-" "-"
89.161.206.59 - - [26/Mar/2025:04:41:40 +0100] "GET /Jurek/mosti/feeds/mosti_bol.xml HTTP/1.0" 200 4628059 "-" "-"
89.161.206.59 - - [26/Mar/2025:04:41:41 +0100] "GET /Jurek/rosfix/feeds/rosfix_bol.xml HTTP/1.0" 200 35769781 "-" "-"
89.161.206.59 - - [26/Mar/2025:04:41:43 +0100] "GET /Jurek/evil/feeds/evil_bol.xml HTTP/1.0" 200 306381 "-" "-"
89.161.206.59 - - [26/Mar/2025:04:41:43 +0100] "GET /Jurek/drewdon/feeds/drewdon_bol.xml HTTP/1.0" 200 504450 "-" "-"
89.161.206.59 - - [26/Mar/2025:04:41:44 +0100] "GET /Jurek/techrebal/feeds/techrebal_bol.xml HTTP/1.0" 200 1989720 "-" "-"
89.161.206.59 - - [26/Mar/2025:04:41:44 +0100] "GET /Jurek/muminky/feeds/muminky_bol.xml HTTP/1.0" 200 2677703 "-" "-"
89.161.206.59 - - [26/Mar/2025:04:41:44 +0100] "GET /Jurek/hlo/feeds/hlo_bol.xml HTTP/1.0" 200 4838882 "-" "-"
89.161.206.59 - - [26/Mar/2025:04:41:45 +0100] "GET /Jurek/nexus/feeds/nexus_bol.xml HTTP/1.0" 200 226633 "-" "-"
89.161.206.59 - - [26/Mar/2025:04:41:45 +0100] "GET /Jurek/pagmil/feeds/pagmil_bol.xml HTTP/1.0" 200 1802850 "-" "-"
89.161.206.59 - - [26/Mar/2025:04:41:46 +0100] "GET /Jurek/proparts/feeds/proparts_bol.xml HTTP/1.0" 200 707484 "-" "-"
89.161.206.59 - - [26/Mar/2025:04:41:46 +0100] "GET /Jurek/techrebalina/feeds/techrebalina_bol.xml HTTP/1.0" 200 2011184 "-" "-"
89.161.206.59 - - [26/Mar/2025:04:41:48 +0100] "GET /Jurek/avenido/feeds/avenido_bol.xml HTTP/1.0" 200 720083 "-" "-"
89.161.206.59 - - [26/Mar/2025:04:41:50 +0100] "GET /Jurek/waks/feeds/waks_bol.xml HTTP/1.0" 200 1590294 "-" "-"
89.161.206.59 - - [26/Mar/2025:04:41:51 +0100] "GET /Jurek/german/feeds/german_bol.xml HTTP/1.0" 200 2853542 "-" "-"
46.101.116.244 - - [26/Mar/2025:04:41:57 +0100] "GET /Jurek/rovicky/feeds/rovicky_zalando.xml HTTP/1.0" 200 14655355 "-" "-"
89.161.206.59 - - [26/Mar/2025:04:42:14 +0100] "GET /Jurek/artdog/feeds/artdog_emagro.xml HTTP/1.0" 200 17165251 "-" "-"
89.161.206.59 - - [26/Mar/2025:04:42:59 +0100] "GET /Jurek/targethome/feeds/targethome_skroutz.xml HTTP/1.0" 200 688620 "-" "-"
66.249.69.171 - - [26/Mar/2025:04:44:27 +0100] "GET /Jurek/eurofirany/images/389924/1.jpg HTTP/1.1" 200 126016 "-" "Googlebot-Image/1.0"
46.101.116.244 - - [26/Mar/2025:04:46:02 +0100] "GET /Jurek/aw/feeds/aw_fnacfr.xml HTTP/1.0" 404 3551 "-" "-"
89.161.206.59 - - [26/Mar/2025:04:47:29 +0100] "GET /Jurek/ikonka/feeds/ikonka_allegro_cz.xml HTTP/1.0" 200 21399378 "-" "-"
89.161.206.59 - - [26/Mar/2025:04:47:31 +0100] "GET /Jurek/kambukka/feeds/kambukka_allegro.xml HTTP/1.0" 200 1043284 "-" "-"
89.161.206.59 - - [26/Mar/2025:04:47:32 +0100] "GET /Jurek/swiatecznygoliat/feeds/swiatecznygoliat_allegro.xml HTTP/1.0" 200 7054771 "-" "-"
89.161.206.59 - - [26/Mar/2025:04:47:33 +0100] "GET /Jurek/combine/feeds/combine_allegro.xml HTTP/1.0" 200 210566 "-" "-"
89.161.206.59 - - [26/Mar/2025:04:47:33 +0100] "GET /Jurek/spali/feeds/spali_allegro.xml HTTP/1.0" 200 77066 "-" "-"
89.161.206.59 - - [26/Mar/2025:04:47:55 +0100] "GET /Jurek/erohurtownia/feeds/erohurtownia_skroutz.xml HTTP/1.0" 200 22846434 "-" "-"
89.161.206.59 - - [26/Mar/2025:04:47:57 +0100] "GET /Jurek/urwiskowo/feeds/urwiskowo_skroutz.xml HTTP/1.0" 200 9114986 "-" "-"
89.161.206.59 - - [26/Mar/2025:04:48:00 +0100] "GET /Jurek/benetech/feeds/benetech_aliex.xml HTTP/1.0" 200 4165561 "-" "-"
89.161.206.59 - - [26/Mar/2025:04:48:00 +0100] "GET /Jurek/slayo/feeds/slayo_aliex.xml HTTP/1.0" 200 183632 "-" "-"
89.161.206.59 - - [26/Mar/2025:04:48:00 +0100] "GET /Jurek/hdwr/feeds/hdwr_aliex.xml HTTP/1.0" 200 789585 "-" "-"
89.161.206.59 - - [26/Mar/2025:04:48:00 +0100] "GET /Jurek/targethome/feeds/targethome_aliex.xml HTTP/1.0" 200 688677 "-" "-"
89.161.206.59 - - [26/Mar/2025:04:48:01 +0100] "GET /Jurek/amzteam/feeds/amzteam_aliex.xml HTTP/1.0" 200 97912 "-" "-"
89.161.206.59 - - [26/Mar/2025:04:48:01 +0100] "GET /Jurek/ralmetal/feeds/ralmetal_aliex.xml HTTP/1.0" 200 1809258 "-" "-"
89.161.206.59 - - [26/Mar/2025:04:48:01 +0100] "GET /Jurek/cbdgreen/feeds/cbdgreen_aliex.xml HTTP/1.0" 200 50546 "-" "-"
89.161.206.59 - - [26/Mar/2025:04:48:01 +0100] "GET /Jurek/drops/feeds/dropsofficecolection_aliex.xml HTTP/1.0" 200 790977 "-" "-"
89.161.206.59 - - [26/Mar/2025:04:48:02 +0100] "GET /Jurek/szpaklampy/feeds/szpaklampy_aliex.xml HTTP/1.0" 200 388385 "-" "-"
89.161.206.59 - - [26/Mar/2025:04:48:02 +0100] "GET /Jurek/velinda/feeds/velinda_aliex.xml HTTP/1.0" 200 23439 "-" "-"
89.161.206.59 - - [26/Mar/2025:04:48:02 +0100] "GET /Jurek/spali/feeds/spali_aliex.xml HTTP/1.0" 200 77072 "-" "-"
89.161.206.59 - - [26/Mar/2025:04:48:02 +0100] "GET /Jurek/topeshop/feeds/topeshop_aliexpress.xml HTTP/1.0" 200 2529449 "-" "-"
66.249.69.170 - - [26/Mar/2025:04:48:31 +0100] "GET /Jurek/eurofirany/images/404578/2.jpg HTTP/1.1" 200 33 "-" "Googlebot-Image/1.0"
89.161.206.59 - - [26/Mar/2025:04:49:47 +0100] "GET /Jurek/kobi/feeds/kobi_skroutz.xml HTTP/1.0" 200 1993245 "-" "-"
89.161.206.59 - - [26/Mar/2025:04:49:47 +0100] "GET /Jurek/evil/feeds/evil_skroutz.xml HTTP/1.0" 200 252475 "-" "-"
89.161.206.59 - - [26/Mar/2025:04:49:47 +0100] "GET /Jurek/twojsklep/feeds/twojsklep_skroutz.xml HTTP/1.0" 200 126791 "-" "-"
89.161.206.59 - - [26/Mar/2025:04:49:48 +0100] "GET /Jurek/antiodor/feeds/antiodor_skroutz.xml HTTP/1.0" 200 137856 "-" "-"
89.161.206.59 - - [26/Mar/2025:04:49:49 +0100] "GET /Jurek/sartrix/feeds/sartrix_skroutz.xml HTTP/1.0" 200 649178 "-" "-"
89.161.206.59 - - [26/Mar/2025:04:49:50 +0100] "GET /Jurek/luxma/feeds/luxma_skroutz.xml HTTP/1.0" 200 4420122 "-" "-"
89.161.206.59 - - [26/Mar/2025:04:49:51 +0100] "GET /Jurek/drewdon/feeds/drewdon_skroutz.xml HTTP/1.0" 200 358916 "-" "-"
89.161.206.59 - - [26/Mar/2025:04:51:00 +0100] "GET /Jurek/artdog/feeds/artdog_amazonfr.xml HTTP/1.0" 200 17157428 "-" "-"
46.101.116.244 - - [26/Mar/2025:04:51:13 +0100] "GET /Jurek/aw/feeds/aw_fnacfr.xml HTTP/1.0" 404 3551 "-" "-"
66.249.69.170 - - [26/Mar/2025:04:53:26 +0100] "GET /Jurek/eurofirany/images/387474/5.jpg HTTP/1.1" 200 33 "-" "Googlebot-Image/1.0"
66.249.69.170 - - [26/Mar/2025:04:53:27 +0100] "GET /Jurek/eurofirany/images/387474/6.jpg HTTP/1.1" 200 33 "-" "Googlebot-Image/1.0"
66.249.69.170 - - [26/Mar/2025:04:53:58 +0100] "GET /Jurek/eurofirany/images/383337/4.jpg HTTP/1.1" 200 6595 "-" "Googlebot-Image/1.0"
114.119.158.58 - - [26/Mar/2025:04:54:39 +0100] "GET /matikrol/texas/4009816324306_2.jpg.jpg HTTP/1.1" 403 146 "https://arena.pl/oferta/analogowy-termometr-wewnetrzny-i-zewnetrzny-xxl-tfa-12-3040-20-49949001" "Mozilla/5.0 (Linux; Android 7.0;) AppleWebKit/537.36 (KHTML, like Gecko) Mobile Safari/537.36 (compatible; PetalBot;+https://webmaster.petalsearch.com/site/petalbot)"
89.161.206.59 - - [26/Mar/2025:04:55:49 +0100] "GET /Jurek/eurofirany/feeds/eurofirany_ebay.xml HTTP/1.0" 200 19116689 "-" "-"
51.77.52.107 - - [26/Mar/2025:04:55:51 +0100] "GET /Jurek/eurofirany/images/378888/0.jpg HTTP/2.0" 200 70480 "-" "-"
46.101.116.244 - - [26/Mar/2025:04:55:52 +0100] "GET /Jurek/aw/feeds/aw_fnacfr.xml HTTP/1.0" 404 3551 "-" "-"
178.21.154.10 - - [26/Mar/2025:04:58:30 +0100] "GET /Jurek/eurofirany/images/431258/0.jpg HTTP/1.1" 206 256 "https://www.ceneo.pl" "Mozilla/5.0 (Windows NT 10.0; Win64; x64) AppleWebKit/537.36 (KHTML, like Gecko) Chrome/87.0.4280.141 Safari/537.36"
178.21.154.10 - - [26/Mar/2025:04:58:31 +0100] "GET /Jurek/eurofirany/images/463195/0.jpg HTTP/1.1" 206 256 "https://www.ceneo.pl" "Mozilla/5.0 (Windows NT 10.0; Win64; x64) AppleWebKit/537.36 (KHTML, like Gecko) Chrome/87.0.4280.141 Safari/537.36"
89.161.206.59 - - [26/Mar/2025:04:59:20 +0100] "GET /Jurek/oknobest/feeds/oknobest_emagro.xml HTTP/1.0" 200 2708017 "-" "-"
89.161.206.59 - - [26/Mar/2025:04:59:22 +0100] "GET /Jurek/purewear/feeds/purewear_emagro.xml HTTP/1.0" 200 13354832 "-" "-"
89.161.206.59 - - [26/Mar/2025:04:59:23 +0100] "GET /Jurek/beautycare/feeds/beautycare_emagro.xml HTTP/1.0" 200 1181765 "-" "-"
52.18.22.0 - - [26/Mar/2025:05:00:34 +0100] "GET /marketplaces/ubaldi/results/ubaldi.csv HTTP/1.1" 200 147219 "-" "Mirakl HttpClient"
89.161.206.59 - - [26/Mar/2025:05:00:39 +0100] "GET /Jurek/topeshop/feeds/topeshop_amazonFR.xml HTTP/1.0" 200 2529266 "-" "-"
89.161.206.59 - - [26/Mar/2025:05:00:40 +0100] "GET /Jurek/topeshop/feeds/topeshop_amazonSE.xml HTTP/1.0" 200 2529875 "-" "-"
89.161.206.59 - - [26/Mar/2025:05:00:41 +0100] "GET /Jurek/topeshop/feeds/topeshop_amazonES.xml HTTP/1.0" 200 2529250 "-" "-"
85.14.86.141 - - [26/Mar/2025:05:00:41 +0100] "GET /Jurek/vida_morele/feeds/VidaPL_all.xml HTTP/2.0" 200 703816846 "-" "MarketplaceAPI curl/7.64.0 PHP/8"
89.161.206.59 - - [26/Mar/2025:05:00:42 +0100] "GET /Jurek/topeshop/feeds/topeshop_amazonNL.xml HTTP/1.0" 200 2529243 "-" "-"
89.161.206.59 - - [26/Mar/2025:05:00:42 +0100] "GET /Jurek/topeshop/feeds/topeshop_amazonBE.xml HTTP/1.0" 200 2529246 "-" "-"
89.161.206.59 - - [26/Mar/2025:05:00:46 +0100] "GET /Jurek/ikonka/feeds/ikonka_amazonES.xml HTTP/1.0" 200 21398760 "-" "-"
89.161.206.59 - - [26/Mar/2025:05:00:47 +0100] "GET /Jurek/ikonka/feeds/ikonka_amazonNL.xml HTTP/1.0" 200 21398728 "-" "-"
89.161.206.59 - - [26/Mar/2025:05:00:55 +0100] "GET /Jurek/hdwr/feeds/hdwr_amazonfr.xml HTTP/1.0" 200 789417 "-" "-"
89.161.206.59 - - [26/Mar/2025:05:01:00 +0100] "GET /Jurek/erohurtownia/feeds/erohurtownia_amazonde.xml HTTP/1.0" 200 22846339 "-" "-"
46.101.116.244 - - [26/Mar/2025:05:01:06 +0100] "GET /Jurek/aw/feeds/aw_fnacfr.xml HTTP/1.0" 404 3551 "-" "-"
89.161.206.59 - - [26/Mar/2025:05:01:11 +0100] "GET /Jurek/drops/feeds/dropsofficecolection_cdsc.xml HTTP/1.0" 200 784280 "-" "-"
89.161.206.59 - - [26/Mar/2025:05:01:11 +0100] "GET /Jurek/szpaklampy/feeds/szpaklampy_cdsc.xml HTTP/1.0" 200 395834 "-" "-"
52.209.168.113 - - [26/Mar/2025:05:02:01 +0100] "GET /marketplaces/rue/results/rue.csv HTTP/1.1" 200 147219 "-" "Mirakl HttpClient"
85.14.86.141 - - [26/Mar/2025:05:02:12 +0100] "GET /Jurek/kinghoff/feeds/kinghoff_morele.xml HTTP/2.0" 200 15472926 "-" "MarketplaceAPI curl/7.64.0 PHP/8"
85.14.86.141 - - [26/Mar/2025:05:03:31 +0100] "GET /Jurek/eurofirany/feeds/eurofirany_morele.xml HTTP/2.0" 200 19228299 "-" "MarketplaceAPI curl/7.64.0 PHP/8"
66.249.69.170 - - [26/Mar/2025:05:03:40 +0100] "GET /Jurek/eurofirany/images/390399/7.jpg HTTP/1.1" 200 6595 "-" "Googlebot-Image/1.0"
85.14.86.141 - - [26/Mar/2025:05:03:42 +0100] "GET /Jurek/vivaldi/feeds/vivaldi_Morele-PL.xml HTTP/2.0" 200 344674 "-" "MarketplaceAPI curl/7.64.0 PHP/8"
66.249.69.170 - - [26/Mar/2025:05:04:18 +0100] "GET /Jurek/eurofirany/images/390430/7.jpg HTTP/1.1" 200 6595 "-" "Googlebot-Image/1.0"
85.14.86.141 - - [26/Mar/2025:05:04:44 +0100] "GET /Jurek/aw/feeds/awnarzedzia_morele.xml HTTP/2.0" 200 90283678 "-" "MarketplaceAPI curl/7.64.0 PHP/8"
85.14.86.141 - - [26/Mar/2025:05:04:45 +0100] "GET /Jurek/vida_morele/feeds/VidaPL_morele.xml HTTP/2.0" 200 703817539 "-" "MarketplaceAPI curl/7.64.0 PHP/8"
85.14.86.141 - - [26/Mar/2025:05:05:26 +0100] "GET /Jurek/beliani/feeds/beliani_morele.xml HTTP/2.0" 200 31547459 "-" "MarketplaceAPI curl/7.64.0 PHP/8"
46.101.116.244 - - [26/Mar/2025:05:05:50 +0100] "GET /Jurek/aw/feeds/aw_fnacfr.xml HTTP/1.0" 404 3551 "-" "-"
114.119.151.131 - - [26/Mar/2025:05:06:28 +0100] "GET /matikrol/texas/5902110036366_2.jpg HTTP/1.1" 403 146 "https://arena.pl/oferta/wycieraczka-koleczkowa-40x60-cm-49707689" "Mozilla/5.0 (Linux; Android 7.0;) AppleWebKit/537.36 (KHTML, like Gecko) Mobile Safari/537.36 (compatible; PetalBot;+https://webmaster.petalsearch.com/site/petalbot)"
57.141.0.22 - - [26/Mar/2025:05:07:36 +0100] "GET /others/vida_to_apilo/logs/vida_to_apilo_14_02_2025.log HTTP/2.0" 200 702384 "-" "meta-externalagent/1.1 (+https://developers.facebook.com/docs/sharing/webmasters/crawler)"
178.21.154.10 - - [26/Mar/2025:05:08:30 +0100] "GET /Jurek/eurofirany/images/460207/0.jpg HTTP/1.1" 206 256 "https://www.ceneo.pl" "Mozilla/5.0 (Windows NT 10.0; Win64; x64) AppleWebKit/537.36 (KHTML, like Gecko) Chrome/87.0.4280.141 Safari/537.36"
178.21.154.10 - - [26/Mar/2025:05:08:31 +0100] "GET /Jurek/eurofirany/images/429258/0.jpg HTTP/1.1" 206 256 "https://www.ceneo.pl" "Mozilla/5.0 (Windows NT 10.0; Win64; x64) AppleWebKit/537.36 (KHTML, like Gecko) Chrome/87.0.4280.141 Safari/537.36"
185.6.76.18 - - [26/Mar/2025:05:10:20 +0100] "GET /marketplaces/skroutz/feeds/shumee.xml HTTP/1.1" 200 417755658 "-" "SkroutzBot v1.0"
46.101.116.244 - - [26/Mar/2025:05:10:57 +0100] "GET /Jurek/aw/feeds/aw_fnacfr.xml HTTP/1.0" 404 3551 "-" "-"
178.21.154.10 - - [26/Mar/2025:05:11:29 +0100] "GET /Jurek/eurofirany/images/450938/0.jpg HTTP/1.1" 206 256 "https://www.ceneo.pl" "Mozilla/5.0 (Windows NT 10.0; Win64; x64) AppleWebKit/537.36 (KHTML, like Gecko) Chrome/87.0.4280.141 Safari/537.36"
178.21.154.10 - - [26/Mar/2025:05:11:30 +0100] "GET /Jurek/eurofirany/images/450931/0.jpg HTTP/1.1" 206 256 "https://www.ceneo.pl" "Mozilla/5.0 (Windows NT 10.0; Win64; x64) AppleWebKit/537.36 (KHTML, like Gecko) Chrome/87.0.4280.141 Safari/537.36"
89.161.206.59 - - [26/Mar/2025:05:13:07 +0100] "GET /Jurek/elavia/feeds/elavia_skroutz.xml HTTP/1.0" 200 2497261 "-" "-"
89.161.206.59 - - [26/Mar/2025:05:13:11 +0100] "GET /Jurek/aiofactory/feeds/aiofactory_skroutz.xml HTTP/1.0" 200 2123582 "-" "-"
89.161.206.59 - - [26/Mar/2025:05:13:13 +0100] "GET /Jurek/maksik/feeds/maksik_skroutz.xml HTTP/1.0" 200 4084795 "-" "-"
66.249.69.170 - - [26/Mar/2025:05:13:15 +0100] "GET /Jurek/eurofirany/images/416445/5.jpg HTTP/1.1" 200 6595 "-" "Googlebot-Image/1.0"
66.249.69.170 - - [26/Mar/2025:05:13:16 +0100] "GET /Jurek/eurofirany/images/416445/4.jpg HTTP/1.1" 200 6595 "-" "Googlebot-Image/1.0"
66.249.69.170 - - [26/Mar/2025:05:13:17 +0100] "GET /Jurek/eurofirany/images/416445/7.jpg HTTP/1.1" 200 6595 "-" "Googlebot-Image/1.0"
89.161.206.59 - - [26/Mar/2025:05:13:20 +0100] "GET /Jurek/smxdesign/feeds/smxdesign_skroutz.xml HTTP/1.0" 200 1829095 "-" "-"
89.161.206.59 - - [26/Mar/2025:05:13:20 +0100] "GET /Jurek/princelh/feeds/princelh_skroutz.xml HTTP/1.0" 200 133440 "-" "-"
66.249.69.170 - - [26/Mar/2025:05:13:21 +0100] "GET /Jurek/eurofirany/images/416445/8.jpg HTTP/1.1" 200 6595 "-" "Googlebot-Image/1.0"
66.249.69.170 - - [26/Mar/2025:05:13:21 +0100] "GET /Jurek/eurofirany/images/416445/6.jpg HTTP/1.1" 200 6595 "-" "Googlebot-Image/1.0"
89.161.206.59 - - [26/Mar/2025:05:13:22 +0100] "GET /Jurek/proparts/feeds/proparts_skroutz.xml HTTP/1.0" 200 707517 "-" "-"
89.161.206.59 - - [26/Mar/2025:05:13:26 +0100] "GET /Jurek/beltimore/feeds/beltimore_skroutz.xml HTTP/1.0" 200 18649626 "-" "-"
89.161.206.59 - - [26/Mar/2025:05:13:26 +0100] "GET /Jurek/kristronik/feeds/kristronik_skroutz.xml HTTP/1.0" 200 691916 "-" "-"
89.161.206.59 - - [26/Mar/2025:05:13:28 +0100] "GET /Jurek/matkam/feeds/matkam_skroutz.xml HTTP/1.0" 200 5001014 "-" "-"
89.161.206.59 - - [26/Mar/2025:05:13:31 +0100] "GET /Jurek/galopibhp/feeds/galopibhp_skroutz.xml HTTP/1.0" 200 1972894 "-" "-"
66.249.69.170 - - [26/Mar/2025:05:13:33 +0100] "GET /Jurek/eurofirany/images/416445/9.jpg HTTP/1.1" 200 6595 "-" "Googlebot-Image/1.0"
89.161.206.59 - - [26/Mar/2025:05:13:39 +0100] "GET /Jurek/madrex/feeds/madrex_skroutz.xml HTTP/1.0" 200 466727 "-" "-"
89.161.206.59 - - [26/Mar/2025:05:13:47 +0100] "GET /Jurek/techrebalina/feeds/techrebalina_skroutz.xml HTTP/1.0" 200 2011192 "-" "-"
89.161.206.59 - - [26/Mar/2025:05:13:47 +0100] "GET /Jurek/techrebal/feeds/techrebal_skroutz.xml HTTP/1.0" 200 1989711 "-" "-"
89.161.206.59 - - [26/Mar/2025:05:13:49 +0100] "GET /Jurek/nonabox/feeds/nonabox_skroutz.xml HTTP/1.0" 200 33867 "-" "-"
89.161.206.59 - - [26/Mar/2025:05:13:51 +0100] "GET /Jurek/omi/feeds/omi_skroutz.xml HTTP/1.0" 200 8105783 "-" "-"
89.161.206.59 - - [26/Mar/2025:05:14:22 +0100] "GET /Jurek/eoptimo/feeds/eoptimo_skroutz.xml HTTP/1.0" 200 2094387 "-" "-"
89.161.206.59 - - [26/Mar/2025:05:14:22 +0100] "GET /Jurek/broers/feeds/broers_skroutz.xml HTTP/1.0" 200 1982632 "-" "-"
89.161.206.59 - - [26/Mar/2025:05:14:38 +0100] "GET /Jurek/cenoman/feeds/cenoman_skroutz.xml HTTP/1.0" 200 5993218 "-" "-"
89.161.206.59 - - [26/Mar/2025:05:15:44 +0100] "GET /Jurek/ikonka/feeds/ikonka_amazonDE.xml HTTP/1.0" 200 21398711 "-" "-"
89.161.206.59 - - [26/Mar/2025:05:15:45 +0100] "GET /Jurek/ikonka/feeds/ikonka_amazonIT.xml HTTP/1.0" 200 21398775 "-" "-"
89.161.206.59 - - [26/Mar/2025:05:15:46 +0100] "GET /Jurek/hurtownia_przemyslowa/feeds/hp_amazonDE.xml HTTP/1.0" 200 49363018 "-" "-"
89.161.206.59 - - [26/Mar/2025:05:15:49 +0100] "GET /Jurek/hurtownia_przemyslowa/feeds/hp_amazonFR.xml HTTP/1.0" 200 49363536 "-" "-"
89.161.206.59 - - [26/Mar/2025:05:15:56 +0100] "GET /Jurek/fertone/feeds/fertone_skroutz.xml HTTP/1.0" 200 566851 "-" "-"
89.161.206.59 - - [26/Mar/2025:05:15:57 +0100] "GET /Jurek/wenom/feeds/wenom_skroutz.xml HTTP/1.0" 200 583074 "-" "-"
89.161.206.59 - - [26/Mar/2025:05:15:58 +0100] "GET /Jurek/euroshop/feeds/euroshop_skroutz.xml HTTP/1.0" 200 20025569 "-" "-"
89.161.206.59 - - [26/Mar/2025:05:15:59 +0100] "GET /Jurek/oromed/feeds/oromed_amazones.xml HTTP/1.0" 200 955198 "-" "-"
89.161.206.59 - - [26/Mar/2025:05:15:59 +0100] "GET /Jurek/oromed/feeds/oromed_amazonse.xml HTTP/1.0" 200 955382 "-" "-"
89.161.206.59 - - [26/Mar/2025:05:15:59 +0100] "GET /Jurek/oromed/feeds/oromed_amazonbe.xml HTTP/1.0" 200 955197 "-" "-"
89.161.206.59 - - [26/Mar/2025:05:15:59 +0100] "GET /Jurek/german/feeds/german_skroutz.xml HTTP/1.0" 200 2449567 "-" "-"
89.161.206.59 - - [26/Mar/2025:05:15:59 +0100] "GET /Jurek/oromed/feeds/oromed_amazonfr.xml HTTP/1.0" 200 955205 "-" "-"
89.161.206.59 - - [26/Mar/2025:05:16:00 +0100] "GET /Jurek/oromed/feeds/oromed_amazonit.xml HTTP/1.0" 200 955210 "-" "-"
5.134.208.158 - - [26/Mar/2025:05:16:08 +0100] "GET /Jurek/eurofirany/images/460644/0.jpg HTTP/1.1" 206 256 "https://www.ceneo.pl" "Mozilla/5.0 (Windows NT 10.0; Win64; x64) AppleWebKit/537.36 (KHTML, like Gecko) Chrome/87.0.4280.141 Safari/537.36"
89.161.206.59 - - [26/Mar/2025:05:16:09 +0100] "GET /Jurek/hanex/feeds/hanex_amazonde.xml HTTP/1.0" 200 13931426 "-" "-"
46.101.116.244 - - [26/Mar/2025:05:16:12 +0100] "GET /Jurek/aw/feeds/aw_fnacfr.xml HTTP/1.0" 404 3551 "-" "-"
5.134.208.158 - - [26/Mar/2025:05:18:35 +0100] "GET /Jurek/eurofirany/images/459400/0.jpg HTTP/1.1" 206 256 "https://www.ceneo.pl" "Mozilla/5.0 (Windows NT 10.0; Win64; x64) AppleWebKit/537.36 (KHTML, like Gecko) Chrome/87.0.4280.141 Safari/537.36"
5.134.208.158 - - [26/Mar/2025:05:18:35 +0100] "GET /Jurek/eurofirany/images/459850/0.jpg HTTP/1.1" 206 256 "https://www.ceneo.pl" "Mozilla/5.0 (Windows NT 10.0; Win64; x64) AppleWebKit/537.36 (KHTML, like Gecko) Chrome/87.0.4280.141 Safari/537.36"
5.134.208.158 - - [26/Mar/2025:05:18:35 +0100] "GET /Jurek/eurofirany/images/459850/0.jpg HTTP/1.1" 206 256 "https://www.ceneo.pl" "Mozilla/5.0 (Windows NT 10.0; Win64; x64) AppleWebKit/537.36 (KHTML, like Gecko) Chrome/87.0.4280.141 Safari/537.36"
5.134.208.158 - - [26/Mar/2025:05:18:36 +0100] "GET /Jurek/eurofirany/images/460233/0.jpg HTTP/1.1" 206 256 "https://www.ceneo.pl" "Mozilla/5.0 (Windows NT 10.0; Win64; x64) AppleWebKit/537.36 (KHTML, like Gecko) Chrome/87.0.4280.141 Safari/537.36"
