89.161.206.59 - - [20/Mar/2025:07:58:56 +0100] "GET /Jurek/zbimatyja/feeds/zbimatyja_skroutz.xml HTTP/1.0" 200 11670202 "-" "-"
89.161.206.59 - - [20/Mar/2025:07:58:56 +0100] "GET /Jurek/equalo/feeds/equalo_skroutz.xml HTTP/1.0" 200 98003 "-" "-"
89.161.206.59 - - [20/Mar/2025:07:58:57 +0100] "GET /Jurek/lampart/feeds/lampart_skroutz.xml HTTP/1.0" 200 936053 "-" "-"
89.161.206.59 - - [20/Mar/2025:07:58:57 +0100] "GET /Jurek/purewear/feeds/purewear_skroutz.xml HTTP/1.0" 200 13352750 "-" "-"
51.77.52.107 - - [20/Mar/2025:07:58:59 +0100] "GET /Jurek/eurofirany/images/380052/0.jpg HTTP/2.0" 200 69624 "-" "-"
46.101.116.244 - - [20/Mar/2025:07:58:59 +0100] "GET /Jurek/duka/feeds/duka_mallsl.xml HTTP/2.0" 200 57 "-" "-"
51.77.52.107 - - [20/Mar/2025:07:59:02 +0100] "GET /Jurek/eurofirany/images/380128/0.jpg HTTP/2.0" 200 52423 "-" "-"
46.101.116.244 - - [20/Mar/2025:07:59:10 +0100] "GET /Jurek/miloohome/feeds/miloohome_mallsi.xml HTTP/2.0" 200 1421056 "-" "-"
51.77.52.107 - - [20/Mar/2025:07:59:17 +0100] "GET /Jurek/eurofirany/images/388827/0.jpg HTTP/2.0" 200 29348 "-" "-"
46.101.116.244 - - [20/Mar/2025:07:59:21 +0100] "GET /Jurek/stema/feeds/stema_mallsl.xml HTTP/2.0" 200 842058 "-" "-"
51.77.52.107 - - [20/Mar/2025:07:59:21 +0100] "GET /Jurek/eurofirany/images/388828/0.jpg HTTP/2.0" 200 31805 "-" "-"
46.101.116.244 - - [20/Mar/2025:07:59:31 +0100] "GET /Jurek/fernity/feeds/fernity_mallsl.xml HTTP/2.0" 200 5208163 "-" "-"
57.141.4.20 - - [20/Mar/2025:07:59:40 +0100] "GET /marketplaces/worten/__pycache__/utils.cpython-39.pyc HTTP/2.0" 200 4652 "-" "meta-externalagent/1.1 (+https://developers.facebook.com/docs/sharing/webmasters/crawler)"
51.77.52.107 - - [20/Mar/2025:07:59:44 +0100] "GET /Jurek/eurofirany/images/388830/0.jpg HTTP/2.0" 200 36274 "-" "-"
46.101.116.244 - - [20/Mar/2025:07:59:54 +0100] "GET /Jurek/kinghoff/feeds/kinghoff_mallsl.xml HTTP/2.0" 200 15525366 "-" "-"
51.77.52.107 - - [20/Mar/2025:08:00:00 +0100] "GET /Jurek/eurofirany/images/387388/0.jpg HTTP/2.0" 200 117045 "-" "-"
46.101.116.244 - - [20/Mar/2025:08:00:09 +0100] "GET /Jurek/kinghome/feeds/kinghome_mallsl.xml HTTP/2.0" 200 5835507 "-" "-"
51.77.52.107 - - [20/Mar/2025:08:00:14 +0100] "GET /Jurek/eurofirany/images/398237/0.jpg HTTP/2.0" 200 131930 "-" "-"
46.101.116.244 - - [20/Mar/2025:08:00:20 +0100] "GET /Jurek/vivaldi/feeds/vivaldi_Mall-sl.xml HTTP/2.0" 200 344581 "-" "-"
51.77.52.107 - - [20/Mar/2025:08:00:28 +0100] "GET /Jurek/eurofirany/images/392698/0.jpg HTTP/2.0" 200 164146 "-" "-"
46.101.116.244 - - [20/Mar/2025:08:00:31 +0100] "GET /Jurek/eurofirany/feeds/eurofirany_mall_si_shumee.xml HTTP/2.0" 200 19225039 "-" "-"
52.18.22.0 - - [20/Mar/2025:08:00:40 +0100] "GET /marketplaces/ubaldi/results/ubaldi.csv HTTP/1.1" 200 3324625 "-" "Mirakl HttpClient"
51.77.52.107 - - [20/Mar/2025:08:00:42 +0100] "GET /Jurek/eurofirany/images/393230/0.jpg HTTP/2.0" 200 70589 "-" "-"
85.14.86.141 - - [20/Mar/2025:08:00:44 +0100] "GET /Jurek/vida_morele/feeds/VidaPL_all.xml HTTP/2.0" 200 702260915 "-" "MarketplaceAPI curl/7.64.0 PHP/8"
51.77.52.107 - - [20/Mar/2025:08:00:47 +0100] "GET /Jurek/eurofirany/images/393254/0.jpg HTTP/2.0" 200 32908 "-" "-"
51.77.52.107 - - [20/Mar/2025:08:01:00 +0100] "GET /Jurek/eurofirany/images/397148/0.jpg HTTP/2.0" 200 192024 "-" "-"
89.161.206.59 - - [20/Mar/2025:08:01:02 +0100] "GET /Jurek/rosfix/feeds/rosfix_cdsc.xml HTTP/1.0" 200 19133277 "-" "-"
51.77.52.107 - - [20/Mar/2025:08:01:05 +0100] "GET /Jurek/eurofirany/images/389922/0.jpg HTTP/2.0" 200 162747 "-" "-"
51.77.52.107 - - [20/Mar/2025:08:01:09 +0100] "GET /Jurek/eurofirany/images/389931/0.jpg HTTP/2.0" 200 117767 "-" "-"
51.77.52.107 - - [20/Mar/2025:08:01:17 +0100] "GET /Jurek/eurofirany/images/389935/0.jpg HTTP/2.0" 200 154661 "-" "-"
51.77.52.107 - - [20/Mar/2025:08:01:28 +0100] "GET /Jurek/eurofirany/images/395901/0.jpg HTTP/2.0" 200 198341 "-" "-"
51.77.52.107 - - [20/Mar/2025:08:01:40 +0100] "GET /Jurek/eurofirany/images/395903/0.jpg HTTP/2.0" 200 97259 "-" "-"
51.77.52.107 - - [20/Mar/2025:08:01:45 +0100] "GET /Jurek/eurofirany/images/389988/0.jpg HTTP/2.0" 200 114139 "-" "-"
89.161.206.59 - - [20/Mar/2025:08:01:58 +0100] "GET /Jurek/galopi/feeds/galopi_emagro.xml HTTP/1.0" 200 2111365 "-" "-"
51.77.52.107 - - [20/Mar/2025:08:02:00 +0100] "GET /Jurek/eurofirany/images/372693/0.jpg HTTP/2.0" 200 73802 "-" "-"
89.161.206.59 - - [20/Mar/2025:08:02:13 +0100] "GET /Jurek/kristronik/feeds/kristronik_emagro.xml HTTP/1.0" 200 692098 "-" "-"
89.161.206.59 - - [20/Mar/2025:08:02:13 +0100] "GET /Jurek/techrebalina/feeds/techrebalina_emagro.xml HTTP/1.0" 200 2011320 "-" "-"
89.161.206.59 - - [20/Mar/2025:08:02:13 +0100] "GET /Jurek/techrebal/feeds/techrebal_emagro.xml HTTP/1.0" 200 1989882 "-" "-"
89.161.206.59 - - [20/Mar/2025:08:02:15 +0100] "GET /Jurek/em3/feeds/em3_emagro.xml HTTP/1.0" 200 259012 "-" "-"
89.161.206.59 - - [20/Mar/2025:08:02:15 +0100] "GET /Jurek/nonabox/feeds/nonabox_emagro.xml HTTP/1.0" 200 33877 "-" "-"
51.77.52.107 - - [20/Mar/2025:08:02:19 +0100] "GET /Jurek/eurofirany/images/372698/0.jpg HTTP/2.0" 200 83759 "-" "-"
51.77.52.107 - - [20/Mar/2025:08:02:24 +0100] "GET /Jurek/eurofirany/images/389233/0.jpg HTTP/2.0" 200 86705 "-" "-"
85.14.86.141 - - [20/Mar/2025:08:02:31 +0100] "GET /Jurek/kinghoff/feeds/kinghoff_morele.xml HTTP/2.0" 200 15526137 "-" "MarketplaceAPI curl/7.64.0 PHP/8"
51.77.52.107 - - [20/Mar/2025:08:02:36 +0100] "GET /Jurek/eurofirany/images/389609/0.jpg HTTP/2.0" 200 134177 "-" "-"
51.77.52.107 - - [20/Mar/2025:08:02:49 +0100] "GET /Jurek/eurofirany/images/388387/0.jpg HTTP/2.0" 200 77268 "-" "-"
52.209.168.113 - - [20/Mar/2025:08:02:51 +0100] "GET /marketplaces/rue/results/rue.csv HTTP/1.1" 200 6858834 "-" "Mirakl HttpClient"
51.77.52.107 - - [20/Mar/2025:08:03:02 +0100] "GET /Jurek/eurofirany/images/388393/0.jpg HTTP/2.0" 200 118115 "-" "-"
51.77.52.107 - - [20/Mar/2025:08:03:16 +0100] "GET /Jurek/eurofirany/images/367706/0.jpg HTTP/2.0" 200 81190 "-" "-"
51.77.52.107 - - [20/Mar/2025:08:03:30 +0100] "GET /Jurek/eurofirany/images/380849/0.jpg HTTP/2.0" 200 59620 "-" "-"
51.77.52.107 - - [20/Mar/2025:08:03:33 +0100] "GET /Jurek/eurofirany/images/390136/0.jpg HTTP/2.0" 200 82863 "-" "-"
51.77.52.107 - - [20/Mar/2025:08:03:46 +0100] "GET /Jurek/eurofirany/images/390738/0.jpg HTTP/2.0" 200 68119 "-" "-"
51.77.52.107 - - [20/Mar/2025:08:03:50 +0100] "GET /Jurek/eurofirany/images/390348/0.jpg HTTP/2.0" 200 97708 "-" "-"
51.77.52.107 - - [20/Mar/2025:08:04:05 +0100] "GET /Jurek/eurofirany/images/390353/0.jpg HTTP/2.0" 200 95224 "-" "-"
89.161.206.59 - - [20/Mar/2025:08:04:12 +0100] "GET /Jurek/kinghoff/feeds/kinghoff_cdiscount.xml HTTP/1.0" 200 47 "-" "-"
77.79.248.229 - - [20/Mar/2025:08:04:17 +0100] "GET /Jurek/rosfix/feeds/rosfix_zero.xml HTTP/1.1" 200 35770050 "-" "Python-urllib/3.11"
51.77.52.107 - - [20/Mar/2025:08:04:22 +0100] "GET /Jurek/eurofirany/images/391916/0.jpg HTTP/2.0" 200 44740 "-" "-"
51.77.52.107 - - [20/Mar/2025:08:04:35 +0100] "GET /Jurek/eurofirany/images/391922/0.jpg HTTP/2.0" 200 51183 "-" "-"
193.33.8.61 - - [20/Mar/2025:08:04:44 +0100] "GET /Jurek/rosfix/feeds/rosfix_zero.xml HTTP/2.0" 200 35770050 "https://konsola.dkkapusta1997.usermd.net/" "Mozilla/5.0 (Windows NT 10.0; Win64; x64) AppleWebKit/537.36 (KHTML, like Gecko) Chrome/134.0.0.0 Safari/537.36"
51.77.52.107 - - [20/Mar/2025:08:04:50 +0100] "GET /Jurek/eurofirany/images/391926/0.jpg HTTP/2.0" 200 40941 "-" "-"
51.77.52.107 - - [20/Mar/2025:08:05:00 +0100] "GET /Jurek/eurofirany/images/391928/0.jpg HTTP/2.0" 200 48548 "-" "-"
51.77.52.107 - - [20/Mar/2025:08:05:05 +0100] "GET /Jurek/eurofirany/images/391942/0.jpg HTTP/2.0" 200 46991 "-" "-"
85.14.86.141 - - [20/Mar/2025:08:05:07 +0100] "GET /Jurek/eurofirany/feeds/eurofirany_morele.xml HTTP/2.0" 200 19226561 "-" "MarketplaceAPI curl/7.64.0 PHP/8"
85.14.86.141 - - [20/Mar/2025:08:05:16 +0100] "GET /Jurek/vivaldi/feeds/vivaldi_Morele-PL.xml HTTP/2.0" 200 344674 "-" "MarketplaceAPI curl/7.64.0 PHP/8"
51.77.52.107 - - [20/Mar/2025:08:05:19 +0100] "GET /Jurek/eurofirany/images/391988/0.jpg HTTP/2.0" 200 52008 "-" "-"
51.77.52.107 - - [20/Mar/2025:08:05:39 +0100] "GET /Jurek/eurofirany/images/390407/0.jpg HTTP/2.0" 200 122464 "-" "-"
51.77.52.107 - - [20/Mar/2025:08:05:46 +0100] "GET /Jurek/eurofirany/images/384112/0.jpg HTTP/2.0" 200 98113 "-" "-"
51.77.52.107 - - [20/Mar/2025:08:05:58 +0100] "GET /Jurek/eurofirany/images/388639/0.jpg HTTP/2.0" 200 128362 "-" "-"
5.134.208.158 - - [20/Mar/2025:08:06:00 +0100] "GET /Jurek/eurofirany/images/422870/0.jpg HTTP/1.1" 200 139601 "-" "-"
5.134.208.158 - - [20/Mar/2025:08:06:00 +0100] "GET /Jurek/eurofirany/images/362325/0.jpg HTTP/1.1" 200 85775 "-" "-"
5.134.208.158 - - [20/Mar/2025:08:06:00 +0100] "GET /Jurek/eurofirany/images/335310/0.jpg HTTP/1.1" 200 127225 "-" "-"
5.134.208.158 - - [20/Mar/2025:08:06:00 +0100] "GET /Jurek/eurofirany/images/416438/0.jpg HTTP/1.1" 200 105080 "-" "-"
5.134.208.158 - - [20/Mar/2025:08:06:00 +0100] "GET /Jurek/eurofirany/images/422874/0.jpg HTTP/1.1" 200 136431 "-" "-"
5.134.208.158 - - [20/Mar/2025:08:06:00 +0100] "GET /Jurek/eurofirany/images/367308/0.jpg HTTP/1.1" 200 119845 "-" "-"
5.134.208.158 - - [20/Mar/2025:08:06:00 +0100] "GET /Jurek/eurofirany/images/352529/0.jpg HTTP/1.1" 200 108632 "-" "-"
5.134.208.158 - - [20/Mar/2025:08:06:00 +0100] "GET /Jurek/eurofirany/images/439844/0.jpg HTTP/1.1" 200 120706 "-" "-"
5.134.208.158 - - [20/Mar/2025:08:06:00 +0100] "GET /Jurek/eurofirany/images/416142/0.jpg HTTP/1.1" 200 112607 "-" "-"
5.134.208.158 - - [20/Mar/2025:08:06:01 +0100] "GET /Jurek/eurofirany/images/367321/0.jpg HTTP/1.1" 200 131643 "-" "-"
51.77.52.107 - - [20/Mar/2025:08:06:03 +0100] "GET /Jurek/eurofirany/images/380864/0.jpg HTTP/2.0" 200 151600 "-" "-"
85.14.86.141 - - [20/Mar/2025:08:06:04 +0100] "GET /Jurek/aw/feeds/awnarzedzia_morele.xml HTTP/2.0" 200 90243493 "-" "MarketplaceAPI curl/7.64.0 PHP/8"
85.14.86.141 - - [20/Mar/2025:08:06:08 +0100] "GET /Jurek/vida_morele/feeds/VidaPL_morele.xml HTTP/2.0" 200 702262105 "-" "MarketplaceAPI curl/7.64.0 PHP/8"
51.77.52.107 - - [20/Mar/2025:08:06:10 +0100] "GET /Jurek/eurofirany/images/380866/0.jpg HTTP/2.0" 200 155301 "-" "-"
46.101.116.244 - - [20/Mar/2025:08:06:10 +0100] "GET /Jurek/unimet/feeds/unimet_mallsi.xml HTTP/2.0" 200 60475470 "-" "-"
51.77.52.107 - - [20/Mar/2025:08:06:30 +0100] "GET /Jurek/eurofirany/images/380871/0.jpg HTTP/2.0" 200 137927 "-" "-"
51.77.52.107 - - [20/Mar/2025:08:06:35 +0100] "GET /Jurek/eurofirany/images/386901/0.jpg HTTP/2.0" 200 115470 "-" "-"
85.14.86.141 - - [20/Mar/2025:08:06:38 +0100] "GET /Jurek/beliani/feeds/beliani_morele.xml HTTP/2.0" 200 31673875 "-" "MarketplaceAPI curl/7.64.0 PHP/8"
51.77.52.107 - - [20/Mar/2025:08:06:43 +0100] "GET /Jurek/eurofirany/images/387555/0.jpg HTTP/2.0" 200 25657 "-" "-"
5.134.208.158 - - [20/Mar/2025:08:06:44 +0100] "GET /Jurek/eurofirany/images/451649/0.jpg HTTP/1.1" 206 256 "https://www.ceneo.pl" "Mozilla/5.0 (Windows NT 10.0; Win64; x64) AppleWebKit/537.36 (KHTML, like Gecko) Chrome/87.0.4280.141 Safari/537.36"
89.161.206.59 - - [20/Mar/2025:08:06:50 +0100] "GET /Jurek/hdwr/feeds/hdwr_amazonfr.xml HTTP/1.0" 200 789399 "-" "-"
89.161.206.59 - - [20/Mar/2025:08:06:53 +0100] "GET /Jurek/oromed/feeds/oromed_amazones.xml HTTP/1.0" 200 954313 "-" "-"
89.161.206.59 - - [20/Mar/2025:08:06:53 +0100] "GET /Jurek/oromed/feeds/oromed_amazonse.xml HTTP/1.0" 200 954490 "-" "-"
89.161.206.59 - - [20/Mar/2025:08:06:54 +0100] "GET /Jurek/oromed/feeds/oromed_amazonbe.xml HTTP/1.0" 200 954304 "-" "-"
89.161.206.59 - - [20/Mar/2025:08:06:54 +0100] "GET /Jurek/oromed/feeds/oromed_amazonfr.xml HTTP/1.0" 200 954306 "-" "-"
89.161.206.59 - - [20/Mar/2025:08:06:54 +0100] "GET /Jurek/oromed/feeds/oromed_amazonit.xml HTTP/1.0" 200 954308 "-" "-"
51.77.52.107 - - [20/Mar/2025:08:06:56 +0100] "GET /Jurek/eurofirany/images/387576/0.jpg HTTP/2.0" 200 95057 "-" "-"
51.77.52.107 - - [20/Mar/2025:08:07:07 +0100] "GET /Jurek/eurofirany/images/387062/0.jpg HTTP/2.0" 200 65305 "-" "-"
51.77.52.107 - - [20/Mar/2025:08:07:13 +0100] "GET /Jurek/eurofirany/images/383858/0.jpg HTTP/2.0" 200 177936 "-" "-"
89.161.206.59 - - [20/Mar/2025:08:07:18 +0100] "GET /Jurek/hdwr/feeds/hdwr_amazonde.xml HTTP/1.0" 200 789400 "-" "-"
89.161.206.59 - - [20/Mar/2025:08:07:19 +0100] "GET /Jurek/kambukka/feeds/kambukka_amazonde.xml HTTP/1.0" 200 1043108 "-" "-"
89.161.206.59 - - [20/Mar/2025:08:07:19 +0100] "GET /Jurek/benetech/feeds/benetech_amazonde.xml HTTP/1.0" 200 4165255 "-" "-"
89.161.206.59 - - [20/Mar/2025:08:07:19 +0100] "GET /Jurek/sempler/feeds/sempler_amazonbe.xml HTTP/1.0" 200 6787940 "-" "-"
89.161.206.59 - - [20/Mar/2025:08:07:20 +0100] "GET /Jurek/kambukka/feeds/kambukka_amazonbe.xml HTTP/1.0" 200 1043114 "-" "-"
89.161.206.59 - - [20/Mar/2025:08:07:21 +0100] "GET /Jurek/eroplace/feeds/eroplace_amazonse.xml HTTP/1.0" 200 52176099 "-" "-"
51.77.52.107 - - [20/Mar/2025:08:07:27 +0100] "GET /Jurek/eurofirany/images/383859/0.jpg HTTP/2.0" 200 201972 "-" "-"
89.161.206.59 - - [20/Mar/2025:08:07:30 +0100] "GET /Jurek/b3/feeds/b3_amazones.xml HTTP/1.0" 200 7852945 "-" "-"
51.77.52.107 - - [20/Mar/2025:08:07:31 +0100] "GET /Jurek/eurofirany/images/383865/0.jpg HTTP/2.0" 200 229685 "-" "-"
89.161.206.59 - - [20/Mar/2025:08:07:32 +0100] "GET /Jurek/b3/feeds/b3_amazonbe.xml HTTP/1.0" 200 7852754 "-" "-"
89.161.206.59 - - [20/Mar/2025:08:07:36 +0100] "GET /Jurek/pupus/feeds/pupus_amazonde.xml HTTP/1.0" 200 6154640 "-" "-"
51.77.52.107 - - [20/Mar/2025:08:07:42 +0100] "GET /Jurek/eurofirany/images/386906/0.jpg HTTP/2.0" 200 88285 "-" "-"
89.161.206.59 - - [20/Mar/2025:08:07:47 +0100] "GET /Jurek/hurtmeblowy/feeds/hurtmeblowy_amazonde.xml HTTP/1.0" 200 7523888 "-" "-"
51.77.52.107 - - [20/Mar/2025:08:07:54 +0100] "GET /Jurek/eurofirany/images/387683/0.jpg HTTP/2.0" 200 187849 "-" "-"
46.101.116.244 - - [20/Mar/2025:08:08:06 +0100] "GET /Jurek/vidaSI/feeds/vidaSI_mall.xml HTTP/2.0" 200 623572736 "-" "-"
193.33.8.61 - - [20/Mar/2025:08:08:07 +0100] "GET /Jurek/pawonik/feeds/pawonik_cdsc.xml HTTP/2.0" 200 1839168 "https://konsola.dkkapusta1997.usermd.net/" "Mozilla/5.0 (Windows NT 10.0; Win64; x64) AppleWebKit/537.36 (KHTML, like Gecko) Chrome/134.0.0.0 Safari/537.36"
51.77.52.107 - - [20/Mar/2025:08:08:10 +0100] "GET /Jurek/eurofirany/images/392632/0.jpg HTTP/2.0" 200 59941 "-" "-"
77.79.248.229 - - [20/Mar/2025:08:08:11 +0100] "GET /Jurek/pawonik/feeds/pawonik_cdsc.xml HTTP/1.1" 200 1839168 "-" "Python-urllib/3.11"
51.77.52.107 - - [20/Mar/2025:08:08:14 +0100] "GET /Jurek/eurofirany/images/367844/0.jpg HTTP/2.0" 200 75589 "-" "-"
89.161.206.59 - - [20/Mar/2025:08:08:16 +0100] "GET /Jurek/em3/feeds/em3_leroy.xml HTTP/1.0" 200 258925 "-" "-"
89.161.206.59 - - [20/Mar/2025:08:08:18 +0100] "GET /Jurek/kinghoff/feeds/kinghoff_amazon_de.xml HTTP/1.0" 200 15525258 "-" "-"
89.161.206.59 - - [20/Mar/2025:08:08:19 +0100] "GET /Jurek/bass/feeds/bass_amazonde.xml HTTP/1.0" 200 3984388 "-" "-"
89.161.206.59 - - [20/Mar/2025:08:08:19 +0100] "GET /Jurek/bass/feeds/bass_amazonit.xml HTTP/1.0" 200 3984532 "-" "-"
89.161.206.59 - - [20/Mar/2025:08:08:20 +0100] "GET /Jurek/bass/feeds/bass_amazonnl.xml HTTP/1.0" 200 3984424 "-" "-"
89.161.206.59 - - [20/Mar/2025:08:08:20 +0100] "GET /Jurek/bass/feeds/bass_amazones.xml HTTP/1.0" 200 3984549 "-" "-"
89.161.206.59 - - [20/Mar/2025:08:08:20 +0100] "GET /Jurek/bass/feeds/bass_amazonse.xml HTTP/1.0" 200 3986298 "-" "-"
51.77.52.107 - - [20/Mar/2025:08:08:27 +0100] "GET /Jurek/eurofirany/images/367108/0.jpg HTTP/2.0" 200 71793 "-" "-"
34.228.210.240 - - [20/Mar/2025:08:08:34 +0100] "GET /Jurek/kinghoff/feeds/kinghoff_cdiscount.xml HTTP/1.1" 206 47 "-" "Slackbot-LinkExpanding 1.0 (+https://api.slack.com/robots)"
52.55.136.26 - - [20/Mar/2025:08:08:34 +0100] "GET /Jurek/kinghoff/feeds/kinghoff_cdiscount.xml HTTP/1.1" 416 3538 "-" "Slackbot-LinkExpanding 1.0 (+https://api.slack.com/robots)"
54.86.209.8 - - [20/Mar/2025:08:08:35 +0100] "GET /Jurek/kinghoff/feeds/kinghoff_cdiscount.xml HTTP/1.1" 206 47 "-" "Slackbot-LinkExpanding 1.0 (+https://api.slack.com/robots)"
54.84.19.176 - - [20/Mar/2025:08:08:35 +0100] "GET /favicon.ico HTTP/1.1" 404 3551 "-" "Slackbot 1.0 (+https://api.slack.com/robots)"
54.88.53.146 - - [20/Mar/2025:08:08:35 +0100] "GET /Jurek/kinghoff/feeds/kinghoff_cdiscount.xml HTTP/1.1" 416 3538 "-" "Slackbot-LinkExpanding 1.0 (+https://api.slack.com/robots)"
54.205.97.71 - - [20/Mar/2025:08:08:36 +0100] "GET /favicon.ico HTTP/1.1" 404 3551 "-" "Slackbot 1.0 (+https://api.slack.com/robots)"
51.77.52.107 - - [20/Mar/2025:08:08:41 +0100] "GET /Jurek/eurofirany/images/383967/0.jpg HTTP/2.0" 200 144580 "-" "-"
51.77.52.107 - - [20/Mar/2025:08:08:53 +0100] "GET /Jurek/eurofirany/images/387660/0.jpg HTTP/2.0" 200 88492 "-" "-"
51.77.52.107 - - [20/Mar/2025:08:09:08 +0100] "GET /Jurek/eurofirany/images/377869/0.jpg HTTP/2.0" 200 86415 "-" "-"
51.77.52.107 - - [20/Mar/2025:08:09:13 +0100] "GET /Jurek/eurofirany/images/379583/0.jpg HTTP/2.0" 200 93525 "-" "-"
51.77.52.107 - - [20/Mar/2025:08:09:24 +0100] "GET /Jurek/eurofirany/images/379586/0.jpg HTTP/2.0" 200 85237 "-" "-"
89.161.206.59 - - [20/Mar/2025:08:09:28 +0100] "GET /Jurek/eurofirany/feeds/eurofirany_cdiscount.xml HTTP/1.0" 200 22974203 "-" "-"
51.77.52.107 - - [20/Mar/2025:08:09:37 +0100] "GET /Jurek/eurofirany/images/375601/0.jpg HTTP/2.0" 200 84234 "-" "-"
89.161.206.59 - - [20/Mar/2025:08:09:47 +0100] "GET /Jurek/muminky/feeds/muminky_cdsc.xml HTTP/1.0" 200 2935871 "-" "-"
51.77.52.107 - - [20/Mar/2025:08:09:54 +0100] "GET /Jurek/eurofirany/images/367705/0.jpg HTTP/2.0" 200 108327 "-" "-"
89.161.206.59 - - [20/Mar/2025:08:10:02 +0100] "GET /Jurek/ikonka/feeds/ikonka_amazonIT.xml HTTP/1.0" 200 21265200 "-" "-"
89.161.206.59 - - [20/Mar/2025:08:10:05 +0100] "GET /Jurek/hurtownia_przemyslowa/feeds/hp_amazonDE.xml HTTP/1.0" 200 49363273 "-" "-"
185.6.76.18 - - [20/Mar/2025:08:10:11 +0100] "GET /marketplaces/skroutz/feeds/shumee.xml HTTP/1.1" 200 419239978 "-" "SkroutzBot v1.0"
89.161.206.59 - - [20/Mar/2025:08:10:11 +0100] "GET /Jurek/hurtownia_przemyslowa/feeds/hp_amazonFR.xml HTTP/1.0" 200 49363460 "-" "-"
51.77.52.107 - - [20/Mar/2025:08:10:16 +0100] "GET /Jurek/eurofirany/images/366372/0.jpg HTTP/2.0" 200 75615 "-" "-"
89.161.206.59 - - [20/Mar/2025:08:10:17 +0100] "GET /Jurek/hurtownia_przemyslowa/feeds/hp_amazonIT.xml HTTP/1.0" 200 49363559 "-" "-"
51.77.52.107 - - [20/Mar/2025:08:10:20 +0100] "GET /Jurek/eurofirany/images/362911/0.jpg HTTP/2.0" 200 93958 "-" "-"
89.161.206.59 - - [20/Mar/2025:08:10:22 +0100] "GET /Jurek/hurtownia_przemyslowa/feeds/hp_amazonNL.xml HTTP/1.0" 200 49363254 "-" "-"
89.161.206.59 - - [20/Mar/2025:08:10:27 +0100] "GET /Jurek/hurtownia_przemyslowa/feeds/hp_amazonSE.xml HTTP/1.0" 200 49378692 "-" "-"
51.77.52.107 - - [20/Mar/2025:08:10:34 +0100] "GET /Jurek/eurofirany/images/350122/0.jpg HTTP/2.0" 200 154236 "-" "-"
51.77.52.107 - - [20/Mar/2025:08:10:40 +0100] "GET /Jurek/eurofirany/images/350132/0.jpg HTTP/2.0" 200 112884 "-" "-"
51.77.52.107 - - [20/Mar/2025:08:10:51 +0100] "GET /Jurek/eurofirany/images/350145/0.jpg HTTP/2.0" 200 146941 "-" "-"
89.161.206.59 - - [20/Mar/2025:08:11:05 +0100] "GET /Jurek/aiofactory/feeds/aiofactory_amazonfr.xml HTTP/1.0" 200 2123380 "-" "-"
89.161.206.59 - - [20/Mar/2025:08:11:05 +0100] "GET /Jurek/aiofactory/feeds/aiofactory_amazonit.xml HTTP/1.0" 200 2123359 "-" "-"
89.161.206.59 - - [20/Mar/2025:08:11:06 +0100] "GET /Jurek/aiofactory/feeds/aiofactory_amazonde.xml HTTP/1.0" 200 2123343 "-" "-"
89.161.206.59 - - [20/Mar/2025:08:11:06 +0100] "GET /Jurek/swiatecznygoliat/feeds/swiatecznygoliat_amazonde.xml HTTP/1.0" 200 7054356 "-" "-"
51.77.52.107 - - [20/Mar/2025:08:11:19 +0100] "GET /Jurek/eurofirany/images/351382/0.jpg HTTP/2.0" 200 131769 "-" "-"
51.77.52.107 - - [20/Mar/2025:08:11:23 +0100] "GET /Jurek/eurofirany/images/222791/0.jpg HTTP/2.0" 200 136449 "-" "-"
51.77.52.107 - - [20/Mar/2025:08:11:32 +0100] "GET /Jurek/eurofirany/images/48629/0.jpg HTTP/2.0" 200 69657 "-" "-"
193.33.8.61 - - [20/Mar/2025:08:11:44 +0100] "GET /Jurek/jankeski/feeds/jankeski_zero.xml HTTP/2.0" 200 6570274 "https://konsola.dkkapusta1997.usermd.net/" "Mozilla/5.0 (Windows NT 10.0; Win64; x64) AppleWebKit/537.36 (KHTML, like Gecko) Chrome/134.0.0.0 Safari/537.36"
51.77.52.107 - - [20/Mar/2025:08:11:45 +0100] "GET /Jurek/eurofirany/images/25401/0.jpg HTTP/2.0" 200 83659 "-" "-"
77.79.248.229 - - [20/Mar/2025:08:11:53 +0100] "GET /Jurek/jankeski/feeds/jankeski_zero.xml HTTP/1.1" 200 6570274 "-" "Python-urllib/3.11"
51.77.52.107 - - [20/Mar/2025:08:11:59 +0100] "GET /Jurek/eurofirany/images/410643/0.jpg HTTP/2.0" 200 83607 "-" "-"
51.77.52.107 - - [20/Mar/2025:08:12:03 +0100] "GET /Jurek/eurofirany/images/421729/0.jpg HTTP/2.0" 200 94774 "-" "-"
193.33.8.61 - - [20/Mar/2025:08:12:05 +0100] "GET /Jurek/hurtmeblowy/feeds/hurtmeblowy_zero.xml HTTP/2.0" 200 8216470 "https://konsola.dkkapusta1997.usermd.net/" "Mozilla/5.0 (Windows NT 10.0; Win64; x64) AppleWebKit/537.36 (KHTML, like Gecko) Chrome/134.0.0.0 Safari/537.36"
193.33.8.61 - - [20/Mar/2025:08:12:18 +0100] "GET /favicon.ico HTTP/2.0" 404 3551 "https://dkkapusta1997.usermd.net/Jurek/hurtmeblowy/feeds/hurtmeblowy_zero.xml" "Mozilla/5.0 (Windows NT 10.0; Win64; x64) AppleWebKit/537.36 (KHTML, like Gecko) Chrome/134.0.0.0 Safari/537.36"
51.77.52.107 - - [20/Mar/2025:08:12:22 +0100] "GET /Jurek/eurofirany/images/451987/0.jpg HTTP/2.0" 200 134356 "-" "-"
51.77.52.107 - - [20/Mar/2025:08:12:37 +0100] "GET /Jurek/eurofirany/images/463837/0.jpg HTTP/2.0" 200 77662 "-" "-"
89.161.206.59 - - [20/Mar/2025:08:13:46 +0100] "GET /Jurek/ikonka/feeds/ikonka_amazonDE.xml HTTP/1.0" 200 21265203 "-" "-"
89.161.206.59 - - [20/Mar/2025:08:13:48 +0100] "GET /Jurek/ikonka/feeds/ikonka_amazonFR.xml HTTP/1.0" 200 21265213 "-" "-"
193.33.8.61 - - [20/Mar/2025:08:14:31 +0100] "GET /Jurek/erohurtownia/feeds/erohurtownia_zero.xml HTTP/2.0" 200 22848497 "-" "Mozilla/5.0 (Windows NT 10.0; Win64; x64) AppleWebKit/537.36 (KHTML, like Gecko) Chrome/134.0.0.0 Safari/537.36"
193.33.8.61 - - [20/Mar/2025:08:15:56 +0100] "GET /Jurek/galopi/feeds/galopi_zero.xml HTTP/2.0" 200 2110841 "https://konsola.dkkapusta1997.usermd.net/" "Mozilla/5.0 (Windows NT 10.0; Win64; x64) AppleWebKit/537.36 (KHTML, like Gecko) Chrome/134.0.0.0 Safari/537.36"
206.168.34.90 - - [20/Mar/2025:08:16:42 +0100] "GET / HTTP/1.1" 200 1559 "-" "Mozilla/5.0 (compatible; CensysInspect/1.1; +https://about.censys.io/)"
206.168.34.90 - - [20/Mar/2025:08:16:44 +0100] "GET /favicon.ico HTTP/1.1" 404 3551 "-" "Mozilla/5.0 (compatible; CensysInspect/1.1; +https://about.censys.io/)"
206.168.34.90 - - [20/Mar/2025:08:17:19 +0100] "GET /favicon.ico HTTP/1.1" 404 3551 "-" "Mozilla/5.0 (compatible; CensysInspect/1.1; +https://about.censys.io/)"
89.161.206.59 - - [20/Mar/2025:08:17:33 +0100] "GET /Jurek/wenom/feeds/wenom_skroutz.xml HTTP/1.0" 200 583073 "-" "-"
89.161.206.59 - - [20/Mar/2025:08:17:34 +0100] "GET /Jurek/euroshop/feeds/euroshop_skroutz.xml HTTP/1.0" 200 20025451 "-" "-"
89.161.206.59 - - [20/Mar/2025:08:17:36 +0100] "GET /Jurek/german/feeds/german_skroutz.xml HTTP/1.0" 200 2501753 "-" "-"
193.33.8.61 - - [20/Mar/2025:08:17:47 +0100] "GET /Jurek/amzteam/feeds/amzteam_zero.xml HTTP/2.0" 304 0 "https://konsola.dkkapusta1997.usermd.net/" "Mozilla/5.0 (Windows NT 10.0; Win64; x64) AppleWebKit/537.36 (KHTML, like Gecko) Chrome/134.0.0.0 Safari/537.36"
193.33.8.61 - - [20/Mar/2025:08:18:02 +0100] "GET /Jurek/hurtownia_przemyslowa/feeds/hp_zero.xml HTTP/2.0" 200 15736787 "https://konsola.dkkapusta1997.usermd.net/" "Mozilla/5.0 (Windows NT 10.0; Win64; x64) AppleWebKit/537.36 (KHTML, like Gecko) Chrome/134.0.0.0 Safari/537.36"
77.79.248.229 - - [20/Mar/2025:08:18:05 +0100] "GET /Jurek/hurtownia_przemyslowa/feeds/hp_zero.xml HTTP/1.1" 200 49359723 "-" "Python-urllib/3.11"
89.161.206.59 - - [20/Mar/2025:08:18:26 +0100] "GET /Jurek/kambukka/feeds/kambukka_amazones.xml HTTP/1.0" 200 1043110 "-" "-"
89.161.206.59 - - [20/Mar/2025:08:18:27 +0100] "GET /Jurek/waks/feeds/waks_amazonde.xml HTTP/1.0" 200 1592369 "-" "-"
89.161.206.59 - - [20/Mar/2025:08:18:27 +0100] "GET /Jurek/waks/feeds/waks_amazonfr.xml HTTP/1.0" 200 1592439 "-" "-"
89.161.206.59 - - [20/Mar/2025:08:18:27 +0100] "GET /Jurek/waks/feeds/waks_amazonse.xml HTTP/1.0" 200 1594514 "-" "-"
89.161.206.59 - - [20/Mar/2025:08:22:14 +0100] "GET /Jurek/hurtownia_przemyslowa/feeds/hp_allegro_cz.xml HTTP/1.0" 200 49369442 "-" "-"
66.249.92.132 - - [20/Mar/2025:08:22:41 +0100] "GET /Jurek/eurofirany/images/383389/0.jpg HTTP/1.1" 200 77096 "https://www.primarygames.fun/" "Mediapartners-Google"
66.249.66.66 - - [20/Mar/2025:08:24:55 +0100] "GET /Jurek/eurofirany/images/383057/4.jpg HTTP/1.1" 200 43416 "-" "Googlebot-Image/1.0"
89.161.206.59 - - [20/Mar/2025:08:28:03 +0100] "GET /Jurek/pawonik/feeds/pawonik_cdsc.xml HTTP/1.0" 200 1839168 "-" "-"
193.33.8.61 - - [20/Mar/2025:08:29:37 +0100] "GET /Jurek/eurofirany/feeds/eurofirany_zero.xml HTTP/2.0" 200 11026432 "https://konsola.dkkapusta1997.usermd.net/" "Mozilla/5.0 (Windows NT 10.0; Win64; x64) AppleWebKit/537.36 (KHTML, like Gecko) Chrome/134.0.0.0 Safari/537.36"
77.79.248.229 - - [20/Mar/2025:08:29:40 +0100] "GET /Jurek/eurofirany/feeds/eurofirany_zero.xml HTTP/1.1" 200 19220568 "-" "Python-urllib/3.11"
89.161.206.59 - - [20/Mar/2025:08:29:49 +0100] "GET /Jurek/szpaklampy/feeds/szpaklampy_allegro.xml HTTP/1.0" 200 388377 "-" "-"
89.161.206.59 - - [20/Mar/2025:08:29:49 +0100] "GET /Jurek/fertone/feeds/fertone_allegro.xml HTTP/1.0" 200 594323 "-" "-"
66.249.66.66 - - [20/Mar/2025:08:31:18 +0100] "GET /Jurek/eurofirany/images/390399/7.jpg HTTP/1.1" 200 6595 "-" "Googlebot-Image/1.0"
193.33.8.61 - - [20/Mar/2025:08:33:30 +0100] "GET /Jurek/topeshop/feeds/topeshop_zero.xml HTTP/2.0" 200 2517403 "https://konsola.dkkapusta1997.usermd.net/" "Mozilla/5.0 (Windows NT 10.0; Win64; x64) AppleWebKit/537.36 (KHTML, like Gecko) Chrome/134.0.0.0 Safari/537.36"
52.209.168.113 - - [20/Mar/2025:08:36:56 +0100] "GET /marketplaces/worten2/results/worten.csv HTTP/1.1" 200 147217 "-" "Mirakl HttpClient"
3.126.202.245 - - [20/Mar/2025:08:37:01 +0100] "GET /Jurek/topeshop/downloaded_images/5904507209131_20st1kaszmir140.jpg HTTP/2.0" 200 21473 "-" "Mozilla/5.0 (Windows NT 10.0; Win64; x64) AppleWebKit/537.36 (KHTML, like Gecko) Chrome/109.0.0.0 Safari/537.36"
89.161.206.59 - - [20/Mar/2025:08:38:23 +0100] "GET /Jurek/hdwr/feeds/hdwr_cdsc.xml HTTP/1.0" 200 745708 "-" "-"
193.33.8.61 - - [20/Mar/2025:08:39:13 +0100] "GET /Jurek/hdwr/feeds/hdwr_cdsc.xml HTTP/2.0" 200 745708 "https://konsola.dkkapusta1997.usermd.net/" "Mozilla/5.0 (Windows NT 10.0; Win64; x64) AppleWebKit/537.36 (KHTML, like Gecko) Chrome/134.0.0.0 Safari/537.36"
77.79.248.229 - - [20/Mar/2025:08:39:19 +0100] "GET /Jurek/hdwr/feeds/hdwr_cdsc.xml HTTP/1.1" 200 745708 "-" "Python-urllib/3.11"
66.249.66.66 - - [20/Mar/2025:08:40:17 +0100] "GET /Jurek/eurofirany/images/404522/2.jpg HTTP/1.1" 200 33 "-" "Googlebot-Image/1.0"
66.249.66.66 - - [20/Mar/2025:08:41:33 +0100] "GET /Jurek/eurofirany/images/419260/2.jpg HTTP/1.1" 200 0 "-" "Googlebot-Image/1.0"
5.134.208.158 - - [20/Mar/2025:08:43:15 +0100] "GET /Jurek/eurofirany/images/431927/0.jpg HTTP/1.1" 200 102961 "-" "-"
89.161.206.59 - - [20/Mar/2025:08:44:19 +0100] "GET /Jurek/aiofactory/feeds/aiofactory_amazones.xml HTTP/1.0" 200 2123361 "-" "-"
89.161.206.59 - - [20/Mar/2025:08:44:19 +0100] "GET /Jurek/aiofactory/feeds/aiofactory_amazonnl.xml HTTP/1.0" 200 2123369 "-" "-"
89.161.206.59 - - [20/Mar/2025:08:45:30 +0100] "GET /Jurek/pupus/feeds/pupus_bol.xml HTTP/1.0" 200 6154492 "-" "-"
89.161.206.59 - - [20/Mar/2025:08:45:32 +0100] "GET /Jurek/hanex/feeds/hanex_BOL.xml HTTP/1.0" 200 13931388 "-" "-"
89.161.206.59 - - [20/Mar/2025:08:45:33 +0100] "GET /Jurek/roger/feeds/roger_bol.xml HTTP/1.0" 200 1396666 "-" "-"
89.161.206.59 - - [20/Mar/2025:08:45:33 +0100] "GET /Jurek/smxdesign/feeds/smxdesign_bol.xml HTTP/1.0" 200 1829091 "-" "-"
89.161.206.59 - - [20/Mar/2025:08:45:33 +0100] "GET /Jurek/shiori/feeds/shiori_bol.xml HTTP/1.0" 200 453639 "-" "-"
89.161.206.59 - - [20/Mar/2025:08:45:34 +0100] "GET /Jurek/dropkz/feeds/dropkz_bol.xml HTTP/1.0" 200 70013265 "-" "-"
89.161.206.59 - - [20/Mar/2025:08:45:40 +0100] "GET /Jurek/eoptimo/feeds/eoptimo_bol.xml HTTP/1.0" 200 2094364 "-" "-"
89.161.206.59 - - [20/Mar/2025:08:45:41 +0100] "GET /Jurek/sklep24amk/feeds/sklep24amk_bol.xml HTTP/1.0" 200 3894531 "-" "-"
89.161.206.59 - - [20/Mar/2025:08:45:41 +0100] "GET /Jurek/matkam/feeds/matkam_bol.xml HTTP/1.0" 200 5000751 "-" "-"
89.161.206.59 - - [20/Mar/2025:08:45:42 +0100] "GET /Jurek/sportprise/feeds/sportprise_bol.xml HTTP/1.0" 200 12725302 "-" "-"
89.161.206.59 - - [20/Mar/2025:08:45:43 +0100] "GET /Jurek/elavia/feeds/elavia_bol.xml HTTP/1.0" 200 2497262 "-" "-"
89.161.206.59 - - [20/Mar/2025:08:45:44 +0100] "GET /Jurek/kobi/feeds/kobi_bol.xml HTTP/1.0" 200 1993199 "-" "-"
89.161.206.59 - - [20/Mar/2025:08:45:44 +0100] "GET /Jurek/dekoele/feeds/dekoele_bol.xml HTTP/1.0" 200 733932 "-" "-"
89.161.206.59 - - [20/Mar/2025:08:45:44 +0100] "GET /Jurek/pawonik/feeds/pawonik_bol.xml HTTP/1.0" 200 2586101 "-" "-"
89.161.206.59 - - [20/Mar/2025:08:45:45 +0100] "GET /Jurek/sartrix/feeds/sartrix_bol.xml HTTP/1.0" 200 649165 "-" "-"
89.161.206.59 - - [20/Mar/2025:08:45:45 +0100] "GET /Jurek/hdwr/feeds/hdwr_BOL.xml HTTP/1.0" 200 789393 "-" "-"
89.161.206.59 - - [20/Mar/2025:08:45:45 +0100] "GET /Jurek/szpaklampy/feeds/szpaklampy_bol.xml HTTP/1.0" 200 388237 "-" "-"
89.161.206.59 - - [20/Mar/2025:08:45:46 +0100] "GET /Jurek/nonabox/feeds/nonabox_bol.xml HTTP/1.0" 200 33867 "-" "-"
89.161.206.59 - - [20/Mar/2025:08:45:46 +0100] "GET /Jurek/purewear/feeds/purewear_bol.xml HTTP/1.0" 200 13351455 "-" "-"
89.161.206.59 - - [20/Mar/2025:08:45:48 +0100] "GET /Jurek/cenoman/feeds/cenoman_bol.xml HTTP/1.0" 200 5993178 "-" "-"
89.161.206.59 - - [20/Mar/2025:08:45:48 +0100] "GET /Jurek/newtechele/feeds/newtechele_bol.xml HTTP/1.0" 200 2438375 "-" "-"
89.161.206.59 - - [20/Mar/2025:08:45:48 +0100] "GET /Jurek/beltimore/feeds/beltimore_bol.xml HTTP/1.0" 200 18649831 "-" "-"
89.161.206.59 - - [20/Mar/2025:08:45:49 +0100] "GET /Jurek/kristronik/feeds/kristronik_bol.xml HTTP/1.0" 200 691979 "-" "-"
193.33.8.61 - - [20/Mar/2025:08:49:09 +0100] "GET /Jurek/smxdesign/output.txt HTTP/2.0" 200 13305 "https://konsola.dkkapusta1997.usermd.net/" "Mozilla/5.0 (Windows NT 10.0; Win64; x64) AppleWebKit/537.36 (KHTML, like Gecko) Chrome/134.0.0.0 Safari/537.36"
193.33.8.61 - - [20/Mar/2025:08:49:26 +0100] "GET /favicon.ico HTTP/2.0" 404 3551 "https://dkkapusta1997.usermd.net/Jurek/eany/" "Mozilla/5.0 (Windows NT 10.0; Win64; x64) AppleWebKit/537.36 (KHTML, like Gecko) Chrome/134.0.0.0 Safari/537.36"
66.249.66.66 - - [20/Mar/2025:08:49:50 +0100] "GET /Jurek/eurofirany/images/378046/5.jpg HTTP/1.1" 200 33 "-" "Googlebot-Image/1.0"
193.33.8.61 - - [20/Mar/2025:08:50:23 +0100] "GET /Jurek/smxdesign/output.txt HTTP/2.0" 200 13305 "https://konsola.dkkapusta1997.usermd.net/" "Mozilla/5.0 (Windows NT 10.0; Win64; x64) AppleWebKit/537.36 (KHTML, like Gecko) Chrome/134.0.0.0 Safari/537.36"
66.249.66.66 - - [20/Mar/2025:08:50:54 +0100] "GET /Jurek/eurofirany/images/397147/5.jpg HTTP/1.1" 200 6595 "-" "Googlebot-Image/1.0"
5.134.208.158 - - [20/Mar/2025:08:52:54 +0100] "GET /Jurek/eurofirany/images/441488/0.jpg HTTP/1.1" 206 256 "https://www.ceneo.pl" "Mozilla/5.0 (Windows NT 10.0; Win64; x64) AppleWebKit/537.36 (KHTML, like Gecko) Chrome/87.0.4280.141 Safari/537.36"
89.161.206.59 - - [20/Mar/2025:08:52:54 +0100] "GET /Jurek/sempler/feeds/sempler_allegro.xml HTTP/1.0" 200 6788340 "-" "-"
89.161.206.59 - - [20/Mar/2025:08:52:56 +0100] "GET /Jurek/oromed/feeds/oromed_allegro.xml HTTP/1.0" 200 954412 "-" "-"
89.161.206.59 - - [20/Mar/2025:08:52:56 +0100] "GET /Jurek/ekuchcikowo/feeds/ekuchcikowo_allegro.xml HTTP/1.0" 200 13759448 "-" "-"
89.161.206.59 - - [20/Mar/2025:08:52:57 +0100] "GET /Jurek/livinhill/feeds/livinhill_allegro.xml HTTP/1.0" 200 1452820 "-" "-"
89.161.206.59 - - [20/Mar/2025:08:52:57 +0100] "GET /Jurek/narzbud/feeds/narzbud_allegro.xml HTTP/1.0" 200 1901329 "-" "-"
89.161.206.59 - - [20/Mar/2025:08:52:57 +0100] "GET /Jurek/bisanti/feeds/bisanti_allegro.xml HTTP/1.0" 200 1142369 "-" "-"
89.161.206.59 - - [20/Mar/2025:08:52:58 +0100] "GET /Jurek/ekolight/feeds/ekolight_allegro.xml HTTP/1.0" 200 9053498 "-" "-"
89.161.206.59 - - [20/Mar/2025:08:52:58 +0100] "GET /Jurek/urwiskowo/feeds/urwiskowo_allegro.xml HTTP/1.0" 200 9115642 "-" "-"
89.161.206.59 - - [20/Mar/2025:08:52:59 +0100] "GET /Jurek/reman/feeds/reman_allegro.xml HTTP/1.0" 200 1394894 "-" "-"
89.161.206.59 - - [20/Mar/2025:08:53:50 +0100] "GET /Jurek/slayo/feeds/slayo_skroutz.xml HTTP/1.0" 200 183612 "-" "-"
193.33.8.61 - - [20/Mar/2025:08:54:45 +0100] "GET /Jurek/kinghoff/feeds/kinghoff_cdiscount.xml HTTP/2.0" 304 0 "-" "Mozilla/5.0 (Windows NT 10.0; Win64; x64) AppleWebKit/537.36 (KHTML, like Gecko) Chrome/134.0.0.0 Safari/537.36"
66.249.66.66 - - [20/Mar/2025:08:55:32 +0100] "GET /Jurek/eurofirany/images/400579/11.jpg HTTP/1.1" 200 6595 "-" "Googlebot-Image/1.0"
66.249.66.66 - - [20/Mar/2025:08:55:37 +0100] "GET /Jurek/eurofirany/images/402858/4.jpg HTTP/1.1" 200 6595 "-" "Googlebot-Image/1.0"
89.161.206.59 - - [20/Mar/2025:08:55:50 +0100] "GET /Jurek/bass_new/feeds/bass_ebayde.xml HTTP/1.0" 200 4806933 "-" "-"
193.33.8.61 - - [20/Mar/2025:08:56:47 +0100] "GET /Jurek/aw/feeds/awnarzedzia_zero.xml HTTP/2.0" 200 8699904 "-" "Mozilla/5.0 (Windows NT 10.0; Win64; x64) AppleWebKit/537.36 (KHTML, like Gecko) Chrome/134.0.0.0 Safari/537.36"
77.79.248.229 - - [20/Mar/2025:08:56:50 +0100] "GET /Jurek/aw/feeds/awnarzedzia_zero.xml HTTP/1.1" 200 90206695 "-" "Python-urllib/3.11"
89.161.206.59 - - [20/Mar/2025:08:57:35 +0100] "GET /Jurek/snibbs/feeds/snibbs_skroutz.xml HTTP/1.0" 200 74387 "-" "-"
89.161.206.59 - - [20/Mar/2025:08:57:56 +0100] "GET /Jurek/kinghoff/feeds/kinghoff_SkroutzGR.xml HTTP/1.0" 200 15477380 "-" "-"
89.161.206.59 - - [20/Mar/2025:08:58:20 +0100] "GET /Jurek/takapara/feeds/takapara_skroutz.xml HTTP/1.0" 200 1342611 "-" "-"
89.161.206.59 - - [20/Mar/2025:08:58:21 +0100] "GET /Jurek/em3/feeds/em3_skroutz.xml HTTP/1.0" 200 258943 "-" "-"
216.244.66.228 - - [20/Mar/2025:08:59:20 +0100] "GET /robots.txt HTTP/1.1" 403 146 "-" "Mozilla/5.0 (compatible; DotBot/1.2; +https://opensiteexplorer.org/dotbot; help@moz.com)"
193.33.8.61 - - [20/Mar/2025:09:00:15 +0100] "GET /Jurek/reman/feeds/reman_cdsc.xml HTTP/2.0" 200 400878 "https://konsola.dkkapusta1997.usermd.net/" "Mozilla/5.0 (Windows NT 10.0; Win64; x64) AppleWebKit/537.36 (KHTML, like Gecko) Chrome/134.0.0.0 Safari/537.36"
77.79.248.229 - - [20/Mar/2025:09:00:21 +0100] "GET /Jurek/reman/feeds/reman_cdsc.xml HTTP/1.1" 200 400878 "-" "Python-urllib/3.11"
85.14.86.141 - - [20/Mar/2025:09:00:32 +0100] "GET /Jurek/vida_morele/feeds/VidaPL_all.xml HTTP/2.0" 200 702149017 "-" "MarketplaceAPI curl/7.64.0 PHP/8"
193.33.8.61 - - [20/Mar/2025:09:00:41 +0100] "GET /Jurek/smxdesign/feeds/smxdesign_manoFR.xml HTTP/2.0" 200 1829081 "https://konsola.dkkapusta1997.usermd.net/" "Mozilla/5.0 (Windows NT 10.0; Win64; x64) AppleWebKit/537.36 (KHTML, like Gecko) Chrome/134.0.0.0 Safari/537.36"
52.18.22.0 - - [20/Mar/2025:09:00:44 +0100] "GET /marketplaces/ubaldi/results/ubaldi.csv HTTP/1.1" 200 147219 "-" "Mirakl HttpClient"
193.33.8.61 - - [20/Mar/2025:09:00:47 +0100] "GET /Jurek/smxdesign/feeds/smxdesign_manoDE.xml HTTP/2.0" 200 1829047 "https://konsola.dkkapusta1997.usermd.net/" "Mozilla/5.0 (Windows NT 10.0; Win64; x64) AppleWebKit/537.36 (KHTML, like Gecko) Chrome/134.0.0.0 Safari/537.36"
193.33.8.61 - - [20/Mar/2025:09:00:48 +0100] "GET /Jurek/smxdesign/feeds/smxdesign_manoIT.xml HTTP/2.0" 200 1829091 "https://konsola.dkkapusta1997.usermd.net/" "Mozilla/5.0 (Windows NT 10.0; Win64; x64) AppleWebKit/537.36 (KHTML, like Gecko) Chrome/134.0.0.0 Safari/537.36"
193.33.8.61 - - [20/Mar/2025:09:00:50 +0100] "GET /Jurek/smxdesign/feeds/smxdesign_manoES.xml HTTP/2.0" 200 1829074 "https://konsola.dkkapusta1997.usermd.net/" "Mozilla/5.0 (Windows NT 10.0; Win64; x64) AppleWebKit/537.36 (KHTML, like Gecko) Chrome/134.0.0.0 Safari/537.36"
77.79.248.229 - - [20/Mar/2025:09:00:55 +0100] "GET /Jurek/smxdesign/feeds/smxdesign_manoFR.xml HTTP/1.1" 200 1829081 "-" "Python-urllib/3.11"
89.161.206.59 - - [20/Mar/2025:09:00:56 +0100] "GET /Jurek/kinghoff/feeds/kinghoff_emaghu.xml HTTP/1.0" 200 15484643 "-" "-"
89.161.206.59 - - [20/Mar/2025:09:01:12 +0100] "GET /Jurek/targethome/feeds/targethome_emagro.xml HTTP/1.0" 200 688669 "-" "-"
89.161.206.59 - - [20/Mar/2025:09:01:13 +0100] "GET /Jurek/kinghoff/feeds/kinghoff_emagro.xml HTTP/1.0" 200 15479390 "-" "-"
89.161.206.59 - - [20/Mar/2025:09:01:13 +0100] "GET /Jurek/b3/feeds/b3_emagro.xml HTTP/1.0" 200 7855610 "-" "-"
89.161.206.59 - - [20/Mar/2025:09:01:14 +0100] "GET /Jurek/ralmetal/feeds/ralmetal_emag.xml HTTP/1.0" 200 1787426 "-" "-"
89.161.206.59 - - [20/Mar/2025:09:01:14 +0100] "GET /Jurek/oromed/feeds/oromed_emagro.xml HTTP/1.0" 200 954445 "-" "-"
89.161.206.59 - - [20/Mar/2025:09:01:15 +0100] "GET /Jurek/narzbud/feeds/narzbud_emagro.xml HTTP/1.0" 200 1901414 "-" "-"
89.161.206.59 - - [20/Mar/2025:09:01:15 +0100] "GET /Jurek/ekuchcikowo/feeds/ekuchcikowo_emagro.xml HTTP/1.0" 200 13759858 "-" "-"
89.161.206.59 - - [20/Mar/2025:09:01:15 +0100] "GET /Jurek/drops/feeds/dropsofficecolection_emagro.xml HTTP/1.0" 200 790659 "-" "-"
89.161.206.59 - - [20/Mar/2025:09:01:15 +0100] "GET /Jurek/swiatecznygoliat/feeds/swiatecznygoliat_emagro.xml HTTP/1.0" 200 7054981 "-" "-"
89.161.206.59 - - [20/Mar/2025:09:01:16 +0100] "GET /Jurek/edruk/feeds/edruk_emagro.xml HTTP/1.0" 200 14176858 "-" "-"
89.161.206.59 - - [20/Mar/2025:09:01:16 +0100] "GET /Jurek/spali/feeds/spali_emagro.xml HTTP/1.0" 200 77072 "-" "-"
89.161.206.59 - - [20/Mar/2025:09:01:16 +0100] "GET /Jurek/combine/feeds/combine_EMAGRO.xml HTTP/1.0" 200 210571 "-" "-"
89.161.206.59 - - [20/Mar/2025:09:01:17 +0100] "GET /Jurek/cbdgreen/feeds/cbdgreen_emagro.xml HTTP/1.0" 200 50545 "-" "-"
89.161.206.59 - - [20/Mar/2025:09:01:17 +0100] "GET /Jurek/velinda/feeds/velinda_emagro.xml HTTP/1.0" 200 23442 "-" "-"
89.161.206.59 - - [20/Mar/2025:09:01:17 +0100] "GET /Jurek/urwiskowo/feeds/urwiskowo_emagro.xml HTTP/1.0" 200 9116294 "-" "-"
89.161.206.59 - - [20/Mar/2025:09:01:17 +0100] "GET /Jurek/reman/feeds/reman_emagro.xml HTTP/1.0" 200 1394904 "-" "-"
89.161.206.59 - - [20/Mar/2025:09:01:17 +0100] "GET /Jurek/erohurtownia/feeds/erohurtownia_emagro.xml HTTP/1.0" 200 22856175 "-" "-"
89.161.206.59 - - [20/Mar/2025:09:01:23 +0100] "GET /Jurek/aiofactory/feeds/aiofactory_emagro.xml HTTP/1.0" 200 2124125 "-" "-"
89.161.206.59 - - [20/Mar/2025:09:01:27 +0100] "GET /Jurek/sternhoff/feeds/sternhoff_emagro.xml HTTP/1.0" 200 1776146 "-" "-"
89.161.206.59 - - [20/Mar/2025:09:01:27 +0100] "GET /Jurek/pupus/feeds/pupus_emagro.xml HTTP/1.0" 200 6155996 "-" "-"
89.161.206.59 - - [20/Mar/2025:09:01:27 +0100] "GET /Jurek/beltimore/feeds/beltimore_emagro.xml HTTP/1.0" 200 18650884 "-" "-"
89.161.206.59 - - [20/Mar/2025:09:01:28 +0100] "GET /Jurek/smxdesign/feeds/smxdesign_emagro.xml HTTP/1.0" 200 1829244 "-" "-"
89.161.206.59 - - [20/Mar/2025:09:01:32 +0100] "GET /Jurek/hurtownia_przemyslowa/feeds/hp_emagro.xml HTTP/1.0" 200 42446359 "-" "-"
89.161.206.59 - - [20/Mar/2025:09:01:33 +0100] "GET /Jurek/topeshop/feeds/topeshop_emagro.xml HTTP/1.0" 200 917048 "-" "-"
89.161.206.59 - - [20/Mar/2025:09:01:35 +0100] "GET /Jurek/activeshop/feeds/activeshop_emagro.xml HTTP/1.0" 200 10355391 "-" "-"
89.161.206.59 - - [20/Mar/2025:09:01:40 +0100] "GET /Jurek/german/feeds/german_emagro.xml HTTP/1.0" 200 4790873 "-" "-"
52.209.168.113 - - [20/Mar/2025:09:01:51 +0100] "GET /marketplaces/rue/results/rue.csv HTTP/1.1" 200 147219 "-" "Mirakl HttpClient"
85.14.86.141 - - [20/Mar/2025:09:02:30 +0100] "GET /Jurek/kinghoff/feeds/kinghoff_morele.xml HTTP/2.0" 200 15526137 "-" "MarketplaceAPI curl/7.64.0 PHP/8"
89.161.206.59 - - [20/Mar/2025:09:03:53 +0100] "GET /Jurek/oromed/feeds/oromed_amazonnl.xml HTTP/1.0" 200 954306 "-" "-"
89.161.206.59 - - [20/Mar/2025:09:03:58 +0100] "GET /Jurek/pupus/feeds/pupus_amazonnl.xml HTTP/1.0" 200 6154727 "-" "-"
89.161.206.59 - - [20/Mar/2025:09:03:58 +0100] "GET /Jurek/pupus/feeds/pupus_amazonse.xml HTTP/1.0" 200 6156420 "-" "-"
89.161.206.59 - - [20/Mar/2025:09:03:58 +0100] "GET /Jurek/pupus/feeds/pupus_amazonbe.xml HTTP/1.0" 200 6154270 "-" "-"
89.161.206.59 - - [20/Mar/2025:09:03:59 +0100] "GET /Jurek/pupus/feeds/pupus_amazonit.xml HTTP/1.0" 200 6154318 "-" "-"
89.161.206.59 - - [20/Mar/2025:09:03:59 +0100] "GET /Jurek/pupus/feeds/pupus_amazones.xml HTTP/1.0" 200 6154643 "-" "-"
66.249.66.66 - - [20/Mar/2025:09:05:01 +0100] "GET /Jurek/eurofirany/images/434742/9.jpg HTTP/1.1" 200 33 "-" "Googlebot-Image/1.0"
85.14.86.141 - - [20/Mar/2025:09:05:02 +0100] "GET /Jurek/eurofirany/feeds/eurofirany_morele.xml HTTP/2.0" 200 19226561 "-" "MarketplaceAPI curl/7.64.0 PHP/8"
85.14.86.141 - - [20/Mar/2025:09:05:07 +0100] "GET /Jurek/vivaldi/feeds/vivaldi_Morele-PL.xml HTTP/2.0" 200 344674 "-" "MarketplaceAPI curl/7.64.0 PHP/8"
85.14.86.141 - - [20/Mar/2025:09:05:59 +0100] "GET /Jurek/vida_morele/feeds/VidaPL_morele.xml HTTP/2.0" 200 702150204 "-" "MarketplaceAPI curl/7.64.0 PHP/8"
85.14.86.141 - - [20/Mar/2025:09:06:09 +0100] "GET /Jurek/aw/feeds/awnarzedzia_morele.xml HTTP/2.0" 200 90243493 "-" "MarketplaceAPI curl/7.64.0 PHP/8"
85.14.86.141 - - [20/Mar/2025:09:06:33 +0100] "GET /Jurek/beliani/feeds/beliani_morele.xml HTTP/2.0" 200 31673875 "-" "MarketplaceAPI curl/7.64.0 PHP/8"
89.161.206.59 - - [20/Mar/2025:09:06:58 +0100] "GET /Jurek/reman/feeds/reman_cdsc.xml HTTP/1.0" 200 400887 "-" "-"
77.79.248.229 - - [20/Mar/2025:09:07:20 +0100] "GET /Jurek/smxdesign/feeds/smxdesign_manoDE.xml HTTP/1.1" 200 1829047 "-" "Python-urllib/3.11"
77.79.248.229 - - [20/Mar/2025:09:08:05 +0100] "GET /Jurek/smxdesign/feeds/smxdesign_manoIT.xml HTTP/1.1" 200 1829091 "-" "Python-urllib/3.11"
77.79.248.229 - - [20/Mar/2025:09:08:39 +0100] "GET /Jurek/smxdesign/feeds/smxdesign_manoES.xml HTTP/1.1" 200 1829074 "-" "Python-urllib/3.11"
193.33.8.61 - - [20/Mar/2025:09:09:07 +0100] "GET /Jurek/sartrix/feeds/sartrix_cdsc.xml HTTP/2.0" 200 867453 "https://konsola.dkkapusta1997.usermd.net/" "Mozilla/5.0 (Windows NT 10.0; Win64; x64) AppleWebKit/537.36 (KHTML, like Gecko) Chrome/134.0.0.0 Safari/537.36"
77.79.248.229 - - [20/Mar/2025:09:09:14 +0100] "GET /Jurek/sartrix/feeds/sartrix_cdsc.xml HTTP/1.1" 200 867453 "-" "Python-urllib/3.11"
185.6.76.18 - - [20/Mar/2025:09:10:07 +0100] "GET /marketplaces/skroutz/feeds/shumee.xml HTTP/1.1" 200 419239978 "-" "SkroutzBot v1.0"
178.21.154.6 - - [20/Mar/2025:09:11:27 +0100] "GET /Jurek/eurofirany/images/389957/0.jpg HTTP/1.1" 200 199278 "-" "-"
89.161.206.59 - - [20/Mar/2025:09:11:37 +0100] "GET /Jurek/sartrix/feeds/sartrix_cdsc.xml HTTP/1.0" 200 867453 "-" "-"
193.33.8.61 - - [20/Mar/2025:09:12:55 +0100] "GET /Jurek/drewdon/feeds/drewdon_cdsc.xml HTTP/2.0" 200 483683 "https://konsola.dkkapusta1997.usermd.net/" "Mozilla/5.0 (Windows NT 10.0; Win64; x64) AppleWebKit/537.36 (KHTML, like Gecko) Chrome/134.0.0.0 Safari/537.36"
77.79.248.229 - - [20/Mar/2025:09:12:58 +0100] "GET /Jurek/drewdon/feeds/drewdon_cdsc.xml HTTP/1.1" 200 483683 "-" "Python-urllib/3.11"
178.21.154.6 - - [20/Mar/2025:09:13:42 +0100] "GET /Jurek/eurofirany/images/423204/0.jpg HTTP/1.1" 200 0 "-" "-"
178.21.154.6 - - [20/Mar/2025:09:13:42 +0100] "GET /Jurek/eurofirany/images/423204/0.jpg HTTP/1.1" 200 0 "https://www.ceneo.pl" "Mozilla/5.0 (Windows NT 10.0; WOW64) AppleWebKit/537.36 (KHTML, like Gecko) Chrome/52.0.2743.82 Safari/537.36 OPR/39.0.2256.48"
178.21.154.6 - - [20/Mar/2025:09:13:42 +0100] "GET /Jurek/eurofirany/images/423204/0.jpg HTTP/1.1" 200 0 "-" "-"
178.21.154.6 - - [20/Mar/2025:09:13:42 +0100] "GET /Jurek/eurofirany/images/423204/0.jpg HTTP/1.1" 200 0 "https://www.ceneo.pl" "Mozilla/5.0 (Windows NT 10.0; WOW64) AppleWebKit/537.36 (KHTML, like Gecko) Chrome/52.0.2743.82 Safari/537.36 OPR/39.0.2256.48"
89.161.206.59 - - [20/Mar/2025:09:14:38 +0100] "GET /Jurek/drewdon/feeds/drewdon_cdsc.xml HTTP/1.0" 200 483683 "-" "-"
86.124.206.15 - - [20/Mar/2025:09:15:36 +0100] "GET /Jurek/eurofirany/images/349804/1.jpg HTTP/2.0" 200 51264 "https://content.emag.network/" "Mozilla/5.0 (Windows NT 10.0; Win64; x64) AppleWebKit/537.36 (KHTML, like Gecko) Chrome/134.0.0.0 Safari/537.36"
86.124.206.15 - - [20/Mar/2025:09:15:36 +0100] "GET /Jurek/eurofirany/images/349804/3.jpg HTTP/2.0" 200 233967 "https://content.emag.network/" "Mozilla/5.0 (Windows NT 10.0; Win64; x64) AppleWebKit/537.36 (KHTML, like Gecko) Chrome/134.0.0.0 Safari/537.36"
86.124.206.15 - - [20/Mar/2025:09:15:36 +0100] "GET /Jurek/eurofirany/images/349804/2.jpg HTTP/2.0" 200 126161 "https://content.emag.network/" "Mozilla/5.0 (Windows NT 10.0; Win64; x64) AppleWebKit/537.36 (KHTML, like Gecko) Chrome/134.0.0.0 Safari/537.36"
86.124.206.15 - - [20/Mar/2025:09:15:36 +0100] "GET /Jurek/eurofirany/images/349804/4.jpg HTTP/2.0" 200 202972 "https://content.emag.network/" "Mozilla/5.0 (Windows NT 10.0; Win64; x64) AppleWebKit/537.36 (KHTML, like Gecko) Chrome/134.0.0.0 Safari/537.36"
86.124.206.15 - - [20/Mar/2025:09:15:36 +0100] "GET /Jurek/eurofirany/images/349804/5.jpg HTTP/2.0" 200 148028 "https://content.emag.network/" "Mozilla/5.0 (Windows NT 10.0; Win64; x64) AppleWebKit/537.36 (KHTML, like Gecko) Chrome/134.0.0.0 Safari/537.36"
66.249.66.66 - - [20/Mar/2025:09:15:49 +0100] "GET /Jurek/topeshop/downloaded_images/5902838467473_SONOMASZAFADUOBOKOT.jpg HTTP/1.1" 404 3551 "-" "Googlebot-Image/1.0"
66.249.66.66 - - [20/Mar/2025:09:15:50 +0100] "GET /Jurek/topeshop/downloaded_images/5902838467473_1.jpg HTTP/1.1" 404 3551 "-" "Googlebot-Image/1.0"
66.249.66.66 - - [20/Mar/2025:09:15:53 +0100] "GET /Jurek/topeshop/downloaded_images/5902838467473_4.jpg HTTP/1.1" 404 3551 "-" "Googlebot-Image/1.0"
66.249.66.66 - - [20/Mar/2025:09:15:53 +0100] "GET /Jurek/topeshop/downloaded_images/5902838467473_SONOMASZAFADUOFRONTZM.jpg HTTP/1.1" 404 3551 "-" "Googlebot-Image/1.0"
66.249.66.66 - - [20/Mar/2025:09:16:26 +0100] "GET /Jurek/eurofirany/images/390393/7.jpg HTTP/1.1" 200 6595 "-" "Googlebot-Image/1.0"
193.33.8.61 - - [20/Mar/2025:09:18:16 +0100] "GET /Jurek/ HTTP/2.0" 200 8792 "-" "Mozilla/5.0 (Macintosh; Intel Mac OS X 10_15_7) AppleWebKit/605.1.15 (KHTML, like Gecko) Version/17.5 Safari/605.1.15"
193.33.8.61 - - [20/Mar/2025:09:18:16 +0100] "GET /Jurek/styles.css HTTP/2.0" 404 3551 "https://dkkapusta1997.usermd.net/Jurek/" "Mozilla/5.0 (Macintosh; Intel Mac OS X 10_15_7) AppleWebKit/605.1.15 (KHTML, like Gecko) Version/17.5 Safari/605.1.15"
193.33.8.61 - - [20/Mar/2025:09:18:16 +0100] "GET /Jurek/fernity_images/files_list.txt HTTP/2.0" 404 3551 "https://dkkapusta1997.usermd.net/Jurek/" "Mozilla/5.0 (Macintosh; Intel Mac OS X 10_15_7) AppleWebKit/605.1.15 (KHTML, like Gecko) Version/17.5 Safari/605.1.15"
193.33.8.61 - - [20/Mar/2025:09:18:16 +0100] "GET /Jurek/art2deco/files_list.txt HTTP/2.0" 404 3551 "https://dkkapusta1997.usermd.net/Jurek/" "Mozilla/5.0 (Macintosh; Intel Mac OS X 10_15_7) AppleWebKit/605.1.15 (KHTML, like Gecko) Version/17.5 Safari/605.1.15"
193.33.8.61 - - [20/Mar/2025:09:18:16 +0100] "GET /Jurek/x_to_ceneo/fernity/files_list.txt HTTP/2.0" 404 3551 "https://dkkapusta1997.usermd.net/Jurek/" "Mozilla/5.0 (Macintosh; Intel Mac OS X 10_15_7) AppleWebKit/605.1.15 (KHTML, like Gecko) Version/17.5 Safari/605.1.15"
193.33.8.61 - - [20/Mar/2025:09:18:16 +0100] "GET /Jurek/jarstol/files_list.txt HTTP/2.0" 404 3551 "https://dkkapusta1997.usermd.net/Jurek/" "Mozilla/5.0 (Macintosh; Intel Mac OS X 10_15_7) AppleWebKit/605.1.15 (KHTML, like Gecko) Version/17.5 Safari/605.1.15"
193.33.8.61 - - [20/Mar/2025:09:18:16 +0100] "GET /Jurek/x_to_ceneo/kinghoff/files_list.txt HTTP/2.0" 404 3551 "https://dkkapusta1997.usermd.net/Jurek/" "Mozilla/5.0 (Macintosh; Intel Mac OS X 10_15_7) AppleWebKit/605.1.15 (KHTML, like Gecko) Version/17.5 Safari/605.1.15"
193.33.8.61 - - [20/Mar/2025:09:18:16 +0100] "GET /Jurek/x_to_ceneo/kinghome/files_list.txt HTTP/2.0" 404 3551 "https://dkkapusta1997.usermd.net/Jurek/" "Mozilla/5.0 (Macintosh; Intel Mac OS X 10_15_7) AppleWebKit/605.1.15 (KHTML, like Gecko) Version/17.5 Safari/605.1.15"
193.33.8.61 - - [20/Mar/2025:09:18:16 +0100] "GET /Jurek/manilla/files_list.txt HTTP/2.0" 404 3551 "https://dkkapusta1997.usermd.net/Jurek/" "Mozilla/5.0 (Macintosh; Intel Mac OS X 10_15_7) AppleWebKit/605.1.15 (KHTML, like Gecko) Version/17.5 Safari/605.1.15"
193.33.8.61 - - [20/Mar/2025:09:18:17 +0100] "GET /Jurek/jarstol/files_list.txt HTTP/2.0" 404 3551 "https://dkkapusta1997.usermd.net/Jurek/" "Mozilla/5.0 (Macintosh; Intel Mac OS X 10_15_7) AppleWebKit/605.1.15 (KHTML, like Gecko) Version/17.5 Safari/605.1.15"
193.33.8.61 - - [20/Mar/2025:09:18:17 +0100] "GET /Jurek/manilla/files_list.txt HTTP/2.0" 404 3551 "https://dkkapusta1997.usermd.net/Jurek/" "Mozilla/5.0 (Macintosh; Intel Mac OS X 10_15_7) AppleWebKit/605.1.15 (KHTML, like Gecko) Version/17.5 Safari/605.1.15"
193.33.8.61 - - [20/Mar/2025:09:18:17 +0100] "GET /Jurek/x_to_ceneo/kinghome/files_list.txt HTTP/2.0" 404 3551 "https://dkkapusta1997.usermd.net/Jurek/" "Mozilla/5.0 (Macintosh; Intel Mac OS X 10_15_7) AppleWebKit/605.1.15 (KHTML, like Gecko) Version/17.5 Safari/605.1.15"
193.33.8.61 - - [20/Mar/2025:09:18:17 +0100] "GET /Jurek/x_to_ceneo/kinghoff/files_list.txt HTTP/2.0" 404 3551 "https://dkkapusta1997.usermd.net/Jurek/" "Mozilla/5.0 (Macintosh; Intel Mac OS X 10_15_7) AppleWebKit/605.1.15 (KHTML, like Gecko) Version/17.5 Safari/605.1.15"
57.141.4.25 - - [20/Mar/2025:09:19:51 +0100] "GET /Jurek/OLD/OLDmanilla/logs/ HTTP/2.0" 200 460 "-" "meta-externalagent/1.1 (+https://developers.facebook.com/docs/sharing/webmasters/crawler)"
89.161.206.59 - - [20/Mar/2025:09:19:53 +0100] "GET /Jurek/em3/feeds/em3_bol.xml HTTP/1.0" 200 258920 "-" "-"
89.161.206.59 - - [20/Mar/2025:09:20:45 +0100] "GET /Jurek/reman/feeds/reman_bol.xml HTTP/1.0" 200 1394830 "-" "-"
