193.33.8.61 - - [20/Mar/2025:13:44:29 +0100] "GET /Jurek/carbonyway/feeds/carbonyway_zero.xml HTTP/1.1" 200 3076222 "-" "python-requests/2.31.0"
77.79.248.229 - - [20/Mar/2025:13:44:31 +0100] "GET /Jurek/rosfix/feeds/rosfix_zero.xml HTTP/1.1" 200 35770079 "-" "Python-urllib/3.11"
193.33.8.61 - - [20/Mar/2025:13:44:41 +0100] "GET /Jurek/rosfix/feeds/rosfix_zero.xml HTTP/2.0" 200 35770079 "https://konsola.dkkapusta1997.usermd.net/" "Mozilla/5.0 (Windows NT 10.0; Win64; x64) AppleWebKit/537.36 (KHTML, like Gecko) Chrome/134.0.0.0 Safari/537.36"
193.33.8.61 - - [20/Mar/2025:13:44:44 +0100] "GET /Jurek/kamar/feeds/kamar_zero.xml HTTP/1.1" 200 25551474 "-" "python-requests/2.31.0"
193.33.8.61 - - [20/Mar/2025:13:44:45 +0100] "GET /Jurek/beautycare/feeds/beautycare_zero.xml HTTP/1.1" 200 1181457 "-" "python-requests/2.31.0"
193.33.8.61 - - [20/Mar/2025:13:44:45 +0100] "GET /Jurek/avenido/feeds/avenido_zero.xml HTTP/1.1" 200 720102 "-" "python-requests/2.31.0"
193.33.8.61 - - [20/Mar/2025:13:44:46 +0100] "GET /Jurek/zenex/feeds/zenex_zero.xml HTTP/1.1" 200 540313 "-" "python-requests/2.31.0"
89.161.206.59 - - [20/Mar/2025:13:44:49 +0100] "GET /Jurek/cenoman/feeds/cenoman_emagro.xml HTTP/1.0" 200 5993760 "-" "-"
193.33.8.61 - - [20/Mar/2025:13:45:13 +0100] "GET /Jurek/piotrmiedz/feeds/piotrmiedz_zero.xml HTTP/1.1" 200 91005212 "-" "python-requests/2.31.0"
193.33.8.61 - - [20/Mar/2025:13:45:15 +0100] "GET /Jurek/filmal/feeds/filmal_zero.xml HTTP/1.1" 200 139257 "-" "python-requests/2.31.0"
193.33.8.61 - - [20/Mar/2025:13:45:16 +0100] "GET /Jurek/fertes/feeds/fertes_zero.xml HTTP/1.1" 200 2361791 "-" "python-requests/2.31.0"
193.33.8.61 - - [20/Mar/2025:13:45:16 +0100] "GET /Jurek/jakdroz/feeds/jakdroz_zero.xml HTTP/1.1" 200 4088098 "-" "python-requests/2.31.0"
193.33.8.61 - - [20/Mar/2025:13:45:17 +0100] "GET /Jurek/lerutrade/feeds/lerutrade_zero.xml HTTP/1.1" 200 82821 "-" "python-requests/2.31.0"
193.33.8.61 - - [20/Mar/2025:13:45:17 +0100] "GET /Jurek/bemipol/feeds/bemipol_zero.xml HTTP/1.1" 200 423621 "-" "python-requests/2.31.0"
193.33.8.61 - - [20/Mar/2025:13:45:21 +0100] "GET /Jurek/makow/feeds/makow_zero.xml HTTP/1.1" 200 20168909 "-" "python-requests/2.31.0"
193.33.8.61 - - [20/Mar/2025:13:45:22 +0100] "GET /Jurek/newtechele/feeds/newtechele_zero.xml HTTP/1.1" 200 2438188 "-" "python-requests/2.31.0"
193.33.8.61 - - [20/Mar/2025:13:45:33 +0100] "GET /Jurek/asortymenteu/feeds/asortymenteu_leroy.xml HTTP/2.0" 200 2661706 "https://konsola.dkkapusta1997.usermd.net/" "Mozilla/5.0 (Windows NT 10.0; Win64; x64) AppleWebKit/537.36 (KHTML, like Gecko) Chrome/134.0.0.0 Safari/537.36"
193.33.8.61 - - [20/Mar/2025:13:45:53 +0100] "GET /Jurek/asortymenteu/feeds/asortymenteu_rue.xml HTTP/2.0" 200 2661739 "https://konsola.dkkapusta1997.usermd.net/" "Mozilla/5.0 (Windows NT 10.0; Win64; x64) AppleWebKit/537.36 (KHTML, like Gecko) Chrome/134.0.0.0 Safari/537.36"
46.101.116.244 - - [20/Mar/2025:13:46:31 +0100] "GET /Jurek/chemex/feeds/chemex_empik.xml HTTP/1.0" 200 47822490 "-" "-"
193.33.8.61 - - [20/Mar/2025:13:46:48 +0100] "GET /Jurek/asortymenteu/feeds/asortymenteu_worten.xml HTTP/2.0" 200 2661724 "https://konsola.dkkapusta1997.usermd.net/" "Mozilla/5.0 (Windows NT 10.0; Win64; x64) AppleWebKit/537.36 (KHTML, like Gecko) Chrome/134.0.0.0 Safari/537.36"
193.33.8.61 - - [20/Mar/2025:13:47:18 +0100] "GET /Jurek/asortymenteu/feeds/asortymenteu_wortenES.xml HTTP/2.0" 200 2661722 "https://konsola.dkkapusta1997.usermd.net/" "Mozilla/5.0 (Windows NT 10.0; Win64; x64) AppleWebKit/537.36 (KHTML, like Gecko) Chrome/134.0.0.0 Safari/537.36"
89.161.206.59 - - [20/Mar/2025:13:47:38 +0100] "GET /Jurek/eurofirany/feeds/eurofirany_manomanofr.xml HTTP/1.0" 200 19224971 "-" "-"
89.161.206.59 - - [20/Mar/2025:13:47:40 +0100] "GET /Jurek/benetech/feeds/benetech_aliex.xml HTTP/1.0" 200 4165568 "-" "-"
89.161.206.59 - - [20/Mar/2025:13:47:40 +0100] "GET /Jurek/slayo/feeds/slayo_aliex.xml HTTP/1.0" 200 183632 "-" "-"
89.161.206.59 - - [20/Mar/2025:13:47:40 +0100] "GET /Jurek/hdwr/feeds/hdwr_aliex.xml HTTP/1.0" 200 789587 "-" "-"
89.161.206.59 - - [20/Mar/2025:13:47:41 +0100] "GET /Jurek/targethome/feeds/targethome_aliex.xml HTTP/1.0" 200 688677 "-" "-"
89.161.206.59 - - [20/Mar/2025:13:47:41 +0100] "GET /Jurek/amzteam/feeds/amzteam_aliex.xml HTTP/1.0" 200 97912 "-" "-"
89.161.206.59 - - [20/Mar/2025:13:47:41 +0100] "GET /Jurek/ralmetal/feeds/ralmetal_aliex.xml HTTP/1.0" 200 1809265 "-" "-"
89.161.206.59 - - [20/Mar/2025:13:47:41 +0100] "GET /Jurek/cbdgreen/feeds/cbdgreen_aliex.xml HTTP/1.0" 200 50546 "-" "-"
89.161.206.59 - - [20/Mar/2025:13:47:41 +0100] "GET /Jurek/drops/feeds/dropsofficecolection_aliex.xml HTTP/1.0" 200 790977 "-" "-"
89.161.206.59 - - [20/Mar/2025:13:47:42 +0100] "GET /Jurek/szpaklampy/feeds/szpaklampy_aliex.xml HTTP/1.0" 200 388390 "-" "-"
89.161.206.59 - - [20/Mar/2025:13:47:42 +0100] "GET /Jurek/velinda/feeds/velinda_aliex.xml HTTP/1.0" 200 23439 "-" "-"
89.161.206.59 - - [20/Mar/2025:13:47:42 +0100] "GET /Jurek/spali/feeds/spali_aliex.xml HTTP/1.0" 200 77072 "-" "-"
89.161.206.59 - - [20/Mar/2025:13:47:42 +0100] "GET /Jurek/topeshop/feeds/topeshop_aliexpress.xml HTTP/1.0" 200 2517484 "-" "-"
46.101.116.244 - - [20/Mar/2025:13:48:07 +0100] "GET /Jurek/aw/feeds/aw_fnacfr.xml HTTP/1.0" 404 3551 "-" "-"
193.33.8.61 - - [20/Mar/2025:13:48:11 +0100] "GET /Jurek/newtechele/feeds/newtechele_leroy.xml HTTP/2.0" 200 2437721 "https://konsola.dkkapusta1997.usermd.net/" "Mozilla/5.0 (Windows NT 10.0; Win64; x64) AppleWebKit/537.36 (KHTML, like Gecko) Chrome/134.0.0.0 Safari/537.36"
66.249.64.165 - - [20/Mar/2025:13:48:49 +0100] "GET /Jurek/eurofirany/images/389914/7.jpg HTTP/1.1" 200 6595 "-" "Googlebot-Image/1.0"
193.33.8.61 - - [20/Mar/2025:13:48:56 +0100] "GET /Jurek/matkam/feeds/matkam_leroy.xml HTTP/2.0" 200 5000783 "https://konsola.dkkapusta1997.usermd.net/" "Mozilla/5.0 (Windows NT 10.0; Win64; x64) AppleWebKit/537.36 (KHTML, like Gecko) Chrome/134.0.0.0 Safari/537.36"
193.33.8.61 - - [20/Mar/2025:13:49:18 +0100] "GET /Jurek/takapara/feeds/takapara_zero.xml HTTP/2.0" 200 1342344 "-" "Mozilla/5.0 (Windows NT 10.0; Win64; x64) AppleWebKit/537.36 (KHTML, like Gecko) Chrome/134.0.0.0 Safari/537.36"
77.79.248.229 - - [20/Mar/2025:13:49:23 +0100] "GET /Jurek/takapara/feeds/takapara_zero.xml HTTP/1.1" 200 1342344 "-" "Python-urllib/3.11"
89.235.0.38 - - [20/Mar/2025:13:50:14 +0100] "GET /Jurek/topeshop/feeds/topeshop_alza.xml HTTP/2.0" 200 2518072 "-" "Mozilla/5.0 (Macintosh; Intel Mac OS X 10_15_7) AppleWebKit/537.36 (KHTML, like Gecko) Chrome/134.0.0.0 Safari/537.36"
89.235.0.38 - - [20/Mar/2025:13:50:15 +0100] "GET /favicon.ico HTTP/2.0" 404 3551 "https://dkkapusta1997.usermd.net/Jurek/topeshop/feeds/topeshop_alza.xml" "Mozilla/5.0 (Macintosh; Intel Mac OS X 10_15_7) AppleWebKit/537.36 (KHTML, like Gecko) Chrome/134.0.0.0 Safari/537.36"
66.249.64.165 - - [20/Mar/2025:13:51:13 +0100] "GET /Jurek/eurofirany/images/383392/3.jpg HTTP/1.1" 200 6595 "-" "Googlebot-Image/1.0"
66.249.64.165 - - [20/Mar/2025:13:51:13 +0100] "GET /Jurek/eurofirany/images/383392/2.jpg HTTP/1.1" 200 6595 "-" "Googlebot-Image/1.0"
46.101.116.244 - - [20/Mar/2025:13:51:30 +0100] "GET /Jurek/eurofirany/feeds/eurofirany_allegro.xml HTTP/1.0" 200 19229071 "-" "-"
51.77.52.107 - - [20/Mar/2025:13:51:32 +0100] "GET /Jurek/eurofirany/images/73646/0.jpg HTTP/2.0" 200 94712 "-" "Baselinker/1.0"
51.77.52.107 - - [20/Mar/2025:13:51:49 +0100] "GET /Jurek/eurofirany/images/460634/0.jpg HTTP/2.0" 200 85517 "-" "Baselinker/1.0"
193.33.8.61 - - [20/Mar/2025:13:52:06 +0100] "GET /Jurek/rosfix/output.txt HTTP/2.0" 200 7023 "https://konsola.dkkapusta1997.usermd.net/" "Mozilla/5.0 (Windows NT 10.0; Win64; x64) AppleWebKit/537.36 (KHTML, like Gecko) Chrome/134.0.0.0 Safari/537.36"
185.6.76.166 - - [20/Mar/2025:13:52:15 +0100] "GET /Jurek/eurofirany/images/458324/1.jpg HTTP/1.1" 200 121546 "-" "Skroutz ImageBot v1"
185.6.76.166 - - [20/Mar/2025:13:52:16 +0100] "GET /Jurek/eurofirany/images/458313/1.jpg HTTP/1.1" 200 167799 "-" "Skroutz ImageBot v1"
185.6.76.166 - - [20/Mar/2025:13:52:16 +0100] "GET /Jurek/eurofirany/images/433235/0.jpg HTTP/1.1" 200 97997 "-" "Skroutz ImageBot v1"
185.6.76.166 - - [20/Mar/2025:13:52:16 +0100] "GET /Jurek/eurofirany/images/464103/2.jpg HTTP/1.1" 200 94482 "-" "Skroutz ImageBot v1"
185.6.76.166 - - [20/Mar/2025:13:52:17 +0100] "GET /Jurek/eurofirany/images/451781/1.jpg HTTP/1.1" 200 289244 "-" "Skroutz ImageBot v1"
185.6.76.166 - - [20/Mar/2025:13:52:17 +0100] "GET /Jurek/eurofirany/images/464096/3.jpg HTTP/1.1" 200 205531 "-" "Skroutz ImageBot v1"
185.6.76.166 - - [20/Mar/2025:13:52:17 +0100] "GET /Jurek/eurofirany/images/464105/4.jpg HTTP/1.1" 200 195956 "-" "Skroutz ImageBot v1"
185.6.76.166 - - [20/Mar/2025:13:52:17 +0100] "GET /Jurek/eurofirany/images/464103/1.jpg HTTP/1.1" 200 131447 "-" "Skroutz ImageBot v1"
185.6.76.166 - - [20/Mar/2025:13:52:17 +0100] "GET /Jurek/eurofirany/images/440198/2.jpg HTTP/1.1" 200 289244 "-" "Skroutz ImageBot v1"
185.6.76.166 - - [20/Mar/2025:13:52:18 +0100] "GET /Jurek/eurofirany/images/451640/1.jpg HTTP/1.1" 200 63277 "-" "Skroutz ImageBot v1"
185.6.76.166 - - [20/Mar/2025:13:52:18 +0100] "GET /Jurek/eurofirany/images/459838/1.jpg HTTP/1.1" 200 76880 "-" "Skroutz ImageBot v1"
185.6.76.166 - - [20/Mar/2025:13:52:18 +0100] "GET /Jurek/eurofirany/images/440201/2.jpg HTTP/1.1" 200 289244 "-" "Skroutz ImageBot v1"
185.6.76.166 - - [20/Mar/2025:13:52:18 +0100] "GET /Jurek/eurofirany/images/433249/3.jpg HTTP/1.1" 200 175531 "-" "Skroutz ImageBot v1"
185.6.76.166 - - [20/Mar/2025:13:52:19 +0100] "GET /Jurek/eurofirany/images/433147/0.jpg HTTP/1.1" 200 50596 "-" "Skroutz ImageBot v1"
185.6.76.166 - - [20/Mar/2025:13:52:19 +0100] "GET /Jurek/eurofirany/images/464103/3.jpg HTTP/1.1" 200 184865 "-" "Skroutz ImageBot v1"
185.6.76.166 - - [20/Mar/2025:13:52:19 +0100] "GET /Jurek/eurofirany/images/433266/0.jpg HTTP/1.1" 200 6625 "-" "Skroutz ImageBot v1"
185.6.76.166 - - [20/Mar/2025:13:52:19 +0100] "GET /Jurek/eurofirany/images/464103/0.jpg HTTP/1.1" 200 188112 "-" "Skroutz ImageBot v1"
185.6.76.166 - - [20/Mar/2025:13:52:20 +0100] "GET /Jurek/eurofirany/images/440158/0.jpg HTTP/1.1" 200 94895 "-" "Skroutz ImageBot v1"
185.6.76.166 - - [20/Mar/2025:13:52:20 +0100] "GET /Jurek/eurofirany/images/464105/1.jpg HTTP/1.1" 200 121771 "-" "Skroutz ImageBot v1"
185.6.76.166 - - [20/Mar/2025:13:52:20 +0100] "GET /Jurek/eurofirany/images/440198/0.jpg HTTP/1.1" 200 81324 "-" "Skroutz ImageBot v1"
185.6.76.166 - - [20/Mar/2025:13:52:21 +0100] "GET /Jurek/eurofirany/images/451647/0.jpg HTTP/1.1" 200 83434 "-" "Skroutz ImageBot v1"
185.6.76.166 - - [20/Mar/2025:13:52:21 +0100] "GET /Jurek/eurofirany/images/433254/3.jpg HTTP/1.1" 200 175531 "-" "Skroutz ImageBot v1"
185.6.76.166 - - [20/Mar/2025:13:52:22 +0100] "GET /Jurek/eurofirany/images/451784/0.jpg HTTP/1.1" 200 65932 "-" "Skroutz ImageBot v1"
185.6.76.166 - - [20/Mar/2025:13:52:22 +0100] "GET /Jurek/eurofirany/images/451650/1.jpg HTTP/1.1" 200 66933 "-" "Skroutz ImageBot v1"
185.6.76.166 - - [20/Mar/2025:13:52:22 +0100] "GET /Jurek/eurofirany/images/458314/0.jpg HTTP/1.1" 200 110139 "-" "Skroutz ImageBot v1"
185.6.76.166 - - [20/Mar/2025:13:52:22 +0100] "GET /Jurek/eurofirany/images/433142/3.jpg HTTP/1.1" 200 124712 "-" "Skroutz ImageBot v1"
185.6.76.166 - - [20/Mar/2025:13:52:22 +0100] "GET /Jurek/eurofirany/images/440198/1.jpg HTTP/1.1" 200 174075 "-" "Skroutz ImageBot v1"
185.6.76.166 - - [20/Mar/2025:13:52:23 +0100] "GET /Jurek/eurofirany/images/459965/0.jpg HTTP/1.1" 200 102286 "-" "Skroutz ImageBot v1"
185.6.76.166 - - [20/Mar/2025:13:52:23 +0100] "GET /Jurek/eurofirany/images/451597/3.jpg HTTP/1.1" 200 125765 "-" "Skroutz ImageBot v1"
185.6.76.166 - - [20/Mar/2025:13:52:23 +0100] "GET /Jurek/eurofirany/images/440197/3.jpg HTTP/1.1" 200 289244 "-" "Skroutz ImageBot v1"
185.6.76.166 - - [20/Mar/2025:13:52:23 +0100] "GET /Jurek/eurofirany/images/451649/0.jpg HTTP/1.1" 200 82474 "-" "Skroutz ImageBot v1"
185.6.76.166 - - [20/Mar/2025:13:52:24 +0100] "GET /Jurek/eurofirany/images/440197/2.jpg HTTP/1.1" 200 289244 "-" "Skroutz ImageBot v1"
185.6.76.166 - - [20/Mar/2025:13:52:24 +0100] "GET /Jurek/eurofirany/images/459833/1.jpg HTTP/1.1" 200 59239 "-" "Skroutz ImageBot v1"
185.6.76.166 - - [20/Mar/2025:13:52:24 +0100] "GET /Jurek/eurofirany/images/440197/1.jpg HTTP/1.1" 200 173225 "-" "Skroutz ImageBot v1"
185.6.76.166 - - [20/Mar/2025:13:52:24 +0100] "GET /Jurek/eurofirany/images/459838/0.jpg HTTP/1.1" 200 130269 "-" "Skroutz ImageBot v1"
185.6.76.166 - - [20/Mar/2025:13:52:24 +0100] "GET /Jurek/eurofirany/images/464103/4.jpg HTTP/1.1" 200 151978 "-" "Skroutz ImageBot v1"
185.6.76.166 - - [20/Mar/2025:13:52:24 +0100] "GET /Jurek/eurofirany/images/433140/2.jpg HTTP/1.1" 200 63277 "-" "Skroutz ImageBot v1"
185.6.76.166 - - [20/Mar/2025:13:52:25 +0100] "GET /Jurek/eurofirany/images/458313/2.jpg HTTP/1.1" 200 124101 "-" "Skroutz ImageBot v1"
185.6.76.166 - - [20/Mar/2025:13:52:25 +0100] "GET /Jurek/eurofirany/images/440158/3.jpg HTTP/1.1" 200 154279 "-" "Skroutz ImageBot v1"
185.6.76.166 - - [20/Mar/2025:13:52:25 +0100] "GET /Jurek/eurofirany/images/451640/2.jpg HTTP/1.1" 200 124712 "-" "Skroutz ImageBot v1"
185.6.76.166 - - [20/Mar/2025:13:52:25 +0100] "GET /Jurek/eurofirany/images/459834/0.jpg HTTP/1.1" 200 101784 "-" "Skroutz ImageBot v1"
185.6.76.166 - - [20/Mar/2025:13:52:26 +0100] "GET /Jurek/eurofirany/images/458324/0.jpg HTTP/1.1" 200 76635 "-" "Skroutz ImageBot v1"
185.6.76.166 - - [20/Mar/2025:13:52:26 +0100] "GET /Jurek/eurofirany/images/459834/1.jpg HTTP/1.1" 200 76880 "-" "Skroutz ImageBot v1"
185.6.76.166 - - [20/Mar/2025:13:52:26 +0100] "GET /Jurek/eurofirany/images/434166/3.jpg HTTP/1.1" 200 124712 "-" "Skroutz ImageBot v1"
185.6.76.166 - - [20/Mar/2025:13:52:26 +0100] "GET /Jurek/eurofirany/images/433140/0.jpg HTTP/1.1" 200 78980 "-" "Skroutz ImageBot v1"
185.6.76.166 - - [20/Mar/2025:13:52:27 +0100] "GET /Jurek/eurofirany/images/433235/2.jpg HTTP/1.1" 200 63277 "-" "Skroutz ImageBot v1"
185.6.76.166 - - [20/Mar/2025:13:52:27 +0100] "GET /Jurek/eurofirany/images/464105/0.jpg HTTP/1.1" 200 178605 "-" "Skroutz ImageBot v1"
185.6.76.166 - - [20/Mar/2025:13:52:27 +0100] "GET /Jurek/eurofirany/images/459939/0.jpg HTTP/1.1" 200 56304 "-" "Skroutz ImageBot v1"
185.6.76.166 - - [20/Mar/2025:13:52:27 +0100] "GET /Jurek/eurofirany/images/462092/1.jpg HTTP/1.1" 200 115043 "-" "Skroutz ImageBot v1"
185.6.76.166 - - [20/Mar/2025:13:52:28 +0100] "GET /Jurek/eurofirany/images/458319/4.jpg HTTP/1.1" 200 103578 "-" "Skroutz ImageBot v1"
185.6.76.166 - - [20/Mar/2025:13:52:28 +0100] "GET /Jurek/eurofirany/images/433165/2.jpg HTTP/1.1" 200 63277 "-" "Skroutz ImageBot v1"
185.6.76.166 - - [20/Mar/2025:13:52:28 +0100] "GET /Jurek/eurofirany/images/458313/0.jpg HTTP/1.1" 200 162130 "-" "Skroutz ImageBot v1"
185.6.76.166 - - [20/Mar/2025:13:52:29 +0100] "GET /Jurek/eurofirany/images/464096/0.jpg HTTP/1.1" 200 178605 "-" "Skroutz ImageBot v1"
185.6.76.166 - - [20/Mar/2025:13:52:29 +0100] "GET /Jurek/eurofirany/images/433253/0.jpg HTTP/1.1" 200 6625 "-" "Skroutz ImageBot v1"
185.6.76.166 - - [20/Mar/2025:13:52:29 +0100] "GET /Jurek/eurofirany/images/433236/1.jpg HTTP/1.1" 200 203749 "-" "Skroutz ImageBot v1"
185.6.76.166 - - [20/Mar/2025:13:52:29 +0100] "GET /Jurek/eurofirany/images/433241/0.jpg HTTP/1.1" 200 108407 "-" "Skroutz ImageBot v1"
185.6.76.166 - - [20/Mar/2025:13:52:29 +0100] "GET /Jurek/eurofirany/images/451649/2.jpg HTTP/1.1" 200 175531 "-" "Skroutz ImageBot v1"
185.6.76.166 - - [20/Mar/2025:13:52:29 +0100] "GET /Jurek/eurofirany/images/433266/1.jpg HTTP/1.1" 200 6625 "-" "Skroutz ImageBot v1"
185.6.76.166 - - [20/Mar/2025:13:52:29 +0100] "GET /Jurek/eurofirany/images/433165/0.jpg HTTP/1.1" 200 89351 "-" "Skroutz ImageBot v1"
185.6.76.166 - - [20/Mar/2025:13:52:29 +0100] "GET /Jurek/eurofirany/images/458314/3.jpg HTTP/1.1" 200 103578 "-" "Skroutz ImageBot v1"
185.6.76.166 - - [20/Mar/2025:13:52:30 +0100] "GET /Jurek/eurofirany/images/433253/3.jpg HTTP/1.1" 200 175531 "-" "Skroutz ImageBot v1"
185.6.76.166 - - [20/Mar/2025:13:52:30 +0100] "GET /Jurek/eurofirany/images/462091/1.jpg HTTP/1.1" 200 47909 "-" "Skroutz ImageBot v1"
185.6.76.166 - - [20/Mar/2025:13:52:30 +0100] "GET /Jurek/eurofirany/images/451640/3.jpg HTTP/1.1" 200 124712 "-" "Skroutz ImageBot v1"
185.6.76.166 - - [20/Mar/2025:13:52:30 +0100] "GET /Jurek/eurofirany/images/451647/3.jpg HTTP/1.1" 200 124712 "-" "Skroutz ImageBot v1"
46.101.116.244 - - [20/Mar/2025:13:52:30 +0100] "GET /Jurek/eurofirany/feeds/eurofirany_amazaon_de.xml HTTP/1.0" 200 19224837 "-" "-"
185.6.76.166 - - [20/Mar/2025:13:52:30 +0100] "GET /Jurek/eurofirany/images/433266/3.jpg HTTP/1.1" 200 6625 "-" "Skroutz ImageBot v1"
185.6.76.166 - - [20/Mar/2025:13:52:31 +0100] "GET /Jurek/eurofirany/images/451650/0.jpg HTTP/1.1" 200 89487 "-" "Skroutz ImageBot v1"
185.6.76.166 - - [20/Mar/2025:13:52:31 +0100] "GET /Jurek/eurofirany/images/459836/1.jpg HTTP/1.1" 200 59239 "-" "Skroutz ImageBot v1"
185.6.76.166 - - [20/Mar/2025:13:52:31 +0100] "GET /Jurek/eurofirany/images/433142/2.jpg HTTP/1.1" 200 63277 "-" "Skroutz ImageBot v1"
185.6.76.166 - - [20/Mar/2025:13:52:31 +0100] "GET /Jurek/eurofirany/images/464096/4.jpg HTTP/1.1" 200 195956 "-" "Skroutz ImageBot v1"
185.6.76.166 - - [20/Mar/2025:13:52:31 +0100] "GET /Jurek/eurofirany/images/459969/0.jpg HTTP/1.1" 200 48515 "-" "Skroutz ImageBot v1"
185.6.76.166 - - [20/Mar/2025:13:52:32 +0100] "GET /Jurek/eurofirany/images/433142/0.jpg HTTP/1.1" 200 66791 "-" "Skroutz ImageBot v1"
185.6.76.166 - - [20/Mar/2025:13:52:32 +0100] "GET /Jurek/eurofirany/images/458313/3.jpg HTTP/1.1" 200 103578 "-" "Skroutz ImageBot v1"
185.6.76.166 - - [20/Mar/2025:13:52:32 +0100] "GET /Jurek/eurofirany/images/462092/2.jpg HTTP/1.1" 200 115043 "-" "Skroutz ImageBot v1"
185.6.76.166 - - [20/Mar/2025:13:52:32 +0100] "GET /Jurek/eurofirany/images/433241/1.jpg HTTP/1.1" 200 146067 "-" "Skroutz ImageBot v1"
185.6.76.166 - - [20/Mar/2025:13:52:32 +0100] "GET /Jurek/eurofirany/images/433236/2.jpg HTTP/1.1" 200 63277 "-" "Skroutz ImageBot v1"
185.6.76.166 - - [20/Mar/2025:13:52:32 +0100] "GET /Jurek/eurofirany/images/458319/1.jpg HTTP/1.1" 200 123159 "-" "Skroutz ImageBot v1"
51.77.52.107 - - [20/Mar/2025:13:52:33 +0100] "GET /Jurek/eurofirany/images/460632/0.jpg HTTP/2.0" 200 98679 "-" "Baselinker/1.0"
185.6.76.166 - - [20/Mar/2025:13:52:33 +0100] "GET /Jurek/eurofirany/images/464096/2.jpg HTTP/1.1" 200 89385 "-" "Skroutz ImageBot v1"
185.6.76.166 - - [20/Mar/2025:13:52:33 +0100] "GET /Jurek/eurofirany/images/433235/1.jpg HTTP/1.1" 200 139990 "-" "Skroutz ImageBot v1"
185.6.76.166 - - [20/Mar/2025:13:52:33 +0100] "GET /Jurek/eurofirany/images/451640/0.jpg HTTP/1.1" 200 83121 "-" "Skroutz ImageBot v1"
185.6.76.166 - - [20/Mar/2025:13:52:33 +0100] "GET /Jurek/eurofirany/images/459833/0.jpg HTTP/1.1" 200 82206 "-" "Skroutz ImageBot v1"
185.6.76.166 - - [20/Mar/2025:13:52:34 +0100] "GET /Jurek/eurofirany/images/433242/1.jpg HTTP/1.1" 200 158976 "-" "Skroutz ImageBot v1"
185.6.76.166 - - [20/Mar/2025:13:52:34 +0100] "GET /Jurek/eurofirany/images/458314/2.jpg HTTP/1.1" 200 124101 "-" "Skroutz ImageBot v1"
185.6.76.166 - - [20/Mar/2025:13:52:34 +0100] "GET /Jurek/eurofirany/images/458324/3.jpg HTTP/1.1" 200 103578 "-" "Skroutz ImageBot v1"
185.6.76.166 - - [20/Mar/2025:13:52:34 +0100] "GET /Jurek/eurofirany/images/440201/1.jpg HTTP/1.1" 200 174608 "-" "Skroutz ImageBot v1"
185.6.76.166 - - [20/Mar/2025:13:52:34 +0100] "GET /Jurek/eurofirany/images/464096/1.jpg HTTP/1.1" 200 121771 "-" "Skroutz ImageBot v1"
185.6.76.166 - - [20/Mar/2025:13:52:35 +0100] "GET /Jurek/eurofirany/images/451597/2.jpg HTTP/1.1" 200 78960 "-" "Skroutz ImageBot v1"
185.6.76.166 - - [20/Mar/2025:13:52:35 +0100] "GET /Jurek/eurofirany/images/433242/2.jpg HTTP/1.1" 200 63277 "-" "Skroutz ImageBot v1"
185.6.76.166 - - [20/Mar/2025:13:52:35 +0100] "GET /Jurek/eurofirany/images/433253/2.jpg HTTP/1.1" 200 6625 "-" "Skroutz ImageBot v1"
185.6.76.166 - - [20/Mar/2025:13:52:35 +0100] "GET /Jurek/eurofirany/images/458324/2.jpg HTTP/1.1" 200 124101 "-" "Skroutz ImageBot v1"
185.6.76.166 - - [20/Mar/2025:13:52:35 +0100] "GET /Jurek/eurofirany/images/433249/0.jpg HTTP/1.1" 200 6625 "-" "Skroutz ImageBot v1"
185.6.76.166 - - [20/Mar/2025:13:52:36 +0100] "GET /Jurek/eurofirany/images/434166/2.jpg HTTP/1.1" 200 124712 "-" "Skroutz ImageBot v1"
185.6.76.166 - - [20/Mar/2025:13:52:36 +0100] "GET /Jurek/eurofirany/images/434166/0.jpg HTTP/1.1" 200 110807 "-" "Skroutz ImageBot v1"
185.6.76.166 - - [20/Mar/2025:13:52:36 +0100] "GET /Jurek/eurofirany/images/451647/1.jpg HTTP/1.1" 200 63277 "-" "Skroutz ImageBot v1"
185.6.76.166 - - [20/Mar/2025:13:52:36 +0100] "GET /Jurek/eurofirany/images/440197/0.jpg HTTP/1.1" 200 82792 "-" "Skroutz ImageBot v1"
185.6.76.166 - - [20/Mar/2025:13:52:36 +0100] "GET /Jurek/eurofirany/images/433235/3.jpg HTTP/1.1" 200 124712 "-" "Skroutz ImageBot v1"
185.6.76.166 - - [20/Mar/2025:13:52:36 +0100] "GET /Jurek/eurofirany/images/458319/0.jpg HTTP/1.1" 200 119060 "-" "Skroutz ImageBot v1"
185.6.76.166 - - [20/Mar/2025:13:52:37 +0100] "GET /Jurek/eurofirany/images/462092/0.jpg HTTP/1.1" 200 35471 "-" "Skroutz ImageBot v1"
185.6.76.166 - - [20/Mar/2025:13:52:37 +0100] "GET /Jurek/eurofirany/images/451597/1.jpg HTTP/1.1" 200 97774 "-" "Skroutz ImageBot v1"
185.6.76.166 - - [20/Mar/2025:13:52:37 +0100] "GET /Jurek/eurofirany/images/440201/0.jpg HTTP/1.1" 200 103997 "-" "Skroutz ImageBot v1"
185.6.76.166 - - [20/Mar/2025:13:52:37 +0100] "GET /Jurek/eurofirany/images/451650/2.jpg HTTP/1.1" 200 175531 "-" "Skroutz ImageBot v1"
185.6.76.166 - - [20/Mar/2025:13:52:38 +0100] "GET /Jurek/eurofirany/images/433140/1.jpg HTTP/1.1" 200 195670 "-" "Skroutz ImageBot v1"
185.6.76.166 - - [20/Mar/2025:13:52:38 +0100] "GET /Jurek/eurofirany/images/458320/1.jpg HTTP/1.1" 200 124101 "-" "Skroutz ImageBot v1"
185.6.76.166 - - [20/Mar/2025:13:52:38 +0100] "GET /Jurek/eurofirany/images/433236/3.jpg HTTP/1.1" 200 124712 "-" "Skroutz ImageBot v1"
185.6.76.166 - - [20/Mar/2025:13:52:38 +0100] "GET /Jurek/eurofirany/images/458319/3.jpg HTTP/1.1" 200 124101 "-" "Skroutz ImageBot v1"
185.6.76.166 - - [20/Mar/2025:13:52:38 +0100] "GET /Jurek/eurofirany/images/433147/3.jpg HTTP/1.1" 200 124712 "-" "Skroutz ImageBot v1"
185.6.76.166 - - [20/Mar/2025:13:52:38 +0100] "GET /Jurek/eurofirany/images/440158/2.jpg HTTP/1.1" 200 69492 "-" "Skroutz ImageBot v1"
185.6.76.166 - - [20/Mar/2025:13:52:39 +0100] "GET /Jurek/eurofirany/images/433147/2.jpg HTTP/1.1" 200 63277 "-" "Skroutz ImageBot v1"
185.6.76.166 - - [20/Mar/2025:13:52:39 +0100] "GET /Jurek/eurofirany/images/451649/1.jpg HTTP/1.1" 200 66933 "-" "Skroutz ImageBot v1"
185.6.76.166 - - [20/Mar/2025:13:52:39 +0100] "GET /Jurek/eurofirany/images/433140/3.jpg HTTP/1.1" 200 124712 "-" "Skroutz ImageBot v1"
185.6.76.166 - - [20/Mar/2025:13:52:39 +0100] "GET /Jurek/eurofirany/images/434166/1.jpg HTTP/1.1" 200 188276 "-" "Skroutz ImageBot v1"
185.6.76.166 - - [20/Mar/2025:13:52:40 +0100] "GET /Jurek/eurofirany/images/433142/1.jpg HTTP/1.1" 200 199338 "-" "Skroutz ImageBot v1"
185.6.76.166 - - [20/Mar/2025:13:52:40 +0100] "GET /Jurek/eurofirany/images/433254/2.jpg HTTP/1.1" 200 6625 "-" "Skroutz ImageBot v1"
185.6.76.166 - - [20/Mar/2025:13:52:40 +0100] "GET /Jurek/eurofirany/images/464105/2.jpg HTTP/1.1" 200 89385 "-" "Skroutz ImageBot v1"
185.6.76.166 - - [20/Mar/2025:13:52:40 +0100] "GET /Jurek/eurofirany/images/433242/0.jpg HTTP/1.1" 200 80419 "-" "Skroutz ImageBot v1"
185.6.76.166 - - [20/Mar/2025:13:52:40 +0100] "GET /Jurek/eurofirany/images/440158/1.jpg HTTP/1.1" 200 191697 "-" "Skroutz ImageBot v1"
185.6.76.166 - - [20/Mar/2025:13:52:41 +0100] "GET /Jurek/eurofirany/images/433242/3.jpg HTTP/1.1" 200 124712 "-" "Skroutz ImageBot v1"
185.6.76.166 - - [20/Mar/2025:13:52:41 +0100] "GET /Jurek/eurofirany/images/433165/3.jpg HTTP/1.1" 200 124712 "-" "Skroutz ImageBot v1"
185.6.76.166 - - [20/Mar/2025:13:52:41 +0100] "GET /Jurek/eurofirany/images/458320/0.jpg HTTP/1.1" 200 117453 "-" "Skroutz ImageBot v1"
185.6.76.166 - - [20/Mar/2025:13:52:41 +0100] "GET /Jurek/eurofirany/images/459969/1.jpg HTTP/1.1" 200 82885 "-" "Skroutz ImageBot v1"
185.6.76.166 - - [20/Mar/2025:13:52:41 +0100] "GET /Jurek/eurofirany/images/464105/3.jpg HTTP/1.1" 200 205531 "-" "Skroutz ImageBot v1"
185.6.76.166 - - [20/Mar/2025:13:52:41 +0100] "GET /Jurek/eurofirany/images/459836/0.jpg HTTP/1.1" 200 105140 "-" "Skroutz ImageBot v1"
185.6.76.166 - - [20/Mar/2025:13:52:42 +0100] "GET /Jurek/eurofirany/images/433147/1.jpg HTTP/1.1" 200 179116 "-" "Skroutz ImageBot v1"
185.6.76.166 - - [20/Mar/2025:13:52:42 +0100] "GET /Jurek/eurofirany/images/440201/3.jpg HTTP/1.1" 200 289244 "-" "Skroutz ImageBot v1"
185.6.76.166 - - [20/Mar/2025:13:52:42 +0100] "GET /Jurek/eurofirany/images/458319/2.jpg HTTP/1.1" 200 143603 "-" "Skroutz ImageBot v1"
185.6.76.166 - - [20/Mar/2025:13:52:42 +0100] "GET /Jurek/eurofirany/images/451781/0.jpg HTTP/1.1" 200 66384 "-" "Skroutz ImageBot v1"
185.6.76.166 - - [20/Mar/2025:13:52:43 +0100] "GET /Jurek/eurofirany/images/433236/0.jpg HTTP/1.1" 200 100773 "-" "Skroutz ImageBot v1"
185.6.76.166 - - [20/Mar/2025:13:52:43 +0100] "GET /Jurek/eurofirany/images/451649/3.jpg HTTP/1.1" 200 175531 "-" "Skroutz ImageBot v1"
185.6.76.166 - - [20/Mar/2025:13:52:43 +0100] "GET /Jurek/eurofirany/images/462091/0.jpg HTTP/1.1" 200 36471 "-" "Skroutz ImageBot v1"
185.6.76.166 - - [20/Mar/2025:13:52:43 +0100] "GET /Jurek/eurofirany/images/451647/2.jpg HTTP/1.1" 200 124712 "-" "Skroutz ImageBot v1"
185.6.76.166 - - [20/Mar/2025:13:52:44 +0100] "GET /Jurek/eurofirany/images/451784/1.jpg HTTP/1.1" 200 289244 "-" "Skroutz ImageBot v1"
185.6.76.166 - - [20/Mar/2025:13:52:44 +0100] "GET /Jurek/eurofirany/images/440198/3.jpg HTTP/1.1" 200 289244 "-" "Skroutz ImageBot v1"
185.6.76.166 - - [20/Mar/2025:13:52:44 +0100] "GET /Jurek/eurofirany/images/433253/1.jpg HTTP/1.1" 200 6625 "-" "Skroutz ImageBot v1"
185.6.76.166 - - [20/Mar/2025:13:52:44 +0100] "GET /Jurek/eurofirany/images/433165/1.jpg HTTP/1.1" 200 180605 "-" "Skroutz ImageBot v1"
185.6.76.166 - - [20/Mar/2025:13:52:44 +0100] "GET /Jurek/eurofirany/images/458314/1.jpg HTTP/1.1" 200 145943 "-" "Skroutz ImageBot v1"
185.6.76.166 - - [20/Mar/2025:13:52:44 +0100] "GET /Jurek/eurofirany/images/458320/2.jpg HTTP/1.1" 200 103578 "-" "Skroutz ImageBot v1"
185.6.76.166 - - [20/Mar/2025:13:52:44 +0100] "GET /Jurek/eurofirany/images/433266/2.jpg HTTP/1.1" 200 6625 "-" "Skroutz ImageBot v1"
185.6.76.166 - - [20/Mar/2025:13:52:45 +0100] "GET /Jurek/eurofirany/images/451597/4.jpg HTTP/1.1" 200 116712 "-" "Skroutz ImageBot v1"
185.6.76.166 - - [20/Mar/2025:13:52:45 +0100] "GET /Jurek/eurofirany/images/433254/1.jpg HTTP/1.1" 200 6625 "-" "Skroutz ImageBot v1"
185.6.76.166 - - [20/Mar/2025:13:52:45 +0100] "GET /Jurek/eurofirany/images/433249/1.jpg HTTP/1.1" 200 6625 "-" "Skroutz ImageBot v1"
185.6.76.166 - - [20/Mar/2025:13:52:45 +0100] "GET /Jurek/eurofirany/images/433241/3.jpg HTTP/1.1" 200 124712 "-" "Skroutz ImageBot v1"
185.6.76.166 - - [20/Mar/2025:13:52:45 +0100] "GET /Jurek/eurofirany/images/459965/1.jpg HTTP/1.1" 200 82885 "-" "Skroutz ImageBot v1"
185.6.76.166 - - [20/Mar/2025:13:52:45 +0100] "GET /Jurek/eurofirany/images/433249/2.jpg HTTP/1.1" 200 6625 "-" "Skroutz ImageBot v1"
185.6.76.166 - - [20/Mar/2025:13:52:45 +0100] "GET /Jurek/eurofirany/images/433241/2.jpg HTTP/1.1" 200 63277 "-" "Skroutz ImageBot v1"
185.6.76.166 - - [20/Mar/2025:13:52:45 +0100] "GET /Jurek/eurofirany/images/451784/2.jpg HTTP/1.1" 200 289244 "-" "Skroutz ImageBot v1"
185.6.76.166 - - [20/Mar/2025:13:52:46 +0100] "GET /Jurek/eurofirany/images/451650/3.jpg HTTP/1.1" 200 175531 "-" "Skroutz ImageBot v1"
185.6.76.166 - - [20/Mar/2025:13:52:46 +0100] "GET /Jurek/eurofirany/images/433266/4.jpg HTTP/1.1" 200 103418 "-" "Skroutz ImageBot v1"
185.6.76.166 - - [20/Mar/2025:13:52:46 +0100] "GET /Jurek/eurofirany/images/433254/0.jpg HTTP/1.1" 200 6625 "-" "Skroutz ImageBot v1"
185.6.76.166 - - [20/Mar/2025:13:52:46 +0100] "GET /Jurek/eurofirany/images/459939/1.jpg HTTP/1.1" 200 55922 "-" "Skroutz ImageBot v1"
185.6.76.166 - - [20/Mar/2025:13:52:46 +0100] "GET /Jurek/eurofirany/images/451597/0.jpg HTTP/1.1" 200 111884 "-" "Skroutz ImageBot v1"
51.77.52.107 - - [20/Mar/2025:13:52:46 +0100] "GET /Jurek/eurofirany/images/391640/0.jpg HTTP/2.0" 200 81616 "-" "Baselinker/1.0"
46.101.116.244 - - [20/Mar/2025:13:53:21 +0100] "GET /Jurek/eurofirany/feeds/eurofirany_cdiscount.xml HTTP/1.0" 200 22974149 "-" "-"
51.77.52.107 - - [20/Mar/2025:13:53:23 +0100] "GET /Jurek/eurofirany/images/73646/0.jpg HTTP/2.0" 200 94712 "-" "Baselinker/1.0"
89.161.206.59 - - [20/Mar/2025:13:53:27 +0100] "GET /Jurek/rosfix/feeds/rosfix_amazonde.xml HTTP/1.0" 200 34055844 "-" "-"
193.33.8.61 - - [20/Mar/2025:13:53:32 +0100] "GET /Jurek/rosfix/feeds/rosfix_amazonde.xml HTTP/2.0" 200 34055844 "https://konsola.dkkapusta1997.usermd.net/" "Mozilla/5.0 (Windows NT 10.0; Win64; x64) AppleWebKit/537.36 (KHTML, like Gecko) Chrome/134.0.0.0 Safari/537.36"
51.77.52.107 - - [20/Mar/2025:13:54:08 +0100] "GET /Jurek/eurofirany/images/460630/0.jpg HTTP/2.0" 200 78991 "-" "Baselinker/1.0"
46.101.116.244 - - [20/Mar/2025:13:54:39 +0100] "GET /Jurek/eurofirany/feeds/eurofirany_ceneo.xml HTTP/1.0" 200 19228612 "-" "-"
51.77.52.107 - - [20/Mar/2025:13:54:42 +0100] "GET /Jurek/eurofirany/images/73642/0.jpg HTTP/2.0" 200 96991 "-" "Baselinker/1.0"
51.77.52.107 - - [20/Mar/2025:13:55:00 +0100] "GET /Jurek/eurofirany/images/391640/0.jpg HTTP/2.0" 200 81616 "-" "Baselinker/1.0"
66.249.64.165 - - [20/Mar/2025:13:55:27 +0100] "GET /Jurek/topeshop/downloaded_images/5902838467671_Wieszak_front.png HTTP/1.1" 404 3551 "-" "Googlebot-Image/1.0"
66.249.64.165 - - [20/Mar/2025:13:55:28 +0100] "GET /Jurek/topeshop/downloaded_images/5902838467671_2.png HTTP/1.1" 404 3551 "-" "Googlebot-Image/1.0"
46.101.116.244 - - [20/Mar/2025:13:55:50 +0100] "GET /Jurek/eurofirany/feeds/eurofirany_empik.xml HTTP/1.0" 200 19226334 "-" "-"
51.77.52.107 - - [20/Mar/2025:13:55:53 +0100] "GET /Jurek/eurofirany/images/460630/0.jpg HTTP/2.0" 200 78991 "-" "Baselinker/1.0"
89.161.206.59 - - [20/Mar/2025:13:55:56 +0100] "GET /Jurek/ikonka/feeds/ikonka_skroutz.xml HTTP/1.0" 200 21265703 "-" "-"
51.77.52.107 - - [20/Mar/2025:13:56:13 +0100] "GET /Jurek/eurofirany/images/391640/0.jpg HTTP/2.0" 200 81616 "-" "Baselinker/1.0"
193.33.8.61 - - [20/Mar/2025:13:57:04 +0100] "GET /Jurek/gandalf/output.txt HTTP/2.0" 200 1498 "https://konsola.dkkapusta1997.usermd.net/" "Mozilla/5.0 (Macintosh; Intel Mac OS X 10_15_7) AppleWebKit/537.36 (KHTML, like Gecko) Chrome/134.0.0.0 Safari/537.36"
46.101.116.244 - - [20/Mar/2025:13:57:31 +0100] "GET /Jurek/eurofirany/feeds/eurofirany_erli.xml HTTP/1.0" 200 19228847 "-" "-"
51.77.52.107 - - [20/Mar/2025:13:57:33 +0100] "GET /Jurek/eurofirany/images/460622/0.jpg HTTP/2.0" 200 67946 "-" "Baselinker/1.0"
89.161.206.59 - - [20/Mar/2025:13:57:52 +0100] "GET /Jurek/fernity/feeds/fernity_skroutz.xml HTTP/1.0" 200 5208739 "-" "-"
89.161.206.59 - - [20/Mar/2025:13:58:04 +0100] "GET /Jurek/activeshop/feeds/activeshop_skroutz.xml HTTP/1.0" 200 10353841 "-" "-"
77.79.248.229 - - [20/Mar/2025:13:58:05 +0100] "GET /Filip/zalando/zalando-logo.jpg HTTP/1.1" 200 5121 "-" "-"
77.79.248.229 - - [20/Mar/2025:13:58:05 +0100] "GET /Filip/zalando/zalando-logo.jpg HTTP/1.1" 200 5121 "-" "-"
51.77.52.107 - - [20/Mar/2025:13:58:18 +0100] "GET /Jurek/eurofirany/images/461216/0.jpg HTTP/2.0" 200 60445 "-" "Baselinker/1.0"
89.161.206.59 - - [20/Mar/2025:13:58:35 +0100] "GET /Jurek/topeshop/feeds/topeshop_ebayDE.xml HTTP/1.0" 200 1851976 "-" "-"
51.77.52.107 - - [20/Mar/2025:13:58:36 +0100] "GET /Jurek/topeshop/downloaded_images/5902838463413_render_pop_.RGB_color.0010_kopia.png HTTP/2.0" 200 327122 "-" "-"
46.101.116.244 - - [20/Mar/2025:13:58:55 +0100] "GET /Jurek/fernity/feeds/fernity_cdiscount.xml HTTP/1.0" 200 5208620 "-" "-"
66.249.64.165 - - [20/Mar/2025:13:59:10 +0100] "GET /Jurek/eurofirany/images/390430/7.jpg HTTP/1.1" 200 6595 "-" "Googlebot-Image/1.0"
193.33.8.61 - - [20/Mar/2025:13:59:17 +0100] "GET /Jurek/sportprise/feeds/sportprise_skroutz.xml HTTP/2.0" 200 12725436 "https://konsola.dkkapusta1997.usermd.net/" "Mozilla/5.0 (Windows NT 10.0; Win64; x64) AppleWebKit/537.36 (KHTML, like Gecko) Chrome/134.0.0.0 Safari/537.36"
46.101.116.244 - - [20/Mar/2025:13:59:52 +0100] "GET /Jurek/fernity/feeds/fernity_manomano.xml HTTP/1.0" 200 5208379 "-" "-"
89.161.206.59 - - [20/Mar/2025:14:00:23 +0100] "GET /Jurek/snibbs/feeds/snibbs_skroutz.xml HTTP/1.0" 200 74387 "-" "-"
85.14.86.141 - - [20/Mar/2025:14:00:38 +0100] "GET /Jurek/vida_morele/feeds/VidaPL_all.xml HTTP/2.0" 200 701978794 "-" "MarketplaceAPI curl/7.64.0 PHP/8"
193.33.8.61 - - [20/Mar/2025:14:00:39 +0100] "GET /Jurek/newtechele/output.txt HTTP/2.0" 200 1361 "https://konsola.dkkapusta1997.usermd.net/" "Mozilla/5.0 (Windows NT 10.0; Win64; x64) AppleWebKit/537.36 (KHTML, like Gecko) Chrome/133.0.0.0 Safari/537.36"
89.161.206.59 - - [20/Mar/2025:14:00:43 +0100] "GET /Jurek/drops/feeds/dropsofficecolection_allegro.xml HTTP/1.0" 200 790652 "-" "-"
89.161.206.59 - - [20/Mar/2025:14:00:43 +0100] "GET /Jurek/velinda/feeds/velinda_allegro.xml HTTP/1.0" 200 23437 "-" "-"
52.18.22.0 - - [20/Mar/2025:14:00:46 +0100] "GET /marketplaces/ubaldi/results/ubaldi.csv HTTP/1.1" 200 147219 "-" "Mirakl HttpClient"
193.33.8.61 - - [20/Mar/2025:14:00:48 +0100] "GET /Jurek/newtechele/feeds/newtechele_emagro.xml HTTP/2.0" 200 2437931 "https://konsola.dkkapusta1997.usermd.net/" "Mozilla/5.0 (Windows NT 10.0; Win64; x64) AppleWebKit/537.36 (KHTML, like Gecko) Chrome/133.0.0.0 Safari/537.36"
46.101.116.244 - - [20/Mar/2025:14:00:59 +0100] "GET /Jurek/fernity/feeds/fernity_all.xml HTTP/1.0" 200 5209485 "-" "-"
193.33.8.61 - - [20/Mar/2025:14:01:07 +0100] "GET /Jurek/newtechele/feeds/newtechele_emagro.xml HTTP/2.0" 304 0 "https://konsola.dkkapusta1997.usermd.net/" "Mozilla/5.0 (Windows NT 10.0; Win64; x64) AppleWebKit/537.36 (KHTML, like Gecko) Chrome/133.0.0.0 Safari/537.36"
52.209.168.113 - - [20/Mar/2025:14:01:59 +0100] "GET /marketplaces/rue/results/rue.csv HTTP/1.1" 200 147219 "-" "Mirakl HttpClient"
46.101.116.244 - - [20/Mar/2025:14:02:19 +0100] "GET /Jurek/eurofirany/feeds/eurofirany_allsweet.xml HTTP/1.0" 200 19229112 "-" "-"
51.77.52.107 - - [20/Mar/2025:14:02:21 +0100] "GET /Jurek/eurofirany/images/460634/0.jpg HTTP/2.0" 200 85517 "-" "Baselinker/1.0"
85.14.86.141 - - [20/Mar/2025:14:02:27 +0100] "GET /Jurek/kinghoff/feeds/kinghoff_morele.xml HTTP/2.0" 200 15538921 "-" "MarketplaceAPI curl/7.64.0 PHP/8"
193.33.8.61 - - [20/Mar/2025:14:02:31 +0100] "GET /Jurek/pawonik/output.txt HTTP/2.0" 200 4754 "https://konsola.dkkapusta1997.usermd.net/" "Mozilla/5.0 (Windows NT 10.0; Win64; x64) AppleWebKit/537.36 (KHTML, like Gecko) Chrome/134.0.0.0 Safari/537.36"
89.161.206.59 - - [20/Mar/2025:14:02:43 +0100] "GET /Jurek/newtechele/feeds/newtechele_emagro.xml HTTP/1.0" 200 2437931 "-" "-"
51.77.52.107 - - [20/Mar/2025:14:02:51 +0100] "GET /Jurek/eurofirany/images/460634/0.jpg HTTP/2.0" 200 85517 "-" "Baselinker/1.0"
193.33.8.61 - - [20/Mar/2025:14:03:10 +0100] "GET /Jurek/pawonik/feeds/pawonik_bigbang.xml HTTP/2.0" 200 2586072 "https://konsola.dkkapusta1997.usermd.net/" "Mozilla/5.0 (Windows NT 10.0; Win64; x64) AppleWebKit/537.36 (KHTML, like Gecko) Chrome/134.0.0.0 Safari/537.36"
89.161.206.59 - - [20/Mar/2025:14:03:32 +0100] "GET /Jurek/newtechele/feeds/newtechele_emagro.xml HTTP/1.0" 200 2437931 "-" "-"
89.161.206.59 - - [20/Mar/2025:14:03:38 +0100] "GET /Jurek/kinghoff/feeds/kinghoff_emaghu.xml HTTP/1.0" 200 15545572 "-" "-"
46.101.116.244 - - [20/Mar/2025:14:03:45 +0100] "GET /Jurek/eurofirany/feeds/eurofirany_bol.xml HTTP/1.0" 200 19225005 "-" "-"
51.77.52.107 - - [20/Mar/2025:14:03:48 +0100] "GET /Jurek/eurofirany/images/460634/0.jpg HTTP/2.0" 200 85517 "-" "Baselinker/1.0"
51.77.52.107 - - [20/Mar/2025:14:04:04 +0100] "GET /Jurek/eurofirany/images/460622/0.jpg HTTP/2.0" 200 67946 "-" "Baselinker/1.0"
89.161.206.59 - - [20/Mar/2025:14:04:04 +0100] "GET /Jurek/slayo/feeds/slayo_emagro.xml HTTP/1.0" 200 183630 "-" "-"
89.161.206.59 - - [20/Mar/2025:14:04:04 +0100] "GET /Jurek/mosti/feeds/mosti_emagro.xml HTTP/1.0" 200 4628164 "-" "-"
89.161.206.59 - - [20/Mar/2025:14:04:06 +0100] "GET /Jurek/bass/feeds/bass_emagro.xml HTTP/1.0" 200 3985722 "-" "-"
89.161.206.59 - - [20/Mar/2025:14:04:10 +0100] "GET /Jurek/urwiskowo/feeds/urwiskowo_emagro.xml HTTP/1.0" 200 9116294 "-" "-"
89.161.206.59 - - [20/Mar/2025:14:04:11 +0100] "GET /Jurek/erohurtownia/feeds/erohurtownia_emagro.xml HTTP/1.0" 200 22856261 "-" "-"
89.161.206.59 - - [20/Mar/2025:14:04:12 +0100] "GET /Jurek/aiofactory/feeds/aiofactory_emagro.xml HTTP/1.0" 200 2124129 "-" "-"
89.161.206.59 - - [20/Mar/2025:14:04:16 +0100] "GET /Jurek/sternhoff/feeds/sternhoff_emagro.xml HTTP/1.0" 200 1776145 "-" "-"
89.161.206.59 - - [20/Mar/2025:14:04:16 +0100] "GET /Jurek/pupus/feeds/pupus_emagro.xml HTTP/1.0" 200 6155860 "-" "-"
89.161.206.59 - - [20/Mar/2025:14:04:16 +0100] "GET /Jurek/beltimore/feeds/beltimore_emagro.xml HTTP/1.0" 200 18650970 "-" "-"
89.161.206.59 - - [20/Mar/2025:14:04:16 +0100] "GET /Jurek/smxdesign/feeds/smxdesign_emagro.xml HTTP/1.0" 200 1829244 "-" "-"
46.101.116.244 - - [20/Mar/2025:14:04:19 +0100] "GET /Jurek/gimmik/feeds/gimmik_allegro.xml HTTP/1.0" 404 3551 "-" "-"
89.161.206.59 - - [20/Mar/2025:14:04:20 +0100] "GET /Jurek/hurtownia_przemyslowa/feeds/hp_emagro.xml HTTP/1.0" 200 42446204 "-" "-"
46.101.116.244 - - [20/Mar/2025:14:04:20 +0100] "GET /Jurek/gimmik/feeds/gimmik_allegro.xml HTTP/1.0" 404 3551 "-" "-"
89.161.206.59 - - [20/Mar/2025:14:04:21 +0100] "GET /Jurek/topeshop/feeds/topeshop_emagro.xml HTTP/1.0" 200 917833 "-" "-"
46.101.116.244 - - [20/Mar/2025:14:04:21 +0100] "GET /Jurek/gimmik/feeds/gimmik_allegro.xml HTTP/1.0" 404 3551 "-" "-"
89.161.206.59 - - [20/Mar/2025:14:04:24 +0100] "GET /Jurek/activeshop/feeds/activeshop_emagro.xml HTTP/1.0" 200 10355391 "-" "-"
46.101.116.244 - - [20/Mar/2025:14:04:40 +0100] "GET /Jurek/gimmik/feeds/gimmik_allegro.xml HTTP/1.0" 404 3551 "-" "-"
46.101.116.244 - - [20/Mar/2025:14:04:40 +0100] "GET /Jurek/gimmik/feeds/gimmik_allegro.xml HTTP/1.0" 404 3551 "-" "-"
46.101.116.244 - - [20/Mar/2025:14:04:40 +0100] "GET /Jurek/gimmik/feeds/gimmik_allegro.xml HTTP/1.0" 404 3551 "-" "-"
85.14.86.141 - - [20/Mar/2025:14:04:44 +0100] "GET /Jurek/eurofirany/feeds/eurofirany_morele.xml HTTP/2.0" 200 19226514 "-" "MarketplaceAPI curl/7.64.0 PHP/8"
85.14.86.141 - - [20/Mar/2025:14:05:00 +0100] "GET /Jurek/vivaldi/feeds/vivaldi_Morele-PL.xml HTTP/2.0" 200 344674 "-" "MarketplaceAPI curl/7.64.0 PHP/8"
193.33.8.61 - - [20/Mar/2025:14:05:16 +0100] "GET /Jurek/eroplace/feeds/eroplace_skroutz.xml HTTP/2.0" 200 8634368 "https://konsola.dkkapusta1997.usermd.net/" "Mozilla/5.0 (Windows NT 10.0; Win64; x64) AppleWebKit/537.36 (KHTML, like Gecko) Chrome/134.0.0.0 Safari/537.36"
77.79.248.229 - - [20/Mar/2025:14:05:19 +0100] "GET /Jurek/eroplace/feeds/eroplace_skroutz.xml HTTP/1.1" 200 51218243 "-" "Python-urllib/3.11"
85.14.86.141 - - [20/Mar/2025:14:05:46 +0100] "GET /Jurek/aw/feeds/awnarzedzia_morele.xml HTTP/2.0" 200 90243493 "-" "MarketplaceAPI curl/7.64.0 PHP/8"
85.14.86.141 - - [20/Mar/2025:14:05:53 +0100] "GET /Jurek/vida_morele/feeds/VidaPL_morele.xml HTTP/2.0" 200 701979979 "-" "MarketplaceAPI curl/7.64.0 PHP/8"
46.101.116.244 - - [20/Mar/2025:14:06:06 +0100] "GET /Jurek/aw/feeds/aw_fnacfr.xml HTTP/1.0" 404 3551 "-" "-"
85.14.86.141 - - [20/Mar/2025:14:06:24 +0100] "GET /Jurek/beliani/feeds/beliani_morele.xml HTTP/2.0" 200 31673875 "-" "MarketplaceAPI curl/7.64.0 PHP/8"
193.33.8.61 - - [20/Mar/2025:14:06:35 +0100] "GET /Jurek/bass_new/feeds/bass_zero.xml HTTP/2.0" 200 7039332 "https://konsola.dkkapusta1997.usermd.net/" "Mozilla/5.0 (Windows NT 10.0; Win64; x64) AppleWebKit/537.36 (KHTML, like Gecko) Chrome/134.0.0.0 Safari/537.36"
66.249.64.165 - - [20/Mar/2025:14:08:42 +0100] "GET /Jurek/eurofirany/images/334081/2.jpg HTTP/1.1" 200 6595 "-" "Googlebot-Image/1.0"
66.249.64.165 - - [20/Mar/2025:14:09:51 +0100] "GET /Jurek/eurofirany/images/419260/2.jpg HTTP/1.1" 200 0 "-" "Googlebot-Image/1.0"
46.101.116.244 - - [20/Mar/2025:14:10:22 +0100] "GET /Jurek/hurtownia_przemyslowa/feeds/hp_allegro.xml HTTP/1.0" 200 49366442 "-" "-"
77.79.248.229 - - [20/Mar/2025:14:10:26 +0100] "GET /Jurek/ikonka/feeds/ikonka_cdon_se.xml HTTP/1.1" 200 21267794 "-" "python-requests/2.32.3"
77.79.248.229 - - [20/Mar/2025:14:10:27 +0100] "GET /Jurek/ikonka/feeds/ikonka_cdon_dk.xml HTTP/1.1" 200 21267766 "-" "python-requests/2.32.3"
77.79.248.229 - - [20/Mar/2025:14:10:28 +0100] "GET /Jurek/ikonka/feeds/ikonka_cdon_fi.xml HTTP/1.1" 200 21265651 "-" "python-requests/2.32.3"
185.6.76.18 - - [20/Mar/2025:14:10:45 +0100] "GET /marketplaces/skroutz/feeds/shumee.xml HTTP/1.1" 200 418286974 "-" "SkroutzBot v1.0"
46.101.116.244 - - [20/Mar/2025:14:11:06 +0100] "GET /Jurek/hurtownia_przemyslowa/feeds/hp_bol.xml HTTP/1.0" 200 49362383 "-" "-"
51.77.52.107 - - [20/Mar/2025:14:11:37 +0100] "POST /Jurek/vida_short/baselinker-ceneo-shumee.php HTTP/2.0" 404 3551 "-" "BaseLinker/1.0"
89.161.206.59 - - [20/Mar/2025:14:11:50 +0100] "GET /Jurek/targethome/feeds/targethome_skroutz.xml HTTP/1.0" 200 688622 "-" "-"
46.101.116.244 - - [20/Mar/2025:14:11:56 +0100] "GET /Jurek/hurtownia_przemyslowa/feeds/hp_cdiscount.xml HTTP/1.0" 200 43678552 "-" "-"
77.79.248.229 - - [20/Mar/2025:14:12:29 +0100] "GET /Jurek/rovicky/feeds/rovicky_cdonSE.xml HTTP/1.1" 200 14279351 "-" "python-requests/2.32.3"
66.249.64.165 - - [20/Mar/2025:14:12:38 +0100] "GET /Jurek/eurofirany/images/372976/2.jpg HTTP/1.1" 200 204201 "-" "Googlebot-Image/1.0"
77.79.248.229 - - [20/Mar/2025:14:12:41 +0100] "GET /Jurek/rovicky/feeds/rovicky_cdonDK.xml HTTP/1.1" 200 14279214 "-" "python-requests/2.32.3"
77.79.248.229 - - [20/Mar/2025:14:12:46 +0100] "GET /Jurek/rovicky/feeds/rovicky_cdonFI.xml HTTP/1.1" 200 14273999 "-" "python-requests/2.32.3"
77.79.248.229 - - [20/Mar/2025:14:12:48 +0100] "GET /Jurek/benbaby/feeds/benbaby_cdon_se.xml HTTP/1.1" 200 3781557 "-" "python-requests/2.32.3"
46.101.116.244 - - [20/Mar/2025:14:12:50 +0100] "GET /Jurek/hurtownia_przemyslowa/feeds/hp_fnacfr.xml HTTP/1.0" 200 49362213 "-" "-"
77.79.248.229 - - [20/Mar/2025:14:12:53 +0100] "GET /Jurek/benbaby/feeds/benbaby_cdon_dk.xml HTTP/1.1" 200 3781529 "-" "python-requests/2.32.3"
77.79.248.229 - - [20/Mar/2025:14:12:55 +0100] "GET /Jurek/benbaby/feeds/benbaby_cdon_fi.xml HTTP/1.1" 200 3778853 "-" "python-requests/2.32.3"
77.79.248.229 - - [20/Mar/2025:14:13:29 +0100] "GET /Jurek/candellux/feeds/candellux_cdon_se.xml HTTP/1.1" 200 466166 "-" "python-requests/2.32.3"
77.79.248.229 - - [20/Mar/2025:14:13:31 +0100] "GET /Jurek/candellux/feeds/candellux_cdon_dk.xml HTTP/1.1" 200 466129 "-" "python-requests/2.32.3"
77.79.248.229 - - [20/Mar/2025:14:13:33 +0100] "GET /Jurek/candellux/feeds/candellux_cdon_fi.xml HTTP/1.1" 200 465745 "-" "python-requests/2.32.3"
46.101.116.244 - - [20/Mar/2025:14:13:46 +0100] "GET /Jurek/hurtownia_przemyslowa/feeds/hp_all.xml HTTP/1.0" 200 49368273 "-" "-"
178.21.154.6 - - [20/Mar/2025:14:13:53 +0100] "GET /Jurek/eurofirany/images/416137/0.jpg HTTP/1.1" 200 92572 "-" "-"
77.79.248.229 - - [20/Mar/2025:14:14:05 +0100] "GET /Jurek/hurtownia_przemyslowa/feeds/hp_cdon_se.xml HTTP/1.1" 200 49377620 "-" "python-requests/2.32.3"
46.101.116.244 - - [20/Mar/2025:14:14:22 +0100] "GET /Jurek/ikonka/feeds/ikonka_all_sweet.xml HTTP/1.0" 200 21266160 "-" "-"
77.79.248.229 - - [20/Mar/2025:14:14:26 +0100] "GET /Jurek/hurtownia_przemyslowa/feeds/hp_cdon_dk.xml HTTP/1.1" 200 49376371 "-" "python-requests/2.32.3"
77.79.248.229 - - [20/Mar/2025:14:14:37 +0100] "GET /Jurek/hurtownia_przemyslowa/feeds/hp_cdon_fi.xml HTTP/1.1" 200 49362689 "-" "python-requests/2.32.3"
77.79.248.229 - - [20/Mar/2025:14:14:41 +0100] "GET /Jurek/topeshop/feeds/topeshop_cdon_se.xml HTTP/1.1" 200 2518732 "-" "python-requests/2.32.3"
77.79.248.229 - - [20/Mar/2025:14:14:42 +0100] "GET /Jurek/topeshop/feeds/topeshop_cdon_dk.xml HTTP/1.1" 200 2518545 "-" "python-requests/2.32.3"
77.79.248.229 - - [20/Mar/2025:14:14:43 +0100] "GET /Jurek/topeshop/feeds/topeshop_cdon_fi.xml HTTP/1.1" 200 2518099 "-" "python-requests/2.32.3"
77.79.248.229 - - [20/Mar/2025:14:14:43 +0100] "GET /Jurek/asortymenteu/feeds/asortymenteu_cdon_se.xml HTTP/1.1" 200 2662737 "-" "python-requests/2.32.3"
77.79.248.229 - - [20/Mar/2025:14:14:44 +0100] "GET /Jurek/asortymenteu/feeds/asortymenteu_cdon_dk.xml HTTP/1.1" 200 2662698 "-" "python-requests/2.32.3"
77.79.248.229 - - [20/Mar/2025:14:14:45 +0100] "GET /Jurek/asortymenteu/feeds/asortymenteu_cdon_fi.xml HTTP/1.1" 200 2661687 "-" "python-requests/2.32.3"
77.79.248.229 - - [20/Mar/2025:14:14:48 +0100] "GET /Jurek/fernity/feeds/fernity_cdon_se.xml HTTP/1.1" 200 5211602 "-" "python-requests/2.32.3"
77.79.248.229 - - [20/Mar/2025:14:14:50 +0100] "GET /Jurek/fernity/feeds/fernity_cdon_dk.xml HTTP/1.1" 200 5211155 "-" "python-requests/2.32.3"
77.79.248.229 - - [20/Mar/2025:14:14:53 +0100] "GET /Jurek/fernity/feeds/fernity_cdon_fi.xml HTTP/1.1" 200 5208192 "-" "python-requests/2.32.3"
193.33.8.61 - - [20/Mar/2025:14:15:12 +0100] "GET /Jurek/topeshop/feeds/topeshop_ubaldi.xml HTTP/2.0" 200 2518043 "https://konsola.dkkapusta1997.usermd.net/" "Mozilla/5.0 (Windows NT 10.0; Win64; x64) AppleWebKit/537.36 (KHTML, like Gecko) Chrome/134.0.0.0 Safari/537.36"
77.79.248.229 - - [20/Mar/2025:14:15:13 +0100] "GET /Jurek/aw/feeds/awnarzedzia_cdon_se.xml HTTP/1.1" 200 90321199 "-" "python-requests/2.32.3"
51.77.52.107 - - [20/Mar/2025:14:15:18 +0100] "POST /subskrypcje/mondex/bl/ro/baselinker-ceneo-shumee.php HTTP/2.0" 200 303 "-" "BaseLinker/1.0"
46.101.116.244 - - [20/Mar/2025:14:15:23 +0100] "GET /Jurek/ikonka/feeds/ikonka_aliexpress.xml HTTP/1.0" 200 21263558 "-" "-"
89.235.0.38 - - [20/Mar/2025:14:15:26 +0100] "GET /Jurek/kinghoff/feeds/kinghoff_kauflandde.xml HTTP/2.0" 200 15538097 "-" "Mozilla/5.0 (Macintosh; Intel Mac OS X 10_15_7) AppleWebKit/537.36 (KHTML, like Gecko) Chrome/134.0.0.0 Safari/537.36"
51.77.52.107 - - [20/Mar/2025:14:15:30 +0100] "POST /subskrypcje/mondex/bl/bg/baselinker-ceneo-shumee.php HTTP/2.0" 200 303 "-" "BaseLinker/1.0"
77.79.248.229 - - [20/Mar/2025:14:15:33 +0100] "GET /Jurek/aw/feeds/awnarzedzia_cdon_dk.xml HTTP/1.1" 200 90315750 "-" "python-requests/2.32.3"
77.79.248.229 - - [20/Mar/2025:14:15:48 +0100] "GET /Jurek/aw/feeds/awnarzedzia_cdon_fi.xml HTTP/1.1" 200 90233201 "-" "python-requests/2.32.3"
193.33.8.61 - - [20/Mar/2025:14:15:51 +0100] "GET /Jurek/lampart/feeds/lampart_emagro.xml HTTP/2.0" 404 3551 "https://konsola.dkkapusta1997.usermd.net/" "Mozilla/5.0 (Windows NT 10.0; Win64; x64) AppleWebKit/537.36 (KHTML, like Gecko) Chrome/133.0.0.0 Safari/537.36"
77.79.248.229 - - [20/Mar/2025:14:15:55 +0100] "GET /Jurek/activeshop/feeds/activeshop_cdon_se.xml HTTP/1.1" 200 10357639 "-" "python-requests/2.32.3"
77.79.248.229 - - [20/Mar/2025:14:15:57 +0100] "GET /Jurek/activeshop/feeds/activeshop_cdon_dk.xml HTTP/1.1" 200 10357344 "-" "python-requests/2.32.3"
77.79.248.229 - - [20/Mar/2025:14:16:00 +0100] "GET /Jurek/activeshop/feeds/activeshop_cdon_fi.xml HTTP/1.1" 200 10353882 "-" "python-requests/2.32.3"
193.33.8.61 - - [20/Mar/2025:14:16:00 +0100] "GET /Jurek/lampart/output.txt HTTP/2.0" 200 4835 "https://konsola.dkkapusta1997.usermd.net/" "Mozilla/5.0 (Windows NT 10.0; Win64; x64) AppleWebKit/537.36 (KHTML, like Gecko) Chrome/133.0.0.0 Safari/537.36"
193.33.8.61 - - [20/Mar/2025:14:16:10 +0100] "GET /Jurek/lampart/feeds/lampart_emagro.xml HTTP/2.0" 200 936206 "https://konsola.dkkapusta1997.usermd.net/" "Mozilla/5.0 (Windows NT 10.0; Win64; x64) AppleWebKit/537.36 (KHTML, like Gecko) Chrome/133.0.0.0 Safari/537.36"
85.232.241.194 - - [20/Mar/2025:14:16:13 +0100] "GET /subskrypcje/mondex/feeds/mondex_kaufland_de.xml HTTP/1.1" 200 2204485 "-" "-"
51.77.52.107 - - [20/Mar/2025:14:16:13 +0100] "POST /subskrypcje/mondex/bl/kauf/baselinker-ceneo-shumee.php HTTP/2.0" 200 305 "-" "BaseLinker/1.0"
85.232.241.194 - - [20/Mar/2025:14:16:14 +0100] "GET /subskrypcje/mondex/feeds/mondex_mall_cz.xml HTTP/1.1" 200 2203515 "-" "-"
51.77.52.107 - - [20/Mar/2025:14:16:14 +0100] "POST /Filip/salesconnect/baselinker-ceneo-shumee.php HTTP/2.0" 200 297 "-" "BaseLinker/1.0"
77.79.248.229 - - [20/Mar/2025:14:16:20 +0100] "GET /Jurek/ikonka/feeds/ikonka_cdon_se.xml HTTP/1.1" 200 21267794 "-" "python-requests/2.32.3"
77.79.248.229 - - [20/Mar/2025:14:16:30 +0100] "GET /Jurek/ikonka/feeds/ikonka_cdon_dk.xml HTTP/1.1" 200 21267766 "-" "python-requests/2.32.3"
77.79.248.229 - - [20/Mar/2025:14:16:33 +0100] "GET /Jurek/ikonka/feeds/ikonka_cdon_fi.xml HTTP/1.1" 200 21265651 "-" "python-requests/2.32.3"
77.79.248.229 - - [20/Mar/2025:14:16:33 +0100] "GET /Jurek/swiatecznygoliat/feeds/swiatecznygoliat_cdon_se.xml HTTP/1.1" 200 7056936 "-" "python-requests/2.32.3"
77.79.248.229 - - [20/Mar/2025:14:16:33 +0100] "GET /Jurek/swiatecznygoliat/feeds/swiatecznygoliat_cdon_dk.xml HTTP/1.1" 200 7056896 "-" "python-requests/2.32.3"
77.79.248.229 - - [20/Mar/2025:14:16:34 +0100] "GET /Jurek/swiatecznygoliat/feeds/swiatecznygoliat_cdon_fi.xml HTTP/1.1" 200 7054400 "-" "python-requests/2.32.3"
77.79.248.229 - - [20/Mar/2025:14:16:34 +0100] "GET /Jurek/slayo/feeds/slayo_cdon_se.xml HTTP/1.1" 200 183632 "-" "python-requests/2.32.3"
77.79.248.229 - - [20/Mar/2025:14:16:34 +0100] "GET /Jurek/slayo/feeds/slayo_cdon_dk.xml HTTP/1.1" 200 183632 "-" "python-requests/2.32.3"
77.79.248.229 - - [20/Mar/2025:14:16:34 +0100] "GET /Jurek/slayo/feeds/slayo_cdon_fi.xml HTTP/1.1" 200 183614 "-" "python-requests/2.32.3"
46.101.116.244 - - [20/Mar/2025:14:16:36 +0100] "GET /Jurek/ikonka/feeds/ikonka_allegro.xml HTTP/1.0" 200 21265869 "-" "-"
77.79.248.229 - - [20/Mar/2025:14:16:36 +0100] "GET /Jurek/bass/feeds/bass_cdon_se.xml HTTP/1.1" 200 3986233 "-" "python-requests/2.32.3"
77.79.248.229 - - [20/Mar/2025:14:16:36 +0100] "GET /Jurek/bass/feeds/bass_cdon_dk.xml HTTP/1.1" 200 3986047 "-" "python-requests/2.32.3"
