193.33.8.61 - - [18/Mar/2025:12:01:50 +0100] "GET /Jurek/proparts/feeds/proparts_bol.xml HTTP/2.0" 200 707506 "https://konsola.dkkapusta1997.usermd.net/" "Mozilla/5.0 (Windows NT 10.0; Win64; x64) AppleWebKit/537.36 (KHTML, like Gecko) Chrome/134.0.0.0 Safari/537.36"
193.33.8.61 - - [18/Mar/2025:12:01:59 +0100] "GET /Jurek/primohurt/feeds/primohurt_bol.xml HTTP/2.0" 200 17186676 "https://konsola.dkkapusta1997.usermd.net/" "Mozilla/5.0 (Windows NT 10.0; Win64; x64) AppleWebKit/537.36 (KHTML, like Gecko) Chrome/134.0.0.0 Safari/537.36"
193.33.8.61 - - [18/Mar/2025:12:02:00 +0100] "GET /Jurek/pupus/feeds/pupus_bol.xml HTTP/2.0" 200 6154594 "https://konsola.dkkapusta1997.usermd.net/" "Mozilla/5.0 (Windows NT 10.0; Win64; x64) AppleWebKit/537.36 (KHTML, like Gecko) Chrome/134.0.0.0 Safari/537.36"
85.14.86.141 - - [18/Mar/2025:12:02:38 +0100] "GET /Jurek/kinghoff/feeds/kinghoff_morele.xml HTTP/2.0" 200 15441253 "-" "MarketplaceAPI curl/7.64.0 PHP/8"
52.209.168.113 - - [18/Mar/2025:12:02:49 +0100] "GET /marketplaces/rue/results/rue.csv HTTP/1.1" 200 6859027 "-" "Mirakl HttpClient"
66.249.64.165 - - [18/Mar/2025:12:03:16 +0100] "GET /Jurek/eurofirany/images/454474/3.jpg HTTP/1.1" 200 0 "-" "Googlebot-Image/1.0"
46.101.116.244 - - [18/Mar/2025:12:03:19 +0100] "GET /Jurek/sempler/feeds/sempler_alza.xml HTTP/2.0" 200 6789373 "-" "-"
46.101.116.244 - - [18/Mar/2025:12:03:31 +0100] "GET /Jurek/eroplace/feeds/eroplace_alza.xml HTTP/2.0" 200 52181732 "-" "-"
46.101.116.244 - - [18/Mar/2025:12:03:43 +0100] "GET /Jurek/mosti/feeds/mosti_alza.xml HTTP/2.0" 200 4629228 "-" "-"
46.101.116.244 - - [18/Mar/2025:12:03:44 +0100] "GET /Jurek/biokominki/feeds/biokomiinki_alza.xml HTTP/2.0" 200 1422344 "-" "-"
46.101.116.244 - - [18/Mar/2025:12:04:24 +0100] "GET /Jurek/vida_morele/feeds/vida_alza.xml HTTP/2.0" 200 699941500 "-" "-"
193.33.8.61 - - [18/Mar/2025:12:04:25 +0100] "GET /Jurek/equalo/feeds/equalo_zero.xml HTTP/2.0" 200 97994 "https://konsola.dkkapusta1997.usermd.net/" "Mozilla/5.0 (Windows NT 10.0; Win64; x64) AppleWebKit/537.36 (KHTML, like Gecko) Chrome/134.0.0.0 Safari/537.36"
77.79.248.229 - - [18/Mar/2025:12:04:31 +0100] "GET /Jurek/equalo/feeds/equalo_zero.xml HTTP/1.1" 200 97994 "-" "Python-urllib/3.11"
52.211.234.224 - - [18/Mar/2025:12:05:14 +0100] "GET /Jurek/topeshop/downloaded_images/5904507201883_MIJASBIURKOANTRACYTPRAWE.png HTTP/1.1" 404 3551 "-" "Mozilla/5.0 (X11; Ubuntu; Linux x86_64; rv:65.0) Gecko/20100101 Firefox/65.0"
85.14.86.141 - - [18/Mar/2025:12:05:14 +0100] "GET /Jurek/eurofirany/feeds/eurofirany_morele.xml HTTP/2.0" 200 19124114 "-" "MarketplaceAPI curl/7.64.0 PHP/8"
52.211.234.224 - - [18/Mar/2025:12:05:15 +0100] "GET /Jurek/topeshop/downloaded_images/5904507207465_20st_mijas_Lewy_open_r%C3%B3%C5%BCowy.png HTTP/1.1" 404 3551 "-" "Mozilla/5.0 (X11; Ubuntu; Linux x86_64; rv:65.0) Gecko/20100101 Firefox/65.0"
52.211.234.224 - - [18/Mar/2025:12:05:15 +0100] "GET /Jurek/topeshop/downloaded_images/5904507200169_MIJASBIURKOBRY%C5%81KASONOMALEWEBOKOT.jpg HTTP/1.1" 404 3551 "-" "Mozilla/5.0 (X11; Ubuntu; Linux x86_64; rv:65.0) Gecko/20100101 Firefox/65.0"
52.211.234.224 - - [18/Mar/2025:12:05:16 +0100] "GET /Jurek/topeshop/downloaded_images/5904507200169_MIJASBIURKOSONOMALEWO.2tif.png HTTP/1.1" 404 3551 "-" "Mozilla/5.0 (X11; Ubuntu; Linux x86_64; rv:65.0) Gecko/20100101 Firefox/65.0"
52.211.234.224 - - [18/Mar/2025:12:05:16 +0100] "GET /Jurek/topeshop/downloaded_images/5904507200169_MIJASBIURKOSONOMA_.png HTTP/1.1" 404 3551 "-" "Mozilla/5.0 (X11; Ubuntu; Linux x86_64; rv:65.0) Gecko/20100101 Firefox/65.0"
52.211.234.224 - - [18/Mar/2025:12:05:16 +0100] "GET /Jurek/topeshop/downloaded_images/5904507201883_MIJASBIURKOBRY%C5%81KAANTRACYTPRAWEBOKZM.jpg HTTP/1.1" 404 3551 "-" "Mozilla/5.0 (X11; Ubuntu; Linux x86_64; rv:65.0) Gecko/20100101 Firefox/65.0"
52.211.234.224 - - [18/Mar/2025:12:05:16 +0100] "GET /Jurek/topeshop/downloaded_images/5904507201883_MIJASBIURKOANTRACYTPRAWE.2tif.png HTTP/1.1" 404 3551 "-" "Mozilla/5.0 (X11; Ubuntu; Linux x86_64; rv:65.0) Gecko/20100101 Firefox/65.0"
85.14.86.141 - - [18/Mar/2025:12:05:20 +0100] "GET /Jurek/vivaldi/feeds/vivaldi_Morele-PL.xml HTTP/2.0" 200 344674 "-" "MarketplaceAPI curl/7.64.0 PHP/8"
52.211.234.224 - - [18/Mar/2025:12:05:21 +0100] "GET /Jurek/topeshop/downloaded_images/5904507201883_MIJASBIURKOANTRACYTPRAWE.2tif.png HTTP/1.1" 404 3551 "-" "Mozilla/5.0 (X11; Ubuntu; Linux x86_64; rv:65.0) Gecko/20100101 Firefox/65.0"
52.211.234.224 - - [18/Mar/2025:12:05:21 +0100] "GET /Jurek/topeshop/downloaded_images/5904507200169_MIJASBIURKOBRY%C5%81KASONOMALEWEFRONTOT.jpg HTTP/1.1" 404 3551 "-" "Mozilla/5.0 (X11; Ubuntu; Linux x86_64; rv:65.0) Gecko/20100101 Firefox/65.0"
52.211.234.224 - - [18/Mar/2025:12:05:21 +0100] "GET /Jurek/topeshop/downloaded_images/5904507201906_MIJASBIURKOBRY%C5%81KAANTRACYTLEWEBOKZM.jpg HTTP/1.1" 404 3551 "-" "Mozilla/5.0 (X11; Ubuntu; Linux x86_64; rv:65.0) Gecko/20100101 Firefox/65.0"
52.211.234.224 - - [18/Mar/2025:12:05:21 +0100] "GET /Jurek/topeshop/downloaded_images/5904507201906_MIJASBIURKOBRY%C5%81KAANTRACYTLEWEFRONTOT.jpg HTTP/1.1" 404 3551 "-" "Mozilla/5.0 (X11; Ubuntu; Linux x86_64; rv:65.0) Gecko/20100101 Firefox/65.0"
52.211.234.224 - - [18/Mar/2025:12:05:22 +0100] "GET /Jurek/topeshop/downloaded_images/5904507201906_MIJASBIURKOANTRACYTLEWE.2tif.png HTTP/1.1" 404 3551 "-" "Mozilla/5.0 (X11; Ubuntu; Linux x86_64; rv:65.0) Gecko/20100101 Firefox/65.0"
52.211.234.224 - - [18/Mar/2025:12:05:22 +0100] "GET /Jurek/topeshop/downloaded_images/5904507201883_MIJASBIURKOBRY%C5%81KAANTRACYTPRAWEBOKOT.jpg HTTP/1.1" 404 3551 "-" "Mozilla/5.0 (X11; Ubuntu; Linux x86_64; rv:65.0) Gecko/20100101 Firefox/65.0"
52.211.234.224 - - [18/Mar/2025:12:05:22 +0100] "GET /Jurek/topeshop/downloaded_images/5904507201906_MIJASBIURKOBRY%C5%81KAANTRACYTLEWEBOKkOT.jpg HTTP/1.1" 404 3551 "-" "Mozilla/5.0 (X11; Ubuntu; Linux x86_64; rv:65.0) Gecko/20100101 Firefox/65.0"
52.211.234.224 - - [18/Mar/2025:12:05:22 +0100] "GET /Jurek/topeshop/downloaded_images/5904507200169_MIJASBIURKOBRY%C5%81KASONOMALEWEBOKZM.jpg HTTP/1.1" 404 3551 "-" "Mozilla/5.0 (X11; Ubuntu; Linux x86_64; rv:65.0) Gecko/20100101 Firefox/65.0"
52.211.234.224 - - [18/Mar/2025:12:05:22 +0100] "GET /Jurek/topeshop/downloaded_images/5904507201906_MIJASBIURKOANTRACYTLEWE.png HTTP/1.1" 404 3551 "-" "Mozilla/5.0 (X11; Ubuntu; Linux x86_64; rv:65.0) Gecko/20100101 Firefox/65.0"
52.211.234.224 - - [18/Mar/2025:12:05:22 +0100] "GET /Jurek/topeshop/downloaded_images/5904507207458_20st_mijas_Lewy_open_zielony.png HTTP/1.1" 404 3551 "-" "Mozilla/5.0 (X11; Ubuntu; Linux x86_64; rv:65.0) Gecko/20100101 Firefox/65.0"
52.211.234.224 - - [18/Mar/2025:12:05:22 +0100] "GET /Jurek/topeshop/downloaded_images/5904507201906_MIJASBIURKOANTRACYTLEWE.2tif.png HTTP/1.1" 404 3551 "-" "Mozilla/5.0 (X11; Ubuntu; Linux x86_64; rv:65.0) Gecko/20100101 Firefox/65.0"
52.211.234.224 - - [18/Mar/2025:12:05:22 +0100] "GET /Jurek/topeshop/downloaded_images/5904507207441_Front_mijas_Lewy_niebieski.png HTTP/1.1" 404 3551 "-" "Mozilla/5.0 (X11; Ubuntu; Linux x86_64; rv:65.0) Gecko/20100101 Firefox/65.0"
52.211.234.224 - - [18/Mar/2025:12:05:22 +0100] "GET /Jurek/topeshop/downloaded_images/5904507200169_MIJASBIURKOSONOMA_.png HTTP/1.1" 404 3551 "-" "Mozilla/5.0 (X11; Ubuntu; Linux x86_64; rv:65.0) Gecko/20100101 Firefox/65.0"
89.161.206.59 - - [18/Mar/2025:12:05:28 +0100] "GET /Jurek/spali/feeds/spali_skroutz.xml HTTP/1.0" 200 77055 "-" "-"
89.161.206.59 - - [18/Mar/2025:12:05:28 +0100] "GET /Jurek/galopi/feeds/galopi_skroutz.xml HTTP/1.0" 200 2111091 "-" "-"
89.161.206.59 - - [18/Mar/2025:12:05:28 +0100] "GET /Jurek/combine/feeds/combine_skroutz.xml HTTP/1.0" 200 210557 "-" "-"
89.161.206.59 - - [18/Mar/2025:12:05:35 +0100] "GET /Jurek/velinda/feeds/velinda_skroutz.xml HTTP/1.0" 200 23450 "-" "-"
89.161.206.59 - - [18/Mar/2025:12:05:36 +0100] "GET /Jurek/erohurtownia/feeds/erohurtownia_skroutz.xml HTTP/1.0" 200 22846449 "-" "-"
89.161.206.59 - - [18/Mar/2025:12:05:38 +0100] "GET /Jurek/reman/feeds/reman_skroutz.xml HTTP/1.0" 200 1394836 "-" "-"
89.161.206.59 - - [18/Mar/2025:12:05:39 +0100] "GET /Jurek/urwiskowo/feeds/urwiskowo_skroutz.xml HTTP/1.0" 200 9115001 "-" "-"
5.134.208.158 - - [18/Mar/2025:12:05:42 +0100] "GET /Jurek/eurofirany/images/403590/0.jpg HTTP/1.1" 200 41101 "-" "-"
85.14.86.141 - - [18/Mar/2025:12:06:06 +0100] "GET /Jurek/aw/feeds/awnarzedzia_morele.xml HTTP/2.0" 200 90209855 "-" "MarketplaceAPI curl/7.64.0 PHP/8"
193.33.8.61 - - [18/Mar/2025:12:06:11 +0100] "GET /Jurek/takapara/feeds/takapara_zero.xml HTTP/2.0" 200 1342347 "https://konsola.dkkapusta1997.usermd.net/" "Mozilla/5.0 (Windows NT 10.0; Win64; x64) AppleWebKit/537.36 (KHTML, like Gecko) Chrome/134.0.0.0 Safari/537.36"
85.14.86.141 - - [18/Mar/2025:12:06:12 +0100] "GET /Jurek/vida_morele/feeds/VidaPL_morele.xml HTTP/2.0" 200 699914762 "-" "MarketplaceAPI curl/7.64.0 PHP/8"
77.79.248.229 - - [18/Mar/2025:12:06:16 +0100] "GET /Jurek/takapara/feeds/takapara_zero.xml HTTP/1.1" 200 1342347 "-" "Python-urllib/3.11"
85.14.86.141 - - [18/Mar/2025:12:06:31 +0100] "GET /Jurek/beliani/feeds/beliani_morele.xml HTTP/2.0" 200 31657401 "-" "MarketplaceAPI curl/7.64.0 PHP/8"
3.84.129.52 - - [18/Mar/2025:12:07:51 +0100] "GET /Jurek/kobi/feeds/kobi_bol.xml HTTP/1.1" 206 32769 "-" "Slackbot-LinkExpanding 1.0 (+https://api.slack.com/robots)"
3.81.122.224 - - [18/Mar/2025:12:07:52 +0100] "GET /Jurek/kobi/feeds/kobi_bol.xml HTTP/1.1" 206 65536 "-" "Slackbot-LinkExpanding 1.0 (+https://api.slack.com/robots)"
54.83.178.112 - - [18/Mar/2025:12:07:52 +0100] "GET /Jurek/kobi/feeds/kobi_bol.xml HTTP/1.1" 206 65536 "-" "Slackbot-LinkExpanding 1.0 (+https://api.slack.com/robots)"
3.84.129.52 - - [18/Mar/2025:12:07:53 +0100] "GET /Jurek/kobi/feeds/kobi_bol.xml HTTP/1.1" 206 65536 "-" "Slackbot-LinkExpanding 1.0 (+https://api.slack.com/robots)"
54.162.89.228 - - [18/Mar/2025:12:07:54 +0100] "GET /Jurek/kobi/feeds/kobi_bol.xml HTTP/1.1" 206 65536 "-" "Slackbot-LinkExpanding 1.0 (+https://api.slack.com/robots)"
3.81.122.224 - - [18/Mar/2025:12:07:54 +0100] "GET /Jurek/kobi/feeds/kobi_bol.xml HTTP/1.1" 206 65536 "-" "Slackbot-LinkExpanding 1.0 (+https://api.slack.com/robots)"
3.90.150.227 - - [18/Mar/2025:12:07:55 +0100] "GET /Jurek/kobi/feeds/kobi_bol.xml HTTP/1.1" 206 65536 "-" "Slackbot-LinkExpanding 1.0 (+https://api.slack.com/robots)"
3.85.207.169 - - [18/Mar/2025:12:07:56 +0100] "GET /Jurek/kobi/feeds/kobi_bol.xml HTTP/1.1" 206 65536 "-" "Slackbot-LinkExpanding 1.0 (+https://api.slack.com/robots)"
52.91.11.180 - - [18/Mar/2025:12:07:56 +0100] "GET /Jurek/kobi/feeds/kobi_bol.xml HTTP/1.1" 206 65536 "-" "Slackbot-LinkExpanding 1.0 (+https://api.slack.com/robots)"
23.20.166.185 - - [18/Mar/2025:12:07:57 +0100] "GET /Jurek/kobi/feeds/kobi_bol.xml HTTP/1.1" 206 65536 "-" "Slackbot-LinkExpanding 1.0 (+https://api.slack.com/robots)"
54.161.24.246 - - [18/Mar/2025:12:07:58 +0100] "GET /Jurek/kobi/feeds/kobi_bol.xml HTTP/1.1" 206 65536 "-" "Slackbot-LinkExpanding 1.0 (+https://api.slack.com/robots)"
34.239.181.10 - - [18/Mar/2025:12:07:59 +0100] "GET /Jurek/kobi/feeds/kobi_bol.xml HTTP/1.1" 206 65536 "-" "Slackbot-LinkExpanding 1.0 (+https://api.slack.com/robots)"
3.92.164.30 - - [18/Mar/2025:12:07:59 +0100] "GET /Jurek/kobi/feeds/kobi_bol.xml HTTP/1.1" 206 65536 "-" "Slackbot-LinkExpanding 1.0 (+https://api.slack.com/robots)"
54.83.178.112 - - [18/Mar/2025:12:08:00 +0100] "GET /Jurek/kobi/feeds/kobi_bol.xml HTTP/1.1" 206 65536 "-" "Slackbot-LinkExpanding 1.0 (+https://api.slack.com/robots)"
52.91.11.180 - - [18/Mar/2025:12:08:00 +0100] "GET /Jurek/kobi/feeds/kobi_bol.xml HTTP/1.1" 206 65536 "-" "Slackbot-LinkExpanding 1.0 (+https://api.slack.com/robots)"
54.161.24.246 - - [18/Mar/2025:12:08:01 +0100] "GET /Jurek/kobi/feeds/kobi_bol.xml HTTP/1.1" 206 65536 "-" "Slackbot-LinkExpanding 1.0 (+https://api.slack.com/robots)"
54.166.191.224 - - [18/Mar/2025:12:08:02 +0100] "GET /Jurek/kobi/feeds/kobi_bol.xml HTTP/1.1" 206 65536 "-" "Slackbot-LinkExpanding 1.0 (+https://api.slack.com/robots)"
34.230.57.63 - - [18/Mar/2025:12:08:03 +0100] "GET /favicon.ico HTTP/1.1" 404 3551 "-" "Slackbot 1.0 (+https://api.slack.com/robots)"
34.230.57.63 - - [18/Mar/2025:12:08:03 +0100] "GET /Jurek/hanex/feeds/hanex_BOL.xml HTTP/1.1" 206 32769 "-" "Slackbot-LinkExpanding 1.0 (+https://api.slack.com/robots)"
13.217.23.176 - - [18/Mar/2025:12:08:04 +0100] "GET /Jurek/hanex/feeds/hanex_BOL.xml HTTP/1.1" 206 65536 "-" "Slackbot-LinkExpanding 1.0 (+https://api.slack.com/robots)"
52.71.186.246 - - [18/Mar/2025:12:08:04 +0100] "GET /Jurek/hanex/feeds/hanex_BOL.xml HTTP/1.1" 206 65536 "-" "Slackbot-LinkExpanding 1.0 (+https://api.slack.com/robots)"
34.238.158.133 - - [18/Mar/2025:12:08:05 +0100] "GET /Jurek/hanex/feeds/hanex_BOL.xml HTTP/1.1" 206 65536 "-" "Slackbot-LinkExpanding 1.0 (+https://api.slack.com/robots)"
66.249.64.165 - - [18/Mar/2025:12:08:06 +0100] "GET /Jurek/eurofirany/images/383395/5.jpg HTTP/1.1" 200 47905 "-" "Googlebot-Image/1.0"
3.82.12.193 - - [18/Mar/2025:12:08:06 +0100] "GET /Jurek/hanex/feeds/hanex_BOL.xml HTTP/1.1" 206 65536 "-" "Slackbot-LinkExpanding 1.0 (+https://api.slack.com/robots)"
54.83.178.112 - - [18/Mar/2025:12:08:06 +0100] "GET /Jurek/hanex/feeds/hanex_BOL.xml HTTP/1.1" 206 65536 "-" "Slackbot-LinkExpanding 1.0 (+https://api.slack.com/robots)"
18.212.133.96 - - [18/Mar/2025:12:08:07 +0100] "GET /Jurek/hanex/feeds/hanex_BOL.xml HTTP/1.1" 206 65536 "-" "Slackbot-LinkExpanding 1.0 (+https://api.slack.com/robots)"
98.83.110.70 - - [18/Mar/2025:12:08:08 +0100] "GET /Jurek/hanex/feeds/hanex_BOL.xml HTTP/1.1" 206 65536 "-" "Slackbot-LinkExpanding 1.0 (+https://api.slack.com/robots)"
34.239.181.10 - - [18/Mar/2025:12:08:08 +0100] "GET /Jurek/hanex/feeds/hanex_BOL.xml HTTP/1.1" 206 65536 "-" "Slackbot-LinkExpanding 1.0 (+https://api.slack.com/robots)"
52.71.186.246 - - [18/Mar/2025:12:08:09 +0100] "GET /Jurek/hanex/feeds/hanex_BOL.xml HTTP/1.1" 206 65536 "-" "Slackbot-LinkExpanding 1.0 (+https://api.slack.com/robots)"
52.71.140.157 - - [18/Mar/2025:12:08:10 +0100] "GET /Jurek/hanex/feeds/hanex_BOL.xml HTTP/1.1" 206 65536 "-" "Slackbot-LinkExpanding 1.0 (+https://api.slack.com/robots)"
54.161.24.246 - - [18/Mar/2025:12:08:10 +0100] "GET /Jurek/hanex/feeds/hanex_BOL.xml HTTP/1.1" 206 65536 "-" "Slackbot-LinkExpanding 1.0 (+https://api.slack.com/robots)"
54.83.178.112 - - [18/Mar/2025:12:08:11 +0100] "GET /Jurek/hanex/feeds/hanex_BOL.xml HTTP/1.1" 206 65536 "-" "Slackbot-LinkExpanding 1.0 (+https://api.slack.com/robots)"
54.166.191.224 - - [18/Mar/2025:12:08:11 +0100] "GET /Jurek/hanex/feeds/hanex_BOL.xml HTTP/1.1" 206 65536 "-" "Slackbot-LinkExpanding 1.0 (+https://api.slack.com/robots)"
3.92.164.30 - - [18/Mar/2025:12:08:12 +0100] "GET /Jurek/hanex/feeds/hanex_BOL.xml HTTP/1.1" 206 65536 "-" "Slackbot-LinkExpanding 1.0 (+https://api.slack.com/robots)"
3.85.207.169 - - [18/Mar/2025:12:08:12 +0100] "GET /Jurek/hanex/feeds/hanex_BOL.xml HTTP/1.1" 206 65536 "-" "Slackbot-LinkExpanding 1.0 (+https://api.slack.com/robots)"
23.20.166.185 - - [18/Mar/2025:12:08:13 +0100] "GET /Jurek/hanex/feeds/hanex_BOL.xml HTTP/1.1" 206 65536 "-" "Slackbot-LinkExpanding 1.0 (+https://api.slack.com/robots)"
54.205.255.86 - - [18/Mar/2025:12:08:14 +0100] "GET /favicon.ico HTTP/1.1" 404 3551 "-" "Slackbot 1.0 (+https://api.slack.com/robots)"
54.88.33.211 - - [18/Mar/2025:12:08:15 +0100] "GET /Jurek/aiofactory/feeds/aiofactory_bol.xml HTTP/1.1" 206 32769 "-" "Slackbot-LinkExpanding 1.0 (+https://api.slack.com/robots)"
54.161.90.160 - - [18/Mar/2025:12:08:15 +0100] "GET /Jurek/aiofactory/feeds/aiofactory_bol.xml HTTP/1.1" 206 65536 "-" "Slackbot-LinkExpanding 1.0 (+https://api.slack.com/robots)"
18.208.172.240 - - [18/Mar/2025:12:08:16 +0100] "GET /Jurek/aiofactory/feeds/aiofactory_bol.xml HTTP/1.1" 206 65536 "-" "Slackbot-LinkExpanding 1.0 (+https://api.slack.com/robots)"
54.80.87.15 - - [18/Mar/2025:12:08:17 +0100] "GET /Jurek/aiofactory/feeds/aiofactory_bol.xml HTTP/1.1" 206 65536 "-" "Slackbot-LinkExpanding 1.0 (+https://api.slack.com/robots)"
18.212.133.96 - - [18/Mar/2025:12:08:17 +0100] "GET /Jurek/aiofactory/feeds/aiofactory_bol.xml HTTP/1.1" 206 65536 "-" "Slackbot-LinkExpanding 1.0 (+https://api.slack.com/robots)"
54.161.90.160 - - [18/Mar/2025:12:08:18 +0100] "GET /Jurek/aiofactory/feeds/aiofactory_bol.xml HTTP/1.1" 206 65536 "-" "Slackbot-LinkExpanding 1.0 (+https://api.slack.com/robots)"
54.224.86.247 - - [18/Mar/2025:12:08:19 +0100] "GET /Jurek/aiofactory/feeds/aiofactory_bol.xml HTTP/1.1" 206 65536 "-" "Slackbot-LinkExpanding 1.0 (+https://api.slack.com/robots)"
54.205.255.86 - - [18/Mar/2025:12:08:19 +0100] "GET /Jurek/aiofactory/feeds/aiofactory_bol.xml HTTP/1.1" 206 65536 "-" "Slackbot-LinkExpanding 1.0 (+https://api.slack.com/robots)"
18.208.174.192 - - [18/Mar/2025:12:08:20 +0100] "GET /Jurek/aiofactory/feeds/aiofactory_bol.xml HTTP/1.1" 206 65536 "-" "Slackbot-LinkExpanding 1.0 (+https://api.slack.com/robots)"
3.93.70.219 - - [18/Mar/2025:12:08:21 +0100] "GET /Jurek/aiofactory/feeds/aiofactory_bol.xml HTTP/1.1" 206 65536 "-" "Slackbot-LinkExpanding 1.0 (+https://api.slack.com/robots)"
18.208.174.192 - - [18/Mar/2025:12:08:21 +0100] "GET /Jurek/aiofactory/feeds/aiofactory_bol.xml HTTP/1.1" 206 65536 "-" "Slackbot-LinkExpanding 1.0 (+https://api.slack.com/robots)"
18.208.174.192 - - [18/Mar/2025:12:08:22 +0100] "GET /Jurek/aiofactory/feeds/aiofactory_bol.xml HTTP/1.1" 206 65536 "-" "Slackbot-LinkExpanding 1.0 (+https://api.slack.com/robots)"
54.205.255.86 - - [18/Mar/2025:12:08:22 +0100] "GET /Jurek/aiofactory/feeds/aiofactory_bol.xml HTTP/1.1" 206 65536 "-" "Slackbot-LinkExpanding 1.0 (+https://api.slack.com/robots)"
23.20.185.37 - - [18/Mar/2025:12:08:23 +0100] "GET /Jurek/aiofactory/feeds/aiofactory_bol.xml HTTP/1.1" 206 65536 "-" "Slackbot-LinkExpanding 1.0 (+https://api.slack.com/robots)"
3.82.12.193 - - [18/Mar/2025:12:08:23 +0100] "GET /Jurek/aiofactory/feeds/aiofactory_bol.xml HTTP/1.1" 206 65536 "-" "Slackbot-LinkExpanding 1.0 (+https://api.slack.com/robots)"
54.166.191.224 - - [18/Mar/2025:12:08:24 +0100] "GET /Jurek/aiofactory/feeds/aiofactory_bol.xml HTTP/1.1" 206 65536 "-" "Slackbot-LinkExpanding 1.0 (+https://api.slack.com/robots)"
3.81.122.224 - - [18/Mar/2025:12:08:25 +0100] "GET /Jurek/aiofactory/feeds/aiofactory_bol.xml HTTP/1.1" 206 65536 "-" "Slackbot-LinkExpanding 1.0 (+https://api.slack.com/robots)"
52.71.186.246 - - [18/Mar/2025:12:08:25 +0100] "GET /favicon.ico HTTP/1.1" 404 3551 "-" "Slackbot 1.0 (+https://api.slack.com/robots)"
3.85.207.169 - - [18/Mar/2025:12:08:26 +0100] "GET /Jurek/hlo/feeds/hlo_bol.xml HTTP/1.1" 206 32769 "-" "Slackbot-LinkExpanding 1.0 (+https://api.slack.com/robots)"
3.82.12.193 - - [18/Mar/2025:12:08:26 +0100] "GET /Jurek/hlo/feeds/hlo_bol.xml HTTP/1.1" 206 65536 "-" "Slackbot-LinkExpanding 1.0 (+https://api.slack.com/robots)"
18.208.174.192 - - [18/Mar/2025:12:08:27 +0100] "GET /Jurek/hlo/feeds/hlo_bol.xml HTTP/1.1" 206 65536 "-" "Slackbot-LinkExpanding 1.0 (+https://api.slack.com/robots)"
54.161.24.246 - - [18/Mar/2025:12:08:28 +0100] "GET /Jurek/hlo/feeds/hlo_bol.xml HTTP/1.1" 206 65536 "-" "Slackbot-LinkExpanding 1.0 (+https://api.slack.com/robots)"
54.198.6.73 - - [18/Mar/2025:12:08:28 +0100] "GET /Jurek/hlo/feeds/hlo_bol.xml HTTP/1.1" 206 65536 "-" "Slackbot-LinkExpanding 1.0 (+https://api.slack.com/robots)"
3.92.164.30 - - [18/Mar/2025:12:08:29 +0100] "GET /Jurek/hlo/feeds/hlo_bol.xml HTTP/1.1" 206 65536 "-" "Slackbot-LinkExpanding 1.0 (+https://api.slack.com/robots)"
52.90.49.244 - - [18/Mar/2025:12:08:30 +0100] "GET /Jurek/hlo/feeds/hlo_bol.xml HTTP/1.1" 206 65536 "-" "Slackbot-LinkExpanding 1.0 (+https://api.slack.com/robots)"
54.205.255.86 - - [18/Mar/2025:12:08:30 +0100] "GET /Jurek/hlo/feeds/hlo_bol.xml HTTP/1.1" 206 65536 "-" "Slackbot-LinkExpanding 1.0 (+https://api.slack.com/robots)"
52.71.140.157 - - [18/Mar/2025:12:08:31 +0100] "GET /Jurek/hlo/feeds/hlo_bol.xml HTTP/1.1" 206 65536 "-" "Slackbot-LinkExpanding 1.0 (+https://api.slack.com/robots)"
13.217.23.176 - - [18/Mar/2025:12:08:31 +0100] "GET /Jurek/hlo/feeds/hlo_bol.xml HTTP/1.1" 206 65536 "-" "Slackbot-LinkExpanding 1.0 (+https://api.slack.com/robots)"
54.161.90.160 - - [18/Mar/2025:12:08:32 +0100] "GET /Jurek/hlo/feeds/hlo_bol.xml HTTP/1.1" 206 65536 "-" "Slackbot-LinkExpanding 1.0 (+https://api.slack.com/robots)"
3.92.164.30 - - [18/Mar/2025:12:08:32 +0100] "GET /Jurek/hlo/feeds/hlo_bol.xml HTTP/1.1" 206 65536 "-" "Slackbot-LinkExpanding 1.0 (+https://api.slack.com/robots)"
54.162.60.161 - - [18/Mar/2025:12:08:33 +0100] "GET /Jurek/hlo/feeds/hlo_bol.xml HTTP/1.1" 206 65536 "-" "Slackbot-LinkExpanding 1.0 (+https://api.slack.com/robots)"
98.83.145.81 - - [18/Mar/2025:12:08:34 +0100] "GET /Jurek/hlo/feeds/hlo_bol.xml HTTP/1.1" 206 65536 "-" "Slackbot-LinkExpanding 1.0 (+https://api.slack.com/robots)"
23.20.185.37 - - [18/Mar/2025:12:08:34 +0100] "GET /Jurek/hlo/feeds/hlo_bol.xml HTTP/1.1" 206 65536 "-" "Slackbot-LinkExpanding 1.0 (+https://api.slack.com/robots)"
34.230.57.63 - - [18/Mar/2025:12:08:35 +0100] "GET /Jurek/hlo/feeds/hlo_bol.xml HTTP/1.1" 206 65536 "-" "Slackbot-LinkExpanding 1.0 (+https://api.slack.com/robots)"
52.71.186.246 - - [18/Mar/2025:12:08:35 +0100] "GET /Jurek/hlo/feeds/hlo_bol.xml HTTP/1.1" 206 65536 "-" "Slackbot-LinkExpanding 1.0 (+https://api.slack.com/robots)"
54.162.89.228 - - [18/Mar/2025:12:08:36 +0100] "GET /favicon.ico HTTP/1.1" 404 3551 "-" "Slackbot 1.0 (+https://api.slack.com/robots)"
193.33.8.61 - - [18/Mar/2025:12:09:28 +0100] "GET /Jurek/em3/feeds/em3_zero.xml HTTP/2.0" 200 258919 "https://konsola.dkkapusta1997.usermd.net/" "Mozilla/5.0 (Windows NT 10.0; Win64; x64) AppleWebKit/537.36 (KHTML, like Gecko) Chrome/134.0.0.0 Safari/537.36"
77.79.248.229 - - [18/Mar/2025:12:09:32 +0100] "GET /Jurek/em3/feeds/em3_zero.xml HTTP/1.1" 200 258919 "-" "Python-urllib/3.11"
89.161.206.59 - - [18/Mar/2025:12:09:49 +0100] "GET /Jurek/primohurt/feeds/primohurt_skroutz.xml HTTP/1.0" 200 17186541 "-" "-"
89.161.206.59 - - [18/Mar/2025:12:09:51 +0100] "GET /Jurek/dekoele/feeds/dekoele_skroutz.xml HTTP/1.0" 200 378806 "-" "-"
89.161.206.59 - - [18/Mar/2025:12:09:52 +0100] "GET /Jurek/rider/feeds/rider_skroutz.xml HTTP/1.0" 200 8165141 "-" "-"
89.161.206.59 - - [18/Mar/2025:12:09:53 +0100] "GET /Jurek/expertauto/feeds/expertauto_skroutz.xml HTTP/1.0" 200 1158927 "-" "-"
89.161.206.59 - - [18/Mar/2025:12:09:57 +0100] "GET /Jurek/pupus/feeds/pupus_bol.xml HTTP/1.0" 200 6154594 "-" "-"
89.161.206.59 - - [18/Mar/2025:12:09:58 +0100] "GET /Jurek/qbox/feeds/qbox_skroutz.xml HTTP/1.0" 200 398716 "-" "-"
89.161.206.59 - - [18/Mar/2025:12:09:59 +0100] "GET /Jurek/matkam/feeds/matkam_bol.xml HTTP/1.0" 200 5000729 "-" "-"
89.161.206.59 - - [18/Mar/2025:12:10:01 +0100] "GET /Jurek/dekoele/feeds/dekoele_bol.xml HTTP/1.0" 200 733935 "-" "-"
89.161.206.59 - - [18/Mar/2025:12:10:01 +0100] "GET /Jurek/pawonik/feeds/pawonik_bol.xml HTTP/1.0" 200 2586100 "-" "-"
89.161.206.59 - - [18/Mar/2025:12:10:01 +0100] "GET /Jurek/sartrix/feeds/sartrix_bol.xml HTTP/1.0" 200 649166 "-" "-"
89.161.206.59 - - [18/Mar/2025:12:10:02 +0100] "GET /Jurek/hdwr/feeds/hdwr_BOL.xml HTTP/1.0" 200 789404 "-" "-"
89.161.206.59 - - [18/Mar/2025:12:10:02 +0100] "GET /Jurek/emaja24/feeds/emaja24_skroutz.xml HTTP/1.0" 200 5110009 "-" "-"
89.161.206.59 - - [18/Mar/2025:12:10:02 +0100] "GET /Jurek/szpaklampy/feeds/szpaklampy_bol.xml HTTP/1.0" 200 388235 "-" "-"
185.6.76.18 - - [18/Mar/2025:12:10:47 +0100] "GET /marketplaces/skroutz/feeds/shumee.xml HTTP/1.1" 200 419168477 "-" "SkroutzBot v1.0"
89.161.206.59 - - [18/Mar/2025:12:11:56 +0100] "GET /Jurek/ekotex/feeds/ekotex_skroutz.xml HTTP/1.0" 200 197845 "-" "-"
89.161.206.59 - - [18/Mar/2025:12:11:57 +0100] "GET /Jurek/motofan/feeds/motofan_skroutz.xml HTTP/1.0" 200 2391958 "-" "-"
89.161.206.59 - - [18/Mar/2025:12:11:57 +0100] "GET /Jurek/elecomp/feeds/elecomp_skroutz.xml HTTP/1.0" 200 2869591 "-" "-"
89.161.206.59 - - [18/Mar/2025:12:13:06 +0100] "GET /Jurek/najtanszysport/feeds/najtanszysport_skroutz.xml HTTP/1.0" 200 3983309 "-" "-"
5.134.208.158 - - [18/Mar/2025:12:15:49 +0100] "GET /Jurek/eurofirany/images/392695/0.jpg HTTP/1.1" 200 201477 "-" "-"
89.161.206.59 - - [18/Mar/2025:12:17:04 +0100] "GET /Jurek/muminky/feeds/muminky_skroutz.xml HTTP/1.0" 200 2270373 "-" "-"
89.161.206.59 - - [18/Mar/2025:12:17:18 +0100] "GET /Jurek/pupus/feeds/pupus_skroutz.xml HTTP/1.0" 200 6154633 "-" "-"
66.249.64.165 - - [18/Mar/2025:12:17:50 +0100] "GET /Jurek/eurofirany/images/383266/4.jpg HTTP/1.1" 200 6595 "-" "Googlebot-Image/1.0"
89.161.206.59 - - [18/Mar/2025:12:17:57 +0100] "GET /Jurek/beltimore/feeds/beltimore_cdsc.xml HTTP/1.0" 200 11133955 "-" "-"
89.161.206.59 - - [18/Mar/2025:12:18:39 +0100] "GET /Jurek/hurtmeblowy/feeds/hurtmeblowy_skroutz.xml HTTP/1.0" 200 8177661 "-" "-"
193.33.8.61 - - [18/Mar/2025:12:18:47 +0100] "GET /Jurek/purewear/feeds/purewear_zero.xml HTTP/2.0" 200 13350153 "https://konsola.dkkapusta1997.usermd.net/" "Mozilla/5.0 (Windows NT 10.0; Win64; x64) AppleWebKit/537.36 (KHTML, like Gecko) Chrome/134.0.0.0 Safari/537.36"
77.79.248.229 - - [18/Mar/2025:12:19:02 +0100] "GET /Jurek/purewear/feeds/purewear_zero.xml HTTP/1.1" 200 13350153 "-" "Python-urllib/3.11"
89.161.206.59 - - [18/Mar/2025:12:19:31 +0100] "GET /Jurek/eurofryz3/feeds/eurofryz3_skroutz.xml HTTP/1.0" 200 172221 "-" "-"
89.161.206.59 - - [18/Mar/2025:12:19:36 +0100] "GET /Jurek/dekornatort/feeds/dekornatort_skroutz.xml HTTP/1.0" 200 225744 "-" "-"
89.161.206.59 - - [18/Mar/2025:12:19:37 +0100] "GET /Jurek/lendo/feeds/lendo_skroutz.xml HTTP/1.0" 200 330384 "-" "-"
89.161.206.59 - - [18/Mar/2025:12:19:38 +0100] "GET /Jurek/cbdgreen/feeds/cbdgreen_skroutz.xml HTTP/1.0" 200 50540 "-" "-"
89.161.206.59 - - [18/Mar/2025:12:19:38 +0100] "GET /Jurek/eurofryz2/feeds/eurofryz2_skroutz.xml HTTP/1.0" 200 1376590 "-" "-"
89.161.206.59 - - [18/Mar/2025:12:19:39 +0100] "GET /Jurek/alucon/feeds/alucon_skroutz.xml HTTP/1.0" 200 553576 "-" "-"
89.161.206.59 - - [18/Mar/2025:12:19:39 +0100] "GET /Jurek/nexus/feeds/nexus_skroutz.xml HTTP/1.0" 200 226646 "-" "-"
89.161.206.59 - - [18/Mar/2025:12:19:40 +0100] "GET /Jurek/hlo/feeds/hlo_skroutz.xml HTTP/1.0" 200 4838869 "-" "-"
89.161.206.59 - - [18/Mar/2025:12:20:11 +0100] "GET /Jurek/hanex/feeds/hanex_skroutz.xml HTTP/1.0" 200 13931448 "-" "-"
89.161.206.59 - - [18/Mar/2025:12:20:15 +0100] "GET /Jurek/sempler/feeds/sempler_allegro.xml HTTP/1.0" 200 6788338 "-" "-"
89.161.206.59 - - [18/Mar/2025:12:20:17 +0100] "GET /Jurek/oromed/feeds/oromed_allegro.xml HTTP/1.0" 200 963980 "-" "-"
89.161.206.59 - - [18/Mar/2025:12:20:17 +0100] "GET /Jurek/ekuchcikowo/feeds/ekuchcikowo_allegro.xml HTTP/1.0" 200 13766728 "-" "-"
89.161.206.59 - - [18/Mar/2025:12:20:18 +0100] "GET /Jurek/livinhill/feeds/livinhill_allegro.xml HTTP/1.0" 200 1441956 "-" "-"
89.161.206.59 - - [18/Mar/2025:12:20:18 +0100] "GET /Jurek/narzbud/feeds/narzbud_allegro.xml HTTP/1.0" 200 1901317 "-" "-"
89.161.206.59 - - [18/Mar/2025:12:20:22 +0100] "GET /Jurek/bisanti/feeds/bisanti_allegro.xml HTTP/1.0" 200 1142369 "-" "-"
89.161.206.59 - - [18/Mar/2025:12:20:23 +0100] "GET /Jurek/ekolight/feeds/ekolight_allegro.xml HTTP/1.0" 200 9053501 "-" "-"
89.161.206.59 - - [18/Mar/2025:12:20:23 +0100] "GET /Jurek/urwiskowo/feeds/urwiskowo_allegro.xml HTTP/1.0" 200 9115639 "-" "-"
89.161.206.59 - - [18/Mar/2025:12:20:24 +0100] "GET /Jurek/reman/feeds/reman_allegro.xml HTTP/1.0" 200 1394899 "-" "-"
89.161.206.59 - - [18/Mar/2025:12:20:35 +0100] "GET /Jurek/coppotech/feeds/coppotech_skroutz.xml HTTP/1.0" 200 38059559 "-" "-"
89.161.206.59 - - [18/Mar/2025:12:21:09 +0100] "GET /Jurek/cenoman/feeds/cenoman_skroutz.xml HTTP/1.0" 200 5993173 "-" "-"
66.249.64.165 - - [18/Mar/2025:12:22:06 +0100] "GET /Jurek/topeshop/downloaded_images/5902838466513_sonoma_front_open.jpg HTTP/1.1" 404 3551 "-" "Googlebot-Image/1.0"
89.161.206.59 - - [18/Mar/2025:12:22:48 +0100] "GET /Jurek/elavia/feeds/elavia_skroutz.xml HTTP/1.0" 200 2497260 "-" "-"
89.161.206.59 - - [18/Mar/2025:12:22:55 +0100] "GET /Jurek/aiofactory/feeds/aiofactory_skroutz.xml HTTP/1.0" 200 2123795 "-" "-"
89.161.206.59 - - [18/Mar/2025:12:22:58 +0100] "GET /Jurek/maksik/feeds/maksik_skroutz.xml HTTP/1.0" 200 4084729 "-" "-"
89.161.206.59 - - [18/Mar/2025:12:23:04 +0100] "GET /Jurek/bass_new/feeds/bass_ebayde.xml HTTP/1.0" 200 4806960 "-" "-"
89.161.206.59 - - [18/Mar/2025:12:23:11 +0100] "GET /Jurek/eurofirany/feeds/eurofirany_ebay.xml HTTP/1.0" 200 19011714 "-" "-"
89.161.206.59 - - [18/Mar/2025:12:23:12 +0100] "GET /Jurek/smxdesign/feeds/smxdesign_skroutz.xml HTTP/1.0" 200 1829083 "-" "-"
89.161.206.59 - - [18/Mar/2025:12:23:13 +0100] "GET /Jurek/princelh/feeds/princelh_skroutz.xml HTTP/1.0" 200 133440 "-" "-"
89.161.206.59 - - [18/Mar/2025:12:23:15 +0100] "GET /Jurek/proparts/feeds/proparts_skroutz.xml HTTP/1.0" 200 707511 "-" "-"
89.161.206.59 - - [18/Mar/2025:12:23:21 +0100] "GET /Jurek/kristronik/feeds/kristronik_skroutz.xml HTTP/1.0" 200 7230202 "-" "-"
89.161.206.59 - - [18/Mar/2025:12:23:22 +0100] "GET /Jurek/beltimore/feeds/beltimore_skroutz.xml HTTP/1.0" 200 18649649 "-" "-"
89.161.206.59 - - [18/Mar/2025:12:23:25 +0100] "GET /Jurek/matkam/feeds/matkam_skroutz.xml HTTP/1.0" 200 5000951 "-" "-"
89.161.206.59 - - [18/Mar/2025:12:23:32 +0100] "GET /Jurek/galopibhp/feeds/galopibhp_skroutz.xml HTTP/1.0" 200 1972884 "-" "-"
193.33.8.61 - - [18/Mar/2025:12:23:33 +0100] "GET /Jurek/regis/feeds/regis_zero.xml HTTP/2.0" 200 82721 "https://konsola.dkkapusta1997.usermd.net/" "Mozilla/5.0 (Windows NT 10.0; Win64; x64) AppleWebKit/537.36 (KHTML, like Gecko) Chrome/134.0.0.0 Safari/537.36"
89.161.206.59 - - [18/Mar/2025:12:24:15 +0100] "GET /Jurek/techrebalina/feeds/techrebalina_skroutz.xml HTTP/1.0" 200 2011154 "-" "-"
89.161.206.59 - - [18/Mar/2025:12:24:17 +0100] "GET /Jurek/techrebal/feeds/techrebal_skroutz.xml HTTP/1.0" 200 1989719 "-" "-"
89.161.206.59 - - [18/Mar/2025:12:24:21 +0100] "GET /Jurek/nonabox/feeds/nonabox_skroutz.xml HTTP/1.0" 200 33863 "-" "-"
89.161.206.59 - - [18/Mar/2025:12:24:23 +0100] "GET /Jurek/omi/feeds/omi_skroutz.xml HTTP/1.0" 200 8105601 "-" "-"
77.79.248.229 - - [18/Mar/2025:12:24:25 +0100] "GET /Jurek/regis/feeds/regis_zero.xml HTTP/1.1" 200 82721 "-" "Python-urllib/3.11"
89.161.206.59 - - [18/Mar/2025:12:25:46 +0100] "GET /Jurek/aiofactory/feeds/aiofactory_amazones.xml HTTP/1.0" 200 2123377 "-" "-"
89.161.206.59 - - [18/Mar/2025:12:25:47 +0100] "GET /Jurek/aiofactory/feeds/aiofactory_amazonnl.xml HTTP/1.0" 200 2123367 "-" "-"
89.161.206.59 - - [18/Mar/2025:12:26:26 +0100] "GET /Jurek/pagmil/feeds/pagmil_cdsc.xml HTTP/1.0" 200 1133311 "-" "-"
89.161.206.59 - - [18/Mar/2025:12:26:48 +0100] "GET /Jurek/fertone/feeds/fertone_skroutz.xml HTTP/1.0" 200 594097 "-" "-"
89.161.206.59 - - [18/Mar/2025:12:26:53 +0100] "GET /Jurek/zbimatyja/feeds/zbimatyja_skroutz.xml HTTP/1.0" 200 11670185 "-" "-"
89.161.206.59 - - [18/Mar/2025:12:27:04 +0100] "GET /Jurek/wenom/feeds/wenom_skroutz.xml HTTP/1.0" 200 583072 "-" "-"
89.161.206.59 - - [18/Mar/2025:12:27:05 +0100] "GET /Jurek/zepnij/feeds/zepnij_skroutz.xml HTTP/1.0" 200 19522606 "-" "-"
89.161.206.59 - - [18/Mar/2025:12:27:19 +0100] "GET /Jurek/euroshop/feeds/euroshop_skroutz.xml HTTP/1.0" 200 20025454 "-" "-"
89.161.206.59 - - [18/Mar/2025:12:27:24 +0100] "GET /Jurek/german/feeds/german_skroutz.xml HTTP/1.0" 200 2501811 "-" "-"
193.33.8.61 - - [18/Mar/2025:12:27:41 +0100] "GET /Jurek/evil/output.txt HTTP/2.0" 200 7456 "https://konsola.dkkapusta1997.usermd.net/" "Mozilla/5.0 (Windows NT 10.0; Win64; x64) AppleWebKit/537.36 (KHTML, like Gecko) Chrome/134.0.0.0 Safari/537.36"
193.33.8.61 - - [18/Mar/2025:12:27:56 +0100] "GET /Jurek/kristronik/output.txt HTTP/2.0" 200 8501 "https://konsola.dkkapusta1997.usermd.net/" "Mozilla/5.0 (Macintosh; Intel Mac OS X 10_15_7) AppleWebKit/537.36 (KHTML, like Gecko) Chrome/134.0.0.0 Safari/537.36"
193.33.8.61 - - [18/Mar/2025:12:28:46 +0100] "GET /Jurek/cenoman/feeds/cenoman_zero.xml HTTP/2.0" 200 5992776 "https://konsola.dkkapusta1997.usermd.net/" "Mozilla/5.0 (Windows NT 10.0; Win64; x64) AppleWebKit/537.36 (KHTML, like Gecko) Chrome/134.0.0.0 Safari/537.36"
77.79.248.229 - - [18/Mar/2025:12:28:50 +0100] "GET /Jurek/cenoman/feeds/cenoman_zero.xml HTTP/1.1" 200 5992776 "-" "Python-urllib/3.11"
46.101.116.244 - - [18/Mar/2025:12:29:33 +0100] "GET /Jurek/b3/feeds/b3_alza.xml HTTP/2.0" 200 7855664 "-" "-"
185.6.76.166 - - [18/Mar/2025:12:29:43 +0100] "GET /Jurek/eurofirany/images/332431/0.jpg HTTP/1.1" 200 70440 "-" "Skroutz ImageBot v1"
185.6.76.166 - - [18/Mar/2025:12:29:43 +0100] "GET /Jurek/eurofirany/images/334402/0.jpg HTTP/1.1" 200 50255 "-" "Skroutz ImageBot v1"
185.6.76.166 - - [18/Mar/2025:12:29:43 +0100] "GET /Jurek/eurofirany/images/50526/0.jpg HTTP/1.1" 200 65274 "-" "Skroutz ImageBot v1"
46.101.116.244 - - [18/Mar/2025:12:29:58 +0100] "GET /Jurek/action/feeds/action_alza.xml HTTP/2.0" 200 57688932 "-" "-"
3.74.7.74 - - [18/Mar/2025:12:30:34 +0100] "GET /Jurek/topeshop/downloaded_images/5904507202248_3.jpg HTTP/2.0" 200 66203 "-" "Mozilla/5.0 (Windows NT 10.0; Win64; x64) AppleWebKit/537.36 (KHTML, like Gecko) Chrome/109.0.0.0 Safari/537.36"
46.101.116.244 - - [18/Mar/2025:12:31:31 +0100] "GET /Jurek/unimet/feeds/unimet_alza.xml HTTP/2.0" 200 60532622 "-" "-"
193.33.8.61 - - [18/Mar/2025:12:32:14 +0100] "GET /Jurek/cenoman/feeds/cenoman_zero.xml HTTP/2.0" 206 1 "https://konsola.dkkapusta1997.usermd.net/" "Mozilla/5.0 (Windows NT 10.0; Win64; x64) AppleWebKit/537.36 (KHTML, like Gecko) Chrome/134.0.0.0 Safari/537.36"
193.33.8.61 - - [18/Mar/2025:12:32:25 +0100] "GET /Jurek/newtechele/feeds/newtechele_zero.xml HTTP/2.0" 200 2438188 "https://konsola.dkkapusta1997.usermd.net/" "Mozilla/5.0 (Windows NT 10.0; Win64; x64) AppleWebKit/537.36 (KHTML, like Gecko) Chrome/134.0.0.0 Safari/537.36"
77.79.248.229 - - [18/Mar/2025:12:32:29 +0100] "GET /Jurek/newtechele/feeds/newtechele_zero.xml HTTP/1.1" 200 2438188 "-" "Python-urllib/3.11"
46.101.116.244 - - [18/Mar/2025:12:33:20 +0100] "GET /Jurek/andex/feeds/andex_alza.xml HTTP/2.0" 200 1954524 "-" "-"
46.101.116.244 - - [18/Mar/2025:12:33:31 +0100] "GET /Jurek/aw/feeds/awnarzedzia_alza.xml HTTP/2.0" 200 90302451 "-" "-"
46.101.116.244 - - [18/Mar/2025:12:33:49 +0100] "GET /Jurek/detian/feeds/detian_alza.xml HTTP/2.0" 404 3551 "-" "-"
46.101.116.244 - - [18/Mar/2025:12:33:59 +0100] "GET /Jurek/fernity/feeds/fernity_alza.xml HTTP/2.0" 200 5212658 "-" "-"
89.161.206.59 - - [18/Mar/2025:12:34:11 +0100] "GET /Jurek/oromed/feeds/oromed_amazonnl.xml HTTP/1.0" 200 963870 "-" "-"
46.101.116.244 - - [18/Mar/2025:12:34:21 +0100] "GET /Jurek/octopia/feeds/octopia_alzacz.xml HTTP/2.0" 200 10620573 "-" "-"
46.101.116.244 - - [18/Mar/2025:12:34:33 +0100] "GET /Jurek/unimet/feeds/unimet_alza.xml HTTP/2.0" 200 60532622 "-" "-"
46.101.116.244 - - [18/Mar/2025:12:34:50 +0100] "GET /Jurek/eurofirany/feeds/eurofirany_alza.xml HTTP/2.0" 200 19090925 "-" "-"
66.249.64.165 - - [18/Mar/2025:12:34:58 +0100] "GET /Jurek/eurofirany/images/432019/4.jpg HTTP/1.1" 200 33 "-" "Googlebot-Image/1.0"
46.101.116.244 - - [18/Mar/2025:12:35:05 +0100] "GET /Jurek/beliani/feeds/beliani_alza.xml HTTP/2.0" 200 15168540 "-" "-"
193.33.8.61 - - [18/Mar/2025:12:35:22 +0100] "GET /Jurek/lampart/feeds/lampart_zero.xml HTTP/2.0" 200 935866 "https://konsola.dkkapusta1997.usermd.net/" "Mozilla/5.0 (Windows NT 10.0; Win64; x64) AppleWebKit/537.36 (KHTML, like Gecko) Chrome/134.0.0.0 Safari/537.36"
77.79.248.229 - - [18/Mar/2025:12:35:28 +0100] "GET /Jurek/lampart/feeds/lampart_zero.xml HTTP/1.1" 200 935866 "-" "Python-urllib/3.11"
46.101.116.244 - - [18/Mar/2025:12:35:28 +0100] "GET /Jurek/vivaldi/feeds/vivaldi_alza.xml HTTP/2.0" 200 344829 "-" "-"
46.101.116.244 - - [18/Mar/2025:12:35:39 +0100] "GET /Jurek/ikonka/feeds/ikonka_alza.xml HTTP/2.0" 200 21202738 "-" "-"
52.17.80.36 - - [18/Mar/2025:12:35:50 +0100] "GET /marketplaces/worten2/results/worten.csv HTTP/1.1" 200 147217 "-" "Mirakl HttpClient"
46.101.116.244 - - [18/Mar/2025:12:35:52 +0100] "GET /Jurek/stema/feeds/stema_alza.xml HTTP/2.0" 200 842563 "-" "-"
46.101.116.244 - - [18/Mar/2025:12:36:03 +0100] "GET /Jurek/kinghoff/feeds/kinghoff_alza.xml HTTP/2.0" 200 15443658 "-" "-"
46.101.116.244 - - [18/Mar/2025:12:36:17 +0100] "GET /Jurek/bass/feeds/bass_mallczsh.xml HTTP/2.0" 200 3986319 "-" "-"
46.101.116.244 - - [18/Mar/2025:12:36:44 +0100] "GET /Jurek/slayo/feeds/slayo_mallczsh.xml HTTP/2.0" 200 183637 "-" "-"
46.101.116.244 - - [18/Mar/2025:12:36:55 +0100] "GET /Jurek/mosti/feeds/mosti_mallczsh.xml HTTP/2.0" 200 4629761 "-" "-"
46.101.116.244 - - [18/Mar/2025:12:36:55 +0100] "GET /Jurek/amzteam/feeds/amzteam_mallczsh.xml HTTP/2.0" 200 97912 "-" "-"
46.101.116.244 - - [18/Mar/2025:12:36:55 +0100] "GET /Jurek/artdog/feeds/artdog_mallczsh.xml HTTP/2.0" 200 17168010 "-" "-"
46.101.116.244 - - [18/Mar/2025:12:36:56 +0100] "GET /Jurek/kambukka/feeds/kambukka_mallczsh.xml HTTP/2.0" 200 1042890 "-" "-"
46.101.116.244 - - [18/Mar/2025:12:37:13 +0100] "GET /Jurek/swiatecznygoliat/feeds/swiatecznygoliat_mallczsh.xml HTTP/2.0" 200 7057188 "-" "-"
46.101.116.244 - - [18/Mar/2025:12:38:11 +0100] "GET /Jurek/topeshop/feeds/topeshop_mallczsh.xml HTTP/2.0" 200 2487816 "-" "-"
193.33.8.61 - - [18/Mar/2025:12:38:15 +0100] "GET /Jurek/porzwkablach/feeds/porzwkablach_zero.xml HTTP/2.0" 200 1199895 "https://konsola.dkkapusta1997.usermd.net/" "Mozilla/5.0 (Windows NT 10.0; Win64; x64) AppleWebKit/537.36 (KHTML, like Gecko) Chrome/134.0.0.0 Safari/537.36"
77.79.248.229 - - [18/Mar/2025:12:38:19 +0100] "GET /Jurek/porzwkablach/feeds/porzwkablach_zero.xml HTTP/1.1" 200 1199895 "-" "Python-urllib/3.11"
193.33.8.61 - - [18/Mar/2025:12:39:48 +0100] "GET /Jurek/sklep24amk/feeds/sklep24amk_zero.xml HTTP/2.0" 200 3894016 "https://konsola.dkkapusta1997.usermd.net/" "Mozilla/5.0 (Windows NT 10.0; Win64; x64) AppleWebKit/537.36 (KHTML, like Gecko) Chrome/134.0.0.0 Safari/537.36"
77.79.248.229 - - [18/Mar/2025:12:39:52 +0100] "GET /Jurek/sklep24amk/feeds/sklep24amk_zero.xml HTTP/1.1" 200 3894016 "-" "Python-urllib/3.11"
46.101.116.244 - - [18/Mar/2025:12:41:25 +0100] "GET /Jurek/activeshop/feeds/activeshop_mallczsh.xml HTTP/2.0" 200 10369010 "-" "-"
77.79.248.229 - - [18/Mar/2025:12:41:37 +0100] "GET /Jurek/relogy/feeds/relogy_zero.xml HTTP/1.1" 200 66660934 "-" "Python-urllib/3.11"
193.33.8.61 - - [18/Mar/2025:12:41:43 +0100] "GET /Jurek/relogy/feeds/relogy_zero.xml HTTP/2.0" 200 31703040 "https://konsola.dkkapusta1997.usermd.net/" "Mozilla/5.0 (Windows NT 10.0; Win64; x64) AppleWebKit/537.36 (KHTML, like Gecko) Chrome/134.0.0.0 Safari/537.36"
66.249.64.165 - - [18/Mar/2025:12:43:19 +0100] "GET /Jurek/eurofirany/images/438727/7.jpg HTTP/1.1" 200 33 "-" "Googlebot-Image/1.0"
193.33.8.61 - - [18/Mar/2025:12:44:32 +0100] "GET /Jurek/sartrix/output.txt HTTP/2.0" 200 7067 "https://konsola.dkkapusta1997.usermd.net/" "Mozilla/5.0 (Windows NT 10.0; Win64; x64) AppleWebKit/537.36 (KHTML, like Gecko) Chrome/134.0.0.0 Safari/537.36"
46.101.116.244 - - [18/Mar/2025:12:45:03 +0100] "GET /Jurek/hurtownia_przemyslowa/feeds/hp_mallczsh.xml HTTP/2.0" 200 49381172 "-" "-"
89.161.206.59 - - [18/Mar/2025:12:45:44 +0100] "GET /Jurek/pupus/feeds/pupus_amazonnl.xml HTTP/1.0" 200 6154692 "-" "-"
89.161.206.59 - - [18/Mar/2025:12:45:44 +0100] "GET /Jurek/pupus/feeds/pupus_amazonse.xml HTTP/1.0" 200 6156663 "-" "-"
89.161.206.59 - - [18/Mar/2025:12:45:45 +0100] "GET /Jurek/pupus/feeds/pupus_amazonbe.xml HTTP/1.0" 200 6154229 "-" "-"
89.161.206.59 - - [18/Mar/2025:12:45:45 +0100] "GET /Jurek/pupus/feeds/pupus_amazonit.xml HTTP/1.0" 200 6154444 "-" "-"
89.161.206.59 - - [18/Mar/2025:12:45:46 +0100] "GET /Jurek/pupus/feeds/pupus_amazones.xml HTTP/1.0" 200 6154643 "-" "-"
89.161.206.59 - - [18/Mar/2025:12:45:47 +0100] "GET /Jurek/pupus/feeds/pupus_amazonfr.xml HTTP/1.0" 200 6154631 "-" "-"
46.101.116.244 - - [18/Mar/2025:12:45:56 +0100] "GET /Jurek/action/feeds/action_mallczsh.xml HTTP/2.0" 200 57689548 "-" "-"
77.79.248.229 - - [18/Mar/2025:12:46:01 +0100] "GET /Jurek/polzoo/feeds/polzoo_zero.xml HTTP/1.1" 200 48126364 "-" "Python-urllib/3.11"
193.33.8.61 - - [18/Mar/2025:12:46:03 +0100] "GET /Jurek/polzoo/feeds/polzoo_zero.xml HTTP/2.0" 200 31481856 "https://konsola.dkkapusta1997.usermd.net/" "Mozilla/5.0 (Windows NT 10.0; Win64; x64) AppleWebKit/537.36 (KHTML, like Gecko) Chrome/134.0.0.0 Safari/537.36"
77.79.248.229 - - [18/Mar/2025:12:46:15 +0100] "GET /Jurek/polzoo/feeds/polzoo_zero.xml HTTP/1.1" 200 48126364 "-" "Python-urllib/3.11"
193.33.8.61 - - [18/Mar/2025:12:48:04 +0100] "GET /Jurek/drewdon/output.txt HTTP/2.0" 200 8332 "https://konsola.dkkapusta1997.usermd.net/" "Mozilla/5.0 (Windows NT 10.0; Win64; x64) AppleWebKit/537.36 (KHTML, like Gecko) Chrome/134.0.0.0 Safari/537.36"
46.101.116.244 - - [18/Mar/2025:12:48:28 +0100] "GET /Jurek/vidaCZ/feeds/vidaGS1_cz_Mall.xml HTTP/2.0" 200 663758883 "-" "-"
193.33.8.61 - - [18/Mar/2025:12:48:42 +0100] "GET /Jurek/jankeski/feeds/jankeski_zero.xml HTTP/2.0" 200 6570290 "https://konsola.dkkapusta1997.usermd.net/" "Mozilla/5.0 (Windows NT 10.0; Win64; x64) AppleWebKit/537.36 (KHTML, like Gecko) Chrome/134.0.0.0 Safari/537.36"
77.79.248.229 - - [18/Mar/2025:12:49:06 +0100] "GET /Jurek/jankeski/feeds/jankeski_zero.xml HTTP/1.1" 200 6570290 "-" "Python-urllib/3.11"
34.249.177.182 - - [18/Mar/2025:12:49:14 +0100] "GET /Jurek/topeshop/downloaded_images/5904507209391_1-3ArtisanOrgina%C5%82.png HTTP/1.1" 404 3551 "-" "Mozilla/5.0 (X11; Ubuntu; Linux x86_64; rv:65.0) Gecko/20100101 Firefox/65.0"
34.249.177.182 - - [18/Mar/2025:12:49:14 +0100] "GET /Jurek/topeshop/downloaded_images/5904507209391_1.jpg HTTP/1.1" 404 3551 "-" "Mozilla/5.0 (X11; Ubuntu; Linux x86_64; rv:65.0) Gecko/20100101 Firefox/65.0"
34.249.177.182 - - [18/Mar/2025:12:49:14 +0100] "GET /Jurek/topeshop/downloaded_images/5904507209391_3.jpg HTTP/1.1" 404 3551 "-" "Mozilla/5.0 (X11; Ubuntu; Linux x86_64; rv:65.0) Gecko/20100101 Firefox/65.0"
34.249.177.182 - - [18/Mar/2025:12:49:15 +0100] "GET /Jurek/topeshop/downloaded_images/5904507209391_1-2Artisanorginal.png HTTP/1.1" 404 3551 "-" "Mozilla/5.0 (X11; Ubuntu; Linux x86_64; rv:65.0) Gecko/20100101 Firefox/65.0"
46.101.116.244 - - [18/Mar/2025:12:49:23 +0100] "GET /Jurek/teamson/feeds/teamson_mallczsh.xml HTTP/2.0" 200 1095218 "-" "-"
46.101.116.244 - - [18/Mar/2025:12:49:34 +0100] "GET /Jurek/ml_meble/feeds/ml_meble_mallczsh.xml HTTP/2.0" 404 3551 "-" "-"
193.33.8.61 - - [18/Mar/2025:12:49:36 +0100] "GET /Jurek/dekornatort/output.txt HTTP/2.0" 200 4936 "https://konsola.dkkapusta1997.usermd.net/" "Mozilla/5.0 (Windows NT 10.0; Win64; x64) AppleWebKit/537.36 (KHTML, like Gecko) Chrome/134.0.0.0 Safari/537.36"
46.101.116.244 - - [18/Mar/2025:12:49:45 +0100] "GET /Jurek/unimet/feeds/unimet_mallczsh.xml HTTP/2.0" 200 60528631 "-" "-"
46.101.116.244 - - [18/Mar/2025:12:50:07 +0100] "GET /Jurek/beliani/feeds/beliani_cz_mallcz.xml HTTP/2.0" 200 33593882 "-" "-"
89.161.206.59 - - [18/Mar/2025:12:50:22 +0100] "GET /Jurek/purewear/feeds/purewear_bol.xml HTTP/1.0" 200 13351499 "-" "-"
89.161.206.59 - - [18/Mar/2025:12:50:23 +0100] "GET /Jurek/beltimore/feeds/beltimore_bol.xml HTTP/1.0" 200 18649710 "-" "-"
46.101.116.244 - - [18/Mar/2025:12:50:40 +0100] "GET /Jurek/rovicky/feeds/rovicky_mallczsh.xml HTTP/2.0" 200 14285600 "-" "-"
46.101.116.244 - - [18/Mar/2025:12:50:52 +0100] "GET /Jurek/detian/feeds/detian_mallczsh.xml HTTP/2.0" 404 3551 "-" "-"
46.101.116.244 - - [18/Mar/2025:12:51:02 +0100] "GET /Jurek/ikonka/feeds/ikonka_mallczsh.xml HTTP/2.0" 200 21202621 "-" "-"
46.101.116.244 - - [18/Mar/2025:12:51:19 +0100] "GET /Jurek/candellux/feeds/candellux_mallczsh.xml HTTP/2.0" 200 466317 "-" "-"
193.33.8.61 - - [18/Mar/2025:12:51:27 +0100] "GET /Jurek/shiori/feeds/shiori_zero.xml HTTP/2.0" 200 453684 "https://konsola.dkkapusta1997.usermd.net/" "Mozilla/5.0 (Windows NT 10.0; Win64; x64) AppleWebKit/537.36 (KHTML, like Gecko) Chrome/134.0.0.0 Safari/537.36"
46.101.116.244 - - [18/Mar/2025:12:51:30 +0100] "GET /Jurek/andex/feeds/andex_mallczsh.xml HTTP/2.0" 200 1954515 "-" "-"
77.79.248.229 - - [18/Mar/2025:12:51:35 +0100] "GET /Jurek/shiori/feeds/shiori_zero.xml HTTP/1.1" 200 453684 "-" "Python-urllib/3.11"
46.101.116.244 - - [18/Mar/2025:12:51:40 +0100] "GET /Jurek/barbecook/feeds/barbecook_mallczsh.xml HTTP/2.0" 200 87609 "-" "-"
89.161.206.59 - - [18/Mar/2025:12:51:48 +0100] "GET /Jurek/hurtownia_przemyslowa/feeds/hp_skroutz.xml HTTP/1.0" 200 49363596 "-" "-"
46.101.116.244 - - [18/Mar/2025:12:51:50 +0100] "GET /Jurek/duka/feeds/duka_mallczsh.xml HTTP/2.0" 200 57 "-" "-"
46.101.116.244 - - [18/Mar/2025:12:52:01 +0100] "GET /Jurek/miloohome/feeds/miloohome_mallczsh.xml HTTP/2.0" 200 1421876 "-" "-"
46.101.116.244 - - [18/Mar/2025:12:52:11 +0100] "GET /Jurek/stema/feeds/stema_mallczsh.xml HTTP/2.0" 200 842553 "-" "-"
46.101.116.244 - - [18/Mar/2025:12:52:23 +0100] "GET /Jurek/aw/feeds/awnarzedzia_mallczsh.xml HTTP/2.0" 200 90302798 "-" "-"
46.101.116.244 - - [18/Mar/2025:12:53:33 +0100] "GET /Jurek/update_twm_on_mall/feeds/twm_all_cats.xml HTTP/1.1" 200 206970 "-" "-"
46.101.116.244 - - [18/Mar/2025:12:54:17 +0100] "GET /Jurek/vida_morele/feeds/vida_mallczsh.xml HTTP/2.0" 200 701720891 "-" "-"
89.161.206.59 - - [18/Mar/2025:12:54:54 +0100] "GET /Jurek/waks/feeds/waks_skroutz.xml HTTP/1.0" 200 1592348 "-" "-"
89.161.206.59 - - [18/Mar/2025:12:54:55 +0100] "GET /Jurek/hdwr/feeds/hdwr_skroutz.xml HTTP/1.0" 200 789408 "-" "-"
193.33.8.61 - - [18/Mar/2025:12:55:17 +0100] "GET /Jurek/dekoele/output.txt HTTP/2.0" 200 11419 "https://konsola.dkkapusta1997.usermd.net/" "Mozilla/5.0 (Windows NT 10.0; Win64; x64) AppleWebKit/537.36 (KHTML, like Gecko) Chrome/134.0.0.0 Safari/537.36"
89.161.206.59 - - [18/Mar/2025:12:56:03 +0100] "GET /Jurek/b3/feeds/b3_ebayde.xml HTTP/1.0" 200 5660690 "-" "-"
66.249.64.165 - - [18/Mar/2025:12:56:33 +0100] "GET /Jurek/eurofirany/images/438724/6.jpg HTTP/1.1" 200 33 "-" "Googlebot-Image/1.0"
66.249.64.165 - - [18/Mar/2025:12:56:42 +0100] "GET /Jurek/eurofirany/images/438724/7.jpg HTTP/1.1" 200 33 "-" "Googlebot-Image/1.0"
51.77.52.107 - - [18/Mar/2025:12:57:28 +0100] "GET /Jurek/eurofirany/images/459368/0.jpg HTTP/2.0" 200 89536 "-" "-"
51.77.52.107 - - [18/Mar/2025:12:57:42 +0100] "GET /Jurek/eurofirany/images/451385/0.jpg HTTP/2.0" 200 33035 "-" "-"
51.77.52.107 - - [18/Mar/2025:12:57:46 +0100] "GET /Jurek/eurofirany/images/451386/0.jpg HTTP/2.0" 200 35719 "-" "-"
51.77.52.107 - - [18/Mar/2025:12:57:58 +0100] "GET /Jurek/eurofirany/images/451387/0.jpg HTTP/2.0" 200 35766 "-" "-"
193.33.8.61 - - [18/Mar/2025:12:57:58 +0100] "GET /Jurek/muminky/output.txt HTTP/2.0" 200 10738 "https://konsola.dkkapusta1997.usermd.net/" "Mozilla/5.0 (Windows NT 10.0; Win64; x64) AppleWebKit/537.36 (KHTML, like Gecko) Chrome/134.0.0.0 Safari/537.36"
51.77.52.107 - - [18/Mar/2025:12:58:02 +0100] "GET /Jurek/eurofirany/images/451388/0.jpg HTTP/2.0" 200 34918 "-" "-"
51.77.52.107 - - [18/Mar/2025:12:58:18 +0100] "GET /Jurek/eurofirany/images/451389/0.jpg HTTP/2.0" 200 35920 "-" "-"
51.77.52.107 - - [18/Mar/2025:12:58:22 +0100] "GET /Jurek/eurofirany/images/451394/0.jpg HTTP/2.0" 200 40607 "-" "-"
51.77.52.107 - - [18/Mar/2025:12:58:26 +0100] "GET /Jurek/eurofirany/images/460398/0.jpg HTTP/2.0" 200 39765 "-" "-"
51.77.52.107 - - [18/Mar/2025:12:58:36 +0100] "GET /Jurek/eurofirany/images/460399/0.jpg HTTP/2.0" 200 36920 "-" "-"
51.77.52.107 - - [18/Mar/2025:12:58:39 +0100] "GET /Jurek/eurofirany/images/460480/0.jpg HTTP/2.0" 200 43545 "-" "-"
51.77.52.107 - - [18/Mar/2025:12:58:44 +0100] "GET /Jurek/eurofirany/images/470173/0.jpg HTTP/2.0" 200 43101 "-" "-"
51.77.52.107 - - [18/Mar/2025:12:58:50 +0100] "GET /Jurek/eurofirany/images/470187/0.jpg HTTP/2.0" 200 36044 "-" "-"
51.77.52.107 - - [18/Mar/2025:12:58:53 +0100] "GET /Jurek/eurofirany/images/470190/0.jpg HTTP/2.0" 200 36242 "-" "-"
51.77.52.107 - - [18/Mar/2025:12:59:04 +0100] "GET /Jurek/eurofirany/images/470206/0.jpg HTTP/2.0" 200 58144 "-" "-"
51.77.52.107 - - [18/Mar/2025:12:59:09 +0100] "GET /Jurek/eurofirany/images/470207/0.jpg HTTP/2.0" 200 62989 "-" "-"
51.77.52.107 - - [18/Mar/2025:12:59:12 +0100] "GET /Jurek/eurofirany/images/470210/0.jpg HTTP/2.0" 200 64563 "-" "-"
51.77.52.107 - - [18/Mar/2025:12:59:27 +0100] "GET /Jurek/eurofirany/images/470217/0.jpg HTTP/2.0" 200 37799 "-" "-"
51.77.52.107 - - [18/Mar/2025:12:59:31 +0100] "GET /Jurek/eurofirany/images/470222/0.jpg HTTP/2.0" 200 39375 "-" "-"
51.77.52.107 - - [18/Mar/2025:12:59:36 +0100] "GET /Jurek/eurofirany/images/470225/0.jpg HTTP/2.0" 200 33933 "-" "-"
51.77.52.107 - - [18/Mar/2025:12:59:40 +0100] "GET /Jurek/eurofirany/images/407597/0.jpg HTTP/2.0" 200 58406 "-" "-"
51.77.52.107 - - [18/Mar/2025:12:59:51 +0100] "GET /Jurek/eurofirany/images/428730/0.jpg HTTP/2.0" 200 80768 "-" "-"
51.77.52.107 - - [18/Mar/2025:13:00:01 +0100] "GET /Jurek/eurofirany/images/467075/0.jpg HTTP/2.0" 200 63911 "-" "-"
164.92.232.189 - - [18/Mar/2025:13:00:02 +0100] "GET /subskrypcje/AMD/feeds/amd_cz.xml HTTP/1.1" 200 518486 "-" "-"
51.77.52.107 - - [18/Mar/2025:13:00:09 +0100] "GET /Jurek/eurofirany/images/460342/0.jpg HTTP/2.0" 200 47870 "-" "-"
164.92.232.189 - - [18/Mar/2025:13:00:12 +0100] "GET /subskrypcje/AMD/feeds/amd_sk.xml HTTP/1.1" 200 528562 "-" "-"
164.92.232.189 - - [18/Mar/2025:13:00:12 +0100] "GET /subskrypcje/OverHorse/overhorse_mallcz.xml HTTP/1.1" 200 112935 "-" "-"
51.77.52.107 - - [18/Mar/2025:13:00:17 +0100] "GET /Jurek/eurofirany/images/460350/0.jpg HTTP/2.0" 200 44000 "-" "-"
164.92.232.189 - - [18/Mar/2025:13:00:23 +0100] "GET /subskrypcje/mondex/feeds/mondex_mall_cz.xml HTTP/1.1" 200 2203515 "-" "-"
85.14.86.141 - - [18/Mar/2025:13:00:29 +0100] "GET /Jurek/vida_morele/feeds/VidaPL_all.xml HTTP/2.0" 200 700390536 "-" "MarketplaceAPI curl/7.64.0 PHP/8"
89.161.206.59 - - [18/Mar/2025:13:00:39 +0100] "GET /Jurek/drops/feeds/dropsofficecolection_allegro.xml HTTP/1.0" 200 790650 "-" "-"
89.161.206.59 - - [18/Mar/2025:13:00:39 +0100] "GET /Jurek/velinda/feeds/velinda_allegro.xml HTTP/1.0" 200 23437 "-" "-"
