89.161.206.59 - - [12/Mar/2025:07:30:04 +0100] "GET /Jurek/ikonka/feeds/ikonka_skroutz.xml HTTP/1.0" 200 21314271 "-" "-"
46.101.116.244 - - [12/Mar/2025:07:31:24 +0100] "GET /Jurek/aw/feeds/aw_fnacfr.xml HTTP/1.0" 404 3551 "-" "-"
89.161.206.59 - - [12/Mar/2025:07:31:49 +0100] "GET /Jurek/fernity/feeds/fernity_skroutz.xml HTTP/1.0" 200 5225145 "-" "-"
46.101.116.244 - - [12/Mar/2025:07:31:52 +0100] "GET /Filip/feeds/xlsx_ceneo.xml HTTP/1.0" 200 6241376 "-" "-"
89.161.206.59 - - [12/Mar/2025:07:31:59 +0100] "GET /Jurek/activeshop/feeds/activeshop_skroutz.xml HTTP/1.0" 200 10416703 "-" "-"
85.232.241.194 - - [12/Mar/2025:07:32:01 +0100] "GET /Jurek/kinghoff/feeds/kinghoff_skrSH.xml HTTP/1.1" 200 15136601 "-" "Python-urllib/3.11"
85.232.241.194 - - [12/Mar/2025:07:32:02 +0100] "GET /Jurek/aw/feeds/aw_skroutzSH.xml HTTP/1.1" 200 90483169 "-" "Python-urllib/3.11"
85.232.241.194 - - [12/Mar/2025:07:32:02 +0100] "GET /Jurek/eurofirany/feeds/eurofirany_skrSH.xml HTTP/1.1" 200 19081743 "-" "Python-urllib/3.11"
85.232.241.194 - - [12/Mar/2025:07:32:02 +0100] "GET /Jurek/fernity/feeds/fernity_skrSH.xml HTTP/1.1" 200 5225338 "-" "Python-urllib/3.11"
85.232.241.194 - - [12/Mar/2025:07:32:03 +0100] "GET /Jurek/hurtownia_przemyslowa/feeds/hp_skrSH.xml HTTP/1.1" 200 49362150 "-" "Python-urllib/3.11"
85.232.241.194 - - [12/Mar/2025:07:32:03 +0100] "GET /Jurek/stema/feeds/stema_skrSH.xml HTTP/1.1" 200 839636 "-" "Python-urllib/3.11"
46.101.116.244 - - [12/Mar/2025:07:32:38 +0100] "GET /Jurek/beliani/feeds/beliani_skroutz.xml HTTP/1.0" 200 25426954 "-" "-"
46.101.116.244 - - [12/Mar/2025:07:34:47 +0100] "GET /Jurek/aw/feeds/awnarzedzia_skroutz.xml HTTP/1.0" 200 90483169 "-" "-"
52.209.168.113 - - [12/Mar/2025:07:35:51 +0100] "GET /marketplaces/worten2/results/worten.csv HTTP/1.1" 200 17410191 "-" "Mirakl HttpClient"
46.101.116.244 - - [12/Mar/2025:07:36:01 +0100] "GET /Jurek/aw/feeds/aw_fnacfr.xml HTTP/1.0" 404 3551 "-" "-"
89.161.206.59 - - [12/Mar/2025:07:36:33 +0100] "GET /Jurek/pupus/feeds/pupus_amazonnl.xml HTTP/1.0" 200 6154504 "-" "-"
89.161.206.59 - - [12/Mar/2025:07:36:33 +0100] "GET /Jurek/pupus/feeds/pupus_amazonse.xml HTTP/1.0" 200 6156635 "-" "-"
89.161.206.59 - - [12/Mar/2025:07:36:34 +0100] "GET /Jurek/pupus/feeds/pupus_amazonfr.xml HTTP/1.0" 200 6154674 "-" "-"
89.161.206.59 - - [12/Mar/2025:07:36:34 +0100] "GET /Jurek/pupus/feeds/pupus_amazonbe.xml HTTP/1.0" 200 6154439 "-" "-"
89.161.206.59 - - [12/Mar/2025:07:36:35 +0100] "GET /Jurek/pupus/feeds/pupus_amazonit.xml HTTP/1.0" 200 6154607 "-" "-"
89.161.206.59 - - [12/Mar/2025:07:36:35 +0100] "GET /Jurek/pupus/feeds/pupus_amazonit.xml HTTP/1.0" 200 6154607 "-" "-"
89.161.206.59 - - [12/Mar/2025:07:36:35 +0100] "GET /Jurek/pupus/feeds/pupus_amazones.xml HTTP/1.0" 200 6154617 "-" "-"
89.161.206.59 - - [12/Mar/2025:07:36:35 +0100] "GET /Jurek/pupus/feeds/pupus_amazones.xml HTTP/1.0" 200 6154617 "-" "-"
46.101.116.244 - - [12/Mar/2025:07:36:37 +0100] "GET /Filip/feeds/xlsx_ceneo.xml HTTP/1.0" 200 6241376 "-" "-"
46.101.116.244 - - [12/Mar/2025:07:41:28 +0100] "GET /Jurek/aw/feeds/aw_fnacfr.xml HTTP/1.0" 404 3551 "-" "-"
46.101.116.244 - - [12/Mar/2025:07:42:08 +0100] "GET /Filip/feeds/xlsx_ceneo.xml HTTP/1.0" 200 6241376 "-" "-"
89.161.206.59 - - [12/Mar/2025:07:43:43 +0100] "GET /Jurek/asortymenteu/feeds/asortymenteu_skroutz_great.xml HTTP/1.0" 200 2652656 "-" "-"
77.79.248.229 - - [12/Mar/2025:07:44:03 +0100] "GET /Jurek/aw/feeds/awnarzedzia_leroy.xml HTTP/1.1" 200 90481211 "-" "Python-urllib/3.11"
77.79.248.229 - - [12/Mar/2025:07:44:04 +0100] "GET /Jurek/hurtownia_przemyslowa/feeds/hp_leroy.xml HTTP/1.1" 200 49361935 "-" "Python-urllib/3.11"
77.79.248.229 - - [12/Mar/2025:07:44:04 +0100] "GET /Jurek/unimet/feeds/unimet_leroy.xml HTTP/1.1" 200 60213408 "-" "Python-urllib/3.11"
77.79.248.229 - - [12/Mar/2025:07:44:05 +0100] "GET /Jurek/action/feeds/action_leroy.xml HTTP/1.1" 200 56342241 "-" "Python-urllib/3.11"
77.79.248.229 - - [12/Mar/2025:07:44:07 +0100] "GET /Jurek/b3/feeds/b3_leroy.xml HTTP/1.1" 200 7384436 "-" "Python-urllib/3.11"
77.79.248.229 - - [12/Mar/2025:07:44:08 +0100] "GET /Jurek/topeshop/feeds/topeshop_leroy.xml HTTP/1.1" 200 2475017 "-" "Python-urllib/3.11"
77.79.248.229 - - [12/Mar/2025:07:44:08 +0100] "GET /Jurek/eurofirany/feeds/eurofirany_leroy.xml HTTP/1.1" 200 19081951 "-" "Python-urllib/3.11"
77.79.248.229 - - [12/Mar/2025:07:44:08 +0100] "GET /Jurek/fernity/feeds/fernity_leroy.xml HTTP/1.1" 200 5225197 "-" "Python-urllib/3.11"
77.79.248.229 - - [12/Mar/2025:07:44:09 +0100] "GET /Jurek/kambukka/feeds/kambukka_leroy.xml HTTP/1.1" 200 1043138 "-" "Python-urllib/3.11"
77.79.248.229 - - [12/Mar/2025:07:44:09 +0100] "GET /Jurek/ikonka/feeds/ikonka_leroy.xml HTTP/1.1" 200 21314241 "-" "Python-urllib/3.11"
77.79.248.229 - - [12/Mar/2025:07:44:09 +0100] "GET /Jurek/oromed/feeds/oromed_leroy.xml HTTP/1.1" 200 913651 "-" "Python-urllib/3.11"
77.79.248.229 - - [12/Mar/2025:07:44:09 +0100] "GET /Jurek/benetech/feeds/benetech_leroy.xml HTTP/1.1" 200 4165319 "-" "Python-urllib/3.11"
77.79.248.229 - - [12/Mar/2025:07:44:09 +0100] "GET /Jurek/octopia/feeds/octopia_leroy.xml HTTP/1.1" 200 10428193 "-" "Python-urllib/3.11"
77.79.248.229 - - [12/Mar/2025:07:44:10 +0100] "GET /Jurek/waks/feeds/waks_leroy.xml HTTP/1.1" 200 1592411 "-" "Python-urllib/3.11"
77.79.248.229 - - [12/Mar/2025:07:44:10 +0100] "GET /Jurek/kinghoff/feeds/kinghoff_leroy.xml HTTP/1.1" 200 15136531 "-" "Python-urllib/3.11"
77.79.248.229 - - [12/Mar/2025:07:44:10 +0100] "GET /Jurek/hdwr/feeds/hdwr_leroy.xml HTTP/1.1" 200 789423 "-" "Python-urllib/3.11"
77.79.248.229 - - [12/Mar/2025:07:44:11 +0100] "GET /Jurek/barbecook/feeds/barbecook_leroy.xml HTTP/1.1" 200 87526 "-" "Python-urllib/3.11"
77.79.248.229 - - [12/Mar/2025:07:44:12 +0100] "GET /Jurek/sempler/feeds/sempler_leroy.xml HTTP/1.1" 200 6787910 "-" "Python-urllib/3.11"
77.79.248.229 - - [12/Mar/2025:07:44:12 +0100] "GET /Jurek/kinghome/feeds/kinghome_leroy.xml HTTP/1.1" 200 5789902 "-" "Python-urllib/3.11"
77.79.248.229 - - [12/Mar/2025:07:44:12 +0100] "GET /Jurek/ekolight/feeds/ekolioght_leroy.xml HTTP/1.1" 200 9051251 "-" "Python-urllib/3.11"
77.79.248.229 - - [12/Mar/2025:07:44:12 +0100] "GET /Jurek/bimboland/feeds/bimboland_leroy.xml HTTP/1.1" 200 2500828 "-" "Python-urllib/3.11"
77.79.248.229 - - [12/Mar/2025:07:44:13 +0100] "GET /Jurek/eroplace/feeds/eroplace_leroy.xml HTTP/1.1" 200 52151803 "-" "Python-urllib/3.11"
77.79.248.229 - - [12/Mar/2025:07:44:13 +0100] "GET /Jurek/hurtmeblowy/feeds/hurtmeblowy_leroy.xml HTTP/1.1" 200 8099947 "-" "Python-urllib/3.11"
77.79.248.229 - - [12/Mar/2025:07:44:13 +0100] "GET /Jurek/fertone/feeds/fertone_leroy.xml HTTP/1.1" 200 594106 "-" "Python-urllib/3.11"
77.79.248.229 - - [12/Mar/2025:07:44:14 +0100] "GET /Jurek/ekuchcikowo/feeds/ekuchcikowo_leroy.xml HTTP/1.1" 200 13523895 "-" "Python-urllib/3.11"
77.79.248.229 - - [12/Mar/2025:07:44:17 +0100] "GET /Jurek/intsell/feeds/intsell_leroy.xml HTTP/1.1" 200 342005356 "-" "Python-urllib/3.11"
77.79.248.229 - - [12/Mar/2025:07:44:17 +0100] "GET /Jurek/velinda/feeds/velinda_leroy.xml HTTP/1.1" 200 23437 "-" "Python-urllib/3.11"
77.79.248.229 - - [12/Mar/2025:07:44:17 +0100] "GET /Jurek/spali/feeds/spali_leroy.xml HTTP/1.1" 200 77055 "-" "Python-urllib/3.11"
77.79.248.229 - - [12/Mar/2025:07:44:17 +0100] "GET /Jurek/urwiskowo/feeds/urwiskowo_leroy.xml HTTP/1.1" 200 9114924 "-" "Python-urllib/3.11"
77.79.248.229 - - [12/Mar/2025:07:44:17 +0100] "GET /Jurek/erohurtownia/feeds/erohurtownia_leroy.xml HTTP/1.1" 200 22846191 "-" "Python-urllib/3.11"
77.79.248.229 - - [12/Mar/2025:07:44:17 +0100] "GET /Jurek/elecomp/feeds/elecomp_leroy.xml HTTP/1.1" 200 2869582 "-" "Python-urllib/3.11"
77.79.248.229 - - [12/Mar/2025:07:44:18 +0100] "GET /Jurek/luxma/feeds/luxma_leroy.xml HTTP/1.1" 200 8058999 "-" "Python-urllib/3.11"
77.79.248.229 - - [12/Mar/2025:07:44:18 +0100] "GET /Jurek/coppotech/feeds/coppotech_leroy.xml HTTP/1.1" 200 38058574 "-" "Python-urllib/3.11"
77.79.248.229 - - [12/Mar/2025:07:44:18 +0100] "GET /Jurek/rider/feeds/rider_leroy.xml HTTP/1.1" 200 8165169 "-" "Python-urllib/3.11"
77.79.248.229 - - [12/Mar/2025:07:44:18 +0100] "GET /Jurek/emaja24/feeds/emaja24_leroy.xml HTTP/1.1" 200 5109964 "-" "Python-urllib/3.11"
77.79.248.229 - - [12/Mar/2025:07:44:18 +0100] "GET /Jurek/eurofryz2/feeds/eurofryz2_leroy.xml HTTP/1.1" 200 1376604 "-" "Python-urllib/3.11"
77.79.248.229 - - [12/Mar/2025:07:44:18 +0100] "GET /Jurek/expertauto/feeds/expertauto_leroy.xml HTTP/1.1" 200 1158922 "-" "Python-urllib/3.11"
77.79.248.229 - - [12/Mar/2025:07:44:19 +0100] "GET /Jurek/najtanszysport/feeds/najtanszysport_leroy.xml HTTP/1.1" 200 3983103 "-" "Python-urllib/3.11"
77.79.248.229 - - [12/Mar/2025:07:44:19 +0100] "GET /Jurek/kobi/feeds/kobi_leroy.xml HTTP/1.1" 200 1993258 "-" "Python-urllib/3.11"
77.79.248.229 - - [12/Mar/2025:07:44:19 +0100] "GET /Jurek/narzbud/feeds/narzbud_leroy.xml HTTP/1.1" 200 1958321 "-" "Python-urllib/3.11"
77.79.248.229 - - [12/Mar/2025:07:44:20 +0100] "GET /Jurek/awparts/feeds/awparts_leroy.xml HTTP/1.1" 200 142304979 "-" "Python-urllib/3.11"
77.79.248.229 - - [12/Mar/2025:07:44:21 +0100] "GET /Jurek/kidshop/feeds/kidshop_leroy.xml HTTP/1.1" 200 19850599 "-" "Python-urllib/3.11"
77.79.248.229 - - [12/Mar/2025:07:44:21 +0100] "GET /Jurek/polzoo/feeds/polzoo_leroy.xml HTTP/1.1" 200 48125852 "-" "Python-urllib/3.11"
77.79.248.229 - - [12/Mar/2025:07:44:21 +0100] "GET /Jurek/playcob/feeds/playcob_leroy.xml HTTP/1.1" 200 6980150 "-" "Python-urllib/3.11"
77.79.248.229 - - [12/Mar/2025:07:44:22 +0100] "GET /Jurek/dropkz/feeds/dropkz_leroy.xml HTTP/1.1" 200 70014101 "-" "Python-urllib/3.11"
77.79.248.229 - - [12/Mar/2025:07:44:22 +0100] "GET /Jurek/hanex/feeds/hanex_leroy.xml HTTP/1.1" 200 13931429 "-" "Python-urllib/3.11"
77.79.248.229 - - [12/Mar/2025:07:44:22 +0100] "GET /Jurek/straganbiur/feeds/straganbiur_leroy.xml HTTP/1.1" 200 8893099 "-" "Python-urllib/3.11"
77.79.248.229 - - [12/Mar/2025:07:44:23 +0100] "GET /Jurek/roger/feeds/roger_leroy.xml HTTP/1.1" 200 1396561 "-" "Python-urllib/3.11"
77.79.248.229 - - [12/Mar/2025:07:44:23 +0100] "GET /Jurek/sportprise/feeds/sportprise_leroy.xml HTTP/1.1" 200 12725335 "-" "Python-urllib/3.11"
77.79.248.229 - - [12/Mar/2025:07:44:23 +0100] "GET /Jurek/hurtmeblowy/feeds/hurtmeblowy_leroy.xml HTTP/1.1" 200 8099947 "-" "Python-urllib/3.11"
77.79.248.229 - - [12/Mar/2025:07:44:23 +0100] "GET /Jurek/oknobest/feeds/oknobest_leroy.xml HTTP/1.1" 200 2708554 "-" "Python-urllib/3.11"
77.79.248.229 - - [12/Mar/2025:07:44:23 +0100] "GET /Jurek/german/feeds/german_leroy.xml HTTP/1.1" 200 4792110 "-" "Python-urllib/3.11"
77.79.248.229 - - [12/Mar/2025:07:44:23 +0100] "GET /Jurek/kristronik/feeds/kristronik_leroy.xml HTTP/1.1" 200 7230239 "-" "Python-urllib/3.11"
77.79.248.229 - - [12/Mar/2025:07:44:24 +0100] "GET /Jurek/erohurtownia/feeds/erohurtownia_leroy.xml HTTP/1.1" 200 22846191 "-" "Python-urllib/3.11"
77.79.248.229 - - [12/Mar/2025:07:44:24 +0100] "GET /Jurek/smxdesign/feeds/smxdesign_leroy.xml HTTP/1.1" 200 1829066 "-" "Python-urllib/3.11"
77.79.248.229 - - [12/Mar/2025:07:44:24 +0100] "GET /Jurek/elavia/feeds/elavia_leroy.xml HTTP/1.1" 200 2497259 "-" "Python-urllib/3.11"
77.79.248.229 - - [12/Mar/2025:07:44:24 +0100] "GET /Jurek/relogy/feeds/relogy_leroy.xml HTTP/1.1" 200 66669296 "-" "Python-urllib/3.11"
77.79.248.229 - - [12/Mar/2025:07:44:24 +0100] "GET /Jurek/hlo/feeds/hlo_leroy.xml HTTP/1.1" 200 4838855 "-" "Python-urllib/3.11"
77.79.248.229 - - [12/Mar/2025:07:44:25 +0100] "GET /Jurek/sternhoff/feeds/sternhoff_leroy.xml HTTP/1.1" 200 1775816 "-" "Python-urllib/3.11"
77.79.248.229 - - [12/Mar/2025:07:44:25 +0100] "GET /Jurek/aiofactory/feeds/aiofactory_leroy.xml HTTP/1.1" 200 2123789 "-" "Python-urllib/3.11"
77.79.248.229 - - [12/Mar/2025:07:44:25 +0100] "GET /Jurek/broers/feeds/broers_leroy.xml HTTP/1.1" 200 1982617 "-" "Python-urllib/3.11"
77.79.248.229 - - [12/Mar/2025:07:44:25 +0100] "GET /Jurek/euroshop/feeds/euroshop_leroy.xml HTTP/1.1" 200 20026488 "-" "Python-urllib/3.11"
77.79.248.229 - - [12/Mar/2025:07:44:25 +0100] "GET /Jurek/jankeski/feeds/jankeski_leroy.xml HTTP/1.1" 200 9586441 "-" "Python-urllib/3.11"
77.79.248.229 - - [12/Mar/2025:07:44:25 +0100] "GET /Jurek/zbimatyja/feeds/zbimatyja_leroy.xml HTTP/1.1" 200 11670350 "-" "Python-urllib/3.11"
77.79.248.229 - - [12/Mar/2025:07:44:25 +0100] "GET /Jurek/cdata/feeds/cdata_leroy.xml HTTP/1.1" 200 1445054 "-" "Python-urllib/3.11"
46.101.116.244 - - [12/Mar/2025:07:46:03 +0100] "GET /Jurek/aw/feeds/aw_fnacfr.xml HTTP/1.0" 404 3551 "-" "-"
46.101.116.244 - - [12/Mar/2025:07:46:34 +0100] "GET /Filip/feeds/xlsx_ceneo.xml HTTP/1.0" 200 6241376 "-" "-"
193.33.8.61 - - [12/Mar/2025:07:47:48 +0100] "GET /Jurek/princelh/feeds/princelh_zero.xml HTTP/2.0" 200 133439 "https://konsola.dkkapusta1997.usermd.net/" "Mozilla/5.0 (Windows NT 10.0; Win64; x64) AppleWebKit/537.36 (KHTML, like Gecko) Chrome/134.0.0.0 Safari/537.36"
193.33.8.61 - - [12/Mar/2025:07:47:48 +0100] "GET /favicon.ico HTTP/2.0" 404 3551 "https://dkkapusta1997.usermd.net/Jurek/princelh/feeds/princelh_zero.xml" "Mozilla/5.0 (Windows NT 10.0; Win64; x64) AppleWebKit/537.36 (KHTML, like Gecko) Chrome/134.0.0.0 Safari/537.36"
77.79.248.229 - - [12/Mar/2025:07:47:54 +0100] "GET /Jurek/princelh/feeds/princelh_zero.xml HTTP/1.1" 200 133439 "-" "Python-urllib/3.11"
89.161.206.59 - - [12/Mar/2025:07:49:45 +0100] "GET /Jurek/pawonik/feeds/pawonik_skroutz.xml HTTP/1.0" 200 2586113 "-" "-"
89.161.206.59 - - [12/Mar/2025:07:49:47 +0100] "GET /Jurek/mosti/feeds/mosti_skroutz.xml HTTP/1.0" 200 4633450 "-" "-"
89.161.206.59 - - [12/Mar/2025:07:49:51 +0100] "GET /Jurek/swiatecznygoliat/feeds/swiatecznygoliat_skroutz.xml HTTP/1.0" 200 7054430 "-" "-"
89.161.206.59 - - [12/Mar/2025:07:49:52 +0100] "GET /Jurek/artdog/feeds/artdog_skroutz.xml HTTP/1.0" 200 17159166 "-" "-"
46.101.116.244 - - [12/Mar/2025:07:51:13 +0100] "GET /Jurek/aw/feeds/aw_fnacfr.xml HTTP/1.0" 404 3551 "-" "-"
89.161.206.59 - - [12/Mar/2025:07:51:16 +0100] "GET /Jurek/kobi/feeds/kobi_cdsc.xml HTTP/1.0" 200 544147 "-" "-"
89.161.206.59 - - [12/Mar/2025:07:51:41 +0100] "GET /Jurek/shiori/feeds/shiori_bol.xml HTTP/1.0" 200 453644 "-" "-"
89.161.206.59 - - [12/Mar/2025:07:51:42 +0100] "GET /Jurek/dropkz/feeds/dropkz_bol.xml HTTP/1.0" 200 70013260 "-" "-"
46.101.116.244 - - [12/Mar/2025:07:51:46 +0100] "GET /Filip/feeds/xlsx_ceneo.xml HTTP/1.0" 200 6241376 "-" "-"
193.33.8.61 - - [12/Mar/2025:07:51:58 +0100] "GET /Jurek/photho/feeds/photho_zero.xml HTTP/2.0" 200 85046 "https://konsola.dkkapusta1997.usermd.net/" "Mozilla/5.0 (Windows NT 10.0; Win64; x64) AppleWebKit/537.36 (KHTML, like Gecko) Chrome/134.0.0.0 Safari/537.36"
77.79.248.229 - - [12/Mar/2025:07:52:04 +0100] "GET /Jurek/photho/feeds/photho_zero.xml HTTP/1.1" 200 85046 "-" "Python-urllib/3.11"
89.161.206.59 - - [12/Mar/2025:07:52:43 +0100] "GET /Jurek/spali/feeds/spali_skroutz.xml HTTP/1.0" 200 77054 "-" "-"
89.161.206.59 - - [12/Mar/2025:07:52:44 +0100] "GET /Jurek/galopi/feeds/galopi_skroutz.xml HTTP/1.0" 200 2111096 "-" "-"
89.161.206.59 - - [12/Mar/2025:07:52:45 +0100] "GET /Jurek/combine/feeds/combine_skroutz.xml HTTP/1.0" 200 210558 "-" "-"
89.161.206.59 - - [12/Mar/2025:07:52:49 +0100] "GET /Jurek/velinda/feeds/velinda_skroutz.xml HTTP/1.0" 200 23451 "-" "-"
89.161.206.59 - - [12/Mar/2025:07:52:50 +0100] "GET /Jurek/erohurtownia/feeds/erohurtownia_skroutz.xml HTTP/1.0" 200 22846503 "-" "-"
89.161.206.59 - - [12/Mar/2025:07:52:51 +0100] "GET /Jurek/reman/feeds/reman_skroutz.xml HTTP/1.0" 200 1394835 "-" "-"
89.161.206.59 - - [12/Mar/2025:07:52:52 +0100] "GET /Jurek/urwiskowo/feeds/urwiskowo_skroutz.xml HTTP/1.0" 200 9114967 "-" "-"
89.161.206.59 - - [12/Mar/2025:07:53:04 +0100] "GET /Jurek/kobi/feeds/kobi_skroutz.xml HTTP/1.0" 200 1993279 "-" "-"
89.161.206.59 - - [12/Mar/2025:07:53:07 +0100] "GET /Jurek/zepnij/feeds/zepnij_skroutz.xml HTTP/1.0" 200 19522794 "-" "-"
89.161.206.59 - - [12/Mar/2025:07:53:08 +0100] "GET /Jurek/rider/feeds/rider_skroutz.xml HTTP/1.0" 200 8165100 "-" "-"
89.161.206.59 - - [12/Mar/2025:07:53:29 +0100] "GET /Jurek/ekotex/feeds/ekotex_skroutz.xml HTTP/1.0" 200 197845 "-" "-"
89.161.206.59 - - [12/Mar/2025:07:53:30 +0100] "GET /Jurek/motofan/feeds/motofan_skroutz.xml HTTP/1.0" 200 2392166 "-" "-"
89.161.206.59 - - [12/Mar/2025:07:53:30 +0100] "GET /Jurek/elecomp/feeds/elecomp_skroutz.xml HTTP/1.0" 200 2869600 "-" "-"
89.161.206.59 - - [12/Mar/2025:07:54:05 +0100] "GET /Jurek/muminky/feeds/muminky_skroutz.xml HTTP/1.0" 200 2270324 "-" "-"
89.161.206.59 - - [12/Mar/2025:07:54:06 +0100] "GET /Jurek/pupus/feeds/pupus_skroutz.xml HTTP/1.0" 200 6154619 "-" "-"
77.79.248.229 - - [12/Mar/2025:07:54:07 +0100] "GET /Jurek/vidaSI/feeds/vidaSI_bigbang.xml HTTP/1.1" 200 620319430 "-" "Python-urllib/3.11"
89.161.206.59 - - [12/Mar/2025:07:54:10 +0100] "GET /Jurek/eurofryz3/feeds/eurofryz3_skroutz.xml HTTP/1.0" 200 172226 "-" "-"
89.161.206.59 - - [12/Mar/2025:07:54:13 +0100] "GET /Jurek/hlo/feeds/hlo_skroutz.xml HTTP/1.0" 200 4838852 "-" "-"
193.33.8.61 - - [12/Mar/2025:07:54:15 +0100] "GET /Jurek/proparts/feeds/proparts_zero.xml HTTP/2.0" 200 707552 "https://konsola.dkkapusta1997.usermd.net/" "Mozilla/5.0 (Windows NT 10.0; Win64; x64) AppleWebKit/537.36 (KHTML, like Gecko) Chrome/134.0.0.0 Safari/537.36"
77.79.248.229 - - [12/Mar/2025:07:54:23 +0100] "GET /Jurek/proparts/feeds/proparts_zero.xml HTTP/1.1" 200 707552 "-" "Python-urllib/3.11"
89.161.206.59 - - [12/Mar/2025:07:54:27 +0100] "GET /Jurek/euroshop/feeds/euroshop_skroutz.xml HTTP/1.0" 200 20026497 "-" "-"
89.161.206.59 - - [12/Mar/2025:07:54:27 +0100] "GET /Jurek/hanex/feeds/hanex_skroutz.xml HTTP/1.0" 200 13931463 "-" "-"
89.161.206.59 - - [12/Mar/2025:07:54:38 +0100] "GET /Jurek/german/feeds/german_skroutz.xml HTTP/1.0" 200 2503231 "-" "-"
62.146.215.33 - - [12/Mar/2025:07:56:20 +0100] "GET /Jurek/eurofirany/images/372640/0.jpg HTTP/2.0" 304 0 "-" "billigerbot/1.0"
46.101.116.244 - - [12/Mar/2025:07:56:42 +0100] "GET /Jurek/aw/feeds/aw_fnacfr.xml HTTP/1.0" 404 3551 "-" "-"
89.161.206.59 - - [12/Mar/2025:07:57:20 +0100] "GET /Jurek/eoptimo/feeds/eoptimo_bol.xml HTTP/1.0" 200 2094364 "-" "-"
89.161.206.59 - - [12/Mar/2025:07:57:20 +0100] "GET /Jurek/sklep24amk/feeds/sklep24amk_bol.xml HTTP/1.0" 200 3894551 "-" "-"
46.101.116.244 - - [12/Mar/2025:07:57:25 +0100] "GET /Filip/feeds/xlsx_ceneo.xml HTTP/1.0" 200 6241376 "-" "-"
77.79.248.229 - - [12/Mar/2025:07:58:03 +0100] "GET /Filip/zalando/zalando-logo.jpg HTTP/1.1" 200 5121 "-" "-"
77.79.248.229 - - [12/Mar/2025:07:58:03 +0100] "GET /Filip/zalando/zalando-logo.jpg HTTP/1.1" 200 5121 "-" "-"
193.33.8.61 - - [12/Mar/2025:07:58:06 +0100] "GET /Jurek/elavia/feeds/elavia_zero.xml HTTP/2.0" 200 2497262 "https://konsola.dkkapusta1997.usermd.net/" "Mozilla/5.0 (Windows NT 10.0; Win64; x64) AppleWebKit/537.36 (KHTML, like Gecko) Chrome/134.0.0.0 Safari/537.36"
77.79.248.229 - - [12/Mar/2025:07:58:11 +0100] "GET /Jurek/elavia/feeds/elavia_zero.xml HTTP/1.1" 200 2497262 "-" "Python-urllib/3.11"
89.161.206.59 - - [12/Mar/2025:07:58:29 +0100] "GET /Jurek/pawonik/feeds/pawonik_emagro.xml HTTP/1.0" 200 2586409 "-" "-"
89.161.206.59 - - [12/Mar/2025:07:58:30 +0100] "GET /Jurek/ikonka/feeds/ikonka_emagro.xml HTTP/1.0" 200 21315486 "-" "-"
89.161.206.59 - - [12/Mar/2025:07:58:30 +0100] "GET /Jurek/eurofirany/feeds/eurofirany_emagro.xml HTTP/1.0" 200 19092867 "-" "-"
89.161.206.59 - - [12/Mar/2025:07:58:30 +0100] "GET /Jurek/hurtmeblowy/feeds/hurtmeblowy_emagro.xml HTTP/1.0" 200 8101171 "-" "-"
89.161.206.59 - - [12/Mar/2025:07:58:31 +0100] "GET /Jurek/ekolight/feeds/ekolioght_emagro.xml HTTP/1.0" 200 9053392 "-" "-"
89.161.206.59 - - [12/Mar/2025:07:58:33 +0100] "GET /Jurek/eldar/feeds/eldar_emagro.xml HTTP/1.0" 200 7337477 "-" "-"
89.161.206.59 - - [12/Mar/2025:07:58:34 +0100] "GET /Jurek/wenom/feeds/wenom_emagro.xml HTTP/1.0" 200 583274 "-" "-"
89.161.206.59 - - [12/Mar/2025:07:58:34 +0100] "GET /Jurek/elecomp/feeds/elecomp_emagro.xml HTTP/1.0" 200 2870400 "-" "-"
89.161.206.59 - - [12/Mar/2025:07:58:34 +0100] "GET /Jurek/qbox/feeds/qbox_emagro.xml HTTP/1.0" 200 398877 "-" "-"
89.161.206.59 - - [12/Mar/2025:07:58:34 +0100] "GET /Jurek/motofan/feeds/motofan_emagro.xml HTTP/1.0" 200 2392209 "-" "-"
89.161.206.59 - - [12/Mar/2025:07:58:35 +0100] "GET /Jurek/ekotex/feeds/ekotex_emagro.xml HTTP/1.0" 200 197970 "-" "-"
89.161.206.59 - - [12/Mar/2025:07:58:35 +0100] "GET /Jurek/sartrix/feeds/sartrix_emagro.xml HTTP/1.0" 200 649212 "-" "-"
89.161.206.59 - - [12/Mar/2025:07:58:35 +0100] "GET /Jurek/twojsklep/feeds/twojsklep_emagro.xml HTTP/1.0" 200 126813 "-" "-"
89.161.206.59 - - [12/Mar/2025:07:58:35 +0100] "GET /Jurek/madrex/feeds/madrex_emagro.xml HTTP/1.0" 200 466721 "-" "-"
89.161.206.59 - - [12/Mar/2025:07:58:36 +0100] "GET /Jurek/drewdon/feeds/drewdon_emagro.xml HTTP/1.0" 200 504525 "-" "-"
89.161.206.59 - - [12/Mar/2025:07:58:36 +0100] "GET /Jurek/dekoele/feeds/dekoele_emagro.xml HTTP/1.0" 200 733976 "-" "-"
89.161.206.59 - - [12/Mar/2025:07:58:36 +0100] "GET /Jurek/zepnij/feeds/zepnij_emagro.xml HTTP/1.0" 200 19523747 "-" "-"
89.161.206.59 - - [12/Mar/2025:07:58:36 +0100] "GET /Jurek/expertauto/feeds/expertauto_emagro.xml HTTP/1.0" 200 1159123 "-" "-"
89.161.206.59 - - [12/Mar/2025:07:58:36 +0100] "GET /Jurek/rider/feeds/rider_emagro.xml HTTP/1.0" 200 8165875 "-" "-"
89.161.206.59 - - [12/Mar/2025:07:58:37 +0100] "GET /Jurek/wezer/feeds/wezer_emagro.xml HTTP/1.0" 200 210970 "-" "-"
89.161.206.59 - - [12/Mar/2025:07:58:38 +0100] "GET /Jurek/muminky/feeds/muminky_emagro.xml HTTP/1.0" 200 2678278 "-" "-"
89.161.206.59 - - [12/Mar/2025:07:58:38 +0100] "GET /Jurek/pasiekaslodka/feeds/pasiekaslodka_emagro.xml HTTP/1.0" 200 119684 "-" "-"
89.161.206.59 - - [12/Mar/2025:07:58:39 +0100] "GET /Jurek/dekornatort/feeds/dekornatort_emagro.xml HTTP/1.0" 200 225767 "-" "-"
89.161.206.59 - - [12/Mar/2025:07:58:39 +0100] "GET /Jurek/lendo/feeds/lendo_emagro.xml HTTP/1.0" 200 330428 "-" "-"
89.161.206.59 - - [12/Mar/2025:07:58:40 +0100] "GET /Jurek/evil/feeds/evil_emagro.xml HTTP/1.0" 200 306433 "-" "-"
46.101.116.244 - - [12/Mar/2025:07:59:47 +0100] "GET /Jurek/kinghoff/feeds/kinghoff_allegro.xml HTTP/1.0" 200 15138177 "-" "-"
89.161.206.59 - - [12/Mar/2025:07:59:59 +0100] "GET /Jurek/benetech/feeds/benetech_allegro.xml HTTP/1.0" 200 4165565 "-" "-"
89.161.206.59 - - [12/Mar/2025:07:59:59 +0100] "GET /Jurek/targethome/feeds/targethome_allegro.xml HTTP/1.0" 200 688658 "-" "-"
85.14.86.141 - - [12/Mar/2025:08:00:27 +0100] "GET /Jurek/vida_morele/feeds/VidaPL_all.xml HTTP/2.0" 200 698412478 "-" "MarketplaceAPI curl/7.64.0 PHP/8"
52.17.80.36 - - [12/Mar/2025:08:00:40 +0100] "GET /marketplaces/ubaldi/results/ubaldi.csv HTTP/1.1" 200 3326526 "-" "Mirakl HttpClient"
66.249.64.165 - - [12/Mar/2025:08:01:17 +0100] "GET /robots.txt HTTP/1.1" 404 3551 "-" "Mozilla/5.0 (compatible; Googlebot/2.1; +http://www.google.com/bot.html)"
66.249.64.165 - - [12/Mar/2025:08:01:17 +0100] "GET /Jurek/eurofirany/images/438670/8.jpg HTTP/1.1" 200 33 "-" "Googlebot-Image/1.0"
46.101.116.244 - - [12/Mar/2025:08:01:31 +0100] "GET /Jurek/aw/feeds/aw_fnacfr.xml HTTP/1.0" 404 3551 "-" "-"
52.17.80.36 - - [12/Mar/2025:08:02:01 +0100] "GET /marketplaces/rue/results/rue.csv HTTP/1.1" 200 6873519 "-" "Mirakl HttpClient"
46.101.116.244 - - [12/Mar/2025:08:02:06 +0100] "GET /Filip/feeds/xlsx_ceneo.xml HTTP/1.0" 200 6241376 "-" "-"
193.33.8.61 - - [12/Mar/2025:08:02:08 +0100] "GET /Jurek/techrebal/feeds/techrebal_zero.xml HTTP/2.0" 200 1989783 "https://konsola.dkkapusta1997.usermd.net/" "Mozilla/5.0 (Windows NT 10.0; Win64; x64) AppleWebKit/537.36 (KHTML, like Gecko) Chrome/134.0.0.0 Safari/537.36"
77.79.248.229 - - [12/Mar/2025:08:02:14 +0100] "GET /Jurek/techrebal/feeds/techrebal_zero.xml HTTP/1.1" 200 1989783 "-" "Python-urllib/3.11"
85.14.86.141 - - [12/Mar/2025:08:02:33 +0100] "GET /Jurek/kinghoff/feeds/kinghoff_morele.xml HTTP/2.0" 200 15137248 "-" "MarketplaceAPI curl/7.64.0 PHP/8"
66.249.64.165 - - [12/Mar/2025:08:03:12 +0100] "GET /robots.txt HTTP/1.1" 404 3551 "-" "Mozilla/5.0 (compatible; Googlebot/2.1; +http://www.google.com/bot.html)"
66.249.64.165 - - [12/Mar/2025:08:03:12 +0100] "GET /Jurek/eurofirany/images/438670/9.jpg HTTP/1.1" 200 33 "-" "Googlebot-Image/1.0"
85.14.86.141 - - [12/Mar/2025:08:04:02 +0100] "GET /Jurek/eurofirany/feeds/eurofirany_morele.xml HTTP/2.0" 200 19083363 "-" "MarketplaceAPI curl/7.64.0 PHP/8"
85.14.86.141 - - [12/Mar/2025:08:04:15 +0100] "GET /Jurek/vivaldi/feeds/vivaldi_Morele-PL.xml HTTP/2.0" 200 344674 "-" "MarketplaceAPI curl/7.64.0 PHP/8"
193.33.8.61 - - [12/Mar/2025:08:05:24 +0100] "GET /Jurek/ekuchcikowo/feeds/ekuchcikowo_bol.xml HTTP/2.0" 200 13523932 "https://konsola.dkkapusta1997.usermd.net/" "Mozilla/5.0 (Windows NT 10.0; Win64; x64) AppleWebKit/537.36 (KHTML, like Gecko) Chrome/134.0.0.0 Safari/537.36"
85.14.86.141 - - [12/Mar/2025:08:05:25 +0100] "GET /Jurek/vida_morele/feeds/VidaPL_morele.xml HTTP/2.0" 200 698412545 "-" "MarketplaceAPI curl/7.64.0 PHP/8"
193.33.8.61 - - [12/Mar/2025:08:05:25 +0100] "GET /Jurek/ekuchcikowo/feeds/ekuchcikowo_zero.xml HTTP/2.0" 200 13524506 "https://konsola.dkkapusta1997.usermd.net/" "Mozilla/5.0 (Windows NT 10.0; Win64; x64) AppleWebKit/537.36 (KHTML, like Gecko) Chrome/134.0.0.0 Safari/537.36"
85.14.86.141 - - [12/Mar/2025:08:05:28 +0100] "GET /Jurek/aw/feeds/awnarzedzia_morele.xml HTTP/2.0" 200 90493159 "-" "MarketplaceAPI curl/7.64.0 PHP/8"
89.161.206.59 - - [12/Mar/2025:08:06:10 +0100] "GET /Jurek/eurofirany/feeds/eurofirany_amazonES.xml HTTP/1.0" 200 19081892 "-" "-"
85.14.86.141 - - [12/Mar/2025:08:06:17 +0100] "GET /Jurek/beliani/feeds/beliani_morele.xml HTTP/2.0" 200 25430408 "-" "MarketplaceAPI curl/7.64.0 PHP/8"
46.101.116.244 - - [12/Mar/2025:08:06:17 +0100] "GET /Jurek/aw/feeds/aw_fnacfr.xml HTTP/1.0" 404 3551 "-" "-"
193.33.8.61 - - [12/Mar/2025:08:06:37 +0100] "GET /Jurek/kristronik/feeds/kristronik_zero.xml HTTP/2.0" 200 7229636 "https://konsola.dkkapusta1997.usermd.net/" "Mozilla/5.0 (Windows NT 10.0; Win64; x64) AppleWebKit/537.36 (KHTML, like Gecko) Chrome/134.0.0.0 Safari/537.36"
77.79.248.229 - - [12/Mar/2025:08:06:40 +0100] "GET /Jurek/kristronik/feeds/kristronik_zero.xml HTTP/1.1" 200 7229636 "-" "Python-urllib/3.11"
46.101.116.244 - - [12/Mar/2025:08:06:51 +0100] "GET /Filip/feeds/xlsx_ceneo.xml HTTP/1.0" 200 6241376 "-" "-"
89.161.206.59 - - [12/Mar/2025:08:07:05 +0100] "GET /Jurek/domzapachy/feeds/domzapachy_skroutz.xml HTTP/1.0" 200 179626 "-" "-"
77.79.248.229 - - [12/Mar/2025:08:10:00 +0100] "GET /Jurek/sportprise/feeds/sportprise_zero.xml HTTP/1.1" 200 12726435 "-" "Python-urllib/3.11"
193.33.8.61 - - [12/Mar/2025:08:10:08 +0100] "GET /Jurek/sportprise/feeds/sportprise_zero.xml HTTP/2.0" 200 12726435 "https://konsola.dkkapusta1997.usermd.net/" "Mozilla/5.0 (Windows NT 10.0; Win64; x64) AppleWebKit/537.36 (KHTML, like Gecko) Chrome/134.0.0.0 Safari/537.36"
185.6.76.18 - - [12/Mar/2025:08:10:45 +0100] "GET /marketplaces/skroutz/feeds/shumee.xml HTTP/1.1" 200 348577304 "-" "SkroutzBot v1.0"
89.161.206.59 - - [12/Mar/2025:08:11:09 +0100] "GET /Jurek/eurofirany/feeds/eurofirany_amazonIT.xml HTTP/1.0" 200 19081570 "-" "-"
89.161.206.59 - - [12/Mar/2025:08:11:11 +0100] "GET /Jurek/eurofirany/feeds/eurofirany_amazonBE.xml HTTP/1.0" 200 19081845 "-" "-"
89.161.206.59 - - [12/Mar/2025:08:11:13 +0100] "GET /Jurek/eurofirany/feeds/eurofirany_amazaon_de.xml HTTP/1.0" 200 19081702 "-" "-"
89.161.206.59 - - [12/Mar/2025:08:11:16 +0100] "GET /Jurek/benetech/feeds/benetech_amazonbe.xml HTTP/1.0" 200 4165301 "-" "-"
89.161.206.59 - - [12/Mar/2025:08:11:21 +0100] "GET /Jurek/kobi/feeds/kobi_amazones.xml HTTP/1.0" 200 677249 "-" "-"
89.161.206.59 - - [12/Mar/2025:08:11:21 +0100] "GET /Jurek/kobi/feeds/kobi_amazonfr.xml HTTP/1.0" 200 677241 "-" "-"
46.101.116.244 - - [12/Mar/2025:08:11:50 +0100] "GET /Jurek/aw/feeds/aw_fnacfr.xml HTTP/1.0" 404 3551 "-" "-"
46.101.116.244 - - [12/Mar/2025:08:11:54 +0100] "GET /Jurek/kinghoff/feeds/kinghoff_ceneo.xml HTTP/1.0" 200 15137429 "-" "-"
46.101.116.244 - - [12/Mar/2025:08:11:55 +0100] "GET /Jurek/barbecook/feeds/barbecook_allegro.xml HTTP/1.0" 200 87554 "-" "-"
46.101.116.244 - - [12/Mar/2025:08:11:58 +0100] "GET /Jurek/eurofirany/feeds/eurofirany_velomarket.xml HTTP/1.0" 200 19083068 "-" "-"
46.101.116.244 - - [12/Mar/2025:08:12:37 +0100] "GET /Filip/feeds/xlsx_ceneo.xml HTTP/1.0" 200 6241376 "-" "-"
193.33.8.61 - - [12/Mar/2025:08:14:44 +0100] "GET /Jurek/techrebalina/feeds/techrebalina_zero.xml HTTP/2.0" 200 2011215 "https://konsola.dkkapusta1997.usermd.net/" "Mozilla/5.0 (Windows NT 10.0; Win64; x64) AppleWebKit/537.36 (KHTML, like Gecko) Chrome/134.0.0.0 Safari/537.36"
77.79.248.229 - - [12/Mar/2025:08:14:56 +0100] "GET /Jurek/techrebalina/feeds/techrebalina_zero.xml HTTP/1.1" 200 2011215 "-" "Python-urllib/3.11"
45.148.10.174 - - [12/Mar/2025:08:15:36 +0100] "GET / HTTP/1.1" 200 1559 "-" "Mozilla/5.0 (Macintosh; Intel Mac OS X 10_15_7) AppleWebKit/537.36 Chrome/120.0.0.0"
46.101.116.244 - - [12/Mar/2025:08:16:05 +0100] "GET /Jurek/aw/feeds/aw_fnacfr.xml HTTP/1.0" 404 3551 "-" "-"
89.161.206.59 - - [12/Mar/2025:08:16:09 +0100] "GET /Jurek/eurofirany/feeds/eurofirany_amazonNL.xml HTTP/1.0" 200 19081844 "-" "-"
89.161.206.59 - - [12/Mar/2025:08:16:13 +0100] "GET /Jurek/benetech/feeds/benetech_amazonnl.xml HTTP/1.0" 200 4165301 "-" "-"
46.101.116.244 - - [12/Mar/2025:08:16:40 +0100] "GET /Filip/feeds/xlsx_ceneo.xml HTTP/1.0" 200 6241376 "-" "-"
193.33.8.61 - - [12/Mar/2025:08:19:56 +0100] "GET /Jurek/oknobest/feeds/oknobest_zero.xml HTTP/2.0" 200 2708144 "https://konsola.dkkapusta1997.usermd.net/" "Mozilla/5.0 (Windows NT 10.0; Win64; x64) AppleWebKit/537.36 (KHTML, like Gecko) Chrome/134.0.0.0 Safari/537.36"
77.79.248.229 - - [12/Mar/2025:08:20:04 +0100] "GET /Jurek/oknobest/feeds/oknobest_zero.xml HTTP/1.1" 200 2708144 "-" "Python-urllib/3.11"
46.101.116.244 - - [12/Mar/2025:08:21:18 +0100] "GET /Jurek/aw/feeds/aw_fnacfr.xml HTTP/1.0" 404 3551 "-" "-"
89.161.206.59 - - [12/Mar/2025:08:21:21 +0100] "GET /Jurek/hurtmeblowy/feeds/hurtmeblowy_cdsc.xml HTTP/1.0" 200 5248085 "-" "-"
193.33.8.61 - - [12/Mar/2025:08:21:25 +0100] "GET /Jurek/kobi/feeds/kobi_bol.xml HTTP/2.0" 200 1993247 "https://konsola.dkkapusta1997.usermd.net/" "Mozilla/5.0 (Windows NT 10.0; Win64; x64) AppleWebKit/537.36 (KHTML, like Gecko) Chrome/134.0.0.0 Safari/537.36"
77.79.248.229 - - [12/Mar/2025:08:21:32 +0100] "GET /Jurek/kobi/feeds/kobi_bol.xml HTTP/1.1" 200 1993247 "-" "Python-urllib/3.11"
46.101.116.244 - - [12/Mar/2025:08:21:50 +0100] "GET /Filip/feeds/xlsx_ceneo.xml HTTP/1.0" 200 6241376 "-" "-"
66.249.64.165 - - [12/Mar/2025:08:21:56 +0100] "GET /Jurek/eurofirany/images/423657/1.jpg HTTP/1.1" 200 598582 "-" "Googlebot-Image/1.0"
193.33.8.61 - - [12/Mar/2025:08:22:13 +0100] "GET /Jurek/artdog/feeds/artdog_bol.xml HTTP/2.0" 200 15744862 "https://konsola.dkkapusta1997.usermd.net/" "Mozilla/5.0 (Windows NT 10.0; Win64; x64) AppleWebKit/537.36 (KHTML, like Gecko) Chrome/134.0.0.0 Safari/537.36"
77.79.248.229 - - [12/Mar/2025:08:22:16 +0100] "GET /Jurek/artdog/feeds/artdog_bol.xml HTTP/1.1" 200 17158429 "-" "Python-urllib/3.11"
193.33.8.61 - - [12/Mar/2025:08:22:33 +0100] "GET /Jurek/erohurtownia/feeds/erohurtownia_bol.xml HTTP/2.0" 200 12591104 "https://konsola.dkkapusta1997.usermd.net/" "Mozilla/5.0 (Windows NT 10.0; Win64; x64) AppleWebKit/537.36 (KHTML, like Gecko) Chrome/134.0.0.0 Safari/537.36"
77.79.248.229 - - [12/Mar/2025:08:22:36 +0100] "GET /Jurek/erohurtownia/feeds/erohurtownia_bol.xml HTTP/1.1" 200 22846449 "-" "Python-urllib/3.11"
89.161.206.59 - - [12/Mar/2025:08:25:08 +0100] "GET /Jurek/unimet/feeds/unimet_cdisFI.xml HTTP/1.0" 200 60214854 "-" "-"
89.161.206.59 - - [12/Mar/2025:08:25:16 +0100] "GET /Jurek/barbecook/feeds/barbecook_cdis.xml HTTP/1.0" 200 87527 "-" "-"
46.101.116.244 - - [12/Mar/2025:08:25:18 +0100] "GET /Jurek/action/feeds/action_cdis.xml HTTP/1.0" 200 56341662 "-" "-"
46.101.116.244 - - [12/Mar/2025:08:25:22 +0100] "GET /Jurek/activeshop/feeds/activeshop_cdis.xml HTTP/1.0" 200 10416774 "-" "-"
46.101.116.244 - - [12/Mar/2025:08:25:27 +0100] "GET /Jurek/fernity/feeds/fernity_cdiscount.xml HTTP/1.0" 200 5225170 "-" "-"
46.101.116.244 - - [12/Mar/2025:08:25:29 +0100] "GET /Jurek/eurofirany/feeds/eurofirany_cdiscount.xml HTTP/1.0" 200 19081765 "-" "-"
46.101.116.244 - - [12/Mar/2025:08:25:39 +0100] "GET /Jurek/kinghoff/feeds/kinghoff_cdiscount.xml HTTP/1.0" 200 15136572 "-" "-"
89.161.206.59 - - [12/Mar/2025:08:26:09 +0100] "GET /Jurek/eurofirany/feeds/eurofirany_manomanofr.xml HTTP/1.0" 200 19081543 "-" "-"
193.33.8.61 - - [12/Mar/2025:08:26:13 +0100] "GET /Jurek/eroplace/feeds/eroplace_bol.xml HTTP/2.0" 200 12590987 "https://konsola.dkkapusta1997.usermd.net/" "Mozilla/5.0 (Windows NT 10.0; Win64; x64) AppleWebKit/537.36 (KHTML, like Gecko) Chrome/134.0.0.0 Safari/537.36"
77.79.248.229 - - [12/Mar/2025:08:26:16 +0100] "GET /Jurek/eroplace/feeds/eroplace_bol.xml HTTP/1.1" 200 52152009 "-" "Python-urllib/3.11"
46.101.116.244 - - [12/Mar/2025:08:26:25 +0100] "GET /Jurek/eurofirany/feeds/eurofirany_erli.xml HTTP/1.0" 200 19085705 "-" "-"
193.33.8.61 - - [12/Mar/2025:08:26:44 +0100] "GET /Jurek/kristronik/feeds/kristronik_cdon_se.xml HTTP/2.0" 200 7231427 "https://konsola.dkkapusta1997.usermd.net/" "Mozilla/5.0 (Windows NT 10.0; Win64; x64) AppleWebKit/537.36 (KHTML, like Gecko) Chrome/133.0.0.0 Safari/537.36"
77.79.248.229 - - [12/Mar/2025:08:26:47 +0100] "GET /Jurek/kristronik/feeds/kristronik_cdon_se.xml HTTP/1.1" 200 7231427 "-" "Python-urllib/3.11"
46.101.116.244 - - [12/Mar/2025:08:26:56 +0100] "GET /Jurek/aw/feeds/aw_fnacfr.xml HTTP/1.0" 404 3551 "-" "-"
193.33.8.61 - - [12/Mar/2025:08:27:06 +0100] "GET /Jurek/hurtownia_przemyslowa/feeds/hp_bol.xml HTTP/2.0" 200 12591104 "https://konsola.dkkapusta1997.usermd.net/" "Mozilla/5.0 (Windows NT 10.0; Win64; x64) AppleWebKit/537.36 (KHTML, like Gecko) Chrome/134.0.0.0 Safari/537.36"
77.79.248.229 - - [12/Mar/2025:08:27:09 +0100] "GET /Jurek/hurtownia_przemyslowa/feeds/hp_bol.xml HTTP/1.1" 200 49361952 "-" "Python-urllib/3.11"
46.101.116.244 - - [12/Mar/2025:08:27:22 +0100] "GET /Jurek/eurofirany/feeds/eurofirany_allegro.xml HTTP/1.0" 200 19085944 "-" "-"
77.79.248.229 - - [12/Mar/2025:08:27:31 +0100] "GET /Jurek/rosfix/feeds/rosfix_zero.xml HTTP/1.1" 200 35770121 "-" "Python-urllib/3.11"
89.161.206.59 - - [12/Mar/2025:08:27:37 +0100] "GET /Jurek/pupus/feeds/pupus_bol.xml HTTP/1.0" 200 6154713 "-" "-"
89.161.206.59 - - [12/Mar/2025:08:27:38 +0100] "GET /Jurek/artdog/feeds/artdog_allegro.xml HTTP/1.0" 200 17162209 "-" "-"
89.161.206.59 - - [12/Mar/2025:08:27:41 +0100] "GET /Jurek/matkam/feeds/matkam_bol.xml HTTP/1.0" 200 5001191 "-" "-"
89.161.206.59 - - [12/Mar/2025:08:27:42 +0100] "GET /Jurek/waks/feeds/waks_allegro.xml HTTP/1.0" 200 1593143 "-" "-"
46.101.116.244 - - [12/Mar/2025:08:27:51 +0100] "GET /Filip/feeds/xlsx_ceneo.xml HTTP/1.0" 200 6241376 "-" "-"
193.33.8.61 - - [12/Mar/2025:08:28:00 +0100] "GET /Jurek/aiofactory/feeds/aiofactory_bol.xml HTTP/2.0" 200 2123786 "https://konsola.dkkapusta1997.usermd.net/" "Mozilla/5.0 (Windows NT 10.0; Win64; x64) AppleWebKit/537.36 (KHTML, like Gecko) Chrome/134.0.0.0 Safari/537.36"
193.33.8.61 - - [12/Mar/2025:08:28:05 +0100] "GET /Jurek/rosfix/feeds/rosfix_zero.xml HTTP/2.0" 200 35770121 "https://konsola.dkkapusta1997.usermd.net/" "Mozilla/5.0 (Windows NT 10.0; Win64; x64) AppleWebKit/537.36 (KHTML, like Gecko) Chrome/134.0.0.0 Safari/537.36"
77.79.248.229 - - [12/Mar/2025:08:28:05 +0100] "GET /Jurek/aiofactory/feeds/aiofactory_bol.xml HTTP/1.1" 200 2123786 "-" "Python-urllib/3.11"
193.33.8.61 - - [12/Mar/2025:08:28:21 +0100] "GET /Jurek/topeshop/feeds/topeshop_bol.xml HTTP/2.0" 200 2475021 "https://konsola.dkkapusta1997.usermd.net/" "Mozilla/5.0 (Windows NT 10.0; Win64; x64) AppleWebKit/537.36 (KHTML, like Gecko) Chrome/134.0.0.0 Safari/537.36"
77.79.248.229 - - [12/Mar/2025:08:28:26 +0100] "GET /Jurek/topeshop/feeds/topeshop_bol.xml HTTP/1.1" 200 2475021 "-" "Python-urllib/3.11"
193.33.8.61 - - [12/Mar/2025:08:28:35 +0100] "GET /Jurek/eldar/feeds/eldar_bol.xml HTTP/2.0" 200 7329486 "https://konsola.dkkapusta1997.usermd.net/" "Mozilla/5.0 (Windows NT 10.0; Win64; x64) AppleWebKit/537.36 (KHTML, like Gecko) Chrome/134.0.0.0 Safari/537.36"
77.79.248.229 - - [12/Mar/2025:08:28:39 +0100] "GET /Jurek/eldar/feeds/eldar_bol.xml HTTP/1.1" 200 7329486 "-" "Python-urllib/3.11"
193.33.8.61 - - [12/Mar/2025:08:28:53 +0100] "GET /Jurek/hanex/feeds/hanex_BOL.xml HTTP/2.0" 200 11321344 "https://konsola.dkkapusta1997.usermd.net/" "Mozilla/5.0 (Windows NT 10.0; Win64; x64) AppleWebKit/537.36 (KHTML, like Gecko) Chrome/134.0.0.0 Safari/537.36"
77.79.248.229 - - [12/Mar/2025:08:28:56 +0100] "GET /Jurek/hanex/feeds/hanex_BOL.xml HTTP/1.1" 200 13931406 "-" "Python-urllib/3.11"
69.91.191.220 - - [12/Mar/2025:08:29:44 +0100] "GET /Jurek/eurofirany/images/333886/2.jpg HTTP/2.0" 200 26359 "https://www.emag.ro/perdea-ready-esim-140x250-cm-alba-eurofirany-333886/pd/DVN68LMBM/" "Mozilla/5.0 (Windows NT 10.0; Win64; x64) AppleWebKit/537.36 (KHTML, like Gecko) Chrome/132.0.0.0 Safari/537.36"
69.91.191.220 - - [12/Mar/2025:08:29:44 +0100] "GET /Jurek/eurofirany/images/333886/1.jpg HTTP/2.0" 200 55732 "https://www.emag.ro/perdea-ready-esim-140x250-cm-alba-eurofirany-333886/pd/DVN68LMBM/" "Mozilla/5.0 (Windows NT 10.0; Win64; x64) AppleWebKit/537.36 (KHTML, like Gecko) Chrome/132.0.0.0 Safari/537.36"
69.91.191.220 - - [12/Mar/2025:08:29:44 +0100] "GET /Jurek/eurofirany/images/333886/6.jpg HTTP/2.0" 200 89803 "https://www.emag.ro/perdea-ready-esim-140x250-cm-alba-eurofirany-333886/pd/DVN68LMBM/" "Mozilla/5.0 (Windows NT 10.0; Win64; x64) AppleWebKit/537.36 (KHTML, like Gecko) Chrome/132.0.0.0 Safari/537.36"
69.91.191.220 - - [12/Mar/2025:08:29:44 +0100] "GET /Jurek/eurofirany/images/333886/5.jpg HTTP/2.0" 200 44556 "https://www.emag.ro/perdea-ready-esim-140x250-cm-alba-eurofirany-333886/pd/DVN68LMBM/" "Mozilla/5.0 (Windows NT 10.0; Win64; x64) AppleWebKit/537.36 (KHTML, like Gecko) Chrome/132.0.0.0 Safari/537.36"
69.91.191.220 - - [12/Mar/2025:08:29:45 +0100] "GET /Jurek/eurofirany/images/333886/4.jpg HTTP/2.0" 200 139282 "https://www.emag.ro/perdea-ready-esim-140x250-cm-alba-eurofirany-333886/pd/DVN68LMBM/" "Mozilla/5.0 (Windows NT 10.0; Win64; x64) AppleWebKit/537.36 (KHTML, like Gecko) Chrome/132.0.0.0 Safari/537.36"
69.91.191.220 - - [12/Mar/2025:08:29:45 +0100] "GET /Jurek/eurofirany/images/333886/3.jpg HTTP/2.0" 200 50905 "https://www.emag.ro/perdea-ready-esim-140x250-cm-alba-eurofirany-333886/pd/DVN68LMBM/" "Mozilla/5.0 (Windows NT 10.0; Win64; x64) AppleWebKit/537.36 (KHTML, like Gecko) Chrome/132.0.0.0 Safari/537.36"
193.33.8.61 - - [12/Mar/2025:08:29:51 +0100] "GET /Jurek/narzbud/feeds/narzbud_bol.xml HTTP/2.0" 200 1958319 "https://konsola.dkkapusta1997.usermd.net/" "Mozilla/5.0 (Windows NT 10.0; Win64; x64) AppleWebKit/537.36 (KHTML, like Gecko) Chrome/134.0.0.0 Safari/537.36"
77.79.248.229 - - [12/Mar/2025:08:29:59 +0100] "GET /Jurek/narzbud/feeds/narzbud_bol.xml HTTP/1.1" 200 1958319 "-" "Python-urllib/3.11"
193.33.8.61 - - [12/Mar/2025:08:30:12 +0100] "GET /Jurek/kinghoff/feeds/kinghoff_bol.xml HTTP/2.0" 200 12590951 "https://konsola.dkkapusta1997.usermd.net/" "Mozilla/5.0 (Windows NT 10.0; Win64; x64) AppleWebKit/537.36 (KHTML, like Gecko) Chrome/134.0.0.0 Safari/537.36"
77.79.248.229 - - [12/Mar/2025:08:30:14 +0100] "GET /Jurek/kinghoff/feeds/kinghoff_bol.xml HTTP/1.1" 200 15136465 "-" "Python-urllib/3.11"
40.77.167.55 - - [12/Mar/2025:08:30:20 +0100] "GET /Jurek/eurofirany/images/372438/7.jpg HTTP/2.0" 200 82389 "-" "Mozilla/5.0 AppleWebKit/537.36 (KHTML, like Gecko; compatible; bingbot/2.0; +http://www.bing.com/bingbot.htm) Chrome/116.0.1938.76 Safari/537.36"
193.33.8.61 - - [12/Mar/2025:08:30:31 +0100] "GET /Jurek/benetech/feeds/benetech_bol.xml HTTP/2.0" 200 4165287 "https://konsola.dkkapusta1997.usermd.net/" "Mozilla/5.0 (Windows NT 10.0; Win64; x64) AppleWebKit/537.36 (KHTML, like Gecko) Chrome/134.0.0.0 Safari/537.36"
77.79.248.229 - - [12/Mar/2025:08:30:37 +0100] "GET /Jurek/benetech/feeds/benetech_bol.xml HTTP/1.1" 200 4165287 "-" "Python-urllib/3.11"
193.33.8.61 - - [12/Mar/2025:08:30:49 +0100] "GET /Jurek/luxma/feeds/luxma_bol.xml HTTP/2.0" 200 8059002 "https://konsola.dkkapusta1997.usermd.net/" "Mozilla/5.0 (Windows NT 10.0; Win64; x64) AppleWebKit/537.36 (KHTML, like Gecko) Chrome/134.0.0.0 Safari/537.36"
77.79.248.229 - - [12/Mar/2025:08:30:54 +0100] "GET /Jurek/luxma/feeds/luxma_bol.xml HTTP/1.1" 200 8059002 "-" "Python-urllib/3.11"
193.33.8.61 - - [12/Mar/2025:08:31:09 +0100] "GET /Jurek/euroshop/feeds/euroshop_bol.xml HTTP/2.0" 200 12591059 "https://konsola.dkkapusta1997.usermd.net/" "Mozilla/5.0 (Windows NT 10.0; Win64; x64) AppleWebKit/537.36 (KHTML, like Gecko) Chrome/134.0.0.0 Safari/537.36"
77.79.248.229 - - [12/Mar/2025:08:31:12 +0100] "GET /Jurek/euroshop/feeds/euroshop_bol.xml HTTP/1.1" 200 20026547 "-" "Python-urllib/3.11"
89.161.206.59 - - [12/Mar/2025:08:31:18 +0100] "GET /Jurek/eurofirany/feeds/eurofirany_amazonFR.xml HTTP/1.0" 200 19081892 "-" "-"
89.161.206.59 - - [12/Mar/2025:08:31:20 +0100] "GET /Jurek/eurofirany/feeds/eurofirany_amazonSE.xml HTTP/1.0" 200 19099447 "-" "-"
89.161.206.59 - - [12/Mar/2025:08:31:23 +0100] "GET /Jurek/benetech/feeds/benetech_amazonit.xml HTTP/1.0" 200 4165298 "-" "-"
89.161.206.59 - - [12/Mar/2025:08:31:23 +0100] "GET /Jurek/benetech/feeds/benetech_amazones.xml HTTP/1.0" 200 4165301 "-" "-"
89.161.206.59 - - [12/Mar/2025:08:31:26 +0100] "GET /Jurek/kobi/feeds/kobi_amazonnl.xml HTTP/1.0" 200 677204 "-" "-"
89.161.206.59 - - [12/Mar/2025:08:31:26 +0100] "GET /Jurek/kobi/feeds/kobi_amazonse.xml HTTP/1.0" 200 677373 "-" "-"
89.161.206.59 - - [12/Mar/2025:08:31:26 +0100] "GET /Jurek/kobi/feeds/kobi_amazonbe.xml HTTP/1.0" 200 677187 "-" "-"
46.101.116.244 - - [12/Mar/2025:08:31:42 +0100] "GET /Jurek/kokiska/feeds/kokiska_allegro.xml HTTP/1.0" 200 11887902 "-" "-"
46.101.116.244 - - [12/Mar/2025:08:31:43 +0100] "GET /Jurek/aw/feeds/aw_fnacfr.xml HTTP/1.0" 404 3551 "-" "-"
46.101.116.244 - - [12/Mar/2025:08:31:45 +0100] "GET /Jurek/vivaldi/feeds/vivaldi_allegro.xml HTTP/1.0" 200 344685 "-" "-"
193.33.8.61 - - [12/Mar/2025:08:32:13 +0100] "GET /Jurek/najtanszysport/feeds/najtanszysport_bol.xml HTTP/2.0" 200 3982952 "https://konsola.dkkapusta1997.usermd.net/" "Mozilla/5.0 (Windows NT 10.0; Win64; x64) AppleWebKit/537.36 (KHTML, like Gecko) Chrome/134.0.0.0 Safari/537.36"
77.79.248.229 - - [12/Mar/2025:08:32:16 +0100] "GET /Jurek/najtanszysport/feeds/najtanszysport_bol.xml HTTP/1.1" 200 3982952 "-" "Python-urllib/3.11"
46.101.116.244 - - [12/Mar/2025:08:32:19 +0100] "GET /Filip/feeds/xlsx_ceneo.xml HTTP/1.0" 200 6241376 "-" "-"
193.33.8.61 - - [12/Mar/2025:08:32:24 +0100] "GET /Jurek/kristronik/feeds/kristronik_bol.xml HTTP/2.0" 200 7230191 "https://konsola.dkkapusta1997.usermd.net/" "Mozilla/5.0 (Windows NT 10.0; Win64; x64) AppleWebKit/537.36 (KHTML, like Gecko) Chrome/134.0.0.0 Safari/537.36"
77.79.248.229 - - [12/Mar/2025:08:32:30 +0100] "GET /Jurek/kristronik/feeds/kristronik_bol.xml HTTP/1.1" 200 7230191 "-" "Python-urllib/3.11"
193.33.8.61 - - [12/Mar/2025:08:32:40 +0100] "GET /Jurek/oromed/feeds/oromed_BOL.xml HTTP/2.0" 200 913636 "https://konsola.dkkapusta1997.usermd.net/" "Mozilla/5.0 (Windows NT 10.0; Win64; x64) AppleWebKit/537.36 (KHTML, like Gecko) Chrome/134.0.0.0 Safari/537.36"
77.79.248.229 - - [12/Mar/2025:08:32:46 +0100] "GET /Jurek/oromed/feeds/oromed_BOL.xml HTTP/1.1" 200 913636 "-" "Python-urllib/3.11"
193.33.8.61 - - [12/Mar/2025:08:32:58 +0100] "GET /Jurek/ekuchcikowo/feeds/ekuchcikowo_bol.xml HTTP/2.0" 200 12828672 "https://konsola.dkkapusta1997.usermd.net/" "Mozilla/5.0 (Windows NT 10.0; Win64; x64) AppleWebKit/537.36 (KHTML, like Gecko) Chrome/134.0.0.0 Safari/537.36"
77.79.248.229 - - [12/Mar/2025:08:33:00 +0100] "GET /Jurek/ekuchcikowo/feeds/ekuchcikowo_bol.xml HTTP/1.1" 200 13523932 "-" "Python-urllib/3.11"
193.33.8.61 - - [12/Mar/2025:08:33:05 +0100] "GET /Jurek/matkam/feeds/matkam_bol.xml HTTP/2.0" 200 5001191 "https://konsola.dkkapusta1997.usermd.net/" "Mozilla/5.0 (Windows NT 10.0; Win64; x64) AppleWebKit/537.36 (KHTML, like Gecko) Chrome/134.0.0.0 Safari/537.36"
77.79.248.229 - - [12/Mar/2025:08:33:13 +0100] "GET /Jurek/matkam/feeds/matkam_bol.xml HTTP/1.1" 200 5001191 "-" "Python-urllib/3.11"
193.33.8.61 - - [12/Mar/2025:08:33:24 +0100] "GET /Jurek/sportprise/feeds/sportprise_bol.xml HTTP/2.0" 200 12725418 "https://konsola.dkkapusta1997.usermd.net/" "Mozilla/5.0 (Windows NT 10.0; Win64; x64) AppleWebKit/537.36 (KHTML, like Gecko) Chrome/134.0.0.0 Safari/537.36"
77.79.248.229 - - [12/Mar/2025:08:33:33 +0100] "GET /Jurek/sportprise/feeds/sportprise_bol.xml HTTP/1.1" 200 12725418 "-" "Python-urllib/3.11"
46.101.116.244 - - [12/Mar/2025:08:33:34 +0100] "GET /Jurek/activeshop/feeds/activeshop_mallhu.xml HTTP/2.0" 200 10416197 "-" "-"
193.33.8.61 - - [12/Mar/2025:08:33:43 +0100] "GET /Jurek/hurtmeblowy/feeds/hurtmeblowy_bol.xml HTTP/2.0" 200 8099824 "https://konsola.dkkapusta1997.usermd.net/" "Mozilla/5.0 (Windows NT 10.0; Win64; x64) AppleWebKit/537.36 (KHTML, like Gecko) Chrome/134.0.0.0 Safari/537.36"
77.79.248.229 - - [12/Mar/2025:08:33:49 +0100] "GET /Jurek/hurtmeblowy/feeds/hurtmeblowy_bol.xml HTTP/1.1" 200 8099824 "-" "Python-urllib/3.11"
52.209.168.113 - - [12/Mar/2025:08:33:57 +0100] "GET /marketplaces/worten2/results/worten.csv HTTP/1.1" 200 147217 "-" "Mirakl HttpClient"
46.101.116.244 - - [12/Mar/2025:08:34:20 +0100] "GET /Jurek/action/feeds/action_mallhugs.xml HTTP/2.0" 200 56416452 "-" "-"
46.101.116.244 - - [12/Mar/2025:08:34:37 +0100] "GET /Jurek/b3/feeds/b3_mallhugs.xml HTTP/2.0" 200 7392059 "-" "-"
46.101.116.244 - - [12/Mar/2025:08:34:48 +0100] "GET /Jurek/benbaby/feeds/benbaby_mallhugs.xml HTTP/2.0" 200 3709472 "-" "-"
46.101.116.244 - - [12/Mar/2025:08:34:59 +0100] "GET /Jurek/emibig/feeds/emibig_mallhugs.xml HTTP/2.0" 200 2530908 "-" "-"
193.33.8.61 - - [12/Mar/2025:08:35:06 +0100] "GET /Jurek/sempler/feeds/sempler_BOL.xml HTTP/2.0" 200 6787912 "https://konsola.dkkapusta1997.usermd.net/" "Mozilla/5.0 (Windows NT 10.0; Win64; x64) AppleWebKit/537.36 (KHTML, like Gecko) Chrome/134.0.0.0 Safari/537.36"
46.101.116.244 - - [12/Mar/2025:08:35:10 +0100] "GET /Jurek/hurtownia_przemyslowa/feeds/hp_mallhugs.xml HTTP/2.0" 200 49398589 "-" "-"
77.79.248.229 - - [12/Mar/2025:08:35:11 +0100] "GET /Jurek/sempler/feeds/sempler_BOL.xml HTTP/1.1" 200 6787912 "-" "Python-urllib/3.11"
193.33.8.61 - - [12/Mar/2025:08:35:38 +0100] "GET /Jurek/pupus/feeds/pupus_bol.xml HTTP/2.0" 200 6154713 "https://konsola.dkkapusta1997.usermd.net/" "Mozilla/5.0 (Windows NT 10.0; Win64; x64) AppleWebKit/537.36 (KHTML, like Gecko) Chrome/134.0.0.0 Safari/537.36"
77.79.248.229 - - [12/Mar/2025:08:35:42 +0100] "GET /Jurek/pupus/feeds/pupus_bol.xml HTTP/1.1" 200 6154713 "-" "Python-urllib/3.11"
193.33.8.61 - - [12/Mar/2025:08:35:52 +0100] "GET /Jurek/waks/feeds/waks_bol.xml HTTP/2.0" 200 1592424 "https://konsola.dkkapusta1997.usermd.net/" "Mozilla/5.0 (Windows NT 10.0; Win64; x64) AppleWebKit/537.36 (KHTML, like Gecko) Chrome/134.0.0.0 Safari/537.36"
77.79.248.229 - - [12/Mar/2025:08:35:58 +0100] "GET /Jurek/waks/feeds/waks_bol.xml HTTP/1.1" 200 1592424 "-" "Python-urllib/3.11"
89.161.206.59 - - [12/Mar/2025:08:36:08 +0100] "GET /Jurek/hurtownia_przemyslowa/feeds/hp_cdiscount.xml HTTP/1.0" 200 43677978 "-" "-"
46.101.116.244 - - [12/Mar/2025:08:36:08 +0100] "GET /Jurek/kinghoff/feeds/kinghoff_mallhu.xml HTTP/2.0" 200 15142867 "-" "-"
193.33.8.61 - - [12/Mar/2025:08:36:11 +0100] "GET /Jurek/bass_new/feeds/bass_bol.xml HTTP/2.0" 200 7040922 "https://konsola.dkkapusta1997.usermd.net/" "Mozilla/5.0 (Windows NT 10.0; Win64; x64) AppleWebKit/537.36 (KHTML, like Gecko) Chrome/134.0.0.0 Safari/537.36"
46.101.116.244 - - [12/Mar/2025:08:36:14 +0100] "GET /Jurek/aw/feeds/aw_fnacfr.xml HTTP/1.0" 404 3551 "-" "-"
77.79.248.229 - - [12/Mar/2025:08:36:14 +0100] "GET /Jurek/bass_new/feeds/bass_bol.xml HTTP/1.1" 200 7040922 "-" "Python-urllib/3.11"
46.101.116.244 - - [12/Mar/2025:08:36:21 +0100] "GET /Jurek/fernity/feeds/fernity_mallhu.xml HTTP/2.0" 200 5234128 "-" "-"
193.33.8.61 - - [12/Mar/2025:08:36:25 +0100] "GET /Jurek/rider/feeds/rider_bol.xml HTTP/2.0" 200 8165130 "https://konsola.dkkapusta1997.usermd.net/" "Mozilla/5.0 (Windows NT 10.0; Win64; x64) AppleWebKit/537.36 (KHTML, like Gecko) Chrome/134.0.0.0 Safari/537.36"
89.161.206.59 - - [12/Mar/2025:08:36:29 +0100] "GET /Jurek/bass/feeds/bass_amazonfr.xml HTTP/1.0" 200 3985900 "-" "-"
46.101.116.244 - - [12/Mar/2025:08:36:33 +0100] "GET /Jurek/beliani/feeds/beliani_hu.xml HTTP/2.0" 200 42390412 "-" "-"
77.79.248.229 - - [12/Mar/2025:08:36:39 +0100] "GET /Jurek/rider/feeds/rider_bol.xml HTTP/1.1" 200 8165130 "-" "Python-urllib/3.11"
46.101.116.244 - - [12/Mar/2025:08:36:48 +0100] "GET /Filip/feeds/xlsx_ceneo.xml HTTP/1.0" 200 6241376 "-" "-"
46.101.116.244 - - [12/Mar/2025:08:36:51 +0100] "GET /Jurek/detian/feeds/detian_mallhu.xml HTTP/2.0" 404 3551 "-" "-"
46.101.116.244 - - [12/Mar/2025:08:37:01 +0100] "GET /Jurek/flhf/feeds/flhf_mallsi.xml HTTP/2.0" 404 3551 "-" "-"
193.33.8.61 - - [12/Mar/2025:08:37:01 +0100] "GET /Jurek/roger/feeds/roger_bol.xml HTTP/2.0" 200 1396541 "https://konsola.dkkapusta1997.usermd.net/" "Mozilla/5.0 (Windows NT 10.0; Win64; x64) AppleWebKit/537.36 (KHTML, like Gecko) Chrome/134.0.0.0 Safari/537.36"
77.79.248.229 - - [12/Mar/2025:08:37:09 +0100] "GET /Jurek/roger/feeds/roger_bol.xml HTTP/1.1" 200 1396541 "-" "Python-urllib/3.11"
193.33.8.61 - - [12/Mar/2025:08:37:20 +0100] "GET /Jurek/motofan/feeds/motofan_bol.xml HTTP/2.0" 200 2392160 "https://konsola.dkkapusta1997.usermd.net/" "Mozilla/5.0 (Windows NT 10.0; Win64; x64) AppleWebKit/537.36 (KHTML, like Gecko) Chrome/134.0.0.0 Safari/537.36"
77.79.248.229 - - [12/Mar/2025:08:37:24 +0100] "GET /Jurek/motofan/feeds/motofan_bol.xml HTTP/1.1" 200 2392160 "-" "Python-urllib/3.11"
