193.33.8.61 - - [12/Mar/2025:08:37:34 +0100] "GET /Jurek/playcob/feeds/playcob_bol.xml HTTP/2.0" 200 6980087 "https://konsola.dkkapusta1997.usermd.net/" "Mozilla/5.0 (Windows NT 10.0; Win64; x64) AppleWebKit/537.36 (KHTML, like Gecko) Chrome/134.0.0.0 Safari/537.36"
77.79.248.229 - - [12/Mar/2025:08:37:44 +0100] "GET /Jurek/playcob/feeds/playcob_bol.xml HTTP/1.1" 200 6980087 "-" "Python-urllib/3.11"
77.79.248.229 - - [12/Mar/2025:08:37:47 +0100] "GET /Jurek/hurtownia_przemyslowa/feeds/hp_zero.xml HTTP/1.1" 200 49359103 "-" "Python-urllib/3.11"
193.33.8.61 - - [12/Mar/2025:08:37:56 +0100] "GET /Jurek/eoptimo/feeds/eoptimo_bol.xml HTTP/2.0" 200 2094364 "https://konsola.dkkapusta1997.usermd.net/" "Mozilla/5.0 (Windows NT 10.0; Win64; x64) AppleWebKit/537.36 (KHTML, like Gecko) Chrome/134.0.0.0 Safari/537.36"
77.79.248.229 - - [12/Mar/2025:08:38:02 +0100] "GET /Jurek/eoptimo/feeds/eoptimo_bol.xml HTTP/1.1" 200 2094364 "-" "Python-urllib/3.11"
193.33.8.61 - - [12/Mar/2025:08:38:11 +0100] "GET /Jurek/hurtownia_przemyslowa/feeds/hp_zero.xml HTTP/2.0" 200 49359103 "https://konsola.dkkapusta1997.usermd.net/" "Mozilla/5.0 (Windows NT 10.0; Win64; x64) AppleWebKit/537.36 (KHTML, like Gecko) Chrome/134.0.0.0 Safari/537.36"
193.33.8.61 - - [12/Mar/2025:08:39:34 +0100] "GET /Jurek/elavia/feeds/elavia_bol.xml HTTP/2.0" 200 2497259 "https://konsola.dkkapusta1997.usermd.net/" "Mozilla/5.0 (Windows NT 10.0; Win64; x64) AppleWebKit/537.36 (KHTML, like Gecko) Chrome/134.0.0.0 Safari/537.36"
66.249.64.165 - - [12/Mar/2025:08:39:37 +0100] "GET /Jurek/eurofirany/images/383166/3.jpg HTTP/1.1" 200 6595 "-" "Googlebot-Image/1.0"
77.79.248.229 - - [12/Mar/2025:08:39:38 +0100] "GET /Jurek/elavia/feeds/elavia_bol.xml HTTP/1.1" 200 2497259 "-" "Python-urllib/3.11"
193.33.8.61 - - [12/Mar/2025:08:39:45 +0100] "GET /Jurek/livinhill/feeds/livinhill_bol.xml HTTP/2.0" 200 1421751 "https://konsola.dkkapusta1997.usermd.net/" "Mozilla/5.0 (Windows NT 10.0; Win64; x64) AppleWebKit/537.36 (KHTML, like Gecko) Chrome/134.0.0.0 Safari/537.36"
77.79.248.229 - - [12/Mar/2025:08:39:52 +0100] "GET /Jurek/livinhill/feeds/livinhill_bol.xml HTTP/1.1" 200 1421751 "-" "Python-urllib/3.11"
46.101.116.244 - - [12/Mar/2025:08:40:00 +0100] "GET /Jurek/topeshop/feeds/topeshop_skr.xml HTTP/1.0" 200 2475028 "-" "-"
193.33.8.61 - - [12/Mar/2025:08:40:00 +0100] "GET /Jurek/smxdesign/feeds/smxdesign_bol.xml HTTP/2.0" 200 1829092 "https://konsola.dkkapusta1997.usermd.net/" "Mozilla/5.0 (Windows NT 10.0; Win64; x64) AppleWebKit/537.36 (KHTML, like Gecko) Chrome/134.0.0.0 Safari/537.36"
77.79.248.229 - - [12/Mar/2025:08:40:05 +0100] "GET /Jurek/smxdesign/feeds/smxdesign_bol.xml HTTP/1.1" 200 1829092 "-" "Python-urllib/3.11"
193.33.8.61 - - [12/Mar/2025:08:40:13 +0100] "GET /Jurek/maksik/feeds/maksik_bol.xml HTTP/2.0" 200 4084810 "https://konsola.dkkapusta1997.usermd.net/" "Mozilla/5.0 (Windows NT 10.0; Win64; x64) AppleWebKit/537.36 (KHTML, like Gecko) Chrome/134.0.0.0 Safari/537.36"
77.79.248.229 - - [12/Mar/2025:08:40:38 +0100] "GET /Jurek/maksik/feeds/maksik_bol.xml HTTP/1.1" 200 4084810 "-" "Python-urllib/3.11"
193.33.8.61 - - [12/Mar/2025:08:40:55 +0100] "GET /Jurek/dropkz/feeds/dropkz_bol.xml HTTP/2.0" 200 11452416 "https://konsola.dkkapusta1997.usermd.net/" "Mozilla/5.0 (Windows NT 10.0; Win64; x64) AppleWebKit/537.36 (KHTML, like Gecko) Chrome/134.0.0.0 Safari/537.36"
89.161.206.59 - - [12/Mar/2025:08:40:56 +0100] "GET /Jurek/b3/feeds/b3_amazonit.xml HTTP/1.0" 200 7384387 "-" "-"
89.161.206.59 - - [12/Mar/2025:08:40:57 +0100] "GET /Jurek/eroplace/feeds/eroplace_amazonit.xml HTTP/1.0" 200 52152450 "-" "-"
77.79.248.229 - - [12/Mar/2025:08:40:58 +0100] "GET /Jurek/dropkz/feeds/dropkz_bol.xml HTTP/1.1" 200 70013260 "-" "Python-urllib/3.11"
89.161.206.59 - - [12/Mar/2025:08:41:00 +0100] "GET /Jurek/kambukka/feeds/kambukka_amazonfr.xml HTTP/1.0" 200 1043125 "-" "-"
89.161.206.59 - - [12/Mar/2025:08:41:00 +0100] "GET /Jurek/kambukka/feeds/kambukka_amazonit.xml HTTP/1.0" 200 1043135 "-" "-"
89.161.206.59 - - [12/Mar/2025:08:41:00 +0100] "GET /Jurek/kambukka/feeds/kambukka_amazonnl.xml HTTP/1.0" 200 1043130 "-" "-"
89.161.206.59 - - [12/Mar/2025:08:41:00 +0100] "GET /Jurek/kambukka/feeds/kambukka_amazonse.xml HTTP/1.0" 200 1043408 "-" "-"
89.161.206.59 - - [12/Mar/2025:08:41:01 +0100] "GET /Jurek/waks/feeds/waks_amazonit.xml HTTP/1.0" 200 1592440 "-" "-"
89.161.206.59 - - [12/Mar/2025:08:41:01 +0100] "GET /Jurek/waks/feeds/waks_amazones.xml HTTP/1.0" 200 1592474 "-" "-"
89.161.206.59 - - [12/Mar/2025:08:41:01 +0100] "GET /Jurek/waks/feeds/waks_amazonnl.xml HTTP/1.0" 200 1592435 "-" "-"
89.161.206.59 - - [12/Mar/2025:08:41:02 +0100] "GET /Jurek/hdwr/feeds/hdwr_amazonse.xml HTTP/1.0" 200 789697 "-" "-"
89.161.206.59 - - [12/Mar/2025:08:41:02 +0100] "GET /Jurek/sempler/feeds/sempler_amazonde.xml HTTP/1.0" 200 6787900 "-" "-"
89.161.206.59 - - [12/Mar/2025:08:41:02 +0100] "GET /Jurek/oromed/feeds/oromed_amazonde.xml HTTP/1.0" 200 913650 "-" "-"
89.161.206.59 - - [12/Mar/2025:08:41:04 +0100] "GET /Jurek/eroplace/feeds/eroplace_amazonfr.xml HTTP/1.0" 200 52152253 "-" "-"
193.33.8.61 - - [12/Mar/2025:08:41:11 +0100] "GET /Jurek/german/feeds/german_bol.xml HTTP/2.0" 200 4792089 "https://konsola.dkkapusta1997.usermd.net/" "Mozilla/5.0 (Windows NT 10.0; Win64; x64) AppleWebKit/537.36 (KHTML, like Gecko) Chrome/134.0.0.0 Safari/537.36"
77.79.248.229 - - [12/Mar/2025:08:41:16 +0100] "GET /Jurek/german/feeds/german_bol.xml HTTP/1.1" 200 4792089 "-" "Python-urllib/3.11"
193.33.8.61 - - [12/Mar/2025:08:41:36 +0100] "GET /Jurek/urwiskowo/feeds/urwiskowo_bol.xml HTTP/2.0" 200 9114947 "https://konsola.dkkapusta1997.usermd.net/" "Mozilla/5.0 (Windows NT 10.0; Win64; x64) AppleWebKit/537.36 (KHTML, like Gecko) Chrome/134.0.0.0 Safari/537.36"
77.79.248.229 - - [12/Mar/2025:08:41:41 +0100] "GET /Jurek/urwiskowo/feeds/urwiskowo_bol.xml HTTP/1.1" 200 9114947 "-" "Python-urllib/3.11"
89.161.206.59 - - [12/Mar/2025:08:41:42 +0100] "GET /Jurek/eroplace/feeds/eroplace_amazonde.xml HTTP/1.0" 200 52152269 "-" "-"
89.161.206.59 - - [12/Mar/2025:08:41:49 +0100] "GET /Jurek/eroplace/feeds/eroplace_amazones.xml HTTP/1.0" 200 52152269 "-" "-"
46.101.116.244 - - [12/Mar/2025:08:41:54 +0100] "GET /Jurek/aw/feeds/aw_fnacfr.xml HTTP/1.0" 404 3551 "-" "-"
193.33.8.61 - - [12/Mar/2025:08:41:54 +0100] "GET /Jurek/ekolight/feeds/ekolight_bol.xml HTTP/2.0" 200 9051489 "https://konsola.dkkapusta1997.usermd.net/" "Mozilla/5.0 (Windows NT 10.0; Win64; x64) AppleWebKit/537.36 (KHTML, like Gecko) Chrome/134.0.0.0 Safari/537.36"
193.33.8.61 - - [12/Mar/2025:08:41:55 +0100] "GET /favicon.ico HTTP/2.0" 404 3551 "https://dkkapusta1997.usermd.net/Jurek/eany/" "Mozilla/5.0 (Windows NT 10.0; Win64; x64) AppleWebKit/537.36 (KHTML, like Gecko) Chrome/134.0.0.0 Safari/537.36"
89.161.206.59 - - [12/Mar/2025:08:41:55 +0100] "GET /Jurek/b3/feeds/b3_amazonnl.xml HTTP/1.0" 200 7384230 "-" "-"
89.161.206.59 - - [12/Mar/2025:08:41:57 +0100] "GET /Jurek/b3/feeds/b3_amazonfr.xml HTTP/1.0" 200 7384250 "-" "-"
89.161.206.59 - - [12/Mar/2025:08:41:57 +0100] "GET /Jurek/ralmetal/feeds/ralmetal_amazonde.xml HTTP/1.0" 200 1808589 "-" "-"
89.161.206.59 - - [12/Mar/2025:08:41:58 +0100] "GET /Jurek/b3/feeds/b3_amazonse.xml HTTP/1.0" 200 7387473 "-" "-"
89.161.206.59 - - [12/Mar/2025:08:41:59 +0100] "GET /Jurek/ralmetal/feeds/ralmetal_amazonfr.xml HTTP/1.0" 200 1808610 "-" "-"
77.79.248.229 - - [12/Mar/2025:08:42:01 +0100] "GET /Jurek/ekolight/feeds/ekolight_bol.xml HTTP/1.1" 200 9051489 "-" "Python-urllib/3.11"
193.33.8.61 - - [12/Mar/2025:08:42:12 +0100] "GET /Jurek/spali/feeds/spali_bol.xml HTTP/2.0" 200 77056 "https://konsola.dkkapusta1997.usermd.net/" "Mozilla/5.0 (Windows NT 10.0; Win64; x64) AppleWebKit/537.36 (KHTML, like Gecko) Chrome/134.0.0.0 Safari/537.36"
77.79.248.229 - - [12/Mar/2025:08:42:23 +0100] "GET /Jurek/spali/feeds/spali_bol.xml HTTP/1.1" 200 77056 "-" "Python-urllib/3.11"
193.33.8.61 - - [12/Mar/2025:08:42:31 +0100] "GET /Jurek/combine/feeds/combine_bol.xml HTTP/2.0" 200 210558 "https://konsola.dkkapusta1997.usermd.net/" "Mozilla/5.0 (Windows NT 10.0; Win64; x64) AppleWebKit/537.36 (KHTML, like Gecko) Chrome/134.0.0.0 Safari/537.36"
77.79.248.229 - - [12/Mar/2025:08:42:43 +0100] "GET /Jurek/combine/feeds/combine_bol.xml HTTP/1.1" 200 210558 "-" "Python-urllib/3.11"
46.101.116.244 - - [12/Mar/2025:08:42:43 +0100] "GET /Filip/feeds/xlsx_ceneo.xml HTTP/1.0" 200 6241376 "-" "-"
193.33.8.61 - - [12/Mar/2025:08:42:49 +0100] "GET /Jurek/galopi/feeds/galopi_bol.xml HTTP/2.0" 200 2111105 "https://konsola.dkkapusta1997.usermd.net/" "Mozilla/5.0 (Windows NT 10.0; Win64; x64) AppleWebKit/537.36 (KHTML, like Gecko) Chrome/134.0.0.0 Safari/537.36"
46.101.116.244 - - [12/Mar/2025:08:43:03 +0100] "GET /Jurek/fernity/feeds/fernity_manomano.xml HTTP/1.0" 200 5224941 "-" "-"
46.101.116.244 - - [12/Mar/2025:08:43:08 +0100] "GET /Jurek/eurofirany/feeds/eurofirany_ceneo.xml HTTP/1.0" 200 19085436 "-" "-"
185.6.76.166 - - [12/Mar/2025:08:43:43 +0100] "GET /Jurek/eurofirany/images/468072/0.jpg HTTP/1.1" 200 159939 "-" "Skroutz ImageBot v1"
77.79.248.229 - - [12/Mar/2025:08:43:50 +0100] "GET /Jurek/galopi/feeds/galopi_bol.xml HTTP/1.1" 200 2111105 "-" "Python-urllib/3.11"
193.33.8.61 - - [12/Mar/2025:08:43:58 +0100] "GET /Jurek/shiori/feeds/shiori_bol.xml HTTP/2.0" 200 453644 "https://konsola.dkkapusta1997.usermd.net/" "Mozilla/5.0 (Windows NT 10.0; Win64; x64) AppleWebKit/537.36 (KHTML, like Gecko) Chrome/134.0.0.0 Safari/537.36"
77.79.248.229 - - [12/Mar/2025:08:44:04 +0100] "GET /Jurek/shiori/feeds/shiori_bol.xml HTTP/1.1" 200 453644 "-" "Python-urllib/3.11"
193.33.8.61 - - [12/Mar/2025:08:44:11 +0100] "GET /Jurek/cdata/feeds/cdata_bol.xml HTTP/2.0" 200 1445048 "https://konsola.dkkapusta1997.usermd.net/" "Mozilla/5.0 (Windows NT 10.0; Win64; x64) AppleWebKit/537.36 (KHTML, like Gecko) Chrome/134.0.0.0 Safari/537.36"
77.79.248.229 - - [12/Mar/2025:08:44:17 +0100] "GET /Jurek/cdata/feeds/cdata_bol.xml HTTP/1.1" 200 1445048 "-" "Python-urllib/3.11"
193.33.8.61 - - [12/Mar/2025:08:44:23 +0100] "GET /Jurek/princelh/feeds/princelh_bol.xml HTTP/2.0" 200 133439 "https://konsola.dkkapusta1997.usermd.net/" "Mozilla/5.0 (Windows NT 10.0; Win64; x64) AppleWebKit/537.36 (KHTML, like Gecko) Chrome/134.0.0.0 Safari/537.36"
77.79.248.229 - - [12/Mar/2025:08:44:29 +0100] "GET /Jurek/princelh/feeds/princelh_bol.xml HTTP/1.1" 200 133439 "-" "Python-urllib/3.11"
193.33.8.61 - - [12/Mar/2025:08:44:37 +0100] "GET /Jurek/zbimatyja/feeds/zbimatyja_bol.xml HTTP/2.0" 200 11670155 "https://konsola.dkkapusta1997.usermd.net/" "Mozilla/5.0 (Windows NT 10.0; Win64; x64) AppleWebKit/537.36 (KHTML, like Gecko) Chrome/134.0.0.0 Safari/537.36"
77.79.248.229 - - [12/Mar/2025:08:44:48 +0100] "GET /Jurek/zbimatyja/feeds/zbimatyja_bol.xml HTTP/1.1" 200 11670155 "-" "Python-urllib/3.11"
193.33.8.61 - - [12/Mar/2025:08:45:25 +0100] "GET /Jurek/broers/feeds/broers_bol.xml HTTP/2.0" 200 1982485 "https://konsola.dkkapusta1997.usermd.net/" "Mozilla/5.0 (Windows NT 10.0; Win64; x64) AppleWebKit/537.36 (KHTML, like Gecko) Chrome/134.0.0.0 Safari/537.36"
77.79.248.229 - - [12/Mar/2025:08:45:35 +0100] "GET /Jurek/broers/feeds/broers_bol.xml HTTP/1.1" 200 1982485 "-" "Python-urllib/3.11"
193.33.8.61 - - [12/Mar/2025:08:45:57 +0100] "GET /Jurek/primohurt/feeds/primohurt_bol.xml HTTP/2.0" 200 10305536 "https://konsola.dkkapusta1997.usermd.net/" "Mozilla/5.0 (Windows NT 10.0; Win64; x64) AppleWebKit/537.36 (KHTML, like Gecko) Chrome/134.0.0.0 Safari/537.36"
77.79.248.229 - - [12/Mar/2025:08:46:00 +0100] "GET /Jurek/primohurt/feeds/primohurt_bol.xml HTTP/1.1" 200 17187053 "-" "Python-urllib/3.11"
46.101.116.244 - - [12/Mar/2025:08:46:05 +0100] "GET /Jurek/aw/feeds/aw_fnacfr.xml HTTP/1.0" 404 3551 "-" "-"
193.33.8.61 - - [12/Mar/2025:08:46:14 +0100] "GET /Jurek/sklep24amk/feeds/sklep24amk_bol.xml HTTP/2.0" 200 3894551 "https://konsola.dkkapusta1997.usermd.net/" "Mozilla/5.0 (Windows NT 10.0; Win64; x64) AppleWebKit/537.36 (KHTML, like Gecko) Chrome/134.0.0.0 Safari/537.36"
77.79.248.229 - - [12/Mar/2025:08:46:23 +0100] "GET /Jurek/sklep24amk/feeds/sklep24amk_bol.xml HTTP/1.1" 200 3894551 "-" "Python-urllib/3.11"
193.33.8.61 - - [12/Mar/2025:08:46:29 +0100] "GET /Jurek/oknobest/feeds/oknobest_bol.xml HTTP/2.0" 200 2708543 "https://konsola.dkkapusta1997.usermd.net/" "Mozilla/5.0 (Windows NT 10.0; Win64; x64) AppleWebKit/537.36 (KHTML, like Gecko) Chrome/134.0.0.0 Safari/537.36"
77.79.248.229 - - [12/Mar/2025:08:46:35 +0100] "GET /Jurek/oknobest/feeds/oknobest_bol.xml HTTP/1.1" 200 2708543 "-" "Python-urllib/3.11"
193.33.8.61 - - [12/Mar/2025:08:46:47 +0100] "GET /Jurek/eurofirany/feeds/eurofirany_bol.xml HTTP/2.0" 200 18890752 "https://konsola.dkkapusta1997.usermd.net/" "Mozilla/5.0 (Windows NT 10.0; Win64; x64) AppleWebKit/537.36 (KHTML, like Gecko) Chrome/134.0.0.0 Safari/537.36"
77.79.248.229 - - [12/Mar/2025:08:46:49 +0100] "GET /Jurek/eurofirany/feeds/eurofirany_bol.xml HTTP/1.1" 200 19081832 "-" "Python-urllib/3.11"
46.101.116.244 - - [12/Mar/2025:08:46:55 +0100] "GET /Filip/feeds/xlsx_ceneo.xml HTTP/1.0" 200 6241376 "-" "-"
193.33.8.61 - - [12/Mar/2025:08:46:59 +0100] "GET /Jurek/kobi/feeds/kobi_bol.xml HTTP/2.0" 304 0 "https://konsola.dkkapusta1997.usermd.net/" "Mozilla/5.0 (Windows NT 10.0; Win64; x64) AppleWebKit/537.36 (KHTML, like Gecko) Chrome/134.0.0.0 Safari/537.36"
77.79.248.229 - - [12/Mar/2025:08:47:08 +0100] "GET /Jurek/kobi/feeds/kobi_bol.xml HTTP/1.1" 200 1993247 "-" "Python-urllib/3.11"
62.146.215.33 - - [12/Mar/2025:08:47:14 +0100] "GET /Jurek/eurofirany/images/383470/0.jpg HTTP/2.0" 304 0 "-" "billigerbot/1.0"
3.66.117.228 - - [12/Mar/2025:08:50:49 +0100] "GET /Filip/zalando/zalando-logo.jpg HTTP/2.0" 200 5121 "-" "Mozilla/5.0 (Windows NT 6.3; Trident/7.0; rv:11.0) like Gecko"
3.66.179.55 - - [12/Mar/2025:08:50:57 +0100] "GET /Filip/zalando/zalando-logo.jpg HTTP/2.0" 200 5121 "-" "Mozilla/5.0 (Windows NT 6.3; Trident/7.0; rv:11.0) like Gecko"
46.101.116.244 - - [12/Mar/2025:08:51:15 +0100] "GET /Jurek/aw/feeds/aw_fnacfr.xml HTTP/1.0" 404 3551 "-" "-"
89.161.206.59 - - [12/Mar/2025:08:51:23 +0100] "GET /Jurek/ralmetal/feeds/ralmetal_amazonit.xml HTTP/1.0" 200 1808562 "-" "-"
89.161.206.59 - - [12/Mar/2025:08:51:23 +0100] "GET /Jurek/ralmetal/feeds/ralmetal_amazonnl.xml HTTP/1.0" 200 1808586 "-" "-"
89.161.206.59 - - [12/Mar/2025:08:51:24 +0100] "GET /Jurek/ralmetal/feeds/ralmetal_amazones.xml HTTP/1.0" 200 1808547 "-" "-"
89.161.206.59 - - [12/Mar/2025:08:51:26 +0100] "GET /Jurek/combine/feeds/combine_amazonde.xml HTTP/1.0" 200 210557 "-" "-"
89.161.206.59 - - [12/Mar/2025:08:51:31 +0100] "GET /Jurek/benetech/feeds/benetech_amazonfr.xml HTTP/1.0" 200 4165301 "-" "-"
89.161.206.59 - - [12/Mar/2025:08:51:31 +0100] "GET /Jurek/benetech/feeds/benetech_amazonse.xml HTTP/1.0" 200 4165692 "-" "-"
89.161.206.59 - - [12/Mar/2025:08:51:32 +0100] "GET /Jurek/dekoele/feeds/dekoele_amazonde.xml HTTP/1.0" 200 733939 "-" "-"
89.161.206.59 - - [12/Mar/2025:08:51:32 +0100] "GET /Jurek/dekoele/feeds/dekoele_amazonit.xml HTTP/1.0" 200 733933 "-" "-"
89.161.206.59 - - [12/Mar/2025:08:51:33 +0100] "GET /Jurek/dekoele/feeds/dekoele_amazonfr.xml HTTP/1.0" 200 733933 "-" "-"
89.161.206.59 - - [12/Mar/2025:08:51:33 +0100] "GET /Jurek/dekoele/feeds/dekoele_amazones.xml HTTP/1.0" 200 733940 "-" "-"
89.161.206.59 - - [12/Mar/2025:08:51:33 +0100] "GET /Jurek/dekoele/feeds/dekoele_amazonnl.xml HTTP/1.0" 200 733934 "-" "-"
89.161.206.59 - - [12/Mar/2025:08:51:33 +0100] "GET /Jurek/dekoele/feeds/dekoele_amazonse.xml HTTP/1.0" 200 734010 "-" "-"
89.161.206.59 - - [12/Mar/2025:08:51:33 +0100] "GET /Jurek/dekoele/feeds/dekoele_amazonbe.xml HTTP/1.0" 200 733933 "-" "-"
46.101.116.244 - - [12/Mar/2025:08:52:03 +0100] "GET /Filip/feeds/xlsx_ceneo.xml HTTP/1.0" 200 6241376 "-" "-"
77.79.248.229 - - [12/Mar/2025:08:52:14 +0100] "GET /Jurek/kristronik/feeds/kristronik_cdon_dk.xml HTTP/1.1" 200 7231376 "-" "Python-urllib/3.11"
3.66.179.55 - - [12/Mar/2025:08:52:18 +0100] "GET /Filip/zalando/zalando-logo.jpg HTTP/2.0" 200 5121 "-" "Mozilla/5.0 (Windows NT 6.3; Trident/7.0; rv:11.0) like Gecko"
3.66.117.228 - - [12/Mar/2025:08:52:26 +0100] "GET /Filip/zalando/zalando-logo.jpg HTTP/2.0" 200 5121 "-" "Mozilla/5.0 (Windows NT 6.3; Trident/7.0; rv:11.0) like Gecko"
77.79.248.229 - - [12/Mar/2025:08:54:52 +0100] "GET /Jurek/kristronik/feeds/kristronik_cdon_fi.xml HTTP/1.1" 200 7230201 "-" "Python-urllib/3.11"
89.161.206.59 - - [12/Mar/2025:08:54:56 +0100] "GET /Jurek/hurtmeblowy/feeds/hurtmeblowy_ebay.xml HTTP/1.0" 200 5492870 "-" "-"
46.101.116.244 - - [12/Mar/2025:08:54:58 +0100] "GET /Jurek/vida_morele/feeds/vidaPL_velomarket_category4.xml HTTP/1.0" 200 52781453 "-" "-"
46.101.116.244 - - [12/Mar/2025:08:56:42 +0100] "GET /Jurek/aw/feeds/aw_fnacfr.xml HTTP/1.0" 404 3551 "-" "-"
79.115.136.107 - - [12/Mar/2025:08:56:46 +0100] "GET /Jurek/eurofirany/images/406483/1.jpg HTTP/2.0" 200 50503 "https://content.emag.network/" "Mozilla/5.0 (Windows NT 10.0; Win64; x64) AppleWebKit/537.36 (KHTML, like Gecko) Chrome/134.0.0.0 Safari/537.36"
79.115.136.107 - - [12/Mar/2025:08:56:46 +0100] "GET /Jurek/eurofirany/images/406483/2.jpg HTTP/2.0" 200 33011 "https://content.emag.network/" "Mozilla/5.0 (Windows NT 10.0; Win64; x64) AppleWebKit/537.36 (KHTML, like Gecko) Chrome/134.0.0.0 Safari/537.36"
79.115.136.107 - - [12/Mar/2025:08:56:46 +0100] "GET /Jurek/eurofirany/images/406483/3.jpg HTTP/2.0" 200 97219 "https://content.emag.network/" "Mozilla/5.0 (Windows NT 10.0; Win64; x64) AppleWebKit/537.36 (KHTML, like Gecko) Chrome/134.0.0.0 Safari/537.36"
79.115.136.107 - - [12/Mar/2025:08:56:46 +0100] "GET /Jurek/eurofirany/images/406483/4.jpg HTTP/2.0" 200 193432 "https://content.emag.network/" "Mozilla/5.0 (Windows NT 10.0; Win64; x64) AppleWebKit/537.36 (KHTML, like Gecko) Chrome/134.0.0.0 Safari/537.36"
79.115.136.107 - - [12/Mar/2025:08:56:47 +0100] "GET /Jurek/eurofirany/images/406483/5.jpg HTTP/2.0" 200 96203 "https://content.emag.network/" "Mozilla/5.0 (Windows NT 10.0; Win64; x64) AppleWebKit/537.36 (KHTML, like Gecko) Chrome/134.0.0.0 Safari/537.36"
79.115.136.107 - - [12/Mar/2025:08:56:47 +0100] "GET /Jurek/eurofirany/images/406483/6.jpg HTTP/2.0" 200 54908 "https://content.emag.network/" "Mozilla/5.0 (Windows NT 10.0; Win64; x64) AppleWebKit/537.36 (KHTML, like Gecko) Chrome/134.0.0.0 Safari/537.36"
79.115.136.107 - - [12/Mar/2025:08:56:48 +0100] "GET /Jurek/eurofirany/images/406483/7.jpg HTTP/2.0" 200 141705 "https://content.emag.network/" "Mozilla/5.0 (Windows NT 10.0; Win64; x64) AppleWebKit/537.36 (KHTML, like Gecko) Chrome/134.0.0.0 Safari/537.36"
79.115.136.107 - - [12/Mar/2025:08:56:48 +0100] "GET /Jurek/eurofirany/images/406483/8.jpg HTTP/2.0" 200 125950 "https://content.emag.network/" "Mozilla/5.0 (Windows NT 10.0; Win64; x64) AppleWebKit/537.36 (KHTML, like Gecko) Chrome/134.0.0.0 Safari/537.36"
46.101.116.244 - - [12/Mar/2025:08:57:15 +0100] "GET /Filip/feeds/xlsx_ceneo.xml HTTP/1.0" 200 6241376 "-" "-"
46.101.116.244 - - [12/Mar/2025:08:58:08 +0100] "GET /Jurek/vida_morele/feeds/vidaPL_velomarket.xml HTTP/1.0" 200 698417457 "-" "-"
66.249.64.165 - - [12/Mar/2025:08:59:26 +0100] "GET /Jurek/eurofirany/images/383466/4.jpg HTTP/1.1" 200 6595 "-" "Googlebot-Image/1.0"
89.161.206.59 - - [12/Mar/2025:08:59:26 +0100] "GET /Jurek/sempler/feeds/sempler_amazonfr.xml HTTP/1.0" 200 6787971 "-" "-"
89.161.206.59 - - [12/Mar/2025:09:00:08 +0100] "GET /Jurek/artdog/feeds/artdog_amazonde.xml HTTP/1.0" 200 17158194 "-" "-"
89.161.206.59 - - [12/Mar/2025:09:00:09 +0100] "GET /Jurek/pawonik/feeds/pawonik_amazonde.xml HTTP/1.0" 200 2586120 "-" "-"
89.161.206.59 - - [12/Mar/2025:09:00:10 +0100] "GET /Jurek/b3/feeds/b3_amazonde.xml HTTP/1.0" 200 7384437 "-" "-"
89.161.206.59 - - [12/Mar/2025:09:00:13 +0100] "GET /Jurek/sempler/feeds/sempler_amazonit.xml HTTP/1.0" 200 6788010 "-" "-"
89.161.206.59 - - [12/Mar/2025:09:00:14 +0100] "GET /Jurek/sempler/feeds/sempler_amazonnl.xml HTTP/1.0" 200 6787949 "-" "-"
37.225.52.188 - - [12/Mar/2025:09:00:21 +0100] "GET /Jurek/eany/ HTTP/2.0" 200 634 "https://serwer1694120.home.pl/" "Mozilla/5.0 (Windows NT 10.0; Win64; x64) AppleWebKit/537.36 (KHTML, like Gecko) Chrome/134.0.0.0 Safari/537.36"
37.225.52.188 - - [12/Mar/2025:09:00:21 +0100] "GET /Jurek/eany/styles.css HTTP/2.0" 200 2070 "https://dkkapusta1997.usermd.net/Jurek/eany/" "Mozilla/5.0 (Windows NT 10.0; Win64; x64) AppleWebKit/537.36 (KHTML, like Gecko) Chrome/134.0.0.0 Safari/537.36"
37.225.52.188 - - [12/Mar/2025:09:00:21 +0100] "GET /Jurek/eany/script.js HTTP/2.0" 200 4251 "https://dkkapusta1997.usermd.net/Jurek/eany/" "Mozilla/5.0 (Windows NT 10.0; Win64; x64) AppleWebKit/537.36 (KHTML, like Gecko) Chrome/134.0.0.0 Safari/537.36"
37.225.52.188 - - [12/Mar/2025:09:00:23 +0100] "GET /favicon.ico HTTP/2.0" 404 3551 "https://dkkapusta1997.usermd.net/Jurek/eany/" "Mozilla/5.0 (Windows NT 10.0; Win64; x64) AppleWebKit/537.36 (KHTML, like Gecko) Chrome/134.0.0.0 Safari/537.36"
37.225.52.188 - - [12/Mar/2025:09:00:30 +0100] "GET /Jurek/eany/data.csv HTTP/2.0" 200 26438611 "https://dkkapusta1997.usermd.net/Jurek/eany/" "Mozilla/5.0 (Windows NT 10.0; Win64; x64) AppleWebKit/537.36 (KHTML, like Gecko) Chrome/134.0.0.0 Safari/537.36"
85.14.86.141 - - [12/Mar/2025:09:00:34 +0100] "GET /Jurek/vida_morele/feeds/VidaPL_all.xml HTTP/2.0" 200 698412478 "-" "MarketplaceAPI curl/7.64.0 PHP/8"
52.17.80.36 - - [12/Mar/2025:09:00:44 +0100] "GET /marketplaces/ubaldi/results/ubaldi.csv HTTP/1.1" 200 147219 "-" "Mirakl HttpClient"
46.101.116.244 - - [12/Mar/2025:09:01:18 +0100] "GET /Jurek/aw/feeds/aw_fnacfr.xml HTTP/1.0" 404 3551 "-" "-"
46.101.116.244 - - [12/Mar/2025:09:01:51 +0100] "GET /Filip/feeds/xlsx_ceneo.xml HTTP/1.0" 200 6241376 "-" "-"
52.17.80.36 - - [12/Mar/2025:09:01:55 +0100] "GET /marketplaces/rue/results/rue.csv HTTP/1.1" 200 147219 "-" "Mirakl HttpClient"
85.14.86.141 - - [12/Mar/2025:09:02:33 +0100] "GET /Jurek/kinghoff/feeds/kinghoff_morele.xml HTTP/2.0" 200 15137248 "-" "MarketplaceAPI curl/7.64.0 PHP/8"
85.14.86.141 - - [12/Mar/2025:09:03:51 +0100] "GET /Jurek/eurofirany/feeds/eurofirany_morele.xml HTTP/2.0" 200 19083363 "-" "MarketplaceAPI curl/7.64.0 PHP/8"
85.14.86.141 - - [12/Mar/2025:09:04:04 +0100] "GET /Jurek/vivaldi/feeds/vivaldi_Morele-PL.xml HTTP/2.0" 200 344674 "-" "MarketplaceAPI curl/7.64.0 PHP/8"
193.33.8.61 - - [12/Mar/2025:09:04:58 +0100] "GET /Jurek/kobi/output.txt HTTP/2.0" 200 14252 "https://konsola.dkkapusta1997.usermd.net/" "Mozilla/5.0 (Windows NT 10.0; Win64; x64) AppleWebKit/537.36 (KHTML, like Gecko) Chrome/134.0.0.0 Safari/537.36"
193.33.8.61 - - [12/Mar/2025:09:04:58 +0100] "GET /favicon.ico HTTP/2.0" 404 3551 "https://dkkapusta1997.usermd.net/Jurek/kobi/output.txt" "Mozilla/5.0 (Windows NT 10.0; Win64; x64) AppleWebKit/537.36 (KHTML, like Gecko) Chrome/134.0.0.0 Safari/537.36"
85.14.86.141 - - [12/Mar/2025:09:05:16 +0100] "GET /Jurek/vida_morele/feeds/VidaPL_morele.xml HTTP/2.0" 200 698412545 "-" "MarketplaceAPI curl/7.64.0 PHP/8"
85.14.86.141 - - [12/Mar/2025:09:05:17 +0100] "GET /Jurek/aw/feeds/awnarzedzia_morele.xml HTTP/2.0" 200 90493159 "-" "MarketplaceAPI curl/7.64.0 PHP/8"
85.14.86.141 - - [12/Mar/2025:09:06:05 +0100] "GET /Jurek/beliani/feeds/beliani_morele.xml HTTP/2.0" 200 25430408 "-" "MarketplaceAPI curl/7.64.0 PHP/8"
46.101.116.244 - - [12/Mar/2025:09:06:18 +0100] "GET /Jurek/aw/feeds/aw_fnacfr.xml HTTP/1.0" 404 3551 "-" "-"
46.101.116.244 - - [12/Mar/2025:09:06:24 +0100] "GET /Jurek/hurtownia_przemyslowa/feeds/hp_fnacfr.xml HTTP/1.0" 200 49362057 "-" "-"
89.161.206.59 - - [12/Mar/2025:09:06:39 +0100] "GET /Jurek/drewdon/feeds/drewdon_piguEX.xml HTTP/1.0" 200 504450 "-" "-"
46.101.116.244 - - [12/Mar/2025:09:06:42 +0100] "GET /Jurek/hurtownia_przemyslowa/feeds/hp_bol.xml HTTP/1.0" 200 49361952 "-" "-"
46.101.116.244 - - [12/Mar/2025:09:06:46 +0100] "GET /Jurek/kinghoff/feeds/kinghoff_bol.xml HTTP/1.0" 200 15136465 "-" "-"
46.101.116.244 - - [12/Mar/2025:09:07:10 +0100] "GET /Filip/feeds/xlsx_ceneo.xml HTTP/1.0" 200 6241376 "-" "-"
46.101.116.244 - - [12/Mar/2025:09:07:21 +0100] "GET /Jurek/vida_morele/feeds/vidaPL_velomarket_category5.xml HTTP/1.0" 200 76114822 "-" "-"
46.101.116.244 - - [12/Mar/2025:09:07:23 +0100] "GET /Jurek/intsell/feeds/intsell_skroutz.xml HTTP/1.0" 200 269818459 "-" "-"
3.66.117.228 - - [12/Mar/2025:09:07:30 +0100] "GET /Filip/zalando/zalando-logo.jpg HTTP/2.0" 200 5121 "-" "Mozilla/5.0 (Windows NT 6.3; Trident/7.0; rv:11.0) like Gecko"
89.161.206.59 - - [12/Mar/2025:09:07:45 +0100] "GET /Jurek/evil/feeds/evil_skroutz.xml HTTP/1.0" 200 252476 "-" "-"
89.161.206.59 - - [12/Mar/2025:09:07:45 +0100] "GET /Jurek/twojsklep/feeds/twojsklep_skroutz.xml HTTP/1.0" 200 126797 "-" "-"
89.161.206.59 - - [12/Mar/2025:09:07:46 +0100] "GET /Jurek/sartrix/feeds/sartrix_skroutz.xml HTTP/1.0" 200 649158 "-" "-"
89.161.206.59 - - [12/Mar/2025:09:07:46 +0100] "GET /Jurek/wenom/feeds/wenom_skroutz.xml HTTP/1.0" 200 583217 "-" "-"
89.161.206.59 - - [12/Mar/2025:09:07:47 +0100] "GET /Jurek/luxma/feeds/luxma_skroutz.xml HTTP/1.0" 200 4420102 "-" "-"
89.161.206.59 - - [12/Mar/2025:09:07:49 +0100] "GET /Jurek/drewdon/feeds/drewdon_skroutz.xml HTTP/1.0" 200 358919 "-" "-"
89.161.206.59 - - [12/Mar/2025:09:07:51 +0100] "GET /Jurek/primohurt/feeds/primohurt_skroutz.xml HTTP/1.0" 200 17187052 "-" "-"
89.161.206.59 - - [12/Mar/2025:09:07:52 +0100] "GET /Jurek/dekoele/feeds/dekoele_skroutz.xml HTTP/1.0" 200 378812 "-" "-"
89.161.206.59 - - [12/Mar/2025:09:07:53 +0100] "GET /Jurek/expertauto/feeds/expertauto_skroutz.xml HTTP/1.0" 200 1158893 "-" "-"
89.161.206.59 - - [12/Mar/2025:09:07:57 +0100] "GET /Jurek/qbox/feeds/qbox_skroutz.xml HTTP/1.0" 200 398700 "-" "-"
89.161.206.59 - - [12/Mar/2025:09:07:59 +0100] "GET /Jurek/emaja24/feeds/emaja24_skroutz.xml HTTP/1.0" 200 5109948 "-" "-"
114.119.140.47 - - [12/Mar/2025:09:08:15 +0100] "GET /matikrol/texas/5902110003528_3.jpg.jpg HTTP/1.1" 403 146 "https://arena.pl/oferta/wycieraczka-gumowa-trwka-40x60-cm-49948972" "Mozilla/5.0 (Linux; Android 7.0;) AppleWebKit/537.36 (KHTML, like Gecko) Mobile Safari/537.36 (compatible; PetalBot;+https://webmaster.petalsearch.com/site/petalbot)"
114.119.146.88 - - [12/Mar/2025:09:08:27 +0100] "GET /matikrol/texas/5902110003214_3.jpg.jpg HTTP/1.1" 403 146 "https://arena.pl/oferta/wycieraczka-azurowa-domino-22mm-80x120-cm-49948967" "Mozilla/5.0 (Linux; Android 7.0;) AppleWebKit/537.36 (KHTML, like Gecko) Mobile Safari/537.36 (compatible; PetalBot;+https://webmaster.petalsearch.com/site/petalbot)"
89.161.206.59 - - [12/Mar/2025:09:08:28 +0100] "GET /Jurek/ikonka/feeds/ikonka_allegro_cz.xml HTTP/1.0" 200 21314870 "-" "-"
89.161.206.59 - - [12/Mar/2025:09:08:30 +0100] "GET /Jurek/kambukka/feeds/kambukka_allegro.xml HTTP/1.0" 200 1043214 "-" "-"
89.161.206.59 - - [12/Mar/2025:09:08:30 +0100] "GET /Jurek/swiatecznygoliat/feeds/swiatecznygoliat_allegro.xml HTTP/1.0" 200 7054771 "-" "-"
89.161.206.59 - - [12/Mar/2025:09:08:32 +0100] "GET /Jurek/combine/feeds/combine_allegro.xml HTTP/1.0" 200 210566 "-" "-"
89.161.206.59 - - [12/Mar/2025:09:08:32 +0100] "GET /Jurek/spali/feeds/spali_allegro.xml HTTP/1.0" 200 77066 "-" "-"
114.119.141.249 - - [12/Mar/2025:09:08:39 +0100] "GET /matikrol/lavre/5907558296426_2.jpg HTTP/1.1" 403 146 "https://arena.pl/oferta/roy-bateria-umywalkowa-wysoka-czarna-49949006" "Mozilla/5.0 (Linux; Android 7.0;) AppleWebKit/537.36 (KHTML, like Gecko) Mobile Safari/537.36 (compatible; PetalBot;+https://webmaster.petalsearch.com/site/petalbot)"
114.119.156.71 - - [12/Mar/2025:09:08:51 +0100] "GET /matikrol/lavre/5907558295672_3.jpg HTTP/1.1" 403 146 "https://arena.pl/oferta/roy-bateria-umywalkowa-wysoka-zlota-49949007" "Mozilla/5.0 (Linux; Android 7.0;) AppleWebKit/537.36 (KHTML, like Gecko) Mobile Safari/537.36 (compatible; PetalBot;+https://webmaster.petalsearch.com/site/petalbot)"
185.6.76.18 - - [12/Mar/2025:09:10:22 +0100] "GET /marketplaces/skroutz/feeds/shumee.xml HTTP/1.1" 200 348577304 "-" "SkroutzBot v1.0"
66.249.64.165 - - [12/Mar/2025:09:11:15 +0100] "GET /Jurek/eurofirany/images/383374/2.jpg HTTP/1.1" 200 6595 "-" "Googlebot-Image/1.0"
46.101.116.244 - - [12/Mar/2025:09:11:51 +0100] "GET /Jurek/aw/feeds/aw_fnacfr.xml HTTP/1.0" 404 3551 "-" "-"
46.101.116.244 - - [12/Mar/2025:09:12:18 +0100] "GET /Filip/feeds/xlsx_ceneo.xml HTTP/1.0" 200 6241376 "-" "-"
66.249.64.165 - - [12/Mar/2025:09:13:41 +0100] "GET /Jurek/eurofirany/images/431697/2.jpg HTTP/1.1" 200 0 "-" "Googlebot-Image/1.0"
89.161.206.59 - - [12/Mar/2025:09:13:43 +0100] "GET /Jurek/hurtmeblowy/feeds/hurtmeblowy_skroutz.xml HTTP/1.0" 200 8174962 "-" "-"
89.161.206.59 - - [12/Mar/2025:09:14:36 +0100] "GET /Jurek/dekornatort/feeds/dekornatort_skroutz.xml HTTP/1.0" 200 225752 "-" "-"
89.161.206.59 - - [12/Mar/2025:09:14:36 +0100] "GET /Jurek/lendo/feeds/lendo_skroutz.xml HTTP/1.0" 200 330394 "-" "-"
89.161.206.59 - - [12/Mar/2025:09:14:37 +0100] "GET /Jurek/eurofryz2/feeds/eurofryz2_skroutz.xml HTTP/1.0" 200 1376603 "-" "-"
89.161.206.59 - - [12/Mar/2025:09:14:37 +0100] "GET /Jurek/alucon/feeds/alucon_skroutz.xml HTTP/1.0" 200 553582 "-" "-"
89.161.206.59 - - [12/Mar/2025:09:14:38 +0100] "GET /Jurek/nexus/feeds/nexus_skroutz.xml HTTP/1.0" 200 226660 "-" "-"
46.101.116.244 - - [12/Mar/2025:09:16:05 +0100] "GET /Jurek/aw/feeds/aw_fnacfr.xml HTTP/1.0" 404 3551 "-" "-"
89.161.206.59 - - [12/Mar/2025:09:16:21 +0100] "GET /Jurek/sempler/feeds/sempler_BOL.xml HTTP/1.0" 200 6787912 "-" "-"
89.161.206.59 - - [12/Mar/2025:09:16:22 +0100] "GET /Jurek/eroplace/feeds/eroplace_bol.xml HTTP/1.0" 200 52152009 "-" "-"
89.161.206.59 - - [12/Mar/2025:09:16:25 +0100] "GET /Jurek/waks/feeds/waks_bol.xml HTTP/1.0" 200 1592424 "-" "-"
89.161.206.59 - - [12/Mar/2025:09:16:26 +0100] "GET /Jurek/benetech/feeds/benetech_bol.xml HTTP/1.0" 200 4165287 "-" "-"
89.161.206.59 - - [12/Mar/2025:09:16:26 +0100] "GET /Jurek/oromed/feeds/oromed_BOL.xml HTTP/1.0" 200 913636 "-" "-"
89.161.206.59 - - [12/Mar/2025:09:16:26 +0100] "GET /Jurek/narzbud/feeds/narzbud_bol.xml HTTP/1.0" 200 1958319 "-" "-"
89.161.206.59 - - [12/Mar/2025:09:16:27 +0100] "GET /Jurek/artdog/feeds/artdog_bol.xml HTTP/1.0" 200 17158429 "-" "-"
89.161.206.59 - - [12/Mar/2025:09:16:28 +0100] "GET /Jurek/ekuchcikowo/feeds/ekuchcikowo_bol.xml HTTP/1.0" 200 13523932 "-" "-"
89.161.206.59 - - [12/Mar/2025:09:16:28 +0100] "GET /Jurek/ekolight/feeds/ekolight_bol.xml HTTP/1.0" 200 9051489 "-" "-"
89.161.206.59 - - [12/Mar/2025:09:16:29 +0100] "GET /Jurek/livinhill/feeds/livinhill_bol.xml HTTP/1.0" 200 1421751 "-" "-"
89.161.206.59 - - [12/Mar/2025:09:16:30 +0100] "GET /Jurek/galopi/feeds/galopi_bol.xml HTTP/1.0" 200 2111105 "-" "-"
89.161.206.59 - - [12/Mar/2025:09:16:30 +0100] "GET /Jurek/erohurtownia/feeds/erohurtownia_bol.xml HTTP/1.0" 200 22846449 "-" "-"
89.161.206.59 - - [12/Mar/2025:09:16:32 +0100] "GET /Jurek/urwiskowo/feeds/urwiskowo_bol.xml HTTP/1.0" 200 9114947 "-" "-"
89.161.206.59 - - [12/Mar/2025:09:16:33 +0100] "GET /Jurek/combine/feeds/combine_bol.xml HTTP/1.0" 200 210558 "-" "-"
89.161.206.59 - - [12/Mar/2025:09:16:33 +0100] "GET /Jurek/spali/feeds/spali_bol.xml HTTP/1.0" 200 77056 "-" "-"
89.161.206.59 - - [12/Mar/2025:09:16:33 +0100] "GET /Jurek/bass_new/feeds/bass_bol.xml HTTP/1.0" 200 7040922 "-" "-"
89.161.206.59 - - [12/Mar/2025:09:16:34 +0100] "GET /Jurek/aiofactory/feeds/aiofactory_bol.xml HTTP/1.0" 200 2123786 "-" "-"
89.161.206.59 - - [12/Mar/2025:09:16:37 +0100] "GET /Jurek/hurtmeblowy/feeds/hurtmeblowy_bol.xml HTTP/1.0" 200 8174700 "-" "-"
89.161.206.59 - - [12/Mar/2025:09:16:40 +0100] "GET /Jurek/rider/feeds/rider_bol.xml HTTP/1.0" 200 8165130 "-" "-"
89.161.206.59 - - [12/Mar/2025:09:16:40 +0100] "GET /Jurek/eldar/feeds/eldar_bol.xml HTTP/1.0" 200 7329486 "-" "-"
89.161.206.59 - - [12/Mar/2025:09:16:42 +0100] "GET /Jurek/primohurt/feeds/primohurt_bol.xml HTTP/1.0" 200 17187053 "-" "-"
89.161.206.59 - - [12/Mar/2025:09:16:43 +0100] "GET /Jurek/najtanszysport/feeds/najtanszysport_bol.xml HTTP/1.0" 200 3982952 "-" "-"
89.161.206.59 - - [12/Mar/2025:09:16:44 +0100] "GET /Jurek/motofan/feeds/motofan_bol.xml HTTP/1.0" 200 2392160 "-" "-"
89.161.206.59 - - [12/Mar/2025:09:16:45 +0100] "GET /Jurek/topeshop/feeds/topeshop_bol.xml HTTP/1.0" 200 2475021 "-" "-"
89.161.206.59 - - [12/Mar/2025:09:16:49 +0100] "GET /Jurek/eurofirany/feeds/eurofirany_bol.xml HTTP/1.0" 200 19081832 "-" "-"
89.161.206.59 - - [12/Mar/2025:09:16:55 +0100] "GET /Jurek/german/feeds/german_bol.xml HTTP/1.0" 200 4792089 "-" "-"
46.101.116.244 - - [12/Mar/2025:09:17:01 +0100] "GET /Filip/feeds/xlsx_ceneo.xml HTTP/1.0" 200 6241376 "-" "-"
46.101.116.244 - - [12/Mar/2025:09:17:05 +0100] "GET /Jurek/rovicky/feeds/rovicky_zalando.xml HTTP/1.0" 200 14430957 "-" "-"
89.161.206.59 - - [12/Mar/2025:09:17:49 +0100] "GET /Jurek/aiofactory/feeds/aiofactory_skroutz.xml HTTP/1.0" 200 2123823 "-" "-"
89.161.206.59 - - [12/Mar/2025:09:17:51 +0100] "GET /Jurek/maksik/feeds/maksik_skroutz.xml HTTP/1.0" 200 4084803 "-" "-"
89.161.206.59 - - [12/Mar/2025:09:18:05 +0100] "GET /Jurek/fertone/feeds/fertone_skroutz.xml HTTP/1.0" 200 594214 "-" "-"
89.161.206.59 - - [12/Mar/2025:09:18:06 +0100] "GET /Jurek/antiodor/feeds/antiodor_skroutz.xml HTTP/1.0" 200 137766 "-" "-"
82.78.75.112 - - [12/Mar/2025:09:18:45 +0100] "GET /Jurek/eurofirany/images/395321/1.jpg HTTP/2.0" 200 90798 "https://content.emag.network/" "Mozilla/5.0 (Windows NT 10.0; Win64; x64) AppleWebKit/537.36 (KHTML, like Gecko) Chrome/134.0.0.0 Safari/537.36"
193.33.8.61 - - [12/Mar/2025:09:23:20 +0100] "GET /Jurek/topeshop/feeds/topeshop_xxxlutz.xml HTTP/2.0" 200 2474910 "https://konsola.dkkapusta1997.usermd.net/" "Mozilla/5.0 (Windows NT 10.0; Win64; x64) AppleWebKit/537.36 (KHTML, like Gecko) Chrome/133.0.0.0 Safari/537.36"
77.79.248.229 - - [12/Mar/2025:09:23:26 +0100] "GET /Jurek/topeshop/feeds/topeshop_xxxlutz.xml HTTP/1.1" 200 2474910 "-" "Python-urllib/3.11"
89.161.206.59 - - [12/Mar/2025:09:25:47 +0100] "GET /Jurek/benetech/feeds/benetech_aliex.xml HTTP/1.0" 200 4165582 "-" "-"
89.161.206.59 - - [12/Mar/2025:09:25:47 +0100] "GET /Jurek/slayo/feeds/slayo_aliex.xml HTTP/1.0" 200 183632 "-" "-"
89.161.206.59 - - [12/Mar/2025:09:25:47 +0100] "GET /Jurek/hdwr/feeds/hdwr_aliex.xml HTTP/1.0" 200 789603 "-" "-"
89.161.206.59 - - [12/Mar/2025:09:25:48 +0100] "GET /Jurek/targethome/feeds/targethome_aliex.xml HTTP/1.0" 200 688679 "-" "-"
89.161.206.59 - - [12/Mar/2025:09:25:48 +0100] "GET /Jurek/amzteam/feeds/amzteam_aliex.xml HTTP/1.0" 200 97912 "-" "-"
89.161.206.59 - - [12/Mar/2025:09:25:48 +0100] "GET /Jurek/ralmetal/feeds/ralmetal_aliex.xml HTTP/1.0" 200 1809214 "-" "-"
89.161.206.59 - - [12/Mar/2025:09:25:48 +0100] "GET /Jurek/cbdgreen/feeds/cbdgreen_aliex.xml HTTP/1.0" 200 50547 "-" "-"
89.161.206.59 - - [12/Mar/2025:09:25:49 +0100] "GET /Jurek/drops/feeds/dropsofficecolection_aliex.xml HTTP/1.0" 200 790886 "-" "-"
89.161.206.59 - - [12/Mar/2025:09:25:49 +0100] "GET /Jurek/szpaklampy/feeds/szpaklampy_aliex.xml HTTP/1.0" 200 388389 "-" "-"
89.161.206.59 - - [12/Mar/2025:09:25:50 +0100] "GET /Jurek/velinda/feeds/velinda_aliex.xml HTTP/1.0" 200 23439 "-" "-"
89.161.206.59 - - [12/Mar/2025:09:25:50 +0100] "GET /Jurek/spali/feeds/spali_aliex.xml HTTP/1.0" 200 77072 "-" "-"
46.101.116.244 - - [12/Mar/2025:09:25:51 +0100] "GET /Jurek/aw/feeds/aw_fnacfr.xml HTTP/1.0" 404 3551 "-" "-"
193.33.8.61 - - [12/Mar/2025:09:25:58 +0100] "GET /Jurek/sportprise/feeds/sportprise_cdon_se.xml HTTP/2.0" 200 12591023 "https://konsola.dkkapusta1997.usermd.net/" "Mozilla/5.0 (Windows NT 10.0; Win64; x64) AppleWebKit/537.36 (KHTML, like Gecko) Chrome/133.0.0.0 Safari/537.36"
77.79.248.229 - - [12/Mar/2025:09:25:59 +0100] "GET /Jurek/sportprise/feeds/sportprise_cdon_se.xml HTTP/1.1" 200 12728853 "-" "Python-urllib/3.11"
46.101.116.244 - - [12/Mar/2025:09:26:14 +0100] "GET /Filip/feeds/xlsx_ceneo.xml HTTP/1.0" 200 6241376 "-" "-"
193.33.8.61 - - [12/Mar/2025:09:26:30 +0100] "GET /Jurek/madrex/feeds/madrex_emagro.xml HTTP/2.0" 200 466721 "https://konsola.dkkapusta1997.usermd.net/" "Mozilla/5.0 (Windows NT 10.0; Win64; x64) AppleWebKit/537.36 (KHTML, like Gecko) Chrome/133.0.0.0 Safari/537.36"
77.79.248.229 - - [12/Mar/2025:09:26:36 +0100] "GET /Jurek/madrex/feeds/madrex_emagro.xml HTTP/1.1" 200 466721 "-" "Python-urllib/3.11"
46.101.116.244 - - [12/Mar/2025:09:34:13 +0100] "GET /Jurek/aw/feeds/aw_fnacfr.xml HTTP/1.0" 404 3551 "-" "-"
46.101.116.244 - - [12/Mar/2025:09:34:36 +0100] "GET /Filip/feeds/xlsx_ceneo.xml HTTP/1.0" 200 6241376 "-" "-"
52.167.144.236 - - [12/Mar/2025:09:35:43 +0100] "GET /Jurek/topeshop/downloaded_images/5902838468821_DUOCZERNBRYLKABOKZM.jpg HTTP/2.0" 404 3551 "-" "Mozilla/5.0 AppleWebKit/537.36 (KHTML, like Gecko; compatible; bingbot/2.0; +http://www.bing.com/bingbot.htm) Chrome/116.0.1938.76 Safari/537.36"
77.79.248.229 - - [12/Mar/2025:09:36:08 +0100] "GET /Jurek/eurofirany/feeds/eurofirany_cdon_se.xml HTTP/1.1" 200 19099562 "-" "python-requests/2.32.3"
77.79.248.229 - - [12/Mar/2025:09:36:08 +0100] "GET /Jurek/eurofirany/feeds/eurofirany_cdon_dk.xml HTTP/1.1" 200 19099152 "-" "python-requests/2.32.3"
77.79.248.229 - - [12/Mar/2025:09:36:08 +0100] "GET /Jurek/eurofirany/feeds/eurofirany_cdon_fi.xml HTTP/1.1" 200 19081848 "-" "python-requests/2.32.3"
77.79.248.229 - - [12/Mar/2025:09:36:08 +0100] "GET /Jurek/stema/feeds/stema_cdon_se.xml HTTP/1.1" 200 840052 "-" "python-requests/2.32.3"
77.79.248.229 - - [12/Mar/2025:09:36:08 +0100] "GET /Jurek/stema/feeds/stema_cdon_dk.xml HTTP/1.1" 200 839884 "-" "python-requests/2.32.3"
77.79.248.229 - - [12/Mar/2025:09:36:08 +0100] "GET /Jurek/stema/feeds/stema_cdon_fi.xml HTTP/1.1" 200 839640 "-" "python-requests/2.32.3"
77.79.248.229 - - [12/Mar/2025:09:36:10 +0100] "GET /Jurek/aw/feeds/awnarzedzia_cdon_se.xml HTTP/1.1" 200 90570876 "-" "python-requests/2.32.3"
77.79.248.229 - - [12/Mar/2025:09:36:11 +0100] "GET /Jurek/aw/feeds/awnarzedzia_cdon_dk.xml HTTP/1.1" 200 90566091 "-" "python-requests/2.32.3"
77.79.248.229 - - [12/Mar/2025:09:36:12 +0100] "GET /Jurek/aw/feeds/awnarzedzia_cdon_fi.xml HTTP/1.1" 200 90482799 "-" "python-requests/2.32.3"
77.79.248.229 - - [12/Mar/2025:09:36:12 +0100] "GET /Jurek/hurtownia_przemyslowa/feeds/hp_cdon_se.xml HTTP/1.1" 200 49377625 "-" "python-requests/2.32.3"
77.79.248.229 - - [12/Mar/2025:09:36:13 +0100] "GET /Jurek/hurtownia_przemyslowa/feeds/hp_cdon_dk.xml HTTP/1.1" 200 49375801 "-" "python-requests/2.32.3"
77.79.248.229 - - [12/Mar/2025:09:36:14 +0100] "GET /Jurek/hurtownia_przemyslowa/feeds/hp_cdon_fi.xml HTTP/1.1" 200 49362276 "-" "python-requests/2.32.3"
77.79.248.229 - - [12/Mar/2025:09:36:16 +0100] "GET /Jurek/ikonka/feeds/ikonka_cdon_se.xml HTTP/1.1" 200 21316341 "-" "python-requests/2.32.3"
77.79.248.229 - - [12/Mar/2025:09:36:16 +0100] "GET /Jurek/ikonka/feeds/ikonka_cdon_dk.xml HTTP/1.1" 200 21316317 "-" "python-requests/2.32.3"
77.79.248.229 - - [12/Mar/2025:09:36:16 +0100] "GET /Jurek/ikonka/feeds/ikonka_cdon_fi.xml HTTP/1.1" 200 21314227 "-" "python-requests/2.32.3"
77.79.248.229 - - [12/Mar/2025:09:36:17 +0100] "GET /Jurek/fernity/feeds/fernity_cdon_fi.xml HTTP/1.1" 200 5224802 "-" "python-requests/2.32.3"
77.79.248.229 - - [12/Mar/2025:09:36:17 +0100] "GET /Jurek/fernity/feeds/fernity_cdon_se.xml HTTP/1.1" 200 5228183 "-" "python-requests/2.32.3"
77.79.248.229 - - [12/Mar/2025:09:36:17 +0100] "GET /Jurek/fernity/feeds/fernity_cdon_dk.xml HTTP/1.1" 200 5227876 "-" "python-requests/2.32.3"
77.79.248.229 - - [12/Mar/2025:09:36:17 +0100] "GET /Jurek/activeshop/feeds/activeshop_cdon_se.xml HTTP/1.1" 200 10420540 "-" "python-requests/2.32.3"
77.79.248.229 - - [12/Mar/2025:09:36:17 +0100] "GET /Jurek/activeshop/feeds/activeshop_cdon_dk.xml HTTP/1.1" 200 10420131 "-" "python-requests/2.32.3"
77.79.248.229 - - [12/Mar/2025:09:36:18 +0100] "GET /Jurek/activeshop/feeds/activeshop_cdon_fi.xml HTTP/1.1" 200 10416694 "-" "python-requests/2.32.3"
77.79.248.229 - - [12/Mar/2025:09:36:21 +0100] "GET /Jurek/barbecook/feeds/barbecook_cdon_se.xml HTTP/1.1" 200 87591 "-" "python-requests/2.32.3"
77.79.248.229 - - [12/Mar/2025:09:36:21 +0100] "GET /Jurek/barbecook/feeds/barbecook_cdon_dk.xml HTTP/1.1" 200 87593 "-" "python-requests/2.32.3"
77.79.248.229 - - [12/Mar/2025:09:36:21 +0100] "GET /Jurek/barbecook/feeds/barbecook_cdon_fi.xml HTTP/1.1" 200 87530 "-" "python-requests/2.32.3"
77.79.248.229 - - [12/Mar/2025:09:36:22 +0100] "GET /Jurek/action/feeds/action_cdon_se.xml HTTP/1.1" 200 56373815 "-" "python-requests/2.32.3"
77.79.248.229 - - [12/Mar/2025:09:36:23 +0100] "GET /Jurek/action/feeds/action_cdon_dk.xml HTTP/1.1" 200 56368538 "-" "python-requests/2.32.3"
77.79.248.229 - - [12/Mar/2025:09:36:23 +0100] "GET /Jurek/action/feeds/action_cdon_fi.xml HTTP/1.1" 200 56343691 "-" "python-requests/2.32.3"
77.79.248.229 - - [12/Mar/2025:09:36:24 +0100] "GET /Jurek/kinghoff/feeds/kinghoff_cdon_se.xml HTTP/1.1" 200 15134582 "-" "python-requests/2.32.3"
77.79.248.229 - - [12/Mar/2025:09:36:24 +0100] "GET /Jurek/kinghoff/feeds/kinghoff_cdon_dk.xml HTTP/1.1" 200 15134425 "-" "python-requests/2.32.3"
77.79.248.229 - - [12/Mar/2025:09:36:24 +0100] "GET /Jurek/kinghoff/feeds/kinghoff_cdon_fi.xml HTTP/1.1" 200 15132007 "-" "python-requests/2.32.3"
193.33.8.61 - - [12/Mar/2025:09:36:44 +0100] "GET /Jurek/matkam/feeds/matkam_zero.xml HTTP/2.0" 200 5001540 "https://konsola.dkkapusta1997.usermd.net/" "Mozilla/5.0 (Windows NT 10.0; Win64; x64) AppleWebKit/537.36 (KHTML, like Gecko) Chrome/134.0.0.0 Safari/537.36"
77.79.248.229 - - [12/Mar/2025:09:36:51 +0100] "GET /Jurek/matkam/feeds/matkam_zero.xml HTTP/1.1" 200 5001540 "-" "Python-urllib/3.11"
46.101.116.244 - - [12/Mar/2025:09:36:54 +0100] "GET /Jurek/aw/feeds/aw_fnacfr.xml HTTP/1.0" 404 3551 "-" "-"
89.161.206.59 - - [12/Mar/2025:09:36:59 +0100] "GET /Jurek/szpaklampy/feeds/szpaklampy_allegro.xml HTTP/1.0" 200 388388 "-" "-"
46.101.116.244 - - [12/Mar/2025:09:36:59 +0100] "GET /Jurek/ikonka/feeds/ikonka_alza.xml HTTP/2.0" 200 21316577 "-" "-"
89.161.206.59 - - [12/Mar/2025:09:36:59 +0100] "GET /Jurek/fertone/feeds/fertone_allegro.xml HTTP/1.0" 200 594324 "-" "-"
46.101.116.244 - - [12/Mar/2025:09:37:11 +0100] "GET /Jurek/ikonka/feeds/ikonka_kaufcz.xml HTTP/2.0" 200 21316568 "-" "-"
46.101.116.244 - - [12/Mar/2025:09:37:20 +0100] "GET /Filip/feeds/xlsx_ceneo.xml HTTP/1.0" 200 6241376 "-" "-"
46.101.116.244 - - [12/Mar/2025:09:37:23 +0100] "GET /Jurek/ikonka/feeds/ikonka_kaufde.xml HTTP/2.0" 200 21314169 "-" "-"
46.101.116.244 - - [12/Mar/2025:09:38:06 +0100] "GET /Jurek/stema/feeds/stema_alza.xml HTTP/2.0" 200 840079 "-" "-"
77.79.248.229 - - [12/Mar/2025:09:38:06 +0100] "GET /Jurek/vidaSI/feeds/vidaSI_bigbang.xml HTTP/1.1" 200 620319430 "-" "Python-urllib/3.11"
77.79.248.229 - - [12/Mar/2025:09:38:07 +0100] "GET /Jurek/aw/feeds/awnarzedzia_bigbang.xml HTTP/1.1" 200 90458048 "-" "Python-urllib/3.11"
77.79.248.229 - - [12/Mar/2025:09:38:08 +0100] "GET /Jurek/hurtownia_przemyslowa/feeds/hp_bigbang.xml HTTP/1.1" 200 49359721 "-" "Python-urllib/3.11"
77.79.248.229 - - [12/Mar/2025:09:38:09 +0100] "GET /Jurek/action/feeds/action_bigbang.xml HTTP/1.1" 200 56338906 "-" "Python-urllib/3.11"
77.79.248.229 - - [12/Mar/2025:09:38:11 +0100] "GET /Jurek/unimet/feeds/unimet_bigbang.xml HTTP/1.1" 200 60210844 "-" "Python-urllib/3.11"
77.79.248.229 - - [12/Mar/2025:09:38:11 +0100] "GET /Jurek/ikonka/feeds/ikonka_bigbang.xml HTTP/1.1" 200 21314241 "-" "Python-urllib/3.11"
77.79.248.229 - - [12/Mar/2025:09:38:11 +0100] "GET /Jurek/bass/feeds/bass_bigbang.xml HTTP/1.1" 200 3985809 "-" "Python-urllib/3.11"
77.79.248.229 - - [12/Mar/2025:09:38:12 +0100] "GET /Jurek/kinghoff/feeds/kinghoff_bigbang.xml HTTP/1.1" 200 15131836 "-" "Python-urllib/3.11"
77.79.248.229 - - [12/Mar/2025:09:38:13 +0100] "GET /Jurek/activeshop/feeds/activeshop_bigbang.xml HTTP/1.1" 200 10416384 "-" "Python-urllib/3.11"
77.79.248.229 - - [12/Mar/2025:09:38:13 +0100] "GET /Jurek/octopia/feeds/octopia_bigbang.xml HTTP/1.1" 200 6060735 "-" "Python-urllib/3.11"
77.79.248.229 - - [12/Mar/2025:09:38:14 +0100] "GET /Jurek/topeshop/feeds/topeshop_bigbang.xml HTTP/1.1" 200 2474945 "-" "Python-urllib/3.11"
77.79.248.229 - - [12/Mar/2025:09:38:14 +0100] "GET /Jurek/b3/feeds/b3_bigbang.xml HTTP/1.1" 200 7384183 "-" "Python-urllib/3.11"
77.79.248.229 - - [12/Mar/2025:09:38:14 +0100] "GET /Jurek/asortymenteu/feeds/asortymenteu_bigbang.xml HTTP/1.1" 200 2642032 "-" "Python-urllib/3.11"
77.79.248.229 - - [12/Mar/2025:09:38:14 +0100] "GET /Jurek/eroplace/feeds/eroplace_bigbang.xml HTTP/1.1" 200 52151581 "-" "Python-urllib/3.11"
46.101.116.244 - - [12/Mar/2025:09:38:16 +0100] "GET /Jurek/stema/feeds/stema_kaufcz.xml HTTP/2.0" 200 840094 "-" "-"
77.79.248.229 - - [12/Mar/2025:09:38:18 +0100] "GET /Jurek/intsell/feeds/intsell_bigbang.xml HTTP/1.1" 200 342005172 "-" "Python-urllib/3.11"
77.79.248.229 - - [12/Mar/2025:09:38:18 +0100] "GET /Jurek/coppotech/feeds/coppotech_bigbang.xml HTTP/1.1" 200 38058616 "-" "Python-urllib/3.11"
77.79.248.229 - - [12/Mar/2025:09:38:18 +0100] "GET /Jurek/stema/feeds/stema_bigbang.xml HTTP/1.1" 200 839504 "-" "Python-urllib/3.11"
77.79.248.229 - - [12/Mar/2025:09:38:18 +0100] "GET /Jurek/sempler/feeds/sempler_bigbang.xml HTTP/1.1" 200 6787847 "-" "Python-urllib/3.11"
77.79.248.229 - - [12/Mar/2025:09:38:18 +0100] "GET /Jurek/benetech/feeds/benetech_bigbang.xml HTTP/1.1" 200 4165274 "-" "Python-urllib/3.11"
77.79.248.229 - - [12/Mar/2025:09:38:19 +0100] "GET /Jurek/ekuchcikowo/feeds/ekuchcikowo_bigbang.xml HTTP/1.1" 200 13515133 "-" "Python-urllib/3.11"
77.79.248.229 - - [12/Mar/2025:09:38:19 +0100] "GET /Jurek/erohurtownia/feeds/erohurtownia_bigbang.xml HTTP/1.1" 200 22846464 "-" "Python-urllib/3.11"
46.101.116.244 - - [12/Mar/2025:09:38:27 +0100] "GET /Jurek/stema/feeds/stema_kaufde.xml HTTP/2.0" 200 839403 "-" "-"
77.79.248.229 - - [12/Mar/2025:09:38:28 +0100] "GET /Jurek/naszedzieci/feeds/naszedzieci_bigbang.xml HTTP/1.1" 200 833258693 "-" "Python-urllib/3.11"
77.79.248.229 - - [12/Mar/2025:09:38:29 +0100] "GET /Jurek/awparts/feeds/awparts_bigbang.xml HTTP/1.1" 200 142301273 "-" "Python-urllib/3.11"
77.79.248.229 - - [12/Mar/2025:09:38:29 +0100] "GET /Jurek/najtanszysport/feeds/najtanszysport_bigbang.xml HTTP/1.1" 200 3982995 "-" "Python-urllib/3.11"
77.79.248.229 - - [12/Mar/2025:09:38:29 +0100] "GET /Jurek/aiofactory/feeds/aiofactory_bigbang.xml HTTP/1.1" 200 2123803 "-" "Python-urllib/3.11"
77.79.248.229 - - [12/Mar/2025:09:38:29 +0100] "GET /Jurek/playcob/feeds/playcob_bigbang.xml HTTP/1.1" 200 6980060 "-" "Python-urllib/3.11"
77.79.248.229 - - [12/Mar/2025:09:38:30 +0100] "GET /Jurek/kidshop/feeds/kidshop_bigbang.xml HTTP/1.1" 200 19845640 "-" "Python-urllib/3.11"
77.79.248.229 - - [12/Mar/2025:09:38:30 +0100] "GET /Jurek/polzoo/feeds/polzoo_bigbang.xml HTTP/1.1" 200 48125806 "-" "Python-urllib/3.11"
77.79.248.229 - - [12/Mar/2025:09:38:30 +0100] "GET /Jurek/elavia/feeds/elavia_bigbang.xml HTTP/1.1" 200 2497276 "-" "Python-urllib/3.11"
77.79.248.229 - - [12/Mar/2025:09:38:31 +0100] "GET /Jurek/straganbiur/feeds/straganbiur_bigbang.xml HTTP/1.1" 200 8892825 "-" "Python-urllib/3.11"
77.79.248.229 - - [12/Mar/2025:09:38:31 +0100] "GET /Jurek/kobi/feeds/kobi_bigbang.xml HTTP/1.1" 200 1993200 "-" "Python-urllib/3.11"
77.79.248.229 - - [12/Mar/2025:09:38:31 +0100] "GET /Jurek/hanex/feeds/hanex_bigbang.xml HTTP/1.1" 200 13931456 "-" "Python-urllib/3.11"
77.79.248.229 - - [12/Mar/2025:09:38:31 +0100] "GET /Jurek/elecomp/feeds/elecomp_bigbang.xml HTTP/1.1" 200 2869545 "-" "Python-urllib/3.11"
77.79.248.229 - - [12/Mar/2025:09:38:31 +0100] "GET /Jurek/roger/feeds/roger_bigbang.xml HTTP/1.1" 200 1396563 "-" "Python-urllib/3.11"
77.79.248.229 - - [12/Mar/2025:09:38:31 +0100] "GET /Jurek/kristronik/feeds/kristronik_bigbang.xml HTTP/1.1" 200 7230189 "-" "Python-urllib/3.11"
77.79.248.229 - - [12/Mar/2025:09:38:31 +0100] "GET /Jurek/oknobest/feeds/oknobest_bigbang.xml HTTP/1.1" 200 2708550 "-" "Python-urllib/3.11"
77.79.248.229 - - [12/Mar/2025:09:38:31 +0100] "GET /Jurek/globaldeli/feeds/globaldeli_bigbang.xml HTTP/1.1" 200 2590890 "-" "Python-urllib/3.11"
77.79.248.229 - - [12/Mar/2025:09:38:32 +0100] "GET /Jurek/rider/feeds/rider_bigbang.xml HTTP/1.1" 200 8165118 "-" "Python-urllib/3.11"
46.101.116.244 - - [12/Mar/2025:09:39:57 +0100] "GET /Jurek/hurtownia_przemyslowa/feeds/hp_alza.xml HTTP/2.0" 200 49380915 "-" "-"
46.101.116.244 - - [12/Mar/2025:09:40:13 +0100] "GET /Jurek/hurtownia_przemyslowa/feeds/hp_kaufcz.xml HTTP/2.0" 200 49380360 "-" "-"
77.79.248.229 - - [12/Mar/2025:09:40:19 +0100] "GET /Jurek/kinghoff/feeds/kinghoff_SkroutzGR.xml HTTP/1.1" 200 15132024 "-" "Python-urllib/3.11"
77.79.248.229 - - [12/Mar/2025:09:40:20 +0100] "GET /Jurek/aw/feeds/awnarzedzia_skroutz.xml HTTP/1.1" 200 90483169 "-" "Python-urllib/3.11"
77.79.248.229 - - [12/Mar/2025:09:40:20 +0100] "GET /Jurek/eurofirany/feeds/eurofirany_skroutz.xml HTTP/1.1" 200 19081754 "-" "Python-urllib/3.11"
77.79.248.229 - - [12/Mar/2025:09:40:21 +0100] "GET /Jurek/fernity/feeds/fernity_skroutz.xml HTTP/1.1" 200 5225145 "-" "Python-urllib/3.11"
46.101.116.244 - - [12/Mar/2025:09:40:32 +0100] "GET /Jurek/hurtownia_przemyslowa/feeds/hp_kaufsk.xml HTTP/2.0" 200 49360712 "-" "-"
46.101.116.244 - - [12/Mar/2025:09:40:49 +0100] "GET /Jurek/hurtownia_przemyslowa/feeds/hp_kaufde.xml HTTP/2.0" 200 49360587 "-" "-"
46.101.116.244 - - [12/Mar/2025:09:41:11 +0100] "GET /Jurek/aw/feeds/aw_fnacfr.xml HTTP/1.0" 404 3551 "-" "-"
46.101.116.244 - - [12/Mar/2025:09:41:21 +0100] "GET /Jurek/vida_morele/feeds/vidaPL_velomarket_category1.xml HTTP/1.0" 200 176431623 "-" "-"
46.101.116.244 - - [12/Mar/2025:09:41:49 +0100] "GET /Filip/feeds/xlsx_ceneo.xml HTTP/1.0" 200 6241376 "-" "-"
46.101.116.244 - - [12/Mar/2025:09:42:18 +0100] "GET /Jurek/gimmik/feeds/gimmik_mallsiex.xml HTTP/2.0" 404 3551 "-" "-"
46.101.116.244 - - [12/Mar/2025:09:42:40 +0100] "GET /Jurek/bimboland/feeds/bimboland_mallsiex.xml HTTP/2.0" 200 2500840 "-" "-"
66.249.64.165 - - [12/Mar/2025:09:42:45 +0100] "GET /Jurek/topeshop/downloaded_images/5902838464359_KUBABIURKOBRY%C5%81KABIELBOKZM.jpg HTTP/1.1" 404 3551 "-" "Googlebot-Image/1.0"
