85.232.241.194 - - [10/Mar/2025:14:30:23 +0100] "GET /Jurek/matkam/feeds/matkam_cdon_se.xml HTTP/1.1" 200 4427196 "-" "python-requests/2.32.3"
85.232.241.194 - - [10/Mar/2025:14:30:23 +0100] "GET /Jurek/matkam/feeds/matkam_cdon_dk.xml HTTP/1.1" 200 4426802 "-" "python-requests/2.32.3"
85.232.241.194 - - [10/Mar/2025:14:30:23 +0100] "GET /Jurek/matkam/feeds/matkam_cdon_fi.xml HTTP/1.1" 200 4426211 "-" "python-requests/2.32.3"
85.232.241.194 - - [10/Mar/2025:14:30:23 +0100] "GET /Jurek/rovato/feeds/rovato_cdon_se.xml HTTP/1.1" 200 180808 "-" "python-requests/2.32.3"
85.232.241.194 - - [10/Mar/2025:14:30:23 +0100] "GET /Jurek/rovato/feeds/rovato_cdon_dk.xml HTTP/1.1" 200 180808 "-" "python-requests/2.32.3"
85.232.241.194 - - [10/Mar/2025:14:30:23 +0100] "GET /Jurek/rovato/feeds/rovato_cdon_fi.xml HTTP/1.1" 200 180756 "-" "python-requests/2.32.3"
85.232.241.194 - - [10/Mar/2025:14:30:23 +0100] "GET /Jurek/german/feeds/german_cdon_se.xml HTTP/1.1" 200 4793285 "-" "python-requests/2.32.3"
85.232.241.194 - - [10/Mar/2025:14:30:23 +0100] "GET /Jurek/german/feeds/german_cdon_dk.xml HTTP/1.1" 200 4793300 "-" "python-requests/2.32.3"
85.232.241.194 - - [10/Mar/2025:14:30:23 +0100] "GET /Jurek/german/feeds/german_cdon_fi.xml HTTP/1.1" 200 4792122 "-" "python-requests/2.32.3"
66.211.183.74 - - [10/Mar/2025:14:30:26 +0100] "GET /Jurek/eurofirany/images/389602/0.jpg HTTP/1.1" 200 149156 "-" "scalaj-http/2.4.2"
46.101.116.244 - - [10/Mar/2025:14:30:33 +0100] "GET /Jurek/eurofirany/feeds/eurofirany_ceneo.xml HTTP/1.0" 200 19068456 "-" "-"
193.33.8.61 - - [10/Mar/2025:14:30:43 +0100] "GET /Jurek/topeshop/downloaded_images/5902838468814_DUO-BIEL-BRY%C5%81KA-BOK-ZM.jpg HTTP/2.0" 404 3551 "-" "Mozilla/5.0 (Windows NT 10.0; Win64; x64) AppleWebKit/537.36 (KHTML, like Gecko) Chrome/134.0.0.0 Safari/537.36"
46.101.116.244 - - [10/Mar/2025:14:30:49 +0100] "GET /Jurek/hurtownia_przemyslowa/feeds/hp_mallsish.xml HTTP/2.0" 200 49915826 "-" "-"
193.33.8.61 - - [10/Mar/2025:14:30:52 +0100] "GET /Jurek/topeshop/downloaded_images/5902838468814_DUO-BIEL-BRY%C5%81KA-FRONT-OT.jpg HTTP/2.0" 404 3551 "-" "Mozilla/5.0 (Windows NT 10.0; Win64; x64) AppleWebKit/537.36 (KHTML, like Gecko) Chrome/134.0.0.0 Safari/537.36"
193.33.8.61 - - [10/Mar/2025:14:30:56 +0100] "GET /Jurek/topeshop/downloaded_images/5902838468814_BIELBOKZM.jpg HTTP/2.0" 404 3551 "-" "Mozilla/5.0 (Windows NT 10.0; Win64; x64) AppleWebKit/537.36 (KHTML, like Gecko) Chrome/134.0.0.0 Safari/537.36"
193.33.8.61 - - [10/Mar/2025:14:31:13 +0100] "GET /Jurek/eurofryz/feeds/eurofryz_worten.xml HTTP/2.0" 200 1381595 "https://konsola.dkkapusta1997.usermd.net/" "Mozilla/5.0 (Windows NT 10.0; Win64; x64) AppleWebKit/537.36 (KHTML, like Gecko) Chrome/133.0.0.0 Safari/537.36"
193.33.8.61 - - [10/Mar/2025:14:31:22 +0100] "GET /Jurek/eurofryz/feeds/eurofryz_wortenES.xml HTTP/2.0" 200 1381572 "https://konsola.dkkapusta1997.usermd.net/" "Mozilla/5.0 (Windows NT 10.0; Win64; x64) AppleWebKit/537.36 (KHTML, like Gecko) Chrome/133.0.0.0 Safari/537.36"
46.101.116.244 - - [10/Mar/2025:14:31:23 +0100] "GET /Jurek/action/feeds/action_mallsish.xml HTTP/2.0" 200 56341200 "-" "-"
46.101.116.244 - - [10/Mar/2025:14:31:34 +0100] "GET /Jurek/aw/feeds/aw_fnacfr.xml HTTP/1.0" 404 3551 "-" "-"
89.161.206.59 - - [10/Mar/2025:14:31:34 +0100] "GET /Jurek/pupus/feeds/pupus_amazonde.xml HTTP/1.0" 200 6154682 "-" "-"
89.161.206.59 - - [10/Mar/2025:14:31:46 +0100] "GET /Jurek/aiofactory/feeds/aiofactory_amazonfr.xml HTTP/1.0" 200 2123791 "-" "-"
89.161.206.59 - - [10/Mar/2025:14:31:46 +0100] "GET /Jurek/aiofactory/feeds/aiofactory_amazonit.xml HTTP/1.0" 200 2123820 "-" "-"
89.161.206.59 - - [10/Mar/2025:14:31:46 +0100] "GET /Jurek/aiofactory/feeds/aiofactory_amazonde.xml HTTP/1.0" 200 2123792 "-" "-"
193.33.8.61 - - [10/Mar/2025:14:31:50 +0100] "GET /Jurek/eurofryz3/feeds/eurofryz3_worten.xml HTTP/2.0" 200 172226 "https://konsola.dkkapusta1997.usermd.net/" "Mozilla/5.0 (Windows NT 10.0; Win64; x64) AppleWebKit/537.36 (KHTML, like Gecko) Chrome/133.0.0.0 Safari/537.36"
46.101.116.244 - - [10/Mar/2025:14:31:56 +0100] "GET /Filip/feeds/xlsx_ceneo.xml HTTP/1.0" 200 6241376 "-" "-"
193.33.8.61 - - [10/Mar/2025:14:31:58 +0100] "GET /Jurek/eurofryz3/feeds/eurofryz3_wortenES.xml HTTP/2.0" 200 172219 "https://konsola.dkkapusta1997.usermd.net/" "Mozilla/5.0 (Windows NT 10.0; Win64; x64) AppleWebKit/537.36 (KHTML, like Gecko) Chrome/133.0.0.0 Safari/537.36"
193.33.8.61 - - [10/Mar/2025:14:32:34 +0100] "GET /Jurek/oknobest/feeds/oknobest_worten.xml HTTP/2.0" 200 2708595 "https://konsola.dkkapusta1997.usermd.net/" "Mozilla/5.0 (Windows NT 10.0; Win64; x64) AppleWebKit/537.36 (KHTML, like Gecko) Chrome/133.0.0.0 Safari/537.36"
193.33.8.61 - - [10/Mar/2025:14:32:55 +0100] "GET /Jurek/oknobest/feeds/oknobest_wortenES.xml HTTP/2.0" 200 2708555 "https://konsola.dkkapusta1997.usermd.net/" "Mozilla/5.0 (Windows NT 10.0; Win64; x64) AppleWebKit/537.36 (KHTML, like Gecko) Chrome/133.0.0.0 Safari/537.36"
193.33.8.61 - - [10/Mar/2025:14:33:15 +0100] "GET /Jurek/topeshop/downloaded_images/5902838468821_DUOCZERNBRYLKABOKZM.jpg HTTP/2.0" 404 3551 "-" "Mozilla/5.0 (Windows NT 10.0; Win64; x64) AppleWebKit/537.36 (KHTML, like Gecko) Chrome/134.0.0.0 Safari/537.36"
193.33.8.61 - - [10/Mar/2025:14:33:24 +0100] "GET /Jurek/eoptimo/feeds/eoptimo_worten.xml HTTP/2.0" 200 2094361 "https://konsola.dkkapusta1997.usermd.net/" "Mozilla/5.0 (Windows NT 10.0; Win64; x64) AppleWebKit/537.36 (KHTML, like Gecko) Chrome/133.0.0.0 Safari/537.36"
46.101.116.244 - - [10/Mar/2025:14:33:36 +0100] "GET /Jurek/beliani/feeds/beliani_si_mallsi.xml HTTP/2.0" 200 31748938 "-" "-"
193.33.8.61 - - [10/Mar/2025:14:33:37 +0100] "GET /Jurek/eoptimo/feeds/eoptimo_wortenES.xml HTTP/2.0" 200 2094320 "https://konsola.dkkapusta1997.usermd.net/" "Mozilla/5.0 (Windows NT 10.0; Win64; x64) AppleWebKit/537.36 (KHTML, like Gecko) Chrome/133.0.0.0 Safari/537.36"
193.33.8.61 - - [10/Mar/2025:14:33:43 +0100] "GET /Jurek/topeshop/downloaded_images/5902838468821_DUOCZER%C5%83BRY%C5%81KABOKOT.jpg HTTP/2.0" 404 3551 "-" "Mozilla/5.0 (Windows NT 10.0; Win64; x64) AppleWebKit/537.36 (KHTML, like Gecko) Chrome/134.0.0.0 Safari/537.36"
193.33.8.61 - - [10/Mar/2025:14:33:46 +0100] "GET /Jurek/topeshop/downloaded_images/5902838468821_DUOCZER%C5%83BRY%C5%81KAFRONTZM.jpg HTTP/2.0" 404 3551 "-" "Mozilla/5.0 (Windows NT 10.0; Win64; x64) AppleWebKit/537.36 (KHTML, like Gecko) Chrome/134.0.0.0 Safari/537.36"
52.209.168.113 - - [10/Mar/2025:14:34:01 +0100] "GET /marketplaces/worten2/results/worten.csv HTTP/1.1" 200 147217 "-" "Mirakl HttpClient"
193.33.8.61 - - [10/Mar/2025:14:34:02 +0100] "GET /Jurek/sklep24amk/feeds/sklep24amk_worten.xml HTTP/2.0" 200 3894588 "https://konsola.dkkapusta1997.usermd.net/" "Mozilla/5.0 (Windows NT 10.0; Win64; x64) AppleWebKit/537.36 (KHTML, like Gecko) Chrome/133.0.0.0 Safari/537.36"
89.161.206.59 - - [10/Mar/2025:14:34:07 +0100] "GET /Jurek/oromed/feeds/oromed_allegro.xml HTTP/1.0" 200 900908 "-" "-"
89.161.206.59 - - [10/Mar/2025:14:34:09 +0100] "GET /Jurek/bisanti/feeds/bisanti_allegro.xml HTTP/1.0" 200 1142369 "-" "-"
89.161.206.59 - - [10/Mar/2025:14:34:11 +0100] "GET /Jurek/hurtmeblowy/feeds/hurtmeblowy_allegro.xml HTTP/1.0" 200 8100537 "-" "-"
89.161.206.59 - - [10/Mar/2025:14:34:12 +0100] "GET /Jurek/galopi/feeds/galopi_allegro.xml HTTP/1.0" 200 2111244 "-" "-"
193.33.8.61 - - [10/Mar/2025:14:34:18 +0100] "GET /Jurek/sklep24amk/feeds/sklep24amk_wortenES.xml HTTP/2.0" 200 3894553 "https://konsola.dkkapusta1997.usermd.net/" "Mozilla/5.0 (Windows NT 10.0; Win64; x64) AppleWebKit/537.36 (KHTML, like Gecko) Chrome/133.0.0.0 Safari/537.36"
46.101.116.244 - - [10/Mar/2025:14:34:21 +0100] "GET /Jurek/rovicky/feeds/rovicky_mallsish.xml HTTP/2.0" 200 14076726 "-" "-"
66.249.64.166 - - [10/Mar/2025:14:34:30 +0100] "GET /Jurek/eurofirany/images/372640/6.jpg HTTP/1.1" 200 6595 "-" "Googlebot-Image/1.0"
46.101.116.244 - - [10/Mar/2025:14:34:33 +0100] "GET /Jurek/detian/feeds/detian_mallsish.xml HTTP/2.0" 404 3551 "-" "-"
46.101.116.244 - - [10/Mar/2025:14:34:43 +0100] "GET /Jurek/ikonka/feeds/ikonka_mallsish.xml HTTP/2.0" 200 21454381 "-" "-"
46.101.116.244 - - [10/Mar/2025:14:34:56 +0100] "GET /Jurek/candellux/feeds/candellux_mallsish.xml HTTP/2.0" 200 465720 "-" "-"
46.101.116.244 - - [10/Mar/2025:14:35:06 +0100] "GET /Jurek/andex/feeds/andex_mallslsh.xml HTTP/2.0" 200 1953514 "-" "-"
46.101.116.244 - - [10/Mar/2025:14:35:18 +0100] "GET /Jurek/chemex/feeds/chemex_mallsish.xml HTTP/2.0" 200 47809880 "-" "-"
46.101.116.244 - - [10/Mar/2025:14:35:33 +0100] "GET /Jurek/aw/feeds/awnarzedzia_mallsish.xml HTTP/2.0" 200 90369899 "-" "-"
46.101.116.244 - - [10/Mar/2025:14:35:54 +0100] "GET /Jurek/kinghoff/feeds/kinghoff_amazon_de.xml HTTP/1.0" 200 15135271 "-" "-"
46.101.116.244 - - [10/Mar/2025:14:35:54 +0100] "GET /Jurek/kinghoff/feeds/kinghoff_amazon_de.xml HTTP/1.0" 200 15135271 "-" "-"
193.33.8.61 - - [10/Mar/2025:14:36:24 +0100] "GET /Jurek/topeshop/downloaded_images/5902838468838_DUOSONOMABRY%C5%81KABOKZM.jpg HTTP/2.0" 404 3551 "-" "Mozilla/5.0 (Windows NT 10.0; Win64; x64) AppleWebKit/537.36 (KHTML, like Gecko) Chrome/134.0.0.0 Safari/537.36"
46.101.116.244 - - [10/Mar/2025:14:36:32 +0100] "GET /Jurek/barbecook/feeds/barbecook_mallslsh.xml HTTP/2.0" 200 87532 "-" "-"
46.101.116.244 - - [10/Mar/2025:14:36:33 +0100] "GET /Jurek/aw/feeds/aw_fnacfr.xml HTTP/1.0" 404 3551 "-" "-"
46.101.116.244 - - [10/Mar/2025:14:36:42 +0100] "GET /Jurek/duka/feeds/duka_mallslsh.xml HTTP/2.0" 200 57 "-" "-"
193.33.8.61 - - [10/Mar/2025:14:36:47 +0100] "GET /Jurek/topeshop/downloaded_images/5902838468838_DUOSONOMABRY%C5%81KABOKOT.jpg HTTP/2.0" 404 3551 "-" "Mozilla/5.0 (Windows NT 10.0; Win64; x64) AppleWebKit/537.36 (KHTML, like Gecko) Chrome/134.0.0.0 Safari/537.36"
46.101.116.244 - - [10/Mar/2025:14:36:52 +0100] "GET /Jurek/miloohome/feeds/miloohome_mallsish.xml HTTP/2.0" 200 1421025 "-" "-"
89.161.206.59 - - [10/Mar/2025:14:36:54 +0100] "GET /Jurek/smxdesign/feeds/smxdesign_bol.xml HTTP/1.0" 200 1829090 "-" "-"
89.161.206.59 - - [10/Mar/2025:14:36:55 +0100] "GET /Jurek/kristronik/feeds/kristronik_bol.xml HTTP/1.0" 200 7230170 "-" "-"
46.101.116.244 - - [10/Mar/2025:14:36:56 +0100] "GET /Filip/feeds/xlsx_ceneo.xml HTTP/1.0" 200 6241376 "-" "-"
46.101.116.244 - - [10/Mar/2025:14:37:03 +0100] "GET /Jurek/stema/feeds/stema_mallslsh.xml HTTP/2.0" 200 839571 "-" "-"
193.33.8.61 - - [10/Mar/2025:14:37:14 +0100] "GET /Jurek/topeshop/downloaded_images/5904507209360_profilwieDUOGlina.jpg HTTP/2.0" 200 25636 "-" "Mozilla/5.0 (Windows NT 10.0; Win64; x64) AppleWebKit/537.36 (KHTML, like Gecko) Chrome/134.0.0.0 Safari/537.36"
46.101.116.244 - - [10/Mar/2025:14:37:16 +0100] "GET /Jurek/fernity/feeds/fernity_mallslsh.xml HTTP/2.0" 200 5224821 "-" "-"
66.249.64.167 - - [10/Mar/2025:14:37:31 +0100] "GET /Jurek/eurofirany/images/409912/5.jpg HTTP/1.1" 200 6595 "-" "Googlebot-Image/1.0"
46.101.116.244 - - [10/Mar/2025:14:37:39 +0100] "GET /Jurek/kinghoff/feeds/kinghoff_mallslsh.xml HTTP/2.0" 200 15135238 "-" "-"
46.101.116.244 - - [10/Mar/2025:14:37:59 +0100] "GET /Jurek/kinghome/feeds/kinghome_mallslsh.xml HTTP/2.0" 200 5780945 "-" "-"
66.249.64.166 - - [10/Mar/2025:14:38:05 +0100] "GET /Jurek/eurofirany/images/389936/8.jpg HTTP/1.1" 200 6595 "-" "Googlebot-Image/1.0"
46.101.116.244 - - [10/Mar/2025:14:38:10 +0100] "GET /Jurek/vivaldi/feeds/vivaldi_Mall-slsh.xml HTTP/2.0" 200 344657 "-" "-"
46.101.116.244 - - [10/Mar/2025:14:38:21 +0100] "GET /Jurek/eurofirany/feeds/eurofirany_mall_si_shumee.xml HTTP/2.0" 200 19064818 "-" "-"
66.211.183.71 - - [10/Mar/2025:14:38:33 +0100] "GET /Jurek/eurofirany/images/390196/0.jpg HTTP/1.1" 200 162081 "-" "scalaj-http/2.4.2"
193.33.8.61 - - [10/Mar/2025:14:38:38 +0100] "GET /Jurek/hlo/feeds/hlo_worten.xml HTTP/2.0" 200 4838842 "https://konsola.dkkapusta1997.usermd.net/" "Mozilla/5.0 (Windows NT 10.0; Win64; x64) AppleWebKit/537.36 (KHTML, like Gecko) Chrome/133.0.0.0 Safari/537.36"
193.33.8.61 - - [10/Mar/2025:14:38:48 +0100] "GET /Jurek/hlo/feeds/hlo_wortenES.xml HTTP/2.0" 200 4838768 "https://konsola.dkkapusta1997.usermd.net/" "Mozilla/5.0 (Windows NT 10.0; Win64; x64) AppleWebKit/537.36 (KHTML, like Gecko) Chrome/133.0.0.0 Safari/537.36"
193.33.8.61 - - [10/Mar/2025:14:39:15 +0100] "GET /Jurek/sternhoff/feeds/sternhoff_worten.xml HTTP/2.0" 200 1775810 "https://konsola.dkkapusta1997.usermd.net/" "Mozilla/5.0 (Windows NT 10.0; Win64; x64) AppleWebKit/537.36 (KHTML, like Gecko) Chrome/133.0.0.0 Safari/537.36"
193.33.8.61 - - [10/Mar/2025:14:39:29 +0100] "GET /Jurek/sternhoff/feeds/sternhoff_wortenES.xml HTTP/2.0" 200 1775834 "https://konsola.dkkapusta1997.usermd.net/" "Mozilla/5.0 (Windows NT 10.0; Win64; x64) AppleWebKit/537.36 (KHTML, like Gecko) Chrome/133.0.0.0 Safari/537.36"
66.249.64.167 - - [10/Mar/2025:14:39:32 +0100] "GET /Jurek/eurofirany/images/389918/2.jpg HTTP/1.1" 200 145089 "-" "Googlebot-Image/1.0"
193.33.8.61 - - [10/Mar/2025:14:39:40 +0100] "GET /Jurek/topeshop/downloaded_images/5904507209193_profilWieDUOKaszmir.jpg HTTP/2.0" 304 0 "-" "Mozilla/5.0 (Windows NT 10.0; Win64; x64) AppleWebKit/537.36 (KHTML, like Gecko) Chrome/134.0.0.0 Safari/537.36"
193.33.8.61 - - [10/Mar/2025:14:39:44 +0100] "GET /Jurek/topeshop/downloaded_images/5904507209193_Duowieszakbry%C5%82ka(7).jpg HTTP/2.0" 200 43981 "-" "Mozilla/5.0 (Windows NT 10.0; Win64; x64) AppleWebKit/537.36 (KHTML, like Gecko) Chrome/134.0.0.0 Safari/537.36"
193.33.8.61 - - [10/Mar/2025:14:40:29 +0100] "GET /Jurek/topeshop/downloaded_images/5904507209193_wizuKAszmirDuoWIeszak(4).jpg HTTP/2.0" 200 81332 "-" "Mozilla/5.0 (Windows NT 10.0; Win64; x64) AppleWebKit/537.36 (KHTML, like Gecko) Chrome/134.0.0.0 Safari/537.36"
66.249.64.166 - - [10/Mar/2025:14:40:33 +0100] "GET /Jurek/eurofirany/images/390441/8.jpg HTTP/1.1" 200 241304 "-" "Googlebot-Image/1.0"
193.33.8.61 - - [10/Mar/2025:14:40:33 +0100] "GET /Jurek/topeshop/downloaded_images/5904507209193_wizuKAszmirDuoWIeszak(3).jpg HTTP/2.0" 200 103654 "-" "Mozilla/5.0 (Windows NT 10.0; Win64; x64) AppleWebKit/537.36 (KHTML, like Gecko) Chrome/134.0.0.0 Safari/537.36"
193.33.8.61 - - [10/Mar/2025:14:41:39 +0100] "GET /Jurek/topeshop/downloaded_images/5904507209360_Duowieszakbry%C5%82ka(6).jpg HTTP/2.0" 200 45517 "-" "Mozilla/5.0 (Windows NT 10.0; Win64; x64) AppleWebKit/537.36 (KHTML, like Gecko) Chrome/134.0.0.0 Safari/537.36"
46.101.116.244 - - [10/Mar/2025:14:41:40 +0100] "GET /Jurek/aw/feeds/aw_fnacfr.xml HTTP/1.0" 404 3551 "-" "-"
193.33.8.61 - - [10/Mar/2025:14:41:46 +0100] "GET /Jurek/topeshop/downloaded_images/5904507209360_wizuuu(1).jpg HTTP/2.0" 200 80897 "-" "Mozilla/5.0 (Windows NT 10.0; Win64; x64) AppleWebKit/537.36 (KHTML, like Gecko) Chrome/134.0.0.0 Safari/537.36"
193.33.8.61 - - [10/Mar/2025:14:41:47 +0100] "GET /Jurek/princelh/output.txt HTTP/2.0" 200 2773 "https://konsola.dkkapusta1997.usermd.net/" "Mozilla/5.0 (Macintosh; Intel Mac OS X 10_15_7) AppleWebKit/537.36 (KHTML, like Gecko) Chrome/133.0.0.0 Safari/537.36"
193.33.8.61 - - [10/Mar/2025:14:41:50 +0100] "GET /Jurek/topeshop/downloaded_images/5904507209360_wizuuu(4).jpg HTTP/2.0" 200 103015 "-" "Mozilla/5.0 (Windows NT 10.0; Win64; x64) AppleWebKit/537.36 (KHTML, like Gecko) Chrome/134.0.0.0 Safari/537.36"
46.101.116.244 - - [10/Mar/2025:14:41:58 +0100] "GET /Jurek/unimet/feeds/unimet_mallsish.xml HTTP/2.0" 200 60213316 "-" "-"
35.204.156.102 - - [10/Mar/2025:14:42:21 +0100] "GET /Jurek/topeshop/downloaded_images/5904507209360_wizuuu(4).jpg HTTP/2.0" 200 103015 "-" "BolcomAssetFox/2.0"
35.204.156.102 - - [10/Mar/2025:14:42:21 +0100] "GET /Jurek/topeshop/downloaded_images/5904507209360_wizuuu(1).jpg HTTP/2.0" 200 80897 "-" "BolcomAssetFox/2.0"
35.204.156.102 - - [10/Mar/2025:14:42:21 +0100] "GET /Jurek/topeshop/downloaded_images/5904507209360_profilwieDUOGlina.jpg HTTP/2.0" 200 25636 "-" "BolcomAssetFox/2.0"
35.204.156.102 - - [10/Mar/2025:14:42:21 +0100] "GET /Jurek/topeshop/downloaded_images/5904507209360_Duowieszakbry%C5%82ka%286%29.jpg HTTP/2.0" 200 45517 "-" "BolcomAssetFox/2.0"
35.204.156.102 - - [10/Mar/2025:14:42:21 +0100] "GET /Jurek/topeshop/downloaded_images/5904507209360_Duowieszakbry%C5%82ka.jpg HTTP/2.0" 200 37274 "-" "BolcomAssetFox/2.0"
35.204.156.102 - - [10/Mar/2025:14:42:21 +0100] "GET /Jurek/topeshop/downloaded_images/5904507209193_wizuKAszmirDuoWIeszak(3).jpg HTTP/2.0" 200 103654 "-" "BolcomAssetFox/2.0"
35.204.156.102 - - [10/Mar/2025:14:42:22 +0100] "GET /Jurek/topeshop/downloaded_images/5904507209193_wizuKAszmirDuoWIeszak(4).jpg HTTP/2.0" 200 81332 "-" "BolcomAssetFox/2.0"
35.204.156.102 - - [10/Mar/2025:14:42:22 +0100] "GET /Jurek/topeshop/downloaded_images/5904507209193_Duowieszakbry%C5%82ka%287%29.jpg HTTP/2.0" 200 43981 "-" "BolcomAssetFox/2.0"
35.204.156.102 - - [10/Mar/2025:14:42:22 +0100] "GET /Jurek/topeshop/downloaded_images/5904507209193_Duowieszakbry%C5%82ka%281%29.jpg HTTP/2.0" 200 35223 "-" "BolcomAssetFox/2.0"
46.101.116.244 - - [10/Mar/2025:14:42:31 +0100] "GET /Filip/feeds/xlsx_ceneo.xml HTTP/1.0" 200 6241376 "-" "-"
46.101.116.244 - - [10/Mar/2025:14:42:41 +0100] "GET /Jurek/flhf/feeds/flhf_mallsish.xml HTTP/2.0" 404 3551 "-" "-"
193.33.8.61 - - [10/Mar/2025:14:43:18 +0100] "GET /Jurek/topeshop/downloaded_images/5904507202583_wieszaki_2,2.jpg HTTP/2.0" 304 0 "-" "Mozilla/5.0 (Windows NT 10.0; Win64; x64) AppleWebKit/537.36 (KHTML, like Gecko) Chrome/134.0.0.0 Safari/537.36"
193.33.8.61 - - [10/Mar/2025:14:43:23 +0100] "GET /Jurek/topeshop/downloaded_images/5904507202583_wieszaki_2,1.jpg HTTP/2.0" 200 17100 "-" "Mozilla/5.0 (Windows NT 10.0; Win64; x64) AppleWebKit/537.36 (KHTML, like Gecko) Chrome/134.0.0.0 Safari/537.36"
46.101.116.244 - - [10/Mar/2025:14:43:35 +0100] "GET /Jurek/vidaSI/feeds/vidaSI_mallsh.xml HTTP/2.0" 200 620942234 "-" "-"
66.211.183.70 - - [10/Mar/2025:14:44:11 +0100] "GET /Jurek/eurofirany/images/438721/0.jpg HTTP/1.1" 200 107908 "-" "scalaj-http/2.4.2"
66.249.64.165 - - [10/Mar/2025:14:44:34 +0100] "GET /Jurek/eurofirany/images/422324/6.jpg HTTP/1.1" 200 153203 "-" "Googlebot-Image/1.0"
46.101.116.244 - - [10/Mar/2025:14:45:05 +0100] "GET /Jurek/topeshop/feeds/topeshop_skr.xml HTTP/1.0" 200 2469700 "-" "-"
193.33.8.61 - - [10/Mar/2025:14:45:10 +0100] "GET /Jurek/topeshop/downloaded_images/5904507200589_1.jpg HTTP/2.0" 200 25667 "-" "Mozilla/5.0 (Windows NT 10.0; Win64; x64) AppleWebKit/537.36 (KHTML, like Gecko) Chrome/134.0.0.0 Safari/537.36"
193.33.8.61 - - [10/Mar/2025:14:45:15 +0100] "GET /Jurek/topeshop/downloaded_images/5904507200589_2.jpg HTTP/2.0" 200 53828 "-" "Mozilla/5.0 (Windows NT 10.0; Win64; x64) AppleWebKit/537.36 (KHTML, like Gecko) Chrome/134.0.0.0 Safari/537.36"
193.33.8.61 - - [10/Mar/2025:14:45:22 +0100] "GET /Jurek/topeshop/downloaded_images/5904507200589_3.jpg HTTP/2.0" 200 86603 "-" "Mozilla/5.0 (Windows NT 10.0; Win64; x64) AppleWebKit/537.36 (KHTML, like Gecko) Chrome/134.0.0.0 Safari/537.36"
193.33.8.61 - - [10/Mar/2025:14:45:22 +0100] "GET /Jurek/topeshop/downloaded_images/5904507200589_3.jpg HTTP/2.0" 200 86603 "-" "Mozilla/5.0 (Windows NT 10.0; Win64; x64) AppleWebKit/537.36 (KHTML, like Gecko) Chrome/134.0.0.0 Safari/537.36"
193.33.8.61 - - [10/Mar/2025:14:45:28 +0100] "GET /Jurek/topeshop/downloaded_images/5904507200589_1111.jpg HTTP/2.0" 200 103519 "-" "Mozilla/5.0 (Windows NT 10.0; Win64; x64) AppleWebKit/537.36 (KHTML, like Gecko) Chrome/134.0.0.0 Safari/537.36"
66.249.64.167 - - [10/Mar/2025:14:45:35 +0100] "GET /Jurek/eurofirany/images/383336/7.jpg HTTP/1.1" 200 46202 "-" "Googlebot-Image/1.0"
193.33.8.61 - - [10/Mar/2025:14:45:46 +0100] "GET /Jurek/rosfix/output.txt HTTP/2.0" 200 453 "https://konsola.dkkapusta1997.usermd.net/" "Mozilla/5.0 (Macintosh; Intel Mac OS X 10_15_7) AppleWebKit/537.36 (KHTML, like Gecko) Chrome/133.0.0.0 Safari/537.36"
193.33.8.61 - - [10/Mar/2025:14:46:01 +0100] "GET /Jurek/topeshop/feeds/ HTTP/2.0" 200 3772 "-" "Mozilla/5.0 (Windows NT 10.0; Win64; x64) AppleWebKit/537.36 (KHTML, like Gecko) Chrome/133.0.0.0 Safari/537.36"
66.211.183.73 - - [10/Mar/2025:14:46:09 +0100] "GET /Jurek/eurofirany/images/438608/0.jpg HTTP/1.1" 200 167089 "-" "scalaj-http/2.4.2"
66.211.183.70 - - [10/Mar/2025:14:46:19 +0100] "GET /Jurek/eurofirany/images/383863/0.jpg HTTP/1.1" 200 184231 "-" "scalaj-http/2.4.2"
193.33.8.61 - - [10/Mar/2025:14:46:23 +0100] "GET /Jurek/topeshop/download/topeshop.xml HTTP/2.0" 200 3260416 "https://konsola.dkkapusta1997.usermd.net/" "Mozilla/5.0 (Windows NT 10.0; Win64; x64) AppleWebKit/537.36 (KHTML, like Gecko) Chrome/133.0.0.0 Safari/537.36"
77.79.248.229 - - [10/Mar/2025:14:46:27 +0100] "GET /Jurek/topeshop/download/topeshop.xml HTTP/1.1" 200 5307235 "-" "Python-urllib/3.11"
46.101.116.244 - - [10/Mar/2025:14:46:39 +0100] "GET /Jurek/aw/feeds/aw_fnacfr.xml HTTP/1.0" 404 3551 "-" "-"
193.33.8.61 - - [10/Mar/2025:14:47:09 +0100] "GET /Jurek/jankeski/output.txt HTTP/2.0" 200 648 "https://konsola.dkkapusta1997.usermd.net/" "Mozilla/5.0 (Macintosh; Intel Mac OS X 10_15_7) AppleWebKit/537.36 (KHTML, like Gecko) Chrome/133.0.0.0 Safari/537.36"
46.101.116.244 - - [10/Mar/2025:14:47:16 +0100] "GET /Filip/feeds/xlsx_ceneo.xml HTTP/1.0" 200 6241376 "-" "-"
35.204.156.102 - - [10/Mar/2025:14:47:31 +0100] "GET /Jurek/topeshop/downloaded_images/5904507200589_1.jpg HTTP/2.0" 200 25667 "-" "BolcomAssetFox/2.0"
35.204.156.102 - - [10/Mar/2025:14:47:31 +0100] "GET /Jurek/topeshop/downloaded_images/5904507200589_3.jpg HTTP/2.0" 200 86603 "-" "BolcomAssetFox/2.0"
35.204.156.102 - - [10/Mar/2025:14:47:32 +0100] "GET /Jurek/topeshop/downloaded_images/5904507200589_1111.jpg HTTP/2.0" 200 103519 "-" "BolcomAssetFox/2.0"
35.204.156.102 - - [10/Mar/2025:14:47:32 +0100] "GET /Jurek/topeshop/downloaded_images/5904507200589_2.jpg HTTP/2.0" 200 53828 "-" "BolcomAssetFox/2.0"
66.211.183.71 - - [10/Mar/2025:14:47:33 +0100] "GET /Jurek/eurofirany/images/407877/0.jpg HTTP/1.1" 200 123214 "-" "scalaj-http/2.4.2"
193.33.8.61 - - [10/Mar/2025:14:47:46 +0100] "GET /Jurek/alucon/feeds/alucon_worten.xml HTTP/2.0" 200 553581 "https://konsola.dkkapusta1997.usermd.net/" "Mozilla/5.0 (Windows NT 10.0; Win64; x64) AppleWebKit/537.36 (KHTML, like Gecko) Chrome/133.0.0.0 Safari/537.36"
193.33.8.61 - - [10/Mar/2025:14:47:54 +0100] "GET /Jurek/alucon/feeds/alucon_wortenES.xml HTTP/2.0" 200 553588 "https://konsola.dkkapusta1997.usermd.net/" "Mozilla/5.0 (Windows NT 10.0; Win64; x64) AppleWebKit/537.36 (KHTML, like Gecko) Chrome/133.0.0.0 Safari/537.36"
66.211.183.74 - - [10/Mar/2025:14:48:02 +0100] "GET /Jurek/eurofirany/images/389938/0.jpg HTTP/1.1" 200 228488 "-" "scalaj-http/2.4.2"
34.107.2.130 - - [10/Mar/2025:14:48:08 +0100] "GET /Jurek/eurofirany/images/416791/0.jpg HTTP/2.0" 200 121794 "-" "Mozilla/5.0 (Macintosh; Intel Mac OS X 10.15; rv:78.0) Gecko/20100101 Firefox/78.0"
193.33.8.61 - - [10/Mar/2025:14:48:12 +0100] "GET /Jurek/galopi/feeds/galopi_worten.xml HTTP/2.0" 200 2111107 "https://konsola.dkkapusta1997.usermd.net/" "Mozilla/5.0 (Windows NT 10.0; Win64; x64) AppleWebKit/537.36 (KHTML, like Gecko) Chrome/133.0.0.0 Safari/537.36"
193.33.8.61 - - [10/Mar/2025:14:48:20 +0100] "GET /Jurek/nonabox/output.txt HTTP/2.0" 200 448 "https://konsola.dkkapusta1997.usermd.net/" "Mozilla/5.0 (Macintosh; Intel Mac OS X 10_15_7) AppleWebKit/537.36 (KHTML, like Gecko) Chrome/133.0.0.0 Safari/537.36"
66.249.64.165 - - [10/Mar/2025:14:48:22 +0100] "GET /Jurek/eurofirany/images/392127/5.jpg HTTP/1.1" 200 33 "-" "Googlebot-Image/1.0"
193.33.8.61 - - [10/Mar/2025:14:48:27 +0100] "GET /Jurek/topeshop/downloaded_images/5902838468487_1artisan.png HTTP/2.0" 404 3551 "-" "Mozilla/5.0 (Windows NT 10.0; Win64; x64) AppleWebKit/537.36 (KHTML, like Gecko) Chrome/134.0.0.0 Safari/537.36"
193.33.8.61 - - [10/Mar/2025:14:48:33 +0100] "GET /Jurek/galopi/feeds/galopi_wortenES.xml HTTP/2.0" 200 2111110 "https://konsola.dkkapusta1997.usermd.net/" "Mozilla/5.0 (Windows NT 10.0; Win64; x64) AppleWebKit/537.36 (KHTML, like Gecko) Chrome/133.0.0.0 Safari/537.36"
193.33.8.61 - - [10/Mar/2025:14:48:34 +0100] "GET /Jurek/topeshop/downloaded_images/5902838468487_2artisan.png HTTP/2.0" 404 3551 "-" "Mozilla/5.0 (Windows NT 10.0; Win64; x64) AppleWebKit/537.36 (KHTML, like Gecko) Chrome/134.0.0.0 Safari/537.36"
193.33.8.61 - - [10/Mar/2025:14:48:39 +0100] "GET /Jurek/topeshop/downloaded_images/5902838468487_3artisan.png HTTP/2.0" 404 3551 "-" "Mozilla/5.0 (Windows NT 10.0; Win64; x64) AppleWebKit/537.36 (KHTML, like Gecko) Chrome/134.0.0.0 Safari/537.36"
193.33.8.61 - - [10/Mar/2025:14:48:58 +0100] "GET /Jurek/topeshop/downloaded_images/5902838468456_Oaplwieszak.png HTTP/2.0" 404 3551 "-" "Mozilla/5.0 (Windows NT 10.0; Win64; x64) AppleWebKit/537.36 (KHTML, like Gecko) Chrome/134.0.0.0 Safari/537.36"
193.33.8.61 - - [10/Mar/2025:14:49:08 +0100] "GET /Jurek/topeshop/downloaded_images/5902838468456_2.png HTTP/2.0" 404 3551 "-" "Mozilla/5.0 (Windows NT 10.0; Win64; x64) AppleWebKit/537.36 (KHTML, like Gecko) Chrome/134.0.0.0 Safari/537.36"
193.33.8.61 - - [10/Mar/2025:14:49:13 +0100] "GET /Jurek/topeshop/downloaded_images/5902838468456_3.png HTTP/2.0" 404 3551 "-" "Mozilla/5.0 (Windows NT 10.0; Win64; x64) AppleWebKit/537.36 (KHTML, like Gecko) Chrome/134.0.0.0 Safari/537.36"
193.33.8.61 - - [10/Mar/2025:14:49:18 +0100] "GET /Jurek/topeshop/downloaded_images/5902838468456_20.jpg HTTP/2.0" 200 91795 "-" "Mozilla/5.0 (Windows NT 10.0; Win64; x64) AppleWebKit/537.36 (KHTML, like Gecko) Chrome/134.0.0.0 Safari/537.36"
193.33.8.61 - - [10/Mar/2025:14:49:28 +0100] "GET /Jurek/broers/output.txt HTTP/2.0" 200 449 "https://konsola.dkkapusta1997.usermd.net/" "Mozilla/5.0 (Macintosh; Intel Mac OS X 10_15_7) AppleWebKit/537.36 (KHTML, like Gecko) Chrome/133.0.0.0 Safari/537.36"
193.33.8.61 - - [10/Mar/2025:14:49:57 +0100] "GET /Jurek/topeshop/downloaded_images/5902838468463_1sonoma.png HTTP/2.0" 404 3551 "-" "Mozilla/5.0 (Windows NT 10.0; Win64; x64) AppleWebKit/537.36 (KHTML, like Gecko) Chrome/134.0.0.0 Safari/537.36"
193.33.8.61 - - [10/Mar/2025:14:50:01 +0100] "GET /Jurek/topeshop/downloaded_images/5902838468463_2sonoma.png HTTP/2.0" 404 3551 "-" "Mozilla/5.0 (Windows NT 10.0; Win64; x64) AppleWebKit/537.36 (KHTML, like Gecko) Chrome/134.0.0.0 Safari/537.36"
193.33.8.61 - - [10/Mar/2025:14:50:24 +0100] "GET /Jurek/topeshop/downloaded_images/5902838468463_3sonoma.png HTTP/2.0" 404 3551 "-" "Mozilla/5.0 (Windows NT 10.0; Win64; x64) AppleWebKit/537.36 (KHTML, like Gecko) Chrome/134.0.0.0 Safari/537.36"
193.33.8.61 - - [10/Mar/2025:14:50:40 +0100] "GET /Jurek/cdata/output.txt HTTP/2.0" 200 446 "https://konsola.dkkapusta1997.usermd.net/" "Mozilla/5.0 (Macintosh; Intel Mac OS X 10_15_7) AppleWebKit/537.36 (KHTML, like Gecko) Chrome/133.0.0.0 Safari/537.36"
66.249.64.166 - - [10/Mar/2025:14:51:43 +0100] "GET /Jurek/eurofirany/images/386712/8.jpg HTTP/1.1" 200 252563 "-" "Googlebot-Image/1.0"
46.101.116.244 - - [10/Mar/2025:14:51:50 +0100] "GET /Jurek/aw/feeds/aw_fnacfr.xml HTTP/1.0" 404 3551 "-" "-"
89.161.206.59 - - [10/Mar/2025:14:51:52 +0100] "GET /Jurek/topeshop/feeds/topeshop_cdsc.xml HTTP/1.0" 200 2483743 "-" "-"
193.33.8.61 - - [10/Mar/2025:14:51:57 +0100] "GET /Jurek/omi/output.txt HTTP/2.0" 200 510 "https://konsola.dkkapusta1997.usermd.net/" "Mozilla/5.0 (Macintosh; Intel Mac OS X 10_15_7) AppleWebKit/537.36 (KHTML, like Gecko) Chrome/133.0.0.0 Safari/537.36"
216.113.184.104 - - [10/Mar/2025:14:52:31 +0100] "GET /Jurek/eurofirany/images/470025/0.jpg HTTP/1.1" 200 87870 "-" "Java/17.0.13.0.101"
193.33.8.61 - - [10/Mar/2025:14:52:36 +0100] "GET /Jurek/topeshop/downloaded_images/5904507201609_20_st_close_artisan.jpg HTTP/2.0" 200 65686 "-" "Mozilla/5.0 (Windows NT 10.0; Win64; x64) AppleWebKit/537.36 (KHTML, like Gecko) Chrome/134.0.0.0 Safari/537.36"
216.113.184.102 - - [10/Mar/2025:14:52:39 +0100] "GET /Jurek/eurofirany/images/452631/0.jpg HTTP/1.1" 200 143621 "-" "Java/17.0.13.0.101"
34.91.34.58 - - [10/Mar/2025:14:52:39 +0100] "GET /Jurek/topeshop/downloaded_images/5904507207434_Artisan_ant_front.jpg HTTP/2.0" 200 87230 "-" "BolcomAssetFox/2.0"
34.91.34.58 - - [10/Mar/2025:14:52:39 +0100] "GET /Jurek/topeshop/downloaded_images/5904507207434_20st_artisan_ant.jpg HTTP/2.0" 200 87981 "-" "BolcomAssetFox/2.0"
34.91.34.58 - - [10/Mar/2025:14:52:40 +0100] "GET /Jurek/topeshop/downloaded_images/5904507207434_gawiz.jpg HTTP/2.0" 200 207222 "-" "BolcomAssetFox/2.0"
66.249.64.165 - - [10/Mar/2025:14:52:45 +0100] "GET /Jurek/eurofirany/images/389941/7.jpg HTTP/1.1" 200 6595 "-" "Googlebot-Image/1.0"
193.33.8.61 - - [10/Mar/2025:14:52:58 +0100] "GET /Jurek/cenoman/output.txt HTTP/2.0" 200 779 "https://konsola.dkkapusta1997.usermd.net/" "Mozilla/5.0 (Macintosh; Intel Mac OS X 10_15_7) AppleWebKit/537.36 (KHTML, like Gecko) Chrome/133.0.0.0 Safari/537.36"
46.101.116.244 - - [10/Mar/2025:14:53:11 +0100] "GET /Filip/feeds/xlsx_ceneo.xml HTTP/1.0" 200 6241376 "-" "-"
66.211.183.74 - - [10/Mar/2025:14:53:26 +0100] "GET /Jurek/eurofirany/images/372657/0.jpg HTTP/1.1" 200 61810 "-" "scalaj-http/2.4.2"
34.91.34.58 - - [10/Mar/2025:14:53:35 +0100] "GET /Jurek/topeshop/downloaded_images/5904507201609_Artisan_front.jpg HTTP/2.0" 200 66731 "-" "BolcomAssetFox/2.0"
34.91.34.58 - - [10/Mar/2025:14:53:36 +0100] "GET /Jurek/topeshop/downloaded_images/5904507201609_Artisan_wymiary_Obszar_roboczy_1.jpg HTTP/2.0" 200 49292 "-" "BolcomAssetFox/2.0"
34.91.34.58 - - [10/Mar/2025:14:53:36 +0100] "GET /Jurek/topeshop/downloaded_images/5904507201609_20_st_close_artisan.jpg HTTP/2.0" 200 65686 "-" "BolcomAssetFox/2.0"
34.91.34.58 - - [10/Mar/2025:14:53:36 +0100] "GET /Jurek/topeshop/downloaded_images/5904507201609_artisan.jpg HTTP/2.0" 200 209112 "-" "BolcomAssetFox/2.0"
66.211.183.70 - - [10/Mar/2025:14:54:29 +0100] "GET /Jurek/eurofirany/images/423205/0.jpg HTTP/1.1" 200 0 "-" "scalaj-http/2.4.2"
193.33.8.61 - - [10/Mar/2025:14:54:37 +0100] "GET /Jurek/zbimatyja/output.txt HTTP/2.0" 200 508 "https://konsola.dkkapusta1997.usermd.net/" "Mozilla/5.0 (Macintosh; Intel Mac OS X 10_15_7) AppleWebKit/537.36 (KHTML, like Gecko) Chrome/133.0.0.0 Safari/537.36"
66.249.64.165 - - [10/Mar/2025:14:54:55 +0100] "GET /Jurek/eurofirany/images/384169/2.jpg HTTP/1.1" 200 121092 "-" "Googlebot-Image/1.0"
35.204.156.102 - - [10/Mar/2025:14:55:06 +0100] "GET /Jurek/topeshop/downloaded_images/5904507201593_biel.jpg HTTP/2.0" 200 193925 "-" "BolcomAssetFox/2.0"
34.91.34.58 - - [10/Mar/2025:14:55:06 +0100] "GET /Jurek/topeshop/downloaded_images/5904507201593_20_st_biel.jpg HTTP/2.0" 200 27342 "-" "BolcomAssetFox/2.0"
34.91.34.58 - - [10/Mar/2025:14:55:06 +0100] "GET /Jurek/topeshop/downloaded_images/5904507201593_Biel_wymiary_Obszar_roboczy_1.jpg HTTP/2.0" 200 24407 "-" "BolcomAssetFox/2.0"
34.91.34.58 - - [10/Mar/2025:14:55:06 +0100] "GET /Jurek/topeshop/downloaded_images/5904507201593_biel_front.jpg HTTP/2.0" 200 29101 "-" "BolcomAssetFox/2.0"
46.101.116.244 - - [10/Mar/2025:14:55:18 +0100] "GET /Jurek/intsell/feeds/intsell_skroutz.xml HTTP/1.0" 200 269847863 "-" "-"
193.33.8.61 - - [10/Mar/2025:14:55:51 +0100] "GET /Jurek/purewear/output.txt HTTP/2.0" 200 613 "https://konsola.dkkapusta1997.usermd.net/" "Mozilla/5.0 (Macintosh; Intel Mac OS X 10_15_7) AppleWebKit/537.36 (KHTML, like Gecko) Chrome/133.0.0.0 Safari/537.36"
46.175.227.131 - - [10/Mar/2025:14:56:01 +0100] "GET /Jurek/topeshop/output.txt HTTP/2.0" 200 14023 "https://konsola.dkkapusta1997.usermd.net/" "Mozilla/5.0 (Windows NT 10.0; Win64; x64) AppleWebKit/537.36 (KHTML, like Gecko) Chrome/133.0.0.0 Safari/537.36"
46.101.116.244 - - [10/Mar/2025:14:56:30 +0100] "GET /Jurek/aw/feeds/aw_fnacfr.xml HTTP/1.0" 404 3551 "-" "-"
66.249.64.166 - - [10/Mar/2025:14:56:32 +0100] "GET /Jurek/eurofirany/images/390450/11.jpg HTTP/1.1" 200 250607 "-" "Googlebot-Image/1.0"
46.101.116.244 - - [10/Mar/2025:14:57:00 +0100] "GET /Filip/feeds/xlsx_ceneo.xml HTTP/1.0" 200 6241376 "-" "-"
77.79.248.229 - - [10/Mar/2025:14:58:01 +0100] "GET /Jurek/eurofirany/feeds/eurofirany_manomanode.xml HTTP/1.1" 200 19070046 "-" "Python-urllib/3.11"
77.79.248.229 - - [10/Mar/2025:14:58:03 +0100] "GET /Jurek/hurtownia_przemyslowa/feeds/hp_manomanode.xml HTTP/1.1" 200 49916108 "-" "Python-urllib/3.11"
77.79.248.229 - - [10/Mar/2025:14:58:03 +0100] "GET /Jurek/topeshop/feeds/topeshop_manoDE.xml HTTP/1.1" 200 2469625 "-" "Python-urllib/3.11"
77.79.248.229 - - [10/Mar/2025:14:58:04 +0100] "GET /Jurek/aw/feeds/awnarzedzia_manomanoDE.xml HTTP/1.1" 200 90366442 "-" "Python-urllib/3.11"
77.79.248.229 - - [10/Mar/2025:14:58:05 +0100] "GET /Jurek/action/feeds/action_manomano_DE.xml HTTP/1.1" 200 56340305 "-" "Python-urllib/3.11"
77.79.248.229 - - [10/Mar/2025:14:58:05 +0100] "GET /Jurek/drewdon/feeds/drewdon_manomanoDE.xml HTTP/1.1" 200 504452 "-" "Python-urllib/3.11"
77.79.248.229 - - [10/Mar/2025:14:58:05 +0100] "GET /Jurek/kobi/feeds/kobi_manomanoDE.xml HTTP/1.1" 200 1993254 "-" "Python-urllib/3.11"
77.79.248.229 - - [10/Mar/2025:14:58:05 +0100] "GET /Jurek/pupus/feeds/pupus_manomanoDE.xml HTTP/1.1" 200 6154563 "-" "Python-urllib/3.11"
77.79.248.229 - - [10/Mar/2025:14:58:05 +0100] "GET /Jurek/reman/feeds/reman_manoamnoDE.xml HTTP/1.1" 200 1394837 "-" "Python-urllib/3.11"
77.79.248.229 - - [10/Mar/2025:14:58:05 +0100] "GET /Jurek/artdog/feeds/artdog_manomanoDE.xml HTTP/1.1" 200 17158743 "-" "Python-urllib/3.11"
77.79.248.229 - - [10/Mar/2025:14:58:06 +0100] "GET /Jurek/sartrix/feeds/sartrix_manomanoDE.xml HTTP/1.1" 200 649131 "-" "Python-urllib/3.11"
77.79.248.229 - - [10/Mar/2025:14:58:06 +0100] "GET /Jurek/hlo/feeds/hlo_manomanoDE.xml HTTP/1.1" 200 4838838 "-" "Python-urllib/3.11"
77.79.248.229 - - [10/Mar/2025:14:58:06 +0100] "GET /Jurek/hurtmeblowy/feeds/hurtmeblowy_ManoDE.xml HTTP/1.1" 200 8099279 "-" "Python-urllib/3.11"
77.79.248.229 - - [10/Mar/2025:14:58:06 +0100] "GET /Jurek/drops/feeds/dropsofficecolection_manoDE.xml HTTP/1.1" 200 790655 "-" "Python-urllib/3.11"
77.79.248.229 - - [10/Mar/2025:14:58:06 +0100] "GET /Jurek/aiofactory/feeds/aiofactory_manomanoDE.xml HTTP/1.1" 200 2123781 "-" "Python-urllib/3.11"
77.79.248.229 - - [10/Mar/2025:14:58:06 +0100] "GET /Jurek/szpaklampy/feeds/szpaklampy_manoDE.xml HTTP/1.1" 200 388238 "-" "Python-urllib/3.11"
77.79.248.229 - - [10/Mar/2025:14:58:07 +0100] "GET /Jurek/fernity/feeds/fernity_manomano.xml HTTP/1.1" 200 5224869 "-" "Python-urllib/3.11"
77.79.248.229 - - [10/Mar/2025:14:58:07 +0100] "GET /Jurek/eurofirany/feeds/eurofirany_manomanofr.xml HTTP/1.1" 200 19070421 "-" "Python-urllib/3.11"
77.79.248.229 - - [10/Mar/2025:14:58:08 +0100] "GET /Jurek/hurtownia_przemyslowa/feeds/hp_manomanofr.xml HTTP/1.1" 200 49917015 "-" "Python-urllib/3.11"
77.79.248.229 - - [10/Mar/2025:14:58:09 +0100] "GET /Jurek/kinghome/feeds/kinghome_manomanofr.xml HTTP/1.1" 200 5800566 "-" "Python-urllib/3.11"
77.79.248.229 - - [10/Mar/2025:14:58:09 +0100] "GET /Jurek/topeshop/feeds/topeshop_manoFR.xml HTTP/1.1" 200 2469689 "-" "Python-urllib/3.11"
77.79.248.229 - - [10/Mar/2025:14:58:10 +0100] "GET /Jurek/activeshop/feeds/activeshop_manomanofr.xml HTTP/1.1" 200 10467918 "-" "Python-urllib/3.11"
77.79.248.229 - - [10/Mar/2025:14:58:11 +0100] "GET /Jurek/aw/feeds/awnarzedzia_manomanofr.xml HTTP/1.1" 200 90367821 "-" "Python-urllib/3.11"
77.79.248.229 - - [10/Mar/2025:14:58:12 +0100] "GET /Jurek/bass_new/feeds/bass_manofr.xml HTTP/1.1" 200 7040958 "-" "Python-urllib/3.11"
77.79.248.229 - - [10/Mar/2025:14:58:13 +0100] "GET /Jurek/stema/feeds/stema_manofr.xml HTTP/1.1" 200 839476 "-" "Python-urllib/3.11"
77.79.248.229 - - [10/Mar/2025:14:58:13 +0100] "GET /Jurek/aiofactory/feeds/aiofactory_manomanoFR.xml HTTP/1.1" 200 2123791 "-" "Python-urllib/3.11"
77.79.248.229 - - [10/Mar/2025:14:58:13 +0100] "GET /Jurek/hurtmeblowy/feeds/hurtmeblowy_ManoFR.xml HTTP/1.1" 200 8099388 "-" "Python-urllib/3.11"
77.79.248.229 - - [10/Mar/2025:14:58:13 +0100] "GET /Jurek/szpaklampy/feeds/szpaklampy_manoFR.xml HTTP/1.1" 200 388238 "-" "Python-urllib/3.11"
77.79.248.229 - - [10/Mar/2025:14:58:13 +0100] "GET /Jurek/drops/feeds/dropsofficecolection_manoFR.xml HTTP/1.1" 200 790643 "-" "Python-urllib/3.11"
77.79.248.229 - - [10/Mar/2025:14:58:14 +0100] "GET /Jurek/hurtownia_przemyslowa/feeds/hp_manomanoit.xml HTTP/1.1" 200 49916646 "-" "Python-urllib/3.11"
77.79.248.229 - - [10/Mar/2025:14:58:15 +0100] "GET /Jurek/eurofirany/feeds/eurofirany_manomanoit.xml HTTP/1.1" 200 19070404 "-" "Python-urllib/3.11"
77.79.248.229 - - [10/Mar/2025:14:58:16 +0100] "GET /Jurek/fernity/feeds/fernity_manoIT.xml HTTP/1.1" 200 5225270 "-" "Python-urllib/3.11"
77.79.248.229 - - [10/Mar/2025:14:58:16 +0100] "GET /Jurek/topeshop/feeds/topeshop_manoIT.xml HTTP/1.1" 200 2469703 "-" "Python-urllib/3.11"
77.79.248.229 - - [10/Mar/2025:14:58:16 +0100] "GET /Jurek/action/feeds/action_manomano_IT.xml HTTP/1.1" 200 56341547 "-" "Python-urllib/3.11"
77.79.248.229 - - [10/Mar/2025:14:58:17 +0100] "GET /Jurek/activeshop/feeds/activeshop_manomanoit.xml HTTP/1.1" 200 10468025 "-" "Python-urllib/3.11"
89.161.206.59 - - [10/Mar/2025:14:58:17 +0100] "GET /Jurek/rovato/feeds/rovato_skroutz.xml HTTP/1.0" 200 180782 "-" "-"
77.79.248.229 - - [10/Mar/2025:14:58:18 +0100] "GET /Jurek/aw/feeds/awnarzedzia_manomanoIT.xml HTTP/1.1" 200 90369197 "-" "Python-urllib/3.11"
89.161.206.59 - - [10/Mar/2025:14:58:18 +0100] "GET /Jurek/snibbs/feeds/snibbs_skroutz.xml HTTP/1.0" 200 74366 "-" "-"
77.79.248.229 - - [10/Mar/2025:14:58:19 +0100] "GET /Jurek/barbecook/feeds/barbecook_manoit.xml HTTP/1.1" 200 87531 "-" "Python-urllib/3.11"
77.79.248.229 - - [10/Mar/2025:14:58:19 +0100] "GET /Jurek/drewdon/feeds/drewdon_manomanoIT.xml HTTP/1.1" 200 504444 "-" "Python-urllib/3.11"
77.79.248.229 - - [10/Mar/2025:14:58:19 +0100] "GET /Jurek/kobi/feeds/kobi_manomanoIT.xml HTTP/1.1" 200 1993286 "-" "Python-urllib/3.11"
77.79.248.229 - - [10/Mar/2025:14:58:19 +0100] "GET /Jurek/pupus/feeds/pupus_manomanoIT.xml HTTP/1.1" 200 6154624 "-" "Python-urllib/3.11"
77.79.248.229 - - [10/Mar/2025:14:58:19 +0100] "GET /Jurek/reman/feeds/reman_manoamnoIT.xml HTTP/1.1" 200 1394836 "-" "Python-urllib/3.11"
77.79.248.229 - - [10/Mar/2025:14:58:19 +0100] "GET /Jurek/artdog/feeds/artdog_manomanoIT.xml HTTP/1.1" 200 17159148 "-" "Python-urllib/3.11"
77.79.248.229 - - [10/Mar/2025:14:58:19 +0100] "GET /Jurek/sartrix/feeds/sartrix_manomanoIT.xml HTTP/1.1" 200 649156 "-" "Python-urllib/3.11"
77.79.248.229 - - [10/Mar/2025:14:58:19 +0100] "GET /Jurek/hlo/feeds/hlo_manomanoIT.xml HTTP/1.1" 200 4838804 "-" "Python-urllib/3.11"
77.79.248.229 - - [10/Mar/2025:14:58:20 +0100] "GET /Jurek/hurtmeblowy/feeds/hurtmeblowy_ManoIT.xml HTTP/1.1" 200 8099496 "-" "Python-urllib/3.11"
77.79.248.229 - - [10/Mar/2025:14:58:20 +0100] "GET /Jurek/aiofactory/feeds/aiofactory_manomanoIT.xml HTTP/1.1" 200 2123806 "-" "Python-urllib/3.11"
77.79.248.229 - - [10/Mar/2025:14:58:20 +0100] "GET /Jurek/szpaklampy/feeds/szpaklampy_manoIT.xml HTTP/1.1" 200 388243 "-" "Python-urllib/3.11"
77.79.248.229 - - [10/Mar/2025:14:58:20 +0100] "GET /Jurek/drops/feeds/dropsofficecolection_manoIT.xml HTTP/1.1" 200 790592 "-" "Python-urllib/3.11"
77.79.248.229 - - [10/Mar/2025:14:58:20 +0100] "GET /Jurek/drewdon/feeds/drewdon_manomanoES.xml HTTP/1.1" 200 504446 "-" "Python-urllib/3.11"
34.91.34.58 - - [10/Mar/2025:14:58:21 +0100] "GET /Jurek/topeshop/downloaded_images/5904507201616_sonoma_wymiar_Obszar_roboczy_1.jpg HTTP/2.0" 200 50435 "-" "BolcomAssetFox/2.0"
34.91.34.58 - - [10/Mar/2025:14:58:21 +0100] "GET /Jurek/topeshop/downloaded_images/5904507201616_sonoma_front_open.jpg HTTP/2.0" 200 65155 "-" "BolcomAssetFox/2.0"
77.79.248.229 - - [10/Mar/2025:14:58:21 +0100] "GET /Jurek/hurtownia_przemyslowa/feeds/hp_manomanoES.xml HTTP/1.1" 200 49916802 "-" "Python-urllib/3.11"
34.91.34.58 - - [10/Mar/2025:14:58:21 +0100] "GET /Jurek/topeshop/downloaded_images/5904507201616_sonoma.jpg HTTP/2.0" 200 207841 "-" "BolcomAssetFox/2.0"
77.79.248.229 - - [10/Mar/2025:14:58:21 +0100] "GET /Jurek/kobi/feeds/kobi_manomanoES.xml HTTP/1.1" 200 1993294 "-" "Python-urllib/3.11"
77.79.248.229 - - [10/Mar/2025:14:58:21 +0100] "GET /Jurek/pupus/feeds/pupus_manomanoES.xml HTTP/1.1" 200 6154580 "-" "Python-urllib/3.11"
34.91.34.58 - - [10/Mar/2025:14:58:21 +0100] "GET /Jurek/topeshop/downloaded_images/5904507201616_Sonoma_20_st.jpg HTTP/2.0" 200 77847 "-" "BolcomAssetFox/2.0"
77.79.248.229 - - [10/Mar/2025:14:58:21 +0100] "GET /Jurek/reman/feeds/reman_manoamnoES.xml HTTP/1.1" 200 1394838 "-" "Python-urllib/3.11"
77.79.248.229 - - [10/Mar/2025:14:58:22 +0100] "GET /Jurek/artdog/feeds/artdog_manomanoES.xml HTTP/1.1" 200 17159585 "-" "Python-urllib/3.11"
77.79.248.229 - - [10/Mar/2025:14:58:22 +0100] "GET /Jurek/sartrix/feeds/sartrix_manomanoES.xml HTTP/1.1" 200 649180 "-" "Python-urllib/3.11"
77.79.248.229 - - [10/Mar/2025:14:58:22 +0100] "GET /Jurek/hlo/feeds/hlo_manomanoES.xml HTTP/1.1" 200 4838832 "-" "Python-urllib/3.11"
77.79.248.229 - - [10/Mar/2025:14:58:22 +0100] "GET /Jurek/drops/feeds/dropsofficecolection_manoES.xml HTTP/1.1" 200 790649 "-" "Python-urllib/3.11"
77.79.248.229 - - [10/Mar/2025:14:58:22 +0100] "GET /Jurek/szpaklampy/feeds/szpaklampy_manoES.xml HTTP/1.1" 200 388248 "-" "Python-urllib/3.11"
77.79.248.229 - - [10/Mar/2025:14:58:23 +0100] "GET /Jurek/hurtmeblowy/feeds/hurtmeblowy_ManoES.xml HTTP/1.1" 200 8099412 "-" "Python-urllib/3.11"
77.79.248.229 - - [10/Mar/2025:14:58:23 +0100] "GET /Jurek/aiofactory/feeds/aiofactory_manomanoES.xml HTTP/1.1" 200 2123780 "-" "Python-urllib/3.11"
77.79.248.229 - - [10/Mar/2025:14:58:23 +0100] "GET /Jurek/topeshop/feeds/topeshop_manoES.xml HTTP/1.1" 200 2469688 "-" "Python-urllib/3.11"
89.161.206.59 - - [10/Mar/2025:14:59:15 +0100] "GET /Jurek/aiofactory/feeds/aiofactory_amazones.xml HTTP/1.0" 200 2123820 "-" "-"
89.161.206.59 - - [10/Mar/2025:14:59:17 +0100] "GET /Jurek/aiofactory/feeds/aiofactory_amazonnl.xml HTTP/1.0" 200 2123800 "-" "-"
193.33.8.61 - - [10/Mar/2025:14:59:39 +0100] "GET /Jurek/topeshop/downloaded_images/5902838467671_2.png HTTP/2.0" 404 3551 "-" "Mozilla/5.0 (Windows NT 10.0; Win64; x64) AppleWebKit/537.36 (KHTML, like Gecko) Chrome/134.0.0.0 Safari/537.36"
193.33.8.61 - - [10/Mar/2025:14:59:50 +0100] "GET /Jurek/topeshop/downloaded_images/5902838467671_Wieszak_front.png HTTP/2.0" 404 3551 "-" "Mozilla/5.0 (Windows NT 10.0; Win64; x64) AppleWebKit/537.36 (KHTML, like Gecko) Chrome/134.0.0.0 Safari/537.36"
85.14.86.141 - - [10/Mar/2025:15:00:31 +0100] "GET /Jurek/vida_morele/feeds/VidaPL_all.xml HTTP/2.0" 200 699108634 "-" "MarketplaceAPI curl/7.64.0 PHP/8"
52.17.80.36 - - [10/Mar/2025:15:00:40 +0100] "GET /marketplaces/ubaldi/results/ubaldi.csv HTTP/1.1" 200 147219 "-" "Mirakl HttpClient"
34.91.34.58 - - [10/Mar/2025:15:00:51 +0100] "GET /Jurek/topeshop/downloaded_images/5904507206550_RDS_80_C_2_Open.jpg HTTP/2.0" 200 129406 "-" "BolcomAssetFox/2.0"
34.91.34.58 - - [10/Mar/2025:15:00:51 +0100] "GET /Jurek/topeshop/downloaded_images/5904507206550_profil.jpg HTTP/2.0" 200 30059 "-" "BolcomAssetFox/2.0"
34.91.34.58 - - [10/Mar/2025:15:00:51 +0100] "GET /Jurek/topeshop/downloaded_images/5904507206550_profilOpis.jpg HTTP/2.0" 200 28492 "-" "BolcomAssetFox/2.0"
34.91.34.58 - - [10/Mar/2025:15:00:51 +0100] "GET /Jurek/topeshop/downloaded_images/5904507206550_RDS_80_C_2_Close.jpg HTTP/2.0" 200 119506 "-" "BolcomAssetFox/2.0"
34.91.34.58 - - [10/Mar/2025:15:00:51 +0100] "GET /Jurek/topeshop/downloaded_images/5904507206550_RDS_80_C_1.jpg HTTP/2.0" 200 123573 "-" "BolcomAssetFox/2.0"
34.91.34.58 - - [10/Mar/2025:15:00:51 +0100] "GET /Jurek/topeshop/downloaded_images/5904507206550_W80_pafos_2_opennnn.jpg HTTP/2.0" 200 36478 "-" "BolcomAssetFox/2.0"
193.33.8.61 - - [10/Mar/2025:15:01:06 +0100] "GET /Jurek/em3/output.txt HTTP/2.0" 200 436 "https://konsola.dkkapusta1997.usermd.net/" "Mozilla/5.0 (Macintosh; Intel Mac OS X 10_15_7) AppleWebKit/537.36 (KHTML, like Gecko) Chrome/133.0.0.0 Safari/537.36"
66.211.183.74 - - [10/Mar/2025:15:01:25 +0100] "GET /Jurek/eurofirany/images/402860/0.jpg HTTP/1.1" 200 74920 "-" "scalaj-http/2.4.2"
89.161.206.59 - - [10/Mar/2025:15:01:38 +0100] "GET /Jurek/pawonik/feeds/pawonik_emagro.xml HTTP/1.0" 200 2586375 "-" "-"
89.161.206.59 - - [10/Mar/2025:15:01:38 +0100] "GET /Jurek/pagmil/feeds/pagmil_emagro.xml HTTP/1.0" 200 1802912 "-" "-"
46.101.116.244 - - [10/Mar/2025:15:01:39 +0100] "GET /Jurek/aw/feeds/aw_fnacfr.xml HTTP/1.0" 404 3551 "-" "-"
89.161.206.59 - - [10/Mar/2025:15:01:39 +0100] "GET /Jurek/ikonka/feeds/ikonka_emagro.xml HTTP/1.0" 200 21455420 "-" "-"
89.161.206.59 - - [10/Mar/2025:15:01:40 +0100] "GET /Jurek/eurofirany/feeds/eurofirany_emagro.xml HTTP/1.0" 200 19081738 "-" "-"
89.161.206.59 - - [10/Mar/2025:15:01:40 +0100] "GET /Jurek/b3/feeds/b3_emagro.xml HTTP/1.0" 200 7418272 "-" "-"
89.161.206.59 - - [10/Mar/2025:15:01:40 +0100] "GET /Jurek/hurtmeblowy/feeds/hurtmeblowy_emagro.xml HTTP/1.0" 200 8100659 "-" "-"
89.161.206.59 - - [10/Mar/2025:15:01:41 +0100] "GET /Jurek/oromed/feeds/oromed_emagro.xml HTTP/1.0" 200 900941 "-" "-"
89.161.206.59 - - [10/Mar/2025:15:01:41 +0100] "GET /Jurek/ralmetal/feeds/ralmetal_emag.xml HTTP/1.0" 200 1787426 "-" "-"
89.161.206.59 - - [10/Mar/2025:15:01:42 +0100] "GET /Jurek/ekolight/feeds/ekolioght_emagro.xml HTTP/1.0" 200 9053548 "-" "-"
89.161.206.59 - - [10/Mar/2025:15:01:42 +0100] "GET /Jurek/narzbud/feeds/narzbud_emagro.xml HTTP/1.0" 200 1958520 "-" "-"
89.161.206.59 - - [10/Mar/2025:15:01:42 +0100] "GET /Jurek/ekuchcikowo/feeds/ekuchcikowo_emagro.xml HTTP/1.0" 200 13528984 "-" "-"
89.161.206.59 - - [10/Mar/2025:15:01:42 +0100] "GET /Jurek/szpaklampy/feeds/szpaklampy_emagro.xml HTTP/1.0" 200 388369 "-" "-"
89.161.206.59 - - [10/Mar/2025:15:01:42 +0100] "GET /Jurek/swiatecznygoliat/feeds/swiatecznygoliat_emagro.xml HTTP/1.0" 200 7054981 "-" "-"
89.161.206.59 - - [10/Mar/2025:15:01:43 +0100] "GET /Jurek/spali/feeds/spali_emagro.xml HTTP/1.0" 200 77071 "-" "-"
89.161.206.59 - - [10/Mar/2025:15:01:43 +0100] "GET /Jurek/drops/feeds/dropsofficecolection_emagro.xml HTTP/1.0" 200 790598 "-" "-"
89.161.206.59 - - [10/Mar/2025:15:01:44 +0100] "GET /Jurek/edruk/feeds/edruk_emagro.xml HTTP/1.0" 200 14178062 "-" "-"
89.161.206.59 - - [10/Mar/2025:15:01:44 +0100] "GET /Jurek/eldar/feeds/eldar_emagro.xml HTTP/1.0" 200 7337663 "-" "-"
89.161.206.59 - - [10/Mar/2025:15:01:44 +0100] "GET /Jurek/velinda/feeds/velinda_emagro.xml HTTP/1.0" 200 23442 "-" "-"
89.161.206.59 - - [10/Mar/2025:15:01:44 +0100] "GET /Jurek/urwiskowo/feeds/urwiskowo_emagro.xml HTTP/1.0" 200 9116378 "-" "-"
89.161.206.59 - - [10/Mar/2025:15:01:44 +0100] "GET /Jurek/combine/feeds/combine_EMAGRO.xml HTTP/1.0" 200 210572 "-" "-"
89.161.206.59 - - [10/Mar/2025:15:01:45 +0100] "GET /Jurek/reman/feeds/reman_emagro.xml HTTP/1.0" 200 1394902 "-" "-"
89.161.206.59 - - [10/Mar/2025:15:01:45 +0100] "GET /Jurek/erohurtownia/feeds/erohurtownia_emagro.xml HTTP/1.0" 200 22856241 "-" "-"
89.161.206.59 - - [10/Mar/2025:15:01:47 +0100] "GET /Jurek/wenom/feeds/wenom_emagro.xml HTTP/1.0" 200 583275 "-" "-"
89.161.206.59 - - [10/Mar/2025:15:01:48 +0100] "GET /Jurek/elecomp/feeds/elecomp_emagro.xml HTTP/1.0" 200 2870423 "-" "-"
89.161.206.59 - - [10/Mar/2025:15:01:49 +0100] "GET /Jurek/qbox/feeds/qbox_emagro.xml HTTP/1.0" 200 398878 "-" "-"
89.161.206.59 - - [10/Mar/2025:15:01:49 +0100] "GET /Jurek/motofan/feeds/motofan_emagro.xml HTTP/1.0" 200 2392211 "-" "-"
89.161.206.59 - - [10/Mar/2025:15:01:49 +0100] "GET /Jurek/ekotex/feeds/ekotex_emagro.xml HTTP/1.0" 200 197970 "-" "-"
89.161.206.59 - - [10/Mar/2025:15:01:50 +0100] "GET /Jurek/sartrix/feeds/sartrix_emagro.xml HTTP/1.0" 200 649153 "-" "-"
89.161.206.59 - - [10/Mar/2025:15:01:50 +0100] "GET /Jurek/twojsklep/feeds/twojsklep_emagro.xml HTTP/1.0" 200 126813 "-" "-"
89.161.206.59 - - [10/Mar/2025:15:01:50 +0100] "GET /Jurek/madrex/feeds/madrex_emagro.xml HTTP/1.0" 200 466718 "-" "-"
89.161.206.59 - - [10/Mar/2025:15:01:50 +0100] "GET /Jurek/drewdon/feeds/drewdon_emagro.xml HTTP/1.0" 200 504533 "-" "-"
89.161.206.59 - - [10/Mar/2025:15:01:51 +0100] "GET /Jurek/dekoele/feeds/dekoele_emagro.xml HTTP/1.0" 200 733974 "-" "-"
89.161.206.59 - - [10/Mar/2025:15:01:51 +0100] "GET /Jurek/expertauto/feeds/expertauto_emagro.xml HTTP/1.0" 200 1159117 "-" "-"
89.161.206.59 - - [10/Mar/2025:15:01:51 +0100] "GET /Jurek/zepnij/feeds/zepnij_emagro.xml HTTP/1.0" 200 19523908 "-" "-"
89.161.206.59 - - [10/Mar/2025:15:01:51 +0100] "GET /Jurek/rider/feeds/rider_emagro.xml HTTP/1.0" 200 8165880 "-" "-"
46.101.116.244 - - [10/Mar/2025:15:01:52 +0100] "GET /Jurek/intsell/feeds/intsell_emagro.xml HTTP/1.0" 200 342097534 "-" "-"
52.17.80.36 - - [10/Mar/2025:15:01:52 +0100] "GET /marketplaces/rue/results/rue.csv HTTP/1.1" 200 147219 "-" "Mirakl HttpClient"
89.161.206.59 - - [10/Mar/2025:15:01:53 +0100] "GET /Jurek/wezer/feeds/wezer_emagro.xml HTTP/1.0" 200 210969 "-" "-"
89.161.206.59 - - [10/Mar/2025:15:01:54 +0100] "GET /Jurek/muminky/feeds/muminky_emagro.xml HTTP/1.0" 200 2678237 "-" "-"
89.161.206.59 - - [10/Mar/2025:15:01:54 +0100] "GET /Jurek/pasiekaslodka/feeds/pasiekaslodka_emagro.xml HTTP/1.0" 200 119683 "-" "-"
89.161.206.59 - - [10/Mar/2025:15:01:55 +0100] "GET /Jurek/evil/feeds/evil_emagro.xml HTTP/1.0" 200 306436 "-" "-"
89.161.206.59 - - [10/Mar/2025:15:01:56 +0100] "GET /Jurek/lendo/feeds/lendo_emagro.xml HTTP/1.0" 200 330429 "-" "-"
89.161.206.59 - - [10/Mar/2025:15:01:56 +0100] "GET /Jurek/dekornatort/feeds/dekornatort_emagro.xml HTTP/1.0" 200 225769 "-" "-"
89.161.206.59 - - [10/Mar/2025:15:02:01 +0100] "GET /Jurek/hurtownia_przemyslowa/feeds/hp_emagro.xml HTTP/1.0" 200 42901057 "-" "-"
89.161.206.59 - - [10/Mar/2025:15:02:02 +0100] "GET /Jurek/topeshop/feeds/topeshop_emagro.xml HTTP/1.0" 200 921213 "-" "-"
89.161.206.59 - - [10/Mar/2025:15:02:04 +0100] "GET /Jurek/activeshop/feeds/activeshop_emagro.xml HTTP/1.0" 200 10469796 "-" "-"
46.101.116.244 - - [10/Mar/2025:15:02:07 +0100] "GET /Filip/feeds/xlsx_ceneo.xml HTTP/1.0" 200 6241376 "-" "-"
66.135.195.16 - - [10/Mar/2025:15:02:10 +0100] "GET /Jurek/topeshop/downloaded_images/5904507209858_Image0007_mini.jpg HTTP/1.1" 404 3551 "http://www.ebay.com/" "Mozilla/4.0 (compatible; MSIE 4.01; Windows NT)"
