89.161.206.59 - - [10/Mar/2025:12:00:50 +0100] "GET /Jurek/oromed/feeds/oromed_aliex.xml HTTP/1.0" 200 900765 "-" "-"
46.101.116.244 - - [10/Mar/2025:12:01:01 +0100] "GET /Jurek/najtanszysport/feeds/najtanszysport_alza.xml HTTP/2.0" 200 3982762 "-" "-"
89.161.206.59 - - [10/Mar/2025:12:01:12 +0100] "GET /Jurek/artdog/feeds/artdog_allegro.xml HTTP/1.0" 200 17162209 "-" "-"
46.101.116.244 - - [10/Mar/2025:12:01:12 +0100] "GET /Jurek/rider/feeds/rider_alza.xml HTTP/2.0" 200 8166348 "-" "-"
46.101.116.244 - - [10/Mar/2025:12:01:24 +0100] "GET /Jurek/aw/feeds/aw_fnacfr.xml HTTP/1.0" 404 3551 "-" "-"
46.101.116.244 - - [10/Mar/2025:12:01:31 +0100] "GET /Jurek/intsell/feeds/intsell_alza.xml HTTP/2.0" 200 342181085 "-" "-"
46.101.116.244 - - [10/Mar/2025:12:01:46 +0100] "GET /Filip/feeds/xlsx_ceneo.xml HTTP/1.0" 200 6241376 "-" "-"
89.161.206.59 - - [10/Mar/2025:12:01:56 +0100] "GET /Jurek/fertone/feeds/fertone_emagro.xml HTTP/1.0" 200 586090 "-" "-"
89.161.206.59 - - [10/Mar/2025:12:01:56 +0100] "GET /Jurek/artdog/feeds/artdog_emagro.xml HTTP/1.0" 200 17164296 "-" "-"
89.161.206.59 - - [10/Mar/2025:12:01:58 +0100] "GET /Jurek/cbdgreen/feeds/cbdgreen_emagro.xml HTTP/1.0" 200 50546 "-" "-"
52.17.80.36 - - [10/Mar/2025:12:01:59 +0100] "GET /marketplaces/rue/results/rue.csv HTTP/1.1" 200 7588787 "-" "Mirakl HttpClient"
89.161.206.59 - - [10/Mar/2025:12:02:01 +0100] "GET /Jurek/aiofactory/feeds/aiofactory_emagro.xml HTTP/1.0" 200 2124140 "-" "-"
89.161.206.59 - - [10/Mar/2025:12:02:01 +0100] "GET /Jurek/antiodor/feeds/antiodor_emagro.xml HTTP/1.0" 200 137787 "-" "-"
89.161.206.59 - - [10/Mar/2025:12:02:03 +0100] "GET /Jurek/domzapachy/feeds/domzapachy_emagro.xml HTTP/1.0" 200 179626 "-" "-"
89.161.206.59 - - [10/Mar/2025:12:02:06 +0100] "GET /Jurek/beltimore/feeds/beltimore_emagro.xml HTTP/1.0" 200 18651392 "-" "-"
89.161.206.59 - - [10/Mar/2025:12:02:06 +0100] "GET /Jurek/pupus/feeds/pupus_emagro.xml HTTP/1.0" 200 6156153 "-" "-"
89.161.206.59 - - [10/Mar/2025:12:02:06 +0100] "GET /Jurek/sternhoff/feeds/sternhoff_emagro.xml HTTP/1.0" 200 1776141 "-" "-"
89.161.206.59 - - [10/Mar/2025:12:02:06 +0100] "GET /Jurek/bentivolio/feeds/bentivolio_emagro.xml HTTP/1.0" 200 3498685 "-" "-"
89.161.206.59 - - [10/Mar/2025:12:02:07 +0100] "GET /Jurek/smxdesign/feeds/smxdesign_emagro.xml HTTP/1.0" 200 1829255 "-" "-"
89.161.206.59 - - [10/Mar/2025:12:02:08 +0100] "GET /Jurek/globaldeli/feeds/globaldeli_emagro.xml HTTP/1.0" 200 2590914 "-" "-"
89.161.206.59 - - [10/Mar/2025:12:02:09 +0100] "GET /Jurek/benetech/feeds/benetech_amazonnl.xml HTTP/1.0" 200 4165304 "-" "-"
89.161.206.59 - - [10/Mar/2025:12:02:10 +0100] "GET /Jurek/benetech/feeds/benetech_amazones.xml HTTP/1.0" 200 4165291 "-" "-"
89.161.206.59 - - [10/Mar/2025:12:02:10 +0100] "GET /Jurek/benetech/feeds/benetech_amazonit.xml HTTP/1.0" 200 4165305 "-" "-"
89.161.206.59 - - [10/Mar/2025:12:02:13 +0100] "GET /Jurek/fernity/feeds/fernity_emagro.xml HTTP/1.0" 200 5224971 "-" "-"
89.161.206.59 - - [10/Mar/2025:12:02:15 +0100] "GET /Jurek/kinghome/feeds/kinghome_emagro.xml HTTP/1.0" 200 5803124 "-" "-"
89.161.206.59 - - [10/Mar/2025:12:02:16 +0100] "GET /Jurek/maksik/feeds/maksik_emagro.xml HTTP/1.0" 200 4085169 "-" "-"
89.161.206.59 - - [10/Mar/2025:12:02:17 +0100] "GET /Jurek/hlo/feeds/hlo_emagro.xml HTTP/1.0" 200 4838858 "-" "-"
89.161.206.59 - - [10/Mar/2025:12:02:17 +0100] "GET /Jurek/pastelnitka/feeds/pastelnitka_zero.xml HTTP/1.0" 200 1827916 "-" "-"
89.161.206.59 - - [10/Mar/2025:12:02:17 +0100] "GET /Jurek/playcob/feeds/playcob_emagro.xml HTTP/1.0" 200 6980952 "-" "-"
89.161.206.59 - - [10/Mar/2025:12:02:17 +0100] "GET /Jurek/roger/feeds/roger_emagro.xml HTTP/1.0" 200 1396813 "-" "-"
89.161.206.59 - - [10/Mar/2025:12:02:17 +0100] "GET /Jurek/nexus/feeds/nexus_emagro.xml HTTP/1.0" 200 226703 "-" "-"
89.161.206.59 - - [10/Mar/2025:12:02:18 +0100] "GET /Jurek/snibbs/feeds/snibbs_emagro.xml HTTP/1.0" 200 74378 "-" "-"
89.161.206.59 - - [10/Mar/2025:12:02:18 +0100] "GET /Jurek/alucon/feeds/alucon_emagro.xml HTTP/1.0" 200 553624 "-" "-"
89.161.206.59 - - [10/Mar/2025:12:02:19 +0100] "GET /Jurek/winoszarnia/feeds/winoszarnia_emagro.xml HTTP/1.0" 200 6142116 "-" "-"
89.161.206.59 - - [10/Mar/2025:12:02:19 +0100] "GET /Jurek/luxma/feeds/luxma_emagro.xml HTTP/1.0" 200 8059490 "-" "-"
89.161.206.59 - - [10/Mar/2025:12:02:20 +0100] "GET /Jurek/shiori/feeds/shiori_emagro.xml HTTP/1.0" 200 453703 "-" "-"
89.161.206.59 - - [10/Mar/2025:12:02:20 +0100] "GET /Jurek/eoptimo/feeds/eoptimo_emagro.xml HTTP/1.0" 200 2094685 "-" "-"
89.161.206.59 - - [10/Mar/2025:12:02:20 +0100] "GET /Jurek/coppotech/feeds/coppotech_emagro.xml HTTP/1.0" 200 38065762 "-" "-"
89.161.206.59 - - [10/Mar/2025:12:02:20 +0100] "GET /Jurek/dropkz/feeds/dropkz_emagro.xml HTTP/1.0" 200 70033933 "-" "-"
89.161.206.59 - - [10/Mar/2025:12:02:20 +0100] "GET /Jurek/euroshop/feeds/euroshop_emagro.xml HTTP/1.0" 200 20027660 "-" "-"
89.161.206.59 - - [10/Mar/2025:12:02:21 +0100] "GET /Jurek/porzwkablach/feeds/porzwkablach_emag.xml HTTP/1.0" 200 1200382 "-" "-"
89.161.206.59 - - [10/Mar/2025:12:02:21 +0100] "GET /Jurek/bisanti/feeds/bisanti_emagro.xml HTTP/1.0" 200 1142462 "-" "-"
89.161.206.59 - - [10/Mar/2025:12:02:22 +0100] "GET /Jurek/polzoo/feeds/polzoo_emagro.xml HTTP/1.0" 200 48132490 "-" "-"
89.161.206.59 - - [10/Mar/2025:12:02:22 +0100] "GET /Jurek/galopibhp/feeds/galopibhp_emagro.xml HTTP/1.0" 200 1973738 "-" "-"
89.161.206.59 - - [10/Mar/2025:12:02:22 +0100] "GET /Jurek/zenga/feeds/zenga_emagro.xml HTTP/1.0" 200 222866 "-" "-"
89.161.206.59 - - [10/Mar/2025:12:02:22 +0100] "GET /Jurek/najtanszysport/feeds/najtanszysport_emagro.xml HTTP/1.0" 200 3984478 "-" "-"
66.249.64.165 - - [10/Mar/2025:12:02:23 +0100] "GET /Jurek/eurofirany/images/392252/3.jpg HTTP/1.1" 200 33 "-" "Googlebot-Image/1.0"
85.14.86.141 - - [10/Mar/2025:12:02:31 +0100] "GET /Jurek/kinghoff/feeds/kinghoff_morele.xml HTTP/2.0" 200 15129545 "-" "MarketplaceAPI curl/7.64.0 PHP/8"
89.161.206.59 - - [10/Mar/2025:12:03:28 +0100] "GET /Jurek/hurtmeblowy/feeds/hurtmeblowy_cdsc.xml HTTP/1.0" 200 5248116 "-" "-"
46.101.116.244 - - [10/Mar/2025:12:03:43 +0100] "GET /Jurek/sempler/feeds/sempler_alza.xml HTTP/2.0" 200 6789334 "-" "-"
46.101.116.244 - - [10/Mar/2025:12:03:54 +0100] "GET /Jurek/eroplace/feeds/eroplace_alza.xml HTTP/2.0" 200 52182150 "-" "-"
66.249.64.165 - - [10/Mar/2025:12:04:03 +0100] "GET / HTTP/1.1" 200 1633 "-" "GoogleOther"
46.175.227.131 - - [10/Mar/2025:12:04:04 +0100] "GET /Jurek/hurtmeblowy/download/hurtmeblowy.csv HTTP/2.0" 200 7042227 "https://konsola.dkkapusta1997.usermd.net/" "Mozilla/5.0 (Windows NT 10.0; Win64; x64) AppleWebKit/537.36 (KHTML, like Gecko) Chrome/133.0.0.0 Safari/537.36"
46.101.116.244 - - [10/Mar/2025:12:04:08 +0100] "GET /Jurek/mosti/feeds/mosti_alza.xml HTTP/2.0" 200 4629219 "-" "-"
46.101.116.244 - - [10/Mar/2025:12:04:08 +0100] "GET /Jurek/biokominki/feeds/biokomiinki_alza.xml HTTP/2.0" 200 1422344 "-" "-"
85.14.86.141 - - [10/Mar/2025:12:04:12 +0100] "GET /Jurek/eurofirany/feeds/eurofirany_morele.xml HTTP/2.0" 200 19066378 "-" "MarketplaceAPI curl/7.64.0 PHP/8"
89.161.206.59 - - [10/Mar/2025:12:04:18 +0100] "GET /Jurek/bass_new/feeds/bass_skroutz.xml HTTP/1.0" 200 7040903 "-" "-"
85.14.86.141 - - [10/Mar/2025:12:04:21 +0100] "GET /Jurek/vivaldi/feeds/vivaldi_Morele-PL.xml HTTP/2.0" 200 344674 "-" "MarketplaceAPI curl/7.64.0 PHP/8"
46.101.116.244 - - [10/Mar/2025:12:04:49 +0100] "GET /Jurek/vida_morele/feeds/vida_alza.xml HTTP/2.0" 200 623199142 "-" "-"
34.96.39.112 - - [10/Mar/2025:12:04:50 +0100] "GET /matikrol/lavre/5907558293401_3.jpg HTTP/1.1" 404 3551 "-" "imgproxy/3.6.0"
85.14.86.141 - - [10/Mar/2025:12:05:12 +0100] "GET /Jurek/aw/feeds/awnarzedzia_morele.xml HTTP/2.0" 200 90380028 "-" "MarketplaceAPI curl/7.64.0 PHP/8"
85.14.86.141 - - [10/Mar/2025:12:05:14 +0100] "GET /Jurek/vida_morele/feeds/VidaPL_morele.xml HTTP/2.0" 200 698959133 "-" "MarketplaceAPI curl/7.64.0 PHP/8"
66.249.64.166 - - [10/Mar/2025:12:05:27 +0100] "GET /Jurek/eurofirany/images/372982/6.jpg HTTP/1.1" 200 6595 "-" "Googlebot-Image/1.0"
85.14.86.141 - - [10/Mar/2025:12:05:54 +0100] "GET /Jurek/beliani/feeds/beliani_morele.xml HTTP/2.0" 200 31779470 "-" "MarketplaceAPI curl/7.64.0 PHP/8"
46.101.116.244 - - [10/Mar/2025:12:06:01 +0100] "GET /Jurek/aw/feeds/aw_fnacfr.xml HTTP/1.0" 404 3551 "-" "-"
89.161.206.59 - - [10/Mar/2025:12:06:03 +0100] "GET /Jurek/eurofirany/feeds/eurofirany_amazonFR.xml HTTP/1.0" 200 19064802 "-" "-"
89.161.206.59 - - [10/Mar/2025:12:06:05 +0100] "GET /Jurek/eurofirany/feeds/eurofirany_amazonSE.xml HTTP/1.0" 200 19082123 "-" "-"
89.161.206.59 - - [10/Mar/2025:12:06:13 +0100] "GET /Jurek/kobi/feeds/kobi_amazonnl.xml HTTP/1.0" 200 677223 "-" "-"
89.161.206.59 - - [10/Mar/2025:12:06:13 +0100] "GET /Jurek/kobi/feeds/kobi_amazonse.xml HTTP/1.0" 200 677354 "-" "-"
89.161.206.59 - - [10/Mar/2025:12:06:13 +0100] "GET /Jurek/kobi/feeds/kobi_amazonbe.xml HTTP/1.0" 200 677219 "-" "-"
46.101.116.244 - - [10/Mar/2025:12:06:19 +0100] "GET /Filip/feeds/xlsx_ceneo.xml HTTP/1.0" 200 6241376 "-" "-"
66.249.64.165 - - [10/Mar/2025:12:09:43 +0100] "GET /Jurek/eurofirany/images/372639/6.jpg HTTP/1.1" 200 6595 "-" "Googlebot-Image/1.0"
185.6.76.18 - - [10/Mar/2025:12:10:45 +0100] "GET /marketplaces/skroutz/feeds/shumee.xml HTTP/1.1" 200 348589551 "-" "SkroutzBot v1.0"
46.101.116.244 - - [10/Mar/2025:12:11:09 +0100] "GET /Jurek/aw/feeds/aw_fnacfr.xml HTTP/1.0" 404 3551 "-" "-"
57.141.0.15 - - [10/Mar/2025:12:11:12 +0100] "GET /Filip/feeds/mondex/ceneo.history HTTP/1.1" 200 39959 "-" "meta-externalagent/1.1 (+https://developers.facebook.com/docs/sharing/webmasters/crawler)"
46.101.116.244 - - [10/Mar/2025:12:11:28 +0100] "GET /Filip/feeds/xlsx_ceneo.xml HTTP/1.0" 200 6241376 "-" "-"
77.79.248.229 - - [10/Mar/2025:12:12:13 +0100] "GET /Jurek/elavia/feeds/elavia_cdon_dk.xml HTTP/1.1" 200 2497656 "-" "Python-urllib/3.11"
66.249.64.165 - - [10/Mar/2025:12:12:16 +0100] "GET /Jurek/eurofirany/images/434742/9.jpg HTTP/1.1" 200 33 "-" "Googlebot-Image/1.0"
216.113.184.104 - - [10/Mar/2025:12:13:46 +0100] "GET /Jurek/topeshop/downloaded_images/5902838461273_3.png HTTP/1.1" 404 3551 "http://www.ebay.com/" "Mozilla/4.0 (compatible; MSIE 4.01; Windows NT)"
216.113.184.103 - - [10/Mar/2025:12:13:46 +0100] "GET /Jurek/topeshop/downloaded_images/5902838461273_Sonoma_Rtv.jpg HTTP/1.1" 404 3551 "http://www.ebay.com/" "Mozilla/4.0 (compatible; MSIE 4.01; Windows NT)"
216.113.184.103 - - [10/Mar/2025:12:13:46 +0100] "GET /Jurek/topeshop/downloaded_images/5902838461273_2.png HTTP/1.1" 404 3551 "http://www.ebay.com/" "Mozilla/4.0 (compatible; MSIE 4.01; Windows NT)"
216.113.184.105 - - [10/Mar/2025:12:13:46 +0100] "GET /Jurek/topeshop/downloaded_images/5902838461273_I_RTV-140-MALWA_2_S.jpg HTTP/1.1" 200 131398 "http://www.ebay.com/" "Mozilla/4.0 (compatible; MSIE 4.01; Windows NT)"
216.113.184.101 - - [10/Mar/2025:12:13:46 +0100] "GET /Jurek/topeshop/downloaded_images/5902838461273_I_RTV-140-MALWA_S.jpg HTTP/1.1" 200 141531 "http://www.ebay.com/" "Mozilla/4.0 (compatible; MSIE 4.01; Windows NT)"
216.113.184.103 - - [10/Mar/2025:12:13:46 +0100] "GET /Jurek/topeshop/downloaded_images/5902838461273_I_RTV-140-MALWA_o_S.jpg HTTP/1.1" 200 140612 "http://www.ebay.com/" "Mozilla/4.0 (compatible; MSIE 4.01; Windows NT)"
216.113.184.103 - - [10/Mar/2025:12:13:46 +0100] "GET /Jurek/topeshop/downloaded_images/5902838461273_ar2_ss_.RGB_color.0003.jpg HTTP/1.1" 200 137343 "http://www.ebay.com/" "Mozilla/4.0 (compatible; MSIE 4.01; Windows NT)"
77.79.248.229 - - [10/Mar/2025:12:14:52 +0100] "GET /Jurek/elavia/feeds/elavia_cdon_fi.xml HTTP/1.1" 200 2497268 "-" "Python-urllib/3.11"
66.249.64.165 - - [10/Mar/2025:12:15:53 +0100] "GET /Jurek/eurofirany/images/390015/7.jpg HTTP/1.1" 200 6595 "-" "Googlebot-Image/1.0"
66.249.64.165 - - [10/Mar/2025:12:15:56 +0100] "GET /Jurek/eurofirany/images/409426/6.jpg HTTP/1.1" 200 598576 "-" "Googlebot-Image/1.0"
46.101.116.244 - - [10/Mar/2025:12:16:02 +0100] "GET /Jurek/aw/feeds/aw_fnacfr.xml HTTP/1.0" 404 3551 "-" "-"
66.249.64.165 - - [10/Mar/2025:12:16:02 +0100] "GET /Jurek/eurofirany/images/409426/7.jpg HTTP/1.1" 200 598575 "-" "Googlebot-Image/1.0"
46.101.116.244 - - [10/Mar/2025:12:16:29 +0100] "GET /Filip/feeds/xlsx_ceneo.xml HTTP/1.0" 200 6241376 "-" "-"
66.249.64.165 - - [10/Mar/2025:12:16:37 +0100] "GET /Jurek/eurofirany/images/372640/1.jpg HTTP/1.1" 200 41854 "-" "Googlebot-Image/1.0"
66.249.64.165 - - [10/Mar/2025:12:17:55 +0100] "GET /Jurek/eurofirany/images/438650/8.jpg HTTP/1.1" 200 33 "-" "Googlebot-Image/1.0"
66.249.64.165 - - [10/Mar/2025:12:17:55 +0100] "GET /Jurek/eurofirany/images/438650/9.jpg HTTP/1.1" 200 33 "-" "Googlebot-Image/1.0"
66.249.64.165 - - [10/Mar/2025:12:17:56 +0100] "GET /Jurek/eurofirany/images/372660/6.jpg HTTP/1.1" 200 6595 "-" "Googlebot-Image/1.0"
66.249.64.165 - - [10/Mar/2025:12:18:02 +0100] "GET /Jurek/eurofirany/images/438650/7.jpg HTTP/1.1" 200 33 "-" "Googlebot-Image/1.0"
66.249.64.165 - - [10/Mar/2025:12:18:04 +0100] "GET /Jurek/eurofirany/images/438650/6.jpg HTTP/1.1" 200 33 "-" "Googlebot-Image/1.0"
89.161.206.59 - - [10/Mar/2025:12:18:37 +0100] "GET /Jurek/domzapachy/feeds/domzapachy_skroutz.xml HTTP/1.0" 200 179626 "-" "-"
89.161.206.59 - - [10/Mar/2025:12:21:12 +0100] "GET /Jurek/bass/feeds/bass_amazonfr.xml HTTP/1.0" 200 3985908 "-" "-"
89.161.206.59 - - [10/Mar/2025:12:21:24 +0100] "GET /Jurek/kambukka/feeds/kambukka_amazonfr.xml HTTP/1.0" 200 1047064 "-" "-"
89.161.206.59 - - [10/Mar/2025:12:21:24 +0100] "GET /Jurek/kambukka/feeds/kambukka_amazonit.xml HTTP/1.0" 200 1047047 "-" "-"
89.161.206.59 - - [10/Mar/2025:12:21:24 +0100] "GET /Jurek/kambukka/feeds/kambukka_amazonnl.xml HTTP/1.0" 200 1047057 "-" "-"
89.161.206.59 - - [10/Mar/2025:12:21:25 +0100] "GET /Jurek/kambukka/feeds/kambukka_amazonse.xml HTTP/1.0" 200 1047322 "-" "-"
89.161.206.59 - - [10/Mar/2025:12:21:25 +0100] "GET /Jurek/waks/feeds/waks_amazonit.xml HTTP/1.0" 200 1592667 "-" "-"
89.161.206.59 - - [10/Mar/2025:12:21:25 +0100] "GET /Jurek/waks/feeds/waks_amazones.xml HTTP/1.0" 200 1592659 "-" "-"
89.161.206.59 - - [10/Mar/2025:12:21:26 +0100] "GET /Jurek/waks/feeds/waks_amazonnl.xml HTTP/1.0" 200 1592589 "-" "-"
89.161.206.59 - - [10/Mar/2025:12:21:26 +0100] "GET /Jurek/hdwr/feeds/hdwr_amazonse.xml HTTP/1.0" 200 789696 "-" "-"
89.161.206.59 - - [10/Mar/2025:12:21:26 +0100] "GET /Jurek/sempler/feeds/sempler_amazonde.xml HTTP/1.0" 200 6787894 "-" "-"
89.161.206.59 - - [10/Mar/2025:12:21:27 +0100] "GET /Jurek/eroplace/feeds/eroplace_amazonde.xml HTTP/1.0" 200 52151971 "-" "-"
46.101.116.244 - - [10/Mar/2025:12:22:01 +0100] "GET /Jurek/aw/feeds/aw_fnacfr.xml HTTP/1.0" 404 3551 "-" "-"
34.89.191.125 - - [10/Mar/2025:12:22:07 +0100] "GET /Jurek/eurofirany/images/408265/0.jpg HTTP/2.0" 200 75647 "-" "Mozilla/5.0 (Macintosh; Intel Mac OS X 10.15; rv:78.0) Gecko/20100101 Firefox/78.0"
46.101.116.244 - - [10/Mar/2025:12:22:25 +0100] "GET /Filip/feeds/xlsx_ceneo.xml HTTP/1.0" 200 6241376 "-" "-"
89.161.206.59 - - [10/Mar/2025:12:22:51 +0100] "GET /Jurek/eroplace/feeds/eroplace_amazonfr.xml HTTP/1.0" 200 52152295 "-" "-"
89.161.206.59 - - [10/Mar/2025:12:22:56 +0100] "GET /Jurek/eroplace/feeds/eroplace_amazonit.xml HTTP/1.0" 200 52152689 "-" "-"
89.161.206.59 - - [10/Mar/2025:12:23:00 +0100] "GET /Jurek/eroplace/feeds/eroplace_amazones.xml HTTP/1.0" 200 52152131 "-" "-"
66.249.64.165 - - [10/Mar/2025:12:23:02 +0100] "GET /Jurek/eurofirany/images/402762/4.jpg HTTP/1.1" 200 6595 "-" "Googlebot-Image/1.0"
89.161.206.59 - - [10/Mar/2025:12:23:09 +0100] "GET /Jurek/b3/feeds/b3_amazonnl.xml HTTP/1.0" 200 7415830 "-" "-"
89.161.206.59 - - [10/Mar/2025:12:23:12 +0100] "GET /Jurek/b3/feeds/b3_amazonfr.xml HTTP/1.0" 200 7415685 "-" "-"
89.161.206.59 - - [10/Mar/2025:12:23:13 +0100] "GET /Jurek/ralmetal/feeds/ralmetal_amazonde.xml HTTP/1.0" 200 1808578 "-" "-"
89.161.206.59 - - [10/Mar/2025:12:23:17 +0100] "GET /Jurek/b3/feeds/b3_amazonit.xml HTTP/1.0" 200 7415915 "-" "-"
89.161.206.59 - - [10/Mar/2025:12:23:20 +0100] "GET /Jurek/oromed/feeds/oromed_amazonde.xml HTTP/1.0" 200 900802 "-" "-"
89.161.206.59 - - [10/Mar/2025:12:23:20 +0100] "GET /Jurek/b3/feeds/b3_amazonse.xml HTTP/1.0" 200 7419107 "-" "-"
89.161.206.59 - - [10/Mar/2025:12:23:27 +0100] "GET /Jurek/ralmetal/feeds/ralmetal_amazonfr.xml HTTP/1.0" 200 1808561 "-" "-"
89.161.206.59 - - [10/Mar/2025:12:23:49 +0100] "GET /Jurek/ralmetal/feeds/ralmetal_amazonit.xml HTTP/1.0" 200 1808590 "-" "-"
89.161.206.59 - - [10/Mar/2025:12:23:50 +0100] "GET /Jurek/ralmetal/feeds/ralmetal_amazonnl.xml HTTP/1.0" 200 1808561 "-" "-"
89.161.206.59 - - [10/Mar/2025:12:23:50 +0100] "GET /Jurek/ralmetal/feeds/ralmetal_amazones.xml HTTP/1.0" 200 1808593 "-" "-"
89.161.206.59 - - [10/Mar/2025:12:24:17 +0100] "GET /Jurek/benetech/feeds/benetech_amazonse.xml HTTP/1.0" 200 4165708 "-" "-"
89.161.206.59 - - [10/Mar/2025:12:24:21 +0100] "GET /Jurek/dekoele/feeds/dekoele_amazonde.xml HTTP/1.0" 200 733932 "-" "-"
89.161.206.59 - - [10/Mar/2025:12:24:21 +0100] "GET /Jurek/dekoele/feeds/dekoele_amazonit.xml HTTP/1.0" 200 733934 "-" "-"
89.161.206.59 - - [10/Mar/2025:12:24:21 +0100] "GET /Jurek/dekoele/feeds/dekoele_amazonfr.xml HTTP/1.0" 200 733932 "-" "-"
89.161.206.59 - - [10/Mar/2025:12:24:21 +0100] "GET /Jurek/dekoele/feeds/dekoele_amazones.xml HTTP/1.0" 200 733923 "-" "-"
89.161.206.59 - - [10/Mar/2025:12:24:22 +0100] "GET /Jurek/dekoele/feeds/dekoele_amazonnl.xml HTTP/1.0" 200 733923 "-" "-"
89.161.206.59 - - [10/Mar/2025:12:24:22 +0100] "GET /Jurek/dekoele/feeds/dekoele_amazonse.xml HTTP/1.0" 200 734005 "-" "-"
89.161.206.59 - - [10/Mar/2025:12:24:22 +0100] "GET /Jurek/dekoele/feeds/dekoele_amazonbe.xml HTTP/1.0" 200 733932 "-" "-"
89.161.206.59 - - [10/Mar/2025:12:24:24 +0100] "GET /Jurek/benetech/feeds/benetech_amazonfr.xml HTTP/1.0" 200 4165308 "-" "-"
89.161.206.59 - - [10/Mar/2025:12:24:42 +0100] "GET /Jurek/combine/feeds/combine_amazonde.xml HTTP/1.0" 200 210553 "-" "-"
193.33.8.61 - - [10/Mar/2025:12:26:17 +0100] "GET /Jurek/techrebal/feeds/techrebal_cdon_se.xml HTTP/2.0" 200 1989950 "https://konsola.dkkapusta1997.usermd.net/" "Mozilla/5.0 (Windows NT 10.0; Win64; x64) AppleWebKit/537.36 (KHTML, like Gecko) Chrome/133.0.0.0 Safari/537.36"
77.79.248.229 - - [10/Mar/2025:12:26:28 +0100] "GET /Jurek/techrebal/feeds/techrebal_cdon_se.xml HTTP/1.1" 200 1989950 "-" "Python-urllib/3.11"
46.101.116.244 - - [10/Mar/2025:12:26:33 +0100] "GET /Jurek/aw/feeds/aw_fnacfr.xml HTTP/1.0" 404 3551 "-" "-"
46.101.116.244 - - [10/Mar/2025:12:26:56 +0100] "GET /Filip/feeds/xlsx_ceneo.xml HTTP/1.0" 200 6241376 "-" "-"
193.33.8.61 - - [10/Mar/2025:12:29:32 +0100] "GET /Jurek/techrebalina/feeds/techrebalina_cdon_se.xml HTTP/2.0" 200 2011437 "https://konsola.dkkapusta1997.usermd.net/" "Mozilla/5.0 (Windows NT 10.0; Win64; x64) AppleWebKit/537.36 (KHTML, like Gecko) Chrome/133.0.0.0 Safari/537.36"
46.101.116.244 - - [10/Mar/2025:12:29:40 +0100] "GET /Jurek/b3/feeds/b3_alza.xml HTTP/2.0" 200 7420223 "-" "-"
77.79.248.229 - - [10/Mar/2025:12:29:41 +0100] "GET /Jurek/techrebalina/feeds/techrebalina_cdon_se.xml HTTP/1.1" 200 2011437 "-" "Python-urllib/3.11"
46.101.116.244 - - [10/Mar/2025:12:30:05 +0100] "GET /Jurek/action/feeds/action_alza.xml HTTP/2.0" 200 56379733 "-" "-"
46.101.116.244 - - [10/Mar/2025:12:31:21 +0100] "GET /Jurek/aw/feeds/aw_fnacfr.xml HTTP/1.0" 404 3551 "-" "-"
46.101.116.244 - - [10/Mar/2025:12:31:45 +0100] "GET /Jurek/unimet/feeds/unimet_alza.xml HTTP/2.0" 200 60270139 "-" "-"
46.101.116.244 - - [10/Mar/2025:12:31:50 +0100] "GET /Filip/feeds/xlsx_ceneo.xml HTTP/1.0" 200 6241376 "-" "-"
66.249.64.167 - - [10/Mar/2025:12:32:27 +0100] "GET /Jurek/eurofirany/images/378441/3.jpg HTTP/1.1" 200 319382 "-" "Googlebot-Image/1.0"
66.249.64.165 - - [10/Mar/2025:12:32:53 +0100] "GET /Jurek/eurofirany/images/438610/6.jpg HTTP/1.1" 200 33 "-" "Googlebot-Image/1.0"
46.101.116.244 - - [10/Mar/2025:12:33:49 +0100] "GET /Jurek/andex/feeds/andex_alza.xml HTTP/2.0" 200 1954539 "-" "-"
46.101.116.244 - - [10/Mar/2025:12:34:01 +0100] "GET /Jurek/aw/feeds/awnarzedzia_alza.xml HTTP/2.0" 200 90472867 "-" "-"
52.209.168.113 - - [10/Mar/2025:12:34:07 +0100] "GET /marketplaces/worten2/results/worten.csv HTTP/1.1" 200 18625579 "-" "Mirakl HttpClient"
193.33.8.61 - - [10/Mar/2025:12:34:08 +0100] "GET /Jurek/aiofactory/feeds/aiofactory_amazonbe.xml HTTP/2.0" 200 2123808 "https://konsola.dkkapusta1997.usermd.net/" "Mozilla/5.0 (Windows NT 10.0; Win64; x64) AppleWebKit/537.36 (KHTML, like Gecko) Chrome/133.0.0.0 Safari/537.36"
46.101.116.244 - - [10/Mar/2025:12:34:15 +0100] "GET /Jurek/eurofirany/feeds/eurofirany_erli.xml HTTP/1.0" 200 19068718 "-" "-"
46.101.116.244 - - [10/Mar/2025:12:34:21 +0100] "GET /Jurek/detian/feeds/detian_alza.xml HTTP/2.0" 404 3551 "-" "-"
66.249.64.167 - - [10/Mar/2025:12:34:29 +0100] "GET /Jurek/eurofirany/images/372640/3.jpg HTTP/1.1" 200 69681 "-" "Googlebot-Image/1.0"
46.101.116.244 - - [10/Mar/2025:12:34:31 +0100] "GET /Jurek/fernity/feeds/fernity_alza.xml HTTP/2.0" 200 5229111 "-" "-"
46.101.116.244 - - [10/Mar/2025:12:34:54 +0100] "GET /Jurek/octopia/feeds/octopia_alzacz.xml HTTP/2.0" 200 10414774 "-" "-"
46.101.116.244 - - [10/Mar/2025:12:35:06 +0100] "GET /Jurek/unimet/feeds/unimet_alza.xml HTTP/2.0" 200 60270139 "-" "-"
46.101.116.244 - - [10/Mar/2025:12:35:25 +0100] "GET /Jurek/eurofirany/feeds/eurofirany_alza.xml HTTP/2.0" 200 19033239 "-" "-"
193.33.8.61 - - [10/Mar/2025:12:35:28 +0100] "GET /Jurek/elavia/output.txt HTTP/2.0" 200 4803 "https://konsola.dkkapusta1997.usermd.net/" "Mozilla/5.0 (Macintosh; Intel Mac OS X 10_15_7) AppleWebKit/537.36 (KHTML, like Gecko) Chrome/133.0.0.0 Safari/537.36"
46.101.116.244 - - [10/Mar/2025:12:35:40 +0100] "GET /Jurek/beliani/feeds/beliani_alza.xml HTTP/2.0" 200 15232060 "-" "-"
46.101.116.244 - - [10/Mar/2025:12:36:03 +0100] "GET /Jurek/vivaldi/feeds/vivaldi_alza.xml HTTP/2.0" 200 344842 "-" "-"
46.101.116.244 - - [10/Mar/2025:12:36:12 +0100] "GET /Jurek/aw/feeds/aw_fnacfr.xml HTTP/1.0" 404 3551 "-" "-"
46.101.116.244 - - [10/Mar/2025:12:36:14 +0100] "GET /Jurek/ikonka/feeds/ikonka_alza.xml HTTP/2.0" 200 21456786 "-" "-"
46.101.116.244 - - [10/Mar/2025:12:36:26 +0100] "GET /Jurek/stema/feeds/stema_alza.xml HTTP/2.0" 200 839575 "-" "-"
193.33.8.61 - - [10/Mar/2025:12:36:32 +0100] "GET /Jurek/elavia/feeds/elavia_bol.xml HTTP/2.0" 200 2497259 "https://konsola.dkkapusta1997.usermd.net/" "Mozilla/5.0 (Macintosh; Intel Mac OS X 10_15_7) AppleWebKit/537.36 (KHTML, like Gecko) Chrome/133.0.0.0 Safari/537.36"
46.101.116.244 - - [10/Mar/2025:12:36:38 +0100] "GET /Jurek/kinghoff/feeds/kinghoff_alza.xml HTTP/2.0" 200 15132313 "-" "-"
46.101.116.244 - - [10/Mar/2025:12:36:42 +0100] "GET /Filip/feeds/xlsx_ceneo.xml HTTP/1.0" 200 6241376 "-" "-"
46.101.116.244 - - [10/Mar/2025:12:36:54 +0100] "GET /Jurek/bass/feeds/bass_mallczsh.xml HTTP/2.0" 200 3988091 "-" "-"
193.33.8.61 - - [10/Mar/2025:12:36:54 +0100] "GET /Jurek/oknobest/output.txt HTTP/2.0" 200 8542 "https://konsola.dkkapusta1997.usermd.net/" "Mozilla/5.0 (Windows NT 10.0; Win64; x64) AppleWebKit/537.36 (KHTML, like Gecko) Chrome/134.0.0.0 Safari/537.36"
46.101.116.244 - - [10/Mar/2025:12:37:20 +0100] "GET /Jurek/slayo/feeds/slayo_mallczsh.xml HTTP/2.0" 200 183633 "-" "-"
66.249.64.165 - - [10/Mar/2025:12:37:25 +0100] "GET /Jurek/eurofirany/images/372651/6.jpg HTTP/1.1" 200 6595 "-" "Googlebot-Image/1.0"
193.33.8.61 - - [10/Mar/2025:12:37:31 +0100] "GET /Jurek/oknobest/feeds/oknobest_manoFR.xml HTTP/2.0" 200 2708576 "https://konsola.dkkapusta1997.usermd.net/" "Mozilla/5.0 (Windows NT 10.0; Win64; x64) AppleWebKit/537.36 (KHTML, like Gecko) Chrome/134.0.0.0 Safari/537.36"
46.101.116.244 - - [10/Mar/2025:12:37:31 +0100] "GET /Jurek/mosti/feeds/mosti_mallczsh.xml HTTP/2.0" 200 4629630 "-" "-"
46.101.116.244 - - [10/Mar/2025:12:37:31 +0100] "GET /Jurek/amzteam/feeds/amzteam_mallczsh.xml HTTP/2.0" 200 97912 "-" "-"
66.249.64.165 - - [10/Mar/2025:12:37:31 +0100] "GET /Jurek/eurofirany/images/386192/8.jpg HTTP/1.1" 200 253669 "-" "Googlebot-Image/1.0"
46.101.116.244 - - [10/Mar/2025:12:37:32 +0100] "GET /Jurek/artdog/feeds/artdog_mallczsh.xml HTTP/2.0" 200 17167357 "-" "-"
193.33.8.61 - - [10/Mar/2025:12:37:32 +0100] "GET /Jurek/oknobest/feeds/oknobest_manoDE.xml HTTP/2.0" 200 2708534 "https://konsola.dkkapusta1997.usermd.net/" "Mozilla/5.0 (Windows NT 10.0; Win64; x64) AppleWebKit/537.36 (KHTML, like Gecko) Chrome/134.0.0.0 Safari/537.36"
46.101.116.244 - - [10/Mar/2025:12:37:33 +0100] "GET /Jurek/kambukka/feeds/kambukka_mallczsh.xml HTTP/2.0" 200 1046886 "-" "-"
193.33.8.61 - - [10/Mar/2025:12:37:33 +0100] "GET /Jurek/oknobest/feeds/oknobest_manoIT.xml HTTP/2.0" 200 2708580 "https://konsola.dkkapusta1997.usermd.net/" "Mozilla/5.0 (Windows NT 10.0; Win64; x64) AppleWebKit/537.36 (KHTML, like Gecko) Chrome/134.0.0.0 Safari/537.36"
193.33.8.61 - - [10/Mar/2025:12:37:35 +0100] "GET /Jurek/oknobest/feeds/oknobest_manoES.xml HTTP/2.0" 200 2708581 "https://konsola.dkkapusta1997.usermd.net/" "Mozilla/5.0 (Windows NT 10.0; Win64; x64) AppleWebKit/537.36 (KHTML, like Gecko) Chrome/134.0.0.0 Safari/537.36"
77.79.248.229 - - [10/Mar/2025:12:37:44 +0100] "GET /Jurek/oknobest/feeds/oknobest_manoFR.xml HTTP/1.1" 200 2708576 "-" "Python-urllib/3.11"
46.101.116.244 - - [10/Mar/2025:12:37:49 +0100] "GET /Jurek/swiatecznygoliat/feeds/swiatecznygoliat_mallczsh.xml HTTP/2.0" 200 7057188 "-" "-"
89.161.206.59 - - [10/Mar/2025:12:38:23 +0100] "GET /Jurek/elavia/feeds/elavia_skroutz.xml HTTP/1.0" 200 2497278 "-" "-"
46.101.116.244 - - [10/Mar/2025:12:38:52 +0100] "GET /Jurek/topeshop/feeds/topeshop_mallczsh.xml HTTP/2.0" 200 2470545 "-" "-"
46.101.116.244 - - [10/Mar/2025:12:41:23 +0100] "GET /Jurek/aw/feeds/aw_fnacfr.xml HTTP/1.0" 404 3551 "-" "-"
89.161.206.59 - - [10/Mar/2025:12:41:24 +0100] "GET /Jurek/ikonka/feeds/ikonka_allegro_cz.xml HTTP/1.0" 200 21455026 "-" "-"
46.101.116.244 - - [10/Mar/2025:12:41:31 +0100] "GET /Jurek/hurtownia_przemyslowa/feeds/hp_fnacfr.xml HTTP/1.0" 200 49915740 "-" "-"
89.161.206.59 - - [10/Mar/2025:12:41:32 +0100] "GET /Jurek/kambukka/feeds/kambukka_allegro.xml HTTP/1.0" 200 1047140 "-" "-"
89.161.206.59 - - [10/Mar/2025:12:41:32 +0100] "GET /Jurek/swiatecznygoliat/feeds/swiatecznygoliat_allegro.xml HTTP/1.0" 200 7054771 "-" "-"
89.161.206.59 - - [10/Mar/2025:12:41:35 +0100] "GET /Jurek/combine/feeds/combine_allegro.xml HTTP/1.0" 200 210566 "-" "-"
89.161.206.59 - - [10/Mar/2025:12:41:35 +0100] "GET /Jurek/spali/feeds/spali_allegro.xml HTTP/1.0" 200 77066 "-" "-"
89.161.206.59 - - [10/Mar/2025:12:41:43 +0100] "GET /Jurek/drewdon/feeds/drewdon_piguEX.xml HTTP/1.0" 200 504461 "-" "-"
46.101.116.244 - - [10/Mar/2025:12:41:46 +0100] "GET /Jurek/hurtownia_przemyslowa/feeds/hp_bol.xml HTTP/1.0" 200 49915654 "-" "-"
46.101.116.244 - - [10/Mar/2025:12:41:55 +0100] "GET /Jurek/kinghoff/feeds/kinghoff_bol.xml HTTP/1.0" 200 15128715 "-" "-"
89.161.206.59 - - [10/Mar/2025:12:42:17 +0100] "GET /Jurek/sempler/feeds/sempler_BOL.xml HTTP/1.0" 200 6787874 "-" "-"
46.101.116.244 - - [10/Mar/2025:12:42:18 +0100] "GET /Jurek/activeshop/feeds/activeshop_mallczsh.xml HTTP/2.0" 200 10467392 "-" "-"
89.161.206.59 - - [10/Mar/2025:12:42:19 +0100] "GET /Jurek/eroplace/feeds/eroplace_bol.xml HTTP/1.0" 200 52151941 "-" "-"
89.161.206.59 - - [10/Mar/2025:12:42:23 +0100] "GET /Jurek/waks/feeds/waks_bol.xml HTTP/1.0" 200 1592605 "-" "-"
89.161.206.59 - - [10/Mar/2025:12:42:23 +0100] "GET /Jurek/benetech/feeds/benetech_bol.xml HTTP/1.0" 200 4165276 "-" "-"
89.161.206.59 - - [10/Mar/2025:12:42:46 +0100] "GET /Jurek/oromed/feeds/oromed_BOL.xml HTTP/1.0" 200 900801 "-" "-"
89.161.206.59 - - [10/Mar/2025:12:42:47 +0100] "GET /Jurek/narzbud/feeds/narzbud_bol.xml HTTP/1.0" 200 1958355 "-" "-"
89.161.206.59 - - [10/Mar/2025:12:42:47 +0100] "GET /Jurek/artdog/feeds/artdog_bol.xml HTTP/1.0" 200 17158792 "-" "-"
89.161.206.59 - - [10/Mar/2025:12:42:48 +0100] "GET /Jurek/ekuchcikowo/feeds/ekuchcikowo_bol.xml HTTP/1.0" 200 13526908 "-" "-"
89.161.206.59 - - [10/Mar/2025:12:42:49 +0100] "GET /Jurek/ekolight/feeds/ekolight_bol.xml HTTP/1.0" 200 9051557 "-" "-"
89.161.206.59 - - [10/Mar/2025:12:42:49 +0100] "GET /Jurek/livinhill/feeds/livinhill_bol.xml HTTP/1.0" 200 1413589 "-" "-"
89.161.206.59 - - [10/Mar/2025:12:42:50 +0100] "GET /Jurek/galopi/feeds/galopi_bol.xml HTTP/1.0" 200 2111114 "-" "-"
89.161.206.59 - - [10/Mar/2025:12:42:50 +0100] "GET /Jurek/erohurtownia/feeds/erohurtownia_bol.xml HTTP/1.0" 200 22846499 "-" "-"
89.161.206.59 - - [10/Mar/2025:12:42:52 +0100] "GET /Jurek/urwiskowo/feeds/urwiskowo_bol.xml HTTP/1.0" 200 9114909 "-" "-"
89.161.206.59 - - [10/Mar/2025:12:42:53 +0100] "GET /Jurek/combine/feeds/combine_bol.xml HTTP/1.0" 200 210557 "-" "-"
89.161.206.59 - - [10/Mar/2025:12:42:54 +0100] "GET /Jurek/spali/feeds/spali_bol.xml HTTP/1.0" 200 77057 "-" "-"
89.161.206.59 - - [10/Mar/2025:12:43:03 +0100] "GET /Jurek/bass_new/feeds/bass_bol.xml HTTP/1.0" 200 7040900 "-" "-"
89.161.206.59 - - [10/Mar/2025:12:43:03 +0100] "GET /Jurek/aiofactory/feeds/aiofactory_bol.xml HTTP/1.0" 200 2123802 "-" "-"
46.101.116.244 - - [10/Mar/2025:12:43:04 +0100] "GET /Jurek/fernity/feeds/fernity_manomano.xml HTTP/1.0" 200 5224869 "-" "-"
89.161.206.59 - - [10/Mar/2025:12:43:05 +0100] "GET /Jurek/artdog/feeds/artdog_amazonde.xml HTTP/1.0" 200 17158554 "-" "-"
89.161.206.59 - - [10/Mar/2025:12:43:06 +0100] "GET /Jurek/pawonik/feeds/pawonik_amazonde.xml HTTP/1.0" 200 2586126 "-" "-"
89.161.206.59 - - [10/Mar/2025:12:43:07 +0100] "GET /Jurek/eurofirany/feeds/eurofirany_manomanofr.xml HTTP/1.0" 200 19064763 "-" "-"
89.161.206.59 - - [10/Mar/2025:12:43:08 +0100] "GET /Jurek/hurtmeblowy/feeds/hurtmeblowy_bol.xml HTTP/1.0" 200 8099407 "-" "-"
66.249.64.166 - - [10/Mar/2025:12:43:08 +0100] "GET /Jurek/eurofirany/images/386192/4.jpg HTTP/1.1" 200 282865 "-" "Googlebot-Image/1.0"
89.161.206.59 - - [10/Mar/2025:12:43:09 +0100] "GET /Jurek/rider/feeds/rider_bol.xml HTTP/1.0" 200 8165123 "-" "-"
89.161.206.59 - - [10/Mar/2025:12:43:09 +0100] "GET /Jurek/eldar/feeds/eldar_bol.xml HTTP/1.0" 200 7329503 "-" "-"
89.161.206.59 - - [10/Mar/2025:12:43:11 +0100] "GET /Jurek/primohurt/feeds/primohurt_bol.xml HTTP/1.0" 200 17186568 "-" "-"
89.161.206.59 - - [10/Mar/2025:12:43:12 +0100] "GET /Jurek/najtanszysport/feeds/najtanszysport_bol.xml HTTP/1.0" 200 3982990 "-" "-"
89.161.206.59 - - [10/Mar/2025:12:43:14 +0100] "GET /Jurek/motofan/feeds/motofan_bol.xml HTTP/1.0" 200 2392163 "-" "-"
89.161.206.59 - - [10/Mar/2025:12:43:15 +0100] "GET /Jurek/topeshop/feeds/topeshop_bol.xml HTTP/1.0" 200 2469700 "-" "-"
89.161.206.59 - - [10/Mar/2025:12:43:17 +0100] "GET /Jurek/b3/feeds/b3_amazonde.xml HTTP/1.0" 200 7415790 "-" "-"
89.161.206.59 - - [10/Mar/2025:12:43:23 +0100] "GET /Jurek/sempler/feeds/sempler_amazonfr.xml HTTP/1.0" 200 6787941 "-" "-"
89.161.206.59 - - [10/Mar/2025:12:43:24 +0100] "GET /Jurek/sempler/feeds/sempler_amazonit.xml HTTP/1.0" 200 6788018 "-" "-"
89.161.206.59 - - [10/Mar/2025:12:43:25 +0100] "GET /Jurek/eurofirany/feeds/eurofirany_bol.xml HTTP/1.0" 200 19064870 "-" "-"
89.161.206.59 - - [10/Mar/2025:12:43:25 +0100] "GET /Jurek/sempler/feeds/sempler_amazonnl.xml HTTP/1.0" 200 6787892 "-" "-"
89.161.206.59 - - [10/Mar/2025:12:43:35 +0100] "GET /Jurek/german/feeds/german_bol.xml HTTP/1.0" 200 4792125 "-" "-"
46.101.116.244 - - [10/Mar/2025:12:43:40 +0100] "GET /Filip/feeds/xlsx_ceneo.xml HTTP/1.0" 200 6241376 "-" "-"
46.101.116.244 - - [10/Mar/2025:12:43:44 +0100] "GET /Jurek/rovicky/feeds/rovicky_zalando.xml HTTP/1.0" 200 14314813 "-" "-"
46.101.116.244 - - [10/Mar/2025:12:46:05 +0100] "GET /Jurek/hurtownia_przemyslowa/feeds/hp_mallczsh.xml HTTP/2.0" 200 49934156 "-" "-"
46.101.116.244 - - [10/Mar/2025:12:46:33 +0100] "GET /Jurek/aw/feeds/aw_fnacfr.xml HTTP/1.0" 404 3551 "-" "-"
66.249.64.165 - - [10/Mar/2025:12:46:39 +0100] "GET /Jurek/eurofirany/images/401100/6.jpg HTTP/1.1" 200 33 "-" "Googlebot-Image/1.0"
46.101.116.244 - - [10/Mar/2025:12:46:46 +0100] "GET /Jurek/action/feeds/action_mallczsh.xml HTTP/2.0" 200 56381027 "-" "-"
46.101.116.244 - - [10/Mar/2025:12:47:00 +0100] "GET /Filip/feeds/xlsx_ceneo.xml HTTP/1.0" 200 6241376 "-" "-"
46.101.116.244 - - [10/Mar/2025:12:50:21 +0100] "GET /Jurek/vidaCZ/feeds/vidaGS1_cz_Mall.xml HTTP/2.0" 200 662353598 "-" "-"
66.249.64.165 - - [10/Mar/2025:12:50:33 +0100] "GET /Jurek/eurofirany/images/409903/6.jpg HTTP/1.1" 200 6595 "-" "Googlebot-Image/1.0"
46.101.116.244 - - [10/Mar/2025:12:51:17 +0100] "GET /Jurek/teamson/feeds/teamson_mallczsh.xml HTTP/2.0" 200 1095184 "-" "-"
66.249.64.165 - - [10/Mar/2025:12:51:18 +0100] "GET /Jurek/eurofirany/images/372650/6.jpg HTTP/1.1" 200 6595 "-" "Googlebot-Image/1.0"
46.101.116.244 - - [10/Mar/2025:12:51:25 +0100] "GET /Jurek/aw/feeds/aw_fnacfr.xml HTTP/1.0" 404 3551 "-" "-"
46.101.116.244 - - [10/Mar/2025:12:51:28 +0100] "GET /Jurek/ml_meble/feeds/ml_meble_mallczsh.xml HTTP/2.0" 404 3551 "-" "-"
46.101.116.244 - - [10/Mar/2025:12:51:39 +0100] "GET /Jurek/unimet/feeds/unimet_mallczsh.xml HTTP/2.0" 200 60266415 "-" "-"
46.101.116.244 - - [10/Mar/2025:12:51:49 +0100] "GET /Filip/feeds/xlsx_ceneo.xml HTTP/1.0" 200 6241376 "-" "-"
46.101.116.244 - - [10/Mar/2025:12:52:02 +0100] "GET /Jurek/beliani/feeds/beliani_cz_mallcz.xml HTTP/2.0" 200 33753223 "-" "-"
46.101.116.244 - - [10/Mar/2025:12:52:40 +0100] "GET /Jurek/rovicky/feeds/rovicky_mallczsh.xml HTTP/2.0" 200 14081848 "-" "-"
46.101.116.244 - - [10/Mar/2025:12:52:52 +0100] "GET /Jurek/detian/feeds/detian_mallczsh.xml HTTP/2.0" 404 3551 "-" "-"
46.101.116.244 - - [10/Mar/2025:12:53:02 +0100] "GET /Jurek/ikonka/feeds/ikonka_mallczsh.xml HTTP/2.0" 200 21456694 "-" "-"
46.101.116.244 - - [10/Mar/2025:12:53:15 +0100] "GET /Jurek/candellux/feeds/candellux_mallczsh.xml HTTP/2.0" 200 466317 "-" "-"
46.101.116.244 - - [10/Mar/2025:12:53:26 +0100] "GET /Jurek/andex/feeds/andex_mallczsh.xml HTTP/2.0" 200 1954495 "-" "-"
46.101.116.244 - - [10/Mar/2025:12:53:37 +0100] "GET /Jurek/barbecook/feeds/barbecook_mallczsh.xml HTTP/2.0" 200 87609 "-" "-"
46.101.116.244 - - [10/Mar/2025:12:53:47 +0100] "GET /Jurek/duka/feeds/duka_mallczsh.xml HTTP/2.0" 200 57 "-" "-"
46.101.116.244 - - [10/Mar/2025:12:53:58 +0100] "GET /Jurek/miloohome/feeds/miloohome_mallczsh.xml HTTP/2.0" 200 1421876 "-" "-"
89.161.206.59 - - [10/Mar/2025:12:54:04 +0100] "GET /Jurek/ekuchcikowo/feeds/ekuchcikowo_skroutz.xml HTTP/1.0" 200 13527058 "-" "-"
46.101.116.244 - - [10/Mar/2025:12:54:08 +0100] "GET /Jurek/stema/feeds/stema_mallczsh.xml HTTP/2.0" 200 839555 "-" "-"
89.161.206.59 - - [10/Mar/2025:12:54:12 +0100] "GET /Jurek/szpaklampy/feeds/szpaklampy_allegro.xml HTTP/1.0" 200 388388 "-" "-"
89.161.206.59 - - [10/Mar/2025:12:54:12 +0100] "GET /Jurek/fertone/feeds/fertone_allegro.xml HTTP/1.0" 200 586081 "-" "-"
46.101.116.244 - - [10/Mar/2025:12:54:22 +0100] "GET /Jurek/aw/feeds/awnarzedzia_mallczsh.xml HTTP/2.0" 200 90473106 "-" "-"
89.161.206.59 - - [10/Mar/2025:12:54:37 +0100] "GET /Jurek/eroplace/feeds/eroplace_skroutz.xml HTTP/1.0" 200 52152210 "-" "-"
89.161.206.59 - - [10/Mar/2025:12:55:06 +0100] "GET /Jurek/amzteam/feeds/amzteam_skroutz.xml HTTP/1.0" 200 95899 "-" "-"
46.101.116.244 - - [10/Mar/2025:12:55:39 +0100] "GET /Jurek/update_twm_on_mall/feeds/twm_all_cats.xml HTTP/1.1" 200 161775 "-" "-"
89.161.206.59 - - [10/Mar/2025:12:55:45 +0100] "GET /Jurek/oromed/feeds/oromed_skroutz.xml HTTP/1.0" 200 900810 "-" "-"
89.161.206.59 - - [10/Mar/2025:12:55:46 +0100] "GET /Jurek/ralmetal/feeds/ralmetal_skroutz.xml HTTP/1.0" 200 1808590 "-" "-"
89.161.206.59 - - [10/Mar/2025:12:55:53 +0100] "GET /Jurek/ekolight/feeds/ekolioght_skroutz.xml HTTP/1.0" 200 9051561 "-" "-"
89.161.206.59 - - [10/Mar/2025:12:55:55 +0100] "GET /Jurek/narzbud/feeds/narzbud_skroutz.xml HTTP/1.0" 200 1958337 "-" "-"
89.161.206.59 - - [10/Mar/2025:12:55:56 +0100] "GET /Jurek/drops/feeds/dropsofficecolection_skroutz.xml HTTP/1.0" 200 790647 "-" "-"
89.161.206.59 - - [10/Mar/2025:12:55:56 +0100] "GET /Jurek/szpaklampy/feeds/szpaklampy_skroutz.xml HTTP/1.0" 200 388257 "-" "-"
89.161.206.59 - - [10/Mar/2025:12:55:58 +0100] "GET /Jurek/eurofryz/feeds/eurofryz_skroutz.xml HTTP/1.0" 200 1381571 "-" "-"
89.161.206.59 - - [10/Mar/2025:12:56:01 +0100] "GET /Jurek/b3/feeds/b3_ebayde.xml HTTP/1.0" 200 5201671 "-" "-"
46.101.116.244 - - [10/Mar/2025:12:56:26 +0100] "GET /Jurek/aw/feeds/aw_fnacfr.xml HTTP/1.0" 404 3551 "-" "-"
46.101.116.244 - - [10/Mar/2025:12:56:44 +0100] "GET /Jurek/vida_morele/feeds/vida_mallczsh.xml HTTP/2.0" 200 700282577 "-" "-"
46.101.116.244 - - [10/Mar/2025:12:56:49 +0100] "GET /Filip/feeds/xlsx_ceneo.xml HTTP/1.0" 200 6241376 "-" "-"
89.161.206.59 - - [10/Mar/2025:12:57:14 +0100] "GET /Jurek/madrex/feeds/madrex_skroutz.xml HTTP/1.0" 200 466721 "-" "-"
89.161.206.59 - - [10/Mar/2025:12:57:29 +0100] "GET /Jurek/aiofactory/feeds/aiofactory_skroutz.xml HTTP/1.0" 200 2123759 "-" "-"
77.79.248.229 - - [10/Mar/2025:12:57:32 +0100] "GET /Jurek/techrebal/feeds/techrebal_cdon_dk.xml HTTP/1.1" 200 1989914 "-" "Python-urllib/3.11"
89.161.206.59 - - [10/Mar/2025:12:57:43 +0100] "GET /Jurek/najtanszysport/feeds/najtanszysport_skroutz.xml HTTP/1.0" 200 3983295 "-" "-"
212.5.158.251 - - [10/Mar/2025:12:57:51 +0100] "GET /Jurek/eurofirany/images/366930/1.jpg HTTP/2.0" 200 82208 "https://www.emag.bg/kuvertjura-sofia-220h240-sm-kafjava-eurofirany-366930/pd/DGSXRLMBM/description" "Mozilla/5.0 (Linux; Android 12; 2203129G Build/SKQ1.211006.001; wv) AppleWebKit/537.36 (KHTML, like Gecko) Version/4.0 Chrome/133.0.6943.137 Mobile Safari/537.36"
212.5.158.251 - - [10/Mar/2025:12:57:51 +0100] "GET /Jurek/eurofirany/images/366930/2.jpg HTTP/2.0" 200 197910 "https://www.emag.bg/kuvertjura-sofia-220h240-sm-kafjava-eurofirany-366930/pd/DGSXRLMBM/description" "Mozilla/5.0 (Linux; Android 12; 2203129G Build/SKQ1.211006.001; wv) AppleWebKit/537.36 (KHTML, like Gecko) Version/4.0 Chrome/133.0.6943.137 Mobile Safari/537.36"
212.5.158.251 - - [10/Mar/2025:12:57:51 +0100] "GET /Jurek/eurofirany/images/366930/5.jpg HTTP/2.0" 200 165499 "https://www.emag.bg/kuvertjura-sofia-220h240-sm-kafjava-eurofirany-366930/pd/DGSXRLMBM/description" "Mozilla/5.0 (Linux; Android 12; 2203129G Build/SKQ1.211006.001; wv) AppleWebKit/537.36 (KHTML, like Gecko) Version/4.0 Chrome/133.0.6943.137 Mobile Safari/537.36"
212.5.158.251 - - [10/Mar/2025:12:57:52 +0100] "GET /Jurek/eurofirany/images/366930/4.jpg HTTP/2.0" 200 164473 "https://www.emag.bg/kuvertjura-sofia-220h240-sm-kafjava-eurofirany-366930/pd/DGSXRLMBM/description" "Mozilla/5.0 (Linux; Android 12; 2203129G Build/SKQ1.211006.001; wv) AppleWebKit/537.36 (KHTML, like Gecko) Version/4.0 Chrome/133.0.6943.137 Mobile Safari/537.36"
212.5.158.251 - - [10/Mar/2025:12:57:52 +0100] "GET /Jurek/eurofirany/images/366930/3.jpg HTTP/2.0" 200 125341 "https://www.emag.bg/kuvertjura-sofia-220h240-sm-kafjava-eurofirany-366930/pd/DGSXRLMBM/description" "Mozilla/5.0 (Linux; Android 12; 2203129G Build/SKQ1.211006.001; wv) AppleWebKit/537.36 (KHTML, like Gecko) Version/4.0 Chrome/133.0.6943.137 Mobile Safari/537.36"
89.161.206.59 - - [10/Mar/2025:12:58:19 +0100] "GET /Jurek/asortymenteu/feeds/asortymenteu_skroutz_great.xml HTTP/1.0" 200 2652700 "-" "-"
89.161.206.59 - - [10/Mar/2025:12:58:28 +0100] "GET /Jurek/ikonka/feeds/ikonka_ebayde.xml HTTP/1.0" 200 6583132 "-" "-"
89.161.206.59 - - [10/Mar/2025:12:58:28 +0100] "GET /Jurek/playcob/feeds/playcob_skroutz.xml HTTP/1.0" 200 6980127 "-" "-"
66.249.64.166 - - [10/Mar/2025:12:58:28 +0100] "GET /Jurek/eurofirany/images/422324/9.jpg HTTP/1.1" 200 99689 "-" "Googlebot-Image/1.0"
89.161.206.59 - - [10/Mar/2025:12:58:40 +0100] "GET /Jurek/aiofactory/feeds/aiofactory_ebayde.xml HTTP/1.0" 200 2123804 "-" "-"
89.161.206.59 - - [10/Mar/2025:12:58:53 +0100] "GET /Jurek/kobi/feeds/kobi_ebayde.xml HTTP/1.0" 200 713634 "-" "-"
89.161.206.59 - - [10/Mar/2025:12:59:01 +0100] "GET /Jurek/coppotech/feeds/coppotech_skroutz.xml HTTP/1.0" 200 38058735 "-" "-"
77.79.248.229 - - [10/Mar/2025:12:59:02 +0100] "GET /Jurek/techrebalina/feeds/techrebalina_cdon_dk.xml HTTP/1.1" 200 2011401 "-" "Python-urllib/3.11"
89.161.206.59 - - [10/Mar/2025:12:59:27 +0100] "GET /Jurek/elavia/feeds/elavia_emagro.xml HTTP/1.0" 200 2497494 "-" "-"
164.92.232.189 - - [10/Mar/2025:13:00:02 +0100] "GET /subskrypcje/AMD/feeds/amd_cz.xml HTTP/1.1" 200 518486 "-" "-"
66.249.64.166 - - [10/Mar/2025:13:00:10 +0100] "GET /Jurek/eurofirany/images/372967/6.jpg HTTP/1.1" 200 6595 "-" "Googlebot-Image/1.0"
164.92.232.189 - - [10/Mar/2025:13:00:12 +0100] "GET /subskrypcje/AMD/feeds/amd_sk.xml HTTP/1.1" 200 528562 "-" "-"
164.92.232.189 - - [10/Mar/2025:13:00:13 +0100] "GET /subskrypcje/OverHorse/overhorse_mallcz.xml HTTP/1.1" 200 112935 "-" "-"
164.92.232.189 - - [10/Mar/2025:13:00:23 +0100] "GET /subskrypcje/mondex/feeds/mondex_mall_cz.xml HTTP/1.1" 200 2203515 "-" "-"
85.14.86.141 - - [10/Mar/2025:13:00:28 +0100] "GET /Jurek/vida_morele/feeds/VidaPL_all.xml HTTP/2.0" 200 699108634 "-" "MarketplaceAPI curl/7.64.0 PHP/8"
46.175.227.131 - - [10/Mar/2025:13:00:29 +0100] "GET /Jurek/hurtmeblowy/feeds/hurtmeblowy_leroy.xml HTTP/2.0" 200 8099451 "https://konsola.dkkapusta1997.usermd.net/" "Mozilla/5.0 (Windows NT 10.0; Win64; x64) AppleWebKit/537.36 (KHTML, like Gecko) Chrome/133.0.0.0 Safari/537.36"
77.79.248.229 - - [10/Mar/2025:13:00:37 +0100] "GET /Jurek/hurtmeblowy/feeds/hurtmeblowy_leroy.xml HTTP/1.1" 200 8099451 "-" "Python-urllib/3.11"
52.17.80.36 - - [10/Mar/2025:13:00:39 +0100] "GET /marketplaces/ubaldi/results/ubaldi.csv HTTP/1.1" 200 147219 "-" "Mirakl HttpClient"
46.101.116.244 - - [10/Mar/2025:13:01:20 +0100] "GET /Jurek/aw/feeds/aw_fnacfr.xml HTTP/1.0" 404 3551 "-" "-"
193.33.8.61 - - [10/Mar/2025:13:01:30 +0100] "GET /Jurek/german/feeds/german_zero.xml HTTP/2.0" 200 4791600 "https://konsola.dkkapusta1997.usermd.net/" "Mozilla/5.0 (Windows NT 10.0; Win64; x64) AppleWebKit/537.36 (KHTML, like Gecko) Chrome/134.0.0.0 Safari/537.36"
66.249.64.167 - - [10/Mar/2025:13:01:30 +0100] "GET /Jurek/eurofirany/images/386712/11.jpg HTTP/1.1" 200 153975 "-" "Googlebot-Image/1.0"
193.33.8.61 - - [10/Mar/2025:13:01:33 +0100] "GET /Jurek/benetech/feeds/benetech_aliex.xml HTTP/2.0" 200 4165589 "https://konsola.dkkapusta1997.usermd.net/" "Mozilla/5.0 (Windows NT 10.0; Win64; x64) AppleWebKit/537.36 (KHTML, like Gecko) Chrome/133.0.0.0 Safari/537.36"
77.79.248.229 - - [10/Mar/2025:13:01:37 +0100] "GET /Jurek/german/feeds/german_zero.xml HTTP/1.1" 200 4791600 "-" "Python-urllib/3.11"
46.101.116.244 - - [10/Mar/2025:13:01:39 +0100] "GET /Filip/feeds/xlsx_ceneo.xml HTTP/1.0" 200 6241376 "-" "-"
52.17.80.36 - - [10/Mar/2025:13:01:56 +0100] "GET /marketplaces/rue/results/rue.csv HTTP/1.1" 200 147219 "-" "Mirakl HttpClient"
89.161.206.59 - - [10/Mar/2025:13:02:15 +0100] "GET /Jurek/kinghoff/feeds/kinghoff_emaghu.xml HTTP/1.0" 200 15135892 "-" "-"
85.14.86.141 - - [10/Mar/2025:13:02:25 +0100] "GET /Jurek/kinghoff/feeds/kinghoff_morele.xml HTTP/2.0" 200 15129545 "-" "MarketplaceAPI curl/7.64.0 PHP/8"
89.161.206.59 - - [10/Mar/2025:13:02:32 +0100] "GET /Jurek/kinghoff/feeds/kinghoff_emagro.xml HTTP/1.0" 200 15130888 "-" "-"
66.249.64.165 - - [10/Mar/2025:13:03:26 +0100] "GET /Jurek/eurofirany/images/372654/6.jpg HTTP/1.1" 200 6595 "-" "Googlebot-Image/1.0"
85.14.86.141 - - [10/Mar/2025:13:04:06 +0100] "GET /Jurek/eurofirany/feeds/eurofirany_morele.xml HTTP/2.0" 200 19066378 "-" "MarketplaceAPI curl/7.64.0 PHP/8"
85.14.86.141 - - [10/Mar/2025:13:04:18 +0100] "GET /Jurek/vivaldi/feeds/vivaldi_Morele-PL.xml HTTP/2.0" 200 344674 "-" "MarketplaceAPI curl/7.64.0 PHP/8"
85.14.86.141 - - [10/Mar/2025:13:05:05 +0100] "GET /Jurek/vida_morele/feeds/VidaPL_morele.xml HTTP/2.0" 200 699108709 "-" "MarketplaceAPI curl/7.64.0 PHP/8"
85.14.86.141 - - [10/Mar/2025:13:05:16 +0100] "GET /Jurek/aw/feeds/awnarzedzia_morele.xml HTTP/2.0" 200 90380028 "-" "MarketplaceAPI curl/7.64.0 PHP/8"
66.249.64.167 - - [10/Mar/2025:13:05:32 +0100] "GET /Jurek/eurofirany/images/386192/3.jpg HTTP/1.1" 200 88023 "-" "Googlebot-Image/1.0"
46.101.116.244 - - [10/Mar/2025:13:05:52 +0100] "GET /Jurek/vida_morele/feeds/vidaPL_velomarket_category0.xml HTTP/1.0" 200 140178699 "-" "-"
85.14.86.141 - - [10/Mar/2025:13:05:59 +0100] "GET /Jurek/beliani/feeds/beliani_morele.xml HTTP/2.0" 200 31779470 "-" "MarketplaceAPI curl/7.64.0 PHP/8"
46.101.116.244 - - [10/Mar/2025:13:06:20 +0100] "GET /Jurek/aw/feeds/aw_fnacfr.xml HTTP/1.0" 404 3551 "-" "-"
46.101.116.244 - - [10/Mar/2025:13:06:42 +0100] "GET /Filip/feeds/xlsx_ceneo.xml HTTP/1.0" 200 6241376 "-" "-"
193.33.8.61 - - [10/Mar/2025:13:06:50 +0100] "GET /Jurek/eany/data.csv HTTP/2.0" 304 0 "https://dkkapusta1997.usermd.net/Jurek/eany/" "Mozilla/5.0 (Windows NT 10.0; Win64; x64) AppleWebKit/537.36 (KHTML, like Gecko) Chrome/133.0.0.0 Safari/537.36"
193.33.8.61 - - [10/Mar/2025:13:06:50 +0100] "GET /favicon.ico HTTP/2.0" 404 3551 "https://dkkapusta1997.usermd.net/Jurek/eany/" "Mozilla/5.0 (Windows NT 10.0; Win64; x64) AppleWebKit/537.36 (KHTML, like Gecko) Chrome/133.0.0.0 Safari/537.36"
193.33.8.61 - - [10/Mar/2025:13:07:20 +0100] "GET /Jurek/combine/feeds/combine_aliex.xml HTTP/2.0" 200 210581 "https://konsola.dkkapusta1997.usermd.net/" "Mozilla/5.0 (Windows NT 10.0; Win64; x64) AppleWebKit/537.36 (KHTML, like Gecko) Chrome/133.0.0.0 Safari/537.36"
66.249.64.165 - - [10/Mar/2025:13:08:34 +0100] "GET /Jurek/eurofirany/images/387144/8.jpg HTTP/1.1" 200 124619 "-" "Googlebot-Image/1.0"
34.91.34.58 - - [10/Mar/2025:13:09:27 +0100] "GET /Jurek/topeshop/downloaded_images/5904507201432_M2_close2.png HTTP/2.0" 200 1064191 "-" "BolcomAssetFox/2.0"
35.204.156.102 - - [10/Mar/2025:13:09:27 +0100] "GET /Jurek/topeshop/downloaded_images/5904507201432_M2_open.png HTTP/2.0" 200 1004234 "-" "BolcomAssetFox/2.0"
35.204.156.102 - - [10/Mar/2025:13:09:27 +0100] "GET /Jurek/topeshop/downloaded_images/5904507201432_M2_close.png HTTP/2.0" 200 1002877 "-" "BolcomAssetFox/2.0"
66.249.64.166 - - [10/Mar/2025:13:09:35 +0100] "GET /Jurek/eurofirany/images/390441/10.jpg HTTP/1.1" 200 200134 "-" "Googlebot-Image/1.0"
66.249.64.165 - - [10/Mar/2025:13:10:14 +0100] "GET /Jurek/eurofirany/images/409428/7.jpg HTTP/1.1" 200 598575 "-" "Googlebot-Image/1.0"
66.249.64.165 - - [10/Mar/2025:13:10:16 +0100] "GET /Jurek/eurofirany/images/409428/6.jpg HTTP/1.1" 200 598577 "-" "Googlebot-Image/1.0"
34.91.34.58 - - [10/Mar/2025:13:10:41 +0100] "GET /Jurek/topeshop/downloaded_images/5904507207625_20st_m2_niebieski.png HTTP/2.0" 200 388734 "-" "BolcomAssetFox/2.0"
34.91.34.58 - - [10/Mar/2025:13:10:42 +0100] "GET /Jurek/topeshop/downloaded_images/5904507207625_m2_niebieskii.png HTTP/2.0" 200 355420 "-" "BolcomAssetFox/2.0"
34.91.34.58 - - [10/Mar/2025:13:10:42 +0100] "GET /Jurek/topeshop/downloaded_images/5904507207625_Kopiass90_niebieski.png HTTP/2.0" 200 1254754 "-" "BolcomAssetFox/2.0"
34.91.34.58 - - [10/Mar/2025:13:10:42 +0100] "GET /Jurek/topeshop/downloaded_images/5904507207625_M2_niebieski.png HTTP/2.0" 200 1243357 "-" "BolcomAssetFox/2.0"
52.167.144.145 - - [10/Mar/2025:13:10:45 +0100] "GET /Jurek/eurofirany/images/390398/7.jpg HTTP/2.0" 200 6595 "-" "Mozilla/5.0 AppleWebKit/537.36 (KHTML, like Gecko; compatible; bingbot/2.0; +http://www.bing.com/bingbot.htm) Chrome/116.0.1938.76 Safari/537.36"
185.6.76.18 - - [10/Mar/2025:13:10:53 +0100] "GET /marketplaces/skroutz/feeds/shumee.xml HTTP/1.1" 200 348589551 "-" "SkroutzBot v1.0"
66.249.64.165 - - [10/Mar/2025:13:11:04 +0100] "GET /Jurek/eurofirany/images/372634/6.jpg HTTP/1.1" 200 6595 "-" "Googlebot-Image/1.0"
66.211.183.72 - - [10/Mar/2025:13:11:06 +0100] "GET /Jurek/eurofirany/images/423951/0.jpg HTTP/1.1" 200 0 "-" "scalaj-http/2.4.2"
77.79.248.229 - - [10/Mar/2025:13:11:18 +0100] "GET /Jurek/techrebal/feeds/techrebal_cdon_fi.xml HTTP/1.1" 200 1989741 "-" "Python-urllib/3.11"
46.101.116.244 - - [10/Mar/2025:13:11:26 +0100] "GET /Jurek/aw/feeds/aw_fnacfr.xml HTTP/1.0" 404 3551 "-" "-"
66.249.64.165 - - [10/Mar/2025:13:11:28 +0100] "GET /Jurek/eurofirany/images/390450/6.jpg HTTP/1.1" 200 267274 "-" "Googlebot-Image/1.0"
35.204.156.102 - - [10/Mar/2025:13:11:51 +0100] "GET /Jurek/topeshop/downloaded_images/5904507207632_m2_zielony(1)kopia.png HTTP/2.0" 200 1240643 "-" "BolcomAssetFox/2.0"
34.91.34.58 - - [10/Mar/2025:13:11:51 +0100] "GET /Jurek/topeshop/downloaded_images/5904507207632_Kopiass90_zielonykopia.png HTTP/2.0" 200 1223072 "-" "BolcomAssetFox/2.0"
34.91.34.58 - - [10/Mar/2025:13:11:51 +0100] "GET /Jurek/topeshop/downloaded_images/5904507207632_m2_zielonykopia.png HTTP/2.0" 200 344339 "-" "BolcomAssetFox/2.0"
34.91.34.58 - - [10/Mar/2025:13:11:51 +0100] "GET /Jurek/topeshop/downloaded_images/5904507207632_20st_m2_zielonykopia.png HTTP/2.0" 200 359546 "-" "BolcomAssetFox/2.0"
46.101.116.244 - - [10/Mar/2025:13:11:52 +0100] "GET /Filip/feeds/xlsx_ceneo.xml HTTP/1.0" 200 6241376 "-" "-"
193.33.8.61 - - [10/Mar/2025:13:12:41 +0100] "GET /Jurek/dekoele/feeds/dekoele_amazonbe.xml HTTP/2.0" 200 733932 "https://konsola.dkkapusta1997.usermd.net/" "Mozilla/5.0 (Windows NT 10.0; Win64; x64) AppleWebKit/537.36 (KHTML, like Gecko) Chrome/133.0.0.0 Safari/537.36"
34.91.34.58 - - [10/Mar/2025:13:13:11 +0100] "GET /Jurek/topeshop/downloaded_images/5904507207649_20st_m2_r%C3%B3%C5%BCowykopia.png HTTP/2.0" 200 423471 "-" "BolcomAssetFox/2.0"
34.91.34.58 - - [10/Mar/2025:13:13:11 +0100] "GET /Jurek/topeshop/downloaded_images/5904507207649_m2_r%C3%B3%C5%BCowYykopia.png HTTP/2.0" 200 1172279 "-" "BolcomAssetFox/2.0"
34.91.34.58 - - [10/Mar/2025:13:13:11 +0100] "GET /Jurek/topeshop/downloaded_images/5904507207649_Kopiass90_r%C3%B3%C5%BCowykopia.png HTTP/2.0" 200 1154195 "-" "BolcomAssetFox/2.0"
35.204.156.102 - - [10/Mar/2025:13:13:11 +0100] "GET /Jurek/topeshop/downloaded_images/5904507207649_m2_r%C3%B3%C5%BCowykopia.png HTTP/2.0" 200 413445 "-" "BolcomAssetFox/2.0"
46.101.116.244 - - [10/Mar/2025:13:13:14 +0100] "GET /Jurek/vida_morele/feeds/vidaPL_velomarket_category6.xml HTTP/1.0" 200 148987352 "-" "-"
46.101.116.244 - - [10/Mar/2025:13:13:23 +0100] "GET /Jurek/vivaldi/feeds/vivaldi_allegro.xml HTTP/1.0" 200 344685 "-" "-"
