46.101.116.244 - - [10/Mar/2025:13:13:24 +0100] "GET /Jurek/kokiska/feeds/kokiska_allegro.xml HTTP/1.0" 200 11862919 "-" "-"
46.101.116.244 - - [10/Mar/2025:13:13:28 +0100] "GET /Jurek/hurtownia_przemyslowa/feeds/hp_cdiscount.xml HTTP/1.0" 200 44273393 "-" "-"
66.249.64.167 - - [10/Mar/2025:13:13:43 +0100] "GET /Jurek/eurofirany/images/422324/1.jpg HTTP/1.1" 200 101972 "-" "Googlebot-Image/1.0"
66.249.64.166 - - [10/Mar/2025:13:13:57 +0100] "GET /Jurek/eurofirany/images/403505/2.jpg HTTP/1.1" 200 33 "-" "Googlebot-Image/1.0"
89.161.206.59 - - [10/Mar/2025:13:14:09 +0100] "GET /Jurek/ekotex/feeds/ekotex_skroutz.xml HTTP/1.0" 200 197845 "-" "-"
89.161.206.59 - - [10/Mar/2025:13:14:09 +0100] "GET /Jurek/motofan/feeds/motofan_skroutz.xml HTTP/1.0" 200 2392161 "-" "-"
89.161.206.59 - - [10/Mar/2025:13:14:09 +0100] "GET /Jurek/elecomp/feeds/elecomp_skroutz.xml HTTP/1.0" 200 2869571 "-" "-"
46.101.116.244 - - [10/Mar/2025:13:14:09 +0100] "GET /Jurek/vida_morele/feeds/vidaPL_velomarket_category1.xml HTTP/1.0" 200 176645857 "-" "-"
89.161.206.59 - - [10/Mar/2025:13:14:10 +0100] "GET /Jurek/topeshop/feeds/topeshop_cdsc.xml HTTP/1.0" 200 2483752 "-" "-"
193.33.8.61 - - [10/Mar/2025:13:14:12 +0100] "GET /Jurek/topeshop/downloaded_images/5904507200688_4.png HTTP/2.0" 200 262124 "-" "Mozilla/5.0 (Windows NT 10.0; Win64; x64) AppleWebKit/537.36 (KHTML, like Gecko) Chrome/134.0.0.0 Safari/537.36"
46.101.116.244 - - [10/Mar/2025:13:14:31 +0100] "GET /Jurek/aw/feeds/awnarzedzia_cdiscount.xml HTTP/1.0" 200 90372758 "-" "-"
66.249.64.165 - - [10/Mar/2025:13:15:04 +0100] "GET /Jurek/eurofirany/images/372657/6.jpg HTTP/1.1" 200 6595 "-" "Googlebot-Image/1.0"
35.204.156.102 - - [10/Mar/2025:13:15:16 +0100] "GET /Jurek/topeshop/downloaded_images/5904507200688_m2_artisan.jpg HTTP/2.0" 200 113075 "-" "BolcomAssetFox/2.0"
34.91.34.58 - - [10/Mar/2025:13:15:17 +0100] "GET /Jurek/topeshop/downloaded_images/5904507200688_11.png HTTP/2.0" 200 266503 "-" "BolcomAssetFox/2.0"
34.91.34.58 - - [10/Mar/2025:13:15:17 +0100] "GET /Jurek/topeshop/downloaded_images/5904507200688_Kopia_2_20_3_artisan.jpg HTTP/2.0" 200 130888 "-" "BolcomAssetFox/2.0"
34.91.34.58 - - [10/Mar/2025:13:15:17 +0100] "GET /Jurek/topeshop/downloaded_images/5904507200688_M2_close_2_A.jpg HTTP/2.0" 200 88409 "-" "BolcomAssetFox/2.0"
34.91.34.58 - - [10/Mar/2025:13:15:17 +0100] "GET /Jurek/topeshop/downloaded_images/5904507200688_4.png HTTP/2.0" 200 262124 "-" "BolcomAssetFox/2.0"
40.77.167.132 - - [10/Mar/2025:13:15:43 +0100] "GET /Jurek/eurofirany/images/390398/3.jpg HTTP/2.0" 200 268877 "-" "Mozilla/5.0 AppleWebKit/537.36 (KHTML, like Gecko; compatible; bingbot/2.0; +http://www.bing.com/bingbot.htm) Chrome/116.0.1938.76 Safari/537.36"
66.249.64.165 - - [10/Mar/2025:13:15:58 +0100] "GET /Jurek/eurofirany/images/438610/3.jpg HTTP/1.1" 200 261280 "-" "Googlebot-Image/1.0"
46.101.116.244 - - [10/Mar/2025:13:16:15 +0100] "GET /Jurek/aw/feeds/aw_fnacfr.xml HTTP/1.0" 404 3551 "-" "-"
46.101.116.244 - - [10/Mar/2025:13:16:40 +0100] "GET /Filip/feeds/xlsx_ceneo.xml HTTP/1.0" 200 6241376 "-" "-"
66.249.64.166 - - [10/Mar/2025:13:17:05 +0100] "GET /Jurek/eurofirany/images/438610/6.jpg HTTP/1.1" 200 33 "-" "Googlebot-Image/1.0"
193.33.8.61 - - [10/Mar/2025:13:17:49 +0100] "GET /Jurek/elecomp/feeds/elecomp_bol.xml HTTP/2.0" 200 2869555 "https://konsola.dkkapusta1997.usermd.net/" "Mozilla/5.0 (Windows NT 10.0; Win64; x64) AppleWebKit/537.36 (KHTML, like Gecko) Chrome/133.0.0.0 Safari/537.36"
89.161.206.59 - - [10/Mar/2025:13:17:56 +0100] "GET /Jurek/muminky/feeds/muminky_skroutz.xml HTTP/1.0" 200 2270399 "-" "-"
34.91.34.58 - - [10/Mar/2025:13:18:01 +0100] "GET /Jurek/topeshop/downloaded_images/5902838461099_M2_close_2_W.jpg HTTP/2.0" 200 84383 "-" "BolcomAssetFox/2.0"
35.204.156.102 - - [10/Mar/2025:13:18:01 +0100] "GET /Jurek/topeshop/downloaded_images/5902838461099_Kopia_2_20_3_white.jpg HTTP/2.0" 200 127963 "-" "BolcomAssetFox/2.0"
34.91.34.58 - - [10/Mar/2025:13:18:01 +0100] "GET /Jurek/topeshop/downloaded_images/5902838461099_m2_white.jpg HTTP/2.0" 200 101864 "-" "BolcomAssetFox/2.0"
89.161.206.59 - - [10/Mar/2025:13:18:10 +0100] "GET /Jurek/pupus/feeds/pupus_skroutz.xml HTTP/1.0" 200 6154412 "-" "-"
193.33.8.61 - - [10/Mar/2025:13:18:41 +0100] "GET /Jurek/topeshop/downloaded_images/5902838462386_1_b%C5%82ysk.png HTTP/2.0" 404 3551 "-" "Mozilla/5.0 (Windows NT 10.0; Win64; x64) AppleWebKit/537.36 (KHTML, like Gecko) Chrome/134.0.0.0 Safari/537.36"
193.33.8.61 - - [10/Mar/2025:13:18:46 +0100] "GET /Jurek/topeshop/downloaded_images/5902838462386_8_b%C5%82ysk.png HTTP/2.0" 404 3551 "-" "Mozilla/5.0 (Windows NT 10.0; Win64; x64) AppleWebKit/537.36 (KHTML, like Gecko) Chrome/134.0.0.0 Safari/537.36"
193.33.8.61 - - [10/Mar/2025:13:19:11 +0100] "GET /Jurek/topeshop/downloaded_images/5902838461129_1_Sonoma_mix.png HTTP/2.0" 404 3551 "-" "Mozilla/5.0 (Windows NT 10.0; Win64; x64) AppleWebKit/537.36 (KHTML, like Gecko) Chrome/134.0.0.0 Safari/537.36"
193.33.8.61 - - [10/Mar/2025:13:19:15 +0100] "GET /Jurek/topeshop/downloaded_images/5902838461129_8_Sonoma_mix.png HTTP/2.0" 404 3551 "-" "Mozilla/5.0 (Windows NT 10.0; Win64; x64) AppleWebKit/537.36 (KHTML, like Gecko) Chrome/134.0.0.0 Safari/537.36"
57.141.0.26 - - [10/Mar/2025:13:19:26 +0100] "GET /marketplaces/OLDskroutz/feeds/shumee.xml HTTP/1.1" 200 144532 "-" "meta-externalagent/1.1 (+https://developers.facebook.com/docs/sharing/webmasters/crawler)"
193.33.8.61 - - [10/Mar/2025:13:19:33 +0100] "GET /Jurek/topeshop/downloaded_images/5902838463550_1_czer%C5%84.png HTTP/2.0" 404 3551 "-" "Mozilla/5.0 (Windows NT 10.0; Win64; x64) AppleWebKit/537.36 (KHTML, like Gecko) Chrome/134.0.0.0 Safari/537.36"
193.33.8.61 - - [10/Mar/2025:13:19:37 +0100] "GET /Jurek/topeshop/downloaded_images/5902838463550_8_czer%C5%84.png HTTP/2.0" 404 3551 "-" "Mozilla/5.0 (Windows NT 10.0; Win64; x64) AppleWebKit/537.36 (KHTML, like Gecko) Chrome/134.0.0.0 Safari/537.36"
89.161.206.59 - - [10/Mar/2025:13:19:52 +0100] "GET /Jurek/eurofryz3/feeds/eurofryz3_skroutz.xml HTTP/1.0" 200 172223 "-" "-"
89.161.206.59 - - [10/Mar/2025:13:20:00 +0100] "GET /Jurek/hlo/feeds/hlo_skroutz.xml HTTP/1.0" 200 4838837 "-" "-"
178.21.154.6 - - [10/Mar/2025:13:20:10 +0100] "GET /Jurek/eurofirany/images/351987/0.jpg HTTP/1.1" 200 24632 "-" "-"
178.21.154.6 - - [10/Mar/2025:13:20:10 +0100] "GET /Jurek/eurofirany/images/351992/0.jpg HTTP/1.1" 200 25269 "-" "-"
178.21.154.6 - - [10/Mar/2025:13:20:10 +0100] "GET /Jurek/eurofirany/images/351995/0.jpg HTTP/1.1" 200 52321 "-" "-"
89.161.206.59 - - [10/Mar/2025:13:20:25 +0100] "GET /Jurek/euroshop/feeds/euroshop_skroutz.xml HTTP/1.0" 200 20026532 "-" "-"
89.161.206.59 - - [10/Mar/2025:13:20:26 +0100] "GET /Jurek/hanex/feeds/hanex_skroutz.xml HTTP/1.0" 200 13931489 "-" "-"
52.167.144.192 - - [10/Mar/2025:13:20:45 +0100] "GET /Jurek/eurofirany/images/432024/4.jpg HTTP/2.0" 200 33 "-" "Mozilla/5.0 AppleWebKit/537.36 (KHTML, like Gecko; compatible; bingbot/2.0; +http://www.bing.com/bingbot.htm) Chrome/116.0.1938.76 Safari/537.36"
40.77.167.123 - - [10/Mar/2025:13:20:49 +0100] "GET /Jurek/eurofirany/images/390398/9.jpg HTTP/2.0" 200 98674 "-" "Mozilla/5.0 AppleWebKit/537.36 (KHTML, like Gecko; compatible; bingbot/2.0; +http://www.bing.com/bingbot.htm) Chrome/116.0.1938.76 Safari/537.36"
34.91.34.58 - - [10/Mar/2025:13:21:06 +0100] "GET /Jurek/topeshop/downloaded_images/5902838461105_m2_sonoma.jpg HTTP/2.0" 200 112562 "-" "BolcomAssetFox/2.0"
34.91.34.58 - - [10/Mar/2025:13:21:06 +0100] "GET /Jurek/topeshop/downloaded_images/5902838461105_M2_close_2_S.jpg HTTP/2.0" 200 90414 "-" "BolcomAssetFox/2.0"
34.91.34.58 - - [10/Mar/2025:13:21:07 +0100] "GET /Jurek/topeshop/downloaded_images/5902838461105_M2_close_S.jpg HTTP/2.0" 200 90595 "-" "BolcomAssetFox/2.0"
34.91.34.58 - - [10/Mar/2025:13:21:07 +0100] "GET /Jurek/topeshop/downloaded_images/5902838461105_Kopia_2_20_3_sonoma.jpg HTTP/2.0" 200 130860 "-" "BolcomAssetFox/2.0"
35.204.156.102 - - [10/Mar/2025:13:21:07 +0100] "GET /Jurek/topeshop/downloaded_images/5902838461105_9.png HTTP/2.0" 200 268348 "-" "BolcomAssetFox/2.0"
34.91.34.58 - - [10/Mar/2025:13:21:07 +0100] "GET /Jurek/topeshop/downloaded_images/5902838461105_2.png HTTP/2.0" 200 264182 "-" "BolcomAssetFox/2.0"
193.33.8.61 - - [10/Mar/2025:13:21:23 +0100] "GET /Jurek/german/output.txt HTTP/2.0" 200 14615 "https://konsola.dkkapusta1997.usermd.net/" "Mozilla/5.0 (Windows NT 10.0; Win64; x64) AppleWebKit/537.36 (KHTML, like Gecko) Chrome/134.0.0.0 Safari/537.36"
66.249.64.165 - - [10/Mar/2025:13:21:34 +0100] "GET /Jurek/eurofirany/images/422324/5.jpg HTTP/1.1" 200 162426 "-" "Googlebot-Image/1.0"
34.91.34.58 - - [10/Mar/2025:13:23:01 +0100] "GET /Jurek/topeshop/downloaded_images/5904507208967_1op.jpg HTTP/2.0" 404 3551 "-" "BolcomAssetFox/2.0"
34.91.34.58 - - [10/Mar/2025:13:23:01 +0100] "GET /Jurek/topeshop/downloaded_images/5904507208967_M2_0002.png HTTP/2.0" 200 131486 "-" "BolcomAssetFox/2.0"
34.91.34.58 - - [10/Mar/2025:13:23:01 +0100] "GET /Jurek/topeshop/downloaded_images/5904507208967_M2_D_0002.png HTTP/2.0" 200 202753 "-" "BolcomAssetFox/2.0"
34.91.34.58 - - [10/Mar/2025:13:23:01 +0100] "GET /Jurek/topeshop/downloaded_images/5904507208967_%D0%A12_M2_2_%D0%A1555.jpg HTTP/2.0" 200 88853 "-" "BolcomAssetFox/2.0"
35.204.156.102 - - [10/Mar/2025:13:23:02 +0100] "GET /Jurek/topeshop/downloaded_images/5904507208967_%D0%A11_M2_2_O1111.jpg HTTP/2.0" 200 118932 "-" "BolcomAssetFox/2.0"
34.91.34.58 - - [10/Mar/2025:13:23:02 +0100] "GET /Jurek/topeshop/downloaded_images/5904507208967_M2-GLINA-ZOOM111.jpg HTTP/2.0" 200 82937 "-" "BolcomAssetFox/2.0"
46.101.116.244 - - [10/Mar/2025:13:23:04 +0100] "GET /Jurek/vida_morele/feeds/vidaPL_velomarket_category2.xml HTTP/1.0" 200 41255517 "-" "-"
46.101.116.244 - - [10/Mar/2025:13:24:13 +0100] "GET /Jurek/aw/feeds/aw_fnacfr.xml HTTP/1.0" 404 3551 "-" "-"
77.79.248.229 - - [10/Mar/2025:13:24:14 +0100] "GET /Jurek/techrebal/feeds/techrebal_cdon_fi.xml HTTP/1.1" 200 1989741 "-" "Python-urllib/3.11"
193.33.8.61 - - [10/Mar/2025:13:24:28 +0100] "GET /Jurek/german/output.txt HTTP/2.0" 200 15802 "https://konsola.dkkapusta1997.usermd.net/" "Mozilla/5.0 (Windows NT 10.0; Win64; x64) AppleWebKit/537.36 (KHTML, like Gecko) Chrome/134.0.0.0 Safari/537.36"
114.119.138.5 - - [10/Mar/2025:13:24:36 +0100] "GET /matikrol/texas/5902110003931_4.jpg HTTP/1.1" 403 146 "https://arena.pl/oferta/wycieraczka-kokos-1090-kokosowa-49707692" "Mozilla/5.0 (Linux; Android 7.0;) AppleWebKit/537.36 (KHTML, like Gecko) Mobile Safari/537.36 (compatible; PetalBot;+https://webmaster.petalsearch.com/site/petalbot)"
46.101.116.244 - - [10/Mar/2025:13:24:38 +0100] "GET /Filip/feeds/xlsx_ceneo.xml HTTP/1.0" 200 6241376 "-" "-"
46.101.116.244 - - [10/Mar/2025:13:24:51 +0100] "GET /Jurek/vida_morele/feeds/vidaPL_velomarket_category3.xml HTTP/1.0" 200 41535457 "-" "-"
77.79.248.229 - - [10/Mar/2025:13:25:06 +0100] "GET /Jurek/techrebalina/feeds/techrebalina_cdon_fi.xml HTTP/1.1" 200 2011193 "-" "Python-urllib/3.11"
66.249.64.167 - - [10/Mar/2025:13:25:27 +0100] "GET /Jurek/eurofirany/images/422324/11.jpg HTTP/1.1" 200 598584 "-" "Googlebot-Image/1.0"
34.91.34.58 - - [10/Mar/2025:13:25:30 +0100] "GET /Jurek/topeshop/downloaded_images/5904507209018_%D0%A11_M2_1_O666.jpg HTTP/2.0" 200 115195 "-" "BolcomAssetFox/2.0"
34.91.34.58 - - [10/Mar/2025:13:25:31 +0100] "GET /Jurek/topeshop/downloaded_images/5904507209018_M2-KASZMIR-ZOOM.jpg HTTP/2.0" 200 79022 "-" "BolcomAssetFox/2.0"
34.91.34.58 - - [10/Mar/2025:13:25:31 +0100] "GET /Jurek/topeshop/downloaded_images/5904507209018_M2_D_0001.png HTTP/2.0" 200 215814 "-" "BolcomAssetFox/2.0"
35.204.156.102 - - [10/Mar/2025:13:25:31 +0100] "GET /Jurek/topeshop/downloaded_images/5904507209018_1op.jpg HTTP/2.0" 404 3551 "-" "BolcomAssetFox/2.0"
34.91.34.58 - - [10/Mar/2025:13:25:31 +0100] "GET /Jurek/topeshop/downloaded_images/5904507209018_M2_0001.png HTTP/2.0" 200 145383 "-" "BolcomAssetFox/2.0"
52.167.144.192 - - [10/Mar/2025:13:25:35 +0100] "GET /Jurek/eurofirany/images/390398/4.jpg HTTP/2.0" 200 242757 "-" "Mozilla/5.0 AppleWebKit/537.36 (KHTML, like Gecko; compatible; bingbot/2.0; +http://www.bing.com/bingbot.htm) Chrome/116.0.1938.76 Safari/537.36"
52.167.144.192 - - [10/Mar/2025:13:25:36 +0100] "GET /Jurek/eurofirany/images/454474/3.jpg HTTP/2.0" 200 0 "-" "Mozilla/5.0 AppleWebKit/537.36 (KHTML, like Gecko; compatible; bingbot/2.0; +http://www.bing.com/bingbot.htm) Chrome/116.0.1938.76 Safari/537.36"
52.167.144.171 - - [10/Mar/2025:13:25:40 +0100] "GET /Jurek/eurofirany/images/378046/5.jpg HTTP/2.0" 200 33 "-" "Mozilla/5.0 AppleWebKit/537.36 (KHTML, like Gecko; compatible; bingbot/2.0; +http://www.bing.com/bingbot.htm) Chrome/116.0.1938.76 Safari/537.36"
52.167.144.171 - - [10/Mar/2025:13:25:41 +0100] "GET /Jurek/eurofirany/images/390398/1.jpg HTTP/2.0" 200 312136 "-" "Mozilla/5.0 AppleWebKit/537.36 (KHTML, like Gecko; compatible; bingbot/2.0; +http://www.bing.com/bingbot.htm) Chrome/116.0.1938.76 Safari/537.36"
52.167.144.171 - - [10/Mar/2025:13:25:42 +0100] "GET /Jurek/eurofirany/images/390398/6.jpg HTTP/2.0" 200 257923 "-" "Mozilla/5.0 AppleWebKit/537.36 (KHTML, like Gecko; compatible; bingbot/2.0; +http://www.bing.com/bingbot.htm) Chrome/116.0.1938.76 Safari/537.36"
193.33.8.61 - - [10/Mar/2025:13:25:43 +0100] "GET /Jurek/expertauto/feeds/expertauto_cdon_dk.xml HTTP/2.0" 200 1159291 "https://konsola.dkkapusta1997.usermd.net/" "Mozilla/5.0 (Windows NT 10.0; Win64; x64) AppleWebKit/537.36 (KHTML, like Gecko) Chrome/133.0.0.0 Safari/537.36"
66.249.64.166 - - [10/Mar/2025:13:25:45 +0100] "GET /Jurek/eurofirany/images/372635/6.jpg HTTP/1.1" 200 6595 "-" "Googlebot-Image/1.0"
66.249.64.165 - - [10/Mar/2025:13:26:11 +0100] "GET /Jurek/eurofirany/images/438716/6.jpg HTTP/1.1" 200 33 "-" "Googlebot-Image/1.0"
46.101.116.244 - - [10/Mar/2025:13:26:53 +0100] "GET /Jurek/vidaCZ/feeds/vida_mallczod.xml HTTP/2.0" 200 662342556 "-" "-"
66.249.64.166 - - [10/Mar/2025:13:27:29 +0100] "GET /Jurek/eurofirany/images/422324/7.jpg HTTP/1.1" 200 67890 "-" "Googlebot-Image/1.0"
34.91.34.58 - - [10/Mar/2025:13:29:46 +0100] "GET /Jurek/topeshop/downloaded_images/5904507201517_W2_2_close.png HTTP/2.0" 200 1016971 "-" "BolcomAssetFox/2.0"
34.91.34.58 - - [10/Mar/2025:13:29:46 +0100] "GET /Jurek/topeshop/downloaded_images/5904507201517_W2_2_1.png HTTP/2.0" 200 1074214 "-" "BolcomAssetFox/2.0"
34.91.34.58 - - [10/Mar/2025:13:29:46 +0100] "GET /Jurek/topeshop/downloaded_images/5904507201517_W2_2_2.png HTTP/2.0" 200 426057 "-" "BolcomAssetFox/2.0"
34.91.34.58 - - [10/Mar/2025:13:29:46 +0100] "GET /Jurek/topeshop/downloaded_images/5904507201517_W2_2_open.png HTTP/2.0" 200 1013745 "-" "BolcomAssetFox/2.0"
35.204.156.102 - - [10/Mar/2025:13:29:46 +0100] "GET /Jurek/topeshop/downloaded_images/5904507201517_W2_2_3.png HTTP/2.0" 200 372669 "-" "BolcomAssetFox/2.0"
46.101.116.244 - - [10/Mar/2025:13:30:30 +0100] "GET /Jurek/aw/feeds/aw_fnacfr.xml HTTP/1.0" 404 3551 "-" "-"
66.249.64.167 - - [10/Mar/2025:13:30:30 +0100] "GET /Jurek/eurofirany/images/389918/1.jpg HTTP/1.1" 200 143259 "-" "Googlebot-Image/1.0"
40.77.167.48 - - [10/Mar/2025:13:30:46 +0100] "GET /Jurek/eurofirany/images/378046/6.jpg HTTP/2.0" 200 33 "-" "Mozilla/5.0 AppleWebKit/537.36 (KHTML, like Gecko; compatible; bingbot/2.0; +http://www.bing.com/bingbot.htm) Chrome/116.0.1938.76 Safari/537.36"
46.101.116.244 - - [10/Mar/2025:13:30:53 +0100] "GET /Filip/feeds/xlsx_ceneo.xml HTTP/1.0" 200 6241376 "-" "-"
34.91.34.58 - - [10/Mar/2025:13:32:01 +0100] "GET /Jurek/topeshop/downloaded_images/5902838464397_M2_2_close_W.jpg HTTP/2.0" 200 80501 "-" "BolcomAssetFox/2.0"
34.91.34.58 - - [10/Mar/2025:13:32:01 +0100] "GET /Jurek/topeshop/downloaded_images/5902838464397_M2_2_open_W.jpg HTTP/2.0" 200 80904 "-" "BolcomAssetFox/2.0"
35.204.156.102 - - [10/Mar/2025:13:32:02 +0100] "GET /Jurek/topeshop/downloaded_images/5902838464397_biel.jpg HTTP/2.0" 200 99768 "-" "BolcomAssetFox/2.0"
66.249.64.165 - - [10/Mar/2025:13:33:31 +0100] "GET /Jurek/eurofirany/images/389918/3.jpg HTTP/1.1" 200 254027 "-" "Googlebot-Image/1.0"
66.249.64.165 - - [10/Mar/2025:13:34:31 +0100] "GET /Jurek/eurofirany/images/422324/3.jpg HTTP/1.1" 200 38938 "-" "Googlebot-Image/1.0"
66.211.183.73 - - [10/Mar/2025:13:35:37 +0100] "GET /Jurek/topeshop/downloaded_images/5902838466513_sonoma_close_20.jpg HTTP/1.1" 404 3551 "-" "scalaj-http/2.4.2"
34.91.34.58 - - [10/Mar/2025:13:35:45 +0100] "GET /Jurek/topeshop/downloaded_images/5904507201395_biel.jpg HTTP/2.0" 200 98940 "-" "BolcomAssetFox/2.0"
34.91.34.58 - - [10/Mar/2025:13:35:46 +0100] "GET /Jurek/topeshop/downloaded_images/5904507201395_-20-st.jpg HTTP/2.0" 200 38670 "-" "BolcomAssetFox/2.0"
35.204.156.102 - - [10/Mar/2025:13:35:46 +0100] "GET /Jurek/topeshop/downloaded_images/5904507201395_Front.jpg HTTP/2.0" 200 92551 "-" "BolcomAssetFox/2.0"
35.204.156.102 - - [10/Mar/2025:13:35:46 +0100] "GET /Jurek/topeshop/downloaded_images/5904507201395_20-st.jpg HTTP/2.0" 200 92537 "-" "BolcomAssetFox/2.0"
89.161.206.59 - - [10/Mar/2025:13:35:53 +0100] "GET /Jurek/topeshop/feeds/topeshop_amazonFR.xml HTTP/1.0" 200 2469712 "-" "-"
89.161.206.59 - - [10/Mar/2025:13:35:56 +0100] "GET /Jurek/topeshop/feeds/topeshop_amazonIT.xml HTTP/1.0" 200 2469711 "-" "-"
52.209.168.113 - - [10/Mar/2025:13:35:58 +0100] "GET /marketplaces/worten2/results/worten.csv HTTP/1.1" 200 147217 "-" "Mirakl HttpClient"
89.161.206.59 - - [10/Mar/2025:13:36:00 +0100] "GET /Jurek/topeshop/feeds/topeshop_amazonDE.xml HTTP/1.0" 200 2469603 "-" "-"
89.161.206.59 - - [10/Mar/2025:13:36:03 +0100] "GET /Jurek/topeshop/feeds/topeshop_amazonSE.xml HTTP/1.0" 200 2470360 "-" "-"
89.161.206.59 - - [10/Mar/2025:13:36:07 +0100] "GET /Jurek/topeshop/feeds/topeshop_amazonES.xml HTTP/1.0" 200 2469709 "-" "-"
77.79.248.229 - - [10/Mar/2025:13:36:10 +0100] "GET /Jurek/eurofirany/feeds/eurofirany_cdon_se.xml HTTP/1.1" 200 19082425 "-" "python-requests/2.32.3"
77.79.248.229 - - [10/Mar/2025:13:36:10 +0100] "GET /Jurek/eurofirany/feeds/eurofirany_cdon_dk.xml HTTP/1.1" 200 19082090 "-" "python-requests/2.32.3"
89.161.206.59 - - [10/Mar/2025:13:36:11 +0100] "GET /Jurek/topeshop/feeds/topeshop_amazonNL.xml HTTP/1.0" 200 2469705 "-" "-"
77.79.248.229 - - [10/Mar/2025:13:36:11 +0100] "GET /Jurek/eurofirany/feeds/eurofirany_cdon_fi.xml HTTP/1.1" 200 19064859 "-" "python-requests/2.32.3"
77.79.248.229 - - [10/Mar/2025:13:36:11 +0100] "GET /Jurek/stema/feeds/stema_cdon_se.xml HTTP/1.1" 200 840049 "-" "python-requests/2.32.3"
77.79.248.229 - - [10/Mar/2025:13:36:11 +0100] "GET /Jurek/stema/feeds/stema_cdon_dk.xml HTTP/1.1" 200 839889 "-" "python-requests/2.32.3"
77.79.248.229 - - [10/Mar/2025:13:36:11 +0100] "GET /Jurek/stema/feeds/stema_cdon_fi.xml HTTP/1.1" 200 839611 "-" "python-requests/2.32.3"
77.79.248.229 - - [10/Mar/2025:13:36:12 +0100] "GET /Jurek/aw/feeds/awnarzedzia_cdon_se.xml HTTP/1.1" 200 90457986 "-" "python-requests/2.32.3"
77.79.248.229 - - [10/Mar/2025:13:36:13 +0100] "GET /Jurek/aw/feeds/awnarzedzia_cdon_dk.xml HTTP/1.1" 200 90452460 "-" "python-requests/2.32.3"
77.79.248.229 - - [10/Mar/2025:13:36:14 +0100] "GET /Jurek/aw/feeds/awnarzedzia_cdon_fi.xml HTTP/1.1" 200 90369852 "-" "python-requests/2.32.3"
89.161.206.59 - - [10/Mar/2025:13:36:15 +0100] "GET /Jurek/topeshop/feeds/topeshop_amazonBE.xml HTTP/1.0" 200 2469703 "-" "-"
77.79.248.229 - - [10/Mar/2025:13:36:15 +0100] "GET /Jurek/hurtownia_przemyslowa/feeds/hp_cdon_se.xml HTTP/1.1" 200 49931143 "-" "python-requests/2.32.3"
77.79.248.229 - - [10/Mar/2025:13:36:16 +0100] "GET /Jurek/hurtownia_przemyslowa/feeds/hp_cdon_dk.xml HTTP/1.1" 200 49929355 "-" "python-requests/2.32.3"
77.79.248.229 - - [10/Mar/2025:13:36:16 +0100] "GET /Jurek/hurtownia_przemyslowa/feeds/hp_cdon_fi.xml HTTP/1.1" 200 49916190 "-" "python-requests/2.32.3"
77.79.248.229 - - [10/Mar/2025:13:36:18 +0100] "GET /Jurek/ikonka/feeds/ikonka_cdon_se.xml HTTP/1.1" 200 21456537 "-" "python-requests/2.32.3"
77.79.248.229 - - [10/Mar/2025:13:36:18 +0100] "GET /Jurek/ikonka/feeds/ikonka_cdon_dk.xml HTTP/1.1" 200 21456476 "-" "python-requests/2.32.3"
77.79.248.229 - - [10/Mar/2025:13:36:19 +0100] "GET /Jurek/ikonka/feeds/ikonka_cdon_fi.xml HTTP/1.1" 200 21454422 "-" "python-requests/2.32.3"
77.79.248.229 - - [10/Mar/2025:13:36:19 +0100] "GET /Jurek/fernity/feeds/fernity_cdon_fi.xml HTTP/1.1" 200 5224780 "-" "python-requests/2.32.3"
77.79.248.229 - - [10/Mar/2025:13:36:19 +0100] "GET /Jurek/fernity/feeds/fernity_cdon_se.xml HTTP/1.1" 200 5228224 "-" "python-requests/2.32.3"
77.79.248.229 - - [10/Mar/2025:13:36:19 +0100] "GET /Jurek/fernity/feeds/fernity_cdon_dk.xml HTTP/1.1" 200 5227836 "-" "python-requests/2.32.3"
77.79.248.229 - - [10/Mar/2025:13:36:20 +0100] "GET /Jurek/activeshop/feeds/activeshop_cdon_se.xml HTTP/1.1" 200 10471735 "-" "python-requests/2.32.3"
77.79.248.229 - - [10/Mar/2025:13:36:20 +0100] "GET /Jurek/activeshop/feeds/activeshop_cdon_dk.xml HTTP/1.1" 200 10471345 "-" "python-requests/2.32.3"
77.79.248.229 - - [10/Mar/2025:13:36:20 +0100] "GET /Jurek/activeshop/feeds/activeshop_cdon_fi.xml HTTP/1.1" 200 10467623 "-" "python-requests/2.32.3"
89.161.206.59 - - [10/Mar/2025:13:36:22 +0100] "GET /Jurek/ikonka/feeds/ikonka_amazonES.xml HTTP/1.0" 200 21454412 "-" "-"
77.79.248.229 - - [10/Mar/2025:13:36:24 +0100] "GET /Jurek/barbecook/feeds/barbecook_cdon_se.xml HTTP/1.1" 200 87591 "-" "python-requests/2.32.3"
77.79.248.229 - - [10/Mar/2025:13:36:24 +0100] "GET /Jurek/barbecook/feeds/barbecook_cdon_dk.xml HTTP/1.1" 200 87593 "-" "python-requests/2.32.3"
77.79.248.229 - - [10/Mar/2025:13:36:24 +0100] "GET /Jurek/barbecook/feeds/barbecook_cdon_fi.xml HTTP/1.1" 200 87530 "-" "python-requests/2.32.3"
77.79.248.229 - - [10/Mar/2025:13:36:25 +0100] "GET /Jurek/action/feeds/action_cdon_se.xml HTTP/1.1" 200 56373907 "-" "python-requests/2.32.3"
77.79.248.229 - - [10/Mar/2025:13:36:26 +0100] "GET /Jurek/action/feeds/action_cdon_dk.xml HTTP/1.1" 200 56369163 "-" "python-requests/2.32.3"
77.79.248.229 - - [10/Mar/2025:13:36:26 +0100] "GET /Jurek/action/feeds/action_cdon_fi.xml HTTP/1.1" 200 56344063 "-" "python-requests/2.32.3"
77.79.248.229 - - [10/Mar/2025:13:36:27 +0100] "GET /Jurek/kinghoff/feeds/kinghoff_cdon_se.xml HTTP/1.1" 200 15138121 "-" "python-requests/2.32.3"
77.79.248.229 - - [10/Mar/2025:13:36:27 +0100] "GET /Jurek/kinghoff/feeds/kinghoff_cdon_dk.xml HTTP/1.1" 200 15137819 "-" "python-requests/2.32.3"
77.79.248.229 - - [10/Mar/2025:13:36:27 +0100] "GET /Jurek/kinghoff/feeds/kinghoff_cdon_fi.xml HTTP/1.1" 200 15135661 "-" "python-requests/2.32.3"
46.101.116.244 - - [10/Mar/2025:13:36:47 +0100] "GET /Jurek/aw/feeds/aw_fnacfr.xml HTTP/1.0" 404 3551 "-" "-"
46.101.116.244 - - [10/Mar/2025:13:37:10 +0100] "GET /Filip/feeds/xlsx_ceneo.xml HTTP/1.0" 200 6241376 "-" "-"
66.249.64.166 - - [10/Mar/2025:13:37:33 +0100] "GET /Jurek/eurofirany/images/389918/5.jpg HTTP/1.1" 200 226786 "-" "Googlebot-Image/1.0"
77.79.248.229 - - [10/Mar/2025:13:38:07 +0100] "GET /Jurek/vidaSI/feeds/vidaSI_bigbang.xml HTTP/1.1" 200 620949104 "-" "Python-urllib/3.11"
77.79.248.229 - - [10/Mar/2025:13:38:08 +0100] "GET /Jurek/aw/feeds/awnarzedzia_bigbang.xml HTTP/1.1" 200 90345949 "-" "Python-urllib/3.11"
77.79.248.229 - - [10/Mar/2025:13:38:09 +0100] "GET /Jurek/hurtownia_przemyslowa/feeds/hp_bigbang.xml HTTP/1.1" 200 49913560 "-" "Python-urllib/3.11"
77.79.248.229 - - [10/Mar/2025:13:38:10 +0100] "GET /Jurek/action/feeds/action_bigbang.xml HTTP/1.1" 200 56339273 "-" "Python-urllib/3.11"
77.79.248.229 - - [10/Mar/2025:13:38:12 +0100] "GET /Jurek/unimet/feeds/unimet_bigbang.xml HTTP/1.1" 200 60210804 "-" "Python-urllib/3.11"
77.79.248.229 - - [10/Mar/2025:13:38:13 +0100] "GET /Jurek/ikonka/feeds/ikonka_bigbang.xml HTTP/1.1" 200 21454372 "-" "Python-urllib/3.11"
77.79.248.229 - - [10/Mar/2025:13:38:13 +0100] "GET /Jurek/bass/feeds/bass_bigbang.xml HTTP/1.1" 200 3985838 "-" "Python-urllib/3.11"
77.79.248.229 - - [10/Mar/2025:13:38:14 +0100] "GET /Jurek/kinghoff/feeds/kinghoff_bigbang.xml HTTP/1.1" 200 15135229 "-" "Python-urllib/3.11"
77.79.248.229 - - [10/Mar/2025:13:38:15 +0100] "GET /Jurek/activeshop/feeds/activeshop_bigbang.xml HTTP/1.1" 200 10467966 "-" "Python-urllib/3.11"
77.79.248.229 - - [10/Mar/2025:13:38:15 +0100] "GET /Jurek/octopia/feeds/octopia_bigbang.xml HTTP/1.1" 200 6115366 "-" "Python-urllib/3.11"
77.79.248.229 - - [10/Mar/2025:13:38:15 +0100] "GET /Jurek/topeshop/feeds/topeshop_bigbang.xml HTTP/1.1" 200 2469605 "-" "Python-urllib/3.11"
77.79.248.229 - - [10/Mar/2025:13:38:15 +0100] "GET /Jurek/b3/feeds/b3_bigbang.xml HTTP/1.1" 200 7415771 "-" "Python-urllib/3.11"
77.79.248.229 - - [10/Mar/2025:13:38:16 +0100] "GET /Jurek/asortymenteu/feeds/asortymenteu_bigbang.xml HTTP/1.1" 200 2642045 "-" "Python-urllib/3.11"
77.79.248.229 - - [10/Mar/2025:13:38:16 +0100] "GET /Jurek/eroplace/feeds/eroplace_bigbang.xml HTTP/1.1" 200 52151770 "-" "Python-urllib/3.11"
77.79.248.229 - - [10/Mar/2025:13:38:20 +0100] "GET /Jurek/intsell/feeds/intsell_bigbang.xml HTTP/1.1" 200 342033955 "-" "Python-urllib/3.11"
77.79.248.229 - - [10/Mar/2025:13:38:20 +0100] "GET /Jurek/coppotech/feeds/coppotech_bigbang.xml HTTP/1.1" 200 38058319 "-" "Python-urllib/3.11"
77.79.248.229 - - [10/Mar/2025:13:38:21 +0100] "GET /Jurek/stema/feeds/stema_bigbang.xml HTTP/1.1" 200 839473 "-" "Python-urllib/3.11"
77.79.248.229 - - [10/Mar/2025:13:38:21 +0100] "GET /Jurek/sempler/feeds/sempler_bigbang.xml HTTP/1.1" 200 6787903 "-" "Python-urllib/3.11"
77.79.248.229 - - [10/Mar/2025:13:38:21 +0100] "GET /Jurek/benetech/feeds/benetech_bigbang.xml HTTP/1.1" 200 4165293 "-" "Python-urllib/3.11"
77.79.248.229 - - [10/Mar/2025:13:38:21 +0100] "GET /Jurek/ekuchcikowo/feeds/ekuchcikowo_bigbang.xml HTTP/1.1" 200 13526855 "-" "Python-urllib/3.11"
77.79.248.229 - - [10/Mar/2025:13:38:22 +0100] "GET /Jurek/erohurtownia/feeds/erohurtownia_bigbang.xml HTTP/1.1" 200 22846498 "-" "Python-urllib/3.11"
77.79.248.229 - - [10/Mar/2025:13:38:31 +0100] "GET /Jurek/naszedzieci/feeds/naszedzieci_bigbang.xml HTTP/1.1" 200 833255548 "-" "Python-urllib/3.11"
77.79.248.229 - - [10/Mar/2025:13:38:33 +0100] "GET /Jurek/awparts/feeds/awparts_bigbang.xml HTTP/1.1" 200 142301290 "-" "Python-urllib/3.11"
77.79.248.229 - - [10/Mar/2025:13:38:33 +0100] "GET /Jurek/najtanszysport/feeds/najtanszysport_bigbang.xml HTTP/1.1" 200 3982985 "-" "Python-urllib/3.11"
77.79.248.229 - - [10/Mar/2025:13:38:33 +0100] "GET /Jurek/aiofactory/feeds/aiofactory_bigbang.xml HTTP/1.1" 200 2123795 "-" "Python-urllib/3.11"
77.79.248.229 - - [10/Mar/2025:13:38:34 +0100] "GET /Jurek/playcob/feeds/playcob_bigbang.xml HTTP/1.1" 200 6980069 "-" "Python-urllib/3.11"
77.79.248.229 - - [10/Mar/2025:13:38:34 +0100] "GET /Jurek/kidshop/feeds/kidshop_bigbang.xml HTTP/1.1" 200 19845640 "-" "Python-urllib/3.11"
77.79.248.229 - - [10/Mar/2025:13:38:34 +0100] "GET /Jurek/polzoo/feeds/polzoo_bigbang.xml HTTP/1.1" 200 48125776 "-" "Python-urllib/3.11"
62.146.78.46 - - [10/Mar/2025:13:38:38 +0100] "GET /Jurek/eurofirany/images/438729/0.jpg HTTP/1.1" 200 117195 "-" "Producto GmbH (www.testberichte.de) ImageServer 1.0"
193.33.8.61 - - [10/Mar/2025:13:38:44 +0100] "GET /Jurek/topeshop/downloaded_images/5902838466421_1_1.png HTTP/2.0" 200 187916 "-" "Mozilla/5.0 (Windows NT 10.0; Win64; x64) AppleWebKit/537.36 (KHTML, like Gecko) Chrome/134.0.0.0 Safari/537.36"
89.161.206.59 - - [10/Mar/2025:13:39:06 +0100] "GET /Jurek/erohurtownia/feeds/erohurtownia_amazonde.xml HTTP/1.0" 200 22846684 "-" "-"
66.249.64.165 - - [10/Mar/2025:13:39:35 +0100] "GET /Jurek/eurofirany/images/390441/5.jpg HTTP/1.1" 200 240573 "-" "Googlebot-Image/1.0"
193.33.8.61 - - [10/Mar/2025:13:40:14 +0100] "GET /Jurek/muminky/feeds/muminky_amazonde.xml HTTP/2.0" 200 2677724 "https://konsola.dkkapusta1997.usermd.net/" "Mozilla/5.0 (Windows NT 10.0; Win64; x64) AppleWebKit/537.36 (KHTML, like Gecko) Chrome/133.0.0.0 Safari/537.36"
77.79.248.229 - - [10/Mar/2025:13:40:20 +0100] "GET /Jurek/kinghoff/feeds/kinghoff_SkroutzGR.xml HTTP/1.1" 200 15135379 "-" "Python-urllib/3.11"
77.79.248.229 - - [10/Mar/2025:13:40:21 +0100] "GET /Jurek/aw/feeds/awnarzedzia_skroutz.xml HTTP/1.1" 200 90369465 "-" "Python-urllib/3.11"
77.79.248.229 - - [10/Mar/2025:13:40:21 +0100] "GET /Jurek/eurofirany/feeds/eurofirany_skroutz.xml HTTP/1.1" 200 19064803 "-" "Python-urllib/3.11"
77.79.248.229 - - [10/Mar/2025:13:40:23 +0100] "GET /Jurek/fernity/feeds/fernity_skroutz.xml HTTP/1.1" 200 5225251 "-" "Python-urllib/3.11"
66.211.183.74 - - [10/Mar/2025:13:40:45 +0100] "GET /Jurek/eurofirany/images/389941/0.jpg HTTP/1.1" 200 208032 "-" "scalaj-http/2.4.2"
40.77.167.63 - - [10/Mar/2025:13:40:56 +0100] "GET /Jurek/eurofirany/images/390398/8.jpg HTTP/2.0" 200 238615 "-" "Mozilla/5.0 AppleWebKit/537.36 (KHTML, like Gecko; compatible; bingbot/2.0; +http://www.bing.com/bingbot.htm) Chrome/116.0.1938.76 Safari/537.36"
40.77.167.48 - - [10/Mar/2025:13:41:00 +0100] "GET /Jurek/eurofirany/images/390398/5.jpg HTTP/2.0" 200 254924 "-" "Mozilla/5.0 AppleWebKit/537.36 (KHTML, like Gecko; compatible; bingbot/2.0; +http://www.bing.com/bingbot.htm) Chrome/116.0.1938.76 Safari/537.36"
40.77.167.48 - - [10/Mar/2025:13:41:00 +0100] "GET /Jurek/eurofirany/images/390398/2.jpg HTTP/2.0" 200 317709 "-" "Mozilla/5.0 AppleWebKit/537.36 (KHTML, like Gecko; compatible; bingbot/2.0; +http://www.bing.com/bingbot.htm) Chrome/116.0.1938.76 Safari/537.36"
46.101.116.244 - - [10/Mar/2025:13:41:16 +0100] "GET /Jurek/aw/feeds/aw_fnacfr.xml HTTP/1.0" 404 3551 "-" "-"
66.249.64.165 - - [10/Mar/2025:13:41:16 +0100] "GET /Jurek/eurofirany/images/390450/4.jpg HTTP/1.1" 200 274644 "-" "Googlebot-Image/1.0"
89.161.206.59 - - [10/Mar/2025:13:41:33 +0100] "GET /Jurek/luxma/feeds/luxma_bol.xml HTTP/1.0" 200 8059016 "-" "-"
89.161.206.59 - - [10/Mar/2025:13:41:35 +0100] "GET /Jurek/maksik/feeds/maksik_bol.xml HTTP/1.0" 200 4084775 "-" "-"
89.161.206.59 - - [10/Mar/2025:13:41:36 +0100] "GET /Jurek/playcob/feeds/playcob_bol.xml HTTP/1.0" 200 6980101 "-" "-"
46.101.116.244 - - [10/Mar/2025:13:41:43 +0100] "GET /Filip/feeds/xlsx_ceneo.xml HTTP/1.0" 200 6241376 "-" "-"
89.161.206.59 - - [10/Mar/2025:13:41:48 +0100] "GET /Jurek/eroplace/feeds/eroplace_amazonnl.xml HTTP/1.0" 200 52152257 "-" "-"
66.249.64.165 - - [10/Mar/2025:13:42:33 +0100] "GET /Jurek/eurofirany/images/45640/5.jpg HTTP/1.1" 200 67223 "-" "Googlebot-Image/1.0"
193.33.8.61 - - [10/Mar/2025:13:43:14 +0100] "GET /Jurek/kobi/feeds/kobi_cdsc.xml HTTP/2.0" 200 544161 "https://konsola.dkkapusta1997.usermd.net/" "Mozilla/5.0 (Windows NT 10.0; Win64; x64) AppleWebKit/537.36 (KHTML, like Gecko) Chrome/133.0.0.0 Safari/537.36"
77.79.248.229 - - [10/Mar/2025:13:43:19 +0100] "GET /Jurek/kobi/feeds/kobi_cdsc.xml HTTP/1.1" 200 544161 "-" "Python-urllib/3.11"
77.79.248.229 - - [10/Mar/2025:13:44:03 +0100] "GET /Jurek/kinghoff/feeds/kinghoff_rakuten.xml HTTP/1.1" 200 15135184 "-" "Python-urllib/3.11"
216.113.184.101 - - [10/Mar/2025:13:44:16 +0100] "GET /Jurek/eurofirany/images/378344/0.jpg HTTP/1.1" 200 131731 "-" "Java/17.0.13.0.101"
66.249.64.167 - - [10/Mar/2025:13:44:43 +0100] "GET /Jurek/eurofirany/images/367111/2.jpg HTTP/1.1" 200 56699 "-" "Googlebot-Image/1.0"
66.249.64.165 - - [10/Mar/2025:13:45:50 +0100] "GET /Jurek/eurofirany/images/422324/2.jpg HTTP/1.1" 200 89251 "-" "Googlebot-Image/1.0"
34.91.34.58 - - [10/Mar/2025:13:46:06 +0100] "GET /Jurek/topeshop/downloaded_images/5902838466421_1_1.png HTTP/2.0" 200 187916 "-" "BolcomAssetFox/2.0"
34.91.34.58 - - [10/Mar/2025:13:46:07 +0100] "GET /Jurek/topeshop/downloaded_images/5902838466421_wieszak-2fffff.png HTTP/2.0" 200 955371 "-" "BolcomAssetFox/2.0"
46.101.116.244 - - [10/Mar/2025:13:46:09 +0100] "GET /Jurek/aw/feeds/aw_fnacfr.xml HTTP/1.0" 404 3551 "-" "-"
89.161.206.59 - - [10/Mar/2025:13:46:24 +0100] "GET /Jurek/ikonka/feeds/ikonka_amazonNL.xml HTTP/1.0" 200 21454376 "-" "-"
46.101.116.244 - - [10/Mar/2025:13:46:37 +0100] "GET /Filip/feeds/xlsx_ceneo.xml HTTP/1.0" 200 6241376 "-" "-"
46.101.116.244 - - [10/Mar/2025:13:49:27 +0100] "GET /Jurek/chemex/feeds/chemex_empik.xml HTTP/1.0" 200 47822490 "-" "-"
46.101.116.244 - - [10/Mar/2025:13:49:30 +0100] "GET /Jurek/eurofirany/feeds/eurofirany_empik.xml HTTP/1.0" 200 19066206 "-" "-"
89.161.206.59 - - [10/Mar/2025:13:49:38 +0100] "GET /Jurek/aiofactory/feeds/aiofactory_cdsc.xml HTTP/1.0" 200 1192865 "-" "-"
89.161.206.59 - - [10/Mar/2025:13:49:49 +0100] "GET /Jurek/unimet/feeds/unimet_cdisFI.xml HTTP/1.0" 200 60214814 "-" "-"
89.161.206.59 - - [10/Mar/2025:13:49:56 +0100] "GET /Jurek/barbecook/feeds/barbecook_cdis.xml HTTP/1.0" 200 87527 "-" "-"
46.101.116.244 - - [10/Mar/2025:13:49:57 +0100] "GET /Jurek/action/feeds/action_cdis.xml HTTP/1.0" 200 56341889 "-" "-"
46.101.116.244 - - [10/Mar/2025:13:50:02 +0100] "GET /Jurek/activeshop/feeds/activeshop_cdis.xml HTTP/1.0" 200 10467933 "-" "-"
46.101.116.244 - - [10/Mar/2025:13:50:06 +0100] "GET /Jurek/fernity/feeds/fernity_cdiscount.xml HTTP/1.0" 200 5225052 "-" "-"
46.101.116.244 - - [10/Mar/2025:13:50:08 +0100] "GET /Jurek/eurofirany/feeds/eurofirany_cdiscount.xml HTTP/1.0" 200 19064762 "-" "-"
46.101.116.244 - - [10/Mar/2025:13:50:14 +0100] "GET /Jurek/kinghoff/feeds/kinghoff_cdiscount.xml HTTP/1.0" 200 15135321 "-" "-"
216.113.184.104 - - [10/Mar/2025:13:51:08 +0100] "GET /Jurek/topeshop/downloaded_images/5904507201951_3.jpg HTTP/1.1" 404 3551 "http://www.ebay.com/" "Mozilla/4.0 (compatible; MSIE 4.01; Windows NT)"
216.113.184.103 - - [10/Mar/2025:13:51:08 +0100] "GET /Jurek/topeshop/downloaded_images/5904507201951_2.jpg HTTP/1.1" 404 3551 "http://www.ebay.com/" "Mozilla/4.0 (compatible; MSIE 4.01; Windows NT)"
216.113.184.105 - - [10/Mar/2025:13:51:08 +0100] "GET /Jurek/topeshop/downloaded_images/5904507201951_artisan140.jpg HTTP/1.1" 404 3551 "http://www.ebay.com/" "Mozilla/4.0 (compatible; MSIE 4.01; Windows NT)"
216.113.184.105 - - [10/Mar/2025:13:51:08 +0100] "GET /Jurek/topeshop/downloaded_images/5904507201951_1.jpg HTTP/1.1" 404 3551 "http://www.ebay.com/" "Mozilla/4.0 (compatible; MSIE 4.01; Windows NT)"
216.113.184.104 - - [10/Mar/2025:13:51:08 +0100] "GET /Jurek/topeshop/downloaded_images/5904507201951_aaaartv140.jpg HTTP/1.1" 200 125198 "http://www.ebay.com/" "Mozilla/4.0 (compatible; MSIE 4.01; Windows NT)"
216.113.184.103 - - [10/Mar/2025:13:51:08 +0100] "GET /Jurek/topeshop/downloaded_images/5904507201951_20st_1.jpg HTTP/1.1" 404 3551 "http://www.ebay.com/" "Mozilla/4.0 (compatible; MSIE 4.01; Windows NT)"
216.113.184.105 - - [10/Mar/2025:13:51:08 +0100] "GET /Jurek/topeshop/downloaded_images/5904507201951_wiz1.jpg HTTP/1.1" 200 135073 "http://www.ebay.com/" "Mozilla/4.0 (compatible; MSIE 4.01; Windows NT)"
216.113.184.105 - - [10/Mar/2025:13:51:08 +0100] "GET /Jurek/topeshop/downloaded_images/5904507201951_rtv140aaaa.jpg HTTP/1.1" 200 135975 "http://www.ebay.com/" "Mozilla/4.0 (compatible; MSIE 4.01; Windows NT)"
89.161.206.59 - - [10/Mar/2025:13:51:48 +0100] "GET /Jurek/ikonka/feeds/ikonka_amazonDE.xml HTTP/1.0" 200 21454372 "-" "-"
46.101.116.244 - - [10/Mar/2025:13:51:48 +0100] "GET /Jurek/aw/feeds/aw_fnacfr.xml HTTP/1.0" 404 3551 "-" "-"
89.161.206.59 - - [10/Mar/2025:13:51:49 +0100] "GET /Jurek/ikonka/feeds/ikonka_amazonIT.xml HTTP/1.0" 200 21454417 "-" "-"
89.161.206.59 - - [10/Mar/2025:13:51:50 +0100] "GET /Jurek/ikonka/feeds/ikonka_amazonFR.xml HTTP/1.0" 200 21454413 "-" "-"
89.161.206.59 - - [10/Mar/2025:13:51:52 +0100] "GET /Jurek/hurtownia_przemyslowa/feeds/hp_amazonDE.xml HTTP/1.0" 200 49916225 "-" "-"
89.161.206.59 - - [10/Mar/2025:13:51:55 +0100] "GET /Jurek/hurtownia_przemyslowa/feeds/hp_amazonFR.xml HTTP/1.0" 200 49916782 "-" "-"
89.161.206.59 - - [10/Mar/2025:13:51:57 +0100] "GET /Jurek/hurtownia_przemyslowa/feeds/hp_amazonIT.xml HTTP/1.0" 200 49917044 "-" "-"
89.161.206.59 - - [10/Mar/2025:13:52:01 +0100] "GET /Jurek/hurtownia_przemyslowa/feeds/hp_amazonNL.xml HTTP/1.0" 200 49916791 "-" "-"
89.161.206.59 - - [10/Mar/2025:13:52:04 +0100] "GET /Jurek/hurtownia_przemyslowa/feeds/hp_amazonSE.xml HTTP/1.0" 200 49931609 "-" "-"
89.161.206.59 - - [10/Mar/2025:13:52:12 +0100] "GET /Jurek/swiatecznygoliat/feeds/swiatecznygoliat_amazonde.xml HTTP/1.0" 200 7054356 "-" "-"
46.101.116.244 - - [10/Mar/2025:13:52:14 +0100] "GET /Filip/feeds/xlsx_ceneo.xml HTTP/1.0" 200 6241376 "-" "-"
66.249.64.165 - - [10/Mar/2025:13:53:27 +0100] "GET /Jurek/eurofirany/images/390450/3.jpg HTTP/1.1" 200 311350 "-" "Googlebot-Image/1.0"
77.79.248.229 - - [10/Mar/2025:13:53:58 +0100] "GET /Jurek/oknobest/feeds/oknobest_manoDE.xml HTTP/1.1" 200 2708534 "-" "Python-urllib/3.11"
89.161.206.59 - - [10/Mar/2025:13:53:59 +0100] "GET /Jurek/slayo/feeds/slayo_skroutz.xml HTTP/1.0" 200 183616 "-" "-"
66.249.64.167 - - [10/Mar/2025:13:54:27 +0100] "GET /Jurek/eurofirany/images/390450/5.jpg HTTP/1.1" 200 240573 "-" "Googlebot-Image/1.0"
89.161.206.59 - - [10/Mar/2025:13:54:28 +0100] "GET /Jurek/pawonik/feeds/pawonik_skroutz.xml HTTP/1.0" 200 2586110 "-" "-"
89.161.206.59 - - [10/Mar/2025:13:54:28 +0100] "GET /Jurek/artdog/feeds/artdog_skroutz.xml HTTP/1.0" 200 17158776 "-" "-"
89.161.206.59 - - [10/Mar/2025:13:54:29 +0100] "GET /Jurek/mosti/feeds/mosti_skroutz.xml HTTP/1.0" 200 4633577 "-" "-"
89.161.206.59 - - [10/Mar/2025:13:54:30 +0100] "GET /Jurek/swiatecznygoliat/feeds/swiatecznygoliat_skroutz.xml HTTP/1.0" 200 7054430 "-" "-"
89.161.206.59 - - [10/Mar/2025:13:54:42 +0100] "GET /Jurek/spali/feeds/spali_skroutz.xml HTTP/1.0" 200 77053 "-" "-"
89.161.206.59 - - [10/Mar/2025:13:54:42 +0100] "GET /Jurek/galopi/feeds/galopi_skroutz.xml HTTP/1.0" 200 2111083 "-" "-"
89.161.206.59 - - [10/Mar/2025:13:54:42 +0100] "GET /Jurek/combine/feeds/combine_skroutz.xml HTTP/1.0" 200 210556 "-" "-"
89.161.206.59 - - [10/Mar/2025:13:54:47 +0100] "GET /Jurek/velinda/feeds/velinda_skroutz.xml HTTP/1.0" 200 23450 "-" "-"
89.161.206.59 - - [10/Mar/2025:13:54:54 +0100] "GET /Jurek/erohurtownia/feeds/erohurtownia_skroutz.xml HTTP/1.0" 200 22846576 "-" "-"
89.161.206.59 - - [10/Mar/2025:13:54:55 +0100] "GET /Jurek/reman/feeds/reman_skroutz.xml HTTP/1.0" 200 1394841 "-" "-"
89.161.206.59 - - [10/Mar/2025:13:54:56 +0100] "GET /Jurek/urwiskowo/feeds/urwiskowo_skroutz.xml HTTP/1.0" 200 9114901 "-" "-"
40.77.167.17 - - [10/Mar/2025:13:55:20 +0100] "GET / HTTP/2.0" 200 1633 "-" "Mozilla/5.0 AppleWebKit/537.36 (KHTML, like Gecko; compatible; bingbot/2.0; +http://www.bing.com/bingbot.htm) Chrome/116.0.1938.76 Safari/537.36"
66.211.183.74 - - [10/Mar/2025:13:55:56 +0100] "GET /Jurek/eurofirany/images/390014/0.jpg HTTP/1.1" 200 168905 "-" "scalaj-http/2.4.2"
66.211.183.72 - - [10/Mar/2025:13:56:07 +0100] "GET /Jurek/eurofirany/images/423657/0.jpg HTTP/1.1" 200 84801 "-" "scalaj-http/2.4.2"
46.101.116.244 - - [10/Mar/2025:13:56:21 +0100] "GET /Jurek/aw/feeds/aw_fnacfr.xml HTTP/1.0" 404 3551 "-" "-"
46.101.116.244 - - [10/Mar/2025:13:56:50 +0100] "GET /Filip/feeds/xlsx_ceneo.xml HTTP/1.0" 200 6241376 "-" "-"
66.249.64.167 - - [10/Mar/2025:13:57:30 +0100] "GET /Jurek/eurofirany/images/389918/7.jpg HTTP/1.1" 200 6595 "-" "Googlebot-Image/1.0"
77.79.248.229 - - [10/Mar/2025:13:57:59 +0100] "GET /Jurek/oknobest/feeds/oknobest_manoIT.xml HTTP/1.1" 200 2708580 "-" "Python-urllib/3.11"
77.79.248.229 - - [10/Mar/2025:13:58:04 +0100] "GET /Filip/zalando/zalando-logo.jpg HTTP/1.1" 200 5121 "-" "-"
77.79.248.229 - - [10/Mar/2025:13:58:04 +0100] "GET /Filip/zalando/zalando-logo.jpg HTTP/1.1" 200 5121 "-" "-"
77.79.248.229 - - [10/Mar/2025:13:58:06 +0100] "GET /Filip/zalando/zalando-logo.jpg HTTP/1.1" 200 5121 "-" "-"
77.79.248.229 - - [10/Mar/2025:13:58:06 +0100] "GET /Filip/zalando/zalando-logo.jpg HTTP/1.1" 200 5121 "-" "-"
77.79.248.229 - - [10/Mar/2025:13:58:08 +0100] "GET /Filip/zalando/zalando-logo.jpg HTTP/1.1" 200 5121 "-" "-"
77.79.248.229 - - [10/Mar/2025:13:58:08 +0100] "GET /Filip/zalando/zalando-logo.jpg HTTP/1.1" 200 5121 "-" "-"
77.79.248.229 - - [10/Mar/2025:13:58:10 +0100] "GET /Filip/zalando/zalando-logo.jpg HTTP/1.1" 200 5121 "-" "-"
77.79.248.229 - - [10/Mar/2025:13:58:11 +0100] "GET /Filip/zalando/zalando-logo.jpg HTTP/1.1" 200 5121 "-" "-"
77.79.248.229 - - [10/Mar/2025:13:58:13 +0100] "GET /Filip/zalando/zalando-logo.jpg HTTP/1.1" 200 5121 "-" "-"
77.79.248.229 - - [10/Mar/2025:13:58:13 +0100] "GET /Filip/zalando/zalando-logo.jpg HTTP/1.1" 200 5121 "-" "-"
77.79.248.229 - - [10/Mar/2025:13:58:16 +0100] "GET /Filip/zalando/zalando-logo.jpg HTTP/1.1" 200 5121 "-" "-"
77.79.248.229 - - [10/Mar/2025:13:58:16 +0100] "GET /Filip/zalando/zalando-logo.jpg HTTP/1.1" 200 5121 "-" "-"
89.161.206.59 - - [10/Mar/2025:13:58:27 +0100] "GET /Jurek/german/feeds/german_skroutz.xml HTTP/1.0" 200 2503314 "-" "-"
66.249.64.166 - - [10/Mar/2025:13:58:30 +0100] "GET /Jurek/eurofirany/images/422324/4.jpg HTTP/1.1" 200 72941 "-" "Googlebot-Image/1.0"
77.79.248.229 - - [10/Mar/2025:13:59:38 +0100] "GET /Jurek/oknobest/feeds/oknobest_manoES.xml HTTP/1.1" 200 2708581 "-" "Python-urllib/3.11"
89.161.206.59 - - [10/Mar/2025:14:00:10 +0100] "GET /Jurek/kobi/feeds/kobi_skroutz.xml HTTP/1.0" 200 1993271 "-" "-"
89.161.206.59 - - [10/Mar/2025:14:00:17 +0100] "GET /Jurek/zepnij/feeds/zepnij_skroutz.xml HTTP/1.0" 200 19523002 "-" "-"
89.161.206.59 - - [10/Mar/2025:14:00:20 +0100] "GET /Jurek/rider/feeds/rider_skroutz.xml HTTP/1.0" 200 8165131 "-" "-"
66.249.64.165 - - [10/Mar/2025:14:00:30 +0100] "GET /Jurek/eurofirany/images/401946/6.jpg HTTP/1.1" 200 6595 "-" "Googlebot-Image/1.0"
66.249.64.165 - - [10/Mar/2025:14:00:31 +0100] "GET /Jurek/eurofirany/images/397065/1.jpg HTTP/1.1" 200 61230 "-" "Googlebot-Image/1.0"
85.14.86.141 - - [10/Mar/2025:14:00:35 +0100] "GET /Jurek/vida_morele/feeds/VidaPL_all.xml HTTP/2.0" 200 699108634 "-" "MarketplaceAPI curl/7.64.0 PHP/8"
52.17.80.36 - - [10/Mar/2025:14:00:43 +0100] "GET /marketplaces/ubaldi/results/ubaldi.csv HTTP/1.1" 200 114451 "-" "Mirakl HttpClient"
37.225.61.213 - - [10/Mar/2025:14:00:58 +0100] "GET /Jurek/eany/ HTTP/2.0" 200 634 "https://serwer1694120.home.pl/" "Mozilla/5.0 (Windows NT 10.0; Win64; x64) AppleWebKit/537.36 (KHTML, like Gecko) Chrome/133.0.0.0 Safari/537.36"
37.225.61.213 - - [10/Mar/2025:14:00:59 +0100] "GET /Jurek/eany/styles.css HTTP/2.0" 200 2070 "https://dkkapusta1997.usermd.net/Jurek/eany/" "Mozilla/5.0 (Windows NT 10.0; Win64; x64) AppleWebKit/537.36 (KHTML, like Gecko) Chrome/133.0.0.0 Safari/537.36"
37.225.61.213 - - [10/Mar/2025:14:00:59 +0100] "GET /Jurek/eany/script.js HTTP/2.0" 200 4251 "https://dkkapusta1997.usermd.net/Jurek/eany/" "Mozilla/5.0 (Windows NT 10.0; Win64; x64) AppleWebKit/537.36 (KHTML, like Gecko) Chrome/133.0.0.0 Safari/537.36"
37.225.61.213 - - [10/Mar/2025:14:01:17 +0100] "GET /Jurek/eany/data.csv HTTP/2.0" 200 26438611 "https://dkkapusta1997.usermd.net/Jurek/eany/" "Mozilla/5.0 (Windows NT 10.0; Win64; x64) AppleWebKit/537.36 (KHTML, like Gecko) Chrome/133.0.0.0 Safari/537.36"
3.70.26.184 - - [10/Mar/2025:14:01:18 +0100] "GET /Jurek/topeshop/downloaded_images/5902838465899_Bry%C5%82a20006.jpg HTTP/2.0" 200 40554 "-" "Mozilla/5.0 (Windows NT 10.0; Win64; x64) AppleWebKit/537.36 (KHTML, like Gecko) Chrome/134.0.0.0 Safari/537.36"
3.70.26.184 - - [10/Mar/2025:14:01:18 +0100] "GET /favicon.ico HTTP/2.0" 404 3551 "https://dkkapusta1997.usermd.net/Jurek/topeshop/downloaded_images/5902838465899_Bry%C5%82a20006.jpg" "Mozilla/5.0 (Windows NT 10.0; Win64; x64) AppleWebKit/537.36 (KHTML, like Gecko) Chrome/134.0.0.0 Safari/537.36"
89.161.206.59 - - [10/Mar/2025:14:01:21 +0100] "GET /Jurek/amzteam/feeds/amzteam_emagro.xml HTTP/1.0" 200 97904 "-" "-"
89.161.206.59 - - [10/Mar/2025:14:01:21 +0100] "GET /Jurek/slayo/feeds/slayo_emagro.xml HTTP/1.0" 200 183630 "-" "-"
89.161.206.59 - - [10/Mar/2025:14:01:21 +0100] "GET /Jurek/benetech/feeds/benetech_emagro.xml HTTP/1.0" 200 4165559 "-" "-"
89.161.206.59 - - [10/Mar/2025:14:01:21 +0100] "GET /Jurek/kambukka/feeds/kambukka_emagro.xml HTTP/1.0" 200 1047159 "-" "-"
89.161.206.59 - - [10/Mar/2025:14:01:21 +0100] "GET /Jurek/mosti/feeds/mosti_emagro.xml HTTP/1.0" 200 4628125 "-" "-"
89.161.206.59 - - [10/Mar/2025:14:01:23 +0100] "GET /Jurek/targethome/feeds/targethome_emagro.xml HTTP/1.0" 200 688692 "-" "-"
89.161.206.59 - - [10/Mar/2025:14:01:23 +0100] "GET /Jurek/waks/feeds/waks_emagro.xml HTTP/1.0" 200 1593572 "-" "-"
89.161.206.59 - - [10/Mar/2025:14:01:24 +0100] "GET /Jurek/sempler/feeds/sempler_emagro.xml HTTP/1.0" 200 6788368 "-" "-"
89.161.206.59 - - [10/Mar/2025:14:01:24 +0100] "GET /Jurek/eroplace/feeds/eroplace_emagro.xml HTTP/1.0" 200 52167668 "-" "-"
89.161.206.59 - - [10/Mar/2025:14:01:25 +0100] "GET /Jurek/bass/feeds/bass_emagro.xml HTTP/1.0" 200 3987137 "-" "-"
66.211.183.74 - - [10/Mar/2025:14:01:30 +0100] "GET /Jurek/eurofirany/images/408368/0.jpg HTTP/1.1" 200 142167 "-" "scalaj-http/2.4.2"
46.101.116.244 - - [10/Mar/2025:14:01:42 +0100] "GET /Jurek/aw/feeds/aw_fnacfr.xml HTTP/1.0" 404 3551 "-" "-"
46.101.116.244 - - [10/Mar/2025:14:01:57 +0100] "GET /Jurek/intsell/feeds/intsell_amazonde.xml HTTP/1.0" 200 342035128 "-" "-"
52.17.80.36 - - [10/Mar/2025:14:01:59 +0100] "GET /marketplaces/rue/results/rue.csv HTTP/1.1" 200 147219 "-" "Mirakl HttpClient"
46.101.116.244 - - [10/Mar/2025:14:02:05 +0100] "GET /Filip/feeds/xlsx_ceneo.xml HTTP/1.0" 200 6241376 "-" "-"
46.101.116.244 - - [10/Mar/2025:14:02:17 +0100] "GET /Jurek/kokiskaCZ/feeds/kokiska_mallcz.xml HTTP/2.0" 200 1491311 "-" "-"
46.101.116.244 - - [10/Mar/2025:14:02:29 +0100] "GET /Jurek/fernity/feeds/fernity_mallczsh.xml HTTP/2.0" 200 5229160 "-" "-"
66.249.64.167 - - [10/Mar/2025:14:02:33 +0100] "GET /Jurek/eurofirany/images/389918/4.jpg HTTP/1.1" 200 228867 "-" "Googlebot-Image/1.0"
85.14.86.141 - - [10/Mar/2025:14:02:39 +0100] "GET /Jurek/kinghoff/feeds/kinghoff_morele.xml HTTP/2.0" 200 15136039 "-" "MarketplaceAPI curl/7.64.0 PHP/8"
46.101.116.244 - - [10/Mar/2025:14:02:51 +0100] "GET /Jurek/kinghoff/feeds/kinghoff_mallczsh.xml HTTP/2.0" 200 15138467 "-" "-"
37.225.61.213 - - [10/Mar/2025:14:02:58 +0100] "GET /Jurek/eany/ HTTP/2.0" 304 0 "https://serwer1694120.home.pl/" "Mozilla/5.0 (Windows NT 10.0; Win64; x64) AppleWebKit/537.36 (KHTML, like Gecko) Chrome/133.0.0.0 Safari/537.36"
37.225.61.213 - - [10/Mar/2025:14:02:59 +0100] "GET /Jurek/eany/styles.css HTTP/2.0" 304 0 "https://dkkapusta1997.usermd.net/Jurek/eany/" "Mozilla/5.0 (Windows NT 10.0; Win64; x64) AppleWebKit/537.36 (KHTML, like Gecko) Chrome/133.0.0.0 Safari/537.36"
37.225.61.213 - - [10/Mar/2025:14:02:59 +0100] "GET /Jurek/eany/script.js HTTP/2.0" 304 0 "https://dkkapusta1997.usermd.net/Jurek/eany/" "Mozilla/5.0 (Windows NT 10.0; Win64; x64) AppleWebKit/537.36 (KHTML, like Gecko) Chrome/133.0.0.0 Safari/537.36"
37.225.61.213 - - [10/Mar/2025:14:03:00 +0100] "GET /favicon.ico HTTP/2.0" 404 3551 "https://dkkapusta1997.usermd.net/Jurek/eany/" "Mozilla/5.0 (Windows NT 10.0; Win64; x64) AppleWebKit/537.36 (KHTML, like Gecko) Chrome/133.0.0.0 Safari/537.36"
46.101.116.244 - - [10/Mar/2025:14:03:04 +0100] "GET /Jurek/kinghome/feeds/kinghome_mallczsh.xml HTTP/2.0" 200 5786363 "-" "-"
37.225.61.213 - - [10/Mar/2025:14:03:11 +0100] "GET /Jurek/eany/data.csv HTTP/2.0" 200 26438611 "https://dkkapusta1997.usermd.net/Jurek/eany/" "Mozilla/5.0 (Windows NT 10.0; Win64; x64) AppleWebKit/537.36 (KHTML, like Gecko) Chrome/133.0.0.0 Safari/537.36"
46.101.116.244 - - [10/Mar/2025:14:03:14 +0100] "GET /Jurek/vivaldi/feeds/vivaldi_Mall-czsh.xml HTTP/2.0" 200 344832 "-" "-"
46.101.116.244 - - [10/Mar/2025:14:03:25 +0100] "GET /Jurek/eurofirany/feeds/eurofirany_mall_cz_shumee.xml HTTP/2.0" 200 19083416 "-" "-"
89.161.206.59 - - [10/Mar/2025:14:03:30 +0100] "GET /Jurek/hurtownia_przemyslowa/feeds/hp_allegro_cz.xml HTTP/1.0" 200 49922655 "-" "-"
85.14.86.141 - - [10/Mar/2025:14:04:20 +0100] "GET /Jurek/eurofirany/feeds/eurofirany_morele.xml HTTP/2.0" 200 19066378 "-" "MarketplaceAPI curl/7.64.0 PHP/8"
85.14.86.141 - - [10/Mar/2025:14:04:34 +0100] "GET /Jurek/vivaldi/feeds/vivaldi_Morele-PL.xml HTTP/2.0" 200 344674 "-" "MarketplaceAPI curl/7.64.0 PHP/8"
66.249.64.167 - - [10/Mar/2025:14:04:34 +0100] "GET /Jurek/eurofirany/images/390441/6.jpg HTTP/1.1" 200 267274 "-" "Googlebot-Image/1.0"
85.14.86.141 - - [10/Mar/2025:14:05:35 +0100] "GET /Jurek/aw/feeds/awnarzedzia_morele.xml HTTP/2.0" 200 90380028 "-" "MarketplaceAPI curl/7.64.0 PHP/8"
85.14.86.141 - - [10/Mar/2025:14:05:45 +0100] "GET /Jurek/vida_morele/feeds/VidaPL_morele.xml HTTP/2.0" 200 699108709 "-" "MarketplaceAPI curl/7.64.0 PHP/8"
46.101.116.244 - - [10/Mar/2025:14:05:55 +0100] "GET /Jurek/octopia/feeds/octopia_mallczsh.xml HTTP/2.0" 200 10414191 "-" "-"
46.101.116.244 - - [10/Mar/2025:14:06:08 +0100] "GET /Jurek/aw/feeds/aw_fnacfr.xml HTTP/1.0" 404 3551 "-" "-"
85.14.86.141 - - [10/Mar/2025:14:06:24 +0100] "GET /Jurek/beliani/feeds/beliani_morele.xml HTTP/2.0" 200 31779470 "-" "MarketplaceAPI curl/7.64.0 PHP/8"
46.101.116.244 - - [10/Mar/2025:14:06:29 +0100] "GET /Jurek/flhf/feeds/flhf_mallczsh.xml HTTP/2.0" 404 3551 "-" "-"
46.101.116.244 - - [10/Mar/2025:14:06:29 +0100] "GET /Filip/feeds/xlsx_ceneo.xml HTTP/1.0" 200 6241376 "-" "-"
66.211.183.70 - - [10/Mar/2025:14:06:46 +0100] "GET /Jurek/eurofirany/images/416434/0.jpg HTTP/1.1" 200 121054 "-" "scalaj-http/2.4.2"
66.249.64.167 - - [10/Mar/2025:14:06:48 +0100] "GET /Jurek/eurofirany/images/390450/2.jpg HTTP/1.1" 200 319787 "-" "Googlebot-Image/1.0"
46.101.116.244 - - [10/Mar/2025:14:06:52 +0100] "GET /Jurek/livinhill/feeds/livinhill_mallczsh.xml HTTP/2.0" 200 1414366 "-" "-"
46.101.116.244 - - [10/Mar/2025:14:07:04 +0100] "GET /Jurek/aiofactory/feeds/aiofactory_mallsiSH.xml HTTP/2.0" 200 2123797 "-" "-"
46.101.116.244 - - [10/Mar/2025:14:07:15 +0100] "GET /Jurek/alucon/feeds/alucon_mallsiSH.xml HTTP/2.0" 200 553578 "-" "-"
46.101.116.244 - - [10/Mar/2025:14:07:25 +0100] "GET /Jurek/evil/feeds/evil_mallsiSH.xml HTTP/2.0" 200 306382 "-" "-"
46.101.116.244 - - [10/Mar/2025:14:07:36 +0100] "GET /Jurek/hlo/feeds/hlo_mallsiSH.xml HTTP/2.0" 200 4838837 "-" "-"
46.101.116.244 - - [10/Mar/2025:14:07:46 +0100] "GET /Jurek/lgbtshop/feeds/lgbtshop_mallsiSH.xml HTTP/2.0" 200 219246 "-" "-"
