66.211.183.72 - - [06/Mar/2025:10:36:30 +0100] "GET /Jurek/eurofirany/images/382250/0.jpg HTTP/1.1" 200 133518 "-" "scalaj-http/2.4.2"
89.161.206.59 - - [06/Mar/2025:10:36:31 +0100] "GET /Jurek/pupus/feeds/pupus_amazonfr.xml HTTP/1.0" 200 6154701 "-" "-"
66.211.183.71 - - [06/Mar/2025:10:36:33 +0100] "GET /Jurek/eurofirany/images/382249/0.jpg HTTP/1.1" 200 133518 "-" "scalaj-http/2.4.2"
66.211.183.72 - - [06/Mar/2025:10:36:42 +0100] "GET /Jurek/eurofirany/images/383349/0.jpg HTTP/1.1" 200 67932 "-" "scalaj-http/2.4.2"
66.211.183.70 - - [06/Mar/2025:10:37:14 +0100] "GET /Jurek/eurofirany/images/392144/0.jpg HTTP/1.1" 200 16503 "-" "scalaj-http/2.4.2"
66.211.183.74 - - [06/Mar/2025:10:37:32 +0100] "GET /Jurek/eurofirany/images/428726/0.jpg HTTP/1.1" 200 75699 "-" "scalaj-http/2.4.2"
5.134.208.158 - - [06/Mar/2025:10:37:51 +0100] "GET /Jurek/eurofirany/images/386168/0.jpg HTTP/1.1" 200 159267 "-" "-"
66.211.183.72 - - [06/Mar/2025:10:38:13 +0100] "GET /Jurek/eurofirany/images/390117/0.jpg HTTP/1.1" 200 156799 "-" "scalaj-http/2.4.2"
66.211.183.72 - - [06/Mar/2025:10:38:15 +0100] "GET /Jurek/eurofirany/images/438666/0.jpg HTTP/1.1" 200 62650 "-" "scalaj-http/2.4.2"
66.249.69.170 - - [06/Mar/2025:10:38:20 +0100] "GET /Jurek/eurofirany/images/438718/7.jpg HTTP/1.1" 200 33 "-" "Googlebot-Image/1.0"
46.101.116.244 - - [06/Mar/2025:10:38:21 +0100] "GET /Jurek/activeshop/feeds/activeshop_mallcz.xml HTTP/2.0" 200 10458167 "-" "-"
46.101.116.244 - - [06/Mar/2025:10:38:27 +0100] "GET /Jurek/aw/feeds/aw_fnacfr.xml HTTP/1.0" 404 3551 "-" "-"
46.101.116.244 - - [06/Mar/2025:10:38:44 +0100] "GET /Filip/feeds/xlsx_ceneo.xml HTTP/1.0" 200 6241376 "-" "-"
66.249.69.170 - - [06/Mar/2025:10:39:19 +0100] "GET /Jurek/eurofirany/images/438718/6.jpg HTTP/1.1" 200 33 "-" "Googlebot-Image/1.0"
3.74.7.74 - - [06/Mar/2025:10:39:24 +0100] "GET /Jurek/topeshop/downloaded_images/5902838461433_profiloooweeee.jpg HTTP/2.0" 404 3551 "-" "Mozilla/5.0 (Windows NT 10.0; Win64; x64) AppleWebKit/537.36 (KHTML, like Gecko) Chrome/109.0.0.0 Safari/537.36"
3.74.7.74 - - [06/Mar/2025:10:39:26 +0100] "GET /Jurek/topeshop/downloaded_images/5902838467848_profiloweartisan43.jpg HTTP/2.0" 404 3551 "-" "Mozilla/5.0 (Windows NT 10.0; Win64; x64) AppleWebKit/537.36 (KHTML, like Gecko) Chrome/109.0.0.0 Safari/537.36"
193.33.8.61 - - [06/Mar/2025:10:39:40 +0100] "GET /Jurek/topeshop/downloaded_images/5902838461433_profiloooweeee.jpg HTTP/2.0" 404 3551 "https://panel.baselinker.com/" "Mozilla/5.0 (Windows NT 10.0; Win64; x64) AppleWebKit/537.36 (KHTML, like Gecko) Chrome/133.0.0.0 Safari/537.36"
193.33.8.61 - - [06/Mar/2025:10:39:40 +0100] "GET /Jurek/topeshop/downloaded_images/5902838461433_S43SONOMABRY%C5%81KAFRONTZM.jpg HTTP/2.0" 404 3551 "https://panel.baselinker.com/" "Mozilla/5.0 (Windows NT 10.0; Win64; x64) AppleWebKit/537.36 (KHTML, like Gecko) Chrome/133.0.0.0 Safari/537.36"
193.33.8.61 - - [06/Mar/2025:10:39:40 +0100] "GET /Jurek/topeshop/downloaded_images/5902838461433_S43SONOMABRY%C5%81KABOKZM.jpg HTTP/2.0" 404 3551 "https://panel.baselinker.com/" "Mozilla/5.0 (Windows NT 10.0; Win64; x64) AppleWebKit/537.36 (KHTML, like Gecko) Chrome/133.0.0.0 Safari/537.36"
193.33.8.61 - - [06/Mar/2025:10:39:40 +0100] "GET /Jurek/topeshop/downloaded_images/5902838461433_S43SONOMABRY%C5%81KABOKOT.jpg HTTP/2.0" 404 3551 "https://panel.baselinker.com/" "Mozilla/5.0 (Windows NT 10.0; Win64; x64) AppleWebKit/537.36 (KHTML, like Gecko) Chrome/133.0.0.0 Safari/537.36"
193.33.8.61 - - [06/Mar/2025:10:39:40 +0100] "GET /Jurek/topeshop/downloaded_images/5902838461433_S43SONOMABRY%C5%81KAFRONTDODATKIOT.jpg HTTP/2.0" 404 3551 "https://panel.baselinker.com/" "Mozilla/5.0 (Windows NT 10.0; Win64; x64) AppleWebKit/537.36 (KHTML, like Gecko) Chrome/133.0.0.0 Safari/537.36"
193.33.8.61 - - [06/Mar/2025:10:39:40 +0100] "GET /Jurek/topeshop/downloaded_images/5902838461433_S43SONOMABRY%C5%81KAFRONTOT.jpg HTTP/2.0" 404 3551 "https://panel.baselinker.com/" "Mozilla/5.0 (Windows NT 10.0; Win64; x64) AppleWebKit/537.36 (KHTML, like Gecko) Chrome/133.0.0.0 Safari/537.36"
193.33.8.61 - - [06/Mar/2025:10:39:40 +0100] "GET /Jurek/topeshop/downloaded_images/5902838461433_S43SONOMABOKZM.jpg HTTP/2.0" 200 130723 "https://panel.baselinker.com/" "Mozilla/5.0 (Windows NT 10.0; Win64; x64) AppleWebKit/537.36 (KHTML, like Gecko) Chrome/133.0.0.0 Safari/537.36"
193.33.8.61 - - [06/Mar/2025:10:39:40 +0100] "GET /Jurek/topeshop/downloaded_images/5902838461433_S43SONOMAFRONTZM.jpg HTTP/2.0" 200 160360 "https://panel.baselinker.com/" "Mozilla/5.0 (Windows NT 10.0; Win64; x64) AppleWebKit/537.36 (KHTML, like Gecko) Chrome/133.0.0.0 Safari/537.36"
193.33.8.61 - - [06/Mar/2025:10:39:40 +0100] "GET /Jurek/topeshop/downloaded_images/5902838461433_S43SONOMABOKOT.jpg HTTP/2.0" 200 154760 "https://panel.baselinker.com/" "Mozilla/5.0 (Windows NT 10.0; Win64; x64) AppleWebKit/537.36 (KHTML, like Gecko) Chrome/133.0.0.0 Safari/537.36"
193.33.8.61 - - [06/Mar/2025:10:39:40 +0100] "GET /Jurek/topeshop/downloaded_images/5902838461433_S43SONOMAFRONTOT.jpg HTTP/2.0" 200 168680 "https://panel.baselinker.com/" "Mozilla/5.0 (Windows NT 10.0; Win64; x64) AppleWebKit/537.36 (KHTML, like Gecko) Chrome/133.0.0.0 Safari/537.36"
66.211.183.73 - - [06/Mar/2025:10:41:05 +0100] "GET /Jurek/eurofirany/images/409413/0.jpg HTTP/1.1" 200 29127 "-" "scalaj-http/2.4.2"
193.33.8.61 - - [06/Mar/2025:10:41:21 +0100] "GET /Jurek/topeshop/downloaded_images/5902838461433_S43SONOMABRY%C5%81KABOKOT.jpg HTTP/2.0" 404 3551 "https://panel.baselinker.com/" "Mozilla/5.0 (Windows NT 10.0; Win64; x64) AppleWebKit/537.36 (KHTML, like Gecko) Chrome/133.0.0.0 Safari/537.36"
193.33.8.61 - - [06/Mar/2025:10:41:21 +0100] "GET /Jurek/topeshop/downloaded_images/5902838461433_S43SONOMABRY%C5%81KAFRONTDODATKIOT.jpg HTTP/2.0" 404 3551 "https://panel.baselinker.com/" "Mozilla/5.0 (Windows NT 10.0; Win64; x64) AppleWebKit/537.36 (KHTML, like Gecko) Chrome/133.0.0.0 Safari/537.36"
193.33.8.61 - - [06/Mar/2025:10:41:21 +0100] "GET /Jurek/topeshop/downloaded_images/5902838461433_S43SONOMABRY%C5%81KABOKZM.jpg HTTP/2.0" 404 3551 "https://panel.baselinker.com/" "Mozilla/5.0 (Windows NT 10.0; Win64; x64) AppleWebKit/537.36 (KHTML, like Gecko) Chrome/133.0.0.0 Safari/537.36"
193.33.8.61 - - [06/Mar/2025:10:41:21 +0100] "GET /Jurek/topeshop/downloaded_images/5902838461433_S43SONOMABRY%C5%81KAFRONTOT.jpg HTTP/2.0" 404 3551 "https://panel.baselinker.com/" "Mozilla/5.0 (Windows NT 10.0; Win64; x64) AppleWebKit/537.36 (KHTML, like Gecko) Chrome/133.0.0.0 Safari/537.36"
193.33.8.61 - - [06/Mar/2025:10:41:21 +0100] "GET /Jurek/topeshop/downloaded_images/5902838461433_S43SONOMABRY%C5%81KAFRONTZM.jpg HTTP/2.0" 404 3551 "https://panel.baselinker.com/" "Mozilla/5.0 (Windows NT 10.0; Win64; x64) AppleWebKit/537.36 (KHTML, like Gecko) Chrome/133.0.0.0 Safari/537.36"
193.33.8.61 - - [06/Mar/2025:10:41:21 +0100] "GET /Jurek/topeshop/downloaded_images/5902838461433_profiloooweeee.jpg HTTP/2.0" 404 3551 "https://panel.baselinker.com/" "Mozilla/5.0 (Windows NT 10.0; Win64; x64) AppleWebKit/537.36 (KHTML, like Gecko) Chrome/133.0.0.0 Safari/537.36"
193.33.8.61 - - [06/Mar/2025:10:41:53 +0100] "GET /Jurek/topeshop/downloaded_images/5902838461433_s43-sonoma-1.jpg HTTP/2.0" 200 65263 "https://panel.baselinker.com/" "Mozilla/5.0 (Windows NT 10.0; Win64; x64) AppleWebKit/537.36 (KHTML, like Gecko) Chrome/133.0.0.0 Safari/537.36"
66.211.183.71 - - [06/Mar/2025:10:42:02 +0100] "GET /Jurek/eurofirany/images/408876/0.jpg HTTP/1.1" 200 81276 "-" "scalaj-http/2.4.2"
34.90.109.47 - - [06/Mar/2025:10:42:04 +0100] "GET /Jurek/topeshop/downloaded_images/5904507209780_R50_R80_Glina.jpg HTTP/2.0" 200 126825 "-" "BolcomAssetFox/2.0"
34.90.109.47 - - [06/Mar/2025:10:42:04 +0100] "GET /Jurek/topeshop/downloaded_images/5904507209780_R80_Front_full_Glina.jpg HTTP/2.0" 200 72644 "-" "BolcomAssetFox/2.0"
34.90.109.47 - - [06/Mar/2025:10:42:04 +0100] "GET /Jurek/topeshop/downloaded_images/5904507209780_R80_20_Glina.jpg HTTP/2.0" 200 35287 "-" "BolcomAssetFox/2.0"
34.90.109.47 - - [06/Mar/2025:10:42:04 +0100] "GET /Jurek/topeshop/downloaded_images/5904507209780_3_R80_80(6)WiZz.jpg HTTP/2.0" 200 138830 "-" "BolcomAssetFox/2.0"
34.90.109.47 - - [06/Mar/2025:10:42:05 +0100] "GET /Jurek/topeshop/downloaded_images/5904507209780_3_R80_80(2)WiZ.jpg HTTP/2.0" 200 151126 "-" "BolcomAssetFox/2.0"
66.211.183.70 - - [06/Mar/2025:10:42:11 +0100] "GET /Jurek/eurofirany/images/391360/0.jpg HTTP/1.1" 200 70549 "-" "scalaj-http/2.4.2"
89.161.206.59 - - [06/Mar/2025:10:42:25 +0100] "GET /Jurek/benetech/feeds/benetech_allegro.xml HTTP/1.0" 200 4165576 "-" "-"
89.161.206.59 - - [06/Mar/2025:10:42:26 +0100] "GET /Jurek/targethome/feeds/targethome_allegro.xml HTTP/1.0" 200 688661 "-" "-"
89.161.206.59 - - [06/Mar/2025:10:42:27 +0100] "GET /Jurek/hurtmeblowy/feeds/hurtmeblowy_xxlutz.xml HTTP/1.0" 200 8023170 "-" "-"
46.101.116.244 - - [06/Mar/2025:10:42:29 +0100] "GET /Jurek/action/feeds/action_mallczgs.xml HTTP/2.0" 200 56382329 "-" "-"
66.211.183.71 - - [06/Mar/2025:10:42:37 +0100] "GET /Jurek/eurofirany/images/423213/0.jpg HTTP/1.1" 200 0 "-" "scalaj-http/2.4.2"
46.101.116.244 - - [06/Mar/2025:10:42:51 +0100] "GET /Jurek/b3/feeds/b3_mallczgs.xml HTTP/2.0" 200 7420097 "-" "-"
46.101.116.244 - - [06/Mar/2025:10:43:03 +0100] "GET /Jurek/benbaby/feeds/benbaby_mallczgs.xml HTTP/2.0" 200 3782328 "-" "-"
66.249.69.170 - - [06/Mar/2025:10:43:10 +0100] "GET /Jurek/eurofirany/images/409912/2.jpg HTTP/1.1" 200 228420 "-" "Googlebot-Image/1.0"
46.101.116.244 - - [06/Mar/2025:10:43:13 +0100] "GET /Jurek/aw/feeds/aw_fnacfr.xml HTTP/1.0" 404 3551 "-" "-"
46.101.116.244 - - [06/Mar/2025:10:43:13 +0100] "GET /Jurek/emibig/feeds/emibig_mallczgs.xml HTTP/2.0" 200 2489855 "-" "-"
46.101.116.244 - - [06/Mar/2025:10:43:16 +0100] "GET /Jurek/kinghoff/feeds/kinghoff_ceneo.xml HTTP/1.0" 200 15138756 "-" "-"
46.101.116.244 - - [06/Mar/2025:10:43:18 +0100] "GET /Jurek/barbecook/feeds/barbecook_allegro.xml HTTP/1.0" 200 87554 "-" "-"
46.101.116.244 - - [06/Mar/2025:10:43:19 +0100] "GET /Jurek/eurofirany/feeds/eurofirany_velomarket.xml HTTP/1.0" 200 19131316 "-" "-"
66.249.69.170 - - [06/Mar/2025:10:43:23 +0100] "GET /Jurek/topeshop/downloaded_images/5902838463741_blackRtv-140.jpg HTTP/1.1" 404 3551 "-" "Googlebot-Image/1.0"
46.101.116.244 - - [06/Mar/2025:10:43:25 +0100] "GET /Jurek/hurtownia_przemyslowa/feeds/hp_mallczgs.xml HTTP/2.0" 200 49572559 "-" "-"
46.101.116.244 - - [06/Mar/2025:10:43:34 +0100] "GET /Jurek/eurofirany/feeds/eurofirany_allegro.xml HTTP/1.0" 200 19134191 "-" "-"
66.211.183.74 - - [06/Mar/2025:10:43:42 +0100] "GET /Jurek/eurofirany/images/416020/0.jpg HTTP/1.1" 200 44442 "-" "scalaj-http/2.4.2"
89.161.206.59 - - [06/Mar/2025:10:43:46 +0100] "GET /Jurek/pupus/feeds/pupus_bol.xml HTTP/1.0" 200 6154595 "-" "-"
46.101.116.244 - - [06/Mar/2025:10:43:48 +0100] "GET /Filip/feeds/xlsx_ceneo.xml HTTP/1.0" 200 6241376 "-" "-"
193.33.8.61 - - [06/Mar/2025:10:45:06 +0100] "GET /Jurek/artdog/feeds/artdog_RUE.xml HTTP/2.0" 200 16922050 "https://konsola.dkkapusta1997.usermd.net/" "Mozilla/5.0 (Macintosh; Intel Mac OS X 10_15_7) AppleWebKit/537.36 (KHTML, like Gecko) Chrome/133.0.0.0 Safari/537.36"
193.33.8.61 - - [06/Mar/2025:10:45:17 +0100] "GET /Jurek/topeshop/downloaded_images/5902838461433_S43SONOMABRY%C5%81KABOKOT.jpg HTTP/2.0" 404 3551 "https://panel.baselinker.com/" "Mozilla/5.0 (Windows NT 10.0; Win64; x64) AppleWebKit/537.36 (KHTML, like Gecko) Chrome/133.0.0.0 Safari/537.36"
193.33.8.61 - - [06/Mar/2025:10:45:17 +0100] "GET /Jurek/topeshop/downloaded_images/5902838461433_profiloooweeee.jpg HTTP/2.0" 404 3551 "https://panel.baselinker.com/" "Mozilla/5.0 (Windows NT 10.0; Win64; x64) AppleWebKit/537.36 (KHTML, like Gecko) Chrome/133.0.0.0 Safari/537.36"
193.33.8.61 - - [06/Mar/2025:10:45:17 +0100] "GET /Jurek/topeshop/downloaded_images/5902838461433_S43SONOMABRY%C5%81KAFRONTZM.jpg HTTP/2.0" 404 3551 "https://panel.baselinker.com/" "Mozilla/5.0 (Windows NT 10.0; Win64; x64) AppleWebKit/537.36 (KHTML, like Gecko) Chrome/133.0.0.0 Safari/537.36"
193.33.8.61 - - [06/Mar/2025:10:45:17 +0100] "GET /Jurek/topeshop/downloaded_images/5902838461433_S43SONOMABRY%C5%81KAFRONTDODATKIOT.jpg HTTP/2.0" 404 3551 "https://panel.baselinker.com/" "Mozilla/5.0 (Windows NT 10.0; Win64; x64) AppleWebKit/537.36 (KHTML, like Gecko) Chrome/133.0.0.0 Safari/537.36"
193.33.8.61 - - [06/Mar/2025:10:45:17 +0100] "GET /Jurek/topeshop/downloaded_images/5902838461433_S43SONOMABRY%C5%81KAFRONTOT.jpg HTTP/2.0" 404 3551 "https://panel.baselinker.com/" "Mozilla/5.0 (Windows NT 10.0; Win64; x64) AppleWebKit/537.36 (KHTML, like Gecko) Chrome/133.0.0.0 Safari/537.36"
193.33.8.61 - - [06/Mar/2025:10:45:17 +0100] "GET /Jurek/topeshop/downloaded_images/5902838461433_S43SONOMABRY%C5%81KABOKZM.jpg HTTP/2.0" 404 3551 "https://panel.baselinker.com/" "Mozilla/5.0 (Windows NT 10.0; Win64; x64) AppleWebKit/537.36 (KHTML, like Gecko) Chrome/133.0.0.0 Safari/537.36"
46.101.116.244 - - [06/Mar/2025:10:45:38 +0100] "GET /Jurek/vidaCZ/feeds/vidaGS1gr_cz_Mall.xml HTTP/2.0" 200 653556909 "-" "-"
66.211.183.74 - - [06/Mar/2025:10:46:10 +0100] "GET /Jurek/eurofirany/images/409411/0.jpg HTTP/1.1" 200 18565 "-" "scalaj-http/2.4.2"
193.33.8.61 - - [06/Mar/2025:10:46:10 +0100] "GET /Jurek/topeshop/downloaded_images/5902838461433_s43-sonoma-1 HTTP/2.0" 404 3551 "https://panel.baselinker.com/" "Mozilla/5.0 (Windows NT 10.0; Win64; x64) AppleWebKit/537.36 (KHTML, like Gecko) Chrome/133.0.0.0 Safari/537.36"
193.33.8.61 - - [06/Mar/2025:10:46:17 +0100] "GET /Jurek/topeshop/downloaded_images/5902838461433_s43-sonoma-1.JPG HTTP/2.0" 404 3551 "https://panel.baselinker.com/" "Mozilla/5.0 (Windows NT 10.0; Win64; x64) AppleWebKit/537.36 (KHTML, like Gecko) Chrome/133.0.0.0 Safari/537.36"
46.101.116.244 - - [06/Mar/2025:10:46:35 +0100] "GET /Jurek/teamson/feeds/teamson_mallcz.xml HTTP/2.0" 200 1095196 "-" "-"
89.161.206.59 - - [06/Mar/2025:10:46:44 +0100] "GET /Jurek/eurofirany/feeds/eurofirany_manomanofr.xml HTTP/1.0" 200 19129870 "-" "-"
46.101.116.244 - - [06/Mar/2025:10:46:46 +0100] "GET /Jurek/ml_meble/feeds/ml_meble_mallcz.xml HTTP/2.0" 404 3551 "-" "-"
46.101.116.244 - - [06/Mar/2025:10:46:57 +0100] "GET /Jurek/unimet/feeds/unimet_mallcz.xml HTTP/2.0" 200 60269695 "-" "-"
193.33.8.61 - - [06/Mar/2025:10:47:16 +0100] "GET /marketplaces/xxxlutz/download/xxxlutz.csv HTTP/2.0" 200 1379680 "-" "Mozilla/5.0 (Windows NT 10.0; Win64; x64) AppleWebKit/537.36 (KHTML, like Gecko) Chrome/133.0.0.0 Safari/537.36"
34.90.109.47 - - [06/Mar/2025:10:47:19 +0100] "GET /Jurek/topeshop/downloaded_images/5904507209636_3_R80_80(3)Wizzzzzz.jpg HTTP/2.0" 200 126844 "-" "BolcomAssetFox/2.0"
35.204.156.102 - - [06/Mar/2025:10:47:19 +0100] "GET /Jurek/topeshop/downloaded_images/5904507209636_R80_20_full_kaszmir.jpg HTTP/2.0" 200 66327 "-" "BolcomAssetFox/2.0"
34.90.109.47 - - [06/Mar/2025:10:47:19 +0100] "GET /Jurek/topeshop/downloaded_images/5904507209636_R80_Front_full_kaszmir.jpg HTTP/2.0" 200 69914 "-" "BolcomAssetFox/2.0"
46.101.116.244 - - [06/Mar/2025:10:47:19 +0100] "GET /Jurek/aw/feeds/aw_fnacfr.xml HTTP/1.0" 404 3551 "-" "-"
34.90.109.47 - - [06/Mar/2025:10:47:19 +0100] "GET /Jurek/topeshop/downloaded_images/5904507209636_R80_20_kaszmir.jpg HTTP/2.0" 200 31126 "-" "BolcomAssetFox/2.0"
35.204.156.102 - - [06/Mar/2025:10:47:20 +0100] "GET /Jurek/topeshop/downloaded_images/5904507209636_3_R80_80(1)WIzzzzzzz.jpg HTTP/2.0" 200 149095 "-" "BolcomAssetFox/2.0"
46.101.116.244 - - [06/Mar/2025:10:47:20 +0100] "GET /Jurek/beliani/feeds/beliani_cz_mallcz.xml HTTP/2.0" 200 33860850 "-" "-"
46.101.116.244 - - [06/Mar/2025:10:47:37 +0100] "GET /Filip/feeds/xlsx_ceneo.xml HTTP/1.0" 200 6241376 "-" "-"
46.101.116.244 - - [06/Mar/2025:10:47:55 +0100] "GET /Jurek/rovicky/feeds/rovicky_mallcz.xml HTTP/2.0" 200 14177289 "-" "-"
46.101.116.244 - - [06/Mar/2025:10:48:07 +0100] "GET /Jurek/detian/feeds/detian_mallcz.xml HTTP/2.0" 404 3551 "-" "-"
46.101.116.244 - - [06/Mar/2025:10:48:17 +0100] "GET /Jurek/ikonka/feeds/ikonka_mallcz.xml HTTP/2.0" 200 21459186 "-" "-"
46.101.116.244 - - [06/Mar/2025:10:48:29 +0100] "GET /Jurek/candellux/feeds/candellux_mallcz.xml HTTP/2.0" 200 466282 "-" "-"
46.101.116.244 - - [06/Mar/2025:10:48:40 +0100] "GET /Jurek/andex/feeds/andex_mallcz.xml HTTP/2.0" 200 1954522 "-" "-"
66.211.183.74 - - [06/Mar/2025:10:48:50 +0100] "GET /Jurek/eurofirany/images/383325/0.jpg HTTP/1.1" 200 93037 "-" "scalaj-http/2.4.2"
46.101.116.244 - - [06/Mar/2025:10:48:50 +0100] "GET /Jurek/barbecook/feeds/barbecook_mallcz.xml HTTP/2.0" 200 87616 "-" "-"
46.101.116.244 - - [06/Mar/2025:10:49:01 +0100] "GET /Jurek/duka/feeds/duka_mallcz.xml HTTP/2.0" 200 57 "-" "-"
46.101.116.244 - - [06/Mar/2025:10:49:11 +0100] "GET /Jurek/miloohome/feeds/miloohome_mallcz.xml HTTP/2.0" 200 1421848 "-" "-"
46.101.116.244 - - [06/Mar/2025:10:49:22 +0100] "GET /Jurek/stema/feeds/stema_mallcz.xml HTTP/2.0" 200 839175 "-" "-"
46.101.116.244 - - [06/Mar/2025:10:49:34 +0100] "GET /Jurek/aw/feeds/awnarzedzia_mallcz.xml HTTP/2.0" 200 90344518 "-" "-"
89.161.206.59 - - [06/Mar/2025:10:49:47 +0100] "GET /Jurek/ikonka/feeds/ikonka_skroutz.xml HTTP/1.0" 200 21456784 "-" "-"
66.211.183.70 - - [06/Mar/2025:10:50:08 +0100] "GET /Jurek/eurofirany/images/383072/0.jpg HTTP/1.1" 200 185987 "-" "scalaj-http/2.4.2"
66.211.183.73 - - [06/Mar/2025:10:50:31 +0100] "GET /Jurek/eurofirany/images/334081/0.jpg HTTP/1.1" 200 228464 "-" "scalaj-http/2.4.2"
89.161.206.59 - - [06/Mar/2025:10:51:15 +0100] "GET /Jurek/fernity/feeds/fernity_skroutz.xml HTTP/1.0" 200 5224456 "-" "-"
89.161.206.59 - - [06/Mar/2025:10:51:26 +0100] "GET /Jurek/activeshop/feeds/activeshop_skroutz.xml HTTP/1.0" 200 10458282 "-" "-"
66.211.183.71 - - [06/Mar/2025:10:51:31 +0100] "GET /Jurek/topeshop/downloaded_images/5902838467459_1.jpg HTTP/1.1" 404 3551 "-" "scalaj-http/2.4.2"
46.101.116.244 - - [06/Mar/2025:10:51:51 +0100] "GET /Jurek/aw/feeds/aw_fnacfr.xml HTTP/1.0" 404 3551 "-" "-"
46.101.116.244 - - [06/Mar/2025:10:51:57 +0100] "GET /Jurek/beliani/feeds/beliani_skroutz.xml HTTP/1.0" 200 31803891 "-" "-"
46.101.116.244 - - [06/Mar/2025:10:52:09 +0100] "GET /Jurek/update_twm_on_mall/feeds/twm_all_cats.xml HTTP/1.1" 200 131232 "-" "-"
46.101.116.244 - - [06/Mar/2025:10:52:10 +0100] "GET /Filip/feeds/xlsx_ceneo.xml HTTP/1.0" 200 6241376 "-" "-"
3.70.26.184 - - [06/Mar/2025:10:52:36 +0100] "GET /Jurek/topeshop/downloaded_images/5902838465899_Bry%C5%82a20006.jpg HTTP/2.0" 200 40554 "https://panel.baselinker.com/" "Mozilla/5.0 (Windows NT 10.0; Win64; x64) AppleWebKit/537.36 (KHTML, like Gecko) Chrome/133.0.0.0 Safari/537.36"
3.70.26.184 - - [06/Mar/2025:10:52:36 +0100] "GET /Jurek/topeshop/downloaded_images/5902838465899_Bry%C5%82a20011.jpg HTTP/2.0" 200 58924 "https://panel.baselinker.com/" "Mozilla/5.0 (Windows NT 10.0; Win64; x64) AppleWebKit/537.36 (KHTML, like Gecko) Chrome/133.0.0.0 Safari/537.36"
3.70.26.184 - - [06/Mar/2025:10:52:36 +0100] "GET /Jurek/topeshop/downloaded_images/5902838465899_20006.jpg HTTP/2.0" 200 91531 "https://panel.baselinker.com/" "Mozilla/5.0 (Windows NT 10.0; Win64; x64) AppleWebKit/537.36 (KHTML, like Gecko) Chrome/133.0.0.0 Safari/537.36"
3.70.26.184 - - [06/Mar/2025:10:52:36 +0100] "GET /Jurek/topeshop/downloaded_images/5902838465899_120006.jpg HTTP/2.0" 200 115698 "https://panel.baselinker.com/" "Mozilla/5.0 (Windows NT 10.0; Win64; x64) AppleWebKit/537.36 (KHTML, like Gecko) Chrome/133.0.0.0 Safari/537.36"
3.70.26.184 - - [06/Mar/2025:10:52:36 +0100] "GET /Jurek/topeshop/downloaded_images/5902838465899_120011.jpg HTTP/2.0" 200 121216 "https://panel.baselinker.com/" "Mozilla/5.0 (Windows NT 10.0; Win64; x64) AppleWebKit/537.36 (KHTML, like Gecko) Chrome/133.0.0.0 Safari/537.36"
3.70.26.184 - - [06/Mar/2025:10:52:40 +0100] "GET /Jurek/topeshop/downloaded_images/5902838465899_Bry%C5%82a20006.jpg HTTP/2.0" 200 40554 "-" "Mozilla/5.0 (Windows NT 10.0; Win64; x64) AppleWebKit/537.36 (KHTML, like Gecko) Chrome/133.0.0.0 Safari/537.36"
3.70.26.184 - - [06/Mar/2025:10:52:40 +0100] "GET /favicon.ico HTTP/2.0" 404 3551 "https://dkkapusta1997.usermd.net/Jurek/topeshop/downloaded_images/5902838465899_Bry%C5%82a20006.jpg" "Mozilla/5.0 (Windows NT 10.0; Win64; x64) AppleWebKit/537.36 (KHTML, like Gecko) Chrome/133.0.0.0 Safari/537.36"
66.211.183.74 - - [06/Mar/2025:10:52:43 +0100] "GET /Jurek/eurofirany/images/391111/0.jpg HTTP/1.1" 200 98566 "-" "scalaj-http/2.4.2"
46.101.116.244 - - [06/Mar/2025:10:52:51 +0100] "GET /Jurek/kokiskaCZ/feeds/kokiska_mallcz.xml HTTP/2.0" 200 1454830 "-" "-"
46.101.116.244 - - [06/Mar/2025:10:53:06 +0100] "GET /Jurek/fernity/feeds/fernity_mallcz.xml HTTP/2.0" 200 5228525 "-" "-"
46.101.116.244 - - [06/Mar/2025:10:53:29 +0100] "GET /Jurek/kinghoff/feeds/kinghoff_mallcz.xml HTTP/2.0" 200 15141195 "-" "-"
46.101.116.244 - - [06/Mar/2025:10:53:44 +0100] "GET /Jurek/kinghome/feeds/kinghome_mallcz.xml HTTP/2.0" 200 5770167 "-" "-"
66.211.183.74 - - [06/Mar/2025:10:53:46 +0100] "GET /Jurek/eurofirany/images/408370/0.jpg HTTP/1.1" 200 142167 "-" "scalaj-http/2.4.2"
193.33.8.61 - - [06/Mar/2025:10:53:51 +0100] "GET /marketplaces/worten2/download/worten.csv HTTP/2.0" 200 22381233 "-" "Mozilla/5.0 (Windows NT 10.0; Win64; x64) AppleWebKit/537.36 (KHTML, like Gecko) Chrome/133.0.0.0 Safari/537.36"
46.101.116.244 - - [06/Mar/2025:10:53:55 +0100] "GET /Jurek/vivaldi/feeds/vivaldi_Mall-cz.xml HTTP/2.0" 200 344825 "-" "-"
46.101.116.244 - - [06/Mar/2025:10:54:06 +0100] "GET /Jurek/eurofirany/feeds/eurofirany_mall_cz_greatstore.xml HTTP/2.0" 200 19148594 "-" "-"
66.249.69.170 - - [06/Mar/2025:10:54:15 +0100] "GET /Jurek/eurofirany/images/386712/11.jpg HTTP/1.1" 200 153975 "-" "Googlebot-Image/1.0"
89.161.206.59 - - [06/Mar/2025:10:54:42 +0100] "GET /Jurek/waks/feeds/waks_allegro.xml HTTP/1.0" 200 1593593 "-" "-"
46.101.116.244 - - [06/Mar/2025:10:54:48 +0100] "GET /Jurek/vida_morele/feeds/vidaPL_greatcz_MD.xml HTTP/2.0" 200 689987071 "-" "-"
66.211.183.73 - - [06/Mar/2025:10:55:44 +0100] "GET /Jurek/eurofirany/images/428672/0.jpg HTTP/1.1" 200 87776 "-" "scalaj-http/2.4.2"
66.211.183.72 - - [06/Mar/2025:10:55:47 +0100] "GET /Jurek/eurofirany/images/389615/0.jpg HTTP/1.1" 200 159369 "-" "scalaj-http/2.4.2"
89.161.206.59 - - [06/Mar/2025:10:55:51 +0100] "GET /Jurek/bass_new/feeds/bass_ebayde.xml HTTP/1.0" 200 4807038 "-" "-"
66.211.183.74 - - [06/Mar/2025:10:56:24 +0100] "GET /Jurek/eurofirany/images/383360/0.jpg HTTP/1.1" 200 73385 "-" "scalaj-http/2.4.2"
89.161.206.59 - - [06/Mar/2025:10:56:38 +0100] "GET /Jurek/eurofirany/feeds/eurofirany_skroutz.xml HTTP/1.0" 200 19128710 "-" "-"
66.211.183.74 - - [06/Mar/2025:10:56:50 +0100] "GET /Jurek/eurofirany/images/428728/0.jpg HTTP/1.1" 200 93599 "-" "scalaj-http/2.4.2"
66.211.183.71 - - [06/Mar/2025:10:57:03 +0100] "GET /Jurek/eurofirany/images/382104/0.jpg HTTP/1.1" 200 209372 "-" "scalaj-http/2.4.2"
5.134.208.158 - - [06/Mar/2025:10:57:04 +0100] "GET /Jurek/eurofirany/images/403009/0.jpg HTTP/1.1" 200 32775 "-" "-"
66.211.183.71 - - [06/Mar/2025:10:57:06 +0100] "GET /Jurek/eurofirany/images/416135/0.jpg HTTP/1.1" 200 92572 "-" "scalaj-http/2.4.2"
66.211.183.73 - - [06/Mar/2025:10:57:13 +0100] "GET /Jurek/eurofirany/images/390456/0.jpg HTTP/1.1" 200 144267 "-" "scalaj-http/2.4.2"
46.101.116.244 - - [06/Mar/2025:10:57:15 +0100] "GET /Jurek/aw/feeds/aw_fnacfr.xml HTTP/1.0" 404 3551 "-" "-"
46.101.116.244 - - [06/Mar/2025:10:57:34 +0100] "GET /Filip/feeds/xlsx_ceneo.xml HTTP/1.0" 200 6241376 "-" "-"
46.101.116.244 - - [06/Mar/2025:10:57:39 +0100] "GET /Jurek/octopia/feeds/octopia_mallcz.xml HTTP/2.0" 200 10588423 "-" "-"
46.101.116.244 - - [06/Mar/2025:10:57:57 +0100] "GET /Jurek/flhf/feeds/flhf_mallcz.xml HTTP/2.0" 404 3551 "-" "-"
77.79.248.229 - - [06/Mar/2025:10:58:03 +0100] "GET /Jurek/eurofirany/feeds/eurofirany_manomanode.xml HTTP/1.1" 200 19128537 "-" "Python-urllib/3.11"
77.79.248.229 - - [06/Mar/2025:10:58:05 +0100] "GET /Jurek/hurtownia_przemyslowa/feeds/hp_manomanode.xml HTTP/1.1" 200 49583673 "-" "Python-urllib/3.11"
77.79.248.229 - - [06/Mar/2025:10:58:05 +0100] "GET /Jurek/topeshop/feeds/topeshop_manoDE.xml HTTP/1.1" 200 2450355 "-" "Python-urllib/3.11"
77.79.248.229 - - [06/Mar/2025:10:58:07 +0100] "GET /Jurek/aw/feeds/awnarzedzia_manomanoDE.xml HTTP/1.1" 200 90234894 "-" "Python-urllib/3.11"
77.79.248.229 - - [06/Mar/2025:10:58:07 +0100] "GET /Jurek/action/feeds/action_manomano_DE.xml HTTP/1.1" 200 56340640 "-" "Python-urllib/3.11"
77.79.248.229 - - [06/Mar/2025:10:58:08 +0100] "GET /Jurek/drewdon/feeds/drewdon_manomanoDE.xml HTTP/1.1" 200 504462 "-" "Python-urllib/3.11"
77.79.248.229 - - [06/Mar/2025:10:58:08 +0100] "GET /Jurek/kobi/feeds/kobi_manomanoDE.xml HTTP/1.1" 200 1993229 "-" "Python-urllib/3.11"
77.79.248.229 - - [06/Mar/2025:10:58:08 +0100] "GET /Jurek/pupus/feeds/pupus_manomanoDE.xml HTTP/1.1" 200 6154585 "-" "Python-urllib/3.11"
77.79.248.229 - - [06/Mar/2025:10:58:08 +0100] "GET /Jurek/reman/feeds/reman_manoamnoDE.xml HTTP/1.1" 200 1394841 "-" "Python-urllib/3.11"
77.79.248.229 - - [06/Mar/2025:10:58:08 +0100] "GET /Jurek/artdog/feeds/artdog_manomanoDE.xml HTTP/1.1" 200 17044332 "-" "Python-urllib/3.11"
77.79.248.229 - - [06/Mar/2025:10:58:08 +0100] "GET /Jurek/sartrix/feeds/sartrix_manomanoDE.xml HTTP/1.1" 200 649154 "-" "Python-urllib/3.11"
77.79.248.229 - - [06/Mar/2025:10:58:08 +0100] "GET /Jurek/hlo/feeds/hlo_manomanoDE.xml HTTP/1.1" 200 4838810 "-" "Python-urllib/3.11"
77.79.248.229 - - [06/Mar/2025:10:58:09 +0100] "GET /Jurek/hurtmeblowy/feeds/hurtmeblowy_ManoDE.xml HTTP/1.1" 200 8023181 "-" "Python-urllib/3.11"
77.79.248.229 - - [06/Mar/2025:10:58:09 +0100] "GET /Jurek/drops/feeds/dropsofficecolection_manoDE.xml HTTP/1.1" 200 790663 "-" "Python-urllib/3.11"
77.79.248.229 - - [06/Mar/2025:10:58:09 +0100] "GET /Jurek/aiofactory/feeds/aiofactory_manomanoDE.xml HTTP/1.1" 200 2123796 "-" "Python-urllib/3.11"
77.79.248.229 - - [06/Mar/2025:10:58:09 +0100] "GET /Jurek/szpaklampy/feeds/szpaklampy_manoDE.xml HTTP/1.1" 200 388238 "-" "Python-urllib/3.11"
77.79.248.229 - - [06/Mar/2025:10:58:09 +0100] "GET /Jurek/fernity/feeds/fernity_manomano.xml HTTP/1.1" 200 5224190 "-" "Python-urllib/3.11"
77.79.248.229 - - [06/Mar/2025:10:58:10 +0100] "GET /Jurek/eurofirany/feeds/eurofirany_manomanofr.xml HTTP/1.1" 200 19128731 "-" "Python-urllib/3.11"
77.79.248.229 - - [06/Mar/2025:10:58:11 +0100] "GET /Jurek/hurtownia_przemyslowa/feeds/hp_manomanofr.xml HTTP/1.1" 200 49583208 "-" "Python-urllib/3.11"
77.79.248.229 - - [06/Mar/2025:10:58:11 +0100] "GET /Jurek/kinghome/feeds/kinghome_manomanofr.xml HTTP/1.1" 200 5785039 "-" "Python-urllib/3.11"
77.79.248.229 - - [06/Mar/2025:10:58:12 +0100] "GET /Jurek/topeshop/feeds/topeshop_manoFR.xml HTTP/1.1" 200 2450490 "-" "Python-urllib/3.11"
77.79.248.229 - - [06/Mar/2025:10:58:12 +0100] "GET /Jurek/activeshop/feeds/activeshop_manomanofr.xml HTTP/1.1" 200 10458449 "-" "Python-urllib/3.11"
77.79.248.229 - - [06/Mar/2025:10:58:15 +0100] "GET /Jurek/aw/feeds/awnarzedzia_manomanofr.xml HTTP/1.1" 200 90236469 "-" "Python-urllib/3.11"
77.79.248.229 - - [06/Mar/2025:10:58:16 +0100] "GET /Jurek/bass_new/feeds/bass_manofr.xml HTTP/1.1" 200 7040981 "-" "Python-urllib/3.11"
77.79.248.229 - - [06/Mar/2025:10:58:16 +0100] "GET /Jurek/stema/feeds/stema_manofr.xml HTTP/1.1" 200 838564 "-" "Python-urllib/3.11"
77.79.248.229 - - [06/Mar/2025:10:58:16 +0100] "GET /Jurek/aiofactory/feeds/aiofactory_manomanoFR.xml HTTP/1.1" 200 2123813 "-" "Python-urllib/3.11"
77.79.248.229 - - [06/Mar/2025:10:58:17 +0100] "GET /Jurek/hurtmeblowy/feeds/hurtmeblowy_ManoFR.xml HTTP/1.1" 200 8023324 "-" "Python-urllib/3.11"
77.79.248.229 - - [06/Mar/2025:10:58:17 +0100] "GET /Jurek/szpaklampy/feeds/szpaklampy_manoFR.xml HTTP/1.1" 200 388247 "-" "Python-urllib/3.11"
77.79.248.229 - - [06/Mar/2025:10:58:17 +0100] "GET /Jurek/drops/feeds/dropsofficecolection_manoFR.xml HTTP/1.1" 200 790626 "-" "Python-urllib/3.11"
77.79.248.229 - - [06/Mar/2025:10:58:18 +0100] "GET /Jurek/hurtownia_przemyslowa/feeds/hp_manomanoit.xml HTTP/1.1" 200 49583271 "-" "Python-urllib/3.11"
77.79.248.229 - - [06/Mar/2025:10:58:18 +0100] "GET /Jurek/eurofirany/feeds/eurofirany_manomanoit.xml HTTP/1.1" 200 19128911 "-" "Python-urllib/3.11"
77.79.248.229 - - [06/Mar/2025:10:58:19 +0100] "GET /Jurek/fernity/feeds/fernity_manoIT.xml HTTP/1.1" 200 5224676 "-" "Python-urllib/3.11"
77.79.248.229 - - [06/Mar/2025:10:58:19 +0100] "GET /Jurek/topeshop/feeds/topeshop_manoIT.xml HTTP/1.1" 200 2450468 "-" "Python-urllib/3.11"
46.101.116.244 - - [06/Mar/2025:10:58:19 +0100] "GET /Jurek/livinhill/feeds/livinhill_mallcz.xml HTTP/2.0" 200 1428472 "-" "-"
77.79.248.229 - - [06/Mar/2025:10:58:20 +0100] "GET /Jurek/action/feeds/action_manomano_IT.xml HTTP/1.1" 200 56341992 "-" "Python-urllib/3.11"
77.79.248.229 - - [06/Mar/2025:10:58:20 +0100] "GET /Jurek/activeshop/feeds/activeshop_manomanoit.xml HTTP/1.1" 200 10458586 "-" "Python-urllib/3.11"
77.79.248.229 - - [06/Mar/2025:10:58:22 +0100] "GET /Jurek/aw/feeds/awnarzedzia_manomanoIT.xml HTTP/1.1" 200 90237345 "-" "Python-urllib/3.11"
77.79.248.229 - - [06/Mar/2025:10:58:22 +0100] "GET /Jurek/barbecook/feeds/barbecook_manoit.xml HTTP/1.1" 200 87531 "-" "Python-urllib/3.11"
77.79.248.229 - - [06/Mar/2025:10:58:23 +0100] "GET /Jurek/drewdon/feeds/drewdon_manomanoIT.xml HTTP/1.1" 200 504460 "-" "Python-urllib/3.11"
77.79.248.229 - - [06/Mar/2025:10:58:23 +0100] "GET /Jurek/kobi/feeds/kobi_manomanoIT.xml HTTP/1.1" 200 1993322 "-" "Python-urllib/3.11"
77.79.248.229 - - [06/Mar/2025:10:58:23 +0100] "GET /Jurek/pupus/feeds/pupus_manomanoIT.xml HTTP/1.1" 200 6154670 "-" "Python-urllib/3.11"
77.79.248.229 - - [06/Mar/2025:10:58:23 +0100] "GET /Jurek/reman/feeds/reman_manoamnoIT.xml HTTP/1.1" 200 1394837 "-" "Python-urllib/3.11"
77.79.248.229 - - [06/Mar/2025:10:58:23 +0100] "GET /Jurek/artdog/feeds/artdog_manomanoIT.xml HTTP/1.1" 200 17044475 "-" "Python-urllib/3.11"
77.79.248.229 - - [06/Mar/2025:10:58:23 +0100] "GET /Jurek/sartrix/feeds/sartrix_manomanoIT.xml HTTP/1.1" 200 649171 "-" "Python-urllib/3.11"
77.79.248.229 - - [06/Mar/2025:10:58:23 +0100] "GET /Jurek/hlo/feeds/hlo_manomanoIT.xml HTTP/1.1" 200 4838806 "-" "Python-urllib/3.11"
77.79.248.229 - - [06/Mar/2025:10:58:24 +0100] "GET /Jurek/drewdon/feeds/drewdon_manomanoES.xml HTTP/1.1" 200 504461 "-" "Python-urllib/3.11"
77.79.248.229 - - [06/Mar/2025:10:58:25 +0100] "GET /Jurek/hurtownia_przemyslowa/feeds/hp_manomanoES.xml HTTP/1.1" 200 49583924 "-" "Python-urllib/3.11"
77.79.248.229 - - [06/Mar/2025:10:58:25 +0100] "GET /Jurek/kobi/feeds/kobi_manomanoES.xml HTTP/1.1" 200 1993327 "-" "Python-urllib/3.11"
77.79.248.229 - - [06/Mar/2025:10:58:25 +0100] "GET /Jurek/pupus/feeds/pupus_manomanoES.xml HTTP/1.1" 200 6154532 "-" "Python-urllib/3.11"
77.79.248.229 - - [06/Mar/2025:10:58:25 +0100] "GET /Jurek/reman/feeds/reman_manoamnoES.xml HTTP/1.1" 200 1394833 "-" "Python-urllib/3.11"
77.79.248.229 - - [06/Mar/2025:10:58:26 +0100] "GET /Jurek/artdog/feeds/artdog_manomanoES.xml HTTP/1.1" 200 17045011 "-" "Python-urllib/3.11"
77.79.248.229 - - [06/Mar/2025:10:58:26 +0100] "GET /Jurek/sartrix/feeds/sartrix_manomanoES.xml HTTP/1.1" 200 649178 "-" "Python-urllib/3.11"
77.79.248.229 - - [06/Mar/2025:10:58:26 +0100] "GET /Jurek/hlo/feeds/hlo_manomanoES.xml HTTP/1.1" 200 4838838 "-" "Python-urllib/3.11"
77.79.248.229 - - [06/Mar/2025:10:58:26 +0100] "GET /Jurek/drops/feeds/dropsofficecolection_manoES.xml HTTP/1.1" 200 790621 "-" "Python-urllib/3.11"
77.79.248.229 - - [06/Mar/2025:10:58:26 +0100] "GET /Jurek/szpaklampy/feeds/szpaklampy_manoES.xml HTTP/1.1" 200 388234 "-" "Python-urllib/3.11"
77.79.248.229 - - [06/Mar/2025:10:58:26 +0100] "GET /Jurek/hurtmeblowy/feeds/hurtmeblowy_ManoES.xml HTTP/1.1" 200 8023319 "-" "Python-urllib/3.11"
77.79.248.229 - - [06/Mar/2025:10:58:27 +0100] "GET /Jurek/aiofactory/feeds/aiofactory_manomanoES.xml HTTP/1.1" 200 2123800 "-" "Python-urllib/3.11"
46.101.116.244 - - [06/Mar/2025:10:58:39 +0100] "GET /Jurek/vidaCZ/feeds/vida_mallcz.xml HTTP/2.0" 200 653548208 "-" "-"
66.249.69.172 - - [06/Mar/2025:10:59:03 +0100] "GET /Jurek/eurofirany/images/386192/3.jpg HTTP/1.1" 200 88023 "-" "Googlebot-Image/1.0"
193.33.8.61 - - [06/Mar/2025:10:59:08 +0100] "GET /Jurek/topeshop/downloaded_images/5902838460009_1-1_artisan_orginal.png HTTP/2.0" 200 996961 "-" "Mozilla/5.0 (Windows NT 10.0; Win64; x64) AppleWebKit/537.36 (KHTML, like Gecko) Chrome/133.0.0.0 Safari/537.36"
62.146.215.33 - - [06/Mar/2025:10:59:10 +0100] "GET /Jurek/eurofirany/images/383058/0.jpg HTTP/2.0" 200 69041 "-" "billigerbot/1.0"
66.211.183.72 - - [06/Mar/2025:10:59:13 +0100] "GET /Jurek/eurofirany/images/404579/0.jpg HTTP/1.1" 200 80075 "-" "scalaj-http/2.4.2"
66.211.183.72 - - [06/Mar/2025:10:59:15 +0100] "GET /Jurek/eurofirany/images/390455/0.jpg HTTP/1.1" 200 144267 "-" "scalaj-http/2.4.2"
66.211.183.73 - - [06/Mar/2025:10:59:50 +0100] "GET /Jurek/eurofirany/images/389999/0.jpg HTTP/1.1" 200 176309 "-" "scalaj-http/2.4.2"
89.161.206.59 - - [06/Mar/2025:11:00:22 +0100] "GET /Jurek/german/feeds/german_emagro.xml HTTP/1.0" 200 4793047 "-" "-"
85.14.86.141 - - [06/Mar/2025:11:00:28 +0100] "GET /Jurek/vida_morele/feeds/VidaPL_all.xml HTTP/2.0" 200 689782645 "-" "MarketplaceAPI curl/7.64.0 PHP/8"
40.77.167.30 - - [06/Mar/2025:11:00:28 +0100] "GET /Jurek/topeshop/downloaded_images/5902838461266_2.png HTTP/2.0" 404 3551 "-" "Mozilla/5.0 AppleWebKit/537.36 (KHTML, like Gecko; compatible; bingbot/2.0; +http://www.bing.com/bingbot.htm) Chrome/116.0.1938.76 Safari/537.36"
52.17.80.36 - - [06/Mar/2025:11:00:43 +0100] "GET /marketplaces/ubaldi/results/ubaldi.csv HTTP/1.1" 200 147219 "-" "Mirakl HttpClient"
46.101.116.244 - - [06/Mar/2025:11:01:38 +0100] "GET /Jurek/aw/feeds/aw_fnacfr.xml HTTP/1.0" 404 3551 "-" "-"
89.161.206.59 - - [06/Mar/2025:11:01:42 +0100] "GET /Jurek/hurtmeblowy/feeds/hurtmeblowy_skroutz.xml HTTP/1.0" 200 8023485 "-" "-"
52.209.168.113 - - [06/Mar/2025:11:01:50 +0100] "GET /marketplaces/rue/results/rue.csv HTTP/1.1" 200 147219 "-" "Mirakl HttpClient"
46.101.116.244 - - [06/Mar/2025:11:01:58 +0100] "GET /Filip/feeds/xlsx_ceneo.xml HTTP/1.0" 200 6241376 "-" "-"
66.211.183.71 - - [06/Mar/2025:11:02:00 +0100] "GET /Jurek/eurofirany/images/390059/0.jpg HTTP/1.1" 200 120347 "-" "scalaj-http/2.4.2"
85.14.86.141 - - [06/Mar/2025:11:02:39 +0100] "GET /Jurek/kinghoff/feeds/kinghoff_morele.xml HTTP/2.0" 200 15138576 "-" "MarketplaceAPI curl/7.64.0 PHP/8"
89.161.206.59 - - [06/Mar/2025:11:02:45 +0100] "GET /Jurek/dekornatort/feeds/dekornatort_skroutz.xml HTTP/1.0" 200 225745 "-" "-"
89.161.206.59 - - [06/Mar/2025:11:02:45 +0100] "GET /Jurek/lendo/feeds/lendo_skroutz.xml HTTP/1.0" 200 330392 "-" "-"
89.161.206.59 - - [06/Mar/2025:11:02:46 +0100] "GET /Jurek/cbdgreen/feeds/cbdgreen_skroutz.xml HTTP/1.0" 200 50539 "-" "-"
89.161.206.59 - - [06/Mar/2025:11:02:46 +0100] "GET /Jurek/eurofryz2/feeds/eurofryz2_skroutz.xml HTTP/1.0" 200 1376575 "-" "-"
89.161.206.59 - - [06/Mar/2025:11:02:47 +0100] "GET /Jurek/alucon/feeds/alucon_skroutz.xml HTTP/1.0" 200 553581 "-" "-"
89.161.206.59 - - [06/Mar/2025:11:02:47 +0100] "GET /Jurek/nexus/feeds/nexus_skroutz.xml HTTP/1.0" 200 226661 "-" "-"
66.211.183.73 - - [06/Mar/2025:11:02:59 +0100] "GET /Jurek/eurofirany/images/389605/0.jpg HTTP/1.1" 200 134368 "-" "scalaj-http/2.4.2"
193.33.8.61 - - [06/Mar/2025:11:03:23 +0100] "GET /Jurek/edruk/output.txt HTTP/2.0" 200 1754802 "https://konsola.dkkapusta1997.usermd.net/" "Mozilla/5.0 (Macintosh; Intel Mac OS X 10_15_7) AppleWebKit/537.36 (KHTML, like Gecko) Chrome/133.0.0.0 Safari/537.36"
193.33.8.61 - - [06/Mar/2025:11:03:44 +0100] "GET /Jurek/edruk/feeds/edruk_aliex.xml HTTP/2.0" 200 14201247 "https://konsola.dkkapusta1997.usermd.net/" "Mozilla/5.0 (Macintosh; Intel Mac OS X 10_15_7) AppleWebKit/537.36 (KHTML, like Gecko) Chrome/133.0.0.0 Safari/537.36"
85.14.86.141 - - [06/Mar/2025:11:04:14 +0100] "GET /Jurek/eurofirany/feeds/eurofirany_morele.xml HTTP/2.0" 200 19130276 "-" "MarketplaceAPI curl/7.64.0 PHP/8"
66.211.183.73 - - [06/Mar/2025:11:04:22 +0100] "GET /Jurek/eurofirany/images/390453/0.jpg HTTP/1.1" 200 144267 "-" "scalaj-http/2.4.2"
85.14.86.141 - - [06/Mar/2025:11:04:33 +0100] "GET /Jurek/vivaldi/feeds/vivaldi_Morele-PL.xml HTTP/2.0" 200 344674 "-" "MarketplaceAPI curl/7.64.0 PHP/8"
66.211.183.71 - - [06/Mar/2025:11:05:14 +0100] "GET /Jurek/eurofirany/images/416133/0.jpg HTTP/1.1" 200 108715 "-" "scalaj-http/2.4.2"
89.161.206.59 - - [06/Mar/2025:11:05:16 +0100] "GET /Jurek/fertone/feeds/fertone_skroutz.xml HTTP/1.0" 200 596793 "-" "-"
89.161.206.59 - - [06/Mar/2025:11:05:21 +0100] "GET /Jurek/antiodor/feeds/antiodor_skroutz.xml HTTP/1.0" 200 137788 "-" "-"
85.14.86.141 - - [06/Mar/2025:11:05:53 +0100] "GET /Jurek/aw/feeds/awnarzedzia_morele.xml HTTP/2.0" 200 90248115 "-" "MarketplaceAPI curl/7.64.0 PHP/8"
193.33.8.61 - - [06/Mar/2025:11:05:54 +0100] "GET /marketplaces/rue/download/rue.csv HTTP/2.0" 200 12214513 "-" "Mozilla/5.0 (Windows NT 10.0; Win64; x64) AppleWebKit/537.36 (KHTML, like Gecko) Chrome/133.0.0.0 Safari/537.36"
85.14.86.141 - - [06/Mar/2025:11:05:59 +0100] "GET /Jurek/vida_morele/feeds/VidaPL_morele.xml HTTP/2.0" 200 689783261 "-" "MarketplaceAPI curl/7.64.0 PHP/8"
89.161.206.59 - - [06/Mar/2025:11:06:09 +0100] "GET /Jurek/benetech/feeds/benetech_amazonbe.xml HTTP/1.0" 200 4165326 "-" "-"
66.211.183.74 - - [06/Mar/2025:11:06:30 +0100] "GET /Jurek/eurofirany/images/390066/0.jpg HTTP/1.1" 200 143274 "-" "scalaj-http/2.4.2"
85.14.86.141 - - [06/Mar/2025:11:06:39 +0100] "GET /Jurek/beliani/feeds/beliani_morele.xml HTTP/2.0" 200 31806703 "-" "MarketplaceAPI curl/7.64.0 PHP/8"
66.211.183.73 - - [06/Mar/2025:11:06:45 +0100] "GET /Jurek/eurofirany/images/423240/0.jpg HTTP/1.1" 200 100529 "-" "scalaj-http/2.4.2"
66.249.69.171 - - [06/Mar/2025:11:07:00 +0100] "GET /Jurek/eurofirany/images/387144/8.jpg HTTP/1.1" 200 124619 "-" "Googlebot-Image/1.0"
46.101.116.244 - - [06/Mar/2025:11:07:04 +0100] "GET /Jurek/aw/feeds/aw_fnacfr.xml HTTP/1.0" 404 3551 "-" "-"
46.101.116.244 - - [06/Mar/2025:11:07:21 +0100] "GET /Filip/feeds/xlsx_ceneo.xml HTTP/1.0" 200 6241376 "-" "-"
89.161.206.59 - - [06/Mar/2025:11:07:30 +0100] "GET /Jurek/eurofirany/feeds/eurofirany_amazonNL.xml HTTP/1.0" 200 19128690 "-" "-"
89.161.206.59 - - [06/Mar/2025:11:07:32 +0100] "GET /Jurek/eurofirany/feeds/eurofirany_amazonES.xml HTTP/1.0" 200 19128796 "-" "-"
89.161.206.59 - - [06/Mar/2025:11:07:34 +0100] "GET /Jurek/eurofirany/feeds/eurofirany_amazonIT.xml HTTP/1.0" 200 19129046 "-" "-"
89.161.206.59 - - [06/Mar/2025:11:07:35 +0100] "GET /Jurek/eurofirany/feeds/eurofirany_amazonFR.xml HTTP/1.0" 200 19128616 "-" "-"
89.161.206.59 - - [06/Mar/2025:11:07:37 +0100] "GET /Jurek/eurofirany/feeds/eurofirany_amazonSE.xml HTTP/1.0" 200 19146391 "-" "-"
89.161.206.59 - - [06/Mar/2025:11:07:39 +0100] "GET /Jurek/eurofirany/feeds/eurofirany_amazonBE.xml HTTP/1.0" 200 19128891 "-" "-"
66.211.183.74 - - [06/Mar/2025:11:07:39 +0100] "GET /Jurek/eurofirany/images/403214/0.jpg HTTP/1.1" 200 118364 "-" "scalaj-http/2.4.2"
89.161.206.59 - - [06/Mar/2025:11:07:40 +0100] "GET /Jurek/eurofirany/feeds/eurofirany_amazaon_de.xml HTTP/1.0" 200 19128716 "-" "-"
89.161.206.59 - - [06/Mar/2025:11:07:45 +0100] "GET /Jurek/benetech/feeds/benetech_amazonnl.xml HTTP/1.0" 200 4165304 "-" "-"
89.161.206.59 - - [06/Mar/2025:11:07:45 +0100] "GET /Jurek/benetech/feeds/benetech_amazonit.xml HTTP/1.0" 200 4165326 "-" "-"
89.161.206.59 - - [06/Mar/2025:11:07:46 +0100] "GET /Jurek/benetech/feeds/benetech_amazones.xml HTTP/1.0" 200 4165330 "-" "-"
89.161.206.59 - - [06/Mar/2025:11:07:53 +0100] "GET /Jurek/kobi/feeds/kobi_amazones.xml HTTP/1.0" 200 677262 "-" "-"
89.161.206.59 - - [06/Mar/2025:11:07:53 +0100] "GET /Jurek/kobi/feeds/kobi_amazonfr.xml HTTP/1.0" 200 677231 "-" "-"
66.211.183.72 - - [06/Mar/2025:11:08:14 +0100] "GET /Jurek/eurofirany/images/423657/0.jpg HTTP/1.1" 200 84801 "-" "scalaj-http/2.4.2"
89.161.206.59 - - [06/Mar/2025:11:08:20 +0100] "GET /Jurek/eurofryz/feeds/eurofryz_skroutz.xml HTTP/1.0" 200 1381567 "-" "-"
46.101.116.244 - - [06/Mar/2025:11:08:34 +0100] "GET /Jurek/kinghoff/feeds/kinghoff_allegro.xml HTTP/1.0" 200 15139500 "-" "-"
89.161.206.59 - - [06/Mar/2025:11:08:41 +0100] "GET /Jurek/artdog/feeds/artdog_allegro.xml HTTP/1.0" 200 17047698 "-" "-"
193.33.8.61 - - [06/Mar/2025:11:08:54 +0100] "GET /Jurek/topeshop/downloaded_images/5902838461334_jppgggg.jpg HTTP/2.0" 200 17930 "-" "Mozilla/5.0 (Windows NT 10.0; Win64; x64) AppleWebKit/537.36 (KHTML, like Gecko) Chrome/133.0.0.0 Safari/537.36"
66.211.183.74 - - [06/Mar/2025:11:09:21 +0100] "GET /Jurek/eurofirany/images/402865/0.jpg HTTP/1.1" 200 81898 "-" "scalaj-http/2.4.2"
40.77.167.10 - - [06/Mar/2025:11:10:49 +0100] "GET /Jurek/topeshop/downloaded_images/5904507201906_MIJASBIURKOBRY%C5%81KAANTRACYTLEWEBOKZM.jpg HTTP/2.0" 404 3551 "-" "Mozilla/5.0 AppleWebKit/537.36 (KHTML, like Gecko; compatible; bingbot/2.0; +http://www.bing.com/bingbot.htm) Chrome/116.0.1938.76 Safari/537.36"
185.6.76.18 - - [06/Mar/2025:11:10:56 +0100] "GET /marketplaces/skroutz/feeds/shumee.xml HTTP/1.1" 200 348201642 "-" "SkroutzBot v1.0"
35.240.48.232 - - [06/Mar/2025:11:11:45 +0100] "GET /Jurek/topeshop/downloaded_images/5902838461129_1_Sonoma_mix.png HTTP/1.1" 404 3551 "-" "Mozilla/5.0 (Linux; Android 9; SAMSUNG SM-G950F) AppleWebKit/537.36 (KHTML, like Gecko) SamsungBrowser/11.2 Chrome/75.0.3770.143 Mobile Safari/537.36"
66.249.69.171 - - [06/Mar/2025:11:12:17 +0100] "GET /Jurek/eurofirany/images/390441/10.jpg HTTP/1.1" 200 200134 "-" "Googlebot-Image/1.0"
66.135.195.16 - - [06/Mar/2025:11:12:50 +0100] "GET /Jurek/topeshop/downloaded_images/5902838466681_4.png HTTP/1.1" 404 3551 "http://www.ebay.com/" "Mozilla/4.0 (compatible; MSIE 4.01; Windows NT)"
66.135.195.16 - - [06/Mar/2025:11:12:50 +0100] "GET /Jurek/topeshop/downloaded_images/5902838466681_20st_1.png HTTP/1.1" 404 3551 "http://www.ebay.com/" "Mozilla/4.0 (compatible; MSIE 4.01; Windows NT)"
66.135.195.19 - - [06/Mar/2025:11:12:50 +0100] "GET /Jurek/topeshop/downloaded_images/5902838466681_3.png HTTP/1.1" 404 3551 "http://www.ebay.com/" "Mozilla/4.0 (compatible; MSIE 4.01; Windows NT)"
66.135.195.19 - - [06/Mar/2025:11:12:50 +0100] "GET /Jurek/topeshop/downloaded_images/5902838466681_Artisan_Rtv.jpg HTTP/1.1" 404 3551 "http://www.ebay.com/" "Mozilla/4.0 (compatible; MSIE 4.01; Windows NT)"
66.135.195.20 - - [06/Mar/2025:11:12:50 +0100] "GET /Jurek/topeshop/downloaded_images/5902838466681_1.png HTTP/1.1" 404 3551 "http://www.ebay.com/" "Mozilla/4.0 (compatible; MSIE 4.01; Windows NT)"
66.135.195.16 - - [06/Mar/2025:11:12:50 +0100] "GET /Jurek/topeshop/downloaded_images/5902838466681_2.png HTTP/1.1" 404 3551 "http://www.ebay.com/" "Mozilla/4.0 (compatible; MSIE 4.01; Windows NT)"
66.135.195.18 - - [06/Mar/2025:11:12:50 +0100] "GET /Jurek/topeshop/downloaded_images/5902838466681_I_RTV-140-MALWA_o_A.jpg HTTP/1.1" 200 138461 "http://www.ebay.com/" "Mozilla/4.0 (compatible; MSIE 4.01; Windows NT)"
66.135.195.16 - - [06/Mar/2025:11:12:50 +0100] "GET /Jurek/topeshop/downloaded_images/5902838466681_I_RTV-140-MALWA_A.jpg HTTP/1.1" 200 139285 "http://www.ebay.com/" "Mozilla/4.0 (compatible; MSIE 4.01; Windows NT)"
51.8.102.166 - - [06/Mar/2025:11:13:22 +0100] "GET /robots.txt HTTP/2.0" 404 3551 "-" "Mozilla/5.0 (Macintosh; Intel Mac OS X 10_15_7) AppleWebKit/537.36 (KHTML, like Gecko) Chrome/131.0.0.0 Safari/537.36; compatible; OAI-SearchBot/1.0; +https://openai.com/searchbot"
51.8.102.76 - - [06/Mar/2025:11:13:22 +0100] "GET /robots.txt HTTP/1.1" 404 3551 "-" "Mozilla/5.0 (Macintosh; Intel Mac OS X 10_15_7) AppleWebKit/537.36 (KHTML, like Gecko) Chrome/131.0.0.0 Safari/537.36; compatible; OAI-SearchBot/1.0; +https://openai.com/searchbot"
46.101.116.244 - - [06/Mar/2025:11:13:56 +0100] "GET /Jurek/aw/feeds/aw_fnacfr.xml HTTP/1.0" 404 3551 "-" "-"
66.211.183.74 - - [06/Mar/2025:11:13:58 +0100] "GET /Jurek/eurofirany/images/383352/0.jpg HTTP/1.1" 200 79685 "-" "scalaj-http/2.4.2"
46.101.116.244 - - [06/Mar/2025:11:14:11 +0100] "GET /Filip/feeds/xlsx_ceneo.xml HTTP/1.0" 200 6241376 "-" "-"
66.211.183.70 - - [06/Mar/2025:11:14:46 +0100] "GET /Jurek/eurofirany/images/391112/0.jpg HTTP/1.1" 200 98566 "-" "scalaj-http/2.4.2"
3.74.7.74 - - [06/Mar/2025:11:14:52 +0100] "GET /Jurek/topeshop/downloaded_images/5902838466209_KUBABIURKOBRY%C5%81KASONOMABOKZM.jpg HTTP/2.0" 404 3551 "-" "Mozilla/5.0 (Windows NT 10.0; Win64; x64) AppleWebKit/537.36 (KHTML, like Gecko) Chrome/109.0.0.0 Safari/537.36"
18.157.125.26 - - [06/Mar/2025:11:14:52 +0100] "GET /Jurek/topeshop/downloaded_images/5902838465868_Biel_close_20.jpg HTTP/2.0" 404 3551 "-" "Mozilla/5.0 (Windows NT 10.0; Win64; x64) AppleWebKit/537.36 (KHTML, like Gecko) Chrome/109.0.0.0 Safari/537.36"
18.157.125.26 - - [06/Mar/2025:11:14:52 +0100] "GET /Jurek/topeshop/downloaded_images/5902838466520_ROmana_bry%C5%82y_F_C_b0005.jpg HTTP/2.0" 404 3551 "-" "Mozilla/5.0 (Windows NT 10.0; Win64; x64) AppleWebKit/537.36 (KHTML, like Gecko) Chrome/109.0.0.0 Safari/537.36"
66.249.69.170 - - [06/Mar/2025:11:14:57 +0100] "GET /Jurek/eurofirany/images/438610/3.jpg HTTP/1.1" 200 261280 "-" "Googlebot-Image/1.0"
18.157.125.26 - - [06/Mar/2025:11:14:57 +0100] "GET /Jurek/topeshop/downloaded_images/5902838466513_sonoma_close_20.jpg HTTP/2.0" 404 3551 "-" "Mozilla/5.0 (Windows NT 10.0; Win64; x64) AppleWebKit/537.36 (KHTML, like Gecko) Chrome/109.0.0.0 Safari/537.36"
18.157.125.26 - - [06/Mar/2025:11:15:06 +0100] "GET /Jurek/topeshop/downloaded_images/5904507209391_profilowe.jpg HTTP/2.0" 404 3551 "-" "Mozilla/5.0 (Windows NT 10.0; Win64; x64) AppleWebKit/537.36 (KHTML, like Gecko) Chrome/109.0.0.0 Safari/537.36"
18.157.125.26 - - [06/Mar/2025:11:15:26 +0100] "GET /Jurek/topeshop/downloaded_images/5902838469316_1.jpg HTTP/2.0" 404 3551 "-" "Mozilla/5.0 (Windows NT 10.0; Win64; x64) AppleWebKit/537.36 (KHTML, like Gecko) Chrome/109.0.0.0 Safari/537.36"
18.157.125.26 - - [06/Mar/2025:11:15:27 +0100] "GET /Jurek/topeshop/downloaded_images/5902838464359_KUBABIURKOBRY%C5%81KABIELBOKZM.jpg HTTP/2.0" 404 3551 "-" "Mozilla/5.0 (Windows NT 10.0; Win64; x64) AppleWebKit/537.36 (KHTML, like Gecko) Chrome/109.0.0.0 Safari/537.36"
3.74.7.74 - - [06/Mar/2025:11:15:27 +0100] "GET /Jurek/topeshop/downloaded_images/5904507201876_KUBABIURKOBRY%C5%81KAANTRACYTBOKZM.jpg HTTP/2.0" 404 3551 "-" "Mozilla/5.0 (Windows NT 10.0; Win64; x64) AppleWebKit/537.36 (KHTML, like Gecko) Chrome/109.0.0.0 Safari/537.36"
3.126.202.245 - - [06/Mar/2025:11:15:36 +0100] "GET /Jurek/topeshop/downloaded_images/5904507201814_SZAFA_IGA_160_G%C5%81ADKI_FRONT_0004.png HTTP/2.0" 200 757006 "-" "Mozilla/5.0 (Windows NT 10.0; Win64; x64) AppleWebKit/537.36 (KHTML, like Gecko) Chrome/109.0.0.0 Safari/537.36"
3.126.202.245 - - [06/Mar/2025:11:15:38 +0100] "GET /Jurek/topeshop/downloaded_images/5904507202309_SZAFA_IGA_160_G%C5%81ADKI_FRONT_0009.png HTTP/2.0" 200 590716 "-" "Mozilla/5.0 (Windows NT 10.0; Win64; x64) AppleWebKit/537.36 (KHTML, like Gecko) Chrome/109.0.0.0 Safari/537.36"
18.157.125.26 - - [06/Mar/2025:11:15:38 +0100] "GET /Jurek/topeshop/downloaded_images/5902838465899_Bry%C5%82a20006.jpg HTTP/2.0" 200 40554 "-" "Mozilla/5.0 (Windows NT 10.0; Win64; x64) AppleWebKit/537.36 (KHTML, like Gecko) Chrome/109.0.0.0 Safari/537.36"
18.157.125.26 - - [06/Mar/2025:11:15:38 +0100] "GET /Jurek/topeshop/downloaded_images/5902838465905_Bry%C5%82a20007.jpg HTTP/2.0" 200 79338 "-" "Mozilla/5.0 (Windows NT 10.0; Win64; x64) AppleWebKit/537.36 (KHTML, like Gecko) Chrome/109.0.0.0 Safari/537.36"
3.74.7.74 - - [06/Mar/2025:11:15:42 +0100] "GET /Jurek/topeshop/downloaded_images/5904507202583_wieszaki_2%2C2.jpg HTTP/2.0" 200 14927 "-" "Mozilla/5.0 (Windows NT 10.0; Win64; x64) AppleWebKit/537.36 (KHTML, like Gecko) Chrome/109.0.0.0 Safari/537.36"
3.126.202.245 - - [06/Mar/2025:11:15:43 +0100] "GET /Jurek/topeshop/downloaded_images/5902838466391_1.png HTTP/2.0" 200 470066 "-" "Mozilla/5.0 (Windows NT 10.0; Win64; x64) AppleWebKit/537.36 (KHTML, like Gecko) Chrome/109.0.0.0 Safari/537.36"
18.157.125.26 - - [06/Mar/2025:11:15:44 +0100] "GET /Jurek/topeshop/downloaded_images/5902838469460_1.png HTTP/2.0" 200 603812 "-" "Mozilla/5.0 (Windows NT 10.0; Win64; x64) AppleWebKit/537.36 (KHTML, like Gecko) Chrome/109.0.0.0 Safari/537.36"
3.74.7.74 - - [06/Mar/2025:11:15:45 +0100] "GET /Jurek/topeshop/downloaded_images/5904507209643_20_kaszmir.jpg HTTP/2.0" 200 23394 "-" "Mozilla/5.0 (Windows NT 10.0; Win64; x64) AppleWebKit/537.36 (KHTML, like Gecko) Chrome/109.0.0.0 Safari/537.36"
18.157.125.26 - - [06/Mar/2025:11:15:46 +0100] "GET /Jurek/topeshop/downloaded_images/5904507209728_front_20_R60_Glina.jpg HTTP/2.0" 200 29042 "-" "Mozilla/5.0 (Windows NT 10.0; Win64; x64) AppleWebKit/537.36 (KHTML, like Gecko) Chrome/109.0.0.0 Safari/537.36"
18.157.125.26 - - [06/Mar/2025:11:15:46 +0100] "GET /Jurek/topeshop/downloaded_images/5902838461891_rtv_120_140_czer%C5%84_po%C5%82.png HTTP/2.0" 200 77457 "-" "Mozilla/5.0 (Windows NT 10.0; Win64; x64) AppleWebKit/537.36 (KHTML, like Gecko) Chrome/109.0.0.0 Safari/537.36"
3.74.7.74 - - [06/Mar/2025:11:15:47 +0100] "GET /Jurek/topeshop/downloaded_images/5904507209803_20st1Glina140.jpg HTTP/2.0" 200 24508 "-" "Mozilla/5.0 (Windows NT 10.0; Win64; x64) AppleWebKit/537.36 (KHTML, like Gecko) Chrome/109.0.0.0 Safari/537.36"
3.74.7.74 - - [06/Mar/2025:11:15:53 +0100] "GET /Jurek/topeshop/downloaded_images/5904507209681_profilowe.jpg HTTP/2.0" 200 56006 "-" "Mozilla/5.0 (Windows NT 10.0; Win64; x64) AppleWebKit/537.36 (KHTML, like Gecko) Chrome/109.0.0.0 Safari/537.36"
18.157.125.26 - - [06/Mar/2025:11:15:53 +0100] "GET /Jurek/topeshop/downloaded_images/5902838463246_rtv_szyba_.RGB_color.0004.png HTTP/2.0" 200 92102 "-" "Mozilla/5.0 (Windows NT 10.0; Win64; x64) AppleWebKit/537.36 (KHTML, like Gecko) Chrome/109.0.0.0 Safari/537.36"
3.74.7.74 - - [06/Mar/2025:11:15:54 +0100] "GET /Jurek/topeshop/downloaded_images/5902838469965_2.jpg HTTP/2.0" 200 70379 "-" "Mozilla/5.0 (Windows NT 10.0; Win64; x64) AppleWebKit/537.36 (KHTML, like Gecko) Chrome/109.0.0.0 Safari/537.36"
