3.126.202.245 - - [06/Mar/2025:10:00:23 +0100] "GET /Jurek/topeshop/downloaded_images/5902838467831_S40ARTISANBRY%C5%81KABOKZM.jpg HTTP/2.0" 404 3551 "-" "Mozilla/5.0 (Windows NT 10.0; Win64; x64) AppleWebKit/537.36 (KHTML, like Gecko) Chrome/109.0.0.0 Safari/537.36"
3.126.202.245 - - [06/Mar/2025:10:00:23 +0100] "GET /Jurek/topeshop/downloaded_images/5904507205355_antanrtprofil43.jpg HTTP/2.0" 404 3551 "-" "Mozilla/5.0 (Windows NT 10.0; Win64; x64) AppleWebKit/537.36 (KHTML, like Gecko) Chrome/109.0.0.0 Safari/537.36"
18.157.125.26 - - [06/Mar/2025:10:00:23 +0100] "GET /Jurek/topeshop/downloaded_images/5904507205348_S40ANTRACYTBRY%C5%81KABOKZM.jpg HTTP/2.0" 404 3551 "-" "Mozilla/5.0 (Windows NT 10.0; Win64; x64) AppleWebKit/537.36 (KHTML, like Gecko) Chrome/109.0.0.0 Safari/537.36"
3.126.202.245 - - [06/Mar/2025:10:00:23 +0100] "GET /Jurek/topeshop/downloaded_images/5902838461440_profilll.jpg HTTP/2.0" 404 3551 "-" "Mozilla/5.0 (Windows NT 10.0; Win64; x64) AppleWebKit/537.36 (KHTML, like Gecko) Chrome/109.0.0.0 Safari/537.36"
18.157.125.26 - - [06/Mar/2025:10:00:23 +0100] "GET /Jurek/topeshop/downloaded_images/5902838461372_S33BIELBOKBRY%C5%81KA.jpg HTTP/2.0" 404 3551 "-" "Mozilla/5.0 (Windows NT 10.0; Win64; x64) AppleWebKit/537.36 (KHTML, like Gecko) Chrome/109.0.0.0 Safari/537.36"
3.126.202.245 - - [06/Mar/2025:10:00:23 +0100] "GET /Jurek/topeshop/downloaded_images/5902838467848_profiloweartisan43.jpg HTTP/2.0" 404 3551 "-" "Mozilla/5.0 (Windows NT 10.0; Win64; x64) AppleWebKit/537.36 (KHTML, like Gecko) Chrome/109.0.0.0 Safari/537.36"
3.74.7.74 - - [06/Mar/2025:10:00:23 +0100] "GET /Jurek/topeshop/downloaded_images/5902838461334_S30BIELBOKBRY%C5%81KA.jpg HTTP/2.0" 404 3551 "-" "Mozilla/5.0 (Windows NT 10.0; Win64; x64) AppleWebKit/537.36 (KHTML, like Gecko) Chrome/109.0.0.0 Safari/537.36"
3.126.202.245 - - [06/Mar/2025:10:00:23 +0100] "GET /Jurek/topeshop/downloaded_images/5902838461389_S40SONOMABRY%C5%81KABOKZM.jpg HTTP/2.0" 404 3551 "-" "Mozilla/5.0 (Windows NT 10.0; Win64; x64) AppleWebKit/537.36 (KHTML, like Gecko) Chrome/109.0.0.0 Safari/537.36"
3.126.202.245 - - [06/Mar/2025:10:00:24 +0100] "GET /Jurek/topeshop/downloaded_images/5902838467817_profilowee.jpg HTTP/2.0" 404 3551 "-" "Mozilla/5.0 (Windows NT 10.0; Win64; x64) AppleWebKit/537.36 (KHTML, like Gecko) Chrome/109.0.0.0 Safari/537.36"
3.126.202.245 - - [06/Mar/2025:10:00:24 +0100] "GET /Jurek/topeshop/downloaded_images/5902838467466_2.jpg HTTP/2.0" 404 3551 "-" "Mozilla/5.0 (Windows NT 10.0; Win64; x64) AppleWebKit/537.36 (KHTML, like Gecko) Chrome/109.0.0.0 Safari/537.36"
3.126.202.245 - - [06/Mar/2025:10:00:24 +0100] "GET /Jurek/topeshop/downloaded_images/5902838466520_ROmana_bry%C5%82y_F_C_b0005.jpg HTTP/2.0" 404 3551 "-" "Mozilla/5.0 (Windows NT 10.0; Win64; x64) AppleWebKit/537.36 (KHTML, like Gecko) Chrome/109.0.0.0 Safari/537.36"
85.14.86.141 - - [06/Mar/2025:10:00:25 +0100] "GET /Jurek/vida_morele/feeds/VidaPL_all.xml HTTP/2.0" 200 689782645 "-" "MarketplaceAPI curl/7.64.0 PHP/8"
18.157.125.26 - - [06/Mar/2025:10:00:25 +0100] "GET /Jurek/topeshop/downloaded_images/5904507205324_S30ANTRACYTBOKBRY%C5%81KA.jpg HTTP/2.0" 404 3551 "-" "Mozilla/5.0 (Windows NT 10.0; Win64; x64) AppleWebKit/537.36 (KHTML, like Gecko) Chrome/109.0.0.0 Safari/537.36"
66.211.183.70 - - [06/Mar/2025:10:00:40 +0100] "GET /Jurek/eurofirany/images/432644/0.jpg HTTP/1.1" 200 85309 "-" "scalaj-http/2.4.2"
52.17.80.36 - - [06/Mar/2025:10:00:47 +0100] "GET /marketplaces/ubaldi/results/ubaldi.csv HTTP/1.1" 200 147219 "-" "Mirakl HttpClient"
66.249.69.171 - - [06/Mar/2025:10:00:49 +0100] "GET /Jurek/eurofirany/images/383336/7.jpg HTTP/1.1" 200 46202 "-" "Googlebot-Image/1.0"
89.161.206.59 - - [06/Mar/2025:10:01:06 +0100] "GET /Jurek/hdwr/feeds/hdwr_skroutz.xml HTTP/1.0" 200 789432 "-" "-"
46.101.116.244 - - [06/Mar/2025:10:01:09 +0100] "GET /Jurek/aw/feeds/aw_fnacfr.xml HTTP/1.0" 404 3551 "-" "-"
89.161.206.59 - - [06/Mar/2025:10:01:09 +0100] "GET /Jurek/waks/feeds/waks_skroutz.xml HTTP/1.0" 200 1592587 "-" "-"
89.161.206.59 - - [06/Mar/2025:10:01:25 +0100] "GET /Jurek/pagmil/feeds/pagmil_skroutz.xml HTTP/1.0" 200 1802870 "-" "-"
46.101.116.244 - - [06/Mar/2025:10:01:28 +0100] "GET /Filip/feeds/xlsx_ceneo.xml HTTP/1.0" 200 6241376 "-" "-"
89.161.206.59 - - [06/Mar/2025:10:01:28 +0100] "GET /Jurek/kambukka/feeds/kambukka_skroutz.xml HTTP/1.0" 200 1046868 "-" "-"
89.161.206.59 - - [06/Mar/2025:10:01:29 +0100] "GET /Jurek/muminky/feeds/muminky_skroutz.xml HTTP/1.0" 200 2270383 "-" "-"
89.161.206.59 - - [06/Mar/2025:10:01:29 +0100] "GET /Jurek/benetech/feeds/benetech_skroutz.xml HTTP/1.0" 200 2689606 "-" "-"
89.161.206.59 - - [06/Mar/2025:10:01:38 +0100] "GET /Jurek/sempler/feeds/sempler_skroutz.xml HTTP/1.0" 200 6787906 "-" "-"
89.161.206.59 - - [06/Mar/2025:10:01:39 +0100] "GET /Jurek/targethome/feeds/targethome_skroutz.xml HTTP/1.0" 200 688632 "-" "-"
89.161.206.59 - - [06/Mar/2025:10:01:41 +0100] "GET /Jurek/pupus/feeds/pupus_skroutz.xml HTTP/1.0" 200 6154672 "-" "-"
66.211.183.70 - - [06/Mar/2025:10:01:50 +0100] "GET /Jurek/eurofirany/images/409910/0.jpg HTTP/1.1" 200 84953 "-" "scalaj-http/2.4.2"
52.209.168.113 - - [06/Mar/2025:10:02:26 +0100] "GET /marketplaces/rue/results/rue.csv HTTP/1.1" 200 147219 "-" "Mirakl HttpClient"
85.14.86.141 - - [06/Mar/2025:10:02:41 +0100] "GET /Jurek/kinghoff/feeds/kinghoff_morele.xml HTTP/2.0" 200 15138576 "-" "MarketplaceAPI curl/7.64.0 PHP/8"
193.33.8.61 - - [06/Mar/2025:10:02:57 +0100] "GET /Jurek/action/feeds/action_zero.xml HTTP/1.1" 200 56343475 "-" "python-requests/2.31.0"
193.33.8.61 - - [06/Mar/2025:10:03:00 +0100] "GET /Jurek/activeshop/feeds/activeshop_zero.xml HTTP/1.1" 200 10458167 "-" "python-requests/2.31.0"
193.33.8.61 - - [06/Mar/2025:10:03:01 +0100] "GET /Jurek/andex/feeds/andex_zero.xml HTTP/1.1" 200 1953179 "-" "python-requests/2.31.0"
193.33.8.61 - - [06/Mar/2025:10:03:02 +0100] "GET /Jurek/b3/feeds/b3_zero.xml HTTP/1.1" 200 7416640 "-" "python-requests/2.31.0"
193.33.8.61 - - [06/Mar/2025:10:03:02 +0100] "GET /Jurek/barbecook/feeds/barbecook_zero.xml HTTP/1.1" 200 87544 "-" "python-requests/2.31.0"
193.33.8.61 - - [06/Mar/2025:10:03:04 +0100] "GET /Jurek/bass_new/feeds/bass_new_zero.xml HTTP/1.1" 200 6844840 "-" "python-requests/2.31.0"
193.33.8.61 - - [06/Mar/2025:10:03:05 +0100] "GET /Jurek/benbaby/feeds/benbaby_zero.xml HTTP/1.1" 200 3778812 "-" "python-requests/2.31.0"
193.33.8.61 - - [06/Mar/2025:10:03:05 +0100] "GET /Jurek/bimboland/feeds/bimboland_zero.xml HTTP/1.1" 200 2494289 "-" "python-requests/2.31.0"
66.211.183.72 - - [06/Mar/2025:10:03:15 +0100] "GET /Jurek/eurofirany/images/407884/0.jpg HTTP/1.1" 200 101459 "-" "scalaj-http/2.4.2"
193.33.8.61 - - [06/Mar/2025:10:03:16 +0100] "GET /Jurek/chemex/feeds/chemex_zero.xml HTTP/1.1" 200 47819491 "-" "python-requests/2.31.0"
193.33.8.61 - - [06/Mar/2025:10:03:17 +0100] "GET /Jurek/emibig/feeds/emibig.xml HTTP/1.1" 200 2522825 "-" "python-requests/2.31.0"
193.33.8.61 - - [06/Mar/2025:10:03:18 +0100] "GET /Jurek/fernity/feeds/fernity_zero.xml HTTP/1.1" 200 5224825 "-" "python-requests/2.31.0"
193.33.8.61 - - [06/Mar/2025:10:03:23 +0100] "GET /Jurek/ikonka/feeds/ikonka_zero.xml HTTP/1.1" 200 21456081 "-" "python-requests/2.31.0"
66.211.183.74 - - [06/Mar/2025:10:03:24 +0100] "GET /Jurek/eurofirany/images/390047/0.jpg HTTP/1.1" 200 162081 "-" "scalaj-http/2.4.2"
193.33.8.61 - - [06/Mar/2025:10:03:24 +0100] "GET /Jurek/kinghome/feeds/kinghome_velomarket.xml HTTP/1.1" 200 5786726 "-" "python-requests/2.31.0"
193.33.8.61 - - [06/Mar/2025:10:03:24 +0100] "GET /Jurek/livinhill/feeds/livinhill_zero.xml HTTP/1.1" 200 1427464 "-" "python-requests/2.31.0"
193.33.8.61 - - [06/Mar/2025:10:03:25 +0100] "GET /Jurek/ml_meble/feeds/ml_meble_zero.xml HTTP/1.1" 200 890888 "-" "python-requests/2.31.0"
193.33.8.61 - - [06/Mar/2025:10:03:27 +0100] "GET /Jurek/rovicky/feeds/rovicky_zero.xml HTTP/1.1" 200 14171158 "-" "python-requests/2.31.0"
193.33.8.61 - - [06/Mar/2025:10:03:28 +0100] "GET /Jurek/stema/feeds/stema_zero.xml HTTP/1.1" 200 838816 "-" "python-requests/2.31.0"
193.33.8.61 - - [06/Mar/2025:10:03:28 +0100] "GET /Jurek/twm/feeds/twm-allegro.xml HTTP/1.1" 200 1389903 "-" "python-requests/2.31.0"
193.33.8.61 - - [06/Mar/2025:10:03:37 +0100] "GET /Jurek/topeshop/feeds/ HTTP/2.0" 200 3772 "-" "Mozilla/5.0 (Windows NT 10.0; Win64; x64) AppleWebKit/537.36 (KHTML, like Gecko) Chrome/133.0.0.0 Safari/537.36"
89.161.206.59 - - [06/Mar/2025:10:03:41 +0100] "GET /Jurek/eurofryz3/feeds/eurofryz3_skroutz.xml HTTP/1.0" 200 172223 "-" "-"
193.33.8.61 - - [06/Mar/2025:10:03:43 +0100] "GET /Jurek/unimet/feeds/unimet_zero.xml HTTP/1.1" 200 60199329 "-" "python-requests/2.31.0"
193.33.8.61 - - [06/Mar/2025:10:03:44 +0100] "GET /Jurek/vivaldi/feeds/vivaldi.xml HTTP/1.1" 200 344518 "-" "python-requests/2.31.0"
89.161.206.59 - - [06/Mar/2025:10:03:48 +0100] "GET /Jurek/hlo/feeds/hlo_skroutz.xml HTTP/1.0" 200 4838838 "-" "-"
193.33.8.61 - - [06/Mar/2025:10:03:53 +0100] "GET /Jurek/hurtownia_przemyslowa/feeds/hp_zero.xml HTTP/1.1" 200 49550504 "-" "python-requests/2.31.0"
85.14.86.141 - - [06/Mar/2025:10:04:03 +0100] "GET /Jurek/eurofirany/feeds/eurofirany_morele.xml HTTP/2.0" 200 19131612 "-" "MarketplaceAPI curl/7.64.0 PHP/8"
193.33.8.61 - - [06/Mar/2025:10:04:09 +0100] "GET /Jurek/aw/feeds/awnarzedzia_zero.xml HTTP/1.1" 200 90212223 "-" "python-requests/2.31.0"
89.161.206.59 - - [06/Mar/2025:10:04:13 +0100] "GET /Jurek/euroshop/feeds/euroshop_skroutz.xml HTTP/1.0" 200 18188307 "-" "-"
89.161.206.59 - - [06/Mar/2025:10:04:15 +0100] "GET /Jurek/hanex/feeds/hanex_skroutz.xml HTTP/1.0" 200 13931496 "-" "-"
193.33.8.61 - - [06/Mar/2025:10:04:18 +0100] "GET /Jurek/beliani/feeds/beliani_allegro.xml HTTP/1.1" 200 31805053 "-" "python-requests/2.31.0"
193.33.8.61 - - [06/Mar/2025:10:04:21 +0100] "GET /Jurek/eurofirany/feeds/eurofirany_zero.xml HTTP/1.1" 200 19125694 "-" "python-requests/2.31.0"
193.33.8.61 - - [06/Mar/2025:10:04:22 +0100] "GET /Jurek/topeshop/feeds/topeshop_ebayDE.xml HTTP/2.0" 200 1252508 "https://konsola.dkkapusta1997.usermd.net/" "Mozilla/5.0 (Windows NT 10.0; Win64; x64) AppleWebKit/537.36 (KHTML, like Gecko) Chrome/133.0.0.0 Safari/537.36"
85.14.86.141 - - [06/Mar/2025:10:04:24 +0100] "GET /Jurek/vivaldi/feeds/vivaldi_Morele-PL.xml HTTP/2.0" 200 344674 "-" "MarketplaceAPI curl/7.64.0 PHP/8"
193.33.8.61 - - [06/Mar/2025:10:04:24 +0100] "GET /Jurek/kinghoff/feeds/kinghoff_zero.xml HTTP/1.1" 200 15138420 "-" "python-requests/2.31.0"
77.79.248.229 - - [06/Mar/2025:10:04:29 +0100] "GET /Jurek/topeshop/feeds/topeshop_ebayDE.xml HTTP/1.1" 200 1252508 "-" "Python-urllib/3.11"
66.211.183.72 - - [06/Mar/2025:10:04:37 +0100] "GET /Jurek/eurofirany/images/409902/0.jpg HTTP/1.1" 200 188678 "-" "scalaj-http/2.4.2"
66.211.183.74 - - [06/Mar/2025:10:05:11 +0100] "GET /Jurek/eurofirany/images/438610/0.jpg HTTP/1.1" 200 114177 "-" "scalaj-http/2.4.2"
66.211.183.73 - - [06/Mar/2025:10:05:18 +0100] "GET /Jurek/eurofirany/images/390041/0.jpg HTTP/1.1" 200 184060 "-" "scalaj-http/2.4.2"
193.33.8.61 - - [06/Mar/2025:10:05:19 +0100] "GET /Jurek/topeshop/feeds/topeshop_zero.xml HTTP/1.1" 200 2450579 "-" "python-requests/2.31.0"
193.33.8.61 - - [06/Mar/2025:10:05:24 +0100] "GET /Jurek/OLD/OLDtim/feeds/tim_ceneo1.xml HTTP/1.1" 200 26723085 "-" "python-requests/2.31.0"
193.33.8.61 - - [06/Mar/2025:10:05:29 +0100] "GET /Jurek/OLD/OLDtim/feeds/tim_ceneo2.xml HTTP/1.1" 200 27669729 "-" "python-requests/2.31.0"
193.33.8.61 - - [06/Mar/2025:10:05:34 +0100] "GET /Jurek/OLD/OLDtim/feeds/tim_ceneo3.xml HTTP/1.1" 200 23934618 "-" "python-requests/2.31.0"
193.33.8.61 - - [06/Mar/2025:10:05:34 +0100] "GET /Jurek/amzteam/feeds/amzteam_zero.xml HTTP/1.1" 200 97829 "-" "python-requests/2.31.0"
193.33.8.61 - - [06/Mar/2025:10:05:36 +0100] "GET /Jurek/swiatecznygoliat/feeds/swiatecznygoliat_zero.xml HTTP/1.1" 200 7052035 "-" "python-requests/2.31.0"
193.33.8.61 - - [06/Mar/2025:10:05:36 +0100] "GET /Jurek/kambukka/feeds/kambukka_zero.xml HTTP/1.1" 200 1046617 "-" "python-requests/2.31.0"
193.33.8.61 - - [06/Mar/2025:10:05:41 +0100] "GET /Jurek/artdog/feeds/artdog_zero.xml HTTP/1.1" 200 16919141 "-" "python-requests/2.31.0"
193.33.8.61 - - [06/Mar/2025:10:05:41 +0100] "GET /Jurek/slayo/feeds/slayo_zero.xml HTTP/1.1" 200 183612 "-" "python-requests/2.31.0"
193.33.8.61 - - [06/Mar/2025:10:05:42 +0100] "GET /Jurek/mosti/feeds/mosti_zero.xml HTTP/1.1" 200 4627995 "-" "python-requests/2.31.0"
193.33.8.61 - - [06/Mar/2025:10:05:44 +0100] "GET /Jurek/hurtmeblowy/feeds/hurtmeblowy_zero.xml HTTP/1.1" 200 8023678 "-" "python-requests/2.31.0"
193.33.8.61 - - [06/Mar/2025:10:05:44 +0100] "GET /Jurek/biokominki/feeds/biokominki_zero.xml HTTP/1.1" 200 1422226 "-" "python-requests/2.31.0"
193.33.8.61 - - [06/Mar/2025:10:05:45 +0100] "GET /Jurek/narzbud/feeds/narzbud_zero.xml HTTP/1.1" 200 1957689 "-" "python-requests/2.31.0"
193.33.8.61 - - [06/Mar/2025:10:05:47 +0100] "GET /Jurek/ekuchcikowo/feeds/ekuchcikowo_zero.xml HTTP/1.1" 200 13488281 "-" "python-requests/2.31.0"
193.33.8.61 - - [06/Mar/2025:10:05:47 +0100] "GET /Jurek/cbdgreen/feeds/cbdgreen_zero.xml HTTP/1.1" 200 50537 "-" "python-requests/2.31.0"
193.33.8.61 - - [06/Mar/2025:10:05:48 +0100] "GET /Jurek/benetech/feeds/benetech_zero.xml HTTP/1.1" 200 4165209 "-" "python-requests/2.31.0"
193.33.8.61 - - [06/Mar/2025:10:05:49 +0100] "GET /Jurek/oromed/feeds/oromed_zero.xml HTTP/1.1" 200 1023481 "-" "python-requests/2.31.0"
193.33.8.61 - - [06/Mar/2025:10:05:49 +0100] "GET /Jurek/fertone/feeds/fertone_zero.xml HTTP/1.1" 200 596602 "-" "python-requests/2.31.0"
85.14.86.141 - - [06/Mar/2025:10:05:49 +0100] "GET /Jurek/vida_morele/feeds/VidaPL_morele.xml HTTP/2.0" 200 689783261 "-" "MarketplaceAPI curl/7.64.0 PHP/8"
193.33.8.61 - - [06/Mar/2025:10:05:49 +0100] "GET /Jurek/pawonik/feeds/pawonik_zero.xml HTTP/1.1" 200 2585990 "-" "python-requests/2.31.0"
193.33.8.61 - - [06/Mar/2025:10:05:50 +0100] "GET /Jurek/pagmil/feeds/pagmil_zero.xml HTTP/1.1" 200 1802798 "-" "python-requests/2.31.0"
193.33.8.61 - - [06/Mar/2025:10:05:50 +0100] "GET /Jurek/targethome/feeds/targethome_zero.xml HTTP/1.1" 200 688537 "-" "python-requests/2.31.0"
193.33.8.61 - - [06/Mar/2025:10:05:50 +0100] "GET /Jurek/hdwr/feeds/hdwr_zero.xml HTTP/1.1" 200 789473 "-" "python-requests/2.31.0"
85.14.86.141 - - [06/Mar/2025:10:05:52 +0100] "GET /Jurek/aw/feeds/awnarzedzia_morele.xml HTTP/2.0" 200 90248115 "-" "MarketplaceAPI curl/7.64.0 PHP/8"
193.33.8.61 - - [06/Mar/2025:10:05:57 +0100] "GET /Jurek/eroplace/feeds/eroplace_zero.xml HTTP/1.1" 200 31322768 "-" "python-requests/2.31.0"
193.33.8.61 - - [06/Mar/2025:10:05:59 +0100] "GET /Jurek/winoszarnia/feeds/winoszarnia_zero.xml HTTP/1.1" 200 6140270 "-" "python-requests/2.31.0"
193.33.8.61 - - [06/Mar/2025:10:06:00 +0100] "GET /Jurek/sempler/feeds/sempler_zero.xml HTTP/1.1" 200 6787819 "-" "python-requests/2.31.0"
193.33.8.61 - - [06/Mar/2025:10:06:00 +0100] "GET /Jurek/waks/feeds/waks_zero.xml HTTP/1.1" 200 1592726 "-" "python-requests/2.31.0"
193.33.8.61 - - [06/Mar/2025:10:06:00 +0100] "GET /Jurek/candellux/feeds/candellux_new_zero.xml HTTP/1.1" 200 465685 "-" "python-requests/2.31.0"
193.33.8.61 - - [06/Mar/2025:10:06:01 +0100] "GET /Jurek/rovato/feeds/rovato_zero.xml HTTP/1.1" 200 180791 "-" "python-requests/2.31.0"
193.33.8.61 - - [06/Mar/2025:10:06:01 +0100] "GET /Jurek/velinda/feeds/velinda_zero.xml HTTP/1.1" 200 23439 "-" "python-requests/2.31.0"
193.33.8.61 - - [06/Mar/2025:10:06:01 +0100] "GET /Jurek/drops/feeds/dropsofficecolection_zero.xml HTTP/1.1" 200 790548 "-" "python-requests/2.31.0"
193.33.8.61 - - [06/Mar/2025:10:06:02 +0100] "GET /Jurek/ralmetal/feeds/ralmetal_zero.xml HTTP/1.1" 200 1808743 "-" "python-requests/2.31.0"
193.33.8.61 - - [06/Mar/2025:10:06:03 +0100] "GET /Jurek/eoptimo/feeds/eoptimo_zero.xml HTTP/1.1" 200 2094561 "-" "python-requests/2.31.0"
193.33.8.61 - - [06/Mar/2025:10:06:07 +0100] "GET /Jurek/euroshop/feeds/euroshop_zero.xml HTTP/1.1" 200 18184335 "-" "python-requests/2.31.0"
66.211.183.71 - - [06/Mar/2025:10:06:07 +0100] "GET /Jurek/eurofirany/images/432024/0.jpg HTTP/1.1" 200 65372 "-" "scalaj-http/2.4.2"
193.33.8.61 - - [06/Mar/2025:10:06:14 +0100] "GET /Jurek/coppotech/feeds/coppotech_zero.xml HTTP/1.1" 200 38053427 "-" "python-requests/2.31.0"
193.33.8.61 - - [06/Mar/2025:10:06:14 +0100] "GET /Jurek/szpaklampy/feeds/szpaklampy_zero.xml HTTP/1.1" 200 388330 "-" "python-requests/2.31.0"
193.33.8.61 - - [06/Mar/2025:10:06:15 +0100] "GET /Jurek/galopi/feeds/galopi_zero.xml HTTP/1.1" 200 2110845 "-" "python-requests/2.31.0"
193.33.8.61 - - [06/Mar/2025:10:06:15 +0100] "GET /Jurek/galopibhp/feeds/galopibhp_zero.xml HTTP/1.1" 200 1972838 "-" "python-requests/2.31.0"
89.161.206.59 - - [06/Mar/2025:10:06:16 +0100] "GET /Jurek/oromed/feeds/oromed_skroutz.xml HTTP/1.0" 200 1023415 "-" "-"
89.161.206.59 - - [06/Mar/2025:10:06:17 +0100] "GET /Jurek/ralmetal/feeds/ralmetal_skroutz.xml HTTP/1.0" 200 1808562 "-" "-"
85.14.86.141 - - [06/Mar/2025:10:06:18 +0100] "GET /Jurek/beliani/feeds/beliani_morele.xml HTTP/2.0" 200 31806703 "-" "MarketplaceAPI curl/7.64.0 PHP/8"
46.101.116.244 - - [06/Mar/2025:10:06:27 +0100] "GET /Jurek/aw/feeds/aw_fnacfr.xml HTTP/1.0" 404 3551 "-" "-"
89.161.206.59 - - [06/Mar/2025:10:06:27 +0100] "GET /Jurek/narzbud/feeds/narzbud_skroutz.xml HTTP/1.0" 200 1958348 "-" "-"
89.161.206.59 - - [06/Mar/2025:10:06:27 +0100] "GET /Jurek/drops/feeds/dropsofficecolection_skroutz.xml HTTP/1.0" 200 790620 "-" "-"
89.161.206.59 - - [06/Mar/2025:10:06:28 +0100] "GET /Jurek/szpaklampy/feeds/szpaklampy_skroutz.xml HTTP/1.0" 200 388243 "-" "-"
46.101.116.244 - - [06/Mar/2025:10:06:45 +0100] "GET /Filip/feeds/xlsx_ceneo.xml HTTP/1.0" 200 6241376 "-" "-"
193.33.8.61 - - [06/Mar/2025:10:06:53 +0100] "GET /Jurek/topeshop/downloaded_images/5904507201876_KUBABIURKOBRY%C5%81KAANTRACYTBOKZM.jpg HTTP/2.0" 404 3551 "-" "Mozilla/5.0 (Windows NT 10.0; Win64; x64) AppleWebKit/537.36 (KHTML, like Gecko) Chrome/133.0.0.0 Safari/537.36"
193.33.8.61 - - [06/Mar/2025:10:07:07 +0100] "GET /Jurek/topeshop/downloaded_images/5904507201876_KUBABIURKOBRY%C5%81KAANTRACYTBOKOT.jpg HTTP/2.0" 404 3551 "-" "Mozilla/5.0 (Windows NT 10.0; Win64; x64) AppleWebKit/537.36 (KHTML, like Gecko) Chrome/133.0.0.0 Safari/537.36"
193.33.8.61 - - [06/Mar/2025:10:07:25 +0100] "GET /Jurek/topeshop/downloaded_images/5904507201876_KUBABIURKOBRY%C5%81KAANTRACYTFRONTZM.jpg HTTP/2.0" 404 3551 "-" "Mozilla/5.0 (Windows NT 10.0; Win64; x64) AppleWebKit/537.36 (KHTML, like Gecko) Chrome/133.0.0.0 Safari/537.36"
66.211.183.73 - - [06/Mar/2025:10:07:25 +0100] "GET /Jurek/eurofirany/images/402858/0.jpg HTTP/1.1" 200 81898 "-" "scalaj-http/2.4.2"
193.33.8.61 - - [06/Mar/2025:10:07:27 +0100] "GET /Jurek/intsell/feeds/intsell_zero.xml HTTP/1.1" 200 338789211 "-" "python-requests/2.31.0"
193.33.8.61 - - [06/Mar/2025:10:07:33 +0100] "GET /Jurek/ekolight/feeds/ekolight_zero.xml HTTP/1.1" 200 9050304 "-" "python-requests/2.31.0"
193.33.8.61 - - [06/Mar/2025:10:07:34 +0100] "GET /Jurek/asortymenteu/feeds/asortymenteu_zero.xml HTTP/1.1" 200 2592352 "-" "python-requests/2.31.0"
193.33.8.61 - - [06/Mar/2025:10:07:37 +0100] "GET /Jurek/victoria/feeds/victoria_zero.xml HTTP/1.1" 200 15500595 "-" "python-requests/2.31.0"
193.33.8.61 - - [06/Mar/2025:10:07:39 +0100] "GET /Jurek/eurofryz/feeds/eurofryz_zero.xml HTTP/1.1" 200 1381543 "-" "python-requests/2.31.0"
193.33.8.61 - - [06/Mar/2025:10:07:39 +0100] "GET /Jurek/bisanti/feeds/bisanti_zero.xml HTTP/1.1" 200 1142115 "-" "python-requests/2.31.0"
193.33.8.61 - - [06/Mar/2025:10:07:42 +0100] "GET /Jurek/edruk/feeds/edruk_zero.xml HTTP/1.1" 200 13629217 "-" "python-requests/2.31.0"
193.33.8.61 - - [06/Mar/2025:10:07:42 +0100] "GET /Jurek/spali/feeds/spali_zero.xml HTTP/1.1" 200 77060 "-" "python-requests/2.31.0"
193.33.8.61 - - [06/Mar/2025:10:07:42 +0100] "GET /Jurek/combine/feeds/combine_zero.xml HTTP/1.1" 200 210561 "-" "python-requests/2.31.0"
193.33.8.61 - - [06/Mar/2025:10:07:46 +0100] "GET /Jurek/kidshop/feeds/kidshop_zero.xml HTTP/1.1" 200 19840309 "-" "python-requests/2.31.0"
193.33.8.61 - - [06/Mar/2025:10:07:48 +0100] "GET /Jurek/maksik/feeds/maksik_zero.xml HTTP/1.1" 200 4084532 "-" "python-requests/2.31.0"
193.33.8.61 - - [06/Mar/2025:10:07:49 +0100] "GET /Jurek/najtanszysport/feeds/najtanszysport_zero.xml HTTP/1.1" 200 3983328 "-" "python-requests/2.31.0"
193.33.8.61 - - [06/Mar/2025:10:07:49 +0100] "GET /Jurek/reman/feeds/reman_zero.xml HTTP/1.1" 200 1394848 "-" "python-requests/2.31.0"
193.33.8.61 - - [06/Mar/2025:10:07:51 +0100] "GET /Jurek/urwiskowo/feeds/urwiskowo_zero.xml HTTP/1.1" 200 9112967 "-" "python-requests/2.31.0"
193.33.8.61 - - [06/Mar/2025:10:07:51 +0100] "GET /Jurek/zenga/feeds/zenga_zero.xml HTTP/1.1" 200 222850 "-" "python-requests/2.31.0"
66.211.183.71 - - [06/Mar/2025:10:07:57 +0100] "GET /Jurek/eurofirany/images/438700/0.jpg HTTP/1.1" 200 105392 "-" "scalaj-http/2.4.2"
193.33.8.61 - - [06/Mar/2025:10:08:18 +0100] "GET /Jurek/awparts/feeds/awparts_zero.xml HTTP/1.1" 200 142339103 "-" "python-requests/2.31.0"
193.33.8.61 - - [06/Mar/2025:10:08:23 +0100] "GET /Jurek/eurofryz3/feeds/eurofryz3_zero.xml HTTP/1.1" 200 172220 "-" "python-requests/2.31.0"
193.33.8.61 - - [06/Mar/2025:10:08:23 +0100] "GET /Jurek/eurofryz2/feeds/eurofryz2_zero.xml HTTP/1.1" 200 1376421 "-" "python-requests/2.31.0"
193.33.8.61 - - [06/Mar/2025:10:08:27 +0100] "GET /Jurek/motofan/feeds/motofan_zero.xml HTTP/1.1" 200 2391704 "-" "python-requests/2.31.0"
193.33.8.61 - - [06/Mar/2025:10:08:28 +0100] "GET /Jurek/antiodor/feeds/antiodor_zero.xml HTTP/1.1" 200 137768 "-" "python-requests/2.31.0"
193.33.8.61 - - [06/Mar/2025:10:08:28 +0100] "GET /Jurek/qbox/feeds/qbox_zero.xml HTTP/1.1" 200 398778 "-" "python-requests/2.31.0"
193.33.8.61 - - [06/Mar/2025:10:08:29 +0100] "GET /Jurek/elecomp/feeds/elecomp_zero.xml HTTP/1.1" 200 2869405 "-" "python-requests/2.31.0"
66.211.183.71 - - [06/Mar/2025:10:08:44 +0100] "GET /Jurek/eurofirany/images/387474/0.jpg HTTP/1.1" 200 189766 "-" "scalaj-http/2.4.2"
193.33.8.61 - - [06/Mar/2025:10:08:55 +0100] "GET /Jurek/german/feeds/german_zero.xml HTTP/1.1" 200 4791600 "-" "python-requests/2.31.0"
193.33.8.61 - - [06/Mar/2025:10:08:57 +0100] "GET /Jurek/wenom/feeds/wenom_zero.xml HTTP/1.1" 200 583188 "-" "python-requests/2.31.0"
193.33.8.61 - - [06/Mar/2025:10:08:58 +0100] "GET /Jurek/aiofactory/feeds/aiofactory_zero.xml HTTP/1.1" 200 2123521 "-" "python-requests/2.31.0"
193.33.8.61 - - [06/Mar/2025:10:08:59 +0100] "GET /Jurek/pastelnitka/feeds/pastelnitka_zero.xml HTTP/1.1" 200 1827916 "-" "python-requests/2.31.0"
193.33.8.61 - - [06/Mar/2025:10:09:04 +0100] "GET /Jurek/erohurtownia/feeds/erohurtownia_zero.xml HTTP/1.1" 200 22848639 "-" "python-requests/2.31.0"
66.211.183.74 - - [06/Mar/2025:10:09:05 +0100] "GET /Jurek/eurofirany/images/402762/0.jpg HTTP/1.1" 200 63314 "-" "scalaj-http/2.4.2"
193.33.8.61 - - [06/Mar/2025:10:09:05 +0100] "GET /Jurek/kobi/feeds/kobi_zero.xml HTTP/1.1" 200 1993271 "-" "python-requests/2.31.0"
193.33.8.61 - - [06/Mar/2025:10:09:06 +0100] "GET /Jurek/medisleep/feeds/medisleep_zero.xml HTTP/1.1" 200 910923 "-" "python-requests/2.31.0"
66.249.69.171 - - [06/Mar/2025:10:09:15 +0100] "GET /Jurek/eurofirany/images/374446/1.jpg HTTP/1.1" 200 96441 "-" "Googlebot-Image/1.0"
66.211.183.73 - - [06/Mar/2025:10:09:16 +0100] "GET /Jurek/eurofirany/images/441951/0.jpg HTTP/1.1" 200 128320 "-" "scalaj-http/2.4.2"
77.79.248.229 - - [06/Mar/2025:10:10:04 +0100] "GET /Jurek/ikonka/feeds/ikonka_cdon_se.xml HTTP/1.1" 200 21458897 "-" "python-requests/2.32.3"
77.79.248.229 - - [06/Mar/2025:10:10:04 +0100] "GET /Jurek/ikonka/feeds/ikonka_cdon_dk.xml HTTP/1.1" 200 21458840 "-" "python-requests/2.32.3"
77.79.248.229 - - [06/Mar/2025:10:10:04 +0100] "GET /Jurek/ikonka/feeds/ikonka_cdon_fi.xml HTTP/1.1" 200 21456734 "-" "python-requests/2.32.3"
77.79.248.229 - - [06/Mar/2025:10:10:09 +0100] "GET /Jurek/rovicky/feeds/rovicky_cdonSE.xml HTTP/1.1" 200 14177041 "-" "python-requests/2.32.3"
77.79.248.229 - - [06/Mar/2025:10:10:09 +0100] "GET /Jurek/rovicky/feeds/rovicky_cdonDK.xml HTTP/1.1" 200 14176720 "-" "python-requests/2.32.3"
77.79.248.229 - - [06/Mar/2025:10:10:10 +0100] "GET /Jurek/rovicky/feeds/rovicky_cdonFI.xml HTTP/1.1" 200 14171693 "-" "python-requests/2.32.3"
77.79.248.229 - - [06/Mar/2025:10:10:10 +0100] "GET /Jurek/benbaby/feeds/benbaby_cdon_se.xml HTTP/1.1" 200 3782043 "-" "python-requests/2.32.3"
77.79.248.229 - - [06/Mar/2025:10:10:10 +0100] "GET /Jurek/benbaby/feeds/benbaby_cdon_dk.xml HTTP/1.1" 200 3782001 "-" "python-requests/2.32.3"
77.79.248.229 - - [06/Mar/2025:10:10:10 +0100] "GET /Jurek/benbaby/feeds/benbaby_cdon_fi.xml HTTP/1.1" 200 3779336 "-" "python-requests/2.32.3"
77.79.248.229 - - [06/Mar/2025:10:10:10 +0100] "GET /Jurek/candellux/feeds/candellux_cdon_se.xml HTTP/1.1" 200 466166 "-" "python-requests/2.32.3"
77.79.248.229 - - [06/Mar/2025:10:10:10 +0100] "GET /Jurek/candellux/feeds/candellux_cdon_dk.xml HTTP/1.1" 200 466129 "-" "python-requests/2.32.3"
77.79.248.229 - - [06/Mar/2025:10:10:10 +0100] "GET /Jurek/candellux/feeds/candellux_cdon_fi.xml HTTP/1.1" 200 465745 "-" "python-requests/2.32.3"
77.79.248.229 - - [06/Mar/2025:10:10:12 +0100] "GET /Jurek/hurtownia_przemyslowa/feeds/hp_cdon_se.xml HTTP/1.1" 200 49568740 "-" "python-requests/2.32.3"
77.79.248.229 - - [06/Mar/2025:10:10:14 +0100] "GET /Jurek/hurtownia_przemyslowa/feeds/hp_cdon_dk.xml HTTP/1.1" 200 49567071 "-" "python-requests/2.32.3"
77.79.248.229 - - [06/Mar/2025:10:10:15 +0100] "GET /Jurek/hurtownia_przemyslowa/feeds/hp_cdon_fi.xml HTTP/1.1" 200 49553827 "-" "python-requests/2.32.3"
77.79.248.229 - - [06/Mar/2025:10:10:15 +0100] "GET /Jurek/topeshop/feeds/topeshop_cdon_se.xml HTTP/1.1" 200 2451113 "-" "python-requests/2.32.3"
77.79.248.229 - - [06/Mar/2025:10:10:15 +0100] "GET /Jurek/topeshop/feeds/topeshop_cdon_dk.xml HTTP/1.1" 200 2450936 "-" "python-requests/2.32.3"
77.79.248.229 - - [06/Mar/2025:10:10:15 +0100] "GET /Jurek/topeshop/feeds/topeshop_cdon_fi.xml HTTP/1.1" 200 2450461 "-" "python-requests/2.32.3"
77.79.248.229 - - [06/Mar/2025:10:10:15 +0100] "GET /Jurek/asortymenteu/feeds/asortymenteu_cdon_se.xml HTTP/1.1" 200 2593702 "-" "python-requests/2.32.3"
77.79.248.229 - - [06/Mar/2025:10:10:16 +0100] "GET /Jurek/asortymenteu/feeds/asortymenteu_cdon_dk.xml HTTP/1.1" 200 2593686 "-" "python-requests/2.32.3"
77.79.248.229 - - [06/Mar/2025:10:10:16 +0100] "GET /Jurek/asortymenteu/feeds/asortymenteu_cdon_fi.xml HTTP/1.1" 200 2592748 "-" "python-requests/2.32.3"
77.79.248.229 - - [06/Mar/2025:10:10:16 +0100] "GET /Jurek/fernity/feeds/fernity_cdon_se.xml HTTP/1.1" 200 5227600 "-" "python-requests/2.32.3"
77.79.248.229 - - [06/Mar/2025:10:10:16 +0100] "GET /Jurek/fernity/feeds/fernity_cdon_dk.xml HTTP/1.1" 200 5227111 "-" "python-requests/2.32.3"
77.79.248.229 - - [06/Mar/2025:10:10:16 +0100] "GET /Jurek/fernity/feeds/fernity_cdon_fi.xml HTTP/1.1" 200 5224124 "-" "python-requests/2.32.3"
77.79.248.229 - - [06/Mar/2025:10:10:18 +0100] "GET /Jurek/aw/feeds/awnarzedzia_cdon_se.xml HTTP/1.1" 200 90326341 "-" "python-requests/2.32.3"
77.79.248.229 - - [06/Mar/2025:10:10:20 +0100] "GET /Jurek/aw/feeds/awnarzedzia_cdon_dk.xml HTTP/1.1" 200 90320871 "-" "python-requests/2.32.3"
77.79.248.229 - - [06/Mar/2025:10:10:21 +0100] "GET /Jurek/aw/feeds/awnarzedzia_cdon_fi.xml HTTP/1.1" 200 90237792 "-" "python-requests/2.32.3"
77.79.248.229 - - [06/Mar/2025:10:10:21 +0100] "GET /Jurek/activeshop/feeds/activeshop_cdon_se.xml HTTP/1.1" 200 10462499 "-" "python-requests/2.32.3"
77.79.248.229 - - [06/Mar/2025:10:10:21 +0100] "GET /Jurek/activeshop/feeds/activeshop_cdon_dk.xml HTTP/1.1" 200 10462121 "-" "python-requests/2.32.3"
77.79.248.229 - - [06/Mar/2025:10:10:21 +0100] "GET /Jurek/activeshop/feeds/activeshop_cdon_fi.xml HTTP/1.1" 200 10458493 "-" "python-requests/2.32.3"
77.79.248.229 - - [06/Mar/2025:10:10:22 +0100] "GET /Jurek/ikonka/feeds/ikonka_cdon_se.xml HTTP/1.1" 200 21458897 "-" "python-requests/2.32.3"
77.79.248.229 - - [06/Mar/2025:10:10:22 +0100] "GET /Jurek/ikonka/feeds/ikonka_cdon_dk.xml HTTP/1.1" 200 21458840 "-" "python-requests/2.32.3"
77.79.248.229 - - [06/Mar/2025:10:10:23 +0100] "GET /Jurek/ikonka/feeds/ikonka_cdon_fi.xml HTTP/1.1" 200 21456734 "-" "python-requests/2.32.3"
77.79.248.229 - - [06/Mar/2025:10:10:23 +0100] "GET /Jurek/swiatecznygoliat/feeds/swiatecznygoliat_cdon_se.xml HTTP/1.1" 200 7056936 "-" "python-requests/2.32.3"
77.79.248.229 - - [06/Mar/2025:10:10:23 +0100] "GET /Jurek/swiatecznygoliat/feeds/swiatecznygoliat_cdon_dk.xml HTTP/1.1" 200 7056896 "-" "python-requests/2.32.3"
77.79.248.229 - - [06/Mar/2025:10:10:23 +0100] "GET /Jurek/swiatecznygoliat/feeds/swiatecznygoliat_cdon_fi.xml HTTP/1.1" 200 7054400 "-" "python-requests/2.32.3"
77.79.248.229 - - [06/Mar/2025:10:10:23 +0100] "GET /Jurek/slayo/feeds/slayo_cdon_se.xml HTTP/1.1" 200 183632 "-" "python-requests/2.32.3"
77.79.248.229 - - [06/Mar/2025:10:10:23 +0100] "GET /Jurek/slayo/feeds/slayo_cdon_dk.xml HTTP/1.1" 200 183631 "-" "python-requests/2.32.3"
77.79.248.229 - - [06/Mar/2025:10:10:23 +0100] "GET /Jurek/slayo/feeds/slayo_cdon_fi.xml HTTP/1.1" 200 183613 "-" "python-requests/2.32.3"
77.79.248.229 - - [06/Mar/2025:10:10:24 +0100] "GET /Jurek/bass/feeds/bass_cdon_se.xml HTTP/1.1" 200 3986990 "-" "python-requests/2.32.3"
77.79.248.229 - - [06/Mar/2025:10:10:24 +0100] "GET /Jurek/bass/feeds/bass_cdon_dk.xml HTTP/1.1" 200 3986728 "-" "python-requests/2.32.3"
77.79.248.229 - - [06/Mar/2025:10:10:24 +0100] "GET /Jurek/bass/feeds/bass_cdon_fi.xml HTTP/1.1" 200 3985332 "-" "python-requests/2.32.3"
77.79.248.229 - - [06/Mar/2025:10:10:24 +0100] "GET /Jurek/benetech/feeds/benetech_cdon_se.xml HTTP/1.1" 200 4165705 "-" "python-requests/2.32.3"
77.79.248.229 - - [06/Mar/2025:10:10:24 +0100] "GET /Jurek/benetech/feeds/benetech_cdon_dk.xml HTTP/1.1" 200 4165666 "-" "python-requests/2.32.3"
77.79.248.229 - - [06/Mar/2025:10:10:24 +0100] "GET /Jurek/benetech/feeds/benetech_cdon_fi.xml HTTP/1.1" 200 4165332 "-" "python-requests/2.32.3"
77.79.248.229 - - [06/Mar/2025:10:10:24 +0100] "GET /Jurek/waks/feeds/waks_cdon_se.xml HTTP/1.1" 200 1594729 "-" "python-requests/2.32.3"
77.79.248.229 - - [06/Mar/2025:10:10:24 +0100] "GET /Jurek/waks/feeds/waks_cdon_dk.xml HTTP/1.1" 200 1594580 "-" "python-requests/2.32.3"
77.79.248.229 - - [06/Mar/2025:10:10:24 +0100] "GET /Jurek/waks/feeds/waks_cdon_fi.xml HTTP/1.1" 200 1592623 "-" "python-requests/2.32.3"
77.79.248.229 - - [06/Mar/2025:10:10:24 +0100] "GET /Jurek/kambukka/feeds/kambukka_cdon_se.xml HTTP/1.1" 200 1047150 "-" "python-requests/2.32.3"
77.79.248.229 - - [06/Mar/2025:10:10:24 +0100] "GET /Jurek/kambukka/feeds/kambukka_cdon_dk.xml HTTP/1.1" 200 1047158 "-" "python-requests/2.32.3"
77.79.248.229 - - [06/Mar/2025:10:10:24 +0100] "GET /Jurek/kambukka/feeds/kambukka_cdon_fi.xml HTTP/1.1" 200 1046871 "-" "python-requests/2.32.3"
77.79.248.229 - - [06/Mar/2025:10:10:24 +0100] "GET /Jurek/hdwr/feeds/hdwr_cdon_se.xml HTTP/1.1" 200 789716 "-" "python-requests/2.32.3"
77.79.248.229 - - [06/Mar/2025:10:10:24 +0100] "GET /Jurek/hdwr/feeds/hdwr_cdon_dk.xml HTTP/1.1" 200 789668 "-" "python-requests/2.32.3"
77.79.248.229 - - [06/Mar/2025:10:10:24 +0100] "GET /Jurek/hdwr/feeds/hdwr_cdon_fi.xml HTTP/1.1" 200 789444 "-" "python-requests/2.32.3"
77.79.248.229 - - [06/Mar/2025:10:10:24 +0100] "GET /Jurek/pagmil/feeds/pagmil_cdon_se.xml HTTP/1.1" 200 1803274 "-" "python-requests/2.32.3"
77.79.248.229 - - [06/Mar/2025:10:10:24 +0100] "GET /Jurek/pagmil/feeds/pagmil_cdon_dk.xml HTTP/1.1" 200 1803283 "-" "python-requests/2.32.3"
77.79.248.229 - - [06/Mar/2025:10:10:24 +0100] "GET /Jurek/pagmil/feeds/pagmil_cdon_fi.xml HTTP/1.1" 200 1802873 "-" "python-requests/2.32.3"
77.79.248.229 - - [06/Mar/2025:10:10:24 +0100] "GET /Jurek/targethome/feeds/targethome_cdon_se.xml HTTP/1.1" 200 688758 "-" "python-requests/2.32.3"
77.79.248.229 - - [06/Mar/2025:10:10:24 +0100] "GET /Jurek/targethome/feeds/targethome_cdon_dk.xml HTTP/1.1" 200 688709 "-" "python-requests/2.32.3"
77.79.248.229 - - [06/Mar/2025:10:10:25 +0100] "GET /Jurek/targethome/feeds/targethome_cdon_fi.xml HTTP/1.1" 200 688623 "-" "python-requests/2.32.3"
77.79.248.229 - - [06/Mar/2025:10:10:25 +0100] "GET /Jurek/eroplace/feeds/eroplace_cdon_se.xml HTTP/1.1" 200 31335646 "-" "python-requests/2.32.3"
77.79.248.229 - - [06/Mar/2025:10:10:25 +0100] "GET /Jurek/eroplace/feeds/eroplace_cdon_dk.xml HTTP/1.1" 200 31334944 "-" "python-requests/2.32.3"
185.6.76.18 - - [06/Mar/2025:10:10:26 +0100] "GET /marketplaces/skroutz/feeds/shumee.xml HTTP/1.1" 200 348201642 "-" "SkroutzBot v1.0"
77.79.248.229 - - [06/Mar/2025:10:10:26 +0100] "GET /Jurek/eroplace/feeds/eroplace_cdon_fi.xml HTTP/1.1" 200 31322320 "-" "python-requests/2.32.3"
77.79.248.229 - - [06/Mar/2025:10:10:26 +0100] "GET /Jurek/artdog/feeds/artdog_cdon_se.xml HTTP/1.1" 200 16930673 "-" "python-requests/2.32.3"
77.79.248.229 - - [06/Mar/2025:10:10:26 +0100] "GET /Jurek/artdog/feeds/artdog_cdon_dk.xml HTTP/1.1" 200 16927397 "-" "python-requests/2.32.3"
77.79.248.229 - - [06/Mar/2025:10:10:26 +0100] "GET /Jurek/artdog/feeds/artdog_cdon_fi.xml HTTP/1.1" 200 16922995 "-" "python-requests/2.32.3"
77.79.248.229 - - [06/Mar/2025:10:10:26 +0100] "GET /Jurek/sempler/feeds/sempler_cdon_se.xml HTTP/1.1" 200 6789177 "-" "python-requests/2.32.3"
77.79.248.229 - - [06/Mar/2025:10:10:26 +0100] "GET /Jurek/sempler/feeds/sempler_cdon_dk.xml HTTP/1.1" 200 6789087 "-" "python-requests/2.32.3"
77.79.248.229 - - [06/Mar/2025:10:10:27 +0100] "GET /Jurek/sempler/feeds/sempler_cdon_fi.xml HTTP/1.1" 200 6787913 "-" "python-requests/2.32.3"
77.79.248.229 - - [06/Mar/2025:10:10:27 +0100] "GET /Jurek/oromed/feeds/oromed_cdon_se.xml HTTP/1.1" 200 1023604 "-" "python-requests/2.32.3"
77.79.248.229 - - [06/Mar/2025:10:10:27 +0100] "GET /Jurek/oromed/feeds/oromed_cdon_dk.xml HTTP/1.1" 200 1023578 "-" "python-requests/2.32.3"
77.79.248.229 - - [06/Mar/2025:10:10:27 +0100] "GET /Jurek/oromed/feeds/oromed_cdon_fi.xml HTTP/1.1" 200 1023415 "-" "python-requests/2.32.3"
77.79.248.229 - - [06/Mar/2025:10:10:27 +0100] "GET /Jurek/hurtmeblowy/feeds/hurtmeblowy_cdon_se.xml HTTP/1.1" 200 8025426 "-" "python-requests/2.32.3"
77.79.248.229 - - [06/Mar/2025:10:10:27 +0100] "GET /Jurek/hurtmeblowy/feeds/hurtmeblowy_cdon_dk.xml HTTP/1.1" 200 8024866 "-" "python-requests/2.32.3"
77.79.248.229 - - [06/Mar/2025:10:10:27 +0100] "GET /Jurek/hurtmeblowy/feeds/hurtmeblowy_cdon_fi.xml HTTP/1.1" 200 8023396 "-" "python-requests/2.32.3"
77.79.248.229 - - [06/Mar/2025:10:10:27 +0100] "GET /Jurek/narzbud/feeds/narzbud_cdon_se.xml HTTP/1.1" 200 1959233 "-" "python-requests/2.32.3"
77.79.248.229 - - [06/Mar/2025:10:10:27 +0100] "GET /Jurek/narzbud/feeds/narzbud_cdon_dk.xml HTTP/1.1" 200 1959235 "-" "python-requests/2.32.3"
77.79.248.229 - - [06/Mar/2025:10:10:27 +0100] "GET /Jurek/narzbud/feeds/narzbud_cdon_fi.xml HTTP/1.1" 200 1958340 "-" "python-requests/2.32.3"
77.79.248.229 - - [06/Mar/2025:10:10:27 +0100] "GET /Jurek/livinhill/feeds/livinhill_cdon_se.xml HTTP/1.1" 200 1449742 "-" "python-requests/2.32.3"
77.79.248.229 - - [06/Mar/2025:10:10:27 +0100] "GET /Jurek/livinhill/feeds/livinhill_cdon_dk.xml HTTP/1.1" 200 1449688 "-" "python-requests/2.32.3"
77.79.248.229 - - [06/Mar/2025:10:10:27 +0100] "GET /Jurek/livinhill/feeds/livinhill_cdon_fi.xml HTTP/1.1" 200 1449236 "-" "python-requests/2.32.3"
77.79.248.229 - - [06/Mar/2025:10:10:28 +0100] "GET /Jurek/ekuchcikowo/feeds/ekuchcikowo_cdon_se.xml HTTP/1.1" 200 13490253 "-" "python-requests/2.32.3"
77.79.248.229 - - [06/Mar/2025:10:10:28 +0100] "GET /Jurek/ekuchcikowo/feeds/ekuchcikowo_cdon_dk.xml HTTP/1.1" 200 13490019 "-" "python-requests/2.32.3"
77.79.248.229 - - [06/Mar/2025:10:10:28 +0100] "GET /Jurek/ekuchcikowo/feeds/ekuchcikowo_cdon_fi.xml HTTP/1.1" 200 13487654 "-" "python-requests/2.32.3"
77.79.248.229 - - [06/Mar/2025:10:10:28 +0100] "GET /Jurek/fertone/feeds/fertone_cdon_se.xml HTTP/1.1" 200 597162 "-" "python-requests/2.32.3"
77.79.248.229 - - [06/Mar/2025:10:10:28 +0100] "GET /Jurek/fertone/feeds/fertone_cdon_dk.xml HTTP/1.1" 200 596988 "-" "python-requests/2.32.3"
77.79.248.229 - - [06/Mar/2025:10:10:28 +0100] "GET /Jurek/fertone/feeds/fertone_cdon_fi.xml HTTP/1.1" 200 596801 "-" "python-requests/2.32.3"
77.79.248.229 - - [06/Mar/2025:10:10:28 +0100] "GET /Jurek/ekolight/feeds/ekolioght_cdon_se.xml HTTP/1.1" 200 9055593 "-" "python-requests/2.32.3"
77.79.248.229 - - [06/Mar/2025:10:10:28 +0100] "GET /Jurek/ekolight/feeds/ekolioght_cdon_dk.xml HTTP/1.1" 200 9054858 "-" "python-requests/2.32.3"
77.79.248.229 - - [06/Mar/2025:10:10:28 +0100] "GET /Jurek/ekolight/feeds/ekolioght_cdon_fi.xml HTTP/1.1" 200 9051729 "-" "python-requests/2.32.3"
77.79.248.229 - - [06/Mar/2025:10:10:29 +0100] "GET /Jurek/cbdgreen/feeds/cbdgreen_cdon_se.xml HTTP/1.1" 200 50548 "-" "python-requests/2.32.3"
77.79.248.229 - - [06/Mar/2025:10:10:29 +0100] "GET /Jurek/cbdgreen/feeds/cbdgreen_cdon_dk.xml HTTP/1.1" 200 50548 "-" "python-requests/2.32.3"
77.79.248.229 - - [06/Mar/2025:10:10:29 +0100] "GET /Jurek/cbdgreen/feeds/cbdgreen_cdon_fi.xml HTTP/1.1" 200 50540 "-" "python-requests/2.32.3"
77.79.248.229 - - [06/Mar/2025:10:10:29 +0100] "GET /Jurek/pawonik/feeds/pawonik_cdon_se.xml HTTP/1.1" 200 2586576 "-" "python-requests/2.32.3"
77.79.248.229 - - [06/Mar/2025:10:10:29 +0100] "GET /Jurek/pawonik/feeds/pawonik_cdon_dk.xml HTTP/1.1" 200 2586524 "-" "python-requests/2.32.3"
77.79.248.229 - - [06/Mar/2025:10:10:29 +0100] "GET /Jurek/pawonik/feeds/pawonik_cdon_fi.xml HTTP/1.1" 200 2586119 "-" "python-requests/2.32.3"
77.79.248.229 - - [06/Mar/2025:10:10:29 +0100] "GET /Jurek/mosti/feeds/mosti_cdon_se.xml HTTP/1.1" 200 4634953 "-" "python-requests/2.32.3"
77.79.248.229 - - [06/Mar/2025:10:10:29 +0100] "GET /Jurek/mosti/feeds/mosti_cdon_dk.xml HTTP/1.1" 200 4635004 "-" "python-requests/2.32.3"
77.79.248.229 - - [06/Mar/2025:10:10:29 +0100] "GET /Jurek/mosti/feeds/mosti_cdon_fi.xml HTTP/1.1" 200 4633551 "-" "python-requests/2.32.3"
77.79.248.229 - - [06/Mar/2025:10:10:29 +0100] "GET /Jurek/winoszarnia/feeds/winoszarnia_cdon_se.xml HTTP/1.1" 200 6143418 "-" "python-requests/2.32.3"
77.79.248.229 - - [06/Mar/2025:10:10:29 +0100] "GET /Jurek/winoszarnia/feeds/winoszarnia_cdon_dk.xml HTTP/1.1" 200 6143351 "-" "python-requests/2.32.3"
77.79.248.229 - - [06/Mar/2025:10:10:29 +0100] "GET /Jurek/winoszarnia/feeds/winoszarnia_cdon_fi.xml HTTP/1.1" 200 6141917 "-" "python-requests/2.32.3"
77.79.248.229 - - [06/Mar/2025:10:10:29 +0100] "GET /Jurek/bass_new/feeds/bass_cdon_se.xml HTTP/1.1" 200 7043183 "-" "python-requests/2.32.3"
77.79.248.229 - - [06/Mar/2025:10:10:29 +0100] "GET /Jurek/bass_new/feeds/bass_cdon_dk.xml HTTP/1.1" 200 7042998 "-" "python-requests/2.32.3"
77.79.248.229 - - [06/Mar/2025:10:10:30 +0100] "GET /Jurek/bass_new/feeds/bass_cdon_fi.xml HTTP/1.1" 200 7041071 "-" "python-requests/2.32.3"
77.79.248.229 - - [06/Mar/2025:10:10:30 +0100] "GET /Jurek/pupus/feeds/pupus_cdon_se.xml HTTP/1.1" 200 6156628 "-" "python-requests/2.32.3"
77.79.248.229 - - [06/Mar/2025:10:10:30 +0100] "GET /Jurek/pupus/feeds/pupus_cdon_dk.xml HTTP/1.1" 200 6156489 "-" "python-requests/2.32.3"
77.79.248.229 - - [06/Mar/2025:10:10:30 +0100] "GET /Jurek/pupus/feeds/pupus_cdon_fi.xml HTTP/1.1" 200 6154644 "-" "python-requests/2.32.3"
66.211.183.70 - - [06/Mar/2025:10:10:52 +0100] "GET /Jurek/topeshop/downloaded_images/5902838461129_1_Sonoma_mix.png HTTP/1.1" 404 3551 "-" "scalaj-http/2.4.2"
66.211.183.73 - - [06/Mar/2025:10:11:17 +0100] "GET /Jurek/eurofirany/images/463596/0.jpg HTTP/1.1" 200 0 "-" "scalaj-http/2.4.2"
193.33.8.61 - - [06/Mar/2025:10:11:55 +0100] "GET /Jurek/naszedzieci/feeds/naszedzieci_zero.xml HTTP/1.1" 200 833367804 "-" "python-requests/2.31.0"
193.33.8.61 - - [06/Mar/2025:10:12:09 +0100] "GET /Jurek/twojsklep/feeds/twojsklep_zero.xml HTTP/1.1" 200 126718 "-" "python-requests/2.31.0"
193.33.8.61 - - [06/Mar/2025:10:12:14 +0100] "GET /Jurek/beltimore/feeds/beltimore_zero.xml HTTP/1.1" 200 18650128 "-" "python-requests/2.31.0"
193.33.8.61 - - [06/Mar/2025:10:12:14 +0100] "GET /Jurek/pasiekaslodka/feeds/pasiekaslodka_zero.xml HTTP/1.1" 200 119674 "-" "python-requests/2.31.0"
193.33.8.61 - - [06/Mar/2025:10:12:15 +0100] "GET /Jurek/smxdesign/feeds/smxdesign_zero.xml HTTP/1.1" 200 1828962 "-" "python-requests/2.31.0"
193.33.8.61 - - [06/Mar/2025:10:12:15 +0100] "GET /Jurek/madrex/feeds/madrex_zero.xml HTTP/1.1" 200 466692 "-" "python-requests/2.31.0"
193.33.8.61 - - [06/Mar/2025:10:12:15 +0100] "GET /Jurek/domzapachy/feeds/domzapachy_zero.xml HTTP/1.1" 200 179566 "-" "python-requests/2.31.0"
193.33.8.61 - - [06/Mar/2025:10:12:15 +0100] "GET /Jurek/drewdon/feeds/drewdon_zero.xml HTTP/1.1" 200 504498 "-" "python-requests/2.31.0"
193.33.8.61 - - [06/Mar/2025:10:12:16 +0100] "GET /Jurek/dekoele/feeds/dekoele_zero.xml HTTP/1.1" 200 733932 "-" "python-requests/2.31.0"
193.33.8.61 - - [06/Mar/2025:10:12:16 +0100] "GET /Jurek/dekornatort/feeds/dekornatort_zero.xml HTTP/1.1" 200 225669 "-" "python-requests/2.31.0"
66.211.183.74 - - [06/Mar/2025:10:12:17 +0100] "GET /Jurek/eurofirany/images/423204/0.jpg HTTP/1.1" 200 0 "-" "scalaj-http/2.4.2"
193.33.8.61 - - [06/Mar/2025:10:12:17 +0100] "GET /Jurek/topeshop/feeds/topeshop_xxxlutz.xml HTTP/2.0" 200 2450288 "https://konsola.dkkapusta1997.usermd.net/" "Mozilla/5.0 (Windows NT 10.0; Win64; x64) AppleWebKit/537.36 (KHTML, like Gecko) Chrome/133.0.0.0 Safari/537.36"
193.33.8.61 - - [06/Mar/2025:10:12:19 +0100] "GET /Jurek/luxma/feeds/luxma_zero.xml HTTP/1.1" 200 8058883 "-" "python-requests/2.31.0"
193.33.8.61 - - [06/Mar/2025:10:12:20 +0100] "GET /Jurek/emaja24/feeds/emaja24_zero.xml HTTP/1.1" 200 5106012 "-" "python-requests/2.31.0"
46.101.116.244 - - [06/Mar/2025:10:12:20 +0100] "GET /Jurek/aw/feeds/aw_fnacfr.xml HTTP/1.0" 404 3551 "-" "-"
77.79.248.229 - - [06/Mar/2025:10:12:22 +0100] "GET /Jurek/topeshop/feeds/topeshop_xxxlutz.xml HTTP/1.1" 200 2450288 "-" "Python-urllib/3.11"
193.33.8.61 - - [06/Mar/2025:10:12:22 +0100] "GET /Jurek/dekopan/feeds/dekopan_zero.xml HTTP/1.1" 200 12269600 "-" "python-requests/2.31.0"
193.33.8.61 - - [06/Mar/2025:10:12:25 +0100] "GET /Jurek/rider/feeds/rider_zero.xml HTTP/1.1" 200 8164624 "-" "python-requests/2.31.0"
193.33.8.61 - - [06/Mar/2025:10:12:31 +0100] "GET /Jurek/zepnij/feeds/zepnij_zero.xml HTTP/1.1" 200 19522193 "-" "python-requests/2.31.0"
193.33.8.61 - - [06/Mar/2025:10:12:32 +0100] "GET /Jurek/pupus/feeds/pupus_zero.xml HTTP/1.1" 200 6153466 "-" "python-requests/2.31.0"
193.33.8.61 - - [06/Mar/2025:10:12:37 +0100] "GET /Jurek/primohurt/feeds/primohurt_zero.xml HTTP/1.1" 200 17187336 "-" "python-requests/2.31.0"
193.33.8.61 - - [06/Mar/2025:10:12:38 +0100] "GET /Jurek/lgbtshop/feeds/lgbtshop_zero.xml HTTP/1.1" 200 219191 "-" "python-requests/2.31.0"
193.33.8.61 - - [06/Mar/2025:10:12:38 +0100] "GET /Jurek/evil/feeds/evil_zero.xml HTTP/1.1" 200 306335 "-" "python-requests/2.31.0"
46.101.116.244 - - [06/Mar/2025:10:12:40 +0100] "GET /Filip/feeds/xlsx_ceneo.xml HTTP/1.0" 200 6241376 "-" "-"
193.33.8.61 - - [06/Mar/2025:10:12:49 +0100] "GET /Jurek/harmonypost/feeds/harmonypost_zero.xml HTTP/1.1" 200 39915831 "-" "python-requests/2.31.0"
193.33.8.61 - - [06/Mar/2025:10:12:50 +0100] "GET /Jurek/bentivolio/feeds/bentivolio_zero.xml HTTP/1.1" 200 2541199 "-" "python-requests/2.31.0"
193.33.8.61 - - [06/Mar/2025:10:12:51 +0100] "GET /Jurek/eldar/feeds/eldar_zero.xml HTTP/1.1" 200 7322142 "-" "python-requests/2.31.0"
193.33.8.61 - - [06/Mar/2025:10:13:05 +0100] "GET /Jurek/dropkz/feeds/dropkz_zero.xml HTTP/1.1" 200 70017691 "-" "python-requests/2.31.0"
193.33.8.61 - - [06/Mar/2025:10:13:08 +0100] "GET /Jurek/straganspoz/feeds/straganspoz_zero.xml HTTP/1.1" 200 9511550 "-" "python-requests/2.31.0"
193.33.8.61 - - [06/Mar/2025:10:13:08 +0100] "GET /Jurek/sartrix/feeds/sartrix_zero.xml HTTP/1.1" 200 648953 "-" "python-requests/2.31.0"
193.33.8.61 - - [06/Mar/2025:10:13:09 +0100] "GET /Jurek/ekotex/feeds/ekotex_zero.xml HTTP/1.1" 200 197720 "-" "python-requests/2.31.0"
193.33.8.61 - - [06/Mar/2025:10:13:09 +0100] "GET /Jurek/globaldeli/feeds/globaldeli_zero.xml HTTP/1.1" 200 2589190 "-" "python-requests/2.31.0"
193.33.8.61 - - [06/Mar/2025:10:13:09 +0100] "GET /Jurek/expertauto/feeds/expertauto_zero.xml HTTP/1.1" 200 1159281 "-" "python-requests/2.31.0"
193.33.8.61 - - [06/Mar/2025:10:13:09 +0100] "GET /Jurek/wezer/feeds/wezer_zero.xml HTTP/1.1" 200 210954 "-" "python-requests/2.31.0"
193.33.8.61 - - [06/Mar/2025:10:13:10 +0100] "GET /Jurek/sternhoff/feeds/sternhoff_zero.xml HTTP/1.1" 200 1775170 "-" "python-requests/2.31.0"
193.33.8.61 - - [06/Mar/2025:10:13:10 +0100] "GET /Jurek/shiori/feeds/shiori_zero.xml HTTP/1.1" 200 453684 "-" "python-requests/2.31.0"
193.33.8.61 - - [06/Mar/2025:10:13:23 +0100] "GET /Jurek/polzoo/feeds/polzoo_zero.xml HTTP/1.1" 200 48126562 "-" "python-requests/2.31.0"
193.33.8.61 - - [06/Mar/2025:10:13:24 +0100] "GET /Jurek/muminky/feeds/muminky_zero.xml HTTP/1.1" 200 2677774 "-" "python-requests/2.31.0"
193.33.8.61 - - [06/Mar/2025:10:13:25 +0100] "GET /Jurek/colibra/feeds/colibra_zero.xml HTTP/1.1" 200 2349911 "-" "python-requests/2.31.0"
193.33.8.61 - - [06/Mar/2025:10:13:28 +0100] "GET /Jurek/straganbiur/feeds/straganbiur_zero.xml HTTP/1.1" 200 8889423 "-" "python-requests/2.31.0"
193.33.8.61 - - [06/Mar/2025:10:13:29 +0100] "GET /Jurek/sklep24amk/feeds/sklep24amk_zero.xml HTTP/1.1" 200 3893974 "-" "python-requests/2.31.0"
193.33.8.61 - - [06/Mar/2025:10:13:44 +0100] "GET /Jurek/relogy/feeds/relogy_zero.xml HTTP/1.1" 200 66661067 "-" "python-requests/2.31.0"
193.33.8.61 - - [06/Mar/2025:10:13:45 +0100] "GET /Jurek/thinkleather/feeds/thinkleather_zero.xml HTTP/1.1" 200 173333 "-" "python-requests/2.31.0"
193.33.8.61 - - [06/Mar/2025:10:13:46 +0100] "GET /Jurek/victorpol/feeds/victorpol_zero.xml HTTP/1.1" 200 7221516 "-" "python-requests/2.31.0"
193.33.8.61 - - [06/Mar/2025:10:13:47 +0100] "GET /Jurek/lendo/feeds/lendo_zero.xml HTTP/1.1" 200 330376 "-" "python-requests/2.31.0"
193.33.8.61 - - [06/Mar/2025:10:13:47 +0100] "GET /Jurek/porzwkablach/feeds/porzwkablach_zero.xml HTTP/1.1" 200 1199867 "-" "python-requests/2.31.0"
193.33.8.61 - - [06/Mar/2025:10:13:47 +0100] "GET /Jurek/dekormanda/feeds/dekormanda_zero.xml HTTP/1.1" 200 130224 "-" "python-requests/2.31.0"
193.33.8.61 - - [06/Mar/2025:10:13:48 +0100] "GET /Jurek/techrebalina/feeds/techrebalina_zero.xml HTTP/1.1" 200 2011226 "-" "python-requests/2.31.0"
193.33.8.61 - - [06/Mar/2025:10:13:48 +0100] "GET /Jurek/techrebal/feeds/techrebal_zero.xml HTTP/1.1" 200 1989786 "-" "python-requests/2.31.0"
193.33.8.61 - - [06/Mar/2025:10:13:49 +0100] "GET /Jurek/photho/feeds/photho_zero.xml HTTP/1.1" 200 85046 "-" "python-requests/2.31.0"
193.33.8.61 - - [06/Mar/2025:10:13:49 +0100] "GET /Jurek/proparts/feeds/proparts_zero.xml HTTP/1.1" 200 707552 "-" "python-requests/2.31.0"
193.33.8.61 - - [06/Mar/2025:10:13:50 +0100] "GET /Jurek/kristronik/feeds/kristronik_zero.xml HTTP/1.1" 200 7229639 "-" "python-requests/2.31.0"
193.33.8.61 - - [06/Mar/2025:10:13:51 +0100] "GET /Jurek/matkam/feeds/matkam_zero.xml HTTP/1.1" 200 5001509 "-" "python-requests/2.31.0"
193.33.8.61 - - [06/Mar/2025:10:13:53 +0100] "GET /Jurek/hlo/feeds/hlo_zero.xml HTTP/1.1" 200 4836731 "-" "python-requests/2.31.0"
193.33.8.61 - - [06/Mar/2025:10:13:53 +0100] "GET /Jurek/snibbs/feeds/snibbs_zero.xml HTTP/1.1" 200 74399 "-" "python-requests/2.31.0"
193.33.8.61 - - [06/Mar/2025:10:13:53 +0100] "GET /Jurek/roger/feeds/roger_zero.xml HTTP/1.1" 200 1396408 "-" "python-requests/2.31.0"
193.33.8.61 - - [06/Mar/2025:10:13:53 +0100] "GET /Jurek/alucon/feeds/alucon_zero.xml HTTP/1.1" 200 553578 "-" "python-requests/2.31.0"
193.33.8.61 - - [06/Mar/2025:10:13:56 +0100] "GET /Jurek/playcob/feeds/playcob_zero.xml HTTP/1.1" 200 6980422 "-" "python-requests/2.31.0"
193.33.8.61 - - [06/Mar/2025:10:13:59 +0100] "GET /Jurek/hanex/feeds/hanex_zero.xml HTTP/1.1" 200 13931484 "-" "python-requests/2.31.0"
193.33.8.61 - - [06/Mar/2025:10:13:59 +0100] "GET /Jurek/nexus/feeds/nexus_zero.xml HTTP/1.1" 200 226648 "-" "python-requests/2.31.0"
193.33.8.61 - - [06/Mar/2025:10:14:00 +0100] "GET /Jurek/oknobest/feeds/oknobest_zero.xml HTTP/1.1" 200 2708174 "-" "python-requests/2.31.0"
193.33.8.61 - - [06/Mar/2025:10:14:00 +0100] "GET /Jurek/princelh/feeds/princelh_zero.xml HTTP/1.1" 200 133422 "-" "python-requests/2.31.0"
193.33.8.61 - - [06/Mar/2025:10:14:01 +0100] "GET /Jurek/golden/feeds/golden_zero.xml HTTP/1.1" 200 1101729 "-" "python-requests/2.31.0"
66.249.69.172 - - [06/Mar/2025:10:14:03 +0100] "GET /Jurek/eurofirany/images/372640/3.jpg HTTP/1.1" 200 69681 "-" "Googlebot-Image/1.0"
193.33.8.61 - - [06/Mar/2025:10:14:04 +0100] "GET /Jurek/sportprise/feeds/sportprise_zero.xml HTTP/1.1" 200 12726434 "-" "python-requests/2.31.0"
193.33.8.61 - - [06/Mar/2025:10:14:05 +0100] "GET /Jurek/elavia/feeds/elavia_zero.xml HTTP/1.1" 200 3720198 "-" "python-requests/2.31.0"
66.211.183.73 - - [06/Mar/2025:10:14:20 +0100] "GET /Jurek/eurofirany/images/423667/0.jpg HTTP/1.1" 200 68548 "-" "scalaj-http/2.4.2"
66.211.183.71 - - [06/Mar/2025:10:14:24 +0100] "GET /Jurek/eurofirany/images/398823/0.jpg HTTP/1.1" 200 28870 "-" "scalaj-http/2.4.2"
66.211.183.73 - - [06/Mar/2025:10:14:56 +0100] "GET /Jurek/eurofirany/images/372650/0.jpg HTTP/1.1" 200 72110 "-" "scalaj-http/2.4.2"
193.33.8.61 - - [06/Mar/2025:10:15:01 +0100] "GET /Jurek/primetech/feeds/primetech_zero.xml HTTP/1.1" 200 201529968 "-" "python-requests/2.31.0"
66.211.183.73 - - [06/Mar/2025:10:15:40 +0100] "GET /Jurek/topeshop/downloaded_images/5902838468487_1artisan.png HTTP/1.1" 404 3551 "-" "scalaj-http/2.4.2"
193.33.8.61 - - [06/Mar/2025:10:16:17 +0100] "GET /Jurek/hurtownia_przemyslowa/download/hurtownia_przemyslowa.xml HTTP/2.0" 200 11550720 "https://konsola.dkkapusta1997.usermd.net/" "Mozilla/5.0 (Windows NT 10.0; Win64; x64) AppleWebKit/537.36 (KHTML, like Gecko) Chrome/133.0.0.0 Safari/537.36"
