193.33.8.61 - - [06/Mar/2025:12:08:06 +0100] "GET /Jurek/topeshop/downloaded_images/5904507209391_profilowe.jpg HTTP/2.0" 404 3551 "-" "Mozilla/5.0 (Windows NT 10.0; Win64; x64) AppleWebKit/537.36 (KHTML, like Gecko) Chrome/133.0.0.0 Safari/537.36"
193.33.8.61 - - [06/Mar/2025:12:08:12 +0100] "GET /Jurek/topeshop/downloaded_images/5904507209391_1-1artisanorginal.png HTTP/2.0" 404 3551 "-" "Mozilla/5.0 (Windows NT 10.0; Win64; x64) AppleWebKit/537.36 (KHTML, like Gecko) Chrome/133.0.0.0 Safari/537.36"
91.206.37.14 - - [06/Mar/2025:12:08:13 +0100] "GET /Jurek/eurofirany/images/432130/0.jpg HTTP/2.0" 200 68100 "-" "EmagContentMedia/1.0.0"
91.206.37.14 - - [06/Mar/2025:12:08:13 +0100] "GET /Jurek/eurofirany/images/432130/1.jpg HTTP/2.0" 200 76522 "-" "EmagContentMedia/1.0.0"
91.206.37.14 - - [06/Mar/2025:12:08:14 +0100] "GET /Jurek/eurofirany/images/432130/2.jpg HTTP/2.0" 200 37658 "-" "EmagContentMedia/1.0.0"
91.206.37.14 - - [06/Mar/2025:12:08:14 +0100] "GET /Jurek/eurofirany/images/432130/3.jpg HTTP/2.0" 200 41137 "-" "EmagContentMedia/1.0.0"
91.206.37.14 - - [06/Mar/2025:12:08:14 +0100] "GET /Jurek/eurofirany/images/432130/4.jpg HTTP/2.0" 200 216938 "-" "EmagContentMedia/1.0.0"
91.206.37.14 - - [06/Mar/2025:12:08:14 +0100] "GET /Jurek/eurofirany/images/432130/5.jpg HTTP/2.0" 200 40049 "-" "EmagContentMedia/1.0.0"
91.206.37.14 - - [06/Mar/2025:12:08:15 +0100] "GET /Jurek/eurofirany/images/432130/6.jpg HTTP/2.0" 200 48592 "-" "EmagContentMedia/1.0.0"
193.33.8.61 - - [06/Mar/2025:12:08:17 +0100] "GET /Jurek/topeshop/downloaded_images/5904507209391_1.jpg HTTP/2.0" 404 3551 "-" "Mozilla/5.0 (Windows NT 10.0; Win64; x64) AppleWebKit/537.36 (KHTML, like Gecko) Chrome/133.0.0.0 Safari/537.36"
91.206.37.14 - - [06/Mar/2025:12:08:21 +0100] "GET /Jurek/eurofirany/images/458699/0.jpg HTTP/2.0" 200 87564 "-" "EmagContentMedia/1.0.0"
91.206.37.14 - - [06/Mar/2025:12:08:21 +0100] "GET /Jurek/eurofirany/images/458699/1.jpg HTTP/2.0" 200 58501 "-" "EmagContentMedia/1.0.0"
91.206.37.14 - - [06/Mar/2025:12:08:22 +0100] "GET /Jurek/eurofirany/images/458699/2.jpg HTTP/2.0" 200 49947 "-" "EmagContentMedia/1.0.0"
91.206.37.14 - - [06/Mar/2025:12:08:22 +0100] "GET /Jurek/eurofirany/images/458699/3.jpg HTTP/2.0" 200 53612 "-" "EmagContentMedia/1.0.0"
193.33.8.61 - - [06/Mar/2025:12:08:22 +0100] "GET /Jurek/topeshop/downloaded_images/5904507209391_3.jpg HTTP/2.0" 404 3551 "-" "Mozilla/5.0 (Windows NT 10.0; Win64; x64) AppleWebKit/537.36 (KHTML, like Gecko) Chrome/133.0.0.0 Safari/537.36"
91.206.37.14 - - [06/Mar/2025:12:08:22 +0100] "GET /Jurek/eurofirany/images/458699/4.jpg HTTP/2.0" 200 81160 "-" "EmagContentMedia/1.0.0"
91.206.37.14 - - [06/Mar/2025:12:08:22 +0100] "GET /Jurek/eurofirany/images/458699/5.jpg HTTP/2.0" 200 64926 "-" "EmagContentMedia/1.0.0"
91.206.37.14 - - [06/Mar/2025:12:08:23 +0100] "GET /Jurek/eurofirany/images/458699/6.jpg HTTP/2.0" 200 75283 "-" "EmagContentMedia/1.0.0"
193.33.8.61 - - [06/Mar/2025:12:08:27 +0100] "GET /Jurek/topeshop/downloaded_images/5904507209391_1-3ArtisanOrgina%C5%82.png HTTP/2.0" 404 3551 "-" "Mozilla/5.0 (Windows NT 10.0; Win64; x64) AppleWebKit/537.36 (KHTML, like Gecko) Chrome/133.0.0.0 Safari/537.36"
66.211.183.70 - - [06/Mar/2025:12:08:32 +0100] "GET /Jurek/eurofirany/images/390030/0.jpg HTTP/1.1" 200 166817 "-" "scalaj-http/2.4.2"
46.175.227.131 - - [06/Mar/2025:12:08:37 +0100] "GET /Jurek/hurtmeblowy/feeds/hurtmeblowy_bol.xml HTTP/2.0" 200 8023217 "https://konsola.dkkapusta1997.usermd.net/" "Mozilla/5.0 (Windows NT 10.0; Win64; x64) AppleWebKit/537.36 (KHTML, like Gecko) Chrome/133.0.0.0 Safari/537.36"
91.206.37.14 - - [06/Mar/2025:12:08:43 +0100] "GET /Jurek/eurofirany/images/419733/0.jpg HTTP/2.0" 200 89553 "-" "EmagContentMedia/1.0.0"
91.206.37.14 - - [06/Mar/2025:12:08:43 +0100] "GET /Jurek/eurofirany/images/419733/1.jpg HTTP/2.0" 200 50181 "-" "EmagContentMedia/1.0.0"
91.206.37.14 - - [06/Mar/2025:12:08:43 +0100] "GET /Jurek/eurofirany/images/419733/2.jpg HTTP/2.0" 200 138111 "-" "EmagContentMedia/1.0.0"
91.206.37.14 - - [06/Mar/2025:12:08:43 +0100] "GET /Jurek/eurofirany/images/419733/3.jpg HTTP/2.0" 200 111386 "-" "EmagContentMedia/1.0.0"
91.206.37.14 - - [06/Mar/2025:12:08:44 +0100] "GET /Jurek/eurofirany/images/419733/4.jpg HTTP/2.0" 200 90204 "-" "EmagContentMedia/1.0.0"
91.206.37.14 - - [06/Mar/2025:12:08:44 +0100] "GET /Jurek/eurofirany/images/419733/5.jpg HTTP/2.0" 200 145529 "-" "EmagContentMedia/1.0.0"
91.206.37.14 - - [06/Mar/2025:12:08:48 +0100] "GET /Jurek/eurofirany/images/410636/0.jpg HTTP/2.0" 200 155613 "-" "EmagContentMedia/1.0.0"
91.206.37.14 - - [06/Mar/2025:12:08:48 +0100] "GET /Jurek/eurofirany/images/410636/1.jpg HTTP/2.0" 200 62775 "-" "EmagContentMedia/1.0.0"
91.206.37.14 - - [06/Mar/2025:12:08:48 +0100] "GET /Jurek/eurofirany/images/410636/2.jpg HTTP/2.0" 200 106706 "-" "EmagContentMedia/1.0.0"
91.206.37.14 - - [06/Mar/2025:12:08:49 +0100] "GET /Jurek/eurofirany/images/410636/3.jpg HTTP/2.0" 200 149009 "-" "EmagContentMedia/1.0.0"
46.101.116.244 - - [06/Mar/2025:12:08:52 +0100] "GET /Jurek/activeshop/feeds/activeshop_mallsk.xml HTTP/2.0" 200 10458167 "-" "-"
91.206.37.14 - - [06/Mar/2025:12:08:55 +0100] "GET /Jurek/eurofirany/images/410634/0.jpg HTTP/2.0" 200 103557 "-" "EmagContentMedia/1.0.0"
91.206.37.14 - - [06/Mar/2025:12:08:55 +0100] "GET /Jurek/eurofirany/images/410634/1.jpg HTTP/2.0" 200 62775 "-" "EmagContentMedia/1.0.0"
91.206.37.14 - - [06/Mar/2025:12:08:55 +0100] "GET /Jurek/eurofirany/images/410634/2.jpg HTTP/2.0" 200 106706 "-" "EmagContentMedia/1.0.0"
91.206.37.14 - - [06/Mar/2025:12:08:56 +0100] "GET /Jurek/eurofirany/images/410634/3.jpg HTTP/2.0" 200 149009 "-" "EmagContentMedia/1.0.0"
66.211.183.72 - - [06/Mar/2025:12:09:00 +0100] "GET /Jurek/eurofirany/images/403202/0.jpg HTTP/1.1" 200 116687 "-" "scalaj-http/2.4.2"
77.79.248.229 - - [06/Mar/2025:12:09:07 +0100] "GET /Jurek/hurtmeblowy/feeds/hurtmeblowy_bol.xml HTTP/1.1" 200 8023217 "-" "Python-urllib/3.11"
34.90.109.47 - - [06/Mar/2025:12:09:40 +0100] "GET /Jurek/topeshop/downloaded_images/5902838469996_1-1BielOrginal.jpg HTTP/2.0" 200 95390 "-" "BolcomAssetFox/2.0"
35.204.156.102 - - [06/Mar/2025:12:09:40 +0100] "GET /Jurek/topeshop/downloaded_images/5902838469996_1-2bielorginal-1allegro.jpg HTTP/2.0" 200 97782 "-" "BolcomAssetFox/2.0"
35.204.156.102 - - [06/Mar/2025:12:09:40 +0100] "GET /Jurek/topeshop/downloaded_images/5902838469996_1-3bielOrgina%C5%82.jpg HTTP/2.0" 200 88912 "-" "BolcomAssetFox/2.0"
35.204.156.102 - - [06/Mar/2025:12:09:40 +0100] "GET /Jurek/topeshop/downloaded_images/5902838469996_1-2bielorginal.jpg HTTP/2.0" 200 95703 "-" "BolcomAssetFox/2.0"
91.206.37.14 - - [06/Mar/2025:12:09:42 +0100] "GET /Jurek/eurofirany/images/410638/0.jpg HTTP/2.0" 200 88699 "-" "EmagContentMedia/1.0.0"
91.206.37.14 - - [06/Mar/2025:12:09:43 +0100] "GET /Jurek/eurofirany/images/410638/1.jpg HTTP/2.0" 200 62775 "-" "EmagContentMedia/1.0.0"
91.206.37.14 - - [06/Mar/2025:12:09:43 +0100] "GET /Jurek/eurofirany/images/410638/2.jpg HTTP/2.0" 200 106706 "-" "EmagContentMedia/1.0.0"
91.206.37.14 - - [06/Mar/2025:12:09:43 +0100] "GET /Jurek/eurofirany/images/410638/3.jpg HTTP/2.0" 200 149009 "-" "EmagContentMedia/1.0.0"
185.6.76.18 - - [06/Mar/2025:12:10:49 +0100] "GET /marketplaces/skroutz/feeds/shumee.xml HTTP/1.1" 200 349108345 "-" "SkroutzBot v1.0"
3.126.202.245 - - [06/Mar/2025:12:11:08 +0100] "GET /Jurek/topeshop/downloaded_images/5902838464137_2.jpg HTTP/2.0" 404 3551 "-" "Mozilla/5.0 (Windows NT 10.0; Win64; x64) AppleWebKit/537.36 (KHTML, like Gecko) Chrome/109.0.0.0 Safari/537.36"
3.126.202.245 - - [06/Mar/2025:12:11:09 +0100] "GET /Jurek/topeshop/downloaded_images/5902838461099_1.png HTTP/2.0" 200 53894 "-" "Mozilla/5.0 (Windows NT 10.0; Win64; x64) AppleWebKit/537.36 (KHTML, like Gecko) Chrome/109.0.0.0 Safari/537.36"
3.126.202.245 - - [06/Mar/2025:12:11:09 +0100] "GET /Jurek/topeshop/downloaded_images/5902838468425_20_st.jpg HTTP/2.0" 200 86910 "-" "Mozilla/5.0 (Windows NT 10.0; Win64; x64) AppleWebKit/537.36 (KHTML, like Gecko) Chrome/109.0.0.0 Safari/537.36"
3.126.202.245 - - [06/Mar/2025:12:11:09 +0100] "GET /Jurek/topeshop/downloaded_images/5904507207434_20st_artisan_ant.jpg HTTP/2.0" 200 87981 "-" "Mozilla/5.0 (Windows NT 10.0; Win64; x64) AppleWebKit/537.36 (KHTML, like Gecko) Chrome/109.0.0.0 Safari/537.36"
3.126.202.245 - - [06/Mar/2025:12:11:09 +0100] "GET /Jurek/topeshop/downloaded_images/5904507201692_SZAFA_IGA_120_G%C5%81ADKI_FRONT_0001.png HTTP/2.0" 200 225772 "-" "Mozilla/5.0 (Windows NT 10.0; Win64; x64) AppleWebKit/537.36 (KHTML, like Gecko) Chrome/109.0.0.0 Safari/537.36"
3.126.202.245 - - [06/Mar/2025:12:11:09 +0100] "GET /Jurek/topeshop/downloaded_images/5902838469828_close_DD__nogi_bry%C5%82a.png HTTP/2.0" 200 360262 "-" "Mozilla/5.0 (Windows NT 10.0; Win64; x64) AppleWebKit/537.36 (KHTML, like Gecko) Chrome/109.0.0.0 Safari/537.36"
46.101.116.244 - - [06/Mar/2025:12:12:17 +0100] "GET /Jurek/action/feeds/action_mallskgs.xml HTTP/2.0" 200 56340561 "-" "-"
66.211.183.71 - - [06/Mar/2025:12:12:34 +0100] "GET /Jurek/eurofirany/images/383361/0.jpg HTTP/1.1" 200 73843 "-" "scalaj-http/2.4.2"
46.101.116.244 - - [06/Mar/2025:12:12:44 +0100] "GET /Jurek/b3/feeds/b3_mallskgs.xml HTTP/2.0" 200 7415695 "-" "-"
46.101.116.244 - - [06/Mar/2025:12:12:57 +0100] "GET /Jurek/benbaby/feeds/benbaby_mallskgs.xml HTTP/2.0" 200 3779285 "-" "-"
35.204.156.102 - - [06/Mar/2025:12:13:04 +0100] "GET /Jurek/topeshop/downloaded_images/5902838464366_1.jpg HTTP/2.0" 200 55449 "-" "BolcomAssetFox/2.0"
34.90.109.47 - - [06/Mar/2025:12:13:05 +0100] "GET /Jurek/topeshop/downloaded_images/5902838464366_1-2SonomaOrginal.png HTTP/2.0" 200 1053722 "-" "BolcomAssetFox/2.0"
34.90.109.47 - - [06/Mar/2025:12:13:05 +0100] "GET /Jurek/topeshop/downloaded_images/5902838464366_3.jpg HTTP/2.0" 200 57307 "-" "BolcomAssetFox/2.0"
34.90.109.47 - - [06/Mar/2025:12:13:05 +0100] "GET /Jurek/topeshop/downloaded_images/5902838464366_1-1Sonomaorginal.png HTTP/2.0" 200 1039613 "-" "BolcomAssetFox/2.0"
46.101.116.244 - - [06/Mar/2025:12:13:08 +0100] "GET /Jurek/emibig/feeds/emibig_mallskgs.xml HTTP/2.0" 200 2497320 "-" "-"
46.101.116.244 - - [06/Mar/2025:12:13:20 +0100] "GET /Jurek/hurtownia_przemyslowa/feeds/hp_mallskgs.xml HTTP/2.0" 200 49583043 "-" "-"
66.211.183.74 - - [06/Mar/2025:12:13:24 +0100] "GET /Jurek/eurofirany/images/383469/0.jpg HTTP/1.1" 200 86852 "-" "scalaj-http/2.4.2"
66.211.183.72 - - [06/Mar/2025:12:13:29 +0100] "GET /Jurek/eurofirany/images/416149/0.jpg HTTP/1.1" 200 117339 "-" "scalaj-http/2.4.2"
66.211.183.72 - - [06/Mar/2025:12:13:39 +0100] "GET /Jurek/eurofirany/images/423692/0.jpg HTTP/1.1" 200 70608 "-" "scalaj-http/2.4.2"
66.211.183.71 - - [06/Mar/2025:12:13:40 +0100] "GET /Jurek/eurofirany/images/390018/0.jpg HTTP/1.1" 200 173904 "-" "scalaj-http/2.4.2"
66.211.183.70 - - [06/Mar/2025:12:14:44 +0100] "GET /Jurek/eurofirany/images/404578/0.jpg HTTP/1.1" 200 64315 "-" "scalaj-http/2.4.2"
66.211.183.72 - - [06/Mar/2025:12:15:09 +0100] "GET /Jurek/eurofirany/images/403501/0.jpg HTTP/1.1" 200 30923 "-" "scalaj-http/2.4.2"
34.90.109.47 - - [06/Mar/2025:12:15:19 +0100] "GET /Jurek/topeshop/downloaded_images/5902838467572_Kopia_kadr-10007.jpg HTTP/2.0" 200 123129 "-" "BolcomAssetFox/2.0"
34.90.109.47 - - [06/Mar/2025:12:15:19 +0100] "GET /Jurek/topeshop/downloaded_images/5902838467572_biel-20010.jpg HTTP/2.0" 200 117179 "-" "BolcomAssetFox/2.0"
34.90.109.47 - - [06/Mar/2025:12:15:20 +0100] "GET /Jurek/topeshop/downloaded_images/5902838467572_biel0010.jpg HTTP/2.0" 200 130184 "-" "BolcomAssetFox/2.0"
34.90.109.47 - - [06/Mar/2025:12:15:20 +0100] "GET /Jurek/topeshop/downloaded_images/5902838467572_Kopia_bry%C5%82ki0007.jpg HTTP/2.0" 200 32804 "-" "BolcomAssetFox/2.0"
46.101.116.244 - - [06/Mar/2025:12:16:03 +0100] "GET /Jurek/teamson/feeds/teamson_mallsk.xml HTTP/2.0" 200 1094496 "-" "-"
46.101.116.244 - - [06/Mar/2025:12:16:15 +0100] "GET /Jurek/unimet/feeds/unimet_mallsk.xml HTTP/2.0" 200 60211452 "-" "-"
46.101.116.244 - - [06/Mar/2025:12:16:53 +0100] "GET /Jurek/aw/feeds/aw_fnacfr.xml HTTP/1.0" 404 3551 "-" "-"
66.211.183.72 - - [06/Mar/2025:12:16:58 +0100] "GET /Jurek/eurofirany/images/390015/0.jpg HTTP/1.1" 200 207776 "-" "scalaj-http/2.4.2"
46.101.116.244 - - [06/Mar/2025:12:17:07 +0100] "GET /Jurek/beliani/feeds/beliani_sk_mallsk.xml HTTP/2.0" 200 33985082 "-" "-"
89.161.206.59 - - [06/Mar/2025:12:17:08 +0100] "GET /Jurek/maksik/feeds/maksik_bol.xml HTTP/1.0" 200 4084806 "-" "-"
46.101.116.244 - - [06/Mar/2025:12:17:10 +0100] "GET /Filip/feeds/xlsx_ceneo.xml HTTP/1.0" 200 6241376 "-" "-"
66.211.183.71 - - [06/Mar/2025:12:17:31 +0100] "GET /Jurek/eurofirany/images/438779/0.jpg HTTP/1.1" 200 64916 "-" "scalaj-http/2.4.2"
66.211.183.70 - - [06/Mar/2025:12:17:31 +0100] "GET /Jurek/eurofirany/images/423134/0.jpg HTTP/1.1" 200 0 "-" "scalaj-http/2.4.2"
46.101.116.244 - - [06/Mar/2025:12:17:33 +0100] "GET /Jurek/rovicky/feeds/rovicky_mallsk.xml HTTP/2.0" 200 14171710 "-" "-"
46.101.116.244 - - [06/Mar/2025:12:17:45 +0100] "GET /Jurek/detian/feeds/detian_mallsk.xml HTTP/2.0" 404 3551 "-" "-"
46.101.116.244 - - [06/Mar/2025:12:17:55 +0100] "GET /Jurek/ikonka/feeds/ikonka_mallsk.xml HTTP/2.0" 200 21455843 "-" "-"
46.101.116.244 - - [06/Mar/2025:12:18:12 +0100] "GET /Jurek/candellux/feeds/candellux_mallsk.xml HTTP/2.0" 200 465684 "-" "-"
66.211.183.71 - - [06/Mar/2025:12:18:20 +0100] "GET /Jurek/eurofirany/images/416438/0.jpg HTTP/1.1" 200 105080 "-" "scalaj-http/2.4.2"
46.101.116.244 - - [06/Mar/2025:12:18:22 +0100] "GET /Jurek/andex/feeds/andex_mallsk.xml HTTP/2.0" 200 1953359 "-" "-"
46.101.116.244 - - [06/Mar/2025:12:18:33 +0100] "GET /Jurek/chemex/feeds/chemex_mallsk.xml HTTP/2.0" 200 47819634 "-" "-"
46.101.116.244 - - [06/Mar/2025:12:18:49 +0100] "GET /Jurek/barbecook/feeds/barbecook_mallsk.xml HTTP/2.0" 200 87533 "-" "-"
34.90.109.47 - - [06/Mar/2025:12:18:49 +0100] "GET /Jurek/topeshop/downloaded_images/5902838467589_Kopia_B%C5%82ysk_20007.jpg HTTP/2.0" 200 108521 "-" "BolcomAssetFox/2.0"
35.204.156.102 - - [06/Mar/2025:12:18:49 +0100] "GET /Jurek/topeshop/downloaded_images/5902838467589_B%C5%82ysk_biel0010.jpg HTTP/2.0" 200 131126 "-" "BolcomAssetFox/2.0"
34.90.109.47 - - [06/Mar/2025:12:18:51 +0100] "GET /Jurek/topeshop/downloaded_images/5902838467589_Kopia_bry%C5%82ki0007.jpg HTTP/2.0" 200 38552 "-" "BolcomAssetFox/2.0"
46.101.116.244 - - [06/Mar/2025:12:18:59 +0100] "GET /Jurek/duka/feeds/duka_mallsk.xml HTTP/2.0" 200 57 "-" "-"
46.101.116.244 - - [06/Mar/2025:12:19:10 +0100] "GET /Jurek/miloohome/feeds/miloohome_mallsk.xml HTTP/2.0" 200 1421036 "-" "-"
46.101.116.244 - - [06/Mar/2025:12:19:20 +0100] "GET /Jurek/stema/feeds/stema_mallsk.xml HTTP/2.0" 200 838542 "-" "-"
46.101.116.244 - - [06/Mar/2025:12:19:33 +0100] "GET /Jurek/aw/feeds/awnarzedzia_mallsk.xml HTTP/2.0" 200 90235180 "-" "-"
193.33.8.61 - - [06/Mar/2025:12:19:38 +0100] "GET /Jurek/topeshop/feeds/topeshop_cdon_se.xml HTTP/2.0" 200 2451113 "https://konsola.dkkapusta1997.usermd.net/" "Mozilla/5.0 (Windows NT 10.0; Win64; x64) AppleWebKit/537.36 (KHTML, like Gecko) Chrome/133.0.0.0 Safari/537.36"
66.211.183.71 - - [06/Mar/2025:12:19:43 +0100] "GET /Jurek/eurofirany/images/390337/0.jpg HTTP/1.1" 200 136029 "-" "scalaj-http/2.4.2"
77.79.248.229 - - [06/Mar/2025:12:19:46 +0100] "GET /Jurek/topeshop/feeds/topeshop_cdon_se.xml HTTP/1.1" 200 2451113 "-" "Python-urllib/3.11"
34.90.109.47 - - [06/Mar/2025:12:21:31 +0100] "GET /Jurek/topeshop/downloaded_images/5904507207038_kadr-10011.jpg HTTP/2.0" 200 144884 "-" "BolcomAssetFox/2.0"
35.204.156.102 - - [06/Mar/2025:12:21:31 +0100] "GET /Jurek/topeshop/downloaded_images/5904507207038_Kopia20004.jpg HTTP/2.0" 200 125708 "-" "BolcomAssetFox/2.0"
35.204.156.102 - - [06/Mar/2025:12:21:31 +0100] "GET /Jurek/topeshop/downloaded_images/5904507207038_bry%C5%82ki0011.jpg HTTP/2.0" 200 73414 "-" "BolcomAssetFox/2.0"
34.90.109.47 - - [06/Mar/2025:12:21:31 +0100] "GET /Jurek/topeshop/downloaded_images/5904507207038_20011.jpg HTTP/2.0" 200 131791 "-" "BolcomAssetFox/2.0"
5.134.208.158 - - [06/Mar/2025:12:21:39 +0100] "GET /Jurek/eurofirany/images/325017/0.jpg HTTP/1.1" 200 150596 "-" "-"
46.101.116.244 - - [06/Mar/2025:12:21:44 +0100] "GET /Jurek/fernity/feeds/fernity_mallsk.xml HTTP/2.0" 200 5223972 "-" "-"
66.211.183.70 - - [06/Mar/2025:12:22:04 +0100] "GET /Jurek/eurofirany/images/390198/0.jpg HTTP/1.1" 200 164444 "-" "scalaj-http/2.4.2"
46.101.116.244 - - [06/Mar/2025:12:22:08 +0100] "GET /Jurek/kinghoff/feeds/kinghoff_mallsk.xml HTTP/2.0" 200 15137749 "-" "-"
66.211.183.73 - - [06/Mar/2025:12:22:08 +0100] "GET /Jurek/topeshop/downloaded_images/5902838468463_1sonoma.png HTTP/1.1" 404 3551 "-" "scalaj-http/2.4.2"
46.101.116.244 - - [06/Mar/2025:12:22:27 +0100] "GET /Jurek/kinghome/feeds/kinghome_mallsk.xml HTTP/2.0" 200 5765034 "-" "-"
46.101.116.244 - - [06/Mar/2025:12:22:38 +0100] "GET /Jurek/vivaldi/feeds/vivaldi_Mall-sk.xml HTTP/2.0" 200 344653 "-" "-"
46.101.116.244 - - [06/Mar/2025:12:22:49 +0100] "GET /Jurek/eurofirany/feeds/eurofirany_mall_sk_shumee.xml HTTP/2.0" 200 19127621 "-" "-"
34.90.109.47 - - [06/Mar/2025:12:23:14 +0100] "GET /Jurek/topeshop/downloaded_images/5904507206802_Artisan_bryla0011.jpg HTTP/2.0" 200 82139 "-" "BolcomAssetFox/2.0"
34.90.109.47 - - [06/Mar/2025:12:23:14 +0100] "GET /Jurek/topeshop/downloaded_images/5904507206802_artisanSec0011111.jpg HTTP/2.0" 200 133412 "-" "BolcomAssetFox/2.0"
34.90.109.47 - - [06/Mar/2025:12:23:14 +0100] "GET /Jurek/topeshop/downloaded_images/5904507206802_200022222.jpg HTTP/2.0" 200 126446 "-" "BolcomAssetFox/2.0"
34.90.109.47 - - [06/Mar/2025:12:23:15 +0100] "GET /Jurek/topeshop/downloaded_images/5904507206802_artisan0011111.jpg HTTP/2.0" 200 150080 "-" "BolcomAssetFox/2.0"
66.211.183.70 - - [06/Mar/2025:12:23:23 +0100] "GET /Jurek/eurofirany/images/409426/0.jpg HTTP/1.1" 200 41174 "-" "scalaj-http/2.4.2"
66.211.183.74 - - [06/Mar/2025:12:23:24 +0100] "GET /Jurek/eurofirany/images/403221/0.jpg HTTP/1.1" 200 81347 "-" "scalaj-http/2.4.2"
66.211.183.72 - - [06/Mar/2025:12:24:03 +0100] "GET /Jurek/eurofirany/images/434774/0.jpg HTTP/1.1" 200 99756 "-" "scalaj-http/2.4.2"
66.211.183.70 - - [06/Mar/2025:12:24:12 +0100] "GET /Jurek/eurofirany/images/396855/0.jpg HTTP/1.1" 200 76743 "-" "scalaj-http/2.4.2"
66.211.183.73 - - [06/Mar/2025:12:24:35 +0100] "GET /Jurek/eurofirany/images/389915/0.jpg HTTP/1.1" 200 185758 "-" "scalaj-http/2.4.2"
66.211.183.71 - - [06/Mar/2025:12:24:41 +0100] "GET /Jurek/eurofirany/images/421724/0.jpg HTTP/1.1" 200 170985 "-" "scalaj-http/2.4.2"
66.211.183.73 - - [06/Mar/2025:12:24:48 +0100] "GET /Jurek/eurofirany/images/438712/0.jpg HTTP/1.1" 200 104800 "-" "scalaj-http/2.4.2"
46.101.116.244 - - [06/Mar/2025:12:25:29 +0100] "GET /Jurek/eurofirany/feeds/eurofirany_empik.xml HTTP/1.0" 200 19130073 "-" "-"
46.101.116.244 - - [06/Mar/2025:12:25:37 +0100] "GET /Jurek/hurtownia_przemyslowa/feeds/hp_cdiscount.xml HTTP/1.0" 200 49583180 "-" "-"
89.161.206.59 - - [06/Mar/2025:12:25:39 +0100] "GET /Jurek/topeshop/feeds/topeshop_cdsc.xml HTTP/1.0" 200 2464488 "-" "-"
193.33.8.61 - - [06/Mar/2025:12:25:40 +0100] "GET /Jurek/topeshop/feeds/topeshop_manoFR.xml HTTP/2.0" 200 2450490 "https://konsola.dkkapusta1997.usermd.net/" "Mozilla/5.0 (Windows NT 10.0; Win64; x64) AppleWebKit/537.36 (KHTML, like Gecko) Chrome/133.0.0.0 Safari/537.36"
193.33.8.61 - - [06/Mar/2025:12:25:43 +0100] "GET /Jurek/topeshop/feeds/topeshop_manoDE.xml HTTP/2.0" 200 2450355 "https://konsola.dkkapusta1997.usermd.net/" "Mozilla/5.0 (Windows NT 10.0; Win64; x64) AppleWebKit/537.36 (KHTML, like Gecko) Chrome/133.0.0.0 Safari/537.36"
193.33.8.61 - - [06/Mar/2025:12:25:44 +0100] "GET /Jurek/topeshop/feeds/topeshop_manoIT.xml HTTP/2.0" 200 2450468 "https://konsola.dkkapusta1997.usermd.net/" "Mozilla/5.0 (Windows NT 10.0; Win64; x64) AppleWebKit/537.36 (KHTML, like Gecko) Chrome/133.0.0.0 Safari/537.36"
66.211.183.72 - - [06/Mar/2025:12:25:45 +0100] "GET /Jurek/eurofirany/images/389240/0.jpg HTTP/1.1" 200 159369 "-" "scalaj-http/2.4.2"
193.33.8.61 - - [06/Mar/2025:12:25:45 +0100] "GET /Jurek/topeshop/feeds/topeshop_manoES.xml HTTP/2.0" 200 2450474 "https://konsola.dkkapusta1997.usermd.net/" "Mozilla/5.0 (Windows NT 10.0; Win64; x64) AppleWebKit/537.36 (KHTML, like Gecko) Chrome/133.0.0.0 Safari/537.36"
77.79.248.229 - - [06/Mar/2025:12:25:50 +0100] "GET /Jurek/topeshop/feeds/topeshop_manoFR.xml HTTP/1.1" 200 2450490 "-" "Python-urllib/3.11"
46.101.116.244 - - [06/Mar/2025:12:25:56 +0100] "GET /Jurek/flhf/feeds/flhf_mallsk.xml HTTP/2.0" 404 3551 "-" "-"
66.211.183.70 - - [06/Mar/2025:12:25:59 +0100] "GET /Jurek/eurofirany/images/390399/0.jpg HTTP/1.1" 200 109763 "-" "scalaj-http/2.4.2"
46.101.116.244 - - [06/Mar/2025:12:26:01 +0100] "GET /Jurek/aw/feeds/awnarzedzia_cdiscount.xml HTTP/1.0" 200 90241016 "-" "-"
46.101.116.244 - - [06/Mar/2025:12:26:07 +0100] "GET /Jurek/octopia/feeds/octopia_mallsk.xml HTTP/2.0" 200 10526867 "-" "-"
89.161.206.59 - - [06/Mar/2025:12:26:08 +0100] "GET /Jurek/unimet/feeds/unimet_cdisFI.xml HTTP/1.0" 200 60214949 "-" "-"
89.161.206.59 - - [06/Mar/2025:12:26:14 +0100] "GET /Jurek/barbecook/feeds/barbecook_cdis.xml HTTP/1.0" 200 87527 "-" "-"
46.101.116.244 - - [06/Mar/2025:12:26:16 +0100] "GET /Jurek/action/feeds/action_cdis.xml HTTP/1.0" 200 56342168 "-" "-"
66.211.183.71 - - [06/Mar/2025:12:26:19 +0100] "GET /Jurek/eurofirany/images/390174/0.jpg HTTP/1.1" 200 194755 "-" "scalaj-http/2.4.2"
46.101.116.244 - - [06/Mar/2025:12:26:21 +0100] "GET /Jurek/activeshop/feeds/activeshop_cdis.xml HTTP/1.0" 200 10458692 "-" "-"
66.249.69.170 - - [06/Mar/2025:12:26:21 +0100] "GET /Jurek/eurofirany/images/390177/4.jpg HTTP/1.1" 200 209272 "-" "Googlebot-Image/1.0"
66.249.69.170 - - [06/Mar/2025:12:26:24 +0100] "GET /Jurek/eurofirany/images/390177/5.jpg HTTP/1.1" 200 223892 "-" "Googlebot-Image/1.0"
46.101.116.244 - - [06/Mar/2025:12:26:25 +0100] "GET /Jurek/fernity/feeds/fernity_cdiscount.xml HTTP/1.0" 200 5224506 "-" "-"
46.101.116.244 - - [06/Mar/2025:12:26:26 +0100] "GET /Jurek/aw/feeds/aw_fnacfr.xml HTTP/1.0" 404 3551 "-" "-"
46.101.116.244 - - [06/Mar/2025:12:26:27 +0100] "GET /Jurek/eurofirany/feeds/eurofirany_cdiscount.xml HTTP/1.0" 200 19128856 "-" "-"
46.101.116.244 - - [06/Mar/2025:12:26:33 +0100] "GET /Jurek/kinghoff/feeds/kinghoff_cdiscount.xml HTTP/1.0" 200 15137972 "-" "-"
89.161.206.59 - - [06/Mar/2025:12:26:48 +0100] "GET /Jurek/luxma/feeds/luxma_bol.xml HTTP/1.0" 200 8058971 "-" "-"
89.161.206.59 - - [06/Mar/2025:12:26:50 +0100] "GET /Jurek/playcob/feeds/playcob_bol.xml HTTP/1.0" 200 6980044 "-" "-"
46.101.116.244 - - [06/Mar/2025:12:26:53 +0100] "GET /Filip/feeds/xlsx_ceneo.xml HTTP/1.0" 200 6241376 "-" "-"
46.101.116.244 - - [06/Mar/2025:12:26:54 +0100] "GET /Jurek/vidaSK/feeds/vida_mall.xml HTTP/2.0" 200 640862008 "-" "-"
66.211.183.74 - - [06/Mar/2025:12:26:56 +0100] "GET /Jurek/eurofirany/images/423203/0.jpg HTTP/1.1" 200 0 "-" "scalaj-http/2.4.2"
66.211.183.72 - - [06/Mar/2025:12:28:37 +0100] "GET /Jurek/eurofirany/images/419256/0.jpg HTTP/1.1" 200 95698 "-" "scalaj-http/2.4.2"
66.211.183.70 - - [06/Mar/2025:12:28:48 +0100] "GET /Jurek/eurofirany/images/390002/0.jpg HTTP/1.1" 200 171435 "-" "scalaj-http/2.4.2"
66.211.183.72 - - [06/Mar/2025:12:29:02 +0100] "GET /Jurek/eurofirany/images/389239/0.jpg HTTP/1.1" 200 134368 "-" "scalaj-http/2.4.2"
66.211.183.74 - - [06/Mar/2025:12:29:08 +0100] "GET /Jurek/eurofirany/images/390039/0.jpg HTTP/1.1" 200 215707 "-" "scalaj-http/2.4.2"
66.211.183.71 - - [06/Mar/2025:12:29:12 +0100] "GET /Jurek/topeshop/downloaded_images/5902838464137_2.jpg HTTP/1.1" 404 3551 "-" "scalaj-http/2.4.2"
77.79.248.229 - - [06/Mar/2025:12:29:20 +0100] "GET /Jurek/topeshop/feeds/topeshop_manoDE.xml HTTP/1.1" 200 2450355 "-" "Python-urllib/3.11"
66.211.183.71 - - [06/Mar/2025:12:29:22 +0100] "GET /Jurek/eurofirany/images/438713/0.jpg HTTP/1.1" 200 82418 "-" "scalaj-http/2.4.2"
66.211.183.70 - - [06/Mar/2025:12:29:33 +0100] "GET /Jurek/eurofirany/images/389236/0.jpg HTTP/1.1" 200 135761 "-" "scalaj-http/2.4.2"
66.249.69.172 - - [06/Mar/2025:12:30:34 +0100] "GET /Jurek/eurofirany/images/390441/5.jpg HTTP/1.1" 200 240573 "-" "Googlebot-Image/1.0"
66.211.183.74 - - [06/Mar/2025:12:31:14 +0100] "GET /Jurek/eurofirany/images/403490/0.jpg HTTP/1.1" 200 74663 "-" "scalaj-http/2.4.2"
77.79.248.229 - - [06/Mar/2025:12:31:56 +0100] "GET /Jurek/topeshop/feeds/topeshop_cdon_dk.xml HTTP/1.1" 200 2450936 "-" "Python-urllib/3.11"
66.211.183.71 - - [06/Mar/2025:12:32:00 +0100] "GET /Jurek/eurofirany/images/390046/0.jpg HTTP/1.1" 200 123097 "-" "scalaj-http/2.4.2"
66.211.183.73 - - [06/Mar/2025:12:32:25 +0100] "GET /Jurek/eurofirany/images/463591/0.jpg HTTP/1.1" 200 0 "-" "scalaj-http/2.4.2"
66.211.183.71 - - [06/Mar/2025:12:32:32 +0100] "GET /Jurek/eurofirany/images/438725/0.jpg HTTP/1.1" 200 82418 "-" "scalaj-http/2.4.2"
66.211.183.71 - - [06/Mar/2025:12:32:51 +0100] "GET /Jurek/eurofirany/images/409904/0.jpg HTTP/1.1" 200 78745 "-" "scalaj-http/2.4.2"
66.211.183.70 - - [06/Mar/2025:12:33:37 +0100] "GET /Jurek/eurofirany/images/409906/0.jpg HTTP/1.1" 200 78745 "-" "scalaj-http/2.4.2"
66.135.202.172 - - [06/Mar/2025:12:33:38 +0100] "GET /Jurek/topeshop/downloaded_images/5904507207489_Front_mijas_Prawy_zielony.png HTTP/1.1" 404 3551 "http://www.ebay.com/" "Mozilla/4.0 (compatible; MSIE 4.01; Windows NT)"
66.135.202.170 - - [06/Mar/2025:12:33:38 +0100] "GET /Jurek/topeshop/downloaded_images/5904507207489_mijas_zielonykopiaaa.jpg HTTP/1.1" 200 126282 "http://www.ebay.com/" "Mozilla/4.0 (compatible; MSIE 4.01; Windows NT)"
66.135.202.172 - - [06/Mar/2025:12:33:38 +0100] "GET /Jurek/topeshop/downloaded_images/5904507207489_20st_mijas_prawy_open_zielony.png HTTP/1.1" 404 3551 "http://www.ebay.com/" "Mozilla/4.0 (compatible; MSIE 4.01; Windows NT)"
66.135.202.169 - - [06/Mar/2025:12:33:39 +0100] "GET /Jurek/topeshop/downloaded_images/5904507207489_20st_mijas_prawy_zielonykopia.png HTTP/1.1" 200 223941 "http://www.ebay.com/" "Mozilla/4.0 (compatible; MSIE 4.01; Windows NT)"
77.79.248.229 - - [06/Mar/2025:12:34:09 +0100] "GET /Jurek/topeshop/feeds/topeshop_cdon_fi.xml HTTP/1.1" 200 2450461 "-" "Python-urllib/3.11"
66.211.183.72 - - [06/Mar/2025:12:34:16 +0100] "GET /Jurek/eurofirany/images/401109/0.jpg HTTP/1.1" 200 119799 "-" "scalaj-http/2.4.2"
52.209.168.113 - - [06/Mar/2025:12:34:22 +0100] "GET /marketplaces/worten2/results/worten.csv HTTP/1.1" 200 130833 "-" "Mirakl HttpClient"
66.135.202.171 - - [06/Mar/2025:12:34:28 +0100] "GET /Jurek/topeshop/downloaded_images/5904507207489_20st_mijas_prawy_open_zielony.png HTTP/1.1" 404 3551 "http://www.ebay.com/" "Mozilla/4.0 (compatible; MSIE 4.01; Windows NT)"
66.135.202.171 - - [06/Mar/2025:12:34:30 +0100] "GET /Jurek/topeshop/downloaded_images/5904507207489_Front_mijas_Prawy_zielony.png HTTP/1.1" 404 3551 "http://www.ebay.com/" "Mozilla/4.0 (compatible; MSIE 4.01; Windows NT)"
66.249.69.172 - - [06/Mar/2025:12:34:53 +0100] "GET /Jurek/eurofirany/images/389918/7.jpg HTTP/1.1" 200 6595 "-" "Googlebot-Image/1.0"
66.135.202.172 - - [06/Mar/2025:12:34:57 +0100] "GET /Jurek/topeshop/downloaded_images/5904507207489_20st_mijas_prawy_zielonykopia.png HTTP/1.1" 200 147220 "http://www.ebay.com/" "Mozilla/4.0 (compatible; MSIE 4.01; Windows NT)"
66.135.195.19 - - [06/Mar/2025:12:35:37 +0100] "GET /Jurek/topeshop/downloaded_images/5904507207489_Front_mijas_Prawy_zielony.png HTTP/1.1" 404 3551 "http://www.ebay.com/" "Mozilla/4.0 (compatible; MSIE 4.01; Windows NT)"
66.135.195.19 - - [06/Mar/2025:12:35:38 +0100] "GET /Jurek/topeshop/downloaded_images/5904507207489_20st_mijas_prawy_open_zielony.png HTTP/1.1" 404 3551 "http://www.ebay.com/" "Mozilla/4.0 (compatible; MSIE 4.01; Windows NT)"
66.135.195.19 - - [06/Mar/2025:12:35:38 +0100] "GET /Jurek/topeshop/downloaded_images/5904507207489_20st_mijas_prawy_zielonykopia.png HTTP/1.1" 200 223941 "http://www.ebay.com/" "Mozilla/4.0 (compatible; MSIE 4.01; Windows NT)"
193.33.8.61 - - [06/Mar/2025:12:36:20 +0100] "GET /Jurek/intsell/output.txt HTTP/2.0" 200 763402 "https://konsola.dkkapusta1997.usermd.net/" "Mozilla/5.0 (Macintosh; Intel Mac OS X 10_15_7) AppleWebKit/537.36 (KHTML, like Gecko) Chrome/133.0.0.0 Safari/537.36"
89.161.206.59 - - [06/Mar/2025:12:36:27 +0100] "GET /Jurek/erohurtownia/feeds/erohurtownia_amazonde.xml HTTP/1.0" 200 22846533 "-" "-"
66.249.69.170 - - [06/Mar/2025:12:37:02 +0100] "GET /Jurek/eurofirany/images/397065/1.jpg HTTP/1.1" 200 61230 "-" "Googlebot-Image/1.0"
46.101.116.244 - - [06/Mar/2025:12:37:49 +0100] "GET /Jurek/aw/feeds/aw_fnacfr.xml HTTP/1.0" 404 3551 "-" "-"
66.249.69.170 - - [06/Mar/2025:12:38:33 +0100] "GET /Jurek/eurofirany/images/409428/5.jpg HTTP/1.1" 200 598576 "-" "Googlebot-Image/1.0"
46.101.116.244 - - [06/Mar/2025:12:38:56 +0100] "GET /Filip/feeds/xlsx_ceneo.xml HTTP/1.0" 200 6241376 "-" "-"
66.211.183.73 - - [06/Mar/2025:12:39:29 +0100] "GET /Jurek/eurofirany/images/383466/0.jpg HTTP/1.1" 200 78770 "-" "scalaj-http/2.4.2"
66.211.183.72 - - [06/Mar/2025:12:40:16 +0100] "GET /Jurek/eurofirany/images/390061/0.jpg HTTP/1.1" 200 162081 "-" "scalaj-http/2.4.2"
193.33.8.61 - - [06/Mar/2025:12:40:55 +0100] "GET /Jurek/aiofactory/feeds/aiofactory_cdsc.xml HTTP/2.0" 200 2123808 "https://konsola.dkkapusta1997.usermd.net/" "Mozilla/5.0 (Windows NT 10.0; Win64; x64) AppleWebKit/537.36 (KHTML, like Gecko) Chrome/134.0.0.0 Safari/537.36"
66.249.69.170 - - [06/Mar/2025:12:41:01 +0100] "GET /Jurek/eurofirany/images/372640/6.jpg HTTP/1.1" 200 6595 "-" "Googlebot-Image/1.0"
77.79.248.229 - - [06/Mar/2025:12:41:06 +0100] "GET /Jurek/aiofactory/feeds/aiofactory_cdsc.xml HTTP/1.1" 200 2123808 "-" "Python-urllib/3.11"
66.211.183.72 - - [06/Mar/2025:12:41:42 +0100] "GET /Jurek/eurofirany/images/408345/0.jpg HTTP/1.1" 200 73373 "-" "scalaj-http/2.4.2"
66.211.183.70 - - [06/Mar/2025:12:42:09 +0100] "GET /Jurek/eurofirany/images/382241/0.jpg HTTP/1.1" 200 100949 "-" "scalaj-http/2.4.2"
193.33.8.61 - - [06/Mar/2025:12:42:25 +0100] "GET /Jurek/topeshop/downloaded_images/5904507207465_mijas_r%CB%98%C4%BEowy_mirorrrr.jpg HTTP/2.0" 404 3551 "-" "Mozilla/5.0 (Windows NT 10.0; Win64; x64) AppleWebKit/537.36 (KHTML, like Gecko) Chrome/133.0.0.0 Safari/537.36"
193.33.8.61 - - [06/Mar/2025:12:42:34 +0100] "GET /Jurek/topeshop/downloaded_images/5904507202545_DK_open_20_st_bry%C2%88a.png HTTP/2.0" 404 3551 "-" "Mozilla/5.0 (Windows NT 10.0; Win64; x64) AppleWebKit/537.36 (KHTML, like Gecko) Chrome/133.0.0.0 Safari/537.36"
193.33.8.61 - - [06/Mar/2025:12:42:45 +0100] "GET /Jurek/topeshop/downloaded_images/5902838464120_ss-90bia%C2%88awiz.jpg HTTP/2.0" 404 3551 "-" "Mozilla/5.0 (Windows NT 10.0; Win64; x64) AppleWebKit/537.36 (KHTML, like Gecko) Chrome/133.0.0.0 Safari/537.36"
34.90.109.47 - - [06/Mar/2025:12:42:46 +0100] "GET /Jurek/topeshop/downloaded_images/5902838467619_biel-20011.jpg HTTP/2.0" 200 117318 "-" "BolcomAssetFox/2.0"
35.204.156.102 - - [06/Mar/2025:12:42:46 +0100] "GET /Jurek/topeshop/downloaded_images/5902838467619_biell0011.jpg HTTP/2.0" 200 51932 "-" "BolcomAssetFox/2.0"
34.90.109.47 - - [06/Mar/2025:12:42:46 +0100] "GET /Jurek/topeshop/downloaded_images/5902838467619_kadr-10003.jpg HTTP/2.0" 200 126753 "-" "BolcomAssetFox/2.0"
66.211.183.73 - - [06/Mar/2025:12:43:51 +0100] "GET /Jurek/eurofirany/images/409429/0.jpg HTTP/1.1" 200 41174 "-" "scalaj-http/2.4.2"
193.33.8.61 - - [06/Mar/2025:12:44:08 +0100] "GET /Jurek/topeshop/downloaded_images/5902838464311_czer%C3%A4.jpg HTTP/2.0" 404 3551 "-" "Mozilla/5.0 (Windows NT 10.0; Win64; x64) AppleWebKit/537.36 (KHTML, like Gecko) Chrome/133.0.0.0 Safari/537.36"
193.33.8.61 - - [06/Mar/2025:12:44:21 +0100] "GET /Jurek/topeshop/downloaded_images/5902838464311_czer%C3%A4.jpg HTTP/2.0" 404 3551 "-" "Mozilla/5.0 (Windows NT 10.0; Win64; x64) AppleWebKit/537.36 (KHTML, like Gecko) Chrome/133.0.0.0 Safari/537.36"
34.90.109.47 - - [06/Mar/2025:12:44:24 +0100] "GET /Jurek/topeshop/downloaded_images/5902838467626_biell0011.jpg HTTP/2.0" 200 53370 "-" "BolcomAssetFox/2.0"
34.90.109.47 - - [06/Mar/2025:12:44:24 +0100] "GET /Jurek/topeshop/downloaded_images/5902838467626_B%C5%82ysk_20003.jpg HTTP/2.0" 200 111542 "-" "BolcomAssetFox/2.0"
35.204.156.102 - - [06/Mar/2025:12:44:24 +0100] "GET /Jurek/topeshop/downloaded_images/5902838467626_B%C5%82ysk_biel0011.jpg HTTP/2.0" 200 133327 "-" "BolcomAssetFox/2.0"
193.33.8.61 - - [06/Mar/2025:12:44:27 +0100] "GET /Jurek/topeshop/downloaded_images/5902838464311_czer%C3%A4.jpg HTTP/2.0" 404 3551 "-" "Mozilla/5.0 (Windows NT 10.0; Win64; x64) AppleWebKit/537.36 (KHTML, like Gecko) Chrome/133.0.0.0 Safari/537.36"
46.101.116.244 - - [06/Mar/2025:12:44:32 +0100] "GET /Jurek/aw/feeds/aw_fnacfr.xml HTTP/1.0" 404 3551 "-" "-"
66.249.69.171 - - [06/Mar/2025:12:44:32 +0100] "GET /Jurek/eurofirany/images/378441/3.jpg HTTP/1.1" 200 319382 "-" "Googlebot-Image/1.0"
46.101.116.244 - - [06/Mar/2025:12:44:48 +0100] "GET /Filip/feeds/xlsx_ceneo.xml HTTP/1.0" 200 6241376 "-" "-"
66.211.183.71 - - [06/Mar/2025:12:44:58 +0100] "GET /Jurek/eurofirany/images/438716/0.jpg HTTP/1.1" 200 107908 "-" "scalaj-http/2.4.2"
193.33.8.61 - - [06/Mar/2025:12:44:58 +0100] "GET /Jurek/topeshop/downloaded_images/5904507207465_20st_mijas_lewy_r%CB%98%C4%BEowykopia.png HTTP/2.0" 404 3551 "-" "Mozilla/5.0 (Windows NT 10.0; Win64; x64) AppleWebKit/537.36 (KHTML, like Gecko) Chrome/133.0.0.0 Safari/537.36"
66.211.183.73 - - [06/Mar/2025:12:45:06 +0100] "GET /Jurek/eurofirany/images/416791/0.jpg HTTP/1.1" 200 121794 "-" "scalaj-http/2.4.2"
5.134.208.158 - - [06/Mar/2025:12:45:09 +0100] "GET /Jurek/eurofirany/images/368081/0.jpg HTTP/1.1" 200 89843 "-" "-"
193.33.8.61 - - [06/Mar/2025:12:45:15 +0100] "GET /Jurek/topeshop/downloaded_images/5904507207083_2Pola_DL_sonoma.jpg HTTP/2.0" 200 99260 "-" "Mozilla/5.0 (Windows NT 10.0; Win64; x64) AppleWebKit/537.36 (KHTML, like Gecko) Chrome/133.0.0.0 Safari/537.36"
193.33.8.61 - - [06/Mar/2025:12:45:30 +0100] "GET /Jurek/topeshop/downloaded_images/5904507207083_PROFILLL.jpg HTTP/2.0" 200 84594 "-" "Mozilla/5.0 (Windows NT 10.0; Win64; x64) AppleWebKit/537.36 (KHTML, like Gecko) Chrome/133.0.0.0 Safari/537.36"
193.33.8.61 - - [06/Mar/2025:12:45:37 +0100] "GET /Jurek/topeshop/downloaded_images/5904507207083_2Pola_DL_sonoma_bry%C5%82a.jpg HTTP/2.0" 200 47595 "-" "Mozilla/5.0 (Windows NT 10.0; Win64; x64) AppleWebKit/537.36 (KHTML, like Gecko) Chrome/133.0.0.0 Safari/537.36"
193.33.8.61 - - [06/Mar/2025:12:45:44 +0100] "GET /Jurek/topeshop/downloaded_images/5904507207083_Pola_DL_bry%C5%82a_otwarta_sonoma.jpg HTTP/2.0" 200 129093 "-" "Mozilla/5.0 (Windows NT 10.0; Win64; x64) AppleWebKit/537.36 (KHTML, like Gecko) Chrome/133.0.0.0 Safari/537.36"
89.161.206.59 - - [06/Mar/2025:12:46:09 +0100] "GET /Jurek/topeshop/feeds/topeshop_amazonFR.xml HTTP/1.0" 200 2450452 "-" "-"
89.161.206.59 - - [06/Mar/2025:12:46:11 +0100] "GET /Jurek/topeshop/feeds/topeshop_amazonIT.xml HTTP/1.0" 200 2450467 "-" "-"
89.161.206.59 - - [06/Mar/2025:12:46:14 +0100] "GET /Jurek/topeshop/feeds/topeshop_amazonDE.xml HTTP/1.0" 200 2450390 "-" "-"
89.161.206.59 - - [06/Mar/2025:12:46:16 +0100] "GET /Jurek/topeshop/feeds/topeshop_amazonSE.xml HTTP/1.0" 200 2451124 "-" "-"
89.161.206.59 - - [06/Mar/2025:12:46:18 +0100] "GET /Jurek/topeshop/feeds/topeshop_amazonES.xml HTTP/1.0" 200 2450492 "-" "-"
89.161.206.59 - - [06/Mar/2025:12:46:20 +0100] "GET /Jurek/topeshop/feeds/topeshop_amazonNL.xml HTTP/1.0" 200 2450434 "-" "-"
89.161.206.59 - - [06/Mar/2025:12:46:23 +0100] "GET /Jurek/topeshop/feeds/topeshop_amazonBE.xml HTTP/1.0" 200 2450471 "-" "-"
89.161.206.59 - - [06/Mar/2025:12:46:29 +0100] "GET /Jurek/ikonka/feeds/ikonka_amazonES.xml HTTP/1.0" 200 21455832 "-" "-"
193.33.8.61 - - [06/Mar/2025:12:46:30 +0100] "GET /Jurek/topeshop/downloaded_images/5904507201876_KUBABIURKOBRY%C5%81KAANTRACYTFRONTZM.jpg HTTP/2.0" 404 3551 "-" "Mozilla/5.0 (Windows NT 10.0; Win64; x64) AppleWebKit/537.36 (KHTML, like Gecko) Chrome/133.0.0.0 Safari/537.36"
193.33.8.61 - - [06/Mar/2025:12:46:39 +0100] "GET /Jurek/topeshop/downloaded_images/5904507201876_BIURKO-KUBA_o.jpg HTTP/2.0" 200 60367 "-" "Mozilla/5.0 (Windows NT 10.0; Win64; x64) AppleWebKit/537.36 (KHTML, like Gecko) Chrome/133.0.0.0 Safari/537.36"
193.33.8.61 - - [06/Mar/2025:12:46:40 +0100] "GET /Jurek/topeshop/downloaded_images/5904507201876_BIURKO-KUBA_d.jpg HTTP/2.0" 200 58968 "-" "Mozilla/5.0 (Windows NT 10.0; Win64; x64) AppleWebKit/537.36 (KHTML, like Gecko) Chrome/133.0.0.0 Safari/537.36"
193.33.8.61 - - [06/Mar/2025:12:46:41 +0100] "GET /Jurek/topeshop/downloaded_images/5904507201876_BIURKO-KUBA_2.jpg HTTP/2.0" 200 89518 "-" "Mozilla/5.0 (Windows NT 10.0; Win64; x64) AppleWebKit/537.36 (KHTML, like Gecko) Chrome/133.0.0.0 Safari/537.36"
193.33.8.61 - - [06/Mar/2025:12:46:42 +0100] "GET /Jurek/topeshop/downloaded_images/5904507201876_BIURKO-KUBA_1.jpg HTTP/2.0" 200 117086 "-" "Mozilla/5.0 (Windows NT 10.0; Win64; x64) AppleWebKit/537.36 (KHTML, like Gecko) Chrome/133.0.0.0 Safari/537.36"
66.211.183.74 - - [06/Mar/2025:12:46:49 +0100] "GET /Jurek/eurofirany/images/438720/0.jpg HTTP/1.1" 200 105392 "-" "scalaj-http/2.4.2"
40.68.63.167 - - [06/Mar/2025:12:46:57 +0100] "GET /Jurek/topeshop/downloaded_images/5902838460054_1.png HTTP/1.1" 200 75243 "-" "CDON-Image-Robot/1.0.0.0"
40.68.63.167 - - [06/Mar/2025:12:46:57 +0100] "GET /Jurek/topeshop/downloaded_images/5902838460054_7.png HTTP/1.1" 200 72306 "-" "CDON-Image-Robot/1.0.0.0"
40.68.63.167 - - [06/Mar/2025:12:46:57 +0100] "GET /Jurek/topeshop/downloaded_images/5902838460054_1_20_3_white.jpg HTTP/1.1" 200 81191 "-" "CDON-Image-Robot/1.0.0.0"
40.68.63.167 - - [06/Mar/2025:12:46:57 +0100] "GET /Jurek/topeshop/downloaded_images/5902838460054_W_M_3_close.jpg HTTP/1.1" 200 82695 "-" "CDON-Image-Robot/1.0.0.0"
40.68.63.167 - - [06/Mar/2025:12:46:57 +0100] "GET /Jurek/topeshop/downloaded_images/5902838460054_2_20_3_white.jpg HTTP/1.1" 200 127963 "-" "CDON-Image-Robot/1.0.0.0"
40.68.63.167 - - [06/Mar/2025:12:46:57 +0100] "GET /Jurek/topeshop/downloaded_images/5902838460054_m3_white.jpg HTTP/1.1" 200 139575 "-" "CDON-Image-Robot/1.0.0.0"
40.68.63.167 - - [06/Mar/2025:12:46:57 +0100] "GET /Jurek/topeshop/downloaded_images/5902838460054_W_M_3_close_2.jpg HTTP/1.1" 200 86833 "-" "CDON-Image-Robot/1.0.0.0"
40.68.63.167 - - [06/Mar/2025:12:46:57 +0100] "GET /Jurek/topeshop/downloaded_images/5902838460054_W_M_3_open.jpg HTTP/1.1" 200 83272 "-" "CDON-Image-Robot/1.0.0.0"
40.68.63.167 - - [06/Mar/2025:12:46:57 +0100] "GET /Jurek/topeshop/downloaded_images/5902838460054_W_S_R_M_3_open.jpg HTTP/1.1" 200 121325 "-" "CDON-Image-Robot/1.0.0.0"
40.68.63.167 - - [06/Mar/2025:12:46:58 +0100] "GET /Jurek/topeshop/downloaded_images/5902838460115_1_20_4_sonoma.jpg HTTP/1.1" 200 98137 "-" "CDON-Image-Robot/1.0.0.0"
40.68.63.167 - - [06/Mar/2025:12:46:58 +0100] "GET /Jurek/topeshop/downloaded_images/5902838460054_W_R_M3.jpg HTTP/1.1" 200 120609 "-" "CDON-Image-Robot/1.0.0.0"
40.68.63.167 - - [06/Mar/2025:12:46:58 +0100] "GET /Jurek/topeshop/downloaded_images/5902838460115_2_20_4_sonoma.jpg HTTP/1.1" 200 131792 "-" "CDON-Image-Robot/1.0.0.0"
40.68.63.167 - - [06/Mar/2025:12:46:58 +0100] "GET /Jurek/topeshop/downloaded_images/5902838460054_W_R_M3_.jpg HTTP/1.1" 200 124805 "-" "CDON-Image-Robot/1.0.0.0"
40.68.63.167 - - [06/Mar/2025:12:46:58 +0100] "GET /Jurek/topeshop/downloaded_images/5902838460115_S_4_close.jpg HTTP/1.1" 200 100889 "-" "CDON-Image-Robot/1.0.0.0"
40.68.63.167 - - [06/Mar/2025:12:46:58 +0100] "GET /Jurek/topeshop/downloaded_images/5902838460115_S_4_open.jpg HTTP/1.1" 200 101259 "-" "CDON-Image-Robot/1.0.0.0"
40.68.63.167 - - [06/Mar/2025:12:46:58 +0100] "GET /Jurek/topeshop/downloaded_images/5902838460115_m4_sonoma.jpg HTTP/1.1" 200 156970 "-" "CDON-Image-Robot/1.0.0.0"
40.68.63.167 - - [06/Mar/2025:12:46:58 +0100] "GET /Jurek/topeshop/downloaded_images/5902838460115_9_(2).png HTTP/1.1" 200 449062 "-" "CDON-Image-Robot/1.0.0.0"
40.68.63.167 - - [06/Mar/2025:12:46:58 +0100] "GET /Jurek/topeshop/downloaded_images/5902838460177_S_5_close.jpg HTTP/1.1" 200 101511 "-" "CDON-Image-Robot/1.0.0.0"
40.68.63.167 - - [06/Mar/2025:12:46:58 +0100] "GET /Jurek/topeshop/downloaded_images/5902838460177_m5_sonoma.jpg HTTP/1.1" 200 161479 "-" "CDON-Image-Robot/1.0.0.0"
40.68.63.167 - - [06/Mar/2025:12:46:58 +0100] "GET /Jurek/topeshop/downloaded_images/5902838460115_S_4_close_2.jpg HTTP/1.1" 200 97219 "-" "CDON-Image-Robot/1.0.0.0"
40.68.63.167 - - [06/Mar/2025:12:46:58 +0100] "GET /Jurek/topeshop/downloaded_images/5902838460115_S_M_4_open.jpg HTTP/1.1" 200 130730 "-" "CDON-Image-Robot/1.0.0.0"
40.68.63.167 - - [06/Mar/2025:12:46:58 +0100] "GET /Jurek/topeshop/downloaded_images/5902838460177_S_M6_.jpg HTTP/1.1" 200 137704 "-" "CDON-Image-Robot/1.0.0.0"
40.68.63.167 - - [06/Mar/2025:12:46:58 +0100] "GET /Jurek/topeshop/downloaded_images/5902838460177_S_5_close_2.jpg HTTP/1.1" 200 97369 "-" "CDON-Image-Robot/1.0.0.0"
40.68.63.167 - - [06/Mar/2025:12:46:58 +0100] "GET /Jurek/topeshop/downloaded_images/5902838460115_S_M4_close.jpg HTTP/1.1" 200 130093 "-" "CDON-Image-Robot/1.0.0.0"
40.68.63.167 - - [06/Mar/2025:12:46:58 +0100] "GET /Jurek/topeshop/downloaded_images/5902838460177_1_20_5_sonoma.jpg HTTP/1.1" 200 99526 "-" "CDON-Image-Robot/1.0.0.0"
40.68.63.167 - - [06/Mar/2025:12:46:58 +0100] "GET /Jurek/topeshop/downloaded_images/5902838460115_S_M4_.jpg HTTP/1.1" 200 136800 "-" "CDON-Image-Robot/1.0.0.0"
40.68.63.167 - - [06/Mar/2025:12:46:58 +0100] "GET /Jurek/topeshop/downloaded_images/5902838460177_2_20_5_sonoma.jpg HTTP/1.1" 200 132580 "-" "CDON-Image-Robot/1.0.0.0"
40.68.63.167 - - [06/Mar/2025:12:46:58 +0100] "GET /Jurek/topeshop/downloaded_images/5902838460177_S_5_open.jpg HTTP/1.1" 200 101865 "-" "CDON-Image-Robot/1.0.0.0"
40.68.63.167 - - [06/Mar/2025:12:46:58 +0100] "GET /Jurek/topeshop/downloaded_images/5902838460177_S_M6_close.jpg HTTP/1.1" 200 131133 "-" "CDON-Image-Robot/1.0.0.0"
40.68.63.167 - - [06/Mar/2025:12:46:58 +0100] "GET /Jurek/topeshop/downloaded_images/5902838460351_1_20_6S_sonoma.jpg HTTP/1.1" 200 98799 "-" "CDON-Image-Robot/1.0.0.0"
40.68.63.167 - - [06/Mar/2025:12:46:58 +0100] "GET /Jurek/topeshop/downloaded_images/5902838460351_2_20_6S_sonoma.jpg HTTP/1.1" 200 133375 "-" "CDON-Image-Robot/1.0.0.0"
40.68.63.167 - - [06/Mar/2025:12:46:58 +0100] "GET /Jurek/topeshop/downloaded_images/5902838460351_2.png HTTP/1.1" 200 505918 "-" "CDON-Image-Robot/1.0.0.0"
40.68.63.167 - - [06/Mar/2025:12:46:58 +0100] "GET /Jurek/topeshop/downloaded_images/5902838460351_S_M_6_120.jpg HTTP/1.1" 200 134265 "-" "CDON-Image-Robot/1.0.0.0"
40.68.63.167 - - [06/Mar/2025:12:46:58 +0100] "GET /Jurek/topeshop/downloaded_images/5902838460351_S_6_120_open.jpg HTTP/1.1" 200 105198 "-" "CDON-Image-Robot/1.0.0.0"
40.68.63.167 - - [06/Mar/2025:12:46:58 +0100] "GET /Jurek/topeshop/downloaded_images/5902838460351_S_M6_120.jpg HTTP/1.1" 200 142116 "-" "CDON-Image-Robot/1.0.0.0"
40.68.63.167 - - [06/Mar/2025:12:46:58 +0100] "GET /Jurek/topeshop/downloaded_images/5902838460351_2.jpg HTTP/1.1" 200 187974 "-" "CDON-Image-Robot/1.0.0.0"
40.68.63.167 - - [06/Mar/2025:12:46:58 +0100] "GET /Jurek/topeshop/downloaded_images/5902838460115_2_(7).png HTTP/1.1" 200 431223 "-" "CDON-Image-Robot/1.0.0.0"
40.68.63.167 - - [06/Mar/2025:12:46:58 +0100] "GET /Jurek/topeshop/downloaded_images/5902838460412_1.jpg HTTP/1.1" 404 3551 "-" "CDON-Image-Robot/1.0.0.0"
40.68.63.167 - - [06/Mar/2025:12:46:58 +0100] "GET /Jurek/topeshop/downloaded_images/5902838460412_ar_dzienny_biel_(1).jpg HTTP/1.1" 200 88594 "-" "CDON-Image-Robot/1.0.0.0"
40.68.63.167 - - [06/Mar/2025:12:46:58 +0100] "GET /Jurek/topeshop/downloaded_images/5902838460351_S_6_120_close.jpg HTTP/1.1" 200 105495 "-" "CDON-Image-Robot/1.0.0.0"
40.68.63.167 - - [06/Mar/2025:12:46:58 +0100] "GET /Jurek/topeshop/downloaded_images/5902838460450_8.png HTTP/1.1" 200 127226 "-" "CDON-Image-Robot/1.0.0.0"
40.68.63.167 - - [06/Mar/2025:12:46:58 +0100] "GET /Jurek/topeshop/downloaded_images/5902838460450_1_20_6L_white.jpg HTTP/1.1" 200 81426 "-" "CDON-Image-Robot/1.0.0.0"
40.68.63.167 - - [06/Mar/2025:12:46:58 +0100] "GET /Jurek/topeshop/downloaded_images/5902838460351_S_6_120_close_2.jpg HTTP/1.1" 200 101984 "-" "CDON-Image-Robot/1.0.0.0"
40.68.63.167 - - [06/Mar/2025:12:46:58 +0100] "GET /Jurek/topeshop/downloaded_images/5902838460450_1.jpg HTTP/1.1" 200 176175 "-" "CDON-Image-Robot/1.0.0.0"
40.68.63.167 - - [06/Mar/2025:12:46:58 +0100] "GET /Jurek/topeshop/downloaded_images/5902838460412_2.jpg HTTP/1.1" 404 3551 "-" "CDON-Image-Robot/1.0.0.0"
40.68.63.167 - - [06/Mar/2025:12:46:58 +0100] "GET /Jurek/topeshop/downloaded_images/5902838460450_2_20_6L_white.jpg HTTP/1.1" 200 129167 "-" "CDON-Image-Robot/1.0.0.0"
40.68.63.167 - - [06/Mar/2025:12:46:58 +0100] "GET /Jurek/topeshop/downloaded_images/5902838460450_W_6_140_close.jpg HTTP/1.1" 200 89073 "-" "CDON-Image-Robot/1.0.0.0"
40.68.63.167 - - [06/Mar/2025:12:46:58 +0100] "GET /Jurek/topeshop/downloaded_images/5902838460412_3.jpg HTTP/1.1" 404 3551 "-" "CDON-Image-Robot/1.0.0.0"
40.68.63.167 - - [06/Mar/2025:12:46:58 +0100] "GET /Jurek/topeshop/downloaded_images/5902838460351_S_M6_120close.jpg HTTP/1.1" 200 134465 "-" "CDON-Image-Robot/1.0.0.0"
40.68.63.167 - - [06/Mar/2025:12:46:58 +0100] "GET /Jurek/topeshop/downloaded_images/5902838460351_9.png HTTP/1.1" 200 524177 "-" "CDON-Image-Robot/1.0.0.0"
40.68.63.167 - - [06/Mar/2025:12:46:58 +0100] "GET /Jurek/topeshop/downloaded_images/5902838460450_1.png HTTP/1.1" 200 109812 "-" "CDON-Image-Robot/1.0.0.0"
40.68.63.167 - - [06/Mar/2025:12:46:58 +0100] "GET /Jurek/topeshop/downloaded_images/5902838460450_W_6_140_close_2.jpg HTTP/1.1" 200 93019 "-" "CDON-Image-Robot/1.0.0.0"
40.68.63.167 - - [06/Mar/2025:12:46:58 +0100] "GET /Jurek/topeshop/downloaded_images/5902838460450_W_M_6_140.jpg HTTP/1.1" 200 126791 "-" "CDON-Image-Robot/1.0.0.0"
40.68.63.167 - - [06/Mar/2025:12:46:58 +0100] "GET /Jurek/topeshop/downloaded_images/5902838460450_W_6_140_open.jpg HTTP/1.1" 200 89636 "-" "CDON-Image-Robot/1.0.0.0"
40.68.63.167 - - [06/Mar/2025:12:46:58 +0100] "GET /Jurek/topeshop/downloaded_images/5902838460450_W_M6_140close.jpg HTTP/1.1" 200 126054 "-" "CDON-Image-Robot/1.0.0.0"
40.68.63.167 - - [06/Mar/2025:12:46:58 +0100] "GET /Jurek/topeshop/downloaded_images/5902838460450_W_M6_140.jpg HTTP/1.1" 200 130870 "-" "CDON-Image-Robot/1.0.0.0"
40.68.63.167 - - [06/Mar/2025:12:46:58 +0100] "GET /Jurek/topeshop/downloaded_images/5902838460511_4.png HTTP/1.1" 404 3551 "-" "CDON-Image-Robot/1.0.0.0"
40.68.63.167 - - [06/Mar/2025:12:46:58 +0100] "GET /Jurek/topeshop/downloaded_images/5902838460177_2_(2).png HTTP/1.1" 200 515600 "-" "CDON-Image-Robot/1.0.0.0"
40.68.63.167 - - [06/Mar/2025:12:46:58 +0100] "GET /Jurek/topeshop/downloaded_images/5902838460511_1.png HTTP/1.1" 404 3551 "-" "CDON-Image-Robot/1.0.0.0"
40.68.63.167 - - [06/Mar/2025:12:46:58 +0100] "GET /Jurek/topeshop/downloaded_images/5902838460511_3.png HTTP/1.1" 404 3551 "-" "CDON-Image-Robot/1.0.0.0"
40.68.63.167 - - [06/Mar/2025:12:46:58 +0100] "GET /Jurek/topeshop/downloaded_images/5902838460511_2.png HTTP/1.1" 404 3551 "-" "CDON-Image-Robot/1.0.0.0"
40.68.63.167 - - [06/Mar/2025:12:46:58 +0100] "GET /Jurek/topeshop/downloaded_images/5902838460511_m8_120_biel_3.jpg HTTP/1.1" 404 3551 "-" "CDON-Image-Robot/1.0.0.0"
40.68.63.167 - - [06/Mar/2025:12:46:58 +0100] "GET /Jurek/topeshop/downloaded_images/5902838460177_9.png HTTP/1.1" 200 489165 "-" "CDON-Image-Robot/1.0.0.0"
40.68.63.167 - - [06/Mar/2025:12:46:58 +0100] "GET /Jurek/topeshop/downloaded_images/5902838460511_m8_120_biel_4.jpg HTTP/1.1" 404 3551 "-" "CDON-Image-Robot/1.0.0.0"
40.68.63.167 - - [06/Mar/2025:12:46:58 +0100] "GET /Jurek/topeshop/downloaded_images/5902838460511_m8_120_biel_1.jpg HTTP/1.1" 404 3551 "-" "CDON-Image-Robot/1.0.0.0"
40.68.63.167 - - [06/Mar/2025:12:46:58 +0100] "GET /Jurek/topeshop/downloaded_images/5902838460511_m8_120_biel_2.jpg HTTP/1.1" 404 3551 "-" "CDON-Image-Robot/1.0.0.0"
40.68.63.167 - - [06/Mar/2025:12:46:58 +0100] "GET /Jurek/topeshop/downloaded_images/5902838460924_bryla0006.jpg HTTP/1.1" 404 3551 "-" "CDON-Image-Robot/1.0.0.0"
40.68.63.167 - - [06/Mar/2025:12:46:58 +0100] "GET /Jurek/topeshop/downloaded_images/5902838460924_bryla0003.jpg HTTP/1.1" 404 3551 "-" "CDON-Image-Robot/1.0.0.0"
40.68.63.167 - - [06/Mar/2025:12:46:58 +0100] "GET /Jurek/topeshop/downloaded_images/5902838460924_bryla0011.jpg HTTP/1.1" 404 3551 "-" "CDON-Image-Robot/1.0.0.0"
40.68.63.167 - - [06/Mar/2025:12:46:58 +0100] "GET /Jurek/topeshop/downloaded_images/5902838461099_8.png HTTP/1.1" 200 57139 "-" "CDON-Image-Robot/1.0.0.0"
40.68.63.167 - - [06/Mar/2025:12:46:58 +0100] "GET /Jurek/topeshop/downloaded_images/5902838461099_1.png HTTP/1.1" 200 53894 "-" "CDON-Image-Robot/1.0.0.0"
40.68.63.167 - - [06/Mar/2025:12:46:58 +0100] "GET /Jurek/topeshop/downloaded_images/5902838461099_Kopia_2_20_3_white.jpg HTTP/1.1" 200 127963 "-" "CDON-Image-Robot/1.0.0.0"
40.68.63.167 - - [06/Mar/2025:12:46:58 +0100] "GET /Jurek/topeshop/downloaded_images/5902838461099_M2_open_W.jpg HTTP/1.1" 200 81379 "-" "CDON-Image-Robot/1.0.0.0"
40.68.63.167 - - [06/Mar/2025:12:46:58 +0100] "GET /Jurek/topeshop/downloaded_images/5902838461099_m2_white.jpg HTTP/1.1" 200 101864 "-" "CDON-Image-Robot/1.0.0.0"
40.68.63.167 - - [06/Mar/2025:12:46:58 +0100] "GET /Jurek/topeshop/downloaded_images/5902838461266_1.png HTTP/1.1" 404 3551 "-" "CDON-Image-Robot/1.0.0.0"
40.68.63.167 - - [06/Mar/2025:12:46:58 +0100] "GET /Jurek/topeshop/downloaded_images/5902838461266_I_RTV-140-MALWA_o_W.jpg HTTP/1.1" 200 133864 "-" "CDON-Image-Robot/1.0.0.0"
40.68.63.167 - - [06/Mar/2025:12:46:58 +0100] "GET /Jurek/topeshop/downloaded_images/5902838461266_WhiteRtv.jpg HTTP/1.1" 404 3551 "-" "CDON-Image-Robot/1.0.0.0"
40.68.63.167 - - [06/Mar/2025:12:46:58 +0100] "GET /Jurek/topeshop/downloaded_images/5902838460924_Paual-10003.png HTTP/1.1" 200 819358 "-" "CDON-Image-Robot/1.0.0.0"
40.68.63.167 - - [06/Mar/2025:12:46:58 +0100] "GET /Jurek/topeshop/downloaded_images/5902838461099_M2_close_W.jpg HTTP/1.1" 200 81011 "-" "CDON-Image-Robot/1.0.0.0"
