85.232.241.194 - - [05/Mar/2025:10:30:24 +0100] "GET /Jurek/najtanszysport/feeds/najtanszysport_cdon_se.xml HTTP/1.1" 200 3985271 "-" "python-requests/2.32.3"
85.232.241.194 - - [05/Mar/2025:10:30:24 +0100] "GET /Jurek/najtanszysport/feeds/najtanszysport_cdon_dk.xml HTTP/1.1" 200 3984988 "-" "python-requests/2.32.3"
85.232.241.194 - - [05/Mar/2025:10:30:24 +0100] "GET /Jurek/najtanszysport/feeds/najtanszysport_cdon_fi.xml HTTP/1.1" 200 3983124 "-" "python-requests/2.32.3"
85.232.241.194 - - [05/Mar/2025:10:30:24 +0100] "GET /Jurek/motofan/feeds/motofan_cdon_se.xml HTTP/1.1" 200 2392465 "-" "python-requests/2.32.3"
85.232.241.194 - - [05/Mar/2025:10:30:24 +0100] "GET /Jurek/motofan/feeds/motofan_cdon_dk.xml HTTP/1.1" 200 2392458 "-" "python-requests/2.32.3"
85.232.241.194 - - [05/Mar/2025:10:30:24 +0100] "GET /Jurek/motofan/feeds/motofan_cdon_fi.xml HTTP/1.1" 200 2392164 "-" "python-requests/2.32.3"
85.232.241.194 - - [05/Mar/2025:10:30:24 +0100] "GET /Jurek/expertauto/feeds/expertauto_cdon_se.xml HTTP/1.1" 200 1159286 "-" "python-requests/2.32.3"
85.232.241.194 - - [05/Mar/2025:10:30:24 +0100] "GET /Jurek/expertauto/feeds/expertauto_cdon_dk.xml HTTP/1.1" 200 1159284 "-" "python-requests/2.32.3"
85.232.241.194 - - [05/Mar/2025:10:30:24 +0100] "GET /Jurek/expertauto/feeds/expertauto_cdon_fi.xml HTTP/1.1" 200 1158920 "-" "python-requests/2.32.3"
85.232.241.194 - - [05/Mar/2025:10:30:24 +0100] "GET /Jurek/eoptimo/feeds/eoptimo_cdon_se.xml HTTP/1.1" 200 1959104 "-" "python-requests/2.32.3"
85.232.241.194 - - [05/Mar/2025:10:30:24 +0100] "GET /Jurek/eoptimo/feeds/eoptimo_cdon_dk.xml HTTP/1.1" 200 1959094 "-" "python-requests/2.32.3"
85.232.241.194 - - [05/Mar/2025:10:30:24 +0100] "GET /Jurek/eoptimo/feeds/eoptimo_cdon_fi.xml HTTP/1.1" 200 1958763 "-" "python-requests/2.32.3"
85.232.241.194 - - [05/Mar/2025:10:30:24 +0100] "GET /Jurek/eurofirany/feeds/eurofirany_cdon_se.xml HTTP/1.1" 200 18907533 "-" "python-requests/2.32.3"
85.232.241.194 - - [05/Mar/2025:10:30:25 +0100] "GET /Jurek/eurofirany/feeds/eurofirany_cdon_dk.xml HTTP/1.1" 200 18907809 "-" "python-requests/2.32.3"
85.232.241.194 - - [05/Mar/2025:10:30:25 +0100] "GET /Jurek/eurofirany/feeds/eurofirany_cdon_fi.xml HTTP/1.1" 200 18890310 "-" "python-requests/2.32.3"
85.232.241.194 - - [05/Mar/2025:10:30:25 +0100] "GET /Jurek/benetech/feeds/benetech_cdon_se.xml HTTP/1.1" 200 4452277 "-" "python-requests/2.32.3"
85.232.241.194 - - [05/Mar/2025:10:30:25 +0100] "GET /Jurek/benetech/feeds/benetech_cdon_dk.xml HTTP/1.1" 200 4452251 "-" "python-requests/2.32.3"
85.232.241.194 - - [05/Mar/2025:10:30:25 +0100] "GET /Jurek/benetech/feeds/benetech_cdon_fi.xml HTTP/1.1" 200 4451876 "-" "python-requests/2.32.3"
85.232.241.194 - - [05/Mar/2025:10:30:25 +0100] "GET /Jurek/topeshop/feeds/topeshop_cdon_se.xml HTTP/1.1" 200 2444987 "-" "python-requests/2.32.3"
85.232.241.194 - - [05/Mar/2025:10:30:25 +0100] "GET /Jurek/topeshop/feeds/topeshop_cdon_dk.xml HTTP/1.1" 200 2444773 "-" "python-requests/2.32.3"
85.232.241.194 - - [05/Mar/2025:10:30:25 +0100] "GET /Jurek/topeshop/feeds/topeshop_cdon_fi.xml HTTP/1.1" 200 2444358 "-" "python-requests/2.32.3"
85.232.241.194 - - [05/Mar/2025:10:30:25 +0100] "GET /Jurek/muminky/feeds/muminky_cdon_se.xml HTTP/1.1" 200 2678369 "-" "python-requests/2.32.3"
85.232.241.194 - - [05/Mar/2025:10:30:25 +0100] "GET /Jurek/muminky/feeds/muminky_cdon_dk.xml HTTP/1.1" 200 2678392 "-" "python-requests/2.32.3"
85.232.241.194 - - [05/Mar/2025:10:30:25 +0100] "GET /Jurek/muminky/feeds/muminky_cdon_fi.xml HTTP/1.1" 200 2677742 "-" "python-requests/2.32.3"
85.232.241.194 - - [05/Mar/2025:10:30:25 +0100] "GET /Jurek/pupus/feeds/pupus_cdon_se.xml HTTP/1.1" 200 6156693 "-" "python-requests/2.32.3"
85.232.241.194 - - [05/Mar/2025:10:30:25 +0100] "GET /Jurek/pupus/feeds/pupus_cdon_dk.xml HTTP/1.1" 200 6156557 "-" "python-requests/2.32.3"
85.232.241.194 - - [05/Mar/2025:10:30:25 +0100] "GET /Jurek/pupus/feeds/pupus_cdon_fi.xml HTTP/1.1" 200 6154594 "-" "python-requests/2.32.3"
85.232.241.194 - - [05/Mar/2025:10:30:26 +0100] "GET /Jurek/cbdgreen/feeds/cbdgreen_cdon_se.xml HTTP/1.1" 200 50240 "-" "python-requests/2.32.3"
85.232.241.194 - - [05/Mar/2025:10:30:26 +0100] "GET /Jurek/cbdgreen/feeds/cbdgreen_cdon_dk.xml HTTP/1.1" 200 50240 "-" "python-requests/2.32.3"
85.232.241.194 - - [05/Mar/2025:10:30:26 +0100] "GET /Jurek/cbdgreen/feeds/cbdgreen_cdon_fi.xml HTTP/1.1" 200 50233 "-" "python-requests/2.32.3"
85.232.241.194 - - [05/Mar/2025:10:30:27 +0100] "GET /Jurek/lendo/feeds/lendo_cdon_se.xml HTTP/1.1" 200 330441 "-" "python-requests/2.32.3"
85.232.241.194 - - [05/Mar/2025:10:30:27 +0100] "GET /Jurek/lendo/feeds/lendo_cdon_dk.xml HTTP/1.1" 200 330442 "-" "python-requests/2.32.3"
85.232.241.194 - - [05/Mar/2025:10:30:27 +0100] "GET /Jurek/lendo/feeds/lendo_cdon_fi.xml HTTP/1.1" 200 330389 "-" "python-requests/2.32.3"
85.232.241.194 - - [05/Mar/2025:10:30:27 +0100] "GET /Jurek/dekornatort/feeds/dekornatort_cdon_se.xml HTTP/1.1" 200 225811 "-" "python-requests/2.32.3"
85.232.241.194 - - [05/Mar/2025:10:30:27 +0100] "GET /Jurek/dekornatort/feeds/dekornatort_cdon_dk.xml HTTP/1.1" 200 225820 "-" "python-requests/2.32.3"
85.232.241.194 - - [05/Mar/2025:10:30:27 +0100] "GET /Jurek/dekornatort/feeds/dekornatort_cdon_fi.xml HTTP/1.1" 200 225753 "-" "python-requests/2.32.3"
85.232.241.194 - - [05/Mar/2025:10:30:27 +0100] "GET /Jurek/alucon/feeds/alucon_cdon_se.xml HTTP/1.1" 200 553666 "-" "python-requests/2.32.3"
85.232.241.194 - - [05/Mar/2025:10:30:27 +0100] "GET /Jurek/alucon/feeds/alucon_cdon_dk.xml HTTP/1.1" 200 553661 "-" "python-requests/2.32.3"
85.232.241.194 - - [05/Mar/2025:10:30:27 +0100] "GET /Jurek/alucon/feeds/alucon_cdon_fi.xml HTTP/1.1" 200 553583 "-" "python-requests/2.32.3"
85.232.241.194 - - [05/Mar/2025:10:30:27 +0100] "GET /Jurek/playcob/feeds/playcob_cdon_se.xml HTTP/1.1" 200 6981315 "-" "python-requests/2.32.3"
85.232.241.194 - - [05/Mar/2025:10:30:27 +0100] "GET /Jurek/playcob/feeds/playcob_cdon_dk.xml HTTP/1.1" 200 6981128 "-" "python-requests/2.32.3"
85.232.241.194 - - [05/Mar/2025:10:30:27 +0100] "GET /Jurek/playcob/feeds/playcob_cdon_fi.xml HTTP/1.1" 200 6980206 "-" "python-requests/2.32.3"
85.232.241.194 - - [05/Mar/2025:10:30:27 +0100] "GET /Jurek/aiofactory/feeds/aiofactory_cdon_se.xml HTTP/1.1" 200 2124218 "-" "python-requests/2.32.3"
85.232.241.194 - - [05/Mar/2025:10:30:27 +0100] "GET /Jurek/aiofactory/feeds/aiofactory_cdon_dk.xml HTTP/1.1" 200 2124191 "-" "python-requests/2.32.3"
85.232.241.194 - - [05/Mar/2025:10:30:27 +0100] "GET /Jurek/aiofactory/feeds/aiofactory_cdon_fi.xml HTTP/1.1" 200 2123774 "-" "python-requests/2.32.3"
85.232.241.194 - - [05/Mar/2025:10:30:27 +0100] "GET /Jurek/hlo/feeds/hlo_cdon_se.xml HTTP/1.1" 200 4839907 "-" "python-requests/2.32.3"
85.232.241.194 - - [05/Mar/2025:10:30:27 +0100] "GET /Jurek/hlo/feeds/hlo_cdon_dk.xml HTTP/1.1" 200 4839953 "-" "python-requests/2.32.3"
85.232.241.194 - - [05/Mar/2025:10:30:27 +0100] "GET /Jurek/hlo/feeds/hlo_cdon_fi.xml HTTP/1.1" 200 4837822 "-" "python-requests/2.32.3"
85.232.241.194 - - [05/Mar/2025:10:30:27 +0100] "GET /Jurek/nexus/feeds/nexus_cdon_se.xml HTTP/1.1" 200 223163 "-" "python-requests/2.32.3"
85.232.241.194 - - [05/Mar/2025:10:30:27 +0100] "GET /Jurek/nexus/feeds/nexus_cdon_dk.xml HTTP/1.1" 200 223166 "-" "python-requests/2.32.3"
85.232.241.194 - - [05/Mar/2025:10:30:27 +0100] "GET /Jurek/nexus/feeds/nexus_cdon_fi.xml HTTP/1.1" 200 223090 "-" "python-requests/2.32.3"
46.101.116.244 - - [05/Mar/2025:10:30:30 +0100] "GET /Jurek/octopia/feeds/octopia_kaufland.xml HTTP/2.0" 200 10621815 "-" "-"
66.211.183.70 - - [05/Mar/2025:10:30:31 +0100] "GET /Jurek/eurofirany/images/390444/0.jpg HTTP/1.1" 200 144267 "-" "scalaj-http/2.4.2"
46.101.116.244 - - [05/Mar/2025:10:30:42 +0100] "GET /Jurek/rovicky/feeds/rovicky_kaufland.xml HTTP/2.0" 200 14183521 "-" "-"
66.211.183.74 - - [05/Mar/2025:10:30:50 +0100] "GET /Jurek/eurofirany/images/392135/0.jpg HTTP/1.1" 200 31921 "-" "scalaj-http/2.4.2"
66.211.183.71 - - [05/Mar/2025:10:30:51 +0100] "GET /Jurek/eurofirany/images/438666/0.jpg HTTP/1.1" 200 62650 "-" "scalaj-http/2.4.2"
46.101.116.244 - - [05/Mar/2025:10:30:53 +0100] "GET /Jurek/stema/feeds/stema_kauflandcz.xml HTTP/2.0" 200 839192 "-" "-"
46.101.116.244 - - [05/Mar/2025:10:31:04 +0100] "GET /Jurek/twm/feeds/twm-kaufland.xml HTTP/2.0" 200 1062851 "-" "-"
193.33.8.61 - - [05/Mar/2025:10:31:09 +0100] "GET /Jurek/pastelnitka/output.txt HTTP/2.0" 200 2725 "https://konsola.dkkapusta1997.usermd.net/" "Mozilla/5.0 (Windows NT 10.0; Win64; x64) AppleWebKit/537.36 (KHTML, like Gecko) Chrome/133.0.0.0 Safari/537.36"
46.101.116.244 - - [05/Mar/2025:10:31:15 +0100] "GET /Jurek/unimet/feeds/unimet_kaufland.xml HTTP/2.0" 200 60269230 "-" "-"
46.101.116.244 - - [05/Mar/2025:10:31:19 +0100] "GET /Jurek/vivaldi/feeds/vivaldi_kaufland.xml HTTP/2.0" 200 344843 "-" "-"
89.161.206.59 - - [05/Mar/2025:10:31:20 +0100] "GET /Jurek/eoptimo/feeds/eoptimo_allegro.xml HTTP/1.0" 200 1959006 "-" "-"
46.101.116.244 - - [05/Mar/2025:10:31:33 +0100] "GET /Jurek/aw/feeds/aw_fnacfr.xml HTTP/1.0" 404 3551 "-" "-"
89.161.206.59 - - [05/Mar/2025:10:31:36 +0100] "GET /Jurek/eroplace/feeds/eroplace_cdsc.xml HTTP/1.0" 200 30849252 "-" "-"
46.101.116.244 - - [05/Mar/2025:10:31:36 +0100] "GET /Jurek/kinghoff/feeds/kinghoff_ceneo.xml HTTP/1.0" 200 15105306 "-" "-"
46.101.116.244 - - [05/Mar/2025:10:31:37 +0100] "GET /Jurek/barbecook/feeds/barbecook_allegro.xml HTTP/1.0" 200 87554 "-" "-"
46.101.116.244 - - [05/Mar/2025:10:31:38 +0100] "GET /Jurek/eurofirany/feeds/eurofirany_velomarket.xml HTTP/1.0" 200 18891568 "-" "-"
46.101.116.244 - - [05/Mar/2025:10:31:38 +0100] "GET /Jurek/vidaCZ/feeds/vida_Kaufland.xml HTTP/2.0" 200 653926804 "-" "-"
46.101.116.244 - - [05/Mar/2025:10:31:50 +0100] "GET /Jurek/eurofirany/feeds/eurofirany_allegro.xml HTTP/1.0" 200 18894423 "-" "-"
193.33.8.61 - - [05/Mar/2025:10:31:58 +0100] "GET /Jurek/pastelnitka/feeds/pastelnitka_zero.xml HTTP/2.0" 200 1827931 "https://konsola.dkkapusta1997.usermd.net/" "Mozilla/5.0 (Windows NT 10.0; Win64; x64) AppleWebKit/537.36 (KHTML, like Gecko) Chrome/133.0.0.0 Safari/537.36"
89.161.206.59 - - [05/Mar/2025:10:32:02 +0100] "GET /Jurek/pupus/feeds/pupus_bol.xml HTTP/1.0" 200 6154711 "-" "-"
46.101.116.244 - - [05/Mar/2025:10:32:04 +0100] "GET /Filip/feeds/xlsx_ceneo.xml HTTP/1.0" 200 6241376 "-" "-"
193.33.8.61 - - [05/Mar/2025:10:32:24 +0100] "GET /Jurek/pastelnitka/output.txt HTTP/2.0" 200 2725 "https://konsola.dkkapusta1997.usermd.net/" "Mozilla/5.0 (Windows NT 10.0; Win64; x64) AppleWebKit/537.36 (KHTML, like Gecko) Chrome/133.0.0.0 Safari/537.36"
193.33.8.61 - - [05/Mar/2025:10:32:26 +0100] "GET /Jurek/lgbtshop/feeds/lgbtshop_mallsi.xml HTTP/2.0" 200 219255 "https://konsola.dkkapusta1997.usermd.net/" "Mozilla/5.0 (Windows NT 10.0; Win64; x64) AppleWebKit/537.36 (KHTML, like Gecko) Chrome/134.0.0.0 Safari/537.36"
193.33.8.61 - - [05/Mar/2025:10:32:41 +0100] "GET /Jurek/lgbtshop/feeds/lgbtshop_mallsiSH.xml HTTP/2.0" 200 219255 "https://konsola.dkkapusta1997.usermd.net/" "Mozilla/5.0 (Windows NT 10.0; Win64; x64) AppleWebKit/537.36 (KHTML, like Gecko) Chrome/134.0.0.0 Safari/537.36"
54.76.121.17 - - [05/Mar/2025:10:32:44 +0100] "GET /Jurek/lgbtshop/feeds/lgbtshop_mallsi.xml HTTP/1.1" 200 147219 "-" "Mozilla/5.0 (Macintosh; Intel Mac OS X 10_13_6) AppleWebKit/537.36 (KHTML, like Gecko) Chrome/73.0.3669.0 Safari/537.36"
46.101.116.244 - - [05/Mar/2025:10:32:51 +0100] "GET /Jurek/action/feeds/action_kauflandsk.xml HTTP/2.0" 200 55162226 "-" "-"
193.33.8.61 - - [05/Mar/2025:10:32:52 +0100] "GET /Jurek/pastelnitka/output.txt HTTP/2.0" 200 2725 "https://konsola.dkkapusta1997.usermd.net/" "Mozilla/5.0 (Windows NT 10.0; Win64; x64) AppleWebKit/537.36 (KHTML, like Gecko) Chrome/133.0.0.0 Safari/537.36"
193.33.8.61 - - [05/Mar/2025:10:32:58 +0100] "GET /Jurek/pastelnitka/feeds/pastelnitka_cdon_se.xml HTTP/2.0" 200 1829067 "https://konsola.dkkapusta1997.usermd.net/" "Mozilla/5.0 (Windows NT 10.0; Win64; x64) AppleWebKit/537.36 (KHTML, like Gecko) Chrome/133.0.0.0 Safari/537.36"
46.101.116.244 - - [05/Mar/2025:10:33:06 +0100] "GET /Jurek/andex/feeds/andex_kauflandsk.xml HTTP/2.0" 200 1953359 "-" "-"
77.79.248.229 - - [05/Mar/2025:10:33:11 +0100] "GET /Jurek/pastelnitka/feeds/pastelnitka_cdon_se.xml HTTP/1.1" 200 1829067 "-" "Python-urllib/3.11"
46.101.116.244 - - [05/Mar/2025:10:33:17 +0100] "GET /Jurek/aw/feeds/awnarzedzia_kauflandsk.xml HTTP/2.0" 200 90364956 "-" "-"
46.101.116.244 - - [05/Mar/2025:10:33:36 +0100] "GET /Jurek/b3/feeds/b3_kauflandsk.xml HTTP/2.0" 200 7325791 "-" "-"
46.101.116.244 - - [05/Mar/2025:10:33:47 +0100] "GET /Jurek/barbecook/feeds/barbecook_kauflandsk.xml HTTP/2.0" 200 87528 "-" "-"
52.17.80.36 - - [05/Mar/2025:10:33:53 +0100] "GET /marketplaces/worten2/results/worten.csv HTTP/1.1" 200 147217 "-" "Mirakl HttpClient"
46.101.116.244 - - [05/Mar/2025:10:33:57 +0100] "GET /Jurek/bass/feeds/bass_kauflandsk.xml HTTP/2.0" 200 3985235 "-" "-"
66.211.183.73 - - [05/Mar/2025:10:34:00 +0100] "GET /Jurek/eurofirany/images/416142/0.jpg HTTP/1.1" 200 112607 "-" "scalaj-http/2.4.2"
46.101.116.244 - - [05/Mar/2025:10:34:08 +0100] "GET /Jurek/beliani/feeds/beliani_sk_kaufland.xml HTTP/2.0" 200 33937398 "-" "-"
46.101.116.244 - - [05/Mar/2025:10:34:21 +0100] "GET /Jurek/benbaby/feeds/benbaby_kauflandsk.xml HTTP/2.0" 200 3763289 "-" "-"
46.101.116.244 - - [05/Mar/2025:10:34:31 +0100] "GET /Jurek/detian/feeds/detian_kauflandsk.xml HTTP/2.0" 404 3551 "-" "-"
35.198.186.92 - - [05/Mar/2025:10:34:34 +0100] "GET /Jurek/topeshop/downloaded_images/5904507201951_3.jpg HTTP/2.0" 404 3551 "-" "Mozilla/5.0 (Macintosh; Intel Mac OS X 10.15; rv:78.0) Gecko/20100101 Firefox/78.0"
46.101.116.244 - - [05/Mar/2025:10:34:41 +0100] "GET /Jurek/emibig/feeds/emibig_kauflandsk.xml HTTP/2.0" 200 2522233 "-" "-"
89.161.206.59 - - [05/Mar/2025:10:34:43 +0100] "GET /Jurek/waks/feeds/waks_allegro.xml HTTP/1.0" 200 6333642 "-" "-"
52.167.144.217 - - [05/Mar/2025:10:34:45 +0100] "GET /Jurek/eurofirany/images/333797/3.jpg HTTP/2.0" 200 209570 "-" "Mozilla/5.0 AppleWebKit/537.36 (KHTML, like Gecko; compatible; bingbot/2.0; +http://www.bing.com/bingbot.htm) Chrome/116.0.1938.76 Safari/537.36"
46.101.116.244 - - [05/Mar/2025:10:34:52 +0100] "GET /Jurek/eurofirany/feeds/eurofirany_kaufland_sk.xml HTTP/2.0" 200 18890202 "-" "-"
193.33.8.61 - - [05/Mar/2025:10:35:01 +0100] "GET /Jurek/szpaklampy/feeds/szpaklampy_manoFR.xml HTTP/2.0" 200 416423 "https://konsola.dkkapusta1997.usermd.net/" "Mozilla/5.0 (Windows NT 10.0; Win64; x64) AppleWebKit/537.36 (KHTML, like Gecko) Chrome/133.0.0.0 Safari/537.36"
193.33.8.61 - - [05/Mar/2025:10:35:02 +0100] "GET /Jurek/szpaklampy/feeds/szpaklampy_manoDE.xml HTTP/2.0" 200 416414 "https://konsola.dkkapusta1997.usermd.net/" "Mozilla/5.0 (Windows NT 10.0; Win64; x64) AppleWebKit/537.36 (KHTML, like Gecko) Chrome/133.0.0.0 Safari/537.36"
193.33.8.61 - - [05/Mar/2025:10:35:03 +0100] "GET /Jurek/szpaklampy/feeds/szpaklampy_manoIT.xml HTTP/2.0" 200 416425 "https://konsola.dkkapusta1997.usermd.net/" "Mozilla/5.0 (Windows NT 10.0; Win64; x64) AppleWebKit/537.36 (KHTML, like Gecko) Chrome/133.0.0.0 Safari/537.36"
66.211.183.70 - - [05/Mar/2025:10:35:04 +0100] "GET /Jurek/eurofirany/images/423214/0.jpg HTTP/1.1" 200 0 "-" "scalaj-http/2.4.2"
46.101.116.244 - - [05/Mar/2025:10:35:04 +0100] "GET /Jurek/fernity/feeds/fernity_kauflandsk.xml HTTP/2.0" 200 5223983 "-" "-"
193.33.8.61 - - [05/Mar/2025:10:35:05 +0100] "GET /Jurek/szpaklampy/feeds/szpaklampy_manoES.xml HTTP/2.0" 200 416405 "https://konsola.dkkapusta1997.usermd.net/" "Mozilla/5.0 (Windows NT 10.0; Win64; x64) AppleWebKit/537.36 (KHTML, like Gecko) Chrome/133.0.0.0 Safari/537.36"
66.211.183.70 - - [05/Mar/2025:10:35:10 +0100] "GET /Jurek/eurofirany/images/389608/0.jpg HTTP/1.1" 200 86705 "-" "scalaj-http/2.4.2"
77.79.248.229 - - [05/Mar/2025:10:35:11 +0100] "GET /Jurek/szpaklampy/feeds/szpaklampy_manoFR.xml HTTP/1.1" 200 416423 "-" "Python-urllib/3.11"
46.101.116.244 - - [05/Mar/2025:10:35:27 +0100] "GET /Jurek/hurtownia_przemyslowa/feeds/hp_kaufsk.xml HTTP/2.0" 200 49552217 "-" "-"
46.101.116.244 - - [05/Mar/2025:10:35:45 +0100] "GET /Jurek/ikonka/feeds/ikonka_kauflandsk.xml HTTP/2.0" 200 21461843 "-" "-"
46.101.116.244 - - [05/Mar/2025:10:35:57 +0100] "GET /Jurek/kinghoff/feeds/kinghoff_kauflandsk.xml HTTP/2.0" 200 15104257 "-" "-"
66.211.183.74 - - [05/Mar/2025:10:36:00 +0100] "GET /Jurek/eurofirany/images/383337/0.jpg HTTP/1.1" 200 76839 "-" "scalaj-http/2.4.2"
46.101.116.244 - - [05/Mar/2025:10:36:11 +0100] "GET /Jurek/kinghome/feeds/kinghome_kauflandsk.xml HTTP/2.0" 200 5771873 "-" "-"
66.211.183.74 - - [05/Mar/2025:10:36:21 +0100] "GET /Jurek/eurofirany/images/390421/0.jpg HTTP/1.1" 200 48192 "-" "scalaj-http/2.4.2"
46.101.116.244 - - [05/Mar/2025:10:36:49 +0100] "GET /Jurek/octopia/feeds/octopia_kauflandsk.xml HTTP/2.0" 200 10607851 "-" "-"
46.101.116.244 - - [05/Mar/2025:10:37:00 +0100] "GET /Jurek/rovicky/feeds/rovicky_kauflandsk.xml HTTP/2.0" 200 14179074 "-" "-"
46.101.116.244 - - [05/Mar/2025:10:37:12 +0100] "GET /Jurek/stema/feeds/stema_kauflandsk.xml HTTP/2.0" 200 838467 "-" "-"
66.211.183.74 - - [05/Mar/2025:10:37:16 +0100] "GET /Jurek/eurofirany/images/402866/0.jpg HTTP/1.1" 200 74920 "-" "scalaj-http/2.4.2"
46.101.116.244 - - [05/Mar/2025:10:37:22 +0100] "GET /Jurek/twm/feeds/twm-kauflandsk.xml HTTP/2.0" 200 1062400 "-" "-"
46.101.116.244 - - [05/Mar/2025:10:37:33 +0100] "GET /Jurek/unimet/feeds/unimet_kauflandsk.xml HTTP/2.0" 200 60209608 "-" "-"
46.101.116.244 - - [05/Mar/2025:10:37:38 +0100] "GET /Jurek/vivaldi/feeds/vivaldi_kauflandsk.xml HTTP/2.0" 200 344662 "-" "-"
207.46.13.87 - - [05/Mar/2025:10:37:40 +0100] "GET /Jurek/eurofirany/images/372438/7.jpg HTTP/2.0" 200 82389 "-" "Mozilla/5.0 AppleWebKit/537.36 (KHTML, like Gecko; compatible; bingbot/2.0; +http://www.bing.com/bingbot.htm) Chrome/116.0.1938.76 Safari/537.36"
46.101.116.244 - - [05/Mar/2025:10:38:05 +0100] "GET /Jurek/vidaSK/feeds/vida_kaufland.xml HTTP/2.0" 200 636863757 "-" "-"
46.101.116.244 - - [05/Mar/2025:10:38:19 +0100] "GET /Jurek/aw/feeds/aw_fnacfr.xml HTTP/1.0" 404 3551 "-" "-"
66.211.183.71 - - [05/Mar/2025:10:38:35 +0100] "GET /Jurek/eurofirany/images/382249/0.jpg HTTP/1.1" 200 133518 "-" "scalaj-http/2.4.2"
46.101.116.244 - - [05/Mar/2025:10:38:38 +0100] "GET /Filip/feeds/xlsx_ceneo.xml HTTP/1.0" 200 6241376 "-" "-"
46.101.116.244 - - [05/Mar/2025:10:39:03 +0100] "GET /Jurek/hurtownia_przemyslowa/feeds/hp_kaufde.xml HTTP/2.0" 200 49551903 "-" "-"
46.101.116.244 - - [05/Mar/2025:10:39:22 +0100] "GET /Jurek/bass/feeds/bass_mallcz.xml HTTP/2.0" 200 3987413 "-" "-"
46.101.116.244 - - [05/Mar/2025:10:39:45 +0100] "GET /Jurek/slayo/feeds/slayo_mallcz.xml HTTP/2.0" 200 195558 "-" "-"
46.101.116.244 - - [05/Mar/2025:10:39:55 +0100] "GET /Jurek/mosti/feeds/mosti_mallcz.xml HTTP/2.0" 200 9251726 "-" "-"
46.101.116.244 - - [05/Mar/2025:10:39:56 +0100] "GET /Jurek/amzteam/feeds/amzteam_mallcz.xml HTTP/2.0" 200 97913 "-" "-"
46.101.116.244 - - [05/Mar/2025:10:39:56 +0100] "GET /Jurek/artdog/feeds/artdog_mallcz.xml HTTP/2.0" 200 15939020 "-" "-"
46.101.116.244 - - [05/Mar/2025:10:39:59 +0100] "GET /Jurek/swiatecznygoliat/feeds/swiatecznygoliat_mallczsh.xml HTTP/2.0" 200 7057188 "-" "-"
66.211.183.70 - - [05/Mar/2025:10:40:09 +0100] "GET /Jurek/eurofirany/images/423951/0.jpg HTTP/1.1" 200 0 "-" "scalaj-http/2.4.2"
46.101.116.244 - - [05/Mar/2025:10:40:11 +0100] "GET /Jurek/swiatecznygoliat/feeds/swiatecznygoliat_mallcz.xml HTTP/2.0" 200 7057205 "-" "-"
66.211.183.72 - - [05/Mar/2025:10:40:16 +0100] "GET /Jurek/eurofirany/images/390001/0.jpg HTTP/1.1" 200 185758 "-" "scalaj-http/2.4.2"
46.101.116.244 - - [05/Mar/2025:10:40:27 +0100] "GET /Jurek/eurofirany/feeds/eurofirany_empik.xml HTTP/1.0" 200 18891710 "-" "-"
66.211.183.73 - - [05/Mar/2025:10:40:50 +0100] "GET /Jurek/topeshop/downloaded_images/5902838468487_1artisan.png HTTP/1.1" 404 3551 "-" "scalaj-http/2.4.2"
46.101.116.244 - - [05/Mar/2025:10:41:00 +0100] "GET /Jurek/topeshop/feeds/topeshop_mallcz.xml HTTP/2.0" 200 2445178 "-" "-"
46.101.116.244 - - [05/Mar/2025:10:41:05 +0100] "GET /Jurek/kokiska/feeds/kokiska_allegro.xml HTTP/1.0" 200 11873445 "-" "-"
46.101.116.244 - - [05/Mar/2025:10:41:11 +0100] "GET /Jurek/vivaldi/feeds/vivaldi_allegro.xml HTTP/1.0" 200 344685 "-" "-"
46.101.116.244 - - [05/Mar/2025:10:41:14 +0100] "GET /Jurek/hurtownia_przemyslowa/feeds/hp_cdiscount.xml HTTP/1.0" 200 49553426 "-" "-"
89.161.206.59 - - [05/Mar/2025:10:41:17 +0100] "GET /Jurek/topeshop/feeds/topeshop_cdsc.xml HTTP/1.0" 200 2458413 "-" "-"
46.101.116.244 - - [05/Mar/2025:10:41:19 +0100] "GET /Jurek/aw/feeds/awnarzedzia_cdiscount.xml HTTP/1.0" 200 90382998 "-" "-"
89.161.206.59 - - [05/Mar/2025:10:41:27 +0100] "GET /Jurek/barbecook/feeds/barbecook_cdis.xml HTTP/1.0" 200 87527 "-" "-"
66.211.183.73 - - [05/Mar/2025:10:41:29 +0100] "GET /Jurek/eurofirany/images/408265/0.jpg HTTP/1.1" 200 75647 "-" "scalaj-http/2.4.2"
46.101.116.244 - - [05/Mar/2025:10:41:30 +0100] "GET /Jurek/action/feeds/action_cdis.xml HTTP/1.0" 200 55164216 "-" "-"
46.101.116.244 - - [05/Mar/2025:10:41:36 +0100] "GET /Jurek/fernity/feeds/fernity_cdiscount.xml HTTP/1.0" 200 5224537 "-" "-"
46.101.116.244 - - [05/Mar/2025:10:41:39 +0100] "GET /Jurek/kinghoff/feeds/kinghoff_cdiscount.xml HTTP/1.0" 200 15104482 "-" "-"
66.249.66.66 - - [05/Mar/2025:10:42:15 +0100] "GET /Jurek/topeshop/downloaded_images/5902838464359_KUBABIURKOBIEL2.png HTTP/1.1" 404 3551 "-" "Googlebot-Image/1.0"
66.211.183.70 - - [05/Mar/2025:10:42:33 +0100] "GET /Jurek/eurofirany/images/389938/0.jpg HTTP/1.1" 200 228488 "-" "scalaj-http/2.4.2"
66.249.66.66 - - [05/Mar/2025:10:43:10 +0100] "GET /Jurek/topeshop/downloaded_images/5902838464359_KUBABIURKOBRY%C5%81KABIELBOKZM.jpg HTTP/1.1" 404 3551 "-" "Googlebot-Image/1.0"
89.161.206.59 - - [05/Mar/2025:10:43:33 +0100] "GET /Jurek/kambukka/feeds/kambukka_emagro.xml HTTP/1.0" 200 1046983 "-" "-"
89.161.206.59 - - [05/Mar/2025:10:43:33 +0100] "GET /Jurek/amzteam/feeds/amzteam_emagro.xml HTTP/1.0" 200 97903 "-" "-"
89.161.206.59 - - [05/Mar/2025:10:43:33 +0100] "GET /Jurek/benetech/feeds/benetech_emagro.xml HTTP/1.0" 200 4452164 "-" "-"
46.101.116.244 - - [05/Mar/2025:10:43:34 +0100] "GET /Jurek/aw/feeds/aw_fnacfr.xml HTTP/1.0" 404 3551 "-" "-"
89.161.206.59 - - [05/Mar/2025:10:43:42 +0100] "GET /Jurek/waks/feeds/waks_emagro.xml HTTP/1.0" 200 6333701 "-" "-"
89.161.206.59 - - [05/Mar/2025:10:43:43 +0100] "GET /Jurek/sempler/feeds/sempler_emagro.xml HTTP/1.0" 200 6553679 "-" "-"
89.161.206.59 - - [05/Mar/2025:10:43:44 +0100] "GET /Jurek/eroplace/feeds/eroplace_emagro.xml HTTP/1.0" 200 30857204 "-" "-"
46.101.116.244 - - [05/Mar/2025:10:43:53 +0100] "GET /Filip/feeds/xlsx_ceneo.xml HTTP/1.0" 200 6241376 "-" "-"
46.101.116.244 - - [05/Mar/2025:10:44:17 +0100] "GET /Jurek/activeshop/feeds/activeshop_mallcz.xml HTTP/2.0" 200 10443480 "-" "-"
66.211.183.71 - - [05/Mar/2025:10:44:23 +0100] "GET /Jurek/topeshop/downloaded_images/5902838467459_1.jpg HTTP/1.1" 404 3551 "-" "scalaj-http/2.4.2"
193.33.8.61 - - [05/Mar/2025:10:45:19 +0100] "GET /?token=7R9BPb8nHMQHknbJkQojBVhpDghp9VMEcnGrWfd6stdcePmY69G7uqVx6CnD HTTP/1.1" 200 1559 "-" "Mozilla/5.0 (Windows NT 10.0; Win64; x64) AppleWebKit/537.36 (KHTML, like Gecko) Chrome/133.0.0.0 Safari/537.36"
193.33.8.61 - - [05/Mar/2025:10:45:19 +0100] "GET /favicon.ico HTTP/1.1" 404 3551 "http://jurek.dkkapusta1997.usermd.net/?token=7R9BPb8nHMQHknbJkQojBVhpDghp9VMEcnGrWfd6stdcePmY69G7uqVx6CnD" "Mozilla/5.0 (Windows NT 10.0; Win64; x64) AppleWebKit/537.36 (KHTML, like Gecko) Chrome/133.0.0.0 Safari/537.36"
193.33.8.61 - - [05/Mar/2025:10:45:26 +0100] "GET /Jurek/pastelnitka/download/products.csv HTTP/2.0" 200 1494038 "https://konsola.dkkapusta1997.usermd.net/" "Mozilla/5.0 (Windows NT 10.0; Win64; x64) AppleWebKit/537.36 (KHTML, like Gecko) Chrome/133.0.0.0 Safari/537.36"
66.211.183.72 - - [05/Mar/2025:10:45:50 +0100] "GET /Jurek/topeshop/downloaded_images/5904507207458_20st_mijas_lewy_zielonykopia.png HTTP/1.1" 200 259990 "-" "scalaj-http/2.4.2"
46.101.116.244 - - [05/Mar/2025:10:46:17 +0100] "GET /Jurek/aw/feeds/aw_fnacfr.xml HTTP/1.0" 404 3551 "-" "-"
66.211.183.71 - - [05/Mar/2025:10:46:26 +0100] "GET /Jurek/eurofirany/images/423209/0.jpg HTTP/1.1" 200 0 "-" "scalaj-http/2.4.2"
89.161.206.59 - - [05/Mar/2025:10:46:31 +0100] "GET /Jurek/benetech/feeds/benetech_amazonbe.xml HTTP/1.0" 200 4451880 "-" "-"
46.101.116.244 - - [05/Mar/2025:10:46:37 +0100] "GET /Filip/feeds/xlsx_ceneo.xml HTTP/1.0" 200 6241376 "-" "-"
66.211.183.72 - - [05/Mar/2025:10:46:39 +0100] "GET /Jurek/eurofirany/images/391111/0.jpg HTTP/1.1" 200 98566 "-" "scalaj-http/2.4.2"
46.101.116.244 - - [05/Mar/2025:10:48:15 +0100] "GET /Jurek/action/feeds/action_mallczgs.xml HTTP/2.0" 200 55203318 "-" "-"
46.101.116.244 - - [05/Mar/2025:10:48:44 +0100] "GET /Jurek/b3/feeds/b3_mallczgs.xml HTTP/2.0" 200 7330150 "-" "-"
46.101.116.244 - - [05/Mar/2025:10:48:58 +0100] "GET /Jurek/benbaby/feeds/benbaby_mallczgs.xml HTTP/2.0" 200 3766289 "-" "-"
46.101.116.244 - - [05/Mar/2025:10:49:10 +0100] "GET /Jurek/emibig/feeds/emibig_mallczgs.xml HTTP/2.0" 200 2489855 "-" "-"
66.249.66.66 - - [05/Mar/2025:10:49:19 +0100] "GET /Jurek/topeshop/downloaded_images/5904507201876_KUBABIURKOBRY%C5%81KAANTRACYTFRONTZM.jpg HTTP/1.1" 404 3551 "-" "Googlebot-Image/1.0"
66.249.66.66 - - [05/Mar/2025:10:49:19 +0100] "GET /Jurek/topeshop/downloaded_images/5904507201876_KUBABIURKOBRY%C5%81KAANTRACYTBOKZM.jpg HTTP/1.1" 404 3551 "-" "Googlebot-Image/1.0"
46.101.116.244 - - [05/Mar/2025:10:49:21 +0100] "GET /Jurek/hurtownia_przemyslowa/feeds/hp_mallczgs.xml HTTP/2.0" 200 49572527 "-" "-"
66.211.183.70 - - [05/Mar/2025:10:49:28 +0100] "GET /Jurek/eurofirany/images/423346/0.jpg HTTP/1.1" 200 105015 "-" "scalaj-http/2.4.2"
66.211.183.71 - - [05/Mar/2025:10:49:30 +0100] "GET /Jurek/eurofirany/images/388841/0.jpg HTTP/1.1" 200 30363 "-" "scalaj-http/2.4.2"
46.175.227.131 - - [05/Mar/2025:10:50:37 +0100] "GET /Jurek/hurtmeblowy/output.txt HTTP/2.0" 200 7345 "https://konsola.dkkapusta1997.usermd.net/" "Mozilla/5.0 (Windows NT 10.0; Win64; x64) AppleWebKit/537.36 (KHTML, like Gecko) Chrome/133.0.0.0 Safari/537.36"
66.211.183.73 - - [05/Mar/2025:10:50:42 +0100] "GET /Jurek/eurofirany/images/372633/0.jpg HTTP/1.1" 200 60417 "-" "scalaj-http/2.4.2"
46.175.227.131 - - [05/Mar/2025:10:50:51 +0100] "GET /Jurek/hurtmeblowy/feeds/hurtmeblowy_xxlutz.xml HTTP/2.0" 200 8023177 "https://konsola.dkkapusta1997.usermd.net/" "Mozilla/5.0 (Windows NT 10.0; Win64; x64) AppleWebKit/537.36 (KHTML, like Gecko) Chrome/133.0.0.0 Safari/537.36"
46.101.116.244 - - [05/Mar/2025:10:51:37 +0100] "GET /Jurek/aw/feeds/aw_fnacfr.xml HTTP/1.0" 404 3551 "-" "-"
66.211.183.71 - - [05/Mar/2025:10:51:42 +0100] "GET /Jurek/eurofirany/images/409412/0.jpg HTTP/1.1" 200 29127 "-" "scalaj-http/2.4.2"
46.101.116.244 - - [05/Mar/2025:10:51:51 +0100] "GET /Filip/feeds/xlsx_ceneo.xml HTTP/1.0" 200 6241376 "-" "-"
46.101.116.244 - - [05/Mar/2025:10:52:04 +0100] "GET /Jurek/vidaCZ/feeds/vidaGS1gr_cz_Mall.xml HTTP/2.0" 200 653918513 "-" "-"
66.211.183.71 - - [05/Mar/2025:10:52:27 +0100] "GET /Jurek/eurofirany/images/383177/0.jpg HTTP/1.1" 200 75101 "-" "scalaj-http/2.4.2"
66.211.183.73 - - [05/Mar/2025:10:52:40 +0100] "GET /Jurek/eurofirany/images/389994/0.jpg HTTP/1.1" 200 140158 "-" "scalaj-http/2.4.2"
46.101.116.244 - - [05/Mar/2025:10:52:55 +0100] "GET /Jurek/teamson/feeds/teamson_mallcz.xml HTTP/2.0" 200 1095182 "-" "-"
89.161.206.59 - - [05/Mar/2025:10:53:06 +0100] "GET /Jurek/hurtmeblowy/feeds/hurtmeblowy_xxlutz.xml HTTP/1.0" 200 8023177 "-" "-"
46.101.116.244 - - [05/Mar/2025:10:53:07 +0100] "GET /Jurek/ml_meble/feeds/ml_meble_mallcz.xml HTTP/2.0" 404 3551 "-" "-"
46.101.116.244 - - [05/Mar/2025:10:53:18 +0100] "GET /Jurek/unimet/feeds/unimet_mallcz.xml HTTP/2.0" 200 60269871 "-" "-"
46.175.227.131 - - [05/Mar/2025:10:53:35 +0100] "GET /Jurek/hurtmeblowy/feeds/hurtmeblowy_xxlutz.xml HTTP/2.0" 304 0 "https://konsola.dkkapusta1997.usermd.net/" "Mozilla/5.0 (Windows NT 10.0; Win64; x64) AppleWebKit/537.36 (KHTML, like Gecko) Chrome/133.0.0.0 Safari/537.36"
46.101.116.244 - - [05/Mar/2025:10:53:39 +0100] "GET /Jurek/beliani/feeds/beliani_cz_mallcz.xml HTTP/2.0" 200 33787685 "-" "-"
66.211.183.73 - - [05/Mar/2025:10:53:41 +0100] "GET /Jurek/eurofirany/images/383556/0.jpg HTTP/1.1" 200 75275 "-" "scalaj-http/2.4.2"
66.211.183.71 - - [05/Mar/2025:10:53:54 +0100] "GET /Jurek/eurofirany/images/390041/0.jpg HTTP/1.1" 200 184060 "-" "scalaj-http/2.4.2"
66.211.183.71 - - [05/Mar/2025:10:54:11 +0100] "GET /Jurek/eurofirany/images/392144/0.jpg HTTP/1.1" 200 16503 "-" "scalaj-http/2.4.2"
46.101.116.244 - - [05/Mar/2025:10:54:15 +0100] "GET /Jurek/rovicky/feeds/rovicky_mallcz.xml HTTP/2.0" 200 14184385 "-" "-"
46.101.116.244 - - [05/Mar/2025:10:54:26 +0100] "GET /Jurek/detian/feeds/detian_mallcz.xml HTTP/2.0" 404 3551 "-" "-"
66.211.183.71 - - [05/Mar/2025:10:54:28 +0100] "GET /Jurek/eurofirany/images/428672/0.jpg HTTP/1.1" 200 87776 "-" "scalaj-http/2.4.2"
66.211.183.73 - - [05/Mar/2025:10:54:32 +0100] "GET /Jurek/eurofirany/images/403505/0.jpg HTTP/1.1" 200 32279 "-" "scalaj-http/2.4.2"
66.211.183.73 - - [05/Mar/2025:10:54:36 +0100] "GET /Jurek/eurofirany/images/390413/0.jpg HTTP/1.1" 200 97224 "-" "scalaj-http/2.4.2"
46.101.116.244 - - [05/Mar/2025:10:54:37 +0100] "GET /Jurek/ikonka/feeds/ikonka_mallcz.xml HTTP/2.0" 200 21452343 "-" "-"
77.79.248.229 - - [05/Mar/2025:10:54:43 +0100] "GET /Jurek/hurtmeblowy/feeds/hurtmeblowy_xxlutz.xml HTTP/1.1" 200 8023177 "-" "Python-urllib/3.11"
66.211.183.71 - - [05/Mar/2025:10:54:49 +0100] "GET /Jurek/eurofirany/images/390054/0.jpg HTTP/1.1" 200 104130 "-" "scalaj-http/2.4.2"
66.211.183.71 - - [05/Mar/2025:10:54:50 +0100] "GET /Jurek/eurofirany/images/397052/0.jpg HTTP/1.1" 200 23712 "-" "scalaj-http/2.4.2"
46.101.116.244 - - [05/Mar/2025:10:54:53 +0100] "GET /Jurek/candellux/feeds/candellux_mallcz.xml HTTP/2.0" 200 466282 "-" "-"
46.101.116.244 - - [05/Mar/2025:10:55:04 +0100] "GET /Jurek/andex/feeds/andex_mallcz.xml HTTP/2.0" 200 1954522 "-" "-"
46.101.116.244 - - [05/Mar/2025:10:55:15 +0100] "GET /Jurek/barbecook/feeds/barbecook_mallcz.xml HTTP/2.0" 200 87616 "-" "-"
46.101.116.244 - - [05/Mar/2025:10:55:25 +0100] "GET /Jurek/duka/feeds/duka_mallcz.xml HTTP/2.0" 200 57 "-" "-"
46.101.116.244 - - [05/Mar/2025:10:55:36 +0100] "GET /Jurek/miloohome/feeds/miloohome_mallcz.xml HTTP/2.0" 200 1421848 "-" "-"
46.101.116.244 - - [05/Mar/2025:10:55:47 +0100] "GET /Jurek/stema/feeds/stema_mallcz.xml HTTP/2.0" 200 839166 "-" "-"
46.101.116.244 - - [05/Mar/2025:10:56:00 +0100] "GET /Jurek/aw/feeds/awnarzedzia_mallcz.xml HTTP/2.0" 200 90487029 "-" "-"
46.101.116.244 - - [05/Mar/2025:10:56:10 +0100] "GET /Jurek/aw/feeds/aw_fnacfr.xml HTTP/1.0" 404 3551 "-" "-"
46.101.116.244 - - [05/Mar/2025:10:56:27 +0100] "GET /Filip/feeds/xlsx_ceneo.xml HTTP/1.0" 200 6241376 "-" "-"
66.211.183.72 - - [05/Mar/2025:10:56:36 +0100] "GET /Jurek/eurofirany/images/409411/0.jpg HTTP/1.1" 200 18565 "-" "scalaj-http/2.4.2"
77.79.248.229 - - [05/Mar/2025:10:58:02 +0100] "GET /Jurek/eurofirany/feeds/eurofirany_manomanode.xml HTTP/1.1" 200 18890673 "-" "Python-urllib/3.11"
77.79.248.229 - - [05/Mar/2025:10:58:03 +0100] "GET /Jurek/hurtownia_przemyslowa/feeds/hp_manomanode.xml HTTP/1.1" 200 49552569 "-" "Python-urllib/3.11"
77.79.248.229 - - [05/Mar/2025:10:58:03 +0100] "GET /Jurek/topeshop/feeds/topeshop_manoDE.xml HTTP/1.1" 200 2444237 "-" "Python-urllib/3.11"
77.79.248.229 - - [05/Mar/2025:10:58:04 +0100] "GET /Jurek/aw/feeds/awnarzedzia_manomanoDE.xml HTTP/1.1" 200 90376833 "-" "Python-urllib/3.11"
77.79.248.229 - - [05/Mar/2025:10:58:05 +0100] "GET /Jurek/action/feeds/action_manomano_DE.xml HTTP/1.1" 200 55163670 "-" "Python-urllib/3.11"
77.79.248.229 - - [05/Mar/2025:10:58:05 +0100] "GET /Jurek/drewdon/feeds/drewdon_manomanoDE.xml HTTP/1.1" 200 504449 "-" "Python-urllib/3.11"
77.79.248.229 - - [05/Mar/2025:10:58:05 +0100] "GET /Jurek/kobi/feeds/kobi_manomanoDE.xml HTTP/1.1" 200 1993227 "-" "Python-urllib/3.11"
77.79.248.229 - - [05/Mar/2025:10:58:05 +0100] "GET /Jurek/pupus/feeds/pupus_manomanoDE.xml HTTP/1.1" 200 6154624 "-" "Python-urllib/3.11"
77.79.248.229 - - [05/Mar/2025:10:58:05 +0100] "GET /Jurek/reman/feeds/reman_manoamnoDE.xml HTTP/1.1" 200 1394827 "-" "Python-urllib/3.11"
77.79.248.229 - - [05/Mar/2025:10:58:06 +0100] "GET /Jurek/artdog/feeds/artdog_manomanoDE.xml HTTP/1.1" 200 15929428 "-" "Python-urllib/3.11"
77.79.248.229 - - [05/Mar/2025:10:58:06 +0100] "GET /Jurek/sartrix/feeds/sartrix_manomanoDE.xml HTTP/1.1" 200 649172 "-" "Python-urllib/3.11"
77.79.248.229 - - [05/Mar/2025:10:58:06 +0100] "GET /Jurek/hlo/feeds/hlo_manomanoDE.xml HTTP/1.1" 200 4838799 "-" "Python-urllib/3.11"
77.79.248.229 - - [05/Mar/2025:10:58:06 +0100] "GET /Jurek/fernity/feeds/fernity_manomano.xml HTTP/1.1" 200 5224229 "-" "Python-urllib/3.11"
77.79.248.229 - - [05/Mar/2025:10:58:07 +0100] "GET /Jurek/eurofirany/feeds/eurofirany_manomanofr.xml HTTP/1.1" 200 18890683 "-" "Python-urllib/3.11"
66.211.183.70 - - [05/Mar/2025:10:58:07 +0100] "GET /Jurek/eurofirany/images/423205/0.jpg HTTP/1.1" 200 0 "-" "scalaj-http/2.4.2"
77.79.248.229 - - [05/Mar/2025:10:58:07 +0100] "GET /Jurek/hurtownia_przemyslowa/feeds/hp_manomanofr.xml HTTP/1.1" 200 49553739 "-" "Python-urllib/3.11"
77.79.248.229 - - [05/Mar/2025:10:58:08 +0100] "GET /Jurek/kinghome/feeds/kinghome_manomanofr.xml HTTP/1.1" 200 5772629 "-" "Python-urllib/3.11"
77.79.248.229 - - [05/Mar/2025:10:58:09 +0100] "GET /Jurek/topeshop/feeds/topeshop_manoFR.xml HTTP/1.1" 200 2444383 "-" "Python-urllib/3.11"
77.79.248.229 - - [05/Mar/2025:10:58:09 +0100] "GET /Jurek/activeshop/feeds/activeshop_manomanofr.xml HTTP/1.1" 200 10444001 "-" "Python-urllib/3.11"
77.79.248.229 - - [05/Mar/2025:10:58:10 +0100] "GET /Jurek/aw/feeds/awnarzedzia_manomanofr.xml HTTP/1.1" 200 90378318 "-" "Python-urllib/3.11"
77.79.248.229 - - [05/Mar/2025:10:58:11 +0100] "GET /Jurek/bass_new/feeds/bass_manofr.xml HTTP/1.1" 200 7041035 "-" "Python-urllib/3.11"
77.79.248.229 - - [05/Mar/2025:10:58:12 +0100] "GET /Jurek/stema/feeds/stema_manofr.xml HTTP/1.1" 200 838566 "-" "Python-urllib/3.11"
77.79.248.229 - - [05/Mar/2025:10:58:13 +0100] "GET /Jurek/hurtownia_przemyslowa/feeds/hp_manomanoit.xml HTTP/1.1" 200 49554012 "-" "Python-urllib/3.11"
77.79.248.229 - - [05/Mar/2025:10:58:13 +0100] "GET /Jurek/eurofirany/feeds/eurofirany_manomanoit.xml HTTP/1.1" 200 18890578 "-" "Python-urllib/3.11"
77.79.248.229 - - [05/Mar/2025:10:58:14 +0100] "GET /Jurek/fernity/feeds/fernity_manoIT.xml HTTP/1.1" 200 5224876 "-" "Python-urllib/3.11"
77.79.248.229 - - [05/Mar/2025:10:58:14 +0100] "GET /Jurek/topeshop/feeds/topeshop_manoIT.xml HTTP/1.1" 200 2444343 "-" "Python-urllib/3.11"
77.79.248.229 - - [05/Mar/2025:10:58:15 +0100] "GET /Jurek/action/feeds/action_manomano_IT.xml HTTP/1.1" 200 55164997 "-" "Python-urllib/3.11"
77.79.248.229 - - [05/Mar/2025:10:58:15 +0100] "GET /Jurek/activeshop/feeds/activeshop_manomanoit.xml HTTP/1.1" 200 10444098 "-" "Python-urllib/3.11"
77.79.248.229 - - [05/Mar/2025:10:58:17 +0100] "GET /Jurek/aw/feeds/awnarzedzia_manomanoIT.xml HTTP/1.1" 200 90380100 "-" "Python-urllib/3.11"
77.79.248.229 - - [05/Mar/2025:10:58:17 +0100] "GET /Jurek/barbecook/feeds/barbecook_manoit.xml HTTP/1.1" 200 87531 "-" "Python-urllib/3.11"
77.79.248.229 - - [05/Mar/2025:10:58:17 +0100] "GET /Jurek/drewdon/feeds/drewdon_manomanoIT.xml HTTP/1.1" 200 504457 "-" "Python-urllib/3.11"
77.79.248.229 - - [05/Mar/2025:10:58:17 +0100] "GET /Jurek/kobi/feeds/kobi_manomanoIT.xml HTTP/1.1" 200 1993312 "-" "Python-urllib/3.11"
77.79.248.229 - - [05/Mar/2025:10:58:17 +0100] "GET /Jurek/pupus/feeds/pupus_manomanoIT.xml HTTP/1.1" 200 6154672 "-" "Python-urllib/3.11"
77.79.248.229 - - [05/Mar/2025:10:58:17 +0100] "GET /Jurek/reman/feeds/reman_manoamnoIT.xml HTTP/1.1" 200 1394831 "-" "Python-urllib/3.11"
77.79.248.229 - - [05/Mar/2025:10:58:18 +0100] "GET /Jurek/artdog/feeds/artdog_manomanoIT.xml HTTP/1.1" 200 15929294 "-" "Python-urllib/3.11"
77.79.248.229 - - [05/Mar/2025:10:58:18 +0100] "GET /Jurek/sartrix/feeds/sartrix_manomanoIT.xml HTTP/1.1" 200 649154 "-" "Python-urllib/3.11"
77.79.248.229 - - [05/Mar/2025:10:58:18 +0100] "GET /Jurek/hlo/feeds/hlo_manomanoIT.xml HTTP/1.1" 200 4838837 "-" "Python-urllib/3.11"
77.79.248.229 - - [05/Mar/2025:10:58:18 +0100] "GET /Jurek/drewdon/feeds/drewdon_manomanoES.xml HTTP/1.1" 200 504452 "-" "Python-urllib/3.11"
77.79.248.229 - - [05/Mar/2025:10:58:19 +0100] "GET /Jurek/hurtownia_przemyslowa/feeds/hp_manomanoES.xml HTTP/1.1" 200 49554228 "-" "Python-urllib/3.11"
77.79.248.229 - - [05/Mar/2025:10:58:19 +0100] "GET /Jurek/kobi/feeds/kobi_manomanoES.xml HTTP/1.1" 200 1993279 "-" "Python-urllib/3.11"
77.79.248.229 - - [05/Mar/2025:10:58:19 +0100] "GET /Jurek/pupus/feeds/pupus_manomanoES.xml HTTP/1.1" 200 6154418 "-" "Python-urllib/3.11"
77.79.248.229 - - [05/Mar/2025:10:58:19 +0100] "GET /Jurek/reman/feeds/reman_manoamnoES.xml HTTP/1.1" 200 1394828 "-" "Python-urllib/3.11"
77.79.248.229 - - [05/Mar/2025:10:58:19 +0100] "GET /Jurek/artdog/feeds/artdog_manomanoES.xml HTTP/1.1" 200 15929697 "-" "Python-urllib/3.11"
77.79.248.229 - - [05/Mar/2025:10:58:19 +0100] "GET /Jurek/sartrix/feeds/sartrix_manomanoES.xml HTTP/1.1" 200 649153 "-" "Python-urllib/3.11"
77.79.248.229 - - [05/Mar/2025:10:58:20 +0100] "GET /Jurek/hlo/feeds/hlo_manomanoES.xml HTTP/1.1" 200 4838838 "-" "Python-urllib/3.11"
89.161.206.59 - - [05/Mar/2025:10:58:32 +0100] "GET /Jurek/eurofirany/feeds/eurofirany_amazonIT.xml HTTP/1.0" 200 18890124 "-" "-"
89.161.206.59 - - [05/Mar/2025:10:58:34 +0100] "GET /Jurek/eurofirany/feeds/eurofirany_amazaon_de.xml HTTP/1.0" 200 18890534 "-" "-"
89.161.206.59 - - [05/Mar/2025:10:58:36 +0100] "GET /Jurek/eurofirany/feeds/eurofirany_amazonNL.xml HTTP/1.0" 200 18890384 "-" "-"
89.161.206.59 - - [05/Mar/2025:10:58:39 +0100] "GET /Jurek/eurofirany/feeds/eurofirany_amazonBE.xml HTTP/1.0" 200 18890256 "-" "-"
89.161.206.59 - - [05/Mar/2025:10:58:41 +0100] "GET /Jurek/eurofirany/feeds/eurofirany_amazonFR.xml HTTP/1.0" 200 18890413 "-" "-"
46.101.116.244 - - [05/Mar/2025:10:58:41 +0100] "GET /Jurek/update_twm_on_mall/feeds/twm_all_cats.xml HTTP/1.1" 200 102157 "-" "-"
89.161.206.59 - - [05/Mar/2025:10:58:44 +0100] "GET /Jurek/eurofirany/feeds/eurofirany_amazonES.xml HTTP/1.0" 200 18890242 "-" "-"
66.211.183.74 - - [05/Mar/2025:10:58:46 +0100] "GET /Jurek/eurofirany/images/391118/0.jpg HTTP/1.1" 200 101651 "-" "scalaj-http/2.4.2"
89.161.206.59 - - [05/Mar/2025:10:58:46 +0100] "GET /Jurek/eurofirany/feeds/eurofirany_amazonSE.xml HTTP/1.0" 200 18907979 "-" "-"
66.211.183.72 - - [05/Mar/2025:10:59:00 +0100] "GET /Jurek/eurofirany/images/404580/0.jpg HTTP/1.1" 200 78626 "-" "scalaj-http/2.4.2"
89.161.206.59 - - [05/Mar/2025:10:59:07 +0100] "GET /Jurek/benetech/feeds/benetech_amazonnl.xml HTTP/1.0" 200 4451868 "-" "-"
89.161.206.59 - - [05/Mar/2025:10:59:07 +0100] "GET /Jurek/benetech/feeds/benetech_amazones.xml HTTP/1.0" 200 4451889 "-" "-"
89.161.206.59 - - [05/Mar/2025:10:59:07 +0100] "GET /Jurek/benetech/feeds/benetech_amazonit.xml HTTP/1.0" 200 4451898 "-" "-"
89.161.206.59 - - [05/Mar/2025:10:59:10 +0100] "GET /Jurek/kobi/feeds/kobi_amazones.xml HTTP/1.0" 200 677243 "-" "-"
89.161.206.59 - - [05/Mar/2025:10:59:10 +0100] "GET /Jurek/kobi/feeds/kobi_amazonfr.xml HTTP/1.0" 200 677233 "-" "-"
46.101.116.244 - - [05/Mar/2025:10:59:24 +0100] "GET /Jurek/kokiskaCZ/feeds/kokiska_mallcz.xml HTTP/2.0" 200 1453641 "-" "-"
46.101.116.244 - - [05/Mar/2025:10:59:39 +0100] "GET /Jurek/fernity/feeds/fernity_mallcz.xml HTTP/2.0" 200 5228525 "-" "-"
89.161.206.59 - - [05/Mar/2025:10:59:51 +0100] "GET /Jurek/eurofirany/feeds/eurofirany_ebay.xml HTTP/1.0" 200 18780615 "-" "-"
51.77.52.107 - - [05/Mar/2025:10:59:54 +0100] "GET /Jurek/eurofirany/images/407610/0.jpg HTTP/2.0" 200 84241 "-" "-"
51.77.52.107 - - [05/Mar/2025:10:59:59 +0100] "GET /Jurek/eurofirany/images/420653/0.jpg HTTP/2.0" 200 198449 "-" "-"
46.101.116.244 - - [05/Mar/2025:11:00:03 +0100] "GET /Jurek/kinghoff/feeds/kinghoff_mallcz.xml HTTP/2.0" 200 15107740 "-" "-"
46.101.116.244 - - [05/Mar/2025:11:00:07 +0100] "GET /Jurek/kinghoff/feeds/kinghoff_allegro.xml HTTP/1.0" 200 15106050 "-" "-"
51.77.52.107 - - [05/Mar/2025:11:00:09 +0100] "GET /Jurek/eurofirany/images/432090/0.jpg HTTP/2.0" 200 55488 "-" "-"
89.161.206.59 - - [05/Mar/2025:11:00:12 +0100] "GET /Jurek/artdog/feeds/artdog_allegro.xml HTTP/1.0" 200 15933135 "-" "-"
51.77.52.107 - - [05/Mar/2025:11:00:18 +0100] "GET /Jurek/eurofirany/images/432091/0.jpg HTTP/2.0" 200 61785 "-" "-"
51.77.52.107 - - [05/Mar/2025:11:00:28 +0100] "GET /Jurek/eurofirany/images/349461/0.jpg HTTP/2.0" 200 82606 "-" "-"
46.101.116.244 - - [05/Mar/2025:11:00:29 +0100] "GET /Jurek/kinghome/feeds/kinghome_mallcz.xml HTTP/2.0" 200 5757714 "-" "-"
51.77.52.107 - - [05/Mar/2025:11:00:35 +0100] "GET /Jurek/eurofirany/images/349472/0.jpg HTTP/2.0" 200 153048 "-" "-"
51.77.52.107 - - [05/Mar/2025:11:00:40 +0100] "GET /Jurek/eurofirany/images/423902/0.jpg HTTP/2.0" 200 137680 "-" "-"
46.101.116.244 - - [05/Mar/2025:11:00:40 +0100] "GET /Jurek/vivaldi/feeds/vivaldi_Mall-cz.xml HTTP/2.0" 200 344825 "-" "-"
52.17.80.36 - - [05/Mar/2025:11:00:41 +0100] "GET /marketplaces/ubaldi/results/ubaldi.csv HTTP/1.1" 200 147219 "-" "Mirakl HttpClient"
66.211.183.70 - - [05/Mar/2025:11:00:47 +0100] "GET /Jurek/eurofirany/images/409907/0.jpg HTTP/1.1" 200 78745 "-" "scalaj-http/2.4.2"
85.14.86.141 - - [05/Mar/2025:11:00:48 +0100] "GET /Jurek/vida_morele/feeds/VidaPL_all.xml HTTP/2.0" 200 690105366 "-" "MarketplaceAPI curl/7.64.0 PHP/8"
51.77.52.107 - - [05/Mar/2025:11:00:51 +0100] "GET /Jurek/eurofirany/images/464080/0.jpg HTTP/2.0" 200 148944 "-" "-"
46.101.116.244 - - [05/Mar/2025:11:00:52 +0100] "GET /Jurek/eurofirany/feeds/eurofirany_mall_cz_greatstore.xml HTTP/2.0" 200 18910441 "-" "-"
51.77.52.107 - - [05/Mar/2025:11:00:56 +0100] "GET /Jurek/eurofirany/images/464086/0.jpg HTTP/2.0" 200 169982 "-" "-"
51.77.52.107 - - [05/Mar/2025:11:01:05 +0100] "GET /Jurek/eurofirany/images/464088/0.jpg HTTP/2.0" 200 172422 "-" "-"
51.77.52.107 - - [05/Mar/2025:11:01:15 +0100] "GET /Jurek/eurofirany/images/464085/0.jpg HTTP/2.0" 200 188112 "-" "-"
51.77.52.107 - - [05/Mar/2025:11:01:20 +0100] "GET /Jurek/eurofirany/images/464089/0.jpg HTTP/2.0" 200 162350 "-" "-"
51.77.52.107 - - [05/Mar/2025:11:01:25 +0100] "GET /Jurek/eurofirany/images/468192/0.jpg HTTP/2.0" 200 70986 "-" "-"
51.77.52.107 - - [05/Mar/2025:11:01:30 +0100] "GET /Jurek/eurofirany/images/468193/0.jpg HTTP/2.0" 200 96601 "-" "-"
51.77.52.107 - - [05/Mar/2025:11:01:36 +0100] "GET /Jurek/eurofirany/images/468194/0.jpg HTTP/2.0" 200 119119 "-" "-"
51.77.52.107 - - [05/Mar/2025:11:01:42 +0100] "GET /Jurek/eurofirany/images/468195/0.jpg HTTP/2.0" 200 88200 "-" "-"
51.77.52.107 - - [05/Mar/2025:11:01:52 +0100] "GET /Jurek/eurofirany/images/468196/0.jpg HTTP/2.0" 200 102375 "-" "-"
52.209.168.113 - - [05/Mar/2025:11:01:53 +0100] "GET /marketplaces/rue/results/rue.csv HTTP/1.1" 200 147219 "-" "Mirakl HttpClient"
46.101.116.244 - - [05/Mar/2025:11:02:01 +0100] "GET /Jurek/vida_morele/feeds/vidaPL_greatcz_MD.xml HTTP/2.0" 200 690309738 "-" "-"
51.77.52.107 - - [05/Mar/2025:11:02:03 +0100] "GET /Jurek/eurofirany/images/468197/0.jpg HTTP/2.0" 200 133806 "-" "-"
51.77.52.107 - - [05/Mar/2025:11:02:07 +0100] "GET /Jurek/eurofirany/images/468198/0.jpg HTTP/2.0" 200 106450 "-" "-"
51.77.52.107 - - [05/Mar/2025:11:02:12 +0100] "GET /Jurek/eurofirany/images/468199/0.jpg HTTP/2.0" 200 140897 "-" "-"
46.101.116.244 - - [05/Mar/2025:11:02:17 +0100] "GET /Jurek/aw/feeds/aw_fnacfr.xml HTTP/1.0" 404 3551 "-" "-"
51.77.52.107 - - [05/Mar/2025:11:02:18 +0100] "GET /Jurek/eurofirany/images/468201/0.jpg HTTP/2.0" 200 82608 "-" "-"
51.77.52.107 - - [05/Mar/2025:11:02:29 +0100] "GET /Jurek/eurofirany/images/410690/0.jpg HTTP/2.0" 200 70320 "-" "-"
46.101.116.244 - - [05/Mar/2025:11:02:36 +0100] "GET /Filip/feeds/xlsx_ceneo.xml HTTP/1.0" 200 6241376 "-" "-"
85.14.86.141 - - [05/Mar/2025:11:02:39 +0100] "GET /Jurek/kinghoff/feeds/kinghoff_morele.xml HTTP/2.0" 200 15105124 "-" "MarketplaceAPI curl/7.64.0 PHP/8"
51.77.52.107 - - [05/Mar/2025:11:02:50 +0100] "GET /Jurek/eurofirany/images/467996/0.jpg HTTP/2.0" 200 91476 "-" "-"
51.77.52.107 - - [05/Mar/2025:11:02:59 +0100] "GET /Jurek/eurofirany/images/465106/0.jpg HTTP/2.0" 200 37113 "-" "-"
51.77.52.107 - - [05/Mar/2025:11:03:08 +0100] "GET /Jurek/eurofirany/images/325014/0.jpg HTTP/2.0" 200 164854 "-" "-"
51.77.52.107 - - [05/Mar/2025:11:03:12 +0100] "GET /Jurek/eurofirany/images/463741/0.jpg HTTP/2.0" 200 66813 "-" "-"
51.77.52.107 - - [05/Mar/2025:11:03:19 +0100] "GET /Jurek/eurofirany/images/463819/0.jpg HTTP/2.0" 200 67055 "-" "-"
51.77.52.107 - - [05/Mar/2025:11:03:34 +0100] "GET /Jurek/eurofirany/images/420654/0.jpg HTTP/2.0" 200 194159 "-" "-"
51.77.52.107 - - [05/Mar/2025:11:03:43 +0100] "GET /Jurek/eurofirany/images/453313/0.jpg HTTP/2.0" 200 73385 "-" "-"
89.161.206.59 - - [05/Mar/2025:11:03:46 +0100] "GET /Jurek/kinghoff/feeds/kinghoff_emagro.xml HTTP/1.0" 200 15106445 "-" "-"
51.77.52.107 - - [05/Mar/2025:11:03:55 +0100] "GET /Jurek/eurofirany/images/367327/0.jpg HTTP/2.0" 200 81911 "-" "-"
85.14.86.141 - - [05/Mar/2025:11:04:16 +0100] "GET /Jurek/eurofirany/feeds/eurofirany_morele.xml HTTP/2.0" 200 18892325 "-" "MarketplaceAPI curl/7.64.0 PHP/8"
46.101.116.244 - - [05/Mar/2025:11:04:16 +0100] "GET /Jurek/octopia/feeds/octopia_mallcz.xml HTTP/2.0" 200 10621819 "-" "-"
46.101.116.244 - - [05/Mar/2025:11:04:34 +0100] "GET /Jurek/flhf/feeds/flhf_mallcz.xml HTTP/2.0" 404 3551 "-" "-"
77.79.248.229 - - [05/Mar/2025:11:04:34 +0100] "GET /Jurek/szpaklampy/feeds/szpaklampy_manoDE.xml HTTP/1.1" 200 416414 "-" "Python-urllib/3.11"
66.135.202.173 - - [05/Mar/2025:11:04:37 +0100] "GET /Jurek/eurofirany/images/407610/0.jpg HTTP/1.1" 200 84241 "-" "Java/17.0.12.0.101"
66.135.195.18 - - [05/Mar/2025:11:04:37 +0100] "GET /Jurek/eurofirany/images/420653/0.jpg HTTP/1.1" 200 198449 "-" "Java/17.0.12.0.101"
85.14.86.141 - - [05/Mar/2025:11:04:38 +0100] "GET /Jurek/vivaldi/feeds/vivaldi_Morele-PL.xml HTTP/2.0" 200 344674 "-" "MarketplaceAPI curl/7.64.0 PHP/8"
66.135.202.171 - - [05/Mar/2025:11:04:40 +0100] "GET /Jurek/eurofirany/images/432091/0.jpg HTTP/1.1" 200 61785 "-" "Java/17.0.12.0.101"
66.135.202.173 - - [05/Mar/2025:11:04:42 +0100] "GET /Jurek/eurofirany/images/423902/0.jpg HTTP/1.1" 200 137680 "-" "Java/17.0.12.0.101"
66.211.183.73 - - [05/Mar/2025:11:04:42 +0100] "GET /Jurek/eurofirany/images/390456/0.jpg HTTP/1.1" 200 144267 "-" "scalaj-http/2.4.2"
66.135.202.173 - - [05/Mar/2025:11:04:47 +0100] "GET /Jurek/eurofirany/images/349461/0.jpg HTTP/1.1" 200 82606 "-" "Java/17.0.12.0.101"
66.135.195.16 - - [05/Mar/2025:11:04:47 +0100] "GET /Jurek/eurofirany/images/464088/0.jpg HTTP/1.1" 200 172422 "-" "Java/17.0.12.0.101"
66.135.195.19 - - [05/Mar/2025:11:04:53 +0100] "GET /Jurek/eurofirany/images/432090/0.jpg HTTP/1.1" 200 55488 "-" "Java/17.0.12.0.101"
46.101.116.244 - - [05/Mar/2025:11:04:57 +0100] "GET /Jurek/livinhill/feeds/livinhill_mallcz.xml HTTP/2.0" 200 1428449 "-" "-"
66.211.183.73 - - [05/Mar/2025:11:05:08 +0100] "GET /Jurek/eurofirany/images/438609/0.jpg HTTP/1.1" 200 152953 "-" "scalaj-http/2.4.2"
66.135.202.170 - - [05/Mar/2025:11:05:09 +0100] "GET /Jurek/eurofirany/images/464085/0.jpg HTTP/1.1" 200 188112 "-" "Java/17.0.12.0.101"
66.135.202.171 - - [05/Mar/2025:11:05:15 +0100] "GET /Jurek/eurofirany/images/464089/0.jpg HTTP/1.1" 200 162350 "-" "Java/17.0.12.0.101"
46.101.116.244 - - [05/Mar/2025:11:05:17 +0100] "GET /Jurek/vidaCZ/feeds/vida_mallcz.xml HTTP/2.0" 200 487792481 "-" "-"
66.135.195.17 - - [05/Mar/2025:11:05:17 +0100] "GET /Jurek/eurofirany/images/468196/0.jpg HTTP/1.1" 200 102375 "-" "Java/17.0.12.0.101"
66.135.195.17 - - [05/Mar/2025:11:05:17 +0100] "GET /Jurek/eurofirany/images/468195/0.jpg HTTP/1.1" 200 88200 "-" "Java/17.0.12.0.101"
66.211.183.71 - - [05/Mar/2025:11:05:18 +0100] "GET /Jurek/eurofirany/images/383323/0.jpg HTTP/1.1" 200 93037 "-" "scalaj-http/2.4.2"
66.135.195.18 - - [05/Mar/2025:11:05:23 +0100] "GET /Jurek/eurofirany/images/468194/0.jpg HTTP/1.1" 200 119119 "-" "Java/17.0.12.0.101"
66.135.195.20 - - [05/Mar/2025:11:05:27 +0100] "GET /Jurek/eurofirany/images/465106/0.jpg HTTP/1.1" 200 37113 "-" "Java/17.0.12.0.101"
66.135.202.171 - - [05/Mar/2025:11:05:29 +0100] "GET /Jurek/eurofirany/images/410690/0.jpg HTTP/1.1" 200 70320 "-" "Java/17.0.12.0.101"
66.135.195.19 - - [05/Mar/2025:11:05:31 +0100] "GET /Jurek/eurofirany/images/468198/0.jpg HTTP/1.1" 200 106450 "-" "Java/17.0.12.0.101"
77.79.248.229 - - [05/Mar/2025:11:05:36 +0100] "GET /Jurek/szpaklampy/feeds/szpaklampy_manoIT.xml HTTP/1.1" 200 416425 "-" "Python-urllib/3.11"
52.167.144.174 - - [05/Mar/2025:11:05:37 +0100] "GET /Jurek/topeshop/downloaded_images/5902838467381_Duo_bry%C5%82ka-(2).jpg HTTP/2.0" 404 3551 "-" "Mozilla/5.0 AppleWebKit/537.36 (KHTML, like Gecko; compatible; bingbot/2.0; +http://www.bing.com/bingbot.htm) Chrome/116.0.1938.76 Safari/537.36"
66.135.202.169 - - [05/Mar/2025:11:05:37 +0100] "GET /Jurek/eurofirany/images/463819/0.jpg HTTP/1.1" 200 67055 "-" "Java/17.0.12.0.101"
66.135.195.17 - - [05/Mar/2025:11:05:38 +0100] "GET /Jurek/eurofirany/images/325014/0.jpg HTTP/1.1" 200 164854 "-" "Java/17.0.12.0.101"
66.135.195.20 - - [05/Mar/2025:11:05:40 +0100] "GET /Jurek/eurofirany/images/468201/0.jpg HTTP/1.1" 200 82608 "-" "Java/17.0.12.0.101"
66.135.202.169 - - [05/Mar/2025:11:05:42 +0100] "GET /Jurek/eurofirany/images/420654/0.jpg HTTP/1.1" 200 194159 "-" "Java/17.0.12.0.101"
66.211.183.73 - - [05/Mar/2025:11:05:44 +0100] "GET /Jurek/eurofirany/images/389913/0.jpg HTTP/1.1" 200 178318 "-" "scalaj-http/2.4.2"
66.135.195.17 - - [05/Mar/2025:11:05:44 +0100] "GET /Jurek/eurofirany/images/463741/0.jpg HTTP/1.1" 200 66813 "-" "Java/17.0.12.0.101"
66.135.202.173 - - [05/Mar/2025:11:05:48 +0100] "GET /Jurek/eurofirany/images/367327/0.jpg HTTP/1.1" 200 81911 "-" "Java/17.0.12.0.101"
