85.232.241.194 - - [05/Mar/2025:14:30:18 +0100] "GET /Jurek/twojsklep/feeds/twojsklep_cdon_se.xml HTTP/1.1" 200 126851 "-" "python-requests/2.32.3"
85.232.241.194 - - [05/Mar/2025:14:30:18 +0100] "GET /Jurek/twojsklep/feeds/twojsklep_cdon_dk.xml HTTP/1.1" 200 126843 "-" "python-requests/2.32.3"
85.232.241.194 - - [05/Mar/2025:14:30:18 +0100] "GET /Jurek/twojsklep/feeds/twojsklep_cdon_fi.xml HTTP/1.1" 200 126797 "-" "python-requests/2.32.3"
85.232.241.194 - - [05/Mar/2025:14:30:18 +0100] "GET /Jurek/madrex/feeds/madrex_cdon_se.xml HTTP/1.1" 200 466754 "-" "python-requests/2.32.3"
85.232.241.194 - - [05/Mar/2025:14:30:18 +0100] "GET /Jurek/madrex/feeds/madrex_cdon_dk.xml HTTP/1.1" 200 466725 "-" "python-requests/2.32.3"
85.232.241.194 - - [05/Mar/2025:14:30:18 +0100] "GET /Jurek/madrex/feeds/madrex_cdon_fi.xml HTTP/1.1" 200 466723 "-" "python-requests/2.32.3"
85.232.241.194 - - [05/Mar/2025:14:30:18 +0100] "GET /Jurek/emaja24/feeds/emaja24_cdon_se.xml HTTP/1.1" 200 5106904 "-" "python-requests/2.32.3"
85.232.241.194 - - [05/Mar/2025:14:30:18 +0100] "GET /Jurek/emaja24/feeds/emaja24_cdon_dk.xml HTTP/1.1" 200 5106949 "-" "python-requests/2.32.3"
85.232.241.194 - - [05/Mar/2025:14:30:18 +0100] "GET /Jurek/emaja24/feeds/emaja24_cdon_fi.xml HTTP/1.1" 200 5102055 "-" "python-requests/2.32.3"
85.232.241.194 - - [05/Mar/2025:14:30:18 +0100] "GET /Jurek/drewdon/feeds/drewdon_cdon_se.xml HTTP/1.1" 200 504556 "-" "python-requests/2.32.3"
85.232.241.194 - - [05/Mar/2025:14:30:18 +0100] "GET /Jurek/drewdon/feeds/drewdon_cdon_dk.xml HTTP/1.1" 200 504543 "-" "python-requests/2.32.3"
85.232.241.194 - - [05/Mar/2025:14:30:18 +0100] "GET /Jurek/drewdon/feeds/drewdon_cdon_fi.xml HTTP/1.1" 200 504446 "-" "python-requests/2.32.3"
85.232.241.194 - - [05/Mar/2025:14:30:18 +0100] "GET /Jurek/zepnij/feeds/zepnij_cdon_se.xml HTTP/1.1" 200 19525524 "-" "python-requests/2.32.3"
85.232.241.194 - - [05/Mar/2025:14:30:19 +0100] "GET /Jurek/zepnij/feeds/zepnij_cdon_dk.xml HTTP/1.1" 200 19525546 "-" "python-requests/2.32.3"
85.232.241.194 - - [05/Mar/2025:14:30:19 +0100] "GET /Jurek/zepnij/feeds/zepnij_cdon_fi.xml HTTP/1.1" 200 19522833 "-" "python-requests/2.32.3"
85.232.241.194 - - [05/Mar/2025:14:30:19 +0100] "GET /Jurek/primohurt/feeds/primohurt_cdon_se.xml HTTP/1.1" 200 17191294 "-" "python-requests/2.32.3"
85.232.241.194 - - [05/Mar/2025:14:30:19 +0100] "GET /Jurek/primohurt/feeds/primohurt_cdon_dk.xml HTTP/1.1" 200 17191684 "-" "python-requests/2.32.3"
85.232.241.194 - - [05/Mar/2025:14:30:19 +0100] "GET /Jurek/primohurt/feeds/primohurt_cdon_fi.xml HTTP/1.1" 200 17186742 "-" "python-requests/2.32.3"
85.232.241.194 - - [05/Mar/2025:14:30:19 +0100] "GET /Jurek/dekoele/feeds/dekoele_cdon_se.xml HTTP/1.1" 200 734006 "-" "python-requests/2.32.3"
85.232.241.194 - - [05/Mar/2025:14:30:19 +0100] "GET /Jurek/dekoele/feeds/dekoele_cdon_dk.xml HTTP/1.1" 200 734003 "-" "python-requests/2.32.3"
85.232.241.194 - - [05/Mar/2025:14:30:19 +0100] "GET /Jurek/dekoele/feeds/dekoele_cdon_fi.xml HTTP/1.1" 200 733937 "-" "python-requests/2.32.3"
85.232.241.194 - - [05/Mar/2025:14:30:19 +0100] "GET /Jurek/rider/feeds/rider_cdon_se.xml HTTP/1.1" 200 8166047 "-" "python-requests/2.32.3"
85.232.241.194 - - [05/Mar/2025:14:30:19 +0100] "GET /Jurek/rider/feeds/rider_cdon_dk.xml HTTP/1.1" 200 8165953 "-" "python-requests/2.32.3"
85.232.241.194 - - [05/Mar/2025:14:30:19 +0100] "GET /Jurek/rider/feeds/rider_cdon_fi.xml HTTP/1.1" 200 8165189 "-" "python-requests/2.32.3"
85.232.241.194 - - [05/Mar/2025:14:30:19 +0100] "GET /Jurek/galopibhp/feeds/galopibhp_cdon_se.xml HTTP/1.1" 200 1984335 "-" "python-requests/2.32.3"
85.232.241.194 - - [05/Mar/2025:14:30:19 +0100] "GET /Jurek/galopibhp/feeds/galopibhp_cdon_dk.xml HTTP/1.1" 200 1984291 "-" "python-requests/2.32.3"
85.232.241.194 - - [05/Mar/2025:14:30:19 +0100] "GET /Jurek/galopibhp/feeds/galopibhp_cdon_fi.xml HTTP/1.1" 200 1982847 "-" "python-requests/2.32.3"
85.232.241.194 - - [05/Mar/2025:14:30:19 +0100] "GET /Jurek/najtanszysport/feeds/najtanszysport_cdon_se.xml HTTP/1.1" 200 3985277 "-" "python-requests/2.32.3"
85.232.241.194 - - [05/Mar/2025:14:30:19 +0100] "GET /Jurek/najtanszysport/feeds/najtanszysport_cdon_dk.xml HTTP/1.1" 200 3984993 "-" "python-requests/2.32.3"
85.232.241.194 - - [05/Mar/2025:14:30:19 +0100] "GET /Jurek/najtanszysport/feeds/najtanszysport_cdon_fi.xml HTTP/1.1" 200 3983129 "-" "python-requests/2.32.3"
85.232.241.194 - - [05/Mar/2025:14:30:19 +0100] "GET /Jurek/motofan/feeds/motofan_cdon_se.xml HTTP/1.1" 200 2392465 "-" "python-requests/2.32.3"
85.232.241.194 - - [05/Mar/2025:14:30:20 +0100] "GET /Jurek/motofan/feeds/motofan_cdon_dk.xml HTTP/1.1" 200 2392458 "-" "python-requests/2.32.3"
85.232.241.194 - - [05/Mar/2025:14:30:20 +0100] "GET /Jurek/motofan/feeds/motofan_cdon_fi.xml HTTP/1.1" 200 2392164 "-" "python-requests/2.32.3"
85.232.241.194 - - [05/Mar/2025:14:30:20 +0100] "GET /Jurek/expertauto/feeds/expertauto_cdon_se.xml HTTP/1.1" 200 1159290 "-" "python-requests/2.32.3"
85.232.241.194 - - [05/Mar/2025:14:30:20 +0100] "GET /Jurek/expertauto/feeds/expertauto_cdon_dk.xml HTTP/1.1" 200 1159277 "-" "python-requests/2.32.3"
85.232.241.194 - - [05/Mar/2025:14:30:20 +0100] "GET /Jurek/expertauto/feeds/expertauto_cdon_fi.xml HTTP/1.1" 200 1158923 "-" "python-requests/2.32.3"
85.232.241.194 - - [05/Mar/2025:14:30:20 +0100] "GET /Jurek/eoptimo/feeds/eoptimo_cdon_se.xml HTTP/1.1" 200 1959104 "-" "python-requests/2.32.3"
85.232.241.194 - - [05/Mar/2025:14:30:20 +0100] "GET /Jurek/eoptimo/feeds/eoptimo_cdon_dk.xml HTTP/1.1" 200 1959094 "-" "python-requests/2.32.3"
85.232.241.194 - - [05/Mar/2025:14:30:20 +0100] "GET /Jurek/eoptimo/feeds/eoptimo_cdon_fi.xml HTTP/1.1" 200 1958763 "-" "python-requests/2.32.3"
85.232.241.194 - - [05/Mar/2025:14:30:20 +0100] "GET /Jurek/eurofirany/feeds/eurofirany_cdon_se.xml HTTP/1.1" 200 18908195 "-" "python-requests/2.32.3"
85.232.241.194 - - [05/Mar/2025:14:30:20 +0100] "GET /Jurek/eurofirany/feeds/eurofirany_cdon_dk.xml HTTP/1.1" 200 18908090 "-" "python-requests/2.32.3"
85.232.241.194 - - [05/Mar/2025:14:30:20 +0100] "GET /Jurek/eurofirany/feeds/eurofirany_cdon_fi.xml HTTP/1.1" 200 18890986 "-" "python-requests/2.32.3"
85.232.241.194 - - [05/Mar/2025:14:30:20 +0100] "GET /Jurek/benetech/feeds/benetech_cdon_se.xml HTTP/1.1" 200 4467781 "-" "python-requests/2.32.3"
85.232.241.194 - - [05/Mar/2025:14:30:20 +0100] "GET /Jurek/benetech/feeds/benetech_cdon_dk.xml HTTP/1.1" 200 4467755 "-" "python-requests/2.32.3"
85.232.241.194 - - [05/Mar/2025:14:30:20 +0100] "GET /Jurek/benetech/feeds/benetech_cdon_fi.xml HTTP/1.1" 200 4467380 "-" "python-requests/2.32.3"
85.232.241.194 - - [05/Mar/2025:14:30:20 +0100] "GET /Jurek/topeshop/feeds/topeshop_cdon_se.xml HTTP/1.1" 200 2451116 "-" "python-requests/2.32.3"
85.232.241.194 - - [05/Mar/2025:14:30:20 +0100] "GET /Jurek/topeshop/feeds/topeshop_cdon_dk.xml HTTP/1.1" 200 2450902 "-" "python-requests/2.32.3"
85.232.241.194 - - [05/Mar/2025:14:30:20 +0100] "GET /Jurek/topeshop/feeds/topeshop_cdon_fi.xml HTTP/1.1" 200 2450485 "-" "python-requests/2.32.3"
85.232.241.194 - - [05/Mar/2025:14:30:20 +0100] "GET /Jurek/muminky/feeds/muminky_cdon_se.xml HTTP/1.1" 200 2678368 "-" "python-requests/2.32.3"
85.232.241.194 - - [05/Mar/2025:14:30:20 +0100] "GET /Jurek/muminky/feeds/muminky_cdon_dk.xml HTTP/1.1" 200 2678391 "-" "python-requests/2.32.3"
85.232.241.194 - - [05/Mar/2025:14:30:20 +0100] "GET /Jurek/muminky/feeds/muminky_cdon_fi.xml HTTP/1.1" 200 2677741 "-" "python-requests/2.32.3"
85.232.241.194 - - [05/Mar/2025:14:30:20 +0100] "GET /Jurek/pupus/feeds/pupus_cdon_se.xml HTTP/1.1" 200 6156693 "-" "python-requests/2.32.3"
85.232.241.194 - - [05/Mar/2025:14:30:20 +0100] "GET /Jurek/pupus/feeds/pupus_cdon_dk.xml HTTP/1.1" 200 6156557 "-" "python-requests/2.32.3"
85.232.241.194 - - [05/Mar/2025:14:30:20 +0100] "GET /Jurek/pupus/feeds/pupus_cdon_fi.xml HTTP/1.1" 200 6154594 "-" "python-requests/2.32.3"
85.232.241.194 - - [05/Mar/2025:14:30:21 +0100] "GET /Jurek/cbdgreen/feeds/cbdgreen_cdon_se.xml HTTP/1.1" 200 50240 "-" "python-requests/2.32.3"
85.232.241.194 - - [05/Mar/2025:14:30:21 +0100] "GET /Jurek/cbdgreen/feeds/cbdgreen_cdon_dk.xml HTTP/1.1" 200 50240 "-" "python-requests/2.32.3"
85.232.241.194 - - [05/Mar/2025:14:30:21 +0100] "GET /Jurek/cbdgreen/feeds/cbdgreen_cdon_fi.xml HTTP/1.1" 200 50232 "-" "python-requests/2.32.3"
85.232.241.194 - - [05/Mar/2025:14:30:21 +0100] "GET /Jurek/lendo/feeds/lendo_cdon_se.xml HTTP/1.1" 200 330443 "-" "python-requests/2.32.3"
85.232.241.194 - - [05/Mar/2025:14:30:21 +0100] "GET /Jurek/lendo/feeds/lendo_cdon_dk.xml HTTP/1.1" 200 330444 "-" "python-requests/2.32.3"
85.232.241.194 - - [05/Mar/2025:14:30:21 +0100] "GET /Jurek/lendo/feeds/lendo_cdon_fi.xml HTTP/1.1" 200 330393 "-" "python-requests/2.32.3"
85.232.241.194 - - [05/Mar/2025:14:30:21 +0100] "GET /Jurek/dekornatort/feeds/dekornatort_cdon_se.xml HTTP/1.1" 200 225820 "-" "python-requests/2.32.3"
85.232.241.194 - - [05/Mar/2025:14:30:21 +0100] "GET /Jurek/dekornatort/feeds/dekornatort_cdon_dk.xml HTTP/1.1" 200 225815 "-" "python-requests/2.32.3"
85.232.241.194 - - [05/Mar/2025:14:30:21 +0100] "GET /Jurek/dekornatort/feeds/dekornatort_cdon_fi.xml HTTP/1.1" 200 225739 "-" "python-requests/2.32.3"
85.232.241.194 - - [05/Mar/2025:14:30:21 +0100] "GET /Jurek/alucon/feeds/alucon_cdon_se.xml HTTP/1.1" 200 553663 "-" "python-requests/2.32.3"
85.232.241.194 - - [05/Mar/2025:14:30:21 +0100] "GET /Jurek/alucon/feeds/alucon_cdon_dk.xml HTTP/1.1" 200 553662 "-" "python-requests/2.32.3"
85.232.241.194 - - [05/Mar/2025:14:30:21 +0100] "GET /Jurek/alucon/feeds/alucon_cdon_fi.xml HTTP/1.1" 200 553570 "-" "python-requests/2.32.3"
85.232.241.194 - - [05/Mar/2025:14:30:21 +0100] "GET /Jurek/playcob/feeds/playcob_cdon_se.xml HTTP/1.1" 200 6981309 "-" "python-requests/2.32.3"
85.232.241.194 - - [05/Mar/2025:14:30:21 +0100] "GET /Jurek/playcob/feeds/playcob_cdon_dk.xml HTTP/1.1" 200 6981121 "-" "python-requests/2.32.3"
85.232.241.194 - - [05/Mar/2025:14:30:21 +0100] "GET /Jurek/playcob/feeds/playcob_cdon_fi.xml HTTP/1.1" 200 6980201 "-" "python-requests/2.32.3"
85.232.241.194 - - [05/Mar/2025:14:30:21 +0100] "GET /Jurek/aiofactory/feeds/aiofactory_cdon_se.xml HTTP/1.1" 200 2124218 "-" "python-requests/2.32.3"
85.232.241.194 - - [05/Mar/2025:14:30:21 +0100] "GET /Jurek/aiofactory/feeds/aiofactory_cdon_dk.xml HTTP/1.1" 200 2124191 "-" "python-requests/2.32.3"
85.232.241.194 - - [05/Mar/2025:14:30:21 +0100] "GET /Jurek/aiofactory/feeds/aiofactory_cdon_fi.xml HTTP/1.1" 200 2123774 "-" "python-requests/2.32.3"
85.232.241.194 - - [05/Mar/2025:14:30:22 +0100] "GET /Jurek/hlo/feeds/hlo_cdon_se.xml HTTP/1.1" 200 4839907 "-" "python-requests/2.32.3"
85.232.241.194 - - [05/Mar/2025:14:30:22 +0100] "GET /Jurek/hlo/feeds/hlo_cdon_dk.xml HTTP/1.1" 200 4839953 "-" "python-requests/2.32.3"
85.232.241.194 - - [05/Mar/2025:14:30:22 +0100] "GET /Jurek/hlo/feeds/hlo_cdon_fi.xml HTTP/1.1" 200 4837822 "-" "python-requests/2.32.3"
85.232.241.194 - - [05/Mar/2025:14:30:22 +0100] "GET /Jurek/nexus/feeds/nexus_cdon_se.xml HTTP/1.1" 200 223166 "-" "python-requests/2.32.3"
85.232.241.194 - - [05/Mar/2025:14:30:22 +0100] "GET /Jurek/nexus/feeds/nexus_cdon_dk.xml HTTP/1.1" 200 223163 "-" "python-requests/2.32.3"
85.232.241.194 - - [05/Mar/2025:14:30:22 +0100] "GET /Jurek/nexus/feeds/nexus_cdon_fi.xml HTTP/1.1" 200 223091 "-" "python-requests/2.32.3"
66.211.183.72 - - [05/Mar/2025:14:30:23 +0100] "GET /Jurek/eurofirany/images/334081/0.jpg HTTP/1.1" 200 228464 "-" "scalaj-http/2.4.2"
66.211.183.74 - - [05/Mar/2025:14:30:57 +0100] "GET /Jurek/eurofirany/images/383067/0.jpg HTTP/1.1" 200 72405 "-" "scalaj-http/2.4.2"
3.126.202.245 - - [05/Mar/2025:14:30:58 +0100] "GET /Jurek/topeshop/downloaded_images/5902838467817_profilowee.jpg HTTP/2.0" 404 3551 "-" "Mozilla/5.0 (Windows NT 10.0; Win64; x64) AppleWebKit/537.36 (KHTML, like Gecko) Chrome/109.0.0.0 Safari/537.36"
3.74.7.74 - - [05/Mar/2025:14:30:58 +0100] "GET /Jurek/topeshop/downloaded_images/5904507205324_S30ANTRACYTBOKBRY%C5%81KA.jpg HTTP/2.0" 404 3551 "-" "Mozilla/5.0 (Windows NT 10.0; Win64; x64) AppleWebKit/537.36 (KHTML, like Gecko) Chrome/109.0.0.0 Safari/537.36"
18.157.125.26 - - [05/Mar/2025:14:30:58 +0100] "GET /Jurek/topeshop/downloaded_images/5902838466520_ROmana_bry%C5%82y_F_C_b0005.jpg HTTP/2.0" 404 3551 "-" "Mozilla/5.0 (Windows NT 10.0; Win64; x64) AppleWebKit/537.36 (KHTML, like Gecko) Chrome/109.0.0.0 Safari/537.36"
3.126.202.245 - - [05/Mar/2025:14:30:58 +0100] "GET /Jurek/topeshop/downloaded_images/5902838467466_2.jpg HTTP/2.0" 404 3551 "-" "Mozilla/5.0 (Windows NT 10.0; Win64; x64) AppleWebKit/537.36 (KHTML, like Gecko) Chrome/109.0.0.0 Safari/537.36"
3.126.202.245 - - [05/Mar/2025:14:30:58 +0100] "GET /Jurek/topeshop/downloaded_images/5904507209179_PROFILOWE.jpg HTTP/2.0" 200 72642 "-" "Mozilla/5.0 (Windows NT 10.0; Win64; x64) AppleWebKit/537.36 (KHTML, like Gecko) Chrome/109.0.0.0 Safari/537.36"
18.157.125.26 - - [05/Mar/2025:14:30:58 +0100] "GET /Jurek/topeshop/downloaded_images/5904507209377_profill.jpg HTTP/2.0" 200 77572 "-" "Mozilla/5.0 (Windows NT 10.0; Win64; x64) AppleWebKit/537.36 (KHTML, like Gecko) Chrome/109.0.0.0 Safari/537.36"
66.211.183.72 - - [05/Mar/2025:14:31:00 +0100] "GET /Jurek/eurofirany/images/383326/0.jpg HTTP/1.1" 200 93037 "-" "scalaj-http/2.4.2"
89.161.206.59 - - [05/Mar/2025:14:31:20 +0100] "GET /Jurek/pupus/feeds/pupus_amazonfr.xml HTTP/1.0" 200 6154652 "-" "-"
89.161.206.59 - - [05/Mar/2025:14:31:21 +0100] "GET /Jurek/pupus/feeds/pupus_amazonnl.xml HTTP/1.0" 200 6154662 "-" "-"
89.161.206.59 - - [05/Mar/2025:14:31:21 +0100] "GET /Jurek/pupus/feeds/pupus_amazonse.xml HTTP/1.0" 200 6156409 "-" "-"
89.161.206.59 - - [05/Mar/2025:14:31:21 +0100] "GET /Jurek/pupus/feeds/pupus_amazonbe.xml HTTP/1.0" 200 6154553 "-" "-"
89.161.206.59 - - [05/Mar/2025:14:31:22 +0100] "GET /Jurek/pupus/feeds/pupus_amazonit.xml HTTP/1.0" 200 6154631 "-" "-"
89.161.206.59 - - [05/Mar/2025:14:31:22 +0100] "GET /Jurek/pupus/feeds/pupus_amazones.xml HTTP/1.0" 200 6154305 "-" "-"
46.101.116.244 - - [05/Mar/2025:14:32:03 +0100] "GET /Jurek/aw/feeds/aw_fnacfr.xml HTTP/1.0" 404 3551 "-" "-"
46.101.116.244 - - [05/Mar/2025:14:32:06 +0100] "GET /Jurek/kinghoff/feeds/kinghoff_ceneo.xml HTTP/1.0" 200 15134475 "-" "-"
46.101.116.244 - - [05/Mar/2025:14:32:07 +0100] "GET /Jurek/barbecook/feeds/barbecook_allegro.xml HTTP/1.0" 200 87554 "-" "-"
66.211.183.74 - - [05/Mar/2025:14:32:08 +0100] "GET /Jurek/eurofirany/images/438670/0.jpg HTTP/1.1" 200 82418 "-" "scalaj-http/2.4.2"
46.101.116.244 - - [05/Mar/2025:14:32:08 +0100] "GET /Jurek/eurofirany/feeds/eurofirany_velomarket.xml HTTP/1.0" 200 18892000 "-" "-"
46.101.116.244 - - [05/Mar/2025:14:32:19 +0100] "GET /Jurek/eurofirany/feeds/eurofirany_allegro.xml HTTP/1.0" 200 18894854 "-" "-"
89.161.206.59 - - [05/Mar/2025:14:32:31 +0100] "GET /Jurek/pupus/feeds/pupus_bol.xml HTTP/1.0" 200 6154711 "-" "-"
46.101.116.244 - - [05/Mar/2025:14:32:33 +0100] "GET /Filip/feeds/xlsx_ceneo.xml HTTP/1.0" 200 6241376 "-" "-"
66.211.183.70 - - [05/Mar/2025:14:33:59 +0100] "GET /Jurek/topeshop/downloaded_images/5904507206611_DUOANTRACYTCZERNBRYLKABOKZM.jpg HTTP/1.1" 404 3551 "-" "scalaj-http/2.4.2"
66.249.69.170 - - [05/Mar/2025:14:34:42 +0100] "GET /Jurek/topeshop/downloaded_images/5902838468463_1sonoma.png HTTP/1.1" 404 3551 "-" "Googlebot-Image/1.0"
89.161.206.59 - - [05/Mar/2025:14:34:49 +0100] "GET /Jurek/waks/feeds/waks_allegro.xml HTTP/1.0" 200 6428620 "-" "-"
193.33.8.61 - - [05/Mar/2025:14:35:21 +0100] "GET /Jurek/eurofirany/output.txt HTTP/2.0" 200 17979 "https://konsola.dkkapusta1997.usermd.net/" "Mozilla/5.0 (Windows NT 10.0; Win64; x64) AppleWebKit/537.36 (KHTML, like Gecko) Chrome/133.0.0.0 Safari/537.36"
66.211.183.70 - - [05/Mar/2025:14:35:35 +0100] "GET /Jurek/eurofirany/images/390050/0.jpg HTTP/1.1" 200 164444 "-" "scalaj-http/2.4.2"
52.167.144.142 - - [05/Mar/2025:14:35:37 +0100] "GET /Jurek/eurofirany/images/408368/0.jpg HTTP/2.0" 200 142167 "-" "Mozilla/5.0 AppleWebKit/537.36 (KHTML, like Gecko; compatible; bingbot/2.0; +http://www.bing.com/bingbot.htm) Chrome/116.0.1938.76 Safari/537.36"
66.211.183.71 - - [05/Mar/2025:14:36:35 +0100] "GET /Jurek/eurofirany/images/423347/0.jpg HTTP/1.1" 200 73015 "-" "scalaj-http/2.4.2"
66.211.183.73 - - [05/Mar/2025:14:37:56 +0100] "GET /Jurek/eurofirany/images/423821/0.jpg HTTP/1.1" 200 0 "-" "scalaj-http/2.4.2"
109.40.242.147 - - [05/Mar/2025:14:38:12 +0100] "GET /Jurek/topeshop/downloaded_images/5904507201968_profilowe.jpg HTTP/2.0" 200 127889 "-" "Mozilla/5.0 (Linux; Android 13; SM-A127F Build/TP1A.220624.014; wv) AppleWebKit/537.36 (KHTML, like Gecko) Version/4.0 Chrome/133.0.6943.137 Mobile Safari/537.36"
193.33.8.61 - - [05/Mar/2025:14:38:34 +0100] "GET /Jurek/activeshop/output.txt HTTP/2.0" 200 77334 "https://konsola.dkkapusta1997.usermd.net/" "Mozilla/5.0 (Windows NT 10.0; Win64; x64) AppleWebKit/537.36 (KHTML, like Gecko) Chrome/133.0.0.0 Safari/537.36"
46.101.116.244 - - [05/Mar/2025:14:38:45 +0100] "GET /Jurek/aw/feeds/aw_fnacfr.xml HTTP/1.0" 404 3551 "-" "-"
66.249.69.170 - - [05/Mar/2025:14:38:53 +0100] "GET /Jurek/eurofirany/images/11788/2.jpg HTTP/1.1" 200 6595 "-" "Googlebot-Image/1.0"
46.101.116.244 - - [05/Mar/2025:14:39:04 +0100] "GET /Filip/feeds/xlsx_ceneo.xml HTTP/1.0" 200 6241376 "-" "-"
89.235.0.38 - - [05/Mar/2025:14:39:19 +0100] "GET /Jurek/kobi/feeds/kobi_zero.xml HTTP/2.0" 206 163840 "-" "WhatsApp/2.23.20.0"
66.211.183.74 - - [05/Mar/2025:14:39:36 +0100] "GET /Jurek/eurofirany/images/401093/0.jpg HTTP/1.1" 200 111956 "-" "scalaj-http/2.4.2"
66.211.183.73 - - [05/Mar/2025:14:39:47 +0100] "GET /Jurek/eurofirany/images/398823/0.jpg HTTP/1.1" 200 28870 "-" "scalaj-http/2.4.2"
66.211.183.70 - - [05/Mar/2025:14:40:16 +0100] "GET /Jurek/eurofirany/images/438715/0.jpg HTTP/1.1" 200 62650 "-" "scalaj-http/2.4.2"
66.211.183.70 - - [05/Mar/2025:14:40:43 +0100] "GET /Jurek/eurofirany/images/392253/0.jpg HTTP/1.1" 200 31763 "-" "scalaj-http/2.4.2"
46.101.116.244 - - [05/Mar/2025:14:40:46 +0100] "GET /Jurek/eurofirany/feeds/eurofirany_empik.xml HTTP/1.0" 200 18892141 "-" "-"
66.211.183.70 - - [05/Mar/2025:14:40:55 +0100] "GET /Jurek/eurofirany/images/389927/0.jpg HTTP/1.1" 200 207776 "-" "scalaj-http/2.4.2"
66.211.183.73 - - [05/Mar/2025:14:41:28 +0100] "GET /Jurek/eurofirany/images/438708/0.jpg HTTP/1.1" 200 62650 "-" "scalaj-http/2.4.2"
193.33.8.61 - - [05/Mar/2025:14:42:27 +0100] "GET /Jurek/ikonka/output.txt HTTP/2.0" 200 18990 "https://konsola.dkkapusta1997.usermd.net/" "Mozilla/5.0 (Windows NT 10.0; Win64; x64) AppleWebKit/537.36 (KHTML, like Gecko) Chrome/133.0.0.0 Safari/537.36"
66.211.183.72 - - [05/Mar/2025:14:43:07 +0100] "GET /Jurek/eurofirany/images/389600/0.jpg HTTP/1.1" 200 165083 "-" "scalaj-http/2.4.2"
46.101.116.244 - - [05/Mar/2025:14:43:35 +0100] "GET /Jurek/aw/feeds/aw_fnacfr.xml HTTP/1.0" 404 3551 "-" "-"
46.101.116.244 - - [05/Mar/2025:14:43:57 +0100] "GET /Filip/feeds/xlsx_ceneo.xml HTTP/1.0" 200 6241376 "-" "-"
66.211.183.74 - - [05/Mar/2025:14:46:22 +0100] "GET /Jurek/eurofirany/images/387740/0.jpg HTTP/1.1" 200 90823 "-" "scalaj-http/2.4.2"
46.101.116.244 - - [05/Mar/2025:14:46:37 +0100] "GET /Jurek/aw/feeds/aw_fnacfr.xml HTTP/1.0" 404 3551 "-" "-"
46.101.116.244 - - [05/Mar/2025:14:47:03 +0100] "GET /Filip/feeds/xlsx_ceneo.xml HTTP/1.0" 200 6241376 "-" "-"
66.211.183.70 - - [05/Mar/2025:14:47:21 +0100] "GET /Jurek/eurofirany/images/409413/0.jpg HTTP/1.1" 200 29127 "-" "scalaj-http/2.4.2"
52.167.144.161 - - [05/Mar/2025:14:47:28 +0100] "GET /Jurek/eurofirany/images/383703/8.jpg HTTP/2.0" 200 249281 "-" "Mozilla/5.0 AppleWebKit/537.36 (KHTML, like Gecko; compatible; bingbot/2.0; +http://www.bing.com/bingbot.htm) Chrome/116.0.1938.76 Safari/537.36"
66.211.183.71 - - [05/Mar/2025:14:47:48 +0100] "GET /Jurek/eurofirany/images/390174/0.jpg HTTP/1.1" 200 194755 "-" "scalaj-http/2.4.2"
89.161.206.59 - - [05/Mar/2025:14:48:06 +0100] "GET /Jurek/kambukka/feeds/kambukka_emagro.xml HTTP/1.0" 200 1046978 "-" "-"
89.161.206.59 - - [05/Mar/2025:14:48:06 +0100] "GET /Jurek/amzteam/feeds/amzteam_emagro.xml HTTP/1.0" 200 97902 "-" "-"
89.161.206.59 - - [05/Mar/2025:14:48:06 +0100] "GET /Jurek/benetech/feeds/benetech_emagro.xml HTTP/1.0" 200 4467668 "-" "-"
66.211.183.70 - - [05/Mar/2025:14:48:17 +0100] "GET /Jurek/eurofirany/images/390429/0.jpg HTTP/1.1" 200 97224 "-" "scalaj-http/2.4.2"
46.101.116.244 - - [05/Mar/2025:14:48:33 +0100] "GET /Jurek/activeshop/feeds/activeshop_mallhu.xml HTTP/2.0" 200 10441676 "-" "-"
89.161.206.59 - - [05/Mar/2025:14:48:40 +0100] "GET /Jurek/waks/feeds/waks_emagro.xml HTTP/1.0" 200 6428630 "-" "-"
89.161.206.59 - - [05/Mar/2025:14:48:41 +0100] "GET /Jurek/sempler/feeds/sempler_emagro.xml HTTP/1.0" 200 6597635 "-" "-"
89.161.206.59 - - [05/Mar/2025:14:48:42 +0100] "GET /Jurek/eroplace/feeds/eroplace_emagro.xml HTTP/1.0" 200 31329667 "-" "-"
46.101.116.244 - - [05/Mar/2025:14:49:21 +0100] "GET /Jurek/action/feeds/action_mallhugs.xml HTTP/2.0" 200 55238148 "-" "-"
66.211.183.72 - - [05/Mar/2025:14:49:27 +0100] "GET /Jurek/eurofirany/images/382241/0.jpg HTTP/1.1" 200 100949 "-" "scalaj-http/2.4.2"
46.101.116.244 - - [05/Mar/2025:14:49:40 +0100] "GET /Jurek/b3/feeds/b3_mallhugs.xml HTTP/2.0" 200 7423488 "-" "-"
46.101.116.244 - - [05/Mar/2025:14:49:53 +0100] "GET /Jurek/benbaby/feeds/benbaby_mallhugs.xml HTTP/2.0" 200 3768803 "-" "-"
46.101.116.244 - - [05/Mar/2025:14:50:04 +0100] "GET /Jurek/emibig/feeds/emibig_mallhugs.xml HTTP/2.0" 200 2530923 "-" "-"
89.161.206.59 - - [05/Mar/2025:14:50:08 +0100] "GET /Jurek/benetech/feeds/benetech_amazonbe.xml HTTP/1.0" 200 4467384 "-" "-"
46.101.116.244 - - [05/Mar/2025:14:50:16 +0100] "GET /Jurek/hurtownia_przemyslowa/feeds/hp_mallhugs.xml HTTP/2.0" 200 49590242 "-" "-"
66.211.183.71 - - [05/Mar/2025:14:50:18 +0100] "GET /Jurek/eurofirany/images/409416/0.jpg HTTP/1.1" 200 22943 "-" "scalaj-http/2.4.2"
193.33.8.61 - - [05/Mar/2025:14:50:25 +0100] "GET /Jurek/hurtmeblowy/feeds/hurtmeblowy_cdon_se.xml HTTP/2.0" 200 8025433 "-" "Mozilla/5.0 (Windows NT 10.0; Win64; x64) AppleWebKit/537.36 (KHTML, like Gecko) Chrome/133.0.0.0 Safari/537.36"
66.211.183.73 - - [05/Mar/2025:14:50:52 +0100] "GET /Jurek/eurofirany/images/390400/0.jpg HTTP/1.1" 200 122464 "-" "scalaj-http/2.4.2"
46.101.116.244 - - [05/Mar/2025:14:51:22 +0100] "GET /Jurek/kinghoff/feeds/kinghoff_mallhu.xml HTTP/2.0" 200 15139954 "-" "-"
46.101.116.244 - - [05/Mar/2025:14:51:36 +0100] "GET /Jurek/fernity/feeds/fernity_mallhu.xml HTTP/2.0" 200 5233427 "-" "-"
46.101.116.244 - - [05/Mar/2025:14:51:50 +0100] "GET /Jurek/beliani/feeds/beliani_hu.xml HTTP/2.0" 200 42190508 "-" "-"
46.101.116.244 - - [05/Mar/2025:14:52:03 +0100] "GET /Jurek/aw/feeds/aw_fnacfr.xml HTTP/1.0" 404 3551 "-" "-"
46.101.116.244 - - [05/Mar/2025:14:52:09 +0100] "GET /Jurek/detian/feeds/detian_mallhu.xml HTTP/2.0" 404 3551 "-" "-"
46.101.116.244 - - [05/Mar/2025:14:52:19 +0100] "GET /Jurek/flhf/feeds/flhf_mallsi.xml HTTP/2.0" 404 3551 "-" "-"
66.211.183.74 - - [05/Mar/2025:14:52:20 +0100] "GET /Jurek/eurofirany/images/423204/0.jpg HTTP/1.1" 200 0 "-" "scalaj-http/2.4.2"
46.101.116.244 - - [05/Mar/2025:14:52:31 +0100] "GET /Filip/feeds/xlsx_ceneo.xml HTTP/1.0" 200 6241376 "-" "-"
66.211.183.71 - - [05/Mar/2025:14:53:00 +0100] "GET /Jurek/eurofirany/images/390398/0.jpg HTTP/1.1" 200 164560 "-" "scalaj-http/2.4.2"
66.249.69.170 - - [05/Mar/2025:14:54:01 +0100] "GET /Jurek/eurofirany/images/383470/2.jpg HTTP/1.1" 200 6595 "-" "Googlebot-Image/1.0"
5.134.208.158 - - [05/Mar/2025:14:54:34 +0100] "GET /Jurek/eurofirany/images/372423/0.jpg HTTP/1.1" 200 108915 "-" "-"
66.211.183.72 - - [05/Mar/2025:14:54:41 +0100] "GET /Jurek/eurofirany/images/389914/0.jpg HTTP/1.1" 200 176309 "-" "scalaj-http/2.4.2"
66.249.69.170 - - [05/Mar/2025:14:54:47 +0100] "GET /Jurek/topeshop/downloaded_images/5902838468814_DUO-BIEL-BRY%C5%81KA-BOK-OT.jpg HTTP/1.1" 404 3551 "-" "Googlebot-Image/1.0"
66.249.69.170 - - [05/Mar/2025:14:54:54 +0100] "GET /Jurek/topeshop/downloaded_images/5902838468814_DUO-BIEL-BRY%C5%81KA-BOK-ZM.jpg HTTP/1.1" 404 3551 "-" "Googlebot-Image/1.0"
66.211.183.72 - - [05/Mar/2025:14:55:05 +0100] "GET /Jurek/topeshop/downloaded_images/5904507201425_2.jpg HTTP/1.1" 404 3551 "-" "scalaj-http/2.4.2"
66.211.183.73 - - [05/Mar/2025:14:55:20 +0100] "GET /Jurek/eurofirany/images/390105/0.jpg HTTP/1.1" 200 178318 "-" "scalaj-http/2.4.2"
66.211.183.71 - - [05/Mar/2025:14:55:52 +0100] "GET /Jurek/eurofirany/images/401107/0.jpg HTTP/1.1" 200 111956 "-" "scalaj-http/2.4.2"
46.101.116.244 - - [05/Mar/2025:14:56:06 +0100] "GET /Jurek/aw/feeds/aw_fnacfr.xml HTTP/1.0" 404 3551 "-" "-"
193.33.8.61 - - [05/Mar/2025:14:56:09 +0100] "GET /Jurek/hurtmeblowy/feeds/hurtmeblowy_zero.xml HTTP/2.0" 200 8023685 "https://konsola.dkkapusta1997.usermd.net/" "Mozilla/5.0 (Windows NT 10.0; Win64; x64) AppleWebKit/537.36 (KHTML, like Gecko) Chrome/133.0.0.0 Safari/537.36"
66.211.183.74 - - [05/Mar/2025:14:56:09 +0100] "GET /Jurek/eurofirany/images/420598/0.jpg HTTP/1.1" 200 0 "-" "scalaj-http/2.4.2"
46.101.116.244 - - [05/Mar/2025:14:56:24 +0100] "GET /Filip/feeds/xlsx_ceneo.xml HTTP/1.0" 200 6241376 "-" "-"
66.211.183.74 - - [05/Mar/2025:14:56:26 +0100] "GET /Jurek/eurofirany/images/372657/0.jpg HTTP/1.1" 200 61810 "-" "scalaj-http/2.4.2"
66.249.69.170 - - [05/Mar/2025:14:56:40 +0100] "GET /Jurek/eurofirany/images/383470/6.jpg HTTP/1.1" 200 62529 "-" "Googlebot-Image/1.0"
66.211.183.74 - - [05/Mar/2025:14:57:03 +0100] "GET /Jurek/eurofirany/images/390196/0.jpg HTTP/1.1" 200 162081 "-" "scalaj-http/2.4.2"
77.79.248.229 - - [05/Mar/2025:14:58:01 +0100] "GET /Jurek/eurofirany/feeds/eurofirany_manomanode.xml HTTP/1.1" 200 18890788 "-" "Python-urllib/3.11"
178.21.154.6 - - [05/Mar/2025:14:58:01 +0100] "GET /Jurek/eurofirany/images/383719/0.jpg HTTP/1.1" 200 70891 "-" "-"
178.21.154.6 - - [05/Mar/2025:14:58:01 +0100] "GET /Jurek/eurofirany/images/382252/0.jpg HTTP/1.1" 200 133518 "-" "-"
77.79.248.229 - - [05/Mar/2025:14:58:03 +0100] "GET /Jurek/hurtownia_przemyslowa/feeds/hp_manomanode.xml HTTP/1.1" 200 49552593 "-" "Python-urllib/3.11"
77.79.248.229 - - [05/Mar/2025:14:58:03 +0100] "GET /Jurek/topeshop/feeds/topeshop_manoDE.xml HTTP/1.1" 200 2450365 "-" "Python-urllib/3.11"
77.79.248.229 - - [05/Mar/2025:14:58:04 +0100] "GET /Jurek/aw/feeds/awnarzedzia_manomanoDE.xml HTTP/1.1" 200 90376833 "-" "Python-urllib/3.11"
77.79.248.229 - - [05/Mar/2025:14:58:05 +0100] "GET /Jurek/action/feeds/action_manomano_DE.xml HTTP/1.1" 200 55163691 "-" "Python-urllib/3.11"
77.79.248.229 - - [05/Mar/2025:14:58:05 +0100] "GET /Jurek/drewdon/feeds/drewdon_manomanoDE.xml HTTP/1.1" 200 504462 "-" "Python-urllib/3.11"
77.79.248.229 - - [05/Mar/2025:14:58:05 +0100] "GET /Jurek/kobi/feeds/kobi_manomanoDE.xml HTTP/1.1" 200 1993227 "-" "Python-urllib/3.11"
77.79.248.229 - - [05/Mar/2025:14:58:05 +0100] "GET /Jurek/pupus/feeds/pupus_manomanoDE.xml HTTP/1.1" 200 6154624 "-" "Python-urllib/3.11"
77.79.248.229 - - [05/Mar/2025:14:58:05 +0100] "GET /Jurek/reman/feeds/reman_manoamnoDE.xml HTTP/1.1" 200 1394828 "-" "Python-urllib/3.11"
77.79.248.229 - - [05/Mar/2025:14:58:05 +0100] "GET /Jurek/artdog/feeds/artdog_manomanoDE.xml HTTP/1.1" 200 16921848 "-" "Python-urllib/3.11"
77.79.248.229 - - [05/Mar/2025:14:58:06 +0100] "GET /Jurek/sartrix/feeds/sartrix_manomanoDE.xml HTTP/1.1" 200 649154 "-" "Python-urllib/3.11"
77.79.248.229 - - [05/Mar/2025:14:58:06 +0100] "GET /Jurek/hlo/feeds/hlo_manomanoDE.xml HTTP/1.1" 200 4838799 "-" "Python-urllib/3.11"
77.79.248.229 - - [05/Mar/2025:14:58:06 +0100] "GET /Jurek/hurtmeblowy/feeds/hurtmeblowy_ManoDE.xml HTTP/1.1" 200 8023188 "-" "Python-urllib/3.11"
77.79.248.229 - - [05/Mar/2025:14:58:06 +0100] "GET /Jurek/drops/feeds/dropsofficecolection_manoDE.xml HTTP/1.1" 200 798487 "-" "Python-urllib/3.11"
77.79.248.229 - - [05/Mar/2025:14:58:06 +0100] "GET /Jurek/aiofactory/feeds/aiofactory_manomanoDE.xml HTTP/1.1" 200 2123808 "-" "Python-urllib/3.11"
77.79.248.229 - - [05/Mar/2025:14:58:06 +0100] "GET /Jurek/szpaklampy/feeds/szpaklampy_manoDE.xml HTTP/1.1" 200 416414 "-" "Python-urllib/3.11"
77.79.248.229 - - [05/Mar/2025:14:58:07 +0100] "GET /Jurek/fernity/feeds/fernity_manomano.xml HTTP/1.1" 200 5224229 "-" "Python-urllib/3.11"
77.79.248.229 - - [05/Mar/2025:14:58:07 +0100] "GET /Jurek/eurofirany/feeds/eurofirany_manomanofr.xml HTTP/1.1" 200 18890552 "-" "Python-urllib/3.11"
77.79.248.229 - - [05/Mar/2025:14:58:08 +0100] "GET /Jurek/hurtownia_przemyslowa/feeds/hp_manomanofr.xml HTTP/1.1" 200 49553763 "-" "Python-urllib/3.11"
77.79.248.229 - - [05/Mar/2025:14:58:09 +0100] "GET /Jurek/kinghome/feeds/kinghome_manomanofr.xml HTTP/1.1" 200 5785090 "-" "Python-urllib/3.11"
77.79.248.229 - - [05/Mar/2025:14:58:09 +0100] "GET /Jurek/topeshop/feeds/topeshop_manoFR.xml HTTP/1.1" 200 2450511 "-" "Python-urllib/3.11"
77.79.248.229 - - [05/Mar/2025:14:58:10 +0100] "GET /Jurek/activeshop/feeds/activeshop_manomanofr.xml HTTP/1.1" 200 10441958 "-" "Python-urllib/3.11"
77.79.248.229 - - [05/Mar/2025:14:58:11 +0100] "GET /Jurek/aw/feeds/awnarzedzia_manomanofr.xml HTTP/1.1" 200 90378318 "-" "Python-urllib/3.11"
77.79.248.229 - - [05/Mar/2025:14:58:13 +0100] "GET /Jurek/bass_new/feeds/bass_manofr.xml HTTP/1.1" 200 7041035 "-" "Python-urllib/3.11"
77.79.248.229 - - [05/Mar/2025:14:58:13 +0100] "GET /Jurek/stema/feeds/stema_manofr.xml HTTP/1.1" 200 838575 "-" "Python-urllib/3.11"
77.79.248.229 - - [05/Mar/2025:14:58:14 +0100] "GET /Jurek/aiofactory/feeds/aiofactory_manomanoFR.xml HTTP/1.1" 200 2123796 "-" "Python-urllib/3.11"
77.79.248.229 - - [05/Mar/2025:14:58:14 +0100] "GET /Jurek/hurtmeblowy/feeds/hurtmeblowy_ManoFR.xml HTTP/1.1" 200 8023331 "-" "Python-urllib/3.11"
77.79.248.229 - - [05/Mar/2025:14:58:14 +0100] "GET /Jurek/szpaklampy/feeds/szpaklampy_manoFR.xml HTTP/1.1" 200 416423 "-" "Python-urllib/3.11"
77.79.248.229 - - [05/Mar/2025:14:58:14 +0100] "GET /Jurek/drops/feeds/dropsofficecolection_manoFR.xml HTTP/1.1" 200 798561 "-" "Python-urllib/3.11"
77.79.248.229 - - [05/Mar/2025:14:58:16 +0100] "GET /Jurek/hurtownia_przemyslowa/feeds/hp_manomanoit.xml HTTP/1.1" 200 49554036 "-" "Python-urllib/3.11"
77.79.248.229 - - [05/Mar/2025:14:58:16 +0100] "GET /Jurek/eurofirany/feeds/eurofirany_manomanoit.xml HTTP/1.1" 200 18890698 "-" "Python-urllib/3.11"
77.79.248.229 - - [05/Mar/2025:14:58:18 +0100] "GET /Jurek/fernity/feeds/fernity_manoIT.xml HTTP/1.1" 200 5224876 "-" "Python-urllib/3.11"
77.79.248.229 - - [05/Mar/2025:14:58:18 +0100] "GET /Jurek/topeshop/feeds/topeshop_manoIT.xml HTTP/1.1" 200 2450471 "-" "Python-urllib/3.11"
77.79.248.229 - - [05/Mar/2025:14:58:19 +0100] "GET /Jurek/action/feeds/action_manomano_IT.xml HTTP/1.1" 200 55165024 "-" "Python-urllib/3.11"
77.79.248.229 - - [05/Mar/2025:14:58:19 +0100] "GET /Jurek/activeshop/feeds/activeshop_manomanoit.xml HTTP/1.1" 200 10442095 "-" "Python-urllib/3.11"
77.79.248.229 - - [05/Mar/2025:14:58:21 +0100] "GET /Jurek/aw/feeds/awnarzedzia_manomanoIT.xml HTTP/1.1" 200 90380100 "-" "Python-urllib/3.11"
77.79.248.229 - - [05/Mar/2025:14:58:21 +0100] "GET /Jurek/barbecook/feeds/barbecook_manoit.xml HTTP/1.1" 200 87531 "-" "Python-urllib/3.11"
77.79.248.229 - - [05/Mar/2025:14:58:22 +0100] "GET /Jurek/drewdon/feeds/drewdon_manomanoIT.xml HTTP/1.1" 200 504460 "-" "Python-urllib/3.11"
77.79.248.229 - - [05/Mar/2025:14:58:22 +0100] "GET /Jurek/kobi/feeds/kobi_manomanoIT.xml HTTP/1.1" 200 1993312 "-" "Python-urllib/3.11"
77.79.248.229 - - [05/Mar/2025:14:58:22 +0100] "GET /Jurek/pupus/feeds/pupus_manomanoIT.xml HTTP/1.1" 200 6154672 "-" "Python-urllib/3.11"
77.79.248.229 - - [05/Mar/2025:14:58:22 +0100] "GET /Jurek/reman/feeds/reman_manoamnoIT.xml HTTP/1.1" 200 1394832 "-" "Python-urllib/3.11"
77.79.248.229 - - [05/Mar/2025:14:58:22 +0100] "GET /Jurek/artdog/feeds/artdog_manomanoIT.xml HTTP/1.1" 200 16921714 "-" "Python-urllib/3.11"
77.79.248.229 - - [05/Mar/2025:14:58:22 +0100] "GET /Jurek/sartrix/feeds/sartrix_manomanoIT.xml HTTP/1.1" 200 649171 "-" "Python-urllib/3.11"
77.79.248.229 - - [05/Mar/2025:14:58:23 +0100] "GET /Jurek/hlo/feeds/hlo_manomanoIT.xml HTTP/1.1" 200 4838837 "-" "Python-urllib/3.11"
77.79.248.229 - - [05/Mar/2025:14:58:23 +0100] "GET /Jurek/drewdon/feeds/drewdon_manomanoES.xml HTTP/1.1" 200 504461 "-" "Python-urllib/3.11"
77.79.248.229 - - [05/Mar/2025:14:58:24 +0100] "GET /Jurek/hurtownia_przemyslowa/feeds/hp_manomanoES.xml HTTP/1.1" 200 49554252 "-" "Python-urllib/3.11"
77.79.248.229 - - [05/Mar/2025:14:58:24 +0100] "GET /Jurek/kobi/feeds/kobi_manomanoES.xml HTTP/1.1" 200 1993279 "-" "Python-urllib/3.11"
77.79.248.229 - - [05/Mar/2025:14:58:24 +0100] "GET /Jurek/pupus/feeds/pupus_manomanoES.xml HTTP/1.1" 200 6154418 "-" "Python-urllib/3.11"
77.79.248.229 - - [05/Mar/2025:14:58:24 +0100] "GET /Jurek/reman/feeds/reman_manoamnoES.xml HTTP/1.1" 200 1394829 "-" "Python-urllib/3.11"
77.79.248.229 - - [05/Mar/2025:14:58:24 +0100] "GET /Jurek/artdog/feeds/artdog_manomanoES.xml HTTP/1.1" 200 16922117 "-" "Python-urllib/3.11"
77.79.248.229 - - [05/Mar/2025:14:58:25 +0100] "GET /Jurek/sartrix/feeds/sartrix_manomanoES.xml HTTP/1.1" 200 649178 "-" "Python-urllib/3.11"
77.79.248.229 - - [05/Mar/2025:14:58:25 +0100] "GET /Jurek/hlo/feeds/hlo_manomanoES.xml HTTP/1.1" 200 4838838 "-" "Python-urllib/3.11"
77.79.248.229 - - [05/Mar/2025:14:58:26 +0100] "GET /Jurek/drops/feeds/dropsofficecolection_manoES.xml HTTP/1.1" 200 798481 "-" "Python-urllib/3.11"
77.79.248.229 - - [05/Mar/2025:14:58:26 +0100] "GET /Jurek/szpaklampy/feeds/szpaklampy_manoES.xml HTTP/1.1" 200 416405 "-" "Python-urllib/3.11"
77.79.248.229 - - [05/Mar/2025:14:58:26 +0100] "GET /Jurek/hurtmeblowy/feeds/hurtmeblowy_ManoES.xml HTTP/1.1" 200 8023326 "-" "Python-urllib/3.11"
77.79.248.229 - - [05/Mar/2025:14:58:26 +0100] "GET /Jurek/aiofactory/feeds/aiofactory_manomanoES.xml HTTP/1.1" 200 2123797 "-" "Python-urllib/3.11"
66.211.183.70 - - [05/Mar/2025:14:58:51 +0100] "GET /Jurek/eurofirany/images/383350/0.jpg HTTP/1.1" 200 67932 "-" "scalaj-http/2.4.2"
178.21.154.6 - - [05/Mar/2025:14:59:39 +0100] "GET /Jurek/eurofirany/images/404508/0.jpg HTTP/1.1" 200 35974 "-" "-"
178.21.154.6 - - [05/Mar/2025:14:59:39 +0100] "GET /Jurek/eurofirany/images/403009/0.jpg HTTP/1.1" 200 32775 "-" "-"
178.21.154.6 - - [05/Mar/2025:14:59:39 +0100] "GET /Jurek/eurofirany/images/402966/0.jpg HTTP/1.1" 200 33958 "-" "-"
178.21.154.6 - - [05/Mar/2025:14:59:39 +0100] "GET /Jurek/eurofirany/images/390394/0.jpg HTTP/1.1" 200 63490 "-" "-"
178.21.154.6 - - [05/Mar/2025:14:59:39 +0100] "GET /Jurek/eurofirany/images/380910/0.jpg HTTP/1.1" 200 85469 "-" "-"
178.21.154.6 - - [05/Mar/2025:14:59:39 +0100] "GET /Jurek/eurofirany/images/403438/0.jpg HTTP/1.1" 200 59947 "-" "-"
178.21.154.6 - - [05/Mar/2025:14:59:39 +0100] "GET /Jurek/eurofirany/images/403474/0.jpg HTTP/1.1" 200 24535 "-" "-"
178.21.154.6 - - [05/Mar/2025:14:59:39 +0100] "GET /Jurek/eurofirany/images/403590/0.jpg HTTP/1.1" 200 41101 "-" "-"
178.21.154.6 - - [05/Mar/2025:14:59:39 +0100] "GET /Jurek/eurofirany/images/403593/0.jpg HTTP/1.1" 200 44801 "-" "-"
178.21.154.6 - - [05/Mar/2025:14:59:39 +0100] "GET /Jurek/eurofirany/images/432025/0.jpg HTTP/1.1" 200 51001 "-" "-"
66.211.183.71 - - [05/Mar/2025:14:59:53 +0100] "GET /Jurek/eurofirany/images/416148/0.jpg HTTP/1.1" 200 94233 "-" "scalaj-http/2.4.2"
66.211.183.74 - - [05/Mar/2025:15:00:13 +0100] "GET /Jurek/eurofirany/images/409905/0.jpg HTTP/1.1" 200 78745 "-" "scalaj-http/2.4.2"
85.14.86.141 - - [05/Mar/2025:15:00:40 +0100] "GET /Jurek/vida_morele/feeds/VidaPL_all.xml HTTP/2.0" 200 690043153 "-" "MarketplaceAPI curl/7.64.0 PHP/8"
52.17.80.36 - - [05/Mar/2025:15:00:48 +0100] "GET /marketplaces/ubaldi/results/ubaldi.csv HTTP/1.1" 200 147219 "-" "Mirakl HttpClient"
89.161.206.59 - - [05/Mar/2025:15:01:16 +0100] "GET /Jurek/eurofirany/feeds/eurofirany_amazonNL.xml HTTP/1.0" 200 18890635 "-" "-"
89.161.206.59 - - [05/Mar/2025:15:01:18 +0100] "GET /Jurek/eurofirany/feeds/eurofirany_amazonES.xml HTTP/1.0" 200 18890727 "-" "-"
89.161.206.59 - - [05/Mar/2025:15:01:24 +0100] "GET /Jurek/eurofirany/feeds/eurofirany_amazonIT.xml HTTP/1.0" 200 18890970 "-" "-"
89.161.206.59 - - [05/Mar/2025:15:01:26 +0100] "GET /Jurek/eurofirany/feeds/eurofirany_amazaon_de.xml HTTP/1.0" 200 18890521 "-" "-"
89.161.206.59 - - [05/Mar/2025:15:01:26 +0100] "GET /Jurek/eurofirany/feeds/eurofirany_amazonFR.xml HTTP/1.0" 200 18890669 "-" "-"
66.211.183.70 - - [05/Mar/2025:15:01:27 +0100] "GET /Jurek/eurofirany/images/408296/0.jpg HTTP/1.1" 200 63121 "-" "scalaj-http/2.4.2"
46.101.116.244 - - [05/Mar/2025:15:01:27 +0100] "GET /Jurek/aw/feeds/aw_fnacfr.xml HTTP/1.0" 404 3551 "-" "-"
89.161.206.59 - - [05/Mar/2025:15:01:28 +0100] "GET /Jurek/eurofirany/feeds/eurofirany_amazonSE.xml HTTP/1.0" 200 18908105 "-" "-"
89.161.206.59 - - [05/Mar/2025:15:01:30 +0100] "GET /Jurek/eurofirany/feeds/eurofirany_amazonBE.xml HTTP/1.0" 200 18890728 "-" "-"
89.161.206.59 - - [05/Mar/2025:15:01:36 +0100] "GET /Jurek/benetech/feeds/benetech_amazonnl.xml HTTP/1.0" 200 4467372 "-" "-"
89.161.206.59 - - [05/Mar/2025:15:01:36 +0100] "GET /Jurek/benetech/feeds/benetech_amazonit.xml HTTP/1.0" 200 4467402 "-" "-"
89.161.206.59 - - [05/Mar/2025:15:01:37 +0100] "GET /Jurek/benetech/feeds/benetech_amazones.xml HTTP/1.0" 200 4467393 "-" "-"
89.161.206.59 - - [05/Mar/2025:15:01:46 +0100] "GET /Jurek/kobi/feeds/kobi_amazones.xml HTTP/1.0" 200 677243 "-" "-"
89.161.206.59 - - [05/Mar/2025:15:01:46 +0100] "GET /Jurek/kobi/feeds/kobi_amazonfr.xml HTTP/1.0" 200 677233 "-" "-"
46.101.116.244 - - [05/Mar/2025:15:01:47 +0100] "GET /Filip/feeds/xlsx_ceneo.xml HTTP/1.0" 200 6241376 "-" "-"
52.209.168.113 - - [05/Mar/2025:15:01:56 +0100] "GET /marketplaces/rue/results/rue.csv HTTP/1.1" 200 147219 "-" "Mirakl HttpClient"
66.211.183.70 - - [05/Mar/2025:15:02:12 +0100] "GET /Jurek/topeshop/downloaded_images/5902838468456_Oaplwieszak.png HTTP/1.1" 404 3551 "-" "scalaj-http/2.4.2"
66.211.183.74 - - [05/Mar/2025:15:02:12 +0100] "GET /Jurek/eurofirany/images/372984/0.jpg HTTP/1.1" 200 66435 "-" "scalaj-http/2.4.2"
46.101.116.244 - - [05/Mar/2025:15:02:14 +0100] "GET /Jurek/kinghoff/feeds/kinghoff_allegro.xml HTTP/1.0" 200 15135219 "-" "-"
89.161.206.59 - - [05/Mar/2025:15:02:20 +0100] "GET /Jurek/artdog/feeds/artdog_allegro.xml HTTP/1.0" 200 16925555 "-" "-"
85.14.86.141 - - [05/Mar/2025:15:02:29 +0100] "GET /Jurek/kinghoff/feeds/kinghoff_morele.xml HTTP/2.0" 200 15134295 "-" "MarketplaceAPI curl/7.64.0 PHP/8"
66.211.183.71 - - [05/Mar/2025:15:02:38 +0100] "GET /Jurek/eurofirany/images/416442/0.jpg HTTP/1.1" 200 97429 "-" "scalaj-http/2.4.2"
66.211.183.74 - - [05/Mar/2025:15:02:55 +0100] "GET /Jurek/eurofirany/images/383165/0.jpg HTTP/1.1" 200 85519 "-" "scalaj-http/2.4.2"
66.211.183.71 - - [05/Mar/2025:15:03:24 +0100] "GET /Jurek/eurofirany/images/416790/0.jpg HTTP/1.1" 200 121794 "-" "scalaj-http/2.4.2"
66.211.183.71 - - [05/Mar/2025:15:03:29 +0100] "GET /Jurek/eurofirany/images/409910/0.jpg HTTP/1.1" 200 84953 "-" "scalaj-http/2.4.2"
85.14.86.141 - - [05/Mar/2025:15:04:02 +0100] "GET /Jurek/eurofirany/feeds/eurofirany_morele.xml HTTP/2.0" 200 18892312 "-" "MarketplaceAPI curl/7.64.0 PHP/8"
66.211.183.73 - - [05/Mar/2025:15:04:05 +0100] "GET /Jurek/eurofirany/images/408871/0.jpg HTTP/1.1" 200 132663 "-" "scalaj-http/2.4.2"
193.33.8.61 - - [05/Mar/2025:15:04:07 +0100] "GET /Jurek/eany/data.csv HTTP/2.0" 304 0 "https://dkkapusta1997.usermd.net/Jurek/eany/" "Mozilla/5.0 (Windows NT 10.0; Win64; x64) AppleWebKit/537.36 (KHTML, like Gecko) Chrome/133.0.0.0 Safari/537.36"
66.211.183.70 - - [05/Mar/2025:15:04:07 +0100] "GET /Jurek/eurofirany/images/383348/0.jpg HTTP/1.1" 200 67932 "-" "scalaj-http/2.4.2"
193.33.8.61 - - [05/Mar/2025:15:04:07 +0100] "GET /favicon.ico HTTP/2.0" 404 3551 "https://dkkapusta1997.usermd.net/Jurek/eany/" "Mozilla/5.0 (Windows NT 10.0; Win64; x64) AppleWebKit/537.36 (KHTML, like Gecko) Chrome/133.0.0.0 Safari/537.36"
66.211.183.71 - - [05/Mar/2025:15:04:25 +0100] "GET /Jurek/topeshop/downloaded_images/5904507209469_pROFILOWEMARINAkASZ.jpg HTTP/1.1" 404 3551 "-" "scalaj-http/2.4.2"
85.14.86.141 - - [05/Mar/2025:15:04:32 +0100] "GET /Jurek/vivaldi/feeds/vivaldi_Morele-PL.xml HTTP/2.0" 200 344674 "-" "MarketplaceAPI curl/7.64.0 PHP/8"
66.211.183.70 - - [05/Mar/2025:15:05:18 +0100] "GET /Jurek/eurofirany/images/428728/0.jpg HTTP/1.1" 200 93599 "-" "scalaj-http/2.4.2"
85.14.86.141 - - [05/Mar/2025:15:05:59 +0100] "GET /Jurek/aw/feeds/awnarzedzia_morele.xml HTTP/2.0" 200 90390252 "-" "MarketplaceAPI curl/7.64.0 PHP/8"
85.14.86.141 - - [05/Mar/2025:15:06:01 +0100] "GET /Jurek/vida_morele/feeds/VidaPL_morele.xml HTTP/2.0" 200 690042898 "-" "MarketplaceAPI curl/7.64.0 PHP/8"
46.101.116.244 - - [05/Mar/2025:15:06:10 +0100] "GET /Jurek/aw/feeds/aw_fnacfr.xml HTTP/1.0" 404 3551 "-" "-"
46.101.116.244 - - [05/Mar/2025:15:06:28 +0100] "GET /Filip/feeds/xlsx_ceneo.xml HTTP/1.0" 200 6241376 "-" "-"
85.14.86.141 - - [05/Mar/2025:15:06:44 +0100] "GET /Jurek/beliani/feeds/beliani_morele.xml HTTP/2.0" 200 26365533 "-" "MarketplaceAPI curl/7.64.0 PHP/8"
66.211.183.72 - - [05/Mar/2025:15:06:50 +0100] "GET /Jurek/eurofirany/images/389604/0.jpg HTTP/1.1" 200 159369 "-" "scalaj-http/2.4.2"
66.211.183.70 - - [05/Mar/2025:15:07:40 +0100] "GET /Jurek/eurofirany/images/416811/0.jpg HTTP/1.1" 200 214944 "-" "scalaj-http/2.4.2"
66.211.183.71 - - [05/Mar/2025:15:09:35 +0100] "GET /Jurek/eurofirany/images/403497/0.jpg HTTP/1.1" 200 62701 "-" "scalaj-http/2.4.2"
66.211.183.70 - - [05/Mar/2025:15:10:04 +0100] "GET /Jurek/eurofirany/images/416680/0.jpg HTTP/1.1" 200 125293 "-" "scalaj-http/2.4.2"
185.6.76.18 - - [05/Mar/2025:15:10:25 +0100] "GET /marketplaces/skroutz/feeds/shumee.xml HTTP/1.1" 200 348044617 "-" "SkroutzBot v1.0"
66.249.69.170 - - [05/Mar/2025:15:10:26 +0100] "GET /Jurek/eurofirany/images/382248/2.jpg HTTP/1.1" 200 6595 "-" "Googlebot-Image/1.0"
66.211.183.74 - - [05/Mar/2025:15:10:39 +0100] "GET /Jurek/eurofirany/images/389615/0.jpg HTTP/1.1" 200 159369 "-" "scalaj-http/2.4.2"
89.161.206.59 - - [05/Mar/2025:15:10:51 +0100] "GET /Jurek/hurtownia_przemyslowa/feeds/hp_ebayde.xml HTTP/1.0" 200 42493187 "-" "-"
46.101.116.244 - - [05/Mar/2025:15:11:38 +0100] "GET /Jurek/aw/feeds/aw_fnacfr.xml HTTP/1.0" 404 3551 "-" "-"
46.101.116.244 - - [05/Mar/2025:15:11:45 +0100] "GET /Jurek/hurtownia_przemyslowa/feeds/hp_fnacfr.xml HTTP/1.0" 200 49553341 "-" "-"
89.161.206.59 - - [05/Mar/2025:15:11:57 +0100] "GET /Jurek/drewdon/feeds/drewdon_piguEX.xml HTTP/1.0" 200 504452 "-" "-"
46.101.116.244 - - [05/Mar/2025:15:12:01 +0100] "GET /Jurek/hurtownia_przemyslowa/feeds/hp_bol.xml HTTP/1.0" 200 49553622 "-" "-"
46.101.116.244 - - [05/Mar/2025:15:12:12 +0100] "GET /Jurek/kinghoff/feeds/kinghoff_bol.xml HTTP/1.0" 200 15133489 "-" "-"
66.211.183.71 - - [05/Mar/2025:15:12:20 +0100] "GET /Jurek/eurofirany/images/401109/0.jpg HTTP/1.1" 200 119799 "-" "scalaj-http/2.4.2"
89.161.206.59 - - [05/Mar/2025:15:12:35 +0100] "GET /Jurek/sempler/feeds/sempler_BOL.xml HTTP/1.0" 200 6597158 "-" "-"
89.161.206.59 - - [05/Mar/2025:15:12:36 +0100] "GET /Jurek/eroplace/feeds/eroplace_bol.xml HTTP/1.0" 200 31322051 "-" "-"
89.161.206.59 - - [05/Mar/2025:15:12:38 +0100] "GET /Jurek/waks/feeds/waks_bol.xml HTTP/1.0" 200 6427495 "-" "-"
89.161.206.59 - - [05/Mar/2025:15:12:38 +0100] "GET /Jurek/benetech/feeds/benetech_bol.xml HTTP/1.0" 200 4467400 "-" "-"
89.161.206.59 - - [05/Mar/2025:15:12:45 +0100] "GET /Jurek/oromed/feeds/oromed_BOL.xml HTTP/1.0" 200 1019983 "-" "-"
89.161.206.59 - - [05/Mar/2025:15:12:45 +0100] "GET /Jurek/narzbud/feeds/narzbud_bol.xml HTTP/1.0" 200 1958305 "-" "-"
89.161.206.59 - - [05/Mar/2025:15:12:46 +0100] "GET /Jurek/artdog/feeds/artdog_bol.xml HTTP/1.0" 200 16922212 "-" "-"
89.161.206.59 - - [05/Mar/2025:15:12:47 +0100] "GET /Jurek/ekuchcikowo/feeds/ekuchcikowo_bol.xml HTTP/1.0" 200 13460332 "-" "-"
89.161.206.59 - - [05/Mar/2025:15:12:47 +0100] "GET /Jurek/ekolight/feeds/ekolight_bol.xml HTTP/1.0" 200 9051560 "-" "-"
89.161.206.59 - - [05/Mar/2025:15:12:48 +0100] "GET /Jurek/livinhill/feeds/livinhill_bol.xml HTTP/1.0" 200 1427763 "-" "-"
89.161.206.59 - - [05/Mar/2025:15:12:48 +0100] "GET /Jurek/galopi/feeds/galopi_bol.xml HTTP/1.0" 200 1884665 "-" "-"
89.161.206.59 - - [05/Mar/2025:15:12:49 +0100] "GET /Jurek/erohurtownia/feeds/erohurtownia_bol.xml HTTP/1.0" 200 23304586 "-" "-"
89.161.206.59 - - [05/Mar/2025:15:12:50 +0100] "GET /Jurek/urwiskowo/feeds/urwiskowo_bol.xml HTTP/1.0" 200 9115014 "-" "-"
89.161.206.59 - - [05/Mar/2025:15:12:51 +0100] "GET /Jurek/combine/feeds/combine_bol.xml HTTP/1.0" 200 210556 "-" "-"
89.161.206.59 - - [05/Mar/2025:15:12:51 +0100] "GET /Jurek/eurofryz2/feeds/eurofryz2_bol.xml HTTP/1.0" 200 1376557 "-" "-"
89.161.206.59 - - [05/Mar/2025:15:12:52 +0100] "GET /Jurek/spali/feeds/spali_bol.xml HTTP/1.0" 200 101946 "-" "-"
89.161.206.59 - - [05/Mar/2025:15:12:54 +0100] "GET /Jurek/eurofryz3/feeds/eurofryz3_bol.xml HTTP/1.0" 200 172221 "-" "-"
89.161.206.59 - - [05/Mar/2025:15:13:06 +0100] "GET /Jurek/bass_new/feeds/bass_bol.xml HTTP/1.0" 200 7040901 "-" "-"
89.161.206.59 - - [05/Mar/2025:15:13:06 +0100] "GET /Jurek/aiofactory/feeds/aiofactory_bol.xml HTTP/1.0" 200 2123799 "-" "-"
89.161.206.59 - - [05/Mar/2025:15:13:16 +0100] "GET /Jurek/hurtmeblowy/feeds/hurtmeblowy_bol.xml HTTP/1.0" 200 8023224 "-" "-"
89.161.206.59 - - [05/Mar/2025:15:13:16 +0100] "GET /Jurek/rider/feeds/rider_bol.xml HTTP/1.0" 200 8165073 "-" "-"
89.161.206.59 - - [05/Mar/2025:15:13:17 +0100] "GET /Jurek/eldar/feeds/eldar_bol.xml HTTP/1.0" 200 7329543 "-" "-"
66.211.183.70 - - [05/Mar/2025:15:13:17 +0100] "GET /Jurek/eurofirany/images/416443/0.jpg HTTP/1.1" 200 120591 "-" "scalaj-http/2.4.2"
89.161.206.59 - - [05/Mar/2025:15:13:18 +0100] "GET /Jurek/primohurt/feeds/primohurt_bol.xml HTTP/1.0" 200 17186793 "-" "-"
89.161.206.59 - - [05/Mar/2025:15:13:19 +0100] "GET /Jurek/najtanszysport/feeds/najtanszysport_bol.xml HTTP/1.0" 200 3982882 "-" "-"
89.161.206.59 - - [05/Mar/2025:15:13:20 +0100] "GET /Jurek/motofan/feeds/motofan_bol.xml HTTP/1.0" 200 2391951 "-" "-"
89.161.206.59 - - [05/Mar/2025:15:13:21 +0100] "GET /Jurek/topeshop/feeds/topeshop_bol.xml HTTP/1.0" 200 2450472 "-" "-"
89.161.206.59 - - [05/Mar/2025:15:13:27 +0100] "GET /Jurek/eurofirany/feeds/eurofirany_bol.xml HTTP/1.0" 200 18890845 "-" "-"
89.161.206.59 - - [05/Mar/2025:15:13:34 +0100] "GET /Jurek/eurofryz/feeds/eurofryz_bol.xml HTTP/1.0" 200 2388131 "-" "-"
46.101.116.244 - - [05/Mar/2025:15:13:38 +0100] "GET /Filip/feeds/xlsx_ceneo.xml HTTP/1.0" 200 6241376 "-" "-"
46.101.116.244 - - [05/Mar/2025:15:13:42 +0100] "GET /Jurek/rovicky/feeds/rovicky_zalando.xml HTTP/1.0" 200 14418699 "-" "-"
66.211.183.71 - - [05/Mar/2025:15:14:11 +0100] "GET /Jurek/eurofirany/images/390402/0.jpg HTTP/1.1" 200 122464 "-" "scalaj-http/2.4.2"
66.249.69.170 - - [05/Mar/2025:15:14:19 +0100] "GET /Jurek/eurofirany/images/382251/2.jpg HTTP/1.1" 200 6595 "-" "Googlebot-Image/1.0"
66.211.183.73 - - [05/Mar/2025:15:14:22 +0100] "GET /Jurek/eurofirany/images/438650/0.jpg HTTP/1.1" 200 186595 "-" "scalaj-http/2.4.2"
66.211.183.70 - - [05/Mar/2025:15:15:02 +0100] "GET /Jurek/eurofirany/images/389235/0.jpg HTTP/1.1" 200 134177 "-" "scalaj-http/2.4.2"
66.211.183.73 - - [05/Mar/2025:15:15:33 +0100] "GET /Jurek/eurofirany/images/390036/0.jpg HTTP/1.1" 200 194755 "-" "scalaj-http/2.4.2"
46.101.116.244 - - [05/Mar/2025:15:16:01 +0100] "GET /Jurek/aw/feeds/aw_fnacfr.xml HTTP/1.0" 404 3551 "-" "-"
46.101.116.244 - - [05/Mar/2025:15:16:19 +0100] "GET /Filip/feeds/xlsx_ceneo.xml HTTP/1.0" 200 6241376 "-" "-"
89.161.206.59 - - [05/Mar/2025:15:16:27 +0100] "GET /Jurek/kobi/feeds/kobi_amazonnl.xml HTTP/1.0" 200 677219 "-" "-"
89.161.206.59 - - [05/Mar/2025:15:16:27 +0100] "GET /Jurek/kobi/feeds/kobi_amazonse.xml HTTP/1.0" 200 677408 "-" "-"
89.161.206.59 - - [05/Mar/2025:15:16:27 +0100] "GET /Jurek/kobi/feeds/kobi_amazonbe.xml HTTP/1.0" 200 677216 "-" "-"
66.211.183.71 - - [05/Mar/2025:15:16:47 +0100] "GET /Jurek/eurofirany/images/372967/0.jpg HTTP/1.1" 200 72110 "-" "scalaj-http/2.4.2"
66.211.183.72 - - [05/Mar/2025:15:16:50 +0100] "GET /Jurek/eurofirany/images/372654/0.jpg HTTP/1.1" 200 66435 "-" "scalaj-http/2.4.2"
66.211.183.74 - - [05/Mar/2025:15:16:51 +0100] "GET /Jurek/eurofirany/images/387530/0.jpg HTTP/1.1" 200 94161 "-" "scalaj-http/2.4.2"
193.33.8.61 - - [05/Mar/2025:15:17:07 +0100] "GET /Jurek/bass_new/output.txt HTTP/2.0" 200 102704 "https://konsola.dkkapusta1997.usermd.net/" "Mozilla/5.0 (Windows NT 10.0; Win64; x64) AppleWebKit/537.36 (KHTML, like Gecko) Chrome/133.0.0.0 Safari/537.36"
66.211.183.71 - - [05/Mar/2025:15:17:59 +0100] "GET /Jurek/eurofirany/images/382252/0.jpg HTTP/1.1" 200 133518 "-" "scalaj-http/2.4.2"
66.249.69.170 - - [05/Mar/2025:15:18:02 +0100] "GET /Jurek/eurofirany/images/390064/1.jpg HTTP/1.1" 200 138661 "-" "Googlebot-Image/1.0"
66.249.69.170 - - [05/Mar/2025:15:18:03 +0100] "GET /Jurek/eurofirany/images/390064/5.jpg HTTP/1.1" 200 166695 "-" "Googlebot-Image/1.0"
66.249.69.170 - - [05/Mar/2025:15:18:09 +0100] "GET /Jurek/eurofirany/images/390064/2.jpg HTTP/1.1" 200 128803 "-" "Googlebot-Image/1.0"
193.33.8.61 - - [05/Mar/2025:15:19:10 +0100] "GET /Jurek/eurofryz/output.txt HTTP/2.0" 200 8825 "https://konsola.dkkapusta1997.usermd.net/" "Mozilla/5.0 (Macintosh; Intel Mac OS X 10_15_7) AppleWebKit/537.36 (KHTML, like Gecko) Chrome/133.0.0.0 Safari/537.36"
46.101.116.244 - - [05/Mar/2025:15:20:13 +0100] "GET /Jurek/action/feeds/action_mallhu.xml HTTP/1.1" 200 55245289 "-" "-"
185.6.76.167 - - [05/Mar/2025:15:20:36 +0100] "GET /Jurek/eurofirany/images/426303/0.jpg HTTP/1.1" 200 6625 "-" "Skroutz ImageBot v1"
185.6.76.167 - - [05/Mar/2025:15:20:36 +0100] "GET /Jurek/eurofirany/images/431702/0.jpg HTTP/1.1" 200 6625 "-" "Skroutz ImageBot v1"
66.211.183.70 - - [05/Mar/2025:15:20:49 +0100] "GET /Jurek/eurofirany/images/383864/0.jpg HTTP/1.1" 200 194659 "-" "scalaj-http/2.4.2"
66.211.183.73 - - [05/Mar/2025:15:21:11 +0100] "GET /Jurek/eurofirany/images/383468/0.jpg HTTP/1.1" 200 86852 "-" "scalaj-http/2.4.2"
