66.135.195.18 - - [05/Mar/2025:11:05:56 +0100] "GET /Jurek/eurofirany/images/468194/0.jpg HTTP/1.1" 200 119119 "http://www.ebay.com/" "Mozilla/4.0 (compatible; MSIE 4.01; Windows NT)"
66.135.195.19 - - [05/Mar/2025:11:05:56 +0100] "GET /Jurek/eurofirany/images/468194/1.jpg HTTP/1.1" 200 87210 "http://www.ebay.com/" "Mozilla/4.0 (compatible; MSIE 4.01; Windows NT)"
66.135.195.18 - - [05/Mar/2025:11:05:56 +0100] "GET /Jurek/eurofirany/images/468194/2.jpg HTTP/1.1" 200 136316 "http://www.ebay.com/" "Mozilla/4.0 (compatible; MSIE 4.01; Windows NT)"
66.135.202.169 - - [05/Mar/2025:11:06:01 +0100] "GET /Jurek/eurofirany/images/453313/0.jpg HTTP/1.1" 200 73385 "-" "Java/17.0.12.0.101"
66.135.202.170 - - [05/Mar/2025:11:06:02 +0100] "GET /Jurek/eurofirany/images/420653/2.jpg HTTP/1.1" 200 102233 "http://www.ebay.com/" "Mozilla/4.0 (compatible; MSIE 4.01; Windows NT)"
66.135.202.171 - - [05/Mar/2025:11:06:02 +0100] "GET /Jurek/eurofirany/images/420653/4.jpg HTTP/1.1" 200 189323 "http://www.ebay.com/" "Mozilla/4.0 (compatible; MSIE 4.01; Windows NT)"
66.135.202.172 - - [05/Mar/2025:11:06:02 +0100] "GET /Jurek/eurofirany/images/420653/0.jpg HTTP/1.1" 200 198449 "http://www.ebay.com/" "Mozilla/4.0 (compatible; MSIE 4.01; Windows NT)"
66.135.202.172 - - [05/Mar/2025:11:06:02 +0100] "GET /Jurek/eurofirany/images/420653/9.jpg HTTP/1.1" 200 188606 "http://www.ebay.com/" "Mozilla/4.0 (compatible; MSIE 4.01; Windows NT)"
66.135.202.171 - - [05/Mar/2025:11:06:02 +0100] "GET /Jurek/eurofirany/images/420653/1.jpg HTTP/1.1" 200 189034 "http://www.ebay.com/" "Mozilla/4.0 (compatible; MSIE 4.01; Windows NT)"
66.135.202.169 - - [05/Mar/2025:11:06:02 +0100] "GET /Jurek/eurofirany/images/420653/10.jpg HTTP/1.1" 200 198860 "http://www.ebay.com/" "Mozilla/4.0 (compatible; MSIE 4.01; Windows NT)"
66.135.202.171 - - [05/Mar/2025:11:06:02 +0100] "GET /Jurek/eurofirany/images/420653/5.jpg HTTP/1.1" 200 209906 "http://www.ebay.com/" "Mozilla/4.0 (compatible; MSIE 4.01; Windows NT)"
66.135.202.171 - - [05/Mar/2025:11:06:02 +0100] "GET /Jurek/eurofirany/images/420653/6.jpg HTTP/1.1" 200 317774 "http://www.ebay.com/" "Mozilla/4.0 (compatible; MSIE 4.01; Windows NT)"
66.135.202.173 - - [05/Mar/2025:11:06:03 +0100] "GET /Jurek/eurofirany/images/420653/7.jpg HTTP/1.1" 200 196817 "http://www.ebay.com/" "Mozilla/4.0 (compatible; MSIE 4.01; Windows NT)"
85.14.86.141 - - [05/Mar/2025:11:06:03 +0100] "GET /Jurek/aw/feeds/awnarzedzia_morele.xml HTTP/2.0" 200 90390252 "-" "MarketplaceAPI curl/7.64.0 PHP/8"
66.135.202.169 - - [05/Mar/2025:11:06:03 +0100] "GET /Jurek/eurofirany/images/420653/8.jpg HTTP/1.1" 200 188606 "http://www.ebay.com/" "Mozilla/4.0 (compatible; MSIE 4.01; Windows NT)"
66.135.202.172 - - [05/Mar/2025:11:06:03 +0100] "GET /Jurek/eurofirany/images/420653/3.jpg HTTP/1.1" 200 209584 "http://www.ebay.com/" "Mozilla/4.0 (compatible; MSIE 4.01; Windows NT)"
85.14.86.141 - - [05/Mar/2025:11:06:12 +0100] "GET /Jurek/vida_morele/feeds/VidaPL_morele.xml HTTP/2.0" 200 690105115 "-" "MarketplaceAPI curl/7.64.0 PHP/8"
66.135.202.72 - - [05/Mar/2025:11:06:13 +0100] "GET /Jurek/eurofirany/images/464089/2.jpg HTTP/1.1" 200 78954 "http://www.ebay.com/" "Mozilla/4.0 (compatible; MSIE 4.01; Windows NT)"
66.135.202.71 - - [05/Mar/2025:11:06:13 +0100] "GET /Jurek/eurofirany/images/464089/1.jpg HTTP/1.1" 200 103993 "http://www.ebay.com/" "Mozilla/4.0 (compatible; MSIE 4.01; Windows NT)"
66.135.202.71 - - [05/Mar/2025:11:06:13 +0100] "GET /Jurek/eurofirany/images/464089/3.jpg HTTP/1.1" 200 103521 "http://www.ebay.com/" "Mozilla/4.0 (compatible; MSIE 4.01; Windows NT)"
66.135.202.73 - - [05/Mar/2025:11:06:13 +0100] "GET /Jurek/eurofirany/images/464089/4.jpg HTTP/1.1" 200 92748 "http://www.ebay.com/" "Mozilla/4.0 (compatible; MSIE 4.01; Windows NT)"
66.135.202.72 - - [05/Mar/2025:11:06:13 +0100] "GET /Jurek/eurofirany/images/464089/5.jpg HTTP/1.1" 200 91575 "http://www.ebay.com/" "Mozilla/4.0 (compatible; MSIE 4.01; Windows NT)"
66.135.202.75 - - [05/Mar/2025:11:06:13 +0100] "GET /Jurek/eurofirany/images/464089/0.jpg HTTP/1.1" 200 162350 "http://www.ebay.com/" "Mozilla/4.0 (compatible; MSIE 4.01; Windows NT)"
66.211.183.72 - - [05/Mar/2025:11:06:19 +0100] "GET /Jurek/eurofirany/images/389616/0.jpg HTTP/1.1" 200 134368 "-" "scalaj-http/2.4.2"
46.101.116.244 - - [05/Mar/2025:11:06:19 +0100] "GET /Jurek/aw/feeds/aw_fnacfr.xml HTTP/1.0" 404 3551 "-" "-"
66.211.183.74 - - [05/Mar/2025:11:06:21 +0100] "GET /Jurek/topeshop/downloaded_images/5902838461167_bylki_.RGB_color.0021_kopia.png HTTP/1.1" 200 121464 "-" "scalaj-http/2.4.2"
66.211.183.71 - - [05/Mar/2025:11:06:23 +0100] "GET /Jurek/eurofirany/images/383336/0.jpg HTTP/1.1" 200 76845 "-" "scalaj-http/2.4.2"
46.101.116.244 - - [05/Mar/2025:11:06:25 +0100] "GET /Jurek/hurtownia_przemyslowa/feeds/hp_fnacfr.xml HTTP/1.0" 200 49553317 "-" "-"
66.135.195.18 - - [05/Mar/2025:11:06:31 +0100] "GET /Jurek/eurofirany/images/367327/2.jpg HTTP/1.1" 200 63355 "http://www.ebay.com/" "Mozilla/4.0 (compatible; MSIE 4.01; Windows NT)"
66.135.195.18 - - [05/Mar/2025:11:06:31 +0100] "GET /Jurek/eurofirany/images/367327/0.jpg HTTP/1.1" 200 81911 "http://www.ebay.com/" "Mozilla/4.0 (compatible; MSIE 4.01; Windows NT)"
66.135.195.17 - - [05/Mar/2025:11:06:31 +0100] "GET /Jurek/eurofirany/images/367327/3.jpg HTTP/1.1" 200 91596 "http://www.ebay.com/" "Mozilla/4.0 (compatible; MSIE 4.01; Windows NT)"
66.135.195.16 - - [05/Mar/2025:11:06:31 +0100] "GET /Jurek/eurofirany/images/367327/1.jpg HTTP/1.1" 200 114300 "http://www.ebay.com/" "Mozilla/4.0 (compatible; MSIE 4.01; Windows NT)"
66.135.195.16 - - [05/Mar/2025:11:06:31 +0100] "GET /Jurek/eurofirany/images/367327/5.jpg HTTP/1.1" 200 120867 "http://www.ebay.com/" "Mozilla/4.0 (compatible; MSIE 4.01; Windows NT)"
66.135.195.18 - - [05/Mar/2025:11:06:31 +0100] "GET /Jurek/eurofirany/images/367327/7.jpg HTTP/1.1" 200 96609 "http://www.ebay.com/" "Mozilla/4.0 (compatible; MSIE 4.01; Windows NT)"
66.135.195.18 - - [05/Mar/2025:11:06:31 +0100] "GET /Jurek/eurofirany/images/367327/4.jpg HTTP/1.1" 200 174216 "http://www.ebay.com/" "Mozilla/4.0 (compatible; MSIE 4.01; Windows NT)"
66.135.195.18 - - [05/Mar/2025:11:06:32 +0100] "GET /Jurek/eurofirany/images/367327/6.jpg HTTP/1.1" 200 180567 "http://www.ebay.com/" "Mozilla/4.0 (compatible; MSIE 4.01; Windows NT)"
66.135.202.171 - - [05/Mar/2025:11:06:36 +0100] "GET /Jurek/eurofirany/images/453313/0.jpg HTTP/1.1" 200 73385 "http://www.ebay.com/" "Mozilla/4.0 (compatible; MSIE 4.01; Windows NT)"
66.135.202.171 - - [05/Mar/2025:11:06:37 +0100] "GET /Jurek/eurofirany/images/453313/1.jpg HTTP/1.1" 200 85759 "http://www.ebay.com/" "Mozilla/4.0 (compatible; MSIE 4.01; Windows NT)"
66.135.202.170 - - [05/Mar/2025:11:06:37 +0100] "GET /Jurek/eurofirany/images/453313/2.jpg HTTP/1.1" 200 42093 "http://www.ebay.com/" "Mozilla/4.0 (compatible; MSIE 4.01; Windows NT)"
66.135.202.169 - - [05/Mar/2025:11:06:37 +0100] "GET /Jurek/eurofirany/images/453313/4.jpg HTTP/1.1" 200 131036 "http://www.ebay.com/" "Mozilla/4.0 (compatible; MSIE 4.01; Windows NT)"
66.135.202.173 - - [05/Mar/2025:11:06:37 +0100] "GET /Jurek/eurofirany/images/453313/6.jpg HTTP/1.1" 200 135961 "http://www.ebay.com/" "Mozilla/4.0 (compatible; MSIE 4.01; Windows NT)"
66.135.202.172 - - [05/Mar/2025:11:06:37 +0100] "GET /Jurek/eurofirany/images/453313/9.jpg HTTP/1.1" 200 141128 "http://www.ebay.com/" "Mozilla/4.0 (compatible; MSIE 4.01; Windows NT)"
66.135.202.171 - - [05/Mar/2025:11:06:37 +0100] "GET /Jurek/eurofirany/images/453313/8.jpg HTTP/1.1" 200 148589 "http://www.ebay.com/" "Mozilla/4.0 (compatible; MSIE 4.01; Windows NT)"
66.135.202.173 - - [05/Mar/2025:11:06:37 +0100] "GET /Jurek/eurofirany/images/453313/3.jpg HTTP/1.1" 200 158388 "http://www.ebay.com/" "Mozilla/4.0 (compatible; MSIE 4.01; Windows NT)"
89.161.206.59 - - [05/Mar/2025:11:06:37 +0100] "GET /Jurek/drewdon/feeds/drewdon_piguEX.xml HTTP/1.0" 200 504459 "-" "-"
66.135.202.171 - - [05/Mar/2025:11:06:37 +0100] "GET /Jurek/eurofirany/images/453313/7.jpg HTTP/1.1" 200 178181 "http://www.ebay.com/" "Mozilla/4.0 (compatible; MSIE 4.01; Windows NT)"
66.135.202.173 - - [05/Mar/2025:11:06:37 +0100] "GET /Jurek/eurofirany/images/453313/5.jpg HTTP/1.1" 200 292017 "http://www.ebay.com/" "Mozilla/4.0 (compatible; MSIE 4.01; Windows NT)"
77.79.248.229 - - [05/Mar/2025:11:06:39 +0100] "GET /Jurek/szpaklampy/feeds/szpaklampy_manoES.xml HTTP/1.1" 200 416405 "-" "Python-urllib/3.11"
46.101.116.244 - - [05/Mar/2025:11:06:41 +0100] "GET /Jurek/hurtownia_przemyslowa/feeds/hp_bol.xml HTTP/1.0" 200 49553598 "-" "-"
85.14.86.141 - - [05/Mar/2025:11:06:46 +0100] "GET /Jurek/beliani/feeds/beliani_morele.xml HTTP/2.0" 200 26365533 "-" "MarketplaceAPI curl/7.64.0 PHP/8"
46.101.116.244 - - [05/Mar/2025:11:06:47 +0100] "GET /Jurek/kinghoff/feeds/kinghoff_bol.xml HTTP/1.0" 200 15104319 "-" "-"
66.211.183.74 - - [05/Mar/2025:11:06:52 +0100] "GET /Jurek/eurofirany/images/409903/0.jpg HTTP/1.1" 200 188678 "-" "scalaj-http/2.4.2"
66.135.202.74 - - [05/Mar/2025:11:06:53 +0100] "GET /Jurek/eurofirany/images/464088/1.jpg HTTP/1.1" 200 118213 "http://www.ebay.com/" "Mozilla/4.0 (compatible; MSIE 4.01; Windows NT)"
66.135.202.75 - - [05/Mar/2025:11:06:54 +0100] "GET /Jurek/eurofirany/images/464088/2.jpg HTTP/1.1" 200 87347 "http://www.ebay.com/" "Mozilla/4.0 (compatible; MSIE 4.01; Windows NT)"
66.135.202.72 - - [05/Mar/2025:11:06:54 +0100] "GET /Jurek/eurofirany/images/464088/5.jpg HTTP/1.1" 200 76356 "http://www.ebay.com/" "Mozilla/4.0 (compatible; MSIE 4.01; Windows NT)"
66.135.202.71 - - [05/Mar/2025:11:06:54 +0100] "GET /Jurek/eurofirany/images/464088/0.jpg HTTP/1.1" 200 172422 "http://www.ebay.com/" "Mozilla/4.0 (compatible; MSIE 4.01; Windows NT)"
66.135.202.75 - - [05/Mar/2025:11:06:54 +0100] "GET /Jurek/eurofirany/images/464088/4.jpg HTTP/1.1" 200 183300 "http://www.ebay.com/" "Mozilla/4.0 (compatible; MSIE 4.01; Windows NT)"
66.135.202.73 - - [05/Mar/2025:11:06:54 +0100] "GET /Jurek/eurofirany/images/464088/3.jpg HTTP/1.1" 200 169974 "http://www.ebay.com/" "Mozilla/4.0 (compatible; MSIE 4.01; Windows NT)"
89.161.206.59 - - [05/Mar/2025:11:07:04 +0100] "GET /Jurek/sempler/feeds/sempler_BOL.xml HTTP/1.0" 200 6553202 "-" "-"
89.161.206.59 - - [05/Mar/2025:11:07:05 +0100] "GET /Jurek/eroplace/feeds/eroplace_bol.xml HTTP/1.0" 200 30849413 "-" "-"
89.161.206.59 - - [05/Mar/2025:11:07:07 +0100] "GET /Jurek/waks/feeds/waks_bol.xml HTTP/1.0" 200 6332805 "-" "-"
89.161.206.59 - - [05/Mar/2025:11:07:08 +0100] "GET /Jurek/benetech/feeds/benetech_bol.xml HTTP/1.0" 200 4451896 "-" "-"
66.135.202.74 - - [05/Mar/2025:11:07:11 +0100] "GET /Jurek/eurofirany/images/464080/2.jpg HTTP/1.1" 200 68246 "http://www.ebay.com/" "Mozilla/4.0 (compatible; MSIE 4.01; Windows NT)"
66.135.202.74 - - [05/Mar/2025:11:07:11 +0100] "GET /Jurek/eurofirany/images/464080/5.jpg HTTP/1.1" 200 105759 "http://www.ebay.com/" "Mozilla/4.0 (compatible; MSIE 4.01; Windows NT)"
66.135.202.71 - - [05/Mar/2025:11:07:11 +0100] "GET /Jurek/eurofirany/images/464080/4.jpg HTTP/1.1" 200 109736 "http://www.ebay.com/" "Mozilla/4.0 (compatible; MSIE 4.01; Windows NT)"
66.135.202.75 - - [05/Mar/2025:11:07:11 +0100] "GET /Jurek/eurofirany/images/464080/1.jpg HTTP/1.1" 200 83633 "http://www.ebay.com/" "Mozilla/4.0 (compatible; MSIE 4.01; Windows NT)"
66.135.202.74 - - [05/Mar/2025:11:07:11 +0100] "GET /Jurek/eurofirany/images/464080/0.jpg HTTP/1.1" 200 148944 "http://www.ebay.com/" "Mozilla/4.0 (compatible; MSIE 4.01; Windows NT)"
66.135.202.75 - - [05/Mar/2025:11:07:12 +0100] "GET /Jurek/eurofirany/images/464080/3.jpg HTTP/1.1" 200 153607 "http://www.ebay.com/" "Mozilla/4.0 (compatible; MSIE 4.01; Windows NT)"
66.135.195.20 - - [05/Mar/2025:11:07:16 +0100] "GET /Jurek/eurofirany/images/468199/1.jpg HTTP/1.1" 200 104263 "http://www.ebay.com/" "Mozilla/4.0 (compatible; MSIE 4.01; Windows NT)"
66.135.195.19 - - [05/Mar/2025:11:07:16 +0100] "GET /Jurek/eurofirany/images/468199/2.jpg HTTP/1.1" 200 131073 "http://www.ebay.com/" "Mozilla/4.0 (compatible; MSIE 4.01; Windows NT)"
66.135.195.19 - - [05/Mar/2025:11:07:16 +0100] "GET /Jurek/eurofirany/images/468199/0.jpg HTTP/1.1" 200 140897 "http://www.ebay.com/" "Mozilla/4.0 (compatible; MSIE 4.01; Windows NT)"
66.135.202.74 - - [05/Mar/2025:11:07:19 +0100] "GET /Jurek/eurofirany/images/349472/1.jpg HTTP/1.1" 200 104418 "http://www.ebay.com/" "Mozilla/4.0 (compatible; MSIE 4.01; Windows NT)"
66.135.202.73 - - [05/Mar/2025:11:07:19 +0100] "GET /Jurek/eurofirany/images/349472/0.jpg HTTP/1.1" 200 153048 "http://www.ebay.com/" "Mozilla/4.0 (compatible; MSIE 4.01; Windows NT)"
66.135.202.71 - - [05/Mar/2025:11:07:19 +0100] "GET /Jurek/eurofirany/images/349472/3.jpg HTTP/1.1" 200 165489 "http://www.ebay.com/" "Mozilla/4.0 (compatible; MSIE 4.01; Windows NT)"
66.135.202.74 - - [05/Mar/2025:11:07:19 +0100] "GET /Jurek/eurofirany/images/349472/4.jpg HTTP/1.1" 200 166935 "http://www.ebay.com/" "Mozilla/4.0 (compatible; MSIE 4.01; Windows NT)"
66.135.202.71 - - [05/Mar/2025:11:07:19 +0100] "GET /Jurek/eurofirany/images/349472/2.jpg HTTP/1.1" 200 174516 "http://www.ebay.com/" "Mozilla/4.0 (compatible; MSIE 4.01; Windows NT)"
66.135.195.18 - - [05/Mar/2025:11:07:27 +0100] "GET /Jurek/eurofirany/images/432091/0.jpg HTTP/1.1" 200 61785 "http://www.ebay.com/" "Mozilla/4.0 (compatible; MSIE 4.01; Windows NT)"
66.135.195.18 - - [05/Mar/2025:11:07:27 +0100] "GET /Jurek/eurofirany/images/432091/2.jpg HTTP/1.1" 200 33079 "http://www.ebay.com/" "Mozilla/4.0 (compatible; MSIE 4.01; Windows NT)"
66.135.195.17 - - [05/Mar/2025:11:07:27 +0100] "GET /Jurek/eurofirany/images/432091/1.jpg HTTP/1.1" 200 123119 "http://www.ebay.com/" "Mozilla/4.0 (compatible; MSIE 4.01; Windows NT)"
66.135.195.17 - - [05/Mar/2025:11:07:27 +0100] "GET /Jurek/eurofirany/images/432091/3.jpg HTTP/1.1" 200 61802 "http://www.ebay.com/" "Mozilla/4.0 (compatible; MSIE 4.01; Windows NT)"
66.135.195.19 - - [05/Mar/2025:11:07:27 +0100] "GET /Jurek/eurofirany/images/432091/6.jpg HTTP/1.1" 200 56946 "http://www.ebay.com/" "Mozilla/4.0 (compatible; MSIE 4.01; Windows NT)"
66.135.195.18 - - [05/Mar/2025:11:07:27 +0100] "GET /Jurek/eurofirany/images/432091/5.jpg HTTP/1.1" 200 105531 "http://www.ebay.com/" "Mozilla/4.0 (compatible; MSIE 4.01; Windows NT)"
66.135.195.20 - - [05/Mar/2025:11:07:27 +0100] "GET /Jurek/eurofirany/images/432091/9.jpg HTTP/1.1" 200 132231 "http://www.ebay.com/" "Mozilla/4.0 (compatible; MSIE 4.01; Windows NT)"
66.135.195.18 - - [05/Mar/2025:11:07:27 +0100] "GET /Jurek/eurofirany/images/432091/8.jpg HTTP/1.1" 200 144196 "http://www.ebay.com/" "Mozilla/4.0 (compatible; MSIE 4.01; Windows NT)"
66.135.195.16 - - [05/Mar/2025:11:07:27 +0100] "GET /Jurek/eurofirany/images/432091/7.jpg HTTP/1.1" 200 155600 "http://www.ebay.com/" "Mozilla/4.0 (compatible; MSIE 4.01; Windows NT)"
66.135.195.16 - - [05/Mar/2025:11:07:27 +0100] "GET /Jurek/eurofirany/images/432091/4.jpg HTTP/1.1" 200 194515 "http://www.ebay.com/" "Mozilla/4.0 (compatible; MSIE 4.01; Windows NT)"
66.135.202.172 - - [05/Mar/2025:11:07:28 +0100] "GET /Jurek/eurofirany/images/349461/0.jpg HTTP/1.1" 200 82606 "http://www.ebay.com/" "Mozilla/4.0 (compatible; MSIE 4.01; Windows NT)"
66.135.202.170 - - [05/Mar/2025:11:07:28 +0100] "GET /Jurek/eurofirany/images/349461/1.jpg HTTP/1.1" 200 112182 "http://www.ebay.com/" "Mozilla/4.0 (compatible; MSIE 4.01; Windows NT)"
66.135.202.171 - - [05/Mar/2025:11:07:28 +0100] "GET /Jurek/eurofirany/images/349461/4.jpg HTTP/1.1" 200 78191 "http://www.ebay.com/" "Mozilla/4.0 (compatible; MSIE 4.01; Windows NT)"
66.135.202.173 - - [05/Mar/2025:11:07:28 +0100] "GET /Jurek/eurofirany/images/349461/5.jpg HTTP/1.1" 200 78191 "http://www.ebay.com/" "Mozilla/4.0 (compatible; MSIE 4.01; Windows NT)"
66.135.202.171 - - [05/Mar/2025:11:07:28 +0100] "GET /Jurek/eurofirany/images/349461/6.jpg HTTP/1.1" 200 78191 "http://www.ebay.com/" "Mozilla/4.0 (compatible; MSIE 4.01; Windows NT)"
66.135.202.172 - - [05/Mar/2025:11:07:28 +0100] "GET /Jurek/eurofirany/images/349461/3.jpg HTTP/1.1" 200 165499 "http://www.ebay.com/" "Mozilla/4.0 (compatible; MSIE 4.01; Windows NT)"
66.135.202.170 - - [05/Mar/2025:11:07:28 +0100] "GET /Jurek/eurofirany/images/349461/2.jpg HTTP/1.1" 200 190295 "http://www.ebay.com/" "Mozilla/4.0 (compatible; MSIE 4.01; Windows NT)"
66.135.195.17 - - [05/Mar/2025:11:07:30 +0100] "GET /Jurek/eurofirany/images/420654/3.jpg HTTP/1.1" 200 106927 "http://www.ebay.com/" "Mozilla/4.0 (compatible; MSIE 4.01; Windows NT)"
66.135.195.16 - - [05/Mar/2025:11:07:30 +0100] "GET /Jurek/eurofirany/images/420654/9.jpg HTTP/1.1" 200 105370 "http://www.ebay.com/" "Mozilla/4.0 (compatible; MSIE 4.01; Windows NT)"
66.135.195.16 - - [05/Mar/2025:11:07:30 +0100] "GET /Jurek/eurofirany/images/420654/10.jpg HTTP/1.1" 200 105002 "http://www.ebay.com/" "Mozilla/4.0 (compatible; MSIE 4.01; Windows NT)"
66.135.195.20 - - [05/Mar/2025:11:07:30 +0100] "GET /Jurek/eurofirany/images/420654/8.jpg HTTP/1.1" 200 165054 "http://www.ebay.com/" "Mozilla/4.0 (compatible; MSIE 4.01; Windows NT)"
66.135.195.17 - - [05/Mar/2025:11:07:30 +0100] "GET /Jurek/eurofirany/images/420654/0.jpg HTTP/1.1" 200 194159 "http://www.ebay.com/" "Mozilla/4.0 (compatible; MSIE 4.01; Windows NT)"
66.135.195.18 - - [05/Mar/2025:11:07:30 +0100] "GET /Jurek/eurofirany/images/420654/1.jpg HTTP/1.1" 200 181819 "http://www.ebay.com/" "Mozilla/4.0 (compatible; MSIE 4.01; Windows NT)"
66.135.195.20 - - [05/Mar/2025:11:07:30 +0100] "GET /Jurek/eurofirany/images/420654/2.jpg HTTP/1.1" 200 189599 "http://www.ebay.com/" "Mozilla/4.0 (compatible; MSIE 4.01; Windows NT)"
66.135.195.20 - - [05/Mar/2025:11:07:30 +0100] "GET /Jurek/eurofirany/images/420654/4.jpg HTTP/1.1" 200 253466 "http://www.ebay.com/" "Mozilla/4.0 (compatible; MSIE 4.01; Windows NT)"
66.135.195.20 - - [05/Mar/2025:11:07:31 +0100] "GET /Jurek/eurofirany/images/420654/6.jpg HTTP/1.1" 200 247673 "http://www.ebay.com/" "Mozilla/4.0 (compatible; MSIE 4.01; Windows NT)"
66.135.195.18 - - [05/Mar/2025:11:07:31 +0100] "GET /Jurek/eurofirany/images/420654/7.jpg HTTP/1.1" 200 247954 "http://www.ebay.com/" "Mozilla/4.0 (compatible; MSIE 4.01; Windows NT)"
66.135.195.19 - - [05/Mar/2025:11:07:31 +0100] "GET /Jurek/eurofirany/images/420654/5.jpg HTTP/1.1" 200 225019 "http://www.ebay.com/" "Mozilla/4.0 (compatible; MSIE 4.01; Windows NT)"
66.135.195.17 - - [05/Mar/2025:11:07:31 +0100] "GET /Jurek/eurofirany/images/420654/11.jpg HTTP/1.1" 200 378930 "http://www.ebay.com/" "Mozilla/4.0 (compatible; MSIE 4.01; Windows NT)"
66.135.195.20 - - [05/Mar/2025:11:07:34 +0100] "GET /Jurek/eurofirany/images/468201/1.jpg HTTP/1.1" 200 69686 "http://www.ebay.com/" "Mozilla/4.0 (compatible; MSIE 4.01; Windows NT)"
66.135.195.17 - - [05/Mar/2025:11:07:34 +0100] "GET /Jurek/eurofirany/images/468201/0.jpg HTTP/1.1" 200 82608 "http://www.ebay.com/" "Mozilla/4.0 (compatible; MSIE 4.01; Windows NT)"
66.135.195.16 - - [05/Mar/2025:11:07:34 +0100] "GET /Jurek/eurofirany/images/468201/2.jpg HTTP/1.1" 200 143886 "http://www.ebay.com/" "Mozilla/4.0 (compatible; MSIE 4.01; Windows NT)"
66.135.195.18 - - [05/Mar/2025:11:07:44 +0100] "GET /Jurek/eurofirany/images/463819/0.jpg HTTP/1.1" 200 67055 "http://www.ebay.com/" "Mozilla/4.0 (compatible; MSIE 4.01; Windows NT)"
66.135.195.17 - - [05/Mar/2025:11:07:44 +0100] "GET /Jurek/eurofirany/images/463819/1.jpg HTTP/1.1" 200 48175 "http://www.ebay.com/" "Mozilla/4.0 (compatible; MSIE 4.01; Windows NT)"
66.135.195.16 - - [05/Mar/2025:11:07:44 +0100] "GET /Jurek/eurofirany/images/463819/2.jpg HTTP/1.1" 200 128607 "http://www.ebay.com/" "Mozilla/4.0 (compatible; MSIE 4.01; Windows NT)"
66.135.195.18 - - [05/Mar/2025:11:07:44 +0100] "GET /Jurek/eurofirany/images/463819/3.jpg HTTP/1.1" 200 128607 "http://www.ebay.com/" "Mozilla/4.0 (compatible; MSIE 4.01; Windows NT)"
66.135.195.16 - - [05/Mar/2025:11:07:44 +0100] "GET /Jurek/eurofirany/images/463819/4.jpg HTTP/1.1" 200 120654 "http://www.ebay.com/" "Mozilla/4.0 (compatible; MSIE 4.01; Windows NT)"
66.135.202.172 - - [05/Mar/2025:11:07:47 +0100] "GET /Jurek/eurofirany/images/467996/0.jpg HTTP/1.1" 200 91476 "http://www.ebay.com/" "Mozilla/4.0 (compatible; MSIE 4.01; Windows NT)"
66.135.202.172 - - [05/Mar/2025:11:07:47 +0100] "GET /Jurek/eurofirany/images/467996/2.jpg HTTP/1.1" 200 45788 "http://www.ebay.com/" "Mozilla/4.0 (compatible; MSIE 4.01; Windows NT)"
66.135.202.169 - - [05/Mar/2025:11:07:47 +0100] "GET /Jurek/eurofirany/images/467996/4.jpg HTTP/1.1" 200 117266 "http://www.ebay.com/" "Mozilla/4.0 (compatible; MSIE 4.01; Windows NT)"
66.135.202.172 - - [05/Mar/2025:11:07:47 +0100] "GET /Jurek/eurofirany/images/467996/1.jpg HTTP/1.1" 200 101026 "http://www.ebay.com/" "Mozilla/4.0 (compatible; MSIE 4.01; Windows NT)"
66.135.202.169 - - [05/Mar/2025:11:07:47 +0100] "GET /Jurek/eurofirany/images/467996/5.jpg HTTP/1.1" 200 83916 "http://www.ebay.com/" "Mozilla/4.0 (compatible; MSIE 4.01; Windows NT)"
66.135.202.173 - - [05/Mar/2025:11:07:47 +0100] "GET /Jurek/eurofirany/images/467996/6.jpg HTTP/1.1" 200 122202 "http://www.ebay.com/" "Mozilla/4.0 (compatible; MSIE 4.01; Windows NT)"
66.135.202.172 - - [05/Mar/2025:11:07:47 +0100] "GET /Jurek/eurofirany/images/467996/3.jpg HTTP/1.1" 200 105356 "http://www.ebay.com/" "Mozilla/4.0 (compatible; MSIE 4.01; Windows NT)"
89.161.206.59 - - [05/Mar/2025:11:07:59 +0100] "GET /Jurek/oromed/feeds/oromed_BOL.xml HTTP/1.0" 200 1035938 "-" "-"
89.161.206.59 - - [05/Mar/2025:11:08:00 +0100] "GET /Jurek/narzbud/feeds/narzbud_bol.xml HTTP/1.0" 200 1958306 "-" "-"
89.161.206.59 - - [05/Mar/2025:11:08:00 +0100] "GET /Jurek/artdog/feeds/artdog_bol.xml HTTP/1.0" 200 15929792 "-" "-"
89.161.206.59 - - [05/Mar/2025:11:08:01 +0100] "GET /Jurek/ekuchcikowo/feeds/ekuchcikowo_bol.xml HTTP/1.0" 200 13460332 "-" "-"
66.211.183.70 - - [05/Mar/2025:11:08:02 +0100] "GET /Jurek/eurofirany/images/383360/0.jpg HTTP/1.1" 200 73385 "-" "scalaj-http/2.4.2"
89.161.206.59 - - [05/Mar/2025:11:08:02 +0100] "GET /Jurek/ekolight/feeds/ekolight_bol.xml HTTP/1.0" 200 9051560 "-" "-"
89.161.206.59 - - [05/Mar/2025:11:08:03 +0100] "GET /Jurek/livinhill/feeds/livinhill_bol.xml HTTP/1.0" 200 1427731 "-" "-"
66.135.202.74 - - [05/Mar/2025:11:08:03 +0100] "GET /Jurek/eurofirany/images/423902/2.jpg HTTP/1.1" 200 41229 "http://www.ebay.com/" "Mozilla/4.0 (compatible; MSIE 4.01; Windows NT)"
66.135.202.75 - - [05/Mar/2025:11:08:03 +0100] "GET /Jurek/eurofirany/images/423902/3.jpg HTTP/1.1" 200 66727 "http://www.ebay.com/" "Mozilla/4.0 (compatible; MSIE 4.01; Windows NT)"
66.135.202.74 - - [05/Mar/2025:11:08:03 +0100] "GET /Jurek/eurofirany/images/423902/5.jpg HTTP/1.1" 200 56662 "http://www.ebay.com/" "Mozilla/4.0 (compatible; MSIE 4.01; Windows NT)"
66.135.202.75 - - [05/Mar/2025:11:08:03 +0100] "GET /Jurek/eurofirany/images/423902/7.jpg HTTP/1.1" 200 110187 "http://www.ebay.com/" "Mozilla/4.0 (compatible; MSIE 4.01; Windows NT)"
66.135.202.74 - - [05/Mar/2025:11:08:03 +0100] "GET /Jurek/eurofirany/images/423902/9.jpg HTTP/1.1" 200 114704 "http://www.ebay.com/" "Mozilla/4.0 (compatible; MSIE 4.01; Windows NT)"
66.135.202.72 - - [05/Mar/2025:11:08:03 +0100] "GET /Jurek/eurofirany/images/423902/10.jpg HTTP/1.1" 200 115133 "http://www.ebay.com/" "Mozilla/4.0 (compatible; MSIE 4.01; Windows NT)"
89.161.206.59 - - [05/Mar/2025:11:08:03 +0100] "GET /Jurek/galopi/feeds/galopi_bol.xml HTTP/1.0" 200 1884665 "-" "-"
66.135.202.73 - - [05/Mar/2025:11:08:03 +0100] "GET /Jurek/eurofirany/images/423902/0.jpg HTTP/1.1" 200 137680 "http://www.ebay.com/" "Mozilla/4.0 (compatible; MSIE 4.01; Windows NT)"
66.135.202.75 - - [05/Mar/2025:11:08:03 +0100] "GET /Jurek/eurofirany/images/423902/1.jpg HTTP/1.1" 200 154394 "http://www.ebay.com/" "Mozilla/4.0 (compatible; MSIE 4.01; Windows NT)"
66.135.202.73 - - [05/Mar/2025:11:08:03 +0100] "GET /Jurek/eurofirany/images/423902/8.jpg HTTP/1.1" 200 173314 "http://www.ebay.com/" "Mozilla/4.0 (compatible; MSIE 4.01; Windows NT)"
89.161.206.59 - - [05/Mar/2025:11:08:03 +0100] "GET /Jurek/erohurtownia/feeds/erohurtownia_bol.xml HTTP/1.0" 200 23304594 "-" "-"
66.135.202.72 - - [05/Mar/2025:11:08:04 +0100] "GET /Jurek/eurofirany/images/423902/4.jpg HTTP/1.1" 200 299945 "http://www.ebay.com/" "Mozilla/4.0 (compatible; MSIE 4.01; Windows NT)"
66.135.202.72 - - [05/Mar/2025:11:08:04 +0100] "GET /Jurek/eurofirany/images/423902/6.jpg HTTP/1.1" 200 165152 "http://www.ebay.com/" "Mozilla/4.0 (compatible; MSIE 4.01; Windows NT)"
89.161.206.59 - - [05/Mar/2025:11:08:05 +0100] "GET /Jurek/urwiskowo/feeds/urwiskowo_bol.xml HTTP/1.0" 200 9114959 "-" "-"
89.161.206.59 - - [05/Mar/2025:11:08:06 +0100] "GET /Jurek/combine/feeds/combine_bol.xml HTTP/1.0" 200 210553 "-" "-"
89.161.206.59 - - [05/Mar/2025:11:08:06 +0100] "GET /Jurek/eurofryz2/feeds/eurofryz2_bol.xml HTTP/1.0" 200 1376559 "-" "-"
89.161.206.59 - - [05/Mar/2025:11:08:06 +0100] "GET /Jurek/spali/feeds/spali_bol.xml HTTP/1.0" 200 101949 "-" "-"
89.161.206.59 - - [05/Mar/2025:11:08:07 +0100] "GET /Jurek/eurofryz3/feeds/eurofryz3_bol.xml HTTP/1.0" 200 172221 "-" "-"
89.161.206.59 - - [05/Mar/2025:11:08:08 +0100] "GET /Jurek/bass_new/feeds/bass_bol.xml HTTP/1.0" 200 7040901 "-" "-"
89.161.206.59 - - [05/Mar/2025:11:08:09 +0100] "GET /Jurek/aiofactory/feeds/aiofactory_bol.xml HTTP/1.0" 200 2123799 "-" "-"
66.135.202.71 - - [05/Mar/2025:11:08:10 +0100] "GET /Jurek/eurofirany/images/468192/0.jpg HTTP/1.1" 200 70986 "http://www.ebay.com/" "Mozilla/4.0 (compatible; MSIE 4.01; Windows NT)"
66.135.202.71 - - [05/Mar/2025:11:08:10 +0100] "GET /Jurek/eurofirany/images/468192/1.jpg HTTP/1.1" 200 59152 "http://www.ebay.com/" "Mozilla/4.0 (compatible; MSIE 4.01; Windows NT)"
66.135.202.75 - - [05/Mar/2025:11:08:11 +0100] "GET /Jurek/eurofirany/images/468192/2.jpg HTTP/1.1" 200 141375 "http://www.ebay.com/" "Mozilla/4.0 (compatible; MSIE 4.01; Windows NT)"
66.211.183.74 - - [05/Mar/2025:11:08:11 +0100] "GET /Jurek/eurofirany/images/416016/0.jpg HTTP/1.1" 200 65316 "-" "scalaj-http/2.4.2"
34.72.247.156 - - [05/Mar/2025:11:08:12 +0100] "GET /Jurek/eurofirany/images/423902/3.jpg HTTP/1.1" 200 66727 "-" "Mozilla/5.0 (X11; Linux x86_64) AppleWebKit/537.36 (KHTML, like Gecko) Chrome/110.0.0.0 Safari/537.36"
34.72.247.156 - - [05/Mar/2025:11:08:14 +0100] "GET /Jurek/eurofirany/images/423902/4.jpg HTTP/1.1" 200 299945 "-" "Mozilla/5.0 (X11; Linux x86_64) AppleWebKit/537.36 (KHTML, like Gecko) Chrome/110.0.0.0 Safari/537.36"
34.72.247.156 - - [05/Mar/2025:11:08:15 +0100] "GET /Jurek/eurofirany/images/423902/7.jpg HTTP/1.1" 200 110187 "-" "Mozilla/5.0 (X11; Linux x86_64) AppleWebKit/537.36 (KHTML, like Gecko) Chrome/110.0.0.0 Safari/537.36"
89.161.206.59 - - [05/Mar/2025:11:08:16 +0100] "GET /Jurek/hurtmeblowy/feeds/hurtmeblowy_bol.xml HTTP/1.0" 200 8023224 "-" "-"
34.72.247.156 - - [05/Mar/2025:11:08:17 +0100] "GET /Jurek/eurofirany/images/423902/8.jpg HTTP/1.1" 200 173314 "-" "Mozilla/5.0 (X11; Linux x86_64) AppleWebKit/537.36 (KHTML, like Gecko) Chrome/110.0.0.0 Safari/537.36"
34.72.247.156 - - [05/Mar/2025:11:08:17 +0100] "GET /Jurek/eurofirany/images/407610/1.jpg HTTP/1.1" 200 65804 "-" "Mozilla/5.0 (X11; Linux x86_64) AppleWebKit/537.36 (KHTML, like Gecko) Chrome/110.0.0.0 Safari/537.36"
89.161.206.59 - - [05/Mar/2025:11:08:18 +0100] "GET /Jurek/rider/feeds/rider_bol.xml HTTP/1.0" 200 8165099 "-" "-"
34.72.247.156 - - [05/Mar/2025:11:08:18 +0100] "GET /Jurek/eurofirany/images/423902/9.jpg HTTP/1.1" 200 114704 "-" "Mozilla/5.0 (X11; Linux x86_64) AppleWebKit/537.36 (KHTML, like Gecko) Chrome/110.0.0.0 Safari/537.36"
89.161.206.59 - - [05/Mar/2025:11:08:18 +0100] "GET /Jurek/eldar/feeds/eldar_bol.xml HTTP/1.0" 200 7329546 "-" "-"
34.72.247.156 - - [05/Mar/2025:11:08:18 +0100] "GET /Jurek/eurofirany/images/407610/2.jpg HTTP/1.1" 200 45830 "-" "Mozilla/5.0 (X11; Linux x86_64) AppleWebKit/537.36 (KHTML, like Gecko) Chrome/110.0.0.0 Safari/537.36"
34.133.239.145 - - [05/Mar/2025:11:08:19 +0100] "GET /Jurek/eurofirany/images/432090/2.jpg HTTP/1.1" 200 32481 "-" "Mozilla/5.0 (X11; Linux x86_64) AppleWebKit/537.36 (KHTML, like Gecko) Chrome/110.0.0.0 Safari/537.36"
34.72.247.156 - - [05/Mar/2025:11:08:19 +0100] "GET /Jurek/eurofirany/images/423902/10.jpg HTTP/1.1" 200 115133 "-" "Mozilla/5.0 (X11; Linux x86_64) AppleWebKit/537.36 (KHTML, like Gecko) Chrome/110.0.0.0 Safari/537.36"
34.72.247.156 - - [05/Mar/2025:11:08:19 +0100] "GET /Jurek/eurofirany/images/407610/3.jpg HTTP/1.1" 200 97254 "-" "Mozilla/5.0 (X11; Linux x86_64) AppleWebKit/537.36 (KHTML, like Gecko) Chrome/110.0.0.0 Safari/537.36"
34.133.239.145 - - [05/Mar/2025:11:08:20 +0100] "GET /Jurek/eurofirany/images/432090/6.jpg HTTP/1.1" 200 74326 "-" "Mozilla/5.0 (X11; Linux x86_64) AppleWebKit/537.36 (KHTML, like Gecko) Chrome/110.0.0.0 Safari/537.36"
89.161.206.59 - - [05/Mar/2025:11:08:20 +0100] "GET /Jurek/primohurt/feeds/primohurt_bol.xml HTTP/1.0" 200 17186793 "-" "-"
66.135.195.19 - - [05/Mar/2025:11:08:20 +0100] "GET /Jurek/eurofirany/images/468198/0.jpg HTTP/1.1" 200 106450 "http://www.ebay.com/" "Mozilla/4.0 (compatible; MSIE 4.01; Windows NT)"
66.135.195.18 - - [05/Mar/2025:11:08:20 +0100] "GET /Jurek/eurofirany/images/468198/1.jpg HTTP/1.1" 200 132952 "http://www.ebay.com/" "Mozilla/4.0 (compatible; MSIE 4.01; Windows NT)"
34.133.239.145 - - [05/Mar/2025:11:08:20 +0100] "GET /Jurek/eurofirany/images/432090/7.jpg HTTP/1.1" 200 155600 "-" "Mozilla/5.0 (X11; Linux x86_64) AppleWebKit/537.36 (KHTML, like Gecko) Chrome/110.0.0.0 Safari/537.36"
89.161.206.59 - - [05/Mar/2025:11:08:21 +0100] "GET /Jurek/najtanszysport/feeds/najtanszysport_bol.xml HTTP/1.0" 200 3982876 "-" "-"
34.72.247.156 - - [05/Mar/2025:11:08:21 +0100] "GET /Jurek/eurofirany/images/407610/4.jpg HTTP/1.1" 200 114304 "-" "Mozilla/5.0 (X11; Linux x86_64) AppleWebKit/537.36 (KHTML, like Gecko) Chrome/110.0.0.0 Safari/537.36"
34.133.239.145 - - [05/Mar/2025:11:08:21 +0100] "GET /Jurek/eurofirany/images/432090/5.jpg HTTP/1.1" 200 104781 "-" "Mozilla/5.0 (X11; Linux x86_64) AppleWebKit/537.36 (KHTML, like Gecko) Chrome/110.0.0.0 Safari/537.36"
89.161.206.59 - - [05/Mar/2025:11:08:22 +0100] "GET /Jurek/motofan/feeds/motofan_bol.xml HTTP/1.0" 200 2391951 "-" "-"
34.72.247.156 - - [05/Mar/2025:11:08:22 +0100] "GET /Jurek/eurofirany/images/423902/1.jpg HTTP/1.1" 200 154394 "-" "Mozilla/5.0 (X11; Linux x86_64) AppleWebKit/537.36 (KHTML, like Gecko) Chrome/110.0.0.0 Safari/537.36"
34.72.247.156 - - [05/Mar/2025:11:08:22 +0100] "GET /Jurek/eurofirany/images/407610/5.jpg HTTP/1.1" 200 97269 "-" "Mozilla/5.0 (X11; Linux x86_64) AppleWebKit/537.36 (KHTML, like Gecko) Chrome/110.0.0.0 Safari/537.36"
34.133.239.145 - - [05/Mar/2025:11:08:23 +0100] "GET /Jurek/eurofirany/images/432090/8.jpg HTTP/1.1" 200 218680 "-" "Mozilla/5.0 (X11; Linux x86_64) AppleWebKit/537.36 (KHTML, like Gecko) Chrome/110.0.0.0 Safari/537.36"
66.135.202.173 - - [05/Mar/2025:11:08:23 +0100] "GET /Jurek/eurofirany/images/468193/0.jpg HTTP/1.1" 200 96601 "http://www.ebay.com/" "Mozilla/4.0 (compatible; MSIE 4.01; Windows NT)"
66.135.202.170 - - [05/Mar/2025:11:08:23 +0100] "GET /Jurek/eurofirany/images/468193/1.jpg HTTP/1.1" 200 75820 "http://www.ebay.com/" "Mozilla/4.0 (compatible; MSIE 4.01; Windows NT)"
66.135.202.170 - - [05/Mar/2025:11:08:23 +0100] "GET /Jurek/eurofirany/images/468193/2.jpg HTTP/1.1" 200 128531 "http://www.ebay.com/" "Mozilla/4.0 (compatible; MSIE 4.01; Windows NT)"
34.133.239.145 - - [05/Mar/2025:11:08:23 +0100] "GET /Jurek/eurofirany/images/407610/6.jpg HTTP/1.1" 200 76220 "-" "Mozilla/5.0 (X11; Linux x86_64) AppleWebKit/537.36 (KHTML, like Gecko) Chrome/110.0.0.0 Safari/537.36"
34.72.247.156 - - [05/Mar/2025:11:08:24 +0100] "GET /Jurek/eurofirany/images/423902/2.jpg HTTP/1.1" 200 41229 "-" "Mozilla/5.0 (X11; Linux x86_64) AppleWebKit/537.36 (KHTML, like Gecko) Chrome/110.0.0.0 Safari/537.36"
89.161.206.59 - - [05/Mar/2025:11:08:24 +0100] "GET /Jurek/topeshop/feeds/topeshop_bol.xml HTTP/1.0" 200 2444344 "-" "-"
34.72.247.156 - - [05/Mar/2025:11:08:24 +0100] "GET /Jurek/eurofirany/images/423902/5.jpg HTTP/1.1" 200 56662 "-" "Mozilla/5.0 (X11; Linux x86_64) AppleWebKit/537.36 (KHTML, like Gecko) Chrome/110.0.0.0 Safari/537.36"
34.133.239.145 - - [05/Mar/2025:11:08:25 +0100] "GET /Jurek/eurofirany/images/432090/9.jpg HTTP/1.1" 200 132231 "-" "Mozilla/5.0 (X11; Linux x86_64) AppleWebKit/537.36 (KHTML, like Gecko) Chrome/110.0.0.0 Safari/537.36"
34.133.239.145 - - [05/Mar/2025:11:08:25 +0100] "GET /Jurek/eurofirany/images/407610/7.jpg HTTP/1.1" 200 115272 "-" "Mozilla/5.0 (X11; Linux x86_64) AppleWebKit/537.36 (KHTML, like Gecko) Chrome/110.0.0.0 Safari/537.36"
34.72.247.156 - - [05/Mar/2025:11:08:26 +0100] "GET /Jurek/eurofirany/images/423902/6.jpg HTTP/1.1" 200 165152 "-" "Mozilla/5.0 (X11; Linux x86_64) AppleWebKit/537.36 (KHTML, like Gecko) Chrome/110.0.0.0 Safari/537.36"
34.133.239.145 - - [05/Mar/2025:11:08:27 +0100] "GET /Jurek/eurofirany/images/432090/1.jpg HTTP/1.1" 200 119440 "-" "Mozilla/5.0 (X11; Linux x86_64) AppleWebKit/537.36 (KHTML, like Gecko) Chrome/110.0.0.0 Safari/537.36"
34.133.239.145 - - [05/Mar/2025:11:08:27 +0100] "GET /Jurek/eurofirany/images/407610/8.jpg HTTP/1.1" 200 145440 "-" "Mozilla/5.0 (X11; Linux x86_64) AppleWebKit/537.36 (KHTML, like Gecko) Chrome/110.0.0.0 Safari/537.36"
34.72.247.156 - - [05/Mar/2025:11:08:27 +0100] "GET /Jurek/eurofirany/images/423902/0.jpg HTTP/1.1" 200 137680 "-" "Mozilla/5.0 (X11; Linux x86_64) AppleWebKit/537.36 (KHTML, like Gecko) Chrome/110.0.0.0 Safari/537.36"
34.72.247.156 - - [05/Mar/2025:11:08:28 +0100] "GET /Jurek/eurofirany/images/432090/3.jpg HTTP/1.1" 200 85332 "-" "Mozilla/5.0 (X11; Linux x86_64) AppleWebKit/537.36 (KHTML, like Gecko) Chrome/110.0.0.0 Safari/537.36"
34.133.239.145 - - [05/Mar/2025:11:08:28 +0100] "GET /Jurek/eurofirany/images/407610/0.jpg HTTP/1.1" 200 84241 "-" "Mozilla/5.0 (X11; Linux x86_64) AppleWebKit/537.36 (KHTML, like Gecko) Chrome/110.0.0.0 Safari/537.36"
34.72.247.156 - - [05/Mar/2025:11:08:30 +0100] "GET /Jurek/eurofirany/images/432090/4.jpg HTTP/1.1" 200 133719 "-" "Mozilla/5.0 (X11; Linux x86_64) AppleWebKit/537.36 (KHTML, like Gecko) Chrome/110.0.0.0 Safari/537.36"
66.135.195.20 - - [05/Mar/2025:11:08:31 +0100] "GET /Jurek/eurofirany/images/468195/1.jpg HTTP/1.1" 200 74673 "http://www.ebay.com/" "Mozilla/4.0 (compatible; MSIE 4.01; Windows NT)"
66.135.195.18 - - [05/Mar/2025:11:08:31 +0100] "GET /Jurek/eurofirany/images/468195/0.jpg HTTP/1.1" 200 88200 "http://www.ebay.com/" "Mozilla/4.0 (compatible; MSIE 4.01; Windows NT)"
66.135.195.20 - - [05/Mar/2025:11:08:32 +0100] "GET /Jurek/eurofirany/images/468195/2.jpg HTTP/1.1" 200 139207 "http://www.ebay.com/" "Mozilla/4.0 (compatible; MSIE 4.01; Windows NT)"
34.72.247.156 - - [05/Mar/2025:11:08:32 +0100] "GET /Jurek/eurofirany/images/432090/0.jpg HTTP/1.1" 200 55488 "-" "Mozilla/5.0 (X11; Linux x86_64) AppleWebKit/537.36 (KHTML, like Gecko) Chrome/110.0.0.0 Safari/537.36"
89.161.206.59 - - [05/Mar/2025:11:08:32 +0100] "GET /Jurek/eurofirany/feeds/eurofirany_bol.xml HTTP/1.0" 200 18890858 "-" "-"
66.135.202.71 - - [05/Mar/2025:11:08:36 +0100] "GET /Jurek/eurofirany/images/465106/0.jpg HTTP/1.1" 200 37113 "http://www.ebay.com/" "Mozilla/4.0 (compatible; MSIE 4.01; Windows NT)"
66.135.202.72 - - [05/Mar/2025:11:08:36 +0100] "GET /Jurek/eurofirany/images/465106/1.jpg HTTP/1.1" 200 51352 "http://www.ebay.com/" "Mozilla/4.0 (compatible; MSIE 4.01; Windows NT)"
66.135.202.72 - - [05/Mar/2025:11:08:36 +0100] "GET /Jurek/eurofirany/images/465106/2.jpg HTTP/1.1" 200 51453 "http://www.ebay.com/" "Mozilla/4.0 (compatible; MSIE 4.01; Windows NT)"
66.135.202.75 - - [05/Mar/2025:11:08:36 +0100] "GET /Jurek/eurofirany/images/465106/3.jpg HTTP/1.1" 200 59401 "http://www.ebay.com/" "Mozilla/4.0 (compatible; MSIE 4.01; Windows NT)"
66.135.202.72 - - [05/Mar/2025:11:08:36 +0100] "GET /Jurek/eurofirany/images/465106/5.jpg HTTP/1.1" 200 129343 "http://www.ebay.com/" "Mozilla/4.0 (compatible; MSIE 4.01; Windows NT)"
66.135.202.75 - - [05/Mar/2025:11:08:37 +0100] "GET /Jurek/eurofirany/images/465106/4.jpg HTTP/1.1" 200 179574 "http://www.ebay.com/" "Mozilla/4.0 (compatible; MSIE 4.01; Windows NT)"
89.161.206.59 - - [05/Mar/2025:11:08:40 +0100] "GET /Jurek/eurofryz/feeds/eurofryz_bol.xml HTTP/1.0" 200 2388131 "-" "-"
66.135.202.75 - - [05/Mar/2025:11:08:41 +0100] "GET /Jurek/eurofirany/images/432090/0.jpg HTTP/1.1" 200 55488 "http://www.ebay.com/" "Mozilla/4.0 (compatible; MSIE 4.01; Windows NT)"
66.135.202.71 - - [05/Mar/2025:11:08:41 +0100] "GET /Jurek/eurofirany/images/432090/1.jpg HTTP/1.1" 200 119440 "http://www.ebay.com/" "Mozilla/4.0 (compatible; MSIE 4.01; Windows NT)"
66.135.202.71 - - [05/Mar/2025:11:08:41 +0100] "GET /Jurek/eurofirany/images/432090/2.jpg HTTP/1.1" 200 32481 "http://www.ebay.com/" "Mozilla/4.0 (compatible; MSIE 4.01; Windows NT)"
66.135.202.72 - - [05/Mar/2025:11:08:41 +0100] "GET /Jurek/eurofirany/images/432090/5.jpg HTTP/1.1" 200 104781 "http://www.ebay.com/" "Mozilla/4.0 (compatible; MSIE 4.01; Windows NT)"
66.135.202.73 - - [05/Mar/2025:11:08:41 +0100] "GET /Jurek/eurofirany/images/432090/3.jpg HTTP/1.1" 200 85332 "http://www.ebay.com/" "Mozilla/4.0 (compatible; MSIE 4.01; Windows NT)"
66.135.202.74 - - [05/Mar/2025:11:08:41 +0100] "GET /Jurek/eurofirany/images/432090/6.jpg HTTP/1.1" 200 74326 "http://www.ebay.com/" "Mozilla/4.0 (compatible; MSIE 4.01; Windows NT)"
66.135.202.75 - - [05/Mar/2025:11:08:41 +0100] "GET /Jurek/eurofirany/images/432090/4.jpg HTTP/1.1" 200 133719 "http://www.ebay.com/" "Mozilla/4.0 (compatible; MSIE 4.01; Windows NT)"
66.135.202.73 - - [05/Mar/2025:11:08:41 +0100] "GET /Jurek/eurofirany/images/432090/9.jpg HTTP/1.1" 200 132231 "http://www.ebay.com/" "Mozilla/4.0 (compatible; MSIE 4.01; Windows NT)"
66.135.202.74 - - [05/Mar/2025:11:08:41 +0100] "GET /Jurek/eurofirany/images/432090/7.jpg HTTP/1.1" 200 155600 "http://www.ebay.com/" "Mozilla/4.0 (compatible; MSIE 4.01; Windows NT)"
34.72.247.156 - - [05/Mar/2025:11:08:41 +0100] "GET /Jurek/eurofirany/images/464085/1.jpg HTTP/1.1" 200 131447 "-" "Mozilla/5.0 (X11; Linux x86_64) AppleWebKit/537.36 (KHTML, like Gecko) Chrome/110.0.0.0 Safari/537.36"
66.135.202.71 - - [05/Mar/2025:11:08:42 +0100] "GET /Jurek/eurofirany/images/432090/8.jpg HTTP/1.1" 200 218680 "http://www.ebay.com/" "Mozilla/4.0 (compatible; MSIE 4.01; Windows NT)"
46.101.116.244 - - [05/Mar/2025:11:08:42 +0100] "GET /Filip/feeds/xlsx_ceneo.xml HTTP/1.0" 200 6241376 "-" "-"
34.72.247.156 - - [05/Mar/2025:11:08:43 +0100] "GET /Jurek/eurofirany/images/464085/2.jpg HTTP/1.1" 200 94482 "-" "Mozilla/5.0 (X11; Linux x86_64) AppleWebKit/537.36 (KHTML, like Gecko) Chrome/110.0.0.0 Safari/537.36"
66.135.202.72 - - [05/Mar/2025:11:08:44 +0100] "GET /Jurek/eurofirany/images/464085/2.jpg HTTP/1.1" 200 94482 "http://www.ebay.com/" "Mozilla/4.0 (compatible; MSIE 4.01; Windows NT)"
66.135.202.72 - - [05/Mar/2025:11:08:45 +0100] "GET /Jurek/eurofirany/images/464085/5.jpg HTTP/1.1" 200 119157 "http://www.ebay.com/" "Mozilla/4.0 (compatible; MSIE 4.01; Windows NT)"
66.135.202.73 - - [05/Mar/2025:11:08:45 +0100] "GET /Jurek/eurofirany/images/464085/1.jpg HTTP/1.1" 200 131447 "http://www.ebay.com/" "Mozilla/4.0 (compatible; MSIE 4.01; Windows NT)"
46.101.116.244 - - [05/Mar/2025:11:08:45 +0100] "GET /Jurek/rovicky/feeds/rovicky_zalando.xml HTTP/1.0" 200 14418688 "-" "-"
66.135.202.71 - - [05/Mar/2025:11:08:45 +0100] "GET /Jurek/eurofirany/images/464085/4.jpg HTTP/1.1" 200 151978 "http://www.ebay.com/" "Mozilla/4.0 (compatible; MSIE 4.01; Windows NT)"
66.135.202.71 - - [05/Mar/2025:11:08:45 +0100] "GET /Jurek/eurofirany/images/464085/0.jpg HTTP/1.1" 200 188112 "http://www.ebay.com/" "Mozilla/4.0 (compatible; MSIE 4.01; Windows NT)"
34.72.247.156 - - [05/Mar/2025:11:08:45 +0100] "GET /Jurek/eurofirany/images/464085/3.jpg HTTP/1.1" 200 184865 "-" "Mozilla/5.0 (X11; Linux x86_64) AppleWebKit/537.36 (KHTML, like Gecko) Chrome/110.0.0.0 Safari/537.36"
66.135.202.73 - - [05/Mar/2025:11:08:45 +0100] "GET /Jurek/eurofirany/images/464085/3.jpg HTTP/1.1" 200 184865 "http://www.ebay.com/" "Mozilla/4.0 (compatible; MSIE 4.01; Windows NT)"
34.133.239.145 - - [05/Mar/2025:11:08:46 +0100] "GET /Jurek/eurofirany/images/464086/1.jpg HTTP/1.1" 200 129230 "-" "Mozilla/5.0 (X11; Linux x86_64) AppleWebKit/537.36 (KHTML, like Gecko) Chrome/110.0.0.0 Safari/537.36"
34.72.247.156 - - [05/Mar/2025:11:08:46 +0100] "GET /Jurek/eurofirany/images/464085/4.jpg HTTP/1.1" 200 151978 "-" "Mozilla/5.0 (X11; Linux x86_64) AppleWebKit/537.36 (KHTML, like Gecko) Chrome/110.0.0.0 Safari/537.36"
34.133.239.145 - - [05/Mar/2025:11:08:47 +0100] "GET /Jurek/eurofirany/images/464086/2.jpg HTTP/1.1" 200 94006 "-" "Mozilla/5.0 (X11; Linux x86_64) AppleWebKit/537.36 (KHTML, like Gecko) Chrome/110.0.0.0 Safari/537.36"
34.133.239.145 - - [05/Mar/2025:11:08:49 +0100] "GET /Jurek/eurofirany/images/464085/5.jpg HTTP/1.1" 200 119157 "-" "Mozilla/5.0 (X11; Linux x86_64) AppleWebKit/537.36 (KHTML, like Gecko) Chrome/110.0.0.0 Safari/537.36"
34.133.239.145 - - [05/Mar/2025:11:08:49 +0100] "GET /Jurek/eurofirany/images/464086/3.jpg HTTP/1.1" 200 146094 "-" "Mozilla/5.0 (X11; Linux x86_64) AppleWebKit/537.36 (KHTML, like Gecko) Chrome/110.0.0.0 Safari/537.36"
34.133.239.145 - - [05/Mar/2025:11:08:50 +0100] "GET /Jurek/eurofirany/images/464086/4.jpg HTTP/1.1" 200 115525 "-" "Mozilla/5.0 (X11; Linux x86_64) AppleWebKit/537.36 (KHTML, like Gecko) Chrome/110.0.0.0 Safari/537.36"
34.133.239.145 - - [05/Mar/2025:11:08:51 +0100] "GET /Jurek/eurofirany/images/464085/0.jpg HTTP/1.1" 200 188112 "-" "Mozilla/5.0 (X11; Linux x86_64) AppleWebKit/537.36 (KHTML, like Gecko) Chrome/110.0.0.0 Safari/537.36"
34.133.239.145 - - [05/Mar/2025:11:08:52 +0100] "GET /Jurek/eurofirany/images/464086/5.jpg HTTP/1.1" 200 86186 "-" "Mozilla/5.0 (X11; Linux x86_64) AppleWebKit/537.36 (KHTML, like Gecko) Chrome/110.0.0.0 Safari/537.36"
34.72.247.156 - - [05/Mar/2025:11:08:55 +0100] "GET /Jurek/eurofirany/images/464086/0.jpg HTTP/1.1" 200 169982 "-" "Mozilla/5.0 (X11; Linux x86_64) AppleWebKit/537.36 (KHTML, like Gecko) Chrome/110.0.0.0 Safari/537.36"
34.133.239.145 - - [05/Mar/2025:11:09:00 +0100] "GET /Jurek/eurofirany/images/468196/2.jpg HTTP/1.1" 200 134281 "-" "Mozilla/5.0 (X11; Linux x86_64) AppleWebKit/537.36 (KHTML, like Gecko) Chrome/110.0.0.0 Safari/537.36"
66.135.202.73 - - [05/Mar/2025:11:09:00 +0100] "GET /Jurek/eurofirany/images/464086/1.jpg HTTP/1.1" 200 129230 "http://www.ebay.com/" "Mozilla/4.0 (compatible; MSIE 4.01; Windows NT)"
66.135.202.71 - - [05/Mar/2025:11:09:00 +0100] "GET /Jurek/eurofirany/images/464086/2.jpg HTTP/1.1" 200 94006 "http://www.ebay.com/" "Mozilla/4.0 (compatible; MSIE 4.01; Windows NT)"
66.135.202.71 - - [05/Mar/2025:11:09:00 +0100] "GET /Jurek/eurofirany/images/464086/4.jpg HTTP/1.1" 200 115525 "http://www.ebay.com/" "Mozilla/4.0 (compatible; MSIE 4.01; Windows NT)"
66.135.202.73 - - [05/Mar/2025:11:09:00 +0100] "GET /Jurek/eurofirany/images/464086/5.jpg HTTP/1.1" 200 86186 "http://www.ebay.com/" "Mozilla/4.0 (compatible; MSIE 4.01; Windows NT)"
66.135.202.71 - - [05/Mar/2025:11:09:00 +0100] "GET /Jurek/eurofirany/images/464086/3.jpg HTTP/1.1" 200 146094 "http://www.ebay.com/" "Mozilla/4.0 (compatible; MSIE 4.01; Windows NT)"
66.135.202.75 - - [05/Mar/2025:11:09:01 +0100] "GET /Jurek/eurofirany/images/464086/0.jpg HTTP/1.1" 200 169982 "http://www.ebay.com/" "Mozilla/4.0 (compatible; MSIE 4.01; Windows NT)"
34.133.239.145 - - [05/Mar/2025:11:09:01 +0100] "GET /Jurek/eurofirany/images/468196/1.jpg HTTP/1.1" 200 73707 "-" "Mozilla/5.0 (X11; Linux x86_64) AppleWebKit/537.36 (KHTML, like Gecko) Chrome/110.0.0.0 Safari/537.36"
34.133.239.145 - - [05/Mar/2025:11:09:02 +0100] "GET /Jurek/eurofirany/images/468196/0.jpg HTTP/1.1" 200 102375 "-" "Mozilla/5.0 (X11; Linux x86_64) AppleWebKit/537.36 (KHTML, like Gecko) Chrome/110.0.0.0 Safari/537.36"
66.135.202.169 - - [05/Mar/2025:11:09:04 +0100] "GET /Jurek/eurofirany/images/468197/1.jpg HTTP/1.1" 200 94603 "http://www.ebay.com/" "Mozilla/4.0 (compatible; MSIE 4.01; Windows NT)"
66.135.202.169 - - [05/Mar/2025:11:09:04 +0100] "GET /Jurek/eurofirany/images/468197/2.jpg HTTP/1.1" 200 143284 "http://www.ebay.com/" "Mozilla/4.0 (compatible; MSIE 4.01; Windows NT)"
66.135.202.171 - - [05/Mar/2025:11:09:04 +0100] "GET /Jurek/eurofirany/images/468197/0.jpg HTTP/1.1" 200 133806 "http://www.ebay.com/" "Mozilla/4.0 (compatible; MSIE 4.01; Windows NT)"
66.135.202.71 - - [05/Mar/2025:11:09:13 +0100] "GET /Jurek/eurofirany/images/407610/0.jpg HTTP/1.1" 200 84241 "http://www.ebay.com/" "Mozilla/4.0 (compatible; MSIE 4.01; Windows NT)"
66.135.202.74 - - [05/Mar/2025:11:09:13 +0100] "GET /Jurek/eurofirany/images/407610/1.jpg HTTP/1.1" 200 65804 "http://www.ebay.com/" "Mozilla/4.0 (compatible; MSIE 4.01; Windows NT)"
66.135.202.74 - - [05/Mar/2025:11:09:13 +0100] "GET /Jurek/eurofirany/images/407610/3.jpg HTTP/1.1" 200 97254 "http://www.ebay.com/" "Mozilla/4.0 (compatible; MSIE 4.01; Windows NT)"
66.135.202.73 - - [05/Mar/2025:11:09:13 +0100] "GET /Jurek/eurofirany/images/407610/2.jpg HTTP/1.1" 200 45830 "http://www.ebay.com/" "Mozilla/4.0 (compatible; MSIE 4.01; Windows NT)"
66.135.202.75 - - [05/Mar/2025:11:09:13 +0100] "GET /Jurek/eurofirany/images/407610/4.jpg HTTP/1.1" 200 114304 "http://www.ebay.com/" "Mozilla/4.0 (compatible; MSIE 4.01; Windows NT)"
66.135.202.73 - - [05/Mar/2025:11:09:13 +0100] "GET /Jurek/eurofirany/images/407610/5.jpg HTTP/1.1" 200 97269 "http://www.ebay.com/" "Mozilla/4.0 (compatible; MSIE 4.01; Windows NT)"
66.135.202.73 - - [05/Mar/2025:11:09:13 +0100] "GET /Jurek/eurofirany/images/407610/6.jpg HTTP/1.1" 200 76220 "http://www.ebay.com/" "Mozilla/4.0 (compatible; MSIE 4.01; Windows NT)"
66.135.202.72 - - [05/Mar/2025:11:09:14 +0100] "GET /Jurek/eurofirany/images/407610/7.jpg HTTP/1.1" 200 115272 "http://www.ebay.com/" "Mozilla/4.0 (compatible; MSIE 4.01; Windows NT)"
66.135.202.71 - - [05/Mar/2025:11:09:14 +0100] "GET /Jurek/eurofirany/images/407610/8.jpg HTTP/1.1" 200 145440 "http://www.ebay.com/" "Mozilla/4.0 (compatible; MSIE 4.01; Windows NT)"
66.211.183.73 - - [05/Mar/2025:11:09:28 +0100] "GET /Jurek/eurofirany/images/372634/0.jpg HTTP/1.1" 200 60417 "-" "scalaj-http/2.4.2"
193.33.8.61 - - [05/Mar/2025:11:09:32 +0100] "GET /Jurek/eany/ HTTP/2.0" 200 634 "-" "Mozilla/5.0 (Windows NT 10.0; Win64; x64) AppleWebKit/537.36 (KHTML, like Gecko) Chrome/133.0.0.0 Safari/537.36"
193.33.8.61 - - [05/Mar/2025:11:09:32 +0100] "GET /Jurek/eany/styles.css HTTP/2.0" 200 2070 "https://dkkapusta1997.usermd.net/Jurek/eany/" "Mozilla/5.0 (Windows NT 10.0; Win64; x64) AppleWebKit/537.36 (KHTML, like Gecko) Chrome/133.0.0.0 Safari/537.36"
193.33.8.61 - - [05/Mar/2025:11:09:32 +0100] "GET /Jurek/eany/script.js HTTP/2.0" 200 4251 "https://dkkapusta1997.usermd.net/Jurek/eany/" "Mozilla/5.0 (Windows NT 10.0; Win64; x64) AppleWebKit/537.36 (KHTML, like Gecko) Chrome/133.0.0.0 Safari/537.36"
66.135.202.74 - - [05/Mar/2025:11:09:35 +0100] "GET /Jurek/eurofirany/images/325014/1.jpg HTTP/1.1" 200 100883 "http://www.ebay.com/" "Mozilla/4.0 (compatible; MSIE 4.01; Windows NT)"
193.33.8.61 - - [05/Mar/2025:11:09:35 +0100] "GET /Jurek/eany/data.csv HTTP/2.0" 200 13844480 "https://dkkapusta1997.usermd.net/Jurek/eany/" "Mozilla/5.0 (Windows NT 10.0; Win64; x64) AppleWebKit/537.36 (KHTML, like Gecko) Chrome/133.0.0.0 Safari/537.36"
66.135.202.72 - - [05/Mar/2025:11:09:35 +0100] "GET /Jurek/eurofirany/images/325014/2.jpg HTTP/1.1" 200 151585 "http://www.ebay.com/" "Mozilla/4.0 (compatible; MSIE 4.01; Windows NT)"
66.135.202.72 - - [05/Mar/2025:11:09:35 +0100] "GET /Jurek/eurofirany/images/325014/0.jpg HTTP/1.1" 200 164854 "http://www.ebay.com/" "Mozilla/4.0 (compatible; MSIE 4.01; Windows NT)"
66.135.202.75 - - [05/Mar/2025:11:09:35 +0100] "GET /Jurek/eurofirany/images/325014/3.jpg HTTP/1.1" 200 165499 "http://www.ebay.com/" "Mozilla/4.0 (compatible; MSIE 4.01; Windows NT)"
66.135.202.73 - - [05/Mar/2025:11:09:36 +0100] "GET /Jurek/eurofirany/images/463741/2.jpg HTTP/1.1" 200 128607 "http://www.ebay.com/" "Mozilla/4.0 (compatible; MSIE 4.01; Windows NT)"
66.135.202.72 - - [05/Mar/2025:11:09:36 +0100] "GET /Jurek/eurofirany/images/463741/4.jpg HTTP/1.1" 200 120654 "http://www.ebay.com/" "Mozilla/4.0 (compatible; MSIE 4.01; Windows NT)"
66.135.202.72 - - [05/Mar/2025:11:09:36 +0100] "GET /Jurek/eurofirany/images/463741/1.jpg HTTP/1.1" 200 48175 "http://www.ebay.com/" "Mozilla/4.0 (compatible; MSIE 4.01; Windows NT)"
66.135.202.74 - - [05/Mar/2025:11:09:36 +0100] "GET /Jurek/eurofirany/images/463741/3.jpg HTTP/1.1" 200 128607 "http://www.ebay.com/" "Mozilla/4.0 (compatible; MSIE 4.01; Windows NT)"
66.135.202.73 - - [05/Mar/2025:11:09:36 +0100] "GET /Jurek/eurofirany/images/463741/0.jpg HTTP/1.1" 200 66813 "http://www.ebay.com/" "Mozilla/4.0 (compatible; MSIE 4.01; Windows NT)"
34.133.239.145 - - [05/Mar/2025:11:09:42 +0100] "GET /Jurek/eurofirany/images/410690/3.jpg HTTP/1.1" 200 73345 "-" "Mozilla/5.0 (X11; Linux x86_64) AppleWebKit/537.36 (KHTML, like Gecko) Chrome/110.0.0.0 Safari/537.36"
34.72.247.156 - - [05/Mar/2025:11:09:44 +0100] "GET /Jurek/eurofirany/images/410690/4.jpg HTTP/1.1" 200 113547 "-" "Mozilla/5.0 (X11; Linux x86_64) AppleWebKit/537.36 (KHTML, like Gecko) Chrome/110.0.0.0 Safari/537.36"
34.72.247.156 - - [05/Mar/2025:11:09:44 +0100] "GET /Jurek/eurofirany/images/410690/5.jpg HTTP/1.1" 200 97633 "-" "Mozilla/5.0 (X11; Linux x86_64) AppleWebKit/537.36 (KHTML, like Gecko) Chrome/110.0.0.0 Safari/537.36"
34.72.247.156 - - [05/Mar/2025:11:09:46 +0100] "GET /Jurek/eurofirany/images/410690/6.jpg HTTP/1.1" 200 79547 "-" "Mozilla/5.0 (X11; Linux x86_64) AppleWebKit/537.36 (KHTML, like Gecko) Chrome/110.0.0.0 Safari/537.36"
34.133.239.145 - - [05/Mar/2025:11:09:47 +0100] "GET /Jurek/eurofirany/images/410690/7.jpg HTTP/1.1" 200 118323 "-" "Mozilla/5.0 (X11; Linux x86_64) AppleWebKit/537.36 (KHTML, like Gecko) Chrome/110.0.0.0 Safari/537.36"
34.133.239.145 - - [05/Mar/2025:11:09:48 +0100] "GET /Jurek/eurofirany/images/410690/8.jpg HTTP/1.1" 200 59269 "-" "Mozilla/5.0 (X11; Linux x86_64) AppleWebKit/537.36 (KHTML, like Gecko) Chrome/110.0.0.0 Safari/537.36"
