77.79.248.229 - - [05/Mar/2025:11:50:02 +0100] "GET /Jurek/eurofirany/feeds/eurofirany_allsweet.xml HTTP/1.1" 200 18894858 "-" "Python-urllib/3.11"
77.79.248.229 - - [05/Mar/2025:11:50:03 +0100] "GET /Jurek/ikonka/feeds/ikonka_all_sweet.xml HTTP/1.1" 200 21450411 "-" "Python-urllib/3.11"
77.79.248.229 - - [05/Mar/2025:11:50:03 +0100] "GET /Jurek/stema/feeds/stema_all.xml HTTP/1.1" 200 838743 "-" "Python-urllib/3.11"
66.211.183.71 - - [05/Mar/2025:11:50:04 +0100] "GET /Jurek/eurofirany/images/418631/0.jpg HTTP/1.1" 200 71025 "-" "scalaj-http/2.4.2"
77.79.248.229 - - [05/Mar/2025:11:50:04 +0100] "GET /Jurek/eurofirany/feeds/eurofirany_all_cz.xml HTTP/1.1" 200 18909735 "-" "Python-urllib/3.11"
77.79.248.229 - - [05/Mar/2025:11:50:05 +0100] "GET /Jurek/ikonka/feeds/ikonka_all_cz.xml HTTP/1.1" 200 21452306 "-" "Python-urllib/3.11"
77.79.248.229 - - [05/Mar/2025:11:50:05 +0100] "GET /Jurek/stema/feeds/stema_all_cz.xml HTTP/1.1" 200 839190 "-" "Python-urllib/3.11"
77.79.248.229 - - [05/Mar/2025:11:50:05 +0100] "GET /Jurek/eurofirany/feeds/eurofirany_all_sk.xml HTTP/1.1" 200 18889996 "-" "Python-urllib/3.11"
77.79.248.229 - - [05/Mar/2025:11:50:06 +0100] "GET /Jurek/ikonka/feeds/ikonka_all_sk.xml HTTP/1.1" 200 21449725 "-" "Python-urllib/3.11"
77.79.248.229 - - [05/Mar/2025:11:50:06 +0100] "GET /Jurek/stema/feeds/stema_all_sk.xml HTTP/1.1" 200 838483 "-" "Python-urllib/3.11"
46.101.116.244 - - [05/Mar/2025:11:50:32 +0100] "GET /Jurek/topeshop/feeds/topeshop_mallsk.xml HTTP/2.0" 200 2444283 "-" "-"
66.211.183.71 - - [05/Mar/2025:11:51:05 +0100] "GET /Jurek/eurofirany/images/390198/0.jpg HTTP/1.1" 200 164444 "-" "scalaj-http/2.4.2"
46.101.116.244 - - [05/Mar/2025:11:51:09 +0100] "GET /Jurek/aw/feeds/awnarzedzia_skroutz.xml HTTP/1.0" 200 90379951 "-" "-"
46.101.116.244 - - [05/Mar/2025:11:51:28 +0100] "GET /Jurek/aw/feeds/aw_fnacfr.xml HTTP/1.0" 404 3551 "-" "-"
46.101.116.244 - - [05/Mar/2025:11:51:48 +0100] "GET /Filip/feeds/xlsx_ceneo.xml HTTP/1.0" 200 6241376 "-" "-"
66.211.183.74 - - [05/Mar/2025:11:51:49 +0100] "GET /Jurek/eurofirany/images/416010/0.jpg HTTP/1.1" 200 146191 "-" "scalaj-http/2.4.2"
66.211.183.72 - - [05/Mar/2025:11:51:54 +0100] "GET /Jurek/eurofirany/images/423692/0.jpg HTTP/1.1" 200 70608 "-" "scalaj-http/2.4.2"
66.211.183.72 - - [05/Mar/2025:11:52:03 +0100] "GET /Jurek/eurofirany/images/404882/0.jpg HTTP/1.1" 200 121187 "-" "scalaj-http/2.4.2"
66.211.183.73 - - [05/Mar/2025:11:52:41 +0100] "GET /Jurek/eurofirany/images/382236/0.jpg HTTP/1.1" 200 100949 "-" "scalaj-http/2.4.2"
66.211.183.71 - - [05/Mar/2025:11:53:17 +0100] "GET /Jurek/eurofirany/images/402858/0.jpg HTTP/1.1" 200 81898 "-" "scalaj-http/2.4.2"
66.249.66.66 - - [05/Mar/2025:11:53:33 +0100] "GET /Jurek/eurofirany/images/384169/2.jpg HTTP/1.1" 200 121092 "-" "Googlebot-Image/1.0"
46.101.116.244 - - [05/Mar/2025:11:53:48 +0100] "GET /Jurek/activeshop/feeds/activeshop_mallsk.xml HTTP/2.0" 200 10443480 "-" "-"
77.79.248.229 - - [05/Mar/2025:11:54:13 +0100] "GET /Jurek/vidaSI/feeds/vidaSI_bigbang.xml HTTP/1.1" 200 613630622 "-" "Python-urllib/3.11"
66.211.183.72 - - [05/Mar/2025:11:54:17 +0100] "GET /Jurek/eurofirany/images/383322/0.jpg HTTP/1.1" 200 87977 "-" "scalaj-http/2.4.2"
66.211.183.72 - - [05/Mar/2025:11:55:01 +0100] "GET /Jurek/eurofirany/images/382251/0.jpg HTTP/1.1" 200 133518 "-" "scalaj-http/2.4.2"
89.161.206.59 - - [05/Mar/2025:11:55:38 +0100] "GET /Jurek/ekuchcikowo/feeds/ekuchcikowo_skroutz.xml HTTP/1.0" 200 13460463 "-" "-"
66.211.183.74 - - [05/Mar/2025:11:56:01 +0100] "GET /Jurek/eurofirany/images/383464/0.jpg HTTP/1.1" 200 78770 "-" "scalaj-http/2.4.2"
46.101.116.244 - - [05/Mar/2025:11:56:25 +0100] "GET /Jurek/aw/feeds/aw_fnacfr.xml HTTP/1.0" 404 3551 "-" "-"
89.161.206.59 - - [05/Mar/2025:11:56:43 +0100] "GET /Jurek/maksik/feeds/maksik_bol.xml HTTP/1.0" 200 4084803 "-" "-"
46.101.116.244 - - [05/Mar/2025:11:56:45 +0100] "GET /Filip/feeds/xlsx_ceneo.xml HTTP/1.0" 200 6241376 "-" "-"
66.211.183.72 - - [05/Mar/2025:11:56:52 +0100] "GET /Jurek/eurofirany/images/416152/0.jpg HTTP/1.1" 200 99814 "-" "scalaj-http/2.4.2"
66.249.66.68 - - [05/Mar/2025:11:56:53 +0100] "GET /Jurek/eurofirany/images/386712/8.jpg HTTP/1.1" 200 252563 "-" "Googlebot-Image/1.0"
46.101.116.244 - - [05/Mar/2025:11:57:08 +0100] "GET /Jurek/action/feeds/action_mallskgs.xml HTTP/2.0" 200 55163235 "-" "-"
89.161.206.59 - - [05/Mar/2025:11:57:21 +0100] "GET /Jurek/evil/feeds/evil_skroutz.xml HTTP/1.0" 200 252474 "-" "-"
89.161.206.59 - - [05/Mar/2025:11:57:22 +0100] "GET /Jurek/wenom/feeds/wenom_skroutz.xml HTTP/1.0" 200 583214 "-" "-"
89.161.206.59 - - [05/Mar/2025:11:57:23 +0100] "GET /Jurek/sartrix/feeds/sartrix_skroutz.xml HTTP/1.0" 200 649166 "-" "-"
89.161.206.59 - - [05/Mar/2025:11:57:23 +0100] "GET /Jurek/twojsklep/feeds/twojsklep_skroutz.xml HTTP/1.0" 200 126787 "-" "-"
89.161.206.59 - - [05/Mar/2025:11:57:24 +0100] "GET /Jurek/drewdon/feeds/drewdon_skroutz.xml HTTP/1.0" 200 358919 "-" "-"
89.161.206.59 - - [05/Mar/2025:11:57:24 +0100] "GET /Jurek/luxma/feeds/luxma_skroutz.xml HTTP/1.0" 200 4420026 "-" "-"
89.161.206.59 - - [05/Mar/2025:11:57:25 +0100] "GET /Jurek/zepnij/feeds/zepnij_skroutz.xml HTTP/1.0" 200 19523002 "-" "-"
89.161.206.59 - - [05/Mar/2025:11:57:25 +0100] "GET /Jurek/dekoele/feeds/dekoele_skroutz.xml HTTP/1.0" 200 378802 "-" "-"
89.161.206.59 - - [05/Mar/2025:11:57:25 +0100] "GET /Jurek/primohurt/feeds/primohurt_skroutz.xml HTTP/1.0" 200 17186600 "-" "-"
93.205.220.175 - - [05/Mar/2025:11:57:25 +0100] "GET /Jurek/eurofirany/images/396292/0.jpg HTTP/2.0" 200 71154 "https://itm.ebaydesc.com/" "Mozilla/5.0 (Windows NT 10.0; Win64; x64; rv:135.0) Gecko/20100101 Firefox/135.0"
89.161.206.59 - - [05/Mar/2025:11:57:25 +0100] "GET /Jurek/rider/feeds/rider_skroutz.xml HTTP/1.0" 200 8165133 "-" "-"
89.161.206.59 - - [05/Mar/2025:11:57:26 +0100] "GET /Jurek/expertauto/feeds/expertauto_skroutz.xml HTTP/1.0" 200 1158924 "-" "-"
89.161.206.59 - - [05/Mar/2025:11:57:26 +0100] "GET /Jurek/qbox/feeds/qbox_skroutz.xml HTTP/1.0" 200 398723 "-" "-"
89.161.206.59 - - [05/Mar/2025:11:57:27 +0100] "GET /Jurek/emaja24/feeds/emaja24_skroutz.xml HTTP/1.0" 200 5110046 "-" "-"
46.101.116.244 - - [05/Mar/2025:11:57:32 +0100] "GET /Jurek/b3/feeds/b3_mallskgs.xml HTTP/2.0" 200 7325743 "-" "-"
89.161.206.59 - - [05/Mar/2025:11:57:35 +0100] "GET /Jurek/ekotex/feeds/ekotex_skroutz.xml HTTP/1.0" 200 197845 "-" "-"
89.161.206.59 - - [05/Mar/2025:11:57:35 +0100] "GET /Jurek/motofan/feeds/motofan_skroutz.xml HTTP/1.0" 200 2392149 "-" "-"
89.161.206.59 - - [05/Mar/2025:11:57:36 +0100] "GET /Jurek/elecomp/feeds/elecomp_skroutz.xml HTTP/1.0" 200 2869639 "-" "-"
46.101.116.244 - - [05/Mar/2025:11:57:46 +0100] "GET /Jurek/benbaby/feeds/benbaby_mallskgs.xml HTTP/2.0" 200 3763289 "-" "-"
89.161.206.59 - - [05/Mar/2025:11:57:52 +0100] "GET /Jurek/bass_new/feeds/bass_ebayde.xml HTTP/1.0" 200 4806998 "-" "-"
46.101.116.244 - - [05/Mar/2025:11:57:56 +0100] "GET /Jurek/emibig/feeds/emibig_mallskgs.xml HTTP/2.0" 200 2497364 "-" "-"
66.249.66.67 - - [05/Mar/2025:11:58:04 +0100] "GET /Jurek/topeshop/downloaded_images/5904507200169_MIJASBIURKOBRY%C5%81KASONOMALEWEBOKZM.jpg HTTP/1.1" 404 3551 "-" "Googlebot-Image/1.0"
77.79.248.229 - - [05/Mar/2025:11:58:05 +0100] "GET /Filip/zalando/zalando-logo.jpg HTTP/1.1" 200 5121 "-" "-"
77.79.248.229 - - [05/Mar/2025:11:58:05 +0100] "GET /Filip/zalando/zalando-logo.jpg HTTP/1.1" 200 5121 "-" "-"
77.79.248.229 - - [05/Mar/2025:11:58:07 +0100] "GET /Filip/zalando/zalando-logo.jpg HTTP/1.1" 200 5121 "-" "-"
77.79.248.229 - - [05/Mar/2025:11:58:07 +0100] "GET /Filip/zalando/zalando-logo.jpg HTTP/1.1" 200 5121 "-" "-"
46.101.116.244 - - [05/Mar/2025:11:58:08 +0100] "GET /Jurek/hurtownia_przemyslowa/feeds/hp_mallskgs.xml HTTP/2.0" 200 49553389 "-" "-"
89.161.206.59 - - [05/Mar/2025:11:58:24 +0100] "GET /Jurek/ikonka/feeds/ikonka_ebayde.xml HTTP/1.0" 200 6577533 "-" "-"
89.161.206.59 - - [05/Mar/2025:11:58:25 +0100] "GET /Jurek/playcob/feeds/playcob_skroutz.xml HTTP/1.0" 200 6980108 "-" "-"
85.14.86.141 - - [05/Mar/2025:12:00:29 +0100] "GET /Jurek/vida_morele/feeds/VidaPL_all.xml HTTP/2.0" 200 690105366 "-" "MarketplaceAPI curl/7.64.0 PHP/8"
52.17.80.36 - - [05/Mar/2025:12:00:44 +0100] "GET /marketplaces/ubaldi/results/ubaldi.csv HTTP/1.1" 200 3577046 "-" "Mirakl HttpClient"
46.101.116.244 - - [05/Mar/2025:12:00:46 +0100] "GET /Jurek/teamson/feeds/teamson_mallsk.xml HTTP/2.0" 200 1094496 "-" "-"
178.21.154.6 - - [05/Mar/2025:12:00:52 +0100] "GET /Jurek/eurofirany/images/386999/0.jpg HTTP/1.1" 200 114407 "-" "-"
46.101.116.244 - - [05/Mar/2025:12:00:58 +0100] "GET /Jurek/unimet/feeds/unimet_mallsk.xml HTTP/2.0" 200 60211598 "-" "-"
46.101.116.244 - - [05/Mar/2025:12:01:40 +0100] "GET /Jurek/aw/feeds/aw_fnacfr.xml HTTP/1.0" 404 3551 "-" "-"
46.101.116.244 - - [05/Mar/2025:12:01:46 +0100] "GET /Jurek/beliani/feeds/beliani_sk_mallsk.xml HTTP/2.0" 200 33939320 "-" "-"
46.101.116.244 - - [05/Mar/2025:12:01:58 +0100] "GET /Filip/feeds/xlsx_ceneo.xml HTTP/1.0" 200 6241376 "-" "-"
52.209.168.113 - - [05/Mar/2025:12:02:00 +0100] "GET /marketplaces/rue/results/rue.csv HTTP/1.1" 200 7627490 "-" "Mirakl HttpClient"
46.101.116.244 - - [05/Mar/2025:12:02:20 +0100] "GET /Jurek/rovicky/feeds/rovicky_mallsk.xml HTTP/2.0" 200 14178917 "-" "-"
85.14.86.141 - - [05/Mar/2025:12:02:24 +0100] "GET /Jurek/kinghoff/feeds/kinghoff_morele.xml HTTP/2.0" 200 15105124 "-" "MarketplaceAPI curl/7.64.0 PHP/8"
89.161.206.59 - - [05/Mar/2025:12:02:26 +0100] "GET /Jurek/mosti/feeds/mosti_emagro.xml HTTP/1.0" 200 9250020 "-" "-"
89.161.206.59 - - [05/Mar/2025:12:02:26 +0100] "GET /Jurek/slayo/feeds/slayo_emagro.xml HTTP/1.0" 200 195549 "-" "-"
89.161.206.59 - - [05/Mar/2025:12:02:27 +0100] "GET /Jurek/targethome/feeds/targethome_emagro.xml HTTP/1.0" 200 683644 "-" "-"
89.161.206.59 - - [05/Mar/2025:12:02:28 +0100] "GET /Jurek/bass/feeds/bass_emagro.xml HTTP/1.0" 200 3986434 "-" "-"
46.101.116.244 - - [05/Mar/2025:12:02:32 +0100] "GET /Jurek/detian/feeds/detian_mallsk.xml HTTP/2.0" 404 3551 "-" "-"
46.101.116.244 - - [05/Mar/2025:12:02:43 +0100] "GET /Jurek/ikonka/feeds/ikonka_mallsk.xml HTTP/2.0" 200 21449871 "-" "-"
89.161.206.59 - - [05/Mar/2025:12:02:45 +0100] "GET /Jurek/german/feeds/german_emagro.xml HTTP/1.0" 200 4793000 "-" "-"
46.101.116.244 - - [05/Mar/2025:12:03:00 +0100] "GET /Jurek/candellux/feeds/candellux_mallsk.xml HTTP/2.0" 200 465684 "-" "-"
46.101.116.244 - - [05/Mar/2025:12:03:11 +0100] "GET /Jurek/andex/feeds/andex_mallsk.xml HTTP/2.0" 200 1953359 "-" "-"
46.101.116.244 - - [05/Mar/2025:12:03:22 +0100] "GET /Jurek/chemex/feeds/chemex_mallsk.xml HTTP/2.0" 200 47819634 "-" "-"
66.249.66.68 - - [05/Mar/2025:12:03:33 +0100] "GET /Jurek/eurofirany/images/390441/4.jpg HTTP/1.1" 200 274644 "-" "Googlebot-Image/1.0"
89.161.206.59 - - [05/Mar/2025:12:03:34 +0100] "GET /Jurek/pawonik/feeds/pawonik_skroutz.xml HTTP/1.0" 200 2586146 "-" "-"
89.161.206.59 - - [05/Mar/2025:12:03:34 +0100] "GET /Jurek/amzteam/feeds/amzteam_skroutz.xml HTTP/1.0" 200 95907 "-" "-"
89.161.206.59 - - [05/Mar/2025:12:03:35 +0100] "GET /Jurek/mosti/feeds/mosti_skroutz.xml HTTP/1.0" 200 9255726 "-" "-"
46.101.116.244 - - [05/Mar/2025:12:03:37 +0100] "GET /Jurek/barbecook/feeds/barbecook_mallsk.xml HTTP/2.0" 200 87533 "-" "-"
89.161.206.59 - - [05/Mar/2025:12:03:39 +0100] "GET /Jurek/swiatecznygoliat/feeds/swiatecznygoliat_skroutz.xml HTTP/1.0" 200 7054430 "-" "-"
89.161.206.59 - - [05/Mar/2025:12:03:40 +0100] "GET /Jurek/artdog/feeds/artdog_skroutz.xml HTTP/1.0" 200 15929854 "-" "-"
46.101.116.244 - - [05/Mar/2025:12:03:47 +0100] "GET /Jurek/duka/feeds/duka_mallsk.xml HTTP/2.0" 200 57 "-" "-"
46.101.116.244 - - [05/Mar/2025:12:03:57 +0100] "GET /Jurek/miloohome/feeds/miloohome_mallsk.xml HTTP/2.0" 200 1421036 "-" "-"
85.14.86.141 - - [05/Mar/2025:12:04:02 +0100] "GET /Jurek/eurofirany/feeds/eurofirany_morele.xml HTTP/2.0" 200 18892325 "-" "MarketplaceAPI curl/7.64.0 PHP/8"
46.101.116.244 - - [05/Mar/2025:12:04:08 +0100] "GET /Jurek/stema/feeds/stema_mallsk.xml HTTP/2.0" 200 838540 "-" "-"
66.211.183.72 - - [05/Mar/2025:12:04:14 +0100] "GET /Jurek/eurofirany/images/438779/0.jpg HTTP/1.1" 200 64916 "-" "scalaj-http/2.4.2"
85.14.86.141 - - [05/Mar/2025:12:04:16 +0100] "GET /Jurek/vivaldi/feeds/vivaldi_Morele-PL.xml HTTP/2.0" 200 344674 "-" "MarketplaceAPI curl/7.64.0 PHP/8"
46.101.116.244 - - [05/Mar/2025:12:04:21 +0100] "GET /Jurek/aw/feeds/awnarzedzia_mallsk.xml HTTP/2.0" 200 90376777 "-" "-"
66.211.183.71 - - [05/Mar/2025:12:05:04 +0100] "GET /Jurek/eurofirany/images/390007/0.jpg HTTP/1.1" 200 156799 "-" "scalaj-http/2.4.2"
85.14.86.141 - - [05/Mar/2025:12:05:30 +0100] "GET /Jurek/vida_morele/feeds/VidaPL_morele.xml HTTP/2.0" 200 690105115 "-" "MarketplaceAPI curl/7.64.0 PHP/8"
66.211.183.73 - - [05/Mar/2025:12:05:36 +0100] "GET /Jurek/topeshop/downloaded_images/5902838461273_3.png HTTP/1.1" 404 3551 "-" "scalaj-http/2.4.2"
85.14.86.141 - - [05/Mar/2025:12:05:48 +0100] "GET /Jurek/aw/feeds/awnarzedzia_morele.xml HTTP/2.0" 200 90390252 "-" "MarketplaceAPI curl/7.64.0 PHP/8"
85.14.86.141 - - [05/Mar/2025:12:06:18 +0100] "GET /Jurek/beliani/feeds/beliani_morele.xml HTTP/2.0" 200 26365533 "-" "MarketplaceAPI curl/7.64.0 PHP/8"
46.101.116.244 - - [05/Mar/2025:12:06:25 +0100] "GET /Jurek/aw/feeds/aw_fnacfr.xml HTTP/1.0" 404 3551 "-" "-"
89.161.206.59 - - [05/Mar/2025:12:06:30 +0100] "GET /Jurek/spali/feeds/spali_skroutz.xml HTTP/1.0" 200 101943 "-" "-"
89.161.206.59 - - [05/Mar/2025:12:06:30 +0100] "GET /Jurek/galopi/feeds/galopi_skroutz.xml HTTP/1.0" 200 1884686 "-" "-"
89.161.206.59 - - [05/Mar/2025:12:06:30 +0100] "GET /Jurek/combine/feeds/combine_skroutz.xml HTTP/1.0" 200 210556 "-" "-"
89.161.206.59 - - [05/Mar/2025:12:06:33 +0100] "GET /Jurek/velinda/feeds/velinda_skroutz.xml HTTP/1.0" 200 4294762 "-" "-"
46.101.116.244 - - [05/Mar/2025:12:06:35 +0100] "GET /Jurek/fernity/feeds/fernity_mallsk.xml HTTP/2.0" 200 5223829 "-" "-"
89.161.206.59 - - [05/Mar/2025:12:06:40 +0100] "GET /Jurek/playcob/feeds/playcob_bol.xml HTTP/1.0" 200 6980080 "-" "-"
46.101.116.244 - - [05/Mar/2025:12:06:43 +0100] "GET /Filip/feeds/xlsx_ceneo.xml HTTP/1.0" 200 6241376 "-" "-"
66.211.183.72 - - [05/Mar/2025:12:06:58 +0100] "GET /Jurek/eurofirany/images/410614/0.jpg HTTP/1.1" 200 129328 "-" "scalaj-http/2.4.2"
46.101.116.244 - - [05/Mar/2025:12:06:59 +0100] "GET /Jurek/kinghoff/feeds/kinghoff_mallsk.xml HTTP/2.0" 200 15104295 "-" "-"
46.101.116.244 - - [05/Mar/2025:12:07:09 +0100] "GET /Jurek/intsell/feeds/intsell_skroutz.xml HTTP/1.0" 200 338788089 "-" "-"
46.101.116.244 - - [05/Mar/2025:12:07:22 +0100] "GET /Jurek/kinghome/feeds/kinghome_mallsk.xml HTTP/2.0" 200 5752614 "-" "-"
46.101.116.244 - - [05/Mar/2025:12:07:33 +0100] "GET /Jurek/vivaldi/feeds/vivaldi_Mall-sk.xml HTTP/2.0" 200 344655 "-" "-"
89.161.206.59 - - [05/Mar/2025:12:07:34 +0100] "GET /Jurek/erohurtownia/feeds/erohurtownia_skroutz.xml HTTP/1.0" 200 23304484 "-" "-"
89.161.206.59 - - [05/Mar/2025:12:07:36 +0100] "GET /Jurek/reman/feeds/reman_skroutz.xml HTTP/1.0" 200 1394837 "-" "-"
89.161.206.59 - - [05/Mar/2025:12:07:36 +0100] "GET /Jurek/urwiskowo/feeds/urwiskowo_skroutz.xml HTTP/1.0" 200 9114989 "-" "-"
46.101.116.244 - - [05/Mar/2025:12:07:44 +0100] "GET /Jurek/eurofirany/feeds/eurofirany_mall_sk_shumee.xml HTTP/2.0" 200 18889469 "-" "-"
66.211.183.74 - - [05/Mar/2025:12:08:08 +0100] "GET /Jurek/eurofirany/images/387474/0.jpg HTTP/1.1" 200 189766 "-" "scalaj-http/2.4.2"
66.211.183.70 - - [05/Mar/2025:12:08:30 +0100] "GET /Jurek/eurofirany/images/409902/0.jpg HTTP/1.1" 200 188678 "-" "scalaj-http/2.4.2"
66.249.66.67 - - [05/Mar/2025:12:08:33 +0100] "GET /Jurek/eurofirany/images/367112/4.jpg HTTP/1.1" 200 116759 "-" "Googlebot-Image/1.0"
66.211.183.71 - - [05/Mar/2025:12:08:40 +0100] "GET /Jurek/eurofirany/images/433271/0.jpg HTTP/1.1" 200 6625 "-" "scalaj-http/2.4.2"
66.211.183.72 - - [05/Mar/2025:12:08:45 +0100] "GET /Jurek/eurofirany/images/438712/0.jpg HTTP/1.1" 200 104800 "-" "scalaj-http/2.4.2"
66.211.183.73 - - [05/Mar/2025:12:10:21 +0100] "GET /Jurek/eurofirany/images/423203/0.jpg HTTP/1.1" 200 0 "-" "scalaj-http/2.4.2"
66.211.183.71 - - [05/Mar/2025:12:10:34 +0100] "GET /Jurek/eurofirany/images/390450/0.jpg HTTP/1.1" 200 144267 "-" "scalaj-http/2.4.2"
185.6.76.18 - - [05/Mar/2025:12:10:38 +0100] "GET /marketplaces/skroutz/feeds/shumee.xml HTTP/1.1" 200 348044617 "-" "SkroutzBot v1.0"
46.101.116.244 - - [05/Mar/2025:12:10:43 +0100] "GET /Jurek/flhf/feeds/flhf_mallsk.xml HTTP/2.0" 404 3551 "-" "-"
46.101.116.244 - - [05/Mar/2025:12:10:55 +0100] "GET /Jurek/octopia/feeds/octopia_mallsk.xml HTTP/2.0" 200 10553887 "-" "-"
89.161.206.59 - - [05/Mar/2025:12:11:16 +0100] "GET /Jurek/ekolight/feeds/ekolioght_skroutz.xml HTTP/1.0" 200 9051619 "-" "-"
46.101.116.244 - - [05/Mar/2025:12:11:31 +0100] "GET /Jurek/vidaSK/feeds/vida_mall.xml HTTP/2.0" 200 636851171 "-" "-"
89.161.206.59 - - [05/Mar/2025:12:11:40 +0100] "GET /Jurek/hurtmeblowy/feeds/hurtmeblowy_cdsc.xml HTTP/1.0" 200 5248081 "-" "-"
46.101.116.244 - - [05/Mar/2025:12:11:56 +0100] "GET /Jurek/aw/feeds/aw_fnacfr.xml HTTP/1.0" 404 3551 "-" "-"
89.161.206.59 - - [05/Mar/2025:12:12:10 +0100] "GET /Jurek/luxma/feeds/luxma_bol.xml HTTP/1.0" 200 8058956 "-" "-"
46.101.116.244 - - [05/Mar/2025:12:12:14 +0100] "GET /Filip/feeds/xlsx_ceneo.xml HTTP/1.0" 200 6241376 "-" "-"
66.211.183.72 - - [05/Mar/2025:12:13:21 +0100] "GET /Jurek/eurofirany/images/419260/0.jpg HTTP/1.1" 200 127913 "-" "scalaj-http/2.4.2"
66.211.183.73 - - [05/Mar/2025:12:13:41 +0100] "GET /Jurek/eurofirany/images/388789/0.jpg HTTP/1.1" 200 39858 "-" "scalaj-http/2.4.2"
66.211.183.72 - - [05/Mar/2025:12:13:51 +0100] "GET /Jurek/eurofirany/images/383466/0.jpg HTTP/1.1" 200 78770 "-" "scalaj-http/2.4.2"
66.211.183.71 - - [05/Mar/2025:12:13:52 +0100] "GET /Jurek/eurofirany/images/389999/0.jpg HTTP/1.1" 200 176309 "-" "scalaj-http/2.4.2"
66.211.183.70 - - [05/Mar/2025:12:13:57 +0100] "GET /Jurek/eurofirany/images/438713/0.jpg HTTP/1.1" 200 82418 "-" "scalaj-http/2.4.2"
66.211.183.71 - - [05/Mar/2025:12:14:25 +0100] "GET /Jurek/eurofirany/images/416434/0.jpg HTTP/1.1" 200 121054 "-" "scalaj-http/2.4.2"
66.211.183.71 - - [05/Mar/2025:12:14:28 +0100] "GET /Jurek/eurofirany/images/434774/0.jpg HTTP/1.1" 200 99756 "-" "scalaj-http/2.4.2"
66.211.183.70 - - [05/Mar/2025:12:14:30 +0100] "GET /Jurek/eurofirany/images/389989/0.jpg HTTP/1.1" 200 163763 "-" "scalaj-http/2.4.2"
66.211.183.70 - - [05/Mar/2025:12:14:40 +0100] "GET /Jurek/eurofirany/images/410397/0.jpg HTTP/1.1" 200 35249 "-" "scalaj-http/2.4.2"
66.211.183.71 - - [05/Mar/2025:12:15:34 +0100] "GET /Jurek/eurofirany/images/390066/0.jpg HTTP/1.1" 200 143274 "-" "scalaj-http/2.4.2"
46.101.116.244 - - [05/Mar/2025:12:16:17 +0100] "GET /Jurek/aw/feeds/aw_fnacfr.xml HTTP/1.0" 404 3551 "-" "-"
46.101.116.244 - - [05/Mar/2025:12:16:36 +0100] "GET /Filip/feeds/xlsx_ceneo.xml HTTP/1.0" 200 6241376 "-" "-"
66.211.183.74 - - [05/Mar/2025:12:16:46 +0100] "GET /Jurek/eurofirany/images/391107/0.jpg HTTP/1.1" 200 98566 "-" "scalaj-http/2.4.2"
66.249.66.66 - - [05/Mar/2025:12:16:50 +0100] "GET /Jurek/eurofirany/images/382251/2.jpg HTTP/1.1" 200 6595 "-" "Googlebot-Image/1.0"
66.249.66.66 - - [05/Mar/2025:12:16:53 +0100] "GET /Jurek/eurofirany/images/390441/6.jpg HTTP/1.1" 200 267274 "-" "Googlebot-Image/1.0"
66.211.183.72 - - [05/Mar/2025:12:17:54 +0100] "GET /Jurek/eurofirany/images/383362/0.jpg HTTP/1.1" 200 73860 "-" "scalaj-http/2.4.2"
66.211.183.74 - - [05/Mar/2025:12:18:02 +0100] "GET /Jurek/eurofirany/images/416433/0.jpg HTTP/1.1" 200 121054 "-" "scalaj-http/2.4.2"
66.211.183.72 - - [05/Mar/2025:12:18:03 +0100] "GET /Jurek/eurofirany/images/372648/0.jpg HTTP/1.1" 200 65038 "-" "scalaj-http/2.4.2"
66.211.183.72 - - [05/Mar/2025:12:18:20 +0100] "GET /Jurek/eurofirany/images/389917/0.jpg HTTP/1.1" 200 171435 "-" "scalaj-http/2.4.2"
66.211.183.73 - - [05/Mar/2025:12:18:21 +0100] "GET /Jurek/eurofirany/images/383065/0.jpg HTTP/1.1" 200 75615 "-" "scalaj-http/2.4.2"
66.211.183.73 - - [05/Mar/2025:12:19:12 +0100] "GET /Jurek/eurofirany/images/463591/0.jpg HTTP/1.1" 200 0 "-" "scalaj-http/2.4.2"
89.161.206.59 - - [05/Mar/2025:12:19:30 +0100] "GET /Jurek/domzapachy/feeds/domzapachy_skroutz.xml HTTP/1.0" 200 179626 "-" "-"
89.235.0.38 - - [05/Mar/2025:12:20:20 +0100] "GET /Jurek/kobi/feeds/kobi_zero.xml HTTP/1.1" 200 1993271 "-" "Microsoft.Data.Mashup (https://go.microsoft.com/fwlink/?LinkID=304225)"
89.235.0.38 - - [05/Mar/2025:12:20:26 +0100] "GET /Jurek/kobi/feeds/kobi_zero.xml HTTP/1.1" 200 1993271 "-" "Microsoft.Data.Mashup (https://go.microsoft.com/fwlink/?LinkID=304225)"
89.235.0.38 - - [05/Mar/2025:12:20:26 +0100] "GET /Jurek/kobi/feeds/kobi_zero.xml HTTP/1.1" 200 1993271 "-" "Microsoft.Data.Mashup (https://go.microsoft.com/fwlink/?LinkID=304225)"
66.211.183.73 - - [05/Mar/2025:12:21:25 +0100] "GET /Jurek/eurofirany/images/416447/0.jpg HTTP/1.1" 200 121054 "-" "scalaj-http/2.4.2"
66.211.183.71 - - [05/Mar/2025:12:21:46 +0100] "GET /Jurek/eurofirany/images/401091/0.jpg HTTP/1.1" 200 119799 "-" "scalaj-http/2.4.2"
46.101.116.244 - - [05/Mar/2025:12:21:49 +0100] "GET /Jurek/aw/feeds/aw_fnacfr.xml HTTP/1.0" 404 3551 "-" "-"
46.101.116.244 - - [05/Mar/2025:12:22:10 +0100] "GET /Filip/feeds/xlsx_ceneo.xml HTTP/1.0" 200 6241376 "-" "-"
193.33.8.61 - - [05/Mar/2025:12:22:49 +0100] "GET /Jurek/hurtmeblowy/feeds/hurtmeblowy_zero.xml HTTP/2.0" 200 8023685 "https://konsola.dkkapusta1997.usermd.net/" "Mozilla/5.0 (Windows NT 10.0; Win64; x64) AppleWebKit/537.36 (KHTML, like Gecko) Chrome/134.0.0.0 Safari/537.36"
77.79.248.229 - - [05/Mar/2025:12:22:53 +0100] "GET /Jurek/hurtmeblowy/feeds/hurtmeblowy_zero.xml HTTP/1.1" 200 8023685 "-" "Python-urllib/3.11"
89.235.0.38 - - [05/Mar/2025:12:22:58 +0100] "GET /Jurek/kobi/feeds/kobi_zero.xml HTTP/1.1" 200 1993271 "-" "Microsoft.Data.Mashup (https://go.microsoft.com/fwlink/?LinkID=304225)"
89.235.0.38 - - [05/Mar/2025:12:22:59 +0100] "GET /Jurek/kobi/feeds/kobi_zero.xml HTTP/1.1" 200 1993271 "-" "Microsoft.Data.Mashup (https://go.microsoft.com/fwlink/?LinkID=304225)"
66.211.183.74 - - [05/Mar/2025:12:23:04 +0100] "GET /Jurek/eurofirany/images/383469/0.jpg HTTP/1.1" 200 86852 "-" "scalaj-http/2.4.2"
66.211.183.74 - - [05/Mar/2025:12:23:05 +0100] "GET /Jurek/eurofirany/images/383363/0.jpg HTTP/1.1" 200 73843 "-" "scalaj-http/2.4.2"
66.211.183.71 - - [05/Mar/2025:12:24:01 +0100] "GET /Jurek/eurofirany/images/390337/0.jpg HTTP/1.1" 200 136029 "-" "scalaj-http/2.4.2"
66.211.183.74 - - [05/Mar/2025:12:24:11 +0100] "GET /Jurek/eurofirany/images/402860/0.jpg HTTP/1.1" 200 74920 "-" "scalaj-http/2.4.2"
66.249.66.68 - - [05/Mar/2025:12:24:15 +0100] "GET /Jurek/eurofirany/images/383336/8.jpg HTTP/1.1" 200 37188 "-" "Googlebot-Image/1.0"
66.211.183.73 - - [05/Mar/2025:12:24:20 +0100] "GET /Jurek/eurofirany/images/382104/0.jpg HTTP/1.1" 200 209372 "-" "scalaj-http/2.4.2"
66.211.183.71 - - [05/Mar/2025:12:24:39 +0100] "GET /Jurek/eurofirany/images/438725/0.jpg HTTP/1.1" 200 82418 "-" "scalaj-http/2.4.2"
66.211.183.71 - - [05/Mar/2025:12:24:45 +0100] "GET /Jurek/eurofirany/images/398804/0.jpg HTTP/1.1" 200 31541 "-" "scalaj-http/2.4.2"
46.101.116.244 - - [05/Mar/2025:12:25:24 +0100] "GET /Jurek/kinghoff/feeds/kinghoff_velo.xml HTTP/1.0" 200 15105253 "-" "-"
3.74.7.74 - - [05/Mar/2025:12:25:47 +0100] "GET /Jurek/topeshop/downloaded_images/5904507209445_modern2pminislimartcz(1).jpg HTTP/2.0" 404 3551 "-" "Mozilla/5.0 (Windows NT 10.0; Win64; x64) AppleWebKit/537.36 (KHTML, like Gecko) Chrome/109.0.0.0 Safari/537.36"
66.135.202.71 - - [05/Mar/2025:12:25:53 +0100] "GET /Jurek/topeshop/downloaded_images/5904507206833_20_st.png HTTP/1.1" 200 301351 "-" "Java/17.0.12.0.101"
66.211.183.73 - - [05/Mar/2025:12:26:00 +0100] "GET /Jurek/eurofirany/images/392127/0.jpg HTTP/1.1" 200 32389 "-" "scalaj-http/2.4.2"
89.161.206.59 - - [05/Mar/2025:12:26:14 +0100] "GET /Jurek/erohurtownia/feeds/erohurtownia_amazonde.xml HTTP/1.0" 200 23304325 "-" "-"
46.101.116.244 - - [05/Mar/2025:12:26:22 +0100] "GET /Jurek/aw/feeds/aw_fnacfr.xml HTTP/1.0" 404 3551 "-" "-"
46.101.116.244 - - [05/Mar/2025:12:26:39 +0100] "GET /Filip/feeds/xlsx_ceneo.xml HTTP/1.0" 200 6241376 "-" "-"
89.161.206.59 - - [05/Mar/2025:12:26:49 +0100] "GET /Jurek/topeshop/feeds/topeshop_ebayDE.xml HTTP/1.0" 200 1246393 "-" "-"
157.55.39.58 - - [05/Mar/2025:12:27:07 +0100] "GET /Jurek/eurofirany/images/372438/7.jpg HTTP/2.0" 200 82389 "-" "Mozilla/5.0 AppleWebKit/537.36 (KHTML, like Gecko; compatible; bingbot/2.0; +http://www.bing.com/bingbot.htm) Chrome/116.0.1938.76 Safari/537.36"
178.43.49.9 - - [05/Mar/2025:12:27:49 +0100] "GET /Jurek/eurofirany/images/384327/0.jpg HTTP/2.0" 200 206361 "-" "Mozilla/5.0 (Windows NT 10.0; Win64; x64) AppleWebKit/537.36 (KHTML, like Gecko) Chrome/133.0.0.0 Safari/537.36"
89.235.0.38 - - [05/Mar/2025:12:28:11 +0100] "GET /Jurek/kobi/feeds/kobi_zero.xml HTTP/1.1" 200 1993271 "-" "Microsoft.Data.Mashup (https://go.microsoft.com/fwlink/?LinkID=304225)"
89.235.0.38 - - [05/Mar/2025:12:28:12 +0100] "GET /Jurek/kobi/feeds/kobi_zero.xml HTTP/1.1" 200 1993271 "-" "Microsoft.Data.Mashup (https://go.microsoft.com/fwlink/?LinkID=304225)"
66.211.183.71 - - [05/Mar/2025:12:28:19 +0100] "GET /Jurek/eurofirany/images/408370/0.jpg HTTP/1.1" 200 142167 "-" "scalaj-http/2.4.2"
89.235.0.38 - - [05/Mar/2025:12:28:26 +0100] "GET /Jurek/kobi/feeds/kobi_zero.xml HTTP/1.1" 200 1993271 "-" "Microsoft.Data.Mashup (https://go.microsoft.com/fwlink/?LinkID=304225)"
89.235.0.38 - - [05/Mar/2025:12:28:27 +0100] "GET /Jurek/kobi/feeds/kobi_zero.xml HTTP/1.1" 200 1993271 "-" "Microsoft.Data.Mashup (https://go.microsoft.com/fwlink/?LinkID=304225)"
66.211.183.74 - - [05/Mar/2025:12:28:38 +0100] "GET /Jurek/eurofirany/images/416136/0.jpg HTTP/1.1" 200 92572 "-" "scalaj-http/2.4.2"
66.211.183.73 - - [05/Mar/2025:12:29:28 +0100] "GET /Jurek/eurofirany/images/392197/0.jpg HTTP/1.1" 200 36485 "-" "scalaj-http/2.4.2"
89.161.206.59 - - [05/Mar/2025:12:30:21 +0100] "GET /Jurek/amzteam/feeds/amzteam_emaghu.xml HTTP/1.0" 200 98003 "-" "-"
89.161.206.59 - - [05/Mar/2025:12:30:35 +0100] "GET /Jurek/aiofactory/feeds/aiofactory_cdsc.xml HTTP/1.0" 200 2123808 "-" "-"
66.211.183.71 - - [05/Mar/2025:12:30:44 +0100] "GET /Jurek/eurofirany/images/390197/0.jpg HTTP/1.1" 200 167471 "-" "scalaj-http/2.4.2"
66.211.183.70 - - [05/Mar/2025:12:30:47 +0100] "GET /Jurek/eurofirany/images/390063/0.jpg HTTP/1.1" 200 164444 "-" "scalaj-http/2.4.2"
66.211.183.73 - - [05/Mar/2025:12:31:00 +0100] "GET /Jurek/eurofirany/images/389606/0.jpg HTTP/1.1" 200 149159 "-" "scalaj-http/2.4.2"
89.161.206.59 - - [05/Mar/2025:12:31:11 +0100] "GET /Jurek/topeshop/feeds/topeshop_amazonFR.xml HTTP/1.0" 200 2444338 "-" "-"
89.161.206.59 - - [05/Mar/2025:12:31:14 +0100] "GET /Jurek/topeshop/feeds/topeshop_amazonIT.xml HTTP/1.0" 200 2444343 "-" "-"
89.161.206.59 - - [05/Mar/2025:12:31:17 +0100] "GET /Jurek/topeshop/feeds/topeshop_amazonDE.xml HTTP/1.0" 200 2444257 "-" "-"
66.211.183.74 - - [05/Mar/2025:12:31:17 +0100] "GET /Jurek/eurofirany/images/438720/0.jpg HTTP/1.1" 200 105392 "-" "scalaj-http/2.4.2"
89.161.206.59 - - [05/Mar/2025:12:31:20 +0100] "GET /Jurek/topeshop/feeds/topeshop_amazonSE.xml HTTP/1.0" 200 2445020 "-" "-"
89.161.206.59 - - [05/Mar/2025:12:31:23 +0100] "GET /Jurek/topeshop/feeds/topeshop_amazonES.xml HTTP/1.0" 200 2444353 "-" "-"
89.161.206.59 - - [05/Mar/2025:12:31:28 +0100] "GET /Jurek/topeshop/feeds/topeshop_amazonNL.xml HTTP/1.0" 200 2444356 "-" "-"
89.161.206.59 - - [05/Mar/2025:12:31:31 +0100] "GET /Jurek/topeshop/feeds/topeshop_amazonBE.xml HTTP/1.0" 200 2444358 "-" "-"
89.161.206.59 - - [05/Mar/2025:12:31:36 +0100] "GET /Jurek/ikonka/feeds/ikonka_amazonES.xml HTTP/1.0" 200 21449905 "-" "-"
66.211.183.73 - - [05/Mar/2025:12:31:47 +0100] "GET /Jurek/eurofirany/images/403221/0.jpg HTTP/1.1" 200 81347 "-" "scalaj-http/2.4.2"
46.101.116.244 - - [05/Mar/2025:12:32:12 +0100] "GET /Jurek/aw/feeds/aw_fnacfr.xml HTTP/1.0" 404 3551 "-" "-"
46.101.116.244 - - [05/Mar/2025:12:32:30 +0100] "GET /Filip/feeds/xlsx_ceneo.xml HTTP/1.0" 200 6241376 "-" "-"
66.211.183.72 - - [05/Mar/2025:12:32:38 +0100] "GET /Jurek/eurofirany/images/416133/0.jpg HTTP/1.1" 200 108715 "-" "scalaj-http/2.4.2"
89.161.206.59 - - [05/Mar/2025:12:33:54 +0100] "GET /Jurek/hurtownia_przemyslowa/feeds/hp_allegro_cz.xml HTTP/1.0" 200 49560298 "-" "-"
89.161.206.59 - - [05/Mar/2025:12:34:12 +0100] "GET /Jurek/sempler/feeds/sempler_allegro.xml HTTP/1.0" 200 6553628 "-" "-"
52.17.80.36 - - [05/Mar/2025:12:34:12 +0100] "GET /marketplaces/worten2/results/worten.csv HTTP/1.1" 200 147217 "-" "Mirakl HttpClient"
89.161.206.59 - - [05/Mar/2025:12:34:13 +0100] "GET /Jurek/narzbud/feeds/narzbud_allegro.xml HTTP/1.0" 200 1958395 "-" "-"
89.161.206.59 - - [05/Mar/2025:12:34:15 +0100] "GET /Jurek/ekolight/feeds/ekolight_allegro.xml HTTP/1.0" 200 9053727 "-" "-"
66.211.183.70 - - [05/Mar/2025:12:34:42 +0100] "GET /Jurek/eurofirany/images/383108/0.jpg HTTP/1.1" 200 75275 "-" "scalaj-http/2.4.2"
66.211.183.72 - - [05/Mar/2025:12:35:57 +0100] "GET /Jurek/topeshop/downloaded_images/5902838463741_20st_close.jpg HTTP/1.1" 404 3551 "-" "scalaj-http/2.4.2"
66.211.183.72 - - [05/Mar/2025:12:36:00 +0100] "GET /Jurek/eurofirany/images/383166/0.jpg HTTP/1.1" 200 85519 "-" "scalaj-http/2.4.2"
66.211.183.70 - - [05/Mar/2025:12:36:09 +0100] "GET /Jurek/eurofirany/images/383072/0.jpg HTTP/1.1" 200 185987 "-" "scalaj-http/2.4.2"
66.211.183.74 - - [05/Mar/2025:12:36:45 +0100] "GET /Jurek/eurofirany/images/383470/0.jpg HTTP/1.1" 200 86852 "-" "scalaj-http/2.4.2"
66.211.183.73 - - [05/Mar/2025:12:36:56 +0100] "GET /Jurek/eurofirany/images/390060/0.jpg HTTP/1.1" 200 123097 "-" "scalaj-http/2.4.2"
66.211.183.71 - - [05/Mar/2025:12:37:03 +0100] "GET /Jurek/eurofirany/images/389611/0.jpg HTTP/1.1" 200 165083 "-" "scalaj-http/2.4.2"
66.211.183.71 - - [05/Mar/2025:12:37:09 +0100] "GET /Jurek/topeshop/downloaded_images/5902838467671_2.png HTTP/1.1" 404 3551 "-" "scalaj-http/2.4.2"
66.211.183.72 - - [05/Mar/2025:12:37:12 +0100] "GET /Jurek/eurofirany/images/438729/0.jpg HTTP/1.1" 200 117195 "-" "scalaj-http/2.4.2"
89.161.206.59 - - [05/Mar/2025:12:37:19 +0100] "GET /Jurek/pagmil/feeds/pagmil_emagro.xml HTTP/1.0" 200 1705709 "-" "-"
46.101.116.244 - - [05/Mar/2025:12:37:47 +0100] "GET /Jurek/aw/feeds/aw_fnacfr.xml HTTP/1.0" 404 3551 "-" "-"
46.101.116.244 - - [05/Mar/2025:12:38:08 +0100] "GET /Filip/feeds/xlsx_ceneo.xml HTTP/1.0" 200 6241376 "-" "-"
178.21.154.6 - - [05/Mar/2025:12:39:09 +0100] "GET /Jurek/eurofirany/images/356441/0.jpg HTTP/1.1" 200 168611 "-" "-"
66.211.183.70 - - [05/Mar/2025:12:39:42 +0100] "GET /Jurek/eurofirany/images/383096/0.jpg HTTP/1.1" 200 80797 "-" "scalaj-http/2.4.2"
207.46.13.54 - - [05/Mar/2025:12:39:49 +0100] "GET /Jurek/eurofirany/images/372438/7.jpg HTTP/2.0" 200 82389 "-" "Mozilla/5.0 AppleWebKit/537.36 (KHTML, like Gecko; compatible; bingbot/2.0; +http://www.bing.com/bingbot.htm) Chrome/116.0.1938.76 Safari/537.36"
89.161.206.59 - - [05/Mar/2025:12:39:51 +0100] "GET /Jurek/ralmetal/feeds/ralmetal_emag.xml HTTP/1.0" 200 1787426 "-" "-"
89.161.206.59 - - [05/Mar/2025:12:39:51 +0100] "GET /Jurek/oromed/feeds/oromed_emagro.xml HTTP/1.0" 200 1036118 "-" "-"
89.161.206.59 - - [05/Mar/2025:12:41:24 +0100] "GET /Jurek/asortymenteu/feeds/asortymenteu_skroutz_great.xml HTTP/1.0" 200 2603422 "-" "-"
89.161.206.59 - - [05/Mar/2025:12:41:37 +0100] "GET /Jurek/swiatecznygoliat/feeds/swiatecznygoliat_amazonde.xml HTTP/1.0" 200 7054356 "-" "-"
66.211.183.74 - - [05/Mar/2025:12:42:29 +0100] "GET /Jurek/eurofirany/images/379149/0.jpg HTTP/1.1" 200 106168 "-" "scalaj-http/2.4.2"
66.211.183.74 - - [05/Mar/2025:12:42:31 +0100] "GET /Jurek/eurofirany/images/438727/0.jpg HTTP/1.1" 200 99337 "-" "scalaj-http/2.4.2"
46.101.116.244 - - [05/Mar/2025:12:43:25 +0100] "GET /Jurek/aw/feeds/aw_fnacfr.xml HTTP/1.0" 404 3551 "-" "-"
66.211.183.73 - - [05/Mar/2025:12:43:32 +0100] "GET /Jurek/eurofirany/images/463589/0.jpg HTTP/1.1" 200 0 "-" "scalaj-http/2.4.2"
66.211.183.72 - - [05/Mar/2025:12:43:34 +0100] "GET /Jurek/eurofirany/images/438716/0.jpg HTTP/1.1" 200 107908 "-" "scalaj-http/2.4.2"
46.101.116.244 - - [05/Mar/2025:12:43:41 +0100] "GET /Filip/feeds/xlsx_ceneo.xml HTTP/1.0" 200 6241376 "-" "-"
66.211.183.74 - - [05/Mar/2025:12:43:42 +0100] "GET /Jurek/eurofirany/images/416438/0.jpg HTTP/1.1" 200 105080 "-" "scalaj-http/2.4.2"
46.101.116.244 - - [05/Mar/2025:12:43:59 +0100] "GET /Jurek/intsell/feeds/intsell_amazonde.xml HTTP/1.0" 200 338785394 "-" "-"
66.211.183.71 - - [05/Mar/2025:12:44:08 +0100] "GET /Jurek/eurofirany/images/416137/0.jpg HTTP/1.1" 200 92572 "-" "scalaj-http/2.4.2"
89.161.206.59 - - [05/Mar/2025:12:44:33 +0100] "GET /Jurek/eurofirany/feeds/eurofirany_manomanofr.xml HTTP/1.0" 200 18890683 "-" "-"
46.101.116.244 - - [05/Mar/2025:12:44:38 +0100] "GET /Jurek/eurofirany/feeds/eurofirany_ceneo.xml HTTP/1.0" 200 18894364 "-" "-"
89.161.206.59 - - [05/Mar/2025:12:44:41 +0100] "GET /Jurek/ikonka/feeds/ikonka_amazonDE.xml HTTP/1.0" 200 21449944 "-" "-"
66.211.183.71 - - [05/Mar/2025:12:44:43 +0100] "GET /Jurek/eurofirany/images/383175/0.jpg HTTP/1.1" 200 75101 "-" "scalaj-http/2.4.2"
66.249.66.66 - - [05/Mar/2025:12:45:29 +0100] "GET /Jurek/topeshop/downloaded_images/5904507201883_MIJASBIURKOBRY%C5%81KAANTRACYTPRAWEBOKZM.jpg HTTP/1.1" 404 3551 "-" "Googlebot-Image/1.0"
5.134.208.158 - - [05/Mar/2025:12:45:37 +0100] "GET /Jurek/eurofirany/images/432597/0.jpg HTTP/1.1" 200 33 "-" "-"
5.134.208.158 - - [05/Mar/2025:12:45:37 +0100] "GET /Jurek/eurofirany/images/432607/0.jpg HTTP/1.1" 200 33 "-" "-"
5.134.208.158 - - [05/Mar/2025:12:45:37 +0100] "GET /Jurek/eurofirany/images/391402/0.jpg HTTP/1.1" 200 94432 "-" "-"
5.134.208.158 - - [05/Mar/2025:12:45:37 +0100] "GET /Jurek/eurofirany/images/383347/0.jpg HTTP/1.1" 200 66982 "-" "-"
5.134.208.158 - - [05/Mar/2025:12:45:37 +0100] "GET /Jurek/eurofirany/images/432597/0.jpg HTTP/1.1" 200 33 "-" "-"
5.134.208.158 - - [05/Mar/2025:12:45:37 +0100] "GET /Jurek/eurofirany/images/432607/0.jpg HTTP/1.1" 200 33 "-" "-"
5.134.208.158 - - [05/Mar/2025:12:45:37 +0100] "GET /Jurek/eurofirany/images/432828/0.jpg HTTP/1.1" 200 171360 "-" "-"
66.211.183.73 - - [05/Mar/2025:12:46:05 +0100] "GET /Jurek/eurofirany/images/383472/0.jpg HTTP/1.1" 200 86852 "-" "scalaj-http/2.4.2"
66.211.183.74 - - [05/Mar/2025:12:46:09 +0100] "GET /Jurek/eurofirany/images/463597/0.jpg HTTP/1.1" 200 0 "-" "scalaj-http/2.4.2"
46.101.116.244 - - [05/Mar/2025:12:46:53 +0100] "GET /Jurek/aw/feeds/aw_fnacfr.xml HTTP/1.0" 404 3551 "-" "-"
89.161.206.59 - - [05/Mar/2025:12:47:11 +0100] "GET /Jurek/ikonka/feeds/ikonka_amazonNL.xml HTTP/1.0" 200 21449888 "-" "-"
46.101.116.244 - - [05/Mar/2025:12:47:11 +0100] "GET /Filip/feeds/xlsx_ceneo.xml HTTP/1.0" 200 6241376 "-" "-"
89.161.206.59 - - [05/Mar/2025:12:47:28 +0100] "GET /Jurek/eroplace/feeds/eroplace_amazonnl.xml HTTP/1.0" 200 30849192 "-" "-"
89.161.206.59 - - [05/Mar/2025:12:48:06 +0100] "GET /Jurek/ikonka/feeds/ikonka_skroutz.xml HTTP/1.0" 200 21449941 "-" "-"
66.211.183.73 - - [05/Mar/2025:12:49:02 +0100] "GET /Jurek/eurofirany/images/383266/0.jpg HTTP/1.1" 200 81569 "-" "scalaj-http/2.4.2"
193.33.8.61 - - [05/Mar/2025:12:49:18 +0100] "GET /Jurek/hanex/output.txt HTTP/2.0" 200 8694 "https://konsola.dkkapusta1997.usermd.net/" "Mozilla/5.0 (Windows NT 10.0; Win64; x64) AppleWebKit/537.36 (KHTML, like Gecko) Chrome/133.0.0.0 Safari/537.36"
89.161.206.59 - - [05/Mar/2025:12:49:33 +0100] "GET /Jurek/drops/feeds/dropsofficecolection_allegro.xml HTTP/1.0" 200 787961 "-" "-"
89.161.206.59 - - [05/Mar/2025:12:49:33 +0100] "GET /Jurek/velinda/feeds/velinda_allegro.xml HTTP/1.0" 200 4283062 "-" "-"
89.161.206.59 - - [05/Mar/2025:12:49:50 +0100] "GET /Jurek/fernity/feeds/fernity_skroutz.xml HTTP/1.0" 200 5224415 "-" "-"
89.161.206.59 - - [05/Mar/2025:12:50:02 +0100] "GET /Jurek/activeshop/feeds/activeshop_skroutz.xml HTTP/1.0" 200 10443644 "-" "-"
35.234.76.56 - - [05/Mar/2025:12:50:33 +0100] "GET /Jurek/topeshop/downloaded_images/5904507209384_profilowee.jpg HTTP/2.0" 200 37736 "-" "Mozilla/5.0 (Macintosh; Intel Mac OS X 10.15; rv:78.0) Gecko/20100101 Firefox/78.0"
46.101.116.244 - - [05/Mar/2025:12:50:39 +0100] "GET /Jurek/beliani/feeds/beliani_skroutz.xml HTTP/1.0" 200 26362877 "-" "-"
66.211.183.71 - - [05/Mar/2025:12:51:02 +0100] "GET /Jurek/eurofirany/images/390121/0.jpg HTTP/1.1" 200 168905 "-" "scalaj-http/2.4.2"
46.101.116.244 - - [05/Mar/2025:12:51:49 +0100] "GET /Jurek/aw/feeds/aw_fnacfr.xml HTTP/1.0" 404 3551 "-" "-"
66.211.183.70 - - [05/Mar/2025:12:52:03 +0100] "GET /Jurek/eurofirany/images/390015/0.jpg HTTP/1.1" 200 207776 "-" "scalaj-http/2.4.2"
46.101.116.244 - - [05/Mar/2025:12:52:07 +0100] "GET /Filip/feeds/xlsx_ceneo.xml HTTP/1.0" 200 6241376 "-" "-"
89.161.206.59 - - [05/Mar/2025:12:52:14 +0100] "GET /Jurek/ikonka/feeds/ikonka_amazonIT.xml HTTP/1.0" 200 21449962 "-" "-"
89.161.206.59 - - [05/Mar/2025:12:52:16 +0100] "GET /Jurek/ikonka/feeds/ikonka_amazonFR.xml HTTP/1.0" 200 21449921 "-" "-"
89.161.206.59 - - [05/Mar/2025:12:52:17 +0100] "GET /Jurek/hurtownia_przemyslowa/feeds/hp_amazonDE.xml HTTP/1.0" 200 49553920 "-" "-"
89.161.206.59 - - [05/Mar/2025:12:52:21 +0100] "GET /Jurek/hurtownia_przemyslowa/feeds/hp_amazonFR.xml HTTP/1.0" 200 49554073 "-" "-"
89.161.206.59 - - [05/Mar/2025:12:52:25 +0100] "GET /Jurek/hurtownia_przemyslowa/feeds/hp_amazonIT.xml HTTP/1.0" 200 49555233 "-" "-"
89.161.206.59 - - [05/Mar/2025:12:52:29 +0100] "GET /Jurek/hurtownia_przemyslowa/feeds/hp_amazonNL.xml HTTP/1.0" 200 49554183 "-" "-"
89.161.206.59 - - [05/Mar/2025:12:52:33 +0100] "GET /Jurek/hurtownia_przemyslowa/feeds/hp_amazonSE.xml HTTP/1.0" 200 49569800 "-" "-"
66.211.183.74 - - [05/Mar/2025:12:52:57 +0100] "GET /Jurek/eurofirany/images/423655/0.jpg HTTP/1.1" 200 68504 "-" "scalaj-http/2.4.2"
193.33.8.61 - - [05/Mar/2025:12:53:32 +0100] "GET /Jurek/hurtownia_przemyslowa/output.txt HTTP/2.0" 200 2432 "https://konsola.dkkapusta1997.usermd.net/" "Mozilla/5.0 (Windows NT 10.0; Win64; x64) AppleWebKit/537.36 (KHTML, like Gecko) Chrome/133.0.0.0 Safari/537.36"
89.161.206.59 - - [05/Mar/2025:12:53:55 +0100] "GET /Jurek/ekuchcikowo/feeds/ekuchcikowo_allegro.xml HTTP/1.0" 200 13461978 "-" "-"
89.161.206.59 - - [05/Mar/2025:12:53:56 +0100] "GET /Jurek/livinhill/feeds/livinhill_allegro.xml HTTP/1.0" 200 1428027 "-" "-"
89.161.206.59 - - [05/Mar/2025:12:53:56 +0100] "GET /Jurek/urwiskowo/feeds/urwiskowo_allegro.xml HTTP/1.0" 200 9115629 "-" "-"
89.161.206.59 - - [05/Mar/2025:12:53:57 +0100] "GET /Jurek/reman/feeds/reman_allegro.xml HTTP/1.0" 200 1394896 "-" "-"
89.161.206.59 - - [05/Mar/2025:12:54:06 +0100] "GET /Jurek/eroplace/feeds/eroplace_skroutz.xml HTTP/1.0" 200 30848988 "-" "-"
66.211.183.73 - - [05/Mar/2025:12:54:32 +0100] "GET /Jurek/eurofirany/images/389242/0.jpg HTTP/1.1" 200 149156 "-" "scalaj-http/2.4.2"
66.211.183.72 - - [05/Mar/2025:12:55:13 +0100] "GET /Jurek/eurofirany/images/423213/0.jpg HTTP/1.1" 200 0 "-" "scalaj-http/2.4.2"
51.77.52.107 - - [05/Mar/2025:12:55:56 +0100] "GET /Jurek/topeshop/downloaded_images/5904507202033_SZAFA_IGA_120_G\xC5\x81ADKI_FRONT_0009_(1).png HTTP/2.0" 200 455955 "-" "-"
51.77.52.107 - - [05/Mar/2025:12:56:01 +0100] "GET /Jurek/topeshop/downloaded_images/5904507209995_SZAFA-MALWA-ARTBIEL-KPL_miniaturka.jpg HTTP/2.0" 404 3551 "-" "-"
46.101.116.244 - - [05/Mar/2025:12:56:08 +0100] "GET /Jurek/aw/feeds/aw_fnacfr.xml HTTP/1.0" 404 3551 "-" "-"
46.101.116.244 - - [05/Mar/2025:12:56:27 +0100] "GET /Filip/feeds/xlsx_ceneo.xml HTTP/1.0" 200 6241376 "-" "-"
66.211.183.74 - - [05/Mar/2025:12:56:38 +0100] "GET /Jurek/eurofirany/images/387742/0.jpg HTTP/1.1" 200 90823 "-" "scalaj-http/2.4.2"
193.33.8.61 - - [05/Mar/2025:12:57:17 +0100] "GET /Jurek/hurtownia_przemyslowa/output.txt HTTP/2.0" 200 2432 "https://konsola.dkkapusta1997.usermd.net/" "Mozilla/5.0 (Windows NT 10.0; Win64; x64) AppleWebKit/537.36 (KHTML, like Gecko) Chrome/133.0.0.0 Safari/537.36"
46.101.116.244 - - [05/Mar/2025:12:57:48 +0100] "GET /Jurek/topeshop/feeds/topeshop_skr.xml HTTP/1.0" 200 2444349 "-" "-"
51.77.52.107 - - [05/Mar/2025:12:57:49 +0100] "GET /Jurek/topeshop/downloaded_images/5904507209995_SZAFA-MALWA-ARTBIEL-KPL_miniaturka.jpg HTTP/2.0" 404 3551 "-" "-"
89.161.206.59 - - [05/Mar/2025:12:58:10 +0100] "GET /Jurek/hlo/feeds/hlo_skroutz.xml HTTP/1.0" 200 4838839 "-" "-"
66.211.183.73 - - [05/Mar/2025:12:58:17 +0100] "GET /Jurek/eurofirany/images/425607/0.jpg HTTP/1.1" 200 211611 "-" "scalaj-http/2.4.2"
66.211.183.74 - - [05/Mar/2025:12:59:05 +0100] "GET /Jurek/eurofirany/images/383352/0.jpg HTTP/1.1" 200 79685 "-" "scalaj-http/2.4.2"
66.211.183.72 - - [05/Mar/2025:12:59:41 +0100] "GET /Jurek/eurofirany/images/396855/0.jpg HTTP/1.1" 200 76743 "-" "scalaj-http/2.4.2"
193.33.8.61 - - [05/Mar/2025:12:59:58 +0100] "GET /Jurek/ikonka/output.txt HTTP/2.0" 200 18990 "https://konsola.dkkapusta1997.usermd.net/" "Mozilla/5.0 (Windows NT 10.0; Win64; x64) AppleWebKit/537.36 (KHTML, like Gecko) Chrome/133.0.0.0 Safari/537.36"
164.92.232.189 - - [05/Mar/2025:13:00:01 +0100] "GET /subskrypcje/AMD/feeds/amd_cz.xml HTTP/1.1" 200 518486 "-" "-"
164.92.232.189 - - [05/Mar/2025:13:00:12 +0100] "GET /subskrypcje/AMD/feeds/amd_sk.xml HTTP/1.1" 200 528562 "-" "-"
164.92.232.189 - - [05/Mar/2025:13:00:12 +0100] "GET /subskrypcje/OverHorse/overhorse_mallcz.xml HTTP/1.1" 200 112935 "-" "-"
164.92.232.189 - - [05/Mar/2025:13:00:23 +0100] "GET /subskrypcje/mondex/feeds/mondex_mall_cz.xml HTTP/1.1" 200 2203515 "-" "-"
85.14.86.141 - - [05/Mar/2025:13:00:33 +0100] "GET /Jurek/vida_morele/feeds/VidaPL_all.xml HTTP/2.0" 200 690043153 "-" "MarketplaceAPI curl/7.64.0 PHP/8"
52.17.80.36 - - [05/Mar/2025:13:00:41 +0100] "GET /marketplaces/ubaldi/results/ubaldi.csv HTTP/1.1" 200 147219 "-" "Mirakl HttpClient"
89.161.206.59 - - [05/Mar/2025:13:01:07 +0100] "GET /Jurek/kobi/feeds/kobi_skroutz.xml HTTP/1.0" 200 1993300 "-" "-"
46.101.116.244 - - [05/Mar/2025:13:01:23 +0100] "GET /Jurek/hurtownia_przemyslowa/feeds/hp_velomarket.xml HTTP/1.0" 200 49557682 "-" "-"
193.33.8.61 - - [05/Mar/2025:13:01:30 +0100] "GET /Jurek/eurofirany/output.txt HTTP/2.0" 200 17979 "https://konsola.dkkapusta1997.usermd.net/" "Mozilla/5.0 (Windows NT 10.0; Win64; x64) AppleWebKit/537.36 (KHTML, like Gecko) Chrome/133.0.0.0 Safari/537.36"
46.101.116.244 - - [05/Mar/2025:13:01:34 +0100] "GET /Jurek/benbaby/feeds/benbaby_velo.xml HTTP/1.0" 200 3763674 "-" "-"
89.161.206.59 - - [05/Mar/2025:13:01:34 +0100] "GET /Jurek/pawonik/feeds/pawonik_emagro.xml HTTP/1.0" 200 2586431 "-" "-"
89.161.206.59 - - [05/Mar/2025:13:01:35 +0100] "GET /Jurek/eurofirany/feeds/eurofirany_emagro.xml HTTP/1.0" 200 18902054 "-" "-"
89.161.206.59 - - [05/Mar/2025:13:01:35 +0100] "GET /Jurek/ikonka/feeds/ikonka_emagro.xml HTTP/1.0" 200 21454439 "-" "-"
89.161.206.59 - - [05/Mar/2025:13:01:35 +0100] "GET /Jurek/hurtmeblowy/feeds/hurtmeblowy_emagro.xml HTTP/1.0" 200 8024485 "-" "-"
46.101.116.244 - - [05/Mar/2025:13:01:35 +0100] "GET /Jurek/aw/feeds/awnarzedzia_velomarket.xml HTTP/1.0" 200 8390557 "-" "-"
89.161.206.59 - - [05/Mar/2025:13:01:35 +0100] "GET /Jurek/fertone/feeds/fertone_emagro.xml HTTP/1.0" 200 596901 "-" "-"
89.161.206.59 - - [05/Mar/2025:13:01:36 +0100] "GET /Jurek/artdog/feeds/artdog_emagro.xml HTTP/1.0" 200 15935838 "-" "-"
89.161.206.59 - - [05/Mar/2025:13:01:36 +0100] "GET /Jurek/ekuchcikowo/feeds/ekuchcikowo_emagro.xml HTTP/1.0" 200 13462328 "-" "-"
89.161.206.59 - - [05/Mar/2025:13:01:37 +0100] "GET /Jurek/eldar/feeds/eldar_emagro.xml HTTP/1.0" 200 7337452 "-" "-"
89.161.206.59 - - [05/Mar/2025:13:01:39 +0100] "GET /Jurek/wenom/feeds/wenom_emagro.xml HTTP/1.0" 200 583272 "-" "-"
89.161.206.59 - - [05/Mar/2025:13:01:39 +0100] "GET /Jurek/qbox/feeds/qbox_emagro.xml HTTP/1.0" 200 398895 "-" "-"
89.161.206.59 - - [05/Mar/2025:13:01:39 +0100] "GET /Jurek/ekolight/feeds/ekolioght_emagro.xml HTTP/1.0" 200 9053550 "-" "-"
89.161.206.59 - - [05/Mar/2025:13:01:39 +0100] "GET /Jurek/elecomp/feeds/elecomp_emagro.xml HTTP/1.0" 200 2870430 "-" "-"
89.161.206.59 - - [05/Mar/2025:13:01:39 +0100] "GET /Jurek/antiodor/feeds/antiodor_emagro.xml HTTP/1.0" 200 137771 "-" "-"
46.101.116.244 - - [05/Mar/2025:13:01:39 +0100] "GET /Jurek/aw/feeds/aw_fnacfr.xml HTTP/1.0" 404 3551 "-" "-"
89.161.206.59 - - [05/Mar/2025:13:01:39 +0100] "GET /Jurek/motofan/feeds/motofan_emagro.xml HTTP/1.0" 200 2392206 "-" "-"
89.161.206.59 - - [05/Mar/2025:13:01:39 +0100] "GET /Jurek/aiofactory/feeds/aiofactory_emagro.xml HTTP/1.0" 200 2124127 "-" "-"
89.161.206.59 - - [05/Mar/2025:13:01:40 +0100] "GET /Jurek/twojsklep/feeds/twojsklep_emagro.xml HTTP/1.0" 200 126813 "-" "-"
89.161.206.59 - - [05/Mar/2025:13:01:40 +0100] "GET /Jurek/sartrix/feeds/sartrix_emagro.xml HTTP/1.0" 200 649216 "-" "-"
89.161.206.59 - - [05/Mar/2025:13:01:40 +0100] "GET /Jurek/domzapachy/feeds/domzapachy_emagro.xml HTTP/1.0" 200 179626 "-" "-"
89.161.206.59 - - [05/Mar/2025:13:01:40 +0100] "GET /Jurek/madrex/feeds/madrex_emagro.xml HTTP/1.0" 200 466720 "-" "-"
89.161.206.59 - - [05/Mar/2025:13:01:40 +0100] "GET /Jurek/drewdon/feeds/drewdon_emagro.xml HTTP/1.0" 200 504537 "-" "-"
89.161.206.59 - - [05/Mar/2025:13:01:41 +0100] "GET /Jurek/ekotex/feeds/ekotex_emagro.xml HTTP/1.0" 200 197970 "-" "-"
89.161.206.59 - - [05/Mar/2025:13:01:41 +0100] "GET /Jurek/dekoele/feeds/dekoele_emagro.xml HTTP/1.0" 200 733975 "-" "-"
89.161.206.59 - - [05/Mar/2025:13:01:41 +0100] "GET /Jurek/rider/feeds/rider_emagro.xml HTTP/1.0" 200 8165847 "-" "-"
89.161.206.59 - - [05/Mar/2025:13:01:41 +0100] "GET /Jurek/zepnij/feeds/zepnij_emagro.xml HTTP/1.0" 200 19524078 "-" "-"
89.161.206.59 - - [05/Mar/2025:13:01:41 +0100] "GET /Jurek/expertauto/feeds/expertauto_emagro.xml HTTP/1.0" 200 1159118 "-" "-"
89.161.206.59 - - [05/Mar/2025:13:01:42 +0100] "GET /Jurek/bentivolio/feeds/bentivolio_emagro.xml HTTP/1.0" 200 2541735 "-" "-"
89.161.206.59 - - [05/Mar/2025:13:01:42 +0100] "GET /Jurek/pasiekaslodka/feeds/pasiekaslodka_emagro.xml HTTP/1.0" 200 119684 "-" "-"
89.161.206.59 - - [05/Mar/2025:13:01:42 +0100] "GET /Jurek/wezer/feeds/wezer_emagro.xml HTTP/1.0" 200 210975 "-" "-"
89.161.206.59 - - [05/Mar/2025:13:01:43 +0100] "GET /Jurek/muminky/feeds/muminky_emagro.xml HTTP/1.0" 200 2678270 "-" "-"
89.161.206.59 - - [05/Mar/2025:13:01:43 +0100] "GET /Jurek/evil/feeds/evil_emagro.xml HTTP/1.0" 200 306425 "-" "-"
89.161.206.59 - - [05/Mar/2025:13:01:44 +0100] "GET /Jurek/globaldeli/feeds/globaldeli_emagro.xml HTTP/1.0" 200 2590932 "-" "-"
89.161.206.59 - - [05/Mar/2025:13:01:44 +0100] "GET /Jurek/dekornatort/feeds/dekornatort_emagro.xml HTTP/1.0" 200 225774 "-" "-"
89.161.206.59 - - [05/Mar/2025:13:01:44 +0100] "GET /Jurek/lendo/feeds/lendo_emagro.xml HTTP/1.0" 200 330420 "-" "-"
89.161.206.59 - - [05/Mar/2025:13:01:45 +0100] "GET /Jurek/topeshop/feeds/topeshop_emagro.xml HTTP/1.0" 200 921249 "-" "-"
89.161.206.59 - - [05/Mar/2025:13:01:45 +0100] "GET /Jurek/hurtownia_przemyslowa/feeds/hp_emagro.xml HTTP/1.0" 200 42582739 "-" "-"
89.161.206.59 - - [05/Mar/2025:13:01:46 +0100] "GET /Jurek/fernity/feeds/fernity_emagro.xml HTTP/1.0" 200 5224186 "-" "-"
89.161.206.59 - - [05/Mar/2025:13:01:47 +0100] "GET /Jurek/kinghome/feeds/kinghome_emagro.xml HTTP/1.0" 200 5774834 "-" "-"
89.161.206.59 - - [05/Mar/2025:13:01:47 +0100] "GET /Jurek/activeshop/feeds/activeshop_emagro.xml HTTP/1.0" 200 10445902 "-" "-"
89.161.206.59 - - [05/Mar/2025:13:01:48 +0100] "GET /Jurek/pastelnitka/feeds/pastelnitka_zero.xml HTTP/1.0" 200 1827916 "-" "-"
89.161.206.59 - - [05/Mar/2025:13:01:48 +0100] "GET /Jurek/maksik/feeds/maksik_emagro.xml HTTP/1.0" 200 4085248 "-" "-"
89.161.206.59 - - [05/Mar/2025:13:01:49 +0100] "GET /Jurek/alucon/feeds/alucon_emagro.xml HTTP/1.0" 200 553625 "-" "-"
89.161.206.59 - - [05/Mar/2025:13:01:49 +0100] "GET /Jurek/snibbs/feeds/snibbs_emagro.xml HTTP/1.0" 200 74399 "-" "-"
89.161.206.59 - - [05/Mar/2025:13:01:49 +0100] "GET /Jurek/winoszarnia/feeds/winoszarnia_emagro.xml HTTP/1.0" 200 6130877 "-" "-"
89.161.206.59 - - [05/Mar/2025:13:01:50 +0100] "GET /Jurek/dropkz/feeds/dropkz_emagro.xml HTTP/1.0" 200 70034324 "-" "-"
52.209.168.113 - - [05/Mar/2025:13:01:56 +0100] "GET /marketplaces/rue/results/rue.csv HTTP/1.1" 200 147219 "-" "Mirakl HttpClient"
46.101.116.244 - - [05/Mar/2025:13:01:57 +0100] "GET /Filip/feeds/xlsx_ceneo.xml HTTP/1.0" 200 6241376 "-" "-"
85.14.86.141 - - [05/Mar/2025:13:02:29 +0100] "GET /Jurek/kinghoff/feeds/kinghoff_morele.xml HTTP/2.0" 200 15105124 "-" "MarketplaceAPI curl/7.64.0 PHP/8"
66.211.183.74 - - [05/Mar/2025:13:02:29 +0100] "GET /Jurek/eurofirany/images/372659/0.jpg HTTP/1.1" 200 69040 "-" "scalaj-http/2.4.2"
193.33.8.61 - - [05/Mar/2025:13:02:30 +0100] "GET /Jurek/eurofirany/images/400256/0.jpg HTTP/2.0" 200 37917 "https://itm.ebaydesc.com/" "Mozilla/5.0 (Windows NT 10.0; Win64; x64) AppleWebKit/537.36 (KHTML, like Gecko) Chrome/133.0.0.0 Safari/537.36"
193.33.8.61 - - [05/Mar/2025:13:02:52 +0100] "GET /Jurek/topeshop/output.txt HTTP/2.0" 200 13674 "https://konsola.dkkapusta1997.usermd.net/" "Mozilla/5.0 (Windows NT 10.0; Win64; x64) AppleWebKit/537.36 (KHTML, like Gecko) Chrome/133.0.0.0 Safari/537.36"
89.161.206.59 - - [05/Mar/2025:13:03:04 +0100] "GET /Jurek/hdwr/feeds/hdwr_skroutz.xml HTTP/1.0" 200 777772 "-" "-"
89.161.206.59 - - [05/Mar/2025:13:03:08 +0100] "GET /Jurek/waks/feeds/waks_skroutz.xml HTTP/1.0" 200 6332842 "-" "-"
66.211.183.74 - - [05/Mar/2025:13:03:19 +0100] "GET /Jurek/eurofirany/images/438718/0.jpg HTTP/1.1" 200 104800 "-" "scalaj-http/2.4.2"
89.161.206.59 - - [05/Mar/2025:13:03:22 +0100] "GET /Jurek/pagmil/feeds/pagmil_skroutz.xml HTTP/1.0" 200 1705662 "-" "-"
89.161.206.59 - - [05/Mar/2025:13:03:26 +0100] "GET /Jurek/kambukka/feeds/kambukka_skroutz.xml HTTP/1.0" 200 1046858 "-" "-"
89.161.206.59 - - [05/Mar/2025:13:03:27 +0100] "GET /Jurek/benetech/feeds/benetech_skroutz.xml HTTP/1.0" 200 2842583 "-" "-"
66.211.183.74 - - [05/Mar/2025:13:03:31 +0100] "GET /Jurek/eurofirany/images/390117/0.jpg HTTP/1.1" 200 156799 "-" "scalaj-http/2.4.2"
