46.101.116.244 - - [05/Mar/2025:22:53:02 +0100] "GET /Jurek/ml_meble/feeds/ml_meble_mallcz.xml HTTP/2.0" 404 3551 "-" "-"
66.211.183.70 - - [05/Mar/2025:22:53:10 +0100] "GET /Jurek/eurofirany/images/390318/0.jpg HTTP/1.1" 200 136029 "-" "scalaj-http/2.4.2"
46.101.116.244 - - [05/Mar/2025:22:53:13 +0100] "GET /Jurek/unimet/feeds/unimet_mallcz.xml HTTP/2.0" 200 60269687 "-" "-"
66.249.69.170 - - [05/Mar/2025:22:53:20 +0100] "GET /Jurek/eurofirany/images/438716/6.jpg HTTP/1.1" 200 33 "-" "Googlebot-Image/1.0"
66.211.183.73 - - [05/Mar/2025:22:53:21 +0100] "GET /Jurek/eurofirany/images/390040/0.jpg HTTP/1.1" 200 120347 "-" "scalaj-http/2.4.2"
66.211.183.73 - - [05/Mar/2025:22:53:28 +0100] "GET /Jurek/eurofirany/images/416438/0.jpg HTTP/1.1" 200 105080 "-" "scalaj-http/2.4.2"
46.101.116.244 - - [05/Mar/2025:22:53:36 +0100] "GET /Jurek/beliani/feeds/beliani_cz_mallcz.xml HTTP/2.0" 200 33787685 "-" "-"
66.249.69.170 - - [05/Mar/2025:22:53:52 +0100] "GET /Jurek/topeshop/downloaded_images/5904507207489_20st_mijas_prawy_open_zielony.png HTTP/1.1" 404 3551 "-" "Googlebot-Image/1.0"
66.249.69.170 - - [05/Mar/2025:22:53:56 +0100] "GET /Jurek/topeshop/downloaded_images/5904507207489_Front_mijas_Prawy_zielony.png HTTP/1.1" 404 3551 "-" "Googlebot-Image/1.0"
46.101.116.244 - - [05/Mar/2025:22:54:09 +0100] "GET /Jurek/rovicky/feeds/rovicky_mallcz.xml HTTP/2.0" 200 14200872 "-" "-"
46.101.116.244 - - [05/Mar/2025:22:54:20 +0100] "GET /Jurek/detian/feeds/detian_mallcz.xml HTTP/2.0" 404 3551 "-" "-"
46.101.116.244 - - [05/Mar/2025:22:54:31 +0100] "GET /Jurek/ikonka/feeds/ikonka_mallcz.xml HTTP/2.0" 200 21459186 "-" "-"
46.101.116.244 - - [05/Mar/2025:22:54:43 +0100] "GET /Jurek/candellux/feeds/candellux_mallcz.xml HTTP/2.0" 200 466282 "-" "-"
66.249.69.170 - - [05/Mar/2025:22:54:53 +0100] "GET /Jurek/eurofirany/images/390131/4.jpg HTTP/1.1" 200 171672 "-" "Googlebot-Image/1.0"
46.101.116.244 - - [05/Mar/2025:22:54:54 +0100] "GET /Jurek/andex/feeds/andex_mallcz.xml HTTP/2.0" 200 1954522 "-" "-"
66.249.69.170 - - [05/Mar/2025:22:54:57 +0100] "GET /Jurek/eurofirany/images/390131/1.jpg HTTP/1.1" 200 114200 "-" "Googlebot-Image/1.0"
66.249.69.170 - - [05/Mar/2025:22:54:58 +0100] "GET /Jurek/eurofirany/images/390131/3.jpg HTTP/1.1" 200 161134 "-" "Googlebot-Image/1.0"
46.101.116.244 - - [05/Mar/2025:22:55:04 +0100] "GET /Jurek/barbecook/feeds/barbecook_mallcz.xml HTTP/2.0" 200 87616 "-" "-"
46.101.116.244 - - [05/Mar/2025:22:55:15 +0100] "GET /Jurek/duka/feeds/duka_mallcz.xml HTTP/2.0" 200 57 "-" "-"
66.211.183.72 - - [05/Mar/2025:22:55:24 +0100] "GET /Jurek/eurofirany/images/390007/0.jpg HTTP/1.1" 200 156799 "-" "scalaj-http/2.4.2"
46.101.116.244 - - [05/Mar/2025:22:55:25 +0100] "GET /Jurek/miloohome/feeds/miloohome_mallcz.xml HTTP/2.0" 200 1421848 "-" "-"
46.101.116.244 - - [05/Mar/2025:22:55:36 +0100] "GET /Jurek/stema/feeds/stema_mallcz.xml HTTP/2.0" 200 839175 "-" "-"
46.101.116.244 - - [05/Mar/2025:22:55:47 +0100] "GET /Jurek/aw/feeds/awnarzedzia_mallcz.xml HTTP/2.0" 200 90487029 "-" "-"
66.211.183.71 - - [05/Mar/2025:22:55:53 +0100] "GET /Jurek/eurofirany/images/383472/0.jpg HTTP/1.1" 200 86852 "-" "scalaj-http/2.4.2"
66.211.183.73 - - [05/Mar/2025:22:56:05 +0100] "GET /Jurek/eurofirany/images/423951/0.jpg HTTP/1.1" 200 0 "-" "scalaj-http/2.4.2"
46.101.116.244 - - [05/Mar/2025:22:56:23 +0100] "GET /Jurek/aw/feeds/aw_fnacfr.xml HTTP/1.0" 404 3551 "-" "-"
66.211.183.73 - - [05/Mar/2025:22:56:35 +0100] "GET /Jurek/eurofirany/images/416135/0.jpg HTTP/1.1" 200 92572 "-" "scalaj-http/2.4.2"
66.211.183.72 - - [05/Mar/2025:22:56:42 +0100] "GET /Jurek/eurofirany/images/383392/0.jpg HTTP/1.1" 200 77082 "-" "scalaj-http/2.4.2"
46.101.116.244 - - [05/Mar/2025:22:56:44 +0100] "GET /Filip/feeds/xlsx_ceneo.xml HTTP/1.0" 200 6241376 "-" "-"
66.211.183.73 - - [05/Mar/2025:22:56:45 +0100] "GET /Jurek/eurofirany/images/383470/0.jpg HTTP/1.1" 200 86852 "-" "scalaj-http/2.4.2"
89.161.206.59 - - [05/Mar/2025:22:56:48 +0100] "GET /Jurek/benetech/feeds/benetech_amazonbe.xml HTTP/1.0" 200 4165310 "-" "-"
66.211.183.72 - - [05/Mar/2025:22:56:48 +0100] "GET /Jurek/eurofirany/images/390131/0.jpg HTTP/1.1" 200 166817 "-" "scalaj-http/2.4.2"
66.211.183.70 - - [05/Mar/2025:22:56:51 +0100] "GET /Jurek/eurofirany/images/438725/0.jpg HTTP/1.1" 200 82418 "-" "scalaj-http/2.4.2"
66.211.183.72 - - [05/Mar/2025:22:56:54 +0100] "GET /Jurek/eurofirany/images/390424/0.jpg HTTP/1.1" 200 97224 "-" "scalaj-http/2.4.2"
46.101.116.244 - - [05/Mar/2025:22:57:01 +0100] "GET /Jurek/update_twm_on_mall/feeds/twm_all_cats.xml HTTP/1.1" 200 102192 "-" "-"
66.211.183.72 - - [05/Mar/2025:22:57:06 +0100] "GET /Jurek/eurofirany/images/396854/0.jpg HTTP/1.1" 200 62464 "-" "scalaj-http/2.4.2"
66.211.183.71 - - [05/Mar/2025:22:57:12 +0100] "GET /Jurek/eurofirany/images/383177/0.jpg HTTP/1.1" 200 75101 "-" "scalaj-http/2.4.2"
66.211.183.74 - - [05/Mar/2025:22:57:13 +0100] "GET /Jurek/eurofirany/images/383360/0.jpg HTTP/1.1" 200 73385 "-" "scalaj-http/2.4.2"
66.211.183.72 - - [05/Mar/2025:22:57:15 +0100] "GET /Jurek/eurofirany/images/389995/0.jpg HTTP/1.1" 200 124529 "-" "scalaj-http/2.4.2"
66.211.183.71 - - [05/Mar/2025:22:57:20 +0100] "GET /Jurek/eurofirany/images/390456/0.jpg HTTP/1.1" 200 144267 "-" "scalaj-http/2.4.2"
66.249.69.170 - - [05/Mar/2025:22:57:28 +0100] "GET /Jurek/eurofirany/images/409412/9.jpg HTTP/1.1" 200 109135 "-" "Googlebot-Image/1.0"
66.249.69.170 - - [05/Mar/2025:22:57:29 +0100] "GET /Jurek/eurofirany/images/409412/8.jpg HTTP/1.1" 200 124541 "-" "Googlebot-Image/1.0"
66.249.69.170 - - [05/Mar/2025:22:57:34 +0100] "GET /Jurek/eurofirany/images/409412/7.jpg HTTP/1.1" 200 598577 "-" "Googlebot-Image/1.0"
66.249.69.170 - - [05/Mar/2025:22:57:35 +0100] "GET /Jurek/eurofirany/images/409412/6.jpg HTTP/1.1" 200 598576 "-" "Googlebot-Image/1.0"
46.101.116.244 - - [05/Mar/2025:22:57:41 +0100] "GET /Jurek/kokiskaCZ/feeds/kokiska_mallcz.xml HTTP/2.0" 200 1452767 "-" "-"
46.101.116.244 - - [05/Mar/2025:22:57:57 +0100] "GET /Jurek/fernity/feeds/fernity_mallcz.xml HTTP/2.0" 200 5228526 "-" "-"
77.79.248.229 - - [05/Mar/2025:22:58:00 +0100] "GET /Jurek/eurofirany/feeds/eurofirany_manomanode.xml HTTP/1.1" 200 18888086 "-" "Python-urllib/3.11"
66.249.69.170 - - [05/Mar/2025:22:58:00 +0100] "GET /Jurek/eurofirany/images/389941/7.jpg HTTP/1.1" 200 6595 "-" "Googlebot-Image/1.0"
77.79.248.229 - - [05/Mar/2025:22:58:02 +0100] "GET /Jurek/hurtownia_przemyslowa/feeds/hp_manomanode.xml HTTP/1.1" 200 49552643 "-" "Python-urllib/3.11"
77.79.248.229 - - [05/Mar/2025:22:58:02 +0100] "GET /Jurek/topeshop/feeds/topeshop_manoDE.xml HTTP/1.1" 200 2450361 "-" "Python-urllib/3.11"
77.79.248.229 - - [05/Mar/2025:22:58:03 +0100] "GET /Jurek/aw/feeds/awnarzedzia_manomanoDE.xml HTTP/1.1" 200 90376833 "-" "Python-urllib/3.11"
77.79.248.229 - - [05/Mar/2025:22:58:03 +0100] "GET /Jurek/action/feeds/action_manomano_DE.xml HTTP/1.1" 200 56340910 "-" "Python-urllib/3.11"
77.79.248.229 - - [05/Mar/2025:22:58:04 +0100] "GET /Jurek/drewdon/feeds/drewdon_manomanoDE.xml HTTP/1.1" 200 504462 "-" "Python-urllib/3.11"
77.79.248.229 - - [05/Mar/2025:22:58:04 +0100] "GET /Jurek/kobi/feeds/kobi_manomanoDE.xml HTTP/1.1" 200 1993227 "-" "Python-urllib/3.11"
77.79.248.229 - - [05/Mar/2025:22:58:04 +0100] "GET /Jurek/pupus/feeds/pupus_manomanoDE.xml HTTP/1.1" 200 6154627 "-" "Python-urllib/3.11"
77.79.248.229 - - [05/Mar/2025:22:58:04 +0100] "GET /Jurek/reman/feeds/reman_manoamnoDE.xml HTTP/1.1" 200 1394829 "-" "Python-urllib/3.11"
77.79.248.229 - - [05/Mar/2025:22:58:04 +0100] "GET /Jurek/artdog/feeds/artdog_manomanoDE.xml HTTP/1.1" 200 16921848 "-" "Python-urllib/3.11"
77.79.248.229 - - [05/Mar/2025:22:58:04 +0100] "GET /Jurek/sartrix/feeds/sartrix_manomanoDE.xml HTTP/1.1" 200 649154 "-" "Python-urllib/3.11"
77.79.248.229 - - [05/Mar/2025:22:58:04 +0100] "GET /Jurek/hlo/feeds/hlo_manomanoDE.xml HTTP/1.1" 200 4838799 "-" "Python-urllib/3.11"
77.79.248.229 - - [05/Mar/2025:22:58:05 +0100] "GET /Jurek/hurtmeblowy/feeds/hurtmeblowy_ManoDE.xml HTTP/1.1" 200 8023188 "-" "Python-urllib/3.11"
77.79.248.229 - - [05/Mar/2025:22:58:05 +0100] "GET /Jurek/drops/feeds/dropsofficecolection_manoDE.xml HTTP/1.1" 200 790586 "-" "Python-urllib/3.11"
77.79.248.229 - - [05/Mar/2025:22:58:05 +0100] "GET /Jurek/aiofactory/feeds/aiofactory_manomanoDE.xml HTTP/1.1" 200 2123808 "-" "Python-urllib/3.11"
77.79.248.229 - - [05/Mar/2025:22:58:05 +0100] "GET /Jurek/szpaklampy/feeds/szpaklampy_manoDE.xml HTTP/1.1" 200 388238 "-" "Python-urllib/3.11"
77.79.248.229 - - [05/Mar/2025:22:58:05 +0100] "GET /Jurek/fernity/feeds/fernity_manomano.xml HTTP/1.1" 200 5224228 "-" "Python-urllib/3.11"
77.79.248.229 - - [05/Mar/2025:22:58:05 +0100] "GET /Jurek/eurofirany/feeds/eurofirany_manomanofr.xml HTTP/1.1" 200 18887849 "-" "Python-urllib/3.11"
66.211.183.71 - - [05/Mar/2025:22:58:06 +0100] "GET /Jurek/eurofirany/images/383326/0.jpg HTTP/1.1" 200 93037 "-" "scalaj-http/2.4.2"
77.79.248.229 - - [05/Mar/2025:22:58:06 +0100] "GET /Jurek/hurtownia_przemyslowa/feeds/hp_manomanofr.xml HTTP/1.1" 200 49553797 "-" "Python-urllib/3.11"
77.79.248.229 - - [05/Mar/2025:22:58:07 +0100] "GET /Jurek/kinghome/feeds/kinghome_manomanofr.xml HTTP/1.1" 200 5785089 "-" "Python-urllib/3.11"
77.79.248.229 - - [05/Mar/2025:22:58:07 +0100] "GET /Jurek/topeshop/feeds/topeshop_manoFR.xml HTTP/1.1" 200 2450507 "-" "Python-urllib/3.11"
77.79.248.229 - - [05/Mar/2025:22:58:07 +0100] "GET /Jurek/activeshop/feeds/activeshop_manomanofr.xml HTTP/1.1" 200 10458453 "-" "Python-urllib/3.11"
77.79.248.229 - - [05/Mar/2025:22:58:08 +0100] "GET /Jurek/aw/feeds/awnarzedzia_manomanofr.xml HTTP/1.1" 200 90378318 "-" "Python-urllib/3.11"
77.79.248.229 - - [05/Mar/2025:22:58:09 +0100] "GET /Jurek/bass_new/feeds/bass_manofr.xml HTTP/1.1" 200 7040931 "-" "Python-urllib/3.11"
77.79.248.229 - - [05/Mar/2025:22:58:09 +0100] "GET /Jurek/stema/feeds/stema_manofr.xml HTTP/1.1" 200 838575 "-" "Python-urllib/3.11"
77.79.248.229 - - [05/Mar/2025:22:58:10 +0100] "GET /Jurek/aiofactory/feeds/aiofactory_manomanoFR.xml HTTP/1.1" 200 2123796 "-" "Python-urllib/3.11"
77.79.248.229 - - [05/Mar/2025:22:58:10 +0100] "GET /Jurek/hurtmeblowy/feeds/hurtmeblowy_ManoFR.xml HTTP/1.1" 200 8023331 "-" "Python-urllib/3.11"
77.79.248.229 - - [05/Mar/2025:22:58:10 +0100] "GET /Jurek/szpaklampy/feeds/szpaklampy_manoFR.xml HTTP/1.1" 200 388247 "-" "Python-urllib/3.11"
77.79.248.229 - - [05/Mar/2025:22:58:10 +0100] "GET /Jurek/drops/feeds/dropsofficecolection_manoFR.xml HTTP/1.1" 200 790657 "-" "Python-urllib/3.11"
77.79.248.229 - - [05/Mar/2025:22:58:11 +0100] "GET /Jurek/hurtownia_przemyslowa/feeds/hp_manomanoit.xml HTTP/1.1" 200 49554076 "-" "Python-urllib/3.11"
77.79.248.229 - - [05/Mar/2025:22:58:11 +0100] "GET /Jurek/eurofirany/feeds/eurofirany_manomanoit.xml HTTP/1.1" 200 18887996 "-" "Python-urllib/3.11"
77.79.248.229 - - [05/Mar/2025:22:58:12 +0100] "GET /Jurek/fernity/feeds/fernity_manoIT.xml HTTP/1.1" 200 5224875 "-" "Python-urllib/3.11"
77.79.248.229 - - [05/Mar/2025:22:58:12 +0100] "GET /Jurek/topeshop/feeds/topeshop_manoIT.xml HTTP/1.1" 200 2450467 "-" "Python-urllib/3.11"
66.211.183.70 - - [05/Mar/2025:22:58:12 +0100] "GET /Jurek/eurofirany/images/438608/0.jpg HTTP/1.1" 200 167089 "-" "scalaj-http/2.4.2"
77.79.248.229 - - [05/Mar/2025:22:58:13 +0100] "GET /Jurek/action/feeds/action_manomano_IT.xml HTTP/1.1" 200 56342140 "-" "Python-urllib/3.11"
77.79.248.229 - - [05/Mar/2025:22:58:13 +0100] "GET /Jurek/activeshop/feeds/activeshop_manomanoit.xml HTTP/1.1" 200 10458590 "-" "Python-urllib/3.11"
77.79.248.229 - - [05/Mar/2025:22:58:14 +0100] "GET /Jurek/aw/feeds/awnarzedzia_manomanoIT.xml HTTP/1.1" 200 90380100 "-" "Python-urllib/3.11"
77.79.248.229 - - [05/Mar/2025:22:58:14 +0100] "GET /Jurek/barbecook/feeds/barbecook_manoit.xml HTTP/1.1" 200 87531 "-" "Python-urllib/3.11"
77.79.248.229 - - [05/Mar/2025:22:58:15 +0100] "GET /Jurek/drewdon/feeds/drewdon_manomanoIT.xml HTTP/1.1" 200 504460 "-" "Python-urllib/3.11"
77.79.248.229 - - [05/Mar/2025:22:58:15 +0100] "GET /Jurek/kobi/feeds/kobi_manomanoIT.xml HTTP/1.1" 200 1993312 "-" "Python-urllib/3.11"
77.79.248.229 - - [05/Mar/2025:22:58:15 +0100] "GET /Jurek/pupus/feeds/pupus_manomanoIT.xml HTTP/1.1" 200 6154675 "-" "Python-urllib/3.11"
77.79.248.229 - - [05/Mar/2025:22:58:15 +0100] "GET /Jurek/reman/feeds/reman_manoamnoIT.xml HTTP/1.1" 200 1394830 "-" "Python-urllib/3.11"
77.79.248.229 - - [05/Mar/2025:22:58:15 +0100] "GET /Jurek/artdog/feeds/artdog_manomanoIT.xml HTTP/1.1" 200 16921714 "-" "Python-urllib/3.11"
77.79.248.229 - - [05/Mar/2025:22:58:15 +0100] "GET /Jurek/sartrix/feeds/sartrix_manomanoIT.xml HTTP/1.1" 200 649171 "-" "Python-urllib/3.11"
77.79.248.229 - - [05/Mar/2025:22:58:15 +0100] "GET /Jurek/hlo/feeds/hlo_manomanoIT.xml HTTP/1.1" 200 4838837 "-" "Python-urllib/3.11"
77.79.248.229 - - [05/Mar/2025:22:58:16 +0100] "GET /Jurek/drewdon/feeds/drewdon_manomanoES.xml HTTP/1.1" 200 504461 "-" "Python-urllib/3.11"
77.79.248.229 - - [05/Mar/2025:22:58:16 +0100] "GET /Jurek/hurtownia_przemyslowa/feeds/hp_manomanoES.xml HTTP/1.1" 200 49554298 "-" "Python-urllib/3.11"
77.79.248.229 - - [05/Mar/2025:22:58:17 +0100] "GET /Jurek/kobi/feeds/kobi_manomanoES.xml HTTP/1.1" 200 1993279 "-" "Python-urllib/3.11"
77.79.248.229 - - [05/Mar/2025:22:58:17 +0100] "GET /Jurek/pupus/feeds/pupus_manomanoES.xml HTTP/1.1" 200 6154421 "-" "Python-urllib/3.11"
77.79.248.229 - - [05/Mar/2025:22:58:17 +0100] "GET /Jurek/reman/feeds/reman_manoamnoES.xml HTTP/1.1" 200 1394828 "-" "Python-urllib/3.11"
77.79.248.229 - - [05/Mar/2025:22:58:18 +0100] "GET /Jurek/artdog/feeds/artdog_manomanoES.xml HTTP/1.1" 200 16922117 "-" "Python-urllib/3.11"
77.79.248.229 - - [05/Mar/2025:22:58:18 +0100] "GET /Jurek/sartrix/feeds/sartrix_manomanoES.xml HTTP/1.1" 200 649178 "-" "Python-urllib/3.11"
77.79.248.229 - - [05/Mar/2025:22:58:18 +0100] "GET /Jurek/hlo/feeds/hlo_manomanoES.xml HTTP/1.1" 200 4838838 "-" "Python-urllib/3.11"
89.161.206.59 - - [05/Mar/2025:22:58:18 +0100] "GET /Jurek/narzbud/feeds/narzbud_emagro.xml HTTP/1.0" 200 1958508 "-" "-"
89.161.206.59 - - [05/Mar/2025:22:58:18 +0100] "GET /Jurek/drops/feeds/dropsofficecolection_emagro.xml HTTP/1.0" 200 790716 "-" "-"
77.79.248.229 - - [05/Mar/2025:22:58:18 +0100] "GET /Jurek/drops/feeds/dropsofficecolection_manoES.xml HTTP/1.1" 200 790580 "-" "Python-urllib/3.11"
89.161.206.59 - - [05/Mar/2025:22:58:18 +0100] "GET /Jurek/szpaklampy/feeds/szpaklampy_emagro.xml HTTP/1.0" 200 388383 "-" "-"
77.79.248.229 - - [05/Mar/2025:22:58:18 +0100] "GET /Jurek/szpaklampy/feeds/szpaklampy_manoES.xml HTTP/1.1" 200 388234 "-" "Python-urllib/3.11"
77.79.248.229 - - [05/Mar/2025:22:58:18 +0100] "GET /Jurek/hurtmeblowy/feeds/hurtmeblowy_ManoES.xml HTTP/1.1" 200 8023326 "-" "Python-urllib/3.11"
89.161.206.59 - - [05/Mar/2025:22:58:18 +0100] "GET /Jurek/spali/feeds/spali_emagro.xml HTTP/1.0" 200 77069 "-" "-"
77.79.248.229 - - [05/Mar/2025:22:58:19 +0100] "GET /Jurek/aiofactory/feeds/aiofactory_manomanoES.xml HTTP/1.1" 200 2123797 "-" "Python-urllib/3.11"
89.161.206.59 - - [05/Mar/2025:22:58:19 +0100] "GET /Jurek/swiatecznygoliat/feeds/swiatecznygoliat_emagro.xml HTTP/1.0" 200 7054981 "-" "-"
89.161.206.59 - - [05/Mar/2025:22:58:19 +0100] "GET /Jurek/b3/feeds/b3_emagro.xml HTTP/1.0" 200 7418216 "-" "-"
89.161.206.59 - - [05/Mar/2025:22:58:19 +0100] "GET /Jurek/combine/feeds/combine_EMAGRO.xml HTTP/1.0" 200 210574 "-" "-"
89.161.206.59 - - [05/Mar/2025:22:58:19 +0100] "GET /Jurek/velinda/feeds/velinda_emagro.xml HTTP/1.0" 200 23441 "-" "-"
89.161.206.59 - - [05/Mar/2025:22:58:19 +0100] "GET /Jurek/edruk/feeds/edruk_emagro.xml HTTP/1.0" 200 13635181 "-" "-"
89.161.206.59 - - [05/Mar/2025:22:58:19 +0100] "GET /Jurek/swiatecznygoliat/feeds/swiatecznygoliat_emagro.xml HTTP/1.0" 200 7054981 "-" "-"
89.161.206.59 - - [05/Mar/2025:22:58:19 +0100] "GET /Jurek/urwiskowo/feeds/urwiskowo_emagro.xml HTTP/1.0" 200 9116370 "-" "-"
89.161.206.59 - - [05/Mar/2025:22:58:20 +0100] "GET /Jurek/reman/feeds/reman_emagro.xml HTTP/1.0" 200 1394905 "-" "-"
89.161.206.59 - - [05/Mar/2025:22:58:20 +0100] "GET /Jurek/erohurtownia/feeds/erohurtownia_emagro.xml HTTP/1.0" 200 23314485 "-" "-"
46.101.116.244 - - [05/Mar/2025:22:58:21 +0100] "GET /Jurek/kinghoff/feeds/kinghoff_mallcz.xml HTTP/2.0" 200 15141199 "-" "-"
46.101.116.244 - - [05/Mar/2025:22:58:34 +0100] "GET /Jurek/kinghome/feeds/kinghome_mallcz.xml HTTP/2.0" 200 5770167 "-" "-"
66.211.183.71 - - [05/Mar/2025:22:58:38 +0100] "GET /Jurek/eurofirany/images/354682/0.jpg HTTP/1.1" 200 117588 "-" "scalaj-http/2.4.2"
46.101.116.244 - - [05/Mar/2025:22:58:45 +0100] "GET /Jurek/vivaldi/feeds/vivaldi_Mall-cz.xml HTTP/2.0" 200 344825 "-" "-"
46.101.116.244 - - [05/Mar/2025:22:58:56 +0100] "GET /Jurek/eurofirany/feeds/eurofirany_mall_cz_greatstore.xml HTTP/2.0" 200 18907722 "-" "-"
89.161.206.59 - - [05/Mar/2025:22:58:57 +0100] "GET /Jurek/najtanszysport/feeds/najtanszysport_skroutz.xml HTTP/1.0" 200 3983234 "-" "-"
66.211.183.74 - - [05/Mar/2025:22:58:58 +0100] "GET /Jurek/eurofirany/images/418631/0.jpg HTTP/1.1" 200 71025 "-" "scalaj-http/2.4.2"
89.161.206.59 - - [05/Mar/2025:22:59:06 +0100] "GET /Jurek/bass_new/feeds/bass_skroutz.xml HTTP/1.0" 200 7040917 "-" "-"
46.101.116.244 - - [05/Mar/2025:22:59:24 +0100] "GET /Jurek/vida_morele/feeds/vidaPL_greatcz_MD.xml HTTP/2.0" 200 690331643 "-" "-"
85.14.86.141 - - [05/Mar/2025:23:00:27 +0100] "GET /Jurek/vida_morele/feeds/VidaPL_all.xml HTTP/2.0" 200 690127110 "-" "MarketplaceAPI curl/7.64.0 PHP/8"
52.17.80.36 - - [05/Mar/2025:23:00:33 +0100] "GET /marketplaces/ubaldi/results/ubaldi.csv HTTP/1.1" 200 147219 "-" "Mirakl HttpClient"
216.244.66.228 - - [05/Mar/2025:23:00:40 +0100] "GET /robots.txt HTTP/1.1" 403 146 "-" "Mozilla/5.0 (compatible; DotBot/1.2; +https://opensiteexplorer.org/dotbot; help@moz.com)"
46.101.116.244 - - [05/Mar/2025:23:01:06 +0100] "GET /Jurek/aw/feeds/aw_fnacfr.xml HTTP/1.0" 404 3551 "-" "-"
66.249.69.170 - - [05/Mar/2025:23:01:25 +0100] "GET /Jurek/topeshop/downloaded_images/5904507206154_2.jpg HTTP/1.1" 404 3551 "-" "Googlebot-Image/1.0"
46.101.116.244 - - [05/Mar/2025:23:01:27 +0100] "GET /Filip/feeds/xlsx_ceneo.xml HTTP/1.0" 200 6241376 "-" "-"
66.211.183.73 - - [05/Mar/2025:23:01:35 +0100] "GET /Jurek/eurofirany/images/389602/0.jpg HTTP/1.1" 200 149156 "-" "scalaj-http/2.4.2"
52.209.168.113 - - [05/Mar/2025:23:01:53 +0100] "GET /marketplaces/rue/results/rue.csv HTTP/1.1" 200 147219 "-" "Mirakl HttpClient"
85.14.86.141 - - [05/Mar/2025:23:02:22 +0100] "GET /Jurek/kinghoff/feeds/kinghoff_morele.xml HTTP/2.0" 200 15138580 "-" "MarketplaceAPI curl/7.64.0 PHP/8"
178.21.154.6 - - [05/Mar/2025:23:02:26 +0100] "GET /Jurek/eurofirany/images/428481/0.jpg HTTP/1.1" 200 67463 "-" "-"
66.211.183.71 - - [05/Mar/2025:23:02:40 +0100] "GET /Jurek/eurofirany/images/404579/0.jpg HTTP/1.1" 200 80075 "-" "scalaj-http/2.4.2"
46.101.116.244 - - [05/Mar/2025:23:02:57 +0100] "GET /Jurek/octopia/feeds/octopia_mallcz.xml HTTP/2.0" 200 10547156 "-" "-"
66.211.183.72 - - [05/Mar/2025:23:02:58 +0100] "GET /Jurek/eurofirany/images/392253/0.jpg HTTP/1.1" 200 31763 "-" "scalaj-http/2.4.2"
66.211.183.73 - - [05/Mar/2025:23:03:09 +0100] "GET /Jurek/eurofirany/images/389913/0.jpg HTTP/1.1" 200 178318 "-" "scalaj-http/2.4.2"
66.211.183.73 - - [05/Mar/2025:23:03:10 +0100] "GET /Jurek/eurofirany/images/423692/0.jpg HTTP/1.1" 200 70608 "-" "scalaj-http/2.4.2"
46.101.116.244 - - [05/Mar/2025:23:03:23 +0100] "GET /Jurek/flhf/feeds/flhf_mallcz.xml HTTP/2.0" 404 3551 "-" "-"
46.101.116.244 - - [05/Mar/2025:23:03:23 +0100] "GET /Jurek/kinghoff/feeds/kinghoff_allegro.xml HTTP/1.0" 200 15139504 "-" "-"
89.161.206.59 - - [05/Mar/2025:23:03:25 +0100] "GET /Jurek/artdog/feeds/artdog_allegro.xml HTTP/1.0" 200 16925555 "-" "-"
66.211.183.73 - - [05/Mar/2025:23:03:38 +0100] "GET /Jurek/eurofirany/images/402860/0.jpg HTTP/1.1" 200 74920 "-" "scalaj-http/2.4.2"
46.101.116.244 - - [05/Mar/2025:23:03:46 +0100] "GET /Jurek/livinhill/feeds/livinhill_mallcz.xml HTTP/2.0" 200 1428472 "-" "-"
85.14.86.141 - - [05/Mar/2025:23:03:53 +0100] "GET /Jurek/eurofirany/feeds/eurofirany_morele.xml HTTP/2.0" 200 18889611 "-" "MarketplaceAPI curl/7.64.0 PHP/8"
46.101.116.244 - - [05/Mar/2025:23:04:04 +0100] "GET /Jurek/vidaCZ/feeds/vida_mallcz.xml HTTP/2.0" 200 653777041 "-" "-"
89.161.206.59 - - [05/Mar/2025:23:04:15 +0100] "GET /Jurek/eurofirany/feeds/eurofirany_amazonIT.xml HTTP/1.0" 200 18888268 "-" "-"
85.14.86.141 - - [05/Mar/2025:23:04:17 +0100] "GET /Jurek/vivaldi/feeds/vivaldi_Morele-PL.xml HTTP/2.0" 200 344674 "-" "MarketplaceAPI curl/7.64.0 PHP/8"
89.161.206.59 - - [05/Mar/2025:23:04:17 +0100] "GET /Jurek/eurofirany/feeds/eurofirany_amazaon_de.xml HTTP/1.0" 200 18887817 "-" "-"
89.161.206.59 - - [05/Mar/2025:23:04:20 +0100] "GET /Jurek/eurofirany/feeds/eurofirany_amazonNL.xml HTTP/1.0" 200 18887933 "-" "-"
89.161.206.59 - - [05/Mar/2025:23:04:23 +0100] "GET /Jurek/eurofirany/feeds/eurofirany_amazonBE.xml HTTP/1.0" 200 18888025 "-" "-"
89.161.206.59 - - [05/Mar/2025:23:04:25 +0100] "GET /Jurek/eurofirany/feeds/eurofirany_amazonFR.xml HTTP/1.0" 200 18887967 "-" "-"
89.161.206.59 - - [05/Mar/2025:23:04:28 +0100] "GET /Jurek/eurofirany/feeds/eurofirany_amazonES.xml HTTP/1.0" 200 18888025 "-" "-"
89.161.206.59 - - [05/Mar/2025:23:04:31 +0100] "GET /Jurek/eurofirany/feeds/eurofirany_amazonSE.xml HTTP/1.0" 200 18905399 "-" "-"
89.161.206.59 - - [05/Mar/2025:23:04:40 +0100] "GET /Jurek/benetech/feeds/benetech_amazonnl.xml HTTP/1.0" 200 4165306 "-" "-"
89.161.206.59 - - [05/Mar/2025:23:04:40 +0100] "GET /Jurek/benetech/feeds/benetech_amazones.xml HTTP/1.0" 200 4165322 "-" "-"
89.161.206.59 - - [05/Mar/2025:23:04:41 +0100] "GET /Jurek/benetech/feeds/benetech_amazonit.xml HTTP/1.0" 200 4165330 "-" "-"
89.161.206.59 - - [05/Mar/2025:23:04:44 +0100] "GET /Jurek/kobi/feeds/kobi_amazones.xml HTTP/1.0" 200 677243 "-" "-"
89.161.206.59 - - [05/Mar/2025:23:04:44 +0100] "GET /Jurek/kobi/feeds/kobi_amazonfr.xml HTTP/1.0" 200 677233 "-" "-"
66.211.183.73 - - [05/Mar/2025:23:05:07 +0100] "GET /Jurek/eurofirany/images/423655/0.jpg HTTP/1.1" 200 68504 "-" "scalaj-http/2.4.2"
85.14.86.141 - - [05/Mar/2025:23:05:22 +0100] "GET /Jurek/aw/feeds/awnarzedzia_morele.xml HTTP/2.0" 200 90390252 "-" "MarketplaceAPI curl/7.64.0 PHP/8"
66.211.183.70 - - [05/Mar/2025:23:05:28 +0100] "GET /Jurek/eurofirany/images/438728/0.jpg HTTP/1.1" 200 101507 "-" "scalaj-http/2.4.2"
85.14.86.141 - - [05/Mar/2025:23:05:30 +0100] "GET /Jurek/vida_morele/feeds/VidaPL_morele.xml HTTP/2.0" 200 690127736 "-" "MarketplaceAPI curl/7.64.0 PHP/8"
66.211.183.70 - - [05/Mar/2025:23:05:31 +0100] "GET /Jurek/eurofirany/images/390444/0.jpg HTTP/1.1" 200 144267 "-" "scalaj-http/2.4.2"
66.211.183.72 - - [05/Mar/2025:23:05:41 +0100] "GET /Jurek/eurofirany/images/409416/0.jpg HTTP/1.1" 200 22943 "-" "scalaj-http/2.4.2"
178.21.154.6 - - [05/Mar/2025:23:05:50 +0100] "GET /Jurek/eurofirany/images/453881/0.jpg HTTP/1.1" 200 83927 "-" "-"
66.211.183.71 - - [05/Mar/2025:23:06:01 +0100] "GET /Jurek/eurofirany/images/372976/0.jpg HTTP/1.1" 200 69040 "-" "scalaj-http/2.4.2"
46.101.116.244 - - [05/Mar/2025:23:06:04 +0100] "GET /Jurek/aw/feeds/aw_fnacfr.xml HTTP/1.0" 404 3551 "-" "-"
85.14.86.141 - - [05/Mar/2025:23:06:07 +0100] "GET /Jurek/beliani/feeds/beliani_morele.xml HTTP/2.0" 200 26365533 "-" "MarketplaceAPI curl/7.64.0 PHP/8"
66.211.183.72 - - [05/Mar/2025:23:06:07 +0100] "GET /Jurek/eurofirany/images/389915/0.jpg HTTP/1.1" 200 185758 "-" "scalaj-http/2.4.2"
66.211.183.70 - - [05/Mar/2025:23:06:15 +0100] "GET /Jurek/eurofirany/images/408370/0.jpg HTTP/1.1" 200 142167 "-" "scalaj-http/2.4.2"
46.101.116.244 - - [05/Mar/2025:23:06:27 +0100] "GET /Filip/feeds/xlsx_ceneo.xml HTTP/1.0" 200 6241376 "-" "-"
66.211.183.74 - - [05/Mar/2025:23:06:45 +0100] "GET /Jurek/eurofirany/images/383389/0.jpg HTTP/1.1" 200 77096 "-" "scalaj-http/2.4.2"
66.211.183.72 - - [05/Mar/2025:23:06:53 +0100] "GET /Jurek/eurofirany/images/383061/0.jpg HTTP/1.1" 200 77181 "-" "scalaj-http/2.4.2"
66.211.183.74 - - [05/Mar/2025:23:07:01 +0100] "GET /Jurek/eurofirany/images/383096/0.jpg HTTP/1.1" 200 80797 "-" "scalaj-http/2.4.2"
66.211.183.72 - - [05/Mar/2025:23:07:08 +0100] "GET /Jurek/eurofirany/images/372659/0.jpg HTTP/1.1" 200 69040 "-" "scalaj-http/2.4.2"
66.211.183.73 - - [05/Mar/2025:23:07:10 +0100] "GET /Jurek/eurofirany/images/383347/0.jpg HTTP/1.1" 200 66982 "-" "scalaj-http/2.4.2"
66.249.69.170 - - [05/Mar/2025:23:07:33 +0100] "GET /Jurek/eurofirany/images/389997/7.jpg HTTP/1.1" 200 6595 "-" "Googlebot-Image/1.0"
66.211.183.71 - - [05/Mar/2025:23:07:36 +0100] "GET /Jurek/eurofirany/images/387530/0.jpg HTTP/1.1" 200 94161 "-" "scalaj-http/2.4.2"
66.211.183.73 - - [05/Mar/2025:23:07:42 +0100] "GET /Jurek/eurofirany/images/398821/0.jpg HTTP/1.1" 200 28870 "-" "scalaj-http/2.4.2"
66.211.183.70 - - [05/Mar/2025:23:08:41 +0100] "GET /Jurek/topeshop/downloaded_images/5902838461129_1_Sonoma_mix.png HTTP/1.1" 404 3551 "-" "scalaj-http/2.4.2"
66.211.183.74 - - [05/Mar/2025:23:08:45 +0100] "GET /Jurek/eurofirany/images/392135/0.jpg HTTP/1.1" 200 31921 "-" "scalaj-http/2.4.2"
66.211.183.72 - - [05/Mar/2025:23:08:56 +0100] "GET /Jurek/eurofirany/images/372982/0.jpg HTTP/1.1" 200 63261 "-" "scalaj-http/2.4.2"
66.211.183.71 - - [05/Mar/2025:23:09:16 +0100] "GET /Jurek/eurofirany/images/390124/0.jpg HTTP/1.1" 200 173904 "-" "scalaj-http/2.4.2"
66.211.183.71 - - [05/Mar/2025:23:09:42 +0100] "GET /Jurek/eurofirany/images/372660/0.jpg HTTP/1.1" 200 69040 "-" "scalaj-http/2.4.2"
66.211.183.73 - - [05/Mar/2025:23:10:49 +0100] "GET /Jurek/eurofirany/images/383556/0.jpg HTTP/1.1" 200 75275 "-" "scalaj-http/2.4.2"
46.101.116.244 - - [05/Mar/2025:23:11:03 +0100] "GET /Jurek/aw/feeds/aw_fnacfr.xml HTTP/1.0" 404 3551 "-" "-"
46.101.116.244 - - [05/Mar/2025:23:11:23 +0100] "GET /Filip/feeds/xlsx_ceneo.xml HTTP/1.0" 200 6241376 "-" "-"
66.211.183.70 - - [05/Mar/2025:23:12:44 +0100] "GET /Jurek/eurofirany/images/389237/0.jpg HTTP/1.1" 200 149159 "-" "scalaj-http/2.4.2"
66.249.69.170 - - [05/Mar/2025:23:12:45 +0100] "GET /Jurek/eurofirany/images/410614/7.jpg HTTP/1.1" 200 110934 "-" "Googlebot-Image/1.0"
66.211.183.73 - - [05/Mar/2025:23:12:45 +0100] "GET /Jurek/eurofirany/images/419256/0.jpg HTTP/1.1" 200 95698 "-" "scalaj-http/2.4.2"
66.249.69.170 - - [05/Mar/2025:23:12:50 +0100] "GET /Jurek/eurofirany/images/410614/6.jpg HTTP/1.1" 200 6595 "-" "Googlebot-Image/1.0"
66.211.183.71 - - [05/Mar/2025:23:12:53 +0100] "GET /Jurek/eurofirany/images/422755/0.jpg HTTP/1.1" 200 97429 "-" "scalaj-http/2.4.2"
5.134.208.158 - - [05/Mar/2025:23:13:07 +0100] "GET /Jurek/eurofirany/images/407894/0.jpg HTTP/1.1" 200 598372 "-" "-"
5.134.208.158 - - [05/Mar/2025:23:13:07 +0100] "GET /Jurek/eurofirany/images/407894/0.jpg HTTP/1.1" 200 598372 "-" "-"
66.211.183.72 - - [05/Mar/2025:23:13:38 +0100] "GET /Jurek/eurofirany/images/390196/0.jpg HTTP/1.1" 200 162081 "-" "scalaj-http/2.4.2"
66.211.183.71 - - [05/Mar/2025:23:13:52 +0100] "GET /Jurek/eurofirany/images/390107/0.jpg HTTP/1.1" 200 176309 "-" "scalaj-http/2.4.2"
66.211.183.74 - - [05/Mar/2025:23:14:01 +0100] "GET /Jurek/eurofirany/images/390326/0.jpg HTTP/1.1" 200 136029 "-" "scalaj-http/2.4.2"
66.211.183.71 - - [05/Mar/2025:23:14:41 +0100] "GET /Jurek/eurofirany/images/408876/0.jpg HTTP/1.1" 200 81276 "-" "scalaj-http/2.4.2"
66.135.202.75 - - [05/Mar/2025:23:14:52 +0100] "GET /Jurek/topeshop/downloaded_images/5904507201364_St_decor_0003.jpg HTTP/1.1" 200 71711 "-" "Java/17.0.13.0.101"
66.211.183.73 - - [05/Mar/2025:23:15:57 +0100] "GET /Jurek/eurofirany/images/390429/0.jpg HTTP/1.1" 200 97224 "-" "scalaj-http/2.4.2"
66.249.69.170 - - [05/Mar/2025:23:16:16 +0100] "GET /Jurek/eurofirany/images/390041/3.jpg HTTP/1.1" 200 215948 "-" "Googlebot-Image/1.0"
66.211.183.72 - - [05/Mar/2025:23:16:19 +0100] "GET /Jurek/eurofirany/images/383265/0.jpg HTTP/1.1" 200 81569 "-" "scalaj-http/2.4.2"
66.249.69.170 - - [05/Mar/2025:23:16:20 +0100] "GET /Jurek/eurofirany/images/390041/1.jpg HTTP/1.1" 200 143968 "-" "Googlebot-Image/1.0"
66.249.69.170 - - [05/Mar/2025:23:16:22 +0100] "GET /Jurek/eurofirany/images/390041/5.jpg HTTP/1.1" 200 171537 "-" "Googlebot-Image/1.0"
46.101.116.244 - - [05/Mar/2025:23:16:24 +0100] "GET /Jurek/aw/feeds/aw_fnacfr.xml HTTP/1.0" 404 3551 "-" "-"
46.101.116.244 - - [05/Mar/2025:23:16:30 +0100] "GET /Jurek/hurtownia_przemyslowa/feeds/hp_fnacfr.xml HTTP/1.0" 200 49553376 "-" "-"
66.211.183.71 - - [05/Mar/2025:23:16:36 +0100] "GET /Jurek/eurofirany/images/403504/0.jpg HTTP/1.1" 200 34762 "-" "scalaj-http/2.4.2"
89.161.206.59 - - [05/Mar/2025:23:16:42 +0100] "GET /Jurek/drewdon/feeds/drewdon_piguEX.xml HTTP/1.0" 200 504452 "-" "-"
46.101.116.244 - - [05/Mar/2025:23:16:46 +0100] "GET /Jurek/hurtownia_przemyslowa/feeds/hp_bol.xml HTTP/1.0" 200 49553650 "-" "-"
46.101.116.244 - - [05/Mar/2025:23:16:52 +0100] "GET /Jurek/kinghoff/feeds/kinghoff_bol.xml HTTP/1.0" 200 15137775 "-" "-"
89.161.206.59 - - [05/Mar/2025:23:16:55 +0100] "GET /Jurek/zenga/feeds/zenga_emagro.xml HTTP/1.0" 200 222866 "-" "-"
66.211.183.71 - - [05/Mar/2025:23:17:05 +0100] "GET /Jurek/eurofirany/images/402739/0.jpg HTTP/1.1" 200 61600 "-" "scalaj-http/2.4.2"
89.161.206.59 - - [05/Mar/2025:23:17:12 +0100] "GET /Jurek/sempler/feeds/sempler_BOL.xml HTTP/1.0" 200 6787887 "-" "-"
89.161.206.59 - - [05/Mar/2025:23:17:13 +0100] "GET /Jurek/eroplace/feeds/eroplace_bol.xml HTTP/1.0" 200 31322051 "-" "-"
89.161.206.59 - - [05/Mar/2025:23:17:15 +0100] "GET /Jurek/waks/feeds/waks_bol.xml HTTP/1.0" 200 1592536 "-" "-"
89.161.206.59 - - [05/Mar/2025:23:17:15 +0100] "GET /Jurek/benetech/feeds/benetech_bol.xml HTTP/1.0" 200 4165327 "-" "-"
89.161.206.59 - - [05/Mar/2025:23:17:20 +0100] "GET /Jurek/oromed/feeds/oromed_BOL.xml HTTP/1.0" 200 1023401 "-" "-"
89.161.206.59 - - [05/Mar/2025:23:17:20 +0100] "GET /Jurek/narzbud/feeds/narzbud_bol.xml HTTP/1.0" 200 1958323 "-" "-"
89.161.206.59 - - [05/Mar/2025:23:17:21 +0100] "GET /Jurek/artdog/feeds/artdog_bol.xml HTTP/1.0" 200 16922212 "-" "-"
89.161.206.59 - - [05/Mar/2025:23:17:22 +0100] "GET /Jurek/ekuchcikowo/feeds/ekuchcikowo_bol.xml HTTP/1.0" 200 13460332 "-" "-"
89.161.206.59 - - [05/Mar/2025:23:17:23 +0100] "GET /Jurek/ekolight/feeds/ekolight_bol.xml HTTP/1.0" 200 9051560 "-" "-"
89.161.206.59 - - [05/Mar/2025:23:17:23 +0100] "GET /Jurek/livinhill/feeds/livinhill_bol.xml HTTP/1.0" 200 1427763 "-" "-"
89.161.206.59 - - [05/Mar/2025:23:17:25 +0100] "GET /Jurek/galopi/feeds/galopi_bol.xml HTTP/1.0" 200 2111066 "-" "-"
89.161.206.59 - - [05/Mar/2025:23:17:25 +0100] "GET /Jurek/erohurtownia/feeds/erohurtownia_bol.xml HTTP/1.0" 200 23304603 "-" "-"
89.161.206.59 - - [05/Mar/2025:23:17:27 +0100] "GET /Jurek/urwiskowo/feeds/urwiskowo_bol.xml HTTP/1.0" 200 9115018 "-" "-"
89.161.206.59 - - [05/Mar/2025:23:17:27 +0100] "GET /Jurek/combine/feeds/combine_bol.xml HTTP/1.0" 200 210556 "-" "-"
89.161.206.59 - - [05/Mar/2025:23:17:27 +0100] "GET /Jurek/eurofryz2/feeds/eurofryz2_bol.xml HTTP/1.0" 200 1376557 "-" "-"
89.161.206.59 - - [05/Mar/2025:23:17:28 +0100] "GET /Jurek/spali/feeds/spali_bol.xml HTTP/1.0" 200 77054 "-" "-"
89.161.206.59 - - [05/Mar/2025:23:17:29 +0100] "GET /Jurek/eurofryz3/feeds/eurofryz3_bol.xml HTTP/1.0" 200 172220 "-" "-"
89.161.206.59 - - [05/Mar/2025:23:17:32 +0100] "GET /Jurek/bass_new/feeds/bass_bol.xml HTTP/1.0" 200 7040901 "-" "-"
89.161.206.59 - - [05/Mar/2025:23:17:33 +0100] "GET /Jurek/aiofactory/feeds/aiofactory_bol.xml HTTP/1.0" 200 2123799 "-" "-"
89.161.206.59 - - [05/Mar/2025:23:17:37 +0100] "GET /Jurek/hurtmeblowy/feeds/hurtmeblowy_bol.xml HTTP/1.0" 200 8023224 "-" "-"
89.161.206.59 - - [05/Mar/2025:23:17:37 +0100] "GET /Jurek/rider/feeds/rider_bol.xml HTTP/1.0" 200 8165072 "-" "-"
89.161.206.59 - - [05/Mar/2025:23:17:38 +0100] "GET /Jurek/eldar/feeds/eldar_bol.xml HTTP/1.0" 200 7329553 "-" "-"
89.161.206.59 - - [05/Mar/2025:23:17:39 +0100] "GET /Jurek/primohurt/feeds/primohurt_bol.xml HTTP/1.0" 200 17186793 "-" "-"
89.161.206.59 - - [05/Mar/2025:23:17:40 +0100] "GET /Jurek/najtanszysport/feeds/najtanszysport_bol.xml HTTP/1.0" 200 3982899 "-" "-"
89.161.206.59 - - [05/Mar/2025:23:17:41 +0100] "GET /Jurek/motofan/feeds/motofan_bol.xml HTTP/1.0" 200 2391951 "-" "-"
89.161.206.59 - - [05/Mar/2025:23:17:41 +0100] "GET /Jurek/topeshop/feeds/topeshop_bol.xml HTTP/1.0" 200 2450468 "-" "-"
89.161.206.59 - - [05/Mar/2025:23:17:43 +0100] "GET /Jurek/eurofirany/feeds/eurofirany_bol.xml HTTP/1.0" 200 18888142 "-" "-"
46.101.116.244 - - [05/Mar/2025:23:17:49 +0100] "GET /Filip/feeds/xlsx_ceneo.xml HTTP/1.0" 200 6241376 "-" "-"
46.101.116.244 - - [05/Mar/2025:23:17:52 +0100] "GET /Jurek/rovicky/feeds/rovicky_zalando.xml HTTP/1.0" 200 14411100 "-" "-"
66.211.183.72 - - [05/Mar/2025:23:17:55 +0100] "GET /Jurek/eurofirany/images/383096/0.jpg HTTP/1.1" 200 80797 "-" "scalaj-http/2.4.2"
66.211.183.74 - - [05/Mar/2025:23:18:27 +0100] "GET /Jurek/eurofirany/images/390015/0.jpg HTTP/1.1" 200 207776 "-" "scalaj-http/2.4.2"
66.249.69.170 - - [05/Mar/2025:23:18:37 +0100] "GET /Jurek/eurofirany/images/389924/7.jpg HTTP/1.1" 200 6595 "-" "Googlebot-Image/1.0"
66.211.183.70 - - [05/Mar/2025:23:19:24 +0100] "GET /Jurek/eurofirany/images/372654/0.jpg HTTP/1.1" 200 66435 "-" "scalaj-http/2.4.2"
79.184.254.47 - - [05/Mar/2025:23:19:28 +0100] "GET /Jurek/elavia/feeds/elavia_zero.xml HTTP/2.0" 200 3720199 "https://konsola.dkkapusta1997.usermd.net/" "Mozilla/5.0 (Macintosh; Intel Mac OS X 10_15_7) AppleWebKit/537.36 (KHTML, like Gecko) Chrome/133.0.0.0 Safari/537.36"
79.184.254.47 - - [05/Mar/2025:23:19:32 +0100] "GET /favicon.ico HTTP/2.0" 404 3551 "https://dkkapusta1997.usermd.net/Jurek/elavia/feeds/elavia_zero.xml" "Mozilla/5.0 (Macintosh; Intel Mac OS X 10_15_7) AppleWebKit/537.36 (KHTML, like Gecko) Chrome/133.0.0.0 Safari/537.36"
66.249.69.170 - - [05/Mar/2025:23:19:37 +0100] "GET /Jurek/eurofirany/images/390197/1.jpg HTTP/1.1" 200 142948 "-" "Googlebot-Image/1.0"
66.249.69.170 - - [05/Mar/2025:23:19:38 +0100] "GET /Jurek/eurofirany/images/390197/3.jpg HTTP/1.1" 200 172779 "-" "Googlebot-Image/1.0"
66.211.183.74 - - [05/Mar/2025:23:19:38 +0100] "GET /Jurek/eurofirany/images/390177/0.jpg HTTP/1.1" 200 215707 "-" "scalaj-http/2.4.2"
66.249.69.170 - - [05/Mar/2025:23:19:45 +0100] "GET /Jurek/eurofirany/images/390197/4.jpg HTTP/1.1" 200 192878 "-" "Googlebot-Image/1.0"
66.211.183.73 - - [05/Mar/2025:23:19:45 +0100] "GET /Jurek/eurofirany/images/383864/0.jpg HTTP/1.1" 200 194659 "-" "scalaj-http/2.4.2"
79.184.254.47 - - [05/Mar/2025:23:19:56 +0100] "GET /Jurek/kristronik/feeds/kristronik_zero.xml HTTP/2.0" 200 7229639 "https://konsola.dkkapusta1997.usermd.net/" "Mozilla/5.0 (Macintosh; Intel Mac OS X 10_15_7) AppleWebKit/537.36 (KHTML, like Gecko) Chrome/133.0.0.0 Safari/537.36"
79.184.254.47 - - [05/Mar/2025:23:20:13 +0100] "GET /Jurek/nexus/feeds/nexus_cdon_dk.xml HTTP/2.0" 200 226735 "https://konsola.dkkapusta1997.usermd.net/" "Mozilla/5.0 (Macintosh; Intel Mac OS X 10_15_7) AppleWebKit/537.36 (KHTML, like Gecko) Chrome/133.0.0.0 Safari/537.36"
79.184.254.47 - - [05/Mar/2025:23:20:24 +0100] "GET /Jurek/oknobest/feeds/oknobest_zero.xml HTTP/2.0" 200 2708174 "https://konsola.dkkapusta1997.usermd.net/" "Mozilla/5.0 (Macintosh; Intel Mac OS X 10_15_7) AppleWebKit/537.36 (KHTML, like Gecko) Chrome/133.0.0.0 Safari/537.36"
66.211.183.70 - - [05/Mar/2025:23:20:27 +0100] "GET /Jurek/eurofirany/images/383469/0.jpg HTTP/1.1" 200 86852 "-" "scalaj-http/2.4.2"
79.184.254.47 - - [05/Mar/2025:23:20:43 +0100] "GET /Jurek/photho/feeds/photho_zero.xml HTTP/2.0" 200 85046 "https://konsola.dkkapusta1997.usermd.net/" "Mozilla/5.0 (Macintosh; Intel Mac OS X 10_15_7) AppleWebKit/537.36 (KHTML, like Gecko) Chrome/133.0.0.0 Safari/537.36"
79.184.254.47 - - [05/Mar/2025:23:20:53 +0100] "GET /Jurek/princelh/feeds/princelh_zero.xml HTTP/2.0" 200 132479 "https://konsola.dkkapusta1997.usermd.net/" "Mozilla/5.0 (Macintosh; Intel Mac OS X 10_15_7) AppleWebKit/537.36 (KHTML, like Gecko) Chrome/133.0.0.0 Safari/537.36"
66.211.183.70 - - [05/Mar/2025:23:20:55 +0100] "GET /Jurek/eurofirany/images/410614/0.jpg HTTP/1.1" 200 129328 "-" "scalaj-http/2.4.2"
66.211.183.74 - - [05/Mar/2025:23:20:59 +0100] "GET /Jurek/eurofirany/images/383862/0.jpg HTTP/1.1" 200 208615 "-" "scalaj-http/2.4.2"
79.184.254.47 - - [05/Mar/2025:23:21:01 +0100] "GET /Jurek/princelh/output.txt HTTP/2.0" 200 935 "https://konsola.dkkapusta1997.usermd.net/" "Mozilla/5.0 (Macintosh; Intel Mac OS X 10_15_7) AppleWebKit/537.36 (KHTML, like Gecko) Chrome/133.0.0.0 Safari/537.36"
46.101.116.244 - - [05/Mar/2025:23:21:03 +0100] "GET /Jurek/aw/feeds/aw_fnacfr.xml HTTP/1.0" 404 3551 "-" "-"
89.161.206.59 - - [05/Mar/2025:23:21:18 +0100] "GET /Jurek/eurofryz/feeds/eurofryz_bol.xml HTTP/1.0" 200 1381567 "-" "-"
66.211.183.71 - - [05/Mar/2025:23:21:21 +0100] "GET /Jurek/eurofirany/images/390402/0.jpg HTTP/1.1" 200 122464 "-" "scalaj-http/2.4.2"
46.101.116.244 - - [05/Mar/2025:23:21:22 +0100] "GET /Filip/feeds/xlsx_ceneo.xml HTTP/1.0" 200 6241376 "-" "-"
66.211.183.72 - - [05/Mar/2025:23:21:31 +0100] "GET /Jurek/eurofirany/images/372634/0.jpg HTTP/1.1" 200 60417 "-" "scalaj-http/2.4.2"
89.161.206.59 - - [05/Mar/2025:23:21:33 +0100] "GET /Jurek/kobi/feeds/kobi_amazonnl.xml HTTP/1.0" 200 677219 "-" "-"
89.161.206.59 - - [05/Mar/2025:23:21:33 +0100] "GET /Jurek/kobi/feeds/kobi_amazonse.xml HTTP/1.0" 200 677408 "-" "-"
89.161.206.59 - - [05/Mar/2025:23:21:33 +0100] "GET /Jurek/kobi/feeds/kobi_amazonbe.xml HTTP/1.0" 200 677216 "-" "-"
66.211.183.72 - - [05/Mar/2025:23:21:51 +0100] "GET /Jurek/eurofirany/images/389240/0.jpg HTTP/1.1" 200 159369 "-" "scalaj-http/2.4.2"
85.232.241.194 - - [05/Mar/2025:23:22:02 +0100] "GET /Jurek/action/feeds/action_ubaldi.xml HTTP/1.1" 200 56342174 "-" "Python-urllib/3.11"
66.211.183.72 - - [05/Mar/2025:23:22:03 +0100] "GET /Jurek/eurofirany/images/408345/0.jpg HTTP/1.1" 200 73373 "-" "scalaj-http/2.4.2"
66.211.183.70 - - [05/Mar/2025:23:22:04 +0100] "GET /Jurek/eurofirany/images/383336/0.jpg HTTP/1.1" 200 76845 "-" "scalaj-http/2.4.2"
85.232.241.194 - - [05/Mar/2025:23:22:08 +0100] "GET /Jurek/unimet/feeds/unimet_ubaldi.xml HTTP/1.1" 200 60212362 "-" "Python-urllib/3.11"
85.232.241.194 - - [05/Mar/2025:23:22:08 +0100] "GET /Jurek/hurtownia_przemyslowa/feeds/hp_ubaldi.xml HTTP/1.1" 200 49553549 "-" "Python-urllib/3.11"
85.232.241.194 - - [05/Mar/2025:23:22:08 +0100] "GET /Jurek/aw/feeds/aw_ubaldi.xml HTTP/1.1" 200 90383163 "-" "Python-urllib/3.11"
66.249.69.170 - - [05/Mar/2025:23:22:10 +0100] "GET /Jurek/topeshop/downloaded_images/5904507209858_RTV_slim_wymiary.jpg HTTP/1.1" 404 3551 "-" "Googlebot-Image/1.0"
85.232.241.194 - - [05/Mar/2025:23:22:12 +0100] "GET /Jurek/intsell/feeds/intsell_rue.xml HTTP/1.1" 200 338787210 "-" "Python-urllib/3.11"
85.232.241.194 - - [05/Mar/2025:23:22:12 +0100] "GET /Jurek/ekuchcikowo/feeds/ekuchcikowo_rue.xml HTTP/1.1" 200 13460512 "-" "Python-urllib/3.11"
85.232.241.194 - - [05/Mar/2025:23:22:12 +0100] "GET /Jurek/coppotech/feeds/coppotech_ubaldi.xml HTTP/1.1" 200 39330044 "-" "Python-urllib/3.11"
85.232.241.194 - - [05/Mar/2025:23:22:15 +0100] "GET /Jurek/naszedzieci/feeds/naszedzieci_ubaldi.xml HTTP/1.1" 200 833270744 "-" "Python-urllib/3.11"
66.249.69.170 - - [05/Mar/2025:23:22:16 +0100] "GET /Jurek/topeshop/downloaded_images/5904507209858_Image0002.jpg HTTP/1.1" 404 3551 "-" "Googlebot-Image/1.0"
79.184.254.47 - - [05/Mar/2025:23:22:17 +0100] "GET /Jurek/princelh/output.txt HTTP/2.0" 200 935 "https://konsola.dkkapusta1997.usermd.net/" "Mozilla/5.0 (Macintosh; Intel Mac OS X 10_15_7) AppleWebKit/537.36 (KHTML, like Gecko) Chrome/133.0.0.0 Safari/537.36"
66.249.69.170 - - [05/Mar/2025:23:22:20 +0100] "GET /Jurek/topeshop/downloaded_images/5904507209858_1234123(2).jpg HTTP/1.1" 404 3551 "-" "Googlebot-Image/1.0"
66.249.69.170 - - [05/Mar/2025:23:22:22 +0100] "GET /Jurek/eurofirany/images/389598/6.jpg HTTP/1.1" 200 150361 "-" "Googlebot-Image/1.0"
79.184.254.47 - - [05/Mar/2025:23:22:24 +0100] "GET /Jurek/princelh/feeds/princelh_zero.xml HTTP/2.0" 200 133422 "https://konsola.dkkapusta1997.usermd.net/" "Mozilla/5.0 (Macintosh; Intel Mac OS X 10_15_7) AppleWebKit/537.36 (KHTML, like Gecko) Chrome/133.0.0.0 Safari/537.36"
66.249.69.170 - - [05/Mar/2025:23:22:31 +0100] "GET /Jurek/eurofirany/images/389598/7.jpg HTTP/1.1" 200 6595 "-" "Googlebot-Image/1.0"
79.184.254.47 - - [05/Mar/2025:23:22:36 +0100] "GET /Jurek/proparts/feeds/proparts_zero.xml HTTP/2.0" 200 707552 "https://konsola.dkkapusta1997.usermd.net/" "Mozilla/5.0 (Macintosh; Intel Mac OS X 10_15_7) AppleWebKit/537.36 (KHTML, like Gecko) Chrome/133.0.0.0 Safari/537.36"
66.211.183.72 - - [05/Mar/2025:23:22:39 +0100] "GET /Jurek/eurofirany/images/389617/0.jpg HTTP/1.1" 200 149159 "-" "scalaj-http/2.4.2"
66.211.183.73 - - [05/Mar/2025:23:22:50 +0100] "GET /Jurek/eurofirany/images/382241/0.jpg HTTP/1.1" 200 100949 "-" "scalaj-http/2.4.2"
79.184.254.47 - - [05/Mar/2025:23:22:52 +0100] "GET /Jurek/sportprise/feeds/sportprise_zero.xml HTTP/2.0" 200 12726437 "https://konsola.dkkapusta1997.usermd.net/" "Mozilla/5.0 (Macintosh; Intel Mac OS X 10_15_7) AppleWebKit/537.36 (KHTML, like Gecko) Chrome/133.0.0.0 Safari/537.36"
66.211.183.74 - - [05/Mar/2025:23:23:02 +0100] "GET /Jurek/topeshop/downloaded_images/5904507207472_20st_mijas_prawy_niebieski.png HTTP/1.1" 200 245526 "-" "scalaj-http/2.4.2"
79.184.254.47 - - [05/Mar/2025:23:23:08 +0100] "GET /Jurek/techrebal/feeds/techrebal_zero.xml HTTP/2.0" 200 1989786 "https://konsola.dkkapusta1997.usermd.net/" "Mozilla/5.0 (Macintosh; Intel Mac OS X 10_15_7) AppleWebKit/537.36 (KHTML, like Gecko) Chrome/133.0.0.0 Safari/537.36"
79.184.254.47 - - [05/Mar/2025:23:23:21 +0100] "GET /Jurek/techrebalina/feeds/techrebalina_zero.xml HTTP/2.0" 200 2011226 "https://konsola.dkkapusta1997.usermd.net/" "Mozilla/5.0 (Macintosh; Intel Mac OS X 10_15_7) AppleWebKit/537.36 (KHTML, like Gecko) Chrome/133.0.0.0 Safari/537.36"
66.211.183.74 - - [05/Mar/2025:23:23:49 +0100] "GET /Jurek/eurofirany/images/391111/0.jpg HTTP/1.1" 200 98566 "-" "scalaj-http/2.4.2"
85.232.241.194 - - [05/Mar/2025:23:24:04 +0100] "GET /Jurek/aw/feeds/aw_worten.xml HTTP/1.1" 200 90379632 "-" "Python-urllib/3.11"
85.232.241.194 - - [05/Mar/2025:23:24:04 +0100] "GET /Jurek/aw/feeds/aw_wortenES.xml HTTP/1.1" 200 90380331 "-" "Python-urllib/3.11"
85.232.241.194 - - [05/Mar/2025:23:24:04 +0100] "GET /Jurek/action/feeds/action_worten.xml HTTP/1.1" 200 56342870 "-" "Python-urllib/3.11"
85.232.241.194 - - [05/Mar/2025:23:24:04 +0100] "GET /Jurek/action/feeds/action_wortenES.xml HTTP/1.1" 200 56342857 "-" "Python-urllib/3.11"
46.101.116.244 - - [05/Mar/2025:23:24:12 +0100] "GET /Jurek/eurofirany/feeds/eurofirany_empik.xml HTTP/1.0" 200 18889439 "-" "-"
85.232.241.194 - - [05/Mar/2025:23:24:36 +0100] "GET /Jurek/octopia/feeds/octopia_worten.xml HTTP/1.1" 200 10527989 "-" "Python-urllib/3.11"
85.232.241.194 - - [05/Mar/2025:23:24:36 +0100] "GET /Jurek/octopia/feeds/octopia_wortenES.xml HTTP/1.1" 200 10527923 "-" "Python-urllib/3.11"
85.232.241.194 - - [05/Mar/2025:23:24:37 +0100] "GET /Jurek/hurtownia_przemyslowa/feeds/hp_worten.xml HTTP/1.1" 200 49554280 "-" "Python-urllib/3.11"
85.232.241.194 - - [05/Mar/2025:23:24:37 +0100] "GET /Jurek/hurtownia_przemyslowa/feeds/hp_wortenES.xml HTTP/1.1" 200 49553929 "-" "Python-urllib/3.11"
85.232.241.194 - - [05/Mar/2025:23:24:40 +0100] "GET /Jurek/aiofactory/feeds/aiofactory_zero.xml HTTP/1.1" 200 2123522 "-" "python-requests/2.32.3"
85.232.241.194 - - [05/Mar/2025:23:24:40 +0100] "GET /Jurek/andex/feeds/andex_zero.xml HTTP/1.1" 200 1953179 "-" "python-requests/2.32.3"
85.232.241.194 - - [05/Mar/2025:23:24:40 +0100] "GET /Jurek/antiodor/feeds/antiodor_zero.xml HTTP/1.1" 200 137768 "-" "python-requests/2.32.3"
85.232.241.194 - - [05/Mar/2025:23:24:40 +0100] "GET /Jurek/artdog/feeds/artdog_zero.xml HTTP/1.1" 200 16919141 "-" "python-requests/2.32.3"
66.211.183.70 - - [05/Mar/2025:23:24:40 +0100] "GET /Jurek/eurofirany/images/389608/0.jpg HTTP/1.1" 200 86705 "-" "scalaj-http/2.4.2"
85.232.241.194 - - [05/Mar/2025:23:24:41 +0100] "GET /Jurek/awparts/feeds/awparts_zero.xml HTTP/1.1" 200 142339103 "-" "python-requests/2.32.3"
85.232.241.194 - - [05/Mar/2025:23:24:41 +0100] "GET /Jurek/bass_new/feeds/bass_new_zero.xml HTTP/1.1" 200 6844840 "-" "python-requests/2.32.3"
85.232.241.194 - - [05/Mar/2025:23:24:41 +0100] "GET /Jurek/beltimore/feeds/beltimore_zero.xml HTTP/1.1" 200 18650131 "-" "python-requests/2.32.3"
85.232.241.194 - - [05/Mar/2025:23:24:41 +0100] "GET /Jurek/benetech/feeds/benetech_zero.xml HTTP/1.1" 200 4165209 "-" "python-requests/2.32.3"
85.232.241.194 - - [05/Mar/2025:23:24:41 +0100] "GET /Jurek/bentivolio/feeds/bentivolio_zero.xml HTTP/1.1" 200 2541199 "-" "python-requests/2.32.3"
85.232.241.194 - - [05/Mar/2025:23:24:41 +0100] "GET /Jurek/bisanti/feeds/bisanti_zero.xml HTTP/1.1" 200 1142115 "-" "python-requests/2.32.3"
85.232.241.194 - - [05/Mar/2025:23:24:41 +0100] "GET /Jurek/cbdgreen/feeds/cbdgreen_zero.xml HTTP/1.1" 200 50537 "-" "python-requests/2.32.3"
85.232.241.194 - - [05/Mar/2025:23:24:41 +0100] "GET /Jurek/colibra/feeds/colibra_zero.xml HTTP/1.1" 200 2349911 "-" "python-requests/2.32.3"
85.232.241.194 - - [05/Mar/2025:23:24:41 +0100] "GET /Jurek/combine/feeds/combine_zero.xml HTTP/1.1" 200 210561 "-" "python-requests/2.32.3"
85.232.241.194 - - [05/Mar/2025:23:24:41 +0100] "GET /Jurek/coppotech/feeds/coppotech_zero.xml HTTP/1.1" 200 39324907 "-" "python-requests/2.32.3"
85.232.241.194 - - [05/Mar/2025:23:24:41 +0100] "GET /Jurek/dekoele/feeds/dekoele_zero.xml HTTP/1.1" 200 733932 "-" "python-requests/2.32.3"
85.232.241.194 - - [05/Mar/2025:23:24:41 +0100] "GET /Jurek/dekopan/feeds/dekopan_zero.xml HTTP/1.1" 200 12269600 "-" "python-requests/2.32.3"
85.232.241.194 - - [05/Mar/2025:23:24:41 +0100] "GET /Jurek/dekornatort/feeds/dekornatort_zero.xml HTTP/1.1" 200 225669 "-" "python-requests/2.32.3"
85.232.241.194 - - [05/Mar/2025:23:24:41 +0100] "GET /Jurek/domzapachy/feeds/domzapachy_zero.xml HTTP/1.1" 200 179566 "-" "python-requests/2.32.3"
85.232.241.194 - - [05/Mar/2025:23:24:41 +0100] "GET /Jurek/drewdon/feeds/drewdon_zero.xml HTTP/1.1" 200 504498 "-" "python-requests/2.32.3"
85.232.241.194 - - [05/Mar/2025:23:24:42 +0100] "GET /Jurek/dropkz/feeds/dropkz_zero.xml HTTP/1.1" 200 70017697 "-" "python-requests/2.32.3"
85.232.241.194 - - [05/Mar/2025:23:24:42 +0100] "GET /Jurek/drops/feeds/dropsofficecolection_zero.xml HTTP/1.1" 200 790548 "-" "python-requests/2.32.3"
85.232.241.194 - - [05/Mar/2025:23:24:42 +0100] "GET /Jurek/edruk/feeds/edruk_zero.xml HTTP/1.1" 200 13629217 "-" "python-requests/2.32.3"
85.232.241.194 - - [05/Mar/2025:23:24:42 +0100] "GET /Jurek/ekolight/feeds/ekolight_zero.xml HTTP/1.1" 200 9050326 "-" "python-requests/2.32.3"
85.232.241.194 - - [05/Mar/2025:23:24:42 +0100] "GET /Jurek/ekotex/feeds/ekotex_zero.xml HTTP/1.1" 200 197720 "-" "python-requests/2.32.3"
85.232.241.194 - - [05/Mar/2025:23:24:42 +0100] "GET /Jurek/eldar/feeds/eldar_zero.xml HTTP/1.1" 200 7322142 "-" "python-requests/2.32.3"
85.232.241.194 - - [05/Mar/2025:23:24:42 +0100] "GET /Jurek/elecomp/feeds/elecomp_zero.xml HTTP/1.1" 200 2869408 "-" "python-requests/2.32.3"
85.232.241.194 - - [05/Mar/2025:23:24:42 +0100] "GET /Jurek/emaja24/feeds/emaja24_zero.xml HTTP/1.1" 200 5106014 "-" "python-requests/2.32.3"
85.232.241.194 - - [05/Mar/2025:23:24:42 +0100] "GET /Jurek/eoptimo/feeds/eoptimo_zero.xml HTTP/1.1" 200 2094561 "-" "python-requests/2.32.3"
85.232.241.194 - - [05/Mar/2025:23:24:42 +0100] "GET /Jurek/erohurtownia/feeds/erohurtownia_zero.xml HTTP/1.1" 200 23306559 "-" "python-requests/2.32.3"
85.232.241.194 - - [05/Mar/2025:23:24:42 +0100] "GET /Jurek/eroplace/feeds/eroplace_zero.xml HTTP/1.1" 200 31322768 "-" "python-requests/2.32.3"
85.232.241.194 - - [05/Mar/2025:23:24:42 +0100] "GET /Jurek/eurofryz/feeds/eurofryz_zero.xml HTTP/1.1" 200 1381543 "-" "python-requests/2.32.3"
85.232.241.194 - - [05/Mar/2025:23:24:42 +0100] "GET /Jurek/eurofryz2/feeds/eurofryz2_zero.xml HTTP/1.1" 200 1376421 "-" "python-requests/2.32.3"
85.232.241.194 - - [05/Mar/2025:23:24:42 +0100] "GET /Jurek/eurofryz3/feeds/eurofryz3_zero.xml HTTP/1.1" 200 172220 "-" "python-requests/2.32.3"
85.232.241.194 - - [05/Mar/2025:23:24:42 +0100] "GET /Jurek/euroshop/feeds/euroshop_zero.xml HTTP/1.1" 200 18184337 "-" "python-requests/2.32.3"
85.232.241.194 - - [05/Mar/2025:23:24:42 +0100] "GET /Jurek/evil/feeds/evil_zero.xml HTTP/1.1" 200 306335 "-" "python-requests/2.32.3"
85.232.241.194 - - [05/Mar/2025:23:24:42 +0100] "GET /Jurek/expertauto/feeds/expertauto_zero.xml HTTP/1.1" 200 1159281 "-" "python-requests/2.32.3"
85.232.241.194 - - [05/Mar/2025:23:24:42 +0100] "GET /Jurek/galopi/feeds/galopi_zero.xml HTTP/1.1" 200 2110845 "-" "python-requests/2.32.3"
85.232.241.194 - - [05/Mar/2025:23:24:42 +0100] "GET /Jurek/galopibhp/feeds/galopibhp_zero.xml HTTP/1.1" 200 1972850 "-" "python-requests/2.32.3"
85.232.241.194 - - [05/Mar/2025:23:24:42 +0100] "GET /Jurek/german/feeds/german_zero.xml HTTP/1.1" 200 4791600 "-" "python-requests/2.32.3"
85.232.241.194 - - [05/Mar/2025:23:24:42 +0100] "GET /Jurek/globaldeli/feeds/globaldeli_zero.xml HTTP/1.1" 200 2589190 "-" "python-requests/2.32.3"
85.232.241.194 - - [05/Mar/2025:23:24:43 +0100] "GET /Jurek/harmonypost/feeds/harmonypost_zero.xml HTTP/1.1" 200 39915831 "-" "python-requests/2.32.3"
85.232.241.194 - - [05/Mar/2025:23:24:43 +0100] "GET /Jurek/hdwr/feeds/hdwr_zero.xml HTTP/1.1" 200 789473 "-" "python-requests/2.32.3"
85.232.241.194 - - [05/Mar/2025:23:24:44 +0100] "GET /Jurek/intsell/feeds/intsell_zero.xml HTTP/1.1" 200 338789293 "-" "python-requests/2.32.3"
85.232.241.194 - - [05/Mar/2025:23:24:44 +0100] "GET /Jurek/kidshop/feeds/kidshop_zero.xml HTTP/1.1" 200 19840309 "-" "python-requests/2.32.3"
85.232.241.194 - - [05/Mar/2025:23:24:44 +0100] "GET /Jurek/kobi/feeds/kobi_zero.xml HTTP/1.1" 200 1993271 "-" "python-requests/2.32.3"
85.232.241.194 - - [05/Mar/2025:23:24:44 +0100] "GET /Jurek/lgbtshop/feeds/lgbtshop_zero.xml HTTP/1.1" 200 219191 "-" "python-requests/2.32.3"
