91.206.37.14 - - [05/Mar/2025:00:00:27 +0100] "GET /Jurek/eurofirany/images/457475/0.jpg HTTP/2.0" 200 132959 "-" "EmagContentMedia/1.0.0"
91.206.37.14 - - [05/Mar/2025:00:00:28 +0100] "GET /Jurek/eurofirany/images/457475/1.jpg HTTP/2.0" 200 130674 "-" "EmagContentMedia/1.0.0"
91.206.37.14 - - [05/Mar/2025:00:00:28 +0100] "GET /Jurek/eurofirany/images/457475/2.jpg HTTP/2.0" 200 79841 "-" "EmagContentMedia/1.0.0"
91.206.37.14 - - [05/Mar/2025:00:00:28 +0100] "GET /Jurek/eurofirany/images/457475/3.jpg HTTP/2.0" 200 140681 "-" "EmagContentMedia/1.0.0"
91.206.37.14 - - [05/Mar/2025:00:00:29 +0100] "GET /Jurek/eurofirany/images/457475/4.jpg HTTP/2.0" 200 145102 "-" "EmagContentMedia/1.0.0"
91.206.37.14 - - [05/Mar/2025:00:00:29 +0100] "GET /Jurek/eurofirany/images/457475/5.jpg HTTP/2.0" 200 164556 "-" "EmagContentMedia/1.0.0"
91.206.37.14 - - [05/Mar/2025:00:00:30 +0100] "GET /Jurek/eurofirany/images/457475/6.jpg HTTP/2.0" 200 141466 "-" "EmagContentMedia/1.0.0"
91.206.37.14 - - [05/Mar/2025:00:00:30 +0100] "GET /Jurek/eurofirany/images/457475/7.jpg HTTP/2.0" 200 266900 "-" "EmagContentMedia/1.0.0"
91.206.37.14 - - [05/Mar/2025:00:00:31 +0100] "GET /Jurek/eurofirany/images/457475/8.jpg HTTP/2.0" 200 185499 "-" "EmagContentMedia/1.0.0"
91.206.37.14 - - [05/Mar/2025:00:00:31 +0100] "GET /Jurek/eurofirany/images/457475/9.jpg HTTP/2.0" 200 177106 "-" "EmagContentMedia/1.0.0"
157.55.39.61 - - [05/Mar/2025:00:00:33 +0100] "GET /Jurek/topeshop/downloaded_images/5902838468838_DUOSONOMABRY%C5%81KABOKZM.jpg HTTP/2.0" 404 3551 "-" "Mozilla/5.0 AppleWebKit/537.36 (KHTML, like Gecko; compatible; bingbot/2.0; +http://www.bing.com/bingbot.htm) Chrome/116.0.1938.76 Safari/537.36"
157.55.39.61 - - [05/Mar/2025:00:00:33 +0100] "GET /Jurek/topeshop/downloaded_images/5902838468463_1sonoma.png HTTP/2.0" 404 3551 "-" "Mozilla/5.0 AppleWebKit/537.36 (KHTML, like Gecko; compatible; bingbot/2.0; +http://www.bing.com/bingbot.htm) Chrome/116.0.1938.76 Safari/537.36"
157.55.39.61 - - [05/Mar/2025:00:00:34 +0100] "GET /Jurek/topeshop/downloaded_images/5902838468838_DUOSONOMABRY%C5%81KABOKZM.jpg HTTP/2.0" 404 3551 "-" "Mozilla/5.0 AppleWebKit/537.36 (KHTML, like Gecko; compatible; bingbot/2.0; +http://www.bing.com/bingbot.htm) Chrome/116.0.1938.76 Safari/537.36"
66.211.183.71 - - [05/Mar/2025:00:00:34 +0100] "GET /Jurek/eurofirany/images/409428/0.jpg HTTP/1.1" 200 41174 "-" "scalaj-http/2.4.2"
157.55.39.61 - - [05/Mar/2025:00:00:35 +0100] "GET /Jurek/topeshop/downloaded_images/5902838468463_1sonoma.png HTTP/2.0" 404 3551 "-" "Mozilla/5.0 AppleWebKit/537.36 (KHTML, like Gecko; compatible; bingbot/2.0; +http://www.bing.com/bingbot.htm) Chrome/116.0.1938.76 Safari/537.36"
91.206.37.14 - - [05/Mar/2025:00:00:36 +0100] "GET /Jurek/eurofirany/images/460515/0.jpg HTTP/2.0" 200 91583 "-" "EmagContentMedia/1.0.0"
91.206.37.14 - - [05/Mar/2025:00:00:36 +0100] "GET /Jurek/eurofirany/images/460515/1.jpg HTTP/2.0" 200 113869 "-" "EmagContentMedia/1.0.0"
91.206.37.14 - - [05/Mar/2025:00:00:36 +0100] "GET /Jurek/eurofirany/images/460515/2.jpg HTTP/2.0" 200 96820 "-" "EmagContentMedia/1.0.0"
91.206.37.14 - - [05/Mar/2025:00:00:37 +0100] "GET /Jurek/eurofirany/images/460515/3.jpg HTTP/2.0" 200 49797 "-" "EmagContentMedia/1.0.0"
91.206.37.14 - - [05/Mar/2025:00:00:37 +0100] "GET /Jurek/eurofirany/images/460515/4.jpg HTTP/2.0" 200 49653 "-" "EmagContentMedia/1.0.0"
91.206.37.14 - - [05/Mar/2025:00:00:37 +0100] "GET /Jurek/eurofirany/images/460515/5.jpg HTTP/2.0" 200 121521 "-" "EmagContentMedia/1.0.0"
91.206.37.14 - - [05/Mar/2025:00:00:37 +0100] "GET /Jurek/eurofirany/images/460515/6.jpg HTTP/2.0" 200 161322 "-" "EmagContentMedia/1.0.0"
52.17.80.36 - - [05/Mar/2025:00:00:38 +0100] "GET /marketplaces/ubaldi/results/ubaldi.csv HTTP/1.1" 200 3577542 "-" "Mirakl HttpClient"
91.206.37.14 - - [05/Mar/2025:00:00:38 +0100] "GET /Jurek/eurofirany/images/460515/7.jpg HTTP/2.0" 200 146395 "-" "EmagContentMedia/1.0.0"
91.206.37.14 - - [05/Mar/2025:00:00:38 +0100] "GET /Jurek/eurofirany/images/460515/8.jpg HTTP/2.0" 200 62348 "-" "EmagContentMedia/1.0.0"
91.206.37.14 - - [05/Mar/2025:00:00:38 +0100] "GET /Jurek/eurofirany/images/460515/9.jpg HTTP/2.0" 200 65465 "-" "EmagContentMedia/1.0.0"
91.206.37.14 - - [05/Mar/2025:00:00:38 +0100] "GET /Jurek/eurofirany/images/460515/10.jpg HTTP/2.0" 200 118619 "-" "EmagContentMedia/1.0.0"
91.206.37.14 - - [05/Mar/2025:00:00:39 +0100] "GET /Jurek/eurofirany/images/460515/11.jpg HTTP/2.0" 200 115148 "-" "EmagContentMedia/1.0.0"
91.206.37.14 - - [05/Mar/2025:00:00:42 +0100] "GET /Jurek/eurofirany/images/457474/0.jpg HTTP/2.0" 200 115202 "-" "EmagContentMedia/1.0.0"
91.206.37.14 - - [05/Mar/2025:00:00:42 +0100] "GET /Jurek/eurofirany/images/457474/1.jpg HTTP/2.0" 200 131937 "-" "EmagContentMedia/1.0.0"
91.206.37.14 - - [05/Mar/2025:00:00:42 +0100] "GET /Jurek/eurofirany/images/457474/2.jpg HTTP/2.0" 200 70706 "-" "EmagContentMedia/1.0.0"
91.206.37.14 - - [05/Mar/2025:00:00:43 +0100] "GET /Jurek/eurofirany/images/457474/3.jpg HTTP/2.0" 200 144311 "-" "EmagContentMedia/1.0.0"
91.206.37.14 - - [05/Mar/2025:00:00:43 +0100] "GET /Jurek/eurofirany/images/457474/4.jpg HTTP/2.0" 200 177365 "-" "EmagContentMedia/1.0.0"
91.206.37.14 - - [05/Mar/2025:00:00:43 +0100] "GET /Jurek/eurofirany/images/457474/5.jpg HTTP/2.0" 200 133763 "-" "EmagContentMedia/1.0.0"
91.206.37.14 - - [05/Mar/2025:00:00:44 +0100] "GET /Jurek/eurofirany/images/457474/6.jpg HTTP/2.0" 200 143080 "-" "EmagContentMedia/1.0.0"
91.206.37.14 - - [05/Mar/2025:00:00:44 +0100] "GET /Jurek/eurofirany/images/457474/7.jpg HTTP/2.0" 200 246713 "-" "EmagContentMedia/1.0.0"
91.206.37.14 - - [05/Mar/2025:00:00:44 +0100] "GET /Jurek/eurofirany/images/457474/8.jpg HTTP/2.0" 200 172333 "-" "EmagContentMedia/1.0.0"
91.206.37.14 - - [05/Mar/2025:00:00:45 +0100] "GET /Jurek/eurofirany/images/457474/9.jpg HTTP/2.0" 200 160492 "-" "EmagContentMedia/1.0.0"
91.206.37.14 - - [05/Mar/2025:00:00:48 +0100] "GET /Jurek/eurofirany/images/390079/0.jpg HTTP/2.0" 200 69505 "-" "EmagContentMedia/1.0.0"
91.206.37.14 - - [05/Mar/2025:00:00:48 +0100] "GET /Jurek/eurofirany/images/390079/1.jpg HTTP/2.0" 200 80321 "-" "EmagContentMedia/1.0.0"
91.206.37.14 - - [05/Mar/2025:00:00:48 +0100] "GET /Jurek/eurofirany/images/390079/2.jpg HTTP/2.0" 200 49159 "-" "EmagContentMedia/1.0.0"
91.206.37.14 - - [05/Mar/2025:00:00:48 +0100] "GET /Jurek/eurofirany/images/390079/3.jpg HTTP/2.0" 200 113064 "-" "EmagContentMedia/1.0.0"
46.101.116.244 - - [05/Mar/2025:00:00:48 +0100] "GET /Jurek/bass/feeds/bass_mallsk.xml HTTP/2.0" 200 3985088 "-" "-"
91.206.37.14 - - [05/Mar/2025:00:00:49 +0100] "GET /Jurek/eurofirany/images/390079/4.jpg HTTP/2.0" 200 338593 "-" "EmagContentMedia/1.0.0"
91.206.37.14 - - [05/Mar/2025:00:00:49 +0100] "GET /Jurek/eurofirany/images/390079/5.jpg HTTP/2.0" 200 139103 "-" "EmagContentMedia/1.0.0"
91.206.37.14 - - [05/Mar/2025:00:00:49 +0100] "GET /Jurek/eurofirany/images/390079/6.jpg HTTP/2.0" 200 111652 "-" "EmagContentMedia/1.0.0"
91.206.37.14 - - [05/Mar/2025:00:00:49 +0100] "GET /Jurek/eurofirany/images/390079/7.jpg HTTP/2.0" 200 219219 "-" "EmagContentMedia/1.0.0"
91.206.37.14 - - [05/Mar/2025:00:00:50 +0100] "GET /Jurek/eurofirany/images/390079/8.jpg HTTP/2.0" 200 270200 "-" "EmagContentMedia/1.0.0"
91.206.37.14 - - [05/Mar/2025:00:00:50 +0100] "GET /Jurek/eurofirany/images/390079/9.jpg HTTP/2.0" 200 112023 "-" "EmagContentMedia/1.0.0"
91.206.37.14 - - [05/Mar/2025:00:00:50 +0100] "GET /Jurek/eurofirany/images/390079/10.jpg HTTP/2.0" 200 133747 "-" "EmagContentMedia/1.0.0"
91.206.37.14 - - [05/Mar/2025:00:00:51 +0100] "GET /Jurek/eurofirany/images/390079/11.jpg HTTP/2.0" 200 70357 "-" "EmagContentMedia/1.0.0"
91.206.37.14 - - [05/Mar/2025:00:00:52 +0100] "GET /Jurek/eurofirany/images/419732/0.jpg HTTP/2.0" 200 66005 "-" "EmagContentMedia/1.0.0"
91.206.37.14 - - [05/Mar/2025:00:00:52 +0100] "GET /Jurek/eurofirany/images/419732/1.jpg HTTP/2.0" 200 50181 "-" "EmagContentMedia/1.0.0"
91.206.37.14 - - [05/Mar/2025:00:00:52 +0100] "GET /Jurek/eurofirany/images/419732/2.jpg HTTP/2.0" 200 138111 "-" "EmagContentMedia/1.0.0"
91.206.37.14 - - [05/Mar/2025:00:00:53 +0100] "GET /Jurek/eurofirany/images/419732/3.jpg HTTP/2.0" 200 111386 "-" "EmagContentMedia/1.0.0"
91.206.37.14 - - [05/Mar/2025:00:00:53 +0100] "GET /Jurek/eurofirany/images/419732/4.jpg HTTP/2.0" 200 90204 "-" "EmagContentMedia/1.0.0"
91.206.37.14 - - [05/Mar/2025:00:00:53 +0100] "GET /Jurek/eurofirany/images/419732/5.jpg HTTP/2.0" 200 145529 "-" "EmagContentMedia/1.0.0"
91.206.37.14 - - [05/Mar/2025:00:00:57 +0100] "GET /Jurek/eurofirany/images/434564/0.jpg HTTP/2.0" 200 49674 "-" "EmagContentMedia/1.0.0"
91.206.37.14 - - [05/Mar/2025:00:00:57 +0100] "GET /Jurek/eurofirany/images/434564/1.jpg HTTP/2.0" 200 75233 "-" "EmagContentMedia/1.0.0"
91.206.37.14 - - [05/Mar/2025:00:00:58 +0100] "GET /Jurek/eurofirany/images/434564/2.jpg HTTP/2.0" 200 122857 "-" "EmagContentMedia/1.0.0"
66.211.183.70 - - [05/Mar/2025:00:00:59 +0100] "GET /Jurek/eurofirany/images/389936/0.jpg HTTP/1.1" 200 166817 "-" "scalaj-http/2.4.2"
91.206.37.14 - - [05/Mar/2025:00:01:01 +0100] "GET /Jurek/eurofirany/images/431702/0.jpg HTTP/2.0" 200 6625 "-" "EmagContentMedia/1.0.0"
91.206.37.14 - - [05/Mar/2025:00:01:01 +0100] "GET /Jurek/eurofirany/images/431702/1.jpg HTTP/2.0" 200 6625 "-" "EmagContentMedia/1.0.0"
91.206.37.14 - - [05/Mar/2025:00:01:01 +0100] "GET /Jurek/eurofirany/images/431702/2.jpg HTTP/2.0" 200 6625 "-" "EmagContentMedia/1.0.0"
91.206.37.14 - - [05/Mar/2025:00:01:01 +0100] "GET /Jurek/eurofirany/images/431702/3.jpg HTTP/2.0" 200 6625 "-" "EmagContentMedia/1.0.0"
91.206.37.14 - - [05/Mar/2025:00:01:01 +0100] "GET /Jurek/eurofirany/images/431702/4.jpg HTTP/2.0" 200 6625 "-" "EmagContentMedia/1.0.0"
91.206.37.14 - - [05/Mar/2025:00:01:01 +0100] "GET /Jurek/eurofirany/images/431702/5.jpg HTTP/2.0" 200 6625 "-" "EmagContentMedia/1.0.0"
91.206.37.14 - - [05/Mar/2025:00:01:01 +0100] "GET /Jurek/eurofirany/images/431702/6.jpg HTTP/2.0" 200 6625 "-" "EmagContentMedia/1.0.0"
91.206.37.14 - - [05/Mar/2025:00:01:01 +0100] "GET /Jurek/eurofirany/images/431702/7.jpg HTTP/2.0" 200 6625 "-" "EmagContentMedia/1.0.0"
91.206.37.14 - - [05/Mar/2025:00:01:01 +0100] "GET /Jurek/eurofirany/images/431702/8.jpg HTTP/2.0" 200 6625 "-" "EmagContentMedia/1.0.0"
91.206.37.14 - - [05/Mar/2025:00:01:01 +0100] "GET /Jurek/eurofirany/images/431702/9.jpg HTTP/2.0" 200 6625 "-" "EmagContentMedia/1.0.0"
91.206.37.14 - - [05/Mar/2025:00:01:07 +0100] "GET /Jurek/eurofirany/images/429524/0.jpg HTTP/2.0" 200 97174 "-" "EmagContentMedia/1.0.0"
91.206.37.14 - - [05/Mar/2025:00:01:07 +0100] "GET /Jurek/eurofirany/images/429524/1.jpg HTTP/2.0" 200 98935 "-" "EmagContentMedia/1.0.0"
91.206.37.14 - - [05/Mar/2025:00:01:07 +0100] "GET /Jurek/eurofirany/images/429524/2.jpg HTTP/2.0" 200 103355 "-" "EmagContentMedia/1.0.0"
91.206.37.14 - - [05/Mar/2025:00:01:08 +0100] "GET /Jurek/eurofirany/images/429524/3.jpg HTTP/2.0" 200 51586 "-" "EmagContentMedia/1.0.0"
91.206.37.14 - - [05/Mar/2025:00:01:08 +0100] "GET /Jurek/eurofirany/images/429524/4.jpg HTTP/2.0" 200 91133 "-" "EmagContentMedia/1.0.0"
91.206.37.14 - - [05/Mar/2025:00:01:08 +0100] "GET /Jurek/eurofirany/images/429524/5.jpg HTTP/2.0" 200 149436 "-" "EmagContentMedia/1.0.0"
91.206.37.14 - - [05/Mar/2025:00:01:08 +0100] "GET /Jurek/eurofirany/images/429524/6.jpg HTTP/2.0" 200 145116 "-" "EmagContentMedia/1.0.0"
91.206.37.14 - - [05/Mar/2025:00:01:09 +0100] "GET /Jurek/eurofirany/images/429524/7.jpg HTTP/2.0" 200 243268 "-" "EmagContentMedia/1.0.0"
91.206.37.14 - - [05/Mar/2025:00:01:09 +0100] "GET /Jurek/eurofirany/images/429524/8.jpg HTTP/2.0" 200 160499 "-" "EmagContentMedia/1.0.0"
91.206.37.14 - - [05/Mar/2025:00:01:09 +0100] "GET /Jurek/eurofirany/images/429524/9.jpg HTTP/2.0" 200 114838 "-" "EmagContentMedia/1.0.0"
91.206.37.14 - - [05/Mar/2025:00:01:10 +0100] "GET /Jurek/eurofirany/images/429524/10.jpg HTTP/2.0" 200 116514 "-" "EmagContentMedia/1.0.0"
46.101.116.244 - - [05/Mar/2025:00:01:10 +0100] "GET /Jurek/aw/feeds/aw_fnacfr.xml HTTP/1.0" 404 3551 "-" "-"
46.101.116.244 - - [05/Mar/2025:00:01:11 +0100] "GET /Jurek/slayo/feeds/slayo_mallsk.xml HTTP/2.0" 200 195530 "-" "-"
91.206.37.14 - - [05/Mar/2025:00:01:13 +0100] "GET /Jurek/eurofirany/images/389983/0.jpg HTTP/2.0" 200 188038 "-" "EmagContentMedia/1.0.0"
91.206.37.14 - - [05/Mar/2025:00:01:14 +0100] "GET /Jurek/eurofirany/images/389983/1.jpg HTTP/2.0" 200 242946 "-" "EmagContentMedia/1.0.0"
91.206.37.14 - - [05/Mar/2025:00:01:14 +0100] "GET /Jurek/eurofirany/images/389983/2.jpg HTTP/2.0" 200 58169 "-" "EmagContentMedia/1.0.0"
91.206.37.14 - - [05/Mar/2025:00:01:14 +0100] "GET /Jurek/eurofirany/images/389983/3.jpg HTTP/2.0" 200 316196 "-" "EmagContentMedia/1.0.0"
91.206.37.14 - - [05/Mar/2025:00:01:15 +0100] "GET /Jurek/eurofirany/images/389983/4.jpg HTTP/2.0" 200 264807 "-" "EmagContentMedia/1.0.0"
91.206.37.14 - - [05/Mar/2025:00:01:15 +0100] "GET /Jurek/eurofirany/images/389983/5.jpg HTTP/2.0" 200 365536 "-" "EmagContentMedia/1.0.0"
91.206.37.14 - - [05/Mar/2025:00:01:15 +0100] "GET /Jurek/eurofirany/images/389983/6.jpg HTTP/2.0" 200 350319 "-" "EmagContentMedia/1.0.0"
91.206.37.14 - - [05/Mar/2025:00:01:16 +0100] "GET /Jurek/eurofirany/images/389983/7.jpg HTTP/2.0" 200 275150 "-" "EmagContentMedia/1.0.0"
91.206.37.14 - - [05/Mar/2025:00:01:16 +0100] "GET /Jurek/eurofirany/images/389983/8.jpg HTTP/2.0" 200 288102 "-" "EmagContentMedia/1.0.0"
91.206.37.14 - - [05/Mar/2025:00:01:16 +0100] "GET /Jurek/eurofirany/images/389983/9.jpg HTTP/2.0" 200 253762 "-" "EmagContentMedia/1.0.0"
91.206.37.14 - - [05/Mar/2025:00:01:17 +0100] "GET /Jurek/eurofirany/images/389983/10.jpg HTTP/2.0" 200 114239 "-" "EmagContentMedia/1.0.0"
91.206.37.14 - - [05/Mar/2025:00:01:21 +0100] "GET /Jurek/eurofirany/images/399428/0.jpg HTTP/2.0" 200 176859 "-" "EmagContentMedia/1.0.0"
91.206.37.14 - - [05/Mar/2025:00:01:21 +0100] "GET /Jurek/eurofirany/images/399428/1.jpg HTTP/2.0" 200 165398 "-" "EmagContentMedia/1.0.0"
91.206.37.14 - - [05/Mar/2025:00:01:21 +0100] "GET /Jurek/eurofirany/images/399428/2.jpg HTTP/2.0" 200 176754 "-" "EmagContentMedia/1.0.0"
91.206.37.14 - - [05/Mar/2025:00:01:22 +0100] "GET /Jurek/eurofirany/images/399428/3.jpg HTTP/2.0" 200 93270 "-" "EmagContentMedia/1.0.0"
46.101.116.244 - - [05/Mar/2025:00:01:22 +0100] "GET /Jurek/mosti/feeds/mosti_mallsk.xml HTTP/2.0" 200 9249886 "-" "-"
91.206.37.14 - - [05/Mar/2025:00:01:22 +0100] "GET /Jurek/eurofirany/images/399428/4.jpg HTTP/2.0" 200 172453 "-" "EmagContentMedia/1.0.0"
46.101.116.244 - - [05/Mar/2025:00:01:22 +0100] "GET /Jurek/amzteam/feeds/amzteam_mallsk.xml HTTP/2.0" 200 97845 "-" "-"
91.206.37.14 - - [05/Mar/2025:00:01:22 +0100] "GET /Jurek/eurofirany/images/399428/5.jpg HTTP/2.0" 200 179711 "-" "EmagContentMedia/1.0.0"
91.206.37.14 - - [05/Mar/2025:00:01:22 +0100] "GET /Jurek/eurofirany/images/399428/6.jpg HTTP/2.0" 200 163814 "-" "EmagContentMedia/1.0.0"
46.101.116.244 - - [05/Mar/2025:00:01:22 +0100] "GET /Jurek/artdog/feeds/artdog_mallsk.xml HTTP/2.0" 200 15928815 "-" "-"
91.206.37.14 - - [05/Mar/2025:00:01:23 +0100] "GET /Jurek/eurofirany/images/399428/7.jpg HTTP/2.0" 200 166515 "-" "EmagContentMedia/1.0.0"
91.206.37.14 - - [05/Mar/2025:00:01:23 +0100] "GET /Jurek/eurofirany/images/399428/8.jpg HTTP/2.0" 200 176057 "-" "EmagContentMedia/1.0.0"
91.206.37.14 - - [05/Mar/2025:00:01:23 +0100] "GET /Jurek/eurofirany/images/399428/9.jpg HTTP/2.0" 200 171894 "-" "EmagContentMedia/1.0.0"
46.101.116.244 - - [05/Mar/2025:00:01:23 +0100] "GET /Jurek/kambukka/feeds/kambukka_mallsk.xml HTTP/2.0" 200 1046527 "-" "-"
91.206.37.14 - - [05/Mar/2025:00:01:24 +0100] "GET /Jurek/eurofirany/images/399428/10.jpg HTTP/2.0" 200 254536 "-" "EmagContentMedia/1.0.0"
91.206.37.14 - - [05/Mar/2025:00:01:24 +0100] "GET /Jurek/eurofirany/images/399428/11.jpg HTTP/2.0" 200 157994 "-" "EmagContentMedia/1.0.0"
91.206.37.14 - - [05/Mar/2025:00:01:24 +0100] "GET /Jurek/eurofirany/images/399428/12.jpg HTTP/2.0" 200 159122 "-" "EmagContentMedia/1.0.0"
91.206.37.14 - - [05/Mar/2025:00:01:25 +0100] "GET /Jurek/eurofirany/images/399428/13.jpg HTTP/2.0" 200 172039 "-" "EmagContentMedia/1.0.0"
89.161.206.59 - - [05/Mar/2025:00:01:26 +0100] "GET /Jurek/playcob/feeds/playcob_bol.xml HTTP/1.0" 200 6980047 "-" "-"
46.101.116.244 - - [05/Mar/2025:00:01:29 +0100] "GET /Filip/feeds/xlsx_ceneo.xml HTTP/1.0" 200 6241376 "-" "-"
66.249.66.67 - - [05/Mar/2025:00:01:32 +0100] "GET /Jurek/eurofirany/images/391117/6.jpg HTTP/1.1" 200 169774 "-" "Googlebot-Image/1.0"
46.101.116.244 - - [05/Mar/2025:00:01:36 +0100] "GET /Jurek/swiatecznygoliat/feeds/swiatecznygoliat_mallsk.xml HTTP/2.0" 200 7054313 "-" "-"
62.146.215.34 - - [05/Mar/2025:00:01:41 +0100] "GET /Jurek/eurofirany/images/372633/0.jpg HTTP/2.0" 304 0 "-" "billigerbot/1.0"
66.211.183.74 - - [05/Mar/2025:00:01:43 +0100] "GET /Jurek/topeshop/downloaded_images/5902838466513_sonoma_close_20.jpg HTTP/1.1" 404 3551 "-" "scalaj-http/2.4.2"
66.211.183.74 - - [05/Mar/2025:00:01:51 +0100] "GET /Jurek/eurofirany/images/390121/0.jpg HTTP/1.1" 200 168905 "-" "scalaj-http/2.4.2"
52.209.168.113 - - [05/Mar/2025:00:02:21 +0100] "GET /marketplaces/rue/results/rue.csv HTTP/1.1" 200 7627696 "-" "Mirakl HttpClient"
46.101.116.244 - - [05/Mar/2025:00:02:22 +0100] "GET /Jurek/topeshop/feeds/topeshop_mallsk.xml HTTP/2.0" 200 2437532 "-" "-"
66.211.183.72 - - [05/Mar/2025:00:02:42 +0100] "GET /Jurek/eurofirany/images/372639/0.jpg HTTP/1.1" 200 59591 "-" "scalaj-http/2.4.2"
66.211.183.71 - - [05/Mar/2025:00:02:50 +0100] "GET /Jurek/eurofirany/images/389605/0.jpg HTTP/1.1" 200 134368 "-" "scalaj-http/2.4.2"
66.211.183.71 - - [05/Mar/2025:00:03:29 +0100] "GET /Jurek/eurofirany/images/388789/0.jpg HTTP/1.1" 200 39858 "-" "scalaj-http/2.4.2"
66.211.183.74 - - [05/Mar/2025:00:03:47 +0100] "GET /Jurek/eurofirany/images/425607/0.jpg HTTP/1.1" 200 211611 "-" "scalaj-http/2.4.2"
66.211.183.70 - - [05/Mar/2025:00:03:48 +0100] "GET /Jurek/eurofirany/images/390400/0.jpg HTTP/1.1" 200 122464 "-" "scalaj-http/2.4.2"
66.249.66.67 - - [05/Mar/2025:00:04:30 +0100] "GET /Jurek/eurofirany/images/389939/7.jpg HTTP/1.1" 200 6595 "-" "Googlebot-Image/1.0"
66.135.202.73 - - [05/Mar/2025:00:05:01 +0100] "GET /Jurek/eurofirany/images/397091/0.jpg HTTP/1.1" 200 23563 "-" "Java/17.0.12.0.101"
66.211.183.72 - - [05/Mar/2025:00:05:06 +0100] "GET /Jurek/eurofirany/images/390174/0.jpg HTTP/1.1" 200 194755 "-" "scalaj-http/2.4.2"
66.211.183.73 - - [05/Mar/2025:00:05:08 +0100] "GET /Jurek/eurofirany/images/401099/0.jpg HTTP/1.1" 200 109307 "-" "scalaj-http/2.4.2"
66.211.183.73 - - [05/Mar/2025:00:05:17 +0100] "GET /Jurek/eurofirany/images/416016/0.jpg HTTP/1.1" 200 65316 "-" "scalaj-http/2.4.2"
46.101.116.244 - - [05/Mar/2025:00:05:24 +0100] "GET /Jurek/activeshop/feeds/activeshop_mallsk.xml HTTP/2.0" 200 10451545 "-" "-"
66.211.183.71 - - [05/Mar/2025:00:05:31 +0100] "GET /Jurek/eurofirany/images/383323/0.jpg HTTP/1.1" 200 93037 "-" "scalaj-http/2.4.2"
52.167.144.199 - - [05/Mar/2025:00:05:35 +0100] "GET /Jurek/topeshop/downloaded_images/5904507206611_DUOANTRACYTCZERNBRYLKABOKZM.jpg HTTP/2.0" 404 3551 "-" "Mozilla/5.0 AppleWebKit/537.36 (KHTML, like Gecko; compatible; bingbot/2.0; +http://www.bing.com/bingbot.htm) Chrome/116.0.1938.76 Safari/537.36"
52.167.144.199 - - [05/Mar/2025:00:05:36 +0100] "GET /Jurek/topeshop/downloaded_images/5902838461273_3.png HTTP/2.0" 404 3551 "-" "Mozilla/5.0 AppleWebKit/537.36 (KHTML, like Gecko; compatible; bingbot/2.0; +http://www.bing.com/bingbot.htm) Chrome/116.0.1938.76 Safari/537.36"
66.211.183.72 - - [05/Mar/2025:00:05:49 +0100] "GET /Jurek/eurofirany/images/396855/0.jpg HTTP/1.1" 200 76743 "-" "scalaj-http/2.4.2"
66.211.183.73 - - [05/Mar/2025:00:05:51 +0100] "GET /Jurek/eurofirany/images/409912/0.jpg HTTP/1.1" 200 84953 "-" "scalaj-http/2.4.2"
46.101.116.244 - - [05/Mar/2025:00:05:56 +0100] "GET /Jurek/aw/feeds/aw_fnacfr.xml HTTP/1.0" 404 3551 "-" "-"
91.206.37.14 - - [05/Mar/2025:00:06:06 +0100] "GET /Jurek/eurofirany/images/431702/0.jpg HTTP/2.0" 200 6625 "-" "EmagContentMedia/1.0.0"
46.101.116.244 - - [05/Mar/2025:00:06:13 +0100] "GET /Filip/feeds/xlsx_ceneo.xml HTTP/1.0" 200 6241376 "-" "-"
66.211.183.74 - - [05/Mar/2025:00:06:28 +0100] "GET /Jurek/eurofirany/images/398823/0.jpg HTTP/1.1" 200 28870 "-" "scalaj-http/2.4.2"
66.211.183.72 - - [05/Mar/2025:00:06:32 +0100] "GET /Jurek/eurofirany/images/463597/0.jpg HTTP/1.1" 200 0 "-" "scalaj-http/2.4.2"
66.211.183.74 - - [05/Mar/2025:00:06:44 +0100] "GET /Jurek/eurofirany/images/383468/0.jpg HTTP/1.1" 200 86852 "-" "scalaj-http/2.4.2"
66.211.183.70 - - [05/Mar/2025:00:06:49 +0100] "GET /Jurek/eurofirany/images/382242/0.jpg HTTP/1.1" 200 100949 "-" "scalaj-http/2.4.2"
66.211.183.70 - - [05/Mar/2025:00:07:21 +0100] "GET /Jurek/eurofirany/images/372660/0.jpg HTTP/1.1" 200 69040 "-" "scalaj-http/2.4.2"
46.101.116.244 - - [05/Mar/2025:00:07:27 +0100] "GET /Jurek/aw/feeds/aw_fnacfr.xml HTTP/1.0" 404 3551 "-" "-"
66.211.183.73 - - [05/Mar/2025:00:07:30 +0100] "GET /Jurek/eurofirany/images/416442/0.jpg HTTP/1.1" 200 97429 "-" "scalaj-http/2.4.2"
66.211.183.71 - - [05/Mar/2025:00:07:31 +0100] "GET /Jurek/eurofirany/images/389907/0.jpg HTTP/1.1" 200 181461 "-" "scalaj-http/2.4.2"
66.249.66.66 - - [05/Mar/2025:00:08:27 +0100] "GET /Jurek/eurofirany/images/389924/3.jpg HTTP/1.1" 200 291406 "-" "Googlebot-Image/1.0"
66.211.183.70 - - [05/Mar/2025:00:08:38 +0100] "GET /Jurek/eurofirany/images/389994/0.jpg HTTP/1.1" 200 140158 "-" "scalaj-http/2.4.2"
46.101.116.244 - - [05/Mar/2025:00:08:45 +0100] "GET /Jurek/action/feeds/action_mallskgs.xml HTTP/2.0" 200 55163202 "-" "-"
66.211.183.73 - - [05/Mar/2025:00:08:46 +0100] "GET /Jurek/eurofirany/images/438717/0.jpg HTTP/1.1" 200 105392 "-" "scalaj-http/2.4.2"
66.211.183.73 - - [05/Mar/2025:00:08:55 +0100] "GET /Jurek/eurofirany/images/383180/0.jpg HTTP/1.1" 200 75147 "-" "scalaj-http/2.4.2"
46.101.116.244 - - [05/Mar/2025:00:09:03 +0100] "GET /Jurek/b3/feeds/b3_mallskgs.xml HTTP/2.0" 200 7325764 "-" "-"
66.211.183.74 - - [05/Mar/2025:00:09:04 +0100] "GET /Jurek/eurofirany/images/416135/0.jpg HTTP/1.1" 200 92572 "-" "scalaj-http/2.4.2"
46.101.116.244 - - [05/Mar/2025:00:09:14 +0100] "GET /Jurek/benbaby/feeds/benbaby_mallskgs.xml HTTP/2.0" 200 3765078 "-" "-"
66.249.66.67 - - [05/Mar/2025:00:09:18 +0100] "GET /Jurek/eurofirany/images/438608/6.jpg HTTP/1.1" 200 33 "-" "Googlebot-Image/1.0"
46.101.116.244 - - [05/Mar/2025:00:09:25 +0100] "GET /Jurek/emibig/feeds/emibig_mallskgs.xml HTTP/2.0" 200 2497373 "-" "-"
46.101.116.244 - - [05/Mar/2025:00:09:37 +0100] "GET /Jurek/hurtownia_przemyslowa/feeds/hp_mallskgs.xml HTTP/2.0" 200 49553314 "-" "-"
66.249.66.66 - - [05/Mar/2025:00:09:45 +0100] "GET /Jurek/eurofirany/images/401946/6.jpg HTTP/1.1" 200 6595 "-" "Googlebot-Image/1.0"
66.135.202.75 - - [05/Mar/2025:00:10:01 +0100] "GET /Jurek/eurofirany/images/389987/0.jpg HTTP/1.1" 200 114139 "-" "Java/17.0.12.0.101"
66.135.202.73 - - [05/Mar/2025:00:10:17 +0100] "GET /Jurek/eurofirany/images/374433/0.jpg HTTP/1.1" 200 83338 "-" "Java/17.0.12.0.101"
66.249.66.66 - - [05/Mar/2025:00:10:24 +0100] "GET /Jurek/eurofirany/images/402762/4.jpg HTTP/1.1" 200 6595 "-" "Googlebot-Image/1.0"
66.211.183.72 - - [05/Mar/2025:00:10:31 +0100] "GET /Jurek/eurofirany/images/390199/0.jpg HTTP/1.1" 200 169150 "-" "scalaj-http/2.4.2"
66.211.183.70 - - [05/Mar/2025:00:10:49 +0100] "GET /Jurek/eurofirany/images/463589/0.jpg HTTP/1.1" 200 0 "-" "scalaj-http/2.4.2"
44.200.255.203 - - [05/Mar/2025:00:11:01 +0100] "GET / HTTP/1.1" 200 1559 "-" "Mozilla/5.0 (Windows NT 10.0; Win64; x64) AppleWebKit/537.36 (KHTML, like Gecko) Chrome/100.0.4896.75 Safari/537.36"
66.249.66.66 - - [05/Mar/2025:00:11:06 +0100] "GET /Jurek/topeshop/downloaded_images/5902838461273_Sonoma_Rtv.jpg HTTP/1.1" 404 3551 "-" "Googlebot-Image/1.0"
46.101.116.244 - - [05/Mar/2025:00:11:09 +0100] "GET /Jurek/aw/feeds/aw_fnacfr.xml HTTP/1.0" 404 3551 "-" "-"
66.211.183.72 - - [05/Mar/2025:00:11:13 +0100] "GET /Jurek/eurofirany/images/408876/0.jpg HTTP/1.1" 200 81276 "-" "scalaj-http/2.4.2"
46.101.116.244 - - [05/Mar/2025:00:11:27 +0100] "GET /Filip/feeds/xlsx_ceneo.xml HTTP/1.0" 200 6241376 "-" "-"
91.206.37.14 - - [05/Mar/2025:00:11:29 +0100] "GET /Jurek/eurofirany/images/431702/0.jpg HTTP/2.0" 200 6625 "-" "EmagContentMedia/1.0.0"
46.101.116.244 - - [05/Mar/2025:00:11:35 +0100] "GET /Jurek/teamson/feeds/teamson_mallsk.xml HTTP/2.0" 200 1094496 "-" "-"
66.211.183.74 - - [05/Mar/2025:00:11:42 +0100] "GET /Jurek/topeshop/downloaded_images/5904507209858_Image0007_mini.jpg HTTP/1.1" 404 3551 "-" "scalaj-http/2.4.2"
46.101.116.244 - - [05/Mar/2025:00:11:46 +0100] "GET /Jurek/unimet/feeds/unimet_mallsk.xml HTTP/2.0" 200 60211662 "-" "-"
66.211.183.74 - - [05/Mar/2025:00:11:56 +0100] "GET /Jurek/eurofirany/images/390017/0.jpg HTTP/1.1" 200 183812 "-" "scalaj-http/2.4.2"
66.211.183.70 - - [05/Mar/2025:00:12:18 +0100] "GET /Jurek/eurofirany/images/410616/0.jpg HTTP/1.1" 200 120283 "-" "scalaj-http/2.4.2"
66.211.183.74 - - [05/Mar/2025:00:12:23 +0100] "GET /Jurek/topeshop/downloaded_images/5902838467671_2.png HTTP/1.1" 404 3551 "-" "scalaj-http/2.4.2"
66.249.66.67 - - [05/Mar/2025:00:12:24 +0100] "GET /Jurek/eurofirany/images/390400/5.jpg HTTP/1.1" 200 183103 "-" "Googlebot-Image/1.0"
46.101.116.244 - - [05/Mar/2025:00:12:30 +0100] "GET /Jurek/beliani/feeds/beliani_sk_mallsk.xml HTTP/2.0" 200 33848731 "-" "-"
46.101.116.244 - - [05/Mar/2025:00:12:51 +0100] "GET /Jurek/rovicky/feeds/rovicky_mallsk.xml HTTP/2.0" 200 14179074 "-" "-"
66.211.183.71 - - [05/Mar/2025:00:12:59 +0100] "GET /Jurek/eurofirany/images/383864/0.jpg HTTP/1.1" 200 194659 "-" "scalaj-http/2.4.2"
46.101.116.244 - - [05/Mar/2025:00:13:02 +0100] "GET /Jurek/detian/feeds/detian_mallsk.xml HTTP/2.0" 404 3551 "-" "-"
46.101.116.244 - - [05/Mar/2025:00:13:12 +0100] "GET /Jurek/ikonka/feeds/ikonka_mallsk.xml HTTP/2.0" 200 21400003 "-" "-"
66.211.183.70 - - [05/Mar/2025:00:13:22 +0100] "GET /Jurek/eurofirany/images/390402/0.jpg HTTP/1.1" 200 122464 "-" "scalaj-http/2.4.2"
46.101.116.244 - - [05/Mar/2025:00:13:25 +0100] "GET /Jurek/candellux/feeds/candellux_mallsk.xml HTTP/2.0" 200 465684 "-" "-"
46.101.116.244 - - [05/Mar/2025:00:13:35 +0100] "GET /Jurek/andex/feeds/andex_mallsk.xml HTTP/2.0" 200 1953405 "-" "-"
66.211.183.70 - - [05/Mar/2025:00:13:43 +0100] "GET /Jurek/eurofirany/images/383057/0.jpg HTTP/1.1" 200 69046 "-" "scalaj-http/2.4.2"
46.101.116.244 - - [05/Mar/2025:00:13:46 +0100] "GET /Jurek/chemex/feeds/chemex_mallsk.xml HTTP/2.0" 200 47819634 "-" "-"
46.101.116.244 - - [05/Mar/2025:00:14:00 +0100] "GET /Jurek/barbecook/feeds/barbecook_mallsk.xml HTTP/2.0" 200 87533 "-" "-"
46.101.116.244 - - [05/Mar/2025:00:14:11 +0100] "GET /Jurek/duka/feeds/duka_mallsk.xml HTTP/2.0" 200 57 "-" "-"
46.101.116.244 - - [05/Mar/2025:00:14:21 +0100] "GET /Jurek/miloohome/feeds/miloohome_mallsk.xml HTTP/2.0" 200 1421036 "-" "-"
66.211.183.73 - - [05/Mar/2025:00:14:21 +0100] "GET /Jurek/eurofirany/images/389598/0.jpg HTTP/1.1" 200 134177 "-" "scalaj-http/2.4.2"
46.101.116.244 - - [05/Mar/2025:00:14:32 +0100] "GET /Jurek/stema/feeds/stema_mallsk.xml HTTP/2.0" 200 838533 "-" "-"
46.101.116.244 - - [05/Mar/2025:00:14:43 +0100] "GET /Jurek/aw/feeds/awnarzedzia_mallsk.xml HTTP/2.0" 200 90366241 "-" "-"
66.211.183.70 - - [05/Mar/2025:00:15:12 +0100] "GET /Jurek/eurofirany/images/390066/0.jpg HTTP/1.1" 200 143274 "-" "scalaj-http/2.4.2"
66.211.183.72 - - [05/Mar/2025:00:15:25 +0100] "GET /Jurek/eurofirany/images/372659/0.jpg HTTP/1.1" 200 69040 "-" "scalaj-http/2.4.2"
66.211.183.72 - - [05/Mar/2025:00:15:47 +0100] "GET /Jurek/eurofirany/images/389938/0.jpg HTTP/1.1" 200 228488 "-" "scalaj-http/2.4.2"
66.211.183.70 - - [05/Mar/2025:00:15:52 +0100] "GET /Jurek/eurofirany/images/390037/0.jpg HTTP/1.1" 200 208032 "-" "scalaj-http/2.4.2"
66.211.183.71 - - [05/Mar/2025:00:15:53 +0100] "GET /Jurek/eurofirany/images/419260/0.jpg HTTP/1.1" 200 127913 "-" "scalaj-http/2.4.2"
46.101.116.244 - - [05/Mar/2025:00:15:54 +0100] "GET /Jurek/fernity/feeds/fernity_mallsk.xml HTTP/2.0" 200 5223988 "-" "-"
46.101.116.244 - - [05/Mar/2025:00:16:05 +0100] "GET /Jurek/aw/feeds/aw_fnacfr.xml HTTP/1.0" 404 3551 "-" "-"
66.211.183.70 - - [05/Mar/2025:00:16:10 +0100] "GET /Jurek/eurofirany/images/407885/0.jpg HTTP/1.1" 200 101459 "-" "scalaj-http/2.4.2"
46.101.116.244 - - [05/Mar/2025:00:16:17 +0100] "GET /Jurek/kinghoff/feeds/kinghoff_mallsk.xml HTTP/2.0" 200 15105644 "-" "-"
46.101.116.244 - - [05/Mar/2025:00:16:22 +0100] "GET /Filip/feeds/xlsx_ceneo.xml HTTP/1.0" 200 6241376 "-" "-"
46.101.116.244 - - [05/Mar/2025:00:16:31 +0100] "GET /Jurek/kinghome/feeds/kinghome_mallsk.xml HTTP/2.0" 200 5752649 "-" "-"
46.101.116.244 - - [05/Mar/2025:00:16:42 +0100] "GET /Jurek/vivaldi/feeds/vivaldi_Mall-sk.xml HTTP/2.0" 200 344659 "-" "-"
66.211.183.72 - - [05/Mar/2025:00:16:44 +0100] "GET /Jurek/eurofirany/images/454472/0.jpg HTTP/1.1" 200 120737 "-" "scalaj-http/2.4.2"
91.206.37.14 - - [05/Mar/2025:00:16:48 +0100] "GET /Jurek/eurofirany/images/431702/0.jpg HTTP/2.0" 200 6625 "-" "EmagContentMedia/1.0.0"
46.101.116.244 - - [05/Mar/2025:00:16:52 +0100] "GET /Jurek/eurofirany/feeds/eurofirany_mall_sk_shumee.xml HTTP/2.0" 200 18744167 "-" "-"
66.211.183.70 - - [05/Mar/2025:00:16:52 +0100] "GET /Jurek/eurofirany/images/390041/0.jpg HTTP/1.1" 200 184060 "-" "scalaj-http/2.4.2"
66.249.66.66 - - [05/Mar/2025:00:17:42 +0100] "GET /Jurek/eurofirany/images/390018/6.jpg HTTP/1.1" 200 266093 "-" "Googlebot-Image/1.0"
66.249.66.66 - - [05/Mar/2025:00:17:44 +0100] "GET /Jurek/eurofirany/images/390018/7.jpg HTTP/1.1" 200 6595 "-" "Googlebot-Image/1.0"
66.249.66.66 - - [05/Mar/2025:00:17:56 +0100] "GET /Jurek/eurofirany/images/398808/8.jpg HTTP/1.1" 200 6625 "-" "Googlebot-Image/1.0"
66.211.183.71 - - [05/Mar/2025:00:18:17 +0100] "GET /Jurek/eurofirany/images/416438/0.jpg HTTP/1.1" 200 105080 "-" "scalaj-http/2.4.2"
66.211.183.73 - - [05/Mar/2025:00:18:26 +0100] "GET /Jurek/eurofirany/images/402867/0.jpg HTTP/1.1" 200 79038 "-" "scalaj-http/2.4.2"
66.211.183.73 - - [05/Mar/2025:00:18:45 +0100] "GET /Jurek/eurofirany/images/408265/0.jpg HTTP/1.1" 200 75647 "-" "scalaj-http/2.4.2"
66.249.66.66 - - [05/Mar/2025:00:18:50 +0100] "GET /Jurek/eurofirany/images/409420/6.jpg HTTP/1.1" 200 598577 "-" "Googlebot-Image/1.0"
66.249.66.66 - - [05/Mar/2025:00:18:50 +0100] "GET /Jurek/eurofirany/images/409420/5.jpg HTTP/1.1" 200 598576 "-" "Googlebot-Image/1.0"
66.249.66.66 - - [05/Mar/2025:00:18:51 +0100] "GET /Jurek/eurofirany/images/409420/7.jpg HTTP/1.1" 200 598576 "-" "Googlebot-Image/1.0"
66.211.183.74 - - [05/Mar/2025:00:18:58 +0100] "GET /Jurek/eurofirany/images/389924/0.jpg HTTP/1.1" 200 180432 "-" "scalaj-http/2.4.2"
66.211.183.74 - - [05/Mar/2025:00:19:05 +0100] "GET /Jurek/eurofirany/images/390110/0.jpg HTTP/1.1" 200 163763 "-" "scalaj-http/2.4.2"
46.101.116.244 - - [05/Mar/2025:00:19:24 +0100] "GET /Jurek/flhf/feeds/flhf_mallsk.xml HTTP/2.0" 404 3551 "-" "-"
46.101.116.244 - - [05/Mar/2025:00:19:35 +0100] "GET /Jurek/octopia/feeds/octopia_mallsk.xml HTTP/2.0" 200 10591058 "-" "-"
66.249.66.66 - - [05/Mar/2025:00:19:36 +0100] "GET /Jurek/eurofirany/images/434742/9.jpg HTTP/1.1" 200 33 "-" "Googlebot-Image/1.0"
66.211.183.71 - - [05/Mar/2025:00:19:50 +0100] "GET /Jurek/eurofirany/images/383463/0.jpg HTTP/1.1" 200 78770 "-" "scalaj-http/2.4.2"
66.211.183.72 - - [05/Mar/2025:00:19:52 +0100] "GET /Jurek/eurofirany/images/383067/0.jpg HTTP/1.1" 200 72405 "-" "scalaj-http/2.4.2"
66.211.183.71 - - [05/Mar/2025:00:20:01 +0100] "GET /Jurek/eurofirany/images/383860/0.jpg HTTP/1.1" 200 214600 "-" "scalaj-http/2.4.2"
66.249.66.66 - - [05/Mar/2025:00:20:06 +0100] "GET /Jurek/eurofirany/images/390424/8.jpg HTTP/1.1" 200 122714 "-" "Googlebot-Image/1.0"
66.249.66.66 - - [05/Mar/2025:00:20:11 +0100] "GET /Jurek/eurofirany/images/390424/9.jpg HTTP/1.1" 200 92563 "-" "Googlebot-Image/1.0"
46.101.116.244 - - [05/Mar/2025:00:20:12 +0100] "GET /Jurek/action/feeds/action_mallhu.xml HTTP/1.1" 200 55245393 "-" "-"
46.101.116.244 - - [05/Mar/2025:00:20:19 +0100] "GET /Jurek/vidaSK/feeds/vida_mall.xml HTTP/2.0" 200 636777276 "-" "-"
66.211.183.72 - - [05/Mar/2025:00:20:32 +0100] "GET /Jurek/eurofirany/images/403490/0.jpg HTTP/1.1" 200 74663 "-" "scalaj-http/2.4.2"
66.211.183.73 - - [05/Mar/2025:00:20:51 +0100] "GET /Jurek/eurofirany/images/390014/0.jpg HTTP/1.1" 200 168905 "-" "scalaj-http/2.4.2"
66.211.183.72 - - [05/Mar/2025:00:21:09 +0100] "GET /Jurek/topeshop/downloaded_images/5904507201425_2.jpg HTTP/1.1" 404 3551 "-" "scalaj-http/2.4.2"
46.101.116.244 - - [05/Mar/2025:00:21:22 +0100] "GET /Jurek/aw/feeds/aw_fnacfr.xml HTTP/1.0" 404 3551 "-" "-"
66.211.183.72 - - [05/Mar/2025:00:21:29 +0100] "GET /Jurek/eurofirany/images/383166/0.jpg HTTP/1.1" 200 85519 "-" "scalaj-http/2.4.2"
46.101.116.244 - - [05/Mar/2025:00:21:42 +0100] "GET /Filip/feeds/xlsx_ceneo.xml HTTP/1.0" 200 6241376 "-" "-"
66.211.183.70 - - [05/Mar/2025:00:22:36 +0100] "GET /Jurek/eurofirany/images/408344/0.jpg HTTP/1.1" 200 68800 "-" "scalaj-http/2.4.2"
66.211.183.74 - - [05/Mar/2025:00:22:36 +0100] "GET /Jurek/eurofirany/images/372976/0.jpg HTTP/1.1" 200 69040 "-" "scalaj-http/2.4.2"
66.211.183.74 - - [05/Mar/2025:00:22:51 +0100] "GET /Jurek/eurofirany/images/390046/0.jpg HTTP/1.1" 200 123097 "-" "scalaj-http/2.4.2"
66.211.183.72 - - [05/Mar/2025:00:23:04 +0100] "GET /Jurek/eurofirany/images/354682/0.jpg HTTP/1.1" 200 117588 "-" "scalaj-http/2.4.2"
66.211.183.70 - - [05/Mar/2025:00:23:05 +0100] "GET /Jurek/eurofirany/images/409907/0.jpg HTTP/1.1" 200 78745 "-" "scalaj-http/2.4.2"
66.249.66.67 - - [05/Mar/2025:00:23:12 +0100] "GET /Jurek/eurofirany/images/390400/9.jpg HTTP/1.1" 200 6595 "-" "Googlebot-Image/1.0"
66.211.183.74 - - [05/Mar/2025:00:23:15 +0100] "GET /Jurek/eurofirany/images/11748/0.jpg HTTP/1.1" 200 100949 "-" "scalaj-http/2.4.2"
40.77.167.32 - - [05/Mar/2025:00:23:38 +0100] "GET /Jurek/eurofirany/images/398788/1.jpg HTTP/2.0" 200 53777 "-" "Mozilla/5.0 AppleWebKit/537.36 (KHTML, like Gecko; compatible; bingbot/2.0; +http://www.bing.com/bingbot.htm) Chrome/116.0.1938.76 Safari/537.36"
89.161.206.59 - - [05/Mar/2025:00:24:00 +0100] "GET /Jurek/erohurtownia/feeds/erohurtownia_amazonde.xml HTTP/1.0" 200 23304515 "-" "-"
66.211.183.70 - - [05/Mar/2025:00:24:13 +0100] "GET /Jurek/eurofirany/images/389929/0.jpg HTTP/1.1" 200 215707 "-" "scalaj-http/2.4.2"
46.101.116.244 - - [05/Mar/2025:00:24:33 +0100] "GET /Jurek/chemex/feeds/chemex_empik.xml HTTP/1.0" 200 47822490 "-" "-"
66.211.183.72 - - [05/Mar/2025:00:24:37 +0100] "GET /Jurek/eurofirany/images/416441/0.jpg HTTP/1.1" 200 117339 "-" "scalaj-http/2.4.2"
66.211.183.74 - - [05/Mar/2025:00:24:40 +0100] "GET /Jurek/eurofirany/images/390030/0.jpg HTTP/1.1" 200 166817 "-" "scalaj-http/2.4.2"
66.211.183.74 - - [05/Mar/2025:00:25:06 +0100] "GET /Jurek/eurofirany/images/403214/0.jpg HTTP/1.1" 200 118364 "-" "scalaj-http/2.4.2"
66.211.183.70 - - [05/Mar/2025:00:25:49 +0100] "GET /Jurek/eurofirany/images/390059/0.jpg HTTP/1.1" 200 120347 "-" "scalaj-http/2.4.2"
66.211.183.70 - - [05/Mar/2025:00:25:54 +0100] "GET /Jurek/eurofirany/images/383395/0.jpg HTTP/1.1" 200 78770 "-" "scalaj-http/2.4.2"
46.101.116.244 - - [05/Mar/2025:00:26:05 +0100] "GET /Jurek/aw/feeds/aw_fnacfr.xml HTTP/1.0" 404 3551 "-" "-"
89.161.206.59 - - [05/Mar/2025:00:26:08 +0100] "GET /Jurek/eurofirany/feeds/eurofirany_manomanofr.xml HTTP/1.0" 200 18745268 "-" "-"
46.101.116.244 - - [05/Mar/2025:00:26:22 +0100] "GET /Filip/feeds/xlsx_ceneo.xml HTTP/1.0" 200 6241376 "-" "-"
5.134.208.158 - - [05/Mar/2025:00:26:25 +0100] "GET /Jurek/eurofirany/images/388740/0.jpg HTTP/1.1" 200 53790 "-" "-"
46.101.116.244 - - [05/Mar/2025:00:26:52 +0100] "GET /Jurek/eurofirany/feeds/eurofirany_ceneo.xml HTTP/1.0" 200 18749002 "-" "-"
66.249.66.66 - - [05/Mar/2025:00:27:25 +0100] "GET /Jurek/eurofirany/images/416137/8.jpg HTTP/1.1" 200 6595 "-" "Googlebot-Image/1.0"
89.161.206.59 - - [05/Mar/2025:00:27:29 +0100] "GET /Jurek/topeshop/feeds/topeshop_amazonFR.xml HTTP/1.0" 200 2437595 "-" "-"
89.161.206.59 - - [05/Mar/2025:00:27:30 +0100] "GET /Jurek/topeshop/feeds/topeshop_amazonIT.xml HTTP/1.0" 200 2437605 "-" "-"
89.161.206.59 - - [05/Mar/2025:00:27:30 +0100] "GET /Jurek/topeshop/feeds/topeshop_amazonDE.xml HTTP/1.0" 200 2437512 "-" "-"
89.161.206.59 - - [05/Mar/2025:00:27:30 +0100] "GET /Jurek/topeshop/feeds/topeshop_amazonSE.xml HTTP/1.0" 200 2438264 "-" "-"
89.161.206.59 - - [05/Mar/2025:00:27:30 +0100] "GET /Jurek/topeshop/feeds/topeshop_amazonES.xml HTTP/1.0" 200 2437579 "-" "-"
89.161.206.59 - - [05/Mar/2025:00:27:31 +0100] "GET /Jurek/topeshop/feeds/topeshop_amazonNL.xml HTTP/1.0" 200 2437585 "-" "-"
89.161.206.59 - - [05/Mar/2025:00:27:31 +0100] "GET /Jurek/topeshop/feeds/topeshop_amazonBE.xml HTTP/1.0" 200 2437601 "-" "-"
89.161.206.59 - - [05/Mar/2025:00:27:34 +0100] "GET /Jurek/ikonka/feeds/ikonka_amazonES.xml HTTP/1.0" 200 21400001 "-" "-"
66.249.66.66 - - [05/Mar/2025:00:27:45 +0100] "GET /Jurek/eurofirany/images/416137/9.jpg HTTP/1.1" 200 6595 "-" "Googlebot-Image/1.0"
66.211.183.72 - - [05/Mar/2025:00:27:58 +0100] "GET /Jurek/topeshop/downloaded_images/5902838461129_1_Sonoma_mix.png HTTP/1.1" 404 3551 "-" "scalaj-http/2.4.2"
66.249.66.68 - - [05/Mar/2025:00:28:15 +0100] "GET /Jurek/eurofirany/images/386712/12.jpg HTTP/1.1" 200 124711 "-" "Googlebot-Image/1.0"
5.134.208.158 - - [05/Mar/2025:00:28:29 +0100] "GET /Jurek/eurofirany/images/392146/0.jpg HTTP/1.1" 200 28226 "-" "-"
66.249.66.66 - - [05/Mar/2025:00:29:14 +0100] "GET /Jurek/eurofirany/images/386192/2.jpg HTTP/1.1" 200 38992 "-" "Googlebot-Image/1.0"
178.21.154.6 - - [05/Mar/2025:00:29:45 +0100] "GET /Jurek/eurofirany/images/382894/0.jpg HTTP/1.1" 200 117123 "-" "-"
66.211.183.72 - - [05/Mar/2025:00:30:03 +0100] "GET /Jurek/eurofirany/images/383336/0.jpg HTTP/1.1" 200 76845 "-" "scalaj-http/2.4.2"
89.161.206.59 - - [05/Mar/2025:00:30:12 +0100] "GET /Jurek/hurtownia_przemyslowa/feeds/hp_allegro_cz.xml HTTP/1.0" 200 49560302 "-" "-"
89.161.206.59 - - [05/Mar/2025:00:30:17 +0100] "GET /Jurek/sempler/feeds/sempler_allegro.xml HTTP/1.0" 200 6553627 "-" "-"
89.161.206.59 - - [05/Mar/2025:00:30:19 +0100] "GET /Jurek/narzbud/feeds/narzbud_allegro.xml HTTP/1.0" 200 1958396 "-" "-"
89.161.206.59 - - [05/Mar/2025:00:30:19 +0100] "GET /Jurek/ekolight/feeds/ekolight_allegro.xml HTTP/1.0" 200 9053743 "-" "-"
66.211.183.70 - - [05/Mar/2025:00:30:27 +0100] "GET /Jurek/eurofirany/images/389915/0.jpg HTTP/1.1" 200 185758 "-" "scalaj-http/2.4.2"
66.211.183.74 - - [05/Mar/2025:00:31:11 +0100] "GET /Jurek/eurofirany/images/398807/0.jpg HTTP/1.1" 200 31541 "-" "scalaj-http/2.4.2"
66.249.66.66 - - [05/Mar/2025:00:31:27 +0100] "GET /Jurek/eurofirany/images/389611/7.jpg HTTP/1.1" 200 6595 "-" "Googlebot-Image/1.0"
46.101.116.244 - - [05/Mar/2025:00:31:35 +0100] "GET /Jurek/aw/feeds/aw_fnacfr.xml HTTP/1.0" 404 3551 "-" "-"
89.161.206.59 - - [05/Mar/2025:00:31:40 +0100] "GET /Jurek/ikonka/feeds/ikonka_skroutz.xml HTTP/1.0" 200 21400051 "-" "-"
66.249.66.66 - - [05/Mar/2025:00:31:44 +0100] "GET /Jurek/eurofirany/images/421724/8.jpg HTTP/1.1" 200 598575 "-" "Googlebot-Image/1.0"
46.101.116.244 - - [05/Mar/2025:00:31:51 +0100] "GET /Filip/feeds/xlsx_ceneo.xml HTTP/1.0" 200 6241376 "-" "-"
66.211.183.72 - - [05/Mar/2025:00:31:52 +0100] "GET /Jurek/eurofirany/images/383177/0.jpg HTTP/1.1" 200 75101 "-" "scalaj-http/2.4.2"
66.249.66.66 - - [05/Mar/2025:00:31:54 +0100] "GET /Jurek/eurofirany/images/421724/9.jpg HTTP/1.1" 200 6585 "-" "Googlebot-Image/1.0"
66.249.66.66 - - [05/Mar/2025:00:31:55 +0100] "GET /Jurek/eurofirany/images/421724/7.jpg HTTP/1.1" 200 598584 "-" "Googlebot-Image/1.0"
66.211.183.70 - - [05/Mar/2025:00:31:59 +0100] "GET /Jurek/eurofirany/images/403493/0.jpg HTTP/1.1" 200 64205 "-" "scalaj-http/2.4.2"
66.211.183.71 - - [05/Mar/2025:00:32:28 +0100] "GET /Jurek/topeshop/downloaded_images/5902838468463_1sonoma.png HTTP/1.1" 404 3551 "-" "scalaj-http/2.4.2"
66.211.183.74 - - [05/Mar/2025:00:32:44 +0100] "GET /Jurek/eurofirany/images/421725/0.jpg HTTP/1.1" 200 128195 "-" "scalaj-http/2.4.2"
46.101.116.244 - - [05/Mar/2025:00:32:52 +0100] "GET /Jurek/intsell/feeds/intsell_amazonde.xml HTTP/1.0" 200 338784274 "-" "-"
66.249.66.67 - - [05/Mar/2025:00:33:03 +0100] "GET /Jurek/eurofirany/images/383703/1.jpg HTTP/1.1" 200 68450 "-" "Googlebot-Image/1.0"
66.211.183.72 - - [05/Mar/2025:00:33:18 +0100] "GET /Jurek/eurofirany/images/389893/0.jpg HTTP/1.1" 200 163763 "-" "scalaj-http/2.4.2"
66.211.183.72 - - [05/Mar/2025:00:33:28 +0100] "GET /Jurek/eurofirany/images/416152/0.jpg HTTP/1.1" 200 99814 "-" "scalaj-http/2.4.2"
66.249.66.66 - - [05/Mar/2025:00:33:30 +0100] "GET /Jurek/eurofirany/images/438609/6.jpg HTTP/1.1" 200 33 "-" "Googlebot-Image/1.0"
89.161.206.59 - - [05/Mar/2025:00:33:50 +0100] "GET /Jurek/swiatecznygoliat/feeds/swiatecznygoliat_amazonde.xml HTTP/1.0" 200 7054356 "-" "-"
89.161.206.59 - - [05/Mar/2025:00:33:58 +0100] "GET /Jurek/fernity/feeds/fernity_skroutz.xml HTTP/1.0" 200 5224543 "-" "-"
66.211.183.71 - - [05/Mar/2025:00:34:01 +0100] "GET /Jurek/eurofirany/images/404883/0.jpg HTTP/1.1" 200 121187 "-" "scalaj-http/2.4.2"
89.161.206.59 - - [05/Mar/2025:00:34:06 +0100] "GET /Jurek/drops/feeds/dropsofficecolection_allegro.xml HTTP/1.0" 200 787961 "-" "-"
89.161.206.59 - - [05/Mar/2025:00:34:06 +0100] "GET /Jurek/velinda/feeds/velinda_allegro.xml HTTP/1.0" 200 4283062 "-" "-"
66.249.66.66 - - [05/Mar/2025:00:34:14 +0100] "GET /Jurek/eurofirany/images/372650/6.jpg HTTP/1.1" 200 6595 "-" "Googlebot-Image/1.0"
66.249.66.66 - - [05/Mar/2025:00:34:14 +0100] "GET /Jurek/eurofirany/images/416442/9.jpg HTTP/1.1" 200 6595 "-" "Googlebot-Image/1.0"
89.161.206.59 - - [05/Mar/2025:00:34:14 +0100] "GET /Jurek/activeshop/feeds/activeshop_skroutz.xml HTTP/1.0" 200 10451708 "-" "-"
66.249.66.66 - - [05/Mar/2025:00:34:20 +0100] "GET /Jurek/eurofirany/images/416442/7.jpg HTTP/1.1" 200 6595 "-" "Googlebot-Image/1.0"
66.249.66.66 - - [05/Mar/2025:00:34:22 +0100] "GET /Jurek/eurofirany/images/416442/8.jpg HTTP/1.1" 200 6595 "-" "Googlebot-Image/1.0"
66.249.66.66 - - [05/Mar/2025:00:34:25 +0100] "GET /Jurek/eurofirany/images/416442/6.jpg HTTP/1.1" 200 6595 "-" "Googlebot-Image/1.0"
52.17.80.36 - - [05/Mar/2025:00:34:26 +0100] "GET /marketplaces/worten2/results/worten.csv HTTP/1.1" 200 147217 "-" "Mirakl HttpClient"
66.211.183.70 - - [05/Mar/2025:00:34:34 +0100] "GET /Jurek/eurofirany/images/409903/0.jpg HTTP/1.1" 200 188678 "-" "scalaj-http/2.4.2"
66.211.183.71 - - [05/Mar/2025:00:34:42 +0100] "GET /Jurek/eurofirany/images/391107/0.jpg HTTP/1.1" 200 98566 "-" "scalaj-http/2.4.2"
46.101.116.244 - - [05/Mar/2025:00:34:52 +0100] "GET /Jurek/beliani/feeds/beliani_skroutz.xml HTTP/1.0" 200 31839665 "-" "-"
66.211.183.72 - - [05/Mar/2025:00:34:58 +0100] "GET /Jurek/eurofirany/images/372982/0.jpg HTTP/1.1" 200 63261 "-" "scalaj-http/2.4.2"
66.249.66.67 - - [05/Mar/2025:00:35:02 +0100] "GET /Jurek/eurofirany/images/386712/10.jpg HTTP/1.1" 200 185594 "-" "Googlebot-Image/1.0"
66.211.183.71 - - [05/Mar/2025:00:35:18 +0100] "GET /Jurek/eurofirany/images/383319/0.jpg HTTP/1.1" 200 87988 "-" "scalaj-http/2.4.2"
66.211.183.72 - - [05/Mar/2025:00:35:26 +0100] "GET /Jurek/eurofirany/images/390117/0.jpg HTTP/1.1" 200 156799 "-" "scalaj-http/2.4.2"
66.211.183.71 - - [05/Mar/2025:00:35:28 +0100] "GET /Jurek/eurofirany/images/389928/0.jpg HTTP/1.1" 200 173904 "-" "scalaj-http/2.4.2"
66.211.183.71 - - [05/Mar/2025:00:35:42 +0100] "GET /Jurek/eurofirany/images/383464/0.jpg HTTP/1.1" 200 78770 "-" "scalaj-http/2.4.2"
66.211.183.73 - - [05/Mar/2025:00:35:55 +0100] "GET /Jurek/eurofirany/images/372648/0.jpg HTTP/1.1" 200 65038 "-" "scalaj-http/2.4.2"
178.21.154.6 - - [05/Mar/2025:00:36:06 +0100] "GET /Jurek/eurofirany/images/392273/0.jpg HTTP/1.1" 200 40983 "-" "-"
178.21.154.6 - - [05/Mar/2025:00:36:29 +0100] "GET /Jurek/eurofirany/images/392299/0.jpg HTTP/1.1" 200 47649 "-" "-"
66.211.183.73 - - [05/Mar/2025:00:36:53 +0100] "GET /Jurek/eurofirany/images/383363/0.jpg HTTP/1.1" 200 73843 "-" "scalaj-http/2.4.2"
178.21.154.6 - - [05/Mar/2025:00:37:12 +0100] "GET /Jurek/eurofirany/images/390299/0.jpg HTTP/1.1" 200 55470 "-" "-"
46.101.116.244 - - [05/Mar/2025:00:37:13 +0100] "GET /Jurek/aw/feeds/aw_fnacfr.xml HTTP/1.0" 404 3551 "-" "-"
66.211.183.70 - - [05/Mar/2025:00:37:15 +0100] "GET /Jurek/eurofirany/images/438710/0.jpg HTTP/1.1" 200 107908 "-" "scalaj-http/2.4.2"
66.211.183.73 - - [05/Mar/2025:00:37:30 +0100] "GET /Jurek/eurofirany/images/372650/0.jpg HTTP/1.1" 200 72110 "-" "scalaj-http/2.4.2"
46.101.116.244 - - [05/Mar/2025:00:37:32 +0100] "GET /Filip/feeds/xlsx_ceneo.xml HTTP/1.0" 200 6241376 "-" "-"
178.21.154.6 - - [05/Mar/2025:00:37:42 +0100] "GET /Jurek/eurofirany/images/401483/0.jpg HTTP/1.1" 200 78166 "-" "-"
66.211.183.74 - - [05/Mar/2025:00:38:11 +0100] "GET /Jurek/eurofirany/images/423205/0.jpg HTTP/1.1" 200 0 "-" "scalaj-http/2.4.2"
66.211.183.73 - - [05/Mar/2025:00:38:15 +0100] "GET /Jurek/eurofirany/images/390280/0.jpg HTTP/1.1" 200 149907 "-" "scalaj-http/2.4.2"
66.211.183.70 - - [05/Mar/2025:00:38:32 +0100] "GET /Jurek/eurofirany/images/382236/0.jpg HTTP/1.1" 200 100949 "-" "scalaj-http/2.4.2"
178.21.154.6 - - [05/Mar/2025:00:38:33 +0100] "GET /Jurek/eurofirany/images/390299/0.jpg HTTP/1.1" 200 55470 "-" "-"
66.211.183.72 - - [05/Mar/2025:00:38:38 +0100] "GET /Jurek/eurofirany/images/389604/0.jpg HTTP/1.1" 200 159369 "-" "scalaj-http/2.4.2"
66.211.183.70 - - [05/Mar/2025:00:38:53 +0100] "GET /Jurek/eurofirany/images/401946/0.jpg HTTP/1.1" 200 264720 "-" "scalaj-http/2.4.2"
66.249.66.67 - - [05/Mar/2025:00:38:58 +0100] "GET /Jurek/eurofirany/images/405402/5.jpg HTTP/1.1" 200 16503 "-" "Googlebot-Image/1.0"
66.211.183.73 - - [05/Mar/2025:00:39:14 +0100] "GET /Jurek/eurofirany/images/383265/0.jpg HTTP/1.1" 200 81569 "-" "scalaj-http/2.4.2"
66.211.183.73 - - [05/Mar/2025:00:39:34 +0100] "GET /Jurek/eurofirany/images/383374/0.jpg HTTP/1.1" 200 73860 "-" "scalaj-http/2.4.2"
66.211.183.74 - - [05/Mar/2025:00:40:00 +0100] "GET /Jurek/eurofirany/images/383473/0.jpg HTTP/1.1" 200 69041 "-" "scalaj-http/2.4.2"
66.211.183.71 - - [05/Mar/2025:00:40:07 +0100] "GET /Jurek/eurofirany/images/398804/0.jpg HTTP/1.1" 200 31541 "-" "scalaj-http/2.4.2"
66.211.183.73 - - [05/Mar/2025:00:40:12 +0100] "GET /Jurek/eurofirany/images/404516/0.jpg HTTP/1.1" 200 42336 "-" "scalaj-http/2.4.2"
66.211.183.72 - - [05/Mar/2025:00:40:20 +0100] "GET /Jurek/eurofirany/images/438670/0.jpg HTTP/1.1" 200 82418 "-" "scalaj-http/2.4.2"
66.211.183.72 - - [05/Mar/2025:00:40:21 +0100] "GET /Jurek/eurofirany/images/402862/0.jpg HTTP/1.1" 200 79038 "-" "scalaj-http/2.4.2"
66.211.183.74 - - [05/Mar/2025:00:40:31 +0100] "GET /Jurek/eurofirany/images/390002/0.jpg HTTP/1.1" 200 171435 "-" "scalaj-http/2.4.2"
66.211.183.72 - - [05/Mar/2025:00:40:47 +0100] "GET /Jurek/eurofirany/images/409902/0.jpg HTTP/1.1" 200 188678 "-" "scalaj-http/2.4.2"
66.249.66.67 - - [05/Mar/2025:00:40:57 +0100] "GET /Jurek/eurofirany/images/390110/4.jpg HTTP/1.1" 200 179346 "-" "Googlebot-Image/1.0"
89.161.206.59 - - [05/Mar/2025:00:41:01 +0100] "GET /Jurek/ikonka/feeds/ikonka_amazonDE.xml HTTP/1.0" 200 21399978 "-" "-"
66.249.66.66 - - [05/Mar/2025:00:41:07 +0100] "GET /Jurek/eurofirany/images/390110/3.jpg HTTP/1.1" 200 216781 "-" "Googlebot-Image/1.0"
66.249.66.66 - - [05/Mar/2025:00:41:09 +0100] "GET /Jurek/eurofirany/images/390110/8.jpg HTTP/1.1" 200 6595 "-" "Googlebot-Image/1.0"
66.249.66.66 - - [05/Mar/2025:00:41:10 +0100] "GET /Jurek/eurofirany/images/390110/5.jpg HTTP/1.1" 200 176386 "-" "Googlebot-Image/1.0"
66.249.66.66 - - [05/Mar/2025:00:41:16 +0100] "GET /Jurek/eurofirany/images/390110/6.jpg HTTP/1.1" 200 145322 "-" "Googlebot-Image/1.0"
66.211.183.71 - - [05/Mar/2025:00:41:37 +0100] "GET /Jurek/eurofirany/images/390051/0.jpg HTTP/1.1" 200 169150 "-" "scalaj-http/2.4.2"
66.211.183.71 - - [05/Mar/2025:00:42:17 +0100] "GET /Jurek/eurofirany/images/438720/0.jpg HTTP/1.1" 200 105392 "-" "scalaj-http/2.4.2"
46.101.116.244 - - [05/Mar/2025:00:42:43 +0100] "GET /Jurek/aw/feeds/aw_fnacfr.xml HTTP/1.0" 404 3551 "-" "-"
66.211.183.71 - - [05/Mar/2025:00:42:46 +0100] "GET /Jurek/eurofirany/images/372964/0.jpg HTTP/1.1" 200 60417 "-" "scalaj-http/2.4.2"
89.161.206.59 - - [05/Mar/2025:00:42:47 +0100] "GET /Jurek/ikonka/feeds/ikonka_amazonNL.xml HTTP/1.0" 200 21400011 "-" "-"
66.211.183.71 - - [05/Mar/2025:00:43:04 +0100] "GET /Jurek/eurofirany/images/457792/0.jpg HTTP/1.1" 200 152038 "-" "scalaj-http/2.4.2"
46.101.116.244 - - [05/Mar/2025:00:43:05 +0100] "GET /Filip/feeds/xlsx_ceneo.xml HTTP/1.0" 200 6241376 "-" "-"
89.161.206.59 - - [05/Mar/2025:00:43:14 +0100] "GET /Jurek/eroplace/feeds/eroplace_amazonnl.xml HTTP/1.0" 200 30849282 "-" "-"
66.211.183.72 - - [05/Mar/2025:00:43:32 +0100] "GET /Jurek/eurofirany/images/387740/0.jpg HTTP/1.1" 200 90823 "-" "scalaj-http/2.4.2"
66.249.66.66 - - [05/Mar/2025:00:43:42 +0100] "GET /Jurek/eurofirany/images/389617/7.jpg HTTP/1.1" 200 6595 "-" "Googlebot-Image/1.0"
46.101.116.244 - - [05/Mar/2025:00:43:44 +0100] "GET /Jurek/topeshop/feeds/topeshop_skr.xml HTTP/1.0" 200 2437608 "-" "-"
66.249.66.66 - - [05/Mar/2025:00:43:45 +0100] "GET /Jurek/eurofirany/images/389617/6.jpg HTTP/1.1" 200 176672 "-" "Googlebot-Image/1.0"
66.211.183.71 - - [05/Mar/2025:00:43:59 +0100] "GET /Jurek/eurofirany/images/391116/0.jpg HTTP/1.1" 200 101651 "-" "scalaj-http/2.4.2"
66.249.66.66 - - [05/Mar/2025:00:44:22 +0100] "GET /Jurek/eurofirany/images/372976/6.jpg HTTP/1.1" 200 6595 "-" "Googlebot-Image/1.0"
66.211.183.72 - - [05/Mar/2025:00:44:29 +0100] "GET /Jurek/eurofirany/images/416142/0.jpg HTTP/1.1" 200 112607 "-" "scalaj-http/2.4.2"
66.249.66.66 - - [05/Mar/2025:00:44:31 +0100] "GET /Jurek/eurofirany/images/438621/7.jpg HTTP/1.1" 200 33 "-" "Googlebot-Image/1.0"
66.249.66.66 - - [05/Mar/2025:00:44:40 +0100] "GET /Jurek/eurofirany/images/438621/6.jpg HTTP/1.1" 200 33 "-" "Googlebot-Image/1.0"
66.211.183.72 - - [05/Mar/2025:00:45:05 +0100] "GET /Jurek/eurofirany/images/398821/0.jpg HTTP/1.1" 200 28870 "-" "scalaj-http/2.4.2"
