66.249.66.66 - - [05/Mar/2025:00:45:10 +0100] "GET /Jurek/topeshop/downloaded_images/5904507201876_KUBABIURKOARTISAN2.png HTTP/1.1" 404 3551 "-" "Googlebot-Image/1.0"
46.101.116.244 - - [05/Mar/2025:00:45:28 +0100] "GET /Jurek/fernity/feeds/fernity_manomano.xml HTTP/1.0" 200 5224288 "-" "-"
46.101.116.244 - - [05/Mar/2025:00:46:05 +0100] "GET /Jurek/aw/feeds/aw_fnacfr.xml HTTP/1.0" 404 3551 "-" "-"
46.101.116.244 - - [05/Mar/2025:00:46:31 +0100] "GET /Filip/feeds/xlsx_ceneo.xml HTTP/1.0" 200 6241376 "-" "-"
66.211.183.73 - - [05/Mar/2025:00:46:36 +0100] "GET /Jurek/eurofirany/images/420598/0.jpg HTTP/1.1" 200 0 "-" "scalaj-http/2.4.2"
66.211.183.71 - - [05/Mar/2025:00:46:43 +0100] "GET /Jurek/eurofirany/images/383106/0.jpg HTTP/1.1" 200 75271 "-" "scalaj-http/2.4.2"
66.249.66.66 - - [05/Mar/2025:00:46:51 +0100] "GET /Jurek/eurofirany/images/389924/5.jpg HTTP/1.1" 200 235943 "-" "Googlebot-Image/1.0"
66.211.183.70 - - [05/Mar/2025:00:47:38 +0100] "GET /Jurek/eurofirany/images/390109/0.jpg HTTP/1.1" 200 171435 "-" "scalaj-http/2.4.2"
66.211.183.74 - - [05/Mar/2025:00:47:57 +0100] "GET /Jurek/topeshop/downloaded_images/5902838468456_Oaplwieszak.png HTTP/1.1" 404 3551 "-" "scalaj-http/2.4.2"
66.211.183.71 - - [05/Mar/2025:00:47:59 +0100] "GET /Jurek/eurofirany/images/390444/0.jpg HTTP/1.1" 200 144267 "-" "scalaj-http/2.4.2"
89.161.206.59 - - [05/Mar/2025:00:48:19 +0100] "GET /Jurek/ekuchcikowo/feeds/ekuchcikowo_allegro.xml HTTP/1.0" 200 13461616 "-" "-"
89.161.206.59 - - [05/Mar/2025:00:48:25 +0100] "GET /Jurek/livinhill/feeds/livinhill_allegro.xml HTTP/1.0" 200 1428027 "-" "-"
89.161.206.59 - - [05/Mar/2025:00:48:25 +0100] "GET /Jurek/urwiskowo/feeds/urwiskowo_allegro.xml HTTP/1.0" 200 9115629 "-" "-"
89.161.206.59 - - [05/Mar/2025:00:48:26 +0100] "GET /Jurek/reman/feeds/reman_allegro.xml HTTP/1.0" 200 1394896 "-" "-"
66.211.183.71 - - [05/Mar/2025:00:49:25 +0100] "GET /Jurek/eurofirany/images/392252/0.jpg HTTP/1.1" 200 33284 "-" "scalaj-http/2.4.2"
89.161.206.59 - - [05/Mar/2025:00:49:38 +0100] "GET /Jurek/hdwr/feeds/hdwr_skroutz.xml HTTP/1.0" 200 777781 "-" "-"
89.161.206.59 - - [05/Mar/2025:00:49:41 +0100] "GET /Jurek/waks/feeds/waks_skroutz.xml HTTP/1.0" 200 6332765 "-" "-"
66.211.183.71 - - [05/Mar/2025:00:49:42 +0100] "GET /Jurek/eurofirany/images/389617/0.jpg HTTP/1.1" 200 149159 "-" "scalaj-http/2.4.2"
89.161.206.59 - - [05/Mar/2025:00:49:53 +0100] "GET /Jurek/pagmil/feeds/pagmil_skroutz.xml HTTP/1.0" 200 1705652 "-" "-"
89.161.206.59 - - [05/Mar/2025:00:49:56 +0100] "GET /Jurek/kambukka/feeds/kambukka_skroutz.xml HTTP/1.0" 200 1046860 "-" "-"
89.161.206.59 - - [05/Mar/2025:00:49:57 +0100] "GET /Jurek/benetech/feeds/benetech_skroutz.xml HTTP/1.0" 200 2842572 "-" "-"
66.249.66.66 - - [05/Mar/2025:00:50:06 +0100] "GET /Jurek/eurofirany/images/383061/7.jpg HTTP/1.1" 200 61307 "-" "Googlebot-Image/1.0"
89.161.206.59 - - [05/Mar/2025:00:50:08 +0100] "GET /Jurek/sempler/feeds/sempler_skroutz.xml HTTP/1.0" 200 6553199 "-" "-"
89.161.206.59 - - [05/Mar/2025:00:50:09 +0100] "GET /Jurek/eroplace/feeds/eroplace_skroutz.xml HTTP/1.0" 200 30849216 "-" "-"
89.161.206.59 - - [05/Mar/2025:00:50:11 +0100] "GET /Jurek/targethome/feeds/targethome_skroutz.xml HTTP/1.0" 200 683589 "-" "-"
66.249.66.66 - - [05/Mar/2025:00:50:47 +0100] "GET /Jurek/eurofirany/images/390400/11.jpg HTTP/1.1" 200 131920 "-" "Googlebot-Image/1.0"
89.161.206.59 - - [05/Mar/2025:00:50:57 +0100] "GET /Jurek/ikonka/feeds/ikonka_amazonIT.xml HTTP/1.0" 200 21400011 "-" "-"
89.161.206.59 - - [05/Mar/2025:00:50:58 +0100] "GET /Jurek/ikonka/feeds/ikonka_amazonFR.xml HTTP/1.0" 200 21399985 "-" "-"
89.161.206.59 - - [05/Mar/2025:00:50:59 +0100] "GET /Jurek/hurtownia_przemyslowa/feeds/hp_amazonDE.xml HTTP/1.0" 200 49553867 "-" "-"
66.249.66.66 - - [05/Mar/2025:00:51:01 +0100] "GET /Jurek/eurofirany/images/390103/0.jpg HTTP/1.1" 200 124529 "-" "Googlebot-Image/1.0"
89.161.206.59 - - [05/Mar/2025:00:51:02 +0100] "GET /Jurek/hurtownia_przemyslowa/feeds/hp_amazonFR.xml HTTP/1.0" 200 49554200 "-" "-"
66.249.66.66 - - [05/Mar/2025:00:51:02 +0100] "GET /Jurek/eurofirany/images/390103/3.jpg HTTP/1.1" 200 145826 "-" "Googlebot-Image/1.0"
66.249.66.66 - - [05/Mar/2025:00:51:03 +0100] "GET /Jurek/eurofirany/images/390103/2.jpg HTTP/1.1" 200 151182 "-" "Googlebot-Image/1.0"
46.101.116.244 - - [05/Mar/2025:00:51:04 +0100] "GET /Jurek/aw/feeds/aw_fnacfr.xml HTTP/1.0" 404 3551 "-" "-"
66.249.66.66 - - [05/Mar/2025:00:51:04 +0100] "GET /Jurek/eurofirany/images/390103/4.jpg HTTP/1.1" 200 152981 "-" "Googlebot-Image/1.0"
66.249.66.66 - - [05/Mar/2025:00:51:04 +0100] "GET /Jurek/eurofirany/images/390103/5.jpg HTTP/1.1" 200 139333 "-" "Googlebot-Image/1.0"
89.161.206.59 - - [05/Mar/2025:00:51:05 +0100] "GET /Jurek/hurtownia_przemyslowa/feeds/hp_amazonIT.xml HTTP/1.0" 200 49554415 "-" "-"
89.161.206.59 - - [05/Mar/2025:00:51:08 +0100] "GET /Jurek/hurtownia_przemyslowa/feeds/hp_amazonNL.xml HTTP/1.0" 200 49554116 "-" "-"
66.249.66.66 - - [05/Mar/2025:00:51:08 +0100] "GET /Jurek/eurofirany/images/390103/1.jpg HTTP/1.1" 200 79159 "-" "Googlebot-Image/1.0"
66.249.66.66 - - [05/Mar/2025:00:51:09 +0100] "GET /Jurek/eurofirany/images/390103/6.jpg HTTP/1.1" 200 6595 "-" "Googlebot-Image/1.0"
89.161.206.59 - - [05/Mar/2025:00:51:10 +0100] "GET /Jurek/hurtownia_przemyslowa/feeds/hp_amazonSE.xml HTTP/1.0" 200 49569907 "-" "-"
66.211.183.73 - - [05/Mar/2025:00:51:17 +0100] "GET /Jurek/eurofirany/images/389608/0.jpg HTTP/1.1" 200 86705 "-" "scalaj-http/2.4.2"
46.101.116.244 - - [05/Mar/2025:00:51:31 +0100] "GET /Filip/feeds/xlsx_ceneo.xml HTTP/1.0" 200 6241376 "-" "-"
66.211.183.70 - - [05/Mar/2025:00:51:48 +0100] "GET /Jurek/eurofirany/images/390318/0.jpg HTTP/1.1" 200 136029 "-" "scalaj-http/2.4.2"
66.211.183.72 - - [05/Mar/2025:00:52:03 +0100] "GET /Jurek/eurofirany/images/402288/0.jpg HTTP/1.1" 200 44997 "-" "scalaj-http/2.4.2"
66.249.66.66 - - [05/Mar/2025:00:52:45 +0100] "GET /Jurek/eurofirany/images/386712/3.jpg HTTP/1.1" 200 137347 "-" "Googlebot-Image/1.0"
66.211.183.74 - - [05/Mar/2025:00:53:02 +0100] "GET /Jurek/eurofirany/images/431704/0.jpg HTTP/1.1" 200 144693 "-" "scalaj-http/2.4.2"
89.161.206.59 - - [05/Mar/2025:00:54:05 +0100] "GET /Jurek/oromed/feeds/oromed_skroutz.xml HTTP/1.0" 200 1021072 "-" "-"
89.161.206.59 - - [05/Mar/2025:00:54:06 +0100] "GET /Jurek/ralmetal/feeds/ralmetal_skroutz.xml HTTP/1.0" 200 1786806 "-" "-"
89.161.206.59 - - [05/Mar/2025:00:54:12 +0100] "GET /Jurek/narzbud/feeds/narzbud_skroutz.xml HTTP/1.0" 200 1958326 "-" "-"
89.161.206.59 - - [05/Mar/2025:00:54:13 +0100] "GET /Jurek/drops/feeds/dropsofficecolection_skroutz.xml HTTP/1.0" 200 787921 "-" "-"
89.161.206.59 - - [05/Mar/2025:00:54:13 +0100] "GET /Jurek/szpaklampy/feeds/szpaklampy_skroutz.xml HTTP/1.0" 200 416433 "-" "-"
89.161.206.59 - - [05/Mar/2025:00:54:55 +0100] "GET /Jurek/kobi/feeds/kobi_skroutz.xml HTTP/1.0" 200 1993278 "-" "-"
66.211.183.74 - - [05/Mar/2025:00:55:37 +0100] "GET /Jurek/eurofirany/images/383096/0.jpg HTTP/1.1" 200 80797 "-" "scalaj-http/2.4.2"
66.211.183.74 - - [05/Mar/2025:00:55:51 +0100] "GET /Jurek/eurofirany/images/389240/0.jpg HTTP/1.1" 200 159369 "-" "scalaj-http/2.4.2"
46.101.116.244 - - [05/Mar/2025:00:55:56 +0100] "GET /Jurek/aw/feeds/aw_fnacfr.xml HTTP/1.0" 404 3551 "-" "-"
46.101.116.244 - - [05/Mar/2025:00:56:15 +0100] "GET /Filip/feeds/xlsx_ceneo.xml HTTP/1.0" 200 6241376 "-" "-"
66.249.66.68 - - [05/Mar/2025:00:56:42 +0100] "GET /Jurek/eurofirany/images/367111/3.jpg HTTP/1.1" 200 141720 "-" "Googlebot-Image/1.0"
66.211.183.74 - - [05/Mar/2025:00:57:18 +0100] "GET /Jurek/eurofirany/images/383164/0.jpg HTTP/1.1" 200 85519 "-" "scalaj-http/2.4.2"
66.211.183.70 - - [05/Mar/2025:00:57:30 +0100] "GET /Jurek/eurofirany/images/438728/0.jpg HTTP/1.1" 200 101507 "-" "scalaj-http/2.4.2"
5.134.208.158 - - [05/Mar/2025:00:57:47 +0100] "GET /Jurek/eurofirany/images/383340/0.jpg HTTP/1.1" 200 73555 "-" "-"
66.211.183.70 - - [05/Mar/2025:00:57:48 +0100] "GET /Jurek/eurofirany/images/389616/0.jpg HTTP/1.1" 200 134368 "-" "scalaj-http/2.4.2"
66.211.183.70 - - [05/Mar/2025:00:57:56 +0100] "GET /Jurek/eurofirany/images/409420/0.jpg HTTP/1.1" 200 34024 "-" "scalaj-http/2.4.2"
66.211.183.71 - - [05/Mar/2025:00:57:57 +0100] "GET /Jurek/eurofirany/images/438713/0.jpg HTTP/1.1" 200 82418 "-" "scalaj-http/2.4.2"
66.211.183.70 - - [05/Mar/2025:00:58:04 +0100] "GET /Jurek/eurofirany/images/389238/0.jpg HTTP/1.1" 200 165083 "-" "scalaj-http/2.4.2"
66.249.66.67 - - [05/Mar/2025:00:58:40 +0100] "GET /Jurek/eurofirany/images/378441/1.jpg HTTP/1.1" 200 96023 "-" "Googlebot-Image/1.0"
66.211.183.73 - - [05/Mar/2025:00:59:00 +0100] "GET /Jurek/eurofirany/images/434738/0.jpg HTTP/1.1" 200 101148 "-" "scalaj-http/2.4.2"
89.161.206.59 - - [05/Mar/2025:00:59:31 +0100] "GET /Jurek/dropkz/feeds/dropkz_emagro.xml HTTP/1.0" 200 70033533 "-" "-"
66.211.183.71 - - [05/Mar/2025:00:59:39 +0100] "GET /Jurek/eurofirany/images/423668/0.jpg HTTP/1.1" 200 63263 "-" "scalaj-http/2.4.2"
89.161.206.59 - - [05/Mar/2025:00:59:48 +0100] "GET /Jurek/oromed/feeds/oromed_allegro.xml HTTP/1.0" 200 1021219 "-" "-"
89.161.206.59 - - [05/Mar/2025:00:59:49 +0100] "GET /Jurek/bisanti/feeds/bisanti_allegro.xml HTTP/1.0" 200 1132586 "-" "-"
164.92.232.189 - - [05/Mar/2025:01:00:03 +0100] "GET /subskrypcje/AMD/feeds/amd_cz.xml HTTP/1.1" 200 518486 "-" "-"
164.92.232.189 - - [05/Mar/2025:01:00:13 +0100] "GET /subskrypcje/AMD/feeds/amd_sk.xml HTTP/1.1" 200 528562 "-" "-"
164.92.232.189 - - [05/Mar/2025:01:00:14 +0100] "GET /subskrypcje/OverHorse/overhorse_mallcz.xml HTTP/1.1" 200 112935 "-" "-"
66.249.66.67 - - [05/Mar/2025:01:00:16 +0100] "GET /Jurek/eurofirany/images/389939/7.jpg HTTP/1.1" 200 6595 "-" "Googlebot-Image/1.0"
66.249.66.66 - - [05/Mar/2025:01:00:16 +0100] "GET /Jurek/eurofirany/images/390014/7.jpg HTTP/1.1" 200 6595 "-" "Googlebot-Image/1.0"
66.249.66.67 - - [05/Mar/2025:01:00:17 +0100] "GET /Jurek/eurofirany/images/390036/6.jpg HTTP/1.1" 200 6595 "-" "Googlebot-Image/1.0"
66.249.66.66 - - [05/Mar/2025:01:00:19 +0100] "GET /Jurek/eurofirany/images/390036/7.jpg HTTP/1.1" 200 6595 "-" "Googlebot-Image/1.0"
66.249.66.66 - - [05/Mar/2025:01:00:20 +0100] "GET /Jurek/eurofirany/images/389939/6.jpg HTTP/1.1" 200 6595 "-" "Googlebot-Image/1.0"
164.92.232.189 - - [05/Mar/2025:01:00:24 +0100] "GET /subskrypcje/mondex/feeds/mondex_mall_cz.xml HTTP/1.1" 200 2203515 "-" "-"
66.249.66.66 - - [05/Mar/2025:01:00:27 +0100] "GET /Jurek/eurofirany/images/389918/7.jpg HTTP/1.1" 200 6595 "-" "Googlebot-Image/1.0"
52.17.80.36 - - [05/Mar/2025:01:00:33 +0100] "GET /marketplaces/ubaldi/results/ubaldi.csv HTTP/1.1" 200 147219 "-" "Mirakl HttpClient"
66.211.183.73 - - [05/Mar/2025:01:00:49 +0100] "GET /Jurek/eurofirany/images/389600/0.jpg HTTP/1.1" 200 165083 "-" "scalaj-http/2.4.2"
46.101.116.244 - - [05/Mar/2025:01:00:55 +0100] "GET /Jurek/aw/feeds/aw_fnacfr.xml HTTP/1.0" 404 3551 "-" "-"
46.101.116.244 - - [05/Mar/2025:01:01:01 +0100] "GET /Jurek/victoria/feeds/victoria_pl_velo.xml HTTP/1.0" 200 15633933 "-" "-"
5.134.208.158 - - [05/Mar/2025:01:01:09 +0100] "GET /Jurek/eurofirany/images/400287/0.jpg HTTP/1.1" 200 138680 "-" "-"
66.211.183.74 - - [05/Mar/2025:01:01:12 +0100] "GET /Jurek/eurofirany/images/389914/0.jpg HTTP/1.1" 200 176309 "-" "scalaj-http/2.4.2"
46.101.116.244 - - [05/Mar/2025:01:01:15 +0100] "GET /Filip/feeds/xlsx_ceneo.xml HTTP/1.0" 200 6241376 "-" "-"
66.211.183.71 - - [05/Mar/2025:01:01:17 +0100] "GET /Jurek/eurofirany/images/372982/0.jpg HTTP/1.1" 200 63261 "-" "scalaj-http/2.4.2"
66.249.66.66 - - [05/Mar/2025:01:01:48 +0100] "GET /Jurek/eurofirany/images/389926/7.jpg HTTP/1.1" 200 6595 "-" "Googlebot-Image/1.0"
66.249.66.66 - - [05/Mar/2025:01:01:52 +0100] "GET /Jurek/eurofirany/images/389928/7.jpg HTTP/1.1" 200 6595 "-" "Googlebot-Image/1.0"
66.211.183.74 - - [05/Mar/2025:01:01:54 +0100] "GET /Jurek/eurofirany/images/390103/0.jpg HTTP/1.1" 200 124529 "-" "scalaj-http/2.4.2"
66.211.183.72 - - [05/Mar/2025:01:01:57 +0100] "GET /Jurek/eurofirany/images/390399/0.jpg HTTP/1.1" 200 109763 "-" "scalaj-http/2.4.2"
66.249.66.66 - - [05/Mar/2025:01:01:57 +0100] "GET /Jurek/eurofirany/images/389937/7.jpg HTTP/1.1" 200 6595 "-" "Googlebot-Image/1.0"
52.209.168.113 - - [05/Mar/2025:01:01:59 +0100] "GET /marketplaces/rue/results/rue.csv HTTP/1.1" 200 147219 "-" "Mirakl HttpClient"
66.249.66.66 - - [05/Mar/2025:01:01:59 +0100] "GET /Jurek/eurofirany/images/390015/7.jpg HTTP/1.1" 200 6595 "-" "Googlebot-Image/1.0"
66.249.66.66 - - [05/Mar/2025:01:02:00 +0100] "GET /Jurek/eurofirany/images/390007/7.jpg HTTP/1.1" 200 6595 "-" "Googlebot-Image/1.0"
66.249.66.66 - - [05/Mar/2025:01:02:00 +0100] "GET /Jurek/eurofirany/images/389927/7.jpg HTTP/1.1" 200 6595 "-" "Googlebot-Image/1.0"
66.211.183.70 - - [05/Mar/2025:01:02:22 +0100] "GET /Jurek/eurofirany/images/438711/0.jpg HTTP/1.1" 200 105392 "-" "scalaj-http/2.4.2"
66.249.66.66 - - [05/Mar/2025:01:02:37 +0100] "GET /Jurek/eurofirany/images/386712/4.jpg HTTP/1.1" 200 213350 "-" "Googlebot-Image/1.0"
66.211.183.71 - - [05/Mar/2025:01:02:44 +0100] "GET /Jurek/eurofirany/images/416434/0.jpg HTTP/1.1" 200 121054 "-" "scalaj-http/2.4.2"
66.211.183.72 - - [05/Mar/2025:01:03:39 +0100] "GET /Jurek/eurofirany/images/390036/0.jpg HTTP/1.1" 200 194755 "-" "scalaj-http/2.4.2"
66.211.183.70 - - [05/Mar/2025:01:03:43 +0100] "GET /Jurek/eurofirany/images/390105/0.jpg HTTP/1.1" 200 178318 "-" "scalaj-http/2.4.2"
66.249.66.66 - - [05/Mar/2025:01:04:02 +0100] "GET /Jurek/eurofirany/images/438727/7.jpg HTTP/1.1" 200 33 "-" "Googlebot-Image/1.0"
66.249.66.66 - - [05/Mar/2025:01:04:04 +0100] "GET /Jurek/eurofirany/images/438727/8.jpg HTTP/1.1" 200 33 "-" "Googlebot-Image/1.0"
66.249.66.66 - - [05/Mar/2025:01:04:10 +0100] "GET /Jurek/eurofirany/images/410614/6.jpg HTTP/1.1" 200 6595 "-" "Googlebot-Image/1.0"
66.211.183.70 - - [05/Mar/2025:01:04:20 +0100] "GET /Jurek/eurofirany/images/422874/0.jpg HTTP/1.1" 200 136431 "-" "scalaj-http/2.4.2"
66.249.66.66 - - [05/Mar/2025:01:04:35 +0100] "GET /Jurek/eurofirany/images/378441/5.jpg HTTP/1.1" 200 169610 "-" "Googlebot-Image/1.0"
89.161.206.59 - - [05/Mar/2025:01:04:46 +0100] "GET /Jurek/muminky/feeds/muminky_skroutz.xml HTTP/1.0" 200 2270311 "-" "-"
89.161.206.59 - - [05/Mar/2025:01:04:57 +0100] "GET /Jurek/pupus/feeds/pupus_skroutz.xml HTTP/1.0" 200 6154691 "-" "-"
66.135.202.74 - - [05/Mar/2025:01:05:46 +0100] "GET /Jurek/topeshop/downloaded_images/5904507207489_Front_mijas_Prawy_zielony.png HTTP/1.1" 404 3551 "http://www.ebay.com/" "Mozilla/4.0 (compatible; MSIE 4.01; Windows NT)"
66.135.202.71 - - [05/Mar/2025:01:05:46 +0100] "GET /Jurek/topeshop/downloaded_images/5904507207489_mijas_zielonykopiaaa.jpg HTTP/1.1" 200 126282 "http://www.ebay.com/" "Mozilla/4.0 (compatible; MSIE 4.01; Windows NT)"
66.135.202.73 - - [05/Mar/2025:01:05:46 +0100] "GET /Jurek/topeshop/downloaded_images/5904507207489_20st_mijas_prawy_open_zielony.png HTTP/1.1" 404 3551 "http://www.ebay.com/" "Mozilla/4.0 (compatible; MSIE 4.01; Windows NT)"
66.135.202.73 - - [05/Mar/2025:01:05:47 +0100] "GET /Jurek/topeshop/downloaded_images/5904507207489_20st_mijas_prawy_zielonykopia.png HTTP/1.1" 200 223941 "http://www.ebay.com/" "Mozilla/4.0 (compatible; MSIE 4.01; Windows NT)"
66.249.66.66 - - [05/Mar/2025:01:05:49 +0100] "GET /Jurek/eurofirany/images/390399/7.jpg HTTP/1.1" 200 6595 "-" "Googlebot-Image/1.0"
66.249.66.66 - - [05/Mar/2025:01:05:49 +0100] "GET /Jurek/eurofirany/images/390337/7.jpg HTTP/1.1" 200 6595 "-" "Googlebot-Image/1.0"
66.249.66.66 - - [05/Mar/2025:01:05:50 +0100] "GET /Jurek/eurofirany/images/390400/9.jpg HTTP/1.1" 200 6595 "-" "Googlebot-Image/1.0"
46.101.116.244 - - [05/Mar/2025:01:06:03 +0100] "GET /Jurek/aw/feeds/aw_fnacfr.xml HTTP/1.0" 404 3551 "-" "-"
66.211.183.73 - - [05/Mar/2025:01:06:03 +0100] "GET /Jurek/eurofirany/images/383072/0.jpg HTTP/1.1" 200 185987 "-" "scalaj-http/2.4.2"
66.211.183.71 - - [05/Mar/2025:01:06:11 +0100] "GET /Jurek/eurofirany/images/408296/0.jpg HTTP/1.1" 200 63121 "-" "scalaj-http/2.4.2"
46.101.116.244 - - [05/Mar/2025:01:06:21 +0100] "GET /Filip/feeds/xlsx_ceneo.xml HTTP/1.0" 200 6241376 "-" "-"
66.211.183.74 - - [05/Mar/2025:01:06:23 +0100] "GET /Jurek/eurofirany/images/383389/0.jpg HTTP/1.1" 200 77096 "-" "scalaj-http/2.4.2"
66.211.183.70 - - [05/Mar/2025:01:06:27 +0100] "GET /Jurek/eurofirany/images/463591/0.jpg HTTP/1.1" 200 0 "-" "scalaj-http/2.4.2"
66.211.183.71 - - [05/Mar/2025:01:06:30 +0100] "GET /Jurek/eurofirany/images/407884/0.jpg HTTP/1.1" 200 101459 "-" "scalaj-http/2.4.2"
89.161.206.59 - - [05/Mar/2025:01:06:37 +0100] "GET /Jurek/eurofryz3/feeds/eurofryz3_skroutz.xml HTTP/1.0" 200 172222 "-" "-"
66.211.183.73 - - [05/Mar/2025:01:07:16 +0100] "GET /Jurek/topeshop/downloaded_images/5904507206611_DUOANTRACYTCZERNBRYLKABOKZM.jpg HTTP/1.1" 404 3551 "-" "scalaj-http/2.4.2"
66.211.183.74 - - [05/Mar/2025:01:07:28 +0100] "GET /Jurek/eurofirany/images/390100/0.jpg HTTP/1.1" 200 140158 "-" "scalaj-http/2.4.2"
66.211.183.71 - - [05/Mar/2025:01:08:25 +0100] "GET /Jurek/eurofirany/images/438621/0.jpg HTTP/1.1" 200 168635 "-" "scalaj-http/2.4.2"
185.6.76.18 - - [05/Mar/2025:01:09:07 +0100] "GET /marketplaces/skroutz/feeds/shumee.xml HTTP/1.1" 200 347836504 "-" "SkroutzBot v1.0"
66.249.66.66 - - [05/Mar/2025:01:09:29 +0100] "GET /Jurek/eurofirany/images/438711/6.jpg HTTP/1.1" 200 33 "-" "Googlebot-Image/1.0"
66.211.183.72 - - [05/Mar/2025:01:09:30 +0100] "GET /Jurek/eurofirany/images/390061/0.jpg HTTP/1.1" 200 162081 "-" "scalaj-http/2.4.2"
66.249.66.66 - - [05/Mar/2025:01:09:33 +0100] "GET /Jurek/eurofirany/images/438711/7.jpg HTTP/1.1" 200 33 "-" "Googlebot-Image/1.0"
66.211.183.70 - - [05/Mar/2025:01:09:52 +0100] "GET /Jurek/eurofirany/images/438779/0.jpg HTTP/1.1" 200 64916 "-" "scalaj-http/2.4.2"
66.249.66.66 - - [05/Mar/2025:01:10:26 +0100] "GET /Jurek/eurofirany/images/390280/1.jpg HTTP/1.1" 200 110675 "-" "Googlebot-Image/1.0"
66.249.66.66 - - [05/Mar/2025:01:10:29 +0100] "GET /Jurek/topeshop/downloaded_images/5904507201906_MIJASBIURKOBRY%C5%81KAANTRACYTLEWEFRONTOT.jpg HTTP/1.1" 404 3551 "-" "Googlebot-Image/1.0"
66.249.66.66 - - [05/Mar/2025:01:10:32 +0100] "GET /Jurek/eurofirany/images/390280/5.jpg HTTP/1.1" 200 209475 "-" "Googlebot-Image/1.0"
66.249.66.66 - - [05/Mar/2025:01:10:36 +0100] "GET /Jurek/eurofirany/images/390280/0.jpg HTTP/1.1" 200 149907 "-" "Googlebot-Image/1.0"
66.211.183.71 - - [05/Mar/2025:01:10:41 +0100] "GET /Jurek/eurofirany/images/382252/0.jpg HTTP/1.1" 200 133518 "-" "scalaj-http/2.4.2"
46.101.116.244 - - [05/Mar/2025:01:10:59 +0100] "GET /Jurek/aw/feeds/aw_fnacfr.xml HTTP/1.0" 404 3551 "-" "-"
66.211.183.73 - - [05/Mar/2025:01:11:05 +0100] "GET /Jurek/eurofirany/images/423214/0.jpg HTTP/1.1" 200 0 "-" "scalaj-http/2.4.2"
66.211.183.71 - - [05/Mar/2025:01:11:13 +0100] "GET /Jurek/eurofirany/images/389906/0.jpg HTTP/1.1" 200 124529 "-" "scalaj-http/2.4.2"
89.161.206.59 - - [05/Mar/2025:01:11:14 +0100] "GET /Jurek/kinghoff/feeds/kinghoff_amazon_de.xml HTTP/1.0" 200 15105769 "-" "-"
89.161.206.59 - - [05/Mar/2025:01:11:15 +0100] "GET /Jurek/bass/feeds/bass_amazonde.xml HTTP/1.0" 200 3985157 "-" "-"
89.161.206.59 - - [05/Mar/2025:01:11:15 +0100] "GET /Jurek/bass/feeds/bass_amazonit.xml HTTP/1.0" 200 3985301 "-" "-"
89.161.206.59 - - [05/Mar/2025:01:11:17 +0100] "GET /Jurek/bass/feeds/bass_amazonnl.xml HTTP/1.0" 200 3985233 "-" "-"
89.161.206.59 - - [05/Mar/2025:01:11:17 +0100] "GET /Jurek/bass/feeds/bass_amazones.xml HTTP/1.0" 200 3985323 "-" "-"
89.161.206.59 - - [05/Mar/2025:01:11:18 +0100] "GET /Jurek/bass/feeds/bass_amazonse.xml HTTP/1.0" 200 3987004 "-" "-"
46.101.116.244 - - [05/Mar/2025:01:11:21 +0100] "GET /Filip/feeds/xlsx_ceneo.xml HTTP/1.0" 200 6241376 "-" "-"
66.211.183.70 - - [05/Mar/2025:01:13:08 +0100] "GET /Jurek/eurofirany/images/392253/0.jpg HTTP/1.1" 200 31763 "-" "scalaj-http/2.4.2"
66.211.183.74 - - [05/Mar/2025:01:13:22 +0100] "GET /Jurek/eurofirany/images/416150/0.jpg HTTP/1.1" 200 99814 "-" "scalaj-http/2.4.2"
66.249.66.66 - - [05/Mar/2025:01:13:31 +0100] "GET /Jurek/eurofirany/images/416148/7.jpg HTTP/1.1" 200 6595 "-" "Googlebot-Image/1.0"
66.249.66.66 - - [05/Mar/2025:01:13:33 +0100] "GET /Jurek/eurofirany/images/416148/6.jpg HTTP/1.1" 200 6595 "-" "Googlebot-Image/1.0"
66.249.66.66 - - [05/Mar/2025:01:13:37 +0100] "GET /Jurek/eurofirany/images/416148/8.jpg HTTP/1.1" 200 6595 "-" "Googlebot-Image/1.0"
66.249.66.66 - - [05/Mar/2025:01:13:38 +0100] "GET /Jurek/eurofirany/images/416148/10.jpg HTTP/1.1" 200 6595 "-" "Googlebot-Image/1.0"
66.249.66.66 - - [05/Mar/2025:01:13:40 +0100] "GET /Jurek/eurofirany/images/416148/9.jpg HTTP/1.1" 200 6595 "-" "Googlebot-Image/1.0"
66.211.183.73 - - [05/Mar/2025:01:14:28 +0100] "GET /Jurek/eurofirany/images/401091/0.jpg HTTP/1.1" 200 119799 "-" "scalaj-http/2.4.2"
66.211.183.74 - - [05/Mar/2025:01:14:49 +0100] "GET /Jurek/eurofirany/images/392127/0.jpg HTTP/1.1" 200 32389 "-" "scalaj-http/2.4.2"
66.211.183.71 - - [05/Mar/2025:01:14:58 +0100] "GET /Jurek/eurofirany/images/404578/0.jpg HTTP/1.1" 200 64315 "-" "scalaj-http/2.4.2"
66.249.66.66 - - [05/Mar/2025:01:15:25 +0100] "GET /Jurek/eurofirany/images/372981/6.jpg HTTP/1.1" 200 6595 "-" "Googlebot-Image/1.0"
66.211.183.72 - - [05/Mar/2025:01:15:52 +0100] "GET /Jurek/eurofirany/images/390398/0.jpg HTTP/1.1" 200 164560 "-" "scalaj-http/2.4.2"
46.101.116.244 - - [05/Mar/2025:01:15:53 +0100] "GET /Jurek/cbdgreen/feeds/cbdgreen_mallsi.xml HTTP/2.0" 200 50233 "-" "-"
46.101.116.244 - - [05/Mar/2025:01:15:59 +0100] "GET /Jurek/aw/feeds/aw_fnacfr.xml HTTP/1.0" 404 3551 "-" "-"
46.101.116.244 - - [05/Mar/2025:01:16:03 +0100] "GET /Jurek/dekornatort/feeds/dekornatort_mallsi.xml HTTP/2.0" 200 225743 "-" "-"
66.249.66.66 - - [05/Mar/2025:01:16:12 +0100] "GET /Jurek/eurofirany/images/390429/7.jpg HTTP/1.1" 200 6595 "-" "Googlebot-Image/1.0"
46.101.116.244 - - [05/Mar/2025:01:16:13 +0100] "GET /Jurek/vida_morele/feeds/vidaPL_velomarket.xml HTTP/1.0" 200 690486989 "-" "-"
46.101.116.244 - - [05/Mar/2025:01:16:14 +0100] "GET /Jurek/globaldeli/feeds/globaldeli_mallsi.xml HTTP/2.0" 200 2590907 "-" "-"
46.101.116.244 - - [05/Mar/2025:01:16:15 +0100] "GET /Filip/feeds/xlsx_ceneo.xml HTTP/1.0" 200 6241376 "-" "-"
66.211.183.74 - - [05/Mar/2025:01:16:19 +0100] "GET /Jurek/eurofirany/images/409904/0.jpg HTTP/1.1" 200 78745 "-" "scalaj-http/2.4.2"
66.211.183.74 - - [05/Mar/2025:01:16:22 +0100] "GET /Jurek/eurofirany/images/382241/0.jpg HTTP/1.1" 200 100949 "-" "scalaj-http/2.4.2"
46.101.116.244 - - [05/Mar/2025:01:16:24 +0100] "GET /Jurek/kobi/feeds/kobi_mallsi.xml HTTP/2.0" 200 1993271 "-" "-"
46.101.116.244 - - [05/Mar/2025:01:16:35 +0100] "GET /Jurek/lendo/feeds/lendo_mallsi.xml HTTP/2.0" 200 330391 "-" "-"
66.211.183.71 - - [05/Mar/2025:01:16:44 +0100] "GET /Jurek/eurofirany/images/390453/0.jpg HTTP/1.1" 200 144267 "-" "scalaj-http/2.4.2"
66.211.183.71 - - [05/Mar/2025:01:16:53 +0100] "GET /Jurek/eurofirany/images/383061/0.jpg HTTP/1.1" 200 77181 "-" "scalaj-http/2.4.2"
46.101.116.244 - - [05/Mar/2025:01:16:54 +0100] "GET /Jurek/naszedzieci/feeds/naszedzieci_mallsi.xml HTTP/2.0" 200 833263185 "-" "-"
89.161.206.59 - - [05/Mar/2025:01:17:29 +0100] "GET /Jurek/hurtmeblowy/feeds/hurtmeblowy_allegro.xml HTTP/1.0" 200 8024407 "-" "-"
89.161.206.59 - - [05/Mar/2025:01:17:29 +0100] "GET /Jurek/galopi/feeds/galopi_allegro.xml HTTP/1.0" 200 1884829 "-" "-"
66.211.183.70 - - [05/Mar/2025:01:17:47 +0100] "GET /Jurek/eurofirany/images/423211/0.jpg HTTP/1.1" 200 0 "-" "scalaj-http/2.4.2"
66.211.183.72 - - [05/Mar/2025:01:17:56 +0100] "GET /Jurek/eurofirany/images/389599/0.jpg HTTP/1.1" 200 135761 "-" "scalaj-http/2.4.2"
66.211.183.72 - - [05/Mar/2025:01:18:42 +0100] "GET /Jurek/eurofirany/images/416136/0.jpg HTTP/1.1" 200 92572 "-" "scalaj-http/2.4.2"
66.211.183.71 - - [05/Mar/2025:01:18:43 +0100] "GET /Jurek/eurofirany/images/390198/0.jpg HTTP/1.1" 200 164444 "-" "scalaj-http/2.4.2"
66.211.183.74 - - [05/Mar/2025:01:19:44 +0100] "GET /Jurek/eurofirany/images/379149/0.jpg HTTP/1.1" 200 106168 "-" "scalaj-http/2.4.2"
57.141.0.25 - - [05/Mar/2025:01:19:44 +0100] "GET /Jurek/sempler/feeds/sempler_worten.xml HTTP/2.0" 200 6553205 "-" "meta-externalagent/1.1 (+https://developers.facebook.com/docs/sharing/webmasters/crawler)"
66.211.183.72 - - [05/Mar/2025:01:19:44 +0100] "GET /Jurek/eurofirany/images/390339/0.jpg HTTP/1.1" 200 116740 "-" "scalaj-http/2.4.2"
66.211.183.72 - - [05/Mar/2025:01:19:46 +0100] "GET /Jurek/eurofirany/images/382248/0.jpg HTTP/1.1" 200 133518 "-" "scalaj-http/2.4.2"
66.211.183.71 - - [05/Mar/2025:01:20:28 +0100] "GET /Jurek/eurofirany/images/438724/0.jpg HTTP/1.1" 200 104800 "-" "scalaj-http/2.4.2"
66.211.183.74 - - [05/Mar/2025:01:20:40 +0100] "GET /Jurek/eurofirany/images/11788/0.jpg HTTP/1.1" 200 133518 "-" "scalaj-http/2.4.2"
89.161.206.59 - - [05/Mar/2025:01:20:44 +0100] "GET /Jurek/kambukka/feeds/kambukka_amazones.xml HTTP/1.0" 200 1046880 "-" "-"
89.161.206.59 - - [05/Mar/2025:01:20:44 +0100] "GET /Jurek/waks/feeds/waks_amazonde.xml HTTP/1.0" 200 6332799 "-" "-"
89.161.206.59 - - [05/Mar/2025:01:20:45 +0100] "GET /Jurek/waks/feeds/waks_amazonfr.xml HTTP/1.0" 200 6332843 "-" "-"
89.161.206.59 - - [05/Mar/2025:01:20:45 +0100] "GET /Jurek/waks/feeds/waks_amazonse.xml HTTP/1.0" 200 6335253 "-" "-"
89.161.206.59 - - [05/Mar/2025:01:20:46 +0100] "GET /Jurek/hdwr/feeds/hdwr_amazonde.xml HTTP/1.0" 200 777773 "-" "-"
89.161.206.59 - - [05/Mar/2025:01:20:46 +0100] "GET /Jurek/hdwr/feeds/hdwr_amazonfr.xml HTTP/1.0" 200 777783 "-" "-"
89.161.206.59 - - [05/Mar/2025:01:20:46 +0100] "GET /Jurek/kambukka/feeds/kambukka_amazonde.xml HTTP/1.0" 200 1046861 "-" "-"
89.161.206.59 - - [05/Mar/2025:01:20:47 +0100] "GET /Jurek/benetech/feeds/benetech_amazonde.xml HTTP/1.0" 200 4451876 "-" "-"
89.161.206.59 - - [05/Mar/2025:01:20:47 +0100] "GET /Jurek/sempler/feeds/sempler_amazonbe.xml HTTP/1.0" 200 6553243 "-" "-"
89.161.206.59 - - [05/Mar/2025:01:20:47 +0100] "GET /Jurek/kambukka/feeds/kambukka_amazonbe.xml HTTP/1.0" 200 1046886 "-" "-"
89.161.206.59 - - [05/Mar/2025:01:20:48 +0100] "GET /Jurek/eroplace/feeds/eroplace_amazonse.xml HTTP/1.0" 200 30863347 "-" "-"
89.161.206.59 - - [05/Mar/2025:01:20:52 +0100] "GET /Jurek/b3/feeds/b3_amazones.xml HTTP/1.0" 200 7326081 "-" "-"
66.211.183.73 - - [05/Mar/2025:01:20:53 +0100] "GET /Jurek/eurofirany/images/438727/0.jpg HTTP/1.1" 200 99337 "-" "scalaj-http/2.4.2"
89.161.206.59 - - [05/Mar/2025:01:20:54 +0100] "GET /Jurek/b3/feeds/b3_amazonbe.xml HTTP/1.0" 200 7326001 "-" "-"
46.101.116.244 - - [05/Mar/2025:01:20:54 +0100] "GET /Jurek/aw/feeds/aw_fnacfr.xml HTTP/1.0" 404 3551 "-" "-"
89.161.206.59 - - [05/Mar/2025:01:20:55 +0100] "GET /Jurek/oromed/feeds/oromed_amazones.xml HTTP/1.0" 200 1021107 "-" "-"
89.161.206.59 - - [05/Mar/2025:01:20:56 +0100] "GET /Jurek/oromed/feeds/oromed_amazonse.xml HTTP/1.0" 200 1021299 "-" "-"
89.161.206.59 - - [05/Mar/2025:01:20:56 +0100] "GET /Jurek/oromed/feeds/oromed_amazonbe.xml HTTP/1.0" 200 1021102 "-" "-"
89.161.206.59 - - [05/Mar/2025:01:20:56 +0100] "GET /Jurek/oromed/feeds/oromed_amazonfr.xml HTTP/1.0" 200 1021099 "-" "-"
89.161.206.59 - - [05/Mar/2025:01:20:56 +0100] "GET /Jurek/oromed/feeds/oromed_amazonit.xml HTTP/1.0" 200 1021102 "-" "-"
46.101.116.244 - - [05/Mar/2025:01:21:10 +0100] "GET /Filip/feeds/xlsx_ceneo.xml HTTP/1.0" 200 6241376 "-" "-"
66.211.183.72 - - [05/Mar/2025:01:22:38 +0100] "GET /Jurek/eurofirany/images/390195/0.jpg HTTP/1.1" 200 123097 "-" "scalaj-http/2.4.2"
66.249.66.66 - - [05/Mar/2025:01:22:39 +0100] "GET /Jurek/eurofirany/images/416152/10.jpg HTTP/1.1" 200 6595 "-" "Googlebot-Image/1.0"
66.249.66.66 - - [05/Mar/2025:01:22:39 +0100] "GET /Jurek/eurofirany/images/416152/7.jpg HTTP/1.1" 200 6595 "-" "Googlebot-Image/1.0"
46.101.116.244 - - [05/Mar/2025:01:22:40 +0100] "GET /Jurek/reman/feeds/reman_mallsi.xml HTTP/2.0" 200 1394832 "-" "-"
66.249.66.66 - - [05/Mar/2025:01:22:42 +0100] "GET /Jurek/eurofirany/images/416152/9.jpg HTTP/1.1" 200 6595 "-" "Googlebot-Image/1.0"
66.249.66.66 - - [05/Mar/2025:01:22:42 +0100] "GET /Jurek/eurofirany/images/416152/8.jpg HTTP/1.1" 200 6595 "-" "Googlebot-Image/1.0"
66.249.66.66 - - [05/Mar/2025:01:22:45 +0100] "GET /Jurek/eurofirany/images/416152/6.jpg HTTP/1.1" 200 6595 "-" "Googlebot-Image/1.0"
46.101.116.244 - - [05/Mar/2025:01:22:50 +0100] "GET /Jurek/sartrix/feeds/sartrix_mallsi.xml HTTP/2.0" 200 649180 "-" "-"
46.101.116.244 - - [05/Mar/2025:01:23:00 +0100] "GET /Jurek/szpaklampy/feeds/szpaklampy_mallsi.xml HTTP/2.0" 200 416433 "-" "-"
89.161.206.59 - - [05/Mar/2025:01:23:03 +0100] "GET /Jurek/unimet/feeds/unimet_cdisFI.xml HTTP/1.0" 200 60215159 "-" "-"
46.101.116.244 - - [05/Mar/2025:01:23:08 +0100] "GET /Jurek/activeshop/feeds/activeshop_cdis.xml HTTP/1.0" 200 10452091 "-" "-"
46.101.116.244 - - [05/Mar/2025:01:23:11 +0100] "GET /Jurek/benetech/feeds/benetech_mallsi.xml HTTP/2.0" 200 4451874 "-" "-"
46.101.116.244 - - [05/Mar/2025:01:23:12 +0100] "GET /Jurek/eurofirany/feeds/eurofirany_cdiscount.xml HTTP/1.0" 200 18745348 "-" "-"
66.211.183.71 - - [05/Mar/2025:01:23:17 +0100] "GET /Jurek/eurofirany/images/423821/0.jpg HTTP/1.1" 200 0 "-" "scalaj-http/2.4.2"
66.211.183.71 - - [05/Mar/2025:01:23:19 +0100] "GET /Jurek/eurofirany/images/401114/0.jpg HTTP/1.1" 200 111956 "-" "scalaj-http/2.4.2"
46.101.116.244 - - [05/Mar/2025:01:23:21 +0100] "GET /Jurek/dekoele/feeds/dekoele_mallsi.xml HTTP/2.0" 200 733932 "-" "-"
46.101.116.244 - - [05/Mar/2025:01:23:32 +0100] "GET /Jurek/drewdon/feeds/drewdon_mallsi.xml HTTP/2.0" 200 504461 "-" "-"
46.101.116.244 - - [05/Mar/2025:01:23:42 +0100] "GET /Jurek/emaja24/feeds/emaja24_mallsi.xml HTTP/2.0" 200 5110152 "-" "-"
46.101.116.244 - - [05/Mar/2025:01:23:55 +0100] "GET /Jurek/muminky/feeds/muminky_mallsi.xml HTTP/2.0" 200 2677666 "-" "-"
46.101.116.244 - - [05/Mar/2025:01:24:06 +0100] "GET /Jurek/pupus/feeds/pupus_mallsi.xml HTTP/2.0" 200 6154465 "-" "-"
46.101.116.244 - - [05/Mar/2025:01:24:18 +0100] "GET /Jurek/erohurtownia/feeds/erohurtownia_mallsi.xml HTTP/2.0" 200 23304495 "-" "-"
66.249.66.66 - - [05/Mar/2025:01:24:26 +0100] "GET /Jurek/eurofirany/images/392252/3.jpg HTTP/1.1" 200 33 "-" "Googlebot-Image/1.0"
66.249.66.66 - - [05/Mar/2025:01:24:31 +0100] "GET /Jurek/eurofirany/images/392261/2.jpg HTTP/1.1" 200 33 "-" "Googlebot-Image/1.0"
46.101.116.244 - - [05/Mar/2025:01:24:32 +0100] "GET /Jurek/oromed/feeds/oromed_mallsi.xml HTTP/2.0" 200 1021103 "-" "-"
46.101.116.244 - - [05/Mar/2025:01:24:55 +0100] "GET /Jurek/urwiskowo/feeds/urwiskowo_mallsi.xml HTTP/2.0" 200 9113942 "-" "-"
46.101.116.244 - - [05/Mar/2025:01:25:07 +0100] "GET /Jurek/eroplace/feeds/eroplace_mallsi.xml HTTP/2.0" 200 30849145 "-" "-"
46.101.116.244 - - [05/Mar/2025:01:25:22 +0100] "GET /Jurek/bass_new/feeds/bass_mallsi.xml HTTP/2.0" 200 7040800 "-" "-"
46.101.116.244 - - [05/Mar/2025:01:25:33 +0100] "GET /Jurek/ekuchcikowo/feeds/ekuchcikowo_mallsi.xml HTTP/2.0" 200 13460018 "-" "-"
46.101.116.244 - - [05/Mar/2025:01:25:44 +0100] "GET /Jurek/sempler/feeds/sempler_mallsi.xml HTTP/2.0" 200 6553196 "-" "-"
66.211.183.74 - - [05/Mar/2025:01:25:45 +0100] "GET /Jurek/eurofirany/images/390429/0.jpg HTTP/1.1" 200 97224 "-" "scalaj-http/2.4.2"
46.101.116.244 - - [05/Mar/2025:01:25:55 +0100] "GET /Jurek/bass/feeds/bass_mallsi.xml HTTP/2.0" 200 3985211 "-" "-"
46.101.116.244 - - [05/Mar/2025:01:25:57 +0100] "GET /Jurek/aw/feeds/aw_fnacfr.xml HTTP/1.0" 404 3551 "-" "-"
57.141.0.14 - - [05/Mar/2025:01:26:11 +0100] "GET /marketplaces/worten2/download/feed_k2distribution.xml HTTP/2.0" 200 19183569 "-" "meta-externalagent/1.1 (+https://developers.facebook.com/docs/sharing/webmasters/crawler)"
46.101.116.244 - - [05/Mar/2025:01:26:14 +0100] "GET /Filip/feeds/xlsx_ceneo.xml HTTP/1.0" 200 6241376 "-" "-"
46.101.116.244 - - [05/Mar/2025:01:26:17 +0100] "GET /Jurek/slayo/feeds/slayo_mallsi.xml HTTP/2.0" 200 195532 "-" "-"
185.6.76.166 - - [05/Mar/2025:01:26:22 +0100] "GET /Jurek/eurofirany/images/378346/0.jpg HTTP/1.1" 200 141429 "-" "Skroutz ImageBot v1"
46.101.116.244 - - [05/Mar/2025:01:26:27 +0100] "GET /Jurek/kokiska/feeds/kokiska_allegro.xml HTTP/1.0" 200 11861486 "-" "-"
46.101.116.244 - - [05/Mar/2025:01:26:27 +0100] "GET /Jurek/mosti/feeds/mosti_mallsi.xml HTTP/2.0" 200 9250033 "-" "-"
46.101.116.244 - - [05/Mar/2025:01:26:28 +0100] "GET /Jurek/amzteam/feeds/amzteam_mallsi.xml HTTP/2.0" 200 97845 "-" "-"
46.101.116.244 - - [05/Mar/2025:01:26:28 +0100] "GET /Jurek/artdog/feeds/artdog_mallsi.xml HTTP/2.0" 200 15927852 "-" "-"
46.101.116.244 - - [05/Mar/2025:01:26:29 +0100] "GET /Jurek/kambukka/feeds/kambukka_mallsi.xml HTTP/2.0" 200 1046527 "-" "-"
46.101.116.244 - - [05/Mar/2025:01:26:29 +0100] "GET /Jurek/vivaldi/feeds/vivaldi_allegro.xml HTTP/1.0" 200 344685 "-" "-"
46.101.116.244 - - [05/Mar/2025:01:26:42 +0100] "GET /Jurek/swiatecznygoliat/feeds/swiatecznygoliat_mallsi.xml HTTP/2.0" 200 7054433 "-" "-"
46.101.116.244 - - [05/Mar/2025:01:27:28 +0100] "GET /Jurek/octopia/feeds/octopia_mallsi.xml HTTP/2.0" 200 10590915 "-" "-"
46.101.116.244 - - [05/Mar/2025:01:27:40 +0100] "GET /Jurek/topeshop/feeds/topeshop_mallsi.xml HTTP/2.0" 200 2437618 "-" "-"
57.141.0.20 - - [05/Mar/2025:01:28:50 +0100] "GET /Jurek/intsell/feeds/intsell_wortenES.xml HTTP/2.0" 200 139264 "-" "meta-externalagent/1.1 (+https://developers.facebook.com/docs/sharing/webmasters/crawler)"
89.161.206.59 - - [05/Mar/2025:01:29:01 +0100] "GET /Jurek/hurtownia_przemyslowa/feeds/hp_skroutz.xml HTTP/1.0" 200 49552383 "-" "-"
185.6.76.166 - - [05/Mar/2025:01:29:10 +0100] "GET /Jurek/eurofirany/images/378346/1.jpg HTTP/1.1" 200 97974 "-" "Skroutz ImageBot v1"
185.6.76.166 - - [05/Mar/2025:01:29:10 +0100] "GET /Jurek/eurofirany/images/378346/3.jpg HTTP/1.1" 200 165499 "-" "Skroutz ImageBot v1"
185.6.76.166 - - [05/Mar/2025:01:29:10 +0100] "GET /Jurek/eurofirany/images/378346/2.jpg HTTP/1.1" 200 162229 "-" "Skroutz ImageBot v1"
34.159.13.158 - - [05/Mar/2025:01:29:17 +0100] "GET /Jurek/eurofirany/images/390456/0.jpg HTTP/2.0" 200 144267 "-" "Mozilla/5.0 (Macintosh; Intel Mac OS X 10.15; rv:78.0) Gecko/20100101 Firefox/78.0"
46.101.116.244 - - [05/Mar/2025:01:30:25 +0100] "GET /Jurek/activeshop/feeds/activeshop_mallsi.xml HTTP/2.0" 200 10452007 "-" "-"
46.101.116.244 - - [05/Mar/2025:01:30:57 +0100] "GET /Jurek/aw/feeds/aw_fnacfr.xml HTTP/1.0" 404 3551 "-" "-"
89.161.206.59 - - [05/Mar/2025:01:30:59 +0100] "GET /Jurek/topeshop/feeds/topeshop_cdsc.xml HTTP/1.0" 200 2451613 "-" "-"
46.101.116.244 - - [05/Mar/2025:01:31:23 +0100] "GET /Filip/feeds/xlsx_ceneo.xml HTTP/1.0" 200 6241376 "-" "-"
66.249.66.68 - - [05/Mar/2025:01:31:58 +0100] "GET /Jurek/eurofirany/images/224673/4.jpg HTTP/1.1" 200 122104 "-" "Googlebot-Image/1.0"
46.101.116.244 - - [05/Mar/2025:01:33:43 +0100] "GET /Jurek/action/feeds/action_mallsigs.xml HTTP/2.0" 200 55163827 "-" "-"
46.101.116.244 - - [05/Mar/2025:01:33:58 +0100] "GET /Jurek/b3/feeds/b3_mallsigs.xml HTTP/2.0" 200 7325843 "-" "-"
66.249.66.66 - - [05/Mar/2025:01:34:08 +0100] "GET /Jurek/eurofirany/images/386192/7.jpg HTTP/1.1" 200 127474 "-" "Googlebot-Image/1.0"
46.101.116.244 - - [05/Mar/2025:01:34:10 +0100] "GET /Jurek/benbaby/feeds/benbaby_mallsigs.xml HTTP/2.0" 200 3765058 "-" "-"
46.101.116.244 - - [05/Mar/2025:01:34:20 +0100] "GET /Jurek/emibig/feeds/emibig_mallsigs.xml HTTP/2.0" 200 2427387 "-" "-"
46.101.116.244 - - [05/Mar/2025:01:34:32 +0100] "GET /Jurek/hurtownia_przemyslowa/feeds/hp_mallsigs.xml HTTP/2.0" 200 49552971 "-" "-"
52.17.80.36 - - [05/Mar/2025:01:35:07 +0100] "GET /marketplaces/worten2/results/worten.csv HTTP/1.1" 200 147217 "-" "Mirakl HttpClient"
66.249.66.67 - - [05/Mar/2025:01:35:51 +0100] "GET /Jurek/eurofirany/images/416441/10.jpg HTTP/1.1" 200 134015 "-" "Googlebot-Image/1.0"
66.249.66.66 - - [05/Mar/2025:01:36:02 +0100] "GET /Jurek/eurofirany/images/416441/9.jpg HTTP/1.1" 200 6595 "-" "Googlebot-Image/1.0"
66.249.66.66 - - [05/Mar/2025:01:36:04 +0100] "GET /Jurek/eurofirany/images/416441/8.jpg HTTP/1.1" 200 6595 "-" "Googlebot-Image/1.0"
77.79.248.229 - - [05/Mar/2025:01:36:09 +0100] "GET /Jurek/eurofirany/feeds/eurofirany_cdon_se.xml HTTP/1.1" 200 18762561 "-" "python-requests/2.32.3"
77.79.248.229 - - [05/Mar/2025:01:36:09 +0100] "GET /Jurek/eurofirany/feeds/eurofirany_cdon_dk.xml HTTP/1.1" 200 18762811 "-" "python-requests/2.32.3"
77.79.248.229 - - [05/Mar/2025:01:36:09 +0100] "GET /Jurek/eurofirany/feeds/eurofirany_cdon_fi.xml HTTP/1.1" 200 18745467 "-" "python-requests/2.32.3"
77.79.248.229 - - [05/Mar/2025:01:36:10 +0100] "GET /Jurek/stema/feeds/stema_cdon_se.xml HTTP/1.1" 200 839162 "-" "python-requests/2.32.3"
77.79.248.229 - - [05/Mar/2025:01:36:10 +0100] "GET /Jurek/stema/feeds/stema_cdon_dk.xml HTTP/1.1" 200 839015 "-" "python-requests/2.32.3"
77.79.248.229 - - [05/Mar/2025:01:36:10 +0100] "GET /Jurek/stema/feeds/stema_cdon_fi.xml HTTP/1.1" 200 838735 "-" "python-requests/2.32.3"
77.79.248.229 - - [05/Mar/2025:01:36:11 +0100] "GET /Jurek/aw/feeds/awnarzedzia_cdon_se.xml HTTP/1.1" 200 90457449 "-" "python-requests/2.32.3"
77.79.248.229 - - [05/Mar/2025:01:36:12 +0100] "GET /Jurek/aw/feeds/awnarzedzia_cdon_dk.xml HTTP/1.1" 200 90452146 "-" "python-requests/2.32.3"
77.79.248.229 - - [05/Mar/2025:01:36:13 +0100] "GET /Jurek/aw/feeds/awnarzedzia_cdon_fi.xml HTTP/1.1" 200 90369047 "-" "python-requests/2.32.3"
77.79.248.229 - - [05/Mar/2025:01:36:13 +0100] "GET /Jurek/hurtownia_przemyslowa/feeds/hp_cdon_se.xml HTTP/1.1" 200 49568773 "-" "python-requests/2.32.3"
77.79.248.229 - - [05/Mar/2025:01:36:14 +0100] "GET /Jurek/hurtownia_przemyslowa/feeds/hp_cdon_dk.xml HTTP/1.1" 200 49567177 "-" "python-requests/2.32.3"
77.79.248.229 - - [05/Mar/2025:01:36:14 +0100] "GET /Jurek/hurtownia_przemyslowa/feeds/hp_cdon_fi.xml HTTP/1.1" 200 49553634 "-" "python-requests/2.32.3"
77.79.248.229 - - [05/Mar/2025:01:36:16 +0100] "GET /Jurek/ikonka/feeds/ikonka_cdon_se.xml HTTP/1.1" 200 21402126 "-" "python-requests/2.32.3"
77.79.248.229 - - [05/Mar/2025:01:36:16 +0100] "GET /Jurek/ikonka/feeds/ikonka_cdon_dk.xml HTTP/1.1" 200 21402054 "-" "python-requests/2.32.3"
77.79.248.229 - - [05/Mar/2025:01:36:17 +0100] "GET /Jurek/ikonka/feeds/ikonka_cdon_fi.xml HTTP/1.1" 200 21399998 "-" "python-requests/2.32.3"
77.79.248.229 - - [05/Mar/2025:01:36:17 +0100] "GET /Jurek/fernity/feeds/fernity_cdon_fi.xml HTTP/1.1" 200 5224187 "-" "python-requests/2.32.3"
77.79.248.229 - - [05/Mar/2025:01:36:17 +0100] "GET /Jurek/fernity/feeds/fernity_cdon_se.xml HTTP/1.1" 200 5227611 "-" "python-requests/2.32.3"
77.79.248.229 - - [05/Mar/2025:01:36:17 +0100] "GET /Jurek/fernity/feeds/fernity_cdon_dk.xml HTTP/1.1" 200 5227135 "-" "python-requests/2.32.3"
77.79.248.229 - - [05/Mar/2025:01:36:18 +0100] "GET /Jurek/activeshop/feeds/activeshop_cdon_se.xml HTTP/1.1" 200 10455747 "-" "python-requests/2.32.3"
77.79.248.229 - - [05/Mar/2025:01:36:18 +0100] "GET /Jurek/activeshop/feeds/activeshop_cdon_dk.xml HTTP/1.1" 200 10455306 "-" "python-requests/2.32.3"
77.79.248.229 - - [05/Mar/2025:01:36:18 +0100] "GET /Jurek/activeshop/feeds/activeshop_cdon_fi.xml HTTP/1.1" 200 10451995 "-" "python-requests/2.32.3"
77.79.248.229 - - [05/Mar/2025:01:36:22 +0100] "GET /Jurek/barbecook/feeds/barbecook_cdon_se.xml HTTP/1.1" 200 87591 "-" "python-requests/2.32.3"
77.79.248.229 - - [05/Mar/2025:01:36:22 +0100] "GET /Jurek/barbecook/feeds/barbecook_cdon_dk.xml HTTP/1.1" 200 87593 "-" "python-requests/2.32.3"
77.79.248.229 - - [05/Mar/2025:01:36:22 +0100] "GET /Jurek/barbecook/feeds/barbecook_cdon_fi.xml HTTP/1.1" 200 87530 "-" "python-requests/2.32.3"
77.79.248.229 - - [05/Mar/2025:01:36:23 +0100] "GET /Jurek/action/feeds/action_cdon_se.xml HTTP/1.1" 200 55196699 "-" "python-requests/2.32.3"
77.79.248.229 - - [05/Mar/2025:01:36:23 +0100] "GET /Jurek/action/feeds/action_cdon_dk.xml HTTP/1.1" 200 55191588 "-" "python-requests/2.32.3"
77.79.248.229 - - [05/Mar/2025:01:36:24 +0100] "GET /Jurek/action/feeds/action_cdon_fi.xml HTTP/1.1" 200 55166707 "-" "python-requests/2.32.3"
77.79.248.229 - - [05/Mar/2025:01:36:24 +0100] "GET /Jurek/kinghoff/feeds/kinghoff_cdon_se.xml HTTP/1.1" 200 15107173 "-" "python-requests/2.32.3"
77.79.248.229 - - [05/Mar/2025:01:36:24 +0100] "GET /Jurek/kinghoff/feeds/kinghoff_cdon_dk.xml HTTP/1.1" 200 15106930 "-" "python-requests/2.32.3"
77.79.248.229 - - [05/Mar/2025:01:36:24 +0100] "GET /Jurek/kinghoff/feeds/kinghoff_cdon_fi.xml HTTP/1.1" 200 15104703 "-" "python-requests/2.32.3"
46.101.116.244 - - [05/Mar/2025:01:36:29 +0100] "GET /Jurek/beliani/feeds/beliani_si_mallsi.xml HTTP/2.0" 200 31813145 "-" "-"
66.249.66.66 - - [05/Mar/2025:01:36:43 +0100] "GET /Jurek/eurofirany/images/390318/7.jpg HTTP/1.1" 200 6595 "-" "Googlebot-Image/1.0"
46.101.116.244 - - [05/Mar/2025:01:36:49 +0100] "GET /Jurek/rovicky/feeds/rovicky_mallsi.xml HTTP/2.0" 200 14178397 "-" "-"
66.249.66.66 - - [05/Mar/2025:01:36:57 +0100] "GET /Jurek/eurofirany/images/390174/7.jpg HTTP/1.1" 200 6595 "-" "Googlebot-Image/1.0"
66.249.66.66 - - [05/Mar/2025:01:36:57 +0100] "GET /Jurek/eurofirany/images/390174/6.jpg HTTP/1.1" 200 6595 "-" "Googlebot-Image/1.0"
46.101.116.244 - - [05/Mar/2025:01:37:00 +0100] "GET /Jurek/detian/feeds/detian_mallsi.xml HTTP/2.0" 404 3551 "-" "-"
46.101.116.244 - - [05/Mar/2025:01:37:11 +0100] "GET /Jurek/ikonka/feeds/ikonka_mallsi.xml HTTP/2.0" 200 21399986 "-" "-"
46.101.116.244 - - [05/Mar/2025:01:37:23 +0100] "GET /Jurek/candellux/feeds/candellux_mallsi.xml HTTP/2.0" 200 465691 "-" "-"
46.101.116.244 - - [05/Mar/2025:01:37:34 +0100] "GET /Jurek/andex/feeds/andex_mallsl.xml HTTP/2.0" 200 1953443 "-" "-"
46.101.116.244 - - [05/Mar/2025:01:37:45 +0100] "GET /Jurek/chemex/feeds/chemex_mallsi.xml HTTP/2.0" 200 47809540 "-" "-"
46.101.116.244 - - [05/Mar/2025:01:37:59 +0100] "GET /Jurek/aw/feeds/awnarzedzia_mallsi.xml HTTP/2.0" 200 90369549 "-" "-"
77.79.248.229 - - [05/Mar/2025:01:38:07 +0100] "GET /Jurek/vidaSI/feeds/vidaSI_bigbang.xml HTTP/1.1" 200 613544946 "-" "Python-urllib/3.11"
77.79.248.229 - - [05/Mar/2025:01:38:08 +0100] "GET /Jurek/aw/feeds/awnarzedzia_bigbang.xml HTTP/1.1" 200 90345066 "-" "Python-urllib/3.11"
77.79.248.229 - - [05/Mar/2025:01:38:08 +0100] "GET /Jurek/hurtownia_przemyslowa/feeds/hp_bigbang.xml HTTP/1.1" 200 49550606 "-" "Python-urllib/3.11"
77.79.248.229 - - [05/Mar/2025:01:38:09 +0100] "GET /Jurek/action/feeds/action_bigbang.xml HTTP/1.1" 200 55161993 "-" "Python-urllib/3.11"
77.79.248.229 - - [05/Mar/2025:01:38:11 +0100] "GET /Jurek/unimet/feeds/unimet_bigbang.xml HTTP/1.1" 200 60211149 "-" "Python-urllib/3.11"
77.79.248.229 - - [05/Mar/2025:01:38:11 +0100] "GET /Jurek/ikonka/feeds/ikonka_bigbang.xml HTTP/1.1" 200 21400036 "-" "Python-urllib/3.11"
77.79.248.229 - - [05/Mar/2025:01:38:12 +0100] "GET /Jurek/bass/feeds/bass_bigbang.xml HTTP/1.1" 200 3985191 "-" "Python-urllib/3.11"
77.79.248.229 - - [05/Mar/2025:01:38:13 +0100] "GET /Jurek/kinghoff/feeds/kinghoff_bigbang.xml HTTP/1.1" 200 15104266 "-" "Python-urllib/3.11"
77.79.248.229 - - [05/Mar/2025:01:38:13 +0100] "GET /Jurek/activeshop/feeds/activeshop_bigbang.xml HTTP/1.1" 200 10451999 "-" "Python-urllib/3.11"
77.79.248.229 - - [05/Mar/2025:01:38:14 +0100] "GET /Jurek/octopia/feeds/octopia_bigbang.xml HTTP/1.1" 200 6225500 "-" "Python-urllib/3.11"
77.79.248.229 - - [05/Mar/2025:01:38:14 +0100] "GET /Jurek/topeshop/feeds/topeshop_bigbang.xml HTTP/1.1" 200 2437509 "-" "Python-urllib/3.11"
77.79.248.229 - - [05/Mar/2025:01:38:14 +0100] "GET /Jurek/b3/feeds/b3_bigbang.xml HTTP/1.1" 200 7325909 "-" "Python-urllib/3.11"
77.79.248.229 - - [05/Mar/2025:01:38:14 +0100] "GET /Jurek/asortymenteu/feeds/asortymenteu_bigbang.xml HTTP/1.1" 200 2592747 "-" "Python-urllib/3.11"
77.79.248.229 - - [05/Mar/2025:01:38:14 +0100] "GET /Jurek/eroplace/feeds/eroplace_bigbang.xml HTTP/1.1" 200 30848909 "-" "Python-urllib/3.11"
77.79.248.229 - - [05/Mar/2025:01:38:18 +0100] "GET /Jurek/intsell/feeds/intsell_bigbang.xml HTTP/1.1" 200 338784701 "-" "Python-urllib/3.11"
77.79.248.229 - - [05/Mar/2025:01:38:18 +0100] "GET /Jurek/coppotech/feeds/coppotech_bigbang.xml HTTP/1.1" 200 38985375 "-" "Python-urllib/3.11"
77.79.248.229 - - [05/Mar/2025:01:38:18 +0100] "GET /Jurek/stema/feeds/stema_bigbang.xml HTTP/1.1" 200 838606 "-" "Python-urllib/3.11"
77.79.248.229 - - [05/Mar/2025:01:38:18 +0100] "GET /Jurek/sempler/feeds/sempler_bigbang.xml HTTP/1.1" 200 6553196 "-" "Python-urllib/3.11"
77.79.248.229 - - [05/Mar/2025:01:38:18 +0100] "GET /Jurek/benetech/feeds/benetech_bigbang.xml HTTP/1.1" 200 4451865 "-" "Python-urllib/3.11"
77.79.248.229 - - [05/Mar/2025:01:38:19 +0100] "GET /Jurek/ekuchcikowo/feeds/ekuchcikowo_bigbang.xml HTTP/1.1" 200 13459836 "-" "Python-urllib/3.11"
77.79.248.229 - - [05/Mar/2025:01:38:19 +0100] "GET /Jurek/erohurtownia/feeds/erohurtownia_bigbang.xml HTTP/1.1" 200 23304501 "-" "Python-urllib/3.11"
77.79.248.229 - - [05/Mar/2025:01:38:26 +0100] "GET /Jurek/naszedzieci/feeds/naszedzieci_bigbang.xml HTTP/1.1" 200 833251905 "-" "Python-urllib/3.11"
77.79.248.229 - - [05/Mar/2025:01:38:28 +0100] "GET /Jurek/awparts/feeds/awparts_bigbang.xml HTTP/1.1" 200 142301756 "-" "Python-urllib/3.11"
77.79.248.229 - - [05/Mar/2025:01:38:28 +0100] "GET /Jurek/najtanszysport/feeds/najtanszysport_bigbang.xml HTTP/1.1" 200 3982883 "-" "Python-urllib/3.11"
77.79.248.229 - - [05/Mar/2025:01:38:28 +0100] "GET /Jurek/aiofactory/feeds/aiofactory_bigbang.xml HTTP/1.1" 200 2123800 "-" "Python-urllib/3.11"
77.79.248.229 - - [05/Mar/2025:01:38:28 +0100] "GET /Jurek/playcob/feeds/playcob_bigbang.xml HTTP/1.1" 200 6980126 "-" "Python-urllib/3.11"
77.79.248.229 - - [05/Mar/2025:01:38:28 +0100] "GET /Jurek/kidshop/feeds/kidshop_bigbang.xml HTTP/1.1" 200 19850535 "-" "Python-urllib/3.11"
77.79.248.229 - - [05/Mar/2025:01:38:29 +0100] "GET /Jurek/polzoo/feeds/polzoo_bigbang.xml HTTP/1.1" 200 48125729 "-" "Python-urllib/3.11"
66.249.66.67 - - [05/Mar/2025:01:38:29 +0100] "GET /Jurek/eurofirany/images/390400/4.jpg HTTP/1.1" 200 181761 "-" "Googlebot-Image/1.0"
46.101.116.244 - - [05/Mar/2025:01:38:41 +0100] "GET /Jurek/aw/feeds/aw_fnacfr.xml HTTP/1.0" 404 3551 "-" "-"
46.101.116.244 - - [05/Mar/2025:01:38:54 +0100] "GET /Jurek/barbecook/feeds/barbecook_mallsl.xml HTTP/2.0" 200 87528 "-" "-"
46.101.116.244 - - [05/Mar/2025:01:38:58 +0100] "GET /Filip/feeds/xlsx_ceneo.xml HTTP/1.0" 200 6241376 "-" "-"
46.101.116.244 - - [05/Mar/2025:01:39:04 +0100] "GET /Jurek/duka/feeds/duka_mallsl.xml HTTP/2.0" 200 57 "-" "-"
46.101.116.244 - - [05/Mar/2025:01:39:15 +0100] "GET /Jurek/miloohome/feeds/miloohome_mallsi.xml HTTP/2.0" 200 1421056 "-" "-"
46.101.116.244 - - [05/Mar/2025:01:39:25 +0100] "GET /Jurek/stema/feeds/stema_mallsl.xml HTTP/2.0" 200 838679 "-" "-"
66.249.66.66 - - [05/Mar/2025:01:39:25 +0100] "GET /Jurek/eurofirany/images/398806/8.jpg HTTP/1.1" 200 6625 "-" "Googlebot-Image/1.0"
46.101.116.244 - - [05/Mar/2025:01:39:36 +0100] "GET /Jurek/fernity/feeds/fernity_mallsl.xml HTTP/2.0" 200 5224117 "-" "-"
66.249.66.66 - - [05/Mar/2025:01:39:48 +0100] "GET /Jurek/eurofirany/images/398805/8.jpg HTTP/1.1" 200 6625 "-" "Googlebot-Image/1.0"
46.101.116.244 - - [05/Mar/2025:01:39:59 +0100] "GET /Jurek/kinghoff/feeds/kinghoff_mallsl.xml HTTP/2.0" 200 15104373 "-" "-"
46.101.116.244 - - [05/Mar/2025:01:40:13 +0100] "GET /Jurek/kinghome/feeds/kinghome_mallsl.xml HTTP/2.0" 200 5752581 "-" "-"
66.249.66.66 - - [05/Mar/2025:01:40:24 +0100] "GET /Jurek/eurofirany/images/423134/1.jpg HTTP/1.1" 200 0 "-" "Googlebot-Image/1.0"
46.101.116.244 - - [05/Mar/2025:01:40:24 +0100] "GET /Jurek/vivaldi/feeds/vivaldi_Mall-sl.xml HTTP/2.0" 200 344585 "-" "-"
46.101.116.244 - - [05/Mar/2025:01:40:35 +0100] "GET /Jurek/eurofirany/feeds/eurofirany_mall_si_shumee.xml HTTP/2.0" 200 18745542 "-" "-"
66.249.66.66 - - [05/Mar/2025:01:40:35 +0100] "GET /Jurek/eurofirany/images/423134/0.jpg HTTP/1.1" 200 0 "-" "Googlebot-Image/1.0"
77.79.248.229 - - [05/Mar/2025:01:40:47 +0100] "GET /Jurek/kinghoff/feeds/kinghoff_SkroutzGR.xml HTTP/1.1" 200 15104514 "-" "Python-urllib/3.11"
77.79.248.229 - - [05/Mar/2025:01:40:48 +0100] "GET /Jurek/aw/feeds/awnarzedzia_skroutz.xml HTTP/1.1" 200 90369160 "-" "Python-urllib/3.11"
77.79.248.229 - - [05/Mar/2025:01:40:48 +0100] "GET /Jurek/eurofirany/feeds/eurofirany_skroutz.xml HTTP/1.1" 200 18745335 "-" "Python-urllib/3.11"
77.79.248.229 - - [05/Mar/2025:01:40:48 +0100] "GET /Jurek/fernity/feeds/fernity_skroutz.xml HTTP/1.1" 200 5224543 "-" "Python-urllib/3.11"
5.134.208.158 - - [05/Mar/2025:01:41:09 +0100] "GET /Jurek/eurofirany/images/453485/0.jpg HTTP/1.1" 206 256 "https://www.ceneo.pl" "Mozilla/5.0 (Windows NT 10.0; Win64; x64) AppleWebKit/537.36 (KHTML, like Gecko) Chrome/87.0.4280.141 Safari/537.36"
5.134.208.158 - - [05/Mar/2025:01:41:10 +0100] "GET /Jurek/eurofirany/images/453024/0.jpg HTTP/1.1" 206 256 "https://www.ceneo.pl" "Mozilla/5.0 (Windows NT 10.0; Win64; x64) AppleWebKit/537.36 (KHTML, like Gecko) Chrome/87.0.4280.141 Safari/537.36"
46.101.116.244 - - [05/Mar/2025:01:42:18 +0100] "GET /Jurek/aw/feeds/aw_fnacfr.xml HTTP/1.0" 404 3551 "-" "-"
66.249.66.66 - - [05/Mar/2025:01:42:21 +0100] "GET /Jurek/eurofirany/images/401100/6.jpg HTTP/1.1" 200 33 "-" "Googlebot-Image/1.0"
66.249.66.66 - - [05/Mar/2025:01:42:21 +0100] "GET /Jurek/eurofirany/images/401099/6.jpg HTTP/1.1" 200 33 "-" "Googlebot-Image/1.0"
46.101.116.244 - - [05/Mar/2025:01:42:33 +0100] "GET /Filip/feeds/xlsx_ceneo.xml HTTP/1.0" 200 6241376 "-" "-"
66.249.66.66 - - [05/Mar/2025:01:42:49 +0100] "GET /Jurek/eurofirany/images/383362/5.jpg HTTP/1.1" 200 93129 "-" "Googlebot-Image/1.0"
46.101.116.244 - - [05/Mar/2025:01:43:09 +0100] "GET /Jurek/unimet/feeds/unimet_mallsi.xml HTTP/2.0" 200 60213661 "-" "-"
77.79.248.229 - - [05/Mar/2025:01:44:04 +0100] "GET /Jurek/kinghoff/feeds/kinghoff_rakuten.xml HTTP/1.1" 200 15104284 "-" "Python-urllib/3.11"
46.101.116.244 - - [05/Mar/2025:01:44:06 +0100] "GET /Jurek/vidaSI/feeds/vidaSI_mall.xml HTTP/2.0" 200 613570536 "-" "-"
66.249.66.66 - - [05/Mar/2025:01:44:28 +0100] "GET /Jurek/eurofirany/images/389604/7.jpg HTTP/1.1" 200 6595 "-" "Googlebot-Image/1.0"
66.249.66.66 - - [05/Mar/2025:01:44:29 +0100] "GET /Jurek/eurofirany/images/389604/6.jpg HTTP/1.1" 200 185602 "-" "Googlebot-Image/1.0"
