77.79.248.229 - - [05/Mar/2025:15:54:10 +0100] "GET /Jurek/topeshop/feeds/topeshop_manoDE.xml HTTP/1.1" 200 2450365 "-" "Python-urllib/3.11"
77.79.248.229 - - [05/Mar/2025:15:54:12 +0100] "GET /Jurek/aw/feeds/awnarzedzia_manomanoDE.xml HTTP/1.1" 200 90376833 "-" "Python-urllib/3.11"
77.79.248.229 - - [05/Mar/2025:15:54:13 +0100] "GET /Jurek/action/feeds/action_manomano_DE.xml HTTP/1.1" 200 56340759 "-" "Python-urllib/3.11"
77.79.248.229 - - [05/Mar/2025:15:54:13 +0100] "GET /Jurek/drewdon/feeds/drewdon_manomanoDE.xml HTTP/1.1" 200 504462 "-" "Python-urllib/3.11"
77.79.248.229 - - [05/Mar/2025:15:54:13 +0100] "GET /Jurek/kobi/feeds/kobi_manomanoDE.xml HTTP/1.1" 200 1993227 "-" "Python-urllib/3.11"
77.79.248.229 - - [05/Mar/2025:15:54:13 +0100] "GET /Jurek/pupus/feeds/pupus_manomanoDE.xml HTTP/1.1" 200 6154624 "-" "Python-urllib/3.11"
77.79.248.229 - - [05/Mar/2025:15:54:13 +0100] "GET /Jurek/reman/feeds/reman_manoamnoDE.xml HTTP/1.1" 200 1394828 "-" "Python-urllib/3.11"
77.79.248.229 - - [05/Mar/2025:15:54:13 +0100] "GET /Jurek/artdog/feeds/artdog_manomanoDE.xml HTTP/1.1" 200 16921848 "-" "Python-urllib/3.11"
77.79.248.229 - - [05/Mar/2025:15:54:13 +0100] "GET /Jurek/sartrix/feeds/sartrix_manomanoDE.xml HTTP/1.1" 200 649154 "-" "Python-urllib/3.11"
77.79.248.229 - - [05/Mar/2025:15:54:13 +0100] "GET /Jurek/hlo/feeds/hlo_manomanoDE.xml HTTP/1.1" 200 4838799 "-" "Python-urllib/3.11"
77.79.248.229 - - [05/Mar/2025:15:54:14 +0100] "GET /Jurek/hurtmeblowy/feeds/hurtmeblowy_ManoDE.xml HTTP/1.1" 200 8023188 "-" "Python-urllib/3.11"
77.79.248.229 - - [05/Mar/2025:15:54:14 +0100] "GET /Jurek/drops/feeds/dropsofficecolection_manoDE.xml HTTP/1.1" 200 798487 "-" "Python-urllib/3.11"
77.79.248.229 - - [05/Mar/2025:15:54:14 +0100] "GET /Jurek/aiofactory/feeds/aiofactory_manomanoDE.xml HTTP/1.1" 200 2123808 "-" "Python-urllib/3.11"
77.79.248.229 - - [05/Mar/2025:15:54:14 +0100] "GET /Jurek/szpaklampy/feeds/szpaklampy_manoDE.xml HTTP/1.1" 200 388238 "-" "Python-urllib/3.11"
77.79.248.229 - - [05/Mar/2025:15:54:14 +0100] "GET /Jurek/fernity/feeds/fernity_manomano.xml HTTP/1.1" 200 5224229 "-" "Python-urllib/3.11"
77.79.248.229 - - [05/Mar/2025:15:54:15 +0100] "GET /Jurek/eurofirany/feeds/eurofirany_manomanofr.xml HTTP/1.1" 200 18890552 "-" "Python-urllib/3.11"
77.79.248.229 - - [05/Mar/2025:15:54:15 +0100] "GET /Jurek/hurtownia_przemyslowa/feeds/hp_manomanofr.xml HTTP/1.1" 200 49553763 "-" "Python-urllib/3.11"
77.79.248.229 - - [05/Mar/2025:15:54:16 +0100] "GET /Jurek/kinghome/feeds/kinghome_manomanofr.xml HTTP/1.1" 200 5785090 "-" "Python-urllib/3.11"
77.79.248.229 - - [05/Mar/2025:15:54:17 +0100] "GET /Jurek/topeshop/feeds/topeshop_manoFR.xml HTTP/1.1" 200 2450511 "-" "Python-urllib/3.11"
77.79.248.229 - - [05/Mar/2025:15:54:17 +0100] "GET /Jurek/activeshop/feeds/activeshop_manomanofr.xml HTTP/1.1" 200 10441958 "-" "Python-urllib/3.11"
77.79.248.229 - - [05/Mar/2025:15:54:18 +0100] "GET /Jurek/aw/feeds/awnarzedzia_manomanofr.xml HTTP/1.1" 200 90378318 "-" "Python-urllib/3.11"
77.79.248.229 - - [05/Mar/2025:15:54:19 +0100] "GET /Jurek/bass_new/feeds/bass_manofr.xml HTTP/1.1" 200 7040931 "-" "Python-urllib/3.11"
77.79.248.229 - - [05/Mar/2025:15:54:20 +0100] "GET /Jurek/stema/feeds/stema_manofr.xml HTTP/1.1" 200 838575 "-" "Python-urllib/3.11"
77.79.248.229 - - [05/Mar/2025:15:54:20 +0100] "GET /Jurek/aiofactory/feeds/aiofactory_manomanoFR.xml HTTP/1.1" 200 2123796 "-" "Python-urllib/3.11"
77.79.248.229 - - [05/Mar/2025:15:54:20 +0100] "GET /Jurek/hurtmeblowy/feeds/hurtmeblowy_ManoFR.xml HTTP/1.1" 200 8023331 "-" "Python-urllib/3.11"
77.79.248.229 - - [05/Mar/2025:15:54:20 +0100] "GET /Jurek/szpaklampy/feeds/szpaklampy_manoFR.xml HTTP/1.1" 200 388247 "-" "Python-urllib/3.11"
77.79.248.229 - - [05/Mar/2025:15:54:20 +0100] "GET /Jurek/drops/feeds/dropsofficecolection_manoFR.xml HTTP/1.1" 200 798561 "-" "Python-urllib/3.11"
77.79.248.229 - - [05/Mar/2025:15:54:21 +0100] "GET /Jurek/hurtownia_przemyslowa/feeds/hp_manomanoit.xml HTTP/1.1" 200 49554036 "-" "Python-urllib/3.11"
77.79.248.229 - - [05/Mar/2025:15:54:21 +0100] "GET /Jurek/eurofirany/feeds/eurofirany_manomanoit.xml HTTP/1.1" 200 18890698 "-" "Python-urllib/3.11"
77.79.248.229 - - [05/Mar/2025:15:54:22 +0100] "GET /Jurek/fernity/feeds/fernity_manoIT.xml HTTP/1.1" 200 5224876 "-" "Python-urllib/3.11"
77.79.248.229 - - [05/Mar/2025:15:54:22 +0100] "GET /Jurek/topeshop/feeds/topeshop_manoIT.xml HTTP/1.1" 200 2450471 "-" "Python-urllib/3.11"
77.79.248.229 - - [05/Mar/2025:15:54:23 +0100] "GET /Jurek/action/feeds/action_manomano_IT.xml HTTP/1.1" 200 56341984 "-" "Python-urllib/3.11"
77.79.248.229 - - [05/Mar/2025:15:54:23 +0100] "GET /Jurek/activeshop/feeds/activeshop_manomanoit.xml HTTP/1.1" 200 10442095 "-" "Python-urllib/3.11"
77.79.248.229 - - [05/Mar/2025:15:54:25 +0100] "GET /Jurek/aw/feeds/awnarzedzia_manomanoIT.xml HTTP/1.1" 200 90380100 "-" "Python-urllib/3.11"
77.79.248.229 - - [05/Mar/2025:15:54:25 +0100] "GET /Jurek/barbecook/feeds/barbecook_manoit.xml HTTP/1.1" 200 87531 "-" "Python-urllib/3.11"
77.79.248.229 - - [05/Mar/2025:15:54:25 +0100] "GET /Jurek/drewdon/feeds/drewdon_manomanoIT.xml HTTP/1.1" 200 504460 "-" "Python-urllib/3.11"
77.79.248.229 - - [05/Mar/2025:15:54:25 +0100] "GET /Jurek/kobi/feeds/kobi_manomanoIT.xml HTTP/1.1" 200 1993312 "-" "Python-urllib/3.11"
77.79.248.229 - - [05/Mar/2025:15:54:26 +0100] "GET /Jurek/pupus/feeds/pupus_manomanoIT.xml HTTP/1.1" 200 6154672 "-" "Python-urllib/3.11"
77.79.248.229 - - [05/Mar/2025:15:54:26 +0100] "GET /Jurek/reman/feeds/reman_manoamnoIT.xml HTTP/1.1" 200 1394832 "-" "Python-urllib/3.11"
77.79.248.229 - - [05/Mar/2025:15:54:26 +0100] "GET /Jurek/artdog/feeds/artdog_manomanoIT.xml HTTP/1.1" 200 16921714 "-" "Python-urllib/3.11"
77.79.248.229 - - [05/Mar/2025:15:54:26 +0100] "GET /Jurek/sartrix/feeds/sartrix_manomanoIT.xml HTTP/1.1" 200 649171 "-" "Python-urllib/3.11"
77.79.248.229 - - [05/Mar/2025:15:54:26 +0100] "GET /Jurek/hlo/feeds/hlo_manomanoIT.xml HTTP/1.1" 200 4838837 "-" "Python-urllib/3.11"
77.79.248.229 - - [05/Mar/2025:15:54:26 +0100] "GET /Jurek/drewdon/feeds/drewdon_manomanoES.xml HTTP/1.1" 200 504461 "-" "Python-urllib/3.11"
77.79.248.229 - - [05/Mar/2025:15:54:27 +0100] "GET /Jurek/hurtownia_przemyslowa/feeds/hp_manomanoES.xml HTTP/1.1" 200 49554252 "-" "Python-urllib/3.11"
77.79.248.229 - - [05/Mar/2025:15:54:27 +0100] "GET /Jurek/kobi/feeds/kobi_manomanoES.xml HTTP/1.1" 200 1993279 "-" "Python-urllib/3.11"
77.79.248.229 - - [05/Mar/2025:15:54:27 +0100] "GET /Jurek/pupus/feeds/pupus_manomanoES.xml HTTP/1.1" 200 6154418 "-" "Python-urllib/3.11"
77.79.248.229 - - [05/Mar/2025:15:54:27 +0100] "GET /Jurek/reman/feeds/reman_manoamnoES.xml HTTP/1.1" 200 1394829 "-" "Python-urllib/3.11"
77.79.248.229 - - [05/Mar/2025:15:54:27 +0100] "GET /Jurek/artdog/feeds/artdog_manomanoES.xml HTTP/1.1" 200 16922117 "-" "Python-urllib/3.11"
77.79.248.229 - - [05/Mar/2025:15:54:27 +0100] "GET /Jurek/sartrix/feeds/sartrix_manomanoES.xml HTTP/1.1" 200 649178 "-" "Python-urllib/3.11"
77.79.248.229 - - [05/Mar/2025:15:54:28 +0100] "GET /Jurek/hlo/feeds/hlo_manomanoES.xml HTTP/1.1" 200 4838838 "-" "Python-urllib/3.11"
77.79.248.229 - - [05/Mar/2025:15:54:28 +0100] "GET /Jurek/drops/feeds/dropsofficecolection_manoES.xml HTTP/1.1" 200 798481 "-" "Python-urllib/3.11"
77.79.248.229 - - [05/Mar/2025:15:54:28 +0100] "GET /Jurek/szpaklampy/feeds/szpaklampy_manoES.xml HTTP/1.1" 200 388234 "-" "Python-urllib/3.11"
77.79.248.229 - - [05/Mar/2025:15:54:28 +0100] "GET /Jurek/hurtmeblowy/feeds/hurtmeblowy_ManoES.xml HTTP/1.1" 200 8023326 "-" "Python-urllib/3.11"
77.79.248.229 - - [05/Mar/2025:15:54:28 +0100] "GET /Jurek/aiofactory/feeds/aiofactory_manomanoES.xml HTTP/1.1" 200 2123797 "-" "Python-urllib/3.11"
3.74.7.74 - - [05/Mar/2025:15:54:43 +0100] "GET /Jurek/topeshop/downloaded_images/5902838461266_2.png HTTP/2.0" 404 3551 "-" "Mozilla/5.0 (Windows NT 10.0; Win64; x64) AppleWebKit/537.36 (KHTML, like Gecko) Chrome/109.0.0.0 Safari/537.36"
46.101.116.244 - - [05/Mar/2025:15:54:45 +0100] "GET /Jurek/hurtownia_przemyslowa/feeds/hp_alza.xml HTTP/2.0" 200 49572635 "-" "-"
3.74.7.74 - - [05/Mar/2025:15:54:50 +0100] "GET /Jurek/topeshop/downloaded_images/5904507205355_antanrtprofil43.jpg HTTP/2.0" 404 3551 "-" "Mozilla/5.0 (Windows NT 10.0; Win64; x64) AppleWebKit/537.36 (KHTML, like Gecko) Chrome/109.0.0.0 Safari/537.36"
18.157.125.26 - - [05/Mar/2025:15:54:50 +0100] "GET /Jurek/topeshop/downloaded_images/5902838467848_profiloweartisan43.jpg HTTP/2.0" 404 3551 "-" "Mozilla/5.0 (Windows NT 10.0; Win64; x64) AppleWebKit/537.36 (KHTML, like Gecko) Chrome/109.0.0.0 Safari/537.36"
3.74.7.74 - - [05/Mar/2025:15:54:50 +0100] "GET /Jurek/topeshop/downloaded_images/5902838461440_profilll.jpg HTTP/2.0" 404 3551 "-" "Mozilla/5.0 (Windows NT 10.0; Win64; x64) AppleWebKit/537.36 (KHTML, like Gecko) Chrome/109.0.0.0 Safari/537.36"
18.157.125.26 - - [05/Mar/2025:15:54:50 +0100] "GET /Jurek/topeshop/downloaded_images/5902838461433_profiloooweeee.jpg HTTP/2.0" 404 3551 "-" "Mozilla/5.0 (Windows NT 10.0; Win64; x64) AppleWebKit/537.36 (KHTML, like Gecko) Chrome/109.0.0.0 Safari/537.36"
18.157.125.26 - - [05/Mar/2025:15:54:50 +0100] "GET /Jurek/topeshop/downloaded_images/5902838461419_S40BIELBRY%C5%81KABOKZM.jpg HTTP/2.0" 404 3551 "-" "Mozilla/5.0 (Windows NT 10.0; Win64; x64) AppleWebKit/537.36 (KHTML, like Gecko) Chrome/109.0.0.0 Safari/537.36"
5.134.208.158 - - [05/Mar/2025:15:54:50 +0100] "GET /Jurek/eurofirany/images/390901/0.jpg HTTP/1.1" 200 159355 "-" "-"
3.126.202.245 - - [05/Mar/2025:15:54:50 +0100] "GET /Jurek/topeshop/downloaded_images/5902838461365_S33SONOMABOKBRY%C5%81KA.jpg HTTP/2.0" 404 3551 "-" "Mozilla/5.0 (Windows NT 10.0; Win64; x64) AppleWebKit/537.36 (KHTML, like Gecko) Chrome/109.0.0.0 Safari/537.36"
46.101.116.244 - - [05/Mar/2025:15:55:06 +0100] "GET /Jurek/hurtownia_przemyslowa/feeds/hp_kaufcz.xml HTTP/2.0" 200 49572035 "-" "-"
66.249.69.170 - - [05/Mar/2025:15:55:36 +0100] "GET /Jurek/eurofirany/images/390450/1.jpg HTTP/1.1" 200 315915 "-" "Googlebot-Image/1.0"
66.211.183.73 - - [05/Mar/2025:15:55:41 +0100] "GET /Jurek/eurofirany/images/383347/0.jpg HTTP/1.1" 200 66982 "-" "scalaj-http/2.4.2"
46.101.116.244 - - [05/Mar/2025:15:55:43 +0100] "GET /Jurek/hurtownia_przemyslowa/feeds/hp_kaufsk.xml HTTP/2.0" 200 49552237 "-" "-"
89.161.206.59 - - [05/Mar/2025:15:55:59 +0100] "GET /Jurek/ekuchcikowo/feeds/ekuchcikowo_skroutz.xml HTTP/1.0" 200 13460463 "-" "-"
46.101.116.244 - - [05/Mar/2025:15:56:01 +0100] "GET /Jurek/hurtownia_przemyslowa/feeds/hp_kaufde.xml HTTP/2.0" 200 49552086 "-" "-"
46.101.116.244 - - [05/Mar/2025:15:56:29 +0100] "GET /Jurek/aw/feeds/aw_fnacfr.xml HTTP/1.0" 404 3551 "-" "-"
66.211.183.73 - - [05/Mar/2025:15:56:35 +0100] "GET /Jurek/eurofirany/images/389239/0.jpg HTTP/1.1" 200 134368 "-" "scalaj-http/2.4.2"
66.211.183.73 - - [05/Mar/2025:15:56:45 +0100] "GET /Jurek/eurofirany/images/390051/0.jpg HTTP/1.1" 200 169150 "-" "scalaj-http/2.4.2"
89.161.206.59 - - [05/Mar/2025:15:56:47 +0100] "GET /Jurek/maksik/feeds/maksik_bol.xml HTTP/1.0" 200 4084803 "-" "-"
46.101.116.244 - - [05/Mar/2025:15:56:49 +0100] "GET /Filip/feeds/xlsx_ceneo.xml HTTP/1.0" 200 6241376 "-" "-"
66.211.183.74 - - [05/Mar/2025:15:57:15 +0100] "GET /Jurek/eurofirany/images/404523/0.jpg HTTP/1.1" 200 76196 "-" "scalaj-http/2.4.2"
3.74.7.74 - - [05/Mar/2025:15:57:20 +0100] "GET /Jurek/topeshop/downloaded_images/5902838467831_S40ARTISANBRY%C5%81KABOKZM.jpg HTTP/2.0" 404 3551 "-" "Mozilla/5.0 (Windows NT 10.0; Win64; x64) AppleWebKit/537.36 (KHTML, like Gecko) Chrome/109.0.0.0 Safari/537.36"
3.74.7.74 - - [05/Mar/2025:15:57:20 +0100] "GET /Jurek/topeshop/downloaded_images/5902838461334_S30BIELBOKBRY%C5%81KA.jpg HTTP/2.0" 404 3551 "-" "Mozilla/5.0 (Windows NT 10.0; Win64; x64) AppleWebKit/537.36 (KHTML, like Gecko) Chrome/109.0.0.0 Safari/537.36"
3.74.7.74 - - [05/Mar/2025:15:57:20 +0100] "GET /Jurek/topeshop/downloaded_images/5902838461372_S33BIELBOKBRY%C5%81KA.jpg HTTP/2.0" 404 3551 "-" "Mozilla/5.0 (Windows NT 10.0; Win64; x64) AppleWebKit/537.36 (KHTML, like Gecko) Chrome/109.0.0.0 Safari/537.36"
3.74.7.74 - - [05/Mar/2025:15:57:20 +0100] "GET /Jurek/topeshop/downloaded_images/5904507205324_S30ANTRACYTBOKBRY%C5%81KA.jpg HTTP/2.0" 404 3551 "-" "Mozilla/5.0 (Windows NT 10.0; Win64; x64) AppleWebKit/537.36 (KHTML, like Gecko) Chrome/109.0.0.0 Safari/537.36"
3.74.7.74 - - [05/Mar/2025:15:57:20 +0100] "GET /Jurek/topeshop/downloaded_images/5904507205348_S40ANTRACYTBRY%C5%81KABOKZM.jpg HTTP/2.0" 404 3551 "-" "Mozilla/5.0 (Windows NT 10.0; Win64; x64) AppleWebKit/537.36 (KHTML, like Gecko) Chrome/109.0.0.0 Safari/537.36"
3.126.202.245 - - [05/Mar/2025:15:57:21 +0100] "GET /Jurek/topeshop/downloaded_images/5902838467466_2.jpg HTTP/2.0" 404 3551 "-" "Mozilla/5.0 (Windows NT 10.0; Win64; x64) AppleWebKit/537.36 (KHTML, like Gecko) Chrome/109.0.0.0 Safari/537.36"
3.74.7.74 - - [05/Mar/2025:15:57:21 +0100] "GET /Jurek/topeshop/downloaded_images/5902838467817_profilowee.jpg HTTP/2.0" 404 3551 "-" "Mozilla/5.0 (Windows NT 10.0; Win64; x64) AppleWebKit/537.36 (KHTML, like Gecko) Chrome/109.0.0.0 Safari/537.36"
18.157.125.26 - - [05/Mar/2025:15:57:21 +0100] "GET /Jurek/topeshop/downloaded_images/5902838466520_ROmana_bry%C5%82y_F_C_b0005.jpg HTTP/2.0" 404 3551 "-" "Mozilla/5.0 (Windows NT 10.0; Win64; x64) AppleWebKit/537.36 (KHTML, like Gecko) Chrome/109.0.0.0 Safari/537.36"
193.33.8.61 - - [05/Mar/2025:15:57:35 +0100] "GET /Jurek/topeshop/feeds/ HTTP/2.0" 200 3772 "-" "Mozilla/5.0 (Windows NT 10.0; Win64; x64) AppleWebKit/537.36 (KHTML, like Gecko) Chrome/133.0.0.0 Safari/537.36"
193.33.8.61 - - [05/Mar/2025:15:57:41 +0100] "GET /Jurek/topeshop/feeds/topeshop_zero.xml HTTP/2.0" 200 2450585 "https://dkkapusta1997.usermd.net/Jurek/topeshop/feeds/" "Mozilla/5.0 (Windows NT 10.0; Win64; x64) AppleWebKit/537.36 (KHTML, like Gecko) Chrome/133.0.0.0 Safari/537.36"
46.101.116.244 - - [05/Mar/2025:15:57:47 +0100] "GET /Jurek/gimmik/feeds/gimmik_mallsiex.xml HTTP/2.0" 404 3551 "-" "-"
66.211.183.74 - - [05/Mar/2025:15:58:00 +0100] "GET /Jurek/eurofirany/images/409425/0.jpg HTTP/1.1" 200 41174 "-" "scalaj-http/2.4.2"
51.77.52.107 - - [05/Mar/2025:15:58:02 +0100] "GET /Jurek/eurofirany/images/383058/0.jpg HTTP/2.0" 200 69041 "-" "-"
193.33.8.61 - - [05/Mar/2025:15:58:04 +0100] "GET /Jurek/topeshop/downloaded_images/5902838461433_profiloooweeee.jpg HTTP/2.0" 404 3551 "-" "Mozilla/5.0 (Windows NT 10.0; Win64; x64) AppleWebKit/537.36 (KHTML, like Gecko) Chrome/133.0.0.0 Safari/537.36"
51.77.52.107 - - [05/Mar/2025:15:58:06 +0100] "GET /Jurek/eurofirany/images/383093/0.jpg HTTP/2.0" 200 80797 "-" "-"
77.79.248.229 - - [05/Mar/2025:15:58:06 +0100] "GET /Filip/zalando/zalando-logo.jpg HTTP/1.1" 200 5121 "-" "-"
77.79.248.229 - - [05/Mar/2025:15:58:07 +0100] "GET /Filip/zalando/zalando-logo.jpg HTTP/1.1" 200 5121 "-" "-"
46.101.116.244 - - [05/Mar/2025:15:58:10 +0100] "GET /Jurek/bimboland/feeds/bimboland_mallsiex.xml HTTP/2.0" 200 2494320 "-" "-"
193.33.8.61 - - [05/Mar/2025:15:58:14 +0100] "GET /Jurek/topeshop/downloaded_images/5902838461433_S43SONOMABOKOT.jpg HTTP/2.0" 200 154760 "-" "Mozilla/5.0 (Windows NT 10.0; Win64; x64) AppleWebKit/537.36 (KHTML, like Gecko) Chrome/133.0.0.0 Safari/537.36"
193.33.8.61 - - [05/Mar/2025:15:58:24 +0100] "GET /Jurek/topeshop/downloaded_images/5902838461433_profiloooweeee.jpg HTTP/2.0" 404 3551 "-" "Mozilla/5.0 (Windows NT 10.0; Win64; x64) AppleWebKit/537.36 (KHTML, like Gecko) Chrome/133.0.0.0 Safari/537.36"
89.161.206.59 - - [05/Mar/2025:15:58:35 +0100] "GET /Jurek/playcob/feeds/playcob_skroutz.xml HTTP/1.0" 200 6980101 "-" "-"
193.33.8.61 - - [05/Mar/2025:15:58:42 +0100] "GET /Jurek/topeshop/downloaded_images/5902838467848_profiloweartisan43.jpg HTTP/2.0" 404 3551 "-" "Mozilla/5.0 (Windows NT 10.0; Win64; x64) AppleWebKit/537.36 (KHTML, like Gecko) Chrome/133.0.0.0 Safari/537.36"
46.101.116.244 - - [05/Mar/2025:15:58:47 +0100] "GET /Jurek/activeshop/feeds/activeshop_mallsiex.xml HTTP/2.0" 200 10442228 "-" "-"
66.211.183.73 - - [05/Mar/2025:15:58:47 +0100] "GET /Jurek/eurofirany/images/383362/0.jpg HTTP/1.1" 200 73860 "-" "scalaj-http/2.4.2"
46.101.116.244 - - [05/Mar/2025:15:58:50 +0100] "GET /Jurek/benbaby/feeds/benbaby_mallsi.xml HTTP/2.0" 200 3622819 "-" "-"
46.101.116.244 - - [05/Mar/2025:15:59:01 +0100] "GET /Jurek/bass/feeds/bass_mallsi.xml HTTP/2.0" 200 3985170 "-" "-"
66.135.195.19 - - [05/Mar/2025:15:59:06 +0100] "GET /Jurek/eurofirany/images/383058/0.jpg HTTP/1.1" 200 69041 "-" "Java/17.0.12.0.101"
46.101.116.244 - - [05/Mar/2025:15:59:12 +0100] "GET /Jurek/emibig/feeds/emibig_mallsi.xml HTTP/2.0" 200 2427342 "-" "-"
46.101.116.244 - - [05/Mar/2025:15:59:22 +0100] "GET /Jurek/b3/feeds/b3_mallsi.xml HTTP/2.0" 200 5853244 "-" "-"
66.135.202.173 - - [05/Mar/2025:15:59:27 +0100] "GET /Jurek/eurofirany/images/383093/0.jpg HTTP/1.1" 200 80797 "-" "Java/17.0.12.0.101"
46.101.116.244 - - [05/Mar/2025:15:59:34 +0100] "GET /Jurek/action/feeds/action_mallsi.xml HTTP/2.0" 200 56341493 "-" "-"
46.101.116.244 - - [05/Mar/2025:15:59:50 +0100] "GET /Jurek/aw/feeds/awnarzedzia_mallsiex.xml HTTP/2.0" 200 90378648 "-" "-"
164.92.232.189 - - [05/Mar/2025:16:00:01 +0100] "GET /subskrypcje/AMD/feeds/amd_cz.xml HTTP/1.1" 200 518486 "-" "-"
66.211.183.73 - - [05/Mar/2025:16:00:02 +0100] "GET /Jurek/eurofirany/images/400579/0.jpg HTTP/1.1" 200 58530 "-" "scalaj-http/2.4.2"
46.101.116.244 - - [05/Mar/2025:16:00:08 +0100] "GET /Jurek/eurofirany/feeds/eurofirany_mall_si_extrastore.xml HTTP/2.0" 200 18890965 "-" "-"
164.92.232.189 - - [05/Mar/2025:16:00:12 +0100] "GET /subskrypcje/AMD/feeds/amd_sk.xml HTTP/1.1" 200 528562 "-" "-"
164.92.232.189 - - [05/Mar/2025:16:00:12 +0100] "GET /subskrypcje/OverHorse/overhorse_mallcz.xml HTTP/1.1" 200 112935 "-" "-"
46.101.116.244 - - [05/Mar/2025:16:00:21 +0100] "GET /Jurek/fernity/feeds/fernity_mallslex.xml HTTP/2.0" 200 5224213 "-" "-"
164.92.232.189 - - [05/Mar/2025:16:00:22 +0100] "GET /subskrypcje/mondex/feeds/mondex_mall_cz.xml HTTP/1.1" 200 2203515 "-" "-"
46.101.116.244 - - [05/Mar/2025:16:00:32 +0100] "GET /Jurek/homla/feeds/homla_mallslex.xml HTTP/2.0" 404 3551 "-" "-"
46.101.116.244 - - [05/Mar/2025:16:00:43 +0100] "GET /Jurek/hurtownia_przemyslowa/feeds/hp_mallsi.xml HTTP/2.0" 200 49553500 "-" "-"
85.14.86.141 - - [05/Mar/2025:16:00:43 +0100] "GET /Jurek/vida_morele/feeds/VidaPL_all.xml HTTP/2.0" 200 690043153 "-" "MarketplaceAPI curl/7.64.0 PHP/8"
52.17.80.36 - - [05/Mar/2025:16:00:45 +0100] "GET /marketplaces/ubaldi/results/ubaldi.csv HTTP/1.1" 200 3577062 "-" "Mirakl HttpClient"
66.135.195.16 - - [05/Mar/2025:16:00:46 +0100] "GET /Jurek/eurofirany/images/383093/0.jpg HTTP/1.1" 200 80797 "http://www.ebay.com/" "Mozilla/4.0 (compatible; MSIE 4.01; Windows NT)"
66.135.195.18 - - [05/Mar/2025:16:00:46 +0100] "GET /Jurek/eurofirany/images/383093/1.jpg HTTP/1.1" 200 54723 "http://www.ebay.com/" "Mozilla/4.0 (compatible; MSIE 4.01; Windows NT)"
66.135.195.20 - - [05/Mar/2025:16:00:46 +0100] "GET /Jurek/eurofirany/images/383093/3.jpg HTTP/1.1" 200 37627 "http://www.ebay.com/" "Mozilla/4.0 (compatible; MSIE 4.01; Windows NT)"
66.135.195.18 - - [05/Mar/2025:16:00:46 +0100] "GET /Jurek/eurofirany/images/383093/2.jpg HTTP/1.1" 200 37627 "http://www.ebay.com/" "Mozilla/4.0 (compatible; MSIE 4.01; Windows NT)"
66.135.195.18 - - [05/Mar/2025:16:00:46 +0100] "GET /Jurek/eurofirany/images/383093/5.jpg HTTP/1.1" 200 108186 "http://www.ebay.com/" "Mozilla/4.0 (compatible; MSIE 4.01; Windows NT)"
66.135.195.20 - - [05/Mar/2025:16:00:46 +0100] "GET /Jurek/eurofirany/images/383093/6.jpg HTTP/1.1" 200 65021 "http://www.ebay.com/" "Mozilla/4.0 (compatible; MSIE 4.01; Windows NT)"
66.135.195.20 - - [05/Mar/2025:16:00:47 +0100] "GET /Jurek/eurofirany/images/383093/4.jpg HTTP/1.1" 200 243940 "http://www.ebay.com/" "Mozilla/4.0 (compatible; MSIE 4.01; Windows NT)"
46.101.116.244 - - [05/Mar/2025:16:00:57 +0100] "GET /Jurek/ikonka/feeds/ikonka_mallsiex.xml HTTP/2.0" 200 21455554 "-" "-"
46.101.116.244 - - [05/Mar/2025:16:01:09 +0100] "GET /Jurek/kinghoff/feeds/kinghoff_mallslex.xml HTTP/2.0" 200 15133714 "-" "-"
66.211.183.74 - - [05/Mar/2025:16:01:25 +0100] "GET /Jurek/eurofirany/images/383180/0.jpg HTTP/1.1" 200 75147 "-" "scalaj-http/2.4.2"
46.101.116.244 - - [05/Mar/2025:16:01:29 +0100] "GET /Jurek/aw/feeds/aw_fnacfr.xml HTTP/1.0" 404 3551 "-" "-"
66.211.183.73 - - [05/Mar/2025:16:01:41 +0100] "GET /Jurek/eurofirany/images/372982/0.jpg HTTP/1.1" 200 63261 "-" "scalaj-http/2.4.2"
46.101.116.244 - - [05/Mar/2025:16:01:49 +0100] "GET /Filip/feeds/xlsx_ceneo.xml HTTP/1.0" 200 6241376 "-" "-"
46.101.116.244 - - [05/Mar/2025:16:01:53 +0100] "GET /Jurek/stema/feeds/stema_mallslex.xml HTTP/2.0" 200 838618 "-" "-"
66.135.202.74 - - [05/Mar/2025:16:01:58 +0100] "GET /Jurek/eurofirany/images/383058/0.jpg HTTP/1.1" 200 69041 "http://www.ebay.com/" "Mozilla/4.0 (compatible; MSIE 4.01; Windows NT)"
66.135.202.72 - - [05/Mar/2025:16:01:58 +0100] "GET /Jurek/eurofirany/images/383058/1.jpg HTTP/1.1" 200 49838 "http://www.ebay.com/" "Mozilla/4.0 (compatible; MSIE 4.01; Windows NT)"
66.135.202.73 - - [05/Mar/2025:16:01:58 +0100] "GET /Jurek/eurofirany/images/383058/2.jpg HTTP/1.1" 200 23378 "http://www.ebay.com/" "Mozilla/4.0 (compatible; MSIE 4.01; Windows NT)"
66.135.202.72 - - [05/Mar/2025:16:01:58 +0100] "GET /Jurek/eurofirany/images/383058/3.jpg HTTP/1.1" 200 6595 "http://www.ebay.com/" "Mozilla/4.0 (compatible; MSIE 4.01; Windows NT)"
66.135.202.72 - - [05/Mar/2025:16:01:58 +0100] "GET /Jurek/eurofirany/images/383058/4.jpg HTTP/1.1" 200 43416 "http://www.ebay.com/" "Mozilla/4.0 (compatible; MSIE 4.01; Windows NT)"
66.135.202.71 - - [05/Mar/2025:16:01:58 +0100] "GET /Jurek/eurofirany/images/383058/6.jpg HTTP/1.1" 200 95757 "http://www.ebay.com/" "Mozilla/4.0 (compatible; MSIE 4.01; Windows NT)"
66.135.202.74 - - [05/Mar/2025:16:01:58 +0100] "GET /Jurek/eurofirany/images/383058/7.jpg HTTP/1.1" 200 59518 "http://www.ebay.com/" "Mozilla/4.0 (compatible; MSIE 4.01; Windows NT)"
66.135.202.74 - - [05/Mar/2025:16:01:59 +0100] "GET /Jurek/eurofirany/images/383058/5.jpg HTTP/1.1" 200 210140 "http://www.ebay.com/" "Mozilla/4.0 (compatible; MSIE 4.01; Windows NT)"
46.101.116.244 - - [05/Mar/2025:16:02:05 +0100] "GET /Jurek/unimet/feeds/unimet_mallsiex.xml HTTP/2.0" 200 60214066 "-" "-"
52.209.168.113 - - [05/Mar/2025:16:02:09 +0100] "GET /marketplaces/rue/results/rue.csv HTTP/1.1" 200 7627625 "-" "Mirakl HttpClient"
46.101.116.244 - - [05/Mar/2025:16:02:23 +0100] "GET /Jurek/andex/feeds/andex_mallslex.xml HTTP/2.0" 200 1953487 "-" "-"
85.14.86.141 - - [05/Mar/2025:16:02:31 +0100] "GET /Jurek/kinghoff/feeds/kinghoff_morele.xml HTTP/2.0" 200 15134295 "-" "MarketplaceAPI curl/7.64.0 PHP/8"
46.101.116.244 - - [05/Mar/2025:16:02:33 +0100] "GET /Jurek/barbecook/feeds/barbecook_mallslex.xml HTTP/2.0" 200 87532 "-" "-"
66.211.183.71 - - [05/Mar/2025:16:02:36 +0100] "GET /Jurek/eurofirany/images/389924/0.jpg HTTP/1.1" 200 180432 "-" "scalaj-http/2.4.2"
46.101.116.244 - - [05/Mar/2025:16:02:44 +0100] "GET /Jurek/beliani/feeds/beliani_si_mallsiex.xml HTTP/2.0" 200 26339566 "-" "-"
193.33.8.61 - - [05/Mar/2025:16:02:45 +0100] "GET /Jurek/hurtmeblowy/output.txt HTTP/2.0" 200 7354 "https://konsola.dkkapusta1997.usermd.net/" "Mozilla/5.0 (Windows NT 10.0; Win64; x64) AppleWebKit/537.36 (KHTML, like Gecko) Chrome/133.0.0.0 Safari/537.36"
46.101.116.244 - - [05/Mar/2025:16:02:57 +0100] "GET /Jurek/chemex/feeds/chemex_mallsiex.xml HTTP/2.0" 200 47810433 "-" "-"
66.211.183.71 - - [05/Mar/2025:16:03:06 +0100] "GET /Jurek/eurofirany/images/387473/0.jpg HTTP/1.1" 200 189766 "-" "scalaj-http/2.4.2"
46.101.116.244 - - [05/Mar/2025:16:03:10 +0100] "GET /Jurek/duka/feeds/duka_mallslex.xml HTTP/2.0" 200 57 "-" "-"
46.101.116.244 - - [05/Mar/2025:16:03:20 +0100] "GET /Jurek/flhf/feeds/flhf_mallsiex.xml HTTP/2.0" 404 3551 "-" "-"
46.101.116.244 - - [05/Mar/2025:16:03:30 +0100] "GET /Jurek/kinghome/feeds/kinghome_mallslex.xml HTTP/2.0" 200 5765149 "-" "-"
46.101.116.244 - - [05/Mar/2025:16:03:41 +0100] "GET /Jurek/kinghome/feeds/kinghome_mallslex.xml HTTP/2.0" 200 5765149 "-" "-"
89.161.206.59 - - [05/Mar/2025:16:03:43 +0100] "GET /Jurek/pawonik/feeds/pawonik_skroutz.xml HTTP/1.0" 200 2586146 "-" "-"
89.161.206.59 - - [05/Mar/2025:16:03:43 +0100] "GET /Jurek/amzteam/feeds/amzteam_skroutz.xml HTTP/1.0" 200 95905 "-" "-"
89.161.206.59 - - [05/Mar/2025:16:03:44 +0100] "GET /Jurek/mosti/feeds/mosti_skroutz.xml HTTP/1.0" 200 9314474 "-" "-"
89.161.206.59 - - [05/Mar/2025:16:03:49 +0100] "GET /Jurek/swiatecznygoliat/feeds/swiatecznygoliat_skroutz.xml HTTP/1.0" 200 7054430 "-" "-"
89.161.206.59 - - [05/Mar/2025:16:03:49 +0100] "GET /Jurek/artdog/feeds/artdog_skroutz.xml HTTP/1.0" 200 16922274 "-" "-"
46.101.116.244 - - [05/Mar/2025:16:03:52 +0100] "GET /Jurek/rovicky/feeds/rovicky_mallsiex.xml HTTP/2.0" 200 14192659 "-" "-"
193.33.8.61 - - [05/Mar/2025:16:03:52 +0100] "GET /Jurek/ralmetal/output.txt HTTP/2.0" 200 7587 "https://konsola.dkkapusta1997.usermd.net/" "Mozilla/5.0 (Macintosh; Intel Mac OS X 10_15_7) AppleWebKit/537.36 (KHTML, like Gecko) Chrome/133.0.0.0 Safari/537.36"
85.14.86.141 - - [05/Mar/2025:16:03:53 +0100] "GET /Jurek/eurofirany/feeds/eurofirany_morele.xml HTTP/2.0" 200 18892312 "-" "MarketplaceAPI curl/7.64.0 PHP/8"
46.101.116.244 - - [05/Mar/2025:16:04:03 +0100] "GET /Jurek/vivaldi/feeds/vivaldi_Mall-slex.xml HTTP/2.0" 200 344661 "-" "-"
34.133.239.145 - - [05/Mar/2025:16:04:05 +0100] "GET /Jurek/eurofirany/images/383058/4.jpg HTTP/1.1" 200 43416 "-" "Mozilla/5.0 (X11; Linux x86_64) AppleWebKit/537.36 (KHTML, like Gecko) Chrome/110.0.0.0 Safari/537.36"
66.211.183.72 - - [05/Mar/2025:16:04:05 +0100] "GET /Jurek/eurofirany/images/390018/0.jpg HTTP/1.1" 200 173904 "-" "scalaj-http/2.4.2"
34.72.247.156 - - [05/Mar/2025:16:04:07 +0100] "GET /Jurek/eurofirany/images/383058/5.jpg HTTP/1.1" 200 210140 "-" "Mozilla/5.0 (X11; Linux x86_64) AppleWebKit/537.36 (KHTML, like Gecko) Chrome/110.0.0.0 Safari/537.36"
34.133.239.145 - - [05/Mar/2025:16:04:08 +0100] "GET /Jurek/eurofirany/images/383058/6.jpg HTTP/1.1" 200 95757 "-" "Mozilla/5.0 (X11; Linux x86_64) AppleWebKit/537.36 (KHTML, like Gecko) Chrome/110.0.0.0 Safari/537.36"
34.133.239.145 - - [05/Mar/2025:16:04:09 +0100] "GET /Jurek/eurofirany/images/383058/7.jpg HTTP/1.1" 200 59518 "-" "Mozilla/5.0 (X11; Linux x86_64) AppleWebKit/537.36 (KHTML, like Gecko) Chrome/110.0.0.0 Safari/537.36"
66.211.183.72 - - [05/Mar/2025:16:04:10 +0100] "GET /Jurek/eurofirany/images/383320/0.jpg HTTP/1.1" 200 87977 "-" "scalaj-http/2.4.2"
34.72.247.156 - - [05/Mar/2025:16:04:10 +0100] "GET /Jurek/eurofirany/images/383058/1.jpg HTTP/1.1" 200 49838 "-" "Mozilla/5.0 (X11; Linux x86_64) AppleWebKit/537.36 (KHTML, like Gecko) Chrome/110.0.0.0 Safari/537.36"
34.72.247.156 - - [05/Mar/2025:16:04:11 +0100] "GET /Jurek/eurofirany/images/383058/2.jpg HTTP/1.1" 200 23378 "-" "Mozilla/5.0 (X11; Linux x86_64) AppleWebKit/537.36 (KHTML, like Gecko) Chrome/110.0.0.0 Safari/537.36"
34.133.239.145 - - [05/Mar/2025:16:04:12 +0100] "GET /Jurek/eurofirany/images/383058/3.jpg HTTP/1.1" 200 6595 "-" "Mozilla/5.0 (X11; Linux x86_64) AppleWebKit/537.36 (KHTML, like Gecko) Chrome/110.0.0.0 Safari/537.36"
193.33.8.61 - - [05/Mar/2025:16:04:15 +0100] "GET /Jurek/ralmetal/feeds/ralmetal_aliex.xml HTTP/2.0" 200 1814929 "https://konsola.dkkapusta1997.usermd.net/" "Mozilla/5.0 (Macintosh; Intel Mac OS X 10_15_7) AppleWebKit/537.36 (KHTML, like Gecko) Chrome/133.0.0.0 Safari/537.36"
172.96.89.219 - - [05/Mar/2025:16:04:16 +0100] "GET /Jurek/eurofirany/images/383058/3.jpg HTTP/2.0" 200 6595 "-" "Mozilla/5.0 (X11; Linux x86_64) AppleWebKit/537.36 (KHTML, like Gecko) Chrome/110.0.0.0 Safari/537.36"
85.14.86.141 - - [05/Mar/2025:16:04:19 +0100] "GET /Jurek/vivaldi/feeds/vivaldi_Morele-PL.xml HTTP/2.0" 200 344674 "-" "MarketplaceAPI curl/7.64.0 PHP/8"
67.218.4.196 - - [05/Mar/2025:16:04:22 +0100] "GET /Jurek/eurofirany/images/383058/3.jpg HTTP/2.0" 200 6595 "-" "Mozilla/5.0 (X11; Linux x86_64) AppleWebKit/537.36 (KHTML, like Gecko) Chrome/110.0.0.0 Safari/537.36"
34.133.239.145 - - [05/Mar/2025:16:04:22 +0100] "GET /Jurek/eurofirany/images/383058/0.jpg HTTP/1.1" 200 69041 "-" "Mozilla/5.0 (X11; Linux x86_64) AppleWebKit/537.36 (KHTML, like Gecko) Chrome/110.0.0.0 Safari/537.36"
152.70.189.216 - - [05/Mar/2025:16:04:27 +0100] "GET /Jurek/topeshop/downloaded_images/5902838464137_2.jpg HTTP/2.0" 404 3551 "-" "imagor/1.4.8"
193.33.8.61 - - [05/Mar/2025:16:05:20 +0100] "GET /Jurek/ralmetal/output.txt HTTP/2.0" 200 7587 "https://konsola.dkkapusta1997.usermd.net/" "Mozilla/5.0 (Macintosh; Intel Mac OS X 10_15_7) AppleWebKit/537.36 (KHTML, like Gecko) Chrome/133.0.0.0 Safari/537.36"
66.211.183.73 - - [05/Mar/2025:16:05:24 +0100] "GET /Jurek/eurofirany/images/390107/0.jpg HTTP/1.1" 200 176309 "-" "scalaj-http/2.4.2"
66.211.183.74 - - [05/Mar/2025:16:05:25 +0100] "GET /Jurek/eurofirany/images/360236/0.jpg HTTP/1.1" 200 169880 "-" "scalaj-http/2.4.2"
46.101.116.244 - - [05/Mar/2025:16:05:28 +0100] "GET /Jurek/gimmik/feeds/gimmik_mallskex.xml HTTP/2.0" 404 3551 "-" "-"
152.70.189.216 - - [05/Mar/2025:16:05:31 +0100] "GET /Jurek/topeshop/downloaded_images/5904507201425_2.jpg HTTP/2.0" 404 3551 "-" "imagor/1.4.8"
85.14.86.141 - - [05/Mar/2025:16:05:41 +0100] "GET /Jurek/vida_morele/feeds/VidaPL_morele.xml HTTP/2.0" 200 690042898 "-" "MarketplaceAPI curl/7.64.0 PHP/8"
46.101.116.244 - - [05/Mar/2025:16:05:49 +0100] "GET /Jurek/bimboland/feeds/bimboland_mallskex.xml HTTP/2.0" 200 2494299 "-" "-"
85.14.86.141 - - [05/Mar/2025:16:05:54 +0100] "GET /Jurek/aw/feeds/awnarzedzia_morele.xml HTTP/2.0" 200 90390252 "-" "MarketplaceAPI curl/7.64.0 PHP/8"
66.211.183.70 - - [05/Mar/2025:16:06:19 +0100] "GET /Jurek/eurofirany/images/416441/0.jpg HTTP/1.1" 200 117339 "-" "scalaj-http/2.4.2"
46.101.116.244 - - [05/Mar/2025:16:06:21 +0100] "GET /Jurek/aw/feeds/aw_fnacfr.xml HTTP/1.0" 404 3551 "-" "-"
193.33.8.61 - - [05/Mar/2025:16:06:24 +0100] "GET /Jurek/ralmetal/output.txt HTTP/2.0" 200 13044 "https://konsola.dkkapusta1997.usermd.net/" "Mozilla/5.0 (Macintosh; Intel Mac OS X 10_15_7) AppleWebKit/537.36 (KHTML, like Gecko) Chrome/133.0.0.0 Safari/537.36"
85.14.86.141 - - [05/Mar/2025:16:06:27 +0100] "GET /Jurek/beliani/feeds/beliani_morele.xml HTTP/2.0" 200 26365533 "-" "MarketplaceAPI curl/7.64.0 PHP/8"
66.211.183.70 - - [05/Mar/2025:16:06:28 +0100] "GET /Jurek/topeshop/downloaded_images/5902838466513_sonoma_close_20.jpg HTTP/1.1" 404 3551 "-" "scalaj-http/2.4.2"
66.211.183.70 - - [05/Mar/2025:16:06:29 +0100] "GET /Jurek/eurofirany/images/416020/0.jpg HTTP/1.1" 200 44442 "-" "scalaj-http/2.4.2"
193.33.8.61 - - [05/Mar/2025:16:06:36 +0100] "GET /Jurek/ralmetal/feeds/ralmetal_aliex.xml HTTP/2.0" 200 1809221 "https://konsola.dkkapusta1997.usermd.net/" "Mozilla/5.0 (Macintosh; Intel Mac OS X 10_15_7) AppleWebKit/537.36 (KHTML, like Gecko) Chrome/133.0.0.0 Safari/537.36"
46.101.116.244 - - [05/Mar/2025:16:06:41 +0100] "GET /Filip/feeds/xlsx_ceneo.xml HTTP/1.0" 200 6241376 "-" "-"
46.101.116.244 - - [05/Mar/2025:16:06:46 +0100] "GET /Jurek/activeshop/feeds/activeshop_mallskex.xml HTTP/2.0" 200 10442212 "-" "-"
89.161.206.59 - - [05/Mar/2025:16:06:55 +0100] "GET /Jurek/spali/feeds/spali_skroutz.xml HTTP/1.0" 200 77054 "-" "-"
89.161.206.59 - - [05/Mar/2025:16:06:55 +0100] "GET /Jurek/galopi/feeds/galopi_skroutz.xml HTTP/1.0" 200 1884686 "-" "-"
89.161.206.59 - - [05/Mar/2025:16:06:55 +0100] "GET /Jurek/combine/feeds/combine_skroutz.xml HTTP/1.0" 200 210556 "-" "-"
89.161.206.59 - - [05/Mar/2025:16:06:58 +0100] "GET /Jurek/velinda/feeds/velinda_skroutz.xml HTTP/1.0" 200 23449 "-" "-"
46.101.116.244 - - [05/Mar/2025:16:06:59 +0100] "GET /Jurek/action/feeds/action_mallsk.xml HTTP/2.0" 200 56341282 "-" "-"
46.101.116.244 - - [05/Mar/2025:16:07:16 +0100] "GET /Jurek/andex/feeds/andex_mallskex.xml HTTP/2.0" 200 1953404 "-" "-"
46.101.116.244 - - [05/Mar/2025:16:07:28 +0100] "GET /Jurek/aw/feeds/awnarzedzia_mallskex.xml HTTP/2.0" 200 90376492 "-" "-"
66.211.183.73 - - [05/Mar/2025:16:07:36 +0100] "GET /Jurek/eurofirany/images/390124/0.jpg HTTP/1.1" 200 173904 "-" "scalaj-http/2.4.2"
46.101.116.244 - - [05/Mar/2025:16:07:46 +0100] "GET /Jurek/b3/feeds/b3_mallsk.xml HTTP/2.0" 200 5894189 "-" "-"
66.211.183.73 - - [05/Mar/2025:16:07:46 +0100] "GET /Jurek/eurofirany/images/398822/0.jpg HTTP/1.1" 200 28870 "-" "scalaj-http/2.4.2"
46.101.116.244 - - [05/Mar/2025:16:07:56 +0100] "GET /Jurek/barbecook/feeds/barbecook_mallskex.xml HTTP/2.0" 200 87518 "-" "-"
66.211.183.72 - - [05/Mar/2025:16:08:01 +0100] "GET /Jurek/eurofirany/images/396854/0.jpg HTTP/1.1" 200 62464 "-" "scalaj-http/2.4.2"
46.101.116.244 - - [05/Mar/2025:16:08:07 +0100] "GET /Jurek/bass/feeds/bass_mallsk.xml HTTP/2.0" 200 3985093 "-" "-"
46.101.116.244 - - [05/Mar/2025:16:08:18 +0100] "GET /Jurek/beliani/feeds/beliani_sk_mallskex.xml HTTP/2.0" 200 33935068 "-" "-"
46.101.116.244 - - [05/Mar/2025:16:08:30 +0100] "GET /Jurek/benbaby/feeds/benbaby_mallsk.xml HTTP/2.0" 200 3730679 "-" "-"
46.101.116.244 - - [05/Mar/2025:16:08:43 +0100] "GET /Jurek/chemex/feeds/chemex_mallskex.xml HTTP/2.0" 200 47809822 "-" "-"
193.33.8.61 - - [05/Mar/2025:16:08:48 +0100] "GET /Jurek/pagmil/output.txt HTTP/2.0" 200 8753 "https://konsola.dkkapusta1997.usermd.net/" "Mozilla/5.0 (Macintosh; Intel Mac OS X 10_15_7) AppleWebKit/537.36 (KHTML, like Gecko) Chrome/133.0.0.0 Safari/537.36"
46.101.116.244 - - [05/Mar/2025:16:08:56 +0100] "GET /Jurek/duka/feeds/duka_mallskex.xml HTTP/2.0" 200 57 "-" "-"
46.101.116.244 - - [05/Mar/2025:16:09:06 +0100] "GET /Jurek/emibig/feeds/emibig_mallsk.xml HTTP/2.0" 200 2497364 "-" "-"
46.101.116.244 - - [05/Mar/2025:16:09:17 +0100] "GET /Jurek/eurofirany/feeds/eurofirany_mall_sk_extrastore.xml HTTP/2.0" 200 18885778 "-" "-"
46.101.116.244 - - [05/Mar/2025:16:09:29 +0100] "GET /Jurek/fernity/feeds/fernity_mallskex.xml HTTP/2.0" 200 5223955 "-" "-"
46.101.116.244 - - [05/Mar/2025:16:09:30 +0100] "GET /Jurek/flhf/feeds/flhf_mallskex.xml HTTP/2.0" 404 3551 "-" "-"
46.101.116.244 - - [05/Mar/2025:16:09:40 +0100] "GET /Jurek/homla/feeds/homla_mallskex.xml HTTP/2.0" 404 3551 "-" "-"
46.101.116.244 - - [05/Mar/2025:16:09:51 +0100] "GET /Jurek/hurtownia_przemyslowa/feeds/hp_mallsk.xml HTTP/2.0" 200 49553151 "-" "-"
46.101.116.244 - - [05/Mar/2025:16:10:04 +0100] "GET /Jurek/ikonka/feeds/ikonka_mallskex.xml HTTP/2.0" 200 21455483 "-" "-"
46.101.116.244 - - [05/Mar/2025:16:10:16 +0100] "GET /Jurek/kinghoff/feeds/kinghoff_mallskex.xml HTTP/2.0" 200 15133662 "-" "-"
46.101.116.244 - - [05/Mar/2025:16:10:30 +0100] "GET /Jurek/kinghome/feeds/kinghome_mallskex.xml HTTP/2.0" 200 5765005 "-" "-"
185.6.76.18 - - [05/Mar/2025:16:10:39 +0100] "GET /marketplaces/skroutz/feeds/shumee.xml HTTP/1.1" 200 348057177 "-" "SkroutzBot v1.0"
66.211.183.71 - - [05/Mar/2025:16:11:05 +0100] "GET /Jurek/eurofirany/images/416791/0.jpg HTTP/1.1" 200 121794 "-" "scalaj-http/2.4.2"
46.101.116.244 - - [05/Mar/2025:16:11:12 +0100] "GET /Jurek/rovicky/feeds/rovicky_mallskex.xml HTTP/2.0" 200 14192814 "-" "-"
89.161.206.59 - - [05/Mar/2025:16:11:19 +0100] "GET /Jurek/ekolight/feeds/ekolioght_skroutz.xml HTTP/1.0" 200 9051619 "-" "-"
46.101.116.244 - - [05/Mar/2025:16:11:25 +0100] "GET /Jurek/stema/feeds/stema_mallskex.xml HTTP/2.0" 200 838572 "-" "-"
46.101.116.244 - - [05/Mar/2025:16:11:26 +0100] "GET /Jurek/aw/feeds/aw_fnacfr.xml HTTP/1.0" 404 3551 "-" "-"
46.101.116.244 - - [05/Mar/2025:16:11:36 +0100] "GET /Jurek/unimet/feeds/unimet_mallskex.xml HTTP/2.0" 200 60212223 "-" "-"
89.161.206.59 - - [05/Mar/2025:16:11:38 +0100] "GET /Jurek/evil/feeds/evil_skroutz.xml HTTP/1.0" 200 252473 "-" "-"
89.161.206.59 - - [05/Mar/2025:16:11:38 +0100] "GET /Jurek/twojsklep/feeds/twojsklep_skroutz.xml HTTP/1.0" 200 126787 "-" "-"
89.161.206.59 - - [05/Mar/2025:16:11:39 +0100] "GET /Jurek/sartrix/feeds/sartrix_skroutz.xml HTTP/1.0" 200 649180 "-" "-"
89.161.206.59 - - [05/Mar/2025:16:11:40 +0100] "GET /Jurek/wenom/feeds/wenom_skroutz.xml HTTP/1.0" 200 583220 "-" "-"
89.161.206.59 - - [05/Mar/2025:16:11:41 +0100] "GET /Jurek/luxma/feeds/luxma_skroutz.xml HTTP/1.0" 200 4420080 "-" "-"
89.161.206.59 - - [05/Mar/2025:16:11:41 +0100] "GET /Jurek/playcob/feeds/playcob_bol.xml HTTP/1.0" 200 6980074 "-" "-"
89.161.206.59 - - [05/Mar/2025:16:11:42 +0100] "GET /Jurek/drewdon/feeds/drewdon_skroutz.xml HTTP/1.0" 200 358924 "-" "-"
89.161.206.59 - - [05/Mar/2025:16:11:42 +0100] "GET /Jurek/zepnij/feeds/zepnij_skroutz.xml HTTP/1.0" 200 19523004 "-" "-"
89.161.206.59 - - [05/Mar/2025:16:11:44 +0100] "GET /Jurek/primohurt/feeds/primohurt_skroutz.xml HTTP/1.0" 200 17186600 "-" "-"
89.161.206.59 - - [05/Mar/2025:16:11:45 +0100] "GET /Jurek/dekoele/feeds/dekoele_skroutz.xml HTTP/1.0" 200 378804 "-" "-"
46.101.116.244 - - [05/Mar/2025:16:11:45 +0100] "GET /Filip/feeds/xlsx_ceneo.xml HTTP/1.0" 200 6241376 "-" "-"
89.161.206.59 - - [05/Mar/2025:16:11:45 +0100] "GET /Jurek/rider/feeds/rider_skroutz.xml HTTP/1.0" 200 8165130 "-" "-"
89.161.206.59 - - [05/Mar/2025:16:11:46 +0100] "GET /Jurek/expertauto/feeds/expertauto_skroutz.xml HTTP/1.0" 200 1158910 "-" "-"
89.161.206.59 - - [05/Mar/2025:16:11:51 +0100] "GET /Jurek/qbox/feeds/qbox_skroutz.xml HTTP/1.0" 200 398742 "-" "-"
89.161.206.59 - - [05/Mar/2025:16:11:53 +0100] "GET /Jurek/emaja24/feeds/emaja24_skroutz.xml HTTP/1.0" 200 5110074 "-" "-"
46.101.116.244 - - [05/Mar/2025:16:11:57 +0100] "GET /Jurek/vivaldi/feeds/vivaldi_Mall-skex.xml HTTP/2.0" 200 344593 "-" "-"
66.211.183.72 - - [05/Mar/2025:16:12:30 +0100] "GET /Jurek/topeshop/downloaded_images/5902838464137_2.jpg HTTP/1.1" 404 3551 "-" "scalaj-http/2.4.2"
66.211.183.72 - - [05/Mar/2025:16:12:31 +0100] "GET /Jurek/eurofirany/images/383325/0.jpg HTTP/1.1" 200 93037 "-" "scalaj-http/2.4.2"
193.33.8.61 - - [05/Mar/2025:16:12:45 +0100] "GET /Jurek/mosti/output.txt HTTP/2.0" 200 55687 "https://konsola.dkkapusta1997.usermd.net/" "Mozilla/5.0 (Macintosh; Intel Mac OS X 10_15_7) AppleWebKit/537.36 (KHTML, like Gecko) Chrome/133.0.0.0 Safari/537.36"
46.101.116.244 - - [05/Mar/2025:16:13:22 +0100] "GET /Jurek/gimmik/feeds/gimmik_mallczex.xml HTTP/2.0" 404 3551 "-" "-"
89.161.206.59 - - [05/Mar/2025:16:13:27 +0100] "GET /Jurek/ekotex/feeds/ekotex_skroutz.xml HTTP/1.0" 200 197810 "-" "-"
89.161.206.59 - - [05/Mar/2025:16:13:27 +0100] "GET /Jurek/motofan/feeds/motofan_skroutz.xml HTTP/1.0" 200 2392149 "-" "-"
89.161.206.59 - - [05/Mar/2025:16:13:27 +0100] "GET /Jurek/elecomp/feeds/elecomp_skroutz.xml HTTP/1.0" 200 2869642 "-" "-"
3.126.202.245 - - [05/Mar/2025:16:13:53 +0100] "GET /Jurek/topeshop/downloaded_images/5902838461440_profilll.jpg HTTP/2.0" 404 3551 "-" "Mozilla/5.0 (Windows NT 10.0; Win64; x64) AppleWebKit/537.36 (KHTML, like Gecko) Chrome/109.0.0.0 Safari/537.36"
3.126.202.245 - - [05/Mar/2025:16:13:53 +0100] "GET /Jurek/topeshop/downloaded_images/5902838461365_S33SONOMABOKBRY%C5%81KA.jpg HTTP/2.0" 404 3551 "-" "Mozilla/5.0 (Windows NT 10.0; Win64; x64) AppleWebKit/537.36 (KHTML, like Gecko) Chrome/109.0.0.0 Safari/537.36"
18.157.125.26 - - [05/Mar/2025:16:13:53 +0100] "GET /Jurek/topeshop/downloaded_images/5902838467848_profiloweartisan43.jpg HTTP/2.0" 404 3551 "-" "Mozilla/5.0 (Windows NT 10.0; Win64; x64) AppleWebKit/537.36 (KHTML, like Gecko) Chrome/109.0.0.0 Safari/537.36"
3.74.7.74 - - [05/Mar/2025:16:13:53 +0100] "GET /Jurek/topeshop/downloaded_images/5902838461419_S40BIELBRY%C5%81KABOKZM.jpg HTTP/2.0" 404 3551 "-" "Mozilla/5.0 (Windows NT 10.0; Win64; x64) AppleWebKit/537.36 (KHTML, like Gecko) Chrome/109.0.0.0 Safari/537.36"
3.126.202.245 - - [05/Mar/2025:16:13:53 +0100] "GET /Jurek/topeshop/downloaded_images/5904507205355_antanrtprofil43.jpg HTTP/2.0" 404 3551 "-" "Mozilla/5.0 (Windows NT 10.0; Win64; x64) AppleWebKit/537.36 (KHTML, like Gecko) Chrome/109.0.0.0 Safari/537.36"
3.126.202.245 - - [05/Mar/2025:16:13:53 +0100] "GET /Jurek/topeshop/downloaded_images/5902838461433_profiloooweeee.jpg HTTP/2.0" 404 3551 "-" "Mozilla/5.0 (Windows NT 10.0; Win64; x64) AppleWebKit/537.36 (KHTML, like Gecko) Chrome/109.0.0.0 Safari/537.36"
46.101.116.244 - - [05/Mar/2025:16:13:54 +0100] "GET /Jurek/bimboland/feeds/bimboland_mallczex.xml HTTP/2.0" 200 2494922 "-" "-"
66.249.69.170 - - [05/Mar/2025:16:14:38 +0100] "GET /Jurek/topeshop/downloaded_images/5904507201876_KUBABIURKOBRY%C5%81KAANTRACYTBOKZM.jpg HTTP/1.1" 404 3551 "-" "Googlebot-Image/1.0"
66.249.69.170 - - [05/Mar/2025:16:14:40 +0100] "GET /Jurek/topeshop/downloaded_images/5904507201876_KUBABIURKOARTISAN2.png HTTP/1.1" 404 3551 "-" "Googlebot-Image/1.0"
66.211.183.72 - - [05/Mar/2025:16:14:46 +0100] "GET /Jurek/eurofirany/images/389617/0.jpg HTTP/1.1" 200 149159 "-" "scalaj-http/2.4.2"
193.33.8.61 - - [05/Mar/2025:16:14:47 +0100] "GET /Jurek/hdwr/output.txt HTTP/2.0" 200 9524 "https://konsola.dkkapusta1997.usermd.net/" "Mozilla/5.0 (Macintosh; Intel Mac OS X 10_15_7) AppleWebKit/537.36 (KHTML, like Gecko) Chrome/133.0.0.0 Safari/537.36"
46.101.116.244 - - [05/Mar/2025:16:14:49 +0100] "GET /Jurek/activeshop/feeds/activeshop_mallczex.xml HTTP/2.0" 200 10446744 "-" "-"
46.101.116.244 - - [05/Mar/2025:16:14:52 +0100] "GET /Jurek/twm/feeds/twm-mallexcz.xml HTTP/2.0" 200 1062851 "-" "-"
89.161.206.59 - - [05/Mar/2025:16:14:53 +0100] "GET /Jurek/slayo/feeds/slayo_emagro.xml HTTP/1.0" 200 183629 "-" "-"
193.33.8.61 - - [05/Mar/2025:16:14:54 +0100] "GET /Jurek/hdwr/feeds/hdwr_BOL.xml HTTP/2.0" 200 789426 "https://konsola.dkkapusta1997.usermd.net/" "Mozilla/5.0 (Macintosh; Intel Mac OS X 10_15_7) AppleWebKit/537.36 (KHTML, like Gecko) Chrome/133.0.0.0 Safari/537.36"
46.101.116.244 - - [05/Mar/2025:16:15:03 +0100] "GET /Jurek/detian/feeds/detian_mallexcz.xml HTTP/2.0" 404 3551 "-" "-"
46.101.116.244 - - [05/Mar/2025:16:15:13 +0100] "GET /Jurek/octopia/feeds/octopia_mallexcz.xml HTTP/2.0" 200 10542895 "-" "-"
46.101.116.244 - - [05/Mar/2025:16:15:25 +0100] "GET /Jurek/action/feeds/action_mallcz.xml HTTP/2.0" 200 56382362 "-" "-"
66.211.183.73 - - [05/Mar/2025:16:15:45 +0100] "GET /Jurek/eurofirany/images/389937/0.jpg HTTP/1.1" 200 182161 "-" "scalaj-http/2.4.2"
46.101.116.244 - - [05/Mar/2025:16:15:47 +0100] "GET /Jurek/andex/feeds/andex_mallczex.xml HTTP/2.0" 200 1954292 "-" "-"
46.101.116.244 - - [05/Mar/2025:16:15:58 +0100] "GET /Jurek/aw/feeds/awnarzedzia_mallczex.xml HTTP/2.0" 200 90485579 "-" "-"
66.211.183.72 - - [05/Mar/2025:16:15:59 +0100] "GET /Jurek/eurofirany/images/409428/0.jpg HTTP/1.1" 200 41174 "-" "scalaj-http/2.4.2"
46.101.116.244 - - [05/Mar/2025:16:16:07 +0100] "GET /Jurek/aw/feeds/aw_fnacfr.xml HTTP/1.0" 404 3551 "-" "-"
46.101.116.244 - - [05/Mar/2025:16:16:19 +0100] "GET /Jurek/b3/feeds/b3_mallcz.xml HTTP/2.0" 200 6163150 "-" "-"
89.161.206.59 - - [05/Mar/2025:16:16:21 +0100] "GET /Jurek/luxma/feeds/luxma_bol.xml HTTP/1.0" 200 8059010 "-" "-"
46.101.116.244 - - [05/Mar/2025:16:16:24 +0100] "GET /Filip/feeds/xlsx_ceneo.xml HTTP/1.0" 200 6241376 "-" "-"
46.101.116.244 - - [05/Mar/2025:16:16:30 +0100] "GET /Jurek/barbecook/feeds/barbecook_mallczex.xml HTTP/2.0" 200 87610 "-" "-"
193.33.8.61 - - [05/Mar/2025:16:16:39 +0100] "GET /Jurek/galopibhp/output.txt HTTP/2.0" 200 3597 "https://konsola.dkkapusta1997.usermd.net/" "Mozilla/5.0 (Macintosh; Intel Mac OS X 10_15_7) AppleWebKit/537.36 (KHTML, like Gecko) Chrome/133.0.0.0 Safari/537.36"
46.101.116.244 - - [05/Mar/2025:16:16:40 +0100] "GET /Jurek/bass/feeds/bass_mallcz.xml HTTP/2.0" 200 3987482 "-" "-"
46.101.116.244 - - [05/Mar/2025:16:16:51 +0100] "GET /Jurek/beliani/feeds/beliani_cz_mallczex.xml HTTP/2.0" 200 33786844 "-" "-"
89.161.206.59 - - [05/Mar/2025:16:16:52 +0100] "GET /Jurek/bass/feeds/bass_emagro.xml HTTP/1.0" 200 3986472 "-" "-"
66.211.183.72 - - [05/Mar/2025:16:17:00 +0100] "GET /Jurek/eurofirany/images/438621/0.jpg HTTP/1.1" 200 168635 "-" "scalaj-http/2.4.2"
46.101.116.244 - - [05/Mar/2025:16:17:04 +0100] "GET /Jurek/benbaby/feeds/benbaby_mallcz.xml HTTP/2.0" 200 3730610 "-" "-"
46.101.116.244 - - [05/Mar/2025:16:17:17 +0100] "GET /Jurek/chemex/feeds/chemex_mallczex.xml HTTP/2.0" 200 47840959 "-" "-"
46.101.116.244 - - [05/Mar/2025:16:17:29 +0100] "GET /Jurek/duka/feeds/duka_mallczex.xml HTTP/2.0" 200 57 "-" "-"
46.101.116.244 - - [05/Mar/2025:16:17:40 +0100] "GET /Jurek/emibig/feeds/emibig_mallcz.xml HTTP/2.0" 200 2489873 "-" "-"
46.101.116.244 - - [05/Mar/2025:16:17:50 +0100] "GET /Jurek/eurofirany/feeds/eurofirany_mall_cz_extrastore.xml HTTP/2.0" 200 18909443 "-" "-"
46.101.116.244 - - [05/Mar/2025:16:18:02 +0100] "GET /Jurek/fernity/feeds/fernity_mallczex.xml HTTP/2.0" 200 5228687 "-" "-"
46.101.116.244 - - [05/Mar/2025:16:18:03 +0100] "GET /Jurek/flhf/feeds/flhf_mallczex.xml HTTP/2.0" 404 3551 "-" "-"
46.101.116.244 - - [05/Mar/2025:16:18:13 +0100] "GET /Jurek/homla/feeds/homla_mallczex.xml HTTP/2.0" 404 3551 "-" "-"
46.101.116.244 - - [05/Mar/2025:16:18:24 +0100] "GET /Jurek/hurtownia_przemyslowa/feeds/hp_mallcz.xml HTTP/2.0" 200 49572266 "-" "-"
193.33.8.61 - - [05/Mar/2025:16:18:26 +0100] "GET /Jurek/galopi/output.txt HTTP/2.0" 200 5498 "https://konsola.dkkapusta1997.usermd.net/" "Mozilla/5.0 (Macintosh; Intel Mac OS X 10_15_7) AppleWebKit/537.36 (KHTML, like Gecko) Chrome/133.0.0.0 Safari/537.36"
46.101.116.244 - - [05/Mar/2025:16:18:36 +0100] "GET /Jurek/ikonka/feeds/ikonka_mallczex.xml HTTP/2.0" 200 21458139 "-" "-"
46.101.116.244 - - [05/Mar/2025:16:18:48 +0100] "GET /Jurek/kinghoff/feeds/kinghoff_mallczex.xml HTTP/2.0" 200 15138451 "-" "-"
193.33.8.61 - - [05/Mar/2025:16:18:57 +0100] "GET /Jurek/galopi/output.txt HTTP/2.0" 200 5498 "https://konsola.dkkapusta1997.usermd.net/" "Mozilla/5.0 (Macintosh; Intel Mac OS X 10_15_7) AppleWebKit/537.36 (KHTML, like Gecko) Chrome/133.0.0.0 Safari/537.36"
46.101.116.244 - - [05/Mar/2025:16:19:01 +0100] "GET /Jurek/kinghome/feeds/kinghome_mallczex.xml HTTP/2.0" 200 5770266 "-" "-"
89.161.206.59 - - [05/Mar/2025:16:19:06 +0100] "GET /Jurek/targethome/feeds/targethome_emagro.xml HTTP/1.0" 200 688680 "-" "-"
89.161.206.59 - - [05/Mar/2025:16:19:07 +0100] "GET /Jurek/mosti/feeds/mosti_emagro.xml HTTP/1.0" 200 4628137 "-" "-"
66.211.183.74 - - [05/Mar/2025:16:19:15 +0100] "GET /Jurek/eurofirany/images/390103/0.jpg HTTP/1.1" 200 124529 "-" "scalaj-http/2.4.2"
46.101.116.244 - - [05/Mar/2025:16:19:40 +0100] "GET /Jurek/rovicky/feeds/rovicky_mallczex.xml HTTP/2.0" 200 14199197 "-" "-"
46.101.116.244 - - [05/Mar/2025:16:19:53 +0100] "GET /Jurek/stema/feeds/stema_mallczex.xml HTTP/2.0" 200 839210 "-" "-"
46.101.116.244 - - [05/Mar/2025:16:20:04 +0100] "GET /Jurek/unimet/feeds/unimet_mallczex.xml HTTP/2.0" 200 60273388 "-" "-"
46.101.116.244 - - [05/Mar/2025:16:20:29 +0100] "GET /Jurek/vivaldi/feeds/vivaldi_Mall-czex.xml HTTP/2.0" 200 344825 "-" "-"
89.161.206.59 - - [05/Mar/2025:16:20:33 +0100] "GET /Jurek/domzapachy/feeds/domzapachy_skroutz.xml HTTP/1.0" 200 179626 "-" "-"
66.211.183.70 - - [05/Mar/2025:16:20:35 +0100] "GET /Jurek/eurofirany/images/366371/0.jpg HTTP/1.1" 200 75615 "-" "scalaj-http/2.4.2"
46.101.116.244 - - [05/Mar/2025:16:20:39 +0100] "GET /Jurek/topeshop/feeds/topeshop_alza.xml HTTP/2.0" 200 2451270 "-" "-"
66.249.69.172 - - [05/Mar/2025:16:21:18 +0100] "GET /Jurek/eurofirany/images/390450/9.jpg HTTP/1.1" 200 265023 "-" "Googlebot-Image/1.0"
46.101.116.244 - - [05/Mar/2025:16:21:23 +0100] "GET /Jurek/aw/feeds/aw_fnacfr.xml HTTP/1.0" 404 3551 "-" "-"
66.211.183.72 - - [05/Mar/2025:16:21:38 +0100] "GET /Jurek/eurofirany/images/397147/0.jpg HTTP/1.1" 200 192024 "-" "scalaj-http/2.4.2"
46.101.116.244 - - [05/Mar/2025:16:21:38 +0100] "GET /Filip/feeds/xlsx_ceneo.xml HTTP/1.0" 200 6241376 "-" "-"
66.211.183.70 - - [05/Mar/2025:16:21:42 +0100] "GET /Jurek/eurofirany/images/383361/0.jpg HTTP/1.1" 200 73843 "-" "scalaj-http/2.4.2"
66.211.183.71 - - [05/Mar/2025:16:21:48 +0100] "GET /Jurek/eurofirany/images/433257/0.jpg HTTP/1.1" 200 6625 "-" "scalaj-http/2.4.2"
66.211.183.74 - - [05/Mar/2025:16:21:58 +0100] "GET /Jurek/eurofirany/images/390053/0.jpg HTTP/1.1" 200 143274 "-" "scalaj-http/2.4.2"
193.33.8.61 - - [05/Mar/2025:16:22:19 +0100] "GET /Jurek/eoptimo/output.txt HTTP/2.0" 200 6158 "https://konsola.dkkapusta1997.usermd.net/" "Mozilla/5.0 (Macintosh; Intel Mac OS X 10_15_7) AppleWebKit/537.36 (KHTML, like Gecko) Chrome/133.0.0.0 Safari/537.36"
66.211.183.72 - - [05/Mar/2025:16:23:46 +0100] "GET /Jurek/eurofirany/images/390030/0.jpg HTTP/1.1" 200 166817 "-" "scalaj-http/2.4.2"
66.211.183.72 - - [05/Mar/2025:16:24:14 +0100] "GET /Jurek/eurofirany/images/404516/0.jpg HTTP/1.1" 200 42336 "-" "scalaj-http/2.4.2"
193.33.8.61 - - [05/Mar/2025:16:24:41 +0100] "GET /Jurek/drops/output.txt HTTP/2.0" 200 7655 "https://konsola.dkkapusta1997.usermd.net/" "Mozilla/5.0 (Macintosh; Intel Mac OS X 10_15_7) AppleWebKit/537.36 (KHTML, like Gecko) Chrome/133.0.0.0 Safari/537.36"
66.211.183.74 - - [05/Mar/2025:16:24:51 +0100] "GET /Jurek/eurofirany/images/438608/0.jpg HTTP/1.1" 200 167089 "-" "scalaj-http/2.4.2"
89.161.206.59 - - [05/Mar/2025:16:26:25 +0100] "GET /Jurek/erohurtownia/feeds/erohurtownia_amazonde.xml HTTP/1.0" 200 23304312 "-" "-"
46.101.116.244 - - [05/Mar/2025:16:26:26 +0100] "GET /Jurek/aw/feeds/aw_fnacfr.xml HTTP/1.0" 404 3551 "-" "-"
193.33.8.61 - - [05/Mar/2025:16:26:38 +0100] "GET /Jurek/cbdgreen/output.txt HTTP/2.0" 200 5676 "https://konsola.dkkapusta1997.usermd.net/" "Mozilla/5.0 (Macintosh; Intel Mac OS X 10_15_7) AppleWebKit/537.36 (KHTML, like Gecko) Chrome/133.0.0.0 Safari/537.36"
46.101.116.244 - - [05/Mar/2025:16:26:42 +0100] "GET /Filip/feeds/xlsx_ceneo.xml HTTP/1.0" 200 6241376 "-" "-"
66.249.69.170 - - [05/Mar/2025:16:29:16 +0100] "GET /Jurek/eurofirany/images/372967/6.jpg HTTP/1.1" 200 6595 "-" "Googlebot-Image/1.0"
193.33.8.61 - - [05/Mar/2025:16:29:29 +0100] "GET /Jurek/bisanti/output.txt HTTP/2.0" 200 4847 "https://konsola.dkkapusta1997.usermd.net/" "Mozilla/5.0 (Macintosh; Intel Mac OS X 10_15_7) AppleWebKit/537.36 (KHTML, like Gecko) Chrome/133.0.0.0 Safari/537.36"
66.249.69.170 - - [05/Mar/2025:16:30:41 +0100] "GET /Jurek/topeshop/downloaded_images/5904507201906_MIJASBIURKOBRY%C5%81KAANTRACYTLEWEBOKZM.jpg HTTP/1.1" 404 3551 "-" "Googlebot-Image/1.0"
