77.79.248.229 - - [05/Mar/2025:19:44:23 +0100] "GET /Jurek/ekuchcikowo/feeds/ekuchcikowo_leroy.xml HTTP/1.1" 200 13460391 "-" "Python-urllib/3.11"
77.79.248.229 - - [05/Mar/2025:19:44:28 +0100] "GET /Jurek/intsell/feeds/intsell_leroy.xml HTTP/1.1" 200 338787032 "-" "Python-urllib/3.11"
77.79.248.229 - - [05/Mar/2025:19:44:28 +0100] "GET /Jurek/velinda/feeds/velinda_leroy.xml HTTP/1.1" 200 23437 "-" "Python-urllib/3.11"
77.79.248.229 - - [05/Mar/2025:19:44:28 +0100] "GET /Jurek/spali/feeds/spali_leroy.xml HTTP/1.1" 200 77055 "-" "Python-urllib/3.11"
77.79.248.229 - - [05/Mar/2025:19:44:28 +0100] "GET /Jurek/urwiskowo/feeds/urwiskowo_leroy.xml HTTP/1.1" 200 9114953 "-" "Python-urllib/3.11"
77.79.248.229 - - [05/Mar/2025:19:44:29 +0100] "GET /Jurek/erohurtownia/feeds/erohurtownia_leroy.xml HTTP/1.1" 200 23304583 "-" "Python-urllib/3.11"
77.79.248.229 - - [05/Mar/2025:19:44:29 +0100] "GET /Jurek/elecomp/feeds/elecomp_leroy.xml HTTP/1.1" 200 2869585 "-" "Python-urllib/3.11"
77.79.248.229 - - [05/Mar/2025:19:44:29 +0100] "GET /Jurek/luxma/feeds/luxma_leroy.xml HTTP/1.1" 200 8058966 "-" "Python-urllib/3.11"
77.79.248.229 - - [05/Mar/2025:19:44:30 +0100] "GET /Jurek/coppotech/feeds/coppotech_leroy.xml HTTP/1.1" 200 39329765 "-" "Python-urllib/3.11"
77.79.248.229 - - [05/Mar/2025:19:44:30 +0100] "GET /Jurek/rider/feeds/rider_leroy.xml HTTP/1.1" 200 8165134 "-" "Python-urllib/3.11"
77.79.248.229 - - [05/Mar/2025:19:44:31 +0100] "GET /Jurek/emaja24/feeds/emaja24_leroy.xml HTTP/1.1" 200 5110022 "-" "Python-urllib/3.11"
77.79.248.229 - - [05/Mar/2025:19:44:31 +0100] "GET /Jurek/eurofryz2/feeds/eurofryz2_leroy.xml HTTP/1.1" 200 1376587 "-" "Python-urllib/3.11"
66.211.183.73 - - [05/Mar/2025:19:44:31 +0100] "GET /Jurek/eurofirany/images/409413/0.jpg HTTP/1.1" 200 29127 "-" "scalaj-http/2.4.2"
77.79.248.229 - - [05/Mar/2025:19:44:31 +0100] "GET /Jurek/expertauto/feeds/expertauto_leroy.xml HTTP/1.1" 200 1158916 "-" "Python-urllib/3.11"
77.79.248.229 - - [05/Mar/2025:19:44:31 +0100] "GET /Jurek/najtanszysport/feeds/najtanszysport_leroy.xml HTTP/1.1" 200 3983042 "-" "Python-urllib/3.11"
77.79.248.229 - - [05/Mar/2025:19:44:31 +0100] "GET /Jurek/kobi/feeds/kobi_leroy.xml HTTP/1.1" 200 1993236 "-" "Python-urllib/3.11"
77.79.248.229 - - [05/Mar/2025:19:44:32 +0100] "GET /Jurek/narzbud/feeds/narzbud_leroy.xml HTTP/1.1" 200 1958344 "-" "Python-urllib/3.11"
77.79.248.229 - - [05/Mar/2025:19:44:45 +0100] "GET /Jurek/naszedzieci/feeds/naszedzieci_leroy.xml HTTP/1.1" 200 833282404 "-" "Python-urllib/3.11"
66.211.183.73 - - [05/Mar/2025:19:44:45 +0100] "GET /Jurek/eurofirany/images/419256/0.jpg HTTP/1.1" 200 95698 "-" "scalaj-http/2.4.2"
77.79.248.229 - - [05/Mar/2025:19:44:47 +0100] "GET /Jurek/awparts/feeds/awparts_leroy.xml HTTP/1.1" 200 142305257 "-" "Python-urllib/3.11"
77.79.248.229 - - [05/Mar/2025:19:44:47 +0100] "GET /Jurek/kidshop/feeds/kidshop_leroy.xml HTTP/1.1" 200 19845635 "-" "Python-urllib/3.11"
77.79.248.229 - - [05/Mar/2025:19:44:48 +0100] "GET /Jurek/polzoo/feeds/polzoo_leroy.xml HTTP/1.1" 200 48126102 "-" "Python-urllib/3.11"
77.79.248.229 - - [05/Mar/2025:19:44:48 +0100] "GET /Jurek/playcob/feeds/playcob_leroy.xml HTTP/1.1" 200 6980202 "-" "Python-urllib/3.11"
46.101.116.244 - - [05/Mar/2025:19:44:52 +0100] "GET /Jurek/aw/feeds/aw_fnacfr.xml HTTP/1.0" 404 3551 "-" "-"
66.211.183.71 - - [05/Mar/2025:19:45:01 +0100] "GET /Jurek/eurofirany/images/360236/0.jpg HTTP/1.1" 200 169880 "-" "scalaj-http/2.4.2"
66.211.183.73 - - [05/Mar/2025:19:45:10 +0100] "GET /Jurek/eurofirany/images/389899/0.jpg HTTP/1.1" 200 140158 "-" "scalaj-http/2.4.2"
46.101.116.244 - - [05/Mar/2025:19:45:11 +0100] "GET /Filip/feeds/xlsx_ceneo.xml HTTP/1.0" 200 6241376 "-" "-"
66.211.183.72 - - [05/Mar/2025:19:45:37 +0100] "GET /Jurek/eurofirany/images/390107/0.jpg HTTP/1.1" 200 176309 "-" "scalaj-http/2.4.2"
66.211.183.73 - - [05/Mar/2025:19:45:48 +0100] "GET /Jurek/eurofirany/images/433797/0.jpg HTTP/1.1" 200 71633 "-" "scalaj-http/2.4.2"
66.211.183.71 - - [05/Mar/2025:19:46:21 +0100] "GET /Jurek/eurofirany/images/390444/0.jpg HTTP/1.1" 200 144267 "-" "scalaj-http/2.4.2"
66.211.183.71 - - [05/Mar/2025:19:46:22 +0100] "GET /Jurek/eurofirany/images/383862/0.jpg HTTP/1.1" 200 208615 "-" "scalaj-http/2.4.2"
66.211.183.71 - - [05/Mar/2025:19:46:33 +0100] "GET /Jurek/topeshop/downloaded_images/5902838463741_20st_close.jpg HTTP/1.1" 404 3551 "-" "scalaj-http/2.4.2"
66.211.183.70 - - [05/Mar/2025:19:47:29 +0100] "GET /Jurek/eurofirany/images/383346/0.jpg HTTP/1.1" 200 67002 "-" "scalaj-http/2.4.2"
66.211.183.73 - - [05/Mar/2025:19:47:41 +0100] "GET /Jurek/eurofirany/images/390039/0.jpg HTTP/1.1" 200 215707 "-" "scalaj-http/2.4.2"
66.249.69.170 - - [05/Mar/2025:19:47:52 +0100] "GET /Jurek/eurofirany/images/390050/4.jpg HTTP/1.1" 200 200264 "-" "Googlebot-Image/1.0"
5.134.208.158 - - [05/Mar/2025:19:47:56 +0100] "GET /Jurek/eurofirany/images/389957/0.jpg HTTP/1.1" 200 199278 "-" "-"
66.249.69.170 - - [05/Mar/2025:19:47:57 +0100] "GET /Jurek/eurofirany/images/390063/3.jpg HTTP/1.1" 200 188003 "-" "Googlebot-Image/1.0"
66.211.183.72 - - [05/Mar/2025:19:48:00 +0100] "GET /Jurek/eurofirany/images/389611/0.jpg HTTP/1.1" 200 165083 "-" "scalaj-http/2.4.2"
66.211.183.72 - - [05/Mar/2025:19:48:12 +0100] "GET /Jurek/eurofirany/images/428728/0.jpg HTTP/1.1" 200 93599 "-" "scalaj-http/2.4.2"
66.211.183.73 - - [05/Mar/2025:19:48:23 +0100] "GET /Jurek/eurofirany/images/389600/0.jpg HTTP/1.1" 200 165083 "-" "scalaj-http/2.4.2"
66.249.69.170 - - [05/Mar/2025:19:48:27 +0100] "GET /Jurek/eurofirany/images/390198/4.jpg HTTP/1.1" 200 200264 "-" "Googlebot-Image/1.0"
66.211.183.71 - - [05/Mar/2025:19:48:35 +0100] "GET /Jurek/eurofirany/images/403504/0.jpg HTTP/1.1" 200 34762 "-" "scalaj-http/2.4.2"
66.211.183.73 - - [05/Mar/2025:19:48:50 +0100] "GET /Jurek/topeshop/downloaded_images/5904507206611_DUOANTRACYTCZERNBRYLKABOKZM.jpg HTTP/1.1" 404 3551 "-" "scalaj-http/2.4.2"
46.101.116.244 - - [05/Mar/2025:19:49:28 +0100] "GET /Jurek/kokiskaCZ/feeds/kokiska_mallcz.xml HTTP/2.0" 200 1452767 "-" "-"
46.101.116.244 - - [05/Mar/2025:19:49:45 +0100] "GET /Jurek/fernity/feeds/fernity_mallczsh.xml HTTP/2.0" 200 5228543 "-" "-"
66.211.183.74 - - [05/Mar/2025:19:49:51 +0100] "GET /Jurek/eurofirany/images/390066/0.jpg HTTP/1.1" 200 143274 "-" "scalaj-http/2.4.2"
77.79.248.229 - - [05/Mar/2025:19:50:02 +0100] "GET /Jurek/eurofirany/feeds/eurofirany_allsweet.xml HTTP/1.1" 200 18892143 "-" "Python-urllib/3.11"
77.79.248.229 - - [05/Mar/2025:19:50:03 +0100] "GET /Jurek/ikonka/feeds/ikonka_all_sweet.xml HTTP/1.1" 200 21457255 "-" "Python-urllib/3.11"
77.79.248.229 - - [05/Mar/2025:19:50:03 +0100] "GET /Jurek/stema/feeds/stema_all.xml HTTP/1.1" 200 838752 "-" "Python-urllib/3.11"
77.79.248.229 - - [05/Mar/2025:19:50:04 +0100] "GET /Jurek/eurofirany/feeds/eurofirany_all_cz.xml HTTP/1.1" 200 18907015 "-" "Python-urllib/3.11"
77.79.248.229 - - [05/Mar/2025:19:50:04 +0100] "GET /Jurek/ikonka/feeds/ikonka_all_cz.xml HTTP/1.1" 200 21459154 "-" "Python-urllib/3.11"
77.79.248.229 - - [05/Mar/2025:19:50:05 +0100] "GET /Jurek/stema/feeds/stema_all_cz.xml HTTP/1.1" 200 839199 "-" "Python-urllib/3.11"
77.79.248.229 - - [05/Mar/2025:19:50:05 +0100] "GET /Jurek/eurofirany/feeds/eurofirany_all_sk.xml HTTP/1.1" 200 18887283 "-" "Python-urllib/3.11"
77.79.248.229 - - [05/Mar/2025:19:50:06 +0100] "GET /Jurek/ikonka/feeds/ikonka_all_sk.xml HTTP/1.1" 200 21456570 "-" "Python-urllib/3.11"
77.79.248.229 - - [05/Mar/2025:19:50:06 +0100] "GET /Jurek/stema/feeds/stema_all_sk.xml HTTP/1.1" 200 838492 "-" "Python-urllib/3.11"
66.211.183.71 - - [05/Mar/2025:19:50:07 +0100] "GET /Jurek/eurofirany/images/403501/0.jpg HTTP/1.1" 200 30923 "-" "scalaj-http/2.4.2"
46.101.116.244 - - [05/Mar/2025:19:50:10 +0100] "GET /Jurek/kinghoff/feeds/kinghoff_mallczsh.xml HTTP/2.0" 200 15141498 "-" "-"
66.211.183.73 - - [05/Mar/2025:19:50:26 +0100] "GET /Jurek/eurofirany/images/372984/0.jpg HTTP/1.1" 200 66435 "-" "scalaj-http/2.4.2"
66.211.183.74 - - [05/Mar/2025:19:50:29 +0100] "GET /Jurek/eurofirany/images/383362/0.jpg HTTP/1.1" 200 73860 "-" "scalaj-http/2.4.2"
46.101.116.244 - - [05/Mar/2025:19:50:30 +0100] "GET /Jurek/kinghome/feeds/kinghome_mallczsh.xml HTTP/2.0" 200 5770614 "-" "-"
46.101.116.244 - - [05/Mar/2025:19:50:41 +0100] "GET /Jurek/vivaldi/feeds/vivaldi_Mall-czsh.xml HTTP/2.0" 200 344843 "-" "-"
66.211.183.70 - - [05/Mar/2025:19:50:46 +0100] "GET /Jurek/eurofirany/images/389235/0.jpg HTTP/1.1" 200 134177 "-" "scalaj-http/2.4.2"
89.161.206.59 - - [05/Mar/2025:19:50:46 +0100] "GET /Jurek/ikonka/feeds/ikonka_allegro_cz.xml HTTP/1.0" 200 21457384 "-" "-"
89.161.206.59 - - [05/Mar/2025:19:50:51 +0100] "GET /Jurek/kambukka/feeds/kambukka_allegro.xml HTTP/1.0" 200 1046961 "-" "-"
89.161.206.59 - - [05/Mar/2025:19:50:52 +0100] "GET /Jurek/swiatecznygoliat/feeds/swiatecznygoliat_allegro.xml HTTP/1.0" 200 7054771 "-" "-"
46.101.116.244 - - [05/Mar/2025:19:50:52 +0100] "GET /Jurek/eurofirany/feeds/eurofirany_mall_cz_shumee.xml HTTP/2.0" 200 18906278 "-" "-"
89.161.206.59 - - [05/Mar/2025:19:50:54 +0100] "GET /Jurek/combine/feeds/combine_allegro.xml HTTP/1.0" 200 210566 "-" "-"
89.161.206.59 - - [05/Mar/2025:19:50:54 +0100] "GET /Jurek/spali/feeds/spali_allegro.xml HTTP/1.0" 200 77066 "-" "-"
66.211.183.72 - - [05/Mar/2025:19:50:56 +0100] "GET /Jurek/eurofirany/images/383322/0.jpg HTTP/1.1" 200 87977 "-" "scalaj-http/2.4.2"
89.161.206.59 - - [05/Mar/2025:19:51:03 +0100] "GET /Jurek/artdog/feeds/artdog_amazonde.xml HTTP/1.0" 200 16921877 "-" "-"
89.161.206.59 - - [05/Mar/2025:19:51:04 +0100] "GET /Jurek/pawonik/feeds/pawonik_amazonde.xml HTTP/1.0" 200 2586096 "-" "-"
89.161.206.59 - - [05/Mar/2025:19:51:05 +0100] "GET /Jurek/b3/feeds/b3_amazonde.xml HTTP/1.0" 200 7415847 "-" "-"
89.161.206.59 - - [05/Mar/2025:19:51:05 +0100] "GET /Jurek/sempler/feeds/sempler_amazonfr.xml HTTP/1.0" 200 6787956 "-" "-"
89.161.206.59 - - [05/Mar/2025:19:51:06 +0100] "GET /Jurek/sempler/feeds/sempler_amazonit.xml HTTP/1.0" 200 6787976 "-" "-"
89.161.206.59 - - [05/Mar/2025:19:51:06 +0100] "GET /Jurek/sempler/feeds/sempler_amazonnl.xml HTTP/1.0" 200 6787873 "-" "-"
66.211.183.73 - - [05/Mar/2025:19:51:09 +0100] "GET /Jurek/eurofirany/images/463595/0.jpg HTTP/1.1" 200 0 "-" "scalaj-http/2.4.2"
66.211.183.74 - - [05/Mar/2025:19:51:17 +0100] "GET /Jurek/eurofirany/images/423203/0.jpg HTTP/1.1" 200 0 "-" "scalaj-http/2.4.2"
46.101.116.244 - - [05/Mar/2025:19:51:51 +0100] "GET /Jurek/aw/feeds/aw_fnacfr.xml HTTP/1.0" 404 3551 "-" "-"
46.101.116.244 - - [05/Mar/2025:19:52:10 +0100] "GET /Filip/feeds/xlsx_ceneo.xml HTTP/1.0" 200 6241376 "-" "-"
66.249.69.170 - - [05/Mar/2025:19:52:15 +0100] "GET /Jurek/eurofirany/images/383324/4.jpg HTTP/1.1" 200 6595 "-" "Googlebot-Image/1.0"
46.101.116.244 - - [05/Mar/2025:19:52:45 +0100] "GET /Jurek/octopia/feeds/octopia_mallczsh.xml HTTP/2.0" 200 10547043 "-" "-"
66.211.183.74 - - [05/Mar/2025:19:53:06 +0100] "GET /Jurek/eurofirany/images/398823/0.jpg HTTP/1.1" 200 28870 "-" "scalaj-http/2.4.2"
46.101.116.244 - - [05/Mar/2025:19:53:11 +0100] "GET /Jurek/flhf/feeds/flhf_mallczsh.xml HTTP/2.0" 404 3551 "-" "-"
46.101.116.244 - - [05/Mar/2025:19:53:35 +0100] "GET /Jurek/livinhill/feeds/livinhill_mallczsh.xml HTTP/2.0" 200 1428472 "-" "-"
66.211.183.72 - - [05/Mar/2025:19:53:36 +0100] "GET /Jurek/eurofirany/images/390015/0.jpg HTTP/1.1" 200 207776 "-" "scalaj-http/2.4.2"
46.101.116.244 - - [05/Mar/2025:19:53:46 +0100] "GET /Jurek/cbdgreen/feeds/cbdgreen_mallsiSH.xml HTTP/2.0" 200 50541 "-" "-"
46.101.116.244 - - [05/Mar/2025:19:53:56 +0100] "GET /Jurek/dekornatort/feeds/dekornatort_mallsiSH.xml HTTP/2.0" 200 225734 "-" "-"
66.211.183.73 - - [05/Mar/2025:19:54:03 +0100] "GET /Jurek/eurofirany/images/396845/0.jpg HTTP/1.1" 200 85871 "-" "scalaj-http/2.4.2"
46.101.116.244 - - [05/Mar/2025:19:54:06 +0100] "GET /Jurek/eurofryz2/feeds/eurofryz2_mallsiSH.xml HTTP/2.0" 200 1376582 "-" "-"
77.79.248.229 - - [05/Mar/2025:19:54:11 +0100] "GET /Jurek/vidaSI/feeds/vidaSI_bigbang.xml HTTP/1.1" 200 613564913 "-" "Python-urllib/3.11"
66.211.183.73 - - [05/Mar/2025:19:54:13 +0100] "GET /Jurek/eurofirany/images/410614/0.jpg HTTP/1.1" 200 129328 "-" "scalaj-http/2.4.2"
46.101.116.244 - - [05/Mar/2025:19:54:17 +0100] "GET /Jurek/eurofryz3/feeds/eurofryz3_mallsiSH.xml HTTP/2.0" 200 172221 "-" "-"
46.101.116.244 - - [05/Mar/2025:19:54:28 +0100] "GET /Jurek/globaldeli/feeds/globaldeli_mallsiSH.xml HTTP/2.0" 200 2590907 "-" "-"
46.101.116.244 - - [05/Mar/2025:19:54:38 +0100] "GET /Jurek/kobi/feeds/kobi_mallsiSH.xml HTTP/2.0" 200 1993271 "-" "-"
46.101.116.244 - - [05/Mar/2025:19:54:49 +0100] "GET /Jurek/lendo/feeds/lendo_mallsiSH.xml HTTP/2.0" 200 330391 "-" "-"
46.101.116.244 - - [05/Mar/2025:19:55:24 +0100] "GET /Jurek/naszedzieci/feeds/naszedzieci_mallsiSH.xml HTTP/2.0" 200 833240023 "-" "-"
66.211.183.74 - - [05/Mar/2025:19:55:53 +0100] "GET /Jurek/topeshop/downloaded_images/5904507201425_2.jpg HTTP/1.1" 404 3551 "-" "scalaj-http/2.4.2"
46.101.116.244 - - [05/Mar/2025:19:56:12 +0100] "GET /Jurek/aw/feeds/aw_fnacfr.xml HTTP/1.0" 404 3551 "-" "-"
66.211.183.72 - - [05/Mar/2025:19:56:17 +0100] "GET /Jurek/eurofirany/images/389913/0.jpg HTTP/1.1" 200 178318 "-" "scalaj-http/2.4.2"
46.101.116.244 - - [05/Mar/2025:19:56:31 +0100] "GET /Filip/feeds/xlsx_ceneo.xml HTTP/1.0" 200 6241376 "-" "-"
66.211.183.74 - - [05/Mar/2025:19:57:26 +0100] "GET /Jurek/eurofirany/images/408876/0.jpg HTTP/1.1" 200 81276 "-" "scalaj-http/2.4.2"
66.211.183.73 - - [05/Mar/2025:19:57:31 +0100] "GET /Jurek/eurofirany/images/421725/0.jpg HTTP/1.1" 200 128195 "-" "scalaj-http/2.4.2"
66.211.183.70 - - [05/Mar/2025:19:57:50 +0100] "GET /Jurek/eurofirany/images/390177/0.jpg HTTP/1.1" 200 215707 "-" "scalaj-http/2.4.2"
77.79.248.229 - - [05/Mar/2025:19:58:08 +0100] "GET /Filip/zalando/zalando-logo.jpg HTTP/1.1" 200 5121 "-" "-"
77.79.248.229 - - [05/Mar/2025:19:58:08 +0100] "GET /Filip/zalando/zalando-logo.jpg HTTP/1.1" 200 5121 "-" "-"
66.211.183.74 - - [05/Mar/2025:19:58:11 +0100] "GET /Jurek/eurofirany/images/372634/0.jpg HTTP/1.1" 200 60417 "-" "scalaj-http/2.4.2"
77.79.248.229 - - [05/Mar/2025:19:58:11 +0100] "GET /Filip/zalando/zalando-logo.jpg HTTP/1.1" 200 5121 "-" "-"
66.211.183.74 - - [05/Mar/2025:19:58:12 +0100] "GET /Jurek/eurofirany/images/382250/0.jpg HTTP/1.1" 200 133518 "-" "scalaj-http/2.4.2"
77.79.248.229 - - [05/Mar/2025:19:58:12 +0100] "GET /Filip/zalando/zalando-logo.jpg HTTP/1.1" 200 5121 "-" "-"
66.211.183.74 - - [05/Mar/2025:19:58:14 +0100] "GET /Jurek/eurofirany/images/423204/0.jpg HTTP/1.1" 200 0 "-" "scalaj-http/2.4.2"
77.79.248.229 - - [05/Mar/2025:19:58:14 +0100] "GET /Filip/zalando/zalando-logo.jpg HTTP/1.1" 200 5121 "-" "-"
77.79.248.229 - - [05/Mar/2025:19:58:15 +0100] "GET /Filip/zalando/zalando-logo.jpg HTTP/1.1" 200 5121 "-" "-"
77.79.248.229 - - [05/Mar/2025:19:58:16 +0100] "GET /Filip/zalando/zalando-logo.jpg HTTP/1.1" 200 5121 "-" "-"
77.79.248.229 - - [05/Mar/2025:19:58:17 +0100] "GET /Filip/zalando/zalando-logo.jpg HTTP/1.1" 200 5121 "-" "-"
77.79.248.229 - - [05/Mar/2025:19:58:19 +0100] "GET /Filip/zalando/zalando-logo.jpg HTTP/1.1" 200 5121 "-" "-"
77.79.248.229 - - [05/Mar/2025:19:58:19 +0100] "GET /Filip/zalando/zalando-logo.jpg HTTP/1.1" 200 5121 "-" "-"
77.79.248.229 - - [05/Mar/2025:19:58:20 +0100] "GET /Filip/zalando/zalando-logo.jpg HTTP/1.1" 200 5121 "-" "-"
77.79.248.229 - - [05/Mar/2025:19:58:20 +0100] "GET /Filip/zalando/zalando-logo.jpg HTTP/1.1" 200 5121 "-" "-"
66.211.183.70 - - [05/Mar/2025:19:58:25 +0100] "GET /Jurek/eurofirany/images/383352/0.jpg HTTP/1.1" 200 79685 "-" "scalaj-http/2.4.2"
66.211.183.74 - - [05/Mar/2025:19:58:30 +0100] "GET /Jurek/eurofirany/images/390042/0.jpg HTTP/1.1" 200 104130 "-" "scalaj-http/2.4.2"
66.211.183.73 - - [05/Mar/2025:19:58:33 +0100] "GET /Jurek/eurofirany/images/390453/0.jpg HTTP/1.1" 200 144267 "-" "scalaj-http/2.4.2"
66.211.183.74 - - [05/Mar/2025:19:58:45 +0100] "GET /Jurek/eurofirany/images/390002/0.jpg HTTP/1.1" 200 171435 "-" "scalaj-http/2.4.2"
89.161.206.59 - - [05/Mar/2025:19:58:51 +0100] "GET /Jurek/ekuchcikowo/feeds/ekuchcikowo_skroutz.xml HTTP/1.0" 200 13460463 "-" "-"
89.161.206.59 - - [05/Mar/2025:19:59:37 +0100] "GET /Jurek/benetech/feeds/benetech_aliex.xml HTTP/1.0" 200 4165595 "-" "-"
89.161.206.59 - - [05/Mar/2025:19:59:38 +0100] "GET /Jurek/slayo/feeds/slayo_aliex.xml HTTP/1.0" 200 183633 "-" "-"
89.161.206.59 - - [05/Mar/2025:19:59:38 +0100] "GET /Jurek/hdwr/feeds/hdwr_aliex.xml HTTP/1.0" 200 789605 "-" "-"
89.161.206.59 - - [05/Mar/2025:19:59:38 +0100] "GET /Jurek/targethome/feeds/targethome_aliex.xml HTTP/1.0" 200 688683 "-" "-"
89.161.206.59 - - [05/Mar/2025:19:59:38 +0100] "GET /Jurek/amzteam/feeds/amzteam_aliex.xml HTTP/1.0" 200 97912 "-" "-"
89.161.206.59 - - [05/Mar/2025:19:59:38 +0100] "GET /Jurek/ralmetal/feeds/ralmetal_aliex.xml HTTP/1.0" 200 1809220 "-" "-"
89.161.206.59 - - [05/Mar/2025:19:59:39 +0100] "GET /Jurek/cbdgreen/feeds/cbdgreen_aliex.xml HTTP/1.0" 200 50547 "-" "-"
89.161.206.59 - - [05/Mar/2025:19:59:39 +0100] "GET /Jurek/drops/feeds/dropsofficecolection_aliex.xml HTTP/1.0" 200 791121 "-" "-"
89.161.206.59 - - [05/Mar/2025:19:59:39 +0100] "GET /Jurek/szpaklampy/feeds/szpaklampy_aliex.xml HTTP/1.0" 200 388391 "-" "-"
89.161.206.59 - - [05/Mar/2025:19:59:39 +0100] "GET /Jurek/velinda/feeds/velinda_aliex.xml HTTP/1.0" 200 23439 "-" "-"
89.161.206.59 - - [05/Mar/2025:19:59:39 +0100] "GET /Jurek/spali/feeds/spali_aliex.xml HTTP/1.0" 200 77072 "-" "-"
66.211.183.72 - - [05/Mar/2025:19:59:42 +0100] "GET /Jurek/eurofirany/images/372650/0.jpg HTTP/1.1" 200 72110 "-" "scalaj-http/2.4.2"
66.211.183.71 - - [05/Mar/2025:19:59:46 +0100] "GET /Jurek/eurofirany/images/438727/0.jpg HTTP/1.1" 200 99337 "-" "scalaj-http/2.4.2"
66.211.183.74 - - [05/Mar/2025:19:59:49 +0100] "GET /Jurek/topeshop/downloaded_images/5902838466513_sonoma_close_20.jpg HTTP/1.1" 404 3551 "-" "scalaj-http/2.4.2"
66.211.183.72 - - [05/Mar/2025:19:59:50 +0100] "GET /Jurek/eurofirany/images/423214/0.jpg HTTP/1.1" 200 0 "-" "scalaj-http/2.4.2"
66.211.183.72 - - [05/Mar/2025:19:59:56 +0100] "GET /Jurek/eurofirany/images/391116/0.jpg HTTP/1.1" 200 101651 "-" "scalaj-http/2.4.2"
66.211.183.73 - - [05/Mar/2025:20:00:09 +0100] "GET /Jurek/eurofirany/images/389907/0.jpg HTTP/1.1" 200 181461 "-" "scalaj-http/2.4.2"
66.211.183.73 - - [05/Mar/2025:20:00:11 +0100] "GET /Jurek/eurofirany/images/438712/0.jpg HTTP/1.1" 200 104800 "-" "scalaj-http/2.4.2"
66.211.183.74 - - [05/Mar/2025:20:00:14 +0100] "GET /Jurek/eurofirany/images/383470/0.jpg HTTP/1.1" 200 86852 "-" "scalaj-http/2.4.2"
66.211.183.70 - - [05/Mar/2025:20:00:15 +0100] "GET /Jurek/eurofirany/images/379149/0.jpg HTTP/1.1" 200 106168 "-" "scalaj-http/2.4.2"
85.14.86.141 - - [05/Mar/2025:20:00:29 +0100] "GET /Jurek/vida_morele/feeds/VidaPL_all.xml HTTP/2.0" 200 690476084 "-" "MarketplaceAPI curl/7.64.0 PHP/8"
66.211.183.71 - - [05/Mar/2025:20:00:32 +0100] "GET /Jurek/eurofirany/images/390422/0.jpg HTTP/1.1" 200 97224 "-" "scalaj-http/2.4.2"
66.211.183.70 - - [05/Mar/2025:20:00:37 +0100] "GET /Jurek/eurofirany/images/390121/0.jpg HTTP/1.1" 200 168905 "-" "scalaj-http/2.4.2"
89.161.206.59 - - [05/Mar/2025:20:00:41 +0100] "GET /Jurek/eurofirany/feeds/eurofirany_ebay.xml HTTP/1.0" 200 18778783 "-" "-"
51.77.52.107 - - [05/Mar/2025:20:00:43 +0100] "GET /Jurek/eurofirany/images/428727/0.jpg HTTP/2.0" 200 100167 "-" "-"
66.211.183.72 - - [05/Mar/2025:20:00:46 +0100] "GET /Jurek/eurofirany/images/438728/0.jpg HTTP/1.1" 200 101507 "-" "scalaj-http/2.4.2"
52.17.80.36 - - [05/Mar/2025:20:00:47 +0100] "GET /marketplaces/ubaldi/results/ubaldi.csv HTTP/1.1" 200 3577007 "-" "Mirakl HttpClient"
89.161.206.59 - - [05/Mar/2025:20:00:49 +0100] "GET /Jurek/hurtownia_przemyslowa/feeds/hp_ebayde.xml HTTP/1.0" 200 42493181 "-" "-"
89.161.206.59 - - [05/Mar/2025:20:00:50 +0100] "GET /Jurek/playcob/feeds/playcob_skroutz.xml HTTP/1.0" 200 6980102 "-" "-"
51.77.52.107 - - [05/Mar/2025:20:00:54 +0100] "GET /Jurek/eurofirany/images/458867/0.jpg HTTP/2.0" 200 123274 "-" "-"
46.101.116.244 - - [05/Mar/2025:20:01:05 +0100] "GET /Jurek/aw/feeds/aw_fnacfr.xml HTTP/1.0" 404 3551 "-" "-"
51.77.52.107 - - [05/Mar/2025:20:01:06 +0100] "GET /Jurek/eurofirany/images/457126/0.jpg HTTP/2.0" 200 94611 "-" "-"
212.3.84.242 - - [05/Mar/2025:20:01:13 +0100] "GET /Jurek/eurofirany/images/374433/0.jpg HTTP/2.0" 200 83338 "https://itm.ebaydesc.com/" "Mozilla/5.0 (Windows NT 10.0; Win64; x64) AppleWebKit/537.36 (KHTML, like Gecko) Chrome/133.0.0.0 Safari/537.36 Edg/133.0.0.0"
51.77.52.107 - - [05/Mar/2025:20:01:16 +0100] "GET /Jurek/eurofirany/images/457128/0.jpg HTTP/2.0" 200 111523 "-" "-"
89.161.206.59 - - [05/Mar/2025:20:01:22 +0100] "GET /Jurek/maksik/feeds/maksik_bol.xml HTTP/1.0" 200 4084802 "-" "-"
46.101.116.244 - - [05/Mar/2025:20:01:24 +0100] "GET /Filip/feeds/xlsx_ceneo.xml HTTP/1.0" 200 6241376 "-" "-"
51.77.52.107 - - [05/Mar/2025:20:01:25 +0100] "GET /Jurek/eurofirany/images/452116/0.jpg HTTP/2.0" 200 71298 "-" "-"
46.101.116.244 - - [05/Mar/2025:20:01:39 +0100] "GET /Jurek/reman/feeds/reman_mallsiSH.xml HTTP/2.0" 200 1394829 "-" "-"
46.101.116.244 - - [05/Mar/2025:20:01:50 +0100] "GET /Jurek/sartrix/feeds/sartrix_mallsiSH.xml HTTP/2.0" 200 649165 "-" "-"
34.133.239.145 - - [05/Mar/2025:20:01:54 +0100] "GET /Jurek/eurofirany/images/428727/11.jpg HTTP/1.1" 200 109722 "-" "Mozilla/5.0 (X11; Linux x86_64) AppleWebKit/537.36 (KHTML, like Gecko) Chrome/110.0.0.0 Safari/537.36"
34.72.247.156 - - [05/Mar/2025:20:01:55 +0100] "GET /Jurek/eurofirany/images/457126/8.jpg HTTP/1.1" 200 162520 "-" "Mozilla/5.0 (X11; Linux x86_64) AppleWebKit/537.36 (KHTML, like Gecko) Chrome/110.0.0.0 Safari/537.36"
34.133.239.145 - - [05/Mar/2025:20:01:55 +0100] "GET /Jurek/eurofirany/images/457128/1.jpg HTTP/1.1" 200 134248 "-" "Mozilla/5.0 (X11; Linux x86_64) AppleWebKit/537.36 (KHTML, like Gecko) Chrome/110.0.0.0 Safari/537.36"
34.133.239.145 - - [05/Mar/2025:20:01:55 +0100] "GET /Jurek/eurofirany/images/452116/2.jpg HTTP/1.1" 200 112894 "-" "Mozilla/5.0 (X11; Linux x86_64) AppleWebKit/537.36 (KHTML, like Gecko) Chrome/110.0.0.0 Safari/537.36"
34.133.239.145 - - [05/Mar/2025:20:01:56 +0100] "GET /Jurek/eurofirany/images/428727/2.jpg HTTP/1.1" 200 107082 "-" "Mozilla/5.0 (X11; Linux x86_64) AppleWebKit/537.36 (KHTML, like Gecko) Chrome/110.0.0.0 Safari/537.36"
34.133.239.145 - - [05/Mar/2025:20:01:57 +0100] "GET /Jurek/eurofirany/images/452116/1.jpg HTTP/1.1" 200 47921 "-" "Mozilla/5.0 (X11; Linux x86_64) AppleWebKit/537.36 (KHTML, like Gecko) Chrome/110.0.0.0 Safari/537.36"
34.72.247.156 - - [05/Mar/2025:20:01:57 +0100] "GET /Jurek/eurofirany/images/457126/10.jpg HTTP/1.1" 200 142893 "-" "Mozilla/5.0 (X11; Linux x86_64) AppleWebKit/537.36 (KHTML, like Gecko) Chrome/110.0.0.0 Safari/537.36"
34.133.239.145 - - [05/Mar/2025:20:01:57 +0100] "GET /Jurek/eurofirany/images/428727/4.jpg HTTP/1.1" 200 137464 "-" "Mozilla/5.0 (X11; Linux x86_64) AppleWebKit/537.36 (KHTML, like Gecko) Chrome/110.0.0.0 Safari/537.36"
34.133.239.145 - - [05/Mar/2025:20:01:58 +0100] "GET /Jurek/eurofirany/images/457128/2.jpg HTTP/1.1" 200 68537 "-" "Mozilla/5.0 (X11; Linux x86_64) AppleWebKit/537.36 (KHTML, like Gecko) Chrome/110.0.0.0 Safari/537.36"
34.133.239.145 - - [05/Mar/2025:20:01:59 +0100] "GET /Jurek/eurofirany/images/452116/0.jpg HTTP/1.1" 200 71298 "-" "Mozilla/5.0 (X11; Linux x86_64) AppleWebKit/537.36 (KHTML, like Gecko) Chrome/110.0.0.0 Safari/537.36"
34.133.239.145 - - [05/Mar/2025:20:01:59 +0100] "GET /Jurek/eurofirany/images/457128/10.jpg HTTP/1.1" 200 167464 "-" "Mozilla/5.0 (X11; Linux x86_64) AppleWebKit/537.36 (KHTML, like Gecko) Chrome/110.0.0.0 Safari/537.36"
34.72.247.156 - - [05/Mar/2025:20:01:59 +0100] "GET /Jurek/eurofirany/images/457126/2.jpg HTTP/1.1" 200 54637 "-" "Mozilla/5.0 (X11; Linux x86_64) AppleWebKit/537.36 (KHTML, like Gecko) Chrome/110.0.0.0 Safari/537.36"
34.133.239.145 - - [05/Mar/2025:20:01:59 +0100] "GET /Jurek/eurofirany/images/428727/6.jpg HTTP/1.1" 200 151898 "-" "Mozilla/5.0 (X11; Linux x86_64) AppleWebKit/537.36 (KHTML, like Gecko) Chrome/110.0.0.0 Safari/537.36"
34.72.247.156 - - [05/Mar/2025:20:02:00 +0100] "GET /Jurek/eurofirany/images/457126/5.jpg HTTP/1.1" 200 128427 "-" "Mozilla/5.0 (X11; Linux x86_64) AppleWebKit/537.36 (KHTML, like Gecko) Chrome/110.0.0.0 Safari/537.36"
34.133.239.145 - - [05/Mar/2025:20:02:00 +0100] "GET /Jurek/eurofirany/images/457128/3.jpg HTTP/1.1" 200 199413 "-" "Mozilla/5.0 (X11; Linux x86_64) AppleWebKit/537.36 (KHTML, like Gecko) Chrome/110.0.0.0 Safari/537.36"
46.101.116.244 - - [05/Mar/2025:20:02:00 +0100] "GET /Jurek/szpaklampy/feeds/szpaklampy_mallsiSH.xml HTTP/2.0" 200 388247 "-" "-"
34.72.247.156 - - [05/Mar/2025:20:02:01 +0100] "GET /Jurek/eurofirany/images/457126/7.jpg HTTP/1.1" 200 128091 "-" "Mozilla/5.0 (X11; Linux x86_64) AppleWebKit/537.36 (KHTML, like Gecko) Chrome/110.0.0.0 Safari/537.36"
66.211.183.72 - - [05/Mar/2025:20:02:01 +0100] "GET /Jurek/eurofirany/images/391111/0.jpg HTTP/1.1" 200 98566 "-" "scalaj-http/2.4.2"
34.133.239.145 - - [05/Mar/2025:20:02:01 +0100] "GET /Jurek/eurofirany/images/428727/7.jpg HTTP/1.1" 200 87127 "-" "Mozilla/5.0 (X11; Linux x86_64) AppleWebKit/537.36 (KHTML, like Gecko) Chrome/110.0.0.0 Safari/537.36"
52.209.168.113 - - [05/Mar/2025:20:02:02 +0100] "GET /marketplaces/rue/results/rue.csv HTTP/1.1" 200 7628195 "-" "Mirakl HttpClient"
34.133.239.145 - - [05/Mar/2025:20:02:02 +0100] "GET /Jurek/eurofirany/images/457128/4.jpg HTTP/1.1" 200 247388 "-" "Mozilla/5.0 (X11; Linux x86_64) AppleWebKit/537.36 (KHTML, like Gecko) Chrome/110.0.0.0 Safari/537.36"
34.72.247.156 - - [05/Mar/2025:20:02:03 +0100] "GET /Jurek/eurofirany/images/457126/6.jpg HTTP/1.1" 200 186560 "-" "Mozilla/5.0 (X11; Linux x86_64) AppleWebKit/537.36 (KHTML, like Gecko) Chrome/110.0.0.0 Safari/537.36"
34.72.247.156 - - [05/Mar/2025:20:02:04 +0100] "GET /Jurek/eurofirany/images/457126/9.jpg HTTP/1.1" 200 133035 "-" "Mozilla/5.0 (X11; Linux x86_64) AppleWebKit/537.36 (KHTML, like Gecko) Chrome/110.0.0.0 Safari/537.36"
34.133.239.145 - - [05/Mar/2025:20:02:04 +0100] "GET /Jurek/eurofirany/images/428727/8.jpg HTTP/1.1" 200 164659 "-" "Mozilla/5.0 (X11; Linux x86_64) AppleWebKit/537.36 (KHTML, like Gecko) Chrome/110.0.0.0 Safari/537.36"
34.133.239.145 - - [05/Mar/2025:20:02:05 +0100] "GET /Jurek/eurofirany/images/457128/5.jpg HTTP/1.1" 200 163271 "-" "Mozilla/5.0 (X11; Linux x86_64) AppleWebKit/537.36 (KHTML, like Gecko) Chrome/110.0.0.0 Safari/537.36"
66.135.195.19 - - [05/Mar/2025:20:02:05 +0100] "GET /Jurek/eurofirany/images/458867/0.jpg HTTP/1.1" 200 123274 "-" "Java/17.0.13.0.101"
34.72.247.156 - - [05/Mar/2025:20:02:05 +0100] "GET /Jurek/eurofirany/images/457126/1.jpg HTTP/1.1" 200 112587 "-" "Mozilla/5.0 (X11; Linux x86_64) AppleWebKit/537.36 (KHTML, like Gecko) Chrome/110.0.0.0 Safari/537.36"
34.72.247.156 - - [05/Mar/2025:20:02:06 +0100] "GET /Jurek/eurofirany/images/458867/1.jpg HTTP/1.1" 200 123259 "-" "Mozilla/5.0 (X11; Linux x86_64) AppleWebKit/537.36 (KHTML, like Gecko) Chrome/110.0.0.0 Safari/537.36"
34.133.239.145 - - [05/Mar/2025:20:02:07 +0100] "GET /Jurek/eurofirany/images/428727/9.jpg HTTP/1.1" 200 217712 "-" "Mozilla/5.0 (X11; Linux x86_64) AppleWebKit/537.36 (KHTML, like Gecko) Chrome/110.0.0.0 Safari/537.36"
34.133.239.145 - - [05/Mar/2025:20:02:07 +0100] "GET /Jurek/eurofirany/images/457128/6.jpg HTTP/1.1" 200 264771 "-" "Mozilla/5.0 (X11; Linux x86_64) AppleWebKit/537.36 (KHTML, like Gecko) Chrome/110.0.0.0 Safari/537.36"
34.72.247.156 - - [05/Mar/2025:20:02:07 +0100] "GET /Jurek/eurofirany/images/457126/3.jpg HTTP/1.1" 200 158655 "-" "Mozilla/5.0 (X11; Linux x86_64) AppleWebKit/537.36 (KHTML, like Gecko) Chrome/110.0.0.0 Safari/537.36"
34.72.247.156 - - [05/Mar/2025:20:02:08 +0100] "GET /Jurek/eurofirany/images/458867/2.jpg HTTP/1.1" 200 75655 "-" "Mozilla/5.0 (X11; Linux x86_64) AppleWebKit/537.36 (KHTML, like Gecko) Chrome/110.0.0.0 Safari/537.36"
34.133.239.145 - - [05/Mar/2025:20:02:08 +0100] "GET /Jurek/eurofirany/images/428727/1.jpg HTTP/1.1" 200 103815 "-" "Mozilla/5.0 (X11; Linux x86_64) AppleWebKit/537.36 (KHTML, like Gecko) Chrome/110.0.0.0 Safari/537.36"
34.72.247.156 - - [05/Mar/2025:20:02:08 +0100] "GET /Jurek/eurofirany/images/457126/4.jpg HTTP/1.1" 200 140490 "-" "Mozilla/5.0 (X11; Linux x86_64) AppleWebKit/537.36 (KHTML, like Gecko) Chrome/110.0.0.0 Safari/537.36"
34.133.239.145 - - [05/Mar/2025:20:02:09 +0100] "GET /Jurek/eurofirany/images/457128/7.jpg HTTP/1.1" 200 157435 "-" "Mozilla/5.0 (X11; Linux x86_64) AppleWebKit/537.36 (KHTML, like Gecko) Chrome/110.0.0.0 Safari/537.36"
34.72.247.156 - - [05/Mar/2025:20:02:09 +0100] "GET /Jurek/eurofirany/images/458867/3.jpg HTTP/1.1" 200 135485 "-" "Mozilla/5.0 (X11; Linux x86_64) AppleWebKit/537.36 (KHTML, like Gecko) Chrome/110.0.0.0 Safari/537.36"
34.133.239.145 - - [05/Mar/2025:20:02:09 +0100] "GET /Jurek/eurofirany/images/428727/3.jpg HTTP/1.1" 200 51851 "-" "Mozilla/5.0 (X11; Linux x86_64) AppleWebKit/537.36 (KHTML, like Gecko) Chrome/110.0.0.0 Safari/537.36"
34.72.247.156 - - [05/Mar/2025:20:02:09 +0100] "GET /Jurek/eurofirany/images/457126/0.jpg HTTP/1.1" 200 94611 "-" "Mozilla/5.0 (X11; Linux x86_64) AppleWebKit/537.36 (KHTML, like Gecko) Chrome/110.0.0.0 Safari/537.36"
34.72.247.156 - - [05/Mar/2025:20:02:10 +0100] "GET /Jurek/eurofirany/images/458867/4.jpg HTTP/1.1" 200 122019 "-" "Mozilla/5.0 (X11; Linux x86_64) AppleWebKit/537.36 (KHTML, like Gecko) Chrome/110.0.0.0 Safari/537.36"
34.133.239.145 - - [05/Mar/2025:20:02:10 +0100] "GET /Jurek/eurofirany/images/428727/5.jpg HTTP/1.1" 200 225539 "-" "Mozilla/5.0 (X11; Linux x86_64) AppleWebKit/537.36 (KHTML, like Gecko) Chrome/110.0.0.0 Safari/537.36"
34.72.247.156 - - [05/Mar/2025:20:02:11 +0100] "GET /Jurek/eurofirany/images/458867/0.jpg HTTP/1.1" 200 123274 "-" "Mozilla/5.0 (X11; Linux x86_64) AppleWebKit/537.36 (KHTML, like Gecko) Chrome/110.0.0.0 Safari/537.36"
34.133.239.145 - - [05/Mar/2025:20:02:11 +0100] "GET /Jurek/eurofirany/images/428727/10.jpg HTTP/1.1" 200 104796 "-" "Mozilla/5.0 (X11; Linux x86_64) AppleWebKit/537.36 (KHTML, like Gecko) Chrome/110.0.0.0 Safari/537.36"
34.133.239.145 - - [05/Mar/2025:20:02:11 +0100] "GET /Jurek/eurofirany/images/457128/8.jpg HTTP/1.1" 200 206314 "-" "Mozilla/5.0 (X11; Linux x86_64) AppleWebKit/537.36 (KHTML, like Gecko) Chrome/110.0.0.0 Safari/537.36"
66.135.202.172 - - [05/Mar/2025:20:02:11 +0100] "GET /Jurek/eurofirany/images/457128/0.jpg HTTP/1.1" 200 111523 "-" "Java/17.0.13.0.101"
46.101.116.244 - - [05/Mar/2025:20:02:11 +0100] "GET /Jurek/benetech/feeds/benetech_mallsiSH.xml HTTP/2.0" 200 4165318 "-" "-"
34.133.239.145 - - [05/Mar/2025:20:02:12 +0100] "GET /Jurek/eurofirany/images/428727/0.jpg HTTP/1.1" 200 100167 "-" "Mozilla/5.0 (X11; Linux x86_64) AppleWebKit/537.36 (KHTML, like Gecko) Chrome/110.0.0.0 Safari/537.36"
34.72.247.156 - - [05/Mar/2025:20:02:12 +0100] "GET /Jurek/eurofirany/images/457128/9.jpg HTTP/1.1" 200 219620 "-" "Mozilla/5.0 (X11; Linux x86_64) AppleWebKit/537.36 (KHTML, like Gecko) Chrome/110.0.0.0 Safari/537.36"
34.133.239.145 - - [05/Mar/2025:20:02:13 +0100] "GET /Jurek/eurofirany/images/457128/11.jpg HTTP/1.1" 200 174445 "-" "Mozilla/5.0 (X11; Linux x86_64) AppleWebKit/537.36 (KHTML, like Gecko) Chrome/110.0.0.0 Safari/537.36"
34.133.239.145 - - [05/Mar/2025:20:02:14 +0100] "GET /Jurek/eurofirany/images/457128/0.jpg HTTP/1.1" 200 111523 "-" "Mozilla/5.0 (X11; Linux x86_64) AppleWebKit/537.36 (KHTML, like Gecko) Chrome/110.0.0.0 Safari/537.36"
46.101.116.244 - - [05/Mar/2025:20:02:23 +0100] "GET /Jurek/dekoele/feeds/dekoele_mallsish.xml HTTP/2.0" 200 733934 "-" "-"
85.14.86.141 - - [05/Mar/2025:20:02:24 +0100] "GET /Jurek/kinghoff/feeds/kinghoff_morele.xml HTTP/2.0" 200 15139012 "-" "MarketplaceAPI curl/7.64.0 PHP/8"
46.101.116.244 - - [05/Mar/2025:20:02:33 +0100] "GET /Jurek/drewdon/feeds/drewdon_mallsish.xml HTTP/2.0" 200 504449 "-" "-"
46.101.116.244 - - [05/Mar/2025:20:02:44 +0100] "GET /Jurek/emaja24/feeds/emaja24_mallsiSH.xml HTTP/2.0" 200 5110109 "-" "-"
66.135.202.74 - - [05/Mar/2025:20:02:55 +0100] "GET /Jurek/eurofirany/images/452116/0.jpg HTTP/1.1" 200 71298 "http://www.ebay.com/" "Mozilla/4.0 (compatible; MSIE 4.01; Windows NT)"
66.135.202.71 - - [05/Mar/2025:20:02:55 +0100] "GET /Jurek/eurofirany/images/452116/2.jpg HTTP/1.1" 200 112894 "http://www.ebay.com/" "Mozilla/4.0 (compatible; MSIE 4.01; Windows NT)"
66.135.202.75 - - [05/Mar/2025:20:02:55 +0100] "GET /Jurek/eurofirany/images/452116/1.jpg HTTP/1.1" 200 47921 "http://www.ebay.com/" "Mozilla/4.0 (compatible; MSIE 4.01; Windows NT)"
46.101.116.244 - - [05/Mar/2025:20:03:06 +0100] "GET /Jurek/muminky/feeds/muminky_mallsiSH.xml HTTP/2.0" 200 2677759 "-" "-"
66.135.195.20 - - [05/Mar/2025:20:03:07 +0100] "GET /Jurek/eurofirany/images/428727/10.jpg HTTP/1.1" 200 104796 "http://www.ebay.com/" "Mozilla/4.0 (compatible; MSIE 4.01; Windows NT)"
66.135.195.17 - - [05/Mar/2025:20:03:07 +0100] "GET /Jurek/eurofirany/images/428727/3.jpg HTTP/1.1" 200 51851 "http://www.ebay.com/" "Mozilla/4.0 (compatible; MSIE 4.01; Windows NT)"
66.135.195.17 - - [05/Mar/2025:20:03:07 +0100] "GET /Jurek/eurofirany/images/428727/2.jpg HTTP/1.1" 200 107082 "http://www.ebay.com/" "Mozilla/4.0 (compatible; MSIE 4.01; Windows NT)"
66.135.195.17 - - [05/Mar/2025:20:03:07 +0100] "GET /Jurek/eurofirany/images/428727/0.jpg HTTP/1.1" 200 100167 "http://www.ebay.com/" "Mozilla/4.0 (compatible; MSIE 4.01; Windows NT)"
66.135.195.20 - - [05/Mar/2025:20:03:07 +0100] "GET /Jurek/eurofirany/images/428727/7.jpg HTTP/1.1" 200 87127 "http://www.ebay.com/" "Mozilla/4.0 (compatible; MSIE 4.01; Windows NT)"
66.135.195.18 - - [05/Mar/2025:20:03:07 +0100] "GET /Jurek/eurofirany/images/428727/1.jpg HTTP/1.1" 200 103815 "http://www.ebay.com/" "Mozilla/4.0 (compatible; MSIE 4.01; Windows NT)"
66.135.195.20 - - [05/Mar/2025:20:03:07 +0100] "GET /Jurek/eurofirany/images/428727/11.jpg HTTP/1.1" 200 109722 "http://www.ebay.com/" "Mozilla/4.0 (compatible; MSIE 4.01; Windows NT)"
66.135.195.18 - - [05/Mar/2025:20:03:07 +0100] "GET /Jurek/eurofirany/images/428727/4.jpg HTTP/1.1" 200 137464 "http://www.ebay.com/" "Mozilla/4.0 (compatible; MSIE 4.01; Windows NT)"
66.135.195.16 - - [05/Mar/2025:20:03:08 +0100] "GET /Jurek/eurofirany/images/428727/6.jpg HTTP/1.1" 200 151898 "http://www.ebay.com/" "Mozilla/4.0 (compatible; MSIE 4.01; Windows NT)"
66.135.195.18 - - [05/Mar/2025:20:03:08 +0100] "GET /Jurek/eurofirany/images/428727/8.jpg HTTP/1.1" 200 164659 "http://www.ebay.com/" "Mozilla/4.0 (compatible; MSIE 4.01; Windows NT)"
66.135.195.16 - - [05/Mar/2025:20:03:08 +0100] "GET /Jurek/eurofirany/images/428727/9.jpg HTTP/1.1" 200 217712 "http://www.ebay.com/" "Mozilla/4.0 (compatible; MSIE 4.01; Windows NT)"
66.135.195.16 - - [05/Mar/2025:20:03:08 +0100] "GET /Jurek/eurofirany/images/428727/5.jpg HTTP/1.1" 200 225539 "http://www.ebay.com/" "Mozilla/4.0 (compatible; MSIE 4.01; Windows NT)"
66.211.183.71 - - [05/Mar/2025:20:03:09 +0100] "GET /Jurek/eurofirany/images/409907/0.jpg HTTP/1.1" 200 78745 "-" "scalaj-http/2.4.2"
46.101.116.244 - - [05/Mar/2025:20:03:19 +0100] "GET /Jurek/pupus/feeds/pupus_mallsiSH.xml HTTP/2.0" 200 6154541 "-" "-"
66.211.183.71 - - [05/Mar/2025:20:03:19 +0100] "GET /Jurek/topeshop/downloaded_images/5904507206154_4.jpg HTTP/1.1" 404 3551 "-" "scalaj-http/2.4.2"
46.101.116.244 - - [05/Mar/2025:20:03:35 +0100] "GET /Jurek/erohurtownia/feeds/erohurtownia_mallsish.xml HTTP/2.0" 200 23304500 "-" "-"
89.161.206.59 - - [05/Mar/2025:20:03:45 +0100] "GET /Jurek/kinghoff/feeds/kinghoff_emagro.xml HTTP/1.0" 200 15140335 "-" "-"
85.14.86.141 - - [05/Mar/2025:20:03:50 +0100] "GET /Jurek/eurofirany/feeds/eurofirany_morele.xml HTTP/2.0" 200 18889611 "-" "MarketplaceAPI curl/7.64.0 PHP/8"
66.211.183.72 - - [05/Mar/2025:20:03:57 +0100] "GET /Jurek/eurofirany/images/438720/0.jpg HTTP/1.1" 200 105392 "-" "scalaj-http/2.4.2"
46.101.116.244 - - [05/Mar/2025:20:04:00 +0100] "GET /Jurek/oromed/feeds/oromed_mallsish.xml HTTP/2.0" 200 1023423 "-" "-"
66.135.202.74 - - [05/Mar/2025:20:04:09 +0100] "GET /Jurek/eurofirany/images/457128/2.jpg HTTP/1.1" 200 68537 "http://www.ebay.com/" "Mozilla/4.0 (compatible; MSIE 4.01; Windows NT)"
66.135.202.72 - - [05/Mar/2025:20:04:09 +0100] "GET /Jurek/eurofirany/images/457128/0.jpg HTTP/1.1" 200 111523 "http://www.ebay.com/" "Mozilla/4.0 (compatible; MSIE 4.01; Windows NT)"
66.135.202.75 - - [05/Mar/2025:20:04:09 +0100] "GET /Jurek/eurofirany/images/457128/1.jpg HTTP/1.1" 200 134248 "http://www.ebay.com/" "Mozilla/4.0 (compatible; MSIE 4.01; Windows NT)"
66.135.202.75 - - [05/Mar/2025:20:04:09 +0100] "GET /Jurek/eurofirany/images/457128/5.jpg HTTP/1.1" 200 163271 "http://www.ebay.com/" "Mozilla/4.0 (compatible; MSIE 4.01; Windows NT)"
66.135.202.75 - - [05/Mar/2025:20:04:09 +0100] "GET /Jurek/eurofirany/images/457128/7.jpg HTTP/1.1" 200 157435 "http://www.ebay.com/" "Mozilla/4.0 (compatible; MSIE 4.01; Windows NT)"
66.135.202.73 - - [05/Mar/2025:20:04:10 +0100] "GET /Jurek/eurofirany/images/457128/3.jpg HTTP/1.1" 200 199413 "http://www.ebay.com/" "Mozilla/4.0 (compatible; MSIE 4.01; Windows NT)"
66.135.202.71 - - [05/Mar/2025:20:04:10 +0100] "GET /Jurek/eurofirany/images/457128/10.jpg HTTP/1.1" 200 167464 "http://www.ebay.com/" "Mozilla/4.0 (compatible; MSIE 4.01; Windows NT)"
66.135.202.71 - - [05/Mar/2025:20:04:10 +0100] "GET /Jurek/eurofirany/images/457128/11.jpg HTTP/1.1" 200 174445 "http://www.ebay.com/" "Mozilla/4.0 (compatible; MSIE 4.01; Windows NT)"
66.135.202.73 - - [05/Mar/2025:20:04:10 +0100] "GET /Jurek/eurofirany/images/457128/8.jpg HTTP/1.1" 200 206314 "http://www.ebay.com/" "Mozilla/4.0 (compatible; MSIE 4.01; Windows NT)"
66.135.202.75 - - [05/Mar/2025:20:04:10 +0100] "GET /Jurek/eurofirany/images/457128/4.jpg HTTP/1.1" 200 247388 "http://www.ebay.com/" "Mozilla/4.0 (compatible; MSIE 4.01; Windows NT)"
66.135.202.72 - - [05/Mar/2025:20:04:10 +0100] "GET /Jurek/eurofirany/images/457128/9.jpg HTTP/1.1" 200 219620 "http://www.ebay.com/" "Mozilla/4.0 (compatible; MSIE 4.01; Windows NT)"
66.135.202.74 - - [05/Mar/2025:20:04:10 +0100] "GET /Jurek/eurofirany/images/457128/6.jpg HTTP/1.1" 200 264771 "http://www.ebay.com/" "Mozilla/4.0 (compatible; MSIE 4.01; Windows NT)"
85.14.86.141 - - [05/Mar/2025:20:04:15 +0100] "GET /Jurek/vivaldi/feeds/vivaldi_Morele-PL.xml HTTP/2.0" 200 344674 "-" "MarketplaceAPI curl/7.64.0 PHP/8"
66.211.183.70 - - [05/Mar/2025:20:04:31 +0100] "GET /Jurek/eurofirany/images/416791/0.jpg HTTP/1.1" 200 121794 "-" "scalaj-http/2.4.2"
46.101.116.244 - - [05/Mar/2025:20:04:34 +0100] "GET /Jurek/urwiskowo/feeds/urwiskowo_mallsish.xml HTTP/2.0" 200 9114886 "-" "-"
66.211.183.72 - - [05/Mar/2025:20:04:40 +0100] "GET /Jurek/eurofirany/images/402739/0.jpg HTTP/1.1" 200 61600 "-" "scalaj-http/2.4.2"
66.211.183.70 - - [05/Mar/2025:20:04:42 +0100] "GET /Jurek/eurofirany/images/416140/0.jpg HTTP/1.1" 200 95090 "-" "scalaj-http/2.4.2"
46.101.116.244 - - [05/Mar/2025:20:04:47 +0100] "GET /Jurek/eroplace/feeds/eroplace_mallsish.xml HTTP/2.0" 200 31320385 "-" "-"
66.211.183.71 - - [05/Mar/2025:20:04:52 +0100] "GET /Jurek/eurofirany/images/383067/0.jpg HTTP/1.1" 200 72405 "-" "scalaj-http/2.4.2"
46.101.116.244 - - [05/Mar/2025:20:05:20 +0100] "GET /Jurek/bass_new/feeds/bass_mallsish.xml HTTP/2.0" 200 7040853 "-" "-"
85.14.86.141 - - [05/Mar/2025:20:05:32 +0100] "GET /Jurek/vida_morele/feeds/VidaPL_morele.xml HTTP/2.0" 200 690476714 "-" "MarketplaceAPI curl/7.64.0 PHP/8"
46.101.116.244 - - [05/Mar/2025:20:05:33 +0100] "GET /Jurek/ekuchcikowo/feeds/ekuchcikowo_mallsish.xml HTTP/2.0" 200 13460321 "-" "-"
46.101.116.244 - - [05/Mar/2025:20:05:44 +0100] "GET /Jurek/sempler/feeds/sempler_mallsish.xml HTTP/2.0" 200 6787949 "-" "-"
172.226.108.5 - - [05/Mar/2025:20:05:55 +0100] "GET /Jurek/eurofirany/images/399360/0.jpg HTTP/2.0" 200 73620 "-" "Mozilla/5.0"
46.101.116.244 - - [05/Mar/2025:20:05:55 +0100] "GET /Jurek/bass/feeds/bass_mallsish.xml HTTP/2.0" 200 3985170 "-" "-"
66.211.183.74 - - [05/Mar/2025:20:05:57 +0100] "GET /Jurek/eurofirany/images/401109/0.jpg HTTP/1.1" 200 119799 "-" "scalaj-http/2.4.2"
66.135.195.17 - - [05/Mar/2025:20:06:00 +0100] "GET /Jurek/eurofirany/images/457126/0.jpg HTTP/1.1" 200 94611 "http://www.ebay.com/" "Mozilla/4.0 (compatible; MSIE 4.01; Windows NT)"
66.135.195.17 - - [05/Mar/2025:20:06:00 +0100] "GET /Jurek/eurofirany/images/457126/5.jpg HTTP/1.1" 200 128427 "http://www.ebay.com/" "Mozilla/4.0 (compatible; MSIE 4.01; Windows NT)"
66.135.195.20 - - [05/Mar/2025:20:06:00 +0100] "GET /Jurek/eurofirany/images/457126/1.jpg HTTP/1.1" 200 112587 "http://www.ebay.com/" "Mozilla/4.0 (compatible; MSIE 4.01; Windows NT)"
66.135.195.20 - - [05/Mar/2025:20:06:00 +0100] "GET /Jurek/eurofirany/images/457126/2.jpg HTTP/1.1" 200 54637 "http://www.ebay.com/" "Mozilla/4.0 (compatible; MSIE 4.01; Windows NT)"
66.135.195.20 - - [05/Mar/2025:20:06:00 +0100] "GET /Jurek/eurofirany/images/457126/7.jpg HTTP/1.1" 200 128091 "http://www.ebay.com/" "Mozilla/4.0 (compatible; MSIE 4.01; Windows NT)"
66.135.195.19 - - [05/Mar/2025:20:06:00 +0100] "GET /Jurek/eurofirany/images/457126/4.jpg HTTP/1.1" 200 140490 "http://www.ebay.com/" "Mozilla/4.0 (compatible; MSIE 4.01; Windows NT)"
66.135.195.20 - - [05/Mar/2025:20:06:01 +0100] "GET /Jurek/eurofirany/images/457126/9.jpg HTTP/1.1" 200 133035 "http://www.ebay.com/" "Mozilla/4.0 (compatible; MSIE 4.01; Windows NT)"
66.135.195.16 - - [05/Mar/2025:20:06:01 +0100] "GET /Jurek/eurofirany/images/457126/10.jpg HTTP/1.1" 200 142893 "http://www.ebay.com/" "Mozilla/4.0 (compatible; MSIE 4.01; Windows NT)"
66.135.195.20 - - [05/Mar/2025:20:06:01 +0100] "GET /Jurek/eurofirany/images/457126/3.jpg HTTP/1.1" 200 158655 "http://www.ebay.com/" "Mozilla/4.0 (compatible; MSIE 4.01; Windows NT)"
66.135.195.19 - - [05/Mar/2025:20:06:01 +0100] "GET /Jurek/eurofirany/images/457126/8.jpg HTTP/1.1" 200 162520 "http://www.ebay.com/" "Mozilla/4.0 (compatible; MSIE 4.01; Windows NT)"
66.135.195.19 - - [05/Mar/2025:20:06:01 +0100] "GET /Jurek/eurofirany/images/457126/6.jpg HTTP/1.1" 200 186560 "http://www.ebay.com/" "Mozilla/4.0 (compatible; MSIE 4.01; Windows NT)"
66.211.183.71 - - [05/Mar/2025:20:06:07 +0100] "GET /Jurek/eurofirany/images/409903/0.jpg HTTP/1.1" 200 188678 "-" "scalaj-http/2.4.2"
85.14.86.141 - - [05/Mar/2025:20:06:08 +0100] "GET /Jurek/aw/feeds/awnarzedzia_morele.xml HTTP/2.0" 200 90390252 "-" "MarketplaceAPI curl/7.64.0 PHP/8"
66.211.183.71 - - [05/Mar/2025:20:06:19 +0100] "GET /Jurek/topeshop/downloaded_images/5904507207441_20st_mijas_lewy_niebieskikopia.png HTTP/1.1" 200 251031 "-" "scalaj-http/2.4.2"
85.14.86.141 - - [05/Mar/2025:20:06:20 +0100] "GET /Jurek/beliani/feeds/beliani_morele.xml HTTP/2.0" 200 26365533 "-" "MarketplaceAPI curl/7.64.0 PHP/8"
46.101.116.244 - - [05/Mar/2025:20:06:20 +0100] "GET /Jurek/aw/feeds/aw_fnacfr.xml HTTP/1.0" 404 3551 "-" "-"
46.101.116.244 - - [05/Mar/2025:20:06:25 +0100] "GET /Jurek/slayo/feeds/slayo_mallsish.xml HTTP/2.0" 200 183616 "-" "-"
46.101.116.244 - - [05/Mar/2025:20:06:36 +0100] "GET /Jurek/mosti/feeds/mosti_mallsish.xml HTTP/2.0" 200 4628147 "-" "-"
46.101.116.244 - - [05/Mar/2025:20:06:36 +0100] "GET /Jurek/amzteam/feeds/amzteam_mallsish.xml HTTP/2.0" 200 97849 "-" "-"
46.101.116.244 - - [05/Mar/2025:20:06:37 +0100] "GET /Jurek/artdog/feeds/artdog_mallsish.xml HTTP/2.0" 200 16922044 "-" "-"
46.101.116.244 - - [05/Mar/2025:20:06:38 +0100] "GET /Jurek/kambukka/feeds/kambukka_mallsish.xml HTTP/2.0" 200 1046556 "-" "-"
66.135.202.173 - - [05/Mar/2025:20:06:38 +0100] "GET /Jurek/eurofirany/images/458867/2.jpg HTTP/1.1" 200 75655 "http://www.ebay.com/" "Mozilla/4.0 (compatible; MSIE 4.01; Windows NT)"
66.135.202.172 - - [05/Mar/2025:20:06:38 +0100] "GET /Jurek/eurofirany/images/458867/0.jpg HTTP/1.1" 200 123274 "http://www.ebay.com/" "Mozilla/4.0 (compatible; MSIE 4.01; Windows NT)"
66.135.202.173 - - [05/Mar/2025:20:06:38 +0100] "GET /Jurek/eurofirany/images/458867/1.jpg HTTP/1.1" 200 123259 "http://www.ebay.com/" "Mozilla/4.0 (compatible; MSIE 4.01; Windows NT)"
66.135.202.169 - - [05/Mar/2025:20:06:38 +0100] "GET /Jurek/eurofirany/images/458867/4.jpg HTTP/1.1" 200 122019 "http://www.ebay.com/" "Mozilla/4.0 (compatible; MSIE 4.01; Windows NT)"
46.101.116.244 - - [05/Mar/2025:20:06:38 +0100] "GET /Filip/feeds/xlsx_ceneo.xml HTTP/1.0" 200 6241376 "-" "-"
66.135.202.171 - - [05/Mar/2025:20:06:38 +0100] "GET /Jurek/eurofirany/images/458867/3.jpg HTTP/1.1" 200 135485 "http://www.ebay.com/" "Mozilla/4.0 (compatible; MSIE 4.01; Windows NT)"
66.211.183.70 - - [05/Mar/2025:20:06:45 +0100] "GET /Jurek/eurofirany/images/389936/0.jpg HTTP/1.1" 200 166817 "-" "scalaj-http/2.4.2"
66.211.183.72 - - [05/Mar/2025:20:06:49 +0100] "GET /Jurek/eurofirany/images/463597/0.jpg HTTP/1.1" 200 0 "-" "scalaj-http/2.4.2"
46.101.116.244 - - [05/Mar/2025:20:06:54 +0100] "GET /Jurek/swiatecznygoliat/feeds/swiatecznygoliat_mallsish.xml HTTP/2.0" 200 7054433 "-" "-"
66.211.183.72 - - [05/Mar/2025:20:07:09 +0100] "GET /Jurek/eurofirany/images/418631/0.jpg HTTP/1.1" 200 71025 "-" "scalaj-http/2.4.2"
66.211.183.71 - - [05/Mar/2025:20:07:15 +0100] "GET /Jurek/eurofirany/images/390421/0.jpg HTTP/1.1" 200 48192 "-" "scalaj-http/2.4.2"
66.211.183.73 - - [05/Mar/2025:20:07:21 +0100] "GET /Jurek/eurofirany/images/383473/0.jpg HTTP/1.1" 200 69041 "-" "scalaj-http/2.4.2"
46.101.116.244 - - [05/Mar/2025:20:08:05 +0100] "GET /Jurek/octopia/feeds/octopia_mallsish.xml HTTP/2.0" 200 10533390 "-" "-"
46.101.116.244 - - [05/Mar/2025:20:08:18 +0100] "GET /Jurek/topeshop/feeds/topeshop_mallsish.xml HTTP/2.0" 200 2450488 "-" "-"
66.211.183.73 - - [05/Mar/2025:20:08:38 +0100] "GET /Jurek/eurofirany/images/383175/0.jpg HTTP/1.1" 200 75101 "-" "scalaj-http/2.4.2"
66.211.183.74 - - [05/Mar/2025:20:08:46 +0100] "GET /Jurek/eurofirany/images/383337/0.jpg HTTP/1.1" 200 76839 "-" "scalaj-http/2.4.2"
66.211.183.71 - - [05/Mar/2025:20:08:59 +0100] "GET /Jurek/eurofirany/images/402862/0.jpg HTTP/1.1" 200 79038 "-" "scalaj-http/2.4.2"
66.211.183.74 - - [05/Mar/2025:20:09:08 +0100] "GET /Jurek/eurofirany/images/438608/0.jpg HTTP/1.1" 200 167089 "-" "scalaj-http/2.4.2"
185.6.76.18 - - [05/Mar/2025:20:10:21 +0100] "GET /marketplaces/skroutz/feeds/shumee.xml HTTP/1.1" 200 348049220 "-" "SkroutzBot v1.0"
178.21.154.6 - - [05/Mar/2025:20:10:39 +0100] "GET /Jurek/eurofirany/images/403542/0.jpg HTTP/1.1" 200 31591 "-" "-"
5.134.208.158 - - [05/Mar/2025:20:10:47 +0100] "GET /Jurek/eurofirany/images/400242/0.jpg HTTP/1.1" 200 38051 "-" "-"
46.101.116.244 - - [05/Mar/2025:20:11:07 +0100] "GET /Jurek/aw/feeds/aw_fnacfr.xml HTTP/1.0" 404 3551 "-" "-"
46.101.116.244 - - [05/Mar/2025:20:11:24 +0100] "GET /Filip/feeds/xlsx_ceneo.xml HTTP/1.0" 200 6241376 "-" "-"
66.211.183.72 - - [05/Mar/2025:20:11:31 +0100] "GET /Jurek/eurofirany/images/404577/0.jpg HTTP/1.1" 200 85805 "-" "scalaj-http/2.4.2"
66.211.183.74 - - [05/Mar/2025:20:11:43 +0100] "GET /Jurek/eurofirany/images/416441/0.jpg HTTP/1.1" 200 117339 "-" "scalaj-http/2.4.2"
46.101.116.244 - - [05/Mar/2025:20:12:02 +0100] "GET /Jurek/activeshop/feeds/activeshop_mallsish.xml HTTP/2.0" 200 10458581 "-" "-"
66.211.183.72 - - [05/Mar/2025:20:12:10 +0100] "GET /Jurek/eurofirany/images/392252/0.jpg HTTP/1.1" 200 33284 "-" "scalaj-http/2.4.2"
66.211.183.70 - - [05/Mar/2025:20:12:17 +0100] "GET /Jurek/eurofirany/images/434225/0.jpg HTTP/1.1" 200 119736 "-" "scalaj-http/2.4.2"
66.211.183.71 - - [05/Mar/2025:20:13:54 +0100] "GET /Jurek/eurofirany/images/389240/0.jpg HTTP/1.1" 200 159369 "-" "scalaj-http/2.4.2"
66.211.183.72 - - [05/Mar/2025:20:14:04 +0100] "GET /Jurek/eurofirany/images/383464/0.jpg HTTP/1.1" 200 78770 "-" "scalaj-http/2.4.2"
95.90.163.181 - - [05/Mar/2025:20:14:23 +0100] "GET /Jurek/topeshop/downloaded_images/5904507205768_SS-90_pafos_.png HTTP/2.0" 200 106832 "https://itm.ebaydesc.com/" "Mozilla/5.0 (Windows NT 10.0; Win64; x64) AppleWebKit/537.36 (KHTML, like Gecko) Chrome/133.0.0.0 Safari/537.36 Edg/133.0.0.0"
66.211.183.71 - - [05/Mar/2025:20:14:39 +0100] "GET /Jurek/eurofirany/images/389606/0.jpg HTTP/1.1" 200 149159 "-" "scalaj-http/2.4.2"
66.211.183.70 - - [05/Mar/2025:20:14:57 +0100] "GET /Jurek/topeshop/downloaded_images/5902838461273_3.png HTTP/1.1" 404 3551 "-" "scalaj-http/2.4.2"
66.211.183.70 - - [05/Mar/2025:20:15:13 +0100] "GET /Jurek/eurofirany/images/390399/0.jpg HTTP/1.1" 200 109763 "-" "scalaj-http/2.4.2"
66.211.183.73 - - [05/Mar/2025:20:15:15 +0100] "GET /Jurek/eurofirany/images/389616/0.jpg HTTP/1.1" 200 134368 "-" "scalaj-http/2.4.2"
46.101.116.244 - - [05/Mar/2025:20:15:17 +0100] "GET /Jurek/hurtownia_przemyslowa/feeds/hp_mallsish.xml HTTP/2.0" 200 49553573 "-" "-"
66.211.183.71 - - [05/Mar/2025:20:15:26 +0100] "GET /Jurek/eurofirany/images/379123/0.jpg HTTP/1.1" 200 127377 "-" "scalaj-http/2.4.2"
46.101.116.244 - - [05/Mar/2025:20:16:02 +0100] "GET /Jurek/action/feeds/action_mallsish.xml HTTP/2.0" 200 56341707 "-" "-"
46.101.116.244 - - [05/Mar/2025:20:16:17 +0100] "GET /Jurek/aw/feeds/aw_fnacfr.xml HTTP/1.0" 404 3551 "-" "-"
89.161.206.59 - - [05/Mar/2025:20:16:31 +0100] "GET /Jurek/luxma/feeds/luxma_bol.xml HTTP/1.0" 200 8059011 "-" "-"
89.161.206.59 - - [05/Mar/2025:20:16:33 +0100] "GET /Jurek/playcob/feeds/playcob_bol.xml HTTP/1.0" 200 6980075 "-" "-"
46.101.116.244 - - [05/Mar/2025:20:16:36 +0100] "GET /Filip/feeds/xlsx_ceneo.xml HTTP/1.0" 200 6241376 "-" "-"
66.211.183.73 - - [05/Mar/2025:20:16:43 +0100] "GET /Jurek/topeshop/downloaded_images/5902838468456_Oaplwieszak.png HTTP/1.1" 404 3551 "-" "scalaj-http/2.4.2"
66.211.183.74 - - [05/Mar/2025:20:16:57 +0100] "GET /Jurek/eurofirany/images/372644/0.jpg HTTP/1.1" 200 67943 "-" "scalaj-http/2.4.2"
66.211.183.74 - - [05/Mar/2025:20:17:01 +0100] "GET /Jurek/eurofirany/images/416020/0.jpg HTTP/1.1" 200 44442 "-" "scalaj-http/2.4.2"
66.211.183.73 - - [05/Mar/2025:20:17:02 +0100] "GET /Jurek/eurofirany/images/423346/0.jpg HTTP/1.1" 200 105015 "-" "scalaj-http/2.4.2"
66.211.183.73 - - [05/Mar/2025:20:17:02 +0100] "GET /Jurek/eurofirany/images/423202/0.jpg HTTP/1.1" 200 0 "-" "scalaj-http/2.4.2"
