46.101.116.244 - - [05/Mar/2025:09:24:11 +0100] "GET /Jurek/activeshop/feeds/activeshop_cdis.xml HTTP/1.0" 200 10444028 "-" "-"
46.101.116.244 - - [05/Mar/2025:09:24:14 +0100] "GET /Jurek/candellux/feeds/candellux_mallsksh.xml HTTP/2.0" 200 465714 "-" "-"
46.101.116.244 - - [05/Mar/2025:09:24:15 +0100] "GET /Jurek/eurofirany/feeds/eurofirany_cdiscount.xml HTTP/1.0" 200 18890211 "-" "-"
46.101.116.244 - - [05/Mar/2025:09:24:24 +0100] "GET /Jurek/andex/feeds/andex_mallsksh.xml HTTP/2.0" 200 1953414 "-" "-"
46.101.116.244 - - [05/Mar/2025:09:24:36 +0100] "GET /Jurek/chemex/feeds/chemex_mallsksh.xml HTTP/2.0" 200 47810988 "-" "-"
46.101.116.244 - - [05/Mar/2025:09:24:50 +0100] "GET /Jurek/barbecook/feeds/barbecook_mallsksh.xml HTTP/2.0" 200 87531 "-" "-"
46.101.116.244 - - [05/Mar/2025:09:25:00 +0100] "GET /Jurek/duka/feeds/duka_mallsksh.xml HTTP/2.0" 200 57 "-" "-"
46.101.116.244 - - [05/Mar/2025:09:25:11 +0100] "GET /Jurek/miloohome/feeds/miloohome_mallsksh.xml HTTP/2.0" 200 1421052 "-" "-"
66.211.183.73 - - [05/Mar/2025:09:25:14 +0100] "GET /Jurek/eurofirany/images/421724/0.jpg HTTP/1.1" 200 170985 "-" "scalaj-http/2.4.2"
46.101.116.244 - - [05/Mar/2025:09:25:22 +0100] "GET /Jurek/stema/feeds/stema_mallsksh.xml HTTP/2.0" 200 838546 "-" "-"
46.101.116.244 - - [05/Mar/2025:09:25:34 +0100] "GET /Jurek/aw/feeds/awnarzedzia_mallsksh.xml HTTP/2.0" 200 90377092 "-" "-"
40.77.167.47 - - [05/Mar/2025:09:25:42 +0100] "GET /Jurek/eurofirany/images/423202/0.jpg HTTP/2.0" 200 0 "-" "Mozilla/5.0 AppleWebKit/537.36 (KHTML, like Gecko; compatible; bingbot/2.0; +http://www.bing.com/bingbot.htm) Chrome/116.0.1938.76 Safari/537.36"
40.77.167.47 - - [05/Mar/2025:09:25:42 +0100] "GET /Jurek/eurofirany/images/463594/0.jpg HTTP/2.0" 200 0 "-" "Mozilla/5.0 AppleWebKit/537.36 (KHTML, like Gecko; compatible; bingbot/2.0; +http://www.bing.com/bingbot.htm) Chrome/116.0.1938.76 Safari/537.36"
35.204.231.62 - - [05/Mar/2025:09:25:48 +0100] "GET /Jurek/topeshop/downloaded_images/5904507209650_Full_front_R60_kaszmir.jpg HTTP/2.0" 200 63235 "-" "BolcomAssetFox/2.0"
35.204.231.62 - - [05/Mar/2025:09:25:48 +0100] "GET /Jurek/topeshop/downloaded_images/5904507209650_R50_R60_Kaszmir.jpg HTTP/2.0" 200 124733 "-" "BolcomAssetFox/2.0"
35.204.231.62 - - [05/Mar/2025:09:25:48 +0100] "GET /Jurek/topeshop/downloaded_images/5904507209650_20_R60_kaszmir.jpg HTTP/2.0" 200 25326 "-" "BolcomAssetFox/2.0"
35.204.231.62 - - [05/Mar/2025:09:25:49 +0100] "GET /Jurek/topeshop/downloaded_images/5904507209650_1_R60_(2)WIZZ.jpg HTTP/2.0" 200 146343 "-" "BolcomAssetFox/2.0"
46.101.116.244 - - [05/Mar/2025:09:26:09 +0100] "GET /Jurek/fernity/feeds/fernity_manomano.xml HTTP/1.0" 200 5224287 "-" "-"
46.101.116.244 - - [05/Mar/2025:09:27:04 +0100] "GET /Jurek/aw/feeds/aw_fnacfr.xml HTTP/1.0" 404 3551 "-" "-"
46.101.116.244 - - [05/Mar/2025:09:27:24 +0100] "GET /Filip/feeds/xlsx_ceneo.xml HTTP/1.0" 200 6241376 "-" "-"
46.101.116.244 - - [05/Mar/2025:09:27:25 +0100] "GET /Jurek/fernity/feeds/fernity_mallsksh.xml HTTP/2.0" 200 5224161 "-" "-"
66.249.66.66 - - [05/Mar/2025:09:27:26 +0100] "GET /Jurek/eurofirany/images/438670/6.jpg HTTP/1.1" 200 33 "-" "Googlebot-Image/1.0"
66.249.66.66 - - [05/Mar/2025:09:27:27 +0100] "GET /Jurek/eurofirany/images/438670/9.jpg HTTP/1.1" 200 33 "-" "Googlebot-Image/1.0"
66.249.66.66 - - [05/Mar/2025:09:27:27 +0100] "GET /Jurek/eurofirany/images/438670/7.jpg HTTP/1.1" 200 33 "-" "Googlebot-Image/1.0"
66.249.66.66 - - [05/Mar/2025:09:27:35 +0100] "GET /Jurek/eurofirany/images/438670/8.jpg HTTP/1.1" 200 33 "-" "Googlebot-Image/1.0"
46.101.116.244 - - [05/Mar/2025:09:27:49 +0100] "GET /Jurek/kinghoff/feeds/kinghoff_mallsksh.xml HTTP/2.0" 200 15104225 "-" "-"
46.101.116.244 - - [05/Mar/2025:09:28:07 +0100] "GET /Jurek/kinghome/feeds/kinghome_mallslsh.xml HTTP/2.0" 200 5752834 "-" "-"
46.101.116.244 - - [05/Mar/2025:09:28:18 +0100] "GET /Jurek/vivaldi/feeds/vivaldi_Mall-sksh.xml HTTP/2.0" 200 344665 "-" "-"
46.101.116.244 - - [05/Mar/2025:09:28:29 +0100] "GET /Jurek/eurofirany/feeds/eurofirany_mall_sk_shumee.xml HTTP/2.0" 200 18889014 "-" "-"
66.135.202.72 - - [05/Mar/2025:09:29:05 +0100] "GET /Jurek/eurofirany/images/350455/0.jpg HTTP/1.1" 200 67425 "-" "Java/17.0.12.0.101"
89.161.206.59 - - [05/Mar/2025:09:29:07 +0100] "GET /Jurek/hurtownia_przemyslowa/feeds/hp_skroutz.xml HTTP/1.0" 200 49552380 "-" "-"
66.211.183.70 - - [05/Mar/2025:09:29:24 +0100] "GET /Jurek/eurofirany/images/416150/0.jpg HTTP/1.1" 200 99814 "-" "scalaj-http/2.4.2"
66.211.183.70 - - [05/Mar/2025:09:30:18 +0100] "GET /Jurek/eurofirany/images/415637/0.jpg HTTP/1.1" 200 104649 "-" "scalaj-http/2.4.2"
157.55.39.58 - - [05/Mar/2025:09:30:21 +0100] "GET /Jurek/topeshop/downloaded_images/5902838467459_1.jpg HTTP/2.0" 404 3551 "-" "Mozilla/5.0 AppleWebKit/537.36 (KHTML, like Gecko; compatible; bingbot/2.0; +http://www.bing.com/bingbot.htm) Chrome/116.0.1938.76 Safari/537.36"
157.55.39.58 - - [05/Mar/2025:09:30:22 +0100] "GET /Jurek/topeshop/downloaded_images/5902838466810_2.jpg HTTP/2.0" 404 3551 "-" "Mozilla/5.0 AppleWebKit/537.36 (KHTML, like Gecko; compatible; bingbot/2.0; +http://www.bing.com/bingbot.htm) Chrome/116.0.1938.76 Safari/537.36"
40.77.167.57 - - [05/Mar/2025:09:30:26 +0100] "GET /Jurek/eurofirany/images/463592/0.jpg HTTP/2.0" 200 0 "-" "Mozilla/5.0 AppleWebKit/537.36 (KHTML, like Gecko; compatible; bingbot/2.0; +http://www.bing.com/bingbot.htm) Chrome/116.0.1938.76 Safari/537.36"
40.77.167.7 - - [05/Mar/2025:09:30:31 +0100] "GET /Jurek/eurofirany/images/463595/0.jpg HTTP/2.0" 200 0 "-" "Mozilla/5.0 AppleWebKit/537.36 (KHTML, like Gecko; compatible; bingbot/2.0; +http://www.bing.com/bingbot.htm) Chrome/116.0.1938.76 Safari/537.36"
193.33.8.61 - - [05/Mar/2025:09:30:32 +0100] "GET /Jurek/najtanszysport/feeds/najtanszysport_mallsi.xml HTTP/2.0" 200 3982966 "https://konsola.dkkapusta1997.usermd.net/" "Mozilla/5.0 (Windows NT 10.0; Win64; x64) AppleWebKit/537.36 (KHTML, like Gecko) Chrome/134.0.0.0 Safari/537.36"
193.33.8.61 - - [05/Mar/2025:09:30:49 +0100] "GET /Jurek/najtanszysport/feeds/najtanszysport_mallsiSH.xml HTTP/2.0" 200 3982966 "https://konsola.dkkapusta1997.usermd.net/" "Mozilla/5.0 (Windows NT 10.0; Win64; x64) AppleWebKit/537.36 (KHTML, like Gecko) Chrome/134.0.0.0 Safari/537.36"
54.76.121.17 - - [05/Mar/2025:09:31:13 +0100] "GET /Jurek/najtanszysport/feeds/najtanszysport_mallsiSH.xml HTTP/1.1" 200 147217 "-" "Mozilla/5.0 (Macintosh; Intel Mac OS X 10_13_6) AppleWebKit/537.36 (KHTML, like Gecko) Chrome/73.0.3669.0 Safari/537.36"
46.101.116.244 - - [05/Mar/2025:09:31:28 +0100] "GET /Jurek/flhf/feeds/flhf_mallsksh.xml HTTP/2.0" 404 3551 "-" "-"
46.101.116.244 - - [05/Mar/2025:09:31:36 +0100] "GET /Jurek/aw/feeds/aw_fnacfr.xml HTTP/1.0" 404 3551 "-" "-"
46.101.116.244 - - [05/Mar/2025:09:31:40 +0100] "GET /Jurek/octopia/feeds/octopia_mallsksh.xml HTTP/2.0" 200 10608083 "-" "-"
66.211.183.73 - - [05/Mar/2025:09:31:41 +0100] "GET /Jurek/eurofirany/images/386398/0.jpg HTTP/1.1" 200 84230 "-" "scalaj-http/2.4.2"
46.101.116.244 - - [05/Mar/2025:09:31:53 +0100] "GET /Filip/feeds/xlsx_ceneo.xml HTTP/1.0" 200 6241376 "-" "-"
66.211.183.73 - - [05/Mar/2025:09:32:08 +0100] "GET /Jurek/topeshop/downloaded_images/5902838466810_2.jpg HTTP/1.1" 404 3551 "-" "scalaj-http/2.4.2"
66.211.183.74 - - [05/Mar/2025:09:32:12 +0100] "GET /Jurek/eurofirany/images/454472/0.jpg HTTP/1.1" 200 120737 "-" "scalaj-http/2.4.2"
46.101.116.244 - - [05/Mar/2025:09:32:16 +0100] "GET /Jurek/vidaSK/feeds/vida_mallsh.xml HTTP/2.0" 200 636446283 "-" "-"
66.211.183.72 - - [05/Mar/2025:09:33:45 +0100] "GET /Jurek/eurofirany/images/421725/0.jpg HTTP/1.1" 200 128195 "-" "scalaj-http/2.4.2"
66.211.183.74 - - [05/Mar/2025:09:34:40 +0100] "GET /Jurek/eurofirany/images/463592/0.jpg HTTP/1.1" 200 0 "-" "scalaj-http/2.4.2"
52.17.80.36 - - [05/Mar/2025:09:35:07 +0100] "GET /marketplaces/worten2/results/worten.csv HTTP/1.1" 200 147217 "-" "Mirakl HttpClient"
66.211.183.71 - - [05/Mar/2025:09:35:08 +0100] "GET /Jurek/eurofirany/images/409429/0.jpg HTTP/1.1" 200 41174 "-" "scalaj-http/2.4.2"
66.211.183.71 - - [05/Mar/2025:09:35:08 +0100] "GET /Jurek/eurofirany/images/390420/0.jpg HTTP/1.1" 200 97224 "-" "scalaj-http/2.4.2"
66.211.183.74 - - [05/Mar/2025:09:35:27 +0100] "GET /Jurek/eurofirany/images/438724/0.jpg HTTP/1.1" 200 104800 "-" "scalaj-http/2.4.2"
40.77.167.57 - - [05/Mar/2025:09:35:34 +0100] "GET /Jurek/topeshop/downloaded_images/5902838466513_sonoma_close_20.jpg HTTP/2.0" 404 3551 "-" "Mozilla/5.0 AppleWebKit/537.36 (KHTML, like Gecko; compatible; bingbot/2.0; +http://www.bing.com/bingbot.htm) Chrome/116.0.1938.76 Safari/537.36"
40.77.167.57 - - [05/Mar/2025:09:35:34 +0100] "GET /Jurek/eurofirany/images/423203/0.jpg HTTP/2.0" 200 0 "-" "Mozilla/5.0 AppleWebKit/537.36 (KHTML, like Gecko; compatible; bingbot/2.0; +http://www.bing.com/bingbot.htm) Chrome/116.0.1938.76 Safari/537.36"
40.77.167.57 - - [05/Mar/2025:09:35:34 +0100] "GET /Jurek/topeshop/downloaded_images/5902838464137_2.jpg HTTP/2.0" 404 3551 "-" "Mozilla/5.0 AppleWebKit/537.36 (KHTML, like Gecko; compatible; bingbot/2.0; +http://www.bing.com/bingbot.htm) Chrome/116.0.1938.76 Safari/537.36"
66.211.183.73 - - [05/Mar/2025:09:35:46 +0100] "GET /Jurek/eurofirany/images/390175/0.jpg HTTP/1.1" 200 208032 "-" "scalaj-http/2.4.2"
77.79.248.229 - - [05/Mar/2025:09:36:09 +0100] "GET /Jurek/eurofirany/feeds/eurofirany_cdon_se.xml HTTP/1.1" 200 18907533 "-" "python-requests/2.32.3"
77.79.248.229 - - [05/Mar/2025:09:36:09 +0100] "GET /Jurek/eurofirany/feeds/eurofirany_cdon_dk.xml HTTP/1.1" 200 18907809 "-" "python-requests/2.32.3"
77.79.248.229 - - [05/Mar/2025:09:36:09 +0100] "GET /Jurek/eurofirany/feeds/eurofirany_cdon_fi.xml HTTP/1.1" 200 18890310 "-" "python-requests/2.32.3"
77.79.248.229 - - [05/Mar/2025:09:36:10 +0100] "GET /Jurek/stema/feeds/stema_cdon_se.xml HTTP/1.1" 200 839142 "-" "python-requests/2.32.3"
77.79.248.229 - - [05/Mar/2025:09:36:10 +0100] "GET /Jurek/stema/feeds/stema_cdon_dk.xml HTTP/1.1" 200 839033 "-" "python-requests/2.32.3"
77.79.248.229 - - [05/Mar/2025:09:36:10 +0100] "GET /Jurek/stema/feeds/stema_cdon_fi.xml HTTP/1.1" 200 838701 "-" "python-requests/2.32.3"
77.79.248.229 - - [05/Mar/2025:09:36:12 +0100] "GET /Jurek/aw/feeds/awnarzedzia_cdon_se.xml HTTP/1.1" 200 90467906 "-" "python-requests/2.32.3"
77.79.248.229 - - [05/Mar/2025:09:36:13 +0100] "GET /Jurek/aw/feeds/awnarzedzia_cdon_dk.xml HTTP/1.1" 200 90463110 "-" "python-requests/2.32.3"
77.79.248.229 - - [05/Mar/2025:09:36:14 +0100] "GET /Jurek/aw/feeds/awnarzedzia_cdon_fi.xml HTTP/1.1" 200 90380087 "-" "python-requests/2.32.3"
77.79.248.229 - - [05/Mar/2025:09:36:14 +0100] "GET /Jurek/hurtownia_przemyslowa/feeds/hp_cdon_se.xml HTTP/1.1" 200 49568770 "-" "python-requests/2.32.3"
77.79.248.229 - - [05/Mar/2025:09:36:15 +0100] "GET /Jurek/hurtownia_przemyslowa/feeds/hp_cdon_dk.xml HTTP/1.1" 200 49567174 "-" "python-requests/2.32.3"
77.79.248.229 - - [05/Mar/2025:09:36:15 +0100] "GET /Jurek/hurtownia_przemyslowa/feeds/hp_cdon_fi.xml HTTP/1.1" 200 49553629 "-" "python-requests/2.32.3"
77.79.248.229 - - [05/Mar/2025:09:36:17 +0100] "GET /Jurek/ikonka/feeds/ikonka_cdon_se.xml HTTP/1.1" 200 21464004 "-" "python-requests/2.32.3"
77.79.248.229 - - [05/Mar/2025:09:36:18 +0100] "GET /Jurek/ikonka/feeds/ikonka_cdon_dk.xml HTTP/1.1" 200 21463948 "-" "python-requests/2.32.3"
77.79.248.229 - - [05/Mar/2025:09:36:18 +0100] "GET /Jurek/ikonka/feeds/ikonka_cdon_fi.xml HTTP/1.1" 200 21461841 "-" "python-requests/2.32.3"
77.79.248.229 - - [05/Mar/2025:09:36:18 +0100] "GET /Jurek/fernity/feeds/fernity_cdon_fi.xml HTTP/1.1" 200 5224186 "-" "python-requests/2.32.3"
77.79.248.229 - - [05/Mar/2025:09:36:19 +0100] "GET /Jurek/fernity/feeds/fernity_cdon_se.xml HTTP/1.1" 200 5227610 "-" "python-requests/2.32.3"
77.79.248.229 - - [05/Mar/2025:09:36:19 +0100] "GET /Jurek/fernity/feeds/fernity_cdon_dk.xml HTTP/1.1" 200 5227134 "-" "python-requests/2.32.3"
77.79.248.229 - - [05/Mar/2025:09:36:19 +0100] "GET /Jurek/activeshop/feeds/activeshop_cdon_se.xml HTTP/1.1" 200 10447681 "-" "python-requests/2.32.3"
77.79.248.229 - - [05/Mar/2025:09:36:20 +0100] "GET /Jurek/activeshop/feeds/activeshop_cdon_dk.xml HTTP/1.1" 200 10447241 "-" "python-requests/2.32.3"
77.79.248.229 - - [05/Mar/2025:09:36:20 +0100] "GET /Jurek/activeshop/feeds/activeshop_cdon_fi.xml HTTP/1.1" 200 10443931 "-" "python-requests/2.32.3"
77.79.248.229 - - [05/Mar/2025:09:36:24 +0100] "GET /Jurek/barbecook/feeds/barbecook_cdon_se.xml HTTP/1.1" 200 87591 "-" "python-requests/2.32.3"
77.79.248.229 - - [05/Mar/2025:09:36:24 +0100] "GET /Jurek/barbecook/feeds/barbecook_cdon_dk.xml HTTP/1.1" 200 87593 "-" "python-requests/2.32.3"
77.79.248.229 - - [05/Mar/2025:09:36:24 +0100] "GET /Jurek/barbecook/feeds/barbecook_cdon_fi.xml HTTP/1.1" 200 87530 "-" "python-requests/2.32.3"
77.79.248.229 - - [05/Mar/2025:09:36:25 +0100] "GET /Jurek/action/feeds/action_cdon_se.xml HTTP/1.1" 200 55196707 "-" "python-requests/2.32.3"
77.79.248.229 - - [05/Mar/2025:09:36:26 +0100] "GET /Jurek/action/feeds/action_cdon_dk.xml HTTP/1.1" 200 55191596 "-" "python-requests/2.32.3"
77.79.248.229 - - [05/Mar/2025:09:36:26 +0100] "GET /Jurek/action/feeds/action_cdon_fi.xml HTTP/1.1" 200 55166715 "-" "python-requests/2.32.3"
77.79.248.229 - - [05/Mar/2025:09:36:27 +0100] "GET /Jurek/kinghoff/feeds/kinghoff_cdon_se.xml HTTP/1.1" 200 15107178 "-" "python-requests/2.32.3"
77.79.248.229 - - [05/Mar/2025:09:36:27 +0100] "GET /Jurek/kinghoff/feeds/kinghoff_cdon_dk.xml HTTP/1.1" 200 15106795 "-" "python-requests/2.32.3"
77.79.248.229 - - [05/Mar/2025:09:36:27 +0100] "GET /Jurek/kinghoff/feeds/kinghoff_cdon_fi.xml HTTP/1.1" 200 15104677 "-" "python-requests/2.32.3"
66.211.183.74 - - [05/Mar/2025:09:37:07 +0100] "GET /Jurek/topeshop/downloaded_images/5904507207489_20st_mijas_prawy_zielonykopia.png HTTP/1.1" 200 223941 "-" "scalaj-http/2.4.2"
193.33.8.61 - - [05/Mar/2025:09:37:11 +0100] "GET /Jurek/lgbtshop/feeds/lgbtshop_zero.xml HTTP/2.0" 200 219191 "https://konsola.dkkapusta1997.usermd.net/" "Mozilla/5.0 (Windows NT 10.0; Win64; x64) AppleWebKit/537.36 (KHTML, like Gecko) Chrome/134.0.0.0 Safari/537.36"
77.79.248.229 - - [05/Mar/2025:09:37:17 +0100] "GET /Jurek/lgbtshop/feeds/lgbtshop_zero.xml HTTP/1.1" 200 219191 "-" "Python-urllib/3.11"
46.101.116.244 - - [05/Mar/2025:09:38:00 +0100] "GET /Jurek/aw/feeds/aw_fnacfr.xml HTTP/1.0" 404 3551 "-" "-"
89.161.206.59 - - [05/Mar/2025:09:38:03 +0100] "GET /Jurek/topeshop/feeds/topeshop_cdsc.xml HTTP/1.0" 200 2451613 "-" "-"
77.79.248.229 - - [05/Mar/2025:09:38:07 +0100] "GET /Jurek/vidaSI/feeds/vidaSI_bigbang.xml HTTP/1.1" 200 613233243 "-" "Python-urllib/3.11"
77.79.248.229 - - [05/Mar/2025:09:38:08 +0100] "GET /Jurek/aw/feeds/awnarzedzia_bigbang.xml HTTP/1.1" 200 90355630 "-" "Python-urllib/3.11"
77.79.248.229 - - [05/Mar/2025:09:38:09 +0100] "GET /Jurek/hurtownia_przemyslowa/feeds/hp_bigbang.xml HTTP/1.1" 200 49550604 "-" "Python-urllib/3.11"
77.79.248.229 - - [05/Mar/2025:09:38:10 +0100] "GET /Jurek/action/feeds/action_bigbang.xml HTTP/1.1" 200 55162001 "-" "Python-urllib/3.11"
77.79.248.229 - - [05/Mar/2025:09:38:12 +0100] "GET /Jurek/unimet/feeds/unimet_bigbang.xml HTTP/1.1" 200 60211148 "-" "Python-urllib/3.11"
77.79.248.229 - - [05/Mar/2025:09:38:13 +0100] "GET /Jurek/ikonka/feeds/ikonka_bigbang.xml HTTP/1.1" 200 21461825 "-" "Python-urllib/3.11"
77.79.248.229 - - [05/Mar/2025:09:38:13 +0100] "GET /Jurek/bass/feeds/bass_bigbang.xml HTTP/1.1" 200 3985191 "-" "Python-urllib/3.11"
77.79.248.229 - - [05/Mar/2025:09:38:14 +0100] "GET /Jurek/kinghoff/feeds/kinghoff_bigbang.xml HTTP/1.1" 200 15104292 "-" "Python-urllib/3.11"
77.79.248.229 - - [05/Mar/2025:09:38:15 +0100] "GET /Jurek/activeshop/feeds/activeshop_bigbang.xml HTTP/1.1" 200 10443935 "-" "Python-urllib/3.11"
77.79.248.229 - - [05/Mar/2025:09:38:16 +0100] "GET /Jurek/octopia/feeds/octopia_bigbang.xml HTTP/1.1" 200 6238645 "-" "Python-urllib/3.11"
77.79.248.229 - - [05/Mar/2025:09:38:16 +0100] "GET /Jurek/topeshop/feeds/topeshop_bigbang.xml HTTP/1.1" 200 2437509 "-" "Python-urllib/3.11"
77.79.248.229 - - [05/Mar/2025:09:38:16 +0100] "GET /Jurek/b3/feeds/b3_bigbang.xml HTTP/1.1" 200 7325909 "-" "Python-urllib/3.11"
77.79.248.229 - - [05/Mar/2025:09:38:16 +0100] "GET /Jurek/asortymenteu/feeds/asortymenteu_bigbang.xml HTTP/1.1" 200 2592710 "-" "Python-urllib/3.11"
77.79.248.229 - - [05/Mar/2025:09:38:17 +0100] "GET /Jurek/eroplace/feeds/eroplace_bigbang.xml HTTP/1.1" 200 30848909 "-" "Python-urllib/3.11"
46.101.116.244 - - [05/Mar/2025:09:38:20 +0100] "GET /Filip/feeds/xlsx_ceneo.xml HTTP/1.0" 200 6241376 "-" "-"
77.79.248.229 - - [05/Mar/2025:09:38:20 +0100] "GET /Jurek/intsell/feeds/intsell_bigbang.xml HTTP/1.1" 200 338784827 "-" "Python-urllib/3.11"
77.79.248.229 - - [05/Mar/2025:09:38:20 +0100] "GET /Jurek/coppotech/feeds/coppotech_bigbang.xml HTTP/1.1" 200 38985375 "-" "Python-urllib/3.11"
77.79.248.229 - - [05/Mar/2025:09:38:21 +0100] "GET /Jurek/stema/feeds/stema_bigbang.xml HTTP/1.1" 200 838615 "-" "Python-urllib/3.11"
77.79.248.229 - - [05/Mar/2025:09:38:21 +0100] "GET /Jurek/sempler/feeds/sempler_bigbang.xml HTTP/1.1" 200 6553196 "-" "Python-urllib/3.11"
77.79.248.229 - - [05/Mar/2025:09:38:21 +0100] "GET /Jurek/benetech/feeds/benetech_bigbang.xml HTTP/1.1" 200 4451884 "-" "Python-urllib/3.11"
77.79.248.229 - - [05/Mar/2025:09:38:21 +0100] "GET /Jurek/ekuchcikowo/feeds/ekuchcikowo_bigbang.xml HTTP/1.1" 200 13460241 "-" "Python-urllib/3.11"
77.79.248.229 - - [05/Mar/2025:09:38:22 +0100] "GET /Jurek/erohurtownia/feeds/erohurtownia_bigbang.xml HTTP/1.1" 200 23304496 "-" "Python-urllib/3.11"
77.79.248.229 - - [05/Mar/2025:09:38:30 +0100] "GET /Jurek/naszedzieci/feeds/naszedzieci_bigbang.xml HTTP/1.1" 200 833245464 "-" "Python-urllib/3.11"
77.79.248.229 - - [05/Mar/2025:09:38:31 +0100] "GET /Jurek/awparts/feeds/awparts_bigbang.xml HTTP/1.1" 200 142301756 "-" "Python-urllib/3.11"
77.79.248.229 - - [05/Mar/2025:09:38:32 +0100] "GET /Jurek/najtanszysport/feeds/najtanszysport_bigbang.xml HTTP/1.1" 200 3982883 "-" "Python-urllib/3.11"
77.79.248.229 - - [05/Mar/2025:09:38:32 +0100] "GET /Jurek/aiofactory/feeds/aiofactory_bigbang.xml HTTP/1.1" 200 2123798 "-" "Python-urllib/3.11"
77.79.248.229 - - [05/Mar/2025:09:38:32 +0100] "GET /Jurek/playcob/feeds/playcob_bigbang.xml HTTP/1.1" 200 6980101 "-" "Python-urllib/3.11"
77.79.248.229 - - [05/Mar/2025:09:38:32 +0100] "GET /Jurek/kidshop/feeds/kidshop_bigbang.xml HTTP/1.1" 200 19850535 "-" "Python-urllib/3.11"
77.79.248.229 - - [05/Mar/2025:09:38:33 +0100] "GET /Jurek/polzoo/feeds/polzoo_bigbang.xml HTTP/1.1" 200 48125696 "-" "Python-urllib/3.11"
66.211.183.72 - - [05/Mar/2025:09:39:15 +0100] "GET /Jurek/eurofirany/images/454474/0.jpg HTTP/1.1" 200 130548 "-" "scalaj-http/2.4.2"
66.211.183.74 - - [05/Mar/2025:09:39:41 +0100] "GET /Jurek/eurofirany/images/383473/0.jpg HTTP/1.1" 200 69041 "-" "scalaj-http/2.4.2"
66.211.183.73 - - [05/Mar/2025:09:40:12 +0100] "GET /Jurek/eurofirany/images/390059/0.jpg HTTP/1.1" 200 120347 "-" "scalaj-http/2.4.2"
77.79.248.229 - - [05/Mar/2025:09:40:25 +0100] "GET /Jurek/kinghoff/feeds/kinghoff_SkroutzGR.xml HTTP/1.1" 200 15104423 "-" "Python-urllib/3.11"
77.79.248.229 - - [05/Mar/2025:09:40:26 +0100] "GET /Jurek/aw/feeds/awnarzedzia_skroutz.xml HTTP/1.1" 200 90379951 "-" "Python-urllib/3.11"
77.79.248.229 - - [05/Mar/2025:09:40:26 +0100] "GET /Jurek/eurofirany/feeds/eurofirany_skroutz.xml HTTP/1.1" 200 18890197 "-" "Python-urllib/3.11"
77.79.248.229 - - [05/Mar/2025:09:40:27 +0100] "GET /Jurek/fernity/feeds/fernity_skroutz.xml HTTP/1.1" 200 5224542 "-" "Python-urllib/3.11"
207.46.13.155 - - [05/Mar/2025:09:40:43 +0100] "GET /Jurek/eurofirany/images/423134/0.jpg HTTP/2.0" 200 0 "-" "Mozilla/5.0 AppleWebKit/537.36 (KHTML, like Gecko; compatible; bingbot/2.0; +http://www.bing.com/bingbot.htm) Chrome/116.0.1938.76 Safari/537.36"
207.46.13.155 - - [05/Mar/2025:09:40:43 +0100] "GET /Jurek/topeshop/downloaded_images/5902838464311_2.jpg HTTP/2.0" 404 3551 "-" "Mozilla/5.0 AppleWebKit/537.36 (KHTML, like Gecko; compatible; bingbot/2.0; +http://www.bing.com/bingbot.htm) Chrome/116.0.1938.76 Safari/537.36"
40.77.167.255 - - [05/Mar/2025:09:40:49 +0100] "GET /Jurek/eurofirany/images/463591/0.jpg HTTP/2.0" 200 0 "-" "Mozilla/5.0 AppleWebKit/537.36 (KHTML, like Gecko; compatible; bingbot/2.0; +http://www.bing.com/bingbot.htm) Chrome/116.0.1938.76 Safari/537.36"
66.211.183.72 - - [05/Mar/2025:09:42:40 +0100] "GET /Jurek/eurofirany/images/433843/0.jpg HTTP/1.1" 200 188194 "-" "scalaj-http/2.4.2"
66.211.183.74 - - [05/Mar/2025:09:42:45 +0100] "GET /Jurek/eurofirany/images/390061/0.jpg HTTP/1.1" 200 162081 "-" "scalaj-http/2.4.2"
66.211.183.74 - - [05/Mar/2025:09:43:00 +0100] "GET /Jurek/eurofirany/images/389605/0.jpg HTTP/1.1" 200 134368 "-" "scalaj-http/2.4.2"
46.101.116.244 - - [05/Mar/2025:09:43:13 +0100] "GET /Jurek/aw/feeds/aw_fnacfr.xml HTTP/1.0" 404 3551 "-" "-"
46.101.116.244 - - [05/Mar/2025:09:43:34 +0100] "GET /Filip/feeds/xlsx_ceneo.xml HTTP/1.0" 200 6241376 "-" "-"
193.33.8.61 - - [05/Mar/2025:09:43:56 +0100] "GET /Jurek/bass/feeds/bass_zero.xml HTTP/2.0" 200 3984101 "https://konsola.dkkapusta1997.usermd.net/" "Mozilla/5.0 (Windows NT 10.0; Win64; x64) AppleWebKit/537.36 (KHTML, like Gecko) Chrome/133.0.0.0 Safari/537.36"
66.211.183.74 - - [05/Mar/2025:09:44:01 +0100] "GET /Jurek/eurofirany/images/383106/0.jpg HTTP/1.1" 200 75271 "-" "scalaj-http/2.4.2"
77.79.248.229 - - [05/Mar/2025:09:44:04 +0100] "GET /Jurek/kinghoff/feeds/kinghoff_rakuten.xml HTTP/1.1" 200 15104242 "-" "Python-urllib/3.11"
193.33.8.61 - - [05/Mar/2025:09:44:24 +0100] "GET /Jurek/lgbtshop/output.txt HTTP/2.0" 200 2377 "https://konsola.dkkapusta1997.usermd.net/" "Mozilla/5.0 (Windows NT 10.0; Win64; x64) AppleWebKit/537.36 (KHTML, like Gecko) Chrome/134.0.0.0 Safari/537.36"
193.33.8.61 - - [05/Mar/2025:09:44:24 +0100] "GET /Jurek/bass_new/feeds/bass_zero.xml HTTP/2.0" 200 7039319 "https://konsola.dkkapusta1997.usermd.net/" "Mozilla/5.0 (Windows NT 10.0; Win64; x64) AppleWebKit/537.36 (KHTML, like Gecko) Chrome/133.0.0.0 Safari/537.36"
66.211.183.73 - - [05/Mar/2025:09:44:51 +0100] "GET /Jurek/eurofirany/images/389906/0.jpg HTTP/1.1" 200 124529 "-" "scalaj-http/2.4.2"
18.157.125.26 - - [05/Mar/2025:09:45:05 +0100] "GET /Jurek/topeshop/downloaded_images/5904507209445_modern2pminislimartcz(1).jpg HTTP/2.0" 404 3551 "-" "Mozilla/5.0 (Windows NT 10.0; Win64; x64) AppleWebKit/537.36 (KHTML, like Gecko) Chrome/109.0.0.0 Safari/537.36"
5.134.208.158 - - [05/Mar/2025:09:45:20 +0100] "GET /Jurek/eurofirany/images/417810/0.jpg HTTP/1.1" 200 6595 "-" "-"
5.134.208.158 - - [05/Mar/2025:09:45:20 +0100] "GET /Jurek/eurofirany/images/417810/0.jpg HTTP/1.1" 200 6595 "-" "-"
40.77.167.9 - - [05/Mar/2025:09:45:35 +0100] "GET /Jurek/topeshop/downloaded_images/5902838461129_1_Sonoma_mix.png HTTP/2.0" 404 3551 "-" "Mozilla/5.0 AppleWebKit/537.36 (KHTML, like Gecko; compatible; bingbot/2.0; +http://www.bing.com/bingbot.htm) Chrome/116.0.1938.76 Safari/537.36"
40.77.167.9 - - [05/Mar/2025:09:45:35 +0100] "GET /Jurek/topeshop/downloaded_images/5902838461129_1_Sonoma_mix.png HTTP/2.0" 404 3551 "-" "Mozilla/5.0 AppleWebKit/537.36 (KHTML, like Gecko; compatible; bingbot/2.0; +http://www.bing.com/bingbot.htm) Chrome/116.0.1938.76 Safari/537.36"
40.77.167.255 - - [05/Mar/2025:09:45:40 +0100] "GET /Jurek/topeshop/downloaded_images/5904507206154_4.jpg HTTP/2.0" 404 3551 "-" "Mozilla/5.0 AppleWebKit/537.36 (KHTML, like Gecko; compatible; bingbot/2.0; +http://www.bing.com/bingbot.htm) Chrome/116.0.1938.76 Safari/537.36"
40.77.167.255 - - [05/Mar/2025:09:45:40 +0100] "GET /Jurek/topeshop/downloaded_images/5904507206154_4.jpg HTTP/2.0" 404 3551 "-" "Mozilla/5.0 AppleWebKit/537.36 (KHTML, like Gecko; compatible; bingbot/2.0; +http://www.bing.com/bingbot.htm) Chrome/116.0.1938.76 Safari/537.36"
207.46.13.155 - - [05/Mar/2025:09:45:45 +0100] "GET /Jurek/eurofirany/images/423204/0.jpg HTTP/2.0" 200 0 "-" "Mozilla/5.0 AppleWebKit/537.36 (KHTML, like Gecko; compatible; bingbot/2.0; +http://www.bing.com/bingbot.htm) Chrome/116.0.1938.76 Safari/537.36"
207.46.13.155 - - [05/Mar/2025:09:45:45 +0100] "GET /Jurek/eurofirany/images/423204/0.jpg HTTP/2.0" 200 0 "-" "Mozilla/5.0 AppleWebKit/537.36 (KHTML, like Gecko; compatible; bingbot/2.0; +http://www.bing.com/bingbot.htm) Chrome/116.0.1938.76 Safari/537.36"
5.134.208.158 - - [05/Mar/2025:09:45:55 +0100] "GET /Jurek/eurofirany/images/409414/0.jpg HTTP/1.1" 200 33 "-" "-"
5.134.208.158 - - [05/Mar/2025:09:45:55 +0100] "GET /Jurek/eurofirany/images/409414/0.jpg HTTP/1.1" 200 33 "-" "-"
5.134.208.158 - - [05/Mar/2025:09:45:55 +0100] "GET /Jurek/eurofirany/images/409417/0.jpg HTTP/1.1" 200 33 "-" "-"
5.134.208.158 - - [05/Mar/2025:09:45:55 +0100] "GET /Jurek/eurofirany/images/409417/0.jpg HTTP/1.1" 200 33 "-" "-"
66.211.183.74 - - [05/Mar/2025:09:46:03 +0100] "GET /Jurek/eurofirany/images/389899/0.jpg HTTP/1.1" 200 140158 "-" "scalaj-http/2.4.2"
46.101.116.244 - - [05/Mar/2025:09:46:17 +0100] "GET /Jurek/aw/feeds/aw_fnacfr.xml HTTP/1.0" 404 3551 "-" "-"
66.211.183.73 - - [05/Mar/2025:09:46:21 +0100] "GET /Jurek/eurofirany/images/403561/0.jpg HTTP/1.1" 200 37694 "-" "scalaj-http/2.4.2"
193.33.8.61 - - [05/Mar/2025:09:46:31 +0100] "GET /Jurek/lgbtshop/output.txt HTTP/2.0" 200 2821 "https://konsola.dkkapusta1997.usermd.net/" "Mozilla/5.0 (Windows NT 10.0; Win64; x64) AppleWebKit/537.36 (KHTML, like Gecko) Chrome/134.0.0.0 Safari/537.36"
46.101.116.244 - - [05/Mar/2025:09:46:37 +0100] "GET /Filip/feeds/xlsx_ceneo.xml HTTP/1.0" 200 6241376 "-" "-"
66.135.202.75 - - [05/Mar/2025:09:47:10 +0100] "GET /Jurek/eurofirany/images/436617/0.jpg HTTP/1.1" 200 102509 "-" "Java/17.0.12.0.101"
66.211.183.73 - - [05/Mar/2025:09:47:24 +0100] "GET /Jurek/eurofirany/images/408345/0.jpg HTTP/1.1" 200 73373 "-" "scalaj-http/2.4.2"
66.211.183.70 - - [05/Mar/2025:09:48:34 +0100] "GET /Jurek/eurofirany/images/401946/0.jpg HTTP/1.1" 200 264720 "-" "scalaj-http/2.4.2"
46.101.116.244 - - [05/Mar/2025:09:48:43 +0100] "GET /Jurek/kinghoff/feeds/kinghoff_amazon_de.xml HTTP/1.0" 200 15104399 "-" "-"
66.211.183.73 - - [05/Mar/2025:09:48:51 +0100] "GET /Jurek/eurofirany/images/407896/0.jpg HTTP/1.1" 200 161627 "-" "scalaj-http/2.4.2"
66.211.183.72 - - [05/Mar/2025:09:48:55 +0100] "GET /Jurek/eurofirany/images/390176/0.jpg HTTP/1.1" 200 197528 "-" "scalaj-http/2.4.2"
66.211.183.70 - - [05/Mar/2025:09:49:04 +0100] "GET /Jurek/eurofirany/images/378046/0.jpg HTTP/1.1" 200 116833 "-" "scalaj-http/2.4.2"
89.161.206.59 - - [05/Mar/2025:09:49:48 +0100] "GET /Jurek/pupus/feeds/pupus_amazonde.xml HTTP/1.0" 200 6154566 "-" "-"
66.211.183.74 - - [05/Mar/2025:09:49:56 +0100] "GET /Jurek/eurofirany/images/389907/0.jpg HTTP/1.1" 200 181461 "-" "scalaj-http/2.4.2"
89.161.206.59 - - [05/Mar/2025:09:49:58 +0100] "GET /Jurek/aiofactory/feeds/aiofactory_amazonfr.xml HTTP/1.0" 200 2123805 "-" "-"
89.161.206.59 - - [05/Mar/2025:09:49:59 +0100] "GET /Jurek/aiofactory/feeds/aiofactory_amazonit.xml HTTP/1.0" 200 2123805 "-" "-"
89.161.206.59 - - [05/Mar/2025:09:49:59 +0100] "GET /Jurek/aiofactory/feeds/aiofactory_amazonde.xml HTTP/1.0" 200 2123801 "-" "-"
157.55.39.60 - - [05/Mar/2025:09:50:44 +0100] "GET /Jurek/eurofirany/images/423821/0.jpg HTTP/2.0" 200 0 "-" "Mozilla/5.0 AppleWebKit/537.36 (KHTML, like Gecko; compatible; bingbot/2.0; +http://www.bing.com/bingbot.htm) Chrome/116.0.1938.76 Safari/537.36"
157.55.39.60 - - [05/Mar/2025:09:50:44 +0100] "GET /Jurek/eurofirany/images/423205/0.jpg HTTP/2.0" 200 0 "-" "Mozilla/5.0 AppleWebKit/537.36 (KHTML, like Gecko; compatible; bingbot/2.0; +http://www.bing.com/bingbot.htm) Chrome/116.0.1938.76 Safari/537.36"
157.55.39.60 - - [05/Mar/2025:09:50:45 +0100] "GET /Jurek/eurofirany/images/423821/0.jpg HTTP/2.0" 200 0 "-" "Mozilla/5.0 AppleWebKit/537.36 (KHTML, like Gecko; compatible; bingbot/2.0; +http://www.bing.com/bingbot.htm) Chrome/116.0.1938.76 Safari/537.36"
157.55.39.60 - - [05/Mar/2025:09:50:51 +0100] "GET /Jurek/eurofirany/images/423205/0.jpg HTTP/2.0" 200 0 "-" "Mozilla/5.0 AppleWebKit/537.36 (KHTML, like Gecko; compatible; bingbot/2.0; +http://www.bing.com/bingbot.htm) Chrome/116.0.1938.76 Safari/537.36"
35.198.186.92 - - [05/Mar/2025:09:51:15 +0100] "GET /Jurek/topeshop/downloaded_images/5904507209841_Rtv_slim_160_kaszmir(1).jpg HTTP/2.0" 404 3551 "-" "Mozilla/5.0 (Macintosh; Intel Mac OS X 10.15; rv:78.0) Gecko/20100101 Firefox/78.0"
46.101.116.244 - - [05/Mar/2025:09:51:38 +0100] "GET /Jurek/aw/feeds/aw_fnacfr.xml HTTP/1.0" 404 3551 "-" "-"
46.101.116.244 - - [05/Mar/2025:09:51:58 +0100] "GET /Filip/feeds/xlsx_ceneo.xml HTTP/1.0" 200 6241376 "-" "-"
66.211.183.72 - - [05/Mar/2025:09:52:39 +0100] "GET /Jurek/eurofirany/images/423211/0.jpg HTTP/1.1" 200 0 "-" "scalaj-http/2.4.2"
89.161.206.59 - - [05/Mar/2025:09:53:42 +0100] "GET /Jurek/eurofirany/feeds/eurofirany_skroutz.xml HTTP/1.0" 200 18890197 "-" "-"
66.211.183.71 - - [05/Mar/2025:09:54:17 +0100] "GET /Jurek/eurofirany/images/390009/0.jpg HTTP/1.1" 200 197673 "-" "scalaj-http/2.4.2"
66.211.183.74 - - [05/Mar/2025:09:54:29 +0100] "GET /Jurek/eurofirany/images/383267/0.jpg HTTP/1.1" 200 81569 "-" "scalaj-http/2.4.2"
193.33.8.61 - - [05/Mar/2025:09:54:34 +0100] "GET /Jurek/eurofirany/feeds/eurofirany_zero.xml HTTP/2.0" 200 12591104 "https://konsola.dkkapusta1997.usermd.net/" "Mozilla/5.0 (Windows NT 10.0; Win64; x64) AppleWebKit/537.36 (KHTML, like Gecko) Chrome/133.0.0.0 Safari/537.36"
77.79.248.229 - - [05/Mar/2025:09:54:36 +0100] "GET /Jurek/eurofirany/feeds/eurofirany_zero.xml HTTP/1.1" 200 18886000 "-" "Python-urllib/3.11"
193.33.8.61 - - [05/Mar/2025:09:54:39 +0100] "GET /Jurek/hurtmeblowy/feeds/hurtmeblowy_cdsc.xml HTTP/2.0" 200 8023331 "https://konsola.dkkapusta1997.usermd.net/" "Mozilla/5.0 (Windows NT 10.0; Win64; x64) AppleWebKit/537.36 (KHTML, like Gecko) Chrome/133.0.0.0 Safari/537.36"
77.79.248.229 - - [05/Mar/2025:09:54:55 +0100] "GET /Jurek/hurtmeblowy/feeds/hurtmeblowy_cdsc.xml HTTP/1.1" 200 8023331 "-" "Python-urllib/3.11"
89.161.206.59 - - [05/Mar/2025:09:55:06 +0100] "GET /Jurek/slayo/feeds/slayo_skroutz.xml HTTP/1.0" 200 195533 "-" "-"
66.211.183.74 - - [05/Mar/2025:09:55:15 +0100] "GET /Jurek/eurofirany/images/409427/0.jpg HTTP/1.1" 200 41174 "-" "scalaj-http/2.4.2"
66.211.183.71 - - [05/Mar/2025:09:55:23 +0100] "GET /Jurek/eurofirany/images/463595/0.jpg HTTP/1.1" 200 0 "-" "scalaj-http/2.4.2"
52.167.144.172 - - [05/Mar/2025:09:55:37 +0100] "GET /Jurek/eurofirany/images/463596/0.jpg HTTP/2.0" 200 0 "-" "Mozilla/5.0 AppleWebKit/537.36 (KHTML, like Gecko; compatible; bingbot/2.0; +http://www.bing.com/bingbot.htm) Chrome/116.0.1938.76 Safari/537.36"
52.167.144.172 - - [05/Mar/2025:09:55:37 +0100] "GET /Jurek/topeshop/downloaded_images/5904507209469_pROFILOWEMARINAkASZ.jpg HTTP/2.0" 404 3551 "-" "Mozilla/5.0 AppleWebKit/537.36 (KHTML, like Gecko; compatible; bingbot/2.0; +http://www.bing.com/bingbot.htm) Chrome/116.0.1938.76 Safari/537.36"
157.55.39.60 - - [05/Mar/2025:09:55:45 +0100] "GET /Jurek/topeshop/downloaded_images/5902838464328_2.jpg HTTP/2.0" 404 3551 "-" "Mozilla/5.0 AppleWebKit/537.36 (KHTML, like Gecko; compatible; bingbot/2.0; +http://www.bing.com/bingbot.htm) Chrome/116.0.1938.76 Safari/537.36"
46.101.116.244 - - [05/Mar/2025:09:56:14 +0100] "GET /Jurek/aw/feeds/aw_fnacfr.xml HTTP/1.0" 404 3551 "-" "-"
46.101.116.244 - - [05/Mar/2025:09:56:35 +0100] "GET /Filip/feeds/xlsx_ceneo.xml HTTP/1.0" 200 6241376 "-" "-"
66.211.183.73 - - [05/Mar/2025:09:56:38 +0100] "GET /Jurek/eurofirany/images/423202/0.jpg HTTP/1.1" 200 0 "-" "scalaj-http/2.4.2"
89.161.206.59 - - [05/Mar/2025:09:57:03 +0100] "GET /Jurek/b3/feeds/b3_ebayde.xml HTTP/1.0" 200 5111691 "-" "-"
89.161.206.59 - - [05/Mar/2025:09:57:41 +0100] "GET /Jurek/madrex/feeds/madrex_skroutz.xml HTTP/1.0" 200 466727 "-" "-"
66.211.183.73 - - [05/Mar/2025:09:57:57 +0100] "GET /Jurek/eurofirany/images/410616/0.jpg HTTP/1.1" 200 120283 "-" "scalaj-http/2.4.2"
77.79.248.229 - - [05/Mar/2025:09:58:04 +0100] "GET /Filip/zalando/zalando-logo.jpg HTTP/1.1" 200 5121 "-" "-"
77.79.248.229 - - [05/Mar/2025:09:58:04 +0100] "GET /Filip/zalando/zalando-logo.jpg HTTP/1.1" 200 5121 "-" "-"
89.161.206.59 - - [05/Mar/2025:09:58:06 +0100] "GET /Jurek/aiofactory/feeds/aiofactory_skroutz.xml HTTP/1.0" 200 2123799 "-" "-"
77.79.248.229 - - [05/Mar/2025:09:58:07 +0100] "GET /Filip/zalando/zalando-logo.jpg HTTP/1.1" 200 5121 "-" "-"
77.79.248.229 - - [05/Mar/2025:09:58:07 +0100] "GET /Filip/zalando/zalando-logo.jpg HTTP/1.1" 200 5121 "-" "-"
77.79.248.229 - - [05/Mar/2025:09:58:09 +0100] "GET /Filip/zalando/zalando-logo.jpg HTTP/1.1" 200 5121 "-" "-"
77.79.248.229 - - [05/Mar/2025:09:58:09 +0100] "GET /Filip/zalando/zalando-logo.jpg HTTP/1.1" 200 5121 "-" "-"
66.211.183.72 - - [05/Mar/2025:09:58:31 +0100] "GET /Jurek/eurofirany/images/383167/0.jpg HTTP/1.1" 200 85519 "-" "scalaj-http/2.4.2"
66.211.183.72 - - [05/Mar/2025:09:59:10 +0100] "GET /Jurek/eurofirany/images/416135/0.jpg HTTP/1.1" 200 92572 "-" "scalaj-http/2.4.2"
89.161.206.59 - - [05/Mar/2025:09:59:57 +0100] "GET /Jurek/eurofryz2/feeds/eurofryz2_skroutz.xml HTTP/1.0" 200 1376589 "-" "-"
89.161.206.59 - - [05/Mar/2025:09:59:58 +0100] "GET /Jurek/lendo/feeds/lendo_skroutz.xml HTTP/1.0" 200 330390 "-" "-"
164.92.232.189 - - [05/Mar/2025:10:00:02 +0100] "GET /subskrypcje/AMD/feeds/amd_cz.xml HTTP/1.1" 200 518486 "-" "-"
66.211.183.71 - - [05/Mar/2025:10:00:07 +0100] "GET /Jurek/eurofirany/images/432644/0.jpg HTTP/1.1" 200 85309 "-" "scalaj-http/2.4.2"
89.161.206.59 - - [05/Mar/2025:10:00:11 +0100] "GET /Jurek/dekornatort/feeds/dekornatort_skroutz.xml HTTP/1.0" 200 225750 "-" "-"
164.92.232.189 - - [05/Mar/2025:10:00:13 +0100] "GET /subskrypcje/AMD/feeds/amd_sk.xml HTTP/1.1" 200 528562 "-" "-"
164.92.232.189 - - [05/Mar/2025:10:00:13 +0100] "GET /subskrypcje/OverHorse/overhorse_mallcz.xml HTTP/1.1" 200 112935 "-" "-"
89.161.206.59 - - [05/Mar/2025:10:00:23 +0100] "GET /Jurek/nexus/feeds/nexus_skroutz.xml HTTP/1.0" 200 223091 "-" "-"
164.92.232.189 - - [05/Mar/2025:10:00:23 +0100] "GET /subskrypcje/mondex/feeds/mondex_mall_cz.xml HTTP/1.1" 200 2203515 "-" "-"
89.161.206.59 - - [05/Mar/2025:10:00:25 +0100] "GET /Jurek/alucon/feeds/alucon_skroutz.xml HTTP/1.0" 200 553582 "-" "-"
85.14.86.141 - - [05/Mar/2025:10:00:35 +0100] "GET /Jurek/vida_morele/feeds/VidaPL_all.xml HTTP/2.0" 200 690105366 "-" "MarketplaceAPI curl/7.64.0 PHP/8"
52.17.80.36 - - [05/Mar/2025:10:00:44 +0100] "GET /marketplaces/ubaldi/results/ubaldi.csv HTTP/1.1" 200 147219 "-" "Mirakl HttpClient"
89.161.206.59 - - [05/Mar/2025:10:00:55 +0100] "GET /Jurek/cbdgreen/feeds/cbdgreen_skroutz.xml HTTP/1.0" 200 50232 "-" "-"
46.101.116.244 - - [05/Mar/2025:10:01:28 +0100] "GET /Jurek/aw/feeds/aw_fnacfr.xml HTTP/1.0" 404 3551 "-" "-"
66.211.183.71 - - [05/Mar/2025:10:01:28 +0100] "GET /Jurek/eurofirany/images/383387/0.jpg HTTP/1.1" 200 77096 "-" "scalaj-http/2.4.2"
46.101.116.244 - - [05/Mar/2025:10:01:46 +0100] "GET /Filip/feeds/xlsx_ceneo.xml HTTP/1.0" 200 6241376 "-" "-"
66.211.183.71 - - [05/Mar/2025:10:02:01 +0100] "GET /Jurek/eurofirany/images/463596/0.jpg HTTP/1.1" 200 0 "-" "scalaj-http/2.4.2"
52.209.168.113 - - [05/Mar/2025:10:02:07 +0100] "GET /marketplaces/rue/results/rue.csv HTTP/1.1" 200 147219 "-" "Mirakl HttpClient"
66.211.183.72 - - [05/Mar/2025:10:02:22 +0100] "GET /Jurek/eurofirany/images/432024/0.jpg HTTP/1.1" 200 65372 "-" "scalaj-http/2.4.2"
85.14.86.141 - - [05/Mar/2025:10:02:30 +0100] "GET /Jurek/kinghoff/feeds/kinghoff_morele.xml HTTP/2.0" 200 15105124 "-" "MarketplaceAPI curl/7.64.0 PHP/8"
66.211.183.73 - - [05/Mar/2025:10:02:43 +0100] "GET /Jurek/eurofirany/images/438610/0.jpg HTTP/1.1" 200 114177 "-" "scalaj-http/2.4.2"
89.161.206.59 - - [05/Mar/2025:10:03:08 +0100] "GET /Jurek/hurtmeblowy/feeds/hurtmeblowy_skroutz.xml HTTP/1.0" 200 8023492 "-" "-"
66.211.183.71 - - [05/Mar/2025:10:03:18 +0100] "GET /Jurek/eurofirany/images/398807/0.jpg HTTP/1.1" 200 31541 "-" "scalaj-http/2.4.2"
66.211.183.72 - - [05/Mar/2025:10:03:59 +0100] "GET /Jurek/eurofirany/images/383344/0.jpg HTTP/1.1" 200 67002 "-" "scalaj-http/2.4.2"
89.161.206.59 - - [05/Mar/2025:10:04:03 +0100] "GET /Jurek/kinghoff/feeds/kinghoff_emaghu.xml HTTP/1.0" 200 15111601 "-" "-"
89.161.206.59 - - [05/Mar/2025:10:04:08 +0100] "GET /Jurek/b3/feeds/b3_emagro.xml HTTP/1.0" 200 7328529 "-" "-"
89.161.206.59 - - [05/Mar/2025:10:04:10 +0100] "GET /Jurek/narzbud/feeds/narzbud_emagro.xml HTTP/1.0" 200 1958491 "-" "-"
89.161.206.59 - - [05/Mar/2025:10:04:10 +0100] "GET /Jurek/swiatecznygoliat/feeds/swiatecznygoliat_emagro.xml HTTP/1.0" 200 7054981 "-" "-"
89.161.206.59 - - [05/Mar/2025:10:04:10 +0100] "GET /Jurek/szpaklampy/feeds/szpaklampy_emagro.xml HTTP/1.0" 200 416572 "-" "-"
89.161.206.59 - - [05/Mar/2025:10:04:10 +0100] "GET /Jurek/drops/feeds/dropsofficecolection_emagro.xml HTTP/1.0" 200 788028 "-" "-"
89.161.206.59 - - [05/Mar/2025:10:04:11 +0100] "GET /Jurek/spali/feeds/spali_emagro.xml HTTP/1.0" 200 101968 "-" "-"
89.161.206.59 - - [05/Mar/2025:10:04:11 +0100] "GET /Jurek/edruk/feeds/edruk_emagro.xml HTTP/1.0" 200 13455329 "-" "-"
89.161.206.59 - - [05/Mar/2025:10:04:11 +0100] "GET /Jurek/cbdgreen/feeds/cbdgreen_emagro.xml HTTP/1.0" 200 50235 "-" "-"
89.161.206.59 - - [05/Mar/2025:10:04:11 +0100] "GET /Jurek/combine/feeds/combine_EMAGRO.xml HTTP/1.0" 200 210574 "-" "-"
89.161.206.59 - - [05/Mar/2025:10:04:11 +0100] "GET /Jurek/velinda/feeds/velinda_emagro.xml HTTP/1.0" 200 4283106 "-" "-"
89.161.206.59 - - [05/Mar/2025:10:04:11 +0100] "GET /Jurek/reman/feeds/reman_emagro.xml HTTP/1.0" 200 1394905 "-" "-"
89.161.206.59 - - [05/Mar/2025:10:04:12 +0100] "GET /Jurek/urwiskowo/feeds/urwiskowo_emagro.xml HTTP/1.0" 200 9116300 "-" "-"
89.161.206.59 - - [05/Mar/2025:10:04:12 +0100] "GET /Jurek/erohurtownia/feeds/erohurtownia_emagro.xml HTTP/1.0" 200 23314379 "-" "-"
85.14.86.141 - - [05/Mar/2025:10:04:13 +0100] "GET /Jurek/eurofirany/feeds/eurofirany_morele.xml HTTP/2.0" 200 18891880 "-" "MarketplaceAPI curl/7.64.0 PHP/8"
89.161.206.59 - - [05/Mar/2025:10:04:18 +0100] "GET /Jurek/sternhoff/feeds/sternhoff_emagro.xml HTTP/1.0" 200 1776110 "-" "-"
89.161.206.59 - - [05/Mar/2025:10:04:18 +0100] "GET /Jurek/pupus/feeds/pupus_emagro.xml HTTP/1.0" 200 6156133 "-" "-"
89.161.206.59 - - [05/Mar/2025:10:04:19 +0100] "GET /Jurek/beltimore/feeds/beltimore_emagro.xml HTTP/1.0" 200 18651259 "-" "-"
89.161.206.59 - - [05/Mar/2025:10:04:19 +0100] "GET /Jurek/smxdesign/feeds/smxdesign_emagro.xml HTTP/1.0" 200 1829229 "-" "-"
66.211.183.74 - - [05/Mar/2025:10:04:20 +0100] "GET /Jurek/eurofirany/images/389236/0.jpg HTTP/1.1" 200 135761 "-" "scalaj-http/2.4.2"
89.161.206.59 - - [05/Mar/2025:10:04:27 +0100] "GET /Jurek/hlo/feeds/hlo_emagro.xml HTTP/1.0" 200 4838862 "-" "-"
89.161.206.59 - - [05/Mar/2025:10:04:27 +0100] "GET /Jurek/playcob/feeds/playcob_emagro.xml HTTP/1.0" 200 6980992 "-" "-"
89.161.206.59 - - [05/Mar/2025:10:04:27 +0100] "GET /Jurek/roger/feeds/roger_emagro.xml HTTP/1.0" 200 1396828 "-" "-"
89.161.206.59 - - [05/Mar/2025:10:04:28 +0100] "GET /Jurek/nexus/feeds/nexus_emagro.xml HTTP/1.0" 200 223135 "-" "-"
85.14.86.141 - - [05/Mar/2025:10:04:28 +0100] "GET /Jurek/vivaldi/feeds/vivaldi_Morele-PL.xml HTTP/2.0" 200 344674 "-" "MarketplaceAPI curl/7.64.0 PHP/8"
89.161.206.59 - - [05/Mar/2025:10:04:29 +0100] "GET /Jurek/euroshop/feeds/euroshop_emagro.xml HTTP/1.0" 200 17928382 "-" "-"
89.161.206.59 - - [05/Mar/2025:10:04:29 +0100] "GET /Jurek/luxma/feeds/luxma_emagro.xml HTTP/1.0" 200 8059388 "-" "-"
78.83.92.41 - - [05/Mar/2025:10:04:29 +0100] "GET /Jurek/eurofirany/images/378236/2.jpg HTTP/2.0" 200 32816 "https://content.emag.network/" "Mozilla/5.0 (Windows NT 10.0; Win64; x64) AppleWebKit/537.36 (KHTML, like Gecko) Chrome/122.0.0.0 Safari/537.36"
78.83.92.41 - - [05/Mar/2025:10:04:29 +0100] "GET /Jurek/eurofirany/images/378236/1.jpg HTTP/2.0" 200 63997 "https://content.emag.network/" "Mozilla/5.0 (Windows NT 10.0; Win64; x64) AppleWebKit/537.36 (KHTML, like Gecko) Chrome/122.0.0.0 Safari/537.36"
78.83.92.41 - - [05/Mar/2025:10:04:29 +0100] "GET /Jurek/eurofirany/images/378236/3.jpg HTTP/2.0" 200 68120 "https://content.emag.network/" "Mozilla/5.0 (Windows NT 10.0; Win64; x64) AppleWebKit/537.36 (KHTML, like Gecko) Chrome/122.0.0.0 Safari/537.36"
89.161.206.59 - - [05/Mar/2025:10:04:30 +0100] "GET /Jurek/coppotech/feeds/coppotech_emagro.xml HTTP/1.0" 200 38992779 "-" "-"
89.161.206.59 - - [05/Mar/2025:10:04:30 +0100] "GET /Jurek/shiori/feeds/shiori_emagro.xml HTTP/1.0" 200 453691 "-" "-"
89.161.206.59 - - [05/Mar/2025:10:04:30 +0100] "GET /Jurek/eoptimo/feeds/eoptimo_emagro.xml HTTP/1.0" 200 1959093 "-" "-"
89.161.206.59 - - [05/Mar/2025:10:04:31 +0100] "GET /Jurek/porzwkablach/feeds/porzwkablach_emag.xml HTTP/1.0" 200 1200402 "-" "-"
89.161.206.59 - - [05/Mar/2025:10:04:31 +0100] "GET /Jurek/galopibhp/feeds/galopibhp_emagro.xml HTTP/1.0" 200 1983632 "-" "-"
89.161.206.59 - - [05/Mar/2025:10:04:32 +0100] "GET /Jurek/bisanti/feeds/bisanti_emagro.xml HTTP/1.0" 200 1132684 "-" "-"
89.161.206.59 - - [05/Mar/2025:10:04:33 +0100] "GET /Jurek/najtanszysport/feeds/najtanszysport_emagro.xml HTTP/1.0" 200 3984436 "-" "-"
89.161.206.59 - - [05/Mar/2025:10:04:33 +0100] "GET /Jurek/polzoo/feeds/polzoo_emagro.xml HTTP/1.0" 200 48132404 "-" "-"
89.161.206.59 - - [05/Mar/2025:10:04:33 +0100] "GET /Jurek/zenga/feeds/zenga_emagro.xml HTTP/1.0" 200 222866 "-" "-"
89.161.206.59 - - [05/Mar/2025:10:04:34 +0100] "GET /Jurek/livinhill/feeds/livinhill_emagro.xml HTTP/1.0" 200 168018 "-" "-"
78.83.92.41 - - [05/Mar/2025:10:04:37 +0100] "GET /Jurek/eurofirany/images/378236/4.jpg HTTP/2.0" 200 214983 "https://content.emag.network/" "Mozilla/5.0 (Windows NT 10.0; Win64; x64) AppleWebKit/537.36 (KHTML, like Gecko) Chrome/122.0.0.0 Safari/537.36"
78.83.92.41 - - [05/Mar/2025:10:04:37 +0100] "GET /Jurek/eurofirany/images/378236/5.jpg HTTP/2.0" 200 70875 "https://content.emag.network/" "Mozilla/5.0 (Windows NT 10.0; Win64; x64) AppleWebKit/537.36 (KHTML, like Gecko) Chrome/122.0.0.0 Safari/537.36"
78.83.92.41 - - [05/Mar/2025:10:04:37 +0100] "GET /Jurek/eurofirany/images/378236/6.jpg HTTP/2.0" 200 64201 "https://content.emag.network/" "Mozilla/5.0 (Windows NT 10.0; Win64; x64) AppleWebKit/537.36 (KHTML, like Gecko) Chrome/122.0.0.0 Safari/537.36"
46.101.116.244 - - [05/Mar/2025:10:04:38 +0100] "GET /Jurek/intsell/feeds/intsell_emagro.xml HTTP/1.0" 200 338848171 "-" "-"
78.83.92.41 - - [05/Mar/2025:10:04:43 +0100] "GET /Jurek/eurofirany/images/378236/7.jpg HTTP/2.0" 200 195338 "https://content.emag.network/" "Mozilla/5.0 (Windows NT 10.0; Win64; x64) AppleWebKit/537.36 (KHTML, like Gecko) Chrome/122.0.0.0 Safari/537.36"
66.249.66.66 - - [05/Mar/2025:10:05:07 +0100] "GET /Jurek/topeshop/downloaded_images/5902838468807_DUOARTISANBRY%C5%81KABOKZM.jpg HTTP/1.1" 404 3551 "-" "Googlebot-Image/1.0"
85.14.86.141 - - [05/Mar/2025:10:05:35 +0100] "GET /Jurek/vida_morele/feeds/VidaPL_morele.xml HTTP/2.0" 200 690105115 "-" "MarketplaceAPI curl/7.64.0 PHP/8"
89.161.206.59 - - [05/Mar/2025:10:05:42 +0100] "GET /Jurek/fertone/feeds/fertone_skroutz.xml HTTP/1.0" 200 596799 "-" "-"
89.161.206.59 - - [05/Mar/2025:10:05:44 +0100] "GET /Jurek/eurofryz/feeds/eurofryz_skroutz.xml HTTP/1.0" 200 2388132 "-" "-"
85.14.86.141 - - [05/Mar/2025:10:05:45 +0100] "GET /Jurek/aw/feeds/awnarzedzia_morele.xml HTTP/2.0" 200 90390252 "-" "MarketplaceAPI curl/7.64.0 PHP/8"
89.161.206.59 - - [05/Mar/2025:10:05:46 +0100] "GET /Jurek/antiodor/feeds/antiodor_skroutz.xml HTTP/1.0" 200 137788 "-" "-"
85.14.86.141 - - [05/Mar/2025:10:06:24 +0100] "GET /Jurek/beliani/feeds/beliani_morele.xml HTTP/2.0" 200 26365533 "-" "MarketplaceAPI curl/7.64.0 PHP/8"
66.211.183.70 - - [05/Mar/2025:10:06:43 +0100] "GET /Jurek/eurofirany/images/402865/0.jpg HTTP/1.1" 200 81898 "-" "scalaj-http/2.4.2"
193.33.8.61 - - [05/Mar/2025:10:06:46 +0100] "GET /Jurek/hurtmeblowy/output.txt HTTP/2.0" 200 827 "https://konsola.dkkapusta1997.usermd.net/" "Mozilla/5.0 (Windows NT 10.0; Win64; x64) AppleWebKit/537.36 (KHTML, like Gecko) Chrome/133.0.0.0 Safari/537.36"
66.211.183.71 - - [05/Mar/2025:10:07:22 +0100] "GET /Jurek/eurofirany/images/383469/0.jpg HTTP/1.1" 200 86852 "-" "scalaj-http/2.4.2"
46.101.116.244 - - [05/Mar/2025:10:07:24 +0100] "GET /Jurek/aw/feeds/aw_fnacfr.xml HTTP/1.0" 404 3551 "-" "-"
66.211.183.71 - - [05/Mar/2025:10:07:25 +0100] "GET /Jurek/eurofirany/images/423950/0.jpg HTTP/1.1" 200 0 "-" "scalaj-http/2.4.2"
46.101.116.244 - - [05/Mar/2025:10:07:42 +0100] "GET /Filip/feeds/xlsx_ceneo.xml HTTP/1.0" 200 6241376 "-" "-"
66.211.183.74 - - [05/Mar/2025:10:07:53 +0100] "GET /Jurek/eurofirany/images/390399/0.jpg HTTP/1.1" 200 109763 "-" "scalaj-http/2.4.2"
66.211.183.70 - - [05/Mar/2025:10:08:03 +0100] "GET /Jurek/eurofirany/images/390453/0.jpg HTTP/1.1" 200 144267 "-" "scalaj-http/2.4.2"
66.211.183.71 - - [05/Mar/2025:10:08:09 +0100] "GET /Jurek/eurofirany/images/390037/0.jpg HTTP/1.1" 200 208032 "-" "scalaj-http/2.4.2"
193.33.8.61 - - [05/Mar/2025:10:08:13 +0100] "GET /Jurek/hurtmeblowy/feeds/hurtmeblowy_cdsc.xml HTTP/2.0" 200 48 "https://konsola.dkkapusta1997.usermd.net/" "Mozilla/5.0 (Windows NT 10.0; Win64; x64) AppleWebKit/537.36 (KHTML, like Gecko) Chrome/133.0.0.0 Safari/537.36"
3.80.47.249 - - [05/Mar/2025:10:08:21 +0100] "GET /Jurek/hurtmeblowy/feeds/hurtmeblowy_cdsc.xml HTTP/1.1" 206 48 "-" "Slackbot-LinkExpanding 1.0 (+https://api.slack.com/robots)"
52.206.214.118 - - [05/Mar/2025:10:08:21 +0100] "GET /Jurek/hurtmeblowy/feeds/hurtmeblowy_cdsc.xml HTTP/1.1" 416 3538 "-" "Slackbot-LinkExpanding 1.0 (+https://api.slack.com/robots)"
34.228.77.117 - - [05/Mar/2025:10:08:22 +0100] "GET /favicon.ico HTTP/1.1" 404 3551 "-" "Slackbot 1.0 (+https://api.slack.com/robots)"
193.33.8.61 - - [05/Mar/2025:10:08:29 +0100] "GET /Jurek/hurtmeblowy/feeds/hurtmeblowy_cdon_se.xml HTTP/2.0" 200 7110656 "https://konsola.dkkapusta1997.usermd.net/" "Mozilla/5.0 (Windows NT 10.0; Win64; x64) AppleWebKit/537.36 (KHTML, like Gecko) Chrome/133.0.0.0 Safari/537.36"
66.211.183.74 - - [05/Mar/2025:10:08:48 +0100] "GET /Jurek/eurofirany/images/390195/0.jpg HTTP/1.1" 200 123097 "-" "scalaj-http/2.4.2"
66.211.183.74 - - [05/Mar/2025:10:08:49 +0100] "GET /Jurek/eurofirany/images/438700/0.jpg HTTP/1.1" 200 105392 "-" "scalaj-http/2.4.2"
77.79.248.229 - - [05/Mar/2025:10:10:04 +0100] "GET /Jurek/ikonka/feeds/ikonka_cdon_se.xml HTTP/1.1" 200 21464004 "-" "python-requests/2.32.3"
77.79.248.229 - - [05/Mar/2025:10:10:05 +0100] "GET /Jurek/ikonka/feeds/ikonka_cdon_dk.xml HTTP/1.1" 200 21463948 "-" "python-requests/2.32.3"
77.79.248.229 - - [05/Mar/2025:10:10:06 +0100] "GET /Jurek/ikonka/feeds/ikonka_cdon_fi.xml HTTP/1.1" 200 21461841 "-" "python-requests/2.32.3"
66.211.183.73 - - [05/Mar/2025:10:10:10 +0100] "GET /Jurek/eurofirany/images/391116/0.jpg HTTP/1.1" 200 101651 "-" "scalaj-http/2.4.2"
77.79.248.229 - - [05/Mar/2025:10:10:15 +0100] "GET /Jurek/rovicky/feeds/rovicky_cdonSE.xml HTTP/1.1" 200 14184065 "-" "python-requests/2.32.3"
77.79.248.229 - - [05/Mar/2025:10:10:16 +0100] "GET /Jurek/rovicky/feeds/rovicky_cdonDK.xml HTTP/1.1" 200 14184089 "-" "python-requests/2.32.3"
77.79.248.229 - - [05/Mar/2025:10:10:16 +0100] "GET /Jurek/rovicky/feeds/rovicky_cdonFI.xml HTTP/1.1" 200 14178913 "-" "python-requests/2.32.3"
77.79.248.229 - - [05/Mar/2025:10:10:16 +0100] "GET /Jurek/benbaby/feeds/benbaby_cdon_se.xml HTTP/1.1" 200 3766064 "-" "python-requests/2.32.3"
77.79.248.229 - - [05/Mar/2025:10:10:16 +0100] "GET /Jurek/benbaby/feeds/benbaby_cdon_dk.xml HTTP/1.1" 200 3765980 "-" "python-requests/2.32.3"
77.79.248.229 - - [05/Mar/2025:10:10:17 +0100] "GET /Jurek/benbaby/feeds/benbaby_cdon_fi.xml HTTP/1.1" 200 3763288 "-" "python-requests/2.32.3"
77.79.248.229 - - [05/Mar/2025:10:10:17 +0100] "GET /Jurek/candellux/feeds/candellux_cdon_se.xml HTTP/1.1" 200 466166 "-" "python-requests/2.32.3"
77.79.248.229 - - [05/Mar/2025:10:10:18 +0100] "GET /Jurek/candellux/feeds/candellux_cdon_dk.xml HTTP/1.1" 200 466129 "-" "python-requests/2.32.3"
77.79.248.229 - - [05/Mar/2025:10:10:18 +0100] "GET /Jurek/candellux/feeds/candellux_cdon_fi.xml HTTP/1.1" 200 465745 "-" "python-requests/2.32.3"
185.6.76.18 - - [05/Mar/2025:10:10:18 +0100] "GET /marketplaces/skroutz/feeds/shumee.xml HTTP/1.1" 200 348003919 "-" "SkroutzBot v1.0"
77.79.248.229 - - [05/Mar/2025:10:10:19 +0100] "GET /Jurek/hurtownia_przemyslowa/feeds/hp_cdon_se.xml HTTP/1.1" 200 49568770 "-" "python-requests/2.32.3"
77.79.248.229 - - [05/Mar/2025:10:10:21 +0100] "GET /Jurek/hurtownia_przemyslowa/feeds/hp_cdon_dk.xml HTTP/1.1" 200 49567174 "-" "python-requests/2.32.3"
66.211.183.73 - - [05/Mar/2025:10:10:21 +0100] "GET /Jurek/eurofirany/images/390422/0.jpg HTTP/1.1" 200 97224 "-" "scalaj-http/2.4.2"
77.79.248.229 - - [05/Mar/2025:10:10:24 +0100] "GET /Jurek/hurtownia_przemyslowa/feeds/hp_cdon_fi.xml HTTP/1.1" 200 49553629 "-" "python-requests/2.32.3"
77.79.248.229 - - [05/Mar/2025:10:10:24 +0100] "GET /Jurek/topeshop/feeds/topeshop_cdon_se.xml HTTP/1.1" 200 2444987 "-" "python-requests/2.32.3"
77.79.248.229 - - [05/Mar/2025:10:10:24 +0100] "GET /Jurek/topeshop/feeds/topeshop_cdon_dk.xml HTTP/1.1" 200 2444773 "-" "python-requests/2.32.3"
77.79.248.229 - - [05/Mar/2025:10:10:24 +0100] "GET /Jurek/topeshop/feeds/topeshop_cdon_fi.xml HTTP/1.1" 200 2444358 "-" "python-requests/2.32.3"
77.79.248.229 - - [05/Mar/2025:10:10:25 +0100] "GET /Jurek/asortymenteu/feeds/asortymenteu_cdon_se.xml HTTP/1.1" 200 2593686 "-" "python-requests/2.32.3"
77.79.248.229 - - [05/Mar/2025:10:10:25 +0100] "GET /Jurek/asortymenteu/feeds/asortymenteu_cdon_dk.xml HTTP/1.1" 200 2593659 "-" "python-requests/2.32.3"
77.79.248.229 - - [05/Mar/2025:10:10:25 +0100] "GET /Jurek/asortymenteu/feeds/asortymenteu_cdon_fi.xml HTTP/1.1" 200 2592774 "-" "python-requests/2.32.3"
77.79.248.229 - - [05/Mar/2025:10:10:25 +0100] "GET /Jurek/fernity/feeds/fernity_cdon_se.xml HTTP/1.1" 200 5227610 "-" "python-requests/2.32.3"
77.79.248.229 - - [05/Mar/2025:10:10:26 +0100] "GET /Jurek/fernity/feeds/fernity_cdon_dk.xml HTTP/1.1" 200 5227134 "-" "python-requests/2.32.3"
