66.135.202.172 - - [04/Mar/2025:06:45:57 +0100] "GET /Jurek/eurofirany/images/424078/4.jpg HTTP/1.1" 200 173190 "http://www.ebay.com/" "Mozilla/4.0 (compatible; MSIE 4.01; Windows NT)"
66.135.202.173 - - [04/Mar/2025:06:45:57 +0100] "GET /Jurek/eurofirany/images/424078/5.jpg HTTP/1.1" 200 151858 "http://www.ebay.com/" "Mozilla/4.0 (compatible; MSIE 4.01; Windows NT)"
66.135.202.170 - - [04/Mar/2025:06:45:58 +0100] "GET /Jurek/eurofirany/images/424078/0.jpg HTTP/1.1" 200 106761 "http://www.ebay.com/" "Mozilla/4.0 (compatible; MSIE 4.01; Windows NT)"
66.135.202.171 - - [04/Mar/2025:06:45:58 +0100] "GET /Jurek/eurofirany/images/424078/1.jpg HTTP/1.1" 200 110617 "http://www.ebay.com/" "Mozilla/4.0 (compatible; MSIE 4.01; Windows NT)"
66.135.202.169 - - [04/Mar/2025:06:45:58 +0100] "GET /Jurek/eurofirany/images/424078/6.jpg HTTP/1.1" 200 111827 "http://www.ebay.com/" "Mozilla/4.0 (compatible; MSIE 4.01; Windows NT)"
89.161.206.59 - - [04/Mar/2025:06:45:58 +0100] "GET /Jurek/eurofirany/feeds/eurofirany_amazonIT.xml HTTP/1.0" 200 18742042 "-" "-"
66.135.202.172 - - [04/Mar/2025:06:45:59 +0100] "GET /Jurek/eurofirany/images/424078/7.jpg HTTP/1.1" 200 154435 "http://www.ebay.com/" "Mozilla/4.0 (compatible; MSIE 4.01; Windows NT)"
89.161.206.59 - - [04/Mar/2025:06:46:00 +0100] "GET /Jurek/eurofirany/feeds/eurofirany_amazonFR.xml HTTP/1.0" 200 18741872 "-" "-"
66.135.202.74 - - [04/Mar/2025:06:46:02 +0100] "GET /Jurek/eurofirany/images/420925/1.jpg HTTP/1.1" 200 81795 "http://www.ebay.com/" "Mozilla/4.0 (compatible; MSIE 4.01; Windows NT)"
66.135.202.74 - - [04/Mar/2025:06:46:02 +0100] "GET /Jurek/eurofirany/images/420925/2.jpg HTTP/1.1" 200 36984 "http://www.ebay.com/" "Mozilla/4.0 (compatible; MSIE 4.01; Windows NT)"
66.135.202.72 - - [04/Mar/2025:06:46:02 +0100] "GET /Jurek/eurofirany/images/420925/0.jpg HTTP/1.1" 200 73821 "http://www.ebay.com/" "Mozilla/4.0 (compatible; MSIE 4.01; Windows NT)"
89.161.206.59 - - [04/Mar/2025:06:46:02 +0100] "GET /Jurek/eurofirany/feeds/eurofirany_amazonSE.xml HTTP/1.0" 200 18759269 "-" "-"
66.135.202.73 - - [04/Mar/2025:06:46:02 +0100] "GET /Jurek/eurofirany/images/420925/3.jpg HTTP/1.1" 200 93242 "http://www.ebay.com/" "Mozilla/4.0 (compatible; MSIE 4.01; Windows NT)"
66.135.202.73 - - [04/Mar/2025:06:46:02 +0100] "GET /Jurek/eurofirany/images/420925/5.jpg HTTP/1.1" 200 99285 "http://www.ebay.com/" "Mozilla/4.0 (compatible; MSIE 4.01; Windows NT)"
66.135.202.75 - - [04/Mar/2025:06:46:02 +0100] "GET /Jurek/eurofirany/images/420925/6.jpg HTTP/1.1" 200 82594 "http://www.ebay.com/" "Mozilla/4.0 (compatible; MSIE 4.01; Windows NT)"
66.135.202.74 - - [04/Mar/2025:06:46:02 +0100] "GET /Jurek/eurofirany/images/420925/7.jpg HTTP/1.1" 200 103682 "http://www.ebay.com/" "Mozilla/4.0 (compatible; MSIE 4.01; Windows NT)"
66.135.202.72 - - [04/Mar/2025:06:46:02 +0100] "GET /Jurek/eurofirany/images/420925/4.jpg HTTP/1.1" 200 154525 "http://www.ebay.com/" "Mozilla/4.0 (compatible; MSIE 4.01; Windows NT)"
66.135.202.74 - - [04/Mar/2025:06:46:02 +0100] "GET /Jurek/eurofirany/images/420925/9.jpg HTTP/1.1" 200 128737 "http://www.ebay.com/" "Mozilla/4.0 (compatible; MSIE 4.01; Windows NT)"
66.135.202.72 - - [04/Mar/2025:06:46:03 +0100] "GET /Jurek/eurofirany/images/420925/8.jpg HTTP/1.1" 200 96208 "http://www.ebay.com/" "Mozilla/4.0 (compatible; MSIE 4.01; Windows NT)"
66.135.202.169 - - [04/Mar/2025:06:46:03 +0100] "GET /Jurek/eurofirany/images/464094/0.jpg HTTP/1.1" 200 188112 "-" "Java/17.0.12.0.101"
89.161.206.59 - - [04/Mar/2025:06:46:03 +0100] "GET /Jurek/eurofirany/feeds/eurofirany_amazonBE.xml HTTP/1.0" 200 18741726 "-" "-"
89.161.206.59 - - [04/Mar/2025:06:46:05 +0100] "GET /Jurek/eurofirany/feeds/eurofirany_amazaon_de.xml HTTP/1.0" 200 18741861 "-" "-"
66.135.202.73 - - [04/Mar/2025:06:46:06 +0100] "GET /Jurek/eurofirany/images/420925/10.jpg HTTP/1.1" 200 175923 "http://www.ebay.com/" "Mozilla/4.0 (compatible; MSIE 4.01; Windows NT)"
89.161.206.59 - - [04/Mar/2025:06:46:07 +0100] "GET /Jurek/benetech/feeds/benetech_amazonnl.xml HTTP/1.0" 200 4451893 "-" "-"
89.161.206.59 - - [04/Mar/2025:06:46:07 +0100] "GET /Jurek/benetech/feeds/benetech_amazonit.xml HTTP/1.0" 200 4451873 "-" "-"
89.161.206.59 - - [04/Mar/2025:06:46:07 +0100] "GET /Jurek/benetech/feeds/benetech_amazones.xml HTTP/1.0" 200 4451889 "-" "-"
66.135.202.71 - - [04/Mar/2025:06:46:07 +0100] "GET /Jurek/eurofirany/images/459078/0.jpg HTTP/1.1" 200 100783 "http://www.ebay.com/" "Mozilla/4.0 (compatible; MSIE 4.01; Windows NT)"
66.135.195.18 - - [04/Mar/2025:06:46:07 +0100] "GET /Jurek/eurofirany/images/429741/0.jpg HTTP/1.1" 200 44593 "http://www.ebay.com/" "Mozilla/4.0 (compatible; MSIE 4.01; Windows NT)"
66.135.195.20 - - [04/Mar/2025:06:46:07 +0100] "GET /Jurek/eurofirany/images/429741/1.jpg HTTP/1.1" 200 54750 "http://www.ebay.com/" "Mozilla/4.0 (compatible; MSIE 4.01; Windows NT)"
66.135.195.16 - - [04/Mar/2025:06:46:07 +0100] "GET /Jurek/eurofirany/images/429741/2.jpg HTTP/1.1" 200 51681 "http://www.ebay.com/" "Mozilla/4.0 (compatible; MSIE 4.01; Windows NT)"
66.135.195.20 - - [04/Mar/2025:06:46:07 +0100] "GET /Jurek/eurofirany/images/429741/3.jpg HTTP/1.1" 200 54843 "http://www.ebay.com/" "Mozilla/4.0 (compatible; MSIE 4.01; Windows NT)"
66.135.195.19 - - [04/Mar/2025:06:46:07 +0100] "GET /Jurek/eurofirany/images/429741/5.jpg HTTP/1.1" 200 81325 "http://www.ebay.com/" "Mozilla/4.0 (compatible; MSIE 4.01; Windows NT)"
66.135.195.20 - - [04/Mar/2025:06:46:07 +0100] "GET /Jurek/eurofirany/images/429741/6.jpg HTTP/1.1" 200 114460 "http://www.ebay.com/" "Mozilla/4.0 (compatible; MSIE 4.01; Windows NT)"
66.135.195.20 - - [04/Mar/2025:06:46:07 +0100] "GET /Jurek/eurofirany/images/429741/7.jpg HTTP/1.1" 200 78109 "http://www.ebay.com/" "Mozilla/4.0 (compatible; MSIE 4.01; Windows NT)"
66.135.195.16 - - [04/Mar/2025:06:46:07 +0100] "GET /Jurek/eurofirany/images/429741/8.jpg HTTP/1.1" 200 124541 "http://www.ebay.com/" "Mozilla/4.0 (compatible; MSIE 4.01; Windows NT)"
66.135.195.17 - - [04/Mar/2025:06:46:08 +0100] "GET /Jurek/eurofirany/images/429741/4.jpg HTTP/1.1" 200 169067 "http://www.ebay.com/" "Mozilla/4.0 (compatible; MSIE 4.01; Windows NT)"
66.135.202.169 - - [04/Mar/2025:06:46:09 +0100] "GET /Jurek/eurofirany/images/469978/0.jpg HTTP/1.1" 200 219530 "-" "Java/17.0.12.0.101"
89.161.206.59 - - [04/Mar/2025:06:46:10 +0100] "GET /Jurek/kobi/feeds/kobi_amazones.xml HTTP/1.0" 200 677260 "-" "-"
89.161.206.59 - - [04/Mar/2025:06:46:11 +0100] "GET /Jurek/kobi/feeds/kobi_amazonfr.xml HTTP/1.0" 200 677258 "-" "-"
46.101.116.244 - - [04/Mar/2025:06:46:11 +0100] "GET /Jurek/aw/feeds/aw_fnacfr.xml HTTP/1.0" 404 3551 "-" "-"
66.135.202.173 - - [04/Mar/2025:06:46:12 +0100] "GET /Jurek/eurofirany/images/470012/0.jpg HTTP/1.1" 200 137437 "-" "Java/17.0.12.0.101"
66.135.195.20 - - [04/Mar/2025:06:46:12 +0100] "GET /Jurek/eurofirany/images/459102/0.jpg HTTP/1.1" 200 96373 "http://www.ebay.com/" "Mozilla/4.0 (compatible; MSIE 4.01; Windows NT)"
34.72.247.156 - - [04/Mar/2025:06:46:12 +0100] "GET /Jurek/eurofirany/images/456419/1.jpg HTTP/1.1" 200 61994 "-" "Mozilla/5.0 (X11; Linux x86_64) AppleWebKit/537.36 (KHTML, like Gecko) Chrome/110.0.0.0 Safari/537.36"
66.135.195.18 - - [04/Mar/2025:06:46:13 +0100] "GET /Jurek/eurofirany/images/397115/9.jpg HTTP/1.1" 200 124541 "http://www.ebay.com/" "Mozilla/4.0 (compatible; MSIE 4.01; Windows NT)"
34.72.247.156 - - [04/Mar/2025:06:46:13 +0100] "GET /Jurek/eurofirany/images/456419/2.jpg HTTP/1.1" 200 90832 "-" "Mozilla/5.0 (X11; Linux x86_64) AppleWebKit/537.36 (KHTML, like Gecko) Chrome/110.0.0.0 Safari/537.36"
66.135.195.16 - - [04/Mar/2025:06:46:13 +0100] "GET /Jurek/eurofirany/images/469976/0.jpg HTTP/1.1" 200 92171 "-" "Java/17.0.12.0.101"
66.135.202.170 - - [04/Mar/2025:06:46:13 +0100] "GET /Jurek/eurofirany/images/448508/7.jpg HTTP/1.1" 200 112319 "http://www.ebay.com/" "Mozilla/4.0 (compatible; MSIE 4.01; Windows NT)"
66.135.202.173 - - [04/Mar/2025:06:46:13 +0100] "GET /Jurek/eurofirany/images/448508/5.jpg HTTP/1.1" 200 56918 "http://www.ebay.com/" "Mozilla/4.0 (compatible; MSIE 4.01; Windows NT)"
66.135.202.169 - - [04/Mar/2025:06:46:13 +0100] "GET /Jurek/eurofirany/images/448508/3.jpg HTTP/1.1" 200 102223 "http://www.ebay.com/" "Mozilla/4.0 (compatible; MSIE 4.01; Windows NT)"
66.135.202.169 - - [04/Mar/2025:06:46:13 +0100] "GET /Jurek/eurofirany/images/448508/2.jpg HTTP/1.1" 200 40365 "http://www.ebay.com/" "Mozilla/4.0 (compatible; MSIE 4.01; Windows NT)"
66.135.195.18 - - [04/Mar/2025:06:46:13 +0100] "GET /Jurek/eurofirany/images/397115/4.jpg HTTP/1.1" 200 261697 "http://www.ebay.com/" "Mozilla/4.0 (compatible; MSIE 4.01; Windows NT)"
66.135.202.172 - - [04/Mar/2025:06:46:13 +0100] "GET /Jurek/eurofirany/images/448508/0.jpg HTTP/1.1" 200 138503 "http://www.ebay.com/" "Mozilla/4.0 (compatible; MSIE 4.01; Windows NT)"
66.135.202.171 - - [04/Mar/2025:06:46:13 +0100] "GET /Jurek/eurofirany/images/448508/6.jpg HTTP/1.1" 200 147469 "http://www.ebay.com/" "Mozilla/4.0 (compatible; MSIE 4.01; Windows NT)"
34.133.239.145 - - [04/Mar/2025:06:46:13 +0100] "GET /Jurek/eurofirany/images/456419/3.jpg HTTP/1.1" 200 85038 "-" "Mozilla/5.0 (X11; Linux x86_64) AppleWebKit/537.36 (KHTML, like Gecko) Chrome/110.0.0.0 Safari/537.36"
66.135.202.172 - - [04/Mar/2025:06:46:13 +0100] "GET /Jurek/eurofirany/images/448508/1.jpg HTTP/1.1" 200 156739 "http://www.ebay.com/" "Mozilla/4.0 (compatible; MSIE 4.01; Windows NT)"
66.135.202.170 - - [04/Mar/2025:06:46:14 +0100] "GET /Jurek/eurofirany/images/448508/10.jpg HTTP/1.1" 200 185803 "http://www.ebay.com/" "Mozilla/4.0 (compatible; MSIE 4.01; Windows NT)"
66.135.202.172 - - [04/Mar/2025:06:46:14 +0100] "GET /Jurek/eurofirany/images/448508/9.jpg HTTP/1.1" 200 185803 "http://www.ebay.com/" "Mozilla/4.0 (compatible; MSIE 4.01; Windows NT)"
66.135.202.172 - - [04/Mar/2025:06:46:14 +0100] "GET /Jurek/eurofirany/images/448508/8.jpg HTTP/1.1" 200 179352 "http://www.ebay.com/" "Mozilla/4.0 (compatible; MSIE 4.01; Windows NT)"
34.133.239.145 - - [04/Mar/2025:06:46:14 +0100] "GET /Jurek/eurofirany/images/452244/2.jpg HTTP/1.1" 200 94292 "-" "Mozilla/5.0 (X11; Linux x86_64) AppleWebKit/537.36 (KHTML, like Gecko) Chrome/110.0.0.0 Safari/537.36"
66.135.202.172 - - [04/Mar/2025:06:46:14 +0100] "GET /Jurek/eurofirany/images/448508/4.jpg HTTP/1.1" 200 274962 "http://www.ebay.com/" "Mozilla/4.0 (compatible; MSIE 4.01; Windows NT)"
34.133.239.145 - - [04/Mar/2025:06:46:14 +0100] "GET /Jurek/eurofirany/images/456419/0.jpg HTTP/1.1" 200 73331 "-" "Mozilla/5.0 (X11; Linux x86_64) AppleWebKit/537.36 (KHTML, like Gecko) Chrome/110.0.0.0 Safari/537.36"
34.133.239.145 - - [04/Mar/2025:06:46:14 +0100] "GET /Jurek/eurofirany/images/452244/3.jpg HTTP/1.1" 200 228420 "-" "Mozilla/5.0 (X11; Linux x86_64) AppleWebKit/537.36 (KHTML, like Gecko) Chrome/110.0.0.0 Safari/537.36"
66.135.202.169 - - [04/Mar/2025:06:46:15 +0100] "GET /Jurek/eurofirany/images/467986/0.jpg HTTP/1.1" 200 90226 "-" "Java/17.0.12.0.101"
34.133.239.145 - - [04/Mar/2025:06:46:15 +0100] "GET /Jurek/eurofirany/images/452243/1.jpg HTTP/1.1" 200 109334 "-" "Mozilla/5.0 (X11; Linux x86_64) AppleWebKit/537.36 (KHTML, like Gecko) Chrome/110.0.0.0 Safari/537.36"
34.72.247.156 - - [04/Mar/2025:06:46:15 +0100] "GET /Jurek/eurofirany/images/452244/4.jpg HTTP/1.1" 200 207850 "-" "Mozilla/5.0 (X11; Linux x86_64) AppleWebKit/537.36 (KHTML, like Gecko) Chrome/110.0.0.0 Safari/537.36"
34.133.239.145 - - [04/Mar/2025:06:46:15 +0100] "GET /Jurek/eurofirany/images/452243/2.jpg HTTP/1.1" 200 86944 "-" "Mozilla/5.0 (X11; Linux x86_64) AppleWebKit/537.36 (KHTML, like Gecko) Chrome/110.0.0.0 Safari/537.36"
34.133.239.145 - - [04/Mar/2025:06:46:15 +0100] "GET /Jurek/eurofirany/images/456418/1.jpg HTTP/1.1" 200 61994 "-" "Mozilla/5.0 (X11; Linux x86_64) AppleWebKit/537.36 (KHTML, like Gecko) Chrome/110.0.0.0 Safari/537.36"
34.72.247.156 - - [04/Mar/2025:06:46:16 +0100] "GET /Jurek/eurofirany/images/456420/1.jpg HTTP/1.1" 200 61994 "-" "Mozilla/5.0 (X11; Linux x86_64) AppleWebKit/537.36 (KHTML, like Gecko) Chrome/110.0.0.0 Safari/537.36"
34.133.239.145 - - [04/Mar/2025:06:46:16 +0100] "GET /Jurek/eurofirany/images/452238/2.jpg HTTP/1.1" 200 191757 "-" "Mozilla/5.0 (X11; Linux x86_64) AppleWebKit/537.36 (KHTML, like Gecko) Chrome/110.0.0.0 Safari/537.36"
34.133.239.145 - - [04/Mar/2025:06:46:16 +0100] "GET /Jurek/eurofirany/images/452243/3.jpg HTTP/1.1" 200 232241 "-" "Mozilla/5.0 (X11; Linux x86_64) AppleWebKit/537.36 (KHTML, like Gecko) Chrome/110.0.0.0 Safari/537.36"
66.135.202.170 - - [04/Mar/2025:06:46:16 +0100] "GET /Jurek/eurofirany/images/464091/2.jpg HTTP/1.1" 200 107483 "http://www.ebay.com/" "Mozilla/4.0 (compatible; MSIE 4.01; Windows NT)"
66.135.202.172 - - [04/Mar/2025:06:46:16 +0100] "GET /Jurek/eurofirany/images/464091/1.jpg HTTP/1.1" 200 141876 "http://www.ebay.com/" "Mozilla/4.0 (compatible; MSIE 4.01; Windows NT)"
66.135.202.173 - - [04/Mar/2025:06:46:17 +0100] "GET /Jurek/eurofirany/images/464091/5.jpg HTTP/1.1" 200 124203 "http://www.ebay.com/" "Mozilla/4.0 (compatible; MSIE 4.01; Windows NT)"
66.135.202.171 - - [04/Mar/2025:06:46:17 +0100] "GET /Jurek/eurofirany/images/464091/4.jpg HTTP/1.1" 200 139414 "http://www.ebay.com/" "Mozilla/4.0 (compatible; MSIE 4.01; Windows NT)"
66.135.202.170 - - [04/Mar/2025:06:46:17 +0100] "GET /Jurek/eurofirany/images/464091/0.jpg HTTP/1.1" 200 191748 "http://www.ebay.com/" "Mozilla/4.0 (compatible; MSIE 4.01; Windows NT)"
34.133.239.145 - - [04/Mar/2025:06:46:17 +0100] "GET /Jurek/eurofirany/images/452240/1.jpg HTTP/1.1" 200 89924 "-" "Mozilla/5.0 (X11; Linux x86_64) AppleWebKit/537.36 (KHTML, like Gecko) Chrome/110.0.0.0 Safari/537.36"
66.135.202.172 - - [04/Mar/2025:06:46:17 +0100] "GET /Jurek/eurofirany/images/464091/3.jpg HTTP/1.1" 200 156722 "http://www.ebay.com/" "Mozilla/4.0 (compatible; MSIE 4.01; Windows NT)"
34.133.239.145 - - [04/Mar/2025:06:46:17 +0100] "GET /Jurek/eurofirany/images/456418/2.jpg HTTP/1.1" 200 90832 "-" "Mozilla/5.0 (X11; Linux x86_64) AppleWebKit/537.36 (KHTML, like Gecko) Chrome/110.0.0.0 Safari/537.36"
34.72.247.156 - - [04/Mar/2025:06:46:17 +0100] "GET /Jurek/eurofirany/images/452243/4.jpg HTTP/1.1" 200 212448 "-" "Mozilla/5.0 (X11; Linux x86_64) AppleWebKit/537.36 (KHTML, like Gecko) Chrome/110.0.0.0 Safari/537.36"
34.133.239.145 - - [04/Mar/2025:06:46:17 +0100] "GET /Jurek/eurofirany/images/452238/3.jpg HTTP/1.1" 200 209070 "-" "Mozilla/5.0 (X11; Linux x86_64) AppleWebKit/537.36 (KHTML, like Gecko) Chrome/110.0.0.0 Safari/537.36"
34.133.239.145 - - [04/Mar/2025:06:46:17 +0100] "GET /Jurek/eurofirany/images/456418/3.jpg HTTP/1.1" 200 85038 "-" "Mozilla/5.0 (X11; Linux x86_64) AppleWebKit/537.36 (KHTML, like Gecko) Chrome/110.0.0.0 Safari/537.36"
34.133.239.145 - - [04/Mar/2025:06:46:18 +0100] "GET /Jurek/eurofirany/images/460888/4.jpg HTTP/1.1" 200 207904 "-" "Mozilla/5.0 (X11; Linux x86_64) AppleWebKit/537.36 (KHTML, like Gecko) Chrome/110.0.0.0 Safari/537.36"
34.72.247.156 - - [04/Mar/2025:06:46:18 +0100] "GET /Jurek/eurofirany/images/452240/2.jpg HTTP/1.1" 200 74073 "-" "Mozilla/5.0 (X11; Linux x86_64) AppleWebKit/537.36 (KHTML, like Gecko) Chrome/110.0.0.0 Safari/537.36"
34.72.247.156 - - [04/Mar/2025:06:46:18 +0100] "GET /Jurek/eurofirany/images/456420/2.jpg HTTP/1.1" 200 90832 "-" "Mozilla/5.0 (X11; Linux x86_64) AppleWebKit/537.36 (KHTML, like Gecko) Chrome/110.0.0.0 Safari/537.36"
34.72.247.156 - - [04/Mar/2025:06:46:19 +0100] "GET /Jurek/eurofirany/images/452243/5.jpg HTTP/1.1" 200 202843 "-" "Mozilla/5.0 (X11; Linux x86_64) AppleWebKit/537.36 (KHTML, like Gecko) Chrome/110.0.0.0 Safari/537.36"
34.133.239.145 - - [04/Mar/2025:06:46:19 +0100] "GET /Jurek/eurofirany/images/456418/0.jpg HTTP/1.1" 200 72557 "-" "Mozilla/5.0 (X11; Linux x86_64) AppleWebKit/537.36 (KHTML, like Gecko) Chrome/110.0.0.0 Safari/537.36"
66.135.195.16 - - [04/Mar/2025:06:46:19 +0100] "GET /Jurek/eurofirany/images/469974/0.jpg HTTP/1.1" 200 90603 "http://www.ebay.com/" "Mozilla/4.0 (compatible; MSIE 4.01; Windows NT)"
66.135.195.20 - - [04/Mar/2025:06:46:19 +0100] "GET /Jurek/eurofirany/images/469974/1.jpg HTTP/1.1" 200 129712 "http://www.ebay.com/" "Mozilla/4.0 (compatible; MSIE 4.01; Windows NT)"
46.101.116.244 - - [04/Mar/2025:06:46:19 +0100] "GET /Jurek/hurtownia_przemyslowa/feeds/hp_fnacfr.xml HTTP/1.0" 200 49618926 "-" "-"
66.135.195.17 - - [04/Mar/2025:06:46:19 +0100] "GET /Jurek/eurofirany/images/469974/2.jpg HTTP/1.1" 200 100698 "http://www.ebay.com/" "Mozilla/4.0 (compatible; MSIE 4.01; Windows NT)"
34.72.247.156 - - [04/Mar/2025:06:46:19 +0100] "GET /Jurek/eurofirany/images/452244/5.jpg HTTP/1.1" 200 141086 "-" "Mozilla/5.0 (X11; Linux x86_64) AppleWebKit/537.36 (KHTML, like Gecko) Chrome/110.0.0.0 Safari/537.36"
34.133.239.145 - - [04/Mar/2025:06:46:19 +0100] "GET /Jurek/eurofirany/images/460888/5.jpg HTTP/1.1" 200 128589 "-" "Mozilla/5.0 (X11; Linux x86_64) AppleWebKit/537.36 (KHTML, like Gecko) Chrome/110.0.0.0 Safari/537.36"
34.72.247.156 - - [04/Mar/2025:06:46:19 +0100] "GET /Jurek/eurofirany/images/452240/3.jpg HTTP/1.1" 200 184720 "-" "Mozilla/5.0 (X11; Linux x86_64) AppleWebKit/537.36 (KHTML, like Gecko) Chrome/110.0.0.0 Safari/537.36"
34.72.247.156 - - [04/Mar/2025:06:46:20 +0100] "GET /Jurek/eurofirany/images/452243/0.jpg HTTP/1.1" 200 119998 "-" "Mozilla/5.0 (X11; Linux x86_64) AppleWebKit/537.36 (KHTML, like Gecko) Chrome/110.0.0.0 Safari/537.36"
34.72.247.156 - - [04/Mar/2025:06:46:20 +0100] "GET /Jurek/eurofirany/images/452240/4.jpg HTTP/1.1" 200 184282 "-" "Mozilla/5.0 (X11; Linux x86_64) AppleWebKit/537.36 (KHTML, like Gecko) Chrome/110.0.0.0 Safari/537.36"
34.72.247.156 - - [04/Mar/2025:06:46:20 +0100] "GET /Jurek/eurofirany/images/452244/1.jpg HTTP/1.1" 200 102748 "-" "Mozilla/5.0 (X11; Linux x86_64) AppleWebKit/537.36 (KHTML, like Gecko) Chrome/110.0.0.0 Safari/537.36"
34.72.247.156 - - [04/Mar/2025:06:46:20 +0100] "GET /Jurek/eurofirany/images/452244/0.jpg HTTP/1.1" 200 119982 "-" "Mozilla/5.0 (X11; Linux x86_64) AppleWebKit/537.36 (KHTML, like Gecko) Chrome/110.0.0.0 Safari/537.36"
34.133.239.145 - - [04/Mar/2025:06:46:21 +0100] "GET /Jurek/eurofirany/images/460888/6.jpg HTTP/1.1" 200 224467 "-" "Mozilla/5.0 (X11; Linux x86_64) AppleWebKit/537.36 (KHTML, like Gecko) Chrome/110.0.0.0 Safari/537.36"
34.72.247.156 - - [04/Mar/2025:06:46:21 +0100] "GET /Jurek/eurofirany/images/456420/3.jpg HTTP/1.1" 200 85038 "-" "Mozilla/5.0 (X11; Linux x86_64) AppleWebKit/537.36 (KHTML, like Gecko) Chrome/110.0.0.0 Safari/537.36"
34.72.247.156 - - [04/Mar/2025:06:46:21 +0100] "GET /Jurek/eurofirany/images/452240/5.jpg HTTP/1.1" 200 124219 "-" "Mozilla/5.0 (X11; Linux x86_64) AppleWebKit/537.36 (KHTML, like Gecko) Chrome/110.0.0.0 Safari/537.36"
66.135.202.170 - - [04/Mar/2025:06:46:21 +0100] "GET /Jurek/eurofirany/images/469977/0.jpg HTTP/1.1" 200 92040 "http://www.ebay.com/" "Mozilla/4.0 (compatible; MSIE 4.01; Windows NT)"
66.135.202.169 - - [04/Mar/2025:06:46:21 +0100] "GET /Jurek/eurofirany/images/469977/2.jpg HTTP/1.1" 200 100698 "http://www.ebay.com/" "Mozilla/4.0 (compatible; MSIE 4.01; Windows NT)"
34.133.239.145 - - [04/Mar/2025:06:46:21 +0100] "GET /Jurek/eurofirany/images/460888/1.jpg HTTP/1.1" 200 121170 "-" "Mozilla/5.0 (X11; Linux x86_64) AppleWebKit/537.36 (KHTML, like Gecko) Chrome/110.0.0.0 Safari/537.36"
34.72.247.156 - - [04/Mar/2025:06:46:21 +0100] "GET /Jurek/eurofirany/images/456420/0.jpg HTTP/1.1" 200 111742 "-" "Mozilla/5.0 (X11; Linux x86_64) AppleWebKit/537.36 (KHTML, like Gecko) Chrome/110.0.0.0 Safari/537.36"
66.135.202.173 - - [04/Mar/2025:06:46:21 +0100] "GET /Jurek/eurofirany/images/469977/1.jpg HTTP/1.1" 200 143882 "http://www.ebay.com/" "Mozilla/4.0 (compatible; MSIE 4.01; Windows NT)"
34.133.239.145 - - [04/Mar/2025:06:46:22 +0100] "GET /Jurek/eurofirany/images/452238/4.jpg HTTP/1.1" 200 155160 "-" "Mozilla/5.0 (X11; Linux x86_64) AppleWebKit/537.36 (KHTML, like Gecko) Chrome/110.0.0.0 Safari/537.36"
34.133.239.145 - - [04/Mar/2025:06:46:22 +0100] "GET /Jurek/eurofirany/images/460888/2.jpg HTTP/1.1" 200 54697 "-" "Mozilla/5.0 (X11; Linux x86_64) AppleWebKit/537.36 (KHTML, like Gecko) Chrome/110.0.0.0 Safari/537.36"
34.72.247.156 - - [04/Mar/2025:06:46:23 +0100] "GET /Jurek/eurofirany/images/452240/0.jpg HTTP/1.1" 200 98109 "-" "Mozilla/5.0 (X11; Linux x86_64) AppleWebKit/537.36 (KHTML, like Gecko) Chrome/110.0.0.0 Safari/537.36"
34.72.247.156 - - [04/Mar/2025:06:46:23 +0100] "GET /Jurek/eurofirany/images/452238/1.jpg HTTP/1.1" 200 76460 "-" "Mozilla/5.0 (X11; Linux x86_64) AppleWebKit/537.36 (KHTML, like Gecko) Chrome/110.0.0.0 Safari/537.36"
34.133.239.145 - - [04/Mar/2025:06:46:23 +0100] "GET /Jurek/eurofirany/images/460888/3.jpg HTTP/1.1" 200 44172 "-" "Mozilla/5.0 (X11; Linux x86_64) AppleWebKit/537.36 (KHTML, like Gecko) Chrome/110.0.0.0 Safari/537.36"
34.72.247.156 - - [04/Mar/2025:06:46:24 +0100] "GET /Jurek/eurofirany/images/460888/0.jpg HTTP/1.1" 200 84676 "-" "Mozilla/5.0 (X11; Linux x86_64) AppleWebKit/537.36 (KHTML, like Gecko) Chrome/110.0.0.0 Safari/537.36"
34.133.239.145 - - [04/Mar/2025:06:46:25 +0100] "GET /Jurek/eurofirany/images/452238/0.jpg HTTP/1.1" 200 105368 "-" "Mozilla/5.0 (X11; Linux x86_64) AppleWebKit/537.36 (KHTML, like Gecko) Chrome/110.0.0.0 Safari/537.36"
66.135.202.74 - - [04/Mar/2025:06:46:25 +0100] "GET /Jurek/eurofirany/images/456419/1.jpg HTTP/1.1" 200 61994 "http://www.ebay.com/" "Mozilla/4.0 (compatible; MSIE 4.01; Windows NT)"
66.135.202.73 - - [04/Mar/2025:06:46:25 +0100] "GET /Jurek/eurofirany/images/456419/2.jpg HTTP/1.1" 200 90832 "http://www.ebay.com/" "Mozilla/4.0 (compatible; MSIE 4.01; Windows NT)"
66.135.202.71 - - [04/Mar/2025:06:46:25 +0100] "GET /Jurek/eurofirany/images/456419/0.jpg HTTP/1.1" 200 73331 "http://www.ebay.com/" "Mozilla/4.0 (compatible; MSIE 4.01; Windows NT)"
66.135.202.74 - - [04/Mar/2025:06:46:25 +0100] "GET /Jurek/eurofirany/images/456419/3.jpg HTTP/1.1" 200 85038 "http://www.ebay.com/" "Mozilla/4.0 (compatible; MSIE 4.01; Windows NT)"
66.135.202.172 - - [04/Mar/2025:06:46:25 +0100] "GET /Jurek/eurofirany/images/470026/0.jpg HTTP/1.1" 200 145697 "-" "Java/17.0.12.0.101"
66.135.202.169 - - [04/Mar/2025:06:46:26 +0100] "GET /Jurek/eurofirany/images/469978/2.jpg HTTP/1.1" 200 123528 "http://www.ebay.com/" "Mozilla/4.0 (compatible; MSIE 4.01; Windows NT)"
66.135.202.170 - - [04/Mar/2025:06:46:26 +0100] "GET /Jurek/eurofirany/images/469978/1.jpg HTTP/1.1" 200 132380 "http://www.ebay.com/" "Mozilla/4.0 (compatible; MSIE 4.01; Windows NT)"
66.135.202.169 - - [04/Mar/2025:06:46:27 +0100] "GET /Jurek/eurofirany/images/469978/0.jpg HTTP/1.1" 200 219530 "http://www.ebay.com/" "Mozilla/4.0 (compatible; MSIE 4.01; Windows NT)"
5.134.208.158 - - [04/Mar/2025:06:46:27 +0100] "GET /Jurek/eurofirany/images/418947/0.jpg HTTP/1.1" 200 132235 "-" "-"
34.133.239.145 - - [04/Mar/2025:06:46:28 +0100] "GET /Jurek/eurofirany/images/459069/0.jpg HTTP/1.1" 200 98238 "-" "Mozilla/5.0 (X11; Linux x86_64) AppleWebKit/537.36 (KHTML, like Gecko) Chrome/110.0.0.0 Safari/537.36"
34.72.247.156 - - [04/Mar/2025:06:46:29 +0100] "GET /Jurek/eurofirany/images/461560/1.jpg HTTP/1.1" 200 105362 "-" "Mozilla/5.0 (X11; Linux x86_64) AppleWebKit/537.36 (KHTML, like Gecko) Chrome/110.0.0.0 Safari/537.36"
34.133.239.145 - - [04/Mar/2025:06:46:30 +0100] "GET /Jurek/eurofirany/images/458337/0.jpg HTTP/1.1" 200 68438 "-" "Mozilla/5.0 (X11; Linux x86_64) AppleWebKit/537.36 (KHTML, like Gecko) Chrome/110.0.0.0 Safari/537.36"
34.133.239.145 - - [04/Mar/2025:06:46:30 +0100] "GET /Jurek/eurofirany/images/459053/1.jpg HTTP/1.1" 200 48794 "-" "Mozilla/5.0 (X11; Linux x86_64) AppleWebKit/537.36 (KHTML, like Gecko) Chrome/110.0.0.0 Safari/537.36"
34.133.239.145 - - [04/Mar/2025:06:46:31 +0100] "GET /Jurek/eurofirany/images/461560/2.jpg HTTP/1.1" 200 34075 "-" "Mozilla/5.0 (X11; Linux x86_64) AppleWebKit/537.36 (KHTML, like Gecko) Chrome/110.0.0.0 Safari/537.36"
34.133.239.145 - - [04/Mar/2025:06:46:31 +0100] "GET /Jurek/eurofirany/images/459053/2.jpg HTTP/1.1" 200 48794 "-" "Mozilla/5.0 (X11; Linux x86_64) AppleWebKit/537.36 (KHTML, like Gecko) Chrome/110.0.0.0 Safari/537.36"
34.133.239.145 - - [04/Mar/2025:06:46:31 +0100] "GET /Jurek/eurofirany/images/459053/0.jpg HTTP/1.1" 200 104124 "-" "Mozilla/5.0 (X11; Linux x86_64) AppleWebKit/537.36 (KHTML, like Gecko) Chrome/110.0.0.0 Safari/537.36"
66.135.202.172 - - [04/Mar/2025:06:46:32 +0100] "GET /Jurek/eurofirany/images/452237/0.jpg HTTP/1.1" 200 96600 "http://www.ebay.com/" "Mozilla/4.0 (compatible; MSIE 4.01; Windows NT)"
34.133.239.145 - - [04/Mar/2025:06:46:32 +0100] "GET /Jurek/eurofirany/images/461560/3.jpg HTTP/1.1" 200 51414 "-" "Mozilla/5.0 (X11; Linux x86_64) AppleWebKit/537.36 (KHTML, like Gecko) Chrome/110.0.0.0 Safari/537.36"
66.135.202.172 - - [04/Mar/2025:06:46:32 +0100] "GET /Jurek/eurofirany/images/452237/2.jpg HTTP/1.1" 200 57793 "http://www.ebay.com/" "Mozilla/4.0 (compatible; MSIE 4.01; Windows NT)"
66.135.202.170 - - [04/Mar/2025:06:46:32 +0100] "GET /Jurek/eurofirany/images/452237/3.jpg HTTP/1.1" 200 121414 "http://www.ebay.com/" "Mozilla/4.0 (compatible; MSIE 4.01; Windows NT)"
66.135.202.170 - - [04/Mar/2025:06:46:32 +0100] "GET /Jurek/eurofirany/images/452237/1.jpg HTTP/1.1" 200 85743 "http://www.ebay.com/" "Mozilla/4.0 (compatible; MSIE 4.01; Windows NT)"
66.135.202.172 - - [04/Mar/2025:06:46:32 +0100] "GET /Jurek/eurofirany/images/452237/5.jpg HTTP/1.1" 200 124789 "http://www.ebay.com/" "Mozilla/4.0 (compatible; MSIE 4.01; Windows NT)"
66.135.202.169 - - [04/Mar/2025:06:46:32 +0100] "GET /Jurek/eurofirany/images/452237/4.jpg HTTP/1.1" 200 138816 "http://www.ebay.com/" "Mozilla/4.0 (compatible; MSIE 4.01; Windows NT)"
34.133.239.145 - - [04/Mar/2025:06:46:32 +0100] "GET /Jurek/eurofirany/images/459352/1.jpg HTTP/1.1" 200 101026 "-" "Mozilla/5.0 (X11; Linux x86_64) AppleWebKit/537.36 (KHTML, like Gecko) Chrome/110.0.0.0 Safari/537.36"
66.135.195.19 - - [04/Mar/2025:06:46:32 +0100] "GET /Jurek/eurofirany/images/470007/1.jpg HTTP/1.1" 200 132380 "http://www.ebay.com/" "Mozilla/4.0 (compatible; MSIE 4.01; Windows NT)"
66.135.195.18 - - [04/Mar/2025:06:46:32 +0100] "GET /Jurek/eurofirany/images/470007/2.jpg HTTP/1.1" 200 141707 "http://www.ebay.com/" "Mozilla/4.0 (compatible; MSIE 4.01; Windows NT)"
89.161.206.59 - - [04/Mar/2025:06:46:32 +0100] "GET /Jurek/drewdon/feeds/drewdon_piguEX.xml HTTP/1.0" 200 504456 "-" "-"
34.72.247.156 - - [04/Mar/2025:06:46:32 +0100] "GET /Jurek/eurofirany/images/461560/4.jpg HTTP/1.1" 200 59270 "-" "Mozilla/5.0 (X11; Linux x86_64) AppleWebKit/537.36 (KHTML, like Gecko) Chrome/110.0.0.0 Safari/537.36"
66.135.195.20 - - [04/Mar/2025:06:46:33 +0100] "GET /Jurek/eurofirany/images/470007/0.jpg HTTP/1.1" 200 213436 "http://www.ebay.com/" "Mozilla/4.0 (compatible; MSIE 4.01; Windows NT)"
34.133.239.145 - - [04/Mar/2025:06:46:33 +0100] "GET /Jurek/eurofirany/images/459352/2.jpg HTTP/1.1" 200 45788 "-" "Mozilla/5.0 (X11; Linux x86_64) AppleWebKit/537.36 (KHTML, like Gecko) Chrome/110.0.0.0 Safari/537.36"
66.135.195.16 - - [04/Mar/2025:06:46:33 +0100] "GET /Jurek/eurofirany/images/470021/0.jpg HTTP/1.1" 200 184460 "-" "Java/17.0.12.0.101"
34.72.247.156 - - [04/Mar/2025:06:46:33 +0100] "GET /Jurek/eurofirany/images/461560/5.jpg HTTP/1.1" 200 50884 "-" "Mozilla/5.0 (X11; Linux x86_64) AppleWebKit/537.36 (KHTML, like Gecko) Chrome/110.0.0.0 Safari/537.36"
34.72.247.156 - - [04/Mar/2025:06:46:34 +0100] "GET /Jurek/eurofirany/images/461560/6.jpg HTTP/1.1" 200 39370 "-" "Mozilla/5.0 (X11; Linux x86_64) AppleWebKit/537.36 (KHTML, like Gecko) Chrome/110.0.0.0 Safari/537.36"
34.133.239.145 - - [04/Mar/2025:06:46:34 +0100] "GET /Jurek/eurofirany/images/459352/3.jpg HTTP/1.1" 200 105356 "-" "Mozilla/5.0 (X11; Linux x86_64) AppleWebKit/537.36 (KHTML, like Gecko) Chrome/110.0.0.0 Safari/537.36"
34.72.247.156 - - [04/Mar/2025:06:46:34 +0100] "GET /Jurek/eurofirany/images/461560/0.jpg HTTP/1.1" 200 65459 "-" "Mozilla/5.0 (X11; Linux x86_64) AppleWebKit/537.36 (KHTML, like Gecko) Chrome/110.0.0.0 Safari/537.36"
46.101.116.244 - - [04/Mar/2025:06:46:35 +0100] "GET /Jurek/hurtownia_przemyslowa/feeds/hp_bol.xml HTTP/1.0" 200 49618819 "-" "-"
66.135.202.173 - - [04/Mar/2025:06:46:35 +0100] "GET /Jurek/eurofirany/images/463997/0.jpg HTTP/1.1" 200 86095 "http://www.ebay.com/" "Mozilla/4.0 (compatible; MSIE 4.01; Windows NT)"
66.135.202.173 - - [04/Mar/2025:06:46:36 +0100] "GET /Jurek/eurofirany/images/463997/1.jpg HTTP/1.1" 200 55632 "http://www.ebay.com/" "Mozilla/4.0 (compatible; MSIE 4.01; Windows NT)"
66.135.202.172 - - [04/Mar/2025:06:46:36 +0100] "GET /Jurek/eurofirany/images/463997/2.jpg HTTP/1.1" 200 108433 "http://www.ebay.com/" "Mozilla/4.0 (compatible; MSIE 4.01; Windows NT)"
34.133.239.145 - - [04/Mar/2025:06:46:36 +0100] "GET /Jurek/eurofirany/images/459352/4.jpg HTTP/1.1" 200 117266 "-" "Mozilla/5.0 (X11; Linux x86_64) AppleWebKit/537.36 (KHTML, like Gecko) Chrome/110.0.0.0 Safari/537.36"
66.135.202.171 - - [04/Mar/2025:06:46:36 +0100] "GET /Jurek/eurofirany/images/463997/4.jpg HTTP/1.1" 200 100564 "http://www.ebay.com/" "Mozilla/4.0 (compatible; MSIE 4.01; Windows NT)"
66.135.202.169 - - [04/Mar/2025:06:46:36 +0100] "GET /Jurek/eurofirany/images/463997/3.jpg HTTP/1.1" 200 157061 "http://www.ebay.com/" "Mozilla/4.0 (compatible; MSIE 4.01; Windows NT)"
66.135.202.172 - - [04/Mar/2025:06:46:36 +0100] "GET /Jurek/eurofirany/images/467809/0.jpg HTTP/1.1" 200 78296 "http://www.ebay.com/" "Mozilla/4.0 (compatible; MSIE 4.01; Windows NT)"
66.135.202.169 - - [04/Mar/2025:06:46:36 +0100] "GET /Jurek/eurofirany/images/467809/1.jpg HTTP/1.1" 200 95166 "http://www.ebay.com/" "Mozilla/4.0 (compatible; MSIE 4.01; Windows NT)"
66.135.202.171 - - [04/Mar/2025:06:46:36 +0100] "GET /Jurek/eurofirany/images/467809/2.jpg HTTP/1.1" 200 44343 "http://www.ebay.com/" "Mozilla/4.0 (compatible; MSIE 4.01; Windows NT)"
66.135.202.171 - - [04/Mar/2025:06:46:36 +0100] "GET /Jurek/eurofirany/images/467809/3.jpg HTTP/1.1" 200 118205 "http://www.ebay.com/" "Mozilla/4.0 (compatible; MSIE 4.01; Windows NT)"
66.135.202.169 - - [04/Mar/2025:06:46:37 +0100] "GET /Jurek/eurofirany/images/467809/5.jpg HTTP/1.1" 200 101931 "http://www.ebay.com/" "Mozilla/4.0 (compatible; MSIE 4.01; Windows NT)"
66.135.202.172 - - [04/Mar/2025:06:46:37 +0100] "GET /Jurek/eurofirany/images/467809/11.jpg HTTP/1.1" 200 100326 "http://www.ebay.com/" "Mozilla/4.0 (compatible; MSIE 4.01; Windows NT)"
66.135.202.169 - - [04/Mar/2025:06:46:37 +0100] "GET /Jurek/eurofirany/images/467809/7.jpg HTTP/1.1" 200 116926 "http://www.ebay.com/" "Mozilla/4.0 (compatible; MSIE 4.01; Windows NT)"
66.135.202.171 - - [04/Mar/2025:06:46:37 +0100] "GET /Jurek/eurofirany/images/467809/8.jpg HTTP/1.1" 200 125221 "http://www.ebay.com/" "Mozilla/4.0 (compatible; MSIE 4.01; Windows NT)"
34.133.239.145 - - [04/Mar/2025:06:46:37 +0100] "GET /Jurek/eurofirany/images/461569/1.jpg HTTP/1.1" 200 116710 "-" "Mozilla/5.0 (X11; Linux x86_64) AppleWebKit/537.36 (KHTML, like Gecko) Chrome/110.0.0.0 Safari/537.36"
66.135.202.171 - - [04/Mar/2025:06:46:37 +0100] "GET /Jurek/eurofirany/images/467809/10.jpg HTTP/1.1" 200 149703 "http://www.ebay.com/" "Mozilla/4.0 (compatible; MSIE 4.01; Windows NT)"
66.135.202.172 - - [04/Mar/2025:06:46:37 +0100] "GET /Jurek/eurofirany/images/467809/9.jpg HTTP/1.1" 200 128391 "http://www.ebay.com/" "Mozilla/4.0 (compatible; MSIE 4.01; Windows NT)"
34.133.239.145 - - [04/Mar/2025:06:46:37 +0100] "GET /Jurek/eurofirany/images/459352/5.jpg HTTP/1.1" 200 83916 "-" "Mozilla/5.0 (X11; Linux x86_64) AppleWebKit/537.36 (KHTML, like Gecko) Chrome/110.0.0.0 Safari/537.36"
46.101.116.244 - - [04/Mar/2025:06:46:37 +0100] "GET /Jurek/kinghoff/feeds/kinghoff_bol.xml HTTP/1.0" 200 15064825 "-" "-"
66.135.202.170 - - [04/Mar/2025:06:46:37 +0100] "GET /Jurek/eurofirany/images/467809/4.jpg HTTP/1.1" 200 355744 "http://www.ebay.com/" "Mozilla/4.0 (compatible; MSIE 4.01; Windows NT)"
34.133.239.145 - - [04/Mar/2025:06:46:38 +0100] "GET /Jurek/eurofirany/images/461569/2.jpg HTTP/1.1" 200 56805 "-" "Mozilla/5.0 (X11; Linux x86_64) AppleWebKit/537.36 (KHTML, like Gecko) Chrome/110.0.0.0 Safari/537.36"
66.135.202.171 - - [04/Mar/2025:06:46:38 +0100] "GET /Jurek/eurofirany/images/467809/6.jpg HTTP/1.1" 200 273530 "http://www.ebay.com/" "Mozilla/4.0 (compatible; MSIE 4.01; Windows NT)"
34.133.239.145 - - [04/Mar/2025:06:46:38 +0100] "GET /Jurek/eurofirany/images/459352/6.jpg HTTP/1.1" 200 122202 "-" "Mozilla/5.0 (X11; Linux x86_64) AppleWebKit/537.36 (KHTML, like Gecko) Chrome/110.0.0.0 Safari/537.36"
34.133.239.145 - - [04/Mar/2025:06:46:38 +0100] "GET /Jurek/eurofirany/images/461569/3.jpg HTTP/1.1" 200 199044 "-" "Mozilla/5.0 (X11; Linux x86_64) AppleWebKit/537.36 (KHTML, like Gecko) Chrome/110.0.0.0 Safari/537.36"
89.161.206.59 - - [04/Mar/2025:06:46:39 +0100] "GET /Jurek/sempler/feeds/sempler_BOL.xml HTTP/1.0" 200 6553187 "-" "-"
34.133.239.145 - - [04/Mar/2025:06:46:39 +0100] "GET /Jurek/eurofirany/images/459352/0.jpg HTTP/1.1" 200 91476 "-" "Mozilla/5.0 (X11; Linux x86_64) AppleWebKit/537.36 (KHTML, like Gecko) Chrome/110.0.0.0 Safari/537.36"
34.133.239.145 - - [04/Mar/2025:06:46:40 +0100] "GET /Jurek/eurofirany/images/461567/6.jpg HTTP/1.1" 200 70763 "-" "Mozilla/5.0 (X11; Linux x86_64) AppleWebKit/537.36 (KHTML, like Gecko) Chrome/110.0.0.0 Safari/537.36"
89.161.206.59 - - [04/Mar/2025:06:46:40 +0100] "GET /Jurek/eroplace/feeds/eroplace_bol.xml HTTP/1.0" 200 30849263 "-" "-"
34.133.239.145 - - [04/Mar/2025:06:46:40 +0100] "GET /Jurek/eurofirany/images/461567/1.jpg HTTP/1.1" 200 119442 "-" "Mozilla/5.0 (X11; Linux x86_64) AppleWebKit/537.36 (KHTML, like Gecko) Chrome/110.0.0.0 Safari/537.36"
34.133.239.145 - - [04/Mar/2025:06:46:40 +0100] "GET /Jurek/eurofirany/images/461569/4.jpg HTTP/1.1" 200 146210 "-" "Mozilla/5.0 (X11; Linux x86_64) AppleWebKit/537.36 (KHTML, like Gecko) Chrome/110.0.0.0 Safari/537.36"
34.72.247.156 - - [04/Mar/2025:06:46:41 +0100] "GET /Jurek/eurofirany/images/461567/2.jpg HTTP/1.1" 200 80816 "-" "Mozilla/5.0 (X11; Linux x86_64) AppleWebKit/537.36 (KHTML, like Gecko) Chrome/110.0.0.0 Safari/537.36"
66.135.202.171 - - [04/Mar/2025:06:46:41 +0100] "GET /Jurek/eurofirany/images/470018/0.jpg HTTP/1.1" 200 208168 "-" "Java/17.0.12.0.101"
34.133.239.145 - - [04/Mar/2025:06:46:41 +0100] "GET /Jurek/eurofirany/images/461569/5.jpg HTTP/1.1" 200 181187 "-" "Mozilla/5.0 (X11; Linux x86_64) AppleWebKit/537.36 (KHTML, like Gecko) Chrome/110.0.0.0 Safari/537.36"
34.133.239.145 - - [04/Mar/2025:06:46:41 +0100] "GET /Jurek/eurofirany/images/461567/3.jpg HTTP/1.1" 200 196466 "-" "Mozilla/5.0 (X11; Linux x86_64) AppleWebKit/537.36 (KHTML, like Gecko) Chrome/110.0.0.0 Safari/537.36"
89.161.206.59 - - [04/Mar/2025:06:46:41 +0100] "GET /Jurek/waks/feeds/waks_bol.xml HTTP/1.0" 200 6332813 "-" "-"
34.72.247.156 - - [04/Mar/2025:06:46:42 +0100] "GET /Jurek/eurofirany/images/461569/6.jpg HTTP/1.1" 200 77049 "-" "Mozilla/5.0 (X11; Linux x86_64) AppleWebKit/537.36 (KHTML, like Gecko) Chrome/110.0.0.0 Safari/537.36"
89.161.206.59 - - [04/Mar/2025:06:46:42 +0100] "GET /Jurek/benetech/feeds/benetech_bol.xml HTTP/1.0" 200 4451887 "-" "-"
34.133.239.145 - - [04/Mar/2025:06:46:42 +0100] "GET /Jurek/eurofirany/images/461567/4.jpg HTTP/1.1" 200 191958 "-" "Mozilla/5.0 (X11; Linux x86_64) AppleWebKit/537.36 (KHTML, like Gecko) Chrome/110.0.0.0 Safari/537.36"
34.72.247.156 - - [04/Mar/2025:06:46:42 +0100] "GET /Jurek/eurofirany/images/461569/0.jpg HTTP/1.1" 200 80564 "-" "Mozilla/5.0 (X11; Linux x86_64) AppleWebKit/537.36 (KHTML, like Gecko) Chrome/110.0.0.0 Safari/537.36"
34.133.239.145 - - [04/Mar/2025:06:46:42 +0100] "GET /Jurek/eurofirany/images/461567/5.jpg HTTP/1.1" 200 234801 "-" "Mozilla/5.0 (X11; Linux x86_64) AppleWebKit/537.36 (KHTML, like Gecko) Chrome/110.0.0.0 Safari/537.36"
34.133.239.145 - - [04/Mar/2025:06:46:43 +0100] "GET /Jurek/eurofirany/images/461567/0.jpg HTTP/1.1" 200 81068 "-" "Mozilla/5.0 (X11; Linux x86_64) AppleWebKit/537.36 (KHTML, like Gecko) Chrome/110.0.0.0 Safari/537.36"
66.135.195.16 - - [04/Mar/2025:06:46:43 +0100] "GET /Jurek/eurofirany/images/461569/0.jpg HTTP/1.1" 200 80564 "http://www.ebay.com/" "Mozilla/4.0 (compatible; MSIE 4.01; Windows NT)"
66.135.195.17 - - [04/Mar/2025:06:46:43 +0100] "GET /Jurek/eurofirany/images/461569/1.jpg HTTP/1.1" 200 116710 "http://www.ebay.com/" "Mozilla/4.0 (compatible; MSIE 4.01; Windows NT)"
66.135.195.18 - - [04/Mar/2025:06:46:43 +0100] "GET /Jurek/eurofirany/images/461569/6.jpg HTTP/1.1" 200 77049 "http://www.ebay.com/" "Mozilla/4.0 (compatible; MSIE 4.01; Windows NT)"
66.135.195.19 - - [04/Mar/2025:06:46:43 +0100] "GET /Jurek/eurofirany/images/461569/2.jpg HTTP/1.1" 200 56805 "http://www.ebay.com/" "Mozilla/4.0 (compatible; MSIE 4.01; Windows NT)"
66.135.195.16 - - [04/Mar/2025:06:46:44 +0100] "GET /Jurek/eurofirany/images/461569/4.jpg HTTP/1.1" 200 146210 "http://www.ebay.com/" "Mozilla/4.0 (compatible; MSIE 4.01; Windows NT)"
66.135.195.20 - - [04/Mar/2025:06:46:44 +0100] "GET /Jurek/eurofirany/images/461569/5.jpg HTTP/1.1" 200 181187 "http://www.ebay.com/" "Mozilla/4.0 (compatible; MSIE 4.01; Windows NT)"
66.135.195.20 - - [04/Mar/2025:06:46:44 +0100] "GET /Jurek/eurofirany/images/461569/3.jpg HTTP/1.1" 200 199044 "http://www.ebay.com/" "Mozilla/4.0 (compatible; MSIE 4.01; Windows NT)"
66.135.202.172 - - [04/Mar/2025:06:46:45 +0100] "GET /Jurek/eurofirany/images/464099/0.jpg HTTP/1.1" 200 158000 "-" "Java/17.0.12.0.101"
66.135.202.173 - - [04/Mar/2025:06:46:46 +0100] "GET /Jurek/eurofirany/images/470029/0.jpg HTTP/1.1" 200 148514 "-" "Java/17.0.12.0.101"
66.135.202.172 - - [04/Mar/2025:06:46:46 +0100] "GET /Jurek/eurofirany/images/351247/7.jpg HTTP/1.1" 200 153216 "http://www.ebay.com/" "Mozilla/4.0 (compatible; MSIE 4.01; Windows NT)"
34.72.247.156 - - [04/Mar/2025:06:46:48 +0100] "GET /Jurek/eurofirany/images/459101/0.jpg HTTP/1.1" 200 69071 "-" "Mozilla/5.0 (X11; Linux x86_64) AppleWebKit/537.36 (KHTML, like Gecko) Chrome/110.0.0.0 Safari/537.36"
66.135.195.17 - - [04/Mar/2025:06:46:48 +0100] "GET /Jurek/eurofirany/images/470019/0.jpg HTTP/1.1" 200 185145 "-" "Java/17.0.12.0.101"
66.135.195.17 - - [04/Mar/2025:06:46:48 +0100] "GET /Jurek/eurofirany/images/429743/0.jpg HTTP/1.1" 200 44593 "http://www.ebay.com/" "Mozilla/4.0 (compatible; MSIE 4.01; Windows NT)"
66.135.195.16 - - [04/Mar/2025:06:46:48 +0100] "GET /Jurek/eurofirany/images/429743/1.jpg HTTP/1.1" 200 54750 "http://www.ebay.com/" "Mozilla/4.0 (compatible; MSIE 4.01; Windows NT)"
66.135.195.17 - - [04/Mar/2025:06:46:48 +0100] "GET /Jurek/eurofirany/images/429743/2.jpg HTTP/1.1" 200 51681 "http://www.ebay.com/" "Mozilla/4.0 (compatible; MSIE 4.01; Windows NT)"
66.135.195.16 - - [04/Mar/2025:06:46:48 +0100] "GET /Jurek/eurofirany/images/429743/3.jpg HTTP/1.1" 200 54843 "http://www.ebay.com/" "Mozilla/4.0 (compatible; MSIE 4.01; Windows NT)"
66.135.195.16 - - [04/Mar/2025:06:46:48 +0100] "GET /Jurek/eurofirany/images/429743/5.jpg HTTP/1.1" 200 81325 "http://www.ebay.com/" "Mozilla/4.0 (compatible; MSIE 4.01; Windows NT)"
66.135.195.17 - - [04/Mar/2025:06:46:48 +0100] "GET /Jurek/eurofirany/images/429743/6.jpg HTTP/1.1" 200 114460 "http://www.ebay.com/" "Mozilla/4.0 (compatible; MSIE 4.01; Windows NT)"
66.135.195.19 - - [04/Mar/2025:06:46:48 +0100] "GET /Jurek/eurofirany/images/429743/7.jpg HTTP/1.1" 200 78109 "http://www.ebay.com/" "Mozilla/4.0 (compatible; MSIE 4.01; Windows NT)"
66.135.195.16 - - [04/Mar/2025:06:46:48 +0100] "GET /Jurek/eurofirany/images/429743/8.jpg HTTP/1.1" 200 124541 "http://www.ebay.com/" "Mozilla/4.0 (compatible; MSIE 4.01; Windows NT)"
46.101.116.244 - - [04/Mar/2025:06:46:49 +0100] "GET /Filip/feeds/xlsx_ceneo.xml HTTP/1.0" 200 6241376 "-" "-"
66.135.195.17 - - [04/Mar/2025:06:46:49 +0100] "GET /Jurek/eurofirany/images/429743/4.jpg HTTP/1.1" 200 169067 "http://www.ebay.com/" "Mozilla/4.0 (compatible; MSIE 4.01; Windows NT)"
34.72.247.156 - - [04/Mar/2025:06:46:49 +0100] "GET /Jurek/eurofirany/images/459095/0.jpg HTTP/1.1" 200 103752 "-" "Mozilla/5.0 (X11; Linux x86_64) AppleWebKit/537.36 (KHTML, like Gecko) Chrome/110.0.0.0 Safari/537.36"
34.72.247.156 - - [04/Mar/2025:06:46:50 +0100] "GET /Jurek/eurofirany/images/459103/0.jpg HTTP/1.1" 200 78335 "-" "Mozilla/5.0 (X11; Linux x86_64) AppleWebKit/537.36 (KHTML, like Gecko) Chrome/110.0.0.0 Safari/537.36"
66.135.202.169 - - [04/Mar/2025:06:46:51 +0100] "GET /Jurek/eurofirany/images/453519/0.jpg HTTP/1.1" 200 138944 "http://www.ebay.com/" "Mozilla/4.0 (compatible; MSIE 4.01; Windows NT)"
66.135.202.169 - - [04/Mar/2025:06:46:51 +0100] "GET /Jurek/eurofirany/images/453519/2.jpg HTTP/1.1" 200 83081 "http://www.ebay.com/" "Mozilla/4.0 (compatible; MSIE 4.01; Windows NT)"
66.135.202.173 - - [04/Mar/2025:06:46:51 +0100] "GET /Jurek/eurofirany/images/453519/1.jpg HTTP/1.1" 200 140338 "http://www.ebay.com/" "Mozilla/4.0 (compatible; MSIE 4.01; Windows NT)"
66.135.195.19 - - [04/Mar/2025:06:46:51 +0100] "GET /Jurek/eurofirany/images/464094/2.jpg HTTP/1.1" 200 94482 "http://www.ebay.com/" "Mozilla/4.0 (compatible; MSIE 4.01; Windows NT)"
66.135.195.20 - - [04/Mar/2025:06:46:51 +0100] "GET /Jurek/eurofirany/images/464094/5.jpg HTTP/1.1" 200 119157 "http://www.ebay.com/" "Mozilla/4.0 (compatible; MSIE 4.01; Windows NT)"
66.135.195.19 - - [04/Mar/2025:06:46:51 +0100] "GET /Jurek/eurofirany/images/464094/1.jpg HTTP/1.1" 200 131447 "http://www.ebay.com/" "Mozilla/4.0 (compatible; MSIE 4.01; Windows NT)"
66.135.195.17 - - [04/Mar/2025:06:46:51 +0100] "GET /Jurek/eurofirany/images/464094/4.jpg HTTP/1.1" 200 151978 "http://www.ebay.com/" "Mozilla/4.0 (compatible; MSIE 4.01; Windows NT)"
66.135.202.171 - - [04/Mar/2025:06:46:51 +0100] "GET /Jurek/eurofirany/images/453519/8.jpg HTTP/1.1" 200 157482 "http://www.ebay.com/" "Mozilla/4.0 (compatible; MSIE 4.01; Windows NT)"
66.135.202.170 - - [04/Mar/2025:06:46:51 +0100] "GET /Jurek/eurofirany/images/453519/3.jpg HTTP/1.1" 200 192830 "http://www.ebay.com/" "Mozilla/4.0 (compatible; MSIE 4.01; Windows NT)"
66.135.202.171 - - [04/Mar/2025:06:46:51 +0100] "GET /Jurek/eurofirany/images/453519/5.jpg HTTP/1.1" 200 181053 "http://www.ebay.com/" "Mozilla/4.0 (compatible; MSIE 4.01; Windows NT)"
66.135.202.173 - - [04/Mar/2025:06:46:51 +0100] "GET /Jurek/eurofirany/images/453519/6.jpg HTTP/1.1" 200 177668 "http://www.ebay.com/" "Mozilla/4.0 (compatible; MSIE 4.01; Windows NT)"
66.135.195.16 - - [04/Mar/2025:06:46:51 +0100] "GET /Jurek/eurofirany/images/464094/3.jpg HTTP/1.1" 200 184865 "http://www.ebay.com/" "Mozilla/4.0 (compatible; MSIE 4.01; Windows NT)"
66.135.202.171 - - [04/Mar/2025:06:46:51 +0100] "GET /Jurek/eurofirany/images/453519/9.jpg HTTP/1.1" 200 178768 "http://www.ebay.com/" "Mozilla/4.0 (compatible; MSIE 4.01; Windows NT)"
66.135.195.18 - - [04/Mar/2025:06:46:51 +0100] "GET /Jurek/eurofirany/images/464094/0.jpg HTTP/1.1" 200 188112 "http://www.ebay.com/" "Mozilla/4.0 (compatible; MSIE 4.01; Windows NT)"
66.135.202.171 - - [04/Mar/2025:06:46:52 +0100] "GET /Jurek/eurofirany/images/453519/4.jpg HTTP/1.1" 200 241158 "http://www.ebay.com/" "Mozilla/4.0 (compatible; MSIE 4.01; Windows NT)"
66.135.202.173 - - [04/Mar/2025:06:46:52 +0100] "GET /Jurek/eurofirany/images/453519/7.jpg HTTP/1.1" 200 287409 "http://www.ebay.com/" "Mozilla/4.0 (compatible; MSIE 4.01; Windows NT)"
66.135.202.172 - - [04/Mar/2025:06:46:52 +0100] "GET /Jurek/eurofirany/images/373798/1.jpg HTTP/1.1" 200 247082 "http://www.ebay.com/" "Mozilla/4.0 (compatible; MSIE 4.01; Windows NT)"
66.135.195.20 - - [04/Mar/2025:06:46:52 +0100] "GET /Jurek/eurofirany/images/452240/0.jpg HTTP/1.1" 200 98109 "http://www.ebay.com/" "Mozilla/4.0 (compatible; MSIE 4.01; Windows NT)"
66.135.195.20 - - [04/Mar/2025:06:46:52 +0100] "GET /Jurek/eurofirany/images/452240/1.jpg HTTP/1.1" 200 89924 "http://www.ebay.com/" "Mozilla/4.0 (compatible; MSIE 4.01; Windows NT)"
66.135.195.20 - - [04/Mar/2025:06:46:52 +0100] "GET /Jurek/eurofirany/images/452240/2.jpg HTTP/1.1" 200 74073 "http://www.ebay.com/" "Mozilla/4.0 (compatible; MSIE 4.01; Windows NT)"
66.135.195.17 - - [04/Mar/2025:06:46:52 +0100] "GET /Jurek/eurofirany/images/452240/5.jpg HTTP/1.1" 200 124219 "http://www.ebay.com/" "Mozilla/4.0 (compatible; MSIE 4.01; Windows NT)"
66.135.202.171 - - [04/Mar/2025:06:46:53 +0100] "GET /Jurek/eurofirany/images/409412/6.jpg HTTP/1.1" 200 598576 "http://www.ebay.com/" "Mozilla/4.0 (compatible; MSIE 4.01; Windows NT)"
66.135.202.172 - - [04/Mar/2025:06:46:53 +0100] "GET /Jurek/eurofirany/images/409412/7.jpg HTTP/1.1" 200 598577 "http://www.ebay.com/" "Mozilla/4.0 (compatible; MSIE 4.01; Windows NT)"
66.135.195.19 - - [04/Mar/2025:06:46:53 +0100] "GET /Jurek/eurofirany/images/452240/3.jpg HTTP/1.1" 200 184720 "http://www.ebay.com/" "Mozilla/4.0 (compatible; MSIE 4.01; Windows NT)"
66.135.195.17 - - [04/Mar/2025:06:46:53 +0100] "GET /Jurek/eurofirany/images/452240/4.jpg HTTP/1.1" 200 184282 "http://www.ebay.com/" "Mozilla/4.0 (compatible; MSIE 4.01; Windows NT)"
66.135.202.170 - - [04/Mar/2025:06:46:53 +0100] "GET /Jurek/eurofirany/images/409412/5.jpg HTTP/1.1" 200 598577 "http://www.ebay.com/" "Mozilla/4.0 (compatible; MSIE 4.01; Windows NT)"
66.135.202.172 - - [04/Mar/2025:06:46:54 +0100] "GET /Jurek/eurofirany/images/428728/0.jpg HTTP/1.1" 200 93599 "-" "Java/17.0.12.0.101"
34.133.239.145 - - [04/Mar/2025:06:46:54 +0100] "GET /Jurek/eurofirany/images/459079/0.jpg HTTP/1.1" 200 78937 "-" "Mozilla/5.0 (X11; Linux x86_64) AppleWebKit/537.36 (KHTML, like Gecko) Chrome/110.0.0.0 Safari/537.36"
66.135.202.170 - - [04/Mar/2025:06:46:54 +0100] "GET /Jurek/eurofirany/images/452236/0.jpg HTTP/1.1" 200 96600 "http://www.ebay.com/" "Mozilla/4.0 (compatible; MSIE 4.01; Windows NT)"
66.135.202.173 - - [04/Mar/2025:06:46:54 +0100] "GET /Jurek/eurofirany/images/452236/1.jpg HTTP/1.1" 200 85743 "http://www.ebay.com/" "Mozilla/4.0 (compatible; MSIE 4.01; Windows NT)"
66.135.202.170 - - [04/Mar/2025:06:46:54 +0100] "GET /Jurek/eurofirany/images/452236/2.jpg HTTP/1.1" 200 57793 "http://www.ebay.com/" "Mozilla/4.0 (compatible; MSIE 4.01; Windows NT)"
66.135.202.171 - - [04/Mar/2025:06:46:55 +0100] "GET /Jurek/eurofirany/images/452236/5.jpg HTTP/1.1" 200 124789 "http://www.ebay.com/" "Mozilla/4.0 (compatible; MSIE 4.01; Windows NT)"
34.133.239.145 - - [04/Mar/2025:06:46:55 +0100] "GET /Jurek/eurofirany/images/459075/0.jpg HTTP/1.1" 200 100372 "-" "Mozilla/5.0 (X11; Linux x86_64) AppleWebKit/537.36 (KHTML, like Gecko) Chrome/110.0.0.0 Safari/537.36"
66.135.202.170 - - [04/Mar/2025:06:46:55 +0100] "GET /Jurek/eurofirany/images/459099/0.jpg HTTP/1.1" 200 73419 "-" "Java/17.0.12.0.101"
66.135.202.169 - - [04/Mar/2025:06:46:55 +0100] "GET /Jurek/eurofirany/images/448512/0.jpg HTTP/1.1" 200 132718 "-" "Java/17.0.12.0.101"
66.135.202.169 - - [04/Mar/2025:06:46:56 +0100] "GET /Jurek/eurofirany/images/452236/3.jpg HTTP/1.1" 200 121414 "http://www.ebay.com/" "Mozilla/4.0 (compatible; MSIE 4.01; Windows NT)"
66.135.202.173 - - [04/Mar/2025:06:46:56 +0100] "GET /Jurek/eurofirany/images/452236/4.jpg HTTP/1.1" 200 138816 "http://www.ebay.com/" "Mozilla/4.0 (compatible; MSIE 4.01; Windows NT)"
66.135.202.170 - - [04/Mar/2025:06:46:58 +0100] "GET /Jurek/eurofirany/images/459352/0.jpg HTTP/1.1" 200 91476 "-" "Java/17.0.12.0.101"
66.135.202.72 - - [04/Mar/2025:06:46:58 +0100] "GET /Jurek/eurofirany/images/453521/6.jpg HTTP/1.1" 200 178373 "http://www.ebay.com/" "Mozilla/4.0 (compatible; MSIE 4.01; Windows NT)"
66.135.202.73 - - [04/Mar/2025:06:46:59 +0100] "GET /Jurek/eurofirany/images/453521/9.jpg HTTP/1.1" 200 176954 "http://www.ebay.com/" "Mozilla/4.0 (compatible; MSIE 4.01; Windows NT)"
66.135.202.73 - - [04/Mar/2025:06:46:59 +0100] "GET /Jurek/eurofirany/images/453521/4.jpg HTTP/1.1" 200 246458 "http://www.ebay.com/" "Mozilla/4.0 (compatible; MSIE 4.01; Windows NT)"
66.135.202.71 - - [04/Mar/2025:06:46:59 +0100] "GET /Jurek/eurofirany/images/453521/7.jpg HTTP/1.1" 200 314654 "http://www.ebay.com/" "Mozilla/4.0 (compatible; MSIE 4.01; Windows NT)"
66.135.195.17 - - [04/Mar/2025:06:47:01 +0100] "GET /Jurek/eurofirany/images/410689/0.jpg HTTP/1.1" 200 65248 "-" "Java/17.0.12.0.101"
66.135.202.73 - - [04/Mar/2025:06:47:05 +0100] "GET /Jurek/eurofirany/images/468393/1.jpg HTTP/1.1" 200 65602 "http://www.ebay.com/" "Mozilla/4.0 (compatible; MSIE 4.01; Windows NT)"
66.135.202.72 - - [04/Mar/2025:06:47:05 +0100] "GET /Jurek/eurofirany/images/468393/0.jpg HTTP/1.1" 200 63787 "http://www.ebay.com/" "Mozilla/4.0 (compatible; MSIE 4.01; Windows NT)"
66.135.202.72 - - [04/Mar/2025:06:47:05 +0100] "GET /Jurek/eurofirany/images/468393/2.jpg HTTP/1.1" 200 31485 "http://www.ebay.com/" "Mozilla/4.0 (compatible; MSIE 4.01; Windows NT)"
66.135.202.72 - - [04/Mar/2025:06:47:05 +0100] "GET /Jurek/eurofirany/images/468393/3.jpg HTTP/1.1" 200 41976 "http://www.ebay.com/" "Mozilla/4.0 (compatible; MSIE 4.01; Windows NT)"
66.135.202.71 - - [04/Mar/2025:06:47:05 +0100] "GET /Jurek/eurofirany/images/468393/4.jpg HTTP/1.1" 200 129270 "http://www.ebay.com/" "Mozilla/4.0 (compatible; MSIE 4.01; Windows NT)"
66.135.202.73 - - [04/Mar/2025:06:47:05 +0100] "GET /Jurek/eurofirany/images/468393/5.jpg HTTP/1.1" 200 39046 "http://www.ebay.com/" "Mozilla/4.0 (compatible; MSIE 4.01; Windows NT)"
66.135.202.72 - - [04/Mar/2025:06:47:05 +0100] "GET /Jurek/eurofirany/images/468393/6.jpg HTTP/1.1" 200 43136 "http://www.ebay.com/" "Mozilla/4.0 (compatible; MSIE 4.01; Windows NT)"
66.135.202.71 - - [04/Mar/2025:06:47:05 +0100] "GET /Jurek/eurofirany/images/468393/7.jpg HTTP/1.1" 200 75448 "http://www.ebay.com/" "Mozilla/4.0 (compatible; MSIE 4.01; Windows NT)"
66.135.202.173 - - [04/Mar/2025:06:47:05 +0100] "GET /Jurek/eurofirany/images/452238/0.jpg HTTP/1.1" 200 105368 "http://www.ebay.com/" "Mozilla/4.0 (compatible; MSIE 4.01; Windows NT)"
66.135.202.169 - - [04/Mar/2025:06:47:05 +0100] "GET /Jurek/eurofirany/images/452238/1.jpg HTTP/1.1" 200 76460 "http://www.ebay.com/" "Mozilla/4.0 (compatible; MSIE 4.01; Windows NT)"
66.135.202.172 - - [04/Mar/2025:06:47:06 +0100] "GET /Jurek/eurofirany/images/452238/4.jpg HTTP/1.1" 200 155160 "http://www.ebay.com/" "Mozilla/4.0 (compatible; MSIE 4.01; Windows NT)"
