85.232.241.194 - - [04/Mar/2025:07:28:16 +0100] "GET /Jurek/amzteam/feeds/amzteam_rue.xml HTTP/1.1" 200 97876 "-" "Python-urllib/3.11"
85.232.241.194 - - [04/Mar/2025:07:28:16 +0100] "GET /Jurek/kambukka/feeds/kambukka_rue.xml HTTP/1.1" 200 1046888 "-" "Python-urllib/3.11"
66.135.195.20 - - [04/Mar/2025:07:28:16 +0100] "GET /Jurek/eurofirany/images/459073/1.jpg HTTP/1.1" 200 77717 "http://www.ebay.com/" "Mozilla/4.0 (compatible; MSIE 4.01; Windows NT)"
85.232.241.194 - - [04/Mar/2025:07:28:16 +0100] "GET /Jurek/benetech/feeds/benetech_RUE.xml HTTP/1.1" 200 4451887 "-" "Python-urllib/3.11"
85.232.241.194 - - [04/Mar/2025:07:28:16 +0100] "GET /Jurek/swiatecznygoliat/feeds/swiatecznygoliat_RUE.xml HTTP/1.1" 200 7054437 "-" "Python-urllib/3.11"
66.135.195.20 - - [04/Mar/2025:07:28:16 +0100] "GET /Jurek/eurofirany/images/459073/0.jpg HTTP/1.1" 200 144988 "http://www.ebay.com/" "Mozilla/4.0 (compatible; MSIE 4.01; Windows NT)"
66.135.202.72 - - [04/Mar/2025:07:28:16 +0100] "GET /Jurek/eurofirany/images/459050/1.jpg HTTP/1.1" 200 54229 "http://www.ebay.com/" "Mozilla/4.0 (compatible; MSIE 4.01; Windows NT)"
66.135.202.72 - - [04/Mar/2025:07:28:16 +0100] "GET /Jurek/eurofirany/images/459050/2.jpg HTTP/1.1" 200 54229 "http://www.ebay.com/" "Mozilla/4.0 (compatible; MSIE 4.01; Windows NT)"
66.135.202.74 - - [04/Mar/2025:07:28:16 +0100] "GET /Jurek/eurofirany/images/459050/0.jpg HTTP/1.1" 200 116004 "http://www.ebay.com/" "Mozilla/4.0 (compatible; MSIE 4.01; Windows NT)"
85.232.241.194 - - [04/Mar/2025:07:28:16 +0100] "GET /Jurek/artdog/feeds/artdog_RUE.xml HTTP/1.1" 200 15930237 "-" "Python-urllib/3.11"
85.232.241.194 - - [04/Mar/2025:07:28:16 +0100] "GET /Jurek/hdwr/feeds/hdwr_RUE.xml HTTP/1.1" 200 777789 "-" "Python-urllib/3.11"
85.232.241.194 - - [04/Mar/2025:07:28:16 +0100] "GET /Jurek/sempler/feeds/sempler_rue.xml HTTP/1.1" 200 6553191 "-" "Python-urllib/3.11"
85.232.241.194 - - [04/Mar/2025:07:28:17 +0100] "GET /Jurek/waks/feeds/waks_RUE.xml HTTP/1.1" 200 6332849 "-" "Python-urllib/3.11"
34.72.247.156 - - [04/Mar/2025:07:28:17 +0100] "GET /Jurek/eurofirany/images/464656/1.jpg HTTP/1.1" 200 115189 "-" "Mozilla/5.0 (X11; Linux x86_64) AppleWebKit/537.36 (KHTML, like Gecko) Chrome/110.0.0.0 Safari/537.36"
85.232.241.194 - - [04/Mar/2025:07:28:17 +0100] "GET /Jurek/oromed/feeds/oromed_rue.xml HTTP/1.1" 200 1053922 "-" "Python-urllib/3.11"
85.232.241.194 - - [04/Mar/2025:07:28:17 +0100] "GET /Jurek/ekuchcikowo/feeds/ekuchcikowo_rue.xml HTTP/1.1" 200 13465430 "-" "Python-urllib/3.11"
85.232.241.194 - - [04/Mar/2025:07:28:17 +0100] "GET /Jurek/ekolight/feeds/ekolight_rue.xml HTTP/1.1" 200 9051773 "-" "Python-urllib/3.11"
34.72.247.156 - - [04/Mar/2025:07:28:17 +0100] "GET /Jurek/eurofirany/images/463400/0.jpg HTTP/1.1" 200 164335 "-" "Mozilla/5.0 (X11; Linux x86_64) AppleWebKit/537.36 (KHTML, like Gecko) Chrome/110.0.0.0 Safari/537.36"
85.232.241.194 - - [04/Mar/2025:07:28:17 +0100] "GET /Jurek/eroplace/feeds/eroplace_RUE.xml HTTP/1.1" 200 30849287 "-" "Python-urllib/3.11"
85.232.241.194 - - [04/Mar/2025:07:28:17 +0100] "GET /Jurek/coppotech/feeds/coppotech_rue.xml HTTP/1.1" 200 38985646 "-" "Python-urllib/3.11"
85.232.241.194 - - [04/Mar/2025:07:28:17 +0100] "GET /Jurek/euroshop/feeds/euroshop_rue.xml HTTP/1.1" 200 17927370 "-" "Python-urllib/3.11"
66.135.202.170 - - [04/Mar/2025:07:28:17 +0100] "GET /Jurek/eurofirany/images/456255/0.jpg HTTP/1.1" 200 147823 "-" "Java/17.0.12.0.101"
85.232.241.194 - - [04/Mar/2025:07:28:17 +0100] "GET /Jurek/galopi/feeds/galopi_rue.xml HTTP/1.1" 200 1884698 "-" "Python-urllib/3.11"
85.232.241.194 - - [04/Mar/2025:07:28:17 +0100] "GET /Jurek/szpaklampy/feeds/szpaklampy_rue.xml HTTP/1.1" 200 416432 "-" "Python-urllib/3.11"
66.135.195.20 - - [04/Mar/2025:07:28:18 +0100] "GET /Jurek/eurofirany/images/423950/0.jpg HTTP/1.1" 200 0 "http://www.ebay.com/" "Mozilla/4.0 (compatible; MSIE 4.01; Windows NT)"
66.135.195.20 - - [04/Mar/2025:07:28:18 +0100] "GET /Jurek/eurofirany/images/423950/2.jpg HTTP/1.1" 200 0 "http://www.ebay.com/" "Mozilla/4.0 (compatible; MSIE 4.01; Windows NT)"
66.135.195.17 - - [04/Mar/2025:07:28:18 +0100] "GET /Jurek/eurofirany/images/423950/1.jpg HTTP/1.1" 200 88977 "http://www.ebay.com/" "Mozilla/4.0 (compatible; MSIE 4.01; Windows NT)"
66.135.195.19 - - [04/Mar/2025:07:28:18 +0100] "GET /Jurek/eurofirany/images/423950/3.jpg HTTP/1.1" 200 158008 "http://www.ebay.com/" "Mozilla/4.0 (compatible; MSIE 4.01; Windows NT)"
34.72.247.156 - - [04/Mar/2025:07:28:18 +0100] "GET /Jurek/eurofirany/images/464656/2.jpg HTTP/1.1" 200 172961 "-" "Mozilla/5.0 (X11; Linux x86_64) AppleWebKit/537.36 (KHTML, like Gecko) Chrome/110.0.0.0 Safari/537.36"
66.135.195.17 - - [04/Mar/2025:07:28:19 +0100] "GET /Jurek/eurofirany/images/423950/6.jpg HTTP/1.1" 200 135948 "http://www.ebay.com/" "Mozilla/4.0 (compatible; MSIE 4.01; Windows NT)"
85.232.241.194 - - [04/Mar/2025:07:28:19 +0100] "GET /Jurek/intsell/feeds/intsell_rue.xml HTTP/1.1" 200 338787604 "-" "Python-urllib/3.11"
85.232.241.194 - - [04/Mar/2025:07:28:19 +0100] "GET /Jurek/spali/feeds/spali_rue.xml HTTP/1.1" 200 101948 "-" "Python-urllib/3.11"
66.135.195.20 - - [04/Mar/2025:07:28:19 +0100] "GET /Jurek/eurofirany/images/423950/4.jpg HTTP/1.1" 200 219428 "http://www.ebay.com/" "Mozilla/4.0 (compatible; MSIE 4.01; Windows NT)"
85.232.241.194 - - [04/Mar/2025:07:28:19 +0100] "GET /Jurek/najtanszysport/feeds/najtanszysport_rue.xml HTTP/1.1" 200 3982872 "-" "Python-urllib/3.11"
66.135.195.18 - - [04/Mar/2025:07:28:19 +0100] "GET /Jurek/eurofirany/images/423950/5.jpg HTTP/1.1" 200 199902 "http://www.ebay.com/" "Mozilla/4.0 (compatible; MSIE 4.01; Windows NT)"
85.232.241.194 - - [04/Mar/2025:07:28:19 +0100] "GET /Jurek/maksik/feeds/maksik_rue.xml HTTP/1.1" 200 4084813 "-" "Python-urllib/3.11"
66.135.195.20 - - [04/Mar/2025:07:28:19 +0100] "GET /Jurek/eurofirany/images/423950/7.jpg HTTP/1.1" 200 179273 "http://www.ebay.com/" "Mozilla/4.0 (compatible; MSIE 4.01; Windows NT)"
85.232.241.194 - - [04/Mar/2025:07:28:19 +0100] "GET /Jurek/urwiskowo/feeds/urwiskowo_rue.xml HTTP/1.1" 200 9114943 "-" "Python-urllib/3.11"
66.135.195.20 - - [04/Mar/2025:07:28:19 +0100] "GET /Jurek/eurofirany/images/423950/8.jpg HTTP/1.1" 200 236930 "http://www.ebay.com/" "Mozilla/4.0 (compatible; MSIE 4.01; Windows NT)"
66.135.195.20 - - [04/Mar/2025:07:28:19 +0100] "GET /Jurek/eurofirany/images/423950/9.jpg HTTP/1.1" 200 162229 "http://www.ebay.com/" "Mozilla/4.0 (compatible; MSIE 4.01; Windows NT)"
66.135.195.16 - - [04/Mar/2025:07:28:19 +0100] "GET /Jurek/eurofirany/images/423950/10.jpg HTTP/1.1" 200 165549 "http://www.ebay.com/" "Mozilla/4.0 (compatible; MSIE 4.01; Windows NT)"
66.135.195.19 - - [04/Mar/2025:07:28:19 +0100] "GET /Jurek/eurofirany/images/423950/11.jpg HTTP/1.1" 200 183730 "http://www.ebay.com/" "Mozilla/4.0 (compatible; MSIE 4.01; Windows NT)"
34.72.247.156 - - [04/Mar/2025:07:28:21 +0100] "GET /Jurek/eurofirany/images/464656/3.jpg HTTP/1.1" 200 131565 "-" "Mozilla/5.0 (X11; Linux x86_64) AppleWebKit/537.36 (KHTML, like Gecko) Chrome/110.0.0.0 Safari/537.36"
66.135.195.16 - - [04/Mar/2025:07:28:21 +0100] "GET /Jurek/eurofirany/images/460396/0.jpg HTTP/1.1" 200 35083 "-" "Java/17.0.12.0.101"
34.72.247.156 - - [04/Mar/2025:07:28:22 +0100] "GET /Jurek/eurofirany/images/464656/4.jpg HTTP/1.1" 200 216200 "-" "Mozilla/5.0 (X11; Linux x86_64) AppleWebKit/537.36 (KHTML, like Gecko) Chrome/110.0.0.0 Safari/537.36"
85.232.241.194 - - [04/Mar/2025:07:28:22 +0100] "GET /Jurek/naszedzieci/feeds/naszedzieci_rue.xml HTTP/1.1" 200 833264111 "-" "Python-urllib/3.11"
85.232.241.194 - - [04/Mar/2025:07:28:22 +0100] "GET /Jurek/aiofactory/feeds/aiofactory_rue.xml HTTP/1.1" 200 2123794 "-" "Python-urllib/3.11"
85.232.241.194 - - [04/Mar/2025:07:28:22 +0100] "GET /Jurek/emaja24/feeds/emaja24_rue.xml HTTP/1.1" 200 5110131 "-" "Python-urllib/3.11"
85.232.241.194 - - [04/Mar/2025:07:28:22 +0100] "GET /Jurek/velinda/feeds/velinda_rue.xml HTTP/1.1" 200 4282199 "-" "Python-urllib/3.11"
85.232.241.194 - - [04/Mar/2025:07:28:23 +0100] "GET /Jurek/globaldeli/feeds/globaldeli_rue.xml HTTP/1.1" 200 2590903 "-" "Python-urllib/3.11"
34.133.239.145 - - [04/Mar/2025:07:28:23 +0100] "GET /Jurek/eurofirany/images/464656/5.jpg HTTP/1.1" 200 179144 "-" "Mozilla/5.0 (X11; Linux x86_64) AppleWebKit/537.36 (KHTML, like Gecko) Chrome/110.0.0.0 Safari/537.36"
85.232.241.194 - - [04/Mar/2025:07:28:23 +0100] "GET /Jurek/polzoo/feeds/polzoo_rue.xml HTTP/1.1" 200 48126194 "-" "Python-urllib/3.11"
85.232.241.194 - - [04/Mar/2025:07:28:23 +0100] "GET /Jurek/straganbiur/feeds/straganbiur_rue.xml HTTP/1.1" 200 8893035 "-" "Python-urllib/3.11"
85.232.241.194 - - [04/Mar/2025:07:28:23 +0100] "GET /Jurek/kidshop/feeds/kidshop_rue.xml HTTP/1.1" 200 19850699 "-" "Python-urllib/3.11"
34.133.239.145 - - [04/Mar/2025:07:28:23 +0100] "GET /Jurek/eurofirany/images/464656/6.jpg HTTP/1.1" 200 155703 "-" "Mozilla/5.0 (X11; Linux x86_64) AppleWebKit/537.36 (KHTML, like Gecko) Chrome/110.0.0.0 Safari/537.36"
85.232.241.194 - - [04/Mar/2025:07:28:23 +0100] "GET /Jurek/elecomp/feeds/elecomp_rue.xml HTTP/1.1" 200 2869559 "-" "Python-urllib/3.11"
85.232.241.194 - - [04/Mar/2025:07:28:23 +0100] "GET /Jurek/luxma/feeds/luxma_rue.xml HTTP/1.1" 200 8058952 "-" "Python-urllib/3.11"
66.135.195.20 - - [04/Mar/2025:07:28:24 +0100] "GET /Jurek/eurofirany/images/390025/0.jpg HTTP/1.1" 200 62888 "-" "Java/17.0.12.0.101"
34.133.239.145 - - [04/Mar/2025:07:28:24 +0100] "GET /Jurek/eurofirany/images/464656/0.jpg HTTP/1.1" 200 203438 "-" "Mozilla/5.0 (X11; Linux x86_64) AppleWebKit/537.36 (KHTML, like Gecko) Chrome/110.0.0.0 Safari/537.36"
66.135.202.170 - - [04/Mar/2025:07:28:24 +0100] "GET /Jurek/eurofirany/images/460387/0.jpg HTTP/1.1" 200 25734 "-" "Java/17.0.12.0.101"
66.135.195.20 - - [04/Mar/2025:07:28:24 +0100] "GET /Jurek/eurofirany/images/452353/0.jpg HTTP/1.1" 200 80768 "-" "Java/17.0.12.0.101"
66.135.202.170 - - [04/Mar/2025:07:28:27 +0100] "GET /Jurek/eurofirany/images/452613/2.jpg HTTP/1.1" 200 95427 "http://www.ebay.com/" "Mozilla/4.0 (compatible; MSIE 4.01; Windows NT)"
66.135.202.171 - - [04/Mar/2025:07:28:27 +0100] "GET /Jurek/eurofirany/images/452613/1.jpg HTTP/1.1" 200 98296 "http://www.ebay.com/" "Mozilla/4.0 (compatible; MSIE 4.01; Windows NT)"
66.135.202.171 - - [04/Mar/2025:07:28:27 +0100] "GET /Jurek/eurofirany/images/452613/0.jpg HTTP/1.1" 200 113327 "http://www.ebay.com/" "Mozilla/4.0 (compatible; MSIE 4.01; Windows NT)"
66.135.195.16 - - [04/Mar/2025:07:28:28 +0100] "GET /Jurek/eurofirany/images/460408/0.jpg HTTP/1.1" 200 59530 "-" "Java/17.0.12.0.101"
66.135.202.169 - - [04/Mar/2025:07:28:29 +0100] "GET /Jurek/eurofirany/images/333890/2.jpg HTTP/1.1" 200 29395 "http://www.ebay.com/" "Mozilla/4.0 (compatible; MSIE 4.01; Windows NT)"
66.135.202.169 - - [04/Mar/2025:07:28:29 +0100] "GET /Jurek/eurofirany/images/333890/1.jpg HTTP/1.1" 200 96178 "http://www.ebay.com/" "Mozilla/4.0 (compatible; MSIE 4.01; Windows NT)"
66.135.202.172 - - [04/Mar/2025:07:28:29 +0100] "GET /Jurek/eurofirany/images/333890/5.jpg HTTP/1.1" 200 51434 "http://www.ebay.com/" "Mozilla/4.0 (compatible; MSIE 4.01; Windows NT)"
66.135.202.172 - - [04/Mar/2025:07:28:29 +0100] "GET /Jurek/eurofirany/images/333890/0.jpg HTTP/1.1" 200 81658 "http://www.ebay.com/" "Mozilla/4.0 (compatible; MSIE 4.01; Windows NT)"
66.135.202.169 - - [04/Mar/2025:07:28:29 +0100] "GET /Jurek/eurofirany/images/333890/3.jpg HTTP/1.1" 200 61361 "http://www.ebay.com/" "Mozilla/4.0 (compatible; MSIE 4.01; Windows NT)"
66.135.202.169 - - [04/Mar/2025:07:28:29 +0100] "GET /Jurek/eurofirany/images/333890/6.jpg HTTP/1.1" 200 100920 "http://www.ebay.com/" "Mozilla/4.0 (compatible; MSIE 4.01; Windows NT)"
66.135.202.169 - - [04/Mar/2025:07:28:29 +0100] "GET /Jurek/eurofirany/images/452612/0.jpg HTTP/1.1" 200 64770 "http://www.ebay.com/" "Mozilla/4.0 (compatible; MSIE 4.01; Windows NT)"
66.135.202.173 - - [04/Mar/2025:07:28:29 +0100] "GET /Jurek/eurofirany/images/452612/1.jpg HTTP/1.1" 200 98296 "http://www.ebay.com/" "Mozilla/4.0 (compatible; MSIE 4.01; Windows NT)"
66.135.202.170 - - [04/Mar/2025:07:28:29 +0100] "GET /Jurek/eurofirany/images/333890/4.jpg HTTP/1.1" 200 149816 "http://www.ebay.com/" "Mozilla/4.0 (compatible; MSIE 4.01; Windows NT)"
66.135.202.169 - - [04/Mar/2025:07:28:29 +0100] "GET /Jurek/eurofirany/images/452612/2.jpg HTTP/1.1" 200 95427 "http://www.ebay.com/" "Mozilla/4.0 (compatible; MSIE 4.01; Windows NT)"
66.135.202.173 - - [04/Mar/2025:07:28:30 +0100] "GET /Jurek/eurofirany/images/333890/7.jpg HTTP/1.1" 200 252894 "http://www.ebay.com/" "Mozilla/4.0 (compatible; MSIE 4.01; Windows NT)"
66.135.195.19 - - [04/Mar/2025:07:28:30 +0100] "GET /Jurek/eurofirany/images/431705/5.jpg HTTP/1.1" 200 113135 "http://www.ebay.com/" "Mozilla/4.0 (compatible; MSIE 4.01; Windows NT)"
66.135.195.20 - - [04/Mar/2025:07:28:30 +0100] "GET /Jurek/eurofirany/images/431705/6.jpg HTTP/1.1" 200 101705 "http://www.ebay.com/" "Mozilla/4.0 (compatible; MSIE 4.01; Windows NT)"
66.135.195.17 - - [04/Mar/2025:07:28:30 +0100] "GET /Jurek/eurofirany/images/431705/0.jpg HTTP/1.1" 200 111518 "http://www.ebay.com/" "Mozilla/4.0 (compatible; MSIE 4.01; Windows NT)"
66.135.195.17 - - [04/Mar/2025:07:28:30 +0100] "GET /Jurek/eurofirany/images/431705/7.jpg HTTP/1.1" 200 101705 "http://www.ebay.com/" "Mozilla/4.0 (compatible; MSIE 4.01; Windows NT)"
66.135.195.17 - - [04/Mar/2025:07:28:30 +0100] "GET /Jurek/eurofirany/images/431705/1.jpg HTTP/1.1" 200 151439 "http://www.ebay.com/" "Mozilla/4.0 (compatible; MSIE 4.01; Windows NT)"
66.135.195.18 - - [04/Mar/2025:07:28:30 +0100] "GET /Jurek/eurofirany/images/431705/4.jpg HTTP/1.1" 200 208660 "http://www.ebay.com/" "Mozilla/4.0 (compatible; MSIE 4.01; Windows NT)"
66.135.195.16 - - [04/Mar/2025:07:28:31 +0100] "GET /Jurek/eurofirany/images/431705/3.jpg HTTP/1.1" 200 278870 "http://www.ebay.com/" "Mozilla/4.0 (compatible; MSIE 4.01; Windows NT)"
66.135.195.20 - - [04/Mar/2025:07:28:31 +0100] "GET /Jurek/eurofirany/images/431705/2.jpg HTTP/1.1" 200 333373 "http://www.ebay.com/" "Mozilla/4.0 (compatible; MSIE 4.01; Windows NT)"
66.135.195.16 - - [04/Mar/2025:07:28:31 +0100] "GET /Jurek/eurofirany/images/453409/0.jpg HTTP/1.1" 200 99212 "-" "Java/17.0.12.0.101"
66.135.202.72 - - [04/Mar/2025:07:28:31 +0100] "GET /Jurek/eurofirany/images/459067/1.jpg HTTP/1.1" 200 84733 "http://www.ebay.com/" "Mozilla/4.0 (compatible; MSIE 4.01; Windows NT)"
66.135.202.71 - - [04/Mar/2025:07:28:31 +0100] "GET /Jurek/eurofirany/images/459067/0.jpg HTTP/1.1" 200 158271 "http://www.ebay.com/" "Mozilla/4.0 (compatible; MSIE 4.01; Windows NT)"
34.72.247.156 - - [04/Mar/2025:07:28:32 +0100] "GET /Jurek/eurofirany/images/459071/1.jpg HTTP/1.1" 200 84290 "-" "Mozilla/5.0 (X11; Linux x86_64) AppleWebKit/537.36 (KHTML, like Gecko) Chrome/110.0.0.0 Safari/537.36"
34.72.247.156 - - [04/Mar/2025:07:28:32 +0100] "GET /Jurek/eurofirany/images/459071/0.jpg HTTP/1.1" 200 156463 "-" "Mozilla/5.0 (X11; Linux x86_64) AppleWebKit/537.36 (KHTML, like Gecko) Chrome/110.0.0.0 Safari/537.36"
66.135.202.71 - - [04/Mar/2025:07:28:34 +0100] "GET /Jurek/eurofirany/images/452601/0.jpg HTTP/1.1" 200 74593 "http://www.ebay.com/" "Mozilla/4.0 (compatible; MSIE 4.01; Windows NT)"
66.135.202.74 - - [04/Mar/2025:07:28:34 +0100] "GET /Jurek/eurofirany/images/452601/1.jpg HTTP/1.1" 200 82219 "http://www.ebay.com/" "Mozilla/4.0 (compatible; MSIE 4.01; Windows NT)"
66.135.202.73 - - [04/Mar/2025:07:28:34 +0100] "GET /Jurek/eurofirany/images/452601/2.jpg HTTP/1.1" 200 65143 "http://www.ebay.com/" "Mozilla/4.0 (compatible; MSIE 4.01; Windows NT)"
66.135.202.73 - - [04/Mar/2025:07:28:34 +0100] "GET /Jurek/eurofirany/images/452601/4.jpg HTTP/1.1" 200 104528 "http://www.ebay.com/" "Mozilla/4.0 (compatible; MSIE 4.01; Windows NT)"
66.135.202.71 - - [04/Mar/2025:07:28:34 +0100] "GET /Jurek/eurofirany/images/452601/5.jpg HTTP/1.1" 200 52122 "http://www.ebay.com/" "Mozilla/4.0 (compatible; MSIE 4.01; Windows NT)"
66.135.202.71 - - [04/Mar/2025:07:28:35 +0100] "GET /Jurek/eurofirany/images/452601/6.jpg HTTP/1.1" 200 166082 "http://www.ebay.com/" "Mozilla/4.0 (compatible; MSIE 4.01; Windows NT)"
66.135.202.72 - - [04/Mar/2025:07:28:35 +0100] "GET /Jurek/eurofirany/images/452601/7.jpg HTTP/1.1" 200 166082 "http://www.ebay.com/" "Mozilla/4.0 (compatible; MSIE 4.01; Windows NT)"
66.135.202.73 - - [04/Mar/2025:07:28:35 +0100] "GET /Jurek/eurofirany/images/452601/3.jpg HTTP/1.1" 200 183060 "http://www.ebay.com/" "Mozilla/4.0 (compatible; MSIE 4.01; Windows NT)"
66.135.202.71 - - [04/Mar/2025:07:28:35 +0100] "GET /Jurek/eurofirany/images/390056/0.jpg HTTP/1.1" 200 71589 "http://www.ebay.com/" "Mozilla/4.0 (compatible; MSIE 4.01; Windows NT)"
66.135.202.73 - - [04/Mar/2025:07:28:35 +0100] "GET /Jurek/eurofirany/images/390056/1.jpg HTTP/1.1" 200 62742 "http://www.ebay.com/" "Mozilla/4.0 (compatible; MSIE 4.01; Windows NT)"
66.135.202.71 - - [04/Mar/2025:07:28:35 +0100] "GET /Jurek/eurofirany/images/390056/2.jpg HTTP/1.1" 200 46079 "http://www.ebay.com/" "Mozilla/4.0 (compatible; MSIE 4.01; Windows NT)"
66.135.202.74 - - [04/Mar/2025:07:28:35 +0100] "GET /Jurek/eurofirany/images/390056/3.jpg HTTP/1.1" 200 68727 "http://www.ebay.com/" "Mozilla/4.0 (compatible; MSIE 4.01; Windows NT)"
66.135.202.72 - - [04/Mar/2025:07:28:35 +0100] "GET /Jurek/eurofirany/images/390056/5.jpg HTTP/1.1" 200 102720 "http://www.ebay.com/" "Mozilla/4.0 (compatible; MSIE 4.01; Windows NT)"
66.135.202.71 - - [04/Mar/2025:07:28:36 +0100] "GET /Jurek/eurofirany/images/390056/6.jpg HTTP/1.1" 200 141916 "http://www.ebay.com/" "Mozilla/4.0 (compatible; MSIE 4.01; Windows NT)"
66.135.202.73 - - [04/Mar/2025:07:28:36 +0100] "GET /Jurek/eurofirany/images/390056/4.jpg HTTP/1.1" 200 164160 "http://www.ebay.com/" "Mozilla/4.0 (compatible; MSIE 4.01; Windows NT)"
34.72.247.156 - - [04/Mar/2025:07:28:37 +0100] "GET /Jurek/eurofirany/images/463404/1.jpg HTTP/1.1" 200 91941 "-" "Mozilla/5.0 (X11; Linux x86_64) AppleWebKit/537.36 (KHTML, like Gecko) Chrome/110.0.0.0 Safari/537.36"
66.135.195.20 - - [04/Mar/2025:07:28:37 +0100] "GET /Jurek/eurofirany/images/431706/0.jpg HTTP/1.1" 200 119835 "http://www.ebay.com/" "Mozilla/4.0 (compatible; MSIE 4.01; Windows NT)"
66.135.195.19 - - [04/Mar/2025:07:28:37 +0100] "GET /Jurek/eurofirany/images/431706/6.jpg HTTP/1.1" 200 107729 "http://www.ebay.com/" "Mozilla/4.0 (compatible; MSIE 4.01; Windows NT)"
66.135.195.19 - - [04/Mar/2025:07:28:37 +0100] "GET /Jurek/eurofirany/images/432726/2.jpg HTTP/1.1" 200 55099 "http://www.ebay.com/" "Mozilla/4.0 (compatible; MSIE 4.01; Windows NT)"
66.135.195.18 - - [04/Mar/2025:07:28:37 +0100] "GET /Jurek/eurofirany/images/432726/6.jpg HTTP/1.1" 200 110672 "http://www.ebay.com/" "Mozilla/4.0 (compatible; MSIE 4.01; Windows NT)"
66.135.195.16 - - [04/Mar/2025:07:28:37 +0100] "GET /Jurek/eurofirany/images/432726/0.jpg HTTP/1.1" 200 40163 "http://www.ebay.com/" "Mozilla/4.0 (compatible; MSIE 4.01; Windows NT)"
66.135.195.20 - - [04/Mar/2025:07:28:37 +0100] "GET /Jurek/eurofirany/images/432726/3.jpg HTTP/1.1" 200 50978 "http://www.ebay.com/" "Mozilla/4.0 (compatible; MSIE 4.01; Windows NT)"
66.135.195.20 - - [04/Mar/2025:07:28:37 +0100] "GET /Jurek/eurofirany/images/432726/1.jpg HTTP/1.1" 200 65347 "http://www.ebay.com/" "Mozilla/4.0 (compatible; MSIE 4.01; Windows NT)"
66.135.195.20 - - [04/Mar/2025:07:28:37 +0100] "GET /Jurek/eurofirany/images/431706/7.jpg HTTP/1.1" 200 107729 "http://www.ebay.com/" "Mozilla/4.0 (compatible; MSIE 4.01; Windows NT)"
34.133.239.145 - - [04/Mar/2025:07:28:37 +0100] "GET /Jurek/eurofirany/images/459059/1.jpg HTTP/1.1" 200 70009 "-" "Mozilla/5.0 (X11; Linux x86_64) AppleWebKit/537.36 (KHTML, like Gecko) Chrome/110.0.0.0 Safari/537.36"
66.135.195.19 - - [04/Mar/2025:07:28:37 +0100] "GET /Jurek/eurofirany/images/431706/5.jpg HTTP/1.1" 200 143968 "http://www.ebay.com/" "Mozilla/4.0 (compatible; MSIE 4.01; Windows NT)"
66.135.195.19 - - [04/Mar/2025:07:28:37 +0100] "GET /Jurek/eurofirany/images/431706/1.jpg HTTP/1.1" 200 151439 "http://www.ebay.com/" "Mozilla/4.0 (compatible; MSIE 4.01; Windows NT)"
66.135.195.20 - - [04/Mar/2025:07:28:38 +0100] "GET /Jurek/eurofirany/images/432726/4.jpg HTTP/1.1" 200 162569 "http://www.ebay.com/" "Mozilla/4.0 (compatible; MSIE 4.01; Windows NT)"
66.135.195.19 - - [04/Mar/2025:07:28:38 +0100] "GET /Jurek/eurofirany/images/431706/4.jpg HTTP/1.1" 200 208660 "http://www.ebay.com/" "Mozilla/4.0 (compatible; MSIE 4.01; Windows NT)"
66.135.195.18 - - [04/Mar/2025:07:28:38 +0100] "GET /Jurek/eurofirany/images/432726/5.jpg HTTP/1.1" 200 198387 "http://www.ebay.com/" "Mozilla/4.0 (compatible; MSIE 4.01; Windows NT)"
66.135.195.18 - - [04/Mar/2025:07:28:38 +0100] "GET /Jurek/eurofirany/images/431706/3.jpg HTTP/1.1" 200 278870 "http://www.ebay.com/" "Mozilla/4.0 (compatible; MSIE 4.01; Windows NT)"
34.133.239.145 - - [04/Mar/2025:07:28:38 +0100] "GET /Jurek/eurofirany/images/459059/0.jpg HTTP/1.1" 200 124607 "-" "Mozilla/5.0 (X11; Linux x86_64) AppleWebKit/537.36 (KHTML, like Gecko) Chrome/110.0.0.0 Safari/537.36"
34.72.247.156 - - [04/Mar/2025:07:28:38 +0100] "GET /Jurek/eurofirany/images/463404/2.jpg HTTP/1.1" 200 138611 "-" "Mozilla/5.0 (X11; Linux x86_64) AppleWebKit/537.36 (KHTML, like Gecko) Chrome/110.0.0.0 Safari/537.36"
66.135.195.19 - - [04/Mar/2025:07:28:38 +0100] "GET /Jurek/eurofirany/images/431706/2.jpg HTTP/1.1" 200 333373 "http://www.ebay.com/" "Mozilla/4.0 (compatible; MSIE 4.01; Windows NT)"
34.72.247.156 - - [04/Mar/2025:07:28:39 +0100] "GET /Jurek/eurofirany/images/463404/3.jpg HTTP/1.1" 200 102411 "-" "Mozilla/5.0 (X11; Linux x86_64) AppleWebKit/537.36 (KHTML, like Gecko) Chrome/110.0.0.0 Safari/537.36"
66.135.202.71 - - [04/Mar/2025:07:28:40 +0100] "GET /Jurek/eurofirany/images/459070/1.jpg HTTP/1.1" 200 84290 "http://www.ebay.com/" "Mozilla/4.0 (compatible; MSIE 4.01; Windows NT)"
34.72.247.156 - - [04/Mar/2025:07:28:40 +0100] "GET /Jurek/eurofirany/images/463404/4.jpg HTTP/1.1" 200 143221 "-" "Mozilla/5.0 (X11; Linux x86_64) AppleWebKit/537.36 (KHTML, like Gecko) Chrome/110.0.0.0 Safari/537.36"
34.72.247.156 - - [04/Mar/2025:07:28:40 +0100] "GET /Jurek/eurofirany/images/459070/1.jpg HTTP/1.1" 200 84290 "-" "Mozilla/5.0 (X11; Linux x86_64) AppleWebKit/537.36 (KHTML, like Gecko) Chrome/110.0.0.0 Safari/537.36"
66.135.202.73 - - [04/Mar/2025:07:28:40 +0100] "GET /Jurek/eurofirany/images/459070/0.jpg HTTP/1.1" 200 156463 "http://www.ebay.com/" "Mozilla/4.0 (compatible; MSIE 4.01; Windows NT)"
34.72.247.156 - - [04/Mar/2025:07:28:41 +0100] "GET /Jurek/eurofirany/images/463404/5.jpg HTTP/1.1" 200 130454 "-" "Mozilla/5.0 (X11; Linux x86_64) AppleWebKit/537.36 (KHTML, like Gecko) Chrome/110.0.0.0 Safari/537.36"
34.72.247.156 - - [04/Mar/2025:07:28:42 +0100] "GET /Jurek/eurofirany/images/463404/6.jpg HTTP/1.1" 200 110914 "-" "Mozilla/5.0 (X11; Linux x86_64) AppleWebKit/537.36 (KHTML, like Gecko) Chrome/110.0.0.0 Safari/537.36"
66.135.202.173 - - [04/Mar/2025:07:28:42 +0100] "GET /Jurek/eurofirany/images/452602/0.jpg HTTP/1.1" 200 72126 "http://www.ebay.com/" "Mozilla/4.0 (compatible; MSIE 4.01; Windows NT)"
66.135.202.169 - - [04/Mar/2025:07:28:42 +0100] "GET /Jurek/eurofirany/images/452602/1.jpg HTTP/1.1" 200 93554 "http://www.ebay.com/" "Mozilla/4.0 (compatible; MSIE 4.01; Windows NT)"
66.135.202.170 - - [04/Mar/2025:07:28:42 +0100] "GET /Jurek/eurofirany/images/452602/2.jpg HTTP/1.1" 200 77254 "http://www.ebay.com/" "Mozilla/4.0 (compatible; MSIE 4.01; Windows NT)"
66.135.202.172 - - [04/Mar/2025:07:28:42 +0100] "GET /Jurek/eurofirany/images/452602/4.jpg HTTP/1.1" 200 92691 "http://www.ebay.com/" "Mozilla/4.0 (compatible; MSIE 4.01; Windows NT)"
66.135.202.173 - - [04/Mar/2025:07:28:42 +0100] "GET /Jurek/eurofirany/images/452602/5.jpg HTTP/1.1" 200 65133 "http://www.ebay.com/" "Mozilla/4.0 (compatible; MSIE 4.01; Windows NT)"
66.135.195.19 - - [04/Mar/2025:07:28:42 +0100] "GET /Jurek/eurofirany/images/452604/0.jpg HTTP/1.1" 200 72126 "http://www.ebay.com/" "Mozilla/4.0 (compatible; MSIE 4.01; Windows NT)"
66.135.195.20 - - [04/Mar/2025:07:28:42 +0100] "GET /Jurek/eurofirany/images/452604/1.jpg HTTP/1.1" 200 93554 "http://www.ebay.com/" "Mozilla/4.0 (compatible; MSIE 4.01; Windows NT)"
66.135.195.17 - - [04/Mar/2025:07:28:42 +0100] "GET /Jurek/eurofirany/images/452604/2.jpg HTTP/1.1" 200 77254 "http://www.ebay.com/" "Mozilla/4.0 (compatible; MSIE 4.01; Windows NT)"
66.135.195.18 - - [04/Mar/2025:07:28:42 +0100] "GET /Jurek/eurofirany/images/452604/4.jpg HTTP/1.1" 200 92691 "http://www.ebay.com/" "Mozilla/4.0 (compatible; MSIE 4.01; Windows NT)"
34.72.247.156 - - [04/Mar/2025:07:28:42 +0100] "GET /Jurek/eurofirany/images/459070/0.jpg HTTP/1.1" 200 156463 "-" "Mozilla/5.0 (X11; Linux x86_64) AppleWebKit/537.36 (KHTML, like Gecko) Chrome/110.0.0.0 Safari/537.36"
66.135.195.17 - - [04/Mar/2025:07:28:42 +0100] "GET /Jurek/eurofirany/images/452604/5.jpg HTTP/1.1" 200 65133 "http://www.ebay.com/" "Mozilla/4.0 (compatible; MSIE 4.01; Windows NT)"
66.135.195.20 - - [04/Mar/2025:07:28:42 +0100] "GET /Jurek/eurofirany/images/452604/7.jpg HTTP/1.1" 200 189869 "http://www.ebay.com/" "Mozilla/4.0 (compatible; MSIE 4.01; Windows NT)"
66.135.202.172 - - [04/Mar/2025:07:28:42 +0100] "GET /Jurek/eurofirany/images/452602/7.jpg HTTP/1.1" 200 189869 "http://www.ebay.com/" "Mozilla/4.0 (compatible; MSIE 4.01; Windows NT)"
66.135.195.16 - - [04/Mar/2025:07:28:42 +0100] "GET /Jurek/eurofirany/images/452604/6.jpg HTTP/1.1" 200 189869 "http://www.ebay.com/" "Mozilla/4.0 (compatible; MSIE 4.01; Windows NT)"
66.135.202.169 - - [04/Mar/2025:07:28:42 +0100] "GET /Jurek/eurofirany/images/452602/6.jpg HTTP/1.1" 200 189869 "http://www.ebay.com/" "Mozilla/4.0 (compatible; MSIE 4.01; Windows NT)"
34.72.247.156 - - [04/Mar/2025:07:28:42 +0100] "GET /Jurek/eurofirany/images/463404/0.jpg HTTP/1.1" 200 142077 "-" "Mozilla/5.0 (X11; Linux x86_64) AppleWebKit/537.36 (KHTML, like Gecko) Chrome/110.0.0.0 Safari/537.36"
66.135.202.171 - - [04/Mar/2025:07:28:42 +0100] "GET /Jurek/eurofirany/images/452602/3.jpg HTTP/1.1" 200 274744 "http://www.ebay.com/" "Mozilla/4.0 (compatible; MSIE 4.01; Windows NT)"
66.135.195.17 - - [04/Mar/2025:07:28:43 +0100] "GET /Jurek/eurofirany/images/452604/3.jpg HTTP/1.1" 200 274744 "http://www.ebay.com/" "Mozilla/4.0 (compatible; MSIE 4.01; Windows NT)"
66.135.202.75 - - [04/Mar/2025:07:28:45 +0100] "GET /Jurek/eurofirany/images/398943/0.jpg HTTP/1.1" 200 80342 "http://www.ebay.com/" "Mozilla/4.0 (compatible; MSIE 4.01; Windows NT)"
66.135.202.73 - - [04/Mar/2025:07:28:45 +0100] "GET /Jurek/eurofirany/images/398943/1.jpg HTTP/1.1" 200 41112 "http://www.ebay.com/" "Mozilla/4.0 (compatible; MSIE 4.01; Windows NT)"
66.135.202.74 - - [04/Mar/2025:07:28:45 +0100] "GET /Jurek/eurofirany/images/398943/6.jpg HTTP/1.1" 200 76777 "http://www.ebay.com/" "Mozilla/4.0 (compatible; MSIE 4.01; Windows NT)"
66.135.202.73 - - [04/Mar/2025:07:28:45 +0100] "GET /Jurek/eurofirany/images/398943/7.jpg HTTP/1.1" 200 90127 "http://www.ebay.com/" "Mozilla/4.0 (compatible; MSIE 4.01; Windows NT)"
66.135.195.19 - - [04/Mar/2025:07:28:45 +0100] "GET /Jurek/eurofirany/images/390020/3.jpg HTTP/1.1" 200 66433 "http://www.ebay.com/" "Mozilla/4.0 (compatible; MSIE 4.01; Windows NT)"
66.135.195.16 - - [04/Mar/2025:07:28:45 +0100] "GET /Jurek/eurofirany/images/390020/1.jpg HTTP/1.1" 200 118445 "http://www.ebay.com/" "Mozilla/4.0 (compatible; MSIE 4.01; Windows NT)"
66.135.195.17 - - [04/Mar/2025:07:28:45 +0100] "GET /Jurek/eurofirany/images/390020/0.jpg HTTP/1.1" 200 56382 "http://www.ebay.com/" "Mozilla/4.0 (compatible; MSIE 4.01; Windows NT)"
66.135.195.18 - - [04/Mar/2025:07:28:45 +0100] "GET /Jurek/eurofirany/images/390020/2.jpg HTTP/1.1" 200 101059 "http://www.ebay.com/" "Mozilla/4.0 (compatible; MSIE 4.01; Windows NT)"
66.135.202.72 - - [04/Mar/2025:07:28:45 +0100] "GET /Jurek/eurofirany/images/398943/2.jpg HTTP/1.1" 200 137979 "http://www.ebay.com/" "Mozilla/4.0 (compatible; MSIE 4.01; Windows NT)"
66.135.195.16 - - [04/Mar/2025:07:28:45 +0100] "GET /Jurek/eurofirany/images/390020/4.jpg HTTP/1.1" 200 86588 "http://www.ebay.com/" "Mozilla/4.0 (compatible; MSIE 4.01; Windows NT)"
66.135.195.17 - - [04/Mar/2025:07:28:45 +0100] "GET /Jurek/eurofirany/images/390020/5.jpg HTTP/1.1" 200 94632 "http://www.ebay.com/" "Mozilla/4.0 (compatible; MSIE 4.01; Windows NT)"
66.135.195.18 - - [04/Mar/2025:07:28:45 +0100] "GET /Jurek/eurofirany/images/390020/6.jpg HTTP/1.1" 200 76848 "http://www.ebay.com/" "Mozilla/4.0 (compatible; MSIE 4.01; Windows NT)"
66.135.202.73 - - [04/Mar/2025:07:28:45 +0100] "GET /Jurek/eurofirany/images/398943/4.jpg HTTP/1.1" 200 184598 "http://www.ebay.com/" "Mozilla/4.0 (compatible; MSIE 4.01; Windows NT)"
66.135.202.72 - - [04/Mar/2025:07:28:45 +0100] "GET /Jurek/eurofirany/images/398943/5.jpg HTTP/1.1" 200 179982 "http://www.ebay.com/" "Mozilla/4.0 (compatible; MSIE 4.01; Windows NT)"
66.135.202.74 - - [04/Mar/2025:07:28:46 +0100] "GET /Jurek/eurofirany/images/398943/3.jpg HTTP/1.1" 200 244527 "http://www.ebay.com/" "Mozilla/4.0 (compatible; MSIE 4.01; Windows NT)"
66.135.195.16 - - [04/Mar/2025:07:28:47 +0100] "GET /Jurek/eurofirany/images/460440/0.jpg HTTP/1.1" 200 34358 "-" "Java/17.0.12.0.101"
66.135.202.73 - - [04/Mar/2025:07:28:47 +0100] "GET /Jurek/eurofirany/images/373033/0.jpg HTTP/1.1" 200 85629 "http://www.ebay.com/" "Mozilla/4.0 (compatible; MSIE 4.01; Windows NT)"
66.135.202.71 - - [04/Mar/2025:07:28:47 +0100] "GET /Jurek/eurofirany/images/373033/1.jpg HTTP/1.1" 200 34878 "http://www.ebay.com/" "Mozilla/4.0 (compatible; MSIE 4.01; Windows NT)"
66.135.202.75 - - [04/Mar/2025:07:28:47 +0100] "GET /Jurek/eurofirany/images/373033/5.jpg HTTP/1.1" 200 124536 "http://www.ebay.com/" "Mozilla/4.0 (compatible; MSIE 4.01; Windows NT)"
66.135.202.71 - - [04/Mar/2025:07:28:47 +0100] "GET /Jurek/eurofirany/images/373033/6.jpg HTTP/1.1" 200 89424 "http://www.ebay.com/" "Mozilla/4.0 (compatible; MSIE 4.01; Windows NT)"
66.135.202.171 - - [04/Mar/2025:07:28:48 +0100] "GET /Jurek/eurofirany/images/463404/6.jpg HTTP/1.1" 200 110914 "http://www.ebay.com/" "Mozilla/4.0 (compatible; MSIE 4.01; Windows NT)"
66.135.202.172 - - [04/Mar/2025:07:28:48 +0100] "GET /Jurek/eurofirany/images/463404/3.jpg HTTP/1.1" 200 102411 "http://www.ebay.com/" "Mozilla/4.0 (compatible; MSIE 4.01; Windows NT)"
66.135.202.169 - - [04/Mar/2025:07:28:48 +0100] "GET /Jurek/eurofirany/images/463404/5.jpg HTTP/1.1" 200 130454 "http://www.ebay.com/" "Mozilla/4.0 (compatible; MSIE 4.01; Windows NT)"
66.135.202.171 - - [04/Mar/2025:07:28:48 +0100] "GET /Jurek/eurofirany/images/463404/1.jpg HTTP/1.1" 200 91941 "http://www.ebay.com/" "Mozilla/4.0 (compatible; MSIE 4.01; Windows NT)"
66.135.202.74 - - [04/Mar/2025:07:28:48 +0100] "GET /Jurek/eurofirany/images/373033/2.jpg HTTP/1.1" 200 155265 "http://www.ebay.com/" "Mozilla/4.0 (compatible; MSIE 4.01; Windows NT)"
66.135.202.169 - - [04/Mar/2025:07:28:48 +0100] "GET /Jurek/eurofirany/images/463404/0.jpg HTTP/1.1" 200 142077 "http://www.ebay.com/" "Mozilla/4.0 (compatible; MSIE 4.01; Windows NT)"
66.135.202.170 - - [04/Mar/2025:07:28:48 +0100] "GET /Jurek/eurofirany/images/463404/4.jpg HTTP/1.1" 200 143221 "http://www.ebay.com/" "Mozilla/4.0 (compatible; MSIE 4.01; Windows NT)"
66.135.202.173 - - [04/Mar/2025:07:28:48 +0100] "GET /Jurek/eurofirany/images/463404/2.jpg HTTP/1.1" 200 138611 "http://www.ebay.com/" "Mozilla/4.0 (compatible; MSIE 4.01; Windows NT)"
66.135.202.72 - - [04/Mar/2025:07:28:48 +0100] "GET /Jurek/eurofirany/images/373033/4.jpg HTTP/1.1" 200 192026 "http://www.ebay.com/" "Mozilla/4.0 (compatible; MSIE 4.01; Windows NT)"
66.135.202.73 - - [04/Mar/2025:07:28:48 +0100] "GET /Jurek/eurofirany/images/373033/3.jpg HTTP/1.1" 200 221108 "http://www.ebay.com/" "Mozilla/4.0 (compatible; MSIE 4.01; Windows NT)"
66.135.202.169 - - [04/Mar/2025:07:28:49 +0100] "GET /Jurek/eurofirany/images/464602/0.jpg HTTP/1.1" 200 29931 "-" "Java/17.0.12.0.101"
66.135.202.72 - - [04/Mar/2025:07:28:52 +0100] "GET /Jurek/eurofirany/images/448419/0.jpg HTTP/1.1" 200 68100 "http://www.ebay.com/" "Mozilla/4.0 (compatible; MSIE 4.01; Windows NT)"
66.135.202.75 - - [04/Mar/2025:07:28:52 +0100] "GET /Jurek/eurofirany/images/448419/1.jpg HTTP/1.1" 200 76522 "http://www.ebay.com/" "Mozilla/4.0 (compatible; MSIE 4.01; Windows NT)"
66.135.202.74 - - [04/Mar/2025:07:28:52 +0100] "GET /Jurek/eurofirany/images/448419/2.jpg HTTP/1.1" 200 37405 "http://www.ebay.com/" "Mozilla/4.0 (compatible; MSIE 4.01; Windows NT)"
66.135.202.74 - - [04/Mar/2025:07:28:52 +0100] "GET /Jurek/eurofirany/images/448419/3.jpg HTTP/1.1" 200 40705 "http://www.ebay.com/" "Mozilla/4.0 (compatible; MSIE 4.01; Windows NT)"
66.135.202.74 - - [04/Mar/2025:07:28:52 +0100] "GET /Jurek/eurofirany/images/448419/5.jpg HTTP/1.1" 200 40049 "http://www.ebay.com/" "Mozilla/4.0 (compatible; MSIE 4.01; Windows NT)"
66.135.202.71 - - [04/Mar/2025:07:28:52 +0100] "GET /Jurek/eurofirany/images/448419/6.jpg HTTP/1.1" 200 48592 "http://www.ebay.com/" "Mozilla/4.0 (compatible; MSIE 4.01; Windows NT)"
66.135.202.75 - - [04/Mar/2025:07:28:53 +0100] "GET /Jurek/eurofirany/images/448419/4.jpg HTTP/1.1" 200 216938 "http://www.ebay.com/" "Mozilla/4.0 (compatible; MSIE 4.01; Windows NT)"
66.135.202.73 - - [04/Mar/2025:07:28:56 +0100] "GET /Jurek/eurofirany/images/452603/0.jpg HTTP/1.1" 200 72126 "http://www.ebay.com/" "Mozilla/4.0 (compatible; MSIE 4.01; Windows NT)"
66.135.202.71 - - [04/Mar/2025:07:28:56 +0100] "GET /Jurek/eurofirany/images/452603/2.jpg HTTP/1.1" 200 77254 "http://www.ebay.com/" "Mozilla/4.0 (compatible; MSIE 4.01; Windows NT)"
66.135.202.71 - - [04/Mar/2025:07:28:56 +0100] "GET /Jurek/eurofirany/images/452603/1.jpg HTTP/1.1" 200 93554 "http://www.ebay.com/" "Mozilla/4.0 (compatible; MSIE 4.01; Windows NT)"
66.135.202.73 - - [04/Mar/2025:07:28:56 +0100] "GET /Jurek/eurofirany/images/452603/4.jpg HTTP/1.1" 200 92691 "http://www.ebay.com/" "Mozilla/4.0 (compatible; MSIE 4.01; Windows NT)"
66.135.202.74 - - [04/Mar/2025:07:28:56 +0100] "GET /Jurek/eurofirany/images/452603/5.jpg HTTP/1.1" 200 65133 "http://www.ebay.com/" "Mozilla/4.0 (compatible; MSIE 4.01; Windows NT)"
66.135.202.73 - - [04/Mar/2025:07:28:57 +0100] "GET /Jurek/eurofirany/images/452603/7.jpg HTTP/1.1" 200 189869 "http://www.ebay.com/" "Mozilla/4.0 (compatible; MSIE 4.01; Windows NT)"
66.135.202.72 - - [04/Mar/2025:07:28:57 +0100] "GET /Jurek/eurofirany/images/452603/6.jpg HTTP/1.1" 200 189869 "http://www.ebay.com/" "Mozilla/4.0 (compatible; MSIE 4.01; Windows NT)"
66.135.202.71 - - [04/Mar/2025:07:28:57 +0100] "GET /Jurek/eurofirany/images/452603/3.jpg HTTP/1.1" 200 274744 "http://www.ebay.com/" "Mozilla/4.0 (compatible; MSIE 4.01; Windows NT)"
34.72.247.156 - - [04/Mar/2025:07:28:57 +0100] "GET /Jurek/eurofirany/images/372432/1.jpg HTTP/1.1" 200 50310 "-" "Mozilla/5.0 (X11; Linux x86_64) AppleWebKit/537.36 (KHTML, like Gecko) Chrome/110.0.0.0 Safari/537.36"
34.72.247.156 - - [04/Mar/2025:07:28:58 +0100] "GET /Jurek/eurofirany/images/372435/1.jpg HTTP/1.1" 200 69407 "-" "Mozilla/5.0 (X11; Linux x86_64) AppleWebKit/537.36 (KHTML, like Gecko) Chrome/110.0.0.0 Safari/537.36"
34.72.247.156 - - [04/Mar/2025:07:28:58 +0100] "GET /Jurek/eurofirany/images/372432/2.jpg HTTP/1.1" 200 173979 "-" "Mozilla/5.0 (X11; Linux x86_64) AppleWebKit/537.36 (KHTML, like Gecko) Chrome/110.0.0.0 Safari/537.36"
66.135.202.170 - - [04/Mar/2025:07:28:59 +0100] "GET /Jurek/eurofirany/images/465045/0.jpg HTTP/1.1" 200 76044 "-" "Java/17.0.12.0.101"
66.135.202.172 - - [04/Mar/2025:07:28:59 +0100] "GET /Jurek/eurofirany/images/460438/0.jpg HTTP/1.1" 200 25897 "-" "Java/17.0.12.0.101"
34.72.247.156 - - [04/Mar/2025:07:28:59 +0100] "GET /Jurek/eurofirany/images/372435/2.jpg HTTP/1.1" 200 50310 "-" "Mozilla/5.0 (X11; Linux x86_64) AppleWebKit/537.36 (KHTML, like Gecko) Chrome/110.0.0.0 Safari/537.36"
34.72.247.156 - - [04/Mar/2025:07:29:00 +0100] "GET /Jurek/eurofirany/images/372432/3.jpg HTTP/1.1" 200 264060 "-" "Mozilla/5.0 (X11; Linux x86_64) AppleWebKit/537.36 (KHTML, like Gecko) Chrome/110.0.0.0 Safari/537.36"
34.72.247.156 - - [04/Mar/2025:07:29:00 +0100] "GET /Jurek/eurofirany/images/372435/3.jpg HTTP/1.1" 200 135174 "-" "Mozilla/5.0 (X11; Linux x86_64) AppleWebKit/537.36 (KHTML, like Gecko) Chrome/110.0.0.0 Safari/537.36"
34.72.247.156 - - [04/Mar/2025:07:29:00 +0100] "GET /Jurek/eurofirany/images/373035/2.jpg HTTP/1.1" 200 134177 "-" "Mozilla/5.0 (X11; Linux x86_64) AppleWebKit/537.36 (KHTML, like Gecko) Chrome/110.0.0.0 Safari/537.36"
34.72.247.156 - - [04/Mar/2025:07:29:01 +0100] "GET /Jurek/eurofirany/images/372435/4.jpg HTTP/1.1" 200 264060 "-" "Mozilla/5.0 (X11; Linux x86_64) AppleWebKit/537.36 (KHTML, like Gecko) Chrome/110.0.0.0 Safari/537.36"
34.72.247.156 - - [04/Mar/2025:07:29:01 +0100] "GET /Jurek/eurofirany/images/373034/3.jpg HTTP/1.1" 200 186117 "-" "Mozilla/5.0 (X11; Linux x86_64) AppleWebKit/537.36 (KHTML, like Gecko) Chrome/110.0.0.0 Safari/537.36"
34.72.247.156 - - [04/Mar/2025:07:29:01 +0100] "GET /Jurek/eurofirany/images/372432/4.jpg HTTP/1.1" 200 213325 "-" "Mozilla/5.0 (X11; Linux x86_64) AppleWebKit/537.36 (KHTML, like Gecko) Chrome/110.0.0.0 Safari/537.36"
34.72.247.156 - - [04/Mar/2025:07:29:01 +0100] "GET /Jurek/eurofirany/images/372435/5.jpg HTTP/1.1" 200 213325 "-" "Mozilla/5.0 (X11; Linux x86_64) AppleWebKit/537.36 (KHTML, like Gecko) Chrome/110.0.0.0 Safari/537.36"
34.72.247.156 - - [04/Mar/2025:07:29:01 +0100] "GET /Jurek/eurofirany/images/373035/3.jpg HTTP/1.1" 200 186117 "-" "Mozilla/5.0 (X11; Linux x86_64) AppleWebKit/537.36 (KHTML, like Gecko) Chrome/110.0.0.0 Safari/537.36"
34.72.247.156 - - [04/Mar/2025:07:29:02 +0100] "GET /Jurek/eurofirany/images/372432/5.jpg HTTP/1.1" 200 196503 "-" "Mozilla/5.0 (X11; Linux x86_64) AppleWebKit/537.36 (KHTML, like Gecko) Chrome/110.0.0.0 Safari/537.36"
66.135.202.169 - - [04/Mar/2025:07:29:02 +0100] "GET /Jurek/eurofirany/images/460406/0.jpg HTTP/1.1" 200 52473 "-" "Java/17.0.12.0.101"
34.72.247.156 - - [04/Mar/2025:07:29:02 +0100] "GET /Jurek/eurofirany/images/373034/4.jpg HTTP/1.1" 200 194507 "-" "Mozilla/5.0 (X11; Linux x86_64) AppleWebKit/537.36 (KHTML, like Gecko) Chrome/110.0.0.0 Safari/537.36"
66.135.202.173 - - [04/Mar/2025:07:29:02 +0100] "GET /Jurek/eurofirany/images/432976/0.jpg HTTP/1.1" 200 26287 "http://www.ebay.com/" "Mozilla/4.0 (compatible; MSIE 4.01; Windows NT)"
66.135.202.171 - - [04/Mar/2025:07:29:02 +0100] "GET /Jurek/eurofirany/images/432976/2.jpg HTTP/1.1" 200 77617 "http://www.ebay.com/" "Mozilla/4.0 (compatible; MSIE 4.01; Windows NT)"
66.135.202.171 - - [04/Mar/2025:07:29:02 +0100] "GET /Jurek/eurofirany/images/432976/1.jpg HTTP/1.1" 200 52212 "http://www.ebay.com/" "Mozilla/4.0 (compatible; MSIE 4.01; Windows NT)"
34.133.239.145 - - [04/Mar/2025:07:29:03 +0100] "GET /Jurek/eurofirany/images/373034/5.jpg HTTP/1.1" 200 138461 "-" "Mozilla/5.0 (X11; Linux x86_64) AppleWebKit/537.36 (KHTML, like Gecko) Chrome/110.0.0.0 Safari/537.36"
34.72.247.156 - - [04/Mar/2025:07:29:03 +0100] "GET /Jurek/eurofirany/images/373035/4.jpg HTTP/1.1" 200 179524 "-" "Mozilla/5.0 (X11; Linux x86_64) AppleWebKit/537.36 (KHTML, like Gecko) Chrome/110.0.0.0 Safari/537.36"
66.135.202.170 - - [04/Mar/2025:07:29:03 +0100] "GET /Jurek/eurofirany/images/452610/0.jpg HTTP/1.1" 200 102791 "http://www.ebay.com/" "Mozilla/4.0 (compatible; MSIE 4.01; Windows NT)"
34.72.247.156 - - [04/Mar/2025:07:29:03 +0100] "GET /Jurek/eurofirany/images/372435/6.jpg HTTP/1.1" 200 196503 "-" "Mozilla/5.0 (X11; Linux x86_64) AppleWebKit/537.36 (KHTML, like Gecko) Chrome/110.0.0.0 Safari/537.36"
66.135.202.171 - - [04/Mar/2025:07:29:03 +0100] "GET /Jurek/eurofirany/images/452610/1.jpg HTTP/1.1" 200 98296 "http://www.ebay.com/" "Mozilla/4.0 (compatible; MSIE 4.01; Windows NT)"
66.135.202.173 - - [04/Mar/2025:07:29:03 +0100] "GET /Jurek/eurofirany/images/452610/2.jpg HTTP/1.1" 200 95427 "http://www.ebay.com/" "Mozilla/4.0 (compatible; MSIE 4.01; Windows NT)"
34.133.239.145 - - [04/Mar/2025:07:29:03 +0100] "GET /Jurek/eurofirany/images/372432/6.jpg HTTP/1.1" 200 80859 "-" "Mozilla/5.0 (X11; Linux x86_64) AppleWebKit/537.36 (KHTML, like Gecko) Chrome/110.0.0.0 Safari/537.36"
34.72.247.156 - - [04/Mar/2025:07:29:03 +0100] "GET /Jurek/eurofirany/images/372435/7.jpg HTTP/1.1" 200 92826 "-" "Mozilla/5.0 (X11; Linux x86_64) AppleWebKit/537.36 (KHTML, like Gecko) Chrome/110.0.0.0 Safari/537.36"
34.133.239.145 - - [04/Mar/2025:07:29:04 +0100] "GET /Jurek/eurofirany/images/373034/6.jpg HTTP/1.1" 200 82761 "-" "Mozilla/5.0 (X11; Linux x86_64) AppleWebKit/537.36 (KHTML, like Gecko) Chrome/110.0.0.0 Safari/537.36"
34.72.247.156 - - [04/Mar/2025:07:29:04 +0100] "GET /Jurek/eurofirany/images/372432/7.jpg HTTP/1.1" 200 94211 "-" "Mozilla/5.0 (X11; Linux x86_64) AppleWebKit/537.36 (KHTML, like Gecko) Chrome/110.0.0.0 Safari/537.36"
34.72.247.156 - - [04/Mar/2025:07:29:04 +0100] "GET /Jurek/eurofirany/images/372435/8.jpg HTTP/1.1" 200 101179 "-" "Mozilla/5.0 (X11; Linux x86_64) AppleWebKit/537.36 (KHTML, like Gecko) Chrome/110.0.0.0 Safari/537.36"
34.133.239.145 - - [04/Mar/2025:07:29:05 +0100] "GET /Jurek/eurofirany/images/373035/5.jpg HTTP/1.1" 200 141229 "-" "Mozilla/5.0 (X11; Linux x86_64) AppleWebKit/537.36 (KHTML, like Gecko) Chrome/110.0.0.0 Safari/537.36"
34.72.247.156 - - [04/Mar/2025:07:29:05 +0100] "GET /Jurek/eurofirany/images/350262/4.jpg HTTP/1.1" 200 16503 "-" "Mozilla/5.0 (X11; Linux x86_64) AppleWebKit/537.36 (KHTML, like Gecko) Chrome/110.0.0.0 Safari/537.36"
34.133.239.145 - - [04/Mar/2025:07:29:05 +0100] "GET /Jurek/eurofirany/images/373034/1.jpg HTTP/1.1" 200 39389 "-" "Mozilla/5.0 (X11; Linux x86_64) AppleWebKit/537.36 (KHTML, like Gecko) Chrome/110.0.0.0 Safari/537.36"
34.72.247.156 - - [04/Mar/2025:07:29:05 +0100] "GET /Jurek/eurofirany/images/372432/0.jpg HTTP/1.1" 200 92691 "-" "Mozilla/5.0 (X11; Linux x86_64) AppleWebKit/537.36 (KHTML, like Gecko) Chrome/110.0.0.0 Safari/537.36"
34.72.247.156 - - [04/Mar/2025:07:29:05 +0100] "GET /Jurek/eurofirany/images/372435/0.jpg HTTP/1.1" 200 97644 "-" "Mozilla/5.0 (X11; Linux x86_64) AppleWebKit/537.36 (KHTML, like Gecko) Chrome/110.0.0.0 Safari/537.36"
34.133.239.145 - - [04/Mar/2025:07:29:05 +0100] "GET /Jurek/eurofirany/images/373035/6.jpg HTTP/1.1" 200 90599 "-" "Mozilla/5.0 (X11; Linux x86_64) AppleWebKit/537.36 (KHTML, like Gecko) Chrome/110.0.0.0 Safari/537.36"
34.72.247.156 - - [04/Mar/2025:07:29:05 +0100] "GET /Jurek/eurofirany/images/350262/5.jpg HTTP/1.1" 200 16503 "-" "Mozilla/5.0 (X11; Linux x86_64) AppleWebKit/537.36 (KHTML, like Gecko) Chrome/110.0.0.0 Safari/537.36"
34.72.247.156 - - [04/Mar/2025:07:29:05 +0100] "GET /Jurek/eurofirany/images/373034/2.jpg HTTP/1.1" 200 95874 "-" "Mozilla/5.0 (X11; Linux x86_64) AppleWebKit/537.36 (KHTML, like Gecko) Chrome/110.0.0.0 Safari/537.36"
34.72.247.156 - - [04/Mar/2025:07:29:06 +0100] "GET /Jurek/eurofirany/images/350262/6.jpg HTTP/1.1" 200 16503 "-" "Mozilla/5.0 (X11; Linux x86_64) AppleWebKit/537.36 (KHTML, like Gecko) Chrome/110.0.0.0 Safari/537.36"
34.72.247.156 - - [04/Mar/2025:07:29:06 +0100] "GET /Jurek/eurofirany/images/350262/1.jpg HTTP/1.1" 200 74726 "-" "Mozilla/5.0 (X11; Linux x86_64) AppleWebKit/537.36 (KHTML, like Gecko) Chrome/110.0.0.0 Safari/537.36"
34.133.239.145 - - [04/Mar/2025:07:29:06 +0100] "GET /Jurek/eurofirany/images/373035/1.jpg HTTP/1.1" 200 25399 "-" "Mozilla/5.0 (X11; Linux x86_64) AppleWebKit/537.36 (KHTML, like Gecko) Chrome/110.0.0.0 Safari/537.36"
34.72.247.156 - - [04/Mar/2025:07:29:06 +0100] "GET /Jurek/eurofirany/images/373034/0.jpg HTTP/1.1" 200 86466 "-" "Mozilla/5.0 (X11; Linux x86_64) AppleWebKit/537.36 (KHTML, like Gecko) Chrome/110.0.0.0 Safari/537.36"
34.72.247.156 - - [04/Mar/2025:07:29:06 +0100] "GET /Jurek/eurofirany/images/350262/2.jpg HTTP/1.1" 200 16503 "-" "Mozilla/5.0 (X11; Linux x86_64) AppleWebKit/537.36 (KHTML, like Gecko) Chrome/110.0.0.0 Safari/537.36"
34.72.247.156 - - [04/Mar/2025:07:29:07 +0100] "GET /Jurek/eurofirany/images/350262/3.jpg HTTP/1.1" 200 16503 "-" "Mozilla/5.0 (X11; Linux x86_64) AppleWebKit/537.36 (KHTML, like Gecko) Chrome/110.0.0.0 Safari/537.36"
34.133.239.145 - - [04/Mar/2025:07:29:07 +0100] "GET /Jurek/eurofirany/images/373035/0.jpg HTTP/1.1" 200 81742 "-" "Mozilla/5.0 (X11; Linux x86_64) AppleWebKit/537.36 (KHTML, like Gecko) Chrome/110.0.0.0 Safari/537.36"
66.135.195.20 - - [04/Mar/2025:07:29:07 +0100] "GET /Jurek/eurofirany/images/460423/0.jpg HTTP/1.1" 200 35196 "-" "Java/17.0.12.0.101"
34.72.247.156 - - [04/Mar/2025:07:29:07 +0100] "GET /Jurek/eurofirany/images/350262/0.jpg HTTP/1.1" 200 16503 "-" "Mozilla/5.0 (X11; Linux x86_64) AppleWebKit/537.36 (KHTML, like Gecko) Chrome/110.0.0.0 Safari/537.36"
66.135.202.172 - - [04/Mar/2025:07:29:09 +0100] "GET /Jurek/eurofirany/images/463842/0.jpg HTTP/1.1" 200 49975 "-" "Java/17.0.12.0.101"
66.135.202.73 - - [04/Mar/2025:07:29:10 +0100] "GET /Jurek/eurofirany/images/389888/0.jpg HTTP/1.1" 200 54466 "http://www.ebay.com/" "Mozilla/4.0 (compatible; MSIE 4.01; Windows NT)"
66.135.202.75 - - [04/Mar/2025:07:29:10 +0100] "GET /Jurek/eurofirany/images/389888/5.jpg HTTP/1.1" 200 71356 "http://www.ebay.com/" "Mozilla/4.0 (compatible; MSIE 4.01; Windows NT)"
66.135.202.71 - - [04/Mar/2025:07:29:10 +0100] "GET /Jurek/eurofirany/images/389888/1.jpg HTTP/1.1" 200 70620 "http://www.ebay.com/" "Mozilla/4.0 (compatible; MSIE 4.01; Windows NT)"
66.135.202.75 - - [04/Mar/2025:07:29:10 +0100] "GET /Jurek/eurofirany/images/389888/4.jpg HTTP/1.1" 200 63777 "http://www.ebay.com/" "Mozilla/4.0 (compatible; MSIE 4.01; Windows NT)"
66.135.202.75 - - [04/Mar/2025:07:29:10 +0100] "GET /Jurek/eurofirany/images/389888/2.jpg HTTP/1.1" 200 74972 "http://www.ebay.com/" "Mozilla/4.0 (compatible; MSIE 4.01; Windows NT)"
66.135.202.73 - - [04/Mar/2025:07:29:10 +0100] "GET /Jurek/eurofirany/images/389888/3.jpg HTTP/1.1" 200 64721 "http://www.ebay.com/" "Mozilla/4.0 (compatible; MSIE 4.01; Windows NT)"
66.135.195.19 - - [04/Mar/2025:07:29:18 +0100] "GET /Jurek/eurofirany/images/463845/0.jpg HTTP/1.1" 200 78308 "-" "Java/17.0.12.0.101"
66.135.195.16 - - [04/Mar/2025:07:29:20 +0100] "GET /Jurek/eurofirany/images/463846/0.jpg HTTP/1.1" 200 84882 "-" "Java/17.0.12.0.101"
66.135.202.73 - - [04/Mar/2025:07:29:24 +0100] "GET /Jurek/eurofirany/images/390751/0.jpg HTTP/1.1" 200 108056 "http://www.ebay.com/" "Mozilla/4.0 (compatible; MSIE 4.01; Windows NT)"
66.135.202.71 - - [04/Mar/2025:07:29:24 +0100] "GET /Jurek/eurofirany/images/390751/1.jpg HTTP/1.1" 200 52604 "http://www.ebay.com/" "Mozilla/4.0 (compatible; MSIE 4.01; Windows NT)"
66.135.202.75 - - [04/Mar/2025:07:29:24 +0100] "GET /Jurek/eurofirany/images/390751/9.jpg HTTP/1.1" 200 105822 "http://www.ebay.com/" "Mozilla/4.0 (compatible; MSIE 4.01; Windows NT)"
66.135.202.169 - - [04/Mar/2025:07:29:25 +0100] "GET /Jurek/eurofirany/images/463844/0.jpg HTTP/1.1" 200 68901 "-" "Java/17.0.12.0.101"
66.135.202.74 - - [04/Mar/2025:07:29:25 +0100] "GET /Jurek/eurofirany/images/390751/2.jpg HTTP/1.1" 200 174559 "http://www.ebay.com/" "Mozilla/4.0 (compatible; MSIE 4.01; Windows NT)"
66.135.202.72 - - [04/Mar/2025:07:29:25 +0100] "GET /Jurek/eurofirany/images/390751/5.jpg HTTP/1.1" 200 194822 "http://www.ebay.com/" "Mozilla/4.0 (compatible; MSIE 4.01; Windows NT)"
66.135.202.74 - - [04/Mar/2025:07:29:25 +0100] "GET /Jurek/eurofirany/images/390751/7.jpg HTTP/1.1" 200 189167 "http://www.ebay.com/" "Mozilla/4.0 (compatible; MSIE 4.01; Windows NT)"
66.135.202.74 - - [04/Mar/2025:07:29:25 +0100] "GET /Jurek/eurofirany/images/390751/3.jpg HTTP/1.1" 200 224687 "http://www.ebay.com/" "Mozilla/4.0 (compatible; MSIE 4.01; Windows NT)"
66.135.202.73 - - [04/Mar/2025:07:29:25 +0100] "GET /Jurek/eurofirany/images/390751/6.jpg HTTP/1.1" 200 249686 "http://www.ebay.com/" "Mozilla/4.0 (compatible; MSIE 4.01; Windows NT)"
66.135.202.72 - - [04/Mar/2025:07:29:25 +0100] "GET /Jurek/eurofirany/images/390751/8.jpg HTTP/1.1" 200 267886 "http://www.ebay.com/" "Mozilla/4.0 (compatible; MSIE 4.01; Windows NT)"
66.135.202.71 - - [04/Mar/2025:07:29:26 +0100] "GET /Jurek/eurofirany/images/390751/4.jpg HTTP/1.1" 200 275168 "http://www.ebay.com/" "Mozilla/4.0 (compatible; MSIE 4.01; Windows NT)"
66.135.195.18 - - [04/Mar/2025:07:29:26 +0100] "GET /Jurek/eurofirany/images/463843/0.jpg HTTP/1.1" 200 51331 "-" "Java/17.0.12.0.101"
66.135.195.20 - - [04/Mar/2025:07:29:27 +0100] "GET /Jurek/eurofirany/images/373040/0.jpg HTTP/1.1" 200 75838 "http://www.ebay.com/" "Mozilla/4.0 (compatible; MSIE 4.01; Windows NT)"
66.135.195.19 - - [04/Mar/2025:07:29:27 +0100] "GET /Jurek/eurofirany/images/373040/1.jpg HTTP/1.1" 200 24992 "http://www.ebay.com/" "Mozilla/4.0 (compatible; MSIE 4.01; Windows NT)"
66.135.195.18 - - [04/Mar/2025:07:29:27 +0100] "GET /Jurek/eurofirany/images/373040/7.jpg HTTP/1.1" 200 84393 "http://www.ebay.com/" "Mozilla/4.0 (compatible; MSIE 4.01; Windows NT)"
66.135.195.19 - - [04/Mar/2025:07:29:27 +0100] "GET /Jurek/eurofirany/images/373040/6.jpg HTTP/1.1" 200 74452 "http://www.ebay.com/" "Mozilla/4.0 (compatible; MSIE 4.01; Windows NT)"
66.135.195.18 - - [04/Mar/2025:07:29:27 +0100] "GET /Jurek/eurofirany/images/373040/2.jpg HTTP/1.1" 200 144871 "http://www.ebay.com/" "Mozilla/4.0 (compatible; MSIE 4.01; Windows NT)"
66.135.195.19 - - [04/Mar/2025:07:29:27 +0100] "GET /Jurek/eurofirany/images/373040/3.jpg HTTP/1.1" 200 176465 "http://www.ebay.com/" "Mozilla/4.0 (compatible; MSIE 4.01; Windows NT)"
66.135.195.17 - - [04/Mar/2025:07:29:27 +0100] "GET /Jurek/eurofirany/images/373040/5.jpg HTTP/1.1" 200 165778 "http://www.ebay.com/" "Mozilla/4.0 (compatible; MSIE 4.01; Windows NT)"
66.135.195.19 - - [04/Mar/2025:07:29:27 +0100] "GET /Jurek/eurofirany/images/373040/4.jpg HTTP/1.1" 200 171610 "http://www.ebay.com/" "Mozilla/4.0 (compatible; MSIE 4.01; Windows NT)"
66.135.202.74 - - [04/Mar/2025:07:29:28 +0100] "GET /Jurek/eurofirany/images/372435/1.jpg HTTP/1.1" 200 69407 "http://www.ebay.com/" "Mozilla/4.0 (compatible; MSIE 4.01; Windows NT)"
66.135.202.71 - - [04/Mar/2025:07:29:28 +0100] "GET /Jurek/eurofirany/images/372435/0.jpg HTTP/1.1" 200 97644 "http://www.ebay.com/" "Mozilla/4.0 (compatible; MSIE 4.01; Windows NT)"
