66.135.202.173 - - [04/Mar/2025:07:24:40 +0100] "GET /Jurek/eurofirany/images/432715/3.jpg HTTP/1.1" 200 46964 "http://www.ebay.com/" "Mozilla/4.0 (compatible; MSIE 4.01; Windows NT)"
66.135.202.173 - - [04/Mar/2025:07:24:40 +0100] "GET /Jurek/eurofirany/images/432715/1.jpg HTTP/1.1" 200 63680 "http://www.ebay.com/" "Mozilla/4.0 (compatible; MSIE 4.01; Windows NT)"
66.135.202.172 - - [04/Mar/2025:07:24:40 +0100] "GET /Jurek/eurofirany/images/432715/6.jpg HTTP/1.1" 200 113934 "http://www.ebay.com/" "Mozilla/4.0 (compatible; MSIE 4.01; Windows NT)"
66.135.202.173 - - [04/Mar/2025:07:24:40 +0100] "GET /Jurek/eurofirany/images/432715/4.jpg HTTP/1.1" 200 165305 "http://www.ebay.com/" "Mozilla/4.0 (compatible; MSIE 4.01; Windows NT)"
66.135.202.171 - - [04/Mar/2025:07:24:41 +0100] "GET /Jurek/eurofirany/images/432715/5.jpg HTTP/1.1" 200 211579 "http://www.ebay.com/" "Mozilla/4.0 (compatible; MSIE 4.01; Windows NT)"
66.135.195.20 - - [04/Mar/2025:07:24:41 +0100] "GET /Jurek/eurofirany/images/452607/0.jpg HTTP/1.1" 200 71754 "-" "Java/17.0.12.0.101"
85.232.241.194 - - [04/Mar/2025:07:24:41 +0100] "GET /Jurek/naszedzieci/feeds/naszedzieci_worten.xml HTTP/1.1" 200 833270528 "-" "Python-urllib/3.11"
66.135.202.171 - - [04/Mar/2025:07:24:42 +0100] "GET /Jurek/eurofirany/images/432716/0.jpg HTTP/1.1" 200 39850 "http://www.ebay.com/" "Mozilla/4.0 (compatible; MSIE 4.01; Windows NT)"
66.135.202.169 - - [04/Mar/2025:07:24:43 +0100] "GET /Jurek/eurofirany/images/432716/1.jpg HTTP/1.1" 200 63680 "http://www.ebay.com/" "Mozilla/4.0 (compatible; MSIE 4.01; Windows NT)"
66.135.202.171 - - [04/Mar/2025:07:24:43 +0100] "GET /Jurek/eurofirany/images/432716/2.jpg HTTP/1.1" 200 57272 "http://www.ebay.com/" "Mozilla/4.0 (compatible; MSIE 4.01; Windows NT)"
66.135.202.173 - - [04/Mar/2025:07:24:43 +0100] "GET /Jurek/eurofirany/images/432716/3.jpg HTTP/1.1" 200 46964 "http://www.ebay.com/" "Mozilla/4.0 (compatible; MSIE 4.01; Windows NT)"
66.135.202.171 - - [04/Mar/2025:07:24:43 +0100] "GET /Jurek/eurofirany/images/432716/6.jpg HTTP/1.1" 200 113934 "http://www.ebay.com/" "Mozilla/4.0 (compatible; MSIE 4.01; Windows NT)"
66.135.202.169 - - [04/Mar/2025:07:24:43 +0100] "GET /Jurek/eurofirany/images/432716/4.jpg HTTP/1.1" 200 165305 "http://www.ebay.com/" "Mozilla/4.0 (compatible; MSIE 4.01; Windows NT)"
66.135.202.173 - - [04/Mar/2025:07:24:43 +0100] "GET /Jurek/eurofirany/images/432716/5.jpg HTTP/1.1" 200 211579 "http://www.ebay.com/" "Mozilla/4.0 (compatible; MSIE 4.01; Windows NT)"
66.135.202.172 - - [04/Mar/2025:07:24:43 +0100] "GET /Jurek/eurofirany/images/452586/0.jpg HTTP/1.1" 200 69863 "-" "Java/17.0.12.0.101"
85.232.241.194 - - [04/Mar/2025:07:24:44 +0100] "GET /Jurek/naszedzieci/feeds/naszedzieci_wortenES.xml HTTP/1.1" 200 833289748 "-" "Python-urllib/3.11"
85.232.241.194 - - [04/Mar/2025:07:24:45 +0100] "GET /Jurek/awparts/feeds/awparts_worten.xml HTTP/1.1" 200 142306714 "-" "Python-urllib/3.11"
85.232.241.194 - - [04/Mar/2025:07:24:45 +0100] "GET /Jurek/awparts/feeds/awparts_wortenES.xml HTTP/1.1" 200 142309326 "-" "Python-urllib/3.11"
85.232.241.194 - - [04/Mar/2025:07:24:45 +0100] "GET /Jurek/emaja24/feeds/emaja24_worten.xml HTTP/1.1" 200 5110167 "-" "Python-urllib/3.11"
85.232.241.194 - - [04/Mar/2025:07:24:45 +0100] "GET /Jurek/emaja24/feeds/emaja24_wortenES.xml HTTP/1.1" 200 5110162 "-" "Python-urllib/3.11"
85.232.241.194 - - [04/Mar/2025:07:24:45 +0100] "GET /Jurek/straganspoz/feeds/straganspoz_worten.xml HTTP/1.1" 200 9514296 "-" "Python-urllib/3.11"
85.232.241.194 - - [04/Mar/2025:07:24:45 +0100] "GET /Jurek/straganspoz/feeds/straganspoz_wortenES.xml HTTP/1.1" 200 9514140 "-" "Python-urllib/3.11"
66.135.195.16 - - [04/Mar/2025:07:24:50 +0100] "GET /Jurek/eurofirany/images/459052/0.jpg HTTP/1.1" 200 104124 "-" "Java/17.0.12.0.101"
66.135.202.172 - - [04/Mar/2025:07:24:54 +0100] "GET /Jurek/eurofirany/images/452613/0.jpg HTTP/1.1" 200 113327 "-" "Java/17.0.12.0.101"
66.135.195.18 - - [04/Mar/2025:07:24:59 +0100] "GET /Jurek/eurofirany/images/464656/0.jpg HTTP/1.1" 200 203438 "-" "Java/17.0.12.0.101"
66.135.195.17 - - [04/Mar/2025:07:25:00 +0100] "GET /Jurek/eurofirany/images/459056/0.jpg HTTP/1.1" 200 81194 "-" "Java/17.0.12.0.101"
66.135.202.173 - - [04/Mar/2025:07:25:01 +0100] "GET /Jurek/eurofirany/images/459329/0.jpg HTTP/1.1" 200 91812 "-" "Java/17.0.12.0.101"
66.135.202.173 - - [04/Mar/2025:07:25:01 +0100] "GET /Jurek/eurofirany/images/452605/0.jpg HTTP/1.1" 200 71754 "http://www.ebay.com/" "Mozilla/4.0 (compatible; MSIE 4.01; Windows NT)"
66.135.202.169 - - [04/Mar/2025:07:25:01 +0100] "GET /Jurek/eurofirany/images/452605/2.jpg HTTP/1.1" 200 71595 "http://www.ebay.com/" "Mozilla/4.0 (compatible; MSIE 4.01; Windows NT)"
66.135.202.173 - - [04/Mar/2025:07:25:01 +0100] "GET /Jurek/eurofirany/images/452605/5.jpg HTTP/1.1" 200 64279 "http://www.ebay.com/" "Mozilla/4.0 (compatible; MSIE 4.01; Windows NT)"
66.135.202.170 - - [04/Mar/2025:07:25:01 +0100] "GET /Jurek/eurofirany/images/452605/1.jpg HTTP/1.1" 200 94257 "http://www.ebay.com/" "Mozilla/4.0 (compatible; MSIE 4.01; Windows NT)"
66.135.202.170 - - [04/Mar/2025:07:25:01 +0100] "GET /Jurek/eurofirany/images/452605/4.jpg HTTP/1.1" 200 83017 "http://www.ebay.com/" "Mozilla/4.0 (compatible; MSIE 4.01; Windows NT)"
66.135.202.172 - - [04/Mar/2025:07:25:01 +0100] "GET /Jurek/eurofirany/images/452605/6.jpg HTTP/1.1" 200 167175 "http://www.ebay.com/" "Mozilla/4.0 (compatible; MSIE 4.01; Windows NT)"
66.135.195.20 - - [04/Mar/2025:07:25:01 +0100] "GET /Jurek/eurofirany/images/463398/0.jpg HTTP/1.1" 200 164335 "-" "Java/17.0.12.0.101"
66.135.202.172 - - [04/Mar/2025:07:25:01 +0100] "GET /Jurek/eurofirany/images/452605/7.jpg HTTP/1.1" 200 167175 "http://www.ebay.com/" "Mozilla/4.0 (compatible; MSIE 4.01; Windows NT)"
66.135.202.171 - - [04/Mar/2025:07:25:02 +0100] "GET /Jurek/eurofirany/images/452605/3.jpg HTTP/1.1" 200 255775 "http://www.ebay.com/" "Mozilla/4.0 (compatible; MSIE 4.01; Windows NT)"
66.135.195.17 - - [04/Mar/2025:07:25:05 +0100] "GET /Jurek/eurofirany/images/464659/0.jpg HTTP/1.1" 200 221624 "-" "Java/17.0.12.0.101"
66.135.202.170 - - [04/Mar/2025:07:25:08 +0100] "GET /Jurek/eurofirany/images/459068/0.jpg HTTP/1.1" 200 98238 "-" "Java/17.0.12.0.101"
66.135.202.172 - - [04/Mar/2025:07:25:10 +0100] "GET /Jurek/eurofirany/images/459057/0.jpg HTTP/1.1" 200 81194 "-" "Java/17.0.12.0.101"
66.135.202.73 - - [04/Mar/2025:07:25:11 +0100] "GET /Jurek/eurofirany/images/432675/0.jpg HTTP/1.1" 200 24822 "http://www.ebay.com/" "Mozilla/4.0 (compatible; MSIE 4.01; Windows NT)"
66.135.202.74 - - [04/Mar/2025:07:25:11 +0100] "GET /Jurek/eurofirany/images/432675/3.jpg HTTP/1.1" 200 30338 "http://www.ebay.com/" "Mozilla/4.0 (compatible; MSIE 4.01; Windows NT)"
66.135.202.72 - - [04/Mar/2025:07:25:11 +0100] "GET /Jurek/eurofirany/images/432675/4.jpg HTTP/1.1" 200 110089 "http://www.ebay.com/" "Mozilla/4.0 (compatible; MSIE 4.01; Windows NT)"
66.135.202.73 - - [04/Mar/2025:07:25:11 +0100] "GET /Jurek/eurofirany/images/432675/1.jpg HTTP/1.1" 200 49786 "http://www.ebay.com/" "Mozilla/4.0 (compatible; MSIE 4.01; Windows NT)"
66.135.202.75 - - [04/Mar/2025:07:25:11 +0100] "GET /Jurek/eurofirany/images/432675/2.jpg HTTP/1.1" 200 36777 "http://www.ebay.com/" "Mozilla/4.0 (compatible; MSIE 4.01; Windows NT)"
66.135.202.73 - - [04/Mar/2025:07:25:11 +0100] "GET /Jurek/eurofirany/images/432675/6.jpg HTTP/1.1" 200 51316 "http://www.ebay.com/" "Mozilla/4.0 (compatible; MSIE 4.01; Windows NT)"
66.135.202.73 - - [04/Mar/2025:07:25:11 +0100] "GET /Jurek/eurofirany/images/432675/5.jpg HTTP/1.1" 200 140295 "http://www.ebay.com/" "Mozilla/4.0 (compatible; MSIE 4.01; Windows NT)"
66.135.202.171 - - [04/Mar/2025:07:25:16 +0100] "GET /Jurek/eurofirany/images/459061/0.jpg HTTP/1.1" 200 144283 "-" "Java/17.0.12.0.101"
66.135.195.16 - - [04/Mar/2025:07:25:18 +0100] "GET /Jurek/eurofirany/images/463390/0.jpg HTTP/1.1" 200 115824 "-" "Java/17.0.12.0.101"
66.135.195.16 - - [04/Mar/2025:07:25:26 +0100] "GET /Jurek/eurofirany/images/463403/0.jpg HTTP/1.1" 200 142077 "-" "Java/17.0.12.0.101"
66.135.195.20 - - [04/Mar/2025:07:25:27 +0100] "GET /Jurek/eurofirany/images/459052/1.jpg HTTP/1.1" 200 48794 "http://www.ebay.com/" "Mozilla/4.0 (compatible; MSIE 4.01; Windows NT)"
66.135.195.19 - - [04/Mar/2025:07:25:27 +0100] "GET /Jurek/eurofirany/images/459052/0.jpg HTTP/1.1" 200 104124 "http://www.ebay.com/" "Mozilla/4.0 (compatible; MSIE 4.01; Windows NT)"
66.135.195.16 - - [04/Mar/2025:07:25:27 +0100] "GET /Jurek/eurofirany/images/459052/2.jpg HTTP/1.1" 200 48794 "http://www.ebay.com/" "Mozilla/4.0 (compatible; MSIE 4.01; Windows NT)"
66.135.195.19 - - [04/Mar/2025:07:25:27 +0100] "GET /Jurek/eurofirany/images/452607/0.jpg HTTP/1.1" 200 71754 "http://www.ebay.com/" "Mozilla/4.0 (compatible; MSIE 4.01; Windows NT)"
66.135.195.17 - - [04/Mar/2025:07:25:27 +0100] "GET /Jurek/eurofirany/images/452607/2.jpg HTTP/1.1" 200 71595 "http://www.ebay.com/" "Mozilla/4.0 (compatible; MSIE 4.01; Windows NT)"
66.135.195.18 - - [04/Mar/2025:07:25:27 +0100] "GET /Jurek/eurofirany/images/452607/1.jpg HTTP/1.1" 200 94257 "http://www.ebay.com/" "Mozilla/4.0 (compatible; MSIE 4.01; Windows NT)"
66.135.195.16 - - [04/Mar/2025:07:25:27 +0100] "GET /Jurek/eurofirany/images/452607/4.jpg HTTP/1.1" 200 83017 "http://www.ebay.com/" "Mozilla/4.0 (compatible; MSIE 4.01; Windows NT)"
66.135.195.19 - - [04/Mar/2025:07:25:27 +0100] "GET /Jurek/eurofirany/images/452607/5.jpg HTTP/1.1" 200 64279 "http://www.ebay.com/" "Mozilla/4.0 (compatible; MSIE 4.01; Windows NT)"
66.135.195.16 - - [04/Mar/2025:07:25:28 +0100] "GET /Jurek/eurofirany/images/452607/6.jpg HTTP/1.1" 200 167175 "http://www.ebay.com/" "Mozilla/4.0 (compatible; MSIE 4.01; Windows NT)"
66.135.195.17 - - [04/Mar/2025:07:25:28 +0100] "GET /Jurek/eurofirany/images/452607/7.jpg HTTP/1.1" 200 167175 "http://www.ebay.com/" "Mozilla/4.0 (compatible; MSIE 4.01; Windows NT)"
66.135.195.19 - - [04/Mar/2025:07:25:28 +0100] "GET /Jurek/eurofirany/images/452607/3.jpg HTTP/1.1" 200 255775 "http://www.ebay.com/" "Mozilla/4.0 (compatible; MSIE 4.01; Windows NT)"
66.135.202.171 - - [04/Mar/2025:07:25:33 +0100] "GET /Jurek/eurofirany/images/459073/0.jpg HTTP/1.1" 200 144988 "-" "Java/17.0.12.0.101"
66.135.195.17 - - [04/Mar/2025:07:25:35 +0100] "GET /Jurek/eurofirany/images/459067/0.jpg HTTP/1.1" 200 158271 "-" "Java/17.0.12.0.101"
89.161.206.59 - - [04/Mar/2025:07:25:35 +0100] "GET /Jurek/ikonka/feeds/ikonka_allegro_cz.xml HTTP/1.0" 200 21454970 "-" "-"
66.135.202.171 - - [04/Mar/2025:07:25:38 +0100] "GET /Jurek/eurofirany/images/452584/0.jpg HTTP/1.1" 200 59953 "http://www.ebay.com/" "Mozilla/4.0 (compatible; MSIE 4.01; Windows NT)"
66.135.202.169 - - [04/Mar/2025:07:25:38 +0100] "GET /Jurek/eurofirany/images/452584/1.jpg HTTP/1.1" 200 53610 "http://www.ebay.com/" "Mozilla/4.0 (compatible; MSIE 4.01; Windows NT)"
66.135.202.171 - - [04/Mar/2025:07:25:38 +0100] "GET /Jurek/eurofirany/images/452584/2.jpg HTTP/1.1" 200 40040 "http://www.ebay.com/" "Mozilla/4.0 (compatible; MSIE 4.01; Windows NT)"
66.135.202.173 - - [04/Mar/2025:07:25:38 +0100] "GET /Jurek/eurofirany/images/452584/3.jpg HTTP/1.1" 200 113170 "http://www.ebay.com/" "Mozilla/4.0 (compatible; MSIE 4.01; Windows NT)"
66.135.202.171 - - [04/Mar/2025:07:25:38 +0100] "GET /Jurek/eurofirany/images/452584/4.jpg HTTP/1.1" 200 80464 "http://www.ebay.com/" "Mozilla/4.0 (compatible; MSIE 4.01; Windows NT)"
66.135.202.173 - - [04/Mar/2025:07:25:38 +0100] "GET /Jurek/eurofirany/images/452584/5.jpg HTTP/1.1" 200 48840 "http://www.ebay.com/" "Mozilla/4.0 (compatible; MSIE 4.01; Windows NT)"
66.135.202.169 - - [04/Mar/2025:07:25:38 +0100] "GET /Jurek/eurofirany/images/452584/6.jpg HTTP/1.1" 200 100608 "http://www.ebay.com/" "Mozilla/4.0 (compatible; MSIE 4.01; Windows NT)"
66.135.202.173 - - [04/Mar/2025:07:25:38 +0100] "GET /Jurek/eurofirany/images/452584/7.jpg HTTP/1.1" 200 100608 "http://www.ebay.com/" "Mozilla/4.0 (compatible; MSIE 4.01; Windows NT)"
66.135.195.19 - - [04/Mar/2025:07:25:39 +0100] "GET /Jurek/eurofirany/images/459059/0.jpg HTTP/1.1" 200 124607 "-" "Java/17.0.12.0.101"
66.135.195.17 - - [04/Mar/2025:07:25:39 +0100] "GET /Jurek/eurofirany/images/463404/0.jpg HTTP/1.1" 200 142077 "-" "Java/17.0.12.0.101"
89.161.206.59 - - [04/Mar/2025:07:25:40 +0100] "GET /Jurek/kambukka/feeds/kambukka_allegro.xml HTTP/1.0" 200 1046972 "-" "-"
89.161.206.59 - - [04/Mar/2025:07:25:40 +0100] "GET /Jurek/swiatecznygoliat/feeds/swiatecznygoliat_allegro.xml HTTP/1.0" 200 7054771 "-" "-"
89.161.206.59 - - [04/Mar/2025:07:25:42 +0100] "GET /Jurek/combine/feeds/combine_allegro.xml HTTP/1.0" 200 210566 "-" "-"
89.161.206.59 - - [04/Mar/2025:07:25:42 +0100] "GET /Jurek/spali/feeds/spali_allegro.xml HTTP/1.0" 200 101958 "-" "-"
66.135.202.169 - - [04/Mar/2025:07:25:44 +0100] "GET /Jurek/eurofirany/images/432724/0.jpg HTTP/1.1" 200 40163 "http://www.ebay.com/" "Mozilla/4.0 (compatible; MSIE 4.01; Windows NT)"
66.135.202.169 - - [04/Mar/2025:07:25:44 +0100] "GET /Jurek/eurofirany/images/432724/1.jpg HTTP/1.1" 200 65347 "http://www.ebay.com/" "Mozilla/4.0 (compatible; MSIE 4.01; Windows NT)"
66.135.202.173 - - [04/Mar/2025:07:25:44 +0100] "GET /Jurek/eurofirany/images/432724/2.jpg HTTP/1.1" 200 55099 "http://www.ebay.com/" "Mozilla/4.0 (compatible; MSIE 4.01; Windows NT)"
66.135.202.173 - - [04/Mar/2025:07:25:44 +0100] "GET /Jurek/eurofirany/images/432724/3.jpg HTTP/1.1" 200 50978 "http://www.ebay.com/" "Mozilla/4.0 (compatible; MSIE 4.01; Windows NT)"
66.135.202.172 - - [04/Mar/2025:07:25:44 +0100] "GET /Jurek/eurofirany/images/432724/6.jpg HTTP/1.1" 200 110672 "http://www.ebay.com/" "Mozilla/4.0 (compatible; MSIE 4.01; Windows NT)"
66.135.202.171 - - [04/Mar/2025:07:25:44 +0100] "GET /Jurek/eurofirany/images/432724/4.jpg HTTP/1.1" 200 162569 "http://www.ebay.com/" "Mozilla/4.0 (compatible; MSIE 4.01; Windows NT)"
66.135.202.171 - - [04/Mar/2025:07:25:44 +0100] "GET /Jurek/eurofirany/images/432724/5.jpg HTTP/1.1" 200 198387 "http://www.ebay.com/" "Mozilla/4.0 (compatible; MSIE 4.01; Windows NT)"
66.135.202.169 - - [04/Mar/2025:07:25:45 +0100] "GET /Jurek/eurofirany/images/432676/0.jpg HTTP/1.1" 200 24822 "http://www.ebay.com/" "Mozilla/4.0 (compatible; MSIE 4.01; Windows NT)"
66.135.202.172 - - [04/Mar/2025:07:25:45 +0100] "GET /Jurek/eurofirany/images/432676/1.jpg HTTP/1.1" 200 49786 "http://www.ebay.com/" "Mozilla/4.0 (compatible; MSIE 4.01; Windows NT)"
66.135.202.169 - - [04/Mar/2025:07:25:45 +0100] "GET /Jurek/eurofirany/images/432676/2.jpg HTTP/1.1" 200 36777 "http://www.ebay.com/" "Mozilla/4.0 (compatible; MSIE 4.01; Windows NT)"
66.135.202.171 - - [04/Mar/2025:07:25:45 +0100] "GET /Jurek/eurofirany/images/432676/4.jpg HTTP/1.1" 200 110089 "http://www.ebay.com/" "Mozilla/4.0 (compatible; MSIE 4.01; Windows NT)"
66.135.202.170 - - [04/Mar/2025:07:25:45 +0100] "GET /Jurek/eurofirany/images/432676/3.jpg HTTP/1.1" 200 30338 "http://www.ebay.com/" "Mozilla/4.0 (compatible; MSIE 4.01; Windows NT)"
66.135.202.171 - - [04/Mar/2025:07:25:45 +0100] "GET /Jurek/eurofirany/images/432676/6.jpg HTTP/1.1" 200 51316 "http://www.ebay.com/" "Mozilla/4.0 (compatible; MSIE 4.01; Windows NT)"
66.135.202.173 - - [04/Mar/2025:07:25:46 +0100] "GET /Jurek/eurofirany/images/432676/5.jpg HTTP/1.1" 200 140295 "http://www.ebay.com/" "Mozilla/4.0 (compatible; MSIE 4.01; Windows NT)"
66.135.202.169 - - [04/Mar/2025:07:25:46 +0100] "GET /Jurek/eurofirany/images/350262/0.jpg HTTP/1.1" 200 16503 "-" "Java/17.0.12.0.101"
66.135.202.170 - - [04/Mar/2025:07:25:47 +0100] "GET /Jurek/eurofirany/images/463365/1.jpg HTTP/1.1" 200 72401 "http://www.ebay.com/" "Mozilla/4.0 (compatible; MSIE 4.01; Windows NT)"
66.135.202.173 - - [04/Mar/2025:07:25:47 +0100] "GET /Jurek/eurofirany/images/463365/2.jpg HTTP/1.1" 200 126568 "http://www.ebay.com/" "Mozilla/4.0 (compatible; MSIE 4.01; Windows NT)"
66.135.202.170 - - [04/Mar/2025:07:25:47 +0100] "GET /Jurek/eurofirany/images/463365/3.jpg HTTP/1.1" 200 100699 "http://www.ebay.com/" "Mozilla/4.0 (compatible; MSIE 4.01; Windows NT)"
66.135.202.170 - - [04/Mar/2025:07:25:47 +0100] "GET /Jurek/eurofirany/images/463365/4.jpg HTTP/1.1" 200 129428 "http://www.ebay.com/" "Mozilla/4.0 (compatible; MSIE 4.01; Windows NT)"
66.135.202.169 - - [04/Mar/2025:07:25:47 +0100] "GET /Jurek/eurofirany/images/463365/0.jpg HTTP/1.1" 200 143486 "http://www.ebay.com/" "Mozilla/4.0 (compatible; MSIE 4.01; Windows NT)"
66.135.202.171 - - [04/Mar/2025:07:25:47 +0100] "GET /Jurek/eurofirany/images/463365/6.jpg HTTP/1.1" 200 138883 "http://www.ebay.com/" "Mozilla/4.0 (compatible; MSIE 4.01; Windows NT)"
66.135.202.71 - - [04/Mar/2025:07:25:47 +0100] "GET /Jurek/eurofirany/images/463390/0.jpg HTTP/1.1" 200 115824 "http://www.ebay.com/" "Mozilla/4.0 (compatible; MSIE 4.01; Windows NT)"
66.135.202.71 - - [04/Mar/2025:07:25:47 +0100] "GET /Jurek/eurofirany/images/463390/2.jpg HTTP/1.1" 200 112456 "http://www.ebay.com/" "Mozilla/4.0 (compatible; MSIE 4.01; Windows NT)"
66.135.202.75 - - [04/Mar/2025:07:25:47 +0100] "GET /Jurek/eurofirany/images/463390/3.jpg HTTP/1.1" 200 93825 "http://www.ebay.com/" "Mozilla/4.0 (compatible; MSIE 4.01; Windows NT)"
66.135.202.72 - - [04/Mar/2025:07:25:47 +0100] "GET /Jurek/eurofirany/images/463390/4.jpg HTTP/1.1" 200 119939 "http://www.ebay.com/" "Mozilla/4.0 (compatible; MSIE 4.01; Windows NT)"
66.135.202.73 - - [04/Mar/2025:07:25:47 +0100] "GET /Jurek/eurofirany/images/463390/1.jpg HTTP/1.1" 200 65338 "http://www.ebay.com/" "Mozilla/4.0 (compatible; MSIE 4.01; Windows NT)"
66.135.202.71 - - [04/Mar/2025:07:25:47 +0100] "GET /Jurek/eurofirany/images/463390/5.jpg HTTP/1.1" 200 115880 "http://www.ebay.com/" "Mozilla/4.0 (compatible; MSIE 4.01; Windows NT)"
66.135.202.72 - - [04/Mar/2025:07:25:47 +0100] "GET /Jurek/eurofirany/images/463390/6.jpg HTTP/1.1" 200 115545 "http://www.ebay.com/" "Mozilla/4.0 (compatible; MSIE 4.01; Windows NT)"
66.135.202.170 - - [04/Mar/2025:07:25:47 +0100] "GET /Jurek/eurofirany/images/463365/5.jpg HTTP/1.1" 200 222610 "http://www.ebay.com/" "Mozilla/4.0 (compatible; MSIE 4.01; Windows NT)"
66.135.202.170 - - [04/Mar/2025:07:25:49 +0100] "GET /Jurek/eurofirany/images/372432/0.jpg HTTP/1.1" 200 92691 "-" "Java/17.0.12.0.101"
66.135.202.73 - - [04/Mar/2025:07:25:50 +0100] "GET /Jurek/eurofirany/images/452600/4.jpg HTTP/1.1" 200 104528 "http://www.ebay.com/" "Mozilla/4.0 (compatible; MSIE 4.01; Windows NT)"
66.135.202.72 - - [04/Mar/2025:07:25:50 +0100] "GET /Jurek/eurofirany/images/452600/1.jpg HTTP/1.1" 200 82219 "http://www.ebay.com/" "Mozilla/4.0 (compatible; MSIE 4.01; Windows NT)"
66.135.202.74 - - [04/Mar/2025:07:25:50 +0100] "GET /Jurek/eurofirany/images/452600/2.jpg HTTP/1.1" 200 65143 "http://www.ebay.com/" "Mozilla/4.0 (compatible; MSIE 4.01; Windows NT)"
66.135.202.73 - - [04/Mar/2025:07:25:50 +0100] "GET /Jurek/eurofirany/images/452600/0.jpg HTTP/1.1" 200 74593 "http://www.ebay.com/" "Mozilla/4.0 (compatible; MSIE 4.01; Windows NT)"
66.135.202.75 - - [04/Mar/2025:07:25:51 +0100] "GET /Jurek/eurofirany/images/452600/5.jpg HTTP/1.1" 200 52122 "http://www.ebay.com/" "Mozilla/4.0 (compatible; MSIE 4.01; Windows NT)"
66.135.202.73 - - [04/Mar/2025:07:25:51 +0100] "GET /Jurek/eurofirany/images/452600/6.jpg HTTP/1.1" 200 166082 "http://www.ebay.com/" "Mozilla/4.0 (compatible; MSIE 4.01; Windows NT)"
66.135.202.73 - - [04/Mar/2025:07:25:51 +0100] "GET /Jurek/eurofirany/images/452600/7.jpg HTTP/1.1" 200 166082 "http://www.ebay.com/" "Mozilla/4.0 (compatible; MSIE 4.01; Windows NT)"
66.135.202.75 - - [04/Mar/2025:07:25:51 +0100] "GET /Jurek/eurofirany/images/452600/3.jpg HTTP/1.1" 200 183060 "http://www.ebay.com/" "Mozilla/4.0 (compatible; MSIE 4.01; Windows NT)"
66.135.195.17 - - [04/Mar/2025:07:25:53 +0100] "GET /Jurek/eurofirany/images/333890/0.jpg HTTP/1.1" 200 81658 "-" "Java/17.0.12.0.101"
66.135.195.18 - - [04/Mar/2025:07:25:54 +0100] "GET /Jurek/eurofirany/images/452589/0.jpg HTTP/1.1" 200 60482 "http://www.ebay.com/" "Mozilla/4.0 (compatible; MSIE 4.01; Windows NT)"
66.135.195.18 - - [04/Mar/2025:07:25:54 +0100] "GET /Jurek/eurofirany/images/452589/1.jpg HTTP/1.1" 200 53179 "http://www.ebay.com/" "Mozilla/4.0 (compatible; MSIE 4.01; Windows NT)"
66.135.195.19 - - [04/Mar/2025:07:25:55 +0100] "GET /Jurek/eurofirany/images/452589/2.jpg HTTP/1.1" 200 42720 "http://www.ebay.com/" "Mozilla/4.0 (compatible; MSIE 4.01; Windows NT)"
66.135.195.17 - - [04/Mar/2025:07:25:55 +0100] "GET /Jurek/eurofirany/images/452589/4.jpg HTTP/1.1" 200 82510 "http://www.ebay.com/" "Mozilla/4.0 (compatible; MSIE 4.01; Windows NT)"
66.135.195.18 - - [04/Mar/2025:07:25:55 +0100] "GET /Jurek/eurofirany/images/452589/5.jpg HTTP/1.1" 200 50943 "http://www.ebay.com/" "Mozilla/4.0 (compatible; MSIE 4.01; Windows NT)"
66.135.195.18 - - [04/Mar/2025:07:25:55 +0100] "GET /Jurek/eurofirany/images/452589/3.jpg HTTP/1.1" 200 113335 "http://www.ebay.com/" "Mozilla/4.0 (compatible; MSIE 4.01; Windows NT)"
66.135.195.18 - - [04/Mar/2025:07:25:55 +0100] "GET /Jurek/eurofirany/images/452589/6.jpg HTTP/1.1" 200 106596 "http://www.ebay.com/" "Mozilla/4.0 (compatible; MSIE 4.01; Windows NT)"
66.135.195.18 - - [04/Mar/2025:07:25:55 +0100] "GET /Jurek/eurofirany/images/452589/7.jpg HTTP/1.1" 200 106596 "http://www.ebay.com/" "Mozilla/4.0 (compatible; MSIE 4.01; Windows NT)"
46.101.116.244 - - [04/Mar/2025:07:25:55 +0100] "GET /Jurek/aw/feeds/aw_fnacfr.xml HTTP/1.0" 404 3551 "-" "-"
66.135.202.75 - - [04/Mar/2025:07:26:00 +0100] "GET /Jurek/eurofirany/images/463405/0.jpg HTTP/1.1" 200 142077 "-" "Java/17.0.12.0.101"
46.101.116.244 - - [04/Mar/2025:07:26:00 +0100] "GET /Jurek/barbecook/feeds/barbecook_mallsl.xml HTTP/2.0" 200 87528 "-" "-"
66.135.202.73 - - [04/Mar/2025:07:26:01 +0100] "GET /Jurek/eurofirany/images/464659/1.jpg HTTP/1.1" 200 113357 "http://www.ebay.com/" "Mozilla/4.0 (compatible; MSIE 4.01; Windows NT)"
66.135.202.75 - - [04/Mar/2025:07:26:01 +0100] "GET /Jurek/eurofirany/images/464659/3.jpg HTTP/1.1" 200 136695 "http://www.ebay.com/" "Mozilla/4.0 (compatible; MSIE 4.01; Windows NT)"
66.135.202.72 - - [04/Mar/2025:07:26:01 +0100] "GET /Jurek/eurofirany/images/464659/6.jpg HTTP/1.1" 200 161592 "http://www.ebay.com/" "Mozilla/4.0 (compatible; MSIE 4.01; Windows NT)"
66.135.202.73 - - [04/Mar/2025:07:26:01 +0100] "GET /Jurek/eurofirany/images/464659/2.jpg HTTP/1.1" 200 175009 "http://www.ebay.com/" "Mozilla/4.0 (compatible; MSIE 4.01; Windows NT)"
66.135.202.72 - - [04/Mar/2025:07:26:01 +0100] "GET /Jurek/eurofirany/images/464659/4.jpg HTTP/1.1" 200 210669 "http://www.ebay.com/" "Mozilla/4.0 (compatible; MSIE 4.01; Windows NT)"
66.135.202.74 - - [04/Mar/2025:07:26:01 +0100] "GET /Jurek/eurofirany/images/464659/0.jpg HTTP/1.1" 200 221624 "http://www.ebay.com/" "Mozilla/4.0 (compatible; MSIE 4.01; Windows NT)"
66.135.202.74 - - [04/Mar/2025:07:26:01 +0100] "GET /Jurek/eurofirany/images/464659/5.jpg HTTP/1.1" 200 241659 "http://www.ebay.com/" "Mozilla/4.0 (compatible; MSIE 4.01; Windows NT)"
66.135.202.173 - - [04/Mar/2025:07:26:02 +0100] "GET /Jurek/eurofirany/images/459060/1.jpg HTTP/1.1" 200 79066 "http://www.ebay.com/" "Mozilla/4.0 (compatible; MSIE 4.01; Windows NT)"
66.135.202.170 - - [04/Mar/2025:07:26:02 +0100] "GET /Jurek/eurofirany/images/459060/0.jpg HTTP/1.1" 200 144283 "http://www.ebay.com/" "Mozilla/4.0 (compatible; MSIE 4.01; Windows NT)"
85.232.241.194 - - [04/Mar/2025:07:26:02 +0100] "GET /Jurek/topeshop/feeds/topeshop_xxxlutz.xml HTTP/1.1" 200 2406894 "-" "Python-urllib/3.11"
85.232.241.194 - - [04/Mar/2025:07:26:02 +0100] "GET /Jurek/hurtownia_przemyslowa/feeds/hp_xxxlutz.xml HTTP/1.1" 200 49618763 "-" "Python-urllib/3.11"
85.232.241.194 - - [04/Mar/2025:07:26:02 +0100] "GET /Jurek/fernity/feeds/fernity_xxxlutz.xml HTTP/1.1" 200 5222160 "-" "Python-urllib/3.11"
85.232.241.194 - - [04/Mar/2025:07:26:03 +0100] "GET /Jurek/benetech/feeds/benetech_xxlutz.xml HTTP/1.1" 200 4451890 "-" "Python-urllib/3.11"
66.135.202.75 - - [04/Mar/2025:07:26:03 +0100] "GET /Jurek/eurofirany/images/459060/0.jpg HTTP/1.1" 200 144283 "-" "Java/17.0.12.0.101"
85.232.241.194 - - [04/Mar/2025:07:26:03 +0100] "GET /Jurek/ekolight/feeds/ekolioght_xxlutz.xml HTTP/1.1" 200 9051478 "-" "Python-urllib/3.11"
85.232.241.194 - - [04/Mar/2025:07:26:03 +0100] "GET /Jurek/waks/feeds/waks_xxlutz.xml HTTP/1.1" 200 6332798 "-" "Python-urllib/3.11"
85.232.241.194 - - [04/Mar/2025:07:26:03 +0100] "GET /Jurek/ekuchcikowo/feeds/ekuchcikowo_xxxlutz.xml HTTP/1.1" 200 13465390 "-" "Python-urllib/3.11"
85.232.241.194 - - [04/Mar/2025:07:26:03 +0100] "GET /Jurek/fertone/feeds/fertone_xxlutz.xml HTTP/1.1" 200 596774 "-" "Python-urllib/3.11"
85.232.241.194 - - [04/Mar/2025:07:26:05 +0100] "GET /Jurek/intsell/feeds/intsell_xxxlutz.xml HTTP/1.1" 200 338785756 "-" "Python-urllib/3.11"
85.232.241.194 - - [04/Mar/2025:07:26:05 +0100] "GET /Jurek/action/feeds/action_xxxlutz.xml HTTP/1.1" 200 55165493 "-" "Python-urllib/3.11"
85.232.241.194 - - [04/Mar/2025:07:26:05 +0100] "GET /Jurek/b3/feeds/b3_xxxlutz.xml HTTP/1.1" 200 7324410 "-" "Python-urllib/3.11"
85.232.241.194 - - [04/Mar/2025:07:26:06 +0100] "GET /Jurek/aw/feeds/aw_xxxlutz.xml HTTP/1.1" 200 90368477 "-" "Python-urllib/3.11"
66.135.202.172 - - [04/Mar/2025:07:26:06 +0100] "GET /Jurek/eurofirany/images/373035/0.jpg HTTP/1.1" 200 81742 "-" "Java/17.0.12.0.101"
89.161.206.59 - - [04/Mar/2025:07:26:07 +0100] "GET /Jurek/eurofirany/feeds/eurofirany_manomanofr.xml HTTP/1.0" 200 18744164 "-" "-"
66.135.202.172 - - [04/Mar/2025:07:26:07 +0100] "GET /Jurek/eurofirany/images/372435/0.jpg HTTP/1.1" 200 97644 "-" "Java/17.0.12.0.101"
46.101.116.244 - - [04/Mar/2025:07:26:10 +0100] "GET /Filip/feeds/xlsx_ceneo.xml HTTP/1.0" 200 6241376 "-" "-"
85.232.241.194 - - [04/Mar/2025:07:26:10 +0100] "GET /Jurek/kinghome/feeds/kinghome_xxxlutz.xml HTTP/1.1" 200 5731685 "-" "Python-urllib/3.11"
66.135.195.19 - - [04/Mar/2025:07:26:10 +0100] "GET /Jurek/eurofirany/images/432725/6.jpg HTTP/1.1" 200 110672 "http://www.ebay.com/" "Mozilla/4.0 (compatible; MSIE 4.01; Windows NT)"
66.135.195.19 - - [04/Mar/2025:07:26:10 +0100] "GET /Jurek/eurofirany/images/432725/1.jpg HTTP/1.1" 200 65347 "http://www.ebay.com/" "Mozilla/4.0 (compatible; MSIE 4.01; Windows NT)"
66.135.195.20 - - [04/Mar/2025:07:26:10 +0100] "GET /Jurek/eurofirany/images/432725/2.jpg HTTP/1.1" 200 55099 "http://www.ebay.com/" "Mozilla/4.0 (compatible; MSIE 4.01; Windows NT)"
66.135.195.16 - - [04/Mar/2025:07:26:10 +0100] "GET /Jurek/eurofirany/images/432725/0.jpg HTTP/1.1" 200 40163 "http://www.ebay.com/" "Mozilla/4.0 (compatible; MSIE 4.01; Windows NT)"
66.135.195.18 - - [04/Mar/2025:07:26:10 +0100] "GET /Jurek/eurofirany/images/432725/3.jpg HTTP/1.1" 200 50978 "http://www.ebay.com/" "Mozilla/4.0 (compatible; MSIE 4.01; Windows NT)"
46.101.116.244 - - [04/Mar/2025:07:26:10 +0100] "GET /Jurek/duka/feeds/duka_mallsl.xml HTTP/2.0" 200 57 "-" "-"
66.135.195.19 - - [04/Mar/2025:07:26:10 +0100] "GET /Jurek/eurofirany/images/432725/4.jpg HTTP/1.1" 200 162569 "http://www.ebay.com/" "Mozilla/4.0 (compatible; MSIE 4.01; Windows NT)"
66.135.195.17 - - [04/Mar/2025:07:26:10 +0100] "GET /Jurek/eurofirany/images/432725/5.jpg HTTP/1.1" 200 198387 "http://www.ebay.com/" "Mozilla/4.0 (compatible; MSIE 4.01; Windows NT)"
85.232.241.194 - - [04/Mar/2025:07:26:11 +0100] "GET /Jurek/najtanszysport/feeds/najtanszysport_xxxlutz.xml HTTP/1.1" 200 3982768 "-" "Python-urllib/3.11"
85.232.241.194 - - [04/Mar/2025:07:26:11 +0100] "GET /Jurek/kinghoff/feeds/kinghoff_xxxlutz.xml HTTP/1.1" 200 15064901 "-" "Python-urllib/3.11"
85.232.241.194 - - [04/Mar/2025:07:26:12 +0100] "GET /Jurek/asortymenteu/feeds/asortymenteu_xxxlutz.xml HTTP/1.1" 200 2585306 "-" "Python-urllib/3.11"
85.232.241.194 - - [04/Mar/2025:07:26:12 +0100] "GET /Jurek/kidshop/feeds/kidshop_xxxlutz.xml HTTP/1.1" 200 19850657 "-" "Python-urllib/3.11"
66.135.202.170 - - [04/Mar/2025:07:26:13 +0100] "GET /Jurek/eurofirany/images/463398/1.jpg HTTP/1.1" 200 101830 "http://www.ebay.com/" "Mozilla/4.0 (compatible; MSIE 4.01; Windows NT)"
66.135.202.172 - - [04/Mar/2025:07:26:13 +0100] "GET /Jurek/eurofirany/images/463398/3.jpg HTTP/1.1" 200 110368 "http://www.ebay.com/" "Mozilla/4.0 (compatible; MSIE 4.01; Windows NT)"
66.135.202.169 - - [04/Mar/2025:07:26:13 +0100] "GET /Jurek/eurofirany/images/463398/6.jpg HTTP/1.1" 200 105078 "http://www.ebay.com/" "Mozilla/4.0 (compatible; MSIE 4.01; Windows NT)"
66.135.202.169 - - [04/Mar/2025:07:26:13 +0100] "GET /Jurek/eurofirany/images/463398/5.jpg HTTP/1.1" 200 130838 "http://www.ebay.com/" "Mozilla/4.0 (compatible; MSIE 4.01; Windows NT)"
66.135.202.173 - - [04/Mar/2025:07:26:13 +0100] "GET /Jurek/eurofirany/images/463398/2.jpg HTTP/1.1" 200 136707 "http://www.ebay.com/" "Mozilla/4.0 (compatible; MSIE 4.01; Windows NT)"
66.135.202.169 - - [04/Mar/2025:07:26:13 +0100] "GET /Jurek/eurofirany/images/463398/0.jpg HTTP/1.1" 200 164335 "http://www.ebay.com/" "Mozilla/4.0 (compatible; MSIE 4.01; Windows NT)"
66.135.202.171 - - [04/Mar/2025:07:26:13 +0100] "GET /Jurek/eurofirany/images/463398/4.jpg HTTP/1.1" 200 136577 "http://www.ebay.com/" "Mozilla/4.0 (compatible; MSIE 4.01; Windows NT)"
66.135.202.171 - - [04/Mar/2025:07:26:14 +0100] "GET /Jurek/eurofirany/images/463405/5.jpg HTTP/1.1" 200 130454 "http://www.ebay.com/" "Mozilla/4.0 (compatible; MSIE 4.01; Windows NT)"
66.135.202.170 - - [04/Mar/2025:07:26:14 +0100] "GET /Jurek/eurofirany/images/463405/1.jpg HTTP/1.1" 200 91941 "http://www.ebay.com/" "Mozilla/4.0 (compatible; MSIE 4.01; Windows NT)"
66.135.202.169 - - [04/Mar/2025:07:26:14 +0100] "GET /Jurek/eurofirany/images/463405/3.jpg HTTP/1.1" 200 102411 "http://www.ebay.com/" "Mozilla/4.0 (compatible; MSIE 4.01; Windows NT)"
66.135.202.173 - - [04/Mar/2025:07:26:14 +0100] "GET /Jurek/eurofirany/images/463405/6.jpg HTTP/1.1" 200 110914 "http://www.ebay.com/" "Mozilla/4.0 (compatible; MSIE 4.01; Windows NT)"
66.135.202.170 - - [04/Mar/2025:07:26:14 +0100] "GET /Jurek/eurofirany/images/463405/0.jpg HTTP/1.1" 200 142077 "http://www.ebay.com/" "Mozilla/4.0 (compatible; MSIE 4.01; Windows NT)"
66.135.202.173 - - [04/Mar/2025:07:26:15 +0100] "GET /Jurek/eurofirany/images/463405/2.jpg HTTP/1.1" 200 138611 "http://www.ebay.com/" "Mozilla/4.0 (compatible; MSIE 4.01; Windows NT)"
66.135.202.171 - - [04/Mar/2025:07:26:15 +0100] "GET /Jurek/eurofirany/images/463405/4.jpg HTTP/1.1" 200 143221 "http://www.ebay.com/" "Mozilla/4.0 (compatible; MSIE 4.01; Windows NT)"
66.135.202.169 - - [04/Mar/2025:07:26:15 +0100] "GET /Jurek/eurofirany/images/373038/0.jpg HTTP/1.1" 200 80342 "-" "Java/17.0.12.0.101"
46.101.116.244 - - [04/Mar/2025:07:26:21 +0100] "GET /Jurek/miloohome/feeds/miloohome_mallsi.xml HTTP/2.0" 200 1421056 "-" "-"
66.135.202.171 - - [04/Mar/2025:07:26:28 +0100] "GET /Jurek/eurofirany/images/459051/1.jpg HTTP/1.1" 200 54229 "http://www.ebay.com/" "Mozilla/4.0 (compatible; MSIE 4.01; Windows NT)"
66.135.202.173 - - [04/Mar/2025:07:26:28 +0100] "GET /Jurek/eurofirany/images/459051/0.jpg HTTP/1.1" 200 116004 "http://www.ebay.com/" "Mozilla/4.0 (compatible; MSIE 4.01; Windows NT)"
66.135.202.171 - - [04/Mar/2025:07:26:28 +0100] "GET /Jurek/eurofirany/images/459051/2.jpg HTTP/1.1" 200 54229 "http://www.ebay.com/" "Mozilla/4.0 (compatible; MSIE 4.01; Windows NT)"
66.135.195.18 - - [04/Mar/2025:07:26:29 +0100] "GET /Jurek/eurofirany/images/383719/0.jpg HTTP/1.1" 200 70891 "-" "Java/17.0.12.0.101"
46.101.116.244 - - [04/Mar/2025:07:26:32 +0100] "GET /Jurek/stema/feeds/stema_mallsl.xml HTTP/2.0" 200 838692 "-" "-"
66.135.202.170 - - [04/Mar/2025:07:26:33 +0100] "GET /Jurek/eurofirany/images/389888/0.jpg HTTP/1.1" 200 54466 "-" "Java/17.0.12.0.101"
66.135.202.75 - - [04/Mar/2025:07:26:36 +0100] "GET /Jurek/eurofirany/images/452594/0.jpg HTTP/1.1" 200 71387 "http://www.ebay.com/" "Mozilla/4.0 (compatible; MSIE 4.01; Windows NT)"
66.135.202.73 - - [04/Mar/2025:07:26:36 +0100] "GET /Jurek/eurofirany/images/452594/1.jpg HTTP/1.1" 200 73206 "http://www.ebay.com/" "Mozilla/4.0 (compatible; MSIE 4.01; Windows NT)"
66.135.202.75 - - [04/Mar/2025:07:26:36 +0100] "GET /Jurek/eurofirany/images/452594/2.jpg HTTP/1.1" 200 58599 "http://www.ebay.com/" "Mozilla/4.0 (compatible; MSIE 4.01; Windows NT)"
66.135.202.73 - - [04/Mar/2025:07:26:36 +0100] "GET /Jurek/eurofirany/images/452594/4.jpg HTTP/1.1" 200 101220 "http://www.ebay.com/" "Mozilla/4.0 (compatible; MSIE 4.01; Windows NT)"
66.135.202.72 - - [04/Mar/2025:07:26:36 +0100] "GET /Jurek/eurofirany/images/452594/5.jpg HTTP/1.1" 200 51484 "http://www.ebay.com/" "Mozilla/4.0 (compatible; MSIE 4.01; Windows NT)"
66.135.202.73 - - [04/Mar/2025:07:26:36 +0100] "GET /Jurek/eurofirany/images/452594/3.jpg HTTP/1.1" 200 164074 "http://www.ebay.com/" "Mozilla/4.0 (compatible; MSIE 4.01; Windows NT)"
66.135.202.75 - - [04/Mar/2025:07:26:36 +0100] "GET /Jurek/eurofirany/images/452594/7.jpg HTTP/1.1" 200 164138 "http://www.ebay.com/" "Mozilla/4.0 (compatible; MSIE 4.01; Windows NT)"
66.135.202.71 - - [04/Mar/2025:07:26:36 +0100] "GET /Jurek/eurofirany/images/452594/6.jpg HTTP/1.1" 200 164138 "http://www.ebay.com/" "Mozilla/4.0 (compatible; MSIE 4.01; Windows NT)"
46.101.116.244 - - [04/Mar/2025:07:26:42 +0100] "GET /Jurek/fernity/feeds/fernity_mallsl.xml HTTP/2.0" 200 5221976 "-" "-"
66.135.195.20 - - [04/Mar/2025:07:26:43 +0100] "GET /Jurek/eurofirany/images/388550/0.jpg HTTP/1.1" 200 100440 "-" "Java/17.0.12.0.101"
66.135.202.170 - - [04/Mar/2025:07:26:44 +0100] "GET /Jurek/eurofirany/images/373040/0.jpg HTTP/1.1" 200 75838 "-" "Java/17.0.12.0.101"
66.135.202.171 - - [04/Mar/2025:07:26:44 +0100] "GET /Jurek/eurofirany/images/459061/1.jpg HTTP/1.1" 200 79066 "http://www.ebay.com/" "Mozilla/4.0 (compatible; MSIE 4.01; Windows NT)"
66.135.202.169 - - [04/Mar/2025:07:26:44 +0100] "GET /Jurek/eurofirany/images/459061/0.jpg HTTP/1.1" 200 144283 "http://www.ebay.com/" "Mozilla/4.0 (compatible; MSIE 4.01; Windows NT)"
66.135.195.16 - - [04/Mar/2025:07:26:44 +0100] "GET /Jurek/eurofirany/images/386608/0.jpg HTTP/1.1" 200 61738 "-" "Java/17.0.12.0.101"
34.72.247.156 - - [04/Mar/2025:07:26:46 +0100] "GET /Jurek/eurofirany/images/432677/4.jpg HTTP/1.1" 200 110089 "-" "Mozilla/5.0 (X11; Linux x86_64) AppleWebKit/537.36 (KHTML, like Gecko) Chrome/110.0.0.0 Safari/537.36"
34.72.247.156 - - [04/Mar/2025:07:26:47 +0100] "GET /Jurek/eurofirany/images/432714/1.jpg HTTP/1.1" 200 63680 "-" "Mozilla/5.0 (X11; Linux x86_64) AppleWebKit/537.36 (KHTML, like Gecko) Chrome/110.0.0.0 Safari/537.36"
66.135.195.17 - - [04/Mar/2025:07:26:48 +0100] "GET /Jurek/eurofirany/images/432677/0.jpg HTTP/1.1" 200 24822 "http://www.ebay.com/" "Mozilla/4.0 (compatible; MSIE 4.01; Windows NT)"
66.135.195.19 - - [04/Mar/2025:07:26:48 +0100] "GET /Jurek/eurofirany/images/432677/2.jpg HTTP/1.1" 200 36777 "http://www.ebay.com/" "Mozilla/4.0 (compatible; MSIE 4.01; Windows NT)"
66.135.195.19 - - [04/Mar/2025:07:26:48 +0100] "GET /Jurek/eurofirany/images/432677/1.jpg HTTP/1.1" 200 49786 "http://www.ebay.com/" "Mozilla/4.0 (compatible; MSIE 4.01; Windows NT)"
34.72.247.156 - - [04/Mar/2025:07:26:48 +0100] "GET /Jurek/eurofirany/images/432677/5.jpg HTTP/1.1" 200 140295 "-" "Mozilla/5.0 (X11; Linux x86_64) AppleWebKit/537.36 (KHTML, like Gecko) Chrome/110.0.0.0 Safari/537.36"
66.135.195.16 - - [04/Mar/2025:07:26:48 +0100] "GET /Jurek/eurofirany/images/432677/3.jpg HTTP/1.1" 200 30338 "http://www.ebay.com/" "Mozilla/4.0 (compatible; MSIE 4.01; Windows NT)"
66.135.195.20 - - [04/Mar/2025:07:26:48 +0100] "GET /Jurek/eurofirany/images/432677/4.jpg HTTP/1.1" 200 110089 "http://www.ebay.com/" "Mozilla/4.0 (compatible; MSIE 4.01; Windows NT)"
66.135.195.18 - - [04/Mar/2025:07:26:48 +0100] "GET /Jurek/eurofirany/images/432677/6.jpg HTTP/1.1" 200 51316 "http://www.ebay.com/" "Mozilla/4.0 (compatible; MSIE 4.01; Windows NT)"
34.72.247.156 - - [04/Mar/2025:07:26:48 +0100] "GET /Jurek/eurofirany/images/432714/2.jpg HTTP/1.1" 200 57272 "-" "Mozilla/5.0 (X11; Linux x86_64) AppleWebKit/537.36 (KHTML, like Gecko) Chrome/110.0.0.0 Safari/537.36"
66.135.195.16 - - [04/Mar/2025:07:26:48 +0100] "GET /Jurek/eurofirany/images/432677/5.jpg HTTP/1.1" 200 140295 "http://www.ebay.com/" "Mozilla/4.0 (compatible; MSIE 4.01; Windows NT)"
34.72.247.156 - - [04/Mar/2025:07:26:48 +0100] "GET /Jurek/eurofirany/images/432677/6.jpg HTTP/1.1" 200 51316 "-" "Mozilla/5.0 (X11; Linux x86_64) AppleWebKit/537.36 (KHTML, like Gecko) Chrome/110.0.0.0 Safari/537.36"
34.133.239.145 - - [04/Mar/2025:07:26:48 +0100] "GET /Jurek/eurofirany/images/432681/4.jpg HTTP/1.1" 200 110089 "-" "Mozilla/5.0 (X11; Linux x86_64) AppleWebKit/537.36 (KHTML, like Gecko) Chrome/110.0.0.0 Safari/537.36"
66.135.202.172 - - [04/Mar/2025:07:26:49 +0100] "GET /Jurek/eurofirany/images/389904/0.jpg HTTP/1.1" 200 38716 "-" "Java/17.0.12.0.101"
34.133.239.145 - - [04/Mar/2025:07:26:49 +0100] "GET /Jurek/eurofirany/images/432677/1.jpg HTTP/1.1" 200 49786 "-" "Mozilla/5.0 (X11; Linux x86_64) AppleWebKit/537.36 (KHTML, like Gecko) Chrome/110.0.0.0 Safari/537.36"
34.133.239.145 - - [04/Mar/2025:07:26:49 +0100] "GET /Jurek/eurofirany/images/432677/2.jpg HTTP/1.1" 200 36777 "-" "Mozilla/5.0 (X11; Linux x86_64) AppleWebKit/537.36 (KHTML, like Gecko) Chrome/110.0.0.0 Safari/537.36"
34.133.239.145 - - [04/Mar/2025:07:26:49 +0100] "GET /Jurek/eurofirany/images/432681/5.jpg HTTP/1.1" 200 140295 "-" "Mozilla/5.0 (X11; Linux x86_64) AppleWebKit/537.36 (KHTML, like Gecko) Chrome/110.0.0.0 Safari/537.36"
34.133.239.145 - - [04/Mar/2025:07:26:51 +0100] "GET /Jurek/eurofirany/images/432677/3.jpg HTTP/1.1" 200 30338 "-" "Mozilla/5.0 (X11; Linux x86_64) AppleWebKit/537.36 (KHTML, like Gecko) Chrome/110.0.0.0 Safari/537.36"
34.133.239.145 - - [04/Mar/2025:07:26:51 +0100] "GET /Jurek/eurofirany/images/432681/6.jpg HTTP/1.1" 200 51316 "-" "Mozilla/5.0 (X11; Linux x86_64) AppleWebKit/537.36 (KHTML, like Gecko) Chrome/110.0.0.0 Safari/537.36"
34.133.239.145 - - [04/Mar/2025:07:26:51 +0100] "GET /Jurek/eurofirany/images/432677/0.jpg HTTP/1.1" 200 24822 "-" "Mozilla/5.0 (X11; Linux x86_64) AppleWebKit/537.36 (KHTML, like Gecko) Chrome/110.0.0.0 Safari/537.36"
34.133.239.145 - - [04/Mar/2025:07:26:51 +0100] "GET /Jurek/eurofirany/images/432681/1.jpg HTTP/1.1" 200 49786 "-" "Mozilla/5.0 (X11; Linux x86_64) AppleWebKit/537.36 (KHTML, like Gecko) Chrome/110.0.0.0 Safari/537.36"
66.135.202.170 - - [04/Mar/2025:07:26:52 +0100] "GET /Jurek/eurofirany/images/390056/0.jpg HTTP/1.1" 200 71589 "-" "Java/17.0.12.0.101"
34.133.239.145 - - [04/Mar/2025:07:26:52 +0100] "GET /Jurek/eurofirany/images/432681/2.jpg HTTP/1.1" 200 36777 "-" "Mozilla/5.0 (X11; Linux x86_64) AppleWebKit/537.36 (KHTML, like Gecko) Chrome/110.0.0.0 Safari/537.36"
34.72.247.156 - - [04/Mar/2025:07:26:52 +0100] "GET /Jurek/eurofirany/images/432714/3.jpg HTTP/1.1" 200 46964 "-" "Mozilla/5.0 (X11; Linux x86_64) AppleWebKit/537.36 (KHTML, like Gecko) Chrome/110.0.0.0 Safari/537.36"
34.133.239.145 - - [04/Mar/2025:07:26:53 +0100] "GET /Jurek/eurofirany/images/432681/3.jpg HTTP/1.1" 200 30338 "-" "Mozilla/5.0 (X11; Linux x86_64) AppleWebKit/537.36 (KHTML, like Gecko) Chrome/110.0.0.0 Safari/537.36"
34.72.247.156 - - [04/Mar/2025:07:26:53 +0100] "GET /Jurek/eurofirany/images/432714/4.jpg HTTP/1.1" 200 165305 "-" "Mozilla/5.0 (X11; Linux x86_64) AppleWebKit/537.36 (KHTML, like Gecko) Chrome/110.0.0.0 Safari/537.36"
34.133.239.145 - - [04/Mar/2025:07:26:53 +0100] "GET /Jurek/eurofirany/images/432681/0.jpg HTTP/1.1" 200 24822 "-" "Mozilla/5.0 (X11; Linux x86_64) AppleWebKit/537.36 (KHTML, like Gecko) Chrome/110.0.0.0 Safari/537.36"
34.72.247.156 - - [04/Mar/2025:07:26:54 +0100] "GET /Jurek/eurofirany/images/432714/5.jpg HTTP/1.1" 200 211579 "-" "Mozilla/5.0 (X11; Linux x86_64) AppleWebKit/537.36 (KHTML, like Gecko) Chrome/110.0.0.0 Safari/537.36"
34.72.247.156 - - [04/Mar/2025:07:26:54 +0100] "GET /Jurek/eurofirany/images/432714/6.jpg HTTP/1.1" 200 113934 "-" "Mozilla/5.0 (X11; Linux x86_64) AppleWebKit/537.36 (KHTML, like Gecko) Chrome/110.0.0.0 Safari/537.36"
34.133.239.145 - - [04/Mar/2025:07:26:54 +0100] "GET /Jurek/eurofirany/images/432714/0.jpg HTTP/1.1" 200 39850 "-" "Mozilla/5.0 (X11; Linux x86_64) AppleWebKit/537.36 (KHTML, like Gecko) Chrome/110.0.0.0 Safari/537.36"
34.133.239.145 - - [04/Mar/2025:07:26:55 +0100] "GET /Jurek/eurofirany/images/432720/4.jpg HTTP/1.1" 200 165305 "-" "Mozilla/5.0 (X11; Linux x86_64) AppleWebKit/537.36 (KHTML, like Gecko) Chrome/110.0.0.0 Safari/537.36"
66.135.195.19 - - [04/Mar/2025:07:26:56 +0100] "GET /Jurek/eurofirany/images/432720/3.jpg HTTP/1.1" 200 46964 "http://www.ebay.com/" "Mozilla/4.0 (compatible; MSIE 4.01; Windows NT)"
66.135.195.18 - - [04/Mar/2025:07:26:56 +0100] "GET /Jurek/eurofirany/images/432720/1.jpg HTTP/1.1" 200 63680 "http://www.ebay.com/" "Mozilla/4.0 (compatible; MSIE 4.01; Windows NT)"
66.135.195.17 - - [04/Mar/2025:07:26:56 +0100] "GET /Jurek/eurofirany/images/432720/0.jpg HTTP/1.1" 200 39850 "http://www.ebay.com/" "Mozilla/4.0 (compatible; MSIE 4.01; Windows NT)"
66.135.195.16 - - [04/Mar/2025:07:26:56 +0100] "GET /Jurek/eurofirany/images/432720/6.jpg HTTP/1.1" 200 113934 "http://www.ebay.com/" "Mozilla/4.0 (compatible; MSIE 4.01; Windows NT)"
66.135.195.17 - - [04/Mar/2025:07:26:56 +0100] "GET /Jurek/eurofirany/images/432720/2.jpg HTTP/1.1" 200 57272 "http://www.ebay.com/" "Mozilla/4.0 (compatible; MSIE 4.01; Windows NT)"
34.72.247.156 - - [04/Mar/2025:07:26:56 +0100] "GET /Jurek/eurofirany/images/432720/5.jpg HTTP/1.1" 200 211579 "-" "Mozilla/5.0 (X11; Linux x86_64) AppleWebKit/537.36 (KHTML, like Gecko) Chrome/110.0.0.0 Safari/537.36"
66.135.195.19 - - [04/Mar/2025:07:26:56 +0100] "GET /Jurek/eurofirany/images/432720/4.jpg HTTP/1.1" 200 165305 "http://www.ebay.com/" "Mozilla/4.0 (compatible; MSIE 4.01; Windows NT)"
66.135.195.16 - - [04/Mar/2025:07:26:56 +0100] "GET /Jurek/eurofirany/images/432720/5.jpg HTTP/1.1" 200 211579 "http://www.ebay.com/" "Mozilla/4.0 (compatible; MSIE 4.01; Windows NT)"
34.133.239.145 - - [04/Mar/2025:07:26:56 +0100] "GET /Jurek/eurofirany/images/432720/6.jpg HTTP/1.1" 200 113934 "-" "Mozilla/5.0 (X11; Linux x86_64) AppleWebKit/537.36 (KHTML, like Gecko) Chrome/110.0.0.0 Safari/537.36"
34.72.247.156 - - [04/Mar/2025:07:26:57 +0100] "GET /Jurek/eurofirany/images/432720/1.jpg HTTP/1.1" 200 63680 "-" "Mozilla/5.0 (X11; Linux x86_64) AppleWebKit/537.36 (KHTML, like Gecko) Chrome/110.0.0.0 Safari/537.36"
34.72.247.156 - - [04/Mar/2025:07:26:58 +0100] "GET /Jurek/eurofirany/images/432720/2.jpg HTTP/1.1" 200 57272 "-" "Mozilla/5.0 (X11; Linux x86_64) AppleWebKit/537.36 (KHTML, like Gecko) Chrome/110.0.0.0 Safari/537.36"
66.135.202.75 - - [04/Mar/2025:07:26:58 +0100] "GET /Jurek/eurofirany/images/452599/1.jpg HTTP/1.1" 200 82219 "http://www.ebay.com/" "Mozilla/4.0 (compatible; MSIE 4.01; Windows NT)"
66.135.202.74 - - [04/Mar/2025:07:26:58 +0100] "GET /Jurek/eurofirany/images/452599/0.jpg HTTP/1.1" 200 74593 "http://www.ebay.com/" "Mozilla/4.0 (compatible; MSIE 4.01; Windows NT)"
66.135.202.72 - - [04/Mar/2025:07:26:58 +0100] "GET /Jurek/eurofirany/images/452599/2.jpg HTTP/1.1" 200 65143 "http://www.ebay.com/" "Mozilla/4.0 (compatible; MSIE 4.01; Windows NT)"
66.135.202.73 - - [04/Mar/2025:07:26:58 +0100] "GET /Jurek/eurofirany/images/452599/5.jpg HTTP/1.1" 200 52122 "http://www.ebay.com/" "Mozilla/4.0 (compatible; MSIE 4.01; Windows NT)"
66.135.202.75 - - [04/Mar/2025:07:26:58 +0100] "GET /Jurek/eurofirany/images/452599/4.jpg HTTP/1.1" 200 104528 "http://www.ebay.com/" "Mozilla/4.0 (compatible; MSIE 4.01; Windows NT)"
66.135.202.71 - - [04/Mar/2025:07:26:59 +0100] "GET /Jurek/eurofirany/images/452599/6.jpg HTTP/1.1" 200 166082 "http://www.ebay.com/" "Mozilla/4.0 (compatible; MSIE 4.01; Windows NT)"
66.135.202.74 - - [04/Mar/2025:07:26:59 +0100] "GET /Jurek/eurofirany/images/452599/3.jpg HTTP/1.1" 200 183060 "http://www.ebay.com/" "Mozilla/4.0 (compatible; MSIE 4.01; Windows NT)"
66.135.202.72 - - [04/Mar/2025:07:26:59 +0100] "GET /Jurek/eurofirany/images/452599/7.jpg HTTP/1.1" 200 166082 "http://www.ebay.com/" "Mozilla/4.0 (compatible; MSIE 4.01; Windows NT)"
34.133.239.145 - - [04/Mar/2025:07:26:59 +0100] "GET /Jurek/eurofirany/images/432720/3.jpg HTTP/1.1" 200 46964 "-" "Mozilla/5.0 (X11; Linux x86_64) AppleWebKit/537.36 (KHTML, like Gecko) Chrome/110.0.0.0 Safari/537.36"
34.133.239.145 - - [04/Mar/2025:07:27:01 +0100] "GET /Jurek/eurofirany/images/432720/0.jpg HTTP/1.1" 200 39850 "-" "Mozilla/5.0 (X11; Linux x86_64) AppleWebKit/537.36 (KHTML, like Gecko) Chrome/110.0.0.0 Safari/537.36"
66.135.195.19 - - [04/Mar/2025:07:27:04 +0100] "GET /Jurek/eurofirany/images/389909/0.jpg HTTP/1.1" 200 118391 "-" "Java/17.0.12.0.101"
46.101.116.244 - - [04/Mar/2025:07:27:05 +0100] "GET /Jurek/kinghoff/feeds/kinghoff_mallsl.xml HTTP/2.0" 200 15064787 "-" "-"
66.135.195.16 - - [04/Mar/2025:07:27:06 +0100] "GET /Jurek/eurofirany/images/390749/0.jpg HTTP/1.1" 200 94174 "-" "Java/17.0.12.0.101"
66.135.202.74 - - [04/Mar/2025:07:27:07 +0100] "GET /Jurek/eurofirany/images/452606/0.jpg HTTP/1.1" 200 71754 "http://www.ebay.com/" "Mozilla/4.0 (compatible; MSIE 4.01; Windows NT)"
66.135.202.74 - - [04/Mar/2025:07:27:07 +0100] "GET /Jurek/eurofirany/images/452606/2.jpg HTTP/1.1" 200 71595 "http://www.ebay.com/" "Mozilla/4.0 (compatible; MSIE 4.01; Windows NT)"
66.135.202.72 - - [04/Mar/2025:07:27:07 +0100] "GET /Jurek/eurofirany/images/452606/1.jpg HTTP/1.1" 200 94257 "http://www.ebay.com/" "Mozilla/4.0 (compatible; MSIE 4.01; Windows NT)"
66.135.202.74 - - [04/Mar/2025:07:27:07 +0100] "GET /Jurek/eurofirany/images/452606/5.jpg HTTP/1.1" 200 64279 "http://www.ebay.com/" "Mozilla/4.0 (compatible; MSIE 4.01; Windows NT)"
66.135.202.73 - - [04/Mar/2025:07:27:07 +0100] "GET /Jurek/eurofirany/images/452606/4.jpg HTTP/1.1" 200 83017 "http://www.ebay.com/" "Mozilla/4.0 (compatible; MSIE 4.01; Windows NT)"
66.135.202.71 - - [04/Mar/2025:07:27:08 +0100] "GET /Jurek/eurofirany/images/452606/6.jpg HTTP/1.1" 200 167175 "http://www.ebay.com/" "Mozilla/4.0 (compatible; MSIE 4.01; Windows NT)"
66.135.202.74 - - [04/Mar/2025:07:27:08 +0100] "GET /Jurek/eurofirany/images/452606/7.jpg HTTP/1.1" 200 167175 "http://www.ebay.com/" "Mozilla/4.0 (compatible; MSIE 4.01; Windows NT)"
66.135.202.73 - - [04/Mar/2025:07:27:08 +0100] "GET /Jurek/eurofirany/images/452606/3.jpg HTTP/1.1" 200 255775 "http://www.ebay.com/" "Mozilla/4.0 (compatible; MSIE 4.01; Windows NT)"
66.135.195.18 - - [04/Mar/2025:07:27:09 +0100] "GET /Jurek/eurofirany/images/398943/0.jpg HTTP/1.1" 200 80342 "-" "Java/17.0.12.0.101"
66.135.195.16 - - [04/Mar/2025:07:27:09 +0100] "GET /Jurek/eurofirany/images/459056/0.jpg HTTP/1.1" 200 81194 "http://www.ebay.com/" "Mozilla/4.0 (compatible; MSIE 4.01; Windows NT)"
66.135.195.18 - - [04/Mar/2025:07:27:09 +0100] "GET /Jurek/eurofirany/images/459056/2.jpg HTTP/1.1" 200 46785 "http://www.ebay.com/" "Mozilla/4.0 (compatible; MSIE 4.01; Windows NT)"
66.135.195.19 - - [04/Mar/2025:07:27:09 +0100] "GET /Jurek/eurofirany/images/459056/1.jpg HTTP/1.1" 200 46785 "http://www.ebay.com/" "Mozilla/4.0 (compatible; MSIE 4.01; Windows NT)"
66.135.202.173 - - [04/Mar/2025:07:27:10 +0100] "GET /Jurek/eurofirany/images/398942/0.jpg HTTP/1.1" 200 80342 "-" "Java/17.0.12.0.101"
66.135.202.72 - - [04/Mar/2025:07:27:12 +0100] "GET /Jurek/eurofirany/images/432714/0.jpg HTTP/1.1" 200 39850 "http://www.ebay.com/" "Mozilla/4.0 (compatible; MSIE 4.01; Windows NT)"
66.135.202.74 - - [04/Mar/2025:07:27:12 +0100] "GET /Jurek/eurofirany/images/432714/1.jpg HTTP/1.1" 200 63680 "http://www.ebay.com/" "Mozilla/4.0 (compatible; MSIE 4.01; Windows NT)"
66.135.202.73 - - [04/Mar/2025:07:27:12 +0100] "GET /Jurek/eurofirany/images/432714/2.jpg HTTP/1.1" 200 57272 "http://www.ebay.com/" "Mozilla/4.0 (compatible; MSIE 4.01; Windows NT)"
66.135.202.71 - - [04/Mar/2025:07:27:12 +0100] "GET /Jurek/eurofirany/images/432714/3.jpg HTTP/1.1" 200 46964 "http://www.ebay.com/" "Mozilla/4.0 (compatible; MSIE 4.01; Windows NT)"
66.135.202.73 - - [04/Mar/2025:07:27:12 +0100] "GET /Jurek/eurofirany/images/432714/6.jpg HTTP/1.1" 200 113934 "http://www.ebay.com/" "Mozilla/4.0 (compatible; MSIE 4.01; Windows NT)"
66.135.202.71 - - [04/Mar/2025:07:27:12 +0100] "GET /Jurek/eurofirany/images/432681/0.jpg HTTP/1.1" 200 24822 "http://www.ebay.com/" "Mozilla/4.0 (compatible; MSIE 4.01; Windows NT)"
66.135.202.74 - - [04/Mar/2025:07:27:12 +0100] "GET /Jurek/eurofirany/images/432681/1.jpg HTTP/1.1" 200 49786 "http://www.ebay.com/" "Mozilla/4.0 (compatible; MSIE 4.01; Windows NT)"
66.135.202.73 - - [04/Mar/2025:07:27:12 +0100] "GET /Jurek/eurofirany/images/432681/2.jpg HTTP/1.1" 200 36777 "http://www.ebay.com/" "Mozilla/4.0 (compatible; MSIE 4.01; Windows NT)"
66.135.202.71 - - [04/Mar/2025:07:27:12 +0100] "GET /Jurek/eurofirany/images/432681/3.jpg HTTP/1.1" 200 30338 "http://www.ebay.com/" "Mozilla/4.0 (compatible; MSIE 4.01; Windows NT)"
66.135.202.72 - - [04/Mar/2025:07:27:12 +0100] "GET /Jurek/eurofirany/images/432681/4.jpg HTTP/1.1" 200 110089 "http://www.ebay.com/" "Mozilla/4.0 (compatible; MSIE 4.01; Windows NT)"
66.135.202.75 - - [04/Mar/2025:07:27:12 +0100] "GET /Jurek/eurofirany/images/432681/6.jpg HTTP/1.1" 200 51316 "http://www.ebay.com/" "Mozilla/4.0 (compatible; MSIE 4.01; Windows NT)"
66.135.202.73 - - [04/Mar/2025:07:27:12 +0100] "GET /Jurek/eurofirany/images/432714/4.jpg HTTP/1.1" 200 165305 "http://www.ebay.com/" "Mozilla/4.0 (compatible; MSIE 4.01; Windows NT)"
66.135.202.72 - - [04/Mar/2025:07:27:13 +0100] "GET /Jurek/eurofirany/images/452598/2.jpg HTTP/1.1" 200 58599 "http://www.ebay.com/" "Mozilla/4.0 (compatible; MSIE 4.01; Windows NT)"
66.135.202.72 - - [04/Mar/2025:07:27:13 +0100] "GET /Jurek/eurofirany/images/452598/0.jpg HTTP/1.1" 200 71387 "http://www.ebay.com/" "Mozilla/4.0 (compatible; MSIE 4.01; Windows NT)"
66.135.202.75 - - [04/Mar/2025:07:27:13 +0100] "GET /Jurek/eurofirany/images/432681/5.jpg HTTP/1.1" 200 140295 "http://www.ebay.com/" "Mozilla/4.0 (compatible; MSIE 4.01; Windows NT)"
66.135.202.73 - - [04/Mar/2025:07:27:13 +0100] "GET /Jurek/eurofirany/images/452598/1.jpg HTTP/1.1" 200 73206 "http://www.ebay.com/" "Mozilla/4.0 (compatible; MSIE 4.01; Windows NT)"
