89.161.206.59 - - [04/Mar/2025:10:03:52 +0100] "GET /Jurek/bentivolio/feeds/bentivolio_emagro.xml HTTP/1.0" 200 2541712 "-" "-"
89.161.206.59 - - [04/Mar/2025:10:03:52 +0100] "GET /Jurek/pasiekaslodka/feeds/pasiekaslodka_emagro.xml HTTP/1.0" 200 119685 "-" "-"
89.161.206.59 - - [04/Mar/2025:10:03:53 +0100] "GET /Jurek/muminky/feeds/muminky_emagro.xml HTTP/1.0" 200 2678286 "-" "-"
89.161.206.59 - - [04/Mar/2025:10:03:53 +0100] "GET /Jurek/evil/feeds/evil_emagro.xml HTTP/1.0" 200 306431 "-" "-"
89.161.206.59 - - [04/Mar/2025:10:03:54 +0100] "GET /Jurek/dekornatort/feeds/dekornatort_emagro.xml HTTP/1.0" 200 225769 "-" "-"
89.161.206.59 - - [04/Mar/2025:10:03:54 +0100] "GET /Jurek/lendo/feeds/lendo_emagro.xml HTTP/1.0" 200 330418 "-" "-"
89.161.206.59 - - [04/Mar/2025:10:03:54 +0100] "GET /Jurek/globaldeli/feeds/globaldeli_emagro.xml HTTP/1.0" 200 2590912 "-" "-"
89.161.206.59 - - [04/Mar/2025:10:03:56 +0100] "GET /Jurek/hurtownia_przemyslowa/feeds/hp_emagro.xml HTTP/1.0" 200 42635855 "-" "-"
66.211.183.71 - - [04/Mar/2025:10:03:58 +0100] "GET /Jurek/eurofirany/images/409906/0.jpg HTTP/1.1" 200 78745 "-" "scalaj-http/2.4.2"
89.161.206.59 - - [04/Mar/2025:10:03:58 +0100] "GET /Jurek/topeshop/feeds/topeshop_emagro.xml HTTP/1.0" 200 921248 "-" "-"
89.161.206.59 - - [04/Mar/2025:10:03:59 +0100] "GET /Jurek/fernity/feeds/fernity_emagro.xml HTTP/1.0" 200 5222099 "-" "-"
89.161.206.59 - - [04/Mar/2025:10:04:00 +0100] "GET /Jurek/kinghome/feeds/kinghome_emagro.xml HTTP/1.0" 200 5733972 "-" "-"
89.161.206.59 - - [04/Mar/2025:10:04:00 +0100] "GET /Jurek/activeshop/feeds/activeshop_emagro.xml HTTP/1.0" 200 10453858 "-" "-"
89.161.206.59 - - [04/Mar/2025:10:04:03 +0100] "GET /Jurek/maksik/feeds/maksik_emagro.xml HTTP/1.0" 200 4085258 "-" "-"
89.161.206.59 - - [04/Mar/2025:10:04:04 +0100] "GET /Jurek/pastelnitka/feeds/pastelnitka_zero.xml HTTP/1.0" 200 1827931 "-" "-"
89.161.206.59 - - [04/Mar/2025:10:04:04 +0100] "GET /Jurek/snibbs/feeds/snibbs_emagro.xml HTTP/1.0" 200 74399 "-" "-"
89.161.206.59 - - [04/Mar/2025:10:04:05 +0100] "GET /Jurek/alucon/feeds/alucon_emagro.xml HTTP/1.0" 200 553622 "-" "-"
85.14.86.141 - - [04/Mar/2025:10:04:06 +0100] "GET /Jurek/vivaldi/feeds/vivaldi_Morele-PL.xml HTTP/2.0" 200 344674 "-" "MarketplaceAPI curl/7.64.0 PHP/8"
89.161.206.59 - - [04/Mar/2025:10:04:26 +0100] "GET /Jurek/aiofactory/feeds/aiofactory_amazones.xml HTTP/1.0" 200 2123802 "-" "-"
89.161.206.59 - - [04/Mar/2025:10:04:26 +0100] "GET /Jurek/aiofactory/feeds/aiofactory_amazonnl.xml HTTP/1.0" 200 2123821 "-" "-"
89.161.206.59 - - [04/Mar/2025:10:04:28 +0100] "GET /Jurek/oromed/feeds/oromed_amazonnl.xml HTTP/1.0" 200 1053930 "-" "-"
66.135.202.71 - - [04/Mar/2025:10:04:38 +0100] "GET /Jurek/eurofirany/images/373028/0.jpg HTTP/1.1" 200 44685 "-" "Java/17.0.12.0.101"
66.135.202.75 - - [04/Mar/2025:10:04:47 +0100] "GET /Jurek/eurofirany/images/454605/0.jpg HTTP/1.1" 200 137663 "-" "Java/17.0.12.0.101"
66.211.183.70 - - [04/Mar/2025:10:04:52 +0100] "GET /Jurek/eurofirany/images/389616/0.jpg HTTP/1.1" 200 134368 "-" "scalaj-http/2.4.2"
193.33.8.61 - - [04/Mar/2025:10:04:58 +0100] "GET /Jurek/pasiekaslodka/feeds/pasiekaslodka_zero.xml HTTP/2.0" 200 119674 "https://konsola.dkkapusta1997.usermd.net/" "Mozilla/5.0 (Windows NT 10.0; Win64; x64) AppleWebKit/537.36 (KHTML, like Gecko) Chrome/133.0.0.0 Safari/537.36"
46.101.116.244 - - [04/Mar/2025:10:05:04 +0100] "GET /Jurek/gimmik/feeds/gimmik_mallczex.xml HTTP/2.0" 404 3551 "-" "-"
77.79.248.229 - - [04/Mar/2025:10:05:04 +0100] "GET /Jurek/pasiekaslodka/feeds/pasiekaslodka_zero.xml HTTP/1.1" 200 119674 "-" "Python-urllib/3.11"
85.14.86.141 - - [04/Mar/2025:10:05:23 +0100] "GET /Jurek/vida_morele/feeds/VidaPL_morele.xml HTTP/2.0" 200 690268875 "-" "MarketplaceAPI curl/7.64.0 PHP/8"
85.14.86.141 - - [04/Mar/2025:10:05:35 +0100] "GET /Jurek/aw/feeds/awnarzedzia_morele.xml HTTP/2.0" 200 90379315 "-" "MarketplaceAPI curl/7.64.0 PHP/8"
46.101.116.244 - - [04/Mar/2025:10:05:36 +0100] "GET /Jurek/bimboland/feeds/bimboland_mallczex.xml HTTP/2.0" 200 2495002 "-" "-"
85.14.86.141 - - [04/Mar/2025:10:05:56 +0100] "GET /Jurek/beliani/feeds/beliani_morele.xml HTTP/2.0" 200 31843362 "-" "MarketplaceAPI curl/7.64.0 PHP/8"
66.135.202.72 - - [04/Mar/2025:10:06:10 +0100] "GET /Jurek/eurofirany/images/396861/0.jpg HTTP/1.1" 200 38725 "-" "Java/17.0.12.0.101"
46.101.116.244 - - [04/Mar/2025:10:06:20 +0100] "GET /Jurek/activeshop/feeds/activeshop_mallczex.xml HTTP/2.0" 200 10456682 "-" "-"
46.101.116.244 - - [04/Mar/2025:10:06:24 +0100] "GET /Jurek/twm/feeds/twm-mallexcz.xml HTTP/2.0" 200 1028459 "-" "-"
193.33.8.61 - - [04/Mar/2025:10:06:25 +0100] "GET /Jurek/smxdesign/feeds/smxdesign_zero.xml HTTP/2.0" 200 1828959 "https://konsola.dkkapusta1997.usermd.net/" "Mozilla/5.0 (Windows NT 10.0; Win64; x64) AppleWebKit/537.36 (KHTML, like Gecko) Chrome/133.0.0.0 Safari/537.36"
77.79.248.229 - - [04/Mar/2025:10:06:31 +0100] "GET /Jurek/smxdesign/feeds/smxdesign_zero.xml HTTP/1.1" 200 1828959 "-" "Python-urllib/3.11"
46.101.116.244 - - [04/Mar/2025:10:06:34 +0100] "GET /Jurek/detian/feeds/detian_mallexcz.xml HTTP/2.0" 404 3551 "-" "-"
46.101.116.244 - - [04/Mar/2025:10:06:45 +0100] "GET /Jurek/octopia/feeds/octopia_mallexcz.xml HTTP/2.0" 200 10570746 "-" "-"
46.101.116.244 - - [04/Mar/2025:10:06:56 +0100] "GET /Jurek/action/feeds/action_mallcz.xml HTTP/2.0" 200 55203607 "-" "-"
46.101.116.244 - - [04/Mar/2025:10:07:16 +0100] "GET /Jurek/andex/feeds/andex_mallczex.xml HTTP/2.0" 200 1954276 "-" "-"
46.101.116.244 - - [04/Mar/2025:10:07:27 +0100] "GET /Jurek/aw/feeds/awnarzedzia_mallczex.xml HTTP/2.0" 200 90475276 "-" "-"
46.101.116.244 - - [04/Mar/2025:10:07:43 +0100] "GET /Jurek/aw/feeds/aw_fnacfr.xml HTTP/1.0" 404 3551 "-" "-"
46.101.116.244 - - [04/Mar/2025:10:07:46 +0100] "GET /Jurek/b3/feeds/b3_mallcz.xml HTTP/2.0" 200 6070749 "-" "-"
46.101.116.244 - - [04/Mar/2025:10:07:57 +0100] "GET /Jurek/barbecook/feeds/barbecook_mallczex.xml HTTP/2.0" 200 87610 "-" "-"
46.101.116.244 - - [04/Mar/2025:10:07:58 +0100] "GET /Filip/feeds/xlsx_ceneo.xml HTTP/1.0" 200 6241376 "-" "-"
46.101.116.244 - - [04/Mar/2025:10:08:07 +0100] "GET /Jurek/bass/feeds/bass_mallcz.xml HTTP/2.0" 200 3987407 "-" "-"
46.101.116.244 - - [04/Mar/2025:10:08:18 +0100] "GET /Jurek/beliani/feeds/beliani_cz_mallczex.xml HTTP/2.0" 200 33734678 "-" "-"
193.33.8.61 - - [04/Mar/2025:10:08:25 +0100] "GET /Jurek/harmonypost/feeds/harmonypost_zero.xml HTTP/2.0" 200 39915831 "https://konsola.dkkapusta1997.usermd.net/" "Mozilla/5.0 (Windows NT 10.0; Win64; x64) AppleWebKit/537.36 (KHTML, like Gecko) Chrome/133.0.0.0 Safari/537.36"
77.79.248.229 - - [04/Mar/2025:10:08:25 +0100] "GET /Jurek/harmonypost/feeds/harmonypost_zero.xml HTTP/1.1" 200 39915831 "-" "Python-urllib/3.11"
46.101.116.244 - - [04/Mar/2025:10:08:30 +0100] "GET /Jurek/benbaby/feeds/benbaby_mallcz.xml HTTP/2.0" 200 3732496 "-" "-"
46.101.116.244 - - [04/Mar/2025:10:08:41 +0100] "GET /Jurek/chemex/feeds/chemex_mallczex.xml HTTP/2.0" 200 47840959 "-" "-"
46.101.116.244 - - [04/Mar/2025:10:08:54 +0100] "GET /Jurek/duka/feeds/duka_mallczex.xml HTTP/2.0" 200 57 "-" "-"
46.101.116.244 - - [04/Mar/2025:10:09:04 +0100] "GET /Jurek/emibig/feeds/emibig_mallcz.xml HTTP/2.0" 200 2489832 "-" "-"
46.101.116.244 - - [04/Mar/2025:10:09:15 +0100] "GET /Jurek/eurofirany/feeds/eurofirany_mall_cz_extrastore.xml HTTP/2.0" 200 18763304 "-" "-"
46.101.116.244 - - [04/Mar/2025:10:09:26 +0100] "GET /Jurek/fernity/feeds/fernity_mallczex.xml HTTP/2.0" 200 5226577 "-" "-"
46.101.116.244 - - [04/Mar/2025:10:09:27 +0100] "GET /Jurek/flhf/feeds/flhf_mallczex.xml HTTP/2.0" 404 3551 "-" "-"
89.161.206.59 - - [04/Mar/2025:10:09:28 +0100] "GET /Jurek/evil/feeds/evil_skroutz.xml HTTP/1.0" 200 252474 "-" "-"
89.161.206.59 - - [04/Mar/2025:10:09:28 +0100] "GET /Jurek/twojsklep/feeds/twojsklep_skroutz.xml HTTP/1.0" 200 126797 "-" "-"
89.161.206.59 - - [04/Mar/2025:10:09:29 +0100] "GET /Jurek/sartrix/feeds/sartrix_skroutz.xml HTTP/1.0" 200 649166 "-" "-"
89.161.206.59 - - [04/Mar/2025:10:09:30 +0100] "GET /Jurek/wenom/feeds/wenom_skroutz.xml HTTP/1.0" 200 583214 "-" "-"
89.161.206.59 - - [04/Mar/2025:10:09:31 +0100] "GET /Jurek/luxma/feeds/luxma_skroutz.xml HTTP/1.0" 200 4420018 "-" "-"
89.161.206.59 - - [04/Mar/2025:10:09:32 +0100] "GET /Jurek/drewdon/feeds/drewdon_skroutz.xml HTTP/1.0" 200 358919 "-" "-"
89.161.206.59 - - [04/Mar/2025:10:09:32 +0100] "GET /Jurek/zepnij/feeds/zepnij_skroutz.xml HTTP/1.0" 200 19522779 "-" "-"
89.161.206.59 - - [04/Mar/2025:10:09:34 +0100] "GET /Jurek/primohurt/feeds/primohurt_skroutz.xml HTTP/1.0" 200 17186627 "-" "-"
89.161.206.59 - - [04/Mar/2025:10:09:34 +0100] "GET /Jurek/dekoele/feeds/dekoele_skroutz.xml HTTP/1.0" 200 378802 "-" "-"
89.161.206.59 - - [04/Mar/2025:10:09:35 +0100] "GET /Jurek/rider/feeds/rider_skroutz.xml HTTP/1.0" 200 8165159 "-" "-"
89.161.206.59 - - [04/Mar/2025:10:09:35 +0100] "GET /Jurek/expertauto/feeds/expertauto_skroutz.xml HTTP/1.0" 200 1158924 "-" "-"
46.101.116.244 - - [04/Mar/2025:10:09:37 +0100] "GET /Jurek/homla/feeds/homla_mallczex.xml HTTP/2.0" 404 3551 "-" "-"
89.161.206.59 - - [04/Mar/2025:10:09:40 +0100] "GET /Jurek/qbox/feeds/qbox_skroutz.xml HTTP/1.0" 200 398722 "-" "-"
89.161.206.59 - - [04/Mar/2025:10:09:42 +0100] "GET /Jurek/emaja24/feeds/emaja24_skroutz.xml HTTP/1.0" 200 5110153 "-" "-"
46.101.116.244 - - [04/Mar/2025:10:09:48 +0100] "GET /Jurek/hurtownia_przemyslowa/feeds/hp_mallcz.xml HTTP/2.0" 200 49638046 "-" "-"
46.101.116.244 - - [04/Mar/2025:10:10:01 +0100] "GET /Jurek/ikonka/feeds/ikonka_mallczex.xml HTTP/2.0" 200 21456942 "-" "-"
77.79.248.229 - - [04/Mar/2025:10:10:03 +0100] "GET /Jurek/ikonka/feeds/ikonka_cdon_se.xml HTTP/1.1" 200 21456488 "-" "python-requests/2.32.3"
77.79.248.229 - - [04/Mar/2025:10:10:04 +0100] "GET /Jurek/ikonka/feeds/ikonka_cdon_dk.xml HTTP/1.1" 200 21456441 "-" "python-requests/2.32.3"
77.79.248.229 - - [04/Mar/2025:10:10:04 +0100] "GET /Jurek/ikonka/feeds/ikonka_cdon_fi.xml HTTP/1.1" 200 21454286 "-" "python-requests/2.32.3"
77.79.248.229 - - [04/Mar/2025:10:10:08 +0100] "GET /Jurek/rovicky/feeds/rovicky_cdonSE.xml HTTP/1.1" 200 14033416 "-" "python-requests/2.32.3"
77.79.248.229 - - [04/Mar/2025:10:10:08 +0100] "GET /Jurek/rovicky/feeds/rovicky_cdonDK.xml HTTP/1.1" 200 14033689 "-" "python-requests/2.32.3"
77.79.248.229 - - [04/Mar/2025:10:10:08 +0100] "GET /Jurek/rovicky/feeds/rovicky_cdonFI.xml HTTP/1.1" 200 14028463 "-" "python-requests/2.32.3"
77.79.248.229 - - [04/Mar/2025:10:10:08 +0100] "GET /Jurek/benbaby/feeds/benbaby_cdon_se.xml HTTP/1.1" 200 3767915 "-" "python-requests/2.32.3"
77.79.248.229 - - [04/Mar/2025:10:10:08 +0100] "GET /Jurek/benbaby/feeds/benbaby_cdon_dk.xml HTTP/1.1" 200 3767913 "-" "python-requests/2.32.3"
77.79.248.229 - - [04/Mar/2025:10:10:08 +0100] "GET /Jurek/benbaby/feeds/benbaby_cdon_fi.xml HTTP/1.1" 200 3765195 "-" "python-requests/2.32.3"
77.79.248.229 - - [04/Mar/2025:10:10:09 +0100] "GET /Jurek/candellux/feeds/candellux_cdon_se.xml HTTP/1.1" 200 466166 "-" "python-requests/2.32.3"
77.79.248.229 - - [04/Mar/2025:10:10:09 +0100] "GET /Jurek/candellux/feeds/candellux_cdon_dk.xml HTTP/1.1" 200 466129 "-" "python-requests/2.32.3"
77.79.248.229 - - [04/Mar/2025:10:10:09 +0100] "GET /Jurek/candellux/feeds/candellux_cdon_fi.xml HTTP/1.1" 200 465745 "-" "python-requests/2.32.3"
77.79.248.229 - - [04/Mar/2025:10:10:09 +0100] "GET /Jurek/hurtownia_przemyslowa/feeds/hp_cdon_se.xml HTTP/1.1" 200 49634355 "-" "python-requests/2.32.3"
77.79.248.229 - - [04/Mar/2025:10:10:10 +0100] "GET /Jurek/hurtownia_przemyslowa/feeds/hp_cdon_dk.xml HTTP/1.1" 200 49632757 "-" "python-requests/2.32.3"
77.79.248.229 - - [04/Mar/2025:10:10:11 +0100] "GET /Jurek/hurtownia_przemyslowa/feeds/hp_cdon_fi.xml HTTP/1.1" 200 49619198 "-" "python-requests/2.32.3"
77.79.248.229 - - [04/Mar/2025:10:10:11 +0100] "GET /Jurek/topeshop/feeds/topeshop_cdon_se.xml HTTP/1.1" 200 2414466 "-" "python-requests/2.32.3"
77.79.248.229 - - [04/Mar/2025:10:10:11 +0100] "GET /Jurek/topeshop/feeds/topeshop_cdon_dk.xml HTTP/1.1" 200 2414300 "-" "python-requests/2.32.3"
77.79.248.229 - - [04/Mar/2025:10:10:11 +0100] "GET /Jurek/topeshop/feeds/topeshop_cdon_fi.xml HTTP/1.1" 200 2413869 "-" "python-requests/2.32.3"
77.79.248.229 - - [04/Mar/2025:10:10:11 +0100] "GET /Jurek/asortymenteu/feeds/asortymenteu_cdon_se.xml HTTP/1.1" 200 2586208 "-" "python-requests/2.32.3"
77.79.248.229 - - [04/Mar/2025:10:10:12 +0100] "GET /Jurek/asortymenteu/feeds/asortymenteu_cdon_dk.xml HTTP/1.1" 200 2586208 "-" "python-requests/2.32.3"
77.79.248.229 - - [04/Mar/2025:10:10:12 +0100] "GET /Jurek/asortymenteu/feeds/asortymenteu_cdon_fi.xml HTTP/1.1" 200 2585284 "-" "python-requests/2.32.3"
77.79.248.229 - - [04/Mar/2025:10:10:12 +0100] "GET /Jurek/fernity/feeds/fernity_cdon_se.xml HTTP/1.1" 200 5225396 "-" "python-requests/2.32.3"
77.79.248.229 - - [04/Mar/2025:10:10:12 +0100] "GET /Jurek/fernity/feeds/fernity_cdon_dk.xml HTTP/1.1" 200 5225010 "-" "python-requests/2.32.3"
77.79.248.229 - - [04/Mar/2025:10:10:12 +0100] "GET /Jurek/fernity/feeds/fernity_cdon_fi.xml HTTP/1.1" 200 5221888 "-" "python-requests/2.32.3"
46.101.116.244 - - [04/Mar/2025:10:10:13 +0100] "GET /Jurek/kinghoff/feeds/kinghoff_mallczex.xml HTTP/2.0" 200 15066121 "-" "-"
77.79.248.229 - - [04/Mar/2025:10:10:13 +0100] "GET /Jurek/aw/feeds/awnarzedzia_cdon_se.xml HTTP/1.1" 200 90457449 "-" "python-requests/2.32.3"
77.79.248.229 - - [04/Mar/2025:10:10:14 +0100] "GET /Jurek/aw/feeds/awnarzedzia_cdon_dk.xml HTTP/1.1" 200 90452146 "-" "python-requests/2.32.3"
77.79.248.229 - - [04/Mar/2025:10:10:15 +0100] "GET /Jurek/aw/feeds/awnarzedzia_cdon_fi.xml HTTP/1.1" 200 90369047 "-" "python-requests/2.32.3"
77.79.248.229 - - [04/Mar/2025:10:10:15 +0100] "GET /Jurek/activeshop/feeds/activeshop_cdon_se.xml HTTP/1.1" 200 10455550 "-" "python-requests/2.32.3"
77.79.248.229 - - [04/Mar/2025:10:10:16 +0100] "GET /Jurek/activeshop/feeds/activeshop_cdon_dk.xml HTTP/1.1" 200 10455433 "-" "python-requests/2.32.3"
77.79.248.229 - - [04/Mar/2025:10:10:16 +0100] "GET /Jurek/activeshop/feeds/activeshop_cdon_fi.xml HTTP/1.1" 200 10451846 "-" "python-requests/2.32.3"
77.79.248.229 - - [04/Mar/2025:10:10:16 +0100] "GET /Jurek/ikonka/feeds/ikonka_cdon_se.xml HTTP/1.1" 200 21456488 "-" "python-requests/2.32.3"
77.79.248.229 - - [04/Mar/2025:10:10:17 +0100] "GET /Jurek/ikonka/feeds/ikonka_cdon_dk.xml HTTP/1.1" 200 21456441 "-" "python-requests/2.32.3"
77.79.248.229 - - [04/Mar/2025:10:10:17 +0100] "GET /Jurek/ikonka/feeds/ikonka_cdon_fi.xml HTTP/1.1" 200 21454286 "-" "python-requests/2.32.3"
77.79.248.229 - - [04/Mar/2025:10:10:17 +0100] "GET /Jurek/swiatecznygoliat/feeds/swiatecznygoliat_cdon_se.xml HTTP/1.1" 200 7056936 "-" "python-requests/2.32.3"
77.79.248.229 - - [04/Mar/2025:10:10:17 +0100] "GET /Jurek/swiatecznygoliat/feeds/swiatecznygoliat_cdon_dk.xml HTTP/1.1" 200 7056896 "-" "python-requests/2.32.3"
77.79.248.229 - - [04/Mar/2025:10:10:18 +0100] "GET /Jurek/swiatecznygoliat/feeds/swiatecznygoliat_cdon_fi.xml HTTP/1.1" 200 7054400 "-" "python-requests/2.32.3"
77.79.248.229 - - [04/Mar/2025:10:10:18 +0100] "GET /Jurek/slayo/feeds/slayo_cdon_se.xml HTTP/1.1" 200 195548 "-" "python-requests/2.32.3"
77.79.248.229 - - [04/Mar/2025:10:10:18 +0100] "GET /Jurek/slayo/feeds/slayo_cdon_dk.xml HTTP/1.1" 200 195548 "-" "python-requests/2.32.3"
77.79.248.229 - - [04/Mar/2025:10:10:18 +0100] "GET /Jurek/slayo/feeds/slayo_cdon_fi.xml HTTP/1.1" 200 195532 "-" "python-requests/2.32.3"
77.79.248.229 - - [04/Mar/2025:10:10:18 +0100] "GET /Jurek/bass/feeds/bass_cdon_se.xml HTTP/1.1" 200 3986972 "-" "python-requests/2.32.3"
77.79.248.229 - - [04/Mar/2025:10:10:18 +0100] "GET /Jurek/bass/feeds/bass_cdon_dk.xml HTTP/1.1" 200 3986714 "-" "python-requests/2.32.3"
77.79.248.229 - - [04/Mar/2025:10:10:18 +0100] "GET /Jurek/bass/feeds/bass_cdon_fi.xml HTTP/1.1" 200 3985248 "-" "python-requests/2.32.3"
77.79.248.229 - - [04/Mar/2025:10:10:18 +0100] "GET /Jurek/benetech/feeds/benetech_cdon_se.xml HTTP/1.1" 200 4452294 "-" "python-requests/2.32.3"
77.79.248.229 - - [04/Mar/2025:10:10:18 +0100] "GET /Jurek/benetech/feeds/benetech_cdon_dk.xml HTTP/1.1" 200 4452257 "-" "python-requests/2.32.3"
77.79.248.229 - - [04/Mar/2025:10:10:18 +0100] "GET /Jurek/benetech/feeds/benetech_cdon_fi.xml HTTP/1.1" 200 4451920 "-" "python-requests/2.32.3"
77.79.248.229 - - [04/Mar/2025:10:10:19 +0100] "GET /Jurek/waks/feeds/waks_cdon_se.xml HTTP/1.1" 200 6335251 "-" "python-requests/2.32.3"
77.79.248.229 - - [04/Mar/2025:10:10:19 +0100] "GET /Jurek/waks/feeds/waks_cdon_dk.xml HTTP/1.1" 200 6335180 "-" "python-requests/2.32.3"
77.79.248.229 - - [04/Mar/2025:10:10:19 +0100] "GET /Jurek/waks/feeds/waks_cdon_fi.xml HTTP/1.1" 200 6332847 "-" "python-requests/2.32.3"
77.79.248.229 - - [04/Mar/2025:10:10:19 +0100] "GET /Jurek/kambukka/feeds/kambukka_cdon_se.xml HTTP/1.1" 200 1047165 "-" "python-requests/2.32.3"
77.79.248.229 - - [04/Mar/2025:10:10:19 +0100] "GET /Jurek/kambukka/feeds/kambukka_cdon_dk.xml HTTP/1.1" 200 1046998 "-" "python-requests/2.32.3"
77.79.248.229 - - [04/Mar/2025:10:10:19 +0100] "GET /Jurek/kambukka/feeds/kambukka_cdon_fi.xml HTTP/1.1" 200 1046731 "-" "python-requests/2.32.3"
77.79.248.229 - - [04/Mar/2025:10:10:19 +0100] "GET /Jurek/hdwr/feeds/hdwr_cdon_se.xml HTTP/1.1" 200 778057 "-" "python-requests/2.32.3"
77.79.248.229 - - [04/Mar/2025:10:10:19 +0100] "GET /Jurek/hdwr/feeds/hdwr_cdon_dk.xml HTTP/1.1" 200 778013 "-" "python-requests/2.32.3"
77.79.248.229 - - [04/Mar/2025:10:10:19 +0100] "GET /Jurek/hdwr/feeds/hdwr_cdon_fi.xml HTTP/1.1" 200 777797 "-" "python-requests/2.32.3"
77.79.248.229 - - [04/Mar/2025:10:10:19 +0100] "GET /Jurek/pagmil/feeds/pagmil_cdon_se.xml HTTP/1.1" 200 1706044 "-" "python-requests/2.32.3"
77.79.248.229 - - [04/Mar/2025:10:10:19 +0100] "GET /Jurek/pagmil/feeds/pagmil_cdon_dk.xml HTTP/1.1" 200 1706033 "-" "python-requests/2.32.3"
77.79.248.229 - - [04/Mar/2025:10:10:19 +0100] "GET /Jurek/pagmil/feeds/pagmil_cdon_fi.xml HTTP/1.1" 200 1705661 "-" "python-requests/2.32.3"
77.79.248.229 - - [04/Mar/2025:10:10:19 +0100] "GET /Jurek/targethome/feeds/targethome_cdon_se.xml HTTP/1.1" 200 683723 "-" "python-requests/2.32.3"
77.79.248.229 - - [04/Mar/2025:10:10:19 +0100] "GET /Jurek/targethome/feeds/targethome_cdon_dk.xml HTTP/1.1" 200 683678 "-" "python-requests/2.32.3"
77.79.248.229 - - [04/Mar/2025:10:10:19 +0100] "GET /Jurek/targethome/feeds/targethome_cdon_fi.xml HTTP/1.1" 200 683580 "-" "python-requests/2.32.3"
77.79.248.229 - - [04/Mar/2025:10:10:20 +0100] "GET /Jurek/eroplace/feeds/eroplace_cdon_se.xml HTTP/1.1" 200 30863131 "-" "python-requests/2.32.3"
77.79.248.229 - - [04/Mar/2025:10:10:20 +0100] "GET /Jurek/eroplace/feeds/eroplace_cdon_dk.xml HTTP/1.1" 200 30862375 "-" "python-requests/2.32.3"
77.79.248.229 - - [04/Mar/2025:10:10:20 +0100] "GET /Jurek/eroplace/feeds/eroplace_cdon_fi.xml HTTP/1.1" 200 30849529 "-" "python-requests/2.32.3"
77.79.248.229 - - [04/Mar/2025:10:10:20 +0100] "GET /Jurek/artdog/feeds/artdog_cdon_se.xml HTTP/1.1" 200 15938050 "-" "python-requests/2.32.3"
77.79.248.229 - - [04/Mar/2025:10:10:21 +0100] "GET /Jurek/artdog/feeds/artdog_cdon_dk.xml HTTP/1.1" 200 15936878 "-" "python-requests/2.32.3"
77.79.248.229 - - [04/Mar/2025:10:10:21 +0100] "GET /Jurek/artdog/feeds/artdog_cdon_fi.xml HTTP/1.1" 200 15929260 "-" "python-requests/2.32.3"
77.79.248.229 - - [04/Mar/2025:10:10:21 +0100] "GET /Jurek/sempler/feeds/sempler_cdon_se.xml HTTP/1.1" 200 6554444 "-" "python-requests/2.32.3"
77.79.248.229 - - [04/Mar/2025:10:10:21 +0100] "GET /Jurek/sempler/feeds/sempler_cdon_dk.xml HTTP/1.1" 200 6554381 "-" "python-requests/2.32.3"
77.79.248.229 - - [04/Mar/2025:10:10:21 +0100] "GET /Jurek/sempler/feeds/sempler_cdon_fi.xml HTTP/1.1" 200 6553234 "-" "python-requests/2.32.3"
77.79.248.229 - - [04/Mar/2025:10:10:21 +0100] "GET /Jurek/oromed/feeds/oromed_cdon_se.xml HTTP/1.1" 200 1054121 "-" "python-requests/2.32.3"
77.79.248.229 - - [04/Mar/2025:10:10:21 +0100] "GET /Jurek/oromed/feeds/oromed_cdon_dk.xml HTTP/1.1" 200 1054103 "-" "python-requests/2.32.3"
77.79.248.229 - - [04/Mar/2025:10:10:21 +0100] "GET /Jurek/oromed/feeds/oromed_cdon_fi.xml HTTP/1.1" 200 1053933 "-" "python-requests/2.32.3"
77.79.248.229 - - [04/Mar/2025:10:10:21 +0100] "GET /Jurek/hurtmeblowy/feeds/hurtmeblowy_cdon_se.xml HTTP/1.1" 200 8025391 "-" "python-requests/2.32.3"
77.79.248.229 - - [04/Mar/2025:10:10:21 +0100] "GET /Jurek/hurtmeblowy/feeds/hurtmeblowy_cdon_dk.xml HTTP/1.1" 200 8024877 "-" "python-requests/2.32.3"
77.79.248.229 - - [04/Mar/2025:10:10:22 +0100] "GET /Jurek/hurtmeblowy/feeds/hurtmeblowy_cdon_fi.xml HTTP/1.1" 200 8023502 "-" "python-requests/2.32.3"
77.79.248.229 - - [04/Mar/2025:10:10:22 +0100] "GET /Jurek/narzbud/feeds/narzbud_cdon_se.xml HTTP/1.1" 200 1959221 "-" "python-requests/2.32.3"
77.79.248.229 - - [04/Mar/2025:10:10:22 +0100] "GET /Jurek/narzbud/feeds/narzbud_cdon_dk.xml HTTP/1.1" 200 1959183 "-" "python-requests/2.32.3"
77.79.248.229 - - [04/Mar/2025:10:10:22 +0100] "GET /Jurek/narzbud/feeds/narzbud_cdon_fi.xml HTTP/1.1" 200 1958334 "-" "python-requests/2.32.3"
77.79.248.229 - - [04/Mar/2025:10:10:22 +0100] "GET /Jurek/livinhill/feeds/livinhill_cdon_se.xml HTTP/1.1" 200 1448873 "-" "python-requests/2.32.3"
77.79.248.229 - - [04/Mar/2025:10:10:22 +0100] "GET /Jurek/livinhill/feeds/livinhill_cdon_dk.xml HTTP/1.1" 200 1448762 "-" "python-requests/2.32.3"
77.79.248.229 - - [04/Mar/2025:10:10:22 +0100] "GET /Jurek/livinhill/feeds/livinhill_cdon_fi.xml HTTP/1.1" 200 1448348 "-" "python-requests/2.32.3"
77.79.248.229 - - [04/Mar/2025:10:10:22 +0100] "GET /Jurek/ekuchcikowo/feeds/ekuchcikowo_cdon_se.xml HTTP/1.1" 200 13469187 "-" "python-requests/2.32.3"
77.79.248.229 - - [04/Mar/2025:10:10:22 +0100] "GET /Jurek/ekuchcikowo/feeds/ekuchcikowo_cdon_dk.xml HTTP/1.1" 200 13468950 "-" "python-requests/2.32.3"
77.79.248.229 - - [04/Mar/2025:10:10:22 +0100] "GET /Jurek/ekuchcikowo/feeds/ekuchcikowo_cdon_fi.xml HTTP/1.1" 200 13466610 "-" "python-requests/2.32.3"
77.79.248.229 - - [04/Mar/2025:10:10:22 +0100] "GET /Jurek/fertone/feeds/fertone_cdon_se.xml HTTP/1.1" 200 597152 "-" "python-requests/2.32.3"
77.79.248.229 - - [04/Mar/2025:10:10:22 +0100] "GET /Jurek/fertone/feeds/fertone_cdon_dk.xml HTTP/1.1" 200 597114 "-" "python-requests/2.32.3"
77.79.248.229 - - [04/Mar/2025:10:10:22 +0100] "GET /Jurek/fertone/feeds/fertone_cdon_fi.xml HTTP/1.1" 200 596807 "-" "python-requests/2.32.3"
77.79.248.229 - - [04/Mar/2025:10:10:22 +0100] "GET /Jurek/ekolight/feeds/ekolioght_cdon_se.xml HTTP/1.1" 200 9055500 "-" "python-requests/2.32.3"
77.79.248.229 - - [04/Mar/2025:10:10:23 +0100] "GET /Jurek/ekolight/feeds/ekolioght_cdon_dk.xml HTTP/1.1" 200 9054841 "-" "python-requests/2.32.3"
77.79.248.229 - - [04/Mar/2025:10:10:23 +0100] "GET /Jurek/ekolight/feeds/ekolioght_cdon_fi.xml HTTP/1.1" 200 9051812 "-" "python-requests/2.32.3"
77.79.248.229 - - [04/Mar/2025:10:10:23 +0100] "GET /Jurek/cbdgreen/feeds/cbdgreen_cdon_se.xml HTTP/1.1" 200 50237 "-" "python-requests/2.32.3"
77.79.248.229 - - [04/Mar/2025:10:10:23 +0100] "GET /Jurek/cbdgreen/feeds/cbdgreen_cdon_dk.xml HTTP/1.1" 200 50240 "-" "python-requests/2.32.3"
77.79.248.229 - - [04/Mar/2025:10:10:23 +0100] "GET /Jurek/cbdgreen/feeds/cbdgreen_cdon_fi.xml HTTP/1.1" 200 50231 "-" "python-requests/2.32.3"
77.79.248.229 - - [04/Mar/2025:10:10:23 +0100] "GET /Jurek/pawonik/feeds/pawonik_cdon_se.xml HTTP/1.1" 200 2586581 "-" "python-requests/2.32.3"
77.79.248.229 - - [04/Mar/2025:10:10:23 +0100] "GET /Jurek/pawonik/feeds/pawonik_cdon_dk.xml HTTP/1.1" 200 2586574 "-" "python-requests/2.32.3"
77.79.248.229 - - [04/Mar/2025:10:10:23 +0100] "GET /Jurek/pawonik/feeds/pawonik_cdon_fi.xml HTTP/1.1" 200 2586059 "-" "python-requests/2.32.3"
77.79.248.229 - - [04/Mar/2025:10:10:23 +0100] "GET /Jurek/mosti/feeds/mosti_cdon_se.xml HTTP/1.1" 200 9257201 "-" "python-requests/2.32.3"
77.79.248.229 - - [04/Mar/2025:10:10:23 +0100] "GET /Jurek/mosti/feeds/mosti_cdon_dk.xml HTTP/1.1" 200 9257184 "-" "python-requests/2.32.3"
77.79.248.229 - - [04/Mar/2025:10:10:23 +0100] "GET /Jurek/mosti/feeds/mosti_cdon_fi.xml HTTP/1.1" 200 9255672 "-" "python-requests/2.32.3"
77.79.248.229 - - [04/Mar/2025:10:10:23 +0100] "GET /Jurek/winoszarnia/feeds/winoszarnia_cdon_se.xml HTTP/1.1" 200 6132044 "-" "python-requests/2.32.3"
77.79.248.229 - - [04/Mar/2025:10:10:24 +0100] "GET /Jurek/winoszarnia/feeds/winoszarnia_cdon_dk.xml HTTP/1.1" 200 6132044 "-" "python-requests/2.32.3"
77.79.248.229 - - [04/Mar/2025:10:10:24 +0100] "GET /Jurek/winoszarnia/feeds/winoszarnia_cdon_fi.xml HTTP/1.1" 200 6130680 "-" "python-requests/2.32.3"
77.79.248.229 - - [04/Mar/2025:10:10:24 +0100] "GET /Jurek/bass_new/feeds/bass_cdon_se.xml HTTP/1.1" 200 7043289 "-" "python-requests/2.32.3"
77.79.248.229 - - [04/Mar/2025:10:10:24 +0100] "GET /Jurek/bass_new/feeds/bass_cdon_dk.xml HTTP/1.1" 200 7042923 "-" "python-requests/2.32.3"
77.79.248.229 - - [04/Mar/2025:10:10:24 +0100] "GET /Jurek/bass_new/feeds/bass_cdon_fi.xml HTTP/1.1" 200 7041025 "-" "python-requests/2.32.3"
77.79.248.229 - - [04/Mar/2025:10:10:24 +0100] "GET /Jurek/pupus/feeds/pupus_cdon_se.xml HTTP/1.1" 200 6156548 "-" "python-requests/2.32.3"
77.79.248.229 - - [04/Mar/2025:10:10:24 +0100] "GET /Jurek/pupus/feeds/pupus_cdon_dk.xml HTTP/1.1" 200 6156479 "-" "python-requests/2.32.3"
77.79.248.229 - - [04/Mar/2025:10:10:24 +0100] "GET /Jurek/pupus/feeds/pupus_cdon_fi.xml HTTP/1.1" 200 6154532 "-" "python-requests/2.32.3"
46.101.116.244 - - [04/Mar/2025:10:10:26 +0100] "GET /Jurek/kinghome/feeds/kinghome_mallczex.xml HTTP/2.0" 200 5716962 "-" "-"
66.211.183.70 - - [04/Mar/2025:10:10:31 +0100] "GET /Jurek/eurofirany/images/389928/0.jpg HTTP/1.1" 200 173904 "-" "scalaj-http/2.4.2"
66.211.183.73 - - [04/Mar/2025:10:10:45 +0100] "GET /Jurek/eurofirany/images/463592/0.jpg HTTP/1.1" 200 0 "-" "scalaj-http/2.4.2"
89.161.206.59 - - [04/Mar/2025:10:10:49 +0100] "GET /Jurek/ekotex/feeds/ekotex_skroutz.xml HTTP/1.0" 200 197845 "-" "-"
89.161.206.59 - - [04/Mar/2025:10:10:49 +0100] "GET /Jurek/motofan/feeds/motofan_skroutz.xml HTTP/1.0" 200 2392162 "-" "-"
89.161.206.59 - - [04/Mar/2025:10:10:49 +0100] "GET /Jurek/elecomp/feeds/elecomp_skroutz.xml HTTP/1.0" 200 2869610 "-" "-"
46.101.116.244 - - [04/Mar/2025:10:11:03 +0100] "GET /Jurek/rovicky/feeds/rovicky_mallczex.xml HTTP/2.0" 200 14034980 "-" "-"
46.101.116.244 - - [04/Mar/2025:10:11:15 +0100] "GET /Jurek/stema/feeds/stema_mallczex.xml HTTP/2.0" 200 839193 "-" "-"
46.101.116.244 - - [04/Mar/2025:10:11:26 +0100] "GET /Jurek/unimet/feeds/unimet_mallczex.xml HTTP/2.0" 200 60273681 "-" "-"
89.161.206.59 - - [04/Mar/2025:10:11:34 +0100] "GET /Jurek/benetech/feeds/benetech_allegro.xml HTTP/1.0" 200 4452165 "-" "-"
89.161.206.59 - - [04/Mar/2025:10:11:34 +0100] "GET /Jurek/targethome/feeds/targethome_allegro.xml HTTP/1.0" 200 683626 "-" "-"
185.6.76.18 - - [04/Mar/2025:10:11:35 +0100] "GET /marketplaces/skroutz/feeds/shumee.xml HTTP/1.1" 200 347902196 "-" "SkroutzBot v1.0"
46.101.116.244 - - [04/Mar/2025:10:11:45 +0100] "GET /Jurek/vivaldi/feeds/vivaldi_Mall-czex.xml HTTP/2.0" 200 344836 "-" "-"
46.101.116.244 - - [04/Mar/2025:10:11:56 +0100] "GET /Jurek/topeshop/feeds/topeshop_alza.xml HTTP/2.0" 200 2414643 "-" "-"
89.161.206.59 - - [04/Mar/2025:10:12:09 +0100] "GET /Jurek/ikonka/feeds/ikonka_ebayde.xml HTTP/1.0" 200 6574371 "-" "-"
66.211.183.74 - - [04/Mar/2025:10:12:25 +0100] "GET /Jurek/eurofirany/images/390444/0.jpg HTTP/1.1" 200 144267 "-" "scalaj-http/2.4.2"
46.101.116.244 - - [04/Mar/2025:10:13:26 +0100] "GET /Jurek/aw/feeds/aw_fnacfr.xml HTTP/1.0" 404 3551 "-" "-"
46.101.116.244 - - [04/Mar/2025:10:13:29 +0100] "GET /Jurek/kinghoff/feeds/kinghoff_ceneo.xml HTTP/1.0" 200 15062127 "-" "-"
46.101.116.244 - - [04/Mar/2025:10:13:30 +0100] "GET /Jurek/barbecook/feeds/barbecook_allegro.xml HTTP/1.0" 200 87554 "-" "-"
46.101.116.244 - - [04/Mar/2025:10:13:31 +0100] "GET /Jurek/eurofirany/feeds/eurofirany_velomarket.xml HTTP/1.0" 200 18745460 "-" "-"
46.101.116.244 - - [04/Mar/2025:10:13:44 +0100] "GET /Jurek/eurofirany/feeds/eurofirany_allegro.xml HTTP/1.0" 200 18748273 "-" "-"
66.211.183.73 - - [04/Mar/2025:10:13:55 +0100] "GET /Jurek/eurofirany/images/389997/0.jpg HTTP/1.1" 200 181461 "-" "scalaj-http/2.4.2"
46.101.116.244 - - [04/Mar/2025:10:13:55 +0100] "GET /Filip/feeds/xlsx_ceneo.xml HTTP/1.0" 200 6241376 "-" "-"
77.79.248.229 - - [04/Mar/2025:10:14:08 +0100] "GET /Jurek/vida_morele/feeds/vidaPL_erli.xml HTTP/1.1" 200 690242470 "-" "Python-urllib/3.11"
66.211.183.71 - - [04/Mar/2025:10:14:18 +0100] "GET /Jurek/eurofirany/images/463597/0.jpg HTTP/1.1" 200 0 "-" "scalaj-http/2.4.2"
66.211.183.71 - - [04/Mar/2025:10:14:33 +0100] "GET /Jurek/eurofirany/images/390014/0.jpg HTTP/1.1" 200 168905 "-" "scalaj-http/2.4.2"
79.115.136.147 - - [04/Mar/2025:10:15:50 +0100] "GET /Jurek/eurofirany/images/400579/3.jpg HTTP/2.0" 200 71351 "https://content.emag.network/" "Mozilla/5.0 (Windows NT 10.0; Win64; x64) AppleWebKit/537.36 (KHTML, like Gecko) Chrome/133.0.0.0 Safari/537.36"
79.115.136.147 - - [04/Mar/2025:10:15:50 +0100] "GET /Jurek/eurofirany/images/400579/2.jpg HTTP/2.0" 200 31619 "https://content.emag.network/" "Mozilla/5.0 (Windows NT 10.0; Win64; x64) AppleWebKit/537.36 (KHTML, like Gecko) Chrome/133.0.0.0 Safari/537.36"
79.115.136.147 - - [04/Mar/2025:10:15:50 +0100] "GET /Jurek/eurofirany/images/400579/1.jpg HTTP/2.0" 200 63108 "https://content.emag.network/" "Mozilla/5.0 (Windows NT 10.0; Win64; x64) AppleWebKit/537.36 (KHTML, like Gecko) Chrome/133.0.0.0 Safari/537.36"
79.115.136.147 - - [04/Mar/2025:10:15:50 +0100] "GET /Jurek/eurofirany/images/400579/4.jpg HTTP/2.0" 200 311050 "https://content.emag.network/" "Mozilla/5.0 (Windows NT 10.0; Win64; x64) AppleWebKit/537.36 (KHTML, like Gecko) Chrome/133.0.0.0 Safari/537.36"
79.115.136.147 - - [04/Mar/2025:10:15:50 +0100] "GET /Jurek/eurofirany/images/400579/5.jpg HTTP/2.0" 200 141152 "https://content.emag.network/" "Mozilla/5.0 (Windows NT 10.0; Win64; x64) AppleWebKit/537.36 (KHTML, like Gecko) Chrome/133.0.0.0 Safari/537.36"
79.115.136.147 - - [04/Mar/2025:10:15:51 +0100] "GET /Jurek/eurofirany/images/400579/6.jpg HTTP/2.0" 200 72632 "https://content.emag.network/" "Mozilla/5.0 (Windows NT 10.0; Win64; x64) AppleWebKit/537.36 (KHTML, like Gecko) Chrome/133.0.0.0 Safari/537.36"
79.115.136.147 - - [04/Mar/2025:10:15:51 +0100] "GET /Jurek/eurofirany/images/400579/7.jpg HTTP/2.0" 200 230158 "https://content.emag.network/" "Mozilla/5.0 (Windows NT 10.0; Win64; x64) AppleWebKit/537.36 (KHTML, like Gecko) Chrome/133.0.0.0 Safari/537.36"
77.79.248.229 - - [04/Mar/2025:10:16:08 +0100] "GET /Jurek/vida_morele/feeds/vidaPL_erli.xml HTTP/1.1" 200 690242470 "-" "Python-urllib/3.11"
46.101.116.244 - - [04/Mar/2025:10:16:45 +0100] "GET /Jurek/aw/feeds/aw_fnacfr.xml HTTP/1.0" 404 3551 "-" "-"
89.161.206.59 - - [04/Mar/2025:10:16:58 +0100] "GET /Jurek/pupus/feeds/pupus_bol.xml HTTP/1.0" 200 6154591 "-" "-"
46.101.116.244 - - [04/Mar/2025:10:17:00 +0100] "GET /Filip/feeds/xlsx_ceneo.xml HTTP/1.0" 200 6241376 "-" "-"
18.153.223.55 - - [04/Mar/2025:10:17:02 +0100] "GET /Jurek/eurofirany/images/416433/0.jpg HTTP/1.1" 200 121054 "-" "Mozilla/5.0 (compatible; idealo-bot inventory-image-downloader; https://partner.idealo.com/de/bot)"
66.211.183.71 - - [04/Mar/2025:10:17:12 +0100] "GET /Jurek/topeshop/downloaded_images/5902838463741_20st_close.jpg HTTP/1.1" 404 3551 "-" "scalaj-http/2.4.2"
193.33.8.61 - - [04/Mar/2025:10:17:12 +0100] "GET /Jurek/shiori/feeds/shiori_zero.xml HTTP/2.0" 200 453684 "https://konsola.dkkapusta1997.usermd.net/" "Mozilla/5.0 (Windows NT 10.0; Win64; x64) AppleWebKit/537.36 (KHTML, like Gecko) Chrome/133.0.0.0 Safari/537.36"
77.79.248.229 - - [04/Mar/2025:10:17:20 +0100] "GET /Jurek/shiori/feeds/shiori_zero.xml HTTP/1.1" 200 453684 "-" "Python-urllib/3.11"
89.161.206.59 - - [04/Mar/2025:10:17:27 +0100] "GET /Jurek/benetech/feeds/benetech_aliex.xml HTTP/1.0" 200 4452187 "-" "-"
89.161.206.59 - - [04/Mar/2025:10:17:27 +0100] "GET /Jurek/slayo/feeds/slayo_aliex.xml HTTP/1.0" 200 195549 "-" "-"
89.161.206.59 - - [04/Mar/2025:10:17:28 +0100] "GET /Jurek/hdwr/feeds/hdwr_aliex.xml HTTP/1.0" 200 777952 "-" "-"
89.161.206.59 - - [04/Mar/2025:10:17:28 +0100] "GET /Jurek/targethome/feeds/targethome_aliex.xml HTTP/1.0" 200 683647 "-" "-"
89.161.206.59 - - [04/Mar/2025:10:17:28 +0100] "GET /Jurek/amzteam/feeds/amzteam_aliex.xml HTTP/1.0" 200 97912 "-" "-"
89.161.206.59 - - [04/Mar/2025:10:17:28 +0100] "GET /Jurek/ralmetal/feeds/ralmetal_aliex.xml HTTP/1.0" 200 1787416 "-" "-"
89.161.206.59 - - [04/Mar/2025:10:17:28 +0100] "GET /Jurek/cbdgreen/feeds/cbdgreen_aliex.xml HTTP/1.0" 200 50239 "-" "-"
89.161.206.59 - - [04/Mar/2025:10:17:29 +0100] "GET /Jurek/drops/feeds/dropsofficecolection_aliex.xml HTTP/1.0" 200 788426 "-" "-"
89.161.206.59 - - [04/Mar/2025:10:17:29 +0100] "GET /Jurek/szpaklampy/feeds/szpaklampy_aliex.xml HTTP/1.0" 200 416581 "-" "-"
89.161.206.59 - - [04/Mar/2025:10:17:29 +0100] "GET /Jurek/velinda/feeds/velinda_aliex.xml HTTP/1.0" 200 4282991 "-" "-"
89.161.206.59 - - [04/Mar/2025:10:17:29 +0100] "GET /Jurek/spali/feeds/spali_aliex.xml HTTP/1.0" 200 101970 "-" "-"
66.211.183.71 - - [04/Mar/2025:10:17:48 +0100] "GET /Jurek/eurofirany/images/372644/0.jpg HTTP/1.1" 200 67943 "-" "scalaj-http/2.4.2"
77.79.248.229 - - [04/Mar/2025:10:18:08 +0100] "GET /Jurek/vida_morele/feeds/vidaPL_erli.xml HTTP/1.1" 200 690242470 "-" "Python-urllib/3.11"
66.211.183.74 - - [04/Mar/2025:10:18:21 +0100] "GET /Jurek/eurofirany/images/390421/0.jpg HTTP/1.1" 200 48192 "-" "scalaj-http/2.4.2"
193.33.8.61 - - [04/Mar/2025:10:18:46 +0100] "GET /Jurek/sternhoff/feeds/sternhoff_zero.xml HTTP/2.0" 200 1775150 "https://konsola.dkkapusta1997.usermd.net/" "Mozilla/5.0 (Windows NT 10.0; Win64; x64) AppleWebKit/537.36 (KHTML, like Gecko) Chrome/133.0.0.0 Safari/537.36"
77.79.248.229 - - [04/Mar/2025:10:18:58 +0100] "GET /Jurek/sternhoff/feeds/sternhoff_zero.xml HTTP/1.1" 200 1775150 "-" "Python-urllib/3.11"
89.161.206.59 - - [04/Mar/2025:10:19:25 +0100] "GET /Jurek/pupus/feeds/pupus_amazonnl.xml HTTP/1.0" 200 6154625 "-" "-"
89.161.206.59 - - [04/Mar/2025:10:19:26 +0100] "GET /Jurek/pupus/feeds/pupus_amazonse.xml HTTP/1.0" 200 6156563 "-" "-"
89.161.206.59 - - [04/Mar/2025:10:19:26 +0100] "GET /Jurek/pupus/feeds/pupus_amazonbe.xml HTTP/1.0" 200 6154637 "-" "-"
89.161.206.59 - - [04/Mar/2025:10:19:27 +0100] "GET /Jurek/pupus/feeds/pupus_amazonit.xml HTTP/1.0" 200 6154649 "-" "-"
89.161.206.59 - - [04/Mar/2025:10:19:27 +0100] "GET /Jurek/pupus/feeds/pupus_amazones.xml HTTP/1.0" 200 6154304 "-" "-"
89.161.206.59 - - [04/Mar/2025:10:19:29 +0100] "GET /Jurek/pupus/feeds/pupus_amazonfr.xml HTTP/1.0" 200 6154593 "-" "-"
89.161.206.59 - - [04/Mar/2025:10:19:38 +0100] "GET /Jurek/waks/feeds/waks_allegro.xml HTTP/1.0" 200 6333642 "-" "-"
66.211.183.73 - - [04/Mar/2025:10:20:04 +0100] "GET /Jurek/eurofirany/images/398821/0.jpg HTTP/1.1" 200 28870 "-" "scalaj-http/2.4.2"
193.33.8.61 - - [04/Mar/2025:10:20:11 +0100] "GET /Jurek/wezer/feeds/wezer_zero.xml HTTP/2.0" 200 210954 "https://konsola.dkkapusta1997.usermd.net/" "Mozilla/5.0 (Windows NT 10.0; Win64; x64) AppleWebKit/537.36 (KHTML, like Gecko) Chrome/133.0.0.0 Safari/537.36"
46.101.116.244 - - [04/Mar/2025:10:20:11 +0100] "GET /Jurek/action/feeds/action_mallhu.xml HTTP/1.1" 200 55245348 "-" "-"
66.211.183.72 - - [04/Mar/2025:10:21:42 +0100] "GET /Jurek/eurofirany/images/372635/0.jpg HTTP/1.1" 200 60417 "-" "scalaj-http/2.4.2"
66.211.183.74 - - [04/Mar/2025:10:21:50 +0100] "GET /Jurek/eurofirany/images/354682/0.jpg HTTP/1.1" 200 117588 "-" "scalaj-http/2.4.2"
46.101.116.244 - - [04/Mar/2025:10:22:11 +0100] "GET /Jurek/aw/feeds/aw_fnacfr.xml HTTP/1.0" 404 3551 "-" "-"
66.135.202.75 - - [04/Mar/2025:10:22:17 +0100] "GET /Jurek/eurofirany/images/323828/0.jpg HTTP/1.1" 200 35756 "-" "Java/17.0.12.0.101"
46.101.116.244 - - [04/Mar/2025:10:22:26 +0100] "GET /Filip/feeds/xlsx_ceneo.xml HTTP/1.0" 200 6241376 "-" "-"
66.135.202.72 - - [04/Mar/2025:10:23:00 +0100] "GET /Jurek/eurofirany/images/383720/0.jpg HTTP/1.1" 200 85938 "-" "Java/17.0.12.0.101"
34.72.247.156 - - [04/Mar/2025:10:23:33 +0100] "GET /Jurek/eurofirany/images/409416/1.jpg HTTP/1.1" 200 34133 "-" "Mozilla/5.0 (X11; Linux x86_64) AppleWebKit/537.36 (KHTML, like Gecko) Chrome/110.0.0.0 Safari/537.36"
34.72.247.156 - - [04/Mar/2025:10:23:34 +0100] "GET /Jurek/eurofirany/images/409416/2.jpg HTTP/1.1" 200 39606 "-" "Mozilla/5.0 (X11; Linux x86_64) AppleWebKit/537.36 (KHTML, like Gecko) Chrome/110.0.0.0 Safari/537.36"
34.133.239.145 - - [04/Mar/2025:10:23:35 +0100] "GET /Jurek/eurofirany/images/409416/3.jpg HTTP/1.1" 200 40823 "-" "Mozilla/5.0 (X11; Linux x86_64) AppleWebKit/537.36 (KHTML, like Gecko) Chrome/110.0.0.0 Safari/537.36"
34.133.239.145 - - [04/Mar/2025:10:23:36 +0100] "GET /Jurek/eurofirany/images/409416/4.jpg HTTP/1.1" 200 174526 "-" "Mozilla/5.0 (X11; Linux x86_64) AppleWebKit/537.36 (KHTML, like Gecko) Chrome/110.0.0.0 Safari/537.36"
34.133.239.145 - - [04/Mar/2025:10:23:37 +0100] "GET /Jurek/eurofirany/images/409413/1.jpg HTTP/1.1" 200 46037 "-" "Mozilla/5.0 (X11; Linux x86_64) AppleWebKit/537.36 (KHTML, like Gecko) Chrome/110.0.0.0 Safari/537.36"
34.133.239.145 - - [04/Mar/2025:10:23:38 +0100] "GET /Jurek/eurofirany/images/409411/1.jpg HTTP/1.1" 200 35173 "-" "Mozilla/5.0 (X11; Linux x86_64) AppleWebKit/537.36 (KHTML, like Gecko) Chrome/110.0.0.0 Safari/537.36"
34.72.247.156 - - [04/Mar/2025:10:23:38 +0100] "GET /Jurek/eurofirany/images/409416/5.jpg HTTP/1.1" 200 598573 "-" "Mozilla/5.0 (X11; Linux x86_64) AppleWebKit/537.36 (KHTML, like Gecko) Chrome/110.0.0.0 Safari/537.36"
34.72.247.156 - - [04/Mar/2025:10:23:38 +0100] "GET /Jurek/eurofirany/images/409413/3.jpg HTTP/1.1" 200 50098 "-" "Mozilla/5.0 (X11; Linux x86_64) AppleWebKit/537.36 (KHTML, like Gecko) Chrome/110.0.0.0 Safari/537.36"
34.133.239.145 - - [04/Mar/2025:10:23:38 +0100] "GET /Jurek/eurofirany/images/409411/3.jpg HTTP/1.1" 200 39819 "-" "Mozilla/5.0 (X11; Linux x86_64) AppleWebKit/537.36 (KHTML, like Gecko) Chrome/110.0.0.0 Safari/537.36"
34.72.247.156 - - [04/Mar/2025:10:23:39 +0100] "GET /Jurek/eurofirany/images/397052/6.jpg HTTP/1.1" 200 118707 "-" "Mozilla/5.0 (X11; Linux x86_64) AppleWebKit/537.36 (KHTML, like Gecko) Chrome/110.0.0.0 Safari/537.36"
34.133.239.145 - - [04/Mar/2025:10:23:40 +0100] "GET /Jurek/eurofirany/images/409412/7.jpg HTTP/1.1" 200 598577 "-" "Mozilla/5.0 (X11; Linux x86_64) AppleWebKit/537.36 (KHTML, like Gecko) Chrome/110.0.0.0 Safari/537.36"
34.72.247.156 - - [04/Mar/2025:10:23:40 +0100] "GET /Jurek/eurofirany/images/409413/4.jpg HTTP/1.1" 200 172106 "-" "Mozilla/5.0 (X11; Linux x86_64) AppleWebKit/537.36 (KHTML, like Gecko) Chrome/110.0.0.0 Safari/537.36"
34.72.247.156 - - [04/Mar/2025:10:23:40 +0100] "GET /Jurek/eurofirany/images/397052/8.jpg HTTP/1.1" 200 129047 "-" "Mozilla/5.0 (X11; Linux x86_64) AppleWebKit/537.36 (KHTML, like Gecko) Chrome/110.0.0.0 Safari/537.36"
34.133.239.145 - - [04/Mar/2025:10:23:40 +0100] "GET /Jurek/eurofirany/images/409411/6.jpg HTTP/1.1" 200 598577 "-" "Mozilla/5.0 (X11; Linux x86_64) AppleWebKit/537.36 (KHTML, like Gecko) Chrome/110.0.0.0 Safari/537.36"
34.133.239.145 - - [04/Mar/2025:10:23:41 +0100] "GET /Jurek/eurofirany/images/397052/9.jpg HTTP/1.1" 200 124541 "-" "Mozilla/5.0 (X11; Linux x86_64) AppleWebKit/537.36 (KHTML, like Gecko) Chrome/110.0.0.0 Safari/537.36"
34.72.247.156 - - [04/Mar/2025:10:23:41 +0100] "GET /Jurek/eurofirany/images/409413/5.jpg HTTP/1.1" 200 598576 "-" "Mozilla/5.0 (X11; Linux x86_64) AppleWebKit/537.36 (KHTML, like Gecko) Chrome/110.0.0.0 Safari/537.36"
34.133.239.145 - - [04/Mar/2025:10:23:42 +0100] "GET /Jurek/eurofirany/images/397052/4.jpg HTTP/1.1" 200 93054 "-" "Mozilla/5.0 (X11; Linux x86_64) AppleWebKit/537.36 (KHTML, like Gecko) Chrome/110.0.0.0 Safari/537.36"
34.133.239.145 - - [04/Mar/2025:10:23:43 +0100] "GET /Jurek/eurofirany/images/397052/5.jpg HTTP/1.1" 200 90736 "-" "Mozilla/5.0 (X11; Linux x86_64) AppleWebKit/537.36 (KHTML, like Gecko) Chrome/110.0.0.0 Safari/537.36"
149.20.241.125 - - [04/Mar/2025:10:23:44 +0100] "GET /Jurek/eurofirany/images/409412/7.jpg HTTP/2.0" 200 598577 "-" "Mozilla/5.0 (X11; Linux x86_64) AppleWebKit/537.36 (KHTML, like Gecko) Chrome/110.0.0.0 Safari/537.36"
23.230.39.230 - - [04/Mar/2025:10:23:44 +0100] "GET /Jurek/eurofirany/images/409411/6.jpg HTTP/2.0" 200 598577 "-" "Mozilla/5.0 (X11; Linux x86_64) AppleWebKit/537.36 (KHTML, like Gecko) Chrome/110.0.0.0 Safari/537.36"
34.133.239.145 - - [04/Mar/2025:10:23:44 +0100] "GET /Jurek/eurofirany/images/397052/7.jpg HTTP/1.1" 200 81929 "-" "Mozilla/5.0 (X11; Linux x86_64) AppleWebKit/537.36 (KHTML, like Gecko) Chrome/110.0.0.0 Safari/537.36"
34.72.247.156 - - [04/Mar/2025:10:23:45 +0100] "GET /Jurek/eurofirany/images/397052/1.jpg HTTP/1.1" 200 36066 "-" "Mozilla/5.0 (X11; Linux x86_64) AppleWebKit/537.36 (KHTML, like Gecko) Chrome/110.0.0.0 Safari/537.36"
192.171.82.239 - - [04/Mar/2025:10:23:45 +0100] "GET /Jurek/eurofirany/images/409416/5.jpg HTTP/2.0" 200 598573 "-" "Mozilla/5.0 (X11; Linux x86_64) AppleWebKit/537.36 (KHTML, like Gecko) Chrome/110.0.0.0 Safari/537.36"
130.44.203.98 - - [04/Mar/2025:10:23:46 +0100] "GET /Jurek/eurofirany/images/409413/5.jpg HTTP/2.0" 200 598576 "-" "Mozilla/5.0 (X11; Linux x86_64) AppleWebKit/537.36 (KHTML, like Gecko) Chrome/110.0.0.0 Safari/537.36"
34.133.239.145 - - [04/Mar/2025:10:23:47 +0100] "GET /Jurek/eurofirany/images/409416/0.jpg HTTP/1.1" 200 22943 "-" "Mozilla/5.0 (X11; Linux x86_64) AppleWebKit/537.36 (KHTML, like Gecko) Chrome/110.0.0.0 Safari/537.36"
34.72.247.156 - - [04/Mar/2025:10:23:47 +0100] "GET /Jurek/eurofirany/images/397052/2.jpg HTTP/1.1" 200 39860 "-" "Mozilla/5.0 (X11; Linux x86_64) AppleWebKit/537.36 (KHTML, like Gecko) Chrome/110.0.0.0 Safari/537.36"
34.133.239.145 - - [04/Mar/2025:10:23:48 +0100] "GET /Jurek/eurofirany/images/397052/3.jpg HTTP/1.1" 200 46769 "-" "Mozilla/5.0 (X11; Linux x86_64) AppleWebKit/537.36 (KHTML, like Gecko) Chrome/110.0.0.0 Safari/537.36"
34.133.239.145 - - [04/Mar/2025:10:23:48 +0100] "GET /Jurek/eurofirany/images/397052/0.jpg HTTP/1.1" 200 23712 "-" "Mozilla/5.0 (X11; Linux x86_64) AppleWebKit/537.36 (KHTML, like Gecko) Chrome/110.0.0.0 Safari/537.36"
23.230.39.230 - - [04/Mar/2025:10:23:49 +0100] "GET /Jurek/eurofirany/images/409411/6.jpg HTTP/2.0" 200 598577 "-" "Mozilla/5.0 (X11; Linux x86_64) AppleWebKit/537.36 (KHTML, like Gecko) Chrome/110.0.0.0 Safari/537.36"
34.72.247.156 - - [04/Mar/2025:10:23:49 +0100] "GET /Jurek/eurofirany/images/409411/0.jpg HTTP/1.1" 200 18565 "-" "Mozilla/5.0 (X11; Linux x86_64) AppleWebKit/537.36 (KHTML, like Gecko) Chrome/110.0.0.0 Safari/537.36"
66.211.183.73 - - [04/Mar/2025:10:23:50 +0100] "GET /Jurek/eurofirany/images/382248/0.jpg HTTP/1.1" 200 133518 "-" "scalaj-http/2.4.2"
147.53.125.171 - - [04/Mar/2025:10:23:50 +0100] "GET /Jurek/eurofirany/images/409412/7.jpg HTTP/2.0" 200 598577 "-" "Mozilla/5.0 (X11; Linux x86_64) AppleWebKit/537.36 (KHTML, like Gecko) Chrome/110.0.0.0 Safari/537.36"
34.72.247.156 - - [04/Mar/2025:10:23:51 +0100] "GET /Jurek/eurofirany/images/409412/0.jpg HTTP/1.1" 200 29127 "-" "Mozilla/5.0 (X11; Linux x86_64) AppleWebKit/537.36 (KHTML, like Gecko) Chrome/110.0.0.0 Safari/537.36"
172.252.233.245 - - [04/Mar/2025:10:23:51 +0100] "GET /Jurek/eurofirany/images/409413/5.jpg HTTP/2.0" 200 598576 "-" "Mozilla/5.0 (X11; Linux x86_64) AppleWebKit/537.36 (KHTML, like Gecko) Chrome/110.0.0.0 Safari/537.36"
34.133.239.145 - - [04/Mar/2025:10:23:52 +0100] "GET /Jurek/eurofirany/images/409413/0.jpg HTTP/1.1" 200 29127 "-" "Mozilla/5.0 (X11; Linux x86_64) AppleWebKit/537.36 (KHTML, like Gecko) Chrome/110.0.0.0 Safari/537.36"
46.101.116.244 - - [04/Mar/2025:10:23:53 +0100] "GET /Jurek/eurofirany/feeds/eurofirany_erli.xml HTTP/1.0" 200 18748062 "-" "-"
66.211.183.71 - - [04/Mar/2025:10:24:05 +0100] "GET /Jurek/eurofirany/images/383389/0.jpg HTTP/1.1" 200 77096 "-" "scalaj-http/2.4.2"
66.211.183.72 - - [04/Mar/2025:10:24:10 +0100] "GET /Jurek/eurofirany/images/418631/0.jpg HTTP/1.1" 200 71025 "-" "scalaj-http/2.4.2"
77.79.248.229 - - [04/Mar/2025:10:24:11 +0100] "GET /Jurek/wezer/feeds/wezer_zero.xml HTTP/1.1" 200 210954 "-" "Python-urllib/3.11"
66.211.183.70 - - [04/Mar/2025:10:24:24 +0100] "GET /Jurek/topeshop/downloaded_images/5904507207472_20st_mijas_prawy_niebieski.png HTTP/1.1" 200 245526 "-" "scalaj-http/2.4.2"
66.211.183.72 - - [04/Mar/2025:10:25:06 +0100] "GET /Jurek/eurofirany/images/390002/0.jpg HTTP/1.1" 200 171435 "-" "scalaj-http/2.4.2"
193.33.8.61 - - [04/Mar/2025:10:25:18 +0100] "GET /Jurek/matkam/feeds/matkam_zero.xml HTTP/2.0" 200 5001511 "https://konsola.dkkapusta1997.usermd.net/" "Mozilla/5.0 (Windows NT 10.0; Win64; x64) AppleWebKit/537.36 (KHTML, like Gecko) Chrome/133.0.0.0 Safari/537.36"
77.79.248.229 - - [04/Mar/2025:10:25:25 +0100] "GET /Jurek/matkam/feeds/matkam_zero.xml HTTP/1.1" 200 5001511 "-" "Python-urllib/3.11"
46.101.116.244 - - [04/Mar/2025:10:25:59 +0100] "GET /Jurek/aw/feeds/aw_fnacfr.xml HTTP/1.0" 404 3551 "-" "-"
46.101.116.244 - - [04/Mar/2025:10:26:14 +0100] "GET /Filip/feeds/xlsx_ceneo.xml HTTP/1.0" 200 6241376 "-" "-"
66.211.183.72 - - [04/Mar/2025:10:26:38 +0100] "GET /Jurek/eurofirany/images/383860/0.jpg HTTP/1.1" 200 214600 "-" "scalaj-http/2.4.2"
66.211.183.74 - - [04/Mar/2025:10:27:05 +0100] "GET /Jurek/eurofirany/images/389235/0.jpg HTTP/1.1" 200 134177 "-" "scalaj-http/2.4.2"
66.211.183.70 - - [04/Mar/2025:10:28:04 +0100] "GET /Jurek/eurofirany/images/438781/0.jpg HTTP/1.1" 200 126523 "-" "scalaj-http/2.4.2"
79.115.136.147 - - [04/Mar/2025:10:28:04 +0100] "GET /Jurek/eurofirany/images/386920/1.jpg HTTP/2.0" 200 66508 "https://content.emag.network/" "Mozilla/5.0 (Windows NT 10.0; Win64; x64) AppleWebKit/537.36 (KHTML, like Gecko) Chrome/133.0.0.0 Safari/537.36"
79.115.136.147 - - [04/Mar/2025:10:28:04 +0100] "GET /Jurek/eurofirany/images/386920/2.jpg HTTP/2.0" 200 98719 "https://content.emag.network/" "Mozilla/5.0 (Windows NT 10.0; Win64; x64) AppleWebKit/537.36 (KHTML, like Gecko) Chrome/133.0.0.0 Safari/537.36"
79.115.136.147 - - [04/Mar/2025:10:28:04 +0100] "GET /Jurek/eurofirany/images/386920/3.jpg HTTP/2.0" 200 35489 "https://content.emag.network/" "Mozilla/5.0 (Windows NT 10.0; Win64; x64) AppleWebKit/537.36 (KHTML, like Gecko) Chrome/133.0.0.0 Safari/537.36"
79.115.136.147 - - [04/Mar/2025:10:28:05 +0100] "GET /Jurek/eurofirany/images/387004/1.jpg HTTP/2.0" 200 78498 "https://content.emag.network/" "Mozilla/5.0 (Windows NT 10.0; Win64; x64) AppleWebKit/537.36 (KHTML, like Gecko) Chrome/133.0.0.0 Safari/537.36"
79.115.136.147 - - [04/Mar/2025:10:28:06 +0100] "GET /Jurek/eurofirany/images/387004/2.jpg HTTP/2.0" 200 105303 "https://content.emag.network/" "Mozilla/5.0 (Windows NT 10.0; Win64; x64) AppleWebKit/537.36 (KHTML, like Gecko) Chrome/133.0.0.0 Safari/537.36"
79.115.136.147 - - [04/Mar/2025:10:28:06 +0100] "GET /Jurek/eurofirany/images/386920/4.jpg HTTP/2.0" 200 235873 "https://content.emag.network/" "Mozilla/5.0 (Windows NT 10.0; Win64; x64) AppleWebKit/537.36 (KHTML, like Gecko) Chrome/133.0.0.0 Safari/537.36"
79.115.136.147 - - [04/Mar/2025:10:28:06 +0100] "GET /Jurek/eurofirany/images/387004/3.jpg HTTP/2.0" 200 43464 "https://content.emag.network/" "Mozilla/5.0 (Windows NT 10.0; Win64; x64) AppleWebKit/537.36 (KHTML, like Gecko) Chrome/133.0.0.0 Safari/537.36"
79.115.136.147 - - [04/Mar/2025:10:28:06 +0100] "GET /Jurek/eurofirany/images/371965/2.jpg HTTP/2.0" 200 78534 "https://content.emag.network/" "Mozilla/5.0 (Windows NT 10.0; Win64; x64) AppleWebKit/537.36 (KHTML, like Gecko) Chrome/133.0.0.0 Safari/537.36"
79.115.136.147 - - [04/Mar/2025:10:28:06 +0100] "GET /Jurek/eurofirany/images/371965/1.jpg HTTP/2.0" 200 168260 "https://content.emag.network/" "Mozilla/5.0 (Windows NT 10.0; Win64; x64) AppleWebKit/537.36 (KHTML, like Gecko) Chrome/133.0.0.0 Safari/537.36"
79.115.136.147 - - [04/Mar/2025:10:28:06 +0100] "GET /Jurek/eurofirany/images/371965/3.jpg HTTP/2.0" 200 149476 "https://content.emag.network/" "Mozilla/5.0 (Windows NT 10.0; Win64; x64) AppleWebKit/537.36 (KHTML, like Gecko) Chrome/133.0.0.0 Safari/537.36"
79.115.136.147 - - [04/Mar/2025:10:28:07 +0100] "GET /Jurek/eurofirany/images/387004/4.jpg HTTP/2.0" 200 211731 "https://content.emag.network/" "Mozilla/5.0 (Windows NT 10.0; Win64; x64) AppleWebKit/537.36 (KHTML, like Gecko) Chrome/133.0.0.0 Safari/537.36"
34.72.247.156 - - [04/Mar/2025:10:28:07 +0100] "GET /Jurek/eurofirany/images/372658/1.jpg HTTP/1.1" 200 50157 "-" "Mozilla/5.0 (X11; Linux x86_64) AppleWebKit/537.36 (KHTML, like Gecko) Chrome/110.0.0.0 Safari/537.36"
79.115.136.147 - - [04/Mar/2025:10:28:07 +0100] "GET /Jurek/eurofirany/images/387004/5.jpg HTTP/2.0" 200 274511 "https://content.emag.network/" "Mozilla/5.0 (Windows NT 10.0; Win64; x64) AppleWebKit/537.36 (KHTML, like Gecko) Chrome/133.0.0.0 Safari/537.36"
79.115.136.147 - - [04/Mar/2025:10:28:07 +0100] "GET /Jurek/eurofirany/images/387004/6.jpg HTTP/2.0" 200 263020 "https://content.emag.network/" "Mozilla/5.0 (Windows NT 10.0; Win64; x64) AppleWebKit/537.36 (KHTML, like Gecko) Chrome/133.0.0.0 Safari/537.36"
34.72.247.156 - - [04/Mar/2025:10:28:08 +0100] "GET /Jurek/eurofirany/images/372658/2.jpg HTTP/1.1" 200 204201 "-" "Mozilla/5.0 (X11; Linux x86_64) AppleWebKit/537.36 (KHTML, like Gecko) Chrome/110.0.0.0 Safari/537.36"
79.115.136.147 - - [04/Mar/2025:10:28:08 +0100] "GET /Jurek/eurofirany/images/386920/5.jpg HTTP/2.0" 200 289051 "https://content.emag.network/" "Mozilla/5.0 (Windows NT 10.0; Win64; x64) AppleWebKit/537.36 (KHTML, like Gecko) Chrome/133.0.0.0 Safari/537.36"
79.115.136.147 - - [04/Mar/2025:10:28:08 +0100] "GET /Jurek/eurofirany/images/386920/6.jpg HTTP/2.0" 200 266476 "https://content.emag.network/" "Mozilla/5.0 (Windows NT 10.0; Win64; x64) AppleWebKit/537.36 (KHTML, like Gecko) Chrome/133.0.0.0 Safari/537.36"
34.72.247.156 - - [04/Mar/2025:10:28:08 +0100] "GET /Jurek/eurofirany/images/372658/3.jpg HTTP/1.1" 200 114704 "-" "Mozilla/5.0 (X11; Linux x86_64) AppleWebKit/537.36 (KHTML, like Gecko) Chrome/110.0.0.0 Safari/537.36"
