193.33.8.61 - - [04/Mar/2025:08:49:54 +0100] "GET /Jurek/pastelnitka/feeds/pastelnitka_zero.xml HTTP/2.0" 200 1827931 "https://konsola.dkkapusta1997.usermd.net/" "Mozilla/5.0 (Windows NT 10.0; Win64; x64) AppleWebKit/537.36 (KHTML, like Gecko) Chrome/133.0.0.0 Safari/537.36"
193.33.8.61 - - [04/Mar/2025:08:50:12 +0100] "GET /Jurek/snibbs/feeds/snibbs_zero.xml HTTP/2.0" 200 74399 "https://konsola.dkkapusta1997.usermd.net/" "Mozilla/5.0 (Windows NT 10.0; Win64; x64) AppleWebKit/537.36 (KHTML, like Gecko) Chrome/133.0.0.0 Safari/537.36"
77.79.248.229 - - [04/Mar/2025:08:50:21 +0100] "GET /Jurek/pastelnitka/feeds/pastelnitka_zero.xml HTTP/1.1" 200 1827931 "-" "Python-urllib/3.11"
77.79.248.229 - - [04/Mar/2025:08:50:21 +0100] "GET /Jurek/snibbs/feeds/snibbs_zero.xml HTTP/1.1" 200 74399 "-" "Python-urllib/3.11"
66.249.66.66 - - [04/Mar/2025:08:50:33 +0100] "GET /Jurek/eurofirany/images/367111/2.jpg HTTP/1.1" 200 56699 "-" "Googlebot-Image/1.0"
77.79.248.229 - - [04/Mar/2025:08:50:38 +0100] "GET /Jurek/pastelnitka/feeds/pastelnitka_zero.xml HTTP/1.1" 200 1827931 "-" "Python-urllib/3.11"
46.101.116.244 - - [04/Mar/2025:08:51:22 +0100] "GET /Jurek/aw/feeds/aw_fnacfr.xml HTTP/1.0" 404 3551 "-" "-"
46.101.116.244 - - [04/Mar/2025:08:51:27 +0100] "GET /Jurek/victoria/feeds/victoria_pl_velo.xml HTTP/1.0" 200 15633933 "-" "-"
46.101.116.244 - - [04/Mar/2025:08:51:45 +0100] "GET /Filip/feeds/xlsx_ceneo.xml HTTP/1.0" 200 6241376 "-" "-"
193.33.8.61 - - [04/Mar/2025:08:51:49 +0100] "GET /Jurek/winoszarnia/feeds/winoszarnia_zero.xml HTTP/2.0" 200 6128938 "https://konsola.dkkapusta1997.usermd.net/" "Mozilla/5.0 (Windows NT 10.0; Win64; x64) AppleWebKit/537.36 (KHTML, like Gecko) Chrome/133.0.0.0 Safari/537.36"
77.79.248.229 - - [04/Mar/2025:08:51:57 +0100] "GET /Jurek/winoszarnia/feeds/winoszarnia_zero.xml HTTP/1.1" 200 6128938 "-" "Python-urllib/3.11"
51.77.52.107 - - [04/Mar/2025:08:52:28 +0100] "GET /Jurek/eurofirany/images/426304/0.jpg HTTP/2.0" 200 6625 "-" "-"
51.77.52.107 - - [04/Mar/2025:08:52:29 +0100] "GET /Jurek/eurofirany/images/452760/0.jpg HTTP/2.0" 200 140799 "-" "-"
51.77.52.107 - - [04/Mar/2025:08:52:33 +0100] "GET /Jurek/eurofirany/images/426273/0.jpg HTTP/2.0" 200 6625 "-" "-"
51.77.52.107 - - [04/Mar/2025:08:52:34 +0100] "GET /Jurek/eurofirany/images/426270/0.jpg HTTP/2.0" 200 6625 "-" "-"
51.77.52.107 - - [04/Mar/2025:08:52:35 +0100] "GET /Jurek/eurofirany/images/426311/0.jpg HTTP/2.0" 200 6625 "-" "-"
51.77.52.107 - - [04/Mar/2025:08:52:36 +0100] "GET /Jurek/eurofirany/images/426289/0.jpg HTTP/2.0" 200 236179 "-" "-"
51.77.52.107 - - [04/Mar/2025:08:52:44 +0100] "GET /Jurek/eurofirany/images/426272/0.jpg HTTP/2.0" 200 6625 "-" "-"
34.72.247.156 - - [04/Mar/2025:08:52:55 +0100] "GET /Jurek/eurofirany/images/452760/1.jpg HTTP/1.1" 200 146601 "-" "Mozilla/5.0 (X11; Linux x86_64) AppleWebKit/537.36 (KHTML, like Gecko) Chrome/110.0.0.0 Safari/537.36"
34.72.247.156 - - [04/Mar/2025:08:52:56 +0100] "GET /Jurek/eurofirany/images/452760/0.jpg HTTP/1.1" 200 140799 "-" "Mozilla/5.0 (X11; Linux x86_64) AppleWebKit/537.36 (KHTML, like Gecko) Chrome/110.0.0.0 Safari/537.36"
89.161.206.59 - - [04/Mar/2025:08:53:10 +0100] "GET /Jurek/oromed/feeds/oromed_allegro.xml HTTP/1.0" 200 1054054 "-" "-"
89.161.206.59 - - [04/Mar/2025:08:53:10 +0100] "GET /Jurek/bisanti/feeds/bisanti_allegro.xml HTTP/1.0" 200 1132582 "-" "-"
34.133.239.145 - - [04/Mar/2025:08:53:32 +0100] "GET /Jurek/eurofirany/images/426289/1.jpg HTTP/1.1" 200 169734 "-" "Mozilla/5.0 (X11; Linux x86_64) AppleWebKit/537.36 (KHTML, like Gecko) Chrome/110.0.0.0 Safari/537.36"
66.135.202.171 - - [04/Mar/2025:08:53:32 +0100] "GET /Jurek/eurofirany/images/452760/0.jpg HTTP/1.1" 200 140799 "-" "Java/17.0.12.0.101"
34.133.239.145 - - [04/Mar/2025:08:53:32 +0100] "GET /Jurek/eurofirany/images/426289/2.jpg HTTP/1.1" 200 279105 "-" "Mozilla/5.0 (X11; Linux x86_64) AppleWebKit/537.36 (KHTML, like Gecko) Chrome/110.0.0.0 Safari/537.36"
34.133.239.145 - - [04/Mar/2025:08:53:34 +0100] "GET /Jurek/eurofirany/images/426289/3.jpg HTTP/1.1" 200 301539 "-" "Mozilla/5.0 (X11; Linux x86_64) AppleWebKit/537.36 (KHTML, like Gecko) Chrome/110.0.0.0 Safari/537.36"
34.133.239.145 - - [04/Mar/2025:08:53:35 +0100] "GET /Jurek/eurofirany/images/426289/0.jpg HTTP/1.1" 200 236179 "-" "Mozilla/5.0 (X11; Linux x86_64) AppleWebKit/537.36 (KHTML, like Gecko) Chrome/110.0.0.0 Safari/537.36"
178.21.154.6 - - [04/Mar/2025:08:53:35 +0100] "GET /Jurek/eurofirany/images/422874/0.jpg HTTP/1.1" 200 136431 "-" "-"
66.135.195.18 - - [04/Mar/2025:08:53:52 +0100] "GET /Jurek/eurofirany/images/452760/0.jpg HTTP/1.1" 200 140799 "http://www.ebay.com/" "Mozilla/4.0 (compatible; MSIE 4.01; Windows NT)"
66.135.195.20 - - [04/Mar/2025:08:53:52 +0100] "GET /Jurek/eurofirany/images/452760/1.jpg HTTP/1.1" 200 146601 "http://www.ebay.com/" "Mozilla/4.0 (compatible; MSIE 4.01; Windows NT)"
193.33.8.61 - - [04/Mar/2025:08:54:16 +0100] "GET /Jurek/euroshop/feeds/euroshop_zero.xml HTTP/2.0" 200 17923511 "https://konsola.dkkapusta1997.usermd.net/" "Mozilla/5.0 (Windows NT 10.0; Win64; x64) AppleWebKit/537.36 (KHTML, like Gecko) Chrome/133.0.0.0 Safari/537.36"
77.79.248.229 - - [04/Mar/2025:08:54:18 +0100] "GET /Jurek/euroshop/feeds/euroshop_zero.xml HTTP/1.1" 200 17923511 "-" "Python-urllib/3.11"
5.134.208.158 - - [04/Mar/2025:08:54:19 +0100] "GET /Jurek/eurofirany/images/389954/0.jpg HTTP/1.1" 200 160194 "-" "-"
178.21.154.6 - - [04/Mar/2025:08:54:30 +0100] "GET /Jurek/eurofirany/images/401102/0.jpg HTTP/1.1" 200 97926 "-" "-"
89.161.206.59 - - [04/Mar/2025:08:54:46 +0100] "GET /Jurek/eurofirany/feeds/eurofirany_skroutz.xml HTTP/1.0" 200 18744291 "-" "-"
66.249.66.66 - - [04/Mar/2025:08:54:52 +0100] "GET /Jurek/eurofirany/images/408356/7.jpg HTTP/1.1" 200 221948 "-" "Googlebot-Image/1.0"
185.6.76.166 - - [04/Mar/2025:08:55:06 +0100] "GET /Jurek/eurofirany/images/463802/0.jpg HTTP/1.1" 200 48175 "-" "Skroutz ImageBot v1"
185.6.76.166 - - [04/Mar/2025:08:55:06 +0100] "GET /Jurek/eurofirany/images/468162/0.jpg HTTP/1.1" 200 87886 "-" "Skroutz ImageBot v1"
86.120.159.108 - - [04/Mar/2025:08:55:21 +0100] "GET /Jurek/eurofirany/images/371883/1.jpg HTTP/2.0" 200 47464 "https://content.emag.network/" "Mozilla/5.0 (Windows NT 10.0; Win64; x64) AppleWebKit/537.36 (KHTML, like Gecko) Chrome/133.0.0.0 Safari/537.36"
86.120.159.108 - - [04/Mar/2025:08:55:21 +0100] "GET /Jurek/eurofirany/images/371883/3.jpg HTTP/2.0" 200 44022 "https://content.emag.network/" "Mozilla/5.0 (Windows NT 10.0; Win64; x64) AppleWebKit/537.36 (KHTML, like Gecko) Chrome/133.0.0.0 Safari/537.36"
86.120.159.108 - - [04/Mar/2025:08:55:21 +0100] "GET /Jurek/eurofirany/images/371883/2.jpg HTTP/2.0" 200 51720 "https://content.emag.network/" "Mozilla/5.0 (Windows NT 10.0; Win64; x64) AppleWebKit/537.36 (KHTML, like Gecko) Chrome/133.0.0.0 Safari/537.36"
86.120.159.108 - - [04/Mar/2025:08:55:21 +0100] "GET /Jurek/eurofirany/images/371883/4.jpg HTTP/2.0" 200 162084 "https://content.emag.network/" "Mozilla/5.0 (Windows NT 10.0; Win64; x64) AppleWebKit/537.36 (KHTML, like Gecko) Chrome/133.0.0.0 Safari/537.36"
86.120.159.108 - - [04/Mar/2025:08:55:21 +0100] "GET /Jurek/eurofirany/images/371883/5.jpg HTTP/2.0" 200 204231 "https://content.emag.network/" "Mozilla/5.0 (Windows NT 10.0; Win64; x64) AppleWebKit/537.36 (KHTML, like Gecko) Chrome/133.0.0.0 Safari/537.36"
86.120.159.108 - - [04/Mar/2025:08:55:21 +0100] "GET /Jurek/eurofirany/images/371883/6.jpg HTTP/2.0" 200 60773 "https://content.emag.network/" "Mozilla/5.0 (Windows NT 10.0; Win64; x64) AppleWebKit/537.36 (KHTML, like Gecko) Chrome/133.0.0.0 Safari/537.36"
86.120.159.108 - - [04/Mar/2025:08:55:22 +0100] "GET /Jurek/eurofirany/images/371883/7.jpg HTTP/2.0" 200 93054 "https://content.emag.network/" "Mozilla/5.0 (Windows NT 10.0; Win64; x64) AppleWebKit/537.36 (KHTML, like Gecko) Chrome/133.0.0.0 Safari/537.36"
86.120.159.108 - - [04/Mar/2025:08:55:22 +0100] "GET /Jurek/eurofirany/images/371883/8.jpg HTTP/2.0" 200 125579 "https://content.emag.network/" "Mozilla/5.0 (Windows NT 10.0; Win64; x64) AppleWebKit/537.36 (KHTML, like Gecko) Chrome/133.0.0.0 Safari/537.36"
86.120.159.108 - - [04/Mar/2025:08:55:22 +0100] "GET /Jurek/eurofirany/images/371883/9.jpg HTTP/2.0" 200 92082 "https://content.emag.network/" "Mozilla/5.0 (Windows NT 10.0; Win64; x64) AppleWebKit/537.36 (KHTML, like Gecko) Chrome/133.0.0.0 Safari/537.36"
66.135.202.73 - - [04/Mar/2025:08:55:51 +0100] "GET /Jurek/eurofirany/images/426289/1.jpg HTTP/1.1" 200 169734 "http://www.ebay.com/" "Mozilla/4.0 (compatible; MSIE 4.01; Windows NT)"
66.135.202.72 - - [04/Mar/2025:08:55:52 +0100] "GET /Jurek/eurofirany/images/426289/0.jpg HTTP/1.1" 200 236179 "http://www.ebay.com/" "Mozilla/4.0 (compatible; MSIE 4.01; Windows NT)"
66.135.202.74 - - [04/Mar/2025:08:55:52 +0100] "GET /Jurek/eurofirany/images/426289/2.jpg HTTP/1.1" 200 279105 "http://www.ebay.com/" "Mozilla/4.0 (compatible; MSIE 4.01; Windows NT)"
66.135.202.72 - - [04/Mar/2025:08:55:52 +0100] "GET /Jurek/eurofirany/images/426289/3.jpg HTTP/1.1" 200 301539 "http://www.ebay.com/" "Mozilla/4.0 (compatible; MSIE 4.01; Windows NT)"
46.101.116.244 - - [04/Mar/2025:08:55:55 +0100] "GET /Jurek/aw/feeds/aw_fnacfr.xml HTTP/1.0" 404 3551 "-" "-"
46.101.116.244 - - [04/Mar/2025:08:56:10 +0100] "GET /Filip/feeds/xlsx_ceneo.xml HTTP/1.0" 200 6241376 "-" "-"
193.33.8.61 - - [04/Mar/2025:08:56:16 +0100] "GET /Jurek/coppotech/feeds/coppotech_zero.xml HTTP/2.0" 200 38980214 "https://konsola.dkkapusta1997.usermd.net/" "Mozilla/5.0 (Windows NT 10.0; Win64; x64) AppleWebKit/537.36 (KHTML, like Gecko) Chrome/133.0.0.0 Safari/537.36"
89.161.206.59 - - [04/Mar/2025:08:56:26 +0100] "GET /Jurek/bass_new/feeds/bass_skroutz.xml HTTP/1.0" 200 7040952 "-" "-"
86.120.159.108 - - [04/Mar/2025:08:57:18 +0100] "GET /Jurek/eurofirany/images/376055/2.jpg HTTP/2.0" 200 51760 "https://content.emag.network/" "Mozilla/5.0 (Windows NT 10.0; Win64; x64) AppleWebKit/537.36 (KHTML, like Gecko) Chrome/133.0.0.0 Safari/537.36"
86.120.159.108 - - [04/Mar/2025:08:57:18 +0100] "GET /Jurek/eurofirany/images/376055/1.jpg HTTP/2.0" 200 46693 "https://content.emag.network/" "Mozilla/5.0 (Windows NT 10.0; Win64; x64) AppleWebKit/537.36 (KHTML, like Gecko) Chrome/133.0.0.0 Safari/537.36"
86.120.159.108 - - [04/Mar/2025:08:57:19 +0100] "GET /Jurek/eurofirany/images/376055/3.jpg HTTP/2.0" 200 162082 "https://content.emag.network/" "Mozilla/5.0 (Windows NT 10.0; Win64; x64) AppleWebKit/537.36 (KHTML, like Gecko) Chrome/133.0.0.0 Safari/537.36"
86.120.159.108 - - [04/Mar/2025:08:57:19 +0100] "GET /Jurek/eurofirany/images/376055/4.jpg HTTP/2.0" 200 60773 "https://content.emag.network/" "Mozilla/5.0 (Windows NT 10.0; Win64; x64) AppleWebKit/537.36 (KHTML, like Gecko) Chrome/133.0.0.0 Safari/537.36"
86.120.159.108 - - [04/Mar/2025:08:57:19 +0100] "GET /Jurek/eurofirany/images/376055/5.jpg HTTP/2.0" 200 95282 "https://content.emag.network/" "Mozilla/5.0 (Windows NT 10.0; Win64; x64) AppleWebKit/537.36 (KHTML, like Gecko) Chrome/133.0.0.0 Safari/537.36"
86.120.159.108 - - [04/Mar/2025:08:57:19 +0100] "GET /Jurek/eurofirany/images/376055/6.jpg HTTP/2.0" 200 92188 "https://content.emag.network/" "Mozilla/5.0 (Windows NT 10.0; Win64; x64) AppleWebKit/537.36 (KHTML, like Gecko) Chrome/133.0.0.0 Safari/537.36"
86.120.159.108 - - [04/Mar/2025:08:57:35 +0100] "GET /Jurek/eurofirany/images/378440/1.jpg HTTP/2.0" 200 52965 "https://content.emag.network/" "Mozilla/5.0 (Windows NT 10.0; Win64; x64) AppleWebKit/537.36 (KHTML, like Gecko) Chrome/133.0.0.0 Safari/537.36"
86.120.159.108 - - [04/Mar/2025:08:57:35 +0100] "GET /Jurek/eurofirany/images/378440/2.jpg HTTP/2.0" 200 238170 "https://content.emag.network/" "Mozilla/5.0 (Windows NT 10.0; Win64; x64) AppleWebKit/537.36 (KHTML, like Gecko) Chrome/133.0.0.0 Safari/537.36"
86.120.159.108 - - [04/Mar/2025:08:57:35 +0100] "GET /Jurek/eurofirany/images/378440/3.jpg HTTP/2.0" 200 328115 "https://content.emag.network/" "Mozilla/5.0 (Windows NT 10.0; Win64; x64) AppleWebKit/537.36 (KHTML, like Gecko) Chrome/133.0.0.0 Safari/537.36"
86.120.159.108 - - [04/Mar/2025:08:57:36 +0100] "GET /Jurek/eurofirany/images/378440/4.jpg HTTP/2.0" 200 272549 "https://content.emag.network/" "Mozilla/5.0 (Windows NT 10.0; Win64; x64) AppleWebKit/537.36 (KHTML, like Gecko) Chrome/133.0.0.0 Safari/537.36"
86.120.159.108 - - [04/Mar/2025:08:57:36 +0100] "GET /Jurek/eurofirany/images/378440/5.jpg HTTP/2.0" 200 240136 "https://content.emag.network/" "Mozilla/5.0 (Windows NT 10.0; Win64; x64) AppleWebKit/537.36 (KHTML, like Gecko) Chrome/133.0.0.0 Safari/537.36"
86.120.159.108 - - [04/Mar/2025:08:57:38 +0100] "GET /Jurek/eurofirany/images/378440/6.jpg HTTP/2.0" 200 93809 "https://content.emag.network/" "Mozilla/5.0 (Windows NT 10.0; Win64; x64) AppleWebKit/537.36 (KHTML, like Gecko) Chrome/133.0.0.0 Safari/537.36"
86.120.159.108 - - [04/Mar/2025:08:57:38 +0100] "GET /Jurek/eurofirany/images/378440/7.jpg HTTP/2.0" 200 95293 "https://content.emag.network/" "Mozilla/5.0 (Windows NT 10.0; Win64; x64) AppleWebKit/537.36 (KHTML, like Gecko) Chrome/133.0.0.0 Safari/537.36"
89.161.206.59 - - [04/Mar/2025:08:58:58 +0100] "GET /Jurek/muminky/feeds/muminky_skroutz.xml HTTP/1.0" 200 2270354 "-" "-"
89.161.206.59 - - [04/Mar/2025:08:59:10 +0100] "GET /Jurek/pupus/feeds/pupus_skroutz.xml HTTP/1.0" 200 6154599 "-" "-"
89.161.206.59 - - [04/Mar/2025:09:00:02 +0100] "GET /Jurek/hurtmeblowy/feeds/hurtmeblowy_skroutz.xml HTTP/1.0" 200 8023374 "-" "-"
85.14.86.141 - - [04/Mar/2025:09:00:28 +0100] "GET /Jurek/vida_morele/feeds/VidaPL_all.xml HTTP/2.0" 200 690269141 "-" "MarketplaceAPI curl/7.64.0 PHP/8"
52.17.80.36 - - [04/Mar/2025:09:00:44 +0100] "GET /marketplaces/ubaldi/results/ubaldi.csv HTTP/1.1" 200 147219 "-" "Mirakl HttpClient"
89.161.206.59 - - [04/Mar/2025:09:00:46 +0100] "GET /Jurek/kinghoff/feeds/kinghoff_amazon_de.xml HTTP/1.0" 200 15064895 "-" "-"
89.161.206.59 - - [04/Mar/2025:09:00:46 +0100] "GET /Jurek/bass/feeds/bass_amazonde.xml HTTP/1.0" 200 3985186 "-" "-"
66.135.202.73 - - [04/Mar/2025:09:00:46 +0100] "GET /Jurek/eurofirany/images/461697/0.jpg HTTP/1.1" 200 159688 "-" "Java/17.0.12.0.101"
89.161.206.59 - - [04/Mar/2025:09:00:47 +0100] "GET /Jurek/bass/feeds/bass_amazonit.xml HTTP/1.0" 200 3985218 "-" "-"
89.161.206.59 - - [04/Mar/2025:09:00:47 +0100] "GET /Jurek/bass/feeds/bass_amazonnl.xml HTTP/1.0" 200 3985178 "-" "-"
89.161.206.59 - - [04/Mar/2025:09:00:47 +0100] "GET /Jurek/bass/feeds/bass_amazones.xml HTTP/1.0" 200 3985259 "-" "-"
89.161.206.59 - - [04/Mar/2025:09:00:48 +0100] "GET /Jurek/bass/feeds/bass_amazonse.xml HTTP/1.0" 200 3987018 "-" "-"
46.101.116.244 - - [04/Mar/2025:09:01:06 +0100] "GET /Jurek/aw/feeds/aw_fnacfr.xml HTTP/1.0" 404 3551 "-" "-"
46.101.116.244 - - [04/Mar/2025:09:01:22 +0100] "GET /Filip/feeds/xlsx_ceneo.xml HTTP/1.0" 200 6241376 "-" "-"
66.135.202.73 - - [04/Mar/2025:09:01:39 +0100] "GET /Jurek/eurofirany/images/458983/0.jpg HTTP/1.1" 200 130941 "-" "Java/17.0.12.0.101"
52.17.80.36 - - [04/Mar/2025:09:01:54 +0100] "GET /marketplaces/rue/results/rue.csv HTTP/1.1" 200 147219 "-" "Mirakl HttpClient"
89.161.206.59 - - [04/Mar/2025:09:02:08 +0100] "GET /Jurek/fertone/feeds/fertone_skroutz.xml HTTP/1.0" 200 596797 "-" "-"
89.161.206.59 - - [04/Mar/2025:09:02:08 +0100] "GET /Jurek/eurofryz/feeds/eurofryz_skroutz.xml HTTP/1.0" 200 2388131 "-" "-"
89.161.206.59 - - [04/Mar/2025:09:02:09 +0100] "GET /Jurek/antiodor/feeds/antiodor_skroutz.xml HTTP/1.0" 200 137771 "-" "-"
85.14.86.141 - - [04/Mar/2025:09:02:27 +0100] "GET /Jurek/kinghoff/feeds/kinghoff_morele.xml HTTP/2.0" 200 15065544 "-" "MarketplaceAPI curl/7.64.0 PHP/8"
46.101.116.244 - - [04/Mar/2025:09:03:05 +0100] "GET /Jurek/vida_morele/feeds/vidaPL_velomarket.xml HTTP/1.0" 200 690273973 "-" "-"
66.249.66.68 - - [04/Mar/2025:09:03:31 +0100] "GET /Jurek/eurofirany/images/367116/4.jpg HTTP/1.1" 200 116759 "-" "Googlebot-Image/1.0"
85.14.86.141 - - [04/Mar/2025:09:03:48 +0100] "GET /Jurek/eurofirany/feeds/eurofirany_morele.xml HTTP/2.0" 200 18745749 "-" "MarketplaceAPI curl/7.64.0 PHP/8"
85.14.86.141 - - [04/Mar/2025:09:04:03 +0100] "GET /Jurek/vivaldi/feeds/vivaldi_Morele-PL.xml HTTP/2.0" 200 344674 "-" "MarketplaceAPI curl/7.64.0 PHP/8"
193.33.8.61 - - [04/Mar/2025:09:04:15 +0100] "GET /Jurek/eany/data.csv HTTP/2.0" 304 0 "https://dkkapusta1997.usermd.net/Jurek/eany/" "Mozilla/5.0 (Windows NT 10.0; Win64; x64) AppleWebKit/537.36 (KHTML, like Gecko) Chrome/133.0.0.0 Safari/537.36"
193.33.8.61 - - [04/Mar/2025:09:04:16 +0100] "GET /favicon.ico HTTP/2.0" 404 3551 "https://dkkapusta1997.usermd.net/Jurek/eany/" "Mozilla/5.0 (Windows NT 10.0; Win64; x64) AppleWebKit/537.36 (KHTML, like Gecko) Chrome/133.0.0.0 Safari/537.36"
85.14.86.141 - - [04/Mar/2025:09:05:21 +0100] "GET /Jurek/aw/feeds/awnarzedzia_morele.xml HTTP/2.0" 200 90379315 "-" "MarketplaceAPI curl/7.64.0 PHP/8"
85.14.86.141 - - [04/Mar/2025:09:05:25 +0100] "GET /Jurek/vida_morele/feeds/VidaPL_morele.xml HTTP/2.0" 200 690268875 "-" "MarketplaceAPI curl/7.64.0 PHP/8"
85.14.86.141 - - [04/Mar/2025:09:05:56 +0100] "GET /Jurek/miloohome/feeds/miloohome_morele.xml HTTP/2.0" 200 1421250 "-" "MarketplaceAPI curl/7.64.0 PHP/8"
85.14.86.141 - - [04/Mar/2025:09:06:02 +0100] "GET /Jurek/beliani/feeds/beliani_morele.xml HTTP/2.0" 200 31843362 "-" "MarketplaceAPI curl/7.64.0 PHP/8"
46.101.116.244 - - [04/Mar/2025:09:06:07 +0100] "GET /Jurek/aw/feeds/aw_fnacfr.xml HTTP/1.0" 404 3551 "-" "-"
46.101.116.244 - - [04/Mar/2025:09:06:22 +0100] "GET /Filip/feeds/xlsx_ceneo.xml HTTP/1.0" 200 6241376 "-" "-"
77.79.248.229 - - [04/Mar/2025:09:06:54 +0100] "GET /Jurek/coppotech/feeds/coppotech_zero.xml HTTP/1.1" 200 38980214 "-" "Python-urllib/3.11"
66.135.202.173 - - [04/Mar/2025:09:07:00 +0100] "GET /Jurek/topeshop/downloaded_images/5902838466681_3.png HTTP/1.1" 404 3551 "http://www.ebay.com/" "Mozilla/4.0 (compatible; MSIE 4.01; Windows NT)"
66.135.202.171 - - [04/Mar/2025:09:07:00 +0100] "GET /Jurek/topeshop/downloaded_images/5902838466681_4.png HTTP/1.1" 404 3551 "http://www.ebay.com/" "Mozilla/4.0 (compatible; MSIE 4.01; Windows NT)"
66.135.202.171 - - [04/Mar/2025:09:07:00 +0100] "GET /Jurek/topeshop/downloaded_images/5902838466681_1.png HTTP/1.1" 404 3551 "http://www.ebay.com/" "Mozilla/4.0 (compatible; MSIE 4.01; Windows NT)"
66.135.202.172 - - [04/Mar/2025:09:07:00 +0100] "GET /Jurek/topeshop/downloaded_images/5902838466681_20st_1.png HTTP/1.1" 404 3551 "http://www.ebay.com/" "Mozilla/4.0 (compatible; MSIE 4.01; Windows NT)"
66.135.202.173 - - [04/Mar/2025:09:07:00 +0100] "GET /Jurek/topeshop/downloaded_images/5902838466681_Artisan_Rtv.jpg HTTP/1.1" 404 3551 "http://www.ebay.com/" "Mozilla/4.0 (compatible; MSIE 4.01; Windows NT)"
66.135.202.169 - - [04/Mar/2025:09:07:01 +0100] "GET /Jurek/topeshop/downloaded_images/5902838466681_I_RTV-140-MALWA_o_A.jpg HTTP/1.1" 200 138461 "http://www.ebay.com/" "Mozilla/4.0 (compatible; MSIE 4.01; Windows NT)"
66.135.202.173 - - [04/Mar/2025:09:07:01 +0100] "GET /Jurek/topeshop/downloaded_images/5902838466681_I_RTV-140-MALWA_A.jpg HTTP/1.1" 200 139285 "http://www.ebay.com/" "Mozilla/4.0 (compatible; MSIE 4.01; Windows NT)"
66.135.202.169 - - [04/Mar/2025:09:07:01 +0100] "GET /Jurek/topeshop/downloaded_images/5902838466681_2.png HTTP/1.1" 404 3551 "http://www.ebay.com/" "Mozilla/4.0 (compatible; MSIE 4.01; Windows NT)"
86.120.159.108 - - [04/Mar/2025:09:07:41 +0100] "GET /Jurek/eurofirany/images/334856/3.jpg HTTP/2.0" 200 47957 "https://content.emag.network/" "Mozilla/5.0 (Windows NT 10.0; Win64; x64) AppleWebKit/537.36 (KHTML, like Gecko) Chrome/133.0.0.0 Safari/537.36"
86.120.159.108 - - [04/Mar/2025:09:07:41 +0100] "GET /Jurek/eurofirany/images/334856/2.jpg HTTP/2.0" 200 38051 "https://content.emag.network/" "Mozilla/5.0 (Windows NT 10.0; Win64; x64) AppleWebKit/537.36 (KHTML, like Gecko) Chrome/133.0.0.0 Safari/537.36"
86.120.159.108 - - [04/Mar/2025:09:07:41 +0100] "GET /Jurek/eurofirany/images/334856/1.jpg HTTP/2.0" 200 77328 "https://content.emag.network/" "Mozilla/5.0 (Windows NT 10.0; Win64; x64) AppleWebKit/537.36 (KHTML, like Gecko) Chrome/133.0.0.0 Safari/537.36"
86.120.159.108 - - [04/Mar/2025:09:07:42 +0100] "GET /Jurek/eurofirany/images/334856/4.jpg HTTP/2.0" 200 162997 "https://content.emag.network/" "Mozilla/5.0 (Windows NT 10.0; Win64; x64) AppleWebKit/537.36 (KHTML, like Gecko) Chrome/133.0.0.0 Safari/537.36"
86.120.159.108 - - [04/Mar/2025:09:07:42 +0100] "GET /Jurek/eurofirany/images/334856/5.jpg HTTP/2.0" 200 132029 "https://content.emag.network/" "Mozilla/5.0 (Windows NT 10.0; Win64; x64) AppleWebKit/537.36 (KHTML, like Gecko) Chrome/133.0.0.0 Safari/537.36"
86.120.159.108 - - [04/Mar/2025:09:07:48 +0100] "GET /Jurek/eurofirany/images/225245/2.jpg HTTP/2.0" 200 49078 "https://content.emag.network/" "Mozilla/5.0 (Windows NT 10.0; Win64; x64) AppleWebKit/537.36 (KHTML, like Gecko) Chrome/133.0.0.0 Safari/537.36"
86.120.159.108 - - [04/Mar/2025:09:07:48 +0100] "GET /Jurek/eurofirany/images/225245/1.jpg HTTP/2.0" 200 125228 "https://content.emag.network/" "Mozilla/5.0 (Windows NT 10.0; Win64; x64) AppleWebKit/537.36 (KHTML, like Gecko) Chrome/133.0.0.0 Safari/537.36"
86.120.159.108 - - [04/Mar/2025:09:07:48 +0100] "GET /Jurek/eurofirany/images/225245/3.jpg HTTP/2.0" 200 122915 "https://content.emag.network/" "Mozilla/5.0 (Windows NT 10.0; Win64; x64) AppleWebKit/537.36 (KHTML, like Gecko) Chrome/133.0.0.0 Safari/537.36"
86.120.159.108 - - [04/Mar/2025:09:07:48 +0100] "GET /Jurek/eurofirany/images/225245/4.jpg HTTP/2.0" 200 251894 "https://content.emag.network/" "Mozilla/5.0 (Windows NT 10.0; Win64; x64) AppleWebKit/537.36 (KHTML, like Gecko) Chrome/133.0.0.0 Safari/537.36"
86.120.159.108 - - [04/Mar/2025:09:07:48 +0100] "GET /Jurek/eurofirany/images/225245/5.jpg HTTP/2.0" 200 154247 "https://content.emag.network/" "Mozilla/5.0 (Windows NT 10.0; Win64; x64) AppleWebKit/537.36 (KHTML, like Gecko) Chrome/133.0.0.0 Safari/537.36"
66.249.66.67 - - [04/Mar/2025:09:08:15 +0100] "GET /Jurek/eurofirany/images/401006/3.jpg HTTP/1.1" 200 112916 "-" "Googlebot-Image/1.0"
89.161.206.59 - - [04/Mar/2025:09:08:18 +0100] "GET /Jurek/hurtmeblowy/feeds/hurtmeblowy_allegro.xml HTTP/1.0" 200 8024407 "-" "-"
89.161.206.59 - - [04/Mar/2025:09:08:18 +0100] "GET /Jurek/galopi/feeds/galopi_allegro.xml HTTP/1.0" 200 1884829 "-" "-"
66.135.202.71 - - [04/Mar/2025:09:10:06 +0100] "GET /Jurek/eurofirany/images/378341/0.jpg HTTP/1.1" 200 156945 "-" "Java/17.0.12.0.101"
77.79.248.229 - - [04/Mar/2025:09:10:14 +0100] "GET /Jurek/hurtownia_przemyslowa/feeds/hp_zero.xml HTTP/1.1" 200 49616036 "-" "Python-urllib/3.11"
193.33.8.61 - - [04/Mar/2025:09:10:21 +0100] "GET /Jurek/hurtownia_przemyslowa/feeds/hp_zero.xml HTTP/2.0" 200 49616036 "https://konsola.dkkapusta1997.usermd.net/" "Mozilla/5.0 (Windows NT 10.0; Win64; x64) AppleWebKit/537.36 (KHTML, like Gecko) Chrome/133.0.0.0 Safari/537.36"
86.120.159.108 - - [04/Mar/2025:09:10:24 +0100] "GET /Jurek/eurofirany/images/336037/3.jpg HTTP/2.0" 200 72490 "https://content.emag.network/" "Mozilla/5.0 (Windows NT 10.0; Win64; x64) AppleWebKit/537.36 (KHTML, like Gecko) Chrome/133.0.0.0 Safari/537.36"
86.120.159.108 - - [04/Mar/2025:09:10:24 +0100] "GET /Jurek/eurofirany/images/336037/1.jpg HTTP/2.0" 200 46374 "https://content.emag.network/" "Mozilla/5.0 (Windows NT 10.0; Win64; x64) AppleWebKit/537.36 (KHTML, like Gecko) Chrome/133.0.0.0 Safari/537.36"
86.120.159.108 - - [04/Mar/2025:09:10:24 +0100] "GET /Jurek/eurofirany/images/336037/2.jpg HTTP/2.0" 200 134543 "https://content.emag.network/" "Mozilla/5.0 (Windows NT 10.0; Win64; x64) AppleWebKit/537.36 (KHTML, like Gecko) Chrome/133.0.0.0 Safari/537.36"
86.120.159.108 - - [04/Mar/2025:09:10:24 +0100] "GET /Jurek/eurofirany/images/385851/1.jpg HTTP/2.0" 200 95606 "https://content.emag.network/" "Mozilla/5.0 (Windows NT 10.0; Win64; x64) AppleWebKit/537.36 (KHTML, like Gecko) Chrome/133.0.0.0 Safari/537.36"
86.120.159.108 - - [04/Mar/2025:09:10:24 +0100] "GET /Jurek/eurofirany/images/385851/2.jpg HTTP/2.0" 200 123788 "https://content.emag.network/" "Mozilla/5.0 (Windows NT 10.0; Win64; x64) AppleWebKit/537.36 (KHTML, like Gecko) Chrome/133.0.0.0 Safari/537.36"
86.120.159.108 - - [04/Mar/2025:09:10:24 +0100] "GET /Jurek/eurofirany/images/336037/4.jpg HTTP/2.0" 200 68681 "https://content.emag.network/" "Mozilla/5.0 (Windows NT 10.0; Win64; x64) AppleWebKit/537.36 (KHTML, like Gecko) Chrome/133.0.0.0 Safari/537.36"
86.120.159.108 - - [04/Mar/2025:09:10:43 +0100] "GET /Jurek/eurofirany/images/336032/1.jpg HTTP/2.0" 200 93175 "https://content.emag.network/" "Mozilla/5.0 (Windows NT 10.0; Win64; x64) AppleWebKit/537.36 (KHTML, like Gecko) Chrome/133.0.0.0 Safari/537.36"
86.120.159.108 - - [04/Mar/2025:09:10:43 +0100] "GET /Jurek/eurofirany/images/336032/2.jpg HTTP/2.0" 200 98185 "https://content.emag.network/" "Mozilla/5.0 (Windows NT 10.0; Win64; x64) AppleWebKit/537.36 (KHTML, like Gecko) Chrome/133.0.0.0 Safari/537.36"
86.120.159.108 - - [04/Mar/2025:09:10:43 +0100] "GET /Jurek/eurofirany/images/336032/3.jpg HTTP/2.0" 200 81457 "https://content.emag.network/" "Mozilla/5.0 (Windows NT 10.0; Win64; x64) AppleWebKit/537.36 (KHTML, like Gecko) Chrome/133.0.0.0 Safari/537.36"
86.120.159.108 - - [04/Mar/2025:09:10:48 +0100] "GET /Jurek/eurofirany/images/385850/1.jpg HTTP/2.0" 200 95606 "https://content.emag.network/" "Mozilla/5.0 (Windows NT 10.0; Win64; x64) AppleWebKit/537.36 (KHTML, like Gecko) Chrome/133.0.0.0 Safari/537.36"
86.120.159.108 - - [04/Mar/2025:09:10:48 +0100] "GET /Jurek/eurofirany/images/385850/2.jpg HTTP/2.0" 200 123788 "https://content.emag.network/" "Mozilla/5.0 (Windows NT 10.0; Win64; x64) AppleWebKit/537.36 (KHTML, like Gecko) Chrome/133.0.0.0 Safari/537.36"
46.101.116.244 - - [04/Mar/2025:09:10:56 +0100] "GET /Jurek/aw/feeds/aw_fnacfr.xml HTTP/1.0" 404 3551 "-" "-"
89.161.206.59 - - [04/Mar/2025:09:11:04 +0100] "GET /Jurek/kambukka/feeds/kambukka_amazones.xml HTTP/1.0" 200 1046877 "-" "-"
89.161.206.59 - - [04/Mar/2025:09:11:04 +0100] "GET /Jurek/waks/feeds/waks_amazonde.xml HTTP/1.0" 200 6332812 "-" "-"
89.161.206.59 - - [04/Mar/2025:09:11:05 +0100] "GET /Jurek/waks/feeds/waks_amazonfr.xml HTTP/1.0" 200 6332830 "-" "-"
89.161.206.59 - - [04/Mar/2025:09:11:05 +0100] "GET /Jurek/waks/feeds/waks_amazonse.xml HTTP/1.0" 200 6335306 "-" "-"
89.161.206.59 - - [04/Mar/2025:09:11:06 +0100] "GET /Jurek/hdwr/feeds/hdwr_amazonde.xml HTTP/1.0" 200 777773 "-" "-"
89.161.206.59 - - [04/Mar/2025:09:11:06 +0100] "GET /Jurek/hdwr/feeds/hdwr_amazonfr.xml HTTP/1.0" 200 777783 "-" "-"
89.161.206.59 - - [04/Mar/2025:09:11:07 +0100] "GET /Jurek/kambukka/feeds/kambukka_amazonde.xml HTTP/1.0" 200 1046867 "-" "-"
89.161.206.59 - - [04/Mar/2025:09:11:07 +0100] "GET /Jurek/benetech/feeds/benetech_amazonde.xml HTTP/1.0" 200 4451886 "-" "-"
89.161.206.59 - - [04/Mar/2025:09:11:07 +0100] "GET /Jurek/sempler/feeds/sempler_amazonbe.xml HTTP/1.0" 200 6553274 "-" "-"
89.161.206.59 - - [04/Mar/2025:09:11:07 +0100] "GET /Jurek/kambukka/feeds/kambukka_amazonbe.xml HTTP/1.0" 200 1046881 "-" "-"
89.161.206.59 - - [04/Mar/2025:09:11:08 +0100] "GET /Jurek/eroplace/feeds/eroplace_amazonse.xml HTTP/1.0" 200 30863420 "-" "-"
89.161.206.59 - - [04/Mar/2025:09:11:11 +0100] "GET /Jurek/b3/feeds/b3_amazones.xml HTTP/1.0" 200 7323628 "-" "-"
46.101.116.244 - - [04/Mar/2025:09:11:12 +0100] "GET /Filip/feeds/xlsx_ceneo.xml HTTP/1.0" 200 6241376 "-" "-"
89.161.206.59 - - [04/Mar/2025:09:11:12 +0100] "GET /Jurek/b3/feeds/b3_amazonbe.xml HTTP/1.0" 200 7323241 "-" "-"
89.161.206.59 - - [04/Mar/2025:09:11:13 +0100] "GET /Jurek/oromed/feeds/oromed_amazones.xml HTTP/1.0" 200 1053929 "-" "-"
89.161.206.59 - - [04/Mar/2025:09:11:13 +0100] "GET /Jurek/oromed/feeds/oromed_amazonse.xml HTTP/1.0" 200 1054133 "-" "-"
89.161.206.59 - - [04/Mar/2025:09:11:14 +0100] "GET /Jurek/oromed/feeds/oromed_amazonbe.xml HTTP/1.0" 200 1053929 "-" "-"
89.161.206.59 - - [04/Mar/2025:09:11:14 +0100] "GET /Jurek/oromed/feeds/oromed_amazonfr.xml HTTP/1.0" 200 1053937 "-" "-"
193.33.8.61 - - [04/Mar/2025:09:11:55 +0100] "GET /favicon.ico HTTP/2.0" 404 3551 "https://dkkapusta1997.usermd.net/Jurek/hurtownia_przemyslowa/feeds/hp_zero.xml" "Mozilla/5.0 (Windows NT 10.0; Win64; x64) AppleWebKit/537.36 (KHTML, like Gecko) Chrome/133.0.0.0 Safari/537.36"
185.6.76.18 - - [04/Mar/2025:09:11:56 +0100] "GET /marketplaces/skroutz/feeds/shumee.xml HTTP/1.1" 200 347902196 "-" "SkroutzBot v1.0"
66.249.66.66 - - [04/Mar/2025:09:12:11 +0100] "GET /Jurek/eurofirany/images/367116/1.jpg HTTP/1.1" 200 54413 "-" "Googlebot-Image/1.0"
66.135.202.72 - - [04/Mar/2025:09:14:43 +0100] "GET /Jurek/eurofirany/images/367106/0.jpg HTTP/1.1" 200 65242 "-" "Java/17.0.12.0.101"
89.161.206.59 - - [04/Mar/2025:09:15:47 +0100] "GET /Jurek/oromed/feeds/oromed_amazonit.xml HTTP/1.0" 200 1053940 "-" "-"
193.33.8.61 - - [04/Mar/2025:09:16:08 +0100] "GET /Jurek/evil/feeds/evil_mallsi.xml HTTP/2.0" 200 306380 "https://konsola.dkkapusta1997.usermd.net/" "Mozilla/5.0 (Windows NT 10.0; Win64; x64) AppleWebKit/537.36 (KHTML, like Gecko) Chrome/133.0.0.0 Safari/537.36"
46.101.116.244 - - [04/Mar/2025:09:16:16 +0100] "GET /Jurek/aw/feeds/aw_fnacfr.xml HTTP/1.0" 404 3551 "-" "-"
89.161.206.59 - - [04/Mar/2025:09:16:17 +0100] "GET /Jurek/topeshop/feeds/topeshop_cdsc.xml HTTP/1.0" 200 2421055 "-" "-"
193.33.8.61 - - [04/Mar/2025:09:16:21 +0100] "GET /Jurek/evil/feeds/evil_mallsiSH.xml HTTP/2.0" 200 306380 "https://konsola.dkkapusta1997.usermd.net/" "Mozilla/5.0 (Windows NT 10.0; Win64; x64) AppleWebKit/537.36 (KHTML, like Gecko) Chrome/133.0.0.0 Safari/537.36"
46.101.116.244 - - [04/Mar/2025:09:16:33 +0100] "GET /Filip/feeds/xlsx_ceneo.xml HTTP/1.0" 200 6241376 "-" "-"
66.135.202.74 - - [04/Mar/2025:09:17:40 +0100] "GET /Jurek/eurofirany/images/422895/0.jpg HTTP/1.1" 200 147158 "-" "Java/17.0.12.0.101"
5.134.208.158 - - [04/Mar/2025:09:20:11 +0100] "GET /Jurek/eurofirany/images/394049/0.jpg HTTP/1.1" 200 124360 "-" "-"
66.249.66.66 - - [04/Mar/2025:09:20:50 +0100] "GET /Jurek/eurofirany/images/408356/5.jpg HTTP/1.1" 200 193304 "-" "Googlebot-Image/1.0"
46.101.116.244 - - [04/Mar/2025:09:21:46 +0100] "GET /Jurek/aw/feeds/aw_fnacfr.xml HTTP/1.0" 404 3551 "-" "-"
46.101.116.244 - - [04/Mar/2025:09:22:03 +0100] "GET /Filip/feeds/xlsx_ceneo.xml HTTP/1.0" 200 6241376 "-" "-"
46.101.116.244 - - [04/Mar/2025:09:24:17 +0100] "GET /Jurek/eurofirany/feeds/eurofirany_empik.xml HTTP/1.0" 200 18745613 "-" "-"
89.161.206.59 - - [04/Mar/2025:09:24:19 +0100] "GET /Jurek/topeshop/feeds/topeshop_cdsc.xml HTTP/1.0" 200 2421055 "-" "-"
89.161.206.59 - - [04/Mar/2025:09:24:27 +0100] "GET /Jurek/barbecook/feeds/barbecook_cdis.xml HTTP/1.0" 200 87527 "-" "-"
46.101.116.244 - - [04/Mar/2025:09:24:29 +0100] "GET /Jurek/action/feeds/action_cdis.xml HTTP/1.0" 200 55164583 "-" "-"
46.101.116.244 - - [04/Mar/2025:09:24:35 +0100] "GET /Jurek/fernity/feeds/fernity_cdiscount.xml HTTP/1.0" 200 5222347 "-" "-"
46.101.116.244 - - [04/Mar/2025:09:24:38 +0100] "GET /Jurek/kinghoff/feeds/kinghoff_cdiscount.xml HTTP/1.0" 200 15064897 "-" "-"
46.101.116.244 - - [04/Mar/2025:09:24:47 +0100] "GET /Jurek/kinghoff/feeds/kinghoff_velo.xml HTTP/1.0" 200 15065667 "-" "-"
5.134.208.158 - - [04/Mar/2025:09:24:54 +0100] "GET /Jurek/eurofirany/images/409731/0.jpg HTTP/1.1" 200 188410 "-" "-"
66.249.66.67 - - [04/Mar/2025:09:25:09 +0100] "GET /Jurek/eurofirany/images/372429/7.jpg HTTP/1.1" 200 95066 "-" "Googlebot-Image/1.0"
157.55.39.16 - - [04/Mar/2025:09:25:29 +0100] "GET /warehouses/ HTTP/2.0" 200 409 "-" "Mozilla/5.0 AppleWebKit/537.36 (KHTML, like Gecko; compatible; bingbot/2.0; +http://www.bing.com/bingbot.htm) Chrome/116.0.1938.76 Safari/537.36"
193.33.8.61 - - [04/Mar/2025:09:26:48 +0100] "GET /Jurek/eoptimo/feeds/eoptimo_zero.xml HTTP/2.0" 200 1958982 "https://konsola.dkkapusta1997.usermd.net/" "Mozilla/5.0 (Windows NT 10.0; Win64; x64) AppleWebKit/537.36 (KHTML, like Gecko) Chrome/133.0.0.0 Safari/537.36"
77.79.248.229 - - [04/Mar/2025:09:26:54 +0100] "GET /Jurek/eoptimo/feeds/eoptimo_zero.xml HTTP/1.1" 200 1958982 "-" "Python-urllib/3.11"
193.33.8.61 - - [04/Mar/2025:09:27:10 +0100] "GET /Jurek/hurtownia_przemyslowa/output.txt HTTP/2.0" 200 2432 "https://konsola.dkkapusta1997.usermd.net/" "Mozilla/5.0 (Windows NT 10.0; Win64; x64) AppleWebKit/537.36 (KHTML, like Gecko) Chrome/133.0.0.0 Safari/537.36"
46.101.116.244 - - [04/Mar/2025:09:27:18 +0100] "GET /Jurek/aw/feeds/aw_fnacfr.xml HTTP/1.0" 404 3551 "-" "-"
46.101.116.244 - - [04/Mar/2025:09:27:34 +0100] "GET /Filip/feeds/xlsx_ceneo.xml HTTP/1.0" 200 6241376 "-" "-"
193.33.8.61 - - [04/Mar/2025:09:29:24 +0100] "GET /Jurek/rovato/feeds/rovato_zero.xml HTTP/2.0" 200 357956 "https://konsola.dkkapusta1997.usermd.net/" "Mozilla/5.0 (Windows NT 10.0; Win64; x64) AppleWebKit/537.36 (KHTML, like Gecko) Chrome/133.0.0.0 Safari/537.36"
66.249.66.66 - - [04/Mar/2025:09:29:29 +0100] "GET /Jurek/eurofirany/images/374446/1.jpg HTTP/1.1" 200 96441 "-" "Googlebot-Image/1.0"
77.79.248.229 - - [04/Mar/2025:09:29:31 +0100] "GET /Jurek/rovato/feeds/rovato_zero.xml HTTP/1.1" 200 357956 "-" "Python-urllib/3.11"
66.135.202.71 - - [04/Mar/2025:09:30:46 +0100] "GET /Jurek/eurofirany/images/383469/0.jpg HTTP/1.1" 200 86852 "-" "Java/17.0.12.0.101"
193.33.8.61 - - [04/Mar/2025:09:31:20 +0100] "GET /Jurek/biokominki/feeds/biokominki_zero.xml HTTP/2.0" 200 1422226 "https://konsola.dkkapusta1997.usermd.net/" "Mozilla/5.0 (Windows NT 10.0; Win64; x64) AppleWebKit/537.36 (KHTML, like Gecko) Chrome/133.0.0.0 Safari/537.36"
77.79.248.229 - - [04/Mar/2025:09:31:27 +0100] "GET /Jurek/biokominki/feeds/biokominki_zero.xml HTTP/1.1" 200 1422226 "-" "Python-urllib/3.11"
46.101.116.244 - - [04/Mar/2025:09:31:36 +0100] "GET /Jurek/aw/feeds/aw_fnacfr.xml HTTP/1.0" 404 3551 "-" "-"
46.101.116.244 - - [04/Mar/2025:09:31:51 +0100] "GET /Filip/feeds/xlsx_ceneo.xml HTTP/1.0" 200 6241376 "-" "-"
66.249.66.66 - - [04/Mar/2025:09:31:53 +0100] "GET /Jurek/eurofirany/images/433271/1.jpg HTTP/1.1" 200 6625 "-" "Googlebot-Image/1.0"
66.249.66.66 - - [04/Mar/2025:09:31:55 +0100] "GET /Jurek/eurofirany/images/433271/3.jpg HTTP/1.1" 200 175531 "-" "Googlebot-Image/1.0"
66.249.66.66 - - [04/Mar/2025:09:31:57 +0100] "GET /Jurek/eurofirany/images/433271/0.jpg HTTP/1.1" 200 6625 "-" "Googlebot-Image/1.0"
66.249.66.66 - - [04/Mar/2025:09:31:57 +0100] "GET /Jurek/eurofirany/images/433271/2.jpg HTTP/1.1" 200 6625 "-" "Googlebot-Image/1.0"
193.33.8.61 - - [04/Mar/2025:09:32:47 +0100] "GET /Jurek/lgbtshop/feeds/lgbtshop_zero.xml HTTP/2.0" 200 219191 "https://konsola.dkkapusta1997.usermd.net/" "Mozilla/5.0 (Windows NT 10.0; Win64; x64) AppleWebKit/537.36 (KHTML, like Gecko) Chrome/133.0.0.0 Safari/537.36"
77.79.248.229 - - [04/Mar/2025:09:32:54 +0100] "GET /Jurek/lgbtshop/feeds/lgbtshop_zero.xml HTTP/1.1" 200 219191 "-" "Python-urllib/3.11"
89.161.206.59 - - [04/Mar/2025:09:32:56 +0100] "GET /Jurek/aiofactory/feeds/aiofactory_amazonfr.xml HTTP/1.0" 200 2123802 "-" "-"
89.161.206.59 - - [04/Mar/2025:09:32:56 +0100] "GET /Jurek/aiofactory/feeds/aiofactory_amazonit.xml HTTP/1.0" 200 2123824 "-" "-"
89.161.206.59 - - [04/Mar/2025:09:32:57 +0100] "GET /Jurek/aiofactory/feeds/aiofactory_amazonde.xml HTTP/1.0" 200 2123805 "-" "-"
66.249.66.66 - - [04/Mar/2025:09:33:35 +0100] "GET /Jurek/eurofirany/images/424076/3.jpg HTTP/1.1" 200 40822 "-" "Googlebot-Image/1.0"
66.249.66.66 - - [04/Mar/2025:09:33:35 +0100] "GET /Jurek/eurofirany/images/424076/0.jpg HTTP/1.1" 200 79499 "-" "Googlebot-Image/1.0"
66.249.66.66 - - [04/Mar/2025:09:33:38 +0100] "GET /Jurek/eurofirany/images/424076/1.jpg HTTP/1.1" 200 101614 "-" "Googlebot-Image/1.0"
193.33.8.61 - - [04/Mar/2025:09:33:40 +0100] "GET /Jurek/hurtownia_przemyslowa/feeds/hp_piguex.xml HTTP/2.0" 200 41558086 "https://konsola.dkkapusta1997.usermd.net/" "Mozilla/5.0 (Windows NT 10.0; Win64; x64) AppleWebKit/537.36 (KHTML, like Gecko) Chrome/133.0.0.0 Safari/537.36"
66.249.66.66 - - [04/Mar/2025:09:33:42 +0100] "GET /Jurek/eurofirany/images/424076/4.jpg HTTP/1.1" 200 74322 "-" "Googlebot-Image/1.0"
66.249.66.66 - - [04/Mar/2025:09:33:43 +0100] "GET /Jurek/eurofirany/images/424076/2.jpg HTTP/1.1" 200 86302 "-" "Googlebot-Image/1.0"
66.249.66.66 - - [04/Mar/2025:09:33:49 +0100] "GET /Jurek/eurofirany/images/424076/5.jpg HTTP/1.1" 200 210979 "-" "Googlebot-Image/1.0"
66.135.202.73 - - [04/Mar/2025:09:33:58 +0100] "GET /Jurek/eurofirany/images/436129/0.jpg HTTP/1.1" 200 126067 "-" "Java/17.0.12.0.101"
66.249.66.66 - - [04/Mar/2025:09:34:00 +0100] "GET /Jurek/eurofirany/images/433272/0.jpg HTTP/1.1" 200 6625 "-" "Googlebot-Image/1.0"
66.249.66.66 - - [04/Mar/2025:09:34:02 +0100] "GET /Jurek/eurofirany/images/433257/3.jpg HTTP/1.1" 200 175531 "-" "Googlebot-Image/1.0"
66.249.66.66 - - [04/Mar/2025:09:34:03 +0100] "GET /Jurek/eurofirany/images/433257/1.jpg HTTP/1.1" 200 6625 "-" "Googlebot-Image/1.0"
66.249.66.66 - - [04/Mar/2025:09:34:05 +0100] "GET /Jurek/eurofirany/images/433272/1.jpg HTTP/1.1" 200 6625 "-" "Googlebot-Image/1.0"
193.33.8.61 - - [04/Mar/2025:09:34:06 +0100] "GET /Jurek/kidshop/feeds/kidshop_zero.xml HTTP/2.0" 200 19840309 "https://konsola.dkkapusta1997.usermd.net/" "Mozilla/5.0 (Windows NT 10.0; Win64; x64) AppleWebKit/537.36 (KHTML, like Gecko) Chrome/133.0.0.0 Safari/537.36"
66.249.66.66 - - [04/Mar/2025:09:34:07 +0100] "GET /Jurek/eurofirany/images/433255/0.jpg HTTP/1.1" 200 6625 "-" "Googlebot-Image/1.0"
66.249.66.66 - - [04/Mar/2025:09:34:07 +0100] "GET /Jurek/eurofirany/images/433272/2.jpg HTTP/1.1" 200 6625 "-" "Googlebot-Image/1.0"
77.79.248.229 - - [04/Mar/2025:09:34:07 +0100] "GET /Jurek/kidshop/feeds/kidshop_zero.xml HTTP/1.1" 200 19840309 "-" "Python-urllib/3.11"
66.249.66.66 - - [04/Mar/2025:09:34:08 +0100] "GET /Jurek/eurofirany/images/433257/2.jpg HTTP/1.1" 200 6625 "-" "Googlebot-Image/1.0"
66.249.66.66 - - [04/Mar/2025:09:34:09 +0100] "GET /Jurek/eurofirany/images/433255/4.jpg HTTP/1.1" 200 6625 "-" "Googlebot-Image/1.0"
66.249.66.66 - - [04/Mar/2025:09:34:10 +0100] "GET /Jurek/eurofirany/images/433257/0.jpg HTTP/1.1" 200 6625 "-" "Googlebot-Image/1.0"
66.249.66.66 - - [04/Mar/2025:09:34:11 +0100] "GET /Jurek/eurofirany/images/433255/2.jpg HTTP/1.1" 200 6625 "-" "Googlebot-Image/1.0"
66.249.66.66 - - [04/Mar/2025:09:34:12 +0100] "GET /Jurek/eurofirany/images/433272/3.jpg HTTP/1.1" 200 175531 "-" "Googlebot-Image/1.0"
66.249.66.66 - - [04/Mar/2025:09:34:19 +0100] "GET /Jurek/eurofirany/images/433255/5.jpg HTTP/1.1" 200 108611 "-" "Googlebot-Image/1.0"
66.249.66.66 - - [04/Mar/2025:09:34:19 +0100] "GET /Jurek/eurofirany/images/433255/3.jpg HTTP/1.1" 200 6625 "-" "Googlebot-Image/1.0"
66.249.66.66 - - [04/Mar/2025:09:34:19 +0100] "GET /Jurek/eurofirany/images/433255/1.jpg HTTP/1.1" 200 6625 "-" "Googlebot-Image/1.0"
193.33.8.61 - - [04/Mar/2025:09:34:51 +0100] "GET /Jurek/hanex/feeds/hanex_zero.xml HTTP/2.0" 200 13931522 "https://konsola.dkkapusta1997.usermd.net/" "Mozilla/5.0 (Windows NT 10.0; Win64; x64) AppleWebKit/537.36 (KHTML, like Gecko) Chrome/133.0.0.0 Safari/537.36"
52.17.80.36 - - [04/Mar/2025:09:34:56 +0100] "GET /marketplaces/worten2/results/worten.csv HTTP/1.1" 200 147217 "-" "Mirakl HttpClient"
77.79.248.229 - - [04/Mar/2025:09:34:57 +0100] "GET /Jurek/hanex/feeds/hanex_zero.xml HTTP/1.1" 200 13931522 "-" "Python-urllib/3.11"
77.79.248.229 - - [04/Mar/2025:09:36:03 +0100] "GET /Jurek/hanex/feeds/hanex_zero.xml HTTP/1.1" 200 13931522 "-" "Python-urllib/3.11"
77.79.248.229 - - [04/Mar/2025:09:36:10 +0100] "GET /Jurek/eurofirany/feeds/eurofirany_cdon_se.xml HTTP/1.1" 200 18761183 "-" "python-requests/2.32.3"
77.79.248.229 - - [04/Mar/2025:09:36:10 +0100] "GET /Jurek/eurofirany/feeds/eurofirany_cdon_dk.xml HTTP/1.1" 200 18761345 "-" "python-requests/2.32.3"
77.79.248.229 - - [04/Mar/2025:09:36:10 +0100] "GET /Jurek/eurofirany/feeds/eurofirany_cdon_fi.xml HTTP/1.1" 200 18744012 "-" "python-requests/2.32.3"
77.79.248.229 - - [04/Mar/2025:09:36:11 +0100] "GET /Jurek/stema/feeds/stema_cdon_se.xml HTTP/1.1" 200 839161 "-" "python-requests/2.32.3"
77.79.248.229 - - [04/Mar/2025:09:36:11 +0100] "GET /Jurek/stema/feeds/stema_cdon_dk.xml HTTP/1.1" 200 839014 "-" "python-requests/2.32.3"
77.79.248.229 - - [04/Mar/2025:09:36:11 +0100] "GET /Jurek/stema/feeds/stema_cdon_fi.xml HTTP/1.1" 200 838734 "-" "python-requests/2.32.3"
77.79.248.229 - - [04/Mar/2025:09:36:12 +0100] "GET /Jurek/aw/feeds/awnarzedzia_cdon_se.xml HTTP/1.1" 200 90457449 "-" "python-requests/2.32.3"
77.79.248.229 - - [04/Mar/2025:09:36:13 +0100] "GET /Jurek/aw/feeds/awnarzedzia_cdon_dk.xml HTTP/1.1" 200 90452146 "-" "python-requests/2.32.3"
77.79.248.229 - - [04/Mar/2025:09:36:14 +0100] "GET /Jurek/aw/feeds/awnarzedzia_cdon_fi.xml HTTP/1.1" 200 90369047 "-" "python-requests/2.32.3"
77.79.248.229 - - [04/Mar/2025:09:36:14 +0100] "GET /Jurek/hurtownia_przemyslowa/feeds/hp_cdon_se.xml HTTP/1.1" 200 49634355 "-" "python-requests/2.32.3"
77.79.248.229 - - [04/Mar/2025:09:36:15 +0100] "GET /Jurek/hurtownia_przemyslowa/feeds/hp_cdon_dk.xml HTTP/1.1" 200 49632757 "-" "python-requests/2.32.3"
77.79.248.229 - - [04/Mar/2025:09:36:15 +0100] "GET /Jurek/hurtownia_przemyslowa/feeds/hp_cdon_fi.xml HTTP/1.1" 200 49619198 "-" "python-requests/2.32.3"
77.79.248.229 - - [04/Mar/2025:09:36:17 +0100] "GET /Jurek/ikonka/feeds/ikonka_cdon_se.xml HTTP/1.1" 200 21456488 "-" "python-requests/2.32.3"
77.79.248.229 - - [04/Mar/2025:09:36:17 +0100] "GET /Jurek/ikonka/feeds/ikonka_cdon_dk.xml HTTP/1.1" 200 21456441 "-" "python-requests/2.32.3"
77.79.248.229 - - [04/Mar/2025:09:36:17 +0100] "GET /Jurek/ikonka/feeds/ikonka_cdon_fi.xml HTTP/1.1" 200 21454286 "-" "python-requests/2.32.3"
77.79.248.229 - - [04/Mar/2025:09:36:18 +0100] "GET /Jurek/fernity/feeds/fernity_cdon_fi.xml HTTP/1.1" 200 5221888 "-" "python-requests/2.32.3"
77.79.248.229 - - [04/Mar/2025:09:36:18 +0100] "GET /Jurek/fernity/feeds/fernity_cdon_se.xml HTTP/1.1" 200 5225396 "-" "python-requests/2.32.3"
77.79.248.229 - - [04/Mar/2025:09:36:18 +0100] "GET /Jurek/fernity/feeds/fernity_cdon_dk.xml HTTP/1.1" 200 5225010 "-" "python-requests/2.32.3"
77.79.248.229 - - [04/Mar/2025:09:36:18 +0100] "GET /Jurek/activeshop/feeds/activeshop_cdon_se.xml HTTP/1.1" 200 10455550 "-" "python-requests/2.32.3"
77.79.248.229 - - [04/Mar/2025:09:36:18 +0100] "GET /Jurek/activeshop/feeds/activeshop_cdon_dk.xml HTTP/1.1" 200 10455433 "-" "python-requests/2.32.3"
77.79.248.229 - - [04/Mar/2025:09:36:18 +0100] "GET /Jurek/activeshop/feeds/activeshop_cdon_fi.xml HTTP/1.1" 200 10451846 "-" "python-requests/2.32.3"
77.79.248.229 - - [04/Mar/2025:09:36:22 +0100] "GET /Jurek/barbecook/feeds/barbecook_cdon_se.xml HTTP/1.1" 200 87591 "-" "python-requests/2.32.3"
77.79.248.229 - - [04/Mar/2025:09:36:22 +0100] "GET /Jurek/barbecook/feeds/barbecook_cdon_dk.xml HTTP/1.1" 200 87593 "-" "python-requests/2.32.3"
77.79.248.229 - - [04/Mar/2025:09:36:22 +0100] "GET /Jurek/barbecook/feeds/barbecook_cdon_fi.xml HTTP/1.1" 200 87530 "-" "python-requests/2.32.3"
77.79.248.229 - - [04/Mar/2025:09:36:23 +0100] "GET /Jurek/action/feeds/action_cdon_se.xml HTTP/1.1" 200 55196799 "-" "python-requests/2.32.3"
77.79.248.229 - - [04/Mar/2025:09:36:24 +0100] "GET /Jurek/action/feeds/action_cdon_dk.xml HTTP/1.1" 200 55191983 "-" "python-requests/2.32.3"
77.79.248.229 - - [04/Mar/2025:09:36:24 +0100] "GET /Jurek/action/feeds/action_cdon_fi.xml HTTP/1.1" 200 55166776 "-" "python-requests/2.32.3"
77.79.248.229 - - [04/Mar/2025:09:36:25 +0100] "GET /Jurek/kinghoff/feeds/kinghoff_cdon_se.xml HTTP/1.1" 200 15063997 "-" "python-requests/2.32.3"
77.79.248.229 - - [04/Mar/2025:09:36:25 +0100] "GET /Jurek/kinghoff/feeds/kinghoff_cdon_dk.xml HTTP/1.1" 200 15063746 "-" "python-requests/2.32.3"
77.79.248.229 - - [04/Mar/2025:09:36:26 +0100] "GET /Jurek/kinghoff/feeds/kinghoff_cdon_fi.xml HTTP/1.1" 200 15061530 "-" "python-requests/2.32.3"
46.101.116.244 - - [04/Mar/2025:09:36:43 +0100] "GET /Jurek/hurtownia_przemyslowa/feeds/hp_cdiscount.xml HTTP/1.0" 200 49618918 "-" "-"
66.249.66.66 - - [04/Mar/2025:09:36:44 +0100] "GET /Jurek/eurofirany/images/423951/4.jpg HTTP/1.1" 200 0 "-" "Googlebot-Image/1.0"
66.249.66.66 - - [04/Mar/2025:09:36:49 +0100] "GET /Jurek/eurofirany/images/423951/2.jpg HTTP/1.1" 200 0 "-" "Googlebot-Image/1.0"
66.249.66.66 - - [04/Mar/2025:09:36:49 +0100] "GET /Jurek/eurofirany/images/423951/5.jpg HTTP/1.1" 200 259692 "-" "Googlebot-Image/1.0"
66.249.66.66 - - [04/Mar/2025:09:36:49 +0100] "GET /Jurek/eurofirany/images/423951/9.jpg HTTP/1.1" 200 190461 "-" "Googlebot-Image/1.0"
66.249.66.66 - - [04/Mar/2025:09:36:49 +0100] "GET /Jurek/eurofirany/images/423951/0.jpg HTTP/1.1" 200 0 "-" "Googlebot-Image/1.0"
66.249.66.66 - - [04/Mar/2025:09:36:49 +0100] "GET /Jurek/eurofirany/images/423951/7.jpg HTTP/1.1" 200 243720 "-" "Googlebot-Image/1.0"
66.249.66.66 - - [04/Mar/2025:09:36:50 +0100] "GET /Jurek/eurofirany/images/423951/3.jpg HTTP/1.1" 200 171617 "-" "Googlebot-Image/1.0"
66.249.66.66 - - [04/Mar/2025:09:36:51 +0100] "GET /Jurek/eurofirany/images/423951/8.jpg HTTP/1.1" 200 204888 "-" "Googlebot-Image/1.0"
66.249.66.66 - - [04/Mar/2025:09:36:52 +0100] "GET /Jurek/eurofirany/images/423951/6.jpg HTTP/1.1" 200 174322 "-" "Googlebot-Image/1.0"
66.249.66.66 - - [04/Mar/2025:09:36:53 +0100] "GET /Jurek/eurofirany/images/423951/10.jpg HTTP/1.1" 200 202776 "-" "Googlebot-Image/1.0"
66.249.66.66 - - [04/Mar/2025:09:36:56 +0100] "GET /Jurek/eurofirany/images/423951/1.jpg HTTP/1.1" 200 108982 "-" "Googlebot-Image/1.0"
193.33.8.61 - - [04/Mar/2025:09:37:16 +0100] "GET /Jurek/zenga/feeds/zenga_zero.xml HTTP/2.0" 200 222850 "https://konsola.dkkapusta1997.usermd.net/" "Mozilla/5.0 (Windows NT 10.0; Win64; x64) AppleWebKit/537.36 (KHTML, like Gecko) Chrome/133.0.0.0 Safari/537.36"
193.33.8.61 - - [04/Mar/2025:09:37:34 +0100] "GET /Jurek/hanex/download/products.csv HTTP/2.0" 200 13331920 "https://konsola.dkkapusta1997.usermd.net/" "Mozilla/5.0 (Windows NT 10.0; Win64; x64) AppleWebKit/537.36 (KHTML, like Gecko) Chrome/133.0.0.0 Safari/537.36"
77.79.248.229 - - [04/Mar/2025:09:38:07 +0100] "GET /Jurek/vidaSI/feeds/vidaSI_bigbang.xml HTTP/1.1" 200 613318529 "-" "Python-urllib/3.11"
77.79.248.229 - - [04/Mar/2025:09:38:08 +0100] "GET /Jurek/aw/feeds/awnarzedzia_bigbang.xml HTTP/1.1" 200 90345066 "-" "Python-urllib/3.11"
46.101.116.244 - - [04/Mar/2025:09:38:08 +0100] "GET /Jurek/aw/feeds/awnarzedzia_cdiscount.xml HTTP/1.0" 200 90371821 "-" "-"
77.79.248.229 - - [04/Mar/2025:09:38:09 +0100] "GET /Jurek/hurtownia_przemyslowa/feeds/hp_bigbang.xml HTTP/1.1" 200 49616155 "-" "Python-urllib/3.11"
77.79.248.229 - - [04/Mar/2025:09:38:10 +0100] "GET /Jurek/action/feeds/action_bigbang.xml HTTP/1.1" 200 55162222 "-" "Python-urllib/3.11"
77.79.248.229 - - [04/Mar/2025:09:38:11 +0100] "GET /Jurek/unimet/feeds/unimet_bigbang.xml HTTP/1.1" 200 60211275 "-" "Python-urllib/3.11"
77.79.248.229 - - [04/Mar/2025:09:38:11 +0100] "GET /Jurek/ikonka/feeds/ikonka_bigbang.xml HTTP/1.1" 200 21454266 "-" "Python-urllib/3.11"
77.79.248.229 - - [04/Mar/2025:09:38:12 +0100] "GET /Jurek/bass/feeds/bass_bigbang.xml HTTP/1.1" 200 3985156 "-" "Python-urllib/3.11"
77.79.248.229 - - [04/Mar/2025:09:38:13 +0100] "GET /Jurek/kinghoff/feeds/kinghoff_bigbang.xml HTTP/1.1" 200 15061094 "-" "Python-urllib/3.11"
77.79.248.229 - - [04/Mar/2025:09:38:13 +0100] "GET /Jurek/activeshop/feeds/activeshop_bigbang.xml HTTP/1.1" 200 10451998 "-" "Python-urllib/3.11"
77.79.248.229 - - [04/Mar/2025:09:38:14 +0100] "GET /Jurek/octopia/feeds/octopia_bigbang.xml HTTP/1.1" 200 6220633 "-" "Python-urllib/3.11"
77.79.248.229 - - [04/Mar/2025:09:38:14 +0100] "GET /Jurek/topeshop/feeds/topeshop_bigbang.xml HTTP/1.1" 200 2406914 "-" "Python-urllib/3.11"
77.79.248.229 - - [04/Mar/2025:09:38:14 +0100] "GET /Jurek/b3/feeds/b3_bigbang.xml HTTP/1.1" 200 7323387 "-" "Python-urllib/3.11"
77.79.248.229 - - [04/Mar/2025:09:38:14 +0100] "GET /Jurek/asortymenteu/feeds/asortymenteu_bigbang.xml HTTP/1.1" 200 2585285 "-" "Python-urllib/3.11"
77.79.248.229 - - [04/Mar/2025:09:38:14 +0100] "GET /Jurek/eroplace/feeds/eroplace_bigbang.xml HTTP/1.1" 200 30849120 "-" "Python-urllib/3.11"
77.79.248.229 - - [04/Mar/2025:09:38:18 +0100] "GET /Jurek/intsell/feeds/intsell_bigbang.xml HTTP/1.1" 200 338785445 "-" "Python-urllib/3.11"
77.79.248.229 - - [04/Mar/2025:09:38:18 +0100] "GET /Jurek/coppotech/feeds/coppotech_bigbang.xml HTTP/1.1" 200 38985492 "-" "Python-urllib/3.11"
77.79.248.229 - - [04/Mar/2025:09:38:18 +0100] "GET /Jurek/stema/feeds/stema_bigbang.xml HTTP/1.1" 200 838605 "-" "Python-urllib/3.11"
77.79.248.229 - - [04/Mar/2025:09:38:18 +0100] "GET /Jurek/sempler/feeds/sempler_bigbang.xml HTTP/1.1" 200 6553195 "-" "Python-urllib/3.11"
77.79.248.229 - - [04/Mar/2025:09:38:19 +0100] "GET /Jurek/benetech/feeds/benetech_bigbang.xml HTTP/1.1" 200 4451870 "-" "Python-urllib/3.11"
77.79.248.229 - - [04/Mar/2025:09:38:19 +0100] "GET /Jurek/ekuchcikowo/feeds/ekuchcikowo_bigbang.xml HTTP/1.1" 200 13466380 "-" "Python-urllib/3.11"
77.79.248.229 - - [04/Mar/2025:09:38:19 +0100] "GET /Jurek/erohurtownia/feeds/erohurtownia_bigbang.xml HTTP/1.1" 200 23304421 "-" "Python-urllib/3.11"
46.101.116.244 - - [04/Mar/2025:09:38:25 +0100] "GET /Jurek/aw/feeds/aw_fnacfr.xml HTTP/1.0" 404 3551 "-" "-"
77.79.248.229 - - [04/Mar/2025:09:38:27 +0100] "GET /Jurek/naszedzieci/feeds/naszedzieci_bigbang.xml HTTP/1.1" 200 833259214 "-" "Python-urllib/3.11"
77.79.248.229 - - [04/Mar/2025:09:38:28 +0100] "GET /Jurek/awparts/feeds/awparts_bigbang.xml HTTP/1.1" 200 142302468 "-" "Python-urllib/3.11"
77.79.248.229 - - [04/Mar/2025:09:38:28 +0100] "GET /Jurek/najtanszysport/feeds/najtanszysport_bigbang.xml HTTP/1.1" 200 3982923 "-" "Python-urllib/3.11"
77.79.248.229 - - [04/Mar/2025:09:38:28 +0100] "GET /Jurek/aiofactory/feeds/aiofactory_bigbang.xml HTTP/1.1" 200 2123803 "-" "Python-urllib/3.11"
77.79.248.229 - - [04/Mar/2025:09:38:29 +0100] "GET /Jurek/playcob/feeds/playcob_bigbang.xml HTTP/1.1" 200 6980129 "-" "Python-urllib/3.11"
77.79.248.229 - - [04/Mar/2025:09:38:29 +0100] "GET /Jurek/kidshop/feeds/kidshop_bigbang.xml HTTP/1.1" 200 19850628 "-" "Python-urllib/3.11"
