66.135.202.75 - - [04/Mar/2025:07:27:13 +0100] "GET /Jurek/eurofirany/images/452598/4.jpg HTTP/1.1" 200 101220 "http://www.ebay.com/" "Mozilla/4.0 (compatible; MSIE 4.01; Windows NT)"
66.135.202.75 - - [04/Mar/2025:07:27:13 +0100] "GET /Jurek/eurofirany/images/452598/5.jpg HTTP/1.1" 200 51484 "http://www.ebay.com/" "Mozilla/4.0 (compatible; MSIE 4.01; Windows NT)"
66.135.202.72 - - [04/Mar/2025:07:27:13 +0100] "GET /Jurek/eurofirany/images/432714/5.jpg HTTP/1.1" 200 211579 "http://www.ebay.com/" "Mozilla/4.0 (compatible; MSIE 4.01; Windows NT)"
66.135.202.71 - - [04/Mar/2025:07:27:13 +0100] "GET /Jurek/eurofirany/images/452598/6.jpg HTTP/1.1" 200 164138 "http://www.ebay.com/" "Mozilla/4.0 (compatible; MSIE 4.01; Windows NT)"
66.135.202.71 - - [04/Mar/2025:07:27:13 +0100] "GET /Jurek/eurofirany/images/452598/3.jpg HTTP/1.1" 200 164074 "http://www.ebay.com/" "Mozilla/4.0 (compatible; MSIE 4.01; Windows NT)"
66.135.202.73 - - [04/Mar/2025:07:27:13 +0100] "GET /Jurek/eurofirany/images/452598/7.jpg HTTP/1.1" 200 164138 "http://www.ebay.com/" "Mozilla/4.0 (compatible; MSIE 4.01; Windows NT)"
66.135.195.19 - - [04/Mar/2025:07:27:15 +0100] "GET /Jurek/eurofirany/images/459068/0.jpg HTTP/1.1" 200 98238 "http://www.ebay.com/" "Mozilla/4.0 (compatible; MSIE 4.01; Windows NT)"
66.135.202.170 - - [04/Mar/2025:07:27:15 +0100] "GET /Jurek/eurofirany/images/390751/0.jpg HTTP/1.1" 200 108056 "-" "Java/17.0.12.0.101"
66.135.202.172 - - [04/Mar/2025:07:27:17 +0100] "GET /Jurek/eurofirany/images/459329/1.jpg HTTP/1.1" 200 76421 "http://www.ebay.com/" "Mozilla/4.0 (compatible; MSIE 4.01; Windows NT)"
66.135.202.173 - - [04/Mar/2025:07:27:17 +0100] "GET /Jurek/eurofirany/images/459329/0.jpg HTTP/1.1" 200 91812 "http://www.ebay.com/" "Mozilla/4.0 (compatible; MSIE 4.01; Windows NT)"
66.135.202.169 - - [04/Mar/2025:07:27:17 +0100] "GET /Jurek/eurofirany/images/459329/2.jpg HTTP/1.1" 200 62835 "http://www.ebay.com/" "Mozilla/4.0 (compatible; MSIE 4.01; Windows NT)"
66.135.202.173 - - [04/Mar/2025:07:27:17 +0100] "GET /Jurek/eurofirany/images/459329/4.jpg HTTP/1.1" 200 106457 "http://www.ebay.com/" "Mozilla/4.0 (compatible; MSIE 4.01; Windows NT)"
66.135.202.172 - - [04/Mar/2025:07:27:17 +0100] "GET /Jurek/eurofirany/images/459329/5.jpg HTTP/1.1" 200 61363 "http://www.ebay.com/" "Mozilla/4.0 (compatible; MSIE 4.01; Windows NT)"
66.135.202.173 - - [04/Mar/2025:07:27:17 +0100] "GET /Jurek/eurofirany/images/459329/3.jpg HTTP/1.1" 200 80325 "http://www.ebay.com/" "Mozilla/4.0 (compatible; MSIE 4.01; Windows NT)"
66.135.195.20 - - [04/Mar/2025:07:27:17 +0100] "GET /Jurek/eurofirany/images/459057/0.jpg HTTP/1.1" 200 81194 "http://www.ebay.com/" "Mozilla/4.0 (compatible; MSIE 4.01; Windows NT)"
66.135.195.18 - - [04/Mar/2025:07:27:17 +0100] "GET /Jurek/eurofirany/images/459057/2.jpg HTTP/1.1" 200 46785 "http://www.ebay.com/" "Mozilla/4.0 (compatible; MSIE 4.01; Windows NT)"
66.135.195.19 - - [04/Mar/2025:07:27:17 +0100] "GET /Jurek/eurofirany/images/459057/1.jpg HTTP/1.1" 200 46785 "http://www.ebay.com/" "Mozilla/4.0 (compatible; MSIE 4.01; Windows NT)"
46.101.116.244 - - [04/Mar/2025:07:27:19 +0100] "GET /Jurek/kinghome/feeds/kinghome_mallsl.xml HTTP/2.0" 200 5711868 "-" "-"
66.135.195.20 - - [04/Mar/2025:07:27:20 +0100] "GET /Jurek/eurofirany/images/428398/0.jpg HTTP/1.1" 200 118019 "-" "Java/17.0.12.0.101"
66.135.195.18 - - [04/Mar/2025:07:27:23 +0100] "GET /Jurek/eurofirany/images/463394/1.jpg HTTP/1.1" 200 96655 "http://www.ebay.com/" "Mozilla/4.0 (compatible; MSIE 4.01; Windows NT)"
66.135.195.19 - - [04/Mar/2025:07:27:23 +0100] "GET /Jurek/eurofirany/images/463394/3.jpg HTTP/1.1" 200 127038 "http://www.ebay.com/" "Mozilla/4.0 (compatible; MSIE 4.01; Windows NT)"
66.135.195.20 - - [04/Mar/2025:07:27:23 +0100] "GET /Jurek/eurofirany/images/463394/0.jpg HTTP/1.1" 200 161159 "http://www.ebay.com/" "Mozilla/4.0 (compatible; MSIE 4.01; Windows NT)"
66.135.195.17 - - [04/Mar/2025:07:27:23 +0100] "GET /Jurek/eurofirany/images/463394/2.jpg HTTP/1.1" 200 168277 "http://www.ebay.com/" "Mozilla/4.0 (compatible; MSIE 4.01; Windows NT)"
66.135.195.16 - - [04/Mar/2025:07:27:23 +0100] "GET /Jurek/eurofirany/images/463394/5.jpg HTTP/1.1" 200 149194 "http://www.ebay.com/" "Mozilla/4.0 (compatible; MSIE 4.01; Windows NT)"
66.135.195.17 - - [04/Mar/2025:07:27:23 +0100] "GET /Jurek/eurofirany/images/463394/6.jpg HTTP/1.1" 200 165862 "http://www.ebay.com/" "Mozilla/4.0 (compatible; MSIE 4.01; Windows NT)"
66.135.195.20 - - [04/Mar/2025:07:27:23 +0100] "GET /Jurek/eurofirany/images/463394/4.jpg HTTP/1.1" 200 194755 "http://www.ebay.com/" "Mozilla/4.0 (compatible; MSIE 4.01; Windows NT)"
34.72.247.156 - - [04/Mar/2025:07:27:24 +0100] "GET /Jurek/eurofirany/images/452588/4.jpg HTTP/1.1" 200 82510 "-" "Mozilla/5.0 (X11; Linux x86_64) AppleWebKit/537.36 (KHTML, like Gecko) Chrome/110.0.0.0 Safari/537.36"
66.135.202.73 - - [04/Mar/2025:07:27:25 +0100] "GET /Jurek/eurofirany/images/452586/0.jpg HTTP/1.1" 200 69863 "http://www.ebay.com/" "Mozilla/4.0 (compatible; MSIE 4.01; Windows NT)"
66.135.202.74 - - [04/Mar/2025:07:27:25 +0100] "GET /Jurek/eurofirany/images/452586/1.jpg HTTP/1.1" 200 98296 "http://www.ebay.com/" "Mozilla/4.0 (compatible; MSIE 4.01; Windows NT)"
66.135.202.75 - - [04/Mar/2025:07:27:25 +0100] "GET /Jurek/eurofirany/images/452586/2.jpg HTTP/1.1" 200 95427 "http://www.ebay.com/" "Mozilla/4.0 (compatible; MSIE 4.01; Windows NT)"
34.72.247.156 - - [04/Mar/2025:07:27:25 +0100] "GET /Jurek/eurofirany/images/452588/5.jpg HTTP/1.1" 200 50943 "-" "Mozilla/5.0 (X11; Linux x86_64) AppleWebKit/537.36 (KHTML, like Gecko) Chrome/110.0.0.0 Safari/537.36"
66.135.202.71 - - [04/Mar/2025:07:27:26 +0100] "GET /Jurek/eurofirany/images/388552/2.jpg HTTP/1.1" 200 97383 "http://www.ebay.com/" "Mozilla/4.0 (compatible; MSIE 4.01; Windows NT)"
66.135.202.72 - - [04/Mar/2025:07:27:26 +0100] "GET /Jurek/eurofirany/images/388552/3.jpg HTTP/1.1" 200 100018 "http://www.ebay.com/" "Mozilla/4.0 (compatible; MSIE 4.01; Windows NT)"
66.135.202.73 - - [04/Mar/2025:07:27:26 +0100] "GET /Jurek/eurofirany/images/388552/4.jpg HTTP/1.1" 200 109397 "http://www.ebay.com/" "Mozilla/4.0 (compatible; MSIE 4.01; Windows NT)"
66.135.202.72 - - [04/Mar/2025:07:27:26 +0100] "GET /Jurek/eurofirany/images/388552/1.jpg HTTP/1.1" 200 86305 "http://www.ebay.com/" "Mozilla/4.0 (compatible; MSIE 4.01; Windows NT)"
66.135.202.71 - - [04/Mar/2025:07:27:26 +0100] "GET /Jurek/eurofirany/images/388552/0.jpg HTTP/1.1" 200 105287 "http://www.ebay.com/" "Mozilla/4.0 (compatible; MSIE 4.01; Windows NT)"
66.135.202.73 - - [04/Mar/2025:07:27:26 +0100] "GET /Jurek/eurofirany/images/388552/5.jpg HTTP/1.1" 200 111127 "http://www.ebay.com/" "Mozilla/4.0 (compatible; MSIE 4.01; Windows NT)"
66.135.202.73 - - [04/Mar/2025:07:27:26 +0100] "GET /Jurek/eurofirany/images/388552/6.jpg HTTP/1.1" 200 123887 "http://www.ebay.com/" "Mozilla/4.0 (compatible; MSIE 4.01; Windows NT)"
34.133.239.145 - - [04/Mar/2025:07:27:26 +0100] "GET /Jurek/eurofirany/images/432722/1.jpg HTTP/1.1" 200 65347 "-" "Mozilla/5.0 (X11; Linux x86_64) AppleWebKit/537.36 (KHTML, like Gecko) Chrome/110.0.0.0 Safari/537.36"
34.72.247.156 - - [04/Mar/2025:07:27:27 +0100] "GET /Jurek/eurofirany/images/452588/6.jpg HTTP/1.1" 200 106596 "-" "Mozilla/5.0 (X11; Linux x86_64) AppleWebKit/537.36 (KHTML, like Gecko) Chrome/110.0.0.0 Safari/537.36"
66.135.195.18 - - [04/Mar/2025:07:27:27 +0100] "GET /Jurek/eurofirany/images/432719/0.jpg HTTP/1.1" 200 39850 "http://www.ebay.com/" "Mozilla/4.0 (compatible; MSIE 4.01; Windows NT)"
66.135.195.19 - - [04/Mar/2025:07:27:27 +0100] "GET /Jurek/eurofirany/images/432719/2.jpg HTTP/1.1" 200 57272 "http://www.ebay.com/" "Mozilla/4.0 (compatible; MSIE 4.01; Windows NT)"
66.135.195.16 - - [04/Mar/2025:07:27:27 +0100] "GET /Jurek/eurofirany/images/432719/1.jpg HTTP/1.1" 200 63680 "http://www.ebay.com/" "Mozilla/4.0 (compatible; MSIE 4.01; Windows NT)"
66.135.195.16 - - [04/Mar/2025:07:27:27 +0100] "GET /Jurek/eurofirany/images/432719/3.jpg HTTP/1.1" 200 46964 "http://www.ebay.com/" "Mozilla/4.0 (compatible; MSIE 4.01; Windows NT)"
66.135.195.17 - - [04/Mar/2025:07:27:27 +0100] "GET /Jurek/eurofirany/images/432719/6.jpg HTTP/1.1" 200 113934 "http://www.ebay.com/" "Mozilla/4.0 (compatible; MSIE 4.01; Windows NT)"
34.133.239.145 - - [04/Mar/2025:07:27:27 +0100] "GET /Jurek/eurofirany/images/432719/6.jpg HTTP/1.1" 200 113934 "-" "Mozilla/5.0 (X11; Linux x86_64) AppleWebKit/537.36 (KHTML, like Gecko) Chrome/110.0.0.0 Safari/537.36"
34.72.247.156 - - [04/Mar/2025:07:27:27 +0100] "GET /Jurek/eurofirany/images/432722/2.jpg HTTP/1.1" 200 55099 "-" "Mozilla/5.0 (X11; Linux x86_64) AppleWebKit/537.36 (KHTML, like Gecko) Chrome/110.0.0.0 Safari/537.36"
66.135.195.18 - - [04/Mar/2025:07:27:27 +0100] "GET /Jurek/eurofirany/images/432719/4.jpg HTTP/1.1" 200 165305 "http://www.ebay.com/" "Mozilla/4.0 (compatible; MSIE 4.01; Windows NT)"
66.135.195.20 - - [04/Mar/2025:07:27:28 +0100] "GET /Jurek/eurofirany/images/432719/5.jpg HTTP/1.1" 200 211579 "http://www.ebay.com/" "Mozilla/4.0 (compatible; MSIE 4.01; Windows NT)"
34.133.239.145 - - [04/Mar/2025:07:27:28 +0100] "GET /Jurek/eurofirany/images/432722/3.jpg HTTP/1.1" 200 50978 "-" "Mozilla/5.0 (X11; Linux x86_64) AppleWebKit/537.36 (KHTML, like Gecko) Chrome/110.0.0.0 Safari/537.36"
34.133.239.145 - - [04/Mar/2025:07:27:28 +0100] "GET /Jurek/eurofirany/images/432719/1.jpg HTTP/1.1" 200 63680 "-" "Mozilla/5.0 (X11; Linux x86_64) AppleWebKit/537.36 (KHTML, like Gecko) Chrome/110.0.0.0 Safari/537.36"
66.135.195.17 - - [04/Mar/2025:07:27:29 +0100] "GET /Jurek/eurofirany/images/428401/0.jpg HTTP/1.1" 200 113267 "-" "Java/17.0.12.0.101"
66.135.195.20 - - [04/Mar/2025:07:27:29 +0100] "GET /Jurek/eurofirany/images/401270/0.jpg HTTP/1.1" 200 199777 "-" "Java/17.0.12.0.101"
34.72.247.156 - - [04/Mar/2025:07:27:29 +0100] "GET /Jurek/eurofirany/images/432722/4.jpg HTTP/1.1" 200 162569 "-" "Mozilla/5.0 (X11; Linux x86_64) AppleWebKit/537.36 (KHTML, like Gecko) Chrome/110.0.0.0 Safari/537.36"
34.133.239.145 - - [04/Mar/2025:07:27:30 +0100] "GET /Jurek/eurofirany/images/432719/2.jpg HTTP/1.1" 200 57272 "-" "Mozilla/5.0 (X11; Linux x86_64) AppleWebKit/537.36 (KHTML, like Gecko) Chrome/110.0.0.0 Safari/537.36"
66.135.202.74 - - [04/Mar/2025:07:27:30 +0100] "GET /Jurek/eurofirany/images/370756/0.jpg HTTP/1.1" 200 70525 "http://www.ebay.com/" "Mozilla/4.0 (compatible; MSIE 4.01; Windows NT)"
66.135.202.75 - - [04/Mar/2025:07:27:30 +0100] "GET /Jurek/eurofirany/images/370756/1.jpg HTTP/1.1" 200 63942 "http://www.ebay.com/" "Mozilla/4.0 (compatible; MSIE 4.01; Windows NT)"
66.135.202.71 - - [04/Mar/2025:07:27:30 +0100] "GET /Jurek/eurofirany/images/370756/2.jpg HTTP/1.1" 200 38269 "http://www.ebay.com/" "Mozilla/4.0 (compatible; MSIE 4.01; Windows NT)"
66.135.202.72 - - [04/Mar/2025:07:27:30 +0100] "GET /Jurek/eurofirany/images/370756/3.jpg HTTP/1.1" 200 63131 "http://www.ebay.com/" "Mozilla/4.0 (compatible; MSIE 4.01; Windows NT)"
66.135.202.74 - - [04/Mar/2025:07:27:30 +0100] "GET /Jurek/eurofirany/images/370756/5.jpg HTTP/1.1" 200 76831 "http://www.ebay.com/" "Mozilla/4.0 (compatible; MSIE 4.01; Windows NT)"
66.135.202.75 - - [04/Mar/2025:07:27:30 +0100] "GET /Jurek/eurofirany/images/370756/6.jpg HTTP/1.1" 200 45519 "http://www.ebay.com/" "Mozilla/4.0 (compatible; MSIE 4.01; Windows NT)"
66.135.202.73 - - [04/Mar/2025:07:27:30 +0100] "GET /Jurek/eurofirany/images/370756/9.jpg HTTP/1.1" 200 68666 "http://www.ebay.com/" "Mozilla/4.0 (compatible; MSIE 4.01; Windows NT)"
66.135.202.71 - - [04/Mar/2025:07:27:30 +0100] "GET /Jurek/eurofirany/images/370756/8.jpg HTTP/1.1" 200 63374 "http://www.ebay.com/" "Mozilla/4.0 (compatible; MSIE 4.01; Windows NT)"
34.133.239.145 - - [04/Mar/2025:07:27:30 +0100] "GET /Jurek/eurofirany/images/432726/1.jpg HTTP/1.1" 200 65347 "-" "Mozilla/5.0 (X11; Linux x86_64) AppleWebKit/537.36 (KHTML, like Gecko) Chrome/110.0.0.0 Safari/537.36"
46.101.116.244 - - [04/Mar/2025:07:27:30 +0100] "GET /Jurek/vivaldi/feeds/vivaldi_Mall-sl.xml HTTP/2.0" 200 344588 "-" "-"
66.135.202.71 - - [04/Mar/2025:07:27:30 +0100] "GET /Jurek/eurofirany/images/370756/10.jpg HTTP/1.1" 200 145762 "http://www.ebay.com/" "Mozilla/4.0 (compatible; MSIE 4.01; Windows NT)"
66.135.195.19 - - [04/Mar/2025:07:27:30 +0100] "GET /Jurek/eurofirany/images/386608/0.jpg HTTP/1.1" 200 61738 "http://www.ebay.com/" "Mozilla/4.0 (compatible; MSIE 4.01; Windows NT)"
66.135.202.73 - - [04/Mar/2025:07:27:30 +0100] "GET /Jurek/eurofirany/images/370756/4.jpg HTTP/1.1" 200 173257 "http://www.ebay.com/" "Mozilla/4.0 (compatible; MSIE 4.01; Windows NT)"
66.135.195.20 - - [04/Mar/2025:07:27:30 +0100] "GET /Jurek/eurofirany/images/386608/1.jpg HTTP/1.1" 200 72277 "http://www.ebay.com/" "Mozilla/4.0 (compatible; MSIE 4.01; Windows NT)"
66.135.202.75 - - [04/Mar/2025:07:27:30 +0100] "GET /Jurek/eurofirany/images/370756/7.jpg HTTP/1.1" 200 185695 "http://www.ebay.com/" "Mozilla/4.0 (compatible; MSIE 4.01; Windows NT)"
34.133.239.145 - - [04/Mar/2025:07:27:30 +0100] "GET /Jurek/eurofirany/images/432719/3.jpg HTTP/1.1" 200 46964 "-" "Mozilla/5.0 (X11; Linux x86_64) AppleWebKit/537.36 (KHTML, like Gecko) Chrome/110.0.0.0 Safari/537.36"
66.135.195.16 - - [04/Mar/2025:07:27:30 +0100] "GET /Jurek/eurofirany/images/386608/3.jpg HTTP/1.1" 200 76699 "http://www.ebay.com/" "Mozilla/4.0 (compatible; MSIE 4.01; Windows NT)"
66.135.195.17 - - [04/Mar/2025:07:27:30 +0100] "GET /Jurek/eurofirany/images/386608/2.jpg HTTP/1.1" 200 52995 "http://www.ebay.com/" "Mozilla/4.0 (compatible; MSIE 4.01; Windows NT)"
66.135.195.17 - - [04/Mar/2025:07:27:30 +0100] "GET /Jurek/eurofirany/images/386608/5.jpg HTTP/1.1" 200 118073 "http://www.ebay.com/" "Mozilla/4.0 (compatible; MSIE 4.01; Windows NT)"
34.72.247.156 - - [04/Mar/2025:07:27:31 +0100] "GET /Jurek/eurofirany/images/452588/7.jpg HTTP/1.1" 200 106596 "-" "Mozilla/5.0 (X11; Linux x86_64) AppleWebKit/537.36 (KHTML, like Gecko) Chrome/110.0.0.0 Safari/537.36"
66.135.195.17 - - [04/Mar/2025:07:27:31 +0100] "GET /Jurek/eurofirany/images/386608/6.jpg HTTP/1.1" 200 155379 "http://www.ebay.com/" "Mozilla/4.0 (compatible; MSIE 4.01; Windows NT)"
66.135.195.17 - - [04/Mar/2025:07:27:31 +0100] "GET /Jurek/eurofirany/images/386608/4.jpg HTTP/1.1" 200 174819 "http://www.ebay.com/" "Mozilla/4.0 (compatible; MSIE 4.01; Windows NT)"
34.72.247.156 - - [04/Mar/2025:07:27:31 +0100] "GET /Jurek/eurofirany/images/432722/5.jpg HTTP/1.1" 200 198387 "-" "Mozilla/5.0 (X11; Linux x86_64) AppleWebKit/537.36 (KHTML, like Gecko) Chrome/110.0.0.0 Safari/537.36"
34.72.247.156 - - [04/Mar/2025:07:27:31 +0100] "GET /Jurek/eurofirany/images/432719/4.jpg HTTP/1.1" 200 165305 "-" "Mozilla/5.0 (X11; Linux x86_64) AppleWebKit/537.36 (KHTML, like Gecko) Chrome/110.0.0.0 Safari/537.36"
34.72.247.156 - - [04/Mar/2025:07:27:32 +0100] "GET /Jurek/eurofirany/images/432726/2.jpg HTTP/1.1" 200 55099 "-" "Mozilla/5.0 (X11; Linux x86_64) AppleWebKit/537.36 (KHTML, like Gecko) Chrome/110.0.0.0 Safari/537.36"
34.72.247.156 - - [04/Mar/2025:07:27:32 +0100] "GET /Jurek/eurofirany/images/452588/1.jpg HTTP/1.1" 200 53179 "-" "Mozilla/5.0 (X11; Linux x86_64) AppleWebKit/537.36 (KHTML, like Gecko) Chrome/110.0.0.0 Safari/537.36"
34.72.247.156 - - [04/Mar/2025:07:27:32 +0100] "GET /Jurek/eurofirany/images/432722/6.jpg HTTP/1.1" 200 110672 "-" "Mozilla/5.0 (X11; Linux x86_64) AppleWebKit/537.36 (KHTML, like Gecko) Chrome/110.0.0.0 Safari/537.36"
34.72.247.156 - - [04/Mar/2025:07:27:32 +0100] "GET /Jurek/eurofirany/images/452588/2.jpg HTTP/1.1" 200 42720 "-" "Mozilla/5.0 (X11; Linux x86_64) AppleWebKit/537.36 (KHTML, like Gecko) Chrome/110.0.0.0 Safari/537.36"
66.135.195.17 - - [04/Mar/2025:07:27:32 +0100] "GET /Jurek/eurofirany/images/382444/0.jpg HTTP/1.1" 200 16503 "http://www.ebay.com/" "Mozilla/4.0 (compatible; MSIE 4.01; Windows NT)"
66.135.195.17 - - [04/Mar/2025:07:27:32 +0100] "GET /Jurek/eurofirany/images/382444/5.jpg HTTP/1.1" 200 16503 "http://www.ebay.com/" "Mozilla/4.0 (compatible; MSIE 4.01; Windows NT)"
66.135.195.18 - - [04/Mar/2025:07:27:32 +0100] "GET /Jurek/eurofirany/images/382444/4.jpg HTTP/1.1" 200 16503 "http://www.ebay.com/" "Mozilla/4.0 (compatible; MSIE 4.01; Windows NT)"
66.135.195.17 - - [04/Mar/2025:07:27:32 +0100] "GET /Jurek/eurofirany/images/382444/2.jpg HTTP/1.1" 200 16503 "http://www.ebay.com/" "Mozilla/4.0 (compatible; MSIE 4.01; Windows NT)"
66.135.195.20 - - [04/Mar/2025:07:27:32 +0100] "GET /Jurek/eurofirany/images/382444/7.jpg HTTP/1.1" 200 16503 "http://www.ebay.com/" "Mozilla/4.0 (compatible; MSIE 4.01; Windows NT)"
66.135.195.19 - - [04/Mar/2025:07:27:32 +0100] "GET /Jurek/eurofirany/images/382444/6.jpg HTTP/1.1" 200 16503 "http://www.ebay.com/" "Mozilla/4.0 (compatible; MSIE 4.01; Windows NT)"
66.135.195.19 - - [04/Mar/2025:07:27:32 +0100] "GET /Jurek/eurofirany/images/382444/3.jpg HTTP/1.1" 200 16503 "http://www.ebay.com/" "Mozilla/4.0 (compatible; MSIE 4.01; Windows NT)"
66.135.195.19 - - [04/Mar/2025:07:27:32 +0100] "GET /Jurek/eurofirany/images/382444/1.jpg HTTP/1.1" 200 87177 "http://www.ebay.com/" "Mozilla/4.0 (compatible; MSIE 4.01; Windows NT)"
34.133.239.145 - - [04/Mar/2025:07:27:32 +0100] "GET /Jurek/eurofirany/images/432722/0.jpg HTTP/1.1" 200 40163 "-" "Mozilla/5.0 (X11; Linux x86_64) AppleWebKit/537.36 (KHTML, like Gecko) Chrome/110.0.0.0 Safari/537.36"
66.135.195.17 - - [04/Mar/2025:07:27:32 +0100] "GET /Jurek/eurofirany/images/387973/3.jpg HTTP/1.1" 200 68695 "http://www.ebay.com/" "Mozilla/4.0 (compatible; MSIE 4.01; Windows NT)"
66.135.195.17 - - [04/Mar/2025:07:27:32 +0100] "GET /Jurek/eurofirany/images/387973/4.jpg HTTP/1.1" 200 90692 "http://www.ebay.com/" "Mozilla/4.0 (compatible; MSIE 4.01; Windows NT)"
66.135.195.18 - - [04/Mar/2025:07:27:32 +0100] "GET /Jurek/eurofirany/images/387973/5.jpg HTTP/1.1" 200 79710 "http://www.ebay.com/" "Mozilla/4.0 (compatible; MSIE 4.01; Windows NT)"
66.135.195.20 - - [04/Mar/2025:07:27:32 +0100] "GET /Jurek/eurofirany/images/387973/0.jpg HTTP/1.1" 200 86395 "http://www.ebay.com/" "Mozilla/4.0 (compatible; MSIE 4.01; Windows NT)"
66.135.195.20 - - [04/Mar/2025:07:27:32 +0100] "GET /Jurek/eurofirany/images/387973/1.jpg HTTP/1.1" 200 115306 "http://www.ebay.com/" "Mozilla/4.0 (compatible; MSIE 4.01; Windows NT)"
66.135.195.16 - - [04/Mar/2025:07:27:33 +0100] "GET /Jurek/eurofirany/images/387973/2.jpg HTTP/1.1" 200 78754 "http://www.ebay.com/" "Mozilla/4.0 (compatible; MSIE 4.01; Windows NT)"
34.72.247.156 - - [04/Mar/2025:07:27:33 +0100] "GET /Jurek/eurofirany/images/432726/3.jpg HTTP/1.1" 200 50978 "-" "Mozilla/5.0 (X11; Linux x86_64) AppleWebKit/537.36 (KHTML, like Gecko) Chrome/110.0.0.0 Safari/537.36"
34.72.247.156 - - [04/Mar/2025:07:27:33 +0100] "GET /Jurek/eurofirany/images/432719/5.jpg HTTP/1.1" 200 211579 "-" "Mozilla/5.0 (X11; Linux x86_64) AppleWebKit/537.36 (KHTML, like Gecko) Chrome/110.0.0.0 Safari/537.36"
34.72.247.156 - - [04/Mar/2025:07:27:33 +0100] "GET /Jurek/eurofirany/images/432726/4.jpg HTTP/1.1" 200 162569 "-" "Mozilla/5.0 (X11; Linux x86_64) AppleWebKit/537.36 (KHTML, like Gecko) Chrome/110.0.0.0 Safari/537.36"
34.72.247.156 - - [04/Mar/2025:07:27:34 +0100] "GET /Jurek/eurofirany/images/452603/7.jpg HTTP/1.1" 200 189869 "-" "Mozilla/5.0 (X11; Linux x86_64) AppleWebKit/537.36 (KHTML, like Gecko) Chrome/110.0.0.0 Safari/537.36"
34.72.247.156 - - [04/Mar/2025:07:27:34 +0100] "GET /Jurek/eurofirany/images/432726/5.jpg HTTP/1.1" 200 198387 "-" "Mozilla/5.0 (X11; Linux x86_64) AppleWebKit/537.36 (KHTML, like Gecko) Chrome/110.0.0.0 Safari/537.36"
34.72.247.156 - - [04/Mar/2025:07:27:34 +0100] "GET /Jurek/eurofirany/images/432719/0.jpg HTTP/1.1" 200 39850 "-" "Mozilla/5.0 (X11; Linux x86_64) AppleWebKit/537.36 (KHTML, like Gecko) Chrome/110.0.0.0 Safari/537.36"
34.72.247.156 - - [04/Mar/2025:07:27:35 +0100] "GET /Jurek/eurofirany/images/452603/1.jpg HTTP/1.1" 200 93554 "-" "Mozilla/5.0 (X11; Linux x86_64) AppleWebKit/537.36 (KHTML, like Gecko) Chrome/110.0.0.0 Safari/537.36"
34.72.247.156 - - [04/Mar/2025:07:27:35 +0100] "GET /Jurek/eurofirany/images/432726/6.jpg HTTP/1.1" 200 110672 "-" "Mozilla/5.0 (X11; Linux x86_64) AppleWebKit/537.36 (KHTML, like Gecko) Chrome/110.0.0.0 Safari/537.36"
34.72.247.156 - - [04/Mar/2025:07:27:35 +0100] "GET /Jurek/eurofirany/images/452603/2.jpg HTTP/1.1" 200 77254 "-" "Mozilla/5.0 (X11; Linux x86_64) AppleWebKit/537.36 (KHTML, like Gecko) Chrome/110.0.0.0 Safari/537.36"
34.72.247.156 - - [04/Mar/2025:07:27:35 +0100] "GET /Jurek/eurofirany/images/432726/0.jpg HTTP/1.1" 200 40163 "-" "Mozilla/5.0 (X11; Linux x86_64) AppleWebKit/537.36 (KHTML, like Gecko) Chrome/110.0.0.0 Safari/537.36"
34.72.247.156 - - [04/Mar/2025:07:27:36 +0100] "GET /Jurek/eurofirany/images/452603/3.jpg HTTP/1.1" 200 274744 "-" "Mozilla/5.0 (X11; Linux x86_64) AppleWebKit/537.36 (KHTML, like Gecko) Chrome/110.0.0.0 Safari/537.36"
34.133.239.145 - - [04/Mar/2025:07:27:36 +0100] "GET /Jurek/eurofirany/images/452602/4.jpg HTTP/1.1" 200 92691 "-" "Mozilla/5.0 (X11; Linux x86_64) AppleWebKit/537.36 (KHTML, like Gecko) Chrome/110.0.0.0 Safari/537.36"
34.72.247.156 - - [04/Mar/2025:07:27:36 +0100] "GET /Jurek/eurofirany/images/452588/3.jpg HTTP/1.1" 200 113335 "-" "Mozilla/5.0 (X11; Linux x86_64) AppleWebKit/537.36 (KHTML, like Gecko) Chrome/110.0.0.0 Safari/537.36"
34.72.247.156 - - [04/Mar/2025:07:27:37 +0100] "GET /Jurek/eurofirany/images/452603/4.jpg HTTP/1.1" 200 92691 "-" "Mozilla/5.0 (X11; Linux x86_64) AppleWebKit/537.36 (KHTML, like Gecko) Chrome/110.0.0.0 Safari/537.36"
34.72.247.156 - - [04/Mar/2025:07:27:37 +0100] "GET /Jurek/eurofirany/images/452601/1.jpg HTTP/1.1" 200 82219 "-" "Mozilla/5.0 (X11; Linux x86_64) AppleWebKit/537.36 (KHTML, like Gecko) Chrome/110.0.0.0 Safari/537.36"
34.72.247.156 - - [04/Mar/2025:07:27:37 +0100] "GET /Jurek/eurofirany/images/452588/0.jpg HTTP/1.1" 200 60482 "-" "Mozilla/5.0 (X11; Linux x86_64) AppleWebKit/537.36 (KHTML, like Gecko) Chrome/110.0.0.0 Safari/537.36"
34.72.247.156 - - [04/Mar/2025:07:27:37 +0100] "GET /Jurek/eurofirany/images/452603/5.jpg HTTP/1.1" 200 65133 "-" "Mozilla/5.0 (X11; Linux x86_64) AppleWebKit/537.36 (KHTML, like Gecko) Chrome/110.0.0.0 Safari/537.36"
34.133.239.145 - - [04/Mar/2025:07:27:37 +0100] "GET /Jurek/eurofirany/images/452602/5.jpg HTTP/1.1" 200 65133 "-" "Mozilla/5.0 (X11; Linux x86_64) AppleWebKit/537.36 (KHTML, like Gecko) Chrome/110.0.0.0 Safari/537.36"
34.72.247.156 - - [04/Mar/2025:07:27:38 +0100] "GET /Jurek/eurofirany/images/452601/2.jpg HTTP/1.1" 200 65143 "-" "Mozilla/5.0 (X11; Linux x86_64) AppleWebKit/537.36 (KHTML, like Gecko) Chrome/110.0.0.0 Safari/537.36"
34.72.247.156 - - [04/Mar/2025:07:27:38 +0100] "GET /Jurek/eurofirany/images/452601/3.jpg HTTP/1.1" 200 183060 "-" "Mozilla/5.0 (X11; Linux x86_64) AppleWebKit/537.36 (KHTML, like Gecko) Chrome/110.0.0.0 Safari/537.36"
34.72.247.156 - - [04/Mar/2025:07:27:38 +0100] "GET /Jurek/eurofirany/images/452603/6.jpg HTTP/1.1" 200 189869 "-" "Mozilla/5.0 (X11; Linux x86_64) AppleWebKit/537.36 (KHTML, like Gecko) Chrome/110.0.0.0 Safari/537.36"
34.72.247.156 - - [04/Mar/2025:07:27:38 +0100] "GET /Jurek/eurofirany/images/452601/4.jpg HTTP/1.1" 200 104528 "-" "Mozilla/5.0 (X11; Linux x86_64) AppleWebKit/537.36 (KHTML, like Gecko) Chrome/110.0.0.0 Safari/537.36"
66.135.195.19 - - [04/Mar/2025:07:27:38 +0100] "GET /Jurek/eurofirany/images/382871/2.jpg HTTP/1.1" 200 54824 "http://www.ebay.com/" "Mozilla/4.0 (compatible; MSIE 4.01; Windows NT)"
66.135.195.20 - - [04/Mar/2025:07:27:38 +0100] "GET /Jurek/eurofirany/images/382871/1.jpg HTTP/1.1" 200 107046 "http://www.ebay.com/" "Mozilla/4.0 (compatible; MSIE 4.01; Windows NT)"
66.135.195.19 - - [04/Mar/2025:07:27:38 +0100] "GET /Jurek/eurofirany/images/382871/3.jpg HTTP/1.1" 200 127140 "http://www.ebay.com/" "Mozilla/4.0 (compatible; MSIE 4.01; Windows NT)"
66.135.195.16 - - [04/Mar/2025:07:27:38 +0100] "GET /Jurek/eurofirany/images/382871/0.jpg HTTP/1.1" 200 103485 "http://www.ebay.com/" "Mozilla/4.0 (compatible; MSIE 4.01; Windows NT)"
66.135.195.18 - - [04/Mar/2025:07:27:38 +0100] "GET /Jurek/eurofirany/images/382871/6.jpg HTTP/1.1" 200 122796 "http://www.ebay.com/" "Mozilla/4.0 (compatible; MSIE 4.01; Windows NT)"
66.135.195.20 - - [04/Mar/2025:07:27:39 +0100] "GET /Jurek/eurofirany/images/382871/5.jpg HTTP/1.1" 200 147100 "http://www.ebay.com/" "Mozilla/4.0 (compatible; MSIE 4.01; Windows NT)"
34.133.239.145 - - [04/Mar/2025:07:27:39 +0100] "GET /Jurek/eurofirany/images/452602/6.jpg HTTP/1.1" 200 189869 "-" "Mozilla/5.0 (X11; Linux x86_64) AppleWebKit/537.36 (KHTML, like Gecko) Chrome/110.0.0.0 Safari/537.36"
66.135.195.20 - - [04/Mar/2025:07:27:39 +0100] "GET /Jurek/eurofirany/images/382871/4.jpg HTTP/1.1" 200 187329 "http://www.ebay.com/" "Mozilla/4.0 (compatible; MSIE 4.01; Windows NT)"
34.133.239.145 - - [04/Mar/2025:07:27:39 +0100] "GET /Jurek/eurofirany/images/452601/5.jpg HTTP/1.1" 200 52122 "-" "Mozilla/5.0 (X11; Linux x86_64) AppleWebKit/537.36 (KHTML, like Gecko) Chrome/110.0.0.0 Safari/537.36"
34.133.239.145 - - [04/Mar/2025:07:27:39 +0100] "GET /Jurek/eurofirany/images/452602/7.jpg HTTP/1.1" 200 189869 "-" "Mozilla/5.0 (X11; Linux x86_64) AppleWebKit/537.36 (KHTML, like Gecko) Chrome/110.0.0.0 Safari/537.36"
66.135.195.16 - - [04/Mar/2025:07:27:39 +0100] "GET /Jurek/eurofirany/images/382871/7.jpg HTTP/1.1" 200 227126 "http://www.ebay.com/" "Mozilla/4.0 (compatible; MSIE 4.01; Windows NT)"
66.135.195.18 - - [04/Mar/2025:07:27:39 +0100] "GET /Jurek/eurofirany/images/382871/8.jpg HTTP/1.1" 200 238280 "http://www.ebay.com/" "Mozilla/4.0 (compatible; MSIE 4.01; Windows NT)"
66.135.195.20 - - [04/Mar/2025:07:27:39 +0100] "GET /Jurek/eurofirany/images/382871/9.jpg HTTP/1.1" 200 265424 "http://www.ebay.com/" "Mozilla/4.0 (compatible; MSIE 4.01; Windows NT)"
34.72.247.156 - - [04/Mar/2025:07:27:39 +0100] "GET /Jurek/eurofirany/images/452603/0.jpg HTTP/1.1" 200 72126 "-" "Mozilla/5.0 (X11; Linux x86_64) AppleWebKit/537.36 (KHTML, like Gecko) Chrome/110.0.0.0 Safari/537.36"
34.72.247.156 - - [04/Mar/2025:07:27:40 +0100] "GET /Jurek/eurofirany/images/452601/6.jpg HTTP/1.1" 200 166082 "-" "Mozilla/5.0 (X11; Linux x86_64) AppleWebKit/537.36 (KHTML, like Gecko) Chrome/110.0.0.0 Safari/537.36"
34.133.239.145 - - [04/Mar/2025:07:27:40 +0100] "GET /Jurek/eurofirany/images/452602/1.jpg HTTP/1.1" 200 93554 "-" "Mozilla/5.0 (X11; Linux x86_64) AppleWebKit/537.36 (KHTML, like Gecko) Chrome/110.0.0.0 Safari/537.36"
34.133.239.145 - - [04/Mar/2025:07:27:40 +0100] "GET /Jurek/eurofirany/images/452602/2.jpg HTTP/1.1" 200 77254 "-" "Mozilla/5.0 (X11; Linux x86_64) AppleWebKit/537.36 (KHTML, like Gecko) Chrome/110.0.0.0 Safari/537.36"
46.101.116.244 - - [04/Mar/2025:07:27:41 +0100] "GET /Jurek/eurofirany/feeds/eurofirany_mall_si_shumee.xml HTTP/2.0" 200 18744574 "-" "-"
34.133.239.145 - - [04/Mar/2025:07:27:41 +0100] "GET /Jurek/eurofirany/images/452602/3.jpg HTTP/1.1" 200 274744 "-" "Mozilla/5.0 (X11; Linux x86_64) AppleWebKit/537.36 (KHTML, like Gecko) Chrome/110.0.0.0 Safari/537.36"
34.72.247.156 - - [04/Mar/2025:07:27:41 +0100] "GET /Jurek/eurofirany/images/452601/7.jpg HTTP/1.1" 200 166082 "-" "Mozilla/5.0 (X11; Linux x86_64) AppleWebKit/537.36 (KHTML, like Gecko) Chrome/110.0.0.0 Safari/537.36"
66.135.202.170 - - [04/Mar/2025:07:27:41 +0100] "GET /Jurek/eurofirany/images/428400/0.jpg HTTP/1.1" 200 130506 "-" "Java/17.0.12.0.101"
34.72.247.156 - - [04/Mar/2025:07:27:42 +0100] "GET /Jurek/eurofirany/images/452601/0.jpg HTTP/1.1" 200 74593 "-" "Mozilla/5.0 (X11; Linux x86_64) AppleWebKit/537.36 (KHTML, like Gecko) Chrome/110.0.0.0 Safari/537.36"
34.133.239.145 - - [04/Mar/2025:07:27:42 +0100] "GET /Jurek/eurofirany/images/452602/0.jpg HTTP/1.1" 200 72126 "-" "Mozilla/5.0 (X11; Linux x86_64) AppleWebKit/537.36 (KHTML, like Gecko) Chrome/110.0.0.0 Safari/537.36"
66.135.195.18 - - [04/Mar/2025:07:27:42 +0100] "GET /Jurek/eurofirany/images/333886/0.jpg HTTP/1.1" 200 54893 "http://www.ebay.com/" "Mozilla/4.0 (compatible; MSIE 4.01; Windows NT)"
66.135.195.16 - - [04/Mar/2025:07:27:42 +0100] "GET /Jurek/eurofirany/images/333886/1.jpg HTTP/1.1" 200 55732 "http://www.ebay.com/" "Mozilla/4.0 (compatible; MSIE 4.01; Windows NT)"
66.135.195.18 - - [04/Mar/2025:07:27:42 +0100] "GET /Jurek/eurofirany/images/333886/2.jpg HTTP/1.1" 200 26359 "http://www.ebay.com/" "Mozilla/4.0 (compatible; MSIE 4.01; Windows NT)"
66.135.195.18 - - [04/Mar/2025:07:27:42 +0100] "GET /Jurek/eurofirany/images/333886/3.jpg HTTP/1.1" 200 50905 "http://www.ebay.com/" "Mozilla/4.0 (compatible; MSIE 4.01; Windows NT)"
66.135.195.18 - - [04/Mar/2025:07:27:42 +0100] "GET /Jurek/eurofirany/images/333886/5.jpg HTTP/1.1" 200 44556 "http://www.ebay.com/" "Mozilla/4.0 (compatible; MSIE 4.01; Windows NT)"
66.135.195.17 - - [04/Mar/2025:07:27:43 +0100] "GET /Jurek/eurofirany/images/333886/6.jpg HTTP/1.1" 200 89803 "http://www.ebay.com/" "Mozilla/4.0 (compatible; MSIE 4.01; Windows NT)"
66.135.195.19 - - [04/Mar/2025:07:27:43 +0100] "GET /Jurek/eurofirany/images/333886/4.jpg HTTP/1.1" 200 139282 "http://www.ebay.com/" "Mozilla/4.0 (compatible; MSIE 4.01; Windows NT)"
34.133.239.145 - - [04/Mar/2025:07:27:45 +0100] "GET /Jurek/eurofirany/images/452613/1.jpg HTTP/1.1" 200 98296 "-" "Mozilla/5.0 (X11; Linux x86_64) AppleWebKit/537.36 (KHTML, like Gecko) Chrome/110.0.0.0 Safari/537.36"
34.133.239.145 - - [04/Mar/2025:07:27:47 +0100] "GET /Jurek/eurofirany/images/452613/2.jpg HTTP/1.1" 200 95427 "-" "Mozilla/5.0 (X11; Linux x86_64) AppleWebKit/537.36 (KHTML, like Gecko) Chrome/110.0.0.0 Safari/537.36"
34.72.247.156 - - [04/Mar/2025:07:27:47 +0100] "GET /Jurek/eurofirany/images/452604/1.jpg HTTP/1.1" 200 93554 "-" "Mozilla/5.0 (X11; Linux x86_64) AppleWebKit/537.36 (KHTML, like Gecko) Chrome/110.0.0.0 Safari/537.36"
66.135.195.20 - - [04/Mar/2025:07:27:48 +0100] "GET /Jurek/eurofirany/images/423951/0.jpg HTTP/1.1" 200 0 "-" "Java/17.0.12.0.101"
34.72.247.156 - - [04/Mar/2025:07:27:48 +0100] "GET /Jurek/eurofirany/images/452613/0.jpg HTTP/1.1" 200 113327 "-" "Mozilla/5.0 (X11; Linux x86_64) AppleWebKit/537.36 (KHTML, like Gecko) Chrome/110.0.0.0 Safari/537.36"
34.72.247.156 - - [04/Mar/2025:07:27:49 +0100] "GET /Jurek/eurofirany/images/452604/2.jpg HTTP/1.1" 200 77254 "-" "Mozilla/5.0 (X11; Linux x86_64) AppleWebKit/537.36 (KHTML, like Gecko) Chrome/110.0.0.0 Safari/537.36"
66.135.202.171 - - [04/Mar/2025:07:27:49 +0100] "GET /Jurek/eurofirany/images/432722/3.jpg HTTP/1.1" 200 50978 "http://www.ebay.com/" "Mozilla/4.0 (compatible; MSIE 4.01; Windows NT)"
66.135.202.173 - - [04/Mar/2025:07:27:49 +0100] "GET /Jurek/eurofirany/images/432722/0.jpg HTTP/1.1" 200 40163 "http://www.ebay.com/" "Mozilla/4.0 (compatible; MSIE 4.01; Windows NT)"
66.135.202.169 - - [04/Mar/2025:07:27:49 +0100] "GET /Jurek/eurofirany/images/432722/1.jpg HTTP/1.1" 200 65347 "http://www.ebay.com/" "Mozilla/4.0 (compatible; MSIE 4.01; Windows NT)"
66.135.202.172 - - [04/Mar/2025:07:27:49 +0100] "GET /Jurek/eurofirany/images/432722/2.jpg HTTP/1.1" 200 55099 "http://www.ebay.com/" "Mozilla/4.0 (compatible; MSIE 4.01; Windows NT)"
66.135.202.170 - - [04/Mar/2025:07:27:49 +0100] "GET /Jurek/eurofirany/images/432722/6.jpg HTTP/1.1" 200 110672 "http://www.ebay.com/" "Mozilla/4.0 (compatible; MSIE 4.01; Windows NT)"
66.135.195.17 - - [04/Mar/2025:07:27:49 +0100] "GET /Jurek/eurofirany/images/383719/0.jpg HTTP/1.1" 200 70891 "http://www.ebay.com/" "Mozilla/4.0 (compatible; MSIE 4.01; Windows NT)"
66.135.195.19 - - [04/Mar/2025:07:27:49 +0100] "GET /Jurek/eurofirany/images/383719/6.jpg HTTP/1.1" 200 128125 "http://www.ebay.com/" "Mozilla/4.0 (compatible; MSIE 4.01; Windows NT)"
66.135.195.16 - - [04/Mar/2025:07:27:49 +0100] "GET /Jurek/eurofirany/images/383719/1.jpg HTTP/1.1" 200 124710 "http://www.ebay.com/" "Mozilla/4.0 (compatible; MSIE 4.01; Windows NT)"
66.135.202.173 - - [04/Mar/2025:07:27:49 +0100] "GET /Jurek/eurofirany/images/432722/4.jpg HTTP/1.1" 200 162569 "http://www.ebay.com/" "Mozilla/4.0 (compatible; MSIE 4.01; Windows NT)"
66.135.195.16 - - [04/Mar/2025:07:27:49 +0100] "GET /Jurek/eurofirany/images/383719/9.jpg HTTP/1.1" 200 60139 "http://www.ebay.com/" "Mozilla/4.0 (compatible; MSIE 4.01; Windows NT)"
66.135.195.19 - - [04/Mar/2025:07:27:49 +0100] "GET /Jurek/eurofirany/images/383719/5.jpg HTTP/1.1" 200 144771 "http://www.ebay.com/" "Mozilla/4.0 (compatible; MSIE 4.01; Windows NT)"
66.135.195.18 - - [04/Mar/2025:07:27:49 +0100] "GET /Jurek/eurofirany/images/383719/4.jpg HTTP/1.1" 200 139735 "http://www.ebay.com/" "Mozilla/4.0 (compatible; MSIE 4.01; Windows NT)"
66.135.195.16 - - [04/Mar/2025:07:27:49 +0100] "GET /Jurek/eurofirany/images/383719/10.jpg HTTP/1.1" 200 79454 "http://www.ebay.com/" "Mozilla/4.0 (compatible; MSIE 4.01; Windows NT)"
66.135.202.172 - - [04/Mar/2025:07:27:49 +0100] "GET /Jurek/eurofirany/images/432722/5.jpg HTTP/1.1" 200 198387 "http://www.ebay.com/" "Mozilla/4.0 (compatible; MSIE 4.01; Windows NT)"
66.135.195.18 - - [04/Mar/2025:07:27:50 +0100] "GET /Jurek/eurofirany/images/383719/11.jpg HTTP/1.1" 200 85015 "http://www.ebay.com/" "Mozilla/4.0 (compatible; MSIE 4.01; Windows NT)"
66.135.195.18 - - [04/Mar/2025:07:27:50 +0100] "GET /Jurek/eurofirany/images/383719/2.jpg HTTP/1.1" 200 169434 "http://www.ebay.com/" "Mozilla/4.0 (compatible; MSIE 4.01; Windows NT)"
66.135.195.17 - - [04/Mar/2025:07:27:50 +0100] "GET /Jurek/eurofirany/images/383719/3.jpg HTTP/1.1" 200 168872 "http://www.ebay.com/" "Mozilla/4.0 (compatible; MSIE 4.01; Windows NT)"
34.72.247.156 - - [04/Mar/2025:07:27:50 +0100] "GET /Jurek/eurofirany/images/452610/1.jpg HTTP/1.1" 200 98296 "-" "Mozilla/5.0 (X11; Linux x86_64) AppleWebKit/537.36 (KHTML, like Gecko) Chrome/110.0.0.0 Safari/537.36"
66.135.195.16 - - [04/Mar/2025:07:27:50 +0100] "GET /Jurek/eurofirany/images/383719/8.jpg HTTP/1.1" 200 174584 "http://www.ebay.com/" "Mozilla/4.0 (compatible; MSIE 4.01; Windows NT)"
66.135.195.16 - - [04/Mar/2025:07:27:50 +0100] "GET /Jurek/eurofirany/images/383719/7.jpg HTTP/1.1" 200 178184 "http://www.ebay.com/" "Mozilla/4.0 (compatible; MSIE 4.01; Windows NT)"
34.72.247.156 - - [04/Mar/2025:07:27:50 +0100] "GET /Jurek/eurofirany/images/452604/3.jpg HTTP/1.1" 200 274744 "-" "Mozilla/5.0 (X11; Linux x86_64) AppleWebKit/537.36 (KHTML, like Gecko) Chrome/110.0.0.0 Safari/537.36"
34.72.247.156 - - [04/Mar/2025:07:27:51 +0100] "GET /Jurek/eurofirany/images/452604/4.jpg HTTP/1.1" 200 92691 "-" "Mozilla/5.0 (X11; Linux x86_64) AppleWebKit/537.36 (KHTML, like Gecko) Chrome/110.0.0.0 Safari/537.36"
34.72.247.156 - - [04/Mar/2025:07:27:51 +0100] "GET /Jurek/eurofirany/images/452610/2.jpg HTTP/1.1" 200 95427 "-" "Mozilla/5.0 (X11; Linux x86_64) AppleWebKit/537.36 (KHTML, like Gecko) Chrome/110.0.0.0 Safari/537.36"
34.133.239.145 - - [04/Mar/2025:07:27:51 +0100] "GET /Jurek/eurofirany/images/459050/1.jpg HTTP/1.1" 200 54229 "-" "Mozilla/5.0 (X11; Linux x86_64) AppleWebKit/537.36 (KHTML, like Gecko) Chrome/110.0.0.0 Safari/537.36"
34.72.247.156 - - [04/Mar/2025:07:27:51 +0100] "GET /Jurek/eurofirany/images/452604/5.jpg HTTP/1.1" 200 65133 "-" "Mozilla/5.0 (X11; Linux x86_64) AppleWebKit/537.36 (KHTML, like Gecko) Chrome/110.0.0.0 Safari/537.36"
34.72.247.156 - - [04/Mar/2025:07:27:52 +0100] "GET /Jurek/eurofirany/images/452610/0.jpg HTTP/1.1" 200 102791 "-" "Mozilla/5.0 (X11; Linux x86_64) AppleWebKit/537.36 (KHTML, like Gecko) Chrome/110.0.0.0 Safari/537.36"
34.133.239.145 - - [04/Mar/2025:07:27:52 +0100] "GET /Jurek/eurofirany/images/459050/2.jpg HTTP/1.1" 200 54229 "-" "Mozilla/5.0 (X11; Linux x86_64) AppleWebKit/537.36 (KHTML, like Gecko) Chrome/110.0.0.0 Safari/537.36"
34.133.239.145 - - [04/Mar/2025:07:27:52 +0100] "GET /Jurek/eurofirany/images/459050/0.jpg HTTP/1.1" 200 116004 "-" "Mozilla/5.0 (X11; Linux x86_64) AppleWebKit/537.36 (KHTML, like Gecko) Chrome/110.0.0.0 Safari/537.36"
34.133.239.145 - - [04/Mar/2025:07:27:53 +0100] "GET /Jurek/eurofirany/images/452604/6.jpg HTTP/1.1" 200 189869 "-" "Mozilla/5.0 (X11; Linux x86_64) AppleWebKit/537.36 (KHTML, like Gecko) Chrome/110.0.0.0 Safari/537.36"
34.133.239.145 - - [04/Mar/2025:07:27:53 +0100] "GET /Jurek/eurofirany/images/452612/1.jpg HTTP/1.1" 200 98296 "-" "Mozilla/5.0 (X11; Linux x86_64) AppleWebKit/537.36 (KHTML, like Gecko) Chrome/110.0.0.0 Safari/537.36"
34.133.239.145 - - [04/Mar/2025:07:27:54 +0100] "GET /Jurek/eurofirany/images/452604/7.jpg HTTP/1.1" 200 189869 "-" "Mozilla/5.0 (X11; Linux x86_64) AppleWebKit/537.36 (KHTML, like Gecko) Chrome/110.0.0.0 Safari/537.36"
34.133.239.145 - - [04/Mar/2025:07:27:54 +0100] "GET /Jurek/eurofirany/images/452612/2.jpg HTTP/1.1" 200 95427 "-" "Mozilla/5.0 (X11; Linux x86_64) AppleWebKit/537.36 (KHTML, like Gecko) Chrome/110.0.0.0 Safari/537.36"
34.133.239.145 - - [04/Mar/2025:07:27:54 +0100] "GET /Jurek/eurofirany/images/452604/0.jpg HTTP/1.1" 200 72126 "-" "Mozilla/5.0 (X11; Linux x86_64) AppleWebKit/537.36 (KHTML, like Gecko) Chrome/110.0.0.0 Safari/537.36"
34.133.239.145 - - [04/Mar/2025:07:27:55 +0100] "GET /Jurek/eurofirany/images/452612/0.jpg HTTP/1.1" 200 64770 "-" "Mozilla/5.0 (X11; Linux x86_64) AppleWebKit/537.36 (KHTML, like Gecko) Chrome/110.0.0.0 Safari/537.36"
66.135.202.172 - - [04/Mar/2025:07:27:56 +0100] "GET /Jurek/eurofirany/images/390021/0.jpg HTTP/1.1" 200 77775 "-" "Java/17.0.12.0.101"
66.135.202.173 - - [04/Mar/2025:07:27:56 +0100] "GET /Jurek/eurofirany/images/428402/0.jpg HTTP/1.1" 200 127566 "-" "Java/17.0.12.0.101"
66.135.202.173 - - [04/Mar/2025:07:27:59 +0100] "GET /Jurek/eurofirany/images/463395/1.jpg HTTP/1.1" 200 96655 "http://www.ebay.com/" "Mozilla/4.0 (compatible; MSIE 4.01; Windows NT)"
66.135.202.170 - - [04/Mar/2025:07:27:59 +0100] "GET /Jurek/eurofirany/images/463395/3.jpg HTTP/1.1" 200 127038 "http://www.ebay.com/" "Mozilla/4.0 (compatible; MSIE 4.01; Windows NT)"
66.135.202.169 - - [04/Mar/2025:07:28:00 +0100] "GET /Jurek/eurofirany/images/463395/5.jpg HTTP/1.1" 200 149194 "http://www.ebay.com/" "Mozilla/4.0 (compatible; MSIE 4.01; Windows NT)"
66.135.202.170 - - [04/Mar/2025:07:28:00 +0100] "GET /Jurek/eurofirany/images/463395/2.jpg HTTP/1.1" 200 168277 "http://www.ebay.com/" "Mozilla/4.0 (compatible; MSIE 4.01; Windows NT)"
66.135.202.172 - - [04/Mar/2025:07:28:00 +0100] "GET /Jurek/eurofirany/images/463395/6.jpg HTTP/1.1" 200 165862 "http://www.ebay.com/" "Mozilla/4.0 (compatible; MSIE 4.01; Windows NT)"
66.135.202.170 - - [04/Mar/2025:07:28:00 +0100] "GET /Jurek/eurofirany/images/463395/0.jpg HTTP/1.1" 200 161159 "http://www.ebay.com/" "Mozilla/4.0 (compatible; MSIE 4.01; Windows NT)"
66.135.202.171 - - [04/Mar/2025:07:28:00 +0100] "GET /Jurek/eurofirany/images/463395/4.jpg HTTP/1.1" 200 194755 "http://www.ebay.com/" "Mozilla/4.0 (compatible; MSIE 4.01; Windows NT)"
66.135.195.19 - - [04/Mar/2025:07:28:01 +0100] "GET /Jurek/eurofirany/images/431706/0.jpg HTTP/1.1" 200 119835 "-" "Java/17.0.12.0.101"
66.135.195.19 - - [04/Mar/2025:07:28:02 +0100] "GET /Jurek/eurofirany/images/410691/2.jpg HTTP/1.1" 200 43157 "http://www.ebay.com/" "Mozilla/4.0 (compatible; MSIE 4.01; Windows NT)"
66.135.195.20 - - [04/Mar/2025:07:28:02 +0100] "GET /Jurek/eurofirany/images/410691/1.jpg HTTP/1.1" 200 93465 "http://www.ebay.com/" "Mozilla/4.0 (compatible; MSIE 4.01; Windows NT)"
66.135.195.20 - - [04/Mar/2025:07:28:02 +0100] "GET /Jurek/eurofirany/images/410691/6.jpg HTTP/1.1" 200 103201 "http://www.ebay.com/" "Mozilla/4.0 (compatible; MSIE 4.01; Windows NT)"
66.135.195.20 - - [04/Mar/2025:07:28:02 +0100] "GET /Jurek/eurofirany/images/410691/5.jpg HTTP/1.1" 200 130451 "http://www.ebay.com/" "Mozilla/4.0 (compatible; MSIE 4.01; Windows NT)"
66.135.195.18 - - [04/Mar/2025:07:28:02 +0100] "GET /Jurek/eurofirany/images/410691/7.jpg HTTP/1.1" 200 139692 "http://www.ebay.com/" "Mozilla/4.0 (compatible; MSIE 4.01; Windows NT)"
66.135.195.18 - - [04/Mar/2025:07:28:02 +0100] "GET /Jurek/eurofirany/images/410691/3.jpg HTTP/1.1" 200 89722 "http://www.ebay.com/" "Mozilla/4.0 (compatible; MSIE 4.01; Windows NT)"
66.135.195.19 - - [04/Mar/2025:07:28:02 +0100] "GET /Jurek/eurofirany/images/410691/0.jpg HTTP/1.1" 200 80000 "http://www.ebay.com/" "Mozilla/4.0 (compatible; MSIE 4.01; Windows NT)"
66.135.195.16 - - [04/Mar/2025:07:28:02 +0100] "GET /Jurek/eurofirany/images/410691/4.jpg HTTP/1.1" 200 143316 "http://www.ebay.com/" "Mozilla/4.0 (compatible; MSIE 4.01; Windows NT)"
66.135.195.16 - - [04/Mar/2025:07:28:02 +0100] "GET /Jurek/eurofirany/images/410691/8.jpg HTTP/1.1" 200 144232 "http://www.ebay.com/" "Mozilla/4.0 (compatible; MSIE 4.01; Windows NT)"
85.232.241.194 - - [04/Mar/2025:07:28:02 +0100] "GET /Jurek/aw/feeds/aw_rue.xml HTTP/1.1" 200 90372345 "-" "Python-urllib/3.11"
85.232.241.194 - - [04/Mar/2025:07:28:03 +0100] "GET /Jurek/hurtownia_przemyslowa/feeds/hp_rue.xml HTTP/1.1" 200 49619101 "-" "Python-urllib/3.11"
85.232.241.194 - - [04/Mar/2025:07:28:03 +0100] "GET /Jurek/action/feeds/action_rue.xml HTTP/1.1" 200 55162533 "-" "Python-urllib/3.11"
66.135.202.74 - - [04/Mar/2025:07:28:04 +0100] "GET /Jurek/eurofirany/images/373038/6.jpg HTTP/1.1" 200 76777 "http://www.ebay.com/" "Mozilla/4.0 (compatible; MSIE 4.01; Windows NT)"
66.135.202.73 - - [04/Mar/2025:07:28:04 +0100] "GET /Jurek/eurofirany/images/373038/0.jpg HTTP/1.1" 200 80342 "http://www.ebay.com/" "Mozilla/4.0 (compatible; MSIE 4.01; Windows NT)"
66.135.202.72 - - [04/Mar/2025:07:28:04 +0100] "GET /Jurek/eurofirany/images/373038/1.jpg HTTP/1.1" 200 41112 "http://www.ebay.com/" "Mozilla/4.0 (compatible; MSIE 4.01; Windows NT)"
66.135.202.74 - - [04/Mar/2025:07:28:04 +0100] "GET /Jurek/eurofirany/images/373038/7.jpg HTTP/1.1" 200 87400 "http://www.ebay.com/" "Mozilla/4.0 (compatible; MSIE 4.01; Windows NT)"
66.135.202.72 - - [04/Mar/2025:07:28:04 +0100] "GET /Jurek/eurofirany/images/373038/2.jpg HTTP/1.1" 200 137979 "http://www.ebay.com/" "Mozilla/4.0 (compatible; MSIE 4.01; Windows NT)"
66.135.202.75 - - [04/Mar/2025:07:28:04 +0100] "GET /Jurek/eurofirany/images/373038/5.jpg HTTP/1.1" 200 179982 "http://www.ebay.com/" "Mozilla/4.0 (compatible; MSIE 4.01; Windows NT)"
66.135.202.71 - - [04/Mar/2025:07:28:04 +0100] "GET /Jurek/eurofirany/images/373038/4.jpg HTTP/1.1" 200 184598 "http://www.ebay.com/" "Mozilla/4.0 (compatible; MSIE 4.01; Windows NT)"
66.135.202.71 - - [04/Mar/2025:07:28:05 +0100] "GET /Jurek/eurofirany/images/373038/3.jpg HTTP/1.1" 200 244527 "http://www.ebay.com/" "Mozilla/4.0 (compatible; MSIE 4.01; Windows NT)"
66.135.202.172 - - [04/Mar/2025:07:28:05 +0100] "GET /Jurek/eurofirany/images/432976/0.jpg HTTP/1.1" 200 26287 "-" "Java/17.0.12.0.101"
66.135.202.171 - - [04/Mar/2025:07:28:05 +0100] "GET /Jurek/eurofirany/images/463403/3.jpg HTTP/1.1" 200 102411 "http://www.ebay.com/" "Mozilla/4.0 (compatible; MSIE 4.01; Windows NT)"
66.135.202.170 - - [04/Mar/2025:07:28:05 +0100] "GET /Jurek/eurofirany/images/463403/1.jpg HTTP/1.1" 200 91941 "http://www.ebay.com/" "Mozilla/4.0 (compatible; MSIE 4.01; Windows NT)"
66.135.202.171 - - [04/Mar/2025:07:28:05 +0100] "GET /Jurek/eurofirany/images/463403/5.jpg HTTP/1.1" 200 130454 "http://www.ebay.com/" "Mozilla/4.0 (compatible; MSIE 4.01; Windows NT)"
66.135.202.169 - - [04/Mar/2025:07:28:05 +0100] "GET /Jurek/eurofirany/images/463403/6.jpg HTTP/1.1" 200 110914 "http://www.ebay.com/" "Mozilla/4.0 (compatible; MSIE 4.01; Windows NT)"
66.135.202.170 - - [04/Mar/2025:07:28:05 +0100] "GET /Jurek/eurofirany/images/463403/2.jpg HTTP/1.1" 200 138611 "http://www.ebay.com/" "Mozilla/4.0 (compatible; MSIE 4.01; Windows NT)"
66.135.202.172 - - [04/Mar/2025:07:28:05 +0100] "GET /Jurek/eurofirany/images/463403/0.jpg HTTP/1.1" 200 142077 "http://www.ebay.com/" "Mozilla/4.0 (compatible; MSIE 4.01; Windows NT)"
66.135.202.170 - - [04/Mar/2025:07:28:05 +0100] "GET /Jurek/eurofirany/images/463403/4.jpg HTTP/1.1" 200 143221 "http://www.ebay.com/" "Mozilla/4.0 (compatible; MSIE 4.01; Windows NT)"
66.135.195.16 - - [04/Mar/2025:07:28:07 +0100] "GET /Jurek/eurofirany/images/419734/0.jpg HTTP/1.1" 200 86292 "http://www.ebay.com/" "Mozilla/4.0 (compatible; MSIE 4.01; Windows NT)"
66.135.195.20 - - [04/Mar/2025:07:28:07 +0100] "GET /Jurek/eurofirany/images/419734/3.jpg HTTP/1.1" 200 70679 "http://www.ebay.com/" "Mozilla/4.0 (compatible; MSIE 4.01; Windows NT)"
66.135.195.18 - - [04/Mar/2025:07:28:07 +0100] "GET /Jurek/eurofirany/images/419734/1.jpg HTTP/1.1" 200 99797 "http://www.ebay.com/" "Mozilla/4.0 (compatible; MSIE 4.01; Windows NT)"
66.135.195.20 - - [04/Mar/2025:07:28:07 +0100] "GET /Jurek/eurofirany/images/419734/6.jpg HTTP/1.1" 200 111827 "http://www.ebay.com/" "Mozilla/4.0 (compatible; MSIE 4.01; Windows NT)"
66.135.195.16 - - [04/Mar/2025:07:28:07 +0100] "GET /Jurek/eurofirany/images/419734/2.jpg HTTP/1.1" 200 39980 "http://www.ebay.com/" "Mozilla/4.0 (compatible; MSIE 4.01; Windows NT)"
66.135.195.20 - - [04/Mar/2025:07:28:07 +0100] "GET /Jurek/eurofirany/images/419734/4.jpg HTTP/1.1" 200 173190 "http://www.ebay.com/" "Mozilla/4.0 (compatible; MSIE 4.01; Windows NT)"
66.135.195.16 - - [04/Mar/2025:07:28:07 +0100] "GET /Jurek/eurofirany/images/419734/5.jpg HTTP/1.1" 200 151858 "http://www.ebay.com/" "Mozilla/4.0 (compatible; MSIE 4.01; Windows NT)"
66.135.195.19 - - [04/Mar/2025:07:28:07 +0100] "GET /Jurek/eurofirany/images/419734/7.jpg HTTP/1.1" 200 154435 "http://www.ebay.com/" "Mozilla/4.0 (compatible; MSIE 4.01; Windows NT)"
34.72.247.156 - - [04/Mar/2025:07:28:09 +0100] "GET /Jurek/eurofirany/images/463400/6.jpg HTTP/1.1" 200 105078 "-" "Mozilla/5.0 (X11; Linux x86_64) AppleWebKit/537.36 (KHTML, like Gecko) Chrome/110.0.0.0 Safari/537.36"
66.135.195.20 - - [04/Mar/2025:07:28:10 +0100] "GET /Jurek/eurofirany/images/448419/0.jpg HTTP/1.1" 200 68100 "-" "Java/17.0.12.0.101"
34.133.239.145 - - [04/Mar/2025:07:28:11 +0100] "GET /Jurek/eurofirany/images/463400/1.jpg HTTP/1.1" 200 101830 "-" "Mozilla/5.0 (X11; Linux x86_64) AppleWebKit/537.36 (KHTML, like Gecko) Chrome/110.0.0.0 Safari/537.36"
66.135.195.16 - - [04/Mar/2025:07:28:13 +0100] "GET /Jurek/eurofirany/images/456843/0.jpg HTTP/1.1" 200 85537 "-" "Java/17.0.12.0.101"
34.133.239.145 - - [04/Mar/2025:07:28:13 +0100] "GET /Jurek/eurofirany/images/463400/2.jpg HTTP/1.1" 200 136707 "-" "Mozilla/5.0 (X11; Linux x86_64) AppleWebKit/537.36 (KHTML, like Gecko) Chrome/110.0.0.0 Safari/537.36"
85.232.241.194 - - [04/Mar/2025:07:28:13 +0100] "GET /Jurek/unimet/feeds/unimet_rue.xml HTTP/1.1" 200 60212694 "-" "Python-urllib/3.11"
85.232.241.194 - - [04/Mar/2025:07:28:13 +0100] "GET /Jurek/ikonka/feeds/ikonka_rue.xml HTTP/1.1" 200 21454348 "-" "Python-urllib/3.11"
85.232.241.194 - - [04/Mar/2025:07:28:13 +0100] "GET /Jurek/kinghome/feeds/kinghome_rue.xml HTTP/1.1" 200 5731659 "-" "Python-urllib/3.11"
85.232.241.194 - - [04/Mar/2025:07:28:13 +0100] "GET /Jurek/fernity/feeds/fernity_rue.xml HTTP/1.1" 200 5222369 "-" "Python-urllib/3.11"
66.135.202.169 - - [04/Mar/2025:07:28:13 +0100] "GET /Jurek/eurofirany/images/452588/0.jpg HTTP/1.1" 200 60482 "http://www.ebay.com/" "Mozilla/4.0 (compatible; MSIE 4.01; Windows NT)"
66.135.202.173 - - [04/Mar/2025:07:28:13 +0100] "GET /Jurek/eurofirany/images/452588/4.jpg HTTP/1.1" 200 82510 "http://www.ebay.com/" "Mozilla/4.0 (compatible; MSIE 4.01; Windows NT)"
66.135.202.169 - - [04/Mar/2025:07:28:13 +0100] "GET /Jurek/eurofirany/images/452588/5.jpg HTTP/1.1" 200 50943 "http://www.ebay.com/" "Mozilla/4.0 (compatible; MSIE 4.01; Windows NT)"
66.135.202.170 - - [04/Mar/2025:07:28:13 +0100] "GET /Jurek/eurofirany/images/452588/2.jpg HTTP/1.1" 200 42720 "http://www.ebay.com/" "Mozilla/4.0 (compatible; MSIE 4.01; Windows NT)"
66.135.202.172 - - [04/Mar/2025:07:28:13 +0100] "GET /Jurek/eurofirany/images/452588/6.jpg HTTP/1.1" 200 106596 "http://www.ebay.com/" "Mozilla/4.0 (compatible; MSIE 4.01; Windows NT)"
66.135.202.170 - - [04/Mar/2025:07:28:13 +0100] "GET /Jurek/eurofirany/images/452588/7.jpg HTTP/1.1" 200 106596 "http://www.ebay.com/" "Mozilla/4.0 (compatible; MSIE 4.01; Windows NT)"
66.135.202.171 - - [04/Mar/2025:07:28:13 +0100] "GET /Jurek/eurofirany/images/452588/1.jpg HTTP/1.1" 200 53179 "http://www.ebay.com/" "Mozilla/4.0 (compatible; MSIE 4.01; Windows NT)"
66.135.202.172 - - [04/Mar/2025:07:28:13 +0100] "GET /Jurek/eurofirany/images/452588/3.jpg HTTP/1.1" 200 113335 "http://www.ebay.com/" "Mozilla/4.0 (compatible; MSIE 4.01; Windows NT)"
66.135.195.16 - - [04/Mar/2025:07:28:14 +0100] "GET /Jurek/eurofirany/images/459058/1.jpg HTTP/1.1" 200 70009 "http://www.ebay.com/" "Mozilla/4.0 (compatible; MSIE 4.01; Windows NT)"
66.135.195.16 - - [04/Mar/2025:07:28:14 +0100] "GET /Jurek/eurofirany/images/459058/0.jpg HTTP/1.1" 200 124607 "http://www.ebay.com/" "Mozilla/4.0 (compatible; MSIE 4.01; Windows NT)"
85.232.241.194 - - [04/Mar/2025:07:28:14 +0100] "GET /Jurek/topeshop/feeds/topeshop_rue.xml HTTP/1.1" 200 2407018 "-" "Python-urllib/3.11"
34.133.239.145 - - [04/Mar/2025:07:28:14 +0100] "GET /Jurek/eurofirany/images/463400/3.jpg HTTP/1.1" 200 110368 "-" "Mozilla/5.0 (X11; Linux x86_64) AppleWebKit/537.36 (KHTML, like Gecko) Chrome/110.0.0.0 Safari/537.36"
66.135.195.16 - - [04/Mar/2025:07:28:14 +0100] "GET /Jurek/eurofirany/images/456256/0.jpg HTTP/1.1" 200 92663 "-" "Java/17.0.12.0.101"
34.133.239.145 - - [04/Mar/2025:07:28:15 +0100] "GET /Jurek/eurofirany/images/463400/4.jpg HTTP/1.1" 200 136577 "-" "Mozilla/5.0 (X11; Linux x86_64) AppleWebKit/537.36 (KHTML, like Gecko) Chrome/110.0.0.0 Safari/537.36"
66.135.202.172 - - [04/Mar/2025:07:28:15 +0100] "GET /Jurek/eurofirany/images/432982/0.jpg HTTP/1.1" 200 41292 "-" "Java/17.0.12.0.101"
85.232.241.194 - - [04/Mar/2025:07:28:15 +0100] "GET /Jurek/kinghoff/feeds/kinghoff_rue.xml HTTP/1.1" 200 15064808 "-" "Python-urllib/3.11"
85.232.241.194 - - [04/Mar/2025:07:28:16 +0100] "GET /Jurek/emibig/feeds/emibig_rue.xml HTTP/1.1" 200 2522432 "-" "Python-urllib/3.11"
85.232.241.194 - - [04/Mar/2025:07:28:16 +0100] "GET /Jurek/eurofirany/feeds/eurofirany_rue.xml HTTP/1.1" 200 18744439 "-" "Python-urllib/3.11"
34.72.247.156 - - [04/Mar/2025:07:28:16 +0100] "GET /Jurek/eurofirany/images/463400/5.jpg HTTP/1.1" 200 130838 "-" "Mozilla/5.0 (X11; Linux x86_64) AppleWebKit/537.36 (KHTML, like Gecko) Chrome/110.0.0.0 Safari/537.36"
