66.249.66.66 - - [03/Mar/2025:00:00:05 +0100] "GET /Jurek/eurofirany/images/431704/4.jpg HTTP/1.1" 200 199574 "-" "Googlebot-Image/1.0"
66.249.66.66 - - [03/Mar/2025:00:00:05 +0100] "GET /Jurek/eurofirany/images/431704/3.jpg HTTP/1.1" 200 185395 "-" "Googlebot-Image/1.0"
66.249.66.66 - - [03/Mar/2025:00:00:06 +0100] "GET /Jurek/eurofirany/images/431704/2.jpg HTTP/1.1" 200 0 "-" "Googlebot-Image/1.0"
66.249.66.66 - - [03/Mar/2025:00:00:07 +0100] "GET /Jurek/eurofirany/images/431704/5.jpg HTTP/1.1" 200 200192 "-" "Googlebot-Image/1.0"
46.101.116.244 - - [03/Mar/2025:00:00:08 +0100] "GET /Jurek/coppotech/feeds/coppotech_alza.xml HTTP/2.0" 200 38984878 "-" "-"
46.101.116.244 - - [03/Mar/2025:00:00:26 +0100] "GET /Jurek/erohurtownia/feeds/erohurtownia_alza.xml HTTP/2.0" 200 23303751 "-" "-"
52.17.80.36 - - [03/Mar/2025:00:00:35 +0100] "GET /marketplaces/ubaldi/results/ubaldi.csv HTTP/1.1" 200 3577569 "-" "Mirakl HttpClient"
66.249.66.66 - - [03/Mar/2025:00:00:36 +0100] "GET /Jurek/eurofirany/images/416433/3.jpg HTTP/1.1" 200 83234 "-" "Googlebot-Image/1.0"
66.211.183.70 - - [03/Mar/2025:00:00:37 +0100] "GET /Jurek/eurofirany/images/438610/0.jpg HTTP/1.1" 200 114177 "-" "scalaj-http/2.4.2"
46.101.116.244 - - [03/Mar/2025:00:00:43 +0100] "GET /Jurek/euroshop/feeds/euroshop_alza.xml HTTP/2.0" 200 17924197 "-" "-"
46.101.116.244 - - [03/Mar/2025:00:00:56 +0100] "GET /Jurek/najtanszysport/feeds/najtanszysport_alza.xml HTTP/2.0" 200 3982690 "-" "-"
46.101.116.244 - - [03/Mar/2025:00:00:58 +0100] "GET /Jurek/intsell/feeds/intsell_amazonde.xml HTTP/1.0" 200 338786573 "-" "-"
46.101.116.244 - - [03/Mar/2025:00:01:00 +0100] "GET /Jurek/aw/feeds/aw_fnacfr.xml HTTP/1.0" 404 3551 "-" "-"
89.161.206.59 - - [03/Mar/2025:00:01:01 +0100] "GET /Jurek/erohurtownia/feeds/erohurtownia_amazonde.xml HTTP/1.0" 200 23304413 "-" "-"
46.101.116.244 - - [03/Mar/2025:00:01:07 +0100] "GET /Jurek/rider/feeds/rider_alza.xml HTTP/2.0" 200 8165063 "-" "-"
66.211.183.74 - - [03/Mar/2025:00:01:08 +0100] "GET /Jurek/eurofirany/images/382248/0.jpg HTTP/1.1" 200 133518 "-" "scalaj-http/2.4.2"
66.249.66.66 - - [03/Mar/2025:00:01:12 +0100] "GET /Jurek/eurofirany/images/416433/10.jpg HTTP/1.1" 200 6595 "-" "Googlebot-Image/1.0"
66.249.66.66 - - [03/Mar/2025:00:01:13 +0100] "GET /Jurek/eurofirany/images/416433/8.jpg HTTP/1.1" 200 6595 "-" "Googlebot-Image/1.0"
66.249.66.66 - - [03/Mar/2025:00:01:16 +0100] "GET /Jurek/eurofirany/images/416433/9.jpg HTTP/1.1" 200 6595 "-" "Googlebot-Image/1.0"
66.249.66.66 - - [03/Mar/2025:00:01:18 +0100] "GET /Jurek/eurofirany/images/392144/4.jpg HTTP/1.1" 200 33 "-" "Googlebot-Image/1.0"
66.249.66.66 - - [03/Mar/2025:00:01:21 +0100] "GET /Jurek/eurofirany/images/416433/6.jpg HTTP/1.1" 200 6595 "-" "Googlebot-Image/1.0"
46.101.116.244 - - [03/Mar/2025:00:01:22 +0100] "GET /Jurek/intsell/feeds/intsell_alza.xml HTTP/2.0" 200 338921177 "-" "-"
66.211.183.73 - - [03/Mar/2025:00:01:22 +0100] "GET /Jurek/eurofirany/images/390199/0.jpg HTTP/1.1" 200 169150 "-" "scalaj-http/2.4.2"
66.249.66.66 - - [03/Mar/2025:00:01:25 +0100] "GET /Jurek/eurofirany/images/431704/9.jpg HTTP/1.1" 200 192447 "-" "Googlebot-Image/1.0"
66.249.66.66 - - [03/Mar/2025:00:01:27 +0100] "GET /Jurek/eurofirany/images/431704/7.jpg HTTP/1.1" 200 274229 "-" "Googlebot-Image/1.0"
46.101.116.244 - - [03/Mar/2025:00:01:38 +0100] "GET /Filip/feeds/xlsx_ceneo.xml HTTP/1.0" 200 6241376 "-" "-"
46.101.116.244 - - [03/Mar/2025:00:01:45 +0100] "GET /Jurek/aw/feeds/aw_fnacfr.xml HTTP/1.0" 404 3551 "-" "-"
66.249.66.66 - - [03/Mar/2025:00:01:47 +0100] "GET /Jurek/eurofirany/images/431704/8.jpg HTTP/1.1" 200 176386 "-" "Googlebot-Image/1.0"
66.249.66.66 - - [03/Mar/2025:00:01:59 +0100] "GET /Jurek/eurofirany/images/416433/7.jpg HTTP/1.1" 200 6595 "-" "Googlebot-Image/1.0"
52.17.80.36 - - [03/Mar/2025:00:02:01 +0100] "GET /marketplaces/rue/results/rue.csv HTTP/1.1" 200 7629754 "-" "Mirakl HttpClient"
66.135.202.74 - - [03/Mar/2025:00:02:27 +0100] "GET /Jurek/eurofirany/images/388478/0.jpg HTTP/1.1" 200 104897 "-" "Java/17.0.12.0.101"
66.211.183.72 - - [03/Mar/2025:00:02:32 +0100] "GET /Jurek/eurofirany/images/416680/0.jpg HTTP/1.1" 200 125293 "-" "scalaj-http/2.4.2"
66.135.202.71 - - [03/Mar/2025:00:02:39 +0100] "GET /Jurek/eurofirany/images/386448/0.jpg HTTP/1.1" 200 146280 "-" "Java/17.0.12.0.101"
66.135.202.74 - - [03/Mar/2025:00:02:41 +0100] "GET /Jurek/eurofirany/images/387146/0.jpg HTTP/1.1" 200 183658 "-" "Java/17.0.12.0.101"
66.211.183.73 - - [03/Mar/2025:00:02:45 +0100] "GET /Jurek/eurofirany/images/383108/0.jpg HTTP/1.1" 200 75275 "-" "scalaj-http/2.4.2"
66.211.183.70 - - [03/Mar/2025:00:02:53 +0100] "GET /Jurek/eurofirany/images/404579/0.jpg HTTP/1.1" 200 80075 "-" "scalaj-http/2.4.2"
66.211.183.73 - - [03/Mar/2025:00:02:56 +0100] "GET /Jurek/eurofirany/images/389238/0.jpg HTTP/1.1" 200 165083 "-" "scalaj-http/2.4.2"
89.161.206.59 - - [03/Mar/2025:00:03:27 +0100] "GET /Jurek/hurtownia_przemyslowa/feeds/hp_allegro_cz.xml HTTP/1.0" 200 49625956 "-" "-"
89.161.206.59 - - [03/Mar/2025:00:03:38 +0100] "GET /Jurek/sempler/feeds/sempler_allegro.xml HTTP/1.0" 200 6553632 "-" "-"
89.161.206.59 - - [03/Mar/2025:00:03:39 +0100] "GET /Jurek/narzbud/feeds/narzbud_allegro.xml HTTP/1.0" 200 1958395 "-" "-"
89.161.206.59 - - [03/Mar/2025:00:03:42 +0100] "GET /Jurek/ekolight/feeds/ekolight_allegro.xml HTTP/1.0" 200 9053759 "-" "-"
89.161.206.59 - - [03/Mar/2025:00:03:43 +0100] "GET /Jurek/drops/feeds/dropsofficecolection_allegro.xml HTTP/1.0" 200 787961 "-" "-"
89.161.206.59 - - [03/Mar/2025:00:03:44 +0100] "GET /Jurek/velinda/feeds/velinda_allegro.xml HTTP/1.0" 200 4283062 "-" "-"
46.101.116.244 - - [03/Mar/2025:00:03:50 +0100] "GET /Jurek/sempler/feeds/sempler_alza.xml HTTP/2.0" 200 6554598 "-" "-"
46.101.116.244 - - [03/Mar/2025:00:04:01 +0100] "GET /Jurek/eroplace/feeds/eroplace_alza.xml HTTP/2.0" 200 30866338 "-" "-"
46.101.116.244 - - [03/Mar/2025:00:04:15 +0100] "GET /Jurek/mosti/feeds/mosti_alza.xml HTTP/2.0" 200 9251163 "-" "-"
46.101.116.244 - - [03/Mar/2025:00:04:16 +0100] "GET /Jurek/biokominki/feeds/biokomiinki_alza.xml HTTP/2.0" 200 1422343 "-" "-"
66.211.183.73 - - [03/Mar/2025:00:04:23 +0100] "GET /Jurek/eurofirany/images/390453/0.jpg HTTP/1.1" 200 144267 "-" "scalaj-http/2.4.2"
89.161.206.59 - - [03/Mar/2025:00:04:24 +0100] "GET /Jurek/swiatecznygoliat/feeds/swiatecznygoliat_amazonde.xml HTTP/1.0" 200 7054356 "-" "-"
66.211.183.72 - - [03/Mar/2025:00:04:44 +0100] "GET /Jurek/eurofirany/images/389927/0.jpg HTTP/1.1" 200 207776 "-" "scalaj-http/2.4.2"
66.211.183.71 - - [03/Mar/2025:00:04:47 +0100] "GET /Jurek/eurofirany/images/390030/0.jpg HTTP/1.1" 200 166817 "-" "scalaj-http/2.4.2"
46.101.116.244 - - [03/Mar/2025:00:04:53 +0100] "GET /Jurek/vida_morele/feeds/vida_alza.xml HTTP/2.0" 200 689922638 "-" "-"
66.211.183.70 - - [03/Mar/2025:00:04:58 +0100] "GET /Jurek/eurofirany/images/438721/0.jpg HTTP/1.1" 200 107908 "-" "scalaj-http/2.4.2"
66.211.183.70 - - [03/Mar/2025:00:05:02 +0100] "GET /Jurek/eurofirany/images/423655/0.jpg HTTP/1.1" 200 68504 "-" "scalaj-http/2.4.2"
89.161.206.59 - - [03/Mar/2025:00:05:46 +0100] "GET /Jurek/topeshop/feeds/topeshop_amazonFR.xml HTTP/1.0" 200 2407006 "-" "-"
89.161.206.59 - - [03/Mar/2025:00:05:46 +0100] "GET /Jurek/topeshop/feeds/topeshop_amazonIT.xml HTTP/1.0" 200 2407026 "-" "-"
89.161.206.59 - - [03/Mar/2025:00:05:46 +0100] "GET /Jurek/topeshop/feeds/topeshop_amazonDE.xml HTTP/1.0" 200 2406941 "-" "-"
89.161.206.59 - - [03/Mar/2025:00:05:46 +0100] "GET /Jurek/topeshop/feeds/topeshop_amazonSE.xml HTTP/1.0" 200 2407654 "-" "-"
89.161.206.59 - - [03/Mar/2025:00:05:47 +0100] "GET /Jurek/topeshop/feeds/topeshop_amazonES.xml HTTP/1.0" 200 2407034 "-" "-"
89.161.206.59 - - [03/Mar/2025:00:05:47 +0100] "GET /Jurek/topeshop/feeds/topeshop_amazonNL.xml HTTP/1.0" 200 2407008 "-" "-"
89.161.206.59 - - [03/Mar/2025:00:05:47 +0100] "GET /Jurek/topeshop/feeds/topeshop_amazonBE.xml HTTP/1.0" 200 2407025 "-" "-"
66.211.183.74 - - [03/Mar/2025:00:05:52 +0100] "GET /Jurek/eurofirany/images/416016/0.jpg HTTP/1.1" 200 65316 "-" "scalaj-http/2.4.2"
46.101.116.244 - - [03/Mar/2025:00:06:01 +0100] "GET /Jurek/aw/feeds/aw_fnacfr.xml HTTP/1.0" 404 3551 "-" "-"
66.211.183.74 - - [03/Mar/2025:00:06:11 +0100] "GET /Jurek/eurofirany/images/383352/0.jpg HTTP/1.1" 200 79685 "-" "scalaj-http/2.4.2"
66.211.183.71 - - [03/Mar/2025:00:06:18 +0100] "GET /Jurek/eurofirany/images/389899/0.jpg HTTP/1.1" 200 140158 "-" "scalaj-http/2.4.2"
66.249.66.66 - - [03/Mar/2025:00:06:20 +0100] "GET /Jurek/eurofirany/images/416010/1.jpg HTTP/1.1" 200 6595 "-" "Googlebot-Image/1.0"
66.249.66.66 - - [03/Mar/2025:00:06:25 +0100] "GET /Jurek/eurofirany/images/416010/4.jpg HTTP/1.1" 200 6595 "-" "Googlebot-Image/1.0"
66.249.66.66 - - [03/Mar/2025:00:06:28 +0100] "GET /Jurek/eurofirany/images/416010/3.jpg HTTP/1.1" 200 6595 "-" "Googlebot-Image/1.0"
66.249.66.66 - - [03/Mar/2025:00:06:30 +0100] "GET /Jurek/eurofirany/images/416010/5.jpg HTTP/1.1" 200 6595 "-" "Googlebot-Image/1.0"
66.249.66.66 - - [03/Mar/2025:00:06:30 +0100] "GET /Jurek/eurofirany/images/416010/2.jpg HTTP/1.1" 200 6595 "-" "Googlebot-Image/1.0"
46.101.116.244 - - [03/Mar/2025:00:06:37 +0100] "GET /Filip/feeds/xlsx_ceneo.xml HTTP/1.0" 200 6241376 "-" "-"
66.211.183.73 - - [03/Mar/2025:00:06:38 +0100] "GET /Jurek/eurofirany/images/433843/0.jpg HTTP/1.1" 200 188194 "-" "scalaj-http/2.4.2"
66.211.183.71 - - [03/Mar/2025:00:06:45 +0100] "GET /Jurek/eurofirany/images/372660/0.jpg HTTP/1.1" 200 69040 "-" "scalaj-http/2.4.2"
66.211.183.74 - - [03/Mar/2025:00:08:12 +0100] "GET /Jurek/eurofirany/images/389617/0.jpg HTTP/1.1" 200 149159 "-" "scalaj-http/2.4.2"
89.161.206.59 - - [03/Mar/2025:00:08:30 +0100] "GET /Jurek/ekuchcikowo/feeds/ekuchcikowo_allegro.xml HTTP/1.0" 200 13409191 "-" "-"
89.161.206.59 - - [03/Mar/2025:00:08:31 +0100] "GET /Jurek/livinhill/feeds/livinhill_allegro.xml HTTP/1.0" 200 1437982 "-" "-"
89.161.206.59 - - [03/Mar/2025:00:08:32 +0100] "GET /Jurek/urwiskowo/feeds/urwiskowo_allegro.xml HTTP/1.0" 200 9115590 "-" "-"
89.161.206.59 - - [03/Mar/2025:00:08:32 +0100] "GET /Jurek/reman/feeds/reman_allegro.xml HTTP/1.0" 200 1394898 "-" "-"
66.211.183.74 - - [03/Mar/2025:00:09:11 +0100] "GET /Jurek/eurofirany/images/360231/0.jpg HTTP/1.1" 200 205440 "-" "scalaj-http/2.4.2"
66.211.183.72 - - [03/Mar/2025:00:09:21 +0100] "GET /Jurek/eurofirany/images/390109/0.jpg HTTP/1.1" 200 171435 "-" "scalaj-http/2.4.2"
66.211.183.71 - - [03/Mar/2025:00:09:24 +0100] "GET /Jurek/eurofirany/images/390059/0.jpg HTTP/1.1" 200 120347 "-" "scalaj-http/2.4.2"
66.211.183.71 - - [03/Mar/2025:00:09:35 +0100] "GET /Jurek/eurofirany/images/383351/0.jpg HTTP/1.1" 200 67909 "-" "scalaj-http/2.4.2"
66.211.183.73 - - [03/Mar/2025:00:10:19 +0100] "GET /Jurek/eurofirany/images/391107/0.jpg HTTP/1.1" 200 98566 "-" "scalaj-http/2.4.2"
66.211.183.74 - - [03/Mar/2025:00:10:46 +0100] "GET /Jurek/eurofirany/images/409906/0.jpg HTTP/1.1" 200 78745 "-" "scalaj-http/2.4.2"
89.161.206.59 - - [03/Mar/2025:00:10:50 +0100] "GET /Jurek/ekotex/feeds/ekotex_skroutz.xml HTTP/1.0" 200 197845 "-" "-"
89.161.206.59 - - [03/Mar/2025:00:10:50 +0100] "GET /Jurek/motofan/feeds/motofan_skroutz.xml HTTP/1.0" 200 2392164 "-" "-"
46.101.116.244 - - [03/Mar/2025:00:10:54 +0100] "GET /Jurek/aw/feeds/aw_fnacfr.xml HTTP/1.0" 404 3551 "-" "-"
66.135.202.72 - - [03/Mar/2025:00:10:54 +0100] "GET /Jurek/eurofirany/images/435725/0.jpg HTTP/1.1" 200 183948 "-" "Java/17.0.12.0.101"
89.161.206.59 - - [03/Mar/2025:00:10:56 +0100] "GET /Jurek/topeshop/feeds/topeshop_cdsc.xml HTTP/1.0" 200 2421015 "-" "-"
46.101.116.244 - - [03/Mar/2025:00:11:10 +0100] "GET /Jurek/kinghoff/feeds/kinghoff_cdiscount.xml HTTP/1.0" 200 15081863 "-" "-"
89.161.206.59 - - [03/Mar/2025:00:11:14 +0100] "GET /Jurek/kinghoff/feeds/kinghoff_emaghu.xml HTTP/1.0" 200 15089062 "-" "-"
89.161.206.59 - - [03/Mar/2025:00:11:18 +0100] "GET /Jurek/ikonka/feeds/ikonka_amazonES.xml HTTP/1.0" 200 21454190 "-" "-"
66.211.183.74 - - [03/Mar/2025:00:11:44 +0100] "GET /Jurek/eurofirany/images/398820/0.jpg HTTP/1.1" 200 28870 "-" "scalaj-http/2.4.2"
66.211.183.71 - - [03/Mar/2025:00:11:56 +0100] "GET /Jurek/eurofirany/images/390064/0.jpg HTTP/1.1" 200 169150 "-" "scalaj-http/2.4.2"
46.101.116.244 - - [03/Mar/2025:00:12:06 +0100] "GET /Jurek/ikonka/feeds/ikonka_aliexpress.xml HTTP/1.0" 200 21452232 "-" "-"
89.161.206.59 - - [03/Mar/2025:00:12:10 +0100] "GET /Jurek/asortymenteu/feeds/asortymenteu_aliex.xml HTTP/1.0" 200 2135533 "-" "-"
89.161.206.59 - - [03/Mar/2025:00:12:12 +0100] "GET /Jurek/kinghoff/feeds/kinghoff_aliex.xml HTTP/1.0" 200 15081499 "-" "-"
66.211.183.70 - - [03/Mar/2025:00:12:12 +0100] "GET /Jurek/eurofirany/images/408344/0.jpg HTTP/1.1" 200 68800 "-" "scalaj-http/2.4.2"
89.161.206.59 - - [03/Mar/2025:00:12:13 +0100] "GET /Jurek/waks/feeds/waks_aliex.xml HTTP/1.0" 200 6332411 "-" "-"
89.161.206.59 - - [03/Mar/2025:00:12:14 +0100] "GET /Jurek/sempler/feeds/sempler_aliex.xml HTTP/1.0" 200 6553762 "-" "-"
89.161.206.59 - - [03/Mar/2025:00:12:14 +0100] "GET /Jurek/pawonik/feeds/pawonik_aliex.xml HTTP/1.0" 200 2586507 "-" "-"
89.161.206.59 - - [03/Mar/2025:00:12:18 +0100] "GET /Jurek/pagmil/feeds/pagmil_aliex.xml HTTP/1.0" 200 1705857 "-" "-"
89.161.206.59 - - [03/Mar/2025:00:12:20 +0100] "GET /Jurek/oromed/feeds/oromed_aliex.xml HTTP/1.0" 200 1048664 "-" "-"
89.161.206.59 - - [03/Mar/2025:00:12:20 +0100] "GET /Jurek/ekolight/feeds/ekolioght_aliex.xml HTTP/1.0" 200 9050804 "-" "-"
89.161.206.59 - - [03/Mar/2025:00:12:21 +0100] "GET /Jurek/ekuchcikowo/feeds/ekuchcikowo_aliex.xml HTTP/1.0" 200 13407274 "-" "-"
89.161.206.59 - - [03/Mar/2025:00:12:22 +0100] "GET /Jurek/galopi/feeds/galopi_aliex.xml HTTP/1.0" 200 1884835 "-" "-"
89.161.206.59 - - [03/Mar/2025:00:12:22 +0100] "GET /Jurek/erohurtownia/feeds/erohurtownia_aliex.xml HTTP/1.0" 200 23311053 "-" "-"
46.101.116.244 - - [03/Mar/2025:00:12:30 +0100] "GET /Filip/feeds/xlsx_ceneo.xml HTTP/1.0" 200 6241376 "-" "-"
66.211.183.72 - - [03/Mar/2025:00:13:45 +0100] "GET /Jurek/eurofirany/images/402738/0.jpg HTTP/1.1" 200 66743 "-" "scalaj-http/2.4.2"
66.211.183.73 - - [03/Mar/2025:00:15:02 +0100] "GET /Jurek/eurofirany/images/423821/0.jpg HTTP/1.1" 200 0 "-" "scalaj-http/2.4.2"
66.211.183.74 - - [03/Mar/2025:00:15:13 +0100] "GET /Jurek/eurofirany/images/390421/0.jpg HTTP/1.1" 200 48192 "-" "scalaj-http/2.4.2"
66.211.183.70 - - [03/Mar/2025:00:15:30 +0100] "GET /Jurek/topeshop/downloaded_images/5902838468463_1sonoma.png HTTP/1.1" 404 3551 "-" "scalaj-http/2.4.2"
66.211.183.74 - - [03/Mar/2025:00:15:37 +0100] "GET /Jurek/eurofirany/images/416149/0.jpg HTTP/1.1" 200 117339 "-" "scalaj-http/2.4.2"
66.211.183.70 - - [03/Mar/2025:00:16:07 +0100] "GET /Jurek/eurofirany/images/390042/0.jpg HTTP/1.1" 200 104130 "-" "scalaj-http/2.4.2"
46.101.116.244 - - [03/Mar/2025:00:16:11 +0100] "GET /Jurek/aw/feeds/aw_fnacfr.xml HTTP/1.0" 404 3551 "-" "-"
66.135.202.75 - - [03/Mar/2025:00:16:16 +0100] "GET /Jurek/eurofirany/images/347884/0.jpg HTTP/1.1" 200 87968 "-" "Java/17.0.12.0.101"
66.249.66.66 - - [03/Mar/2025:00:16:22 +0100] "GET /Jurek/eurofirany/images/409912/5.jpg HTTP/1.1" 200 6595 "-" "Googlebot-Image/1.0"
46.101.116.244 - - [03/Mar/2025:00:16:49 +0100] "GET /Filip/feeds/xlsx_ceneo.xml HTTP/1.0" 200 6241376 "-" "-"
66.249.66.66 - - [03/Mar/2025:00:17:05 +0100] "GET /Jurek/eurofirany/images/408345/2.jpg HTTP/1.1" 200 33 "-" "Googlebot-Image/1.0"
66.211.183.70 - - [03/Mar/2025:00:17:15 +0100] "GET /Jurek/topeshop/downloaded_images/5904507209858_Image0007_mini.jpg HTTP/1.1" 404 3551 "-" "scalaj-http/2.4.2"
66.211.183.71 - - [03/Mar/2025:00:18:09 +0100] "GET /Jurek/eurofirany/images/389611/0.jpg HTTP/1.1" 200 165083 "-" "scalaj-http/2.4.2"
66.211.183.73 - - [03/Mar/2025:00:18:15 +0100] "GET /Jurek/eurofirany/images/372984/0.jpg HTTP/1.1" 200 66435 "-" "scalaj-http/2.4.2"
35.198.83.252 - - [03/Mar/2025:00:18:41 +0100] "GET /Jurek/topeshop/downloaded_images/5902838464328_2.jpg HTTP/2.0" 404 3551 "-" "Mozilla/5.0 (Macintosh; Intel Mac OS X 10.15; rv:78.0) Gecko/20100101 Firefox/78.0"
66.211.183.70 - - [03/Mar/2025:00:19:22 +0100] "GET /Jurek/eurofirany/images/334081/0.jpg HTTP/1.1" 200 228464 "-" "scalaj-http/2.4.2"
89.161.206.59 - - [03/Mar/2025:00:20:02 +0100] "GET /Jurek/domzapachy/feeds/domzapachy_skroutz.xml HTTP/1.0" 200 179626 "-" "-"
46.101.116.244 - - [03/Mar/2025:00:20:15 +0100] "GET /Jurek/action/feeds/action_mallhu.xml HTTP/1.1" 200 55245650 "-" "-"
89.161.206.59 - - [03/Mar/2025:00:20:40 +0100] "GET /Jurek/ikonka/feeds/ikonka_amazonDE.xml HTTP/1.0" 200 21454151 "-" "-"
46.101.116.244 - - [03/Mar/2025:00:20:59 +0100] "GET /Jurek/aw/feeds/aw_fnacfr.xml HTTP/1.0" 404 3551 "-" "-"
46.101.116.244 - - [03/Mar/2025:00:21:35 +0100] "GET /Filip/feeds/xlsx_ceneo.xml HTTP/1.0" 200 6241376 "-" "-"
66.211.183.73 - - [03/Mar/2025:00:21:50 +0100] "GET /Jurek/eurofirany/images/383469/0.jpg HTTP/1.1" 200 86852 "-" "scalaj-http/2.4.2"
66.211.183.70 - - [03/Mar/2025:00:22:46 +0100] "GET /Jurek/eurofirany/images/416133/0.jpg HTTP/1.1" 200 108715 "-" "scalaj-http/2.4.2"
89.161.206.59 - - [03/Mar/2025:00:23:02 +0100] "GET /Jurek/bass_new/feeds/bass_ebayde.xml HTTP/1.0" 200 4807029 "-" "-"
66.211.183.74 - - [03/Mar/2025:00:23:09 +0100] "GET /Jurek/eurofirany/images/404489/0.jpg HTTP/1.1" 200 34209 "-" "scalaj-http/2.4.2"
66.211.183.72 - - [03/Mar/2025:00:23:20 +0100] "GET /Jurek/eurofirany/images/416010/0.jpg HTTP/1.1" 200 146191 "-" "scalaj-http/2.4.2"
89.161.206.59 - - [03/Mar/2025:00:23:21 +0100] "GET /Jurek/ikonka/feeds/ikonka_ebayde.xml HTTP/1.0" 200 6574382 "-" "-"
89.161.206.59 - - [03/Mar/2025:00:23:40 +0100] "GET /Jurek/topeshop/feeds/topeshop_ebayDE.xml HTTP/1.0" 200 1209054 "-" "-"
66.211.183.70 - - [03/Mar/2025:00:23:55 +0100] "GET /Jurek/eurofirany/images/438717/0.jpg HTTP/1.1" 200 105392 "-" "scalaj-http/2.4.2"
66.211.183.71 - - [03/Mar/2025:00:23:58 +0100] "GET /Jurek/eurofirany/images/402288/0.jpg HTTP/1.1" 200 44997 "-" "scalaj-http/2.4.2"
66.211.183.72 - - [03/Mar/2025:00:24:00 +0100] "GET /Jurek/eurofirany/images/416444/0.jpg HTTP/1.1" 200 104326 "-" "scalaj-http/2.4.2"
66.211.183.72 - - [03/Mar/2025:00:25:13 +0100] "GET /Jurek/eurofirany/images/416134/0.jpg HTTP/1.1" 200 108715 "-" "scalaj-http/2.4.2"
66.211.183.71 - - [03/Mar/2025:00:25:19 +0100] "GET /Jurek/eurofirany/images/416150/0.jpg HTTP/1.1" 200 99814 "-" "scalaj-http/2.4.2"
66.249.66.66 - - [03/Mar/2025:00:25:37 +0100] "GET /Jurek/eurofirany/images/404883/5.jpg HTTP/1.1" 200 6595 "-" "Googlebot-Image/1.0"
89.161.206.59 - - [03/Mar/2025:00:25:39 +0100] "GET /Jurek/ikonka/feeds/ikonka_amazonNL.xml HTTP/1.0" 200 21454179 "-" "-"
89.161.206.59 - - [03/Mar/2025:00:25:47 +0100] "GET /Jurek/eroplace/feeds/eroplace_amazonnl.xml HTTP/1.0" 200 30849265 "-" "-"
66.211.183.72 - - [03/Mar/2025:00:25:49 +0100] "GET /Jurek/eurofirany/images/392197/0.jpg HTTP/1.1" 200 36485 "-" "scalaj-http/2.4.2"
46.101.116.244 - - [03/Mar/2025:00:25:58 +0100] "GET /Jurek/aw/feeds/aw_fnacfr.xml HTTP/1.0" 404 3551 "-" "-"
89.161.206.59 - - [03/Mar/2025:00:26:09 +0100] "GET /Jurek/eurofirany/feeds/eurofirany_manomanofr.xml HTTP/1.0" 200 19009338 "-" "-"
46.101.116.244 - - [03/Mar/2025:00:26:36 +0100] "GET /Filip/feeds/xlsx_ceneo.xml HTTP/1.0" 200 6241376 "-" "-"
66.249.66.66 - - [03/Mar/2025:00:26:55 +0100] "GET /Jurek/eurofirany/images/416443/4.jpg HTTP/1.1" 200 6595 "-" "Googlebot-Image/1.0"
66.249.66.66 - - [03/Mar/2025:00:26:55 +0100] "GET /Jurek/eurofirany/images/416443/1.jpg HTTP/1.1" 200 93845 "-" "Googlebot-Image/1.0"
66.249.66.66 - - [03/Mar/2025:00:26:58 +0100] "GET /Jurek/eurofirany/images/416443/3.jpg HTTP/1.1" 200 169010 "-" "Googlebot-Image/1.0"
66.249.66.66 - - [03/Mar/2025:00:27:39 +0100] "GET /Jurek/eurofirany/images/416443/2.jpg HTTP/1.1" 200 202416 "-" "Googlebot-Image/1.0"
66.135.202.75 - - [03/Mar/2025:00:28:32 +0100] "GET /Jurek/eurofirany/images/453762/0.jpg HTTP/1.1" 200 158704 "-" "Java/17.0.12.0.101"
89.161.206.59 - - [03/Mar/2025:00:28:50 +0100] "GET /Jurek/oromed/feeds/oromed_allegro.xml HTTP/1.0" 200 1048944 "-" "-"
89.161.206.59 - - [03/Mar/2025:00:28:50 +0100] "GET /Jurek/bisanti/feeds/bisanti_allegro.xml HTTP/1.0" 200 1132582 "-" "-"
66.211.183.72 - - [03/Mar/2025:00:30:06 +0100] "GET /Jurek/eurofirany/images/423657/0.jpg HTTP/1.1" 200 84801 "-" "scalaj-http/2.4.2"
46.101.116.244 - - [03/Mar/2025:00:30:47 +0100] "GET /Jurek/aw/feeds/aw_fnacfr.xml HTTP/1.0" 404 3551 "-" "-"
46.101.116.244 - - [03/Mar/2025:00:30:52 +0100] "GET /Jurek/aw/feeds/awnarzedzia_cdiscount.xml HTTP/1.0" 200 90357698 "-" "-"
46.101.116.244 - - [03/Mar/2025:00:30:54 +0100] "GET /Jurek/hurtownia_przemyslowa/feeds/hp_cdiscount.xml HTTP/1.0" 200 49618895 "-" "-"
66.211.183.73 - - [03/Mar/2025:00:31:00 +0100] "GET /Jurek/eurofirany/images/419260/0.jpg HTTP/1.1" 200 127913 "-" "scalaj-http/2.4.2"
46.101.116.244 - - [03/Mar/2025:00:31:21 +0100] "GET /Jurek/victoria/feeds/victoria_pl_velo.xml HTTP/1.0" 200 15614862 "-" "-"
46.101.116.244 - - [03/Mar/2025:00:31:38 +0100] "GET /Filip/feeds/xlsx_ceneo.xml HTTP/1.0" 200 6241376 "-" "-"
66.211.183.72 - - [03/Mar/2025:00:31:39 +0100] "GET /Jurek/eurofirany/images/408876/0.jpg HTTP/1.1" 200 81276 "-" "scalaj-http/2.4.2"
89.161.206.59 - - [03/Mar/2025:00:31:46 +0100] "GET /Jurek/ikonka/feeds/ikonka_skroutz.xml HTTP/1.0" 200 21454209 "-" "-"
66.211.183.73 - - [03/Mar/2025:00:32:47 +0100] "GET /Jurek/eurofirany/images/410614/0.jpg HTTP/1.1" 200 129328 "-" "scalaj-http/2.4.2"
66.211.183.74 - - [03/Mar/2025:00:33:09 +0100] "GET /Jurek/eurofirany/images/410397/0.jpg HTTP/1.1" 200 35249 "-" "scalaj-http/2.4.2"
89.161.206.59 - - [03/Mar/2025:00:33:26 +0100] "GET /Jurek/ikonka/feeds/ikonka_amazonIT.xml HTTP/1.0" 200 21454196 "-" "-"
89.161.206.59 - - [03/Mar/2025:00:33:27 +0100] "GET /Jurek/ikonka/feeds/ikonka_amazonFR.xml HTTP/1.0" 200 21454189 "-" "-"
89.161.206.59 - - [03/Mar/2025:00:33:29 +0100] "GET /Jurek/hurtownia_przemyslowa/feeds/hp_amazonDE.xml HTTP/1.0" 200 49619771 "-" "-"
89.161.206.59 - - [03/Mar/2025:00:33:32 +0100] "GET /Jurek/hurtownia_przemyslowa/feeds/hp_amazonFR.xml HTTP/1.0" 200 49619873 "-" "-"
89.161.206.59 - - [03/Mar/2025:00:33:34 +0100] "GET /Jurek/hurtownia_przemyslowa/feeds/hp_amazonIT.xml HTTP/1.0" 200 49620544 "-" "-"
89.161.206.59 - - [03/Mar/2025:00:33:37 +0100] "GET /Jurek/hurtownia_przemyslowa/feeds/hp_amazonNL.xml HTTP/1.0" 200 49619490 "-" "-"
89.161.206.59 - - [03/Mar/2025:00:33:40 +0100] "GET /Jurek/hurtownia_przemyslowa/feeds/hp_amazonSE.xml HTTP/1.0" 200 49635667 "-" "-"
89.161.206.59 - - [03/Mar/2025:00:33:48 +0100] "GET /Jurek/fernity/feeds/fernity_skroutz.xml HTTP/1.0" 200 5222304 "-" "-"
66.211.183.74 - - [03/Mar/2025:00:33:49 +0100] "GET /Jurek/eurofirany/images/403202/0.jpg HTTP/1.1" 200 116687 "-" "scalaj-http/2.4.2"
89.161.206.59 - - [03/Mar/2025:00:33:58 +0100] "GET /Jurek/activeshop/feeds/activeshop_skroutz.xml HTTP/1.0" 200 10468152 "-" "-"
66.211.183.70 - - [03/Mar/2025:00:34:29 +0100] "GET /Jurek/eurofirany/images/438650/0.jpg HTTP/1.1" 200 186595 "-" "scalaj-http/2.4.2"
46.101.116.244 - - [03/Mar/2025:00:34:35 +0100] "GET /Jurek/beliani/feeds/beliani_skroutz.xml HTTP/1.0" 200 31885423 "-" "-"
66.211.183.74 - - [03/Mar/2025:00:35:50 +0100] "GET /Jurek/eurofirany/images/383466/0.jpg HTTP/1.1" 200 78770 "-" "scalaj-http/2.4.2"
52.17.80.36 - - [03/Mar/2025:00:35:55 +0100] "GET /marketplaces/worten2/results/worten.csv HTTP/1.1" 200 114449 "-" "Mirakl HttpClient"
66.211.183.70 - - [03/Mar/2025:00:36:17 +0100] "GET /Jurek/eurofirany/images/390039/0.jpg HTTP/1.1" 200 215707 "-" "scalaj-http/2.4.2"
66.211.183.71 - - [03/Mar/2025:00:36:45 +0100] "GET /Jurek/eurofirany/images/431704/0.jpg HTTP/1.1" 200 144693 "-" "scalaj-http/2.4.2"
66.211.183.72 - - [03/Mar/2025:00:36:58 +0100] "GET /Jurek/eurofirany/images/383344/0.jpg HTTP/1.1" 200 67002 "-" "scalaj-http/2.4.2"
66.249.66.66 - - [03/Mar/2025:00:37:00 +0100] "GET /Jurek/eurofirany/images/416441/1.jpg HTTP/1.1" 200 117657 "-" "Googlebot-Image/1.0"
66.211.183.71 - - [03/Mar/2025:00:37:15 +0100] "GET /Jurek/eurofirany/images/389938/0.jpg HTTP/1.1" 200 228488 "-" "scalaj-http/2.4.2"
66.211.183.73 - - [03/Mar/2025:00:37:20 +0100] "GET /Jurek/eurofirany/images/416434/0.jpg HTTP/1.1" 200 121054 "-" "scalaj-http/2.4.2"
66.211.183.72 - - [03/Mar/2025:00:37:41 +0100] "GET /Jurek/eurofirany/images/402739/0.jpg HTTP/1.1" 200 61600 "-" "scalaj-http/2.4.2"
66.211.183.72 - - [03/Mar/2025:00:38:09 +0100] "GET /Jurek/eurofirany/images/396854/0.jpg HTTP/1.1" 200 62464 "-" "scalaj-http/2.4.2"
46.101.116.244 - - [03/Mar/2025:00:38:14 +0100] "GET /Jurek/aw/feeds/aw_fnacfr.xml HTTP/1.0" 404 3551 "-" "-"
66.211.183.71 - - [03/Mar/2025:00:38:24 +0100] "GET /Jurek/eurofirany/images/372650/0.jpg HTTP/1.1" 200 72110 "-" "scalaj-http/2.4.2"
46.101.116.244 - - [03/Mar/2025:00:38:51 +0100] "GET /Filip/feeds/xlsx_ceneo.xml HTTP/1.0" 200 6241376 "-" "-"
66.211.183.70 - - [03/Mar/2025:00:39:12 +0100] "GET /Jurek/eurofirany/images/409428/0.jpg HTTP/1.1" 200 41174 "-" "scalaj-http/2.4.2"
66.211.183.71 - - [03/Mar/2025:00:39:16 +0100] "GET /Jurek/eurofirany/images/390122/0.jpg HTTP/1.1" 200 207776 "-" "scalaj-http/2.4.2"
66.211.183.70 - - [03/Mar/2025:00:39:22 +0100] "GET /Jurek/eurofirany/images/438666/0.jpg HTTP/1.1" 200 62650 "-" "scalaj-http/2.4.2"
66.211.183.71 - - [03/Mar/2025:00:39:45 +0100] "GET /Jurek/eurofirany/images/390198/0.jpg HTTP/1.1" 200 164444 "-" "scalaj-http/2.4.2"
66.211.183.72 - - [03/Mar/2025:00:40:00 +0100] "GET /Jurek/eurofirany/images/389941/0.jpg HTTP/1.1" 200 208032 "-" "scalaj-http/2.4.2"
66.211.183.73 - - [03/Mar/2025:00:40:15 +0100] "GET /Jurek/eurofirany/images/423204/0.jpg HTTP/1.1" 200 0 "-" "scalaj-http/2.4.2"
66.211.183.71 - - [03/Mar/2025:00:40:20 +0100] "GET /Jurek/eurofirany/images/402762/0.jpg HTTP/1.1" 200 63314 "-" "scalaj-http/2.4.2"
66.211.183.71 - - [03/Mar/2025:00:40:46 +0100] "GET /Jurek/eurofirany/images/390337/0.jpg HTTP/1.1" 200 136029 "-" "scalaj-http/2.4.2"
66.249.66.66 - - [03/Mar/2025:00:40:46 +0100] "GET /Jurek/eurofirany/images/410397/2.jpg HTTP/1.1" 200 6595 "-" "Googlebot-Image/1.0"
89.161.206.59 - - [03/Mar/2025:00:40:47 +0100] "GET /Jurek/benetech/feeds/benetech_aliex.xml HTTP/1.0" 200 4452188 "-" "-"
89.161.206.59 - - [03/Mar/2025:00:40:48 +0100] "GET /Jurek/slayo/feeds/slayo_aliex.xml HTTP/1.0" 200 195549 "-" "-"
89.161.206.59 - - [03/Mar/2025:00:40:48 +0100] "GET /Jurek/hdwr/feeds/hdwr_aliex.xml HTTP/1.0" 200 777954 "-" "-"
89.161.206.59 - - [03/Mar/2025:00:40:48 +0100] "GET /Jurek/targethome/feeds/targethome_aliex.xml HTTP/1.0" 200 683647 "-" "-"
89.161.206.59 - - [03/Mar/2025:00:40:48 +0100] "GET /Jurek/amzteam/feeds/amzteam_aliex.xml HTTP/1.0" 200 97912 "-" "-"
66.249.66.66 - - [03/Mar/2025:00:40:48 +0100] "GET /Jurek/eurofirany/images/410397/1.jpg HTTP/1.1" 200 6595 "-" "Googlebot-Image/1.0"
89.161.206.59 - - [03/Mar/2025:00:40:48 +0100] "GET /Jurek/ralmetal/feeds/ralmetal_aliex.xml HTTP/1.0" 200 1787422 "-" "-"
89.161.206.59 - - [03/Mar/2025:00:40:49 +0100] "GET /Jurek/cbdgreen/feeds/cbdgreen_aliex.xml HTTP/1.0" 200 50240 "-" "-"
89.161.206.59 - - [03/Mar/2025:00:40:49 +0100] "GET /Jurek/drops/feeds/dropsofficecolection_aliex.xml HTTP/1.0" 200 788426 "-" "-"
89.161.206.59 - - [03/Mar/2025:00:40:49 +0100] "GET /Jurek/szpaklampy/feeds/szpaklampy_aliex.xml HTTP/1.0" 200 416581 "-" "-"
89.161.206.59 - - [03/Mar/2025:00:40:49 +0100] "GET /Jurek/velinda/feeds/velinda_aliex.xml HTTP/1.0" 200 4282991 "-" "-"
89.161.206.59 - - [03/Mar/2025:00:40:49 +0100] "GET /Jurek/spali/feeds/spali_aliex.xml HTTP/1.0" 200 101970 "-" "-"
66.135.202.75 - - [03/Mar/2025:00:41:26 +0100] "GET /Jurek/eurofirany/images/386966/0.jpg HTTP/1.1" 200 136645 "-" "Java/17.0.12.0.101"
66.135.202.75 - - [03/Mar/2025:00:41:37 +0100] "GET /Jurek/eurofirany/images/398978/0.jpg HTTP/1.1" 200 86722 "-" "Java/17.0.12.0.101"
66.135.202.71 - - [03/Mar/2025:00:42:01 +0100] "GET /Jurek/eurofirany/images/390201/0.jpg HTTP/1.1" 200 143274 "-" "Java/17.0.12.0.101"
66.211.183.74 - - [03/Mar/2025:00:42:07 +0100] "GET /Jurek/topeshop/downloaded_images/5902838468456_Oaplwieszak.png HTTP/1.1" 404 3551 "-" "scalaj-http/2.4.2"
66.211.183.74 - - [03/Mar/2025:00:42:10 +0100] "GET /Jurek/eurofirany/images/382252/0.jpg HTTP/1.1" 200 133518 "-" "scalaj-http/2.4.2"
46.101.116.244 - - [03/Mar/2025:00:42:37 +0100] "GET /Jurek/aw/feeds/aw_fnacfr.xml HTTP/1.0" 404 3551 "-" "-"
66.249.66.66 - - [03/Mar/2025:00:42:47 +0100] "GET /Jurek/eurofirany/images/402738/4.jpg HTTP/1.1" 200 33 "-" "Googlebot-Image/1.0"
66.211.183.70 - - [03/Mar/2025:00:43:05 +0100] "GET /Jurek/eurofirany/images/396845/0.jpg HTTP/1.1" 200 85871 "-" "scalaj-http/2.4.2"
46.101.116.244 - - [03/Mar/2025:00:43:12 +0100] "GET /Filip/feeds/xlsx_ceneo.xml HTTP/1.0" 200 6241376 "-" "-"
66.211.183.72 - - [03/Mar/2025:00:43:17 +0100] "GET /Jurek/eurofirany/images/390041/0.jpg HTTP/1.1" 200 184060 "-" "scalaj-http/2.4.2"
66.211.183.71 - - [03/Mar/2025:00:44:11 +0100] "GET /Jurek/eurofirany/images/389602/0.jpg HTTP/1.1" 200 149156 "-" "scalaj-http/2.4.2"
89.161.206.59 - - [03/Mar/2025:00:44:19 +0100] "GET /Jurek/hurtmeblowy/feeds/hurtmeblowy_allegro.xml HTTP/1.0" 200 8039455 "-" "-"
89.161.206.59 - - [03/Mar/2025:00:44:19 +0100] "GET /Jurek/galopi/feeds/galopi_allegro.xml HTTP/1.0" 200 1884826 "-" "-"
66.211.183.73 - - [03/Mar/2025:00:44:41 +0100] "GET /Jurek/eurofirany/images/383324/0.jpg HTTP/1.1" 200 93037 "-" "scalaj-http/2.4.2"
66.211.183.71 - - [03/Mar/2025:00:44:45 +0100] "GET /Jurek/eurofirany/images/383863/0.jpg HTTP/1.1" 200 184231 "-" "scalaj-http/2.4.2"
46.101.116.244 - - [03/Mar/2025:00:44:59 +0100] "GET /Jurek/b3/feeds/b3_alza.xml HTTP/2.0" 200 7278395 "-" "-"
46.101.116.244 - - [03/Mar/2025:00:45:25 +0100] "GET /Jurek/action/feeds/action_alza.xml HTTP/2.0" 200 55199766 "-" "-"
66.211.183.73 - - [03/Mar/2025:00:45:32 +0100] "GET /Jurek/eurofirany/images/463595/0.jpg HTTP/1.1" 200 0 "-" "scalaj-http/2.4.2"
66.211.183.72 - - [03/Mar/2025:00:45:37 +0100] "GET /Jurek/eurofirany/images/390441/0.jpg HTTP/1.1" 200 144267 "-" "scalaj-http/2.4.2"
89.161.206.59 - - [03/Mar/2025:00:45:55 +0100] "GET /Jurek/kinghoff/feeds/kinghoff_amazon_de.xml HTTP/1.0" 200 15081831 "-" "-"
89.161.206.59 - - [03/Mar/2025:00:45:56 +0100] "GET /Jurek/bass/feeds/bass_amazonde.xml HTTP/1.0" 200 3985185 "-" "-"
89.161.206.59 - - [03/Mar/2025:00:45:56 +0100] "GET /Jurek/bass/feeds/bass_amazonit.xml HTTP/1.0" 200 3985246 "-" "-"
89.161.206.59 - - [03/Mar/2025:00:45:56 +0100] "GET /Jurek/bass/feeds/bass_amazonnl.xml HTTP/1.0" 200 3985221 "-" "-"
89.161.206.59 - - [03/Mar/2025:00:45:56 +0100] "GET /Jurek/bass/feeds/bass_amazones.xml HTTP/1.0" 200 3985333 "-" "-"
89.161.206.59 - - [03/Mar/2025:00:45:57 +0100] "GET /Jurek/bass/feeds/bass_amazonse.xml HTTP/1.0" 200 3987017 "-" "-"
66.211.183.74 - - [03/Mar/2025:00:46:09 +0100] "GET /Jurek/eurofirany/images/372976/0.jpg HTTP/1.1" 200 69040 "-" "scalaj-http/2.4.2"
46.101.116.244 - - [03/Mar/2025:00:46:13 +0100] "GET /Jurek/aw/feeds/aw_fnacfr.xml HTTP/1.0" 404 3551 "-" "-"
66.249.66.66 - - [03/Mar/2025:00:46:14 +0100] "GET /Jurek/eurofirany/images/390393/7.jpg HTTP/1.1" 200 6595 "-" "Googlebot-Image/1.0"
66.211.183.72 - - [03/Mar/2025:00:46:23 +0100] "GET /Jurek/eurofirany/images/438621/0.jpg HTTP/1.1" 200 168635 "-" "scalaj-http/2.4.2"
46.101.116.244 - - [03/Mar/2025:00:46:51 +0100] "GET /Filip/feeds/xlsx_ceneo.xml HTTP/1.0" 200 6241376 "-" "-"
66.211.183.74 - - [03/Mar/2025:00:46:55 +0100] "GET /Jurek/eurofirany/images/372648/0.jpg HTTP/1.1" 200 65038 "-" "scalaj-http/2.4.2"
46.101.116.244 - - [03/Mar/2025:00:46:58 +0100] "GET /Jurek/unimet/feeds/unimet_alza.xml HTTP/2.0" 200 60270701 "-" "-"
66.249.66.66 - - [03/Mar/2025:00:47:26 +0100] "GET /Jurek/eurofirany/images/388841/3.jpg HTTP/1.1" 200 6595 "-" "Googlebot-Image/1.0"
66.211.183.71 - - [03/Mar/2025:00:47:48 +0100] "GET /Jurek/eurofirany/images/372641/0.jpg HTTP/1.1" 200 59591 "-" "scalaj-http/2.4.2"
66.211.183.74 - - [03/Mar/2025:00:48:07 +0100] "GET /Jurek/topeshop/downloaded_images/5902838468487_1artisan.png HTTP/1.1" 404 3551 "-" "scalaj-http/2.4.2"
66.211.183.71 - - [03/Mar/2025:00:48:18 +0100] "GET /Jurek/eurofirany/images/389923/0.jpg HTTP/1.1" 200 156799 "-" "scalaj-http/2.4.2"
66.211.183.71 - - [03/Mar/2025:00:48:29 +0100] "GET /Jurek/eurofirany/images/390053/0.jpg HTTP/1.1" 200 143274 "-" "scalaj-http/2.4.2"
66.211.183.72 - - [03/Mar/2025:00:48:47 +0100] "GET /Jurek/eurofirany/images/383056/0.jpg HTTP/1.1" 200 69041 "-" "scalaj-http/2.4.2"
46.101.116.244 - - [03/Mar/2025:00:48:58 +0100] "GET /Jurek/andex/feeds/andex_alza.xml HTTP/2.0" 200 1954523 "-" "-"
66.249.66.66 - - [03/Mar/2025:00:49:08 +0100] "GET /Jurek/eurofirany/images/390393/6.jpg HTTP/1.1" 200 257923 "-" "Googlebot-Image/1.0"
46.101.116.244 - - [03/Mar/2025:00:49:09 +0100] "GET /Jurek/aw/feeds/awnarzedzia_alza.xml HTTP/2.0" 200 90457867 "-" "-"
66.249.66.66 - - [03/Mar/2025:00:49:12 +0100] "GET /Jurek/eurofirany/images/390393/5.jpg HTTP/1.1" 200 254924 "-" "Googlebot-Image/1.0"
46.101.116.244 - - [03/Mar/2025:00:49:35 +0100] "GET /Jurek/detian/feeds/detian_alza.xml HTTP/2.0" 404 3551 "-" "-"
46.101.116.244 - - [03/Mar/2025:00:49:45 +0100] "GET /Jurek/fernity/feeds/fernity_alza.xml HTTP/2.0" 200 5226399 "-" "-"
66.211.183.73 - - [03/Mar/2025:00:49:48 +0100] "GET /Jurek/eurofirany/images/438608/0.jpg HTTP/1.1" 200 167089 "-" "scalaj-http/2.4.2"
66.211.183.71 - - [03/Mar/2025:00:50:03 +0100] "GET /Jurek/eurofirany/images/403493/0.jpg HTTP/1.1" 200 64205 "-" "scalaj-http/2.4.2"
46.101.116.244 - - [03/Mar/2025:00:50:08 +0100] "GET /Jurek/octopia/feeds/octopia_alzacz.xml HTTP/2.0" 200 10657656 "-" "-"
66.211.183.71 - - [03/Mar/2025:00:50:09 +0100] "GET /Jurek/eurofirany/images/389997/0.jpg HTTP/1.1" 200 181461 "-" "scalaj-http/2.4.2"
66.211.183.72 - - [03/Mar/2025:00:50:10 +0100] "GET /Jurek/eurofirany/images/422755/0.jpg HTTP/1.1" 200 97429 "-" "scalaj-http/2.4.2"
46.101.116.244 - - [03/Mar/2025:00:50:21 +0100] "GET /Jurek/unimet/feeds/unimet_alza.xml HTTP/2.0" 200 60270701 "-" "-"
66.211.183.70 - - [03/Mar/2025:00:50:21 +0100] "GET /Jurek/eurofirany/images/389906/0.jpg HTTP/1.1" 200 124529 "-" "scalaj-http/2.4.2"
66.211.183.74 - - [03/Mar/2025:00:50:27 +0100] "GET /Jurek/eurofirany/images/383392/0.jpg HTTP/1.1" 200 77082 "-" "scalaj-http/2.4.2"
46.101.116.244 - - [03/Mar/2025:00:50:44 +0100] "GET /Jurek/eurofirany/feeds/eurofirany_alza.xml HTTP/2.0" 200 18977749 "-" "-"
66.211.183.74 - - [03/Mar/2025:00:50:51 +0100] "GET /Jurek/eurofirany/images/391111/0.jpg HTTP/1.1" 200 98566 "-" "scalaj-http/2.4.2"
66.211.183.70 - - [03/Mar/2025:00:50:54 +0100] "GET /Jurek/eurofirany/images/402865/0.jpg HTTP/1.1" 200 81898 "-" "scalaj-http/2.4.2"
46.101.116.244 - - [03/Mar/2025:00:51:00 +0100] "GET /Jurek/beliani/feeds/beliani_alza.xml HTTP/2.0" 200 15227855 "-" "-"
35.198.184.57 - - [03/Mar/2025:00:51:01 +0100] "GET /Jurek/eurofirany/images/416445/0.jpg HTTP/2.0" 200 95090 "-" "Mozilla/5.0 (Macintosh; Intel Mac OS X 10.15; rv:78.0) Gecko/20100101 Firefox/78.0"
46.101.116.244 - - [03/Mar/2025:00:51:03 +0100] "GET /Jurek/aw/feeds/aw_fnacfr.xml HTTP/1.0" 404 3551 "-" "-"
66.211.183.74 - - [03/Mar/2025:00:51:07 +0100] "GET /Jurek/eurofirany/images/390395/0.jpg HTTP/1.1" 200 164560 "-" "scalaj-http/2.4.2"
46.101.116.244 - - [03/Mar/2025:00:51:17 +0100] "GET /Jurek/vivaldi/feeds/vivaldi_alza.xml HTTP/2.0" 200 344828 "-" "-"
66.211.183.74 - - [03/Mar/2025:00:51:19 +0100] "GET /Jurek/eurofirany/images/390124/0.jpg HTTP/1.1" 200 173904 "-" "scalaj-http/2.4.2"
66.211.183.74 - - [03/Mar/2025:00:51:27 +0100] "GET /Jurek/eurofirany/images/402866/0.jpg HTTP/1.1" 200 74920 "-" "scalaj-http/2.4.2"
46.101.116.244 - - [03/Mar/2025:00:51:28 +0100] "GET /Jurek/ikonka/feeds/ikonka_alza.xml HTTP/2.0" 200 21456562 "-" "-"
66.211.183.74 - - [03/Mar/2025:00:51:33 +0100] "GET /Jurek/eurofirany/images/386398/0.jpg HTTP/1.1" 200 84230 "-" "scalaj-http/2.4.2"
46.101.116.244 - - [03/Mar/2025:00:51:39 +0100] "GET /Filip/feeds/xlsx_ceneo.xml HTTP/1.0" 200 6241376 "-" "-"
46.101.116.244 - - [03/Mar/2025:00:51:40 +0100] "GET /Jurek/stema/feeds/stema_alza.xml HTTP/2.0" 200 839201 "-" "-"
46.101.116.244 - - [03/Mar/2025:00:51:43 +0100] "GET /Jurek/intsell/feeds/intsell_skroutz.xml HTTP/1.0" 200 338788775 "-" "-"
46.101.116.244 - - [03/Mar/2025:00:51:51 +0100] "GET /Jurek/kinghoff/feeds/kinghoff_alza.xml HTTP/2.0" 200 15086016 "-" "-"
46.101.116.244 - - [03/Mar/2025:00:52:05 +0100] "GET /Jurek/bass/feeds/bass_mallczsh.xml HTTP/2.0" 200 3987437 "-" "-"
89.161.206.59 - - [03/Mar/2025:00:52:08 +0100] "GET /Jurek/ekuchcikowo/feeds/ekuchcikowo_skroutz.xml HTTP/1.0" 200 13407590 "-" "-"
66.211.183.71 - - [03/Mar/2025:00:52:10 +0100] "GET /Jurek/eurofirany/images/401091/0.jpg HTTP/1.1" 200 119799 "-" "scalaj-http/2.4.2"
46.101.116.244 - - [03/Mar/2025:00:52:28 +0100] "GET /Jurek/slayo/feeds/slayo_mallczsh.xml HTTP/2.0" 200 195556 "-" "-"
66.211.183.73 - - [03/Mar/2025:00:52:31 +0100] "GET /Jurek/eurofirany/images/390036/0.jpg HTTP/1.1" 200 194755 "-" "scalaj-http/2.4.2"
89.161.206.59 - - [03/Mar/2025:00:52:36 +0100] "GET /Jurek/kobi/feeds/kobi_skroutz.xml HTTP/1.0" 200 1993245 "-" "-"
89.161.206.59 - - [03/Mar/2025:00:52:37 +0100] "GET /Jurek/evil/feeds/evil_skroutz.xml HTTP/1.0" 200 252478 "-" "-"
89.161.206.59 - - [03/Mar/2025:00:52:37 +0100] "GET /Jurek/wenom/feeds/wenom_skroutz.xml HTTP/1.0" 200 583219 "-" "-"
89.161.206.59 - - [03/Mar/2025:00:52:38 +0100] "GET /Jurek/sartrix/feeds/sartrix_skroutz.xml HTTP/1.0" 200 649145 "-" "-"
89.161.206.59 - - [03/Mar/2025:00:52:38 +0100] "GET /Jurek/twojsklep/feeds/twojsklep_skroutz.xml HTTP/1.0" 200 126797 "-" "-"
89.161.206.59 - - [03/Mar/2025:00:52:39 +0100] "GET /Jurek/luxma/feeds/luxma_skroutz.xml HTTP/1.0" 200 4420056 "-" "-"
46.101.116.244 - - [03/Mar/2025:00:52:39 +0100] "GET /Jurek/mosti/feeds/mosti_mallczsh.xml HTTP/2.0" 200 9251689 "-" "-"
89.161.206.59 - - [03/Mar/2025:00:52:39 +0100] "GET /Jurek/drewdon/feeds/drewdon_skroutz.xml HTTP/1.0" 200 358928 "-" "-"
46.101.116.244 - - [03/Mar/2025:00:52:40 +0100] "GET /Jurek/amzteam/feeds/amzteam_mallczsh.xml HTTP/2.0" 200 97918 "-" "-"
89.161.206.59 - - [03/Mar/2025:00:52:40 +0100] "GET /Jurek/zepnij/feeds/zepnij_skroutz.xml HTTP/1.0" 200 19522805 "-" "-"
46.101.116.244 - - [03/Mar/2025:00:52:40 +0100] "GET /Jurek/artdog/feeds/artdog_mallczsh.xml HTTP/2.0" 200 15939196 "-" "-"
89.161.206.59 - - [03/Mar/2025:00:52:41 +0100] "GET /Jurek/primohurt/feeds/primohurt_skroutz.xml HTTP/1.0" 200 17187225 "-" "-"
89.161.206.59 - - [03/Mar/2025:00:52:42 +0100] "GET /Jurek/dekoele/feeds/dekoele_skroutz.xml HTTP/1.0" 200 378804 "-" "-"
46.101.116.244 - - [03/Mar/2025:00:52:42 +0100] "GET /Jurek/kambukka/feeds/kambukka_mallczsh.xml HTTP/2.0" 200 1043669 "-" "-"
89.161.206.59 - - [03/Mar/2025:00:52:42 +0100] "GET /Jurek/rider/feeds/rider_skroutz.xml HTTP/1.0" 200 8165176 "-" "-"
89.161.206.59 - - [03/Mar/2025:00:52:43 +0100] "GET /Jurek/expertauto/feeds/expertauto_skroutz.xml HTTP/1.0" 200 1158921 "-" "-"
89.161.206.59 - - [03/Mar/2025:00:52:44 +0100] "GET /Jurek/qbox/feeds/qbox_skroutz.xml HTTP/1.0" 200 398719 "-" "-"
89.161.206.59 - - [03/Mar/2025:00:52:44 +0100] "GET /Jurek/emaja24/feeds/emaja24_skroutz.xml HTTP/1.0" 200 5110172 "-" "-"
46.101.116.244 - - [03/Mar/2025:00:52:56 +0100] "GET /Jurek/swiatecznygoliat/feeds/swiatecznygoliat_mallczsh.xml HTTP/2.0" 200 7057188 "-" "-"
66.211.183.70 - - [03/Mar/2025:00:53:05 +0100] "GET /Jurek/eurofirany/images/423692/0.jpg HTTP/1.1" 200 70608 "-" "scalaj-http/2.4.2"
66.211.183.74 - - [03/Mar/2025:00:53:40 +0100] "GET /Jurek/eurofirany/images/390107/0.jpg HTTP/1.1" 200 176309 "-" "scalaj-http/2.4.2"
46.101.116.244 - - [03/Mar/2025:00:53:56 +0100] "GET /Jurek/topeshop/feeds/topeshop_mallczsh.xml HTTP/2.0" 200 2407799 "-" "-"
66.211.183.70 - - [03/Mar/2025:00:54:18 +0100] "GET /Jurek/eurofirany/images/383336/0.jpg HTTP/1.1" 200 76845 "-" "scalaj-http/2.4.2"
66.211.183.73 - - [03/Mar/2025:00:54:38 +0100] "GET /Jurek/eurofirany/images/409902/0.jpg HTTP/1.1" 200 188678 "-" "scalaj-http/2.4.2"
35.198.184.57 - - [03/Mar/2025:00:55:14 +0100] "GET /Jurek/eurofirany/images/404522/0.jpg HTTP/2.0" 200 69238 "-" "Mozilla/5.0 (Macintosh; Intel Mac OS X 10.15; rv:78.0) Gecko/20100101 Firefox/78.0"
35.198.83.252 - - [03/Mar/2025:00:55:16 +0100] "GET /Jurek/eurofirany/images/402738/0.jpg HTTP/2.0" 200 66743 "-" "Mozilla/5.0 (Macintosh; Intel Mac OS X 10.15; rv:78.0) Gecko/20100101 Firefox/78.0"
66.211.183.70 - - [03/Mar/2025:00:55:28 +0100] "GET /Jurek/eurofirany/images/428672/0.jpg HTTP/1.1" 200 87776 "-" "scalaj-http/2.4.2"
66.211.183.71 - - [03/Mar/2025:00:55:49 +0100] "GET /Jurek/eurofirany/images/423134/0.jpg HTTP/1.1" 200 0 "-" "scalaj-http/2.4.2"
89.161.206.59 - - [03/Mar/2025:00:55:51 +0100] "GET /Jurek/ekolight/feeds/ekolioght_skroutz.xml HTTP/1.0" 200 9051620 "-" "-"
66.211.183.74 - - [03/Mar/2025:00:56:01 +0100] "GET /Jurek/eurofirany/images/398821/0.jpg HTTP/1.1" 200 28870 "-" "scalaj-http/2.4.2"
66.211.183.70 - - [03/Mar/2025:00:56:04 +0100] "GET /Jurek/eurofirany/images/378046/0.jpg HTTP/1.1" 200 116833 "-" "scalaj-http/2.4.2"
46.101.116.244 - - [03/Mar/2025:00:56:09 +0100] "GET /Jurek/aw/feeds/aw_fnacfr.xml HTTP/1.0" 404 3551 "-" "-"
89.161.206.59 - - [03/Mar/2025:00:56:23 +0100] "GET /Jurek/oromed/feeds/oromed_amazones.xml HTTP/1.0" 200 1048818 "-" "-"
89.161.206.59 - - [03/Mar/2025:00:56:23 +0100] "GET /Jurek/oromed/feeds/oromed_amazonse.xml HTTP/1.0" 200 1049021 "-" "-"
89.161.206.59 - - [03/Mar/2025:00:56:23 +0100] "GET /Jurek/oromed/feeds/oromed_amazonbe.xml HTTP/1.0" 200 1048812 "-" "-"
89.161.206.59 - - [03/Mar/2025:00:56:23 +0100] "GET /Jurek/oromed/feeds/oromed_amazonfr.xml HTTP/1.0" 200 1048835 "-" "-"
66.249.66.66 - - [03/Mar/2025:00:56:24 +0100] "GET /Jurek/eurofirany/images/409906/4.jpg HTTP/1.1" 200 121438 "-" "Googlebot-Image/1.0"
66.211.183.70 - - [03/Mar/2025:00:56:31 +0100] "GET /Jurek/eurofirany/images/383323/0.jpg HTTP/1.1" 200 93037 "-" "scalaj-http/2.4.2"
46.101.116.244 - - [03/Mar/2025:00:56:48 +0100] "GET /Filip/feeds/xlsx_ceneo.xml HTTP/1.0" 200 6241376 "-" "-"
46.101.116.244 - - [03/Mar/2025:00:56:57 +0100] "GET /Jurek/activeshop/feeds/activeshop_mallczsh.xml HTTP/2.0" 200 10467641 "-" "-"
35.198.151.106 - - [03/Mar/2025:00:57:02 +0100] "GET /Jurek/eurofirany/images/391111/0.jpg HTTP/2.0" 200 98566 "-" "Mozilla/5.0 (Macintosh; Intel Mac OS X 10.15; rv:78.0) Gecko/20100101 Firefox/78.0"
89.161.206.59 - - [03/Mar/2025:00:57:29 +0100] "GET /Jurek/b3/feeds/b3_emagro.xml HTTP/1.0" 200 7276581 "-" "-"
89.161.206.59 - - [03/Mar/2025:00:57:30 +0100] "GET /Jurek/narzbud/feeds/narzbud_emagro.xml HTTP/1.0" 200 1958528 "-" "-"
89.161.206.59 - - [03/Mar/2025:00:57:30 +0100] "GET /Jurek/drops/feeds/dropsofficecolection_emagro.xml HTTP/1.0" 200 788088 "-" "-"
89.161.206.59 - - [03/Mar/2025:00:57:30 +0100] "GET /Jurek/swiatecznygoliat/feeds/swiatecznygoliat_emagro.xml HTTP/1.0" 200 7054981 "-" "-"
89.161.206.59 - - [03/Mar/2025:00:57:30 +0100] "GET /Jurek/szpaklampy/feeds/szpaklampy_emagro.xml HTTP/1.0" 200 416573 "-" "-"
89.161.206.59 - - [03/Mar/2025:00:57:31 +0100] "GET /Jurek/spali/feeds/spali_emagro.xml HTTP/1.0" 200 101963 "-" "-"
89.161.206.59 - - [03/Mar/2025:00:57:31 +0100] "GET /Jurek/edruk/feeds/edruk_emagro.xml HTTP/1.0" 200 13455047 "-" "-"
89.161.206.59 - - [03/Mar/2025:00:57:31 +0100] "GET /Jurek/combine/feeds/combine_EMAGRO.xml HTTP/1.0" 200 210574 "-" "-"
89.161.206.59 - - [03/Mar/2025:00:57:31 +0100] "GET /Jurek/cbdgreen/feeds/cbdgreen_emagro.xml HTTP/1.0" 200 50239 "-" "-"
89.161.206.59 - - [03/Mar/2025:00:57:31 +0100] "GET /Jurek/urwiskowo/feeds/urwiskowo_emagro.xml HTTP/1.0" 200 9115414 "-" "-"
89.161.206.59 - - [03/Mar/2025:00:57:31 +0100] "GET /Jurek/velinda/feeds/velinda_emagro.xml HTTP/1.0" 200 4283145 "-" "-"
89.161.206.59 - - [03/Mar/2025:00:57:31 +0100] "GET /Jurek/reman/feeds/reman_emagro.xml HTTP/1.0" 200 1394906 "-" "-"
89.161.206.59 - - [03/Mar/2025:00:57:32 +0100] "GET /Jurek/erohurtownia/feeds/erohurtownia_emagro.xml HTTP/1.0" 200 23314431 "-" "-"
89.161.206.59 - - [03/Mar/2025:00:57:36 +0100] "GET /Jurek/sternhoff/feeds/sternhoff_emagro.xml HTTP/1.0" 200 1776107 "-" "-"
89.161.206.59 - - [03/Mar/2025:00:57:36 +0100] "GET /Jurek/smxdesign/feeds/smxdesign_emagro.xml HTTP/1.0" 200 1829239 "-" "-"
89.161.206.59 - - [03/Mar/2025:00:57:36 +0100] "GET /Jurek/pupus/feeds/pupus_emagro.xml HTTP/1.0" 200 6156236 "-" "-"
89.161.206.59 - - [03/Mar/2025:00:57:37 +0100] "GET /Jurek/beltimore/feeds/beltimore_emagro.xml HTTP/1.0" 200 18651409 "-" "-"
89.161.206.59 - - [03/Mar/2025:00:57:37 +0100] "GET /Jurek/elecomp/feeds/elecomp_skroutz.xml HTTP/1.0" 200 2869623 "-" "-"
46.101.116.244 - - [03/Mar/2025:00:57:42 +0100] "GET /Jurek/intsell/feeds/intsell_emagro.xml HTTP/1.0" 200 338848041 "-" "-"
66.211.183.74 - - [03/Mar/2025:00:57:42 +0100] "GET /Jurek/eurofirany/images/438713/0.jpg HTTP/1.1" 200 82418 "-" "scalaj-http/2.4.2"
66.211.183.74 - - [03/Mar/2025:00:58:21 +0100] "GET /Jurek/eurofirany/images/390014/0.jpg HTTP/1.1" 200 168905 "-" "scalaj-http/2.4.2"
66.211.183.72 - - [03/Mar/2025:00:58:24 +0100] "GET /Jurek/eurofirany/images/416441/0.jpg HTTP/1.1" 200 117339 "-" "scalaj-http/2.4.2"
66.211.183.73 - - [03/Mar/2025:00:58:28 +0100] "GET /Jurek/eurofirany/images/383468/0.jpg HTTP/1.1" 200 86852 "-" "scalaj-http/2.4.2"
66.211.183.74 - - [03/Mar/2025:00:59:35 +0100] "GET /Jurek/eurofirany/images/404523/0.jpg HTTP/1.1" 200 76196 "-" "scalaj-http/2.4.2"
66.211.183.70 - - [03/Mar/2025:00:59:39 +0100] "GET /Jurek/eurofirany/images/410616/0.jpg HTTP/1.1" 200 120283 "-" "scalaj-http/2.4.2"
66.211.183.73 - - [03/Mar/2025:00:59:47 +0100] "GET /Jurek/eurofirany/images/383336/0.jpg HTTP/1.1" 200 76845 "-" "scalaj-http/2.4.2"
164.92.232.189 - - [03/Mar/2025:01:00:02 +0100] "GET /subskrypcje/AMD/feeds/amd_cz.xml HTTP/1.1" 200 518486 "-" "-"
164.92.232.189 - - [03/Mar/2025:01:00:13 +0100] "GET /subskrypcje/AMD/feeds/amd_sk.xml HTTP/1.1" 200 528562 "-" "-"
164.92.232.189 - - [03/Mar/2025:01:00:13 +0100] "GET /subskrypcje/OverHorse/overhorse_mallcz.xml HTTP/1.1" 200 112935 "-" "-"
164.92.232.189 - - [03/Mar/2025:01:00:23 +0100] "GET /subskrypcje/mondex/feeds/mondex_mall_cz.xml HTTP/1.1" 200 2203515 "-" "-"
66.135.202.75 - - [03/Mar/2025:01:00:25 +0100] "GET /Jurek/eurofirany/images/434700/0.jpg HTTP/1.1" 200 61509 "-" "Java/17.0.12.0.101"
52.17.80.36 - - [03/Mar/2025:01:00:31 +0100] "GET /marketplaces/ubaldi/results/ubaldi.csv HTTP/1.1" 200 147219 "-" "Mirakl HttpClient"
46.101.116.244 - - [03/Mar/2025:01:00:43 +0100] "GET /Jurek/hurtownia_przemyslowa/feeds/hp_mallczsh.xml HTTP/2.0" 200 49637707 "-" "-"
89.161.206.59 - - [03/Mar/2025:01:00:46 +0100] "GET /Jurek/kambukka/feeds/kambukka_amazones.xml HTTP/1.0" 200 1043817 "-" "-"
89.161.206.59 - - [03/Mar/2025:01:00:46 +0100] "GET /Jurek/waks/feeds/waks_amazonde.xml HTTP/1.0" 200 6332864 "-" "-"
89.161.206.59 - - [03/Mar/2025:01:00:47 +0100] "GET /Jurek/waks/feeds/waks_amazonfr.xml HTTP/1.0" 200 6332848 "-" "-"
89.161.206.59 - - [03/Mar/2025:01:00:48 +0100] "GET /Jurek/waks/feeds/waks_amazonse.xml HTTP/1.0" 200 6335345 "-" "-"
89.161.206.59 - - [03/Mar/2025:01:00:48 +0100] "GET /Jurek/hdwr/feeds/hdwr_amazonde.xml HTTP/1.0" 200 777766 "-" "-"
89.161.206.59 - - [03/Mar/2025:01:00:48 +0100] "GET /Jurek/hdwr/feeds/hdwr_amazonfr.xml HTTP/1.0" 200 777777 "-" "-"
89.161.206.59 - - [03/Mar/2025:01:00:48 +0100] "GET /Jurek/kambukka/feeds/kambukka_amazonde.xml HTTP/1.0" 200 1043814 "-" "-"
89.161.206.59 - - [03/Mar/2025:01:00:49 +0100] "GET /Jurek/benetech/feeds/benetech_amazonde.xml HTTP/1.0" 200 4451866 "-" "-"
89.161.206.59 - - [03/Mar/2025:01:00:49 +0100] "GET /Jurek/sempler/feeds/sempler_amazonbe.xml HTTP/1.0" 200 6553233 "-" "-"
89.161.206.59 - - [03/Mar/2025:01:00:49 +0100] "GET /Jurek/kambukka/feeds/kambukka_amazonbe.xml HTTP/1.0" 200 1043824 "-" "-"
89.161.206.59 - - [03/Mar/2025:01:00:50 +0100] "GET /Jurek/eroplace/feeds/eroplace_amazonse.xml HTTP/1.0" 200 30863400 "-" "-"
89.161.206.59 - - [03/Mar/2025:01:00:53 +0100] "GET /Jurek/b3/feeds/b3_amazones.xml HTTP/1.0" 200 7274104 "-" "-"
89.161.206.59 - - [03/Mar/2025:01:00:54 +0100] "GET /Jurek/b3/feeds/b3_amazonbe.xml HTTP/1.0" 200 7273976 "-" "-"
46.101.116.244 - - [03/Mar/2025:01:00:54 +0100] "GET /Jurek/aw/feeds/aw_fnacfr.xml HTTP/1.0" 404 3551 "-" "-"
66.211.183.70 - - [03/Mar/2025:01:01:02 +0100] "GET /Jurek/eurofirany/images/390061/0.jpg HTTP/1.1" 200 162081 "-" "scalaj-http/2.4.2"
46.101.116.244 - - [03/Mar/2025:01:01:10 +0100] "GET /Jurek/action/feeds/action_mallczsh.xml HTTP/2.0" 200 55203112 "-" "-"
66.211.183.70 - - [03/Mar/2025:01:01:29 +0100] "GET /Jurek/eurofirany/images/383175/0.jpg HTTP/1.1" 200 75101 "-" "scalaj-http/2.4.2"
46.101.116.244 - - [03/Mar/2025:01:01:31 +0100] "GET /Filip/feeds/xlsx_ceneo.xml HTTP/1.0" 200 6241376 "-" "-"
66.211.183.70 - - [03/Mar/2025:01:01:46 +0100] "GET /Jurek/topeshop/downloaded_images/5902838467459_1.jpg HTTP/1.1" 404 3551 "-" "scalaj-http/2.4.2"
52.17.80.36 - - [03/Mar/2025:01:01:56 +0100] "GET /marketplaces/rue/results/rue.csv HTTP/1.1" 200 147219 "-" "Mirakl HttpClient"
66.211.183.74 - - [03/Mar/2025:01:03:15 +0100] "GET /Jurek/eurofirany/images/390177/0.jpg HTTP/1.1" 200 215707 "-" "scalaj-http/2.4.2"
66.249.66.66 - - [03/Mar/2025:01:03:19 +0100] "GET /Jurek/eurofirany/images/392135/5.jpg HTTP/1.1" 200 33 "-" "Googlebot-Image/1.0"
66.211.183.74 - - [03/Mar/2025:01:03:27 +0100] "GET /Jurek/eurofirany/images/409910/0.jpg HTTP/1.1" 200 84953 "-" "scalaj-http/2.4.2"
46.101.116.244 - - [03/Mar/2025:01:03:36 +0100] "GET /Jurek/vidaCZ/feeds/vidaGS1_cz_Mall.xml HTTP/2.0" 200 653637537 "-" "-"
66.211.183.73 - - [03/Mar/2025:01:03:37 +0100] "GET /Jurek/eurofirany/images/403504/0.jpg HTTP/1.1" 200 34762 "-" "scalaj-http/2.4.2"
66.249.66.66 - - [03/Mar/2025:01:04:46 +0100] "GET /Jurek/eurofirany/images/390391/4.jpg HTTP/1.1" 200 242757 "-" "Googlebot-Image/1.0"
66.211.183.73 - - [03/Mar/2025:01:04:56 +0100] "GET /Jurek/eurofirany/images/383470/0.jpg HTTP/1.1" 200 86852 "-" "scalaj-http/2.4.2"
46.101.116.244 - - [03/Mar/2025:01:05:02 +0100] "GET /Jurek/teamson/feeds/teamson_mallczsh.xml HTTP/2.0" 200 1095175 "-" "-"
