34.133.239.145 - - [03/Mar/2025:13:58:48 +0100] "GET /Jurek/eurofirany/images/372641/0.jpg HTTP/1.1" 200 59591 "-" "Mozilla/5.0 (X11; Linux x86_64) AppleWebKit/537.36 (KHTML, like Gecko) Chrome/110.0.0.0 Safari/537.36"
89.161.206.59 - - [03/Mar/2025:13:58:48 +0100] "GET /Jurek/b3/feeds/b3_emagro.xml HTTP/1.0" 200 7273130 "-" "-"
89.161.206.59 - - [03/Mar/2025:13:58:49 +0100] "GET /Jurek/narzbud/feeds/narzbud_emagro.xml HTTP/1.0" 200 1958489 "-" "-"
209.163.116.18 - - [03/Mar/2025:13:58:49 +0100] "GET /Jurek/eurofirany/images/372659/6.jpg HTTP/2.0" 200 6595 "-" "Mozilla/5.0 (X11; Linux x86_64) AppleWebKit/537.36 (KHTML, like Gecko) Chrome/110.0.0.0 Safari/537.36"
89.161.206.59 - - [03/Mar/2025:13:58:49 +0100] "GET /Jurek/swiatecznygoliat/feeds/swiatecznygoliat_emagro.xml HTTP/1.0" 200 7054981 "-" "-"
89.161.206.59 - - [03/Mar/2025:13:58:49 +0100] "GET /Jurek/drops/feeds/dropsofficecolection_emagro.xml HTTP/1.0" 200 788082 "-" "-"
89.161.206.59 - - [03/Mar/2025:13:58:50 +0100] "GET /Jurek/szpaklampy/feeds/szpaklampy_emagro.xml HTTP/1.0" 200 416583 "-" "-"
89.161.206.59 - - [03/Mar/2025:13:58:50 +0100] "GET /Jurek/spali/feeds/spali_emagro.xml HTTP/1.0" 200 101968 "-" "-"
89.161.206.59 - - [03/Mar/2025:13:58:50 +0100] "GET /Jurek/edruk/feeds/edruk_emagro.xml HTTP/1.0" 200 13455297 "-" "-"
89.161.206.59 - - [03/Mar/2025:13:58:50 +0100] "GET /Jurek/combine/feeds/combine_EMAGRO.xml HTTP/1.0" 200 210570 "-" "-"
89.161.206.59 - - [03/Mar/2025:13:58:50 +0100] "GET /Jurek/cbdgreen/feeds/cbdgreen_emagro.xml HTTP/1.0" 200 50237 "-" "-"
89.161.206.59 - - [03/Mar/2025:13:58:50 +0100] "GET /Jurek/velinda/feeds/velinda_emagro.xml HTTP/1.0" 200 4283034 "-" "-"
89.161.206.59 - - [03/Mar/2025:13:58:50 +0100] "GET /Jurek/urwiskowo/feeds/urwiskowo_emagro.xml HTTP/1.0" 200 9116280 "-" "-"
89.161.206.59 - - [03/Mar/2025:13:58:50 +0100] "GET /Jurek/reman/feeds/reman_emagro.xml HTTP/1.0" 200 1394912 "-" "-"
89.161.206.59 - - [03/Mar/2025:13:58:51 +0100] "GET /Jurek/erohurtownia/feeds/erohurtownia_emagro.xml HTTP/1.0" 200 23314348 "-" "-"
23.230.39.230 - - [03/Mar/2025:13:58:54 +0100] "GET /Jurek/eurofirany/images/372659/6.jpg HTTP/2.0" 200 6595 "-" "Mozilla/5.0 (X11; Linux x86_64) AppleWebKit/537.36 (KHTML, like Gecko) Chrome/110.0.0.0 Safari/537.36"
89.161.206.59 - - [03/Mar/2025:13:58:55 +0100] "GET /Jurek/pupus/feeds/pupus_emagro.xml HTTP/1.0" 200 6156185 "-" "-"
89.161.206.59 - - [03/Mar/2025:13:58:55 +0100] "GET /Jurek/smxdesign/feeds/smxdesign_emagro.xml HTTP/1.0" 200 1829249 "-" "-"
89.161.206.59 - - [03/Mar/2025:13:58:55 +0100] "GET /Jurek/sternhoff/feeds/sternhoff_emagro.xml HTTP/1.0" 200 1776101 "-" "-"
89.161.206.59 - - [03/Mar/2025:13:58:55 +0100] "GET /Jurek/beltimore/feeds/beltimore_emagro.xml HTTP/1.0" 200 18651267 "-" "-"
46.101.116.244 - - [03/Mar/2025:13:58:58 +0100] "GET /Jurek/intsell/feeds/intsell_emagro.xml HTTP/1.0" 200 338848282 "-" "-"
34.133.239.145 - - [03/Mar/2025:13:59:02 +0100] "GET /Jurek/eurofirany/images/372659/0.jpg HTTP/1.1" 200 69040 "-" "Mozilla/5.0 (X11; Linux x86_64) AppleWebKit/537.36 (KHTML, like Gecko) Chrome/110.0.0.0 Safari/537.36"
34.133.239.145 - - [03/Mar/2025:13:59:04 +0100] "GET /Jurek/topeshop/downloaded_images/5902838463741_ar2_cc_.RGB_color.0006.jpg HTTP/1.1" 200 123579 "-" "Mozilla/5.0 (X11; Linux x86_64) AppleWebKit/537.36 (KHTML, like Gecko) Chrome/110.0.0.0 Safari/537.36"
34.72.247.156 - - [03/Mar/2025:13:59:04 +0100] "GET /Jurek/topeshop/downloaded_images/5902838466681_I_RTV-140-MALWA_o_A.jpg HTTP/1.1" 200 138461 "-" "Mozilla/5.0 (X11; Linux x86_64) AppleWebKit/537.36 (KHTML, like Gecko) Chrome/110.0.0.0 Safari/537.36"
34.133.239.145 - - [03/Mar/2025:13:59:05 +0100] "GET /Jurek/topeshop/downloaded_images/5902838463741_blackRtv-140.jpg HTTP/1.1" 404 3551 "-" "Mozilla/5.0 (X11; Linux x86_64) AppleWebKit/537.36 (KHTML, like Gecko) Chrome/110.0.0.0 Safari/537.36"
34.72.247.156 - - [03/Mar/2025:13:59:05 +0100] "GET /Jurek/topeshop/downloaded_images/5902838466681_Artisan_Rtv.jpg HTTP/1.1" 404 3551 "-" "Mozilla/5.0 (X11; Linux x86_64) AppleWebKit/537.36 (KHTML, like Gecko) Chrome/110.0.0.0 Safari/537.36"
67.226.219.48 - - [03/Mar/2025:13:59:09 +0100] "GET /Jurek/topeshop/downloaded_images/5902838466681_Artisan_Rtv.jpg HTTP/2.0" 404 3551 "-" "Mozilla/5.0 (X11; Linux x86_64) AppleWebKit/537.36 (KHTML, like Gecko) Chrome/110.0.0.0 Safari/537.36"
167.160.72.14 - - [03/Mar/2025:13:59:09 +0100] "GET /Jurek/topeshop/downloaded_images/5902838463741_blackRtv-140.jpg HTTP/2.0" 404 3551 "-" "Mozilla/5.0 (X11; Linux x86_64) AppleWebKit/537.36 (KHTML, like Gecko) Chrome/110.0.0.0 Safari/537.36"
89.161.206.59 - - [03/Mar/2025:13:59:12 +0100] "GET /Jurek/waks/feeds/waks_allegro.xml HTTP/1.0" 200 6333644 "-" "-"
166.88.31.175 - - [03/Mar/2025:13:59:13 +0100] "GET /Jurek/topeshop/downloaded_images/5902838463741_blackRtv-140.jpg HTTP/2.0" 404 3551 "-" "Mozilla/5.0 (X11; Linux x86_64) AppleWebKit/537.36 (KHTML, like Gecko) Chrome/110.0.0.0 Safari/537.36"
170.199.227.144 - - [03/Mar/2025:13:59:14 +0100] "GET /Jurek/topeshop/downloaded_images/5902838466681_Artisan_Rtv.jpg HTTP/2.0" 404 3551 "-" "Mozilla/5.0 (X11; Linux x86_64) AppleWebKit/537.36 (KHTML, like Gecko) Chrome/110.0.0.0 Safari/537.36"
34.72.247.156 - - [03/Mar/2025:13:59:14 +0100] "GET /Jurek/topeshop/downloaded_images/5902838463741_20st_close.jpg HTTP/1.1" 404 3551 "-" "Mozilla/5.0 (X11; Linux x86_64) AppleWebKit/537.36 (KHTML, like Gecko) Chrome/110.0.0.0 Safari/537.36"
34.72.247.156 - - [03/Mar/2025:13:59:15 +0100] "GET /Jurek/topeshop/downloaded_images/5902838466681_3.png HTTP/1.1" 404 3551 "-" "Mozilla/5.0 (X11; Linux x86_64) AppleWebKit/537.36 (KHTML, like Gecko) Chrome/110.0.0.0 Safari/537.36"
147.53.125.170 - - [03/Mar/2025:13:59:17 +0100] "GET /Jurek/topeshop/downloaded_images/5902838463741_20st_close.jpg HTTP/2.0" 404 3551 "-" "Mozilla/5.0 (X11; Linux x86_64) AppleWebKit/537.36 (KHTML, like Gecko) Chrome/110.0.0.0 Safari/537.36"
136.0.46.90 - - [03/Mar/2025:13:59:18 +0100] "GET /Jurek/topeshop/downloaded_images/5902838466681_3.png HTTP/2.0" 404 3551 "-" "Mozilla/5.0 (X11; Linux x86_64) AppleWebKit/537.36 (KHTML, like Gecko) Chrome/110.0.0.0 Safari/537.36"
45.39.255.226 - - [03/Mar/2025:13:59:21 +0100] "GET /Jurek/topeshop/downloaded_images/5902838463741_20st_close.jpg HTTP/2.0" 404 3551 "-" "Mozilla/5.0 (X11; Linux x86_64) AppleWebKit/537.36 (KHTML, like Gecko) Chrome/110.0.0.0 Safari/537.36"
147.53.125.170 - - [03/Mar/2025:13:59:22 +0100] "GET /Jurek/topeshop/downloaded_images/5902838466681_3.png HTTP/2.0" 404 3551 "-" "Mozilla/5.0 (X11; Linux x86_64) AppleWebKit/537.36 (KHTML, like Gecko) Chrome/110.0.0.0 Safari/537.36"
3.74.7.74 - - [03/Mar/2025:13:59:28 +0100] "GET /Jurek/topeshop/downloaded_images/5904507208967_M2_0002.png HTTP/2.0" 200 131486 "-" "Mozilla/5.0 (Windows NT 10.0; Win64; x64) AppleWebKit/537.36 (KHTML, like Gecko) Chrome/109.0.0.0 Safari/537.36"
18.157.125.26 - - [03/Mar/2025:13:59:28 +0100] "GET /Jurek/topeshop/downloaded_images/5904507201609_20_st_close_artisan.jpg HTTP/2.0" 200 65686 "-" "Mozilla/5.0 (Windows NT 10.0; Win64; x64) AppleWebKit/537.36 (KHTML, like Gecko) Chrome/109.0.0.0 Safari/537.36"
3.74.7.74 - - [03/Mar/2025:13:59:28 +0100] "GET /Jurek/topeshop/downloaded_images/5904507209452_isoczarne1bry%C5%82ka.jpg HTTP/2.0" 200 53516 "-" "Mozilla/5.0 (Windows NT 10.0; Win64; x64) AppleWebKit/537.36 (KHTML, like Gecko) Chrome/109.0.0.0 Safari/537.36"
3.74.7.74 - - [03/Mar/2025:13:59:28 +0100] "GET /Jurek/topeshop/downloaded_images/5904507200589_1.jpg HTTP/2.0" 200 25667 "-" "Mozilla/5.0 (Windows NT 10.0; Win64; x64) AppleWebKit/537.36 (KHTML, like Gecko) Chrome/109.0.0.0 Safari/537.36"
3.74.7.74 - - [03/Mar/2025:13:59:28 +0100] "GET /Jurek/topeshop/downloaded_images/5904507209018_M2_0001.png HTTP/2.0" 200 145383 "-" "Mozilla/5.0 (Windows NT 10.0; Win64; x64) AppleWebKit/537.36 (KHTML, like Gecko) Chrome/109.0.0.0 Safari/537.36"
3.126.202.245 - - [03/Mar/2025:13:59:28 +0100] "GET /Jurek/topeshop/downloaded_images/5904507209667_PROFILOWEE.jpg HTTP/2.0" 200 69731 "-" "Mozilla/5.0 (Windows NT 10.0; Win64; x64) AppleWebKit/537.36 (KHTML, like Gecko) Chrome/109.0.0.0 Safari/537.36"
3.74.7.74 - - [03/Mar/2025:13:59:28 +0100] "GET /Jurek/topeshop/downloaded_images/5904507209001_M1_0001.png HTTP/2.0" 200 252352 "-" "Mozilla/5.0 (Windows NT 10.0; Win64; x64) AppleWebKit/537.36 (KHTML, like Gecko) Chrome/109.0.0.0 Safari/537.36"
3.126.202.245 - - [03/Mar/2025:13:59:28 +0100] "GET /Jurek/topeshop/downloaded_images/5902838468685_KOLKA-GUMOWE-KAUCZUKOWE-MOCNE-DO-FOTELA-OBROTOWEGO.jpg HTTP/2.0" 200 21599 "-" "Mozilla/5.0 (Windows NT 10.0; Win64; x64) AppleWebKit/537.36 (KHTML, like Gecko) Chrome/109.0.0.0 Safari/537.36"
3.74.7.74 - - [03/Mar/2025:13:59:28 +0100] "GET /Jurek/topeshop/downloaded_images/5902838464397_2-biel.jpg HTTP/2.0" 200 26201 "-" "Mozilla/5.0 (Windows NT 10.0; Win64; x64) AppleWebKit/537.36 (KHTML, like Gecko) Chrome/109.0.0.0 Safari/537.36"
34.133.239.145 - - [03/Mar/2025:13:59:31 +0100] "GET /Jurek/eurofirany/images/372639/1.jpg HTTP/1.1" 200 41854 "-" "Mozilla/5.0 (X11; Linux x86_64) AppleWebKit/537.36 (KHTML, like Gecko) Chrome/110.0.0.0 Safari/537.36"
34.72.247.156 - - [03/Mar/2025:13:59:33 +0100] "GET /Jurek/eurofirany/images/372650/2.jpg HTTP/1.1" 200 218484 "-" "Mozilla/5.0 (X11; Linux x86_64) AppleWebKit/537.36 (KHTML, like Gecko) Chrome/110.0.0.0 Safari/537.36"
34.72.247.156 - - [03/Mar/2025:13:59:36 +0100] "GET /Jurek/eurofirany/images/372650/3.jpg HTTP/1.1" 200 115729 "-" "Mozilla/5.0 (X11; Linux x86_64) AppleWebKit/537.36 (KHTML, like Gecko) Chrome/110.0.0.0 Safari/537.36"
34.72.247.156 - - [03/Mar/2025:13:59:37 +0100] "GET /Jurek/eurofirany/images/372650/4.jpg HTTP/1.1" 200 54965 "-" "Mozilla/5.0 (X11; Linux x86_64) AppleWebKit/537.36 (KHTML, like Gecko) Chrome/110.0.0.0 Safari/537.36"
34.72.247.156 - - [03/Mar/2025:13:59:37 +0100] "GET /Jurek/eurofirany/images/372650/5.jpg HTTP/1.1" 200 46832 "-" "Mozilla/5.0 (X11; Linux x86_64) AppleWebKit/537.36 (KHTML, like Gecko) Chrome/110.0.0.0 Safari/537.36"
34.133.239.145 - - [03/Mar/2025:13:59:38 +0100] "GET /Jurek/eurofirany/images/372639/2.jpg HTTP/1.1" 200 116450 "-" "Mozilla/5.0 (X11; Linux x86_64) AppleWebKit/537.36 (KHTML, like Gecko) Chrome/110.0.0.0 Safari/537.36"
34.72.247.156 - - [03/Mar/2025:13:59:38 +0100] "GET /Jurek/eurofirany/images/372650/6.jpg HTTP/1.1" 200 6595 "-" "Mozilla/5.0 (X11; Linux x86_64) AppleWebKit/537.36 (KHTML, like Gecko) Chrome/110.0.0.0 Safari/537.36"
34.133.239.145 - - [03/Mar/2025:13:59:39 +0100] "GET /Jurek/eurofirany/images/372639/3.jpg HTTP/1.1" 200 69681 "-" "Mozilla/5.0 (X11; Linux x86_64) AppleWebKit/537.36 (KHTML, like Gecko) Chrome/110.0.0.0 Safari/537.36"
34.133.239.145 - - [03/Mar/2025:13:59:41 +0100] "GET /Jurek/eurofirany/images/372639/4.jpg HTTP/1.1" 200 44589 "-" "Mozilla/5.0 (X11; Linux x86_64) AppleWebKit/537.36 (KHTML, like Gecko) Chrome/110.0.0.0 Safari/537.36"
142.147.108.18 - - [03/Mar/2025:13:59:41 +0100] "GET /Jurek/eurofirany/images/372650/6.jpg HTTP/2.0" 200 6595 "-" "Mozilla/5.0 (X11; Linux x86_64) AppleWebKit/537.36 (KHTML, like Gecko) Chrome/110.0.0.0 Safari/537.36"
34.72.247.156 - - [03/Mar/2025:13:59:42 +0100] "GET /Jurek/eurofirany/images/372639/5.jpg HTTP/1.1" 200 39338 "-" "Mozilla/5.0 (X11; Linux x86_64) AppleWebKit/537.36 (KHTML, like Gecko) Chrome/110.0.0.0 Safari/537.36"
34.72.247.156 - - [03/Mar/2025:13:59:43 +0100] "GET /Jurek/eurofirany/images/372639/6.jpg HTTP/1.1" 200 6595 "-" "Mozilla/5.0 (X11; Linux x86_64) AppleWebKit/537.36 (KHTML, like Gecko) Chrome/110.0.0.0 Safari/537.36"
136.0.90.54 - - [03/Mar/2025:13:59:46 +0100] "GET /Jurek/eurofirany/images/372639/6.jpg HTTP/2.0" 200 6595 "-" "Mozilla/5.0 (X11; Linux x86_64) AppleWebKit/537.36 (KHTML, like Gecko) Chrome/110.0.0.0 Safari/537.36"
45.39.255.231 - - [03/Mar/2025:13:59:47 +0100] "GET /Jurek/eurofirany/images/372650/6.jpg HTTP/2.0" 200 6595 "-" "Mozilla/5.0 (X11; Linux x86_64) AppleWebKit/537.36 (KHTML, like Gecko) Chrome/110.0.0.0 Safari/537.36"
34.72.247.156 - - [03/Mar/2025:13:59:47 +0100] "GET /Jurek/eurofirany/images/372650/0.jpg HTTP/1.1" 200 72110 "-" "Mozilla/5.0 (X11; Linux x86_64) AppleWebKit/537.36 (KHTML, like Gecko) Chrome/110.0.0.0 Safari/537.36"
142.147.104.179 - - [03/Mar/2025:13:59:51 +0100] "GET /Jurek/eurofirany/images/372639/6.jpg HTTP/2.0" 200 6595 "-" "Mozilla/5.0 (X11; Linux x86_64) AppleWebKit/537.36 (KHTML, like Gecko) Chrome/110.0.0.0 Safari/537.36"
34.72.247.156 - - [03/Mar/2025:13:59:51 +0100] "GET /Jurek/eurofirany/images/372639/0.jpg HTTP/1.1" 200 59591 "-" "Mozilla/5.0 (X11; Linux x86_64) AppleWebKit/537.36 (KHTML, like Gecko) Chrome/110.0.0.0 Safari/537.36"
34.72.247.156 - - [03/Mar/2025:14:00:11 +0100] "GET /Jurek/eurofirany/images/372967/1.jpg HTTP/1.1" 200 51389 "-" "Mozilla/5.0 (X11; Linux x86_64) AppleWebKit/537.36 (KHTML, like Gecko) Chrome/110.0.0.0 Safari/537.36"
34.72.247.156 - - [03/Mar/2025:14:00:12 +0100] "GET /Jurek/eurofirany/images/372967/2.jpg HTTP/1.1" 200 218484 "-" "Mozilla/5.0 (X11; Linux x86_64) AppleWebKit/537.36 (KHTML, like Gecko) Chrome/110.0.0.0 Safari/537.36"
34.133.239.145 - - [03/Mar/2025:14:00:13 +0100] "GET /Jurek/eurofirany/images/372967/3.jpg HTTP/1.1" 200 115729 "-" "Mozilla/5.0 (X11; Linux x86_64) AppleWebKit/537.36 (KHTML, like Gecko) Chrome/110.0.0.0 Safari/537.36"
34.72.247.156 - - [03/Mar/2025:14:00:15 +0100] "GET /Jurek/eurofirany/images/372644/1.jpg HTTP/1.1" 200 61390 "-" "Mozilla/5.0 (X11; Linux x86_64) AppleWebKit/537.36 (KHTML, like Gecko) Chrome/110.0.0.0 Safari/537.36"
34.133.239.145 - - [03/Mar/2025:14:00:16 +0100] "GET /Jurek/eurofirany/images/372967/4.jpg HTTP/1.1" 200 54965 "-" "Mozilla/5.0 (X11; Linux x86_64) AppleWebKit/537.36 (KHTML, like Gecko) Chrome/110.0.0.0 Safari/537.36"
34.133.239.145 - - [03/Mar/2025:14:00:17 +0100] "GET /Jurek/eurofirany/images/372644/2.jpg HTTP/1.1" 200 163000 "-" "Mozilla/5.0 (X11; Linux x86_64) AppleWebKit/537.36 (KHTML, like Gecko) Chrome/110.0.0.0 Safari/537.36"
34.133.239.145 - - [03/Mar/2025:14:00:17 +0100] "GET /Jurek/eurofirany/images/372967/5.jpg HTTP/1.1" 200 46832 "-" "Mozilla/5.0 (X11; Linux x86_64) AppleWebKit/537.36 (KHTML, like Gecko) Chrome/110.0.0.0 Safari/537.36"
66.135.202.73 - - [03/Mar/2025:14:00:17 +0100] "GET /Jurek/eurofirany/images/391012/0.jpg HTTP/1.1" 200 184830 "-" "Java/17.0.12.0.101"
34.133.239.145 - - [03/Mar/2025:14:00:18 +0100] "GET /Jurek/eurofirany/images/372967/6.jpg HTTP/1.1" 200 6595 "-" "Mozilla/5.0 (X11; Linux x86_64) AppleWebKit/537.36 (KHTML, like Gecko) Chrome/110.0.0.0 Safari/537.36"
34.133.239.145 - - [03/Mar/2025:14:00:18 +0100] "GET /Jurek/eurofirany/images/372644/3.jpg HTTP/1.1" 200 134694 "-" "Mozilla/5.0 (X11; Linux x86_64) AppleWebKit/537.36 (KHTML, like Gecko) Chrome/110.0.0.0 Safari/537.36"
34.133.239.145 - - [03/Mar/2025:14:00:19 +0100] "GET /Jurek/eurofirany/images/372644/4.jpg HTTP/1.1" 200 61732 "-" "Mozilla/5.0 (X11; Linux x86_64) AppleWebKit/537.36 (KHTML, like Gecko) Chrome/110.0.0.0 Safari/537.36"
34.133.239.145 - - [03/Mar/2025:14:00:19 +0100] "GET /Jurek/eurofirany/images/372644/5.jpg HTTP/1.1" 200 52305 "-" "Mozilla/5.0 (X11; Linux x86_64) AppleWebKit/537.36 (KHTML, like Gecko) Chrome/110.0.0.0 Safari/537.36"
34.72.247.156 - - [03/Mar/2025:14:00:20 +0100] "GET /Jurek/eurofirany/images/372644/6.jpg HTTP/1.1" 200 6595 "-" "Mozilla/5.0 (X11; Linux x86_64) AppleWebKit/537.36 (KHTML, like Gecko) Chrome/110.0.0.0 Safari/537.36"
167.160.76.193 - - [03/Mar/2025:14:00:21 +0100] "GET /Jurek/eurofirany/images/372967/6.jpg HTTP/2.0" 200 6595 "-" "Mozilla/5.0 (X11; Linux x86_64) AppleWebKit/537.36 (KHTML, like Gecko) Chrome/110.0.0.0 Safari/537.36"
67.218.4.196 - - [03/Mar/2025:14:00:23 +0100] "GET /Jurek/eurofirany/images/372644/6.jpg HTTP/2.0" 200 6595 "-" "Mozilla/5.0 (X11; Linux x86_64) AppleWebKit/537.36 (KHTML, like Gecko) Chrome/110.0.0.0 Safari/537.36"
172.252.233.245 - - [03/Mar/2025:14:00:26 +0100] "GET /Jurek/eurofirany/images/372967/6.jpg HTTP/2.0" 200 6595 "-" "Mozilla/5.0 (X11; Linux x86_64) AppleWebKit/537.36 (KHTML, like Gecko) Chrome/110.0.0.0 Safari/537.36"
34.72.247.156 - - [03/Mar/2025:14:00:27 +0100] "GET /Jurek/eurofirany/images/372967/0.jpg HTTP/1.1" 200 72110 "-" "Mozilla/5.0 (X11; Linux x86_64) AppleWebKit/537.36 (KHTML, like Gecko) Chrome/110.0.0.0 Safari/537.36"
172.252.233.245 - - [03/Mar/2025:14:00:27 +0100] "GET /Jurek/eurofirany/images/372644/6.jpg HTTP/2.0" 200 6595 "-" "Mozilla/5.0 (X11; Linux x86_64) AppleWebKit/537.36 (KHTML, like Gecko) Chrome/110.0.0.0 Safari/537.36"
34.72.247.156 - - [03/Mar/2025:14:00:28 +0100] "GET /Jurek/eurofirany/images/372644/0.jpg HTTP/1.1" 200 67943 "-" "Mozilla/5.0 (X11; Linux x86_64) AppleWebKit/537.36 (KHTML, like Gecko) Chrome/110.0.0.0 Safari/537.36"
66.135.202.74 - - [03/Mar/2025:14:00:28 +0100] "GET /Jurek/topeshop/downloaded_images/5904507201944_RTV120MALWA_AAA.jpg HTTP/1.1" 200 38158 "-" "Java/17.0.12.0.101"
34.72.247.156 - - [03/Mar/2025:14:00:32 +0100] "GET /Jurek/topeshop/downloaded_images/5902838461273_ar2_ss_.RGB_color.0003.jpg HTTP/1.1" 200 137343 "-" "Mozilla/5.0 (X11; Linux x86_64) AppleWebKit/537.36 (KHTML, like Gecko) Chrome/110.0.0.0 Safari/537.36"
40.77.167.149 - - [03/Mar/2025:14:00:32 +0100] "GET /Jurek/topeshop/downloaded_images/5902838464359_KUBABIURKOBRY%C5%81KABIELBOKZM.jpg HTTP/2.0" 404 3551 "-" "Mozilla/5.0 AppleWebKit/537.36 (KHTML, like Gecko; compatible; bingbot/2.0; +http://www.bing.com/bingbot.htm) Chrome/116.0.1938.76 Safari/537.36"
85.14.86.141 - - [03/Mar/2025:14:00:32 +0100] "GET /Jurek/vida_morele/feeds/VidaPL_all.xml HTTP/2.0" 200 690844458 "-" "MarketplaceAPI curl/7.64.0 PHP/8"
34.72.247.156 - - [03/Mar/2025:14:00:33 +0100] "GET /Jurek/topeshop/downloaded_images/5902838461273_I_RTV-140-MALWA_2_S.jpg HTTP/1.1" 200 131398 "-" "Mozilla/5.0 (X11; Linux x86_64) AppleWebKit/537.36 (KHTML, like Gecko) Chrome/110.0.0.0 Safari/537.36"
34.72.247.156 - - [03/Mar/2025:14:00:34 +0100] "GET /Jurek/topeshop/downloaded_images/5902838461273_I_RTV-140-MALWA_o_S.jpg HTTP/1.1" 200 140612 "-" "Mozilla/5.0 (X11; Linux x86_64) AppleWebKit/537.36 (KHTML, like Gecko) Chrome/110.0.0.0 Safari/537.36"
34.72.247.156 - - [03/Mar/2025:14:00:35 +0100] "GET /Jurek/topeshop/downloaded_images/5902838461273_I_RTV-140-MALWA_S.jpg HTTP/1.1" 200 141531 "-" "Mozilla/5.0 (X11; Linux x86_64) AppleWebKit/537.36 (KHTML, like Gecko) Chrome/110.0.0.0 Safari/537.36"
34.72.247.156 - - [03/Mar/2025:14:00:35 +0100] "GET /Jurek/eurofirany/images/372651/3.jpg HTTP/1.1" 200 115729 "-" "Mozilla/5.0 (X11; Linux x86_64) AppleWebKit/537.36 (KHTML, like Gecko) Chrome/110.0.0.0 Safari/537.36"
34.72.247.156 - - [03/Mar/2025:14:00:36 +0100] "GET /Jurek/topeshop/downloaded_images/5902838461273_Sonoma_Rtv.jpg HTTP/1.1" 404 3551 "-" "Mozilla/5.0 (X11; Linux x86_64) AppleWebKit/537.36 (KHTML, like Gecko) Chrome/110.0.0.0 Safari/537.36"
34.72.247.156 - - [03/Mar/2025:14:00:38 +0100] "GET /Jurek/eurofirany/images/372651/4.jpg HTTP/1.1" 200 54965 "-" "Mozilla/5.0 (X11; Linux x86_64) AppleWebKit/537.36 (KHTML, like Gecko) Chrome/110.0.0.0 Safari/537.36"
142.147.108.100 - - [03/Mar/2025:14:00:39 +0100] "GET /Jurek/topeshop/downloaded_images/5902838461273_Sonoma_Rtv.jpg HTTP/2.0" 404 3551 "-" "Mozilla/5.0 (X11; Linux x86_64) AppleWebKit/537.36 (KHTML, like Gecko) Chrome/110.0.0.0 Safari/537.36"
34.72.247.156 - - [03/Mar/2025:14:00:39 +0100] "GET /Jurek/eurofirany/images/372651/5.jpg HTTP/1.1" 200 46832 "-" "Mozilla/5.0 (X11; Linux x86_64) AppleWebKit/537.36 (KHTML, like Gecko) Chrome/110.0.0.0 Safari/537.36"
34.72.247.156 - - [03/Mar/2025:14:00:39 +0100] "GET /Jurek/eurofirany/images/372651/6.jpg HTTP/1.1" 200 6595 "-" "Mozilla/5.0 (X11; Linux x86_64) AppleWebKit/537.36 (KHTML, like Gecko) Chrome/110.0.0.0 Safari/537.36"
172.96.80.214 - - [03/Mar/2025:14:00:42 +0100] "GET /Jurek/eurofirany/images/372651/6.jpg HTTP/2.0" 200 6595 "-" "Mozilla/5.0 (X11; Linux x86_64) AppleWebKit/537.36 (KHTML, like Gecko) Chrome/110.0.0.0 Safari/537.36"
130.44.202.51 - - [03/Mar/2025:14:00:43 +0100] "GET /Jurek/topeshop/downloaded_images/5902838461273_Sonoma_Rtv.jpg HTTP/2.0" 404 3551 "-" "Mozilla/5.0 (X11; Linux x86_64) AppleWebKit/537.36 (KHTML, like Gecko) Chrome/110.0.0.0 Safari/537.36"
52.17.80.36 - - [03/Mar/2025:14:00:44 +0100] "GET /marketplaces/ubaldi/results/ubaldi.csv HTTP/1.1" 200 147219 "-" "Mirakl HttpClient"
34.72.247.156 - - [03/Mar/2025:14:00:44 +0100] "GET /Jurek/topeshop/downloaded_images/5902838461273_3.png HTTP/1.1" 404 3551 "-" "Mozilla/5.0 (X11; Linux x86_64) AppleWebKit/537.36 (KHTML, like Gecko) Chrome/110.0.0.0 Safari/537.36"
152.44.101.61 - - [03/Mar/2025:14:00:46 +0100] "GET /Jurek/eurofirany/images/372651/6.jpg HTTP/2.0" 200 6595 "-" "Mozilla/5.0 (X11; Linux x86_64) AppleWebKit/537.36 (KHTML, like Gecko) Chrome/110.0.0.0 Safari/537.36"
208.52.181.173 - - [03/Mar/2025:14:00:47 +0100] "GET /Jurek/topeshop/downloaded_images/5902838461273_3.png HTTP/2.0" 404 3551 "-" "Mozilla/5.0 (X11; Linux x86_64) AppleWebKit/537.36 (KHTML, like Gecko) Chrome/110.0.0.0 Safari/537.36"
34.72.247.156 - - [03/Mar/2025:14:00:48 +0100] "GET /Jurek/eurofirany/images/372651/0.jpg HTTP/1.1" 200 72110 "-" "Mozilla/5.0 (X11; Linux x86_64) AppleWebKit/537.36 (KHTML, like Gecko) Chrome/110.0.0.0 Safari/537.36"
216.213.27.210 - - [03/Mar/2025:14:00:51 +0100] "GET /Jurek/topeshop/downloaded_images/5902838461273_3.png HTTP/2.0" 404 3551 "-" "Mozilla/5.0 (X11; Linux x86_64) AppleWebKit/537.36 (KHTML, like Gecko) Chrome/110.0.0.0 Safari/537.36"
66.211.183.71 - - [03/Mar/2025:14:01:19 +0100] "GET /Jurek/eurofirany/images/408265/0.jpg HTTP/1.1" 200 75647 "-" "scalaj-http/2.4.2"
66.249.66.66 - - [03/Mar/2025:14:01:25 +0100] "GET /Jurek/eurofirany/images/387144/5.jpg HTTP/1.1" 200 188411 "-" "Googlebot-Image/1.0"
193.33.8.61 - - [03/Mar/2025:14:01:28 +0100] "GET /Jurek/narzbud/feeds/narzbud_pigu.xml HTTP/2.0" 200 1958323 "https://konsola.dkkapusta1997.usermd.net/" "Mozilla/5.0 (Windows NT 10.0; Win64; x64) AppleWebKit/537.36 (KHTML, like Gecko) Chrome/133.0.0.0 Safari/537.36"
46.101.116.244 - - [03/Mar/2025:14:01:33 +0100] "GET /Jurek/aw/feeds/aw_fnacfr.xml HTTP/1.0" 404 3551 "-" "-"
77.79.248.229 - - [03/Mar/2025:14:01:34 +0100] "GET /Jurek/narzbud/feeds/narzbud_pigu.xml HTTP/1.1" 200 1958323 "-" "Python-urllib/3.11"
193.33.8.61 - - [03/Mar/2025:14:01:39 +0100] "GET /Jurek/narzbud/feeds/narzbud_piguFI.xml HTTP/2.0" 200 1958320 "https://konsola.dkkapusta1997.usermd.net/" "Mozilla/5.0 (Windows NT 10.0; Win64; x64) AppleWebKit/537.36 (KHTML, like Gecko) Chrome/133.0.0.0 Safari/537.36"
46.101.116.244 - - [03/Mar/2025:14:01:49 +0100] "GET /Filip/feeds/xlsx_ceneo.xml HTTP/1.0" 200 6241376 "-" "-"
66.211.183.74 - - [03/Mar/2025:14:01:56 +0100] "GET /Jurek/eurofirany/images/463589/0.jpg HTTP/1.1" 200 0 "-" "scalaj-http/2.4.2"
52.17.80.36 - - [03/Mar/2025:14:02:01 +0100] "GET /marketplaces/rue/results/rue.csv HTTP/1.1" 200 147219 "-" "Mirakl HttpClient"
66.211.183.72 - - [03/Mar/2025:14:02:02 +0100] "GET /Jurek/eurofirany/images/422874/0.jpg HTTP/1.1" 200 136431 "-" "scalaj-http/2.4.2"
35.198.94.37 - - [03/Mar/2025:14:02:23 +0100] "GET /Jurek/eurofirany/images/401109/0.jpg HTTP/2.0" 200 119799 "-" "Mozilla/5.0 (Macintosh; Intel Mac OS X 10.15; rv:78.0) Gecko/20100101 Firefox/78.0"
85.14.86.141 - - [03/Mar/2025:14:02:29 +0100] "GET /Jurek/kinghoff/feeds/kinghoff_morele.xml HTTP/2.0" 200 15078857 "-" "MarketplaceAPI curl/7.64.0 PHP/8"
66.211.183.72 - - [03/Mar/2025:14:03:15 +0100] "GET /Jurek/eurofirany/images/390030/0.jpg HTTP/1.1" 200 166817 "-" "scalaj-http/2.4.2"
66.211.183.71 - - [03/Mar/2025:14:03:47 +0100] "GET /Jurek/eurofirany/images/390062/0.jpg HTTP/1.1" 200 167471 "-" "scalaj-http/2.4.2"
85.14.86.141 - - [03/Mar/2025:14:04:00 +0100] "GET /Jurek/eurofirany/feeds/eurofirany_morele.xml HTTP/2.0" 200 18993947 "-" "MarketplaceAPI curl/7.64.0 PHP/8"
85.14.86.141 - - [03/Mar/2025:14:04:22 +0100] "GET /Jurek/vivaldi/feeds/vivaldi_Morele-PL.xml HTTP/2.0" 200 344674 "-" "MarketplaceAPI curl/7.64.0 PHP/8"
66.249.66.67 - - [03/Mar/2025:14:04:51 +0100] "GET /Jurek/eurofirany/images/383362/1.jpg HTTP/1.1" 200 52483 "-" "Googlebot-Image/1.0"
52.167.144.141 - - [03/Mar/2025:14:05:34 +0100] "GET /Jurek/topeshop/downloaded_images/5902838468814_DUO-BIEL-BRY%C5%81KA-BOK-ZM.jpg HTTP/2.0" 404 3551 "-" "Mozilla/5.0 AppleWebKit/537.36 (KHTML, like Gecko; compatible; bingbot/2.0; +http://www.bing.com/bingbot.htm) Chrome/116.0.1938.76 Safari/537.36"
85.14.86.141 - - [03/Mar/2025:14:05:34 +0100] "GET /Jurek/aw/feeds/awnarzedzia_morele.xml HTTP/2.0" 200 90364592 "-" "MarketplaceAPI curl/7.64.0 PHP/8"
52.167.144.171 - - [03/Mar/2025:14:05:38 +0100] "GET /Jurek/topeshop/downloaded_images/5902838468838_DUOSONOMABRY%C5%81KABOKZM.jpg HTTP/2.0" 404 3551 "-" "Mozilla/5.0 AppleWebKit/537.36 (KHTML, like Gecko; compatible; bingbot/2.0; +http://www.bing.com/bingbot.htm) Chrome/116.0.1938.76 Safari/537.36"
85.14.86.141 - - [03/Mar/2025:14:05:40 +0100] "GET /Jurek/vida_morele/feeds/VidaPL_morele.xml HTTP/2.0" 200 690844202 "-" "MarketplaceAPI curl/7.64.0 PHP/8"
193.33.8.61 - - [03/Mar/2025:14:05:50 +0100] "GET /Jurek/urwiskowo/feeds/urwiskowo_zero.xml HTTP/2.0" 200 9112923 "https://konsola.dkkapusta1997.usermd.net/" "Mozilla/5.0 (Windows NT 10.0; Win64; x64) AppleWebKit/537.36 (KHTML, like Gecko) Chrome/133.0.0.0 Safari/537.36"
77.79.248.229 - - [03/Mar/2025:14:05:52 +0100] "GET /Jurek/urwiskowo/feeds/urwiskowo_zero.xml HTTP/1.1" 200 9112923 "-" "Python-urllib/3.11"
89.161.206.59 - - [03/Mar/2025:14:06:10 +0100] "GET /Jurek/pupus/feeds/pupus_amazonfr.xml HTTP/1.0" 200 6154654 "-" "-"
89.161.206.59 - - [03/Mar/2025:14:06:10 +0100] "GET /Jurek/pupus/feeds/pupus_amazonnl.xml HTTP/1.0" 200 6154643 "-" "-"
89.161.206.59 - - [03/Mar/2025:14:06:11 +0100] "GET /Jurek/pupus/feeds/pupus_amazonse.xml HTTP/1.0" 200 6156612 "-" "-"
89.161.206.59 - - [03/Mar/2025:14:06:11 +0100] "GET /Jurek/pupus/feeds/pupus_amazonbe.xml HTTP/1.0" 200 6154460 "-" "-"
89.161.206.59 - - [03/Mar/2025:14:06:11 +0100] "GET /Jurek/pupus/feeds/pupus_amazonit.xml HTTP/1.0" 200 6154632 "-" "-"
89.161.206.59 - - [03/Mar/2025:14:06:12 +0100] "GET /Jurek/pupus/feeds/pupus_amazones.xml HTTP/1.0" 200 6154275 "-" "-"
46.101.116.244 - - [03/Mar/2025:14:06:15 +0100] "GET /Jurek/aw/feeds/aw_fnacfr.xml HTTP/1.0" 404 3551 "-" "-"
85.14.86.141 - - [03/Mar/2025:14:06:19 +0100] "GET /Jurek/miloohome/feeds/miloohome_morele.xml HTTP/2.0" 200 1421250 "-" "MarketplaceAPI curl/7.64.0 PHP/8"
85.14.86.141 - - [03/Mar/2025:14:06:25 +0100] "GET /Jurek/beliani/feeds/beliani_morele.xml HTTP/2.0" 200 31889570 "-" "MarketplaceAPI curl/7.64.0 PHP/8"
89.161.206.59 - - [03/Mar/2025:14:06:28 +0100] "GET /Jurek/pupus/feeds/pupus_bol.xml HTTP/1.0" 200 6154316 "-" "-"
46.101.116.244 - - [03/Mar/2025:14:06:30 +0100] "GET /Filip/feeds/xlsx_ceneo.xml HTTP/1.0" 200 6241376 "-" "-"
66.211.183.73 - - [03/Mar/2025:14:08:04 +0100] "GET /Jurek/eurofirany/images/390047/0.jpg HTTP/1.1" 200 162081 "-" "scalaj-http/2.4.2"
35.198.94.37 - - [03/Mar/2025:14:08:28 +0100] "GET /Jurek/eurofirany/images/438621/0.jpg HTTP/2.0" 200 168635 "-" "Mozilla/5.0 (Macintosh; Intel Mac OS X 10.15; rv:78.0) Gecko/20100101 Firefox/78.0"
178.21.154.6 - - [03/Mar/2025:14:08:34 +0100] "GET /Jurek/eurofirany/images/390065/0.jpg HTTP/1.1" 200 160755 "-" "-"
66.211.183.73 - - [03/Mar/2025:14:08:57 +0100] "GET /Jurek/eurofirany/images/389995/0.jpg HTTP/1.1" 200 124529 "-" "scalaj-http/2.4.2"
66.249.66.68 - - [03/Mar/2025:14:09:25 +0100] "GET /Jurek/eurofirany/images/398792/1.jpg HTTP/1.1" 200 50097 "-" "Googlebot-Image/1.0"
77.79.248.229 - - [03/Mar/2025:14:10:03 +0100] "GET /Jurek/ikonka/feeds/ikonka_cdon_se.xml HTTP/1.1" 200 21456344 "-" "python-requests/2.32.3"
77.79.248.229 - - [03/Mar/2025:14:10:03 +0100] "GET /Jurek/ikonka/feeds/ikonka_cdon_dk.xml HTTP/1.1" 200 21456298 "-" "python-requests/2.32.3"
77.79.248.229 - - [03/Mar/2025:14:10:04 +0100] "GET /Jurek/ikonka/feeds/ikonka_cdon_fi.xml HTTP/1.1" 200 21454143 "-" "python-requests/2.32.3"
185.6.76.18 - - [03/Mar/2025:14:10:07 +0100] "GET /marketplaces/skroutz/feeds/shumee.xml HTTP/1.1" 200 348127939 "-" "SkroutzBot v1.0"
77.79.248.229 - - [03/Mar/2025:14:10:07 +0100] "GET /Jurek/rovicky/feeds/rovicky_cdonSE.xml HTTP/1.1" 200 14005708 "-" "python-requests/2.32.3"
77.79.248.229 - - [03/Mar/2025:14:10:07 +0100] "GET /Jurek/rovicky/feeds/rovicky_cdonDK.xml HTTP/1.1" 200 14006002 "-" "python-requests/2.32.3"
77.79.248.229 - - [03/Mar/2025:14:10:08 +0100] "GET /Jurek/rovicky/feeds/rovicky_cdonFI.xml HTTP/1.1" 200 14000788 "-" "python-requests/2.32.3"
77.79.248.229 - - [03/Mar/2025:14:10:08 +0100] "GET /Jurek/benbaby/feeds/benbaby_cdon_se.xml HTTP/1.1" 200 3786175 "-" "python-requests/2.32.3"
77.79.248.229 - - [03/Mar/2025:14:10:08 +0100] "GET /Jurek/benbaby/feeds/benbaby_cdon_dk.xml HTTP/1.1" 200 3786173 "-" "python-requests/2.32.3"
77.79.248.229 - - [03/Mar/2025:14:10:08 +0100] "GET /Jurek/benbaby/feeds/benbaby_cdon_fi.xml HTTP/1.1" 200 3783439 "-" "python-requests/2.32.3"
77.79.248.229 - - [03/Mar/2025:14:10:08 +0100] "GET /Jurek/candellux/feeds/candellux_cdon_se.xml HTTP/1.1" 200 466166 "-" "python-requests/2.32.3"
77.79.248.229 - - [03/Mar/2025:14:10:08 +0100] "GET /Jurek/candellux/feeds/candellux_cdon_dk.xml HTTP/1.1" 200 466129 "-" "python-requests/2.32.3"
77.79.248.229 - - [03/Mar/2025:14:10:08 +0100] "GET /Jurek/candellux/feeds/candellux_cdon_fi.xml HTTP/1.1" 200 465745 "-" "python-requests/2.32.3"
77.79.248.229 - - [03/Mar/2025:14:10:09 +0100] "GET /Jurek/hurtownia_przemyslowa/feeds/hp_cdon_se.xml HTTP/1.1" 200 49634309 "-" "python-requests/2.32.3"
77.79.248.229 - - [03/Mar/2025:14:10:10 +0100] "GET /Jurek/hurtownia_przemyslowa/feeds/hp_cdon_dk.xml HTTP/1.1" 200 49632893 "-" "python-requests/2.32.3"
77.79.248.229 - - [03/Mar/2025:14:10:10 +0100] "GET /Jurek/hurtownia_przemyslowa/feeds/hp_cdon_fi.xml HTTP/1.1" 200 49619336 "-" "python-requests/2.32.3"
77.79.248.229 - - [03/Mar/2025:14:10:10 +0100] "GET /Jurek/topeshop/feeds/topeshop_cdon_se.xml HTTP/1.1" 200 2407625 "-" "python-requests/2.32.3"
77.79.248.229 - - [03/Mar/2025:14:10:10 +0100] "GET /Jurek/topeshop/feeds/topeshop_cdon_dk.xml HTTP/1.1" 200 2407472 "-" "python-requests/2.32.3"
77.79.248.229 - - [03/Mar/2025:14:10:10 +0100] "GET /Jurek/topeshop/feeds/topeshop_cdon_fi.xml HTTP/1.1" 200 2407012 "-" "python-requests/2.32.3"
77.79.248.229 - - [03/Mar/2025:14:10:10 +0100] "GET /Jurek/asortymenteu/feeds/asortymenteu_cdon_se.xml HTTP/1.1" 200 2586224 "-" "python-requests/2.32.3"
77.79.248.229 - - [03/Mar/2025:14:10:10 +0100] "GET /Jurek/asortymenteu/feeds/asortymenteu_cdon_dk.xml HTTP/1.1" 200 2586199 "-" "python-requests/2.32.3"
77.79.248.229 - - [03/Mar/2025:14:10:11 +0100] "GET /Jurek/asortymenteu/feeds/asortymenteu_cdon_fi.xml HTTP/1.1" 200 2585285 "-" "python-requests/2.32.3"
77.79.248.229 - - [03/Mar/2025:14:10:11 +0100] "GET /Jurek/fernity/feeds/fernity_cdon_se.xml HTTP/1.1" 200 5225399 "-" "python-requests/2.32.3"
77.79.248.229 - - [03/Mar/2025:14:10:11 +0100] "GET /Jurek/fernity/feeds/fernity_cdon_dk.xml HTTP/1.1" 200 5225013 "-" "python-requests/2.32.3"
77.79.248.229 - - [03/Mar/2025:14:10:11 +0100] "GET /Jurek/fernity/feeds/fernity_cdon_fi.xml HTTP/1.1" 200 5221891 "-" "python-requests/2.32.3"
77.79.248.229 - - [03/Mar/2025:14:10:12 +0100] "GET /Jurek/aw/feeds/awnarzedzia_cdon_se.xml HTTP/1.1" 200 90443192 "-" "python-requests/2.32.3"
77.79.248.229 - - [03/Mar/2025:14:10:13 +0100] "GET /Jurek/aw/feeds/awnarzedzia_cdon_dk.xml HTTP/1.1" 200 90436947 "-" "python-requests/2.32.3"
77.79.248.229 - - [03/Mar/2025:14:10:14 +0100] "GET /Jurek/aw/feeds/awnarzedzia_cdon_fi.xml HTTP/1.1" 200 90354903 "-" "python-requests/2.32.3"
77.79.248.229 - - [03/Mar/2025:14:10:14 +0100] "GET /Jurek/activeshop/feeds/activeshop_cdon_se.xml HTTP/1.1" 200 10471782 "-" "python-requests/2.32.3"
77.79.248.229 - - [03/Mar/2025:14:10:14 +0100] "GET /Jurek/activeshop/feeds/activeshop_cdon_dk.xml HTTP/1.1" 200 10471663 "-" "python-requests/2.32.3"
77.79.248.229 - - [03/Mar/2025:14:10:14 +0100] "GET /Jurek/activeshop/feeds/activeshop_cdon_fi.xml HTTP/1.1" 200 10468071 "-" "python-requests/2.32.3"
77.79.248.229 - - [03/Mar/2025:14:10:15 +0100] "GET /Jurek/ikonka/feeds/ikonka_cdon_se.xml HTTP/1.1" 200 21456344 "-" "python-requests/2.32.3"
77.79.248.229 - - [03/Mar/2025:14:10:15 +0100] "GET /Jurek/ikonka/feeds/ikonka_cdon_dk.xml HTTP/1.1" 200 21456298 "-" "python-requests/2.32.3"
77.79.248.229 - - [03/Mar/2025:14:10:15 +0100] "GET /Jurek/ikonka/feeds/ikonka_cdon_fi.xml HTTP/1.1" 200 21454143 "-" "python-requests/2.32.3"
77.79.248.229 - - [03/Mar/2025:14:10:16 +0100] "GET /Jurek/swiatecznygoliat/feeds/swiatecznygoliat_cdon_se.xml HTTP/1.1" 200 7056936 "-" "python-requests/2.32.3"
77.79.248.229 - - [03/Mar/2025:14:10:16 +0100] "GET /Jurek/swiatecznygoliat/feeds/swiatecznygoliat_cdon_dk.xml HTTP/1.1" 200 7056896 "-" "python-requests/2.32.3"
77.79.248.229 - - [03/Mar/2025:14:10:16 +0100] "GET /Jurek/swiatecznygoliat/feeds/swiatecznygoliat_cdon_fi.xml HTTP/1.1" 200 7054400 "-" "python-requests/2.32.3"
77.79.248.229 - - [03/Mar/2025:14:10:16 +0100] "GET /Jurek/slayo/feeds/slayo_cdon_se.xml HTTP/1.1" 200 195548 "-" "python-requests/2.32.3"
77.79.248.229 - - [03/Mar/2025:14:10:16 +0100] "GET /Jurek/slayo/feeds/slayo_cdon_dk.xml HTTP/1.1" 200 195548 "-" "python-requests/2.32.3"
77.79.248.229 - - [03/Mar/2025:14:10:16 +0100] "GET /Jurek/slayo/feeds/slayo_cdon_fi.xml HTTP/1.1" 200 195532 "-" "python-requests/2.32.3"
77.79.248.229 - - [03/Mar/2025:14:10:16 +0100] "GET /Jurek/bass/feeds/bass_cdon_se.xml HTTP/1.1" 200 3986942 "-" "python-requests/2.32.3"
77.79.248.229 - - [03/Mar/2025:14:10:17 +0100] "GET /Jurek/bass/feeds/bass_cdon_dk.xml HTTP/1.1" 200 3986776 "-" "python-requests/2.32.3"
77.79.248.229 - - [03/Mar/2025:14:10:17 +0100] "GET /Jurek/bass/feeds/bass_cdon_fi.xml HTTP/1.1" 200 3985268 "-" "python-requests/2.32.3"
77.79.248.229 - - [03/Mar/2025:14:10:17 +0100] "GET /Jurek/benetech/feeds/benetech_cdon_se.xml HTTP/1.1" 200 4452288 "-" "python-requests/2.32.3"
77.79.248.229 - - [03/Mar/2025:14:10:17 +0100] "GET /Jurek/benetech/feeds/benetech_cdon_dk.xml HTTP/1.1" 200 4452242 "-" "python-requests/2.32.3"
77.79.248.229 - - [03/Mar/2025:14:10:17 +0100] "GET /Jurek/benetech/feeds/benetech_cdon_fi.xml HTTP/1.1" 200 4451887 "-" "python-requests/2.32.3"
77.79.248.229 - - [03/Mar/2025:14:10:17 +0100] "GET /Jurek/waks/feeds/waks_cdon_se.xml HTTP/1.1" 200 6335275 "-" "python-requests/2.32.3"
77.79.248.229 - - [03/Mar/2025:14:10:17 +0100] "GET /Jurek/waks/feeds/waks_cdon_dk.xml HTTP/1.1" 200 6335155 "-" "python-requests/2.32.3"
77.79.248.229 - - [03/Mar/2025:14:10:17 +0100] "GET /Jurek/waks/feeds/waks_cdon_fi.xml HTTP/1.1" 200 6332833 "-" "python-requests/2.32.3"
77.79.248.229 - - [03/Mar/2025:14:10:17 +0100] "GET /Jurek/kambukka/feeds/kambukka_cdon_se.xml HTTP/1.1" 200 1044090 "-" "python-requests/2.32.3"
77.79.248.229 - - [03/Mar/2025:14:10:17 +0100] "GET /Jurek/kambukka/feeds/kambukka_cdon_dk.xml HTTP/1.1" 200 1044078 "-" "python-requests/2.32.3"
77.79.248.229 - - [03/Mar/2025:14:10:17 +0100] "GET /Jurek/kambukka/feeds/kambukka_cdon_fi.xml HTTP/1.1" 200 1043807 "-" "python-requests/2.32.3"
77.79.248.229 - - [03/Mar/2025:14:10:17 +0100] "GET /Jurek/hdwr/feeds/hdwr_cdon_se.xml HTTP/1.1" 200 778063 "-" "python-requests/2.32.3"
77.79.248.229 - - [03/Mar/2025:14:10:17 +0100] "GET /Jurek/hdwr/feeds/hdwr_cdon_dk.xml HTTP/1.1" 200 777999 "-" "python-requests/2.32.3"
77.79.248.229 - - [03/Mar/2025:14:10:17 +0100] "GET /Jurek/hdwr/feeds/hdwr_cdon_fi.xml HTTP/1.1" 200 777796 "-" "python-requests/2.32.3"
77.79.248.229 - - [03/Mar/2025:14:10:17 +0100] "GET /Jurek/pagmil/feeds/pagmil_cdon_se.xml HTTP/1.1" 200 1706050 "-" "python-requests/2.32.3"
77.79.248.229 - - [03/Mar/2025:14:10:17 +0100] "GET /Jurek/pagmil/feeds/pagmil_cdon_dk.xml HTTP/1.1" 200 1706055 "-" "python-requests/2.32.3"
77.79.248.229 - - [03/Mar/2025:14:10:17 +0100] "GET /Jurek/pagmil/feeds/pagmil_cdon_fi.xml HTTP/1.1" 200 1705655 "-" "python-requests/2.32.3"
77.79.248.229 - - [03/Mar/2025:14:10:17 +0100] "GET /Jurek/targethome/feeds/targethome_cdon_se.xml HTTP/1.1" 200 683714 "-" "python-requests/2.32.3"
77.79.248.229 - - [03/Mar/2025:14:10:17 +0100] "GET /Jurek/targethome/feeds/targethome_cdon_dk.xml HTTP/1.1" 200 683686 "-" "python-requests/2.32.3"
77.79.248.229 - - [03/Mar/2025:14:10:17 +0100] "GET /Jurek/targethome/feeds/targethome_cdon_fi.xml HTTP/1.1" 200 683590 "-" "python-requests/2.32.3"
77.79.248.229 - - [03/Mar/2025:14:10:18 +0100] "GET /Jurek/eroplace/feeds/eroplace_cdon_se.xml HTTP/1.1" 200 30863131 "-" "python-requests/2.32.3"
77.79.248.229 - - [03/Mar/2025:14:10:18 +0100] "GET /Jurek/eroplace/feeds/eroplace_cdon_dk.xml HTTP/1.1" 200 30862375 "-" "python-requests/2.32.3"
77.79.248.229 - - [03/Mar/2025:14:10:18 +0100] "GET /Jurek/eroplace/feeds/eroplace_cdon_fi.xml HTTP/1.1" 200 30849529 "-" "python-requests/2.32.3"
77.79.248.229 - - [03/Mar/2025:14:10:19 +0100] "GET /Jurek/artdog/feeds/artdog_cdon_se.xml HTTP/1.1" 200 15938050 "-" "python-requests/2.32.3"
77.79.248.229 - - [03/Mar/2025:14:10:19 +0100] "GET /Jurek/artdog/feeds/artdog_cdon_dk.xml HTTP/1.1" 200 15936878 "-" "python-requests/2.32.3"
77.79.248.229 - - [03/Mar/2025:14:10:19 +0100] "GET /Jurek/artdog/feeds/artdog_cdon_fi.xml HTTP/1.1" 200 15929260 "-" "python-requests/2.32.3"
77.79.248.229 - - [03/Mar/2025:14:10:19 +0100] "GET /Jurek/sempler/feeds/sempler_cdon_se.xml HTTP/1.1" 200 6554452 "-" "python-requests/2.32.3"
77.79.248.229 - - [03/Mar/2025:14:10:19 +0100] "GET /Jurek/sempler/feeds/sempler_cdon_dk.xml HTTP/1.1" 200 6554335 "-" "python-requests/2.32.3"
77.79.248.229 - - [03/Mar/2025:14:10:19 +0100] "GET /Jurek/sempler/feeds/sempler_cdon_fi.xml HTTP/1.1" 200 6553193 "-" "python-requests/2.32.3"
77.79.248.229 - - [03/Mar/2025:14:10:19 +0100] "GET /Jurek/oromed/feeds/oromed_cdon_se.xml HTTP/1.1" 200 1054121 "-" "python-requests/2.32.3"
77.79.248.229 - - [03/Mar/2025:14:10:19 +0100] "GET /Jurek/oromed/feeds/oromed_cdon_dk.xml HTTP/1.1" 200 1054107 "-" "python-requests/2.32.3"
77.79.248.229 - - [03/Mar/2025:14:10:19 +0100] "GET /Jurek/oromed/feeds/oromed_cdon_fi.xml HTTP/1.1" 200 1053928 "-" "python-requests/2.32.3"
77.79.248.229 - - [03/Mar/2025:14:10:19 +0100] "GET /Jurek/hurtmeblowy/feeds/hurtmeblowy_cdon_se.xml HTTP/1.1" 200 8026725 "-" "python-requests/2.32.3"
77.79.248.229 - - [03/Mar/2025:14:10:20 +0100] "GET /Jurek/hurtmeblowy/feeds/hurtmeblowy_cdon_dk.xml HTTP/1.1" 200 8026220 "-" "python-requests/2.32.3"
77.79.248.229 - - [03/Mar/2025:14:10:20 +0100] "GET /Jurek/hurtmeblowy/feeds/hurtmeblowy_cdon_fi.xml HTTP/1.1" 200 8024809 "-" "python-requests/2.32.3"
77.79.248.229 - - [03/Mar/2025:14:10:20 +0100] "GET /Jurek/narzbud/feeds/narzbud_cdon_se.xml HTTP/1.1" 200 1959209 "-" "python-requests/2.32.3"
77.79.248.229 - - [03/Mar/2025:14:10:20 +0100] "GET /Jurek/narzbud/feeds/narzbud_cdon_dk.xml HTTP/1.1" 200 1959189 "-" "python-requests/2.32.3"
77.79.248.229 - - [03/Mar/2025:14:10:20 +0100] "GET /Jurek/narzbud/feeds/narzbud_cdon_fi.xml HTTP/1.1" 200 1958335 "-" "python-requests/2.32.3"
77.79.248.229 - - [03/Mar/2025:14:10:20 +0100] "GET /Jurek/livinhill/feeds/livinhill_cdon_se.xml HTTP/1.1" 200 1459895 "-" "python-requests/2.32.3"
77.79.248.229 - - [03/Mar/2025:14:10:20 +0100] "GET /Jurek/livinhill/feeds/livinhill_cdon_dk.xml HTTP/1.1" 200 1459783 "-" "python-requests/2.32.3"
77.79.248.229 - - [03/Mar/2025:14:10:20 +0100] "GET /Jurek/livinhill/feeds/livinhill_cdon_fi.xml HTTP/1.1" 200 1459366 "-" "python-requests/2.32.3"
77.79.248.229 - - [03/Mar/2025:14:10:20 +0100] "GET /Jurek/ekuchcikowo/feeds/ekuchcikowo_cdon_se.xml HTTP/1.1" 200 13397348 "-" "python-requests/2.32.3"
77.79.248.229 - - [03/Mar/2025:14:10:20 +0100] "GET /Jurek/ekuchcikowo/feeds/ekuchcikowo_cdon_dk.xml HTTP/1.1" 200 13396987 "-" "python-requests/2.32.3"
77.79.248.229 - - [03/Mar/2025:14:10:20 +0100] "GET /Jurek/ekuchcikowo/feeds/ekuchcikowo_cdon_fi.xml HTTP/1.1" 200 13394694 "-" "python-requests/2.32.3"
77.79.248.229 - - [03/Mar/2025:14:10:21 +0100] "GET /Jurek/fertone/feeds/fertone_cdon_se.xml HTTP/1.1" 200 597139 "-" "python-requests/2.32.3"
77.79.248.229 - - [03/Mar/2025:14:10:21 +0100] "GET /Jurek/fertone/feeds/fertone_cdon_dk.xml HTTP/1.1" 200 597097 "-" "python-requests/2.32.3"
77.79.248.229 - - [03/Mar/2025:14:10:21 +0100] "GET /Jurek/fertone/feeds/fertone_cdon_fi.xml HTTP/1.1" 200 596808 "-" "python-requests/2.32.3"
77.79.248.229 - - [03/Mar/2025:14:10:21 +0100] "GET /Jurek/ekolight/feeds/ekolioght_cdon_se.xml HTTP/1.1" 200 9055516 "-" "python-requests/2.32.3"
77.79.248.229 - - [03/Mar/2025:14:10:21 +0100] "GET /Jurek/ekolight/feeds/ekolioght_cdon_dk.xml HTTP/1.1" 200 9054857 "-" "python-requests/2.32.3"
77.79.248.229 - - [03/Mar/2025:14:10:21 +0100] "GET /Jurek/ekolight/feeds/ekolioght_cdon_fi.xml HTTP/1.1" 200 9051828 "-" "python-requests/2.32.3"
77.79.248.229 - - [03/Mar/2025:14:10:21 +0100] "GET /Jurek/cbdgreen/feeds/cbdgreen_cdon_se.xml HTTP/1.1" 200 50238 "-" "python-requests/2.32.3"
77.79.248.229 - - [03/Mar/2025:14:10:21 +0100] "GET /Jurek/cbdgreen/feeds/cbdgreen_cdon_dk.xml HTTP/1.1" 200 50241 "-" "python-requests/2.32.3"
77.79.248.229 - - [03/Mar/2025:14:10:21 +0100] "GET /Jurek/cbdgreen/feeds/cbdgreen_cdon_fi.xml HTTP/1.1" 200 50232 "-" "python-requests/2.32.3"
77.79.248.229 - - [03/Mar/2025:14:10:21 +0100] "GET /Jurek/pawonik/feeds/pawonik_cdon_se.xml HTTP/1.1" 200 2586549 "-" "python-requests/2.32.3"
77.79.248.229 - - [03/Mar/2025:14:10:21 +0100] "GET /Jurek/pawonik/feeds/pawonik_cdon_dk.xml HTTP/1.1" 200 2586567 "-" "python-requests/2.32.3"
77.79.248.229 - - [03/Mar/2025:14:10:21 +0100] "GET /Jurek/pawonik/feeds/pawonik_cdon_fi.xml HTTP/1.1" 200 2586088 "-" "python-requests/2.32.3"
77.79.248.229 - - [03/Mar/2025:14:10:21 +0100] "GET /Jurek/mosti/feeds/mosti_cdon_se.xml HTTP/1.1" 200 9257186 "-" "python-requests/2.32.3"
77.79.248.229 - - [03/Mar/2025:14:10:21 +0100] "GET /Jurek/mosti/feeds/mosti_cdon_dk.xml HTTP/1.1" 200 9257278 "-" "python-requests/2.32.3"
77.79.248.229 - - [03/Mar/2025:14:10:22 +0100] "GET /Jurek/mosti/feeds/mosti_cdon_fi.xml HTTP/1.1" 200 9255483 "-" "python-requests/2.32.3"
77.79.248.229 - - [03/Mar/2025:14:10:22 +0100] "GET /Jurek/winoszarnia/feeds/winoszarnia_cdon_se.xml HTTP/1.1" 200 6131953 "-" "python-requests/2.32.3"
77.79.248.229 - - [03/Mar/2025:14:10:22 +0100] "GET /Jurek/winoszarnia/feeds/winoszarnia_cdon_dk.xml HTTP/1.1" 200 6131973 "-" "python-requests/2.32.3"
77.79.248.229 - - [03/Mar/2025:14:10:22 +0100] "GET /Jurek/winoszarnia/feeds/winoszarnia_cdon_fi.xml HTTP/1.1" 200 6130420 "-" "python-requests/2.32.3"
77.79.248.229 - - [03/Mar/2025:14:10:22 +0100] "GET /Jurek/bass_new/feeds/bass_cdon_se.xml HTTP/1.1" 200 7043287 "-" "python-requests/2.32.3"
77.79.248.229 - - [03/Mar/2025:14:10:22 +0100] "GET /Jurek/bass_new/feeds/bass_cdon_dk.xml HTTP/1.1" 200 7042921 "-" "python-requests/2.32.3"
77.79.248.229 - - [03/Mar/2025:14:10:22 +0100] "GET /Jurek/bass_new/feeds/bass_cdon_fi.xml HTTP/1.1" 200 7041023 "-" "python-requests/2.32.3"
77.79.248.229 - - [03/Mar/2025:14:10:22 +0100] "GET /Jurek/pupus/feeds/pupus_cdon_se.xml HTTP/1.1" 200 6156458 "-" "python-requests/2.32.3"
77.79.248.229 - - [03/Mar/2025:14:10:22 +0100] "GET /Jurek/pupus/feeds/pupus_cdon_dk.xml HTTP/1.1" 200 6156130 "-" "python-requests/2.32.3"
77.79.248.229 - - [03/Mar/2025:14:10:22 +0100] "GET /Jurek/pupus/feeds/pupus_cdon_fi.xml HTTP/1.1" 200 6154665 "-" "python-requests/2.32.3"
52.167.144.214 - - [03/Mar/2025:14:10:35 +0100] "GET /Jurek/topeshop/downloaded_images/5902838467671_2.png HTTP/2.0" 404 3551 "-" "Mozilla/5.0 AppleWebKit/537.36 (KHTML, like Gecko; compatible; bingbot/2.0; +http://www.bing.com/bingbot.htm) Chrome/116.0.1938.76 Safari/537.36"
66.211.183.71 - - [03/Mar/2025:14:11:11 +0100] "GET /Jurek/eurofirany/images/383345/0.jpg HTTP/1.1" 200 66982 "-" "scalaj-http/2.4.2"
193.33.8.61 - - [03/Mar/2025:14:11:12 +0100] "GET /Jurek/eurofirany/images/432127/0.jpg HTTP/2.0" 200 68100 "https://merchants.skroutz.gr/" "Mozilla/5.0 (Windows NT 10.0; Win64; x64) AppleWebKit/537.36 (KHTML, like Gecko) Chrome/133.0.0.0 Safari/537.36"
66.211.183.70 - - [03/Mar/2025:14:11:25 +0100] "GET /Jurek/eurofirany/images/372654/0.jpg HTTP/1.1" 200 66435 "-" "scalaj-http/2.4.2"
46.101.116.244 - - [03/Mar/2025:14:11:32 +0100] "GET /Jurek/aw/feeds/aw_fnacfr.xml HTTP/1.0" 404 3551 "-" "-"
51.77.52.107 - - [03/Mar/2025:14:11:34 +0100] "POST /Jurek/vida_short/baselinker-ceneo-shumee.php HTTP/2.0" 404 3551 "-" "BaseLinker/1.0"
46.101.116.244 - - [03/Mar/2025:14:11:51 +0100] "GET /Filip/feeds/xlsx_ceneo.xml HTTP/1.0" 200 6241376 "-" "-"
46.101.116.244 - - [03/Mar/2025:14:11:57 +0100] "GET /Jurek/kokiska/feeds/kokiska_ceneo.xml HTTP/1.0" 200 11833455 "-" "-"
46.101.116.244 - - [03/Mar/2025:14:12:05 +0100] "GET /Jurek/chemex/feeds/Chemex_allegro.xml HTTP/1.0" 200 47823094 "-" "-"
46.101.116.244 - - [03/Mar/2025:14:13:28 +0100] "GET /Jurek/kokiska/feeds/kokiska_erli.xml HTTP/1.0" 200 11833116 "-" "-"
34.141.41.13 - - [03/Mar/2025:14:14:05 +0100] "GET /Jurek/eurofirany/images/401099/0.jpg HTTP/2.0" 200 109307 "-" "Mozilla/5.0 (Macintosh; Intel Mac OS X 10.15; rv:78.0) Gecko/20100101 Firefox/78.0"
51.77.52.107 - - [03/Mar/2025:14:14:55 +0100] "POST /subskrypcje/mondex/bl/ro/baselinker-ceneo-shumee.php HTTP/2.0" 200 303 "-" "BaseLinker/1.0"
66.211.183.70 - - [03/Mar/2025:14:14:56 +0100] "GET /Jurek/eurofirany/images/390122/0.jpg HTTP/1.1" 200 207776 "-" "scalaj-http/2.4.2"
35.198.83.252 - - [03/Mar/2025:14:15:07 +0100] "GET /Jurek/eurofirany/images/409904/0.jpg HTTP/2.0" 200 78745 "-" "Mozilla/5.0 (Macintosh; Intel Mac OS X 10.15; rv:78.0) Gecko/20100101 Firefox/78.0"
51.77.52.107 - - [03/Mar/2025:14:15:07 +0100] "POST /subskrypcje/mondex/bl/bg/baselinker-ceneo-shumee.php HTTP/2.0" 200 303 "-" "BaseLinker/1.0"
66.211.183.74 - - [03/Mar/2025:14:15:13 +0100] "GET /Jurek/eurofirany/images/389914/0.jpg HTTP/1.1" 200 176309 "-" "scalaj-http/2.4.2"
52.167.144.214 - - [03/Mar/2025:14:15:34 +0100] "GET /Jurek/eurofirany/images/420598/0.jpg HTTP/2.0" 200 0 "-" "Mozilla/5.0 AppleWebKit/537.36 (KHTML, like Gecko; compatible; bingbot/2.0; +http://www.bing.com/bingbot.htm) Chrome/116.0.1938.76 Safari/537.36"
46.101.116.244 - - [03/Mar/2025:14:15:41 +0100] "GET /Jurek/twm/feeds/twm-allegro.xml HTTP/1.0" 200 1040058 "-" "-"
85.232.241.194 - - [03/Mar/2025:14:15:51 +0100] "GET /subskrypcje/mondex/feeds/mondex_kaufland_de.xml HTTP/1.1" 200 2204485 "-" "-"
51.77.52.107 - - [03/Mar/2025:14:15:51 +0100] "POST /subskrypcje/mondex/bl/kauf/baselinker-ceneo-shumee.php HTTP/2.0" 200 305 "-" "BaseLinker/1.0"
85.232.241.194 - - [03/Mar/2025:14:15:55 +0100] "GET /subskrypcje/mondex/feeds/mondex_mall_cz.xml HTTP/1.1" 200 2203515 "-" "-"
51.77.52.107 - - [03/Mar/2025:14:15:55 +0100] "POST /Filip/salesconnect/baselinker-ceneo-shumee.php HTTP/2.0" 200 297 "-" "BaseLinker/1.0"
46.101.116.244 - - [03/Mar/2025:14:16:06 +0100] "GET /Jurek/vivaldi/feeds/vivaldi_allegro.xml HTTP/1.0" 200 344685 "-" "-"
193.33.8.61 - - [03/Mar/2025:14:16:29 +0100] "GET /Jurek/eoptimo/feeds/eoptimo_pigu.xml HTTP/2.0" 200 1958804 "https://konsola.dkkapusta1997.usermd.net/" "Mozilla/5.0 (Windows NT 10.0; Win64; x64) AppleWebKit/537.36 (KHTML, like Gecko) Chrome/133.0.0.0 Safari/537.36"
46.101.116.244 - - [03/Mar/2025:14:16:34 +0100] "GET /Jurek/aw/feeds/aw_fnacfr.xml HTTP/1.0" 404 3551 "-" "-"
77.79.248.229 - - [03/Mar/2025:14:16:35 +0100] "GET /Jurek/eoptimo/feeds/eoptimo_pigu.xml HTTP/1.1" 200 1958804 "-" "Python-urllib/3.11"
46.101.116.244 - - [03/Mar/2025:14:16:42 +0100] "GET /Jurek/aw/feeds/awnarzedzia_allegro.xml HTTP/1.0" 200 90375721 "-" "-"
46.101.116.244 - - [03/Mar/2025:14:16:50 +0100] "GET /Jurek/beliani/feeds/beliani_allegro.xml HTTP/1.0" 200 31887912 "-" "-"
46.101.116.244 - - [03/Mar/2025:14:16:50 +0100] "GET /Jurek/beliani/feeds/beliani_empik.xml HTTP/1.0" 200 31887912 "-" "-"
46.101.116.244 - - [03/Mar/2025:14:16:50 +0100] "GET /Jurek/beliani/feeds/beliani_erli.xml HTTP/1.0" 200 31891401 "-" "-"
46.101.116.244 - - [03/Mar/2025:14:16:53 +0100] "GET /Filip/feeds/xlsx_ceneo.xml HTTP/1.0" 200 6241376 "-" "-"
66.211.183.73 - - [03/Mar/2025:14:16:59 +0100] "GET /Jurek/topeshop/downloaded_images/5902838466513_sonoma_close_20.jpg HTTP/1.1" 404 3551 "-" "scalaj-http/2.4.2"
66.211.183.72 - - [03/Mar/2025:14:17:11 +0100] "GET /Jurek/eurofirany/images/409910/0.jpg HTTP/1.1" 200 84953 "-" "scalaj-http/2.4.2"
193.33.8.61 - - [03/Mar/2025:14:17:25 +0100] "GET /Jurek/waks/feeds/waks_zero.xml HTTP/2.0" 200 6332594 "https://konsola.dkkapusta1997.usermd.net/" "Mozilla/5.0 (Windows NT 10.0; Win64; x64) AppleWebKit/537.36 (KHTML, like Gecko) Chrome/133.0.0.0 Safari/537.36"
77.79.248.229 - - [03/Mar/2025:14:17:28 +0100] "GET /Jurek/waks/feeds/waks_zero.xml HTTP/1.1" 200 6332594 "-" "Python-urllib/3.11"
46.101.116.244 - - [03/Mar/2025:14:17:29 +0100] "GET /Jurek/kinghoff/feeds/kinghoff_empik.xml HTTP/1.0" 200 15078947 "-" "-"
46.101.116.244 - - [03/Mar/2025:14:17:38 +0100] "GET /Jurek/twm/feeds/twm-empik.xml HTTP/1.0" 200 1040063 "-" "-"
66.211.183.73 - - [03/Mar/2025:14:17:53 +0100] "GET /Jurek/eurofirany/images/438717/0.jpg HTTP/1.1" 200 105392 "-" "scalaj-http/2.4.2"
46.101.116.244 - - [03/Mar/2025:14:17:57 +0100] "GET /Jurek/ikonka/feeds/ikonka_allegro.xml HTTP/1.0" 200 21454440 "-" "-"
46.101.116.244 - - [03/Mar/2025:14:17:58 +0100] "GET /Jurek/action/feeds/action_allegro.xml HTTP/1.0" 200 55168553 "-" "-"
46.101.116.244 - - [03/Mar/2025:14:18:00 +0100] "GET /Jurek/twm/feeds/twm-erli.xml HTTP/1.0" 200 1040063 "-" "-"
46.101.116.244 - - [03/Mar/2025:14:18:00 +0100] "GET /Jurek/twm/feeds/twm-ceneo.xml HTTP/1.0" 200 1040033 "-" "-"
46.101.116.244 - - [03/Mar/2025:14:18:04 +0100] "GET /Jurek/teamson/feeds/teamson_allegro.xml HTTP/1.0" 200 592796 "-" "-"
51.77.52.107 - - [03/Mar/2025:14:18:17 +0100] "POST /Jurek/ikonka/baselinker/smart/baselinker-ceneo-shumee.php HTTP/2.0" 404 3551 "-" "BaseLinker/1.0"
46.101.116.244 - - [03/Mar/2025:14:18:24 +0100] "GET /Jurek/hurtownia_przemyslowa/feeds/hp_allegro.xml HTTP/1.0" 200 49622925 "-" "-"
