18.157.125.26 - - [03/Mar/2025:13:33:03 +0100] "GET /Jurek/topeshop/downloaded_images/5902838467831_S40ARTISANBRY%C5%81KABOKZM.jpg HTTP/2.0" 404 3551 "-" "Mozilla/5.0 (Windows NT 10.0; Win64; x64) AppleWebKit/537.36 (KHTML, like Gecko) Chrome/109.0.0.0 Safari/537.36"
3.74.7.74 - - [03/Mar/2025:13:33:03 +0100] "GET /Jurek/topeshop/downloaded_images/5904507205324_S30ANTRACYTBOKBRY%C5%81KA.jpg HTTP/2.0" 404 3551 "-" "Mozilla/5.0 (Windows NT 10.0; Win64; x64) AppleWebKit/537.36 (KHTML, like Gecko) Chrome/109.0.0.0 Safari/537.36"
18.157.125.26 - - [03/Mar/2025:13:33:03 +0100] "GET /Jurek/topeshop/downloaded_images/5902838467817_profilowee.jpg HTTP/2.0" 404 3551 "-" "Mozilla/5.0 (Windows NT 10.0; Win64; x64) AppleWebKit/537.36 (KHTML, like Gecko) Chrome/109.0.0.0 Safari/537.36"
18.157.125.26 - - [03/Mar/2025:13:33:03 +0100] "GET /Jurek/topeshop/downloaded_images/5902838461419_S40BIELBRY%C5%81KABOKZM.jpg HTTP/2.0" 404 3551 "-" "Mozilla/5.0 (Windows NT 10.0; Win64; x64) AppleWebKit/537.36 (KHTML, like Gecko) Chrome/109.0.0.0 Safari/537.36"
3.126.202.245 - - [03/Mar/2025:13:33:03 +0100] "GET /Jurek/topeshop/downloaded_images/5902838467466_2.jpg HTTP/2.0" 404 3551 "-" "Mozilla/5.0 (Windows NT 10.0; Win64; x64) AppleWebKit/537.36 (KHTML, like Gecko) Chrome/109.0.0.0 Safari/537.36"
3.126.202.245 - - [03/Mar/2025:13:33:03 +0100] "GET /Jurek/topeshop/downloaded_images/5902838466520_ROmana_bry%C5%82y_F_C_b0005.jpg HTTP/2.0" 404 3551 "-" "Mozilla/5.0 (Windows NT 10.0; Win64; x64) AppleWebKit/537.36 (KHTML, like Gecko) Chrome/109.0.0.0 Safari/537.36"
3.74.7.74 - - [03/Mar/2025:13:33:04 +0100] "GET /Jurek/topeshop/downloaded_images/5902838461440_profilll.jpg HTTP/2.0" 404 3551 "-" "Mozilla/5.0 (Windows NT 10.0; Win64; x64) AppleWebKit/537.36 (KHTML, like Gecko) Chrome/109.0.0.0 Safari/537.36"
46.101.116.244 - - [03/Mar/2025:13:33:07 +0100] "GET /Filip/feeds/xlsx_ceneo.xml HTTP/1.0" 200 6241376 "-" "-"
66.211.183.71 - - [03/Mar/2025:13:33:23 +0100] "GET /Jurek/eurofirany/images/416434/0.jpg HTTP/1.1" 200 121054 "-" "scalaj-http/2.4.2"
66.211.183.73 - - [03/Mar/2025:13:34:01 +0100] "GET /Jurek/eurofirany/images/423209/0.jpg HTTP/1.1" 200 0 "-" "scalaj-http/2.4.2"
89.161.206.59 - - [03/Mar/2025:13:34:21 +0100] "GET /Jurek/cbdgreen/feeds/cbdgreen_skroutz.xml HTTP/1.0" 200 50232 "-" "-"
89.161.206.59 - - [03/Mar/2025:13:34:21 +0100] "GET /Jurek/activeshop/feeds/activeshop_skroutz.xml HTTP/1.0" 200 10467844 "-" "-"
46.101.116.244 - - [03/Mar/2025:13:35:20 +0100] "GET /Jurek/beliani/feeds/beliani_skroutz.xml HTTP/1.0" 200 31886008 "-" "-"
52.17.80.36 - - [03/Mar/2025:13:35:22 +0100] "GET /marketplaces/worten2/results/worten.csv HTTP/1.1" 200 147217 "-" "Mirakl HttpClient"
66.211.183.73 - - [03/Mar/2025:13:35:45 +0100] "GET /Jurek/eurofirany/images/389999/0.jpg HTTP/1.1" 200 176309 "-" "scalaj-http/2.4.2"
66.211.183.70 - - [03/Mar/2025:13:35:59 +0100] "GET /Jurek/eurofirany/images/390063/0.jpg HTTP/1.1" 200 164444 "-" "scalaj-http/2.4.2"
77.79.248.229 - - [03/Mar/2025:13:36:10 +0100] "GET /Jurek/eurofirany/feeds/eurofirany_cdon_se.xml HTTP/1.1" 200 19009611 "-" "python-requests/2.32.3"
77.79.248.229 - - [03/Mar/2025:13:36:11 +0100] "GET /Jurek/eurofirany/feeds/eurofirany_cdon_dk.xml HTTP/1.1" 200 19009786 "-" "python-requests/2.32.3"
77.79.248.229 - - [03/Mar/2025:13:36:11 +0100] "GET /Jurek/eurofirany/feeds/eurofirany_cdon_fi.xml HTTP/1.1" 200 18992231 "-" "python-requests/2.32.3"
77.79.248.229 - - [03/Mar/2025:13:36:12 +0100] "GET /Jurek/stema/feeds/stema_cdon_se.xml HTTP/1.1" 200 839164 "-" "python-requests/2.32.3"
77.79.248.229 - - [03/Mar/2025:13:36:12 +0100] "GET /Jurek/stema/feeds/stema_cdon_dk.xml HTTP/1.1" 200 838996 "-" "python-requests/2.32.3"
77.79.248.229 - - [03/Mar/2025:13:36:12 +0100] "GET /Jurek/stema/feeds/stema_cdon_fi.xml HTTP/1.1" 200 838724 "-" "python-requests/2.32.3"
77.79.248.229 - - [03/Mar/2025:13:36:13 +0100] "GET /Jurek/aw/feeds/awnarzedzia_cdon_se.xml HTTP/1.1" 200 90443192 "-" "python-requests/2.32.3"
178.21.154.6 - - [03/Mar/2025:13:36:14 +0100] "GET /Jurek/eurofirany/images/429557/0.jpg HTTP/1.1" 200 169390 "-" "-"
77.79.248.229 - - [03/Mar/2025:13:36:15 +0100] "GET /Jurek/aw/feeds/awnarzedzia_cdon_dk.xml HTTP/1.1" 200 90436947 "-" "python-requests/2.32.3"
77.79.248.229 - - [03/Mar/2025:13:36:15 +0100] "GET /Jurek/aw/feeds/awnarzedzia_cdon_fi.xml HTTP/1.1" 200 90354903 "-" "python-requests/2.32.3"
77.79.248.229 - - [03/Mar/2025:13:36:16 +0100] "GET /Jurek/hurtownia_przemyslowa/feeds/hp_cdon_se.xml HTTP/1.1" 200 49634309 "-" "python-requests/2.32.3"
77.79.248.229 - - [03/Mar/2025:13:36:17 +0100] "GET /Jurek/hurtownia_przemyslowa/feeds/hp_cdon_dk.xml HTTP/1.1" 200 49632893 "-" "python-requests/2.32.3"
77.79.248.229 - - [03/Mar/2025:13:36:17 +0100] "GET /Jurek/hurtownia_przemyslowa/feeds/hp_cdon_fi.xml HTTP/1.1" 200 49619336 "-" "python-requests/2.32.3"
89.161.206.59 - - [03/Mar/2025:13:36:18 +0100] "GET /Jurek/aiofactory/feeds/aiofactory_amazones.xml HTTP/1.0" 200 2123792 "-" "-"
89.161.206.59 - - [03/Mar/2025:13:36:18 +0100] "GET /Jurek/aiofactory/feeds/aiofactory_amazonnl.xml HTTP/1.0" 200 2123799 "-" "-"
77.79.248.229 - - [03/Mar/2025:13:36:19 +0100] "GET /Jurek/ikonka/feeds/ikonka_cdon_se.xml HTTP/1.1" 200 21456344 "-" "python-requests/2.32.3"
77.79.248.229 - - [03/Mar/2025:13:36:19 +0100] "GET /Jurek/ikonka/feeds/ikonka_cdon_dk.xml HTTP/1.1" 200 21456298 "-" "python-requests/2.32.3"
77.79.248.229 - - [03/Mar/2025:13:36:19 +0100] "GET /Jurek/ikonka/feeds/ikonka_cdon_fi.xml HTTP/1.1" 200 21454143 "-" "python-requests/2.32.3"
77.79.248.229 - - [03/Mar/2025:13:36:20 +0100] "GET /Jurek/fernity/feeds/fernity_cdon_fi.xml HTTP/1.1" 200 5221891 "-" "python-requests/2.32.3"
77.79.248.229 - - [03/Mar/2025:13:36:20 +0100] "GET /Jurek/fernity/feeds/fernity_cdon_se.xml HTTP/1.1" 200 5225399 "-" "python-requests/2.32.3"
77.79.248.229 - - [03/Mar/2025:13:36:20 +0100] "GET /Jurek/fernity/feeds/fernity_cdon_dk.xml HTTP/1.1" 200 5225013 "-" "python-requests/2.32.3"
77.79.248.229 - - [03/Mar/2025:13:36:20 +0100] "GET /Jurek/activeshop/feeds/activeshop_cdon_se.xml HTTP/1.1" 200 10471700 "-" "python-requests/2.32.3"
77.79.248.229 - - [03/Mar/2025:13:36:21 +0100] "GET /Jurek/activeshop/feeds/activeshop_cdon_dk.xml HTTP/1.1" 200 10471581 "-" "python-requests/2.32.3"
77.79.248.229 - - [03/Mar/2025:13:36:21 +0100] "GET /Jurek/activeshop/feeds/activeshop_cdon_fi.xml HTTP/1.1" 200 10467989 "-" "python-requests/2.32.3"
77.79.248.229 - - [03/Mar/2025:13:36:25 +0100] "GET /Jurek/barbecook/feeds/barbecook_cdon_se.xml HTTP/1.1" 200 87591 "-" "python-requests/2.32.3"
77.79.248.229 - - [03/Mar/2025:13:36:25 +0100] "GET /Jurek/barbecook/feeds/barbecook_cdon_dk.xml HTTP/1.1" 200 87593 "-" "python-requests/2.32.3"
77.79.248.229 - - [03/Mar/2025:13:36:25 +0100] "GET /Jurek/barbecook/feeds/barbecook_cdon_fi.xml HTTP/1.1" 200 87530 "-" "python-requests/2.32.3"
77.79.248.229 - - [03/Mar/2025:13:36:26 +0100] "GET /Jurek/action/feeds/action_cdon_se.xml HTTP/1.1" 200 55196945 "-" "python-requests/2.32.3"
77.79.248.229 - - [03/Mar/2025:13:36:27 +0100] "GET /Jurek/action/feeds/action_cdon_dk.xml HTTP/1.1" 200 55192097 "-" "python-requests/2.32.3"
77.79.248.229 - - [03/Mar/2025:13:36:28 +0100] "GET /Jurek/action/feeds/action_cdon_fi.xml HTTP/1.1" 200 55166950 "-" "python-requests/2.32.3"
77.79.248.229 - - [03/Mar/2025:13:36:28 +0100] "GET /Jurek/kinghoff/feeds/kinghoff_cdon_se.xml HTTP/1.1" 200 15080951 "-" "python-requests/2.32.3"
77.79.248.229 - - [03/Mar/2025:13:36:28 +0100] "GET /Jurek/kinghoff/feeds/kinghoff_cdon_dk.xml HTTP/1.1" 200 15080613 "-" "python-requests/2.32.3"
77.79.248.229 - - [03/Mar/2025:13:36:28 +0100] "GET /Jurek/kinghoff/feeds/kinghoff_cdon_fi.xml HTTP/1.1" 200 15078411 "-" "python-requests/2.32.3"
66.249.66.66 - - [03/Mar/2025:13:36:58 +0100] "GET /Jurek/eurofirany/images/409985/5.jpg HTTP/1.1" 200 6595 "-" "Googlebot-Image/1.0"
66.211.183.73 - - [03/Mar/2025:13:37:02 +0100] "GET /Jurek/eurofirany/images/386398/0.jpg HTTP/1.1" 200 84230 "-" "scalaj-http/2.4.2"
66.211.183.70 - - [03/Mar/2025:13:37:11 +0100] "GET /Jurek/eurofirany/images/390054/0.jpg HTTP/1.1" 200 104130 "-" "scalaj-http/2.4.2"
5.134.208.158 - - [03/Mar/2025:13:37:48 +0100] "GET /Jurek/eurofirany/images/371974/0.jpg HTTP/1.1" 200 152177 "-" "-"
66.211.183.70 - - [03/Mar/2025:13:38:05 +0100] "GET /Jurek/eurofirany/images/390174/0.jpg HTTP/1.1" 200 194755 "-" "scalaj-http/2.4.2"
77.79.248.229 - - [03/Mar/2025:13:38:06 +0100] "GET /Jurek/vidaSI/feeds/vidaSI_bigbang.xml HTTP/1.1" 200 612872618 "-" "Python-urllib/3.11"
77.79.248.229 - - [03/Mar/2025:13:38:07 +0100] "GET /Jurek/aw/feeds/awnarzedzia_bigbang.xml HTTP/1.1" 200 90331018 "-" "Python-urllib/3.11"
77.79.248.229 - - [03/Mar/2025:13:38:08 +0100] "GET /Jurek/hurtownia_przemyslowa/feeds/hp_bigbang.xml HTTP/1.1" 200 49616638 "-" "Python-urllib/3.11"
77.79.248.229 - - [03/Mar/2025:13:38:09 +0100] "GET /Jurek/action/feeds/action_bigbang.xml HTTP/1.1" 200 55162389 "-" "Python-urllib/3.11"
77.79.248.229 - - [03/Mar/2025:13:38:10 +0100] "GET /Jurek/unimet/feeds/unimet_bigbang.xml HTTP/1.1" 200 60211289 "-" "Python-urllib/3.11"
77.79.248.229 - - [03/Mar/2025:13:38:11 +0100] "GET /Jurek/ikonka/feeds/ikonka_bigbang.xml HTTP/1.1" 200 21454125 "-" "Python-urllib/3.11"
77.79.248.229 - - [03/Mar/2025:13:38:11 +0100] "GET /Jurek/bass/feeds/bass_bigbang.xml HTTP/1.1" 200 3985160 "-" "Python-urllib/3.11"
77.79.248.229 - - [03/Mar/2025:13:38:12 +0100] "GET /Jurek/kinghoff/feeds/kinghoff_bigbang.xml HTTP/1.1" 200 15078028 "-" "Python-urllib/3.11"
77.79.248.229 - - [03/Mar/2025:13:38:13 +0100] "GET /Jurek/activeshop/feeds/activeshop_bigbang.xml HTTP/1.1" 200 10468139 "-" "Python-urllib/3.11"
77.79.248.229 - - [03/Mar/2025:13:38:13 +0100] "GET /Jurek/octopia/feeds/octopia_bigbang.xml HTTP/1.1" 200 6255983 "-" "Python-urllib/3.11"
77.79.248.229 - - [03/Mar/2025:13:38:13 +0100] "GET /Jurek/topeshop/feeds/topeshop_bigbang.xml HTTP/1.1" 200 2406914 "-" "Python-urllib/3.11"
77.79.248.229 - - [03/Mar/2025:13:38:13 +0100] "GET /Jurek/b3/feeds/b3_bigbang.xml HTTP/1.1" 200 7270517 "-" "Python-urllib/3.11"
77.79.248.229 - - [03/Mar/2025:13:38:14 +0100] "GET /Jurek/asortymenteu/feeds/asortymenteu_bigbang.xml HTTP/1.1" 200 2585294 "-" "Python-urllib/3.11"
77.79.248.229 - - [03/Mar/2025:13:38:14 +0100] "GET /Jurek/eroplace/feeds/eroplace_bigbang.xml HTTP/1.1" 200 30849120 "-" "Python-urllib/3.11"
77.79.248.229 - - [03/Mar/2025:13:38:18 +0100] "GET /Jurek/intsell/feeds/intsell_bigbang.xml HTTP/1.1" 200 338785458 "-" "Python-urllib/3.11"
77.79.248.229 - - [03/Mar/2025:13:38:18 +0100] "GET /Jurek/coppotech/feeds/coppotech_bigbang.xml HTTP/1.1" 200 38985492 "-" "Python-urllib/3.11"
77.79.248.229 - - [03/Mar/2025:13:38:18 +0100] "GET /Jurek/stema/feeds/stema_bigbang.xml HTTP/1.1" 200 838597 "-" "Python-urllib/3.11"
77.79.248.229 - - [03/Mar/2025:13:38:18 +0100] "GET /Jurek/sempler/feeds/sempler_bigbang.xml HTTP/1.1" 200 6553200 "-" "Python-urllib/3.11"
77.79.248.229 - - [03/Mar/2025:13:38:19 +0100] "GET /Jurek/benetech/feeds/benetech_bigbang.xml HTTP/1.1" 200 4451874 "-" "Python-urllib/3.11"
77.79.248.229 - - [03/Mar/2025:13:38:19 +0100] "GET /Jurek/ekuchcikowo/feeds/ekuchcikowo_bigbang.xml HTTP/1.1" 200 13394468 "-" "Python-urllib/3.11"
77.79.248.229 - - [03/Mar/2025:13:38:19 +0100] "GET /Jurek/erohurtownia/feeds/erohurtownia_bigbang.xml HTTP/1.1" 200 23304372 "-" "Python-urllib/3.11"
46.101.116.244 - - [03/Mar/2025:13:38:25 +0100] "GET /Jurek/aw/feeds/aw_fnacfr.xml HTTP/1.0" 404 3551 "-" "-"
77.79.248.229 - - [03/Mar/2025:13:38:27 +0100] "GET /Jurek/naszedzieci/feeds/naszedzieci_bigbang.xml HTTP/1.1" 200 833258896 "-" "Python-urllib/3.11"
77.79.248.229 - - [03/Mar/2025:13:38:29 +0100] "GET /Jurek/awparts/feeds/awparts_bigbang.xml HTTP/1.1" 200 142302469 "-" "Python-urllib/3.11"
77.79.248.229 - - [03/Mar/2025:13:38:29 +0100] "GET /Jurek/najtanszysport/feeds/najtanszysport_bigbang.xml HTTP/1.1" 200 3982923 "-" "Python-urllib/3.11"
77.79.248.229 - - [03/Mar/2025:13:38:29 +0100] "GET /Jurek/aiofactory/feeds/aiofactory_bigbang.xml HTTP/1.1" 200 2123791 "-" "Python-urllib/3.11"
77.79.248.229 - - [03/Mar/2025:13:38:29 +0100] "GET /Jurek/playcob/feeds/playcob_bigbang.xml HTTP/1.1" 200 6980070 "-" "Python-urllib/3.11"
77.79.248.229 - - [03/Mar/2025:13:38:29 +0100] "GET /Jurek/kidshop/feeds/kidshop_bigbang.xml HTTP/1.1" 200 19850628 "-" "Python-urllib/3.11"
77.79.248.229 - - [03/Mar/2025:13:38:30 +0100] "GET /Jurek/polzoo/feeds/polzoo_bigbang.xml HTTP/1.1" 200 48125737 "-" "Python-urllib/3.11"
46.101.116.244 - - [03/Mar/2025:13:38:40 +0100] "GET /Filip/feeds/xlsx_ceneo.xml HTTP/1.0" 200 6241376 "-" "-"
66.211.183.74 - - [03/Mar/2025:13:38:44 +0100] "GET /Jurek/eurofirany/images/390001/0.jpg HTTP/1.1" 200 185758 "-" "scalaj-http/2.4.2"
66.211.183.70 - - [03/Mar/2025:13:39:53 +0100] "GET /Jurek/eurofirany/images/402862/0.jpg HTTP/1.1" 200 79038 "-" "scalaj-http/2.4.2"
66.211.183.73 - - [03/Mar/2025:13:39:55 +0100] "GET /Jurek/eurofirany/images/400579/0.jpg HTTP/1.1" 200 58530 "-" "scalaj-http/2.4.2"
66.211.183.70 - - [03/Mar/2025:13:39:56 +0100] "GET /Jurek/eurofirany/images/383351/0.jpg HTTP/1.1" 200 67909 "-" "scalaj-http/2.4.2"
66.211.183.72 - - [03/Mar/2025:13:40:20 +0100] "GET /Jurek/topeshop/downloaded_images/5902838461167_bylki_.RGB_color.0021_kopia.png HTTP/1.1" 200 121464 "-" "scalaj-http/2.4.2"
66.211.183.73 - - [03/Mar/2025:13:40:23 +0100] "GET /Jurek/eurofirany/images/432024/0.jpg HTTP/1.1" 200 65372 "-" "scalaj-http/2.4.2"
66.211.183.70 - - [03/Mar/2025:13:40:28 +0100] "GET /Jurek/eurofirany/images/389906/0.jpg HTTP/1.1" 200 124529 "-" "scalaj-http/2.4.2"
40.77.167.32 - - [03/Mar/2025:13:40:40 +0100] "GET /Jurek/topeshop/downloaded_images/5902838468807_DUOARTISANBRY%C5%81KABOKZM.jpg HTTP/2.0" 404 3551 "-" "Mozilla/5.0 AppleWebKit/537.36 (KHTML, like Gecko; compatible; bingbot/2.0; +http://www.bing.com/bingbot.htm) Chrome/116.0.1938.76 Safari/537.36"
77.79.248.229 - - [03/Mar/2025:13:40:41 +0100] "GET /Jurek/kinghoff/feeds/kinghoff_SkroutzGR.xml HTTP/1.1" 200 15078213 "-" "Python-urllib/3.11"
77.79.248.229 - - [03/Mar/2025:13:40:42 +0100] "GET /Jurek/aw/feeds/awnarzedzia_skroutz.xml HTTP/1.1" 200 90355080 "-" "Python-urllib/3.11"
77.79.248.229 - - [03/Mar/2025:13:40:42 +0100] "GET /Jurek/eurofirany/feeds/eurofirany_skroutz.xml HTTP/1.1" 200 18992540 "-" "Python-urllib/3.11"
77.79.248.229 - - [03/Mar/2025:13:40:42 +0100] "GET /Jurek/fernity/feeds/fernity_skroutz.xml HTTP/1.1" 200 5222391 "-" "Python-urllib/3.11"
52.167.144.171 - - [03/Mar/2025:13:40:44 +0100] "GET /Jurek/topeshop/downloaded_images/5902838463741_20st_close.jpg HTTP/2.0" 404 3551 "-" "Mozilla/5.0 AppleWebKit/537.36 (KHTML, like Gecko; compatible; bingbot/2.0; +http://www.bing.com/bingbot.htm) Chrome/116.0.1938.76 Safari/537.36"
66.249.66.68 - - [03/Mar/2025:13:40:52 +0100] "GET /Jurek/eurofirany/images/378441/2.jpg HTTP/1.1" 200 147885 "-" "Googlebot-Image/1.0"
66.211.183.74 - - [03/Mar/2025:13:41:18 +0100] "GET /Jurek/eurofirany/images/438720/0.jpg HTTP/1.1" 200 105392 "-" "scalaj-http/2.4.2"
66.211.183.70 - - [03/Mar/2025:13:42:06 +0100] "GET /Jurek/topeshop/downloaded_images/5902838466681_3.png HTTP/1.1" 404 3551 "-" "scalaj-http/2.4.2"
46.101.116.244 - - [03/Mar/2025:13:42:54 +0100] "GET /Jurek/aw/feeds/aw_fnacfr.xml HTTP/1.0" 404 3551 "-" "-"
46.101.116.244 - - [03/Mar/2025:13:42:57 +0100] "GET /Jurek/kinghoff/feeds/kinghoff_ceneo.xml HTTP/1.0" 200 15079032 "-" "-"
46.101.116.244 - - [03/Mar/2025:13:42:59 +0100] "GET /Jurek/barbecook/feeds/barbecook_allegro.xml HTTP/1.0" 200 87554 "-" "-"
46.101.116.244 - - [03/Mar/2025:13:43:00 +0100] "GET /Jurek/eurofirany/feeds/eurofirany_velomarket.xml HTTP/1.0" 200 18993657 "-" "-"
46.101.116.244 - - [03/Mar/2025:13:43:18 +0100] "GET /Jurek/eurofirany/feeds/eurofirany_allegro.xml HTTP/1.0" 200 18996539 "-" "-"
66.211.183.70 - - [03/Mar/2025:13:43:28 +0100] "GET /Jurek/eurofirany/images/403221/0.jpg HTTP/1.1" 200 81347 "-" "scalaj-http/2.4.2"
46.101.116.244 - - [03/Mar/2025:13:43:32 +0100] "GET /Filip/feeds/xlsx_ceneo.xml HTTP/1.0" 200 6241376 "-" "-"
77.79.248.229 - - [03/Mar/2025:13:44:02 +0100] "GET /Jurek/kinghoff/feeds/kinghoff_rakuten.xml HTTP/1.1" 200 15078028 "-" "Python-urllib/3.11"
66.211.183.71 - - [03/Mar/2025:13:44:57 +0100] "GET /Jurek/eurofirany/images/390039/0.jpg HTTP/1.1" 200 215707 "-" "scalaj-http/2.4.2"
193.33.8.61 - - [03/Mar/2025:13:45:54 +0100] "GET /Jurek/oromed/feeds/oromed_zero.xml HTTP/2.0" 200 1054001 "https://konsola.dkkapusta1997.usermd.net/" "Mozilla/5.0 (Windows NT 10.0; Win64; x64) AppleWebKit/537.36 (KHTML, like Gecko) Chrome/133.0.0.0 Safari/537.36"
77.79.248.229 - - [03/Mar/2025:13:45:59 +0100] "GET /Jurek/oromed/feeds/oromed_zero.xml HTTP/1.1" 200 1054001 "-" "Python-urllib/3.11"
66.211.183.72 - - [03/Mar/2025:13:46:44 +0100] "GET /Jurek/eurofirany/images/398823/0.jpg HTTP/1.1" 200 28870 "-" "scalaj-http/2.4.2"
66.211.183.72 - - [03/Mar/2025:13:47:05 +0100] "GET /Jurek/eurofirany/images/438711/0.jpg HTTP/1.1" 200 105392 "-" "scalaj-http/2.4.2"
46.101.116.244 - - [03/Mar/2025:13:47:07 +0100] "GET /Jurek/aw/feeds/aw_fnacfr.xml HTTP/1.0" 404 3551 "-" "-"
46.101.116.244 - - [03/Mar/2025:13:47:22 +0100] "GET /Filip/feeds/xlsx_ceneo.xml HTTP/1.0" 200 6241376 "-" "-"
66.211.183.74 - - [03/Mar/2025:13:47:36 +0100] "GET /Jurek/eurofirany/images/383470/0.jpg HTTP/1.1" 200 86852 "-" "scalaj-http/2.4.2"
66.211.183.74 - - [03/Mar/2025:13:48:20 +0100] "GET /Jurek/eurofirany/images/390066/0.jpg HTTP/1.1" 200 143274 "-" "scalaj-http/2.4.2"
66.211.183.72 - - [03/Mar/2025:13:49:35 +0100] "GET /Jurek/eurofirany/images/408344/0.jpg HTTP/1.1" 200 68800 "-" "scalaj-http/2.4.2"
66.211.183.72 - - [03/Mar/2025:13:50:17 +0100] "GET /Jurek/eurofirany/images/454474/0.jpg HTTP/1.1" 200 130548 "-" "scalaj-http/2.4.2"
52.167.144.219 - - [03/Mar/2025:13:50:24 +0100] "GET /Jurek/topeshop/downloaded_images/5902838468463_1sonoma.png HTTP/2.0" 404 3551 "-" "Mozilla/5.0 AppleWebKit/537.36 (KHTML, like Gecko; compatible; bingbot/2.0; +http://www.bing.com/bingbot.htm) Chrome/116.0.1938.76 Safari/537.36"
46.101.116.244 - - [03/Mar/2025:13:50:54 +0100] "GET /Jurek/activeshop/feeds/activeshop_mallhu.xml HTTP/2.0" 200 10467627 "-" "-"
46.101.116.244 - - [03/Mar/2025:13:51:29 +0100] "GET /Jurek/aw/feeds/aw_fnacfr.xml HTTP/1.0" 404 3551 "-" "-"
46.101.116.244 - - [03/Mar/2025:13:51:45 +0100] "GET /Filip/feeds/xlsx_ceneo.xml HTTP/1.0" 200 6241376 "-" "-"
46.101.116.244 - - [03/Mar/2025:13:51:46 +0100] "GET /Jurek/action/feeds/action_mallhugs.xml HTTP/2.0" 200 55238973 "-" "-"
66.135.202.71 - - [03/Mar/2025:13:52:05 +0100] "GET /Jurek/eurofirany/images/386920/0.jpg HTTP/1.1" 200 99970 "-" "Java/17.0.12.0.101"
46.101.116.244 - - [03/Mar/2025:13:52:11 +0100] "GET /Jurek/b3/feeds/b3_mallhugs.xml HTTP/2.0" 200 7278130 "-" "-"
89.161.206.59 - - [03/Mar/2025:13:52:18 +0100] "GET /Jurek/pawonik/feeds/pawonik_skroutz.xml HTTP/1.0" 200 2586142 "-" "-"
89.161.206.59 - - [03/Mar/2025:13:52:18 +0100] "GET /Jurek/amzteam/feeds/amzteam_skroutz.xml HTTP/1.0" 200 95906 "-" "-"
89.161.206.59 - - [03/Mar/2025:13:52:20 +0100] "GET /Jurek/mosti/feeds/mosti_skroutz.xml HTTP/1.0" 200 9255701 "-" "-"
46.101.116.244 - - [03/Mar/2025:13:52:24 +0100] "GET /Jurek/benbaby/feeds/benbaby_mallhugs.xml HTTP/2.0" 200 3788923 "-" "-"
89.161.206.59 - - [03/Mar/2025:13:52:26 +0100] "GET /Jurek/swiatecznygoliat/feeds/swiatecznygoliat_skroutz.xml HTTP/1.0" 200 7054430 "-" "-"
89.161.206.59 - - [03/Mar/2025:13:52:26 +0100] "GET /Jurek/artdog/feeds/artdog_skroutz.xml HTTP/1.0" 200 15929569 "-" "-"
46.101.116.244 - - [03/Mar/2025:13:52:35 +0100] "GET /Jurek/emibig/feeds/emibig_mallhugs.xml HTTP/2.0" 200 2530820 "-" "-"
46.101.116.244 - - [03/Mar/2025:13:52:47 +0100] "GET /Jurek/hurtownia_przemyslowa/feeds/hp_mallhugs.xml HTTP/2.0" 200 49655802 "-" "-"
66.135.202.73 - - [03/Mar/2025:13:53:00 +0100] "GET /Jurek/eurofirany/images/434092/0.jpg HTTP/1.1" 200 152195 "-" "Java/17.0.12.0.101"
89.161.206.59 - - [03/Mar/2025:13:53:16 +0100] "GET /Jurek/ekolight/feeds/ekolioght_skroutz.xml HTTP/1.0" 200 9051683 "-" "-"
89.161.206.59 - - [03/Mar/2025:13:53:18 +0100] "GET /Jurek/galopi/feeds/galopi_skroutz.xml HTTP/1.0" 200 1884697 "-" "-"
193.33.8.61 - - [03/Mar/2025:13:53:18 +0100] "GET /Jurek/matkam/output.txt HTTP/2.0" 200 835 "https://konsola.dkkapusta1997.usermd.net/" "Mozilla/5.0 (Windows NT 10.0; Win64; x64) AppleWebKit/537.36 (KHTML, like Gecko) Chrome/133.0.0.0 Safari/537.36"
89.161.206.59 - - [03/Mar/2025:13:53:19 +0100] "GET /Jurek/spali/feeds/spali_skroutz.xml HTTP/1.0" 200 101945 "-" "-"
89.161.206.59 - - [03/Mar/2025:13:53:20 +0100] "GET /Jurek/combine/feeds/combine_skroutz.xml HTTP/1.0" 200 210556 "-" "-"
89.161.206.59 - - [03/Mar/2025:13:53:21 +0100] "GET /Jurek/velinda/feeds/velinda_skroutz.xml HTTP/1.0" 200 4295088 "-" "-"
89.161.206.59 - - [03/Mar/2025:13:53:23 +0100] "GET /Jurek/reman/feeds/reman_skroutz.xml HTTP/1.0" 200 1394828 "-" "-"
89.161.206.59 - - [03/Mar/2025:13:53:23 +0100] "GET /Jurek/erohurtownia/feeds/erohurtownia_skroutz.xml HTTP/1.0" 200 23304408 "-" "-"
34.133.239.145 - - [03/Mar/2025:13:53:23 +0100] "GET /Jurek/eurofirany/images/372648/1.jpg HTTP/1.1" 200 45723 "-" "Mozilla/5.0 (X11; Linux x86_64) AppleWebKit/537.36 (KHTML, like Gecko) Chrome/110.0.0.0 Safari/537.36"
89.161.206.59 - - [03/Mar/2025:13:53:24 +0100] "GET /Jurek/urwiskowo/feeds/urwiskowo_skroutz.xml HTTP/1.0" 200 9114904 "-" "-"
34.133.239.145 - - [03/Mar/2025:13:53:24 +0100] "GET /Jurek/eurofirany/images/372648/2.jpg HTTP/1.1" 200 160345 "-" "Mozilla/5.0 (X11; Linux x86_64) AppleWebKit/537.36 (KHTML, like Gecko) Chrome/110.0.0.0 Safari/537.36"
34.133.239.145 - - [03/Mar/2025:13:53:25 +0100] "GET /Jurek/eurofirany/images/372648/3.jpg HTTP/1.1" 200 77640 "-" "Mozilla/5.0 (X11; Linux x86_64) AppleWebKit/537.36 (KHTML, like Gecko) Chrome/110.0.0.0 Safari/537.36"
34.133.239.145 - - [03/Mar/2025:13:53:25 +0100] "GET /Jurek/eurofirany/images/372648/4.jpg HTTP/1.1" 200 48877 "-" "Mozilla/5.0 (X11; Linux x86_64) AppleWebKit/537.36 (KHTML, like Gecko) Chrome/110.0.0.0 Safari/537.36"
34.133.239.145 - - [03/Mar/2025:13:53:25 +0100] "GET /Jurek/eurofirany/images/372648/5.jpg HTTP/1.1" 200 42599 "-" "Mozilla/5.0 (X11; Linux x86_64) AppleWebKit/537.36 (KHTML, like Gecko) Chrome/110.0.0.0 Safari/537.36"
34.72.247.156 - - [03/Mar/2025:13:53:27 +0100] "GET /Jurek/eurofirany/images/372648/6.jpg HTTP/1.1" 200 6595 "-" "Mozilla/5.0 (X11; Linux x86_64) AppleWebKit/537.36 (KHTML, like Gecko) Chrome/110.0.0.0 Safari/537.36"
46.101.116.244 - - [03/Mar/2025:13:53:28 +0100] "GET /Jurek/intsell/feeds/intsell_skroutz.xml HTTP/1.0" 200 338789228 "-" "-"
199.182.115.145 - - [03/Mar/2025:13:53:30 +0100] "GET /Jurek/eurofirany/images/372648/6.jpg HTTP/2.0" 200 6595 "-" "Mozilla/5.0 (X11; Linux x86_64) AppleWebKit/537.36 (KHTML, like Gecko) Chrome/110.0.0.0 Safari/537.36"
208.52.181.173 - - [03/Mar/2025:13:53:34 +0100] "GET /Jurek/eurofirany/images/372648/6.jpg HTTP/2.0" 200 6595 "-" "Mozilla/5.0 (X11; Linux x86_64) AppleWebKit/537.36 (KHTML, like Gecko) Chrome/110.0.0.0 Safari/537.36"
34.133.239.145 - - [03/Mar/2025:13:53:35 +0100] "GET /Jurek/eurofirany/images/372648/0.jpg HTTP/1.1" 200 65038 "-" "Mozilla/5.0 (X11; Linux x86_64) AppleWebKit/537.36 (KHTML, like Gecko) Chrome/110.0.0.0 Safari/537.36"
193.33.8.61 - - [03/Mar/2025:13:53:36 +0100] "GET /Jurek/matkam/feeds/matkam_cdon_dk.xml HTTP/2.0" 200 5002029 "https://konsola.dkkapusta1997.usermd.net/" "Mozilla/5.0 (Windows NT 10.0; Win64; x64) AppleWebKit/537.36 (KHTML, like Gecko) Chrome/133.0.0.0 Safari/537.36"
66.211.183.71 - - [03/Mar/2025:13:53:42 +0100] "GET /Jurek/eurofirany/images/407896/0.jpg HTTP/1.1" 200 161627 "-" "scalaj-http/2.4.2"
77.79.248.229 - - [03/Mar/2025:13:53:44 +0100] "GET /Jurek/matkam/feeds/matkam_cdon_dk.xml HTTP/1.1" 200 5002029 "-" "Python-urllib/3.11"
34.72.247.156 - - [03/Mar/2025:13:53:47 +0100] "GET /Jurek/eurofirany/images/372982/1.jpg HTTP/1.1" 200 56235 "-" "Mozilla/5.0 (X11; Linux x86_64) AppleWebKit/537.36 (KHTML, like Gecko) Chrome/110.0.0.0 Safari/537.36"
34.72.247.156 - - [03/Mar/2025:13:53:49 +0100] "GET /Jurek/eurofirany/images/372982/2.jpg HTTP/1.1" 200 151027 "-" "Mozilla/5.0 (X11; Linux x86_64) AppleWebKit/537.36 (KHTML, like Gecko) Chrome/110.0.0.0 Safari/537.36"
34.72.247.156 - - [03/Mar/2025:13:53:50 +0100] "GET /Jurek/eurofirany/images/372982/3.jpg HTTP/1.1" 200 121224 "-" "Mozilla/5.0 (X11; Linux x86_64) AppleWebKit/537.36 (KHTML, like Gecko) Chrome/110.0.0.0 Safari/537.36"
34.72.247.156 - - [03/Mar/2025:13:53:51 +0100] "GET /Jurek/eurofirany/images/372982/4.jpg HTTP/1.1" 200 56739 "-" "Mozilla/5.0 (X11; Linux x86_64) AppleWebKit/537.36 (KHTML, like Gecko) Chrome/110.0.0.0 Safari/537.36"
34.72.247.156 - - [03/Mar/2025:13:53:52 +0100] "GET /Jurek/eurofirany/images/372981/1.jpg HTTP/1.1" 200 41854 "-" "Mozilla/5.0 (X11; Linux x86_64) AppleWebKit/537.36 (KHTML, like Gecko) Chrome/110.0.0.0 Safari/537.36"
34.72.247.156 - - [03/Mar/2025:13:53:52 +0100] "GET /Jurek/eurofirany/images/372982/5.jpg HTTP/1.1" 200 48435 "-" "Mozilla/5.0 (X11; Linux x86_64) AppleWebKit/537.36 (KHTML, like Gecko) Chrome/110.0.0.0 Safari/537.36"
34.72.247.156 - - [03/Mar/2025:13:53:52 +0100] "GET /Jurek/eurofirany/images/372982/6.jpg HTTP/1.1" 200 6595 "-" "Mozilla/5.0 (X11; Linux x86_64) AppleWebKit/537.36 (KHTML, like Gecko) Chrome/110.0.0.0 Safari/537.36"
34.72.247.156 - - [03/Mar/2025:13:53:53 +0100] "GET /Jurek/eurofirany/images/372981/2.jpg HTTP/1.1" 200 116450 "-" "Mozilla/5.0 (X11; Linux x86_64) AppleWebKit/537.36 (KHTML, like Gecko) Chrome/110.0.0.0 Safari/537.36"
34.72.247.156 - - [03/Mar/2025:13:53:53 +0100] "GET /Jurek/eurofirany/images/372981/3.jpg HTTP/1.1" 200 69681 "-" "Mozilla/5.0 (X11; Linux x86_64) AppleWebKit/537.36 (KHTML, like Gecko) Chrome/110.0.0.0 Safari/537.36"
34.133.239.145 - - [03/Mar/2025:13:53:54 +0100] "GET /Jurek/eurofirany/images/372981/4.jpg HTTP/1.1" 200 44589 "-" "Mozilla/5.0 (X11; Linux x86_64) AppleWebKit/537.36 (KHTML, like Gecko) Chrome/110.0.0.0 Safari/537.36"
34.133.239.145 - - [03/Mar/2025:13:53:55 +0100] "GET /Jurek/eurofirany/images/372981/5.jpg HTTP/1.1" 200 39338 "-" "Mozilla/5.0 (X11; Linux x86_64) AppleWebKit/537.36 (KHTML, like Gecko) Chrome/110.0.0.0 Safari/537.36"
66.211.183.72 - - [03/Mar/2025:13:54:00 +0100] "GET /Jurek/eurofirany/images/389606/0.jpg HTTP/1.1" 200 149159 "-" "scalaj-http/2.4.2"
34.133.239.145 - - [03/Mar/2025:13:54:00 +0100] "GET /Jurek/eurofirany/images/372982/0.jpg HTTP/1.1" 200 63261 "-" "Mozilla/5.0 (X11; Linux x86_64) AppleWebKit/537.36 (KHTML, like Gecko) Chrome/110.0.0.0 Safari/537.36"
46.101.116.244 - - [03/Mar/2025:13:54:02 +0100] "GET /Jurek/kinghoff/feeds/kinghoff_mallhu.xml HTTP/2.0" 200 15084446 "-" "-"
3.126.202.245 - - [03/Mar/2025:13:54:02 +0100] "GET /Jurek/eurofirany/images/458751/0.jpg HTTP/2.0" 200 85865 "-" "Mozilla/5.0 (Windows NT 10.0; Win64; x64) AppleWebKit/537.36 (KHTML, like Gecko) Chrome/109.0.0.0 Safari/537.36"
18.157.125.26 - - [03/Mar/2025:13:54:03 +0100] "GET /Jurek/eurofirany/images/40882/0.jpg HTTP/2.0" 200 220862 "-" "Mozilla/5.0 (Windows NT 10.0; Win64; x64) AppleWebKit/537.36 (KHTML, like Gecko) Chrome/109.0.0.0 Safari/537.36"
34.72.247.156 - - [03/Mar/2025:13:54:04 +0100] "GET /Jurek/eurofirany/images/372981/6.jpg HTTP/1.1" 200 6595 "-" "Mozilla/5.0 (X11; Linux x86_64) AppleWebKit/537.36 (KHTML, like Gecko) Chrome/110.0.0.0 Safari/537.36"
209.163.119.79 - - [03/Mar/2025:13:54:10 +0100] "GET /Jurek/eurofirany/images/372981/6.jpg HTTP/2.0" 200 6595 "-" "Mozilla/5.0 (X11; Linux x86_64) AppleWebKit/537.36 (KHTML, like Gecko) Chrome/110.0.0.0 Safari/537.36"
172.252.143.111 - - [03/Mar/2025:13:54:15 +0100] "GET /Jurek/eurofirany/images/372981/6.jpg HTTP/2.0" 200 6595 "-" "Mozilla/5.0 (X11; Linux x86_64) AppleWebKit/537.36 (KHTML, like Gecko) Chrome/110.0.0.0 Safari/537.36"
34.133.239.145 - - [03/Mar/2025:13:54:15 +0100] "GET /Jurek/eurofirany/images/372981/0.jpg HTTP/1.1" 200 59591 "-" "Mozilla/5.0 (X11; Linux x86_64) AppleWebKit/537.36 (KHTML, like Gecko) Chrome/110.0.0.0 Safari/537.36"
46.101.116.244 - - [03/Mar/2025:13:54:18 +0100] "GET /Jurek/fernity/feeds/fernity_mallhu.xml HTTP/2.0" 200 5231415 "-" "-"
66.211.183.70 - - [03/Mar/2025:13:54:21 +0100] "GET /Jurek/eurofirany/images/423214/0.jpg HTTP/1.1" 200 0 "-" "scalaj-http/2.4.2"
89.161.206.59 - - [03/Mar/2025:13:54:29 +0100] "GET /Jurek/elecomp/feeds/elecomp_skroutz.xml HTTP/1.0" 200 2869617 "-" "-"
46.101.116.244 - - [03/Mar/2025:13:54:33 +0100] "GET /Jurek/beliani/feeds/beliani_hu.xml HTTP/2.0" 200 42124787 "-" "-"
66.211.183.70 - - [03/Mar/2025:13:54:36 +0100] "GET /Jurek/eurofirany/images/423692/0.jpg HTTP/1.1" 200 70608 "-" "scalaj-http/2.4.2"
46.101.116.244 - - [03/Mar/2025:13:54:48 +0100] "GET /Jurek/vidaCZ/feeds/vida_mallczod.xml HTTP/2.0" 200 654695030 "-" "-"
46.101.116.244 - - [03/Mar/2025:13:54:54 +0100] "GET /Jurek/detian/feeds/detian_mallhu.xml HTTP/2.0" 404 3551 "-" "-"
34.72.247.156 - - [03/Mar/2025:13:54:58 +0100] "GET /Jurek/eurofirany/images/372984/4.jpg HTTP/1.1" 200 55298 "-" "Mozilla/5.0 (X11; Linux x86_64) AppleWebKit/537.36 (KHTML, like Gecko) Chrome/110.0.0.0 Safari/537.36"
89.161.206.59 - - [03/Mar/2025:13:54:59 +0100] "GET /Jurek/benetech/feeds/benetech_allegro.xml HTTP/1.0" 200 4452166 "-" "-"
34.72.247.156 - - [03/Mar/2025:13:54:59 +0100] "GET /Jurek/eurofirany/images/372984/5.jpg HTTP/1.1" 200 50872 "-" "Mozilla/5.0 (X11; Linux x86_64) AppleWebKit/537.36 (KHTML, like Gecko) Chrome/110.0.0.0 Safari/537.36"
89.161.206.59 - - [03/Mar/2025:13:54:59 +0100] "GET /Jurek/targethome/feeds/targethome_allegro.xml HTTP/1.0" 200 683626 "-" "-"
89.161.206.59 - - [03/Mar/2025:13:54:59 +0100] "GET /Jurek/targethome/feeds/targethome_allegro.xml HTTP/1.0" 200 683626 "-" "-"
34.72.247.156 - - [03/Mar/2025:13:55:00 +0100] "GET /Jurek/eurofirany/images/372984/6.jpg HTTP/1.1" 200 6595 "-" "Mozilla/5.0 (X11; Linux x86_64) AppleWebKit/537.36 (KHTML, like Gecko) Chrome/110.0.0.0 Safari/537.36"
172.252.143.114 - - [03/Mar/2025:13:55:03 +0100] "GET /Jurek/eurofirany/images/372984/6.jpg HTTP/2.0" 200 6595 "-" "Mozilla/5.0 (X11; Linux x86_64) AppleWebKit/537.36 (KHTML, like Gecko) Chrome/110.0.0.0 Safari/537.36"
46.101.116.244 - - [03/Mar/2025:13:55:04 +0100] "GET /Jurek/flhf/feeds/flhf_mallsi.xml HTTP/2.0" 404 3551 "-" "-"
209.163.117.121 - - [03/Mar/2025:13:55:08 +0100] "GET /Jurek/eurofirany/images/372984/6.jpg HTTP/2.0" 200 6595 "-" "Mozilla/5.0 (X11; Linux x86_64) AppleWebKit/537.36 (KHTML, like Gecko) Chrome/110.0.0.0 Safari/537.36"
34.133.239.145 - - [03/Mar/2025:13:55:09 +0100] "GET /Jurek/eurofirany/images/372984/0.jpg HTTP/1.1" 200 66435 "-" "Mozilla/5.0 (X11; Linux x86_64) AppleWebKit/537.36 (KHTML, like Gecko) Chrome/110.0.0.0 Safari/537.36"
77.79.248.229 - - [03/Mar/2025:13:55:12 +0100] "GET /Jurek/matkam/feeds/matkam_cdon_fi.xml HTTP/1.1" 200 5001326 "-" "Python-urllib/3.11"
46.175.227.131 - - [03/Mar/2025:13:55:14 +0100] "GET /Jurek/nexus/output.txt HTTP/2.0" 200 4315 "https://konsola.dkkapusta1997.usermd.net/" "Mozilla/5.0 (Windows NT 10.0; Win64; x64) AppleWebKit/537.36 (KHTML, like Gecko) Chrome/133.0.0.0 Safari/537.36"
34.72.247.156 - - [03/Mar/2025:13:55:28 +0100] "GET /Jurek/eurofirany/images/372654/5.jpg HTTP/1.1" 200 50872 "-" "Mozilla/5.0 (X11; Linux x86_64) AppleWebKit/537.36 (KHTML, like Gecko) Chrome/110.0.0.0 Safari/537.36"
34.72.247.156 - - [03/Mar/2025:13:55:29 +0100] "GET /Jurek/eurofirany/images/372654/6.jpg HTTP/1.1" 200 6595 "-" "Mozilla/5.0 (X11; Linux x86_64) AppleWebKit/537.36 (KHTML, like Gecko) Chrome/110.0.0.0 Safari/537.36"
34.133.239.145 - - [03/Mar/2025:13:55:31 +0100] "GET /Jurek/eurofirany/images/372657/5.jpg HTTP/1.1" 200 43676 "-" "Mozilla/5.0 (X11; Linux x86_64) AppleWebKit/537.36 (KHTML, like Gecko) Chrome/110.0.0.0 Safari/537.36"
34.133.239.145 - - [03/Mar/2025:13:55:31 +0100] "GET /Jurek/eurofirany/images/372657/6.jpg HTTP/1.1" 200 6595 "-" "Mozilla/5.0 (X11; Linux x86_64) AppleWebKit/537.36 (KHTML, like Gecko) Chrome/110.0.0.0 Safari/537.36"
172.252.143.114 - - [03/Mar/2025:13:55:31 +0100] "GET /Jurek/eurofirany/images/372654/6.jpg HTTP/2.0" 200 6595 "-" "Mozilla/5.0 (X11; Linux x86_64) AppleWebKit/537.36 (KHTML, like Gecko) Chrome/110.0.0.0 Safari/537.36"
40.77.167.63 - - [03/Mar/2025:13:55:32 +0100] "GET /Jurek/topeshop/downloaded_images/5904507200084_MIJASBIURKOBRY%C5%81KABIELPRAWEBOKZM.jpg HTTP/2.0" 404 3551 "-" "Mozilla/5.0 AppleWebKit/537.36 (KHTML, like Gecko; compatible; bingbot/2.0; +http://www.bing.com/bingbot.htm) Chrome/116.0.1938.76 Safari/537.36"
40.77.167.63 - - [03/Mar/2025:13:55:32 +0100] "GET /Jurek/topeshop/downloaded_images/5902838468487_1artisan.png HTTP/2.0" 404 3551 "-" "Mozilla/5.0 AppleWebKit/537.36 (KHTML, like Gecko; compatible; bingbot/2.0; +http://www.bing.com/bingbot.htm) Chrome/116.0.1938.76 Safari/537.36"
216.213.27.81 - - [03/Mar/2025:13:55:37 +0100] "GET /Jurek/eurofirany/images/372654/6.jpg HTTP/2.0" 200 6595 "-" "Mozilla/5.0 (X11; Linux x86_64) AppleWebKit/537.36 (KHTML, like Gecko) Chrome/110.0.0.0 Safari/537.36"
34.72.247.156 - - [03/Mar/2025:13:55:39 +0100] "GET /Jurek/eurofirany/images/372657/0.jpg HTTP/1.1" 200 61810 "-" "Mozilla/5.0 (X11; Linux x86_64) AppleWebKit/537.36 (KHTML, like Gecko) Chrome/110.0.0.0 Safari/537.36"
34.133.239.145 - - [03/Mar/2025:13:55:39 +0100] "GET /Jurek/eurofirany/images/372654/0.jpg HTTP/1.1" 200 66435 "-" "Mozilla/5.0 (X11; Linux x86_64) AppleWebKit/537.36 (KHTML, like Gecko) Chrome/110.0.0.0 Safari/537.36"
46.175.227.131 - - [03/Mar/2025:13:55:41 +0100] "GET /Jurek/nexus/feeds/nexus_emagro.xml HTTP/2.0" 200 223136 "https://konsola.dkkapusta1997.usermd.net/" "Mozilla/5.0 (Windows NT 10.0; Win64; x64) AppleWebKit/537.36 (KHTML, like Gecko) Chrome/133.0.0.0 Safari/537.36"
89.161.206.59 - - [03/Mar/2025:13:56:27 +0100] "GET /Jurek/nexus/feeds/nexus_emagro.xml HTTP/1.0" 200 223136 "-" "-"
89.161.206.59 - - [03/Mar/2025:13:56:28 +0100] "GET /Jurek/oromed/feeds/oromed_amazonnl.xml HTTP/1.0" 200 1053921 "-" "-"
66.211.183.74 - - [03/Mar/2025:13:56:39 +0100] "GET /Jurek/eurofirany/images/360231/0.jpg HTTP/1.1" 200 205440 "-" "scalaj-http/2.4.2"
46.101.116.244 - - [03/Mar/2025:13:56:41 +0100] "GET /Jurek/aw/feeds/aw_fnacfr.xml HTTP/1.0" 404 3551 "-" "-"
66.249.66.67 - - [03/Mar/2025:13:56:51 +0100] "GET /Jurek/eurofirany/images/386192/5.jpg HTTP/1.1" 200 101562 "-" "Googlebot-Image/1.0"
46.101.116.244 - - [03/Mar/2025:13:57:03 +0100] "GET /Filip/feeds/xlsx_ceneo.xml HTTP/1.0" 200 6241376 "-" "-"
34.72.247.156 - - [03/Mar/2025:13:57:06 +0100] "GET /Jurek/eurofirany/images/372982/1.jpg HTTP/1.1" 200 56235 "-" "Mozilla/5.0 (X11; Linux x86_64) AppleWebKit/537.36 (KHTML, like Gecko) Chrome/110.0.0.0 Safari/537.36"
34.72.247.156 - - [03/Mar/2025:13:57:07 +0100] "GET /Jurek/eurofirany/images/372982/2.jpg HTTP/1.1" 200 151027 "-" "Mozilla/5.0 (X11; Linux x86_64) AppleWebKit/537.36 (KHTML, like Gecko) Chrome/110.0.0.0 Safari/537.36"
34.72.247.156 - - [03/Mar/2025:13:57:11 +0100] "GET /Jurek/eurofirany/images/372982/3.jpg HTTP/1.1" 200 121224 "-" "Mozilla/5.0 (X11; Linux x86_64) AppleWebKit/537.36 (KHTML, like Gecko) Chrome/110.0.0.0 Safari/537.36"
34.133.239.145 - - [03/Mar/2025:13:57:13 +0100] "GET /Jurek/eurofirany/images/372982/4.jpg HTTP/1.1" 200 56739 "-" "Mozilla/5.0 (X11; Linux x86_64) AppleWebKit/537.36 (KHTML, like Gecko) Chrome/110.0.0.0 Safari/537.36"
34.72.247.156 - - [03/Mar/2025:13:57:14 +0100] "GET /Jurek/eurofirany/images/372982/5.jpg HTTP/1.1" 200 48435 "-" "Mozilla/5.0 (X11; Linux x86_64) AppleWebKit/537.36 (KHTML, like Gecko) Chrome/110.0.0.0 Safari/537.36"
34.72.247.156 - - [03/Mar/2025:13:57:14 +0100] "GET /Jurek/eurofirany/images/372982/6.jpg HTTP/1.1" 200 6595 "-" "Mozilla/5.0 (X11; Linux x86_64) AppleWebKit/537.36 (KHTML, like Gecko) Chrome/110.0.0.0 Safari/537.36"
104.252.30.40 - - [03/Mar/2025:13:57:17 +0100] "GET /Jurek/eurofirany/images/372982/6.jpg HTTP/2.0" 200 6595 "-" "Mozilla/5.0 (X11; Linux x86_64) AppleWebKit/537.36 (KHTML, like Gecko) Chrome/110.0.0.0 Safari/537.36"
66.211.183.72 - - [03/Mar/2025:13:57:22 +0100] "GET /Jurek/eurofirany/images/390175/0.jpg HTTP/1.1" 200 208032 "-" "scalaj-http/2.4.2"
34.72.247.156 - - [03/Mar/2025:13:57:26 +0100] "GET /Jurek/eurofirany/images/372982/0.jpg HTTP/1.1" 200 63261 "-" "Mozilla/5.0 (X11; Linux x86_64) AppleWebKit/537.36 (KHTML, like Gecko) Chrome/110.0.0.0 Safari/537.36"
34.133.239.145 - - [03/Mar/2025:13:57:38 +0100] "GET /Jurek/eurofirany/images/372640/2.jpg HTTP/1.1" 200 116450 "-" "Mozilla/5.0 (X11; Linux x86_64) AppleWebKit/537.36 (KHTML, like Gecko) Chrome/110.0.0.0 Safari/537.36"
34.72.247.156 - - [03/Mar/2025:13:57:40 +0100] "GET /Jurek/eurofirany/images/372640/3.jpg HTTP/1.1" 200 69681 "-" "Mozilla/5.0 (X11; Linux x86_64) AppleWebKit/537.36 (KHTML, like Gecko) Chrome/110.0.0.0 Safari/537.36"
34.72.247.156 - - [03/Mar/2025:13:57:40 +0100] "GET /Jurek/eurofirany/images/372640/4.jpg HTTP/1.1" 200 44589 "-" "Mozilla/5.0 (X11; Linux x86_64) AppleWebKit/537.36 (KHTML, like Gecko) Chrome/110.0.0.0 Safari/537.36"
34.72.247.156 - - [03/Mar/2025:13:57:41 +0100] "GET /Jurek/eurofirany/images/372640/5.jpg HTTP/1.1" 200 39338 "-" "Mozilla/5.0 (X11; Linux x86_64) AppleWebKit/537.36 (KHTML, like Gecko) Chrome/110.0.0.0 Safari/537.36"
34.133.239.145 - - [03/Mar/2025:13:57:42 +0100] "GET /Jurek/eurofirany/images/372640/6.jpg HTTP/1.1" 200 6595 "-" "Mozilla/5.0 (X11; Linux x86_64) AppleWebKit/537.36 (KHTML, like Gecko) Chrome/110.0.0.0 Safari/537.36"
130.44.203.98 - - [03/Mar/2025:13:57:45 +0100] "GET /Jurek/eurofirany/images/372640/6.jpg HTTP/2.0" 200 6595 "-" "Mozilla/5.0 (X11; Linux x86_64) AppleWebKit/537.36 (KHTML, like Gecko) Chrome/110.0.0.0 Safari/537.36"
66.211.183.73 - - [03/Mar/2025:13:57:54 +0100] "GET /Jurek/eurofirany/images/389237/0.jpg HTTP/1.1" 200 149159 "-" "scalaj-http/2.4.2"
34.133.239.145 - - [03/Mar/2025:13:57:55 +0100] "GET /Jurek/eurofirany/images/372640/0.jpg HTTP/1.1" 200 59591 "-" "Mozilla/5.0 (X11; Linux x86_64) AppleWebKit/537.36 (KHTML, like Gecko) Chrome/110.0.0.0 Safari/537.36"
34.133.239.145 - - [03/Mar/2025:13:58:02 +0100] "GET /Jurek/eurofirany/images/372634/3.jpg HTTP/1.1" 200 66247 "-" "Mozilla/5.0 (X11; Linux x86_64) AppleWebKit/537.36 (KHTML, like Gecko) Chrome/110.0.0.0 Safari/537.36"
34.72.247.156 - - [03/Mar/2025:13:58:02 +0100] "GET /Jurek/eurofirany/images/372660/2.jpg HTTP/1.1" 200 204201 "-" "Mozilla/5.0 (X11; Linux x86_64) AppleWebKit/537.36 (KHTML, like Gecko) Chrome/110.0.0.0 Safari/537.36"
34.72.247.156 - - [03/Mar/2025:13:58:03 +0100] "GET /Jurek/eurofirany/images/372660/3.jpg HTTP/1.1" 200 114704 "-" "Mozilla/5.0 (X11; Linux x86_64) AppleWebKit/537.36 (KHTML, like Gecko) Chrome/110.0.0.0 Safari/537.36"
34.72.247.156 - - [03/Mar/2025:13:58:04 +0100] "GET /Jurek/eurofirany/images/372634/4.jpg HTTP/1.1" 200 45454 "-" "Mozilla/5.0 (X11; Linux x86_64) AppleWebKit/537.36 (KHTML, like Gecko) Chrome/110.0.0.0 Safari/537.36"
34.72.247.156 - - [03/Mar/2025:13:58:04 +0100] "GET /Jurek/eurofirany/images/372660/4.jpg HTTP/1.1" 200 56743 "-" "Mozilla/5.0 (X11; Linux x86_64) AppleWebKit/537.36 (KHTML, like Gecko) Chrome/110.0.0.0 Safari/537.36"
77.79.248.229 - - [03/Mar/2025:13:58:04 +0100] "GET /Filip/zalando/zalando-logo.jpg HTTP/1.1" 200 5121 "-" "-"
34.72.247.156 - - [03/Mar/2025:13:58:04 +0100] "GET /Jurek/eurofirany/images/372634/5.jpg HTTP/1.1" 200 38535 "-" "Mozilla/5.0 (X11; Linux x86_64) AppleWebKit/537.36 (KHTML, like Gecko) Chrome/110.0.0.0 Safari/537.36"
77.79.248.229 - - [03/Mar/2025:13:58:04 +0100] "GET /Filip/zalando/zalando-logo.jpg HTTP/1.1" 200 5121 "-" "-"
34.133.239.145 - - [03/Mar/2025:13:58:04 +0100] "GET /Jurek/eurofirany/images/372660/5.jpg HTTP/1.1" 200 45439 "-" "Mozilla/5.0 (X11; Linux x86_64) AppleWebKit/537.36 (KHTML, like Gecko) Chrome/110.0.0.0 Safari/537.36"
34.72.247.156 - - [03/Mar/2025:13:58:04 +0100] "GET /Jurek/eurofirany/images/372634/6.jpg HTTP/1.1" 200 6595 "-" "Mozilla/5.0 (X11; Linux x86_64) AppleWebKit/537.36 (KHTML, like Gecko) Chrome/110.0.0.0 Safari/537.36"
34.133.239.145 - - [03/Mar/2025:13:58:05 +0100] "GET /Jurek/eurofirany/images/372660/6.jpg HTTP/1.1" 200 6595 "-" "Mozilla/5.0 (X11; Linux x86_64) AppleWebKit/537.36 (KHTML, like Gecko) Chrome/110.0.0.0 Safari/537.36"
77.79.248.229 - - [03/Mar/2025:13:58:06 +0100] "GET /Filip/zalando/zalando-logo.jpg HTTP/1.1" 200 5121 "-" "-"
77.79.248.229 - - [03/Mar/2025:13:58:06 +0100] "GET /Filip/zalando/zalando-logo.jpg HTTP/1.1" 200 5121 "-" "-"
34.72.247.156 - - [03/Mar/2025:13:58:07 +0100] "GET /Jurek/eurofirany/images/372964/5.jpg HTTP/1.1" 200 38535 "-" "Mozilla/5.0 (X11; Linux x86_64) AppleWebKit/537.36 (KHTML, like Gecko) Chrome/110.0.0.0 Safari/537.36"
34.72.247.156 - - [03/Mar/2025:13:58:07 +0100] "GET /Jurek/topeshop/downloaded_images/5904507209858_1234123(3).jpg HTTP/1.1" 404 3551 "-" "Mozilla/5.0 (X11; Linux x86_64) AppleWebKit/537.36 (KHTML, like Gecko) Chrome/110.0.0.0 Safari/537.36"
206.198.216.115 - - [03/Mar/2025:13:58:08 +0100] "GET /Jurek/eurofirany/images/372634/6.jpg HTTP/2.0" 200 6595 "-" "Mozilla/5.0 (X11; Linux x86_64) AppleWebKit/537.36 (KHTML, like Gecko) Chrome/110.0.0.0 Safari/537.36"
142.147.107.109 - - [03/Mar/2025:13:58:09 +0100] "GET /Jurek/eurofirany/images/372660/6.jpg HTTP/2.0" 200 6595 "-" "Mozilla/5.0 (X11; Linux x86_64) AppleWebKit/537.36 (KHTML, like Gecko) Chrome/110.0.0.0 Safari/537.36"
34.72.247.156 - - [03/Mar/2025:13:58:09 +0100] "GET /Jurek/eurofirany/images/372964/6.jpg HTTP/1.1" 200 6595 "-" "Mozilla/5.0 (X11; Linux x86_64) AppleWebKit/537.36 (KHTML, like Gecko) Chrome/110.0.0.0 Safari/537.36"
77.79.248.229 - - [03/Mar/2025:13:58:09 +0100] "GET /Filip/zalando/zalando-logo.jpg HTTP/1.1" 200 5121 "-" "-"
77.79.248.229 - - [03/Mar/2025:13:58:09 +0100] "GET /Filip/zalando/zalando-logo.jpg HTTP/1.1" 200 5121 "-" "-"
156.239.60.190 - - [03/Mar/2025:13:58:10 +0100] "GET /Jurek/topeshop/downloaded_images/5904507209858_1234123(3).jpg HTTP/2.0" 404 3551 "-" "Mozilla/5.0 (X11; Linux x86_64) AppleWebKit/537.36 (KHTML, like Gecko) Chrome/110.0.0.0 Safari/537.36"
149.20.243.106 - - [03/Mar/2025:13:58:12 +0100] "GET /Jurek/eurofirany/images/372964/6.jpg HTTP/2.0" 200 6595 "-" "Mozilla/5.0 (X11; Linux x86_64) AppleWebKit/537.36 (KHTML, like Gecko) Chrome/110.0.0.0 Safari/537.36"
206.198.216.115 - - [03/Mar/2025:13:58:12 +0100] "GET /Jurek/eurofirany/images/372634/6.jpg HTTP/2.0" 200 6595 "-" "Mozilla/5.0 (X11; Linux x86_64) AppleWebKit/537.36 (KHTML, like Gecko) Chrome/110.0.0.0 Safari/537.36"
34.133.239.145 - - [03/Mar/2025:13:58:13 +0100] "GET /Jurek/eurofirany/images/372634/0.jpg HTTP/1.1" 200 60417 "-" "Mozilla/5.0 (X11; Linux x86_64) AppleWebKit/537.36 (KHTML, like Gecko) Chrome/110.0.0.0 Safari/537.36"
156.239.60.190 - - [03/Mar/2025:13:58:13 +0100] "GET /Jurek/eurofirany/images/372660/6.jpg HTTP/2.0" 200 6595 "-" "Mozilla/5.0 (X11; Linux x86_64) AppleWebKit/537.36 (KHTML, like Gecko) Chrome/110.0.0.0 Safari/537.36"
34.72.247.156 - - [03/Mar/2025:13:58:14 +0100] "GET /Jurek/eurofirany/images/372660/0.jpg HTTP/1.1" 200 69040 "-" "Mozilla/5.0 (X11; Linux x86_64) AppleWebKit/537.36 (KHTML, like Gecko) Chrome/110.0.0.0 Safari/537.36"
199.250.189.104 - - [03/Mar/2025:13:58:16 +0100] "GET /Jurek/topeshop/downloaded_images/5904507209858_1234123(3).jpg HTTP/2.0" 404 3551 "-" "Mozilla/5.0 (X11; Linux x86_64) AppleWebKit/537.36 (KHTML, like Gecko) Chrome/110.0.0.0 Safari/537.36"
34.72.247.156 - - [03/Mar/2025:13:58:17 +0100] "GET /Jurek/topeshop/downloaded_images/5904507209858_Image0007_mini.jpg HTTP/1.1" 404 3551 "-" "Mozilla/5.0 (X11; Linux x86_64) AppleWebKit/537.36 (KHTML, like Gecko) Chrome/110.0.0.0 Safari/537.36"
69.58.88.199 - - [03/Mar/2025:13:58:20 +0100] "GET /Jurek/eurofirany/images/372964/6.jpg HTTP/2.0" 200 6595 "-" "Mozilla/5.0 (X11; Linux x86_64) AppleWebKit/537.36 (KHTML, like Gecko) Chrome/110.0.0.0 Safari/537.36"
142.147.104.179 - - [03/Mar/2025:13:58:20 +0100] "GET /Jurek/topeshop/downloaded_images/5904507209858_Image0007_mini.jpg HTTP/2.0" 404 3551 "-" "Mozilla/5.0 (X11; Linux x86_64) AppleWebKit/537.36 (KHTML, like Gecko) Chrome/110.0.0.0 Safari/537.36"
34.72.247.156 - - [03/Mar/2025:13:58:20 +0100] "GET /Jurek/eurofirany/images/372964/0.jpg HTTP/1.1" 200 60417 "-" "Mozilla/5.0 (X11; Linux x86_64) AppleWebKit/537.36 (KHTML, like Gecko) Chrome/110.0.0.0 Safari/537.36"
209.163.119.79 - - [03/Mar/2025:13:58:26 +0100] "GET /Jurek/topeshop/downloaded_images/5904507209858_Image0007_mini.jpg HTTP/2.0" 404 3551 "-" "Mozilla/5.0 (X11; Linux x86_64) AppleWebKit/537.36 (KHTML, like Gecko) Chrome/110.0.0.0 Safari/537.36"
34.133.239.145 - - [03/Mar/2025:13:58:33 +0100] "GET /Jurek/eurofirany/images/372635/1.jpg HTTP/1.1" 200 44618 "-" "Mozilla/5.0 (X11; Linux x86_64) AppleWebKit/537.36 (KHTML, like Gecko) Chrome/110.0.0.0 Safari/537.36"
34.133.239.145 - - [03/Mar/2025:13:58:33 +0100] "GET /Jurek/eurofirany/images/372635/2.jpg HTTP/1.1" 200 111483 "-" "Mozilla/5.0 (X11; Linux x86_64) AppleWebKit/537.36 (KHTML, like Gecko) Chrome/110.0.0.0 Safari/537.36"
34.133.239.145 - - [03/Mar/2025:13:58:34 +0100] "GET /Jurek/eurofirany/images/372635/3.jpg HTTP/1.1" 200 66247 "-" "Mozilla/5.0 (X11; Linux x86_64) AppleWebKit/537.36 (KHTML, like Gecko) Chrome/110.0.0.0 Safari/537.36"
34.72.247.156 - - [03/Mar/2025:13:58:35 +0100] "GET /Jurek/eurofirany/images/372976/6.jpg HTTP/1.1" 200 6595 "-" "Mozilla/5.0 (X11; Linux x86_64) AppleWebKit/537.36 (KHTML, like Gecko) Chrome/110.0.0.0 Safari/537.36"
34.133.239.145 - - [03/Mar/2025:13:58:36 +0100] "GET /Jurek/eurofirany/images/372641/4.jpg HTTP/1.1" 200 44589 "-" "Mozilla/5.0 (X11; Linux x86_64) AppleWebKit/537.36 (KHTML, like Gecko) Chrome/110.0.0.0 Safari/537.36"
46.101.116.244 - - [03/Mar/2025:13:58:36 +0100] "GET /Jurek/topeshop/feeds/topeshop_skr.xml HTTP/1.0" 200 2407034 "-" "-"
34.133.239.145 - - [03/Mar/2025:13:58:36 +0100] "GET /Jurek/eurofirany/images/372635/4.jpg HTTP/1.1" 200 45454 "-" "Mozilla/5.0 (X11; Linux x86_64) AppleWebKit/537.36 (KHTML, like Gecko) Chrome/110.0.0.0 Safari/537.36"
34.133.239.145 - - [03/Mar/2025:13:58:36 +0100] "GET /Jurek/eurofirany/images/372641/5.jpg HTTP/1.1" 200 39338 "-" "Mozilla/5.0 (X11; Linux x86_64) AppleWebKit/537.36 (KHTML, like Gecko) Chrome/110.0.0.0 Safari/537.36"
34.133.239.145 - - [03/Mar/2025:13:58:37 +0100] "GET /Jurek/eurofirany/images/372635/5.jpg HTTP/1.1" 200 38535 "-" "Mozilla/5.0 (X11; Linux x86_64) AppleWebKit/537.36 (KHTML, like Gecko) Chrome/110.0.0.0 Safari/537.36"
34.133.239.145 - - [03/Mar/2025:13:58:37 +0100] "GET /Jurek/eurofirany/images/372641/6.jpg HTTP/1.1" 200 6595 "-" "Mozilla/5.0 (X11; Linux x86_64) AppleWebKit/537.36 (KHTML, like Gecko) Chrome/110.0.0.0 Safari/537.36"
89.161.206.59 - - [03/Mar/2025:13:58:38 +0100] "GET /Jurek/kinghoff/feeds/kinghoff_emaghu.xml HTTP/1.0" 200 15085301 "-" "-"
34.133.239.145 - - [03/Mar/2025:13:58:38 +0100] "GET /Jurek/eurofirany/images/372635/6.jpg HTTP/1.1" 200 6595 "-" "Mozilla/5.0 (X11; Linux x86_64) AppleWebKit/537.36 (KHTML, like Gecko) Chrome/110.0.0.0 Safari/537.36"
216.41.235.131 - - [03/Mar/2025:13:58:38 +0100] "GET /Jurek/eurofirany/images/372976/6.jpg HTTP/2.0" 200 6595 "-" "Mozilla/5.0 (X11; Linux x86_64) AppleWebKit/537.36 (KHTML, like Gecko) Chrome/110.0.0.0 Safari/537.36"
209.163.118.74 - - [03/Mar/2025:13:58:40 +0100] "GET /Jurek/eurofirany/images/372641/6.jpg HTTP/2.0" 200 6595 "-" "Mozilla/5.0 (X11; Linux x86_64) AppleWebKit/537.36 (KHTML, like Gecko) Chrome/110.0.0.0 Safari/537.36"
34.72.247.156 - - [03/Mar/2025:13:58:41 +0100] "GET /Jurek/eurofirany/images/372659/1.jpg HTTP/1.1" 200 50157 "-" "Mozilla/5.0 (X11; Linux x86_64) AppleWebKit/537.36 (KHTML, like Gecko) Chrome/110.0.0.0 Safari/537.36"
104.244.100.39 - - [03/Mar/2025:13:58:41 +0100] "GET /Jurek/eurofirany/images/372635/6.jpg HTTP/2.0" 200 6595 "-" "Mozilla/5.0 (X11; Linux x86_64) AppleWebKit/537.36 (KHTML, like Gecko) Chrome/110.0.0.0 Safari/537.36"
34.72.247.156 - - [03/Mar/2025:13:58:42 +0100] "GET /Jurek/eurofirany/images/372659/2.jpg HTTP/1.1" 200 204201 "-" "Mozilla/5.0 (X11; Linux x86_64) AppleWebKit/537.36 (KHTML, like Gecko) Chrome/110.0.0.0 Safari/537.36"
34.72.247.156 - - [03/Mar/2025:13:58:43 +0100] "GET /Jurek/eurofirany/images/372659/3.jpg HTTP/1.1" 200 114704 "-" "Mozilla/5.0 (X11; Linux x86_64) AppleWebKit/537.36 (KHTML, like Gecko) Chrome/110.0.0.0 Safari/537.36"
216.213.29.61 - - [03/Mar/2025:13:58:43 +0100] "GET /Jurek/eurofirany/images/372976/6.jpg HTTP/2.0" 200 6595 "-" "Mozilla/5.0 (X11; Linux x86_64) AppleWebKit/537.36 (KHTML, like Gecko) Chrome/110.0.0.0 Safari/537.36"
34.133.239.145 - - [03/Mar/2025:13:58:44 +0100] "GET /Jurek/eurofirany/images/372976/0.jpg HTTP/1.1" 200 69040 "-" "Mozilla/5.0 (X11; Linux x86_64) AppleWebKit/537.36 (KHTML, like Gecko) Chrome/110.0.0.0 Safari/537.36"
34.72.247.156 - - [03/Mar/2025:13:58:44 +0100] "GET /Jurek/eurofirany/images/372659/4.jpg HTTP/1.1" 200 56743 "-" "Mozilla/5.0 (X11; Linux x86_64) AppleWebKit/537.36 (KHTML, like Gecko) Chrome/110.0.0.0 Safari/537.36"
147.53.124.167 - - [03/Mar/2025:13:58:45 +0100] "GET /Jurek/eurofirany/images/372641/6.jpg HTTP/2.0" 200 6595 "-" "Mozilla/5.0 (X11; Linux x86_64) AppleWebKit/537.36 (KHTML, like Gecko) Chrome/110.0.0.0 Safari/537.36"
34.72.247.156 - - [03/Mar/2025:13:58:45 +0100] "GET /Jurek/eurofirany/images/372659/5.jpg HTTP/1.1" 200 45439 "-" "Mozilla/5.0 (X11; Linux x86_64) AppleWebKit/537.36 (KHTML, like Gecko) Chrome/110.0.0.0 Safari/537.36"
166.88.31.175 - - [03/Mar/2025:13:58:46 +0100] "GET /Jurek/eurofirany/images/372635/6.jpg HTTP/2.0" 200 6595 "-" "Mozilla/5.0 (X11; Linux x86_64) AppleWebKit/537.36 (KHTML, like Gecko) Chrome/110.0.0.0 Safari/537.36"
34.133.239.145 - - [03/Mar/2025:13:58:46 +0100] "GET /Jurek/eurofirany/images/372659/6.jpg HTTP/1.1" 200 6595 "-" "Mozilla/5.0 (X11; Linux x86_64) AppleWebKit/537.36 (KHTML, like Gecko) Chrome/110.0.0.0 Safari/537.36"
34.72.247.156 - - [03/Mar/2025:13:58:46 +0100] "GET /Jurek/eurofirany/images/372635/0.jpg HTTP/1.1" 200 60417 "-" "Mozilla/5.0 (X11; Linux x86_64) AppleWebKit/537.36 (KHTML, like Gecko) Chrome/110.0.0.0 Safari/537.36"
