77.79.248.229 - - [03/Mar/2025:09:36:16 +0100] "GET /Jurek/ikonka/feeds/ikonka_cdon_dk.xml HTTP/1.1" 200 21456291 "-" "python-requests/2.32.3"
77.79.248.229 - - [03/Mar/2025:09:36:16 +0100] "GET /Jurek/ikonka/feeds/ikonka_cdon_fi.xml HTTP/1.1" 200 21454206 "-" "python-requests/2.32.3"
77.79.248.229 - - [03/Mar/2025:09:36:17 +0100] "GET /Jurek/fernity/feeds/fernity_cdon_fi.xml HTTP/1.1" 200 5221927 "-" "python-requests/2.32.3"
77.79.248.229 - - [03/Mar/2025:09:36:17 +0100] "GET /Jurek/fernity/feeds/fernity_cdon_se.xml HTTP/1.1" 200 5225464 "-" "python-requests/2.32.3"
77.79.248.229 - - [03/Mar/2025:09:36:17 +0100] "GET /Jurek/fernity/feeds/fernity_cdon_dk.xml HTTP/1.1" 200 5225055 "-" "python-requests/2.32.3"
77.79.248.229 - - [03/Mar/2025:09:36:17 +0100] "GET /Jurek/activeshop/feeds/activeshop_cdon_se.xml HTTP/1.1" 200 10471920 "-" "python-requests/2.32.3"
77.79.248.229 - - [03/Mar/2025:09:36:17 +0100] "GET /Jurek/activeshop/feeds/activeshop_cdon_dk.xml HTTP/1.1" 200 10471383 "-" "python-requests/2.32.3"
77.79.248.229 - - [03/Mar/2025:09:36:18 +0100] "GET /Jurek/activeshop/feeds/activeshop_cdon_fi.xml HTTP/1.1" 200 10468165 "-" "python-requests/2.32.3"
77.79.248.229 - - [03/Mar/2025:09:36:22 +0100] "GET /Jurek/barbecook/feeds/barbecook_cdon_se.xml HTTP/1.1" 200 87591 "-" "python-requests/2.32.3"
77.79.248.229 - - [03/Mar/2025:09:36:22 +0100] "GET /Jurek/barbecook/feeds/barbecook_cdon_dk.xml HTTP/1.1" 200 87593 "-" "python-requests/2.32.3"
77.79.248.229 - - [03/Mar/2025:09:36:22 +0100] "GET /Jurek/barbecook/feeds/barbecook_cdon_fi.xml HTTP/1.1" 200 87530 "-" "python-requests/2.32.3"
77.79.248.229 - - [03/Mar/2025:09:36:23 +0100] "GET /Jurek/action/feeds/action_cdon_se.xml HTTP/1.1" 200 55197067 "-" "python-requests/2.32.3"
77.79.248.229 - - [03/Mar/2025:09:36:23 +0100] "GET /Jurek/action/feeds/action_cdon_dk.xml HTTP/1.1" 200 55192195 "-" "python-requests/2.32.3"
77.79.248.229 - - [03/Mar/2025:09:36:24 +0100] "GET /Jurek/action/feeds/action_cdon_fi.xml HTTP/1.1" 200 55167570 "-" "python-requests/2.32.3"
77.79.248.229 - - [03/Mar/2025:09:36:24 +0100] "GET /Jurek/kinghoff/feeds/kinghoff_cdon_se.xml HTTP/1.1" 200 15080170 "-" "python-requests/2.32.3"
77.79.248.229 - - [03/Mar/2025:09:36:24 +0100] "GET /Jurek/kinghoff/feeds/kinghoff_cdon_dk.xml HTTP/1.1" 200 15079832 "-" "python-requests/2.32.3"
77.79.248.229 - - [03/Mar/2025:09:36:25 +0100] "GET /Jurek/kinghoff/feeds/kinghoff_cdon_fi.xml HTTP/1.1" 200 15077630 "-" "python-requests/2.32.3"
46.101.116.244 - - [03/Mar/2025:09:37:52 +0100] "GET /Jurek/aw/feeds/aw_fnacfr.xml HTTP/1.0" 404 3551 "-" "-"
77.79.248.229 - - [03/Mar/2025:09:38:07 +0100] "GET /Jurek/vidaSI/feeds/vidaSI_bigbang.xml HTTP/1.1" 200 612872745 "-" "Python-urllib/3.11"
77.79.248.229 - - [03/Mar/2025:09:38:08 +0100] "GET /Jurek/aw/feeds/awnarzedzia_bigbang.xml HTTP/1.1" 200 90331018 "-" "Python-urllib/3.11"
77.79.248.229 - - [03/Mar/2025:09:38:08 +0100] "GET /Jurek/hurtownia_przemyslowa/feeds/hp_bigbang.xml HTTP/1.1" 200 49617322 "-" "Python-urllib/3.11"
77.79.248.229 - - [03/Mar/2025:09:38:09 +0100] "GET /Jurek/action/feeds/action_bigbang.xml HTTP/1.1" 200 55162584 "-" "Python-urllib/3.11"
46.101.116.244 - - [03/Mar/2025:09:38:10 +0100] "GET /Filip/feeds/xlsx_ceneo.xml HTTP/1.0" 200 6241376 "-" "-"
77.79.248.229 - - [03/Mar/2025:09:38:11 +0100] "GET /Jurek/unimet/feeds/unimet_bigbang.xml HTTP/1.1" 200 60211361 "-" "Python-urllib/3.11"
77.79.248.229 - - [03/Mar/2025:09:38:11 +0100] "GET /Jurek/ikonka/feeds/ikonka_bigbang.xml HTTP/1.1" 200 21454173 "-" "Python-urllib/3.11"
77.79.248.229 - - [03/Mar/2025:09:38:11 +0100] "GET /Jurek/bass/feeds/bass_bigbang.xml HTTP/1.1" 200 3985164 "-" "Python-urllib/3.11"
77.79.248.229 - - [03/Mar/2025:09:38:12 +0100] "GET /Jurek/kinghoff/feeds/kinghoff_bigbang.xml HTTP/1.1" 200 15077247 "-" "Python-urllib/3.11"
77.79.248.229 - - [03/Mar/2025:09:38:13 +0100] "GET /Jurek/activeshop/feeds/activeshop_bigbang.xml HTTP/1.1" 200 10468068 "-" "Python-urllib/3.11"
77.79.248.229 - - [03/Mar/2025:09:38:13 +0100] "GET /Jurek/octopia/feeds/octopia_bigbang.xml HTTP/1.1" 200 6261431 "-" "Python-urllib/3.11"
77.79.248.229 - - [03/Mar/2025:09:38:13 +0100] "GET /Jurek/topeshop/feeds/topeshop_bigbang.xml HTTP/1.1" 200 2406929 "-" "Python-urllib/3.11"
77.79.248.229 - - [03/Mar/2025:09:38:13 +0100] "GET /Jurek/b3/feeds/b3_bigbang.xml HTTP/1.1" 200 7273983 "-" "Python-urllib/3.11"
77.79.248.229 - - [03/Mar/2025:09:38:14 +0100] "GET /Jurek/asortymenteu/feeds/asortymenteu_bigbang.xml HTTP/1.1" 200 2585293 "-" "Python-urllib/3.11"
77.79.248.229 - - [03/Mar/2025:09:38:14 +0100] "GET /Jurek/eroplace/feeds/eroplace_bigbang.xml HTTP/1.1" 200 30849133 "-" "Python-urllib/3.11"
77.79.248.229 - - [03/Mar/2025:09:38:17 +0100] "GET /Jurek/intsell/feeds/intsell_bigbang.xml HTTP/1.1" 200 338785060 "-" "Python-urllib/3.11"
77.79.248.229 - - [03/Mar/2025:09:38:17 +0100] "GET /Jurek/coppotech/feeds/coppotech_bigbang.xml HTTP/1.1" 200 38985465 "-" "Python-urllib/3.11"
77.79.248.229 - - [03/Mar/2025:09:38:18 +0100] "GET /Jurek/stema/feeds/stema_bigbang.xml HTTP/1.1" 200 838596 "-" "Python-urllib/3.11"
77.79.248.229 - - [03/Mar/2025:09:38:18 +0100] "GET /Jurek/sempler/feeds/sempler_bigbang.xml HTTP/1.1" 200 6553215 "-" "Python-urllib/3.11"
77.79.248.229 - - [03/Mar/2025:09:38:18 +0100] "GET /Jurek/benetech/feeds/benetech_bigbang.xml HTTP/1.1" 200 4451874 "-" "Python-urllib/3.11"
77.79.248.229 - - [03/Mar/2025:09:38:18 +0100] "GET /Jurek/ekuchcikowo/feeds/ekuchcikowo_bigbang.xml HTTP/1.1" 200 13394468 "-" "Python-urllib/3.11"
77.79.248.229 - - [03/Mar/2025:09:38:19 +0100] "GET /Jurek/erohurtownia/feeds/erohurtownia_bigbang.xml HTTP/1.1" 200 23304370 "-" "Python-urllib/3.11"
77.79.248.229 - - [03/Mar/2025:09:38:27 +0100] "GET /Jurek/naszedzieci/feeds/naszedzieci_bigbang.xml HTTP/1.1" 200 833266908 "-" "Python-urllib/3.11"
77.79.248.229 - - [03/Mar/2025:09:38:28 +0100] "GET /Jurek/awparts/feeds/awparts_bigbang.xml HTTP/1.1" 200 142302316 "-" "Python-urllib/3.11"
77.79.248.229 - - [03/Mar/2025:09:38:28 +0100] "GET /Jurek/najtanszysport/feeds/najtanszysport_bigbang.xml HTTP/1.1" 200 3982925 "-" "Python-urllib/3.11"
77.79.248.229 - - [03/Mar/2025:09:38:28 +0100] "GET /Jurek/aiofactory/feeds/aiofactory_bigbang.xml HTTP/1.1" 200 2123791 "-" "Python-urllib/3.11"
77.79.248.229 - - [03/Mar/2025:09:38:28 +0100] "GET /Jurek/playcob/feeds/playcob_bigbang.xml HTTP/1.1" 200 6980071 "-" "Python-urllib/3.11"
77.79.248.229 - - [03/Mar/2025:09:38:29 +0100] "GET /Jurek/kidshop/feeds/kidshop_bigbang.xml HTTP/1.1" 200 19850552 "-" "Python-urllib/3.11"
77.79.248.229 - - [03/Mar/2025:09:38:29 +0100] "GET /Jurek/polzoo/feeds/polzoo_bigbang.xml HTTP/1.1" 200 48125858 "-" "Python-urllib/3.11"
66.211.183.74 - - [03/Mar/2025:09:38:35 +0100] "GET /Jurek/eurofirany/images/398806/0.jpg HTTP/1.1" 200 31541 "-" "scalaj-http/2.4.2"
46.101.116.244 - - [03/Mar/2025:09:39:27 +0100] "GET /Jurek/activeshop/feeds/activeshop_mallsk.xml HTTP/2.0" 200 10467627 "-" "-"
66.211.183.71 - - [03/Mar/2025:09:39:29 +0100] "GET /Jurek/eurofirany/images/423667/0.jpg HTTP/1.1" 200 68548 "-" "scalaj-http/2.4.2"
193.33.8.61 - - [03/Mar/2025:09:39:43 +0100] "GET /Jurek/hurtownia_przemyslowa/feeds/hp_zero.xml HTTP/2.0" 206 1 "https://konsola.dkkapusta1997.usermd.net/" "Mozilla/5.0 (Windows NT 10.0; Win64; x64) AppleWebKit/537.36 (KHTML, like Gecko) Chrome/133.0.0.0 Safari/537.36"
77.79.248.229 - - [03/Mar/2025:09:40:21 +0100] "GET /Jurek/kinghoff/feeds/kinghoff_SkroutzGR.xml HTTP/1.1" 200 15077432 "-" "Python-urllib/3.11"
77.79.248.229 - - [03/Mar/2025:09:40:22 +0100] "GET /Jurek/aw/feeds/awnarzedzia_skroutz.xml HTTP/1.1" 200 90355080 "-" "Python-urllib/3.11"
77.79.248.229 - - [03/Mar/2025:09:40:23 +0100] "GET /Jurek/eurofirany/feeds/eurofirany_skroutz.xml HTTP/1.1" 200 18993743 "-" "Python-urllib/3.11"
77.79.248.229 - - [03/Mar/2025:09:40:23 +0100] "GET /Jurek/fernity/feeds/fernity_skroutz.xml HTTP/1.1" 200 5222304 "-" "Python-urllib/3.11"
66.211.183.72 - - [03/Mar/2025:09:41:27 +0100] "GET /Jurek/eurofirany/images/408876/0.jpg HTTP/1.1" 200 81276 "-" "scalaj-http/2.4.2"
66.249.66.66 - - [03/Mar/2025:09:41:31 +0100] "GET /Jurek/eurofirany/images/400579/8.jpg HTTP/1.1" 200 6595 "-" "Googlebot-Image/1.0"
46.101.116.244 - - [03/Mar/2025:09:42:24 +0100] "GET /Jurek/aw/feeds/aw_fnacfr.xml HTTP/1.0" 404 3551 "-" "-"
46.101.116.244 - - [03/Mar/2025:09:42:27 +0100] "GET /Jurek/kinghoff/feeds/kinghoff_ceneo.xml HTTP/1.0" 200 15078250 "-" "-"
66.135.202.73 - - [03/Mar/2025:09:42:28 +0100] "GET /Jurek/eurofirany/images/367848/0.jpg HTTP/1.1" 200 59052 "-" "Java/17.0.12.0.101"
46.101.116.244 - - [03/Mar/2025:09:42:28 +0100] "GET /Jurek/barbecook/feeds/barbecook_allegro.xml HTTP/1.0" 200 87554 "-" "-"
46.101.116.244 - - [03/Mar/2025:09:42:29 +0100] "GET /Jurek/eurofirany/feeds/eurofirany_velomarket.xml HTTP/1.0" 200 18994928 "-" "-"
3.126.202.245 - - [03/Mar/2025:09:42:30 +0100] "GET /Jurek/topeshop/downloaded_images/5904507209360_profilwieDUOGlina.jpg HTTP/2.0" 200 25636 "-" "Mozilla/5.0 (Windows NT 10.0; Win64; x64) AppleWebKit/537.36 (KHTML, like Gecko) Chrome/109.0.0.0 Safari/537.36"
3.126.202.245 - - [03/Mar/2025:09:42:30 +0100] "GET /Jurek/topeshop/downloaded_images/5904507209650_20_R60_kaszmir.jpg HTTP/2.0" 200 25326 "-" "Mozilla/5.0 (Windows NT 10.0; Win64; x64) AppleWebKit/537.36 (KHTML, like Gecko) Chrome/109.0.0.0 Safari/537.36"
3.74.7.74 - - [03/Mar/2025:09:42:30 +0100] "GET /Jurek/topeshop/downloaded_images/5904507209193_profilWieDUOKaszmir.jpg HTTP/2.0" 200 23168 "-" "Mozilla/5.0 (Windows NT 10.0; Win64; x64) AppleWebKit/537.36 (KHTML, like Gecko) Chrome/109.0.0.0 Safari/537.36"
3.74.7.74 - - [03/Mar/2025:09:42:30 +0100] "GET /Jurek/topeshop/downloaded_images/5904507209339_allegro0005.jpg HTTP/2.0" 200 43114 "-" "Mozilla/5.0 (Windows NT 10.0; Win64; x64) AppleWebKit/537.36 (KHTML, like Gecko) Chrome/109.0.0.0 Safari/537.36"
3.126.202.245 - - [03/Mar/2025:09:42:30 +0100] "GET /Jurek/topeshop/downloaded_images/5904507209384_profilowee.jpg HTTP/2.0" 200 37736 "-" "Mozilla/5.0 (Windows NT 10.0; Win64; x64) AppleWebKit/537.36 (KHTML, like Gecko) Chrome/109.0.0.0 Safari/537.36"
66.135.202.71 - - [03/Mar/2025:09:42:47 +0100] "GET /Jurek/eurofirany/images/387356/0.jpg HTTP/1.1" 200 180359 "-" "Java/17.0.12.0.101"
46.101.116.244 - - [03/Mar/2025:09:42:48 +0100] "GET /Jurek/eurofirany/feeds/eurofirany_allegro.xml HTTP/1.0" 200 18997810 "-" "-"
46.101.116.244 - - [03/Mar/2025:09:43:04 +0100] "GET /Filip/feeds/xlsx_ceneo.xml HTTP/1.0" 200 6241376 "-" "-"
46.101.116.244 - - [03/Mar/2025:09:43:39 +0100] "GET /Jurek/action/feeds/action_mallskgs.xml HTTP/2.0" 200 55163545 "-" "-"
77.79.248.229 - - [03/Mar/2025:09:44:03 +0100] "GET /Jurek/kinghoff/feeds/kinghoff_rakuten.xml HTTP/1.1" 200 15077248 "-" "Python-urllib/3.11"
46.101.116.244 - - [03/Mar/2025:09:44:04 +0100] "GET /Jurek/b3/feeds/b3_mallskgs.xml HTTP/2.0" 200 7273939 "-" "-"
66.135.202.73 - - [03/Mar/2025:09:44:13 +0100] "GET /Jurek/eurofirany/images/423233/0.jpg HTTP/1.1" 200 119387 "-" "Java/17.0.12.0.101"
46.101.116.244 - - [03/Mar/2025:09:44:16 +0100] "GET /Jurek/benbaby/feeds/benbaby_mallskgs.xml HTTP/2.0" 200 3783326 "-" "-"
66.211.183.71 - - [03/Mar/2025:09:44:21 +0100] "GET /Jurek/eurofirany/images/390195/0.jpg HTTP/1.1" 200 123097 "-" "scalaj-http/2.4.2"
46.101.116.244 - - [03/Mar/2025:09:44:27 +0100] "GET /Jurek/emibig/feeds/emibig_mallskgs.xml HTTP/2.0" 200 2497333 "-" "-"
46.101.116.244 - - [03/Mar/2025:09:44:39 +0100] "GET /Jurek/hurtownia_przemyslowa/feeds/hp_mallskgs.xml HTTP/2.0" 200 49618954 "-" "-"
178.21.154.6 - - [03/Mar/2025:09:45:07 +0100] "GET /Jurek/eurofirany/images/351987/0.jpg HTTP/1.1" 200 24632 "-" "-"
178.21.154.6 - - [03/Mar/2025:09:45:08 +0100] "GET /Jurek/eurofirany/images/351992/0.jpg HTTP/1.1" 200 25269 "-" "-"
178.21.154.6 - - [03/Mar/2025:09:45:08 +0100] "GET /Jurek/eurofirany/images/351995/0.jpg HTTP/1.1" 200 52321 "-" "-"
46.101.116.244 - - [03/Mar/2025:09:46:11 +0100] "GET /Jurek/aw/feeds/aw_fnacfr.xml HTTP/1.0" 404 3551 "-" "-"
46.101.116.244 - - [03/Mar/2025:09:46:31 +0100] "GET /Filip/feeds/xlsx_ceneo.xml HTTP/1.0" 200 6241376 "-" "-"
89.161.206.59 - - [03/Mar/2025:09:46:42 +0100] "GET /Jurek/pawonik/feeds/pawonik_skroutz.xml HTTP/1.0" 200 2586144 "-" "-"
89.161.206.59 - - [03/Mar/2025:09:46:43 +0100] "GET /Jurek/amzteam/feeds/amzteam_skroutz.xml HTTP/1.0" 200 95908 "-" "-"
89.161.206.59 - - [03/Mar/2025:09:46:44 +0100] "GET /Jurek/mosti/feeds/mosti_skroutz.xml HTTP/1.0" 200 9255701 "-" "-"
89.161.206.59 - - [03/Mar/2025:09:46:48 +0100] "GET /Jurek/swiatecznygoliat/feeds/swiatecznygoliat_skroutz.xml HTTP/1.0" 200 7054430 "-" "-"
89.161.206.59 - - [03/Mar/2025:09:46:49 +0100] "GET /Jurek/artdog/feeds/artdog_skroutz.xml HTTP/1.0" 200 15929403 "-" "-"
46.101.116.244 - - [03/Mar/2025:09:46:50 +0100] "GET /Jurek/teamson/feeds/teamson_mallsk.xml HTTP/2.0" 200 1094496 "-" "-"
46.101.116.244 - - [03/Mar/2025:09:47:07 +0100] "GET /Jurek/unimet/feeds/unimet_mallsk.xml HTTP/2.0" 200 60211874 "-" "-"
66.249.66.66 - - [03/Mar/2025:09:47:37 +0100] "GET /Jurek/eurofirany/images/398806/5.jpg HTTP/1.1" 200 60735 "-" "Googlebot-Image/1.0"
66.249.66.66 - - [03/Mar/2025:09:47:46 +0100] "GET /Jurek/eurofirany/images/398806/4.jpg HTTP/1.1" 200 191888 "-" "Googlebot-Image/1.0"
66.249.66.66 - - [03/Mar/2025:09:47:58 +0100] "GET /Jurek/eurofirany/images/398806/3.jpg HTTP/1.1" 200 168119 "-" "Googlebot-Image/1.0"
46.101.116.244 - - [03/Mar/2025:09:48:01 +0100] "GET /Jurek/beliani/feeds/beliani_sk_mallsk.xml HTTP/2.0" 200 23160897 "-" "-"
66.211.183.70 - - [03/Mar/2025:09:48:20 +0100] "GET /Jurek/eurofirany/images/404580/0.jpg HTTP/1.1" 200 78626 "-" "scalaj-http/2.4.2"
46.101.116.244 - - [03/Mar/2025:09:48:27 +0100] "GET /Jurek/rovicky/feeds/rovicky_mallsk.xml HTTP/2.0" 200 14000563 "-" "-"
46.101.116.244 - - [03/Mar/2025:09:48:39 +0100] "GET /Jurek/detian/feeds/detian_mallsk.xml HTTP/2.0" 404 3551 "-" "-"
46.101.116.244 - - [03/Mar/2025:09:48:50 +0100] "GET /Jurek/ikonka/feeds/ikonka_mallsk.xml HTTP/2.0" 200 21454146 "-" "-"
46.101.116.244 - - [03/Mar/2025:09:49:02 +0100] "GET /Jurek/candellux/feeds/candellux_mallsk.xml HTTP/2.0" 200 465684 "-" "-"
35.198.83.252 - - [03/Mar/2025:09:49:04 +0100] "GET /Jurek/topeshop/downloaded_images/5904507207472_20st_mijas_prawy_niebieski.png HTTP/2.0" 200 245526 "-" "Mozilla/5.0 (Macintosh; Intel Mac OS X 10.15; rv:78.0) Gecko/20100101 Firefox/78.0"
46.101.116.244 - - [03/Mar/2025:09:49:13 +0100] "GET /Jurek/andex/feeds/andex_mallsk.xml HTTP/2.0" 200 1953383 "-" "-"
46.101.116.244 - - [03/Mar/2025:09:49:25 +0100] "GET /Jurek/chemex/feeds/chemex_mallsk.xml HTTP/2.0" 200 47819634 "-" "-"
89.161.206.59 - - [03/Mar/2025:09:49:35 +0100] "GET /Jurek/spali/feeds/spali_skroutz.xml HTTP/1.0" 200 101948 "-" "-"
89.161.206.59 - - [03/Mar/2025:09:49:36 +0100] "GET /Jurek/galopi/feeds/galopi_skroutz.xml HTTP/1.0" 200 1884697 "-" "-"
89.161.206.59 - - [03/Mar/2025:09:49:36 +0100] "GET /Jurek/combine/feeds/combine_skroutz.xml HTTP/1.0" 200 210554 "-" "-"
89.161.206.59 - - [03/Mar/2025:09:49:40 +0100] "GET /Jurek/velinda/feeds/velinda_skroutz.xml HTTP/1.0" 200 4295088 "-" "-"
46.101.116.244 - - [03/Mar/2025:09:49:42 +0100] "GET /Jurek/barbecook/feeds/barbecook_mallsk.xml HTTP/2.0" 200 87533 "-" "-"
46.101.116.244 - - [03/Mar/2025:09:49:52 +0100] "GET /Jurek/duka/feeds/duka_mallsk.xml HTTP/2.0" 200 57 "-" "-"
46.101.116.244 - - [03/Mar/2025:09:50:03 +0100] "GET /Jurek/miloohome/feeds/miloohome_mallsk.xml HTTP/2.0" 200 1421036 "-" "-"
66.249.66.66 - - [03/Mar/2025:09:50:03 +0100] "GET /Jurek/eurofirany/images/398806/8.jpg HTTP/1.1" 200 6625 "-" "Googlebot-Image/1.0"
46.101.116.244 - - [03/Mar/2025:09:50:13 +0100] "GET /Jurek/stema/feeds/stema_mallsk.xml HTTP/2.0" 200 838522 "-" "-"
89.161.206.59 - - [03/Mar/2025:09:50:22 +0100] "GET /Jurek/erohurtownia/feeds/erohurtownia_skroutz.xml HTTP/1.0" 200 23304419 "-" "-"
89.161.206.59 - - [03/Mar/2025:09:50:24 +0100] "GET /Jurek/reman/feeds/reman_skroutz.xml HTTP/1.0" 200 1394828 "-" "-"
89.161.206.59 - - [03/Mar/2025:09:50:25 +0100] "GET /Jurek/urwiskowo/feeds/urwiskowo_skroutz.xml HTTP/1.0" 200 9114898 "-" "-"
46.101.116.244 - - [03/Mar/2025:09:50:26 +0100] "GET /Jurek/aw/feeds/awnarzedzia_mallsk.xml HTTP/2.0" 200 90351736 "-" "-"
66.211.183.72 - - [03/Mar/2025:09:50:47 +0100] "GET /Jurek/eurofirany/images/372657/0.jpg HTTP/1.1" 200 61810 "-" "scalaj-http/2.4.2"
46.101.116.244 - - [03/Mar/2025:09:51:23 +0100] "GET /Jurek/aw/feeds/aw_fnacfr.xml HTTP/1.0" 404 3551 "-" "-"
46.101.116.244 - - [03/Mar/2025:09:51:39 +0100] "GET /Filip/feeds/xlsx_ceneo.xml HTTP/1.0" 200 6241376 "-" "-"
46.101.116.244 - - [03/Mar/2025:09:51:59 +0100] "GET /Jurek/fernity/feeds/fernity_mallsk.xml HTTP/2.0" 200 5221873 "-" "-"
66.211.183.73 - - [03/Mar/2025:09:52:05 +0100] "GET /Jurek/eurofirany/images/463597/0.jpg HTTP/1.1" 200 0 "-" "scalaj-http/2.4.2"
193.33.8.61 - - [03/Mar/2025:09:52:18 +0100] "GET /Jurek/hurtownia_przemyslowa/feeds/hp_skroutz.xml HTTP/2.0" 200 10829824 "https://konsola.dkkapusta1997.usermd.net/" "Mozilla/5.0 (Windows NT 10.0; Win64; x64) AppleWebKit/537.36 (KHTML, like Gecko) Chrome/133.0.0.0 Safari/537.36"
77.79.248.229 - - [03/Mar/2025:09:52:21 +0100] "GET /Jurek/hurtownia_przemyslowa/feeds/hp_skroutz.xml HTTP/1.1" 200 49619404 "-" "Python-urllib/3.11"
46.101.116.244 - - [03/Mar/2025:09:52:24 +0100] "GET /Jurek/kinghoff/feeds/kinghoff_mallsk.xml HTTP/2.0" 200 15077292 "-" "-"
66.211.183.70 - - [03/Mar/2025:09:52:40 +0100] "GET /Jurek/eurofirany/images/409907/0.jpg HTTP/1.1" 200 78745 "-" "scalaj-http/2.4.2"
46.101.116.244 - - [03/Mar/2025:09:52:44 +0100] "GET /Jurek/kinghome/feeds/kinghome_mallsk.xml HTTP/2.0" 200 5710161 "-" "-"
46.101.116.244 - - [03/Mar/2025:09:52:55 +0100] "GET /Jurek/vivaldi/feeds/vivaldi_Mall-sk.xml HTTP/2.0" 200 344649 "-" "-"
66.249.66.67 - - [03/Mar/2025:09:53:02 +0100] "GET /Jurek/eurofirany/images/390441/2.jpg HTTP/1.1" 200 319787 "-" "Googlebot-Image/1.0"
46.101.116.244 - - [03/Mar/2025:09:53:06 +0100] "GET /Jurek/eurofirany/feeds/eurofirany_mall_sk_shumee.xml HTTP/2.0" 200 18993231 "-" "-"
66.211.183.70 - - [03/Mar/2025:09:53:10 +0100] "GET /Jurek/topeshop/downloaded_images/5902838463741_20st_close.jpg HTTP/1.1" 404 3551 "-" "scalaj-http/2.4.2"
89.161.206.59 - - [03/Mar/2025:09:54:07 +0100] "GET /Jurek/benetech/feeds/benetech_allegro.xml HTTP/1.0" 200 4452166 "-" "-"
89.161.206.59 - - [03/Mar/2025:09:54:08 +0100] "GET /Jurek/targethome/feeds/targethome_allegro.xml HTTP/1.0" 200 683626 "-" "-"
89.161.206.59 - - [03/Mar/2025:09:56:00 +0100] "GET /Jurek/oromed/feeds/oromed_amazonnl.xml HTTP/1.0" 200 1048812 "-" "-"
46.101.116.244 - - [03/Mar/2025:09:56:01 +0100] "GET /Jurek/aw/feeds/aw_fnacfr.xml HTTP/1.0" 404 3551 "-" "-"
46.101.116.244 - - [03/Mar/2025:09:56:16 +0100] "GET /Filip/feeds/xlsx_ceneo.xml HTTP/1.0" 200 6241376 "-" "-"
66.211.183.73 - - [03/Mar/2025:09:56:26 +0100] "GET /Jurek/eurofirany/images/390444/0.jpg HTTP/1.1" 200 144267 "-" "scalaj-http/2.4.2"
46.101.116.244 - - [03/Mar/2025:09:57:11 +0100] "GET /Jurek/topeshop/feeds/topeshop_skr.xml HTTP/1.0" 200 2407036 "-" "-"
77.79.248.229 - - [03/Mar/2025:09:58:04 +0100] "GET /Filip/zalando/zalando-logo.jpg HTTP/1.1" 200 5121 "-" "-"
77.79.248.229 - - [03/Mar/2025:09:58:04 +0100] "GET /Filip/zalando/zalando-logo.jpg HTTP/1.1" 200 5121 "-" "-"
66.249.66.66 - - [03/Mar/2025:09:58:04 +0100] "GET /Jurek/eurofirany/images/386192/4.jpg HTTP/1.1" 200 282865 "-" "Googlebot-Image/1.0"
77.79.248.229 - - [03/Mar/2025:09:58:06 +0100] "GET /Filip/zalando/zalando-logo.jpg HTTP/1.1" 200 5121 "-" "-"
77.79.248.229 - - [03/Mar/2025:09:58:06 +0100] "GET /Filip/zalando/zalando-logo.jpg HTTP/1.1" 200 5121 "-" "-"
77.79.248.229 - - [03/Mar/2025:09:58:08 +0100] "GET /Filip/zalando/zalando-logo.jpg HTTP/1.1" 200 5121 "-" "-"
77.79.248.229 - - [03/Mar/2025:09:58:09 +0100] "GET /Filip/zalando/zalando-logo.jpg HTTP/1.1" 200 5121 "-" "-"
89.161.206.59 - - [03/Mar/2025:09:58:32 +0100] "GET /Jurek/waks/feeds/waks_allegro.xml HTTP/1.0" 200 6333718 "-" "-"
66.211.183.73 - - [03/Mar/2025:09:58:37 +0100] "GET /Jurek/eurofirany/images/389928/0.jpg HTTP/1.1" 200 173904 "-" "scalaj-http/2.4.2"
46.101.116.244 - - [03/Mar/2025:09:59:05 +0100] "GET /Jurek/flhf/feeds/flhf_mallsk.xml HTTP/2.0" 404 3551 "-" "-"
193.33.8.61 - - [03/Mar/2025:09:59:13 +0100] "GET /Jurek/kobi/feeds/kobi_ebayde.xml HTTP/2.0" 200 677207 "https://konsola.dkkapusta1997.usermd.net/" "Mozilla/5.0 (Windows NT 10.0; Win64; x64) AppleWebKit/537.36 (KHTML, like Gecko) Chrome/133.0.0.0 Safari/537.36"
193.33.8.61 - - [03/Mar/2025:09:59:14 +0100] "GET /favicon.ico HTTP/2.0" 404 3551 "https://dkkapusta1997.usermd.net/Jurek/kobi/feeds/kobi_ebayde.xml" "Mozilla/5.0 (Windows NT 10.0; Win64; x64) AppleWebKit/537.36 (KHTML, like Gecko) Chrome/133.0.0.0 Safari/537.36"
46.101.116.244 - - [03/Mar/2025:09:59:17 +0100] "GET /Jurek/octopia/feeds/octopia_mallsk.xml HTTP/2.0" 200 10627892 "-" "-"
66.211.183.73 - - [03/Mar/2025:09:59:35 +0100] "GET /Jurek/eurofirany/images/409906/0.jpg HTTP/1.1" 200 78745 "-" "scalaj-http/2.4.2"
164.92.232.189 - - [03/Mar/2025:10:00:01 +0100] "GET /subskrypcje/AMD/feeds/amd_cz.xml HTTP/1.1" 200 518486 "-" "-"
66.211.183.74 - - [03/Mar/2025:10:00:08 +0100] "GET /Jurek/topeshop/downloaded_images/5904507207472_20st_mijas_prawy_niebieski.png HTTP/1.1" 200 245526 "-" "scalaj-http/2.4.2"
89.161.206.59 - - [03/Mar/2025:10:00:09 +0100] "GET /Jurek/kobi/feeds/kobi_ebayde.xml HTTP/1.0" 200 677207 "-" "-"
164.92.232.189 - - [03/Mar/2025:10:00:12 +0100] "GET /subskrypcje/AMD/feeds/amd_sk.xml HTTP/1.1" 200 528562 "-" "-"
164.92.232.189 - - [03/Mar/2025:10:00:12 +0100] "GET /subskrypcje/OverHorse/overhorse_mallcz.xml HTTP/1.1" 200 112935 "-" "-"
164.92.232.189 - - [03/Mar/2025:10:00:23 +0100] "GET /subskrypcje/mondex/feeds/mondex_mall_cz.xml HTTP/1.1" 200 2203515 "-" "-"
85.14.86.141 - - [03/Mar/2025:10:00:34 +0100] "GET /Jurek/vida_morele/feeds/VidaPL_all.xml HTTP/2.0" 200 689599052 "-" "MarketplaceAPI curl/7.64.0 PHP/8"
18.157.125.26 - - [03/Mar/2025:10:00:38 +0100] "GET /Jurek/topeshop/downloaded_images/5904507209834_profilowee.jpg HTTP/2.0" 200 70109 "-" "Mozilla/5.0 (Windows NT 10.0; Win64; x64) AppleWebKit/537.36 (KHTML, like Gecko) Chrome/109.0.0.0 Safari/537.36"
52.17.80.36 - - [03/Mar/2025:10:00:46 +0100] "GET /marketplaces/ubaldi/results/ubaldi.csv HTTP/1.1" 200 114451 "-" "Mirakl HttpClient"
46.101.116.244 - - [03/Mar/2025:10:00:56 +0100] "GET /Jurek/vidaSK/feeds/vida_mall.xml HTTP/2.0" 200 636099054 "-" "-"
46.101.116.244 - - [03/Mar/2025:10:02:01 +0100] "GET /Jurek/aw/feeds/aw_fnacfr.xml HTTP/1.0" 404 3551 "-" "-"
52.17.80.36 - - [03/Mar/2025:10:02:04 +0100] "GET /marketplaces/rue/results/rue.csv HTTP/1.1" 200 130835 "-" "Mirakl HttpClient"
89.161.206.59 - - [03/Mar/2025:10:02:15 +0100] "GET /Jurek/pupus/feeds/pupus_bol.xml HTTP/1.0" 200 6154316 "-" "-"
46.101.116.244 - - [03/Mar/2025:10:02:17 +0100] "GET /Filip/feeds/xlsx_ceneo.xml HTTP/1.0" 200 6241376 "-" "-"
85.14.86.141 - - [03/Mar/2025:10:02:31 +0100] "GET /Jurek/kinghoff/feeds/kinghoff_morele.xml HTTP/2.0" 200 15078075 "-" "MarketplaceAPI curl/7.64.0 PHP/8"
89.161.206.59 - - [03/Mar/2025:10:02:41 +0100] "GET /Jurek/pupus/feeds/pupus_amazonnl.xml HTTP/1.0" 200 6154643 "-" "-"
89.161.206.59 - - [03/Mar/2025:10:02:42 +0100] "GET /Jurek/pupus/feeds/pupus_amazonse.xml HTTP/1.0" 200 6156612 "-" "-"
89.161.206.59 - - [03/Mar/2025:10:02:42 +0100] "GET /Jurek/pupus/feeds/pupus_amazonbe.xml HTTP/1.0" 200 6154460 "-" "-"
89.161.206.59 - - [03/Mar/2025:10:02:43 +0100] "GET /Jurek/pupus/feeds/pupus_amazonit.xml HTTP/1.0" 200 6154632 "-" "-"
89.161.206.59 - - [03/Mar/2025:10:02:43 +0100] "GET /Jurek/pupus/feeds/pupus_amazones.xml HTTP/1.0" 200 6154275 "-" "-"
89.161.206.59 - - [03/Mar/2025:10:02:45 +0100] "GET /Jurek/pupus/feeds/pupus_amazonfr.xml HTTP/1.0" 200 6154654 "-" "-"
85.14.86.141 - - [03/Mar/2025:10:03:49 +0100] "GET /Jurek/eurofirany/feeds/eurofirany_morele.xml HTTP/2.0" 200 18995219 "-" "MarketplaceAPI curl/7.64.0 PHP/8"
85.14.86.141 - - [03/Mar/2025:10:04:03 +0100] "GET /Jurek/vivaldi/feeds/vivaldi_Morele-PL.xml HTTP/2.0" 200 344674 "-" "MarketplaceAPI curl/7.64.0 PHP/8"
66.211.183.72 - - [03/Mar/2025:10:04:59 +0100] "GET /Jurek/eurofirany/images/372644/0.jpg HTTP/1.1" 200 67943 "-" "scalaj-http/2.4.2"
85.14.86.141 - - [03/Mar/2025:10:05:16 +0100] "GET /Jurek/vida_morele/feeds/VidaPL_morele.xml HTTP/2.0" 200 689598773 "-" "MarketplaceAPI curl/7.64.0 PHP/8"
85.14.86.141 - - [03/Mar/2025:10:05:17 +0100] "GET /Jurek/aw/feeds/awnarzedzia_morele.xml HTTP/2.0" 200 90364592 "-" "MarketplaceAPI curl/7.64.0 PHP/8"
66.211.183.70 - - [03/Mar/2025:10:05:30 +0100] "GET /Jurek/eurofirany/images/383860/0.jpg HTTP/1.1" 200 214600 "-" "scalaj-http/2.4.2"
66.211.183.71 - - [03/Mar/2025:10:06:01 +0100] "GET /Jurek/eurofirany/images/418631/0.jpg HTTP/1.1" 200 71025 "-" "scalaj-http/2.4.2"
85.14.86.141 - - [03/Mar/2025:10:06:11 +0100] "GET /Jurek/miloohome/feeds/miloohome_morele.xml HTTP/2.0" 200 1421250 "-" "MarketplaceAPI curl/7.64.0 PHP/8"
66.211.183.72 - - [03/Mar/2025:10:06:12 +0100] "GET /Jurek/eurofirany/images/372635/0.jpg HTTP/1.1" 200 60417 "-" "scalaj-http/2.4.2"
85.14.86.141 - - [03/Mar/2025:10:06:17 +0100] "GET /Jurek/beliani/feeds/beliani_morele.xml HTTP/2.0" 200 31889570 "-" "MarketplaceAPI curl/7.64.0 PHP/8"
66.211.183.74 - - [03/Mar/2025:10:06:45 +0100] "GET /Jurek/eurofirany/images/390421/0.jpg HTTP/1.1" 200 48192 "-" "scalaj-http/2.4.2"
66.211.183.70 - - [03/Mar/2025:10:07:06 +0100] "GET /Jurek/eurofirany/images/383389/0.jpg HTTP/1.1" 200 77096 "-" "scalaj-http/2.4.2"
66.211.183.70 - - [03/Mar/2025:10:07:10 +0100] "GET /Jurek/eurofirany/images/389613/0.jpg HTTP/1.1" 200 149156 "-" "scalaj-http/2.4.2"
46.101.116.244 - - [03/Mar/2025:10:07:24 +0100] "GET /Jurek/aw/feeds/aw_fnacfr.xml HTTP/1.0" 404 3551 "-" "-"
46.101.116.244 - - [03/Mar/2025:10:07:39 +0100] "GET /Filip/feeds/xlsx_ceneo.xml HTTP/1.0" 200 6241376 "-" "-"
66.211.183.73 - - [03/Mar/2025:10:08:09 +0100] "GET /Jurek/eurofirany/images/390014/0.jpg HTTP/1.1" 200 168905 "-" "scalaj-http/2.4.2"
66.211.183.72 - - [03/Mar/2025:10:09:01 +0100] "GET /Jurek/topeshop/downloaded_images/5902838464137_2.jpg HTTP/1.1" 404 3551 "-" "scalaj-http/2.4.2"
77.79.248.229 - - [03/Mar/2025:10:10:03 +0100] "GET /Jurek/ikonka/feeds/ikonka_cdon_se.xml HTTP/1.1" 200 21456309 "-" "python-requests/2.32.3"
77.79.248.229 - - [03/Mar/2025:10:10:04 +0100] "GET /Jurek/ikonka/feeds/ikonka_cdon_dk.xml HTTP/1.1" 200 21456291 "-" "python-requests/2.32.3"
77.79.248.229 - - [03/Mar/2025:10:10:04 +0100] "GET /Jurek/ikonka/feeds/ikonka_cdon_fi.xml HTTP/1.1" 200 21454206 "-" "python-requests/2.32.3"
77.79.248.229 - - [03/Mar/2025:10:10:07 +0100] "GET /Jurek/rovicky/feeds/rovicky_cdonSE.xml HTTP/1.1" 200 14005731 "-" "python-requests/2.32.3"
77.79.248.229 - - [03/Mar/2025:10:10:07 +0100] "GET /Jurek/rovicky/feeds/rovicky_cdonDK.xml HTTP/1.1" 200 14005791 "-" "python-requests/2.32.3"
77.79.248.229 - - [03/Mar/2025:10:10:07 +0100] "GET /Jurek/rovicky/feeds/rovicky_cdonFI.xml HTTP/1.1" 200 14000785 "-" "python-requests/2.32.3"
77.79.248.229 - - [03/Mar/2025:10:10:07 +0100] "GET /Jurek/benbaby/feeds/benbaby_cdon_se.xml HTTP/1.1" 200 3786195 "-" "python-requests/2.32.3"
77.79.248.229 - - [03/Mar/2025:10:10:07 +0100] "GET /Jurek/benbaby/feeds/benbaby_cdon_dk.xml HTTP/1.1" 200 3786146 "-" "python-requests/2.32.3"
77.79.248.229 - - [03/Mar/2025:10:10:07 +0100] "GET /Jurek/benbaby/feeds/benbaby_cdon_fi.xml HTTP/1.1" 200 3783468 "-" "python-requests/2.32.3"
77.79.248.229 - - [03/Mar/2025:10:10:08 +0100] "GET /Jurek/candellux/feeds/candellux_cdon_se.xml HTTP/1.1" 200 466166 "-" "python-requests/2.32.3"
77.79.248.229 - - [03/Mar/2025:10:10:08 +0100] "GET /Jurek/candellux/feeds/candellux_cdon_dk.xml HTTP/1.1" 200 466129 "-" "python-requests/2.32.3"
77.79.248.229 - - [03/Mar/2025:10:10:08 +0100] "GET /Jurek/candellux/feeds/candellux_cdon_fi.xml HTTP/1.1" 200 465745 "-" "python-requests/2.32.3"
77.79.248.229 - - [03/Mar/2025:10:10:08 +0100] "GET /Jurek/hurtownia_przemyslowa/feeds/hp_cdon_se.xml HTTP/1.1" 200 49634378 "-" "python-requests/2.32.3"
77.79.248.229 - - [03/Mar/2025:10:10:09 +0100] "GET /Jurek/hurtownia_przemyslowa/feeds/hp_cdon_dk.xml HTTP/1.1" 200 49633024 "-" "python-requests/2.32.3"
77.79.248.229 - - [03/Mar/2025:10:10:09 +0100] "GET /Jurek/hurtownia_przemyslowa/feeds/hp_cdon_fi.xml HTTP/1.1" 200 49619633 "-" "python-requests/2.32.3"
77.79.248.229 - - [03/Mar/2025:10:10:09 +0100] "GET /Jurek/topeshop/feeds/topeshop_cdon_se.xml HTTP/1.1" 200 2407627 "-" "python-requests/2.32.3"
77.79.248.229 - - [03/Mar/2025:10:10:10 +0100] "GET /Jurek/topeshop/feeds/topeshop_cdon_dk.xml HTTP/1.1" 200 2407474 "-" "python-requests/2.32.3"
77.79.248.229 - - [03/Mar/2025:10:10:10 +0100] "GET /Jurek/topeshop/feeds/topeshop_cdon_fi.xml HTTP/1.1" 200 2407014 "-" "python-requests/2.32.3"
77.79.248.229 - - [03/Mar/2025:10:10:10 +0100] "GET /Jurek/asortymenteu/feeds/asortymenteu_cdon_se.xml HTTP/1.1" 200 2586222 "-" "python-requests/2.32.3"
77.79.248.229 - - [03/Mar/2025:10:10:10 +0100] "GET /Jurek/asortymenteu/feeds/asortymenteu_cdon_dk.xml HTTP/1.1" 200 2586198 "-" "python-requests/2.32.3"
77.79.248.229 - - [03/Mar/2025:10:10:10 +0100] "GET /Jurek/asortymenteu/feeds/asortymenteu_cdon_fi.xml HTTP/1.1" 200 2585284 "-" "python-requests/2.32.3"
77.79.248.229 - - [03/Mar/2025:10:10:10 +0100] "GET /Jurek/fernity/feeds/fernity_cdon_se.xml HTTP/1.1" 200 5225464 "-" "python-requests/2.32.3"
185.6.76.18 - - [03/Mar/2025:10:10:10 +0100] "GET /marketplaces/skroutz/feeds/shumee.xml HTTP/1.1" 200 348136903 "-" "SkroutzBot v1.0"
77.79.248.229 - - [03/Mar/2025:10:10:10 +0100] "GET /Jurek/fernity/feeds/fernity_cdon_dk.xml HTTP/1.1" 200 5225055 "-" "python-requests/2.32.3"
77.79.248.229 - - [03/Mar/2025:10:10:10 +0100] "GET /Jurek/fernity/feeds/fernity_cdon_fi.xml HTTP/1.1" 200 5221927 "-" "python-requests/2.32.3"
77.79.248.229 - - [03/Mar/2025:10:10:11 +0100] "GET /Jurek/aw/feeds/awnarzedzia_cdon_se.xml HTTP/1.1" 200 90443192 "-" "python-requests/2.32.3"
77.79.248.229 - - [03/Mar/2025:10:10:12 +0100] "GET /Jurek/aw/feeds/awnarzedzia_cdon_dk.xml HTTP/1.1" 200 90436947 "-" "python-requests/2.32.3"
77.79.248.229 - - [03/Mar/2025:10:10:13 +0100] "GET /Jurek/aw/feeds/awnarzedzia_cdon_fi.xml HTTP/1.1" 200 90354903 "-" "python-requests/2.32.3"
77.79.248.229 - - [03/Mar/2025:10:10:13 +0100] "GET /Jurek/activeshop/feeds/activeshop_cdon_se.xml HTTP/1.1" 200 10471920 "-" "python-requests/2.32.3"
77.79.248.229 - - [03/Mar/2025:10:10:13 +0100] "GET /Jurek/activeshop/feeds/activeshop_cdon_dk.xml HTTP/1.1" 200 10471383 "-" "python-requests/2.32.3"
77.79.248.229 - - [03/Mar/2025:10:10:13 +0100] "GET /Jurek/activeshop/feeds/activeshop_cdon_fi.xml HTTP/1.1" 200 10468165 "-" "python-requests/2.32.3"
77.79.248.229 - - [03/Mar/2025:10:10:14 +0100] "GET /Jurek/ikonka/feeds/ikonka_cdon_se.xml HTTP/1.1" 200 21456309 "-" "python-requests/2.32.3"
77.79.248.229 - - [03/Mar/2025:10:10:14 +0100] "GET /Jurek/ikonka/feeds/ikonka_cdon_dk.xml HTTP/1.1" 200 21456291 "-" "python-requests/2.32.3"
77.79.248.229 - - [03/Mar/2025:10:10:15 +0100] "GET /Jurek/ikonka/feeds/ikonka_cdon_fi.xml HTTP/1.1" 200 21454206 "-" "python-requests/2.32.3"
77.79.248.229 - - [03/Mar/2025:10:10:15 +0100] "GET /Jurek/swiatecznygoliat/feeds/swiatecznygoliat_cdon_se.xml HTTP/1.1" 200 7056936 "-" "python-requests/2.32.3"
77.79.248.229 - - [03/Mar/2025:10:10:15 +0100] "GET /Jurek/swiatecznygoliat/feeds/swiatecznygoliat_cdon_dk.xml HTTP/1.1" 200 7056896 "-" "python-requests/2.32.3"
77.79.248.229 - - [03/Mar/2025:10:10:15 +0100] "GET /Jurek/swiatecznygoliat/feeds/swiatecznygoliat_cdon_fi.xml HTTP/1.1" 200 7054400 "-" "python-requests/2.32.3"
77.79.248.229 - - [03/Mar/2025:10:10:15 +0100] "GET /Jurek/slayo/feeds/slayo_cdon_se.xml HTTP/1.1" 200 195548 "-" "python-requests/2.32.3"
77.79.248.229 - - [03/Mar/2025:10:10:15 +0100] "GET /Jurek/slayo/feeds/slayo_cdon_dk.xml HTTP/1.1" 200 195547 "-" "python-requests/2.32.3"
77.79.248.229 - - [03/Mar/2025:10:10:15 +0100] "GET /Jurek/slayo/feeds/slayo_cdon_fi.xml HTTP/1.1" 200 195531 "-" "python-requests/2.32.3"
77.79.248.229 - - [03/Mar/2025:10:10:16 +0100] "GET /Jurek/bass/feeds/bass_cdon_se.xml HTTP/1.1" 200 3986945 "-" "python-requests/2.32.3"
77.79.248.229 - - [03/Mar/2025:10:10:16 +0100] "GET /Jurek/bass/feeds/bass_cdon_dk.xml HTTP/1.1" 200 3986779 "-" "python-requests/2.32.3"
77.79.248.229 - - [03/Mar/2025:10:10:16 +0100] "GET /Jurek/bass/feeds/bass_cdon_fi.xml HTTP/1.1" 200 3985271 "-" "python-requests/2.32.3"
77.79.248.229 - - [03/Mar/2025:10:10:16 +0100] "GET /Jurek/benetech/feeds/benetech_cdon_se.xml HTTP/1.1" 200 4452288 "-" "python-requests/2.32.3"
77.79.248.229 - - [03/Mar/2025:10:10:16 +0100] "GET /Jurek/benetech/feeds/benetech_cdon_dk.xml HTTP/1.1" 200 4452242 "-" "python-requests/2.32.3"
77.79.248.229 - - [03/Mar/2025:10:10:16 +0100] "GET /Jurek/benetech/feeds/benetech_cdon_fi.xml HTTP/1.1" 200 4451887 "-" "python-requests/2.32.3"
77.79.248.229 - - [03/Mar/2025:10:10:16 +0100] "GET /Jurek/waks/feeds/waks_cdon_se.xml HTTP/1.1" 200 6335322 "-" "python-requests/2.32.3"
77.79.248.229 - - [03/Mar/2025:10:10:16 +0100] "GET /Jurek/waks/feeds/waks_cdon_dk.xml HTTP/1.1" 200 6335199 "-" "python-requests/2.32.3"
77.79.248.229 - - [03/Mar/2025:10:10:16 +0100] "GET /Jurek/waks/feeds/waks_cdon_fi.xml HTTP/1.1" 200 6332880 "-" "python-requests/2.32.3"
77.79.248.229 - - [03/Mar/2025:10:10:16 +0100] "GET /Jurek/kambukka/feeds/kambukka_cdon_se.xml HTTP/1.1" 200 1044091 "-" "python-requests/2.32.3"
77.79.248.229 - - [03/Mar/2025:10:10:16 +0100] "GET /Jurek/kambukka/feeds/kambukka_cdon_dk.xml HTTP/1.1" 200 1044081 "-" "python-requests/2.32.3"
77.79.248.229 - - [03/Mar/2025:10:10:16 +0100] "GET /Jurek/kambukka/feeds/kambukka_cdon_fi.xml HTTP/1.1" 200 1043809 "-" "python-requests/2.32.3"
77.79.248.229 - - [03/Mar/2025:10:10:16 +0100] "GET /Jurek/hdwr/feeds/hdwr_cdon_se.xml HTTP/1.1" 200 778065 "-" "python-requests/2.32.3"
77.79.248.229 - - [03/Mar/2025:10:10:16 +0100] "GET /Jurek/hdwr/feeds/hdwr_cdon_dk.xml HTTP/1.1" 200 778001 "-" "python-requests/2.32.3"
77.79.248.229 - - [03/Mar/2025:10:10:16 +0100] "GET /Jurek/hdwr/feeds/hdwr_cdon_fi.xml HTTP/1.1" 200 777798 "-" "python-requests/2.32.3"
77.79.248.229 - - [03/Mar/2025:10:10:16 +0100] "GET /Jurek/pagmil/feeds/pagmil_cdon_se.xml HTTP/1.1" 200 1706051 "-" "python-requests/2.32.3"
77.79.248.229 - - [03/Mar/2025:10:10:17 +0100] "GET /Jurek/pagmil/feeds/pagmil_cdon_dk.xml HTTP/1.1" 200 1706056 "-" "python-requests/2.32.3"
77.79.248.229 - - [03/Mar/2025:10:10:17 +0100] "GET /Jurek/pagmil/feeds/pagmil_cdon_fi.xml HTTP/1.1" 200 1705656 "-" "python-requests/2.32.3"
77.79.248.229 - - [03/Mar/2025:10:10:17 +0100] "GET /Jurek/targethome/feeds/targethome_cdon_se.xml HTTP/1.1" 200 683714 "-" "python-requests/2.32.3"
77.79.248.229 - - [03/Mar/2025:10:10:17 +0100] "GET /Jurek/targethome/feeds/targethome_cdon_dk.xml HTTP/1.1" 200 683686 "-" "python-requests/2.32.3"
77.79.248.229 - - [03/Mar/2025:10:10:17 +0100] "GET /Jurek/targethome/feeds/targethome_cdon_fi.xml HTTP/1.1" 200 683590 "-" "python-requests/2.32.3"
77.79.248.229 - - [03/Mar/2025:10:10:17 +0100] "GET /Jurek/eroplace/feeds/eroplace_cdon_se.xml HTTP/1.1" 200 30863107 "-" "python-requests/2.32.3"
77.79.248.229 - - [03/Mar/2025:10:10:17 +0100] "GET /Jurek/eroplace/feeds/eroplace_cdon_dk.xml HTTP/1.1" 200 30862346 "-" "python-requests/2.32.3"
77.79.248.229 - - [03/Mar/2025:10:10:18 +0100] "GET /Jurek/eroplace/feeds/eroplace_cdon_fi.xml HTTP/1.1" 200 30849621 "-" "python-requests/2.32.3"
77.79.248.229 - - [03/Mar/2025:10:10:18 +0100] "GET /Jurek/artdog/feeds/artdog_cdon_se.xml HTTP/1.1" 200 15937618 "-" "python-requests/2.32.3"
77.79.248.229 - - [03/Mar/2025:10:10:18 +0100] "GET /Jurek/artdog/feeds/artdog_cdon_dk.xml HTTP/1.1" 200 15936813 "-" "python-requests/2.32.3"
77.79.248.229 - - [03/Mar/2025:10:10:18 +0100] "GET /Jurek/artdog/feeds/artdog_cdon_fi.xml HTTP/1.1" 200 15930551 "-" "python-requests/2.32.3"
77.79.248.229 - - [03/Mar/2025:10:10:18 +0100] "GET /Jurek/sempler/feeds/sempler_cdon_se.xml HTTP/1.1" 200 6554458 "-" "python-requests/2.32.3"
77.79.248.229 - - [03/Mar/2025:10:10:19 +0100] "GET /Jurek/sempler/feeds/sempler_cdon_dk.xml HTTP/1.1" 200 6554340 "-" "python-requests/2.32.3"
77.79.248.229 - - [03/Mar/2025:10:10:19 +0100] "GET /Jurek/sempler/feeds/sempler_cdon_fi.xml HTTP/1.1" 200 6553199 "-" "python-requests/2.32.3"
77.79.248.229 - - [03/Mar/2025:10:10:19 +0100] "GET /Jurek/oromed/feeds/oromed_cdon_se.xml HTTP/1.1" 200 1049012 "-" "python-requests/2.32.3"
77.79.248.229 - - [03/Mar/2025:10:10:19 +0100] "GET /Jurek/oromed/feeds/oromed_cdon_dk.xml HTTP/1.1" 200 1048998 "-" "python-requests/2.32.3"
77.79.248.229 - - [03/Mar/2025:10:10:19 +0100] "GET /Jurek/oromed/feeds/oromed_cdon_fi.xml HTTP/1.1" 200 1048819 "-" "python-requests/2.32.3"
77.79.248.229 - - [03/Mar/2025:10:10:19 +0100] "GET /Jurek/hurtmeblowy/feeds/hurtmeblowy_cdon_se.xml HTTP/1.1" 200 8026727 "-" "python-requests/2.32.3"
77.79.248.229 - - [03/Mar/2025:10:10:19 +0100] "GET /Jurek/hurtmeblowy/feeds/hurtmeblowy_cdon_dk.xml HTTP/1.1" 200 8026222 "-" "python-requests/2.32.3"
77.79.248.229 - - [03/Mar/2025:10:10:19 +0100] "GET /Jurek/hurtmeblowy/feeds/hurtmeblowy_cdon_fi.xml HTTP/1.1" 200 8024811 "-" "python-requests/2.32.3"
77.79.248.229 - - [03/Mar/2025:10:10:19 +0100] "GET /Jurek/narzbud/feeds/narzbud_cdon_se.xml HTTP/1.1" 200 1959210 "-" "python-requests/2.32.3"
77.79.248.229 - - [03/Mar/2025:10:10:19 +0100] "GET /Jurek/narzbud/feeds/narzbud_cdon_dk.xml HTTP/1.1" 200 1959190 "-" "python-requests/2.32.3"
77.79.248.229 - - [03/Mar/2025:10:10:19 +0100] "GET /Jurek/narzbud/feeds/narzbud_cdon_fi.xml HTTP/1.1" 200 1958336 "-" "python-requests/2.32.3"
77.79.248.229 - - [03/Mar/2025:10:10:19 +0100] "GET /Jurek/livinhill/feeds/livinhill_cdon_se.xml HTTP/1.1" 200 1459937 "-" "python-requests/2.32.3"
77.79.248.229 - - [03/Mar/2025:10:10:19 +0100] "GET /Jurek/livinhill/feeds/livinhill_cdon_dk.xml HTTP/1.1" 200 1459808 "-" "python-requests/2.32.3"
77.79.248.229 - - [03/Mar/2025:10:10:19 +0100] "GET /Jurek/livinhill/feeds/livinhill_cdon_fi.xml HTTP/1.1" 200 1459345 "-" "python-requests/2.32.3"
77.79.248.229 - - [03/Mar/2025:10:10:19 +0100] "GET /Jurek/ekuchcikowo/feeds/ekuchcikowo_cdon_se.xml HTTP/1.1" 200 13397348 "-" "python-requests/2.32.3"
77.79.248.229 - - [03/Mar/2025:10:10:20 +0100] "GET /Jurek/ekuchcikowo/feeds/ekuchcikowo_cdon_dk.xml HTTP/1.1" 200 13396987 "-" "python-requests/2.32.3"
77.79.248.229 - - [03/Mar/2025:10:10:20 +0100] "GET /Jurek/ekuchcikowo/feeds/ekuchcikowo_cdon_fi.xml HTTP/1.1" 200 13394694 "-" "python-requests/2.32.3"
77.79.248.229 - - [03/Mar/2025:10:10:20 +0100] "GET /Jurek/fertone/feeds/fertone_cdon_se.xml HTTP/1.1" 200 597139 "-" "python-requests/2.32.3"
77.79.248.229 - - [03/Mar/2025:10:10:20 +0100] "GET /Jurek/fertone/feeds/fertone_cdon_dk.xml HTTP/1.1" 200 597097 "-" "python-requests/2.32.3"
77.79.248.229 - - [03/Mar/2025:10:10:20 +0100] "GET /Jurek/fertone/feeds/fertone_cdon_fi.xml HTTP/1.1" 200 596808 "-" "python-requests/2.32.3"
77.79.248.229 - - [03/Mar/2025:10:10:20 +0100] "GET /Jurek/ekolight/feeds/ekolioght_cdon_se.xml HTTP/1.1" 200 9055511 "-" "python-requests/2.32.3"
77.79.248.229 - - [03/Mar/2025:10:10:20 +0100] "GET /Jurek/ekolight/feeds/ekolioght_cdon_dk.xml HTTP/1.1" 200 9054905 "-" "python-requests/2.32.3"
77.79.248.229 - - [03/Mar/2025:10:10:20 +0100] "GET /Jurek/ekolight/feeds/ekolioght_cdon_fi.xml HTTP/1.1" 200 9051866 "-" "python-requests/2.32.3"
77.79.248.229 - - [03/Mar/2025:10:10:20 +0100] "GET /Jurek/cbdgreen/feeds/cbdgreen_cdon_se.xml HTTP/1.1" 200 50240 "-" "python-requests/2.32.3"
77.79.248.229 - - [03/Mar/2025:10:10:20 +0100] "GET /Jurek/cbdgreen/feeds/cbdgreen_cdon_dk.xml HTTP/1.1" 200 50241 "-" "python-requests/2.32.3"
77.79.248.229 - - [03/Mar/2025:10:10:20 +0100] "GET /Jurek/cbdgreen/feeds/cbdgreen_cdon_fi.xml HTTP/1.1" 200 50234 "-" "python-requests/2.32.3"
77.79.248.229 - - [03/Mar/2025:10:10:20 +0100] "GET /Jurek/pawonik/feeds/pawonik_cdon_se.xml HTTP/1.1" 200 2586551 "-" "python-requests/2.32.3"
77.79.248.229 - - [03/Mar/2025:10:10:20 +0100] "GET /Jurek/pawonik/feeds/pawonik_cdon_dk.xml HTTP/1.1" 200 2586569 "-" "python-requests/2.32.3"
66.211.183.74 - - [03/Mar/2025:10:10:20 +0100] "GET /Jurek/eurofirany/images/383072/0.jpg HTTP/1.1" 200 185987 "-" "scalaj-http/2.4.2"
77.79.248.229 - - [03/Mar/2025:10:10:20 +0100] "GET /Jurek/pawonik/feeds/pawonik_cdon_fi.xml HTTP/1.1" 200 2586090 "-" "python-requests/2.32.3"
77.79.248.229 - - [03/Mar/2025:10:10:20 +0100] "GET /Jurek/mosti/feeds/mosti_cdon_se.xml HTTP/1.1" 200 9257186 "-" "python-requests/2.32.3"
77.79.248.229 - - [03/Mar/2025:10:10:21 +0100] "GET /Jurek/mosti/feeds/mosti_cdon_dk.xml HTTP/1.1" 200 9257278 "-" "python-requests/2.32.3"
77.79.248.229 - - [03/Mar/2025:10:10:21 +0100] "GET /Jurek/mosti/feeds/mosti_cdon_fi.xml HTTP/1.1" 200 9255483 "-" "python-requests/2.32.3"
77.79.248.229 - - [03/Mar/2025:10:10:21 +0100] "GET /Jurek/winoszarnia/feeds/winoszarnia_cdon_se.xml HTTP/1.1" 200 6131953 "-" "python-requests/2.32.3"
77.79.248.229 - - [03/Mar/2025:10:10:21 +0100] "GET /Jurek/winoszarnia/feeds/winoszarnia_cdon_dk.xml HTTP/1.1" 200 6131973 "-" "python-requests/2.32.3"
77.79.248.229 - - [03/Mar/2025:10:10:21 +0100] "GET /Jurek/winoszarnia/feeds/winoszarnia_cdon_fi.xml HTTP/1.1" 200 6130420 "-" "python-requests/2.32.3"
77.79.248.229 - - [03/Mar/2025:10:10:21 +0100] "GET /Jurek/bass_new/feeds/bass_cdon_se.xml HTTP/1.1" 200 7043240 "-" "python-requests/2.32.3"
77.79.248.229 - - [03/Mar/2025:10:10:21 +0100] "GET /Jurek/bass_new/feeds/bass_cdon_dk.xml HTTP/1.1" 200 7042958 "-" "python-requests/2.32.3"
77.79.248.229 - - [03/Mar/2025:10:10:21 +0100] "GET /Jurek/bass_new/feeds/bass_cdon_fi.xml HTTP/1.1" 200 7040966 "-" "python-requests/2.32.3"
77.79.248.229 - - [03/Mar/2025:10:10:21 +0100] "GET /Jurek/pupus/feeds/pupus_cdon_se.xml HTTP/1.1" 200 6156458 "-" "python-requests/2.32.3"
77.79.248.229 - - [03/Mar/2025:10:10:21 +0100] "GET /Jurek/pupus/feeds/pupus_cdon_dk.xml HTTP/1.1" 200 6156130 "-" "python-requests/2.32.3"
77.79.248.229 - - [03/Mar/2025:10:10:21 +0100] "GET /Jurek/pupus/feeds/pupus_cdon_fi.xml HTTP/1.1" 200 6154665 "-" "python-requests/2.32.3"
66.211.183.73 - - [03/Mar/2025:10:10:22 +0100] "GET /Jurek/eurofirany/images/389997/0.jpg HTTP/1.1" 200 181461 "-" "scalaj-http/2.4.2"
66.211.183.74 - - [03/Mar/2025:10:11:11 +0100] "GET /Jurek/eurofirany/images/392127/0.jpg HTTP/1.1" 200 32389 "-" "scalaj-http/2.4.2"
193.33.8.61 - - [03/Mar/2025:10:12:22 +0100] "GET /Jurek/rider/feeds/rider_alza.xml HTTP/2.0" 200 8165063 "https://konsola.dkkapusta1997.usermd.net/" "Mozilla/5.0 (Windows NT 10.0; Win64; x64) AppleWebKit/537.36 (KHTML, like Gecko) Chrome/133.0.0.0 Safari/537.36"
77.79.248.229 - - [03/Mar/2025:10:12:28 +0100] "GET /Jurek/rider/feeds/rider_alza.xml HTTP/1.1" 200 8165063 "-" "Python-urllib/3.11"
66.211.183.71 - - [03/Mar/2025:10:12:33 +0100] "GET /Jurek/eurofirany/images/463592/0.jpg HTTP/1.1" 200 0 "-" "scalaj-http/2.4.2"
66.211.183.74 - - [03/Mar/2025:10:12:54 +0100] "GET /Jurek/eurofirany/images/382248/0.jpg HTTP/1.1" 200 133518 "-" "scalaj-http/2.4.2"
46.101.116.244 - - [03/Mar/2025:10:13:10 +0100] "GET /Jurek/aw/feeds/aw_fnacfr.xml HTTP/1.0" 404 3551 "-" "-"
46.101.116.244 - - [03/Mar/2025:10:13:27 +0100] "GET /Filip/feeds/xlsx_ceneo.xml HTTP/1.0" 200 6241376 "-" "-"
66.211.183.73 - - [03/Mar/2025:10:13:51 +0100] "GET /Jurek/eurofirany/images/390002/0.jpg HTTP/1.1" 200 171435 "-" "scalaj-http/2.4.2"
77.79.248.229 - - [03/Mar/2025:10:14:10 +0100] "GET /Jurek/vida_morele/feeds/vidaPL_erli.xml HTTP/1.1" 200 689572206 "-" "Python-urllib/3.11"
66.211.183.71 - - [03/Mar/2025:10:14:31 +0100] "GET /Jurek/eurofirany/images/438781/0.jpg HTTP/1.1" 200 126523 "-" "scalaj-http/2.4.2"
66.211.183.72 - - [03/Mar/2025:10:14:41 +0100] "GET /Jurek/eurofirany/images/398821/0.jpg HTTP/1.1" 200 28870 "-" "scalaj-http/2.4.2"
66.211.183.73 - - [03/Mar/2025:10:15:36 +0100] "GET /Jurek/eurofirany/images/409902/0.jpg HTTP/1.1" 200 188678 "-" "scalaj-http/2.4.2"
77.79.248.229 - - [03/Mar/2025:10:16:07 +0100] "GET /Jurek/vida_morele/feeds/vidaPL_erli.xml HTTP/1.1" 200 689572206 "-" "Python-urllib/3.11"
46.101.116.244 - - [03/Mar/2025:10:16:13 +0100] "GET /Jurek/aw/feeds/aw_fnacfr.xml HTTP/1.0" 404 3551 "-" "-"
66.211.183.74 - - [03/Mar/2025:10:16:25 +0100] "GET /Jurek/eurofirany/images/438650/0.jpg HTTP/1.1" 200 186595 "-" "scalaj-http/2.4.2"
46.101.116.244 - - [03/Mar/2025:10:16:29 +0100] "GET /Filip/feeds/xlsx_ceneo.xml HTTP/1.0" 200 6241376 "-" "-"
66.211.183.72 - - [03/Mar/2025:10:17:58 +0100] "GET /Jurek/eurofirany/images/383265/0.jpg HTTP/1.1" 200 81569 "-" "scalaj-http/2.4.2"
77.79.248.229 - - [03/Mar/2025:10:18:08 +0100] "GET /Jurek/vida_morele/feeds/vidaPL_erli.xml HTTP/1.1" 200 689572206 "-" "Python-urllib/3.11"
66.211.183.71 - - [03/Mar/2025:10:18:26 +0100] "GET /Jurek/eurofirany/images/354682/0.jpg HTTP/1.1" 200 117588 "-" "scalaj-http/2.4.2"
66.211.183.71 - - [03/Mar/2025:10:18:50 +0100] "GET /Jurek/eurofirany/images/389235/0.jpg HTTP/1.1" 200 134177 "-" "scalaj-http/2.4.2"
66.211.183.71 - - [03/Mar/2025:10:19:02 +0100] "GET /Jurek/eurofirany/images/438710/0.jpg HTTP/1.1" 200 107908 "-" "scalaj-http/2.4.2"
46.101.116.244 - - [03/Mar/2025:10:20:14 +0100] "GET /Jurek/action/feeds/action_mallhu.xml HTTP/1.1" 200 55245464 "-" "-"
66.211.183.74 - - [03/Mar/2025:10:20:23 +0100] "GET /Jurek/eurofirany/images/383463/0.jpg HTTP/1.1" 200 78770 "-" "scalaj-http/2.4.2"
66.211.183.73 - - [03/Mar/2025:10:20:36 +0100] "GET /Jurek/eurofirany/images/419256/0.jpg HTTP/1.1" 200 95698 "-" "scalaj-http/2.4.2"
66.211.183.73 - - [03/Mar/2025:10:20:51 +0100] "GET /Jurek/eurofirany/images/390007/0.jpg HTTP/1.1" 200 156799 "-" "scalaj-http/2.4.2"
46.101.116.244 - - [03/Mar/2025:10:21:25 +0100] "GET /Jurek/aw/feeds/aw_fnacfr.xml HTTP/1.0" 404 3551 "-" "-"
46.101.116.244 - - [03/Mar/2025:10:21:40 +0100] "GET /Filip/feeds/xlsx_ceneo.xml HTTP/1.0" 200 6241376 "-" "-"
66.135.202.75 - - [03/Mar/2025:10:22:14 +0100] "GET /Jurek/eurofirany/images/362325/0.jpg HTTP/1.1" 200 85775 "-" "Java/17.0.12.0.101"
66.211.183.74 - - [03/Mar/2025:10:22:36 +0100] "GET /Jurek/topeshop/downloaded_images/5904507206154_4.jpg HTTP/1.1" 404 3551 "-" "scalaj-http/2.4.2"
66.211.183.74 - - [03/Mar/2025:10:22:46 +0100] "GET /Jurek/eurofirany/images/438666/0.jpg HTTP/1.1" 200 62650 "-" "scalaj-http/2.4.2"
66.211.183.74 - - [03/Mar/2025:10:22:47 +0100] "GET /Jurek/eurofirany/images/390398/0.jpg HTTP/1.1" 200 164560 "-" "scalaj-http/2.4.2"
91.229.0.24 - - [03/Mar/2025:10:23:24 +0100] "GET /Jurek/eurofirany/images/398661/2.jpg HTTP/2.0" 200 36797 "https://www.emag.ro/perdea-ready-rita-140x250-cm-roz-inchis-eurofirany-398661/pd/DTQB8LMBM/" "Mozilla/5.0 (Windows NT 10.0; Win64; x64) AppleWebKit/537.36 (KHTML, like Gecko) Chrome/109.0.0.0 Safari/537.36"
91.229.0.24 - - [03/Mar/2025:10:23:24 +0100] "GET /Jurek/eurofirany/images/398661/1.jpg HTTP/2.0" 200 77045 "https://www.emag.ro/perdea-ready-rita-140x250-cm-roz-inchis-eurofirany-398661/pd/DTQB8LMBM/" "Mozilla/5.0 (Windows NT 10.0; Win64; x64) AppleWebKit/537.36 (KHTML, like Gecko) Chrome/109.0.0.0 Safari/537.36"
91.229.0.24 - - [03/Mar/2025:10:23:24 +0100] "GET /Jurek/eurofirany/images/398661/3.jpg HTTP/2.0" 200 98055 "https://www.emag.ro/perdea-ready-rita-140x250-cm-roz-inchis-eurofirany-398661/pd/DTQB8LMBM/" "Mozilla/5.0 (Windows NT 10.0; Win64; x64) AppleWebKit/537.36 (KHTML, like Gecko) Chrome/109.0.0.0 Safari/537.36"
91.229.0.24 - - [03/Mar/2025:10:23:25 +0100] "GET /Jurek/eurofirany/images/398661/4.jpg HTTP/2.0" 200 271299 "https://www.emag.ro/perdea-ready-rita-140x250-cm-roz-inchis-eurofirany-398661/pd/DTQB8LMBM/" "Mozilla/5.0 (Windows NT 10.0; Win64; x64) AppleWebKit/537.36 (KHTML, like Gecko) Chrome/109.0.0.0 Safari/537.36"
91.229.0.24 - - [03/Mar/2025:10:23:25 +0100] "GET /Jurek/eurofirany/images/398661/5.jpg HTTP/2.0" 200 110083 "https://www.emag.ro/perdea-ready-rita-140x250-cm-roz-inchis-eurofirany-398661/pd/DTQB8LMBM/" "Mozilla/5.0 (Windows NT 10.0; Win64; x64) AppleWebKit/537.36 (KHTML, like Gecko) Chrome/109.0.0.0 Safari/537.36"
91.229.0.24 - - [03/Mar/2025:10:23:25 +0100] "GET /Jurek/eurofirany/images/398661/6.jpg HTTP/2.0" 200 70948 "https://www.emag.ro/perdea-ready-rita-140x250-cm-roz-inchis-eurofirany-398661/pd/DTQB8LMBM/" "Mozilla/5.0 (Windows NT 10.0; Win64; x64) AppleWebKit/537.36 (KHTML, like Gecko) Chrome/109.0.0.0 Safari/537.36"
91.229.0.24 - - [03/Mar/2025:10:23:25 +0100] "GET /Jurek/eurofirany/images/398661/7.jpg HTTP/2.0" 200 186590 "https://www.emag.ro/perdea-ready-rita-140x250-cm-roz-inchis-eurofirany-398661/pd/DTQB8LMBM/" "Mozilla/5.0 (Windows NT 10.0; Win64; x64) AppleWebKit/537.36 (KHTML, like Gecko) Chrome/109.0.0.0 Safari/537.36"
91.229.0.24 - - [03/Mar/2025:10:23:25 +0100] "GET /Jurek/eurofirany/images/398661/8.jpg HTTP/2.0" 200 258968 "https://www.emag.ro/perdea-ready-rita-140x250-cm-roz-inchis-eurofirany-398661/pd/DTQB8LMBM/" "Mozilla/5.0 (Windows NT 10.0; Win64; x64) AppleWebKit/537.36 (KHTML, like Gecko) Chrome/109.0.0.0 Safari/537.36"
91.229.0.24 - - [03/Mar/2025:10:23:25 +0100] "GET /Jurek/eurofirany/images/398661/9.jpg HTTP/2.0" 200 216451 "https://www.emag.ro/perdea-ready-rita-140x250-cm-roz-inchis-eurofirany-398661/pd/DTQB8LMBM/" "Mozilla/5.0 (Windows NT 10.0; Win64; x64) AppleWebKit/537.36 (KHTML, like Gecko) Chrome/109.0.0.0 Safari/537.36"
46.101.116.244 - - [03/Mar/2025:10:24:19 +0100] "GET /Jurek/chemex/feeds/chemex_empik.xml HTTP/1.0" 200 47822490 "-" "-"
66.211.183.71 - - [03/Mar/2025:10:24:52 +0100] "GET /Jurek/eurofirany/images/387530/0.jpg HTTP/1.1" 200 94161 "-" "scalaj-http/2.4.2"
66.211.183.73 - - [03/Mar/2025:10:25:19 +0100] "GET /Jurek/eurofirany/images/389893/0.jpg HTTP/1.1" 200 163763 "-" "scalaj-http/2.4.2"
193.33.8.61 - - [03/Mar/2025:10:25:50 +0100] "GET /Jurek/beliani/feeds/beliani_pl_zero.xml HTTP/2.0" 200 15958016 "https://konsola.dkkapusta1997.usermd.net/" "Mozilla/5.0 (Windows NT 10.0; Win64; x64) AppleWebKit/537.36 (KHTML, like Gecko) Chrome/133.0.0.0 Safari/537.36"
