46.101.116.244 - - [03/Mar/2025:14:56:41 +0100] "GET /Filip/feeds/xlsx_ceneo.xml HTTP/1.0" 200 6241376 "-" "-"
66.211.183.74 - - [03/Mar/2025:14:56:42 +0100] "GET /Jurek/eurofirany/images/389599/0.jpg HTTP/1.1" 200 135761 "-" "scalaj-http/2.4.2"
66.211.183.72 - - [03/Mar/2025:14:57:17 +0100] "GET /Jurek/eurofirany/images/383266/0.jpg HTTP/1.1" 200 81569 "-" "scalaj-http/2.4.2"
89.161.206.59 - - [03/Mar/2025:14:57:19 +0100] "GET /Jurek/oromed/feeds/oromed_skroutz.xml HTTP/1.0" 200 1053937 "-" "-"
89.161.206.59 - - [03/Mar/2025:14:57:20 +0100] "GET /Jurek/ralmetal/feeds/ralmetal_skroutz.xml HTTP/1.0" 200 1786780 "-" "-"
46.101.116.244 - - [03/Mar/2025:14:57:24 +0100] "GET /Jurek/octopia/feeds/octopia_mallczsh.xml HTTP/2.0" 200 10634703 "-" "-"
89.161.206.59 - - [03/Mar/2025:14:57:36 +0100] "GET /Jurek/narzbud/feeds/narzbud_skroutz.xml HTTP/1.0" 200 1958297 "-" "-"
89.161.206.59 - - [03/Mar/2025:14:57:36 +0100] "GET /Jurek/drops/feeds/dropsofficecolection_skroutz.xml HTTP/1.0" 200 787881 "-" "-"
89.161.206.59 - - [03/Mar/2025:14:57:37 +0100] "GET /Jurek/szpaklampy/feeds/szpaklampy_skroutz.xml HTTP/1.0" 200 416430 "-" "-"
46.101.116.244 - - [03/Mar/2025:14:57:55 +0100] "GET /Jurek/flhf/feeds/flhf_mallczsh.xml HTTP/2.0" 404 3551 "-" "-"
77.79.248.229 - - [03/Mar/2025:14:58:01 +0100] "GET /Jurek/eurofirany/feeds/eurofirany_manomanode.xml HTTP/1.1" 200 18992676 "-" "Python-urllib/3.11"
77.79.248.229 - - [03/Mar/2025:14:58:02 +0100] "GET /Jurek/hurtownia_przemyslowa/feeds/hp_manomanode.xml HTTP/1.1" 200 49618175 "-" "Python-urllib/3.11"
77.79.248.229 - - [03/Mar/2025:14:58:03 +0100] "GET /Jurek/topeshop/feeds/topeshop_manoDE.xml HTTP/1.1" 200 2406917 "-" "Python-urllib/3.11"
77.79.248.229 - - [03/Mar/2025:14:58:04 +0100] "GET /Jurek/aw/feeds/awnarzedzia_manomanoDE.xml HTTP/1.1" 200 90351098 "-" "Python-urllib/3.11"
77.79.248.229 - - [03/Mar/2025:14:58:05 +0100] "GET /Jurek/action/feeds/action_manomano_DE.xml HTTP/1.1" 200 55164185 "-" "Python-urllib/3.11"
77.79.248.229 - - [03/Mar/2025:14:58:05 +0100] "GET /Jurek/drewdon/feeds/drewdon_manomanoDE.xml HTTP/1.1" 200 504459 "-" "Python-urllib/3.11"
77.79.248.229 - - [03/Mar/2025:14:58:05 +0100] "GET /Jurek/kobi/feeds/kobi_manomanoDE.xml HTTP/1.1" 200 1993223 "-" "Python-urllib/3.11"
77.79.248.229 - - [03/Mar/2025:14:58:05 +0100] "GET /Jurek/pupus/feeds/pupus_manomanoDE.xml HTTP/1.1" 200 6154679 "-" "Python-urllib/3.11"
77.79.248.229 - - [03/Mar/2025:14:58:05 +0100] "GET /Jurek/reman/feeds/reman_manoamnoDE.xml HTTP/1.1" 200 1394833 "-" "Python-urllib/3.11"
77.79.248.229 - - [03/Mar/2025:14:58:05 +0100] "GET /Jurek/artdog/feeds/artdog_manomanoDE.xml HTTP/1.1" 200 15929215 "-" "Python-urllib/3.11"
77.79.248.229 - - [03/Mar/2025:14:58:05 +0100] "GET /Jurek/sartrix/feeds/sartrix_manomanoDE.xml HTTP/1.1" 200 649178 "-" "Python-urllib/3.11"
77.79.248.229 - - [03/Mar/2025:14:58:05 +0100] "GET /Jurek/hlo/feeds/hlo_manomanoDE.xml HTTP/1.1" 200 4838800 "-" "Python-urllib/3.11"
77.79.248.229 - - [03/Mar/2025:14:58:06 +0100] "GET /Jurek/fernity/feeds/fernity_manomano.xml HTTP/1.1" 200 5222098 "-" "Python-urllib/3.11"
77.79.248.229 - - [03/Mar/2025:14:58:06 +0100] "GET /Jurek/eurofirany/feeds/eurofirany_manomanofr.xml HTTP/1.1" 200 18992780 "-" "Python-urllib/3.11"
77.79.248.229 - - [03/Mar/2025:14:58:07 +0100] "GET /Jurek/hurtownia_przemyslowa/feeds/hp_manomanofr.xml HTTP/1.1" 200 49619685 "-" "Python-urllib/3.11"
77.79.248.229 - - [03/Mar/2025:14:58:08 +0100] "GET /Jurek/kinghome/feeds/kinghome_manomanofr.xml HTTP/1.1" 200 5731692 "-" "Python-urllib/3.11"
77.79.248.229 - - [03/Mar/2025:14:58:08 +0100] "GET /Jurek/topeshop/feeds/topeshop_manoFR.xml HTTP/1.1" 200 2407028 "-" "Python-urllib/3.11"
77.79.248.229 - - [03/Mar/2025:14:58:09 +0100] "GET /Jurek/activeshop/feeds/activeshop_manomanofr.xml HTTP/1.1" 200 10467826 "-" "Python-urllib/3.11"
77.79.248.229 - - [03/Mar/2025:14:58:10 +0100] "GET /Jurek/aw/feeds/awnarzedzia_manomanofr.xml HTTP/1.1" 200 90352872 "-" "Python-urllib/3.11"
77.79.248.229 - - [03/Mar/2025:14:58:10 +0100] "GET /Jurek/bass_new/feeds/bass_manofr.xml HTTP/1.1" 200 7040955 "-" "Python-urllib/3.11"
77.79.248.229 - - [03/Mar/2025:14:58:11 +0100] "GET /Jurek/stema/feeds/stema_manofr.xml HTTP/1.1" 200 838573 "-" "Python-urllib/3.11"
77.79.248.229 - - [03/Mar/2025:14:58:12 +0100] "GET /Jurek/hurtownia_przemyslowa/feeds/hp_manomanoit.xml HTTP/1.1" 200 49619548 "-" "Python-urllib/3.11"
66.211.183.72 - - [03/Mar/2025:14:58:12 +0100] "GET /Jurek/eurofirany/images/390400/0.jpg HTTP/1.1" 200 122464 "-" "scalaj-http/2.4.2"
77.79.248.229 - - [03/Mar/2025:14:58:12 +0100] "GET /Jurek/eurofirany/feeds/eurofirany_manomanoit.xml HTTP/1.1" 200 18992890 "-" "Python-urllib/3.11"
77.79.248.229 - - [03/Mar/2025:14:58:13 +0100] "GET /Jurek/fernity/feeds/fernity_manoIT.xml HTTP/1.1" 200 5222654 "-" "Python-urllib/3.11"
77.79.248.229 - - [03/Mar/2025:14:58:13 +0100] "GET /Jurek/topeshop/feeds/topeshop_manoIT.xml HTTP/1.1" 200 2407002 "-" "Python-urllib/3.11"
77.79.248.229 - - [03/Mar/2025:14:58:14 +0100] "GET /Jurek/action/feeds/action_manomano_IT.xml HTTP/1.1" 200 55165215 "-" "Python-urllib/3.11"
77.79.248.229 - - [03/Mar/2025:14:58:14 +0100] "GET /Jurek/activeshop/feeds/activeshop_manomanoit.xml HTTP/1.1" 200 10468480 "-" "Python-urllib/3.11"
77.79.248.229 - - [03/Mar/2025:14:58:15 +0100] "GET /Jurek/aw/feeds/awnarzedzia_manomanoIT.xml HTTP/1.1" 200 90353884 "-" "Python-urllib/3.11"
77.79.248.229 - - [03/Mar/2025:14:58:16 +0100] "GET /Jurek/barbecook/feeds/barbecook_manoit.xml HTTP/1.1" 200 87531 "-" "Python-urllib/3.11"
77.79.248.229 - - [03/Mar/2025:14:58:16 +0100] "GET /Jurek/drewdon/feeds/drewdon_manomanoIT.xml HTTP/1.1" 200 504463 "-" "Python-urllib/3.11"
77.79.248.229 - - [03/Mar/2025:14:58:16 +0100] "GET /Jurek/kobi/feeds/kobi_manomanoIT.xml HTTP/1.1" 200 1993310 "-" "Python-urllib/3.11"
77.79.248.229 - - [03/Mar/2025:14:58:16 +0100] "GET /Jurek/pupus/feeds/pupus_manomanoIT.xml HTTP/1.1" 200 6154669 "-" "Python-urllib/3.11"
77.79.248.229 - - [03/Mar/2025:14:58:17 +0100] "GET /Jurek/reman/feeds/reman_manoamnoIT.xml HTTP/1.1" 200 1394837 "-" "Python-urllib/3.11"
77.79.248.229 - - [03/Mar/2025:14:58:17 +0100] "GET /Jurek/artdog/feeds/artdog_manomanoIT.xml HTTP/1.1" 200 15929716 "-" "Python-urllib/3.11"
77.79.248.229 - - [03/Mar/2025:14:58:17 +0100] "GET /Jurek/sartrix/feeds/sartrix_manomanoIT.xml HTTP/1.1" 200 649180 "-" "Python-urllib/3.11"
77.79.248.229 - - [03/Mar/2025:14:58:17 +0100] "GET /Jurek/hlo/feeds/hlo_manomanoIT.xml HTTP/1.1" 200 4838837 "-" "Python-urllib/3.11"
77.79.248.229 - - [03/Mar/2025:14:58:17 +0100] "GET /Jurek/drewdon/feeds/drewdon_manomanoES.xml HTTP/1.1" 200 504453 "-" "Python-urllib/3.11"
77.79.248.229 - - [03/Mar/2025:14:58:18 +0100] "GET /Jurek/hurtownia_przemyslowa/feeds/hp_manomanoES.xml HTTP/1.1" 200 49619700 "-" "Python-urllib/3.11"
77.79.248.229 - - [03/Mar/2025:14:58:18 +0100] "GET /Jurek/kobi/feeds/kobi_manomanoES.xml HTTP/1.1" 200 1993316 "-" "Python-urllib/3.11"
77.79.248.229 - - [03/Mar/2025:14:58:18 +0100] "GET /Jurek/pupus/feeds/pupus_manomanoES.xml HTTP/1.1" 200 6154114 "-" "Python-urllib/3.11"
77.79.248.229 - - [03/Mar/2025:14:58:18 +0100] "GET /Jurek/reman/feeds/reman_manoamnoES.xml HTTP/1.1" 200 1394839 "-" "Python-urllib/3.11"
77.79.248.229 - - [03/Mar/2025:14:58:19 +0100] "GET /Jurek/artdog/feeds/artdog_manomanoES.xml HTTP/1.1" 200 15928837 "-" "Python-urllib/3.11"
77.79.248.229 - - [03/Mar/2025:14:58:19 +0100] "GET /Jurek/sartrix/feeds/sartrix_manomanoES.xml HTTP/1.1" 200 649176 "-" "Python-urllib/3.11"
46.101.116.244 - - [03/Mar/2025:14:58:19 +0100] "GET /Jurek/livinhill/feeds/livinhill_mallczsh.xml HTTP/2.0" 200 1438460 "-" "-"
77.79.248.229 - - [03/Mar/2025:14:58:19 +0100] "GET /Jurek/hlo/feeds/hlo_manomanoES.xml HTTP/1.1" 200 4837827 "-" "Python-urllib/3.11"
66.211.183.70 - - [03/Mar/2025:14:58:29 +0100] "GET /Jurek/eurofirany/images/410616/0.jpg HTTP/1.1" 200 120283 "-" "scalaj-http/2.4.2"
46.101.116.244 - - [03/Mar/2025:14:58:30 +0100] "GET /Jurek/cbdgreen/feeds/cbdgreen_mallsiSH.xml HTTP/2.0" 200 50233 "-" "-"
66.211.183.70 - - [03/Mar/2025:14:58:34 +0100] "GET /Jurek/eurofirany/images/389617/0.jpg HTTP/1.1" 200 149159 "-" "scalaj-http/2.4.2"
46.101.116.244 - - [03/Mar/2025:14:58:40 +0100] "GET /Jurek/dekornatort/feeds/dekornatort_mallsiSH.xml HTTP/2.0" 200 225730 "-" "-"
46.101.116.244 - - [03/Mar/2025:14:58:51 +0100] "GET /Jurek/eurofryz2/feeds/eurofryz2_mallsiSH.xml HTTP/2.0" 200 1376598 "-" "-"
66.211.183.71 - - [03/Mar/2025:14:58:51 +0100] "GET /Jurek/eurofirany/images/383556/0.jpg HTTP/1.1" 200 75275 "-" "scalaj-http/2.4.2"
46.101.116.244 - - [03/Mar/2025:14:59:02 +0100] "GET /Jurek/eurofryz3/feeds/eurofryz3_mallsiSH.xml HTTP/2.0" 200 172226 "-" "-"
66.211.183.74 - - [03/Mar/2025:14:59:03 +0100] "GET /Jurek/topeshop/downloaded_images/5904507207489_20st_mijas_prawy_zielonykopia.png HTTP/1.1" 200 223941 "-" "scalaj-http/2.4.2"
46.101.116.244 - - [03/Mar/2025:14:59:12 +0100] "GET /Jurek/globaldeli/feeds/globaldeli_mallsiSH.xml HTTP/2.0" 200 2590906 "-" "-"
66.211.183.70 - - [03/Mar/2025:14:59:19 +0100] "GET /Jurek/eurofirany/images/416438/0.jpg HTTP/1.1" 200 105080 "-" "scalaj-http/2.4.2"
46.101.116.244 - - [03/Mar/2025:14:59:23 +0100] "GET /Jurek/kobi/feeds/kobi_mallsiSH.xml HTTP/2.0" 200 1993235 "-" "-"
46.101.116.244 - - [03/Mar/2025:14:59:34 +0100] "GET /Jurek/lendo/feeds/lendo_mallsiSH.xml HTTP/2.0" 200 330386 "-" "-"
89.161.206.59 - - [03/Mar/2025:14:59:37 +0100] "GET /Jurek/snibbs/feeds/snibbs_emagro.xml HTTP/1.0" 200 74399 "-" "-"
46.101.116.244 - - [03/Mar/2025:15:00:13 +0100] "GET /Jurek/naszedzieci/feeds/naszedzieci_mallsiSH.xml HTTP/2.0" 200 833263050 "-" "-"
46.101.116.244 - - [03/Mar/2025:15:00:30 +0100] "GET /Jurek/kokiska/feeds/kokiska_allegro.xml HTTP/1.0" 200 11833188 "-" "-"
46.101.116.244 - - [03/Mar/2025:15:00:33 +0100] "GET /Jurek/vivaldi/feeds/vivaldi_allegro.xml HTTP/1.0" 200 344685 "-" "-"
89.161.206.59 - - [03/Mar/2025:15:00:38 +0100] "GET /Jurek/unimet/feeds/unimet_cdisFI.xml HTTP/1.0" 200 60215299 "-" "-"
85.14.86.141 - - [03/Mar/2025:15:00:38 +0100] "GET /Jurek/vida_morele/feeds/VidaPL_all.xml HTTP/2.0" 200 690844458 "-" "MarketplaceAPI curl/7.64.0 PHP/8"
52.17.80.36 - - [03/Mar/2025:15:00:40 +0100] "GET /marketplaces/ubaldi/results/ubaldi.csv HTTP/1.1" 200 147219 "-" "Mirakl HttpClient"
46.101.116.244 - - [03/Mar/2025:15:00:43 +0100] "GET /Jurek/activeshop/feeds/activeshop_cdis.xml HTTP/1.0" 200 10468044 "-" "-"
46.101.116.244 - - [03/Mar/2025:15:00:48 +0100] "GET /Jurek/eurofirany/feeds/eurofirany_cdiscount.xml HTTP/1.0" 200 18993006 "-" "-"
35.198.94.37 - - [03/Mar/2025:15:00:55 +0100] "GET /Jurek/eurofirany/images/423668/0.jpg HTTP/2.0" 200 63263 "-" "Mozilla/5.0 (Macintosh; Intel Mac OS X 10.15; rv:78.0) Gecko/20100101 Firefox/78.0"
66.211.183.72 - - [03/Mar/2025:15:01:05 +0100] "GET /Jurek/eurofirany/images/390110/0.jpg HTTP/1.1" 200 163763 "-" "scalaj-http/2.4.2"
66.211.183.71 - - [03/Mar/2025:15:01:08 +0100] "GET /Jurek/eurofirany/images/383325/0.jpg HTTP/1.1" 200 93037 "-" "scalaj-http/2.4.2"
46.101.116.244 - - [03/Mar/2025:15:01:13 +0100] "GET /Jurek/aw/feeds/aw_fnacfr.xml HTTP/1.0" 404 3551 "-" "-"
66.211.183.74 - - [03/Mar/2025:15:01:27 +0100] "GET /Jurek/eurofirany/images/390453/0.jpg HTTP/1.1" 200 144267 "-" "scalaj-http/2.4.2"
46.101.116.244 - - [03/Mar/2025:15:01:30 +0100] "GET /Filip/feeds/xlsx_ceneo.xml HTTP/1.0" 200 6241376 "-" "-"
52.17.80.36 - - [03/Mar/2025:15:01:52 +0100] "GET /marketplaces/rue/results/rue.csv HTTP/1.1" 200 147219 "-" "Mirakl HttpClient"
85.14.86.141 - - [03/Mar/2025:15:02:28 +0100] "GET /Jurek/kinghoff/feeds/kinghoff_morele.xml HTTP/2.0" 200 15078857 "-" "MarketplaceAPI curl/7.64.0 PHP/8"
66.211.183.73 - - [03/Mar/2025:15:02:32 +0100] "GET /Jurek/eurofirany/images/419260/0.jpg HTTP/1.1" 200 127913 "-" "scalaj-http/2.4.2"
66.211.183.72 - - [03/Mar/2025:15:02:56 +0100] "GET /Jurek/eurofirany/images/433797/0.jpg HTTP/1.1" 200 71633 "-" "scalaj-http/2.4.2"
66.211.183.73 - - [03/Mar/2025:15:03:51 +0100] "GET /Jurek/eurofirany/images/416010/0.jpg HTTP/1.1" 200 146191 "-" "scalaj-http/2.4.2"
66.211.183.71 - - [03/Mar/2025:15:03:54 +0100] "GET /Jurek/eurofirany/images/389238/0.jpg HTTP/1.1" 200 165083 "-" "scalaj-http/2.4.2"
85.14.86.141 - - [03/Mar/2025:15:03:54 +0100] "GET /Jurek/eurofirany/feeds/eurofirany_morele.xml HTTP/2.0" 200 18994317 "-" "MarketplaceAPI curl/7.64.0 PHP/8"
85.14.86.141 - - [03/Mar/2025:15:04:13 +0100] "GET /Jurek/vivaldi/feeds/vivaldi_Morele-PL.xml HTTP/2.0" 200 344674 "-" "MarketplaceAPI curl/7.64.0 PHP/8"
66.211.183.70 - - [03/Mar/2025:15:04:37 +0100] "GET /Jurek/eurofirany/images/390395/0.jpg HTTP/1.1" 200 164560 "-" "scalaj-http/2.4.2"
193.33.8.61 - - [03/Mar/2025:15:04:58 +0100] "GET /Jurek/kinghoff/output.txt HTTP/2.0" 200 2060 "https://konsola.dkkapusta1997.usermd.net/" "Mozilla/5.0 (Windows NT 10.0; Win64; x64) AppleWebKit/537.36 (KHTML, like Gecko) Chrome/133.0.0.0 Safari/537.36"
34.159.13.158 - - [03/Mar/2025:15:05:26 +0100] "GET /Jurek/eurofirany/images/383108/0.jpg HTTP/2.0" 200 75275 "-" "Mozilla/5.0 (Macintosh; Intel Mac OS X 10.15; rv:78.0) Gecko/20100101 Firefox/78.0"
85.14.86.141 - - [03/Mar/2025:15:05:27 +0100] "GET /Jurek/vida_morele/feeds/VidaPL_morele.xml HTTP/2.0" 200 690844202 "-" "MarketplaceAPI curl/7.64.0 PHP/8"
34.159.13.158 - - [03/Mar/2025:15:05:28 +0100] "GET /Jurek/eurofirany/images/423667/0.jpg HTTP/2.0" 200 68548 "-" "Mozilla/5.0 (Macintosh; Intel Mac OS X 10.15; rv:78.0) Gecko/20100101 Firefox/78.0"
66.211.183.71 - - [03/Mar/2025:15:05:43 +0100] "GET /Jurek/eurofirany/images/389605/0.jpg HTTP/1.1" 200 134368 "-" "scalaj-http/2.4.2"
85.14.86.141 - - [03/Mar/2025:15:05:50 +0100] "GET /Jurek/aw/feeds/awnarzedzia_morele.xml HTTP/2.0" 200 90364592 "-" "MarketplaceAPI curl/7.64.0 PHP/8"
89.161.206.59 - - [03/Mar/2025:15:05:57 +0100] "GET /Jurek/eroplace/feeds/eroplace_amazonfr.xml HTTP/1.0" 200 30849184 "-" "-"
89.161.206.59 - - [03/Mar/2025:15:05:58 +0100] "GET /Jurek/eroplace/feeds/eroplace_amazonit.xml HTTP/1.0" 200 30849477 "-" "-"
46.101.116.244 - - [03/Mar/2025:15:06:06 +0100] "GET /Jurek/aw/feeds/aw_fnacfr.xml HTTP/1.0" 404 3551 "-" "-"
85.14.86.141 - - [03/Mar/2025:15:06:11 +0100] "GET /Jurek/miloohome/feeds/miloohome_morele.xml HTTP/2.0" 200 1421250 "-" "MarketplaceAPI curl/7.64.0 PHP/8"
5.134.208.158 - - [03/Mar/2025:15:06:13 +0100] "GET /Jurek/eurofirany/images/402584/0.jpg HTTP/1.1" 200 62254 "-" "-"
85.14.86.141 - - [03/Mar/2025:15:06:18 +0100] "GET /Jurek/beliani/feeds/beliani_morele.xml HTTP/2.0" 200 31889570 "-" "MarketplaceAPI curl/7.64.0 PHP/8"
46.101.116.244 - - [03/Mar/2025:15:06:23 +0100] "GET /Filip/feeds/xlsx_ceneo.xml HTTP/1.0" 200 6241376 "-" "-"
89.161.206.59 - - [03/Mar/2025:15:07:09 +0100] "GET /Jurek/kambukka/feeds/kambukka_amazonfr.xml HTTP/1.0" 200 1043808 "-" "-"
89.161.206.59 - - [03/Mar/2025:15:07:09 +0100] "GET /Jurek/kambukka/feeds/kambukka_amazonit.xml HTTP/1.0" 200 1043816 "-" "-"
89.161.206.59 - - [03/Mar/2025:15:07:09 +0100] "GET /Jurek/kambukka/feeds/kambukka_amazonnl.xml HTTP/1.0" 200 1043805 "-" "-"
89.161.206.59 - - [03/Mar/2025:15:07:10 +0100] "GET /Jurek/kambukka/feeds/kambukka_amazonse.xml HTTP/1.0" 200 1044075 "-" "-"
89.161.206.59 - - [03/Mar/2025:15:07:10 +0100] "GET /Jurek/waks/feeds/waks_amazonit.xml HTTP/1.0" 200 6332830 "-" "-"
89.161.206.59 - - [03/Mar/2025:15:07:11 +0100] "GET /Jurek/waks/feeds/waks_amazones.xml HTTP/1.0" 200 6332882 "-" "-"
89.161.206.59 - - [03/Mar/2025:15:07:11 +0100] "GET /Jurek/waks/feeds/waks_amazonnl.xml HTTP/1.0" 200 6332828 "-" "-"
89.161.206.59 - - [03/Mar/2025:15:07:13 +0100] "GET /Jurek/hdwr/feeds/hdwr_amazonse.xml HTTP/1.0" 200 778068 "-" "-"
89.161.206.59 - - [03/Mar/2025:15:07:13 +0100] "GET /Jurek/sempler/feeds/sempler_amazonde.xml HTTP/1.0" 200 6553202 "-" "-"
89.161.206.59 - - [03/Mar/2025:15:07:14 +0100] "GET /Jurek/eroplace/feeds/eroplace_amazonde.xml HTTP/1.0" 200 30849227 "-" "-"
66.211.183.73 - - [03/Mar/2025:15:07:17 +0100] "GET /Jurek/eurofirany/images/392135/0.jpg HTTP/1.1" 200 31921 "-" "scalaj-http/2.4.2"
89.161.206.59 - - [03/Mar/2025:15:07:19 +0100] "GET /Jurek/eroplace/feeds/eroplace_amazones.xml HTTP/1.0" 200 30849409 "-" "-"
89.161.206.59 - - [03/Mar/2025:15:07:24 +0100] "GET /Jurek/b3/feeds/b3_amazonnl.xml HTTP/1.0" 200 7274279 "-" "-"
89.161.206.59 - - [03/Mar/2025:15:07:25 +0100] "GET /Jurek/aiofactory/feeds/aiofactory_ebayde.xml HTTP/1.0" 200 2123750 "-" "-"
89.161.206.59 - - [03/Mar/2025:15:07:25 +0100] "GET /Jurek/b3/feeds/b3_amazonfr.xml HTTP/1.0" 200 7274361 "-" "-"
89.161.206.59 - - [03/Mar/2025:15:07:26 +0100] "GET /Jurek/ralmetal/feeds/ralmetal_amazonde.xml HTTP/1.0" 200 1786778 "-" "-"
89.161.206.59 - - [03/Mar/2025:15:07:26 +0100] "GET /Jurek/b3/feeds/b3_amazonit.xml HTTP/1.0" 200 7274344 "-" "-"
89.161.206.59 - - [03/Mar/2025:15:07:27 +0100] "GET /Jurek/oromed/feeds/oromed_amazonde.xml HTTP/1.0" 200 1053927 "-" "-"
89.161.206.59 - - [03/Mar/2025:15:07:27 +0100] "GET /Jurek/b3/feeds/b3_amazonse.xml HTTP/1.0" 200 7277342 "-" "-"
89.161.206.59 - - [03/Mar/2025:15:07:28 +0100] "GET /Jurek/ralmetal/feeds/ralmetal_amazonfr.xml HTTP/1.0" 200 1786827 "-" "-"
193.33.8.61 - - [03/Mar/2025:15:08:05 +0100] "GET /Jurek/motofan/feeds/motofan_zero.xml HTTP/2.0" 200 2391705 "https://konsola.dkkapusta1997.usermd.net/" "Mozilla/5.0 (Windows NT 10.0; Win64; x64) AppleWebKit/537.36 (KHTML, like Gecko) Chrome/133.0.0.0 Safari/537.36"
77.79.248.229 - - [03/Mar/2025:15:08:10 +0100] "GET /Jurek/motofan/feeds/motofan_zero.xml HTTP/1.1" 200 2391705 "-" "Python-urllib/3.11"
34.141.41.13 - - [03/Mar/2025:15:08:13 +0100] "GET /Jurek/eurofirany/images/423655/0.jpg HTTP/2.0" 200 68504 "-" "Mozilla/5.0 (Macintosh; Intel Mac OS X 10.15; rv:78.0) Gecko/20100101 Firefox/78.0"
66.211.183.70 - - [03/Mar/2025:15:08:43 +0100] "GET /Jurek/eurofirany/images/402288/0.jpg HTTP/1.1" 200 44997 "-" "scalaj-http/2.4.2"
89.161.206.59 - - [03/Mar/2025:15:09:04 +0100] "GET /Jurek/hdwr/feeds/hdwr_skroutz.xml HTTP/1.0" 200 777772 "-" "-"
89.161.206.59 - - [03/Mar/2025:15:09:08 +0100] "GET /Jurek/waks/feeds/waks_skroutz.xml HTTP/1.0" 200 6332838 "-" "-"
89.161.206.59 - - [03/Mar/2025:15:09:31 +0100] "GET /Jurek/pagmil/feeds/pagmil_skroutz.xml HTTP/1.0" 200 1705666 "-" "-"
89.161.206.59 - - [03/Mar/2025:15:09:36 +0100] "GET /Jurek/kambukka/feeds/kambukka_skroutz.xml HTTP/1.0" 200 1043812 "-" "-"
66.211.183.74 - - [03/Mar/2025:15:09:37 +0100] "GET /Jurek/eurofirany/images/423657/0.jpg HTTP/1.1" 200 84801 "-" "scalaj-http/2.4.2"
89.161.206.59 - - [03/Mar/2025:15:09:37 +0100] "GET /Jurek/benetech/feeds/benetech_skroutz.xml HTTP/1.0" 200 2842579 "-" "-"
34.141.41.13 - - [03/Mar/2025:15:09:48 +0100] "GET /Jurek/eurofirany/images/423657/0.jpg HTTP/2.0" 200 84801 "-" "Mozilla/5.0 (Macintosh; Intel Mac OS X 10.15; rv:78.0) Gecko/20100101 Firefox/78.0"
89.161.206.59 - - [03/Mar/2025:15:09:49 +0100] "GET /Jurek/hurtownia_przemyslowa/feeds/hp_ebayde.xml HTTP/1.0" 200 42549684 "-" "-"
89.161.206.59 - - [03/Mar/2025:15:09:51 +0100] "GET /Jurek/sempler/feeds/sempler_skroutz.xml HTTP/1.0" 200 6553222 "-" "-"
89.161.206.59 - - [03/Mar/2025:15:09:52 +0100] "GET /Jurek/eroplace/feeds/eroplace_skroutz.xml HTTP/1.0" 200 30849203 "-" "-"
89.161.206.59 - - [03/Mar/2025:15:09:54 +0100] "GET /Jurek/targethome/feeds/targethome_skroutz.xml HTTP/1.0" 200 683590 "-" "-"
34.141.41.13 - - [03/Mar/2025:15:10:20 +0100] "GET /Jurek/eurofirany/images/390421/0.jpg HTTP/2.0" 200 48192 "-" "Mozilla/5.0 (Macintosh; Intel Mac OS X 10.15; rv:78.0) Gecko/20100101 Firefox/78.0"
185.6.76.18 - - [03/Mar/2025:15:10:21 +0100] "GET /marketplaces/skroutz/feeds/shumee.xml HTTP/1.1" 200 348127939 "-" "SkroutzBot v1.0"
46.101.116.244 - - [03/Mar/2025:15:10:27 +0100] "GET /Jurek/reman/feeds/reman_mallsiSH.xml HTTP/2.0" 200 1394833 "-" "-"
5.14.199.131 - - [03/Mar/2025:15:10:27 +0100] "GET /Jurek/eurofirany/images/332881/1.jpg HTTP/2.0" 200 89160 "https://www.emag.ro/perdea-ready-rita-140x250-cm-verde-inchis-eurofirany-332881/pd/DBQFWLMBM/?X-Search-Id=c2e46e91b02c7fc87cb2&X-Product-Id=118912830&X-Search-Page=2&X-Search-Position=32&X-Section=search&X-MB=0&X-Search-Action=view" "Mozilla/5.0 (Windows NT 10.0; Win64; x64) AppleWebKit/537.36 (KHTML, like Gecko) Chrome/133.0.0.0 Safari/537.36"
5.14.199.131 - - [03/Mar/2025:15:10:27 +0100] "GET /Jurek/eurofirany/images/332881/6.jpg HTTP/2.0" 200 121387 "https://www.emag.ro/perdea-ready-rita-140x250-cm-verde-inchis-eurofirany-332881/pd/DBQFWLMBM/?X-Search-Id=c2e46e91b02c7fc87cb2&X-Product-Id=118912830&X-Search-Page=2&X-Search-Position=32&X-Section=search&X-MB=0&X-Search-Action=view" "Mozilla/5.0 (Windows NT 10.0; Win64; x64) AppleWebKit/537.36 (KHTML, like Gecko) Chrome/133.0.0.0 Safari/537.36"
5.14.199.131 - - [03/Mar/2025:15:10:27 +0100] "GET /Jurek/eurofirany/images/332881/2.jpg HTTP/2.0" 200 41246 "https://www.emag.ro/perdea-ready-rita-140x250-cm-verde-inchis-eurofirany-332881/pd/DBQFWLMBM/?X-Search-Id=c2e46e91b02c7fc87cb2&X-Product-Id=118912830&X-Search-Page=2&X-Search-Position=32&X-Section=search&X-MB=0&X-Search-Action=view" "Mozilla/5.0 (Windows NT 10.0; Win64; x64) AppleWebKit/537.36 (KHTML, like Gecko) Chrome/133.0.0.0 Safari/537.36"
5.14.199.131 - - [03/Mar/2025:15:10:27 +0100] "GET /Jurek/eurofirany/images/332881/4.jpg HTTP/2.0" 200 362460 "https://www.emag.ro/perdea-ready-rita-140x250-cm-verde-inchis-eurofirany-332881/pd/DBQFWLMBM/?X-Search-Id=c2e46e91b02c7fc87cb2&X-Product-Id=118912830&X-Search-Page=2&X-Search-Position=32&X-Section=search&X-MB=0&X-Search-Action=view" "Mozilla/5.0 (Windows NT 10.0; Win64; x64) AppleWebKit/537.36 (KHTML, like Gecko) Chrome/133.0.0.0 Safari/537.36"
5.14.199.131 - - [03/Mar/2025:15:10:27 +0100] "GET /Jurek/eurofirany/images/332881/5.jpg HTTP/2.0" 200 104030 "https://www.emag.ro/perdea-ready-rita-140x250-cm-verde-inchis-eurofirany-332881/pd/DBQFWLMBM/?X-Search-Id=c2e46e91b02c7fc87cb2&X-Product-Id=118912830&X-Search-Page=2&X-Search-Position=32&X-Section=search&X-MB=0&X-Search-Action=view" "Mozilla/5.0 (Windows NT 10.0; Win64; x64) AppleWebKit/537.36 (KHTML, like Gecko) Chrome/133.0.0.0 Safari/537.36"
5.14.199.131 - - [03/Mar/2025:15:10:27 +0100] "GET /Jurek/eurofirany/images/332881/3.jpg HTTP/2.0" 200 96443 "https://www.emag.ro/perdea-ready-rita-140x250-cm-verde-inchis-eurofirany-332881/pd/DBQFWLMBM/?X-Search-Id=c2e46e91b02c7fc87cb2&X-Product-Id=118912830&X-Search-Page=2&X-Search-Position=32&X-Section=search&X-MB=0&X-Search-Action=view" "Mozilla/5.0 (Windows NT 10.0; Win64; x64) AppleWebKit/537.36 (KHTML, like Gecko) Chrome/133.0.0.0 Safari/537.36"
5.14.199.131 - - [03/Mar/2025:15:10:27 +0100] "GET /Jurek/eurofirany/images/332881/7.jpg HTTP/2.0" 200 160650 "https://www.emag.ro/perdea-ready-rita-140x250-cm-verde-inchis-eurofirany-332881/pd/DBQFWLMBM/?X-Search-Id=c2e46e91b02c7fc87cb2&X-Product-Id=118912830&X-Search-Page=2&X-Search-Position=32&X-Section=search&X-MB=0&X-Search-Action=view" "Mozilla/5.0 (Windows NT 10.0; Win64; x64) AppleWebKit/537.36 (KHTML, like Gecko) Chrome/133.0.0.0 Safari/537.36"
35.198.94.37 - - [03/Mar/2025:15:10:28 +0100] "GET /Jurek/eurofirany/images/390399/0.jpg HTTP/2.0" 200 109763 "-" "Mozilla/5.0 (Macintosh; Intel Mac OS X 10.15; rv:78.0) Gecko/20100101 Firefox/78.0"
46.101.116.244 - - [03/Mar/2025:15:10:37 +0100] "GET /Jurek/sartrix/feeds/sartrix_mallsiSH.xml HTTP/2.0" 200 649165 "-" "-"
46.101.116.244 - - [03/Mar/2025:15:10:48 +0100] "GET /Jurek/szpaklampy/feeds/szpaklampy_mallsiSH.xml HTTP/2.0" 200 416425 "-" "-"
46.101.116.244 - - [03/Mar/2025:15:10:59 +0100] "GET /Jurek/benetech/feeds/benetech_mallsiSH.xml HTTP/2.0" 200 4451879 "-" "-"
46.101.116.244 - - [03/Mar/2025:15:11:10 +0100] "GET /Jurek/dekoele/feeds/dekoele_mallsish.xml HTTP/2.0" 200 733933 "-" "-"
193.33.8.61 - - [03/Mar/2025:15:11:20 +0100] "GET /Jurek/vida_marzowosc/ HTTP/2.0" 200 537483 "-" "Mozilla/5.0 (Windows NT 10.0; Win64; x64) AppleWebKit/537.36 (KHTML, like Gecko) Chrome/133.0.0.0 Safari/537.36"
46.101.116.244 - - [03/Mar/2025:15:11:21 +0100] "GET /Jurek/drewdon/feeds/drewdon_mallsish.xml HTTP/2.0" 200 504458 "-" "-"
46.101.116.244 - - [03/Mar/2025:15:11:32 +0100] "GET /Jurek/emaja24/feeds/emaja24_mallsiSH.xml HTTP/2.0" 200 5110213 "-" "-"
46.101.116.244 - - [03/Mar/2025:15:11:38 +0100] "GET /Jurek/aw/feeds/aw_fnacfr.xml HTTP/1.0" 404 3551 "-" "-"
46.101.116.244 - - [03/Mar/2025:15:11:54 +0100] "GET /Filip/feeds/xlsx_ceneo.xml HTTP/1.0" 200 6241376 "-" "-"
46.101.116.244 - - [03/Mar/2025:15:11:56 +0100] "GET /Jurek/muminky/feeds/muminky_mallsiSH.xml HTTP/2.0" 200 2677743 "-" "-"
46.101.116.244 - - [03/Mar/2025:15:12:08 +0100] "GET /Jurek/pupus/feeds/pupus_mallsiSH.xml HTTP/2.0" 200 6154518 "-" "-"
66.211.183.71 - - [03/Mar/2025:15:12:09 +0100] "GET /Jurek/eurofirany/images/389907/0.jpg HTTP/1.1" 200 181461 "-" "scalaj-http/2.4.2"
46.101.116.244 - - [03/Mar/2025:15:12:25 +0100] "GET /Jurek/erohurtownia/feeds/erohurtownia_mallsish.xml HTTP/2.0" 200 23304511 "-" "-"
66.211.183.73 - - [03/Mar/2025:15:12:50 +0100] "GET /Jurek/eurofirany/images/438608/0.jpg HTTP/1.1" 200 167089 "-" "scalaj-http/2.4.2"
46.101.116.244 - - [03/Mar/2025:15:12:55 +0100] "GET /Jurek/oromed/feeds/oromed_mallsish.xml HTTP/2.0" 200 1053933 "-" "-"
66.211.183.73 - - [03/Mar/2025:15:12:58 +0100] "GET /Jurek/eurofirany/images/383164/0.jpg HTTP/1.1" 200 85519 "-" "scalaj-http/2.4.2"
66.211.183.72 - - [03/Mar/2025:15:13:03 +0100] "GET /Jurek/eurofirany/images/383361/0.jpg HTTP/1.1" 200 73843 "-" "scalaj-http/2.4.2"
66.211.183.73 - - [03/Mar/2025:15:13:04 +0100] "GET /Jurek/topeshop/downloaded_images/5902838461273_3.png HTTP/1.1" 404 3551 "-" "scalaj-http/2.4.2"
46.101.116.244 - - [03/Mar/2025:15:13:32 +0100] "GET /Jurek/urwiskowo/feeds/urwiskowo_mallsish.xml HTTP/2.0" 200 9114816 "-" "-"
46.101.116.244 - - [03/Mar/2025:15:13:46 +0100] "GET /Jurek/eroplace/feeds/eroplace_mallsish.xml HTTP/2.0" 200 30849088 "-" "-"
66.135.202.71 - - [03/Mar/2025:15:14:02 +0100] "GET /Jurek/eurofirany/images/416897/0.jpg HTTP/1.1" 200 89338 "-" "Java/17.0.12.0.101"
35.198.83.252 - - [03/Mar/2025:15:14:10 +0100] "GET /Jurek/eurofirany/images/403561/0.jpg HTTP/2.0" 200 37694 "-" "Mozilla/5.0 (Macintosh; Intel Mac OS X 10.15; rv:78.0) Gecko/20100101 Firefox/78.0"
66.135.202.73 - - [03/Mar/2025:15:14:19 +0100] "GET /Jurek/eurofirany/images/438737/0.jpg HTTP/1.1" 200 114241 "-" "Java/17.0.12.0.101"
46.101.116.244 - - [03/Mar/2025:15:14:22 +0100] "GET /Jurek/bass_new/feeds/bass_mallsish.xml HTTP/2.0" 200 7040807 "-" "-"
66.211.183.73 - - [03/Mar/2025:15:14:25 +0100] "GET /Jurek/eurofirany/images/390042/0.jpg HTTP/1.1" 200 104130 "-" "scalaj-http/2.4.2"
46.101.116.244 - - [03/Mar/2025:15:14:35 +0100] "GET /Jurek/ekuchcikowo/feeds/ekuchcikowo_mallsish.xml HTTP/2.0" 200 13394585 "-" "-"
66.211.183.74 - - [03/Mar/2025:15:14:37 +0100] "GET /Jurek/topeshop/downloaded_images/5902838468487_1artisan.png HTTP/1.1" 404 3551 "-" "scalaj-http/2.4.2"
46.101.116.244 - - [03/Mar/2025:15:14:47 +0100] "GET /Jurek/sempler/feeds/sempler_mallsish.xml HTTP/2.0" 200 6553224 "-" "-"
46.101.116.244 - - [03/Mar/2025:15:14:59 +0100] "GET /Jurek/bass/feeds/bass_mallsish.xml HTTP/2.0" 200 3985165 "-" "-"
66.211.183.70 - - [03/Mar/2025:15:15:12 +0100] "GET /Jurek/eurofirany/images/391116/0.jpg HTTP/1.1" 200 101651 "-" "scalaj-http/2.4.2"
46.101.116.244 - - [03/Mar/2025:15:15:27 +0100] "GET /Jurek/slayo/feeds/slayo_mallsish.xml HTTP/2.0" 200 195533 "-" "-"
46.101.116.244 - - [03/Mar/2025:15:15:37 +0100] "GET /Jurek/mosti/feeds/mosti_mallsish.xml HTTP/2.0" 200 9250013 "-" "-"
46.101.116.244 - - [03/Mar/2025:15:15:38 +0100] "GET /Jurek/amzteam/feeds/amzteam_mallsish.xml HTTP/2.0" 200 97849 "-" "-"
46.101.116.244 - - [03/Mar/2025:15:15:39 +0100] "GET /Jurek/artdog/feeds/artdog_mallsish.xml HTTP/2.0" 200 15928519 "-" "-"
46.101.116.244 - - [03/Mar/2025:15:15:40 +0100] "GET /Jurek/kambukka/feeds/kambukka_mallsish.xml HTTP/2.0" 200 1043510 "-" "-"
66.211.183.71 - - [03/Mar/2025:15:15:51 +0100] "GET /Jurek/eurofirany/images/390053/0.jpg HTTP/1.1" 200 143274 "-" "scalaj-http/2.4.2"
66.211.183.74 - - [03/Mar/2025:15:15:59 +0100] "GET /Jurek/eurofirany/images/383473/0.jpg HTTP/1.1" 200 69041 "-" "scalaj-http/2.4.2"
46.101.116.244 - - [03/Mar/2025:15:15:59 +0100] "GET /Jurek/swiatecznygoliat/feeds/swiatecznygoliat_mallsish.xml HTTP/2.0" 200 7054433 "-" "-"
193.33.8.61 - - [03/Mar/2025:15:16:07 +0100] "GET /Jurek/motofan/output.txt HTTP/2.0" 200 6926 "https://konsola.dkkapusta1997.usermd.net/" "Mozilla/5.0 (Windows NT 10.0; Win64; x64) AppleWebKit/537.36 (KHTML, like Gecko) Chrome/133.0.0.0 Safari/537.36"
46.101.116.244 - - [03/Mar/2025:15:16:08 +0100] "GET /Jurek/aw/feeds/aw_fnacfr.xml HTTP/1.0" 404 3551 "-" "-"
46.101.116.244 - - [03/Mar/2025:15:16:23 +0100] "GET /Filip/feeds/xlsx_ceneo.xml HTTP/1.0" 200 6241376 "-" "-"
46.101.116.244 - - [03/Mar/2025:15:17:06 +0100] "GET /Jurek/octopia/feeds/octopia_mallsish.xml HTTP/2.0" 200 10613034 "-" "-"
46.101.116.244 - - [03/Mar/2025:15:17:21 +0100] "GET /Jurek/topeshop/feeds/topeshop_mallsish.xml HTTP/2.0" 200 2407007 "-" "-"
66.249.66.68 - - [03/Mar/2025:15:18:10 +0100] "GET /Jurek/eurofirany/images/372640/1.jpg HTTP/1.1" 200 41854 "-" "Googlebot-Image/1.0"
66.211.183.73 - - [03/Mar/2025:15:18:14 +0100] "GET /Jurek/eurofirany/images/416136/0.jpg HTTP/1.1" 200 92572 "-" "scalaj-http/2.4.2"
193.33.8.61 - - [03/Mar/2025:15:18:18 +0100] "GET /Jurek/motofan/output.txt HTTP/2.0" 200 7392 "https://konsola.dkkapusta1997.usermd.net/" "Mozilla/5.0 (Windows NT 10.0; Win64; x64) AppleWebKit/537.36 (KHTML, like Gecko) Chrome/133.0.0.0 Safari/537.36"
66.211.183.70 - - [03/Mar/2025:15:18:22 +0100] "GET /Jurek/eurofirany/images/416443/0.jpg HTTP/1.1" 200 120591 "-" "scalaj-http/2.4.2"
193.33.8.61 - - [03/Mar/2025:15:19:38 +0100] "GET /Jurek/maksik/feeds/maksik_zero.xml HTTP/2.0" 200 4084533 "https://konsola.dkkapusta1997.usermd.net/" "Mozilla/5.0 (Windows NT 10.0; Win64; x64) AppleWebKit/537.36 (KHTML, like Gecko) Chrome/133.0.0.0 Safari/537.36"
178.21.154.6 - - [03/Mar/2025:15:19:38 +0100] "GET /Jurek/eurofirany/images/378348/0.jpg HTTP/1.1" 200 141429 "-" "-"
66.211.183.74 - - [03/Mar/2025:15:19:42 +0100] "GET /Jurek/eurofirany/images/402867/0.jpg HTTP/1.1" 200 79038 "-" "scalaj-http/2.4.2"
89.161.206.59 - - [03/Mar/2025:15:19:45 +0100] "GET /Jurek/artdog/feeds/artdog_amazonde.xml HTTP/1.0" 200 15929812 "-" "-"
89.161.206.59 - - [03/Mar/2025:15:19:46 +0100] "GET /Jurek/pawonik/feeds/pawonik_amazonde.xml HTTP/1.0" 200 2586129 "-" "-"
89.161.206.59 - - [03/Mar/2025:15:19:47 +0100] "GET /Jurek/b3/feeds/b3_amazonde.xml HTTP/1.0" 200 7274218 "-" "-"
89.161.206.59 - - [03/Mar/2025:15:19:48 +0100] "GET /Jurek/sempler/feeds/sempler_amazonfr.xml HTTP/1.0" 200 6553277 "-" "-"
89.161.206.59 - - [03/Mar/2025:15:19:50 +0100] "GET /Jurek/sempler/feeds/sempler_amazonit.xml HTTP/1.0" 200 6553286 "-" "-"
89.161.206.59 - - [03/Mar/2025:15:19:50 +0100] "GET /Jurek/sempler/feeds/sempler_amazonnl.xml HTTP/1.0" 200 6553181 "-" "-"
89.161.206.59 - - [03/Mar/2025:15:20:04 +0100] "GET /Jurek/ralmetal/feeds/ralmetal_amazonit.xml HTTP/1.0" 200 1786783 "-" "-"
89.161.206.59 - - [03/Mar/2025:15:20:04 +0100] "GET /Jurek/ralmetal/feeds/ralmetal_amazonnl.xml HTTP/1.0" 200 1786782 "-" "-"
89.161.206.59 - - [03/Mar/2025:15:20:05 +0100] "GET /Jurek/ralmetal/feeds/ralmetal_amazones.xml HTTP/1.0" 200 1786809 "-" "-"
89.161.206.59 - - [03/Mar/2025:15:20:13 +0100] "GET /Jurek/benetech/feeds/benetech_amazonse.xml HTTP/1.0" 200 4452305 "-" "-"
46.101.116.244 - - [03/Mar/2025:15:20:13 +0100] "GET /Jurek/action/feeds/action_mallhu.xml HTTP/1.1" 200 55245394 "-" "-"
66.211.183.71 - - [03/Mar/2025:15:20:14 +0100] "GET /Jurek/eurofirany/images/350662/0.jpg HTTP/1.1" 200 94118 "-" "scalaj-http/2.4.2"
89.161.206.59 - - [03/Mar/2025:15:20:16 +0100] "GET /Jurek/dekoele/feeds/dekoele_amazonde.xml HTTP/1.0" 200 733928 "-" "-"
89.161.206.59 - - [03/Mar/2025:15:20:16 +0100] "GET /Jurek/dekoele/feeds/dekoele_amazonit.xml HTTP/1.0" 200 733932 "-" "-"
89.161.206.59 - - [03/Mar/2025:15:20:16 +0100] "GET /Jurek/dekoele/feeds/dekoele_amazonfr.xml HTTP/1.0" 200 733935 "-" "-"
89.161.206.59 - - [03/Mar/2025:15:20:16 +0100] "GET /Jurek/dekoele/feeds/dekoele_amazones.xml HTTP/1.0" 200 733936 "-" "-"
89.161.206.59 - - [03/Mar/2025:15:20:16 +0100] "GET /Jurek/dekoele/feeds/dekoele_amazonnl.xml HTTP/1.0" 200 733930 "-" "-"
89.161.206.59 - - [03/Mar/2025:15:20:16 +0100] "GET /Jurek/dekoele/feeds/dekoele_amazonse.xml HTTP/1.0" 200 734008 "-" "-"
89.161.206.59 - - [03/Mar/2025:15:20:17 +0100] "GET /Jurek/dekoele/feeds/dekoele_amazonbe.xml HTTP/1.0" 200 733929 "-" "-"
89.161.206.59 - - [03/Mar/2025:15:20:18 +0100] "GET /Jurek/benetech/feeds/benetech_amazonfr.xml HTTP/1.0" 200 4451892 "-" "-"
89.161.206.59 - - [03/Mar/2025:15:20:19 +0100] "GET /Jurek/ikonka/feeds/ikonka_allegro_cz.xml HTTP/1.0" 200 21454969 "-" "-"
89.161.206.59 - - [03/Mar/2025:15:20:22 +0100] "GET /Jurek/combine/feeds/combine_amazonde.xml HTTP/1.0" 200 210555 "-" "-"
89.161.206.59 - - [03/Mar/2025:15:20:26 +0100] "GET /Jurek/kambukka/feeds/kambukka_allegro.xml HTTP/1.0" 200 1043904 "-" "-"
89.161.206.59 - - [03/Mar/2025:15:20:26 +0100] "GET /Jurek/swiatecznygoliat/feeds/swiatecznygoliat_allegro.xml HTTP/1.0" 200 7054771 "-" "-"
89.161.206.59 - - [03/Mar/2025:15:20:28 +0100] "GET /Jurek/combine/feeds/combine_allegro.xml HTTP/1.0" 200 210566 "-" "-"
89.161.206.59 - - [03/Mar/2025:15:20:28 +0100] "GET /Jurek/spali/feeds/spali_allegro.xml HTTP/1.0" 200 101958 "-" "-"
46.101.116.244 - - [03/Mar/2025:15:20:58 +0100] "GET /Jurek/activeshop/feeds/activeshop_mallsish.xml HTTP/2.0" 200 10468306 "-" "-"
46.101.116.244 - - [03/Mar/2025:15:21:22 +0100] "GET /Jurek/aw/feeds/aw_fnacfr.xml HTTP/1.0" 404 3551 "-" "-"
66.211.183.72 - - [03/Mar/2025:15:21:34 +0100] "GET /Jurek/eurofirany/images/382251/0.jpg HTTP/1.1" 200 133518 "-" "scalaj-http/2.4.2"
46.101.116.244 - - [03/Mar/2025:15:21:37 +0100] "GET /Filip/feeds/xlsx_ceneo.xml HTTP/1.0" 200 6241376 "-" "-"
85.232.241.194 - - [03/Mar/2025:15:22:07 +0100] "GET /Jurek/action/feeds/action_ubaldi.xml HTTP/1.1" 200 55164828 "-" "Python-urllib/3.11"
66.211.183.74 - - [03/Mar/2025:15:22:12 +0100] "GET /Jurek/eurofirany/images/423347/0.jpg HTTP/1.1" 200 73015 "-" "scalaj-http/2.4.2"
85.232.241.194 - - [03/Mar/2025:15:22:13 +0100] "GET /Jurek/unimet/feeds/unimet_ubaldi.xml HTTP/1.1" 200 60212685 "-" "Python-urllib/3.11"
85.232.241.194 - - [03/Mar/2025:15:22:14 +0100] "GET /Jurek/hurtownia_przemyslowa/feeds/hp_ubaldi.xml HTTP/1.1" 200 49619194 "-" "Python-urllib/3.11"
66.211.183.72 - - [03/Mar/2025:15:22:15 +0100] "GET /Jurek/eurofirany/images/404883/0.jpg HTTP/1.1" 200 121187 "-" "scalaj-http/2.4.2"
85.232.241.194 - - [03/Mar/2025:15:22:17 +0100] "GET /Jurek/aw/feeds/aw_ubaldi.xml HTTP/1.1" 200 90357443 "-" "Python-urllib/3.11"
85.232.241.194 - - [03/Mar/2025:15:22:26 +0100] "GET /Jurek/intsell/feeds/intsell_rue.xml HTTP/1.1" 200 338787673 "-" "Python-urllib/3.11"
85.232.241.194 - - [03/Mar/2025:15:22:27 +0100] "GET /Jurek/ekuchcikowo/feeds/ekuchcikowo_rue.xml HTTP/1.1" 200 13394820 "-" "Python-urllib/3.11"
85.232.241.194 - - [03/Mar/2025:15:22:27 +0100] "GET /Jurek/coppotech/feeds/coppotech_ubaldi.xml HTTP/1.1" 200 38985305 "-" "Python-urllib/3.11"
66.249.66.67 - - [03/Mar/2025:15:22:38 +0100] "GET /Jurek/eurofirany/images/335295/1.jpg HTTP/1.1" 200 120742 "-" "Googlebot-Image/1.0"
85.232.241.194 - - [03/Mar/2025:15:22:41 +0100] "GET /Jurek/naszedzieci/feeds/naszedzieci_ubaldi.xml HTTP/1.1" 200 833277129 "-" "Python-urllib/3.11"
66.211.183.70 - - [03/Mar/2025:15:22:59 +0100] "GET /Jurek/eurofirany/images/390280/0.jpg HTTP/1.1" 200 149907 "-" "scalaj-http/2.4.2"
77.79.248.229 - - [03/Mar/2025:15:23:47 +0100] "GET /Jurek/hurtownia_przemyslowa/feeds/hp_manomanofr.xml HTTP/1.1" 200 49619685 "-" "Python-urllib/3.11"
193.33.8.61 - - [03/Mar/2025:15:23:50 +0100] "GET /Jurek/hurtownia_przemyslowa/feeds/hp_manomanofr.xml HTTP/2.0" 200 49619685 "https://konsola.dkkapusta1997.usermd.net/" "Mozilla/5.0 (Windows NT 10.0; Win64; x64) AppleWebKit/537.36 (KHTML, like Gecko) Chrome/133.0.0.0 Safari/537.36"
89.161.206.59 - - [03/Mar/2025:15:23:52 +0100] "GET /Jurek/eurofirany/feeds/eurofirany_ebay.xml HTTP/1.0" 200 18883372 "-" "-"
3.74.7.74 - - [03/Mar/2025:15:23:53 +0100] "GET /Jurek/topeshop/downloaded_images/5904507209834_profilowee.jpg HTTP/2.0" 200 70109 "-" "Mozilla/5.0 (Windows NT 10.0; Win64; x64) AppleWebKit/537.36 (KHTML, like Gecko) Chrome/109.0.0.0 Safari/537.36"
85.232.241.194 - - [03/Mar/2025:15:24:06 +0100] "GET /Jurek/aw/feeds/aw_worten.xml HTTP/1.1" 200 90354614 "-" "Python-urllib/3.11"
85.232.241.194 - - [03/Mar/2025:15:24:09 +0100] "GET /Jurek/aw/feeds/aw_wortenES.xml HTTP/1.1" 200 90354941 "-" "Python-urllib/3.11"
85.232.241.194 - - [03/Mar/2025:15:24:10 +0100] "GET /Jurek/action/feeds/action_worten.xml HTTP/1.1" 200 55165072 "-" "Python-urllib/3.11"
85.232.241.194 - - [03/Mar/2025:15:24:12 +0100] "GET /Jurek/action/feeds/action_wortenES.xml HTTP/1.1" 200 55165373 "-" "Python-urllib/3.11"
46.101.116.244 - - [03/Mar/2025:15:24:21 +0100] "GET /Jurek/hurtownia_przemyslowa/feeds/hp_mallsish.xml HTTP/2.0" 200 49619003 "-" "-"
85.232.241.194 - - [03/Mar/2025:15:24:41 +0100] "GET /Jurek/octopia/feeds/octopia_worten.xml HTTP/1.1" 200 10614333 "-" "Python-urllib/3.11"
66.211.183.73 - - [03/Mar/2025:15:24:41 +0100] "GET /Jurek/eurofirany/images/383180/0.jpg HTTP/1.1" 200 75147 "-" "scalaj-http/2.4.2"
85.232.241.194 - - [03/Mar/2025:15:24:43 +0100] "GET /Jurek/octopia/feeds/octopia_wortenES.xml HTTP/1.1" 200 10614294 "-" "Python-urllib/3.11"
85.232.241.194 - - [03/Mar/2025:15:24:44 +0100] "GET /Jurek/hurtownia_przemyslowa/feeds/hp_worten.xml HTTP/1.1" 200 49618427 "-" "Python-urllib/3.11"
85.232.241.194 - - [03/Mar/2025:15:24:46 +0100] "GET /Jurek/hurtownia_przemyslowa/feeds/hp_wortenES.xml HTTP/1.1" 200 49619633 "-" "Python-urllib/3.11"
85.232.241.194 - - [03/Mar/2025:15:24:56 +0100] "GET /Jurek/ikonka/feeds/ikonka_worten.xml HTTP/1.1" 200 21454334 "-" "Python-urllib/3.11"
85.232.241.194 - - [03/Mar/2025:15:24:56 +0100] "GET /Jurek/ikonka/feeds/ikonka_wortenES.xml HTTP/1.1" 200 21454356 "-" "Python-urllib/3.11"
85.232.241.194 - - [03/Mar/2025:15:25:03 +0100] "GET /Jurek/eroplace/feeds/eroplace_worten.xml HTTP/1.1" 200 30849229 "-" "Python-urllib/3.11"
85.232.241.194 - - [03/Mar/2025:15:25:04 +0100] "GET /Jurek/eroplace/feeds/eroplace_wortenES.xml HTTP/1.1" 200 30849474 "-" "Python-urllib/3.11"
46.101.116.244 - - [03/Mar/2025:15:25:05 +0100] "GET /Jurek/action/feeds/action_mallsish.xml HTTP/2.0" 200 55164148 "-" "-"
85.232.241.194 - - [03/Mar/2025:15:25:13 +0100] "GET /Jurek/intsell/feeds/intsell_worten.xml HTTP/1.1" 200 338787439 "-" "Python-urllib/3.11"
66.211.183.73 - - [03/Mar/2025:15:25:14 +0100] "GET /Jurek/eurofirany/images/372981/0.jpg HTTP/1.1" 200 59591 "-" "scalaj-http/2.4.2"
85.232.241.194 - - [03/Mar/2025:15:25:20 +0100] "GET /Jurek/intsell/feeds/intsell_wortenES.xml HTTP/1.1" 200 338787259 "-" "Python-urllib/3.11"
85.232.241.194 - - [03/Mar/2025:15:25:21 +0100] "GET /Jurek/coppotech/feeds/coppotech_worten.xml HTTP/1.1" 200 38985391 "-" "Python-urllib/3.11"
85.232.241.194 - - [03/Mar/2025:15:25:24 +0100] "GET /Jurek/coppotech/feeds/coppotech_wortenES.xml HTTP/1.1" 200 38985507 "-" "Python-urllib/3.11"
85.232.241.194 - - [03/Mar/2025:15:25:25 +0100] "GET /Jurek/b3/feeds/b3_worten.xml HTTP/1.1" 200 7274154 "-" "Python-urllib/3.11"
85.232.241.194 - - [03/Mar/2025:15:25:25 +0100] "GET /Jurek/b3/feeds/b3_wortenES.xml HTTP/1.1" 200 7274368 "-" "Python-urllib/3.11"
85.232.241.194 - - [03/Mar/2025:15:25:26 +0100] "GET /Jurek/ekuchcikowo/feeds/ekuchcikowo_worten.xml HTTP/1.1" 200 13394699 "-" "Python-urllib/3.11"
85.232.241.194 - - [03/Mar/2025:15:25:26 +0100] "GET /Jurek/ekuchcikowo/feeds/ekuchcikowo_wortenES.xml HTTP/1.1" 200 13394739 "-" "Python-urllib/3.11"
85.232.241.194 - - [03/Mar/2025:15:25:26 +0100] "GET /Jurek/fertone/feeds/fertone_worten.xml HTTP/1.1" 200 596795 "-" "Python-urllib/3.11"
85.232.241.194 - - [03/Mar/2025:15:25:26 +0100] "GET /Jurek/fertone/feeds/fertone_wortenES.xml HTTP/1.1" 200 596666 "-" "Python-urllib/3.11"
85.232.241.194 - - [03/Mar/2025:15:25:28 +0100] "GET /Jurek/sempler/feeds/sempler_worten.xml HTTP/1.1" 200 6553219 "-" "Python-urllib/3.11"
85.232.241.194 - - [03/Mar/2025:15:25:28 +0100] "GET /Jurek/sempler/feeds/sempler_wortenES.xml HTTP/1.1" 200 6553251 "-" "Python-urllib/3.11"
85.232.241.194 - - [03/Mar/2025:15:25:28 +0100] "GET /Jurek/euroshop/feeds/euroshop_worten.xml HTTP/1.1" 200 17927471 "-" "Python-urllib/3.11"
85.232.241.194 - - [03/Mar/2025:15:25:29 +0100] "GET /Jurek/euroshop/feeds/euroshop_wortenES.xml HTTP/1.1" 200 17927455 "-" "Python-urllib/3.11"
85.232.241.194 - - [03/Mar/2025:15:25:29 +0100] "GET /Jurek/ekolight/feeds/ekolight_worten.xml HTTP/1.1" 200 9051779 "-" "Python-urllib/3.11"
85.232.241.194 - - [03/Mar/2025:15:25:30 +0100] "GET /Jurek/ekolight/feeds/ekolight_wortenES.xml HTTP/1.1" 200 9051848 "-" "Python-urllib/3.11"
85.232.241.194 - - [03/Mar/2025:15:25:30 +0100] "GET /Jurek/erohurtownia/feeds/erohurtownia_worten.xml HTTP/1.1" 200 23304589 "-" "Python-urllib/3.11"
85.232.241.194 - - [03/Mar/2025:15:25:31 +0100] "GET /Jurek/erohurtownia/feeds/erohurtownia_wortenES.xml HTTP/1.1" 200 23304537 "-" "Python-urllib/3.11"
85.232.241.194 - - [03/Mar/2025:15:25:31 +0100] "GET /Jurek/kobi/feeds/kobi_worten.xml HTTP/1.1" 200 1993234 "-" "Python-urllib/3.11"
85.232.241.194 - - [03/Mar/2025:15:25:31 +0100] "GET /Jurek/kobi/feeds/kobi_wortenES.xml HTTP/1.1" 200 1993253 "-" "Python-urllib/3.11"
85.232.241.194 - - [03/Mar/2025:15:25:31 +0100] "GET /Jurek/elecomp/feeds/elecomp_worten.xml HTTP/1.1" 200 2869605 "-" "Python-urllib/3.11"
85.232.241.194 - - [03/Mar/2025:15:25:32 +0100] "GET /Jurek/elecomp/feeds/elecomp_wortenES.xml HTTP/1.1" 200 2869593 "-" "Python-urllib/3.11"
85.232.241.194 - - [03/Mar/2025:15:25:32 +0100] "GET /Jurek/kambukka/feeds/kambukka_worten.xml HTTP/1.1" 200 1043816 "-" "Python-urllib/3.11"
85.232.241.194 - - [03/Mar/2025:15:25:32 +0100] "GET /Jurek/kambukka/feeds/kambukka_wortenES.xml HTTP/1.1" 200 1043816 "-" "Python-urllib/3.11"
85.232.241.194 - - [03/Mar/2025:15:25:32 +0100] "GET /Jurek/waks/feeds/waks_worten.xml HTTP/1.1" 200 6332825 "-" "Python-urllib/3.11"
85.232.241.194 - - [03/Mar/2025:15:25:33 +0100] "GET /Jurek/waks/feeds/waks_wortenES.xml HTTP/1.1" 200 6332844 "-" "Python-urllib/3.11"
85.232.241.194 - - [03/Mar/2025:15:25:33 +0100] "GET /Jurek/oromed/feeds/oromed_worten.xml HTTP/1.1" 200 1053931 "-" "Python-urllib/3.11"
85.232.241.194 - - [03/Mar/2025:15:25:33 +0100] "GET /Jurek/oromed/feeds/oromed_wortenES.xml HTTP/1.1" 200 1053927 "-" "Python-urllib/3.11"
85.232.241.194 - - [03/Mar/2025:15:25:33 +0100] "GET /Jurek/benetech/feeds/benetech_worten.xml HTTP/1.1" 200 4451903 "-" "Python-urllib/3.11"
85.232.241.194 - - [03/Mar/2025:15:25:34 +0100] "GET /Jurek/benetech/feeds/benetech_wortenES.xml HTTP/1.1" 200 4451882 "-" "Python-urllib/3.11"
85.232.241.194 - - [03/Mar/2025:15:25:34 +0100] "GET /Jurek/spali/feeds/spali_worten.xml HTTP/1.1" 200 101941 "-" "Python-urllib/3.11"
85.232.241.194 - - [03/Mar/2025:15:25:34 +0100] "GET /Jurek/spali/feeds/spali_wortenES.xml HTTP/1.1" 200 101946 "-" "Python-urllib/3.11"
85.232.241.194 - - [03/Mar/2025:15:25:34 +0100] "GET /Jurek/najtanszysport/feeds/najtanszysport_worten.xml HTTP/1.1" 200 3982906 "-" "Python-urllib/3.11"
85.232.241.194 - - [03/Mar/2025:15:25:34 +0100] "GET /Jurek/najtanszysport/feeds/najtanszysport_wortenES.xml HTTP/1.1" 200 3982906 "-" "Python-urllib/3.11"
85.232.241.194 - - [03/Mar/2025:15:25:35 +0100] "GET /Jurek/maksik/feeds/maksik_worten.xml HTTP/1.1" 200 4084825 "-" "Python-urllib/3.11"
66.249.66.66 - - [03/Mar/2025:15:25:36 +0100] "GET /Jurek/eurofirany/images/386712/2.jpg HTTP/1.1" 200 73309 "-" "Googlebot-Image/1.0"
85.232.241.194 - - [03/Mar/2025:15:25:37 +0100] "GET /Jurek/maksik/feeds/maksik_wortenES.xml HTTP/1.1" 200 4084785 "-" "Python-urllib/3.11"
85.232.241.194 - - [03/Mar/2025:15:25:37 +0100] "GET /Jurek/urwiskowo/feeds/urwiskowo_worten.xml HTTP/1.1" 200 9114971 "-" "Python-urllib/3.11"
85.232.241.194 - - [03/Mar/2025:15:25:37 +0100] "GET /Jurek/urwiskowo/feeds/urwiskowo_wortenES.xml HTTP/1.1" 200 9114957 "-" "Python-urllib/3.11"
85.232.241.194 - - [03/Mar/2025:15:25:38 +0100] "GET /Jurek/combine/feeds/combine_worten.xml HTTP/1.1" 200 210551 "-" "Python-urllib/3.11"
85.232.241.194 - - [03/Mar/2025:15:25:38 +0100] "GET /Jurek/combine/feeds/combine_wortenES.xml HTTP/1.1" 200 210553 "-" "Python-urllib/3.11"
85.232.241.194 - - [03/Mar/2025:15:25:40 +0100] "GET /Jurek/eurofirany/feeds/eurofirany_worten.xml HTTP/1.1" 200 18992875 "-" "Python-urllib/3.11"
85.232.241.194 - - [03/Mar/2025:15:25:41 +0100] "GET /Jurek/eurofirany/feeds/eurofirany_wortenES.xml HTTP/1.1" 200 18992822 "-" "Python-urllib/3.11"
85.232.241.194 - - [03/Mar/2025:15:25:41 +0100] "GET /Jurek/polzoo/feeds/polzoo_worten.xml HTTP/1.1" 200 48126298 "-" "Python-urllib/3.11"
85.232.241.194 - - [03/Mar/2025:15:25:42 +0100] "GET /Jurek/polzoo/feeds/polzoo_wortenES.xml HTTP/1.1" 200 48126468 "-" "Python-urllib/3.11"
85.232.241.194 - - [03/Mar/2025:15:25:43 +0100] "GET /Jurek/kidshop/feeds/kidshop_worten.xml HTTP/1.1" 200 19850664 "-" "Python-urllib/3.11"
85.232.241.194 - - [03/Mar/2025:15:25:44 +0100] "GET /Jurek/kidshop/feeds/kidshop_wortenES.xml HTTP/1.1" 200 19850718 "-" "Python-urllib/3.11"
85.232.241.194 - - [03/Mar/2025:15:25:44 +0100] "GET /Jurek/rider/feeds/rider_worten.xml HTTP/1.1" 200 8165171 "-" "Python-urllib/3.11"
85.232.241.194 - - [03/Mar/2025:15:25:44 +0100] "GET /Jurek/rider/feeds/rider_wortenES.xml HTTP/1.1" 200 8165194 "-" "Python-urllib/3.11"
46.101.116.244 - - [03/Mar/2025:15:25:46 +0100] "GET /Jurek/ikonka/feeds/ikonka_alza.xml HTTP/2.0" 200 21456755 "-" "-"
85.232.241.194 - - [03/Mar/2025:15:25:49 +0100] "GET /Jurek/luxma/feeds/luxma_worten.xml HTTP/1.1" 200 8058943 "-" "Python-urllib/3.11"
85.232.241.194 - - [03/Mar/2025:15:25:49 +0100] "GET /Jurek/luxma/feeds/luxma_wortenES.xml HTTP/1.1" 200 8058897 "-" "Python-urllib/3.11"
85.232.241.194 - - [03/Mar/2025:15:25:51 +0100] "GET /Jurek/naszedzieci/feeds/naszedzieci_worten.xml HTTP/1.1" 200 833271077 "-" "Python-urllib/3.11"
85.232.241.194 - - [03/Mar/2025:15:25:54 +0100] "GET /Jurek/naszedzieci/feeds/naszedzieci_wortenES.xml HTTP/1.1" 200 833289975 "-" "Python-urllib/3.11"
85.232.241.194 - - [03/Mar/2025:15:25:55 +0100] "GET /Jurek/awparts/feeds/awparts_worten.xml HTTP/1.1" 200 142306704 "-" "Python-urllib/3.11"
85.232.241.194 - - [03/Mar/2025:15:25:55 +0100] "GET /Jurek/awparts/feeds/awparts_wortenES.xml HTTP/1.1" 200 142309297 "-" "Python-urllib/3.11"
85.232.241.194 - - [03/Mar/2025:15:25:55 +0100] "GET /Jurek/emaja24/feeds/emaja24_worten.xml HTTP/1.1" 200 5110198 "-" "Python-urllib/3.11"
66.249.66.67 - - [03/Mar/2025:15:25:55 +0100] "GET /Jurek/eurofirany/images/416133/10.jpg HTTP/1.1" 200 6595 "-" "Googlebot-Image/1.0"
85.232.241.194 - - [03/Mar/2025:15:25:55 +0100] "GET /Jurek/emaja24/feeds/emaja24_wortenES.xml HTTP/1.1" 200 5110204 "-" "Python-urllib/3.11"
85.232.241.194 - - [03/Mar/2025:15:25:55 +0100] "GET /Jurek/straganspoz/feeds/straganspoz_worten.xml HTTP/1.1" 200 9514317 "-" "Python-urllib/3.11"
85.232.241.194 - - [03/Mar/2025:15:25:56 +0100] "GET /Jurek/straganspoz/feeds/straganspoz_wortenES.xml HTTP/1.1" 200 9514161 "-" "Python-urllib/3.11"
46.101.116.244 - - [03/Mar/2025:15:26:00 +0100] "GET /Jurek/ikonka/feeds/ikonka_kaufcz.xml HTTP/2.0" 200 21456738 "-" "-"
85.232.241.194 - - [03/Mar/2025:15:26:02 +0100] "GET /Jurek/topeshop/feeds/topeshop_xxxlutz.xml HTTP/1.1" 200 2406892 "-" "Python-urllib/3.11"
85.232.241.194 - - [03/Mar/2025:15:26:02 +0100] "GET /Jurek/hurtownia_przemyslowa/feeds/hp_xxxlutz.xml HTTP/1.1" 200 49618836 "-" "Python-urllib/3.11"
85.232.241.194 - - [03/Mar/2025:15:26:02 +0100] "GET /Jurek/fernity/feeds/fernity_xxxlutz.xml HTTP/1.1" 200 5222163 "-" "Python-urllib/3.11"
85.232.241.194 - - [03/Mar/2025:15:26:03 +0100] "GET /Jurek/benetech/feeds/benetech_xxlutz.xml HTTP/1.1" 200 4451891 "-" "Python-urllib/3.11"
85.232.241.194 - - [03/Mar/2025:15:26:03 +0100] "GET /Jurek/ekolight/feeds/ekolioght_xxlutz.xml HTTP/1.1" 200 9051494 "-" "Python-urllib/3.11"
66.211.183.71 - - [03/Mar/2025:15:26:03 +0100] "GET /Jurek/eurofirany/images/401093/0.jpg HTTP/1.1" 200 111956 "-" "scalaj-http/2.4.2"
85.232.241.194 - - [03/Mar/2025:15:26:03 +0100] "GET /Jurek/waks/feeds/waks_xxlutz.xml HTTP/1.1" 200 6332798 "-" "Python-urllib/3.11"
85.232.241.194 - - [03/Mar/2025:15:26:03 +0100] "GET /Jurek/ekuchcikowo/feeds/ekuchcikowo_xxxlutz.xml HTTP/1.1" 200 13394682 "-" "Python-urllib/3.11"
85.232.241.194 - - [03/Mar/2025:15:26:04 +0100] "GET /Jurek/fertone/feeds/fertone_xxlutz.xml HTTP/1.1" 200 596774 "-" "Python-urllib/3.11"
46.101.116.244 - - [03/Mar/2025:15:26:04 +0100] "GET /Jurek/fernity/feeds/fernity_manomano.xml HTTP/1.0" 200 5222098 "-" "-"
85.232.241.194 - - [03/Mar/2025:15:26:05 +0100] "GET /Jurek/intsell/feeds/intsell_xxxlutz.xml HTTP/1.1" 200 338785813 "-" "Python-urllib/3.11"
85.232.241.194 - - [03/Mar/2025:15:26:05 +0100] "GET /Jurek/action/feeds/action_xxxlutz.xml HTTP/1.1" 200 55165581 "-" "Python-urllib/3.11"
85.232.241.194 - - [03/Mar/2025:15:26:05 +0100] "GET /Jurek/b3/feeds/b3_xxxlutz.xml HTTP/1.1" 200 7275210 "-" "Python-urllib/3.11"
85.232.241.194 - - [03/Mar/2025:15:26:06 +0100] "GET /Jurek/aw/feeds/aw_xxxlutz.xml HTTP/1.1" 200 90354350 "-" "Python-urllib/3.11"
85.232.241.194 - - [03/Mar/2025:15:26:10 +0100] "GET /Jurek/kinghome/feeds/kinghome_xxxlutz.xml HTTP/1.1" 200 5731685 "-" "Python-urllib/3.11"
85.232.241.194 - - [03/Mar/2025:15:26:12 +0100] "GET /Jurek/najtanszysport/feeds/najtanszysport_xxxlutz.xml HTTP/1.1" 200 3982766 "-" "Python-urllib/3.11"
85.232.241.194 - - [03/Mar/2025:15:26:12 +0100] "GET /Jurek/kinghoff/feeds/kinghoff_xxxlutz.xml HTTP/1.1" 200 15065267 "-" "Python-urllib/3.11"
46.101.116.244 - - [03/Mar/2025:15:26:13 +0100] "GET /Jurek/ikonka/feeds/ikonka_kaufde.xml HTTP/2.0" 200 21454287 "-" "-"
85.232.241.194 - - [03/Mar/2025:15:26:15 +0100] "GET /Jurek/asortymenteu/feeds/asortymenteu_xxxlutz.xml HTTP/1.1" 200 2585307 "-" "Python-urllib/3.11"
