66.135.202.75 - - [03/Mar/2025:16:01:24 +0100] "GET /Jurek/eurofirany/images/390432/6.jpg HTTP/1.1" 200 267274 "http://www.ebay.com/" "Mozilla/4.0 (compatible; MSIE 4.01; Windows NT)"
66.135.202.73 - - [03/Mar/2025:16:01:24 +0100] "GET /Jurek/eurofirany/images/390432/9.jpg HTTP/1.1" 200 265023 "http://www.ebay.com/" "Mozilla/4.0 (compatible; MSIE 4.01; Windows NT)"
66.135.202.74 - - [03/Mar/2025:16:01:24 +0100] "GET /Jurek/eurofirany/images/390432/2.jpg HTTP/1.1" 200 319787 "http://www.ebay.com/" "Mozilla/4.0 (compatible; MSIE 4.01; Windows NT)"
46.101.116.244 - - [03/Mar/2025:16:01:27 +0100] "GET /Jurek/aw/feeds/aw_fnacfr.xml HTTP/1.0" 404 3551 "-" "-"
66.135.202.173 - - [03/Mar/2025:16:01:28 +0100] "GET /Jurek/eurofirany/images/390388/9.jpg HTTP/1.1" 200 98674 "http://www.ebay.com/" "Mozilla/4.0 (compatible; MSIE 4.01; Windows NT)"
66.135.202.171 - - [03/Mar/2025:16:01:28 +0100] "GET /Jurek/eurofirany/images/390388/0.jpg HTTP/1.1" 200 164560 "http://www.ebay.com/" "Mozilla/4.0 (compatible; MSIE 4.01; Windows NT)"
66.135.202.171 - - [03/Mar/2025:16:01:28 +0100] "GET /Jurek/eurofirany/images/390388/4.jpg HTTP/1.1" 200 242757 "http://www.ebay.com/" "Mozilla/4.0 (compatible; MSIE 4.01; Windows NT)"
66.135.202.170 - - [03/Mar/2025:16:01:28 +0100] "GET /Jurek/eurofirany/images/390388/3.jpg HTTP/1.1" 200 268877 "http://www.ebay.com/" "Mozilla/4.0 (compatible; MSIE 4.01; Windows NT)"
66.135.202.172 - - [03/Mar/2025:16:01:28 +0100] "GET /Jurek/eurofirany/images/390388/6.jpg HTTP/1.1" 200 257923 "http://www.ebay.com/" "Mozilla/4.0 (compatible; MSIE 4.01; Windows NT)"
66.135.202.171 - - [03/Mar/2025:16:01:28 +0100] "GET /Jurek/eurofirany/images/390388/5.jpg HTTP/1.1" 200 254924 "http://www.ebay.com/" "Mozilla/4.0 (compatible; MSIE 4.01; Windows NT)"
66.135.202.170 - - [03/Mar/2025:16:01:28 +0100] "GET /Jurek/eurofirany/images/390388/7.jpg HTTP/1.1" 200 238615 "http://www.ebay.com/" "Mozilla/4.0 (compatible; MSIE 4.01; Windows NT)"
66.135.202.172 - - [03/Mar/2025:16:01:28 +0100] "GET /Jurek/eurofirany/images/390388/8.jpg HTTP/1.1" 200 238615 "http://www.ebay.com/" "Mozilla/4.0 (compatible; MSIE 4.01; Windows NT)"
66.135.202.169 - - [03/Mar/2025:16:01:28 +0100] "GET /Jurek/eurofirany/images/390388/2.jpg HTTP/1.1" 200 317709 "http://www.ebay.com/" "Mozilla/4.0 (compatible; MSIE 4.01; Windows NT)"
66.135.202.171 - - [03/Mar/2025:16:01:28 +0100] "GET /Jurek/eurofirany/images/390388/1.jpg HTTP/1.1" 200 312136 "http://www.ebay.com/" "Mozilla/4.0 (compatible; MSIE 4.01; Windows NT)"
66.211.183.73 - - [03/Mar/2025:16:01:30 +0100] "GET /Jurek/eurofirany/images/432644/0.jpg HTTP/1.1" 200 85309 "-" "scalaj-http/2.4.2"
66.135.202.173 - - [03/Mar/2025:16:01:37 +0100] "GET /Jurek/eurofirany/images/390422/0.jpg HTTP/1.1" 200 97224 "http://www.ebay.com/" "Mozilla/4.0 (compatible; MSIE 4.01; Windows NT)"
66.135.202.170 - - [03/Mar/2025:16:01:37 +0100] "GET /Jurek/eurofirany/images/390422/7.jpg HTTP/1.1" 200 6595 "http://www.ebay.com/" "Mozilla/4.0 (compatible; MSIE 4.01; Windows NT)"
66.135.202.169 - - [03/Mar/2025:16:01:37 +0100] "GET /Jurek/eurofirany/images/390422/8.jpg HTTP/1.1" 200 122714 "http://www.ebay.com/" "Mozilla/4.0 (compatible; MSIE 4.01; Windows NT)"
66.135.202.172 - - [03/Mar/2025:16:01:37 +0100] "GET /Jurek/eurofirany/images/390422/9.jpg HTTP/1.1" 200 92563 "http://www.ebay.com/" "Mozilla/4.0 (compatible; MSIE 4.01; Windows NT)"
66.135.202.171 - - [03/Mar/2025:16:01:37 +0100] "GET /Jurek/eurofirany/images/390422/10.jpg HTTP/1.1" 200 82859 "http://www.ebay.com/" "Mozilla/4.0 (compatible; MSIE 4.01; Windows NT)"
66.135.202.169 - - [03/Mar/2025:16:01:37 +0100] "GET /Jurek/eurofirany/images/390422/11.jpg HTTP/1.1" 200 82859 "http://www.ebay.com/" "Mozilla/4.0 (compatible; MSIE 4.01; Windows NT)"
66.135.202.172 - - [03/Mar/2025:16:01:37 +0100] "GET /Jurek/eurofirany/images/390422/6.jpg HTTP/1.1" 200 135099 "http://www.ebay.com/" "Mozilla/4.0 (compatible; MSIE 4.01; Windows NT)"
66.135.202.170 - - [03/Mar/2025:16:01:37 +0100] "GET /Jurek/eurofirany/images/390422/4.jpg HTTP/1.1" 200 178836 "http://www.ebay.com/" "Mozilla/4.0 (compatible; MSIE 4.01; Windows NT)"
66.135.202.172 - - [03/Mar/2025:16:01:37 +0100] "GET /Jurek/eurofirany/images/390422/1.jpg HTTP/1.1" 200 183103 "http://www.ebay.com/" "Mozilla/4.0 (compatible; MSIE 4.01; Windows NT)"
66.135.202.172 - - [03/Mar/2025:16:01:37 +0100] "GET /Jurek/eurofirany/images/390422/3.jpg HTTP/1.1" 200 183103 "http://www.ebay.com/" "Mozilla/4.0 (compatible; MSIE 4.01; Windows NT)"
66.135.202.171 - - [03/Mar/2025:16:01:37 +0100] "GET /Jurek/eurofirany/images/390422/2.jpg HTTP/1.1" 200 181761 "http://www.ebay.com/" "Mozilla/4.0 (compatible; MSIE 4.01; Windows NT)"
66.135.202.172 - - [03/Mar/2025:16:01:37 +0100] "GET /Jurek/eurofirany/images/390422/5.jpg HTTP/1.1" 200 203134 "http://www.ebay.com/" "Mozilla/4.0 (compatible; MSIE 4.01; Windows NT)"
66.135.202.74 - - [03/Mar/2025:16:01:38 +0100] "GET /Jurek/eurofirany/images/371127/1.jpg HTTP/1.1" 200 79132 "http://www.ebay.com/" "Mozilla/4.0 (compatible; MSIE 4.01; Windows NT)"
66.135.202.73 - - [03/Mar/2025:16:01:38 +0100] "GET /Jurek/eurofirany/images/371127/0.jpg HTTP/1.1" 200 82249 "http://www.ebay.com/" "Mozilla/4.0 (compatible; MSIE 4.01; Windows NT)"
66.135.202.73 - - [03/Mar/2025:16:01:38 +0100] "GET /Jurek/eurofirany/images/371127/3.jpg HTTP/1.1" 200 86398 "http://www.ebay.com/" "Mozilla/4.0 (compatible; MSIE 4.01; Windows NT)"
66.135.202.73 - - [03/Mar/2025:16:01:38 +0100] "GET /Jurek/eurofirany/images/371127/2.jpg HTTP/1.1" 200 40924 "http://www.ebay.com/" "Mozilla/4.0 (compatible; MSIE 4.01; Windows NT)"
66.135.202.75 - - [03/Mar/2025:16:01:38 +0100] "GET /Jurek/eurofirany/images/371127/6.jpg HTTP/1.1" 200 69752 "http://www.ebay.com/" "Mozilla/4.0 (compatible; MSIE 4.01; Windows NT)"
66.135.202.72 - - [03/Mar/2025:16:01:38 +0100] "GET /Jurek/eurofirany/images/371127/8.jpg HTTP/1.1" 200 115761 "http://www.ebay.com/" "Mozilla/4.0 (compatible; MSIE 4.01; Windows NT)"
66.135.202.74 - - [03/Mar/2025:16:01:38 +0100] "GET /Jurek/eurofirany/images/371127/10.jpg HTTP/1.1" 200 99291 "http://www.ebay.com/" "Mozilla/4.0 (compatible; MSIE 4.01; Windows NT)"
66.135.202.75 - - [03/Mar/2025:16:01:39 +0100] "GET /Jurek/eurofirany/images/371127/11.jpg HTTP/1.1" 200 130918 "http://www.ebay.com/" "Mozilla/4.0 (compatible; MSIE 4.01; Windows NT)"
66.135.202.74 - - [03/Mar/2025:16:01:39 +0100] "GET /Jurek/eurofirany/images/371127/9.jpg HTTP/1.1" 200 143941 "http://www.ebay.com/" "Mozilla/4.0 (compatible; MSIE 4.01; Windows NT)"
66.135.202.74 - - [03/Mar/2025:16:01:39 +0100] "GET /Jurek/eurofirany/images/371127/4.jpg HTTP/1.1" 200 163701 "http://www.ebay.com/" "Mozilla/4.0 (compatible; MSIE 4.01; Windows NT)"
66.135.202.74 - - [03/Mar/2025:16:01:39 +0100] "GET /Jurek/eurofirany/images/371127/5.jpg HTTP/1.1" 200 153104 "http://www.ebay.com/" "Mozilla/4.0 (compatible; MSIE 4.01; Windows NT)"
66.135.202.73 - - [03/Mar/2025:16:01:39 +0100] "GET /Jurek/eurofirany/images/371127/7.jpg HTTP/1.1" 200 158720 "http://www.ebay.com/" "Mozilla/4.0 (compatible; MSIE 4.01; Windows NT)"
46.101.116.244 - - [03/Mar/2025:16:01:42 +0100] "GET /Filip/feeds/xlsx_ceneo.xml HTTP/1.0" 200 6241376 "-" "-"
66.135.195.19 - - [03/Mar/2025:16:01:44 +0100] "GET /Jurek/eurofirany/images/390455/7.jpg HTTP/1.1" 200 6595 "http://www.ebay.com/" "Mozilla/4.0 (compatible; MSIE 4.01; Windows NT)"
66.135.195.20 - - [03/Mar/2025:16:01:44 +0100] "GET /Jurek/eurofirany/images/390455/0.jpg HTTP/1.1" 200 144267 "http://www.ebay.com/" "Mozilla/4.0 (compatible; MSIE 4.01; Windows NT)"
66.135.195.20 - - [03/Mar/2025:16:01:44 +0100] "GET /Jurek/eurofirany/images/390455/10.jpg HTTP/1.1" 200 200134 "http://www.ebay.com/" "Mozilla/4.0 (compatible; MSIE 4.01; Windows NT)"
66.135.195.16 - - [03/Mar/2025:16:01:44 +0100] "GET /Jurek/eurofirany/images/390455/1.jpg HTTP/1.1" 200 315915 "http://www.ebay.com/" "Mozilla/4.0 (compatible; MSIE 4.01; Windows NT)"
66.135.195.20 - - [03/Mar/2025:16:01:44 +0100] "GET /Jurek/eurofirany/images/390455/3.jpg HTTP/1.1" 200 311350 "http://www.ebay.com/" "Mozilla/4.0 (compatible; MSIE 4.01; Windows NT)"
66.135.195.20 - - [03/Mar/2025:16:01:44 +0100] "GET /Jurek/eurofirany/images/390455/5.jpg HTTP/1.1" 200 240573 "http://www.ebay.com/" "Mozilla/4.0 (compatible; MSIE 4.01; Windows NT)"
66.135.195.19 - - [03/Mar/2025:16:01:44 +0100] "GET /Jurek/eurofirany/images/390455/6.jpg HTTP/1.1" 200 267274 "http://www.ebay.com/" "Mozilla/4.0 (compatible; MSIE 4.01; Windows NT)"
66.135.195.17 - - [03/Mar/2025:16:01:44 +0100] "GET /Jurek/eurofirany/images/390455/8.jpg HTTP/1.1" 200 241304 "http://www.ebay.com/" "Mozilla/4.0 (compatible; MSIE 4.01; Windows NT)"
66.135.195.18 - - [03/Mar/2025:16:01:45 +0100] "GET /Jurek/eurofirany/images/390455/11.jpg HTTP/1.1" 200 250607 "http://www.ebay.com/" "Mozilla/4.0 (compatible; MSIE 4.01; Windows NT)"
66.135.195.19 - - [03/Mar/2025:16:01:45 +0100] "GET /Jurek/eurofirany/images/390455/9.jpg HTTP/1.1" 200 265023 "http://www.ebay.com/" "Mozilla/4.0 (compatible; MSIE 4.01; Windows NT)"
66.135.195.18 - - [03/Mar/2025:16:01:45 +0100] "GET /Jurek/eurofirany/images/390455/2.jpg HTTP/1.1" 200 319787 "http://www.ebay.com/" "Mozilla/4.0 (compatible; MSIE 4.01; Windows NT)"
66.135.195.18 - - [03/Mar/2025:16:01:45 +0100] "GET /Jurek/eurofirany/images/390455/4.jpg HTTP/1.1" 200 274644 "http://www.ebay.com/" "Mozilla/4.0 (compatible; MSIE 4.01; Windows NT)"
52.17.80.36 - - [03/Mar/2025:16:02:05 +0100] "GET /marketplaces/rue/results/rue.csv HTTP/1.1" 200 7628572 "-" "Mirakl HttpClient"
85.14.86.141 - - [03/Mar/2025:16:02:32 +0100] "GET /Jurek/kinghoff/feeds/kinghoff_morele.xml HTTP/2.0" 200 15065911 "-" "MarketplaceAPI curl/7.64.0 PHP/8"
34.133.239.145 - - [03/Mar/2025:16:02:58 +0100] "GET /Jurek/eurofirany/images/390455/1.jpg HTTP/1.1" 200 315915 "-" "Mozilla/5.0 (X11; Linux x86_64) AppleWebKit/537.36 (KHTML, like Gecko) Chrome/110.0.0.0 Safari/537.36"
34.133.239.145 - - [03/Mar/2025:16:02:59 +0100] "GET /Jurek/eurofirany/images/390455/3.jpg HTTP/1.1" 200 311350 "-" "Mozilla/5.0 (X11; Linux x86_64) AppleWebKit/537.36 (KHTML, like Gecko) Chrome/110.0.0.0 Safari/537.36"
34.72.247.156 - - [03/Mar/2025:16:03:01 +0100] "GET /Jurek/eurofirany/images/390455/4.jpg HTTP/1.1" 200 274644 "-" "Mozilla/5.0 (X11; Linux x86_64) AppleWebKit/537.36 (KHTML, like Gecko) Chrome/110.0.0.0 Safari/537.36"
34.133.239.145 - - [03/Mar/2025:16:03:02 +0100] "GET /Jurek/eurofirany/images/390455/10.jpg HTTP/1.1" 200 200134 "-" "Mozilla/5.0 (X11; Linux x86_64) AppleWebKit/537.36 (KHTML, like Gecko) Chrome/110.0.0.0 Safari/537.36"
34.72.247.156 - - [03/Mar/2025:16:03:02 +0100] "GET /Jurek/eurofirany/images/390413/9.jpg HTTP/1.1" 200 92563 "-" "Mozilla/5.0 (X11; Linux x86_64) AppleWebKit/537.36 (KHTML, like Gecko) Chrome/110.0.0.0 Safari/537.36"
34.133.239.145 - - [03/Mar/2025:16:03:02 +0100] "GET /Jurek/eurofirany/images/390424/10.jpg HTTP/1.1" 200 82859 "-" "Mozilla/5.0 (X11; Linux x86_64) AppleWebKit/537.36 (KHTML, like Gecko) Chrome/110.0.0.0 Safari/537.36"
34.133.239.145 - - [03/Mar/2025:16:03:03 +0100] "GET /Jurek/eurofirany/images/390455/9.jpg HTTP/1.1" 200 265023 "-" "Mozilla/5.0 (X11; Linux x86_64) AppleWebKit/537.36 (KHTML, like Gecko) Chrome/110.0.0.0 Safari/537.36"
34.133.239.145 - - [03/Mar/2025:16:03:03 +0100] "GET /Jurek/eurofirany/images/390424/11.jpg HTTP/1.1" 200 82859 "-" "Mozilla/5.0 (X11; Linux x86_64) AppleWebKit/537.36 (KHTML, like Gecko) Chrome/110.0.0.0 Safari/537.36"
34.72.247.156 - - [03/Mar/2025:16:03:03 +0100] "GET /Jurek/eurofirany/images/390422/4.jpg HTTP/1.1" 200 178836 "-" "Mozilla/5.0 (X11; Linux x86_64) AppleWebKit/537.36 (KHTML, like Gecko) Chrome/110.0.0.0 Safari/537.36"
34.72.247.156 - - [03/Mar/2025:16:03:03 +0100] "GET /Jurek/eurofirany/images/390413/11.jpg HTTP/1.1" 200 82859 "-" "Mozilla/5.0 (X11; Linux x86_64) AppleWebKit/537.36 (KHTML, like Gecko) Chrome/110.0.0.0 Safari/537.36"
34.133.239.145 - - [03/Mar/2025:16:03:04 +0100] "GET /Jurek/eurofirany/images/390455/11.jpg HTTP/1.1" 200 250607 "-" "Mozilla/5.0 (X11; Linux x86_64) AppleWebKit/537.36 (KHTML, like Gecko) Chrome/110.0.0.0 Safari/537.36"
34.72.247.156 - - [03/Mar/2025:16:03:04 +0100] "GET /Jurek/eurofirany/images/390422/9.jpg HTTP/1.1" 200 92563 "-" "Mozilla/5.0 (X11; Linux x86_64) AppleWebKit/537.36 (KHTML, like Gecko) Chrome/110.0.0.0 Safari/537.36"
34.133.239.145 - - [03/Mar/2025:16:03:04 +0100] "GET /Jurek/eurofirany/images/390424/2.jpg HTTP/1.1" 200 181761 "-" "Mozilla/5.0 (X11; Linux x86_64) AppleWebKit/537.36 (KHTML, like Gecko) Chrome/110.0.0.0 Safari/537.36"
34.133.239.145 - - [03/Mar/2025:16:03:04 +0100] "GET /Jurek/eurofirany/images/390413/3.jpg HTTP/1.1" 200 183103 "-" "Mozilla/5.0 (X11; Linux x86_64) AppleWebKit/537.36 (KHTML, like Gecko) Chrome/110.0.0.0 Safari/537.36"
34.133.239.145 - - [03/Mar/2025:16:03:04 +0100] "GET /Jurek/eurofirany/images/390424/3.jpg HTTP/1.1" 200 183103 "-" "Mozilla/5.0 (X11; Linux x86_64) AppleWebKit/537.36 (KHTML, like Gecko) Chrome/110.0.0.0 Safari/537.36"
34.72.247.156 - - [03/Mar/2025:16:03:05 +0100] "GET /Jurek/eurofirany/images/390422/1.jpg HTTP/1.1" 200 183103 "-" "Mozilla/5.0 (X11; Linux x86_64) AppleWebKit/537.36 (KHTML, like Gecko) Chrome/110.0.0.0 Safari/537.36"
34.133.239.145 - - [03/Mar/2025:16:03:05 +0100] "GET /Jurek/eurofirany/images/390413/4.jpg HTTP/1.1" 200 178836 "-" "Mozilla/5.0 (X11; Linux x86_64) AppleWebKit/537.36 (KHTML, like Gecko) Chrome/110.0.0.0 Safari/537.36"
34.133.239.145 - - [03/Mar/2025:16:03:05 +0100] "GET /Jurek/eurofirany/images/390455/2.jpg HTTP/1.1" 200 319787 "-" "Mozilla/5.0 (X11; Linux x86_64) AppleWebKit/537.36 (KHTML, like Gecko) Chrome/110.0.0.0 Safari/537.36"
34.133.239.145 - - [03/Mar/2025:16:03:05 +0100] "GET /Jurek/eurofirany/images/390424/4.jpg HTTP/1.1" 200 178836 "-" "Mozilla/5.0 (X11; Linux x86_64) AppleWebKit/537.36 (KHTML, like Gecko) Chrome/110.0.0.0 Safari/537.36"
34.133.239.145 - - [03/Mar/2025:16:03:05 +0100] "GET /Jurek/eurofirany/images/390455/5.jpg HTTP/1.1" 200 240573 "-" "Mozilla/5.0 (X11; Linux x86_64) AppleWebKit/537.36 (KHTML, like Gecko) Chrome/110.0.0.0 Safari/537.36"
34.133.239.145 - - [03/Mar/2025:16:03:06 +0100] "GET /Jurek/eurofirany/images/390422/2.jpg HTTP/1.1" 200 181761 "-" "Mozilla/5.0 (X11; Linux x86_64) AppleWebKit/537.36 (KHTML, like Gecko) Chrome/110.0.0.0 Safari/537.36"
34.133.239.145 - - [03/Mar/2025:16:03:06 +0100] "GET /Jurek/eurofirany/images/390422/3.jpg HTTP/1.1" 200 183103 "-" "Mozilla/5.0 (X11; Linux x86_64) AppleWebKit/537.36 (KHTML, like Gecko) Chrome/110.0.0.0 Safari/537.36"
34.72.247.156 - - [03/Mar/2025:16:03:06 +0100] "GET /Jurek/eurofirany/images/390413/6.jpg HTTP/1.1" 200 135099 "-" "Mozilla/5.0 (X11; Linux x86_64) AppleWebKit/537.36 (KHTML, like Gecko) Chrome/110.0.0.0 Safari/537.36"
34.133.239.145 - - [03/Mar/2025:16:03:06 +0100] "GET /Jurek/eurofirany/images/390424/5.jpg HTTP/1.1" 200 203134 "-" "Mozilla/5.0 (X11; Linux x86_64) AppleWebKit/537.36 (KHTML, like Gecko) Chrome/110.0.0.0 Safari/537.36"
34.133.239.145 - - [03/Mar/2025:16:03:06 +0100] "GET /Jurek/eurofirany/images/390455/6.jpg HTTP/1.1" 200 267274 "-" "Mozilla/5.0 (X11; Linux x86_64) AppleWebKit/537.36 (KHTML, like Gecko) Chrome/110.0.0.0 Safari/537.36"
34.133.239.145 - - [03/Mar/2025:16:03:06 +0100] "GET /Jurek/eurofirany/images/390422/8.jpg HTTP/1.1" 200 122714 "-" "Mozilla/5.0 (X11; Linux x86_64) AppleWebKit/537.36 (KHTML, like Gecko) Chrome/110.0.0.0 Safari/537.36"
34.72.247.156 - - [03/Mar/2025:16:03:06 +0100] "GET /Jurek/eurofirany/images/390455/7.jpg HTTP/1.1" 200 6595 "-" "Mozilla/5.0 (X11; Linux x86_64) AppleWebKit/537.36 (KHTML, like Gecko) Chrome/110.0.0.0 Safari/537.36"
34.72.247.156 - - [03/Mar/2025:16:03:07 +0100] "GET /Jurek/eurofirany/images/390413/8.jpg HTTP/1.1" 200 122714 "-" "Mozilla/5.0 (X11; Linux x86_64) AppleWebKit/537.36 (KHTML, like Gecko) Chrome/110.0.0.0 Safari/537.36"
34.133.239.145 - - [03/Mar/2025:16:03:07 +0100] "GET /Jurek/eurofirany/images/390424/7.jpg HTTP/1.1" 200 6595 "-" "Mozilla/5.0 (X11; Linux x86_64) AppleWebKit/537.36 (KHTML, like Gecko) Chrome/110.0.0.0 Safari/537.36"
34.72.247.156 - - [03/Mar/2025:16:03:07 +0100] "GET /Jurek/eurofirany/images/390413/10.jpg HTTP/1.1" 200 82859 "-" "Mozilla/5.0 (X11; Linux x86_64) AppleWebKit/537.36 (KHTML, like Gecko) Chrome/110.0.0.0 Safari/537.36"
34.72.247.156 - - [03/Mar/2025:16:03:09 +0100] "GET /Jurek/eurofirany/images/390413/1.jpg HTTP/1.1" 200 183103 "-" "Mozilla/5.0 (X11; Linux x86_64) AppleWebKit/537.36 (KHTML, like Gecko) Chrome/110.0.0.0 Safari/537.36"
34.133.239.145 - - [03/Mar/2025:16:03:10 +0100] "GET /Jurek/eurofirany/images/390422/10.jpg HTTP/1.1" 200 82859 "-" "Mozilla/5.0 (X11; Linux x86_64) AppleWebKit/537.36 (KHTML, like Gecko) Chrome/110.0.0.0 Safari/537.36"
34.133.239.145 - - [03/Mar/2025:16:03:11 +0100] "GET /Jurek/eurofirany/images/390413/2.jpg HTTP/1.1" 200 181761 "-" "Mozilla/5.0 (X11; Linux x86_64) AppleWebKit/537.36 (KHTML, like Gecko) Chrome/110.0.0.0 Safari/537.36"
34.133.239.145 - - [03/Mar/2025:16:03:11 +0100] "GET /Jurek/eurofirany/images/390422/11.jpg HTTP/1.1" 200 82859 "-" "Mozilla/5.0 (X11; Linux x86_64) AppleWebKit/537.36 (KHTML, like Gecko) Chrome/110.0.0.0 Safari/537.36"
139.180.225.142 - - [03/Mar/2025:16:03:12 +0100] "GET /Jurek/eurofirany/images/390424/7.jpg HTTP/2.0" 200 6595 "-" "Mozilla/5.0 (X11; Linux x86_64) AppleWebKit/537.36 (KHTML, like Gecko) Chrome/110.0.0.0 Safari/537.36"
34.133.239.145 - - [03/Mar/2025:16:03:12 +0100] "GET /Jurek/eurofirany/images/390422/5.jpg HTTP/1.1" 200 203134 "-" "Mozilla/5.0 (X11; Linux x86_64) AppleWebKit/537.36 (KHTML, like Gecko) Chrome/110.0.0.0 Safari/537.36"
34.133.239.145 - - [03/Mar/2025:16:03:12 +0100] "GET /Jurek/eurofirany/images/390413/5.jpg HTTP/1.1" 200 203134 "-" "Mozilla/5.0 (X11; Linux x86_64) AppleWebKit/537.36 (KHTML, like Gecko) Chrome/110.0.0.0 Safari/537.36"
34.133.239.145 - - [03/Mar/2025:16:03:13 +0100] "GET /Jurek/eurofirany/images/390422/6.jpg HTTP/1.1" 200 135099 "-" "Mozilla/5.0 (X11; Linux x86_64) AppleWebKit/537.36 (KHTML, like Gecko) Chrome/110.0.0.0 Safari/537.36"
199.34.84.187 - - [03/Mar/2025:16:03:13 +0100] "GET /Jurek/eurofirany/images/390455/7.jpg HTTP/2.0" 200 6595 "-" "Mozilla/5.0 (X11; Linux x86_64) AppleWebKit/537.36 (KHTML, like Gecko) Chrome/110.0.0.0 Safari/537.36"
34.72.247.156 - - [03/Mar/2025:16:03:13 +0100] "GET /Jurek/eurofirany/images/390422/7.jpg HTTP/1.1" 200 6595 "-" "Mozilla/5.0 (X11; Linux x86_64) AppleWebKit/537.36 (KHTML, like Gecko) Chrome/110.0.0.0 Safari/537.36"
66.211.183.72 - - [03/Mar/2025:16:03:14 +0100] "GET /Jurek/eurofirany/images/392144/0.jpg HTTP/1.1" 200 16503 "-" "scalaj-http/2.4.2"
34.133.239.145 - - [03/Mar/2025:16:03:14 +0100] "GET /Jurek/eurofirany/images/390413/7.jpg HTTP/1.1" 200 6595 "-" "Mozilla/5.0 (X11; Linux x86_64) AppleWebKit/537.36 (KHTML, like Gecko) Chrome/110.0.0.0 Safari/537.36"
209.163.118.3 - - [03/Mar/2025:16:03:18 +0100] "GET /Jurek/eurofirany/images/390413/7.jpg HTTP/2.0" 200 6595 "-" "Mozilla/5.0 (X11; Linux x86_64) AppleWebKit/537.36 (KHTML, like Gecko) Chrome/110.0.0.0 Safari/537.36"
158.62.222.171 - - [03/Mar/2025:16:03:18 +0100] "GET /Jurek/eurofirany/images/390424/7.jpg HTTP/2.0" 200 6595 "-" "Mozilla/5.0 (X11; Linux x86_64) AppleWebKit/537.36 (KHTML, like Gecko) Chrome/110.0.0.0 Safari/537.36"
209.59.229.97 - - [03/Mar/2025:16:03:18 +0100] "GET /Jurek/eurofirany/images/390455/7.jpg HTTP/2.0" 200 6595 "-" "Mozilla/5.0 (X11; Linux x86_64) AppleWebKit/537.36 (KHTML, like Gecko) Chrome/110.0.0.0 Safari/537.36"
199.250.189.61 - - [03/Mar/2025:16:03:18 +0100] "GET /Jurek/eurofirany/images/390422/7.jpg HTTP/2.0" 200 6595 "-" "Mozilla/5.0 (X11; Linux x86_64) AppleWebKit/537.36 (KHTML, like Gecko) Chrome/110.0.0.0 Safari/537.36"
34.72.247.156 - - [03/Mar/2025:16:03:18 +0100] "GET /Jurek/eurofirany/images/390455/0.jpg HTTP/1.1" 200 144267 "-" "Mozilla/5.0 (X11; Linux x86_64) AppleWebKit/537.36 (KHTML, like Gecko) Chrome/110.0.0.0 Safari/537.36"
34.133.239.145 - - [03/Mar/2025:16:03:19 +0100] "GET /Jurek/eurofirany/images/390424/0.jpg HTTP/1.1" 200 97224 "-" "Mozilla/5.0 (X11; Linux x86_64) AppleWebKit/537.36 (KHTML, like Gecko) Chrome/110.0.0.0 Safari/537.36"
209.73.147.219 - - [03/Mar/2025:16:03:23 +0100] "GET /Jurek/eurofirany/images/390413/7.jpg HTTP/2.0" 200 6595 "-" "Mozilla/5.0 (X11; Linux x86_64) AppleWebKit/537.36 (KHTML, like Gecko) Chrome/110.0.0.0 Safari/537.36"
89.161.206.59 - - [03/Mar/2025:16:03:23 +0100] "GET /Jurek/bass_new/feeds/bass_skroutz.xml HTTP/1.0" 200 7040945 "-" "-"
34.133.239.145 - - [03/Mar/2025:16:03:23 +0100] "GET /Jurek/eurofirany/images/390413/0.jpg HTTP/1.1" 200 97224 "-" "Mozilla/5.0 (X11; Linux x86_64) AppleWebKit/537.36 (KHTML, like Gecko) Chrome/110.0.0.0 Safari/537.36"
130.44.203.123 - - [03/Mar/2025:16:03:24 +0100] "GET /Jurek/eurofirany/images/390422/7.jpg HTTP/2.0" 200 6595 "-" "Mozilla/5.0 (X11; Linux x86_64) AppleWebKit/537.36 (KHTML, like Gecko) Chrome/110.0.0.0 Safari/537.36"
34.133.239.145 - - [03/Mar/2025:16:03:24 +0100] "GET /Jurek/eurofirany/images/390422/0.jpg HTTP/1.1" 200 97224 "-" "Mozilla/5.0 (X11; Linux x86_64) AppleWebKit/537.36 (KHTML, like Gecko) Chrome/110.0.0.0 Safari/537.36"
85.14.86.141 - - [03/Mar/2025:16:03:57 +0100] "GET /Jurek/eurofirany/feeds/eurofirany_morele.xml HTTP/2.0" 200 18994317 "-" "MarketplaceAPI curl/7.64.0 PHP/8"
66.211.183.70 - - [03/Mar/2025:16:04:20 +0100] "GET /Jurek/eurofirany/images/423203/0.jpg HTTP/1.1" 200 0 "-" "scalaj-http/2.4.2"
85.14.86.141 - - [03/Mar/2025:16:04:21 +0100] "GET /Jurek/vivaldi/feeds/vivaldi_Morele-PL.xml HTTP/2.0" 200 344674 "-" "MarketplaceAPI curl/7.64.0 PHP/8"
66.211.183.74 - - [03/Mar/2025:16:04:30 +0100] "GET /Jurek/eurofirany/images/396855/0.jpg HTTP/1.1" 200 76743 "-" "scalaj-http/2.4.2"
66.211.183.70 - - [03/Mar/2025:16:04:53 +0100] "GET /Jurek/eurofirany/images/389994/0.jpg HTTP/1.1" 200 140158 "-" "scalaj-http/2.4.2"
66.211.183.71 - - [03/Mar/2025:16:04:56 +0100] "GET /Jurek/eurofirany/images/383175/0.jpg HTTP/1.1" 200 75101 "-" "scalaj-http/2.4.2"
91.206.37.14 - - [03/Mar/2025:16:05:02 +0100] "GET /Jurek/eurofirany/images/390413/7.jpg HTTP/2.0" 200 6595 "-" "EmagContentMedia/1.0.0"
193.33.8.61 - - [03/Mar/2025:16:05:03 +0100] "GET /Jurek/eany/ HTTP/2.0" 200 634 "https://serwer1694120.home.pl/" "Mozilla/5.0 (Windows NT 10.0; Win64; x64) AppleWebKit/537.36 (KHTML, like Gecko) Chrome/133.0.0.0 Safari/537.36"
193.33.8.61 - - [03/Mar/2025:16:05:03 +0100] "GET /Jurek/eany/styles.css HTTP/2.0" 200 2070 "https://dkkapusta1997.usermd.net/Jurek/eany/" "Mozilla/5.0 (Windows NT 10.0; Win64; x64) AppleWebKit/537.36 (KHTML, like Gecko) Chrome/133.0.0.0 Safari/537.36"
193.33.8.61 - - [03/Mar/2025:16:05:03 +0100] "GET /Jurek/eany/script.js HTTP/2.0" 200 4251 "https://dkkapusta1997.usermd.net/Jurek/eany/" "Mozilla/5.0 (Windows NT 10.0; Win64; x64) AppleWebKit/537.36 (KHTML, like Gecko) Chrome/133.0.0.0 Safari/537.36"
193.33.8.61 - - [03/Mar/2025:16:05:03 +0100] "GET /favicon.ico HTTP/2.0" 404 3551 "https://dkkapusta1997.usermd.net/Jurek/eany/" "Mozilla/5.0 (Windows NT 10.0; Win64; x64) AppleWebKit/537.36 (KHTML, like Gecko) Chrome/133.0.0.0 Safari/537.36"
66.211.183.73 - - [03/Mar/2025:16:05:08 +0100] "GET /Jurek/eurofirany/images/383067/0.jpg HTTP/1.1" 200 72405 "-" "scalaj-http/2.4.2"
193.33.8.61 - - [03/Mar/2025:16:05:09 +0100] "GET /Jurek/eany/data.csv HTTP/2.0" 200 26438611 "https://dkkapusta1997.usermd.net/Jurek/eany/" "Mozilla/5.0 (Windows NT 10.0; Win64; x64) AppleWebKit/537.36 (KHTML, like Gecko) Chrome/133.0.0.0 Safari/537.36"
91.206.37.14 - - [03/Mar/2025:16:05:10 +0100] "GET /Jurek/eurofirany/images/390422/7.jpg HTTP/2.0" 200 6595 "-" "EmagContentMedia/1.0.0"
91.206.37.14 - - [03/Mar/2025:16:05:20 +0100] "GET /Jurek/eurofirany/images/390424/7.jpg HTTP/2.0" 200 6595 "-" "EmagContentMedia/1.0.0"
91.206.37.14 - - [03/Mar/2025:16:05:33 +0100] "GET /Jurek/eurofirany/images/390455/7.jpg HTTP/2.0" 200 6595 "-" "EmagContentMedia/1.0.0"
85.14.86.141 - - [03/Mar/2025:16:05:33 +0100] "GET /Jurek/vida_morele/feeds/VidaPL_morele.xml HTTP/2.0" 200 558260337 "-" "MarketplaceAPI curl/7.64.0 PHP/8"
85.14.86.141 - - [03/Mar/2025:16:05:44 +0100] "GET /Jurek/aw/feeds/awnarzedzia_morele.xml HTTP/2.0" 200 90364592 "-" "MarketplaceAPI curl/7.64.0 PHP/8"
66.211.183.70 - - [03/Mar/2025:16:05:52 +0100] "GET /Jurek/eurofirany/images/383387/0.jpg HTTP/1.1" 200 77096 "-" "scalaj-http/2.4.2"
66.211.183.71 - - [03/Mar/2025:16:05:55 +0100] "GET /Jurek/eurofirany/images/389239/0.jpg HTTP/1.1" 200 134368 "-" "scalaj-http/2.4.2"
89.161.206.59 - - [03/Mar/2025:16:06:00 +0100] "GET /Jurek/muminky/feeds/muminky_skroutz.xml HTTP/1.0" 200 2270355 "-" "-"
89.161.206.59 - - [03/Mar/2025:16:06:03 +0100] "GET /Jurek/erohurtownia/feeds/erohurtownia_amazonde.xml HTTP/1.0" 200 23304311 "-" "-"
85.14.86.141 - - [03/Mar/2025:16:06:23 +0100] "GET /Jurek/miloohome/feeds/miloohome_morele.xml HTTP/2.0" 200 1421250 "-" "MarketplaceAPI curl/7.64.0 PHP/8"
85.14.86.141 - - [03/Mar/2025:16:06:28 +0100] "GET /Jurek/beliani/feeds/beliani_morele.xml HTTP/2.0" 200 31889570 "-" "MarketplaceAPI curl/7.64.0 PHP/8"
46.101.116.244 - - [03/Mar/2025:16:06:29 +0100] "GET /Jurek/aw/feeds/aw_fnacfr.xml HTTP/1.0" 404 3551 "-" "-"
46.101.116.244 - - [03/Mar/2025:16:06:44 +0100] "GET /Filip/feeds/xlsx_ceneo.xml HTTP/1.0" 200 6241376 "-" "-"
66.211.183.71 - - [03/Mar/2025:16:06:47 +0100] "GET /Jurek/eurofirany/images/423346/0.jpg HTTP/1.1" 200 105015 "-" "scalaj-http/2.4.2"
3.74.7.74 - - [03/Mar/2025:16:06:51 +0100] "GET /Jurek/eurofirany/images/390455/0.jpg HTTP/2.0" 200 144267 "-" "Mozilla/5.0 (Windows NT 10.0; Win64; x64) AppleWebKit/537.36 (KHTML, like Gecko) Chrome/109.0.0.0 Safari/537.36"
3.74.7.74 - - [03/Mar/2025:16:06:52 +0100] "GET /Jurek/eurofirany/images/390422/0.jpg HTTP/2.0" 200 97224 "-" "Mozilla/5.0 (Windows NT 10.0; Win64; x64) AppleWebKit/537.36 (KHTML, like Gecko) Chrome/109.0.0.0 Safari/537.36"
3.126.202.245 - - [03/Mar/2025:16:06:52 +0100] "GET /Jurek/eurofirany/images/390424/0.jpg HTTP/2.0" 200 97224 "-" "Mozilla/5.0 (Windows NT 10.0; Win64; x64) AppleWebKit/537.36 (KHTML, like Gecko) Chrome/109.0.0.0 Safari/537.36"
66.211.183.70 - - [03/Mar/2025:16:06:57 +0100] "GET /Jurek/eurofirany/images/416447/0.jpg HTTP/1.1" 200 121054 "-" "scalaj-http/2.4.2"
89.161.206.59 - - [03/Mar/2025:16:07:04 +0100] "GET /Jurek/hurtmeblowy/feeds/hurtmeblowy_skroutz.xml HTTP/1.0" 200 8024738 "-" "-"
66.211.183.71 - - [03/Mar/2025:16:07:16 +0100] "GET /Jurek/eurofirany/images/423213/0.jpg HTTP/1.1" 200 0 "-" "scalaj-http/2.4.2"
3.126.202.245 - - [03/Mar/2025:16:07:17 +0100] "GET /Jurek/eurofirany/images/390413/0.jpg HTTP/2.0" 200 97224 "-" "Mozilla/5.0 (Windows NT 10.0; Win64; x64) AppleWebKit/537.36 (KHTML, like Gecko) Chrome/109.0.0.0 Safari/537.36"
66.211.183.73 - - [03/Mar/2025:16:07:52 +0100] "GET /Jurek/eurofirany/images/390393/0.jpg HTTP/1.1" 200 164560 "-" "scalaj-http/2.4.2"
89.161.206.59 - - [03/Mar/2025:16:09:17 +0100] "GET /Jurek/fertone/feeds/fertone_skroutz.xml HTTP/1.0" 200 596797 "-" "-"
89.161.206.59 - - [03/Mar/2025:16:09:18 +0100] "GET /Jurek/eurofryz/feeds/eurofryz_skroutz.xml HTTP/1.0" 200 2388132 "-" "-"
89.161.206.59 - - [03/Mar/2025:16:09:18 +0100] "GET /Jurek/antiodor/feeds/antiodor_skroutz.xml HTTP/1.0" 200 137771 "-" "-"
66.211.183.73 - - [03/Mar/2025:16:09:25 +0100] "GET /Jurek/eurofirany/images/382249/0.jpg HTTP/1.1" 200 133518 "-" "scalaj-http/2.4.2"
66.211.183.73 - - [03/Mar/2025:16:09:39 +0100] "GET /Jurek/eurofirany/images/383862/0.jpg HTTP/1.1" 200 208615 "-" "scalaj-http/2.4.2"
91.206.37.14 - - [03/Mar/2025:16:10:05 +0100] "GET /Jurek/eurofirany/images/390413/7.jpg HTTP/2.0" 200 6595 "-" "EmagContentMedia/1.0.0"
185.6.76.18 - - [03/Mar/2025:16:10:08 +0100] "GET /marketplaces/skroutz/feeds/shumee.xml HTTP/1.1" 200 348165858 "-" "SkroutzBot v1.0"
91.206.37.14 - - [03/Mar/2025:16:10:12 +0100] "GET /Jurek/eurofirany/images/390422/7.jpg HTTP/2.0" 200 6595 "-" "EmagContentMedia/1.0.0"
91.206.37.14 - - [03/Mar/2025:16:10:22 +0100] "GET /Jurek/eurofirany/images/390424/7.jpg HTTP/2.0" 200 6595 "-" "EmagContentMedia/1.0.0"
91.206.37.14 - - [03/Mar/2025:16:10:36 +0100] "GET /Jurek/eurofirany/images/390455/7.jpg HTTP/2.0" 200 6595 "-" "EmagContentMedia/1.0.0"
66.211.183.74 - - [03/Mar/2025:16:10:51 +0100] "GET /Jurek/eurofirany/images/389611/0.jpg HTTP/1.1" 200 165083 "-" "scalaj-http/2.4.2"
46.101.116.244 - - [03/Mar/2025:16:11:04 +0100] "GET /Jurek/intsell/feeds/intsell_amazonde.xml HTTP/1.0" 200 338785565 "-" "-"
66.211.183.72 - - [03/Mar/2025:16:11:14 +0100] "GET /Jurek/eurofirany/images/409428/0.jpg HTTP/1.1" 200 41174 "-" "scalaj-http/2.4.2"
46.101.116.244 - - [03/Mar/2025:16:11:27 +0100] "GET /Jurek/aw/feeds/aw_fnacfr.xml HTTP/1.0" 404 3551 "-" "-"
46.101.116.244 - - [03/Mar/2025:16:11:31 +0100] "GET /Jurek/intsell/feeds/intsell_amazonde.xml HTTP/1.0" 200 338785565 "-" "-"
46.101.116.244 - - [03/Mar/2025:16:11:43 +0100] "GET /Filip/feeds/xlsx_ceneo.xml HTTP/1.0" 200 6241376 "-" "-"
89.161.206.59 - - [03/Mar/2025:16:13:22 +0100] "GET /Jurek/swiatecznygoliat/feeds/swiatecznygoliat_amazonde.xml HTTP/1.0" 200 7054356 "-" "-"
89.161.206.59 - - [03/Mar/2025:16:13:52 +0100] "GET /Jurek/hurtownia_przemyslowa/feeds/hp_allegro_cz.xml HTTP/1.0" 200 49625955 "-" "-"
66.211.183.73 - - [03/Mar/2025:16:13:56 +0100] "GET /Jurek/eurofirany/images/390177/0.jpg HTTP/1.1" 200 215707 "-" "scalaj-http/2.4.2"
66.211.183.72 - - [03/Mar/2025:16:13:58 +0100] "GET /Jurek/topeshop/downloaded_images/5902838461129_1_Sonoma_mix.png HTTP/1.1" 404 3551 "-" "scalaj-http/2.4.2"
89.161.206.59 - - [03/Mar/2025:16:14:22 +0100] "GET /Jurek/sempler/feeds/sempler_allegro.xml HTTP/1.0" 200 6553629 "-" "-"
89.161.206.59 - - [03/Mar/2025:16:14:22 +0100] "GET /Jurek/narzbud/feeds/narzbud_allegro.xml HTTP/1.0" 200 1958391 "-" "-"
89.161.206.59 - - [03/Mar/2025:16:14:23 +0100] "GET /Jurek/kambukka/feeds/kambukka_emagro.xml HTTP/1.0" 200 1043926 "-" "-"
89.161.206.59 - - [03/Mar/2025:16:14:23 +0100] "GET /Jurek/amzteam/feeds/amzteam_emagro.xml HTTP/1.0" 200 97903 "-" "-"
89.161.206.59 - - [03/Mar/2025:16:14:23 +0100] "GET /Jurek/benetech/feeds/benetech_emagro.xml HTTP/1.0" 200 4452168 "-" "-"
89.161.206.59 - - [03/Mar/2025:16:14:23 +0100] "GET /Jurek/hdwr/feeds/hdwr_emagro.xml HTTP/1.0" 200 777953 "-" "-"
89.161.206.59 - - [03/Mar/2025:16:14:26 +0100] "GET /Jurek/ekolight/feeds/ekolight_allegro.xml HTTP/1.0" 200 9053759 "-" "-"
89.161.206.59 - - [03/Mar/2025:16:14:29 +0100] "GET /Jurek/drops/feeds/dropsofficecolection_allegro.xml HTTP/1.0" 200 787961 "-" "-"
89.161.206.59 - - [03/Mar/2025:16:14:29 +0100] "GET /Jurek/velinda/feeds/velinda_allegro.xml HTTP/1.0" 200 4283062 "-" "-"
89.161.206.59 - - [03/Mar/2025:16:15:00 +0100] "GET /Jurek/waks/feeds/waks_emagro.xml HTTP/1.0" 200 6333668 "-" "-"
89.161.206.59 - - [03/Mar/2025:16:15:00 +0100] "GET /Jurek/sempler/feeds/sempler_emagro.xml HTTP/1.0" 200 6553638 "-" "-"
89.161.206.59 - - [03/Mar/2025:16:15:01 +0100] "GET /Jurek/eroplace/feeds/eroplace_emagro.xml HTTP/1.0" 200 30857194 "-" "-"
66.249.66.68 - - [03/Mar/2025:16:15:03 +0100] "GET /Jurek/eurofirany/images/372640/6.jpg HTTP/1.1" 200 6595 "-" "Googlebot-Image/1.0"
178.21.154.6 - - [03/Mar/2025:16:15:04 +0100] "GET /Jurek/eurofirany/images/383096/0.jpg HTTP/1.1" 200 80797 "-" "-"
66.211.183.71 - - [03/Mar/2025:16:15:04 +0100] "GET /Jurek/eurofirany/images/390060/0.jpg HTTP/1.1" 200 123097 "-" "scalaj-http/2.4.2"
91.206.37.14 - - [03/Mar/2025:16:15:11 +0100] "GET /Jurek/eurofirany/images/390413/7.jpg HTTP/2.0" 200 6595 "-" "EmagContentMedia/1.0.0"
91.206.37.14 - - [03/Mar/2025:16:15:16 +0100] "GET /Jurek/eurofirany/images/390422/7.jpg HTTP/2.0" 200 6595 "-" "EmagContentMedia/1.0.0"
91.206.37.14 - - [03/Mar/2025:16:15:30 +0100] "GET /Jurek/eurofirany/images/390424/7.jpg HTTP/2.0" 200 6595 "-" "EmagContentMedia/1.0.0"
89.161.206.59 - - [03/Mar/2025:16:15:37 +0100] "GET /Jurek/topeshop/feeds/topeshop_amazonFR.xml HTTP/1.0" 200 2406988 "-" "-"
89.161.206.59 - - [03/Mar/2025:16:15:38 +0100] "GET /Jurek/topeshop/feeds/topeshop_amazonIT.xml HTTP/1.0" 200 2407030 "-" "-"
89.161.206.59 - - [03/Mar/2025:16:15:38 +0100] "GET /Jurek/topeshop/feeds/topeshop_amazonDE.xml HTTP/1.0" 200 2406878 "-" "-"
89.161.206.59 - - [03/Mar/2025:16:15:38 +0100] "GET /Jurek/topeshop/feeds/topeshop_amazonSE.xml HTTP/1.0" 200 2407657 "-" "-"
89.161.206.59 - - [03/Mar/2025:16:15:38 +0100] "GET /Jurek/topeshop/feeds/topeshop_amazonES.xml HTTP/1.0" 200 2406984 "-" "-"
89.161.206.59 - - [03/Mar/2025:16:15:39 +0100] "GET /Jurek/topeshop/feeds/topeshop_amazonNL.xml HTTP/1.0" 200 2407016 "-" "-"
89.161.206.59 - - [03/Mar/2025:16:15:39 +0100] "GET /Jurek/topeshop/feeds/topeshop_amazonBE.xml HTTP/1.0" 200 2406994 "-" "-"
91.206.37.14 - - [03/Mar/2025:16:15:41 +0100] "GET /Jurek/eurofirany/images/390455/7.jpg HTTP/2.0" 200 6595 "-" "EmagContentMedia/1.0.0"
89.161.206.59 - - [03/Mar/2025:16:15:50 +0100] "GET /Jurek/kinghoff/feeds/kinghoff_emagro.xml HTTP/1.0" 200 15067251 "-" "-"
66.211.183.73 - - [03/Mar/2025:16:15:51 +0100] "GET /Jurek/eurofirany/images/390061/0.jpg HTTP/1.1" 200 162081 "-" "scalaj-http/2.4.2"
89.161.206.59 - - [03/Mar/2025:16:15:52 +0100] "GET /Jurek/ikonka/feeds/ikonka_amazonES.xml HTTP/1.0" 200 21454359 "-" "-"
46.101.116.244 - - [03/Mar/2025:16:16:14 +0100] "GET /Jurek/aw/feeds/aw_fnacfr.xml HTTP/1.0" 404 3551 "-" "-"
46.101.116.244 - - [03/Mar/2025:16:16:30 +0100] "GET /Filip/feeds/xlsx_ceneo.xml HTTP/1.0" 200 6241376 "-" "-"
66.249.66.66 - - [03/Mar/2025:16:16:40 +0100] "GET /Jurek/eurofirany/images/372640/3.jpg HTTP/1.1" 200 69681 "-" "Googlebot-Image/1.0"
66.211.183.73 - - [03/Mar/2025:16:16:49 +0100] "GET /Jurek/eurofirany/images/390402/0.jpg HTTP/1.1" 200 122464 "-" "scalaj-http/2.4.2"
66.211.183.72 - - [03/Mar/2025:16:17:49 +0100] "GET /Jurek/eurofirany/images/390199/0.jpg HTTP/1.1" 200 169150 "-" "scalaj-http/2.4.2"
66.249.66.66 - - [03/Mar/2025:16:18:04 +0100] "GET /Jurek/topeshop/downloaded_images/5902838468838_SONOMAFRONTZM.jpg HTTP/1.1" 404 3551 "-" "Googlebot-Image/1.0"
89.161.206.59 - - [03/Mar/2025:16:18:16 +0100] "GET /Jurek/slayo/feeds/slayo_emagro.xml HTTP/1.0" 200 195550 "-" "-"
89.161.206.59 - - [03/Mar/2025:16:18:17 +0100] "GET /Jurek/bass/feeds/bass_emagro.xml HTTP/1.0" 200 3986433 "-" "-"
89.161.206.59 - - [03/Mar/2025:16:18:56 +0100] "GET /Jurek/targethome/feeds/targethome_emagro.xml HTTP/1.0" 200 683645 "-" "-"
89.161.206.59 - - [03/Mar/2025:16:19:37 +0100] "GET /Jurek/mosti/feeds/mosti_emagro.xml HTTP/1.0" 200 9250090 "-" "-"
178.21.154.6 - - [03/Mar/2025:16:19:39 +0100] "GET /Jurek/eurofirany/images/428673/0.jpg HTTP/1.1" 200 89133 "-" "-"
66.211.183.70 - - [03/Mar/2025:16:19:45 +0100] "GET /Jurek/eurofirany/images/390399/0.jpg HTTP/1.1" 200 109763 "-" "scalaj-http/2.4.2"
46.97.171.167 - - [03/Mar/2025:16:20:02 +0100] "GET /Jurek/eurofirany/images/333886/2.jpg HTTP/2.0" 200 26359 "https://www.emag.ro/perdea-ready-esim-140x250-cm-alba-eurofirany-333886/pd/DVN68LMBM/" "Mozilla/5.0 (Linux; Android 10; K) AppleWebKit/537.36 (KHTML, like Gecko) Chrome/133.0.0.0 Mobile Safari/537.36"
46.97.171.167 - - [03/Mar/2025:16:20:02 +0100] "GET /Jurek/eurofirany/images/333886/3.jpg HTTP/2.0" 200 50905 "https://www.emag.ro/perdea-ready-esim-140x250-cm-alba-eurofirany-333886/pd/DVN68LMBM/" "Mozilla/5.0 (Linux; Android 10; K) AppleWebKit/537.36 (KHTML, like Gecko) Chrome/133.0.0.0 Mobile Safari/537.36"
46.97.171.167 - - [03/Mar/2025:16:20:02 +0100] "GET /Jurek/eurofirany/images/333886/1.jpg HTTP/2.0" 200 55732 "https://www.emag.ro/perdea-ready-esim-140x250-cm-alba-eurofirany-333886/pd/DVN68LMBM/" "Mozilla/5.0 (Linux; Android 10; K) AppleWebKit/537.36 (KHTML, like Gecko) Chrome/133.0.0.0 Mobile Safari/537.36"
46.97.171.167 - - [03/Mar/2025:16:20:02 +0100] "GET /Jurek/eurofirany/images/333886/6.jpg HTTP/2.0" 200 89803 "https://www.emag.ro/perdea-ready-esim-140x250-cm-alba-eurofirany-333886/pd/DVN68LMBM/" "Mozilla/5.0 (Linux; Android 10; K) AppleWebKit/537.36 (KHTML, like Gecko) Chrome/133.0.0.0 Mobile Safari/537.36"
46.97.171.167 - - [03/Mar/2025:16:20:02 +0100] "GET /Jurek/eurofirany/images/333886/4.jpg HTTP/2.0" 200 139282 "https://www.emag.ro/perdea-ready-esim-140x250-cm-alba-eurofirany-333886/pd/DVN68LMBM/" "Mozilla/5.0 (Linux; Android 10; K) AppleWebKit/537.36 (KHTML, like Gecko) Chrome/133.0.0.0 Mobile Safari/537.36"
46.97.171.167 - - [03/Mar/2025:16:20:02 +0100] "GET /Jurek/eurofirany/images/333886/5.jpg HTTP/2.0" 200 44556 "https://www.emag.ro/perdea-ready-esim-140x250-cm-alba-eurofirany-333886/pd/DVN68LMBM/" "Mozilla/5.0 (Linux; Android 10; K) AppleWebKit/537.36 (KHTML, like Gecko) Chrome/133.0.0.0 Mobile Safari/537.36"
66.211.183.73 - - [03/Mar/2025:16:20:07 +0100] "GET /Jurek/eurofirany/images/401100/0.jpg HTTP/1.1" 200 111956 "-" "scalaj-http/2.4.2"
66.211.183.74 - - [03/Mar/2025:16:20:07 +0100] "GET /Jurek/eurofirany/images/438727/0.jpg HTTP/1.1" 200 99337 "-" "scalaj-http/2.4.2"
3.74.7.74 - - [03/Mar/2025:16:20:29 +0100] "GET /Jurek/topeshop/downloaded_images/5902838468012_23_white_(1).png HTTP/2.0" 200 175821 "-" "Mozilla/5.0 (Windows NT 10.0; Win64; x64) AppleWebKit/537.36 (KHTML, like Gecko) Chrome/109.0.0.0 Safari/537.36"
66.211.183.71 - - [03/Mar/2025:16:20:44 +0100] "GET /Jurek/eurofirany/images/438610/0.jpg HTTP/1.1" 200 114177 "-" "scalaj-http/2.4.2"
46.101.116.244 - - [03/Mar/2025:16:21:03 +0100] "GET /Jurek/aw/feeds/aw_fnacfr.xml HTTP/1.0" 404 3551 "-" "-"
46.101.116.244 - - [03/Mar/2025:16:21:18 +0100] "GET /Filip/feeds/xlsx_ceneo.xml HTTP/1.0" 200 6241376 "-" "-"
66.211.183.73 - - [03/Mar/2025:16:23:16 +0100] "GET /Jurek/eurofirany/images/390326/0.jpg HTTP/1.1" 200 136029 "-" "scalaj-http/2.4.2"
89.161.206.59 - - [03/Mar/2025:16:23:23 +0100] "GET /Jurek/ikonka/feeds/ikonka_amazonDE.xml HTTP/1.0" 200 21454342 "-" "-"
66.211.183.71 - - [03/Mar/2025:16:23:29 +0100] "GET /Jurek/eurofirany/images/398375/0.jpg HTTP/1.1" 200 191799 "-" "scalaj-http/2.4.2"
178.21.154.6 - - [03/Mar/2025:16:23:33 +0100] "GET /Jurek/eurofirany/images/459861/0.jpg HTTP/1.1" 200 51145 "-" "-"
89.161.206.59 - - [03/Mar/2025:16:23:50 +0100] "GET /Jurek/ekuchcikowo/feeds/ekuchcikowo_allegro.xml HTTP/1.0" 200 13396253 "-" "-"
89.161.206.59 - - [03/Mar/2025:16:23:50 +0100] "GET /Jurek/livinhill/feeds/livinhill_allegro.xml HTTP/1.0" 200 1437983 "-" "-"
89.161.206.59 - - [03/Mar/2025:16:23:52 +0100] "GET /Jurek/urwiskowo/feeds/urwiskowo_allegro.xml HTTP/1.0" 200 9115600 "-" "-"
89.161.206.59 - - [03/Mar/2025:16:23:53 +0100] "GET /Jurek/reman/feeds/reman_allegro.xml HTTP/1.0" 200 1394898 "-" "-"
66.211.183.72 - - [03/Mar/2025:16:24:38 +0100] "GET /Jurek/eurofirany/images/390100/0.jpg HTTP/1.1" 200 140158 "-" "scalaj-http/2.4.2"
46.101.116.244 - - [03/Mar/2025:16:24:49 +0100] "GET /Jurek/eurofirany/feeds/eurofirany_empik.xml HTTP/1.0" 200 18994166 "-" "-"
89.161.206.59 - - [03/Mar/2025:16:24:55 +0100] "GET /Jurek/topeshop/feeds/topeshop_cdsc.xml HTTP/1.0" 200 2421053 "-" "-"
89.161.206.59 - - [03/Mar/2025:16:25:08 +0100] "GET /Jurek/barbecook/feeds/barbecook_cdis.xml HTTP/1.0" 200 87527 "-" "-"
46.101.116.244 - - [03/Mar/2025:16:25:10 +0100] "GET /Jurek/action/feeds/action_cdis.xml HTTP/1.0" 200 55164667 "-" "-"
66.211.183.71 - - [03/Mar/2025:16:25:18 +0100] "GET /Jurek/eurofirany/images/423821/0.jpg HTTP/1.1" 200 0 "-" "scalaj-http/2.4.2"
46.101.116.244 - - [03/Mar/2025:16:25:19 +0100] "GET /Jurek/fernity/feeds/fernity_cdiscount.xml HTTP/1.0" 200 5222350 "-" "-"
46.101.116.244 - - [03/Mar/2025:16:25:22 +0100] "GET /Jurek/kinghoff/feeds/kinghoff_cdiscount.xml HTTP/1.0" 200 15065263 "-" "-"
46.101.116.244 - - [03/Mar/2025:16:26:11 +0100] "GET /Jurek/eurofirany/feeds/eurofirany_erli.xml HTTP/1.0" 200 18996645 "-" "-"
46.101.116.244 - - [03/Mar/2025:16:26:19 +0100] "GET /Jurek/kinghoff/feeds/kinghoff_velo.xml HTTP/1.0" 200 15066033 "-" "-"
66.211.183.73 - - [03/Mar/2025:16:26:32 +0100] "GET /Jurek/eurofirany/images/409420/0.jpg HTTP/1.1" 200 34024 "-" "scalaj-http/2.4.2"
46.101.116.244 - - [03/Mar/2025:16:26:46 +0100] "GET /Jurek/aw/feeds/aw_fnacfr.xml HTTP/1.0" 404 3551 "-" "-"
66.211.183.74 - - [03/Mar/2025:16:27:13 +0100] "GET /Jurek/topeshop/downloaded_images/5902838466810_2.jpg HTTP/1.1" 404 3551 "-" "scalaj-http/2.4.2"
46.101.116.244 - - [03/Mar/2025:16:27:34 +0100] "GET /Jurek/ikonka/feeds/ikonka_aliexpress.xml HTTP/1.0" 200 21452382 "-" "-"
89.161.206.59 - - [03/Mar/2025:16:27:39 +0100] "GET /Jurek/asortymenteu/feeds/asortymenteu_aliex.xml HTTP/1.0" 200 2135535 "-" "-"
89.161.206.59 - - [03/Mar/2025:16:27:41 +0100] "GET /Jurek/kinghoff/feeds/kinghoff_aliex.xml HTTP/1.0" 200 15064870 "-" "-"
89.161.206.59 - - [03/Mar/2025:16:27:43 +0100] "GET /Jurek/waks/feeds/waks_aliex.xml HTTP/1.0" 200 6332381 "-" "-"
89.161.206.59 - - [03/Mar/2025:16:27:43 +0100] "GET /Jurek/sempler/feeds/sempler_aliex.xml HTTP/1.0" 200 6553763 "-" "-"
89.161.206.59 - - [03/Mar/2025:16:27:44 +0100] "GET /Jurek/pawonik/feeds/pawonik_aliex.xml HTTP/1.0" 200 2586505 "-" "-"
89.161.206.59 - - [03/Mar/2025:16:27:47 +0100] "GET /Jurek/pagmil/feeds/pagmil_aliex.xml HTTP/1.0" 200 1705856 "-" "-"
46.101.116.244 - - [03/Mar/2025:16:27:57 +0100] "GET /Filip/feeds/xlsx_ceneo.xml HTTP/1.0" 200 6241376 "-" "-"
66.211.183.74 - - [03/Mar/2025:16:28:03 +0100] "GET /Jurek/eurofirany/images/438697/0.jpg HTTP/1.1" 200 107908 "-" "scalaj-http/2.4.2"
5.134.208.158 - - [03/Mar/2025:16:28:27 +0100] "GET /Jurek/eurofirany/images/378976/0.jpg HTTP/1.1" 200 121738 "-" "-"
5.134.208.158 - - [03/Mar/2025:16:28:27 +0100] "GET /Jurek/eurofirany/images/400180/0.jpg HTTP/1.1" 200 32746 "-" "-"
5.134.208.158 - - [03/Mar/2025:16:28:27 +0100] "GET /Jurek/eurofirany/images/398782/0.jpg HTTP/1.1" 200 20032 "-" "-"
5.134.208.158 - - [03/Mar/2025:16:28:27 +0100] "GET /Jurek/eurofirany/images/432798/0.jpg HTTP/1.1" 200 112485 "-" "-"
5.134.208.158 - - [03/Mar/2025:16:28:27 +0100] "GET /Jurek/eurofirany/images/422874/0.jpg HTTP/1.1" 200 136431 "-" "-"
5.134.208.158 - - [03/Mar/2025:16:28:27 +0100] "GET /Jurek/eurofirany/images/396685/0.jpg HTTP/1.1" 200 99571 "-" "-"
5.134.208.158 - - [03/Mar/2025:16:28:27 +0100] "GET /Jurek/eurofirany/images/416438/0.jpg HTTP/1.1" 200 105080 "-" "-"
5.134.208.158 - - [03/Mar/2025:16:28:27 +0100] "GET /Jurek/eurofirany/images/404693/0.jpg HTTP/1.1" 200 98086 "-" "-"
5.134.208.158 - - [03/Mar/2025:16:28:27 +0100] "GET /Jurek/eurofirany/images/432796/0.jpg HTTP/1.1" 200 112485 "-" "-"
5.134.208.158 - - [03/Mar/2025:16:28:27 +0100] "GET /Jurek/eurofirany/images/404770/0.jpg HTTP/1.1" 200 70171 "-" "-"
5.134.208.158 - - [03/Mar/2025:16:29:11 +0100] "GET /Jurek/eurofirany/images/386193/0.jpg HTTP/1.1" 200 70632 "-" "-"
91.137.24.173 - - [03/Mar/2025:16:29:29 +0100] "GET /Jurek/eurofirany/images/453046/0.jpg HTTP/2.0" 200 94535 "https://itm.ebaydesc.com/" "Mozilla/5.0 (Windows NT 10.0; Win64; x64) AppleWebKit/537.36 (KHTML, like Gecko) Chrome/133.0.0.0 Safari/537.36 Edg/133.0.0.0"
91.137.24.173 - - [03/Mar/2025:16:29:47 +0100] "GET /Jurek/eurofirany/images/459130/0.jpg HTTP/2.0" 200 99583 "https://itm.ebaydesc.com/" "Mozilla/5.0 (Windows NT 10.0; Win64; x64) AppleWebKit/537.36 (KHTML, like Gecko) Chrome/133.0.0.0 Safari/537.36 Edg/133.0.0.0"
66.211.183.74 - - [03/Mar/2025:16:30:05 +0100] "GET /Jurek/eurofirany/images/389941/0.jpg HTTP/1.1" 200 208032 "-" "scalaj-http/2.4.2"
66.211.183.74 - - [03/Mar/2025:16:31:20 +0100] "GET /Jurek/eurofirany/images/402866/0.jpg HTTP/1.1" 200 74920 "-" "scalaj-http/2.4.2"
46.101.116.244 - - [03/Mar/2025:16:31:41 +0100] "GET /Jurek/aw/feeds/aw_fnacfr.xml HTTP/1.0" 404 3551 "-" "-"
46.101.116.244 - - [03/Mar/2025:16:31:55 +0100] "GET /Filip/feeds/xlsx_ceneo.xml HTTP/1.0" 200 6241376 "-" "-"
66.211.183.71 - - [03/Mar/2025:16:32:09 +0100] "GET /Jurek/eurofirany/images/383470/0.jpg HTTP/1.1" 200 86852 "-" "scalaj-http/2.4.2"
89.161.206.59 - - [03/Mar/2025:16:32:10 +0100] "GET /Jurek/ikonka/feeds/ikonka_amazonNL.xml HTTP/1.0" 200 21454324 "-" "-"
89.161.206.59 - - [03/Mar/2025:16:32:21 +0100] "GET /Jurek/eroplace/feeds/eroplace_amazonnl.xml HTTP/1.0" 200 30849212 "-" "-"
40.77.167.27 - - [03/Mar/2025:16:34:43 +0100] "GET /Jurek/eurofirany/images/92626/1.jpg HTTP/2.0" 200 117826 "-" "Mozilla/5.0 AppleWebKit/537.36 (KHTML, like Gecko; compatible; bingbot/2.0; +http://www.bing.com/bingbot.htm) Chrome/116.0.1938.76 Safari/537.36"
52.17.80.36 - - [03/Mar/2025:16:35:21 +0100] "GET /marketplaces/worten2/results/worten.csv HTTP/1.1" 200 147217 "-" "Mirakl HttpClient"
66.135.202.71 - - [03/Mar/2025:16:35:36 +0100] "GET /Jurek/eurofirany/images/391486/0.jpg HTTP/1.1" 200 141235 "-" "Java/17.0.12.0.101"
66.211.183.73 - - [03/Mar/2025:16:36:11 +0100] "GET /Jurek/eurofirany/images/389899/0.jpg HTTP/1.1" 200 140158 "-" "scalaj-http/2.4.2"
66.211.183.73 - - [03/Mar/2025:16:36:49 +0100] "GET /Jurek/eurofirany/images/383324/0.jpg HTTP/1.1" 200 93037 "-" "scalaj-http/2.4.2"
66.135.202.75 - - [03/Mar/2025:16:37:34 +0100] "GET /Jurek/eurofirany/images/391033/0.jpg HTTP/1.1" 200 101077 "-" "Java/17.0.12.0.101"
46.101.116.244 - - [03/Mar/2025:16:38:02 +0100] "GET /Jurek/aw/feeds/aw_fnacfr.xml HTTP/1.0" 404 3551 "-" "-"
46.101.116.244 - - [03/Mar/2025:16:38:18 +0100] "GET /Filip/feeds/xlsx_ceneo.xml HTTP/1.0" 200 6241376 "-" "-"
66.135.202.74 - - [03/Mar/2025:16:38:19 +0100] "GET /Jurek/eurofirany/images/438621/0.jpg HTTP/1.1" 200 168635 "-" "Java/17.0.12.0.101"
66.211.183.74 - - [03/Mar/2025:16:38:31 +0100] "GET /Jurek/eurofirany/images/383362/0.jpg HTTP/1.1" 200 73860 "-" "scalaj-http/2.4.2"
66.211.183.73 - - [03/Mar/2025:16:40:02 +0100] "GET /Jurek/topeshop/downloaded_images/5904507206611_DUOANTRACYTCZERNBRYLKABOKZM.jpg HTTP/1.1" 404 3551 "-" "scalaj-http/2.4.2"
89.161.206.59 - - [03/Mar/2025:16:40:35 +0100] "GET /Jurek/oromed/feeds/oromed_allegro.xml HTTP/1.0" 200 1054052 "-" "-"
89.161.206.59 - - [03/Mar/2025:16:40:35 +0100] "GET /Jurek/bisanti/feeds/bisanti_allegro.xml HTTP/1.0" 200 1132582 "-" "-"
66.211.183.73 - - [03/Mar/2025:16:40:39 +0100] "GET /Jurek/eurofirany/images/408871/0.jpg HTTP/1.1" 200 132663 "-" "scalaj-http/2.4.2"
66.211.183.72 - - [03/Mar/2025:16:40:51 +0100] "GET /Jurek/eurofirany/images/390420/0.jpg HTTP/1.1" 200 97224 "-" "scalaj-http/2.4.2"
66.211.183.70 - - [03/Mar/2025:16:41:00 +0100] "GET /Jurek/eurofirany/images/416020/0.jpg HTTP/1.1" 200 44442 "-" "scalaj-http/2.4.2"
89.161.206.59 - - [03/Mar/2025:16:41:00 +0100] "GET /Jurek/ikonka/feeds/ikonka_amazonIT.xml HTTP/1.0" 200 21454390 "-" "-"
89.161.206.59 - - [03/Mar/2025:16:41:01 +0100] "GET /Jurek/ikonka/feeds/ikonka_amazonFR.xml HTTP/1.0" 200 21454355 "-" "-"
89.161.206.59 - - [03/Mar/2025:16:41:02 +0100] "GET /Jurek/hurtownia_przemyslowa/feeds/hp_amazonDE.xml HTTP/1.0" 200 49619515 "-" "-"
89.161.206.59 - - [03/Mar/2025:16:41:05 +0100] "GET /Jurek/hurtownia_przemyslowa/feeds/hp_amazonFR.xml HTTP/1.0" 200 49620203 "-" "-"
89.161.206.59 - - [03/Mar/2025:16:41:07 +0100] "GET /Jurek/hurtownia_przemyslowa/feeds/hp_amazonIT.xml HTTP/1.0" 200 49621001 "-" "-"
89.161.206.59 - - [03/Mar/2025:16:41:10 +0100] "GET /Jurek/hurtownia_przemyslowa/feeds/hp_amazonNL.xml HTTP/1.0" 200 49619576 "-" "-"
89.161.206.59 - - [03/Mar/2025:16:41:12 +0100] "GET /Jurek/hurtownia_przemyslowa/feeds/hp_amazonSE.xml HTTP/1.0" 200 49635552 "-" "-"
46.101.116.244 - - [03/Mar/2025:16:42:47 +0100] "GET /Jurek/aw/feeds/aw_fnacfr.xml HTTP/1.0" 404 3551 "-" "-"
46.101.116.244 - - [03/Mar/2025:16:42:52 +0100] "GET /Jurek/victoria/feeds/victoria_pl_velo.xml HTTP/1.0" 200 15653776 "-" "-"
46.101.116.244 - - [03/Mar/2025:16:43:08 +0100] "GET /Filip/feeds/xlsx_ceneo.xml HTTP/1.0" 200 6241376 "-" "-"
66.211.183.73 - - [03/Mar/2025:16:45:04 +0100] "GET /Jurek/eurofirany/images/389240/0.jpg HTTP/1.1" 200 159369 "-" "scalaj-http/2.4.2"
66.211.183.71 - - [03/Mar/2025:16:45:37 +0100] "GET /Jurek/eurofirany/images/389604/0.jpg HTTP/1.1" 200 159369 "-" "scalaj-http/2.4.2"
66.249.66.66 - - [03/Mar/2025:16:45:39 +0100] "GET /Jurek/eurofirany/images/416434/1.jpg HTTP/1.1" 200 120489 "-" "Googlebot-Image/1.0"
66.249.66.66 - - [03/Mar/2025:16:45:44 +0100] "GET /Jurek/eurofirany/images/416434/3.jpg HTTP/1.1" 200 83234 "-" "Googlebot-Image/1.0"
66.249.66.66 - - [03/Mar/2025:16:45:45 +0100] "GET /Jurek/eurofirany/images/416434/5.jpg HTTP/1.1" 200 151867 "-" "Googlebot-Image/1.0"
66.211.183.74 - - [03/Mar/2025:16:45:47 +0100] "GET /Jurek/eurofirany/images/390046/0.jpg HTTP/1.1" 200 123097 "-" "scalaj-http/2.4.2"
46.101.116.244 - - [03/Mar/2025:16:46:33 +0100] "GET /Jurek/aw/feeds/aw_fnacfr.xml HTTP/1.0" 404 3551 "-" "-"
46.101.116.244 - - [03/Mar/2025:16:46:48 +0100] "GET /Filip/feeds/xlsx_ceneo.xml HTTP/1.0" 200 6241376 "-" "-"
66.211.183.74 - - [03/Mar/2025:16:47:21 +0100] "GET /Jurek/eurofirany/images/403497/0.jpg HTTP/1.1" 200 62701 "-" "scalaj-http/2.4.2"
66.211.183.74 - - [03/Mar/2025:16:49:23 +0100] "GET /Jurek/eurofirany/images/438716/0.jpg HTTP/1.1" 200 107908 "-" "scalaj-http/2.4.2"
66.211.183.73 - - [03/Mar/2025:16:50:25 +0100] "GET /Jurek/eurofirany/images/389918/0.jpg HTTP/1.1" 200 183812 "-" "scalaj-http/2.4.2"
46.101.116.244 - - [03/Mar/2025:16:50:29 +0100] "GET /Jurek/aw/feeds/awnarzedzia_skroutz.xml HTTP/1.0" 200 90355080 "-" "-"
34.159.201.218 - - [03/Mar/2025:16:51:10 +0100] "GET /Jurek/eurofirany/images/392197/0.jpg HTTP/2.0" 200 36485 "-" "Mozilla/5.0 (Macintosh; Intel Mac OS X 10.15; rv:78.0) Gecko/20100101 Firefox/78.0"
46.101.116.244 - - [03/Mar/2025:16:51:47 +0100] "GET /Jurek/aw/feeds/aw_fnacfr.xml HTTP/1.0" 404 3551 "-" "-"
178.21.154.6 - - [03/Mar/2025:16:51:57 +0100] "GET /Jurek/eurofirany/images/367104/0.jpg HTTP/1.1" 200 66944 "-" "-"
46.101.116.244 - - [03/Mar/2025:16:52:04 +0100] "GET /Filip/feeds/xlsx_ceneo.xml HTTP/1.0" 200 6241376 "-" "-"
178.21.154.6 - - [03/Mar/2025:16:52:08 +0100] "GET /Jurek/eurofirany/images/418915/0.jpg HTTP/1.1" 200 183785 "-" "-"
178.21.154.6 - - [03/Mar/2025:16:52:08 +0100] "GET /Jurek/eurofirany/images/386560/0.jpg HTTP/1.1" 200 198248 "-" "-"
178.21.154.6 - - [03/Mar/2025:16:52:34 +0100] "GET /Jurek/eurofirany/images/372690/0.jpg HTTP/1.1" 200 222632 "-" "-"
89.161.206.59 - - [03/Mar/2025:16:53:22 +0100] "GET /Jurek/topeshop/feeds/topeshop_ebayDE.xml HTTP/1.0" 200 1209010 "-" "-"
