193.33.8.61 - - [03/Mar/2025:12:32:30 +0100] "GET /Jurek/eoptimo/feeds/eoptimo_pigu.xml HTTP/2.0" 200 1958804 "https://konsola.dkkapusta1997.usermd.net/" "Mozilla/5.0 (Windows NT 10.0; Win64; x64) AppleWebKit/537.36 (KHTML, like Gecko) Chrome/133.0.0.0 Safari/537.36"
46.175.227.131 - - [03/Mar/2025:12:32:32 +0100] "GET /Jurek/pastelnitka/feeds/pastelnitka_zero.xml HTTP/2.0" 200 1827931 "https://konsola.dkkapusta1997.usermd.net/" "Mozilla/5.0 (Windows NT 10.0; Win64; x64) AppleWebKit/537.36 (KHTML, like Gecko) Chrome/133.0.0.0 Safari/537.36"
66.211.183.74 - - [03/Mar/2025:12:32:36 +0100] "GET /Jurek/eurofirany/images/372982/0.jpg HTTP/1.1" 200 63261 "-" "scalaj-http/2.4.2"
193.33.8.61 - - [03/Mar/2025:12:32:42 +0100] "GET /Jurek/eoptimo/feeds/eoptimo_pigufi.xml HTTP/2.0" 200 1958828 "https://konsola.dkkapusta1997.usermd.net/" "Mozilla/5.0 (Windows NT 10.0; Win64; x64) AppleWebKit/537.36 (KHTML, like Gecko) Chrome/133.0.0.0 Safari/537.36"
66.211.183.74 - - [03/Mar/2025:12:32:47 +0100] "GET /Jurek/eurofirany/images/391117/0.jpg HTTP/1.1" 200 101651 "-" "scalaj-http/2.4.2"
66.249.66.66 - - [03/Mar/2025:12:33:27 +0100] "GET /Jurek/eurofirany/images/438610/6.jpg HTTP/1.1" 200 33 "-" "Googlebot-Image/1.0"
5.134.208.158 - - [03/Mar/2025:12:33:40 +0100] "GET /Jurek/eurofirany/images/410689/0.jpg HTTP/1.1" 200 65248 "-" "-"
5.134.208.158 - - [03/Mar/2025:12:33:40 +0100] "GET /Jurek/eurofirany/images/431623/0.jpg HTTP/1.1" 200 93057 "-" "-"
5.134.208.158 - - [03/Mar/2025:12:33:40 +0100] "GET /Jurek/eurofirany/images/394049/0.jpg HTTP/1.1" 200 124360 "-" "-"
5.134.208.158 - - [03/Mar/2025:12:33:40 +0100] "GET /Jurek/eurofirany/images/428732/0.jpg HTTP/1.1" 200 101564 "-" "-"
5.134.208.158 - - [03/Mar/2025:12:33:40 +0100] "GET /Jurek/eurofirany/images/410691/0.jpg HTTP/1.1" 200 80000 "-" "-"
5.134.208.158 - - [03/Mar/2025:12:33:40 +0100] "GET /Jurek/eurofirany/images/372800/0.jpg HTTP/1.1" 200 87967 "-" "-"
5.134.208.158 - - [03/Mar/2025:12:33:40 +0100] "GET /Jurek/eurofirany/images/432940/0.jpg HTTP/1.1" 200 126935 "-" "-"
5.134.208.158 - - [03/Mar/2025:12:33:40 +0100] "GET /Jurek/eurofirany/images/356441/0.jpg HTTP/1.1" 200 168611 "-" "-"
66.211.183.71 - - [03/Mar/2025:12:33:42 +0100] "GET /Jurek/eurofirany/images/438610/0.jpg HTTP/1.1" 200 114177 "-" "scalaj-http/2.4.2"
89.161.206.59 - - [03/Mar/2025:12:34:06 +0100] "GET /Jurek/pastelnitka/feeds/pastelnitka_zero.xml HTTP/1.0" 200 1827931 "-" "-"
66.211.183.74 - - [03/Mar/2025:12:34:43 +0100] "GET /Jurek/eurofirany/images/392252/0.jpg HTTP/1.1" 200 33284 "-" "scalaj-http/2.4.2"
46.101.116.244 - - [03/Mar/2025:12:34:46 +0100] "GET /Jurek/aw/feeds/awnarzedzia_skroutz.xml HTTP/1.0" 200 90355080 "-" "-"
66.211.183.73 - - [03/Mar/2025:12:35:45 +0100] "GET /Jurek/eurofirany/images/416433/0.jpg HTTP/1.1" 200 121054 "-" "scalaj-http/2.4.2"
89.161.206.59 - - [03/Mar/2025:12:35:48 +0100] "GET /Jurek/oromed/feeds/oromed_allegro.xml HTTP/1.0" 200 1048943 "-" "-"
89.161.206.59 - - [03/Mar/2025:12:35:49 +0100] "GET /Jurek/bisanti/feeds/bisanti_allegro.xml HTTP/1.0" 200 1132582 "-" "-"
52.17.80.36 - - [03/Mar/2025:12:36:22 +0100] "GET /marketplaces/worten2/results/worten.csv HTTP/1.1" 200 147217 "-" "Mirakl HttpClient"
66.249.66.66 - - [03/Mar/2025:12:37:19 +0100] "GET /Jurek/topeshop/downloaded_images/5902838468814_BIELBOKOT.jpg HTTP/1.1" 404 3551 "-" "Googlebot-Image/1.0"
89.161.206.59 - - [03/Mar/2025:12:37:45 +0100] "GET /Jurek/ikonka/feeds/ikonka_amazonIT.xml HTTP/1.0" 200 21454245 "-" "-"
89.161.206.59 - - [03/Mar/2025:12:37:46 +0100] "GET /Jurek/ikonka/feeds/ikonka_amazonFR.xml HTTP/1.0" 200 21454210 "-" "-"
89.161.206.59 - - [03/Mar/2025:12:37:48 +0100] "GET /Jurek/hurtownia_przemyslowa/feeds/hp_amazonDE.xml HTTP/1.0" 200 49619526 "-" "-"
89.161.206.59 - - [03/Mar/2025:12:37:51 +0100] "GET /Jurek/hurtownia_przemyslowa/feeds/hp_amazonFR.xml HTTP/1.0" 200 49620208 "-" "-"
89.161.206.59 - - [03/Mar/2025:12:37:54 +0100] "GET /Jurek/hurtownia_przemyslowa/feeds/hp_amazonIT.xml HTTP/1.0" 200 49621010 "-" "-"
89.161.206.59 - - [03/Mar/2025:12:37:57 +0100] "GET /Jurek/hurtownia_przemyslowa/feeds/hp_amazonNL.xml HTTP/1.0" 200 49619584 "-" "-"
89.161.206.59 - - [03/Mar/2025:12:38:00 +0100] "GET /Jurek/hurtownia_przemyslowa/feeds/hp_amazonSE.xml HTTP/1.0" 200 49635565 "-" "-"
46.101.116.244 - - [03/Mar/2025:12:38:04 +0100] "GET /Jurek/aw/feeds/aw_fnacfr.xml HTTP/1.0" 404 3551 "-" "-"
46.101.116.244 - - [03/Mar/2025:12:38:09 +0100] "GET /Jurek/victoria/feeds/victoria_pl_velo.xml HTTP/1.0" 200 15653776 "-" "-"
46.101.116.244 - - [03/Mar/2025:12:38:25 +0100] "GET /Filip/feeds/xlsx_ceneo.xml HTTP/1.0" 200 6241376 "-" "-"
66.211.183.70 - - [03/Mar/2025:12:38:26 +0100] "GET /Jurek/eurofirany/images/403505/0.jpg HTTP/1.1" 200 32279 "-" "scalaj-http/2.4.2"
66.249.66.66 - - [03/Mar/2025:12:39:15 +0100] "GET /Jurek/topeshop/downloaded_images/5902838468814_DUO-BIEL-BRY%C5%81KA-FRONT-ZM.jpg HTTP/1.1" 404 3551 "-" "Googlebot-Image/1.0"
66.249.66.67 - - [03/Mar/2025:12:39:21 +0100] "GET /Jurek/topeshop/downloaded_images/5902838468814_BIELFRONTZM.jpg HTTP/1.1" 404 3551 "-" "Googlebot-Image/1.0"
66.249.66.66 - - [03/Mar/2025:12:39:21 +0100] "GET /Jurek/topeshop/downloaded_images/5902838468814_BIELBOKZM.jpg HTTP/1.1" 404 3551 "-" "Googlebot-Image/1.0"
66.249.66.66 - - [03/Mar/2025:12:39:26 +0100] "GET /Jurek/topeshop/downloaded_images/5902838468814_DUO-BIEL-BRY%C5%81KA-FRONT-OT.jpg HTTP/1.1" 404 3551 "-" "Googlebot-Image/1.0"
66.249.66.66 - - [03/Mar/2025:12:39:27 +0100] "GET /Jurek/topeshop/downloaded_images/5902838468814_DUO-BIEL-BRY%C5%81KA-BOK-OT.jpg HTTP/1.1" 404 3551 "-" "Googlebot-Image/1.0"
66.211.183.73 - - [03/Mar/2025:12:39:52 +0100] "GET /Jurek/eurofirany/images/366371/0.jpg HTTP/1.1" 200 75615 "-" "scalaj-http/2.4.2"
193.33.8.61 - - [03/Mar/2025:12:40:31 +0100] "GET /Jurek/galopi/feeds/galopi_pigu.xml HTTP/2.0" 200 1884655 "https://konsola.dkkapusta1997.usermd.net/" "Mozilla/5.0 (Windows NT 10.0; Win64; x64) AppleWebKit/537.36 (KHTML, like Gecko) Chrome/133.0.0.0 Safari/537.36"
193.33.8.61 - - [03/Mar/2025:12:40:39 +0100] "GET /Jurek/galopi/feeds/galopi_piguFI.xml HTTP/2.0" 200 1884688 "https://konsola.dkkapusta1997.usermd.net/" "Mozilla/5.0 (Windows NT 10.0; Win64; x64) AppleWebKit/537.36 (KHTML, like Gecko) Chrome/133.0.0.0 Safari/537.36"
66.135.202.72 - - [03/Mar/2025:12:41:19 +0100] "GET /Jurek/eurofirany/images/91846/0.jpg HTTP/1.1" 200 60109 "-" "Java/17.0.12.0.101"
66.211.183.73 - - [03/Mar/2025:12:41:23 +0100] "GET /Jurek/eurofirany/images/409905/0.jpg HTTP/1.1" 200 78745 "-" "scalaj-http/2.4.2"
66.249.66.68 - - [03/Mar/2025:12:41:27 +0100] "GET /Jurek/eurofirany/images/383336/3.jpg HTTP/1.1" 200 38139 "-" "Googlebot-Image/1.0"
193.33.8.61 - - [03/Mar/2025:12:41:57 +0100] "GET /Jurek/galopibhp/feeds/galopibhp_pigu.xml HTTP/2.0" 200 1982837 "https://konsola.dkkapusta1997.usermd.net/" "Mozilla/5.0 (Windows NT 10.0; Win64; x64) AppleWebKit/537.36 (KHTML, like Gecko) Chrome/133.0.0.0 Safari/537.36"
193.33.8.61 - - [03/Mar/2025:12:42:04 +0100] "GET /Jurek/galopibhp/feeds/galopibhp_pigufi.xml HTTP/2.0" 200 1982861 "https://konsola.dkkapusta1997.usermd.net/" "Mozilla/5.0 (Windows NT 10.0; Win64; x64) AppleWebKit/537.36 (KHTML, like Gecko) Chrome/133.0.0.0 Safari/537.36"
46.101.116.244 - - [03/Mar/2025:12:42:22 +0100] "GET /Jurek/aw/feeds/aw_fnacfr.xml HTTP/1.0" 404 3551 "-" "-"
46.101.116.244 - - [03/Mar/2025:12:42:38 +0100] "GET /Filip/feeds/xlsx_ceneo.xml HTTP/1.0" 200 6241376 "-" "-"
66.211.183.70 - - [03/Mar/2025:12:42:53 +0100] "GET /Jurek/eurofirany/images/438718/0.jpg HTTP/1.1" 200 104800 "-" "scalaj-http/2.4.2"
89.161.206.59 - - [03/Mar/2025:12:43:01 +0100] "GET /Jurek/asortymenteu/feeds/asortymenteu_skroutz_great.xml HTTP/1.0" 200 2595944 "-" "-"
193.33.8.61 - - [03/Mar/2025:12:43:05 +0100] "GET /Jurek/najtanszysport/feeds/najtanszysport_pigu.xml HTTP/2.0" 200 3982785 "https://konsola.dkkapusta1997.usermd.net/" "Mozilla/5.0 (Windows NT 10.0; Win64; x64) AppleWebKit/537.36 (KHTML, like Gecko) Chrome/133.0.0.0 Safari/537.36"
193.33.8.61 - - [03/Mar/2025:12:43:11 +0100] "GET /Jurek/najtanszysport/feeds/najtanszysport_piguFI.xml HTTP/2.0" 200 3982857 "https://konsola.dkkapusta1997.usermd.net/" "Mozilla/5.0 (Windows NT 10.0; Win64; x64) AppleWebKit/537.36 (KHTML, like Gecko) Chrome/133.0.0.0 Safari/537.36"
66.211.183.73 - - [03/Mar/2025:12:43:40 +0100] "GET /Jurek/eurofirany/images/415637/0.jpg HTTP/1.1" 200 104649 "-" "scalaj-http/2.4.2"
66.211.183.70 - - [03/Mar/2025:12:43:51 +0100] "GET /Jurek/eurofirany/images/416152/0.jpg HTTP/1.1" 200 99814 "-" "scalaj-http/2.4.2"
193.33.8.61 - - [03/Mar/2025:12:44:28 +0100] "GET /Jurek/globaldeli/feeds/globaldeli_pigu.xml HTTP/2.0" 200 2590048 "https://konsola.dkkapusta1997.usermd.net/" "Mozilla/5.0 (Windows NT 10.0; Win64; x64) AppleWebKit/537.36 (KHTML, like Gecko) Chrome/133.0.0.0 Safari/537.36"
193.33.8.61 - - [03/Mar/2025:12:44:34 +0100] "GET /Jurek/globaldeli/feeds/globaldeli_piguFI.xml HTTP/2.0" 200 2590884 "https://konsola.dkkapusta1997.usermd.net/" "Mozilla/5.0 (Windows NT 10.0; Win64; x64) AppleWebKit/537.36 (KHTML, like Gecko) Chrome/133.0.0.0 Safari/537.36"
66.249.66.68 - - [03/Mar/2025:12:44:53 +0100] "GET /Jurek/eurofirany/images/392850/3.jpg HTTP/1.1" 200 262488 "-" "Googlebot-Image/1.0"
66.249.66.66 - - [03/Mar/2025:12:45:00 +0100] "GET /Jurek/eurofirany/images/387474/6.jpg HTTP/1.1" 200 33 "-" "Googlebot-Image/1.0"
66.211.183.70 - - [03/Mar/2025:12:45:16 +0100] "GET /Jurek/eurofirany/images/392261/0.jpg HTTP/1.1" 200 34217 "-" "scalaj-http/2.4.2"
66.211.183.73 - - [03/Mar/2025:12:45:31 +0100] "GET /Jurek/eurofirany/images/389929/0.jpg HTTP/1.1" 200 215707 "-" "scalaj-http/2.4.2"
66.211.183.74 - - [03/Mar/2025:12:46:08 +0100] "GET /Jurek/eurofirany/images/383395/0.jpg HTTP/1.1" 200 78770 "-" "scalaj-http/2.4.2"
46.101.116.244 - - [03/Mar/2025:12:46:31 +0100] "GET /Jurek/aw/feeds/aw_fnacfr.xml HTTP/1.0" 404 3551 "-" "-"
89.161.206.59 - - [03/Mar/2025:12:46:42 +0100] "GET /Jurek/bass_new/feeds/bass_ebayde.xml HTTP/1.0" 200 4806972 "-" "-"
46.101.116.244 - - [03/Mar/2025:12:46:46 +0100] "GET /Filip/feeds/xlsx_ceneo.xml HTTP/1.0" 200 6241376 "-" "-"
46.101.116.244 - - [03/Mar/2025:12:46:51 +0100] "GET /Jurek/b3/feeds/b3_alza.xml HTTP/2.0" 200 7274988 "-" "-"
66.211.183.72 - - [03/Mar/2025:12:46:57 +0100] "GET /Jurek/eurofirany/images/438779/0.jpg HTTP/1.1" 200 64916 "-" "scalaj-http/2.4.2"
66.211.183.72 - - [03/Mar/2025:12:47:14 +0100] "GET /Jurek/eurofirany/images/408296/0.jpg HTTP/1.1" 200 63121 "-" "scalaj-http/2.4.2"
46.101.116.244 - - [03/Mar/2025:12:47:18 +0100] "GET /Jurek/action/feeds/action_alza.xml HTTP/2.0" 200 55199894 "-" "-"
46.101.116.244 - - [03/Mar/2025:12:47:33 +0100] "GET /Jurek/hurtownia_przemyslowa/feeds/hp_cdiscount.xml HTTP/1.0" 200 49618761 "-" "-"
46.101.116.244 - - [03/Mar/2025:12:47:39 +0100] "GET /Jurek/aw/feeds/awnarzedzia_cdiscount.xml HTTP/1.0" 200 90357667 "-" "-"
66.211.183.71 - - [03/Mar/2025:12:47:46 +0100] "GET /Jurek/eurofirany/images/383106/0.jpg HTTP/1.1" 200 75271 "-" "scalaj-http/2.4.2"
66.211.183.70 - - [03/Mar/2025:12:47:55 +0100] "GET /Jurek/eurofirany/images/383322/0.jpg HTTP/1.1" 200 87977 "-" "scalaj-http/2.4.2"
66.211.183.72 - - [03/Mar/2025:12:48:25 +0100] "GET /Jurek/eurofirany/images/382252/0.jpg HTTP/1.1" 200 133518 "-" "scalaj-http/2.4.2"
66.135.202.72 - - [03/Mar/2025:12:48:36 +0100] "GET /Jurek/eurofirany/images/367107/0.jpg HTTP/1.1" 200 59982 "-" "Java/17.0.12.0.101"
46.101.116.244 - - [03/Mar/2025:12:49:04 +0100] "GET /Jurek/unimet/feeds/unimet_alza.xml HTTP/2.0" 200 60270624 "-" "-"
66.249.66.66 - - [03/Mar/2025:12:49:26 +0100] "GET /Jurek/eurofirany/images/387144/8.jpg HTTP/1.1" 200 124619 "-" "Googlebot-Image/1.0"
89.161.206.59 - - [03/Mar/2025:12:50:01 +0100] "GET /Jurek/hurtmeblowy/feeds/hurtmeblowy_allegro.xml HTTP/1.0" 200 8025733 "-" "-"
89.161.206.59 - - [03/Mar/2025:12:50:01 +0100] "GET /Jurek/galopi/feeds/galopi_allegro.xml HTTP/1.0" 200 1884826 "-" "-"
66.211.183.72 - - [03/Mar/2025:12:50:12 +0100] "GET /Jurek/eurofirany/images/389927/0.jpg HTTP/1.1" 200 207776 "-" "scalaj-http/2.4.2"
66.249.66.67 - - [03/Mar/2025:12:50:54 +0100] "GET /Jurek/eurofirany/images/398805/8.jpg HTTP/1.1" 200 6625 "-" "Googlebot-Image/1.0"
46.101.116.244 - - [03/Mar/2025:12:51:20 +0100] "GET /Jurek/andex/feeds/andex_alza.xml HTTP/2.0" 200 1954530 "-" "-"
66.249.66.66 - - [03/Mar/2025:12:51:20 +0100] "GET /Jurek/eurofirany/images/389924/4.jpg HTTP/1.1" 200 210889 "-" "Googlebot-Image/1.0"
66.249.66.66 - - [03/Mar/2025:12:51:26 +0100] "GET /Jurek/eurofirany/images/389924/3.jpg HTTP/1.1" 200 291406 "-" "Googlebot-Image/1.0"
66.249.66.66 - - [03/Mar/2025:12:51:29 +0100] "GET /Jurek/eurofirany/images/389924/1.jpg HTTP/1.1" 200 126016 "-" "Googlebot-Image/1.0"
66.249.66.66 - - [03/Mar/2025:12:51:29 +0100] "GET /Jurek/eurofirany/images/389924/5.jpg HTTP/1.1" 200 235943 "-" "Googlebot-Image/1.0"
46.101.116.244 - - [03/Mar/2025:12:51:31 +0100] "GET /Jurek/aw/feeds/awnarzedzia_alza.xml HTTP/2.0" 200 90457838 "-" "-"
46.101.116.244 - - [03/Mar/2025:12:51:32 +0100] "GET /Jurek/aw/feeds/aw_fnacfr.xml HTTP/1.0" 404 3551 "-" "-"
46.101.116.244 - - [03/Mar/2025:12:51:47 +0100] "GET /Filip/feeds/xlsx_ceneo.xml HTTP/1.0" 200 6241376 "-" "-"
46.101.116.244 - - [03/Mar/2025:12:51:56 +0100] "GET /Jurek/detian/feeds/detian_alza.xml HTTP/2.0" 404 3551 "-" "-"
89.161.206.59 - - [03/Mar/2025:12:51:58 +0100] "GET /Jurek/topeshop/feeds/topeshop_ebayDE.xml HTTP/1.0" 200 1209012 "-" "-"
51.77.52.107 - - [03/Mar/2025:12:51:59 +0100] "GET /Jurek/topeshop/downloaded_images/5902838467411_4.jpg HTTP/2.0" 404 3551 "-" "-"
51.77.52.107 - - [03/Mar/2025:12:51:59 +0100] "GET /Jurek/topeshop/downloaded_images/5902838467626_profilowe.jpg HTTP/2.0" 200 73844 "-" "-"
46.101.116.244 - - [03/Mar/2025:12:52:06 +0100] "GET /Jurek/fernity/feeds/fernity_alza.xml HTTP/2.0" 200 5226370 "-" "-"
51.77.52.107 - - [03/Mar/2025:12:52:08 +0100] "GET /Jurek/topeshop/downloaded_images/5904507206857_Bry\xC5\x82a20004.jpg HTTP/2.0" 200 74064 "-" "-"
51.77.52.107 - - [03/Mar/2025:12:52:15 +0100] "GET /Jurek/topeshop/downloaded_images/5904507206864_Bry\xC5\x82a20002.jpg HTTP/2.0" 200 81361 "-" "-"
66.211.183.73 - - [03/Mar/2025:12:52:16 +0100] "GET /Jurek/eurofirany/images/383346/0.jpg HTTP/1.1" 200 67002 "-" "scalaj-http/2.4.2"
66.249.66.66 - - [03/Mar/2025:12:52:28 +0100] "GET /Jurek/eurofirany/images/390107/6.jpg HTTP/1.1" 200 224667 "-" "Googlebot-Image/1.0"
46.101.116.244 - - [03/Mar/2025:12:52:29 +0100] "GET /Jurek/octopia/feeds/octopia_alzacz.xml HTTP/2.0" 200 10635354 "-" "-"
66.249.66.66 - - [03/Mar/2025:12:52:37 +0100] "GET /Jurek/eurofirany/images/390399/1.jpg HTTP/1.1" 200 183103 "-" "Googlebot-Image/1.0"
46.101.116.244 - - [03/Mar/2025:12:52:42 +0100] "GET /Jurek/unimet/feeds/unimet_alza.xml HTTP/2.0" 200 60270624 "-" "-"
66.249.66.66 - - [03/Mar/2025:12:52:47 +0100] "GET /Jurek/eurofirany/images/390399/3.jpg HTTP/1.1" 200 183103 "-" "Googlebot-Image/1.0"
46.101.116.244 - - [03/Mar/2025:12:53:04 +0100] "GET /Jurek/eurofirany/feeds/eurofirany_alza.xml HTTP/2.0" 200 18960908 "-" "-"
188.26.190.162 - - [03/Mar/2025:12:53:04 +0100] "GET /Jurek/eurofirany/images/398635/2.jpg HTTP/2.0" 200 74644 "https://content.emag.network/" "Mozilla/5.0 (Windows NT 10.0; Win64; x64) AppleWebKit/537.36 (KHTML, like Gecko) Chrome/133.0.0.0 Safari/537.36"
188.26.190.162 - - [03/Mar/2025:12:53:05 +0100] "GET /Jurek/eurofirany/images/398635/1.jpg HTTP/2.0" 200 143444 "https://content.emag.network/" "Mozilla/5.0 (Windows NT 10.0; Win64; x64) AppleWebKit/537.36 (KHTML, like Gecko) Chrome/133.0.0.0 Safari/537.36"
188.26.190.162 - - [03/Mar/2025:12:53:05 +0100] "GET /Jurek/eurofirany/images/398635/3.jpg HTTP/2.0" 200 135431 "https://content.emag.network/" "Mozilla/5.0 (Windows NT 10.0; Win64; x64) AppleWebKit/537.36 (KHTML, like Gecko) Chrome/133.0.0.0 Safari/537.36"
188.26.190.162 - - [03/Mar/2025:12:53:05 +0100] "GET /Jurek/eurofirany/images/398635/4.jpg HTTP/2.0" 200 153256 "https://content.emag.network/" "Mozilla/5.0 (Windows NT 10.0; Win64; x64) AppleWebKit/537.36 (KHTML, like Gecko) Chrome/133.0.0.0 Safari/537.36"
188.26.190.162 - - [03/Mar/2025:12:53:05 +0100] "GET /Jurek/eurofirany/images/398635/5.jpg HTTP/2.0" 200 157718 "https://content.emag.network/" "Mozilla/5.0 (Windows NT 10.0; Win64; x64) AppleWebKit/537.36 (KHTML, like Gecko) Chrome/133.0.0.0 Safari/537.36"
188.26.190.162 - - [03/Mar/2025:12:53:05 +0100] "GET /Jurek/eurofirany/images/398635/6.jpg HTTP/2.0" 200 129495 "https://content.emag.network/" "Mozilla/5.0 (Windows NT 10.0; Win64; x64) AppleWebKit/537.36 (KHTML, like Gecko) Chrome/133.0.0.0 Safari/537.36"
188.26.190.162 - - [03/Mar/2025:12:53:05 +0100] "GET /Jurek/eurofirany/images/398635/7.jpg HTTP/2.0" 200 232033 "https://content.emag.network/" "Mozilla/5.0 (Windows NT 10.0; Win64; x64) AppleWebKit/537.36 (KHTML, like Gecko) Chrome/133.0.0.0 Safari/537.36"
188.26.190.162 - - [03/Mar/2025:12:53:05 +0100] "GET /Jurek/eurofirany/images/398635/8.jpg HTTP/2.0" 200 189942 "https://content.emag.network/" "Mozilla/5.0 (Windows NT 10.0; Win64; x64) AppleWebKit/537.36 (KHTML, like Gecko) Chrome/133.0.0.0 Safari/537.36"
188.26.190.162 - - [03/Mar/2025:12:53:05 +0100] "GET /Jurek/eurofirany/images/398635/9.jpg HTTP/2.0" 200 188075 "https://content.emag.network/" "Mozilla/5.0 (Windows NT 10.0; Win64; x64) AppleWebKit/537.36 (KHTML, like Gecko) Chrome/133.0.0.0 Safari/537.36"
46.101.116.244 - - [03/Mar/2025:12:53:21 +0100] "GET /Jurek/beliani/feeds/beliani_alza.xml HTTP/2.0" 200 15192989 "-" "-"
46.101.116.244 - - [03/Mar/2025:12:53:43 +0100] "GET /Jurek/vivaldi/feeds/vivaldi_alza.xml HTTP/2.0" 200 344830 "-" "-"
46.101.116.244 - - [03/Mar/2025:12:53:54 +0100] "GET /Jurek/ikonka/feeds/ikonka_alza.xml HTTP/2.0" 200 21456610 "-" "-"
46.101.116.244 - - [03/Mar/2025:12:54:07 +0100] "GET /Jurek/stema/feeds/stema_alza.xml HTTP/2.0" 200 839200 "-" "-"
89.161.206.59 - - [03/Mar/2025:12:54:08 +0100] "GET /Jurek/ikonka/feeds/ikonka_ebayde.xml HTTP/1.0" 200 6574380 "-" "-"
46.101.116.244 - - [03/Mar/2025:12:54:19 +0100] "GET /Jurek/kinghoff/feeds/kinghoff_alza.xml HTTP/2.0" 200 15081523 "-" "-"
89.161.206.59 - - [03/Mar/2025:12:54:28 +0100] "GET /Jurek/kinghoff/feeds/kinghoff_amazon_de.xml HTTP/1.0" 200 15077422 "-" "-"
46.101.116.244 - - [03/Mar/2025:12:54:36 +0100] "GET /Jurek/bass/feeds/bass_mallczsh.xml HTTP/2.0" 200 3987406 "-" "-"
89.161.206.59 - - [03/Mar/2025:12:54:40 +0100] "GET /Jurek/bass/feeds/bass_amazonde.xml HTTP/1.0" 200 3985190 "-" "-"
89.161.206.59 - - [03/Mar/2025:12:54:41 +0100] "GET /Jurek/bass/feeds/bass_amazonit.xml HTTP/1.0" 200 3985222 "-" "-"
89.161.206.59 - - [03/Mar/2025:12:54:43 +0100] "GET /Jurek/bass/feeds/bass_amazonnl.xml HTTP/1.0" 200 3985182 "-" "-"
89.161.206.59 - - [03/Mar/2025:12:54:44 +0100] "GET /Jurek/bass/feeds/bass_amazones.xml HTTP/1.0" 200 3985263 "-" "-"
89.161.206.59 - - [03/Mar/2025:12:54:46 +0100] "GET /Jurek/bass/feeds/bass_amazonse.xml HTTP/1.0" 200 3987022 "-" "-"
66.211.183.70 - - [03/Mar/2025:12:54:47 +0100] "GET /Jurek/eurofirany/images/416016/0.jpg HTTP/1.1" 200 65316 "-" "scalaj-http/2.4.2"
46.101.116.244 - - [03/Mar/2025:12:55:04 +0100] "GET /Jurek/slayo/feeds/slayo_mallczsh.xml HTTP/2.0" 200 195554 "-" "-"
89.161.206.59 - - [03/Mar/2025:12:55:10 +0100] "GET /Jurek/ekuchcikowo/feeds/ekuchcikowo_skroutz.xml HTTP/1.0" 200 13394625 "-" "-"
46.101.116.244 - - [03/Mar/2025:12:55:14 +0100] "GET /Jurek/mosti/feeds/mosti_mallczsh.xml HTTP/2.0" 200 9251665 "-" "-"
46.101.116.244 - - [03/Mar/2025:12:55:15 +0100] "GET /Jurek/amzteam/feeds/amzteam_mallczsh.xml HTTP/2.0" 200 97918 "-" "-"
46.101.116.244 - - [03/Mar/2025:12:55:15 +0100] "GET /Jurek/artdog/feeds/artdog_mallczsh.xml HTTP/2.0" 200 15939048 "-" "-"
46.101.116.244 - - [03/Mar/2025:12:55:17 +0100] "GET /Jurek/kambukka/feeds/kambukka_mallczsh.xml HTTP/2.0" 200 1043669 "-" "-"
46.101.116.244 - - [03/Mar/2025:12:55:34 +0100] "GET /Jurek/swiatecznygoliat/feeds/swiatecznygoliat_mallczsh.xml HTTP/2.0" 200 7057188 "-" "-"
66.211.183.74 - - [03/Mar/2025:12:56:04 +0100] "GET /Jurek/eurofirany/images/382241/0.jpg HTTP/1.1" 200 100949 "-" "scalaj-http/2.4.2"
46.101.116.244 - - [03/Mar/2025:12:56:35 +0100] "GET /Jurek/aw/feeds/aw_fnacfr.xml HTTP/1.0" 404 3551 "-" "-"
46.101.116.244 - - [03/Mar/2025:12:56:38 +0100] "GET /Jurek/topeshop/feeds/topeshop_mallczsh.xml HTTP/2.0" 200 2407787 "-" "-"
46.101.116.244 - - [03/Mar/2025:12:56:49 +0100] "GET /Filip/feeds/xlsx_ceneo.xml HTTP/1.0" 200 6241376 "-" "-"
89.161.206.59 - - [03/Mar/2025:12:57:10 +0100] "GET /Jurek/kobi/feeds/kobi_skroutz.xml HTTP/1.0" 200 1993302 "-" "-"
89.161.206.59 - - [03/Mar/2025:12:57:10 +0100] "GET /Jurek/evil/feeds/evil_skroutz.xml HTTP/1.0" 200 252476 "-" "-"
89.161.206.59 - - [03/Mar/2025:12:57:11 +0100] "GET /Jurek/twojsklep/feeds/twojsklep_skroutz.xml HTTP/1.0" 200 126787 "-" "-"
89.161.206.59 - - [03/Mar/2025:12:57:11 +0100] "GET /Jurek/sartrix/feeds/sartrix_skroutz.xml HTTP/1.0" 200 649178 "-" "-"
89.161.206.59 - - [03/Mar/2025:12:57:12 +0100] "GET /Jurek/wenom/feeds/wenom_skroutz.xml HTTP/1.0" 200 583220 "-" "-"
89.161.206.59 - - [03/Mar/2025:12:57:14 +0100] "GET /Jurek/luxma/feeds/luxma_skroutz.xml HTTP/1.0" 200 4420027 "-" "-"
89.161.206.59 - - [03/Mar/2025:12:57:15 +0100] "GET /Jurek/drewdon/feeds/drewdon_skroutz.xml HTTP/1.0" 200 358927 "-" "-"
89.161.206.59 - - [03/Mar/2025:12:57:16 +0100] "GET /Jurek/zepnij/feeds/zepnij_skroutz.xml HTTP/1.0" 200 19523003 "-" "-"
89.161.206.59 - - [03/Mar/2025:12:57:18 +0100] "GET /Jurek/primohurt/feeds/primohurt_skroutz.xml HTTP/1.0" 200 17186628 "-" "-"
89.161.206.59 - - [03/Mar/2025:12:57:19 +0100] "GET /Jurek/dekoele/feeds/dekoele_skroutz.xml HTTP/1.0" 200 378800 "-" "-"
89.161.206.59 - - [03/Mar/2025:12:57:19 +0100] "GET /Jurek/rider/feeds/rider_skroutz.xml HTTP/1.0" 200 8165162 "-" "-"
89.161.206.59 - - [03/Mar/2025:12:57:21 +0100] "GET /Jurek/expertauto/feeds/expertauto_skroutz.xml HTTP/1.0" 200 1158926 "-" "-"
89.161.206.59 - - [03/Mar/2025:12:57:28 +0100] "GET /Jurek/qbox/feeds/qbox_skroutz.xml HTTP/1.0" 200 398718 "-" "-"
89.161.206.59 - - [03/Mar/2025:12:57:30 +0100] "GET /Jurek/emaja24/feeds/emaja24_skroutz.xml HTTP/1.0" 200 5110180 "-" "-"
66.249.66.68 - - [03/Mar/2025:12:58:37 +0100] "GET /Jurek/topeshop/downloaded_images/5904507201906_MIJASBIURKOBRY%C5%81KAANTRACYTLEWEBOKkOT.jpg HTTP/1.1" 404 3551 "-" "Googlebot-Image/1.0"
89.161.206.59 - - [03/Mar/2025:12:59:36 +0100] "GET /Jurek/ekotex/feeds/ekotex_skroutz.xml HTTP/1.0" 200 197810 "-" "-"
89.161.206.59 - - [03/Mar/2025:12:59:36 +0100] "GET /Jurek/motofan/feeds/motofan_skroutz.xml HTTP/1.0" 200 2392158 "-" "-"
66.211.183.72 - - [03/Mar/2025:12:59:41 +0100] "GET /Jurek/eurofirany/images/383338/0.jpg HTTP/1.1" 200 76845 "-" "scalaj-http/2.4.2"
164.92.232.189 - - [03/Mar/2025:13:00:01 +0100] "GET /subskrypcje/AMD/feeds/amd_cz.xml HTTP/1.1" 200 518486 "-" "-"
164.92.232.189 - - [03/Mar/2025:13:00:12 +0100] "GET /subskrypcje/AMD/feeds/amd_sk.xml HTTP/1.1" 200 528562 "-" "-"
164.92.232.189 - - [03/Mar/2025:13:00:12 +0100] "GET /subskrypcje/OverHorse/overhorse_mallcz.xml HTTP/1.1" 200 112935 "-" "-"
46.101.116.244 - - [03/Mar/2025:13:00:13 +0100] "GET /Jurek/activeshop/feeds/activeshop_mallczsh.xml HTTP/2.0" 200 10467627 "-" "-"
66.211.183.73 - - [03/Mar/2025:13:00:15 +0100] "GET /Jurek/eurofirany/images/420598/0.jpg HTTP/1.1" 200 0 "-" "scalaj-http/2.4.2"
46.101.116.244 - - [03/Mar/2025:13:00:16 +0100] "GET /Jurek/hurtownia_przemyslowa/feeds/hp_velomarket.xml HTTP/1.0" 200 49623314 "-" "-"
164.92.232.189 - - [03/Mar/2025:13:00:23 +0100] "GET /subskrypcje/mondex/feeds/mondex_mall_cz.xml HTTP/1.1" 200 2203515 "-" "-"
46.101.116.244 - - [03/Mar/2025:13:00:32 +0100] "GET /Jurek/benbaby/feeds/benbaby_velo.xml HTTP/1.0" 200 3783799 "-" "-"
46.101.116.244 - - [03/Mar/2025:13:00:33 +0100] "GET /Jurek/aw/feeds/awnarzedzia_velomarket.xml HTTP/1.0" 200 8390289 "-" "-"
85.14.86.141 - - [03/Mar/2025:13:00:39 +0100] "GET /Jurek/vida_morele/feeds/VidaPL_all.xml HTTP/2.0" 200 690844458 "-" "MarketplaceAPI curl/7.64.0 PHP/8"
52.17.80.36 - - [03/Mar/2025:13:00:40 +0100] "GET /marketplaces/ubaldi/results/ubaldi.csv HTTP/1.1" 200 147219 "-" "Mirakl HttpClient"
46.101.116.244 - - [03/Mar/2025:13:01:32 +0100] "GET /Jurek/aw/feeds/aw_fnacfr.xml HTTP/1.0" 404 3551 "-" "-"
46.175.227.131 - - [03/Mar/2025:13:01:38 +0100] "GET /Jurek/hlo/output.txt HTTP/2.0" 200 9172 "https://konsola.dkkapusta1997.usermd.net/" "Mozilla/5.0 (Windows NT 10.0; Win64; x64) AppleWebKit/537.36 (KHTML, like Gecko) Chrome/133.0.0.0 Safari/537.36"
46.101.116.244 - - [03/Mar/2025:13:01:47 +0100] "GET /Filip/feeds/xlsx_ceneo.xml HTTP/1.0" 200 6241376 "-" "-"
46.175.227.131 - - [03/Mar/2025:13:01:47 +0100] "GET /Jurek/hlo/feeds/hlo_emagro.xml HTTP/2.0" 200 4838854 "https://konsola.dkkapusta1997.usermd.net/" "Mozilla/5.0 (Windows NT 10.0; Win64; x64) AppleWebKit/537.36 (KHTML, like Gecko) Chrome/133.0.0.0 Safari/537.36"
66.249.66.66 - - [03/Mar/2025:13:01:54 +0100] "GET /Jurek/eurofirany/images/401114/1.jpg HTTP/1.1" 200 98289 "-" "Googlebot-Image/1.0"
52.17.80.36 - - [03/Mar/2025:13:01:56 +0100] "GET /marketplaces/rue/results/rue.csv HTTP/1.1" 200 147219 "-" "Mirakl HttpClient"
66.249.66.66 - - [03/Mar/2025:13:01:57 +0100] "GET /Jurek/eurofirany/images/401114/4.jpg HTTP/1.1" 200 176887 "-" "Googlebot-Image/1.0"
66.249.66.66 - - [03/Mar/2025:13:02:00 +0100] "GET /Jurek/eurofirany/images/401114/3.jpg HTTP/1.1" 200 69844 "-" "Googlebot-Image/1.0"
46.101.116.244 - - [03/Mar/2025:13:02:03 +0100] "GET /Jurek/vida_morele/feeds/vidaPL_velomarket.xml HTTP/1.0" 200 690849304 "-" "-"
85.14.86.141 - - [03/Mar/2025:13:02:20 +0100] "GET /Jurek/kinghoff/feeds/kinghoff_morele.xml HTTP/2.0" 200 15078075 "-" "MarketplaceAPI curl/7.64.0 PHP/8"
66.211.183.73 - - [03/Mar/2025:13:02:25 +0100] "GET /Jurek/eurofirany/images/438608/0.jpg HTTP/1.1" 200 167089 "-" "scalaj-http/2.4.2"
66.211.183.74 - - [03/Mar/2025:13:02:44 +0100] "GET /Jurek/eurofirany/images/383863/0.jpg HTTP/1.1" 200 184231 "-" "scalaj-http/2.4.2"
66.211.183.72 - - [03/Mar/2025:13:02:45 +0100] "GET /Jurek/eurofirany/images/404489/0.jpg HTTP/1.1" 200 34209 "-" "scalaj-http/2.4.2"
66.211.183.70 - - [03/Mar/2025:13:02:47 +0100] "GET /Jurek/eurofirany/images/390337/0.jpg HTTP/1.1" 200 136029 "-" "scalaj-http/2.4.2"
66.211.183.73 - - [03/Mar/2025:13:03:02 +0100] "GET /Jurek/eurofirany/images/383336/0.jpg HTTP/1.1" 200 76845 "-" "scalaj-http/2.4.2"
66.211.183.73 - - [03/Mar/2025:13:03:14 +0100] "GET /Jurek/eurofirany/images/401109/0.jpg HTTP/1.1" 200 119799 "-" "scalaj-http/2.4.2"
66.211.183.74 - - [03/Mar/2025:13:03:40 +0100] "GET /Jurek/eurofirany/images/438725/0.jpg HTTP/1.1" 200 82418 "-" "scalaj-http/2.4.2"
89.161.206.59 - - [03/Mar/2025:13:03:52 +0100] "GET /Jurek/hlo/feeds/hlo_emagro.xml HTTP/1.0" 200 4838854 "-" "-"
85.14.86.141 - - [03/Mar/2025:13:04:05 +0100] "GET /Jurek/eurofirany/feeds/eurofirany_morele.xml HTTP/2.0" 200 18993947 "-" "MarketplaceAPI curl/7.64.0 PHP/8"
66.135.202.75 - - [03/Mar/2025:13:04:07 +0100] "GET /Jurek/eurofirany/images/425640/0.jpg HTTP/1.1" 200 24644 "-" "Java/17.0.12.0.101"
85.14.86.141 - - [03/Mar/2025:13:04:16 +0100] "GET /Jurek/vivaldi/feeds/vivaldi_Morele-PL.xml HTTP/2.0" 200 344674 "-" "MarketplaceAPI curl/7.64.0 PHP/8"
46.101.116.244 - - [03/Mar/2025:13:04:51 +0100] "GET /Jurek/hurtownia_przemyslowa/feeds/hp_mallczsh.xml HTTP/2.0" 200 49638222 "-" "-"
85.14.86.141 - - [03/Mar/2025:13:05:28 +0100] "GET /Jurek/vida_morele/feeds/VidaPL_morele.xml HTTP/2.0" 200 690844202 "-" "MarketplaceAPI curl/7.64.0 PHP/8"
46.101.116.244 - - [03/Mar/2025:13:05:40 +0100] "GET /Jurek/action/feeds/action_mallczsh.xml HTTP/2.0" 200 55202839 "-" "-"
85.14.86.141 - - [03/Mar/2025:13:05:45 +0100] "GET /Jurek/aw/feeds/awnarzedzia_morele.xml HTTP/2.0" 200 90364592 "-" "MarketplaceAPI curl/7.64.0 PHP/8"
89.161.206.59 - - [03/Mar/2025:13:05:51 +0100] "GET /Jurek/kambukka/feeds/kambukka_amazones.xml HTTP/1.0" 200 1043809 "-" "-"
66.211.183.74 - - [03/Mar/2025:13:05:57 +0100] "GET /Jurek/eurofirany/images/372641/0.jpg HTTP/1.1" 200 59591 "-" "scalaj-http/2.4.2"
89.161.206.59 - - [03/Mar/2025:13:06:00 +0100] "GET /Jurek/waks/feeds/waks_amazonde.xml HTTP/1.0" 200 6332857 "-" "-"
89.161.206.59 - - [03/Mar/2025:13:06:02 +0100] "GET /Jurek/waks/feeds/waks_amazonfr.xml HTTP/1.0" 200 6332875 "-" "-"
89.161.206.59 - - [03/Mar/2025:13:06:04 +0100] "GET /Jurek/waks/feeds/waks_amazonse.xml HTTP/1.0" 200 6335353 "-" "-"
89.161.206.59 - - [03/Mar/2025:13:06:07 +0100] "GET /Jurek/hdwr/feeds/hdwr_amazonde.xml HTTP/1.0" 200 777774 "-" "-"
85.14.86.141 - - [03/Mar/2025:13:06:07 +0100] "GET /Jurek/miloohome/feeds/miloohome_morele.xml HTTP/2.0" 200 1421250 "-" "MarketplaceAPI curl/7.64.0 PHP/8"
89.161.206.59 - - [03/Mar/2025:13:06:08 +0100] "GET /Jurek/hdwr/feeds/hdwr_amazonfr.xml HTTP/1.0" 200 777787 "-" "-"
89.161.206.59 - - [03/Mar/2025:13:06:10 +0100] "GET /Jurek/kambukka/feeds/kambukka_amazonde.xml HTTP/1.0" 200 1043800 "-" "-"
89.161.206.59 - - [03/Mar/2025:13:06:11 +0100] "GET /Jurek/benetech/feeds/benetech_amazonde.xml HTTP/1.0" 200 4451887 "-" "-"
89.161.206.59 - - [03/Mar/2025:13:06:11 +0100] "GET /Jurek/sempler/feeds/sempler_amazonbe.xml HTTP/1.0" 200 6553279 "-" "-"
85.14.86.141 - - [03/Mar/2025:13:06:11 +0100] "GET /Jurek/beliani/feeds/beliani_morele.xml HTTP/2.0" 200 31889570 "-" "MarketplaceAPI curl/7.64.0 PHP/8"
89.161.206.59 - - [03/Mar/2025:13:06:12 +0100] "GET /Jurek/kambukka/feeds/kambukka_amazonbe.xml HTTP/1.0" 200 1043814 "-" "-"
89.161.206.59 - - [03/Mar/2025:13:06:13 +0100] "GET /Jurek/eroplace/feeds/eroplace_amazonse.xml HTTP/1.0" 200 30863420 "-" "-"
89.161.206.59 - - [03/Mar/2025:13:06:23 +0100] "GET /Jurek/b3/feeds/b3_amazones.xml HTTP/1.0" 200 7270758 "-" "-"
89.161.206.59 - - [03/Mar/2025:13:06:25 +0100] "GET /Jurek/b3/feeds/b3_amazonbe.xml HTTP/1.0" 200 7270383 "-" "-"
89.161.206.59 - - [03/Mar/2025:13:06:26 +0100] "GET /Jurek/oromed/feeds/oromed_amazones.xml HTTP/1.0" 200 1048818 "-" "-"
89.161.206.59 - - [03/Mar/2025:13:06:26 +0100] "GET /Jurek/oromed/feeds/oromed_amazonse.xml HTTP/1.0" 200 1049022 "-" "-"
89.161.206.59 - - [03/Mar/2025:13:06:27 +0100] "GET /Jurek/oromed/feeds/oromed_amazonbe.xml HTTP/1.0" 200 1048818 "-" "-"
89.161.206.59 - - [03/Mar/2025:13:06:27 +0100] "GET /Jurek/oromed/feeds/oromed_amazonfr.xml HTTP/1.0" 200 1048826 "-" "-"
66.249.66.68 - - [03/Mar/2025:13:06:35 +0100] "GET /Jurek/eurofirany/images/386712/1.jpg HTTP/1.1" 200 145951 "-" "Googlebot-Image/1.0"
66.211.183.71 - - [03/Mar/2025:13:06:35 +0100] "GET /Jurek/eurofirany/images/398807/0.jpg HTTP/1.1" 200 31541 "-" "scalaj-http/2.4.2"
46.101.116.244 - - [03/Mar/2025:13:06:47 +0100] "GET /Jurek/aw/feeds/aw_fnacfr.xml HTTP/1.0" 404 3551 "-" "-"
89.161.206.59 - - [03/Mar/2025:13:06:49 +0100] "GET /Jurek/topeshop/feeds/topeshop_cdsc.xml HTTP/1.0" 200 2421055 "-" "-"
46.101.116.244 - - [03/Mar/2025:13:06:51 +0100] "GET /Jurek/vida_morele/feeds/vidaPL_velomarket_category0.xml HTTP/1.0" 200 138675476 "-" "-"
46.101.116.244 - - [03/Mar/2025:13:07:54 +0100] "GET /Filip/feeds/xlsx_ceneo.xml HTTP/1.0" 200 6241376 "-" "-"
46.101.116.244 - - [03/Mar/2025:13:08:33 +0100] "GET /Jurek/vidaCZ/feeds/vidaGS1_cz_Mall.xml HTTP/2.0" 200 654696494 "-" "-"
66.211.183.71 - - [03/Mar/2025:13:09:00 +0100] "GET /Jurek/eurofirany/images/389610/0.jpg HTTP/1.1" 200 135761 "-" "scalaj-http/2.4.2"
66.211.183.72 - - [03/Mar/2025:13:09:05 +0100] "GET /Jurek/eurofirany/images/438712/0.jpg HTTP/1.1" 200 104800 "-" "scalaj-http/2.4.2"
3.74.7.74 - - [03/Mar/2025:13:09:20 +0100] "GET /Jurek/topeshop/downloaded_images/5904507209056_Bry%C5%82a_kaszmir_20st0005.jpg HTTP/2.0" 200 31618 "-" "Mozilla/5.0 (Windows NT 10.0; Win64; x64) AppleWebKit/537.36 (KHTML, like Gecko) Chrome/109.0.0.0 Safari/537.36"
18.157.125.26 - - [03/Mar/2025:13:09:22 +0100] "GET /Jurek/topeshop/downloaded_images/5904507209056_Bry%C5%82a_kaszmir_20st0005.jpg HTTP/2.0" 200 31618 "-" "Mozilla/5.0 (Windows NT 10.0; Win64; x64) AppleWebKit/537.36 (KHTML, like Gecko) Chrome/109.0.0.0 Safari/537.36"
89.161.206.59 - - [03/Mar/2025:13:09:35 +0100] "GET /Jurek/domzapachy/feeds/domzapachy_skroutz.xml HTTP/1.0" 200 179626 "-" "-"
46.101.116.244 - - [03/Mar/2025:13:09:50 +0100] "GET /Jurek/teamson/feeds/teamson_mallczsh.xml HTTP/2.0" 200 1095176 "-" "-"
89.161.206.59 - - [03/Mar/2025:13:09:53 +0100] "GET /Jurek/benetech/feeds/benetech_aliex.xml HTTP/1.0" 200 4452188 "-" "-"
89.161.206.59 - - [03/Mar/2025:13:09:53 +0100] "GET /Jurek/slayo/feeds/slayo_aliex.xml HTTP/1.0" 200 195549 "-" "-"
89.161.206.59 - - [03/Mar/2025:13:09:53 +0100] "GET /Jurek/hdwr/feeds/hdwr_aliex.xml HTTP/1.0" 200 777952 "-" "-"
89.161.206.59 - - [03/Mar/2025:13:09:53 +0100] "GET /Jurek/targethome/feeds/targethome_aliex.xml HTTP/1.0" 200 683647 "-" "-"
89.161.206.59 - - [03/Mar/2025:13:09:54 +0100] "GET /Jurek/amzteam/feeds/amzteam_aliex.xml HTTP/1.0" 200 97912 "-" "-"
89.161.206.59 - - [03/Mar/2025:13:09:54 +0100] "GET /Jurek/ralmetal/feeds/ralmetal_aliex.xml HTTP/1.0" 200 1787420 "-" "-"
89.161.206.59 - - [03/Mar/2025:13:09:54 +0100] "GET /Jurek/cbdgreen/feeds/cbdgreen_aliex.xml HTTP/1.0" 200 50240 "-" "-"
89.161.206.59 - - [03/Mar/2025:13:09:54 +0100] "GET /Jurek/drops/feeds/dropsofficecolection_aliex.xml HTTP/1.0" 200 788426 "-" "-"
89.161.206.59 - - [03/Mar/2025:13:09:54 +0100] "GET /Jurek/szpaklampy/feeds/szpaklampy_aliex.xml HTTP/1.0" 200 416581 "-" "-"
89.161.206.59 - - [03/Mar/2025:13:09:55 +0100] "GET /Jurek/velinda/feeds/velinda_aliex.xml HTTP/1.0" 200 4282991 "-" "-"
89.161.206.59 - - [03/Mar/2025:13:09:55 +0100] "GET /Jurek/spali/feeds/spali_aliex.xml HTTP/1.0" 200 101970 "-" "-"
46.101.116.244 - - [03/Mar/2025:13:10:01 +0100] "GET /Jurek/ml_meble/feeds/ml_meble_mallczsh.xml HTTP/2.0" 404 3551 "-" "-"
46.101.116.244 - - [03/Mar/2025:13:10:12 +0100] "GET /Jurek/unimet/feeds/unimet_mallczsh.xml HTTP/2.0" 200 60266900 "-" "-"
185.6.76.18 - - [03/Mar/2025:13:10:16 +0100] "GET /marketplaces/skroutz/feeds/shumee.xml HTTP/1.1" 200 348127939 "-" "SkroutzBot v1.0"
66.211.183.71 - - [03/Mar/2025:13:10:32 +0100] "GET /Jurek/eurofirany/images/383336/0.jpg HTTP/1.1" 200 76845 "-" "scalaj-http/2.4.2"
46.101.116.244 - - [03/Mar/2025:13:10:42 +0100] "GET /Jurek/beliani/feeds/beliani_cz_mallcz.xml HTTP/2.0" 200 23072360 "-" "-"
89.161.206.59 - - [03/Mar/2025:13:10:58 +0100] "GET /Jurek/oromed/feeds/oromed_amazonit.xml HTTP/1.0" 200 1048829 "-" "-"
66.211.183.72 - - [03/Mar/2025:13:11:18 +0100] "GET /Jurek/eurofirany/images/390121/0.jpg HTTP/1.1" 200 168905 "-" "scalaj-http/2.4.2"
46.101.116.244 - - [03/Mar/2025:13:11:21 +0100] "GET /Jurek/rovicky/feeds/rovicky_mallczsh.xml HTTP/2.0" 200 14005450 "-" "-"
46.101.116.244 - - [03/Mar/2025:13:11:33 +0100] "GET /Jurek/detian/feeds/detian_mallczsh.xml HTTP/2.0" 404 3551 "-" "-"
66.211.183.74 - - [03/Mar/2025:13:11:36 +0100] "GET /Jurek/eurofirany/images/390196/0.jpg HTTP/1.1" 200 162081 "-" "scalaj-http/2.4.2"
3.74.7.74 - - [03/Mar/2025:13:11:41 +0100] "GET /Jurek/eurofirany/images/432127/0.jpg HTTP/2.0" 200 68100 "-" "Mozilla/5.0 (Windows NT 10.0; Win64; x64) AppleWebKit/537.36 (KHTML, like Gecko) Chrome/109.0.0.0 Safari/537.36"
46.101.116.244 - - [03/Mar/2025:13:11:44 +0100] "GET /Jurek/ikonka/feeds/ikonka_mallczsh.xml HTTP/2.0" 200 21456477 "-" "-"
66.211.183.73 - - [03/Mar/2025:13:11:45 +0100] "GET /Jurek/eurofirany/images/383177/0.jpg HTTP/1.1" 200 75101 "-" "scalaj-http/2.4.2"
46.101.116.244 - - [03/Mar/2025:13:11:45 +0100] "GET /Jurek/aw/feeds/aw_fnacfr.xml HTTP/1.0" 404 3551 "-" "-"
46.101.116.244 - - [03/Mar/2025:13:12:00 +0100] "GET /Jurek/candellux/feeds/candellux_mallczsh.xml HTTP/2.0" 200 466317 "-" "-"
46.101.116.244 - - [03/Mar/2025:13:12:04 +0100] "GET /Filip/feeds/xlsx_ceneo.xml HTTP/1.0" 200 6241376 "-" "-"
46.101.116.244 - - [03/Mar/2025:13:12:11 +0100] "GET /Jurek/andex/feeds/andex_mallczsh.xml HTTP/2.0" 200 1954493 "-" "-"
46.101.116.244 - - [03/Mar/2025:13:12:22 +0100] "GET /Jurek/barbecook/feeds/barbecook_mallczsh.xml HTTP/2.0" 200 87609 "-" "-"
46.101.116.244 - - [03/Mar/2025:13:12:33 +0100] "GET /Jurek/duka/feeds/duka_mallczsh.xml HTTP/2.0" 200 57 "-" "-"
84.232.147.111 - - [03/Mar/2025:13:12:36 +0100] "GET /Jurek/eurofirany/images/387148/2.jpg HTTP/2.0" 200 62897 "https://www.emag.ro/fata-de-perna-daria-40-x-40-cm-otel-eurofirany-387148/pd/D57K5LMBM/" "Mozilla/5.0 (Windows NT 10.0; Win64; x64) AppleWebKit/537.36 (KHTML, like Gecko) Chrome/133.0.0.0 Safari/537.36"
84.232.147.111 - - [03/Mar/2025:13:12:36 +0100] "GET /Jurek/eurofirany/images/387148/1.jpg HTTP/2.0" 200 54294 "https://www.emag.ro/fata-de-perna-daria-40-x-40-cm-otel-eurofirany-387148/pd/D57K5LMBM/" "Mozilla/5.0 (Windows NT 10.0; Win64; x64) AppleWebKit/537.36 (KHTML, like Gecko) Chrome/133.0.0.0 Safari/537.36"
84.232.147.111 - - [03/Mar/2025:13:12:36 +0100] "GET /Jurek/eurofirany/images/387148/3.jpg HTTP/2.0" 200 91559 "https://www.emag.ro/fata-de-perna-daria-40-x-40-cm-otel-eurofirany-387148/pd/D57K5LMBM/" "Mozilla/5.0 (Windows NT 10.0; Win64; x64) AppleWebKit/537.36 (KHTML, like Gecko) Chrome/133.0.0.0 Safari/537.36"
46.101.116.244 - - [03/Mar/2025:13:12:43 +0100] "GET /Jurek/miloohome/feeds/miloohome_mallczsh.xml HTTP/2.0" 200 1421876 "-" "-"
46.101.116.244 - - [03/Mar/2025:13:12:54 +0100] "GET /Jurek/stema/feeds/stema_mallczsh.xml HTTP/2.0" 200 839214 "-" "-"
46.101.116.244 - - [03/Mar/2025:13:13:08 +0100] "GET /Jurek/aw/feeds/awnarzedzia_mallczsh.xml HTTP/2.0" 200 90457453 "-" "-"
185.6.76.166 - - [03/Mar/2025:13:13:45 +0100] "GET /Jurek/eurofirany/images/416907/0.jpg HTTP/1.1" 200 70462 "-" "Skroutz ImageBot v1"
193.33.8.61 - - [03/Mar/2025:13:13:47 +0100] "GET /Jurek/matkam/feeds/matkam_cdon_se.xml HTTP/2.0" 200 5002399 "https://konsola.dkkapusta1997.usermd.net/" "Mozilla/5.0 (Windows NT 10.0; Win64; x64) AppleWebKit/537.36 (KHTML, like Gecko) Chrome/133.0.0.0 Safari/537.36"
185.6.76.166 - - [03/Mar/2025:13:13:58 +0100] "GET /Jurek/eurofirany/images/416907/1.jpg HTTP/1.1" 200 86315 "-" "Skroutz ImageBot v1"
185.6.76.166 - - [03/Mar/2025:13:13:58 +0100] "GET /Jurek/eurofirany/images/416907/3.jpg HTTP/1.1" 200 113979 "-" "Skroutz ImageBot v1"
185.6.76.166 - - [03/Mar/2025:13:13:58 +0100] "GET /Jurek/eurofirany/images/416907/2.jpg HTTP/1.1" 200 37646 "-" "Skroutz ImageBot v1"
185.6.76.166 - - [03/Mar/2025:13:13:58 +0100] "GET /Jurek/eurofirany/images/416907/4.jpg HTTP/1.1" 200 148814 "-" "Skroutz ImageBot v1"
77.79.248.229 - - [03/Mar/2025:13:13:59 +0100] "GET /Jurek/matkam/feeds/matkam_cdon_se.xml HTTP/1.1" 200 5002399 "-" "Python-urllib/3.11"
66.249.66.67 - - [03/Mar/2025:13:14:35 +0100] "GET /Jurek/eurofirany/images/45640/5.jpg HTTP/1.1" 200 67223 "-" "Googlebot-Image/1.0"
66.211.183.74 - - [03/Mar/2025:13:14:44 +0100] "GET /Jurek/eurofirany/images/416134/0.jpg HTTP/1.1" 200 108715 "-" "scalaj-http/2.4.2"
46.101.116.244 - - [03/Mar/2025:13:14:48 +0100] "GET /Jurek/update_twm_on_mall/feeds/twm_all_cats.xml HTTP/1.1" 200 99470 "-" "-"
46.101.116.244 - - [03/Mar/2025:13:15:24 +0100] "GET /Jurek/vida_morele/feeds/vida_mallczsh.xml HTTP/2.0" 200 692214079 "-" "-"
46.175.227.131 - - [03/Mar/2025:13:15:34 +0100] "GET /Jurek/playcob/output.txt HTTP/2.0" 200 31035 "https://konsola.dkkapusta1997.usermd.net/" "Mozilla/5.0 (Windows NT 10.0; Win64; x64) AppleWebKit/537.36 (KHTML, like Gecko) Chrome/133.0.0.0 Safari/537.36"
46.175.227.131 - - [03/Mar/2025:13:15:42 +0100] "GET /Jurek/playcob/feeds/playcob_emagro.xml HTTP/2.0" 200 6980961 "https://konsola.dkkapusta1997.usermd.net/" "Mozilla/5.0 (Windows NT 10.0; Win64; x64) AppleWebKit/537.36 (KHTML, like Gecko) Chrome/133.0.0.0 Safari/537.36"
46.101.116.244 - - [03/Mar/2025:13:15:58 +0100] "GET /Jurek/aw/feeds/aw_fnacfr.xml HTTP/1.0" 404 3551 "-" "-"
46.101.116.244 - - [03/Mar/2025:13:16:13 +0100] "GET /Filip/feeds/xlsx_ceneo.xml HTTP/1.0" 200 6241376 "-" "-"
66.211.183.70 - - [03/Mar/2025:13:16:47 +0100] "GET /Jurek/topeshop/downloaded_images/5904507209858_Image0007_mini.jpg HTTP/1.1" 404 3551 "-" "scalaj-http/2.4.2"
66.211.183.72 - - [03/Mar/2025:13:16:51 +0100] "GET /Jurek/eurofirany/images/404521/0.jpg HTTP/1.1" 200 64334 "-" "scalaj-http/2.4.2"
89.161.206.59 - - [03/Mar/2025:13:16:59 +0100] "GET /Jurek/playcob/feeds/playcob_emagro.xml HTTP/1.0" 200 6980961 "-" "-"
178.21.154.6 - - [03/Mar/2025:13:17:14 +0100] "GET /Jurek/eurofirany/images/396805/0.jpg HTTP/1.1" 200 54824 "-" "-"
66.211.183.74 - - [03/Mar/2025:13:17:29 +0100] "GET /Jurek/eurofirany/images/390430/0.jpg HTTP/1.1" 200 97224 "-" "scalaj-http/2.4.2"
66.211.183.71 - - [03/Mar/2025:13:18:08 +0100] "GET /Jurek/eurofirany/images/438721/0.jpg HTTP/1.1" 200 107908 "-" "scalaj-http/2.4.2"
66.211.183.72 - - [03/Mar/2025:13:18:22 +0100] "GET /Jurek/topeshop/downloaded_images/5904507207441_20st_mijas_lewy_niebieskikopia.png HTTP/1.1" 200 251031 "-" "scalaj-http/2.4.2"
66.211.183.73 - - [03/Mar/2025:13:20:38 +0100] "GET /Jurek/eurofirany/images/383359/0.jpg HTTP/1.1" 200 73387 "-" "scalaj-http/2.4.2"
34.141.69.153 - - [03/Mar/2025:13:21:14 +0100] "GET /Jurek/eurofirany/images/416136/0.jpg HTTP/2.0" 200 92572 "-" "Mozilla/5.0 (Macintosh; Intel Mac OS X 10.15; rv:78.0) Gecko/20100101 Firefox/78.0"
46.101.116.244 - - [03/Mar/2025:13:21:53 +0100] "GET /Jurek/aw/feeds/aw_fnacfr.xml HTTP/1.0" 404 3551 "-" "-"
66.211.183.72 - - [03/Mar/2025:13:22:01 +0100] "GET /Jurek/eurofirany/images/390036/0.jpg HTTP/1.1" 200 194755 "-" "scalaj-http/2.4.2"
46.101.116.244 - - [03/Mar/2025:13:22:10 +0100] "GET /Filip/feeds/xlsx_ceneo.xml HTTP/1.0" 200 6241376 "-" "-"
66.211.183.74 - - [03/Mar/2025:13:23:15 +0100] "GET /Jurek/eurofirany/images/387473/0.jpg HTTP/1.1" 200 189766 "-" "scalaj-http/2.4.2"
89.161.206.59 - - [03/Mar/2025:13:24:04 +0100] "GET /Jurek/aiofactory/feeds/aiofactory_amazonfr.xml HTTP/1.0" 200 2123791 "-" "-"
89.161.206.59 - - [03/Mar/2025:13:24:05 +0100] "GET /Jurek/aiofactory/feeds/aiofactory_amazonit.xml HTTP/1.0" 200 2123783 "-" "-"
89.161.206.59 - - [03/Mar/2025:13:24:05 +0100] "GET /Jurek/aiofactory/feeds/aiofactory_amazonde.xml HTTP/1.0" 200 2123762 "-" "-"
66.135.202.72 - - [03/Mar/2025:13:24:44 +0100] "GET /Jurek/eurofirany/images/389891/0.jpg HTTP/1.1" 200 127388 "-" "Java/17.0.12.0.101"
66.249.66.66 - - [03/Mar/2025:13:24:52 +0100] "GET /Jurek/eurofirany/images/401271/12.jpg HTTP/1.1" 200 333560 "-" "Googlebot-Image/1.0"
66.211.183.74 - - [03/Mar/2025:13:24:54 +0100] "GET /Jurek/eurofirany/images/372639/0.jpg HTTP/1.1" 200 59591 "-" "scalaj-http/2.4.2"
34.141.69.153 - - [03/Mar/2025:13:25:27 +0100] "GET /Jurek/eurofirany/images/401093/0.jpg HTTP/2.0" 200 111956 "-" "Mozilla/5.0 (Macintosh; Intel Mac OS X 10.15; rv:78.0) Gecko/20100101 Firefox/78.0"
66.211.183.73 - - [03/Mar/2025:13:25:36 +0100] "GET /Jurek/topeshop/downloaded_images/5902838467671_2.png HTTP/1.1" 404 3551 "-" "scalaj-http/2.4.2"
66.211.183.73 - - [03/Mar/2025:13:25:59 +0100] "GET /Jurek/eurofirany/images/404523/0.jpg HTTP/1.1" 200 76196 "-" "scalaj-http/2.4.2"
34.159.201.218 - - [03/Mar/2025:13:26:12 +0100] "GET /Jurek/eurofirany/images/372635/0.jpg HTTP/2.0" 200 60417 "-" "Mozilla/5.0 (Macintosh; Intel Mac OS X 10.15; rv:78.0) Gecko/20100101 Firefox/78.0"
89.161.206.59 - - [03/Mar/2025:13:26:14 +0100] "GET /Jurek/eurofirany/feeds/eurofirany_manomanofr.xml HTTP/1.0" 200 18992411 "-" "-"
46.175.227.131 - - [03/Mar/2025:13:26:34 +0100] "GET /Jurek/roger/output.txt HTTP/2.0" 200 1311 "https://konsola.dkkapusta1997.usermd.net/" "Mozilla/5.0 (Windows NT 10.0; Win64; x64) AppleWebKit/537.36 (KHTML, like Gecko) Chrome/133.0.0.0 Safari/537.36"
46.175.227.131 - - [03/Mar/2025:13:27:41 +0100] "GET /Jurek/roger/feeds/roger_emagro.xml HTTP/2.0" 200 1396865 "https://konsola.dkkapusta1997.usermd.net/" "Mozilla/5.0 (Windows NT 10.0; Win64; x64) AppleWebKit/537.36 (KHTML, like Gecko) Chrome/133.0.0.0 Safari/537.36"
66.211.183.72 - - [03/Mar/2025:13:27:46 +0100] "GET /Jurek/eurofirany/images/402860/0.jpg HTTP/1.1" 200 74920 "-" "scalaj-http/2.4.2"
66.249.66.66 - - [03/Mar/2025:13:28:17 +0100] "GET /Jurek/eurofirany/images/386192/1.jpg HTTP/1.1" 200 78230 "-" "Googlebot-Image/1.0"
66.249.66.66 - - [03/Mar/2025:13:28:31 +0100] "GET /Jurek/eurofirany/images/390157/2.jpg HTTP/1.1" 200 192890 "-" "Googlebot-Image/1.0"
46.101.116.244 - - [03/Mar/2025:13:28:44 +0100] "GET /Jurek/kinghoff/feeds/kinghoff_amazon_de.xml HTTP/1.0" 200 15078203 "-" "-"
193.33.8.61 - - [03/Mar/2025:13:28:46 +0100] "GET /Jurek/matkam/output.txt HTTP/2.0" 200 835 "https://konsola.dkkapusta1997.usermd.net/" "Mozilla/5.0 (Windows NT 10.0; Win64; x64) AppleWebKit/537.36 (KHTML, like Gecko) Chrome/133.0.0.0 Safari/537.36"
193.33.8.61 - - [03/Mar/2025:13:28:54 +0100] "GET /Jurek/zepnij/feeds/zepnij_mallsi.xml HTTP/2.0" 200 19522818 "https://konsola.dkkapusta1997.usermd.net/" "Mozilla/5.0 (Windows NT 10.0; Win64; x64) AppleWebKit/537.36 (KHTML, like Gecko) Chrome/133.0.0.0 Safari/537.36"
89.161.206.59 - - [03/Mar/2025:13:29:02 +0100] "GET /Jurek/pupus/feeds/pupus_amazonde.xml HTTP/1.0" 200 6154231 "-" "-"
46.101.116.244 - - [03/Mar/2025:13:29:12 +0100] "GET /Jurek/aw/feeds/aw_fnacfr.xml HTTP/1.0" 404 3551 "-" "-"
193.33.8.61 - - [03/Mar/2025:13:29:21 +0100] "GET /Jurek/matkam/output.txt HTTP/2.0" 200 835 "https://konsola.dkkapusta1997.usermd.net/" "Mozilla/5.0 (Windows NT 10.0; Win64; x64) AppleWebKit/537.36 (KHTML, like Gecko) Chrome/133.0.0.0 Safari/537.36"
66.211.183.71 - - [03/Mar/2025:13:29:21 +0100] "GET /Jurek/eurofirany/images/383466/0.jpg HTTP/1.1" 200 78770 "-" "scalaj-http/2.4.2"
89.161.206.59 - - [03/Mar/2025:13:29:32 +0100] "GET /Jurek/roger/feeds/roger_emagro.xml HTTP/1.0" 200 1396865 "-" "-"
46.101.116.244 - - [03/Mar/2025:13:29:32 +0100] "GET /Filip/feeds/xlsx_ceneo.xml HTTP/1.0" 200 6241376 "-" "-"
193.33.8.61 - - [03/Mar/2025:13:29:33 +0100] "GET /Jurek/zepnij/feeds/zepnij_mallsiSH.xml HTTP/2.0" 200 19522818 "https://konsola.dkkapusta1997.usermd.net/" "Mozilla/5.0 (Windows NT 10.0; Win64; x64) AppleWebKit/537.36 (KHTML, like Gecko) Chrome/133.0.0.0 Safari/537.36"
66.249.66.66 - - [03/Mar/2025:13:30:17 +0100] "GET /Jurek/eurofirany/images/383374/1.jpg HTTP/1.1" 200 52483 "-" "Googlebot-Image/1.0"
66.211.183.72 - - [03/Mar/2025:13:30:24 +0100] "GET /Jurek/eurofirany/images/416444/0.jpg HTTP/1.1" 200 104326 "-" "scalaj-http/2.4.2"
89.161.206.59 - - [03/Mar/2025:13:30:37 +0100] "GET /Jurek/ikonka/feeds/ikonka_skroutz.xml HTTP/1.0" 200 21454227 "-" "-"
66.211.183.72 - - [03/Mar/2025:13:30:43 +0100] "GET /Jurek/eurofirany/images/407884/0.jpg HTTP/1.1" 200 101459 "-" "scalaj-http/2.4.2"
34.159.201.218 - - [03/Mar/2025:13:31:25 +0100] "GET /Jurek/eurofirany/images/383106/0.jpg HTTP/2.0" 200 75271 "-" "Mozilla/5.0 (Macintosh; Intel Mac OS X 10.15; rv:78.0) Gecko/20100101 Firefox/78.0"
66.211.183.71 - - [03/Mar/2025:13:31:42 +0100] "GET /Jurek/eurofirany/images/372650/0.jpg HTTP/1.1" 200 72110 "-" "scalaj-http/2.4.2"
193.33.8.61 - - [03/Mar/2025:13:32:38 +0100] "GET /Jurek/topeshop/downloaded_images/5904507201388_St_decor_0002.jpg HTTP/2.0" 200 63901 "https://itm.ebaydesc.com/" "Mozilla/5.0 (Windows NT 10.0; Win64; x64) AppleWebKit/537.36 (KHTML, like Gecko) Chrome/133.0.0.0 Safari/537.36"
66.211.183.71 - - [03/Mar/2025:13:32:42 +0100] "GET /Jurek/eurofirany/images/396845/0.jpg HTTP/1.1" 200 85871 "-" "scalaj-http/2.4.2"
89.161.206.59 - - [03/Mar/2025:13:32:50 +0100] "GET /Jurek/fernity/feeds/fernity_skroutz.xml HTTP/1.0" 200 5222391 "-" "-"
46.101.116.244 - - [03/Mar/2025:13:32:52 +0100] "GET /Jurek/aw/feeds/aw_fnacfr.xml HTTP/1.0" 404 3551 "-" "-"
66.211.183.73 - - [03/Mar/2025:13:32:56 +0100] "GET /Jurek/eurofirany/images/416441/0.jpg HTTP/1.1" 200 117339 "-" "scalaj-http/2.4.2"
3.126.202.245 - - [03/Mar/2025:13:32:59 +0100] "GET /Jurek/topeshop/downloaded_images/5902838461266_2.png HTTP/2.0" 404 3551 "-" "Mozilla/5.0 (Windows NT 10.0; Win64; x64) AppleWebKit/537.36 (KHTML, like Gecko) Chrome/109.0.0.0 Safari/537.36"
3.126.202.245 - - [03/Mar/2025:13:33:02 +0100] "GET /Jurek/topeshop/downloaded_images/5902838461433_profiloooweeee.jpg HTTP/2.0" 404 3551 "-" "Mozilla/5.0 (Windows NT 10.0; Win64; x64) AppleWebKit/537.36 (KHTML, like Gecko) Chrome/109.0.0.0 Safari/537.36"
3.74.7.74 - - [03/Mar/2025:13:33:02 +0100] "GET /Jurek/topeshop/downloaded_images/5904507205355_antanrtprofil43.jpg HTTP/2.0" 404 3551 "-" "Mozilla/5.0 (Windows NT 10.0; Win64; x64) AppleWebKit/537.36 (KHTML, like Gecko) Chrome/109.0.0.0 Safari/537.36"
18.157.125.26 - - [03/Mar/2025:13:33:02 +0100] "GET /Jurek/topeshop/downloaded_images/5902838461365_S33SONOMABOKBRY%C5%81KA.jpg HTTP/2.0" 404 3551 "-" "Mozilla/5.0 (Windows NT 10.0; Win64; x64) AppleWebKit/537.36 (KHTML, like Gecko) Chrome/109.0.0.0 Safari/537.36"
3.126.202.245 - - [03/Mar/2025:13:33:03 +0100] "GET /Jurek/topeshop/downloaded_images/5904507205348_S40ANTRACYTBRY%C5%81KABOKZM.jpg HTTP/2.0" 404 3551 "-" "Mozilla/5.0 (Windows NT 10.0; Win64; x64) AppleWebKit/537.36 (KHTML, like Gecko) Chrome/109.0.0.0 Safari/537.36"
3.74.7.74 - - [03/Mar/2025:13:33:03 +0100] "GET /Jurek/topeshop/downloaded_images/5902838461372_S33BIELBOKBRY%C5%81KA.jpg HTTP/2.0" 404 3551 "-" "Mozilla/5.0 (Windows NT 10.0; Win64; x64) AppleWebKit/537.36 (KHTML, like Gecko) Chrome/109.0.0.0 Safari/537.36"
3.126.202.245 - - [03/Mar/2025:13:33:03 +0100] "GET /Jurek/topeshop/downloaded_images/5902838467848_profiloweartisan43.jpg HTTP/2.0" 404 3551 "-" "Mozilla/5.0 (Windows NT 10.0; Win64; x64) AppleWebKit/537.36 (KHTML, like Gecko) Chrome/109.0.0.0 Safari/537.36"
3.74.7.74 - - [03/Mar/2025:13:33:03 +0100] "GET /Jurek/topeshop/downloaded_images/5902838461334_S30BIELBOKBRY%C5%81KA.jpg HTTP/2.0" 404 3551 "-" "Mozilla/5.0 (Windows NT 10.0; Win64; x64) AppleWebKit/537.36 (KHTML, like Gecko) Chrome/109.0.0.0 Safari/537.36"
3.126.202.245 - - [03/Mar/2025:13:33:03 +0100] "GET /Jurek/topeshop/downloaded_images/5902838461389_S40SONOMABRY%C5%81KABOKZM.jpg HTTP/2.0" 404 3551 "-" "Mozilla/5.0 (Windows NT 10.0; Win64; x64) AppleWebKit/537.36 (KHTML, like Gecko) Chrome/109.0.0.0 Safari/537.36"
