77.79.248.229 - - [03/Mar/2025:11:44:06 +0100] "GET /Jurek/topeshop/feeds/topeshop_leroy.xml HTTP/1.1" 200 2407003 "-" "Python-urllib/3.11"
77.79.248.229 - - [03/Mar/2025:11:44:07 +0100] "GET /Jurek/eurofirany/feeds/eurofirany_leroy.xml HTTP/1.1" 200 18992661 "-" "Python-urllib/3.11"
77.79.248.229 - - [03/Mar/2025:11:44:07 +0100] "GET /Jurek/fernity/feeds/fernity_leroy.xml HTTP/1.1" 200 5222471 "-" "Python-urllib/3.11"
77.79.248.229 - - [03/Mar/2025:11:44:08 +0100] "GET /Jurek/kambukka/feeds/kambukka_leroy.xml HTTP/1.1" 200 1043823 "-" "Python-urllib/3.11"
77.79.248.229 - - [03/Mar/2025:11:44:08 +0100] "GET /Jurek/ikonka/feeds/ikonka_leroy.xml HTTP/1.1" 200 21454222 "-" "Python-urllib/3.11"
77.79.248.229 - - [03/Mar/2025:11:44:08 +0100] "GET /Jurek/oromed/feeds/oromed_leroy.xml HTTP/1.1" 200 1048822 "-" "Python-urllib/3.11"
77.79.248.229 - - [03/Mar/2025:11:44:08 +0100] "GET /Jurek/benetech/feeds/benetech_leroy.xml HTTP/1.1" 200 4451892 "-" "Python-urllib/3.11"
77.79.248.229 - - [03/Mar/2025:11:44:08 +0100] "GET /Jurek/octopia/feeds/octopia_leroy.xml HTTP/1.1" 200 10622067 "-" "Python-urllib/3.11"
77.79.248.229 - - [03/Mar/2025:11:44:09 +0100] "GET /Jurek/waks/feeds/waks_leroy.xml HTTP/1.1" 200 6332883 "-" "Python-urllib/3.11"
77.79.248.229 - - [03/Mar/2025:11:44:09 +0100] "GET /Jurek/kinghoff/feeds/kinghoff_leroy.xml HTTP/1.1" 200 15077331 "-" "Python-urllib/3.11"
77.79.248.229 - - [03/Mar/2025:11:44:09 +0100] "GET /Jurek/hdwr/feeds/hdwr_leroy.xml HTTP/1.1" 200 777783 "-" "Python-urllib/3.11"
77.79.248.229 - - [03/Mar/2025:11:44:11 +0100] "GET /Jurek/barbecook/feeds/barbecook_leroy.xml HTTP/1.1" 200 87526 "-" "Python-urllib/3.11"
77.79.248.229 - - [03/Mar/2025:11:44:11 +0100] "GET /Jurek/sempler/feeds/sempler_leroy.xml HTTP/1.1" 200 6553212 "-" "Python-urllib/3.11"
77.79.248.229 - - [03/Mar/2025:11:44:11 +0100] "GET /Jurek/kinghome/feeds/kinghome_leroy.xml HTTP/1.1" 200 5729876 "-" "Python-urllib/3.11"
77.79.248.229 - - [03/Mar/2025:11:44:11 +0100] "GET /Jurek/ekolight/feeds/ekolioght_leroy.xml HTTP/1.1" 200 9051788 "-" "Python-urllib/3.11"
77.79.248.229 - - [03/Mar/2025:11:44:11 +0100] "GET /Jurek/bimboland/feeds/bimboland_leroy.xml HTTP/1.1" 200 2494393 "-" "Python-urllib/3.11"
77.79.248.229 - - [03/Mar/2025:11:44:12 +0100] "GET /Jurek/eroplace/feeds/eroplace_leroy.xml HTTP/1.1" 200 30849312 "-" "Python-urllib/3.11"
77.79.248.229 - - [03/Mar/2025:11:44:13 +0100] "GET /Jurek/hurtmeblowy/feeds/hurtmeblowy_leroy.xml HTTP/1.1" 200 8024674 "-" "Python-urllib/3.11"
77.79.248.229 - - [03/Mar/2025:11:44:13 +0100] "GET /Jurek/fertone/feeds/fertone_leroy.xml HTTP/1.1" 200 596773 "-" "Python-urllib/3.11"
77.79.248.229 - - [03/Mar/2025:11:44:13 +0100] "GET /Jurek/ekuchcikowo/feeds/ekuchcikowo_leroy.xml HTTP/1.1" 200 13394691 "-" "Python-urllib/3.11"
77.79.248.229 - - [03/Mar/2025:11:44:16 +0100] "GET /Jurek/intsell/feeds/intsell_leroy.xml HTTP/1.1" 200 338787123 "-" "Python-urllib/3.11"
77.79.248.229 - - [03/Mar/2025:11:44:16 +0100] "GET /Jurek/velinda/feeds/velinda_leroy.xml HTTP/1.1" 200 4282417 "-" "Python-urllib/3.11"
77.79.248.229 - - [03/Mar/2025:11:44:16 +0100] "GET /Jurek/spali/feeds/spali_leroy.xml HTTP/1.1" 200 101945 "-" "Python-urllib/3.11"
77.79.248.229 - - [03/Mar/2025:11:44:16 +0100] "GET /Jurek/urwiskowo/feeds/urwiskowo_leroy.xml HTTP/1.1" 200 9114875 "-" "Python-urllib/3.11"
77.79.248.229 - - [03/Mar/2025:11:44:17 +0100] "GET /Jurek/erohurtownia/feeds/erohurtownia_leroy.xml HTTP/1.1" 200 23304423 "-" "Python-urllib/3.11"
77.79.248.229 - - [03/Mar/2025:11:44:17 +0100] "GET /Jurek/elecomp/feeds/elecomp_leroy.xml HTTP/1.1" 200 2869618 "-" "Python-urllib/3.11"
77.79.248.229 - - [03/Mar/2025:11:44:17 +0100] "GET /Jurek/luxma/feeds/luxma_leroy.xml HTTP/1.1" 200 8058872 "-" "Python-urllib/3.11"
77.79.248.229 - - [03/Mar/2025:11:44:17 +0100] "GET /Jurek/coppotech/feeds/coppotech_leroy.xml HTTP/1.1" 200 38985160 "-" "Python-urllib/3.11"
77.79.248.229 - - [03/Mar/2025:11:44:18 +0100] "GET /Jurek/rider/feeds/rider_leroy.xml HTTP/1.1" 200 8165149 "-" "Python-urllib/3.11"
77.79.248.229 - - [03/Mar/2025:11:44:18 +0100] "GET /Jurek/emaja24/feeds/emaja24_leroy.xml HTTP/1.1" 200 5110149 "-" "Python-urllib/3.11"
77.79.248.229 - - [03/Mar/2025:11:44:18 +0100] "GET /Jurek/eurofryz2/feeds/eurofryz2_leroy.xml HTTP/1.1" 200 1376599 "-" "Python-urllib/3.11"
77.79.248.229 - - [03/Mar/2025:11:44:18 +0100] "GET /Jurek/expertauto/feeds/expertauto_leroy.xml HTTP/1.1" 200 1158931 "-" "Python-urllib/3.11"
77.79.248.229 - - [03/Mar/2025:11:44:18 +0100] "GET /Jurek/najtanszysport/feeds/najtanszysport_leroy.xml HTTP/1.1" 200 3983041 "-" "Python-urllib/3.11"
77.79.248.229 - - [03/Mar/2025:11:44:18 +0100] "GET /Jurek/kobi/feeds/kobi_leroy.xml HTTP/1.1" 200 1993229 "-" "Python-urllib/3.11"
77.79.248.229 - - [03/Mar/2025:11:44:18 +0100] "GET /Jurek/narzbud/feeds/narzbud_leroy.xml HTTP/1.1" 200 1958332 "-" "Python-urllib/3.11"
66.211.183.74 - - [03/Mar/2025:11:44:22 +0100] "GET /Jurek/eurofirany/images/390040/0.jpg HTTP/1.1" 200 120347 "-" "scalaj-http/2.4.2"
77.79.248.229 - - [03/Mar/2025:11:44:26 +0100] "GET /Jurek/naszedzieci/feeds/naszedzieci_leroy.xml HTTP/1.1" 200 833267520 "-" "Python-urllib/3.11"
77.79.248.229 - - [03/Mar/2025:11:44:28 +0100] "GET /Jurek/awparts/feeds/awparts_leroy.xml HTTP/1.1" 200 142305337 "-" "Python-urllib/3.11"
77.79.248.229 - - [03/Mar/2025:11:44:28 +0100] "GET /Jurek/kidshop/feeds/kidshop_leroy.xml HTTP/1.1" 200 19845613 "-" "Python-urllib/3.11"
77.79.248.229 - - [03/Mar/2025:11:44:28 +0100] "GET /Jurek/polzoo/feeds/polzoo_leroy.xml HTTP/1.1" 200 48126127 "-" "Python-urllib/3.11"
77.79.248.229 - - [03/Mar/2025:11:44:29 +0100] "GET /Jurek/playcob/feeds/playcob_leroy.xml HTTP/1.1" 200 6980150 "-" "Python-urllib/3.11"
46.101.116.244 - - [03/Mar/2025:11:44:31 +0100] "GET /Jurek/urwiskowo/feeds/urwiskowo_mallsi.xml HTTP/2.0" 200 9114816 "-" "-"
66.211.183.72 - - [03/Mar/2025:11:44:43 +0100] "GET /Jurek/eurofirany/images/423204/0.jpg HTTP/1.1" 200 0 "-" "scalaj-http/2.4.2"
46.101.116.244 - - [03/Mar/2025:11:44:45 +0100] "GET /Jurek/eroplace/feeds/eroplace_mallsi.xml HTTP/2.0" 200 30849088 "-" "-"
66.249.66.66 - - [03/Mar/2025:11:44:47 +0100] "GET /Jurek/eurofirany/images/416442/1.jpg HTTP/1.1" 200 66931 "-" "Googlebot-Image/1.0"
66.135.202.72 - - [03/Mar/2025:11:44:53 +0100] "GET /Jurek/eurofirany/images/380914/0.jpg HTTP/1.1" 200 73636 "-" "Java/17.0.12.0.101"
66.249.66.66 - - [03/Mar/2025:11:44:55 +0100] "GET /Jurek/eurofirany/images/416442/2.jpg HTTP/1.1" 200 134298 "-" "Googlebot-Image/1.0"
35.198.151.106 - - [03/Mar/2025:11:44:56 +0100] "GET /Jurek/topeshop/downloaded_images/5904507207458_20st_mijas_lewy_zielonykopia.png HTTP/2.0" 200 259990 "-" "Mozilla/5.0 (Macintosh; Intel Mac OS X 10.15; rv:78.0) Gecko/20100101 Firefox/78.0"
193.33.8.61 - - [03/Mar/2025:11:45:08 +0100] "GET /Jurek/zepnij/output.txt HTTP/2.0" 200 8764 "https://konsola.dkkapusta1997.usermd.net/" "Mozilla/5.0 (Windows NT 10.0; Win64; x64) AppleWebKit/537.36 (KHTML, like Gecko) Chrome/133.0.0.0 Safari/537.36"
193.33.8.61 - - [03/Mar/2025:11:45:11 +0100] "GET /Jurek/intsell/feeds/intsell_zero.xml HTTP/2.0" 200 338789140 "https://konsola.dkkapusta1997.usermd.net/" "Mozilla/5.0 (Windows NT 10.0; Win64; x64) AppleWebKit/537.36 (KHTML, like Gecko) Chrome/133.0.0.0 Safari/537.36"
46.101.116.244 - - [03/Mar/2025:11:45:23 +0100] "GET /Jurek/bass_new/feeds/bass_mallsi.xml HTTP/2.0" 200 7040812 "-" "-"
66.211.183.74 - - [03/Mar/2025:11:45:26 +0100] "GET /Jurek/eurofirany/images/416137/0.jpg HTTP/1.1" 200 92572 "-" "scalaj-http/2.4.2"
66.135.202.74 - - [03/Mar/2025:11:45:34 +0100] "GET /Jurek/eurofirany/images/439425/0.jpg HTTP/1.1" 200 81818 "-" "Java/17.0.12.0.101"
46.101.116.244 - - [03/Mar/2025:11:45:36 +0100] "GET /Jurek/ekuchcikowo/feeds/ekuchcikowo_mallsi.xml HTTP/2.0" 200 13394585 "-" "-"
66.211.183.72 - - [03/Mar/2025:11:45:37 +0100] "GET /Jurek/eurofirany/images/382236/0.jpg HTTP/1.1" 200 100949 "-" "scalaj-http/2.4.2"
66.135.202.72 - - [03/Mar/2025:11:45:47 +0100] "GET /Jurek/eurofirany/images/463641/0.jpg HTTP/1.1" 200 77075 "-" "Java/17.0.12.0.101"
46.101.116.244 - - [03/Mar/2025:11:45:48 +0100] "GET /Jurek/sempler/feeds/sempler_mallsi.xml HTTP/2.0" 200 6553229 "-" "-"
46.101.116.244 - - [03/Mar/2025:11:45:59 +0100] "GET /Jurek/bass/feeds/bass_mallsi.xml HTTP/2.0" 200 3985168 "-" "-"
66.211.183.72 - - [03/Mar/2025:11:46:12 +0100] "GET /Jurek/eurofirany/images/396854/0.jpg HTTP/1.1" 200 62464 "-" "scalaj-http/2.4.2"
46.101.116.244 - - [03/Mar/2025:11:46:25 +0100] "GET /Jurek/aw/feeds/aw_fnacfr.xml HTTP/1.0" 404 3551 "-" "-"
46.101.116.244 - - [03/Mar/2025:11:46:28 +0100] "GET /Jurek/slayo/feeds/slayo_mallsi.xml HTTP/2.0" 200 195531 "-" "-"
46.101.116.244 - - [03/Mar/2025:11:46:38 +0100] "GET /Jurek/mosti/feeds/mosti_mallsi.xml HTTP/2.0" 200 9250013 "-" "-"
46.101.116.244 - - [03/Mar/2025:11:46:39 +0100] "GET /Jurek/amzteam/feeds/amzteam_mallsi.xml HTTP/2.0" 200 97852 "-" "-"
46.101.116.244 - - [03/Mar/2025:11:46:40 +0100] "GET /Jurek/artdog/feeds/artdog_mallsi.xml HTTP/2.0" 200 15928519 "-" "-"
46.101.116.244 - - [03/Mar/2025:11:46:41 +0100] "GET /Filip/feeds/xlsx_ceneo.xml HTTP/1.0" 200 6241376 "-" "-"
46.101.116.244 - - [03/Mar/2025:11:46:42 +0100] "GET /Jurek/kambukka/feeds/kambukka_mallsi.xml HTTP/2.0" 200 1043511 "-" "-"
34.141.41.13 - - [03/Mar/2025:11:46:53 +0100] "GET /Jurek/topeshop/downloaded_images/5904507207489_20st_mijas_prawy_zielonykopia.png HTTP/2.0" 200 223941 "-" "Mozilla/5.0 (Macintosh; Intel Mac OS X 10.15; rv:78.0) Gecko/20100101 Firefox/78.0"
46.101.116.244 - - [03/Mar/2025:11:46:59 +0100] "GET /Jurek/swiatecznygoliat/feeds/swiatecznygoliat_mallsi.xml HTTP/2.0" 200 7054433 "-" "-"
66.249.66.66 - - [03/Mar/2025:11:47:07 +0100] "GET /Jurek/eurofirany/images/416442/3.jpg HTTP/1.1" 200 95208 "-" "Googlebot-Image/1.0"
46.101.116.244 - - [03/Mar/2025:11:47:51 +0100] "GET /Jurek/octopia/feeds/octopia_mallsi.xml HTTP/2.0" 200 10620911 "-" "-"
46.101.116.244 - - [03/Mar/2025:11:47:54 +0100] "GET /Jurek/action/feeds/action_cdis.xml HTTP/1.0" 200 55164736 "-" "-"
46.101.116.244 - - [03/Mar/2025:11:48:05 +0100] "GET /Jurek/fernity/feeds/fernity_cdiscount.xml HTTP/1.0" 200 5222350 "-" "-"
46.101.116.244 - - [03/Mar/2025:11:48:05 +0100] "GET /Jurek/topeshop/feeds/topeshop_mallsi.xml HTTP/2.0" 200 2407009 "-" "-"
66.211.183.71 - - [03/Mar/2025:11:48:10 +0100] "GET /Jurek/eurofirany/images/387740/0.jpg HTTP/1.1" 200 90823 "-" "scalaj-http/2.4.2"
193.33.8.61 - - [03/Mar/2025:11:48:12 +0100] "GET /Jurek/zepnij/output.txt HTTP/2.0" 200 9208 "https://konsola.dkkapusta1997.usermd.net/" "Mozilla/5.0 (Windows NT 10.0; Win64; x64) AppleWebKit/537.36 (KHTML, like Gecko) Chrome/133.0.0.0 Safari/537.36"
77.79.248.229 - - [03/Mar/2025:11:49:00 +0100] "GET /Jurek/zepnij/feeds/zepnij_zero.xml HTTP/1.1" 200 19522191 "-" "Python-urllib/3.11"
193.33.8.61 - - [03/Mar/2025:11:49:00 +0100] "GET /Jurek/zepnij/feeds/zepnij_zero.xml HTTP/2.0" 200 19522191 "https://konsola.dkkapusta1997.usermd.net/" "Mozilla/5.0 (Windows NT 10.0; Win64; x64) AppleWebKit/537.36 (KHTML, like Gecko) Chrome/133.0.0.0 Safari/537.36"
66.211.183.70 - - [03/Mar/2025:11:49:02 +0100] "GET /Jurek/eurofirany/images/383108/0.jpg HTTP/1.1" 200 75275 "-" "scalaj-http/2.4.2"
66.249.66.66 - - [03/Mar/2025:11:49:45 +0100] "GET /Jurek/eurofirany/images/378441/3.jpg HTTP/1.1" 200 319382 "-" "Googlebot-Image/1.0"
77.79.248.229 - - [03/Mar/2025:11:50:02 +0100] "GET /Jurek/eurofirany/feeds/eurofirany_allsweet.xml HTTP/1.1" 200 18996524 "-" "Python-urllib/3.11"
77.79.248.229 - - [03/Mar/2025:11:50:03 +0100] "GET /Jurek/ikonka/feeds/ikonka_all_sweet.xml HTTP/1.1" 200 21454693 "-" "Python-urllib/3.11"
77.79.248.229 - - [03/Mar/2025:11:50:04 +0100] "GET /Jurek/stema/feeds/stema_all.xml HTTP/1.1" 200 838742 "-" "Python-urllib/3.11"
77.79.248.229 - - [03/Mar/2025:11:50:04 +0100] "GET /Jurek/eurofirany/feeds/eurofirany_all_cz.xml HTTP/1.1" 200 19011703 "-" "Python-urllib/3.11"
77.79.248.229 - - [03/Mar/2025:11:50:05 +0100] "GET /Jurek/ikonka/feeds/ikonka_all_cz.xml HTTP/1.1" 200 21456559 "-" "Python-urllib/3.11"
77.79.248.229 - - [03/Mar/2025:11:50:05 +0100] "GET /Jurek/stema/feeds/stema_all_cz.xml HTTP/1.1" 200 839194 "-" "Python-urllib/3.11"
77.79.248.229 - - [03/Mar/2025:11:50:05 +0100] "GET /Jurek/eurofirany/feeds/eurofirany_all_sk.xml HTTP/1.1" 200 18991479 "-" "Python-urllib/3.11"
77.79.248.229 - - [03/Mar/2025:11:50:06 +0100] "GET /Jurek/ikonka/feeds/ikonka_all_sk.xml HTTP/1.1" 200 21454007 "-" "Python-urllib/3.11"
77.79.248.229 - - [03/Mar/2025:11:50:06 +0100] "GET /Jurek/stema/feeds/stema_all_sk.xml HTTP/1.1" 200 838458 "-" "Python-urllib/3.11"
178.21.154.6 - - [03/Mar/2025:11:50:09 +0100] "GET /Jurek/eurofirany/images/394049/0.jpg HTTP/1.1" 200 124360 "-" "-"
66.211.183.71 - - [03/Mar/2025:11:51:28 +0100] "GET /Jurek/eurofirany/images/372659/0.jpg HTTP/1.1" 200 69040 "-" "scalaj-http/2.4.2"
46.101.116.244 - - [03/Mar/2025:11:51:33 +0100] "GET /Jurek/activeshop/feeds/activeshop_mallsi.xml HTTP/2.0" 200 10468224 "-" "-"
46.101.116.244 - - [03/Mar/2025:11:51:35 +0100] "GET /Jurek/aw/feeds/aw_fnacfr.xml HTTP/1.0" 404 3551 "-" "-"
46.101.116.244 - - [03/Mar/2025:11:51:50 +0100] "GET /Filip/feeds/xlsx_ceneo.xml HTTP/1.0" 200 6241376 "-" "-"
66.211.183.71 - - [03/Mar/2025:11:51:54 +0100] "GET /Jurek/eurofirany/images/422755/0.jpg HTTP/1.1" 200 97429 "-" "scalaj-http/2.4.2"
85.14.86.141 - - [03/Mar/2025:11:52:04 +0100] "GET /Jurek/eurofirany/images/388343/0.jpg HTTP/1.1" 200 143878 "-" "-"
85.14.86.141 - - [03/Mar/2025:11:52:04 +0100] "GET /Jurek/eurofirany/images/388342/0.jpg HTTP/1.1" 200 134786 "-" "-"
85.14.86.141 - - [03/Mar/2025:11:52:04 +0100] "GET /Jurek/eurofirany/images/388343/0.jpg HTTP/1.1" 200 143878 "-" "-"
85.14.86.141 - - [03/Mar/2025:11:52:04 +0100] "GET /Jurek/eurofirany/images/388342/0.jpg HTTP/1.1" 200 134786 "-" "-"
66.211.183.71 - - [03/Mar/2025:11:53:19 +0100] "GET /Jurek/eurofirany/images/403501/0.jpg HTTP/1.1" 200 30923 "-" "scalaj-http/2.4.2"
89.161.206.59 - - [03/Mar/2025:11:53:29 +0100] "GET /Jurek/bass_new/feeds/bass_skroutz.xml HTTP/1.0" 200 7040950 "-" "-"
77.79.248.229 - - [03/Mar/2025:11:54:07 +0100] "GET /Jurek/vidaSI/feeds/vidaSI_bigbang.xml HTTP/1.1" 200 612872618 "-" "Python-urllib/3.11"
89.161.206.59 - - [03/Mar/2025:11:54:07 +0100] "GET /Jurek/hurtmeblowy/feeds/hurtmeblowy_skroutz.xml HTTP/1.0" 200 8024740 "-" "-"
66.211.183.73 - - [03/Mar/2025:11:54:45 +0100] "GET /Jurek/eurofirany/images/390176/0.jpg HTTP/1.1" 200 197528 "-" "scalaj-http/2.4.2"
66.211.183.74 - - [03/Mar/2025:11:54:46 +0100] "GET /Jurek/eurofirany/images/390198/0.jpg HTTP/1.1" 200 164444 "-" "scalaj-http/2.4.2"
66.211.183.70 - - [03/Mar/2025:11:54:50 +0100] "GET /Jurek/eurofirany/images/398890/0.jpg HTTP/1.1" 200 79703 "-" "scalaj-http/2.4.2"
66.211.183.70 - - [03/Mar/2025:11:55:05 +0100] "GET /Jurek/eurofirany/images/372982/0.jpg HTTP/1.1" 200 63261 "-" "scalaj-http/2.4.2"
46.101.116.244 - - [03/Mar/2025:11:55:15 +0100] "GET /Jurek/action/feeds/action_mallsigs.xml HTTP/2.0" 200 55163945 "-" "-"
89.161.206.59 - - [03/Mar/2025:11:55:17 +0100] "GET /Jurek/fertone/feeds/fertone_skroutz.xml HTTP/1.0" 200 596797 "-" "-"
89.161.206.59 - - [03/Mar/2025:11:55:25 +0100] "GET /Jurek/eurofryz/feeds/eurofryz_skroutz.xml HTTP/1.0" 200 2388132 "-" "-"
46.101.116.244 - - [03/Mar/2025:11:55:37 +0100] "GET /Jurek/b3/feeds/b3_mallsigs.xml HTTP/2.0" 200 7270396 "-" "-"
66.211.183.71 - - [03/Mar/2025:11:55:48 +0100] "GET /Jurek/eurofirany/images/432019/0.jpg HTTP/1.1" 200 66290 "-" "scalaj-http/2.4.2"
46.101.116.244 - - [03/Mar/2025:11:55:50 +0100] "GET /Jurek/aw/feeds/aw_fnacfr.xml HTTP/1.0" 404 3551 "-" "-"
46.101.116.244 - - [03/Mar/2025:11:55:50 +0100] "GET /Jurek/benbaby/feeds/benbaby_mallsigs.xml HTTP/2.0" 200 3783293 "-" "-"
46.101.116.244 - - [03/Mar/2025:11:56:02 +0100] "GET /Jurek/emibig/feeds/emibig_mallsigs.xml HTTP/2.0" 200 2427414 "-" "-"
46.101.116.244 - - [03/Mar/2025:11:56:06 +0100] "GET /Filip/feeds/xlsx_ceneo.xml HTTP/1.0" 200 6241376 "-" "-"
89.161.206.59 - - [03/Mar/2025:11:56:11 +0100] "GET /Jurek/antiodor/feeds/antiodor_skroutz.xml HTTP/1.0" 200 137788 "-" "-"
89.161.206.59 - - [03/Mar/2025:11:56:11 +0100] "GET /Jurek/madrex/feeds/madrex_skroutz.xml HTTP/1.0" 200 466727 "-" "-"
46.101.116.244 - - [03/Mar/2025:11:56:13 +0100] "GET /Jurek/hurtownia_przemyslowa/feeds/hp_mallsigs.xml HTTP/2.0" 200 49619008 "-" "-"
66.211.183.72 - - [03/Mar/2025:11:56:40 +0100] "GET /Jurek/eurofirany/images/392253/0.jpg HTTP/1.1" 200 31763 "-" "scalaj-http/2.4.2"
66.211.183.72 - - [03/Mar/2025:11:56:55 +0100] "GET /Jurek/eurofirany/images/383065/0.jpg HTTP/1.1" 200 75615 "-" "scalaj-http/2.4.2"
18.157.125.26 - - [03/Mar/2025:11:57:10 +0100] "GET /Jurek/topeshop/downloaded_images/5904507200381_1-bez-dodatk%C3%B3w-wymiary.jpg HTTP/2.0" 200 38026 "-" "Mozilla/5.0 (Windows NT 10.0; Win64; x64) AppleWebKit/537.36 (KHTML, like Gecko) Chrome/109.0.0.0 Safari/537.36"
3.126.202.245 - - [03/Mar/2025:11:57:10 +0100] "GET /Jurek/topeshop/downloaded_images/5902838469910_1.png HTTP/2.0" 200 136461 "-" "Mozilla/5.0 (Windows NT 10.0; Win64; x64) AppleWebKit/537.36 (KHTML, like Gecko) Chrome/109.0.0.0 Safari/537.36"
18.157.125.26 - - [03/Mar/2025:11:57:10 +0100] "GET /Jurek/topeshop/downloaded_images/5902838468012_23_white_(1).png HTTP/2.0" 200 175821 "-" "Mozilla/5.0 (Windows NT 10.0; Win64; x64) AppleWebKit/537.36 (KHTML, like Gecko) Chrome/109.0.0.0 Safari/537.36"
3.126.202.245 - - [03/Mar/2025:11:57:11 +0100] "GET /Jurek/topeshop/downloaded_images/5902838461617_40_s.png HTTP/2.0" 200 301097 "-" "Mozilla/5.0 (Windows NT 10.0; Win64; x64) AppleWebKit/537.36 (KHTML, like Gecko) Chrome/109.0.0.0 Safari/537.36"
18.157.125.26 - - [03/Mar/2025:11:57:11 +0100] "GET /Jurek/topeshop/downloaded_images/5902838460030_8.png HTTP/2.0" 200 343652 "-" "Mozilla/5.0 (Windows NT 10.0; Win64; x64) AppleWebKit/537.36 (KHTML, like Gecko) Chrome/109.0.0.0 Safari/537.36"
89.161.206.59 - - [03/Mar/2025:11:57:20 +0100] "GET /Jurek/eurofirany/feeds/eurofirany_skroutz.xml HTTP/1.0" 200 18992540 "-" "-"
51.77.52.107 - - [03/Mar/2025:11:57:23 +0100] "GET /Jurek/eurofirany/images/406013/0.jpg HTTP/2.0" 200 30690 "-" "-"
51.77.52.107 - - [03/Mar/2025:11:57:26 +0100] "GET /Jurek/eurofirany/images/468079/0.jpg HTTP/2.0" 200 139066 "-" "-"
51.77.52.107 - - [03/Mar/2025:11:57:29 +0100] "GET /Jurek/eurofirany/images/468101/0.jpg HTTP/2.0" 200 132826 "-" "-"
51.77.52.107 - - [03/Mar/2025:11:57:34 +0100] "GET /Jurek/eurofirany/images/432125/0.jpg HTTP/2.0" 200 73871 "-" "-"
89.161.206.59 - - [03/Mar/2025:11:57:44 +0100] "GET /Jurek/muminky/feeds/muminky_skroutz.xml HTTP/1.0" 200 2270355 "-" "-"
77.79.248.229 - - [03/Mar/2025:11:58:03 +0100] "GET /Filip/zalando/zalando-logo.jpg HTTP/1.1" 200 5121 "-" "-"
77.79.248.229 - - [03/Mar/2025:11:58:03 +0100] "GET /Filip/zalando/zalando-logo.jpg HTTP/1.1" 200 5121 "-" "-"
77.79.248.229 - - [03/Mar/2025:11:58:05 +0100] "GET /Filip/zalando/zalando-logo.jpg HTTP/1.1" 200 5121 "-" "-"
77.79.248.229 - - [03/Mar/2025:11:58:05 +0100] "GET /Filip/zalando/zalando-logo.jpg HTTP/1.1" 200 5121 "-" "-"
77.79.248.229 - - [03/Mar/2025:11:58:07 +0100] "GET /Filip/zalando/zalando-logo.jpg HTTP/1.1" 200 5121 "-" "-"
77.79.248.229 - - [03/Mar/2025:11:58:08 +0100] "GET /Filip/zalando/zalando-logo.jpg HTTP/1.1" 200 5121 "-" "-"
77.79.248.229 - - [03/Mar/2025:11:58:10 +0100] "GET /Filip/zalando/zalando-logo.jpg HTTP/1.1" 200 5121 "-" "-"
77.79.248.229 - - [03/Mar/2025:11:58:10 +0100] "GET /Filip/zalando/zalando-logo.jpg HTTP/1.1" 200 5121 "-" "-"
66.211.183.74 - - [03/Mar/2025:11:58:13 +0100] "GET /Jurek/eurofirany/images/403202/0.jpg HTTP/1.1" 200 116687 "-" "scalaj-http/2.4.2"
89.161.206.59 - - [03/Mar/2025:11:58:17 +0100] "GET /Jurek/eurofryz2/feeds/eurofryz2_skroutz.xml HTTP/1.0" 200 1376603 "-" "-"
89.161.206.59 - - [03/Mar/2025:11:58:17 +0100] "GET /Jurek/eurofryz3/feeds/eurofryz3_skroutz.xml HTTP/1.0" 200 172226 "-" "-"
89.161.206.59 - - [03/Mar/2025:11:58:18 +0100] "GET /Jurek/lendo/feeds/lendo_skroutz.xml HTTP/1.0" 200 330384 "-" "-"
89.161.206.59 - - [03/Mar/2025:11:58:19 +0100] "GET /Jurek/dekornatort/feeds/dekornatort_skroutz.xml HTTP/1.0" 200 225741 "-" "-"
89.161.206.59 - - [03/Mar/2025:11:58:25 +0100] "GET /Jurek/playcob/feeds/playcob_skroutz.xml HTTP/1.0" 200 6980139 "-" "-"
89.161.206.59 - - [03/Mar/2025:11:58:27 +0100] "GET /Jurek/nexus/feeds/nexus_skroutz.xml HTTP/1.0" 200 223084 "-" "-"
89.161.206.59 - - [03/Mar/2025:11:58:27 +0100] "GET /Jurek/alucon/feeds/alucon_skroutz.xml HTTP/1.0" 200 553586 "-" "-"
66.211.183.72 - - [03/Mar/2025:11:58:40 +0100] "GET /Jurek/eurofirany/images/390015/0.jpg HTTP/1.1" 200 207776 "-" "scalaj-http/2.4.2"
46.101.116.244 - - [03/Mar/2025:11:58:53 +0100] "GET /Jurek/beliani/feeds/beliani_si_mallsi.xml HTTP/2.0" 200 31858357 "-" "-"
66.249.66.66 - - [03/Mar/2025:11:58:59 +0100] "GET /Jurek/eurofirany/images/383338/5.jpg HTTP/1.1" 200 41834 "-" "Googlebot-Image/1.0"
66.249.66.66 - - [03/Mar/2025:11:59:01 +0100] "GET /Jurek/eurofirany/images/383338/4.jpg HTTP/1.1" 200 6595 "-" "Googlebot-Image/1.0"
46.101.116.244 - - [03/Mar/2025:11:59:38 +0100] "GET /Jurek/rovicky/feeds/rovicky_mallsi.xml HTTP/2.0" 200 14000390 "-" "-"
46.101.116.244 - - [03/Mar/2025:11:59:51 +0100] "GET /Jurek/detian/feeds/detian_mallsi.xml HTTP/2.0" 404 3551 "-" "-"
66.211.183.74 - - [03/Mar/2025:11:59:58 +0100] "GET /Jurek/eurofirany/images/389600/0.jpg HTTP/1.1" 200 165083 "-" "scalaj-http/2.4.2"
46.101.116.244 - - [03/Mar/2025:12:00:03 +0100] "GET /Jurek/ikonka/feeds/ikonka_mallsi.xml HTTP/2.0" 200 21454186 "-" "-"
46.101.116.244 - - [03/Mar/2025:12:00:07 +0100] "GET /Jurek/coppotech/feeds/coppotech_alza.xml HTTP/2.0" 200 38984603 "-" "-"
46.101.116.244 - - [03/Mar/2025:12:00:20 +0100] "GET /Jurek/candellux/feeds/candellux_mallsi.xml HTTP/2.0" 200 465691 "-" "-"
46.101.116.244 - - [03/Mar/2025:12:00:24 +0100] "GET /Jurek/erohurtownia/feeds/erohurtownia_alza.xml HTTP/2.0" 200 23303950 "-" "-"
66.249.66.66 - - [03/Mar/2025:12:00:27 +0100] "GET /Jurek/eurofirany/images/389914/1.jpg HTTP/1.1" 200 144005 "-" "Googlebot-Image/1.0"
85.14.86.141 - - [03/Mar/2025:12:00:30 +0100] "GET /Jurek/vida_morele/feeds/VidaPL_all.xml HTTP/2.0" 200 689599052 "-" "MarketplaceAPI curl/7.64.0 PHP/8"
46.101.116.244 - - [03/Mar/2025:12:00:31 +0100] "GET /Jurek/andex/feeds/andex_mallsl.xml HTTP/2.0" 200 1953438 "-" "-"
66.249.66.66 - - [03/Mar/2025:12:00:32 +0100] "GET /Jurek/eurofirany/images/389914/5.jpg HTTP/1.1" 200 224072 "-" "Googlebot-Image/1.0"
66.249.66.66 - - [03/Mar/2025:12:00:35 +0100] "GET /Jurek/eurofirany/images/389914/6.jpg HTTP/1.1" 200 224667 "-" "Googlebot-Image/1.0"
66.249.66.66 - - [03/Mar/2025:12:00:41 +0100] "GET /Jurek/eurofirany/images/389914/7.jpg HTTP/1.1" 200 6595 "-" "Googlebot-Image/1.0"
46.101.116.244 - - [03/Mar/2025:12:00:42 +0100] "GET /Jurek/euroshop/feeds/euroshop_alza.xml HTTP/2.0" 200 17924132 "-" "-"
66.211.183.71 - - [03/Mar/2025:12:00:42 +0100] "GET /Jurek/topeshop/downloaded_images/5902838467473_4.jpg HTTP/1.1" 404 3551 "-" "scalaj-http/2.4.2"
46.101.116.244 - - [03/Mar/2025:12:00:43 +0100] "GET /Jurek/chemex/feeds/chemex_mallsi.xml HTTP/2.0" 200 47809540 "-" "-"
52.17.80.36 - - [03/Mar/2025:12:00:44 +0100] "GET /marketplaces/ubaldi/results/ubaldi.csv HTTP/1.1" 200 3577684 "-" "Mirakl HttpClient"
46.101.116.244 - - [03/Mar/2025:12:00:55 +0100] "GET /Jurek/najtanszysport/feeds/najtanszysport_alza.xml HTTP/2.0" 200 3982685 "-" "-"
46.101.116.244 - - [03/Mar/2025:12:01:00 +0100] "GET /Jurek/aw/feeds/awnarzedzia_mallsi.xml HTTP/2.0" 200 90354944 "-" "-"
46.101.116.244 - - [03/Mar/2025:12:01:06 +0100] "GET /Jurek/rider/feeds/rider_alza.xml HTTP/2.0" 200 8166357 "-" "-"
89.161.206.59 - - [03/Mar/2025:12:01:20 +0100] "GET /Jurek/amzteam/feeds/amzteam_emagro.xml HTTP/1.0" 200 97905 "-" "-"
89.161.206.59 - - [03/Mar/2025:12:01:20 +0100] "GET /Jurek/benetech/feeds/benetech_emagro.xml HTTP/1.0" 200 4452168 "-" "-"
89.161.206.59 - - [03/Mar/2025:12:01:20 +0100] "GET /Jurek/slayo/feeds/slayo_emagro.xml HTTP/1.0" 200 195548 "-" "-"
89.161.206.59 - - [03/Mar/2025:12:01:20 +0100] "GET /Jurek/kambukka/feeds/kambukka_emagro.xml HTTP/1.0" 200 1043927 "-" "-"
89.161.206.59 - - [03/Mar/2025:12:01:21 +0100] "GET /Jurek/mosti/feeds/mosti_emagro.xml HTTP/1.0" 200 9250090 "-" "-"
89.161.206.59 - - [03/Mar/2025:12:01:21 +0100] "GET /Jurek/targethome/feeds/targethome_emagro.xml HTTP/1.0" 200 683645 "-" "-"
89.161.206.59 - - [03/Mar/2025:12:01:21 +0100] "GET /Jurek/hdwr/feeds/hdwr_emagro.xml HTTP/1.0" 200 777955 "-" "-"
89.161.206.59 - - [03/Mar/2025:12:01:22 +0100] "GET /Jurek/sempler/feeds/sempler_emagro.xml HTTP/1.0" 200 6553643 "-" "-"
89.161.206.59 - - [03/Mar/2025:12:01:22 +0100] "GET /Jurek/waks/feeds/waks_emagro.xml HTTP/1.0" 200 6333725 "-" "-"
89.161.206.59 - - [03/Mar/2025:12:01:22 +0100] "GET /Jurek/eroplace/feeds/eroplace_emagro.xml HTTP/1.0" 200 30857194 "-" "-"
46.101.116.244 - - [03/Mar/2025:12:01:22 +0100] "GET /Jurek/intsell/feeds/intsell_alza.xml HTTP/2.0" 200 338919069 "-" "-"
89.161.206.59 - - [03/Mar/2025:12:01:23 +0100] "GET /Jurek/bass/feeds/bass_emagro.xml HTTP/1.0" 200 3986436 "-" "-"
89.161.206.59 - - [03/Mar/2025:12:01:23 +0100] "GET /Jurek/kinghoff/feeds/kinghoff_emagro.xml HTTP/1.0" 200 15079415 "-" "-"
66.211.183.71 - - [03/Mar/2025:12:01:23 +0100] "GET /Jurek/eurofirany/images/438729/0.jpg HTTP/1.1" 200 117195 "-" "scalaj-http/2.4.2"
89.161.206.59 - - [03/Mar/2025:12:01:26 +0100] "GET /Jurek/artdog/feeds/artdog_emagro.xml HTTP/1.0" 200 15935438 "-" "-"
89.161.206.59 - - [03/Mar/2025:12:01:30 +0100] "GET /Jurek/domzapachy/feeds/domzapachy_emagro.xml HTTP/1.0" 200 179626 "-" "-"
89.161.206.59 - - [03/Mar/2025:12:01:31 +0100] "GET /Jurek/primohurt/feeds/primohurt_emagro.xml HTTP/1.0" 200 17191705 "-" "-"
89.161.206.59 - - [03/Mar/2025:12:01:33 +0100] "GET /Jurek/bentivolio/feeds/bentivolio_emagro.xml HTTP/1.0" 200 2541739 "-" "-"
89.161.206.59 - - [03/Mar/2025:12:01:34 +0100] "GET /Jurek/globaldeli/feeds/globaldeli_emagro.xml HTTP/1.0" 200 2590937 "-" "-"
46.101.116.244 - - [03/Mar/2025:12:01:36 +0100] "GET /Jurek/aw/feeds/aw_fnacfr.xml HTTP/1.0" 404 3551 "-" "-"
89.161.206.59 - - [03/Mar/2025:12:01:36 +0100] "GET /Jurek/fernity/feeds/fernity_emagro.xml HTTP/1.0" 200 5222102 "-" "-"
89.161.206.59 - - [03/Mar/2025:12:01:38 +0100] "GET /Jurek/kinghome/feeds/kinghome_emagro.xml HTTP/1.0" 200 5732446 "-" "-"
52.17.80.36 - - [03/Mar/2025:12:02:00 +0100] "GET /marketplaces/rue/results/rue.csv HTTP/1.1" 200 7628629 "-" "Mirakl HttpClient"
46.101.116.244 - - [03/Mar/2025:12:02:20 +0100] "GET /Jurek/barbecook/feeds/barbecook_mallsl.xml HTTP/2.0" 200 87528 "-" "-"
66.211.183.73 - - [03/Mar/2025:12:02:28 +0100] "GET /Jurek/eurofirany/images/390059/0.jpg HTTP/1.1" 200 120347 "-" "scalaj-http/2.4.2"
46.101.116.244 - - [03/Mar/2025:12:02:31 +0100] "GET /Jurek/duka/feeds/duka_mallsl.xml HTTP/2.0" 200 57 "-" "-"
85.14.86.141 - - [03/Mar/2025:12:02:35 +0100] "GET /Jurek/kinghoff/feeds/kinghoff_morele.xml HTTP/2.0" 200 15078075 "-" "MarketplaceAPI curl/7.64.0 PHP/8"
46.101.116.244 - - [03/Mar/2025:12:02:41 +0100] "GET /Jurek/miloohome/feeds/miloohome_mallsi.xml HTTP/2.0" 200 1421056 "-" "-"
46.101.116.244 - - [03/Mar/2025:12:02:52 +0100] "GET /Jurek/stema/feeds/stema_mallsl.xml HTTP/2.0" 200 838692 "-" "-"
46.101.116.244 - - [03/Mar/2025:12:02:53 +0100] "GET /Filip/feeds/xlsx_ceneo.xml HTTP/1.0" 200 6241376 "-" "-"
66.249.66.66 - - [03/Mar/2025:12:02:58 +0100] "GET /Jurek/eurofirany/images/428672/2.jpg HTTP/1.1" 200 0 "-" "Googlebot-Image/1.0"
66.211.183.71 - - [03/Mar/2025:12:03:01 +0100] "GET /Jurek/eurofirany/images/416811/0.jpg HTTP/1.1" 200 214944 "-" "scalaj-http/2.4.2"
46.101.116.244 - - [03/Mar/2025:12:03:04 +0100] "GET /Jurek/fernity/feeds/fernity_mallsl.xml HTTP/2.0" 200 5221979 "-" "-"
89.136.23.250 - - [03/Mar/2025:12:03:35 +0100] "GET /Jurek/eurofirany/images/333886/1.jpg HTTP/2.0" 200 55732 "https://www.emag.ro/perdea-ready-esim-140x250-cm-alba-eurofirany-333886/pd/DVN68LMBM/?cmpid=92254&ref=TGT_18908858530_rmdt&ref_rmd=18908858530_rmdt&utm_campaign=tgt_ia_t1_genius&utm_content=84_6591_recForZoneBox0_recomm_product2_picture_column_477_1585&utm_medium=email&utm_source=tgt_ia_t1_genius" "Mozilla/5.0 (Windows NT 10.0; Win64; x64) AppleWebKit/537.36 (KHTML, like Gecko) Chrome/133.0.0.0 Safari/537.36"
89.136.23.250 - - [03/Mar/2025:12:03:35 +0100] "GET /Jurek/eurofirany/images/333886/5.jpg HTTP/2.0" 200 44556 "https://www.emag.ro/perdea-ready-esim-140x250-cm-alba-eurofirany-333886/pd/DVN68LMBM/?cmpid=92254&ref=TGT_18908858530_rmdt&ref_rmd=18908858530_rmdt&utm_campaign=tgt_ia_t1_genius&utm_content=84_6591_recForZoneBox0_recomm_product2_picture_column_477_1585&utm_medium=email&utm_source=tgt_ia_t1_genius" "Mozilla/5.0 (Windows NT 10.0; Win64; x64) AppleWebKit/537.36 (KHTML, like Gecko) Chrome/133.0.0.0 Safari/537.36"
89.136.23.250 - - [03/Mar/2025:12:03:35 +0100] "GET /Jurek/eurofirany/images/333886/6.jpg HTTP/2.0" 200 89803 "https://www.emag.ro/perdea-ready-esim-140x250-cm-alba-eurofirany-333886/pd/DVN68LMBM/?cmpid=92254&ref=TGT_18908858530_rmdt&ref_rmd=18908858530_rmdt&utm_campaign=tgt_ia_t1_genius&utm_content=84_6591_recForZoneBox0_recomm_product2_picture_column_477_1585&utm_medium=email&utm_source=tgt_ia_t1_genius" "Mozilla/5.0 (Windows NT 10.0; Win64; x64) AppleWebKit/537.36 (KHTML, like Gecko) Chrome/133.0.0.0 Safari/537.36"
66.211.183.71 - - [03/Mar/2025:12:03:35 +0100] "GET /Jurek/eurofirany/images/434225/0.jpg HTTP/1.1" 200 119736 "-" "scalaj-http/2.4.2"
89.136.23.250 - - [03/Mar/2025:12:03:35 +0100] "GET /Jurek/eurofirany/images/333886/4.jpg HTTP/2.0" 200 139282 "https://www.emag.ro/perdea-ready-esim-140x250-cm-alba-eurofirany-333886/pd/DVN68LMBM/?cmpid=92254&ref=TGT_18908858530_rmdt&ref_rmd=18908858530_rmdt&utm_campaign=tgt_ia_t1_genius&utm_content=84_6591_recForZoneBox0_recomm_product2_picture_column_477_1585&utm_medium=email&utm_source=tgt_ia_t1_genius" "Mozilla/5.0 (Windows NT 10.0; Win64; x64) AppleWebKit/537.36 (KHTML, like Gecko) Chrome/133.0.0.0 Safari/537.36"
89.136.23.250 - - [03/Mar/2025:12:03:35 +0100] "GET /Jurek/eurofirany/images/333886/3.jpg HTTP/2.0" 200 50905 "https://www.emag.ro/perdea-ready-esim-140x250-cm-alba-eurofirany-333886/pd/DVN68LMBM/?cmpid=92254&ref=TGT_18908858530_rmdt&ref_rmd=18908858530_rmdt&utm_campaign=tgt_ia_t1_genius&utm_content=84_6591_recForZoneBox0_recomm_product2_picture_column_477_1585&utm_medium=email&utm_source=tgt_ia_t1_genius" "Mozilla/5.0 (Windows NT 10.0; Win64; x64) AppleWebKit/537.36 (KHTML, like Gecko) Chrome/133.0.0.0 Safari/537.36"
89.136.23.250 - - [03/Mar/2025:12:03:35 +0100] "GET /Jurek/eurofirany/images/333886/2.jpg HTTP/2.0" 200 26359 "https://www.emag.ro/perdea-ready-esim-140x250-cm-alba-eurofirany-333886/pd/DVN68LMBM/?cmpid=92254&ref=TGT_18908858530_rmdt&ref_rmd=18908858530_rmdt&utm_campaign=tgt_ia_t1_genius&utm_content=84_6591_recForZoneBox0_recomm_product2_picture_column_477_1585&utm_medium=email&utm_source=tgt_ia_t1_genius" "Mozilla/5.0 (Windows NT 10.0; Win64; x64) AppleWebKit/537.36 (KHTML, like Gecko) Chrome/133.0.0.0 Safari/537.36"
46.101.116.244 - - [03/Mar/2025:12:03:37 +0100] "GET /Jurek/kinghoff/feeds/kinghoff_mallsl.xml HTTP/2.0" 200 15077314 "-" "-"
66.211.183.70 - - [03/Mar/2025:12:03:38 +0100] "GET /Jurek/eurofirany/images/383067/0.jpg HTTP/1.1" 200 72405 "-" "scalaj-http/2.4.2"
92.87.175.11 - - [03/Mar/2025:12:03:47 +0100] "GET /Jurek/eurofirany/images/333886/2.jpg HTTP/2.0" 200 26359 "https://www.emag.ro/perdea-ready-esim-140x250-cm-alba-eurofirany-333886/pd/DVN68LMBM/?cmpid=92254&ref=TGT_18908858530_rmdt&ref_rmd=18908858530_rmdt&utm_campaign=tgt_ia_t1_genius&utm_content=84_6591_recForZoneBox0_recomm_product2_picture_column_477_1585&utm_medium=email&utm_source=tgt_ia_t1_genius" "Mozilla/5.0 (Windows NT 10.0; Win64; x64) AppleWebKit/537.36 (KHTML, like Gecko) Chrome/132.0.0.0 Safari/537.36"
92.87.175.11 - - [03/Mar/2025:12:03:47 +0100] "GET /Jurek/eurofirany/images/333886/1.jpg HTTP/2.0" 200 55732 "https://www.emag.ro/perdea-ready-esim-140x250-cm-alba-eurofirany-333886/pd/DVN68LMBM/?cmpid=92254&ref=TGT_18908858530_rmdt&ref_rmd=18908858530_rmdt&utm_campaign=tgt_ia_t1_genius&utm_content=84_6591_recForZoneBox0_recomm_product2_picture_column_477_1585&utm_medium=email&utm_source=tgt_ia_t1_genius" "Mozilla/5.0 (Windows NT 10.0; Win64; x64) AppleWebKit/537.36 (KHTML, like Gecko) Chrome/132.0.0.0 Safari/537.36"
92.87.175.11 - - [03/Mar/2025:12:03:47 +0100] "GET /Jurek/eurofirany/images/333886/6.jpg HTTP/2.0" 200 89803 "https://www.emag.ro/perdea-ready-esim-140x250-cm-alba-eurofirany-333886/pd/DVN68LMBM/?cmpid=92254&ref=TGT_18908858530_rmdt&ref_rmd=18908858530_rmdt&utm_campaign=tgt_ia_t1_genius&utm_content=84_6591_recForZoneBox0_recomm_product2_picture_column_477_1585&utm_medium=email&utm_source=tgt_ia_t1_genius" "Mozilla/5.0 (Windows NT 10.0; Win64; x64) AppleWebKit/537.36 (KHTML, like Gecko) Chrome/132.0.0.0 Safari/537.36"
92.87.175.11 - - [03/Mar/2025:12:03:47 +0100] "GET /Jurek/eurofirany/images/333886/3.jpg HTTP/2.0" 200 50905 "https://www.emag.ro/perdea-ready-esim-140x250-cm-alba-eurofirany-333886/pd/DVN68LMBM/?cmpid=92254&ref=TGT_18908858530_rmdt&ref_rmd=18908858530_rmdt&utm_campaign=tgt_ia_t1_genius&utm_content=84_6591_recForZoneBox0_recomm_product2_picture_column_477_1585&utm_medium=email&utm_source=tgt_ia_t1_genius" "Mozilla/5.0 (Windows NT 10.0; Win64; x64) AppleWebKit/537.36 (KHTML, like Gecko) Chrome/132.0.0.0 Safari/537.36"
92.87.175.11 - - [03/Mar/2025:12:03:47 +0100] "GET /Jurek/eurofirany/images/333886/5.jpg HTTP/2.0" 200 44556 "https://www.emag.ro/perdea-ready-esim-140x250-cm-alba-eurofirany-333886/pd/DVN68LMBM/?cmpid=92254&ref=TGT_18908858530_rmdt&ref_rmd=18908858530_rmdt&utm_campaign=tgt_ia_t1_genius&utm_content=84_6591_recForZoneBox0_recomm_product2_picture_column_477_1585&utm_medium=email&utm_source=tgt_ia_t1_genius" "Mozilla/5.0 (Windows NT 10.0; Win64; x64) AppleWebKit/537.36 (KHTML, like Gecko) Chrome/132.0.0.0 Safari/537.36"
92.87.175.11 - - [03/Mar/2025:12:03:47 +0100] "GET /Jurek/eurofirany/images/333886/4.jpg HTTP/2.0" 200 139282 "https://www.emag.ro/perdea-ready-esim-140x250-cm-alba-eurofirany-333886/pd/DVN68LMBM/?cmpid=92254&ref=TGT_18908858530_rmdt&ref_rmd=18908858530_rmdt&utm_campaign=tgt_ia_t1_genius&utm_content=84_6591_recForZoneBox0_recomm_product2_picture_column_477_1585&utm_medium=email&utm_source=tgt_ia_t1_genius" "Mozilla/5.0 (Windows NT 10.0; Win64; x64) AppleWebKit/537.36 (KHTML, like Gecko) Chrome/132.0.0.0 Safari/537.36"
46.101.116.244 - - [03/Mar/2025:12:03:53 +0100] "GET /Jurek/sempler/feeds/sempler_alza.xml HTTP/2.0" 200 6554609 "-" "-"
85.14.86.141 - - [03/Mar/2025:12:03:55 +0100] "GET /Jurek/eurofirany/feeds/eurofirany_morele.xml HTTP/2.0" 200 18993947 "-" "MarketplaceAPI curl/7.64.0 PHP/8"
46.101.116.244 - - [03/Mar/2025:12:03:59 +0100] "GET /Jurek/kinghome/feeds/kinghome_mallsl.xml HTTP/2.0" 200 5710343 "-" "-"
66.249.66.66 - - [03/Mar/2025:12:04:01 +0100] "GET /Jurek/eurofirany/images/401107/0.jpg HTTP/1.1" 200 111956 "-" "Googlebot-Image/1.0"
46.101.116.244 - - [03/Mar/2025:12:04:05 +0100] "GET /Jurek/eroplace/feeds/eroplace_alza.xml HTTP/2.0" 200 30866259 "-" "-"
46.101.116.244 - - [03/Mar/2025:12:04:11 +0100] "GET /Jurek/vivaldi/feeds/vivaldi_Mall-sl.xml HTTP/2.0" 200 344588 "-" "-"
85.14.86.141 - - [03/Mar/2025:12:04:12 +0100] "GET /Jurek/vivaldi/feeds/vivaldi_Morele-PL.xml HTTP/2.0" 200 344674 "-" "MarketplaceAPI curl/7.64.0 PHP/8"
46.101.116.244 - - [03/Mar/2025:12:04:18 +0100] "GET /Jurek/mosti/feeds/mosti_alza.xml HTTP/2.0" 200 9251174 "-" "-"
46.101.116.244 - - [03/Mar/2025:12:04:19 +0100] "GET /Jurek/biokominki/feeds/biokomiinki_alza.xml HTTP/2.0" 200 1422333 "-" "-"
46.101.116.244 - - [03/Mar/2025:12:04:22 +0100] "GET /Jurek/eurofirany/feeds/eurofirany_mall_si_shumee.xml HTTP/2.0" 200 18992790 "-" "-"
193.33.8.61 - - [03/Mar/2025:12:05:01 +0100] "GET /Jurek/aiofactory/download/products.csv HTTP/2.0" 200 1925899 "https://konsola.dkkapusta1997.usermd.net/" "Mozilla/5.0 (Windows NT 10.0; Win64; x64) AppleWebKit/537.36 (KHTML, like Gecko) Chrome/133.0.0.0 Safari/537.36"
85.14.86.141 - - [03/Mar/2025:12:05:07 +0100] "GET /Jurek/aw/feeds/awnarzedzia_morele.xml HTTP/2.0" 200 90364592 "-" "MarketplaceAPI curl/7.64.0 PHP/8"
85.14.86.141 - - [03/Mar/2025:12:05:12 +0100] "GET /Jurek/vida_morele/feeds/VidaPL_morele.xml HTTP/2.0" 200 689598773 "-" "MarketplaceAPI curl/7.64.0 PHP/8"
66.249.66.66 - - [03/Mar/2025:12:05:17 +0100] "GET /Jurek/eurofirany/images/416438/2.jpg HTTP/1.1" 200 157506 "-" "Googlebot-Image/1.0"
46.101.116.244 - - [03/Mar/2025:12:05:24 +0100] "GET /Jurek/vida_morele/feeds/vida_alza.xml HTTP/2.0" 200 690401469 "-" "-"
66.211.183.74 - - [03/Mar/2025:12:05:28 +0100] "GET /Jurek/eurofirany/images/404522/0.jpg HTTP/1.1" 200 69238 "-" "scalaj-http/2.4.2"
66.211.183.72 - - [03/Mar/2025:12:05:48 +0100] "GET /Jurek/eurofirany/images/389923/0.jpg HTTP/1.1" 200 156799 "-" "scalaj-http/2.4.2"
46.101.116.244 - - [03/Mar/2025:12:06:00 +0100] "GET /Jurek/intsell/feeds/intsell_amazonde.xml HTTP/1.0" 200 338785526 "-" "-"
85.14.86.141 - - [03/Mar/2025:12:06:01 +0100] "GET /Jurek/miloohome/feeds/miloohome_morele.xml HTTP/2.0" 200 1421250 "-" "MarketplaceAPI curl/7.64.0 PHP/8"
89.161.206.59 - - [03/Mar/2025:12:06:03 +0100] "GET /Jurek/erohurtownia/feeds/erohurtownia_amazonde.xml HTTP/1.0" 200 23304265 "-" "-"
85.14.86.141 - - [03/Mar/2025:12:06:07 +0100] "GET /Jurek/beliani/feeds/beliani_morele.xml HTTP/2.0" 200 31889570 "-" "MarketplaceAPI curl/7.64.0 PHP/8"
46.101.116.244 - - [03/Mar/2025:12:06:09 +0100] "GET /Jurek/intsell/feeds/intsell_amazonde.xml HTTP/1.0" 200 338785526 "-" "-"
46.101.116.244 - - [03/Mar/2025:12:06:15 +0100] "GET /Jurek/aw/feeds/aw_fnacfr.xml HTTP/1.0" 404 3551 "-" "-"
66.211.183.73 - - [03/Mar/2025:12:06:33 +0100] "GET /Jurek/eurofirany/images/409429/0.jpg HTTP/1.1" 200 41174 "-" "scalaj-http/2.4.2"
66.211.183.71 - - [03/Mar/2025:12:06:49 +0100] "GET /Jurek/eurofirany/images/389936/0.jpg HTTP/1.1" 200 166817 "-" "scalaj-http/2.4.2"
66.211.183.72 - - [03/Mar/2025:12:07:15 +0100] "GET /Jurek/eurofirany/images/398808/0.jpg HTTP/1.1" 200 31541 "-" "scalaj-http/2.4.2"
46.101.116.244 - - [03/Mar/2025:12:08:03 +0100] "GET /Filip/feeds/xlsx_ceneo.xml HTTP/1.0" 200 6241376 "-" "-"
66.211.183.71 - - [03/Mar/2025:12:08:17 +0100] "GET /Jurek/eurofirany/images/401099/0.jpg HTTP/1.1" 200 109307 "-" "scalaj-http/2.4.2"
5.134.208.158 - - [03/Mar/2025:12:09:27 +0100] "GET /Jurek/eurofirany/images/382246/0.jpg HTTP/1.1" 200 133518 "-" "-"
66.249.66.66 - - [03/Mar/2025:12:09:45 +0100] "GET /Jurek/eurofirany/images/416137/1.jpg HTTP/1.1" 200 58333 "-" "Googlebot-Image/1.0"
66.211.183.72 - - [03/Mar/2025:12:09:55 +0100] "GET /Jurek/eurofirany/images/389236/0.jpg HTTP/1.1" 200 135761 "-" "scalaj-http/2.4.2"
185.6.76.18 - - [03/Mar/2025:12:10:38 +0100] "GET /marketplaces/skroutz/feeds/shumee.xml HTTP/1.1" 200 348127939 "-" "SkroutzBot v1.0"
66.211.183.74 - - [03/Mar/2025:12:10:38 +0100] "GET /Jurek/eurofirany/images/382231/0.jpg HTTP/1.1" 200 100949 "-" "scalaj-http/2.4.2"
46.101.116.244 - - [03/Mar/2025:12:11:03 +0100] "GET /Jurek/unimet/feeds/unimet_mallsi.xml HTTP/2.0" 200 60213801 "-" "-"
66.211.183.73 - - [03/Mar/2025:12:11:09 +0100] "GET /Jurek/topeshop/downloaded_images/5902838468456_Oaplwieszak.png HTTP/1.1" 404 3551 "-" "scalaj-http/2.4.2"
89.161.206.59 - - [03/Mar/2025:12:11:18 +0100] "GET /Jurek/topeshop/feeds/topeshop_amazonFR.xml HTTP/1.0" 200 2406990 "-" "-"
66.211.183.71 - - [03/Mar/2025:12:11:21 +0100] "GET /Jurek/eurofirany/images/383363/0.jpg HTTP/1.1" 200 73843 "-" "scalaj-http/2.4.2"
89.161.206.59 - - [03/Mar/2025:12:11:21 +0100] "GET /Jurek/topeshop/feeds/topeshop_amazonIT.xml HTTP/1.0" 200 2407032 "-" "-"
89.161.206.59 - - [03/Mar/2025:12:11:24 +0100] "GET /Jurek/topeshop/feeds/topeshop_amazonDE.xml HTTP/1.0" 200 2406880 "-" "-"
89.161.206.59 - - [03/Mar/2025:12:11:28 +0100] "GET /Jurek/topeshop/feeds/topeshop_amazonSE.xml HTTP/1.0" 200 2407659 "-" "-"
46.101.116.244 - - [03/Mar/2025:12:11:29 +0100] "GET /Jurek/aw/feeds/aw_fnacfr.xml HTTP/1.0" 404 3551 "-" "-"
89.161.206.59 - - [03/Mar/2025:12:11:32 +0100] "GET /Jurek/topeshop/feeds/topeshop_amazonES.xml HTTP/1.0" 200 2406986 "-" "-"
89.161.206.59 - - [03/Mar/2025:12:11:36 +0100] "GET /Jurek/topeshop/feeds/topeshop_amazonNL.xml HTTP/1.0" 200 2407018 "-" "-"
89.161.206.59 - - [03/Mar/2025:12:11:40 +0100] "GET /Jurek/topeshop/feeds/topeshop_amazonBE.xml HTTP/1.0" 200 2406996 "-" "-"
46.101.116.244 - - [03/Mar/2025:12:11:44 +0100] "GET /Filip/feeds/xlsx_ceneo.xml HTTP/1.0" 200 6241376 "-" "-"
89.161.206.59 - - [03/Mar/2025:12:11:57 +0100] "GET /Jurek/hurtownia_przemyslowa/feeds/hp_allegro_cz.xml HTTP/1.0" 200 49625963 "-" "-"
89.161.206.59 - - [03/Mar/2025:12:12:11 +0100] "GET /Jurek/sempler/feeds/sempler_allegro.xml HTTP/1.0" 200 6553634 "-" "-"
89.161.206.59 - - [03/Mar/2025:12:12:12 +0100] "GET /Jurek/narzbud/feeds/narzbud_allegro.xml HTTP/1.0" 200 1958392 "-" "-"
89.161.206.59 - - [03/Mar/2025:12:12:16 +0100] "GET /Jurek/ekolight/feeds/ekolight_allegro.xml HTTP/1.0" 200 9053759 "-" "-"
89.161.206.59 - - [03/Mar/2025:12:12:17 +0100] "GET /Jurek/drops/feeds/dropsofficecolection_allegro.xml HTTP/1.0" 200 787961 "-" "-"
89.161.206.59 - - [03/Mar/2025:12:12:18 +0100] "GET /Jurek/velinda/feeds/velinda_allegro.xml HTTP/1.0" 200 4283062 "-" "-"
89.161.206.59 - - [03/Mar/2025:12:12:32 +0100] "GET /Jurek/swiatecznygoliat/feeds/swiatecznygoliat_amazonde.xml HTTP/1.0" 200 7054356 "-" "-"
66.211.183.72 - - [03/Mar/2025:12:12:54 +0100] "GET /Jurek/eurofirany/images/389989/0.jpg HTTP/1.1" 200 163763 "-" "scalaj-http/2.4.2"
46.101.116.244 - - [03/Mar/2025:12:13:12 +0100] "GET /Jurek/vidaSI/feeds/vidaSI_mall.xml HTTP/2.0" 200 612898071 "-" "-"
66.211.183.74 - - [03/Mar/2025:12:13:19 +0100] "GET /Jurek/eurofirany/images/423668/0.jpg HTTP/1.1" 200 63263 "-" "scalaj-http/2.4.2"
66.211.183.71 - - [03/Mar/2025:12:13:20 +0100] "GET /Jurek/eurofirany/images/431704/0.jpg HTTP/1.1" 200 144693 "-" "scalaj-http/2.4.2"
66.211.183.73 - - [03/Mar/2025:12:14:43 +0100] "GET /Jurek/eurofirany/images/390117/0.jpg HTTP/1.1" 200 156799 "-" "scalaj-http/2.4.2"
66.211.183.73 - - [03/Mar/2025:12:15:03 +0100] "GET /Jurek/eurofirany/images/389926/0.jpg HTTP/1.1" 200 168905 "-" "scalaj-http/2.4.2"
66.211.183.70 - - [03/Mar/2025:12:15:23 +0100] "GET /Jurek/eurofirany/images/438708/0.jpg HTTP/1.1" 200 62650 "-" "scalaj-http/2.4.2"
89.161.206.59 - - [03/Mar/2025:12:15:45 +0100] "GET /Jurek/ikonka/feeds/ikonka_amazonES.xml HTTP/1.0" 200 21454214 "-" "-"
46.101.116.244 - - [03/Mar/2025:12:16:11 +0100] "GET /Jurek/aw/feeds/aw_fnacfr.xml HTTP/1.0" 404 3551 "-" "-"
66.211.183.73 - - [03/Mar/2025:12:16:13 +0100] "GET /Jurek/eurofirany/images/423240/0.jpg HTTP/1.1" 200 100529 "-" "scalaj-http/2.4.2"
46.101.116.244 - - [03/Mar/2025:12:16:28 +0100] "GET /Filip/feeds/xlsx_ceneo.xml HTTP/1.0" 200 6241376 "-" "-"
66.211.183.73 - - [03/Mar/2025:12:16:28 +0100] "GET /Jurek/eurofirany/images/401091/0.jpg HTTP/1.1" 200 119799 "-" "scalaj-http/2.4.2"
66.211.183.74 - - [03/Mar/2025:12:16:56 +0100] "GET /Jurek/eurofirany/images/457792/0.jpg HTTP/1.1" 200 152038 "-" "scalaj-http/2.4.2"
66.211.183.72 - - [03/Mar/2025:12:18:10 +0100] "GET /Jurek/eurofirany/images/419259/0.jpg HTTP/1.1" 200 151726 "-" "scalaj-http/2.4.2"
66.211.183.71 - - [03/Mar/2025:12:18:16 +0100] "GET /Jurek/eurofirany/images/398805/0.jpg HTTP/1.1" 200 31541 "-" "scalaj-http/2.4.2"
66.211.183.73 - - [03/Mar/2025:12:18:24 +0100] "GET /Jurek/eurofirany/images/421725/0.jpg HTTP/1.1" 200 128195 "-" "scalaj-http/2.4.2"
66.249.66.66 - - [03/Mar/2025:12:19:45 +0100] "GET /Jurek/eurofirany/images/438610/3.jpg HTTP/1.1" 200 261280 "-" "Googlebot-Image/1.0"
89.161.206.59 - - [03/Mar/2025:12:20:32 +0100] "GET /Jurek/najtanszysport/feeds/najtanszysport_skroutz.xml HTTP/1.0" 200 3983162 "-" "-"
89.161.206.59 - - [03/Mar/2025:12:21:08 +0100] "GET /Jurek/ekuchcikowo/feeds/ekuchcikowo_allegro.xml HTTP/1.0" 200 13396253 "-" "-"
89.161.206.59 - - [03/Mar/2025:12:21:09 +0100] "GET /Jurek/livinhill/feeds/livinhill_allegro.xml HTTP/1.0" 200 1437982 "-" "-"
89.161.206.59 - - [03/Mar/2025:12:21:09 +0100] "GET /Jurek/urwiskowo/feeds/urwiskowo_allegro.xml HTTP/1.0" 200 9115590 "-" "-"
89.161.206.59 - - [03/Mar/2025:12:21:10 +0100] "GET /Jurek/reman/feeds/reman_allegro.xml HTTP/1.0" 200 1394898 "-" "-"
66.249.66.66 - - [03/Mar/2025:12:21:11 +0100] "GET /Jurek/eurofirany/images/401100/3.jpg HTTP/1.1" 200 171891 "-" "Googlebot-Image/1.0"
89.161.206.59 - - [03/Mar/2025:12:21:12 +0100] "GET /Jurek/ikonka/feeds/ikonka_amazonDE.xml HTTP/1.0" 200 21454196 "-" "-"
46.101.116.244 - - [03/Mar/2025:12:21:24 +0100] "GET /Jurek/aw/feeds/aw_fnacfr.xml HTTP/1.0" 404 3551 "-" "-"
46.101.116.244 - - [03/Mar/2025:12:22:00 +0100] "GET /Jurek/ikonka/feeds/ikonka_aliexpress.xml HTTP/1.0" 200 21452231 "-" "-"
89.161.206.59 - - [03/Mar/2025:12:22:04 +0100] "GET /Jurek/asortymenteu/feeds/asortymenteu_aliex.xml HTTP/1.0" 200 2135533 "-" "-"
89.161.206.59 - - [03/Mar/2025:12:22:06 +0100] "GET /Jurek/kinghoff/feeds/kinghoff_aliex.xml HTTP/1.0" 200 15077035 "-" "-"
66.211.183.73 - - [03/Mar/2025:12:22:07 +0100] "GET /Jurek/eurofirany/images/438715/0.jpg HTTP/1.1" 200 62650 "-" "scalaj-http/2.4.2"
89.161.206.59 - - [03/Mar/2025:12:22:08 +0100] "GET /Jurek/waks/feeds/waks_aliex.xml HTTP/1.0" 200 6332411 "-" "-"
89.161.206.59 - - [03/Mar/2025:12:22:09 +0100] "GET /Jurek/sempler/feeds/sempler_aliex.xml HTTP/1.0" 200 6553762 "-" "-"
89.161.206.59 - - [03/Mar/2025:12:22:10 +0100] "GET /Jurek/pawonik/feeds/pawonik_aliex.xml HTTP/1.0" 200 2586507 "-" "-"
89.161.206.59 - - [03/Mar/2025:12:22:13 +0100] "GET /Jurek/pagmil/feeds/pagmil_aliex.xml HTTP/1.0" 200 1705857 "-" "-"
46.101.116.244 - - [03/Mar/2025:12:22:20 +0100] "GET /Filip/feeds/xlsx_ceneo.xml HTTP/1.0" 200 6241376 "-" "-"
66.211.183.72 - - [03/Mar/2025:12:23:03 +0100] "GET /Jurek/eurofirany/images/383468/0.jpg HTTP/1.1" 200 86852 "-" "scalaj-http/2.4.2"
66.249.66.66 - - [03/Mar/2025:12:23:32 +0100] "GET /Jurek/eurofirany/images/390199/6.jpg HTTP/1.1" 200 196016 "-" "Googlebot-Image/1.0"
46.101.116.244 - - [03/Mar/2025:12:23:40 +0100] "GET /Jurek/eurofirany/feeds/eurofirany_empik.xml HTTP/1.0" 200 18993796 "-" "-"
89.161.206.59 - - [03/Mar/2025:12:23:45 +0100] "GET /Jurek/pupus/feeds/pupus_skroutz.xml HTTP/1.0" 200 6154599 "-" "-"
66.211.183.74 - - [03/Mar/2025:12:23:46 +0100] "GET /Jurek/eurofirany/images/391107/0.jpg HTTP/1.1" 200 98566 "-" "scalaj-http/2.4.2"
89.161.206.59 - - [03/Mar/2025:12:23:47 +0100] "GET /Jurek/topeshop/feeds/topeshop_cdsc.xml HTTP/1.0" 200 2421055 "-" "-"
66.211.183.74 - - [03/Mar/2025:12:23:49 +0100] "GET /Jurek/eurofirany/images/372964/0.jpg HTTP/1.1" 200 60417 "-" "scalaj-http/2.4.2"
89.161.206.59 - - [03/Mar/2025:12:23:59 +0100] "GET /Jurek/barbecook/feeds/barbecook_cdis.xml HTTP/1.0" 200 87527 "-" "-"
46.101.116.244 - - [03/Mar/2025:12:24:05 +0100] "GET /Jurek/kinghoff/feeds/kinghoff_cdiscount.xml HTTP/1.0" 200 15077426 "-" "-"
46.101.116.244 - - [03/Mar/2025:12:24:37 +0100] "GET /Jurek/eurofirany/feeds/eurofirany_erli.xml HTTP/1.0" 200 18996274 "-" "-"
66.211.183.70 - - [03/Mar/2025:12:24:39 +0100] "GET /Jurek/eurofirany/images/390429/0.jpg HTTP/1.1" 200 97224 "-" "scalaj-http/2.4.2"
66.211.183.71 - - [03/Mar/2025:12:25:14 +0100] "GET /Jurek/eurofirany/images/390124/0.jpg HTTP/1.1" 200 173904 "-" "scalaj-http/2.4.2"
66.211.183.72 - - [03/Mar/2025:12:25:20 +0100] "GET /Jurek/eurofirany/images/390131/0.jpg HTTP/1.1" 200 166817 "-" "scalaj-http/2.4.2"
66.211.183.71 - - [03/Mar/2025:12:25:41 +0100] "GET /Jurek/eurofirany/images/379123/0.jpg HTTP/1.1" 200 127377 "-" "scalaj-http/2.4.2"
46.101.116.244 - - [03/Mar/2025:12:26:03 +0100] "GET /Jurek/aw/feeds/aw_fnacfr.xml HTTP/1.0" 404 3551 "-" "-"
46.175.227.131 - - [03/Mar/2025:12:26:17 +0100] "GET /Jurek/maksik/output.txt HTTP/2.0" 200 15399 "https://konsola.dkkapusta1997.usermd.net/" "Mozilla/5.0 (Windows NT 10.0; Win64; x64) AppleWebKit/537.36 (KHTML, like Gecko) Chrome/133.0.0.0 Safari/537.36"
66.249.66.66 - - [03/Mar/2025:12:26:18 +0100] "GET / HTTP/1.1" 200 1559 "-" "GoogleOther"
46.101.116.244 - - [03/Mar/2025:12:26:19 +0100] "GET /Filip/feeds/xlsx_ceneo.xml HTTP/1.0" 200 6241376 "-" "-"
35.198.94.37 - - [03/Mar/2025:12:26:20 +0100] "GET /Jurek/eurofirany/images/372660/0.jpg HTTP/2.0" 200 69040 "-" "Mozilla/5.0 (Macintosh; Intel Mac OS X 10.15; rv:78.0) Gecko/20100101 Firefox/78.0"
66.249.66.66 - - [03/Mar/2025:12:27:52 +0100] "GET / HTTP/1.1" 200 1559 "-" "GoogleOther"
46.175.227.131 - - [03/Mar/2025:12:27:52 +0100] "GET /Jurek/maksik/feeds/maksik_emagro.xml HTTP/2.0" 200 4085289 "https://konsola.dkkapusta1997.usermd.net/" "Mozilla/5.0 (Windows NT 10.0; Win64; x64) AppleWebKit/537.36 (KHTML, like Gecko) Chrome/133.0.0.0 Safari/537.36"
89.161.206.59 - - [03/Mar/2025:12:28:49 +0100] "GET /Jurek/maksik/feeds/maksik_emagro.xml HTTP/1.0" 200 4085289 "-" "-"
193.33.8.61 - - [03/Mar/2025:12:29:06 +0100] "GET /Jurek/globaldeli/output.txt HTTP/2.0" 200 8174 "https://konsola.dkkapusta1997.usermd.net/" "Mozilla/5.0 (Windows NT 10.0; Win64; x64) AppleWebKit/537.36 (KHTML, like Gecko) Chrome/133.0.0.0 Safari/537.36"
66.211.183.71 - - [03/Mar/2025:12:29:45 +0100] "GET /Jurek/eurofirany/images/389598/0.jpg HTTP/1.1" 200 134177 "-" "scalaj-http/2.4.2"
66.211.183.72 - - [03/Mar/2025:12:29:59 +0100] "GET /Jurek/eurofirany/images/390037/0.jpg HTTP/1.1" 200 208032 "-" "scalaj-http/2.4.2"
89.161.206.59 - - [03/Mar/2025:12:31:17 +0100] "GET /Jurek/ikonka/feeds/ikonka_amazonNL.xml HTTP/1.0" 200 21454178 "-" "-"
89.161.206.59 - - [03/Mar/2025:12:31:22 +0100] "GET /Jurek/eroplace/feeds/eroplace_amazonnl.xml HTTP/1.0" 200 30849212 "-" "-"
46.101.116.244 - - [03/Mar/2025:12:31:33 +0100] "GET /Jurek/aw/feeds/aw_fnacfr.xml HTTP/1.0" 404 3551 "-" "-"
46.101.116.244 - - [03/Mar/2025:12:31:49 +0100] "GET /Filip/feeds/xlsx_ceneo.xml HTTP/1.0" 200 6241376 "-" "-"
66.211.183.71 - - [03/Mar/2025:12:31:59 +0100] "GET /Jurek/eurofirany/images/441951/0.jpg HTTP/1.1" 200 128320 "-" "scalaj-http/2.4.2"
