66.211.183.70 - - [28/Feb/2025:00:00:17 +0100] "GET /Jurek/eurofirany/images/390014/0.jpg HTTP/1.1" 200 168905 "-" "scalaj-http/2.4.2"
46.101.116.244 - - [28/Feb/2025:00:00:18 +0100] "GET /Jurek/ekuchcikowo/feeds/ekuchcikowo_mallsi.xml HTTP/2.0" 200 13323145 "-" "-"
46.101.116.244 - - [28/Feb/2025:00:00:19 +0100] "GET /Jurek/coppotech/feeds/coppotech_alza.xml HTTP/2.0" 200 38985118 "-" "-"
46.101.116.244 - - [28/Feb/2025:00:00:32 +0100] "GET /Jurek/sempler/feeds/sempler_mallsi.xml HTTP/2.0" 200 6553244 "-" "-"
52.17.80.36 - - [28/Feb/2025:00:00:38 +0100] "GET /marketplaces/ubaldi/results/ubaldi.csv HTTP/1.1" 200 3576906 "-" "Mirakl HttpClient"
46.101.116.244 - - [28/Feb/2025:00:00:40 +0100] "GET /Jurek/erohurtownia/feeds/erohurtownia_alza.xml HTTP/2.0" 200 23303501 "-" "-"
46.101.116.244 - - [28/Feb/2025:00:00:44 +0100] "GET /Jurek/bass/feeds/bass_mallsi.xml HTTP/2.0" 200 3985203 "-" "-"
46.101.116.244 - - [28/Feb/2025:00:00:58 +0100] "GET /Jurek/euroshop/feeds/euroshop_alza.xml HTTP/2.0" 200 17924270 "-" "-"
46.101.116.244 - - [28/Feb/2025:00:01:11 +0100] "GET /Jurek/najtanszysport/feeds/najtanszysport_alza.xml HTTP/2.0" 200 3982723 "-" "-"
46.101.116.244 - - [28/Feb/2025:00:01:13 +0100] "GET /Jurek/slayo/feeds/slayo_mallsi.xml HTTP/2.0" 200 195534 "-" "-"
46.101.116.244 - - [28/Feb/2025:00:01:16 +0100] "GET /Jurek/aw/feeds/aw_fnacfr.xml HTTP/1.0" 404 3551 "-" "-"
46.101.116.244 - - [28/Feb/2025:00:01:22 +0100] "GET /Jurek/rider/feeds/rider_alza.xml HTTP/2.0" 200 8165113 "-" "-"
46.101.116.244 - - [28/Feb/2025:00:01:23 +0100] "GET /Jurek/mosti/feeds/mosti_mallsi.xml HTTP/2.0" 200 9250094 "-" "-"
66.249.66.66 - - [28/Feb/2025:00:01:24 +0100] "GET /Jurek/eurofirany/images/416134/7.jpg HTTP/1.1" 200 6595 "-" "Googlebot-Image/1.0"
46.101.116.244 - - [28/Feb/2025:00:01:24 +0100] "GET /Jurek/amzteam/feeds/amzteam_mallsi.xml HTTP/2.0" 200 97845 "-" "-"
46.101.116.244 - - [28/Feb/2025:00:01:25 +0100] "GET /Jurek/artdog/feeds/artdog_mallsi.xml HTTP/2.0" 200 15929154 "-" "-"
66.249.66.66 - - [28/Feb/2025:00:01:25 +0100] "GET /Jurek/eurofirany/images/416134/10.jpg HTTP/1.1" 200 6595 "-" "Googlebot-Image/1.0"
46.101.116.244 - - [28/Feb/2025:00:01:27 +0100] "GET /Jurek/kambukka/feeds/kambukka_mallsi.xml HTTP/2.0" 200 1043520 "-" "-"
66.249.66.66 - - [28/Feb/2025:00:01:29 +0100] "GET /Jurek/eurofirany/images/416134/9.jpg HTTP/1.1" 200 6595 "-" "Googlebot-Image/1.0"
66.249.66.66 - - [28/Feb/2025:00:01:30 +0100] "GET /Jurek/eurofirany/images/416134/8.jpg HTTP/1.1" 200 6595 "-" "Googlebot-Image/1.0"
66.249.66.66 - - [28/Feb/2025:00:01:32 +0100] "GET /Jurek/eurofirany/images/416134/6.jpg HTTP/1.1" 200 6595 "-" "Googlebot-Image/1.0"
46.101.116.244 - - [28/Feb/2025:00:01:38 +0100] "GET /Jurek/intsell/feeds/intsell_alza.xml HTTP/2.0" 200 338920523 "-" "-"
66.211.183.74 - - [28/Feb/2025:00:01:44 +0100] "GET /Jurek/eurofirany/images/407884/0.jpg HTTP/1.1" 200 101459 "-" "scalaj-http/2.4.2"
46.101.116.244 - - [28/Feb/2025:00:01:45 +0100] "GET /Jurek/swiatecznygoliat/feeds/swiatecznygoliat_mallsi.xml HTTP/2.0" 200 7054433 "-" "-"
46.101.116.244 - - [28/Feb/2025:00:01:48 +0100] "GET /Filip/feeds/xlsx_ceneo.xml HTTP/1.0" 200 6241376 "-" "-"
51.77.52.107 - - [28/Feb/2025:00:01:49 +0100] "POST /Filip/Rovicky/baselinker/baselinker-ceneo-shumee.php HTTP/2.0" 200 106776 "-" "BaseLinker/1.0"
89.161.206.59 - - [28/Feb/2025:00:01:50 +0100] "GET /Jurek/ikonka/feeds/ikonka_amazonDE.xml HTTP/1.0" 200 21450501 "-" "-"
89.161.206.59 - - [28/Feb/2025:00:01:53 +0100] "GET /Jurek/ikonka/feeds/ikonka_amazonIT.xml HTTP/1.0" 200 21450516 "-" "-"
89.161.206.59 - - [28/Feb/2025:00:01:54 +0100] "GET /Jurek/ikonka/feeds/ikonka_amazonFR.xml HTTP/1.0" 200 21450491 "-" "-"
89.161.206.59 - - [28/Feb/2025:00:01:56 +0100] "GET /Jurek/hurtownia_przemyslowa/feeds/hp_amazonDE.xml HTTP/1.0" 200 49623014 "-" "-"
52.18.22.0 - - [28/Feb/2025:00:02:03 +0100] "GET /marketplaces/rue/results/rue.csv HTTP/1.1" 200 7629923 "-" "Mirakl HttpClient"
178.21.154.6 - - [28/Feb/2025:00:02:23 +0100] "GET /Jurek/eurofirany/images/416142/0.jpg HTTP/1.1" 200 112607 "-" "-"
178.21.154.6 - - [28/Feb/2025:00:02:23 +0100] "GET /Jurek/eurofirany/images/366936/0.jpg HTTP/1.1" 200 124057 "-" "-"
178.21.154.6 - - [28/Feb/2025:00:02:23 +0100] "GET /Jurek/eurofirany/images/405285/0.jpg HTTP/1.1" 200 89973 "-" "-"
178.21.154.6 - - [28/Feb/2025:00:02:23 +0100] "GET /Jurek/eurofirany/images/362325/0.jpg HTTP/1.1" 200 85775 "-" "-"
178.21.154.6 - - [28/Feb/2025:00:02:23 +0100] "GET /Jurek/eurofirany/images/416438/0.jpg HTTP/1.1" 200 105080 "-" "-"
178.21.154.6 - - [28/Feb/2025:00:02:23 +0100] "GET /Jurek/eurofirany/images/335302/0.jpg HTTP/1.1" 200 135110 "-" "-"
178.21.154.6 - - [28/Feb/2025:00:02:23 +0100] "GET /Jurek/eurofirany/images/422874/0.jpg HTTP/1.1" 200 136431 "-" "-"
89.161.206.59 - - [28/Feb/2025:00:02:29 +0100] "GET /Jurek/b3/feeds/b3_emagro.xml HTTP/1.0" 200 7246603 "-" "-"
89.161.206.59 - - [28/Feb/2025:00:02:29 +0100] "GET /Jurek/narzbud/feeds/narzbud_emagro.xml HTTP/1.0" 200 1958426 "-" "-"
89.161.206.59 - - [28/Feb/2025:00:02:29 +0100] "GET /Jurek/drops/feeds/dropsofficecolection_emagro.xml HTTP/1.0" 200 788101 "-" "-"
89.161.206.59 - - [28/Feb/2025:00:02:29 +0100] "GET /Jurek/swiatecznygoliat/feeds/swiatecznygoliat_emagro.xml HTTP/1.0" 200 7054981 "-" "-"
89.161.206.59 - - [28/Feb/2025:00:02:29 +0100] "GET /Jurek/szpaklampy/feeds/szpaklampy_emagro.xml HTTP/1.0" 200 416564 "-" "-"
89.161.206.59 - - [28/Feb/2025:00:02:30 +0100] "GET /Jurek/spali/feeds/spali_emagro.xml HTTP/1.0" 200 101965 "-" "-"
89.161.206.59 - - [28/Feb/2025:00:02:30 +0100] "GET /Jurek/edruk/feeds/edruk_emagro.xml HTTP/1.0" 200 13455299 "-" "-"
89.161.206.59 - - [28/Feb/2025:00:02:30 +0100] "GET /Jurek/combine/feeds/combine_EMAGRO.xml HTTP/1.0" 200 210572 "-" "-"
89.161.206.59 - - [28/Feb/2025:00:02:30 +0100] "GET /Jurek/cbdgreen/feeds/cbdgreen_emagro.xml HTTP/1.0" 200 50240 "-" "-"
89.161.206.59 - - [28/Feb/2025:00:02:30 +0100] "GET /Jurek/velinda/feeds/velinda_emagro.xml HTTP/1.0" 200 4283229 "-" "-"
89.161.206.59 - - [28/Feb/2025:00:02:30 +0100] "GET /Jurek/urwiskowo/feeds/urwiskowo_emagro.xml HTTP/1.0" 200 9116370 "-" "-"
89.161.206.59 - - [28/Feb/2025:00:02:30 +0100] "GET /Jurek/reman/feeds/reman_emagro.xml HTTP/1.0" 200 1394904 "-" "-"
89.161.206.59 - - [28/Feb/2025:00:02:31 +0100] "GET /Jurek/erohurtownia/feeds/erohurtownia_emagro.xml HTTP/1.0" 200 23314200 "-" "-"
46.101.116.244 - - [28/Feb/2025:00:02:45 +0100] "GET /Jurek/octopia/feeds/octopia_mallsi.xml HTTP/2.0" 200 10731572 "-" "-"
46.101.116.244 - - [28/Feb/2025:00:03:01 +0100] "GET /Jurek/topeshop/feeds/topeshop_mallsi.xml HTTP/2.0" 200 2405428 "-" "-"
46.101.116.244 - - [28/Feb/2025:00:03:03 +0100] "GET /Jurek/intsell/feeds/intsell_emagro.xml HTTP/1.0" 200 338850795 "-" "-"
66.211.183.72 - - [28/Feb/2025:00:03:51 +0100] "GET /Jurek/eurofirany/images/408345/0.jpg HTTP/1.1" 200 73373 "-" "scalaj-http/2.4.2"
66.211.183.72 - - [28/Feb/2025:00:03:59 +0100] "GET /Jurek/eurofirany/images/390427/0.jpg HTTP/1.1" 200 97224 "-" "scalaj-http/2.4.2"
66.211.183.74 - - [28/Feb/2025:00:04:16 +0100] "GET /Jurek/eurofirany/images/432644/0.jpg HTTP/1.1" 200 85309 "-" "scalaj-http/2.4.2"
46.101.116.244 - - [28/Feb/2025:00:04:19 +0100] "GET /Jurek/sempler/feeds/sempler_alza.xml HTTP/2.0" 200 6554621 "-" "-"
46.101.116.244 - - [28/Feb/2025:00:04:31 +0100] "GET /Jurek/eroplace/feeds/eroplace_alza.xml HTTP/2.0" 200 30866328 "-" "-"
46.101.116.244 - - [28/Feb/2025:00:04:44 +0100] "GET /Jurek/mosti/feeds/mosti_alza.xml HTTP/2.0" 200 9251102 "-" "-"
46.101.116.244 - - [28/Feb/2025:00:04:45 +0100] "GET /Jurek/biokominki/feeds/biokomiinki_alza.xml HTTP/2.0" 200 1422341 "-" "-"
66.211.183.71 - - [28/Feb/2025:00:04:47 +0100] "GET /Jurek/eurofirany/images/383469/0.jpg HTTP/1.1" 200 86852 "-" "scalaj-http/2.4.2"
66.211.183.72 - - [28/Feb/2025:00:05:19 +0100] "GET /Jurek/eurofirany/images/379123/0.jpg HTTP/1.1" 200 127377 "-" "scalaj-http/2.4.2"
89.161.206.59 - - [28/Feb/2025:00:05:36 +0100] "GET /Jurek/hurtownia_przemyslowa/feeds/hp_amazonFR.xml HTTP/1.0" 200 49623417 "-" "-"
89.161.206.59 - - [28/Feb/2025:00:05:41 +0100] "GET /Jurek/hurtownia_przemyslowa/feeds/hp_amazonIT.xml HTTP/1.0" 200 49623143 "-" "-"
46.101.116.244 - - [28/Feb/2025:00:05:42 +0100] "GET /Jurek/vida_morele/feeds/vida_alza.xml HTTP/2.0" 200 690058210 "-" "-"
89.161.206.59 - - [28/Feb/2025:00:05:44 +0100] "GET /Jurek/hurtownia_przemyslowa/feeds/hp_amazonNL.xml HTTP/1.0" 200 49623309 "-" "-"
89.161.206.59 - - [28/Feb/2025:00:05:48 +0100] "GET /Jurek/hurtownia_przemyslowa/feeds/hp_amazonSE.xml HTTP/1.0" 200 49639240 "-" "-"
89.161.206.59 - - [28/Feb/2025:00:05:50 +0100] "GET /Jurek/kinghoff/feeds/kinghoff_amazon_de.xml HTTP/1.0" 200 14939728 "-" "-"
89.161.206.59 - - [28/Feb/2025:00:05:51 +0100] "GET /Jurek/bass/feeds/bass_amazonde.xml HTTP/1.0" 200 3985155 "-" "-"
89.161.206.59 - - [28/Feb/2025:00:05:51 +0100] "GET /Jurek/bass/feeds/bass_amazonit.xml HTTP/1.0" 200 3985230 "-" "-"
46.101.116.244 - - [28/Feb/2025:00:05:52 +0100] "GET /Jurek/aw/feeds/aw_fnacfr.xml HTTP/1.0" 404 3551 "-" "-"
89.161.206.59 - - [28/Feb/2025:00:05:52 +0100] "GET /Jurek/bass/feeds/bass_amazonnl.xml HTTP/1.0" 200 3985310 "-" "-"
89.161.206.59 - - [28/Feb/2025:00:05:52 +0100] "GET /Jurek/bass/feeds/bass_amazones.xml HTTP/1.0" 200 3985428 "-" "-"
66.211.183.73 - - [28/Feb/2025:00:05:52 +0100] "GET /Jurek/eurofirany/images/422874/0.jpg HTTP/1.1" 200 136431 "-" "scalaj-http/2.4.2"
89.161.206.59 - - [28/Feb/2025:00:05:53 +0100] "GET /Jurek/bass/feeds/bass_amazonse.xml HTTP/1.0" 200 3987040 "-" "-"
46.101.116.244 - - [28/Feb/2025:00:06:00 +0100] "GET /Jurek/aw/feeds/aw_fnacfr.xml HTTP/1.0" 404 3551 "-" "-"
66.211.183.73 - - [28/Feb/2025:00:06:03 +0100] "GET /Jurek/topeshop/downloaded_images/5902838466681_3.png HTTP/1.1" 404 3551 "-" "scalaj-http/2.4.2"
66.211.183.70 - - [28/Feb/2025:00:06:20 +0100] "GET /Jurek/eurofirany/images/383470/0.jpg HTTP/1.1" 200 86852 "-" "scalaj-http/2.4.2"
46.101.116.244 - - [28/Feb/2025:00:06:25 +0100] "GET /Filip/feeds/xlsx_ceneo.xml HTTP/1.0" 200 6241376 "-" "-"
51.77.52.107 - - [28/Feb/2025:00:06:26 +0100] "POST /Filip/Rovicky/baselinker/baselinker-ceneo-shumee.php HTTP/2.0" 200 106776 "-" "BaseLinker/1.0"
57.141.0.10 - - [28/Feb/2025:00:06:33 +0100] "GET /marketplaces/ubaldi/main.py HTTP/2.0" 200 941 "-" "meta-externalagent/1.1 (+https://developers.facebook.com/docs/sharing/webmasters/crawler)"
46.101.116.244 - - [28/Feb/2025:00:07:01 +0100] "GET /Jurek/activeshop/feeds/activeshop_mallsi.xml HTTP/2.0" 200 10470328 "-" "-"
66.211.183.70 - - [28/Feb/2025:00:07:17 +0100] "GET /Jurek/eurofirany/images/416150/0.jpg HTTP/1.1" 200 99814 "-" "scalaj-http/2.4.2"
66.211.183.70 - - [28/Feb/2025:00:09:13 +0100] "GET /Jurek/eurofirany/images/383326/0.jpg HTTP/1.1" 200 93037 "-" "scalaj-http/2.4.2"
66.211.183.73 - - [28/Feb/2025:00:10:04 +0100] "GET /Jurek/eurofirany/images/391112/0.jpg HTTP/1.1" 200 98566 "-" "scalaj-http/2.4.2"
66.211.183.71 - - [28/Feb/2025:00:10:08 +0100] "GET /Jurek/eurofirany/images/401109/0.jpg HTTP/1.1" 200 119799 "-" "scalaj-http/2.4.2"
62.146.215.34 - - [28/Feb/2025:00:10:16 +0100] "GET /Jurek/topeshop/downloaded_images/5904507209469_pROFILOWEMARINAkASZ.jpg HTTP/2.0" 404 3551 "-" "billigerbot/1.0"
46.101.116.244 - - [28/Feb/2025:00:10:51 +0100] "GET /Jurek/action/feeds/action_mallsigs.xml HTTP/2.0" 200 55164319 "-" "-"
66.211.183.71 - - [28/Feb/2025:00:10:59 +0100] "GET /Jurek/eurofirany/images/372660/0.jpg HTTP/1.1" 200 69040 "-" "scalaj-http/2.4.2"
46.101.116.244 - - [28/Feb/2025:00:11:02 +0100] "GET /Jurek/aw/feeds/aw_fnacfr.xml HTTP/1.0" 404 3551 "-" "-"
46.101.116.244 - - [28/Feb/2025:00:11:13 +0100] "GET /Jurek/b3/feeds/b3_mallsigs.xml HTTP/2.0" 200 7243942 "-" "-"
46.101.116.244 - - [28/Feb/2025:00:11:26 +0100] "GET /Jurek/benbaby/feeds/benbaby_mallsigs.xml HTTP/2.0" 200 3765587 "-" "-"
66.211.183.70 - - [28/Feb/2025:00:11:28 +0100] "GET /Jurek/eurofirany/images/404516/0.jpg HTTP/1.1" 200 42336 "-" "scalaj-http/2.4.2"
46.101.116.244 - - [28/Feb/2025:00:11:36 +0100] "GET /Filip/feeds/xlsx_ceneo.xml HTTP/1.0" 200 6241376 "-" "-"
51.77.52.107 - - [28/Feb/2025:00:11:37 +0100] "POST /Filip/Rovicky/baselinker/baselinker-ceneo-shumee.php HTTP/2.0" 200 106776 "-" "BaseLinker/1.0"
46.101.116.244 - - [28/Feb/2025:00:11:37 +0100] "GET /Jurek/emibig/feeds/emibig_mallsigs.xml HTTP/2.0" 200 2427442 "-" "-"
46.101.116.244 - - [28/Feb/2025:00:11:49 +0100] "GET /Jurek/hurtownia_przemyslowa/feeds/hp_mallsigs.xml HTTP/2.0" 200 49622818 "-" "-"
89.161.206.59 - - [28/Feb/2025:00:12:29 +0100] "GET /Jurek/kobi/feeds/kobi_skroutz.xml HTTP/1.0" 200 1993260 "-" "-"
89.161.206.59 - - [28/Feb/2025:00:12:29 +0100] "GET /Jurek/evil/feeds/evil_skroutz.xml HTTP/1.0" 200 252474 "-" "-"
89.161.206.59 - - [28/Feb/2025:00:12:30 +0100] "GET /Jurek/twojsklep/feeds/twojsklep_skroutz.xml HTTP/1.0" 200 126797 "-" "-"
89.161.206.59 - - [28/Feb/2025:00:12:31 +0100] "GET /Jurek/antiodor/feeds/antiodor_skroutz.xml HTTP/1.0" 200 137858 "-" "-"
89.161.206.59 - - [28/Feb/2025:00:12:32 +0100] "GET /Jurek/sartrix/feeds/sartrix_skroutz.xml HTTP/1.0" 200 649143 "-" "-"
89.161.206.59 - - [28/Feb/2025:00:12:33 +0100] "GET /Jurek/wenom/feeds/wenom_skroutz.xml HTTP/1.0" 200 583212 "-" "-"
89.161.206.59 - - [28/Feb/2025:00:12:35 +0100] "GET /Jurek/luxma/feeds/luxma_skroutz.xml HTTP/1.0" 200 4420011 "-" "-"
89.161.206.59 - - [28/Feb/2025:00:12:37 +0100] "GET /Jurek/drewdon/feeds/drewdon_skroutz.xml HTTP/1.0" 200 358931 "-" "-"
89.161.206.59 - - [28/Feb/2025:00:12:38 +0100] "GET /Jurek/zepnij/feeds/zepnij_skroutz.xml HTTP/1.0" 200 19522965 "-" "-"
89.161.206.59 - - [28/Feb/2025:00:12:40 +0100] "GET /Jurek/primohurt/feeds/primohurt_skroutz.xml HTTP/1.0" 200 17187238 "-" "-"
89.161.206.59 - - [28/Feb/2025:00:12:42 +0100] "GET /Jurek/dekoele/feeds/dekoele_skroutz.xml HTTP/1.0" 200 378803 "-" "-"
89.161.206.59 - - [28/Feb/2025:00:12:42 +0100] "GET /Jurek/rider/feeds/rider_skroutz.xml HTTP/1.0" 200 8165166 "-" "-"
89.161.206.59 - - [28/Feb/2025:00:12:43 +0100] "GET /Jurek/expertauto/feeds/expertauto_skroutz.xml HTTP/1.0" 200 1158888 "-" "-"
66.211.183.70 - - [28/Feb/2025:00:12:51 +0100] "GET /Jurek/eurofirany/images/404579/0.jpg HTTP/1.1" 200 80075 "-" "scalaj-http/2.4.2"
89.161.206.59 - - [28/Feb/2025:00:12:53 +0100] "GET /Jurek/qbox/feeds/qbox_skroutz.xml HTTP/1.0" 200 398723 "-" "-"
89.161.206.59 - - [28/Feb/2025:00:12:56 +0100] "GET /Jurek/emaja24/feeds/emaja24_skroutz.xml HTTP/1.0" 200 5110204 "-" "-"
66.211.183.72 - - [28/Feb/2025:00:13:08 +0100] "GET /Jurek/eurofirany/images/403497/0.jpg HTTP/1.1" 200 62701 "-" "scalaj-http/2.4.2"
66.211.183.70 - - [28/Feb/2025:00:14:03 +0100] "GET /Jurek/eurofirany/images/438609/0.jpg HTTP/1.1" 200 152953 "-" "scalaj-http/2.4.2"
66.135.202.170 - - [28/Feb/2025:00:14:20 +0100] "GET /Jurek/topeshop/downloaded_images/5904507200169_MIJASBIURKOBRY%C5%81KASONOMALEWEFRONTOT.jpg HTTP/1.1" 404 3551 "http://www.ebay.com/" "Mozilla/4.0 (compatible; MSIE 4.01; Windows NT)"
66.135.202.169 - - [28/Feb/2025:00:14:20 +0100] "GET /Jurek/topeshop/downloaded_images/5904507200169_MIJASBIURKOBRY%C5%81KASONOMALEWEBOKOT.jpg HTTP/1.1" 404 3551 "http://www.ebay.com/" "Mozilla/4.0 (compatible; MSIE 4.01; Windows NT)"
66.135.202.171 - - [28/Feb/2025:00:14:20 +0100] "GET /Jurek/topeshop/downloaded_images/5904507200169_MIJASBIURKOBRY%C5%81KASONOMALEWEFRONTZM.jpg HTTP/1.1" 404 3551 "http://www.ebay.com/" "Mozilla/4.0 (compatible; MSIE 4.01; Windows NT)"
66.135.202.171 - - [28/Feb/2025:00:14:20 +0100] "GET /Jurek/topeshop/downloaded_images/5904507200169_MIJASBIURKOSONOMA_.png HTTP/1.1" 404 3551 "http://www.ebay.com/" "Mozilla/4.0 (compatible; MSIE 4.01; Windows NT)"
66.135.202.172 - - [28/Feb/2025:00:14:20 +0100] "GET /Jurek/topeshop/downloaded_images/5904507200169_MIJASBIURKOBRY%C5%81KASONOMALEWEBOKZM.jpg HTTP/1.1" 404 3551 "http://www.ebay.com/" "Mozilla/4.0 (compatible; MSIE 4.01; Windows NT)"
66.135.202.170 - - [28/Feb/2025:00:14:20 +0100] "GET /Jurek/topeshop/downloaded_images/5904507200169_MIJASBIURKOSONOMALEWO.2tif.png HTTP/1.1" 404 3551 "http://www.ebay.com/" "Mozilla/4.0 (compatible; MSIE 4.01; Windows NT)"
66.211.183.74 - - [28/Feb/2025:00:14:27 +0100] "GET /Jurek/eurofirany/images/409912/0.jpg HTTP/1.1" 200 84953 "-" "scalaj-http/2.4.2"
66.211.183.72 - - [28/Feb/2025:00:14:33 +0100] "GET /Jurek/topeshop/downloaded_images/5902838461129_1_Sonoma_mix.png HTTP/1.1" 404 3551 "-" "scalaj-http/2.4.2"
46.101.116.244 - - [28/Feb/2025:00:14:35 +0100] "GET /Jurek/beliani/feeds/beliani_si_mallsi.xml HTTP/2.0" 200 31798048 "-" "-"
66.211.183.74 - - [28/Feb/2025:00:14:40 +0100] "GET /Jurek/eurofirany/images/416680/0.jpg HTTP/1.1" 200 125293 "-" "scalaj-http/2.4.2"
89.161.206.59 - - [28/Feb/2025:00:15:00 +0100] "GET /Jurek/ekotex/feeds/ekotex_skroutz.xml HTTP/1.0" 200 197810 "-" "-"
89.161.206.59 - - [28/Feb/2025:00:15:00 +0100] "GET /Jurek/motofan/feeds/motofan_skroutz.xml HTTP/1.0" 200 2392160 "-" "-"
46.101.116.244 - - [28/Feb/2025:00:15:22 +0100] "GET /Jurek/rovicky/feeds/rovicky_mallsi.xml HTTP/2.0" 200 14001413 "-" "-"
46.101.116.244 - - [28/Feb/2025:00:15:34 +0100] "GET /Jurek/detian/feeds/detian_mallsi.xml HTTP/2.0" 404 3551 "-" "-"
46.101.116.244 - - [28/Feb/2025:00:15:45 +0100] "GET /Jurek/ikonka/feeds/ikonka_mallsi.xml HTTP/2.0" 200 21450488 "-" "-"
66.211.183.70 - - [28/Feb/2025:00:15:45 +0100] "GET /Jurek/topeshop/downloaded_images/5904507201425_2.jpg HTTP/1.1" 404 3551 "-" "scalaj-http/2.4.2"
46.101.116.244 - - [28/Feb/2025:00:16:01 +0100] "GET /Jurek/candellux/feeds/candellux_mallsi.xml HTTP/2.0" 200 465691 "-" "-"
46.101.116.244 - - [28/Feb/2025:00:16:12 +0100] "GET /Jurek/andex/feeds/andex_mallsl.xml HTTP/2.0" 200 1953451 "-" "-"
46.101.116.244 - - [28/Feb/2025:00:16:15 +0100] "GET /Jurek/aw/feeds/aw_fnacfr.xml HTTP/1.0" 404 3551 "-" "-"
66.135.202.169 - - [28/Feb/2025:00:16:15 +0100] "GET /Jurek/topeshop/downloaded_images/5904507206154_4.jpg HTTP/1.1" 404 3551 "http://www.ebay.com/" "Mozilla/4.0 (compatible; MSIE 4.01; Windows NT)"
66.135.202.170 - - [28/Feb/2025:00:16:15 +0100] "GET /Jurek/topeshop/downloaded_images/5904507206154_1.jpg HTTP/1.1" 404 3551 "http://www.ebay.com/" "Mozilla/4.0 (compatible; MSIE 4.01; Windows NT)"
66.135.202.169 - - [28/Feb/2025:00:16:15 +0100] "GET /Jurek/topeshop/downloaded_images/5904507206154_ANRTRACYTSZAFADUOFRONTZM.jpg HTTP/1.1" 404 3551 "http://www.ebay.com/" "Mozilla/4.0 (compatible; MSIE 4.01; Windows NT)"
66.135.202.170 - - [28/Feb/2025:00:16:15 +0100] "GET /Jurek/topeshop/downloaded_images/5904507206154_2.jpg HTTP/1.1" 404 3551 "http://www.ebay.com/" "Mozilla/4.0 (compatible; MSIE 4.01; Windows NT)"
66.135.202.173 - - [28/Feb/2025:00:16:16 +0100] "GET /Jurek/topeshop/downloaded_images/5904507206154_ANTRACYTSZAFADUOFRONTOT.jpg HTTP/1.1" 404 3551 "http://www.ebay.com/" "Mozilla/4.0 (compatible; MSIE 4.01; Windows NT)"
66.135.202.169 - - [28/Feb/2025:00:16:16 +0100] "GET /Jurek/topeshop/downloaded_images/5904507206154_ANRTRACYTSZAFADUOBOKZM.jpg HTTP/1.1" 404 3551 "http://www.ebay.com/" "Mozilla/4.0 (compatible; MSIE 4.01; Windows NT)"
66.135.202.169 - - [28/Feb/2025:00:16:16 +0100] "GET /Jurek/topeshop/downloaded_images/5904507206154_3.jpg HTTP/1.1" 404 3551 "http://www.ebay.com/" "Mozilla/4.0 (compatible; MSIE 4.01; Windows NT)"
66.135.202.169 - - [28/Feb/2025:00:16:16 +0100] "GET /Jurek/topeshop/downloaded_images/5904507206154_ANRTRACYTSZAFADUOBOKOT.jpg HTTP/1.1" 404 3551 "http://www.ebay.com/" "Mozilla/4.0 (compatible; MSIE 4.01; Windows NT)"
46.101.116.244 - - [28/Feb/2025:00:16:24 +0100] "GET /Jurek/chemex/feeds/chemex_mallsi.xml HTTP/2.0" 200 47809540 "-" "-"
89.161.206.59 - - [28/Feb/2025:00:16:29 +0100] "GET /Jurek/najtanszysport/feeds/najtanszysport_skroutz.xml HTTP/1.0" 200 3983200 "-" "-"
89.161.206.59 - - [28/Feb/2025:00:16:41 +0100] "GET /Jurek/bass_new/feeds/bass_skroutz.xml HTTP/1.0" 200 7040948 "-" "-"
46.101.116.244 - - [28/Feb/2025:00:16:41 +0100] "GET /Jurek/aw/feeds/awnarzedzia_mallsi.xml HTTP/2.0" 200 90232008 "-" "-"
46.101.116.244 - - [28/Feb/2025:00:16:47 +0100] "GET /Filip/feeds/xlsx_ceneo.xml HTTP/1.0" 200 6241376 "-" "-"
51.77.52.107 - - [28/Feb/2025:00:16:47 +0100] "POST /Filip/Rovicky/baselinker/baselinker-ceneo-shumee.php HTTP/2.0" 200 106776 "-" "BaseLinker/1.0"
66.211.183.71 - - [28/Feb/2025:00:18:13 +0100] "GET /Jurek/eurofirany/images/404882/0.jpg HTTP/1.1" 200 121187 "-" "scalaj-http/2.4.2"
46.101.116.244 - - [28/Feb/2025:00:18:43 +0100] "GET /Jurek/barbecook/feeds/barbecook_mallsl.xml HTTP/2.0" 200 87528 "-" "-"
66.211.183.70 - - [28/Feb/2025:00:18:47 +0100] "GET /Jurek/eurofirany/images/390400/0.jpg HTTP/1.1" 200 122464 "-" "scalaj-http/2.4.2"
66.211.183.73 - - [28/Feb/2025:00:18:52 +0100] "GET /Jurek/eurofirany/images/383362/0.jpg HTTP/1.1" 200 73860 "-" "scalaj-http/2.4.2"
46.101.116.244 - - [28/Feb/2025:00:18:53 +0100] "GET /Jurek/duka/feeds/duka_mallsl.xml HTTP/2.0" 200 57 "-" "-"
66.211.183.70 - - [28/Feb/2025:00:18:56 +0100] "GET /Jurek/eurofirany/images/419256/0.jpg HTTP/1.1" 200 95698 "-" "scalaj-http/2.4.2"
66.211.183.73 - - [28/Feb/2025:00:19:04 +0100] "GET /Jurek/eurofirany/images/390398/0.jpg HTTP/1.1" 200 164560 "-" "scalaj-http/2.4.2"
46.101.116.244 - - [28/Feb/2025:00:19:04 +0100] "GET /Jurek/miloohome/feeds/miloohome_mallsi.xml HTTP/2.0" 200 1421056 "-" "-"
46.101.116.244 - - [28/Feb/2025:00:19:15 +0100] "GET /Jurek/stema/feeds/stema_mallsl.xml HTTP/2.0" 200 866970 "-" "-"
46.101.116.244 - - [28/Feb/2025:00:19:27 +0100] "GET /Jurek/fernity/feeds/fernity_mallsl.xml HTTP/2.0" 200 5088132 "-" "-"
66.211.183.70 - - [28/Feb/2025:00:19:48 +0100] "GET /Jurek/eurofirany/images/416134/0.jpg HTTP/1.1" 200 108715 "-" "scalaj-http/2.4.2"
46.101.116.244 - - [28/Feb/2025:00:19:51 +0100] "GET /Jurek/kinghoff/feeds/kinghoff_mallsl.xml HTTP/2.0" 200 14939736 "-" "-"
66.211.183.73 - - [28/Feb/2025:00:20:00 +0100] "GET /Jurek/eurofirany/images/389928/0.jpg HTTP/1.1" 200 173904 "-" "scalaj-http/2.4.2"
66.211.183.73 - - [28/Feb/2025:00:20:06 +0100] "GET /Jurek/eurofirany/images/432024/0.jpg HTTP/1.1" 200 65372 "-" "scalaj-http/2.4.2"
46.101.116.244 - - [28/Feb/2025:00:20:14 +0100] "GET /Jurek/kinghome/feeds/kinghome_mallsl.xml HTTP/2.0" 200 5708243 "-" "-"
46.101.116.244 - - [28/Feb/2025:00:20:16 +0100] "GET /Jurek/action/feeds/action_mallhu.xml HTTP/1.1" 200 55245830 "-" "-"
46.101.116.244 - - [28/Feb/2025:00:20:25 +0100] "GET /Jurek/vivaldi/feeds/vivaldi_Mall-sl.xml HTTP/2.0" 200 344597 "-" "-"
46.101.116.244 - - [28/Feb/2025:00:20:36 +0100] "GET /Jurek/eurofirany/feeds/eurofirany_mall_si_shumee.xml HTTP/2.0" 200 19044595 "-" "-"
66.211.183.70 - - [28/Feb/2025:00:20:54 +0100] "GET /Jurek/eurofirany/images/383108/0.jpg HTTP/1.1" 200 75275 "-" "scalaj-http/2.4.2"
46.101.116.244 - - [28/Feb/2025:00:21:17 +0100] "GET /Jurek/aw/feeds/aw_fnacfr.xml HTTP/1.0" 404 3551 "-" "-"
66.211.183.71 - - [28/Feb/2025:00:21:50 +0100] "GET /Jurek/eurofirany/images/383360/0.jpg HTTP/1.1" 200 73385 "-" "scalaj-http/2.4.2"
46.101.116.244 - - [28/Feb/2025:00:21:54 +0100] "GET /Jurek/vida_morele/feeds/vidaPL_velomarket.xml HTTP/1.0" 200 690505857 "-" "-"
89.161.206.59 - - [28/Feb/2025:00:21:59 +0100] "GET /Jurek/pupus/feeds/pupus_skroutz.xml HTTP/1.0" 200 6154399 "-" "-"
46.101.116.244 - - [28/Feb/2025:00:21:59 +0100] "GET /Jurek/kinghoff/feeds/kinghoff_velo.xml HTTP/1.0" 200 14940540 "-" "-"
66.135.195.17 - - [28/Feb/2025:00:22:16 +0100] "GET /Jurek/topeshop/downloaded_images/5902838467275_ROmana_bry%C5%82y_F_C_b0004.jpg HTTP/1.1" 200 36041 "http://www.ebay.com/" "Mozilla/4.0 (compatible; MSIE 4.01; Windows NT)"
66.135.195.17 - - [28/Feb/2025:00:22:16 +0100] "GET /Jurek/topeshop/downloaded_images/5902838467275_ROmana_bry%C5%82y0004.jpg HTTP/1.1" 200 93961 "http://www.ebay.com/" "Mozilla/4.0 (compatible; MSIE 4.01; Windows NT)"
66.135.195.19 - - [28/Feb/2025:00:22:16 +0100] "GET /Jurek/topeshop/downloaded_images/5902838467275_Romanac_close0004.jpg HTTP/1.1" 200 120343 "http://www.ebay.com/" "Mozilla/4.0 (compatible; MSIE 4.01; Windows NT)"
66.135.195.18 - - [28/Feb/2025:00:22:16 +0100] "GET /Jurek/topeshop/downloaded_images/5902838467275_Romana_160_biel_Open.jpg HTTP/1.1" 404 3551 "http://www.ebay.com/" "Mozilla/4.0 (compatible; MSIE 4.01; Windows NT)"
66.135.195.17 - - [28/Feb/2025:00:22:16 +0100] "GET /Jurek/topeshop/downloaded_images/5902838467275_ROmana_bry%C5%82y_F_C0004.jpg HTTP/1.1" 200 40613 "http://www.ebay.com/" "Mozilla/4.0 (compatible; MSIE 4.01; Windows NT)"
66.135.195.17 - - [28/Feb/2025:00:22:16 +0100] "GET /Jurek/topeshop/downloaded_images/5902838467275_ROmana_bry%C5%82y_front0004.jpg HTTP/1.1" 404 3551 "http://www.ebay.com/" "Mozilla/4.0 (compatible; MSIE 4.01; Windows NT)"
66.211.183.71 - - [28/Feb/2025:00:22:20 +0100] "GET /Jurek/eurofirany/images/388789/0.jpg HTTP/1.1" 200 39858 "-" "scalaj-http/2.4.2"
66.211.183.73 - - [28/Feb/2025:00:22:28 +0100] "GET /Jurek/eurofirany/images/383361/0.jpg HTTP/1.1" 200 73843 "-" "scalaj-http/2.4.2"
46.101.116.244 - - [28/Feb/2025:00:22:29 +0100] "GET /Filip/feeds/xlsx_ceneo.xml HTTP/1.0" 200 6241376 "-" "-"
51.77.52.107 - - [28/Feb/2025:00:22:30 +0100] "POST /Filip/Rovicky/baselinker/baselinker-ceneo-shumee.php HTTP/2.0" 200 106776 "-" "BaseLinker/1.0"
89.161.206.59 - - [28/Feb/2025:00:23:04 +0100] "GET /Jurek/bass_new/feeds/bass_ebayde.xml HTTP/1.0" 200 4806932 "-" "-"
89.161.206.59 - - [28/Feb/2025:00:23:04 +0100] "GET /Jurek/topeshop/feeds/topeshop_ebayDE.xml HTTP/1.0" 200 1207465 "-" "-"
89.161.206.59 - - [28/Feb/2025:00:23:07 +0100] "GET /Jurek/eurofirany/feeds/eurofirany_ebay.xml HTTP/1.0" 200 18934597 "-" "-"
46.101.116.244 - - [28/Feb/2025:00:23:19 +0100] "GET /Jurek/eurofirany/feeds/eurofirany_empik.xml HTTP/1.0" 200 19045730 "-" "-"
46.101.116.244 - - [28/Feb/2025:00:23:52 +0100] "GET /Jurek/eurofirany/feeds/eurofirany_erli.xml HTTP/1.0" 200 19048199 "-" "-"
66.211.183.74 - - [28/Feb/2025:00:23:53 +0100] "GET /Jurek/eurofirany/images/383347/0.jpg HTTP/1.1" 200 66982 "-" "scalaj-http/2.4.2"
89.161.206.59 - - [28/Feb/2025:00:23:53 +0100] "GET /Jurek/hurtmeblowy/feeds/hurtmeblowy_skroutz.xml HTTP/1.0" 200 8038420 "-" "-"
89.161.206.59 - - [28/Feb/2025:00:23:58 +0100] "GET /Jurek/ikonka/feeds/ikonka_ebayde.xml HTTP/1.0" 200 6570892 "-" "-"
66.211.183.71 - - [28/Feb/2025:00:24:38 +0100] "GET /Jurek/eurofirany/images/438700/0.jpg HTTP/1.1" 200 105392 "-" "scalaj-http/2.4.2"
66.135.202.74 - - [28/Feb/2025:00:25:04 +0100] "GET /Jurek/topeshop/downloaded_images/5904507207083_PROFILLL.jpg HTTP/1.1" 200 84594 "-" "Java/17.0.12.0.101"
46.101.116.244 - - [28/Feb/2025:00:25:35 +0100] "GET /Jurek/unimet/feeds/unimet_mallsi.xml HTTP/2.0" 200 60213880 "-" "-"
66.211.183.72 - - [28/Feb/2025:00:25:41 +0100] "GET /Jurek/eurofirany/images/419260/0.jpg HTTP/1.1" 200 127913 "-" "scalaj-http/2.4.2"
46.101.116.244 - - [28/Feb/2025:00:25:56 +0100] "GET /Jurek/aw/feeds/aw_fnacfr.xml HTTP/1.0" 404 3551 "-" "-"
46.101.116.244 - - [28/Feb/2025:00:26:32 +0100] "GET /Filip/feeds/xlsx_ceneo.xml HTTP/1.0" 200 6241376 "-" "-"
51.77.52.107 - - [28/Feb/2025:00:26:32 +0100] "POST /Filip/Rovicky/baselinker/baselinker-ceneo-shumee.php HTTP/2.0" 200 106776 "-" "BaseLinker/1.0"
66.211.183.73 - - [28/Feb/2025:00:26:39 +0100] "GET /Jurek/eurofirany/images/402860/0.jpg HTTP/1.1" 200 74920 "-" "scalaj-http/2.4.2"
46.101.116.244 - - [28/Feb/2025:00:27:27 +0100] "GET /Jurek/vidaSI/feeds/vidaSI_mall.xml HTTP/2.0" 200 614077346 "-" "-"
66.211.183.71 - - [28/Feb/2025:00:28:11 +0100] "GET /Jurek/eurofirany/images/354682/0.jpg HTTP/1.1" 200 117588 "-" "scalaj-http/2.4.2"
62.146.215.32 - - [28/Feb/2025:00:28:19 +0100] "GET /Jurek/topeshop/downloaded_images/5902838466513_sonoma_close_20.jpg HTTP/2.0" 404 3551 "-" "billigerbot/1.0"
66.211.183.70 - - [28/Feb/2025:00:28:59 +0100] "GET /Jurek/eurofirany/images/416447/0.jpg HTTP/1.1" 200 121054 "-" "scalaj-http/2.4.2"
89.161.206.59 - - [28/Feb/2025:00:29:23 +0100] "GET /Jurek/kinghoff/feeds/kinghoff_emaghu.xml HTTP/1.0" 200 14946836 "-" "-"
66.211.183.74 - - [28/Feb/2025:00:29:24 +0100] "GET /Jurek/eurofirany/images/416790/0.jpg HTTP/1.1" 200 121794 "-" "scalaj-http/2.4.2"
66.211.183.72 - - [28/Feb/2025:00:29:43 +0100] "GET /Jurek/eurofirany/images/416811/0.jpg HTTP/1.1" 200 214944 "-" "scalaj-http/2.4.2"
66.211.183.70 - - [28/Feb/2025:00:30:13 +0100] "GET /Jurek/eurofirany/images/404577/0.jpg HTTP/1.1" 200 85805 "-" "scalaj-http/2.4.2"
66.211.183.71 - - [28/Feb/2025:00:30:42 +0100] "GET /Jurek/eurofirany/images/404883/0.jpg HTTP/1.1" 200 121187 "-" "scalaj-http/2.4.2"
46.101.116.244 - - [28/Feb/2025:00:30:56 +0100] "GET /Jurek/aw/feeds/aw_fnacfr.xml HTTP/1.0" 404 3551 "-" "-"
89.161.206.59 - - [28/Feb/2025:00:31:01 +0100] "GET /Jurek/kambukka/feeds/kambukka_amazones.xml HTTP/1.0" 200 1043814 "-" "-"
89.161.206.59 - - [28/Feb/2025:00:31:01 +0100] "GET /Jurek/waks/feeds/waks_amazonde.xml HTTP/1.0" 200 6332875 "-" "-"
89.161.206.59 - - [28/Feb/2025:00:31:02 +0100] "GET /Jurek/waks/feeds/waks_amazonfr.xml HTTP/1.0" 200 6332900 "-" "-"
89.161.206.59 - - [28/Feb/2025:00:31:02 +0100] "GET /Jurek/waks/feeds/waks_amazonse.xml HTTP/1.0" 200 6335356 "-" "-"
89.161.206.59 - - [28/Feb/2025:00:31:03 +0100] "GET /Jurek/hdwr/feeds/hdwr_amazonde.xml HTTP/1.0" 200 777771 "-" "-"
89.161.206.59 - - [28/Feb/2025:00:31:03 +0100] "GET /Jurek/hdwr/feeds/hdwr_amazonfr.xml HTTP/1.0" 200 777789 "-" "-"
89.161.206.59 - - [28/Feb/2025:00:31:03 +0100] "GET /Jurek/kambukka/feeds/kambukka_amazonde.xml HTTP/1.0" 200 1043809 "-" "-"
66.135.202.169 - - [28/Feb/2025:00:31:03 +0100] "GET /Jurek/topeshop/downloaded_images/5904507207472_Front_mijas_Prawy_niebieski.png HTTP/1.1" 404 3551 "http://www.ebay.com/" "Mozilla/4.0 (compatible; MSIE 4.01; Windows NT)"
66.135.202.169 - - [28/Feb/2025:00:31:03 +0100] "GET /Jurek/topeshop/downloaded_images/5904507207472_20st_mijas_prawy_open_niebieski.png HTTP/1.1" 404 3551 "http://www.ebay.com/" "Mozilla/4.0 (compatible; MSIE 4.01; Windows NT)"
66.135.202.173 - - [28/Feb/2025:00:31:03 +0100] "GET /Jurek/topeshop/downloaded_images/5904507207472_mijas_prawyniebieski.jpg HTTP/1.1" 200 128106 "http://www.ebay.com/" "Mozilla/4.0 (compatible; MSIE 4.01; Windows NT)"
89.161.206.59 - - [28/Feb/2025:00:31:04 +0100] "GET /Jurek/benetech/feeds/benetech_amazonde.xml HTTP/1.0" 200 4451875 "-" "-"
89.161.206.59 - - [28/Feb/2025:00:31:04 +0100] "GET /Jurek/sempler/feeds/sempler_amazonbe.xml HTTP/1.0" 200 6553241 "-" "-"
89.161.206.59 - - [28/Feb/2025:00:31:04 +0100] "GET /Jurek/kambukka/feeds/kambukka_amazonbe.xml HTTP/1.0" 200 1043815 "-" "-"
66.135.202.170 - - [28/Feb/2025:00:31:04 +0100] "GET /Jurek/topeshop/downloaded_images/5904507207472_20st_mijas_prawy_niebieski.png HTTP/1.1" 200 245526 "http://www.ebay.com/" "Mozilla/4.0 (compatible; MSIE 4.01; Windows NT)"
89.161.206.59 - - [28/Feb/2025:00:31:05 +0100] "GET /Jurek/eroplace/feeds/eroplace_amazonse.xml HTTP/1.0" 200 30863478 "-" "-"
35.158.45.18 - - [28/Feb/2025:00:31:05 +0100] "GET /Jurek/eurofirany/images/438713/0.jpg HTTP/1.1" 200 82418 "-" "Mozilla/5.0 (compatible; idealo-bot inventory-image-downloader; https://partner.idealo.com/de/bot)"
89.161.206.59 - - [28/Feb/2025:00:31:08 +0100] "GET /Jurek/b3/feeds/b3_amazones.xml HTTP/1.0" 200 7244058 "-" "-"
89.161.206.59 - - [28/Feb/2025:00:31:09 +0100] "GET /Jurek/b3/feeds/b3_amazonbe.xml HTTP/1.0" 200 7243890 "-" "-"
46.101.116.244 - - [28/Feb/2025:00:31:32 +0100] "GET /Filip/feeds/xlsx_ceneo.xml HTTP/1.0" 200 6241376 "-" "-"
51.77.52.107 - - [28/Feb/2025:00:31:33 +0100] "POST /Filip/Rovicky/baselinker/baselinker-ceneo-shumee.php HTTP/2.0" 200 106776 "-" "BaseLinker/1.0"
66.211.183.70 - - [28/Feb/2025:00:31:35 +0100] "GET /Jurek/eurofirany/images/433843/0.jpg HTTP/1.1" 200 188194 "-" "scalaj-http/2.4.2"
89.161.206.59 - - [28/Feb/2025:00:31:47 +0100] "GET /Jurek/ikonka/feeds/ikonka_skroutz.xml HTTP/1.0" 200 21450544 "-" "-"
66.211.183.70 - - [28/Feb/2025:00:31:54 +0100] "GET /Jurek/eurofirany/images/409981/0.jpg HTTP/1.1" 200 78279 "-" "scalaj-http/2.4.2"
66.135.202.169 - - [28/Feb/2025:00:32:13 +0100] "GET /Jurek/topeshop/downloaded_images/5902838467817_profilowee.jpg HTTP/1.1" 404 3551 "http://www.ebay.com/" "Mozilla/4.0 (compatible; MSIE 4.01; Windows NT)"
66.135.202.169 - - [28/Feb/2025:00:32:13 +0100] "GET /Jurek/topeshop/downloaded_images/5902838467817_ArtisanS30BOKZM.jpg HTTP/1.1" 404 3551 "http://www.ebay.com/" "Mozilla/4.0 (compatible; MSIE 4.01; Windows NT)"
66.135.202.170 - - [28/Feb/2025:00:32:13 +0100] "GET /Jurek/topeshop/downloaded_images/5902838467817_ArtisanS30FRONTZM.jpg HTTP/1.1" 404 3551 "http://www.ebay.com/" "Mozilla/4.0 (compatible; MSIE 4.01; Windows NT)"
66.135.202.173 - - [28/Feb/2025:00:32:13 +0100] "GET /Jurek/topeshop/downloaded_images/5902838467817_ArtisanS30BOKOT.jpg HTTP/1.1" 404 3551 "http://www.ebay.com/" "Mozilla/4.0 (compatible; MSIE 4.01; Windows NT)"
66.135.202.173 - - [28/Feb/2025:00:32:13 +0100] "GET /Jurek/topeshop/downloaded_images/5902838467817_S30ARTISANBOKOTBRY%C5%81KA.jpg HTTP/1.1" 404 3551 "http://www.ebay.com/" "Mozilla/4.0 (compatible; MSIE 4.01; Windows NT)"
66.135.202.169 - - [28/Feb/2025:00:32:13 +0100] "GET /Jurek/topeshop/downloaded_images/5902838467817_S30ARTISANFRONTOTDODATKIBRY%C5%81KA.jpg HTTP/1.1" 404 3551 "http://www.ebay.com/" "Mozilla/4.0 (compatible; MSIE 4.01; Windows NT)"
66.135.202.173 - - [28/Feb/2025:00:32:13 +0100] "GET /Jurek/topeshop/downloaded_images/5902838467817_S30ARTISANFRONTBRY%C5%81KA.jpg HTTP/1.1" 404 3551 "http://www.ebay.com/" "Mozilla/4.0 (compatible; MSIE 4.01; Windows NT)"
66.135.202.172 - - [28/Feb/2025:00:32:13 +0100] "GET /Jurek/topeshop/downloaded_images/5902838467817_S30ARTISANBOKBRY%C5%81KA.jpg HTTP/1.1" 404 3551 "http://www.ebay.com/" "Mozilla/4.0 (compatible; MSIE 4.01; Windows NT)"
66.211.183.70 - - [28/Feb/2025:00:32:22 +0100] "GET /Jurek/eurofirany/images/386398/0.jpg HTTP/1.1" 200 84230 "-" "scalaj-http/2.4.2"
66.135.195.20 - - [28/Feb/2025:00:32:36 +0100] "GET /Jurek/topeshop/downloaded_images/5904507200275_3-otwarty-biel.jpg HTTP/1.1" 200 25710 "http://www.ebay.com/" "Mozilla/4.0 (compatible; MSIE 4.01; Windows NT)"
66.135.195.16 - - [28/Feb/2025:00:32:36 +0100] "GET /Jurek/topeshop/downloaded_images/5904507200275_4.jpg HTTP/1.1" 200 13168 "http://www.ebay.com/" "Mozilla/4.0 (compatible; MSIE 4.01; Windows NT)"
66.135.195.18 - - [28/Feb/2025:00:32:36 +0100] "GET /Jurek/topeshop/downloaded_images/5904507200275_3.jpg HTTP/1.1" 200 11912 "http://www.ebay.com/" "Mozilla/4.0 (compatible; MSIE 4.01; Windows NT)"
66.135.195.20 - - [28/Feb/2025:00:32:36 +0100] "GET /Jurek/topeshop/downloaded_images/5904507200275_2-otwarty-biel.jpg HTTP/1.1" 200 25561 "http://www.ebay.com/" "Mozilla/4.0 (compatible; MSIE 4.01; Windows NT)"
66.135.195.16 - - [28/Feb/2025:00:32:36 +0100] "GET /Jurek/topeshop/downloaded_images/5904507200275_SD-50biel20008orgina%C5%82(32).png HTTP/1.1" 404 3551 "http://www.ebay.com/" "Mozilla/4.0 (compatible; MSIE 4.01; Windows NT)"
66.135.195.18 - - [28/Feb/2025:00:32:36 +0100] "GET /Jurek/topeshop/downloaded_images/5904507200275_SD-50biel20008orgina%C5%82(33).png HTTP/1.1" 404 3551 "http://www.ebay.com/" "Mozilla/4.0 (compatible; MSIE 4.01; Windows NT)"
66.135.195.20 - - [28/Feb/2025:00:32:36 +0100] "GET /Jurek/topeshop/downloaded_images/5904507200275_4-final-biel.jpg HTTP/1.1" 200 18557 "http://www.ebay.com/" "Mozilla/4.0 (compatible; MSIE 4.01; Windows NT)"
66.135.195.16 - - [28/Feb/2025:00:32:36 +0100] "GET /Jurek/topeshop/downloaded_images/5904507200275_SD-50biel20008orgina%C5%82(34).png HTTP/1.1" 404 3551 "http://www.ebay.com/" "Mozilla/4.0 (compatible; MSIE 4.01; Windows NT)"
66.135.195.19 - - [28/Feb/2025:00:33:11 +0100] "GET /Jurek/topeshop/downloaded_images/5904507201906_MIJASBIURKOBRY%C5%81KAANTRACYTLEWEBOKZM.jpg HTTP/1.1" 404 3551 "http://www.ebay.com/" "Mozilla/4.0 (compatible; MSIE 4.01; Windows NT)"
66.135.195.16 - - [28/Feb/2025:00:33:11 +0100] "GET /Jurek/topeshop/downloaded_images/5904507201906_MIJASBIURKOBRY%C5%81KAANTRACYTLEWEFRONTZM.jpg HTTP/1.1" 404 3551 "http://www.ebay.com/" "Mozilla/4.0 (compatible; MSIE 4.01; Windows NT)"
66.135.195.17 - - [28/Feb/2025:00:33:11 +0100] "GET /Jurek/topeshop/downloaded_images/5904507201906_MIJASBIURKOBRY%C5%81KAANTRACYTLEWEBOKkOT.jpg HTTP/1.1" 404 3551 "http://www.ebay.com/" "Mozilla/4.0 (compatible; MSIE 4.01; Windows NT)"
66.135.195.16 - - [28/Feb/2025:00:33:11 +0100] "GET /Jurek/topeshop/downloaded_images/5904507201906_MIJASBIURKOBRY%C5%81KAANTRACYTLEWEFRONTOT.jpg HTTP/1.1" 404 3551 "http://www.ebay.com/" "Mozilla/4.0 (compatible; MSIE 4.01; Windows NT)"
66.135.195.18 - - [28/Feb/2025:00:33:11 +0100] "GET /Jurek/topeshop/downloaded_images/5904507201906_MIJASBIURKOANTRACYTLEWE.png HTTP/1.1" 404 3551 "http://www.ebay.com/" "Mozilla/4.0 (compatible; MSIE 4.01; Windows NT)"
66.135.195.19 - - [28/Feb/2025:00:33:11 +0100] "GET /Jurek/topeshop/downloaded_images/5904507201906_MIJASBIURKOANTRACYTLEWE.2tif.png HTTP/1.1" 404 3551 "http://www.ebay.com/" "Mozilla/4.0 (compatible; MSIE 4.01; Windows NT)"
66.211.183.72 - - [28/Feb/2025:00:33:22 +0100] "GET /Jurek/eurofirany/images/434742/0.jpg HTTP/1.1" 200 99756 "-" "scalaj-http/2.4.2"
66.211.183.72 - - [28/Feb/2025:00:33:25 +0100] "GET /Jurek/eurofirany/images/389941/0.jpg HTTP/1.1" 200 208032 "-" "scalaj-http/2.4.2"
66.211.183.72 - - [28/Feb/2025:00:33:34 +0100] "GET /Jurek/eurofirany/images/416149/0.jpg HTTP/1.1" 200 117339 "-" "scalaj-http/2.4.2"
89.161.206.59 - - [28/Feb/2025:00:33:47 +0100] "GET /Jurek/fernity/feeds/fernity_skroutz.xml HTTP/1.0" 200 5088564 "-" "-"
66.211.183.70 - - [28/Feb/2025:00:33:51 +0100] "GET /Jurek/eurofirany/images/372658/0.jpg HTTP/1.1" 200 69040 "-" "scalaj-http/2.4.2"
89.161.206.59 - - [28/Feb/2025:00:33:58 +0100] "GET /Jurek/activeshop/feeds/activeshop_skroutz.xml HTTP/1.0" 200 10470334 "-" "-"
66.211.183.74 - - [28/Feb/2025:00:34:15 +0100] "GET /Jurek/eurofirany/images/396855/0.jpg HTTP/1.1" 200 76743 "-" "scalaj-http/2.4.2"
66.211.183.71 - - [28/Feb/2025:00:34:22 +0100] "GET /Jurek/eurofirany/images/392261/0.jpg HTTP/1.1" 200 34217 "-" "scalaj-http/2.4.2"
66.135.202.75 - - [28/Feb/2025:00:34:29 +0100] "GET /Jurek/topeshop/downloaded_images/5902838467459_ARTISANSZAFADUOFRONTZM.jpg HTTP/1.1" 404 3551 "http://www.ebay.com/" "Mozilla/4.0 (compatible; MSIE 4.01; Windows NT)"
66.135.202.75 - - [28/Feb/2025:00:34:29 +0100] "GET /Jurek/topeshop/downloaded_images/5902838467459_1.jpg HTTP/1.1" 404 3551 "http://www.ebay.com/" "Mozilla/4.0 (compatible; MSIE 4.01; Windows NT)"
66.135.202.74 - - [28/Feb/2025:00:34:29 +0100] "GET /Jurek/topeshop/downloaded_images/5902838467459_3.jpg HTTP/1.1" 404 3551 "http://www.ebay.com/" "Mozilla/4.0 (compatible; MSIE 4.01; Windows NT)"
66.135.202.72 - - [28/Feb/2025:00:34:29 +0100] "GET /Jurek/topeshop/downloaded_images/5902838467459_4.jpg HTTP/1.1" 404 3551 "http://www.ebay.com/" "Mozilla/4.0 (compatible; MSIE 4.01; Windows NT)"
66.135.202.71 - - [28/Feb/2025:00:34:29 +0100] "GET /Jurek/topeshop/downloaded_images/5902838467459_szafa-gar-duo0008_allegro_(1).jpg HTTP/1.1" 200 93541 "http://www.ebay.com/" "Mozilla/4.0 (compatible; MSIE 4.01; Windows NT)"
66.135.202.73 - - [28/Feb/2025:00:34:29 +0100] "GET /Jurek/topeshop/downloaded_images/5902838467459_szafa-gar-duo0008_allegro_(11).jpg HTTP/1.1" 200 85480 "http://www.ebay.com/" "Mozilla/4.0 (compatible; MSIE 4.01; Windows NT)"
66.135.202.72 - - [28/Feb/2025:00:34:29 +0100] "GET /Jurek/topeshop/downloaded_images/5902838467459_ARTISANSZAFADUOBOKOT.jpg HTTP/1.1" 404 3551 "http://www.ebay.com/" "Mozilla/4.0 (compatible; MSIE 4.01; Windows NT)"
46.101.116.244 - - [28/Feb/2025:00:34:36 +0100] "GET /Jurek/beliani/feeds/beliani_skroutz.xml HTTP/1.0" 200 31827067 "-" "-"
66.211.183.72 - - [28/Feb/2025:00:34:51 +0100] "GET /Jurek/eurofirany/images/402865/0.jpg HTTP/1.1" 200 81898 "-" "scalaj-http/2.4.2"
66.211.183.74 - - [28/Feb/2025:00:35:03 +0100] "GET /Jurek/eurofirany/images/383265/0.jpg HTTP/1.1" 200 81569 "-" "scalaj-http/2.4.2"
66.135.202.75 - - [28/Feb/2025:00:35:16 +0100] "GET /Jurek/topeshop/downloaded_images/5902838468463_1sonoma.png HTTP/1.1" 404 3551 "http://www.ebay.com/" "Mozilla/4.0 (compatible; MSIE 4.01; Windows NT)"
66.135.202.75 - - [28/Feb/2025:00:35:16 +0100] "GET /Jurek/topeshop/downloaded_images/5902838468463_2sonoma.png HTTP/1.1" 404 3551 "http://www.ebay.com/" "Mozilla/4.0 (compatible; MSIE 4.01; Windows NT)"
66.135.202.71 - - [28/Feb/2025:00:35:16 +0100] "GET /Jurek/topeshop/downloaded_images/5902838468463_3sonoma.png HTTP/1.1" 404 3551 "http://www.ebay.com/" "Mozilla/4.0 (compatible; MSIE 4.01; Windows NT)"
66.135.202.73 - - [28/Feb/2025:00:35:16 +0100] "GET /Jurek/topeshop/downloaded_images/5902838468463_18.jpg HTTP/1.1" 200 97903 "http://www.ebay.com/" "Mozilla/4.0 (compatible; MSIE 4.01; Windows NT)"
52.17.80.36 - - [28/Feb/2025:00:35:31 +0100] "GET /marketplaces/worten2/results/worten.csv HTTP/1.1" 200 147217 "-" "Mirakl HttpClient"
89.161.206.59 - - [28/Feb/2025:00:35:50 +0100] "GET /Jurek/oromed/feeds/oromed_amazones.xml HTTP/1.0" 200 1052580 "-" "-"
89.161.206.59 - - [28/Feb/2025:00:35:50 +0100] "GET /Jurek/oromed/feeds/oromed_amazonse.xml HTTP/1.0" 200 1052778 "-" "-"
89.161.206.59 - - [28/Feb/2025:00:35:50 +0100] "GET /Jurek/oromed/feeds/oromed_amazonbe.xml HTTP/1.0" 200 1052585 "-" "-"
89.161.206.59 - - [28/Feb/2025:00:35:50 +0100] "GET /Jurek/oromed/feeds/oromed_amazonfr.xml HTTP/1.0" 200 1052578 "-" "-"
89.161.206.59 - - [28/Feb/2025:00:35:50 +0100] "GET /Jurek/oromed/feeds/oromed_amazonit.xml HTTP/1.0" 200 1052578 "-" "-"
66.211.183.70 - - [28/Feb/2025:00:35:56 +0100] "GET /Jurek/eurofirany/images/409426/0.jpg HTTP/1.1" 200 41174 "-" "scalaj-http/2.4.2"
66.135.195.18 - - [28/Feb/2025:00:35:57 +0100] "GET /Jurek/eurofirany/images/388809/2.jpg HTTP/1.1" 200 76207 "http://www.ebay.com/" "Mozilla/4.0 (compatible; MSIE 4.01; Windows NT)"
66.135.195.18 - - [28/Feb/2025:00:35:57 +0100] "GET /Jurek/eurofirany/images/388809/1.jpg HTTP/1.1" 200 76258 "http://www.ebay.com/" "Mozilla/4.0 (compatible; MSIE 4.01; Windows NT)"
66.135.195.16 - - [28/Feb/2025:00:35:57 +0100] "GET /Jurek/eurofirany/images/388809/0.jpg HTTP/1.1" 200 32251 "http://www.ebay.com/" "Mozilla/4.0 (compatible; MSIE 4.01; Windows NT)"
66.135.195.18 - - [28/Feb/2025:00:35:57 +0100] "GET /Jurek/eurofirany/images/388809/3.jpg HTTP/1.1" 200 70628 "http://www.ebay.com/" "Mozilla/4.0 (compatible; MSIE 4.01; Windows NT)"
46.101.116.244 - - [28/Feb/2025:00:38:05 +0100] "GET /Jurek/aw/feeds/aw_fnacfr.xml HTTP/1.0" 404 3551 "-" "-"
66.211.183.71 - - [28/Feb/2025:00:38:09 +0100] "GET /Jurek/eurofirany/images/383175/0.jpg HTTP/1.1" 200 75101 "-" "scalaj-http/2.4.2"
66.211.183.74 - - [28/Feb/2025:00:38:31 +0100] "GET /Jurek/topeshop/downloaded_images/5902838468456_Oaplwieszak.png HTTP/1.1" 404 3551 "-" "scalaj-http/2.4.2"
66.211.183.74 - - [28/Feb/2025:00:38:52 +0100] "GET /Jurek/eurofirany/images/383350/0.jpg HTTP/1.1" 200 67932 "-" "scalaj-http/2.4.2"
66.211.183.70 - - [28/Feb/2025:00:38:58 +0100] "GET /Jurek/topeshop/downloaded_images/5902838463741_20st_close.jpg HTTP/1.1" 404 3551 "-" "scalaj-http/2.4.2"
66.211.183.74 - - [28/Feb/2025:00:39:33 +0100] "GET /Jurek/eurofirany/images/420598/0.jpg HTTP/1.1" 200 0 "-" "scalaj-http/2.4.2"
66.135.195.18 - - [28/Feb/2025:00:39:34 +0100] "GET /Jurek/topeshop/downloaded_images/5904507200282_4-(1).jpg HTTP/1.1" 404 3551 "http://www.ebay.com/" "Mozilla/4.0 (compatible; MSIE 4.01; Windows NT)"
66.135.195.19 - - [28/Feb/2025:00:39:34 +0100] "GET /Jurek/topeshop/downloaded_images/5904507200282_mini.jpg HTTP/1.1" 404 3551 "http://www.ebay.com/" "Mozilla/4.0 (compatible; MSIE 4.01; Windows NT)"
66.135.195.16 - - [28/Feb/2025:00:39:34 +0100] "GET /Jurek/topeshop/downloaded_images/5904507200282_3.jpg HTTP/1.1" 200 24121 "http://www.ebay.com/" "Mozilla/4.0 (compatible; MSIE 4.01; Windows NT)"
66.135.195.16 - - [28/Feb/2025:00:39:34 +0100] "GET /Jurek/topeshop/downloaded_images/5904507200282_4.jpg HTTP/1.1" 200 28279 "http://www.ebay.com/" "Mozilla/4.0 (compatible; MSIE 4.01; Windows NT)"
66.135.195.20 - - [28/Feb/2025:00:39:34 +0100] "GET /Jurek/topeshop/downloaded_images/5904507200282_SD-50sonoma20008orgina%C5%82(26).png HTTP/1.1" 404 3551 "http://www.ebay.com/" "Mozilla/4.0 (compatible; MSIE 4.01; Windows NT)"
66.135.195.18 - - [28/Feb/2025:00:39:35 +0100] "GET /Jurek/topeshop/downloaded_images/5904507200282_SD-50sonoma20008orgina%C5%82(27).png HTTP/1.1" 404 3551 "http://www.ebay.com/" "Mozilla/4.0 (compatible; MSIE 4.01; Windows NT)"
66.135.195.16 - - [28/Feb/2025:00:39:35 +0100] "GET /Jurek/topeshop/downloaded_images/5904507200282_SD-50sonoma20008orgina%C5%82(28).png HTTP/1.1" 404 3551 "http://www.ebay.com/" "Mozilla/4.0 (compatible; MSIE 4.01; Windows NT)"
66.135.195.16 - - [28/Feb/2025:00:39:35 +0100] "GET /Jurek/topeshop/downloaded_images/5904507200282_SD-50sonoma20008orgina%C5%82(29).png HTTP/1.1" 404 3551 "http://www.ebay.com/" "Mozilla/4.0 (compatible; MSIE 4.01; Windows NT)"
89.161.206.59 - - [28/Feb/2025:00:39:39 +0100] "GET /Jurek/pupus/feeds/pupus_bol.xml HTTP/1.0" 200 6154477 "-" "-"
46.101.116.244 - - [28/Feb/2025:00:39:41 +0100] "GET /Filip/feeds/xlsx_ceneo.xml HTTP/1.0" 200 6241376 "-" "-"
51.77.52.107 - - [28/Feb/2025:00:39:41 +0100] "POST /Filip/Rovicky/baselinker/baselinker-ceneo-shumee.php HTTP/2.0" 200 106776 "-" "BaseLinker/1.0"
89.161.206.59 - - [28/Feb/2025:00:39:55 +0100] "GET /Jurek/eurofirany/feeds/eurofirany_skroutz.xml HTTP/1.0" 200 19044372 "-" "-"
89.161.206.59 - - [28/Feb/2025:00:40:43 +0100] "GET /Jurek/benetech/feeds/benetech_aliex.xml HTTP/1.0" 200 4452192 "-" "-"
89.161.206.59 - - [28/Feb/2025:00:40:43 +0100] "GET /Jurek/slayo/feeds/slayo_aliex.xml HTTP/1.0" 200 195549 "-" "-"
89.161.206.59 - - [28/Feb/2025:00:40:43 +0100] "GET /Jurek/hdwr/feeds/hdwr_aliex.xml HTTP/1.0" 200 777956 "-" "-"
89.161.206.59 - - [28/Feb/2025:00:40:43 +0100] "GET /Jurek/targethome/feeds/targethome_aliex.xml HTTP/1.0" 200 683649 "-" "-"
89.161.206.59 - - [28/Feb/2025:00:40:44 +0100] "GET /Jurek/amzteam/feeds/amzteam_aliex.xml HTTP/1.0" 200 97912 "-" "-"
89.161.206.59 - - [28/Feb/2025:00:40:44 +0100] "GET /Jurek/ralmetal/feeds/ralmetal_aliex.xml HTTP/1.0" 200 1787424 "-" "-"
89.161.206.59 - - [28/Feb/2025:00:40:44 +0100] "GET /Jurek/cbdgreen/feeds/cbdgreen_aliex.xml HTTP/1.0" 200 50241 "-" "-"
89.161.206.59 - - [28/Feb/2025:00:40:44 +0100] "GET /Jurek/drops/feeds/dropsofficecolection_aliex.xml HTTP/1.0" 200 788426 "-" "-"
89.161.206.59 - - [28/Feb/2025:00:40:45 +0100] "GET /Jurek/szpaklampy/feeds/szpaklampy_aliex.xml HTTP/1.0" 200 416582 "-" "-"
89.161.206.59 - - [28/Feb/2025:00:40:45 +0100] "GET /Jurek/velinda/feeds/velinda_aliex.xml HTTP/1.0" 200 4282991 "-" "-"
89.161.206.59 - - [28/Feb/2025:00:40:45 +0100] "GET /Jurek/spali/feeds/spali_aliex.xml HTTP/1.0" 200 101970 "-" "-"
66.211.183.72 - - [28/Feb/2025:00:41:20 +0100] "GET /Jurek/eurofirany/images/372657/0.jpg HTTP/1.1" 200 61810 "-" "scalaj-http/2.4.2"
57.141.0.13 - - [28/Feb/2025:00:41:21 +0100] "GET /marketplaces/ubaldi/download_feeds.py HTTP/2.0" 200 1081 "-" "meta-externalagent/1.1 (+https://developers.facebook.com/docs/sharing/webmasters/crawler)"
66.211.183.71 - - [28/Feb/2025:00:41:50 +0100] "GET /Jurek/eurofirany/images/372648/0.jpg HTTP/1.1" 200 65038 "-" "scalaj-http/2.4.2"
66.211.183.71 - - [28/Feb/2025:00:41:53 +0100] "GET /Jurek/eurofirany/images/438728/0.jpg HTTP/1.1" 200 101507 "-" "scalaj-http/2.4.2"
66.211.183.74 - - [28/Feb/2025:00:42:00 +0100] "GET /Jurek/eurofirany/images/438666/0.jpg HTTP/1.1" 200 62650 "-" "scalaj-http/2.4.2"
66.211.183.72 - - [28/Feb/2025:00:42:20 +0100] "GET /Jurek/eurofirany/images/416016/0.jpg HTTP/1.1" 200 65316 "-" "scalaj-http/2.4.2"
66.211.183.74 - - [28/Feb/2025:00:42:38 +0100] "GET /Jurek/eurofirany/images/389927/0.jpg HTTP/1.1" 200 207776 "-" "scalaj-http/2.4.2"
66.211.183.73 - - [28/Feb/2025:00:42:40 +0100] "GET /Jurek/eurofirany/images/398807/0.jpg HTTP/1.1" 200 31541 "-" "scalaj-http/2.4.2"
46.101.116.244 - - [28/Feb/2025:00:42:46 +0100] "GET /Jurek/aw/feeds/aw_fnacfr.xml HTTP/1.0" 404 3551 "-" "-"
66.211.183.72 - - [28/Feb/2025:00:42:48 +0100] "GET /Jurek/eurofirany/images/390402/0.jpg HTTP/1.1" 200 122464 "-" "scalaj-http/2.4.2"
46.101.116.244 - - [28/Feb/2025:00:43:20 +0100] "GET /Filip/feeds/xlsx_ceneo.xml HTTP/1.0" 200 6241376 "-" "-"
51.77.52.107 - - [28/Feb/2025:00:43:21 +0100] "POST /Filip/Rovicky/baselinker/baselinker-ceneo-shumee.php HTTP/2.0" 200 106776 "-" "BaseLinker/1.0"
66.211.183.73 - - [28/Feb/2025:00:43:25 +0100] "GET /Jurek/topeshop/downloaded_images/5902838464328_2.jpg HTTP/1.1" 404 3551 "-" "scalaj-http/2.4.2"
66.211.183.73 - - [28/Feb/2025:00:43:29 +0100] "GET /Jurek/topeshop/downloaded_images/5904507207458_20st_mijas_lewy_zielonykopia.png HTTP/1.1" 200 259990 "-" "scalaj-http/2.4.2"
66.211.183.74 - - [28/Feb/2025:00:43:34 +0100] "GET /Jurek/eurofirany/images/423655/0.jpg HTTP/1.1" 200 68504 "-" "scalaj-http/2.4.2"
66.211.183.72 - - [28/Feb/2025:00:43:55 +0100] "GET /Jurek/eurofirany/images/388841/0.jpg HTTP/1.1" 200 30363 "-" "scalaj-http/2.4.2"
57.141.0.7 - - [28/Feb/2025:00:44:16 +0100] "GET /marketplaces/ubaldi/create_csv_nonvida.py HTTP/2.0" 200 2671 "-" "meta-externalagent/1.1 (+https://developers.facebook.com/docs/sharing/webmasters/crawler)"
66.211.183.70 - - [28/Feb/2025:00:45:05 +0100] "GET /Jurek/eurofirany/images/372964/0.jpg HTTP/1.1" 200 60417 "-" "scalaj-http/2.4.2"
66.211.183.74 - - [28/Feb/2025:00:45:51 +0100] "GET /Jurek/eurofirany/images/383337/0.jpg HTTP/1.1" 200 76839 "-" "scalaj-http/2.4.2"
46.101.116.244 - - [28/Feb/2025:00:45:59 +0100] "GET /Jurek/aw/feeds/aw_fnacfr.xml HTTP/1.0" 404 3551 "-" "-"
46.101.116.244 - - [28/Feb/2025:00:46:17 +0100] "GET /Jurek/kinghoff/feeds/kinghoff_ceneo.xml HTTP/1.0" 200 14940599 "-" "-"
46.101.116.244 - - [28/Feb/2025:00:46:19 +0100] "GET /Jurek/barbecook/feeds/barbecook_allegro.xml HTTP/1.0" 200 87554 "-" "-"
46.101.116.244 - - [28/Feb/2025:00:46:26 +0100] "GET /Jurek/vida_morele/feeds/vidaPL_velomarket_category6.xml HTTP/1.0" 200 147911129 "-" "-"
46.101.116.244 - - [28/Feb/2025:00:46:29 +0100] "GET /Jurek/vida_morele/feeds/vidaPL_velomarket_category4.xml HTTP/1.0" 200 52444450 "-" "-"
