51.77.52.107 - - [28/Feb/2025:08:27:45 +0100] "GET /Jurek/eurofirany/images/460820/0.jpg HTTP/2.0" 200 97664 "-" "-"
51.77.52.107 - - [28/Feb/2025:08:27:55 +0100] "GET /Jurek/eurofirany/images/463702/0.jpg HTTP/2.0" 200 105062 "-" "-"
46.101.116.244 - - [28/Feb/2025:08:27:58 +0100] "GET /Jurek/vida_morele/feeds/vidaPL_velomarket.xml HTTP/1.0" 200 690255306 "-" "-"
51.77.52.107 - - [28/Feb/2025:08:27:59 +0100] "GET /Jurek/eurofirany/images/460821/0.jpg HTTP/2.0" 200 107209 "-" "-"
46.101.116.244 - - [28/Feb/2025:08:28:04 +0100] "GET /Jurek/kinghoff/feeds/kinghoff_velo.xml HTTP/1.0" 200 14940540 "-" "-"
51.77.52.107 - - [28/Feb/2025:08:28:08 +0100] "GET /Jurek/eurofirany/images/460767/0.jpg HTTP/2.0" 200 93562 "-" "-"
51.77.52.107 - - [28/Feb/2025:08:28:16 +0100] "GET /Jurek/eurofirany/images/460769/0.jpg HTTP/2.0" 200 90036 "-" "-"
51.77.52.107 - - [28/Feb/2025:08:28:19 +0100] "GET /Jurek/eurofirany/images/464504/0.jpg HTTP/2.0" 200 78155 "-" "-"
51.77.52.107 - - [28/Feb/2025:08:28:27 +0100] "GET /Jurek/eurofirany/images/464505/0.jpg HTTP/2.0" 200 80288 "-" "-"
51.77.52.107 - - [28/Feb/2025:08:28:30 +0100] "GET /Jurek/eurofirany/images/464508/0.jpg HTTP/2.0" 200 81625 "-" "-"
46.101.116.244 - - [28/Feb/2025:08:28:34 +0100] "GET /Filip/feeds/xlsx_ceneo.xml HTTP/1.0" 200 6241376 "-" "-"
51.77.52.107 - - [28/Feb/2025:08:28:34 +0100] "POST /Filip/Rovicky/baselinker/baselinker-ceneo-shumee.php HTTP/2.0" 200 106776 "-" "BaseLinker/1.0"
51.77.52.107 - - [28/Feb/2025:08:28:38 +0100] "GET /Jurek/eurofirany/images/436649/0.jpg HTTP/2.0" 200 102404 "-" "-"
51.77.52.107 - - [28/Feb/2025:08:28:50 +0100] "GET /Jurek/eurofirany/images/436651/0.jpg HTTP/2.0" 200 95625 "-" "-"
51.77.52.107 - - [28/Feb/2025:08:28:54 +0100] "GET /Jurek/eurofirany/images/436652/0.jpg HTTP/2.0" 200 88295 "-" "-"
89.161.206.59 - - [28/Feb/2025:08:28:56 +0100] "GET /Jurek/hurtownia_przemyslowa/feeds/hp_manomanode.xml HTTP/1.0" 200 49622705 "-" "-"
51.77.52.107 - - [28/Feb/2025:08:28:59 +0100] "GET /Jurek/eurofirany/images/462105/0.jpg HTTP/2.0" 200 53649 "-" "-"
51.77.52.107 - - [28/Feb/2025:08:29:07 +0100] "GET /Jurek/eurofirany/images/462106/0.jpg HTTP/2.0" 200 123690 "-" "-"
51.77.52.107 - - [28/Feb/2025:08:29:18 +0100] "GET /Jurek/eurofirany/images/462107/0.jpg HTTP/2.0" 200 126257 "-" "-"
51.77.52.107 - - [28/Feb/2025:08:29:22 +0100] "GET /Jurek/eurofirany/images/462108/0.jpg HTTP/2.0" 200 100737 "-" "-"
51.77.52.107 - - [28/Feb/2025:08:29:33 +0100] "GET /Jurek/eurofirany/images/462109/0.jpg HTTP/2.0" 200 118601 "-" "-"
51.77.52.107 - - [28/Feb/2025:08:29:38 +0100] "GET /Jurek/eurofirany/images/462122/0.jpg HTTP/2.0" 200 149224 "-" "-"
51.77.52.107 - - [28/Feb/2025:08:30:02 +0100] "GET /Jurek/eurofirany/images/462123/0.jpg HTTP/2.0" 200 144399 "-" "-"
51.77.52.107 - - [28/Feb/2025:08:30:11 +0100] "GET /Jurek/eurofirany/images/462124/0.jpg HTTP/2.0" 200 159205 "-" "-"
51.77.52.107 - - [28/Feb/2025:08:30:16 +0100] "GET /Jurek/eurofirany/images/11756/0.jpg HTTP/2.0" 200 137841 "-" "-"
51.77.52.107 - - [28/Feb/2025:08:30:23 +0100] "GET /Jurek/eurofirany/images/11788/0.jpg HTTP/2.0" 200 133518 "-" "-"
51.77.52.107 - - [28/Feb/2025:08:30:31 +0100] "GET /Jurek/eurofirany/images/11794/0.jpg HTTP/2.0" 200 133518 "-" "-"
51.77.52.107 - - [28/Feb/2025:08:30:35 +0100] "GET /Jurek/eurofirany/images/382229/0.jpg HTTP/2.0" 200 137841 "-" "-"
51.77.52.107 - - [28/Feb/2025:08:30:41 +0100] "GET /Jurek/eurofirany/images/382230/0.jpg HTTP/2.0" 200 137841 "-" "-"
51.77.52.107 - - [28/Feb/2025:08:30:45 +0100] "GET /Jurek/eurofirany/images/382231/0.jpg HTTP/2.0" 200 100949 "-" "-"
51.77.52.107 - - [28/Feb/2025:08:30:49 +0100] "GET /Jurek/eurofirany/images/382236/0.jpg HTTP/2.0" 200 100949 "-" "-"
51.77.52.107 - - [28/Feb/2025:08:30:54 +0100] "GET /Jurek/eurofirany/images/382241/0.jpg HTTP/2.0" 200 100949 "-" "-"
46.101.116.244 - - [28/Feb/2025:08:30:59 +0100] "GET /Jurek/aw/feeds/aw_fnacfr.xml HTTP/1.0" 404 3551 "-" "-"
51.77.52.107 - - [28/Feb/2025:08:31:03 +0100] "GET /Jurek/eurofirany/images/382242/0.jpg HTTP/2.0" 200 100949 "-" "-"
51.77.52.107 - - [28/Feb/2025:08:31:12 +0100] "GET /Jurek/eurofirany/images/382246/0.jpg HTTP/2.0" 200 133518 "-" "-"
51.77.52.107 - - [28/Feb/2025:08:31:16 +0100] "GET /Jurek/eurofirany/images/382247/0.jpg HTTP/2.0" 200 99621 "-" "-"
51.77.52.107 - - [28/Feb/2025:08:31:20 +0100] "GET /Jurek/eurofirany/images/382248/0.jpg HTTP/2.0" 200 133518 "-" "-"
51.77.52.107 - - [28/Feb/2025:08:31:27 +0100] "GET /Jurek/eurofirany/images/382249/0.jpg HTTP/2.0" 200 133518 "-" "-"
46.101.116.244 - - [28/Feb/2025:08:31:33 +0100] "GET /Filip/feeds/xlsx_ceneo.xml HTTP/1.0" 200 6241376 "-" "-"
51.77.52.107 - - [28/Feb/2025:08:31:34 +0100] "POST /Filip/Rovicky/baselinker/baselinker-ceneo-shumee.php HTTP/2.0" 200 106776 "-" "BaseLinker/1.0"
51.77.52.107 - - [28/Feb/2025:08:31:36 +0100] "GET /Jurek/eurofirany/images/382250/0.jpg HTTP/2.0" 200 133518 "-" "-"
51.77.52.107 - - [28/Feb/2025:08:31:45 +0100] "GET /Jurek/eurofirany/images/382251/0.jpg HTTP/2.0" 200 133518 "-" "-"
51.77.52.107 - - [28/Feb/2025:08:31:50 +0100] "GET /Jurek/eurofirany/images/382252/0.jpg HTTP/2.0" 200 133518 "-" "-"
51.77.52.107 - - [28/Feb/2025:08:31:54 +0100] "GET /Jurek/eurofirany/images/416884/0.jpg HTTP/2.0" 200 6595 "-" "-"
51.77.52.107 - - [28/Feb/2025:08:31:55 +0100] "GET /Jurek/eurofirany/images/416886/0.jpg HTTP/2.0" 200 6595 "-" "-"
51.77.52.107 - - [28/Feb/2025:08:31:56 +0100] "GET /Jurek/eurofirany/images/416887/0.jpg HTTP/2.0" 200 6595 "-" "-"
51.77.52.107 - - [28/Feb/2025:08:31:56 +0100] "GET /Jurek/eurofirany/images/416889/0.jpg HTTP/2.0" 200 6595 "-" "-"
51.77.52.107 - - [28/Feb/2025:08:31:57 +0100] "GET /Jurek/eurofirany/images/416890/0.jpg HTTP/2.0" 200 6595 "-" "-"
51.77.52.107 - - [28/Feb/2025:08:31:58 +0100] "GET /Jurek/eurofirany/images/416891/0.jpg HTTP/2.0" 200 6595 "-" "-"
51.77.52.107 - - [28/Feb/2025:08:31:59 +0100] "GET /Jurek/eurofirany/images/416892/0.jpg HTTP/2.0" 200 6595 "-" "-"
51.77.52.107 - - [28/Feb/2025:08:32:00 +0100] "GET /Jurek/eurofirany/images/416893/0.jpg HTTP/2.0" 200 6595 "-" "-"
51.77.52.107 - - [28/Feb/2025:08:32:01 +0100] "GET /Jurek/eurofirany/images/416894/0.jpg HTTP/2.0" 200 6595 "-" "-"
51.77.52.107 - - [28/Feb/2025:08:32:02 +0100] "GET /Jurek/eurofirany/images/420733/0.jpg HTTP/2.0" 200 35289 "-" "-"
51.77.52.107 - - [28/Feb/2025:08:32:09 +0100] "GET /Jurek/eurofirany/images/457855/0.jpg HTTP/2.0" 200 74009 "-" "-"
51.77.52.107 - - [28/Feb/2025:08:32:14 +0100] "GET /Jurek/eurofirany/images/463353/0.jpg HTTP/2.0" 200 141175 "-" "-"
51.77.52.107 - - [28/Feb/2025:08:32:18 +0100] "GET /Jurek/eurofirany/images/466443/0.jpg HTTP/2.0" 200 77281 "-" "-"
51.77.52.107 - - [28/Feb/2025:08:32:26 +0100] "GET /Jurek/eurofirany/images/462515/0.jpg HTTP/2.0" 200 84373 "-" "-"
51.77.52.107 - - [28/Feb/2025:08:32:36 +0100] "GET /Jurek/eurofirany/images/347655/0.jpg HTTP/2.0" 200 100806 "-" "-"
66.249.66.66 - - [28/Feb/2025:08:32:41 +0100] "GET /Jurek/topeshop/downloaded_images/5902838468456_2.png HTTP/1.1" 404 3551 "-" "Googlebot-Image/1.0"
51.77.52.107 - - [28/Feb/2025:08:32:44 +0100] "GET /Jurek/eurofirany/images/347658/0.jpg HTTP/2.0" 200 134749 "-" "-"
66.249.66.66 - - [28/Feb/2025:08:32:45 +0100] "GET /Jurek/topeshop/downloaded_images/5902838468456_3.png HTTP/1.1" 404 3551 "-" "Googlebot-Image/1.0"
51.77.52.107 - - [28/Feb/2025:08:32:53 +0100] "GET /Jurek/eurofirany/images/464887/0.jpg HTTP/2.0" 200 150054 "-" "-"
66.135.202.75 - - [28/Feb/2025:08:32:57 +0100] "GET /Jurek/eurofirany/images/422583/0.jpg HTTP/1.1" 200 167971 "-" "Java/17.0.12.0.101"
51.77.52.107 - - [28/Feb/2025:08:33:06 +0100] "GET /Jurek/eurofirany/images/440471/0.jpg HTTP/2.0" 200 33 "-" "-"
51.77.52.107 - - [28/Feb/2025:08:33:07 +0100] "GET /Jurek/eurofirany/images/458682/0.jpg HTTP/2.0" 200 117747 "-" "-"
51.77.52.107 - - [28/Feb/2025:08:33:12 +0100] "GET /Jurek/eurofirany/images/463787/0.jpg HTTP/2.0" 200 90748 "-" "-"
51.77.52.107 - - [28/Feb/2025:08:33:17 +0100] "GET /Jurek/eurofirany/images/433255/0.jpg HTTP/2.0" 200 6625 "-" "-"
51.77.52.107 - - [28/Feb/2025:08:33:18 +0100] "GET /Jurek/eurofirany/images/433257/0.jpg HTTP/2.0" 200 6625 "-" "-"
51.77.52.107 - - [28/Feb/2025:08:33:19 +0100] "GET /Jurek/eurofirany/images/433271/0.jpg HTTP/2.0" 200 6625 "-" "-"
51.77.52.107 - - [28/Feb/2025:08:33:20 +0100] "GET /Jurek/eurofirany/images/433272/0.jpg HTTP/2.0" 200 6625 "-" "-"
51.77.52.107 - - [28/Feb/2025:08:33:21 +0100] "GET /Jurek/eurofirany/images/459251/0.jpg HTTP/2.0" 200 108759 "-" "-"
51.77.52.107 - - [28/Feb/2025:08:33:26 +0100] "GET /Jurek/eurofirany/images/459252/0.jpg HTTP/2.0" 200 108759 "-" "-"
188.146.152.225 - - [28/Feb/2025:08:33:29 +0100] "GET /Jurek/lendo/feeds/lendo_zero.xml HTTP/2.0" 200 330369 "https://konsola.dkkapusta1997.usermd.net/" "Mozilla/5.0 (Windows NT 10.0; Win64; x64) AppleWebKit/537.36 (KHTML, like Gecko) Chrome/133.0.0.0 Safari/537.36"
51.77.52.107 - - [28/Feb/2025:08:33:33 +0100] "GET /Jurek/eurofirany/images/396292/0.jpg HTTP/2.0" 200 71154 "-" "-"
77.79.248.229 - - [28/Feb/2025:08:33:35 +0100] "GET /Jurek/lendo/feeds/lendo_zero.xml HTTP/1.1" 200 330369 "-" "Python-urllib/3.11"
51.77.52.107 - - [28/Feb/2025:08:33:42 +0100] "GET /Jurek/eurofirany/images/461083/0.jpg HTTP/2.0" 200 122699 "-" "-"
51.77.52.107 - - [28/Feb/2025:08:33:53 +0100] "GET /Jurek/eurofirany/images/429767/0.jpg HTTP/2.0" 200 6625 "-" "-"
51.77.52.107 - - [28/Feb/2025:08:33:53 +0100] "GET /Jurek/eurofirany/images/409423/0.jpg HTTP/2.0" 200 33 "-" "-"
51.77.52.107 - - [28/Feb/2025:08:33:54 +0100] "GET /Jurek/eurofirany/images/441702/0.jpg HTTP/2.0" 200 156233 "-" "-"
51.77.52.107 - - [28/Feb/2025:08:33:58 +0100] "GET /Jurek/eurofirany/images/432587/0.jpg HTTP/2.0" 200 33 "-" "-"
51.77.52.107 - - [28/Feb/2025:08:33:59 +0100] "GET /Jurek/eurofirany/images/432597/0.jpg HTTP/2.0" 200 33 "-" "-"
51.77.52.107 - - [28/Feb/2025:08:34:00 +0100] "GET /Jurek/eurofirany/images/432598/0.jpg HTTP/2.0" 200 33 "-" "-"
51.77.52.107 - - [28/Feb/2025:08:34:01 +0100] "GET /Jurek/eurofirany/images/432603/0.jpg HTTP/2.0" 200 33 "-" "-"
52.17.80.36 - - [28/Feb/2025:08:34:03 +0100] "GET /marketplaces/worten2/results/worten.csv HTTP/1.1" 200 147217 "-" "Mirakl HttpClient"
66.135.202.71 - - [28/Feb/2025:08:34:06 +0100] "GET /Jurek/eurofirany/images/461756/0.jpg HTTP/1.1" 200 97899 "-" "Java/17.0.12.0.101"
66.135.202.74 - - [28/Feb/2025:08:34:09 +0100] "GET /Jurek/eurofirany/images/457249/0.jpg HTTP/1.1" 200 40820 "-" "Java/17.0.12.0.101"
66.135.202.172 - - [28/Feb/2025:08:34:26 +0100] "GET /Jurek/eurofirany/images/464357/0.jpg HTTP/1.1" 200 171717 "-" "Java/17.0.12.0.101"
66.135.202.72 - - [28/Feb/2025:08:34:39 +0100] "GET /Jurek/eurofirany/images/396820/0.jpg HTTP/1.1" 200 43181 "-" "Java/17.0.12.0.101"
66.135.195.19 - - [28/Feb/2025:08:34:39 +0100] "GET /Jurek/eurofirany/images/464364/0.jpg HTTP/1.1" 200 112791 "-" "Java/17.0.12.0.101"
66.135.195.17 - - [28/Feb/2025:08:34:43 +0100] "GET /Jurek/eurofirany/images/464005/0.jpg HTTP/1.1" 200 99123 "-" "Java/17.0.12.0.101"
66.135.195.16 - - [28/Feb/2025:08:34:55 +0100] "GET /Jurek/eurofirany/images/464368/0.jpg HTTP/1.1" 200 114433 "-" "Java/17.0.12.0.101"
66.135.202.169 - - [28/Feb/2025:08:34:57 +0100] "GET /Jurek/eurofirany/images/464365/0.jpg HTTP/1.1" 200 117529 "-" "Java/17.0.12.0.101"
18.157.125.26 - - [28/Feb/2025:08:35:04 +0100] "GET /Jurek/topeshop/downloaded_images/5902838466353_SONOMA_.jpg HTTP/2.0" 200 86598 "-" "Mozilla/5.0 (Windows NT 10.0; Win64; x64) AppleWebKit/537.36 (KHTML, like Gecko) Chrome/109.0.0.0 Safari/537.36"
66.135.195.17 - - [28/Feb/2025:08:35:05 +0100] "GET /Jurek/eurofirany/images/464006/0.jpg HTTP/1.1" 200 101769 "-" "Java/17.0.12.0.101"
66.135.195.18 - - [28/Feb/2025:08:35:06 +0100] "GET /Jurek/eurofirany/images/464048/0.jpg HTTP/1.1" 200 50612 "-" "Java/17.0.12.0.101"
3.74.7.74 - - [28/Feb/2025:08:35:07 +0100] "GET /Jurek/eurofirany/images/468037/0.jpg HTTP/2.0" 200 73916 "-" "Mozilla/5.0 (Windows NT 10.0; Win64; x64) AppleWebKit/537.36 (KHTML, like Gecko) Chrome/109.0.0.0 Safari/537.36"
193.33.8.61 - - [28/Feb/2025:08:35:10 +0100] "GET /Jurek/topeshop/downloaded_images/5902838460511_4.png HTTP/2.0" 404 3551 "-" "Mozilla/5.0 (Windows NT 10.0; Win64; x64) AppleWebKit/537.36 (KHTML, like Gecko) Chrome/133.0.0.0 Safari/537.36"
66.135.202.74 - - [28/Feb/2025:08:35:12 +0100] "GET /Jurek/eurofirany/images/451765/0.jpg HTTP/1.1" 200 149023 "-" "Java/17.0.12.0.101"
66.135.195.19 - - [28/Feb/2025:08:35:13 +0100] "GET /Jurek/eurofirany/images/468039/0.jpg HTTP/1.1" 200 91103 "-" "Java/17.0.12.0.101"
66.135.195.20 - - [28/Feb/2025:08:35:14 +0100] "GET /Jurek/eurofirany/images/468030/0.jpg HTTP/1.1" 200 86038 "-" "Java/17.0.12.0.101"
66.135.202.173 - - [28/Feb/2025:08:35:16 +0100] "GET /Jurek/eurofirany/images/464363/0.jpg HTTP/1.1" 200 162229 "http://www.ebay.com/" "Mozilla/4.0 (compatible; MSIE 4.01; Windows NT)"
66.135.202.170 - - [28/Feb/2025:08:35:16 +0100] "GET /Jurek/eurofirany/images/464363/2.jpg HTTP/1.1" 200 160909 "http://www.ebay.com/" "Mozilla/4.0 (compatible; MSIE 4.01; Windows NT)"
66.135.202.173 - - [28/Feb/2025:08:35:16 +0100] "GET /Jurek/eurofirany/images/464363/7.jpg HTTP/1.1" 200 140254 "http://www.ebay.com/" "Mozilla/4.0 (compatible; MSIE 4.01; Windows NT)"
66.135.202.169 - - [28/Feb/2025:08:35:16 +0100] "GET /Jurek/eurofirany/images/464363/5.jpg HTTP/1.1" 200 211826 "http://www.ebay.com/" "Mozilla/4.0 (compatible; MSIE 4.01; Windows NT)"
66.135.202.172 - - [28/Feb/2025:08:35:16 +0100] "GET /Jurek/eurofirany/images/464363/1.jpg HTTP/1.1" 200 232955 "http://www.ebay.com/" "Mozilla/4.0 (compatible; MSIE 4.01; Windows NT)"
66.135.202.172 - - [28/Feb/2025:08:35:16 +0100] "GET /Jurek/eurofirany/images/464363/3.jpg HTTP/1.1" 200 323938 "http://www.ebay.com/" "Mozilla/4.0 (compatible; MSIE 4.01; Windows NT)"
66.135.202.173 - - [28/Feb/2025:08:35:16 +0100] "GET /Jurek/eurofirany/images/464363/4.jpg HTTP/1.1" 200 251416 "http://www.ebay.com/" "Mozilla/4.0 (compatible; MSIE 4.01; Windows NT)"
66.135.202.172 - - [28/Feb/2025:08:35:16 +0100] "GET /Jurek/eurofirany/images/464363/6.jpg HTTP/1.1" 200 232955 "http://www.ebay.com/" "Mozilla/4.0 (compatible; MSIE 4.01; Windows NT)"
66.135.202.73 - - [28/Feb/2025:08:35:18 +0100] "GET /Jurek/eurofirany/images/464366/0.jpg HTTP/1.1" 200 116960 "http://www.ebay.com/" "Mozilla/4.0 (compatible; MSIE 4.01; Windows NT)"
66.135.202.73 - - [28/Feb/2025:08:35:18 +0100] "GET /Jurek/eurofirany/images/464366/2.jpg HTTP/1.1" 200 97785 "http://www.ebay.com/" "Mozilla/4.0 (compatible; MSIE 4.01; Windows NT)"
66.135.202.75 - - [28/Feb/2025:08:35:18 +0100] "GET /Jurek/eurofirany/images/464366/1.jpg HTTP/1.1" 200 158775 "http://www.ebay.com/" "Mozilla/4.0 (compatible; MSIE 4.01; Windows NT)"
66.135.202.71 - - [28/Feb/2025:08:35:18 +0100] "GET /Jurek/eurofirany/images/464366/6.jpg HTTP/1.1" 200 158775 "http://www.ebay.com/" "Mozilla/4.0 (compatible; MSIE 4.01; Windows NT)"
66.135.202.74 - - [28/Feb/2025:08:35:19 +0100] "GET /Jurek/eurofirany/images/464366/3.jpg HTTP/1.1" 200 227854 "http://www.ebay.com/" "Mozilla/4.0 (compatible; MSIE 4.01; Windows NT)"
66.135.202.74 - - [28/Feb/2025:08:35:19 +0100] "GET /Jurek/eurofirany/images/464366/5.jpg HTTP/1.1" 200 234658 "http://www.ebay.com/" "Mozilla/4.0 (compatible; MSIE 4.01; Windows NT)"
66.135.202.73 - - [28/Feb/2025:08:35:19 +0100] "GET /Jurek/eurofirany/images/464366/4.jpg HTTP/1.1" 200 280154 "http://www.ebay.com/" "Mozilla/4.0 (compatible; MSIE 4.01; Windows NT)"
66.135.202.173 - - [28/Feb/2025:08:35:20 +0100] "GET /Jurek/eurofirany/images/468029/0.jpg HTTP/1.1" 200 52873 "-" "Java/17.0.12.0.101"
66.135.202.171 - - [28/Feb/2025:08:35:28 +0100] "GET /Jurek/eurofirany/images/468031/0.jpg HTTP/1.1" 200 47881 "-" "Java/17.0.12.0.101"
66.135.195.20 - - [28/Feb/2025:08:35:29 +0100] "GET /Jurek/eurofirany/images/468038/0.jpg HTTP/1.1" 200 62811 "-" "Java/17.0.12.0.101"
66.135.202.172 - - [28/Feb/2025:08:35:32 +0100] "GET /Jurek/eurofirany/images/468563/0.jpg HTTP/1.1" 200 112877 "-" "Java/17.0.12.0.101"
66.135.202.171 - - [28/Feb/2025:08:35:33 +0100] "GET /Jurek/eurofirany/images/468564/0.jpg HTTP/1.1" 200 112877 "-" "Java/17.0.12.0.101"
66.135.202.72 - - [28/Feb/2025:08:35:35 +0100] "GET /Jurek/eurofirany/images/466414/1.jpg HTTP/1.1" 200 110955 "http://www.ebay.com/" "Mozilla/4.0 (compatible; MSIE 4.01; Windows NT)"
66.135.202.75 - - [28/Feb/2025:08:35:35 +0100] "GET /Jurek/eurofirany/images/466414/2.jpg HTTP/1.1" 200 55741 "http://www.ebay.com/" "Mozilla/4.0 (compatible; MSIE 4.01; Windows NT)"
66.135.202.75 - - [28/Feb/2025:08:35:35 +0100] "GET /Jurek/eurofirany/images/466414/0.jpg HTTP/1.1" 200 93532 "http://www.ebay.com/" "Mozilla/4.0 (compatible; MSIE 4.01; Windows NT)"
66.135.202.71 - - [28/Feb/2025:08:35:35 +0100] "GET /Jurek/eurofirany/images/466414/10.jpg HTTP/1.1" 200 118323 "http://www.ebay.com/" "Mozilla/4.0 (compatible; MSIE 4.01; Windows NT)"
66.135.202.73 - - [28/Feb/2025:08:35:36 +0100] "GET /Jurek/eurofirany/images/466414/11.jpg HTTP/1.1" 200 147655 "http://www.ebay.com/" "Mozilla/4.0 (compatible; MSIE 4.01; Windows NT)"
66.135.195.16 - - [28/Feb/2025:08:35:36 +0100] "GET /Jurek/eurofirany/images/468570/0.jpg HTTP/1.1" 200 119686 "-" "Java/17.0.12.0.101"
66.135.202.173 - - [28/Feb/2025:08:35:36 +0100] "GET /Jurek/eurofirany/images/468040/0.jpg HTTP/1.1" 200 59048 "-" "Java/17.0.12.0.101"
66.135.202.75 - - [28/Feb/2025:08:35:36 +0100] "GET /Jurek/eurofirany/images/466414/5.jpg HTTP/1.1" 200 148713 "http://www.ebay.com/" "Mozilla/4.0 (compatible; MSIE 4.01; Windows NT)"
66.135.202.74 - - [28/Feb/2025:08:35:36 +0100] "GET /Jurek/eurofirany/images/466414/9.jpg HTTP/1.1" 200 171129 "http://www.ebay.com/" "Mozilla/4.0 (compatible; MSIE 4.01; Windows NT)"
66.135.202.73 - - [28/Feb/2025:08:35:36 +0100] "GET /Jurek/eurofirany/images/466414/7.jpg HTTP/1.1" 200 174171 "http://www.ebay.com/" "Mozilla/4.0 (compatible; MSIE 4.01; Windows NT)"
66.135.202.71 - - [28/Feb/2025:08:35:36 +0100] "GET /Jurek/eurofirany/images/466414/8.jpg HTTP/1.1" 200 190698 "http://www.ebay.com/" "Mozilla/4.0 (compatible; MSIE 4.01; Windows NT)"
66.135.202.71 - - [28/Feb/2025:08:35:36 +0100] "GET /Jurek/eurofirany/images/466414/3.jpg HTTP/1.1" 200 186977 "http://www.ebay.com/" "Mozilla/4.0 (compatible; MSIE 4.01; Windows NT)"
66.135.202.72 - - [28/Feb/2025:08:35:36 +0100] "GET /Jurek/eurofirany/images/466414/6.jpg HTTP/1.1" 200 232298 "http://www.ebay.com/" "Mozilla/4.0 (compatible; MSIE 4.01; Windows NT)"
66.135.202.71 - - [28/Feb/2025:08:35:37 +0100] "GET /Jurek/eurofirany/images/466414/4.jpg HTTP/1.1" 200 374582 "http://www.ebay.com/" "Mozilla/4.0 (compatible; MSIE 4.01; Windows NT)"
66.135.202.72 - - [28/Feb/2025:08:35:37 +0100] "GET /Jurek/eurofirany/images/403561/0.jpg HTTP/1.1" 200 37694 "-" "Java/17.0.12.0.101"
66.135.202.74 - - [28/Feb/2025:08:35:37 +0100] "GET /Jurek/eurofirany/images/408268/0.jpg HTTP/1.1" 200 60009 "-" "Java/17.0.12.0.101"
66.135.202.172 - - [28/Feb/2025:08:35:39 +0100] "GET /Jurek/eurofirany/images/468565/0.jpg HTTP/1.1" 200 112877 "-" "Java/17.0.12.0.101"
66.135.202.170 - - [28/Feb/2025:08:35:43 +0100] "GET /Jurek/eurofirany/images/464035/1.jpg HTTP/1.1" 200 67173 "http://www.ebay.com/" "Mozilla/4.0 (compatible; MSIE 4.01; Windows NT)"
66.135.202.173 - - [28/Feb/2025:08:35:43 +0100] "GET /Jurek/eurofirany/images/464035/3.jpg HTTP/1.1" 200 109539 "http://www.ebay.com/" "Mozilla/4.0 (compatible; MSIE 4.01; Windows NT)"
66.135.202.172 - - [28/Feb/2025:08:35:43 +0100] "GET /Jurek/eurofirany/images/464035/0.jpg HTTP/1.1" 200 54468 "http://www.ebay.com/" "Mozilla/4.0 (compatible; MSIE 4.01; Windows NT)"
66.135.202.173 - - [28/Feb/2025:08:35:43 +0100] "GET /Jurek/eurofirany/images/464035/2.jpg HTTP/1.1" 200 107284 "http://www.ebay.com/" "Mozilla/4.0 (compatible; MSIE 4.01; Windows NT)"
66.135.195.16 - - [28/Feb/2025:08:35:44 +0100] "GET /Jurek/eurofirany/images/468569/0.jpg HTTP/1.1" 200 84172 "-" "Java/17.0.12.0.101"
89.161.206.59 - - [28/Feb/2025:08:35:46 +0100] "GET /Jurek/kambukka/feeds/kambukka_amazones.xml HTTP/1.0" 200 1043814 "-" "-"
89.161.206.59 - - [28/Feb/2025:08:35:46 +0100] "GET /Jurek/waks/feeds/waks_amazonde.xml HTTP/1.0" 200 6332875 "-" "-"
89.161.206.59 - - [28/Feb/2025:08:35:47 +0100] "GET /Jurek/waks/feeds/waks_amazonfr.xml HTTP/1.0" 200 6332900 "-" "-"
89.161.206.59 - - [28/Feb/2025:08:35:47 +0100] "GET /Jurek/waks/feeds/waks_amazonse.xml HTTP/1.0" 200 6335356 "-" "-"
66.135.202.170 - - [28/Feb/2025:08:35:47 +0100] "GET /Jurek/eurofirany/images/468041/0.jpg HTTP/1.1" 200 80158 "-" "Java/17.0.12.0.101"
89.161.206.59 - - [28/Feb/2025:08:35:48 +0100] "GET /Jurek/hdwr/feeds/hdwr_amazonde.xml HTTP/1.0" 200 777771 "-" "-"
89.161.206.59 - - [28/Feb/2025:08:35:48 +0100] "GET /Jurek/hdwr/feeds/hdwr_amazonfr.xml HTTP/1.0" 200 777789 "-" "-"
66.135.195.17 - - [28/Feb/2025:08:35:48 +0100] "GET /Jurek/eurofirany/images/468567/0.jpg HTTP/1.1" 200 112877 "-" "Java/17.0.12.0.101"
89.161.206.59 - - [28/Feb/2025:08:35:48 +0100] "GET /Jurek/kambukka/feeds/kambukka_amazonde.xml HTTP/1.0" 200 1043809 "-" "-"
89.161.206.59 - - [28/Feb/2025:08:35:48 +0100] "GET /Jurek/benetech/feeds/benetech_amazonde.xml HTTP/1.0" 200 4451874 "-" "-"
89.161.206.59 - - [28/Feb/2025:08:35:49 +0100] "GET /Jurek/sempler/feeds/sempler_amazonbe.xml HTTP/1.0" 200 6553241 "-" "-"
89.161.206.59 - - [28/Feb/2025:08:35:49 +0100] "GET /Jurek/kambukka/feeds/kambukka_amazonbe.xml HTTP/1.0" 200 1043815 "-" "-"
18.157.125.26 - - [28/Feb/2025:08:35:49 +0100] "GET /Jurek/eurofirany/images/468036/0.jpg HTTP/2.0" 200 78554 "-" "Mozilla/5.0 (Windows NT 10.0; Win64; x64) AppleWebKit/537.36 (KHTML, like Gecko) Chrome/109.0.0.0 Safari/537.36"
3.74.7.74 - - [28/Feb/2025:08:35:50 +0100] "GET /Jurek/eurofirany/images/468031/0.jpg HTTP/2.0" 200 47881 "-" "Mozilla/5.0 (Windows NT 10.0; Win64; x64) AppleWebKit/537.36 (KHTML, like Gecko) Chrome/109.0.0.0 Safari/537.36"
89.161.206.59 - - [28/Feb/2025:08:35:50 +0100] "GET /Jurek/eroplace/feeds/eroplace_amazonse.xml HTTP/1.0" 200 30863478 "-" "-"
66.135.202.170 - - [28/Feb/2025:08:35:51 +0100] "GET /Jurek/eurofirany/images/468568/0.jpg HTTP/1.1" 200 112877 "-" "Java/17.0.12.0.101"
66.135.202.172 - - [28/Feb/2025:08:35:53 +0100] "GET /Jurek/eurofirany/images/468572/0.jpg HTTP/1.1" 200 113443 "-" "Java/17.0.12.0.101"
89.161.206.59 - - [28/Feb/2025:08:35:53 +0100] "GET /Jurek/b3/feeds/b3_amazones.xml HTTP/1.0" 200 7244058 "-" "-"
89.161.206.59 - - [28/Feb/2025:08:35:54 +0100] "GET /Jurek/b3/feeds/b3_amazonbe.xml HTTP/1.0" 200 7243890 "-" "-"
89.161.206.59 - - [28/Feb/2025:08:35:56 +0100] "GET /Jurek/oromed/feeds/oromed_amazones.xml HTTP/1.0" 200 1052580 "-" "-"
89.161.206.59 - - [28/Feb/2025:08:35:56 +0100] "GET /Jurek/oromed/feeds/oromed_amazonse.xml HTTP/1.0" 200 1052778 "-" "-"
89.161.206.59 - - [28/Feb/2025:08:35:56 +0100] "GET /Jurek/oromed/feeds/oromed_amazonbe.xml HTTP/1.0" 200 1052585 "-" "-"
89.161.206.59 - - [28/Feb/2025:08:35:56 +0100] "GET /Jurek/oromed/feeds/oromed_amazonfr.xml HTTP/1.0" 200 1052578 "-" "-"
89.161.206.59 - - [28/Feb/2025:08:35:56 +0100] "GET /Jurek/oromed/feeds/oromed_amazonit.xml HTTP/1.0" 200 1052578 "-" "-"
193.33.8.61 - - [28/Feb/2025:08:36:02 +0100] "GET /Jurek/topeshop/downloaded_images/5902838460511_1.png HTTP/2.0" 404 3551 "-" "Mozilla/5.0 (Windows NT 10.0; Win64; x64) AppleWebKit/537.36 (KHTML, like Gecko) Chrome/133.0.0.0 Safari/537.36"
3.126.202.245 - - [28/Feb/2025:08:36:02 +0100] "GET /Jurek/eurofirany/images/468580/0.jpg HTTP/2.0" 200 77391 "-" "Mozilla/5.0 (Windows NT 10.0; Win64; x64) AppleWebKit/537.36 (KHTML, like Gecko) Chrome/109.0.0.0 Safari/537.36"
66.135.195.19 - - [28/Feb/2025:08:36:03 +0100] "GET /Jurek/eurofirany/images/468575/0.jpg HTTP/1.1" 200 102544 "-" "Java/17.0.12.0.101"
18.157.125.26 - - [28/Feb/2025:08:36:03 +0100] "GET /Jurek/eurofirany/images/468581/0.jpg HTTP/2.0" 200 137011 "-" "Mozilla/5.0 (Windows NT 10.0; Win64; x64) AppleWebKit/537.36 (KHTML, like Gecko) Chrome/109.0.0.0 Safari/537.36"
66.135.202.172 - - [28/Feb/2025:08:36:03 +0100] "GET /Jurek/eurofirany/images/468576/0.jpg HTTP/1.1" 200 102544 "-" "Java/17.0.12.0.101"
193.33.8.61 - - [28/Feb/2025:08:36:07 +0100] "GET /Jurek/topeshop/downloaded_images/5902838460511_3.png HTTP/2.0" 404 3551 "-" "Mozilla/5.0 (Windows NT 10.0; Win64; x64) AppleWebKit/537.36 (KHTML, like Gecko) Chrome/133.0.0.0 Safari/537.36"
66.135.195.16 - - [28/Feb/2025:08:36:17 +0100] "GET /Jurek/eurofirany/images/464365/0.jpg HTTP/1.1" 200 117529 "http://www.ebay.com/" "Mozilla/4.0 (compatible; MSIE 4.01; Windows NT)"
66.135.195.19 - - [28/Feb/2025:08:36:17 +0100] "GET /Jurek/eurofirany/images/464365/2.jpg HTTP/1.1" 200 89942 "http://www.ebay.com/" "Mozilla/4.0 (compatible; MSIE 4.01; Windows NT)"
66.135.195.19 - - [28/Feb/2025:08:36:17 +0100] "GET /Jurek/eurofirany/images/464365/3.jpg HTTP/1.1" 200 122418 "http://www.ebay.com/" "Mozilla/4.0 (compatible; MSIE 4.01; Windows NT)"
66.135.195.16 - - [28/Feb/2025:08:36:17 +0100] "GET /Jurek/eurofirany/images/464365/6.jpg HTTP/1.1" 200 98367 "http://www.ebay.com/" "Mozilla/4.0 (compatible; MSIE 4.01; Windows NT)"
66.135.195.19 - - [28/Feb/2025:08:36:18 +0100] "GET /Jurek/eurofirany/images/464365/1.jpg HTTP/1.1" 200 154761 "http://www.ebay.com/" "Mozilla/4.0 (compatible; MSIE 4.01; Windows NT)"
66.135.195.19 - - [28/Feb/2025:08:36:18 +0100] "GET /Jurek/eurofirany/images/464365/5.jpg HTTP/1.1" 200 154761 "http://www.ebay.com/" "Mozilla/4.0 (compatible; MSIE 4.01; Windows NT)"
66.135.195.16 - - [28/Feb/2025:08:36:18 +0100] "GET /Jurek/eurofirany/images/464365/4.jpg HTTP/1.1" 200 295012 "http://www.ebay.com/" "Mozilla/4.0 (compatible; MSIE 4.01; Windows NT)"
193.33.8.61 - - [28/Feb/2025:08:36:21 +0100] "GET /Jurek/aiofactory/feeds/aiofactory_zero.xml HTTP/2.0" 200 2123524 "https://konsola.dkkapusta1997.usermd.net/" "Mozilla/5.0 (Windows NT 10.0; Win64; x64) AppleWebKit/537.36 (KHTML, like Gecko) Chrome/133.0.0.0 Safari/537.36"
66.135.202.75 - - [28/Feb/2025:08:36:23 +0100] "GET /Jurek/eurofirany/images/464053/0.jpg HTTP/1.1" 200 52280 "http://www.ebay.com/" "Mozilla/4.0 (compatible; MSIE 4.01; Windows NT)"
66.135.202.75 - - [28/Feb/2025:08:36:23 +0100] "GET /Jurek/eurofirany/images/464053/1.jpg HTTP/1.1" 200 67173 "http://www.ebay.com/" "Mozilla/4.0 (compatible; MSIE 4.01; Windows NT)"
66.135.202.74 - - [28/Feb/2025:08:36:23 +0100] "GET /Jurek/eurofirany/images/464053/2.jpg HTTP/1.1" 200 107284 "http://www.ebay.com/" "Mozilla/4.0 (compatible; MSIE 4.01; Windows NT)"
66.135.202.74 - - [28/Feb/2025:08:36:23 +0100] "GET /Jurek/eurofirany/images/464053/3.jpg HTTP/1.1" 200 109539 "http://www.ebay.com/" "Mozilla/4.0 (compatible; MSIE 4.01; Windows NT)"
66.135.195.20 - - [28/Feb/2025:08:36:23 +0100] "GET /Jurek/eurofirany/images/468583/0.jpg HTTP/1.1" 200 100696 "-" "Java/17.0.12.0.101"
66.135.195.18 - - [28/Feb/2025:08:36:29 +0100] "GET /Jurek/eurofirany/images/468586/0.jpg HTTP/1.1" 200 114616 "-" "Java/17.0.12.0.101"
66.135.202.171 - - [28/Feb/2025:08:36:32 +0100] "GET /Jurek/eurofirany/images/468581/0.jpg HTTP/1.1" 200 137011 "-" "Java/17.0.12.0.101"
66.135.202.170 - - [28/Feb/2025:08:36:34 +0100] "GET /Jurek/eurofirany/images/468579/0.jpg HTTP/1.1" 200 102544 "-" "Java/17.0.12.0.101"
3.126.202.245 - - [28/Feb/2025:08:36:34 +0100] "GET /Jurek/eurofirany/images/468577/0.jpg HTTP/2.0" 200 102544 "-" "Mozilla/5.0 (Windows NT 10.0; Win64; x64) AppleWebKit/537.36 (KHTML, like Gecko) Chrome/109.0.0.0 Safari/537.36"
3.126.202.245 - - [28/Feb/2025:08:36:34 +0100] "GET /Jurek/eurofirany/images/468579/0.jpg HTTP/2.0" 200 102544 "-" "Mozilla/5.0 (Windows NT 10.0; Win64; x64) AppleWebKit/537.36 (KHTML, like Gecko) Chrome/109.0.0.0 Safari/537.36"
3.126.202.245 - - [28/Feb/2025:08:36:34 +0100] "GET /Jurek/eurofirany/images/468578/0.jpg HTTP/2.0" 200 102544 "-" "Mozilla/5.0 (Windows NT 10.0; Win64; x64) AppleWebKit/537.36 (KHTML, like Gecko) Chrome/109.0.0.0 Safari/537.36"
3.126.202.245 - - [28/Feb/2025:08:36:34 +0100] "GET /Jurek/eurofirany/images/468576/0.jpg HTTP/2.0" 200 102544 "-" "Mozilla/5.0 (Windows NT 10.0; Win64; x64) AppleWebKit/537.36 (KHTML, like Gecko) Chrome/109.0.0.0 Safari/537.36"
66.135.195.16 - - [28/Feb/2025:08:36:34 +0100] "GET /Jurek/eurofirany/images/468584/0.jpg HTTP/1.1" 200 94988 "-" "Java/17.0.12.0.101"
66.135.195.20 - - [28/Feb/2025:08:36:36 +0100] "GET /Jurek/eurofirany/images/468587/0.jpg HTTP/1.1" 200 114616 "-" "Java/17.0.12.0.101"
77.79.248.229 - - [28/Feb/2025:08:36:37 +0100] "GET /Jurek/aiofactory/feeds/aiofactory_zero.xml HTTP/1.1" 200 2123524 "-" "Python-urllib/3.11"
66.135.195.19 - - [28/Feb/2025:08:36:37 +0100] "GET /Jurek/eurofirany/images/468590/0.jpg HTTP/1.1" 200 114616 "-" "Java/17.0.12.0.101"
18.157.125.26 - - [28/Feb/2025:08:36:38 +0100] "GET /Jurek/eurofirany/images/468586/0.jpg HTTP/2.0" 200 114616 "-" "Mozilla/5.0 (Windows NT 10.0; Win64; x64) AppleWebKit/537.36 (KHTML, like Gecko) Chrome/109.0.0.0 Safari/537.36"
3.126.202.245 - - [28/Feb/2025:08:36:38 +0100] "GET /Jurek/eurofirany/images/468590/0.jpg HTTP/2.0" 200 114616 "-" "Mozilla/5.0 (Windows NT 10.0; Win64; x64) AppleWebKit/537.36 (KHTML, like Gecko) Chrome/109.0.0.0 Safari/537.36"
3.126.202.245 - - [28/Feb/2025:08:36:38 +0100] "GET /Jurek/eurofirany/images/468582/0.jpg HTTP/2.0" 200 137011 "-" "Mozilla/5.0 (Windows NT 10.0; Win64; x64) AppleWebKit/537.36 (KHTML, like Gecko) Chrome/109.0.0.0 Safari/537.36"
3.126.202.245 - - [28/Feb/2025:08:36:38 +0100] "GET /Jurek/eurofirany/images/468583/0.jpg HTTP/2.0" 200 100696 "-" "Mozilla/5.0 (Windows NT 10.0; Win64; x64) AppleWebKit/537.36 (KHTML, like Gecko) Chrome/109.0.0.0 Safari/537.36"
18.157.125.26 - - [28/Feb/2025:08:36:38 +0100] "GET /Jurek/eurofirany/images/468588/0.jpg HTTP/2.0" 200 114616 "-" "Mozilla/5.0 (Windows NT 10.0; Win64; x64) AppleWebKit/537.36 (KHTML, like Gecko) Chrome/109.0.0.0 Safari/537.36"
18.157.125.26 - - [28/Feb/2025:08:36:38 +0100] "GET /Jurek/eurofirany/images/468587/0.jpg HTTP/2.0" 200 114616 "-" "Mozilla/5.0 (Windows NT 10.0; Win64; x64) AppleWebKit/537.36 (KHTML, like Gecko) Chrome/109.0.0.0 Safari/537.36"
18.157.125.26 - - [28/Feb/2025:08:36:38 +0100] "GET /Jurek/eurofirany/images/468589/0.jpg HTTP/2.0" 200 114616 "-" "Mozilla/5.0 (Windows NT 10.0; Win64; x64) AppleWebKit/537.36 (KHTML, like Gecko) Chrome/109.0.0.0 Safari/537.36"
3.74.7.74 - - [28/Feb/2025:08:36:38 +0100] "GET /Jurek/eurofirany/images/468591/0.jpg HTTP/2.0" 200 82539 "-" "Mozilla/5.0 (Windows NT 10.0; Win64; x64) AppleWebKit/537.36 (KHTML, like Gecko) Chrome/109.0.0.0 Safari/537.36"
3.74.7.74 - - [28/Feb/2025:08:36:38 +0100] "GET /Jurek/eurofirany/images/468584/0.jpg HTTP/2.0" 200 94988 "-" "Mozilla/5.0 (Windows NT 10.0; Win64; x64) AppleWebKit/537.36 (KHTML, like Gecko) Chrome/109.0.0.0 Safari/537.36"
3.74.7.74 - - [28/Feb/2025:08:36:38 +0100] "GET /Jurek/eurofirany/images/468585/0.jpg HTTP/2.0" 200 114616 "-" "Mozilla/5.0 (Windows NT 10.0; Win64; x64) AppleWebKit/537.36 (KHTML, like Gecko) Chrome/109.0.0.0 Safari/537.36"
3.74.7.74 - - [28/Feb/2025:08:36:39 +0100] "GET /Jurek/eurofirany/images/468592/0.jpg HTTP/2.0" 200 206631 "-" "Mozilla/5.0 (Windows NT 10.0; Win64; x64) AppleWebKit/537.36 (KHTML, like Gecko) Chrome/109.0.0.0 Safari/537.36"
18.157.125.26 - - [28/Feb/2025:08:36:39 +0100] "GET /Jurek/eurofirany/images/468594/0.jpg HTTP/2.0" 200 98882 "-" "Mozilla/5.0 (Windows NT 10.0; Win64; x64) AppleWebKit/537.36 (KHTML, like Gecko) Chrome/109.0.0.0 Safari/537.36"
3.126.202.245 - - [28/Feb/2025:08:36:39 +0100] "GET /Jurek/eurofirany/images/468593/0.jpg HTTP/2.0" 200 206631 "-" "Mozilla/5.0 (Windows NT 10.0; Win64; x64) AppleWebKit/537.36 (KHTML, like Gecko) Chrome/109.0.0.0 Safari/537.36"
66.135.195.17 - - [28/Feb/2025:08:36:39 +0100] "GET /Jurek/eurofirany/images/468589/0.jpg HTTP/1.1" 200 114616 "-" "Java/17.0.12.0.101"
3.74.7.74 - - [28/Feb/2025:08:36:45 +0100] "GET /Jurek/eurofirany/images/468595/0.jpg HTTP/2.0" 200 111945 "-" "Mozilla/5.0 (Windows NT 10.0; Win64; x64) AppleWebKit/537.36 (KHTML, like Gecko) Chrome/109.0.0.0 Safari/537.36"
18.157.125.26 - - [28/Feb/2025:08:36:45 +0100] "GET /Jurek/eurofirany/images/422318/0.jpg HTTP/2.0" 200 90120 "-" "Mozilla/5.0 (Windows NT 10.0; Win64; x64) AppleWebKit/537.36 (KHTML, like Gecko) Chrome/109.0.0.0 Safari/537.36"
66.135.202.169 - - [28/Feb/2025:08:36:48 +0100] "GET /Jurek/eurofirany/images/468592/0.jpg HTTP/1.1" 200 206631 "-" "Java/17.0.12.0.101"
66.135.202.72 - - [28/Feb/2025:08:36:51 +0100] "GET /Jurek/eurofirany/images/441896/0.jpg HTTP/1.1" 200 211168 "-" "Java/17.0.12.0.101"
66.135.195.20 - - [28/Feb/2025:08:36:53 +0100] "GET /Jurek/eurofirany/images/468593/0.jpg HTTP/1.1" 200 206631 "-" "Java/17.0.12.0.101"
66.135.202.75 - - [28/Feb/2025:08:36:54 +0100] "GET /Jurek/eurofirany/images/468037/0.jpg HTTP/1.1" 200 73916 "http://www.ebay.com/" "Mozilla/4.0 (compatible; MSIE 4.01; Windows NT)"
66.135.202.71 - - [28/Feb/2025:08:36:54 +0100] "GET /Jurek/eurofirany/images/468037/1.jpg HTTP/1.1" 200 52701 "http://www.ebay.com/" "Mozilla/4.0 (compatible; MSIE 4.01; Windows NT)"
66.135.202.75 - - [28/Feb/2025:08:36:54 +0100] "GET /Jurek/eurofirany/images/468037/2.jpg HTTP/1.1" 200 141659 "http://www.ebay.com/" "Mozilla/4.0 (compatible; MSIE 4.01; Windows NT)"
66.135.202.172 - - [28/Feb/2025:08:36:55 +0100] "GET /Jurek/eurofirany/images/468591/0.jpg HTTP/1.1" 200 82539 "-" "Java/17.0.12.0.101"
66.135.195.18 - - [28/Feb/2025:08:36:59 +0100] "GET /Jurek/eurofirany/images/467756/0.jpg HTTP/1.1" 200 142473 "-" "Java/17.0.12.0.101"
66.135.202.169 - - [28/Feb/2025:08:37:00 +0100] "GET /Jurek/eurofirany/images/468594/0.jpg HTTP/1.1" 200 98882 "-" "Java/17.0.12.0.101"
66.135.195.18 - - [28/Feb/2025:08:37:00 +0100] "GET /Jurek/eurofirany/images/422318/0.jpg HTTP/1.1" 200 90120 "-" "Java/17.0.12.0.101"
66.135.202.172 - - [28/Feb/2025:08:37:01 +0100] "GET /Jurek/eurofirany/images/468039/0.jpg HTTP/1.1" 200 91103 "http://www.ebay.com/" "Mozilla/4.0 (compatible; MSIE 4.01; Windows NT)"
66.135.202.170 - - [28/Feb/2025:08:37:01 +0100] "GET /Jurek/eurofirany/images/468039/1.jpg HTTP/1.1" 200 66922 "http://www.ebay.com/" "Mozilla/4.0 (compatible; MSIE 4.01; Windows NT)"
66.135.202.173 - - [28/Feb/2025:08:37:02 +0100] "GET /Jurek/eurofirany/images/468039/2.jpg HTTP/1.1" 200 141659 "http://www.ebay.com/" "Mozilla/4.0 (compatible; MSIE 4.01; Windows NT)"
66.135.195.20 - - [28/Feb/2025:08:37:03 +0100] "GET /Jurek/eurofirany/images/465287/0.jpg HTTP/1.1" 200 89991 "-" "Java/17.0.12.0.101"
66.135.202.71 - - [28/Feb/2025:08:37:04 +0100] "GET /Jurek/eurofirany/images/468582/1.jpg HTTP/1.1" 200 47628 "http://www.ebay.com/" "Mozilla/4.0 (compatible; MSIE 4.01; Windows NT)"
66.135.202.72 - - [28/Feb/2025:08:37:04 +0100] "GET /Jurek/eurofirany/images/468582/2.jpg HTTP/1.1" 200 99221 "http://www.ebay.com/" "Mozilla/4.0 (compatible; MSIE 4.01; Windows NT)"
66.135.202.74 - - [28/Feb/2025:08:37:04 +0100] "GET /Jurek/eurofirany/images/468582/7.jpg HTTP/1.1" 200 81991 "http://www.ebay.com/" "Mozilla/4.0 (compatible; MSIE 4.01; Windows NT)"
66.135.202.74 - - [28/Feb/2025:08:37:04 +0100] "GET /Jurek/eurofirany/images/468582/5.jpg HTTP/1.1" 200 84240 "http://www.ebay.com/" "Mozilla/4.0 (compatible; MSIE 4.01; Windows NT)"
66.135.202.75 - - [28/Feb/2025:08:37:04 +0100] "GET /Jurek/eurofirany/images/468582/0.jpg HTTP/1.1" 200 137011 "http://www.ebay.com/" "Mozilla/4.0 (compatible; MSIE 4.01; Windows NT)"
66.135.202.75 - - [28/Feb/2025:08:37:04 +0100] "GET /Jurek/eurofirany/images/468582/6.jpg HTTP/1.1" 200 163342 "http://www.ebay.com/" "Mozilla/4.0 (compatible; MSIE 4.01; Windows NT)"
66.135.202.74 - - [28/Feb/2025:08:37:05 +0100] "GET /Jurek/eurofirany/images/468582/3.jpg HTTP/1.1" 200 197286 "http://www.ebay.com/" "Mozilla/4.0 (compatible; MSIE 4.01; Windows NT)"
66.135.202.75 - - [28/Feb/2025:08:37:05 +0100] "GET /Jurek/eurofirany/images/468582/4.jpg HTTP/1.1" 200 194731 "http://www.ebay.com/" "Mozilla/4.0 (compatible; MSIE 4.01; Windows NT)"
66.135.195.18 - - [28/Feb/2025:08:37:05 +0100] "GET /Jurek/eurofirany/images/468595/0.jpg HTTP/1.1" 200 111945 "-" "Java/17.0.12.0.101"
66.135.202.172 - - [28/Feb/2025:08:37:06 +0100] "GET /Jurek/eurofirany/images/464048/0.jpg HTTP/1.1" 200 50612 "http://www.ebay.com/" "Mozilla/4.0 (compatible; MSIE 4.01; Windows NT)"
66.135.202.170 - - [28/Feb/2025:08:37:06 +0100] "GET /Jurek/eurofirany/images/464048/1.jpg HTTP/1.1" 200 67173 "http://www.ebay.com/" "Mozilla/4.0 (compatible; MSIE 4.01; Windows NT)"
66.135.202.171 - - [28/Feb/2025:08:37:06 +0100] "GET /Jurek/eurofirany/images/464048/3.jpg HTTP/1.1" 200 109539 "http://www.ebay.com/" "Mozilla/4.0 (compatible; MSIE 4.01; Windows NT)"
66.135.202.169 - - [28/Feb/2025:08:37:06 +0100] "GET /Jurek/eurofirany/images/464048/2.jpg HTTP/1.1" 200 107284 "http://www.ebay.com/" "Mozilla/4.0 (compatible; MSIE 4.01; Windows NT)"
66.135.202.170 - - [28/Feb/2025:08:37:10 +0100] "GET /Jurek/eurofirany/images/465289/0.jpg HTTP/1.1" 200 94772 "-" "Java/17.0.12.0.101"
66.135.202.73 - - [28/Feb/2025:08:37:13 +0100] "GET /Jurek/eurofirany/images/466415/0.jpg HTTP/1.1" 200 104197 "http://www.ebay.com/" "Mozilla/4.0 (compatible; MSIE 4.01; Windows NT)"
66.135.202.73 - - [28/Feb/2025:08:37:13 +0100] "GET /Jurek/eurofirany/images/466415/1.jpg HTTP/1.1" 200 122517 "http://www.ebay.com/" "Mozilla/4.0 (compatible; MSIE 4.01; Windows NT)"
66.135.202.75 - - [28/Feb/2025:08:37:13 +0100] "GET /Jurek/eurofirany/images/466415/2.jpg HTTP/1.1" 200 64455 "http://www.ebay.com/" "Mozilla/4.0 (compatible; MSIE 4.01; Windows NT)"
66.135.202.73 - - [28/Feb/2025:08:37:13 +0100] "GET /Jurek/eurofirany/images/468585/3.jpg HTTP/1.1" 200 89172 "http://www.ebay.com/" "Mozilla/4.0 (compatible; MSIE 4.01; Windows NT)"
66.135.202.72 - - [28/Feb/2025:08:37:13 +0100] "GET /Jurek/eurofirany/images/468585/0.jpg HTTP/1.1" 200 114616 "http://www.ebay.com/" "Mozilla/4.0 (compatible; MSIE 4.01; Windows NT)"
66.135.202.75 - - [28/Feb/2025:08:37:13 +0100] "GET /Jurek/eurofirany/images/468585/2.jpg HTTP/1.1" 200 115543 "http://www.ebay.com/" "Mozilla/4.0 (compatible; MSIE 4.01; Windows NT)"
66.135.202.72 - - [28/Feb/2025:08:37:13 +0100] "GET /Jurek/eurofirany/images/468585/1.jpg HTTP/1.1" 200 81448 "http://www.ebay.com/" "Mozilla/4.0 (compatible; MSIE 4.01; Windows NT)"
66.135.202.72 - - [28/Feb/2025:08:37:13 +0100] "GET /Jurek/eurofirany/images/466415/10.jpg HTTP/1.1" 200 130252 "http://www.ebay.com/" "Mozilla/4.0 (compatible; MSIE 4.01; Windows NT)"
66.135.202.73 - - [28/Feb/2025:08:37:13 +0100] "GET /Jurek/eurofirany/images/468585/5.jpg HTTP/1.1" 200 94866 "http://www.ebay.com/" "Mozilla/4.0 (compatible; MSIE 4.01; Windows NT)"
66.135.202.75 - - [28/Feb/2025:08:37:14 +0100] "GET /Jurek/eurofirany/images/466415/3.jpg HTTP/1.1" 200 200184 "http://www.ebay.com/" "Mozilla/4.0 (compatible; MSIE 4.01; Windows NT)"
66.135.202.75 - - [28/Feb/2025:08:37:14 +0100] "GET /Jurek/eurofirany/images/466415/5.jpg HTTP/1.1" 200 190525 "http://www.ebay.com/" "Mozilla/4.0 (compatible; MSIE 4.01; Windows NT)"
66.135.202.71 - - [28/Feb/2025:08:37:14 +0100] "GET /Jurek/eurofirany/images/468585/4.jpg HTTP/1.1" 200 169760 "http://www.ebay.com/" "Mozilla/4.0 (compatible; MSIE 4.01; Windows NT)"
66.135.202.75 - - [28/Feb/2025:08:37:14 +0100] "GET /Jurek/eurofirany/images/466415/11.jpg HTTP/1.1" 200 165317 "http://www.ebay.com/" "Mozilla/4.0 (compatible; MSIE 4.01; Windows NT)"
66.135.202.170 - - [28/Feb/2025:08:37:14 +0100] "GET /Jurek/eurofirany/images/465288/0.jpg HTTP/1.1" 200 90120 "-" "Java/17.0.12.0.101"
66.135.202.72 - - [28/Feb/2025:08:37:14 +0100] "GET /Jurek/eurofirany/images/466415/6.jpg HTTP/1.1" 200 249885 "http://www.ebay.com/" "Mozilla/4.0 (compatible; MSIE 4.01; Windows NT)"
66.135.202.74 - - [28/Feb/2025:08:37:14 +0100] "GET /Jurek/eurofirany/images/466415/7.jpg HTTP/1.1" 200 232990 "http://www.ebay.com/" "Mozilla/4.0 (compatible; MSIE 4.01; Windows NT)"
66.135.202.71 - - [28/Feb/2025:08:37:14 +0100] "GET /Jurek/eurofirany/images/466415/9.jpg HTTP/1.1" 200 217617 "http://www.ebay.com/" "Mozilla/4.0 (compatible; MSIE 4.01; Windows NT)"
66.135.202.75 - - [28/Feb/2025:08:37:14 +0100] "GET /Jurek/eurofirany/images/466415/8.jpg HTTP/1.1" 200 221595 "http://www.ebay.com/" "Mozilla/4.0 (compatible; MSIE 4.01; Windows NT)"
66.135.202.75 - - [28/Feb/2025:08:37:14 +0100] "GET /Jurek/eurofirany/images/466415/4.jpg HTTP/1.1" 200 367836 "http://www.ebay.com/" "Mozilla/4.0 (compatible; MSIE 4.01; Windows NT)"
66.135.202.170 - - [28/Feb/2025:08:37:16 +0100] "GET /Jurek/eurofirany/images/468031/0.jpg HTTP/1.1" 200 47881 "http://www.ebay.com/" "Mozilla/4.0 (compatible; MSIE 4.01; Windows NT)"
66.135.202.169 - - [28/Feb/2025:08:37:16 +0100] "GET /Jurek/eurofirany/images/468031/1.jpg HTTP/1.1" 200 44254 "http://www.ebay.com/" "Mozilla/4.0 (compatible; MSIE 4.01; Windows NT)"
66.135.195.18 - - [28/Feb/2025:08:37:16 +0100] "GET /Jurek/eurofirany/images/457983/0.jpg HTTP/1.1" 200 107142 "-" "Java/17.0.12.0.101"
66.135.202.171 - - [28/Feb/2025:08:37:16 +0100] "GET /Jurek/eurofirany/images/468031/2.jpg HTTP/1.1" 200 132194 "http://www.ebay.com/" "Mozilla/4.0 (compatible; MSIE 4.01; Windows NT)"
66.135.195.19 - - [28/Feb/2025:08:37:17 +0100] "GET /Jurek/eurofirany/images/457970/0.jpg HTTP/1.1" 200 146923 "-" "Java/17.0.12.0.101"
66.135.202.173 - - [28/Feb/2025:08:37:21 +0100] "GET /Jurek/eurofirany/images/325009/0.jpg HTTP/1.1" 200 164808 "-" "Java/17.0.12.0.101"
46.101.116.244 - - [28/Feb/2025:08:37:21 +0100] "GET /Jurek/eurofirany/feeds/eurofirany_empik.xml HTTP/1.0" 200 19036695 "-" "-"
66.135.202.72 - - [28/Feb/2025:08:37:22 +0100] "GET /Jurek/eurofirany/images/468038/0.jpg HTTP/1.1" 200 62811 "http://www.ebay.com/" "Mozilla/4.0 (compatible; MSIE 4.01; Windows NT)"
66.135.202.72 - - [28/Feb/2025:08:37:22 +0100] "GET /Jurek/eurofirany/images/468038/1.jpg HTTP/1.1" 200 48390 "http://www.ebay.com/" "Mozilla/4.0 (compatible; MSIE 4.01; Windows NT)"
66.135.202.71 - - [28/Feb/2025:08:37:22 +0100] "GET /Jurek/eurofirany/images/468038/2.jpg HTTP/1.1" 200 127512 "http://www.ebay.com/" "Mozilla/4.0 (compatible; MSIE 4.01; Windows NT)"
66.135.202.170 - - [28/Feb/2025:08:37:28 +0100] "GET /Jurek/eurofirany/images/468575/0.jpg HTTP/1.1" 200 102544 "http://www.ebay.com/" "Mozilla/4.0 (compatible; MSIE 4.01; Windows NT)"
66.135.202.173 - - [28/Feb/2025:08:37:28 +0100] "GET /Jurek/eurofirany/images/468575/2.jpg HTTP/1.1" 200 81654 "http://www.ebay.com/" "Mozilla/4.0 (compatible; MSIE 4.01; Windows NT)"
66.135.202.173 - - [28/Feb/2025:08:37:28 +0100] "GET /Jurek/eurofirany/images/468575/5.jpg HTTP/1.1" 200 84240 "http://www.ebay.com/" "Mozilla/4.0 (compatible; MSIE 4.01; Windows NT)"
66.135.202.171 - - [28/Feb/2025:08:37:28 +0100] "GET /Jurek/eurofirany/images/468575/1.jpg HTTP/1.1" 200 54173 "http://www.ebay.com/" "Mozilla/4.0 (compatible; MSIE 4.01; Windows NT)"
66.135.202.171 - - [28/Feb/2025:08:37:28 +0100] "GET /Jurek/eurofirany/images/457985/0.jpg HTTP/1.1" 200 70093 "-" "Java/17.0.12.0.101"
66.135.202.169 - - [28/Feb/2025:08:37:28 +0100] "GET /Jurek/eurofirany/images/468575/6.jpg HTTP/1.1" 200 163342 "http://www.ebay.com/" "Mozilla/4.0 (compatible; MSIE 4.01; Windows NT)"
66.135.202.170 - - [28/Feb/2025:08:37:28 +0100] "GET /Jurek/eurofirany/images/468575/3.jpg HTTP/1.1" 200 197286 "http://www.ebay.com/" "Mozilla/4.0 (compatible; MSIE 4.01; Windows NT)"
66.135.202.169 - - [28/Feb/2025:08:37:28 +0100] "GET /Jurek/eurofirany/images/468575/4.jpg HTTP/1.1" 200 194731 "http://www.ebay.com/" "Mozilla/4.0 (compatible; MSIE 4.01; Windows NT)"
66.135.195.20 - - [28/Feb/2025:08:37:31 +0100] "GET /Jurek/eurofirany/images/457979/0.jpg HTTP/1.1" 200 85612 "-" "Java/17.0.12.0.101"
66.135.195.20 - - [28/Feb/2025:08:37:32 +0100] "GET /Jurek/eurofirany/images/457993/0.jpg HTTP/1.1" 200 128585 "-" "Java/17.0.12.0.101"
66.135.195.17 - - [28/Feb/2025:08:37:34 +0100] "GET /Jurek/eurofirany/images/457995/0.jpg HTTP/1.1" 200 100951 "-" "Java/17.0.12.0.101"
66.135.202.171 - - [28/Feb/2025:08:37:35 +0100] "GET /Jurek/eurofirany/images/457972/0.jpg HTTP/1.1" 200 122743 "-" "Java/17.0.12.0.101"
66.135.202.169 - - [28/Feb/2025:08:37:37 +0100] "GET /Jurek/eurofirany/images/457989/0.jpg HTTP/1.1" 200 54616 "-" "Java/17.0.12.0.101"
66.135.202.171 - - [28/Feb/2025:08:37:37 +0100] "GET /Jurek/eurofirany/images/468594/0.jpg HTTP/1.1" 200 98882 "http://www.ebay.com/" "Mozilla/4.0 (compatible; MSIE 4.01; Windows NT)"
66.135.202.173 - - [28/Feb/2025:08:37:37 +0100] "GET /Jurek/eurofirany/images/468594/1.jpg HTTP/1.1" 200 53581 "http://www.ebay.com/" "Mozilla/4.0 (compatible; MSIE 4.01; Windows NT)"
66.135.202.171 - - [28/Feb/2025:08:37:37 +0100] "GET /Jurek/eurofirany/images/468594/2.jpg HTTP/1.1" 200 89172 "http://www.ebay.com/" "Mozilla/4.0 (compatible; MSIE 4.01; Windows NT)"
66.135.202.173 - - [28/Feb/2025:08:37:37 +0100] "GET /Jurek/eurofirany/images/468594/3.jpg HTTP/1.1" 200 169760 "http://www.ebay.com/" "Mozilla/4.0 (compatible; MSIE 4.01; Windows NT)"
66.135.202.169 - - [28/Feb/2025:08:37:38 +0100] "GET /Jurek/eurofirany/images/468569/0.jpg HTTP/1.1" 200 84172 "http://www.ebay.com/" "Mozilla/4.0 (compatible; MSIE 4.01; Windows NT)"
66.135.202.172 - - [28/Feb/2025:08:37:38 +0100] "GET /Jurek/eurofirany/images/468569/1.jpg HTTP/1.1" 200 102221 "http://www.ebay.com/" "Mozilla/4.0 (compatible; MSIE 4.01; Windows NT)"
66.135.202.170 - - [28/Feb/2025:08:37:38 +0100] "GET /Jurek/eurofirany/images/468569/4.jpg HTTP/1.1" 200 88757 "http://www.ebay.com/" "Mozilla/4.0 (compatible; MSIE 4.01; Windows NT)"
66.135.202.172 - - [28/Feb/2025:08:37:39 +0100] "GET /Jurek/eurofirany/images/468569/3.jpg HTTP/1.1" 200 161477 "http://www.ebay.com/" "Mozilla/4.0 (compatible; MSIE 4.01; Windows NT)"
66.135.202.169 - - [28/Feb/2025:08:37:39 +0100] "GET /Jurek/eurofirany/images/468569/5.jpg HTTP/1.1" 200 176524 "http://www.ebay.com/" "Mozilla/4.0 (compatible; MSIE 4.01; Windows NT)"
66.135.195.18 - - [28/Feb/2025:08:37:39 +0100] "GET /Jurek/eurofirany/images/458004/0.jpg HTTP/1.1" 200 101427 "-" "Java/17.0.12.0.101"
66.135.202.173 - - [28/Feb/2025:08:37:39 +0100] "GET /Jurek/eurofirany/images/468569/2.jpg HTTP/1.1" 200 201911 "http://www.ebay.com/" "Mozilla/4.0 (compatible; MSIE 4.01; Windows NT)"
66.135.195.18 - - [28/Feb/2025:08:37:39 +0100] "GET /Jurek/eurofirany/images/457997/0.jpg HTTP/1.1" 200 115440 "-" "Java/17.0.12.0.101"
66.135.195.19 - - [28/Feb/2025:08:37:49 +0100] "GET /Jurek/eurofirany/images/457991/0.jpg HTTP/1.1" 200 64136 "-" "Java/17.0.12.0.101"
66.135.195.18 - - [28/Feb/2025:08:37:52 +0100] "GET /Jurek/eurofirany/images/458097/0.jpg HTTP/1.1" 200 88892 "-" "Java/17.0.12.0.101"
66.135.202.73 - - [28/Feb/2025:08:37:53 +0100] "GET /Jurek/eurofirany/images/464044/0.jpg HTTP/1.1" 200 51166 "http://www.ebay.com/" "Mozilla/4.0 (compatible; MSIE 4.01; Windows NT)"
66.135.202.72 - - [28/Feb/2025:08:37:53 +0100] "GET /Jurek/eurofirany/images/464044/2.jpg HTTP/1.1" 200 107284 "http://www.ebay.com/" "Mozilla/4.0 (compatible; MSIE 4.01; Windows NT)"
66.135.202.75 - - [28/Feb/2025:08:37:53 +0100] "GET /Jurek/eurofirany/images/464044/1.jpg HTTP/1.1" 200 67173 "http://www.ebay.com/" "Mozilla/4.0 (compatible; MSIE 4.01; Windows NT)"
66.135.202.71 - - [28/Feb/2025:08:37:53 +0100] "GET /Jurek/eurofirany/images/464044/3.jpg HTTP/1.1" 200 109539 "http://www.ebay.com/" "Mozilla/4.0 (compatible; MSIE 4.01; Windows NT)"
66.135.195.17 - - [28/Feb/2025:08:37:53 +0100] "GET /Jurek/eurofirany/images/457987/0.jpg HTTP/1.1" 200 102721 "-" "Java/17.0.12.0.101"
66.135.202.169 - - [28/Feb/2025:08:38:00 +0100] "GET /Jurek/eurofirany/images/464362/0.jpg HTTP/1.1" 200 114189 "http://www.ebay.com/" "Mozilla/4.0 (compatible; MSIE 4.01; Windows NT)"
66.135.202.173 - - [28/Feb/2025:08:38:01 +0100] "GET /Jurek/eurofirany/images/464362/1.jpg HTTP/1.1" 200 127970 "http://www.ebay.com/" "Mozilla/4.0 (compatible; MSIE 4.01; Windows NT)"
66.135.202.169 - - [28/Feb/2025:08:38:01 +0100] "GET /Jurek/eurofirany/images/464362/6.jpg HTTP/1.1" 200 127970 "http://www.ebay.com/" "Mozilla/4.0 (compatible; MSIE 4.01; Windows NT)"
66.135.202.173 - - [28/Feb/2025:08:38:01 +0100] "GET /Jurek/eurofirany/images/464362/2.jpg HTTP/1.1" 200 79011 "http://www.ebay.com/" "Mozilla/4.0 (compatible; MSIE 4.01; Windows NT)"
66.135.202.173 - - [28/Feb/2025:08:38:01 +0100] "GET /Jurek/eurofirany/images/464362/7.jpg HTTP/1.1" 200 104571 "http://www.ebay.com/" "Mozilla/4.0 (compatible; MSIE 4.01; Windows NT)"
66.135.202.173 - - [28/Feb/2025:08:38:01 +0100] "GET /Jurek/eurofirany/images/464362/3.jpg HTTP/1.1" 200 323938 "http://www.ebay.com/" "Mozilla/4.0 (compatible; MSIE 4.01; Windows NT)"
66.135.202.173 - - [28/Feb/2025:08:38:01 +0100] "GET /Jurek/eurofirany/images/464362/4.jpg HTTP/1.1" 200 251416 "http://www.ebay.com/" "Mozilla/4.0 (compatible; MSIE 4.01; Windows NT)"
66.135.202.173 - - [28/Feb/2025:08:38:01 +0100] "GET /Jurek/eurofirany/images/464362/5.jpg HTTP/1.1" 200 211826 "http://www.ebay.com/" "Mozilla/4.0 (compatible; MSIE 4.01; Windows NT)"
66.135.202.170 - - [28/Feb/2025:08:38:01 +0100] "GET /Jurek/eurofirany/images/468572/1.jpg HTTP/1.1" 200 97819 "http://www.ebay.com/" "Mozilla/4.0 (compatible; MSIE 4.01; Windows NT)"
66.135.202.170 - - [28/Feb/2025:08:38:01 +0100] "GET /Jurek/eurofirany/images/468572/0.jpg HTTP/1.1" 200 113443 "http://www.ebay.com/" "Mozilla/4.0 (compatible; MSIE 4.01; Windows NT)"
66.135.202.172 - - [28/Feb/2025:08:38:02 +0100] "GET /Jurek/eurofirany/images/468572/5.jpg HTTP/1.1" 200 88757 "http://www.ebay.com/" "Mozilla/4.0 (compatible; MSIE 4.01; Windows NT)"
66.135.202.170 - - [28/Feb/2025:08:38:02 +0100] "GET /Jurek/eurofirany/images/468572/3.jpg HTTP/1.1" 200 161477 "http://www.ebay.com/" "Mozilla/4.0 (compatible; MSIE 4.01; Windows NT)"
66.135.202.173 - - [28/Feb/2025:08:38:02 +0100] "GET /Jurek/eurofirany/images/468572/6.jpg HTTP/1.1" 200 176524 "http://www.ebay.com/" "Mozilla/4.0 (compatible; MSIE 4.01; Windows NT)"
46.101.116.244 - - [28/Feb/2025:08:38:02 +0100] "GET /Jurek/aw/feeds/aw_fnacfr.xml HTTP/1.0" 404 3551 "-" "-"
66.135.202.171 - - [28/Feb/2025:08:38:02 +0100] "GET /Jurek/eurofirany/images/468572/2.jpg HTTP/1.1" 200 201911 "http://www.ebay.com/" "Mozilla/4.0 (compatible; MSIE 4.01; Windows NT)"
