46.101.116.244 - - [28/Feb/2025:00:46:36 +0100] "GET /Jurek/eurofirany/feeds/eurofirany_velomarket.xml HTTP/1.0" 200 19045602 "-" "-"
46.101.116.244 - - [28/Feb/2025:00:46:41 +0100] "GET /Jurek/beliani/feeds/beliani_velomarket.xml HTTP/1.0" 200 31830669 "-" "-"
66.211.183.74 - - [28/Feb/2025:00:46:48 +0100] "GET /Jurek/eurofirany/images/438608/0.jpg HTTP/1.1" 200 167089 "-" "scalaj-http/2.4.2"
46.101.116.244 - - [28/Feb/2025:00:46:49 +0100] "GET /Jurek/eurofirany/feeds/eurofirany_allegro.xml HTTP/1.0" 200 19048473 "-" "-"
66.211.183.71 - - [28/Feb/2025:00:46:54 +0100] "GET /Jurek/eurofirany/images/409903/0.jpg HTTP/1.1" 200 188678 "-" "scalaj-http/2.4.2"
46.101.116.244 - - [28/Feb/2025:00:47:03 +0100] "GET /Filip/feeds/xlsx_ceneo.xml HTTP/1.0" 200 6241376 "-" "-"
51.77.52.107 - - [28/Feb/2025:00:47:04 +0100] "POST /Filip/Rovicky/baselinker/baselinker-ceneo-shumee.php HTTP/2.0" 200 106776 "-" "BaseLinker/1.0"
66.211.183.71 - - [28/Feb/2025:00:47:28 +0100] "GET /Jurek/eurofirany/images/463596/0.jpg HTTP/1.1" 200 0 "-" "scalaj-http/2.4.2"
66.211.183.71 - - [28/Feb/2025:00:47:54 +0100] "GET /Jurek/eurofirany/images/403493/0.jpg HTTP/1.1" 200 64205 "-" "scalaj-http/2.4.2"
66.211.183.73 - - [28/Feb/2025:00:48:06 +0100] "GET /Jurek/eurofirany/images/383466/0.jpg HTTP/1.1" 200 78770 "-" "scalaj-http/2.4.2"
46.101.116.244 - - [28/Feb/2025:00:48:47 +0100] "GET /Jurek/b3/feeds/b3_alza.xml HTTP/2.0" 200 7248274 "-" "-"
66.211.183.74 - - [28/Feb/2025:00:49:10 +0100] "GET /Jurek/eurofirany/images/438610/0.jpg HTTP/1.1" 200 114177 "-" "scalaj-http/2.4.2"
46.101.116.244 - - [28/Feb/2025:00:49:12 +0100] "GET /Jurek/action/feeds/action_alza.xml HTTP/2.0" 200 55200233 "-" "-"
66.211.183.74 - - [28/Feb/2025:00:49:23 +0100] "GET /Jurek/eurofirany/images/416137/0.jpg HTTP/1.1" 200 92572 "-" "scalaj-http/2.4.2"
66.211.183.72 - - [28/Feb/2025:00:49:47 +0100] "GET /Jurek/eurofirany/images/416148/0.jpg HTTP/1.1" 200 94233 "-" "scalaj-http/2.4.2"
66.211.183.74 - - [28/Feb/2025:00:50:16 +0100] "GET /Jurek/eurofirany/images/403505/0.jpg HTTP/1.1" 200 32279 "-" "scalaj-http/2.4.2"
46.101.116.244 - - [28/Feb/2025:00:50:49 +0100] "GET /Jurek/kinghoff/feeds/kinghoff_amazon_de.xml HTTP/1.0" 200 14939728 "-" "-"
46.101.116.244 - - [28/Feb/2025:00:50:51 +0100] "GET /Jurek/unimet/feeds/unimet_alza.xml HTTP/2.0" 200 60270703 "-" "-"
46.101.116.244 - - [28/Feb/2025:00:51:09 +0100] "GET /Jurek/aw/feeds/aw_fnacfr.xml HTTP/1.0" 404 3551 "-" "-"
57.141.0.6 - - [28/Feb/2025:00:51:13 +0100] "GET /marketplaces/ubaldi/merge_csv.py HTTP/2.0" 200 285 "-" "meta-externalagent/1.1 (+https://developers.facebook.com/docs/sharing/webmasters/crawler)"
66.211.183.73 - - [28/Feb/2025:00:51:24 +0100] "GET /Jurek/eurofirany/images/372635/0.jpg HTTP/1.1" 200 60417 "-" "scalaj-http/2.4.2"
66.211.183.72 - - [28/Feb/2025:00:51:29 +0100] "GET /Jurek/eurofirany/images/438721/0.jpg HTTP/1.1" 200 107908 "-" "scalaj-http/2.4.2"
46.101.116.244 - - [28/Feb/2025:00:51:41 +0100] "GET /Filip/feeds/xlsx_ceneo.xml HTTP/1.0" 200 6241376 "-" "-"
51.77.52.107 - - [28/Feb/2025:00:51:42 +0100] "POST /Filip/Rovicky/baselinker/baselinker-ceneo-shumee.php HTTP/2.0" 200 106776 "-" "BaseLinker/1.0"
66.211.183.71 - - [28/Feb/2025:00:51:56 +0100] "GET /Jurek/eurofirany/images/416433/0.jpg HTTP/1.1" 200 121054 "-" "scalaj-http/2.4.2"
66.211.183.73 - - [28/Feb/2025:00:52:09 +0100] "GET /Jurek/eurofirany/images/392144/0.jpg HTTP/1.1" 200 16503 "-" "scalaj-http/2.4.2"
66.211.183.73 - - [28/Feb/2025:00:52:38 +0100] "GET /Jurek/eurofirany/images/409907/0.jpg HTTP/1.1" 200 78745 "-" "scalaj-http/2.4.2"
66.211.183.73 - - [28/Feb/2025:00:52:43 +0100] "GET /Jurek/eurofirany/images/416133/0.jpg HTTP/1.1" 200 108715 "-" "scalaj-http/2.4.2"
46.101.116.244 - - [28/Feb/2025:00:52:55 +0100] "GET /Jurek/andex/feeds/andex_alza.xml HTTP/2.0" 200 1954521 "-" "-"
46.101.116.244 - - [28/Feb/2025:00:53:07 +0100] "GET /Jurek/aw/feeds/awnarzedzia_alza.xml HTTP/2.0" 200 90335803 "-" "-"
66.211.183.70 - - [28/Feb/2025:00:53:29 +0100] "GET /Jurek/eurofirany/images/410397/0.jpg HTTP/1.1" 200 35249 "-" "scalaj-http/2.4.2"
46.101.116.244 - - [28/Feb/2025:00:53:34 +0100] "GET /Jurek/detian/feeds/detian_alza.xml HTTP/2.0" 404 3551 "-" "-"
66.211.183.70 - - [28/Feb/2025:00:53:37 +0100] "GET /Jurek/eurofirany/images/383470/0.jpg HTTP/1.1" 200 86852 "-" "scalaj-http/2.4.2"
46.101.116.244 - - [28/Feb/2025:00:53:42 +0100] "GET /Jurek/intsell/feeds/intsell_skroutz.xml HTTP/1.0" 200 338788803 "-" "-"
46.101.116.244 - - [28/Feb/2025:00:53:45 +0100] "GET /Jurek/fernity/feeds/fernity_alza.xml HTTP/2.0" 200 5092490 "-" "-"
66.211.183.72 - - [28/Feb/2025:00:54:05 +0100] "GET /Jurek/eurofirany/images/391117/0.jpg HTTP/1.1" 200 101651 "-" "scalaj-http/2.4.2"
46.101.116.244 - - [28/Feb/2025:00:54:07 +0100] "GET /Jurek/octopia/feeds/octopia_alzacz.xml HTTP/2.0" 200 10746193 "-" "-"
46.101.116.244 - - [28/Feb/2025:00:54:20 +0100] "GET /Jurek/unimet/feeds/unimet_alza.xml HTTP/2.0" 200 60270703 "-" "-"
66.211.183.73 - - [28/Feb/2025:00:54:26 +0100] "GET /Jurek/eurofirany/images/438697/0.jpg HTTP/1.1" 200 107908 "-" "scalaj-http/2.4.2"
46.101.116.244 - - [28/Feb/2025:00:54:43 +0100] "GET /Jurek/eurofirany/feeds/eurofirany_alza.xml HTTP/2.0" 200 19012803 "-" "-"
66.211.183.74 - - [28/Feb/2025:00:54:59 +0100] "GET /Jurek/eurofirany/images/383067/0.jpg HTTP/1.1" 200 72405 "-" "scalaj-http/2.4.2"
46.101.116.244 - - [28/Feb/2025:00:55:00 +0100] "GET /Jurek/beliani/feeds/beliani_alza.xml HTTP/2.0" 200 15135559 "-" "-"
46.101.116.244 - - [28/Feb/2025:00:55:18 +0100] "GET /Jurek/vivaldi/feeds/vivaldi_alza.xml HTTP/2.0" 200 344844 "-" "-"
46.101.116.244 - - [28/Feb/2025:00:55:29 +0100] "GET /Jurek/ikonka/feeds/ikonka_alza.xml HTTP/2.0" 200 21452912 "-" "-"
66.211.183.70 - - [28/Feb/2025:00:55:32 +0100] "GET /Jurek/eurofirany/images/403490/0.jpg HTTP/1.1" 200 74663 "-" "scalaj-http/2.4.2"
46.101.116.244 - - [28/Feb/2025:00:55:41 +0100] "GET /Jurek/stema/feeds/stema_alza.xml HTTP/2.0" 200 867469 "-" "-"
46.101.116.244 - - [28/Feb/2025:00:55:52 +0100] "GET /Jurek/kinghoff/feeds/kinghoff_alza.xml HTTP/2.0" 200 14943935 "-" "-"
89.161.206.59 - - [28/Feb/2025:00:56:00 +0100] "GET /Jurek/ekuchcikowo/feeds/ekuchcikowo_skroutz.xml HTTP/1.0" 200 13323276 "-" "-"
46.101.116.244 - - [28/Feb/2025:00:56:06 +0100] "GET /Jurek/bass/feeds/bass_mallczsh.xml HTTP/2.0" 200 3987361 "-" "-"
66.211.183.70 - - [28/Feb/2025:00:56:06 +0100] "GET /Jurek/eurofirany/images/404522/0.jpg HTTP/1.1" 200 69238 "-" "scalaj-http/2.4.2"
46.101.116.244 - - [28/Feb/2025:00:56:11 +0100] "GET /Jurek/aw/feeds/aw_fnacfr.xml HTTP/1.0" 404 3551 "-" "-"
46.101.116.244 - - [28/Feb/2025:00:56:29 +0100] "GET /Jurek/slayo/feeds/slayo_mallczsh.xml HTTP/2.0" 200 195553 "-" "-"
66.211.183.71 - - [28/Feb/2025:00:56:37 +0100] "GET /Jurek/eurofirany/images/403501/0.jpg HTTP/1.1" 200 30923 "-" "scalaj-http/2.4.2"
46.101.116.244 - - [28/Feb/2025:00:56:39 +0100] "GET /Jurek/mosti/feeds/mosti_mallczsh.xml HTTP/2.0" 200 9251576 "-" "-"
46.101.116.244 - - [28/Feb/2025:00:56:40 +0100] "GET /Jurek/amzteam/feeds/amzteam_mallczsh.xml HTTP/2.0" 200 97917 "-" "-"
46.101.116.244 - - [28/Feb/2025:00:56:40 +0100] "GET /Jurek/artdog/feeds/artdog_mallczsh.xml HTTP/2.0" 200 15937794 "-" "-"
46.101.116.244 - - [28/Feb/2025:00:56:42 +0100] "GET /Jurek/kambukka/feeds/kambukka_mallczsh.xml HTTP/2.0" 200 1043686 "-" "-"
46.101.116.244 - - [28/Feb/2025:00:56:44 +0100] "GET /Filip/feeds/xlsx_ceneo.xml HTTP/1.0" 200 6241376 "-" "-"
51.77.52.107 - - [28/Feb/2025:00:56:44 +0100] "POST /Filip/Rovicky/baselinker/baselinker-ceneo-shumee.php HTTP/2.0" 200 106776 "-" "BaseLinker/1.0"
46.101.116.244 - - [28/Feb/2025:00:56:55 +0100] "GET /Jurek/swiatecznygoliat/feeds/swiatecznygoliat_mallczsh.xml HTTP/2.0" 200 7057188 "-" "-"
66.211.183.74 - - [28/Feb/2025:00:57:14 +0100] "GET /Jurek/eurofirany/images/423821/0.jpg HTTP/1.1" 200 0 "-" "scalaj-http/2.4.2"
89.161.206.59 - - [28/Feb/2025:00:57:17 +0100] "GET /Jurek/aiofactory/feeds/aiofactory_skroutz.xml HTTP/1.0" 200 2123821 "-" "-"
51.77.52.107 - - [28/Feb/2025:00:57:35 +0100] "GET /Jurek/eurofirany/images/429840/0.jpg HTTP/2.0" 200 39442 "-" "-"
51.77.52.107 - - [28/Feb/2025:00:57:51 +0100] "GET /Jurek/eurofirany/images/429840/0.jpg HTTP/2.0" 200 39442 "-" "-"
66.211.183.73 - - [28/Feb/2025:00:57:52 +0100] "GET /Jurek/eurofirany/images/423346/0.jpg HTTP/1.1" 200 105015 "-" "scalaj-http/2.4.2"
46.101.116.244 - - [28/Feb/2025:00:57:57 +0100] "GET /Jurek/topeshop/feeds/topeshop_mallczsh.xml HTTP/2.0" 200 2406238 "-" "-"
66.211.183.74 - - [28/Feb/2025:00:58:11 +0100] "GET /Jurek/eurofirany/images/383325/0.jpg HTTP/1.1" 200 93037 "-" "scalaj-http/2.4.2"
34.133.239.145 - - [28/Feb/2025:00:58:12 +0100] "GET /Jurek/eurofirany/images/429840/0.jpg HTTP/1.1" 200 39442 "-" "Mozilla/5.0 (X11; Linux x86_64) AppleWebKit/537.36 (KHTML, like Gecko) Chrome/110.0.0.0 Safari/537.36"
66.135.195.20 - - [28/Feb/2025:00:58:13 +0100] "GET /Jurek/eurofirany/images/429840/0.jpg HTTP/1.1" 200 39442 "-" "Java/17.0.12.0.101"
66.211.183.72 - - [28/Feb/2025:00:58:30 +0100] "GET /Jurek/eurofirany/images/389924/0.jpg HTTP/1.1" 200 180432 "-" "scalaj-http/2.4.2"
89.161.206.59 - - [28/Feb/2025:00:58:35 +0100] "GET /Jurek/benetech/feeds/benetech_allegro.xml HTTP/1.0" 200 4452170 "-" "-"
89.161.206.59 - - [28/Feb/2025:00:58:35 +0100] "GET /Jurek/targethome/feeds/targethome_allegro.xml HTTP/1.0" 200 683628 "-" "-"
89.161.206.59 - - [28/Feb/2025:00:58:37 +0100] "GET /Jurek/waks/feeds/waks_allegro.xml HTTP/1.0" 200 6333718 "-" "-"
164.92.232.189 - - [28/Feb/2025:01:00:02 +0100] "GET /subskrypcje/AMD/feeds/amd_cz.xml HTTP/1.1" 200 518486 "-" "-"
164.92.232.189 - - [28/Feb/2025:01:00:13 +0100] "GET /subskrypcje/AMD/feeds/amd_sk.xml HTTP/1.1" 200 528562 "-" "-"
164.92.232.189 - - [28/Feb/2025:01:00:13 +0100] "GET /subskrypcje/OverHorse/overhorse_mallcz.xml HTTP/1.1" 200 112935 "-" "-"
164.92.232.189 - - [28/Feb/2025:01:00:23 +0100] "GET /subskrypcje/mondex/feeds/mondex_mall_cz.xml HTTP/1.1" 200 2203515 "-" "-"
52.17.80.36 - - [28/Feb/2025:01:00:33 +0100] "GET /marketplaces/ubaldi/results/ubaldi.csv HTTP/1.1" 200 130835 "-" "Mirakl HttpClient"
66.135.202.172 - - [28/Feb/2025:01:00:46 +0100] "GET /Jurek/eurofirany/images/429840/0.jpg HTTP/1.1" 200 39442 "http://www.ebay.com/" "Mozilla/4.0 (compatible; MSIE 4.01; Windows NT)"
66.211.183.73 - - [28/Feb/2025:01:00:51 +0100] "GET /Jurek/topeshop/downloaded_images/5904507207472_20st_mijas_prawy_niebieski.png HTTP/1.1" 200 245526 "-" "scalaj-http/2.4.2"
46.101.116.244 - - [28/Feb/2025:01:00:52 +0100] "GET /Jurek/aw/feeds/aw_fnacfr.xml HTTP/1.0" 404 3551 "-" "-"
89.161.206.59 - - [28/Feb/2025:01:00:58 +0100] "GET /Jurek/pupus/feeds/pupus_amazonde.xml HTTP/1.0" 200 6154634 "-" "-"
46.101.116.244 - - [28/Feb/2025:01:01:12 +0100] "GET /Jurek/activeshop/feeds/activeshop_mallczsh.xml HTTP/2.0" 200 10469832 "-" "-"
89.161.206.59 - - [28/Feb/2025:01:01:15 +0100] "GET /Jurek/amzteam/feeds/amzteam_emagro.xml HTTP/1.0" 200 97906 "-" "-"
89.161.206.59 - - [28/Feb/2025:01:01:15 +0100] "GET /Jurek/benetech/feeds/benetech_emagro.xml HTTP/1.0" 200 4452174 "-" "-"
89.161.206.59 - - [28/Feb/2025:01:01:16 +0100] "GET /Jurek/hdwr/feeds/hdwr_emagro.xml HTTP/1.0" 200 777978 "-" "-"
89.161.206.59 - - [28/Feb/2025:01:01:16 +0100] "GET /Jurek/waks/feeds/waks_emagro.xml HTTP/1.0" 200 6333758 "-" "-"
66.211.183.71 - - [28/Feb/2025:01:01:16 +0100] "GET /Jurek/eurofirany/images/407885/0.jpg HTTP/1.1" 200 101459 "-" "scalaj-http/2.4.2"
89.161.206.59 - - [28/Feb/2025:01:01:17 +0100] "GET /Jurek/sempler/feeds/sempler_emagro.xml HTTP/1.0" 200 6553747 "-" "-"
89.161.206.59 - - [28/Feb/2025:01:01:18 +0100] "GET /Jurek/eroplace/feeds/eroplace_emagro.xml HTTP/1.0" 200 30856989 "-" "-"
89.161.206.59 - - [28/Feb/2025:01:01:21 +0100] "GET /Jurek/kinghoff/feeds/kinghoff_emagro.xml HTTP/1.0" 200 14941801 "-" "-"
89.161.206.59 - - [28/Feb/2025:01:01:22 +0100] "GET /Jurek/slayo/feeds/slayo_emagro.xml HTTP/1.0" 200 195550 "-" "-"
89.161.206.59 - - [28/Feb/2025:01:01:22 +0100] "GET /Jurek/bass/feeds/bass_emagro.xml HTTP/1.0" 200 3986400 "-" "-"
89.161.206.59 - - [28/Feb/2025:01:01:23 +0100] "GET /Jurek/targethome/feeds/targethome_emagro.xml HTTP/1.0" 200 683651 "-" "-"
89.161.206.59 - - [28/Feb/2025:01:01:23 +0100] "GET /Jurek/mosti/feeds/mosti_emagro.xml HTTP/1.0" 200 9250022 "-" "-"
46.101.116.244 - - [28/Feb/2025:01:01:28 +0100] "GET /Filip/feeds/xlsx_ceneo.xml HTTP/1.0" 200 6241376 "-" "-"
51.77.52.107 - - [28/Feb/2025:01:01:29 +0100] "POST /Filip/Rovicky/baselinker/baselinker-ceneo-shumee.php HTTP/2.0" 200 106776 "-" "BaseLinker/1.0"
52.18.22.0 - - [28/Feb/2025:01:01:59 +0100] "GET /marketplaces/rue/results/rue.csv HTTP/1.1" 200 147219 "-" "Mirakl HttpClient"
66.211.183.74 - - [28/Feb/2025:01:02:06 +0100] "GET /Jurek/eurofirany/images/389907/0.jpg HTTP/1.1" 200 181461 "-" "scalaj-http/2.4.2"
66.211.183.73 - - [28/Feb/2025:01:02:14 +0100] "GET /Jurek/eurofirany/images/402867/0.jpg HTTP/1.1" 200 79038 "-" "scalaj-http/2.4.2"
89.161.206.59 - - [28/Feb/2025:01:02:31 +0100] "GET /Jurek/pagmil/feeds/pagmil_emagro.xml HTTP/1.0" 200 1705719 "-" "-"
89.161.206.59 - - [28/Feb/2025:01:02:31 +0100] "GET /Jurek/ralmetal/feeds/ralmetal_emag.xml HTTP/1.0" 200 1787426 "-" "-"
89.161.206.59 - - [28/Feb/2025:01:02:32 +0100] "GET /Jurek/oromed/feeds/oromed_emagro.xml HTTP/1.0" 200 1052720 "-" "-"
89.161.206.59 - - [28/Feb/2025:01:02:46 +0100] "GET /Jurek/emaja24/feeds/emaja24_emagro.xml HTTP/1.0" 200 5110398 "-" "-"
66.211.183.71 - - [28/Feb/2025:01:03:12 +0100] "GET /Jurek/topeshop/downloaded_images/5904507206611_DUOANTRACYTCZERNBRYLKABOKZM.jpg HTTP/1.1" 404 3551 "-" "scalaj-http/2.4.2"
66.135.195.19 - - [28/Feb/2025:01:03:13 +0100] "GET /Jurek/topeshop/downloaded_images/5904507209469_Marina2s_kaszmir(13).jpg HTTP/1.1" 404 3551 "http://www.ebay.com/" "Mozilla/4.0 (compatible; MSIE 4.01; Windows NT)"
66.135.195.20 - - [28/Feb/2025:01:03:13 +0100] "GET /Jurek/topeshop/downloaded_images/5904507209469_Marina2s_kaszmir(6).jpg HTTP/1.1" 404 3551 "http://www.ebay.com/" "Mozilla/4.0 (compatible; MSIE 4.01; Windows NT)"
66.135.195.20 - - [28/Feb/2025:01:03:13 +0100] "GET /Jurek/topeshop/downloaded_images/5904507209469_pROFILOWEMARINAkASZ.jpg HTTP/1.1" 404 3551 "http://www.ebay.com/" "Mozilla/4.0 (compatible; MSIE 4.01; Windows NT)"
66.135.195.20 - - [28/Feb/2025:01:03:13 +0100] "GET /Jurek/topeshop/downloaded_images/5904507209469_Marina2s_kaszmir(3).jpg HTTP/1.1" 404 3551 "http://www.ebay.com/" "Mozilla/4.0 (compatible; MSIE 4.01; Windows NT)"
66.135.195.19 - - [28/Feb/2025:01:03:13 +0100] "GET /Jurek/topeshop/downloaded_images/5904507209469_Marina2s_kaszmir(2).jpg HTTP/1.1" 404 3551 "http://www.ebay.com/" "Mozilla/4.0 (compatible; MSIE 4.01; Windows NT)"
66.135.195.17 - - [28/Feb/2025:01:03:13 +0100] "GET /Jurek/topeshop/downloaded_images/5904507209469_Marina2s_kaszmir(8).jpg HTTP/1.1" 404 3551 "http://www.ebay.com/" "Mozilla/4.0 (compatible; MSIE 4.01; Windows NT)"
66.135.195.20 - - [28/Feb/2025:01:03:13 +0100] "GET /Jurek/topeshop/downloaded_images/5904507209469_Marina2s_kaszmir(11).jpg HTTP/1.1" 404 3551 "http://www.ebay.com/" "Mozilla/4.0 (compatible; MSIE 4.01; Windows NT)"
66.135.195.16 - - [28/Feb/2025:01:03:13 +0100] "GET /Jurek/topeshop/downloaded_images/5904507209469_Marina2s_kaszmir(9).jpg HTTP/1.1" 404 3551 "http://www.ebay.com/" "Mozilla/4.0 (compatible; MSIE 4.01; Windows NT)"
66.135.195.18 - - [28/Feb/2025:01:03:13 +0100] "GET /Jurek/topeshop/downloaded_images/5904507209469_Marina2s_kaszmir(1).jpg HTTP/1.1" 404 3551 "http://www.ebay.com/" "Mozilla/4.0 (compatible; MSIE 4.01; Windows NT)"
66.135.195.17 - - [28/Feb/2025:01:03:13 +0100] "GET /Jurek/topeshop/downloaded_images/5904507209469_Marina2s_kaszmir(15).jpg HTTP/1.1" 404 3551 "http://www.ebay.com/" "Mozilla/4.0 (compatible; MSIE 4.01; Windows NT)"
66.135.195.18 - - [28/Feb/2025:01:03:13 +0100] "GET /Jurek/topeshop/downloaded_images/5904507209469_Marina2s_kaszmir(12).jpg HTTP/1.1" 404 3551 "http://www.ebay.com/" "Mozilla/4.0 (compatible; MSIE 4.01; Windows NT)"
66.211.183.74 - - [28/Feb/2025:01:03:14 +0100] "GET /Jurek/eurofirany/images/421725/0.jpg HTTP/1.1" 200 128195 "-" "scalaj-http/2.4.2"
89.161.206.59 - - [28/Feb/2025:01:03:44 +0100] "GET /Jurek/eurofirany/feeds/eurofirany_emagro.xml HTTP/1.0" 200 19054647 "-" "-"
89.161.206.59 - - [28/Feb/2025:01:03:49 +0100] "GET /Jurek/qbox/feeds/qbox_emagro.xml HTTP/1.0" 200 398875 "-" "-"
66.211.183.70 - - [28/Feb/2025:01:03:51 +0100] "GET /Jurek/eurofirany/images/390009/0.jpg HTTP/1.1" 200 197673 "-" "scalaj-http/2.4.2"
89.161.206.59 - - [28/Feb/2025:01:03:52 +0100] "GET /Jurek/madrex/feeds/madrex_emagro.xml HTTP/1.0" 200 466718 "-" "-"
89.161.206.59 - - [28/Feb/2025:01:03:56 +0100] "GET /Jurek/evil/feeds/evil_emagro.xml HTTP/1.0" 200 306432 "-" "-"
89.161.206.59 - - [28/Feb/2025:01:03:57 +0100] "GET /Jurek/dekornatort/feeds/dekornatort_emagro.xml HTTP/1.0" 200 225773 "-" "-"
66.211.183.74 - - [28/Feb/2025:01:04:01 +0100] "GET /Jurek/eurofirany/images/438717/0.jpg HTTP/1.1" 200 105392 "-" "scalaj-http/2.4.2"
89.161.206.59 - - [28/Feb/2025:01:04:04 +0100] "GET /Jurek/topeshop/feeds/topeshop_emagro.xml HTTP/1.0" 200 921251 "-" "-"
89.161.206.59 - - [28/Feb/2025:01:04:04 +0100] "GET /Jurek/fernity/feeds/fernity_emagro.xml HTTP/1.0" 200 5088354 "-" "-"
91.206.37.14 - - [28/Feb/2025:01:04:05 +0100] "GET /Jurek/eurofirany/images/429840/0.jpg HTTP/2.0" 200 39442 "-" "EmagContentMedia/1.0.0"
66.211.183.70 - - [28/Feb/2025:01:04:19 +0100] "GET /Jurek/eurofirany/images/423667/0.jpg HTTP/1.1" 200 68548 "-" "scalaj-http/2.4.2"
66.211.183.74 - - [28/Feb/2025:01:04:34 +0100] "GET /Jurek/eurofirany/images/383322/0.jpg HTTP/1.1" 200 87977 "-" "scalaj-http/2.4.2"
66.211.183.72 - - [28/Feb/2025:01:05:02 +0100] "GET /Jurek/eurofirany/images/408265/0.jpg HTTP/1.1" 200 75647 "-" "scalaj-http/2.4.2"
46.101.116.244 - - [28/Feb/2025:01:05:09 +0100] "GET /Jurek/hurtownia_przemyslowa/feeds/hp_mallczsh.xml HTTP/2.0" 200 49642749 "-" "-"
66.135.202.74 - - [28/Feb/2025:01:05:27 +0100] "GET /Jurek/eurofirany/images/432330/0.jpg HTTP/1.1" 200 124437 "-" "Java/17.0.12.0.101"
46.101.116.244 - - [28/Feb/2025:01:05:38 +0100] "GET /Jurek/action/feeds/action_mallczsh.xml HTTP/2.0" 200 55203375 "-" "-"
66.211.183.72 - - [28/Feb/2025:01:05:50 +0100] "GET /Jurek/eurofirany/images/372982/0.jpg HTTP/1.1" 200 63261 "-" "scalaj-http/2.4.2"
46.101.116.244 - - [28/Feb/2025:01:05:51 +0100] "GET /Jurek/aw/feeds/aw_fnacfr.xml HTTP/1.0" 404 3551 "-" "-"
66.211.183.71 - - [28/Feb/2025:01:05:51 +0100] "GET /Jurek/eurofirany/images/383096/0.jpg HTTP/1.1" 200 80797 "-" "scalaj-http/2.4.2"
66.135.202.74 - - [28/Feb/2025:01:06:10 +0100] "GET /Jurek/eurofirany/images/453040/0.jpg HTTP/1.1" 200 96705 "-" "Java/17.0.12.0.101"
46.101.116.244 - - [28/Feb/2025:01:06:24 +0100] "GET /Filip/feeds/xlsx_ceneo.xml HTTP/1.0" 200 6241376 "-" "-"
51.77.52.107 - - [28/Feb/2025:01:06:24 +0100] "POST /Filip/Rovicky/baselinker/baselinker-ceneo-shumee.php HTTP/2.0" 200 106776 "-" "BaseLinker/1.0"
66.211.183.74 - - [28/Feb/2025:01:07:14 +0100] "GET /Jurek/eurofirany/images/390037/0.jpg HTTP/1.1" 200 208032 "-" "scalaj-http/2.4.2"
66.211.183.74 - - [28/Feb/2025:01:07:16 +0100] "GET /Jurek/eurofirany/images/372659/0.jpg HTTP/1.1" 200 69040 "-" "scalaj-http/2.4.2"
66.211.183.70 - - [28/Feb/2025:01:07:59 +0100] "GET /Jurek/eurofirany/images/383096/0.jpg HTTP/1.1" 200 80797 "-" "scalaj-http/2.4.2"
46.101.116.244 - - [28/Feb/2025:01:08:06 +0100] "GET /Jurek/vidaCZ/feeds/vidaGS1_cz_Mall.xml HTTP/2.0" 200 654106152 "-" "-"
57.141.0.11 - - [28/Feb/2025:01:08:15 +0100] "GET /marketplaces/worten2/create_csv_nonvida.py HTTP/2.0" 200 3036 "-" "meta-externalagent/1.1 (+https://developers.facebook.com/docs/sharing/webmasters/crawler)"
66.211.183.71 - - [28/Feb/2025:01:09:00 +0100] "GET /Jurek/eurofirany/images/433797/0.jpg HTTP/1.1" 200 71633 "-" "scalaj-http/2.4.2"
46.101.116.244 - - [28/Feb/2025:01:09:23 +0100] "GET /Jurek/teamson/feeds/teamson_mallczsh.xml HTTP/2.0" 200 1095189 "-" "-"
46.101.116.244 - - [28/Feb/2025:01:09:33 +0100] "GET /Jurek/ml_meble/feeds/ml_meble_mallczsh.xml HTTP/2.0" 404 3551 "-" "-"
66.211.183.71 - - [28/Feb/2025:01:09:38 +0100] "GET /Jurek/eurofirany/images/372639/0.jpg HTTP/1.1" 200 59591 "-" "scalaj-http/2.4.2"
46.101.116.244 - - [28/Feb/2025:01:09:45 +0100] "GET /Jurek/unimet/feeds/unimet_mallczsh.xml HTTP/2.0" 200 60266979 "-" "-"
66.211.183.73 - - [28/Feb/2025:01:09:47 +0100] "GET /Jurek/eurofirany/images/372634/0.jpg HTTP/1.1" 200 60417 "-" "scalaj-http/2.4.2"
185.6.76.18 - - [28/Feb/2025:01:10:15 +0100] "GET /marketplaces/skroutz/feeds/shumee.xml HTTP/1.1" 200 348063298 "-" "SkroutzBot v1.0"
46.101.116.244 - - [28/Feb/2025:01:10:16 +0100] "GET /Jurek/beliani/feeds/beliani_cz_mallcz.xml HTTP/2.0" 200 22988136 "-" "-"
66.211.183.74 - - [28/Feb/2025:01:10:32 +0100] "GET /Jurek/eurofirany/images/438701/0.jpg HTTP/1.1" 200 104800 "-" "scalaj-http/2.4.2"
46.101.116.244 - - [28/Feb/2025:01:10:52 +0100] "GET /Jurek/aw/feeds/aw_fnacfr.xml HTTP/1.0" 404 3551 "-" "-"
46.101.116.244 - - [28/Feb/2025:01:10:53 +0100] "GET /Jurek/rovicky/feeds/rovicky_mallczsh.xml HTTP/2.0" 200 14006824 "-" "-"
46.101.116.244 - - [28/Feb/2025:01:11:04 +0100] "GET /Jurek/detian/feeds/detian_mallczsh.xml HTTP/2.0" 404 3551 "-" "-"
66.211.183.74 - - [28/Feb/2025:01:11:09 +0100] "GET /Jurek/eurofirany/images/398808/0.jpg HTTP/1.1" 200 31541 "-" "scalaj-http/2.4.2"
46.101.116.244 - - [28/Feb/2025:01:11:15 +0100] "GET /Jurek/ikonka/feeds/ikonka_mallczsh.xml HTTP/2.0" 200 21452851 "-" "-"
46.101.116.244 - - [28/Feb/2025:01:11:24 +0100] "GET /Filip/feeds/xlsx_ceneo.xml HTTP/1.0" 200 6241376 "-" "-"
51.77.52.107 - - [28/Feb/2025:01:11:25 +0100] "POST /Filip/Rovicky/baselinker/baselinker-ceneo-shumee.php HTTP/2.0" 200 106776 "-" "BaseLinker/1.0"
66.211.183.74 - - [28/Feb/2025:01:11:26 +0100] "GET /Jurek/eurofirany/images/409429/0.jpg HTTP/1.1" 200 41174 "-" "scalaj-http/2.4.2"
46.101.116.244 - - [28/Feb/2025:01:11:29 +0100] "GET /Jurek/candellux/feeds/candellux_mallczsh.xml HTTP/2.0" 200 466317 "-" "-"
46.101.116.244 - - [28/Feb/2025:01:11:39 +0100] "GET /Jurek/andex/feeds/andex_mallczsh.xml HTTP/2.0" 200 1954504 "-" "-"
66.135.202.72 - - [28/Feb/2025:01:11:46 +0100] "GET /Jurek/eurofirany/images/355019/0.jpg HTTP/1.1" 200 68649 "-" "Java/17.0.12.0.101"
46.101.116.244 - - [28/Feb/2025:01:11:50 +0100] "GET /Jurek/barbecook/feeds/barbecook_mallczsh.xml HTTP/2.0" 200 87609 "-" "-"
46.101.116.244 - - [28/Feb/2025:01:12:00 +0100] "GET /Jurek/duka/feeds/duka_mallczsh.xml HTTP/2.0" 200 57 "-" "-"
46.101.116.244 - - [28/Feb/2025:01:12:11 +0100] "GET /Jurek/miloohome/feeds/miloohome_mallczsh.xml HTTP/2.0" 200 1421876 "-" "-"
46.101.116.244 - - [28/Feb/2025:01:12:22 +0100] "GET /Jurek/stema/feeds/stema_mallczsh.xml HTTP/2.0" 200 867470 "-" "-"
46.101.116.244 - - [28/Feb/2025:01:12:34 +0100] "GET /Jurek/aw/feeds/awnarzedzia_mallczsh.xml HTTP/2.0" 200 90334478 "-" "-"
66.211.183.74 - - [28/Feb/2025:01:12:45 +0100] "GET /Jurek/eurofirany/images/372967/0.jpg HTTP/1.1" 200 72110 "-" "scalaj-http/2.4.2"
66.211.183.71 - - [28/Feb/2025:01:13:46 +0100] "GET /Jurek/eurofirany/images/408344/0.jpg HTTP/1.1" 200 68800 "-" "scalaj-http/2.4.2"
66.211.183.72 - - [28/Feb/2025:01:13:51 +0100] "GET /Jurek/eurofirany/images/416152/0.jpg HTTP/1.1" 200 99814 "-" "scalaj-http/2.4.2"
178.21.154.6 - - [28/Feb/2025:01:14:03 +0100] "GET /Jurek/eurofirany/images/428673/0.jpg HTTP/1.1" 200 89133 "-" "-"
178.21.154.6 - - [28/Feb/2025:01:14:03 +0100] "GET /Jurek/eurofirany/images/361837/0.jpg HTTP/1.1" 200 59210 "-" "-"
178.21.154.6 - - [28/Feb/2025:01:14:03 +0100] "GET /Jurek/eurofirany/images/389957/0.jpg HTTP/1.1" 200 199278 "-" "-"
178.21.154.6 - - [28/Feb/2025:01:14:03 +0100] "GET /Jurek/eurofirany/images/372423/0.jpg HTTP/1.1" 200 108915 "-" "-"
178.21.154.6 - - [28/Feb/2025:01:14:03 +0100] "GET /Jurek/eurofirany/images/389811/0.jpg HTTP/1.1" 200 94779 "-" "-"
178.21.154.6 - - [28/Feb/2025:01:14:03 +0100] "GET /Jurek/eurofirany/images/422318/0.jpg HTTP/1.1" 200 90120 "-" "-"
178.21.154.6 - - [28/Feb/2025:01:14:03 +0100] "GET /Jurek/eurofirany/images/382444/0.jpg HTTP/1.1" 200 16503 "-" "-"
178.21.154.6 - - [28/Feb/2025:01:14:03 +0100] "GET /Jurek/eurofirany/images/371795/0.jpg HTTP/1.1" 200 70458 "-" "-"
178.21.154.6 - - [28/Feb/2025:01:14:03 +0100] "GET /Jurek/eurofirany/images/389954/0.jpg HTTP/1.1" 200 160194 "-" "-"
46.101.116.244 - - [28/Feb/2025:01:14:15 +0100] "GET /Jurek/update_twm_on_mall/feeds/twm_all_cats.xml HTTP/1.1" 200 107276 "-" "-"
66.211.183.74 - - [28/Feb/2025:01:14:19 +0100] "GET /Jurek/eurofirany/images/372633/0.jpg HTTP/1.1" 200 60417 "-" "scalaj-http/2.4.2"
46.101.116.244 - - [28/Feb/2025:01:14:51 +0100] "GET /Jurek/vida_morele/feeds/vida_mallczsh.xml HTTP/2.0" 200 691596701 "-" "-"
66.211.183.72 - - [28/Feb/2025:01:15:10 +0100] "GET /Jurek/eurofirany/images/454472/0.jpg HTTP/1.1" 200 120737 "-" "scalaj-http/2.4.2"
66.249.66.66 - - [28/Feb/2025:01:15:18 +0100] "GET /Jurek/topeshop/downloaded_images/5902838467473_4.jpg HTTP/1.1" 404 3551 "-" "Googlebot-Image/1.0"
66.211.183.71 - - [28/Feb/2025:01:15:39 +0100] "GET /Jurek/eurofirany/images/382104/0.jpg HTTP/1.1" 200 209372 "-" "scalaj-http/2.4.2"
46.101.116.244 - - [28/Feb/2025:01:16:01 +0100] "GET /Jurek/aw/feeds/aw_fnacfr.xml HTTP/1.0" 404 3551 "-" "-"
35.158.45.18 - - [28/Feb/2025:01:16:01 +0100] "GET /Jurek/eurofirany/images/434774/0.jpg HTTP/1.1" 200 99756 "-" "Mozilla/5.0 (compatible; idealo-bot inventory-image-downloader; https://partner.idealo.com/de/bot)"
66.211.183.74 - - [28/Feb/2025:01:16:13 +0100] "GET /Jurek/eurofirany/images/431704/0.jpg HTTP/1.1" 200 144693 "-" "scalaj-http/2.4.2"
46.101.116.244 - - [28/Feb/2025:01:16:38 +0100] "GET /Filip/feeds/xlsx_ceneo.xml HTTP/1.0" 200 6241376 "-" "-"
51.77.52.107 - - [28/Feb/2025:01:16:38 +0100] "POST /Filip/Rovicky/baselinker/baselinker-ceneo-shumee.php HTTP/2.0" 200 106776 "-" "BaseLinker/1.0"
66.135.195.18 - - [28/Feb/2025:01:16:48 +0100] "GET /Jurek/topeshop/downloaded_images/5902838461334_S30BIELBOKOTBRY%C5%81KA.jpg HTTP/1.1" 404 3551 "http://www.ebay.com/" "Mozilla/4.0 (compatible; MSIE 4.01; Windows NT)"
66.135.195.16 - - [28/Feb/2025:01:16:48 +0100] "GET /Jurek/topeshop/downloaded_images/5902838461334_S30BIELFRONTBRY%C5%81KA.jpg HTTP/1.1" 404 3551 "http://www.ebay.com/" "Mozilla/4.0 (compatible; MSIE 4.01; Windows NT)"
66.135.195.20 - - [28/Feb/2025:01:16:48 +0100] "GET /Jurek/topeshop/downloaded_images/5902838461334_S30BIELFRONTOTBRY%C5%81KA.jpg HTTP/1.1" 404 3551 "http://www.ebay.com/" "Mozilla/4.0 (compatible; MSIE 4.01; Windows NT)"
66.135.195.18 - - [28/Feb/2025:01:16:48 +0100] "GET /Jurek/topeshop/downloaded_images/5902838461334_S30BIELBOKBRY%C5%81KA.jpg HTTP/1.1" 404 3551 "http://www.ebay.com/" "Mozilla/4.0 (compatible; MSIE 4.01; Windows NT)"
66.135.195.20 - - [28/Feb/2025:01:16:48 +0100] "GET /Jurek/topeshop/downloaded_images/5902838461334_BIELS30BOKZM.jpg HTTP/1.1" 404 3551 "http://www.ebay.com/" "Mozilla/4.0 (compatible; MSIE 4.01; Windows NT)"
66.135.195.18 - - [28/Feb/2025:01:16:48 +0100] "GET /Jurek/topeshop/downloaded_images/5902838461334_BIELS30BOKOT.jpg HTTP/1.1" 404 3551 "http://www.ebay.com/" "Mozilla/4.0 (compatible; MSIE 4.01; Windows NT)"
66.135.195.16 - - [28/Feb/2025:01:16:48 +0100] "GET /Jurek/topeshop/downloaded_images/5902838461334_S30BIELFRONTOTDODATKIBRY%C5%81KA.jpg HTTP/1.1" 404 3551 "http://www.ebay.com/" "Mozilla/4.0 (compatible; MSIE 4.01; Windows NT)"
66.211.183.73 - - [28/Feb/2025:01:17:20 +0100] "GET /Jurek/eurofirany/images/402288/0.jpg HTTP/1.1" 200 44997 "-" "scalaj-http/2.4.2"
178.21.154.6 - - [28/Feb/2025:01:17:45 +0100] "GET /Jurek/eurofirany/images/422874/0.jpg HTTP/1.1" 200 136431 "-" "-"
66.211.183.74 - - [28/Feb/2025:01:17:56 +0100] "GET /Jurek/eurofirany/images/372976/0.jpg HTTP/1.1" 200 69040 "-" "scalaj-http/2.4.2"
66.211.183.73 - - [28/Feb/2025:01:18:22 +0100] "GET /Jurek/eurofirany/images/457792/0.jpg HTTP/1.1" 200 152038 "-" "scalaj-http/2.4.2"
66.211.183.71 - - [28/Feb/2025:01:19:33 +0100] "GET /Jurek/eurofirany/images/383061/0.jpg HTTP/1.1" 200 77181 "-" "scalaj-http/2.4.2"
66.211.183.71 - - [28/Feb/2025:01:19:56 +0100] "GET /Jurek/eurofirany/images/383067/0.jpg HTTP/1.1" 200 72405 "-" "scalaj-http/2.4.2"
66.211.183.72 - - [28/Feb/2025:01:19:58 +0100] "GET /Jurek/eurofirany/images/388809/0.jpg HTTP/1.1" 200 32251 "-" "scalaj-http/2.4.2"
46.101.116.244 - - [28/Feb/2025:01:20:49 +0100] "GET /Jurek/aw/feeds/aw_fnacfr.xml HTTP/1.0" 404 3551 "-" "-"
66.211.183.71 - - [28/Feb/2025:01:21:16 +0100] "GET /Jurek/eurofirany/images/438656/0.jpg HTTP/1.1" 200 168635 "-" "scalaj-http/2.4.2"
66.211.183.74 - - [28/Feb/2025:01:21:19 +0100] "GET /Jurek/eurofirany/images/390318/0.jpg HTTP/1.1" 200 136029 "-" "scalaj-http/2.4.2"
46.101.116.244 - - [28/Feb/2025:01:21:21 +0100] "GET /Filip/feeds/xlsx_ceneo.xml HTTP/1.0" 200 6241376 "-" "-"
51.77.52.107 - - [28/Feb/2025:01:21:21 +0100] "POST /Filip/Rovicky/baselinker/baselinker-ceneo-shumee.php HTTP/2.0" 200 106776 "-" "BaseLinker/1.0"
66.211.183.71 - - [28/Feb/2025:01:22:07 +0100] "GET /Jurek/eurofirany/images/389923/0.jpg HTTP/1.1" 200 156799 "-" "scalaj-http/2.4.2"
66.211.183.74 - - [28/Feb/2025:01:22:09 +0100] "GET /Jurek/eurofirany/images/391116/0.jpg HTTP/1.1" 200 101651 "-" "scalaj-http/2.4.2"
66.249.66.66 - - [28/Feb/2025:01:22:12 +0100] "GET /Jurek/topeshop/downloaded_images/5904507207472_20st_mijas_prawy_open_niebieski.png HTTP/1.1" 404 3551 "-" "Googlebot-Image/1.0"
66.211.183.74 - - [28/Feb/2025:01:22:13 +0100] "GET /Jurek/eurofirany/images/383057/0.jpg HTTP/1.1" 200 69046 "-" "scalaj-http/2.4.2"
66.211.183.73 - - [28/Feb/2025:01:22:33 +0100] "GET /Jurek/eurofirany/images/438724/0.jpg HTTP/1.1" 200 104800 "-" "scalaj-http/2.4.2"
66.211.183.71 - - [28/Feb/2025:01:24:14 +0100] "GET /Jurek/eurofirany/images/402738/0.jpg HTTP/1.1" 200 66743 "-" "scalaj-http/2.4.2"
66.211.183.71 - - [28/Feb/2025:01:24:55 +0100] "GET /Jurek/eurofirany/images/402762/0.jpg HTTP/1.1" 200 63314 "-" "scalaj-http/2.4.2"
46.101.116.244 - - [28/Feb/2025:01:25:51 +0100] "GET /Jurek/aw/feeds/aw_fnacfr.xml HTTP/1.0" 404 3551 "-" "-"
89.161.206.59 - - [28/Feb/2025:01:25:55 +0100] "GET /Jurek/emaja24/feeds/emaja24_amazonnl.xml HTTP/1.0" 200 5110214 "-" "-"
89.161.206.59 - - [28/Feb/2025:01:25:56 +0100] "GET /Jurek/emaja24/feeds/emaja24_amazonit.xml HTTP/1.0" 200 5110244 "-" "-"
89.161.206.59 - - [28/Feb/2025:01:25:56 +0100] "GET /Jurek/emaja24/feeds/emaja24_amazones.xml HTTP/1.0" 200 5110137 "-" "-"
89.161.206.59 - - [28/Feb/2025:01:25:57 +0100] "GET /Jurek/emaja24/feeds/emaja24_amazonse.xml HTTP/1.0" 200 5115133 "-" "-"
66.211.183.72 - - [28/Feb/2025:01:26:11 +0100] "GET /Jurek/eurofirany/images/401099/0.jpg HTTP/1.1" 200 109307 "-" "scalaj-http/2.4.2"
46.101.116.244 - - [28/Feb/2025:01:26:16 +0100] "GET /Jurek/vida_morele/feeds/vidaPL_velomarket_category2.xml HTTP/1.0" 200 41315281 "-" "-"
46.101.116.244 - - [28/Feb/2025:01:26:20 +0100] "GET /Jurek/vida_morele/feeds/vidaPL_velomarket_category5.xml HTTP/1.0" 200 75413698 "-" "-"
66.211.183.74 - - [28/Feb/2025:01:26:34 +0100] "GET /Jurek/eurofirany/images/438712/0.jpg HTTP/1.1" 200 104800 "-" "scalaj-http/2.4.2"
46.101.116.244 - - [28/Feb/2025:01:26:39 +0100] "GET /Jurek/hurtownia_przemyslowa/feeds/hp_bol.xml HTTP/1.0" 200 49622670 "-" "-"
46.101.116.244 - - [28/Feb/2025:01:26:47 +0100] "GET /Jurek/kinghoff/feeds/kinghoff_bol.xml HTTP/1.0" 200 14939723 "-" "-"
89.161.206.59 - - [28/Feb/2025:01:27:07 +0100] "GET /Jurek/sempler/feeds/sempler_BOL.xml HTTP/1.0" 200 6553210 "-" "-"
89.161.206.59 - - [28/Feb/2025:01:27:08 +0100] "GET /Jurek/eroplace/feeds/eroplace_bol.xml HTTP/1.0" 200 30849344 "-" "-"
66.211.183.71 - - [28/Feb/2025:01:27:08 +0100] "GET /Jurek/eurofirany/images/390450/0.jpg HTTP/1.1" 200 144267 "-" "scalaj-http/2.4.2"
89.161.206.59 - - [28/Feb/2025:01:27:10 +0100] "GET /Jurek/waks/feeds/waks_bol.xml HTTP/1.0" 200 6332749 "-" "-"
89.161.206.59 - - [28/Feb/2025:01:27:10 +0100] "GET /Jurek/benetech/feeds/benetech_bol.xml HTTP/1.0" 200 4451890 "-" "-"
66.211.183.74 - - [28/Feb/2025:01:27:13 +0100] "GET /Jurek/eurofirany/images/390030/0.jpg HTTP/1.1" 200 166817 "-" "scalaj-http/2.4.2"
89.161.206.59 - - [28/Feb/2025:01:27:14 +0100] "GET /Jurek/oromed/feeds/oromed_BOL.xml HTTP/1.0" 200 1052578 "-" "-"
89.161.206.59 - - [28/Feb/2025:01:27:15 +0100] "GET /Jurek/narzbud/feeds/narzbud_bol.xml HTTP/1.0" 200 1958333 "-" "-"
89.161.206.59 - - [28/Feb/2025:01:27:15 +0100] "GET /Jurek/artdog/feeds/artdog_bol.xml HTTP/1.0" 200 15929123 "-" "-"
89.161.206.59 - - [28/Feb/2025:01:27:16 +0100] "GET /Jurek/ekuchcikowo/feeds/ekuchcikowo_bol.xml HTTP/1.0" 200 13323209 "-" "-"
89.161.206.59 - - [28/Feb/2025:01:27:17 +0100] "GET /Jurek/ekolight/feeds/ekolight_bol.xml HTTP/1.0" 200 9051587 "-" "-"
89.161.206.59 - - [28/Feb/2025:01:27:17 +0100] "GET /Jurek/galopi/feeds/galopi_bol.xml HTTP/1.0" 200 1884696 "-" "-"
89.161.206.59 - - [28/Feb/2025:01:27:18 +0100] "GET /Jurek/erohurtownia/feeds/erohurtownia_bol.xml HTTP/1.0" 200 23304088 "-" "-"
89.161.206.59 - - [28/Feb/2025:01:27:19 +0100] "GET /Jurek/urwiskowo/feeds/urwiskowo_bol.xml HTTP/1.0" 200 9114947 "-" "-"
89.161.206.59 - - [28/Feb/2025:01:27:20 +0100] "GET /Jurek/livinhill/feeds/livinhill_bol.xml HTTP/1.0" 200 1437698 "-" "-"
89.161.206.59 - - [28/Feb/2025:01:27:20 +0100] "GET /Jurek/combine/feeds/combine_bol.xml HTTP/1.0" 200 210556 "-" "-"
89.161.206.59 - - [28/Feb/2025:01:27:21 +0100] "GET /Jurek/eurofryz2/feeds/eurofryz2_bol.xml HTTP/1.0" 200 1376548 "-" "-"
89.161.206.59 - - [28/Feb/2025:01:27:21 +0100] "GET /Jurek/spali/feeds/spali_bol.xml HTTP/1.0" 200 101947 "-" "-"
89.161.206.59 - - [28/Feb/2025:01:27:22 +0100] "GET /Jurek/eurofryz3/feeds/eurofryz3_bol.xml HTTP/1.0" 200 172213 "-" "-"
89.161.206.59 - - [28/Feb/2025:01:27:27 +0100] "GET /Jurek/bass_new/feeds/bass_bol.xml HTTP/1.0" 200 7040928 "-" "-"
89.161.206.59 - - [28/Feb/2025:01:27:27 +0100] "GET /Jurek/aiofactory/feeds/aiofactory_bol.xml HTTP/1.0" 200 2123787 "-" "-"
89.161.206.59 - - [28/Feb/2025:01:27:30 +0100] "GET /Jurek/hurtmeblowy/feeds/hurtmeblowy_bol.xml HTTP/1.0" 200 8038278 "-" "-"
89.161.206.59 - - [28/Feb/2025:01:27:31 +0100] "GET /Jurek/rider/feeds/rider_bol.xml HTTP/1.0" 200 8165097 "-" "-"
89.161.206.59 - - [28/Feb/2025:01:27:31 +0100] "GET /Jurek/eldar/feeds/eldar_bol.xml HTTP/1.0" 200 7329443 "-" "-"
89.161.206.59 - - [28/Feb/2025:01:27:33 +0100] "GET /Jurek/primohurt/feeds/primohurt_bol.xml HTTP/1.0" 200 17186574 "-" "-"
89.161.206.59 - - [28/Feb/2025:01:27:33 +0100] "GET /Jurek/najtanszysport/feeds/najtanszysport_bol.xml HTTP/1.0" 200 3982891 "-" "-"
89.161.206.59 - - [28/Feb/2025:01:27:34 +0100] "GET /Jurek/motofan/feeds/motofan_bol.xml HTTP/1.0" 200 2392161 "-" "-"
89.161.206.59 - - [28/Feb/2025:01:27:34 +0100] "GET /Jurek/topeshop/feeds/topeshop_bol.xml HTTP/1.0" 200 2405453 "-" "-"
89.161.206.59 - - [28/Feb/2025:01:27:36 +0100] "GET /Jurek/eurofirany/feeds/eurofirany_bol.xml HTTP/1.0" 200 19044296 "-" "-"
89.161.206.59 - - [28/Feb/2025:01:27:39 +0100] "GET /Jurek/eurofryz/feeds/eurofryz_bol.xml HTTP/1.0" 200 2388132 "-" "-"
46.101.116.244 - - [28/Feb/2025:01:27:41 +0100] "GET /Filip/feeds/xlsx_ceneo.xml HTTP/1.0" 200 6241376 "-" "-"
46.101.116.244 - - [28/Feb/2025:01:27:43 +0100] "GET /Jurek/rovicky/feeds/rovicky_zalando.xml HTTP/1.0" 200 14240860 "-" "-"
85.232.241.194 - - [28/Feb/2025:01:27:44 +0100] "GET /Filip/Rovicky/xlsx_ceneo.xml HTTP/1.1" 200 3255746 "-" "-"
51.77.52.107 - - [28/Feb/2025:01:27:44 +0100] "POST /Filip/Rovicky/baselinker/baselinker-ceneo-shumee.php HTTP/2.0" 200 106776 "-" "BaseLinker/1.0"
46.101.116.244 - - [28/Feb/2025:01:27:46 +0100] "GET /Jurek/rovicky/feeds/rovicky_zalPL.xml HTTP/1.0" 200 14116072 "-" "-"
66.211.183.71 - - [28/Feb/2025:01:28:26 +0100] "GET /Jurek/eurofirany/images/419259/0.jpg HTTP/1.1" 200 151726 "-" "scalaj-http/2.4.2"
66.211.183.74 - - [28/Feb/2025:01:28:36 +0100] "GET /Jurek/eurofirany/images/416443/0.jpg HTTP/1.1" 200 120591 "-" "scalaj-http/2.4.2"
66.211.183.71 - - [28/Feb/2025:01:28:47 +0100] "GET /Jurek/topeshop/downloaded_images/5902838461266_2.png HTTP/1.1" 404 3551 "-" "scalaj-http/2.4.2"
66.211.183.73 - - [28/Feb/2025:01:29:43 +0100] "GET /Jurek/eurofirany/images/403561/0.jpg HTTP/1.1" 200 37694 "-" "scalaj-http/2.4.2"
66.211.183.71 - - [28/Feb/2025:01:30:20 +0100] "GET /Jurek/eurofirany/images/425606/0.jpg HTTP/1.1" 200 211611 "-" "scalaj-http/2.4.2"
89.161.206.59 - - [28/Feb/2025:01:30:51 +0100] "GET /Jurek/oromed/feeds/oromed_amazonnl.xml HTTP/1.0" 200 1052580 "-" "-"
40.77.167.27 - - [28/Feb/2025:01:30:53 +0100] "GET /Jurek/topeshop/downloaded_images/5902838467381_Duo_bry%C5%82ka-(2).jpg HTTP/2.0" 404 3551 "-" "Mozilla/5.0 AppleWebKit/537.36 (KHTML, like Gecko; compatible; bingbot/2.0; +http://www.bing.com/bingbot.htm) Chrome/116.0.1938.76 Safari/537.36"
46.101.116.244 - - [28/Feb/2025:01:30:54 +0100] "GET /Jurek/aw/feeds/aw_fnacfr.xml HTTP/1.0" 404 3551 "-" "-"
89.161.206.59 - - [28/Feb/2025:01:30:56 +0100] "GET /Jurek/pupus/feeds/pupus_amazonfr.xml HTTP/1.0" 200 6154356 "-" "-"
89.161.206.59 - - [28/Feb/2025:01:30:56 +0100] "GET /Jurek/pupus/feeds/pupus_amazonnl.xml HTTP/1.0" 200 6154605 "-" "-"
89.161.206.59 - - [28/Feb/2025:01:30:56 +0100] "GET /Jurek/pupus/feeds/pupus_amazonse.xml HTTP/1.0" 200 6156573 "-" "-"
89.161.206.59 - - [28/Feb/2025:01:30:57 +0100] "GET /Jurek/pupus/feeds/pupus_amazonbe.xml HTTP/1.0" 200 6154645 "-" "-"
89.161.206.59 - - [28/Feb/2025:01:30:57 +0100] "GET /Jurek/pupus/feeds/pupus_amazonit.xml HTTP/1.0" 200 6154292 "-" "-"
89.161.206.59 - - [28/Feb/2025:01:30:57 +0100] "GET /Jurek/pupus/feeds/pupus_amazones.xml HTTP/1.0" 200 6154572 "-" "-"
46.101.116.244 - - [28/Feb/2025:01:31:30 +0100] "GET /Filip/feeds/xlsx_ceneo.xml HTTP/1.0" 200 6241376 "-" "-"
51.77.52.107 - - [28/Feb/2025:01:31:30 +0100] "POST /Filip/Rovicky/baselinker/baselinker-ceneo-shumee.php HTTP/2.0" 200 106776 "-" "BaseLinker/1.0"
66.211.183.73 - - [28/Feb/2025:01:31:37 +0100] "GET /Jurek/eurofirany/images/383349/0.jpg HTTP/1.1" 200 67932 "-" "scalaj-http/2.4.2"
66.211.183.71 - - [28/Feb/2025:01:32:12 +0100] "GET /Jurek/eurofirany/images/383359/0.jpg HTTP/1.1" 200 73387 "-" "scalaj-http/2.4.2"
66.211.183.70 - - [28/Feb/2025:01:32:39 +0100] "GET /Jurek/eurofirany/images/350662/0.jpg HTTP/1.1" 200 94118 "-" "scalaj-http/2.4.2"
66.211.183.74 - - [28/Feb/2025:01:32:50 +0100] "GET /Jurek/eurofirany/images/433797/0.jpg HTTP/1.1" 200 71633 "-" "scalaj-http/2.4.2"
66.211.183.70 - - [28/Feb/2025:01:32:56 +0100] "GET /Jurek/eurofirany/images/383469/0.jpg HTTP/1.1" 200 86852 "-" "scalaj-http/2.4.2"
66.211.183.73 - - [28/Feb/2025:01:33:05 +0100] "GET /Jurek/eurofirany/images/410614/0.jpg HTTP/1.1" 200 129328 "-" "scalaj-http/2.4.2"
66.211.183.70 - - [28/Feb/2025:01:33:18 +0100] "GET /Jurek/eurofirany/images/423205/0.jpg HTTP/1.1" 200 0 "-" "scalaj-http/2.4.2"
66.211.183.70 - - [28/Feb/2025:01:33:46 +0100] "GET /Jurek/eurofirany/images/408876/0.jpg HTTP/1.1" 200 81276 "-" "scalaj-http/2.4.2"
66.211.183.70 - - [28/Feb/2025:01:33:48 +0100] "GET /Jurek/eurofirany/images/401114/0.jpg HTTP/1.1" 200 111956 "-" "scalaj-http/2.4.2"
66.211.183.70 - - [28/Feb/2025:01:34:03 +0100] "GET /Jurek/eurofirany/images/409910/0.jpg HTTP/1.1" 200 84953 "-" "scalaj-http/2.4.2"
66.211.183.70 - - [28/Feb/2025:01:34:15 +0100] "GET /Jurek/eurofirany/images/383336/0.jpg HTTP/1.1" 200 76845 "-" "scalaj-http/2.4.2"
66.211.183.71 - - [28/Feb/2025:01:34:26 +0100] "GET /Jurek/eurofirany/images/45090/0.jpg HTTP/1.1" 200 145716 "-" "scalaj-http/2.4.2"
66.211.183.72 - - [28/Feb/2025:01:35:13 +0100] "GET /Jurek/eurofirany/images/389914/0.jpg HTTP/1.1" 200 176309 "-" "scalaj-http/2.4.2"
66.211.183.73 - - [28/Feb/2025:01:35:23 +0100] "GET /Jurek/eurofirany/images/409913/0.jpg HTTP/1.1" 200 84953 "-" "scalaj-http/2.4.2"
66.135.202.74 - - [28/Feb/2025:01:35:31 +0100] "GET /Jurek/eurofirany/images/456103/0.jpg HTTP/1.1" 200 60021 "-" "Java/17.0.12.0.101"
66.211.183.73 - - [28/Feb/2025:01:35:40 +0100] "GET /Jurek/eurofirany/images/404578/0.jpg HTTP/1.1" 200 64315 "-" "scalaj-http/2.4.2"
66.211.183.70 - - [28/Feb/2025:01:35:42 +0100] "GET /Jurek/eurofirany/images/416136/0.jpg HTTP/1.1" 200 92572 "-" "scalaj-http/2.4.2"
77.79.248.229 - - [28/Feb/2025:01:36:06 +0100] "GET /Jurek/eurofirany/feeds/eurofirany_cdon_se.xml HTTP/1.1" 200 19061807 "-" "python-requests/2.32.3"
77.79.248.229 - - [28/Feb/2025:01:36:06 +0100] "GET /Jurek/eurofirany/feeds/eurofirany_cdon_dk.xml HTTP/1.1" 200 19061638 "-" "python-requests/2.32.3"
77.79.248.229 - - [28/Feb/2025:01:36:07 +0100] "GET /Jurek/eurofirany/feeds/eurofirany_cdon_fi.xml HTTP/1.1" 200 19044379 "-" "python-requests/2.32.3"
77.79.248.229 - - [28/Feb/2025:01:36:07 +0100] "GET /Jurek/stema/feeds/stema_cdon_se.xml HTTP/1.1" 200 867421 "-" "python-requests/2.32.3"
77.79.248.229 - - [28/Feb/2025:01:36:07 +0100] "GET /Jurek/stema/feeds/stema_cdon_dk.xml HTTP/1.1" 200 867276 "-" "python-requests/2.32.3"
77.79.248.229 - - [28/Feb/2025:01:36:07 +0100] "GET /Jurek/stema/feeds/stema_cdon_fi.xml HTTP/1.1" 200 866999 "-" "python-requests/2.32.3"
77.79.248.229 - - [28/Feb/2025:01:36:08 +0100] "GET /Jurek/aw/feeds/awnarzedzia_cdon_se.xml HTTP/1.1" 200 90319824 "-" "python-requests/2.32.3"
77.79.248.229 - - [28/Feb/2025:01:36:09 +0100] "GET /Jurek/aw/feeds/awnarzedzia_cdon_dk.xml HTTP/1.1" 200 90314391 "-" "python-requests/2.32.3"
77.79.248.229 - - [28/Feb/2025:01:36:10 +0100] "GET /Jurek/aw/feeds/awnarzedzia_cdon_fi.xml HTTP/1.1" 200 90232126 "-" "python-requests/2.32.3"
77.79.248.229 - - [28/Feb/2025:01:36:11 +0100] "GET /Jurek/hurtownia_przemyslowa/feeds/hp_cdon_se.xml HTTP/1.1" 200 49638474 "-" "python-requests/2.32.3"
77.79.248.229 - - [28/Feb/2025:01:36:11 +0100] "GET /Jurek/hurtownia_przemyslowa/feeds/hp_cdon_dk.xml HTTP/1.1" 200 49636618 "-" "python-requests/2.32.3"
77.79.248.229 - - [28/Feb/2025:01:36:12 +0100] "GET /Jurek/hurtownia_przemyslowa/feeds/hp_cdon_fi.xml HTTP/1.1" 200 49623084 "-" "python-requests/2.32.3"
77.79.248.229 - - [28/Feb/2025:01:36:13 +0100] "GET /Jurek/ikonka/feeds/ikonka_cdon_se.xml HTTP/1.1" 200 21452670 "-" "python-requests/2.32.3"
77.79.248.229 - - [28/Feb/2025:01:36:14 +0100] "GET /Jurek/ikonka/feeds/ikonka_cdon_dk.xml HTTP/1.1" 200 21452606 "-" "python-requests/2.32.3"
77.79.248.229 - - [28/Feb/2025:01:36:14 +0100] "GET /Jurek/ikonka/feeds/ikonka_cdon_fi.xml HTTP/1.1" 200 21450541 "-" "python-requests/2.32.3"
77.79.248.229 - - [28/Feb/2025:01:36:14 +0100] "GET /Jurek/fernity/feeds/fernity_cdon_fi.xml HTTP/1.1" 200 5088284 "-" "python-requests/2.32.3"
77.79.248.229 - - [28/Feb/2025:01:36:14 +0100] "GET /Jurek/fernity/feeds/fernity_cdon_se.xml HTTP/1.1" 200 5091692 "-" "python-requests/2.32.3"
77.79.248.229 - - [28/Feb/2025:01:36:14 +0100] "GET /Jurek/fernity/feeds/fernity_cdon_dk.xml HTTP/1.1" 200 5091162 "-" "python-requests/2.32.3"
77.79.248.229 - - [28/Feb/2025:01:36:15 +0100] "GET /Jurek/activeshop/feeds/activeshop_cdon_se.xml HTTP/1.1" 200 10474039 "-" "python-requests/2.32.3"
77.79.248.229 - - [28/Feb/2025:01:36:15 +0100] "GET /Jurek/activeshop/feeds/activeshop_cdon_dk.xml HTTP/1.1" 200 10473869 "-" "python-requests/2.32.3"
77.79.248.229 - - [28/Feb/2025:01:36:15 +0100] "GET /Jurek/activeshop/feeds/activeshop_cdon_fi.xml HTTP/1.1" 200 10470259 "-" "python-requests/2.32.3"
77.79.248.229 - - [28/Feb/2025:01:36:19 +0100] "GET /Jurek/barbecook/feeds/barbecook_cdon_se.xml HTTP/1.1" 200 87591 "-" "python-requests/2.32.3"
77.79.248.229 - - [28/Feb/2025:01:36:19 +0100] "GET /Jurek/barbecook/feeds/barbecook_cdon_dk.xml HTTP/1.1" 200 87593 "-" "python-requests/2.32.3"
77.79.248.229 - - [28/Feb/2025:01:36:19 +0100] "GET /Jurek/barbecook/feeds/barbecook_cdon_fi.xml HTTP/1.1" 200 87530 "-" "python-requests/2.32.3"
77.79.248.229 - - [28/Feb/2025:01:36:20 +0100] "GET /Jurek/action/feeds/action_cdon_se.xml HTTP/1.1" 200 55197250 "-" "python-requests/2.32.3"
77.79.248.229 - - [28/Feb/2025:01:36:20 +0100] "GET /Jurek/action/feeds/action_cdon_dk.xml HTTP/1.1" 200 55192512 "-" "python-requests/2.32.3"
77.79.248.229 - - [28/Feb/2025:01:36:21 +0100] "GET /Jurek/action/feeds/action_cdon_fi.xml HTTP/1.1" 200 55167303 "-" "python-requests/2.32.3"
77.79.248.229 - - [28/Feb/2025:01:36:21 +0100] "GET /Jurek/kinghoff/feeds/kinghoff_cdon_se.xml HTTP/1.1" 200 14942469 "-" "python-requests/2.32.3"
77.79.248.229 - - [28/Feb/2025:01:36:21 +0100] "GET /Jurek/kinghoff/feeds/kinghoff_cdon_dk.xml HTTP/1.1" 200 14942119 "-" "python-requests/2.32.3"
77.79.248.229 - - [28/Feb/2025:01:36:21 +0100] "GET /Jurek/kinghoff/feeds/kinghoff_cdon_fi.xml HTTP/1.1" 200 14939960 "-" "python-requests/2.32.3"
52.17.80.36 - - [28/Feb/2025:01:36:28 +0100] "GET /marketplaces/worten2/results/worten.csv HTTP/1.1" 200 147217 "-" "Mirakl HttpClient"
66.211.183.70 - - [28/Feb/2025:01:37:33 +0100] "GET /Jurek/eurofirany/images/423668/0.jpg HTTP/1.1" 200 63263 "-" "scalaj-http/2.4.2"
66.211.183.70 - - [28/Feb/2025:01:37:34 +0100] "GET /Jurek/eurofirany/images/409427/0.jpg HTTP/1.1" 200 41174 "-" "scalaj-http/2.4.2"
46.101.116.244 - - [28/Feb/2025:01:37:37 +0100] "GET /Jurek/aw/feeds/aw_fnacfr.xml HTTP/1.0" 404 3551 "-" "-"
46.101.116.244 - - [28/Feb/2025:01:37:47 +0100] "GET /Jurek/hurtownia_przemyslowa/feeds/hp_fnacfr.xml HTTP/1.0" 200 49622807 "-" "-"
46.101.116.244 - - [28/Feb/2025:01:38:07 +0100] "GET /Jurek/vida_morele/feeds/vidaPL_velomarket_category3.xml HTTP/1.0" 200 40174412 "-" "-"
77.79.248.229 - - [28/Feb/2025:01:38:08 +0100] "GET /Jurek/vidaSI/feeds/vidaSI_bigbang.xml HTTP/1.1" 200 614051817 "-" "Python-urllib/3.11"
77.79.248.229 - - [28/Feb/2025:01:38:09 +0100] "GET /Jurek/aw/feeds/awnarzedzia_bigbang.xml HTTP/1.1" 200 90207942 "-" "Python-urllib/3.11"
77.79.248.229 - - [28/Feb/2025:01:38:10 +0100] "GET /Jurek/hurtownia_przemyslowa/feeds/hp_bigbang.xml HTTP/1.1" 200 49620430 "-" "Python-urllib/3.11"
77.79.248.229 - - [28/Feb/2025:01:38:11 +0100] "GET /Jurek/action/feeds/action_bigbang.xml HTTP/1.1" 200 55162677 "-" "Python-urllib/3.11"
46.101.116.244 - - [28/Feb/2025:01:38:12 +0100] "GET /Jurek/vida_morele/feeds/vidaPL_velomarket_category0.xml HTTP/1.0" 200 137514607 "-" "-"
77.79.248.229 - - [28/Feb/2025:01:38:13 +0100] "GET /Jurek/unimet/feeds/unimet_bigbang.xml HTTP/1.1" 200 60211368 "-" "Python-urllib/3.11"
77.79.248.229 - - [28/Feb/2025:01:38:13 +0100] "GET /Jurek/ikonka/feeds/ikonka_bigbang.xml HTTP/1.1" 200 21450459 "-" "Python-urllib/3.11"
77.79.248.229 - - [28/Feb/2025:01:38:13 +0100] "GET /Jurek/bass/feeds/bass_bigbang.xml HTTP/1.1" 200 3985153 "-" "Python-urllib/3.11"
77.79.248.229 - - [28/Feb/2025:01:38:14 +0100] "GET /Jurek/kinghoff/feeds/kinghoff_bigbang.xml HTTP/1.1" 200 14939558 "-" "Python-urllib/3.11"
77.79.248.229 - - [28/Feb/2025:01:38:15 +0100] "GET /Jurek/activeshop/feeds/activeshop_bigbang.xml HTTP/1.1" 200 10470325 "-" "Python-urllib/3.11"
77.79.248.229 - - [28/Feb/2025:01:38:15 +0100] "GET /Jurek/octopia/feeds/octopia_bigbang.xml HTTP/1.1" 200 6320533 "-" "Python-urllib/3.11"
77.79.248.229 - - [28/Feb/2025:01:38:16 +0100] "GET /Jurek/topeshop/feeds/topeshop_bigbang.xml HTTP/1.1" 200 2405330 "-" "Python-urllib/3.11"
77.79.248.229 - - [28/Feb/2025:01:38:16 +0100] "GET /Jurek/b3/feeds/b3_bigbang.xml HTTP/1.1" 200 7243845 "-" "Python-urllib/3.11"
77.79.248.229 - - [28/Feb/2025:01:38:16 +0100] "GET /Jurek/asortymenteu/feeds/asortymenteu_bigbang.xml HTTP/1.1" 200 2578259 "-" "Python-urllib/3.11"
77.79.248.229 - - [28/Feb/2025:01:38:16 +0100] "GET /Jurek/eroplace/feeds/eroplace_bigbang.xml HTTP/1.1" 200 30849024 "-" "Python-urllib/3.11"
77.79.248.229 - - [28/Feb/2025:01:38:20 +0100] "GET /Jurek/intsell/feeds/intsell_bigbang.xml HTTP/1.1" 200 338784600 "-" "Python-urllib/3.11"
77.79.248.229 - - [28/Feb/2025:01:38:20 +0100] "GET /Jurek/coppotech/feeds/coppotech_bigbang.xml HTTP/1.1" 200 38985745 "-" "Python-urllib/3.11"
77.79.248.229 - - [28/Feb/2025:01:38:21 +0100] "GET /Jurek/stema/feeds/stema_bigbang.xml HTTP/1.1" 200 866861 "-" "Python-urllib/3.11"
77.79.248.229 - - [28/Feb/2025:01:38:21 +0100] "GET /Jurek/sempler/feeds/sempler_bigbang.xml HTTP/1.1" 200 6553207 "-" "Python-urllib/3.11"
77.79.248.229 - - [28/Feb/2025:01:38:21 +0100] "GET /Jurek/benetech/feeds/benetech_bigbang.xml HTTP/1.1" 200 4451884 "-" "Python-urllib/3.11"
77.79.248.229 - - [28/Feb/2025:01:38:21 +0100] "GET /Jurek/ekuchcikowo/feeds/ekuchcikowo_bigbang.xml HTTP/1.1" 200 13323030 "-" "Python-urllib/3.11"
77.79.248.229 - - [28/Feb/2025:01:38:22 +0100] "GET /Jurek/erohurtownia/feeds/erohurtownia_bigbang.xml HTTP/1.1" 200 23304187 "-" "Python-urllib/3.11"
77.79.248.229 - - [28/Feb/2025:01:38:31 +0100] "GET /Jurek/naszedzieci/feeds/naszedzieci_bigbang.xml HTTP/1.1" 200 833262376 "-" "Python-urllib/3.11"
77.79.248.229 - - [28/Feb/2025:01:38:32 +0100] "GET /Jurek/awparts/feeds/awparts_bigbang.xml HTTP/1.1" 200 142300901 "-" "Python-urllib/3.11"
77.79.248.229 - - [28/Feb/2025:01:38:33 +0100] "GET /Jurek/najtanszysport/feeds/najtanszysport_bigbang.xml HTTP/1.1" 200 3982935 "-" "Python-urllib/3.11"
77.79.248.229 - - [28/Feb/2025:01:38:33 +0100] "GET /Jurek/aiofactory/feeds/aiofactory_bigbang.xml HTTP/1.1" 200 2123817 "-" "Python-urllib/3.11"
77.79.248.229 - - [28/Feb/2025:01:38:33 +0100] "GET /Jurek/playcob/feeds/playcob_bigbang.xml HTTP/1.1" 200 6980105 "-" "Python-urllib/3.11"
77.79.248.229 - - [28/Feb/2025:01:38:33 +0100] "GET /Jurek/kidshop/feeds/kidshop_bigbang.xml HTTP/1.1" 200 19853874 "-" "Python-urllib/3.11"
77.79.248.229 - - [28/Feb/2025:01:38:34 +0100] "GET /Jurek/polzoo/feeds/polzoo_bigbang.xml HTTP/1.1" 200 48125891 "-" "Python-urllib/3.11"
46.101.116.244 - - [28/Feb/2025:01:38:34 +0100] "GET /Filip/feeds/xlsx_ceneo.xml HTTP/1.0" 200 6241376 "-" "-"
51.77.52.107 - - [28/Feb/2025:01:38:34 +0100] "POST /Filip/Rovicky/baselinker/baselinker-ceneo-shumee.php HTTP/2.0" 200 106776 "-" "BaseLinker/1.0"
66.211.183.70 - - [28/Feb/2025:01:38:43 +0100] "GET /Jurek/topeshop/downloaded_images/5902838461167_bylki_.RGB_color.0021_kopia.png HTTP/1.1" 200 121464 "-" "scalaj-http/2.4.2"
89.161.206.59 - - [28/Feb/2025:01:39:06 +0100] "GET /Jurek/szpaklampy/feeds/szpaklampy_allegro.xml HTTP/1.0" 200 416581 "-" "-"
