66.135.195.19 - - [26/Feb/2025:11:53:30 +0100] "GET /Jurek/eurofirany/images/386689/4.jpg HTTP/1.1" 200 362019 "http://www.ebay.com/" "Mozilla/4.0 (compatible; MSIE 4.01; Windows NT)"
66.135.195.19 - - [26/Feb/2025:11:53:30 +0100] "GET /Jurek/eurofirany/images/386689/3.jpg HTTP/1.1" 200 364703 "http://www.ebay.com/" "Mozilla/4.0 (compatible; MSIE 4.01; Windows NT)"
66.135.195.20 - - [26/Feb/2025:11:53:30 +0100] "GET /Jurek/eurofirany/images/386689/6.jpg HTTP/1.1" 200 337340 "http://www.ebay.com/" "Mozilla/4.0 (compatible; MSIE 4.01; Windows NT)"
66.135.195.20 - - [26/Feb/2025:11:53:30 +0100] "GET /Jurek/eurofirany/images/386689/5.jpg HTTP/1.1" 200 419797 "http://www.ebay.com/" "Mozilla/4.0 (compatible; MSIE 4.01; Windows NT)"
66.135.202.74 - - [26/Feb/2025:11:53:33 +0100] "GET /Jurek/eurofirany/images/387432/0.jpg HTTP/1.1" 200 112289 "http://www.ebay.com/" "Mozilla/4.0 (compatible; MSIE 4.01; Windows NT)"
66.135.202.73 - - [26/Feb/2025:11:53:33 +0100] "GET /Jurek/eurofirany/images/387432/1.jpg HTTP/1.1" 200 78405 "http://www.ebay.com/" "Mozilla/4.0 (compatible; MSIE 4.01; Windows NT)"
66.135.202.74 - - [26/Feb/2025:11:53:33 +0100] "GET /Jurek/eurofirany/images/387432/2.jpg HTTP/1.1" 200 136108 "http://www.ebay.com/" "Mozilla/4.0 (compatible; MSIE 4.01; Windows NT)"
109.99.102.125 - - [26/Feb/2025:11:53:34 +0100] "GET /Jurek/eurofirany/images/398409/2.jpg HTTP/2.0" 200 46710 "https://www.emag.ro/" "Mozilla/5.0 (Windows NT 10.0; Win64; x64; rv:135.0) Gecko/20100101 Firefox/135.0"
109.99.102.125 - - [26/Feb/2025:11:53:34 +0100] "GET /Jurek/eurofirany/images/398409/1.jpg HTTP/2.0" 200 92947 "https://www.emag.ro/" "Mozilla/5.0 (Windows NT 10.0; Win64; x64; rv:135.0) Gecko/20100101 Firefox/135.0"
109.99.102.125 - - [26/Feb/2025:11:53:35 +0100] "GET /Jurek/eurofirany/images/398409/3.jpg HTTP/2.0" 200 109334 "https://www.emag.ro/" "Mozilla/5.0 (Windows NT 10.0; Win64; x64; rv:135.0) Gecko/20100101 Firefox/135.0"
109.99.102.125 - - [26/Feb/2025:11:53:35 +0100] "GET /Jurek/eurofirany/images/398409/5.jpg HTTP/2.0" 200 143966 "https://www.emag.ro/" "Mozilla/5.0 (Windows NT 10.0; Win64; x64; rv:135.0) Gecko/20100101 Firefox/135.0"
109.99.102.125 - - [26/Feb/2025:11:53:35 +0100] "GET /Jurek/eurofirany/images/398409/6.jpg HTTP/2.0" 200 127311 "https://www.emag.ro/" "Mozilla/5.0 (Windows NT 10.0; Win64; x64; rv:135.0) Gecko/20100101 Firefox/135.0"
109.99.102.125 - - [26/Feb/2025:11:53:35 +0100] "GET /Jurek/eurofirany/images/398409/7.jpg HTTP/2.0" 200 184500 "https://www.emag.ro/" "Mozilla/5.0 (Windows NT 10.0; Win64; x64; rv:135.0) Gecko/20100101 Firefox/135.0"
109.99.102.125 - - [26/Feb/2025:11:53:35 +0100] "GET /Jurek/eurofirany/images/398409/4.jpg HTTP/2.0" 200 210952 "https://www.emag.ro/" "Mozilla/5.0 (Windows NT 10.0; Win64; x64; rv:135.0) Gecko/20100101 Firefox/135.0"
66.135.202.74 - - [26/Feb/2025:11:53:37 +0100] "GET /Jurek/eurofirany/images/383432/1.jpg HTTP/1.1" 200 183391 "http://www.ebay.com/" "Mozilla/4.0 (compatible; MSIE 4.01; Windows NT)"
66.135.202.73 - - [26/Feb/2025:11:53:37 +0100] "GET /Jurek/eurofirany/images/383432/0.jpg HTTP/1.1" 200 190245 "http://www.ebay.com/" "Mozilla/4.0 (compatible; MSIE 4.01; Windows NT)"
66.249.66.67 - - [26/Feb/2025:11:53:38 +0100] "GET /Jurek/eurofirany/images/386712/6.jpg HTTP/1.1" 200 149004 "-" "Googlebot-Image/1.0"
66.135.195.16 - - [26/Feb/2025:11:53:45 +0100] "GET /Jurek/eurofirany/images/385812/2.jpg HTTP/1.1" 200 106531 "http://www.ebay.com/" "Mozilla/4.0 (compatible; MSIE 4.01; Windows NT)"
66.135.195.20 - - [26/Feb/2025:11:53:46 +0100] "GET /Jurek/eurofirany/images/385812/7.jpg HTTP/1.1" 200 134725 "http://www.ebay.com/" "Mozilla/4.0 (compatible; MSIE 4.01; Windows NT)"
66.135.195.18 - - [26/Feb/2025:11:53:46 +0100] "GET /Jurek/eurofirany/images/385812/8.jpg HTTP/1.1" 200 148551 "http://www.ebay.com/" "Mozilla/4.0 (compatible; MSIE 4.01; Windows NT)"
66.135.195.19 - - [26/Feb/2025:11:53:46 +0100] "GET /Jurek/eurofirany/images/385812/9.jpg HTTP/1.1" 200 149883 "http://www.ebay.com/" "Mozilla/4.0 (compatible; MSIE 4.01; Windows NT)"
66.135.195.20 - - [26/Feb/2025:11:53:46 +0100] "GET /Jurek/eurofirany/images/385812/0.jpg HTTP/1.1" 200 189728 "http://www.ebay.com/" "Mozilla/4.0 (compatible; MSIE 4.01; Windows NT)"
66.135.195.20 - - [26/Feb/2025:11:53:46 +0100] "GET /Jurek/eurofirany/images/385812/1.jpg HTTP/1.1" 200 202490 "http://www.ebay.com/" "Mozilla/4.0 (compatible; MSIE 4.01; Windows NT)"
66.135.195.20 - - [26/Feb/2025:11:53:46 +0100] "GET /Jurek/eurofirany/images/385812/3.jpg HTTP/1.1" 200 194212 "http://www.ebay.com/" "Mozilla/4.0 (compatible; MSIE 4.01; Windows NT)"
66.135.195.16 - - [26/Feb/2025:11:53:46 +0100] "GET /Jurek/eurofirany/images/385812/4.jpg HTTP/1.1" 200 208103 "http://www.ebay.com/" "Mozilla/4.0 (compatible; MSIE 4.01; Windows NT)"
66.135.195.16 - - [26/Feb/2025:11:53:46 +0100] "GET /Jurek/eurofirany/images/385812/5.jpg HTTP/1.1" 200 204961 "http://www.ebay.com/" "Mozilla/4.0 (compatible; MSIE 4.01; Windows NT)"
66.135.195.19 - - [26/Feb/2025:11:53:46 +0100] "GET /Jurek/eurofirany/images/385812/6.jpg HTTP/1.1" 200 196511 "http://www.ebay.com/" "Mozilla/4.0 (compatible; MSIE 4.01; Windows NT)"
66.135.195.17 - - [26/Feb/2025:11:53:46 +0100] "GET /Jurek/eurofirany/images/385812/10.jpg HTTP/1.1" 200 269371 "http://www.ebay.com/" "Mozilla/4.0 (compatible; MSIE 4.01; Windows NT)"
66.135.195.20 - - [26/Feb/2025:11:53:51 +0100] "GET /Jurek/eurofirany/images/383863/6.jpg HTTP/1.1" 200 6595 "http://www.ebay.com/" "Mozilla/4.0 (compatible; MSIE 4.01; Windows NT)"
66.135.195.20 - - [26/Feb/2025:11:53:51 +0100] "GET /Jurek/eurofirany/images/383863/5.jpg HTTP/1.1" 200 116490 "http://www.ebay.com/" "Mozilla/4.0 (compatible; MSIE 4.01; Windows NT)"
66.135.195.17 - - [26/Feb/2025:11:53:51 +0100] "GET /Jurek/eurofirany/images/383863/1.jpg HTTP/1.1" 200 145400 "http://www.ebay.com/" "Mozilla/4.0 (compatible; MSIE 4.01; Windows NT)"
66.135.195.16 - - [26/Feb/2025:11:53:52 +0100] "GET /Jurek/eurofirany/images/383863/3.jpg HTTP/1.1" 200 150234 "http://www.ebay.com/" "Mozilla/4.0 (compatible; MSIE 4.01; Windows NT)"
66.135.195.19 - - [26/Feb/2025:11:53:52 +0100] "GET /Jurek/eurofirany/images/383863/0.jpg HTTP/1.1" 200 184231 "http://www.ebay.com/" "Mozilla/4.0 (compatible; MSIE 4.01; Windows NT)"
66.135.195.20 - - [26/Feb/2025:11:53:52 +0100] "GET /Jurek/eurofirany/images/383863/2.jpg HTTP/1.1" 200 193001 "http://www.ebay.com/" "Mozilla/4.0 (compatible; MSIE 4.01; Windows NT)"
66.135.195.17 - - [26/Feb/2025:11:53:52 +0100] "GET /Jurek/eurofirany/images/383863/4.jpg HTTP/1.1" 200 190654 "http://www.ebay.com/" "Mozilla/4.0 (compatible; MSIE 4.01; Windows NT)"
34.133.239.145 - - [26/Feb/2025:11:54:02 +0100] "GET /Jurek/eurofirany/images/379973/1.jpg HTTP/1.1" 200 191410 "-" "Mozilla/5.0 (X11; Linux x86_64) AppleWebKit/537.36 (KHTML, like Gecko) Chrome/110.0.0.0 Safari/537.36"
66.135.202.171 - - [26/Feb/2025:11:54:03 +0100] "GET /Jurek/eurofirany/images/387402/0.jpg HTTP/1.1" 200 107907 "http://www.ebay.com/" "Mozilla/4.0 (compatible; MSIE 4.01; Windows NT)"
66.135.202.170 - - [26/Feb/2025:11:54:03 +0100] "GET /Jurek/eurofirany/images/387402/1.jpg HTTP/1.1" 200 125038 "http://www.ebay.com/" "Mozilla/4.0 (compatible; MSIE 4.01; Windows NT)"
66.135.202.171 - - [26/Feb/2025:11:54:03 +0100] "GET /Jurek/eurofirany/images/387402/3.jpg HTTP/1.1" 200 59454 "http://www.ebay.com/" "Mozilla/4.0 (compatible; MSIE 4.01; Windows NT)"
66.135.202.169 - - [26/Feb/2025:11:54:03 +0100] "GET /Jurek/eurofirany/images/387402/2.jpg HTTP/1.1" 200 130976 "http://www.ebay.com/" "Mozilla/4.0 (compatible; MSIE 4.01; Windows NT)"
66.135.202.172 - - [26/Feb/2025:11:54:03 +0100] "GET /Jurek/eurofirany/images/387402/8.jpg HTTP/1.1" 200 142057 "http://www.ebay.com/" "Mozilla/4.0 (compatible; MSIE 4.01; Windows NT)"
66.135.202.169 - - [26/Feb/2025:11:54:03 +0100] "GET /Jurek/eurofirany/images/387402/9.jpg HTTP/1.1" 200 169433 "http://www.ebay.com/" "Mozilla/4.0 (compatible; MSIE 4.01; Windows NT)"
66.135.202.172 - - [26/Feb/2025:11:54:03 +0100] "GET /Jurek/eurofirany/images/387402/4.jpg HTTP/1.1" 200 212403 "http://www.ebay.com/" "Mozilla/4.0 (compatible; MSIE 4.01; Windows NT)"
66.135.202.172 - - [26/Feb/2025:11:54:03 +0100] "GET /Jurek/eurofirany/images/387402/10.jpg HTTP/1.1" 200 168837 "http://www.ebay.com/" "Mozilla/4.0 (compatible; MSIE 4.01; Windows NT)"
66.135.202.169 - - [26/Feb/2025:11:54:04 +0100] "GET /Jurek/eurofirany/images/387402/5.jpg HTTP/1.1" 200 240794 "http://www.ebay.com/" "Mozilla/4.0 (compatible; MSIE 4.01; Windows NT)"
66.135.202.172 - - [26/Feb/2025:11:54:04 +0100] "GET /Jurek/eurofirany/images/387402/7.jpg HTTP/1.1" 200 220977 "http://www.ebay.com/" "Mozilla/4.0 (compatible; MSIE 4.01; Windows NT)"
66.135.202.173 - - [26/Feb/2025:11:54:04 +0100] "GET /Jurek/eurofirany/images/387402/6.jpg HTTP/1.1" 200 219953 "http://www.ebay.com/" "Mozilla/4.0 (compatible; MSIE 4.01; Windows NT)"
34.133.239.145 - - [26/Feb/2025:11:54:04 +0100] "GET /Jurek/eurofirany/images/379973/0.jpg HTTP/1.1" 200 47512 "-" "Mozilla/5.0 (X11; Linux x86_64) AppleWebKit/537.36 (KHTML, like Gecko) Chrome/110.0.0.0 Safari/537.36"
66.135.202.171 - - [26/Feb/2025:11:54:04 +0100] "GET /Jurek/eurofirany/images/387402/11.jpg HTTP/1.1" 200 199870 "http://www.ebay.com/" "Mozilla/4.0 (compatible; MSIE 4.01; Windows NT)"
66.135.195.20 - - [26/Feb/2025:11:54:06 +0100] "GET /Jurek/eurofirany/images/387403/3.jpg HTTP/1.1" 200 73538 "http://www.ebay.com/" "Mozilla/4.0 (compatible; MSIE 4.01; Windows NT)"
66.135.195.19 - - [26/Feb/2025:11:54:07 +0100] "GET /Jurek/eurofirany/images/387403/11.jpg HTTP/1.1" 200 119305 "http://www.ebay.com/" "Mozilla/4.0 (compatible; MSIE 4.01; Windows NT)"
66.135.195.17 - - [26/Feb/2025:11:54:07 +0100] "GET /Jurek/eurofirany/images/387403/0.jpg HTTP/1.1" 200 137415 "http://www.ebay.com/" "Mozilla/4.0 (compatible; MSIE 4.01; Windows NT)"
66.135.195.18 - - [26/Feb/2025:11:54:07 +0100] "GET /Jurek/eurofirany/images/387403/1.jpg HTTP/1.1" 200 131512 "http://www.ebay.com/" "Mozilla/4.0 (compatible; MSIE 4.01; Windows NT)"
66.135.195.20 - - [26/Feb/2025:11:54:07 +0100] "GET /Jurek/eurofirany/images/387403/10.jpg HTTP/1.1" 200 142069 "http://www.ebay.com/" "Mozilla/4.0 (compatible; MSIE 4.01; Windows NT)"
66.135.195.16 - - [26/Feb/2025:11:54:07 +0100] "GET /Jurek/eurofirany/images/387403/2.jpg HTTP/1.1" 200 168888 "http://www.ebay.com/" "Mozilla/4.0 (compatible; MSIE 4.01; Windows NT)"
66.135.195.18 - - [26/Feb/2025:11:54:07 +0100] "GET /Jurek/eurofirany/images/387403/8.jpg HTTP/1.1" 200 157513 "http://www.ebay.com/" "Mozilla/4.0 (compatible; MSIE 4.01; Windows NT)"
66.135.195.18 - - [26/Feb/2025:11:54:07 +0100] "GET /Jurek/eurofirany/images/387403/9.jpg HTTP/1.1" 200 210893 "http://www.ebay.com/" "Mozilla/4.0 (compatible; MSIE 4.01; Windows NT)"
66.135.195.16 - - [26/Feb/2025:11:54:07 +0100] "GET /Jurek/eurofirany/images/387403/4.jpg HTTP/1.1" 200 260325 "http://www.ebay.com/" "Mozilla/4.0 (compatible; MSIE 4.01; Windows NT)"
66.135.195.18 - - [26/Feb/2025:11:54:07 +0100] "GET /Jurek/eurofirany/images/387403/5.jpg HTTP/1.1" 200 219649 "http://www.ebay.com/" "Mozilla/4.0 (compatible; MSIE 4.01; Windows NT)"
66.135.195.18 - - [26/Feb/2025:11:54:07 +0100] "GET /Jurek/eurofirany/images/387403/6.jpg HTTP/1.1" 200 259479 "http://www.ebay.com/" "Mozilla/4.0 (compatible; MSIE 4.01; Windows NT)"
66.135.195.17 - - [26/Feb/2025:11:54:07 +0100] "GET /Jurek/eurofirany/images/387403/7.jpg HTTP/1.1" 200 247496 "http://www.ebay.com/" "Mozilla/4.0 (compatible; MSIE 4.01; Windows NT)"
77.79.248.229 - - [26/Feb/2025:11:54:08 +0100] "GET /Jurek/vidaSI/feeds/vidaSI_bigbang.xml HTTP/1.1" 200 614720927 "-" "Python-urllib/3.11"
66.135.195.19 - - [26/Feb/2025:11:54:08 +0100] "GET /Jurek/eurofirany/images/385813/2.jpg HTTP/1.1" 200 104600 "http://www.ebay.com/" "Mozilla/4.0 (compatible; MSIE 4.01; Windows NT)"
66.135.195.16 - - [26/Feb/2025:11:54:09 +0100] "GET /Jurek/eurofirany/images/385813/8.jpg HTTP/1.1" 200 118555 "http://www.ebay.com/" "Mozilla/4.0 (compatible; MSIE 4.01; Windows NT)"
66.135.195.20 - - [26/Feb/2025:11:54:09 +0100] "GET /Jurek/eurofirany/images/385813/9.jpg HTTP/1.1" 200 118402 "http://www.ebay.com/" "Mozilla/4.0 (compatible; MSIE 4.01; Windows NT)"
66.135.195.19 - - [26/Feb/2025:11:54:09 +0100] "GET /Jurek/eurofirany/images/385813/1.jpg HTTP/1.1" 200 197882 "http://www.ebay.com/" "Mozilla/4.0 (compatible; MSIE 4.01; Windows NT)"
66.135.195.19 - - [26/Feb/2025:11:54:09 +0100] "GET /Jurek/eurofirany/images/385813/3.jpg HTTP/1.1" 200 190971 "http://www.ebay.com/" "Mozilla/4.0 (compatible; MSIE 4.01; Windows NT)"
66.135.195.18 - - [26/Feb/2025:11:54:09 +0100] "GET /Jurek/eurofirany/images/385813/0.jpg HTTP/1.1" 200 187841 "http://www.ebay.com/" "Mozilla/4.0 (compatible; MSIE 4.01; Windows NT)"
66.135.195.17 - - [26/Feb/2025:11:54:09 +0100] "GET /Jurek/eurofirany/images/385813/4.jpg HTTP/1.1" 200 196202 "http://www.ebay.com/" "Mozilla/4.0 (compatible; MSIE 4.01; Windows NT)"
66.135.195.18 - - [26/Feb/2025:11:54:09 +0100] "GET /Jurek/eurofirany/images/385813/6.jpg HTTP/1.1" 200 180565 "http://www.ebay.com/" "Mozilla/4.0 (compatible; MSIE 4.01; Windows NT)"
66.135.195.17 - - [26/Feb/2025:11:54:09 +0100] "GET /Jurek/eurofirany/images/385813/5.jpg HTTP/1.1" 200 181863 "http://www.ebay.com/" "Mozilla/4.0 (compatible; MSIE 4.01; Windows NT)"
66.135.195.16 - - [26/Feb/2025:11:54:09 +0100] "GET /Jurek/eurofirany/images/385813/7.jpg HTTP/1.1" 200 151071 "http://www.ebay.com/" "Mozilla/4.0 (compatible; MSIE 4.01; Windows NT)"
66.135.195.19 - - [26/Feb/2025:11:54:09 +0100] "GET /Jurek/eurofirany/images/385813/10.jpg HTTP/1.1" 200 283068 "http://www.ebay.com/" "Mozilla/4.0 (compatible; MSIE 4.01; Windows NT)"
34.133.239.145 - - [26/Feb/2025:11:54:10 +0100] "GET /Jurek/eurofirany/images/383860/1.jpg HTTP/1.1" 200 172956 "-" "Mozilla/5.0 (X11; Linux x86_64) AppleWebKit/537.36 (KHTML, like Gecko) Chrome/110.0.0.0 Safari/537.36"
34.133.239.145 - - [26/Feb/2025:11:54:11 +0100] "GET /Jurek/eurofirany/images/383860/2.jpg HTTP/1.1" 200 301797 "-" "Mozilla/5.0 (X11; Linux x86_64) AppleWebKit/537.36 (KHTML, like Gecko) Chrome/110.0.0.0 Safari/537.36"
34.133.239.145 - - [26/Feb/2025:11:54:12 +0100] "GET /Jurek/eurofirany/images/383862/5.jpg HTTP/1.1" 200 122203 "-" "Mozilla/5.0 (X11; Linux x86_64) AppleWebKit/537.36 (KHTML, like Gecko) Chrome/110.0.0.0 Safari/537.36"
34.133.239.145 - - [26/Feb/2025:11:54:13 +0100] "GET /Jurek/eurofirany/images/383860/3.jpg HTTP/1.1" 200 210058 "-" "Mozilla/5.0 (X11; Linux x86_64) AppleWebKit/537.36 (KHTML, like Gecko) Chrome/110.0.0.0 Safari/537.36"
34.133.239.145 - - [26/Feb/2025:11:54:13 +0100] "GET /Jurek/eurofirany/images/383862/6.jpg HTTP/1.1" 200 6595 "-" "Mozilla/5.0 (X11; Linux x86_64) AppleWebKit/537.36 (KHTML, like Gecko) Chrome/110.0.0.0 Safari/537.36"
34.133.239.145 - - [26/Feb/2025:11:54:14 +0100] "GET /Jurek/eurofirany/images/383860/4.jpg HTTP/1.1" 200 253916 "-" "Mozilla/5.0 (X11; Linux x86_64) AppleWebKit/537.36 (KHTML, like Gecko) Chrome/110.0.0.0 Safari/537.36"
34.133.239.145 - - [26/Feb/2025:11:54:15 +0100] "GET /Jurek/eurofirany/images/383860/5.jpg HTTP/1.1" 200 114627 "-" "Mozilla/5.0 (X11; Linux x86_64) AppleWebKit/537.36 (KHTML, like Gecko) Chrome/110.0.0.0 Safari/537.36"
66.135.202.171 - - [26/Feb/2025:11:54:16 +0100] "GET /Jurek/eurofirany/images/384576/0.jpg HTTP/1.1" 200 91731 "http://www.ebay.com/" "Mozilla/4.0 (compatible; MSIE 4.01; Windows NT)"
66.135.202.170 - - [26/Feb/2025:11:54:16 +0100] "GET /Jurek/eurofirany/images/384576/1.jpg HTTP/1.1" 200 123927 "http://www.ebay.com/" "Mozilla/4.0 (compatible; MSIE 4.01; Windows NT)"
66.135.202.173 - - [26/Feb/2025:11:54:16 +0100] "GET /Jurek/eurofirany/images/384576/2.jpg HTTP/1.1" 200 54063 "http://www.ebay.com/" "Mozilla/4.0 (compatible; MSIE 4.01; Windows NT)"
66.135.202.169 - - [26/Feb/2025:11:54:16 +0100] "GET /Jurek/eurofirany/images/384576/9.jpg HTTP/1.1" 200 144678 "http://www.ebay.com/" "Mozilla/4.0 (compatible; MSIE 4.01; Windows NT)"
66.135.202.171 - - [26/Feb/2025:11:54:16 +0100] "GET /Jurek/eurofirany/images/384576/6.jpg HTTP/1.1" 200 170199 "http://www.ebay.com/" "Mozilla/4.0 (compatible; MSIE 4.01; Windows NT)"
66.135.202.169 - - [26/Feb/2025:11:54:16 +0100] "GET /Jurek/eurofirany/images/384576/8.jpg HTTP/1.1" 200 161992 "http://www.ebay.com/" "Mozilla/4.0 (compatible; MSIE 4.01; Windows NT)"
66.135.202.170 - - [26/Feb/2025:11:54:16 +0100] "GET /Jurek/eurofirany/images/384576/7.jpg HTTP/1.1" 200 150741 "http://www.ebay.com/" "Mozilla/4.0 (compatible; MSIE 4.01; Windows NT)"
139.180.225.142 - - [26/Feb/2025:11:54:16 +0100] "GET /Jurek/eurofirany/images/383862/6.jpg HTTP/2.0" 200 6595 "-" "Mozilla/5.0 (X11; Linux x86_64) AppleWebKit/537.36 (KHTML, like Gecko) Chrome/110.0.0.0 Safari/537.36"
34.72.247.156 - - [26/Feb/2025:11:54:16 +0100] "GET /Jurek/eurofirany/images/383860/6.jpg HTTP/1.1" 200 6595 "-" "Mozilla/5.0 (X11; Linux x86_64) AppleWebKit/537.36 (KHTML, like Gecko) Chrome/110.0.0.0 Safari/537.36"
66.135.202.170 - - [26/Feb/2025:11:54:16 +0100] "GET /Jurek/eurofirany/images/384576/5.jpg HTTP/1.1" 200 198423 "http://www.ebay.com/" "Mozilla/4.0 (compatible; MSIE 4.01; Windows NT)"
66.135.202.170 - - [26/Feb/2025:11:54:16 +0100] "GET /Jurek/eurofirany/images/384576/4.jpg HTTP/1.1" 200 194026 "http://www.ebay.com/" "Mozilla/4.0 (compatible; MSIE 4.01; Windows NT)"
66.135.202.170 - - [26/Feb/2025:11:54:16 +0100] "GET /Jurek/eurofirany/images/384576/3.jpg HTTP/1.1" 200 226684 "http://www.ebay.com/" "Mozilla/4.0 (compatible; MSIE 4.01; Windows NT)"
172.96.95.195 - - [26/Feb/2025:11:54:21 +0100] "GET /Jurek/eurofirany/images/383860/6.jpg HTTP/2.0" 200 6595 "-" "Mozilla/5.0 (X11; Linux x86_64) AppleWebKit/537.36 (KHTML, like Gecko) Chrome/110.0.0.0 Safari/537.36"
66.135.202.173 - - [26/Feb/2025:11:54:21 +0100] "GET /Jurek/eurofirany/images/385817/2.jpg HTTP/1.1" 200 123998 "http://www.ebay.com/" "Mozilla/4.0 (compatible; MSIE 4.01; Windows NT)"
66.135.202.173 - - [26/Feb/2025:11:54:21 +0100] "GET /Jurek/eurofirany/images/385817/8.jpg HTTP/1.1" 200 126852 "http://www.ebay.com/" "Mozilla/4.0 (compatible; MSIE 4.01; Windows NT)"
167.160.79.119 - - [26/Feb/2025:11:54:21 +0100] "GET /Jurek/eurofirany/images/383862/6.jpg HTTP/2.0" 200 6595 "-" "Mozilla/5.0 (X11; Linux x86_64) AppleWebKit/537.36 (KHTML, like Gecko) Chrome/110.0.0.0 Safari/537.36"
66.135.202.171 - - [26/Feb/2025:11:54:21 +0100] "GET /Jurek/eurofirany/images/385817/6.jpg HTTP/1.1" 200 189209 "http://www.ebay.com/" "Mozilla/4.0 (compatible; MSIE 4.01; Windows NT)"
66.135.202.172 - - [26/Feb/2025:11:54:21 +0100] "GET /Jurek/eurofirany/images/385817/4.jpg HTTP/1.1" 200 202432 "http://www.ebay.com/" "Mozilla/4.0 (compatible; MSIE 4.01; Windows NT)"
66.135.202.172 - - [26/Feb/2025:11:54:21 +0100] "GET /Jurek/eurofirany/images/385817/9.jpg HTTP/1.1" 200 159678 "http://www.ebay.com/" "Mozilla/4.0 (compatible; MSIE 4.01; Windows NT)"
66.135.202.170 - - [26/Feb/2025:11:54:21 +0100] "GET /Jurek/eurofirany/images/385817/0.jpg HTTP/1.1" 200 226203 "http://www.ebay.com/" "Mozilla/4.0 (compatible; MSIE 4.01; Windows NT)"
66.135.202.171 - - [26/Feb/2025:11:54:21 +0100] "GET /Jurek/eurofirany/images/385817/7.jpg HTTP/1.1" 200 183447 "http://www.ebay.com/" "Mozilla/4.0 (compatible; MSIE 4.01; Windows NT)"
66.135.202.172 - - [26/Feb/2025:11:54:21 +0100] "GET /Jurek/eurofirany/images/385817/1.jpg HTTP/1.1" 200 248162 "http://www.ebay.com/" "Mozilla/4.0 (compatible; MSIE 4.01; Windows NT)"
66.135.202.173 - - [26/Feb/2025:11:54:21 +0100] "GET /Jurek/eurofirany/images/385817/5.jpg HTTP/1.1" 200 216332 "http://www.ebay.com/" "Mozilla/4.0 (compatible; MSIE 4.01; Windows NT)"
66.135.202.172 - - [26/Feb/2025:11:54:21 +0100] "GET /Jurek/eurofirany/images/385817/3.jpg HTTP/1.1" 200 233903 "http://www.ebay.com/" "Mozilla/4.0 (compatible; MSIE 4.01; Windows NT)"
34.133.239.145 - - [26/Feb/2025:11:54:22 +0100] "GET /Jurek/eurofirany/images/383862/0.jpg HTTP/1.1" 200 208615 "-" "Mozilla/5.0 (X11; Linux x86_64) AppleWebKit/537.36 (KHTML, like Gecko) Chrome/110.0.0.0 Safari/537.36"
66.135.202.173 - - [26/Feb/2025:11:54:22 +0100] "GET /Jurek/eurofirany/images/385817/10.jpg HTTP/1.1" 200 303998 "http://www.ebay.com/" "Mozilla/4.0 (compatible; MSIE 4.01; Windows NT)"
66.135.202.170 - - [26/Feb/2025:11:54:25 +0100] "GET /Jurek/eurofirany/images/386714/2.jpg HTTP/1.1" 200 67562 "http://www.ebay.com/" "Mozilla/4.0 (compatible; MSIE 4.01; Windows NT)"
66.135.202.173 - - [26/Feb/2025:11:54:25 +0100] "GET /Jurek/eurofirany/images/386714/0.jpg HTTP/1.1" 200 116944 "http://www.ebay.com/" "Mozilla/4.0 (compatible; MSIE 4.01; Windows NT)"
66.135.202.170 - - [26/Feb/2025:11:54:25 +0100] "GET /Jurek/eurofirany/images/386714/1.jpg HTTP/1.1" 200 126212 "http://www.ebay.com/" "Mozilla/4.0 (compatible; MSIE 4.01; Windows NT)"
66.135.202.172 - - [26/Feb/2025:11:54:25 +0100] "GET /Jurek/eurofirany/images/386714/5.jpg HTTP/1.1" 200 146621 "http://www.ebay.com/" "Mozilla/4.0 (compatible; MSIE 4.01; Windows NT)"
66.135.202.172 - - [26/Feb/2025:11:54:25 +0100] "GET /Jurek/eurofirany/images/386714/3.jpg HTTP/1.1" 200 142405 "http://www.ebay.com/" "Mozilla/4.0 (compatible; MSIE 4.01; Windows NT)"
66.135.202.169 - - [26/Feb/2025:11:54:25 +0100] "GET /Jurek/eurofirany/images/386714/6.jpg HTTP/1.1" 200 137122 "http://www.ebay.com/" "Mozilla/4.0 (compatible; MSIE 4.01; Windows NT)"
34.133.239.145 - - [26/Feb/2025:11:54:25 +0100] "GET /Jurek/eurofirany/images/383864/6.jpg HTTP/1.1" 200 6595 "-" "Mozilla/5.0 (X11; Linux x86_64) AppleWebKit/537.36 (KHTML, like Gecko) Chrome/110.0.0.0 Safari/537.36"
66.135.202.172 - - [26/Feb/2025:11:54:26 +0100] "GET /Jurek/eurofirany/images/386714/4.jpg HTTP/1.1" 200 212100 "http://www.ebay.com/" "Mozilla/4.0 (compatible; MSIE 4.01; Windows NT)"
216.213.27.158 - - [26/Feb/2025:11:54:26 +0100] "GET /Jurek/eurofirany/images/383860/6.jpg HTTP/2.0" 200 6595 "-" "Mozilla/5.0 (X11; Linux x86_64) AppleWebKit/537.36 (KHTML, like Gecko) Chrome/110.0.0.0 Safari/537.36"
66.135.202.172 - - [26/Feb/2025:11:54:26 +0100] "GET /Jurek/eurofirany/images/386714/7.jpg HTTP/1.1" 200 205760 "http://www.ebay.com/" "Mozilla/4.0 (compatible; MSIE 4.01; Windows NT)"
66.135.202.172 - - [26/Feb/2025:11:54:26 +0100] "GET /Jurek/eurofirany/images/386714/9.jpg HTTP/1.1" 200 203218 "http://www.ebay.com/" "Mozilla/4.0 (compatible; MSIE 4.01; Windows NT)"
66.135.202.173 - - [26/Feb/2025:11:54:26 +0100] "GET /Jurek/eurofirany/images/386714/8.jpg HTTP/1.1" 200 232179 "http://www.ebay.com/" "Mozilla/4.0 (compatible; MSIE 4.01; Windows NT)"
34.133.239.145 - - [26/Feb/2025:11:54:26 +0100] "GET /Jurek/eurofirany/images/383860/0.jpg HTTP/1.1" 200 214600 "-" "Mozilla/5.0 (X11; Linux x86_64) AppleWebKit/537.36 (KHTML, like Gecko) Chrome/110.0.0.0 Safari/537.36"
34.133.239.145 - - [26/Feb/2025:11:54:28 +0100] "GET /Jurek/eurofirany/images/383863/1.jpg HTTP/1.1" 200 145400 "-" "Mozilla/5.0 (X11; Linux x86_64) AppleWebKit/537.36 (KHTML, like Gecko) Chrome/110.0.0.0 Safari/537.36"
216.213.27.158 - - [26/Feb/2025:11:54:28 +0100] "GET /Jurek/eurofirany/images/383864/6.jpg HTTP/2.0" 200 6595 "-" "Mozilla/5.0 (X11; Linux x86_64) AppleWebKit/537.36 (KHTML, like Gecko) Chrome/110.0.0.0 Safari/537.36"
34.133.239.145 - - [26/Feb/2025:11:54:29 +0100] "GET /Jurek/eurofirany/images/383863/2.jpg HTTP/1.1" 200 193001 "-" "Mozilla/5.0 (X11; Linux x86_64) AppleWebKit/537.36 (KHTML, like Gecko) Chrome/110.0.0.0 Safari/537.36"
66.135.195.16 - - [26/Feb/2025:11:54:29 +0100] "GET /Jurek/eurofirany/images/383402/0.jpg HTTP/1.1" 200 115544 "http://www.ebay.com/" "Mozilla/4.0 (compatible; MSIE 4.01; Windows NT)"
66.135.195.19 - - [26/Feb/2025:11:54:29 +0100] "GET /Jurek/eurofirany/images/383402/2.jpg HTTP/1.1" 200 69150 "http://www.ebay.com/" "Mozilla/4.0 (compatible; MSIE 4.01; Windows NT)"
66.135.195.18 - - [26/Feb/2025:11:54:29 +0100] "GET /Jurek/eurofirany/images/383402/11.jpg HTTP/1.1" 200 149704 "http://www.ebay.com/" "Mozilla/4.0 (compatible; MSIE 4.01; Windows NT)"
66.135.195.19 - - [26/Feb/2025:11:54:30 +0100] "GET /Jurek/eurofirany/images/383402/9.jpg HTTP/1.1" 200 158791 "http://www.ebay.com/" "Mozilla/4.0 (compatible; MSIE 4.01; Windows NT)"
66.135.195.20 - - [26/Feb/2025:11:54:30 +0100] "GET /Jurek/eurofirany/images/383402/10.jpg HTTP/1.1" 200 155833 "http://www.ebay.com/" "Mozilla/4.0 (compatible; MSIE 4.01; Windows NT)"
66.135.195.19 - - [26/Feb/2025:11:54:30 +0100] "GET /Jurek/eurofirany/images/383402/1.jpg HTTP/1.1" 200 242101 "http://www.ebay.com/" "Mozilla/4.0 (compatible; MSIE 4.01; Windows NT)"
66.135.195.18 - - [26/Feb/2025:11:54:30 +0100] "GET /Jurek/eurofirany/images/383402/7.jpg HTTP/1.1" 200 245374 "http://www.ebay.com/" "Mozilla/4.0 (compatible; MSIE 4.01; Windows NT)"
66.135.195.19 - - [26/Feb/2025:11:54:30 +0100] "GET /Jurek/eurofirany/images/383402/3.jpg HTTP/1.1" 200 241373 "http://www.ebay.com/" "Mozilla/4.0 (compatible; MSIE 4.01; Windows NT)"
66.135.195.16 - - [26/Feb/2025:11:54:30 +0100] "GET /Jurek/eurofirany/images/383402/6.jpg HTTP/1.1" 200 243905 "http://www.ebay.com/" "Mozilla/4.0 (compatible; MSIE 4.01; Windows NT)"
66.135.195.20 - - [26/Feb/2025:11:54:30 +0100] "GET /Jurek/eurofirany/images/383402/8.jpg HTTP/1.1" 200 237099 "http://www.ebay.com/" "Mozilla/4.0 (compatible; MSIE 4.01; Windows NT)"
66.135.195.17 - - [26/Feb/2025:11:54:30 +0100] "GET /Jurek/eurofirany/images/383402/4.jpg HTTP/1.1" 200 266377 "http://www.ebay.com/" "Mozilla/4.0 (compatible; MSIE 4.01; Windows NT)"
66.135.195.16 - - [26/Feb/2025:11:54:30 +0100] "GET /Jurek/eurofirany/images/383402/5.jpg HTTP/1.1" 200 273171 "http://www.ebay.com/" "Mozilla/4.0 (compatible; MSIE 4.01; Windows NT)"
34.133.239.145 - - [26/Feb/2025:11:54:30 +0100] "GET /Jurek/eurofirany/images/383863/3.jpg HTTP/1.1" 200 150234 "-" "Mozilla/5.0 (X11; Linux x86_64) AppleWebKit/537.36 (KHTML, like Gecko) Chrome/110.0.0.0 Safari/537.36"
167.160.79.34 - - [26/Feb/2025:11:54:32 +0100] "GET /Jurek/eurofirany/images/383864/6.jpg HTTP/2.0" 200 6595 "-" "Mozilla/5.0 (X11; Linux x86_64) AppleWebKit/537.36 (KHTML, like Gecko) Chrome/110.0.0.0 Safari/537.36"
34.133.239.145 - - [26/Feb/2025:11:54:33 +0100] "GET /Jurek/eurofirany/images/383863/4.jpg HTTP/1.1" 200 190654 "-" "Mozilla/5.0 (X11; Linux x86_64) AppleWebKit/537.36 (KHTML, like Gecko) Chrome/110.0.0.0 Safari/537.36"
34.72.247.156 - - [26/Feb/2025:11:54:33 +0100] "GET /Jurek/eurofirany/images/383864/0.jpg HTTP/1.1" 200 194659 "-" "Mozilla/5.0 (X11; Linux x86_64) AppleWebKit/537.36 (KHTML, like Gecko) Chrome/110.0.0.0 Safari/537.36"
34.133.239.145 - - [26/Feb/2025:11:54:33 +0100] "GET /Jurek/eurofirany/images/383863/5.jpg HTTP/1.1" 200 116490 "-" "Mozilla/5.0 (X11; Linux x86_64) AppleWebKit/537.36 (KHTML, like Gecko) Chrome/110.0.0.0 Safari/537.36"
66.135.202.75 - - [26/Feb/2025:11:54:34 +0100] "GET /Jurek/eurofirany/images/386552/1.jpg HTTP/1.1" 200 62825 "http://www.ebay.com/" "Mozilla/4.0 (compatible; MSIE 4.01; Windows NT)"
66.135.202.74 - - [26/Feb/2025:11:54:34 +0100] "GET /Jurek/eurofirany/images/386552/0.jpg HTTP/1.1" 200 108727 "http://www.ebay.com/" "Mozilla/4.0 (compatible; MSIE 4.01; Windows NT)"
66.135.202.74 - - [26/Feb/2025:11:54:34 +0100] "GET /Jurek/eurofirany/images/386552/3.jpg HTTP/1.1" 200 111887 "http://www.ebay.com/" "Mozilla/4.0 (compatible; MSIE 4.01; Windows NT)"
66.135.202.71 - - [26/Feb/2025:11:54:34 +0100] "GET /Jurek/eurofirany/images/386552/2.jpg HTTP/1.1" 200 139483 "http://www.ebay.com/" "Mozilla/4.0 (compatible; MSIE 4.01; Windows NT)"
34.133.239.145 - - [26/Feb/2025:11:54:35 +0100] "GET /Jurek/eurofirany/images/383863/6.jpg HTTP/1.1" 200 6595 "-" "Mozilla/5.0 (X11; Linux x86_64) AppleWebKit/537.36 (KHTML, like Gecko) Chrome/110.0.0.0 Safari/537.36"
130.44.200.80 - - [26/Feb/2025:11:54:38 +0100] "GET /Jurek/eurofirany/images/383863/6.jpg HTTP/2.0" 200 6595 "-" "Mozilla/5.0 (X11; Linux x86_64) AppleWebKit/537.36 (KHTML, like Gecko) Chrome/110.0.0.0 Safari/537.36"
66.135.202.74 - - [26/Feb/2025:11:54:39 +0100] "GET /Jurek/eurofirany/images/383404/0.jpg HTTP/1.1" 200 105854 "http://www.ebay.com/" "Mozilla/4.0 (compatible; MSIE 4.01; Windows NT)"
66.135.202.72 - - [26/Feb/2025:11:54:39 +0100] "GET /Jurek/eurofirany/images/383404/2.jpg HTTP/1.1" 200 51535 "http://www.ebay.com/" "Mozilla/4.0 (compatible; MSIE 4.01; Windows NT)"
66.135.202.74 - - [26/Feb/2025:11:54:39 +0100] "GET /Jurek/eurofirany/images/383404/9.jpg HTTP/1.1" 200 105968 "http://www.ebay.com/" "Mozilla/4.0 (compatible; MSIE 4.01; Windows NT)"
66.135.202.73 - - [26/Feb/2025:11:54:39 +0100] "GET /Jurek/eurofirany/images/383404/11.jpg HTTP/1.1" 200 122945 "http://www.ebay.com/" "Mozilla/4.0 (compatible; MSIE 4.01; Windows NT)"
66.135.202.74 - - [26/Feb/2025:11:54:39 +0100] "GET /Jurek/eurofirany/images/383404/10.jpg HTTP/1.1" 200 137954 "http://www.ebay.com/" "Mozilla/4.0 (compatible; MSIE 4.01; Windows NT)"
66.135.202.73 - - [26/Feb/2025:11:54:39 +0100] "GET /Jurek/eurofirany/images/383404/3.jpg HTTP/1.1" 200 164092 "http://www.ebay.com/" "Mozilla/4.0 (compatible; MSIE 4.01; Windows NT)"
66.135.202.73 - - [26/Feb/2025:11:54:39 +0100] "GET /Jurek/eurofirany/images/383404/1.jpg HTTP/1.1" 200 179533 "http://www.ebay.com/" "Mozilla/4.0 (compatible; MSIE 4.01; Windows NT)"
66.135.202.74 - - [26/Feb/2025:11:54:40 +0100] "GET /Jurek/eurofirany/images/383404/6.jpg HTTP/1.1" 200 184510 "http://www.ebay.com/" "Mozilla/4.0 (compatible; MSIE 4.01; Windows NT)"
66.135.202.74 - - [26/Feb/2025:11:54:40 +0100] "GET /Jurek/eurofirany/images/383404/5.jpg HTTP/1.1" 200 212114 "http://www.ebay.com/" "Mozilla/4.0 (compatible; MSIE 4.01; Windows NT)"
66.135.202.73 - - [26/Feb/2025:11:54:40 +0100] "GET /Jurek/eurofirany/images/383404/4.jpg HTTP/1.1" 200 223066 "http://www.ebay.com/" "Mozilla/4.0 (compatible; MSIE 4.01; Windows NT)"
66.135.202.75 - - [26/Feb/2025:11:54:40 +0100] "GET /Jurek/eurofirany/images/383404/7.jpg HTTP/1.1" 200 202784 "http://www.ebay.com/" "Mozilla/4.0 (compatible; MSIE 4.01; Windows NT)"
66.135.202.72 - - [26/Feb/2025:11:54:40 +0100] "GET /Jurek/eurofirany/images/383404/8.jpg HTTP/1.1" 200 202989 "http://www.ebay.com/" "Mozilla/4.0 (compatible; MSIE 4.01; Windows NT)"
66.135.202.172 - - [26/Feb/2025:11:54:41 +0100] "GET /Jurek/eurofirany/images/386410/1.jpg HTTP/1.1" 200 93834 "http://www.ebay.com/" "Mozilla/4.0 (compatible; MSIE 4.01; Windows NT)"
66.135.202.170 - - [26/Feb/2025:11:54:41 +0100] "GET /Jurek/eurofirany/images/386410/0.jpg HTTP/1.1" 200 146280 "http://www.ebay.com/" "Mozilla/4.0 (compatible; MSIE 4.01; Windows NT)"
66.135.202.169 - - [26/Feb/2025:11:54:42 +0100] "GET /Jurek/eurofirany/images/386410/4.jpg HTTP/1.1" 200 190278 "http://www.ebay.com/" "Mozilla/4.0 (compatible; MSIE 4.01; Windows NT)"
66.135.202.171 - - [26/Feb/2025:11:54:42 +0100] "GET /Jurek/eurofirany/images/386410/2.jpg HTTP/1.1" 200 180049 "http://www.ebay.com/" "Mozilla/4.0 (compatible; MSIE 4.01; Windows NT)"
66.135.202.173 - - [26/Feb/2025:11:54:42 +0100] "GET /Jurek/eurofirany/images/386410/5.jpg HTTP/1.1" 200 186010 "http://www.ebay.com/" "Mozilla/4.0 (compatible; MSIE 4.01; Windows NT)"
66.135.202.171 - - [26/Feb/2025:11:54:42 +0100] "GET /Jurek/eurofirany/images/386410/3.jpg HTTP/1.1" 200 175960 "http://www.ebay.com/" "Mozilla/4.0 (compatible; MSIE 4.01; Windows NT)"
162.244.146.188 - - [26/Feb/2025:11:54:43 +0100] "GET /Jurek/eurofirany/images/383863/6.jpg HTTP/2.0" 200 6595 "-" "Mozilla/5.0 (X11; Linux x86_64) AppleWebKit/537.36 (KHTML, like Gecko) Chrome/110.0.0.0 Safari/537.36"
34.133.239.145 - - [26/Feb/2025:11:54:43 +0100] "GET /Jurek/eurofirany/images/383863/0.jpg HTTP/1.1" 200 184231 "-" "Mozilla/5.0 (X11; Linux x86_64) AppleWebKit/537.36 (KHTML, like Gecko) Chrome/110.0.0.0 Safari/537.36"
66.135.195.17 - - [26/Feb/2025:11:54:49 +0100] "GET /Jurek/eurofirany/images/347893/2.jpg HTTP/1.1" 200 36919 "http://www.ebay.com/" "Mozilla/4.0 (compatible; MSIE 4.01; Windows NT)"
66.135.195.19 - - [26/Feb/2025:11:54:49 +0100] "GET /Jurek/eurofirany/images/347893/1.jpg HTTP/1.1" 200 96217 "http://www.ebay.com/" "Mozilla/4.0 (compatible; MSIE 4.01; Windows NT)"
66.135.195.17 - - [26/Feb/2025:11:54:49 +0100] "GET /Jurek/eurofirany/images/347893/0.jpg HTTP/1.1" 200 74935 "http://www.ebay.com/" "Mozilla/4.0 (compatible; MSIE 4.01; Windows NT)"
66.135.195.16 - - [26/Feb/2025:11:54:50 +0100] "GET /Jurek/eurofirany/images/347893/3.jpg HTTP/1.1" 200 175411 "http://www.ebay.com/" "Mozilla/4.0 (compatible; MSIE 4.01; Windows NT)"
66.135.195.17 - - [26/Feb/2025:11:54:50 +0100] "GET /Jurek/eurofirany/images/347893/6.jpg HTTP/1.1" 200 182517 "http://www.ebay.com/" "Mozilla/4.0 (compatible; MSIE 4.01; Windows NT)"
66.135.195.18 - - [26/Feb/2025:11:54:50 +0100] "GET /Jurek/eurofirany/images/347893/4.jpg HTTP/1.1" 200 212280 "http://www.ebay.com/" "Mozilla/4.0 (compatible; MSIE 4.01; Windows NT)"
66.135.195.18 - - [26/Feb/2025:11:54:50 +0100] "GET /Jurek/eurofirany/images/347893/5.jpg HTTP/1.1" 200 231759 "http://www.ebay.com/" "Mozilla/4.0 (compatible; MSIE 4.01; Windows NT)"
3.126.202.245 - - [26/Feb/2025:11:54:54 +0100] "GET /Jurek/eurofirany/images/386908/0.jpg HTTP/2.0" 200 103774 "-" "Mozilla/5.0 (Windows NT 10.0; Win64; x64) AppleWebKit/537.36 (KHTML, like Gecko) Chrome/109.0.0.0 Safari/537.36"
18.157.125.26 - - [26/Feb/2025:11:54:54 +0100] "GET /Jurek/eurofirany/images/386907/0.jpg HTTP/2.0" 200 121252 "-" "Mozilla/5.0 (Windows NT 10.0; Win64; x64) AppleWebKit/537.36 (KHTML, like Gecko) Chrome/109.0.0.0 Safari/537.36"
18.157.125.26 - - [26/Feb/2025:11:54:59 +0100] "GET /Jurek/eurofirany/images/387441/0.jpg HTTP/2.0" 200 156439 "-" "Mozilla/5.0 (Windows NT 10.0; Win64; x64) AppleWebKit/537.36 (KHTML, like Gecko) Chrome/109.0.0.0 Safari/537.36"
66.135.202.171 - - [26/Feb/2025:11:54:59 +0100] "GET /Jurek/eurofirany/images/386907/3.jpg HTTP/1.1" 200 120936 "http://www.ebay.com/" "Mozilla/4.0 (compatible; MSIE 4.01; Windows NT)"
66.135.202.173 - - [26/Feb/2025:11:54:59 +0100] "GET /Jurek/eurofirany/images/386907/0.jpg HTTP/1.1" 200 121252 "http://www.ebay.com/" "Mozilla/4.0 (compatible; MSIE 4.01; Windows NT)"
66.135.202.169 - - [26/Feb/2025:11:54:59 +0100] "GET /Jurek/eurofirany/images/386907/2.jpg HTTP/1.1" 200 154305 "http://www.ebay.com/" "Mozilla/4.0 (compatible; MSIE 4.01; Windows NT)"
66.135.202.173 - - [26/Feb/2025:11:55:00 +0100] "GET /Jurek/eurofirany/images/386907/1.jpg HTTP/1.1" 200 261896 "http://www.ebay.com/" "Mozilla/4.0 (compatible; MSIE 4.01; Windows NT)"
66.135.195.18 - - [26/Feb/2025:11:55:18 +0100] "GET /Jurek/eurofirany/images/387441/1.jpg HTTP/1.1" 200 78405 "http://www.ebay.com/" "Mozilla/4.0 (compatible; MSIE 4.01; Windows NT)"
66.135.195.18 - - [26/Feb/2025:11:55:19 +0100] "GET /Jurek/eurofirany/images/387441/0.jpg HTTP/1.1" 200 156439 "http://www.ebay.com/" "Mozilla/4.0 (compatible; MSIE 4.01; Windows NT)"
66.135.195.17 - - [26/Feb/2025:11:55:19 +0100] "GET /Jurek/eurofirany/images/387441/2.jpg HTTP/1.1" 200 136108 "http://www.ebay.com/" "Mozilla/4.0 (compatible; MSIE 4.01; Windows NT)"
154.16.212.134 - - [26/Feb/2025:11:55:29 +0100] "GET /Jurek/topeshop/downloaded_images/5904507201463_5904507201463_(2).png HTTP/2.0" 200 321408 "https://vi.vipr.ebaydesc.com/" "Mozilla/5.0 (Windows NT 10.0; Win64; x64) AppleWebKit/537.36 (KHTML, like Gecko) Chrome/132.0.0.0 Safari/537.36"
89.161.206.59 - - [26/Feb/2025:11:55:35 +0100] "GET /Jurek/spali/feeds/spali_skroutz.xml HTTP/1.0" 200 101946 "-" "-"
89.161.206.59 - - [26/Feb/2025:11:55:36 +0100] "GET /Jurek/galopi/feeds/galopi_skroutz.xml HTTP/1.0" 200 1884692 "-" "-"
89.161.206.59 - - [26/Feb/2025:11:55:36 +0100] "GET /Jurek/combine/feeds/combine_skroutz.xml HTTP/1.0" 200 210555 "-" "-"
89.161.206.59 - - [26/Feb/2025:11:55:40 +0100] "GET /Jurek/velinda/feeds/velinda_skroutz.xml HTTP/1.0" 200 4294848 "-" "-"
66.249.66.68 - - [26/Feb/2025:11:55:46 +0100] "GET /Jurek/eurofirany/images/374446/2.jpg HTTP/1.1" 200 45648 "-" "Googlebot-Image/1.0"
46.101.116.244 - - [26/Feb/2025:11:56:07 +0100] "GET /Jurek/aw/feeds/aw_fnacfr.xml HTTP/1.0" 404 3551 "-" "-"
66.135.202.171 - - [26/Feb/2025:11:56:10 +0100] "GET /Jurek/eurofirany/images/386908/2.jpg HTTP/1.1" 200 120936 "http://www.ebay.com/" "Mozilla/4.0 (compatible; MSIE 4.01; Windows NT)"
66.135.202.170 - - [26/Feb/2025:11:56:10 +0100] "GET /Jurek/eurofirany/images/386908/0.jpg HTTP/1.1" 200 103774 "http://www.ebay.com/" "Mozilla/4.0 (compatible; MSIE 4.01; Windows NT)"
66.135.202.170 - - [26/Feb/2025:11:56:11 +0100] "GET /Jurek/eurofirany/images/386908/1.jpg HTTP/1.1" 200 154305 "http://www.ebay.com/" "Mozilla/4.0 (compatible; MSIE 4.01; Windows NT)"
193.33.8.61 - - [26/Feb/2025:11:56:12 +0100] "GET /Jurek/szpaklampy/feeds/szpaklampy_zero.xml HTTP/2.0" 200 416511 "https://konsola.dkkapusta1997.usermd.net/" "Mozilla/5.0 (Windows NT 10.0; Win64; x64) AppleWebKit/537.36 (KHTML, like Gecko) Chrome/132.0.0.0 Safari/537.36"
77.79.248.229 - - [26/Feb/2025:11:56:20 +0100] "GET /Jurek/szpaklampy/feeds/szpaklampy_zero.xml HTTP/1.1" 200 416511 "-" "Python-urllib/3.11"
89.161.206.59 - - [26/Feb/2025:11:56:24 +0100] "GET /Jurek/erohurtownia/feeds/erohurtownia_skroutz.xml HTTP/1.0" 200 23304062 "-" "-"
89.161.206.59 - - [26/Feb/2025:11:56:26 +0100] "GET /Jurek/reman/feeds/reman_skroutz.xml HTTP/1.0" 200 1394839 "-" "-"
89.161.206.59 - - [26/Feb/2025:11:56:28 +0100] "GET /Jurek/urwiskowo/feeds/urwiskowo_skroutz.xml HTTP/1.0" 200 9114972 "-" "-"
46.101.116.244 - - [26/Feb/2025:11:56:39 +0100] "GET /Filip/feeds/xlsx_ceneo.xml HTTP/1.0" 200 6241376 "-" "-"
51.77.52.107 - - [26/Feb/2025:11:56:40 +0100] "POST /Filip/Rovicky/baselinker/baselinker-ceneo-shumee.php HTTP/2.0" 200 106776 "-" "BaseLinker/1.0"
66.135.202.74 - - [26/Feb/2025:11:56:48 +0100] "GET /Jurek/eurofirany/images/396685/0.jpg HTTP/1.1" 200 99571 "-" "Java/17.0.12.0.101"
66.135.202.74 - - [26/Feb/2025:11:56:56 +0100] "GET /Jurek/eurofirany/images/379973/0.jpg HTTP/1.1" 200 47512 "http://www.ebay.com/" "Mozilla/4.0 (compatible; MSIE 4.01; Windows NT)"
66.135.202.72 - - [26/Feb/2025:11:56:57 +0100] "GET /Jurek/eurofirany/images/379973/1.jpg HTTP/1.1" 200 191410 "http://www.ebay.com/" "Mozilla/4.0 (compatible; MSIE 4.01; Windows NT)"
66.135.202.72 - - [26/Feb/2025:11:57:06 +0100] "GET /Jurek/eurofirany/images/389992/0.jpg HTTP/1.1" 200 91285 "-" "Java/17.0.12.0.101"
89.161.206.59 - - [26/Feb/2025:11:57:13 +0100] "GET /Jurek/topeshop/feeds/topeshop_ebayDE.xml HTTP/1.0" 200 1198522 "-" "-"
66.135.202.71 - - [26/Feb/2025:11:57:41 +0100] "GET /Jurek/eurofirany/images/388715/0.jpg HTTP/1.1" 200 104149 "-" "Java/17.0.12.0.101"
89.161.206.59 - - [26/Feb/2025:11:57:44 +0100] "GET /Jurek/madrex/feeds/madrex_skroutz.xml HTTP/1.0" 200 466723 "-" "-"
193.33.8.61 - - [26/Feb/2025:11:58:10 +0100] "GET /Jurek/drewdon/feeds/drewdon_zero.xml HTTP/2.0" 200 504502 "https://konsola.dkkapusta1997.usermd.net/" "Mozilla/5.0 (Windows NT 10.0; Win64; x64) AppleWebKit/537.36 (KHTML, like Gecko) Chrome/132.0.0.0 Safari/537.36"
77.79.248.229 - - [26/Feb/2025:11:58:21 +0100] "GET /Jurek/drewdon/feeds/drewdon_zero.xml HTTP/1.1" 200 504502 "-" "Python-urllib/3.11"
89.161.206.59 - - [26/Feb/2025:11:58:30 +0100] "GET /Jurek/aiofactory/feeds/aiofactory_skroutz.xml HTTP/1.0" 200 2180303 "-" "-"
89.161.206.59 - - [26/Feb/2025:11:58:48 +0100] "GET /Jurek/bass_new/feeds/bass_ebayde.xml HTTP/1.0" 200 4806975 "-" "-"
66.249.66.68 - - [26/Feb/2025:11:58:57 +0100] "GET /Jurek/eurofirany/images/383336/8.jpg HTTP/1.1" 200 37188 "-" "Googlebot-Image/1.0"
51.77.52.107 - - [26/Feb/2025:11:59:14 +0100] "GET /Jurek/eurofirany/images/386910/0.jpg HTTP/2.0" 200 113410 "-" "-"
51.77.52.107 - - [26/Feb/2025:11:59:18 +0100] "GET /Jurek/eurofirany/images/386911/0.jpg HTTP/2.0" 200 110476 "-" "-"
51.77.52.107 - - [26/Feb/2025:11:59:22 +0100] "GET /Jurek/eurofirany/images/386912/0.jpg HTTP/2.0" 200 100530 "-" "-"
51.77.52.107 - - [26/Feb/2025:11:59:26 +0100] "GET /Jurek/eurofirany/images/387623/0.jpg HTTP/2.0" 200 130654 "-" "-"
51.77.52.107 - - [26/Feb/2025:11:59:30 +0100] "GET /Jurek/eurofirany/images/387625/0.jpg HTTP/2.0" 200 115756 "-" "-"
89.161.206.59 - - [26/Feb/2025:11:59:31 +0100] "GET /Jurek/muminky/feeds/muminky_amazonde.xml HTTP/1.0" 200 2677716 "-" "-"
89.161.206.59 - - [26/Feb/2025:11:59:31 +0100] "GET /Jurek/muminky/feeds/muminky_amazonfr.xml HTTP/1.0" 200 2677725 "-" "-"
89.161.206.59 - - [26/Feb/2025:11:59:32 +0100] "GET /Jurek/muminky/feeds/muminky_amazonit.xml HTTP/1.0" 200 2677733 "-" "-"
89.161.206.59 - - [26/Feb/2025:11:59:32 +0100] "GET /Jurek/muminky/feeds/muminky_amazones.xml HTTP/1.0" 200 2677614 "-" "-"
89.161.206.59 - - [26/Feb/2025:11:59:32 +0100] "GET /Jurek/muminky/feeds/muminky_amazonnl.xml HTTP/1.0" 200 2677771 "-" "-"
89.161.206.59 - - [26/Feb/2025:11:59:32 +0100] "GET /Jurek/muminky/feeds/muminky_amazonbe.xml HTTP/1.0" 200 2677767 "-" "-"
51.77.52.107 - - [26/Feb/2025:11:59:39 +0100] "GET /Jurek/eurofirany/images/387626/0.jpg HTTP/2.0" 200 116453 "-" "-"
51.77.52.107 - - [26/Feb/2025:11:59:47 +0100] "GET /Jurek/eurofirany/images/387628/0.jpg HTTP/2.0" 200 108955 "-" "-"
51.77.52.107 - - [26/Feb/2025:11:59:52 +0100] "GET /Jurek/eurofirany/images/387630/0.jpg HTTP/2.0" 200 133431 "-" "-"
51.77.52.107 - - [26/Feb/2025:11:59:58 +0100] "GET /Jurek/eurofirany/images/387635/0.jpg HTTP/2.0" 200 135979 "-" "-"
193.33.8.61 - - [26/Feb/2025:12:00:00 +0100] "GET /Jurek/reman/feeds/reman_zero.xml HTTP/2.0" 200 1394851 "https://konsola.dkkapusta1997.usermd.net/" "Mozilla/5.0 (Windows NT 10.0; Win64; x64) AppleWebKit/537.36 (KHTML, like Gecko) Chrome/132.0.0.0 Safari/537.36"
34.89.217.203 - - [26/Feb/2025:12:00:03 +0100] "GET /Jurek/eurofirany/images/398808/0.jpg HTTP/2.0" 200 31541 "-" "Mozilla/5.0 (Macintosh; Intel Mac OS X 10.15; rv:78.0) Gecko/20100101 Firefox/78.0"
51.77.52.107 - - [26/Feb/2025:12:00:07 +0100] "GET /Jurek/eurofirany/images/387636/0.jpg HTTP/2.0" 200 108485 "-" "-"
77.79.248.229 - - [26/Feb/2025:12:00:07 +0100] "GET /Jurek/reman/feeds/reman_zero.xml HTTP/1.1" 200 1394851 "-" "Python-urllib/3.11"
51.77.52.107 - - [26/Feb/2025:12:00:11 +0100] "GET /Jurek/eurofirany/images/387658/0.jpg HTTP/2.0" 200 78878 "-" "-"
52.167.144.150 - - [26/Feb/2025:12:00:11 +0100] "GET /Jurek/eurofirany/images/390163/2.jpg HTTP/2.0" 200 56907 "-" "Mozilla/5.0 AppleWebKit/537.36 (KHTML, like Gecko; compatible; bingbot/2.0; +http://www.bing.com/bingbot.htm) Chrome/116.0.1938.76 Safari/537.36"
31.183.190.128 - - [26/Feb/2025:12:00:16 +0100] "GET /Jurek/lendo/feeds/lendo_zero.xml HTTP/2.0" 200 330364 "https://konsola.dkkapusta1997.usermd.net/" "Mozilla/5.0 (Windows NT 10.0; Win64; x64) AppleWebKit/537.36 (KHTML, like Gecko) Chrome/133.0.0.0 Safari/537.36"
51.77.52.107 - - [26/Feb/2025:12:00:19 +0100] "GET /Jurek/eurofirany/images/387667/0.jpg HTTP/2.0" 200 88849 "-" "-"
77.79.248.229 - - [26/Feb/2025:12:00:21 +0100] "GET /Jurek/lendo/feeds/lendo_zero.xml HTTP/1.1" 200 330364 "-" "Python-urllib/3.11"
51.77.52.107 - - [26/Feb/2025:12:00:23 +0100] "GET /Jurek/eurofirany/images/387669/0.jpg HTTP/2.0" 200 91963 "-" "-"
51.77.52.107 - - [26/Feb/2025:12:00:28 +0100] "GET /Jurek/eurofirany/images/387675/0.jpg HTTP/2.0" 200 91163 "-" "-"
85.14.86.141 - - [26/Feb/2025:12:00:31 +0100] "GET /Jurek/vida_morele/feeds/VidaPL_all.xml HTTP/2.0" 200 690083678 "-" "MarketplaceAPI curl/7.64.0 PHP/8"
51.77.52.107 - - [26/Feb/2025:12:00:37 +0100] "GET /Jurek/eurofirany/images/387678/0.jpg HTTP/2.0" 200 207607 "-" "-"
193.33.8.61 - - [26/Feb/2025:12:00:39 +0100] "GET /Jurek/topeshop/downloaded_images/5904507204082_7e4f6f564bd5b7f97c3b4cd62126.jpg HTTP/2.0" 200 81542 "-" "Mozilla/5.0 (Windows NT 10.0; Win64; x64) AppleWebKit/537.36 (KHTML, like Gecko) Chrome/133.0.0.0 Safari/537.36"
51.77.52.107 - - [26/Feb/2025:12:00:43 +0100] "GET /Jurek/eurofirany/images/392651/0.jpg HTTP/2.0" 200 105205 "-" "-"
66.135.202.72 - - [26/Feb/2025:12:00:46 +0100] "GET /Jurek/topeshop/downloaded_images/5902838466681_1.png HTTP/1.1" 404 3551 "http://www.ebay.com/" "Mozilla/4.0 (compatible; MSIE 4.01; Windows NT)"
66.135.202.74 - - [26/Feb/2025:12:00:46 +0100] "GET /Jurek/topeshop/downloaded_images/5902838466681_2.png HTTP/1.1" 404 3551 "http://www.ebay.com/" "Mozilla/4.0 (compatible; MSIE 4.01; Windows NT)"
66.135.202.73 - - [26/Feb/2025:12:00:46 +0100] "GET /Jurek/topeshop/downloaded_images/5902838466681_4.png HTTP/1.1" 404 3551 "http://www.ebay.com/" "Mozilla/4.0 (compatible; MSIE 4.01; Windows NT)"
66.135.202.73 - - [26/Feb/2025:12:00:46 +0100] "GET /Jurek/topeshop/downloaded_images/5902838466681_Artisan_Rtv.jpg HTTP/1.1" 404 3551 "http://www.ebay.com/" "Mozilla/4.0 (compatible; MSIE 4.01; Windows NT)"
66.135.202.73 - - [26/Feb/2025:12:00:46 +0100] "GET /Jurek/topeshop/downloaded_images/5902838466681_20st_1.png HTTP/1.1" 404 3551 "http://www.ebay.com/" "Mozilla/4.0 (compatible; MSIE 4.01; Windows NT)"
66.135.202.72 - - [26/Feb/2025:12:00:46 +0100] "GET /Jurek/topeshop/downloaded_images/5902838466681_3.png HTTP/1.1" 404 3551 "http://www.ebay.com/" "Mozilla/4.0 (compatible; MSIE 4.01; Windows NT)"
66.135.202.73 - - [26/Feb/2025:12:00:46 +0100] "GET /Jurek/topeshop/downloaded_images/5902838466681_I_RTV-140-MALWA_A.jpg HTTP/1.1" 200 139285 "http://www.ebay.com/" "Mozilla/4.0 (compatible; MSIE 4.01; Windows NT)"
66.135.202.72 - - [26/Feb/2025:12:00:46 +0100] "GET /Jurek/topeshop/downloaded_images/5902838466681_I_RTV-140-MALWA_o_A.jpg HTTP/1.1" 200 138461 "http://www.ebay.com/" "Mozilla/4.0 (compatible; MSIE 4.01; Windows NT)"
51.77.52.107 - - [26/Feb/2025:12:00:47 +0100] "GET /Jurek/eurofirany/images/392662/0.jpg HTTP/2.0" 200 166709 "-" "-"
52.18.22.0 - - [26/Feb/2025:12:00:49 +0100] "GET /marketplaces/ubaldi/results/ubaldi.csv HTTP/1.1" 200 147219 "-" "Mirakl HttpClient"
51.77.52.107 - - [26/Feb/2025:12:01:01 +0100] "GET /Jurek/eurofirany/images/373295/0.jpg HTTP/2.0" 200 103416 "-" "-"
66.249.66.67 - - [26/Feb/2025:12:01:05 +0100] "GET /Jurek/topeshop/downloaded_images/5904507201876_KUBABIURKOANTRACYT.png HTTP/1.1" 404 3551 "-" "Googlebot-Image/1.0"
51.77.52.107 - - [26/Feb/2025:12:01:11 +0100] "GET /Jurek/eurofirany/images/396061/0.jpg HTTP/2.0" 200 104226 "-" "-"
46.101.116.244 - - [26/Feb/2025:12:01:15 +0100] "GET /Jurek/aw/feeds/aw_fnacfr.xml HTTP/1.0" 404 3551 "-" "-"
51.77.52.107 - - [26/Feb/2025:12:01:20 +0100] "GET /Jurek/eurofirany/images/347892/0.jpg HTTP/2.0" 200 95213 "-" "-"
51.77.52.107 - - [26/Feb/2025:12:01:29 +0100] "GET /Jurek/eurofirany/images/362171/0.jpg HTTP/2.0" 200 69323 "-" "-"
193.33.8.61 - - [26/Feb/2025:12:01:32 +0100] "GET /Jurek/topeshop/downloaded_images/5904507204082_2d2effcc4301b607fd7c79d24fc4.jpg HTTP/2.0" 200 108416 "-" "Mozilla/5.0 (Windows NT 10.0; Win64; x64) AppleWebKit/537.36 (KHTML, like Gecko) Chrome/133.0.0.0 Safari/537.36"
51.77.52.107 - - [26/Feb/2025:12:01:36 +0100] "GET /Jurek/eurofirany/images/332347/0.jpg HTTP/2.0" 200 66982 "-" "-"
51.77.52.107 - - [26/Feb/2025:12:01:40 +0100] "GET /Jurek/eurofirany/images/354130/0.jpg HTTP/2.0" 200 86906 "-" "-"
46.101.116.244 - - [26/Feb/2025:12:01:48 +0100] "GET /Filip/feeds/xlsx_ceneo.xml HTTP/1.0" 200 6241376 "-" "-"
51.77.52.107 - - [26/Feb/2025:12:01:49 +0100] "POST /Filip/Rovicky/baselinker/baselinker-ceneo-shumee.php HTTP/2.0" 200 106776 "-" "BaseLinker/1.0"
51.77.52.107 - - [26/Feb/2025:12:01:49 +0100] "GET /Jurek/eurofirany/images/367060/0.jpg HTTP/2.0" 200 159462 "-" "-"
51.77.52.107 - - [26/Feb/2025:12:01:54 +0100] "GET /Jurek/eurofirany/images/367061/0.jpg HTTP/2.0" 200 159462 "-" "-"
51.77.52.107 - - [26/Feb/2025:12:01:57 +0100] "GET /Jurek/eurofirany/images/367853/0.jpg HTTP/2.0" 200 67141 "-" "-"
51.77.52.107 - - [26/Feb/2025:12:02:05 +0100] "GET /Jurek/eurofirany/images/378082/0.jpg HTTP/2.0" 200 81585 "-" "-"
66.249.66.68 - - [26/Feb/2025:12:02:09 +0100] "GET /Jurek/eurofirany/images/386712/9.jpg HTTP/1.1" 200 265345 "-" "Googlebot-Image/1.0"
51.77.52.107 - - [26/Feb/2025:12:02:13 +0100] "GET /Jurek/eurofirany/images/383972/0.jpg HTTP/2.0" 200 187355 "-" "-"
52.209.168.113 - - [26/Feb/2025:12:02:14 +0100] "GET /marketplaces/rue/results/rue.csv HTTP/1.1" 200 147219 "-" "Mirakl HttpClient"
85.14.86.141 - - [26/Feb/2025:12:02:18 +0100] "GET /Jurek/kinghoff/feeds/kinghoff_morele.xml HTTP/2.0" 200 14849863 "-" "MarketplaceAPI curl/7.64.0 PHP/8"
51.77.52.107 - - [26/Feb/2025:12:02:23 +0100] "GET /Jurek/eurofirany/images/383973/0.jpg HTTP/2.0" 200 198029 "-" "-"
51.77.52.107 - - [26/Feb/2025:12:02:32 +0100] "GET /Jurek/eurofirany/images/387942/0.jpg HTTP/2.0" 200 194169 "-" "-"
51.77.52.107 - - [26/Feb/2025:12:02:41 +0100] "GET /Jurek/eurofirany/images/387943/0.jpg HTTP/2.0" 200 187082 "-" "-"
51.77.52.107 - - [26/Feb/2025:12:02:55 +0100] "GET /Jurek/eurofirany/images/387945/0.jpg HTTP/2.0" 200 175590 "-" "-"
51.77.52.107 - - [26/Feb/2025:12:02:59 +0100] "GET /Jurek/eurofirany/images/347153/0.jpg HTTP/2.0" 200 101021 "-" "-"
51.77.52.107 - - [26/Feb/2025:12:03:06 +0100] "GET /Jurek/eurofirany/images/367100/0.jpg HTTP/2.0" 200 65189 "-" "-"
51.77.52.107 - - [26/Feb/2025:12:03:09 +0100] "GET /Jurek/eurofirany/images/367101/0.jpg HTTP/2.0" 200 62617 "-" "-"
51.77.52.107 - - [26/Feb/2025:12:03:17 +0100] "GET /Jurek/eurofirany/images/367104/0.jpg HTTP/2.0" 200 66944 "-" "-"
51.77.52.107 - - [26/Feb/2025:12:03:26 +0100] "GET /Jurek/eurofirany/images/367106/0.jpg HTTP/2.0" 200 65242 "-" "-"
51.77.52.107 - - [26/Feb/2025:12:03:34 +0100] "GET /Jurek/eurofirany/images/380565/0.jpg HTTP/2.0" 200 152354 "-" "-"
51.77.52.107 - - [26/Feb/2025:12:03:39 +0100] "GET /Jurek/eurofirany/images/380566/0.jpg HTTP/2.0" 200 145507 "-" "-"
62.146.215.34 - - [26/Feb/2025:12:03:45 +0100] "GET /Jurek/eurofirany/images/372964/0.jpg HTTP/2.0" 304 0 "-" "billigerbot/1.0"
85.14.86.141 - - [26/Feb/2025:12:03:46 +0100] "GET /Jurek/eurofirany/feeds/eurofirany_morele.xml HTTP/2.0" 200 18985977 "-" "MarketplaceAPI curl/7.64.0 PHP/8"
51.77.52.107 - - [26/Feb/2025:12:03:49 +0100] "GET /Jurek/eurofirany/images/383400/0.jpg HTTP/2.0" 200 106302 "-" "-"
85.14.86.141 - - [26/Feb/2025:12:03:58 +0100] "GET /Jurek/vivaldi/feeds/vivaldi_Morele-PL.xml HTTP/2.0" 200 344674 "-" "MarketplaceAPI curl/7.64.0 PHP/8"
51.77.52.107 - - [26/Feb/2025:12:04:00 +0100] "GET /Jurek/eurofirany/images/383406/0.jpg HTTP/2.0" 200 133986 "-" "-"
