66.135.202.75 - - [26/Feb/2025:11:43:20 +0100] "GET /Jurek/eurofirany/images/335299/3.jpg HTTP/1.1" 200 88487 "http://www.ebay.com/" "Mozilla/4.0 (compatible; MSIE 4.01; Windows NT)"
66.135.202.71 - - [26/Feb/2025:11:43:20 +0100] "GET /Jurek/eurofirany/images/335299/6.jpg HTTP/1.1" 200 116448 "http://www.ebay.com/" "Mozilla/4.0 (compatible; MSIE 4.01; Windows NT)"
66.135.202.73 - - [26/Feb/2025:11:43:20 +0100] "GET /Jurek/eurofirany/images/335299/8.jpg HTTP/1.1" 200 90540 "http://www.ebay.com/" "Mozilla/4.0 (compatible; MSIE 4.01; Windows NT)"
66.135.202.73 - - [26/Feb/2025:11:43:20 +0100] "GET /Jurek/eurofirany/images/335299/0.jpg HTTP/1.1" 200 127225 "http://www.ebay.com/" "Mozilla/4.0 (compatible; MSIE 4.01; Windows NT)"
66.135.202.72 - - [26/Feb/2025:11:43:21 +0100] "GET /Jurek/eurofirany/images/335299/5.jpg HTTP/1.1" 200 180567 "http://www.ebay.com/" "Mozilla/4.0 (compatible; MSIE 4.01; Windows NT)"
66.135.202.75 - - [26/Feb/2025:11:43:21 +0100] "GET /Jurek/eurofirany/images/335299/4.jpg HTTP/1.1" 200 196729 "http://www.ebay.com/" "Mozilla/4.0 (compatible; MSIE 4.01; Windows NT)"
66.135.202.72 - - [26/Feb/2025:11:43:21 +0100] "GET /Jurek/eurofirany/images/335299/7.jpg HTTP/1.1" 200 202197 "http://www.ebay.com/" "Mozilla/4.0 (compatible; MSIE 4.01; Windows NT)"
46.101.116.244 - - [26/Feb/2025:11:43:22 +0100] "GET /Jurek/aw/feeds/aw_fnacfr.xml HTTP/1.0" 404 3551 "-" "-"
66.135.195.19 - - [26/Feb/2025:11:43:24 +0100] "GET /Jurek/eurofirany/images/388545/1.jpg HTTP/1.1" 200 99610 "http://www.ebay.com/" "Mozilla/4.0 (compatible; MSIE 4.01; Windows NT)"
66.135.195.17 - - [26/Feb/2025:11:43:24 +0100] "GET /Jurek/eurofirany/images/388545/2.jpg HTTP/1.1" 200 112992 "http://www.ebay.com/" "Mozilla/4.0 (compatible; MSIE 4.01; Windows NT)"
66.135.195.16 - - [26/Feb/2025:11:43:25 +0100] "GET /Jurek/eurofirany/images/388545/0.jpg HTTP/1.1" 200 150112 "http://www.ebay.com/" "Mozilla/4.0 (compatible; MSIE 4.01; Windows NT)"
66.135.195.16 - - [26/Feb/2025:11:43:25 +0100] "GET /Jurek/eurofirany/images/388545/3.jpg HTTP/1.1" 200 189623 "http://www.ebay.com/" "Mozilla/4.0 (compatible; MSIE 4.01; Windows NT)"
66.135.195.20 - - [26/Feb/2025:11:43:25 +0100] "GET /Jurek/eurofirany/images/388545/4.jpg HTTP/1.1" 200 189623 "http://www.ebay.com/" "Mozilla/4.0 (compatible; MSIE 4.01; Windows NT)"
89.161.206.59 - - [26/Feb/2025:11:43:26 +0100] "GET /Jurek/kambukka/feeds/kambukka_emagro.xml HTTP/1.0" 200 1043891 "-" "-"
66.135.195.20 - - [26/Feb/2025:11:43:26 +0100] "GET /Jurek/eurofirany/images/385837/0.jpg HTTP/1.1" 200 156925 "-" "Java/17.0.12.0.101"
66.135.202.73 - - [26/Feb/2025:11:43:26 +0100] "GET /Jurek/eurofirany/images/388525/2.jpg HTTP/1.1" 200 114663 "http://www.ebay.com/" "Mozilla/4.0 (compatible; MSIE 4.01; Windows NT)"
66.135.202.75 - - [26/Feb/2025:11:43:26 +0100] "GET /Jurek/eurofirany/images/388525/1.jpg HTTP/1.1" 200 105552 "http://www.ebay.com/" "Mozilla/4.0 (compatible; MSIE 4.01; Windows NT)"
66.135.202.72 - - [26/Feb/2025:11:43:27 +0100] "GET /Jurek/eurofirany/images/388525/4.jpg HTTP/1.1" 200 92906 "http://www.ebay.com/" "Mozilla/4.0 (compatible; MSIE 4.01; Windows NT)"
66.135.202.75 - - [26/Feb/2025:11:43:27 +0100] "GET /Jurek/eurofirany/images/388525/0.jpg HTTP/1.1" 200 154133 "http://www.ebay.com/" "Mozilla/4.0 (compatible; MSIE 4.01; Windows NT)"
66.135.202.72 - - [26/Feb/2025:11:43:27 +0100] "GET /Jurek/eurofirany/images/388525/3.jpg HTTP/1.1" 200 144427 "http://www.ebay.com/" "Mozilla/4.0 (compatible; MSIE 4.01; Windows NT)"
66.135.202.74 - - [26/Feb/2025:11:43:27 +0100] "GET /Jurek/eurofirany/images/392049/1.jpg HTTP/1.1" 200 83988 "http://www.ebay.com/" "Mozilla/4.0 (compatible; MSIE 4.01; Windows NT)"
66.135.202.75 - - [26/Feb/2025:11:43:27 +0100] "GET /Jurek/eurofirany/images/392049/2.jpg HTTP/1.1" 200 92684 "http://www.ebay.com/" "Mozilla/4.0 (compatible; MSIE 4.01; Windows NT)"
66.135.202.73 - - [26/Feb/2025:11:43:28 +0100] "GET /Jurek/eurofirany/images/392049/3.jpg HTTP/1.1" 200 147591 "http://www.ebay.com/" "Mozilla/4.0 (compatible; MSIE 4.01; Windows NT)"
66.135.202.71 - - [26/Feb/2025:11:43:28 +0100] "GET /Jurek/eurofirany/images/392049/0.jpg HTTP/1.1" 200 166910 "http://www.ebay.com/" "Mozilla/4.0 (compatible; MSIE 4.01; Windows NT)"
66.135.202.75 - - [26/Feb/2025:11:43:28 +0100] "GET /Jurek/eurofirany/images/392049/5.jpg HTTP/1.1" 200 202876 "http://www.ebay.com/" "Mozilla/4.0 (compatible; MSIE 4.01; Windows NT)"
66.135.202.72 - - [26/Feb/2025:11:43:28 +0100] "GET /Jurek/eurofirany/images/392049/6.jpg HTTP/1.1" 200 219017 "http://www.ebay.com/" "Mozilla/4.0 (compatible; MSIE 4.01; Windows NT)"
66.135.202.74 - - [26/Feb/2025:11:43:28 +0100] "GET /Jurek/eurofirany/images/392049/4.jpg HTTP/1.1" 200 257466 "http://www.ebay.com/" "Mozilla/4.0 (compatible; MSIE 4.01; Windows NT)"
66.135.202.173 - - [26/Feb/2025:11:43:30 +0100] "GET /Jurek/eurofirany/images/386174/0.jpg HTTP/1.1" 200 76075 "-" "Java/17.0.12.0.101"
66.135.202.169 - - [26/Feb/2025:11:43:30 +0100] "GET /Jurek/eurofirany/images/387726/0.jpg HTTP/1.1" 200 63324 "http://www.ebay.com/" "Mozilla/4.0 (compatible; MSIE 4.01; Windows NT)"
66.135.202.171 - - [26/Feb/2025:11:43:30 +0100] "GET /Jurek/eurofirany/images/387726/2.jpg HTTP/1.1" 200 54970 "http://www.ebay.com/" "Mozilla/4.0 (compatible; MSIE 4.01; Windows NT)"
66.135.202.170 - - [26/Feb/2025:11:43:30 +0100] "GET /Jurek/eurofirany/images/387726/1.jpg HTTP/1.1" 200 69382 "http://www.ebay.com/" "Mozilla/4.0 (compatible; MSIE 4.01; Windows NT)"
66.135.202.170 - - [26/Feb/2025:11:43:30 +0100] "GET /Jurek/eurofirany/images/387726/3.jpg HTTP/1.1" 200 112729 "http://www.ebay.com/" "Mozilla/4.0 (compatible; MSIE 4.01; Windows NT)"
66.135.202.169 - - [26/Feb/2025:11:43:30 +0100] "GET /Jurek/eurofirany/images/387726/4.jpg HTTP/1.1" 200 135943 "http://www.ebay.com/" "Mozilla/4.0 (compatible; MSIE 4.01; Windows NT)"
66.135.202.169 - - [26/Feb/2025:11:43:31 +0100] "GET /Jurek/eurofirany/images/386249/0.jpg HTTP/1.1" 200 113011 "-" "Java/17.0.12.0.101"
66.135.195.17 - - [26/Feb/2025:11:43:33 +0100] "GET /Jurek/eurofirany/images/386247/0.jpg HTTP/1.1" 200 110653 "-" "Java/17.0.12.0.101"
66.135.202.169 - - [26/Feb/2025:11:43:33 +0100] "GET /Jurek/eurofirany/images/388539/1.jpg HTTP/1.1" 200 103872 "http://www.ebay.com/" "Mozilla/4.0 (compatible; MSIE 4.01; Windows NT)"
66.135.202.172 - - [26/Feb/2025:11:43:33 +0100] "GET /Jurek/eurofirany/images/388539/2.jpg HTTP/1.1" 200 117486 "http://www.ebay.com/" "Mozilla/4.0 (compatible; MSIE 4.01; Windows NT)"
66.135.202.170 - - [26/Feb/2025:11:43:34 +0100] "GET /Jurek/eurofirany/images/388539/3.jpg HTTP/1.1" 200 177071 "http://www.ebay.com/" "Mozilla/4.0 (compatible; MSIE 4.01; Windows NT)"
66.135.202.173 - - [26/Feb/2025:11:43:34 +0100] "GET /Jurek/eurofirany/images/388539/4.jpg HTTP/1.1" 200 193138 "http://www.ebay.com/" "Mozilla/4.0 (compatible; MSIE 4.01; Windows NT)"
66.135.202.171 - - [26/Feb/2025:11:43:34 +0100] "GET /Jurek/eurofirany/images/388539/0.jpg HTTP/1.1" 200 191521 "http://www.ebay.com/" "Mozilla/4.0 (compatible; MSIE 4.01; Windows NT)"
66.135.195.19 - - [26/Feb/2025:11:43:35 +0100] "GET /Jurek/eurofirany/images/385835/0.jpg HTTP/1.1" 200 154994 "-" "Java/17.0.12.0.101"
66.135.202.72 - - [26/Feb/2025:11:43:37 +0100] "GET /Jurek/eurofirany/images/390240/1.jpg HTTP/1.1" 200 69532 "http://www.ebay.com/" "Mozilla/4.0 (compatible; MSIE 4.01; Windows NT)"
66.135.202.73 - - [26/Feb/2025:11:43:37 +0100] "GET /Jurek/eurofirany/images/390240/0.jpg HTTP/1.1" 200 130652 "http://www.ebay.com/" "Mozilla/4.0 (compatible; MSIE 4.01; Windows NT)"
66.135.202.73 - - [26/Feb/2025:11:43:37 +0100] "GET /Jurek/eurofirany/images/390240/3.jpg HTTP/1.1" 200 122470 "http://www.ebay.com/" "Mozilla/4.0 (compatible; MSIE 4.01; Windows NT)"
66.135.202.73 - - [26/Feb/2025:11:43:38 +0100] "GET /Jurek/eurofirany/images/390240/2.jpg HTTP/1.1" 200 180485 "http://www.ebay.com/" "Mozilla/4.0 (compatible; MSIE 4.01; Windows NT)"
66.135.202.74 - - [26/Feb/2025:11:43:38 +0100] "GET /Jurek/eurofirany/images/390240/4.jpg HTTP/1.1" 200 164919 "http://www.ebay.com/" "Mozilla/4.0 (compatible; MSIE 4.01; Windows NT)"
66.135.202.72 - - [26/Feb/2025:11:43:38 +0100] "GET /Jurek/eurofirany/images/384149/8.jpg HTTP/1.1" 200 97390 "http://www.ebay.com/" "Mozilla/4.0 (compatible; MSIE 4.01; Windows NT)"
66.135.202.71 - - [26/Feb/2025:11:43:38 +0100] "GET /Jurek/eurofirany/images/384149/4.jpg HTTP/1.1" 200 119667 "http://www.ebay.com/" "Mozilla/4.0 (compatible; MSIE 4.01; Windows NT)"
66.135.202.71 - - [26/Feb/2025:11:43:38 +0100] "GET /Jurek/eurofirany/images/384149/7.jpg HTTP/1.1" 200 107470 "http://www.ebay.com/" "Mozilla/4.0 (compatible; MSIE 4.01; Windows NT)"
66.135.202.74 - - [26/Feb/2025:11:43:38 +0100] "GET /Jurek/eurofirany/images/384149/9.jpg HTTP/1.1" 200 92878 "http://www.ebay.com/" "Mozilla/4.0 (compatible; MSIE 4.01; Windows NT)"
66.135.202.72 - - [26/Feb/2025:11:43:38 +0100] "GET /Jurek/eurofirany/images/384149/6.jpg HTTP/1.1" 200 112630 "http://www.ebay.com/" "Mozilla/4.0 (compatible; MSIE 4.01; Windows NT)"
66.135.202.73 - - [26/Feb/2025:11:43:38 +0100] "GET /Jurek/eurofirany/images/384149/2.jpg HTTP/1.1" 200 93553 "http://www.ebay.com/" "Mozilla/4.0 (compatible; MSIE 4.01; Windows NT)"
66.135.202.75 - - [26/Feb/2025:11:43:38 +0100] "GET /Jurek/eurofirany/images/384149/1.jpg HTTP/1.1" 200 72070 "http://www.ebay.com/" "Mozilla/4.0 (compatible; MSIE 4.01; Windows NT)"
66.135.202.75 - - [26/Feb/2025:11:43:38 +0100] "GET /Jurek/eurofirany/images/384149/0.jpg HTTP/1.1" 200 102970 "http://www.ebay.com/" "Mozilla/4.0 (compatible; MSIE 4.01; Windows NT)"
66.135.202.72 - - [26/Feb/2025:11:43:38 +0100] "GET /Jurek/eurofirany/images/384149/3.jpg HTTP/1.1" 200 44430 "http://www.ebay.com/" "Mozilla/4.0 (compatible; MSIE 4.01; Windows NT)"
66.135.202.73 - - [26/Feb/2025:11:43:38 +0100] "GET /Jurek/eurofirany/images/384149/11.jpg HTTP/1.1" 200 112577 "http://www.ebay.com/" "Mozilla/4.0 (compatible; MSIE 4.01; Windows NT)"
66.135.202.73 - - [26/Feb/2025:11:43:38 +0100] "GET /Jurek/eurofirany/images/384149/5.jpg HTTP/1.1" 200 156865 "http://www.ebay.com/" "Mozilla/4.0 (compatible; MSIE 4.01; Windows NT)"
66.135.195.17 - - [26/Feb/2025:11:43:38 +0100] "GET /Jurek/eurofirany/images/352555/1.jpg HTTP/1.1" 200 97293 "http://www.ebay.com/" "Mozilla/4.0 (compatible; MSIE 4.01; Windows NT)"
66.135.202.73 - - [26/Feb/2025:11:43:38 +0100] "GET /Jurek/eurofirany/images/384149/10.jpg HTTP/1.1" 200 170104 "http://www.ebay.com/" "Mozilla/4.0 (compatible; MSIE 4.01; Windows NT)"
66.135.195.19 - - [26/Feb/2025:11:43:38 +0100] "GET /Jurek/eurofirany/images/352555/0.jpg HTTP/1.1" 200 108632 "http://www.ebay.com/" "Mozilla/4.0 (compatible; MSIE 4.01; Windows NT)"
66.135.195.19 - - [26/Feb/2025:11:43:39 +0100] "GET /Jurek/eurofirany/images/352555/2.jpg HTTP/1.1" 200 82196 "http://www.ebay.com/" "Mozilla/4.0 (compatible; MSIE 4.01; Windows NT)"
66.135.195.17 - - [26/Feb/2025:11:43:39 +0100] "GET /Jurek/eurofirany/images/352555/3.jpg HTTP/1.1" 200 86531 "http://www.ebay.com/" "Mozilla/4.0 (compatible; MSIE 4.01; Windows NT)"
66.135.195.18 - - [26/Feb/2025:11:43:39 +0100] "GET /Jurek/eurofirany/images/352555/5.jpg HTTP/1.1" 200 145270 "http://www.ebay.com/" "Mozilla/4.0 (compatible; MSIE 4.01; Windows NT)"
66.135.195.18 - - [26/Feb/2025:11:43:39 +0100] "GET /Jurek/eurofirany/images/352555/6.jpg HTTP/1.1" 200 163936 "http://www.ebay.com/" "Mozilla/4.0 (compatible; MSIE 4.01; Windows NT)"
66.135.195.17 - - [26/Feb/2025:11:43:39 +0100] "GET /Jurek/eurofirany/images/352555/8.jpg HTTP/1.1" 200 150169 "http://www.ebay.com/" "Mozilla/4.0 (compatible; MSIE 4.01; Windows NT)"
66.135.195.20 - - [26/Feb/2025:11:43:39 +0100] "GET /Jurek/eurofirany/images/352555/7.jpg HTTP/1.1" 200 164737 "http://www.ebay.com/" "Mozilla/4.0 (compatible; MSIE 4.01; Windows NT)"
66.135.195.20 - - [26/Feb/2025:11:43:39 +0100] "GET /Jurek/eurofirany/images/352555/4.jpg HTTP/1.1" 200 194842 "http://www.ebay.com/" "Mozilla/4.0 (compatible; MSIE 4.01; Windows NT)"
66.135.195.17 - - [26/Feb/2025:11:43:39 +0100] "GET /Jurek/eurofirany/images/352555/9.jpg HTTP/1.1" 200 168808 "http://www.ebay.com/" "Mozilla/4.0 (compatible; MSIE 4.01; Windows NT)"
66.135.195.17 - - [26/Feb/2025:11:43:39 +0100] "GET /Jurek/eurofirany/images/352555/10.jpg HTTP/1.1" 200 168808 "http://www.ebay.com/" "Mozilla/4.0 (compatible; MSIE 4.01; Windows NT)"
193.33.8.61 - - [26/Feb/2025:11:43:40 +0100] "GET /Jurek/topeshop/feeds/topeshop_zero.xml HTTP/2.0" 304 0 "https://konsola.dkkapusta1997.usermd.net/" "Mozilla/5.0 (Windows NT 10.0; Win64; x64) AppleWebKit/537.36 (KHTML, like Gecko) Chrome/133.0.0.0 Safari/537.36"
34.72.247.156 - - [26/Feb/2025:11:43:42 +0100] "GET /Jurek/eurofirany/images/388708/3.jpg HTTP/1.1" 200 148189 "-" "Mozilla/5.0 (X11; Linux x86_64) AppleWebKit/537.36 (KHTML, like Gecko) Chrome/110.0.0.0 Safari/537.36"
34.72.247.156 - - [26/Feb/2025:11:43:43 +0100] "GET /Jurek/eurofirany/images/388708/4.jpg HTTP/1.1" 200 184712 "-" "Mozilla/5.0 (X11; Linux x86_64) AppleWebKit/537.36 (KHTML, like Gecko) Chrome/110.0.0.0 Safari/537.36"
34.72.247.156 - - [26/Feb/2025:11:43:44 +0100] "GET /Jurek/eurofirany/images/388708/1.jpg HTTP/1.1" 200 91702 "-" "Mozilla/5.0 (X11; Linux x86_64) AppleWebKit/537.36 (KHTML, like Gecko) Chrome/110.0.0.0 Safari/537.36"
34.133.239.145 - - [26/Feb/2025:11:43:45 +0100] "GET /Jurek/eurofirany/images/388708/2.jpg HTTP/1.1" 200 108403 "-" "Mozilla/5.0 (X11; Linux x86_64) AppleWebKit/537.36 (KHTML, like Gecko) Chrome/110.0.0.0 Safari/537.36"
34.133.239.145 - - [26/Feb/2025:11:43:46 +0100] "GET /Jurek/eurofirany/images/388681/1.jpg HTTP/1.1" 200 123723 "-" "Mozilla/5.0 (X11; Linux x86_64) AppleWebKit/537.36 (KHTML, like Gecko) Chrome/110.0.0.0 Safari/537.36"
34.133.239.145 - - [26/Feb/2025:11:43:46 +0100] "GET /Jurek/eurofirany/images/388708/0.jpg HTTP/1.1" 200 135931 "-" "Mozilla/5.0 (X11; Linux x86_64) AppleWebKit/537.36 (KHTML, like Gecko) Chrome/110.0.0.0 Safari/537.36"
34.133.239.145 - - [26/Feb/2025:11:43:47 +0100] "GET /Jurek/eurofirany/images/388681/2.jpg HTTP/1.1" 200 109621 "-" "Mozilla/5.0 (X11; Linux x86_64) AppleWebKit/537.36 (KHTML, like Gecko) Chrome/110.0.0.0 Safari/537.36"
66.135.195.18 - - [26/Feb/2025:11:43:47 +0100] "GET /Jurek/eurofirany/images/386189/0.jpg HTTP/1.1" 200 98210 "-" "Java/17.0.12.0.101"
34.133.239.145 - - [26/Feb/2025:11:43:47 +0100] "GET /Jurek/eurofirany/images/388681/3.jpg HTTP/1.1" 200 145341 "-" "Mozilla/5.0 (X11; Linux x86_64) AppleWebKit/537.36 (KHTML, like Gecko) Chrome/110.0.0.0 Safari/537.36"
66.135.202.72 - - [26/Feb/2025:11:43:49 +0100] "GET /Jurek/eurofirany/images/384158/0.jpg HTTP/1.1" 200 111336 "http://www.ebay.com/" "Mozilla/4.0 (compatible; MSIE 4.01; Windows NT)"
66.135.202.72 - - [26/Feb/2025:11:43:49 +0100] "GET /Jurek/eurofirany/images/384158/7.jpg HTTP/1.1" 200 110518 "http://www.ebay.com/" "Mozilla/4.0 (compatible; MSIE 4.01; Windows NT)"
66.135.202.74 - - [26/Feb/2025:11:43:49 +0100] "GET /Jurek/eurofirany/images/384158/2.jpg HTTP/1.1" 200 112248 "http://www.ebay.com/" "Mozilla/4.0 (compatible; MSIE 4.01; Windows NT)"
66.135.202.75 - - [26/Feb/2025:11:43:49 +0100] "GET /Jurek/eurofirany/images/384158/1.jpg HTTP/1.1" 200 81191 "http://www.ebay.com/" "Mozilla/4.0 (compatible; MSIE 4.01; Windows NT)"
66.135.202.71 - - [26/Feb/2025:11:43:49 +0100] "GET /Jurek/eurofirany/images/384158/3.jpg HTTP/1.1" 200 50273 "http://www.ebay.com/" "Mozilla/4.0 (compatible; MSIE 4.01; Windows NT)"
66.135.202.72 - - [26/Feb/2025:11:43:49 +0100] "GET /Jurek/eurofirany/images/384158/4.jpg HTTP/1.1" 200 127373 "http://www.ebay.com/" "Mozilla/4.0 (compatible; MSIE 4.01; Windows NT)"
66.135.202.73 - - [26/Feb/2025:11:43:49 +0100] "GET /Jurek/eurofirany/images/379537/2.jpg HTTP/1.1" 200 97977 "http://www.ebay.com/" "Mozilla/4.0 (compatible; MSIE 4.01; Windows NT)"
66.135.202.73 - - [26/Feb/2025:11:43:49 +0100] "GET /Jurek/eurofirany/images/384158/11.jpg HTTP/1.1" 200 119504 "http://www.ebay.com/" "Mozilla/4.0 (compatible; MSIE 4.01; Windows NT)"
34.133.239.145 - - [26/Feb/2025:11:43:49 +0100] "GET /Jurek/eurofirany/images/388681/4.jpg HTTP/1.1" 200 87894 "-" "Mozilla/5.0 (X11; Linux x86_64) AppleWebKit/537.36 (KHTML, like Gecko) Chrome/110.0.0.0 Safari/537.36"
66.135.202.75 - - [26/Feb/2025:11:43:49 +0100] "GET /Jurek/eurofirany/images/379537/8.jpg HTTP/1.1" 200 158362 "http://www.ebay.com/" "Mozilla/4.0 (compatible; MSIE 4.01; Windows NT)"
66.135.202.74 - - [26/Feb/2025:11:43:49 +0100] "GET /Jurek/eurofirany/images/379537/9.jpg HTTP/1.1" 200 161518 "http://www.ebay.com/" "Mozilla/4.0 (compatible; MSIE 4.01; Windows NT)"
66.135.202.71 - - [26/Feb/2025:11:43:49 +0100] "GET /Jurek/eurofirany/images/384158/5.jpg HTTP/1.1" 200 157017 "http://www.ebay.com/" "Mozilla/4.0 (compatible; MSIE 4.01; Windows NT)"
66.135.202.73 - - [26/Feb/2025:11:43:49 +0100] "GET /Jurek/eurofirany/images/384158/6.jpg HTTP/1.1" 200 160549 "http://www.ebay.com/" "Mozilla/4.0 (compatible; MSIE 4.01; Windows NT)"
66.135.202.75 - - [26/Feb/2025:11:43:49 +0100] "GET /Jurek/eurofirany/images/379537/1.jpg HTTP/1.1" 200 182080 "http://www.ebay.com/" "Mozilla/4.0 (compatible; MSIE 4.01; Windows NT)"
66.135.202.72 - - [26/Feb/2025:11:43:49 +0100] "GET /Jurek/eurofirany/images/379537/0.jpg HTTP/1.1" 200 179408 "http://www.ebay.com/" "Mozilla/4.0 (compatible; MSIE 4.01; Windows NT)"
66.135.202.73 - - [26/Feb/2025:11:43:49 +0100] "GET /Jurek/eurofirany/images/379537/4.jpg HTTP/1.1" 200 170489 "http://www.ebay.com/" "Mozilla/4.0 (compatible; MSIE 4.01; Windows NT)"
66.135.202.74 - - [26/Feb/2025:11:43:49 +0100] "GET /Jurek/eurofirany/images/379537/6.jpg HTTP/1.1" 200 177074 "http://www.ebay.com/" "Mozilla/4.0 (compatible; MSIE 4.01; Windows NT)"
66.135.202.75 - - [26/Feb/2025:11:43:49 +0100] "GET /Jurek/eurofirany/images/384158/9.jpg HTTP/1.1" 200 174340 "http://www.ebay.com/" "Mozilla/4.0 (compatible; MSIE 4.01; Windows NT)"
66.135.202.73 - - [26/Feb/2025:11:43:49 +0100] "GET /Jurek/eurofirany/images/384158/10.jpg HTTP/1.1" 200 178736 "http://www.ebay.com/" "Mozilla/4.0 (compatible; MSIE 4.01; Windows NT)"
66.135.202.72 - - [26/Feb/2025:11:43:49 +0100] "GET /Jurek/eurofirany/images/379537/3.jpg HTTP/1.1" 200 190669 "http://www.ebay.com/" "Mozilla/4.0 (compatible; MSIE 4.01; Windows NT)"
66.135.202.71 - - [26/Feb/2025:11:43:49 +0100] "GET /Jurek/eurofirany/images/379537/7.jpg HTTP/1.1" 200 190739 "http://www.ebay.com/" "Mozilla/4.0 (compatible; MSIE 4.01; Windows NT)"
66.135.202.73 - - [26/Feb/2025:11:43:49 +0100] "GET /Jurek/eurofirany/images/384158/8.jpg HTTP/1.1" 200 207986 "http://www.ebay.com/" "Mozilla/4.0 (compatible; MSIE 4.01; Windows NT)"
66.135.202.71 - - [26/Feb/2025:11:43:50 +0100] "GET /Jurek/eurofirany/images/379537/5.jpg HTTP/1.1" 200 203812 "http://www.ebay.com/" "Mozilla/4.0 (compatible; MSIE 4.01; Windows NT)"
66.135.195.20 - - [26/Feb/2025:11:43:50 +0100] "GET /Jurek/eurofirany/images/386254/0.jpg HTTP/1.1" 200 130989 "-" "Java/17.0.12.0.101"
66.135.195.18 - - [26/Feb/2025:11:43:50 +0100] "GET /Jurek/eurofirany/images/386252/0.jpg HTTP/1.1" 200 102420 "-" "Java/17.0.12.0.101"
34.72.247.156 - - [26/Feb/2025:11:43:50 +0100] "GET /Jurek/eurofirany/images/388681/0.jpg HTTP/1.1" 200 182026 "-" "Mozilla/5.0 (X11; Linux x86_64) AppleWebKit/537.36 (KHTML, like Gecko) Chrome/110.0.0.0 Safari/537.36"
66.135.202.172 - - [26/Feb/2025:11:43:51 +0100] "GET /Jurek/eurofirany/images/385839/1.jpg HTTP/1.1" 200 63773 "http://www.ebay.com/" "Mozilla/4.0 (compatible; MSIE 4.01; Windows NT)"
66.135.202.169 - - [26/Feb/2025:11:43:51 +0100] "GET /Jurek/eurofirany/images/385839/0.jpg HTTP/1.1" 200 141674 "http://www.ebay.com/" "Mozilla/4.0 (compatible; MSIE 4.01; Windows NT)"
66.135.202.173 - - [26/Feb/2025:11:43:51 +0100] "GET /Jurek/eurofirany/images/385839/3.jpg HTTP/1.1" 200 184054 "http://www.ebay.com/" "Mozilla/4.0 (compatible; MSIE 4.01; Windows NT)"
66.135.202.169 - - [26/Feb/2025:11:43:51 +0100] "GET /Jurek/eurofirany/images/385839/2.jpg HTTP/1.1" 200 178702 "http://www.ebay.com/" "Mozilla/4.0 (compatible; MSIE 4.01; Windows NT)"
66.135.202.171 - - [26/Feb/2025:11:43:52 +0100] "GET /Jurek/eurofirany/images/386204/0.jpg HTTP/1.1" 200 118730 "-" "Java/17.0.12.0.101"
34.133.239.145 - - [26/Feb/2025:11:43:53 +0100] "GET /Jurek/eurofirany/images/388709/3.jpg HTTP/1.1" 200 188969 "-" "Mozilla/5.0 (X11; Linux x86_64) AppleWebKit/537.36 (KHTML, like Gecko) Chrome/110.0.0.0 Safari/537.36"
77.79.248.229 - - [26/Feb/2025:11:43:53 +0100] "GET /Jurek/topeshop/feeds/topeshop_zero.xml HTTP/1.1" 200 2401730 "-" "Python-urllib/3.11"
34.133.239.145 - - [26/Feb/2025:11:43:54 +0100] "GET /Jurek/eurofirany/images/388709/4.jpg HTTP/1.1" 200 148189 "-" "Mozilla/5.0 (X11; Linux x86_64) AppleWebKit/537.36 (KHTML, like Gecko) Chrome/110.0.0.0 Safari/537.36"
34.133.239.145 - - [26/Feb/2025:11:43:55 +0100] "GET /Jurek/eurofirany/images/388709/5.jpg HTTP/1.1" 200 184712 "-" "Mozilla/5.0 (X11; Linux x86_64) AppleWebKit/537.36 (KHTML, like Gecko) Chrome/110.0.0.0 Safari/537.36"
34.133.239.145 - - [26/Feb/2025:11:43:56 +0100] "GET /Jurek/eurofirany/images/388709/1.jpg HTTP/1.1" 200 91702 "-" "Mozilla/5.0 (X11; Linux x86_64) AppleWebKit/537.36 (KHTML, like Gecko) Chrome/110.0.0.0 Safari/537.36"
34.133.239.145 - - [26/Feb/2025:11:43:58 +0100] "GET /Jurek/eurofirany/images/388709/2.jpg HTTP/1.1" 200 108403 "-" "Mozilla/5.0 (X11; Linux x86_64) AppleWebKit/537.36 (KHTML, like Gecko) Chrome/110.0.0.0 Safari/537.36"
66.135.195.17 - - [26/Feb/2025:11:43:59 +0100] "GET /Jurek/eurofirany/images/391105/1.jpg HTTP/1.1" 200 45043 "http://www.ebay.com/" "Mozilla/4.0 (compatible; MSIE 4.01; Windows NT)"
66.135.195.16 - - [26/Feb/2025:11:43:59 +0100] "GET /Jurek/eurofirany/images/391105/0.jpg HTTP/1.1" 200 59114 "http://www.ebay.com/" "Mozilla/4.0 (compatible; MSIE 4.01; Windows NT)"
66.135.195.16 - - [26/Feb/2025:11:43:59 +0100] "GET /Jurek/eurofirany/images/391105/2.jpg HTTP/1.1" 200 131505 "http://www.ebay.com/" "Mozilla/4.0 (compatible; MSIE 4.01; Windows NT)"
46.101.116.244 - - [26/Feb/2025:11:43:59 +0100] "GET /Jurek/vida_morele/feeds/vidaPL_velomarket.xml HTTP/1.0" 200 690088800 "-" "-"
66.135.195.16 - - [26/Feb/2025:11:43:59 +0100] "GET /Jurek/eurofirany/images/386203/0.jpg HTTP/1.1" 200 107195 "-" "Java/17.0.12.0.101"
34.133.239.145 - - [26/Feb/2025:11:44:00 +0100] "GET /Jurek/eurofirany/images/388709/0.jpg HTTP/1.1" 200 138665 "-" "Mozilla/5.0 (X11; Linux x86_64) AppleWebKit/537.36 (KHTML, like Gecko) Chrome/110.0.0.0 Safari/537.36"
66.135.195.19 - - [26/Feb/2025:11:44:00 +0100] "GET /Jurek/eurofirany/images/384067/0.jpg HTTP/1.1" 200 60842 "http://www.ebay.com/" "Mozilla/4.0 (compatible; MSIE 4.01; Windows NT)"
66.135.195.17 - - [26/Feb/2025:11:44:00 +0100] "GET /Jurek/eurofirany/images/384067/2.jpg HTTP/1.1" 200 100045 "http://www.ebay.com/" "Mozilla/4.0 (compatible; MSIE 4.01; Windows NT)"
66.135.195.19 - - [26/Feb/2025:11:44:00 +0100] "GET /Jurek/eurofirany/images/384067/3.jpg HTTP/1.1" 200 139548 "http://www.ebay.com/" "Mozilla/4.0 (compatible; MSIE 4.01; Windows NT)"
66.135.195.16 - - [26/Feb/2025:11:44:01 +0100] "GET /Jurek/eurofirany/images/384067/1.jpg HTTP/1.1" 200 154004 "http://www.ebay.com/" "Mozilla/4.0 (compatible; MSIE 4.01; Windows NT)"
66.135.195.16 - - [26/Feb/2025:11:44:01 +0100] "GET /Jurek/eurofirany/images/388717/1.jpg HTTP/1.1" 200 87999 "http://www.ebay.com/" "Mozilla/4.0 (compatible; MSIE 4.01; Windows NT)"
66.135.195.19 - - [26/Feb/2025:11:44:01 +0100] "GET /Jurek/eurofirany/images/388717/0.jpg HTTP/1.1" 200 57549 "http://www.ebay.com/" "Mozilla/4.0 (compatible; MSIE 4.01; Windows NT)"
66.135.195.17 - - [26/Feb/2025:11:44:01 +0100] "GET /Jurek/eurofirany/images/388717/2.jpg HTTP/1.1" 200 104464 "http://www.ebay.com/" "Mozilla/4.0 (compatible; MSIE 4.01; Windows NT)"
66.135.195.16 - - [26/Feb/2025:11:44:01 +0100] "GET /Jurek/eurofirany/images/388717/3.jpg HTTP/1.1" 200 181250 "http://www.ebay.com/" "Mozilla/4.0 (compatible; MSIE 4.01; Windows NT)"
66.135.195.20 - - [26/Feb/2025:11:44:01 +0100] "GET /Jurek/eurofirany/images/388717/4.jpg HTTP/1.1" 200 181250 "http://www.ebay.com/" "Mozilla/4.0 (compatible; MSIE 4.01; Windows NT)"
66.135.202.71 - - [26/Feb/2025:11:44:01 +0100] "GET /Jurek/eurofirany/images/335305/0.jpg HTTP/1.1" 200 129026 "http://www.ebay.com/" "Mozilla/4.0 (compatible; MSIE 4.01; Windows NT)"
66.135.202.71 - - [26/Feb/2025:11:44:01 +0100] "GET /Jurek/eurofirany/images/335305/1.jpg HTTP/1.1" 200 120136 "http://www.ebay.com/" "Mozilla/4.0 (compatible; MSIE 4.01; Windows NT)"
66.135.202.75 - - [26/Feb/2025:11:44:01 +0100] "GET /Jurek/eurofirany/images/335305/2.jpg HTTP/1.1" 200 98668 "http://www.ebay.com/" "Mozilla/4.0 (compatible; MSIE 4.01; Windows NT)"
66.135.202.71 - - [26/Feb/2025:11:44:01 +0100] "GET /Jurek/eurofirany/images/335305/3.jpg HTTP/1.1" 200 101238 "http://www.ebay.com/" "Mozilla/4.0 (compatible; MSIE 4.01; Windows NT)"
66.135.202.72 - - [26/Feb/2025:11:44:01 +0100] "GET /Jurek/eurofirany/images/335305/6.jpg HTTP/1.1" 200 116448 "http://www.ebay.com/" "Mozilla/4.0 (compatible; MSIE 4.01; Windows NT)"
77.79.248.229 - - [26/Feb/2025:11:44:02 +0100] "GET /Jurek/aw/feeds/awnarzedzia_leroy.xml HTTP/1.1" 200 90217447 "-" "Python-urllib/3.11"
66.135.202.73 - - [26/Feb/2025:11:44:02 +0100] "GET /Jurek/eurofirany/images/335305/8.jpg HTTP/1.1" 200 90540 "http://www.ebay.com/" "Mozilla/4.0 (compatible; MSIE 4.01; Windows NT)"
66.135.202.72 - - [26/Feb/2025:11:44:02 +0100] "GET /Jurek/eurofirany/images/335305/5.jpg HTTP/1.1" 200 180567 "http://www.ebay.com/" "Mozilla/4.0 (compatible; MSIE 4.01; Windows NT)"
77.79.248.229 - - [26/Feb/2025:11:44:02 +0100] "GET /Jurek/hurtownia_przemyslowa/feeds/hp_leroy.xml HTTP/1.1" 200 49622561 "-" "Python-urllib/3.11"
66.135.202.75 - - [26/Feb/2025:11:44:02 +0100] "GET /Jurek/eurofirany/images/335305/7.jpg HTTP/1.1" 200 202197 "http://www.ebay.com/" "Mozilla/4.0 (compatible; MSIE 4.01; Windows NT)"
66.135.202.71 - - [26/Feb/2025:11:44:02 +0100] "GET /Jurek/eurofirany/images/335305/4.jpg HTTP/1.1" 200 234515 "http://www.ebay.com/" "Mozilla/4.0 (compatible; MSIE 4.01; Windows NT)"
77.79.248.229 - - [26/Feb/2025:11:44:03 +0100] "GET /Jurek/unimet/feeds/unimet_leroy.xml HTTP/1.1" 200 60208356 "-" "Python-urllib/3.11"
66.135.202.74 - - [26/Feb/2025:11:44:03 +0100] "GET /Jurek/eurofirany/images/388643/2.jpg HTTP/1.1" 200 77743 "http://www.ebay.com/" "Mozilla/4.0 (compatible; MSIE 4.01; Windows NT)"
66.135.202.72 - - [26/Feb/2025:11:44:03 +0100] "GET /Jurek/eurofirany/images/388643/1.jpg HTTP/1.1" 200 69138 "http://www.ebay.com/" "Mozilla/4.0 (compatible; MSIE 4.01; Windows NT)"
66.135.202.172 - - [26/Feb/2025:11:44:03 +0100] "GET /Jurek/eurofirany/images/386206/0.jpg HTTP/1.1" 200 109784 "-" "Java/17.0.12.0.101"
77.79.248.229 - - [26/Feb/2025:11:44:03 +0100] "GET /Jurek/action/feeds/action_leroy.xml HTTP/1.1" 200 55166282 "-" "Python-urllib/3.11"
66.135.202.75 - - [26/Feb/2025:11:44:03 +0100] "GET /Jurek/eurofirany/images/388643/0.jpg HTTP/1.1" 200 177561 "http://www.ebay.com/" "Mozilla/4.0 (compatible; MSIE 4.01; Windows NT)"
66.135.195.18 - - [26/Feb/2025:11:44:05 +0100] "GET /Jurek/eurofirany/images/386245/0.jpg HTTP/1.1" 200 76041 "-" "Java/17.0.12.0.101"
34.72.247.156 - - [26/Feb/2025:11:44:05 +0100] "GET /Jurek/eurofirany/images/390242/2.jpg HTTP/1.1" 200 180485 "-" "Mozilla/5.0 (X11; Linux x86_64) AppleWebKit/537.36 (KHTML, like Gecko) Chrome/110.0.0.0 Safari/537.36"
77.79.248.229 - - [26/Feb/2025:11:44:06 +0100] "GET /Jurek/b3/feeds/b3_leroy.xml HTTP/1.1" 200 7242504 "-" "Python-urllib/3.11"
46.101.116.244 - - [26/Feb/2025:11:44:06 +0100] "GET /Jurek/kinghoff/feeds/kinghoff_velo.xml HTTP/1.0" 200 14849978 "-" "-"
66.135.195.17 - - [26/Feb/2025:11:44:06 +0100] "GET /Jurek/eurofirany/images/388637/1.jpg HTTP/1.1" 200 69176 "http://www.ebay.com/" "Mozilla/4.0 (compatible; MSIE 4.01; Windows NT)"
66.135.195.17 - - [26/Feb/2025:11:44:06 +0100] "GET /Jurek/eurofirany/images/388637/2.jpg HTTP/1.1" 200 71370 "http://www.ebay.com/" "Mozilla/4.0 (compatible; MSIE 4.01; Windows NT)"
66.135.195.20 - - [26/Feb/2025:11:44:06 +0100] "GET /Jurek/eurofirany/images/388637/3.jpg HTTP/1.1" 200 96253 "http://www.ebay.com/" "Mozilla/4.0 (compatible; MSIE 4.01; Windows NT)"
66.135.195.20 - - [26/Feb/2025:11:44:06 +0100] "GET /Jurek/eurofirany/images/388635/1.jpg HTTP/1.1" 200 69176 "http://www.ebay.com/" "Mozilla/4.0 (compatible; MSIE 4.01; Windows NT)"
66.135.195.16 - - [26/Feb/2025:11:44:06 +0100] "GET /Jurek/eurofirany/images/388635/2.jpg HTTP/1.1" 200 71370 "http://www.ebay.com/" "Mozilla/4.0 (compatible; MSIE 4.01; Windows NT)"
66.135.195.18 - - [26/Feb/2025:11:44:06 +0100] "GET /Jurek/eurofirany/images/388635/3.jpg HTTP/1.1" 200 96253 "http://www.ebay.com/" "Mozilla/4.0 (compatible; MSIE 4.01; Windows NT)"
34.72.247.156 - - [26/Feb/2025:11:44:07 +0100] "GET /Jurek/eurofirany/images/390242/3.jpg HTTP/1.1" 200 122470 "-" "Mozilla/5.0 (X11; Linux x86_64) AppleWebKit/537.36 (KHTML, like Gecko) Chrome/110.0.0.0 Safari/537.36"
66.135.195.19 - - [26/Feb/2025:11:44:07 +0100] "GET /Jurek/eurofirany/images/388637/4.jpg HTTP/1.1" 200 152137 "http://www.ebay.com/" "Mozilla/4.0 (compatible; MSIE 4.01; Windows NT)"
77.79.248.229 - - [26/Feb/2025:11:44:07 +0100] "GET /Jurek/topeshop/feeds/topeshop_leroy.xml HTTP/1.1" 200 2401634 "-" "Python-urllib/3.11"
66.135.195.19 - - [26/Feb/2025:11:44:07 +0100] "GET /Jurek/eurofirany/images/388635/0.jpg HTTP/1.1" 200 169825 "http://www.ebay.com/" "Mozilla/4.0 (compatible; MSIE 4.01; Windows NT)"
66.135.195.19 - - [26/Feb/2025:11:44:07 +0100] "GET /Jurek/eurofirany/images/388635/4.jpg HTTP/1.1" 200 152137 "http://www.ebay.com/" "Mozilla/4.0 (compatible; MSIE 4.01; Windows NT)"
66.135.195.18 - - [26/Feb/2025:11:44:07 +0100] "GET /Jurek/eurofirany/images/388637/0.jpg HTTP/1.1" 200 179186 "http://www.ebay.com/" "Mozilla/4.0 (compatible; MSIE 4.01; Windows NT)"
77.79.248.229 - - [26/Feb/2025:11:44:08 +0100] "GET /Jurek/eurofirany/feeds/eurofirany_leroy.xml HTTP/1.1" 200 18984467 "-" "Python-urllib/3.11"
77.79.248.229 - - [26/Feb/2025:11:44:08 +0100] "GET /Jurek/fernity/feeds/fernity_leroy.xml HTTP/1.1" 200 5088729 "-" "Python-urllib/3.11"
77.79.248.229 - - [26/Feb/2025:11:44:08 +0100] "GET /Jurek/kambukka/feeds/kambukka_leroy.xml HTTP/1.1" 200 1043794 "-" "Python-urllib/3.11"
77.79.248.229 - - [26/Feb/2025:11:44:08 +0100] "GET /Jurek/ikonka/feeds/ikonka_leroy.xml HTTP/1.1" 200 22345866 "-" "Python-urllib/3.11"
77.79.248.229 - - [26/Feb/2025:11:44:09 +0100] "GET /Jurek/oromed/feeds/oromed_leroy.xml HTTP/1.1" 200 1013543 "-" "Python-urllib/3.11"
77.79.248.229 - - [26/Feb/2025:11:44:09 +0100] "GET /Jurek/benetech/feeds/benetech_leroy.xml HTTP/1.1" 200 4451894 "-" "Python-urllib/3.11"
77.79.248.229 - - [26/Feb/2025:11:44:09 +0100] "GET /Jurek/octopia/feeds/octopia_leroy.xml HTTP/1.1" 200 10650658 "-" "Python-urllib/3.11"
77.79.248.229 - - [26/Feb/2025:11:44:09 +0100] "GET /Jurek/waks/feeds/waks_leroy.xml HTTP/1.1" 200 6332850 "-" "Python-urllib/3.11"
34.72.247.156 - - [26/Feb/2025:11:44:09 +0100] "GET /Jurek/eurofirany/images/390242/4.jpg HTTP/1.1" 200 164919 "-" "Mozilla/5.0 (X11; Linux x86_64) AppleWebKit/537.36 (KHTML, like Gecko) Chrome/110.0.0.0 Safari/537.36"
77.79.248.229 - - [26/Feb/2025:11:44:10 +0100] "GET /Jurek/kinghoff/feeds/kinghoff_leroy.xml HTTP/1.1" 200 14849216 "-" "Python-urllib/3.11"
77.79.248.229 - - [26/Feb/2025:11:44:10 +0100] "GET /Jurek/hdwr/feeds/hdwr_leroy.xml HTTP/1.1" 200 777769 "-" "Python-urllib/3.11"
77.79.248.229 - - [26/Feb/2025:11:44:11 +0100] "GET /Jurek/barbecook/feeds/barbecook_leroy.xml HTTP/1.1" 200 87526 "-" "Python-urllib/3.11"
77.79.248.229 - - [26/Feb/2025:11:44:11 +0100] "GET /Jurek/sempler/feeds/sempler_leroy.xml HTTP/1.1" 200 6553257 "-" "Python-urllib/3.11"
77.79.248.229 - - [26/Feb/2025:11:44:11 +0100] "GET /Jurek/kinghome/feeds/kinghome_leroy.xml HTTP/1.1" 200 5724251 "-" "Python-urllib/3.11"
34.72.247.156 - - [26/Feb/2025:11:44:11 +0100] "GET /Jurek/eurofirany/images/390242/1.jpg HTTP/1.1" 200 69532 "-" "Mozilla/5.0 (X11; Linux x86_64) AppleWebKit/537.36 (KHTML, like Gecko) Chrome/110.0.0.0 Safari/537.36"
77.79.248.229 - - [26/Feb/2025:11:44:11 +0100] "GET /Jurek/ekolight/feeds/ekolioght_leroy.xml HTTP/1.1" 200 9051747 "-" "Python-urllib/3.11"
77.79.248.229 - - [26/Feb/2025:11:44:12 +0100] "GET /Jurek/bimboland/feeds/bimboland_leroy.xml HTTP/1.1" 200 2494404 "-" "Python-urllib/3.11"
77.79.248.229 - - [26/Feb/2025:11:44:13 +0100] "GET /Jurek/eroplace/feeds/eroplace_leroy.xml HTTP/1.1" 200 30849330 "-" "Python-urllib/3.11"
77.79.248.229 - - [26/Feb/2025:11:44:13 +0100] "GET /Jurek/hurtmeblowy/feeds/hurtmeblowy_leroy.xml HTTP/1.1" 200 8038443 "-" "Python-urllib/3.11"
77.79.248.229 - - [26/Feb/2025:11:44:13 +0100] "GET /Jurek/fertone/feeds/fertone_leroy.xml HTTP/1.1" 200 624831 "-" "Python-urllib/3.11"
34.72.247.156 - - [26/Feb/2025:11:44:13 +0100] "GET /Jurek/eurofirany/images/390242/0.jpg HTTP/1.1" 200 125214 "-" "Mozilla/5.0 (X11; Linux x86_64) AppleWebKit/537.36 (KHTML, like Gecko) Chrome/110.0.0.0 Safari/537.36"
77.79.248.229 - - [26/Feb/2025:11:44:13 +0100] "GET /Jurek/ekuchcikowo/feeds/ekuchcikowo_leroy.xml HTTP/1.1" 200 13251920 "-" "Python-urllib/3.11"
66.135.202.72 - - [26/Feb/2025:11:44:15 +0100] "GET /Jurek/eurofirany/images/386247/0.jpg HTTP/1.1" 200 110653 "http://www.ebay.com/" "Mozilla/4.0 (compatible; MSIE 4.01; Windows NT)"
66.135.202.73 - - [26/Feb/2025:11:44:15 +0100] "GET /Jurek/eurofirany/images/386247/1.jpg HTTP/1.1" 200 66876 "http://www.ebay.com/" "Mozilla/4.0 (compatible; MSIE 4.01; Windows NT)"
66.135.202.75 - - [26/Feb/2025:11:44:15 +0100] "GET /Jurek/eurofirany/images/386247/2.jpg HTTP/1.1" 200 60489 "http://www.ebay.com/" "Mozilla/4.0 (compatible; MSIE 4.01; Windows NT)"
66.135.202.71 - - [26/Feb/2025:11:44:15 +0100] "GET /Jurek/eurofirany/images/386247/3.jpg HTTP/1.1" 200 113535 "http://www.ebay.com/" "Mozilla/4.0 (compatible; MSIE 4.01; Windows NT)"
77.79.248.229 - - [26/Feb/2025:11:44:16 +0100] "GET /Jurek/intsell/feeds/intsell_leroy.xml HTTP/1.1" 200 338787341 "-" "Python-urllib/3.11"
77.79.248.229 - - [26/Feb/2025:11:44:17 +0100] "GET /Jurek/velinda/feeds/velinda_leroy.xml HTTP/1.1" 200 4282350 "-" "Python-urllib/3.11"
77.79.248.229 - - [26/Feb/2025:11:44:17 +0100] "GET /Jurek/spali/feeds/spali_leroy.xml HTTP/1.1" 200 101946 "-" "Python-urllib/3.11"
77.79.248.229 - - [26/Feb/2025:11:44:17 +0100] "GET /Jurek/urwiskowo/feeds/urwiskowo_leroy.xml HTTP/1.1" 200 9114931 "-" "Python-urllib/3.11"
77.79.248.229 - - [26/Feb/2025:11:44:17 +0100] "GET /Jurek/erohurtownia/feeds/erohurtownia_leroy.xml HTTP/1.1" 200 23304032 "-" "Python-urllib/3.11"
77.79.248.229 - - [26/Feb/2025:11:44:17 +0100] "GET /Jurek/elecomp/feeds/elecomp_leroy.xml HTTP/1.1" 200 2869608 "-" "Python-urllib/3.11"
66.135.195.18 - - [26/Feb/2025:11:44:17 +0100] "GET /Jurek/eurofirany/images/386684/0.jpg HTTP/1.1" 200 109314 "-" "Java/17.0.12.0.101"
77.79.248.229 - - [26/Feb/2025:11:44:17 +0100] "GET /Jurek/luxma/feeds/luxma_leroy.xml HTTP/1.1" 200 8058917 "-" "Python-urllib/3.11"
77.79.248.229 - - [26/Feb/2025:11:44:18 +0100] "GET /Jurek/coppotech/feeds/coppotech_leroy.xml HTTP/1.1" 200 38985964 "-" "Python-urllib/3.11"
77.79.248.229 - - [26/Feb/2025:11:44:18 +0100] "GET /Jurek/rider/feeds/rider_leroy.xml HTTP/1.1" 200 8165153 "-" "Python-urllib/3.11"
77.79.248.229 - - [26/Feb/2025:11:44:18 +0100] "GET /Jurek/emaja24/feeds/emaja24_leroy.xml HTTP/1.1" 200 5110175 "-" "Python-urllib/3.11"
77.79.248.229 - - [26/Feb/2025:11:44:18 +0100] "GET /Jurek/eurofryz2/feeds/eurofryz2_leroy.xml HTTP/1.1" 200 1376555 "-" "Python-urllib/3.11"
77.79.248.229 - - [26/Feb/2025:11:44:18 +0100] "GET /Jurek/expertauto/feeds/expertauto_leroy.xml HTTP/1.1" 200 1158918 "-" "Python-urllib/3.11"
77.79.248.229 - - [26/Feb/2025:11:44:18 +0100] "GET /Jurek/najtanszysport/feeds/najtanszysport_leroy.xml HTTP/1.1" 200 3983033 "-" "Python-urllib/3.11"
77.79.248.229 - - [26/Feb/2025:11:44:19 +0100] "GET /Jurek/kobi/feeds/kobi_leroy.xml HTTP/1.1" 200 1993240 "-" "Python-urllib/3.11"
77.79.248.229 - - [26/Feb/2025:11:44:19 +0100] "GET /Jurek/narzbud/feeds/narzbud_leroy.xml HTTP/1.1" 200 1958304 "-" "Python-urllib/3.11"
66.135.195.19 - - [26/Feb/2025:11:44:19 +0100] "GET /Jurek/eurofirany/images/386899/0.jpg HTTP/1.1" 200 107763 "-" "Java/17.0.12.0.101"
66.135.195.17 - - [26/Feb/2025:11:44:20 +0100] "GET /Jurek/eurofirany/images/352568/0.jpg HTTP/1.1" 200 122300 "http://www.ebay.com/" "Mozilla/4.0 (compatible; MSIE 4.01; Windows NT)"
66.135.195.17 - - [26/Feb/2025:11:44:20 +0100] "GET /Jurek/eurofirany/images/352568/1.jpg HTTP/1.1" 200 99596 "http://www.ebay.com/" "Mozilla/4.0 (compatible; MSIE 4.01; Windows NT)"
66.135.195.18 - - [26/Feb/2025:11:44:20 +0100] "GET /Jurek/eurofirany/images/352568/2.jpg HTTP/1.1" 200 88563 "http://www.ebay.com/" "Mozilla/4.0 (compatible; MSIE 4.01; Windows NT)"
66.135.195.19 - - [26/Feb/2025:11:44:20 +0100] "GET /Jurek/eurofirany/images/352568/3.jpg HTTP/1.1" 200 104321 "http://www.ebay.com/" "Mozilla/4.0 (compatible; MSIE 4.01; Windows NT)"
66.135.195.18 - - [26/Feb/2025:11:44:20 +0100] "GET /Jurek/eurofirany/images/352568/5.jpg HTTP/1.1" 200 162531 "http://www.ebay.com/" "Mozilla/4.0 (compatible; MSIE 4.01; Windows NT)"
66.135.195.18 - - [26/Feb/2025:11:44:20 +0100] "GET /Jurek/eurofirany/images/352568/8.jpg HTTP/1.1" 200 150169 "http://www.ebay.com/" "Mozilla/4.0 (compatible; MSIE 4.01; Windows NT)"
66.135.195.16 - - [26/Feb/2025:11:44:20 +0100] "GET /Jurek/eurofirany/images/352568/7.jpg HTTP/1.1" 200 164737 "http://www.ebay.com/" "Mozilla/4.0 (compatible; MSIE 4.01; Windows NT)"
66.135.195.20 - - [26/Feb/2025:11:44:20 +0100] "GET /Jurek/eurofirany/images/352568/6.jpg HTTP/1.1" 200 156278 "http://www.ebay.com/" "Mozilla/4.0 (compatible; MSIE 4.01; Windows NT)"
66.135.195.17 - - [26/Feb/2025:11:44:20 +0100] "GET /Jurek/eurofirany/images/352568/9.jpg HTTP/1.1" 200 168808 "http://www.ebay.com/" "Mozilla/4.0 (compatible; MSIE 4.01; Windows NT)"
66.135.202.171 - - [26/Feb/2025:11:44:20 +0100] "GET /Jurek/eurofirany/images/388708/1.jpg HTTP/1.1" 200 91702 "http://www.ebay.com/" "Mozilla/4.0 (compatible; MSIE 4.01; Windows NT)"
66.135.202.170 - - [26/Feb/2025:11:44:20 +0100] "GET /Jurek/eurofirany/images/388708/2.jpg HTTP/1.1" 200 108403 "http://www.ebay.com/" "Mozilla/4.0 (compatible; MSIE 4.01; Windows NT)"
66.135.195.18 - - [26/Feb/2025:11:44:20 +0100] "GET /Jurek/eurofirany/images/352568/10.jpg HTTP/1.1" 200 168808 "http://www.ebay.com/" "Mozilla/4.0 (compatible; MSIE 4.01; Windows NT)"
66.135.195.20 - - [26/Feb/2025:11:44:20 +0100] "GET /Jurek/eurofirany/images/352568/4.jpg HTTP/1.1" 200 205186 "http://www.ebay.com/" "Mozilla/4.0 (compatible; MSIE 4.01; Windows NT)"
66.135.202.173 - - [26/Feb/2025:11:44:20 +0100] "GET /Jurek/eurofirany/images/388708/3.jpg HTTP/1.1" 200 148189 "http://www.ebay.com/" "Mozilla/4.0 (compatible; MSIE 4.01; Windows NT)"
66.135.202.173 - - [26/Feb/2025:11:44:20 +0100] "GET /Jurek/eurofirany/images/388708/0.jpg HTTP/1.1" 200 135931 "http://www.ebay.com/" "Mozilla/4.0 (compatible; MSIE 4.01; Windows NT)"
66.135.202.170 - - [26/Feb/2025:11:44:21 +0100] "GET /Jurek/eurofirany/images/388708/4.jpg HTTP/1.1" 200 184712 "http://www.ebay.com/" "Mozilla/4.0 (compatible; MSIE 4.01; Windows NT)"
34.133.239.145 - - [26/Feb/2025:11:44:22 +0100] "GET /Jurek/eurofirany/images/390280/1.jpg HTTP/1.1" 200 110675 "-" "Mozilla/5.0 (X11; Linux x86_64) AppleWebKit/537.36 (KHTML, like Gecko) Chrome/110.0.0.0 Safari/537.36"
34.133.239.145 - - [26/Feb/2025:11:44:24 +0100] "GET /Jurek/eurofirany/images/390280/2.jpg HTTP/1.1" 200 272112 "-" "Mozilla/5.0 (X11; Linux x86_64) AppleWebKit/537.36 (KHTML, like Gecko) Chrome/110.0.0.0 Safari/537.36"
66.135.195.17 - - [26/Feb/2025:11:44:25 +0100] "GET /Jurek/eurofirany/images/386903/0.jpg HTTP/1.1" 200 84453 "-" "Java/17.0.12.0.101"
66.135.202.71 - - [26/Feb/2025:11:44:25 +0100] "GET /Jurek/eurofirany/images/433804/0.jpg HTTP/1.1" 200 73584 "-" "Java/17.0.12.0.101"
34.133.239.145 - - [26/Feb/2025:11:44:26 +0100] "GET /Jurek/eurofirany/images/390280/3.jpg HTTP/1.1" 200 208978 "-" "Mozilla/5.0 (X11; Linux x86_64) AppleWebKit/537.36 (KHTML, like Gecko) Chrome/110.0.0.0 Safari/537.36"
34.133.239.145 - - [26/Feb/2025:11:44:27 +0100] "GET /Jurek/eurofirany/images/390280/4.jpg HTTP/1.1" 200 234154 "-" "Mozilla/5.0 (X11; Linux x86_64) AppleWebKit/537.36 (KHTML, like Gecko) Chrome/110.0.0.0 Safari/537.36"
66.135.202.73 - - [26/Feb/2025:11:44:27 +0100] "GET /Jurek/eurofirany/images/386252/0.jpg HTTP/1.1" 200 102420 "http://www.ebay.com/" "Mozilla/4.0 (compatible; MSIE 4.01; Windows NT)"
66.135.202.71 - - [26/Feb/2025:11:44:27 +0100] "GET /Jurek/eurofirany/images/386252/2.jpg HTTP/1.1" 200 60489 "http://www.ebay.com/" "Mozilla/4.0 (compatible; MSIE 4.01; Windows NT)"
66.135.202.75 - - [26/Feb/2025:11:44:27 +0100] "GET /Jurek/eurofirany/images/386252/1.jpg HTTP/1.1" 200 66876 "http://www.ebay.com/" "Mozilla/4.0 (compatible; MSIE 4.01; Windows NT)"
66.135.202.75 - - [26/Feb/2025:11:44:27 +0100] "GET /Jurek/eurofirany/images/386252/3.jpg HTTP/1.1" 200 113535 "http://www.ebay.com/" "Mozilla/4.0 (compatible; MSIE 4.01; Windows NT)"
34.133.239.145 - - [26/Feb/2025:11:44:27 +0100] "GET /Jurek/eurofirany/images/390280/5.jpg HTTP/1.1" 200 209475 "-" "Mozilla/5.0 (X11; Linux x86_64) AppleWebKit/537.36 (KHTML, like Gecko) Chrome/110.0.0.0 Safari/537.36"
66.135.195.20 - - [26/Feb/2025:11:44:28 +0100] "GET /Jurek/eurofirany/images/384061/0.jpg HTTP/1.1" 200 66962 "http://www.ebay.com/" "Mozilla/4.0 (compatible; MSIE 4.01; Windows NT)"
66.135.195.18 - - [26/Feb/2025:11:44:28 +0100] "GET /Jurek/eurofirany/images/384061/2.jpg HTTP/1.1" 200 100045 "http://www.ebay.com/" "Mozilla/4.0 (compatible; MSIE 4.01; Windows NT)"
66.135.195.20 - - [26/Feb/2025:11:44:28 +0100] "GET /Jurek/eurofirany/images/386289/0.jpg HTTP/1.1" 200 66638 "-" "Java/17.0.12.0.101"
66.135.195.18 - - [26/Feb/2025:11:44:28 +0100] "GET /Jurek/eurofirany/images/384061/3.jpg HTTP/1.1" 200 139548 "http://www.ebay.com/" "Mozilla/4.0 (compatible; MSIE 4.01; Windows NT)"
66.135.195.20 - - [26/Feb/2025:11:44:28 +0100] "GET /Jurek/eurofirany/images/384061/1.jpg HTTP/1.1" 200 154004 "http://www.ebay.com/" "Mozilla/4.0 (compatible; MSIE 4.01; Windows NT)"
77.79.248.229 - - [26/Feb/2025:11:44:28 +0100] "GET /Jurek/naszedzieci/feeds/naszedzieci_leroy.xml HTTP/1.1" 200 833265646 "-" "Python-urllib/3.11"
34.133.239.145 - - [26/Feb/2025:11:44:28 +0100] "GET /Jurek/eurofirany/images/390280/6.jpg HTTP/1.1" 200 6595 "-" "Mozilla/5.0 (X11; Linux x86_64) AppleWebKit/537.36 (KHTML, like Gecko) Chrome/110.0.0.0 Safari/537.36"
66.135.195.18 - - [26/Feb/2025:11:44:29 +0100] "GET /Jurek/eurofirany/images/386902/0.jpg HTTP/1.1" 200 121915 "-" "Java/17.0.12.0.101"
77.79.248.229 - - [26/Feb/2025:11:44:29 +0100] "GET /Jurek/awparts/feeds/awparts_leroy.xml HTTP/1.1" 200 142302993 "-" "Python-urllib/3.11"
23.230.39.230 - - [26/Feb/2025:11:44:31 +0100] "GET /Jurek/eurofirany/images/390280/6.jpg HTTP/2.0" 200 6595 "-" "Mozilla/5.0 (X11; Linux x86_64) AppleWebKit/537.36 (KHTML, like Gecko) Chrome/110.0.0.0 Safari/537.36"
193.33.8.61 - - [26/Feb/2025:11:44:33 +0100] "GET /Jurek/topeshop/feeds/topeshop_bol.xml HTTP/2.0" 200 2401629 "https://konsola.dkkapusta1997.usermd.net/" "Mozilla/5.0 (Windows NT 10.0; Win64; x64) AppleWebKit/537.36 (KHTML, like Gecko) Chrome/133.0.0.0 Safari/537.36"
66.135.202.169 - - [26/Feb/2025:11:44:33 +0100] "GET /Jurek/eurofirany/images/386698/0.jpg HTTP/1.1" 200 100427 "-" "Java/17.0.12.0.101"
34.72.247.156 - - [26/Feb/2025:11:44:34 +0100] "GET /Jurek/eurofirany/images/335302/3.jpg HTTP/1.1" 200 97514 "-" "Mozilla/5.0 (X11; Linux x86_64) AppleWebKit/537.36 (KHTML, like Gecko) Chrome/110.0.0.0 Safari/537.36"
34.72.247.156 - - [26/Feb/2025:11:44:35 +0100] "GET /Jurek/eurofirany/images/335302/5.jpg HTTP/1.1" 200 180567 "-" "Mozilla/5.0 (X11; Linux x86_64) AppleWebKit/537.36 (KHTML, like Gecko) Chrome/110.0.0.0 Safari/537.36"
209.73.147.174 - - [26/Feb/2025:11:44:36 +0100] "GET /Jurek/eurofirany/images/390280/6.jpg HTTP/2.0" 200 6595 "-" "Mozilla/5.0 (X11; Linux x86_64) AppleWebKit/537.36 (KHTML, like Gecko) Chrome/110.0.0.0 Safari/537.36"
34.72.247.156 - - [26/Feb/2025:11:44:36 +0100] "GET /Jurek/eurofirany/images/390280/0.jpg HTTP/1.1" 200 149907 "-" "Mozilla/5.0 (X11; Linux x86_64) AppleWebKit/537.36 (KHTML, like Gecko) Chrome/110.0.0.0 Safari/537.36"
34.72.247.156 - - [26/Feb/2025:11:44:37 +0100] "GET /Jurek/eurofirany/images/335302/7.jpg HTTP/1.1" 200 202197 "-" "Mozilla/5.0 (X11; Linux x86_64) AppleWebKit/537.36 (KHTML, like Gecko) Chrome/110.0.0.0 Safari/537.36"
34.72.247.156 - - [26/Feb/2025:11:44:38 +0100] "GET /Jurek/eurofirany/images/335307/6.jpg HTTP/1.1" 200 193438 "-" "Mozilla/5.0 (X11; Linux x86_64) AppleWebKit/537.36 (KHTML, like Gecko) Chrome/110.0.0.0 Safari/537.36"
66.135.195.18 - - [26/Feb/2025:11:44:38 +0100] "GET /Jurek/eurofirany/images/386921/0.jpg HTTP/1.1" 200 102774 "-" "Java/17.0.12.0.101"
34.133.239.145 - - [26/Feb/2025:11:44:38 +0100] "GET /Jurek/eurofirany/images/335308/1.jpg HTTP/1.1" 200 120382 "-" "Mozilla/5.0 (X11; Linux x86_64) AppleWebKit/537.36 (KHTML, like Gecko) Chrome/110.0.0.0 Safari/537.36"
66.135.195.17 - - [26/Feb/2025:11:44:39 +0100] "GET /Jurek/eurofirany/images/386928/0.jpg HTTP/1.1" 200 100611 "-" "Java/17.0.12.0.101"
34.72.247.156 - - [26/Feb/2025:11:44:39 +0100] "GET /Jurek/eurofirany/images/335307/9.jpg HTTP/1.1" 200 145864 "-" "Mozilla/5.0 (X11; Linux x86_64) AppleWebKit/537.36 (KHTML, like Gecko) Chrome/110.0.0.0 Safari/537.36"
34.72.247.156 - - [26/Feb/2025:11:44:40 +0100] "GET /Jurek/eurofirany/images/335308/2.jpg HTTP/1.1" 200 92134 "-" "Mozilla/5.0 (X11; Linux x86_64) AppleWebKit/537.36 (KHTML, like Gecko) Chrome/110.0.0.0 Safari/537.36"
34.72.247.156 - - [26/Feb/2025:11:44:40 +0100] "GET /Jurek/eurofirany/images/335302/8.jpg HTTP/1.1" 200 90540 "-" "Mozilla/5.0 (X11; Linux x86_64) AppleWebKit/537.36 (KHTML, like Gecko) Chrome/110.0.0.0 Safari/537.36"
34.133.239.145 - - [26/Feb/2025:11:44:40 +0100] "GET /Jurek/eurofirany/images/335307/1.jpg HTTP/1.1" 200 116529 "-" "Mozilla/5.0 (X11; Linux x86_64) AppleWebKit/537.36 (KHTML, like Gecko) Chrome/110.0.0.0 Safari/537.36"
34.72.247.156 - - [26/Feb/2025:11:44:41 +0100] "GET /Jurek/eurofirany/images/335302/9.jpg HTTP/1.1" 200 151673 "-" "Mozilla/5.0 (X11; Linux x86_64) AppleWebKit/537.36 (KHTML, like Gecko) Chrome/110.0.0.0 Safari/537.36"
34.72.247.156 - - [26/Feb/2025:11:44:41 +0100] "GET /Jurek/eurofirany/images/335308/4.jpg HTTP/1.1" 200 234630 "-" "Mozilla/5.0 (X11; Linux x86_64) AppleWebKit/537.36 (KHTML, like Gecko) Chrome/110.0.0.0 Safari/537.36"
66.135.195.19 - - [26/Feb/2025:11:44:41 +0100] "GET /Jurek/eurofirany/images/386923/0.jpg HTTP/1.1" 200 98900 "-" "Java/17.0.12.0.101"
34.72.247.156 - - [26/Feb/2025:11:44:42 +0100] "GET /Jurek/eurofirany/images/335300/1.jpg HTTP/1.1" 200 118709 "-" "Mozilla/5.0 (X11; Linux x86_64) AppleWebKit/537.36 (KHTML, like Gecko) Chrome/110.0.0.0 Safari/537.36"
34.72.247.156 - - [26/Feb/2025:11:44:42 +0100] "GET /Jurek/eurofirany/images/335307/2.jpg HTTP/1.1" 200 94379 "-" "Mozilla/5.0 (X11; Linux x86_64) AppleWebKit/537.36 (KHTML, like Gecko) Chrome/110.0.0.0 Safari/537.36"
34.72.247.156 - - [26/Feb/2025:11:44:42 +0100] "GET /Jurek/eurofirany/images/335308/5.jpg HTTP/1.1" 200 180567 "-" "Mozilla/5.0 (X11; Linux x86_64) AppleWebKit/537.36 (KHTML, like Gecko) Chrome/110.0.0.0 Safari/537.36"
46.101.116.244 - - [26/Feb/2025:11:44:42 +0100] "GET /Filip/feeds/xlsx_ceneo.xml HTTP/1.0" 200 6241376 "-" "-"
34.72.247.156 - - [26/Feb/2025:11:44:43 +0100] "GET /Jurek/eurofirany/images/335307/3.jpg HTTP/1.1" 200 95196 "-" "Mozilla/5.0 (X11; Linux x86_64) AppleWebKit/537.36 (KHTML, like Gecko) Chrome/110.0.0.0 Safari/537.36"
51.77.52.107 - - [26/Feb/2025:11:44:43 +0100] "POST /Filip/Rovicky/baselinker/baselinker-ceneo-shumee.php HTTP/2.0" 200 106776 "-" "BaseLinker/1.0"
34.72.247.156 - - [26/Feb/2025:11:44:43 +0100] "GET /Jurek/eurofirany/images/335295/6.jpg HTTP/1.1" 200 116448 "-" "Mozilla/5.0 (X11; Linux x86_64) AppleWebKit/537.36 (KHTML, like Gecko) Chrome/110.0.0.0 Safari/537.36"
66.135.195.16 - - [26/Feb/2025:11:44:44 +0100] "GET /Jurek/eurofirany/images/335295/1.jpg HTTP/1.1" 200 120742 "http://www.ebay.com/" "Mozilla/4.0 (compatible; MSIE 4.01; Windows NT)"
66.135.195.16 - - [26/Feb/2025:11:44:44 +0100] "GET /Jurek/eurofirany/images/335295/3.jpg HTTP/1.1" 200 97514 "http://www.ebay.com/" "Mozilla/4.0 (compatible; MSIE 4.01; Windows NT)"
66.135.195.18 - - [26/Feb/2025:11:44:44 +0100] "GET /Jurek/eurofirany/images/335295/2.jpg HTTP/1.1" 200 96727 "http://www.ebay.com/" "Mozilla/4.0 (compatible; MSIE 4.01; Windows NT)"
66.135.195.18 - - [26/Feb/2025:11:44:44 +0100] "GET /Jurek/eurofirany/images/335295/8.jpg HTTP/1.1" 200 90540 "http://www.ebay.com/" "Mozilla/4.0 (compatible; MSIE 4.01; Windows NT)"
66.135.195.16 - - [26/Feb/2025:11:44:44 +0100] "GET /Jurek/eurofirany/images/335295/6.jpg HTTP/1.1" 200 116448 "http://www.ebay.com/" "Mozilla/4.0 (compatible; MSIE 4.01; Windows NT)"
66.135.195.17 - - [26/Feb/2025:11:44:44 +0100] "GET /Jurek/eurofirany/images/335295/0.jpg HTTP/1.1" 200 135110 "http://www.ebay.com/" "Mozilla/4.0 (compatible; MSIE 4.01; Windows NT)"
34.72.247.156 - - [26/Feb/2025:11:44:44 +0100] "GET /Jurek/eurofirany/images/335307/4.jpg HTTP/1.1" 200 224357 "-" "Mozilla/5.0 (X11; Linux x86_64) AppleWebKit/537.36 (KHTML, like Gecko) Chrome/110.0.0.0 Safari/537.36"
66.135.195.17 - - [26/Feb/2025:11:44:44 +0100] "GET /Jurek/eurofirany/images/335295/9.jpg HTTP/1.1" 200 151673 "http://www.ebay.com/" "Mozilla/4.0 (compatible; MSIE 4.01; Windows NT)"
66.135.195.17 - - [26/Feb/2025:11:44:44 +0100] "GET /Jurek/eurofirany/images/335295/5.jpg HTTP/1.1" 200 180567 "http://www.ebay.com/" "Mozilla/4.0 (compatible; MSIE 4.01; Windows NT)"
66.135.195.16 - - [26/Feb/2025:11:44:44 +0100] "GET /Jurek/eurofirany/images/335295/7.jpg HTTP/1.1" 200 202197 "http://www.ebay.com/" "Mozilla/4.0 (compatible; MSIE 4.01; Windows NT)"
66.135.195.20 - - [26/Feb/2025:11:44:44 +0100] "GET /Jurek/eurofirany/images/335295/4.jpg HTTP/1.1" 200 228982 "http://www.ebay.com/" "Mozilla/4.0 (compatible; MSIE 4.01; Windows NT)"
