66.211.183.72 - - [24/Feb/2025:03:50:46 +0100] "GET /Jurek/eurofirany/images/372982/0.jpg HTTP/1.1" 200 63261 "-" "scalaj-http/2.4.2"
46.101.116.244 - - [24/Feb/2025:03:51:16 +0100] "GET /Filip/feeds/xlsx_ceneo.xml HTTP/1.0" 200 6241376 "-" "-"
51.77.52.107 - - [24/Feb/2025:03:51:16 +0100] "POST /Filip/Rovicky/baselinker/baselinker-ceneo-shumee.php HTTP/2.0" 200 106776 "-" "BaseLinker/1.0"
66.211.183.73 - - [24/Feb/2025:03:52:27 +0100] "GET /Jurek/topeshop/downloaded_images/5904507207441_20st_mijas_lewy_niebieskikopia.png HTTP/1.1" 200 251031 "-" "scalaj-http/2.4.2"
89.161.206.59 - - [24/Feb/2025:03:52:40 +0100] "GET /Jurek/waks/feeds/waks_allegro.xml HTTP/1.0" 200 6333714 "-" "-"
66.211.183.71 - - [24/Feb/2025:03:52:49 +0100] "GET /Jurek/eurofirany/images/383469/0.jpg HTTP/1.1" 200 86852 "-" "scalaj-http/2.4.2"
89.161.206.59 - - [24/Feb/2025:03:52:56 +0100] "GET /Jurek/slayo/feeds/slayo_skroutz.xml HTTP/1.0" 200 195527 "-" "-"
89.161.206.59 - - [24/Feb/2025:03:53:56 +0100] "GET /Jurek/topeshop/feeds/topeshop_ebayDE.xml HTTP/1.0" 200 1191390 "-" "-"
77.79.248.229 - - [24/Feb/2025:03:54:07 +0100] "GET /Jurek/vidaSI/feeds/vidaSI_bigbang.xml HTTP/1.1" 200 614844801 "-" "Python-urllib/3.11"
46.101.116.244 - - [24/Feb/2025:03:55:47 +0100] "GET /Jurek/aw/feeds/aw_fnacfr.xml HTTP/1.0" 404 3551 "-" "-"
46.101.116.244 - - [24/Feb/2025:03:56:06 +0100] "GET /Jurek/eurofirany/feeds/eurofirany_velomarket.xml HTTP/1.0" 200 18959491 "-" "-"
46.101.116.244 - - [24/Feb/2025:03:56:15 +0100] "GET /Jurek/eurofirany/feeds/eurofirany_allegro.xml HTTP/1.0" 200 18962327 "-" "-"
46.101.116.244 - - [24/Feb/2025:03:56:27 +0100] "GET /Filip/feeds/xlsx_ceneo.xml HTTP/1.0" 200 6241376 "-" "-"
51.77.52.107 - - [24/Feb/2025:03:56:28 +0100] "POST /Filip/Rovicky/baselinker/baselinker-ceneo-shumee.php HTTP/2.0" 200 106776 "-" "BaseLinker/1.0"
5.134.208.158 - - [24/Feb/2025:03:57:07 +0100] "GET /Jurek/eurofirany/images/409621/0.jpg HTTP/1.1" 200 111969 "-" "-"
5.134.208.158 - - [24/Feb/2025:03:57:07 +0100] "GET /Jurek/eurofirany/images/432942/0.jpg HTTP/1.1" 200 147903 "-" "-"
66.211.183.74 - - [24/Feb/2025:03:58:05 +0100] "GET /Jurek/topeshop/downloaded_images/5904507207472_20st_mijas_prawy_niebieski.png HTTP/1.1" 200 245526 "-" "scalaj-http/2.4.2"
89.161.206.59 - - [24/Feb/2025:03:58:48 +0100] "GET /Jurek/oromed/feeds/oromed_amazones.xml HTTP/1.0" 200 1010122 "-" "-"
89.161.206.59 - - [24/Feb/2025:03:58:48 +0100] "GET /Jurek/oromed/feeds/oromed_amazonse.xml HTTP/1.0" 200 1010301 "-" "-"
89.161.206.59 - - [24/Feb/2025:03:58:48 +0100] "GET /Jurek/oromed/feeds/oromed_amazonbe.xml HTTP/1.0" 200 1010115 "-" "-"
89.161.206.59 - - [24/Feb/2025:03:58:49 +0100] "GET /Jurek/oromed/feeds/oromed_amazonfr.xml HTTP/1.0" 200 1010113 "-" "-"
89.161.206.59 - - [24/Feb/2025:03:58:49 +0100] "GET /Jurek/oromed/feeds/oromed_amazonit.xml HTTP/1.0" 200 1010117 "-" "-"
89.161.206.59 - - [24/Feb/2025:03:58:57 +0100] "GET /Jurek/pawonik/feeds/pawonik_emagro.xml HTTP/1.0" 200 2534684 "-" "-"
89.161.206.59 - - [24/Feb/2025:03:58:57 +0100] "GET /Jurek/kambukka/feeds/kambukka_emagro.xml HTTP/1.0" 200 1043882 "-" "-"
89.161.206.59 - - [24/Feb/2025:03:58:57 +0100] "GET /Jurek/mosti/feeds/mosti_emagro.xml HTTP/1.0" 200 9249992 "-" "-"
89.161.206.59 - - [24/Feb/2025:03:58:58 +0100] "GET /Jurek/ikonka/feeds/ikonka_emagro.xml HTTP/1.0" 200 22314375 "-" "-"
89.161.206.59 - - [24/Feb/2025:03:58:58 +0100] "GET /Jurek/hurtmeblowy/feeds/hurtmeblowy_emagro.xml HTTP/1.0" 200 8039515 "-" "-"
89.161.206.59 - - [24/Feb/2025:03:58:59 +0100] "GET /Jurek/artdog/feeds/artdog_emagro.xml HTTP/1.0" 200 15936126 "-" "-"
89.161.206.59 - - [24/Feb/2025:03:58:59 +0100] "GET /Jurek/ekuchcikowo/feeds/ekuchcikowo_emagro.xml HTTP/1.0" 200 12799365 "-" "-"
89.161.206.59 - - [24/Feb/2025:03:59:02 +0100] "GET /Jurek/aiofactory/feeds/aiofactory_emagro.xml HTTP/1.0" 200 2180700 "-" "-"
89.161.206.59 - - [24/Feb/2025:03:59:02 +0100] "GET /Jurek/ekotex/feeds/ekotex_emagro.xml HTTP/1.0" 200 197942 "-" "-"
89.161.206.59 - - [24/Feb/2025:03:59:02 +0100] "GET /Jurek/twojsklep/feeds/twojsklep_emagro.xml HTTP/1.0" 200 126790 "-" "-"
89.161.206.59 - - [24/Feb/2025:03:59:02 +0100] "GET /Jurek/domzapachy/feeds/domzapachy_emagro.xml HTTP/1.0" 200 179626 "-" "-"
89.161.206.59 - - [24/Feb/2025:03:59:02 +0100] "GET /Jurek/drewdon/feeds/drewdon_emagro.xml HTTP/1.0" 200 504539 "-" "-"
89.161.206.59 - - [24/Feb/2025:03:59:03 +0100] "GET /Jurek/primohurt/feeds/primohurt_emagro.xml HTTP/1.0" 200 17191603 "-" "-"
89.161.206.59 - - [24/Feb/2025:03:59:04 +0100] "GET /Jurek/wezer/feeds/wezer_emagro.xml HTTP/1.0" 200 210976 "-" "-"
89.161.206.59 - - [24/Feb/2025:03:59:04 +0100] "GET /Jurek/bentivolio/feeds/bentivolio_emagro.xml HTTP/1.0" 200 2541739 "-" "-"
89.161.206.59 - - [24/Feb/2025:03:59:06 +0100] "GET /Jurek/globaldeli/feeds/globaldeli_emagro.xml HTTP/1.0" 200 2590912 "-" "-"
66.211.183.70 - - [24/Feb/2025:03:59:16 +0100] "GET /Jurek/eurofirany/images/438608/0.jpg HTTP/1.1" 200 167089 "-" "scalaj-http/2.4.2"
164.92.232.189 - - [24/Feb/2025:04:00:02 +0100] "GET /subskrypcje/AMD/feeds/amd_cz.xml HTTP/1.1" 200 518486 "-" "-"
164.92.232.189 - - [24/Feb/2025:04:00:12 +0100] "GET /subskrypcje/AMD/feeds/amd_sk.xml HTTP/1.1" 200 528562 "-" "-"
164.92.232.189 - - [24/Feb/2025:04:00:13 +0100] "GET /subskrypcje/OverHorse/overhorse_mallcz.xml HTTP/1.1" 200 112935 "-" "-"
164.92.232.189 - - [24/Feb/2025:04:00:23 +0100] "GET /subskrypcje/mondex/feeds/mondex_mall_cz.xml HTTP/1.1" 200 2203515 "-" "-"
85.14.86.141 - - [24/Feb/2025:04:00:23 +0100] "GET /Jurek/vida_morele/feeds/VidaPL_all.xml HTTP/2.0" 200 690915899 "-" "MarketplaceAPI curl/7.64.0 PHP/8"
46.101.116.244 - - [24/Feb/2025:04:00:41 +0100] "GET /Jurek/aw/feeds/aw_fnacfr.xml HTTP/1.0" 404 3551 "-" "-"
46.101.116.244 - - [24/Feb/2025:04:00:55 +0100] "GET /Jurek/hurtownia_przemyslowa/feeds/hp_fnacfr.xml HTTP/1.0" 200 49710457 "-" "-"
46.101.116.244 - - [24/Feb/2025:04:01:31 +0100] "GET /Filip/feeds/xlsx_ceneo.xml HTTP/1.0" 200 6241376 "-" "-"
51.77.52.107 - - [24/Feb/2025:04:01:31 +0100] "POST /Filip/Rovicky/baselinker/baselinker-ceneo-shumee.php HTTP/2.0" 200 106776 "-" "BaseLinker/1.0"
185.6.76.166 - - [24/Feb/2025:04:01:36 +0100] "GET /Jurek/eurofirany/images/423951/0.jpg HTTP/1.1" 200 0 "-" "Skroutz ImageBot v1"
185.6.76.166 - - [24/Feb/2025:04:01:36 +0100] "GET /Jurek/eurofirany/images/438600/0.jpg HTTP/1.1" 200 33 "-" "Skroutz ImageBot v1"
46.101.116.244 - - [24/Feb/2025:04:01:51 +0100] "GET /Jurek/vida_morele/feeds/vidaPL_velomarket_category4.xml HTTP/1.0" 200 51603485 "-" "-"
46.101.116.244 - - [24/Feb/2025:04:02:01 +0100] "GET /Jurek/vida_morele/feeds/vidaPL_velomarket_category6.xml HTTP/1.0" 200 148613408 "-" "-"
185.6.76.166 - - [24/Feb/2025:04:02:16 +0100] "GET /Jurek/eurofirany/images/416113/0.jpg HTTP/1.1" 200 6595 "-" "Skroutz ImageBot v1"
52.18.22.0 - - [24/Feb/2025:04:02:17 +0100] "GET /marketplaces/rue/results/rue.csv HTTP/1.1" 200 147219 "-" "Mirakl HttpClient"
46.101.116.244 - - [24/Feb/2025:04:02:19 +0100] "GET /Jurek/vida_morele/feeds/vidaPL_velomarket_category2.xml HTTP/1.0" 200 41328906 "-" "-"
85.14.86.141 - - [24/Feb/2025:04:02:24 +0100] "GET /Jurek/kinghoff/feeds/kinghoff_morele.xml HTTP/2.0" 200 14528821 "-" "MarketplaceAPI curl/7.64.0 PHP/8"
46.101.116.244 - - [24/Feb/2025:04:02:25 +0100] "GET /Jurek/vida_morele/feeds/vidaPL_velomarket_category5.xml HTTP/1.0" 200 75576232 "-" "-"
185.6.76.166 - - [24/Feb/2025:04:02:42 +0100] "GET /Jurek/eurofirany/images/440362/0.jpg HTTP/1.1" 200 33 "-" "Skroutz ImageBot v1"
185.6.76.166 - - [24/Feb/2025:04:02:42 +0100] "GET /Jurek/eurofirany/images/440363/0.jpg HTTP/1.1" 200 33 "-" "Skroutz ImageBot v1"
52.18.22.0 - - [24/Feb/2025:04:03:36 +0100] "GET /marketplaces/ubaldi/results/ubaldi.csv HTTP/1.1" 200 3415435 "-" "Mirakl HttpClient"
85.14.86.141 - - [24/Feb/2025:04:04:26 +0100] "GET /Jurek/eurofirany/feeds/eurofirany_morele.xml HTTP/2.0" 200 18959743 "-" "MarketplaceAPI curl/7.64.0 PHP/8"
85.14.86.141 - - [24/Feb/2025:04:04:52 +0100] "GET /Jurek/vivaldi/feeds/vivaldi_Morele-PL.xml HTTP/2.0" 200 344674 "-" "MarketplaceAPI curl/7.64.0 PHP/8"
185.6.76.166 - - [24/Feb/2025:04:05:41 +0100] "GET /Jurek/eurofirany/images/418659/0.jpg HTTP/1.1" 200 6595 "-" "Skroutz ImageBot v1"
185.6.76.166 - - [24/Feb/2025:04:05:41 +0100] "GET /Jurek/eurofirany/images/463597/0.jpg HTTP/1.1" 200 0 "-" "Skroutz ImageBot v1"
185.6.76.166 - - [24/Feb/2025:04:05:41 +0100] "GET /Jurek/eurofirany/images/440363/0.jpg HTTP/1.1" 200 33 "-" "Skroutz ImageBot v1"
185.6.76.166 - - [24/Feb/2025:04:05:41 +0100] "GET /Jurek/eurofirany/images/416886/0.jpg HTTP/1.1" 200 6595 "-" "Skroutz ImageBot v1"
185.6.76.166 - - [24/Feb/2025:04:05:41 +0100] "GET /Jurek/eurofirany/images/432597/0.jpg HTTP/1.1" 200 33 "-" "Skroutz ImageBot v1"
185.6.76.166 - - [24/Feb/2025:04:05:41 +0100] "GET /Jurek/eurofirany/images/416889/0.jpg HTTP/1.1" 200 6595 "-" "Skroutz ImageBot v1"
185.6.76.166 - - [24/Feb/2025:04:05:41 +0100] "GET /Jurek/eurofirany/images/419217/0.jpg HTTP/1.1" 200 6595 "-" "Skroutz ImageBot v1"
185.6.76.166 - - [24/Feb/2025:04:05:41 +0100] "GET /Jurek/eurofirany/images/416891/0.jpg HTTP/1.1" 200 6595 "-" "Skroutz ImageBot v1"
185.6.76.166 - - [24/Feb/2025:04:05:41 +0100] "GET /Jurek/eurofirany/images/409417/0.jpg HTTP/1.1" 200 33 "-" "Skroutz ImageBot v1"
185.6.76.166 - - [24/Feb/2025:04:05:41 +0100] "GET /Jurek/eurofirany/images/440362/0.jpg HTTP/1.1" 200 33 "-" "Skroutz ImageBot v1"
185.6.76.166 - - [24/Feb/2025:04:05:41 +0100] "GET /Jurek/eurofirany/images/440501/0.jpg HTTP/1.1" 200 33 "-" "Skroutz ImageBot v1"
185.6.76.166 - - [24/Feb/2025:04:05:41 +0100] "GET /Jurek/eurofirany/images/416893/0.jpg HTTP/1.1" 200 6595 "-" "Skroutz ImageBot v1"
185.6.76.166 - - [24/Feb/2025:04:05:41 +0100] "GET /Jurek/eurofirany/images/423204/0.jpg HTTP/1.1" 200 0 "-" "Skroutz ImageBot v1"
185.6.76.166 - - [24/Feb/2025:04:05:41 +0100] "GET /Jurek/eurofirany/images/429767/0.jpg HTTP/1.1" 200 6625 "-" "Skroutz ImageBot v1"
185.6.76.166 - - [24/Feb/2025:04:05:41 +0100] "GET /Jurek/eurofirany/images/406034/0.jpg HTTP/1.1" 200 147219 "-" "Skroutz ImageBot v1"
185.6.76.166 - - [24/Feb/2025:04:05:41 +0100] "GET /Jurek/eurofirany/images/463591/0.jpg HTTP/1.1" 200 0 "-" "Skroutz ImageBot v1"
185.6.76.166 - - [24/Feb/2025:04:05:41 +0100] "GET /Jurek/eurofirany/images/433255/0.jpg HTTP/1.1" 200 6625 "-" "Skroutz ImageBot v1"
185.6.76.166 - - [24/Feb/2025:04:05:42 +0100] "GET /Jurek/eurofirany/images/463589/0.jpg HTTP/1.1" 200 0 "-" "Skroutz ImageBot v1"
185.6.76.166 - - [24/Feb/2025:04:05:42 +0100] "GET /Jurek/eurofirany/images/423951/0.jpg HTTP/1.1" 200 0 "-" "Skroutz ImageBot v1"
185.6.76.166 - - [24/Feb/2025:04:05:42 +0100] "GET /Jurek/eurofirany/images/409423/0.jpg HTTP/1.1" 200 33 "-" "Skroutz ImageBot v1"
185.6.76.166 - - [24/Feb/2025:04:05:42 +0100] "GET /Jurek/eurofirany/images/433271/0.jpg HTTP/1.1" 200 6625 "-" "Skroutz ImageBot v1"
185.6.76.166 - - [24/Feb/2025:04:05:42 +0100] "GET /Jurek/eurofirany/images/432589/0.jpg HTTP/1.1" 200 33 "-" "Skroutz ImageBot v1"
185.6.76.166 - - [24/Feb/2025:04:05:42 +0100] "GET /Jurek/eurofirany/images/433257/0.jpg HTTP/1.1" 200 6625 "-" "Skroutz ImageBot v1"
185.6.76.166 - - [24/Feb/2025:04:05:42 +0100] "GET /Jurek/eurofirany/images/463594/0.jpg HTTP/1.1" 200 0 "-" "Skroutz ImageBot v1"
185.6.76.166 - - [24/Feb/2025:04:05:42 +0100] "GET /Jurek/eurofirany/images/416887/0.jpg HTTP/1.1" 200 6595 "-" "Skroutz ImageBot v1"
185.6.76.166 - - [24/Feb/2025:04:05:42 +0100] "GET /Jurek/eurofirany/images/432598/0.jpg HTTP/1.1" 200 33 "-" "Skroutz ImageBot v1"
185.6.76.166 - - [24/Feb/2025:04:05:42 +0100] "GET /Jurek/eurofirany/images/416890/0.jpg HTTP/1.1" 200 6595 "-" "Skroutz ImageBot v1"
185.6.76.166 - - [24/Feb/2025:04:05:42 +0100] "GET /Jurek/eurofirany/images/463596/0.jpg HTTP/1.1" 200 0 "-" "Skroutz ImageBot v1"
185.6.76.166 - - [24/Feb/2025:04:05:42 +0100] "GET /Jurek/eurofirany/images/463595/0.jpg HTTP/1.1" 200 0 "-" "Skroutz ImageBot v1"
185.6.76.166 - - [24/Feb/2025:04:05:42 +0100] "GET /Jurek/eurofirany/images/423202/0.jpg HTTP/1.1" 200 0 "-" "Skroutz ImageBot v1"
185.6.76.166 - - [24/Feb/2025:04:05:42 +0100] "GET /Jurek/eurofirany/images/416884/0.jpg HTTP/1.1" 200 6595 "-" "Skroutz ImageBot v1"
185.6.76.166 - - [24/Feb/2025:04:05:42 +0100] "GET /Jurek/eurofirany/images/409414/0.jpg HTTP/1.1" 200 33 "-" "Skroutz ImageBot v1"
185.6.76.166 - - [24/Feb/2025:04:05:42 +0100] "GET /Jurek/eurofirany/images/432606/0.jpg HTTP/1.1" 200 33 "-" "Skroutz ImageBot v1"
185.6.76.166 - - [24/Feb/2025:04:05:42 +0100] "GET /Jurek/eurofirany/images/463592/0.jpg HTTP/1.1" 200 0 "-" "Skroutz ImageBot v1"
185.6.76.166 - - [24/Feb/2025:04:05:42 +0100] "GET /Jurek/eurofirany/images/440490/0.jpg HTTP/1.1" 200 33 "-" "Skroutz ImageBot v1"
185.6.76.166 - - [24/Feb/2025:04:05:42 +0100] "GET /Jurek/eurofirany/images/441719/0.jpg HTTP/1.1" 200 33 "-" "Skroutz ImageBot v1"
185.6.76.166 - - [24/Feb/2025:04:05:42 +0100] "GET /Jurek/eurofirany/images/419215/0.jpg HTTP/1.1" 200 6595 "-" "Skroutz ImageBot v1"
185.6.76.166 - - [24/Feb/2025:04:05:42 +0100] "GET /Jurek/eurofirany/images/423205/0.jpg HTTP/1.1" 200 0 "-" "Skroutz ImageBot v1"
185.6.76.166 - - [24/Feb/2025:04:05:42 +0100] "GET /Jurek/eurofirany/images/440471/0.jpg HTTP/1.1" 200 33 "-" "Skroutz ImageBot v1"
185.6.76.166 - - [24/Feb/2025:04:05:43 +0100] "GET /Jurek/eurofirany/images/433272/0.jpg HTTP/1.1" 200 6625 "-" "Skroutz ImageBot v1"
185.6.76.166 - - [24/Feb/2025:04:05:43 +0100] "GET /Jurek/eurofirany/images/448312/0.jpg HTTP/1.1" 200 33 "-" "Skroutz ImageBot v1"
185.6.76.166 - - [24/Feb/2025:04:05:43 +0100] "GET /Jurek/eurofirany/images/418562/0.jpg HTTP/1.1" 200 6595 "-" "Skroutz ImageBot v1"
185.6.76.166 - - [24/Feb/2025:04:05:43 +0100] "GET /Jurek/eurofirany/images/407893/0.jpg HTTP/1.1" 200 147219 "-" "Skroutz ImageBot v1"
185.6.76.166 - - [24/Feb/2025:04:05:43 +0100] "GET /Jurek/eurofirany/images/418952/0.jpg HTTP/1.1" 200 6595 "-" "Skroutz ImageBot v1"
185.6.76.166 - - [24/Feb/2025:04:05:43 +0100] "GET /Jurek/eurofirany/images/419216/0.jpg HTTP/1.1" 200 6595 "-" "Skroutz ImageBot v1"
185.6.76.166 - - [24/Feb/2025:04:05:43 +0100] "GET /Jurek/eurofirany/images/431703/0.jpg HTTP/1.1" 200 6625 "-" "Skroutz ImageBot v1"
185.6.76.166 - - [24/Feb/2025:04:05:43 +0100] "GET /Jurek/eurofirany/images/418370/0.jpg HTTP/1.1" 200 6595 "-" "Skroutz ImageBot v1"
185.6.76.166 - - [24/Feb/2025:04:05:43 +0100] "GET /Jurek/eurofirany/images/418595/0.jpg HTTP/1.1" 200 6595 "-" "Skroutz ImageBot v1"
89.161.206.59 - - [24/Feb/2025:04:05:44 +0100] "GET /Jurek/benetech/feeds/benetech_allegro.xml HTTP/1.0" 200 4452087 "-" "-"
89.161.206.59 - - [24/Feb/2025:04:05:44 +0100] "GET /Jurek/targethome/feeds/targethome_allegro.xml HTTP/1.0" 200 683631 "-" "-"
20.71.215.11 - - [24/Feb/2025:04:05:45 +0100] "GET /Jurek/altex_all/feeds/altex.xml HTTP/2.0" 200 873323 "-" "Mozilla/5.0 (Windows; U; Windows NT 5.1; en-US; rv:1.8.1.13) Gecko/20080311 Firefox/2.0.0.13"
46.101.116.244 - - [24/Feb/2025:04:05:45 +0100] "GET /Jurek/aw/feeds/aw_fnacfr.xml HTTP/1.0" 404 3551 "-" "-"
85.14.86.141 - - [24/Feb/2025:04:05:57 +0100] "GET /Jurek/aw/feeds/awnarzedzia_morele.xml HTTP/2.0" 200 90220698 "-" "MarketplaceAPI curl/7.64.0 PHP/8"
85.14.86.141 - - [24/Feb/2025:04:05:59 +0100] "GET /Jurek/vida_morele/feeds/VidaPL_morele.xml HTTP/2.0" 200 690915931 "-" "MarketplaceAPI curl/7.64.0 PHP/8"
185.6.76.166 - - [24/Feb/2025:04:06:04 +0100] "GET /Jurek/eurofirany/images/417686/0.jpg HTTP/1.1" 200 6595 "-" "Skroutz ImageBot v1"
46.101.116.244 - - [24/Feb/2025:04:06:12 +0100] "GET /Jurek/hurtownia_przemyslowa/feeds/hp_bol.xml HTTP/1.0" 200 49710530 "-" "-"
185.6.76.166 - - [24/Feb/2025:04:06:13 +0100] "GET /Jurek/eurofirany/images/432925/0.jpg HTTP/1.1" 200 6625 "-" "Skroutz ImageBot v1"
185.6.76.166 - - [24/Feb/2025:04:06:13 +0100] "GET /Jurek/topeshop/downloaded_images/5902838469316_1.jpg HTTP/1.1" 404 3551 "-" "Skroutz ImageBot v1"
185.6.76.166 - - [24/Feb/2025:04:06:13 +0100] "GET /Jurek/topeshop/downloaded_images/5902838464359_KUBABIURKOBRY%C5%81KABIELBOKZM.jpg HTTP/1.1" 404 3551 "-" "Skroutz ImageBot v1"
185.6.76.166 - - [24/Feb/2025:04:06:13 +0100] "GET /Jurek/topeshop/downloaded_images/5904507209391_profilowe.jpg HTTP/1.1" 404 3551 "-" "Skroutz ImageBot v1"
185.6.76.166 - - [24/Feb/2025:04:06:13 +0100] "GET /Jurek/topeshop/downloaded_images/5902838461761_brylki_.RGB_color.0002.png HTTP/1.1" 404 3551 "-" "Skroutz ImageBot v1"
185.6.76.166 - - [24/Feb/2025:04:06:13 +0100] "GET /Jurek/topeshop/downloaded_images/5902838466513_sonoma_close_20.jpg HTTP/1.1" 404 3551 "-" "Skroutz ImageBot v1"
185.6.76.166 - - [24/Feb/2025:04:06:13 +0100] "GET /Jurek/topeshop/downloaded_images/5904507201876_KUBABIURKOBRY%C5%81KAANTRACYTBOKZM.jpg HTTP/1.1" 404 3551 "-" "Skroutz ImageBot v1"
185.6.76.166 - - [24/Feb/2025:04:06:14 +0100] "GET /Jurek/eurofirany/images/417871/0.jpg HTTP/1.1" 200 6595 "-" "Skroutz ImageBot v1"
85.14.86.141 - - [24/Feb/2025:04:06:14 +0100] "GET /Jurek/miloohome/feeds/miloohome_morele.xml HTTP/2.0" 200 1421250 "-" "MarketplaceAPI curl/7.64.0 PHP/8"
185.6.76.166 - - [24/Feb/2025:04:06:16 +0100] "GET /Jurek/eurofirany/images/432590/0.jpg HTTP/1.1" 200 33 "-" "Skroutz ImageBot v1"
46.101.116.244 - - [24/Feb/2025:04:06:16 +0100] "GET /Jurek/kinghoff/feeds/kinghoff_bol.xml HTTP/1.0" 200 14528105 "-" "-"
185.6.76.166 - - [24/Feb/2025:04:06:16 +0100] "GET /Jurek/eurofirany/images/432607/0.jpg HTTP/1.1" 200 33 "-" "Skroutz ImageBot v1"
89.161.206.59 - - [24/Feb/2025:04:06:20 +0100] "GET /Jurek/sempler/feeds/sempler_BOL.xml HTTP/1.0" 200 6553220 "-" "-"
89.161.206.59 - - [24/Feb/2025:04:06:21 +0100] "GET /Jurek/eroplace/feeds/eroplace_bol.xml HTTP/1.0" 200 30849234 "-" "-"
85.14.86.141 - - [24/Feb/2025:04:06:22 +0100] "GET /Jurek/beliani/feeds/beliani_morele.xml HTTP/2.0" 200 31899752 "-" "MarketplaceAPI curl/7.64.0 PHP/8"
89.161.206.59 - - [24/Feb/2025:04:06:23 +0100] "GET /Jurek/waks/feeds/waks_bol.xml HTTP/1.0" 200 6332858 "-" "-"
185.6.76.166 - - [24/Feb/2025:04:06:23 +0100] "GET /Jurek/eurofirany/images/423213/0.jpg HTTP/1.1" 200 0 "-" "Skroutz ImageBot v1"
185.6.76.166 - - [24/Feb/2025:04:06:23 +0100] "GET /Jurek/eurofirany/images/423214/0.jpg HTTP/1.1" 200 0 "-" "Skroutz ImageBot v1"
185.6.76.166 - - [24/Feb/2025:04:06:24 +0100] "GET /Jurek/eurofirany/images/423211/0.jpg HTTP/1.1" 200 0 "-" "Skroutz ImageBot v1"
185.6.76.166 - - [24/Feb/2025:04:06:24 +0100] "GET /Jurek/eurofirany/images/423209/0.jpg HTTP/1.1" 200 0 "-" "Skroutz ImageBot v1"
89.161.206.59 - - [24/Feb/2025:04:06:24 +0100] "GET /Jurek/benetech/feeds/benetech_bol.xml HTTP/1.0" 200 4451828 "-" "-"
89.161.206.59 - - [24/Feb/2025:04:06:26 +0100] "GET /Jurek/oromed/feeds/oromed_BOL.xml HTTP/1.0" 200 1010109 "-" "-"
89.161.206.59 - - [24/Feb/2025:04:06:26 +0100] "GET /Jurek/narzbud/feeds/narzbud_bol.xml HTTP/1.0" 200 1958324 "-" "-"
89.161.206.59 - - [24/Feb/2025:04:06:26 +0100] "GET /Jurek/artdog/feeds/artdog_bol.xml HTTP/1.0" 200 15928264 "-" "-"
185.6.76.166 - - [24/Feb/2025:04:06:26 +0100] "GET /Jurek/eurofirany/images/423209/0.jpg HTTP/1.1" 200 0 "-" "Skroutz ImageBot v1"
185.6.76.166 - - [24/Feb/2025:04:06:26 +0100] "GET /Jurek/topeshop/downloaded_images/5902838466520_ROmana_bry%C5%82y_F_C_b0005.jpg HTTP/1.1" 404 3551 "-" "Skroutz ImageBot v1"
185.6.76.166 - - [24/Feb/2025:04:06:27 +0100] "GET /Jurek/eurofirany/images/423213/0.jpg HTTP/1.1" 200 0 "-" "Skroutz ImageBot v1"
185.6.76.166 - - [24/Feb/2025:04:06:27 +0100] "GET /Jurek/eurofirany/images/423211/0.jpg HTTP/1.1" 200 0 "-" "Skroutz ImageBot v1"
185.6.76.166 - - [24/Feb/2025:04:06:27 +0100] "GET /Jurek/topeshop/downloaded_images/5902838466209_KUBABIURKOBRY%C5%81KASONOMABOKZM.jpg HTTP/1.1" 404 3551 "-" "Skroutz ImageBot v1"
185.6.76.166 - - [24/Feb/2025:04:06:27 +0100] "GET /Jurek/eurofirany/images/423214/0.jpg HTTP/1.1" 200 0 "-" "Skroutz ImageBot v1"
89.161.206.59 - - [24/Feb/2025:04:06:27 +0100] "GET /Jurek/ekuchcikowo/feeds/ekuchcikowo_bol.xml HTTP/1.0" 200 12797256 "-" "-"
89.161.206.59 - - [24/Feb/2025:04:06:28 +0100] "GET /Jurek/ekolight/feeds/ekolight_bol.xml HTTP/1.0" 200 9051582 "-" "-"
89.161.206.59 - - [24/Feb/2025:04:06:29 +0100] "GET /Jurek/galopi/feeds/galopi_bol.xml HTTP/1.0" 200 1884695 "-" "-"
89.161.206.59 - - [24/Feb/2025:04:06:30 +0100] "GET /Jurek/erohurtownia/feeds/erohurtownia_bol.xml HTTP/1.0" 200 23304005 "-" "-"
89.161.206.59 - - [24/Feb/2025:04:06:32 +0100] "GET /Jurek/urwiskowo/feeds/urwiskowo_bol.xml HTTP/1.0" 200 9114985 "-" "-"
89.161.206.59 - - [24/Feb/2025:04:06:33 +0100] "GET /Jurek/livinhill/feeds/livinhill_bol.xml HTTP/1.0" 200 1437710 "-" "-"
89.161.206.59 - - [24/Feb/2025:04:06:34 +0100] "GET /Jurek/combine/feeds/combine_bol.xml HTTP/1.0" 200 210556 "-" "-"
89.161.206.59 - - [24/Feb/2025:04:06:34 +0100] "GET /Jurek/eurofryz2/feeds/eurofryz2_bol.xml HTTP/1.0" 200 1376574 "-" "-"
89.161.206.59 - - [24/Feb/2025:04:06:34 +0100] "GET /Jurek/spali/feeds/spali_bol.xml HTTP/1.0" 200 101945 "-" "-"
89.161.206.59 - - [24/Feb/2025:04:06:36 +0100] "GET /Jurek/eurofryz3/feeds/eurofryz3_bol.xml HTTP/1.0" 200 172212 "-" "-"
89.161.206.59 - - [24/Feb/2025:04:06:38 +0100] "GET /Jurek/bass_new/feeds/bass_bol.xml HTTP/1.0" 200 7040946 "-" "-"
89.161.206.59 - - [24/Feb/2025:04:06:41 +0100] "GET /Jurek/hurtmeblowy/feeds/hurtmeblowy_bol.xml HTTP/1.0" 200 8038259 "-" "-"
185.6.76.166 - - [24/Feb/2025:04:06:43 +0100] "GET /Jurek/eurofirany/images/432599/0.jpg HTTP/1.1" 200 33 "-" "Skroutz ImageBot v1"
89.161.206.59 - - [24/Feb/2025:04:06:43 +0100] "GET /Jurek/motofan/feeds/motofan_bol.xml HTTP/1.0" 200 2392422 "-" "-"
89.161.206.59 - - [24/Feb/2025:04:06:43 +0100] "GET /Jurek/rider/feeds/rider_bol.xml HTTP/1.0" 200 8165138 "-" "-"
89.161.206.59 - - [24/Feb/2025:04:06:44 +0100] "GET /Jurek/eldar/feeds/eldar_bol.xml HTTP/1.0" 200 7329350 "-" "-"
89.161.206.59 - - [24/Feb/2025:04:06:45 +0100] "GET /Jurek/primohurt/feeds/primohurt_bol.xml HTTP/1.0" 200 17186578 "-" "-"
89.161.206.59 - - [24/Feb/2025:04:06:47 +0100] "GET /Jurek/najtanszysport/feeds/najtanszysport_bol.xml HTTP/1.0" 200 3982921 "-" "-"
89.161.206.59 - - [24/Feb/2025:04:06:47 +0100] "GET /Jurek/topeshop/feeds/topeshop_bol.xml HTTP/1.0" 200 2394508 "-" "-"
89.161.206.59 - - [24/Feb/2025:04:06:49 +0100] "GET /Jurek/eurofirany/feeds/eurofirany_bol.xml HTTP/1.0" 200 18958464 "-" "-"
89.161.206.59 - - [24/Feb/2025:04:06:54 +0100] "GET /Jurek/eurofryz/feeds/eurofryz_bol.xml HTTP/1.0" 200 2388132 "-" "-"
89.161.206.59 - - [24/Feb/2025:04:06:54 +0100] "GET /Jurek/aiofactory/feeds/aiofactory_bol.xml HTTP/1.0" 200 2180299 "-" "-"
46.101.116.244 - - [24/Feb/2025:04:06:57 +0100] "GET /Filip/feeds/xlsx_ceneo.xml HTTP/1.0" 200 6241376 "-" "-"
46.101.116.244 - - [24/Feb/2025:04:06:58 +0100] "GET /Jurek/rovicky/feeds/rovicky_zalando.xml HTTP/1.0" 200 14226916 "-" "-"
85.232.241.194 - - [24/Feb/2025:04:06:59 +0100] "GET /Filip/Rovicky/xlsx_ceneo.xml HTTP/1.1" 200 3255746 "-" "-"
51.77.52.107 - - [24/Feb/2025:04:07:00 +0100] "POST /Filip/Rovicky/baselinker/baselinker-ceneo-shumee.php HTTP/2.0" 200 106776 "-" "BaseLinker/1.0"
46.101.116.244 - - [24/Feb/2025:04:07:05 +0100] "GET /Jurek/rovicky/feeds/rovicky_zalPL.xml HTTP/1.0" 200 14101690 "-" "-"
46.101.116.244 - - [24/Feb/2025:04:10:44 +0100] "GET /Jurek/aw/feeds/aw_fnacfr.xml HTTP/1.0" 404 3551 "-" "-"
46.101.116.244 - - [24/Feb/2025:04:10:58 +0100] "GET /Jurek/vida_morele/feeds/vidaPL_velomarket_category3.xml HTTP/1.0" 200 40192478 "-" "-"
46.101.116.244 - - [24/Feb/2025:04:11:21 +0100] "GET /Filip/feeds/xlsx_ceneo.xml HTTP/1.0" 200 6241376 "-" "-"
51.77.52.107 - - [24/Feb/2025:04:11:21 +0100] "POST /Filip/Rovicky/baselinker/baselinker-ceneo-shumee.php HTTP/2.0" 200 106776 "-" "BaseLinker/1.0"
185.6.76.167 - - [24/Feb/2025:04:12:49 +0100] "GET /Jurek/topeshop/downloaded_images/5902838461594_brylki_.RGB_color.0006.png HTTP/1.1" 200 31761 "-" "Skroutz ImageBot v1"
46.101.116.244 - - [24/Feb/2025:04:15:42 +0100] "GET /Jurek/aw/feeds/aw_fnacfr.xml HTTP/1.0" 404 3551 "-" "-"
89.161.206.59 - - [24/Feb/2025:04:15:51 +0100] "GET /Jurek/pupus/feeds/pupus_amazonde.xml HTTP/1.0" 200 6154532 "-" "-"
46.101.116.244 - - [24/Feb/2025:04:16:15 +0100] "GET /Filip/feeds/xlsx_ceneo.xml HTTP/1.0" 200 6241376 "-" "-"
51.77.52.107 - - [24/Feb/2025:04:16:16 +0100] "POST /Filip/Rovicky/baselinker/baselinker-ceneo-shumee.php HTTP/2.0" 200 106776 "-" "BaseLinker/1.0"
5.134.208.158 - - [24/Feb/2025:04:18:15 +0100] "GET /Jurek/eurofirany/images/441723/0.jpg HTTP/1.1" 206 256 "https://www.ceneo.pl" "Mozilla/5.0 (Windows NT 10.0; Win64; x64) AppleWebKit/537.36 (KHTML, like Gecko) Chrome/87.0.4280.141 Safari/537.36"
5.134.208.158 - - [24/Feb/2025:04:18:15 +0100] "GET /Jurek/eurofirany/images/441723/0.jpg HTTP/1.1" 206 256 "https://www.ceneo.pl" "Mozilla/5.0 (Windows NT 10.0; Win64; x64) AppleWebKit/537.36 (KHTML, like Gecko) Chrome/87.0.4280.141 Safari/537.36"
46.101.116.244 - - [24/Feb/2025:04:19:13 +0100] "GET /Jurek/vida_morele/feeds/vidaPL_velomarket_category0.xml HTTP/1.0" 200 137280283 "-" "-"
46.101.116.244 - - [24/Feb/2025:04:20:41 +0100] "GET /Jurek/aw/feeds/aw_fnacfr.xml HTTP/1.0" 404 3551 "-" "-"
66.211.183.73 - - [24/Feb/2025:04:20:50 +0100] "GET /Jurek/eurofirany/images/438670/0.jpg HTTP/1.1" 200 82418 "-" "scalaj-http/2.4.2"
46.101.116.244 - - [24/Feb/2025:04:21:13 +0100] "GET /Filip/feeds/xlsx_ceneo.xml HTTP/1.0" 200 6241376 "-" "-"
51.77.52.107 - - [24/Feb/2025:04:21:14 +0100] "POST /Filip/Rovicky/baselinker/baselinker-ceneo-shumee.php HTTP/2.0" 200 106776 "-" "BaseLinker/1.0"
66.211.183.71 - - [24/Feb/2025:04:21:24 +0100] "GET /Jurek/eurofirany/images/383167/0.jpg HTTP/1.1" 200 85519 "-" "scalaj-http/2.4.2"
66.211.183.73 - - [24/Feb/2025:04:23:22 +0100] "GET /Jurek/eurofirany/images/438713/0.jpg HTTP/1.1" 200 82418 "-" "scalaj-http/2.4.2"
66.211.183.72 - - [24/Feb/2025:04:23:29 +0100] "GET /Jurek/eurofirany/images/438610/0.jpg HTTP/1.1" 200 114177 "-" "scalaj-http/2.4.2"
46.101.116.244 - - [24/Feb/2025:04:23:54 +0100] "GET /Jurek/kokiska/feeds/kokiska_allegro.xml HTTP/1.0" 200 11563299 "-" "-"
46.101.116.244 - - [24/Feb/2025:04:23:56 +0100] "GET /Jurek/vivaldi/feeds/vivaldi_allegro.xml HTTP/1.0" 200 344685 "-" "-"
46.101.116.244 - - [24/Feb/2025:04:25:57 +0100] "GET /Jurek/aw/feeds/aw_fnacfr.xml HTTP/1.0" 404 3551 "-" "-"
46.101.116.244 - - [24/Feb/2025:04:26:03 +0100] "GET /Jurek/fernity/feeds/fernity_manomano.xml HTTP/1.0" 200 5083480 "-" "-"
46.101.116.244 - - [24/Feb/2025:04:26:14 +0100] "GET /Jurek/vida_morele/feeds/vidaPL_velomarket_category1.xml HTTP/1.0" 200 175018787 "-" "-"
46.101.116.244 - - [24/Feb/2025:04:26:27 +0100] "GET /Jurek/fernity/feeds/fernity_velomarket.xml HTTP/1.0" 200 5084615 "-" "-"
46.101.116.244 - - [24/Feb/2025:04:26:43 +0100] "GET /Filip/feeds/xlsx_ceneo.xml HTTP/1.0" 200 6241376 "-" "-"
51.77.52.107 - - [24/Feb/2025:04:26:44 +0100] "POST /Filip/Rovicky/baselinker/baselinker-ceneo-shumee.php HTTP/2.0" 200 106776 "-" "BaseLinker/1.0"
66.211.183.71 - - [24/Feb/2025:04:27:16 +0100] "GET /Jurek/eurofirany/images/372981/0.jpg HTTP/1.1" 200 59591 "-" "scalaj-http/2.4.2"
66.211.183.71 - - [24/Feb/2025:04:28:00 +0100] "GET /Jurek/eurofirany/images/383469/0.jpg HTTP/1.1" 200 86852 "-" "scalaj-http/2.4.2"
66.211.183.70 - - [24/Feb/2025:04:28:22 +0100] "GET /Jurek/eurofirany/images/438721/0.jpg HTTP/1.1" 200 107908 "-" "scalaj-http/2.4.2"
46.101.116.244 - - [24/Feb/2025:04:30:40 +0100] "GET /Jurek/aw/feeds/aw_fnacfr.xml HTTP/1.0" 404 3551 "-" "-"
46.101.116.244 - - [24/Feb/2025:04:31:11 +0100] "GET /Filip/feeds/xlsx_ceneo.xml HTTP/1.0" 200 6241376 "-" "-"
51.77.52.107 - - [24/Feb/2025:04:31:12 +0100] "POST /Filip/Rovicky/baselinker/baselinker-ceneo-shumee.php HTTP/2.0" 200 106776 "-" "BaseLinker/1.0"
66.211.183.72 - - [24/Feb/2025:04:31:54 +0100] "GET /Jurek/topeshop/downloaded_images/5904507207465_20st_mijas_lewy_r%C3%B3%C5%BCowykopia.png HTTP/1.1" 200 253819 "-" "scalaj-http/2.4.2"
89.161.206.59 - - [24/Feb/2025:04:32:16 +0100] "GET /Jurek/szpaklampy/feeds/szpaklampy_allegro.xml HTTP/1.0" 200 416581 "-" "-"
66.211.183.72 - - [24/Feb/2025:04:33:35 +0100] "GET /Jurek/topeshop/downloaded_images/5902838468807_DUOARTISANBRY%C5%81KABOKZM.jpg HTTP/1.1" 404 3551 "-" "scalaj-http/2.4.2"
52.18.22.0 - - [24/Feb/2025:04:35:20 +0100] "GET /marketplaces/worten2/results/worten.csv HTTP/1.1" 200 147217 "-" "Mirakl HttpClient"
66.211.183.71 - - [24/Feb/2025:04:35:24 +0100] "GET /Jurek/eurofirany/images/438700/0.jpg HTTP/1.1" 200 105392 "-" "scalaj-http/2.4.2"
66.211.183.74 - - [24/Feb/2025:04:36:15 +0100] "GET /Jurek/topeshop/downloaded_images/5902838468838_DUOSONOMABRY%C5%81KABOKZM.jpg HTTP/1.1" 404 3551 "-" "scalaj-http/2.4.2"
66.211.183.74 - - [24/Feb/2025:04:36:16 +0100] "GET /Jurek/eurofirany/images/438728/0.jpg HTTP/1.1" 200 101507 "-" "scalaj-http/2.4.2"
46.101.116.244 - - [24/Feb/2025:04:36:46 +0100] "GET /Jurek/aw/feeds/aw_fnacfr.xml HTTP/1.0" 404 3551 "-" "-"
46.101.116.244 - - [24/Feb/2025:04:37:18 +0100] "GET /Filip/feeds/xlsx_ceneo.xml HTTP/1.0" 200 6241376 "-" "-"
51.77.52.107 - - [24/Feb/2025:04:37:19 +0100] "POST /Filip/Rovicky/baselinker/baselinker-ceneo-shumee.php HTTP/2.0" 200 106776 "-" "BaseLinker/1.0"
66.211.183.74 - - [24/Feb/2025:04:37:32 +0100] "GET /Jurek/eurofirany/images/438621/0.jpg HTTP/1.1" 200 168635 "-" "scalaj-http/2.4.2"
66.211.183.72 - - [24/Feb/2025:04:38:04 +0100] "GET /Jurek/eurofirany/images/416790/0.jpg HTTP/1.1" 200 121794 "-" "scalaj-http/2.4.2"
89.161.206.59 - - [24/Feb/2025:04:38:41 +0100] "GET /Jurek/eurofirany/feeds/eurofirany_amazonIT.xml HTTP/1.0" 200 18958394 "-" "-"
89.161.206.59 - - [24/Feb/2025:04:38:43 +0100] "GET /Jurek/eurofirany/feeds/eurofirany_amazaon_de.xml HTTP/1.0" 200 18958391 "-" "-"
89.161.206.59 - - [24/Feb/2025:04:38:46 +0100] "GET /Jurek/eurofirany/feeds/eurofirany_amazonNL.xml HTTP/1.0" 200 18958404 "-" "-"
89.161.206.59 - - [24/Feb/2025:04:38:46 +0100] "GET /Jurek/fertone/feeds/fertone_allegro.xml HTTP/1.0" 200 624925 "-" "-"
89.161.206.59 - - [24/Feb/2025:04:38:49 +0100] "GET /Jurek/eurofirany/feeds/eurofirany_amazonFR.xml HTTP/1.0" 200 18958384 "-" "-"
89.161.206.59 - - [24/Feb/2025:04:38:52 +0100] "GET /Jurek/eurofirany/feeds/eurofirany_amazonES.xml HTTP/1.0" 200 18958324 "-" "-"
89.161.206.59 - - [24/Feb/2025:04:38:55 +0100] "GET /Jurek/eurofirany/feeds/eurofirany_amazonSE.xml HTTP/1.0" 200 18975882 "-" "-"
89.161.206.59 - - [24/Feb/2025:04:39:01 +0100] "GET /Jurek/pupus/feeds/pupus_amazonnl.xml HTTP/1.0" 200 6154566 "-" "-"
89.161.206.59 - - [24/Feb/2025:04:39:01 +0100] "GET /Jurek/pupus/feeds/pupus_amazonse.xml HTTP/1.0" 200 6156608 "-" "-"
89.161.206.59 - - [24/Feb/2025:04:39:02 +0100] "GET /Jurek/pupus/feeds/pupus_amazonbe.xml HTTP/1.0" 200 6154562 "-" "-"
89.161.206.59 - - [24/Feb/2025:04:39:02 +0100] "GET /Jurek/pupus/feeds/pupus_amazonit.xml HTTP/1.0" 200 6154610 "-" "-"
89.161.206.59 - - [24/Feb/2025:04:39:03 +0100] "GET /Jurek/pupus/feeds/pupus_amazones.xml HTTP/1.0" 200 6154545 "-" "-"
89.161.206.59 - - [24/Feb/2025:04:39:05 +0100] "GET /Jurek/pupus/feeds/pupus_amazonfr.xml HTTP/1.0" 200 6154711 "-" "-"
89.161.206.59 - - [24/Feb/2025:04:39:05 +0100] "GET /Jurek/oromed/feeds/oromed_amazonnl.xml HTTP/1.0" 200 1010112 "-" "-"
66.211.183.71 - - [24/Feb/2025:04:39:12 +0100] "GET /Jurek/eurofirany/images/383362/0.jpg HTTP/1.1" 200 73860 "-" "scalaj-http/2.4.2"
66.211.183.71 - - [24/Feb/2025:04:40:22 +0100] "GET /Jurek/eurofirany/images/438610/0.jpg HTTP/1.1" 200 114177 "-" "scalaj-http/2.4.2"
46.101.116.244 - - [24/Feb/2025:04:40:51 +0100] "GET /Jurek/activeshop/feeds/activeshop_mallhu.xml HTTP/2.0" 200 10492067 "-" "-"
46.101.116.244 - - [24/Feb/2025:04:42:02 +0100] "GET /Jurek/aw/feeds/aw_fnacfr.xml HTTP/1.0" 404 3551 "-" "-"
46.101.116.244 - - [24/Feb/2025:04:42:35 +0100] "GET /Filip/feeds/xlsx_ceneo.xml HTTP/1.0" 200 6241376 "-" "-"
51.77.52.107 - - [24/Feb/2025:04:42:36 +0100] "POST /Filip/Rovicky/baselinker/baselinker-ceneo-shumee.php HTTP/2.0" 200 106776 "-" "BaseLinker/1.0"
46.101.116.244 - - [24/Feb/2025:04:42:46 +0100] "GET /Jurek/action/feeds/action_mallhugs.xml HTTP/2.0" 200 55239575 "-" "-"
66.211.183.73 - - [24/Feb/2025:04:43:04 +0100] "GET /Jurek/topeshop/downloaded_images/5904507207472_20st_mijas_prawy_niebieski.png HTTP/1.1" 200 245526 "-" "scalaj-http/2.4.2"
46.101.116.244 - - [24/Feb/2025:04:43:09 +0100] "GET /Jurek/b3/feeds/b3_mallhugs.xml HTTP/2.0" 200 7176074 "-" "-"
46.101.116.244 - - [24/Feb/2025:04:43:21 +0100] "GET /Jurek/benbaby/feeds/benbaby_mallhugs.xml HTTP/2.0" 200 3786891 "-" "-"
46.101.116.244 - - [24/Feb/2025:04:43:32 +0100] "GET /Jurek/emibig/feeds/emibig_mallhugs.xml HTTP/2.0" 200 2530915 "-" "-"
52.167.144.138 - - [24/Feb/2025:04:43:34 +0100] "GET /Jurek/eurofirany/images/383703/8.jpg HTTP/2.0" 200 249281 "-" "Mozilla/5.0 AppleWebKit/537.36 (KHTML, like Gecko; compatible; bingbot/2.0; +http://www.bing.com/bingbot.htm) Chrome/116.0.1938.76 Safari/537.36"
46.101.116.244 - - [24/Feb/2025:04:43:44 +0100] "GET /Jurek/hurtownia_przemyslowa/feeds/hp_mallhugs.xml HTTP/2.0" 200 49747649 "-" "-"
89.161.206.59 - - [24/Feb/2025:04:43:55 +0100] "GET /Jurek/eurofirany/feeds/eurofirany_manomanofr.xml HTTP/1.0" 200 18958511 "-" "-"
46.101.116.244 - - [24/Feb/2025:04:44:46 +0100] "GET /Jurek/kinghoff/feeds/kinghoff_mallhu.xml HTTP/2.0" 200 14534157 "-" "-"
46.101.116.244 - - [24/Feb/2025:04:44:59 +0100] "GET /Jurek/fernity/feeds/fernity_mallhu.xml HTTP/2.0" 200 5092511 "-" "-"
46.101.116.244 - - [24/Feb/2025:04:45:13 +0100] "GET /Jurek/beliani/feeds/beliani_hu.xml HTTP/2.0" 200 41506536 "-" "-"
46.101.116.244 - - [24/Feb/2025:04:45:35 +0100] "GET /Jurek/detian/feeds/detian_mallhu.xml HTTP/2.0" 404 3551 "-" "-"
46.101.116.244 - - [24/Feb/2025:04:45:45 +0100] "GET /Jurek/flhf/feeds/flhf_mallsi.xml HTTP/2.0" 404 3551 "-" "-"
46.101.116.244 - - [24/Feb/2025:04:45:46 +0100] "GET /Jurek/aw/feeds/aw_fnacfr.xml HTTP/1.0" 404 3551 "-" "-"
46.101.116.244 - - [24/Feb/2025:04:46:21 +0100] "GET /Filip/feeds/xlsx_ceneo.xml HTTP/1.0" 200 6241376 "-" "-"
51.77.52.107 - - [24/Feb/2025:04:46:21 +0100] "POST /Filip/Rovicky/baselinker/baselinker-ceneo-shumee.php HTTP/2.0" 200 106776 "-" "BaseLinker/1.0"
89.161.206.59 - - [24/Feb/2025:04:46:49 +0100] "GET /Jurek/ikonka/feeds/ikonka_skroutz.xml HTTP/1.0" 200 22313061 "-" "-"
89.161.206.59 - - [24/Feb/2025:04:48:14 +0100] "GET /Jurek/fernity/feeds/fernity_skroutz.xml HTTP/1.0" 200 5084263 "-" "-"
66.211.183.70 - - [24/Feb/2025:04:48:15 +0100] "GET /Jurek/eurofirany/images/438729/0.jpg HTTP/1.1" 200 117195 "-" "scalaj-http/2.4.2"
89.161.206.59 - - [24/Feb/2025:04:48:22 +0100] "GET /Jurek/activeshop/feeds/activeshop_skroutz.xml HTTP/1.0" 200 10492642 "-" "-"
46.101.116.244 - - [24/Feb/2025:04:48:54 +0100] "GET /Jurek/beliani/feeds/beliani_skroutz.xml HTTP/1.0" 200 31895848 "-" "-"
89.161.206.59 - - [24/Feb/2025:04:49:47 +0100] "GET /Jurek/ekuchcikowo/feeds/ekuchcikowo_skroutz.xml HTTP/1.0" 200 12797336 "-" "-"
89.161.206.59 - - [24/Feb/2025:04:49:48 +0100] "GET /Jurek/hurtmeblowy/feeds/hurtmeblowy_skroutz.xml HTTP/1.0" 200 8038471 "-" "-"
46.101.116.244 - - [24/Feb/2025:04:50:40 +0100] "GET /Jurek/aw/feeds/aw_fnacfr.xml HTTP/1.0" 404 3551 "-" "-"
89.161.206.59 - - [24/Feb/2025:04:50:42 +0100] "GET /Jurek/kobi/feeds/kobi_skroutz.xml HTTP/1.0" 200 1993280 "-" "-"
89.161.206.59 - - [24/Feb/2025:04:50:42 +0100] "GET /Jurek/evil/feeds/evil_skroutz.xml HTTP/1.0" 200 252472 "-" "-"
89.161.206.59 - - [24/Feb/2025:04:50:43 +0100] "GET /Jurek/sartrix/feeds/sartrix_skroutz.xml HTTP/1.0" 200 649152 "-" "-"
89.161.206.59 - - [24/Feb/2025:04:50:43 +0100] "GET /Jurek/twojsklep/feeds/twojsklep_skroutz.xml HTTP/1.0" 200 126787 "-" "-"
89.161.206.59 - - [24/Feb/2025:04:50:44 +0100] "GET /Jurek/drewdon/feeds/drewdon_skroutz.xml HTTP/1.0" 200 358930 "-" "-"
89.161.206.59 - - [24/Feb/2025:04:50:44 +0100] "GET /Jurek/luxma/feeds/luxma_skroutz.xml HTTP/1.0" 200 4420050 "-" "-"
89.161.206.59 - - [24/Feb/2025:04:50:45 +0100] "GET /Jurek/zepnij/feeds/zepnij_skroutz.xml HTTP/1.0" 200 19522971 "-" "-"
89.161.206.59 - - [24/Feb/2025:04:50:47 +0100] "GET /Jurek/qbox/feeds/qbox_skroutz.xml HTTP/1.0" 200 398713 "-" "-"
89.161.206.59 - - [24/Feb/2025:04:51:08 +0100] "GET /Jurek/ekotex/feeds/ekotex_skroutz.xml HTTP/1.0" 200 197813 "-" "-"
89.161.206.59 - - [24/Feb/2025:04:51:09 +0100] "GET /Jurek/motofan/feeds/motofan_skroutz.xml HTTP/1.0" 200 2392448 "-" "-"
46.101.116.244 - - [24/Feb/2025:04:51:12 +0100] "GET /Filip/feeds/xlsx_ceneo.xml HTTP/1.0" 200 6241376 "-" "-"
51.77.52.107 - - [24/Feb/2025:04:51:13 +0100] "POST /Filip/Rovicky/baselinker/baselinker-ceneo-shumee.php HTTP/2.0" 200 106776 "-" "BaseLinker/1.0"
89.161.206.59 - - [24/Feb/2025:04:51:26 +0100] "GET /Jurek/eurofirany/feeds/eurofirany_skroutz.xml HTTP/1.0" 200 18958141 "-" "-"
46.101.116.244 - - [24/Feb/2025:04:52:27 +0100] "GET /Jurek/kinghoff/feeds/kinghoff_allegro.xml HTTP/1.0" 200 14529720 "-" "-"
46.101.116.244 - - [24/Feb/2025:04:52:48 +0100] "GET /Jurek/topeshop/feeds/topeshop_skr.xml HTTP/1.0" 200 2394640 "-" "-"
66.211.183.70 - - [24/Feb/2025:04:53:19 +0100] "GET /Jurek/eurofirany/images/372660/0.jpg HTTP/1.1" 200 69040 "-" "scalaj-http/2.4.2"
46.101.116.244 - - [24/Feb/2025:04:55:43 +0100] "GET /Jurek/aw/feeds/aw_fnacfr.xml HTTP/1.0" 404 3551 "-" "-"
89.161.206.59 - - [24/Feb/2025:04:55:59 +0100] "GET /Jurek/eurofirany/feeds/eurofirany_amazonBE.xml HTTP/1.0" 200 18958475 "-" "-"
46.101.116.244 - - [24/Feb/2025:04:56:16 +0100] "GET /Filip/feeds/xlsx_ceneo.xml HTTP/1.0" 200 6241376 "-" "-"
51.77.52.107 - - [24/Feb/2025:04:56:16 +0100] "POST /Filip/Rovicky/baselinker/baselinker-ceneo-shumee.php HTTP/2.0" 200 106776 "-" "BaseLinker/1.0"
66.211.183.71 - - [24/Feb/2025:04:56:43 +0100] "GET /Jurek/topeshop/downloaded_images/5904507207458_20st_mijas_lewy_zielonykopia.png HTTP/1.1" 200 259990 "-" "scalaj-http/2.4.2"
66.249.66.66 - - [24/Feb/2025:04:57:50 +0100] "GET /Jurek/eurofirany/images/398409/7.jpg HTTP/1.1" 200 184500 "-" "Googlebot-Image/1.0"
66.211.183.71 - - [24/Feb/2025:04:59:11 +0100] "GET /Jurek/eurofirany/images/438608/0.jpg HTTP/1.1" 200 167089 "-" "scalaj-http/2.4.2"
89.161.206.59 - - [24/Feb/2025:04:59:11 +0100] "GET /Jurek/eurofryz/feeds/eurofryz_skroutz.xml HTTP/1.0" 200 2388132 "-" "-"
89.161.206.59 - - [24/Feb/2025:04:59:12 +0100] "GET /Jurek/domzapachy/feeds/domzapachy_skroutz.xml HTTP/1.0" 200 179626 "-" "-"
52.18.22.0 - - [24/Feb/2025:05:00:35 +0100] "GET /marketplaces/ubaldi/results/ubaldi.csv HTTP/1.1" 200 147219 "-" "Mirakl HttpClient"
85.14.86.141 - - [24/Feb/2025:05:00:35 +0100] "GET /Jurek/vida_morele/feeds/VidaPL_all.xml HTTP/2.0" 200 690915899 "-" "MarketplaceAPI curl/7.64.0 PHP/8"
46.101.116.244 - - [24/Feb/2025:05:00:40 +0100] "GET /Jurek/aw/feeds/aw_fnacfr.xml HTTP/1.0" 404 3551 "-" "-"
46.101.116.244 - - [24/Feb/2025:05:01:13 +0100] "GET /Filip/feeds/xlsx_ceneo.xml HTTP/1.0" 200 6241376 "-" "-"
51.77.52.107 - - [24/Feb/2025:05:01:14 +0100] "POST /Filip/Rovicky/baselinker/baselinker-ceneo-shumee.php HTTP/2.0" 200 106776 "-" "BaseLinker/1.0"
85.232.241.194 - - [24/Feb/2025:05:02:01 +0100] "GET /Jurek/kinghoff/feeds/kinghoff_skrSH.xml HTTP/1.1" 200 14528220 "-" "Python-urllib/3.11"
85.232.241.194 - - [24/Feb/2025:05:02:02 +0100] "GET /Jurek/aw/feeds/aw_skroutzSH.xml HTTP/1.1" 200 90210433 "-" "Python-urllib/3.11"
85.232.241.194 - - [24/Feb/2025:05:02:02 +0100] "GET /Jurek/eurofirany/feeds/eurofirany_skrSH.xml HTTP/1.1" 200 18958220 "-" "Python-urllib/3.11"
85.232.241.194 - - [24/Feb/2025:05:02:02 +0100] "GET /Jurek/fernity/feeds/fernity_skrSH.xml HTTP/1.1" 200 5084017 "-" "Python-urllib/3.11"
85.232.241.194 - - [24/Feb/2025:05:02:02 +0100] "GET /Jurek/hurtownia_przemyslowa/feeds/hp_skrSH.xml HTTP/1.1" 200 49710957 "-" "Python-urllib/3.11"
85.232.241.194 - - [24/Feb/2025:05:02:03 +0100] "GET /Jurek/stema/feeds/stema_skrSH.xml HTTP/1.1" 200 867007 "-" "Python-urllib/3.11"
52.18.22.0 - - [24/Feb/2025:05:02:11 +0100] "GET /marketplaces/rue/results/rue.csv HTTP/1.1" 200 147219 "-" "Mirakl HttpClient"
85.14.86.141 - - [24/Feb/2025:05:02:18 +0100] "GET /Jurek/kinghoff/feeds/kinghoff_morele.xml HTTP/2.0" 200 14528821 "-" "MarketplaceAPI curl/7.64.0 PHP/8"
89.161.206.59 - - [24/Feb/2025:05:02:23 +0100] "GET /Jurek/artdog/feeds/artdog_allegro.xml HTTP/1.0" 200 15933135 "-" "-"
85.14.86.141 - - [24/Feb/2025:05:03:45 +0100] "GET /Jurek/eurofirany/feeds/eurofirany_morele.xml HTTP/2.0" 200 18959743 "-" "MarketplaceAPI curl/7.64.0 PHP/8"
85.14.86.141 - - [24/Feb/2025:05:03:56 +0100] "GET /Jurek/vivaldi/feeds/vivaldi_Morele-PL.xml HTTP/2.0" 200 344674 "-" "MarketplaceAPI curl/7.64.0 PHP/8"
85.14.86.141 - - [24/Feb/2025:05:04:56 +0100] "GET /Jurek/aw/feeds/awnarzedzia_morele.xml HTTP/2.0" 200 90220698 "-" "MarketplaceAPI curl/7.64.0 PHP/8"
85.14.86.141 - - [24/Feb/2025:05:05:01 +0100] "GET /Jurek/vida_morele/feeds/VidaPL_morele.xml HTTP/2.0" 200 690915931 "-" "MarketplaceAPI curl/7.64.0 PHP/8"
46.101.116.244 - - [24/Feb/2025:05:05:12 +0100] "GET /Jurek/intsell/feeds/intsell_skroutz.xml HTTP/1.0" 200 338787953 "-" "-"
85.14.86.141 - - [24/Feb/2025:05:05:23 +0100] "GET /Jurek/miloohome/feeds/miloohome_morele.xml HTTP/2.0" 200 1421250 "-" "MarketplaceAPI curl/7.64.0 PHP/8"
85.14.86.141 - - [24/Feb/2025:05:05:31 +0100] "GET /Jurek/beliani/feeds/beliani_morele.xml HTTP/2.0" 200 31899752 "-" "MarketplaceAPI curl/7.64.0 PHP/8"
46.101.116.244 - - [24/Feb/2025:05:05:49 +0100] "GET /Jurek/aw/feeds/aw_fnacfr.xml HTTP/1.0" 404 3551 "-" "-"
40.77.167.149 - - [24/Feb/2025:05:05:51 +0100] "GET /Jurek/topeshop/downloaded_images/5902838466209_KUBABIURKOBRY%C5%81KASONOMABOKZM.jpg HTTP/2.0" 404 3551 "-" "Mozilla/5.0 AppleWebKit/537.36 (KHTML, like Gecko; compatible; bingbot/2.0; +http://www.bing.com/bingbot.htm) Chrome/116.0.1938.76 Safari/537.36"
46.101.116.244 - - [24/Feb/2025:05:06:19 +0100] "GET /Filip/feeds/xlsx_ceneo.xml HTTP/1.0" 200 6241376 "-" "-"
51.77.52.107 - - [24/Feb/2025:05:06:20 +0100] "POST /Filip/Rovicky/baselinker/baselinker-ceneo-shumee.php HTTP/2.0" 200 106776 "-" "BaseLinker/1.0"
66.211.183.71 - - [24/Feb/2025:05:08:21 +0100] "GET /Jurek/eurofirany/images/438708/0.jpg HTTP/1.1" 200 62650 "-" "scalaj-http/2.4.2"
66.211.183.71 - - [24/Feb/2025:05:08:32 +0100] "GET /Jurek/eurofirany/images/383164/0.jpg HTTP/1.1" 200 85519 "-" "scalaj-http/2.4.2"
66.211.183.71 - - [24/Feb/2025:05:10:27 +0100] "GET /Jurek/topeshop/downloaded_images/5904507207489_20st_mijas_prawy_zielonykopia.png HTTP/1.1" 200 223941 "-" "scalaj-http/2.4.2"
89.161.206.59 - - [24/Feb/2025:05:10:28 +0100] "GET /Jurek/elecomp/feeds/elecomp_skroutz.xml HTTP/1.0" 200 2869573 "-" "-"
185.6.76.18 - - [24/Feb/2025:05:10:35 +0100] "GET /marketplaces/skroutz/feeds/shumee.xml HTTP/1.1" 200 347584247 "-" "SkroutzBot v1.0"
46.101.116.244 - - [24/Feb/2025:05:10:48 +0100] "GET /Jurek/aw/feeds/aw_fnacfr.xml HTTP/1.0" 404 3551 "-" "-"
89.161.206.59 - - [24/Feb/2025:05:11:07 +0100] "GET /Jurek/najtanszysport/feeds/najtanszysport_skroutz.xml HTTP/1.0" 200 3983216 "-" "-"
46.101.116.244 - - [24/Feb/2025:05:11:20 +0100] "GET /Filip/feeds/xlsx_ceneo.xml HTTP/1.0" 200 6241376 "-" "-"
51.77.52.107 - - [24/Feb/2025:05:11:20 +0100] "POST /Filip/Rovicky/baselinker/baselinker-ceneo-shumee.php HTTP/2.0" 200 106776 "-" "BaseLinker/1.0"
89.161.206.59 - - [24/Feb/2025:05:12:20 +0100] "GET /Jurek/benetech/feeds/benetech_amazonnl.xml HTTP/1.0" 200 4451766 "-" "-"
89.161.206.59 - - [24/Feb/2025:05:12:21 +0100] "GET /Jurek/benetech/feeds/benetech_amazonit.xml HTTP/1.0" 200 4451816 "-" "-"
89.161.206.59 - - [24/Feb/2025:05:12:21 +0100] "GET /Jurek/benetech/feeds/benetech_amazones.xml HTTP/1.0" 200 4451826 "-" "-"
89.161.206.59 - - [24/Feb/2025:05:12:22 +0100] "GET /Jurek/benetech/feeds/benetech_amazonbe.xml HTTP/1.0" 200 4451781 "-" "-"
89.161.206.59 - - [24/Feb/2025:05:13:33 +0100] "GET /Jurek/pupus/feeds/pupus_skroutz.xml HTTP/1.0" 200 6154684 "-" "-"
66.211.183.73 - - [24/Feb/2025:05:14:25 +0100] "GET /Jurek/eurofirany/images/383363/0.jpg HTTP/1.1" 200 73843 "-" "scalaj-http/2.4.2"
66.211.183.70 - - [24/Feb/2025:05:15:46 +0100] "GET /Jurek/eurofirany/images/383096/0.jpg HTTP/1.1" 200 80797 "-" "scalaj-http/2.4.2"
46.101.116.244 - - [24/Feb/2025:05:15:46 +0100] "GET /Jurek/aw/feeds/aw_fnacfr.xml HTTP/1.0" 404 3551 "-" "-"
46.101.116.244 - - [24/Feb/2025:05:16:19 +0100] "GET /Filip/feeds/xlsx_ceneo.xml HTTP/1.0" 200 6241376 "-" "-"
51.77.52.107 - - [24/Feb/2025:05:16:19 +0100] "POST /Filip/Rovicky/baselinker/baselinker-ceneo-shumee.php HTTP/2.0" 200 106776 "-" "BaseLinker/1.0"
66.211.183.73 - - [24/Feb/2025:05:16:43 +0100] "GET /Jurek/topeshop/downloaded_images/5902838467381_Duo_bry%C5%82ka-(2).jpg HTTP/1.1" 404 3551 "-" "scalaj-http/2.4.2"
66.211.183.73 - - [24/Feb/2025:05:16:55 +0100] "GET /Jurek/topeshop/downloaded_images/5902838466681_3.png HTTP/1.1" 404 3551 "-" "scalaj-http/2.4.2"
46.101.116.244 - - [24/Feb/2025:05:20:05 +0100] "GET /Jurek/benetech/feeds/benetech_mallsi.xml HTTP/2.0" 200 4451794 "-" "-"
46.101.116.244 - - [24/Feb/2025:05:20:14 +0100] "GET /Jurek/action/feeds/action_mallhu.xml HTTP/1.1" 200 55245895 "-" "-"
46.101.116.244 - - [24/Feb/2025:05:20:16 +0100] "GET /Jurek/dekoele/feeds/dekoele_mallsi.xml HTTP/2.0" 200 733930 "-" "-"
46.101.116.244 - - [24/Feb/2025:05:20:26 +0100] "GET /Jurek/drewdon/feeds/drewdon_mallsi.xml HTTP/2.0" 200 504460 "-" "-"
46.101.116.244 - - [24/Feb/2025:05:20:34 +0100] "GET /Jurek/aw/feeds/aw_fnacfr.xml HTTP/1.0" 404 3551 "-" "-"
46.101.116.244 - - [24/Feb/2025:05:20:37 +0100] "GET /Jurek/emaja24/feeds/emaja24_mallsi.xml HTTP/2.0" 200 5108440 "-" "-"
46.101.116.244 - - [24/Feb/2025:05:20:50 +0100] "GET /Jurek/muminky/feeds/muminky_mallsi.xml HTTP/2.0" 200 2677666 "-" "-"
46.101.116.244 - - [24/Feb/2025:05:21:01 +0100] "GET /Jurek/pupus/feeds/pupus_mallsi.xml HTTP/2.0" 200 6154710 "-" "-"
46.101.116.244 - - [24/Feb/2025:05:21:04 +0100] "GET /Filip/feeds/xlsx_ceneo.xml HTTP/1.0" 200 6241376 "-" "-"
51.77.52.107 - - [24/Feb/2025:05:21:05 +0100] "POST /Filip/Rovicky/baselinker/baselinker-ceneo-shumee.php HTTP/2.0" 200 106776 "-" "BaseLinker/1.0"
46.101.116.244 - - [24/Feb/2025:05:21:14 +0100] "GET /Jurek/erohurtownia/feeds/erohurtownia_mallsi.xml HTTP/2.0" 200 23304010 "-" "-"
46.101.116.244 - - [24/Feb/2025:05:21:31 +0100] "GET /Jurek/oromed/feeds/oromed_mallsi.xml HTTP/2.0" 200 1010109 "-" "-"
66.211.183.74 - - [24/Feb/2025:05:21:43 +0100] "GET /Jurek/eurofirany/images/438716/0.jpg HTTP/1.1" 200 107908 "-" "scalaj-http/2.4.2"
46.101.116.244 - - [24/Feb/2025:05:21:57 +0100] "GET /Jurek/urwiskowo/feeds/urwiskowo_mallsi.xml HTTP/2.0" 200 9113951 "-" "-"
85.232.241.194 - - [24/Feb/2025:05:22:04 +0100] "GET /Jurek/aw/feeds/aw_rue.xml HTTP/1.1" 200 90213731 "-" "Python-urllib/3.11"
85.232.241.194 - - [24/Feb/2025:05:22:05 +0100] "GET /Jurek/hurtownia_przemyslowa/feeds/hp_rue.xml HTTP/1.1" 200 49710935 "-" "Python-urllib/3.11"
85.232.241.194 - - [24/Feb/2025:05:22:06 +0100] "GET /Jurek/action/feeds/action_rue.xml HTTP/1.1" 200 55163753 "-" "Python-urllib/3.11"
46.101.116.244 - - [24/Feb/2025:05:22:09 +0100] "GET /Jurek/eroplace/feeds/eroplace_mallsi.xml HTTP/2.0" 200 30848940 "-" "-"
46.101.116.244 - - [24/Feb/2025:05:22:27 +0100] "GET /Jurek/bass_new/feeds/bass_mallsi.xml HTTP/2.0" 200 7040930 "-" "-"
66.211.183.74 - - [24/Feb/2025:05:22:31 +0100] "GET /Jurek/eurofirany/images/383061/0.jpg HTTP/1.1" 200 77181 "-" "scalaj-http/2.4.2"
46.101.116.244 - - [24/Feb/2025:05:22:39 +0100] "GET /Jurek/ekuchcikowo/feeds/ekuchcikowo_mallsi.xml HTTP/2.0" 200 12797295 "-" "-"
46.101.116.244 - - [24/Feb/2025:05:22:51 +0100] "GET /Jurek/sempler/feeds/sempler_mallsi.xml HTTP/2.0" 200 6553233 "-" "-"
46.101.116.244 - - [24/Feb/2025:05:23:02 +0100] "GET /Jurek/bass/feeds/bass_mallsi.xml HTTP/2.0" 200 3985094 "-" "-"
85.232.241.194 - - [24/Feb/2025:05:23:23 +0100] "GET /Jurek/unimet/feeds/unimet_rue.xml HTTP/1.1" 200 61146138 "-" "Python-urllib/3.11"
85.232.241.194 - - [24/Feb/2025:05:23:23 +0100] "GET /Jurek/ikonka/feeds/ikonka_rue.xml HTTP/1.1" 200 22313085 "-" "Python-urllib/3.11"
85.232.241.194 - - [24/Feb/2025:05:23:24 +0100] "GET /Jurek/kinghome/feeds/kinghome_rue.xml HTTP/1.1" 200 5687913 "-" "Python-urllib/3.11"
85.232.241.194 - - [24/Feb/2025:05:23:24 +0100] "GET /Jurek/fernity/feeds/fernity_rue.xml HTTP/1.1" 200 5083842 "-" "Python-urllib/3.11"
85.232.241.194 - - [24/Feb/2025:05:23:25 +0100] "GET /Jurek/topeshop/feeds/topeshop_rue.xml HTTP/1.1" 200 2394504 "-" "Python-urllib/3.11"
46.101.116.244 - - [24/Feb/2025:05:23:26 +0100] "GET /Jurek/slayo/feeds/slayo_mallsi.xml HTTP/2.0" 200 195530 "-" "-"
85.232.241.194 - - [24/Feb/2025:05:23:33 +0100] "GET /Jurek/kinghoff/feeds/kinghoff_rue.xml HTTP/1.1" 200 14528177 "-" "Python-urllib/3.11"
85.232.241.194 - - [24/Feb/2025:05:23:33 +0100] "GET /Jurek/emibig/feeds/emibig_rue.xml HTTP/1.1" 200 2522465 "-" "Python-urllib/3.11"
85.232.241.194 - - [24/Feb/2025:05:23:34 +0100] "GET /Jurek/eurofirany/feeds/eurofirany_rue.xml HTTP/1.1" 200 18958101 "-" "Python-urllib/3.11"
85.232.241.194 - - [24/Feb/2025:05:23:35 +0100] "GET /Jurek/amzteam/feeds/amzteam_rue.xml HTTP/1.1" 200 97879 "-" "Python-urllib/3.11"
85.232.241.194 - - [24/Feb/2025:05:23:35 +0100] "GET /Jurek/kambukka/feeds/kambukka_rue.xml HTTP/1.1" 200 1043792 "-" "Python-urllib/3.11"
85.232.241.194 - - [24/Feb/2025:05:23:35 +0100] "GET /Jurek/benetech/feeds/benetech_RUE.xml HTTP/1.1" 200 4451819 "-" "Python-urllib/3.11"
85.232.241.194 - - [24/Feb/2025:05:23:35 +0100] "GET /Jurek/swiatecznygoliat/feeds/swiatecznygoliat_RUE.xml HTTP/1.1" 200 7054437 "-" "Python-urllib/3.11"
85.232.241.194 - - [24/Feb/2025:05:23:35 +0100] "GET /Jurek/artdog/feeds/artdog_RUE.xml HTTP/1.1" 200 15929231 "-" "Python-urllib/3.11"
46.101.116.244 - - [24/Feb/2025:05:23:36 +0100] "GET /Jurek/mosti/feeds/mosti_mallsi.xml HTTP/2.0" 200 9250074 "-" "-"
85.232.241.194 - - [24/Feb/2025:05:23:36 +0100] "GET /Jurek/hdwr/feeds/hdwr_RUE.xml HTTP/1.1" 200 777765 "-" "Python-urllib/3.11"
85.232.241.194 - - [24/Feb/2025:05:23:36 +0100] "GET /Jurek/sempler/feeds/sempler_rue.xml HTTP/1.1" 200 6553197 "-" "Python-urllib/3.11"
85.232.241.194 - - [24/Feb/2025:05:23:36 +0100] "GET /Jurek/waks/feeds/waks_RUE.xml HTTP/1.1" 200 6332839 "-" "Python-urllib/3.11"
