66.135.202.170 - - [24/Feb/2025:11:48:39 +0100] "GET /Jurek/eurofirany/images/382104/0.jpg HTTP/1.1" 200 209372 "http://www.ebay.com/" "Mozilla/4.0 (compatible; MSIE 4.01; Windows NT)"
66.135.202.173 - - [24/Feb/2025:11:48:39 +0100] "GET /Jurek/eurofirany/images/382104/3.jpg HTTP/1.1" 200 181826 "http://www.ebay.com/" "Mozilla/4.0 (compatible; MSIE 4.01; Windows NT)"
66.135.202.173 - - [24/Feb/2025:11:48:39 +0100] "GET /Jurek/eurofirany/images/382104/2.jpg HTTP/1.1" 200 203179 "http://www.ebay.com/" "Mozilla/4.0 (compatible; MSIE 4.01; Windows NT)"
66.135.202.169 - - [24/Feb/2025:11:48:39 +0100] "GET /Jurek/eurofirany/images/382104/1.jpg HTTP/1.1" 200 272958 "http://www.ebay.com/" "Mozilla/4.0 (compatible; MSIE 4.01; Windows NT)"
66.135.202.74 - - [24/Feb/2025:11:48:40 +0100] "GET /Jurek/eurofirany/images/456484/0.jpg HTTP/1.1" 200 52401 "http://www.ebay.com/" "Mozilla/4.0 (compatible; MSIE 4.01; Windows NT)"
66.135.202.75 - - [24/Feb/2025:11:48:40 +0100] "GET /Jurek/eurofirany/images/456484/2.jpg HTTP/1.1" 200 107438 "http://www.ebay.com/" "Mozilla/4.0 (compatible; MSIE 4.01; Windows NT)"
66.135.202.73 - - [24/Feb/2025:11:48:40 +0100] "GET /Jurek/eurofirany/images/456484/1.jpg HTTP/1.1" 200 58624 "http://www.ebay.com/" "Mozilla/4.0 (compatible; MSIE 4.01; Windows NT)"
66.135.202.74 - - [24/Feb/2025:11:48:40 +0100] "GET /Jurek/eurofirany/images/452170/0.jpg HTTP/1.1" 200 41966 "http://www.ebay.com/" "Mozilla/4.0 (compatible; MSIE 4.01; Windows NT)"
66.135.202.75 - - [24/Feb/2025:11:48:40 +0100] "GET /Jurek/eurofirany/images/452170/2.jpg HTTP/1.1" 200 86613 "http://www.ebay.com/" "Mozilla/4.0 (compatible; MSIE 4.01; Windows NT)"
66.135.202.74 - - [24/Feb/2025:11:48:40 +0100] "GET /Jurek/eurofirany/images/452170/1.jpg HTTP/1.1" 200 50683 "http://www.ebay.com/" "Mozilla/4.0 (compatible; MSIE 4.01; Windows NT)"
66.135.202.75 - - [24/Feb/2025:11:48:40 +0100] "GET /Jurek/eurofirany/images/452170/3.jpg HTTP/1.1" 200 90197 "http://www.ebay.com/" "Mozilla/4.0 (compatible; MSIE 4.01; Windows NT)"
66.135.202.74 - - [24/Feb/2025:11:48:40 +0100] "GET /Jurek/eurofirany/images/452170/4.jpg HTTP/1.1" 200 116536 "http://www.ebay.com/" "Mozilla/4.0 (compatible; MSIE 4.01; Windows NT)"
66.135.202.73 - - [24/Feb/2025:11:48:40 +0100] "GET /Jurek/eurofirany/images/452170/5.jpg HTTP/1.1" 200 117561 "http://www.ebay.com/" "Mozilla/4.0 (compatible; MSIE 4.01; Windows NT)"
66.135.202.75 - - [24/Feb/2025:11:48:40 +0100] "GET /Jurek/eurofirany/images/420729/0.jpg HTTP/1.1" 200 32429 "-" "Java/17.0.12.0.101"
193.33.8.61 - - [24/Feb/2025:11:48:41 +0100] "GET /Jurek/topeshop/downloaded_images/5904507209063_kaszmir-SS-90_close.jpg HTTP/2.0" 200 35761 "-" "Mozilla/5.0 (Windows NT 10.0; Win64; x64) AppleWebKit/537.36 (KHTML, like Gecko) Chrome/133.0.0.0 Safari/537.36"
66.135.202.173 - - [24/Feb/2025:11:48:42 +0100] "GET /Jurek/topeshop/downloaded_images/5904507201395_20-st.jpg HTTP/1.1" 200 92537 "http://www.ebay.com/" "Mozilla/4.0 (compatible; MSIE 4.01; Windows NT)"
66.135.202.170 - - [24/Feb/2025:11:48:42 +0100] "GET /Jurek/topeshop/downloaded_images/5904507201395_-20-st.jpg HTTP/1.1" 200 38670 "http://www.ebay.com/" "Mozilla/4.0 (compatible; MSIE 4.01; Windows NT)"
66.135.202.170 - - [24/Feb/2025:11:48:42 +0100] "GET /Jurek/eurofirany/images/436634/0.jpg HTTP/1.1" 200 91114 "http://www.ebay.com/" "Mozilla/4.0 (compatible; MSIE 4.01; Windows NT)"
66.135.202.173 - - [24/Feb/2025:11:48:42 +0100] "GET /Jurek/eurofirany/images/436634/1.jpg HTTP/1.1" 200 88593 "http://www.ebay.com/" "Mozilla/4.0 (compatible; MSIE 4.01; Windows NT)"
66.135.202.170 - - [24/Feb/2025:11:48:42 +0100] "GET /Jurek/topeshop/downloaded_images/5904507201395_Front.jpg HTTP/1.1" 200 92551 "http://www.ebay.com/" "Mozilla/4.0 (compatible; MSIE 4.01; Windows NT)"
66.135.202.173 - - [24/Feb/2025:11:48:42 +0100] "GET /Jurek/topeshop/downloaded_images/5904507201395_biel.jpg HTTP/1.1" 200 98940 "http://www.ebay.com/" "Mozilla/4.0 (compatible; MSIE 4.01; Windows NT)"
66.135.202.173 - - [24/Feb/2025:11:48:42 +0100] "GET /Jurek/eurofirany/images/436634/2.jpg HTTP/1.1" 200 143213 "http://www.ebay.com/" "Mozilla/4.0 (compatible; MSIE 4.01; Windows NT)"
66.135.202.173 - - [24/Feb/2025:11:48:42 +0100] "GET /Jurek/eurofirany/images/436634/3.jpg HTTP/1.1" 200 143213 "http://www.ebay.com/" "Mozilla/4.0 (compatible; MSIE 4.01; Windows NT)"
89.161.206.59 - - [24/Feb/2025:11:48:44 +0100] "GET /Jurek/pagmil/feeds/pagmil_skroutz.xml HTTP/1.0" 200 1705675 "-" "-"
66.135.195.17 - - [24/Feb/2025:11:48:46 +0100] "GET /Jurek/eurofirany/images/423235/0.jpg HTTP/1.1" 200 127706 "http://www.ebay.com/" "Mozilla/4.0 (compatible; MSIE 4.01; Windows NT)"
66.135.195.17 - - [24/Feb/2025:11:48:46 +0100] "GET /Jurek/eurofirany/images/423235/2.jpg HTTP/1.1" 200 71095 "http://www.ebay.com/" "Mozilla/4.0 (compatible; MSIE 4.01; Windows NT)"
66.135.195.16 - - [24/Feb/2025:11:48:46 +0100] "GET /Jurek/eurofirany/images/423235/3.jpg HTTP/1.1" 200 71095 "http://www.ebay.com/" "Mozilla/4.0 (compatible; MSIE 4.01; Windows NT)"
66.135.195.19 - - [24/Feb/2025:11:48:47 +0100] "GET /Jurek/eurofirany/images/423235/1.jpg HTTP/1.1" 200 153585 "http://www.ebay.com/" "Mozilla/4.0 (compatible; MSIE 4.01; Windows NT)"
66.135.195.19 - - [24/Feb/2025:11:48:49 +0100] "GET /Jurek/eurofirany/images/452764/2.jpg HTTP/1.1" 200 47285 "http://www.ebay.com/" "Mozilla/4.0 (compatible; MSIE 4.01; Windows NT)"
66.135.195.20 - - [24/Feb/2025:11:48:49 +0100] "GET /Jurek/eurofirany/images/452764/3.jpg HTTP/1.1" 200 74554 "http://www.ebay.com/" "Mozilla/4.0 (compatible; MSIE 4.01; Windows NT)"
66.135.195.20 - - [24/Feb/2025:11:48:49 +0100] "GET /Jurek/eurofirany/images/452764/0.jpg HTTP/1.1" 200 71884 "http://www.ebay.com/" "Mozilla/4.0 (compatible; MSIE 4.01; Windows NT)"
66.135.195.18 - - [24/Feb/2025:11:48:49 +0100] "GET /Jurek/eurofirany/images/452764/6.jpg HTTP/1.1" 200 88896 "http://www.ebay.com/" "Mozilla/4.0 (compatible; MSIE 4.01; Windows NT)"
66.135.195.17 - - [24/Feb/2025:11:48:49 +0100] "GET /Jurek/eurofirany/images/452764/1.jpg HTTP/1.1" 200 54993 "http://www.ebay.com/" "Mozilla/4.0 (compatible; MSIE 4.01; Windows NT)"
66.135.195.16 - - [24/Feb/2025:11:48:49 +0100] "GET /Jurek/eurofirany/images/452764/5.jpg HTTP/1.1" 200 88896 "http://www.ebay.com/" "Mozilla/4.0 (compatible; MSIE 4.01; Windows NT)"
66.135.202.171 - - [24/Feb/2025:11:48:49 +0100] "GET /Jurek/eurofirany/images/461230/0.jpg HTTP/1.1" 200 35921 "-" "Java/17.0.12.0.101"
66.135.195.19 - - [24/Feb/2025:11:48:50 +0100] "GET /Jurek/eurofirany/images/452764/4.jpg HTTP/1.1" 200 168493 "http://www.ebay.com/" "Mozilla/4.0 (compatible; MSIE 4.01; Windows NT)"
66.135.202.173 - - [24/Feb/2025:11:48:50 +0100] "GET /Jurek/eurofirany/images/461228/0.jpg HTTP/1.1" 200 34835 "-" "Java/17.0.12.0.101"
66.135.202.170 - - [24/Feb/2025:11:48:52 +0100] "GET /Jurek/eurofirany/images/452154/0.jpg HTTP/1.1" 200 71196 "http://www.ebay.com/" "Mozilla/4.0 (compatible; MSIE 4.01; Windows NT)"
66.135.202.170 - - [24/Feb/2025:11:48:52 +0100] "GET /Jurek/eurofirany/images/452154/2.jpg HTTP/1.1" 200 118841 "http://www.ebay.com/" "Mozilla/4.0 (compatible; MSIE 4.01; Windows NT)"
66.135.202.173 - - [24/Feb/2025:11:48:52 +0100] "GET /Jurek/eurofirany/images/452154/1.jpg HTTP/1.1" 200 62528 "http://www.ebay.com/" "Mozilla/4.0 (compatible; MSIE 4.01; Windows NT)"
66.135.195.16 - - [24/Feb/2025:11:48:52 +0100] "GET /Jurek/eurofirany/images/456502/0.jpg HTTP/1.1" 200 67595 "http://www.ebay.com/" "Mozilla/4.0 (compatible; MSIE 4.01; Windows NT)"
66.135.195.17 - - [24/Feb/2025:11:48:52 +0100] "GET /Jurek/eurofirany/images/456502/2.jpg HTTP/1.1" 200 112894 "http://www.ebay.com/" "Mozilla/4.0 (compatible; MSIE 4.01; Windows NT)"
66.135.195.20 - - [24/Feb/2025:11:48:52 +0100] "GET /Jurek/eurofirany/images/456502/1.jpg HTTP/1.1" 200 47921 "http://www.ebay.com/" "Mozilla/4.0 (compatible; MSIE 4.01; Windows NT)"
34.133.239.145 - - [24/Feb/2025:11:48:56 +0100] "GET /Jurek/eurofirany/images/372641/6.jpg HTTP/1.1" 200 6595 "-" "Mozilla/5.0 (X11; Linux x86_64) AppleWebKit/537.36 (KHTML, like Gecko) Chrome/110.0.0.0 Safari/537.36"
34.133.239.145 - - [24/Feb/2025:11:48:56 +0100] "GET /Jurek/eurofirany/images/372981/4.jpg HTTP/1.1" 200 44589 "-" "Mozilla/5.0 (X11; Linux x86_64) AppleWebKit/537.36 (KHTML, like Gecko) Chrome/110.0.0.0 Safari/537.36"
66.135.195.18 - - [24/Feb/2025:11:48:56 +0100] "GET /Jurek/eurofirany/images/440408/0.jpg HTTP/1.1" 200 118533 "http://www.ebay.com/" "Mozilla/4.0 (compatible; MSIE 4.01; Windows NT)"
66.135.195.17 - - [24/Feb/2025:11:48:56 +0100] "GET /Jurek/eurofirany/images/440408/1.jpg HTTP/1.1" 200 107127 "http://www.ebay.com/" "Mozilla/4.0 (compatible; MSIE 4.01; Windows NT)"
66.135.195.16 - - [24/Feb/2025:11:48:56 +0100] "GET /Jurek/eurofirany/images/440408/2.jpg HTTP/1.1" 200 83853 "http://www.ebay.com/" "Mozilla/4.0 (compatible; MSIE 4.01; Windows NT)"
66.135.195.19 - - [24/Feb/2025:11:48:56 +0100] "GET /Jurek/eurofirany/images/440408/3.jpg HTTP/1.1" 200 83853 "http://www.ebay.com/" "Mozilla/4.0 (compatible; MSIE 4.01; Windows NT)"
34.133.239.145 - - [24/Feb/2025:11:48:56 +0100] "GET /Jurek/eurofirany/images/372981/5.jpg HTTP/1.1" 200 39338 "-" "Mozilla/5.0 (X11; Linux x86_64) AppleWebKit/537.36 (KHTML, like Gecko) Chrome/110.0.0.0 Safari/537.36"
34.133.239.145 - - [24/Feb/2025:11:48:57 +0100] "GET /Jurek/eurofirany/images/372981/6.jpg HTTP/1.1" 200 6595 "-" "Mozilla/5.0 (X11; Linux x86_64) AppleWebKit/537.36 (KHTML, like Gecko) Chrome/110.0.0.0 Safari/537.36"
66.135.195.18 - - [24/Feb/2025:11:48:57 +0100] "GET /Jurek/eurofirany/images/440530/2.jpg HTTP/1.1" 200 112003 "http://www.ebay.com/" "Mozilla/4.0 (compatible; MSIE 4.01; Windows NT)"
66.135.195.16 - - [24/Feb/2025:11:48:57 +0100] "GET /Jurek/eurofirany/images/440530/3.jpg HTTP/1.1" 200 112003 "http://www.ebay.com/" "Mozilla/4.0 (compatible; MSIE 4.01; Windows NT)"
34.133.239.145 - - [24/Feb/2025:11:48:57 +0100] "GET /Jurek/eurofirany/images/372639/3.jpg HTTP/1.1" 200 69681 "-" "Mozilla/5.0 (X11; Linux x86_64) AppleWebKit/537.36 (KHTML, like Gecko) Chrome/110.0.0.0 Safari/537.36"
66.135.195.16 - - [24/Feb/2025:11:48:57 +0100] "GET /Jurek/eurofirany/images/440530/1.jpg HTTP/1.1" 200 154030 "http://www.ebay.com/" "Mozilla/4.0 (compatible; MSIE 4.01; Windows NT)"
34.133.239.145 - - [24/Feb/2025:11:48:57 +0100] "GET /Jurek/eurofirany/images/372639/4.jpg HTTP/1.1" 200 44589 "-" "Mozilla/5.0 (X11; Linux x86_64) AppleWebKit/537.36 (KHTML, like Gecko) Chrome/110.0.0.0 Safari/537.36"
66.135.195.16 - - [24/Feb/2025:11:48:57 +0100] "GET /Jurek/eurofirany/images/440530/0.jpg HTTP/1.1" 200 169157 "http://www.ebay.com/" "Mozilla/4.0 (compatible; MSIE 4.01; Windows NT)"
34.133.239.145 - - [24/Feb/2025:11:48:57 +0100] "GET /Jurek/eurofirany/images/372639/5.jpg HTTP/1.1" 200 39338 "-" "Mozilla/5.0 (X11; Linux x86_64) AppleWebKit/537.36 (KHTML, like Gecko) Chrome/110.0.0.0 Safari/537.36"
34.133.239.145 - - [24/Feb/2025:11:48:57 +0100] "GET /Jurek/eurofirany/images/372639/6.jpg HTTP/1.1" 200 6595 "-" "Mozilla/5.0 (X11; Linux x86_64) AppleWebKit/537.36 (KHTML, like Gecko) Chrome/110.0.0.0 Safari/537.36"
89.161.206.59 - - [24/Feb/2025:11:48:59 +0100] "GET /Jurek/kambukka/feeds/kambukka_skroutz.xml HTTP/1.0" 200 1043804 "-" "-"
167.160.78.160 - - [24/Feb/2025:11:48:59 +0100] "GET /Jurek/eurofirany/images/372641/6.jpg HTTP/2.0" 200 6595 "-" "Mozilla/5.0 (X11; Linux x86_64) AppleWebKit/537.36 (KHTML, like Gecko) Chrome/110.0.0.0 Safari/537.36"
216.213.29.61 - - [24/Feb/2025:11:49:00 +0100] "GET /Jurek/eurofirany/images/372981/6.jpg HTTP/2.0" 200 6595 "-" "Mozilla/5.0 (X11; Linux x86_64) AppleWebKit/537.36 (KHTML, like Gecko) Chrome/110.0.0.0 Safari/537.36"
66.135.202.169 - - [24/Feb/2025:11:49:00 +0100] "GET /Jurek/eurofirany/images/460834/0.jpg HTTP/1.1" 200 122946 "http://www.ebay.com/" "Mozilla/4.0 (compatible; MSIE 4.01; Windows NT)"
66.135.202.173 - - [24/Feb/2025:11:49:00 +0100] "GET /Jurek/eurofirany/images/460834/2.jpg HTTP/1.1" 200 71419 "http://www.ebay.com/" "Mozilla/4.0 (compatible; MSIE 4.01; Windows NT)"
66.135.202.172 - - [24/Feb/2025:11:49:00 +0100] "GET /Jurek/eurofirany/images/460834/1.jpg HTTP/1.1" 200 123827 "http://www.ebay.com/" "Mozilla/4.0 (compatible; MSIE 4.01; Windows NT)"
66.135.202.171 - - [24/Feb/2025:11:49:00 +0100] "GET /Jurek/eurofirany/images/460834/3.jpg HTTP/1.1" 200 139014 "http://www.ebay.com/" "Mozilla/4.0 (compatible; MSIE 4.01; Windows NT)"
66.135.202.171 - - [24/Feb/2025:11:49:00 +0100] "GET /Jurek/eurofirany/images/460834/4.jpg HTTP/1.1" 200 133613 "http://www.ebay.com/" "Mozilla/4.0 (compatible; MSIE 4.01; Windows NT)"
66.135.202.171 - - [24/Feb/2025:11:49:00 +0100] "GET /Jurek/eurofirany/images/460834/5.jpg HTTP/1.1" 200 139310 "http://www.ebay.com/" "Mozilla/4.0 (compatible; MSIE 4.01; Windows NT)"
66.135.202.171 - - [24/Feb/2025:11:49:00 +0100] "GET /Jurek/eurofirany/images/460834/6.jpg HTTP/1.1" 200 90131 "http://www.ebay.com/" "Mozilla/4.0 (compatible; MSIE 4.01; Windows NT)"
66.135.202.171 - - [24/Feb/2025:11:49:01 +0100] "GET /Jurek/eurofirany/images/460834/9.jpg HTTP/1.1" 200 163828 "http://www.ebay.com/" "Mozilla/4.0 (compatible; MSIE 4.01; Windows NT)"
66.135.202.173 - - [24/Feb/2025:11:49:01 +0100] "GET /Jurek/eurofirany/images/460834/8.jpg HTTP/1.1" 200 189487 "http://www.ebay.com/" "Mozilla/4.0 (compatible; MSIE 4.01; Windows NT)"
66.135.202.172 - - [24/Feb/2025:11:49:01 +0100] "GET /Jurek/eurofirany/images/460834/7.jpg HTTP/1.1" 200 209723 "http://www.ebay.com/" "Mozilla/4.0 (compatible; MSIE 4.01; Windows NT)"
89.161.206.59 - - [24/Feb/2025:11:49:01 +0100] "GET /Jurek/benetech/feeds/benetech_skroutz.xml HTTP/1.0" 200 2842511 "-" "-"
66.135.202.74 - - [24/Feb/2025:11:49:02 +0100] "GET /Jurek/eurofirany/images/461227/0.jpg HTTP/1.1" 200 70608 "http://www.ebay.com/" "Mozilla/4.0 (compatible; MSIE 4.01; Windows NT)"
66.135.202.73 - - [24/Feb/2025:11:49:02 +0100] "GET /Jurek/eurofirany/images/461227/1.jpg HTTP/1.1" 200 114616 "http://www.ebay.com/" "Mozilla/4.0 (compatible; MSIE 4.01; Windows NT)"
66.135.202.75 - - [24/Feb/2025:11:49:02 +0100] "GET /Jurek/eurofirany/images/461227/2.jpg HTTP/1.1" 200 114616 "http://www.ebay.com/" "Mozilla/4.0 (compatible; MSIE 4.01; Windows NT)"
66.135.195.18 - - [24/Feb/2025:11:49:04 +0100] "GET /Jurek/eurofirany/images/440406/0.jpg HTTP/1.1" 200 104437 "http://www.ebay.com/" "Mozilla/4.0 (compatible; MSIE 4.01; Windows NT)"
66.135.195.20 - - [24/Feb/2025:11:49:04 +0100] "GET /Jurek/eurofirany/images/440406/1.jpg HTTP/1.1" 200 105292 "http://www.ebay.com/" "Mozilla/4.0 (compatible; MSIE 4.01; Windows NT)"
66.135.195.16 - - [24/Feb/2025:11:49:04 +0100] "GET /Jurek/eurofirany/images/440406/2.jpg HTTP/1.1" 200 99886 "http://www.ebay.com/" "Mozilla/4.0 (compatible; MSIE 4.01; Windows NT)"
66.135.195.18 - - [24/Feb/2025:11:49:04 +0100] "GET /Jurek/eurofirany/images/440406/3.jpg HTTP/1.1" 200 99886 "http://www.ebay.com/" "Mozilla/4.0 (compatible; MSIE 4.01; Windows NT)"
67.218.4.154 - - [24/Feb/2025:11:49:05 +0100] "GET /Jurek/eurofirany/images/372641/6.jpg HTTP/2.0" 200 6595 "-" "Mozilla/5.0 (X11; Linux x86_64) AppleWebKit/537.36 (KHTML, like Gecko) Chrome/110.0.0.0 Safari/537.36"
168.91.45.221 - - [24/Feb/2025:11:49:05 +0100] "GET /Jurek/eurofirany/images/372981/6.jpg HTTP/2.0" 200 6595 "-" "Mozilla/5.0 (X11; Linux x86_64) AppleWebKit/537.36 (KHTML, like Gecko) Chrome/110.0.0.0 Safari/537.36"
66.135.195.18 - - [24/Feb/2025:11:49:05 +0100] "GET /Jurek/eurofirany/images/452129/1.jpg HTTP/1.1" 200 67956 "http://www.ebay.com/" "Mozilla/4.0 (compatible; MSIE 4.01; Windows NT)"
66.135.195.18 - - [24/Feb/2025:11:49:05 +0100] "GET /Jurek/eurofirany/images/452129/0.jpg HTTP/1.1" 200 118298 "http://www.ebay.com/" "Mozilla/4.0 (compatible; MSIE 4.01; Windows NT)"
66.135.195.17 - - [24/Feb/2025:11:49:05 +0100] "GET /Jurek/eurofirany/images/452129/2.jpg HTTP/1.1" 200 130377 "http://www.ebay.com/" "Mozilla/4.0 (compatible; MSIE 4.01; Windows NT)"
34.133.239.145 - - [24/Feb/2025:11:49:05 +0100] "GET /Jurek/eurofirany/images/372641/0.jpg HTTP/1.1" 200 59591 "-" "Mozilla/5.0 (X11; Linux x86_64) AppleWebKit/537.36 (KHTML, like Gecko) Chrome/110.0.0.0 Safari/537.36"
34.133.239.145 - - [24/Feb/2025:11:49:05 +0100] "GET /Jurek/eurofirany/images/372981/0.jpg HTTP/1.1" 200 59591 "-" "Mozilla/5.0 (X11; Linux x86_64) AppleWebKit/537.36 (KHTML, like Gecko) Chrome/110.0.0.0 Safari/537.36"
199.34.84.187 - - [24/Feb/2025:11:49:05 +0100] "GET /Jurek/eurofirany/images/372639/6.jpg HTTP/2.0" 200 6595 "-" "Mozilla/5.0 (X11; Linux x86_64) AppleWebKit/537.36 (KHTML, like Gecko) Chrome/110.0.0.0 Safari/537.36"
34.72.247.156 - - [24/Feb/2025:11:49:09 +0100] "GET /Jurek/eurofirany/images/372639/0.jpg HTTP/1.1" 200 59591 "-" "Mozilla/5.0 (X11; Linux x86_64) AppleWebKit/537.36 (KHTML, like Gecko) Chrome/110.0.0.0 Safari/537.36"
66.135.202.171 - - [24/Feb/2025:11:49:11 +0100] "GET /Jurek/eurofirany/images/456476/1.jpg HTTP/1.1" 200 58624 "http://www.ebay.com/" "Mozilla/4.0 (compatible; MSIE 4.01; Windows NT)"
66.135.202.172 - - [24/Feb/2025:11:49:11 +0100] "GET /Jurek/eurofirany/images/456476/0.jpg HTTP/1.1" 200 54021 "http://www.ebay.com/" "Mozilla/4.0 (compatible; MSIE 4.01; Windows NT)"
66.135.202.170 - - [24/Feb/2025:11:49:11 +0100] "GET /Jurek/eurofirany/images/456476/2.jpg HTTP/1.1" 200 107438 "http://www.ebay.com/" "Mozilla/4.0 (compatible; MSIE 4.01; Windows NT)"
66.135.195.16 - - [24/Feb/2025:11:49:11 +0100] "GET /Jurek/eurofirany/images/452156/2.jpg HTTP/1.1" 200 118841 "http://www.ebay.com/" "Mozilla/4.0 (compatible; MSIE 4.01; Windows NT)"
66.135.195.18 - - [24/Feb/2025:11:49:11 +0100] "GET /Jurek/eurofirany/images/452156/0.jpg HTTP/1.1" 200 75834 "http://www.ebay.com/" "Mozilla/4.0 (compatible; MSIE 4.01; Windows NT)"
66.135.195.18 - - [24/Feb/2025:11:49:11 +0100] "GET /Jurek/eurofirany/images/452156/1.jpg HTTP/1.1" 200 62528 "http://www.ebay.com/" "Mozilla/4.0 (compatible; MSIE 4.01; Windows NT)"
66.135.202.171 - - [24/Feb/2025:11:49:11 +0100] "GET /Jurek/eurofirany/images/440536/1.jpg HTTP/1.1" 200 118859 "http://www.ebay.com/" "Mozilla/4.0 (compatible; MSIE 4.01; Windows NT)"
66.135.202.169 - - [24/Feb/2025:11:49:11 +0100] "GET /Jurek/eurofirany/images/440536/0.jpg HTTP/1.1" 200 109264 "http://www.ebay.com/" "Mozilla/4.0 (compatible; MSIE 4.01; Windows NT)"
66.135.202.74 - - [24/Feb/2025:11:49:11 +0100] "GET /Jurek/eurofirany/images/461802/2.jpg HTTP/1.1" 200 112742 "http://www.ebay.com/" "Mozilla/4.0 (compatible; MSIE 4.01; Windows NT)"
66.135.202.172 - - [24/Feb/2025:11:49:11 +0100] "GET /Jurek/eurofirany/images/440536/2.jpg HTTP/1.1" 200 101512 "http://www.ebay.com/" "Mozilla/4.0 (compatible; MSIE 4.01; Windows NT)"
66.135.202.171 - - [24/Feb/2025:11:49:11 +0100] "GET /Jurek/eurofirany/images/440536/3.jpg HTTP/1.1" 200 101512 "http://www.ebay.com/" "Mozilla/4.0 (compatible; MSIE 4.01; Windows NT)"
66.135.195.20 - - [24/Feb/2025:11:49:11 +0100] "GET /Jurek/eurofirany/images/461229/1.jpg HTTP/1.1" 200 114653 "http://www.ebay.com/" "Mozilla/4.0 (compatible; MSIE 4.01; Windows NT)"
66.135.195.17 - - [24/Feb/2025:11:49:11 +0100] "GET /Jurek/eurofirany/images/461229/0.jpg HTTP/1.1" 200 77174 "http://www.ebay.com/" "Mozilla/4.0 (compatible; MSIE 4.01; Windows NT)"
66.135.195.20 - - [24/Feb/2025:11:49:11 +0100] "GET /Jurek/eurofirany/images/461229/2.jpg HTTP/1.1" 200 114653 "http://www.ebay.com/" "Mozilla/4.0 (compatible; MSIE 4.01; Windows NT)"
66.135.202.75 - - [24/Feb/2025:11:49:11 +0100] "GET /Jurek/eurofirany/images/461802/0.jpg HTTP/1.1" 200 152753 "http://www.ebay.com/" "Mozilla/4.0 (compatible; MSIE 4.01; Windows NT)"
66.135.202.72 - - [24/Feb/2025:11:49:11 +0100] "GET /Jurek/eurofirany/images/461802/3.jpg HTTP/1.1" 200 153866 "http://www.ebay.com/" "Mozilla/4.0 (compatible; MSIE 4.01; Windows NT)"
66.135.202.71 - - [24/Feb/2025:11:49:12 +0100] "GET /Jurek/eurofirany/images/461802/1.jpg HTTP/1.1" 200 207031 "http://www.ebay.com/" "Mozilla/4.0 (compatible; MSIE 4.01; Windows NT)"
66.135.202.74 - - [24/Feb/2025:11:49:13 +0100] "GET /Jurek/eurofirany/images/457600/0.jpg HTTP/1.1" 200 77880 "http://www.ebay.com/" "Mozilla/4.0 (compatible; MSIE 4.01; Windows NT)"
66.135.202.71 - - [24/Feb/2025:11:49:13 +0100] "GET /Jurek/eurofirany/images/457600/1.jpg HTTP/1.1" 200 82273 "http://www.ebay.com/" "Mozilla/4.0 (compatible; MSIE 4.01; Windows NT)"
66.135.202.74 - - [24/Feb/2025:11:49:14 +0100] "GET /Jurek/eurofirany/images/457600/2.jpg HTTP/1.1" 200 42096 "http://www.ebay.com/" "Mozilla/4.0 (compatible; MSIE 4.01; Windows NT)"
66.135.202.71 - - [24/Feb/2025:11:49:14 +0100] "GET /Jurek/eurofirany/images/457600/6.jpg HTTP/1.1" 200 108458 "http://www.ebay.com/" "Mozilla/4.0 (compatible; MSIE 4.01; Windows NT)"
66.135.202.71 - - [24/Feb/2025:11:49:14 +0100] "GET /Jurek/eurofirany/images/457600/5.jpg HTTP/1.1" 200 98886 "http://www.ebay.com/" "Mozilla/4.0 (compatible; MSIE 4.01; Windows NT)"
66.135.202.72 - - [24/Feb/2025:11:49:14 +0100] "GET /Jurek/eurofirany/images/457600/3.jpg HTTP/1.1" 200 71990 "http://www.ebay.com/" "Mozilla/4.0 (compatible; MSIE 4.01; Windows NT)"
66.135.202.75 - - [24/Feb/2025:11:49:14 +0100] "GET /Jurek/eurofirany/images/457600/7.jpg HTTP/1.1" 200 156517 "http://www.ebay.com/" "Mozilla/4.0 (compatible; MSIE 4.01; Windows NT)"
66.135.202.73 - - [24/Feb/2025:11:49:14 +0100] "GET /Jurek/eurofirany/images/457600/8.jpg HTTP/1.1" 200 198556 "http://www.ebay.com/" "Mozilla/4.0 (compatible; MSIE 4.01; Windows NT)"
66.135.202.74 - - [24/Feb/2025:11:49:15 +0100] "GET /Jurek/eurofirany/images/457600/4.jpg HTTP/1.1" 200 357390 "http://www.ebay.com/" "Mozilla/4.0 (compatible; MSIE 4.01; Windows NT)"
66.135.195.16 - - [24/Feb/2025:11:49:15 +0100] "GET /Jurek/eurofirany/images/440537/2.jpg HTTP/1.1" 200 103055 "http://www.ebay.com/" "Mozilla/4.0 (compatible; MSIE 4.01; Windows NT)"
66.135.195.20 - - [24/Feb/2025:11:49:15 +0100] "GET /Jurek/eurofirany/images/440537/1.jpg HTTP/1.1" 200 116554 "http://www.ebay.com/" "Mozilla/4.0 (compatible; MSIE 4.01; Windows NT)"
66.135.195.16 - - [24/Feb/2025:11:49:15 +0100] "GET /Jurek/eurofirany/images/440537/0.jpg HTTP/1.1" 200 114103 "http://www.ebay.com/" "Mozilla/4.0 (compatible; MSIE 4.01; Windows NT)"
66.135.195.19 - - [24/Feb/2025:11:49:15 +0100] "GET /Jurek/eurofirany/images/440537/3.jpg HTTP/1.1" 200 103055 "http://www.ebay.com/" "Mozilla/4.0 (compatible; MSIE 4.01; Windows NT)"
66.135.202.74 - - [24/Feb/2025:11:49:15 +0100] "GET /Jurek/eurofirany/images/390893/0.jpg HTTP/1.1" 200 116376 "-" "Java/17.0.12.0.101"
66.135.202.72 - - [24/Feb/2025:11:49:15 +0100] "GET /Jurek/eurofirany/images/398657/0.jpg HTTP/1.1" 200 16503 "-" "Java/17.0.12.0.101"
89.161.206.59 - - [24/Feb/2025:11:49:17 +0100] "GET /Jurek/sempler/feeds/sempler_skroutz.xml HTTP/1.0" 200 6553195 "-" "-"
89.161.206.59 - - [24/Feb/2025:11:49:18 +0100] "GET /Jurek/eroplace/feeds/eroplace_skroutz.xml HTTP/1.0" 200 30849274 "-" "-"
66.135.202.173 - - [24/Feb/2025:11:49:19 +0100] "GET /Jurek/eurofirany/images/461831/2.jpg HTTP/1.1" 200 95402 "http://www.ebay.com/" "Mozilla/4.0 (compatible; MSIE 4.01; Windows NT)"
66.135.202.173 - - [24/Feb/2025:11:49:19 +0100] "GET /Jurek/eurofirany/images/461831/3.jpg HTTP/1.1" 200 107086 "http://www.ebay.com/" "Mozilla/4.0 (compatible; MSIE 4.01; Windows NT)"
66.135.202.172 - - [24/Feb/2025:11:49:19 +0100] "GET /Jurek/eurofirany/images/461831/4.jpg HTTP/1.1" 200 155840 "http://www.ebay.com/" "Mozilla/4.0 (compatible; MSIE 4.01; Windows NT)"
66.135.202.173 - - [24/Feb/2025:11:49:19 +0100] "GET /Jurek/eurofirany/images/461831/0.jpg HTTP/1.1" 200 150454 "http://www.ebay.com/" "Mozilla/4.0 (compatible; MSIE 4.01; Windows NT)"
66.135.202.173 - - [24/Feb/2025:11:49:20 +0100] "GET /Jurek/eurofirany/images/461831/1.jpg HTTP/1.1" 200 208037 "http://www.ebay.com/" "Mozilla/4.0 (compatible; MSIE 4.01; Windows NT)"
89.161.206.59 - - [24/Feb/2025:11:49:20 +0100] "GET /Jurek/targethome/feeds/targethome_skroutz.xml HTTP/1.0" 200 683596 "-" "-"
66.135.202.170 - - [24/Feb/2025:11:49:30 +0100] "GET /Jurek/eurofirany/images/461825/2.jpg HTTP/1.1" 200 126124 "http://www.ebay.com/" "Mozilla/4.0 (compatible; MSIE 4.01; Windows NT)"
66.135.202.169 - - [24/Feb/2025:11:49:30 +0100] "GET /Jurek/eurofirany/images/461825/3.jpg HTTP/1.1" 200 121366 "http://www.ebay.com/" "Mozilla/4.0 (compatible; MSIE 4.01; Windows NT)"
66.135.202.170 - - [24/Feb/2025:11:49:30 +0100] "GET /Jurek/eurofirany/images/461825/4.jpg HTTP/1.1" 200 138390 "http://www.ebay.com/" "Mozilla/4.0 (compatible; MSIE 4.01; Windows NT)"
66.135.202.173 - - [24/Feb/2025:11:49:30 +0100] "GET /Jurek/eurofirany/images/461825/0.jpg HTTP/1.1" 200 138390 "http://www.ebay.com/" "Mozilla/4.0 (compatible; MSIE 4.01; Windows NT)"
66.135.202.170 - - [24/Feb/2025:11:49:31 +0100] "GET /Jurek/eurofirany/images/461825/1.jpg HTTP/1.1" 200 160493 "http://www.ebay.com/" "Mozilla/4.0 (compatible; MSIE 4.01; Windows NT)"
66.135.195.18 - - [24/Feb/2025:11:49:33 +0100] "GET /Jurek/eurofirany/images/436656/0.jpg HTTP/1.1" 200 115039 "http://www.ebay.com/" "Mozilla/4.0 (compatible; MSIE 4.01; Windows NT)"
66.135.195.16 - - [24/Feb/2025:11:49:33 +0100] "GET /Jurek/eurofirany/images/436656/1.jpg HTTP/1.1" 200 105903 "http://www.ebay.com/" "Mozilla/4.0 (compatible; MSIE 4.01; Windows NT)"
66.135.195.20 - - [24/Feb/2025:11:49:33 +0100] "GET /Jurek/eurofirany/images/436656/2.jpg HTTP/1.1" 200 146160 "http://www.ebay.com/" "Mozilla/4.0 (compatible; MSIE 4.01; Windows NT)"
66.135.195.18 - - [24/Feb/2025:11:49:33 +0100] "GET /Jurek/eurofirany/images/436656/3.jpg HTTP/1.1" 200 146160 "http://www.ebay.com/" "Mozilla/4.0 (compatible; MSIE 4.01; Windows NT)"
66.135.202.169 - - [24/Feb/2025:11:49:34 +0100] "GET /Jurek/eurofirany/images/461228/1.jpg HTTP/1.1" 200 114616 "http://www.ebay.com/" "Mozilla/4.0 (compatible; MSIE 4.01; Windows NT)"
66.135.202.170 - - [24/Feb/2025:11:49:34 +0100] "GET /Jurek/eurofirany/images/461228/0.jpg HTTP/1.1" 200 34835 "http://www.ebay.com/" "Mozilla/4.0 (compatible; MSIE 4.01; Windows NT)"
66.135.202.171 - - [24/Feb/2025:11:49:34 +0100] "GET /Jurek/eurofirany/images/461228/2.jpg HTTP/1.1" 200 114616 "http://www.ebay.com/" "Mozilla/4.0 (compatible; MSIE 4.01; Windows NT)"
66.135.202.74 - - [24/Feb/2025:11:49:36 +0100] "GET /Jurek/eurofirany/images/452152/0.jpg HTTP/1.1" 200 79352 "-" "Java/17.0.12.0.101"
66.135.202.71 - - [24/Feb/2025:11:49:41 +0100] "GET /Jurek/eurofirany/images/387451/0.jpg HTTP/1.1" 200 113307 "http://www.ebay.com/" "Mozilla/4.0 (compatible; MSIE 4.01; Windows NT)"
66.135.202.73 - - [24/Feb/2025:11:49:41 +0100] "GET /Jurek/eurofirany/images/387451/2.jpg HTTP/1.1" 200 126053 "http://www.ebay.com/" "Mozilla/4.0 (compatible; MSIE 4.01; Windows NT)"
66.135.202.71 - - [24/Feb/2025:11:49:41 +0100] "GET /Jurek/eurofirany/images/387451/3.jpg HTTP/1.1" 200 113243 "http://www.ebay.com/" "Mozilla/4.0 (compatible; MSIE 4.01; Windows NT)"
66.135.202.75 - - [24/Feb/2025:11:49:41 +0100] "GET /Jurek/eurofirany/images/387451/1.jpg HTTP/1.1" 200 144768 "http://www.ebay.com/" "Mozilla/4.0 (compatible; MSIE 4.01; Windows NT)"
66.135.195.20 - - [24/Feb/2025:11:49:42 +0100] "GET /Jurek/eurofirany/images/387454/0.jpg HTTP/1.1" 200 191792 "http://www.ebay.com/" "Mozilla/4.0 (compatible; MSIE 4.01; Windows NT)"
66.135.195.20 - - [24/Feb/2025:11:49:42 +0100] "GET /Jurek/eurofirany/images/387454/3.jpg HTTP/1.1" 200 185226 "http://www.ebay.com/" "Mozilla/4.0 (compatible; MSIE 4.01; Windows NT)"
66.135.195.20 - - [24/Feb/2025:11:49:42 +0100] "GET /Jurek/eurofirany/images/387454/2.jpg HTTP/1.1" 200 223804 "http://www.ebay.com/" "Mozilla/4.0 (compatible; MSIE 4.01; Windows NT)"
66.135.195.19 - - [24/Feb/2025:11:49:42 +0100] "GET /Jurek/eurofirany/images/387454/1.jpg HTTP/1.1" 200 220252 "http://www.ebay.com/" "Mozilla/4.0 (compatible; MSIE 4.01; Windows NT)"
66.135.195.18 - - [24/Feb/2025:11:49:43 +0100] "GET /Jurek/eurofirany/images/456482/0.jpg HTTP/1.1" 200 64153 "http://www.ebay.com/" "Mozilla/4.0 (compatible; MSIE 4.01; Windows NT)"
66.135.195.18 - - [24/Feb/2025:11:49:43 +0100] "GET /Jurek/eurofirany/images/456482/1.jpg HTTP/1.1" 200 58624 "http://www.ebay.com/" "Mozilla/4.0 (compatible; MSIE 4.01; Windows NT)"
66.135.195.20 - - [24/Feb/2025:11:49:43 +0100] "GET /Jurek/eurofirany/images/456482/2.jpg HTTP/1.1" 200 107438 "http://www.ebay.com/" "Mozilla/4.0 (compatible; MSIE 4.01; Windows NT)"
66.135.202.170 - - [24/Feb/2025:11:49:44 +0100] "GET /Jurek/eurofirany/images/456504/1.jpg HTTP/1.1" 200 47921 "http://www.ebay.com/" "Mozilla/4.0 (compatible; MSIE 4.01; Windows NT)"
66.135.202.172 - - [24/Feb/2025:11:49:44 +0100] "GET /Jurek/eurofirany/images/456504/2.jpg HTTP/1.1" 200 112894 "http://www.ebay.com/" "Mozilla/4.0 (compatible; MSIE 4.01; Windows NT)"
66.135.202.169 - - [24/Feb/2025:11:49:44 +0100] "GET /Jurek/eurofirany/images/456504/0.jpg HTTP/1.1" 200 83099 "http://www.ebay.com/" "Mozilla/4.0 (compatible; MSIE 4.01; Windows NT)"
66.135.195.18 - - [24/Feb/2025:11:49:44 +0100] "GET /Jurek/eurofirany/images/458041/0.jpg HTTP/1.1" 200 116381 "http://www.ebay.com/" "Mozilla/4.0 (compatible; MSIE 4.01; Windows NT)"
66.135.195.17 - - [24/Feb/2025:11:49:44 +0100] "GET /Jurek/eurofirany/images/458041/1.jpg HTTP/1.1" 200 72311 "http://www.ebay.com/" "Mozilla/4.0 (compatible; MSIE 4.01; Windows NT)"
66.135.195.16 - - [24/Feb/2025:11:49:44 +0100] "GET /Jurek/eurofirany/images/458041/2.jpg HTTP/1.1" 200 115533 "http://www.ebay.com/" "Mozilla/4.0 (compatible; MSIE 4.01; Windows NT)"
66.135.195.19 - - [24/Feb/2025:11:49:44 +0100] "GET /Jurek/eurofirany/images/458041/3.jpg HTTP/1.1" 200 88835 "http://www.ebay.com/" "Mozilla/4.0 (compatible; MSIE 4.01; Windows NT)"
66.135.195.19 - - [24/Feb/2025:11:49:45 +0100] "GET /Jurek/eurofirany/images/458041/4.jpg HTTP/1.1" 200 98594 "http://www.ebay.com/" "Mozilla/4.0 (compatible; MSIE 4.01; Windows NT)"
66.135.195.20 - - [24/Feb/2025:11:49:45 +0100] "GET /Jurek/eurofirany/images/458041/5.jpg HTTP/1.1" 200 124655 "http://www.ebay.com/" "Mozilla/4.0 (compatible; MSIE 4.01; Windows NT)"
66.135.195.16 - - [24/Feb/2025:11:49:45 +0100] "GET /Jurek/eurofirany/images/458041/6.jpg HTTP/1.1" 200 98495 "http://www.ebay.com/" "Mozilla/4.0 (compatible; MSIE 4.01; Windows NT)"
66.135.195.19 - - [24/Feb/2025:11:49:45 +0100] "GET /Jurek/eurofirany/images/458041/7.jpg HTTP/1.1" 200 147511 "http://www.ebay.com/" "Mozilla/4.0 (compatible; MSIE 4.01; Windows NT)"
66.135.195.19 - - [24/Feb/2025:11:49:45 +0100] "GET /Jurek/eurofirany/images/460836/0.jpg HTTP/1.1" 200 108781 "http://www.ebay.com/" "Mozilla/4.0 (compatible; MSIE 4.01; Windows NT)"
66.135.195.20 - - [24/Feb/2025:11:49:45 +0100] "GET /Jurek/eurofirany/images/460836/1.jpg HTTP/1.1" 200 99572 "http://www.ebay.com/" "Mozilla/4.0 (compatible; MSIE 4.01; Windows NT)"
66.135.195.17 - - [24/Feb/2025:11:49:45 +0100] "GET /Jurek/eurofirany/images/460836/2.jpg HTTP/1.1" 200 49270 "http://www.ebay.com/" "Mozilla/4.0 (compatible; MSIE 4.01; Windows NT)"
66.135.195.19 - - [24/Feb/2025:11:49:45 +0100] "GET /Jurek/eurofirany/images/460836/7.jpg HTTP/1.1" 200 130450 "http://www.ebay.com/" "Mozilla/4.0 (compatible; MSIE 4.01; Windows NT)"
66.135.195.16 - - [24/Feb/2025:11:49:45 +0100] "GET /Jurek/eurofirany/images/460836/10.jpg HTTP/1.1" 200 112383 "http://www.ebay.com/" "Mozilla/4.0 (compatible; MSIE 4.01; Windows NT)"
66.135.195.16 - - [24/Feb/2025:11:49:45 +0100] "GET /Jurek/eurofirany/images/460836/5.jpg HTTP/1.1" 200 146918 "http://www.ebay.com/" "Mozilla/4.0 (compatible; MSIE 4.01; Windows NT)"
66.135.195.20 - - [24/Feb/2025:11:49:45 +0100] "GET /Jurek/eurofirany/images/460836/3.jpg HTTP/1.1" 200 132132 "http://www.ebay.com/" "Mozilla/4.0 (compatible; MSIE 4.01; Windows NT)"
66.135.195.16 - - [24/Feb/2025:11:49:45 +0100] "GET /Jurek/eurofirany/images/460836/8.jpg HTTP/1.1" 200 137075 "http://www.ebay.com/" "Mozilla/4.0 (compatible; MSIE 4.01; Windows NT)"
66.135.195.20 - - [24/Feb/2025:11:49:46 +0100] "GET /Jurek/eurofirany/images/460836/11.jpg HTTP/1.1" 200 140619 "http://www.ebay.com/" "Mozilla/4.0 (compatible; MSIE 4.01; Windows NT)"
66.135.195.19 - - [24/Feb/2025:11:49:46 +0100] "GET /Jurek/eurofirany/images/460836/9.jpg HTTP/1.1" 200 160615 "http://www.ebay.com/" "Mozilla/4.0 (compatible; MSIE 4.01; Windows NT)"
66.135.195.18 - - [24/Feb/2025:11:49:46 +0100] "GET /Jurek/eurofirany/images/460836/4.jpg HTTP/1.1" 200 189070 "http://www.ebay.com/" "Mozilla/4.0 (compatible; MSIE 4.01; Windows NT)"
66.135.195.17 - - [24/Feb/2025:11:49:46 +0100] "GET /Jurek/eurofirany/images/460836/6.jpg HTTP/1.1" 200 225062 "http://www.ebay.com/" "Mozilla/4.0 (compatible; MSIE 4.01; Windows NT)"
66.135.202.71 - - [24/Feb/2025:11:49:48 +0100] "GET /Jurek/eurofirany/images/387457/2.jpg HTTP/1.1" 200 109743 "http://www.ebay.com/" "Mozilla/4.0 (compatible; MSIE 4.01; Windows NT)"
66.135.202.74 - - [24/Feb/2025:11:49:48 +0100] "GET /Jurek/eurofirany/images/387457/3.jpg HTTP/1.1" 200 61866 "http://www.ebay.com/" "Mozilla/4.0 (compatible; MSIE 4.01; Windows NT)"
66.135.202.74 - - [24/Feb/2025:11:49:48 +0100] "GET /Jurek/eurofirany/images/387457/0.jpg HTTP/1.1" 200 130800 "http://www.ebay.com/" "Mozilla/4.0 (compatible; MSIE 4.01; Windows NT)"
66.135.202.71 - - [24/Feb/2025:11:49:48 +0100] "GET /Jurek/eurofirany/images/387457/1.jpg HTTP/1.1" 200 138931 "http://www.ebay.com/" "Mozilla/4.0 (compatible; MSIE 4.01; Windows NT)"
66.135.195.16 - - [24/Feb/2025:11:49:48 +0100] "GET /Jurek/eurofirany/images/423203/0.jpg HTTP/1.1" 200 0 "-" "Java/17.0.12.0.101"
66.135.202.75 - - [24/Feb/2025:11:49:51 +0100] "GET /Jurek/topeshop/downloaded_images/5902838466421_1_1.png HTTP/1.1" 200 187916 "http://www.ebay.com/" "Mozilla/4.0 (compatible; MSIE 4.01; Windows NT)"
89.161.206.59 - - [24/Feb/2025:11:49:53 +0100] "GET /Jurek/bass_new/feeds/bass_skroutz.xml HTTP/1.0" 200 7040952 "-" "-"
66.135.202.71 - - [24/Feb/2025:11:49:53 +0100] "GET /Jurek/topeshop/downloaded_images/5902838466421_wieszak-2fffff.png HTTP/1.1" 200 955371 "http://www.ebay.com/" "Mozilla/4.0 (compatible; MSIE 4.01; Windows NT)"
66.135.202.74 - - [24/Feb/2025:11:49:55 +0100] "GET /Jurek/eurofirany/images/460330/0.jpg HTTP/1.1" 200 71586 "http://www.ebay.com/" "Mozilla/4.0 (compatible; MSIE 4.01; Windows NT)"
66.135.202.73 - - [24/Feb/2025:11:49:55 +0100] "GET /Jurek/eurofirany/images/460330/1.jpg HTTP/1.1" 200 75036 "http://www.ebay.com/" "Mozilla/4.0 (compatible; MSIE 4.01; Windows NT)"
66.135.202.72 - - [24/Feb/2025:11:49:55 +0100] "GET /Jurek/eurofirany/images/460330/2.jpg HTTP/1.1" 200 37693 "http://www.ebay.com/" "Mozilla/4.0 (compatible; MSIE 4.01; Windows NT)"
66.135.202.74 - - [24/Feb/2025:11:49:55 +0100] "GET /Jurek/eurofirany/images/460330/3.jpg HTTP/1.1" 200 68271 "http://www.ebay.com/" "Mozilla/4.0 (compatible; MSIE 4.01; Windows NT)"
66.135.202.75 - - [24/Feb/2025:11:49:55 +0100] "GET /Jurek/eurofirany/images/460330/8.jpg HTTP/1.1" 200 89459 "http://www.ebay.com/" "Mozilla/4.0 (compatible; MSIE 4.01; Windows NT)"
66.135.202.73 - - [24/Feb/2025:11:49:55 +0100] "GET /Jurek/eurofirany/images/460330/5.jpg HTTP/1.1" 200 144392 "http://www.ebay.com/" "Mozilla/4.0 (compatible; MSIE 4.01; Windows NT)"
66.135.202.73 - - [24/Feb/2025:11:49:55 +0100] "GET /Jurek/eurofirany/images/460330/7.jpg HTTP/1.1" 200 139397 "http://www.ebay.com/" "Mozilla/4.0 (compatible; MSIE 4.01; Windows NT)"
66.135.202.74 - - [24/Feb/2025:11:49:55 +0100] "GET /Jurek/eurofirany/images/460330/6.jpg HTTP/1.1" 200 149284 "http://www.ebay.com/" "Mozilla/4.0 (compatible; MSIE 4.01; Windows NT)"
66.135.202.71 - - [24/Feb/2025:11:49:55 +0100] "GET /Jurek/eurofirany/images/460330/4.jpg HTTP/1.1" 200 186152 "http://www.ebay.com/" "Mozilla/4.0 (compatible; MSIE 4.01; Windows NT)"
66.135.202.172 - - [24/Feb/2025:11:50:00 +0100] "GET /Jurek/eurofirany/images/40891/2.jpg HTTP/1.1" 200 201484 "http://www.ebay.com/" "Mozilla/4.0 (compatible; MSIE 4.01; Windows NT)"
66.135.202.169 - - [24/Feb/2025:11:50:00 +0100] "GET /Jurek/eurofirany/images/40891/0.jpg HTTP/1.1" 200 209941 "http://www.ebay.com/" "Mozilla/4.0 (compatible; MSIE 4.01; Windows NT)"
66.135.202.173 - - [24/Feb/2025:11:50:00 +0100] "GET /Jurek/eurofirany/images/40891/4.jpg HTTP/1.1" 200 225943 "http://www.ebay.com/" "Mozilla/4.0 (compatible; MSIE 4.01; Windows NT)"
66.135.202.169 - - [24/Feb/2025:11:50:00 +0100] "GET /Jurek/eurofirany/images/40891/5.jpg HTTP/1.1" 200 159827 "http://www.ebay.com/" "Mozilla/4.0 (compatible; MSIE 4.01; Windows NT)"
66.135.202.170 - - [24/Feb/2025:11:50:00 +0100] "GET /Jurek/eurofirany/images/40891/3.jpg HTTP/1.1" 200 185402 "http://www.ebay.com/" "Mozilla/4.0 (compatible; MSIE 4.01; Windows NT)"
66.135.202.171 - - [24/Feb/2025:11:50:00 +0100] "GET /Jurek/eurofirany/images/40891/1.jpg HTTP/1.1" 200 297559 "http://www.ebay.com/" "Mozilla/4.0 (compatible; MSIE 4.01; Windows NT)"
77.79.248.229 - - [24/Feb/2025:11:50:02 +0100] "GET /Jurek/eurofirany/feeds/eurofirany_allsweet.xml HTTP/1.1" 200 18962471 "-" "Python-urllib/3.11"
66.135.202.71 - - [24/Feb/2025:11:50:03 +0100] "GET /Jurek/eurofirany/images/452153/0.jpg HTTP/1.1" 200 84744 "http://www.ebay.com/" "Mozilla/4.0 (compatible; MSIE 4.01; Windows NT)"
66.135.202.75 - - [24/Feb/2025:11:50:03 +0100] "GET /Jurek/eurofirany/images/452153/2.jpg HTTP/1.1" 200 118841 "http://www.ebay.com/" "Mozilla/4.0 (compatible; MSIE 4.01; Windows NT)"
66.135.202.71 - - [24/Feb/2025:11:50:03 +0100] "GET /Jurek/eurofirany/images/452153/1.jpg HTTP/1.1" 200 62528 "http://www.ebay.com/" "Mozilla/4.0 (compatible; MSIE 4.01; Windows NT)"
77.79.248.229 - - [24/Feb/2025:11:50:03 +0100] "GET /Jurek/ikonka/feeds/ikonka_all_sweet.xml HTTP/1.1" 200 22313558 "-" "Python-urllib/3.11"
77.79.248.229 - - [24/Feb/2025:11:50:03 +0100] "GET /Jurek/stema/feeds/stema_all.xml HTTP/1.1" 200 867019 "-" "Python-urllib/3.11"
77.79.248.229 - - [24/Feb/2025:11:50:03 +0100] "GET /Jurek/eurofirany/feeds/eurofirany_all_cz.xml HTTP/1.1" 200 18977840 "-" "Python-urllib/3.11"
77.79.248.229 - - [24/Feb/2025:11:50:04 +0100] "GET /Jurek/ikonka/feeds/ikonka_all_cz.xml HTTP/1.1" 200 22315457 "-" "Python-urllib/3.11"
77.79.248.229 - - [24/Feb/2025:11:50:04 +0100] "GET /Jurek/stema/feeds/stema_all_cz.xml HTTP/1.1" 200 867468 "-" "Python-urllib/3.11"
77.79.248.229 - - [24/Feb/2025:11:50:05 +0100] "GET /Jurek/eurofirany/feeds/eurofirany_all_sk.xml HTTP/1.1" 200 18957388 "-" "Python-urllib/3.11"
77.79.248.229 - - [24/Feb/2025:11:50:05 +0100] "GET /Jurek/ikonka/feeds/ikonka_all_sk.xml HTTP/1.1" 200 22312880 "-" "Python-urllib/3.11"
77.79.248.229 - - [24/Feb/2025:11:50:05 +0100] "GET /Jurek/stema/feeds/stema_all_sk.xml HTTP/1.1" 200 866732 "-" "Python-urllib/3.11"
66.135.202.74 - - [24/Feb/2025:11:50:10 +0100] "GET /Jurek/eurofirany/images/452152/0.jpg HTTP/1.1" 200 79352 "http://www.ebay.com/" "Mozilla/4.0 (compatible; MSIE 4.01; Windows NT)"
66.135.202.74 - - [24/Feb/2025:11:50:10 +0100] "GET /Jurek/eurofirany/images/452152/1.jpg HTTP/1.1" 200 62528 "http://www.ebay.com/" "Mozilla/4.0 (compatible; MSIE 4.01; Windows NT)"
66.135.202.71 - - [24/Feb/2025:11:50:10 +0100] "GET /Jurek/eurofirany/images/452152/2.jpg HTTP/1.1" 200 118841 "http://www.ebay.com/" "Mozilla/4.0 (compatible; MSIE 4.01; Windows NT)"
66.135.202.169 - - [24/Feb/2025:11:50:38 +0100] "GET /Jurek/eurofirany/images/452131/0.jpg HTTP/1.1" 200 98325 "http://www.ebay.com/" "Mozilla/4.0 (compatible; MSIE 4.01; Windows NT)"
66.135.202.170 - - [24/Feb/2025:11:50:38 +0100] "GET /Jurek/eurofirany/images/452131/2.jpg HTTP/1.1" 200 130377 "http://www.ebay.com/" "Mozilla/4.0 (compatible; MSIE 4.01; Windows NT)"
66.135.202.171 - - [24/Feb/2025:11:50:38 +0100] "GET /Jurek/eurofirany/images/452131/1.jpg HTTP/1.1" 200 67956 "http://www.ebay.com/" "Mozilla/4.0 (compatible; MSIE 4.01; Windows NT)"
66.135.202.74 - - [24/Feb/2025:11:50:44 +0100] "GET /Jurek/eurofirany/images/461823/3.jpg HTTP/1.1" 200 121168 "http://www.ebay.com/" "Mozilla/4.0 (compatible; MSIE 4.01; Windows NT)"
66.135.202.71 - - [24/Feb/2025:11:50:45 +0100] "GET /Jurek/eurofirany/images/461823/2.jpg HTTP/1.1" 200 146639 "http://www.ebay.com/" "Mozilla/4.0 (compatible; MSIE 4.01; Windows NT)"
66.135.202.72 - - [24/Feb/2025:11:50:45 +0100] "GET /Jurek/eurofirany/images/461823/0.jpg HTTP/1.1" 200 156861 "http://www.ebay.com/" "Mozilla/4.0 (compatible; MSIE 4.01; Windows NT)"
66.135.202.74 - - [24/Feb/2025:11:50:45 +0100] "GET /Jurek/eurofirany/images/461823/4.jpg HTTP/1.1" 200 156861 "http://www.ebay.com/" "Mozilla/4.0 (compatible; MSIE 4.01; Windows NT)"
66.135.202.71 - - [24/Feb/2025:11:50:45 +0100] "GET /Jurek/eurofirany/images/461823/1.jpg HTTP/1.1" 200 212194 "http://www.ebay.com/" "Mozilla/4.0 (compatible; MSIE 4.01; Windows NT)"
66.135.202.74 - - [24/Feb/2025:11:50:47 +0100] "GET /Jurek/eurofirany/images/459653/0.jpg HTTP/1.1" 200 108559 "-" "Java/17.0.12.0.101"
66.135.202.72 - - [24/Feb/2025:11:50:47 +0100] "GET /Jurek/eurofirany/images/459757/0.jpg HTTP/1.1" 200 110779 "-" "Java/17.0.12.0.101"
193.33.8.61 - - [24/Feb/2025:11:50:51 +0100] "GET /Jurek/topeshop/download/topeshop.xml HTTP/2.0" 200 5162819 "https://konsola.dkkapusta1997.usermd.net/" "Mozilla/5.0 (Windows NT 10.0; Win64; x64) AppleWebKit/537.36 (KHTML, like Gecko) Chrome/132.0.0.0 Safari/537.36"
66.135.202.73 - - [24/Feb/2025:11:50:52 +0100] "GET /Jurek/eurofirany/images/460776/0.jpg HTTP/1.1" 200 59336 "-" "Java/17.0.12.0.101"
66.135.202.74 - - [24/Feb/2025:11:50:57 +0100] "GET /Jurek/eurofirany/images/460835/0.jpg HTTP/1.1" 200 105599 "-" "Java/17.0.12.0.101"
77.79.248.229 - - [24/Feb/2025:11:50:58 +0100] "GET /Jurek/topeshop/download/topeshop.xml HTTP/1.1" 200 5162819 "-" "Python-urllib/3.11"
66.135.195.20 - - [24/Feb/2025:11:51:01 +0100] "GET /Jurek/eurofirany/images/456474/1.jpg HTTP/1.1" 200 58624 "http://www.ebay.com/" "Mozilla/4.0 (compatible; MSIE 4.01; Windows NT)"
66.135.195.20 - - [24/Feb/2025:11:51:01 +0100] "GET /Jurek/eurofirany/images/456474/2.jpg HTTP/1.1" 200 107438 "http://www.ebay.com/" "Mozilla/4.0 (compatible; MSIE 4.01; Windows NT)"
66.135.195.20 - - [24/Feb/2025:11:51:01 +0100] "GET /Jurek/eurofirany/images/456474/0.jpg HTTP/1.1" 200 84077 "http://www.ebay.com/" "Mozilla/4.0 (compatible; MSIE 4.01; Windows NT)"
66.135.202.169 - - [24/Feb/2025:11:51:15 +0100] "GET /Jurek/eurofirany/images/456475/0.jpg HTTP/1.1" 200 61839 "http://www.ebay.com/" "Mozilla/4.0 (compatible; MSIE 4.01; Windows NT)"
66.135.202.170 - - [24/Feb/2025:11:51:15 +0100] "GET /Jurek/eurofirany/images/456475/2.jpg HTTP/1.1" 200 107438 "http://www.ebay.com/" "Mozilla/4.0 (compatible; MSIE 4.01; Windows NT)"
66.135.202.173 - - [24/Feb/2025:11:51:15 +0100] "GET /Jurek/eurofirany/images/456475/1.jpg HTTP/1.1" 200 58624 "http://www.ebay.com/" "Mozilla/4.0 (compatible; MSIE 4.01; Windows NT)"
66.135.202.73 - - [24/Feb/2025:11:51:23 +0100] "GET /Jurek/eurofirany/images/456500/0.jpg HTTP/1.1" 200 72216 "http://www.ebay.com/" "Mozilla/4.0 (compatible; MSIE 4.01; Windows NT)"
66.135.202.72 - - [24/Feb/2025:11:51:23 +0100] "GET /Jurek/eurofirany/images/456500/2.jpg HTTP/1.1" 200 112894 "http://www.ebay.com/" "Mozilla/4.0 (compatible; MSIE 4.01; Windows NT)"
66.135.202.74 - - [24/Feb/2025:11:51:23 +0100] "GET /Jurek/eurofirany/images/456500/1.jpg HTTP/1.1" 200 47921 "http://www.ebay.com/" "Mozilla/4.0 (compatible; MSIE 4.01; Windows NT)"
66.135.202.171 - - [24/Feb/2025:11:51:25 +0100] "GET /Jurek/eurofirany/images/461829/3.jpg HTTP/1.1" 200 107086 "http://www.ebay.com/" "Mozilla/4.0 (compatible; MSIE 4.01; Windows NT)"
66.135.202.173 - - [24/Feb/2025:11:51:25 +0100] "GET /Jurek/eurofirany/images/461829/2.jpg HTTP/1.1" 200 95676 "http://www.ebay.com/" "Mozilla/4.0 (compatible; MSIE 4.01; Windows NT)"
66.135.195.16 - - [24/Feb/2025:11:51:25 +0100] "GET /Jurek/eurofirany/images/423203/0.jpg HTTP/1.1" 200 0 "-" "Java/17.0.12.0.101"
66.135.202.169 - - [24/Feb/2025:11:51:25 +0100] "GET /Jurek/eurofirany/images/461829/0.jpg HTTP/1.1" 200 155840 "http://www.ebay.com/" "Mozilla/4.0 (compatible; MSIE 4.01; Windows NT)"
66.135.202.170 - - [24/Feb/2025:11:51:25 +0100] "GET /Jurek/eurofirany/images/461829/4.jpg HTTP/1.1" 200 155840 "http://www.ebay.com/" "Mozilla/4.0 (compatible; MSIE 4.01; Windows NT)"
66.135.202.172 - - [24/Feb/2025:11:51:25 +0100] "GET /Jurek/eurofirany/images/461829/1.jpg HTTP/1.1" 200 208092 "http://www.ebay.com/" "Mozilla/4.0 (compatible; MSIE 4.01; Windows NT)"
66.135.202.73 - - [24/Feb/2025:11:51:33 +0100] "GET /Jurek/eurofirany/images/460779/0.jpg HTTP/1.1" 200 70675 "-" "Java/17.0.12.0.101"
66.135.202.72 - - [24/Feb/2025:11:51:46 +0100] "GET /Jurek/eurofirany/images/440536/0.jpg HTTP/1.1" 200 109264 "-" "Java/17.0.12.0.101"
46.101.116.244 - - [24/Feb/2025:11:51:46 +0100] "GET /Jurek/aw/feeds/aw_fnacfr.xml HTTP/1.0" 404 3551 "-" "-"
66.135.202.75 - - [24/Feb/2025:11:51:46 +0100] "GET /Jurek/eurofirany/images/456503/2.jpg HTTP/1.1" 200 112894 "http://www.ebay.com/" "Mozilla/4.0 (compatible; MSIE 4.01; Windows NT)"
66.135.202.74 - - [24/Feb/2025:11:51:46 +0100] "GET /Jurek/eurofirany/images/456503/1.jpg HTTP/1.1" 200 47921 "http://www.ebay.com/" "Mozilla/4.0 (compatible; MSIE 4.01; Windows NT)"
66.135.202.71 - - [24/Feb/2025:11:51:46 +0100] "GET /Jurek/eurofirany/images/456503/0.jpg HTTP/1.1" 200 71298 "http://www.ebay.com/" "Mozilla/4.0 (compatible; MSIE 4.01; Windows NT)"
66.135.202.72 - - [24/Feb/2025:11:51:49 +0100] "GET /Jurek/eurofirany/images/461230/0.jpg HTTP/1.1" 200 35921 "http://www.ebay.com/" "Mozilla/4.0 (compatible; MSIE 4.01; Windows NT)"
66.135.202.71 - - [24/Feb/2025:11:51:49 +0100] "GET /Jurek/eurofirany/images/461230/1.jpg HTTP/1.1" 200 114653 "http://www.ebay.com/" "Mozilla/4.0 (compatible; MSIE 4.01; Windows NT)"
66.135.202.72 - - [24/Feb/2025:11:51:49 +0100] "GET /Jurek/eurofirany/images/461230/2.jpg HTTP/1.1" 200 114653 "http://www.ebay.com/" "Mozilla/4.0 (compatible; MSIE 4.01; Windows NT)"
66.135.202.171 - - [24/Feb/2025:11:51:55 +0100] "GET /Jurek/eurofirany/images/452150/2.jpg HTTP/1.1" 200 118841 "http://www.ebay.com/" "Mozilla/4.0 (compatible; MSIE 4.01; Windows NT)"
66.135.202.171 - - [24/Feb/2025:11:51:55 +0100] "GET /Jurek/eurofirany/images/452150/1.jpg HTTP/1.1" 200 62528 "http://www.ebay.com/" "Mozilla/4.0 (compatible; MSIE 4.01; Windows NT)"
66.135.202.170 - - [24/Feb/2025:11:51:55 +0100] "GET /Jurek/eurofirany/images/452150/0.jpg HTTP/1.1" 200 91862 "http://www.ebay.com/" "Mozilla/4.0 (compatible; MSIE 4.01; Windows NT)"
77.79.248.229 - - [24/Feb/2025:11:52:00 +0100] "GET /Jurek/hurtownia_przemyslowa/feeds/hp_zero.xml HTTP/1.1" 200 49707592 "-" "Python-urllib/3.11"
193.33.8.61 - - [24/Feb/2025:11:52:05 +0100] "GET /Jurek/hurtownia_przemyslowa/feeds/hp_zero.xml HTTP/2.0" 200 49707592 "https://konsola.dkkapusta1997.usermd.net/" "Mozilla/5.0 (Windows NT 10.0; Win64; x64) AppleWebKit/537.36 (KHTML, like Gecko) Chrome/133.0.0.0 Safari/537.36"
66.135.202.72 - - [24/Feb/2025:11:52:06 +0100] "GET /Jurek/eurofirany/images/456486/2.jpg HTTP/1.1" 200 107438 "http://www.ebay.com/" "Mozilla/4.0 (compatible; MSIE 4.01; Windows NT)"
66.135.202.71 - - [24/Feb/2025:11:52:06 +0100] "GET /Jurek/eurofirany/images/456486/0.jpg HTTP/1.1" 200 70826 "http://www.ebay.com/" "Mozilla/4.0 (compatible; MSIE 4.01; Windows NT)"
66.135.202.75 - - [24/Feb/2025:11:52:06 +0100] "GET /Jurek/eurofirany/images/456486/1.jpg HTTP/1.1" 200 58624 "http://www.ebay.com/" "Mozilla/4.0 (compatible; MSIE 4.01; Windows NT)"
46.101.116.244 - - [24/Feb/2025:11:52:21 +0100] "GET /Filip/feeds/xlsx_ceneo.xml HTTP/1.0" 200 6241376 "-" "-"
51.77.52.107 - - [24/Feb/2025:11:52:21 +0100] "POST /Filip/Rovicky/baselinker/baselinker-ceneo-shumee.php HTTP/2.0" 200 106776 "-" "BaseLinker/1.0"
66.135.202.173 - - [24/Feb/2025:11:52:37 +0100] "GET /Jurek/topeshop/downloaded_images/5904507201517_W2_2_3.png HTTP/1.1" 200 372669 "-" "Java/17.0.12.0.101"
193.33.8.61 - - [24/Feb/2025:11:52:58 +0100] "GET /Jurek/hurtownia_przemyslowa/output.txt HTTP/2.0" 200 2350 "https://konsola.dkkapusta1997.usermd.net/" "Mozilla/5.0 (Windows NT 10.0; Win64; x64) AppleWebKit/537.36 (KHTML, like Gecko) Chrome/133.0.0.0 Safari/537.36"
66.135.195.17 - - [24/Feb/2025:11:53:01 +0100] "GET /Jurek/eurofirany/images/423203/0.jpg HTTP/1.1" 200 0 "-" "Java/17.0.12.0.101"
66.135.195.19 - - [24/Feb/2025:11:53:10 +0100] "GET /Jurek/topeshop/downloaded_images/5904507201401_Artisan.jpg HTTP/1.1" 200 105565 "http://www.ebay.com/" "Mozilla/4.0 (compatible; MSIE 4.01; Windows NT)"
66.135.195.19 - - [24/Feb/2025:11:53:10 +0100] "GET /Jurek/topeshop/downloaded_images/5904507201401_--20.jpg HTTP/1.1" 200 90214 "http://www.ebay.com/" "Mozilla/4.0 (compatible; MSIE 4.01; Windows NT)"
66.135.195.16 - - [24/Feb/2025:11:53:11 +0100] "GET /Jurek/topeshop/downloaded_images/5904507201401_front.jpg HTTP/1.1" 200 132333 "http://www.ebay.com/" "Mozilla/4.0 (compatible; MSIE 4.01; Windows NT)"
66.135.195.18 - - [24/Feb/2025:11:53:11 +0100] "GET /Jurek/topeshop/downloaded_images/5904507201401_20-st.jpg HTTP/1.1" 200 159410 "http://www.ebay.com/" "Mozilla/4.0 (compatible; MSIE 4.01; Windows NT)"
89.161.206.59 - - [24/Feb/2025:11:53:16 +0100] "GET /Jurek/bass_new/feeds/bass_ebayde.xml HTTP/1.0" 200 4806935 "-" "-"
51.77.52.107 - - [24/Feb/2025:11:53:29 +0100] "GET /Jurek/eurofirany/images/383322/0.jpg HTTP/2.0" 200 87977 "-" "-"
31.183.181.209 - - [24/Feb/2025:11:53:31 +0100] "GET /?token=7R9BPb8nHMQHknbJkQojBVhpDghp9VMEcnGrWfd6stdcePmY69G7uqVx6CnD HTTP/1.1" 200 1559 "-" "Mozilla/5.0 (Windows NT 10.0; Win64; x64) AppleWebKit/537.36 (KHTML, like Gecko) Chrome/133.0.0.0 Safari/537.36"
31.183.181.209 - - [24/Feb/2025:11:53:32 +0100] "GET /favicon.ico HTTP/1.1" 404 3551 "http://jurek.dkkapusta1997.usermd.net/?token=7R9BPb8nHMQHknbJkQojBVhpDghp9VMEcnGrWfd6stdcePmY69G7uqVx6CnD" "Mozilla/5.0 (Windows NT 10.0; Win64; x64) AppleWebKit/537.36 (KHTML, like Gecko) Chrome/133.0.0.0 Safari/537.36"
51.77.52.107 - - [24/Feb/2025:11:53:44 +0100] "GET /Jurek/eurofirany/images/448473/0.jpg HTTP/2.0" 200 137872 "-" "-"
51.77.52.107 - - [24/Feb/2025:11:53:48 +0100] "GET /Jurek/eurofirany/images/325017/0.jpg HTTP/2.0" 200 150596 "-" "-"
51.77.52.107 - - [24/Feb/2025:11:53:58 +0100] "GET /Jurek/eurofirany/images/325019/0.jpg HTTP/2.0" 200 135786 "-" "-"
51.77.52.107 - - [24/Feb/2025:11:54:03 +0100] "GET /Jurek/eurofirany/images/366936/0.jpg HTTP/2.0" 200 124057 "-" "-"
