66.135.195.17 - - [24/Feb/2025:11:43:51 +0100] "GET /Jurek/eurofirany/images/460873/4.jpg HTTP/1.1" 200 205120 "http://www.ebay.com/" "Mozilla/4.0 (compatible; MSIE 4.01; Windows NT)"
66.135.195.17 - - [24/Feb/2025:11:43:51 +0100] "GET /Jurek/eurofirany/images/460873/6.jpg HTTP/1.1" 200 241506 "http://www.ebay.com/" "Mozilla/4.0 (compatible; MSIE 4.01; Windows NT)"
66.135.202.173 - - [24/Feb/2025:11:43:52 +0100] "GET /Jurek/eurofirany/images/459550/1.jpg HTTP/1.1" 200 42471 "http://www.ebay.com/" "Mozilla/4.0 (compatible; MSIE 4.01; Windows NT)"
66.135.202.172 - - [24/Feb/2025:11:43:52 +0100] "GET /Jurek/eurofirany/images/459550/2.jpg HTTP/1.1" 200 35199 "http://www.ebay.com/" "Mozilla/4.0 (compatible; MSIE 4.01; Windows NT)"
66.135.202.171 - - [24/Feb/2025:11:43:52 +0100] "GET /Jurek/eurofirany/images/459550/0.jpg HTTP/1.1" 200 60022 "http://www.ebay.com/" "Mozilla/4.0 (compatible; MSIE 4.01; Windows NT)"
66.135.202.170 - - [24/Feb/2025:11:43:52 +0100] "GET /Jurek/eurofirany/images/459550/3.jpg HTTP/1.1" 200 61174 "http://www.ebay.com/" "Mozilla/4.0 (compatible; MSIE 4.01; Windows NT)"
66.135.202.173 - - [24/Feb/2025:11:43:52 +0100] "GET /Jurek/eurofirany/images/459550/5.jpg HTTP/1.1" 200 57381 "http://www.ebay.com/" "Mozilla/4.0 (compatible; MSIE 4.01; Windows NT)"
66.135.202.171 - - [24/Feb/2025:11:43:52 +0100] "GET /Jurek/eurofirany/images/459550/4.jpg HTTP/1.1" 200 137227 "http://www.ebay.com/" "Mozilla/4.0 (compatible; MSIE 4.01; Windows NT)"
66.135.195.16 - - [24/Feb/2025:11:43:53 +0100] "GET /Jurek/eurofirany/images/464434/0.jpg HTTP/1.1" 200 122938 "http://www.ebay.com/" "Mozilla/4.0 (compatible; MSIE 4.01; Windows NT)"
66.135.195.19 - - [24/Feb/2025:11:43:53 +0100] "GET /Jurek/eurofirany/images/464434/1.jpg HTTP/1.1" 200 135940 "http://www.ebay.com/" "Mozilla/4.0 (compatible; MSIE 4.01; Windows NT)"
66.135.195.19 - - [24/Feb/2025:11:43:55 +0100] "GET /Jurek/eurofirany/images/423203/0.jpg HTTP/1.1" 200 0 "-" "Java/17.0.12.0.101"
66.135.195.17 - - [24/Feb/2025:11:43:59 +0100] "GET /Jurek/eurofirany/images/461623/0.jpg HTTP/1.1" 200 131372 "http://www.ebay.com/" "Mozilla/4.0 (compatible; MSIE 4.01; Windows NT)"
66.135.195.16 - - [24/Feb/2025:11:43:59 +0100] "GET /Jurek/eurofirany/images/461623/1.jpg HTTP/1.1" 200 85353 "http://www.ebay.com/" "Mozilla/4.0 (compatible; MSIE 4.01; Windows NT)"
66.135.195.20 - - [24/Feb/2025:11:43:59 +0100] "GET /Jurek/eurofirany/images/461623/3.jpg HTTP/1.1" 200 138972 "http://www.ebay.com/" "Mozilla/4.0 (compatible; MSIE 4.01; Windows NT)"
66.135.195.19 - - [24/Feb/2025:11:43:59 +0100] "GET /Jurek/eurofirany/images/461623/2.jpg HTTP/1.1" 200 150112 "http://www.ebay.com/" "Mozilla/4.0 (compatible; MSIE 4.01; Windows NT)"
66.135.195.17 - - [24/Feb/2025:11:44:01 +0100] "GET /Jurek/eurofirany/images/420727/0.jpg HTTP/1.1" 200 32429 "-" "Java/17.0.12.0.101"
77.79.248.229 - - [24/Feb/2025:11:44:02 +0100] "GET /Jurek/aw/feeds/awnarzedzia_leroy.xml HTTP/1.1" 200 90207254 "-" "Python-urllib/3.11"
77.79.248.229 - - [24/Feb/2025:11:44:03 +0100] "GET /Jurek/hurtownia_przemyslowa/feeds/hp_leroy.xml HTTP/1.1" 200 49710697 "-" "Python-urllib/3.11"
77.79.248.229 - - [24/Feb/2025:11:44:04 +0100] "GET /Jurek/unimet/feeds/unimet_leroy.xml HTTP/1.1" 200 61133351 "-" "Python-urllib/3.11"
77.79.248.229 - - [24/Feb/2025:11:44:04 +0100] "GET /Jurek/action/feeds/action_leroy.xml HTTP/1.1" 200 55166293 "-" "Python-urllib/3.11"
66.135.202.169 - - [24/Feb/2025:11:44:05 +0100] "GET /Jurek/eurofirany/images/458749/2.jpg HTTP/1.1" 200 55733 "http://www.ebay.com/" "Mozilla/4.0 (compatible; MSIE 4.01; Windows NT)"
66.135.202.170 - - [24/Feb/2025:11:44:05 +0100] "GET /Jurek/eurofirany/images/458749/1.jpg HTTP/1.1" 200 69760 "http://www.ebay.com/" "Mozilla/4.0 (compatible; MSIE 4.01; Windows NT)"
66.135.202.172 - - [24/Feb/2025:11:44:05 +0100] "GET /Jurek/eurofirany/images/458749/0.jpg HTTP/1.1" 200 97129 "http://www.ebay.com/" "Mozilla/4.0 (compatible; MSIE 4.01; Windows NT)"
66.135.202.172 - - [24/Feb/2025:11:44:05 +0100] "GET /Jurek/eurofirany/images/458749/3.jpg HTTP/1.1" 200 51281 "http://www.ebay.com/" "Mozilla/4.0 (compatible; MSIE 4.01; Windows NT)"
66.135.202.172 - - [24/Feb/2025:11:44:05 +0100] "GET /Jurek/eurofirany/images/458749/4.jpg HTTP/1.1" 200 123542 "http://www.ebay.com/" "Mozilla/4.0 (compatible; MSIE 4.01; Windows NT)"
66.135.202.173 - - [24/Feb/2025:11:44:05 +0100] "GET /Jurek/eurofirany/images/458749/5.jpg HTTP/1.1" 200 79425 "http://www.ebay.com/" "Mozilla/4.0 (compatible; MSIE 4.01; Windows NT)"
66.135.202.173 - - [24/Feb/2025:11:44:06 +0100] "GET /Jurek/eurofirany/images/458749/6.jpg HTTP/1.1" 200 134222 "http://www.ebay.com/" "Mozilla/4.0 (compatible; MSIE 4.01; Windows NT)"
77.79.248.229 - - [24/Feb/2025:11:44:08 +0100] "GET /Jurek/b3/feeds/b3_leroy.xml HTTP/1.1" 200 7168648 "-" "Python-urllib/3.11"
77.79.248.229 - - [24/Feb/2025:11:44:09 +0100] "GET /Jurek/topeshop/feeds/topeshop_leroy.xml HTTP/1.1" 200 2394476 "-" "Python-urllib/3.11"
77.79.248.229 - - [24/Feb/2025:11:44:10 +0100] "GET /Jurek/eurofirany/feeds/eurofirany_leroy.xml HTTP/1.1" 200 18958538 "-" "Python-urllib/3.11"
77.79.248.229 - - [24/Feb/2025:11:44:10 +0100] "GET /Jurek/fernity/feeds/fernity_leroy.xml HTTP/1.1" 200 5083955 "-" "Python-urllib/3.11"
77.79.248.229 - - [24/Feb/2025:11:44:11 +0100] "GET /Jurek/kambukka/feeds/kambukka_leroy.xml HTTP/1.1" 200 1043771 "-" "Python-urllib/3.11"
66.135.195.20 - - [24/Feb/2025:11:44:11 +0100] "GET /Jurek/eurofirany/images/459649/0.jpg HTTP/1.1" 200 94349 "http://www.ebay.com/" "Mozilla/4.0 (compatible; MSIE 4.01; Windows NT)"
66.135.195.19 - - [24/Feb/2025:11:44:11 +0100] "GET /Jurek/eurofirany/images/459649/2.jpg HTTP/1.1" 200 57067 "http://www.ebay.com/" "Mozilla/4.0 (compatible; MSIE 4.01; Windows NT)"
66.135.195.18 - - [24/Feb/2025:11:44:11 +0100] "GET /Jurek/eurofirany/images/459649/7.jpg HTTP/1.1" 200 121372 "http://www.ebay.com/" "Mozilla/4.0 (compatible; MSIE 4.01; Windows NT)"
77.79.248.229 - - [24/Feb/2025:11:44:11 +0100] "GET /Jurek/ikonka/feeds/ikonka_leroy.xml HTTP/1.1" 200 22313009 "-" "Python-urllib/3.11"
66.135.195.17 - - [24/Feb/2025:11:44:11 +0100] "GET /Jurek/eurofirany/images/459649/1.jpg HTTP/1.1" 200 134177 "http://www.ebay.com/" "Mozilla/4.0 (compatible; MSIE 4.01; Windows NT)"
77.79.248.229 - - [24/Feb/2025:11:44:11 +0100] "GET /Jurek/oromed/feeds/oromed_leroy.xml HTTP/1.1" 200 1010120 "-" "Python-urllib/3.11"
66.135.195.18 - - [24/Feb/2025:11:44:11 +0100] "GET /Jurek/eurofirany/images/459649/6.jpg HTTP/1.1" 200 159547 "http://www.ebay.com/" "Mozilla/4.0 (compatible; MSIE 4.01; Windows NT)"
77.79.248.229 - - [24/Feb/2025:11:44:11 +0100] "GET /Jurek/benetech/feeds/benetech_leroy.xml HTTP/1.1" 200 4451809 "-" "Python-urllib/3.11"
66.135.195.20 - - [24/Feb/2025:11:44:11 +0100] "GET /Jurek/eurofirany/images/459649/8.jpg HTTP/1.1" 200 158693 "http://www.ebay.com/" "Mozilla/4.0 (compatible; MSIE 4.01; Windows NT)"
66.135.195.19 - - [24/Feb/2025:11:44:11 +0100] "GET /Jurek/eurofirany/images/459649/9.jpg HTTP/1.1" 200 158693 "http://www.ebay.com/" "Mozilla/4.0 (compatible; MSIE 4.01; Windows NT)"
66.135.195.20 - - [24/Feb/2025:11:44:11 +0100] "GET /Jurek/eurofirany/images/459649/4.jpg HTTP/1.1" 200 197237 "http://www.ebay.com/" "Mozilla/4.0 (compatible; MSIE 4.01; Windows NT)"
66.135.195.19 - - [24/Feb/2025:11:44:11 +0100] "GET /Jurek/eurofirany/images/459649/5.jpg HTTP/1.1" 200 195411 "http://www.ebay.com/" "Mozilla/4.0 (compatible; MSIE 4.01; Windows NT)"
66.135.195.19 - - [24/Feb/2025:11:44:11 +0100] "GET /Jurek/eurofirany/images/459649/3.jpg HTTP/1.1" 200 186498 "http://www.ebay.com/" "Mozilla/4.0 (compatible; MSIE 4.01; Windows NT)"
77.79.248.229 - - [24/Feb/2025:11:44:12 +0100] "GET /Jurek/octopia/feeds/octopia_leroy.xml HTTP/1.1" 200 10608466 "-" "Python-urllib/3.11"
66.135.202.72 - - [24/Feb/2025:11:44:12 +0100] "GET /Jurek/eurofirany/images/459562/0.jpg HTTP/1.1" 200 89409 "http://www.ebay.com/" "Mozilla/4.0 (compatible; MSIE 4.01; Windows NT)"
66.135.202.75 - - [24/Feb/2025:11:44:12 +0100] "GET /Jurek/eurofirany/images/459562/1.jpg HTTP/1.1" 200 73975 "http://www.ebay.com/" "Mozilla/4.0 (compatible; MSIE 4.01; Windows NT)"
66.135.202.73 - - [24/Feb/2025:11:44:12 +0100] "GET /Jurek/eurofirany/images/459562/2.jpg HTTP/1.1" 200 67868 "http://www.ebay.com/" "Mozilla/4.0 (compatible; MSIE 4.01; Windows NT)"
66.135.202.73 - - [24/Feb/2025:11:44:12 +0100] "GET /Jurek/eurofirany/images/459562/5.jpg HTTP/1.1" 200 110845 "http://www.ebay.com/" "Mozilla/4.0 (compatible; MSIE 4.01; Windows NT)"
77.79.248.229 - - [24/Feb/2025:11:44:12 +0100] "GET /Jurek/waks/feeds/waks_leroy.xml HTTP/1.1" 200 6332858 "-" "Python-urllib/3.11"
66.135.202.74 - - [24/Feb/2025:11:44:12 +0100] "GET /Jurek/eurofirany/images/459562/4.jpg HTTP/1.1" 200 158374 "http://www.ebay.com/" "Mozilla/4.0 (compatible; MSIE 4.01; Windows NT)"
77.79.248.229 - - [24/Feb/2025:11:44:12 +0100] "GET /Jurek/kinghoff/feeds/kinghoff_leroy.xml HTTP/1.1" 200 14745293 "-" "Python-urllib/3.11"
66.135.202.71 - - [24/Feb/2025:11:44:12 +0100] "GET /Jurek/eurofirany/images/459562/3.jpg HTTP/1.1" 200 185164 "http://www.ebay.com/" "Mozilla/4.0 (compatible; MSIE 4.01; Windows NT)"
77.79.248.229 - - [24/Feb/2025:11:44:12 +0100] "GET /Jurek/hdwr/feeds/hdwr_leroy.xml HTTP/1.1" 200 777782 "-" "Python-urllib/3.11"
66.135.202.170 - - [24/Feb/2025:11:44:14 +0100] "GET /Jurek/eurofirany/images/459552/0.jpg HTTP/1.1" 200 81438 "http://www.ebay.com/" "Mozilla/4.0 (compatible; MSIE 4.01; Windows NT)"
66.135.202.173 - - [24/Feb/2025:11:44:14 +0100] "GET /Jurek/eurofirany/images/459552/1.jpg HTTP/1.1" 200 72685 "http://www.ebay.com/" "Mozilla/4.0 (compatible; MSIE 4.01; Windows NT)"
66.135.202.172 - - [24/Feb/2025:11:44:14 +0100] "GET /Jurek/eurofirany/images/459552/2.jpg HTTP/1.1" 200 63140 "http://www.ebay.com/" "Mozilla/4.0 (compatible; MSIE 4.01; Windows NT)"
66.135.202.169 - - [24/Feb/2025:11:44:14 +0100] "GET /Jurek/eurofirany/images/459552/5.jpg HTTP/1.1" 200 102332 "http://www.ebay.com/" "Mozilla/4.0 (compatible; MSIE 4.01; Windows NT)"
77.79.248.229 - - [24/Feb/2025:11:44:15 +0100] "GET /Jurek/barbecook/feeds/barbecook_leroy.xml HTTP/1.1" 200 87526 "-" "Python-urllib/3.11"
66.135.202.172 - - [24/Feb/2025:11:44:15 +0100] "GET /Jurek/eurofirany/images/459552/3.jpg HTTP/1.1" 200 163468 "http://www.ebay.com/" "Mozilla/4.0 (compatible; MSIE 4.01; Windows NT)"
77.79.248.229 - - [24/Feb/2025:11:44:15 +0100] "GET /Jurek/sempler/feeds/sempler_leroy.xml HTTP/1.1" 200 6553205 "-" "Python-urllib/3.11"
66.135.202.72 - - [24/Feb/2025:11:44:15 +0100] "GET /Jurek/eurofirany/images/458736/2.jpg HTTP/1.1" 200 129249 "http://www.ebay.com/" "Mozilla/4.0 (compatible; MSIE 4.01; Windows NT)"
66.135.202.171 - - [24/Feb/2025:11:44:15 +0100] "GET /Jurek/eurofirany/images/459552/4.jpg HTTP/1.1" 200 182388 "http://www.ebay.com/" "Mozilla/4.0 (compatible; MSIE 4.01; Windows NT)"
77.79.248.229 - - [24/Feb/2025:11:44:15 +0100] "GET /Jurek/kinghome/feeds/kinghome_leroy.xml HTTP/1.1" 200 5687800 "-" "Python-urllib/3.11"
77.79.248.229 - - [24/Feb/2025:11:44:15 +0100] "GET /Jurek/ekolight/feeds/ekolioght_leroy.xml HTTP/1.1" 200 9051850 "-" "Python-urllib/3.11"
66.135.202.73 - - [24/Feb/2025:11:44:15 +0100] "GET /Jurek/eurofirany/images/458736/1.jpg HTTP/1.1" 200 150899 "http://www.ebay.com/" "Mozilla/4.0 (compatible; MSIE 4.01; Windows NT)"
77.79.248.229 - - [24/Feb/2025:11:44:15 +0100] "GET /Jurek/bimboland/feeds/bimboland_leroy.xml HTTP/1.1" 200 2494364 "-" "Python-urllib/3.11"
66.135.202.75 - - [24/Feb/2025:11:44:15 +0100] "GET /Jurek/eurofirany/images/458736/0.jpg HTTP/1.1" 200 167903 "http://www.ebay.com/" "Mozilla/4.0 (compatible; MSIE 4.01; Windows NT)"
66.135.202.71 - - [24/Feb/2025:11:44:16 +0100] "GET /Jurek/eurofirany/images/458736/4.jpg HTTP/1.1" 200 170934 "http://www.ebay.com/" "Mozilla/4.0 (compatible; MSIE 4.01; Windows NT)"
66.135.202.71 - - [24/Feb/2025:11:44:16 +0100] "GET /Jurek/eurofirany/images/458736/3.jpg HTTP/1.1" 200 184956 "http://www.ebay.com/" "Mozilla/4.0 (compatible; MSIE 4.01; Windows NT)"
66.135.202.72 - - [24/Feb/2025:11:44:16 +0100] "GET /Jurek/eurofirany/images/458736/5.jpg HTTP/1.1" 200 179047 "http://www.ebay.com/" "Mozilla/4.0 (compatible; MSIE 4.01; Windows NT)"
77.79.248.229 - - [24/Feb/2025:11:44:17 +0100] "GET /Jurek/eroplace/feeds/eroplace_leroy.xml HTTP/1.1" 200 30849339 "-" "Python-urllib/3.11"
77.79.248.229 - - [24/Feb/2025:11:44:17 +0100] "GET /Jurek/hurtmeblowy/feeds/hurtmeblowy_leroy.xml HTTP/1.1" 200 8038356 "-" "Python-urllib/3.11"
77.79.248.229 - - [24/Feb/2025:11:44:17 +0100] "GET /Jurek/fertone/feeds/fertone_leroy.xml HTTP/1.1" 200 624817 "-" "Python-urllib/3.11"
77.79.248.229 - - [24/Feb/2025:11:44:18 +0100] "GET /Jurek/ekuchcikowo/feeds/ekuchcikowo_leroy.xml HTTP/1.1" 200 12833363 "-" "Python-urllib/3.11"
66.135.195.20 - - [24/Feb/2025:11:44:18 +0100] "GET /Jurek/eurofirany/images/387467/3.jpg HTTP/1.1" 200 156855 "http://www.ebay.com/" "Mozilla/4.0 (compatible; MSIE 4.01; Windows NT)"
66.135.195.18 - - [24/Feb/2025:11:44:18 +0100] "GET /Jurek/eurofirany/images/459653/0.jpg HTTP/1.1" 200 108559 "http://www.ebay.com/" "Mozilla/4.0 (compatible; MSIE 4.01; Windows NT)"
66.135.195.20 - - [24/Feb/2025:11:44:18 +0100] "GET /Jurek/eurofirany/images/459653/2.jpg HTTP/1.1" 200 66624 "http://www.ebay.com/" "Mozilla/4.0 (compatible; MSIE 4.01; Windows NT)"
66.135.195.16 - - [24/Feb/2025:11:44:18 +0100] "GET /Jurek/eurofirany/images/459653/3.jpg HTTP/1.1" 200 128203 "http://www.ebay.com/" "Mozilla/4.0 (compatible; MSIE 4.01; Windows NT)"
66.135.195.17 - - [24/Feb/2025:11:44:18 +0100] "GET /Jurek/eurofirany/images/459653/5.jpg HTTP/1.1" 200 129052 "http://www.ebay.com/" "Mozilla/4.0 (compatible; MSIE 4.01; Windows NT)"
66.135.195.18 - - [24/Feb/2025:11:44:18 +0100] "GET /Jurek/eurofirany/images/459653/6.jpg HTTP/1.1" 200 120167 "http://www.ebay.com/" "Mozilla/4.0 (compatible; MSIE 4.01; Windows NT)"
66.135.195.20 - - [24/Feb/2025:11:44:18 +0100] "GET /Jurek/eurofirany/images/387467/0.jpg HTTP/1.1" 200 201570 "http://www.ebay.com/" "Mozilla/4.0 (compatible; MSIE 4.01; Windows NT)"
66.135.195.17 - - [24/Feb/2025:11:44:18 +0100] "GET /Jurek/eurofirany/images/387467/1.jpg HTTP/1.1" 200 229862 "http://www.ebay.com/" "Mozilla/4.0 (compatible; MSIE 4.01; Windows NT)"
66.135.195.17 - - [24/Feb/2025:11:44:18 +0100] "GET /Jurek/eurofirany/images/459653/1.jpg HTTP/1.1" 200 149544 "http://www.ebay.com/" "Mozilla/4.0 (compatible; MSIE 4.01; Windows NT)"
66.135.195.17 - - [24/Feb/2025:11:44:18 +0100] "GET /Jurek/eurofirany/images/459653/7.jpg HTTP/1.1" 200 132336 "http://www.ebay.com/" "Mozilla/4.0 (compatible; MSIE 4.01; Windows NT)"
66.135.195.20 - - [24/Feb/2025:11:44:18 +0100] "GET /Jurek/eurofirany/images/387467/2.jpg HTTP/1.1" 200 202945 "http://www.ebay.com/" "Mozilla/4.0 (compatible; MSIE 4.01; Windows NT)"
66.135.195.18 - - [24/Feb/2025:11:44:18 +0100] "GET /Jurek/eurofirany/images/459653/8.jpg HTTP/1.1" 200 162054 "http://www.ebay.com/" "Mozilla/4.0 (compatible; MSIE 4.01; Windows NT)"
66.135.195.18 - - [24/Feb/2025:11:44:18 +0100] "GET /Jurek/eurofirany/images/459653/9.jpg HTTP/1.1" 200 162054 "http://www.ebay.com/" "Mozilla/4.0 (compatible; MSIE 4.01; Windows NT)"
66.135.195.17 - - [24/Feb/2025:11:44:18 +0100] "GET /Jurek/eurofirany/images/459653/4.jpg HTTP/1.1" 200 183474 "http://www.ebay.com/" "Mozilla/4.0 (compatible; MSIE 4.01; Windows NT)"
66.135.202.173 - - [24/Feb/2025:11:44:18 +0100] "GET /Jurek/eurofirany/images/423235/0.jpg HTTP/1.1" 200 127706 "-" "Java/17.0.12.0.101"
77.79.248.229 - - [24/Feb/2025:11:44:22 +0100] "GET /Jurek/intsell/feeds/intsell_leroy.xml HTTP/1.1" 200 338787506 "-" "Python-urllib/3.11"
77.79.248.229 - - [24/Feb/2025:11:44:22 +0100] "GET /Jurek/velinda/feeds/velinda_leroy.xml HTTP/1.1" 200 4282213 "-" "Python-urllib/3.11"
77.79.248.229 - - [24/Feb/2025:11:44:22 +0100] "GET /Jurek/spali/feeds/spali_leroy.xml HTTP/1.1" 200 101947 "-" "Python-urllib/3.11"
66.135.202.73 - - [24/Feb/2025:11:44:22 +0100] "GET /Jurek/eurofirany/images/459647/2.jpg HTTP/1.1" 200 47266 "http://www.ebay.com/" "Mozilla/4.0 (compatible; MSIE 4.01; Windows NT)"
66.135.202.72 - - [24/Feb/2025:11:44:22 +0100] "GET /Jurek/eurofirany/images/459647/0.jpg HTTP/1.1" 200 86009 "http://www.ebay.com/" "Mozilla/4.0 (compatible; MSIE 4.01; Windows NT)"
66.135.202.73 - - [24/Feb/2025:11:44:22 +0100] "GET /Jurek/eurofirany/images/459647/6.jpg HTTP/1.1" 200 125436 "http://www.ebay.com/" "Mozilla/4.0 (compatible; MSIE 4.01; Windows NT)"
66.135.202.75 - - [24/Feb/2025:11:44:22 +0100] "GET /Jurek/eurofirany/images/459647/7.jpg HTTP/1.1" 200 115501 "http://www.ebay.com/" "Mozilla/4.0 (compatible; MSIE 4.01; Windows NT)"
66.135.202.71 - - [24/Feb/2025:11:44:22 +0100] "GET /Jurek/eurofirany/images/459647/1.jpg HTTP/1.1" 200 131739 "http://www.ebay.com/" "Mozilla/4.0 (compatible; MSIE 4.01; Windows NT)"
77.79.248.229 - - [24/Feb/2025:11:44:22 +0100] "GET /Jurek/urwiskowo/feeds/urwiskowo_leroy.xml HTTP/1.1" 200 9114891 "-" "Python-urllib/3.11"
66.135.202.74 - - [24/Feb/2025:11:44:22 +0100] "GET /Jurek/eurofirany/images/459647/3.jpg HTTP/1.1" 200 159198 "http://www.ebay.com/" "Mozilla/4.0 (compatible; MSIE 4.01; Windows NT)"
66.135.202.73 - - [24/Feb/2025:11:44:23 +0100] "GET /Jurek/eurofirany/images/459647/9.jpg HTTP/1.1" 200 149795 "http://www.ebay.com/" "Mozilla/4.0 (compatible; MSIE 4.01; Windows NT)"
66.135.202.73 - - [24/Feb/2025:11:44:23 +0100] "GET /Jurek/eurofirany/images/459647/5.jpg HTTP/1.1" 200 163294 "http://www.ebay.com/" "Mozilla/4.0 (compatible; MSIE 4.01; Windows NT)"
66.135.202.71 - - [24/Feb/2025:11:44:23 +0100] "GET /Jurek/eurofirany/images/459647/8.jpg HTTP/1.1" 200 149795 "http://www.ebay.com/" "Mozilla/4.0 (compatible; MSIE 4.01; Windows NT)"
66.135.202.72 - - [24/Feb/2025:11:44:23 +0100] "GET /Jurek/eurofirany/images/459647/4.jpg HTTP/1.1" 200 202392 "http://www.ebay.com/" "Mozilla/4.0 (compatible; MSIE 4.01; Windows NT)"
77.79.248.229 - - [24/Feb/2025:11:44:23 +0100] "GET /Jurek/erohurtownia/feeds/erohurtownia_leroy.xml HTTP/1.1" 200 23304161 "-" "Python-urllib/3.11"
77.79.248.229 - - [24/Feb/2025:11:44:23 +0100] "GET /Jurek/elecomp/feeds/elecomp_leroy.xml HTTP/1.1" 200 2869587 "-" "Python-urllib/3.11"
77.79.248.229 - - [24/Feb/2025:11:44:23 +0100] "GET /Jurek/luxma/feeds/luxma_leroy.xml HTTP/1.1" 200 8058948 "-" "Python-urllib/3.11"
77.79.248.229 - - [24/Feb/2025:11:44:24 +0100] "GET /Jurek/coppotech/feeds/coppotech_leroy.xml HTTP/1.1" 200 38985431 "-" "Python-urllib/3.11"
77.79.248.229 - - [24/Feb/2025:11:44:24 +0100] "GET /Jurek/rider/feeds/rider_leroy.xml HTTP/1.1" 200 8165078 "-" "Python-urllib/3.11"
77.79.248.229 - - [24/Feb/2025:11:44:24 +0100] "GET /Jurek/emaja24/feeds/emaja24_leroy.xml HTTP/1.1" 200 5110270 "-" "Python-urllib/3.11"
77.79.248.229 - - [24/Feb/2025:11:44:24 +0100] "GET /Jurek/eurofryz2/feeds/eurofryz2_leroy.xml HTTP/1.1" 200 1376605 "-" "Python-urllib/3.11"
77.79.248.229 - - [24/Feb/2025:11:44:24 +0100] "GET /Jurek/expertauto/feeds/expertauto_leroy.xml HTTP/1.1" 200 1158923 "-" "Python-urllib/3.11"
77.79.248.229 - - [24/Feb/2025:11:44:24 +0100] "GET /Jurek/najtanszysport/feeds/najtanszysport_leroy.xml HTTP/1.1" 200 3983027 "-" "Python-urllib/3.11"
77.79.248.229 - - [24/Feb/2025:11:44:25 +0100] "GET /Jurek/kobi/feeds/kobi_leroy.xml HTTP/1.1" 200 1993276 "-" "Python-urllib/3.11"
66.135.195.16 - - [24/Feb/2025:11:44:25 +0100] "GET /Jurek/eurofirany/images/420736/0.jpg HTTP/1.1" 200 28577 "-" "Java/17.0.12.0.101"
77.79.248.229 - - [24/Feb/2025:11:44:25 +0100] "GET /Jurek/narzbud/feeds/narzbud_leroy.xml HTTP/1.1" 200 1958275 "-" "Python-urllib/3.11"
66.135.202.172 - - [24/Feb/2025:11:44:26 +0100] "GET /Jurek/eurofirany/images/429703/0.jpg HTTP/1.1" 200 66712 "-" "Java/17.0.12.0.101"
66.135.202.169 - - [24/Feb/2025:11:44:29 +0100] "GET /Jurek/eurofirany/images/390893/0.jpg HTTP/1.1" 200 116376 "http://www.ebay.com/" "Mozilla/4.0 (compatible; MSIE 4.01; Windows NT)"
66.135.202.171 - - [24/Feb/2025:11:44:29 +0100] "GET /Jurek/eurofirany/images/390893/3.jpg HTTP/1.1" 200 98939 "http://www.ebay.com/" "Mozilla/4.0 (compatible; MSIE 4.01; Windows NT)"
66.135.202.72 - - [24/Feb/2025:11:44:29 +0100] "GET /Jurek/eurofirany/images/408709/2.jpg HTTP/1.1" 200 109331 "http://www.ebay.com/" "Mozilla/4.0 (compatible; MSIE 4.01; Windows NT)"
66.135.202.71 - - [24/Feb/2025:11:44:29 +0100] "GET /Jurek/eurofirany/images/408709/3.jpg HTTP/1.1" 200 109331 "http://www.ebay.com/" "Mozilla/4.0 (compatible; MSIE 4.01; Windows NT)"
66.135.202.173 - - [24/Feb/2025:11:44:29 +0100] "GET /Jurek/eurofirany/images/390893/2.jpg HTTP/1.1" 200 134550 "http://www.ebay.com/" "Mozilla/4.0 (compatible; MSIE 4.01; Windows NT)"
66.135.202.170 - - [24/Feb/2025:11:44:29 +0100] "GET /Jurek/eurofirany/images/436058/0.jpg HTTP/1.1" 200 144177 "-" "Java/17.0.12.0.101"
66.135.202.170 - - [24/Feb/2025:11:44:29 +0100] "GET /Jurek/eurofirany/images/390893/1.jpg HTTP/1.1" 200 142141 "http://www.ebay.com/" "Mozilla/4.0 (compatible; MSIE 4.01; Windows NT)"
66.135.202.73 - - [24/Feb/2025:11:44:29 +0100] "GET /Jurek/eurofirany/images/408709/0.jpg HTTP/1.1" 200 142428 "http://www.ebay.com/" "Mozilla/4.0 (compatible; MSIE 4.01; Windows NT)"
66.135.202.71 - - [24/Feb/2025:11:44:29 +0100] "GET /Jurek/eurofirany/images/408709/1.jpg HTTP/1.1" 200 155702 "http://www.ebay.com/" "Mozilla/4.0 (compatible; MSIE 4.01; Windows NT)"
66.135.202.172 - - [24/Feb/2025:11:44:31 +0100] "GET /Jurek/eurofirany/images/429737/0.jpg HTTP/1.1" 200 68791 "-" "Java/17.0.12.0.101"
77.79.248.229 - - [24/Feb/2025:11:44:33 +0100] "GET /Jurek/naszedzieci/feeds/naszedzieci_leroy.xml HTTP/1.1" 200 833270979 "-" "Python-urllib/3.11"
66.135.195.18 - - [24/Feb/2025:11:44:33 +0100] "GET /Jurek/eurofirany/images/420744/0.jpg HTTP/1.1" 200 35765 "-" "Java/17.0.12.0.101"
66.135.195.18 - - [24/Feb/2025:11:44:34 +0100] "GET /Jurek/eurofirany/images/420739/0.jpg HTTP/1.1" 200 28577 "-" "Java/17.0.12.0.101"
77.79.248.229 - - [24/Feb/2025:11:44:35 +0100] "GET /Jurek/awparts/feeds/awparts_leroy.xml HTTP/1.1" 200 142302993 "-" "Python-urllib/3.11"
66.135.202.74 - - [24/Feb/2025:11:44:35 +0100] "GET /Jurek/eurofirany/images/462003/2.jpg HTTP/1.1" 200 95384 "http://www.ebay.com/" "Mozilla/4.0 (compatible; MSIE 4.01; Windows NT)"
66.135.202.172 - - [24/Feb/2025:11:44:35 +0100] "GET /Jurek/eurofirany/images/459561/1.jpg HTTP/1.1" 200 73975 "http://www.ebay.com/" "Mozilla/4.0 (compatible; MSIE 4.01; Windows NT)"
66.135.202.172 - - [24/Feb/2025:11:44:35 +0100] "GET /Jurek/eurofirany/images/459561/0.jpg HTTP/1.1" 200 89409 "http://www.ebay.com/" "Mozilla/4.0 (compatible; MSIE 4.01; Windows NT)"
66.135.202.173 - - [24/Feb/2025:11:44:35 +0100] "GET /Jurek/eurofirany/images/459561/2.jpg HTTP/1.1" 200 67868 "http://www.ebay.com/" "Mozilla/4.0 (compatible; MSIE 4.01; Windows NT)"
66.135.202.169 - - [24/Feb/2025:11:44:35 +0100] "GET /Jurek/eurofirany/images/459561/5.jpg HTTP/1.1" 200 110845 "http://www.ebay.com/" "Mozilla/4.0 (compatible; MSIE 4.01; Windows NT)"
66.135.202.72 - - [24/Feb/2025:11:44:35 +0100] "GET /Jurek/eurofirany/images/462003/1.jpg HTTP/1.1" 200 136587 "http://www.ebay.com/" "Mozilla/4.0 (compatible; MSIE 4.01; Windows NT)"
66.135.202.72 - - [24/Feb/2025:11:44:36 +0100] "GET /Jurek/eurofirany/images/462003/0.jpg HTTP/1.1" 200 154224 "http://www.ebay.com/" "Mozilla/4.0 (compatible; MSIE 4.01; Windows NT)"
66.135.202.169 - - [24/Feb/2025:11:44:36 +0100] "GET /Jurek/eurofirany/images/459561/4.jpg HTTP/1.1" 200 158374 "http://www.ebay.com/" "Mozilla/4.0 (compatible; MSIE 4.01; Windows NT)"
66.135.202.73 - - [24/Feb/2025:11:44:36 +0100] "GET /Jurek/eurofirany/images/462003/3.jpg HTTP/1.1" 200 208732 "http://www.ebay.com/" "Mozilla/4.0 (compatible; MSIE 4.01; Windows NT)"
66.135.202.72 - - [24/Feb/2025:11:44:36 +0100] "GET /Jurek/eurofirany/images/462003/4.jpg HTTP/1.1" 200 198846 "http://www.ebay.com/" "Mozilla/4.0 (compatible; MSIE 4.01; Windows NT)"
66.135.202.170 - - [24/Feb/2025:11:44:36 +0100] "GET /Jurek/eurofirany/images/459561/3.jpg HTTP/1.1" 200 185164 "http://www.ebay.com/" "Mozilla/4.0 (compatible; MSIE 4.01; Windows NT)"
66.135.202.75 - - [24/Feb/2025:11:44:36 +0100] "GET /Jurek/eurofirany/images/462003/5.jpg HTTP/1.1" 200 245065 "http://www.ebay.com/" "Mozilla/4.0 (compatible; MSIE 4.01; Windows NT)"
66.135.202.171 - - [24/Feb/2025:11:44:39 +0100] "GET /Jurek/eurofirany/images/436057/0.jpg HTTP/1.1" 200 137425 "-" "Java/17.0.12.0.101"
66.135.202.71 - - [24/Feb/2025:11:44:42 +0100] "GET /Jurek/eurofirany/images/423203/0.jpg HTTP/1.1" 200 0 "http://www.ebay.com/" "Mozilla/4.0 (compatible; MSIE 4.01; Windows NT)"
66.135.202.73 - - [24/Feb/2025:11:44:42 +0100] "GET /Jurek/eurofirany/images/423203/2.jpg HTTP/1.1" 200 0 "http://www.ebay.com/" "Mozilla/4.0 (compatible; MSIE 4.01; Windows NT)"
66.135.202.72 - - [24/Feb/2025:11:44:42 +0100] "GET /Jurek/eurofirany/images/423203/3.jpg HTTP/1.1" 200 0 "http://www.ebay.com/" "Mozilla/4.0 (compatible; MSIE 4.01; Windows NT)"
66.135.202.71 - - [24/Feb/2025:11:44:42 +0100] "GET /Jurek/eurofirany/images/423203/1.jpg HTTP/1.1" 200 111234 "http://www.ebay.com/" "Mozilla/4.0 (compatible; MSIE 4.01; Windows NT)"
66.135.195.16 - - [24/Feb/2025:11:44:45 +0100] "GET /Jurek/eurofirany/images/74916/4.jpg HTTP/1.1" 200 164946 "http://www.ebay.com/" "Mozilla/4.0 (compatible; MSIE 4.01; Windows NT)"
66.135.202.73 - - [24/Feb/2025:11:44:45 +0100] "GET /Jurek/eurofirany/images/387468/3.jpg HTTP/1.1" 200 156855 "http://www.ebay.com/" "Mozilla/4.0 (compatible; MSIE 4.01; Windows NT)"
66.135.195.20 - - [24/Feb/2025:11:44:45 +0100] "GET /Jurek/eurofirany/images/74916/2.jpg HTTP/1.1" 200 186529 "http://www.ebay.com/" "Mozilla/4.0 (compatible; MSIE 4.01; Windows NT)"
66.135.195.16 - - [24/Feb/2025:11:44:45 +0100] "GET /Jurek/eurofirany/images/436061/0.jpg HTTP/1.1" 200 114119 "-" "Java/17.0.12.0.101"
66.135.202.75 - - [24/Feb/2025:11:44:45 +0100] "GET /Jurek/eurofirany/images/387468/2.jpg HTTP/1.1" 200 202945 "http://www.ebay.com/" "Mozilla/4.0 (compatible; MSIE 4.01; Windows NT)"
66.135.195.17 - - [24/Feb/2025:11:44:45 +0100] "GET /Jurek/eurofirany/images/74916/1.jpg HTTP/1.1" 200 230306 "http://www.ebay.com/" "Mozilla/4.0 (compatible; MSIE 4.01; Windows NT)"
66.135.195.18 - - [24/Feb/2025:11:44:45 +0100] "GET /Jurek/eurofirany/images/74916/0.jpg HTTP/1.1" 200 239768 "http://www.ebay.com/" "Mozilla/4.0 (compatible; MSIE 4.01; Windows NT)"
66.135.195.19 - - [24/Feb/2025:11:44:45 +0100] "GET /Jurek/eurofirany/images/74916/3.jpg HTTP/1.1" 200 230478 "http://www.ebay.com/" "Mozilla/4.0 (compatible; MSIE 4.01; Windows NT)"
66.135.202.73 - - [24/Feb/2025:11:44:45 +0100] "GET /Jurek/eurofirany/images/387468/0.jpg HTTP/1.1" 200 201570 "http://www.ebay.com/" "Mozilla/4.0 (compatible; MSIE 4.01; Windows NT)"
66.135.202.75 - - [24/Feb/2025:11:44:45 +0100] "GET /Jurek/eurofirany/images/387468/1.jpg HTTP/1.1" 200 229862 "http://www.ebay.com/" "Mozilla/4.0 (compatible; MSIE 4.01; Windows NT)"
66.135.202.169 - - [24/Feb/2025:11:44:46 +0100] "GET /Jurek/eurofirany/images/429705/0.jpg HTTP/1.1" 200 55752 "-" "Java/17.0.12.0.101"
66.135.202.173 - - [24/Feb/2025:11:44:47 +0100] "GET /Jurek/eurofirany/images/459565/1.jpg HTTP/1.1" 200 64282 "http://www.ebay.com/" "Mozilla/4.0 (compatible; MSIE 4.01; Windows NT)"
66.135.202.169 - - [24/Feb/2025:11:44:47 +0100] "GET /Jurek/eurofirany/images/459565/2.jpg HTTP/1.1" 200 60417 "http://www.ebay.com/" "Mozilla/4.0 (compatible; MSIE 4.01; Windows NT)"
66.135.202.169 - - [24/Feb/2025:11:44:47 +0100] "GET /Jurek/eurofirany/images/459565/5.jpg HTTP/1.1" 200 97014 "http://www.ebay.com/" "Mozilla/4.0 (compatible; MSIE 4.01; Windows NT)"
66.135.202.172 - - [24/Feb/2025:11:44:47 +0100] "GET /Jurek/eurofirany/images/459565/0.jpg HTTP/1.1" 200 80303 "http://www.ebay.com/" "Mozilla/4.0 (compatible; MSIE 4.01; Windows NT)"
66.135.202.171 - - [24/Feb/2025:11:44:47 +0100] "GET /Jurek/eurofirany/images/459565/3.jpg HTTP/1.1" 200 163695 "http://www.ebay.com/" "Mozilla/4.0 (compatible; MSIE 4.01; Windows NT)"
66.135.202.170 - - [24/Feb/2025:11:44:47 +0100] "GET /Jurek/eurofirany/images/459565/4.jpg HTTP/1.1" 200 141954 "http://www.ebay.com/" "Mozilla/4.0 (compatible; MSIE 4.01; Windows NT)"
66.135.202.173 - - [24/Feb/2025:11:44:49 +0100] "GET /Jurek/eurofirany/images/459219/4.jpg HTTP/1.1" 200 120481 "http://www.ebay.com/" "Mozilla/4.0 (compatible; MSIE 4.01; Windows NT)"
66.135.202.172 - - [24/Feb/2025:11:44:49 +0100] "GET /Jurek/eurofirany/images/459219/1.jpg HTTP/1.1" 200 139901 "http://www.ebay.com/" "Mozilla/4.0 (compatible; MSIE 4.01; Windows NT)"
66.135.202.169 - - [24/Feb/2025:11:44:49 +0100] "GET /Jurek/eurofirany/images/459219/2.jpg HTTP/1.1" 200 117389 "http://www.ebay.com/" "Mozilla/4.0 (compatible; MSIE 4.01; Windows NT)"
66.135.202.170 - - [24/Feb/2025:11:44:49 +0100] "GET /Jurek/eurofirany/images/459219/5.jpg HTTP/1.1" 200 132138 "http://www.ebay.com/" "Mozilla/4.0 (compatible; MSIE 4.01; Windows NT)"
66.135.202.171 - - [24/Feb/2025:11:44:49 +0100] "GET /Jurek/eurofirany/images/459219/3.jpg HTTP/1.1" 200 164734 "http://www.ebay.com/" "Mozilla/4.0 (compatible; MSIE 4.01; Windows NT)"
66.135.202.172 - - [24/Feb/2025:11:44:49 +0100] "GET /Jurek/eurofirany/images/459219/0.jpg HTTP/1.1" 200 152298 "http://www.ebay.com/" "Mozilla/4.0 (compatible; MSIE 4.01; Windows NT)"
66.135.202.171 - - [24/Feb/2025:11:44:50 +0100] "GET /Jurek/eurofirany/images/459651/2.jpg HTTP/1.1" 200 92538 "http://www.ebay.com/" "Mozilla/4.0 (compatible; MSIE 4.01; Windows NT)"
66.135.202.173 - - [24/Feb/2025:11:44:50 +0100] "GET /Jurek/eurofirany/images/459651/6.jpg HTTP/1.1" 200 143000 "http://www.ebay.com/" "Mozilla/4.0 (compatible; MSIE 4.01; Windows NT)"
66.135.202.170 - - [24/Feb/2025:11:44:50 +0100] "GET /Jurek/eurofirany/images/459651/9.jpg HTTP/1.1" 200 173195 "http://www.ebay.com/" "Mozilla/4.0 (compatible; MSIE 4.01; Windows NT)"
66.135.202.170 - - [24/Feb/2025:11:44:50 +0100] "GET /Jurek/eurofirany/images/459651/7.jpg HTTP/1.1" 200 159145 "http://www.ebay.com/" "Mozilla/4.0 (compatible; MSIE 4.01; Windows NT)"
66.135.202.170 - - [24/Feb/2025:11:44:50 +0100] "GET /Jurek/eurofirany/images/459651/0.jpg HTTP/1.1" 200 136203 "http://www.ebay.com/" "Mozilla/4.0 (compatible; MSIE 4.01; Windows NT)"
66.135.202.170 - - [24/Feb/2025:11:44:50 +0100] "GET /Jurek/eurofirany/images/459651/3.jpg HTTP/1.1" 200 214051 "http://www.ebay.com/" "Mozilla/4.0 (compatible; MSIE 4.01; Windows NT)"
66.135.202.169 - - [24/Feb/2025:11:44:50 +0100] "GET /Jurek/eurofirany/images/459651/1.jpg HTTP/1.1" 200 228098 "http://www.ebay.com/" "Mozilla/4.0 (compatible; MSIE 4.01; Windows NT)"
66.135.202.172 - - [24/Feb/2025:11:44:50 +0100] "GET /Jurek/eurofirany/images/459651/5.jpg HTTP/1.1" 200 217426 "http://www.ebay.com/" "Mozilla/4.0 (compatible; MSIE 4.01; Windows NT)"
66.135.202.170 - - [24/Feb/2025:11:44:50 +0100] "GET /Jurek/eurofirany/images/459651/8.jpg HTTP/1.1" 200 173195 "http://www.ebay.com/" "Mozilla/4.0 (compatible; MSIE 4.01; Windows NT)"
66.135.202.169 - - [24/Feb/2025:11:44:51 +0100] "GET /Jurek/eurofirany/images/459651/4.jpg HTTP/1.1" 200 221538 "http://www.ebay.com/" "Mozilla/4.0 (compatible; MSIE 4.01; Windows NT)"
178.21.154.6 - - [24/Feb/2025:11:44:53 +0100] "GET /Jurek/eurofirany/images/388479/0.jpg HTTP/1.1" 200 99915 "-" "-"
34.72.247.156 - - [24/Feb/2025:11:44:53 +0100] "GET /Jurek/eurofirany/images/372634/2.jpg HTTP/1.1" 200 111483 "-" "Mozilla/5.0 (X11; Linux x86_64) AppleWebKit/537.36 (KHTML, like Gecko) Chrome/110.0.0.0 Safari/537.36"
34.72.247.156 - - [24/Feb/2025:11:44:54 +0100] "GET /Jurek/eurofirany/images/372634/3.jpg HTTP/1.1" 200 66247 "-" "Mozilla/5.0 (X11; Linux x86_64) AppleWebKit/537.36 (KHTML, like Gecko) Chrome/110.0.0.0 Safari/537.36"
34.133.239.145 - - [24/Feb/2025:11:44:55 +0100] "GET /Jurek/eurofirany/images/372634/4.jpg HTTP/1.1" 200 45454 "-" "Mozilla/5.0 (X11; Linux x86_64) AppleWebKit/537.36 (KHTML, like Gecko) Chrome/110.0.0.0 Safari/537.36"
34.133.239.145 - - [24/Feb/2025:11:44:56 +0100] "GET /Jurek/eurofirany/images/372634/5.jpg HTTP/1.1" 200 38535 "-" "Mozilla/5.0 (X11; Linux x86_64) AppleWebKit/537.36 (KHTML, like Gecko) Chrome/110.0.0.0 Safari/537.36"
34.133.239.145 - - [24/Feb/2025:11:44:56 +0100] "GET /Jurek/eurofirany/images/372634/6.jpg HTTP/1.1" 200 6595 "-" "Mozilla/5.0 (X11; Linux x86_64) AppleWebKit/537.36 (KHTML, like Gecko) Chrome/110.0.0.0 Safari/537.36"
168.91.45.227 - - [24/Feb/2025:11:45:00 +0100] "GET /Jurek/eurofirany/images/372634/6.jpg HTTP/2.0" 200 6595 "-" "Mozilla/5.0 (X11; Linux x86_64) AppleWebKit/537.36 (KHTML, like Gecko) Chrome/110.0.0.0 Safari/537.36"
66.135.202.173 - - [24/Feb/2025:11:45:01 +0100] "GET /Jurek/eurofirany/images/436634/0.jpg HTTP/1.1" 200 91114 "-" "Java/17.0.12.0.101"
66.135.202.171 - - [24/Feb/2025:11:45:01 +0100] "GET /Jurek/eurofirany/images/459656/0.jpg HTTP/1.1" 200 100232 "http://www.ebay.com/" "Mozilla/4.0 (compatible; MSIE 4.01; Windows NT)"
66.135.202.170 - - [24/Feb/2025:11:45:01 +0100] "GET /Jurek/eurofirany/images/459656/2.jpg HTTP/1.1" 200 59624 "http://www.ebay.com/" "Mozilla/4.0 (compatible; MSIE 4.01; Windows NT)"
66.135.202.170 - - [24/Feb/2025:11:45:01 +0100] "GET /Jurek/eurofirany/images/459656/8.jpg HTTP/1.1" 200 124979 "http://www.ebay.com/" "Mozilla/4.0 (compatible; MSIE 4.01; Windows NT)"
66.135.202.171 - - [24/Feb/2025:11:45:01 +0100] "GET /Jurek/eurofirany/images/459656/1.jpg HTTP/1.1" 200 136628 "http://www.ebay.com/" "Mozilla/4.0 (compatible; MSIE 4.01; Windows NT)"
66.135.202.170 - - [24/Feb/2025:11:45:01 +0100] "GET /Jurek/eurofirany/images/390902/5.jpg HTTP/1.1" 200 109579 "http://www.ebay.com/" "Mozilla/4.0 (compatible; MSIE 4.01; Windows NT)"
66.135.202.170 - - [24/Feb/2025:11:45:01 +0100] "GET /Jurek/eurofirany/images/459656/7.jpg HTTP/1.1" 200 141171 "http://www.ebay.com/" "Mozilla/4.0 (compatible; MSIE 4.01; Windows NT)"
66.135.202.172 - - [24/Feb/2025:11:45:01 +0100] "GET /Jurek/eurofirany/images/390902/4.jpg HTTP/1.1" 200 115772 "http://www.ebay.com/" "Mozilla/4.0 (compatible; MSIE 4.01; Windows NT)"
66.135.202.173 - - [24/Feb/2025:11:45:01 +0100] "GET /Jurek/eurofirany/images/390902/6.jpg HTTP/1.1" 200 109579 "http://www.ebay.com/" "Mozilla/4.0 (compatible; MSIE 4.01; Windows NT)"
66.135.202.172 - - [24/Feb/2025:11:45:01 +0100] "GET /Jurek/eurofirany/images/459656/6.jpg HTTP/1.1" 200 135856 "http://www.ebay.com/" "Mozilla/4.0 (compatible; MSIE 4.01; Windows NT)"
66.135.202.171 - - [24/Feb/2025:11:45:01 +0100] "GET /Jurek/eurofirany/images/390902/0.jpg HTTP/1.1" 200 150969 "http://www.ebay.com/" "Mozilla/4.0 (compatible; MSIE 4.01; Windows NT)"
66.135.202.169 - - [24/Feb/2025:11:45:01 +0100] "GET /Jurek/eurofirany/images/459656/3.jpg HTTP/1.1" 200 169267 "http://www.ebay.com/" "Mozilla/4.0 (compatible; MSIE 4.01; Windows NT)"
66.135.202.173 - - [24/Feb/2025:11:45:01 +0100] "GET /Jurek/eurofirany/images/459656/9.jpg HTTP/1.1" 200 171714 "http://www.ebay.com/" "Mozilla/4.0 (compatible; MSIE 4.01; Windows NT)"
66.135.202.172 - - [24/Feb/2025:11:45:01 +0100] "GET /Jurek/eurofirany/images/459656/10.jpg HTTP/1.1" 200 162854 "http://www.ebay.com/" "Mozilla/4.0 (compatible; MSIE 4.01; Windows NT)"
66.135.202.169 - - [24/Feb/2025:11:45:02 +0100] "GET /Jurek/eurofirany/images/390902/3.jpg HTTP/1.1" 200 159355 "http://www.ebay.com/" "Mozilla/4.0 (compatible; MSIE 4.01; Windows NT)"
66.135.202.170 - - [24/Feb/2025:11:45:02 +0100] "GET /Jurek/eurofirany/images/459656/4.jpg HTTP/1.1" 200 214003 "http://www.ebay.com/" "Mozilla/4.0 (compatible; MSIE 4.01; Windows NT)"
66.135.202.169 - - [24/Feb/2025:11:45:02 +0100] "GET /Jurek/eurofirany/images/459656/5.jpg HTTP/1.1" 200 179797 "http://www.ebay.com/" "Mozilla/4.0 (compatible; MSIE 4.01; Windows NT)"
66.135.202.170 - - [24/Feb/2025:11:45:02 +0100] "GET /Jurek/eurofirany/images/390902/1.jpg HTTP/1.1" 200 238231 "http://www.ebay.com/" "Mozilla/4.0 (compatible; MSIE 4.01; Windows NT)"
66.135.202.171 - - [24/Feb/2025:11:45:02 +0100] "GET /Jurek/eurofirany/images/390902/2.jpg HTTP/1.1" 200 218944 "http://www.ebay.com/" "Mozilla/4.0 (compatible; MSIE 4.01; Windows NT)"
66.135.202.71 - - [24/Feb/2025:11:45:03 +0100] "GET /Jurek/eurofirany/images/420744/0.jpg HTTP/1.1" 200 35765 "http://www.ebay.com/" "Mozilla/4.0 (compatible; MSIE 4.01; Windows NT)"
66.135.202.73 - - [24/Feb/2025:11:45:03 +0100] "GET /Jurek/eurofirany/images/420744/1.jpg HTTP/1.1" 200 46632 "http://www.ebay.com/" "Mozilla/4.0 (compatible; MSIE 4.01; Windows NT)"
66.135.202.75 - - [24/Feb/2025:11:45:03 +0100] "GET /Jurek/eurofirany/images/420744/5.jpg HTTP/1.1" 200 80968 "http://www.ebay.com/" "Mozilla/4.0 (compatible; MSIE 4.01; Windows NT)"
66.135.202.74 - - [24/Feb/2025:11:45:03 +0100] "GET /Jurek/eurofirany/images/420744/2.jpg HTTP/1.1" 200 43026 "http://www.ebay.com/" "Mozilla/4.0 (compatible; MSIE 4.01; Windows NT)"
66.135.202.75 - - [24/Feb/2025:11:45:03 +0100] "GET /Jurek/eurofirany/images/420744/4.jpg HTTP/1.1" 200 84429 "http://www.ebay.com/" "Mozilla/4.0 (compatible; MSIE 4.01; Windows NT)"
66.135.202.74 - - [24/Feb/2025:11:45:03 +0100] "GET /Jurek/eurofirany/images/420744/6.jpg HTTP/1.1" 200 61675 "http://www.ebay.com/" "Mozilla/4.0 (compatible; MSIE 4.01; Windows NT)"
66.135.202.74 - - [24/Feb/2025:11:45:03 +0100] "GET /Jurek/eurofirany/images/420744/7.jpg HTTP/1.1" 200 87284 "http://www.ebay.com/" "Mozilla/4.0 (compatible; MSIE 4.01; Windows NT)"
66.135.202.72 - - [24/Feb/2025:11:45:03 +0100] "GET /Jurek/eurofirany/images/420744/3.jpg HTTP/1.1" 200 163127 "http://www.ebay.com/" "Mozilla/4.0 (compatible; MSIE 4.01; Windows NT)"
168.91.11.177 - - [24/Feb/2025:11:45:05 +0100] "GET /Jurek/eurofirany/images/372634/6.jpg HTTP/2.0" 200 6595 "-" "Mozilla/5.0 (X11; Linux x86_64) AppleWebKit/537.36 (KHTML, like Gecko) Chrome/110.0.0.0 Safari/537.36"
66.135.202.170 - - [24/Feb/2025:11:45:05 +0100] "GET /Jurek/eurofirany/images/459660/2.jpg HTTP/1.1" 200 99564 "http://www.ebay.com/" "Mozilla/4.0 (compatible; MSIE 4.01; Windows NT)"
34.133.239.145 - - [24/Feb/2025:11:45:06 +0100] "GET /Jurek/eurofirany/images/372634/0.jpg HTTP/1.1" 200 60417 "-" "Mozilla/5.0 (X11; Linux x86_64) AppleWebKit/537.36 (KHTML, like Gecko) Chrome/110.0.0.0 Safari/537.36"
66.135.202.173 - - [24/Feb/2025:11:45:06 +0100] "GET /Jurek/eurofirany/images/459660/0.jpg HTTP/1.1" 200 167145 "http://www.ebay.com/" "Mozilla/4.0 (compatible; MSIE 4.01; Windows NT)"
66.135.202.170 - - [24/Feb/2025:11:45:06 +0100] "GET /Jurek/eurofirany/images/459660/6.jpg HTTP/1.1" 200 185555 "http://www.ebay.com/" "Mozilla/4.0 (compatible; MSIE 4.01; Windows NT)"
66.135.202.169 - - [24/Feb/2025:11:45:06 +0100] "GET /Jurek/eurofirany/images/459660/7.jpg HTTP/1.1" 200 181936 "http://www.ebay.com/" "Mozilla/4.0 (compatible; MSIE 4.01; Windows NT)"
66.135.202.171 - - [24/Feb/2025:11:45:06 +0100] "GET /Jurek/eurofirany/images/459660/1.jpg HTTP/1.1" 200 267404 "http://www.ebay.com/" "Mozilla/4.0 (compatible; MSIE 4.01; Windows NT)"
66.135.202.170 - - [24/Feb/2025:11:45:06 +0100] "GET /Jurek/eurofirany/images/459660/8.jpg HTTP/1.1" 200 240200 "http://www.ebay.com/" "Mozilla/4.0 (compatible; MSIE 4.01; Windows NT)"
66.135.202.170 - - [24/Feb/2025:11:45:06 +0100] "GET /Jurek/eurofirany/images/459660/5.jpg HTTP/1.1" 200 271991 "http://www.ebay.com/" "Mozilla/4.0 (compatible; MSIE 4.01; Windows NT)"
66.135.202.169 - - [24/Feb/2025:11:45:06 +0100] "GET /Jurek/eurofirany/images/459660/4.jpg HTTP/1.1" 200 360760 "http://www.ebay.com/" "Mozilla/4.0 (compatible; MSIE 4.01; Windows NT)"
66.135.202.170 - - [24/Feb/2025:11:45:06 +0100] "GET /Jurek/eurofirany/images/459660/9.jpg HTTP/1.1" 200 240200 "http://www.ebay.com/" "Mozilla/4.0 (compatible; MSIE 4.01; Windows NT)"
66.135.202.170 - - [24/Feb/2025:11:45:07 +0100] "GET /Jurek/eurofirany/images/408708/0.jpg HTTP/1.1" 200 118573 "http://www.ebay.com/" "Mozilla/4.0 (compatible; MSIE 4.01; Windows NT)"
66.135.202.170 - - [24/Feb/2025:11:45:07 +0100] "GET /Jurek/eurofirany/images/408708/2.jpg HTTP/1.1" 200 105698 "http://www.ebay.com/" "Mozilla/4.0 (compatible; MSIE 4.01; Windows NT)"
66.135.202.169 - - [24/Feb/2025:11:45:07 +0100] "GET /Jurek/eurofirany/images/408708/3.jpg HTTP/1.1" 200 105698 "http://www.ebay.com/" "Mozilla/4.0 (compatible; MSIE 4.01; Windows NT)"
66.135.202.173 - - [24/Feb/2025:11:45:07 +0100] "GET /Jurek/eurofirany/images/408708/1.jpg HTTP/1.1" 200 151301 "http://www.ebay.com/" "Mozilla/4.0 (compatible; MSIE 4.01; Windows NT)"
66.135.202.170 - - [24/Feb/2025:11:45:07 +0100] "GET /Jurek/eurofirany/images/459660/3.jpg HTTP/1.1" 200 253406 "http://www.ebay.com/" "Mozilla/4.0 (compatible; MSIE 4.01; Windows NT)"
66.135.202.172 - - [24/Feb/2025:11:45:12 +0100] "GET /Jurek/eurofirany/images/436598/0.jpg HTTP/1.1" 200 188101 "-" "Java/17.0.12.0.101"
66.135.202.72 - - [24/Feb/2025:11:45:14 +0100] "GET /Jurek/eurofirany/images/459549/0.jpg HTTP/1.1" 200 60022 "http://www.ebay.com/" "Mozilla/4.0 (compatible; MSIE 4.01; Windows NT)"
66.135.202.73 - - [24/Feb/2025:11:45:14 +0100] "GET /Jurek/eurofirany/images/459549/1.jpg HTTP/1.1" 200 42471 "http://www.ebay.com/" "Mozilla/4.0 (compatible; MSIE 4.01; Windows NT)"
66.135.202.74 - - [24/Feb/2025:11:45:14 +0100] "GET /Jurek/eurofirany/images/459549/2.jpg HTTP/1.1" 200 35199 "http://www.ebay.com/" "Mozilla/4.0 (compatible; MSIE 4.01; Windows NT)"
66.135.202.74 - - [24/Feb/2025:11:45:14 +0100] "GET /Jurek/eurofirany/images/459549/5.jpg HTTP/1.1" 200 57381 "http://www.ebay.com/" "Mozilla/4.0 (compatible; MSIE 4.01; Windows NT)"
66.135.202.73 - - [24/Feb/2025:11:45:14 +0100] "GET /Jurek/eurofirany/images/459549/3.jpg HTTP/1.1" 200 61174 "http://www.ebay.com/" "Mozilla/4.0 (compatible; MSIE 4.01; Windows NT)"
66.135.202.73 - - [24/Feb/2025:11:45:14 +0100] "GET /Jurek/eurofirany/images/459549/4.jpg HTTP/1.1" 200 137227 "http://www.ebay.com/" "Mozilla/4.0 (compatible; MSIE 4.01; Windows NT)"
66.135.202.71 - - [24/Feb/2025:11:45:15 +0100] "GET /Jurek/eurofirany/images/420736/0.jpg HTTP/1.1" 200 28577 "http://www.ebay.com/" "Mozilla/4.0 (compatible; MSIE 4.01; Windows NT)"
66.135.202.73 - - [24/Feb/2025:11:45:15 +0100] "GET /Jurek/eurofirany/images/420736/1.jpg HTTP/1.1" 200 31838 "http://www.ebay.com/" "Mozilla/4.0 (compatible; MSIE 4.01; Windows NT)"
66.135.202.72 - - [24/Feb/2025:11:45:15 +0100] "GET /Jurek/eurofirany/images/420736/4.jpg HTTP/1.1" 200 78083 "http://www.ebay.com/" "Mozilla/4.0 (compatible; MSIE 4.01; Windows NT)"
66.135.202.71 - - [24/Feb/2025:11:45:15 +0100] "GET /Jurek/eurofirany/images/420736/3.jpg HTTP/1.1" 200 77532 "http://www.ebay.com/" "Mozilla/4.0 (compatible; MSIE 4.01; Windows NT)"
66.135.202.74 - - [24/Feb/2025:11:45:15 +0100] "GET /Jurek/eurofirany/images/420736/5.jpg HTTP/1.1" 200 74594 "http://www.ebay.com/" "Mozilla/4.0 (compatible; MSIE 4.01; Windows NT)"
66.135.202.74 - - [24/Feb/2025:11:45:15 +0100] "GET /Jurek/eurofirany/images/420736/2.jpg HTTP/1.1" 200 20958 "http://www.ebay.com/" "Mozilla/4.0 (compatible; MSIE 4.01; Windows NT)"
66.135.195.16 - - [24/Feb/2025:11:45:15 +0100] "GET /Jurek/eurofirany/images/458754/0.jpg HTTP/1.1" 200 107558 "http://www.ebay.com/" "Mozilla/4.0 (compatible; MSIE 4.01; Windows NT)"
66.135.195.19 - - [24/Feb/2025:11:45:15 +0100] "GET /Jurek/eurofirany/images/458754/1.jpg HTTP/1.1" 200 85875 "http://www.ebay.com/" "Mozilla/4.0 (compatible; MSIE 4.01; Windows NT)"
66.135.195.16 - - [24/Feb/2025:11:45:15 +0100] "GET /Jurek/eurofirany/images/458754/2.jpg HTTP/1.1" 200 93024 "http://www.ebay.com/" "Mozilla/4.0 (compatible; MSIE 4.01; Windows NT)"
66.135.195.19 - - [24/Feb/2025:11:45:15 +0100] "GET /Jurek/eurofirany/images/458754/4.jpg HTTP/1.1" 200 115194 "http://www.ebay.com/" "Mozilla/4.0 (compatible; MSIE 4.01; Windows NT)"
66.135.195.19 - - [24/Feb/2025:11:45:15 +0100] "GET /Jurek/eurofirany/images/458754/3.jpg HTTP/1.1" 200 145928 "http://www.ebay.com/" "Mozilla/4.0 (compatible; MSIE 4.01; Windows NT)"
66.135.202.72 - - [24/Feb/2025:11:45:15 +0100] "GET /Jurek/eurofirany/images/420736/6.jpg HTTP/1.1" 200 62813 "http://www.ebay.com/" "Mozilla/4.0 (compatible; MSIE 4.01; Windows NT)"
66.135.202.71 - - [24/Feb/2025:11:45:16 +0100] "GET /Jurek/eurofirany/images/420736/7.jpg HTTP/1.1" 200 76331 "http://www.ebay.com/" "Mozilla/4.0 (compatible; MSIE 4.01; Windows NT)"
66.135.202.170 - - [24/Feb/2025:11:45:16 +0100] "GET /Jurek/eurofirany/images/459757/0.jpg HTTP/1.1" 200 110779 "http://www.ebay.com/" "Mozilla/4.0 (compatible; MSIE 4.01; Windows NT)"
66.135.202.172 - - [24/Feb/2025:11:45:16 +0100] "GET /Jurek/eurofirany/images/459757/2.jpg HTTP/1.1" 200 70025 "http://www.ebay.com/" "Mozilla/4.0 (compatible; MSIE 4.01; Windows NT)"
66.135.202.171 - - [24/Feb/2025:11:45:16 +0100] "GET /Jurek/eurofirany/images/459757/7.jpg HTTP/1.1" 200 135753 "http://www.ebay.com/" "Mozilla/4.0 (compatible; MSIE 4.01; Windows NT)"
66.135.202.172 - - [24/Feb/2025:11:45:16 +0100] "GET /Jurek/eurofirany/images/459757/1.jpg HTTP/1.1" 200 164574 "http://www.ebay.com/" "Mozilla/4.0 (compatible; MSIE 4.01; Windows NT)"
66.135.202.171 - - [24/Feb/2025:11:45:16 +0100] "GET /Jurek/eurofirany/images/459757/8.jpg HTTP/1.1" 200 167773 "http://www.ebay.com/" "Mozilla/4.0 (compatible; MSIE 4.01; Windows NT)"
66.135.202.172 - - [24/Feb/2025:11:45:16 +0100] "GET /Jurek/eurofirany/images/459757/9.jpg HTTP/1.1" 200 167773 "http://www.ebay.com/" "Mozilla/4.0 (compatible; MSIE 4.01; Windows NT)"
66.135.202.170 - - [24/Feb/2025:11:45:16 +0100] "GET /Jurek/eurofirany/images/459757/3.jpg HTTP/1.1" 200 200814 "http://www.ebay.com/" "Mozilla/4.0 (compatible; MSIE 4.01; Windows NT)"
66.135.202.173 - - [24/Feb/2025:11:45:16 +0100] "GET /Jurek/eurofirany/images/459757/6.jpg HTTP/1.1" 200 207056 "http://www.ebay.com/" "Mozilla/4.0 (compatible; MSIE 4.01; Windows NT)"
66.135.202.171 - - [24/Feb/2025:11:45:16 +0100] "GET /Jurek/eurofirany/images/459757/4.jpg HTTP/1.1" 200 216665 "http://www.ebay.com/" "Mozilla/4.0 (compatible; MSIE 4.01; Windows NT)"
66.135.202.169 - - [24/Feb/2025:11:45:16 +0100] "GET /Jurek/eurofirany/images/459757/5.jpg HTTP/1.1" 200 226361 "http://www.ebay.com/" "Mozilla/4.0 (compatible; MSIE 4.01; Windows NT)"
66.135.195.19 - - [24/Feb/2025:11:45:17 +0100] "GET /Jurek/eurofirany/images/460872/0.jpg HTTP/1.1" 200 81584 "http://www.ebay.com/" "Mozilla/4.0 (compatible; MSIE 4.01; Windows NT)"
66.135.195.16 - - [24/Feb/2025:11:45:17 +0100] "GET /Jurek/eurofirany/images/460872/2.jpg HTTP/1.1" 200 36740 "http://www.ebay.com/" "Mozilla/4.0 (compatible; MSIE 4.01; Windows NT)"
66.135.195.18 - - [24/Feb/2025:11:45:17 +0100] "GET /Jurek/eurofirany/images/460872/1.jpg HTTP/1.1" 200 84742 "http://www.ebay.com/" "Mozilla/4.0 (compatible; MSIE 4.01; Windows NT)"
66.135.195.19 - - [24/Feb/2025:11:45:17 +0100] "GET /Jurek/eurofirany/images/460872/3.jpg HTTP/1.1" 200 119027 "http://www.ebay.com/" "Mozilla/4.0 (compatible; MSIE 4.01; Windows NT)"
66.135.195.20 - - [24/Feb/2025:11:45:17 +0100] "GET /Jurek/eurofirany/images/460872/8.jpg HTTP/1.1" 200 110450 "http://www.ebay.com/" "Mozilla/4.0 (compatible; MSIE 4.01; Windows NT)"
66.135.195.18 - - [24/Feb/2025:11:45:18 +0100] "GET /Jurek/eurofirany/images/460872/5.jpg HTTP/1.1" 200 143999 "http://www.ebay.com/" "Mozilla/4.0 (compatible; MSIE 4.01; Windows NT)"
66.135.195.17 - - [24/Feb/2025:11:45:18 +0100] "GET /Jurek/eurofirany/images/460872/7.jpg HTTP/1.1" 200 143360 "http://www.ebay.com/" "Mozilla/4.0 (compatible; MSIE 4.01; Windows NT)"
66.135.195.18 - - [24/Feb/2025:11:45:18 +0100] "GET /Jurek/eurofirany/images/460872/9.jpg HTTP/1.1" 200 144184 "http://www.ebay.com/" "Mozilla/4.0 (compatible; MSIE 4.01; Windows NT)"
66.135.195.19 - - [24/Feb/2025:11:45:18 +0100] "GET /Jurek/eurofirany/images/460872/4.jpg HTTP/1.1" 200 216278 "http://www.ebay.com/" "Mozilla/4.0 (compatible; MSIE 4.01; Windows NT)"
66.135.195.16 - - [24/Feb/2025:11:45:18 +0100] "GET /Jurek/eurofirany/images/460872/6.jpg HTTP/1.1" 200 241355 "http://www.ebay.com/" "Mozilla/4.0 (compatible; MSIE 4.01; Windows NT)"
193.33.8.61 - - [24/Feb/2025:11:45:19 +0100] "GET /Jurek/drewdon/output.txt HTTP/2.0" 200 5690 "https://konsola.dkkapusta1997.usermd.net/" "Mozilla/5.0 (Windows NT 10.0; Win64; x64) AppleWebKit/537.36 (KHTML, like Gecko) Chrome/133.0.0.0 Safari/537.36"
66.135.195.18 - - [24/Feb/2025:11:45:20 +0100] "GET /Jurek/eurofirany/images/436659/0.jpg HTTP/1.1" 200 205497 "-" "Java/17.0.12.0.101"
34.133.239.145 - - [24/Feb/2025:11:45:21 +0100] "GET /Jurek/eurofirany/images/372976/5.jpg HTTP/1.1" 200 45439 "-" "Mozilla/5.0 (X11; Linux x86_64) AppleWebKit/537.36 (KHTML, like Gecko) Chrome/110.0.0.0 Safari/537.36"
66.135.195.20 - - [24/Feb/2025:11:45:21 +0100] "GET /Jurek/eurofirany/images/423203/0.jpg HTTP/1.1" 200 0 "-" "Java/17.0.12.0.101"
34.72.247.156 - - [24/Feb/2025:11:45:21 +0100] "GET /Jurek/eurofirany/images/372976/6.jpg HTTP/1.1" 200 6595 "-" "Mozilla/5.0 (X11; Linux x86_64) AppleWebKit/537.36 (KHTML, like Gecko) Chrome/110.0.0.0 Safari/537.36"
66.135.202.173 - - [24/Feb/2025:11:45:21 +0100] "GET /Jurek/eurofirany/images/440415/0.jpg HTTP/1.1" 200 130261 "-" "Java/17.0.12.0.101"
66.135.195.17 - - [24/Feb/2025:11:45:22 +0100] "GET /Jurek/eurofirany/images/440406/0.jpg HTTP/1.1" 200 104437 "-" "Java/17.0.12.0.101"
66.135.195.20 - - [24/Feb/2025:11:45:22 +0100] "GET /Jurek/eurofirany/images/378049/0.jpg HTTP/1.1" 200 116833 "http://www.ebay.com/" "Mozilla/4.0 (compatible; MSIE 4.01; Windows NT)"
66.135.195.16 - - [24/Feb/2025:11:45:22 +0100] "GET /Jurek/eurofirany/images/378049/2.jpg HTTP/1.1" 200 88894 "http://www.ebay.com/" "Mozilla/4.0 (compatible; MSIE 4.01; Windows NT)"
66.135.195.18 - - [24/Feb/2025:11:45:22 +0100] "GET /Jurek/eurofirany/images/378049/3.jpg HTTP/1.1" 200 75287 "http://www.ebay.com/" "Mozilla/4.0 (compatible; MSIE 4.01; Windows NT)"
66.135.195.17 - - [24/Feb/2025:11:45:22 +0100] "GET /Jurek/eurofirany/images/378049/5.jpg HTTP/1.1" 200 33 "http://www.ebay.com/" "Mozilla/4.0 (compatible; MSIE 4.01; Windows NT)"
66.135.195.18 - - [24/Feb/2025:11:45:22 +0100] "GET /Jurek/eurofirany/images/378049/6.jpg HTTP/1.1" 200 33 "http://www.ebay.com/" "Mozilla/4.0 (compatible; MSIE 4.01; Windows NT)"
