66.135.195.17 - - [24/Feb/2025:11:45:22 +0100] "GET /Jurek/eurofirany/images/378049/1.jpg HTTP/1.1" 200 144080 "http://www.ebay.com/" "Mozilla/4.0 (compatible; MSIE 4.01; Windows NT)"
66.135.195.16 - - [24/Feb/2025:11:45:22 +0100] "GET /Jurek/eurofirany/images/378049/4.jpg HTTP/1.1" 200 164946 "http://www.ebay.com/" "Mozilla/4.0 (compatible; MSIE 4.01; Windows NT)"
193.33.8.61 - - [24/Feb/2025:11:45:23 +0100] "GET /Jurek/pupus/feeds/pupus_zero.xml HTTP/2.0" 200 6153462 "https://konsola.dkkapusta1997.usermd.net/" "Mozilla/5.0 (Windows NT 10.0; Win64; x64) AppleWebKit/537.36 (KHTML, like Gecko) Chrome/133.0.0.0 Safari/537.36"
167.160.75.168 - - [24/Feb/2025:11:45:25 +0100] "GET /Jurek/eurofirany/images/372976/6.jpg HTTP/2.0" 200 6595 "-" "Mozilla/5.0 (X11; Linux x86_64) AppleWebKit/537.36 (KHTML, like Gecko) Chrome/110.0.0.0 Safari/537.36"
66.135.195.17 - - [24/Feb/2025:11:45:26 +0100] "GET /Jurek/eurofirany/images/440530/0.jpg HTTP/1.1" 200 169157 "-" "Java/17.0.12.0.101"
66.135.195.19 - - [24/Feb/2025:11:45:26 +0100] "GET /Jurek/eurofirany/images/40891/0.jpg HTTP/1.1" 200 209941 "-" "Java/17.0.12.0.101"
66.135.195.20 - - [24/Feb/2025:11:45:26 +0100] "GET /Jurek/eurofirany/images/452763/0.jpg HTTP/1.1" 200 71884 "-" "Java/17.0.12.0.101"
66.135.195.16 - - [24/Feb/2025:11:45:27 +0100] "GET /Jurek/eurofirany/images/454745/0.jpg HTTP/1.1" 200 165251 "-" "Java/17.0.12.0.101"
77.79.248.229 - - [24/Feb/2025:11:45:28 +0100] "GET /Jurek/pupus/feeds/pupus_zero.xml HTTP/1.1" 200 6153462 "-" "Python-urllib/3.11"
66.135.202.169 - - [24/Feb/2025:11:45:28 +0100] "GET /Jurek/topeshop/downloaded_images/5904507209193_profilWieDUOKaszmir.jpg HTTP/1.1" 200 23168 "http://www.ebay.com/" "Mozilla/4.0 (compatible; MSIE 4.01; Windows NT)"
66.135.202.170 - - [24/Feb/2025:11:45:28 +0100] "GET /Jurek/topeshop/downloaded_images/5904507209193_Duowieszakbry%C5%82ka(7).jpg HTTP/1.1" 200 43981 "http://www.ebay.com/" "Mozilla/4.0 (compatible; MSIE 4.01; Windows NT)"
66.135.202.172 - - [24/Feb/2025:11:45:28 +0100] "GET /Jurek/topeshop/downloaded_images/5904507209193_wizuKAszmirDuoWIeszak(1).jpg HTTP/1.1" 200 84748 "http://www.ebay.com/" "Mozilla/4.0 (compatible; MSIE 4.01; Windows NT)"
66.135.202.169 - - [24/Feb/2025:11:45:28 +0100] "GET /Jurek/topeshop/downloaded_images/5904507209193_wizuKAszmirDuoWIeszak(2).jpg HTTP/1.1" 200 100199 "http://www.ebay.com/" "Mozilla/4.0 (compatible; MSIE 4.01; Windows NT)"
66.135.202.173 - - [24/Feb/2025:11:45:28 +0100] "GET /Jurek/topeshop/downloaded_images/5904507209193_wizuKAszmirDuoWIeszak(3).jpg HTTP/1.1" 200 103654 "http://www.ebay.com/" "Mozilla/4.0 (compatible; MSIE 4.01; Windows NT)"
66.135.202.171 - - [24/Feb/2025:11:45:28 +0100] "GET /Jurek/topeshop/downloaded_images/5904507209193_wizuKAszmirDuoWIeszak(4).jpg HTTP/1.1" 200 81332 "http://www.ebay.com/" "Mozilla/4.0 (compatible; MSIE 4.01; Windows NT)"
66.135.202.173 - - [24/Feb/2025:11:45:28 +0100] "GET /Jurek/topeshop/downloaded_images/5904507209193_Duowieszakbry%C5%82ka(3).jpg HTTP/1.1" 200 43572 "http://www.ebay.com/" "Mozilla/4.0 (compatible; MSIE 4.01; Windows NT)"
66.135.202.171 - - [24/Feb/2025:11:45:28 +0100] "GET /Jurek/topeshop/downloaded_images/5904507209193_Duowieszakbry%C5%82ka(1).jpg HTTP/1.1" 200 35223 "http://www.ebay.com/" "Mozilla/4.0 (compatible; MSIE 4.01; Windows NT)"
34.72.247.156 - - [24/Feb/2025:11:45:28 +0100] "GET /Jurek/eurofirany/images/372659/1.jpg HTTP/1.1" 200 50157 "-" "Mozilla/5.0 (X11; Linux x86_64) AppleWebKit/537.36 (KHTML, like Gecko) Chrome/110.0.0.0 Safari/537.36"
66.135.202.170 - - [24/Feb/2025:11:45:28 +0100] "GET /Jurek/eurofirany/images/440537/0.jpg HTTP/1.1" 200 114103 "-" "Java/17.0.12.0.101"
34.133.239.145 - - [24/Feb/2025:11:45:29 +0100] "GET /Jurek/eurofirany/images/372964/6.jpg HTTP/1.1" 200 6595 "-" "Mozilla/5.0 (X11; Linux x86_64) AppleWebKit/537.36 (KHTML, like Gecko) Chrome/110.0.0.0 Safari/537.36"
34.72.247.156 - - [24/Feb/2025:11:45:29 +0100] "GET /Jurek/eurofirany/images/372651/1.jpg HTTP/1.1" 200 51389 "-" "Mozilla/5.0 (X11; Linux x86_64) AppleWebKit/537.36 (KHTML, like Gecko) Chrome/110.0.0.0 Safari/537.36"
34.72.247.156 - - [24/Feb/2025:11:45:29 +0100] "GET /Jurek/eurofirany/images/372659/2.jpg HTTP/1.1" 200 204201 "-" "Mozilla/5.0 (X11; Linux x86_64) AppleWebKit/537.36 (KHTML, like Gecko) Chrome/110.0.0.0 Safari/537.36"
66.135.202.74 - - [24/Feb/2025:11:45:29 +0100] "GET /Jurek/eurofirany/images/463371/3.jpg HTTP/1.1" 200 126628 "http://www.ebay.com/" "Mozilla/4.0 (compatible; MSIE 4.01; Windows NT)"
66.135.202.74 - - [24/Feb/2025:11:45:29 +0100] "GET /Jurek/eurofirany/images/463371/1.jpg HTTP/1.1" 200 68087 "http://www.ebay.com/" "Mozilla/4.0 (compatible; MSIE 4.01; Windows NT)"
66.135.202.73 - - [24/Feb/2025:11:45:29 +0100] "GET /Jurek/eurofirany/images/463371/0.jpg HTTP/1.1" 200 126895 "http://www.ebay.com/" "Mozilla/4.0 (compatible; MSIE 4.01; Windows NT)"
66.135.202.72 - - [24/Feb/2025:11:45:29 +0100] "GET /Jurek/eurofirany/images/463371/2.jpg HTTP/1.1" 200 128666 "http://www.ebay.com/" "Mozilla/4.0 (compatible; MSIE 4.01; Windows NT)"
66.135.195.17 - - [24/Feb/2025:11:45:29 +0100] "GET /Jurek/eurofirany/images/440408/0.jpg HTTP/1.1" 200 118533 "-" "Java/17.0.12.0.101"
66.135.195.17 - - [24/Feb/2025:11:45:29 +0100] "GET /Jurek/eurofirany/images/458764/1.jpg HTTP/1.1" 200 95406 "http://www.ebay.com/" "Mozilla/4.0 (compatible; MSIE 4.01; Windows NT)"
66.135.195.20 - - [24/Feb/2025:11:45:30 +0100] "GET /Jurek/eurofirany/images/458764/2.jpg HTTP/1.1" 200 87985 "http://www.ebay.com/" "Mozilla/4.0 (compatible; MSIE 4.01; Windows NT)"
66.135.195.16 - - [24/Feb/2025:11:45:30 +0100] "GET /Jurek/eurofirany/images/458764/0.jpg HTTP/1.1" 200 135167 "http://www.ebay.com/" "Mozilla/4.0 (compatible; MSIE 4.01; Windows NT)"
66.135.195.18 - - [24/Feb/2025:11:45:30 +0100] "GET /Jurek/eurofirany/images/458764/3.jpg HTTP/1.1" 200 96674 "http://www.ebay.com/" "Mozilla/4.0 (compatible; MSIE 4.01; Windows NT)"
34.133.239.145 - - [24/Feb/2025:11:45:30 +0100] "GET /Jurek/eurofirany/images/372651/2.jpg HTTP/1.1" 200 218484 "-" "Mozilla/5.0 (X11; Linux x86_64) AppleWebKit/537.36 (KHTML, like Gecko) Chrome/110.0.0.0 Safari/537.36"
66.135.195.17 - - [24/Feb/2025:11:45:30 +0100] "GET /Jurek/eurofirany/images/458764/5.jpg HTTP/1.1" 200 146727 "http://www.ebay.com/" "Mozilla/4.0 (compatible; MSIE 4.01; Windows NT)"
34.72.247.156 - - [24/Feb/2025:11:45:30 +0100] "GET /Jurek/eurofirany/images/372982/1.jpg HTTP/1.1" 200 56235 "-" "Mozilla/5.0 (X11; Linux x86_64) AppleWebKit/537.36 (KHTML, like Gecko) Chrome/110.0.0.0 Safari/537.36"
34.133.239.145 - - [24/Feb/2025:11:45:30 +0100] "GET /Jurek/eurofirany/images/372651/3.jpg HTTP/1.1" 200 115729 "-" "Mozilla/5.0 (X11; Linux x86_64) AppleWebKit/537.36 (KHTML, like Gecko) Chrome/110.0.0.0 Safari/537.36"
66.135.195.20 - - [24/Feb/2025:11:45:30 +0100] "GET /Jurek/eurofirany/images/458764/4.jpg HTTP/1.1" 200 179905 "http://www.ebay.com/" "Mozilla/4.0 (compatible; MSIE 4.01; Windows NT)"
34.133.239.145 - - [24/Feb/2025:11:45:30 +0100] "GET /Jurek/eurofirany/images/372651/4.jpg HTTP/1.1" 200 54965 "-" "Mozilla/5.0 (X11; Linux x86_64) AppleWebKit/537.36 (KHTML, like Gecko) Chrome/110.0.0.0 Safari/537.36"
34.133.239.145 - - [24/Feb/2025:11:45:31 +0100] "GET /Jurek/eurofirany/images/372651/5.jpg HTTP/1.1" 200 46832 "-" "Mozilla/5.0 (X11; Linux x86_64) AppleWebKit/537.36 (KHTML, like Gecko) Chrome/110.0.0.0 Safari/537.36"
34.72.247.156 - - [24/Feb/2025:11:45:31 +0100] "GET /Jurek/eurofirany/images/372982/2.jpg HTTP/1.1" 200 151027 "-" "Mozilla/5.0 (X11; Linux x86_64) AppleWebKit/537.36 (KHTML, like Gecko) Chrome/110.0.0.0 Safari/537.36"
167.160.74.90 - - [24/Feb/2025:11:45:31 +0100] "GET /Jurek/eurofirany/images/372976/6.jpg HTTP/2.0" 200 6595 "-" "Mozilla/5.0 (X11; Linux x86_64) AppleWebKit/537.36 (KHTML, like Gecko) Chrome/110.0.0.0 Safari/537.36"
34.72.247.156 - - [24/Feb/2025:11:45:31 +0100] "GET /Jurek/eurofirany/images/372651/6.jpg HTTP/1.1" 200 6595 "-" "Mozilla/5.0 (X11; Linux x86_64) AppleWebKit/537.36 (KHTML, like Gecko) Chrome/110.0.0.0 Safari/537.36"
34.72.247.156 - - [24/Feb/2025:11:45:31 +0100] "GET /Jurek/eurofirany/images/372640/1.jpg HTTP/1.1" 200 41854 "-" "Mozilla/5.0 (X11; Linux x86_64) AppleWebKit/537.36 (KHTML, like Gecko) Chrome/110.0.0.0 Safari/537.36"
104.252.30.44 - - [24/Feb/2025:11:45:32 +0100] "GET /Jurek/eurofirany/images/372964/6.jpg HTTP/2.0" 200 6595 "-" "Mozilla/5.0 (X11; Linux x86_64) AppleWebKit/537.36 (KHTML, like Gecko) Chrome/110.0.0.0 Safari/537.36"
34.72.247.156 - - [24/Feb/2025:11:45:32 +0100] "GET /Jurek/eurofirany/images/372976/0.jpg HTTP/1.1" 200 69040 "-" "Mozilla/5.0 (X11; Linux x86_64) AppleWebKit/537.36 (KHTML, like Gecko) Chrome/110.0.0.0 Safari/537.36"
34.72.247.156 - - [24/Feb/2025:11:45:32 +0100] "GET /Jurek/eurofirany/images/372640/2.jpg HTTP/1.1" 200 116450 "-" "Mozilla/5.0 (X11; Linux x86_64) AppleWebKit/537.36 (KHTML, like Gecko) Chrome/110.0.0.0 Safari/537.36"
66.135.195.19 - - [24/Feb/2025:11:45:32 +0100] "GET /Jurek/eurofirany/images/458039/0.jpg HTTP/1.1" 200 116381 "-" "Java/17.0.12.0.101"
34.72.247.156 - - [24/Feb/2025:11:45:32 +0100] "GET /Jurek/eurofirany/images/372982/3.jpg HTTP/1.1" 200 121224 "-" "Mozilla/5.0 (X11; Linux x86_64) AppleWebKit/537.36 (KHTML, like Gecko) Chrome/110.0.0.0 Safari/537.36"
66.135.195.20 - - [24/Feb/2025:11:45:33 +0100] "GET /Jurek/eurofirany/images/387454/0.jpg HTTP/1.1" 200 191792 "-" "Java/17.0.12.0.101"
34.133.239.145 - - [24/Feb/2025:11:45:33 +0100] "GET /Jurek/eurofirany/images/372640/3.jpg HTTP/1.1" 200 69681 "-" "Mozilla/5.0 (X11; Linux x86_64) AppleWebKit/537.36 (KHTML, like Gecko) Chrome/110.0.0.0 Safari/537.36"
34.133.239.145 - - [24/Feb/2025:11:45:33 +0100] "GET /Jurek/eurofirany/images/372982/4.jpg HTTP/1.1" 200 56739 "-" "Mozilla/5.0 (X11; Linux x86_64) AppleWebKit/537.36 (KHTML, like Gecko) Chrome/110.0.0.0 Safari/537.36"
34.133.239.145 - - [24/Feb/2025:11:45:33 +0100] "GET /Jurek/eurofirany/images/372635/2.jpg HTTP/1.1" 200 111483 "-" "Mozilla/5.0 (X11; Linux x86_64) AppleWebKit/537.36 (KHTML, like Gecko) Chrome/110.0.0.0 Safari/537.36"
34.133.239.145 - - [24/Feb/2025:11:45:33 +0100] "GET /Jurek/eurofirany/images/372640/4.jpg HTTP/1.1" 200 44589 "-" "Mozilla/5.0 (X11; Linux x86_64) AppleWebKit/537.36 (KHTML, like Gecko) Chrome/110.0.0.0 Safari/537.36"
66.135.202.172 - - [24/Feb/2025:11:45:34 +0100] "GET /Jurek/eurofirany/images/459211/2.jpg HTTP/1.1" 200 118962 "http://www.ebay.com/" "Mozilla/4.0 (compatible; MSIE 4.01; Windows NT)"
34.133.239.145 - - [24/Feb/2025:11:45:34 +0100] "GET /Jurek/eurofirany/images/372982/5.jpg HTTP/1.1" 200 48435 "-" "Mozilla/5.0 (X11; Linux x86_64) AppleWebKit/537.36 (KHTML, like Gecko) Chrome/110.0.0.0 Safari/537.36"
66.135.202.172 - - [24/Feb/2025:11:45:34 +0100] "GET /Jurek/eurofirany/images/459211/1.jpg HTTP/1.1" 200 139836 "http://www.ebay.com/" "Mozilla/4.0 (compatible; MSIE 4.01; Windows NT)"
66.135.202.169 - - [24/Feb/2025:11:45:34 +0100] "GET /Jurek/eurofirany/images/459211/4.jpg HTTP/1.1" 200 141150 "http://www.ebay.com/" "Mozilla/4.0 (compatible; MSIE 4.01; Windows NT)"
34.133.239.145 - - [24/Feb/2025:11:45:34 +0100] "GET /Jurek/eurofirany/images/372640/5.jpg HTTP/1.1" 200 39338 "-" "Mozilla/5.0 (X11; Linux x86_64) AppleWebKit/537.36 (KHTML, like Gecko) Chrome/110.0.0.0 Safari/537.36"
66.135.202.171 - - [24/Feb/2025:11:45:34 +0100] "GET /Jurek/eurofirany/images/459211/0.jpg HTTP/1.1" 200 157255 "http://www.ebay.com/" "Mozilla/4.0 (compatible; MSIE 4.01; Windows NT)"
34.133.239.145 - - [24/Feb/2025:11:45:34 +0100] "GET /Jurek/eurofirany/images/372982/6.jpg HTTP/1.1" 200 6595 "-" "Mozilla/5.0 (X11; Linux x86_64) AppleWebKit/537.36 (KHTML, like Gecko) Chrome/110.0.0.0 Safari/537.36"
66.135.202.172 - - [24/Feb/2025:11:45:34 +0100] "GET /Jurek/eurofirany/images/459211/5.jpg HTTP/1.1" 200 161485 "http://www.ebay.com/" "Mozilla/4.0 (compatible; MSIE 4.01; Windows NT)"
34.133.239.145 - - [24/Feb/2025:11:45:34 +0100] "GET /Jurek/eurofirany/images/372635/3.jpg HTTP/1.1" 200 66247 "-" "Mozilla/5.0 (X11; Linux x86_64) AppleWebKit/537.36 (KHTML, like Gecko) Chrome/110.0.0.0 Safari/537.36"
66.135.202.173 - - [24/Feb/2025:11:45:34 +0100] "GET /Jurek/eurofirany/images/459211/3.jpg HTTP/1.1" 200 177561 "http://www.ebay.com/" "Mozilla/4.0 (compatible; MSIE 4.01; Windows NT)"
34.72.247.156 - - [24/Feb/2025:11:45:34 +0100] "GET /Jurek/eurofirany/images/372640/6.jpg HTTP/1.1" 200 6595 "-" "Mozilla/5.0 (X11; Linux x86_64) AppleWebKit/537.36 (KHTML, like Gecko) Chrome/110.0.0.0 Safari/537.36"
34.133.239.145 - - [24/Feb/2025:11:45:34 +0100] "GET /Jurek/eurofirany/images/372635/4.jpg HTTP/1.1" 200 45454 "-" "Mozilla/5.0 (X11; Linux x86_64) AppleWebKit/537.36 (KHTML, like Gecko) Chrome/110.0.0.0 Safari/537.36"
34.133.239.145 - - [24/Feb/2025:11:45:35 +0100] "GET /Jurek/eurofirany/images/372635/5.jpg HTTP/1.1" 200 38535 "-" "Mozilla/5.0 (X11; Linux x86_64) AppleWebKit/537.36 (KHTML, like Gecko) Chrome/110.0.0.0 Safari/537.36"
34.72.247.156 - - [24/Feb/2025:11:45:35 +0100] "GET /Jurek/eurofirany/images/372635/6.jpg HTTP/1.1" 200 6595 "-" "Mozilla/5.0 (X11; Linux x86_64) AppleWebKit/537.36 (KHTML, like Gecko) Chrome/110.0.0.0 Safari/537.36"
34.72.247.156 - - [24/Feb/2025:11:45:36 +0100] "GET /Jurek/eurofirany/images/372964/0.jpg HTTP/1.1" 200 60417 "-" "Mozilla/5.0 (X11; Linux x86_64) AppleWebKit/537.36 (KHTML, like Gecko) Chrome/110.0.0.0 Safari/537.36"
66.135.202.74 - - [24/Feb/2025:11:45:36 +0100] "GET /Jurek/eurofirany/images/459654/3.jpg HTTP/1.1" 200 125311 "http://www.ebay.com/" "Mozilla/4.0 (compatible; MSIE 4.01; Windows NT)"
66.135.202.72 - - [24/Feb/2025:11:45:36 +0100] "GET /Jurek/eurofirany/images/459654/2.jpg HTTP/1.1" 200 43207 "http://www.ebay.com/" "Mozilla/4.0 (compatible; MSIE 4.01; Windows NT)"
66.135.202.72 - - [24/Feb/2025:11:45:36 +0100] "GET /Jurek/eurofirany/images/459654/5.jpg HTTP/1.1" 200 122005 "http://www.ebay.com/" "Mozilla/4.0 (compatible; MSIE 4.01; Windows NT)"
66.135.202.71 - - [24/Feb/2025:11:45:36 +0100] "GET /Jurek/eurofirany/images/459654/0.jpg HTTP/1.1" 200 84152 "http://www.ebay.com/" "Mozilla/4.0 (compatible; MSIE 4.01; Windows NT)"
66.135.202.75 - - [24/Feb/2025:11:45:36 +0100] "GET /Jurek/eurofirany/images/459654/6.jpg HTTP/1.1" 200 108181 "http://www.ebay.com/" "Mozilla/4.0 (compatible; MSIE 4.01; Windows NT)"
66.135.202.73 - - [24/Feb/2025:11:45:36 +0100] "GET /Jurek/eurofirany/images/459654/7.jpg HTTP/1.1" 200 117350 "http://www.ebay.com/" "Mozilla/4.0 (compatible; MSIE 4.01; Windows NT)"
66.135.202.75 - - [24/Feb/2025:11:45:36 +0100] "GET /Jurek/eurofirany/images/459654/8.jpg HTTP/1.1" 200 97080 "http://www.ebay.com/" "Mozilla/4.0 (compatible; MSIE 4.01; Windows NT)"
66.135.202.72 - - [24/Feb/2025:11:45:37 +0100] "GET /Jurek/eurofirany/images/459654/1.jpg HTTP/1.1" 200 143430 "http://www.ebay.com/" "Mozilla/4.0 (compatible; MSIE 4.01; Windows NT)"
130.44.200.131 - - [24/Feb/2025:11:45:37 +0100] "GET /Jurek/eurofirany/images/372982/6.jpg HTTP/2.0" 200 6595 "-" "Mozilla/5.0 (X11; Linux x86_64) AppleWebKit/537.36 (KHTML, like Gecko) Chrome/110.0.0.0 Safari/537.36"
66.135.195.18 - - [24/Feb/2025:11:45:37 +0100] "GET /Jurek/topeshop/downloaded_images/5902838466421_1_1.png HTTP/1.1" 200 187916 "-" "Java/17.0.12.0.101"
66.135.202.72 - - [24/Feb/2025:11:45:37 +0100] "GET /Jurek/eurofirany/images/459654/4.jpg HTTP/1.1" 200 165383 "http://www.ebay.com/" "Mozilla/4.0 (compatible; MSIE 4.01; Windows NT)"
66.135.202.72 - - [24/Feb/2025:11:45:37 +0100] "GET /Jurek/eurofirany/images/459654/11.jpg HTTP/1.1" 200 150947 "http://www.ebay.com/" "Mozilla/4.0 (compatible; MSIE 4.01; Windows NT)"
66.135.202.74 - - [24/Feb/2025:11:45:38 +0100] "GET /Jurek/eurofirany/images/459654/10.jpg HTTP/1.1" 200 150947 "http://www.ebay.com/" "Mozilla/4.0 (compatible; MSIE 4.01; Windows NT)"
66.135.202.72 - - [24/Feb/2025:11:45:38 +0100] "GET /Jurek/eurofirany/images/459654/9.jpg HTTP/1.1" 200 156666 "http://www.ebay.com/" "Mozilla/4.0 (compatible; MSIE 4.01; Windows NT)"
34.72.247.156 - - [24/Feb/2025:11:45:38 +0100] "GET /Jurek/eurofirany/images/372659/3.jpg HTTP/1.1" 200 114704 "-" "Mozilla/5.0 (X11; Linux x86_64) AppleWebKit/537.36 (KHTML, like Gecko) Chrome/110.0.0.0 Safari/537.36"
34.72.247.156 - - [24/Feb/2025:11:45:39 +0100] "GET /Jurek/eurofirany/images/372659/4.jpg HTTP/1.1" 200 56743 "-" "Mozilla/5.0 (X11; Linux x86_64) AppleWebKit/537.36 (KHTML, like Gecko) Chrome/110.0.0.0 Safari/537.36"
34.72.247.156 - - [24/Feb/2025:11:45:40 +0100] "GET /Jurek/eurofirany/images/372651/0.jpg HTTP/1.1" 200 72110 "-" "Mozilla/5.0 (X11; Linux x86_64) AppleWebKit/537.36 (KHTML, like Gecko) Chrome/110.0.0.0 Safari/537.36"
66.135.202.173 - - [24/Feb/2025:11:45:40 +0100] "GET /Jurek/eurofirany/images/436659/2.jpg HTTP/1.1" 200 153013 "http://www.ebay.com/" "Mozilla/4.0 (compatible; MSIE 4.01; Windows NT)"
66.135.202.173 - - [24/Feb/2025:11:45:40 +0100] "GET /Jurek/eurofirany/images/436659/1.jpg HTTP/1.1" 200 158650 "http://www.ebay.com/" "Mozilla/4.0 (compatible; MSIE 4.01; Windows NT)"
66.135.202.170 - - [24/Feb/2025:11:45:40 +0100] "GET /Jurek/eurofirany/images/436659/3.jpg HTTP/1.1" 200 153013 "http://www.ebay.com/" "Mozilla/4.0 (compatible; MSIE 4.01; Windows NT)"
66.135.202.169 - - [24/Feb/2025:11:45:40 +0100] "GET /Jurek/eurofirany/images/436659/0.jpg HTTP/1.1" 200 205497 "http://www.ebay.com/" "Mozilla/4.0 (compatible; MSIE 4.01; Windows NT)"
34.133.239.145 - - [24/Feb/2025:11:45:40 +0100] "GET /Jurek/eurofirany/images/372640/0.jpg HTTP/1.1" 200 59591 "-" "Mozilla/5.0 (X11; Linux x86_64) AppleWebKit/537.36 (KHTML, like Gecko) Chrome/110.0.0.0 Safari/537.36"
66.135.202.73 - - [24/Feb/2025:11:45:41 +0100] "GET /Jurek/eurofirany/images/429707/0.jpg HTTP/1.1" 200 76982 "http://www.ebay.com/" "Mozilla/4.0 (compatible; MSIE 4.01; Windows NT)"
34.72.247.156 - - [24/Feb/2025:11:45:41 +0100] "GET /Jurek/eurofirany/images/372659/5.jpg HTTP/1.1" 200 45439 "-" "Mozilla/5.0 (X11; Linux x86_64) AppleWebKit/537.36 (KHTML, like Gecko) Chrome/110.0.0.0 Safari/537.36"
66.135.202.72 - - [24/Feb/2025:11:45:41 +0100] "GET /Jurek/eurofirany/images/429707/1.jpg HTTP/1.1" 200 149715 "http://www.ebay.com/" "Mozilla/4.0 (compatible; MSIE 4.01; Windows NT)"
34.72.247.156 - - [24/Feb/2025:11:45:41 +0100] "GET /Jurek/eurofirany/images/372982/0.jpg HTTP/1.1" 200 63261 "-" "Mozilla/5.0 (X11; Linux x86_64) AppleWebKit/537.36 (KHTML, like Gecko) Chrome/110.0.0.0 Safari/537.36"
34.72.247.156 - - [24/Feb/2025:11:45:43 +0100] "GET /Jurek/eurofirany/images/372659/6.jpg HTTP/1.1" 200 6595 "-" "Mozilla/5.0 (X11; Linux x86_64) AppleWebKit/537.36 (KHTML, like Gecko) Chrome/110.0.0.0 Safari/537.36"
34.72.247.156 - - [24/Feb/2025:11:45:43 +0100] "GET /Jurek/eurofirany/images/372635/0.jpg HTTP/1.1" 200 60417 "-" "Mozilla/5.0 (X11; Linux x86_64) AppleWebKit/537.36 (KHTML, like Gecko) Chrome/110.0.0.0 Safari/537.36"
193.33.8.61 - - [24/Feb/2025:11:45:44 +0100] "GET /Jurek/drewdon/feeds/drewdon_piguEX.xml HTTP/2.0" 200 504465 "https://konsola.dkkapusta1997.usermd.net/" "Mozilla/5.0 (Windows NT 10.0; Win64; x64) AppleWebKit/537.36 (KHTML, like Gecko) Chrome/133.0.0.0 Safari/537.36"
66.135.202.75 - - [24/Feb/2025:11:45:44 +0100] "GET /Jurek/eurofirany/images/436598/1.jpg HTTP/1.1" 200 140330 "http://www.ebay.com/" "Mozilla/4.0 (compatible; MSIE 4.01; Windows NT)"
66.135.202.71 - - [24/Feb/2025:11:45:45 +0100] "GET /Jurek/eurofirany/images/436598/0.jpg HTTP/1.1" 200 188101 "http://www.ebay.com/" "Mozilla/4.0 (compatible; MSIE 4.01; Windows NT)"
66.135.202.74 - - [24/Feb/2025:11:45:45 +0100] "GET /Jurek/eurofirany/images/436598/3.jpg HTTP/1.1" 200 181799 "http://www.ebay.com/" "Mozilla/4.0 (compatible; MSIE 4.01; Windows NT)"
66.135.202.71 - - [24/Feb/2025:11:45:45 +0100] "GET /Jurek/eurofirany/images/436598/2.jpg HTTP/1.1" 200 181799 "http://www.ebay.com/" "Mozilla/4.0 (compatible; MSIE 4.01; Windows NT)"
34.133.239.145 - - [24/Feb/2025:11:45:49 +0100] "GET /Jurek/eurofirany/images/372659/0.jpg HTTP/1.1" 200 69040 "-" "Mozilla/5.0 (X11; Linux x86_64) AppleWebKit/537.36 (KHTML, like Gecko) Chrome/110.0.0.0 Safari/537.36"
89.161.206.59 - - [24/Feb/2025:11:45:50 +0100] "GET /Jurek/kambukka/feeds/kambukka_amazones.xml HTTP/1.0" 200 1043791 "-" "-"
89.161.206.59 - - [24/Feb/2025:11:45:50 +0100] "GET /Jurek/waks/feeds/waks_amazonde.xml HTTP/1.0" 200 6332840 "-" "-"
89.161.206.59 - - [24/Feb/2025:11:45:50 +0100] "GET /Jurek/waks/feeds/waks_amazonfr.xml HTTP/1.0" 200 6332861 "-" "-"
89.161.206.59 - - [24/Feb/2025:11:45:51 +0100] "GET /Jurek/waks/feeds/waks_amazonse.xml HTTP/1.0" 200 6335329 "-" "-"
89.161.206.59 - - [24/Feb/2025:11:45:51 +0100] "GET /Jurek/hdwr/feeds/hdwr_amazonde.xml HTTP/1.0" 200 777769 "-" "-"
89.161.206.59 - - [24/Feb/2025:11:45:52 +0100] "GET /Jurek/hdwr/feeds/hdwr_amazonfr.xml HTTP/1.0" 200 777795 "-" "-"
89.161.206.59 - - [24/Feb/2025:11:45:52 +0100] "GET /Jurek/kambukka/feeds/kambukka_amazonde.xml HTTP/1.0" 200 1043784 "-" "-"
89.161.206.59 - - [24/Feb/2025:11:45:52 +0100] "GET /Jurek/benetech/feeds/benetech_amazonde.xml HTTP/1.0" 200 4451803 "-" "-"
89.161.206.59 - - [24/Feb/2025:11:45:53 +0100] "GET /Jurek/sempler/feeds/sempler_amazonbe.xml HTTP/1.0" 200 6553243 "-" "-"
89.161.206.59 - - [24/Feb/2025:11:45:53 +0100] "GET /Jurek/kambukka/feeds/kambukka_amazonbe.xml HTTP/1.0" 200 1043801 "-" "-"
89.161.206.59 - - [24/Feb/2025:11:45:54 +0100] "GET /Jurek/eroplace/feeds/eroplace_amazonse.xml HTTP/1.0" 200 30863606 "-" "-"
78.54.209.227 - - [24/Feb/2025:11:45:55 +0100] "GET /Jurek/topeshop/downloaded_images/5904507206192_ba_m.jpg HTTP/2.0" 200 69466 "https://vi.vipr.ebaydesc.com/" "Mozilla/5.0 (Windows NT 10.0; Win64; x64) AppleWebKit/537.36 (KHTML, like Gecko) Chrome/133.0.0.0 Safari/537.36 Edg/133.0.0.0"
89.161.206.59 - - [24/Feb/2025:11:45:56 +0100] "GET /Jurek/b3/feeds/b3_amazones.xml HTTP/1.0" 200 7168715 "-" "-"
66.135.202.71 - - [24/Feb/2025:11:45:57 +0100] "GET /Jurek/topeshop/downloaded_images/5904507209360_wizuuu(1).jpg HTTP/1.1" 200 80897 "http://www.ebay.com/" "Mozilla/4.0 (compatible; MSIE 4.01; Windows NT)"
66.135.202.73 - - [24/Feb/2025:11:45:57 +0100] "GET /Jurek/topeshop/downloaded_images/5904507209360_wizuuu(2).jpg HTTP/1.1" 200 83488 "http://www.ebay.com/" "Mozilla/4.0 (compatible; MSIE 4.01; Windows NT)"
66.135.202.74 - - [24/Feb/2025:11:45:57 +0100] "GET /Jurek/topeshop/downloaded_images/5904507209360_wizuuu(3).jpg HTTP/1.1" 200 100368 "http://www.ebay.com/" "Mozilla/4.0 (compatible; MSIE 4.01; Windows NT)"
66.135.202.72 - - [24/Feb/2025:11:45:57 +0100] "GET /Jurek/topeshop/downloaded_images/5904507209360_profilwieDUOGlina.jpg HTTP/1.1" 200 25636 "http://www.ebay.com/" "Mozilla/4.0 (compatible; MSIE 4.01; Windows NT)"
66.135.202.75 - - [24/Feb/2025:11:45:57 +0100] "GET /Jurek/topeshop/downloaded_images/5904507209360_Duowieszakbry%C5%82ka.jpg HTTP/1.1" 200 37274 "http://www.ebay.com/" "Mozilla/4.0 (compatible; MSIE 4.01; Windows NT)"
66.135.202.74 - - [24/Feb/2025:11:45:57 +0100] "GET /Jurek/topeshop/downloaded_images/5904507209360_Duowieszakbry%C5%82ka(6).jpg HTTP/1.1" 200 45517 "http://www.ebay.com/" "Mozilla/4.0 (compatible; MSIE 4.01; Windows NT)"
66.135.202.74 - - [24/Feb/2025:11:45:57 +0100] "GET /Jurek/topeshop/downloaded_images/5904507209360_Duowieszakbry%C5%82ka(2).jpg HTTP/1.1" 200 45185 "http://www.ebay.com/" "Mozilla/4.0 (compatible; MSIE 4.01; Windows NT)"
66.135.202.71 - - [24/Feb/2025:11:45:57 +0100] "GET /Jurek/topeshop/downloaded_images/5904507209360_wizuuu(4).jpg HTTP/1.1" 200 103015 "http://www.ebay.com/" "Mozilla/4.0 (compatible; MSIE 4.01; Windows NT)"
89.161.206.59 - - [24/Feb/2025:11:45:58 +0100] "GET /Jurek/b3/feeds/b3_amazonbe.xml HTTP/1.0" 200 7168639 "-" "-"
66.135.195.17 - - [24/Feb/2025:11:45:58 +0100] "GET /Jurek/eurofirany/images/40883/4.jpg HTTP/1.1" 200 164946 "http://www.ebay.com/" "Mozilla/4.0 (compatible; MSIE 4.01; Windows NT)"
66.135.195.18 - - [24/Feb/2025:11:45:58 +0100] "GET /Jurek/eurofirany/images/40883/5.jpg HTTP/1.1" 200 159827 "http://www.ebay.com/" "Mozilla/4.0 (compatible; MSIE 4.01; Windows NT)"
66.135.195.17 - - [24/Feb/2025:11:45:58 +0100] "GET /Jurek/eurofirany/images/40883/2.jpg HTTP/1.1" 200 205120 "http://www.ebay.com/" "Mozilla/4.0 (compatible; MSIE 4.01; Windows NT)"
66.135.195.18 - - [24/Feb/2025:11:45:58 +0100] "GET /Jurek/eurofirany/images/40883/0.jpg HTTP/1.1" 200 220862 "http://www.ebay.com/" "Mozilla/4.0 (compatible; MSIE 4.01; Windows NT)"
66.135.195.19 - - [24/Feb/2025:11:45:58 +0100] "GET /Jurek/eurofirany/images/40883/3.jpg HTTP/1.1" 200 230478 "http://www.ebay.com/" "Mozilla/4.0 (compatible; MSIE 4.01; Windows NT)"
66.135.195.20 - - [24/Feb/2025:11:45:58 +0100] "GET /Jurek/eurofirany/images/40883/1.jpg HTTP/1.1" 200 304791 "http://www.ebay.com/" "Mozilla/4.0 (compatible; MSIE 4.01; Windows NT)"
66.135.195.19 - - [24/Feb/2025:11:45:59 +0100] "GET /Jurek/eurofirany/images/387455/0.jpg HTTP/1.1" 200 191792 "http://www.ebay.com/" "Mozilla/4.0 (compatible; MSIE 4.01; Windows NT)"
66.135.202.173 - - [24/Feb/2025:11:45:59 +0100] "GET /Jurek/eurofirany/images/462090/0.jpg HTTP/1.1" 200 77875 "http://www.ebay.com/" "Mozilla/4.0 (compatible; MSIE 4.01; Windows NT)"
66.135.202.171 - - [24/Feb/2025:11:45:59 +0100] "GET /Jurek/eurofirany/images/462090/1.jpg HTTP/1.1" 200 91635 "http://www.ebay.com/" "Mozilla/4.0 (compatible; MSIE 4.01; Windows NT)"
66.135.195.18 - - [24/Feb/2025:11:45:59 +0100] "GET /Jurek/eurofirany/images/387455/3.jpg HTTP/1.1" 200 185226 "http://www.ebay.com/" "Mozilla/4.0 (compatible; MSIE 4.01; Windows NT)"
66.135.202.171 - - [24/Feb/2025:11:45:59 +0100] "GET /Jurek/eurofirany/images/462090/2.jpg HTTP/1.1" 200 45970 "http://www.ebay.com/" "Mozilla/4.0 (compatible; MSIE 4.01; Windows NT)"
66.135.202.169 - - [24/Feb/2025:11:46:00 +0100] "GET /Jurek/eurofirany/images/462090/3.jpg HTTP/1.1" 200 76347 "http://www.ebay.com/" "Mozilla/4.0 (compatible; MSIE 4.01; Windows NT)"
66.135.195.18 - - [24/Feb/2025:11:46:00 +0100] "GET /Jurek/eurofirany/images/387455/2.jpg HTTP/1.1" 200 223804 "http://www.ebay.com/" "Mozilla/4.0 (compatible; MSIE 4.01; Windows NT)"
66.135.195.17 - - [24/Feb/2025:11:46:00 +0100] "GET /Jurek/eurofirany/images/387455/1.jpg HTTP/1.1" 200 220252 "http://www.ebay.com/" "Mozilla/4.0 (compatible; MSIE 4.01; Windows NT)"
66.135.202.171 - - [24/Feb/2025:11:46:00 +0100] "GET /Jurek/eurofirany/images/462090/4.jpg HTTP/1.1" 200 67356 "http://www.ebay.com/" "Mozilla/4.0 (compatible; MSIE 4.01; Windows NT)"
66.135.202.169 - - [24/Feb/2025:11:46:00 +0100] "GET /Jurek/eurofirany/images/462090/5.jpg HTTP/1.1" 200 53061 "http://www.ebay.com/" "Mozilla/4.0 (compatible; MSIE 4.01; Windows NT)"
66.135.202.171 - - [24/Feb/2025:11:46:00 +0100] "GET /Jurek/eurofirany/images/462090/6.jpg HTTP/1.1" 200 87490 "http://www.ebay.com/" "Mozilla/4.0 (compatible; MSIE 4.01; Windows NT)"
66.135.202.171 - - [24/Feb/2025:11:46:00 +0100] "GET /Jurek/eurofirany/images/462090/8.jpg HTTP/1.1" 200 96779 "http://www.ebay.com/" "Mozilla/4.0 (compatible; MSIE 4.01; Windows NT)"
66.135.202.170 - - [24/Feb/2025:11:46:00 +0100] "GET /Jurek/eurofirany/images/462090/9.jpg HTTP/1.1" 200 82580 "http://www.ebay.com/" "Mozilla/4.0 (compatible; MSIE 4.01; Windows NT)"
66.135.202.172 - - [24/Feb/2025:11:46:00 +0100] "GET /Jurek/eurofirany/images/462090/7.jpg HTTP/1.1" 200 84129 "http://www.ebay.com/" "Mozilla/4.0 (compatible; MSIE 4.01; Windows NT)"
66.135.202.172 - - [24/Feb/2025:11:46:00 +0100] "GET /Jurek/eurofirany/images/462090/11.jpg HTTP/1.1" 200 129582 "http://www.ebay.com/" "Mozilla/4.0 (compatible; MSIE 4.01; Windows NT)"
66.135.202.71 - - [24/Feb/2025:11:46:00 +0100] "GET /Jurek/eurofirany/images/40886/1.jpg HTTP/1.1" 200 172092 "http://www.ebay.com/" "Mozilla/4.0 (compatible; MSIE 4.01; Windows NT)"
66.135.202.75 - - [24/Feb/2025:11:46:00 +0100] "GET /Jurek/eurofirany/images/40886/4.jpg HTTP/1.1" 200 164946 "http://www.ebay.com/" "Mozilla/4.0 (compatible; MSIE 4.01; Windows NT)"
66.135.202.75 - - [24/Feb/2025:11:46:00 +0100] "GET /Jurek/eurofirany/images/40886/2.jpg HTTP/1.1" 200 176502 "http://www.ebay.com/" "Mozilla/4.0 (compatible; MSIE 4.01; Windows NT)"
66.135.202.72 - - [24/Feb/2025:11:46:01 +0100] "GET /Jurek/eurofirany/images/40886/0.jpg HTTP/1.1" 200 196771 "http://www.ebay.com/" "Mozilla/4.0 (compatible; MSIE 4.01; Windows NT)"
66.135.202.72 - - [24/Feb/2025:11:46:01 +0100] "GET /Jurek/eurofirany/images/40886/3.jpg HTTP/1.1" 200 230478 "http://www.ebay.com/" "Mozilla/4.0 (compatible; MSIE 4.01; Windows NT)"
34.72.247.156 - - [24/Feb/2025:11:46:01 +0100] "GET /Jurek/eurofirany/images/372660/1.jpg HTTP/1.1" 200 50157 "-" "Mozilla/5.0 (X11; Linux x86_64) AppleWebKit/537.36 (KHTML, like Gecko) Chrome/110.0.0.0 Safari/537.36"
66.135.202.169 - - [24/Feb/2025:11:46:01 +0100] "GET /Jurek/eurofirany/images/462090/10.jpg HTTP/1.1" 200 119899 "http://www.ebay.com/" "Mozilla/4.0 (compatible; MSIE 4.01; Windows NT)"
66.135.202.72 - - [24/Feb/2025:11:46:02 +0100] "GET /Jurek/eurofirany/images/462097/4.jpg HTTP/1.1" 200 68005 "http://www.ebay.com/" "Mozilla/4.0 (compatible; MSIE 4.01; Windows NT)"
66.135.202.75 - - [24/Feb/2025:11:46:02 +0100] "GET /Jurek/eurofirany/images/462097/2.jpg HTTP/1.1" 200 43533 "http://www.ebay.com/" "Mozilla/4.0 (compatible; MSIE 4.01; Windows NT)"
66.135.202.74 - - [24/Feb/2025:11:46:02 +0100] "GET /Jurek/eurofirany/images/462097/1.jpg HTTP/1.1" 200 88658 "http://www.ebay.com/" "Mozilla/4.0 (compatible; MSIE 4.01; Windows NT)"
66.135.202.71 - - [24/Feb/2025:11:46:02 +0100] "GET /Jurek/eurofirany/images/462097/5.jpg HTTP/1.1" 200 52474 "http://www.ebay.com/" "Mozilla/4.0 (compatible; MSIE 4.01; Windows NT)"
66.135.202.74 - - [24/Feb/2025:11:46:02 +0100] "GET /Jurek/eurofirany/images/462097/6.jpg HTTP/1.1" 200 87883 "http://www.ebay.com/" "Mozilla/4.0 (compatible; MSIE 4.01; Windows NT)"
66.135.202.75 - - [24/Feb/2025:11:46:02 +0100] "GET /Jurek/eurofirany/images/462097/3.jpg HTTP/1.1" 200 48366 "http://www.ebay.com/" "Mozilla/4.0 (compatible; MSIE 4.01; Windows NT)"
66.135.202.72 - - [24/Feb/2025:11:46:02 +0100] "GET /Jurek/eurofirany/images/462097/7.jpg HTTP/1.1" 200 115109 "http://www.ebay.com/" "Mozilla/4.0 (compatible; MSIE 4.01; Windows NT)"
66.135.202.74 - - [24/Feb/2025:11:46:02 +0100] "GET /Jurek/eurofirany/images/462097/8.jpg HTTP/1.1" 200 130623 "http://www.ebay.com/" "Mozilla/4.0 (compatible; MSIE 4.01; Windows NT)"
66.135.202.75 - - [24/Feb/2025:11:46:02 +0100] "GET /Jurek/eurofirany/images/462097/0.jpg HTTP/1.1" 200 74569 "http://www.ebay.com/" "Mozilla/4.0 (compatible; MSIE 4.01; Windows NT)"
34.72.247.156 - - [24/Feb/2025:11:46:03 +0100] "GET /Jurek/eurofirany/images/372660/2.jpg HTTP/1.1" 200 204201 "-" "Mozilla/5.0 (X11; Linux x86_64) AppleWebKit/537.36 (KHTML, like Gecko) Chrome/110.0.0.0 Safari/537.36"
66.135.195.16 - - [24/Feb/2025:11:46:04 +0100] "GET /Jurek/eurofirany/images/460233/0.jpg HTTP/1.1" 200 81130 "-" "Java/17.0.12.0.101"
66.135.202.172 - - [24/Feb/2025:11:46:06 +0100] "GET /Jurek/eurofirany/images/460230/0.jpg HTTP/1.1" 200 69233 "-" "Java/17.0.12.0.101"
34.133.239.145 - - [24/Feb/2025:11:46:07 +0100] "GET /Jurek/eurofirany/images/372644/1.jpg HTTP/1.1" 200 61390 "-" "Mozilla/5.0 (X11; Linux x86_64) AppleWebKit/537.36 (KHTML, like Gecko) Chrome/110.0.0.0 Safari/537.36"
46.101.116.244 - - [24/Feb/2025:11:46:07 +0100] "GET /Jurek/aw/feeds/aw_fnacfr.xml HTTP/1.0" 404 3551 "-" "-"
66.135.202.75 - - [24/Feb/2025:11:46:08 +0100] "GET /Jurek/eurofirany/images/387462/3.jpg HTTP/1.1" 200 141406 "http://www.ebay.com/" "Mozilla/4.0 (compatible; MSIE 4.01; Windows NT)"
66.135.202.74 - - [24/Feb/2025:11:46:08 +0100] "GET /Jurek/eurofirany/images/387462/0.jpg HTTP/1.1" 200 159119 "http://www.ebay.com/" "Mozilla/4.0 (compatible; MSIE 4.01; Windows NT)"
66.135.202.72 - - [24/Feb/2025:11:46:08 +0100] "GET /Jurek/eurofirany/images/387462/1.jpg HTTP/1.1" 200 171924 "http://www.ebay.com/" "Mozilla/4.0 (compatible; MSIE 4.01; Windows NT)"
66.135.202.73 - - [24/Feb/2025:11:46:08 +0100] "GET /Jurek/eurofirany/images/387462/2.jpg HTTP/1.1" 200 163571 "http://www.ebay.com/" "Mozilla/4.0 (compatible; MSIE 4.01; Windows NT)"
193.33.8.61 - - [24/Feb/2025:11:46:09 +0100] "GET /Jurek/drewdon/feeds/drewdon_piguEX.xml HTTP/2.0" 304 0 "https://konsola.dkkapusta1997.usermd.net/" "Mozilla/5.0 (Windows NT 10.0; Win64; x64) AppleWebKit/537.36 (KHTML, like Gecko) Chrome/133.0.0.0 Safari/537.36"
34.72.247.156 - - [24/Feb/2025:11:46:10 +0100] "GET /Jurek/eurofirany/images/372660/0.jpg HTTP/1.1" 200 69040 "-" "Mozilla/5.0 (X11; Linux x86_64) AppleWebKit/537.36 (KHTML, like Gecko) Chrome/110.0.0.0 Safari/537.36"
34.133.239.145 - - [24/Feb/2025:11:46:12 +0100] "GET /Jurek/eurofirany/images/372650/6.jpg HTTP/1.1" 200 6595 "-" "Mozilla/5.0 (X11; Linux x86_64) AppleWebKit/537.36 (KHTML, like Gecko) Chrome/110.0.0.0 Safari/537.36"
34.133.239.145 - - [24/Feb/2025:11:46:12 +0100] "GET /Jurek/eurofirany/images/372967/1.jpg HTTP/1.1" 200 51389 "-" "Mozilla/5.0 (X11; Linux x86_64) AppleWebKit/537.36 (KHTML, like Gecko) Chrome/110.0.0.0 Safari/537.36"
34.72.247.156 - - [24/Feb/2025:11:46:14 +0100] "GET /Jurek/eurofirany/images/372967/2.jpg HTTP/1.1" 200 218484 "-" "Mozilla/5.0 (X11; Linux x86_64) AppleWebKit/537.36 (KHTML, like Gecko) Chrome/110.0.0.0 Safari/537.36"
34.72.247.156 - - [24/Feb/2025:11:46:14 +0100] "GET /Jurek/eurofirany/images/372644/0.jpg HTTP/1.1" 200 67943 "-" "Mozilla/5.0 (X11; Linux x86_64) AppleWebKit/537.36 (KHTML, like Gecko) Chrome/110.0.0.0 Safari/537.36"
66.135.202.73 - - [24/Feb/2025:11:46:14 +0100] "GET /Jurek/eurofirany/images/429703/0.jpg HTTP/1.1" 200 66712 "http://www.ebay.com/" "Mozilla/4.0 (compatible; MSIE 4.01; Windows NT)"
34.72.247.156 - - [24/Feb/2025:11:46:14 +0100] "GET /Jurek/eurofirany/images/372967/3.jpg HTTP/1.1" 200 115729 "-" "Mozilla/5.0 (X11; Linux x86_64) AppleWebKit/537.36 (KHTML, like Gecko) Chrome/110.0.0.0 Safari/537.36"
66.135.202.74 - - [24/Feb/2025:11:46:15 +0100] "GET /Jurek/eurofirany/images/429703/1.jpg HTTP/1.1" 200 190125 "http://www.ebay.com/" "Mozilla/4.0 (compatible; MSIE 4.01; Windows NT)"
66.135.195.19 - - [24/Feb/2025:11:46:15 +0100] "GET /Jurek/eurofirany/images/460836/0.jpg HTTP/1.1" 200 108781 "-" "Java/17.0.12.0.101"
34.72.247.156 - - [24/Feb/2025:11:46:16 +0100] "GET /Jurek/eurofirany/images/372967/4.jpg HTTP/1.1" 200 54965 "-" "Mozilla/5.0 (X11; Linux x86_64) AppleWebKit/537.36 (KHTML, like Gecko) Chrome/110.0.0.0 Safari/537.36"
66.135.202.71 - - [24/Feb/2025:11:46:17 +0100] "GET /Jurek/eurofirany/images/387466/0.jpg HTTP/1.1" 200 166391 "-" "Java/17.0.12.0.101"
34.72.247.156 - - [24/Feb/2025:11:46:17 +0100] "GET /Jurek/eurofirany/images/372967/5.jpg HTTP/1.1" 200 46832 "-" "Mozilla/5.0 (X11; Linux x86_64) AppleWebKit/537.36 (KHTML, like Gecko) Chrome/110.0.0.0 Safari/537.36"
66.135.202.74 - - [24/Feb/2025:11:46:17 +0100] "GET /Jurek/eurofirany/images/456574/1.jpg HTTP/1.1" 200 113146 "http://www.ebay.com/" "Mozilla/4.0 (compatible; MSIE 4.01; Windows NT)"
66.135.202.74 - - [24/Feb/2025:11:46:17 +0100] "GET /Jurek/eurofirany/images/456574/0.jpg HTTP/1.1" 200 110563 "http://www.ebay.com/" "Mozilla/4.0 (compatible; MSIE 4.01; Windows NT)"
66.135.202.72 - - [24/Feb/2025:11:46:17 +0100] "GET /Jurek/eurofirany/images/456574/2.jpg HTTP/1.1" 200 64683 "http://www.ebay.com/" "Mozilla/4.0 (compatible; MSIE 4.01; Windows NT)"
66.135.202.73 - - [24/Feb/2025:11:46:18 +0100] "GET /Jurek/eurofirany/images/456574/3.jpg HTTP/1.1" 200 154020 "http://www.ebay.com/" "Mozilla/4.0 (compatible; MSIE 4.01; Windows NT)"
34.72.247.156 - - [24/Feb/2025:11:46:18 +0100] "GET /Jurek/eurofirany/images/372967/6.jpg HTTP/1.1" 200 6595 "-" "Mozilla/5.0 (X11; Linux x86_64) AppleWebKit/537.36 (KHTML, like Gecko) Chrome/110.0.0.0 Safari/537.36"
66.135.195.17 - - [24/Feb/2025:11:46:18 +0100] "GET /Jurek/eurofirany/images/460329/0.jpg HTTP/1.1" 200 73137 "-" "Java/17.0.12.0.101"
66.135.202.73 - - [24/Feb/2025:11:46:18 +0100] "GET /Jurek/eurofirany/images/456574/8.jpg HTTP/1.1" 200 168563 "http://www.ebay.com/" "Mozilla/4.0 (compatible; MSIE 4.01; Windows NT)"
66.135.202.72 - - [24/Feb/2025:11:46:18 +0100] "GET /Jurek/eurofirany/images/456574/5.jpg HTTP/1.1" 200 176844 "http://www.ebay.com/" "Mozilla/4.0 (compatible; MSIE 4.01; Windows NT)"
66.135.202.73 - - [24/Feb/2025:11:46:18 +0100] "GET /Jurek/eurofirany/images/456574/9.jpg HTTP/1.1" 200 161189 "http://www.ebay.com/" "Mozilla/4.0 (compatible; MSIE 4.01; Windows NT)"
66.135.202.73 - - [24/Feb/2025:11:46:18 +0100] "GET /Jurek/eurofirany/images/456574/4.jpg HTTP/1.1" 200 198044 "http://www.ebay.com/" "Mozilla/4.0 (compatible; MSIE 4.01; Windows NT)"
66.135.202.171 - - [24/Feb/2025:11:46:18 +0100] "GET /Jurek/eurofirany/images/398660/0.jpg HTTP/1.1" 200 68131 "http://www.ebay.com/" "Mozilla/4.0 (compatible; MSIE 4.01; Windows NT)"
66.135.202.169 - - [24/Feb/2025:11:46:18 +0100] "GET /Jurek/eurofirany/images/398660/2.jpg HTTP/1.1" 200 36368 "http://www.ebay.com/" "Mozilla/4.0 (compatible; MSIE 4.01; Windows NT)"
66.135.202.169 - - [24/Feb/2025:11:46:18 +0100] "GET /Jurek/eurofirany/images/398660/1.jpg HTTP/1.1" 200 73437 "http://www.ebay.com/" "Mozilla/4.0 (compatible; MSIE 4.01; Windows NT)"
66.135.202.172 - - [24/Feb/2025:11:46:18 +0100] "GET /Jurek/eurofirany/images/398660/3.jpg HTTP/1.1" 200 58525 "http://www.ebay.com/" "Mozilla/4.0 (compatible; MSIE 4.01; Windows NT)"
66.135.202.73 - - [24/Feb/2025:11:46:18 +0100] "GET /Jurek/eurofirany/images/456574/7.jpg HTTP/1.1" 200 209132 "http://www.ebay.com/" "Mozilla/4.0 (compatible; MSIE 4.01; Windows NT)"
66.135.202.75 - - [24/Feb/2025:11:46:18 +0100] "GET /Jurek/eurofirany/images/456574/6.jpg HTTP/1.1" 200 229613 "http://www.ebay.com/" "Mozilla/4.0 (compatible; MSIE 4.01; Windows NT)"
66.135.202.173 - - [24/Feb/2025:11:46:18 +0100] "GET /Jurek/eurofirany/images/398660/5.jpg HTTP/1.1" 200 60415 "http://www.ebay.com/" "Mozilla/4.0 (compatible; MSIE 4.01; Windows NT)"
66.135.202.170 - - [24/Feb/2025:11:46:18 +0100] "GET /Jurek/eurofirany/images/398660/6.jpg HTTP/1.1" 200 65539 "http://www.ebay.com/" "Mozilla/4.0 (compatible; MSIE 4.01; Windows NT)"
66.135.202.169 - - [24/Feb/2025:11:46:18 +0100] "GET /Jurek/eurofirany/images/398660/4.jpg HTTP/1.1" 200 158364 "http://www.ebay.com/" "Mozilla/4.0 (compatible; MSIE 4.01; Windows NT)"
66.135.202.173 - - [24/Feb/2025:11:46:19 +0100] "GET /Jurek/eurofirany/images/398660/7.jpg HTTP/1.1" 200 169019 "http://www.ebay.com/" "Mozilla/4.0 (compatible; MSIE 4.01; Windows NT)"
34.72.247.156 - - [24/Feb/2025:11:46:19 +0100] "GET /Jurek/eurofirany/images/372650/0.jpg HTTP/1.1" 200 72110 "-" "Mozilla/5.0 (X11; Linux x86_64) AppleWebKit/537.36 (KHTML, like Gecko) Chrome/110.0.0.0 Safari/537.36"
66.135.202.170 - - [24/Feb/2025:11:46:19 +0100] "GET /Jurek/eurofirany/images/398660/8.jpg HTTP/1.1" 200 207845 "http://www.ebay.com/" "Mozilla/4.0 (compatible; MSIE 4.01; Windows NT)"
66.135.202.73 - - [24/Feb/2025:11:46:20 +0100] "GET /Jurek/eurofirany/images/390892/2.jpg HTTP/1.1" 200 98939 "http://www.ebay.com/" "Mozilla/4.0 (compatible; MSIE 4.01; Windows NT)"
66.135.202.71 - - [24/Feb/2025:11:46:20 +0100] "GET /Jurek/eurofirany/images/390892/3.jpg HTTP/1.1" 200 95208 "http://www.ebay.com/" "Mozilla/4.0 (compatible; MSIE 4.01; Windows NT)"
66.135.195.16 - - [24/Feb/2025:11:46:20 +0100] "GET /Jurek/eurofirany/images/378046/0.jpg HTTP/1.1" 200 116833 "http://www.ebay.com/" "Mozilla/4.0 (compatible; MSIE 4.01; Windows NT)"
66.135.195.19 - - [24/Feb/2025:11:46:20 +0100] "GET /Jurek/eurofirany/images/378046/2.jpg HTTP/1.1" 200 88894 "http://www.ebay.com/" "Mozilla/4.0 (compatible; MSIE 4.01; Windows NT)"
66.135.195.18 - - [24/Feb/2025:11:46:20 +0100] "GET /Jurek/eurofirany/images/378046/5.jpg HTTP/1.1" 200 33 "http://www.ebay.com/" "Mozilla/4.0 (compatible; MSIE 4.01; Windows NT)"
66.135.195.16 - - [24/Feb/2025:11:46:20 +0100] "GET /Jurek/eurofirany/images/378046/3.jpg HTTP/1.1" 200 75287 "http://www.ebay.com/" "Mozilla/4.0 (compatible; MSIE 4.01; Windows NT)"
66.135.195.17 - - [24/Feb/2025:11:46:20 +0100] "GET /Jurek/eurofirany/images/378046/6.jpg HTTP/1.1" 200 33 "http://www.ebay.com/" "Mozilla/4.0 (compatible; MSIE 4.01; Windows NT)"
66.135.202.71 - - [24/Feb/2025:11:46:20 +0100] "GET /Jurek/eurofirany/images/390892/0.jpg HTTP/1.1" 200 134550 "http://www.ebay.com/" "Mozilla/4.0 (compatible; MSIE 4.01; Windows NT)"
66.135.195.18 - - [24/Feb/2025:11:46:20 +0100] "GET /Jurek/eurofirany/images/378046/1.jpg HTTP/1.1" 200 144080 "http://www.ebay.com/" "Mozilla/4.0 (compatible; MSIE 4.01; Windows NT)"
66.135.195.20 - - [24/Feb/2025:11:46:20 +0100] "GET /Jurek/eurofirany/images/378046/4.jpg HTTP/1.1" 200 164946 "http://www.ebay.com/" "Mozilla/4.0 (compatible; MSIE 4.01; Windows NT)"
66.135.202.74 - - [24/Feb/2025:11:46:20 +0100] "GET /Jurek/eurofirany/images/390892/1.jpg HTTP/1.1" 200 164630 "http://www.ebay.com/" "Mozilla/4.0 (compatible; MSIE 4.01; Windows NT)"
193.33.8.61 - - [24/Feb/2025:11:46:21 +0100] "GET /Jurek/drewdon/feeds/drewdon_piguEX.xml HTTP/2.0" 304 0 "https://konsola.dkkapusta1997.usermd.net/" "Mozilla/5.0 (Windows NT 10.0; Win64; x64) AppleWebKit/537.36 (KHTML, like Gecko) Chrome/133.0.0.0 Safari/537.36"
66.135.202.74 - - [24/Feb/2025:11:46:22 +0100] "GET /Jurek/eurofirany/images/454746/1.jpg HTTP/1.1" 200 128694 "http://www.ebay.com/" "Mozilla/4.0 (compatible; MSIE 4.01; Windows NT)"
66.135.202.71 - - [24/Feb/2025:11:46:22 +0100] "GET /Jurek/eurofirany/images/454746/0.jpg HTTP/1.1" 200 175635 "http://www.ebay.com/" "Mozilla/4.0 (compatible; MSIE 4.01; Windows NT)"
66.135.202.71 - - [24/Feb/2025:11:46:22 +0100] "GET /Jurek/eurofirany/images/454746/2.jpg HTTP/1.1" 200 179275 "http://www.ebay.com/" "Mozilla/4.0 (compatible; MSIE 4.01; Windows NT)"
66.135.195.16 - - [24/Feb/2025:11:46:23 +0100] "GET /Jurek/eurofirany/images/460878/1.jpg HTTP/1.1" 200 88688 "http://www.ebay.com/" "Mozilla/4.0 (compatible; MSIE 4.01; Windows NT)"
66.135.195.19 - - [24/Feb/2025:11:46:23 +0100] "GET /Jurek/eurofirany/images/460878/0.jpg HTTP/1.1" 200 83785 "http://www.ebay.com/" "Mozilla/4.0 (compatible; MSIE 4.01; Windows NT)"
66.135.195.17 - - [24/Feb/2025:11:46:23 +0100] "GET /Jurek/eurofirany/images/460878/2.jpg HTTP/1.1" 200 48032 "http://www.ebay.com/" "Mozilla/4.0 (compatible; MSIE 4.01; Windows NT)"
66.135.195.17 - - [24/Feb/2025:11:46:23 +0100] "GET /Jurek/eurofirany/images/460878/3.jpg HTTP/1.1" 200 139600 "http://www.ebay.com/" "Mozilla/4.0 (compatible; MSIE 4.01; Windows NT)"
66.135.195.19 - - [24/Feb/2025:11:46:23 +0100] "GET /Jurek/eurofirany/images/460878/8.jpg HTTP/1.1" 200 141521 "http://www.ebay.com/" "Mozilla/4.0 (compatible; MSIE 4.01; Windows NT)"
66.135.195.18 - - [24/Feb/2025:11:46:23 +0100] "GET /Jurek/eurofirany/images/460878/9.jpg HTTP/1.1" 200 156343 "http://www.ebay.com/" "Mozilla/4.0 (compatible; MSIE 4.01; Windows NT)"
66.135.195.19 - - [24/Feb/2025:11:46:23 +0100] "GET /Jurek/eurofirany/images/460878/7.jpg HTTP/1.1" 200 189505 "http://www.ebay.com/" "Mozilla/4.0 (compatible; MSIE 4.01; Windows NT)"
66.135.195.18 - - [24/Feb/2025:11:46:23 +0100] "GET /Jurek/eurofirany/images/460878/6.jpg HTTP/1.1" 200 269688 "http://www.ebay.com/" "Mozilla/4.0 (compatible; MSIE 4.01; Windows NT)"
66.135.195.16 - - [24/Feb/2025:11:46:23 +0100] "GET /Jurek/eurofirany/images/460878/5.jpg HTTP/1.1" 200 223829 "http://www.ebay.com/" "Mozilla/4.0 (compatible; MSIE 4.01; Windows NT)"
66.135.195.16 - - [24/Feb/2025:11:46:23 +0100] "GET /Jurek/eurofirany/images/460878/4.jpg HTTP/1.1" 200 392368 "http://www.ebay.com/" "Mozilla/4.0 (compatible; MSIE 4.01; Windows NT)"
66.135.195.17 - - [24/Feb/2025:11:46:24 +0100] "GET /Jurek/eurofirany/images/460231/0.jpg HTTP/1.1" 200 59915 "-" "Java/17.0.12.0.101"
66.135.202.74 - - [24/Feb/2025:11:46:25 +0100] "GET /Jurek/eurofirany/images/436057/1.jpg HTTP/1.1" 200 126848 "http://www.ebay.com/" "Mozilla/4.0 (compatible; MSIE 4.01; Windows NT)"
66.135.202.72 - - [24/Feb/2025:11:46:26 +0100] "GET /Jurek/eurofirany/images/436057/0.jpg HTTP/1.1" 200 137425 "http://www.ebay.com/" "Mozilla/4.0 (compatible; MSIE 4.01; Windows NT)"
66.135.202.73 - - [24/Feb/2025:11:46:26 +0100] "GET /Jurek/eurofirany/images/436057/3.jpg HTTP/1.1" 200 151275 "http://www.ebay.com/" "Mozilla/4.0 (compatible; MSIE 4.01; Windows NT)"
66.135.202.74 - - [24/Feb/2025:11:46:26 +0100] "GET /Jurek/eurofirany/images/436057/2.jpg HTTP/1.1" 200 151275 "http://www.ebay.com/" "Mozilla/4.0 (compatible; MSIE 4.01; Windows NT)"
66.135.195.19 - - [24/Feb/2025:11:46:28 +0100] "GET /Jurek/eurofirany/images/420739/0.jpg HTTP/1.1" 200 28577 "http://www.ebay.com/" "Mozilla/4.0 (compatible; MSIE 4.01; Windows NT)"
66.135.195.17 - - [24/Feb/2025:11:46:28 +0100] "GET /Jurek/eurofirany/images/420739/1.jpg HTTP/1.1" 200 31838 "http://www.ebay.com/" "Mozilla/4.0 (compatible; MSIE 4.01; Windows NT)"
66.135.195.18 - - [24/Feb/2025:11:46:28 +0100] "GET /Jurek/eurofirany/images/420739/2.jpg HTTP/1.1" 200 20958 "http://www.ebay.com/" "Mozilla/4.0 (compatible; MSIE 4.01; Windows NT)"
66.135.195.18 - - [24/Feb/2025:11:46:28 +0100] "GET /Jurek/eurofirany/images/420739/3.jpg HTTP/1.1" 200 77532 "http://www.ebay.com/" "Mozilla/4.0 (compatible; MSIE 4.01; Windows NT)"
66.135.195.18 - - [24/Feb/2025:11:46:28 +0100] "GET /Jurek/eurofirany/images/420739/4.jpg HTTP/1.1" 200 78083 "http://www.ebay.com/" "Mozilla/4.0 (compatible; MSIE 4.01; Windows NT)"
66.135.195.17 - - [24/Feb/2025:11:46:28 +0100] "GET /Jurek/eurofirany/images/420739/5.jpg HTTP/1.1" 200 74594 "http://www.ebay.com/" "Mozilla/4.0 (compatible; MSIE 4.01; Windows NT)"
66.135.195.16 - - [24/Feb/2025:11:46:28 +0100] "GET /Jurek/eurofirany/images/420739/6.jpg HTTP/1.1" 200 62813 "http://www.ebay.com/" "Mozilla/4.0 (compatible; MSIE 4.01; Windows NT)"
66.135.195.20 - - [24/Feb/2025:11:46:28 +0100] "GET /Jurek/eurofirany/images/458771/2.jpg HTTP/1.1" 200 93024 "http://www.ebay.com/" "Mozilla/4.0 (compatible; MSIE 4.01; Windows NT)"
66.135.195.16 - - [24/Feb/2025:11:46:28 +0100] "GET /Jurek/eurofirany/images/458771/0.jpg HTTP/1.1" 200 107558 "http://www.ebay.com/" "Mozilla/4.0 (compatible; MSIE 4.01; Windows NT)"
66.135.195.20 - - [24/Feb/2025:11:46:28 +0100] "GET /Jurek/eurofirany/images/458771/1.jpg HTTP/1.1" 200 85875 "http://www.ebay.com/" "Mozilla/4.0 (compatible; MSIE 4.01; Windows NT)"
66.135.195.16 - - [24/Feb/2025:11:46:28 +0100] "GET /Jurek/eurofirany/images/458771/4.jpg HTTP/1.1" 200 115194 "http://www.ebay.com/" "Mozilla/4.0 (compatible; MSIE 4.01; Windows NT)"
66.135.195.18 - - [24/Feb/2025:11:46:28 +0100] "GET /Jurek/eurofirany/images/420739/7.jpg HTTP/1.1" 200 76331 "http://www.ebay.com/" "Mozilla/4.0 (compatible; MSIE 4.01; Windows NT)"
66.135.195.18 - - [24/Feb/2025:11:46:28 +0100] "GET /Jurek/eurofirany/images/458771/3.jpg HTTP/1.1" 200 145928 "http://www.ebay.com/" "Mozilla/4.0 (compatible; MSIE 4.01; Windows NT)"
130.44.200.129 - - [24/Feb/2025:11:46:32 +0100] "GET /Jurek/eurofirany/images/372967/6.jpg HTTP/2.0" 200 6595 "-" "Mozilla/5.0 (X11; Linux x86_64) AppleWebKit/537.36 (KHTML, like Gecko) Chrome/110.0.0.0 Safari/537.36"
34.72.247.156 - - [24/Feb/2025:11:46:33 +0100] "GET /Jurek/eurofirany/images/372967/0.jpg HTTP/1.1" 200 72110 "-" "Mozilla/5.0 (X11; Linux x86_64) AppleWebKit/537.36 (KHTML, like Gecko) Chrome/110.0.0.0 Safari/537.36"
66.135.202.173 - - [24/Feb/2025:11:46:37 +0100] "GET /Jurek/eurofirany/images/387466/3.jpg HTTP/1.1" 200 146541 "http://www.ebay.com/" "Mozilla/4.0 (compatible; MSIE 4.01; Windows NT)"
66.135.202.173 - - [24/Feb/2025:11:46:38 +0100] "GET /Jurek/eurofirany/images/387466/0.jpg HTTP/1.1" 200 166391 "http://www.ebay.com/" "Mozilla/4.0 (compatible; MSIE 4.01; Windows NT)"
66.135.202.170 - - [24/Feb/2025:11:46:38 +0100] "GET /Jurek/eurofirany/images/387466/2.jpg HTTP/1.1" 200 167329 "http://www.ebay.com/" "Mozilla/4.0 (compatible; MSIE 4.01; Windows NT)"
66.135.202.169 - - [24/Feb/2025:11:46:38 +0100] "GET /Jurek/eurofirany/images/387466/1.jpg HTTP/1.1" 200 203972 "http://www.ebay.com/" "Mozilla/4.0 (compatible; MSIE 4.01; Windows NT)"
66.135.202.73 - - [24/Feb/2025:11:46:39 +0100] "GET /Jurek/eurofirany/images/423204/0.jpg HTTP/1.1" 200 0 "http://www.ebay.com/" "Mozilla/4.0 (compatible; MSIE 4.01; Windows NT)"
66.135.202.74 - - [24/Feb/2025:11:46:39 +0100] "GET /Jurek/eurofirany/images/423204/1.jpg HTTP/1.1" 200 0 "http://www.ebay.com/" "Mozilla/4.0 (compatible; MSIE 4.01; Windows NT)"
66.135.202.72 - - [24/Feb/2025:11:46:39 +0100] "GET /Jurek/eurofirany/images/423204/2.jpg HTTP/1.1" 200 0 "http://www.ebay.com/" "Mozilla/4.0 (compatible; MSIE 4.01; Windows NT)"
66.135.202.71 - - [24/Feb/2025:11:46:39 +0100] "GET /Jurek/eurofirany/images/423204/3.jpg HTTP/1.1" 200 0 "http://www.ebay.com/" "Mozilla/4.0 (compatible; MSIE 4.01; Windows NT)"
46.101.116.244 - - [24/Feb/2025:11:46:40 +0100] "GET /Filip/feeds/xlsx_ceneo.xml HTTP/1.0" 200 6241376 "-" "-"
51.77.52.107 - - [24/Feb/2025:11:46:40 +0100] "POST /Filip/Rovicky/baselinker/baselinker-ceneo-shumee.php HTTP/2.0" 200 106776 "-" "BaseLinker/1.0"
66.135.195.16 - - [24/Feb/2025:11:46:44 +0100] "GET /Jurek/eurofirany/images/460834/0.jpg HTTP/1.1" 200 122946 "-" "Java/17.0.12.0.101"
66.135.195.19 - - [24/Feb/2025:11:46:45 +0100] "GET /Jurek/eurofirany/images/458757/0.jpg HTTP/1.1" 200 97129 "http://www.ebay.com/" "Mozilla/4.0 (compatible; MSIE 4.01; Windows NT)"
66.135.195.18 - - [24/Feb/2025:11:46:45 +0100] "GET /Jurek/eurofirany/images/458757/1.jpg HTTP/1.1" 200 69760 "http://www.ebay.com/" "Mozilla/4.0 (compatible; MSIE 4.01; Windows NT)"
66.135.195.16 - - [24/Feb/2025:11:46:45 +0100] "GET /Jurek/eurofirany/images/458757/3.jpg HTTP/1.1" 200 51281 "http://www.ebay.com/" "Mozilla/4.0 (compatible; MSIE 4.01; Windows NT)"
66.135.195.19 - - [24/Feb/2025:11:46:45 +0100] "GET /Jurek/eurofirany/images/458757/2.jpg HTTP/1.1" 200 55733 "http://www.ebay.com/" "Mozilla/4.0 (compatible; MSIE 4.01; Windows NT)"
66.135.195.19 - - [24/Feb/2025:11:46:45 +0100] "GET /Jurek/eurofirany/images/458757/4.jpg HTTP/1.1" 200 123542 "http://www.ebay.com/" "Mozilla/4.0 (compatible; MSIE 4.01; Windows NT)"
66.135.195.18 - - [24/Feb/2025:11:46:45 +0100] "GET /Jurek/eurofirany/images/458757/5.jpg HTTP/1.1" 200 79425 "http://www.ebay.com/" "Mozilla/4.0 (compatible; MSIE 4.01; Windows NT)"
