46.101.116.244 - - [21/Feb/2025:11:14:13 +0100] "GET /Jurek/ikonka/feeds/ikonka_mallczex.xml HTTP/2.0" 200 22276426 "-" "-"
46.101.116.244 - - [21/Feb/2025:11:14:27 +0100] "GET /Jurek/kinghoff/feeds/kinghoff_mallczex.xml HTTP/2.0" 200 14251817 "-" "-"
46.101.116.244 - - [21/Feb/2025:11:14:42 +0100] "GET /Jurek/kinghome/feeds/kinghome_mallczex.xml HTTP/2.0" 200 5654208 "-" "-"
46.101.116.244 - - [21/Feb/2025:11:15:28 +0100] "GET /Jurek/rovicky/feeds/rovicky_mallczex.xml HTTP/2.0" 200 13952906 "-" "-"
46.101.116.244 - - [21/Feb/2025:11:15:42 +0100] "GET /Jurek/stema/feeds/stema_mallczex.xml HTTP/2.0" 200 867460 "-" "-"
46.101.116.244 - - [21/Feb/2025:11:15:54 +0100] "GET /Jurek/unimet/feeds/unimet_mallczex.xml HTTP/2.0" 200 61215685 "-" "-"
54.228.254.251 - - [21/Feb/2025:11:15:57 +0100] "GET /Jurek/emaja24/feeds/emaja24_mallsi.xml HTTP/1.1" 200 147217 "-" "Mozilla/5.0 (Macintosh; Intel Mac OS X 10_13_6) AppleWebKit/537.36 (KHTML, like Gecko) Chrome/73.0.3669.0 Safari/537.36"
46.101.116.244 - - [21/Feb/2025:11:15:57 +0100] "GET /Jurek/kinghoff/feeds/kinghoff_amazon_de.xml HTTP/1.0" 200 14247080 "-" "-"
217.96.155.134 - - [21/Feb/2025:11:15:57 +0100] "GET /Jurek/emaja24/feeds/emaja24_mallsi.xml HTTP/2.0" 200 5108614 "-" "Mozilla/5.0 (X11; Linux x86_64) AppleWebKit/537.36 (KHTML, like Gecko) Chrome/133.0.0.0 Safari/537.36"
54.74.57.157 - - [21/Feb/2025:11:16:00 +0100] "GET /Jurek/emaja24/feeds/emaja24_mallsiSH.xml HTTP/1.1" 200 147217 "-" "Mozilla/5.0 (Macintosh; Intel Mac OS X 10_13_6) AppleWebKit/537.36 (KHTML, like Gecko) Chrome/73.0.3669.0 Safari/537.36"
217.96.155.134 - - [21/Feb/2025:11:16:00 +0100] "GET /Jurek/emaja24/feeds/emaja24_mallsiSH.xml HTTP/2.0" 200 5108614 "-" "Mozilla/5.0 (X11; Linux x86_64) AppleWebKit/537.36 (KHTML, like Gecko) Chrome/133.0.0.0 Safari/537.36"
217.96.155.134 - - [21/Feb/2025:11:16:28 +0100] "GET /favicon.ico HTTP/2.0" 404 3551 "https://dkkapusta1997.usermd.net/Jurek/emaja24/feeds/emaja24_mallsi.xml" "Mozilla/5.0 (X11; Linux x86_64) AppleWebKit/537.36 (KHTML, like Gecko) Chrome/133.0.0.0 Safari/537.36"
46.101.116.244 - - [21/Feb/2025:11:16:40 +0100] "GET /Jurek/vivaldi/feeds/vivaldi_Mall-czex.xml HTTP/2.0" 200 344836 "-" "-"
193.33.8.61 - - [21/Feb/2025:11:16:50 +0100] "GET /Jurek/topeshop/downloaded_images/5904507208950_1op.jpg HTTP/2.0" 404 3551 "-" "Mozilla/5.0 (Windows NT 10.0; Win64; x64) AppleWebKit/537.36 (KHTML, like Gecko) Chrome/133.0.0.0 Safari/537.36"
46.101.116.244 - - [21/Feb/2025:11:16:50 +0100] "GET /Jurek/topeshop/feeds/topeshop_alza.xml HTTP/2.0" 200 2395274 "-" "-"
193.33.8.61 - - [21/Feb/2025:11:18:25 +0100] "GET /Jurek/waks/feeds/waks_bol.xml HTTP/2.0" 200 6332863 "https://konsola.dkkapusta1997.usermd.net/" "Mozilla/5.0 (Windows NT 10.0; Win64; x64) AppleWebKit/537.36 (KHTML, like Gecko) Chrome/132.0.0.0 Safari/537.36"
77.79.248.229 - - [21/Feb/2025:11:18:30 +0100] "GET /Jurek/waks/feeds/waks_bol.xml HTTP/1.1" 200 6332863 "-" "Python-urllib/3.11"
89.161.206.59 - - [21/Feb/2025:11:19:19 +0100] "GET /Jurek/benetech/feeds/benetech_allegro.xml HTTP/1.0" 200 4452089 "-" "-"
89.161.206.59 - - [21/Feb/2025:11:19:19 +0100] "GET /Jurek/targethome/feeds/targethome_allegro.xml HTTP/1.0" 200 683629 "-" "-"
193.33.8.61 - - [21/Feb/2025:11:19:26 +0100] "GET /Jurek/kinghoff/feeds/kinghoff_bol.xml HTTP/2.0" 200 14247075 "https://konsola.dkkapusta1997.usermd.net/" "Mozilla/5.0 (Windows NT 10.0; Win64; x64) AppleWebKit/537.36 (KHTML, like Gecko) Chrome/132.0.0.0 Safari/537.36"
77.79.248.229 - - [21/Feb/2025:11:19:31 +0100] "GET /Jurek/kinghoff/feeds/kinghoff_bol.xml HTTP/1.1" 200 14247075 "-" "Python-urllib/3.11"
193.33.8.61 - - [21/Feb/2025:11:19:58 +0100] "GET /Jurek/ekuchcikowo/feeds/ekuchcikowo_bol.xml HTTP/2.0" 200 12655186 "https://konsola.dkkapusta1997.usermd.net/" "Mozilla/5.0 (Windows NT 10.0; Win64; x64) AppleWebKit/537.36 (KHTML, like Gecko) Chrome/132.0.0.0 Safari/537.36"
77.79.248.229 - - [21/Feb/2025:11:20:15 +0100] "GET /Jurek/ekuchcikowo/feeds/ekuchcikowo_bol.xml HTTP/1.1" 200 12655186 "-" "Python-urllib/3.11"
193.33.8.61 - - [21/Feb/2025:11:20:29 +0100] "GET /Jurek/eldar/feeds/eldar_bol.xml HTTP/2.0" 200 7329418 "https://konsola.dkkapusta1997.usermd.net/" "Mozilla/5.0 (Windows NT 10.0; Win64; x64) AppleWebKit/537.36 (KHTML, like Gecko) Chrome/132.0.0.0 Safari/537.36"
77.79.248.229 - - [21/Feb/2025:11:20:35 +0100] "GET /Jurek/eldar/feeds/eldar_bol.xml HTTP/1.1" 200 7329418 "-" "Python-urllib/3.11"
193.33.8.61 - - [21/Feb/2025:11:20:40 +0100] "GET /Jurek/topeshop/feeds/topeshop_bol.xml HTTP/2.0" 200 2394486 "https://konsola.dkkapusta1997.usermd.net/" "Mozilla/5.0 (Windows NT 10.0; Win64; x64) AppleWebKit/537.36 (KHTML, like Gecko) Chrome/132.0.0.0 Safari/537.36"
77.79.248.229 - - [21/Feb/2025:11:20:53 +0100] "GET /Jurek/topeshop/feeds/topeshop_bol.xml HTTP/1.1" 200 2394486 "-" "Python-urllib/3.11"
193.33.8.61 - - [21/Feb/2025:11:21:04 +0100] "GET /Jurek/bass_new/feeds/bass_bol.xml HTTP/2.0" 200 7040952 "https://konsola.dkkapusta1997.usermd.net/" "Mozilla/5.0 (Windows NT 10.0; Win64; x64) AppleWebKit/537.36 (KHTML, like Gecko) Chrome/132.0.0.0 Safari/537.36"
77.79.248.229 - - [21/Feb/2025:11:21:16 +0100] "GET /Jurek/bass_new/feeds/bass_bol.xml HTTP/1.1" 200 7040952 "-" "Python-urllib/3.11"
193.33.8.61 - - [21/Feb/2025:11:21:26 +0100] "GET /Jurek/sempler/feeds/sempler_BOL.xml HTTP/2.0" 200 6553228 "https://konsola.dkkapusta1997.usermd.net/" "Mozilla/5.0 (Windows NT 10.0; Win64; x64) AppleWebKit/537.36 (KHTML, like Gecko) Chrome/132.0.0.0 Safari/537.36"
77.79.248.229 - - [21/Feb/2025:11:21:36 +0100] "GET /Jurek/sempler/feeds/sempler_BOL.xml HTTP/1.1" 200 6553228 "-" "Python-urllib/3.11"
193.33.8.61 - - [21/Feb/2025:11:21:48 +0100] "GET /Jurek/artdog/feeds/artdog_bol.xml HTTP/2.0" 200 15929195 "https://konsola.dkkapusta1997.usermd.net/" "Mozilla/5.0 (Windows NT 10.0; Win64; x64) AppleWebKit/537.36 (KHTML, like Gecko) Chrome/132.0.0.0 Safari/537.36"
51.77.52.107 - - [21/Feb/2025:11:21:52 +0100] "GET /Jurek/eurofirany/images/452167/0.jpg HTTP/2.0" 200 75404 "-" "-"
77.79.248.229 - - [21/Feb/2025:11:21:54 +0100] "GET /Jurek/artdog/feeds/artdog_bol.xml HTTP/1.1" 200 15929195 "-" "Python-urllib/3.11"
193.33.8.61 - - [21/Feb/2025:11:22:01 +0100] "GET /Jurek/narzbud/feeds/narzbud_bol.xml HTTP/2.0" 200 1958299 "https://konsola.dkkapusta1997.usermd.net/" "Mozilla/5.0 (Windows NT 10.0; Win64; x64) AppleWebKit/537.36 (KHTML, like Gecko) Chrome/132.0.0.0 Safari/537.36"
77.79.248.229 - - [21/Feb/2025:11:22:19 +0100] "GET /Jurek/narzbud/feeds/narzbud_bol.xml HTTP/1.1" 200 1958299 "-" "Python-urllib/3.11"
3.74.7.74 - - [21/Feb/2025:11:22:23 +0100] "GET /Jurek/eurofirany/images/408504/0.jpg HTTP/2.0" 200 83498 "-" "Mozilla/5.0 (Windows NT 10.0; Win64; x64) AppleWebKit/537.36 (KHTML, like Gecko) Chrome/109.0.0.0 Safari/537.36"
3.126.202.245 - - [21/Feb/2025:11:22:23 +0100] "GET /Jurek/eurofirany/images/391161/0.jpg HTTP/2.0" 200 138706 "-" "Mozilla/5.0 (Windows NT 10.0; Win64; x64) AppleWebKit/537.36 (KHTML, like Gecko) Chrome/109.0.0.0 Safari/537.36"
3.126.202.245 - - [21/Feb/2025:11:22:23 +0100] "GET /Jurek/eurofirany/images/458880/0.jpg HTTP/2.0" 200 95115 "-" "Mozilla/5.0 (Windows NT 10.0; Win64; x64) AppleWebKit/537.36 (KHTML, like Gecko) Chrome/109.0.0.0 Safari/537.36"
3.74.7.74 - - [21/Feb/2025:11:22:23 +0100] "GET /Jurek/eurofirany/images/416962/0.jpg HTTP/2.0" 200 126747 "-" "Mozilla/5.0 (Windows NT 10.0; Win64; x64) AppleWebKit/537.36 (KHTML, like Gecko) Chrome/109.0.0.0 Safari/537.36"
18.157.125.26 - - [21/Feb/2025:11:22:23 +0100] "GET /Jurek/eurofirany/images/387916/0.jpg HTTP/2.0" 200 155449 "-" "Mozilla/5.0 (Windows NT 10.0; Win64; x64) AppleWebKit/537.36 (KHTML, like Gecko) Chrome/109.0.0.0 Safari/537.36"
193.33.8.61 - - [21/Feb/2025:11:22:26 +0100] "GET /Jurek/motofan/feeds/motofan_bol.xml HTTP/2.0" 200 2392421 "https://konsola.dkkapusta1997.usermd.net/" "Mozilla/5.0 (Windows NT 10.0; Win64; x64) AppleWebKit/537.36 (KHTML, like Gecko) Chrome/132.0.0.0 Safari/537.36"
18.157.125.26 - - [21/Feb/2025:11:22:28 +0100] "GET /Jurek/eurofirany/images/436617/0.jpg HTTP/2.0" 200 102509 "-" "Mozilla/5.0 (Windows NT 10.0; Win64; x64) AppleWebKit/537.36 (KHTML, like Gecko) Chrome/109.0.0.0 Safari/537.36"
18.157.125.26 - - [21/Feb/2025:11:22:28 +0100] "GET /Jurek/eurofirany/images/440409/0.jpg HTTP/2.0" 200 138784 "-" "Mozilla/5.0 (Windows NT 10.0; Win64; x64) AppleWebKit/537.36 (KHTML, like Gecko) Chrome/109.0.0.0 Safari/537.36"
18.157.125.26 - - [21/Feb/2025:11:22:28 +0100] "GET /Jurek/eurofirany/images/440423/0.jpg HTTP/2.0" 200 83840 "-" "Mozilla/5.0 (Windows NT 10.0; Win64; x64) AppleWebKit/537.36 (KHTML, like Gecko) Chrome/109.0.0.0 Safari/537.36"
77.79.248.229 - - [21/Feb/2025:11:22:38 +0100] "GET /Jurek/motofan/feeds/motofan_bol.xml HTTP/1.1" 200 2392421 "-" "Python-urllib/3.11"
193.33.8.61 - - [21/Feb/2025:11:22:54 +0100] "GET /Jurek/urwiskowo/feeds/urwiskowo_bol.xml HTTP/2.0" 200 9114986 "https://konsola.dkkapusta1997.usermd.net/" "Mozilla/5.0 (Windows NT 10.0; Win64; x64) AppleWebKit/537.36 (KHTML, like Gecko) Chrome/132.0.0.0 Safari/537.36"
77.79.248.229 - - [21/Feb/2025:11:22:58 +0100] "GET /Jurek/urwiskowo/feeds/urwiskowo_bol.xml HTTP/1.1" 200 9114986 "-" "Python-urllib/3.11"
193.33.8.61 - - [21/Feb/2025:11:23:04 +0100] "GET /Jurek/livinhill/feeds/livinhill_bol.xml HTTP/2.0" 200 1434932 "https://konsola.dkkapusta1997.usermd.net/" "Mozilla/5.0 (Windows NT 10.0; Win64; x64) AppleWebKit/537.36 (KHTML, like Gecko) Chrome/132.0.0.0 Safari/537.36"
77.79.248.229 - - [21/Feb/2025:11:23:10 +0100] "GET /Jurek/livinhill/feeds/livinhill_bol.xml HTTP/1.1" 200 1434932 "-" "Python-urllib/3.11"
193.33.8.61 - - [21/Feb/2025:11:23:25 +0100] "GET /Jurek/benetech/feeds/benetech_bol.xml HTTP/2.0" 200 4451799 "https://konsola.dkkapusta1997.usermd.net/" "Mozilla/5.0 (Windows NT 10.0; Win64; x64) AppleWebKit/537.36 (KHTML, like Gecko) Chrome/132.0.0.0 Safari/537.36"
77.79.248.229 - - [21/Feb/2025:11:23:30 +0100] "GET /Jurek/benetech/feeds/benetech_bol.xml HTTP/1.1" 200 4451799 "-" "Python-urllib/3.11"
193.33.8.61 - - [21/Feb/2025:11:23:38 +0100] "GET /Jurek/ekolight/feeds/ekolight_bol.xml HTTP/2.0" 200 9051617 "https://konsola.dkkapusta1997.usermd.net/" "Mozilla/5.0 (Windows NT 10.0; Win64; x64) AppleWebKit/537.36 (KHTML, like Gecko) Chrome/132.0.0.0 Safari/537.36"
77.79.248.229 - - [21/Feb/2025:11:23:42 +0100] "GET /Jurek/ekolight/feeds/ekolight_bol.xml HTTP/1.1" 200 9051617 "-" "Python-urllib/3.11"
193.33.8.61 - - [21/Feb/2025:11:23:53 +0100] "GET /Jurek/eurofirany/feeds/eurofirany_bol.xml HTTP/2.0" 200 18979583 "https://konsola.dkkapusta1997.usermd.net/" "Mozilla/5.0 (Windows NT 10.0; Win64; x64) AppleWebKit/537.36 (KHTML, like Gecko) Chrome/132.0.0.0 Safari/537.36"
77.79.248.229 - - [21/Feb/2025:11:24:03 +0100] "GET /Jurek/eurofirany/feeds/eurofirany_bol.xml HTTP/1.1" 200 18979583 "-" "Python-urllib/3.11"
193.33.8.61 - - [21/Feb/2025:11:24:13 +0100] "GET /Jurek/eurofryz/feeds/eurofryz_bol.xml HTTP/2.0" 200 2388132 "https://konsola.dkkapusta1997.usermd.net/" "Mozilla/5.0 (Windows NT 10.0; Win64; x64) AppleWebKit/537.36 (KHTML, like Gecko) Chrome/132.0.0.0 Safari/537.36"
77.79.248.229 - - [21/Feb/2025:11:24:17 +0100] "GET /Jurek/eurofryz/feeds/eurofryz_bol.xml HTTP/1.1" 200 2388132 "-" "Python-urllib/3.11"
193.33.8.61 - - [21/Feb/2025:11:24:23 +0100] "GET /Jurek/eurofryz2/feeds/eurofryz2_bol.xml HTTP/2.0" 304 0 "https://konsola.dkkapusta1997.usermd.net/" "Mozilla/5.0 (Windows NT 10.0; Win64; x64) AppleWebKit/537.36 (KHTML, like Gecko) Chrome/132.0.0.0 Safari/537.36"
77.79.248.229 - - [21/Feb/2025:11:24:32 +0100] "GET /Jurek/eurofryz2/feeds/eurofryz2_bol.xml HTTP/1.1" 200 1376574 "-" "Python-urllib/3.11"
193.33.8.61 - - [21/Feb/2025:11:24:37 +0100] "GET /Jurek/eurofryz3/feeds/eurofryz3_bol.xml HTTP/2.0" 304 0 "https://konsola.dkkapusta1997.usermd.net/" "Mozilla/5.0 (Windows NT 10.0; Win64; x64) AppleWebKit/537.36 (KHTML, like Gecko) Chrome/132.0.0.0 Safari/537.36"
77.79.248.229 - - [21/Feb/2025:11:24:44 +0100] "GET /Jurek/eurofryz3/feeds/eurofryz3_bol.xml HTTP/1.1" 200 172212 "-" "Python-urllib/3.11"
193.33.8.61 - - [21/Feb/2025:11:24:50 +0100] "GET /Jurek/rider/feeds/rider_bol.xml HTTP/2.0" 200 8165139 "https://konsola.dkkapusta1997.usermd.net/" "Mozilla/5.0 (Windows NT 10.0; Win64; x64) AppleWebKit/537.36 (KHTML, like Gecko) Chrome/132.0.0.0 Safari/537.36"
77.79.248.229 - - [21/Feb/2025:11:25:04 +0100] "GET /Jurek/rider/feeds/rider_bol.xml HTTP/1.1" 200 8165139 "-" "Python-urllib/3.11"
193.33.8.61 - - [21/Feb/2025:11:25:10 +0100] "GET /Jurek/aiofactory/feeds/aiofactory_bol.xml HTTP/2.0" 200 2180299 "https://konsola.dkkapusta1997.usermd.net/" "Mozilla/5.0 (Windows NT 10.0; Win64; x64) AppleWebKit/537.36 (KHTML, like Gecko) Chrome/132.0.0.0 Safari/537.36"
77.79.248.229 - - [21/Feb/2025:11:25:19 +0100] "GET /Jurek/aiofactory/feeds/aiofactory_bol.xml HTTP/1.1" 200 2180299 "-" "Python-urllib/3.11"
193.33.8.61 - - [21/Feb/2025:11:25:24 +0100] "GET /Jurek/spali/feeds/spali_bol.xml HTTP/2.0" 200 101945 "https://konsola.dkkapusta1997.usermd.net/" "Mozilla/5.0 (Windows NT 10.0; Win64; x64) AppleWebKit/537.36 (KHTML, like Gecko) Chrome/132.0.0.0 Safari/537.36"
77.79.248.229 - - [21/Feb/2025:11:25:33 +0100] "GET /Jurek/spali/feeds/spali_bol.xml HTTP/1.1" 200 101945 "-" "Python-urllib/3.11"
193.33.8.61 - - [21/Feb/2025:11:25:44 +0100] "GET /Jurek/primohurt/feeds/primohurt_bol.xml HTTP/2.0" 200 17186583 "https://konsola.dkkapusta1997.usermd.net/" "Mozilla/5.0 (Windows NT 10.0; Win64; x64) AppleWebKit/537.36 (KHTML, like Gecko) Chrome/132.0.0.0 Safari/537.36"
77.79.248.229 - - [21/Feb/2025:11:25:46 +0100] "GET /Jurek/primohurt/feeds/primohurt_bol.xml HTTP/1.1" 200 17186583 "-" "Python-urllib/3.11"
193.33.8.61 - - [21/Feb/2025:11:25:56 +0100] "GET /Jurek/oromed/feeds/oromed_BOL.xml HTTP/2.0" 200 983794 "https://konsola.dkkapusta1997.usermd.net/" "Mozilla/5.0 (Windows NT 10.0; Win64; x64) AppleWebKit/537.36 (KHTML, like Gecko) Chrome/132.0.0.0 Safari/537.36"
46.101.116.244 - - [21/Feb/2025:11:26:04 +0100] "GET /Jurek/fernity/feeds/fernity_manomano.xml HTTP/1.0" 200 5083455 "-" "-"
77.79.248.229 - - [21/Feb/2025:11:26:05 +0100] "GET /Jurek/oromed/feeds/oromed_BOL.xml HTTP/1.1" 200 983794 "-" "Python-urllib/3.11"
89.161.206.59 - - [21/Feb/2025:11:26:10 +0100] "GET /Jurek/eurofirany/feeds/eurofirany_manomanofr.xml HTTP/1.0" 200 18979636 "-" "-"
193.33.8.61 - - [21/Feb/2025:11:26:12 +0100] "GET /Jurek/combine/feeds/combine_bol.xml HTTP/2.0" 200 210556 "https://konsola.dkkapusta1997.usermd.net/" "Mozilla/5.0 (Windows NT 10.0; Win64; x64) AppleWebKit/537.36 (KHTML, like Gecko) Chrome/132.0.0.0 Safari/537.36"
89.161.206.59 - - [21/Feb/2025:11:26:19 +0100] "GET /Jurek/unimet/feeds/unimet_cdisFI.xml HTTP/1.0" 200 61156108 "-" "-"
77.79.248.229 - - [21/Feb/2025:11:26:21 +0100] "GET /Jurek/combine/feeds/combine_bol.xml HTTP/1.1" 200 210556 "-" "Python-urllib/3.11"
193.33.8.61 - - [21/Feb/2025:11:26:29 +0100] "GET /Jurek/swiatecznygoliat/feeds/swiatecznygoliat_bol.xml HTTP/2.0" 200 7054401 "https://konsola.dkkapusta1997.usermd.net/" "Mozilla/5.0 (Windows NT 10.0; Win64; x64) AppleWebKit/537.36 (KHTML, like Gecko) Chrome/132.0.0.0 Safari/537.36"
77.79.248.229 - - [21/Feb/2025:11:26:48 +0100] "GET /Jurek/swiatecznygoliat/feeds/swiatecznygoliat_bol.xml HTTP/1.1" 200 7054401 "-" "Python-urllib/3.11"
77.79.248.229 - - [21/Feb/2025:11:26:53 +0100] "GET /Jurek/aw/feeds/awnarzedzia_pigu.xml HTTP/1.1" 200 90209474 "-" "Python-urllib/3.11"
77.79.248.229 - - [21/Feb/2025:11:26:54 +0100] "GET /Jurek/aw/feeds/awnarzedzia_piguFI.xml HTTP/1.1" 200 90211411 "-" "Python-urllib/3.11"
77.79.248.229 - - [21/Feb/2025:11:26:54 +0100] "GET /Jurek/eurofirany/feeds/eurofirany_pigu.xml HTTP/1.1" 200 18978221 "-" "Python-urllib/3.11"
77.79.248.229 - - [21/Feb/2025:11:26:55 +0100] "GET /Jurek/eurofirany/feeds/eurofirany_piguFI.xml HTTP/1.1" 200 18979496 "-" "Python-urllib/3.11"
193.33.8.61 - - [21/Feb/2025:11:26:56 +0100] "GET /Jurek/pupus/feeds/pupus_bol.xml HTTP/2.0" 200 6154282 "https://konsola.dkkapusta1997.usermd.net/" "Mozilla/5.0 (Windows NT 10.0; Win64; x64) AppleWebKit/537.36 (KHTML, like Gecko) Chrome/132.0.0.0 Safari/537.36"
77.79.248.229 - - [21/Feb/2025:11:26:57 +0100] "GET /Jurek/activeshop/feeds/activeshop_pigu.xml HTTP/1.1" 200 10460530 "-" "Python-urllib/3.11"
77.79.248.229 - - [21/Feb/2025:11:26:57 +0100] "GET /Jurek/activeshop/feeds/activeshop_piguFI.xml HTTP/1.1" 200 10460588 "-" "Python-urllib/3.11"
77.79.248.229 - - [21/Feb/2025:11:26:58 +0100] "GET /Jurek/action/feeds/action_pigu.xml HTTP/1.1" 200 55163860 "-" "Python-urllib/3.11"
77.79.248.229 - - [21/Feb/2025:11:26:59 +0100] "GET /Jurek/action/feeds/action_piguFI.xml HTTP/1.1" 200 55164861 "-" "Python-urllib/3.11"
77.79.248.229 - - [21/Feb/2025:11:27:05 +0100] "GET /Jurek/kinghoff/feeds/kinghoff_pigu.xml HTTP/1.1" 200 14247037 "-" "Python-urllib/3.11"
77.79.248.229 - - [21/Feb/2025:11:27:05 +0100] "GET /Jurek/kinghoff/feeds/kinghoff_piguFI.xml HTTP/1.1" 200 14247106 "-" "Python-urllib/3.11"
46.101.116.244 - - [21/Feb/2025:11:27:07 +0100] "GET /Jurek/eurofirany/feeds/eurofirany_erli.xml HTTP/1.0" 200 18983183 "-" "-"
77.79.248.229 - - [21/Feb/2025:11:27:07 +0100] "GET /Jurek/stema/feeds/stema_pigu.xml HTTP/1.1" 200 866780 "-" "Python-urllib/3.11"
77.79.248.229 - - [21/Feb/2025:11:27:07 +0100] "GET /Jurek/stema/feeds/stema_piguFI.xml HTTP/1.1" 200 442652 "-" "Python-urllib/3.11"
77.79.248.229 - - [21/Feb/2025:11:27:07 +0100] "GET /Jurek/pupus/feeds/pupus_bol.xml HTTP/1.1" 200 6154282 "-" "Python-urllib/3.11"
77.79.248.229 - - [21/Feb/2025:11:27:08 +0100] "GET /Jurek/ikonka/feeds/ikonka_pigu.xml HTTP/1.1" 200 22273652 "-" "Python-urllib/3.11"
77.79.248.229 - - [21/Feb/2025:11:27:08 +0100] "GET /Jurek/ikonka/feeds/ikonka_piguFI.xml HTTP/1.1" 200 22273708 "-" "Python-urllib/3.11"
77.79.248.229 - - [21/Feb/2025:11:27:10 +0100] "GET /Jurek/hurtownia_przemyslowa/feeds/hp_pigu.xml HTTP/1.1" 200 49707231 "-" "Python-urllib/3.11"
77.79.248.229 - - [21/Feb/2025:11:27:11 +0100] "GET /Jurek/hurtownia_przemyslowa/feeds/hp_piguFI.xml HTTP/1.1" 200 49707440 "-" "Python-urllib/3.11"
46.101.116.244 - - [21/Feb/2025:11:27:13 +0100] "GET /Jurek/kinghoff/feeds/kinghoff_velo.xml HTTP/1.0" 200 14247883 "-" "-"
193.33.8.61 - - [21/Feb/2025:11:27:13 +0100] "GET /Jurek/galopi/feeds/galopi_bol.xml HTTP/2.0" 200 1884697 "https://konsola.dkkapusta1997.usermd.net/" "Mozilla/5.0 (Windows NT 10.0; Win64; x64) AppleWebKit/537.36 (KHTML, like Gecko) Chrome/132.0.0.0 Safari/537.36"
77.79.248.229 - - [21/Feb/2025:11:27:14 +0100] "GET /Jurek/benbaby/feeds/benbaby_pigu.xml HTTP/1.1" 200 3781319 "-" "Python-urllib/3.11"
77.79.248.229 - - [21/Feb/2025:11:27:15 +0100] "GET /Jurek/benbaby/feeds/benbaby_piguFI.xml HTTP/1.1" 200 3781301 "-" "Python-urllib/3.11"
77.79.248.229 - - [21/Feb/2025:11:27:15 +0100] "GET /Jurek/bimboland/feeds/bimboland_pigu.xml HTTP/1.1" 200 2494393 "-" "Python-urllib/3.11"
77.79.248.229 - - [21/Feb/2025:11:27:15 +0100] "GET /Jurek/bimboland/feeds/bimboland_piguFI.xml HTTP/1.1" 200 2494399 "-" "Python-urllib/3.11"
77.79.248.229 - - [21/Feb/2025:11:27:15 +0100] "GET /Jurek/fernity/feeds/fernity_pigu.xml HTTP/1.1" 200 5083358 "-" "Python-urllib/3.11"
77.79.248.229 - - [21/Feb/2025:11:27:15 +0100] "GET /Jurek/fernity/feeds/fernity_piguFI.xml HTTP/1.1" 200 5083173 "-" "Python-urllib/3.11"
77.79.248.229 - - [21/Feb/2025:11:27:16 +0100] "GET /Jurek/unimet/feeds/unimet_pigu.xml HTTP/1.1" 200 61152822 "-" "Python-urllib/3.11"
89.161.206.59 - - [21/Feb/2025:11:27:16 +0100] "GET /Jurek/oromed/feeds/oromed_amazones.xml HTTP/1.0" 200 983786 "-" "-"
89.161.206.59 - - [21/Feb/2025:11:27:16 +0100] "GET /Jurek/oromed/feeds/oromed_amazonse.xml HTTP/1.0" 200 983978 "-" "-"
77.79.248.229 - - [21/Feb/2025:11:27:17 +0100] "GET /Jurek/unimet/feeds/unimet_piguFI.xml HTTP/1.1" 200 61153967 "-" "Python-urllib/3.11"
89.161.206.59 - - [21/Feb/2025:11:27:17 +0100] "GET /Jurek/oromed/feeds/oromed_amazonbe.xml HTTP/1.0" 200 983796 "-" "-"
77.79.248.229 - - [21/Feb/2025:11:27:17 +0100] "GET /Jurek/barbecook/feeds/barbecook_pigu.xml HTTP/1.1" 200 87528 "-" "Python-urllib/3.11"
77.79.248.229 - - [21/Feb/2025:11:27:17 +0100] "GET /Jurek/barbecook/feeds/barbecook_piguFI.xml HTTP/1.1" 200 87534 "-" "Python-urllib/3.11"
89.161.206.59 - - [21/Feb/2025:11:27:17 +0100] "GET /Jurek/oromed/feeds/oromed_amazonfr.xml HTTP/1.0" 200 983798 "-" "-"
89.161.206.59 - - [21/Feb/2025:11:27:17 +0100] "GET /Jurek/oromed/feeds/oromed_amazonit.xml HTTP/1.0" 200 983791 "-" "-"
77.79.248.229 - - [21/Feb/2025:11:27:20 +0100] "GET /Jurek/b3/feeds/b3_pigu.xml HTTP/1.1" 200 7165881 "-" "Python-urllib/3.11"
77.79.248.229 - - [21/Feb/2025:11:27:20 +0100] "GET /Jurek/b3/feeds/b3_piguFI.xml HTTP/1.1" 200 7165992 "-" "Python-urllib/3.11"
77.79.248.229 - - [21/Feb/2025:11:27:20 +0100] "GET /Jurek/satya/feeds/satya_pigu.xml HTTP/1.1" 200 2235198 "-" "Python-urllib/3.11"
77.79.248.229 - - [21/Feb/2025:11:27:20 +0100] "GET /Jurek/satya/feeds/satya_piguFI.xml HTTP/1.1" 200 2235173 "-" "Python-urllib/3.11"
77.79.248.229 - - [21/Feb/2025:11:27:21 +0100] "GET /Jurek/beliani/feeds/beliani_pigu.xml HTTP/1.1" 200 31930981 "-" "Python-urllib/3.11"
77.79.248.229 - - [21/Feb/2025:11:27:22 +0100] "GET /Jurek/beliani/feeds/beliani_pigu_fi.xml HTTP/1.1" 200 31931557 "-" "Python-urllib/3.11"
77.79.248.229 - - [21/Feb/2025:11:27:22 +0100] "GET /Jurek/galopi/feeds/galopi_bol.xml HTTP/1.1" 200 1884697 "-" "Python-urllib/3.11"
77.79.248.229 - - [21/Feb/2025:11:27:22 +0100] "GET /Jurek/octopia/feeds/octopia_pigu.xml HTTP/1.1" 200 10586630 "-" "Python-urllib/3.11"
77.79.248.229 - - [21/Feb/2025:11:27:22 +0100] "GET /Jurek/octopia/feeds/octopia_piguFI.xml HTTP/1.1" 200 10587020 "-" "Python-urllib/3.11"
77.79.248.229 - - [21/Feb/2025:11:27:23 +0100] "GET /Jurek/rovicky/feeds/rovicky_pigu.xml HTTP/1.1" 200 13946393 "-" "Python-urllib/3.11"
77.79.248.229 - - [21/Feb/2025:11:27:23 +0100] "GET /Jurek/rovicky/feeds/rovicky_piguFI.xml HTTP/1.1" 200 13946125 "-" "Python-urllib/3.11"
77.79.248.229 - - [21/Feb/2025:11:27:23 +0100] "GET /Jurek/topeshop/feeds/topeshop_pigu.xml HTTP/1.1" 200 2394549 "-" "Python-urllib/3.11"
77.79.248.229 - - [21/Feb/2025:11:27:23 +0100] "GET /Jurek/topeshop/feeds/topeshop_piguFI.xml HTTP/1.1" 200 2394582 "-" "Python-urllib/3.11"
77.79.248.229 - - [21/Feb/2025:11:27:23 +0100] "GET /Jurek/candellux_new/feeds/candellux_pigu.xml HTTP/1.1" 404 3551 "-" "Python-urllib/3.11"
77.79.248.229 - - [21/Feb/2025:11:27:23 +0100] "GET /Jurek/candellux_new/feeds/candellux_piguFI.xml HTTP/1.1" 404 3551 "-" "Python-urllib/3.11"
77.79.248.229 - - [21/Feb/2025:11:27:23 +0100] "GET /Jurek/asortymenteu/feeds/asortymenteu_pigu.xml HTTP/1.1" 200 2541148 "-" "Python-urllib/3.11"
77.79.248.229 - - [21/Feb/2025:11:27:23 +0100] "GET /Jurek/asortymenteu/feeds/asortymenteu_piguFI.xml HTTP/1.1" 200 2541143 "-" "Python-urllib/3.11"
77.79.248.229 - - [21/Feb/2025:11:27:24 +0100] "GET /Jurek/swiatecznygoliat/feeds/swiatecznygoliat_pigu.xml HTTP/1.1" 200 7054315 "-" "Python-urllib/3.11"
77.79.248.229 - - [21/Feb/2025:11:27:24 +0100] "GET /Jurek/swiatecznygoliat/feeds/swiatecznygoliat_piguFI.xml HTTP/1.1" 200 7054391 "-" "Python-urllib/3.11"
77.79.248.229 - - [21/Feb/2025:11:27:24 +0100] "GET /Jurek/oromed/feeds/oromed_pigu.xml HTTP/1.1" 200 983791 "-" "Python-urllib/3.11"
77.79.248.229 - - [21/Feb/2025:11:27:24 +0100] "GET /Jurek/oromed/feeds/oromed_piguFI.xml HTTP/1.1" 200 983789 "-" "Python-urllib/3.11"
77.79.248.229 - - [21/Feb/2025:11:27:24 +0100] "GET /Jurek/hurtmeblowy/feeds/hurtmeblowy_pigu.xml HTTP/1.1" 200 8038218 "-" "Python-urllib/3.11"
77.79.248.229 - - [21/Feb/2025:11:27:24 +0100] "GET /Jurek/hurtmeblowy/feeds/hurtmeblowy_piguFI.xml HTTP/1.1" 200 8038338 "-" "Python-urllib/3.11"
77.79.248.229 - - [21/Feb/2025:11:27:25 +0100] "GET /Jurek/ekuchcikowo/feeds/ekuchcikowo_pigu.xml HTTP/1.1" 200 12655176 "-" "Python-urllib/3.11"
77.79.248.229 - - [21/Feb/2025:11:27:25 +0100] "GET /Jurek/ekuchcikowo/feeds/ekuchcikowo_piguFI.xml HTTP/1.1" 200 12655231 "-" "Python-urllib/3.11"
77.79.248.229 - - [21/Feb/2025:11:27:25 +0100] "GET /Jurek/fertone/feeds/fertone_pigu.xml HTTP/1.1" 200 626017 "-" "Python-urllib/3.11"
77.79.248.229 - - [21/Feb/2025:11:27:25 +0100] "GET /Jurek/fertone/feeds/fertone_piguFI.xml HTTP/1.1" 200 626036 "-" "Python-urllib/3.11"
77.79.248.229 - - [21/Feb/2025:11:27:25 +0100] "GET /Jurek/benetech/feeds/benetech_pigu.xml HTTP/1.1" 200 4451801 "-" "Python-urllib/3.11"
77.79.248.229 - - [21/Feb/2025:11:27:25 +0100] "GET /Jurek/benetech/feeds/benetech_piguFI.xml HTTP/1.1" 200 4451830 "-" "Python-urllib/3.11"
77.79.248.229 - - [21/Feb/2025:11:27:26 +0100] "GET /Jurek/ekolight/feeds/ekolioght_pigu.xml HTTP/1.1" 200 9051670 "-" "Python-urllib/3.11"
77.79.248.229 - - [21/Feb/2025:11:27:26 +0100] "GET /Jurek/ekolight/feeds/ekolioght_piguFI.xml HTTP/1.1" 200 9051921 "-" "Python-urllib/3.11"
77.79.248.229 - - [21/Feb/2025:11:27:26 +0100] "GET /Jurek/cbdgreen/feeds/cbdgreen_pigu.xml HTTP/1.1" 200 50236 "-" "Python-urllib/3.11"
77.79.248.229 - - [21/Feb/2025:11:27:26 +0100] "GET /Jurek/cbdgreen/feeds/cbdgreen_piguFI.xml HTTP/1.1" 200 50235 "-" "Python-urllib/3.11"
77.79.248.229 - - [21/Feb/2025:11:27:26 +0100] "GET /Jurek/pawonik/feeds/pawonik_pigu.xml HTTP/1.1" 200 2534436 "-" "Python-urllib/3.11"
77.79.248.229 - - [21/Feb/2025:11:27:26 +0100] "GET /Jurek/pawonik/feeds/pawonik_piguFI.xml HTTP/1.1" 200 2534414 "-" "Python-urllib/3.11"
77.79.248.229 - - [21/Feb/2025:11:27:26 +0100] "GET /Jurek/mosti/feeds/mosti_pigu.xml HTTP/1.1" 200 9250038 "-" "Python-urllib/3.11"
77.79.248.229 - - [21/Feb/2025:11:27:27 +0100] "GET /Jurek/mosti/feeds/mosti_piguFI.xml HTTP/1.1" 200 9250026 "-" "Python-urllib/3.11"
77.79.248.229 - - [21/Feb/2025:11:27:27 +0100] "GET /Jurek/artdog/feeds/artdog_pigu.xml HTTP/1.1" 200 15929537 "-" "Python-urllib/3.11"
77.79.248.229 - - [21/Feb/2025:11:27:27 +0100] "GET /Jurek/artdog/feeds/artdog_piguFI.xml HTTP/1.1" 200 15929919 "-" "Python-urllib/3.11"
77.79.248.229 - - [21/Feb/2025:11:27:27 +0100] "GET /Jurek/amzteam/feeds/amzteam_pigu.xml HTTP/1.1" 200 97872 "-" "Python-urllib/3.11"
77.79.248.229 - - [21/Feb/2025:11:27:27 +0100] "GET /Jurek/amzteam/feeds/amzteam_piguFI.xml HTTP/1.1" 200 97881 "-" "Python-urllib/3.11"
77.79.248.229 - - [21/Feb/2025:11:27:27 +0100] "GET /Jurek/kambukka/feeds/kambukka_pigu.xml HTTP/1.1" 200 1043778 "-" "Python-urllib/3.11"
77.79.248.229 - - [21/Feb/2025:11:27:27 +0100] "GET /Jurek/kambukka/feeds/kambukka_piguFI.xml HTTP/1.1" 200 1043634 "-" "Python-urllib/3.11"
77.79.248.229 - - [21/Feb/2025:11:27:27 +0100] "GET /Jurek/narzbud/feeds/narzbud_pigu.xml HTTP/1.1" 200 1958303 "-" "Python-urllib/3.11"
77.79.248.229 - - [21/Feb/2025:11:27:28 +0100] "GET /Jurek/narzbud/feeds/narzbud_piguFI.xml HTTP/1.1" 200 1958324 "-" "Python-urllib/3.11"
77.79.248.229 - - [21/Feb/2025:11:27:28 +0100] "GET /Jurek/livinhill/feeds/livinhill_pigu.xml HTTP/1.1" 200 1434920 "-" "Python-urllib/3.11"
77.79.248.229 - - [21/Feb/2025:11:27:28 +0100] "GET /Jurek/livinhill/feeds/livinhill_piguFI.xml HTTP/1.1" 200 1434946 "-" "Python-urllib/3.11"
77.79.248.229 - - [21/Feb/2025:11:27:28 +0100] "GET /Jurek/pagmil/feeds/pagmil_pigu.xml HTTP/1.1" 200 1705668 "-" "Python-urllib/3.11"
77.79.248.229 - - [21/Feb/2025:11:27:28 +0100] "GET /Jurek/pagmil/feeds/pagmil_piguFI.xml HTTP/1.1" 200 1705658 "-" "Python-urllib/3.11"
77.79.248.229 - - [21/Feb/2025:11:27:28 +0100] "GET /Jurek/targethome/feeds/targethome_pigu.xml HTTP/1.1" 200 683568 "-" "Python-urllib/3.11"
77.79.248.229 - - [21/Feb/2025:11:27:28 +0100] "GET /Jurek/targethome/feeds/targethome_piguFI.xml HTTP/1.1" 200 683582 "-" "Python-urllib/3.11"
77.79.248.229 - - [21/Feb/2025:11:27:28 +0100] "GET /Jurek/hdwr/feeds/hdwr_pigu.xml HTTP/1.1" 200 777775 "-" "Python-urllib/3.11"
77.79.248.229 - - [21/Feb/2025:11:27:28 +0100] "GET /Jurek/hdwr/feeds/hdwr_piguFI.xml HTTP/1.1" 200 777791 "-" "Python-urllib/3.11"
77.79.248.229 - - [21/Feb/2025:11:27:29 +0100] "GET /Jurek/winoszarnia/feeds/winoszarnia_pigu.xml HTTP/1.1" 200 6130582 "-" "Python-urllib/3.11"
77.79.248.229 - - [21/Feb/2025:11:27:29 +0100] "GET /Jurek/winoszarnia/feeds/winoszarnia_piguFI.xml HTTP/1.1" 200 6130597 "-" "Python-urllib/3.11"
77.79.248.229 - - [21/Feb/2025:11:27:29 +0100] "GET /Jurek/sempler/feeds/sempler_pigu.xml HTTP/1.1" 200 6553227 "-" "Python-urllib/3.11"
77.79.248.229 - - [21/Feb/2025:11:27:29 +0100] "GET /Jurek/sempler/feeds/sempler_piguFI.xml HTTP/1.1" 200 6553258 "-" "Python-urllib/3.11"
77.79.248.229 - - [21/Feb/2025:11:27:29 +0100] "GET /Jurek/waks/feeds/waks_pigu.xml HTTP/1.1" 200 6332861 "-" "Python-urllib/3.11"
77.79.248.229 - - [21/Feb/2025:11:27:29 +0100] "GET /Jurek/waks/feeds/waks_piguFI.xml HTTP/1.1" 200 6332895 "-" "Python-urllib/3.11"
77.79.248.229 - - [21/Feb/2025:11:27:30 +0100] "GET /Jurek/eroplace/feeds/eroplace_pigu.xml HTTP/1.1" 200 30849185 "-" "Python-urllib/3.11"
77.79.248.229 - - [21/Feb/2025:11:27:30 +0100] "GET /Jurek/eroplace/feeds/eroplace_piguFI.xml HTTP/1.1" 200 30848129 "-" "Python-urllib/3.11"
77.79.248.229 - - [21/Feb/2025:11:27:30 +0100] "GET /Jurek/rovato/feeds/rovato_pigu.xml HTTP/1.1" 200 357979 "-" "Python-urllib/3.11"
77.79.248.229 - - [21/Feb/2025:11:27:30 +0100] "GET /Jurek/rovato/feeds/rovato_piguFI.xml HTTP/1.1" 200 357973 "-" "Python-urllib/3.11"
77.79.248.229 - - [21/Feb/2025:11:27:30 +0100] "GET /Jurek/drops/feeds/dropsofficecolection_pigu.xml HTTP/1.1" 200 787906 "-" "Python-urllib/3.11"
77.79.248.229 - - [21/Feb/2025:11:27:30 +0100] "GET /Jurek/drops/feeds/dropsofficecolection_piguFI.xml HTTP/1.1" 200 787940 "-" "Python-urllib/3.11"
77.79.248.229 - - [21/Feb/2025:11:27:30 +0100] "GET /Jurek/szpaklampy/feeds/szpaklampy_pigu.xml HTTP/1.1" 200 416435 "-" "Python-urllib/3.11"
77.79.248.229 - - [21/Feb/2025:11:27:31 +0100] "GET /Jurek/szpaklampy/feeds/szpaklampy_piguFI.xml HTTP/1.1" 200 416448 "-" "Python-urllib/3.11"
77.79.248.229 - - [21/Feb/2025:11:27:31 +0100] "GET /Jurek/velinda/feeds/velinda_pigu.xml HTTP/1.1" 200 4282014 "-" "Python-urllib/3.11"
77.79.248.229 - - [21/Feb/2025:11:27:31 +0100] "GET /Jurek/velinda/feeds/velinda_piguFI.xml HTTP/1.1" 200 4282265 "-" "Python-urllib/3.11"
77.79.248.229 - - [21/Feb/2025:11:27:31 +0100] "GET /Jurek/ralmetal/feeds/ralmetal_pigu.xml HTTP/1.1" 200 1786736 "-" "Python-urllib/3.11"
77.79.248.229 - - [21/Feb/2025:11:27:31 +0100] "GET /Jurek/ralmetal/feeds/ralmetal_piguFI.xml HTTP/1.1" 200 1786797 "-" "Python-urllib/3.11"
77.79.248.229 - - [21/Feb/2025:11:27:35 +0100] "GET /Jurek/intsell/feeds/intsell_pigu.xml HTTP/1.1" 200 338785758 "-" "Python-urllib/3.11"
77.79.248.229 - - [21/Feb/2025:11:27:40 +0100] "GET /Jurek/intsell/feeds/intsell_piguFI.xml HTTP/1.1" 200 338785914 "-" "Python-urllib/3.11"
77.79.248.229 - - [21/Feb/2025:11:27:40 +0100] "GET /Jurek/bisanti/feeds/bisanti_pigu.xml HTTP/1.1" 200 1132507 "-" "Python-urllib/3.11"
77.79.248.229 - - [21/Feb/2025:11:27:40 +0100] "GET /Jurek/bisanti/feeds/bisanti_piguFI.xml HTTP/1.1" 200 1132500 "-" "Python-urllib/3.11"
77.79.248.229 - - [21/Feb/2025:11:27:40 +0100] "GET /Jurek/spali/feeds/spali_pigu.xml HTTP/1.1" 200 101948 "-" "Python-urllib/3.11"
77.79.248.229 - - [21/Feb/2025:11:27:41 +0100] "GET /Jurek/spali/feeds/spali_piguFI.xml HTTP/1.1" 200 101947 "-" "Python-urllib/3.11"
77.79.248.229 - - [21/Feb/2025:11:27:41 +0100] "GET /Jurek/edruk/feeds/edruk_pigu.xml HTTP/1.1" 200 13452663 "-" "Python-urllib/3.11"
77.79.248.229 - - [21/Feb/2025:11:27:41 +0100] "GET /Jurek/edruk/feeds/edruk_piguFI.xml HTTP/1.1" 200 13452733 "-" "Python-urllib/3.11"
77.79.248.229 - - [21/Feb/2025:11:27:41 +0100] "GET /Jurek/eldar/feeds/eldar_pigu.xml HTTP/1.1" 200 7329359 "-" "Python-urllib/3.11"
77.79.248.229 - - [21/Feb/2025:11:27:41 +0100] "GET /Jurek/eldar/feeds/eldar_piguFI.xml HTTP/1.1" 200 7329592 "-" "Python-urllib/3.11"
77.79.248.229 - - [21/Feb/2025:11:27:42 +0100] "GET /Jurek/combine/feeds/combine_pigu.xml HTTP/1.1" 200 210554 "-" "Python-urllib/3.11"
77.79.248.229 - - [21/Feb/2025:11:27:42 +0100] "GET /Jurek/combine/feeds/combine_piguFI.xml HTTP/1.1" 200 210556 "-" "Python-urllib/3.11"
77.79.248.229 - - [21/Feb/2025:11:27:42 +0100] "GET /Jurek/urwiskowo/feeds/urwiskowo_pigu.xml HTTP/1.1" 200 9114956 "-" "Python-urllib/3.11"
77.79.248.229 - - [21/Feb/2025:11:27:42 +0100] "GET /Jurek/urwiskowo/feeds/urwiskowo_piguFI.xml HTTP/1.1" 200 9114924 "-" "Python-urllib/3.11"
77.79.248.229 - - [21/Feb/2025:11:27:42 +0100] "GET /Jurek/reman/feeds/reman_pigu.xml HTTP/1.1" 200 1394831 "-" "Python-urllib/3.11"
77.79.248.229 - - [21/Feb/2025:11:27:42 +0100] "GET /Jurek/reman/feeds/reman_piguFI.xml HTTP/1.1" 200 1394832 "-" "Python-urllib/3.11"
77.79.248.229 - - [21/Feb/2025:11:27:42 +0100] "GET /Jurek/kobi/feeds/kobi_pigu.xml HTTP/1.1" 200 1993207 "-" "Python-urllib/3.11"
77.79.248.229 - - [21/Feb/2025:11:27:42 +0100] "GET /Jurek/kobi/feeds/kobi_piguFI.xml HTTP/1.1" 200 1993252 "-" "Python-urllib/3.11"
77.79.248.229 - - [21/Feb/2025:11:27:43 +0100] "GET /Jurek/evil/feeds/evil_pigu.xml HTTP/1.1" 200 306378 "-" "Python-urllib/3.11"
77.79.248.229 - - [21/Feb/2025:11:27:43 +0100] "GET /Jurek/evil/feeds/evil_piguFI.xml HTTP/1.1" 200 306383 "-" "Python-urllib/3.11"
77.79.248.229 - - [21/Feb/2025:11:27:43 +0100] "GET /Jurek/erohurtownia/feeds/erohurtownia_pigu.xml HTTP/1.1" 200 23303882 "-" "Python-urllib/3.11"
77.79.248.229 - - [21/Feb/2025:11:27:43 +0100] "GET /Jurek/erohurtownia/feeds/erohurtownia_piguFI.xml HTTP/1.1" 200 23304166 "-" "Python-urllib/3.11"
77.79.248.229 - - [21/Feb/2025:11:27:43 +0100] "GET /Jurek/wenom/feeds/wenom_pigu.xml HTTP/1.1" 200 583210 "-" "Python-urllib/3.11"
77.79.248.229 - - [21/Feb/2025:11:27:43 +0100] "GET /Jurek/wenom/feeds/wenom_piguFI.xml HTTP/1.1" 200 583210 "-" "Python-urllib/3.11"
77.79.248.229 - - [21/Feb/2025:11:27:44 +0100] "GET /Jurek/elecomp/feeds/elecomp_pigu.xml HTTP/1.1" 200 2869542 "-" "Python-urllib/3.11"
77.79.248.229 - - [21/Feb/2025:11:27:44 +0100] "GET /Jurek/elecomp/feeds/elecomp_piguFI.xml HTTP/1.1" 200 2869584 "-" "Python-urllib/3.11"
77.79.248.229 - - [21/Feb/2025:11:27:44 +0100] "GET /Jurek/qbox/feeds/qbox_pigu.xml HTTP/1.1" 200 398710 "-" "Python-urllib/3.11"
77.79.248.229 - - [21/Feb/2025:11:27:44 +0100] "GET /Jurek/qbox/feeds/qbox_piguFI.xml HTTP/1.1" 200 398725 "-" "Python-urllib/3.11"
77.79.248.229 - - [21/Feb/2025:11:27:44 +0100] "GET /Jurek/antiodor/feeds/antiodor_pigu.xml HTTP/1.1" 200 137858 "-" "Python-urllib/3.11"
77.79.248.229 - - [21/Feb/2025:11:27:44 +0100] "GET /Jurek/antiodor/feeds/antiodor_piguFI.xml HTTP/1.1" 200 137848 "-" "Python-urllib/3.11"
77.79.248.229 - - [21/Feb/2025:11:27:44 +0100] "GET /Jurek/motofan/feeds/motofan_pigu.xml HTTP/1.1" 200 2392362 "-" "Python-urllib/3.11"
77.79.248.229 - - [21/Feb/2025:11:27:44 +0100] "GET /Jurek/motofan/feeds/motofan_piguFI.xml HTTP/1.1" 200 2392422 "-" "Python-urllib/3.11"
77.79.248.229 - - [21/Feb/2025:11:27:44 +0100] "GET /Jurek/aiofactory/feeds/aiofactory_pigu.xml HTTP/1.1" 200 2180311 "-" "Python-urllib/3.11"
77.79.248.229 - - [21/Feb/2025:11:27:44 +0100] "GET /Jurek/aiofactory/feeds/aiofactory_piguFI.xml HTTP/1.1" 200 2180319 "-" "Python-urllib/3.11"
77.79.248.229 - - [21/Feb/2025:11:27:45 +0100] "GET /Jurek/ekotex/feeds/ekotex_pigu.xml HTTP/1.1" 200 197845 "-" "Python-urllib/3.11"
77.79.248.229 - - [21/Feb/2025:11:27:45 +0100] "GET /Jurek/ekotex/feeds/ekotex_piguFI.xml HTTP/1.1" 200 197845 "-" "Python-urllib/3.11"
77.79.248.229 - - [21/Feb/2025:11:27:45 +0100] "GET /Jurek/sartrix/feeds/sartrix_pigu.xml HTTP/1.1" 200 649118 "-" "Python-urllib/3.11"
77.79.248.229 - - [21/Feb/2025:11:27:45 +0100] "GET /Jurek/sartrix/feeds/sartrix_piguFI.xml HTTP/1.1" 200 649127 "-" "Python-urllib/3.11"
77.79.248.229 - - [21/Feb/2025:11:27:45 +0100] "GET /Jurek/twojsklep/feeds/twojsklep_pigu.xml HTTP/1.1" 200 126784 "-" "Python-urllib/3.11"
77.79.248.229 - - [21/Feb/2025:11:27:45 +0100] "GET /Jurek/twojsklep/feeds/twojsklep_piguFI.xml HTTP/1.1" 200 126797 "-" "Python-urllib/3.11"
77.79.248.229 - - [21/Feb/2025:11:27:45 +0100] "GET /Jurek/madrex/feeds/madrex_pigu.xml HTTP/1.1" 200 466699 "-" "Python-urllib/3.11"
77.79.248.229 - - [21/Feb/2025:11:27:45 +0100] "GET /Jurek/madrex/feeds/madrex_piguFI.xml HTTP/1.1" 200 466717 "-" "Python-urllib/3.11"
77.79.248.229 - - [21/Feb/2025:11:27:45 +0100] "GET /Jurek/domzapachy/feeds/domzapachy_pigu.xml HTTP/1.1" 200 179626 "-" "Python-urllib/3.11"
77.79.248.229 - - [21/Feb/2025:11:27:45 +0100] "GET /Jurek/domzapachy/feeds/domzapachy_piguFI.xml HTTP/1.1" 200 179626 "-" "Python-urllib/3.11"
77.79.248.229 - - [21/Feb/2025:11:27:45 +0100] "GET /Jurek/emaja24/feeds/emaja24_pigu.xml HTTP/1.1" 200 5110188 "-" "Python-urllib/3.11"
77.79.248.229 - - [21/Feb/2025:11:27:46 +0100] "GET /Jurek/emaja24/feeds/emaja24_piguFI.xml HTTP/1.1" 200 5110297 "-" "Python-urllib/3.11"
77.79.248.229 - - [21/Feb/2025:11:27:46 +0100] "GET /Jurek/luxma/feeds/luxma_pigu.xml HTTP/1.1" 200 8059017 "-" "Python-urllib/3.11"
77.79.248.229 - - [21/Feb/2025:11:27:46 +0100] "GET /Jurek/luxma/feeds/luxma_piguFI.xml HTTP/1.1" 200 8058934 "-" "Python-urllib/3.11"
77.79.248.229 - - [21/Feb/2025:11:27:46 +0100] "GET /Jurek/drewdon/feeds/drewdon_pigu.xml HTTP/1.1" 200 504448 "-" "Python-urllib/3.11"
77.79.248.229 - - [21/Feb/2025:11:27:46 +0100] "GET /Jurek/drewdon/feeds/drewdon_piguFI.xml HTTP/1.1" 200 504466 "-" "Python-urllib/3.11"
77.79.248.229 - - [21/Feb/2025:11:27:47 +0100] "GET /Jurek/zepnij/feeds/zepnij_pigu.xml HTTP/1.1" 200 19522880 "-" "Python-urllib/3.11"
77.79.248.229 - - [21/Feb/2025:11:27:47 +0100] "GET /Jurek/zepnij/feeds/zepnij_piguFI.xml HTTP/1.1" 200 19523077 "-" "Python-urllib/3.11"
77.79.248.229 - - [21/Feb/2025:11:27:47 +0100] "GET /Jurek/primohurt/feeds/primohurt_pigu.xml HTTP/1.1" 200 17186576 "-" "Python-urllib/3.11"
77.79.248.229 - - [21/Feb/2025:11:27:47 +0100] "GET /Jurek/primohurt/feeds/primohurt_piguFI.xml HTTP/1.1" 200 17186845 "-" "Python-urllib/3.11"
77.79.248.229 - - [21/Feb/2025:11:27:48 +0100] "GET /Jurek/dekoele/feeds/dekoele_pigu.xml HTTP/1.1" 200 733935 "-" "Python-urllib/3.11"
77.79.248.229 - - [21/Feb/2025:11:27:48 +0100] "GET /Jurek/dekoele/feeds/dekoele_piguFI.xml HTTP/1.1" 200 733939 "-" "Python-urllib/3.11"
77.79.248.229 - - [21/Feb/2025:11:27:48 +0100] "GET /Jurek/rider/feeds/rider_pigu.xml HTTP/1.1" 200 8165146 "-" "Python-urllib/3.11"
77.79.248.229 - - [21/Feb/2025:11:27:48 +0100] "GET /Jurek/rider/feeds/rider_piguFI.xml HTTP/1.1" 200 8165155 "-" "Python-urllib/3.11"
77.79.248.229 - - [21/Feb/2025:11:27:48 +0100] "GET /Jurek/expertauto/feeds/expertauto_pigu.xml HTTP/1.1" 200 1158910 "-" "Python-urllib/3.11"
77.79.248.229 - - [21/Feb/2025:11:27:48 +0100] "GET /Jurek/expertauto/feeds/expertauto_piguFI.xml HTTP/1.1" 200 1158914 "-" "Python-urllib/3.11"
77.79.248.229 - - [21/Feb/2025:11:27:50 +0100] "GET /Jurek/awparts/feeds/awparts_pigu.xml HTTP/1.1" 200 142301563 "-" "Python-urllib/3.11"
77.79.248.229 - - [21/Feb/2025:11:27:51 +0100] "GET /Jurek/awparts/feeds/awparts_piguFI.xml HTTP/1.1" 200 142304539 "-" "Python-urllib/3.11"
77.79.248.229 - - [21/Feb/2025:11:27:51 +0100] "GET /Jurek/pupus/feeds/pupus_pigu.xml HTTP/1.1" 200 6154623 "-" "Python-urllib/3.11"
77.79.248.229 - - [21/Feb/2025:11:27:51 +0100] "GET /Jurek/pupus/feeds/pupus_piguFI.xml HTTP/1.1" 200 6154649 "-" "Python-urllib/3.11"
77.79.248.229 - - [21/Feb/2025:11:27:51 +0100] "GET /Jurek/muminky/feeds/muminky_pigu.xml HTTP/1.1" 200 2677721 "-" "Python-urllib/3.11"
77.79.248.229 - - [21/Feb/2025:11:27:52 +0100] "GET /Jurek/muminky/feeds/muminky_piguFI.xml HTTP/1.1" 200 2677671 "-" "Python-urllib/3.11"
77.79.248.229 - - [21/Feb/2025:11:27:53 +0100] "GET /Jurek/hurtownia_przemyslowa/feeds/hp_piguex.xml HTTP/1.1" 200 49707887 "-" "Python-urllib/3.11"
77.79.248.229 - - [21/Feb/2025:11:27:53 +0100] "GET /Jurek/hurtownia_przemyslowa/feeds/hp_piguexFI.xml HTTP/1.1" 200 49707643 "-" "Python-urllib/3.11"
77.79.248.229 - - [21/Feb/2025:11:27:54 +0100] "GET /Jurek/hurtownia_przemyslowa/feeds/hp_piguex.xml HTTP/1.1" 200 49707887 "-" "Python-urllib/3.11"
77.79.248.229 - - [21/Feb/2025:11:27:54 +0100] "GET /Jurek/hurtownia_przemyslowa/feeds/hp_piguex.xml HTTP/1.1" 200 49707887 "-" "Python-urllib/3.11"
77.79.248.229 - - [21/Feb/2025:11:27:55 +0100] "GET /Jurek/topeshop/feeds/topeshop_piguEX.xml HTTP/1.1" 200 2394619 "-" "Python-urllib/3.11"
77.79.248.229 - - [21/Feb/2025:11:27:55 +0100] "GET /Jurek/topeshop/feeds/topeshop_piguFIEX.xml HTTP/1.1" 200 2394697 "-" "Python-urllib/3.11"
77.79.248.229 - - [21/Feb/2025:11:27:55 +0100] "GET /Jurek/topeshop/feeds/topeshop_piguEX.xml HTTP/1.1" 200 2394619 "-" "Python-urllib/3.11"
77.79.248.229 - - [21/Feb/2025:11:27:56 +0100] "GET /Jurek/topeshop/feeds/topeshop_piguEX.xml HTTP/1.1" 200 2394619 "-" "Python-urllib/3.11"
77.79.248.229 - - [21/Feb/2025:11:27:58 +0100] "GET /Jurek/awparts/feeds/awparts_piguEX.xml HTTP/1.1" 200 142242524 "-" "Python-urllib/3.11"
77.79.248.229 - - [21/Feb/2025:11:28:00 +0100] "GET /Jurek/awparts/feeds/awparts_pigufiEX.xml HTTP/1.1" 200 142247681 "-" "Python-urllib/3.11"
77.79.248.229 - - [21/Feb/2025:11:28:03 +0100] "GET /Jurek/awparts/feeds/awparts_piguEX.xml HTTP/1.1" 200 142242524 "-" "Python-urllib/3.11"
77.79.248.229 - - [21/Feb/2025:11:28:05 +0100] "GET /Jurek/awparts/feeds/awparts_piguEX.xml HTTP/1.1" 200 142242524 "-" "Python-urllib/3.11"
77.79.248.229 - - [21/Feb/2025:11:28:05 +0100] "GET /Jurek/expertauto/feeds/expertauto_piguEX.xml HTTP/1.1" 200 1158799 "-" "Python-urllib/3.11"
77.79.248.229 - - [21/Feb/2025:11:28:05 +0100] "GET /Jurek/expertauto/feeds/expertauto_pigufiEX.xml HTTP/1.1" 200 1158804 "-" "Python-urllib/3.11"
77.79.248.229 - - [21/Feb/2025:11:28:06 +0100] "GET /Jurek/expertauto/feeds/expertauto_piguEX.xml HTTP/1.1" 200 1158799 "-" "Python-urllib/3.11"
77.79.248.229 - - [21/Feb/2025:11:28:06 +0100] "GET /Jurek/expertauto/feeds/expertauto_piguEX.xml HTTP/1.1" 200 1158799 "-" "Python-urllib/3.11"
77.79.248.229 - - [21/Feb/2025:11:28:06 +0100] "GET /Jurek/rider/feeds/rider_piguEX.xml HTTP/1.1" 200 8164763 "-" "Python-urllib/3.11"
77.79.248.229 - - [21/Feb/2025:11:28:06 +0100] "GET /Jurek/rider/feeds/rider_pigufiEX.xml HTTP/1.1" 200 8164800 "-" "Python-urllib/3.11"
77.79.248.229 - - [21/Feb/2025:11:28:06 +0100] "GET /Jurek/rider/feeds/rider_piguEX.xml HTTP/1.1" 200 8164763 "-" "Python-urllib/3.11"
77.79.248.229 - - [21/Feb/2025:11:28:06 +0100] "GET /Jurek/rider/feeds/rider_piguEX.xml HTTP/1.1" 200 8164763 "-" "Python-urllib/3.11"
77.79.248.229 - - [21/Feb/2025:11:28:14 +0100] "GET /Jurek/naszedzieci/feeds/naszedzieci_piguEX.xml HTTP/1.1" 200 833838493 "-" "Python-urllib/3.11"
77.79.248.229 - - [21/Feb/2025:11:28:23 +0100] "GET /Jurek/naszedzieci/feeds/naszedzieci_pigufiEX.xml HTTP/1.1" 200 833844799 "-" "Python-urllib/3.11"
77.79.248.229 - - [21/Feb/2025:11:28:31 +0100] "GET /Jurek/naszedzieci/feeds/naszedzieci_piguEX.xml HTTP/1.1" 200 833838493 "-" "Python-urllib/3.11"
77.79.248.229 - - [21/Feb/2025:11:28:40 +0100] "GET /Jurek/naszedzieci/feeds/naszedzieci_piguEX.xml HTTP/1.1" 200 833838493 "-" "Python-urllib/3.11"
77.79.248.229 - - [21/Feb/2025:11:28:40 +0100] "GET /Jurek/dekoele/feeds/dekoele_piguEX.xml HTTP/1.1" 200 733936 "-" "Python-urllib/3.11"
77.79.248.229 - - [21/Feb/2025:11:28:40 +0100] "GET /Jurek/dekoele/feeds/dekoele_pigufiEX.xml HTTP/1.1" 200 733937 "-" "Python-urllib/3.11"
77.79.248.229 - - [21/Feb/2025:11:28:40 +0100] "GET /Jurek/dekoele/feeds/dekoele_piguEX.xml HTTP/1.1" 200 733936 "-" "Python-urllib/3.11"
77.79.248.229 - - [21/Feb/2025:11:28:40 +0100] "GET /Jurek/dekoele/feeds/dekoele_piguEX.xml HTTP/1.1" 200 733936 "-" "Python-urllib/3.11"
77.79.248.229 - - [21/Feb/2025:11:28:40 +0100] "GET /Jurek/zepnij/feeds/zepnij_piguEX.xml HTTP/1.1" 200 19522635 "-" "Python-urllib/3.11"
77.79.248.229 - - [21/Feb/2025:11:28:41 +0100] "GET /Jurek/zepnij/feeds/zepnij_piguFIEX.xml HTTP/1.1" 200 19522641 "-" "Python-urllib/3.11"
77.79.248.229 - - [21/Feb/2025:11:28:41 +0100] "GET /Jurek/zepnij/feeds/zepnij_piguEX.xml HTTP/1.1" 200 19522635 "-" "Python-urllib/3.11"
77.79.248.229 - - [21/Feb/2025:11:28:41 +0100] "GET /Jurek/zepnij/feeds/zepnij_piguEX.xml HTTP/1.1" 200 19522635 "-" "Python-urllib/3.11"
77.79.248.229 - - [21/Feb/2025:11:28:41 +0100] "GET /Jurek/drewdon/feeds/drewdon_piguEX.xml HTTP/1.1" 200 504451 "-" "Python-urllib/3.11"
77.79.248.229 - - [21/Feb/2025:11:28:42 +0100] "GET /Jurek/drewdon/feeds/drewdon_pigufiEX.xml HTTP/1.1" 200 504455 "-" "Python-urllib/3.11"
77.79.248.229 - - [21/Feb/2025:11:28:42 +0100] "GET /Jurek/drewdon/feeds/drewdon_piguEX.xml HTTP/1.1" 200 504451 "-" "Python-urllib/3.11"
77.79.248.229 - - [21/Feb/2025:11:28:42 +0100] "GET /Jurek/drewdon/feeds/drewdon_piguEX.xml HTTP/1.1" 200 504451 "-" "Python-urllib/3.11"
77.79.248.229 - - [21/Feb/2025:11:28:42 +0100] "GET /Jurek/luxma/feeds/luxma_piguEX.xml HTTP/1.1" 200 8058486 "-" "Python-urllib/3.11"
77.79.248.229 - - [21/Feb/2025:11:28:42 +0100] "GET /Jurek/luxma/feeds/luxma_pigufiEX.xml HTTP/1.1" 200 8058470 "-" "Python-urllib/3.11"
77.79.248.229 - - [21/Feb/2025:11:28:42 +0100] "GET /Jurek/luxma/feeds/luxma_piguEX.xml HTTP/1.1" 200 8058486 "-" "Python-urllib/3.11"
77.79.248.229 - - [21/Feb/2025:11:28:42 +0100] "GET /Jurek/luxma/feeds/luxma_piguEX.xml HTTP/1.1" 200 8058486 "-" "Python-urllib/3.11"
77.79.248.229 - - [21/Feb/2025:11:28:43 +0100] "GET /Jurek/emaja24/feeds/emaja24_piguEX.xml HTTP/1.1" 200 5110170 "-" "Python-urllib/3.11"
77.79.248.229 - - [21/Feb/2025:11:28:43 +0100] "GET /Jurek/emaja24/feeds/emaja24_pigufiEX.xml HTTP/1.1" 200 5110197 "-" "Python-urllib/3.11"
77.79.248.229 - - [21/Feb/2025:11:28:43 +0100] "GET /Jurek/emaja24/feeds/emaja24_piguEX.xml HTTP/1.1" 200 5110170 "-" "Python-urllib/3.11"
77.79.248.229 - - [21/Feb/2025:11:28:43 +0100] "GET /Jurek/emaja24/feeds/emaja24_piguEX.xml HTTP/1.1" 200 5110170 "-" "Python-urllib/3.11"
77.79.248.229 - - [21/Feb/2025:11:28:43 +0100] "GET /Jurek/domzapachy/feeds/domzapachy_piguEX.xml HTTP/1.1" 200 179626 "-" "Python-urllib/3.11"
77.79.248.229 - - [21/Feb/2025:11:28:43 +0100] "GET /Jurek/domzapachy/feeds/domzapachy_pigufiEX.xml HTTP/1.1" 200 179626 "-" "Python-urllib/3.11"
77.79.248.229 - - [21/Feb/2025:11:28:43 +0100] "GET /Jurek/domzapachy/feeds/domzapachy_piguEX.xml HTTP/1.1" 200 179626 "-" "Python-urllib/3.11"
77.79.248.229 - - [21/Feb/2025:11:28:43 +0100] "GET /Jurek/domzapachy/feeds/domzapachy_piguEX.xml HTTP/1.1" 200 179626 "-" "Python-urllib/3.11"
77.79.248.229 - - [21/Feb/2025:11:28:43 +0100] "GET /Jurek/madrex/feeds/madrex_piguEX.xml HTTP/1.1" 200 466702 "-" "Python-urllib/3.11"
77.79.248.229 - - [21/Feb/2025:11:28:43 +0100] "GET /Jurek/madrex/feeds/madrex_pigufiEX.xml HTTP/1.1" 200 466703 "-" "Python-urllib/3.11"
77.79.248.229 - - [21/Feb/2025:11:28:44 +0100] "GET /Jurek/madrex/feeds/madrex_piguEX.xml HTTP/1.1" 200 466702 "-" "Python-urllib/3.11"
77.79.248.229 - - [21/Feb/2025:11:28:44 +0100] "GET /Jurek/madrex/feeds/madrex_piguEX.xml HTTP/1.1" 200 466702 "-" "Python-urllib/3.11"
77.79.248.229 - - [21/Feb/2025:11:28:44 +0100] "GET /Jurek/twojsklep/feeds/twojsklep_piguEX.xml HTTP/1.1" 200 126796 "-" "Python-urllib/3.11"
77.79.248.229 - - [21/Feb/2025:11:28:44 +0100] "GET /Jurek/twojsklep/feeds/twojsklep_pigufiEX.xml HTTP/1.1" 200 126796 "-" "Python-urllib/3.11"
77.79.248.229 - - [21/Feb/2025:11:28:44 +0100] "GET /Jurek/twojsklep/feeds/twojsklep_piguEX.xml HTTP/1.1" 200 126796 "-" "Python-urllib/3.11"
77.79.248.229 - - [21/Feb/2025:11:28:44 +0100] "GET /Jurek/twojsklep/feeds/twojsklep_piguEX.xml HTTP/1.1" 200 126796 "-" "Python-urllib/3.11"
77.79.248.229 - - [21/Feb/2025:11:28:44 +0100] "GET /Jurek/motofan/feeds/motofan_piguEX.xml HTTP/1.1" 200 2392084 "-" "Python-urllib/3.11"
77.79.248.229 - - [21/Feb/2025:11:28:44 +0100] "GET /Jurek/motofan/feeds/motofan_pigufiEX.xml HTTP/1.1" 200 2392057 "-" "Python-urllib/3.11"
77.79.248.229 - - [21/Feb/2025:11:28:44 +0100] "GET /Jurek/motofan/feeds/motofan_piguEX.xml HTTP/1.1" 200 2392084 "-" "Python-urllib/3.11"
77.79.248.229 - - [21/Feb/2025:11:28:44 +0100] "GET /Jurek/motofan/feeds/motofan_piguEX.xml HTTP/1.1" 200 2392084 "-" "Python-urllib/3.11"
77.79.248.229 - - [21/Feb/2025:11:28:44 +0100] "GET /Jurek/antiodor/feeds/antiodor_piguEX.xml HTTP/1.1" 200 137787 "-" "Python-urllib/3.11"
77.79.248.229 - - [21/Feb/2025:11:28:45 +0100] "GET /Jurek/antiodor/feeds/antiodor_pigufiEX.xml HTTP/1.1" 200 137778 "-" "Python-urllib/3.11"
77.79.248.229 - - [21/Feb/2025:11:28:45 +0100] "GET /Jurek/antiodor/feeds/antiodor_piguEX.xml HTTP/1.1" 200 137787 "-" "Python-urllib/3.11"
77.79.248.229 - - [21/Feb/2025:11:28:45 +0100] "GET /Jurek/antiodor/feeds/antiodor_piguEX.xml HTTP/1.1" 200 137787 "-" "Python-urllib/3.11"
77.79.248.229 - - [21/Feb/2025:11:28:45 +0100] "GET /Jurek/qbox/feeds/qbox_piguEX.xml HTTP/1.1" 200 398477 "-" "Python-urllib/3.11"
77.79.248.229 - - [21/Feb/2025:11:28:45 +0100] "GET /Jurek/qbox/feeds/qbox_pigufiEX.xml HTTP/1.1" 200 398494 "-" "Python-urllib/3.11"
77.79.248.229 - - [21/Feb/2025:11:28:45 +0100] "GET /Jurek/qbox/feeds/qbox_piguEX.xml HTTP/1.1" 200 398477 "-" "Python-urllib/3.11"
77.79.248.229 - - [21/Feb/2025:11:28:45 +0100] "GET /Jurek/qbox/feeds/qbox_piguEX.xml HTTP/1.1" 200 398477 "-" "Python-urllib/3.11"
77.79.248.229 - - [21/Feb/2025:11:28:45 +0100] "GET /Jurek/wenom/feeds/wenom_piguEX.xml HTTP/1.1" 200 583075 "-" "Python-urllib/3.11"
77.79.248.229 - - [21/Feb/2025:11:28:45 +0100] "GET /Jurek/wenom/feeds/wenom_pigufiEX.xml HTTP/1.1" 200 583067 "-" "Python-urllib/3.11"
77.79.248.229 - - [21/Feb/2025:11:28:46 +0100] "GET /Jurek/wenom/feeds/wenom_piguEX.xml HTTP/1.1" 200 583075 "-" "Python-urllib/3.11"
77.79.248.229 - - [21/Feb/2025:11:28:46 +0100] "GET /Jurek/wenom/feeds/wenom_piguEX.xml HTTP/1.1" 200 583075 "-" "Python-urllib/3.11"
77.79.248.229 - - [21/Feb/2025:11:28:46 +0100] "GET /Jurek/evil/feeds/evil_piguEX.xml HTTP/1.1" 200 306274 "-" "Python-urllib/3.11"
77.79.248.229 - - [21/Feb/2025:11:28:46 +0100] "GET /Jurek/evil/feeds/evil_pigufiEX.xml HTTP/1.1" 200 306274 "-" "Python-urllib/3.11"
77.79.248.229 - - [21/Feb/2025:11:28:46 +0100] "GET /Jurek/evil/feeds/evil_piguEX.xml HTTP/1.1" 200 306274 "-" "Python-urllib/3.11"
