51.77.52.107 - - [16/Feb/2025:04:01:10 +0100] "POST /Filip/Rovicky/baselinker/baselinker-ceneo-shumee.php HTTP/2.0" 200 106776 "-" "BaseLinker/1.0"
185.6.76.166 - - [16/Feb/2025:04:01:49 +0100] "GET /Jurek/eurofirany/images/407893/0.jpg HTTP/1.1" 200 147219 "-" "Skroutz ImageBot v1"
52.18.22.0 - - [16/Feb/2025:04:02:17 +0100] "GET /marketplaces/rue/results/rue.csv HTTP/1.1" 200 147219 "-" "Mirakl HttpClient"
185.6.76.166 - - [16/Feb/2025:04:02:39 +0100] "GET /Jurek/eurofirany/images/416214/0.jpg HTTP/1.1" 200 6595 "-" "Skroutz ImageBot v1"
185.6.76.166 - - [16/Feb/2025:04:02:54 +0100] "GET /Jurek/eurofirany/images/438600/0.jpg HTTP/1.1" 200 33 "-" "Skroutz ImageBot v1"
185.6.76.166 - - [16/Feb/2025:04:02:55 +0100] "GET /Jurek/eurofirany/images/423951/0.jpg HTTP/1.1" 200 0 "-" "Skroutz ImageBot v1"
85.14.86.141 - - [16/Feb/2025:04:02:57 +0100] "GET /Jurek/kinghoff/feeds/kinghoff_morele.xml HTTP/2.0" 200 14130174 "-" "MarketplaceAPI curl/7.64.0 PHP/8"
185.6.76.166 - - [16/Feb/2025:04:03:32 +0100] "GET /Jurek/eurofirany/images/416113/0.jpg HTTP/1.1" 200 6595 "-" "Skroutz ImageBot v1"
52.17.80.36 - - [16/Feb/2025:04:03:38 +0100] "GET /marketplaces/ubaldi/results/ubaldi.csv HTTP/1.1" 200 4219893 "-" "Mirakl HttpClient"
66.211.183.74 - - [16/Feb/2025:04:03:54 +0100] "GET /Jurek/topeshop/downloaded_images/5904507207472_20st_mijas_prawy_niebieski.png HTTP/1.1" 200 245526 "-" "scalaj-http/2.4.2"
185.6.76.166 - - [16/Feb/2025:04:04:05 +0100] "GET /Jurek/eurofirany/images/440362/0.jpg HTTP/1.1" 200 33 "-" "Skroutz ImageBot v1"
185.6.76.166 - - [16/Feb/2025:04:04:05 +0100] "GET /Jurek/eurofirany/images/440363/0.jpg HTTP/1.1" 200 33 "-" "Skroutz ImageBot v1"
85.14.86.141 - - [16/Feb/2025:04:05:18 +0100] "GET /Jurek/eurofirany/feeds/eurofirany_morele.xml HTTP/2.0" 200 18894915 "-" "MarketplaceAPI curl/7.64.0 PHP/8"
85.14.86.141 - - [16/Feb/2025:04:05:32 +0100] "GET /Jurek/vivaldi/feeds/vivaldi_Morele-PL.xml HTTP/2.0" 200 344674 "-" "MarketplaceAPI curl/7.64.0 PHP/8"
20.71.215.11 - - [16/Feb/2025:04:05:35 +0100] "GET /Jurek/altex_all/feeds/altex.xml HTTP/2.0" 200 873290 "-" "Mozilla/5.0 (Windows; U; Windows NT 5.1; en-US; rv:1.8.1.13) Gecko/20080311 Firefox/2.0.0.13"
46.101.116.244 - - [16/Feb/2025:04:05:55 +0100] "GET /Jurek/aw/feeds/aw_fnacfr.xml HTTP/1.0" 404 3551 "-" "-"
46.101.116.244 - - [16/Feb/2025:04:06:24 +0100] "GET /Filip/feeds/xlsx_ceneo.xml HTTP/1.0" 200 6241376 "-" "-"
51.77.52.107 - - [16/Feb/2025:04:06:24 +0100] "POST /Filip/Rovicky/baselinker/baselinker-ceneo-shumee.php HTTP/2.0" 200 106776 "-" "BaseLinker/1.0"
85.14.86.141 - - [16/Feb/2025:04:06:46 +0100] "GET /Jurek/vida_morele/feeds/VidaPL_morele.xml HTTP/2.0" 200 695382211 "-" "MarketplaceAPI curl/7.64.0 PHP/8"
85.14.86.141 - - [16/Feb/2025:04:06:47 +0100] "GET /Jurek/aw/feeds/awnarzedzia_morele.xml HTTP/2.0" 200 90245342 "-" "MarketplaceAPI curl/7.64.0 PHP/8"
89.161.206.59 - - [16/Feb/2025:04:07:31 +0100] "GET /Jurek/narzbud/feeds/narzbud_allegro.xml HTTP/1.0" 200 1610619 "-" "-"
185.6.76.166 - - [16/Feb/2025:04:07:41 +0100] "GET /Jurek/eurofirany/images/416893/0.jpg HTTP/1.1" 200 6595 "-" "Skroutz ImageBot v1"
185.6.76.166 - - [16/Feb/2025:04:07:41 +0100] "GET /Jurek/eurofirany/images/409414/0.jpg HTTP/1.1" 200 33 "-" "Skroutz ImageBot v1"
185.6.76.166 - - [16/Feb/2025:04:07:41 +0100] "GET /Jurek/eurofirany/images/409417/0.jpg HTTP/1.1" 200 33 "-" "Skroutz ImageBot v1"
185.6.76.166 - - [16/Feb/2025:04:07:41 +0100] "GET /Jurek/eurofirany/images/416889/0.jpg HTTP/1.1" 200 6595 "-" "Skroutz ImageBot v1"
185.6.76.166 - - [16/Feb/2025:04:07:41 +0100] "GET /Jurek/eurofirany/images/423205/0.jpg HTTP/1.1" 200 0 "-" "Skroutz ImageBot v1"
185.6.76.166 - - [16/Feb/2025:04:07:41 +0100] "GET /Jurek/eurofirany/images/406034/0.jpg HTTP/1.1" 200 147219 "-" "Skroutz ImageBot v1"
185.6.76.166 - - [16/Feb/2025:04:07:41 +0100] "GET /Jurek/eurofirany/images/448312/0.jpg HTTP/1.1" 200 33 "-" "Skroutz ImageBot v1"
185.6.76.166 - - [16/Feb/2025:04:07:41 +0100] "GET /Jurek/eurofirany/images/416884/0.jpg HTTP/1.1" 200 6595 "-" "Skroutz ImageBot v1"
185.6.76.166 - - [16/Feb/2025:04:07:41 +0100] "GET /Jurek/eurofirany/images/418659/0.jpg HTTP/1.1" 200 6595 "-" "Skroutz ImageBot v1"
185.6.76.166 - - [16/Feb/2025:04:07:41 +0100] "GET /Jurek/eurofirany/images/416887/0.jpg HTTP/1.1" 200 6595 "-" "Skroutz ImageBot v1"
185.6.76.166 - - [16/Feb/2025:04:07:41 +0100] "GET /Jurek/eurofirany/images/416886/0.jpg HTTP/1.1" 200 6595 "-" "Skroutz ImageBot v1"
185.6.76.166 - - [16/Feb/2025:04:07:41 +0100] "GET /Jurek/eurofirany/images/423951/0.jpg HTTP/1.1" 200 0 "-" "Skroutz ImageBot v1"
185.6.76.166 - - [16/Feb/2025:04:07:41 +0100] "GET /Jurek/eurofirany/images/416891/0.jpg HTTP/1.1" 200 6595 "-" "Skroutz ImageBot v1"
185.6.76.166 - - [16/Feb/2025:04:07:41 +0100] "GET /Jurek/eurofirany/images/423204/0.jpg HTTP/1.1" 200 0 "-" "Skroutz ImageBot v1"
185.6.76.166 - - [16/Feb/2025:04:07:41 +0100] "GET /Jurek/eurofirany/images/416890/0.jpg HTTP/1.1" 200 6595 "-" "Skroutz ImageBot v1"
185.6.76.166 - - [16/Feb/2025:04:07:41 +0100] "GET /Jurek/eurofirany/images/440471/0.jpg HTTP/1.1" 200 33 "-" "Skroutz ImageBot v1"
185.6.76.166 - - [16/Feb/2025:04:07:41 +0100] "GET /Jurek/eurofirany/images/423202/0.jpg HTTP/1.1" 200 0 "-" "Skroutz ImageBot v1"
185.6.76.166 - - [16/Feb/2025:04:07:41 +0100] "GET /Jurek/eurofirany/images/440363/0.jpg HTTP/1.1" 200 33 "-" "Skroutz ImageBot v1"
185.6.76.166 - - [16/Feb/2025:04:07:41 +0100] "GET /Jurek/eurofirany/images/463592/0.jpg HTTP/1.1" 200 0 "-" "Skroutz ImageBot v1"
185.6.76.166 - - [16/Feb/2025:04:07:41 +0100] "GET /Jurek/eurofirany/images/463596/0.jpg HTTP/1.1" 200 0 "-" "Skroutz ImageBot v1"
185.6.76.166 - - [16/Feb/2025:04:07:41 +0100] "GET /Jurek/eurofirany/images/432598/0.jpg HTTP/1.1" 200 33 "-" "Skroutz ImageBot v1"
185.6.76.166 - - [16/Feb/2025:04:07:41 +0100] "GET /Jurek/eurofirany/images/433272/0.jpg HTTP/1.1" 200 6625 "-" "Skroutz ImageBot v1"
185.6.76.166 - - [16/Feb/2025:04:07:41 +0100] "GET /Jurek/eurofirany/images/419215/0.jpg HTTP/1.1" 200 6595 "-" "Skroutz ImageBot v1"
185.6.76.166 - - [16/Feb/2025:04:07:41 +0100] "GET /Jurek/eurofirany/images/441719/0.jpg HTTP/1.1" 200 33 "-" "Skroutz ImageBot v1"
185.6.76.166 - - [16/Feb/2025:04:07:41 +0100] "GET /Jurek/eurofirany/images/440490/0.jpg HTTP/1.1" 200 33 "-" "Skroutz ImageBot v1"
185.6.76.166 - - [16/Feb/2025:04:07:41 +0100] "GET /Jurek/eurofirany/images/463594/0.jpg HTTP/1.1" 200 0 "-" "Skroutz ImageBot v1"
185.6.76.166 - - [16/Feb/2025:04:07:41 +0100] "GET /Jurek/eurofirany/images/409423/0.jpg HTTP/1.1" 200 33 "-" "Skroutz ImageBot v1"
185.6.76.166 - - [16/Feb/2025:04:07:41 +0100] "GET /Jurek/eurofirany/images/432589/0.jpg HTTP/1.1" 200 33 "-" "Skroutz ImageBot v1"
185.6.76.166 - - [16/Feb/2025:04:07:41 +0100] "GET /Jurek/eurofirany/images/440501/0.jpg HTTP/1.1" 200 33 "-" "Skroutz ImageBot v1"
185.6.76.166 - - [16/Feb/2025:04:07:41 +0100] "GET /Jurek/eurofirany/images/463591/0.jpg HTTP/1.1" 200 0 "-" "Skroutz ImageBot v1"
185.6.76.166 - - [16/Feb/2025:04:07:41 +0100] "GET /Jurek/eurofirany/images/432606/0.jpg HTTP/1.1" 200 33 "-" "Skroutz ImageBot v1"
185.6.76.166 - - [16/Feb/2025:04:07:42 +0100] "GET /Jurek/eurofirany/images/429767/0.jpg HTTP/1.1" 200 6625 "-" "Skroutz ImageBot v1"
185.6.76.166 - - [16/Feb/2025:04:07:42 +0100] "GET /Jurek/eurofirany/images/463589/0.jpg HTTP/1.1" 200 0 "-" "Skroutz ImageBot v1"
185.6.76.166 - - [16/Feb/2025:04:07:42 +0100] "GET /Jurek/eurofirany/images/433257/0.jpg HTTP/1.1" 200 6625 "-" "Skroutz ImageBot v1"
185.6.76.166 - - [16/Feb/2025:04:07:42 +0100] "GET /Jurek/eurofirany/images/431703/0.jpg HTTP/1.1" 200 6625 "-" "Skroutz ImageBot v1"
185.6.76.166 - - [16/Feb/2025:04:07:42 +0100] "GET /Jurek/eurofirany/images/433255/0.jpg HTTP/1.1" 200 6625 "-" "Skroutz ImageBot v1"
185.6.76.166 - - [16/Feb/2025:04:07:42 +0100] "GET /Jurek/eurofirany/images/433271/0.jpg HTTP/1.1" 200 6625 "-" "Skroutz ImageBot v1"
185.6.76.166 - - [16/Feb/2025:04:07:42 +0100] "GET /Jurek/eurofirany/images/419217/0.jpg HTTP/1.1" 200 6595 "-" "Skroutz ImageBot v1"
185.6.76.166 - - [16/Feb/2025:04:07:42 +0100] "GET /Jurek/eurofirany/images/418370/0.jpg HTTP/1.1" 200 6595 "-" "Skroutz ImageBot v1"
185.6.76.166 - - [16/Feb/2025:04:07:42 +0100] "GET /Jurek/eurofirany/images/463595/0.jpg HTTP/1.1" 200 0 "-" "Skroutz ImageBot v1"
185.6.76.166 - - [16/Feb/2025:04:07:42 +0100] "GET /Jurek/eurofirany/images/440362/0.jpg HTTP/1.1" 200 33 "-" "Skroutz ImageBot v1"
185.6.76.166 - - [16/Feb/2025:04:07:42 +0100] "GET /Jurek/eurofirany/images/463597/0.jpg HTTP/1.1" 200 0 "-" "Skroutz ImageBot v1"
185.6.76.166 - - [16/Feb/2025:04:07:42 +0100] "GET /Jurek/eurofirany/images/432597/0.jpg HTTP/1.1" 200 33 "-" "Skroutz ImageBot v1"
185.6.76.166 - - [16/Feb/2025:04:07:42 +0100] "GET /Jurek/eurofirany/images/418595/0.jpg HTTP/1.1" 200 6595 "-" "Skroutz ImageBot v1"
185.6.76.166 - - [16/Feb/2025:04:07:42 +0100] "GET /Jurek/eurofirany/images/407893/0.jpg HTTP/1.1" 200 147219 "-" "Skroutz ImageBot v1"
185.6.76.166 - - [16/Feb/2025:04:07:42 +0100] "GET /Jurek/eurofirany/images/418952/0.jpg HTTP/1.1" 200 6595 "-" "Skroutz ImageBot v1"
185.6.76.166 - - [16/Feb/2025:04:07:42 +0100] "GET /Jurek/eurofirany/images/419216/0.jpg HTTP/1.1" 200 6595 "-" "Skroutz ImageBot v1"
185.6.76.166 - - [16/Feb/2025:04:07:42 +0100] "GET /Jurek/eurofirany/images/418562/0.jpg HTTP/1.1" 200 6595 "-" "Skroutz ImageBot v1"
85.14.86.141 - - [16/Feb/2025:04:07:42 +0100] "GET /Jurek/miloohome/feeds/miloohome_morele.xml HTTP/2.0" 200 1421250 "-" "MarketplaceAPI curl/7.64.0 PHP/8"
85.14.86.141 - - [16/Feb/2025:04:07:58 +0100] "GET /Jurek/beliani/feeds/beliani_morele.xml HTTP/2.0" 200 28319729 "-" "MarketplaceAPI curl/7.64.0 PHP/8"
66.211.183.74 - - [16/Feb/2025:04:08:50 +0100] "GET /Jurek/topeshop/downloaded_images/5902838467688_2_sonoma.jpg HTTP/1.1" 404 3551 "-" "scalaj-http/2.4.2"
66.211.183.71 - - [16/Feb/2025:04:10:02 +0100] "GET /Jurek/topeshop/downloaded_images/5904507201876_KUBABIURKOBRY%C5%81KAANTRACYTBOKZM.jpg HTTP/1.1" 404 3551 "-" "scalaj-http/2.4.2"
46.101.116.244 - - [16/Feb/2025:04:10:36 +0100] "GET /Jurek/aw/feeds/aw_fnacfr.xml HTTP/1.0" 404 3551 "-" "-"
46.101.116.244 - - [16/Feb/2025:04:11:05 +0100] "GET /Filip/feeds/xlsx_ceneo.xml HTTP/1.0" 200 6241376 "-" "-"
51.77.52.107 - - [16/Feb/2025:04:11:05 +0100] "POST /Filip/Rovicky/baselinker/baselinker-ceneo-shumee.php HTTP/2.0" 200 106776 "-" "BaseLinker/1.0"
89.161.206.59 - - [16/Feb/2025:04:11:15 +0100] "GET /Jurek/b3/feeds/b3_amazonse.xml HTTP/1.0" 200 7186730 "-" "-"
46.101.116.244 - - [16/Feb/2025:04:15:54 +0100] "GET /Jurek/aw/feeds/aw_fnacfr.xml HTTP/1.0" 404 3551 "-" "-"
46.101.116.244 - - [16/Feb/2025:04:16:19 +0100] "GET /Jurek/chemex/feeds/chemex_empik.xml HTTP/1.0" 200 47822490 "-" "-"
46.101.116.244 - - [16/Feb/2025:04:16:23 +0100] "GET /Filip/feeds/xlsx_ceneo.xml HTTP/1.0" 200 6241376 "-" "-"
51.77.52.107 - - [16/Feb/2025:04:16:23 +0100] "POST /Filip/Rovicky/baselinker/baselinker-ceneo-shumee.php HTTP/2.0" 200 106776 "-" "BaseLinker/1.0"
89.161.206.59 - - [16/Feb/2025:04:17:37 +0100] "GET /Jurek/hurtmeblowy/feeds/hurtmeblowy_allegro.xml HTTP/1.0" 200 8039519 "-" "-"
46.101.116.244 - - [16/Feb/2025:04:18:55 +0100] "GET /Jurek/hurtownia_przemyslowa/feeds/hp_cdiscount.xml HTTP/1.0" 200 49740971 "-" "-"
89.161.206.59 - - [16/Feb/2025:04:18:58 +0100] "GET /Jurek/topeshop/feeds/topeshop_cdsc.xml HTTP/1.0" 200 2403348 "-" "-"
46.101.116.244 - - [16/Feb/2025:04:19:08 +0100] "GET /Jurek/aw/feeds/awnarzedzia_cdiscount.xml HTTP/1.0" 200 90238006 "-" "-"
89.161.206.59 - - [16/Feb/2025:04:19:19 +0100] "GET /Jurek/unimet/feeds/unimet_cdisFI.xml HTTP/1.0" 200 61102329 "-" "-"
89.161.206.59 - - [16/Feb/2025:04:19:27 +0100] "GET /Jurek/barbecook/feeds/barbecook_cdis.xml HTTP/1.0" 200 87527 "-" "-"
46.101.116.244 - - [16/Feb/2025:04:19:33 +0100] "GET /Jurek/action/feeds/action_cdis.xml HTTP/1.0" 200 55166468 "-" "-"
46.101.116.244 - - [16/Feb/2025:04:19:39 +0100] "GET /Jurek/activeshop/feeds/activeshop_cdis.xml HTTP/1.0" 200 10508033 "-" "-"
66.211.183.72 - - [16/Feb/2025:04:19:44 +0100] "GET /Jurek/topeshop/downloaded_images/5902838468463_1sonoma.png HTTP/1.1" 404 3551 "-" "scalaj-http/2.4.2"
46.101.116.244 - - [16/Feb/2025:04:19:45 +0100] "GET /Jurek/fernity/feeds/fernity_cdiscount.xml HTTP/1.0" 200 5092799 "-" "-"
46.101.116.244 - - [16/Feb/2025:04:19:47 +0100] "GET /Jurek/eurofirany/feeds/eurofirany_cdiscount.xml HTTP/1.0" 200 18893619 "-" "-"
46.101.116.244 - - [16/Feb/2025:04:19:56 +0100] "GET /Jurek/kinghoff/feeds/kinghoff_cdiscount.xml HTTP/1.0" 200 14129570 "-" "-"
46.101.116.244 - - [16/Feb/2025:04:20:46 +0100] "GET /Jurek/aw/feeds/aw_fnacfr.xml HTTP/1.0" 404 3551 "-" "-"
46.101.116.244 - - [16/Feb/2025:04:21:20 +0100] "GET /Filip/feeds/xlsx_ceneo.xml HTTP/1.0" 200 6241376 "-" "-"
51.77.52.107 - - [16/Feb/2025:04:21:20 +0100] "POST /Filip/Rovicky/baselinker/baselinker-ceneo-shumee.php HTTP/2.0" 200 106776 "-" "BaseLinker/1.0"
66.211.183.74 - - [16/Feb/2025:04:23:08 +0100] "GET /Jurek/topeshop/downloaded_images/5904507207489_20st_mijas_prawy_zielonykopia.png HTTP/1.1" 200 223941 "-" "scalaj-http/2.4.2"
89.161.206.59 - - [16/Feb/2025:04:24:04 +0100] "GET /Jurek/combine/feeds/combine_amazonde.xml HTTP/1.0" 200 210557 "-" "-"
66.211.183.73 - - [16/Feb/2025:04:24:05 +0100] "GET /Jurek/topeshop/downloaded_images/5904507206611_DUOANTRACYTCZERNBRYLKABOKZM.jpg HTTP/1.1" 404 3551 "-" "scalaj-http/2.4.2"
46.101.116.244 - - [16/Feb/2025:04:25:46 +0100] "GET /Jurek/aw/feeds/aw_fnacfr.xml HTTP/1.0" 404 3551 "-" "-"
46.101.116.244 - - [16/Feb/2025:04:26:13 +0100] "GET /Filip/feeds/xlsx_ceneo.xml HTTP/1.0" 200 6241376 "-" "-"
51.77.52.107 - - [16/Feb/2025:04:26:13 +0100] "POST /Filip/Rovicky/baselinker/baselinker-ceneo-shumee.php HTTP/2.0" 200 106776 "-" "BaseLinker/1.0"
66.211.183.74 - - [16/Feb/2025:04:28:27 +0100] "GET /Jurek/topeshop/downloaded_images/5902838468456_Oaplwieszak.png HTTP/1.1" 404 3551 "-" "scalaj-http/2.4.2"
46.101.116.244 - - [16/Feb/2025:04:30:36 +0100] "GET /Jurek/aw/feeds/aw_fnacfr.xml HTTP/1.0" 404 3551 "-" "-"
46.101.116.244 - - [16/Feb/2025:04:31:13 +0100] "GET /Filip/feeds/xlsx_ceneo.xml HTTP/1.0" 200 6241376 "-" "-"
51.77.52.107 - - [16/Feb/2025:04:31:13 +0100] "POST /Filip/Rovicky/baselinker/baselinker-ceneo-shumee.php HTTP/2.0" 200 106776 "-" "BaseLinker/1.0"
52.18.22.0 - - [16/Feb/2025:04:33:11 +0100] "GET /marketplaces/worten2/results/worten.csv HTTP/1.1" 200 147218 "-" "Mirakl HttpClient"
89.161.206.59 - - [16/Feb/2025:04:35:38 +0100] "GET /Jurek/ekolight/feeds/ekolight_allegro.xml HTTP/1.0" 200 9053744 "-" "-"
89.161.206.59 - - [16/Feb/2025:04:35:39 +0100] "GET /Jurek/galopi/feeds/galopi_allegro.xml HTTP/1.0" 200 1884829 "-" "-"
66.211.183.73 - - [16/Feb/2025:04:35:55 +0100] "GET /Jurek/topeshop/downloaded_images/5902838461266_2.png HTTP/1.1" 404 3551 "-" "scalaj-http/2.4.2"
66.211.183.73 - - [16/Feb/2025:04:36:37 +0100] "GET /Jurek/topeshop/downloaded_images/5904507200176_MIJASBIURKOBRY%C5%81KASONOMAPRAWEBOKZM.jpg HTTP/1.1" 404 3551 "-" "scalaj-http/2.4.2"
46.101.116.244 - - [16/Feb/2025:04:36:58 +0100] "GET /Jurek/aw/feeds/aw_fnacfr.xml HTTP/1.0" 404 3551 "-" "-"
46.101.116.244 - - [16/Feb/2025:04:37:47 +0100] "GET /Filip/feeds/xlsx_ceneo.xml HTTP/1.0" 200 6241376 "-" "-"
51.77.52.107 - - [16/Feb/2025:04:37:47 +0100] "POST /Filip/Rovicky/baselinker/baselinker-ceneo-shumee.php HTTP/2.0" 200 106776 "-" "BaseLinker/1.0"
46.101.116.244 - - [16/Feb/2025:04:42:33 +0100] "GET /Jurek/aw/feeds/aw_fnacfr.xml HTTP/1.0" 404 3551 "-" "-"
46.101.116.244 - - [16/Feb/2025:04:43:00 +0100] "GET /Filip/feeds/xlsx_ceneo.xml HTTP/1.0" 200 6241376 "-" "-"
51.77.52.107 - - [16/Feb/2025:04:43:01 +0100] "POST /Filip/Rovicky/baselinker/baselinker-ceneo-shumee.php HTTP/2.0" 200 106776 "-" "BaseLinker/1.0"
66.211.183.72 - - [16/Feb/2025:04:45:34 +0100] "GET /Jurek/topeshop/downloaded_images/5904507209476_Marina2s_kaszmir_slim_bry%C5%82ka(2).jpg HTTP/1.1" 404 3551 "-" "scalaj-http/2.4.2"
46.101.116.244 - - [16/Feb/2025:04:45:57 +0100] "GET /Jurek/aw/feeds/aw_fnacfr.xml HTTP/1.0" 404 3551 "-" "-"
89.161.206.59 - - [16/Feb/2025:04:46:12 +0100] "GET /Jurek/ikonka/feeds/ikonka_skroutz.xml HTTP/1.0" 200 22211360 "-" "-"
46.101.116.244 - - [16/Feb/2025:04:46:24 +0100] "GET /Filip/feeds/xlsx_ceneo.xml HTTP/1.0" 200 6241376 "-" "-"
51.77.52.107 - - [16/Feb/2025:04:46:25 +0100] "POST /Filip/Rovicky/baselinker/baselinker-ceneo-shumee.php HTTP/2.0" 200 106776 "-" "BaseLinker/1.0"
89.161.206.59 - - [16/Feb/2025:04:47:08 +0100] "GET /Jurek/topeshop/feeds/topeshop_ebayDE.xml HTTP/1.0" 200 1195880 "-" "-"
89.161.206.59 - - [16/Feb/2025:04:47:53 +0100] "GET /Jurek/fernity/feeds/fernity_skroutz.xml HTTP/1.0" 200 5093264 "-" "-"
89.161.206.59 - - [16/Feb/2025:04:48:03 +0100] "GET /Jurek/activeshop/feeds/activeshop_skroutz.xml HTTP/1.0" 200 10507993 "-" "-"
46.101.116.244 - - [16/Feb/2025:04:48:38 +0100] "GET /Jurek/beliani/feeds/beliani_skroutz.xml HTTP/1.0" 200 28315719 "-" "-"
89.161.206.59 - - [16/Feb/2025:04:49:53 +0100] "GET /Jurek/bass_new/feeds/bass_skroutz.xml HTTP/1.0" 200 7040883 "-" "-"
89.161.206.59 - - [16/Feb/2025:04:50:23 +0100] "GET /Jurek/hurtmeblowy/feeds/hurtmeblowy_skroutz.xml HTTP/1.0" 200 8038512 "-" "-"
89.161.206.59 - - [16/Feb/2025:04:50:27 +0100] "GET /Jurek/pawonik/feeds/pawonik_skroutz.xml HTTP/1.0" 200 2534440 "-" "-"
89.161.206.59 - - [16/Feb/2025:04:50:27 +0100] "GET /Jurek/amzteam/feeds/amzteam_skroutz.xml HTTP/1.0" 200 95911 "-" "-"
89.161.206.59 - - [16/Feb/2025:04:50:28 +0100] "GET /Jurek/artdog/feeds/artdog_skroutz.xml HTTP/1.0" 200 15929558 "-" "-"
89.161.206.59 - - [16/Feb/2025:04:50:28 +0100] "GET /Jurek/mosti/feeds/mosti_skroutz.xml HTTP/1.0" 200 9255634 "-" "-"
89.161.206.59 - - [16/Feb/2025:04:50:28 +0100] "GET /Jurek/swiatecznygoliat/feeds/swiatecznygoliat_skroutz.xml HTTP/1.0" 200 7050334 "-" "-"
46.101.116.244 - - [16/Feb/2025:04:50:41 +0100] "GET /Jurek/aw/feeds/aw_fnacfr.xml HTTP/1.0" 404 3551 "-" "-"
46.101.116.244 - - [16/Feb/2025:04:51:11 +0100] "GET /Filip/feeds/xlsx_ceneo.xml HTTP/1.0" 200 6241376 "-" "-"
51.77.52.107 - - [16/Feb/2025:04:51:11 +0100] "POST /Filip/Rovicky/baselinker/baselinker-ceneo-shumee.php HTTP/2.0" 200 106776 "-" "BaseLinker/1.0"
46.101.116.244 - - [16/Feb/2025:04:51:21 +0100] "GET /Jurek/aw/feeds/awnarzedzia_skroutz.xml HTTP/1.0" 200 90234573 "-" "-"
89.161.206.59 - - [16/Feb/2025:04:51:57 +0100] "GET /Jurek/aiofactory/feeds/aiofactory_skroutz.xml HTTP/1.0" 200 2180325 "-" "-"
89.161.206.59 - - [16/Feb/2025:04:52:06 +0100] "GET /Jurek/erohurtownia/feeds/erohurtownia_amazonde.xml HTTP/1.0" 200 23304053 "-" "-"
46.101.116.244 - - [16/Feb/2025:04:52:38 +0100] "GET /Jurek/eroplace/feeds/eroplace_mallsi.xml HTTP/2.0" 200 30848905 "-" "-"
46.101.116.244 - - [16/Feb/2025:04:52:49 +0100] "GET /Jurek/intsell/feeds/intsell_skroutz.xml HTTP/1.0" 200 338787972 "-" "-"
46.101.116.244 - - [16/Feb/2025:04:52:54 +0100] "GET /Jurek/bass_new/feeds/bass_mallsi.xml HTTP/2.0" 200 7040836 "-" "-"
46.101.116.244 - - [16/Feb/2025:04:53:06 +0100] "GET /Jurek/ekuchcikowo/feeds/ekuchcikowo_mallsi.xml HTTP/2.0" 200 12760907 "-" "-"
46.101.116.244 - - [16/Feb/2025:04:53:17 +0100] "GET /Jurek/sempler/feeds/sempler_mallsi.xml HTTP/2.0" 200 6553220 "-" "-"
46.101.116.244 - - [16/Feb/2025:04:53:28 +0100] "GET /Jurek/bass/feeds/bass_mallsi.xml HTTP/2.0" 200 3985205 "-" "-"
46.101.116.244 - - [16/Feb/2025:04:53:50 +0100] "GET /Jurek/slayo/feeds/slayo_mallsi.xml HTTP/2.0" 200 195530 "-" "-"
46.101.116.244 - - [16/Feb/2025:04:54:01 +0100] "GET /Jurek/mosti/feeds/mosti_mallsi.xml HTTP/2.0" 200 9250079 "-" "-"
46.101.116.244 - - [16/Feb/2025:04:54:02 +0100] "GET /Jurek/amzteam/feeds/amzteam_mallsi.xml HTTP/2.0" 200 97842 "-" "-"
46.101.116.244 - - [16/Feb/2025:04:54:02 +0100] "GET /Jurek/artdog/feeds/artdog_mallsi.xml HTTP/2.0" 200 15929501 "-" "-"
46.101.116.244 - - [16/Feb/2025:04:54:04 +0100] "GET /Jurek/kambukka/feeds/kambukka_mallsi.xml HTTP/2.0" 200 972996 "-" "-"
46.101.116.244 - - [16/Feb/2025:04:54:17 +0100] "GET /Jurek/swiatecznygoliat/feeds/swiatecznygoliat_mallsi.xml HTTP/2.0" 200 7050209 "-" "-"
46.101.116.244 - - [16/Feb/2025:04:55:03 +0100] "GET /Jurek/octopia/feeds/octopia_mallsi.xml HTTP/2.0" 200 10801965 "-" "-"
46.101.116.244 - - [16/Feb/2025:04:55:17 +0100] "GET /Jurek/topeshop/feeds/topeshop_mallsi.xml HTTP/2.0" 200 2403357 "-" "-"
46.101.116.244 - - [16/Feb/2025:04:55:45 +0100] "GET /Jurek/aw/feeds/aw_fnacfr.xml HTTP/1.0" 404 3551 "-" "-"
46.101.116.244 - - [16/Feb/2025:04:56:12 +0100] "GET /Filip/feeds/xlsx_ceneo.xml HTTP/1.0" 200 6241376 "-" "-"
51.77.52.107 - - [16/Feb/2025:04:56:13 +0100] "POST /Filip/Rovicky/baselinker/baselinker-ceneo-shumee.php HTTP/2.0" 200 106776 "-" "BaseLinker/1.0"
46.101.116.244 - - [16/Feb/2025:04:56:37 +0100] "GET /Jurek/topeshop/feeds/topeshop_skr.xml HTTP/1.0" 200 2403403 "-" "-"
66.211.183.72 - - [16/Feb/2025:04:56:38 +0100] "GET /Jurek/topeshop/downloaded_images/5902838467671_2.png HTTP/1.1" 404 3551 "-" "scalaj-http/2.4.2"
89.161.206.59 - - [16/Feb/2025:04:57:16 +0100] "GET /Jurek/hurtownia_przemyslowa/feeds/hp_allegro_cz.xml HTTP/1.0" 200 49747630 "-" "-"
89.161.206.59 - - [16/Feb/2025:04:57:22 +0100] "GET /Jurek/sempler/feeds/sempler_allegro.xml HTTP/1.0" 200 6553659 "-" "-"
89.161.206.59 - - [16/Feb/2025:04:57:24 +0100] "GET /Jurek/ekuchcikowo/feeds/ekuchcikowo_allegro.xml HTTP/1.0" 200 12762589 "-" "-"
89.161.206.59 - - [16/Feb/2025:04:57:25 +0100] "GET /Jurek/livinhill/feeds/livinhill_allegro.xml HTTP/1.0" 200 1431266 "-" "-"
89.161.206.59 - - [16/Feb/2025:04:57:26 +0100] "GET /Jurek/urwiskowo/feeds/urwiskowo_allegro.xml HTTP/1.0" 200 9115635 "-" "-"
89.161.206.59 - - [16/Feb/2025:04:57:26 +0100] "GET /Jurek/asortymenteu/feeds/asortymenteu_skroutz_great.xml HTTP/1.0" 200 2526729 "-" "-"
89.161.206.59 - - [16/Feb/2025:04:57:27 +0100] "GET /Jurek/reman/feeds/reman_allegro.xml HTTP/1.0" 200 1394881 "-" "-"
46.101.116.244 - - [16/Feb/2025:04:58:00 +0100] "GET /Jurek/activeshop/feeds/activeshop_mallsi.xml HTTP/2.0" 200 10507958 "-" "-"
5.134.208.158 - - [16/Feb/2025:04:58:34 +0100] "GET /Jurek/eurofirany/images/441723/0.jpg HTTP/1.1" 206 256 "https://www.ceneo.pl" "Mozilla/5.0 (Windows NT 10.0; Win64; x64) AppleWebKit/537.36 (KHTML, like Gecko) Chrome/87.0.4280.141 Safari/537.36"
5.134.208.158 - - [16/Feb/2025:04:58:34 +0100] "GET /Jurek/eurofirany/images/441723/0.jpg HTTP/1.1" 206 256 "https://www.ceneo.pl" "Mozilla/5.0 (Windows NT 10.0; Win64; x64) AppleWebKit/537.36 (KHTML, like Gecko) Chrome/87.0.4280.141 Safari/537.36"
46.101.116.244 - - [16/Feb/2025:05:00:42 +0100] "GET /Jurek/aw/feeds/aw_fnacfr.xml HTTP/1.0" 404 3551 "-" "-"
52.17.80.36 - - [16/Feb/2025:05:00:42 +0100] "GET /marketplaces/ubaldi/results/ubaldi.csv HTTP/1.1" 200 147219 "-" "Mirakl HttpClient"
85.14.86.141 - - [16/Feb/2025:05:00:43 +0100] "GET /Jurek/vida_morele/feeds/VidaPL_all.xml HTTP/2.0" 200 695381063 "-" "MarketplaceAPI curl/7.64.0 PHP/8"
85.232.241.194 - - [16/Feb/2025:05:02:02 +0100] "GET /Jurek/kinghoff/feeds/kinghoff_skrSH.xml HTTP/1.1" 200 14129544 "-" "Python-urllib/3.11"
85.232.241.194 - - [16/Feb/2025:05:02:02 +0100] "GET /Jurek/aw/feeds/aw_skroutzSH.xml HTTP/1.1" 200 90234573 "-" "Python-urllib/3.11"
85.232.241.194 - - [16/Feb/2025:05:02:02 +0100] "GET /Jurek/eurofirany/feeds/eurofirany_skrSH.xml HTTP/1.1" 200 18893430 "-" "Python-urllib/3.11"
85.232.241.194 - - [16/Feb/2025:05:02:02 +0100] "GET /Jurek/fernity/feeds/fernity_skrSH.xml HTTP/1.1" 200 5093039 "-" "Python-urllib/3.11"
85.232.241.194 - - [16/Feb/2025:05:02:03 +0100] "GET /Jurek/hurtownia_przemyslowa/feeds/hp_skrSH.xml HTTP/1.1" 200 49741724 "-" "Python-urllib/3.11"
85.232.241.194 - - [16/Feb/2025:05:02:03 +0100] "GET /Jurek/stema/feeds/stema_skrSH.xml HTTP/1.1" 200 861889 "-" "Python-urllib/3.11"
52.18.22.0 - - [16/Feb/2025:05:02:07 +0100] "GET /marketplaces/rue/results/rue.csv HTTP/1.1" 200 147219 "-" "Mirakl HttpClient"
85.14.86.141 - - [16/Feb/2025:05:02:54 +0100] "GET /Jurek/kinghoff/feeds/kinghoff_morele.xml HTTP/2.0" 200 14130174 "-" "MarketplaceAPI curl/7.64.0 PHP/8"
46.101.116.244 - - [16/Feb/2025:05:02:55 +0100] "GET /Jurek/action/feeds/action_mallsigs.xml HTTP/2.0" 200 55165475 "-" "-"
46.101.116.244 - - [16/Feb/2025:05:03:11 +0100] "GET /Jurek/b3/feeds/b3_mallsigs.xml HTTP/2.0" 200 7183428 "-" "-"
66.211.183.74 - - [16/Feb/2025:05:03:22 +0100] "GET /Jurek/topeshop/downloaded_images/5902838468487_1artisan.png HTTP/1.1" 404 3551 "-" "scalaj-http/2.4.2"
46.101.116.244 - - [16/Feb/2025:05:03:23 +0100] "GET /Jurek/benbaby/feeds/benbaby_mallsigs.xml HTTP/2.0" 200 3781193 "-" "-"
46.101.116.244 - - [16/Feb/2025:05:03:33 +0100] "GET /Jurek/emibig/feeds/emibig_mallsigs.xml HTTP/2.0" 200 2427419 "-" "-"
46.101.116.244 - - [16/Feb/2025:05:03:49 +0100] "GET /Jurek/hurtownia_przemyslowa/feeds/hp_mallsigs.xml HTTP/2.0" 200 49741211 "-" "-"
85.14.86.141 - - [16/Feb/2025:05:04:48 +0100] "GET /Jurek/eurofirany/feeds/eurofirany_morele.xml HTTP/2.0" 200 18894915 "-" "MarketplaceAPI curl/7.64.0 PHP/8"
85.14.86.141 - - [16/Feb/2025:05:05:08 +0100] "GET /Jurek/vivaldi/feeds/vivaldi_Morele-PL.xml HTTP/2.0" 200 344674 "-" "MarketplaceAPI curl/7.64.0 PHP/8"
46.101.116.244 - - [16/Feb/2025:05:05:46 +0100] "GET /Jurek/beliani/feeds/beliani_si_mallsi.xml HTTP/2.0" 200 28291201 "-" "-"
89.161.206.59 - - [16/Feb/2025:05:06:02 +0100] "GET /Jurek/oromed/feeds/oromed_skroutz.xml HTTP/1.0" 200 949569 "-" "-"
89.161.206.59 - - [16/Feb/2025:05:06:02 +0100] "GET /Jurek/ralmetal/feeds/ralmetal_skroutz.xml HTTP/1.0" 200 1786745 "-" "-"
46.101.116.244 - - [16/Feb/2025:05:06:10 +0100] "GET /Jurek/rovicky/feeds/rovicky_mallsi.xml HTTP/2.0" 200 14034172 "-" "-"
89.161.206.59 - - [16/Feb/2025:05:06:13 +0100] "GET /Jurek/narzbud/feeds/narzbud_skroutz.xml HTTP/1.0" 200 1610533 "-" "-"
85.14.86.141 - - [16/Feb/2025:05:06:13 +0100] "GET /Jurek/aw/feeds/awnarzedzia_morele.xml HTTP/2.0" 200 90245342 "-" "MarketplaceAPI curl/7.64.0 PHP/8"
46.101.116.244 - - [16/Feb/2025:05:06:21 +0100] "GET /Jurek/detian/feeds/detian_mallsi.xml HTTP/2.0" 404 3551 "-" "-"
85.14.86.141 - - [16/Feb/2025:05:06:24 +0100] "GET /Jurek/vida_morele/feeds/VidaPL_morele.xml HTTP/2.0" 200 695382211 "-" "MarketplaceAPI curl/7.64.0 PHP/8"
46.101.116.244 - - [16/Feb/2025:05:06:33 +0100] "GET /Jurek/ikonka/feeds/ikonka_mallsi.xml HTTP/2.0" 200 22211311 "-" "-"
46.101.116.244 - - [16/Feb/2025:05:06:45 +0100] "GET /Jurek/candellux/feeds/candellux_mallsi.xml HTTP/2.0" 200 465691 "-" "-"
85.14.86.141 - - [16/Feb/2025:05:06:48 +0100] "GET /Jurek/miloohome/feeds/miloohome_morele.xml HTTP/2.0" 200 1421250 "-" "MarketplaceAPI curl/7.64.0 PHP/8"
46.101.116.244 - - [16/Feb/2025:05:06:56 +0100] "GET /Jurek/andex/feeds/andex_mallsl.xml HTTP/2.0" 200 1953467 "-" "-"
85.14.86.141 - - [16/Feb/2025:05:07:04 +0100] "GET /Jurek/beliani/feeds/beliani_morele.xml HTTP/2.0" 200 28319729 "-" "MarketplaceAPI curl/7.64.0 PHP/8"
46.101.116.244 - - [16/Feb/2025:05:07:07 +0100] "GET /Jurek/chemex/feeds/chemex_mallsi.xml HTTP/2.0" 200 47809540 "-" "-"
46.101.116.244 - - [16/Feb/2025:05:07:26 +0100] "GET /Jurek/aw/feeds/awnarzedzia_mallsi.xml HTTP/2.0" 200 90234286 "-" "-"
46.101.116.244 - - [16/Feb/2025:05:08:27 +0100] "GET /Jurek/barbecook/feeds/barbecook_mallsl.xml HTTP/2.0" 200 87528 "-" "-"
46.101.116.244 - - [16/Feb/2025:05:08:37 +0100] "GET /Jurek/duka/feeds/duka_mallsl.xml HTTP/2.0" 200 57 "-" "-"
46.101.116.244 - - [16/Feb/2025:05:08:48 +0100] "GET /Jurek/miloohome/feeds/miloohome_mallsi.xml HTTP/2.0" 200 1421056 "-" "-"
46.101.116.244 - - [16/Feb/2025:05:08:59 +0100] "GET /Jurek/stema/feeds/stema_mallsl.xml HTTP/2.0" 200 861859 "-" "-"
46.101.116.244 - - [16/Feb/2025:05:09:09 +0100] "GET /Jurek/fernity/feeds/fernity_mallsl.xml HTTP/2.0" 200 5092573 "-" "-"
46.101.116.244 - - [16/Feb/2025:05:09:33 +0100] "GET /Jurek/kinghoff/feeds/kinghoff_mallsl.xml HTTP/2.0" 200 14129467 "-" "-"
46.101.116.244 - - [16/Feb/2025:05:09:46 +0100] "GET /Jurek/kinghome/feeds/kinghome_mallsl.xml HTTP/2.0" 200 5746297 "-" "-"
46.101.116.244 - - [16/Feb/2025:05:09:57 +0100] "GET /Jurek/vivaldi/feeds/vivaldi_Mall-sl.xml HTTP/2.0" 200 344583 "-" "-"
46.101.116.244 - - [16/Feb/2025:05:10:08 +0100] "GET /Jurek/eurofirany/feeds/eurofirany_mall_si_shumee.xml HTTP/2.0" 200 18893271 "-" "-"
66.211.183.72 - - [16/Feb/2025:05:10:35 +0100] "GET /Jurek/topeshop/downloaded_images/5902838468821_DUOCZERNBRYLKABOKZM.jpg HTTP/1.1" 404 3551 "-" "scalaj-http/2.4.2"
66.211.183.72 - - [16/Feb/2025:05:11:57 +0100] "GET /Jurek/topeshop/downloaded_images/5904507200060_MIJASBIURKOBRY%C5%81KABIELLEWEBOKZM.jpg HTTP/1.1" 404 3551 "-" "scalaj-http/2.4.2"
185.6.76.18 - - [16/Feb/2025:05:12:01 +0100] "GET /marketplaces/skroutz/feeds/shumee.xml HTTP/1.1" 200 348176844 "-" "SkroutzBot v1.0"
46.101.116.244 - - [16/Feb/2025:05:12:55 +0100] "GET /Jurek/unimet/feeds/unimet_mallsi.xml HTTP/2.0" 200 61100222 "-" "-"
89.161.206.59 - - [16/Feb/2025:05:13:12 +0100] "GET /Jurek/najtanszysport/feeds/najtanszysport_skroutz.xml HTTP/1.0" 200 3983230 "-" "-"
46.101.116.244 - - [16/Feb/2025:05:14:15 +0100] "GET /Jurek/vidaSI/feeds/vidaSI_mall.xml HTTP/2.0" 200 619593105 "-" "-"
66.211.183.72 - - [16/Feb/2025:05:14:37 +0100] "GET /Jurek/topeshop/downloaded_images/5902838461273_3.png HTTP/1.1" 404 3551 "-" "scalaj-http/2.4.2"
89.161.206.59 - - [16/Feb/2025:05:15:28 +0100] "GET /Jurek/waks/feeds/waks_allegro.xml HTTP/1.0" 200 6333850 "-" "-"
89.161.206.59 - - [16/Feb/2025:05:15:29 +0100] "GET /Jurek/oromed/feeds/oromed_allegro.xml HTTP/1.0" 200 949677 "-" "-"
89.161.206.59 - - [16/Feb/2025:05:15:30 +0100] "GET /Jurek/bisanti/feeds/bisanti_allegro.xml HTTP/1.0" 200 1132583 "-" "-"
46.101.116.244 - - [16/Feb/2025:05:20:14 +0100] "GET /Jurek/action/feeds/action_mallhu.xml HTTP/1.1" 200 55246651 "-" "-"
85.232.241.194 - - [16/Feb/2025:05:22:03 +0100] "GET /Jurek/aw/feeds/aw_rue.xml HTTP/1.1" 200 90238701 "-" "Python-urllib/3.11"
85.232.241.194 - - [16/Feb/2025:05:22:05 +0100] "GET /Jurek/hurtownia_przemyslowa/feeds/hp_rue.xml HTTP/1.1" 200 49741182 "-" "Python-urllib/3.11"
85.232.241.194 - - [16/Feb/2025:05:22:05 +0100] "GET /Jurek/action/feeds/action_rue.xml HTTP/1.1" 200 55166074 "-" "Python-urllib/3.11"
85.232.241.194 - - [16/Feb/2025:05:22:24 +0100] "GET /Jurek/unimet/feeds/unimet_rue.xml HTTP/1.1" 200 61099984 "-" "Python-urllib/3.11"
85.232.241.194 - - [16/Feb/2025:05:22:24 +0100] "GET /Jurek/ikonka/feeds/ikonka_rue.xml HTTP/1.1" 200 22211460 "-" "Python-urllib/3.11"
85.232.241.194 - - [16/Feb/2025:05:22:24 +0100] "GET /Jurek/kinghome/feeds/kinghome_rue.xml HTTP/1.1" 200 5766328 "-" "Python-urllib/3.11"
85.232.241.194 - - [16/Feb/2025:05:22:29 +0100] "GET /Jurek/fernity/feeds/fernity_rue.xml HTTP/1.1" 200 5092681 "-" "Python-urllib/3.11"
85.232.241.194 - - [16/Feb/2025:05:22:30 +0100] "GET /Jurek/topeshop/feeds/topeshop_rue.xml HTTP/1.1" 200 2403346 "-" "Python-urllib/3.11"
85.232.241.194 - - [16/Feb/2025:05:22:32 +0100] "GET /Jurek/kinghoff/feeds/kinghoff_rue.xml HTTP/1.1" 200 14129511 "-" "Python-urllib/3.11"
85.232.241.194 - - [16/Feb/2025:05:22:32 +0100] "GET /Jurek/emibig/feeds/emibig_rue.xml HTTP/1.1" 200 2522432 "-" "Python-urllib/3.11"
85.232.241.194 - - [16/Feb/2025:05:22:33 +0100] "GET /Jurek/eurofirany/feeds/eurofirany_rue.xml HTTP/1.1" 200 18893382 "-" "Python-urllib/3.11"
85.232.241.194 - - [16/Feb/2025:05:22:33 +0100] "GET /Jurek/amzteam/feeds/amzteam_rue.xml HTTP/1.1" 200 97879 "-" "Python-urllib/3.11"
85.232.241.194 - - [16/Feb/2025:05:22:33 +0100] "GET /Jurek/kambukka/feeds/kambukka_rue.xml HTTP/1.1" 200 973174 "-" "Python-urllib/3.11"
85.232.241.194 - - [16/Feb/2025:05:22:33 +0100] "GET /Jurek/benetech/feeds/benetech_RUE.xml HTTP/1.1" 200 4451798 "-" "Python-urllib/3.11"
85.232.241.194 - - [16/Feb/2025:05:22:33 +0100] "GET /Jurek/swiatecznygoliat/feeds/swiatecznygoliat_RUE.xml HTTP/1.1" 200 7050205 "-" "Python-urllib/3.11"
85.232.241.194 - - [16/Feb/2025:05:22:34 +0100] "GET /Jurek/artdog/feeds/artdog_RUE.xml HTTP/1.1" 200 15929353 "-" "Python-urllib/3.11"
85.232.241.194 - - [16/Feb/2025:05:22:34 +0100] "GET /Jurek/hdwr/feeds/hdwr_RUE.xml HTTP/1.1" 200 777781 "-" "Python-urllib/3.11"
85.232.241.194 - - [16/Feb/2025:05:22:34 +0100] "GET /Jurek/sempler/feeds/sempler_rue.xml HTTP/1.1" 200 6553251 "-" "Python-urllib/3.11"
85.232.241.194 - - [16/Feb/2025:05:22:34 +0100] "GET /Jurek/waks/feeds/waks_RUE.xml HTTP/1.1" 200 6333031 "-" "Python-urllib/3.11"
85.232.241.194 - - [16/Feb/2025:05:22:34 +0100] "GET /Jurek/oromed/feeds/oromed_rue.xml HTTP/1.1" 200 949571 "-" "Python-urllib/3.11"
85.232.241.194 - - [16/Feb/2025:05:22:35 +0100] "GET /Jurek/ekuchcikowo/feeds/ekuchcikowo_rue.xml HTTP/1.1" 200 12761062 "-" "Python-urllib/3.11"
85.232.241.194 - - [16/Feb/2025:05:22:35 +0100] "GET /Jurek/ekolight/feeds/ekolight_rue.xml HTTP/1.1" 200 9051693 "-" "Python-urllib/3.11"
85.232.241.194 - - [16/Feb/2025:05:22:35 +0100] "GET /Jurek/eroplace/feeds/eroplace_RUE.xml HTTP/1.1" 200 30849255 "-" "Python-urllib/3.11"
85.232.241.194 - - [16/Feb/2025:05:22:36 +0100] "GET /Jurek/coppotech/feeds/coppotech_rue.xml HTTP/1.1" 200 38985390 "-" "Python-urllib/3.11"
85.232.241.194 - - [16/Feb/2025:05:22:36 +0100] "GET /Jurek/euroshop/feeds/euroshop_rue.xml HTTP/1.1" 200 17927422 "-" "Python-urllib/3.11"
85.232.241.194 - - [16/Feb/2025:05:22:36 +0100] "GET /Jurek/galopi/feeds/galopi_rue.xml HTTP/1.1" 200 1884716 "-" "Python-urllib/3.11"
85.232.241.194 - - [16/Feb/2025:05:22:36 +0100] "GET /Jurek/szpaklampy/feeds/szpaklampy_rue.xml HTTP/1.1" 200 416448 "-" "Python-urllib/3.11"
85.232.241.194 - - [16/Feb/2025:05:22:39 +0100] "GET /Jurek/intsell/feeds/intsell_rue.xml HTTP/1.1" 200 338787234 "-" "Python-urllib/3.11"
85.232.241.194 - - [16/Feb/2025:05:22:39 +0100] "GET /Jurek/spali/feeds/spali_rue.xml HTTP/1.1" 200 101948 "-" "Python-urllib/3.11"
85.232.241.194 - - [16/Feb/2025:05:22:39 +0100] "GET /Jurek/najtanszysport/feeds/najtanszysport_rue.xml HTTP/1.1" 200 3982955 "-" "Python-urllib/3.11"
85.232.241.194 - - [16/Feb/2025:05:22:39 +0100] "GET /Jurek/maksik/feeds/maksik_rue.xml HTTP/1.1" 200 4084758 "-" "Python-urllib/3.11"
85.232.241.194 - - [16/Feb/2025:05:22:39 +0100] "GET /Jurek/urwiskowo/feeds/urwiskowo_rue.xml HTTP/1.1" 200 9114984 "-" "Python-urllib/3.11"
46.101.116.244 - - [16/Feb/2025:05:25:39 +0100] "GET /Jurek/eurofirany/feeds/eurofirany_erli.xml HTTP/1.0" 200 18897216 "-" "-"
85.232.241.194 - - [16/Feb/2025:05:28:03 +0100] "GET /Jurek/beliani/feeds/beliani_pl_zero.xml HTTP/1.1" 200 28307436 "-" "python-requests/2.32.3"
85.232.241.194 - - [16/Feb/2025:05:28:03 +0100] "GET /Jurek/beliani/feeds/beliani_cz_zero.xml HTTP/1.1" 200 22751427 "-" "python-requests/2.32.3"
85.232.241.194 - - [16/Feb/2025:05:28:03 +0100] "GET /Jurek/beliani/feeds/beliani_sk_zero.xml HTTP/1.1" 200 22838159 "-" "python-requests/2.32.3"
85.232.241.194 - - [16/Feb/2025:05:28:03 +0100] "GET /Jurek/beliani/feeds/beliani_hu.xml HTTP/1.1" 200 41506727 "-" "python-requests/2.32.3"
85.232.241.194 - - [16/Feb/2025:05:28:04 +0100] "GET /Jurek/fernity/feeds/fernity_zero.xml HTTP/1.1" 200 5093170 "-" "python-requests/2.32.3"
85.232.241.194 - - [16/Feb/2025:05:28:04 +0100] "GET /Jurek/kinghome/feeds/kinghome_mallcz.xml HTTP/1.1" 200 5751485 "-" "python-requests/2.32.3"
85.232.241.194 - - [16/Feb/2025:05:28:06 +0100] "GET /Jurek/octopia/feeds/octopia_zero.xml HTTP/1.1" 200 10800311 "-" "python-requests/2.32.3"
85.232.241.194 - - [16/Feb/2025:05:28:07 +0100] "GET /Jurek/aw/feeds/awnarzedzia_zero.xml HTTP/1.1" 200 90210944 "-" "python-requests/2.32.3"
85.232.241.194 - - [16/Feb/2025:05:28:07 +0100] "GET /Jurek/chemex/feeds/chemex_zero.xml HTTP/1.1" 200 47819491 "-" "python-requests/2.32.3"
85.232.241.194 - - [16/Feb/2025:05:28:09 +0100] "GET /Jurek/stema/feeds/stema_zero.xml HTTP/1.1" 200 861982 "-" "python-requests/2.32.3"
85.232.241.194 - - [16/Feb/2025:05:28:11 +0100] "GET /Jurek/kokiskaCZ/download/kokiskaCZ.xml HTTP/1.1" 200 29743556 "-" "python-requests/2.32.3"
85.232.241.194 - - [16/Feb/2025:05:28:12 +0100] "GET /Jurek/kinghoff/feeds/kinghoff_zero.xml HTTP/1.1" 200 14130025 "-" "python-requests/2.32.3"
85.232.241.194 - - [16/Feb/2025:05:28:14 +0100] "GET /Jurek/bass/feeds/bass_zero.xml HTTP/1.1" 200 3984103 "-" "python-requests/2.32.3"
85.232.241.194 - - [16/Feb/2025:05:28:14 +0100] "GET /Jurek/mosti/feeds/mosti_zero.xml HTTP/1.1" 200 9249879 "-" "python-requests/2.32.3"
46.101.116.244 - - [16/Feb/2025:05:30:57 +0100] "GET /Filip/feeds/xlsx_ceneo.xml HTTP/1.0" 200 6241376 "-" "-"
51.77.52.107 - - [16/Feb/2025:05:30:57 +0100] "POST /Filip/Rovicky/baselinker/baselinker-ceneo-shumee.php HTTP/2.0" 200 106776 "-" "BaseLinker/1.0"
52.18.22.0 - - [16/Feb/2025:05:34:29 +0100] "GET /marketplaces/worten2/results/worten.csv HTTP/1.1" 200 147218 "-" "Mirakl HttpClient"
89.161.206.59 - - [16/Feb/2025:05:36:13 +0100] "GET /Jurek/ikonka/feeds/ikonka_amazonDE.xml HTTP/1.0" 200 22211378 "-" "-"
89.161.206.59 - - [16/Feb/2025:05:36:14 +0100] "GET /Jurek/ikonka/feeds/ikonka_amazonIT.xml HTTP/1.0" 200 22211362 "-" "-"
89.161.206.59 - - [16/Feb/2025:05:36:15 +0100] "GET /Jurek/ikonka/feeds/ikonka_amazonFR.xml HTTP/1.0" 200 22211363 "-" "-"
89.161.206.59 - - [16/Feb/2025:05:36:16 +0100] "GET /Jurek/hurtownia_przemyslowa/feeds/hp_amazonDE.xml HTTP/1.0" 200 49741170 "-" "-"
89.161.206.59 - - [16/Feb/2025:05:36:19 +0100] "GET /Jurek/hurtownia_przemyslowa/feeds/hp_amazonFR.xml HTTP/1.0" 200 49741908 "-" "-"
77.79.248.229 - - [16/Feb/2025:05:36:34 +0100] "GET /Jurek/eurofirany/feeds/eurofirany_cdon_se.xml HTTP/1.1" 200 18910614 "-" "python-requests/2.32.3"
77.79.248.229 - - [16/Feb/2025:05:36:35 +0100] "GET /Jurek/eurofirany/feeds/eurofirany_cdon_dk.xml HTTP/1.1" 200 18910701 "-" "python-requests/2.32.3"
77.79.248.229 - - [16/Feb/2025:05:36:36 +0100] "GET /Jurek/eurofirany/feeds/eurofirany_cdon_fi.xml HTTP/1.1" 200 18893489 "-" "python-requests/2.32.3"
77.79.248.229 - - [16/Feb/2025:05:36:36 +0100] "GET /Jurek/stema/feeds/stema_cdon_se.xml HTTP/1.1" 200 862289 "-" "python-requests/2.32.3"
77.79.248.229 - - [16/Feb/2025:05:36:36 +0100] "GET /Jurek/stema/feeds/stema_cdon_dk.xml HTTP/1.1" 200 862184 "-" "python-requests/2.32.3"
77.79.248.229 - - [16/Feb/2025:05:36:36 +0100] "GET /Jurek/stema/feeds/stema_cdon_fi.xml HTTP/1.1" 200 861886 "-" "python-requests/2.32.3"
77.79.248.229 - - [16/Feb/2025:05:36:38 +0100] "GET /Jurek/aw/feeds/awnarzedzia_cdon_se.xml HTTP/1.1" 200 90323709 "-" "python-requests/2.32.3"
77.79.248.229 - - [16/Feb/2025:05:36:42 +0100] "GET /Jurek/aw/feeds/awnarzedzia_cdon_dk.xml HTTP/1.1" 200 90317984 "-" "python-requests/2.32.3"
77.79.248.229 - - [16/Feb/2025:05:36:43 +0100] "GET /Jurek/aw/feeds/awnarzedzia_cdon_fi.xml HTTP/1.1" 200 90235216 "-" "python-requests/2.32.3"
77.79.248.229 - - [16/Feb/2025:05:36:43 +0100] "GET /Jurek/hurtownia_przemyslowa/feeds/hp_cdon_se.xml HTTP/1.1" 200 49757059 "-" "python-requests/2.32.3"
77.79.248.229 - - [16/Feb/2025:05:36:44 +0100] "GET /Jurek/hurtownia_przemyslowa/feeds/hp_cdon_dk.xml HTTP/1.1" 200 49755046 "-" "python-requests/2.32.3"
77.79.248.229 - - [16/Feb/2025:05:36:49 +0100] "GET /Jurek/hurtownia_przemyslowa/feeds/hp_cdon_fi.xml HTTP/1.1" 200 49741676 "-" "python-requests/2.32.3"
77.79.248.229 - - [16/Feb/2025:05:36:56 +0100] "GET /Jurek/ikonka/feeds/ikonka_cdon_se.xml HTTP/1.1" 200 22213611 "-" "python-requests/2.32.3"
77.79.248.229 - - [16/Feb/2025:05:36:56 +0100] "GET /Jurek/ikonka/feeds/ikonka_cdon_dk.xml HTTP/1.1" 200 22213533 "-" "python-requests/2.32.3"
77.79.248.229 - - [16/Feb/2025:05:36:57 +0100] "GET /Jurek/ikonka/feeds/ikonka_cdon_fi.xml HTTP/1.1" 200 22211395 "-" "python-requests/2.32.3"
77.79.248.229 - - [16/Feb/2025:05:36:59 +0100] "GET /Jurek/fernity/feeds/fernity_cdon_fi.xml HTTP/1.1" 200 5092458 "-" "python-requests/2.32.3"
77.79.248.229 - - [16/Feb/2025:05:36:59 +0100] "GET /Jurek/fernity/feeds/fernity_cdon_se.xml HTTP/1.1" 200 5095835 "-" "python-requests/2.32.3"
77.79.248.229 - - [16/Feb/2025:05:36:59 +0100] "GET /Jurek/fernity/feeds/fernity_cdon_dk.xml HTTP/1.1" 200 5095496 "-" "python-requests/2.32.3"
77.79.248.229 - - [16/Feb/2025:05:37:00 +0100] "GET /Jurek/activeshop/feeds/activeshop_cdon_se.xml HTTP/1.1" 200 10511727 "-" "python-requests/2.32.3"
77.79.248.229 - - [16/Feb/2025:05:37:00 +0100] "GET /Jurek/activeshop/feeds/activeshop_cdon_dk.xml HTTP/1.1" 200 10511546 "-" "python-requests/2.32.3"
77.79.248.229 - - [16/Feb/2025:05:37:00 +0100] "GET /Jurek/activeshop/feeds/activeshop_cdon_fi.xml HTTP/1.1" 200 10507716 "-" "python-requests/2.32.3"
77.79.248.229 - - [16/Feb/2025:05:37:11 +0100] "GET /Jurek/barbecook/feeds/barbecook_cdon_se.xml HTTP/1.1" 200 87591 "-" "python-requests/2.32.3"
77.79.248.229 - - [16/Feb/2025:05:37:11 +0100] "GET /Jurek/barbecook/feeds/barbecook_cdon_dk.xml HTTP/1.1" 200 87593 "-" "python-requests/2.32.3"
77.79.248.229 - - [16/Feb/2025:05:37:12 +0100] "GET /Jurek/barbecook/feeds/barbecook_cdon_fi.xml HTTP/1.1" 200 87530 "-" "python-requests/2.32.3"
77.79.248.229 - - [16/Feb/2025:05:37:12 +0100] "GET /Jurek/action/feeds/action_cdon_se.xml HTTP/1.1" 200 55199407 "-" "python-requests/2.32.3"
77.79.248.229 - - [16/Feb/2025:05:37:13 +0100] "GET /Jurek/action/feeds/action_cdon_dk.xml HTTP/1.1" 200 55193517 "-" "python-requests/2.32.3"
77.79.248.229 - - [16/Feb/2025:05:37:14 +0100] "GET /Jurek/action/feeds/action_cdon_fi.xml HTTP/1.1" 200 55168719 "-" "python-requests/2.32.3"
77.79.248.229 - - [16/Feb/2025:05:37:14 +0100] "GET /Jurek/kinghoff/feeds/kinghoff_cdon_se.xml HTTP/1.1" 200 14132135 "-" "python-requests/2.32.3"
77.79.248.229 - - [16/Feb/2025:05:37:14 +0100] "GET /Jurek/kinghoff/feeds/kinghoff_cdon_dk.xml HTTP/1.1" 200 14131773 "-" "python-requests/2.32.3"
77.79.248.229 - - [16/Feb/2025:05:37:14 +0100] "GET /Jurek/kinghoff/feeds/kinghoff_cdon_fi.xml HTTP/1.1" 200 14129721 "-" "python-requests/2.32.3"
46.101.116.244 - - [16/Feb/2025:05:37:58 +0100] "GET /Jurek/aw/feeds/aw_fnacfr.xml HTTP/1.0" 404 3551 "-" "-"
77.79.248.229 - - [16/Feb/2025:05:38:09 +0100] "GET /Jurek/vidaSI/feeds/vidaSI_bigbang.xml HTTP/1.1" 200 619435709 "-" "Python-urllib/3.11"
77.79.248.229 - - [16/Feb/2025:05:38:10 +0100] "GET /Jurek/aw/feeds/awnarzedzia_bigbang.xml HTTP/1.1" 200 90213091 "-" "Python-urllib/3.11"
77.79.248.229 - - [16/Feb/2025:05:38:12 +0100] "GET /Jurek/hurtownia_przemyslowa/feeds/hp_bigbang.xml HTTP/1.1" 200 49739125 "-" "Python-urllib/3.11"
77.79.248.229 - - [16/Feb/2025:05:38:13 +0100] "GET /Jurek/action/feeds/action_bigbang.xml HTTP/1.1" 200 55164322 "-" "Python-urllib/3.11"
77.79.248.229 - - [16/Feb/2025:05:38:19 +0100] "GET /Jurek/unimet/feeds/unimet_bigbang.xml HTTP/1.1" 200 61098424 "-" "Python-urllib/3.11"
77.79.248.229 - - [16/Feb/2025:05:38:20 +0100] "GET /Jurek/ikonka/feeds/ikonka_bigbang.xml HTTP/1.1" 200 22211339 "-" "Python-urllib/3.11"
77.79.248.229 - - [16/Feb/2025:05:38:20 +0100] "GET /Jurek/bass/feeds/bass_bigbang.xml HTTP/1.1" 200 3985198 "-" "Python-urllib/3.11"
77.79.248.229 - - [16/Feb/2025:05:38:25 +0100] "GET /Jurek/kinghoff/feeds/kinghoff_bigbang.xml HTTP/1.1" 200 14129435 "-" "Python-urllib/3.11"
77.79.248.229 - - [16/Feb/2025:05:38:28 +0100] "GET /Jurek/activeshop/feeds/activeshop_bigbang.xml HTTP/1.1" 200 10508078 "-" "Python-urllib/3.11"
77.79.248.229 - - [16/Feb/2025:05:38:28 +0100] "GET /Jurek/octopia/feeds/octopia_bigbang.xml HTTP/1.1" 200 6395817 "-" "Python-urllib/3.11"
77.79.248.229 - - [16/Feb/2025:05:38:29 +0100] "GET /Jurek/topeshop/feeds/topeshop_bigbang.xml HTTP/1.1" 200 2403304 "-" "Python-urllib/3.11"
77.79.248.229 - - [16/Feb/2025:05:38:29 +0100] "GET /Jurek/b3/feeds/b3_bigbang.xml HTTP/1.1" 200 7183427 "-" "Python-urllib/3.11"
77.79.248.229 - - [16/Feb/2025:05:38:29 +0100] "GET /Jurek/asortymenteu/feeds/asortymenteu_bigbang.xml HTTP/1.1" 200 2516078 "-" "Python-urllib/3.11"
77.79.248.229 - - [16/Feb/2025:05:38:30 +0100] "GET /Jurek/eroplace/feeds/eroplace_bigbang.xml HTTP/1.1" 200 30847737 "-" "Python-urllib/3.11"
46.101.116.244 - - [16/Feb/2025:05:38:32 +0100] "GET /Filip/feeds/xlsx_ceneo.xml HTTP/1.0" 200 6241376 "-" "-"
51.77.52.107 - - [16/Feb/2025:05:38:32 +0100] "POST /Filip/Rovicky/baselinker/baselinker-ceneo-shumee.php HTTP/2.0" 200 106776 "-" "BaseLinker/1.0"
77.79.248.229 - - [16/Feb/2025:05:38:36 +0100] "GET /Jurek/intsell/feeds/intsell_bigbang.xml HTTP/1.1" 200 338786440 "-" "Python-urllib/3.11"
77.79.248.229 - - [16/Feb/2025:05:38:42 +0100] "GET /Jurek/coppotech/feeds/coppotech_bigbang.xml HTTP/1.1" 200 38985933 "-" "Python-urllib/3.11"
77.79.248.229 - - [16/Feb/2025:05:38:42 +0100] "GET /Jurek/stema/feeds/stema_bigbang.xml HTTP/1.1" 200 861805 "-" "Python-urllib/3.11"
77.79.248.229 - - [16/Feb/2025:05:38:42 +0100] "GET /Jurek/sempler/feeds/sempler_bigbang.xml HTTP/1.1" 200 6553234 "-" "Python-urllib/3.11"
77.79.248.229 - - [16/Feb/2025:05:38:43 +0100] "GET /Jurek/benetech/feeds/benetech_bigbang.xml HTTP/1.1" 200 4451802 "-" "Python-urllib/3.11"
77.79.248.229 - - [16/Feb/2025:05:38:43 +0100] "GET /Jurek/ekuchcikowo/feeds/ekuchcikowo_bigbang.xml HTTP/1.1" 200 12760884 "-" "Python-urllib/3.11"
77.79.248.229 - - [16/Feb/2025:05:40:20 +0100] "GET /Jurek/kinghoff/feeds/kinghoff_SkroutzGR.xml HTTP/1.1" 200 14129626 "-" "Python-urllib/3.11"
77.79.248.229 - - [16/Feb/2025:05:40:21 +0100] "GET /Jurek/aw/feeds/awnarzedzia_skroutz.xml HTTP/1.1" 200 90234573 "-" "Python-urllib/3.11"
77.79.248.229 - - [16/Feb/2025:05:40:22 +0100] "GET /Jurek/eurofirany/feeds/eurofirany_skroutz.xml HTTP/1.1" 200 18893543 "-" "Python-urllib/3.11"
77.79.248.229 - - [16/Feb/2025:05:40:22 +0100] "GET /Jurek/fernity/feeds/fernity_skroutz.xml HTTP/1.1" 200 5093264 "-" "Python-urllib/3.11"
89.161.206.59 - - [16/Feb/2025:05:40:49 +0100] "GET /Jurek/hurtownia_przemyslowa/feeds/hp_amazonIT.xml HTTP/1.0" 200 49742027 "-" "-"
89.161.206.59 - - [16/Feb/2025:05:40:52 +0100] "GET /Jurek/hurtownia_przemyslowa/feeds/hp_amazonNL.xml HTTP/1.0" 200 49741639 "-" "-"
89.161.206.59 - - [16/Feb/2025:05:40:54 +0100] "GET /Jurek/hurtownia_przemyslowa/feeds/hp_amazonSE.xml HTTP/1.0" 200 49757441 "-" "-"
66.211.183.73 - - [16/Feb/2025:05:42:01 +0100] "GET /Jurek/topeshop/downloaded_images/5902838468814_DUO-BIEL-BRY%C5%81KA-BOK-ZM.jpg HTTP/1.1" 404 3551 "-" "scalaj-http/2.4.2"
46.101.116.244 - - [16/Feb/2025:05:42:26 +0100] "GET /Jurek/aw/feeds/aw_fnacfr.xml HTTP/1.0" 404 3551 "-" "-"
46.101.116.244 - - [16/Feb/2025:05:42:56 +0100] "GET /Filip/feeds/xlsx_ceneo.xml HTTP/1.0" 200 6241376 "-" "-"
51.77.52.107 - - [16/Feb/2025:05:42:57 +0100] "POST /Filip/Rovicky/baselinker/baselinker-ceneo-shumee.php HTTP/2.0" 200 106776 "-" "BaseLinker/1.0"
46.101.116.244 - - [16/Feb/2025:05:43:13 +0100] "GET /Jurek/eurofirany/feeds/eurofirany_ceneo.xml HTTP/1.0" 200 18896987 "-" "-"
77.79.248.229 - - [16/Feb/2025:05:44:15 +0100] "GET /Jurek/kinghoff/feeds/kinghoff_rakuten.xml HTTP/1.1" 200 14129397 "-" "Python-urllib/3.11"
89.161.206.59 - - [16/Feb/2025:05:45:31 +0100] "GET /Jurek/kambukka/feeds/kambukka_emagro.xml HTTP/1.0" 200 973395 "-" "-"
89.161.206.59 - - [16/Feb/2025:05:45:31 +0100] "GET /Jurek/amzteam/feeds/amzteam_emagro.xml HTTP/1.0" 200 97896 "-" "-"
89.161.206.59 - - [16/Feb/2025:05:45:31 +0100] "GET /Jurek/benetech/feeds/benetech_emagro.xml HTTP/1.0" 200 4452070 "-" "-"
89.161.206.59 - - [16/Feb/2025:05:45:32 +0100] "GET /Jurek/slayo/feeds/slayo_emagro.xml HTTP/1.0" 200 195544 "-" "-"
89.161.206.59 - - [16/Feb/2025:05:45:32 +0100] "GET /Jurek/hdwr/feeds/hdwr_emagro.xml HTTP/1.0" 200 777954 "-" "-"
89.161.206.59 - - [16/Feb/2025:05:45:32 +0100] "GET /Jurek/waks/feeds/waks_emagro.xml HTTP/1.0" 200 6334190 "-" "-"
89.161.206.59 - - [16/Feb/2025:05:45:34 +0100] "GET /Jurek/eroplace/feeds/eroplace_emagro.xml HTTP/1.0" 200 30857054 "-" "-"
89.161.206.59 - - [16/Feb/2025:05:45:36 +0100] "GET /Jurek/sempler/feeds/sempler_emagro.xml HTTP/1.0" 200 6553903 "-" "-"
89.161.206.59 - - [16/Feb/2025:05:45:37 +0100] "GET /Jurek/kinghoff/feeds/kinghoff_emagro.xml HTTP/1.0" 200 14131366 "-" "-"
89.161.206.59 - - [16/Feb/2025:05:45:38 +0100] "GET /Jurek/bass/feeds/bass_emagro.xml HTTP/1.0" 200 3986414 "-" "-"
89.161.206.59 - - [16/Feb/2025:05:45:38 +0100] "GET /Jurek/targethome/feeds/targethome_emagro.xml HTTP/1.0" 200 683657 "-" "-"
89.161.206.59 - - [16/Feb/2025:05:45:38 +0100] "GET /Jurek/pagmil/feeds/pagmil_emagro.xml HTTP/1.0" 200 1705713 "-" "-"
89.161.206.59 - - [16/Feb/2025:05:45:39 +0100] "GET /Jurek/ralmetal/feeds/ralmetal_emag.xml HTTP/1.0" 200 1787426 "-" "-"
89.161.206.59 - - [16/Feb/2025:05:45:39 +0100] "GET /Jurek/oromed/feeds/oromed_emagro.xml HTTP/1.0" 200 949706 "-" "-"
89.161.206.59 - - [16/Feb/2025:05:45:39 +0100] "GET /Jurek/b3/feeds/b3_emagro.xml HTTP/1.0" 200 7186094 "-" "-"
46.101.116.244 - - [16/Feb/2025:05:45:40 +0100] "GET /Jurek/aw/feeds/aw_fnacfr.xml HTTP/1.0" 404 3551 "-" "-"
89.161.206.59 - - [16/Feb/2025:05:45:40 +0100] "GET /Jurek/narzbud/feeds/narzbud_emagro.xml HTTP/1.0" 200 1610637 "-" "-"
89.161.206.59 - - [16/Feb/2025:05:45:41 +0100] "GET /Jurek/swiatecznygoliat/feeds/swiatecznygoliat_emagro.xml HTTP/1.0" 200 7050860 "-" "-"
89.161.206.59 - - [16/Feb/2025:05:45:41 +0100] "GET /Jurek/drops/feeds/dropsofficecolection_emagro.xml HTTP/1.0" 200 788073 "-" "-"
89.161.206.59 - - [16/Feb/2025:05:45:41 +0100] "GET /Jurek/szpaklampy/feeds/szpaklampy_emagro.xml HTTP/1.0" 200 416582 "-" "-"
89.161.206.59 - - [16/Feb/2025:05:45:42 +0100] "GET /Jurek/spali/feeds/spali_emagro.xml HTTP/1.0" 200 101965 "-" "-"
89.161.206.59 - - [16/Feb/2025:05:45:42 +0100] "GET /Jurek/combine/feeds/combine_EMAGRO.xml HTTP/1.0" 200 210572 "-" "-"
89.161.206.59 - - [16/Feb/2025:05:45:42 +0100] "GET /Jurek/velinda/feeds/velinda_emagro.xml HTTP/1.0" 200 4283084 "-" "-"
89.161.206.59 - - [16/Feb/2025:05:45:43 +0100] "GET /Jurek/urwiskowo/feeds/urwiskowo_emagro.xml HTTP/1.0" 200 9116424 "-" "-"
89.161.206.59 - - [16/Feb/2025:05:45:44 +0100] "GET /Jurek/reman/feeds/reman_emagro.xml HTTP/1.0" 200 1394908 "-" "-"
89.161.206.59 - - [16/Feb/2025:05:45:44 +0100] "GET /Jurek/edruk/feeds/edruk_emagro.xml HTTP/1.0" 200 13455274 "-" "-"
89.161.206.59 - - [16/Feb/2025:05:45:45 +0100] "GET /Jurek/erohurtownia/feeds/erohurtownia_emagro.xml HTTP/1.0" 200 23314002 "-" "-"
