85.14.86.141 - - [16/Feb/2025:12:05:03 +0100] "GET /Jurek/eurofirany/feeds/eurofirany_morele.xml HTTP/2.0" 200 18894914 "-" "MarketplaceAPI curl/7.64.0 PHP/8"
85.14.86.141 - - [16/Feb/2025:12:05:13 +0100] "GET /Jurek/vivaldi/feeds/vivaldi_Morele-PL.xml HTTP/2.0" 200 344674 "-" "MarketplaceAPI curl/7.64.0 PHP/8"
46.101.116.244 - - [16/Feb/2025:12:05:33 +0100] "GET /Jurek/sempler/feeds/sempler_alza.xml HTTP/2.0" 200 6554607 "-" "-"
46.101.116.244 - - [16/Feb/2025:12:05:45 +0100] "GET /Jurek/eroplace/feeds/eroplace_alza.xml HTTP/2.0" 200 30866604 "-" "-"
46.101.116.244 - - [16/Feb/2025:12:05:53 +0100] "GET /Jurek/aw/feeds/aw_fnacfr.xml HTTP/1.0" 404 3551 "-" "-"
46.101.116.244 - - [16/Feb/2025:12:06:00 +0100] "GET /Jurek/mosti/feeds/mosti_alza.xml HTTP/2.0" 200 9251123 "-" "-"
46.101.116.244 - - [16/Feb/2025:12:06:02 +0100] "GET /Jurek/biokominki/feeds/biokomiinki_alza.xml HTTP/2.0" 200 1422345 "-" "-"
85.14.86.141 - - [16/Feb/2025:12:06:31 +0100] "GET /Jurek/aw/feeds/awnarzedzia_morele.xml HTTP/2.0" 200 90245342 "-" "MarketplaceAPI curl/7.64.0 PHP/8"
46.101.116.244 - - [16/Feb/2025:12:06:33 +0100] "GET /Filip/feeds/xlsx_ceneo.xml HTTP/1.0" 200 6241376 "-" "-"
51.77.52.107 - - [16/Feb/2025:12:06:33 +0100] "POST /Filip/Rovicky/baselinker/baselinker-ceneo-shumee.php HTTP/2.0" 200 106776 "-" "BaseLinker/1.0"
85.14.86.141 - - [16/Feb/2025:12:06:34 +0100] "GET /Jurek/vida_morele/feeds/VidaPL_morele.xml HTTP/2.0" 200 695379525 "-" "MarketplaceAPI curl/7.64.0 PHP/8"
66.249.66.68 - - [16/Feb/2025:12:06:35 +0100] "GET /Jurek/eurofirany/images/387144/9.jpg HTTP/1.1" 200 197200 "-" "Googlebot-Image/1.0"
85.14.86.141 - - [16/Feb/2025:12:07:03 +0100] "GET /Jurek/miloohome/feeds/miloohome_morele.xml HTTP/2.0" 200 1421250 "-" "MarketplaceAPI curl/7.64.0 PHP/8"
85.14.86.141 - - [16/Feb/2025:12:07:14 +0100] "GET /Jurek/beliani/feeds/beliani_morele.xml HTTP/2.0" 200 28319729 "-" "MarketplaceAPI curl/7.64.0 PHP/8"
46.101.116.244 - - [16/Feb/2025:12:08:02 +0100] "GET /Jurek/vida_morele/feeds/vida_alza.xml HTTP/2.0" 200 694932324 "-" "-"
66.249.66.67 - - [16/Feb/2025:12:08:58 +0100] "GET /Jurek/eurofirany/images/378441/7.jpg HTTP/1.1" 200 106953 "-" "Googlebot-Image/1.0"
89.161.206.59 - - [16/Feb/2025:12:09:25 +0100] "GET /Jurek/narzbud/feeds/narzbud_allegro.xml HTTP/1.0" 200 1610618 "-" "-"
5.134.208.158 - - [16/Feb/2025:12:09:48 +0100] "GET /Jurek/eurofirany/images/459972/0.jpg HTTP/1.1" 200 90118 "-" "-"
185.6.76.18 - - [16/Feb/2025:12:10:29 +0100] "GET /marketplaces/skroutz/feeds/shumee.xml HTTP/1.1" 200 348151672 "-" "SkroutzBot v1.0"
46.101.116.244 - - [16/Feb/2025:12:10:44 +0100] "GET /Jurek/aw/feeds/aw_fnacfr.xml HTTP/1.0" 404 3551 "-" "-"
66.249.66.67 - - [16/Feb/2025:12:11:22 +0100] "GET /Jurek/eurofirany/images/397112/2.jpg HTTP/1.1" 200 54983 "-" "Googlebot-Image/1.0"
46.101.116.244 - - [16/Feb/2025:12:11:23 +0100] "GET /Filip/feeds/xlsx_ceneo.xml HTTP/1.0" 200 6241376 "-" "-"
51.77.52.107 - - [16/Feb/2025:12:11:23 +0100] "POST /Filip/Rovicky/baselinker/baselinker-ceneo-shumee.php HTTP/2.0" 200 106776 "-" "BaseLinker/1.0"
66.211.183.70 - - [16/Feb/2025:12:12:17 +0100] "GET /Jurek/topeshop/downloaded_images/5904507207489_20st_mijas_prawy_zielonykopia.png HTTP/1.1" 200 223941 "-" "scalaj-http/2.4.2"
66.249.66.68 - - [16/Feb/2025:12:14:58 +0100] "GET /Jurek/eurofirany/images/367111/4.jpg HTTP/1.1" 200 116759 "-" "Googlebot-Image/1.0"
89.161.206.59 - - [16/Feb/2025:12:15:55 +0100] "GET /Jurek/b3/feeds/b3_amazonse.xml HTTP/1.0" 200 7186730 "-" "-"
46.101.116.244 - - [16/Feb/2025:12:15:56 +0100] "GET /Jurek/aw/feeds/aw_fnacfr.xml HTTP/1.0" 404 3551 "-" "-"
62.146.215.32 - - [16/Feb/2025:12:16:20 +0100] "GET /Jurek/topeshop/downloaded_images/5904507200176_MIJASBIURKOBRY%C5%81KASONOMAPRAWEBOKZM.jpg HTTP/2.0" 404 3551 "-" "billigerbot/1.0"
46.101.116.244 - - [16/Feb/2025:12:16:35 +0100] "GET /Filip/feeds/xlsx_ceneo.xml HTTP/1.0" 200 6241376 "-" "-"
51.77.52.107 - - [16/Feb/2025:12:16:35 +0100] "POST /Filip/Rovicky/baselinker/baselinker-ceneo-shumee.php HTTP/2.0" 200 106776 "-" "BaseLinker/1.0"
66.249.66.66 - - [16/Feb/2025:12:19:46 +0100] "GET /Jurek/eurofirany/images/335295/2.jpg HTTP/1.1" 200 96727 "-" "Googlebot-Image/1.0"
46.101.116.244 - - [16/Feb/2025:12:20:50 +0100] "GET /Jurek/aw/feeds/aw_fnacfr.xml HTTP/1.0" 404 3551 "-" "-"
89.161.206.59 - - [16/Feb/2025:12:20:53 +0100] "GET /Jurek/topeshop/feeds/topeshop_cdsc.xml HTTP/1.0" 200 2403348 "-" "-"
66.249.66.68 - - [16/Feb/2025:12:20:58 +0100] "GET /Jurek/eurofirany/images/367114/5.jpg HTTP/1.1" 200 112085 "-" "Googlebot-Image/1.0"
46.101.116.244 - - [16/Feb/2025:12:21:36 +0100] "GET /Filip/feeds/xlsx_ceneo.xml HTTP/1.0" 200 6241376 "-" "-"
51.77.52.107 - - [16/Feb/2025:12:21:36 +0100] "POST /Filip/Rovicky/baselinker/baselinker-ceneo-shumee.php HTTP/2.0" 200 106776 "-" "BaseLinker/1.0"
66.211.183.72 - - [16/Feb/2025:12:22:05 +0100] "GET /Jurek/topeshop/downloaded_images/5902838463741_20st_close.jpg HTTP/1.1" 404 3551 "-" "scalaj-http/2.4.2"
89.161.206.59 - - [16/Feb/2025:12:23:03 +0100] "GET /Jurek/bass_new/feeds/bass_ebayde.xml HTTP/1.0" 200 4806936 "-" "-"
66.249.66.67 - - [16/Feb/2025:12:23:22 +0100] "GET /Jurek/eurofirany/images/367114/2.jpg HTTP/1.1" 200 56699 "-" "Googlebot-Image/1.0"
89.161.206.59 - - [16/Feb/2025:12:23:24 +0100] "GET /Jurek/hurtmeblowy/feeds/hurtmeblowy_allegro.xml HTTP/1.0" 200 8039519 "-" "-"
66.211.183.70 - - [16/Feb/2025:12:23:53 +0100] "GET /Jurek/topeshop/downloaded_images/5904507200169_MIJASBIURKOBRY%C5%81KASONOMALEWEBOKZM.jpg HTTP/1.1" 404 3551 "-" "scalaj-http/2.4.2"
46.101.116.244 - - [16/Feb/2025:12:24:15 +0100] "GET /Jurek/chemex/feeds/chemex_empik.xml HTTP/1.0" 200 47822490 "-" "-"
66.211.183.72 - - [16/Feb/2025:12:24:23 +0100] "GET /Jurek/topeshop/downloaded_images/5902838468821_DUOCZERNBRYLKABOKZM.jpg HTTP/1.1" 404 3551 "-" "scalaj-http/2.4.2"
46.101.116.244 - - [16/Feb/2025:12:24:32 +0100] "GET /Jurek/hurtownia_przemyslowa/feeds/hp_cdiscount.xml HTTP/1.0" 200 49740966 "-" "-"
46.101.116.244 - - [16/Feb/2025:12:24:48 +0100] "GET /Jurek/aw/feeds/awnarzedzia_cdiscount.xml HTTP/1.0" 200 90238006 "-" "-"
89.161.206.59 - - [16/Feb/2025:12:25:20 +0100] "GET /Jurek/unimet/feeds/unimet_cdisFI.xml HTTP/1.0" 200 61102337 "-" "-"
89.161.206.59 - - [16/Feb/2025:12:25:26 +0100] "GET /Jurek/barbecook/feeds/barbecook_cdis.xml HTTP/1.0" 200 87527 "-" "-"
46.101.116.244 - - [16/Feb/2025:12:25:31 +0100] "GET /Jurek/action/feeds/action_cdis.xml HTTP/1.0" 200 55166469 "-" "-"
66.249.66.68 - - [16/Feb/2025:12:25:46 +0100] "GET /Jurek/eurofirany/images/397112/8.jpg HTTP/1.1" 200 129047 "-" "Googlebot-Image/1.0"
46.101.116.244 - - [16/Feb/2025:12:25:51 +0100] "GET /Jurek/activeshop/feeds/activeshop_cdis.xml HTTP/1.0" 200 10508033 "-" "-"
46.101.116.244 - - [16/Feb/2025:12:25:54 +0100] "GET /Jurek/aw/feeds/aw_fnacfr.xml HTTP/1.0" 404 3551 "-" "-"
46.101.116.244 - - [16/Feb/2025:12:25:57 +0100] "GET /Jurek/fernity/feeds/fernity_cdiscount.xml HTTP/1.0" 200 5092798 "-" "-"
46.101.116.244 - - [16/Feb/2025:12:26:01 +0100] "GET /Jurek/eurofirany/feeds/eurofirany_cdiscount.xml HTTP/1.0" 200 18893618 "-" "-"
46.101.116.244 - - [16/Feb/2025:12:26:04 +0100] "GET /Jurek/kinghoff/feeds/kinghoff_cdiscount.xml HTTP/1.0" 200 14129570 "-" "-"
46.101.116.244 - - [16/Feb/2025:12:26:56 +0100] "GET /Filip/feeds/xlsx_ceneo.xml HTTP/1.0" 200 6241376 "-" "-"
51.77.52.107 - - [16/Feb/2025:12:26:56 +0100] "POST /Filip/Rovicky/baselinker/baselinker-ceneo-shumee.php HTTP/2.0" 200 106776 "-" "BaseLinker/1.0"
66.249.66.66 - - [16/Feb/2025:12:26:58 +0100] "GET /Jurek/topeshop/downloaded_images/5904507201876_KUBABIURKOARTISAN2.png HTTP/1.1" 404 3551 "-" "Googlebot-Image/1.0"
178.21.154.6 - - [16/Feb/2025:12:29:14 +0100] "GET /Jurek/eurofirany/images/372978/0.jpg HTTP/1.1" 200 59764 "-" "-"
178.21.154.6 - - [16/Feb/2025:12:29:14 +0100] "GET /Jurek/eurofirany/images/375603/0.jpg HTTP/1.1" 200 59923 "-" "-"
178.21.154.6 - - [16/Feb/2025:12:29:14 +0100] "GET /Jurek/eurofirany/images/372634/0.jpg HTTP/1.1" 200 60417 "-" "-"
178.21.154.6 - - [16/Feb/2025:12:29:14 +0100] "GET /Jurek/eurofirany/images/372981/0.jpg HTTP/1.1" 200 59591 "-" "-"
178.21.154.6 - - [16/Feb/2025:12:29:14 +0100] "GET /Jurek/eurofirany/images/398816/0.jpg HTTP/1.1" 200 34321 "-" "-"
178.21.154.6 - - [16/Feb/2025:12:29:14 +0100] "GET /Jurek/eurofirany/images/375605/0.jpg HTTP/1.1" 200 59923 "-" "-"
178.21.154.6 - - [16/Feb/2025:12:29:14 +0100] "GET /Jurek/eurofirany/images/372657/0.jpg HTTP/1.1" 200 61810 "-" "-"
178.21.154.6 - - [16/Feb/2025:12:29:14 +0100] "GET /Jurek/eurofirany/images/372654/0.jpg HTTP/1.1" 200 66435 "-" "-"
178.21.154.6 - - [16/Feb/2025:12:29:15 +0100] "GET /Jurek/eurofirany/images/375604/0.jpg HTTP/1.1" 200 59923 "-" "-"
178.21.154.6 - - [16/Feb/2025:12:29:15 +0100] "GET /Jurek/eurofirany/images/455562/0.jpg HTTP/1.1" 200 77924 "-" "-"
89.161.206.59 - - [16/Feb/2025:12:29:43 +0100] "GET /Jurek/combine/feeds/combine_amazonde.xml HTTP/1.0" 200 210557 "-" "-"
86.123.229.9 - - [16/Feb/2025:12:30:24 +0100] "GET /Jurek/eurofirany/images/91842/2.jpg HTTP/2.0" 200 42338 "https://www.emag.ro/perdea-rebecca-350x160-cm-alba-eurofirany-91842/pd/DXKH8LMBM/?ref=embedding_similar_model_1_1&provider=rec&recid=rec_102_3b5e8aceb82bc40d512bb0af1c9f3b1e3dcc1260e510676a0a45eb584333117f_1739705332&scenario_ID=102" "Mozilla/5.0 (Windows NT 10.0; Win64; x64) AppleWebKit/537.36 (KHTML, like Gecko) Chrome/133.0.0.0 Safari/537.36 Edg/133.0.0.0"
86.123.229.9 - - [16/Feb/2025:12:30:24 +0100] "GET /Jurek/eurofirany/images/91842/1.jpg HTTP/2.0" 200 70838 "https://www.emag.ro/perdea-rebecca-350x160-cm-alba-eurofirany-91842/pd/DXKH8LMBM/?ref=embedding_similar_model_1_1&provider=rec&recid=rec_102_3b5e8aceb82bc40d512bb0af1c9f3b1e3dcc1260e510676a0a45eb584333117f_1739705332&scenario_ID=102" "Mozilla/5.0 (Windows NT 10.0; Win64; x64) AppleWebKit/537.36 (KHTML, like Gecko) Chrome/133.0.0.0 Safari/537.36 Edg/133.0.0.0"
86.123.229.9 - - [16/Feb/2025:12:30:25 +0100] "GET /Jurek/eurofirany/images/91842/3.jpg HTTP/2.0" 200 78393 "https://www.emag.ro/perdea-rebecca-350x160-cm-alba-eurofirany-91842/pd/DXKH8LMBM/?ref=embedding_similar_model_1_1&provider=rec&recid=rec_102_3b5e8aceb82bc40d512bb0af1c9f3b1e3dcc1260e510676a0a45eb584333117f_1739705332&scenario_ID=102" "Mozilla/5.0 (Windows NT 10.0; Win64; x64) AppleWebKit/537.36 (KHTML, like Gecko) Chrome/133.0.0.0 Safari/537.36 Edg/133.0.0.0"
86.123.229.9 - - [16/Feb/2025:12:30:25 +0100] "GET /Jurek/eurofirany/images/91842/6.jpg HTTP/2.0" 200 80050 "https://www.emag.ro/perdea-rebecca-350x160-cm-alba-eurofirany-91842/pd/DXKH8LMBM/?ref=embedding_similar_model_1_1&provider=rec&recid=rec_102_3b5e8aceb82bc40d512bb0af1c9f3b1e3dcc1260e510676a0a45eb584333117f_1739705332&scenario_ID=102" "Mozilla/5.0 (Windows NT 10.0; Win64; x64) AppleWebKit/537.36 (KHTML, like Gecko) Chrome/133.0.0.0 Safari/537.36 Edg/133.0.0.0"
86.123.229.9 - - [16/Feb/2025:12:30:25 +0100] "GET /Jurek/eurofirany/images/91842/5.jpg HTTP/2.0" 200 152403 "https://www.emag.ro/perdea-rebecca-350x160-cm-alba-eurofirany-91842/pd/DXKH8LMBM/?ref=embedding_similar_model_1_1&provider=rec&recid=rec_102_3b5e8aceb82bc40d512bb0af1c9f3b1e3dcc1260e510676a0a45eb584333117f_1739705332&scenario_ID=102" "Mozilla/5.0 (Windows NT 10.0; Win64; x64) AppleWebKit/537.36 (KHTML, like Gecko) Chrome/133.0.0.0 Safari/537.36 Edg/133.0.0.0"
86.123.229.9 - - [16/Feb/2025:12:30:25 +0100] "GET /Jurek/eurofirany/images/91842/4.jpg HTTP/2.0" 200 329274 "https://www.emag.ro/perdea-rebecca-350x160-cm-alba-eurofirany-91842/pd/DXKH8LMBM/?ref=embedding_similar_model_1_1&provider=rec&recid=rec_102_3b5e8aceb82bc40d512bb0af1c9f3b1e3dcc1260e510676a0a45eb584333117f_1739705332&scenario_ID=102" "Mozilla/5.0 (Windows NT 10.0; Win64; x64) AppleWebKit/537.36 (KHTML, like Gecko) Chrome/133.0.0.0 Safari/537.36 Edg/133.0.0.0"
86.123.229.9 - - [16/Feb/2025:12:30:25 +0100] "GET /Jurek/eurofirany/images/91842/7.jpg HTTP/2.0" 200 243490 "https://www.emag.ro/perdea-rebecca-350x160-cm-alba-eurofirany-91842/pd/DXKH8LMBM/?ref=embedding_similar_model_1_1&provider=rec&recid=rec_102_3b5e8aceb82bc40d512bb0af1c9f3b1e3dcc1260e510676a0a45eb584333117f_1739705332&scenario_ID=102" "Mozilla/5.0 (Windows NT 10.0; Win64; x64) AppleWebKit/537.36 (KHTML, like Gecko) Chrome/133.0.0.0 Safari/537.36 Edg/133.0.0.0"
46.101.116.244 - - [16/Feb/2025:12:30:57 +0100] "GET /Jurek/aw/feeds/aw_fnacfr.xml HTTP/1.0" 404 3551 "-" "-"
46.101.116.244 - - [16/Feb/2025:12:31:50 +0100] "GET /Filip/feeds/xlsx_ceneo.xml HTTP/1.0" 200 6241376 "-" "-"
51.77.52.107 - - [16/Feb/2025:12:31:50 +0100] "POST /Filip/Rovicky/baselinker/baselinker-ceneo-shumee.php HTTP/2.0" 200 106776 "-" "BaseLinker/1.0"
52.18.22.0 - - [16/Feb/2025:12:33:28 +0100] "GET /marketplaces/worten2/results/worten.csv HTTP/1.1" 200 147218 "-" "Mirakl HttpClient"
66.249.66.66 - - [16/Feb/2025:12:34:10 +0100] "GET /Jurek/eurofirany/images/391378/1.jpg HTTP/1.1" 200 74886 "-" "Googlebot-Image/1.0"
109.166.128.44 - - [16/Feb/2025:12:36:35 +0100] "GET /Jurek/eurofirany/images/387818/4.jpg HTTP/2.0" 200 188576 "https://www.google.com/" "Mozilla/5.0 (Linux; Android 13; SM-A226B Build/TP1A.220624.014; wv) AppleWebKit/537.36 (KHTML, like Gecko) Version/4.0 Chrome/132.0.6834.163 Mobile Safari/537.36 GoogleApp/16.4.36.ve.arm64"
46.101.116.244 - - [16/Feb/2025:12:36:52 +0100] "GET /Jurek/aw/feeds/aw_fnacfr.xml HTTP/1.0" 404 3551 "-" "-"
46.101.116.244 - - [16/Feb/2025:12:38:14 +0100] "GET /Filip/feeds/xlsx_ceneo.xml HTTP/1.0" 200 6241376 "-" "-"
51.77.52.107 - - [16/Feb/2025:12:38:14 +0100] "POST /Filip/Rovicky/baselinker/baselinker-ceneo-shumee.php HTTP/2.0" 200 106776 "-" "BaseLinker/1.0"
66.249.66.68 - - [16/Feb/2025:12:38:58 +0100] "GET /Jurek/eurofirany/images/386192/2.jpg HTTP/1.1" 200 38992 "-" "Googlebot-Image/1.0"
89.161.206.59 - - [16/Feb/2025:12:39:49 +0100] "GET /Jurek/ekolight/feeds/ekolight_allegro.xml HTTP/1.0" 200 9053744 "-" "-"
89.161.206.59 - - [16/Feb/2025:12:39:49 +0100] "GET /Jurek/galopi/feeds/galopi_allegro.xml HTTP/1.0" 200 1884829 "-" "-"
46.101.116.244 - - [16/Feb/2025:12:42:12 +0100] "GET /Jurek/aw/feeds/aw_fnacfr.xml HTTP/1.0" 404 3551 "-" "-"
66.249.66.67 - - [16/Feb/2025:12:42:34 +0100] "GET /Jurek/eurofirany/images/383703/1.jpg HTTP/1.1" 200 68450 "-" "Googlebot-Image/1.0"
89.161.206.59 - - [16/Feb/2025:12:44:12 +0100] "GET /Jurek/fertone/feeds/fertone_emagro.xml HTTP/1.0" 200 628602 "-" "-"
46.101.116.244 - - [16/Feb/2025:12:44:31 +0100] "GET /Filip/feeds/xlsx_ceneo.xml HTTP/1.0" 200 6241376 "-" "-"
51.77.52.107 - - [16/Feb/2025:12:44:32 +0100] "POST /Filip/Rovicky/baselinker/baselinker-ceneo-shumee.php HTTP/2.0" 200 106776 "-" "BaseLinker/1.0"
46.101.116.244 - - [16/Feb/2025:12:46:11 +0100] "GET /Jurek/aw/feeds/aw_fnacfr.xml HTTP/1.0" 404 3551 "-" "-"
89.161.206.59 - - [16/Feb/2025:12:46:40 +0100] "GET /Jurek/ikonka/feeds/ikonka_skroutz.xml HTTP/1.0" 200 22211359 "-" "-"
46.101.116.244 - - [16/Feb/2025:12:46:56 +0100] "GET /Filip/feeds/xlsx_ceneo.xml HTTP/1.0" 200 6241376 "-" "-"
51.77.52.107 - - [16/Feb/2025:12:46:56 +0100] "POST /Filip/Rovicky/baselinker/baselinker-ceneo-shumee.php HTTP/2.0" 200 106776 "-" "BaseLinker/1.0"
66.135.202.171 - - [16/Feb/2025:12:46:57 +0100] "GET /Jurek/topeshop/downloaded_images/5904507207465_mijas_r%C3%B3%C5%BCowy_mirorrrr.jpg HTTP/1.1" 200 126503 "http://www.ebay.com/" "Mozilla/4.0 (compatible; MSIE 4.01; Windows NT)"
66.135.202.173 - - [16/Feb/2025:12:46:57 +0100] "GET /Jurek/topeshop/downloaded_images/5904507207465_20st_mijas_Lewy_open_r%C3%B3%C5%BCowy.png HTTP/1.1" 404 3551 "http://www.ebay.com/" "Mozilla/4.0 (compatible; MSIE 4.01; Windows NT)"
66.135.202.172 - - [16/Feb/2025:12:46:57 +0100] "GET /Jurek/topeshop/downloaded_images/5904507207465_Front_mijas_Lewy_r%C3%B3%C5%BCowy.png HTTP/1.1" 404 3551 "http://www.ebay.com/" "Mozilla/4.0 (compatible; MSIE 4.01; Windows NT)"
66.135.202.172 - - [16/Feb/2025:12:46:57 +0100] "GET /Jurek/topeshop/downloaded_images/5904507207465_20st_mijas_lewy_r%C3%B3%C5%BCowykopia.png HTTP/1.1" 200 253819 "http://www.ebay.com/" "Mozilla/4.0 (compatible; MSIE 4.01; Windows NT)"
3.229.248.49 - - [16/Feb/2025:12:47:15 +0100] "GET / HTTP/2.0" 200 1559 "-" "Mozilla/5.0 (Windows NT 10.0; Win64; x64) AppleWebKit/537.36 (KHTML, like Gecko) Chrome/99.0.4844.84 Safari/537.36"
66.249.66.66 - - [16/Feb/2025:12:47:22 +0100] "GET /Jurek/eurofirany/images/405402/5.jpg HTTP/1.1" 200 16503 "-" "Googlebot-Image/1.0"
89.161.206.59 - - [16/Feb/2025:12:48:21 +0100] "GET /Jurek/fernity/feeds/fernity_skroutz.xml HTTP/1.0" 200 5093263 "-" "-"
89.161.206.59 - - [16/Feb/2025:12:48:32 +0100] "GET /Jurek/activeshop/feeds/activeshop_skroutz.xml HTTP/1.0" 200 10507993 "-" "-"
46.101.116.244 - - [16/Feb/2025:12:49:05 +0100] "GET /Jurek/beliani/feeds/beliani_skroutz.xml HTTP/1.0" 200 28315719 "-" "-"
46.101.116.244 - - [16/Feb/2025:12:51:08 +0100] "GET /Jurek/aw/feeds/aw_fnacfr.xml HTTP/1.0" 404 3551 "-" "-"
46.101.116.244 - - [16/Feb/2025:12:51:50 +0100] "GET /Filip/feeds/xlsx_ceneo.xml HTTP/1.0" 200 6241376 "-" "-"
51.77.52.107 - - [16/Feb/2025:12:51:50 +0100] "POST /Filip/Rovicky/baselinker/baselinker-ceneo-shumee.php HTTP/2.0" 200 106776 "-" "BaseLinker/1.0"
31.183.134.13 - - [16/Feb/2025:12:51:52 +0100] "GET /Jurek/eany/data.csv HTTP/2.0" 200 26144722 "https://dkkapusta1997.usermd.net/Jurek/eany/" "Mozilla/5.0 (Windows NT 10.0; Win64; x64) AppleWebKit/537.36 (KHTML, like Gecko) Chrome/133.0.0.0 Safari/537.36"
31.183.134.13 - - [16/Feb/2025:12:51:53 +0100] "GET /favicon.ico HTTP/2.0" 404 3551 "https://dkkapusta1997.usermd.net/Jurek/eany/" "Mozilla/5.0 (Windows NT 10.0; Win64; x64) AppleWebKit/537.36 (KHTML, like Gecko) Chrome/133.0.0.0 Safari/537.36"
89.161.206.59 - - [16/Feb/2025:12:53:04 +0100] "GET /Jurek/erohurtownia/feeds/erohurtownia_amazonde.xml HTTP/1.0" 200 23304052 "-" "-"
46.101.116.244 - - [16/Feb/2025:12:55:04 +0100] "GET /Jurek/intsell/feeds/intsell_skroutz.xml HTTP/1.0" 200 338787897 "-" "-"
46.101.116.244 - - [16/Feb/2025:12:55:56 +0100] "GET /Jurek/aw/feeds/aw_fnacfr.xml HTTP/1.0" 404 3551 "-" "-"
46.101.116.244 - - [16/Feb/2025:12:56:42 +0100] "GET /Filip/feeds/xlsx_ceneo.xml HTTP/1.0" 200 6241376 "-" "-"
51.77.52.107 - - [16/Feb/2025:12:56:42 +0100] "POST /Filip/Rovicky/baselinker/baselinker-ceneo-shumee.php HTTP/2.0" 200 106776 "-" "BaseLinker/1.0"
89.161.206.59 - - [16/Feb/2025:12:57:52 +0100] "GET /Jurek/hurtownia_przemyslowa/feeds/hp_allegro_cz.xml HTTP/1.0" 200 49747625 "-" "-"
89.161.206.59 - - [16/Feb/2025:12:58:03 +0100] "GET /Jurek/sempler/feeds/sempler_allegro.xml HTTP/1.0" 200 6553658 "-" "-"
89.161.206.59 - - [16/Feb/2025:12:58:04 +0100] "GET /Jurek/ekuchcikowo/feeds/ekuchcikowo_allegro.xml HTTP/1.0" 200 12762589 "-" "-"
89.161.206.59 - - [16/Feb/2025:12:58:05 +0100] "GET /Jurek/livinhill/feeds/livinhill_allegro.xml HTTP/1.0" 200 1431266 "-" "-"
89.161.206.59 - - [16/Feb/2025:12:58:05 +0100] "GET /Jurek/urwiskowo/feeds/urwiskowo_allegro.xml HTTP/1.0" 200 9115635 "-" "-"
89.161.206.59 - - [16/Feb/2025:12:58:06 +0100] "GET /Jurek/reman/feeds/reman_allegro.xml HTTP/1.0" 200 1394881 "-" "-"
66.249.66.68 - - [16/Feb/2025:12:59:22 +0100] "GET /Jurek/eurofirany/images/378441/6.jpg HTTP/1.1" 200 104546 "-" "Googlebot-Image/1.0"
66.211.183.74 - - [16/Feb/2025:12:59:53 +0100] "GET /Jurek/topeshop/downloaded_images/5904507200176_MIJASBIURKOBRY%C5%81KASONOMAPRAWEBOKZM.jpg HTTP/1.1" 404 3551 "-" "scalaj-http/2.4.2"
164.92.232.189 - - [16/Feb/2025:13:00:01 +0100] "GET /subskrypcje/AMD/feeds/amd_cz.xml HTTP/1.1" 200 518486 "-" "-"
164.92.232.189 - - [16/Feb/2025:13:00:12 +0100] "GET /subskrypcje/AMD/feeds/amd_sk.xml HTTP/1.1" 200 528562 "-" "-"
164.92.232.189 - - [16/Feb/2025:13:00:12 +0100] "GET /subskrypcje/OverHorse/overhorse_mallcz.xml HTTP/1.1" 200 112935 "-" "-"
164.92.232.189 - - [16/Feb/2025:13:00:23 +0100] "GET /subskrypcje/mondex/feeds/mondex_mall_cz.xml HTTP/1.1" 200 2203515 "-" "-"
5.134.208.158 - - [16/Feb/2025:13:00:23 +0100] "GET /Jurek/eurofirany/images/448519/0.jpg HTTP/1.1" 200 170027 "-" "-"
52.17.80.36 - - [16/Feb/2025:13:00:32 +0100] "GET /marketplaces/ubaldi/results/ubaldi.csv HTTP/1.1" 200 147219 "-" "Mirakl HttpClient"
46.101.116.244 - - [16/Feb/2025:13:00:33 +0100] "GET /Jurek/hurtownia_przemyslowa/feeds/hp_velomarket.xml HTTP/1.0" 200 49745195 "-" "-"
85.14.86.141 - - [16/Feb/2025:13:00:39 +0100] "GET /Jurek/vida_morele/feeds/VidaPL_all.xml HTTP/2.0" 200 695378355 "-" "MarketplaceAPI curl/7.64.0 PHP/8"
46.101.116.244 - - [16/Feb/2025:13:00:54 +0100] "GET /Jurek/aw/feeds/aw_fnacfr.xml HTTP/1.0" 404 3551 "-" "-"
46.101.116.244 - - [16/Feb/2025:13:01:11 +0100] "GET /Jurek/benbaby/feeds/benbaby_velo.xml HTTP/1.0" 200 3781720 "-" "-"
46.101.116.244 - - [16/Feb/2025:13:01:13 +0100] "GET /Jurek/aw/feeds/awnarzedzia_velomarket.xml HTTP/1.0" 200 8393908 "-" "-"
46.101.116.244 - - [16/Feb/2025:13:01:37 +0100] "GET /Filip/feeds/xlsx_ceneo.xml HTTP/1.0" 200 6241376 "-" "-"
51.77.52.107 - - [16/Feb/2025:13:01:37 +0100] "POST /Filip/Rovicky/baselinker/baselinker-ceneo-shumee.php HTTP/2.0" 200 106776 "-" "BaseLinker/1.0"
66.249.66.66 - - [16/Feb/2025:13:01:46 +0100] "GET /Jurek/eurofirany/images/384169/1.jpg HTTP/1.1" 200 116190 "-" "Googlebot-Image/1.0"
85.232.241.194 - - [16/Feb/2025:13:02:02 +0100] "GET /Jurek/kinghoff/feeds/kinghoff_skrSH.xml HTTP/1.1" 200 14129544 "-" "Python-urllib/3.11"
85.232.241.194 - - [16/Feb/2025:13:02:02 +0100] "GET /Jurek/aw/feeds/aw_skroutzSH.xml HTTP/1.1" 200 90234573 "-" "Python-urllib/3.11"
85.232.241.194 - - [16/Feb/2025:13:02:02 +0100] "GET /Jurek/eurofirany/feeds/eurofirany_skrSH.xml HTTP/1.1" 200 18893429 "-" "Python-urllib/3.11"
85.232.241.194 - - [16/Feb/2025:13:02:03 +0100] "GET /Jurek/fernity/feeds/fernity_skrSH.xml HTTP/1.1" 200 5093038 "-" "Python-urllib/3.11"
85.232.241.194 - - [16/Feb/2025:13:02:03 +0100] "GET /Jurek/hurtownia_przemyslowa/feeds/hp_skrSH.xml HTTP/1.1" 200 49741719 "-" "Python-urllib/3.11"
85.232.241.194 - - [16/Feb/2025:13:02:03 +0100] "GET /Jurek/stema/feeds/stema_skrSH.xml HTTP/1.1" 200 861889 "-" "Python-urllib/3.11"
52.18.22.0 - - [16/Feb/2025:13:02:11 +0100] "GET /marketplaces/rue/results/rue.csv HTTP/1.1" 200 147219 "-" "Mirakl HttpClient"
85.14.86.141 - - [16/Feb/2025:13:02:48 +0100] "GET /Jurek/kinghoff/feeds/kinghoff_morele.xml HTTP/2.0" 200 14130174 "-" "MarketplaceAPI curl/7.64.0 PHP/8"
66.211.183.72 - - [16/Feb/2025:13:03:49 +0100] "GET /Jurek/topeshop/downloaded_images/5902838461273_3.png HTTP/1.1" 404 3551 "-" "scalaj-http/2.4.2"
89.161.206.59 - - [16/Feb/2025:13:03:58 +0100] "GET /Jurek/pawonik/feeds/pawonik_skroutz.xml HTTP/1.0" 200 2534440 "-" "-"
89.161.206.59 - - [16/Feb/2025:13:03:58 +0100] "GET /Jurek/amzteam/feeds/amzteam_skroutz.xml HTTP/1.0" 200 95911 "-" "-"
89.161.206.59 - - [16/Feb/2025:13:03:59 +0100] "GET /Jurek/mosti/feeds/mosti_skroutz.xml HTTP/1.0" 200 9255634 "-" "-"
89.161.206.59 - - [16/Feb/2025:13:04:03 +0100] "GET /Jurek/swiatecznygoliat/feeds/swiatecznygoliat_skroutz.xml HTTP/1.0" 200 7050334 "-" "-"
89.161.206.59 - - [16/Feb/2025:13:04:04 +0100] "GET /Jurek/artdog/feeds/artdog_skroutz.xml HTTP/1.0" 200 15929558 "-" "-"
5.134.208.158 - - [16/Feb/2025:13:04:34 +0100] "GET /Jurek/eurofirany/images/405277/0.jpg HTTP/1.1" 200 98484 "-" "-"
5.134.208.158 - - [16/Feb/2025:13:04:34 +0100] "GET /Jurek/eurofirany/images/416438/0.jpg HTTP/1.1" 200 105080 "-" "-"
5.134.208.158 - - [16/Feb/2025:13:04:34 +0100] "GET /Jurek/eurofirany/images/438720/0.jpg HTTP/1.1" 200 105392 "-" "-"
5.134.208.158 - - [16/Feb/2025:13:04:34 +0100] "GET /Jurek/eurofirany/images/404729/0.jpg HTTP/1.1" 200 86205 "-" "-"
5.134.208.158 - - [16/Feb/2025:13:04:34 +0100] "GET /Jurek/eurofirany/images/438727/0.jpg HTTP/1.1" 200 99337 "-" "-"
5.134.208.158 - - [16/Feb/2025:13:04:34 +0100] "GET /Jurek/eurofirany/images/362325/0.jpg HTTP/1.1" 200 85775 "-" "-"
5.134.208.158 - - [16/Feb/2025:13:04:35 +0100] "GET /Jurek/eurofirany/images/378347/0.jpg HTTP/1.1" 200 141429 "-" "-"
5.134.208.158 - - [16/Feb/2025:13:04:35 +0100] "GET /Jurek/eurofirany/images/422874/0.jpg HTTP/1.1" 200 136431 "-" "-"
5.134.208.158 - - [16/Feb/2025:13:04:35 +0100] "GET /Jurek/eurofirany/images/367308/0.jpg HTTP/1.1" 200 119845 "-" "-"
85.14.86.141 - - [16/Feb/2025:13:04:58 +0100] "GET /Jurek/eurofirany/feeds/eurofirany_morele.xml HTTP/2.0" 200 18894914 "-" "MarketplaceAPI curl/7.64.0 PHP/8"
85.14.86.141 - - [16/Feb/2025:13:05:12 +0100] "GET /Jurek/vivaldi/feeds/vivaldi_Morele-PL.xml HTTP/2.0" 200 344674 "-" "MarketplaceAPI curl/7.64.0 PHP/8"
178.21.154.6 - - [16/Feb/2025:13:05:17 +0100] "GET /Jurek/eurofirany/images/389954/0.jpg HTTP/1.1" 200 160194 "-" "-"
46.101.116.244 - - [16/Feb/2025:13:05:54 +0100] "GET /Jurek/aw/feeds/aw_fnacfr.xml HTTP/1.0" 404 3551 "-" "-"
85.14.86.141 - - [16/Feb/2025:13:06:17 +0100] "GET /Jurek/aw/feeds/awnarzedzia_morele.xml HTTP/2.0" 200 90245342 "-" "MarketplaceAPI curl/7.64.0 PHP/8"
46.101.116.244 - - [16/Feb/2025:13:06:31 +0100] "GET /Filip/feeds/xlsx_ceneo.xml HTTP/1.0" 200 6241376 "-" "-"
51.77.52.107 - - [16/Feb/2025:13:06:31 +0100] "POST /Filip/Rovicky/baselinker/baselinker-ceneo-shumee.php HTTP/2.0" 200 106776 "-" "BaseLinker/1.0"
85.14.86.141 - - [16/Feb/2025:13:06:37 +0100] "GET /Jurek/vida_morele/feeds/VidaPL_morele.xml HTTP/2.0" 200 695379525 "-" "MarketplaceAPI curl/7.64.0 PHP/8"
66.249.66.68 - - [16/Feb/2025:13:06:43 +0100] "GET /Jurek/eurofirany/images/397112/6.jpg HTTP/1.1" 200 118707 "-" "Googlebot-Image/1.0"
85.14.86.141 - - [16/Feb/2025:13:06:48 +0100] "GET /Jurek/miloohome/feeds/miloohome_morele.xml HTTP/2.0" 200 1421250 "-" "MarketplaceAPI curl/7.64.0 PHP/8"
85.14.86.141 - - [16/Feb/2025:13:07:04 +0100] "GET /Jurek/beliani/feeds/beliani_morele.xml HTTP/2.0" 200 28319729 "-" "MarketplaceAPI curl/7.64.0 PHP/8"
66.211.183.71 - - [16/Feb/2025:13:08:11 +0100] "GET /Jurek/topeshop/downloaded_images/5904507207472_20st_mijas_prawy_niebieski.png HTTP/1.1" 200 245526 "-" "scalaj-http/2.4.2"
185.6.76.18 - - [16/Feb/2025:13:10:09 +0100] "GET /marketplaces/skroutz/feeds/shumee.xml HTTP/1.1" 200 348148704 "-" "SkroutzBot v1.0"
46.101.116.244 - - [16/Feb/2025:13:10:54 +0100] "GET /Jurek/aw/feeds/aw_fnacfr.xml HTTP/1.0" 404 3551 "-" "-"
195.74.51.35 - - [16/Feb/2025:13:11:47 +0100] "GET /Jurek/topeshop/downloaded_images/5902838469132_Screenshot_1.jpg HTTP/2.0" 200 60788 "-" "Mozilla/5.0 (Windows NT 10.0; Win64; x64) AppleWebKit/537.36 (KHTML, like Gecko) Chrome/132.0.0.0 Safari/537.36"
195.74.51.35 - - [16/Feb/2025:13:11:47 +0100] "GET /favicon.ico HTTP/2.0" 404 3551 "https://dkkapusta1997.usermd.net/Jurek/topeshop/downloaded_images/5902838469132_Screenshot_1.jpg" "Mozilla/5.0 (Windows NT 10.0; Win64; x64) AppleWebKit/537.36 (KHTML, like Gecko) Chrome/132.0.0.0 Safari/537.36"
195.74.51.35 - - [16/Feb/2025:13:11:56 +0100] "GET /Jurek/topeshop/downloaded_images/5902838469132_REGAL-MAGAZYNOWY-METALOWY-5-POLEK-875-KG-180x90x40-Maksymalne-obciazenie-polki-175-kg.jpg HTTP/2.0" 200 92540 "-" "Mozilla/5.0 (Windows NT 10.0; Win64; x64) AppleWebKit/537.36 (KHTML, like Gecko) Chrome/132.0.0.0 Safari/537.36"
195.74.51.35 - - [16/Feb/2025:13:12:01 +0100] "GET /Jurek/topeshop/downloaded_images/5902838469132_REGAL-MAGAZYNOWY-METALOWY-5-POLEK-875-KG-180x90x40-Glebokosc-40-cm.jpg HTTP/2.0" 200 68241 "-" "Mozilla/5.0 (Windows NT 10.0; Win64; x64) AppleWebKit/537.36 (KHTML, like Gecko) Chrome/132.0.0.0 Safari/537.36"
195.74.51.35 - - [16/Feb/2025:13:12:07 +0100] "GET /Jurek/topeshop/downloaded_images/5902838469132_REGAL-MAGAZYNOWY-METALOWY-5-POLEK-875-KG-180x90x40-Marka-SEVERNO-Home-Office.jpg HTTP/2.0" 200 62036 "-" "Mozilla/5.0 (Windows NT 10.0; Win64; x64) AppleWebKit/537.36 (KHTML, like Gecko) Chrome/132.0.0.0 Safari/537.36"
66.249.66.66 - - [16/Feb/2025:13:13:26 +0100] "GET /Jurek/eurofirany/images/367112/4.jpg HTTP/1.1" 200 116759 "-" "Googlebot-Image/1.0"
46.101.116.244 - - [16/Feb/2025:13:13:34 +0100] "GET /Filip/feeds/xlsx_ceneo.xml HTTP/1.0" 200 6241376 "-" "-"
51.77.52.107 - - [16/Feb/2025:13:13:34 +0100] "POST /Filip/Rovicky/baselinker/baselinker-ceneo-shumee.php HTTP/2.0" 200 106776 "-" "BaseLinker/1.0"
89.161.206.59 - - [16/Feb/2025:13:14:04 +0100] "GET /Jurek/bass_new/feeds/bass_skroutz.xml HTTP/1.0" 200 7040887 "-" "-"
5.134.208.158 - - [16/Feb/2025:13:14:14 +0100] "GET /Jurek/eurofirany/images/420580/0.jpg HTTP/1.1" 200 189007 "-" "-"
46.101.116.244 - - [16/Feb/2025:13:15:57 +0100] "GET /Jurek/aw/feeds/aw_fnacfr.xml HTTP/1.0" 404 3551 "-" "-"
66.249.66.68 - - [16/Feb/2025:13:16:08 +0100] "GET /Jurek/eurofirany/images/384169/2.jpg HTTP/1.1" 200 121092 "-" "Googlebot-Image/1.0"
66.135.195.17 - - [16/Feb/2025:13:16:59 +0100] "GET /Jurek/topeshop/downloaded_images/5902838466681_2.png HTTP/1.1" 404 3551 "http://www.ebay.com/" "Mozilla/4.0 (compatible; MSIE 4.01; Windows NT)"
66.135.195.20 - - [16/Feb/2025:13:16:59 +0100] "GET /Jurek/topeshop/downloaded_images/5902838466681_4.png HTTP/1.1" 404 3551 "http://www.ebay.com/" "Mozilla/4.0 (compatible; MSIE 4.01; Windows NT)"
66.135.195.17 - - [16/Feb/2025:13:16:59 +0100] "GET /Jurek/topeshop/downloaded_images/5902838466681_Artisan_Rtv.jpg HTTP/1.1" 404 3551 "http://www.ebay.com/" "Mozilla/4.0 (compatible; MSIE 4.01; Windows NT)"
66.135.195.16 - - [16/Feb/2025:13:16:59 +0100] "GET /Jurek/topeshop/downloaded_images/5902838466681_20st_1.png HTTP/1.1" 404 3551 "http://www.ebay.com/" "Mozilla/4.0 (compatible; MSIE 4.01; Windows NT)"
66.135.195.18 - - [16/Feb/2025:13:16:59 +0100] "GET /Jurek/topeshop/downloaded_images/5902838466681_3.png HTTP/1.1" 404 3551 "http://www.ebay.com/" "Mozilla/4.0 (compatible; MSIE 4.01; Windows NT)"
66.135.195.16 - - [16/Feb/2025:13:16:59 +0100] "GET /Jurek/topeshop/downloaded_images/5902838466681_I_RTV-140-MALWA_A.jpg HTTP/1.1" 200 139285 "http://www.ebay.com/" "Mozilla/4.0 (compatible; MSIE 4.01; Windows NT)"
66.135.195.20 - - [16/Feb/2025:13:16:59 +0100] "GET /Jurek/topeshop/downloaded_images/5902838466681_I_RTV-140-MALWA_o_A.jpg HTTP/1.1" 200 138461 "http://www.ebay.com/" "Mozilla/4.0 (compatible; MSIE 4.01; Windows NT)"
66.135.195.19 - - [16/Feb/2025:13:16:59 +0100] "GET /Jurek/topeshop/downloaded_images/5902838466681_1.png HTTP/1.1" 404 3551 "http://www.ebay.com/" "Mozilla/4.0 (compatible; MSIE 4.01; Windows NT)"
66.249.66.68 - - [16/Feb/2025:13:17:28 +0100] "GET /Jurek/eurofirany/images/386192/7.jpg HTTP/1.1" 200 127474 "-" "Googlebot-Image/1.0"
66.249.66.68 - - [16/Feb/2025:13:18:49 +0100] "GET /Jurek/eurofirany/images/367111/3.jpg HTTP/1.1" 200 141720 "-" "Googlebot-Image/1.0"
46.101.116.244 - - [16/Feb/2025:13:19:53 +0100] "GET /Filip/feeds/xlsx_ceneo.xml HTTP/1.0" 200 6241376 "-" "-"
51.77.52.107 - - [16/Feb/2025:13:19:54 +0100] "POST /Filip/Rovicky/baselinker/baselinker-ceneo-shumee.php HTTP/2.0" 200 106776 "-" "BaseLinker/1.0"
66.249.66.66 - - [16/Feb/2025:13:21:30 +0100] "GET /Jurek/eurofirany/images/378441/1.jpg HTTP/1.1" 200 96023 "-" "Googlebot-Image/1.0"
46.101.116.244 - - [16/Feb/2025:13:21:34 +0100] "GET /Jurek/aw/feeds/aw_fnacfr.xml HTTP/1.0" 404 3551 "-" "-"
85.232.241.194 - - [16/Feb/2025:13:22:04 +0100] "GET /Jurek/aw/feeds/aw_rue.xml HTTP/1.1" 200 90238701 "-" "Python-urllib/3.11"
85.232.241.194 - - [16/Feb/2025:13:22:05 +0100] "GET /Jurek/hurtownia_przemyslowa/feeds/hp_rue.xml HTTP/1.1" 200 49741177 "-" "Python-urllib/3.11"
85.232.241.194 - - [16/Feb/2025:13:22:06 +0100] "GET /Jurek/action/feeds/action_rue.xml HTTP/1.1" 200 55166104 "-" "Python-urllib/3.11"
46.101.116.244 - - [16/Feb/2025:13:22:16 +0100] "GET /Filip/feeds/xlsx_ceneo.xml HTTP/1.0" 200 6241376 "-" "-"
51.77.52.107 - - [16/Feb/2025:13:22:16 +0100] "POST /Filip/Rovicky/baselinker/baselinker-ceneo-shumee.php HTTP/2.0" 200 106776 "-" "BaseLinker/1.0"
85.232.241.194 - - [16/Feb/2025:13:22:25 +0100] "GET /Jurek/unimet/feeds/unimet_rue.xml HTTP/1.1" 200 61099993 "-" "Python-urllib/3.11"
85.232.241.194 - - [16/Feb/2025:13:22:25 +0100] "GET /Jurek/ikonka/feeds/ikonka_rue.xml HTTP/1.1" 200 22211459 "-" "Python-urllib/3.11"
85.232.241.194 - - [16/Feb/2025:13:22:25 +0100] "GET /Jurek/kinghome/feeds/kinghome_rue.xml HTTP/1.1" 200 5766328 "-" "Python-urllib/3.11"
85.232.241.194 - - [16/Feb/2025:13:22:25 +0100] "GET /Jurek/fernity/feeds/fernity_rue.xml HTTP/1.1" 200 5092680 "-" "Python-urllib/3.11"
85.232.241.194 - - [16/Feb/2025:13:22:26 +0100] "GET /Jurek/topeshop/feeds/topeshop_rue.xml HTTP/1.1" 200 2403346 "-" "Python-urllib/3.11"
85.232.241.194 - - [16/Feb/2025:13:22:29 +0100] "GET /Jurek/kinghoff/feeds/kinghoff_rue.xml HTTP/1.1" 200 14129511 "-" "Python-urllib/3.11"
85.232.241.194 - - [16/Feb/2025:13:22:29 +0100] "GET /Jurek/emibig/feeds/emibig_rue.xml HTTP/1.1" 200 2522432 "-" "Python-urllib/3.11"
85.232.241.194 - - [16/Feb/2025:13:22:29 +0100] "GET /Jurek/eurofirany/feeds/eurofirany_rue.xml HTTP/1.1" 200 18893381 "-" "Python-urllib/3.11"
85.232.241.194 - - [16/Feb/2025:13:22:29 +0100] "GET /Jurek/amzteam/feeds/amzteam_rue.xml HTTP/1.1" 200 97879 "-" "Python-urllib/3.11"
85.232.241.194 - - [16/Feb/2025:13:22:29 +0100] "GET /Jurek/kambukka/feeds/kambukka_rue.xml HTTP/1.1" 200 973174 "-" "Python-urllib/3.11"
85.232.241.194 - - [16/Feb/2025:13:22:30 +0100] "GET /Jurek/benetech/feeds/benetech_RUE.xml HTTP/1.1" 200 4451798 "-" "Python-urllib/3.11"
85.232.241.194 - - [16/Feb/2025:13:22:30 +0100] "GET /Jurek/swiatecznygoliat/feeds/swiatecznygoliat_RUE.xml HTTP/1.1" 200 7050205 "-" "Python-urllib/3.11"
85.232.241.194 - - [16/Feb/2025:13:22:30 +0100] "GET /Jurek/artdog/feeds/artdog_RUE.xml HTTP/1.1" 200 15929353 "-" "Python-urllib/3.11"
85.232.241.194 - - [16/Feb/2025:13:22:30 +0100] "GET /Jurek/hdwr/feeds/hdwr_RUE.xml HTTP/1.1" 200 777781 "-" "Python-urllib/3.11"
85.232.241.194 - - [16/Feb/2025:13:22:31 +0100] "GET /Jurek/sempler/feeds/sempler_rue.xml HTTP/1.1" 200 6553251 "-" "Python-urllib/3.11"
85.232.241.194 - - [16/Feb/2025:13:22:31 +0100] "GET /Jurek/waks/feeds/waks_RUE.xml HTTP/1.1" 200 6333031 "-" "Python-urllib/3.11"
85.232.241.194 - - [16/Feb/2025:13:22:31 +0100] "GET /Jurek/oromed/feeds/oromed_rue.xml HTTP/1.1" 200 949571 "-" "Python-urllib/3.11"
85.232.241.194 - - [16/Feb/2025:13:22:31 +0100] "GET /Jurek/ekuchcikowo/feeds/ekuchcikowo_rue.xml HTTP/1.1" 200 12761062 "-" "Python-urllib/3.11"
85.232.241.194 - - [16/Feb/2025:13:22:31 +0100] "GET /Jurek/ekolight/feeds/ekolight_rue.xml HTTP/1.1" 200 9051693 "-" "Python-urllib/3.11"
85.232.241.194 - - [16/Feb/2025:13:22:31 +0100] "GET /Jurek/eroplace/feeds/eroplace_RUE.xml HTTP/1.1" 200 30849247 "-" "Python-urllib/3.11"
85.232.241.194 - - [16/Feb/2025:13:22:32 +0100] "GET /Jurek/coppotech/feeds/coppotech_rue.xml HTTP/1.1" 200 38985390 "-" "Python-urllib/3.11"
85.232.241.194 - - [16/Feb/2025:13:22:32 +0100] "GET /Jurek/euroshop/feeds/euroshop_rue.xml HTTP/1.1" 200 17927422 "-" "Python-urllib/3.11"
85.232.241.194 - - [16/Feb/2025:13:22:32 +0100] "GET /Jurek/galopi/feeds/galopi_rue.xml HTTP/1.1" 200 1884716 "-" "Python-urllib/3.11"
85.232.241.194 - - [16/Feb/2025:13:22:34 +0100] "GET /Jurek/szpaklampy/feeds/szpaklampy_rue.xml HTTP/1.1" 200 416448 "-" "Python-urllib/3.11"
85.232.241.194 - - [16/Feb/2025:13:22:36 +0100] "GET /Jurek/intsell/feeds/intsell_rue.xml HTTP/1.1" 200 338787243 "-" "Python-urllib/3.11"
85.232.241.194 - - [16/Feb/2025:13:22:36 +0100] "GET /Jurek/spali/feeds/spali_rue.xml HTTP/1.1" 200 101948 "-" "Python-urllib/3.11"
85.232.241.194 - - [16/Feb/2025:13:22:36 +0100] "GET /Jurek/najtanszysport/feeds/najtanszysport_rue.xml HTTP/1.1" 200 3982955 "-" "Python-urllib/3.11"
85.232.241.194 - - [16/Feb/2025:13:22:36 +0100] "GET /Jurek/maksik/feeds/maksik_rue.xml HTTP/1.1" 200 4084758 "-" "Python-urllib/3.11"
85.232.241.194 - - [16/Feb/2025:13:22:36 +0100] "GET /Jurek/urwiskowo/feeds/urwiskowo_rue.xml HTTP/1.1" 200 9114984 "-" "Python-urllib/3.11"
66.249.66.68 - - [16/Feb/2025:13:22:51 +0100] "GET /Jurek/eurofirany/images/378441/5.jpg HTTP/1.1" 200 169610 "-" "Googlebot-Image/1.0"
89.161.206.59 - - [16/Feb/2025:13:23:21 +0100] "GET /Jurek/waks/feeds/waks_allegro.xml HTTP/1.0" 200 6333850 "-" "-"
89.161.206.59 - - [16/Feb/2025:13:23:22 +0100] "GET /Jurek/oromed/feeds/oromed_allegro.xml HTTP/1.0" 200 949677 "-" "-"
89.161.206.59 - - [16/Feb/2025:13:23:23 +0100] "GET /Jurek/bisanti/feeds/bisanti_allegro.xml HTTP/1.0" 200 1132583 "-" "-"
178.21.154.6 - - [16/Feb/2025:13:23:30 +0100] "GET /Jurek/eurofirany/images/389954/0.jpg HTTP/1.1" 200 160194 "-" "-"
66.249.66.66 - - [16/Feb/2025:13:25:33 +0100] "GET /Jurek/eurofirany/images/378663/1.jpg HTTP/1.1" 200 147644 "-" "Googlebot-Image/1.0"
46.101.116.244 - - [16/Feb/2025:13:26:50 +0100] "GET /Jurek/aw/feeds/aw_fnacfr.xml HTTP/1.0" 404 3551 "-" "-"
46.101.116.244 - - [16/Feb/2025:13:27:30 +0100] "GET /Filip/feeds/xlsx_ceneo.xml HTTP/1.0" 200 6241376 "-" "-"
51.77.52.107 - - [16/Feb/2025:13:27:31 +0100] "POST /Filip/Rovicky/baselinker/baselinker-ceneo-shumee.php HTTP/2.0" 200 106776 "-" "BaseLinker/1.0"
85.232.241.194 - - [16/Feb/2025:13:28:03 +0100] "GET /Jurek/beliani/feeds/beliani_pl_zero.xml HTTP/1.1" 200 28307436 "-" "python-requests/2.32.3"
85.232.241.194 - - [16/Feb/2025:13:28:03 +0100] "GET /Jurek/beliani/feeds/beliani_cz_zero.xml HTTP/1.1" 200 22751427 "-" "python-requests/2.32.3"
85.232.241.194 - - [16/Feb/2025:13:28:04 +0100] "GET /Jurek/beliani/feeds/beliani_sk_zero.xml HTTP/1.1" 200 22838159 "-" "python-requests/2.32.3"
85.232.241.194 - - [16/Feb/2025:13:28:04 +0100] "GET /Jurek/beliani/feeds/beliani_hu.xml HTTP/1.1" 200 41506727 "-" "python-requests/2.32.3"
85.232.241.194 - - [16/Feb/2025:13:28:05 +0100] "GET /Jurek/fernity/feeds/fernity_zero.xml HTTP/1.1" 200 5093169 "-" "python-requests/2.32.3"
85.232.241.194 - - [16/Feb/2025:13:28:05 +0100] "GET /Jurek/kinghome/feeds/kinghome_mallcz.xml HTTP/1.1" 200 5751485 "-" "python-requests/2.32.3"
85.232.241.194 - - [16/Feb/2025:13:28:08 +0100] "GET /Jurek/octopia/feeds/octopia_zero.xml HTTP/1.1" 200 10866460 "-" "python-requests/2.32.3"
85.232.241.194 - - [16/Feb/2025:13:28:09 +0100] "GET /Jurek/aw/feeds/awnarzedzia_zero.xml HTTP/1.1" 200 90210944 "-" "python-requests/2.32.3"
85.232.241.194 - - [16/Feb/2025:13:28:11 +0100] "GET /Jurek/chemex/feeds/chemex_zero.xml HTTP/1.1" 200 47819491 "-" "python-requests/2.32.3"
85.232.241.194 - - [16/Feb/2025:13:28:11 +0100] "GET /Jurek/stema/feeds/stema_zero.xml HTTP/1.1" 200 861982 "-" "python-requests/2.32.3"
85.232.241.194 - - [16/Feb/2025:13:28:16 +0100] "GET /Jurek/kokiskaCZ/download/kokiskaCZ.xml HTTP/1.1" 200 29727025 "-" "python-requests/2.32.3"
85.232.241.194 - - [16/Feb/2025:13:28:16 +0100] "GET /Jurek/kinghoff/feeds/kinghoff_zero.xml HTTP/1.1" 200 14130025 "-" "python-requests/2.32.3"
85.232.241.194 - - [16/Feb/2025:13:28:18 +0100] "GET /Jurek/bass/feeds/bass_zero.xml HTTP/1.1" 200 3984103 "-" "python-requests/2.32.3"
85.232.241.194 - - [16/Feb/2025:13:28:18 +0100] "GET /Jurek/mosti/feeds/mosti_zero.xml HTTP/1.1" 200 9249879 "-" "python-requests/2.32.3"
46.101.116.244 - - [16/Feb/2025:13:31:54 +0100] "GET /Jurek/aw/feeds/aw_fnacfr.xml HTTP/1.0" 404 3551 "-" "-"
34.159.147.99 - - [16/Feb/2025:13:32:20 +0100] "GET /Jurek/topeshop/downloaded_images/5904507200169_MIJASBIURKOBRY%C5%81KASONOMALEWEBOKZM.jpg HTTP/2.0" 404 3551 "-" "Mozilla/5.0 (Macintosh; Intel Mac OS X 10.15; rv:78.0) Gecko/20100101 Firefox/78.0"
46.101.116.244 - - [16/Feb/2025:13:32:56 +0100] "GET /Filip/feeds/xlsx_ceneo.xml HTTP/1.0" 200 6241376 "-" "-"
51.77.52.107 - - [16/Feb/2025:13:32:56 +0100] "POST /Filip/Rovicky/baselinker/baselinker-ceneo-shumee.php HTTP/2.0" 200 106776 "-" "BaseLinker/1.0"
66.135.202.172 - - [16/Feb/2025:13:33:22 +0100] "GET /Jurek/topeshop/downloaded_images/5904507201906_MIJASBIURKOBRY%C5%81KAANTRACYTLEWEFRONTOT.jpg HTTP/1.1" 404 3551 "http://www.ebay.com/" "Mozilla/4.0 (compatible; MSIE 4.01; Windows NT)"
66.135.202.172 - - [16/Feb/2025:13:33:22 +0100] "GET /Jurek/topeshop/downloaded_images/5904507201906_MIJASBIURKOBRY%C5%81KAANTRACYTLEWEFRONTZM.jpg HTTP/1.1" 404 3551 "http://www.ebay.com/" "Mozilla/4.0 (compatible; MSIE 4.01; Windows NT)"
66.135.202.171 - - [16/Feb/2025:13:33:22 +0100] "GET /Jurek/topeshop/downloaded_images/5904507201906_MIJASBIURKOBRY%C5%81KAANTRACYTLEWEBOKkOT.jpg HTTP/1.1" 404 3551 "http://www.ebay.com/" "Mozilla/4.0 (compatible; MSIE 4.01; Windows NT)"
66.135.202.169 - - [16/Feb/2025:13:33:22 +0100] "GET /Jurek/topeshop/downloaded_images/5904507201906_MIJASBIURKOBRY%C5%81KAANTRACYTLEWEBOKZM.jpg HTTP/1.1" 404 3551 "http://www.ebay.com/" "Mozilla/4.0 (compatible; MSIE 4.01; Windows NT)"
66.135.202.171 - - [16/Feb/2025:13:33:22 +0100] "GET /Jurek/topeshop/downloaded_images/5904507201906_MIJASBIURKOANTRACYTLEWE.png HTTP/1.1" 404 3551 "http://www.ebay.com/" "Mozilla/4.0 (compatible; MSIE 4.01; Windows NT)"
66.135.202.170 - - [16/Feb/2025:13:33:23 +0100] "GET /Jurek/topeshop/downloaded_images/5904507201906_MIJASBIURKOANTRACYTLEWE.2tif.png HTTP/1.1" 404 3551 "http://www.ebay.com/" "Mozilla/4.0 (compatible; MSIE 4.01; Windows NT)"
46.101.116.244 - - [16/Feb/2025:13:34:54 +0100] "GET /Jurek/aw/feeds/awnarzedzia_skroutz.xml HTTP/1.0" 200 90234573 "-" "-"
77.79.248.229 - - [16/Feb/2025:13:36:14 +0100] "GET /Jurek/eurofirany/feeds/eurofirany_cdon_se.xml HTTP/1.1" 200 18910613 "-" "python-requests/2.32.3"
77.79.248.229 - - [16/Feb/2025:13:36:14 +0100] "GET /Jurek/eurofirany/feeds/eurofirany_cdon_dk.xml HTTP/1.1" 200 18910700 "-" "python-requests/2.32.3"
77.79.248.229 - - [16/Feb/2025:13:36:15 +0100] "GET /Jurek/eurofirany/feeds/eurofirany_cdon_fi.xml HTTP/1.1" 200 18893488 "-" "python-requests/2.32.3"
77.79.248.229 - - [16/Feb/2025:13:36:15 +0100] "GET /Jurek/stema/feeds/stema_cdon_se.xml HTTP/1.1" 200 862289 "-" "python-requests/2.32.3"
77.79.248.229 - - [16/Feb/2025:13:36:15 +0100] "GET /Jurek/stema/feeds/stema_cdon_dk.xml HTTP/1.1" 200 862184 "-" "python-requests/2.32.3"
77.79.248.229 - - [16/Feb/2025:13:36:15 +0100] "GET /Jurek/stema/feeds/stema_cdon_fi.xml HTTP/1.1" 200 861886 "-" "python-requests/2.32.3"
77.79.248.229 - - [16/Feb/2025:13:36:17 +0100] "GET /Jurek/aw/feeds/awnarzedzia_cdon_se.xml HTTP/1.1" 200 90323709 "-" "python-requests/2.32.3"
77.79.248.229 - - [16/Feb/2025:13:36:18 +0100] "GET /Jurek/aw/feeds/awnarzedzia_cdon_dk.xml HTTP/1.1" 200 90317984 "-" "python-requests/2.32.3"
77.79.248.229 - - [16/Feb/2025:13:36:19 +0100] "GET /Jurek/aw/feeds/awnarzedzia_cdon_fi.xml HTTP/1.1" 200 90235216 "-" "python-requests/2.32.3"
77.79.248.229 - - [16/Feb/2025:13:36:20 +0100] "GET /Jurek/hurtownia_przemyslowa/feeds/hp_cdon_se.xml HTTP/1.1" 200 49757054 "-" "python-requests/2.32.3"
77.79.248.229 - - [16/Feb/2025:13:36:21 +0100] "GET /Jurek/hurtownia_przemyslowa/feeds/hp_cdon_dk.xml HTTP/1.1" 200 49755041 "-" "python-requests/2.32.3"
77.79.248.229 - - [16/Feb/2025:13:36:21 +0100] "GET /Jurek/hurtownia_przemyslowa/feeds/hp_cdon_fi.xml HTTP/1.1" 200 49741671 "-" "python-requests/2.32.3"
77.79.248.229 - - [16/Feb/2025:13:36:23 +0100] "GET /Jurek/ikonka/feeds/ikonka_cdon_se.xml HTTP/1.1" 200 22213610 "-" "python-requests/2.32.3"
77.79.248.229 - - [16/Feb/2025:13:36:24 +0100] "GET /Jurek/ikonka/feeds/ikonka_cdon_dk.xml HTTP/1.1" 200 22213532 "-" "python-requests/2.32.3"
77.79.248.229 - - [16/Feb/2025:13:36:24 +0100] "GET /Jurek/ikonka/feeds/ikonka_cdon_fi.xml HTTP/1.1" 200 22211394 "-" "python-requests/2.32.3"
77.79.248.229 - - [16/Feb/2025:13:36:24 +0100] "GET /Jurek/fernity/feeds/fernity_cdon_fi.xml HTTP/1.1" 200 5092457 "-" "python-requests/2.32.3"
77.79.248.229 - - [16/Feb/2025:13:36:25 +0100] "GET /Jurek/fernity/feeds/fernity_cdon_se.xml HTTP/1.1" 200 5095834 "-" "python-requests/2.32.3"
77.79.248.229 - - [16/Feb/2025:13:36:25 +0100] "GET /Jurek/fernity/feeds/fernity_cdon_dk.xml HTTP/1.1" 200 5095495 "-" "python-requests/2.32.3"
77.79.248.229 - - [16/Feb/2025:13:36:25 +0100] "GET /Jurek/activeshop/feeds/activeshop_cdon_se.xml HTTP/1.1" 200 10511727 "-" "python-requests/2.32.3"
77.79.248.229 - - [16/Feb/2025:13:36:25 +0100] "GET /Jurek/activeshop/feeds/activeshop_cdon_dk.xml HTTP/1.1" 200 10511546 "-" "python-requests/2.32.3"
77.79.248.229 - - [16/Feb/2025:13:36:26 +0100] "GET /Jurek/activeshop/feeds/activeshop_cdon_fi.xml HTTP/1.1" 200 10507716 "-" "python-requests/2.32.3"
52.18.22.0 - - [16/Feb/2025:13:36:35 +0100] "GET /marketplaces/worten2/results/worten.csv HTTP/1.1" 200 147218 "-" "Mirakl HttpClient"
66.211.183.74 - - [16/Feb/2025:13:36:40 +0100] "GET /Jurek/topeshop/downloaded_images/5902838468456_Oaplwieszak.png HTTP/1.1" 404 3551 "-" "scalaj-http/2.4.2"
77.79.248.229 - - [16/Feb/2025:13:36:43 +0100] "GET /Jurek/barbecook/feeds/barbecook_cdon_se.xml HTTP/1.1" 200 87591 "-" "python-requests/2.32.3"
77.79.248.229 - - [16/Feb/2025:13:36:43 +0100] "GET /Jurek/barbecook/feeds/barbecook_cdon_dk.xml HTTP/1.1" 200 87593 "-" "python-requests/2.32.3"
77.79.248.229 - - [16/Feb/2025:13:36:43 +0100] "GET /Jurek/barbecook/feeds/barbecook_cdon_fi.xml HTTP/1.1" 200 87530 "-" "python-requests/2.32.3"
77.79.248.229 - - [16/Feb/2025:13:36:43 +0100] "GET /Jurek/action/feeds/action_cdon_se.xml HTTP/1.1" 200 55199414 "-" "python-requests/2.32.3"
77.79.248.229 - - [16/Feb/2025:13:36:44 +0100] "GET /Jurek/action/feeds/action_cdon_dk.xml HTTP/1.1" 200 55193515 "-" "python-requests/2.32.3"
77.79.248.229 - - [16/Feb/2025:13:36:45 +0100] "GET /Jurek/action/feeds/action_cdon_fi.xml HTTP/1.1" 200 55168723 "-" "python-requests/2.32.3"
77.79.248.229 - - [16/Feb/2025:13:36:46 +0100] "GET /Jurek/kinghoff/feeds/kinghoff_cdon_se.xml HTTP/1.1" 200 14132135 "-" "python-requests/2.32.3"
77.79.248.229 - - [16/Feb/2025:13:36:46 +0100] "GET /Jurek/kinghoff/feeds/kinghoff_cdon_dk.xml HTTP/1.1" 200 14131773 "-" "python-requests/2.32.3"
77.79.248.229 - - [16/Feb/2025:13:36:46 +0100] "GET /Jurek/kinghoff/feeds/kinghoff_cdon_fi.xml HTTP/1.1" 200 14129721 "-" "python-requests/2.32.3"
46.101.116.244 - - [16/Feb/2025:13:37:34 +0100] "GET /Jurek/aw/feeds/aw_fnacfr.xml HTTP/1.0" 404 3551 "-" "-"
77.79.248.229 - - [16/Feb/2025:13:38:08 +0100] "GET /Jurek/vidaSI/feeds/vidaSI_bigbang.xml HTTP/1.1" 200 619208802 "-" "Python-urllib/3.11"
77.79.248.229 - - [16/Feb/2025:13:38:09 +0100] "GET /Jurek/aw/feeds/awnarzedzia_bigbang.xml HTTP/1.1" 200 90213091 "-" "Python-urllib/3.11"
77.79.248.229 - - [16/Feb/2025:13:38:09 +0100] "GET /Jurek/hurtownia_przemyslowa/feeds/hp_bigbang.xml HTTP/1.1" 200 49739120 "-" "Python-urllib/3.11"
77.79.248.229 - - [16/Feb/2025:13:38:10 +0100] "GET /Jurek/action/feeds/action_bigbang.xml HTTP/1.1" 200 55164323 "-" "Python-urllib/3.11"
77.79.248.229 - - [16/Feb/2025:13:38:13 +0100] "GET /Jurek/unimet/feeds/unimet_bigbang.xml HTTP/1.1" 200 61098431 "-" "Python-urllib/3.11"
77.79.248.229 - - [16/Feb/2025:13:38:14 +0100] "GET /Jurek/ikonka/feeds/ikonka_bigbang.xml HTTP/1.1" 200 22211338 "-" "Python-urllib/3.11"
77.79.248.229 - - [16/Feb/2025:13:38:14 +0100] "GET /Jurek/bass/feeds/bass_bigbang.xml HTTP/1.1" 200 3985198 "-" "Python-urllib/3.11"
77.79.248.229 - - [16/Feb/2025:13:38:15 +0100] "GET /Jurek/kinghoff/feeds/kinghoff_bigbang.xml HTTP/1.1" 200 14129435 "-" "Python-urllib/3.11"
46.101.116.244 - - [16/Feb/2025:13:38:16 +0100] "GET /Filip/feeds/xlsx_ceneo.xml HTTP/1.0" 200 6241376 "-" "-"
51.77.52.107 - - [16/Feb/2025:13:38:16 +0100] "POST /Filip/Rovicky/baselinker/baselinker-ceneo-shumee.php HTTP/2.0" 200 106776 "-" "BaseLinker/1.0"
77.79.248.229 - - [16/Feb/2025:13:38:16 +0100] "GET /Jurek/activeshop/feeds/activeshop_bigbang.xml HTTP/1.1" 200 10508078 "-" "Python-urllib/3.11"
77.79.248.229 - - [16/Feb/2025:13:38:17 +0100] "GET /Jurek/octopia/feeds/octopia_bigbang.xml HTTP/1.1" 200 6431517 "-" "Python-urllib/3.11"
77.79.248.229 - - [16/Feb/2025:13:38:17 +0100] "GET /Jurek/topeshop/feeds/topeshop_bigbang.xml HTTP/1.1" 200 2403304 "-" "Python-urllib/3.11"
77.79.248.229 - - [16/Feb/2025:13:38:17 +0100] "GET /Jurek/b3/feeds/b3_bigbang.xml HTTP/1.1" 200 7183427 "-" "Python-urllib/3.11"
77.79.248.229 - - [16/Feb/2025:13:38:17 +0100] "GET /Jurek/asortymenteu/feeds/asortymenteu_bigbang.xml HTTP/1.1" 200 2516078 "-" "Python-urllib/3.11"
77.79.248.229 - - [16/Feb/2025:13:38:18 +0100] "GET /Jurek/eroplace/feeds/eroplace_bigbang.xml HTTP/1.1" 200 30847729 "-" "Python-urllib/3.11"
77.79.248.229 - - [16/Feb/2025:13:38:22 +0100] "GET /Jurek/intsell/feeds/intsell_bigbang.xml HTTP/1.1" 200 338786500 "-" "Python-urllib/3.11"
77.79.248.229 - - [16/Feb/2025:13:38:23 +0100] "GET /Jurek/coppotech/feeds/coppotech_bigbang.xml HTTP/1.1" 200 38985933 "-" "Python-urllib/3.11"
77.79.248.229 - - [16/Feb/2025:13:38:23 +0100] "GET /Jurek/stema/feeds/stema_bigbang.xml HTTP/1.1" 200 861805 "-" "Python-urllib/3.11"
77.79.248.229 - - [16/Feb/2025:13:38:23 +0100] "GET /Jurek/sempler/feeds/sempler_bigbang.xml HTTP/1.1" 200 6553234 "-" "Python-urllib/3.11"
77.79.248.229 - - [16/Feb/2025:13:38:24 +0100] "GET /Jurek/benetech/feeds/benetech_bigbang.xml HTTP/1.1" 200 4451802 "-" "Python-urllib/3.11"
77.79.248.229 - - [16/Feb/2025:13:38:24 +0100] "GET /Jurek/ekuchcikowo/feeds/ekuchcikowo_bigbang.xml HTTP/1.1" 200 12760884 "-" "Python-urllib/3.11"
77.79.248.229 - - [16/Feb/2025:13:40:19 +0100] "GET /Jurek/kinghoff/feeds/kinghoff_SkroutzGR.xml HTTP/1.1" 200 14129626 "-" "Python-urllib/3.11"
77.79.248.229 - - [16/Feb/2025:13:40:21 +0100] "GET /Jurek/aw/feeds/awnarzedzia_skroutz.xml HTTP/1.1" 200 90234573 "-" "Python-urllib/3.11"
77.79.248.229 - - [16/Feb/2025:13:40:21 +0100] "GET /Jurek/eurofirany/feeds/eurofirany_skroutz.xml HTTP/1.1" 200 18893541 "-" "Python-urllib/3.11"
77.79.248.229 - - [16/Feb/2025:13:40:21 +0100] "GET /Jurek/fernity/feeds/fernity_skroutz.xml HTTP/1.1" 200 5093263 "-" "Python-urllib/3.11"
46.101.116.244 - - [16/Feb/2025:13:40:27 +0100] "GET /Jurek/eurofirany/feeds/eurofirany_erli.xml HTTP/1.0" 200 18897215 "-" "-"
46.101.116.244 - - [16/Feb/2025:13:40:51 +0100] "GET /Jurek/topeshop/feeds/topeshop_skr.xml HTTP/1.0" 200 2403403 "-" "-"
89.161.206.59 - - [16/Feb/2025:13:41:10 +0100] "GET /Jurek/ikonka/feeds/ikonka_amazonDE.xml HTTP/1.0" 200 22211377 "-" "-"
89.161.206.59 - - [16/Feb/2025:13:41:11 +0100] "GET /Jurek/ikonka/feeds/ikonka_amazonIT.xml HTTP/1.0" 200 22211361 "-" "-"
89.161.206.59 - - [16/Feb/2025:13:41:12 +0100] "GET /Jurek/ikonka/feeds/ikonka_amazonFR.xml HTTP/1.0" 200 22211362 "-" "-"
89.161.206.59 - - [16/Feb/2025:13:41:14 +0100] "GET /Jurek/hurtownia_przemyslowa/feeds/hp_amazonDE.xml HTTP/1.0" 200 49741165 "-" "-"
