193.33.8.61 - - [14/Feb/2025:08:45:08 +0100] "GET /Jurek/luxma/feeds/luxma_piguEX.xml HTTP/2.0" 200 3751936 "https://konsola.dkkapusta1997.usermd.net/" "Mozilla/5.0 (Windows NT 10.0; Win64; x64) AppleWebKit/537.36 (KHTML, like Gecko) Chrome/132.0.0.0 Safari/537.36"
193.33.8.61 - - [14/Feb/2025:08:45:29 +0100] "GET /Jurek/luxma/feeds/luxma_pigufiEX.xml HTTP/2.0" 200 8058421 "https://konsola.dkkapusta1997.usermd.net/" "Mozilla/5.0 (Windows NT 10.0; Win64; x64) AppleWebKit/537.36 (KHTML, like Gecko) Chrome/132.0.0.0 Safari/537.36"
46.101.116.244 - - [14/Feb/2025:08:45:41 +0100] "GET /Jurek/aw/feeds/aw_fnacfr.xml HTTP/1.0" 404 3551 "-" "-"
89.161.206.59 - - [14/Feb/2025:08:46:31 +0100] "GET /Jurek/ikonka/feeds/ikonka_skroutz.xml HTTP/1.0" 200 22195808 "-" "-"
46.101.116.244 - - [14/Feb/2025:08:46:34 +0100] "GET /Filip/feeds/xlsx_ceneo.xml HTTP/1.0" 200 6241376 "-" "-"
51.77.52.107 - - [14/Feb/2025:08:46:34 +0100] "POST /Filip/Rovicky/baselinker/baselinker-ceneo-shumee.php HTTP/2.0" 200 106776 "-" "BaseLinker/1.0"
89.161.206.59 - - [14/Feb/2025:08:48:06 +0100] "GET /Jurek/fernity/feeds/fernity_skroutz.xml HTTP/1.0" 200 5090323 "-" "-"
89.161.206.59 - - [14/Feb/2025:08:48:17 +0100] "GET /Jurek/activeshop/feeds/activeshop_skroutz.xml HTTP/1.0" 200 10507746 "-" "-"
193.33.8.61 - - [14/Feb/2025:08:48:45 +0100] "GET /Jurek/topeshop/downloaded_images/5902838468012_23_white_(1).png HTTP/2.0" 200 175821 "-" "Mozilla/5.0 (Windows NT 10.0; Win64; x64) AppleWebKit/537.36 (KHTML, like Gecko) Chrome/132.0.0.0 Safari/537.36"
89.161.206.59 - - [14/Feb/2025:08:48:48 +0100] "GET /Jurek/galopi/feeds/galopi_skroutz.xml HTTP/1.0" 200 1884692 "-" "-"
193.33.8.61 - - [14/Feb/2025:08:48:50 +0100] "GET /Jurek/topeshop/downloaded_images/5902838468012_23_white_pp.jpg HTTP/2.0" 200 104072 "-" "Mozilla/5.0 (Windows NT 10.0; Win64; x64) AppleWebKit/537.36 (KHTML, like Gecko) Chrome/132.0.0.0 Safari/537.36"
89.161.206.59 - - [14/Feb/2025:08:48:52 +0100] "GET /Jurek/velinda/feeds/velinda_skroutz.xml HTTP/1.0" 200 4294781 "-" "-"
46.101.116.244 - - [14/Feb/2025:08:48:53 +0100] "GET /Jurek/beliani/feeds/beliani_skroutz.xml HTTP/1.0" 200 27890911 "-" "-"
193.33.8.61 - - [14/Feb/2025:08:50:15 +0100] "GET /Jurek/emaja24/feeds/emaja24_piguEX.xml HTTP/2.0" 200 5101968 "https://konsola.dkkapusta1997.usermd.net/" "Mozilla/5.0 (Windows NT 10.0; Win64; x64) AppleWebKit/537.36 (KHTML, like Gecko) Chrome/132.0.0.0 Safari/537.36"
193.33.8.61 - - [14/Feb/2025:08:50:45 +0100] "GET /Jurek/emaja24/feeds/emaja24_pigufiEX.xml HTTP/2.0" 200 5101982 "https://konsola.dkkapusta1997.usermd.net/" "Mozilla/5.0 (Windows NT 10.0; Win64; x64) AppleWebKit/537.36 (KHTML, like Gecko) Chrome/132.0.0.0 Safari/537.36"
46.101.116.244 - - [14/Feb/2025:08:50:56 +0100] "GET /Jurek/action/feeds/action_mallsigs.xml HTTP/2.0" 200 55165315 "-" "-"
46.101.116.244 - - [14/Feb/2025:08:51:11 +0100] "GET /Jurek/aw/feeds/aw_fnacfr.xml HTTP/1.0" 404 3551 "-" "-"
193.33.8.61 - - [14/Feb/2025:08:51:17 +0100] "GET /Jurek/domzapachy/feeds/domzapachy_piguEX.xml HTTP/2.0" 200 179626 "https://konsola.dkkapusta1997.usermd.net/" "Mozilla/5.0 (Windows NT 10.0; Win64; x64) AppleWebKit/537.36 (KHTML, like Gecko) Chrome/132.0.0.0 Safari/537.36"
193.33.8.61 - - [14/Feb/2025:08:51:28 +0100] "GET /Jurek/domzapachy/feeds/domzapachy_pigufiEX.xml HTTP/2.0" 200 179626 "https://konsola.dkkapusta1997.usermd.net/" "Mozilla/5.0 (Windows NT 10.0; Win64; x64) AppleWebKit/537.36 (KHTML, like Gecko) Chrome/132.0.0.0 Safari/537.36"
46.101.116.244 - - [14/Feb/2025:08:51:42 +0100] "GET /Jurek/b3/feeds/b3_mallsigs.xml HTTP/2.0" 200 7295838 "-" "-"
46.101.116.244 - - [14/Feb/2025:08:51:59 +0100] "GET /Jurek/benbaby/feeds/benbaby_mallsigs.xml HTTP/2.0" 200 3696027 "-" "-"
46.101.116.244 - - [14/Feb/2025:08:52:12 +0100] "GET /Jurek/emibig/feeds/emibig_mallsigs.xml HTTP/2.0" 200 2427447 "-" "-"
46.101.116.244 - - [14/Feb/2025:08:52:19 +0100] "GET /Filip/feeds/xlsx_ceneo.xml HTTP/1.0" 200 6241376 "-" "-"
51.77.52.107 - - [14/Feb/2025:08:52:19 +0100] "POST /Filip/Rovicky/baselinker/baselinker-ceneo-shumee.php HTTP/2.0" 200 106776 "-" "BaseLinker/1.0"
46.101.116.244 - - [14/Feb/2025:08:52:31 +0100] "GET /Jurek/hurtownia_przemyslowa/feeds/hp_mallsigs.xml HTTP/2.0" 200 49866885 "-" "-"
34.72.247.156 - - [14/Feb/2025:08:54:26 +0100] "GET /Jurek/topeshop/downloaded_images/5902838461266_I_RTV-140-MALWA_W.jpg HTTP/1.1" 200 133622 "-" "Mozilla/5.0 (X11; Linux x86_64) AppleWebKit/537.36 (KHTML, like Gecko) Chrome/110.0.0.0 Safari/537.36"
34.72.247.156 - - [14/Feb/2025:08:54:34 +0100] "GET /Jurek/topeshop/downloaded_images/5902838461266_WhiteRtv.jpg HTTP/1.1" 404 3551 "-" "Mozilla/5.0 (X11; Linux x86_64) AppleWebKit/537.36 (KHTML, like Gecko) Chrome/110.0.0.0 Safari/537.36"
142.147.107.100 - - [14/Feb/2025:08:54:37 +0100] "GET /Jurek/topeshop/downloaded_images/5902838461266_WhiteRtv.jpg HTTP/2.0" 404 3551 "-" "Mozilla/5.0 (X11; Linux x86_64) AppleWebKit/537.36 (KHTML, like Gecko) Chrome/110.0.0.0 Safari/537.36"
167.160.78.100 - - [14/Feb/2025:08:54:42 +0100] "GET /Jurek/topeshop/downloaded_images/5902838461266_WhiteRtv.jpg HTTP/2.0" 404 3551 "-" "Mozilla/5.0 (X11; Linux x86_64) AppleWebKit/537.36 (KHTML, like Gecko) Chrome/110.0.0.0 Safari/537.36"
34.72.247.156 - - [14/Feb/2025:08:54:43 +0100] "GET /Jurek/topeshop/downloaded_images/5902838461266_2.png HTTP/1.1" 404 3551 "-" "Mozilla/5.0 (X11; Linux x86_64) AppleWebKit/537.36 (KHTML, like Gecko) Chrome/110.0.0.0 Safari/537.36"
149.20.246.73 - - [14/Feb/2025:08:54:46 +0100] "GET /Jurek/topeshop/downloaded_images/5902838461266_2.png HTTP/2.0" 404 3551 "-" "Mozilla/5.0 (X11; Linux x86_64) AppleWebKit/537.36 (KHTML, like Gecko) Chrome/110.0.0.0 Safari/537.36"
199.101.143.165 - - [14/Feb/2025:08:54:51 +0100] "GET /Jurek/topeshop/downloaded_images/5902838461266_2.png HTTP/2.0" 404 3551 "-" "Mozilla/5.0 (X11; Linux x86_64) AppleWebKit/537.36 (KHTML, like Gecko) Chrome/110.0.0.0 Safari/537.36"
193.33.8.61 - - [14/Feb/2025:08:55:26 +0100] "GET /Jurek/madrex/feeds/madrex_piguEX.xml HTTP/2.0" 200 466703 "https://konsola.dkkapusta1997.usermd.net/" "Mozilla/5.0 (Windows NT 10.0; Win64; x64) AppleWebKit/537.36 (KHTML, like Gecko) Chrome/132.0.0.0 Safari/537.36"
193.33.8.61 - - [14/Feb/2025:08:55:35 +0100] "GET /Jurek/madrex/feeds/madrex_pigufiEX.xml HTTP/2.0" 200 466708 "https://konsola.dkkapusta1997.usermd.net/" "Mozilla/5.0 (Windows NT 10.0; Win64; x64) AppleWebKit/537.36 (KHTML, like Gecko) Chrome/132.0.0.0 Safari/537.36"
46.101.116.244 - - [14/Feb/2025:08:55:43 +0100] "GET /Jurek/aw/feeds/aw_fnacfr.xml HTTP/1.0" 404 3551 "-" "-"
46.101.116.244 - - [14/Feb/2025:08:56:17 +0100] "GET /Jurek/beliani/feeds/beliani_si_mallsi.xml HTTP/2.0" 200 27866667 "-" "-"
46.101.116.244 - - [14/Feb/2025:08:56:32 +0100] "GET /Filip/feeds/xlsx_ceneo.xml HTTP/1.0" 200 6241376 "-" "-"
51.77.52.107 - - [14/Feb/2025:08:56:32 +0100] "POST /Filip/Rovicky/baselinker/baselinker-ceneo-shumee.php HTTP/2.0" 200 106776 "-" "BaseLinker/1.0"
66.211.183.70 - - [14/Feb/2025:08:56:39 +0100] "GET /Jurek/topeshop/downloaded_images/5904507200060_MIJASBIURKOBRY%C5%81KABIELLEWEBOKZM.jpg HTTP/1.1" 404 3551 "-" "scalaj-http/2.4.2"
193.33.8.61 - - [14/Feb/2025:08:56:55 +0100] "GET /Jurek/twojsklep/feeds/twojsklep_piguEX.xml HTTP/2.0" 200 126796 "https://konsola.dkkapusta1997.usermd.net/" "Mozilla/5.0 (Windows NT 10.0; Win64; x64) AppleWebKit/537.36 (KHTML, like Gecko) Chrome/132.0.0.0 Safari/537.36"
193.33.8.61 - - [14/Feb/2025:08:57:06 +0100] "GET /Jurek/twojsklep/feeds/twojsklep_pigufiEX.xml HTTP/2.0" 200 126796 "https://konsola.dkkapusta1997.usermd.net/" "Mozilla/5.0 (Windows NT 10.0; Win64; x64) AppleWebKit/537.36 (KHTML, like Gecko) Chrome/132.0.0.0 Safari/537.36"
46.101.116.244 - - [14/Feb/2025:08:57:23 +0100] "GET /Jurek/rovicky/feeds/rovicky_mallsi.xml HTTP/2.0" 200 14072305 "-" "-"
46.101.116.244 - - [14/Feb/2025:08:57:39 +0100] "GET /Jurek/detian/feeds/detian_mallsi.xml HTTP/2.0" 404 3551 "-" "-"
46.101.116.244 - - [14/Feb/2025:08:57:54 +0100] "GET /Jurek/ikonka/feeds/ikonka_mallsi.xml HTTP/2.0" 200 22195797 "-" "-"
89.161.206.59 - - [14/Feb/2025:08:58:01 +0100] "GET /Jurek/kinghoff/feeds/kinghoff_emaghu.xml HTTP/1.0" 200 14077007 "-" "-"
46.101.116.244 - - [14/Feb/2025:08:58:05 +0100] "GET /Jurek/kinghoff/feeds/kinghoff_velo.xml HTTP/1.0" 200 14070938 "-" "-"
46.101.116.244 - - [14/Feb/2025:08:58:16 +0100] "GET /Jurek/candellux/feeds/candellux_mallsi.xml HTTP/2.0" 200 465691 "-" "-"
89.161.206.59 - - [14/Feb/2025:08:58:17 +0100] "GET /Jurek/pawonik/feeds/pawonik_emagro.xml HTTP/1.0" 200 2534695 "-" "-"
89.161.206.59 - - [14/Feb/2025:08:58:17 +0100] "GET /Jurek/mosti/feeds/mosti_emagro.xml HTTP/1.0" 200 9250001 "-" "-"
89.161.206.59 - - [14/Feb/2025:08:58:18 +0100] "GET /Jurek/ikonka/feeds/ikonka_emagro.xml HTTP/1.0" 200 22197135 "-" "-"
89.161.206.59 - - [14/Feb/2025:08:58:18 +0100] "GET /Jurek/eurofirany/feeds/eurofirany_emagro.xml HTTP/1.0" 200 18902445 "-" "-"
89.161.206.59 - - [14/Feb/2025:08:58:18 +0100] "GET /Jurek/hurtmeblowy/feeds/hurtmeblowy_emagro.xml HTTP/1.0" 200 8039547 "-" "-"
89.161.206.59 - - [14/Feb/2025:08:58:19 +0100] "GET /Jurek/ekolight/feeds/ekolioght_emagro.xml HTTP/1.0" 200 9053567 "-" "-"
89.161.206.59 - - [14/Feb/2025:08:58:19 +0100] "GET /Jurek/artdog/feeds/artdog_emagro.xml HTTP/1.0" 200 15936126 "-" "-"
89.161.206.59 - - [14/Feb/2025:08:58:20 +0100] "GET /Jurek/ekuchcikowo/feeds/ekuchcikowo_emagro.xml HTTP/1.0" 200 12780947 "-" "-"
89.161.206.59 - - [14/Feb/2025:08:58:21 +0100] "GET /Jurek/eldar/feeds/eldar_emagro.xml HTTP/1.0" 200 7337694 "-" "-"
89.161.206.59 - - [14/Feb/2025:08:58:26 +0100] "GET /Jurek/wenom/feeds/wenom_emagro.xml HTTP/1.0" 200 583272 "-" "-"
46.101.116.244 - - [14/Feb/2025:08:58:27 +0100] "GET /Jurek/andex/feeds/andex_mallsl.xml HTTP/2.0" 200 1953477 "-" "-"
89.161.206.59 - - [14/Feb/2025:08:58:27 +0100] "GET /Jurek/elecomp/feeds/elecomp_emagro.xml HTTP/1.0" 200 2870390 "-" "-"
89.161.206.59 - - [14/Feb/2025:08:58:28 +0100] "GET /Jurek/antiodor/feeds/antiodor_emagro.xml HTTP/1.0" 200 137858 "-" "-"
89.161.206.59 - - [14/Feb/2025:08:58:28 +0100] "GET /Jurek/motofan/feeds/motofan_emagro.xml HTTP/1.0" 200 2392687 "-" "-"
89.161.206.59 - - [14/Feb/2025:08:58:29 +0100] "GET /Jurek/sartrix/feeds/sartrix_emagro.xml HTTP/1.0" 200 649213 "-" "-"
89.161.206.59 - - [14/Feb/2025:08:58:30 +0100] "GET /Jurek/madrex/feeds/madrex_emagro.xml HTTP/1.0" 200 466729 "-" "-"
89.161.206.59 - - [14/Feb/2025:08:58:30 +0100] "GET /Jurek/emaja24/feeds/emaja24_emagro.xml HTTP/1.0" 200 5110301 "-" "-"
89.161.206.59 - - [14/Feb/2025:08:58:31 +0100] "GET /Jurek/zepnij/feeds/zepnij_emagro.xml HTTP/1.0" 200 19523850 "-" "-"
89.161.206.59 - - [14/Feb/2025:08:58:31 +0100] "GET /Jurek/dekoele/feeds/dekoele_emagro.xml HTTP/1.0" 200 733974 "-" "-"
89.161.206.59 - - [14/Feb/2025:08:58:32 +0100] "GET /Jurek/rider/feeds/rider_emagro.xml HTTP/1.0" 200 8165905 "-" "-"
46.101.116.244 - - [14/Feb/2025:08:58:43 +0100] "GET /Jurek/chemex/feeds/chemex_mallsi.xml HTTP/2.0" 200 47809540 "-" "-"
66.211.183.71 - - [14/Feb/2025:08:59:16 +0100] "GET /Jurek/topeshop/downloaded_images/5904507200176_MIJASBIURKOBRY%C5%81KASONOMAPRAWEBOKZM.jpg HTTP/1.1" 404 3551 "-" "scalaj-http/2.4.2"
46.101.116.244 - - [14/Feb/2025:08:59:17 +0100] "GET /Jurek/aw/feeds/awnarzedzia_mallsi.xml HTTP/2.0" 200 90263962 "-" "-"
85.14.86.141 - - [14/Feb/2025:09:00:31 +0100] "GET /Jurek/vida_morele/feeds/VidaPL_all.xml HTTP/2.0" 200 694899830 "-" "MarketplaceAPI curl/7.64.0 PHP/8"
46.101.116.244 - - [14/Feb/2025:09:00:33 +0100] "GET /Jurek/hurtownia_przemyslowa/feeds/hp_velomarket.xml HTTP/1.0" 200 49871127 "-" "-"
52.17.80.36 - - [14/Feb/2025:09:00:39 +0100] "GET /marketplaces/ubaldi/results/ubaldi.csv HTTP/1.1" 200 147219 "-" "Mirakl HttpClient"
89.161.206.59 - - [14/Feb/2025:09:00:48 +0100] "GET /Jurek/sempler/feeds/sempler_skroutz.xml HTTP/1.0" 200 6553245 "-" "-"
89.161.206.59 - - [14/Feb/2025:09:00:49 +0100] "GET /Jurek/eroplace/feeds/eroplace_skroutz.xml HTTP/1.0" 200 30849174 "-" "-"
193.33.8.61 - - [14/Feb/2025:09:00:50 +0100] "GET /Jurek/motofan/feeds/motofan_piguEX.xml HTTP/2.0" 200 2392084 "https://konsola.dkkapusta1997.usermd.net/" "Mozilla/5.0 (Windows NT 10.0; Win64; x64) AppleWebKit/537.36 (KHTML, like Gecko) Chrome/132.0.0.0 Safari/537.36"
89.161.206.59 - - [14/Feb/2025:09:00:50 +0100] "GET /Jurek/targethome/feeds/targethome_skroutz.xml HTTP/1.0" 200 683590 "-" "-"
193.33.8.61 - - [14/Feb/2025:09:01:06 +0100] "GET /Jurek/motofan/feeds/motofan_pigufiEX.xml HTTP/2.0" 200 2392054 "https://konsola.dkkapusta1997.usermd.net/" "Mozilla/5.0 (Windows NT 10.0; Win64; x64) AppleWebKit/537.36 (KHTML, like Gecko) Chrome/132.0.0.0 Safari/537.36"
46.101.116.244 - - [14/Feb/2025:09:01:07 +0100] "GET /Jurek/aw/feeds/aw_fnacfr.xml HTTP/1.0" 404 3551 "-" "-"
46.101.116.244 - - [14/Feb/2025:09:01:18 +0100] "GET /Jurek/benbaby/feeds/benbaby_velo.xml HTTP/1.0" 200 3696554 "-" "-"
46.101.116.244 - - [14/Feb/2025:09:01:21 +0100] "GET /Jurek/aw/feeds/awnarzedzia_velomarket.xml HTTP/1.0" 200 8394567 "-" "-"
46.101.116.244 - - [14/Feb/2025:09:01:49 +0100] "GET /Jurek/hurtownia_przemyslowa/feeds/hp_fnacfr.xml HTTP/1.0" 200 49866751 "-" "-"
85.232.241.194 - - [14/Feb/2025:09:02:03 +0100] "GET /Jurek/kinghoff/feeds/kinghoff_skrSH.xml HTTP/1.1" 200 14070241 "-" "Python-urllib/3.11"
85.232.241.194 - - [14/Feb/2025:09:02:04 +0100] "GET /Jurek/aw/feeds/aw_skroutzSH.xml HTTP/1.1" 200 90264283 "-" "Python-urllib/3.11"
85.232.241.194 - - [14/Feb/2025:09:02:04 +0100] "GET /Jurek/eurofirany/feeds/eurofirany_skrSH.xml HTTP/1.1" 200 18891516 "-" "Python-urllib/3.11"
85.232.241.194 - - [14/Feb/2025:09:02:04 +0100] "GET /Jurek/fernity/feeds/fernity_skrSH.xml HTTP/1.1" 200 5090159 "-" "Python-urllib/3.11"
85.232.241.194 - - [14/Feb/2025:09:02:05 +0100] "GET /Jurek/hurtownia_przemyslowa/feeds/hp_skrSH.xml HTTP/1.1" 200 49867015 "-" "Python-urllib/3.11"
85.232.241.194 - - [14/Feb/2025:09:02:05 +0100] "GET /Jurek/stema/feeds/stema_skrSH.xml HTTP/1.1" 200 861903 "-" "Python-urllib/3.11"
52.18.22.0 - - [14/Feb/2025:09:02:08 +0100] "GET /marketplaces/rue/results/rue.csv HTTP/1.1" 200 130835 "-" "Mirakl HttpClient"
46.101.116.244 - - [14/Feb/2025:09:02:30 +0100] "GET /Jurek/beliani/feeds/beliani_velomarket.xml HTTP/1.0" 200 27894666 "-" "-"
193.33.8.61 - - [14/Feb/2025:09:02:43 +0100] "GET /Jurek/antiodor/feeds/antiodor_piguEX.xml HTTP/2.0" 200 137787 "https://konsola.dkkapusta1997.usermd.net/" "Mozilla/5.0 (Windows NT 10.0; Win64; x64) AppleWebKit/537.36 (KHTML, like Gecko) Chrome/132.0.0.0 Safari/537.36"
85.14.86.141 - - [14/Feb/2025:09:02:53 +0100] "GET /Jurek/kinghoff/feeds/kinghoff_morele.xml HTTP/2.0" 200 14070822 "-" "MarketplaceAPI curl/7.64.0 PHP/8"
193.33.8.61 - - [14/Feb/2025:09:02:53 +0100] "GET /Jurek/antiodor/feeds/antiodor_pigufiEX.xml HTTP/2.0" 200 137761 "https://konsola.dkkapusta1997.usermd.net/" "Mozilla/5.0 (Windows NT 10.0; Win64; x64) AppleWebKit/537.36 (KHTML, like Gecko) Chrome/132.0.0.0 Safari/537.36"
46.101.116.244 - - [14/Feb/2025:09:02:54 +0100] "GET /Filip/feeds/xlsx_ceneo.xml HTTP/1.0" 200 6241376 "-" "-"
51.77.52.107 - - [14/Feb/2025:09:02:55 +0100] "POST /Filip/Rovicky/baselinker/baselinker-ceneo-shumee.php HTTP/2.0" 200 106776 "-" "BaseLinker/1.0"
193.33.8.61 - - [14/Feb/2025:09:03:18 +0100] "GET /Jurek/bass_new/download/bass.xml HTTP/2.0" 404 3551 "https://konsola.dkkapusta1997.usermd.net/" "Mozilla/5.0 (Windows NT 10.0; Win64; x64) AppleWebKit/537.36 (KHTML, like Gecko) Chrome/133.0.0.0 Safari/537.36"
193.33.8.61 - - [14/Feb/2025:09:03:22 +0100] "GET /Jurek/bass_new/download/bass.xml HTTP/2.0" 404 3551 "https://konsola.dkkapusta1997.usermd.net/" "Mozilla/5.0 (Windows NT 10.0; Win64; x64) AppleWebKit/537.36 (KHTML, like Gecko) Chrome/133.0.0.0 Safari/537.36"
89.161.206.59 - - [14/Feb/2025:09:03:24 +0100] "GET /Jurek/waks/feeds/waks_allegro.xml HTTP/1.0" 200 6333849 "-" "-"
89.161.206.59 - - [14/Feb/2025:09:03:25 +0100] "GET /Jurek/oromed/feeds/oromed_allegro.xml HTTP/1.0" 200 958156 "-" "-"
89.161.206.59 - - [14/Feb/2025:09:03:25 +0100] "GET /Jurek/bisanti/feeds/bisanti_allegro.xml HTTP/1.0" 200 1132583 "-" "-"
46.101.116.244 - - [14/Feb/2025:09:03:40 +0100] "GET /Jurek/barbecook/feeds/barbecook_mallsl.xml HTTP/2.0" 200 87529 "-" "-"
46.101.116.244 - - [14/Feb/2025:09:03:51 +0100] "GET /Jurek/duka/feeds/duka_mallsl.xml HTTP/2.0" 200 57 "-" "-"
46.101.116.244 - - [14/Feb/2025:09:04:02 +0100] "GET /Jurek/miloohome/feeds/miloohome_mallsi.xml HTTP/2.0" 200 1421056 "-" "-"
46.101.116.244 - - [14/Feb/2025:09:04:13 +0100] "GET /Jurek/stema/feeds/stema_mallsl.xml HTTP/2.0" 200 861878 "-" "-"
46.101.116.244 - - [14/Feb/2025:09:04:26 +0100] "GET /Jurek/fernity/feeds/fernity_mallsl.xml HTTP/2.0" 200 5089587 "-" "-"
66.249.66.68 - - [14/Feb/2025:09:04:41 +0100] "GET /Jurek/eurofirany/images/392850/3.jpg HTTP/1.1" 200 262488 "-" "Googlebot-Image/1.0"
46.101.116.244 - - [14/Feb/2025:09:04:57 +0100] "GET /Jurek/kinghoff/feeds/kinghoff_mallsl.xml HTTP/2.0" 200 14070189 "-" "-"
193.33.8.61 - - [14/Feb/2025:09:05:13 +0100] "GET /Jurek/qbox/feeds/qbox_piguEX.xml HTTP/2.0" 200 398479 "https://konsola.dkkapusta1997.usermd.net/" "Mozilla/5.0 (Windows NT 10.0; Win64; x64) AppleWebKit/537.36 (KHTML, like Gecko) Chrome/132.0.0.0 Safari/537.36"
85.14.86.141 - - [14/Feb/2025:09:05:24 +0100] "GET /Jurek/eurofirany/feeds/eurofirany_morele.xml HTTP/2.0" 200 18892961 "-" "MarketplaceAPI curl/7.64.0 PHP/8"
193.33.8.61 - - [14/Feb/2025:09:05:25 +0100] "GET /Jurek/qbox/feeds/qbox_pigufiEX.xml HTTP/2.0" 200 398497 "https://konsola.dkkapusta1997.usermd.net/" "Mozilla/5.0 (Windows NT 10.0; Win64; x64) AppleWebKit/537.36 (KHTML, like Gecko) Chrome/132.0.0.0 Safari/537.36"
46.101.116.244 - - [14/Feb/2025:09:05:28 +0100] "GET /Jurek/kinghome/feeds/kinghome_mallsl.xml HTTP/2.0" 200 5742908 "-" "-"
66.211.183.73 - - [14/Feb/2025:09:05:32 +0100] "GET /Jurek/topeshop/downloaded_images/5904507200084_MIJASBIURKOBRY%C5%81KABIELPRAWEBOKZM.jpg HTTP/1.1" 404 3551 "-" "scalaj-http/2.4.2"
46.101.116.244 - - [14/Feb/2025:09:05:42 +0100] "GET /Jurek/vivaldi/feeds/vivaldi_Mall-sl.xml HTTP/2.0" 200 344583 "-" "-"
85.14.86.141 - - [14/Feb/2025:09:05:43 +0100] "GET /Jurek/vivaldi/feeds/vivaldi_Morele-PL.xml HTTP/2.0" 200 344674 "-" "MarketplaceAPI curl/7.64.0 PHP/8"
46.101.116.244 - - [14/Feb/2025:09:05:47 +0100] "GET /Jurek/aw/feeds/aw_fnacfr.xml HTTP/1.0" 404 3551 "-" "-"
46.101.116.244 - - [14/Feb/2025:09:05:54 +0100] "GET /Jurek/eurofirany/feeds/eurofirany_mall_si_shumee.xml HTTP/2.0" 200 18891594 "-" "-"
193.33.8.61 - - [14/Feb/2025:09:06:21 +0100] "GET /Jurek/bass_new/output.txt HTTP/2.0" 200 102704 "https://konsola.dkkapusta1997.usermd.net/" "Mozilla/5.0 (Windows NT 10.0; Win64; x64) AppleWebKit/537.36 (KHTML, like Gecko) Chrome/133.0.0.0 Safari/537.36"
193.33.8.61 - - [14/Feb/2025:09:06:21 +0100] "GET /favicon.ico HTTP/2.0" 404 3551 "https://dkkapusta1997.usermd.net/Jurek/bass_new/output.txt" "Mozilla/5.0 (Windows NT 10.0; Win64; x64) AppleWebKit/537.36 (KHTML, like Gecko) Chrome/133.0.0.0 Safari/537.36"
46.101.116.244 - - [14/Feb/2025:09:06:31 +0100] "GET /Filip/feeds/xlsx_ceneo.xml HTTP/1.0" 200 6241376 "-" "-"
51.77.52.107 - - [14/Feb/2025:09:06:31 +0100] "POST /Filip/Rovicky/baselinker/baselinker-ceneo-shumee.php HTTP/2.0" 200 106776 "-" "BaseLinker/1.0"
34.133.239.145 - - [14/Feb/2025:09:06:48 +0100] "GET /Jurek/topeshop/downloaded_images/5902838466681_4.png HTTP/1.1" 404 3551 "-" "Mozilla/5.0 (X11; Linux x86_64) AppleWebKit/537.36 (KHTML, like Gecko) Chrome/110.0.0.0 Safari/537.36"
67.226.219.48 - - [14/Feb/2025:09:06:51 +0100] "GET /Jurek/topeshop/downloaded_images/5902838466681_4.png HTTP/2.0" 404 3551 "-" "Mozilla/5.0 (X11; Linux x86_64) AppleWebKit/537.36 (KHTML, like Gecko) Chrome/110.0.0.0 Safari/537.36"
85.14.86.141 - - [14/Feb/2025:09:06:53 +0100] "GET /Jurek/aw/feeds/awnarzedzia_morele.xml HTTP/2.0" 200 90274725 "-" "MarketplaceAPI curl/7.64.0 PHP/8"
45.39.255.226 - - [14/Feb/2025:09:06:56 +0100] "GET /Jurek/topeshop/downloaded_images/5902838466681_4.png HTTP/2.0" 404 3551 "-" "Mozilla/5.0 (X11; Linux x86_64) AppleWebKit/537.36 (KHTML, like Gecko) Chrome/110.0.0.0 Safari/537.36"
34.133.239.145 - - [14/Feb/2025:09:06:56 +0100] "GET /Jurek/topeshop/downloaded_images/5902838466681_3.png HTTP/1.1" 404 3551 "-" "Mozilla/5.0 (X11; Linux x86_64) AppleWebKit/537.36 (KHTML, like Gecko) Chrome/110.0.0.0 Safari/537.36"
193.33.8.61 - - [14/Feb/2025:09:06:58 +0100] "GET /Jurek/wenom/feeds/wenom_piguEX.xml HTTP/2.0" 200 583075 "https://konsola.dkkapusta1997.usermd.net/" "Mozilla/5.0 (Windows NT 10.0; Win64; x64) AppleWebKit/537.36 (KHTML, like Gecko) Chrome/132.0.0.0 Safari/537.36"
209.59.229.109 - - [14/Feb/2025:09:06:59 +0100] "GET /Jurek/topeshop/downloaded_images/5902838466681_3.png HTTP/2.0" 404 3551 "-" "Mozilla/5.0 (X11; Linux x86_64) AppleWebKit/537.36 (KHTML, like Gecko) Chrome/110.0.0.0 Safari/537.36"
85.14.86.141 - - [14/Feb/2025:09:07:00 +0100] "GET /Jurek/vida_morele/feeds/VidaPL_morele.xml HTTP/2.0" 200 694900769 "-" "MarketplaceAPI curl/7.64.0 PHP/8"
192.171.82.137 - - [14/Feb/2025:09:07:04 +0100] "GET /Jurek/topeshop/downloaded_images/5902838466681_3.png HTTP/2.0" 404 3551 "-" "Mozilla/5.0 (X11; Linux x86_64) AppleWebKit/537.36 (KHTML, like Gecko) Chrome/110.0.0.0 Safari/537.36"
193.33.8.61 - - [14/Feb/2025:09:07:04 +0100] "GET /Jurek/intsell/feeds/intsell_zero.xml HTTP/2.0" 200 9682944 "https://konsola.dkkapusta1997.usermd.net/" "Mozilla/5.0 (Windows NT 10.0; Win64; x64) AppleWebKit/537.36 (KHTML, like Gecko) Chrome/132.0.0.0 Safari/537.36"
193.33.8.61 - - [14/Feb/2025:09:07:08 +0100] "GET /Jurek/wenom/feeds/wenom_pigufiEX.xml HTTP/2.0" 200 583067 "https://konsola.dkkapusta1997.usermd.net/" "Mozilla/5.0 (Windows NT 10.0; Win64; x64) AppleWebKit/537.36 (KHTML, like Gecko) Chrome/132.0.0.0 Safari/537.36"
77.79.248.229 - - [14/Feb/2025:09:07:09 +0100] "GET /Jurek/intsell/feeds/intsell_zero.xml HTTP/1.1" 200 338789838 "-" "Python-urllib/3.11"
85.14.86.141 - - [14/Feb/2025:09:07:19 +0100] "GET /Jurek/miloohome/feeds/miloohome_morele.xml HTTP/2.0" 200 1421250 "-" "MarketplaceAPI curl/7.64.0 PHP/8"
85.14.86.141 - - [14/Feb/2025:09:07:34 +0100] "GET /Jurek/beliani/feeds/beliani_morele.xml HTTP/2.0" 200 27894615 "-" "MarketplaceAPI curl/7.64.0 PHP/8"
66.211.183.70 - - [14/Feb/2025:09:08:27 +0100] "GET /Jurek/topeshop/downloaded_images/5904507207472_20st_mijas_prawy_niebieski.png HTTP/1.1" 200 245526 "-" "scalaj-http/2.4.2"
193.33.8.61 - - [14/Feb/2025:09:08:53 +0100] "GET /Jurek/evil/feeds/evil_piguEX.xml HTTP/2.0" 200 306272 "https://konsola.dkkapusta1997.usermd.net/" "Mozilla/5.0 (Windows NT 10.0; Win64; x64) AppleWebKit/537.36 (KHTML, like Gecko) Chrome/132.0.0.0 Safari/537.36"
193.33.8.61 - - [14/Feb/2025:09:09:01 +0100] "GET /Jurek/velinda/output.txt HTTP/2.0" 200 615259 "https://konsola.dkkapusta1997.usermd.net/" "Mozilla/5.0 (Windows NT 10.0; Win64; x64) AppleWebKit/537.36 (KHTML, like Gecko) Chrome/132.0.0.0 Safari/537.36"
193.33.8.61 - - [14/Feb/2025:09:09:03 +0100] "GET /Jurek/evil/feeds/evil_pigufiEX.xml HTTP/2.0" 200 306280 "https://konsola.dkkapusta1997.usermd.net/" "Mozilla/5.0 (Windows NT 10.0; Win64; x64) AppleWebKit/537.36 (KHTML, like Gecko) Chrome/132.0.0.0 Safari/537.36"
193.33.8.61 - - [14/Feb/2025:09:09:06 +0100] "GET /Jurek/bass_new/download/bass.xml HTTP/2.0" 404 3551 "https://konsola.dkkapusta1997.usermd.net/" "Mozilla/5.0 (Windows NT 10.0; Win64; x64) AppleWebKit/537.36 (KHTML, like Gecko) Chrome/133.0.0.0 Safari/537.36"
193.33.8.61 - - [14/Feb/2025:09:09:11 +0100] "GET /Jurek/bass_new/feeds/bass_skroutz.xml HTTP/2.0" 200 7040872 "https://konsola.dkkapusta1997.usermd.net/" "Mozilla/5.0 (Windows NT 10.0; Win64; x64) AppleWebKit/537.36 (KHTML, like Gecko) Chrome/133.0.0.0 Safari/537.36"
77.79.248.229 - - [14/Feb/2025:09:09:27 +0100] "GET /Jurek/bass_new/feeds/bass_skroutz.xml HTTP/1.1" 200 7040872 "-" "Python-urllib/3.11"
193.33.8.61 - - [14/Feb/2025:09:09:38 +0100] "GET /Jurek/kobi/feeds/kobi_piguEX.xml HTTP/2.0" 200 1992516 "https://konsola.dkkapusta1997.usermd.net/" "Mozilla/5.0 (Windows NT 10.0; Win64; x64) AppleWebKit/537.36 (KHTML, like Gecko) Chrome/132.0.0.0 Safari/537.36"
193.33.8.61 - - [14/Feb/2025:09:09:48 +0100] "GET /Jurek/kobi/feeds/kobi_pigufiEX.xml HTTP/2.0" 200 1992493 "https://konsola.dkkapusta1997.usermd.net/" "Mozilla/5.0 (Windows NT 10.0; Win64; x64) AppleWebKit/537.36 (KHTML, like Gecko) Chrome/132.0.0.0 Safari/537.36"
193.33.8.61 - - [14/Feb/2025:09:10:48 +0100] "GET /Jurek/najtanszysport/feeds/najtanszysport_piguEX.xml HTTP/2.0" 200 3981375 "https://konsola.dkkapusta1997.usermd.net/" "Mozilla/5.0 (Windows NT 10.0; Win64; x64) AppleWebKit/537.36 (KHTML, like Gecko) Chrome/132.0.0.0 Safari/537.36"
46.101.116.244 - - [14/Feb/2025:09:10:52 +0100] "GET /Jurek/aw/feeds/aw_fnacfr.xml HTTP/1.0" 404 3551 "-" "-"
193.33.8.61 - - [14/Feb/2025:09:10:58 +0100] "GET /Jurek/najtanszysport/feeds/najtanszysport_pigufiEX.xml HTTP/2.0" 200 3981599 "https://konsola.dkkapusta1997.usermd.net/" "Mozilla/5.0 (Windows NT 10.0; Win64; x64) AppleWebKit/537.36 (KHTML, like Gecko) Chrome/132.0.0.0 Safari/537.36"
193.33.8.61 - - [14/Feb/2025:09:11:40 +0100] "GET /favicon.ico HTTP/2.0" 404 3551 "https://dkkapusta1997.usermd.net/Jurek/eany/" "Mozilla/5.0 (Windows NT 10.0; Win64; x64) AppleWebKit/537.36 (KHTML, like Gecko) Chrome/132.0.0.0 Safari/537.36"
193.33.8.61 - - [14/Feb/2025:09:11:47 +0100] "GET /Jurek/eany/data.csv HTTP/2.0" 200 25940680 "https://dkkapusta1997.usermd.net/Jurek/eany/" "Mozilla/5.0 (Windows NT 10.0; Win64; x64) AppleWebKit/537.36 (KHTML, like Gecko) Chrome/132.0.0.0 Safari/537.36"
46.101.116.244 - - [14/Feb/2025:09:12:02 +0100] "GET /Filip/feeds/xlsx_ceneo.xml HTTP/1.0" 200 6241376 "-" "-"
51.77.52.107 - - [14/Feb/2025:09:12:02 +0100] "POST /Filip/Rovicky/baselinker/baselinker-ceneo-shumee.php HTTP/2.0" 200 106776 "-" "BaseLinker/1.0"
185.6.76.18 - - [14/Feb/2025:09:12:06 +0100] "GET /marketplaces/skroutz/feeds/shumee.xml HTTP/1.1" 200 348272294 "-" "SkroutzBot v1.0"
193.33.8.61 - - [14/Feb/2025:09:12:32 +0100] "GET /Jurek/szpaklampy/output.txt HTTP/2.0" 200 6371 "https://konsola.dkkapusta1997.usermd.net/" "Mozilla/5.0 (Windows NT 10.0; Win64; x64) AppleWebKit/537.36 (KHTML, like Gecko) Chrome/132.0.0.0 Safari/537.36"
193.33.8.61 - - [14/Feb/2025:09:14:24 +0100] "GET /Jurek/topeshop/downloaded_images/5902838461532_biurko_.RGB_color.0009_kopia.png HTTP/2.0" 200 148945 "-" "Mozilla/5.0 (Windows NT 10.0; Win64; x64) AppleWebKit/537.36 (KHTML, like Gecko) Chrome/132.0.0.0 Safari/537.36"
193.33.8.61 - - [14/Feb/2025:09:14:29 +0100] "GET /Jurek/topeshop/downloaded_images/5902838461532_ar6_.RGB_color.0003.jpg HTTP/2.0" 200 129998 "-" "Mozilla/5.0 (Windows NT 10.0; Win64; x64) AppleWebKit/537.36 (KHTML, like Gecko) Chrome/132.0.0.0 Safari/537.36"
66.249.66.66 - - [14/Feb/2025:09:15:15 +0100] "GET /Jurek/eurofirany/images/378441/3.jpg HTTP/1.1" 200 319382 "-" "Googlebot-Image/1.0"
77.79.248.229 - - [14/Feb/2025:09:15:36 +0100] "GET /Jurek/eroplace/feeds/eroplace_zero.xml HTTP/1.1" 200 30849945 "-" "Python-urllib/3.11"
46.101.116.244 - - [14/Feb/2025:09:15:41 +0100] "GET /Jurek/aw/feeds/aw_fnacfr.xml HTTP/1.0" 404 3551 "-" "-"
193.33.8.61 - - [14/Feb/2025:09:16:04 +0100] "GET /Jurek/bisanti/feeds/bisanti_piguEX.xml HTTP/2.0" 200 1131837 "https://konsola.dkkapusta1997.usermd.net/" "Mozilla/5.0 (Windows NT 10.0; Win64; x64) AppleWebKit/537.36 (KHTML, like Gecko) Chrome/132.0.0.0 Safari/537.36"
193.33.8.61 - - [14/Feb/2025:09:16:15 +0100] "GET /Jurek/bisanti/feeds/bisanti_pigufiEX.xml HTTP/2.0" 200 1131844 "https://konsola.dkkapusta1997.usermd.net/" "Mozilla/5.0 (Windows NT 10.0; Win64; x64) AppleWebKit/537.36 (KHTML, like Gecko) Chrome/132.0.0.0 Safari/537.36"
46.101.116.244 - - [14/Feb/2025:09:16:27 +0100] "GET /Filip/feeds/xlsx_ceneo.xml HTTP/1.0" 200 6241376 "-" "-"
51.77.52.107 - - [14/Feb/2025:09:16:27 +0100] "POST /Filip/Rovicky/baselinker/baselinker-ceneo-shumee.php HTTP/2.0" 200 106776 "-" "BaseLinker/1.0"
193.33.8.61 - - [14/Feb/2025:09:17:06 +0100] "GET /Jurek/eoptimo/feeds/eoptimo_piguEX.xml HTTP/2.0" 200 1958650 "https://konsola.dkkapusta1997.usermd.net/" "Mozilla/5.0 (Windows NT 10.0; Win64; x64) AppleWebKit/537.36 (KHTML, like Gecko) Chrome/132.0.0.0 Safari/537.36"
193.33.8.61 - - [14/Feb/2025:09:17:30 +0100] "GET /Jurek/eoptimo/feeds/eoptimo_pigufiEX.xml HTTP/2.0" 200 1958687 "https://konsola.dkkapusta1997.usermd.net/" "Mozilla/5.0 (Windows NT 10.0; Win64; x64) AppleWebKit/537.36 (KHTML, like Gecko) Chrome/132.0.0.0 Safari/537.36"
66.249.66.68 - - [14/Feb/2025:09:20:00 +0100] "GET /Jurek/eurofirany/images/386192/8.jpg HTTP/1.1" 200 253669 "-" "Googlebot-Image/1.0"
193.33.8.61 - - [14/Feb/2025:09:20:25 +0100] "GET /Jurek/aiofactory/feeds/aiofactory_piguEX.xml HTTP/2.0" 200 2078110 "https://konsola.dkkapusta1997.usermd.net/" "Mozilla/5.0 (Windows NT 10.0; Win64; x64) AppleWebKit/537.36 (KHTML, like Gecko) Chrome/132.0.0.0 Safari/537.36"
66.211.183.72 - - [14/Feb/2025:09:20:39 +0100] "GET /Jurek/topeshop/downloaded_images/5902838468456_Oaplwieszak.png HTTP/1.1" 404 3551 "-" "scalaj-http/2.4.2"
193.33.8.61 - - [14/Feb/2025:09:20:39 +0100] "GET /Jurek/aiofactory/feeds/aiofactory_pigufiEX.xml HTTP/2.0" 200 2078098 "https://konsola.dkkapusta1997.usermd.net/" "Mozilla/5.0 (Windows NT 10.0; Win64; x64) AppleWebKit/537.36 (KHTML, like Gecko) Chrome/132.0.0.0 Safari/537.36"
46.101.116.244 - - [14/Feb/2025:09:21:28 +0100] "GET /Jurek/aw/feeds/aw_fnacfr.xml HTTP/1.0" 404 3551 "-" "-"
66.211.183.72 - - [14/Feb/2025:09:21:39 +0100] "GET /Jurek/topeshop/downloaded_images/5904507207441_20st_mijas_lewy_niebieskikopia.png HTTP/1.1" 200 251031 "-" "scalaj-http/2.4.2"
85.232.241.194 - - [14/Feb/2025:09:22:06 +0100] "GET /Jurek/aw/feeds/aw_rue.xml HTTP/1.1" 200 90267970 "-" "Python-urllib/3.11"
85.232.241.194 - - [14/Feb/2025:09:22:07 +0100] "GET /Jurek/hurtownia_przemyslowa/feeds/hp_rue.xml HTTP/1.1" 200 49867171 "-" "Python-urllib/3.11"
85.232.241.194 - - [14/Feb/2025:09:22:09 +0100] "GET /Jurek/action/feeds/action_rue.xml HTTP/1.1" 200 55166359 "-" "Python-urllib/3.11"
46.101.116.244 - - [14/Feb/2025:09:22:16 +0100] "GET /Filip/feeds/xlsx_ceneo.xml HTTP/1.0" 200 6241376 "-" "-"
51.77.52.107 - - [14/Feb/2025:09:22:17 +0100] "POST /Filip/Rovicky/baselinker/baselinker-ceneo-shumee.php HTTP/2.0" 200 106776 "-" "BaseLinker/1.0"
85.232.241.194 - - [14/Feb/2025:09:22:50 +0100] "GET /Jurek/unimet/feeds/unimet_rue.xml HTTP/1.1" 200 61073340 "-" "Python-urllib/3.11"
85.232.241.194 - - [14/Feb/2025:09:22:51 +0100] "GET /Jurek/ikonka/feeds/ikonka_rue.xml HTTP/1.1" 200 22195830 "-" "Python-urllib/3.11"
85.232.241.194 - - [14/Feb/2025:09:22:51 +0100] "GET /Jurek/kinghome/feeds/kinghome_rue.xml HTTP/1.1" 200 5762595 "-" "Python-urllib/3.11"
85.232.241.194 - - [14/Feb/2025:09:22:51 +0100] "GET /Jurek/fernity/feeds/fernity_rue.xml HTTP/1.1" 200 5089871 "-" "Python-urllib/3.11"
85.232.241.194 - - [14/Feb/2025:09:22:51 +0100] "GET /Jurek/topeshop/feeds/topeshop_rue.xml HTTP/1.1" 200 2403345 "-" "Python-urllib/3.11"
85.232.241.194 - - [14/Feb/2025:09:22:58 +0100] "GET /Jurek/kinghoff/feeds/kinghoff_rue.xml HTTP/1.1" 200 14070197 "-" "Python-urllib/3.11"
85.232.241.194 - - [14/Feb/2025:09:22:58 +0100] "GET /Jurek/emibig/feeds/emibig_rue.xml HTTP/1.1" 200 2522431 "-" "Python-urllib/3.11"
85.232.241.194 - - [14/Feb/2025:09:23:01 +0100] "GET /Jurek/eurofirany/feeds/eurofirany_rue.xml HTTP/1.1" 200 18891311 "-" "Python-urllib/3.11"
85.232.241.194 - - [14/Feb/2025:09:23:02 +0100] "GET /Jurek/amzteam/feeds/amzteam_rue.xml HTTP/1.1" 200 97879 "-" "Python-urllib/3.11"
85.232.241.194 - - [14/Feb/2025:09:23:02 +0100] "GET /Jurek/kambukka/feeds/kambukka_rue.xml HTTP/1.1" 200 973306 "-" "Python-urllib/3.11"
85.232.241.194 - - [14/Feb/2025:09:23:02 +0100] "GET /Jurek/benetech/feeds/benetech_RUE.xml HTTP/1.1" 200 4451817 "-" "Python-urllib/3.11"
85.232.241.194 - - [14/Feb/2025:09:23:02 +0100] "GET /Jurek/swiatecznygoliat/feeds/swiatecznygoliat_RUE.xml HTTP/1.1" 200 7050205 "-" "Python-urllib/3.11"
85.232.241.194 - - [14/Feb/2025:09:23:02 +0100] "GET /Jurek/artdog/feeds/artdog_RUE.xml HTTP/1.1" 200 15928984 "-" "Python-urllib/3.11"
85.232.241.194 - - [14/Feb/2025:09:23:02 +0100] "GET /Jurek/hdwr/feeds/hdwr_RUE.xml HTTP/1.1" 200 777767 "-" "Python-urllib/3.11"
85.232.241.194 - - [14/Feb/2025:09:23:02 +0100] "GET /Jurek/sempler/feeds/sempler_rue.xml HTTP/1.1" 200 6553242 "-" "Python-urllib/3.11"
85.232.241.194 - - [14/Feb/2025:09:23:02 +0100] "GET /Jurek/waks/feeds/waks_RUE.xml HTTP/1.1" 200 6333024 "-" "Python-urllib/3.11"
85.232.241.194 - - [14/Feb/2025:09:23:04 +0100] "GET /Jurek/oromed/feeds/oromed_rue.xml HTTP/1.1" 200 958041 "-" "Python-urllib/3.11"
85.232.241.194 - - [14/Feb/2025:09:23:05 +0100] "GET /Jurek/ekuchcikowo/feeds/ekuchcikowo_rue.xml HTTP/1.1" 200 12779002 "-" "Python-urllib/3.11"
85.232.241.194 - - [14/Feb/2025:09:23:05 +0100] "GET /Jurek/ekolight/feeds/ekolight_rue.xml HTTP/1.1" 200 9051061 "-" "Python-urllib/3.11"
85.232.241.194 - - [14/Feb/2025:09:23:05 +0100] "GET /Jurek/eroplace/feeds/eroplace_RUE.xml HTTP/1.1" 200 30847654 "-" "Python-urllib/3.11"
85.232.241.194 - - [14/Feb/2025:09:23:05 +0100] "GET /Jurek/coppotech/feeds/coppotech_rue.xml HTTP/1.1" 200 38985296 "-" "Python-urllib/3.11"
85.232.241.194 - - [14/Feb/2025:09:23:05 +0100] "GET /Jurek/euroshop/feeds/euroshop_rue.xml HTTP/1.1" 200 17927362 "-" "Python-urllib/3.11"
85.232.241.194 - - [14/Feb/2025:09:23:05 +0100] "GET /Jurek/galopi/feeds/galopi_rue.xml HTTP/1.1" 200 1884683 "-" "Python-urllib/3.11"
85.232.241.194 - - [14/Feb/2025:09:23:05 +0100] "GET /Jurek/szpaklampy/feeds/szpaklampy_rue.xml HTTP/1.1" 200 416449 "-" "Python-urllib/3.11"
85.232.241.194 - - [14/Feb/2025:09:23:13 +0100] "GET /Jurek/intsell/feeds/intsell_rue.xml HTTP/1.1" 200 338787520 "-" "Python-urllib/3.11"
85.232.241.194 - - [14/Feb/2025:09:23:13 +0100] "GET /Jurek/spali/feeds/spali_rue.xml HTTP/1.1" 200 101945 "-" "Python-urllib/3.11"
85.232.241.194 - - [14/Feb/2025:09:23:13 +0100] "GET /Jurek/najtanszysport/feeds/najtanszysport_rue.xml HTTP/1.1" 200 3982871 "-" "Python-urllib/3.11"
85.232.241.194 - - [14/Feb/2025:09:23:13 +0100] "GET /Jurek/maksik/feeds/maksik_rue.xml HTTP/1.1" 200 4084763 "-" "Python-urllib/3.11"
85.232.241.194 - - [14/Feb/2025:09:23:13 +0100] "GET /Jurek/urwiskowo/feeds/urwiskowo_rue.xml HTTP/1.1" 200 9114982 "-" "Python-urllib/3.11"
89.161.206.59 - - [14/Feb/2025:09:23:45 +0100] "GET /Jurek/ikonka/feeds/ikonka_amazonDE.xml HTTP/1.0" 200 22195795 "-" "-"
89.161.206.59 - - [14/Feb/2025:09:23:47 +0100] "GET /Jurek/ikonka/feeds/ikonka_amazonIT.xml HTTP/1.0" 200 22195826 "-" "-"
89.161.206.59 - - [14/Feb/2025:09:23:48 +0100] "GET /Jurek/ikonka/feeds/ikonka_amazonFR.xml HTTP/1.0" 200 22195770 "-" "-"
89.161.206.59 - - [14/Feb/2025:09:23:50 +0100] "GET /Jurek/hurtownia_przemyslowa/feeds/hp_amazonDE.xml HTTP/1.0" 200 49867125 "-" "-"
89.161.206.59 - - [14/Feb/2025:09:23:54 +0100] "GET /Jurek/hurtownia_przemyslowa/feeds/hp_amazonFR.xml HTTP/1.0" 200 49867881 "-" "-"
46.101.116.244 - - [14/Feb/2025:09:23:55 +0100] "GET /Jurek/unimet/feeds/unimet_mallsi.xml HTTP/2.0" 200 61073559 "-" "-"
89.161.206.59 - - [14/Feb/2025:09:23:58 +0100] "GET /Jurek/hurtownia_przemyslowa/feeds/hp_amazonIT.xml HTTP/1.0" 200 49867755 "-" "-"
89.161.206.59 - - [14/Feb/2025:09:24:01 +0100] "GET /Jurek/hurtownia_przemyslowa/feeds/hp_amazonNL.xml HTTP/1.0" 200 49867196 "-" "-"
89.161.206.59 - - [14/Feb/2025:09:24:05 +0100] "GET /Jurek/hurtownia_przemyslowa/feeds/hp_amazonSE.xml HTTP/1.0" 200 49884282 "-" "-"
89.161.206.59 - - [14/Feb/2025:09:24:32 +0100] "GET /Jurek/ekolight/feeds/ekolioght_aliex.xml HTTP/1.0" 200 9053820 "-" "-"
5.134.208.158 - - [14/Feb/2025:09:25:13 +0100] "GET /Jurek/ml_meble/images/1LILL15-001_0.jpg HTTP/1.1" 404 3551 "-" "-"
5.134.208.158 - - [14/Feb/2025:09:25:13 +0100] "GET /Jurek/ml_meble/images/1LILL15-001_0.jpg HTTP/1.1" 404 3551 "https://www.ceneo.pl" "Mozilla/5.0 (Windows NT 10.0; WOW64) AppleWebKit/537.36 (KHTML, like Gecko) Chrome/52.0.2743.82 Safari/537.36 OPR/39.0.2256.48"
5.134.208.158 - - [14/Feb/2025:09:25:13 +0100] "GET /Jurek/ml_meble/images/1LILL15-001_0.jpg HTTP/1.1" 404 3551 "-" "-"
5.134.208.158 - - [14/Feb/2025:09:25:13 +0100] "GET /Jurek/ml_meble/images/1LILL15-001_0.jpg HTTP/1.1" 404 3551 "https://www.ceneo.pl" "Mozilla/5.0 (Windows NT 10.0; WOW64) AppleWebKit/537.36 (KHTML, like Gecko) Chrome/52.0.2743.82 Safari/537.36 OPR/39.0.2256.48"
46.101.116.244 - - [14/Feb/2025:09:26:31 +0100] "GET /Jurek/eurofirany/feeds/eurofirany_empik.xml HTTP/1.0" 200 18892840 "-" "-"
89.161.206.59 - - [14/Feb/2025:09:26:41 +0100] "GET /Jurek/unimet/feeds/unimet_cdisFI.xml HTTP/1.0" 200 61075672 "-" "-"
89.161.206.59 - - [14/Feb/2025:09:26:42 +0100] "GET /Jurek/unimet/feeds/unimet_cdisFI.xml HTTP/1.0" 200 61075672 "-" "-"
193.33.8.61 - - [14/Feb/2025:09:26:58 +0100] "GET /Jurek/topeshop/downloaded_images/5902838463536_Greg-86-sonoma.png HTTP/2.0" 200 700354 "-" "Mozilla/5.0 (Windows NT 10.0; Win64; x64) AppleWebKit/537.36 (KHTML, like Gecko) Chrome/132.0.0.0 Safari/537.36"
46.101.116.244 - - [14/Feb/2025:09:27:00 +0100] "GET /Jurek/aw/feeds/aw_fnacfr.xml HTTP/1.0" 404 3551 "-" "-"
193.33.8.61 - - [14/Feb/2025:09:27:04 +0100] "GET /Jurek/topeshop/downloaded_images/5902838463536_Greg-86-sonoma1.png HTTP/2.0" 200 698860 "-" "Mozilla/5.0 (Windows NT 10.0; Win64; x64) AppleWebKit/537.36 (KHTML, like Gecko) Chrome/132.0.0.0 Safari/537.36"
66.135.202.72 - - [14/Feb/2025:09:27:21 +0100] "GET /Jurek/topeshop/downloaded_images/5904507201876_KUBABIURKOBRY%C5%81KAANTRACYTBOKZM.jpg HTTP/1.1" 404 3551 "-" "Java/17.0.12.0.101"
46.101.116.244 - - [14/Feb/2025:09:27:38 +0100] "GET /Filip/feeds/xlsx_ceneo.xml HTTP/1.0" 200 6241376 "-" "-"
51.77.52.107 - - [14/Feb/2025:09:27:39 +0100] "POST /Filip/Rovicky/baselinker/baselinker-ceneo-shumee.php HTTP/2.0" 200 106776 "-" "BaseLinker/1.0"
66.249.66.66 - - [14/Feb/2025:09:27:39 +0100] "GET /Jurek/eurofirany/images/386192/4.jpg HTTP/1.1" 200 282865 "-" "Googlebot-Image/1.0"
85.232.241.194 - - [14/Feb/2025:09:28:03 +0100] "GET /Jurek/beliani/feeds/beliani_pl_zero.xml HTTP/1.1" 200 27882511 "-" "python-requests/2.32.3"
85.232.241.194 - - [14/Feb/2025:09:28:03 +0100] "GET /Jurek/beliani/feeds/beliani_cz_zero.xml HTTP/1.1" 200 22669779 "-" "python-requests/2.32.3"
85.232.241.194 - - [14/Feb/2025:09:28:06 +0100] "GET /Jurek/beliani/feeds/beliani_sk_zero.xml HTTP/1.1" 200 22757327 "-" "python-requests/2.32.3"
85.232.241.194 - - [14/Feb/2025:09:28:06 +0100] "GET /Jurek/beliani/feeds/beliani_hu.xml HTTP/1.1" 200 41424958 "-" "python-requests/2.32.3"
85.232.241.194 - - [14/Feb/2025:09:28:06 +0100] "GET /Jurek/fernity/feeds/fernity_zero.xml HTTP/1.1" 200 5090307 "-" "python-requests/2.32.3"
85.232.241.194 - - [14/Feb/2025:09:28:06 +0100] "GET /Jurek/kinghome/feeds/kinghome_mallcz.xml HTTP/1.1" 200 5748099 "-" "python-requests/2.32.3"
85.232.241.194 - - [14/Feb/2025:09:28:11 +0100] "GET /Jurek/octopia/feeds/octopia_zero.xml HTTP/1.1" 200 10724089 "-" "python-requests/2.32.3"
85.232.241.194 - - [14/Feb/2025:09:28:11 +0100] "GET /Jurek/aw/feeds/awnarzedzia_zero.xml HTTP/1.1" 200 90240501 "-" "python-requests/2.32.3"
85.232.241.194 - - [14/Feb/2025:09:28:14 +0100] "GET /Jurek/chemex/feeds/chemex_zero.xml HTTP/1.1" 200 47819491 "-" "python-requests/2.32.3"
85.232.241.194 - - [14/Feb/2025:09:28:15 +0100] "GET /Jurek/stema/feeds/stema_zero.xml HTTP/1.1" 200 861980 "-" "python-requests/2.32.3"
85.232.241.194 - - [14/Feb/2025:09:28:19 +0100] "GET /Jurek/kokiskaCZ/download/kokiskaCZ.xml HTTP/1.1" 200 29729127 "-" "python-requests/2.32.3"
193.33.8.61 - - [14/Feb/2025:09:28:19 +0100] "GET /Jurek/elecomp/feeds/elecomp_piguEX.xml HTTP/2.0" 200 2868070 "https://konsola.dkkapusta1997.usermd.net/" "Mozilla/5.0 (Windows NT 10.0; Win64; x64) AppleWebKit/537.36 (KHTML, like Gecko) Chrome/132.0.0.0 Safari/537.36"
85.232.241.194 - - [14/Feb/2025:09:28:22 +0100] "GET /Jurek/kinghoff/feeds/kinghoff_zero.xml HTTP/1.1" 200 14070676 "-" "python-requests/2.32.3"
85.232.241.194 - - [14/Feb/2025:09:28:23 +0100] "GET /Jurek/bass/feeds/bass_zero.xml HTTP/1.1" 200 3984105 "-" "python-requests/2.32.3"
85.232.241.194 - - [14/Feb/2025:09:28:23 +0100] "GET /Jurek/mosti/feeds/mosti_zero.xml HTTP/1.1" 200 9249879 "-" "python-requests/2.32.3"
86.122.24.236 - - [14/Feb/2025:09:28:24 +0100] "GET /Jurek/eurofirany/images/398783/3.jpg HTTP/2.0" 200 38773 "https://content.emag.network/" "Mozilla/5.0 (Windows NT 10.0; Win64; x64; rv:128.0) Gecko/20100101 Firefox/128.0"
86.122.24.236 - - [14/Feb/2025:09:28:24 +0100] "GET /Jurek/eurofirany/images/398783/8.jpg HTTP/2.0" 200 90831 "https://content.emag.network/" "Mozilla/5.0 (Windows NT 10.0; Win64; x64; rv:128.0) Gecko/20100101 Firefox/128.0"
86.122.24.236 - - [14/Feb/2025:09:28:24 +0100] "GET /Jurek/eurofirany/images/398783/1.jpg HTTP/2.0" 200 35884 "https://content.emag.network/" "Mozilla/5.0 (Windows NT 10.0; Win64; x64; rv:128.0) Gecko/20100101 Firefox/128.0"
86.122.24.236 - - [14/Feb/2025:09:28:24 +0100] "GET /Jurek/eurofirany/images/398783/2.jpg HTTP/2.0" 200 36950 "https://content.emag.network/" "Mozilla/5.0 (Windows NT 10.0; Win64; x64; rv:128.0) Gecko/20100101 Firefox/128.0"
86.122.24.236 - - [14/Feb/2025:09:28:24 +0100] "GET /Jurek/eurofirany/images/398783/5.jpg HTTP/2.0" 200 60735 "https://content.emag.network/" "Mozilla/5.0 (Windows NT 10.0; Win64; x64; rv:128.0) Gecko/20100101 Firefox/128.0"
86.122.24.236 - - [14/Feb/2025:09:28:24 +0100] "GET /Jurek/eurofirany/images/398783/7.jpg HTTP/2.0" 200 125737 "https://content.emag.network/" "Mozilla/5.0 (Windows NT 10.0; Win64; x64; rv:128.0) Gecko/20100101 Firefox/128.0"
86.122.24.236 - - [14/Feb/2025:09:28:24 +0100] "GET /Jurek/eurofirany/images/398783/6.jpg HTTP/2.0" 200 93071 "https://content.emag.network/" "Mozilla/5.0 (Windows NT 10.0; Win64; x64; rv:128.0) Gecko/20100101 Firefox/128.0"
86.122.24.236 - - [14/Feb/2025:09:28:24 +0100] "GET /Jurek/eurofirany/images/398783/4.jpg HTTP/2.0" 200 81152 "https://content.emag.network/" "Mozilla/5.0 (Windows NT 10.0; Win64; x64; rv:128.0) Gecko/20100101 Firefox/128.0"
89.161.206.59 - - [14/Feb/2025:09:28:51 +0100] "GET /Jurek/szpaklampy/feeds/szpaklampy_allegro.xml HTTP/1.0" 200 416586 "-" "-"
46.101.116.244 - - [14/Feb/2025:09:28:51 +0100] "GET /Jurek/vidaSI/feeds/vidaSI_mall.xml HTTP/2.0" 200 619157590 "-" "-"
51.8.102.166 - - [14/Feb/2025:09:28:54 +0100] "GET /robots.txt HTTP/2.0" 404 3551 "-" "Mozilla/5.0 (Macintosh; Intel Mac OS X 10_15_7) AppleWebKit/537.36 (KHTML, like Gecko) Chrome/131.0.0.0 Safari/537.36; compatible; OAI-SearchBot/1.0; +https://openai.com/searchbot"
51.8.102.139 - - [14/Feb/2025:09:28:54 +0100] "GET /robots.txt HTTP/1.1" 404 3551 "-" "Mozilla/5.0 (Macintosh; Intel Mac OS X 10_15_7) AppleWebKit/537.36 (KHTML, like Gecko) Chrome/131.0.0.0 Safari/537.36; compatible; OAI-SearchBot/1.0; +https://openai.com/searchbot"
46.101.116.244 - - [14/Feb/2025:09:29:01 +0100] "GET /Jurek/eurofirany/feeds/eurofirany_amazaon_de.xml HTTP/1.0" 200 18891263 "-" "-"
89.161.206.59 - - [14/Feb/2025:09:29:07 +0100] "GET /Jurek/topeshop/feeds/topeshop_amazonFR.xml HTTP/1.0" 200 2403318 "-" "-"
89.161.206.59 - - [14/Feb/2025:09:29:09 +0100] "GET /Jurek/topeshop/feeds/topeshop_amazonIT.xml HTTP/1.0" 200 2403343 "-" "-"
89.161.206.59 - - [14/Feb/2025:09:29:11 +0100] "GET /Jurek/topeshop/feeds/topeshop_amazonDE.xml HTTP/1.0" 200 2403218 "-" "-"
193.33.8.61 - - [14/Feb/2025:09:29:12 +0100] "GET /Jurek/elecomp/feeds/elecomp_pigufiEX.xml HTTP/2.0" 200 2868071 "https://konsola.dkkapusta1997.usermd.net/" "Mozilla/5.0 (Windows NT 10.0; Win64; x64) AppleWebKit/537.36 (KHTML, like Gecko) Chrome/132.0.0.0 Safari/537.36"
89.161.206.59 - - [14/Feb/2025:09:29:13 +0100] "GET /Jurek/topeshop/feeds/topeshop_amazonSE.xml HTTP/1.0" 200 2404093 "-" "-"
89.161.206.59 - - [14/Feb/2025:09:29:15 +0100] "GET /Jurek/topeshop/feeds/topeshop_amazonES.xml HTTP/1.0" 200 2403314 "-" "-"
89.161.206.59 - - [14/Feb/2025:09:29:17 +0100] "GET /Jurek/topeshop/feeds/topeshop_amazonNL.xml HTTP/1.0" 200 2403412 "-" "-"
89.161.206.59 - - [14/Feb/2025:09:29:19 +0100] "GET /Jurek/topeshop/feeds/topeshop_amazonBE.xml HTTP/1.0" 200 2403387 "-" "-"
89.161.206.59 - - [14/Feb/2025:09:29:22 +0100] "GET /Jurek/ikonka/feeds/ikonka_amazonES.xml HTTP/1.0" 200 22195808 "-" "-"
89.161.206.59 - - [14/Feb/2025:09:29:24 +0100] "GET /Jurek/ikonka/feeds/ikonka_amazonNL.xml HTTP/1.0" 200 22195752 "-" "-"
89.161.206.59 - - [14/Feb/2025:09:29:31 +0100] "GET /Jurek/eroplace/feeds/eroplace_amazonnl.xml HTTP/1.0" 200 30849047 "-" "-"
46.101.116.244 - - [14/Feb/2025:09:31:39 +0100] "GET /Jurek/aw/feeds/aw_fnacfr.xml HTTP/1.0" 404 3551 "-" "-"
46.101.116.244 - - [14/Feb/2025:09:32:28 +0100] "GET /Filip/feeds/xlsx_ceneo.xml HTTP/1.0" 200 6241376 "-" "-"
51.77.52.107 - - [14/Feb/2025:09:32:28 +0100] "POST /Filip/Rovicky/baselinker/baselinker-ceneo-shumee.php HTTP/2.0" 200 106776 "-" "BaseLinker/1.0"
89.161.206.59 - - [14/Feb/2025:09:34:29 +0100] "GET /Jurek/benetech/feeds/benetech_allegro.xml HTTP/1.0" 200 4452094 "-" "-"
89.161.206.59 - - [14/Feb/2025:09:34:29 +0100] "GET /Jurek/targethome/feeds/targethome_allegro.xml HTTP/1.0" 200 683632 "-" "-"
193.33.8.61 - - [14/Feb/2025:09:34:30 +0100] "GET /Jurek/velinda/feeds/velinda_piguEX.xml HTTP/2.0" 200 4281913 "https://konsola.dkkapusta1997.usermd.net/" "Mozilla/5.0 (Windows NT 10.0; Win64; x64) AppleWebKit/537.36 (KHTML, like Gecko) Chrome/132.0.0.0 Safari/537.36"
193.33.8.61 - - [14/Feb/2025:09:34:38 +0100] "GET /Jurek/velinda/feeds/velinda_pigufiEX.xml HTTP/2.0" 200 4282234 "https://konsola.dkkapusta1997.usermd.net/" "Mozilla/5.0 (Windows NT 10.0; Win64; x64) AppleWebKit/537.36 (KHTML, like Gecko) Chrome/132.0.0.0 Safari/537.36"
193.33.8.61 - - [14/Feb/2025:09:34:44 +0100] "GET /Jurek/topeshop/downloaded_images/5902838468869_4.jpg HTTP/2.0" 200 67596 "-" "Mozilla/5.0 (Windows NT 10.0; Win64; x64) AppleWebKit/537.36 (KHTML, like Gecko) Chrome/132.0.0.0 Safari/537.36"
46.101.116.244 - - [14/Feb/2025:09:34:46 +0100] "GET /Jurek/aw/feeds/awnarzedzia_skroutz.xml HTTP/1.0" 200 90264283 "-" "-"
193.33.8.61 - - [14/Feb/2025:09:34:49 +0100] "GET /Jurek/topeshop/downloaded_images/5902838468869_1.jpg HTTP/2.0" 200 81520 "-" "Mozilla/5.0 (Windows NT 10.0; Win64; x64) AppleWebKit/537.36 (KHTML, like Gecko) Chrome/132.0.0.0 Safari/537.36"
52.18.22.0 - - [14/Feb/2025:09:34:56 +0100] "GET /marketplaces/worten2/results/worten.csv HTTP/1.1" 200 147218 "-" "Mirakl HttpClient"
66.249.66.67 - - [14/Feb/2025:09:35:18 +0100] "GET /Jurek/eurofirany/images/397112/8.jpg HTTP/1.1" 200 129047 "-" "Googlebot-Image/1.0"
77.79.248.229 - - [14/Feb/2025:09:36:16 +0100] "GET /Jurek/eurofirany/feeds/eurofirany_cdon_se.xml HTTP/1.1" 200 18909003 "-" "python-requests/2.32.3"
77.79.248.229 - - [14/Feb/2025:09:36:16 +0100] "GET /Jurek/eurofirany/feeds/eurofirany_cdon_dk.xml HTTP/1.1" 200 18908823 "-" "python-requests/2.32.3"
77.79.248.229 - - [14/Feb/2025:09:36:17 +0100] "GET /Jurek/eurofirany/feeds/eurofirany_cdon_fi.xml HTTP/1.1" 200 18891001 "-" "python-requests/2.32.3"
77.79.248.229 - - [14/Feb/2025:09:36:17 +0100] "GET /Jurek/stema/feeds/stema_cdon_se.xml HTTP/1.1" 200 862298 "-" "python-requests/2.32.3"
77.79.248.229 - - [14/Feb/2025:09:36:17 +0100] "GET /Jurek/stema/feeds/stema_cdon_dk.xml HTTP/1.1" 200 862176 "-" "python-requests/2.32.3"
77.79.248.229 - - [14/Feb/2025:09:36:17 +0100] "GET /Jurek/stema/feeds/stema_cdon_fi.xml HTTP/1.1" 200 861893 "-" "python-requests/2.32.3"
77.79.248.229 - - [14/Feb/2025:09:36:19 +0100] "GET /Jurek/aw/feeds/awnarzedzia_cdon_se.xml HTTP/1.1" 200 90353104 "-" "python-requests/2.32.3"
77.79.248.229 - - [14/Feb/2025:09:36:20 +0100] "GET /Jurek/aw/feeds/awnarzedzia_cdon_dk.xml HTTP/1.1" 200 90346823 "-" "python-requests/2.32.3"
77.79.248.229 - - [14/Feb/2025:09:36:21 +0100] "GET /Jurek/aw/feeds/awnarzedzia_cdon_fi.xml HTTP/1.1" 200 90264386 "-" "python-requests/2.32.3"
77.79.248.229 - - [14/Feb/2025:09:36:22 +0100] "GET /Jurek/hurtownia_przemyslowa/feeds/hp_cdon_se.xml HTTP/1.1" 200 49883671 "-" "python-requests/2.32.3"
77.79.248.229 - - [14/Feb/2025:09:36:22 +0100] "GET /Jurek/hurtownia_przemyslowa/feeds/hp_cdon_dk.xml HTTP/1.1" 200 49881167 "-" "python-requests/2.32.3"
77.79.248.229 - - [14/Feb/2025:09:36:23 +0100] "GET /Jurek/hurtownia_przemyslowa/feeds/hp_cdon_fi.xml HTTP/1.1" 200 49866803 "-" "python-requests/2.32.3"
77.79.248.229 - - [14/Feb/2025:09:36:25 +0100] "GET /Jurek/ikonka/feeds/ikonka_cdon_se.xml HTTP/1.1" 200 22198022 "-" "python-requests/2.32.3"
77.79.248.229 - - [14/Feb/2025:09:36:25 +0100] "GET /Jurek/ikonka/feeds/ikonka_cdon_dk.xml HTTP/1.1" 200 22197981 "-" "python-requests/2.32.3"
77.79.248.229 - - [14/Feb/2025:09:36:26 +0100] "GET /Jurek/ikonka/feeds/ikonka_cdon_fi.xml HTTP/1.1" 200 22195826 "-" "python-requests/2.32.3"
77.79.248.229 - - [14/Feb/2025:09:36:26 +0100] "GET /Jurek/fernity/feeds/fernity_cdon_fi.xml HTTP/1.1" 200 5089488 "-" "python-requests/2.32.3"
77.79.248.229 - - [14/Feb/2025:09:36:26 +0100] "GET /Jurek/fernity/feeds/fernity_cdon_se.xml HTTP/1.1" 200 5093050 "-" "python-requests/2.32.3"
77.79.248.229 - - [14/Feb/2025:09:36:26 +0100] "GET /Jurek/fernity/feeds/fernity_cdon_dk.xml HTTP/1.1" 200 5092624 "-" "python-requests/2.32.3"
77.79.248.229 - - [14/Feb/2025:09:36:27 +0100] "GET /Jurek/activeshop/feeds/activeshop_cdon_se.xml HTTP/1.1" 200 10511349 "-" "python-requests/2.32.3"
77.79.248.229 - - [14/Feb/2025:09:36:27 +0100] "GET /Jurek/activeshop/feeds/activeshop_cdon_dk.xml HTTP/1.1" 200 10511114 "-" "python-requests/2.32.3"
77.79.248.229 - - [14/Feb/2025:09:36:27 +0100] "GET /Jurek/activeshop/feeds/activeshop_cdon_fi.xml HTTP/1.1" 200 10507582 "-" "python-requests/2.32.3"
77.79.248.229 - - [14/Feb/2025:09:36:35 +0100] "GET /Jurek/barbecook/feeds/barbecook_cdon_se.xml HTTP/1.1" 200 87591 "-" "python-requests/2.32.3"
77.79.248.229 - - [14/Feb/2025:09:36:35 +0100] "GET /Jurek/barbecook/feeds/barbecook_cdon_dk.xml HTTP/1.1" 200 87589 "-" "python-requests/2.32.3"
77.79.248.229 - - [14/Feb/2025:09:36:35 +0100] "GET /Jurek/barbecook/feeds/barbecook_cdon_fi.xml HTTP/1.1" 200 87532 "-" "python-requests/2.32.3"
