77.79.248.229 - - [14/Feb/2025:10:10:14 +0100] "GET /Jurek/rovicky/feeds/rovicky_cdonFI.xml HTTP/1.1" 200 14072410 "-" "python-requests/2.32.3"
77.79.248.229 - - [14/Feb/2025:10:10:14 +0100] "GET /Jurek/benbaby/feeds/benbaby_cdon_se.xml HTTP/1.1" 200 3698853 "-" "python-requests/2.32.3"
77.79.248.229 - - [14/Feb/2025:10:10:15 +0100] "GET /Jurek/benbaby/feeds/benbaby_cdon_dk.xml HTTP/1.1" 200 3698820 "-" "python-requests/2.32.3"
77.79.248.229 - - [14/Feb/2025:10:10:15 +0100] "GET /Jurek/benbaby/feeds/benbaby_cdon_fi.xml HTTP/1.1" 200 3696264 "-" "python-requests/2.32.3"
77.79.248.229 - - [14/Feb/2025:10:10:15 +0100] "GET /Jurek/candellux/feeds/candellux_cdon_se.xml HTTP/1.1" 200 466166 "-" "python-requests/2.32.3"
77.79.248.229 - - [14/Feb/2025:10:10:15 +0100] "GET /Jurek/candellux/feeds/candellux_cdon_dk.xml HTTP/1.1" 200 466129 "-" "python-requests/2.32.3"
77.79.248.229 - - [14/Feb/2025:10:10:15 +0100] "GET /Jurek/candellux/feeds/candellux_cdon_fi.xml HTTP/1.1" 200 465745 "-" "python-requests/2.32.3"
77.79.248.229 - - [14/Feb/2025:10:10:16 +0100] "GET /Jurek/hurtownia_przemyslowa/feeds/hp_cdon_se.xml HTTP/1.1" 200 49883671 "-" "python-requests/2.32.3"
77.79.248.229 - - [14/Feb/2025:10:10:17 +0100] "GET /Jurek/hurtownia_przemyslowa/feeds/hp_cdon_dk.xml HTTP/1.1" 200 49881167 "-" "python-requests/2.32.3"
77.79.248.229 - - [14/Feb/2025:10:10:17 +0100] "GET /Jurek/hurtownia_przemyslowa/feeds/hp_cdon_fi.xml HTTP/1.1" 200 49866803 "-" "python-requests/2.32.3"
77.79.248.229 - - [14/Feb/2025:10:10:17 +0100] "GET /Jurek/topeshop/feeds/topeshop_cdon_se.xml HTTP/1.1" 200 2404064 "-" "python-requests/2.32.3"
77.79.248.229 - - [14/Feb/2025:10:10:18 +0100] "GET /Jurek/topeshop/feeds/topeshop_cdon_dk.xml HTTP/1.1" 200 2403918 "-" "python-requests/2.32.3"
77.79.248.229 - - [14/Feb/2025:10:10:18 +0100] "GET /Jurek/topeshop/feeds/topeshop_cdon_fi.xml HTTP/1.1" 200 2403461 "-" "python-requests/2.32.3"
77.79.248.229 - - [14/Feb/2025:10:10:18 +0100] "GET /Jurek/asortymenteu/feeds/asortymenteu_cdon_se.xml HTTP/1.1" 200 2516972 "-" "python-requests/2.32.3"
77.79.248.229 - - [14/Feb/2025:10:10:18 +0100] "GET /Jurek/asortymenteu/feeds/asortymenteu_cdon_dk.xml HTTP/1.1" 200 2516996 "-" "python-requests/2.32.3"
77.79.248.229 - - [14/Feb/2025:10:10:18 +0100] "GET /Jurek/asortymenteu/feeds/asortymenteu_cdon_fi.xml HTTP/1.1" 200 2516040 "-" "python-requests/2.32.3"
77.79.248.229 - - [14/Feb/2025:10:10:18 +0100] "GET /Jurek/fernity/feeds/fernity_cdon_se.xml HTTP/1.1" 200 5093050 "-" "python-requests/2.32.3"
77.79.248.229 - - [14/Feb/2025:10:10:19 +0100] "GET /Jurek/fernity/feeds/fernity_cdon_dk.xml HTTP/1.1" 200 5092624 "-" "python-requests/2.32.3"
77.79.248.229 - - [14/Feb/2025:10:10:19 +0100] "GET /Jurek/fernity/feeds/fernity_cdon_fi.xml HTTP/1.1" 200 5089488 "-" "python-requests/2.32.3"
77.79.248.229 - - [14/Feb/2025:10:10:20 +0100] "GET /Jurek/aw/feeds/awnarzedzia_cdon_se.xml HTTP/1.1" 200 90353104 "-" "python-requests/2.32.3"
77.79.248.229 - - [14/Feb/2025:10:10:21 +0100] "GET /Jurek/aw/feeds/awnarzedzia_cdon_dk.xml HTTP/1.1" 200 90346823 "-" "python-requests/2.32.3"
77.79.248.229 - - [14/Feb/2025:10:10:23 +0100] "GET /Jurek/aw/feeds/awnarzedzia_cdon_fi.xml HTTP/1.1" 200 90264386 "-" "python-requests/2.32.3"
77.79.248.229 - - [14/Feb/2025:10:10:23 +0100] "GET /Jurek/activeshop/feeds/activeshop_cdon_se.xml HTTP/1.1" 200 10511349 "-" "python-requests/2.32.3"
77.79.248.229 - - [14/Feb/2025:10:10:23 +0100] "GET /Jurek/activeshop/feeds/activeshop_cdon_dk.xml HTTP/1.1" 200 10511114 "-" "python-requests/2.32.3"
77.79.248.229 - - [14/Feb/2025:10:10:24 +0100] "GET /Jurek/activeshop/feeds/activeshop_cdon_fi.xml HTTP/1.1" 200 10507582 "-" "python-requests/2.32.3"
77.79.248.229 - - [14/Feb/2025:10:10:25 +0100] "GET /Jurek/ikonka/feeds/ikonka_cdon_se.xml HTTP/1.1" 200 22198022 "-" "python-requests/2.32.3"
77.79.248.229 - - [14/Feb/2025:10:10:25 +0100] "GET /Jurek/ikonka/feeds/ikonka_cdon_dk.xml HTTP/1.1" 200 22197981 "-" "python-requests/2.32.3"
77.79.248.229 - - [14/Feb/2025:10:10:25 +0100] "GET /Jurek/ikonka/feeds/ikonka_cdon_fi.xml HTTP/1.1" 200 22195826 "-" "python-requests/2.32.3"
77.79.248.229 - - [14/Feb/2025:10:10:26 +0100] "GET /Jurek/swiatecznygoliat/feeds/swiatecznygoliat_cdon_se.xml HTTP/1.1" 200 7052895 "-" "python-requests/2.32.3"
77.79.248.229 - - [14/Feb/2025:10:10:26 +0100] "GET /Jurek/swiatecznygoliat/feeds/swiatecznygoliat_cdon_dk.xml HTTP/1.1" 200 7052840 "-" "python-requests/2.32.3"
77.79.248.229 - - [14/Feb/2025:10:10:27 +0100] "GET /Jurek/swiatecznygoliat/feeds/swiatecznygoliat_cdon_fi.xml HTTP/1.1" 200 7050398 "-" "python-requests/2.32.3"
77.79.248.229 - - [14/Feb/2025:10:10:27 +0100] "GET /Jurek/slayo/feeds/slayo_cdon_se.xml HTTP/1.1" 200 195547 "-" "python-requests/2.32.3"
77.79.248.229 - - [14/Feb/2025:10:10:27 +0100] "GET /Jurek/slayo/feeds/slayo_cdon_dk.xml HTTP/1.1" 200 195546 "-" "python-requests/2.32.3"
77.79.248.229 - - [14/Feb/2025:10:10:27 +0100] "GET /Jurek/slayo/feeds/slayo_cdon_fi.xml HTTP/1.1" 200 195530 "-" "python-requests/2.32.3"
77.79.248.229 - - [14/Feb/2025:10:10:27 +0100] "GET /Jurek/bass/feeds/bass_cdon_se.xml HTTP/1.1" 200 3986904 "-" "python-requests/2.32.3"
77.79.248.229 - - [14/Feb/2025:10:10:27 +0100] "GET /Jurek/bass/feeds/bass_cdon_dk.xml HTTP/1.1" 200 3986664 "-" "python-requests/2.32.3"
77.79.248.229 - - [14/Feb/2025:10:10:28 +0100] "GET /Jurek/bass/feeds/bass_cdon_fi.xml HTTP/1.1" 200 3985204 "-" "python-requests/2.32.3"
77.79.248.229 - - [14/Feb/2025:10:10:28 +0100] "GET /Jurek/benetech/feeds/benetech_cdon_se.xml HTTP/1.1" 200 4452229 "-" "python-requests/2.32.3"
77.79.248.229 - - [14/Feb/2025:10:10:28 +0100] "GET /Jurek/benetech/feeds/benetech_cdon_dk.xml HTTP/1.1" 200 4452189 "-" "python-requests/2.32.3"
77.79.248.229 - - [14/Feb/2025:10:10:28 +0100] "GET /Jurek/benetech/feeds/benetech_cdon_fi.xml HTTP/1.1" 200 4451822 "-" "python-requests/2.32.3"
77.79.248.229 - - [14/Feb/2025:10:10:28 +0100] "GET /Jurek/waks/feeds/waks_cdon_se.xml HTTP/1.1" 200 6335420 "-" "python-requests/2.32.3"
77.79.248.229 - - [14/Feb/2025:10:10:29 +0100] "GET /Jurek/waks/feeds/waks_cdon_dk.xml HTTP/1.1" 200 6335335 "-" "python-requests/2.32.3"
77.79.248.229 - - [14/Feb/2025:10:10:29 +0100] "GET /Jurek/waks/feeds/waks_cdon_fi.xml HTTP/1.1" 200 6332971 "-" "python-requests/2.32.3"
77.79.248.229 - - [14/Feb/2025:10:10:29 +0100] "GET /Jurek/kambukka/feeds/kambukka_cdon_se.xml HTTP/1.1" 200 973569 "-" "python-requests/2.32.3"
77.79.248.229 - - [14/Feb/2025:10:10:29 +0100] "GET /Jurek/kambukka/feeds/kambukka_cdon_dk.xml HTTP/1.1" 200 973425 "-" "python-requests/2.32.3"
77.79.248.229 - - [14/Feb/2025:10:10:29 +0100] "GET /Jurek/kambukka/feeds/kambukka_cdon_fi.xml HTTP/1.1" 200 973318 "-" "python-requests/2.32.3"
77.79.248.229 - - [14/Feb/2025:10:10:29 +0100] "GET /Jurek/hdwr/feeds/hdwr_cdon_se.xml HTTP/1.1" 200 778058 "-" "python-requests/2.32.3"
77.79.248.229 - - [14/Feb/2025:10:10:29 +0100] "GET /Jurek/hdwr/feeds/hdwr_cdon_dk.xml HTTP/1.1" 200 778022 "-" "python-requests/2.32.3"
77.79.248.229 - - [14/Feb/2025:10:10:29 +0100] "GET /Jurek/hdwr/feeds/hdwr_cdon_fi.xml HTTP/1.1" 200 777794 "-" "python-requests/2.32.3"
77.79.248.229 - - [14/Feb/2025:10:10:29 +0100] "GET /Jurek/pagmil/feeds/pagmil_cdon_se.xml HTTP/1.1" 200 1706044 "-" "python-requests/2.32.3"
77.79.248.229 - - [14/Feb/2025:10:10:29 +0100] "GET /Jurek/pagmil/feeds/pagmil_cdon_dk.xml HTTP/1.1" 200 1706046 "-" "python-requests/2.32.3"
77.79.248.229 - - [14/Feb/2025:10:10:29 +0100] "GET /Jurek/pagmil/feeds/pagmil_cdon_fi.xml HTTP/1.1" 200 1705660 "-" "python-requests/2.32.3"
77.79.248.229 - - [14/Feb/2025:10:10:29 +0100] "GET /Jurek/targethome/feeds/targethome_cdon_se.xml HTTP/1.1" 200 683728 "-" "python-requests/2.32.3"
77.79.248.229 - - [14/Feb/2025:10:10:29 +0100] "GET /Jurek/targethome/feeds/targethome_cdon_dk.xml HTTP/1.1" 200 683690 "-" "python-requests/2.32.3"
77.79.248.229 - - [14/Feb/2025:10:10:29 +0100] "GET /Jurek/targethome/feeds/targethome_cdon_fi.xml HTTP/1.1" 200 683594 "-" "python-requests/2.32.3"
77.79.248.229 - - [14/Feb/2025:10:10:30 +0100] "GET /Jurek/eroplace/feeds/eroplace_cdon_se.xml HTTP/1.1" 200 30863248 "-" "python-requests/2.32.3"
77.79.248.229 - - [14/Feb/2025:10:10:30 +0100] "GET /Jurek/eroplace/feeds/eroplace_cdon_dk.xml HTTP/1.1" 200 30862085 "-" "python-requests/2.32.3"
77.79.248.229 - - [14/Feb/2025:10:10:31 +0100] "GET /Jurek/eroplace/feeds/eroplace_cdon_fi.xml HTTP/1.1" 200 30849391 "-" "python-requests/2.32.3"
77.79.248.229 - - [14/Feb/2025:10:10:31 +0100] "GET /Jurek/artdog/feeds/artdog_cdon_se.xml HTTP/1.1" 200 15938149 "-" "python-requests/2.32.3"
77.79.248.229 - - [14/Feb/2025:10:10:31 +0100] "GET /Jurek/artdog/feeds/artdog_cdon_dk.xml HTTP/1.1" 200 15937037 "-" "python-requests/2.32.3"
77.79.248.229 - - [14/Feb/2025:10:10:32 +0100] "GET /Jurek/artdog/feeds/artdog_cdon_fi.xml HTTP/1.1" 200 15930847 "-" "python-requests/2.32.3"
77.79.248.229 - - [14/Feb/2025:10:10:32 +0100] "GET /Jurek/sempler/feeds/sempler_cdon_se.xml HTTP/1.1" 200 6554501 "-" "python-requests/2.32.3"
77.79.248.229 - - [14/Feb/2025:10:10:32 +0100] "GET /Jurek/sempler/feeds/sempler_cdon_dk.xml HTTP/1.1" 200 6554402 "-" "python-requests/2.32.3"
77.79.248.229 - - [14/Feb/2025:10:10:32 +0100] "GET /Jurek/sempler/feeds/sempler_cdon_fi.xml HTTP/1.1" 200 6553237 "-" "python-requests/2.32.3"
77.79.248.229 - - [14/Feb/2025:10:10:32 +0100] "GET /Jurek/oromed/feeds/oromed_cdon_se.xml HTTP/1.1" 200 958219 "-" "python-requests/2.32.3"
77.79.248.229 - - [14/Feb/2025:10:10:32 +0100] "GET /Jurek/oromed/feeds/oromed_cdon_dk.xml HTTP/1.1" 200 958202 "-" "python-requests/2.32.3"
77.79.248.229 - - [14/Feb/2025:10:10:33 +0100] "GET /Jurek/oromed/feeds/oromed_cdon_fi.xml HTTP/1.1" 200 958046 "-" "python-requests/2.32.3"
77.79.248.229 - - [14/Feb/2025:10:10:33 +0100] "GET /Jurek/hurtmeblowy/feeds/hurtmeblowy_cdon_se.xml HTTP/1.1" 200 8040597 "-" "python-requests/2.32.3"
77.79.248.229 - - [14/Feb/2025:10:10:33 +0100] "GET /Jurek/hurtmeblowy/feeds/hurtmeblowy_cdon_dk.xml HTTP/1.1" 200 8039973 "-" "python-requests/2.32.3"
77.79.248.229 - - [14/Feb/2025:10:10:33 +0100] "GET /Jurek/hurtmeblowy/feeds/hurtmeblowy_cdon_fi.xml HTTP/1.1" 200 8038573 "-" "python-requests/2.32.3"
77.79.248.229 - - [14/Feb/2025:10:10:33 +0100] "GET /Jurek/narzbud/feeds/narzbud_cdon_se.xml HTTP/1.1" 200 1611259 "-" "python-requests/2.32.3"
77.79.248.229 - - [14/Feb/2025:10:10:33 +0100] "GET /Jurek/narzbud/feeds/narzbud_cdon_dk.xml HTTP/1.1" 200 1611260 "-" "python-requests/2.32.3"
77.79.248.229 - - [14/Feb/2025:10:10:33 +0100] "GET /Jurek/narzbud/feeds/narzbud_cdon_fi.xml HTTP/1.1" 200 1610522 "-" "python-requests/2.32.3"
77.79.248.229 - - [14/Feb/2025:10:10:33 +0100] "GET /Jurek/livinhill/feeds/livinhill_cdon_se.xml HTTP/1.1" 200 1453230 "-" "python-requests/2.32.3"
77.79.248.229 - - [14/Feb/2025:10:10:34 +0100] "GET /Jurek/livinhill/feeds/livinhill_cdon_dk.xml HTTP/1.1" 200 1453126 "-" "python-requests/2.32.3"
77.79.248.229 - - [14/Feb/2025:10:10:34 +0100] "GET /Jurek/livinhill/feeds/livinhill_cdon_fi.xml HTTP/1.1" 200 1452671 "-" "python-requests/2.32.3"
77.79.248.229 - - [14/Feb/2025:10:10:34 +0100] "GET /Jurek/ekuchcikowo/feeds/ekuchcikowo_cdon_se.xml HTTP/1.1" 200 12781684 "-" "python-requests/2.32.3"
77.79.248.229 - - [14/Feb/2025:10:10:34 +0100] "GET /Jurek/ekuchcikowo/feeds/ekuchcikowo_cdon_dk.xml HTTP/1.1" 200 12781437 "-" "python-requests/2.32.3"
77.79.248.229 - - [14/Feb/2025:10:10:34 +0100] "GET /Jurek/ekuchcikowo/feeds/ekuchcikowo_cdon_fi.xml HTTP/1.1" 200 12779178 "-" "python-requests/2.32.3"
77.79.248.229 - - [14/Feb/2025:10:10:34 +0100] "GET /Jurek/fertone/feeds/fertone_cdon_se.xml HTTP/1.1" 200 628854 "-" "python-requests/2.32.3"
77.79.248.229 - - [14/Feb/2025:10:10:34 +0100] "GET /Jurek/fertone/feeds/fertone_cdon_dk.xml HTTP/1.1" 200 628813 "-" "python-requests/2.32.3"
77.79.248.229 - - [14/Feb/2025:10:10:34 +0100] "GET /Jurek/fertone/feeds/fertone_cdon_fi.xml HTTP/1.1" 200 628348 "-" "python-requests/2.32.3"
77.79.248.229 - - [14/Feb/2025:10:10:35 +0100] "GET /Jurek/ekolight/feeds/ekolioght_cdon_se.xml HTTP/1.1" 200 9055529 "-" "python-requests/2.32.3"
77.79.248.229 - - [14/Feb/2025:10:10:35 +0100] "GET /Jurek/ekolight/feeds/ekolioght_cdon_dk.xml HTTP/1.1" 200 9054886 "-" "python-requests/2.32.3"
77.79.248.229 - - [14/Feb/2025:10:10:35 +0100] "GET /Jurek/ekolight/feeds/ekolioght_cdon_fi.xml HTTP/1.1" 200 9051709 "-" "python-requests/2.32.3"
77.79.248.229 - - [14/Feb/2025:10:10:35 +0100] "GET /Jurek/cbdgreen/feeds/cbdgreen_cdon_se.xml HTTP/1.1" 200 50241 "-" "python-requests/2.32.3"
77.79.248.229 - - [14/Feb/2025:10:10:35 +0100] "GET /Jurek/cbdgreen/feeds/cbdgreen_cdon_dk.xml HTTP/1.1" 200 50241 "-" "python-requests/2.32.3"
77.79.248.229 - - [14/Feb/2025:10:10:35 +0100] "GET /Jurek/cbdgreen/feeds/cbdgreen_cdon_fi.xml HTTP/1.1" 200 50232 "-" "python-requests/2.32.3"
77.79.248.229 - - [14/Feb/2025:10:10:35 +0100] "GET /Jurek/pawonik/feeds/pawonik_cdon_se.xml HTTP/1.1" 200 2534855 "-" "python-requests/2.32.3"
77.79.248.229 - - [14/Feb/2025:10:10:36 +0100] "GET /Jurek/pawonik/feeds/pawonik_cdon_dk.xml HTTP/1.1" 200 2534882 "-" "python-requests/2.32.3"
77.79.248.229 - - [14/Feb/2025:10:10:36 +0100] "GET /Jurek/pawonik/feeds/pawonik_cdon_fi.xml HTTP/1.1" 200 2534440 "-" "python-requests/2.32.3"
77.79.248.229 - - [14/Feb/2025:10:10:36 +0100] "GET /Jurek/mosti/feeds/mosti_cdon_se.xml HTTP/1.1" 200 9257278 "-" "python-requests/2.32.3"
77.79.248.229 - - [14/Feb/2025:10:10:36 +0100] "GET /Jurek/mosti/feeds/mosti_cdon_dk.xml HTTP/1.1" 200 9257158 "-" "python-requests/2.32.3"
77.79.248.229 - - [14/Feb/2025:10:10:37 +0100] "GET /Jurek/mosti/feeds/mosti_cdon_fi.xml HTTP/1.1" 200 9255709 "-" "python-requests/2.32.3"
77.79.248.229 - - [14/Feb/2025:10:10:37 +0100] "GET /Jurek/winoszarnia/feeds/winoszarnia_cdon_se.xml HTTP/1.1" 200 6132000 "-" "python-requests/2.32.3"
77.79.248.229 - - [14/Feb/2025:10:10:37 +0100] "GET /Jurek/winoszarnia/feeds/winoszarnia_cdon_dk.xml HTTP/1.1" 200 6131918 "-" "python-requests/2.32.3"
77.79.248.229 - - [14/Feb/2025:10:10:37 +0100] "GET /Jurek/winoszarnia/feeds/winoszarnia_cdon_fi.xml HTTP/1.1" 200 6130585 "-" "python-requests/2.32.3"
77.79.248.229 - - [14/Feb/2025:10:10:37 +0100] "GET /Jurek/bass_new/feeds/bass_cdon_se.xml HTTP/1.1" 200 7043212 "-" "python-requests/2.32.3"
85.232.241.194 - - [14/Feb/2025:10:10:37 +0100] "GET /Jurek/action/feeds/action_altex.xml HTTP/1.1" 200 55188464 "-" "Python-urllib/3.11"
85.232.241.194 - - [14/Feb/2025:10:10:37 +0100] "GET /Jurek/kinghoff/feeds/kinghoff_altex.xml HTTP/1.1" 200 14072450 "-" "Python-urllib/3.11"
77.79.248.229 - - [14/Feb/2025:10:10:37 +0100] "GET /Jurek/bass_new/feeds/bass_cdon_dk.xml HTTP/1.1" 200 7042959 "-" "python-requests/2.32.3"
77.79.248.229 - - [14/Feb/2025:10:10:38 +0100] "GET /Jurek/bass_new/feeds/bass_cdon_fi.xml HTTP/1.1" 200 7040989 "-" "python-requests/2.32.3"
66.249.66.66 - - [14/Feb/2025:10:10:48 +0100] "GET /Jurek/eurofirany/images/378441/4.jpg HTTP/1.1" 200 300474 "-" "Googlebot-Image/1.0"
85.232.241.194 - - [14/Feb/2025:10:12:03 +0100] "GET /Jurek/vida_morele/feeds/VidaPL_empik_gs.xml HTTP/1.1" 404 3551 "-" "Python-urllib/3.11"
85.232.241.194 - - [14/Feb/2025:10:12:03 +0100] "GET /Jurek/eurofirany/feeds/eurofirany_empik.xml HTTP/1.1" 200 18892840 "-" "Python-urllib/3.11"
45.86.3.161 - - [14/Feb/2025:10:12:04 +0100] "GET /Jurek/eurofirany/images/398639/2.jpg HTTP/2.0" 200 39258 "https://www.emag.ro/perdea-pregata-d91-adore-140x250-cm-rosu-eurofirany-398639/pd/DPQB8LMBM/" "Mozilla/5.0 (X11; Linux x86_64) AppleWebKit/537.36 (KHTML, like Gecko) Chrome/128.0.0.0 Safari/537.36"
45.86.3.161 - - [14/Feb/2025:10:12:04 +0100] "GET /Jurek/eurofirany/images/398639/1.jpg HTTP/2.0" 200 71589 "https://www.emag.ro/perdea-pregata-d91-adore-140x250-cm-rosu-eurofirany-398639/pd/DPQB8LMBM/" "Mozilla/5.0 (X11; Linux x86_64) AppleWebKit/537.36 (KHTML, like Gecko) Chrome/128.0.0.0 Safari/537.36"
45.86.3.161 - - [14/Feb/2025:10:12:04 +0100] "GET /Jurek/eurofirany/images/398639/3.jpg HTTP/2.0" 200 54206 "https://www.emag.ro/perdea-pregata-d91-adore-140x250-cm-rosu-eurofirany-398639/pd/DPQB8LMBM/" "Mozilla/5.0 (X11; Linux x86_64) AppleWebKit/537.36 (KHTML, like Gecko) Chrome/128.0.0.0 Safari/537.36"
45.86.3.161 - - [14/Feb/2025:10:12:04 +0100] "GET /Jurek/eurofirany/images/398639/4.jpg HTTP/2.0" 200 261975 "https://www.emag.ro/perdea-pregata-d91-adore-140x250-cm-rosu-eurofirany-398639/pd/DPQB8LMBM/" "Mozilla/5.0 (X11; Linux x86_64) AppleWebKit/537.36 (KHTML, like Gecko) Chrome/128.0.0.0 Safari/537.36"
45.86.3.161 - - [14/Feb/2025:10:12:04 +0100] "GET /Jurek/eurofirany/images/398639/5.jpg HTTP/2.0" 200 44630 "https://www.emag.ro/perdea-pregata-d91-adore-140x250-cm-rosu-eurofirany-398639/pd/DPQB8LMBM/" "Mozilla/5.0 (X11; Linux x86_64) AppleWebKit/537.36 (KHTML, like Gecko) Chrome/128.0.0.0 Safari/537.36"
45.86.3.161 - - [14/Feb/2025:10:12:05 +0100] "GET /Jurek/eurofirany/images/398639/6.jpg HTTP/2.0" 200 119282 "https://www.emag.ro/perdea-pregata-d91-adore-140x250-cm-rosu-eurofirany-398639/pd/DPQB8LMBM/" "Mozilla/5.0 (X11; Linux x86_64) AppleWebKit/537.36 (KHTML, like Gecko) Chrome/128.0.0.0 Safari/537.36"
45.86.3.161 - - [14/Feb/2025:10:12:05 +0100] "GET /Jurek/eurofirany/images/398639/8.jpg HTTP/2.0" 200 78193 "https://www.emag.ro/perdea-pregata-d91-adore-140x250-cm-rosu-eurofirany-398639/pd/DPQB8LMBM/" "Mozilla/5.0 (X11; Linux x86_64) AppleWebKit/537.36 (KHTML, like Gecko) Chrome/128.0.0.0 Safari/537.36"
45.86.3.161 - - [14/Feb/2025:10:12:05 +0100] "GET /Jurek/eurofirany/images/398639/7.jpg HTTP/2.0" 200 136752 "https://www.emag.ro/perdea-pregata-d91-adore-140x250-cm-rosu-eurofirany-398639/pd/DPQB8LMBM/" "Mozilla/5.0 (X11; Linux x86_64) AppleWebKit/537.36 (KHTML, like Gecko) Chrome/128.0.0.0 Safari/537.36"
45.86.3.161 - - [14/Feb/2025:10:12:05 +0100] "GET /Jurek/eurofirany/images/398639/9.jpg HTTP/2.0" 200 54769 "https://www.emag.ro/perdea-pregata-d91-adore-140x250-cm-rosu-eurofirany-398639/pd/DPQB8LMBM/" "Mozilla/5.0 (X11; Linux x86_64) AppleWebKit/537.36 (KHTML, like Gecko) Chrome/128.0.0.0 Safari/537.36"
85.232.241.194 - - [14/Feb/2025:10:12:07 +0100] "GET /Jurek/chemex/feeds/chemex_empik.xml HTTP/1.1" 200 47822490 "-" "Python-urllib/3.11"
66.249.66.68 - - [14/Feb/2025:10:12:18 +0100] "GET /Jurek/topeshop/downloaded_images/5904507201876_KUBABIURKOBRY%C5%81KAANTRACYTBOKOT.jpg HTTP/1.1" 404 3551 "-" "Googlebot-Image/1.0"
66.135.202.74 - - [14/Feb/2025:10:12:50 +0100] "GET /Jurek/topeshop/downloaded_images/5902838463246_rtv_szyba_.RGB_color.0004.png HTTP/1.1" 200 92102 "-" "Java/17.0.12.0.101"
89.161.206.59 - - [14/Feb/2025:10:13:23 +0100] "GET /Jurek/domzapachy/feeds/domzapachy_skroutz.xml HTTP/1.0" 200 179626 "-" "-"
185.6.76.18 - - [14/Feb/2025:10:13:45 +0100] "GET /marketplaces/skroutz/feeds/shumee.xml HTTP/1.1" 200 348272294 "-" "SkroutzBot v1.0"
77.79.248.229 - - [14/Feb/2025:10:14:12 +0100] "GET /Jurek/intsell/feeds/intsell_skroutz.xml HTTP/1.1" 200 206738516 "-" "Python-urllib/3.11"
77.79.248.229 - - [14/Feb/2025:10:14:13 +0100] "GET /Jurek/vida_morele/feeds/vidaPL_erli.xml HTTP/1.1" 200 694872488 "-" "Python-urllib/3.11"
193.33.8.61 - - [14/Feb/2025:10:14:51 +0100] "GET /Jurek/velinda/output.txt HTTP/2.0" 200 1435609 "https://konsola.dkkapusta1997.usermd.net/" "Mozilla/5.0 (Windows NT 10.0; Win64; x64) AppleWebKit/537.36 (KHTML, like Gecko) Chrome/132.0.0.0 Safari/537.36"
77.79.248.229 - - [14/Feb/2025:10:16:11 +0100] "GET /Jurek/vida_morele/feeds/vidaPL_erli.xml HTTP/1.1" 200 694872488 "-" "Python-urllib/3.11"
77.79.248.229 - - [14/Feb/2025:10:16:20 +0100] "GET /Jurek/intsell/feeds/intsell_skroutz.xml HTTP/1.1" 200 206738516 "-" "Python-urllib/3.11"
89.161.206.59 - - [14/Feb/2025:10:16:54 +0100] "GET /Jurek/benetech/feeds/benetech_ebay.xml HTTP/1.0" 200 2417310 "-" "-"
46.101.116.244 - - [14/Feb/2025:10:17:40 +0100] "GET /Filip/feeds/xlsx_ceneo.xml HTTP/1.0" 200 6241376 "-" "-"
51.77.52.107 - - [14/Feb/2025:10:17:41 +0100] "POST /Filip/Rovicky/baselinker/baselinker-ceneo-shumee.php HTTP/2.0" 200 106776 "-" "BaseLinker/1.0"
89.161.206.59 - - [14/Feb/2025:10:18:10 +0100] "GET /Jurek/sempler/feeds/sempler_ebay.xml HTTP/1.0" 200 9074802 "-" "-"
77.79.248.229 - - [14/Feb/2025:10:18:10 +0100] "GET /Jurek/vida_morele/feeds/vidaPL_erli.xml HTTP/1.1" 200 694872488 "-" "Python-urllib/3.11"
66.249.66.67 - - [14/Feb/2025:10:18:21 +0100] "GET /Jurek/eurofirany/images/367111/4.jpg HTTP/1.1" 200 116759 "-" "Googlebot-Image/1.0"
89.161.206.59 - - [14/Feb/2025:10:18:35 +0100] "GET /Jurek/eroplace/feeds/eroplace_ebay.xml HTTP/1.0" 200 22951385 "-" "-"
46.101.116.244 - - [14/Feb/2025:10:20:18 +0100] "GET /Jurek/action/feeds/action_mallhu.xml HTTP/1.1" 200 55246523 "-" "-"
46.101.116.244 - - [14/Feb/2025:10:20:52 +0100] "GET /Jurek/aw/feeds/aw_fnacfr.xml HTTP/1.0" 404 3551 "-" "-"
66.211.183.71 - - [14/Feb/2025:10:21:14 +0100] "GET /Jurek/topeshop/downloaded_images/5902838468838_DUOSONOMABRY%C5%81KABOKZM.jpg HTTP/1.1" 404 3551 "-" "scalaj-http/2.4.2"
66.249.66.68 - - [14/Feb/2025:10:21:23 +0100] "GET /Jurek/eurofirany/images/367114/5.jpg HTTP/1.1" 200 112085 "-" "Googlebot-Image/1.0"
46.101.116.244 - - [14/Feb/2025:10:21:43 +0100] "GET /Filip/feeds/xlsx_ceneo.xml HTTP/1.0" 200 6241376 "-" "-"
51.77.52.107 - - [14/Feb/2025:10:21:44 +0100] "POST /Filip/Rovicky/baselinker/baselinker-ceneo-shumee.php HTTP/2.0" 200 106776 "-" "BaseLinker/1.0"
77.79.248.229 - - [14/Feb/2025:10:21:47 +0100] "GET /Jurek/intsell/feeds/intsell_skroutz.xml HTTP/1.1" 200 206738516 "-" "Python-urllib/3.11"
66.249.66.66 - - [14/Feb/2025:10:22:53 +0100] "GET /Jurek/eurofirany/images/367114/2.jpg HTTP/1.1" 200 56699 "-" "Googlebot-Image/1.0"
66.211.183.74 - - [14/Feb/2025:10:22:57 +0100] "GET /Jurek/topeshop/downloaded_images/5904507201876_KUBABIURKOBRY%C5%81KAANTRACYTBOKZM.jpg HTTP/1.1" 404 3551 "-" "scalaj-http/2.4.2"
3.74.7.74 - - [14/Feb/2025:10:22:59 +0100] "GET /Jurek/eurofirany/images/431699/0.jpg HTTP/2.0" 200 149770 "-" "Mozilla/5.0 (Windows NT 10.0; Win64; x64) AppleWebKit/537.36 (KHTML, like Gecko) Chrome/109.0.0.0 Safari/537.36"
66.211.183.73 - - [14/Feb/2025:10:23:55 +0100] "GET /Jurek/topeshop/downloaded_images/5902838466681_3.png HTTP/1.1" 404 3551 "-" "scalaj-http/2.4.2"
77.79.248.229 - - [14/Feb/2025:10:24:30 +0100] "GET /Jurek/intsell/feeds/intsell_skroutz.xml HTTP/1.1" 200 206738516 "-" "Python-urllib/3.11"
193.33.8.61 - - [14/Feb/2025:10:24:43 +0100] "GET /Jurek/velinda/output.txt HTTP/2.0" 200 1476631 "https://konsola.dkkapusta1997.usermd.net/" "Mozilla/5.0 (Windows NT 10.0; Win64; x64) AppleWebKit/537.36 (KHTML, like Gecko) Chrome/132.0.0.0 Safari/537.36"
46.101.116.244 - - [14/Feb/2025:10:25:50 +0100] "GET /Jurek/aw/feeds/aw_fnacfr.xml HTTP/1.0" 404 3551 "-" "-"
89.161.206.59 - - [14/Feb/2025:10:26:30 +0100] "GET /Jurek/oromed/feeds/oromed_amazonnl.xml HTTP/1.0" 200 958041 "-" "-"
193.33.8.61 - - [14/Feb/2025:10:26:34 +0100] "GET /Jurek/topeshop/downloaded_images/5902838469477_nemo_szare.png HTTP/2.0" 200 486903 "-" "Mozilla/5.0 (Windows NT 10.0; Win64; x64) AppleWebKit/537.36 (KHTML, like Gecko) Chrome/132.0.0.0 Safari/537.36"
193.33.8.61 - - [14/Feb/2025:10:26:39 +0100] "GET /Jurek/topeshop/downloaded_images/5902838469477_FOTEL-OBROTOWY-KRZESLO-BIUROWE-NEMO-CZARNY-Marka-TopEshop.jpg HTTP/2.0" 200 109005 "-" "Mozilla/5.0 (Windows NT 10.0; Win64; x64) AppleWebKit/537.36 (KHTML, like Gecko) Chrome/132.0.0.0 Safari/537.36"
46.101.116.244 - - [14/Feb/2025:10:26:46 +0100] "GET /Filip/feeds/xlsx_ceneo.xml HTTP/1.0" 200 6241376 "-" "-"
51.77.52.107 - - [14/Feb/2025:10:26:47 +0100] "POST /Filip/Rovicky/baselinker/baselinker-ceneo-shumee.php HTTP/2.0" 200 106776 "-" "BaseLinker/1.0"
193.33.8.61 - - [14/Feb/2025:10:28:30 +0100] "GET /Jurek/action/feeds/action_xxxlutz.xml HTTP/2.0" 200 15744358 "https://konsola.dkkapusta1997.usermd.net/" "Mozilla/5.0 (Windows NT 10.0; Win64; x64) AppleWebKit/537.36 (KHTML, like Gecko) Chrome/132.0.0.0 Safari/537.36"
193.33.8.61 - - [14/Feb/2025:10:29:20 +0100] "GET /Jurek/b3/feeds/b3_xxxlutz.xml HTTP/2.0" 200 7297096 "https://konsola.dkkapusta1997.usermd.net/" "Mozilla/5.0 (Windows NT 10.0; Win64; x64) AppleWebKit/537.36 (KHTML, like Gecko) Chrome/132.0.0.0 Safari/537.36"
46.101.116.244 - - [14/Feb/2025:10:30:52 +0100] "GET /Jurek/aw/feeds/aw_fnacfr.xml HTTP/1.0" 404 3551 "-" "-"
5.134.208.158 - - [14/Feb/2025:10:31:05 +0100] "GET /Jurek/eurofirany/images/423235/0.jpg HTTP/1.1" 200 127706 "-" "-"
193.33.8.61 - - [14/Feb/2025:10:32:18 +0100] "GET /Jurek/aw/feeds/aw_xxxlutz.xml HTTP/2.0" 200 15736823 "https://konsola.dkkapusta1997.usermd.net/" "Mozilla/5.0 (Windows NT 10.0; Win64; x64) AppleWebKit/537.36 (KHTML, like Gecko) Chrome/132.0.0.0 Safari/537.36"
46.101.116.244 - - [14/Feb/2025:10:32:19 +0100] "GET /Filip/feeds/xlsx_ceneo.xml HTTP/1.0" 200 6241376 "-" "-"
51.77.52.107 - - [14/Feb/2025:10:32:20 +0100] "POST /Filip/Rovicky/baselinker/baselinker-ceneo-shumee.php HTTP/2.0" 200 106776 "-" "BaseLinker/1.0"
193.33.8.61 - - [14/Feb/2025:10:33:05 +0100] "GET /Jurek/unimet/feeds/unimet_xxxlutz.xml HTTP/2.0" 200 12591104 "https://konsola.dkkapusta1997.usermd.net/" "Mozilla/5.0 (Windows NT 10.0; Win64; x64) AppleWebKit/537.36 (KHTML, like Gecko) Chrome/132.0.0.0 Safari/537.36"
193.33.8.61 - - [14/Feb/2025:10:33:10 +0100] "GET /Jurek/velinda/output.txt HTTP/2.0" 200 1517653 "https://konsola.dkkapusta1997.usermd.net/" "Mozilla/5.0 (Windows NT 10.0; Win64; x64) AppleWebKit/537.36 (KHTML, like Gecko) Chrome/132.0.0.0 Safari/537.36"
52.18.22.0 - - [14/Feb/2025:10:33:25 +0100] "GET /marketplaces/worten2/results/worten.csv HTTP/1.1" 200 147218 "-" "Mirakl HttpClient"
77.79.248.229 - - [14/Feb/2025:10:36:40 +0100] "GET /Jurek/intsell/feeds/intsell_skroutz.xml HTTP/1.1" 200 206738516 "-" "Python-urllib/3.11"
193.33.8.61 - - [14/Feb/2025:10:38:05 +0100] "GET /Jurek/eany/styles.css HTTP/2.0" 304 0 "https://dkkapusta1997.usermd.net/Jurek/eany/" "Mozilla/5.0 (Windows NT 10.0; Win64; x64) AppleWebKit/537.36 (KHTML, like Gecko) Chrome/132.0.0.0 Safari/537.36"
193.33.8.61 - - [14/Feb/2025:10:38:05 +0100] "GET /Jurek/eany/script.js HTTP/2.0" 304 0 "https://dkkapusta1997.usermd.net/Jurek/eany/" "Mozilla/5.0 (Windows NT 10.0; Win64; x64) AppleWebKit/537.36 (KHTML, like Gecko) Chrome/132.0.0.0 Safari/537.36"
193.33.8.61 - - [14/Feb/2025:10:38:05 +0100] "GET /favicon.ico HTTP/2.0" 404 3551 "https://dkkapusta1997.usermd.net/Jurek/eany/" "Mozilla/5.0 (Windows NT 10.0; Win64; x64) AppleWebKit/537.36 (KHTML, like Gecko) Chrome/132.0.0.0 Safari/537.36"
193.33.8.61 - - [14/Feb/2025:10:38:11 +0100] "GET /Jurek/eany/data.csv HTTP/2.0" 200 25944227 "https://dkkapusta1997.usermd.net/Jurek/eany/" "Mozilla/5.0 (Windows NT 10.0; Win64; x64) AppleWebKit/537.36 (KHTML, like Gecko) Chrome/132.0.0.0 Safari/537.36"
46.101.116.244 - - [14/Feb/2025:10:38:24 +0100] "GET /Jurek/aw/feeds/aw_fnacfr.xml HTTP/1.0" 404 3551 "-" "-"
193.33.8.61 - - [14/Feb/2025:10:38:45 +0100] "GET /Jurek/kinghome/feeds/kinghome_xxxlutz.xml HTTP/2.0" 200 5762984 "https://konsola.dkkapusta1997.usermd.net/" "Mozilla/5.0 (Windows NT 10.0; Win64; x64) AppleWebKit/537.36 (KHTML, like Gecko) Chrome/132.0.0.0 Safari/537.36"
46.101.116.244 - - [14/Feb/2025:10:39:11 +0100] "GET /Filip/feeds/xlsx_ceneo.xml HTTP/1.0" 200 6241376 "-" "-"
51.77.52.107 - - [14/Feb/2025:10:39:11 +0100] "POST /Filip/Rovicky/baselinker/baselinker-ceneo-shumee.php HTTP/2.0" 200 106776 "-" "BaseLinker/1.0"
178.21.154.6 - - [14/Feb/2025:10:39:15 +0100] "GET /Jurek/eurofirany/images/420151/0.jpg HTTP/1.1" 200 148662 "-" "-"
193.33.8.61 - - [14/Feb/2025:10:39:39 +0100] "GET /Jurek/awparts/feeds/awparts_leroy.xml HTTP/2.0" 404 3551 "https://konsola.dkkapusta1997.usermd.net/" "Mozilla/5.0 (Windows NT 10.0; Win64; x64) AppleWebKit/537.36 (KHTML, like Gecko) Chrome/132.0.0.0 Safari/537.36"
193.33.8.61 - - [14/Feb/2025:10:40:30 +0100] "GET /Jurek/najtanszysport/feeds/najtanszysport_xxxlutz.xml HTTP/2.0" 200 3982849 "https://konsola.dkkapusta1997.usermd.net/" "Mozilla/5.0 (Windows NT 10.0; Win64; x64) AppleWebKit/537.36 (KHTML, like Gecko) Chrome/132.0.0.0 Safari/537.36"
46.101.116.244 - - [14/Feb/2025:10:40:33 +0100] "GET /Jurek/chemex/feeds/chemex_empik.xml HTTP/1.0" 200 47822490 "-" "-"
193.33.8.61 - - [14/Feb/2025:10:41:05 +0100] "GET /Jurek/kinghoff/feeds/kinghoff_xxxlutz.xml HTTP/2.0" 200 12591095 "https://konsola.dkkapusta1997.usermd.net/" "Mozilla/5.0 (Windows NT 10.0; Win64; x64) AppleWebKit/537.36 (KHTML, like Gecko) Chrome/132.0.0.0 Safari/537.36"
46.101.116.244 - - [14/Feb/2025:10:42:35 +0100] "GET /Jurek/aw/feeds/aw_fnacfr.xml HTTP/1.0" 404 3551 "-" "-"
89.161.206.59 - - [14/Feb/2025:10:43:02 +0100] "GET /Jurek/kambukka/feeds/kambukka_emagro.xml HTTP/1.0" 200 973388 "-" "-"
89.161.206.59 - - [14/Feb/2025:10:43:03 +0100] "GET /Jurek/amzteam/feeds/amzteam_emagro.xml HTTP/1.0" 200 97896 "-" "-"
89.161.206.59 - - [14/Feb/2025:10:43:03 +0100] "GET /Jurek/benetech/feeds/benetech_emagro.xml HTTP/1.0" 200 4452078 "-" "-"
89.161.206.59 - - [14/Feb/2025:10:43:03 +0100] "GET /Jurek/slayo/feeds/slayo_emagro.xml HTTP/1.0" 200 195547 "-" "-"
89.161.206.59 - - [14/Feb/2025:10:43:04 +0100] "GET /Jurek/hdwr/feeds/hdwr_emagro.xml HTTP/1.0" 200 777957 "-" "-"
89.161.206.59 - - [14/Feb/2025:10:43:04 +0100] "GET /Jurek/waks/feeds/waks_emagro.xml HTTP/1.0" 200 6334123 "-" "-"
89.161.206.59 - - [14/Feb/2025:10:43:06 +0100] "GET /Jurek/sempler/feeds/sempler_emagro.xml HTTP/1.0" 200 6553906 "-" "-"
89.161.206.59 - - [14/Feb/2025:10:43:07 +0100] "GET /Jurek/kinghoff/feeds/kinghoff_emagro.xml HTTP/1.0" 200 14071849 "-" "-"
89.161.206.59 - - [14/Feb/2025:10:43:08 +0100] "GET /Jurek/bass/feeds/bass_emagro.xml HTTP/1.0" 200 3986425 "-" "-"
89.161.206.59 - - [14/Feb/2025:10:43:08 +0100] "GET /Jurek/targethome/feeds/targethome_emagro.xml HTTP/1.0" 200 683652 "-" "-"
89.161.206.59 - - [14/Feb/2025:10:43:08 +0100] "GET /Jurek/pagmil/feeds/pagmil_emagro.xml HTTP/1.0" 200 1705708 "-" "-"
89.161.206.59 - - [14/Feb/2025:10:43:09 +0100] "GET /Jurek/oromed/feeds/oromed_emagro.xml HTTP/1.0" 200 958187 "-" "-"
89.161.206.59 - - [14/Feb/2025:10:43:09 +0100] "GET /Jurek/b3/feeds/b3_emagro.xml HTTP/1.0" 200 7298684 "-" "-"
89.161.206.59 - - [14/Feb/2025:10:43:10 +0100] "GET /Jurek/narzbud/feeds/narzbud_emagro.xml HTTP/1.0" 200 1610679 "-" "-"
89.161.206.59 - - [14/Feb/2025:10:43:10 +0100] "GET /Jurek/swiatecznygoliat/feeds/swiatecznygoliat_emagro.xml HTTP/1.0" 200 7050860 "-" "-"
89.161.206.59 - - [14/Feb/2025:10:43:11 +0100] "GET /Jurek/drops/feeds/dropsofficecolection_emagro.xml HTTP/1.0" 200 788161 "-" "-"
89.161.206.59 - - [14/Feb/2025:10:43:12 +0100] "GET /Jurek/szpaklampy/feeds/szpaklampy_emagro.xml HTTP/1.0" 200 416581 "-" "-"
89.161.206.59 - - [14/Feb/2025:10:43:12 +0100] "GET /Jurek/spali/feeds/spali_emagro.xml HTTP/1.0" 200 101965 "-" "-"
89.161.206.59 - - [14/Feb/2025:10:43:12 +0100] "GET /Jurek/combine/feeds/combine_EMAGRO.xml HTTP/1.0" 200 210571 "-" "-"
89.161.206.59 - - [14/Feb/2025:10:43:12 +0100] "GET /Jurek/velinda/feeds/velinda_emagro.xml HTTP/1.0" 200 4283084 "-" "-"
89.161.206.59 - - [14/Feb/2025:10:43:13 +0100] "GET /Jurek/urwiskowo/feeds/urwiskowo_emagro.xml HTTP/1.0" 200 9116300 "-" "-"
89.161.206.59 - - [14/Feb/2025:10:43:14 +0100] "GET /Jurek/reman/feeds/reman_emagro.xml HTTP/1.0" 200 1394906 "-" "-"
89.161.206.59 - - [14/Feb/2025:10:43:14 +0100] "GET /Jurek/edruk/feeds/edruk_emagro.xml HTTP/1.0" 200 13455233 "-" "-"
89.161.206.59 - - [14/Feb/2025:10:43:15 +0100] "GET /Jurek/erohurtownia/feeds/erohurtownia_emagro.xml HTTP/1.0" 200 23313988 "-" "-"
46.101.116.244 - - [14/Feb/2025:10:43:19 +0100] "GET /Filip/feeds/xlsx_ceneo.xml HTTP/1.0" 200 6241376 "-" "-"
51.77.52.107 - - [14/Feb/2025:10:43:19 +0100] "POST /Filip/Rovicky/baselinker/baselinker-ceneo-shumee.php HTTP/2.0" 200 106776 "-" "BaseLinker/1.0"
193.33.8.61 - - [14/Feb/2025:10:43:28 +0100] "GET /Jurek/asortymenteu/feeds/asortymenteu_xxxlutz.xml HTTP/2.0" 200 2516064 "https://konsola.dkkapusta1997.usermd.net/" "Mozilla/5.0 (Windows NT 10.0; Win64; x64) AppleWebKit/537.36 (KHTML, like Gecko) Chrome/132.0.0.0 Safari/537.36"
193.33.8.61 - - [14/Feb/2025:10:43:41 +0100] "GET /Jurek/topeshop/downloaded_images/5902838469033_3.jpg HTTP/2.0" 200 63710 "-" "Mozilla/5.0 (Windows NT 10.0; Win64; x64) AppleWebKit/537.36 (KHTML, like Gecko) Chrome/132.0.0.0 Safari/537.36"
193.33.8.61 - - [14/Feb/2025:10:43:47 +0100] "GET /Jurek/topeshop/downloaded_images/5902838469033_1.jpg HTTP/2.0" 200 68567 "-" "Mozilla/5.0 (Windows NT 10.0; Win64; x64) AppleWebKit/537.36 (KHTML, like Gecko) Chrome/132.0.0.0 Safari/537.36"
89.161.206.59 - - [14/Feb/2025:10:43:48 +0100] "GET /Jurek/cbdgreen/feeds/cbdgreen_emagro.xml HTTP/1.0" 200 50239 "-" "-"
89.161.206.59 - - [14/Feb/2025:10:43:51 +0100] "GET /Jurek/expertauto/feeds/expertauto_emagro.xml HTTP/1.0" 200 1159109 "-" "-"
178.21.154.6 - - [14/Feb/2025:10:44:08 +0100] "GET /Jurek/eurofirany/images/373798/0.jpg HTTP/1.1" 200 16503 "-" "-"
178.21.154.6 - - [14/Feb/2025:10:44:08 +0100] "GET /Jurek/eurofirany/images/428673/0.jpg HTTP/1.1" 200 89133 "-" "-"
178.21.154.6 - - [14/Feb/2025:10:44:08 +0100] "GET /Jurek/eurofirany/images/366700/0.jpg HTTP/1.1" 200 91544 "-" "-"
178.21.154.6 - - [14/Feb/2025:10:44:08 +0100] "GET /Jurek/eurofirany/images/389811/0.jpg HTTP/1.1" 200 94779 "-" "-"
178.21.154.6 - - [14/Feb/2025:10:44:08 +0100] "GET /Jurek/eurofirany/images/45592/0.jpg HTTP/1.1" 200 145409 "-" "-"
178.21.154.6 - - [14/Feb/2025:10:44:08 +0100] "GET /Jurek/eurofirany/images/372423/0.jpg HTTP/1.1" 200 108915 "-" "-"
178.21.154.6 - - [14/Feb/2025:10:44:08 +0100] "GET /Jurek/eurofirany/images/389970/0.jpg HTTP/1.1" 200 186061 "-" "-"
178.21.154.6 - - [14/Feb/2025:10:44:08 +0100] "GET /Jurek/eurofirany/images/389954/0.jpg HTTP/1.1" 200 160194 "-" "-"
178.21.154.6 - - [14/Feb/2025:10:44:08 +0100] "GET /Jurek/eurofirany/images/389957/0.jpg HTTP/1.1" 200 199278 "-" "-"
46.101.116.244 - - [14/Feb/2025:10:45:24 +0100] "GET /Jurek/kinghoff/feeds/kinghoff_allegro.xml HTTP/1.0" 200 14071713 "-" "-"
46.101.116.244 - - [14/Feb/2025:10:46:04 +0100] "GET /Jurek/aw/feeds/aw_fnacfr.xml HTTP/1.0" 404 3551 "-" "-"
46.101.116.244 - - [14/Feb/2025:10:46:51 +0100] "GET /Filip/feeds/xlsx_ceneo.xml HTTP/1.0" 200 6241376 "-" "-"
51.77.52.107 - - [14/Feb/2025:10:46:51 +0100] "POST /Filip/Rovicky/baselinker/baselinker-ceneo-shumee.php HTTP/2.0" 200 106776 "-" "BaseLinker/1.0"
193.33.8.61 - - [14/Feb/2025:10:47:23 +0100] "GET /Jurek/eurofirany/feeds/eurofirany_zero.xml HTTP/2.0" 200 18887204 "https://konsola.dkkapusta1997.usermd.net/" "Mozilla/5.0 (Windows NT 10.0; Win64; x64) AppleWebKit/537.36 (KHTML, like Gecko) Chrome/132.0.0.0 Safari/537.36"
77.79.248.229 - - [14/Feb/2025:10:47:29 +0100] "GET /Jurek/eurofirany/feeds/eurofirany_zero.xml HTTP/1.1" 200 18887204 "-" "Python-urllib/3.11"
193.33.8.61 - - [14/Feb/2025:10:47:30 +0100] "GET /Jurek/naszedzieci/feeds/naszedzieci_leroy.xml HTTP/2.0" 404 3551 "https://konsola.dkkapusta1997.usermd.net/" "Mozilla/5.0 (Windows NT 10.0; Win64; x64) AppleWebKit/537.36 (KHTML, like Gecko) Chrome/132.0.0.0 Safari/537.36"
66.249.66.67 - - [14/Feb/2025:10:48:36 +0100] "GET /Jurek/eurofirany/images/397112/3.jpg HTTP/1.1" 200 62457 "-" "Googlebot-Image/1.0"
89.161.206.59 - - [14/Feb/2025:10:50:37 +0100] "GET /Jurek/slayo/feeds/slayo_skroutz.xml HTTP/1.0" 200 195530 "-" "-"
46.101.116.244 - - [14/Feb/2025:10:51:02 +0100] "GET /Jurek/aw/feeds/aw_fnacfr.xml HTTP/1.0" 404 3551 "-" "-"
89.161.206.59 - - [14/Feb/2025:10:51:10 +0100] "GET /Jurek/hurtmeblowy/feeds/hurtmeblowy_skroutz.xml HTTP/1.0" 200 8038512 "-" "-"
85.232.241.194 - - [14/Feb/2025:10:51:16 +0100] "GET /Jurek/topeshop/feeds/topeshop_xxxlutz.xml HTTP/1.1" 200 2403215 "-" "Python-urllib/3.11"
85.232.241.194 - - [14/Feb/2025:10:51:16 +0100] "GET /Jurek/hurtownia_przemyslowa/feeds/hp_xxxlutz.xml HTTP/1.1" 200 49866487 "-" "Python-urllib/3.11"
85.232.241.194 - - [14/Feb/2025:10:51:16 +0100] "GET /Jurek/fernity/feeds/fernity_xxxlutz.xml HTTP/1.1" 200 5089720 "-" "Python-urllib/3.11"
85.232.241.194 - - [14/Feb/2025:10:51:21 +0100] "GET /Jurek/benetech/feeds/benetech_xxlutz.xml HTTP/1.1" 200 4451792 "-" "Python-urllib/3.11"
85.232.241.194 - - [14/Feb/2025:10:51:21 +0100] "GET /Jurek/ekolight/feeds/ekolioght_xxlutz.xml HTTP/1.1" 200 9051466 "-" "Python-urllib/3.11"
85.232.241.194 - - [14/Feb/2025:10:51:22 +0100] "GET /Jurek/waks/feeds/waks_xxlutz.xml HTTP/1.1" 200 6332890 "-" "Python-urllib/3.11"
85.232.241.194 - - [14/Feb/2025:10:51:27 +0100] "GET /Jurek/ekuchcikowo/feeds/ekuchcikowo_xxxlutz.xml HTTP/1.1" 200 12778861 "-" "Python-urllib/3.11"
85.232.241.194 - - [14/Feb/2025:10:51:27 +0100] "GET /Jurek/fertone/feeds/fertone_xxlutz.xml HTTP/1.1" 200 628325 "-" "Python-urllib/3.11"
85.232.241.194 - - [14/Feb/2025:10:51:33 +0100] "GET /Jurek/intsell/feeds/intsell_xxxlutz.xml HTTP/1.1" 200 338785556 "-" "Python-urllib/3.11"
85.232.241.194 - - [14/Feb/2025:10:51:38 +0100] "GET /Jurek/action/feeds/action_xxxlutz.xml HTTP/1.1" 200 55167252 "-" "Python-urllib/3.11"
85.232.241.194 - - [14/Feb/2025:10:51:38 +0100] "GET /Jurek/b3/feeds/b3_xxxlutz.xml HTTP/1.1" 200 7297046 "-" "Python-urllib/3.11"
85.232.241.194 - - [14/Feb/2025:10:51:39 +0100] "GET /Jurek/aw/feeds/aw_xxxlutz.xml HTTP/1.1" 200 90264567 "-" "Python-urllib/3.11"
85.232.241.194 - - [14/Feb/2025:10:52:34 +0100] "GET /Jurek/kinghome/feeds/kinghome_xxxlutz.xml HTTP/1.1" 200 5762984 "-" "Python-urllib/3.11"
89.161.206.59 - - [14/Feb/2025:10:52:35 +0100] "GET /Jurek/madrex/feeds/madrex_skroutz.xml HTTP/1.0" 200 466725 "-" "-"
85.232.241.194 - - [14/Feb/2025:10:53:04 +0100] "GET /Jurek/najtanszysport/feeds/najtanszysport_xxxlutz.xml HTTP/1.1" 200 3982849 "-" "Python-urllib/3.11"
85.232.241.194 - - [14/Feb/2025:10:53:04 +0100] "GET /Jurek/kinghoff/feeds/kinghoff_xxxlutz.xml HTTP/1.1" 200 14070207 "-" "Python-urllib/3.11"
46.101.116.244 - - [14/Feb/2025:10:53:09 +0100] "GET /Jurek/vida_morele/feeds/vidaPL_velomarket.xml HTTP/1.0" 200 694904831 "-" "-"
66.135.202.169 - - [14/Feb/2025:10:53:24 +0100] "GET /Jurek/topeshop/downloaded_images/5902838461273_I_RTV-140-MALWA_2_S.jpg HTTP/1.1" 200 131398 "http://www.ebay.com/" "Mozilla/4.0 (compatible; MSIE 4.01; Windows NT)"
66.135.202.171 - - [14/Feb/2025:10:53:24 +0100] "GET /Jurek/topeshop/downloaded_images/5902838461273_3.png HTTP/1.1" 404 3551 "http://www.ebay.com/" "Mozilla/4.0 (compatible; MSIE 4.01; Windows NT)"
66.135.202.170 - - [14/Feb/2025:10:53:24 +0100] "GET /Jurek/topeshop/downloaded_images/5902838461273_2.png HTTP/1.1" 404 3551 "http://www.ebay.com/" "Mozilla/4.0 (compatible; MSIE 4.01; Windows NT)"
66.135.202.173 - - [14/Feb/2025:10:53:24 +0100] "GET /Jurek/topeshop/downloaded_images/5902838461273_Sonoma_Rtv.jpg HTTP/1.1" 404 3551 "http://www.ebay.com/" "Mozilla/4.0 (compatible; MSIE 4.01; Windows NT)"
66.135.202.171 - - [14/Feb/2025:10:53:25 +0100] "GET /Jurek/topeshop/downloaded_images/5902838461273_I_RTV-140-MALWA_S.jpg HTTP/1.1" 200 141531 "http://www.ebay.com/" "Mozilla/4.0 (compatible; MSIE 4.01; Windows NT)"
66.135.202.170 - - [14/Feb/2025:10:53:25 +0100] "GET /Jurek/topeshop/downloaded_images/5902838461273_I_RTV-140-MALWA_o_S.jpg HTTP/1.1" 200 140612 "http://www.ebay.com/" "Mozilla/4.0 (compatible; MSIE 4.01; Windows NT)"
66.135.202.173 - - [14/Feb/2025:10:53:25 +0100] "GET /Jurek/topeshop/downloaded_images/5902838461273_ar2_ss_.RGB_color.0003.jpg HTTP/1.1" 200 137343 "http://www.ebay.com/" "Mozilla/4.0 (compatible; MSIE 4.01; Windows NT)"
46.101.116.244 - - [14/Feb/2025:10:53:29 +0100] "GET /Jurek/vida_morele/feeds/vidaPL_velomarket_category5.xml HTTP/1.0" 200 76354246 "-" "-"
85.232.241.194 - - [14/Feb/2025:10:53:35 +0100] "GET /Jurek/asortymenteu/feeds/asortymenteu_xxxlutz.xml HTTP/1.1" 200 2516064 "-" "Python-urllib/3.11"
89.161.206.59 - - [14/Feb/2025:10:54:09 +0100] "GET /Jurek/artdog/feeds/artdog_allegro.xml HTTP/1.0" 200 15933135 "-" "-"
85.232.241.194 - - [14/Feb/2025:10:54:17 +0100] "GET /Jurek/topeshop/feeds/topeshop_xxxlutz.xml HTTP/1.1" 200 2403215 "-" "Python-urllib/3.11"
46.101.116.244 - - [14/Feb/2025:10:54:17 +0100] "GET /Jurek/vida_morele/feeds/vidaPL_velomarket_category0.xml HTTP/1.0" 200 137912321 "-" "-"
85.232.241.194 - - [14/Feb/2025:10:54:22 +0100] "GET /Jurek/hurtownia_przemyslowa/feeds/hp_xxxlutz.xml HTTP/1.1" 200 49866487 "-" "Python-urllib/3.11"
85.232.241.194 - - [14/Feb/2025:10:54:22 +0100] "GET /Jurek/fernity/feeds/fernity_xxxlutz.xml HTTP/1.1" 200 5089720 "-" "Python-urllib/3.11"
85.232.241.194 - - [14/Feb/2025:10:54:29 +0100] "GET /Jurek/benetech/feeds/benetech_xxlutz.xml HTTP/1.1" 200 4451792 "-" "Python-urllib/3.11"
85.232.241.194 - - [14/Feb/2025:10:54:29 +0100] "GET /Jurek/ekolight/feeds/ekolioght_xxlutz.xml HTTP/1.1" 200 9051466 "-" "Python-urllib/3.11"
85.232.241.194 - - [14/Feb/2025:10:54:29 +0100] "GET /Jurek/waks/feeds/waks_xxlutz.xml HTTP/1.1" 200 6332890 "-" "Python-urllib/3.11"
85.232.241.194 - - [14/Feb/2025:10:54:34 +0100] "GET /Jurek/ekuchcikowo/feeds/ekuchcikowo_xxxlutz.xml HTTP/1.1" 200 12778861 "-" "Python-urllib/3.11"
85.232.241.194 - - [14/Feb/2025:10:54:34 +0100] "GET /Jurek/fertone/feeds/fertone_xxlutz.xml HTTP/1.1" 200 628325 "-" "Python-urllib/3.11"
193.33.8.61 - - [14/Feb/2025:10:54:39 +0100] "GET /favicon.ico HTTP/2.0" 404 3551 "https://dkkapusta1997.usermd.net/Jurek/eany/" "Mozilla/5.0 (Windows NT 10.0; Win64; x64) AppleWebKit/537.36 (KHTML, like Gecko) Chrome/132.0.0.0 Safari/537.36"
85.232.241.194 - - [14/Feb/2025:10:54:41 +0100] "GET /Jurek/intsell/feeds/intsell_xxxlutz.xml HTTP/1.1" 200 338785556 "-" "Python-urllib/3.11"
193.33.8.61 - - [14/Feb/2025:10:54:44 +0100] "GET /Jurek/eany/data.csv HTTP/2.0" 200 25944227 "https://dkkapusta1997.usermd.net/Jurek/eany/" "Mozilla/5.0 (Windows NT 10.0; Win64; x64) AppleWebKit/537.36 (KHTML, like Gecko) Chrome/132.0.0.0 Safari/537.36"
85.232.241.194 - - [14/Feb/2025:10:54:46 +0100] "GET /Jurek/action/feeds/action_xxxlutz.xml HTTP/1.1" 200 55167252 "-" "Python-urllib/3.11"
85.232.241.194 - - [14/Feb/2025:10:54:47 +0100] "GET /Jurek/b3/feeds/b3_xxxlutz.xml HTTP/1.1" 200 7297046 "-" "Python-urllib/3.11"
85.232.241.194 - - [14/Feb/2025:10:54:53 +0100] "GET /Jurek/aw/feeds/aw_xxxlutz.xml HTTP/1.1" 200 90264567 "-" "Python-urllib/3.11"
46.101.116.244 - - [14/Feb/2025:10:55:48 +0100] "GET /Jurek/vida_morele/feeds/vidaPL_velomarket_category1.xml HTTP/1.0" 200 176544794 "-" "-"
85.232.241.194 - - [14/Feb/2025:10:55:52 +0100] "GET /Jurek/kinghome/feeds/kinghome_xxxlutz.xml HTTP/1.1" 200 5762990 "-" "Python-urllib/3.11"
85.232.241.194 - - [14/Feb/2025:10:56:04 +0100] "GET /Jurek/najtanszysport/feeds/najtanszysport_xxxlutz.xml HTTP/1.1" 200 3982849 "-" "Python-urllib/3.11"
85.232.241.194 - - [14/Feb/2025:10:56:04 +0100] "GET /Jurek/kinghoff/feeds/kinghoff_xxxlutz.xml HTTP/1.1" 200 14070207 "-" "Python-urllib/3.11"
89.161.206.59 - - [14/Feb/2025:10:56:23 +0100] "GET /Jurek/najtanszysport/feeds/najtanszysport_skroutz.xml HTTP/1.0" 200 3983242 "-" "-"
193.33.8.61 - - [14/Feb/2025:10:56:32 +0100] "GET /Jurek/intsell/feeds/intsell_skroutz.xml HTTP/2.0" 206 1 "-" "Mozilla/5.0 (Windows NT 10.0; Win64; x64) AppleWebKit/537.36 (KHTML, like Gecko) Chrome/132.0.0.0 Safari/537.36"
46.101.116.244 - - [14/Feb/2025:10:56:32 +0100] "GET /Jurek/eurofirany/feeds/eurofirany_velomarket.xml HTTP/1.0" 200 18892711 "-" "-"
85.232.241.194 - - [14/Feb/2025:10:56:40 +0100] "GET /Jurek/asortymenteu/feeds/asortymenteu_xxxlutz.xml HTTP/1.1" 200 2516064 "-" "Python-urllib/3.11"
46.101.116.244 - - [14/Feb/2025:10:56:48 +0100] "GET /Jurek/fernity/feeds/fernity_velomarket.xml HTTP/1.0" 200 5090792 "-" "-"
193.33.8.61 - - [14/Feb/2025:10:57:08 +0100] "GET /Jurek/intsell/feeds/intsell_skroutz.xml HTTP/2.0" 206 201168316 "-" "Mozilla/5.0 (Windows NT 10.0; Win64; x64) AppleWebKit/537.36 (KHTML, like Gecko) Chrome/132.0.0.0 Safari/537.36"
46.101.116.244 - - [14/Feb/2025:10:57:41 +0100] "GET /Jurek/eurofirany/feeds/eurofirany_ceneo.xml HTTP/1.0" 200 18895032 "-" "-"
77.79.248.229 - - [14/Feb/2025:10:58:01 +0100] "GET /Jurek/eurofirany/feeds/eurofirany_manomanode.xml HTTP/1.1" 200 18891217 "-" "Python-urllib/3.11"
77.79.248.229 - - [14/Feb/2025:10:58:03 +0100] "GET /Jurek/hurtownia_przemyslowa/feeds/hp_manomanode.xml HTTP/1.1" 200 49866699 "-" "Python-urllib/3.11"
77.79.248.229 - - [14/Feb/2025:10:58:03 +0100] "GET /Jurek/topeshop/feeds/topeshop_manoDE.xml HTTP/1.1" 200 2403196 "-" "Python-urllib/3.11"
77.79.248.229 - - [14/Feb/2025:10:58:05 +0100] "GET /Jurek/aw/feeds/awnarzedzia_manomanoDE.xml HTTP/1.1" 200 90261018 "-" "Python-urllib/3.11"
77.79.248.229 - - [14/Feb/2025:10:58:05 +0100] "GET /Jurek/action/feeds/action_manomano_DE.xml HTTP/1.1" 200 55165826 "-" "Python-urllib/3.11"
77.79.248.229 - - [14/Feb/2025:10:58:06 +0100] "GET /Jurek/fernity/feeds/fernity_manomano.xml HTTP/1.1" 200 5089752 "-" "Python-urllib/3.11"
77.79.248.229 - - [14/Feb/2025:10:58:06 +0100] "GET /Jurek/eurofirany/feeds/eurofirany_manomanofr.xml HTTP/1.1" 200 18891578 "-" "Python-urllib/3.11"
77.79.248.229 - - [14/Feb/2025:10:58:07 +0100] "GET /Jurek/hurtownia_przemyslowa/feeds/hp_manomanofr.xml HTTP/1.1" 200 49867549 "-" "Python-urllib/3.11"
77.79.248.229 - - [14/Feb/2025:10:58:08 +0100] "GET /Jurek/kinghome/feeds/kinghome_manomanofr.xml HTTP/1.1" 200 5763012 "-" "Python-urllib/3.11"
77.79.248.229 - - [14/Feb/2025:10:58:08 +0100] "GET /Jurek/topeshop/feeds/topeshop_manoFR.xml HTTP/1.1" 200 2403340 "-" "Python-urllib/3.11"
77.79.248.229 - - [14/Feb/2025:10:58:09 +0100] "GET /Jurek/activeshop/feeds/activeshop_manomanofr.xml HTTP/1.1" 200 10507742 "-" "Python-urllib/3.11"
77.79.248.229 - - [14/Feb/2025:10:58:10 +0100] "GET /Jurek/aw/feeds/awnarzedzia_manomanofr.xml HTTP/1.1" 200 90262878 "-" "Python-urllib/3.11"
77.79.248.229 - - [14/Feb/2025:10:58:12 +0100] "GET /Jurek/hurtownia_przemyslowa/feeds/hp_manomanoit.xml HTTP/1.1" 200 49867704 "-" "Python-urllib/3.11"
77.79.248.229 - - [14/Feb/2025:10:58:12 +0100] "GET /Jurek/eurofirany/feeds/eurofirany_manomanoit.xml HTTP/1.1" 200 18891745 "-" "Python-urllib/3.11"
77.79.248.229 - - [14/Feb/2025:10:58:13 +0100] "GET /Jurek/fernity/feeds/fernity_manoIT.xml HTTP/1.1" 200 5090294 "-" "Python-urllib/3.11"
77.79.248.229 - - [14/Feb/2025:10:58:13 +0100] "GET /Jurek/topeshop/feeds/topeshop_manoIT.xml HTTP/1.1" 200 2403343 "-" "Python-urllib/3.11"
77.79.248.229 - - [14/Feb/2025:10:58:14 +0100] "GET /Jurek/action/feeds/action_manomano_IT.xml HTTP/1.1" 200 55166952 "-" "Python-urllib/3.11"
77.79.248.229 - - [14/Feb/2025:10:58:15 +0100] "GET /Jurek/activeshop/feeds/activeshop_manomanoit.xml HTTP/1.1" 200 10507870 "-" "Python-urllib/3.11"
77.79.248.229 - - [14/Feb/2025:10:58:16 +0100] "GET /Jurek/aw/feeds/awnarzedzia_manomanoIT.xml HTTP/1.1" 200 90263501 "-" "Python-urllib/3.11"
77.79.248.229 - - [14/Feb/2025:10:58:17 +0100] "GET /Jurek/barbecook/feeds/barbecook_manoit.xml HTTP/1.1" 200 87530 "-" "Python-urllib/3.11"
193.33.8.61 - - [14/Feb/2025:10:58:18 +0100] "GET /Jurek/topeshop/downloaded_images/5902838469484_7.jpg HTTP/2.0" 200 64531 "-" "Mozilla/5.0 (Windows NT 10.0; Win64; x64) AppleWebKit/537.36 (KHTML, like Gecko) Chrome/132.0.0.0 Safari/537.36"
193.33.8.61 - - [14/Feb/2025:10:58:23 +0100] "GET /Jurek/topeshop/downloaded_images/5902838469484_3.jpg HTTP/2.0" 200 65085 "-" "Mozilla/5.0 (Windows NT 10.0; Win64; x64) AppleWebKit/537.36 (KHTML, like Gecko) Chrome/132.0.0.0 Safari/537.36"
89.161.206.59 - - [14/Feb/2025:10:58:40 +0100] "GET /Jurek/qbox/feeds/qbox_emagro.xml HTTP/1.0" 200 398875 "-" "-"
89.161.206.59 - - [14/Feb/2025:10:58:41 +0100] "GET /Jurek/ekotex/feeds/ekotex_emagro.xml HTTP/1.0" 200 197942 "-" "-"
89.161.206.59 - - [14/Feb/2025:10:58:41 +0100] "GET /Jurek/aiofactory/feeds/aiofactory_emagro.xml HTTP/1.0" 200 2078450 "-" "-"
89.161.206.59 - - [14/Feb/2025:10:58:41 +0100] "GET /Jurek/twojsklep/feeds/twojsklep_emagro.xml HTTP/1.0" 200 126790 "-" "-"
89.161.206.59 - - [14/Feb/2025:10:58:41 +0100] "GET /Jurek/domzapachy/feeds/domzapachy_emagro.xml HTTP/1.0" 200 179626 "-" "-"
89.161.206.59 - - [14/Feb/2025:10:58:42 +0100] "GET /Jurek/drewdon/feeds/drewdon_emagro.xml HTTP/1.0" 200 504543 "-" "-"
89.161.206.59 - - [14/Feb/2025:10:58:43 +0100] "GET /Jurek/primohurt/feeds/primohurt_emagro.xml HTTP/1.0" 200 17191603 "-" "-"
89.161.206.59 - - [14/Feb/2025:10:59:20 +0100] "GET /Jurek/drops/feeds/dropsofficecolection_allegro.xml HTTP/1.0" 200 788105 "-" "-"
66.211.183.74 - - [14/Feb/2025:10:59:52 +0100] "GET /Jurek/topeshop/downloaded_images/5904507201883_MIJASBIURKOBRY%C5%81KAANTRACYTPRAWEBOKZM.jpg HTTP/1.1" 404 3551 "-" "scalaj-http/2.4.2"
85.14.86.141 - - [14/Feb/2025:11:00:34 +0100] "GET /Jurek/vida_morele/feeds/VidaPL_all.xml HTTP/2.0" 200 694899830 "-" "MarketplaceAPI curl/7.64.0 PHP/8"
52.17.80.36 - - [14/Feb/2025:11:00:42 +0100] "GET /marketplaces/ubaldi/results/ubaldi.csv HTTP/1.1" 200 147219 "-" "Mirakl HttpClient"
52.18.22.0 - - [14/Feb/2025:11:02:09 +0100] "GET /marketplaces/rue/results/rue.csv HTTP/1.1" 200 147219 "-" "Mirakl HttpClient"
89.161.206.59 - - [14/Feb/2025:11:02:39 +0100] "GET /Jurek/pawonik/feeds/pawonik_skroutz.xml HTTP/1.0" 200 2534405 "-" "-"
89.161.206.59 - - [14/Feb/2025:11:02:39 +0100] "GET /Jurek/amzteam/feeds/amzteam_skroutz.xml HTTP/1.0" 200 95911 "-" "-"
89.161.206.59 - - [14/Feb/2025:11:02:40 +0100] "GET /Jurek/mosti/feeds/mosti_skroutz.xml HTTP/1.0" 200 9255777 "-" "-"
89.161.206.59 - - [14/Feb/2025:11:02:44 +0100] "GET /Jurek/swiatecznygoliat/feeds/swiatecznygoliat_skroutz.xml HTTP/1.0" 200 7050334 "-" "-"
89.161.206.59 - - [14/Feb/2025:11:02:45 +0100] "GET /Jurek/artdog/feeds/artdog_skroutz.xml HTTP/1.0" 200 15928420 "-" "-"
85.14.86.141 - - [14/Feb/2025:11:03:03 +0100] "GET /Jurek/kinghoff/feeds/kinghoff_morele.xml HTTP/2.0" 200 14070822 "-" "MarketplaceAPI curl/7.64.0 PHP/8"
89.161.206.59 - - [14/Feb/2025:11:03:53 +0100] "GET /Jurek/bass/feeds/bass_amazonfr.xml HTTP/1.0" 200 3985226 "-" "-"
46.101.116.244 - - [14/Feb/2025:11:04:12 +0100] "GET /Jurek/intsell/feeds/intsell_skroutz.xml HTTP/1.0" 200 206738516 "-" "-"
85.232.241.194 - - [14/Feb/2025:11:04:22 +0100] "GET /Jurek/aw/feeds/aw_worten.xml HTTP/1.1" 200 90264299 "-" "Python-urllib/3.11"
