46.101.116.244 - - [14/Feb/2025:07:28:45 +0100] "GET /Filip/feeds/xlsx_ceneo.xml HTTP/1.0" 200 6241376 "-" "-"
51.77.52.107 - - [14/Feb/2025:07:28:45 +0100] "POST /Filip/Rovicky/baselinker/baselinker-ceneo-shumee.php HTTP/2.0" 200 106776 "-" "BaseLinker/1.0"
178.21.154.6 - - [14/Feb/2025:07:29:47 +0100] "GET /Jurek/eurofirany/images/415419/0.jpg HTTP/1.1" 200 139224 "-" "-"
46.101.116.244 - - [14/Feb/2025:07:30:48 +0100] "GET /Jurek/aw/feeds/aw_fnacfr.xml HTTP/1.0" 404 3551 "-" "-"
66.211.183.70 - - [14/Feb/2025:07:30:57 +0100] "GET /Jurek/topeshop/downloaded_images/5902838461266_2.png HTTP/1.1" 404 3551 "-" "scalaj-http/2.4.2"
89.161.206.59 - - [14/Feb/2025:07:32:48 +0100] "GET /Jurek/kambukka/feeds/kambukka_allegro.xml HTTP/1.0" 200 973377 "-" "-"
89.161.206.59 - - [14/Feb/2025:07:32:49 +0100] "GET /Jurek/combine/feeds/combine_allegro.xml HTTP/1.0" 200 210566 "-" "-"
89.161.206.59 - - [14/Feb/2025:07:32:49 +0100] "GET /Jurek/spali/feeds/spali_allegro.xml HTTP/1.0" 200 101958 "-" "-"
46.101.116.244 - - [14/Feb/2025:07:33:37 +0100] "GET /Filip/feeds/xlsx_ceneo.xml HTTP/1.0" 200 6241376 "-" "-"
51.77.52.107 - - [14/Feb/2025:07:33:37 +0100] "POST /Filip/Rovicky/baselinker/baselinker-ceneo-shumee.php HTTP/2.0" 200 106776 "-" "BaseLinker/1.0"
52.18.22.0 - - [14/Feb/2025:07:34:21 +0100] "GET /marketplaces/worten2/results/worten.csv HTTP/1.1" 200 16110530 "-" "Mirakl HttpClient"
66.135.195.19 - - [14/Feb/2025:07:37:14 +0100] "GET /Jurek/topeshop/downloaded_images/5902838466681_3.png HTTP/1.1" 404 3551 "http://www.ebay.com/" "Mozilla/4.0 (compatible; MSIE 4.01; Windows NT)"
66.135.195.17 - - [14/Feb/2025:07:37:14 +0100] "GET /Jurek/topeshop/downloaded_images/5902838466681_1.png HTTP/1.1" 404 3551 "http://www.ebay.com/" "Mozilla/4.0 (compatible; MSIE 4.01; Windows NT)"
66.135.195.18 - - [14/Feb/2025:07:37:14 +0100] "GET /Jurek/topeshop/downloaded_images/5902838466681_2.png HTTP/1.1" 404 3551 "http://www.ebay.com/" "Mozilla/4.0 (compatible; MSIE 4.01; Windows NT)"
66.135.195.18 - - [14/Feb/2025:07:37:14 +0100] "GET /Jurek/topeshop/downloaded_images/5902838466681_20st_1.png HTTP/1.1" 404 3551 "http://www.ebay.com/" "Mozilla/4.0 (compatible; MSIE 4.01; Windows NT)"
66.135.195.16 - - [14/Feb/2025:07:37:14 +0100] "GET /Jurek/topeshop/downloaded_images/5902838466681_4.png HTTP/1.1" 404 3551 "http://www.ebay.com/" "Mozilla/4.0 (compatible; MSIE 4.01; Windows NT)"
66.135.195.19 - - [14/Feb/2025:07:37:14 +0100] "GET /Jurek/topeshop/downloaded_images/5902838466681_I_RTV-140-MALWA_o_A.jpg HTTP/1.1" 200 138461 "http://www.ebay.com/" "Mozilla/4.0 (compatible; MSIE 4.01; Windows NT)"
66.135.195.17 - - [14/Feb/2025:07:37:14 +0100] "GET /Jurek/topeshop/downloaded_images/5902838466681_I_RTV-140-MALWA_A.jpg HTTP/1.1" 200 139285 "http://www.ebay.com/" "Mozilla/4.0 (compatible; MSIE 4.01; Windows NT)"
66.135.195.18 - - [14/Feb/2025:07:37:14 +0100] "GET /Jurek/topeshop/downloaded_images/5902838466681_Artisan_Rtv.jpg HTTP/1.1" 404 3551 "http://www.ebay.com/" "Mozilla/4.0 (compatible; MSIE 4.01; Windows NT)"
66.211.183.70 - - [14/Feb/2025:07:37:25 +0100] "GET /Jurek/topeshop/downloaded_images/5904507207458_20st_mijas_lewy_zielonykopia.png HTTP/1.1" 200 259990 "-" "scalaj-http/2.4.2"
46.101.116.244 - - [14/Feb/2025:07:37:27 +0100] "GET /Jurek/aw/feeds/aw_fnacfr.xml HTTP/1.0" 404 3551 "-" "-"
62.146.215.32 - - [14/Feb/2025:07:37:35 +0100] "GET /Jurek/topeshop/downloaded_images/5904507201883_MIJASBIURKOBRY%C5%81KAANTRACYTPRAWEBOKZM.jpg HTTP/2.0" 404 3551 "-" "billigerbot/1.0"
46.101.116.244 - - [14/Feb/2025:07:38:51 +0100] "GET /Filip/feeds/xlsx_ceneo.xml HTTP/1.0" 200 6241376 "-" "-"
51.77.52.107 - - [14/Feb/2025:07:38:52 +0100] "POST /Filip/Rovicky/baselinker/baselinker-ceneo-shumee.php HTTP/2.0" 200 106776 "-" "BaseLinker/1.0"
89.161.206.59 - - [14/Feb/2025:07:41:23 +0100] "GET /Jurek/b3/feeds/b3_amazonse.xml HTTP/1.0" 200 7299236 "-" "-"
46.101.116.244 - - [14/Feb/2025:07:42:04 +0100] "GET /Jurek/aw/feeds/aw_fnacfr.xml HTTP/1.0" 404 3551 "-" "-"
46.101.116.244 - - [14/Feb/2025:07:42:46 +0100] "GET /Filip/feeds/xlsx_ceneo.xml HTTP/1.0" 200 6241376 "-" "-"
51.77.52.107 - - [14/Feb/2025:07:42:46 +0100] "POST /Filip/Rovicky/baselinker/baselinker-ceneo-shumee.php HTTP/2.0" 200 106776 "-" "BaseLinker/1.0"
46.101.116.244 - - [14/Feb/2025:07:43:22 +0100] "GET /Jurek/fernity/feeds/fernity_manomano.xml HTTP/1.0" 200 5089684 "-" "-"
89.161.206.59 - - [14/Feb/2025:07:43:24 +0100] "GET /Jurek/eurofirany/feeds/eurofirany_manomanofr.xml HTTP/1.0" 200 18891578 "-" "-"
77.79.248.229 - - [14/Feb/2025:07:44:02 +0100] "GET /Jurek/aw/feeds/awnarzedzia_leroy.xml HTTP/1.1" 200 90263031 "-" "Python-urllib/3.11"
77.79.248.229 - - [14/Feb/2025:07:44:03 +0100] "GET /Jurek/hurtownia_przemyslowa/feeds/hp_leroy.xml HTTP/1.1" 200 49866855 "-" "Python-urllib/3.11"
77.79.248.229 - - [14/Feb/2025:07:44:04 +0100] "GET /Jurek/unimet/feeds/unimet_leroy.xml HTTP/1.1" 200 61074527 "-" "Python-urllib/3.11"
77.79.248.229 - - [14/Feb/2025:07:44:04 +0100] "GET /Jurek/action/feeds/action_leroy.xml HTTP/1.1" 200 55167688 "-" "Python-urllib/3.11"
77.79.248.229 - - [14/Feb/2025:07:44:08 +0100] "GET /Jurek/b3/feeds/b3_leroy.xml HTTP/1.1" 200 7296098 "-" "Python-urllib/3.11"
77.79.248.229 - - [14/Feb/2025:07:44:08 +0100] "GET /Jurek/topeshop/feeds/topeshop_leroy.xml HTTP/1.1" 200 2403324 "-" "Python-urllib/3.11"
77.79.248.229 - - [14/Feb/2025:07:44:09 +0100] "GET /Jurek/eurofirany/feeds/eurofirany_leroy.xml HTTP/1.1" 200 18891364 "-" "Python-urllib/3.11"
77.79.248.229 - - [14/Feb/2025:07:44:10 +0100] "GET /Jurek/fernity/feeds/fernity_leroy.xml HTTP/1.1" 200 5090089 "-" "Python-urllib/3.11"
77.79.248.229 - - [14/Feb/2025:07:44:10 +0100] "GET /Jurek/kambukka/feeds/kambukka_leroy.xml HTTP/1.1" 200 973306 "-" "Python-urllib/3.11"
77.79.248.229 - - [14/Feb/2025:07:44:10 +0100] "GET /Jurek/ikonka/feeds/ikonka_leroy.xml HTTP/1.1" 200 22195815 "-" "Python-urllib/3.11"
77.79.248.229 - - [14/Feb/2025:07:44:11 +0100] "GET /Jurek/oromed/feeds/oromed_leroy.xml HTTP/1.1" 200 958040 "-" "Python-urllib/3.11"
77.79.248.229 - - [14/Feb/2025:07:44:11 +0100] "GET /Jurek/benetech/feeds/benetech_leroy.xml HTTP/1.1" 200 4451812 "-" "Python-urllib/3.11"
77.79.248.229 - - [14/Feb/2025:07:44:11 +0100] "GET /Jurek/octopia/feeds/octopia_leroy.xml HTTP/1.1" 200 10726715 "-" "Python-urllib/3.11"
77.79.248.229 - - [14/Feb/2025:07:44:11 +0100] "GET /Jurek/waks/feeds/waks_leroy.xml HTTP/1.1" 200 6332906 "-" "Python-urllib/3.11"
77.79.248.229 - - [14/Feb/2025:07:44:12 +0100] "GET /Jurek/kinghoff/feeds/kinghoff_leroy.xml HTTP/1.1" 200 14070202 "-" "Python-urllib/3.11"
77.79.248.229 - - [14/Feb/2025:07:44:12 +0100] "GET /Jurek/hdwr/feeds/hdwr_leroy.xml HTTP/1.1" 200 777784 "-" "Python-urllib/3.11"
77.79.248.229 - - [14/Feb/2025:07:44:14 +0100] "GET /Jurek/barbecook/feeds/barbecook_leroy.xml HTTP/1.1" 200 87533 "-" "Python-urllib/3.11"
77.79.248.229 - - [14/Feb/2025:07:44:14 +0100] "GET /Jurek/sempler/feeds/sempler_leroy.xml HTTP/1.1" 200 6553246 "-" "Python-urllib/3.11"
77.79.248.229 - - [14/Feb/2025:07:44:14 +0100] "GET /Jurek/kinghome/feeds/kinghome_leroy.xml HTTP/1.1" 200 5762704 "-" "Python-urllib/3.11"
77.79.248.229 - - [14/Feb/2025:07:44:15 +0100] "GET /Jurek/ekolight/feeds/ekolioght_leroy.xml HTTP/1.1" 200 9051605 "-" "Python-urllib/3.11"
77.79.248.229 - - [14/Feb/2025:07:44:15 +0100] "GET /Jurek/bimboland/feeds/bimboland_leroy.xml HTTP/1.1" 200 2487327 "-" "Python-urllib/3.11"
77.79.248.229 - - [14/Feb/2025:07:44:16 +0100] "GET /Jurek/eroplace/feeds/eroplace_leroy.xml HTTP/1.1" 200 30849001 "-" "Python-urllib/3.11"
77.79.248.229 - - [14/Feb/2025:07:44:16 +0100] "GET /Jurek/hurtmeblowy/feeds/hurtmeblowy_leroy.xml HTTP/1.1" 200 8038402 "-" "Python-urllib/3.11"
77.79.248.229 - - [14/Feb/2025:07:44:16 +0100] "GET /Jurek/fertone/feeds/fertone_leroy.xml HTTP/1.1" 200 628494 "-" "Python-urllib/3.11"
77.79.248.229 - - [14/Feb/2025:07:44:17 +0100] "GET /Jurek/ekuchcikowo/feeds/ekuchcikowo_leroy.xml HTTP/1.1" 200 12779173 "-" "Python-urllib/3.11"
77.79.248.229 - - [14/Feb/2025:07:44:20 +0100] "GET /Jurek/intsell/feeds/intsell_leroy.xml HTTP/1.1" 200 338787468 "-" "Python-urllib/3.11"
77.79.248.229 - - [14/Feb/2025:07:44:20 +0100] "GET /Jurek/velinda/feeds/velinda_leroy.xml HTTP/1.1" 200 4282379 "-" "Python-urllib/3.11"
77.79.248.229 - - [14/Feb/2025:07:44:20 +0100] "GET /Jurek/spali/feeds/spali_leroy.xml HTTP/1.1" 200 101946 "-" "Python-urllib/3.11"
77.79.248.229 - - [14/Feb/2025:07:44:20 +0100] "GET /Jurek/urwiskowo/feeds/urwiskowo_leroy.xml HTTP/1.1" 200 9115066 "-" "Python-urllib/3.11"
77.79.248.229 - - [14/Feb/2025:07:44:21 +0100] "GET /Jurek/erohurtownia/feeds/erohurtownia_leroy.xml HTTP/1.1" 200 23304143 "-" "Python-urllib/3.11"
77.79.248.229 - - [14/Feb/2025:07:44:21 +0100] "GET /Jurek/elecomp/feeds/elecomp_leroy.xml HTTP/1.1" 200 2869595 "-" "Python-urllib/3.11"
77.79.248.229 - - [14/Feb/2025:07:44:21 +0100] "GET /Jurek/luxma/feeds/luxma_leroy.xml HTTP/1.1" 200 8058961 "-" "Python-urllib/3.11"
77.79.248.229 - - [14/Feb/2025:07:44:21 +0100] "GET /Jurek/coppotech/feeds/coppotech_leroy.xml HTTP/1.1" 200 38985015 "-" "Python-urllib/3.11"
77.79.248.229 - - [14/Feb/2025:07:44:21 +0100] "GET /Jurek/rider/feeds/rider_leroy.xml HTTP/1.1" 200 8165179 "-" "Python-urllib/3.11"
77.79.248.229 - - [14/Feb/2025:07:44:22 +0100] "GET /Jurek/emaja24/feeds/emaja24_leroy.xml HTTP/1.1" 200 5110174 "-" "Python-urllib/3.11"
77.79.248.229 - - [14/Feb/2025:07:44:22 +0100] "GET /Jurek/eurofryz2/feeds/eurofryz2_leroy.xml HTTP/1.1" 200 1376649 "-" "Python-urllib/3.11"
77.79.248.229 - - [14/Feb/2025:07:44:22 +0100] "GET /Jurek/expertauto/feeds/expertauto_leroy.xml HTTP/1.1" 200 1158922 "-" "Python-urllib/3.11"
77.79.248.229 - - [14/Feb/2025:07:44:22 +0100] "GET /Jurek/najtanszysport/feeds/najtanszysport_leroy.xml HTTP/1.1" 200 3983067 "-" "Python-urllib/3.11"
46.101.116.244 - - [14/Feb/2025:07:45:43 +0100] "GET /Jurek/aw/feeds/aw_fnacfr.xml HTTP/1.0" 404 3551 "-" "-"
46.101.116.244 - - [14/Feb/2025:07:46:25 +0100] "GET /Filip/feeds/xlsx_ceneo.xml HTTP/1.0" 200 6241376 "-" "-"
51.77.52.107 - - [14/Feb/2025:07:46:25 +0100] "POST /Filip/Rovicky/baselinker/baselinker-ceneo-shumee.php HTTP/2.0" 200 106776 "-" "BaseLinker/1.0"
66.211.183.74 - - [14/Feb/2025:07:46:46 +0100] "GET /Jurek/topeshop/downloaded_images/5904507209476_Marina2s_kaszmir_slim_bry%C5%82ka(2).jpg HTTP/1.1" 404 3551 "-" "scalaj-http/2.4.2"
89.161.206.59 - - [14/Feb/2025:07:47:45 +0100] "GET /Jurek/narzbud/feeds/narzbud_allegro.xml HTTP/1.0" 200 1610619 "-" "-"
62.146.215.34 - - [14/Feb/2025:07:48:02 +0100] "GET /Jurek/topeshop/downloaded_images/5904507201906_MIJASBIURKOBRY%C5%81KAANTRACYTLEWEBOKZM.jpg HTTP/2.0" 404 3551 "-" "billigerbot/1.0"
66.211.183.72 - - [14/Feb/2025:07:48:40 +0100] "GET /Jurek/topeshop/downloaded_images/5902838463741_20st_close.jpg HTTP/1.1" 404 3551 "-" "scalaj-http/2.4.2"
66.211.183.74 - - [14/Feb/2025:07:49:44 +0100] "GET /Jurek/topeshop/downloaded_images/5902838468807_DUOARTISANBRY%C5%81KABOKZM.jpg HTTP/1.1" 404 3551 "-" "scalaj-http/2.4.2"
5.134.208.158 - - [14/Feb/2025:07:49:51 +0100] "GET /Jurek/eurofirany/images/457754/0.jpg HTTP/1.1" 206 256 "https://www.ceneo.pl" "Mozilla/5.0 (Windows NT 10.0; Win64; x64) AppleWebKit/537.36 (KHTML, like Gecko) Chrome/87.0.4280.141 Safari/537.36"
89.161.206.59 - - [14/Feb/2025:07:50:38 +0100] "GET /Jurek/ekuchcikowo/feeds/ekuchcikowo_skroutz.xml HTTP/1.0" 200 12779009 "-" "-"
89.161.206.59 - - [14/Feb/2025:07:50:41 +0100] "GET /Jurek/fertone/feeds/fertone_skroutz.xml HTTP/1.0" 200 628478 "-" "-"
89.161.206.59 - - [14/Feb/2025:07:50:41 +0100] "GET /Jurek/ekolight/feeds/ekolioght_skroutz.xml HTTP/1.0" 200 9051640 "-" "-"
46.101.116.244 - - [14/Feb/2025:07:50:53 +0100] "GET /Jurek/aw/feeds/aw_fnacfr.xml HTTP/1.0" 404 3551 "-" "-"
89.161.206.59 - - [14/Feb/2025:07:51:31 +0100] "GET /Jurek/wenom/feeds/wenom_skroutz.xml HTTP/1.0" 200 583220 "-" "-"
89.161.206.59 - - [14/Feb/2025:07:51:31 +0100] "GET /Jurek/antiodor/feeds/antiodor_skroutz.xml HTTP/1.0" 200 137836 "-" "-"
89.161.206.59 - - [14/Feb/2025:07:51:34 +0100] "GET /Jurek/primohurt/feeds/primohurt_skroutz.xml HTTP/1.0" 200 17186489 "-" "-"
89.161.206.59 - - [14/Feb/2025:07:51:34 +0100] "GET /Jurek/dekoele/feeds/dekoele_skroutz.xml HTTP/1.0" 200 378802 "-" "-"
89.161.206.59 - - [14/Feb/2025:07:51:35 +0100] "GET /Jurek/rider/feeds/rider_skroutz.xml HTTP/1.0" 200 8165165 "-" "-"
89.161.206.59 - - [14/Feb/2025:07:51:35 +0100] "GET /Jurek/expertauto/feeds/expertauto_skroutz.xml HTTP/1.0" 200 1158909 "-" "-"
89.161.206.59 - - [14/Feb/2025:07:51:36 +0100] "GET /Jurek/emaja24/feeds/emaja24_skroutz.xml HTTP/1.0" 200 5110115 "-" "-"
46.101.116.244 - - [14/Feb/2025:07:51:39 +0100] "GET /Filip/feeds/xlsx_ceneo.xml HTTP/1.0" 200 6241376 "-" "-"
51.77.52.107 - - [14/Feb/2025:07:51:40 +0100] "POST /Filip/Rovicky/baselinker/baselinker-ceneo-shumee.php HTTP/2.0" 200 106776 "-" "BaseLinker/1.0"
89.161.206.59 - - [14/Feb/2025:07:51:53 +0100] "GET /Jurek/elecomp/feeds/elecomp_skroutz.xml HTTP/1.0" 200 2869574 "-" "-"
89.161.206.59 - - [14/Feb/2025:07:52:57 +0100] "GET /Jurek/hurtmeblowy/feeds/hurtmeblowy_allegro.xml HTTP/1.0" 200 8039460 "-" "-"
77.79.248.229 - - [14/Feb/2025:07:54:07 +0100] "GET /Jurek/vidaSI/feeds/vidaSI_bigbang.xml HTTP/1.1" 200 619131898 "-" "Python-urllib/3.11"
46.101.116.244 - - [14/Feb/2025:07:55:44 +0100] "GET /Jurek/aw/feeds/aw_fnacfr.xml HTTP/1.0" 404 3551 "-" "-"
46.101.116.244 - - [14/Feb/2025:07:56:12 +0100] "GET /Filip/feeds/xlsx_ceneo.xml HTTP/1.0" 200 6241376 "-" "-"
51.77.52.107 - - [14/Feb/2025:07:56:12 +0100] "POST /Filip/Rovicky/baselinker/baselinker-ceneo-shumee.php HTTP/2.0" 200 106776 "-" "BaseLinker/1.0"
85.14.86.141 - - [14/Feb/2025:08:00:26 +0100] "GET /Jurek/vida_morele/feeds/VidaPL_all.xml HTTP/2.0" 200 694899830 "-" "MarketplaceAPI curl/7.64.0 PHP/8"
66.135.202.71 - - [14/Feb/2025:08:00:28 +0100] "GET /Jurek/topeshop/downloaded_images/5902838461266_3.png HTTP/1.1" 404 3551 "http://www.ebay.com/" "Mozilla/4.0 (compatible; MSIE 4.01; Windows NT)"
66.135.202.71 - - [14/Feb/2025:08:00:28 +0100] "GET /Jurek/topeshop/downloaded_images/5902838461266_I_RTV-140-MALWA_2_W.jpg HTTP/1.1" 200 122013 "http://www.ebay.com/" "Mozilla/4.0 (compatible; MSIE 4.01; Windows NT)"
66.135.202.74 - - [14/Feb/2025:08:00:28 +0100] "GET /Jurek/topeshop/downloaded_images/5902838461266_2.png HTTP/1.1" 404 3551 "http://www.ebay.com/" "Mozilla/4.0 (compatible; MSIE 4.01; Windows NT)"
66.135.202.72 - - [14/Feb/2025:08:00:28 +0100] "GET /Jurek/topeshop/downloaded_images/5902838461266_1.png HTTP/1.1" 404 3551 "http://www.ebay.com/" "Mozilla/4.0 (compatible; MSIE 4.01; Windows NT)"
66.135.202.75 - - [14/Feb/2025:08:00:28 +0100] "GET /Jurek/topeshop/downloaded_images/5902838461266_WhiteRtv.jpg HTTP/1.1" 404 3551 "http://www.ebay.com/" "Mozilla/4.0 (compatible; MSIE 4.01; Windows NT)"
66.135.202.71 - - [14/Feb/2025:08:00:28 +0100] "GET /Jurek/topeshop/downloaded_images/5902838461266_I_RTV-140-MALWA_o_W.jpg HTTP/1.1" 200 133864 "http://www.ebay.com/" "Mozilla/4.0 (compatible; MSIE 4.01; Windows NT)"
66.135.202.71 - - [14/Feb/2025:08:00:28 +0100] "GET /Jurek/topeshop/downloaded_images/5902838461266_I_RTV-140-MALWA_W.jpg HTTP/1.1" 200 133622 "http://www.ebay.com/" "Mozilla/4.0 (compatible; MSIE 4.01; Windows NT)"
52.17.80.36 - - [14/Feb/2025:08:00:37 +0100] "GET /marketplaces/ubaldi/results/ubaldi.csv HTTP/1.1" 200 4219502 "-" "Mirakl HttpClient"
46.101.116.244 - - [14/Feb/2025:08:01:03 +0100] "GET /Jurek/aw/feeds/aw_fnacfr.xml HTTP/1.0" 404 3551 "-" "-"
46.101.116.244 - - [14/Feb/2025:08:01:32 +0100] "GET /Filip/feeds/xlsx_ceneo.xml HTTP/1.0" 200 6241376 "-" "-"
51.77.52.107 - - [14/Feb/2025:08:01:32 +0100] "POST /Filip/Rovicky/baselinker/baselinker-ceneo-shumee.php HTTP/2.0" 200 106776 "-" "BaseLinker/1.0"
66.211.183.71 - - [14/Feb/2025:08:01:39 +0100] "GET /Jurek/topeshop/downloaded_images/5902838468821_DUOCZERNBRYLKABOKZM.jpg HTTP/1.1" 404 3551 "-" "scalaj-http/2.4.2"
52.18.22.0 - - [14/Feb/2025:08:02:13 +0100] "GET /marketplaces/rue/results/rue.csv HTTP/1.1" 200 147219 "-" "Mirakl HttpClient"
85.14.86.141 - - [14/Feb/2025:08:03:03 +0100] "GET /Jurek/kinghoff/feeds/kinghoff_morele.xml HTTP/2.0" 200 14070822 "-" "MarketplaceAPI curl/7.64.0 PHP/8"
89.161.206.59 - - [14/Feb/2025:08:04:31 +0100] "GET /Jurek/combine/feeds/combine_amazonde.xml HTTP/1.0" 200 210556 "-" "-"
89.161.206.59 - - [14/Feb/2025:08:04:56 +0100] "GET /Jurek/drops/feeds/dropsofficecolection_skroutz.xml HTTP/1.0" 200 787896 "-" "-"
89.161.206.59 - - [14/Feb/2025:08:04:57 +0100] "GET /Jurek/szpaklampy/feeds/szpaklampy_skroutz.xml HTTP/1.0" 200 416433 "-" "-"
89.161.206.59 - - [14/Feb/2025:08:05:12 +0100] "GET /Jurek/spali/feeds/spali_skroutz.xml HTTP/1.0" 200 101947 "-" "-"
89.161.206.59 - - [14/Feb/2025:08:05:12 +0100] "GET /Jurek/combine/feeds/combine_skroutz.xml HTTP/1.0" 200 210556 "-" "-"
89.161.206.59 - - [14/Feb/2025:08:05:27 +0100] "GET /Jurek/erohurtownia/feeds/erohurtownia_skroutz.xml HTTP/1.0" 200 23304202 "-" "-"
89.161.206.59 - - [14/Feb/2025:08:05:28 +0100] "GET /Jurek/reman/feeds/reman_skroutz.xml HTTP/1.0" 200 1394824 "-" "-"
89.161.206.59 - - [14/Feb/2025:08:05:29 +0100] "GET /Jurek/urwiskowo/feeds/urwiskowo_skroutz.xml HTTP/1.0" 200 9114921 "-" "-"
85.14.86.141 - - [14/Feb/2025:08:05:38 +0100] "GET /Jurek/eurofirany/feeds/eurofirany_morele.xml HTTP/2.0" 200 18892961 "-" "MarketplaceAPI curl/7.64.0 PHP/8"
46.101.116.244 - - [14/Feb/2025:08:05:46 +0100] "GET /Jurek/aw/feeds/aw_fnacfr.xml HTTP/1.0" 404 3551 "-" "-"
85.14.86.141 - - [14/Feb/2025:08:06:03 +0100] "GET /Jurek/vivaldi/feeds/vivaldi_Morele-PL.xml HTTP/2.0" 200 344674 "-" "MarketplaceAPI curl/7.64.0 PHP/8"
46.101.116.244 - - [14/Feb/2025:08:06:14 +0100] "GET /Filip/feeds/xlsx_ceneo.xml HTTP/1.0" 200 6241376 "-" "-"
51.77.52.107 - - [14/Feb/2025:08:06:14 +0100] "POST /Filip/Rovicky/baselinker/baselinker-ceneo-shumee.php HTTP/2.0" 200 106776 "-" "BaseLinker/1.0"
85.14.86.141 - - [14/Feb/2025:08:07:12 +0100] "GET /Jurek/aw/feeds/awnarzedzia_morele.xml HTTP/2.0" 200 90274725 "-" "MarketplaceAPI curl/7.64.0 PHP/8"
66.249.66.67 - - [14/Feb/2025:08:07:14 +0100] "GET /robots.txt HTTP/1.1" 404 3551 "-" "Mozilla/5.0 (compatible; Googlebot/2.1; +http://www.google.com/bot.html)"
66.249.66.67 - - [14/Feb/2025:08:07:14 +0100] "GET /Jurek/eurofirany/images/396274/6.jpg HTTP/1.1" 200 55391 "-" "Googlebot-Image/1.0"
85.14.86.141 - - [14/Feb/2025:08:07:23 +0100] "GET /Jurek/vida_morele/feeds/VidaPL_morele.xml HTTP/2.0" 200 694900769 "-" "MarketplaceAPI curl/7.64.0 PHP/8"
85.14.86.141 - - [14/Feb/2025:08:07:33 +0100] "GET /Jurek/miloohome/feeds/miloohome_morele.xml HTTP/2.0" 200 1421250 "-" "MarketplaceAPI curl/7.64.0 PHP/8"
193.33.8.61 - - [14/Feb/2025:08:07:49 +0100] "GET /Jurek/erohurtownia/feeds/erohurtownia_alza.xml HTTP/2.0" 200 23303461 "https://konsola.dkkapusta1997.usermd.net/" "Mozilla/5.0 (Windows NT 10.0; Win64; x64) AppleWebKit/537.36 (KHTML, like Gecko) Chrome/132.0.0.0 Safari/537.36"
85.14.86.141 - - [14/Feb/2025:08:07:59 +0100] "GET /Jurek/beliani/feeds/beliani_morele.xml HTTP/2.0" 200 27894615 "-" "MarketplaceAPI curl/7.64.0 PHP/8"
184.72.114.106 - - [14/Feb/2025:08:08:21 +0100] "GET /Jurek/erohurtownia/feeds/erohurtownia_alza.xml HTTP/1.1" 206 32769 "-" "Slackbot-LinkExpanding 1.0 (+https://api.slack.com/robots)"
18.212.79.99 - - [14/Feb/2025:08:08:21 +0100] "GET /Jurek/erohurtownia/feeds/erohurtownia_alza.xml HTTP/1.1" 206 65536 "-" "Slackbot-LinkExpanding 1.0 (+https://api.slack.com/robots)"
54.197.151.31 - - [14/Feb/2025:08:08:22 +0100] "GET /Jurek/erohurtownia/feeds/erohurtownia_alza.xml HTTP/1.1" 206 65536 "-" "Slackbot-LinkExpanding 1.0 (+https://api.slack.com/robots)"
3.80.119.93 - - [14/Feb/2025:08:08:23 +0100] "GET /Jurek/erohurtownia/feeds/erohurtownia_alza.xml HTTP/1.1" 206 65536 "-" "Slackbot-LinkExpanding 1.0 (+https://api.slack.com/robots)"
44.223.52.80 - - [14/Feb/2025:08:08:23 +0100] "GET /Jurek/erohurtownia/feeds/erohurtownia_alza.xml HTTP/1.1" 206 65536 "-" "Slackbot-LinkExpanding 1.0 (+https://api.slack.com/robots)"
34.234.69.124 - - [14/Feb/2025:08:08:24 +0100] "GET /Jurek/erohurtownia/feeds/erohurtownia_alza.xml HTTP/1.1" 206 65536 "-" "Slackbot-LinkExpanding 1.0 (+https://api.slack.com/robots)"
54.145.48.219 - - [14/Feb/2025:08:08:25 +0100] "GET /Jurek/erohurtownia/feeds/erohurtownia_alza.xml HTTP/1.1" 206 65536 "-" "Slackbot-LinkExpanding 1.0 (+https://api.slack.com/robots)"
66.249.66.67 - - [14/Feb/2025:08:09:08 +0100] "GET /Jurek/topeshop/downloaded_images/5904507201876_KUBABIURKOANTRACYT.png HTTP/1.1" 404 3551 "-" "Googlebot-Image/1.0"
193.33.8.61 - - [14/Feb/2025:08:09:22 +0100] "GET /Jurek/najtanszysport/feeds/najtanszysport_alza.xml HTTP/2.0" 200 3982698 "https://konsola.dkkapusta1997.usermd.net/" "Mozilla/5.0 (Windows NT 10.0; Win64; x64) AppleWebKit/537.36 (KHTML, like Gecko) Chrome/132.0.0.0 Safari/537.36"
89.161.206.59 - - [14/Feb/2025:08:09:25 +0100] "GET /Jurek/ekolight/feeds/ekolight_allegro.xml HTTP/1.0" 200 9053726 "-" "-"
89.161.206.59 - - [14/Feb/2025:08:09:26 +0100] "GET /Jurek/galopi/feeds/galopi_allegro.xml HTTP/1.0" 200 1884829 "-" "-"
193.33.8.61 - - [14/Feb/2025:08:09:29 +0100] "GET /favicon.ico HTTP/2.0" 404 3551 "https://dkkapusta1997.usermd.net/Jurek/najtanszysport/feeds/najtanszysport_alza.xml" "Mozilla/5.0 (Windows NT 10.0; Win64; x64) AppleWebKit/537.36 (KHTML, like Gecko) Chrome/132.0.0.0 Safari/537.36"
3.239.124.120 - - [14/Feb/2025:08:09:37 +0100] "GET /Jurek/najtanszysport/feeds/najtanszysport_alza.xml HTTP/1.1" 206 32769 "-" "Slackbot-LinkExpanding 1.0 (+https://api.slack.com/robots)"
44.220.183.157 - - [14/Feb/2025:08:09:37 +0100] "GET /Jurek/najtanszysport/feeds/najtanszysport_alza.xml HTTP/1.1" 206 65536 "-" "Slackbot-LinkExpanding 1.0 (+https://api.slack.com/robots)"
3.237.4.206 - - [14/Feb/2025:08:09:38 +0100] "GET /Jurek/najtanszysport/feeds/najtanszysport_alza.xml HTTP/1.1" 206 65536 "-" "Slackbot-LinkExpanding 1.0 (+https://api.slack.com/robots)"
35.175.200.93 - - [14/Feb/2025:08:09:39 +0100] "GET /Jurek/najtanszysport/feeds/najtanszysport_alza.xml HTTP/1.1" 206 65536 "-" "Slackbot-LinkExpanding 1.0 (+https://api.slack.com/robots)"
3.235.252.63 - - [14/Feb/2025:08:09:39 +0100] "GET /Jurek/najtanszysport/feeds/najtanszysport_alza.xml HTTP/1.1" 206 65536 "-" "Slackbot-LinkExpanding 1.0 (+https://api.slack.com/robots)"
98.81.22.145 - - [14/Feb/2025:08:09:40 +0100] "GET /Jurek/najtanszysport/feeds/najtanszysport_alza.xml HTTP/1.1" 206 65536 "-" "Slackbot-LinkExpanding 1.0 (+https://api.slack.com/robots)"
18.205.41.211 - - [14/Feb/2025:08:09:41 +0100] "GET /Jurek/najtanszysport/feeds/najtanszysport_alza.xml HTTP/1.1" 206 65536 "-" "Slackbot-LinkExpanding 1.0 (+https://api.slack.com/robots)"
66.211.183.71 - - [14/Feb/2025:08:09:48 +0100] "GET /Jurek/topeshop/downloaded_images/5902838468814_DUO-BIEL-BRY%C5%81KA-BOK-ZM.jpg HTTP/1.1" 404 3551 "-" "scalaj-http/2.4.2"
66.135.202.75 - - [14/Feb/2025:08:10:16 +0100] "GET /Jurek/topeshop/downloaded_images/5902838468814_DUO-BIEL-BRY%C5%81KA-BOK-ZM.jpg HTTP/1.1" 404 3551 "http://www.ebay.com/" "Mozilla/4.0 (compatible; MSIE 4.01; Windows NT)"
66.135.202.71 - - [14/Feb/2025:08:10:16 +0100] "GET /Jurek/topeshop/downloaded_images/5902838468814_DUO-BIEL-BRY%C5%81KA-FRONT-OT.jpg HTTP/1.1" 404 3551 "http://www.ebay.com/" "Mozilla/4.0 (compatible; MSIE 4.01; Windows NT)"
66.135.202.75 - - [14/Feb/2025:08:10:16 +0100] "GET /Jurek/topeshop/downloaded_images/5902838468814_BIELBOKZM.jpg HTTP/1.1" 404 3551 "http://www.ebay.com/" "Mozilla/4.0 (compatible; MSIE 4.01; Windows NT)"
66.135.202.71 - - [14/Feb/2025:08:10:16 +0100] "GET /Jurek/topeshop/downloaded_images/5902838468814_BIELBOKOT.jpg HTTP/1.1" 404 3551 "http://www.ebay.com/" "Mozilla/4.0 (compatible; MSIE 4.01; Windows NT)"
66.135.202.73 - - [14/Feb/2025:08:10:16 +0100] "GET /Jurek/topeshop/downloaded_images/5902838468814_DUO-BIEL-BRY%C5%81KA-FRONT-ZM.jpg HTTP/1.1" 404 3551 "http://www.ebay.com/" "Mozilla/4.0 (compatible; MSIE 4.01; Windows NT)"
66.135.202.72 - - [14/Feb/2025:08:10:16 +0100] "GET /Jurek/topeshop/downloaded_images/5902838468814_DUO-BIEL-BRY%C5%81KA-BOK-OT.jpg HTTP/1.1" 404 3551 "http://www.ebay.com/" "Mozilla/4.0 (compatible; MSIE 4.01; Windows NT)"
66.135.202.74 - - [14/Feb/2025:08:10:16 +0100] "GET /Jurek/topeshop/downloaded_images/5902838468814_BIELFRONTOT.jpg HTTP/1.1" 404 3551 "http://www.ebay.com/" "Mozilla/4.0 (compatible; MSIE 4.01; Windows NT)"
66.135.202.74 - - [14/Feb/2025:08:10:16 +0100] "GET /Jurek/topeshop/downloaded_images/5902838468814_BIELFRONTZM.jpg HTTP/1.1" 404 3551 "http://www.ebay.com/" "Mozilla/4.0 (compatible; MSIE 4.01; Windows NT)"
193.33.8.61 - - [14/Feb/2025:08:10:18 +0100] "GET /Jurek/euroshop/feeds/euroshop_alza.xml HTTP/2.0" 200 17924084 "https://konsola.dkkapusta1997.usermd.net/" "Mozilla/5.0 (Windows NT 10.0; Win64; x64) AppleWebKit/537.36 (KHTML, like Gecko) Chrome/132.0.0.0 Safari/537.36"
35.171.187.9 - - [14/Feb/2025:08:10:22 +0100] "GET /Jurek/euroshop/feeds/euroshop_alza.xml HTTP/1.1" 206 32769 "-" "Slackbot-LinkExpanding 1.0 (+https://api.slack.com/robots)"
35.153.68.126 - - [14/Feb/2025:08:10:22 +0100] "GET /Jurek/euroshop/feeds/euroshop_alza.xml HTTP/1.1" 206 65536 "-" "Slackbot-LinkExpanding 1.0 (+https://api.slack.com/robots)"
54.198.205.248 - - [14/Feb/2025:08:10:23 +0100] "GET /Jurek/euroshop/feeds/euroshop_alza.xml HTTP/1.1" 206 65536 "-" "Slackbot-LinkExpanding 1.0 (+https://api.slack.com/robots)"
107.21.193.166 - - [14/Feb/2025:08:10:24 +0100] "GET /Jurek/euroshop/feeds/euroshop_alza.xml HTTP/1.1" 206 65536 "-" "Slackbot-LinkExpanding 1.0 (+https://api.slack.com/robots)"
52.90.184.124 - - [14/Feb/2025:08:10:24 +0100] "GET /Jurek/euroshop/feeds/euroshop_alza.xml HTTP/1.1" 206 65536 "-" "Slackbot-LinkExpanding 1.0 (+https://api.slack.com/robots)"
54.157.222.141 - - [14/Feb/2025:08:10:25 +0100] "GET /Jurek/euroshop/feeds/euroshop_alza.xml HTTP/1.1" 206 65536 "-" "Slackbot-LinkExpanding 1.0 (+https://api.slack.com/robots)"
3.81.151.0 - - [14/Feb/2025:08:10:26 +0100] "GET /Jurek/euroshop/feeds/euroshop_alza.xml HTTP/1.1" 206 65536 "-" "Slackbot-LinkExpanding 1.0 (+https://api.slack.com/robots)"
46.101.116.244 - - [14/Feb/2025:08:10:44 +0100] "GET /Jurek/aw/feeds/aw_fnacfr.xml HTTP/1.0" 404 3551 "-" "-"
193.33.8.61 - - [14/Feb/2025:08:11:03 +0100] "GET /Jurek/rider/feeds/rider_alza.xml HTTP/2.0" 200 8165082 "https://konsola.dkkapusta1997.usermd.net/" "Mozilla/5.0 (Windows NT 10.0; Win64; x64) AppleWebKit/537.36 (KHTML, like Gecko) Chrome/132.0.0.0 Safari/537.36"
46.101.116.244 - - [14/Feb/2025:08:11:11 +0100] "GET /Filip/feeds/xlsx_ceneo.xml HTTP/1.0" 200 6241376 "-" "-"
51.77.52.107 - - [14/Feb/2025:08:11:11 +0100] "POST /Filip/Rovicky/baselinker/baselinker-ceneo-shumee.php HTTP/2.0" 200 106776 "-" "BaseLinker/1.0"
54.198.205.248 - - [14/Feb/2025:08:11:11 +0100] "GET /Jurek/rider/feeds/rider_alza.xml HTTP/1.1" 206 32769 "-" "Slackbot-LinkExpanding 1.0 (+https://api.slack.com/robots)"
35.171.187.9 - - [14/Feb/2025:08:11:12 +0100] "GET /Jurek/rider/feeds/rider_alza.xml HTTP/1.1" 206 65536 "-" "Slackbot-LinkExpanding 1.0 (+https://api.slack.com/robots)"
18.234.114.196 - - [14/Feb/2025:08:11:12 +0100] "GET /Jurek/rider/feeds/rider_alza.xml HTTP/1.1" 206 65536 "-" "Slackbot-LinkExpanding 1.0 (+https://api.slack.com/robots)"
98.82.162.49 - - [14/Feb/2025:08:11:13 +0100] "GET /Jurek/rider/feeds/rider_alza.xml HTTP/1.1" 206 65536 "-" "Slackbot-LinkExpanding 1.0 (+https://api.slack.com/robots)"
54.210.220.230 - - [14/Feb/2025:08:11:14 +0100] "GET /Jurek/rider/feeds/rider_alza.xml HTTP/1.1" 206 65536 "-" "Slackbot-LinkExpanding 1.0 (+https://api.slack.com/robots)"
3.87.241.86 - - [14/Feb/2025:08:11:14 +0100] "GET /Jurek/rider/feeds/rider_alza.xml HTTP/1.1" 206 65536 "-" "Slackbot-LinkExpanding 1.0 (+https://api.slack.com/robots)"
35.153.68.126 - - [14/Feb/2025:08:11:15 +0100] "GET /Jurek/rider/feeds/rider_alza.xml HTTP/1.1" 206 65536 "-" "Slackbot-LinkExpanding 1.0 (+https://api.slack.com/robots)"
44.210.128.198 - - [14/Feb/2025:08:11:50 +0100] "GET /Jurek/coppotech/feeds/coppotech_alza.xml HTTP/1.1" 206 32769 "-" "Slackbot-LinkExpanding 1.0 (+https://api.slack.com/robots)"
3.83.24.63 - - [14/Feb/2025:08:11:51 +0100] "GET /Jurek/coppotech/feeds/coppotech_alza.xml HTTP/1.1" 206 65536 "-" "Slackbot-LinkExpanding 1.0 (+https://api.slack.com/robots)"
98.81.234.9 - - [14/Feb/2025:08:11:52 +0100] "GET /Jurek/coppotech/feeds/coppotech_alza.xml HTTP/1.1" 206 65536 "-" "Slackbot-LinkExpanding 1.0 (+https://api.slack.com/robots)"
52.91.73.33 - - [14/Feb/2025:08:11:52 +0100] "GET /Jurek/coppotech/feeds/coppotech_alza.xml HTTP/1.1" 206 65536 "-" "Slackbot-LinkExpanding 1.0 (+https://api.slack.com/robots)"
54.85.253.46 - - [14/Feb/2025:08:11:53 +0100] "GET /Jurek/coppotech/feeds/coppotech_alza.xml HTTP/1.1" 206 65536 "-" "Slackbot-LinkExpanding 1.0 (+https://api.slack.com/robots)"
3.87.206.55 - - [14/Feb/2025:08:11:54 +0100] "GET /Jurek/coppotech/feeds/coppotech_alza.xml HTTP/1.1" 206 65536 "-" "Slackbot-LinkExpanding 1.0 (+https://api.slack.com/robots)"
18.212.24.240 - - [14/Feb/2025:08:11:55 +0100] "GET /Jurek/coppotech/feeds/coppotech_alza.xml HTTP/1.1" 206 65536 "-" "Slackbot-LinkExpanding 1.0 (+https://api.slack.com/robots)"
193.33.8.61 - - [14/Feb/2025:08:11:57 +0100] "GET /Jurek/coppotech/feeds/coppotech_alza.xml HTTP/2.0" 200 34996224 "https://konsola.dkkapusta1997.usermd.net/" "Mozilla/5.0 (Windows NT 10.0; Win64; x64) AppleWebKit/537.36 (KHTML, like Gecko) Chrome/132.0.0.0 Safari/537.36"
185.6.76.18 - - [14/Feb/2025:08:12:23 +0100] "GET /marketplaces/skroutz/feeds/shumee.xml HTTP/1.1" 200 348280800 "-" "SkroutzBot v1.0"
66.249.66.66 - - [14/Feb/2025:08:12:58 +0100] "GET /Jurek/topeshop/downloaded_images/5904507201876_KUBABIURKOBRY%C5%81KAANTRACYTFRONTOT.jpg HTTP/1.1" 404 3551 "-" "Googlebot-Image/1.0"
34.254.211.19 - - [14/Feb/2025:08:13:11 +0100] "GET /Jurek/euroshop/feeds/euroshop_alza.xml HTTP/1.1" 200 147215 "-" "Mozilla/5.0 (Macintosh; Intel Mac OS X 10_13_6) AppleWebKit/537.36 (KHTML, like Gecko) Chrome/73.0.3669.0 Safari/537.36"
66.249.66.67 - - [14/Feb/2025:08:14:53 +0100] "GET /Jurek/eurofirany/images/400942/13.jpg HTTP/1.1" 200 135604 "-" "Googlebot-Image/1.0"
46.101.116.244 - - [14/Feb/2025:08:15:47 +0100] "GET /Jurek/aw/feeds/aw_fnacfr.xml HTTP/1.0" 404 3551 "-" "-"
46.101.116.244 - - [14/Feb/2025:08:16:18 +0100] "GET /Filip/feeds/xlsx_ceneo.xml HTTP/1.0" 200 6241376 "-" "-"
51.77.52.107 - - [14/Feb/2025:08:16:18 +0100] "POST /Filip/Rovicky/baselinker/baselinker-ceneo-shumee.php HTTP/2.0" 200 106776 "-" "BaseLinker/1.0"
66.249.66.68 - - [14/Feb/2025:08:18:43 +0100] "GET /Jurek/eurofirany/images/388723/7.jpg HTTP/1.1" 200 186459 "-" "Googlebot-Image/1.0"
66.211.183.73 - - [14/Feb/2025:08:19:34 +0100] "GET /Jurek/topeshop/downloaded_images/5902838468487_1artisan.png HTTP/1.1" 404 3551 "-" "scalaj-http/2.4.2"
46.101.116.244 - - [14/Feb/2025:08:21:04 +0100] "GET /Jurek/aw/feeds/aw_fnacfr.xml HTTP/1.0" 404 3551 "-" "-"
46.101.116.244 - - [14/Feb/2025:08:21:32 +0100] "GET /Filip/feeds/xlsx_ceneo.xml HTTP/1.0" 200 6241376 "-" "-"
51.77.52.107 - - [14/Feb/2025:08:21:32 +0100] "POST /Filip/Rovicky/baselinker/baselinker-ceneo-shumee.php HTTP/2.0" 200 106776 "-" "BaseLinker/1.0"
3.126.202.245 - - [14/Feb/2025:08:22:03 +0100] "GET /Jurek/topeshop/downloaded_images/5902838468463_1sonoma.png HTTP/2.0" 404 3551 "-" "Mozilla/5.0 (Windows NT 10.0; Win64; x64) AppleWebKit/537.36 (KHTML, like Gecko) Chrome/109.0.0.0 Safari/537.36"
46.101.116.244 - - [14/Feb/2025:08:23:07 +0100] "GET /Jurek/kokiska/feeds/kokiska_allegro.xml HTTP/1.0" 200 11495021 "-" "-"
46.101.116.244 - - [14/Feb/2025:08:23:10 +0100] "GET /Jurek/vivaldi/feeds/vivaldi_allegro.xml HTTP/1.0" 200 344685 "-" "-"
66.211.183.73 - - [14/Feb/2025:08:24:02 +0100] "GET /Jurek/topeshop/downloaded_images/5902838461273_3.png HTTP/1.1" 404 3551 "-" "scalaj-http/2.4.2"
66.249.66.66 - - [14/Feb/2025:08:24:28 +0100] "GET /Jurek/eurofirany/images/29072/1.jpg HTTP/1.1" 200 77406 "-" "Googlebot-Image/1.0"
66.211.183.71 - - [14/Feb/2025:08:25:36 +0100] "GET /Jurek/topeshop/downloaded_images/5902838468463_1sonoma.png HTTP/1.1" 404 3551 "-" "scalaj-http/2.4.2"
46.101.116.244 - - [14/Feb/2025:08:25:42 +0100] "GET /Jurek/aw/feeds/aw_fnacfr.xml HTTP/1.0" 404 3551 "-" "-"
46.101.116.244 - - [14/Feb/2025:08:26:10 +0100] "GET /Filip/feeds/xlsx_ceneo.xml HTTP/1.0" 200 6241376 "-" "-"
51.77.52.107 - - [14/Feb/2025:08:26:10 +0100] "POST /Filip/Rovicky/baselinker/baselinker-ceneo-shumee.php HTTP/2.0" 200 106776 "-" "BaseLinker/1.0"
66.135.202.172 - - [14/Feb/2025:08:27:33 +0100] "GET /Jurek/topeshop/downloaded_images/5904507207458_mijas_zielony_mirorkopia.jpg HTTP/1.1" 200 126456 "http://www.ebay.com/" "Mozilla/4.0 (compatible; MSIE 4.01; Windows NT)"
66.135.202.172 - - [14/Feb/2025:08:27:33 +0100] "GET /Jurek/topeshop/downloaded_images/5904507207458_Front_mijas_Lewy_zielony.png HTTP/1.1" 404 3551 "http://www.ebay.com/" "Mozilla/4.0 (compatible; MSIE 4.01; Windows NT)"
66.135.202.170 - - [14/Feb/2025:08:27:33 +0100] "GET /Jurek/topeshop/downloaded_images/5904507207458_20st_mijas_Lewy_open_zielony.png HTTP/1.1" 404 3551 "http://www.ebay.com/" "Mozilla/4.0 (compatible; MSIE 4.01; Windows NT)"
66.135.202.173 - - [14/Feb/2025:08:27:34 +0100] "GET /Jurek/topeshop/downloaded_images/5904507207458_20st_mijas_lewy_zielonykopia.png HTTP/1.1" 200 259990 "http://www.ebay.com/" "Mozilla/4.0 (compatible; MSIE 4.01; Windows NT)"
66.211.183.70 - - [14/Feb/2025:08:28:12 +0100] "GET /Jurek/topeshop/downloaded_images/5904507207489_20st_mijas_prawy_zielonykopia.png HTTP/1.1" 200 223941 "-" "scalaj-http/2.4.2"
66.249.66.68 - - [14/Feb/2025:08:28:17 +0100] "GET /Jurek/eurofirany/images/397112/1.jpg HTTP/1.1" 200 76184 "-" "Googlebot-Image/1.0"
89.161.206.59 - - [14/Feb/2025:08:28:44 +0100] "GET /Jurek/hurtownia_przemyslowa/feeds/hp_manomanode.xml HTTP/1.0" 200 49867060 "-" "-"
193.33.8.61 - - [14/Feb/2025:08:29:59 +0100] "GET /Jurek/awparts/feeds/awparts_piguEX.xml HTTP/2.0" 200 18890743 "https://konsola.dkkapusta1997.usermd.net/" "Mozilla/5.0 (Windows NT 10.0; Win64; x64) AppleWebKit/537.36 (KHTML, like Gecko) Chrome/132.0.0.0 Safari/537.36"
193.33.8.61 - - [14/Feb/2025:08:30:15 +0100] "GET /Jurek/awparts/feeds/awparts_pigufiEX.xml HTTP/2.0" 200 22043241 "https://konsola.dkkapusta1997.usermd.net/" "Mozilla/5.0 (Windows NT 10.0; Win64; x64) AppleWebKit/537.36 (KHTML, like Gecko) Chrome/132.0.0.0 Safari/537.36"
46.101.116.244 - - [14/Feb/2025:08:31:03 +0100] "GET /Jurek/aw/feeds/aw_fnacfr.xml HTTP/1.0" 404 3551 "-" "-"
46.101.116.244 - - [14/Feb/2025:08:31:32 +0100] "GET /Filip/feeds/xlsx_ceneo.xml HTTP/1.0" 200 6241376 "-" "-"
51.77.52.107 - - [14/Feb/2025:08:31:32 +0100] "POST /Filip/Rovicky/baselinker/baselinker-ceneo-shumee.php HTTP/2.0" 200 106776 "-" "BaseLinker/1.0"
193.33.8.61 - - [14/Feb/2025:08:32:28 +0100] "GET /Jurek/expertauto/feeds/expertauto_piguEX.xml HTTP/2.0" 200 1158805 "https://konsola.dkkapusta1997.usermd.net/" "Mozilla/5.0 (Windows NT 10.0; Win64; x64) AppleWebKit/537.36 (KHTML, like Gecko) Chrome/132.0.0.0 Safari/537.36"
46.101.116.244 - - [14/Feb/2025:08:32:32 +0100] "GET /Jurek/eroplace/feeds/eroplace_mallsi.xml HTTP/2.0" 200 30848790 "-" "-"
89.161.206.59 - - [14/Feb/2025:08:32:48 +0100] "GET /Jurek/hurtownia_przemyslowa/feeds/hp_allegro_cz.xml HTTP/1.0" 200 49873562 "-" "-"
46.101.116.244 - - [14/Feb/2025:08:33:10 +0100] "GET /Jurek/bass_new/feeds/bass_mallsi.xml HTTP/2.0" 200 7040876 "-" "-"
193.33.8.61 - - [14/Feb/2025:08:33:17 +0100] "GET /Jurek/expertauto/feeds/expertauto_pigufiEX.xml HTTP/2.0" 200 1158807 "https://konsola.dkkapusta1997.usermd.net/" "Mozilla/5.0 (Windows NT 10.0; Win64; x64) AppleWebKit/537.36 (KHTML, like Gecko) Chrome/132.0.0.0 Safari/537.36"
52.18.22.0 - - [14/Feb/2025:08:33:21 +0100] "GET /marketplaces/worten2/results/worten.csv HTTP/1.1" 200 147218 "-" "Mirakl HttpClient"
46.101.116.244 - - [14/Feb/2025:08:33:23 +0100] "GET /Jurek/ekuchcikowo/feeds/ekuchcikowo_mallsi.xml HTTP/2.0" 200 12778933 "-" "-"
46.101.116.244 - - [14/Feb/2025:08:33:34 +0100] "GET /Jurek/sempler/feeds/sempler_mallsi.xml HTTP/2.0" 200 6553235 "-" "-"
46.101.116.244 - - [14/Feb/2025:08:33:46 +0100] "GET /Jurek/bass/feeds/bass_mallsi.xml HTTP/2.0" 200 3985067 "-" "-"
46.101.116.244 - - [14/Feb/2025:08:34:13 +0100] "GET /Jurek/slayo/feeds/slayo_mallsi.xml HTTP/2.0" 200 195531 "-" "-"
46.101.116.244 - - [14/Feb/2025:08:34:24 +0100] "GET /Jurek/mosti/feeds/mosti_mallsi.xml HTTP/2.0" 200 9250041 "-" "-"
46.101.116.244 - - [14/Feb/2025:08:34:24 +0100] "GET /Jurek/amzteam/feeds/amzteam_mallsi.xml HTTP/2.0" 200 97842 "-" "-"
46.101.116.244 - - [14/Feb/2025:08:34:25 +0100] "GET /Jurek/artdog/feeds/artdog_mallsi.xml HTTP/2.0" 200 15929609 "-" "-"
46.101.116.244 - - [14/Feb/2025:08:34:26 +0100] "GET /Jurek/kambukka/feeds/kambukka_mallsi.xml HTTP/2.0" 200 972999 "-" "-"
46.101.116.244 - - [14/Feb/2025:08:34:39 +0100] "GET /Jurek/swiatecznygoliat/feeds/swiatecznygoliat_mallsi.xml HTTP/2.0" 200 7050209 "-" "-"
193.33.8.61 - - [14/Feb/2025:08:35:25 +0100] "GET /Jurek/rider/feeds/rider_piguEX.xml HTTP/2.0" 200 8164734 "https://konsola.dkkapusta1997.usermd.net/" "Mozilla/5.0 (Windows NT 10.0; Win64; x64) AppleWebKit/537.36 (KHTML, like Gecko) Chrome/132.0.0.0 Safari/537.36"
46.101.116.244 - - [14/Feb/2025:08:35:38 +0100] "GET /Jurek/octopia/feeds/octopia_mallsi.xml HTTP/2.0" 200 10725726 "-" "-"
46.101.116.244 - - [14/Feb/2025:08:35:53 +0100] "GET /Jurek/topeshop/feeds/topeshop_mallsi.xml HTTP/2.0" 200 2403342 "-" "-"
34.133.239.145 - - [14/Feb/2025:08:35:54 +0100] "GET /Jurek/topeshop/downloaded_images/5902838463741_ar2_cc_.RGB_color.0006.jpg HTTP/1.1" 200 123579 "-" "Mozilla/5.0 (X11; Linux x86_64) AppleWebKit/537.36 (KHTML, like Gecko) Chrome/110.0.0.0 Safari/537.36"
34.133.239.145 - - [14/Feb/2025:08:35:54 +0100] "GET /Jurek/topeshop/downloaded_images/5902838463741_blackRtv-140.jpg HTTP/1.1" 404 3551 "-" "Mozilla/5.0 (X11; Linux x86_64) AppleWebKit/537.36 (KHTML, like Gecko) Chrome/110.0.0.0 Safari/537.36"
158.62.208.170 - - [14/Feb/2025:08:35:58 +0100] "GET /Jurek/topeshop/downloaded_images/5902838463741_blackRtv-140.jpg HTTP/2.0" 404 3551 "-" "Mozilla/5.0 (X11; Linux x86_64) AppleWebKit/537.36 (KHTML, like Gecko) Chrome/110.0.0.0 Safari/537.36"
172.96.90.212 - - [14/Feb/2025:08:36:03 +0100] "GET /Jurek/topeshop/downloaded_images/5902838463741_blackRtv-140.jpg HTTP/2.0" 404 3551 "-" "Mozilla/5.0 (X11; Linux x86_64) AppleWebKit/537.36 (KHTML, like Gecko) Chrome/110.0.0.0 Safari/537.36"
89.161.206.59 - - [14/Feb/2025:08:36:05 +0100] "GET /Jurek/erohurtownia/feeds/erohurtownia_amazonde.xml HTTP/1.0" 200 23304002 "-" "-"
34.72.247.156 - - [14/Feb/2025:08:36:08 +0100] "GET /Jurek/topeshop/downloaded_images/5902838463741_20st_close.jpg HTTP/1.1" 404 3551 "-" "Mozilla/5.0 (X11; Linux x86_64) AppleWebKit/537.36 (KHTML, like Gecko) Chrome/110.0.0.0 Safari/537.36"
170.199.228.144 - - [14/Feb/2025:08:36:11 +0100] "GET /Jurek/topeshop/downloaded_images/5902838463741_20st_close.jpg HTTP/2.0" 404 3551 "-" "Mozilla/5.0 (X11; Linux x86_64) AppleWebKit/537.36 (KHTML, like Gecko) Chrome/110.0.0.0 Safari/537.36"
167.160.79.54 - - [14/Feb/2025:08:36:16 +0100] "GET /Jurek/topeshop/downloaded_images/5902838463741_20st_close.jpg HTTP/2.0" 404 3551 "-" "Mozilla/5.0 (X11; Linux x86_64) AppleWebKit/537.36 (KHTML, like Gecko) Chrome/110.0.0.0 Safari/537.36"
46.101.116.244 - - [14/Feb/2025:08:37:11 +0100] "GET /Jurek/aw/feeds/aw_fnacfr.xml HTTP/1.0" 404 3551 "-" "-"
46.101.116.244 - - [14/Feb/2025:08:37:40 +0100] "GET /Filip/feeds/xlsx_ceneo.xml HTTP/1.0" 200 6241376 "-" "-"
51.77.52.107 - - [14/Feb/2025:08:37:40 +0100] "POST /Filip/Rovicky/baselinker/baselinker-ceneo-shumee.php HTTP/2.0" 200 106776 "-" "BaseLinker/1.0"
193.33.8.61 - - [14/Feb/2025:08:38:28 +0100] "GET /Jurek/rider/feeds/rider_pigufiEX.xml HTTP/2.0" 200 8164795 "https://konsola.dkkapusta1997.usermd.net/" "Mozilla/5.0 (Windows NT 10.0; Win64; x64) AppleWebKit/537.36 (KHTML, like Gecko) Chrome/132.0.0.0 Safari/537.36"
34.72.247.156 - - [14/Feb/2025:08:38:40 +0100] "GET /Jurek/topeshop/downloaded_images/5902838461273_2.png HTTP/1.1" 404 3551 "-" "Mozilla/5.0 (X11; Linux x86_64) AppleWebKit/537.36 (KHTML, like Gecko) Chrome/110.0.0.0 Safari/537.36"
147.92.55.126 - - [14/Feb/2025:08:38:43 +0100] "GET /Jurek/topeshop/downloaded_images/5902838461273_2.png HTTP/2.0" 404 3551 "-" "Mozilla/5.0 (X11; Linux x86_64) AppleWebKit/537.36 (KHTML, like Gecko) Chrome/110.0.0.0 Safari/537.36"
192.177.109.228 - - [14/Feb/2025:08:38:48 +0100] "GET /Jurek/topeshop/downloaded_images/5902838461273_2.png HTTP/2.0" 404 3551 "-" "Mozilla/5.0 (X11; Linux x86_64) AppleWebKit/537.36 (KHTML, like Gecko) Chrome/110.0.0.0 Safari/537.36"
34.72.247.156 - - [14/Feb/2025:08:38:49 +0100] "GET /Jurek/topeshop/downloaded_images/5902838461273_3.png HTTP/1.1" 404 3551 "-" "Mozilla/5.0 (X11; Linux x86_64) AppleWebKit/537.36 (KHTML, like Gecko) Chrome/110.0.0.0 Safari/537.36"
162.244.146.162 - - [14/Feb/2025:08:38:52 +0100] "GET /Jurek/topeshop/downloaded_images/5902838461273_3.png HTTP/2.0" 404 3551 "-" "Mozilla/5.0 (X11; Linux x86_64) AppleWebKit/537.36 (KHTML, like Gecko) Chrome/110.0.0.0 Safari/537.36"
130.44.200.126 - - [14/Feb/2025:08:38:57 +0100] "GET /Jurek/topeshop/downloaded_images/5902838461273_3.png HTTP/2.0" 404 3551 "-" "Mozilla/5.0 (X11; Linux x86_64) AppleWebKit/537.36 (KHTML, like Gecko) Chrome/110.0.0.0 Safari/537.36"
46.101.116.244 - - [14/Feb/2025:08:39:17 +0100] "GET /Jurek/activeshop/feeds/activeshop_mallsi.xml HTTP/2.0" 200 10507432 "-" "-"
193.33.8.61 - - [14/Feb/2025:08:39:23 +0100] "GET /Jurek/najtanszysport/feeds/najtanszysport_zero.xml HTTP/2.0" 200 3983330 "https://konsola.dkkapusta1997.usermd.net/" "Mozilla/5.0 (Windows NT 10.0; Win64; x64) AppleWebKit/537.36 (KHTML, like Gecko) Chrome/132.0.0.0 Safari/537.36"
77.79.248.229 - - [14/Feb/2025:08:39:32 +0100] "GET /Jurek/najtanszysport/feeds/najtanszysport_zero.xml HTTP/1.1" 200 3983330 "-" "Python-urllib/3.11"
89.161.206.59 - - [14/Feb/2025:08:39:39 +0100] "GET /Jurek/sempler/feeds/sempler_allegro.xml HTTP/1.0" 200 6553663 "-" "-"
193.33.8.61 - - [14/Feb/2025:08:39:40 +0100] "GET /Jurek/naszedzieci/feeds/naszedzieci_piguEX.xml HTTP/2.0" 200 18890194 "https://konsola.dkkapusta1997.usermd.net/" "Mozilla/5.0 (Windows NT 10.0; Win64; x64) AppleWebKit/537.36 (KHTML, like Gecko) Chrome/132.0.0.0 Safari/537.36"
89.161.206.59 - - [14/Feb/2025:08:39:40 +0100] "GET /Jurek/ekuchcikowo/feeds/ekuchcikowo_allegro.xml HTTP/1.0" 200 12780319 "-" "-"
89.161.206.59 - - [14/Feb/2025:08:39:41 +0100] "GET /Jurek/livinhill/feeds/livinhill_allegro.xml HTTP/1.0" 200 1431266 "-" "-"
89.161.206.59 - - [14/Feb/2025:08:39:42 +0100] "GET /Jurek/urwiskowo/feeds/urwiskowo_allegro.xml HTTP/1.0" 200 9115624 "-" "-"
89.161.206.59 - - [14/Feb/2025:08:39:42 +0100] "GET /Jurek/reman/feeds/reman_allegro.xml HTTP/1.0" 200 1394882 "-" "-"
193.33.8.61 - - [14/Feb/2025:08:39:50 +0100] "GET /Jurek/naszedzieci/feeds/naszedzieci_pigufiEX.xml HTTP/2.0" 200 15736211 "https://konsola.dkkapusta1997.usermd.net/" "Mozilla/5.0 (Windows NT 10.0; Win64; x64) AppleWebKit/537.36 (KHTML, like Gecko) Chrome/132.0.0.0 Safari/537.36"
193.33.8.61 - - [14/Feb/2025:08:41:14 +0100] "GET /Jurek/dekoele/feeds/dekoele_piguEX.xml HTTP/2.0" 200 733889 "https://konsola.dkkapusta1997.usermd.net/" "Mozilla/5.0 (Windows NT 10.0; Win64; x64) AppleWebKit/537.36 (KHTML, like Gecko) Chrome/132.0.0.0 Safari/537.36"
193.33.8.61 - - [14/Feb/2025:08:41:26 +0100] "GET /Jurek/dekoele/feeds/dekoele_pigufiEX.xml HTTP/2.0" 200 733887 "https://konsola.dkkapusta1997.usermd.net/" "Mozilla/5.0 (Windows NT 10.0; Win64; x64) AppleWebKit/537.36 (KHTML, like Gecko) Chrome/132.0.0.0 Safari/537.36"
178.21.154.6 - - [14/Feb/2025:08:41:35 +0100] "GET /Jurek/eurofirany/images/370893/0.jpg HTTP/1.1" 200 93947 "-" "-"
178.21.154.6 - - [14/Feb/2025:08:41:36 +0100] "GET /Jurek/eurofirany/images/431623/0.jpg HTTP/1.1" 200 93057 "-" "-"
178.21.154.6 - - [14/Feb/2025:08:41:36 +0100] "GET /Jurek/eurofirany/images/399010/0.jpg HTTP/1.1" 200 68383 "-" "-"
178.21.154.6 - - [14/Feb/2025:08:41:36 +0100] "GET /Jurek/eurofirany/images/456607/0.jpg HTTP/1.1" 200 103355 "-" "-"
178.21.154.6 - - [14/Feb/2025:08:41:36 +0100] "GET /Jurek/eurofirany/images/432940/0.jpg HTTP/1.1" 200 126935 "-" "-"
178.21.154.6 - - [14/Feb/2025:08:41:36 +0100] "GET /Jurek/eurofirany/images/409621/0.jpg HTTP/1.1" 200 111969 "-" "-"
178.21.154.6 - - [14/Feb/2025:08:41:36 +0100] "GET /Jurek/eurofirany/images/371974/0.jpg HTTP/1.1" 200 152177 "-" "-"
178.21.154.6 - - [14/Feb/2025:08:41:36 +0100] "GET /Jurek/eurofirany/images/394049/0.jpg HTTP/1.1" 200 124360 "-" "-"
178.21.154.6 - - [14/Feb/2025:08:41:36 +0100] "GET /Jurek/eurofirany/images/367145/0.jpg HTTP/1.1" 200 122779 "-" "-"
178.21.154.6 - - [14/Feb/2025:08:41:36 +0100] "GET /Jurek/eurofirany/images/372801/0.jpg HTTP/1.1" 200 73187 "-" "-"
46.101.116.244 - - [14/Feb/2025:08:41:38 +0100] "GET /Jurek/eurofirany/feeds/eurofirany_erli.xml HTTP/1.0" 200 18895260 "-" "-"
66.249.66.66 - - [14/Feb/2025:08:41:42 +0100] "GET /Jurek/eurofirany/images/402429/8.jpg HTTP/1.1" 200 180934 "-" "Googlebot-Image/1.0"
193.33.8.61 - - [14/Feb/2025:08:42:00 +0100] "GET /Jurek/topeshop/downloaded_images/5902838467879_23_artisan_(1).png HTTP/2.0" 200 454380 "-" "Mozilla/5.0 (Windows NT 10.0; Win64; x64) AppleWebKit/537.36 (KHTML, like Gecko) Chrome/132.0.0.0 Safari/537.36"
193.33.8.61 - - [14/Feb/2025:08:42:00 +0100] "GET /favicon.ico HTTP/2.0" 404 3551 "https://dkkapusta1997.usermd.net/Jurek/topeshop/downloaded_images/5902838467879_23_artisan_(1).png" "Mozilla/5.0 (Windows NT 10.0; Win64; x64) AppleWebKit/537.36 (KHTML, like Gecko) Chrome/132.0.0.0 Safari/537.36"
193.33.8.61 - - [14/Feb/2025:08:42:05 +0100] "GET /Jurek/topeshop/downloaded_images/5902838467879_23_artisan_pp.jpg HTTP/2.0" 200 112742 "-" "Mozilla/5.0 (Windows NT 10.0; Win64; x64) AppleWebKit/537.36 (KHTML, like Gecko) Chrome/132.0.0.0 Safari/537.36"
46.101.116.244 - - [14/Feb/2025:08:42:21 +0100] "GET /Jurek/aw/feeds/aw_fnacfr.xml HTTP/1.0" 404 3551 "-" "-"
46.101.116.244 - - [14/Feb/2025:08:42:50 +0100] "GET /Jurek/intsell/feeds/intsell_emagro.xml HTTP/1.0" 200 338849583 "-" "-"
193.33.8.61 - - [14/Feb/2025:08:42:58 +0100] "GET /Jurek/zepnij/feeds/zepnij_piguEX.xml HTTP/2.0" 200 15744826 "https://konsola.dkkapusta1997.usermd.net/" "Mozilla/5.0 (Windows NT 10.0; Win64; x64) AppleWebKit/537.36 (KHTML, like Gecko) Chrome/132.0.0.0 Safari/537.36"
193.33.8.61 - - [14/Feb/2025:08:43:15 +0100] "GET /Jurek/zepnij/feeds/zepnij_piguFIEX.xml HTTP/2.0" 200 18890743 "https://konsola.dkkapusta1997.usermd.net/" "Mozilla/5.0 (Windows NT 10.0; Win64; x64) AppleWebKit/537.36 (KHTML, like Gecko) Chrome/132.0.0.0 Safari/537.36"
66.135.202.72 - - [14/Feb/2025:08:43:17 +0100] "GET /Jurek/topeshop/downloaded_images/5904507207441_20st_mijas_lewy_niebieskikopia.png HTTP/1.1" 200 251031 "-" "Java/17.0.12.0.101"
89.161.206.59 - - [14/Feb/2025:08:43:21 +0100] "GET /Jurek/hdwr/feeds/hdwr_skroutz.xml HTTP/1.0" 200 777772 "-" "-"
89.161.206.59 - - [14/Feb/2025:08:43:24 +0100] "GET /Jurek/waks/feeds/waks_skroutz.xml HTTP/1.0" 200 6333031 "-" "-"
46.101.116.244 - - [14/Feb/2025:08:43:24 +0100] "GET /Filip/feeds/xlsx_ceneo.xml HTTP/1.0" 200 6241376 "-" "-"
51.77.52.107 - - [14/Feb/2025:08:43:25 +0100] "POST /Filip/Rovicky/baselinker/baselinker-ceneo-shumee.php HTTP/2.0" 200 106776 "-" "BaseLinker/1.0"
89.161.206.59 - - [14/Feb/2025:08:43:38 +0100] "GET /Jurek/pagmil/feeds/pagmil_skroutz.xml HTTP/1.0" 200 1705666 "-" "-"
89.161.206.59 - - [14/Feb/2025:08:43:41 +0100] "GET /Jurek/kambukka/feeds/kambukka_skroutz.xml HTTP/1.0" 200 973316 "-" "-"
89.161.206.59 - - [14/Feb/2025:08:43:42 +0100] "GET /Jurek/benetech/feeds/benetech_skroutz.xml HTTP/1.0" 200 2842517 "-" "-"
193.33.8.61 - - [14/Feb/2025:08:43:59 +0100] "GET /Jurek/drewdon/feeds/drewdon_piguEX.xml HTTP/2.0" 200 504233 "https://konsola.dkkapusta1997.usermd.net/" "Mozilla/5.0 (Windows NT 10.0; Win64; x64) AppleWebKit/537.36 (KHTML, like Gecko) Chrome/132.0.0.0 Safari/537.36"
193.33.8.61 - - [14/Feb/2025:08:44:13 +0100] "GET /Jurek/drewdon/feeds/drewdon_pigufiEX.xml HTTP/2.0" 200 504230 "https://konsola.dkkapusta1997.usermd.net/" "Mozilla/5.0 (Windows NT 10.0; Win64; x64) AppleWebKit/537.36 (KHTML, like Gecko) Chrome/132.0.0.0 Safari/537.36"
66.135.195.17 - - [14/Feb/2025:08:44:21 +0100] "GET /Jurek/topeshop/downloaded_images/5904507200060_MIJASBIURKOBRY%C5%81KABIELLEWEBOKZM.jpg HTTP/1.1" 404 3551 "http://www.ebay.com/" "Mozilla/4.0 (compatible; MSIE 4.01; Windows NT)"
66.135.195.20 - - [14/Feb/2025:08:44:22 +0100] "GET /Jurek/topeshop/downloaded_images/5904507200060_MIJASBIURKOBIELLEWE.png HTTP/1.1" 404 3551 "http://www.ebay.com/" "Mozilla/4.0 (compatible; MSIE 4.01; Windows NT)"
66.135.195.18 - - [14/Feb/2025:08:44:22 +0100] "GET /Jurek/topeshop/downloaded_images/5904507200060_MIJASBIURKOBRY%C5%81KABIELLEWEFRONTZM.jpg HTTP/1.1" 404 3551 "http://www.ebay.com/" "Mozilla/4.0 (compatible; MSIE 4.01; Windows NT)"
66.135.195.18 - - [14/Feb/2025:08:44:22 +0100] "GET /Jurek/topeshop/downloaded_images/5904507200060_MIJASBIURKOBRY%C5%81KABIELLEWEFRONTOT.jpg HTTP/1.1" 404 3551 "http://www.ebay.com/" "Mozilla/4.0 (compatible; MSIE 4.01; Windows NT)"
66.135.195.16 - - [14/Feb/2025:08:44:22 +0100] "GET /Jurek/topeshop/downloaded_images/5904507200060_MIJASBIURKOBRY%C5%81KABIELLEWEBOKOT.jpg HTTP/1.1" 404 3551 "http://www.ebay.com/" "Mozilla/4.0 (compatible; MSIE 4.01; Windows NT)"
66.135.195.16 - - [14/Feb/2025:08:44:22 +0100] "GET /Jurek/topeshop/downloaded_images/5904507200060_MIJASBIURKOBIELLEWOOT.2tif.png HTTP/1.1" 404 3551 "http://www.ebay.com/" "Mozilla/4.0 (compatible; MSIE 4.01; Windows NT)"
66.135.195.17 - - [14/Feb/2025:08:44:22 +0100] "GET /Jurek/topeshop/downloaded_images/5904507200060_MIJASBIURKOBIELLEWO.2tif.png HTTP/1.1" 404 3551 "http://www.ebay.com/" "Mozilla/4.0 (compatible; MSIE 4.01; Windows NT)"
89.161.206.59 - - [14/Feb/2025:08:44:29 +0100] "GET /Jurek/fertone/feeds/fertone_emagro.xml HTTP/1.0" 200 628600 "-" "-"
