77.79.248.229 - - [14/Feb/2025:09:36:35 +0100] "GET /Jurek/action/feeds/action_cdon_se.xml HTTP/1.1" 200 55199268 "-" "python-requests/2.32.3"
77.79.248.229 - - [14/Feb/2025:09:36:36 +0100] "GET /Jurek/action/feeds/action_cdon_dk.xml HTTP/1.1" 200 55193483 "-" "python-requests/2.32.3"
77.79.248.229 - - [14/Feb/2025:09:36:37 +0100] "GET /Jurek/action/feeds/action_cdon_fi.xml HTTP/1.1" 200 55168577 "-" "python-requests/2.32.3"
77.79.248.229 - - [14/Feb/2025:09:36:37 +0100] "GET /Jurek/kinghoff/feeds/kinghoff_cdon_se.xml HTTP/1.1" 200 14072772 "-" "python-requests/2.32.3"
77.79.248.229 - - [14/Feb/2025:09:36:38 +0100] "GET /Jurek/kinghoff/feeds/kinghoff_cdon_dk.xml HTTP/1.1" 200 14072468 "-" "python-requests/2.32.3"
77.79.248.229 - - [14/Feb/2025:09:36:38 +0100] "GET /Jurek/kinghoff/feeds/kinghoff_cdon_fi.xml HTTP/1.1" 200 14070466 "-" "python-requests/2.32.3"
46.101.116.244 - - [14/Feb/2025:09:36:51 +0100] "GET /Jurek/aw/feeds/aw_fnacfr.xml HTTP/1.0" 404 3551 "-" "-"
66.249.66.67 - - [14/Feb/2025:09:37:13 +0100] "GET /Jurek/topeshop/downloaded_images/5904507201876_KUBABIURKOARTISAN2.png HTTP/1.1" 404 3551 "-" "Googlebot-Image/1.0"
46.101.116.244 - - [14/Feb/2025:09:37:35 +0100] "GET /Filip/feeds/xlsx_ceneo.xml HTTP/1.0" 200 6241376 "-" "-"
51.77.52.107 - - [14/Feb/2025:09:37:36 +0100] "POST /Filip/Rovicky/baselinker/baselinker-ceneo-shumee.php HTTP/2.0" 200 106776 "-" "BaseLinker/1.0"
77.79.248.229 - - [14/Feb/2025:09:38:08 +0100] "GET /Jurek/vidaSI/feeds/vidaSI_bigbang.xml HTTP/1.1" 200 619915994 "-" "Python-urllib/3.11"
77.79.248.229 - - [14/Feb/2025:09:38:09 +0100] "GET /Jurek/aw/feeds/awnarzedzia_bigbang.xml HTTP/1.1" 200 90242621 "-" "Python-urllib/3.11"
77.79.248.229 - - [14/Feb/2025:09:38:10 +0100] "GET /Jurek/hurtownia_przemyslowa/feeds/hp_bigbang.xml HTTP/1.1" 200 49864979 "-" "Python-urllib/3.11"
77.79.248.229 - - [14/Feb/2025:09:38:11 +0100] "GET /Jurek/action/feeds/action_bigbang.xml HTTP/1.1" 200 55164450 "-" "Python-urllib/3.11"
77.79.248.229 - - [14/Feb/2025:09:38:13 +0100] "GET /Jurek/unimet/feeds/unimet_bigbang.xml HTTP/1.1" 200 61072218 "-" "Python-urllib/3.11"
77.79.248.229 - - [14/Feb/2025:09:38:14 +0100] "GET /Jurek/ikonka/feeds/ikonka_bigbang.xml HTTP/1.1" 200 22195775 "-" "Python-urllib/3.11"
77.79.248.229 - - [14/Feb/2025:09:38:14 +0100] "GET /Jurek/bass/feeds/bass_bigbang.xml HTTP/1.1" 200 3985139 "-" "Python-urllib/3.11"
77.79.248.229 - - [14/Feb/2025:09:38:16 +0100] "GET /Jurek/kinghoff/feeds/kinghoff_bigbang.xml HTTP/1.1" 200 14070002 "-" "Python-urllib/3.11"
77.79.248.229 - - [14/Feb/2025:09:38:17 +0100] "GET /Jurek/activeshop/feeds/activeshop_bigbang.xml HTTP/1.1" 200 10507696 "-" "Python-urllib/3.11"
77.79.248.229 - - [14/Feb/2025:09:38:17 +0100] "GET /Jurek/octopia/feeds/octopia_bigbang.xml HTTP/1.1" 200 6351676 "-" "Python-urllib/3.11"
77.79.248.229 - - [14/Feb/2025:09:38:17 +0100] "GET /Jurek/topeshop/feeds/topeshop_bigbang.xml HTTP/1.1" 200 2403305 "-" "Python-urllib/3.11"
77.79.248.229 - - [14/Feb/2025:09:38:18 +0100] "GET /Jurek/b3/feeds/b3_bigbang.xml HTTP/1.1" 200 7296004 "-" "Python-urllib/3.11"
77.79.248.229 - - [14/Feb/2025:09:38:18 +0100] "GET /Jurek/asortymenteu/feeds/asortymenteu_bigbang.xml HTTP/1.1" 200 2516067 "-" "Python-urllib/3.11"
77.79.248.229 - - [14/Feb/2025:09:38:18 +0100] "GET /Jurek/eroplace/feeds/eroplace_bigbang.xml HTTP/1.1" 200 30849007 "-" "Python-urllib/3.11"
77.79.248.229 - - [14/Feb/2025:09:38:22 +0100] "GET /Jurek/intsell/feeds/intsell_bigbang.xml HTTP/1.1" 200 338786220 "-" "Python-urllib/3.11"
77.79.248.229 - - [14/Feb/2025:09:38:23 +0100] "GET /Jurek/coppotech/feeds/coppotech_bigbang.xml HTTP/1.1" 200 38985602 "-" "Python-urllib/3.11"
77.79.248.229 - - [14/Feb/2025:09:38:23 +0100] "GET /Jurek/stema/feeds/stema_bigbang.xml HTTP/1.1" 200 861756 "-" "Python-urllib/3.11"
77.79.248.229 - - [14/Feb/2025:09:38:23 +0100] "GET /Jurek/sempler/feeds/sempler_bigbang.xml HTTP/1.1" 200 6553248 "-" "Python-urllib/3.11"
77.79.248.229 - - [14/Feb/2025:09:38:24 +0100] "GET /Jurek/benetech/feeds/benetech_bigbang.xml HTTP/1.1" 200 4451833 "-" "Python-urllib/3.11"
77.79.248.229 - - [14/Feb/2025:09:38:24 +0100] "GET /Jurek/ekuchcikowo/feeds/ekuchcikowo_bigbang.xml HTTP/1.1" 200 12778966 "-" "Python-urllib/3.11"
66.211.183.74 - - [14/Feb/2025:09:38:58 +0100] "GET /Jurek/topeshop/downloaded_images/5904507207465_20st_mijas_lewy_r%C3%B3%C5%BCowykopia.png HTTP/1.1" 200 253819 "-" "scalaj-http/2.4.2"
89.161.206.59 - - [14/Feb/2025:09:39:40 +0100] "GET /Jurek/eurofirany/feeds/eurofirany_skroutz.xml HTTP/1.0" 200 18891559 "-" "-"
89.161.206.59 - - [14/Feb/2025:09:39:43 +0100] "GET /Jurek/fertone/feeds/fertone_allegro.xml HTTP/1.0" 200 628589 "-" "-"
89.161.206.59 - - [14/Feb/2025:09:39:44 +0100] "GET /Jurek/kinghoff/feeds/kinghoff_amazon_de.xml HTTP/1.0" 200 14070227 "-" "-"
89.161.206.59 - - [14/Feb/2025:09:39:45 +0100] "GET /Jurek/bass/feeds/bass_amazonde.xml HTTP/1.0" 200 3985165 "-" "-"
89.161.206.59 - - [14/Feb/2025:09:39:46 +0100] "GET /Jurek/bass/feeds/bass_amazonit.xml HTTP/1.0" 200 3985265 "-" "-"
89.161.206.59 - - [14/Feb/2025:09:39:46 +0100] "GET /Jurek/bass/feeds/bass_amazonnl.xml HTTP/1.0" 200 3985266 "-" "-"
89.161.206.59 - - [14/Feb/2025:09:39:46 +0100] "GET /Jurek/bass/feeds/bass_amazones.xml HTTP/1.0" 200 3985402 "-" "-"
89.161.206.59 - - [14/Feb/2025:09:39:47 +0100] "GET /Jurek/bass/feeds/bass_amazonse.xml HTTP/1.0" 200 3987084 "-" "-"
89.161.206.59 - - [14/Feb/2025:09:39:59 +0100] "GET /Jurek/kambukka/feeds/kambukka_amazones.xml HTTP/1.0" 200 973294 "-" "-"
89.161.206.59 - - [14/Feb/2025:09:40:00 +0100] "GET /Jurek/waks/feeds/waks_amazonde.xml HTTP/1.0" 200 6332938 "-" "-"
89.161.206.59 - - [14/Feb/2025:09:40:00 +0100] "GET /Jurek/waks/feeds/waks_amazonfr.xml HTTP/1.0" 200 6332967 "-" "-"
89.161.206.59 - - [14/Feb/2025:09:40:02 +0100] "GET /Jurek/waks/feeds/waks_amazonse.xml HTTP/1.0" 200 6335514 "-" "-"
89.161.206.59 - - [14/Feb/2025:09:40:02 +0100] "GET /Jurek/hdwr/feeds/hdwr_amazonde.xml HTTP/1.0" 200 777776 "-" "-"
89.161.206.59 - - [14/Feb/2025:09:40:02 +0100] "GET /Jurek/hdwr/feeds/hdwr_amazonfr.xml HTTP/1.0" 200 777787 "-" "-"
89.161.206.59 - - [14/Feb/2025:09:40:04 +0100] "GET /Jurek/kambukka/feeds/kambukka_amazonde.xml HTTP/1.0" 200 973313 "-" "-"
89.161.206.59 - - [14/Feb/2025:09:40:04 +0100] "GET /Jurek/benetech/feeds/benetech_amazonde.xml HTTP/1.0" 200 4451802 "-" "-"
89.161.206.59 - - [14/Feb/2025:09:40:04 +0100] "GET /Jurek/sempler/feeds/sempler_amazonbe.xml HTTP/1.0" 200 6553226 "-" "-"
89.161.206.59 - - [14/Feb/2025:09:40:05 +0100] "GET /Jurek/kambukka/feeds/kambukka_amazonbe.xml HTTP/1.0" 200 973299 "-" "-"
89.161.206.59 - - [14/Feb/2025:09:40:06 +0100] "GET /Jurek/eroplace/feeds/eroplace_amazonse.xml HTTP/1.0" 200 30863180 "-" "-"
77.79.248.229 - - [14/Feb/2025:09:40:22 +0100] "GET /Jurek/kinghoff/feeds/kinghoff_SkroutzGR.xml HTTP/1.1" 200 14070246 "-" "Python-urllib/3.11"
77.79.248.229 - - [14/Feb/2025:09:40:23 +0100] "GET /Jurek/aw/feeds/awnarzedzia_skroutz.xml HTTP/1.1" 200 90264283 "-" "Python-urllib/3.11"
77.79.248.229 - - [14/Feb/2025:09:40:23 +0100] "GET /Jurek/eurofirany/feeds/eurofirany_skroutz.xml HTTP/1.1" 200 18891559 "-" "Python-urllib/3.11"
77.79.248.229 - - [14/Feb/2025:09:40:24 +0100] "GET /Jurek/fernity/feeds/fernity_skroutz.xml HTTP/1.1" 200 5090323 "-" "Python-urllib/3.11"
89.161.206.59 - - [14/Feb/2025:09:40:36 +0100] "GET /Jurek/b3/feeds/b3_amazones.xml HTTP/1.0" 200 7296227 "-" "-"
89.161.206.59 - - [14/Feb/2025:09:40:38 +0100] "GET /Jurek/b3/feeds/b3_amazonbe.xml HTTP/1.0" 200 7296045 "-" "-"
66.249.66.68 - - [14/Feb/2025:09:41:03 +0100] "GET /Jurek/topeshop/downloaded_images/5904507201876_KUBABIURKOBRY%C5%81KAANTRACYTFRONTZM.jpg HTTP/1.1" 404 3551 "-" "Googlebot-Image/1.0"
66.211.183.72 - - [14/Feb/2025:09:41:09 +0100] "GET /Jurek/topeshop/downloaded_images/5902838467688_2_sonoma.jpg HTTP/1.1" 404 3551 "-" "scalaj-http/2.4.2"
46.101.116.244 - - [14/Feb/2025:09:41:42 +0100] "GET /Jurek/aw/feeds/aw_fnacfr.xml HTTP/1.0" 404 3551 "-" "-"
46.101.116.244 - - [14/Feb/2025:09:42:28 +0100] "GET /Filip/feeds/xlsx_ceneo.xml HTTP/1.0" 200 6241376 "-" "-"
51.77.52.107 - - [14/Feb/2025:09:42:29 +0100] "POST /Filip/Rovicky/baselinker/baselinker-ceneo-shumee.php HTTP/2.0" 200 106776 "-" "BaseLinker/1.0"
66.211.183.72 - - [14/Feb/2025:09:42:31 +0100] "GET /Jurek/topeshop/downloaded_images/5904507200169_MIJASBIURKOBRY%C5%81KASONOMALEWEBOKZM.jpg HTTP/1.1" 404 3551 "-" "scalaj-http/2.4.2"
46.101.116.244 - - [14/Feb/2025:09:42:36 +0100] "GET /Jurek/topeshop/feeds/topeshop_skr.xml HTTP/1.0" 200 2403418 "-" "-"
89.161.206.59 - - [14/Feb/2025:09:43:24 +0100] "GET /Jurek/asortymenteu/feeds/asortymenteu_skroutz_great.xml HTTP/1.0" 200 2526767 "-" "-"
77.79.248.229 - - [14/Feb/2025:09:44:11 +0100] "GET /Jurek/kinghoff/feeds/kinghoff_rakuten.xml HTTP/1.1" 200 14070010 "-" "Python-urllib/3.11"
66.135.195.18 - - [14/Feb/2025:09:44:21 +0100] "GET /Jurek/topeshop/downloaded_images/5902838468838_DUOSONOMABRY%C5%81KAFRONTZM.jpg HTTP/1.1" 404 3551 "http://www.ebay.com/" "Mozilla/4.0 (compatible; MSIE 4.01; Windows NT)"
66.135.195.18 - - [14/Feb/2025:09:44:21 +0100] "GET /Jurek/topeshop/downloaded_images/5902838468838_SONOMABOKZM.jpg HTTP/1.1" 404 3551 "http://www.ebay.com/" "Mozilla/4.0 (compatible; MSIE 4.01; Windows NT)"
66.135.195.16 - - [14/Feb/2025:09:44:21 +0100] "GET /Jurek/topeshop/downloaded_images/5902838468838_SONOMABOKOT.jpg HTTP/1.1" 404 3551 "http://www.ebay.com/" "Mozilla/4.0 (compatible; MSIE 4.01; Windows NT)"
66.135.195.16 - - [14/Feb/2025:09:44:21 +0100] "GET /Jurek/topeshop/downloaded_images/5902838468838_SONOMAFRONTZM.jpg HTTP/1.1" 404 3551 "http://www.ebay.com/" "Mozilla/4.0 (compatible; MSIE 4.01; Windows NT)"
66.135.195.20 - - [14/Feb/2025:09:44:21 +0100] "GET /Jurek/topeshop/downloaded_images/5902838468838_DUOSONOMABRY%C5%81KABOKZM.jpg HTTP/1.1" 404 3551 "http://www.ebay.com/" "Mozilla/4.0 (compatible; MSIE 4.01; Windows NT)"
66.135.195.18 - - [14/Feb/2025:09:44:21 +0100] "GET /Jurek/topeshop/downloaded_images/5902838468838_DUOSONOMABRY%C5%81KABOKOT.jpg HTTP/1.1" 404 3551 "http://www.ebay.com/" "Mozilla/4.0 (compatible; MSIE 4.01; Windows NT)"
66.135.195.16 - - [14/Feb/2025:09:44:21 +0100] "GET /Jurek/topeshop/downloaded_images/5902838468838_SONOMAFRONTOT.jpg HTTP/1.1" 404 3551 "http://www.ebay.com/" "Mozilla/4.0 (compatible; MSIE 4.01; Windows NT)"
66.135.195.20 - - [14/Feb/2025:09:44:21 +0100] "GET /Jurek/topeshop/downloaded_images/5902838468838_DUOSONOMABRY%C5%81KAFRONTOT.jpg HTTP/1.1" 404 3551 "http://www.ebay.com/" "Mozilla/4.0 (compatible; MSIE 4.01; Windows NT)"
193.33.8.61 - - [14/Feb/2025:09:44:22 +0100] "GET /Jurek/topeshop/downloaded_images/5902838468883_1_bia%C5%82e_t%C5%82o.jpg HTTP/2.0" 200 33484 "-" "Mozilla/5.0 (Windows NT 10.0; Win64; x64) AppleWebKit/537.36 (KHTML, like Gecko) Chrome/132.0.0.0 Safari/537.36"
193.33.8.61 - - [14/Feb/2025:09:44:27 +0100] "GET /Jurek/topeshop/downloaded_images/5902838468883_3_bia%C5%82e_t%C5%82o.jpg HTTP/2.0" 200 33600 "-" "Mozilla/5.0 (Windows NT 10.0; Win64; x64) AppleWebKit/537.36 (KHTML, like Gecko) Chrome/132.0.0.0 Safari/537.36"
66.211.183.72 - - [14/Feb/2025:09:45:04 +0100] "GET /Jurek/topeshop/downloaded_images/5904507206611_DUOANTRACYTCZERNBRYLKABOKZM.jpg HTTP/1.1" 404 3551 "-" "scalaj-http/2.4.2"
46.101.116.244 - - [14/Feb/2025:09:45:51 +0100] "GET /Jurek/aw/feeds/aw_fnacfr.xml HTTP/1.0" 404 3551 "-" "-"
46.101.116.244 - - [14/Feb/2025:09:46:33 +0100] "GET /Filip/feeds/xlsx_ceneo.xml HTTP/1.0" 200 6241376 "-" "-"
51.77.52.107 - - [14/Feb/2025:09:46:33 +0100] "POST /Filip/Rovicky/baselinker/baselinker-ceneo-shumee.php HTTP/2.0" 200 106776 "-" "BaseLinker/1.0"
193.33.8.61 - - [14/Feb/2025:09:48:28 +0100] "GET /Jurek/intsell/feeds/intsell_skroutz.xml HTTP/2.0" 200 12861440 "-" "Mozilla/5.0 (Windows NT 10.0; Win64; x64) AppleWebKit/537.36 (KHTML, like Gecko) Chrome/132.0.0.0 Safari/537.36"
77.79.248.229 - - [14/Feb/2025:09:48:32 +0100] "GET /Jurek/intsell/feeds/intsell_skroutz.xml HTTP/1.1" 200 206738516 "-" "Python-urllib/3.11"
66.249.66.68 - - [14/Feb/2025:09:48:43 +0100] "GET /Jurek/eurofirany/images/387144/8.jpg HTTP/1.1" 200 124619 "-" "Googlebot-Image/1.0"
89.161.206.59 - - [14/Feb/2025:09:49:16 +0100] "GET /Jurek/oromed/feeds/oromed_amazones.xml HTTP/1.0" 200 958060 "-" "-"
89.161.206.59 - - [14/Feb/2025:09:49:16 +0100] "GET /Jurek/oromed/feeds/oromed_amazonse.xml HTTP/1.0" 200 958223 "-" "-"
89.161.206.59 - - [14/Feb/2025:09:49:16 +0100] "GET /Jurek/oromed/feeds/oromed_amazonbe.xml HTTP/1.0" 200 958047 "-" "-"
89.161.206.59 - - [14/Feb/2025:09:49:16 +0100] "GET /Jurek/oromed/feeds/oromed_amazonfr.xml HTTP/1.0" 200 958047 "-" "-"
89.161.206.59 - - [14/Feb/2025:09:49:16 +0100] "GET /Jurek/oromed/feeds/oromed_amazonit.xml HTTP/1.0" 200 958038 "-" "-"
193.33.8.61 - - [14/Feb/2025:09:50:52 +0100] "GET /Jurek/topeshop/downloaded_images/5904507200435_1_poprawka_t%C5%82o.jpg HTTP/2.0" 200 34042 "-" "Mozilla/5.0 (Windows NT 10.0; Win64; x64) AppleWebKit/537.36 (KHTML, like Gecko) Chrome/132.0.0.0 Safari/537.36"
193.33.8.61 - - [14/Feb/2025:09:50:58 +0100] "GET /Jurek/topeshop/downloaded_images/5904507200435_3_poprawka_t%C5%82o.jpg HTTP/2.0" 200 34283 "-" "Mozilla/5.0 (Windows NT 10.0; Win64; x64) AppleWebKit/537.36 (KHTML, like Gecko) Chrome/132.0.0.0 Safari/537.36"
46.101.116.244 - - [14/Feb/2025:09:51:04 +0100] "GET /Jurek/aw/feeds/aw_fnacfr.xml HTTP/1.0" 404 3551 "-" "-"
46.101.116.244 - - [14/Feb/2025:09:51:20 +0100] "GET /Jurek/kinghoff/feeds/kinghoff_amazon_de.xml HTTP/1.0" 200 14070227 "-" "-"
89.161.206.59 - - [14/Feb/2025:09:51:21 +0100] "GET /Jurek/kobi/feeds/kobi_skroutz.xml HTTP/1.0" 200 1993283 "-" "-"
89.161.206.59 - - [14/Feb/2025:09:51:22 +0100] "GET /Jurek/evil/feeds/evil_skroutz.xml HTTP/1.0" 200 252478 "-" "-"
89.161.206.59 - - [14/Feb/2025:09:51:26 +0100] "GET /Jurek/sartrix/feeds/sartrix_skroutz.xml HTTP/1.0" 200 649151 "-" "-"
89.161.206.59 - - [14/Feb/2025:09:51:27 +0100] "GET /Jurek/twojsklep/feeds/twojsklep_skroutz.xml HTTP/1.0" 200 126787 "-" "-"
89.161.206.59 - - [14/Feb/2025:09:51:28 +0100] "GET /Jurek/luxma/feeds/luxma_skroutz.xml HTTP/1.0" 200 4420073 "-" "-"
89.161.206.59 - - [14/Feb/2025:09:51:28 +0100] "GET /Jurek/drewdon/feeds/drewdon_skroutz.xml HTTP/1.0" 200 504472 "-" "-"
89.161.206.59 - - [14/Feb/2025:09:51:33 +0100] "GET /Jurek/zepnij/feeds/zepnij_skroutz.xml HTTP/1.0" 200 19522975 "-" "-"
89.161.206.59 - - [14/Feb/2025:09:51:35 +0100] "GET /Jurek/qbox/feeds/qbox_skroutz.xml HTTP/1.0" 200 398697 "-" "-"
46.101.116.244 - - [14/Feb/2025:09:51:46 +0100] "GET /Jurek/action/feeds/action_velo.xml HTTP/1.0" 200 55177533 "-" "-"
89.161.206.59 - - [14/Feb/2025:09:51:46 +0100] "GET /Jurek/ekotex/feeds/ekotex_skroutz.xml HTTP/1.0" 200 197841 "-" "-"
89.161.206.59 - - [14/Feb/2025:09:51:47 +0100] "GET /Jurek/motofan/feeds/motofan_skroutz.xml HTTP/1.0" 200 2392432 "-" "-"
46.101.116.244 - - [14/Feb/2025:09:52:10 +0100] "GET /Jurek/eurofirany/feeds/eurofirany_allegro.xml HTTP/1.0" 200 18895546 "-" "-"
77.79.248.229 - - [14/Feb/2025:09:52:17 +0100] "GET /Jurek/intsell/feeds/intsell_skroutz.xml HTTP/1.1" 200 206738516 "-" "Python-urllib/3.11"
46.101.116.244 - - [14/Feb/2025:09:52:19 +0100] "GET /Jurek/victoria/feeds/victoria_pl_velo.xml HTTP/1.0" 200 14741209 "-" "-"
46.101.116.244 - - [14/Feb/2025:09:52:36 +0100] "GET /Jurek/hurtownia_przemyslowa/feeds/hp_bol.xml HTTP/1.0" 200 49866680 "-" "-"
46.101.116.244 - - [14/Feb/2025:09:52:50 +0100] "GET /Jurek/kinghoff/feeds/kinghoff_bol.xml HTTP/1.0" 200 14070141 "-" "-"
89.161.206.59 - - [14/Feb/2025:09:52:58 +0100] "GET /Jurek/sempler/feeds/sempler_BOL.xml HTTP/1.0" 200 6553233 "-" "-"
89.161.206.59 - - [14/Feb/2025:09:52:59 +0100] "GET /Jurek/eroplace/feeds/eroplace_bol.xml HTTP/1.0" 200 30849016 "-" "-"
89.161.206.59 - - [14/Feb/2025:09:53:01 +0100] "GET /Jurek/waks/feeds/waks_bol.xml HTTP/1.0" 200 6332988 "-" "-"
89.161.206.59 - - [14/Feb/2025:09:53:01 +0100] "GET /Jurek/benetech/feeds/benetech_bol.xml HTTP/1.0" 200 4451836 "-" "-"
89.161.206.59 - - [14/Feb/2025:09:53:02 +0100] "GET /Jurek/oromed/feeds/oromed_BOL.xml HTTP/1.0" 200 958033 "-" "-"
89.161.206.59 - - [14/Feb/2025:09:53:02 +0100] "GET /Jurek/narzbud/feeds/narzbud_bol.xml HTTP/1.0" 200 1610526 "-" "-"
89.161.206.59 - - [14/Feb/2025:09:53:03 +0100] "GET /Jurek/artdog/feeds/artdog_bol.xml HTTP/1.0" 200 15928185 "-" "-"
89.161.206.59 - - [14/Feb/2025:09:53:04 +0100] "GET /Jurek/ekuchcikowo/feeds/ekuchcikowo_bol.xml HTTP/1.0" 200 12779019 "-" "-"
89.161.206.59 - - [14/Feb/2025:09:53:05 +0100] "GET /Jurek/ekolight/feeds/ekolight_bol.xml HTTP/1.0" 200 9051573 "-" "-"
89.161.206.59 - - [14/Feb/2025:09:53:06 +0100] "GET /Jurek/galopi/feeds/galopi_bol.xml HTTP/1.0" 200 1884696 "-" "-"
89.161.206.59 - - [14/Feb/2025:09:53:06 +0100] "GET /Jurek/erohurtownia/feeds/erohurtownia_bol.xml HTTP/1.0" 200 23303992 "-" "-"
89.161.206.59 - - [14/Feb/2025:09:53:08 +0100] "GET /Jurek/urwiskowo/feeds/urwiskowo_bol.xml HTTP/1.0" 200 9115000 "-" "-"
89.161.206.59 - - [14/Feb/2025:09:53:09 +0100] "GET /Jurek/livinhill/feeds/livinhill_bol.xml HTTP/1.0" 200 1430972 "-" "-"
89.161.206.59 - - [14/Feb/2025:09:53:09 +0100] "GET /Jurek/combine/feeds/combine_bol.xml HTTP/1.0" 200 210557 "-" "-"
89.161.206.59 - - [14/Feb/2025:09:53:09 +0100] "GET /Jurek/eurofryz2/feeds/eurofryz2_bol.xml HTTP/1.0" 200 1376590 "-" "-"
89.161.206.59 - - [14/Feb/2025:09:53:10 +0100] "GET /Jurek/spali/feeds/spali_bol.xml HTTP/1.0" 200 101946 "-" "-"
89.161.206.59 - - [14/Feb/2025:09:53:10 +0100] "GET /Jurek/eurofryz/feeds/eurofryz_bol.xml HTTP/1.0" 200 2388371 "-" "-"
89.161.206.59 - - [14/Feb/2025:09:53:10 +0100] "GET /Jurek/eurofryz3/feeds/eurofryz3_bol.xml HTTP/1.0" 200 172217 "-" "-"
89.161.206.59 - - [14/Feb/2025:09:53:14 +0100] "GET /Jurek/bass_new/feeds/bass_bol.xml HTTP/1.0" 200 7040937 "-" "-"
89.161.206.59 - - [14/Feb/2025:09:53:17 +0100] "GET /Jurek/hurtmeblowy/feeds/hurtmeblowy_bol.xml HTTP/1.0" 200 8038369 "-" "-"
89.161.206.59 - - [14/Feb/2025:09:53:19 +0100] "GET /Jurek/kobi/feeds/kobi_bol.xml HTTP/1.0" 200 1993269 "-" "-"
89.161.206.59 - - [14/Feb/2025:09:53:19 +0100] "GET /Jurek/motofan/feeds/motofan_bol.xml HTTP/1.0" 200 2392414 "-" "-"
89.161.206.59 - - [14/Feb/2025:09:53:20 +0100] "GET /Jurek/emaja24/feeds/emaja24_bol.xml HTTP/1.0" 200 5110137 "-" "-"
89.161.206.59 - - [14/Feb/2025:09:53:21 +0100] "GET /Jurek/rider/feeds/rider_bol.xml HTTP/1.0" 200 8165133 "-" "-"
89.161.206.59 - - [14/Feb/2025:09:53:22 +0100] "GET /Jurek/eldar/feeds/eldar_bol.xml HTTP/1.0" 200 7329345 "-" "-"
89.161.206.59 - - [14/Feb/2025:09:53:23 +0100] "GET /Jurek/zepnij/feeds/zepnij_bol.xml HTTP/1.0" 200 19523035 "-" "-"
89.161.206.59 - - [14/Feb/2025:09:53:24 +0100] "GET /Jurek/primohurt/feeds/primohurt_bol.xml HTTP/1.0" 200 17186572 "-" "-"
89.161.206.59 - - [14/Feb/2025:09:53:26 +0100] "GET /Jurek/najtanszysport/feeds/najtanszysport_bol.xml HTTP/1.0" 200 3982913 "-" "-"
89.161.206.59 - - [14/Feb/2025:09:53:29 +0100] "GET /Jurek/aiofactory/feeds/aiofactory_bol.xml HTTP/1.0" 200 2078110 "-" "-"
46.101.116.244 - - [14/Feb/2025:09:53:31 +0100] "GET /Jurek/rovicky/feeds/rovicky_zalando.xml HTTP/1.0" 200 14312887 "-" "-"
46.101.116.244 - - [14/Feb/2025:09:53:35 +0100] "GET /Jurek/rovicky/feeds/rovicky_zalPL.xml HTTP/1.0" 200 14188462 "-" "-"
46.101.116.244 - - [14/Feb/2025:09:53:43 +0100] "GET /Filip/feeds/xlsx_ceneo.xml HTTP/1.0" 200 6241376 "-" "-"
85.232.241.194 - - [14/Feb/2025:09:53:45 +0100] "GET /Filip/Rovicky/xlsx_ceneo.xml HTTP/1.1" 200 3255746 "-" "-"
51.77.52.107 - - [14/Feb/2025:09:53:48 +0100] "POST /Filip/Rovicky/baselinker/baselinker-ceneo-shumee.php HTTP/2.0" 200 106776 "-" "BaseLinker/1.0"
193.33.8.61 - - [14/Feb/2025:09:54:22 +0100] "GET /Jurek/erohurtownia/feeds/erohurtownia_piguEX.xml HTTP/2.0" 200 23299355 "https://konsola.dkkapusta1997.usermd.net/" "Mozilla/5.0 (Windows NT 10.0; Win64; x64) AppleWebKit/537.36 (KHTML, like Gecko) Chrome/132.0.0.0 Safari/537.36"
89.161.206.59 - - [14/Feb/2025:09:55:03 +0100] "GET /Jurek/eurofryz/feeds/eurofryz_skroutz.xml HTTP/1.0" 200 2388385 "-" "-"
193.33.8.61 - - [14/Feb/2025:09:55:20 +0100] "GET /Jurek/erohurtownia/feeds/erohurtownia_pigufiEX.xml HTTP/2.0" 200 21053422 "https://konsola.dkkapusta1997.usermd.net/" "Mozilla/5.0 (Windows NT 10.0; Win64; x64) AppleWebKit/537.36 (KHTML, like Gecko) Chrome/132.0.0.0 Safari/537.36"
193.33.8.61 - - [14/Feb/2025:09:55:42 +0100] "GET /Jurek/erohurtownia/feeds/erohurtownia_piguEX.xml HTTP/2.0" 304 0 "https://konsola.dkkapusta1997.usermd.net/" "Mozilla/5.0 (Windows NT 10.0; Win64; x64) AppleWebKit/537.36 (KHTML, like Gecko) Chrome/132.0.0.0 Safari/537.36"
46.101.116.244 - - [14/Feb/2025:09:55:49 +0100] "GET /Jurek/aw/feeds/aw_fnacfr.xml HTTP/1.0" 404 3551 "-" "-"
46.101.116.244 - - [14/Feb/2025:09:56:02 +0100] "GET /Jurek/kinghoff/feeds/kinghoff_ceneo.xml HTTP/1.0" 200 14070989 "-" "-"
46.101.116.244 - - [14/Feb/2025:09:56:06 +0100] "GET /Jurek/barbecook/feeds/barbecook_allegro.xml HTTP/1.0" 200 87554 "-" "-"
193.33.8.61 - - [14/Feb/2025:09:56:12 +0100] "GET /Jurek/reman/feeds/reman_piguEX.xml HTTP/2.0" 200 1394737 "https://konsola.dkkapusta1997.usermd.net/" "Mozilla/5.0 (Windows NT 10.0; Win64; x64) AppleWebKit/537.36 (KHTML, like Gecko) Chrome/132.0.0.0 Safari/537.36"
46.101.116.244 - - [14/Feb/2025:09:56:13 +0100] "GET /Jurek/vida_morele/feeds/vidaPL_velomarket_category4.xml HTTP/1.0" 200 51753918 "-" "-"
193.33.8.61 - - [14/Feb/2025:09:56:22 +0100] "GET /Jurek/reman/feeds/reman_pigufiEX.xml HTTP/2.0" 200 1394737 "https://konsola.dkkapusta1997.usermd.net/" "Mozilla/5.0 (Windows NT 10.0; Win64; x64) AppleWebKit/537.36 (KHTML, like Gecko) Chrome/132.0.0.0 Safari/537.36"
46.101.116.244 - - [14/Feb/2025:09:56:41 +0100] "GET /Filip/feeds/xlsx_ceneo.xml HTTP/1.0" 200 6241376 "-" "-"
51.77.52.107 - - [14/Feb/2025:09:56:41 +0100] "POST /Filip/Rovicky/baselinker/baselinker-ceneo-shumee.php HTTP/2.0" 200 106776 "-" "BaseLinker/1.0"
85.232.241.194 - - [14/Feb/2025:09:56:58 +0100] "GET /Jurek/amzteam/feeds/amzteam_cdon_se.xml HTTP/1.1" 200 97929 "-" "python-requests/2.32.3"
85.232.241.194 - - [14/Feb/2025:09:56:58 +0100] "GET /Jurek/amzteam/feeds/amzteam_cdon_dk.xml HTTP/1.1" 200 97915 "-" "python-requests/2.32.3"
85.232.241.194 - - [14/Feb/2025:09:56:58 +0100] "GET /Jurek/amzteam/feeds/amzteam_cdon_fi.xml HTTP/1.1" 200 97881 "-" "python-requests/2.32.3"
85.232.241.194 - - [14/Feb/2025:09:57:01 +0100] "GET /Jurek/b3/feeds/b3_cdon_se.xml HTTP/1.1" 200 7323851 "-" "python-requests/2.32.3"
85.232.241.194 - - [14/Feb/2025:09:57:01 +0100] "GET /Jurek/b3/feeds/b3_cdon_dk.xml HTTP/1.1" 200 7323390 "-" "python-requests/2.32.3"
85.232.241.194 - - [14/Feb/2025:09:57:01 +0100] "GET /Jurek/b3/feeds/b3_cdon_fi.xml HTTP/1.1" 200 7320683 "-" "python-requests/2.32.3"
85.232.241.194 - - [14/Feb/2025:09:57:01 +0100] "GET /Jurek/oromed/feeds/oromed_cdon_se.xml HTTP/1.1" 200 958219 "-" "python-requests/2.32.3"
85.232.241.194 - - [14/Feb/2025:09:57:01 +0100] "GET /Jurek/oromed/feeds/oromed_cdon_dk.xml HTTP/1.1" 200 958202 "-" "python-requests/2.32.3"
85.232.241.194 - - [14/Feb/2025:09:57:01 +0100] "GET /Jurek/oromed/feeds/oromed_cdon_fi.xml HTTP/1.1" 200 958046 "-" "python-requests/2.32.3"
85.232.241.194 - - [14/Feb/2025:09:57:01 +0100] "GET /Jurek/ralmetal/feeds/ralmetal_cdon_se.xml HTTP/1.1" 200 1787540 "-" "python-requests/2.32.3"
85.232.241.194 - - [14/Feb/2025:09:57:01 +0100] "GET /Jurek/ralmetal/feeds/ralmetal_cdon_dk.xml HTTP/1.1" 200 1787486 "-" "python-requests/2.32.3"
85.232.241.194 - - [14/Feb/2025:09:57:01 +0100] "GET /Jurek/ralmetal/feeds/ralmetal_cdon_fi.xml HTTP/1.1" 200 1786813 "-" "python-requests/2.32.3"
85.232.241.194 - - [14/Feb/2025:09:57:01 +0100] "GET /Jurek/drops/feeds/dropsofficecolection_cdon_se.xml HTTP/1.1" 200 788402 "-" "python-requests/2.32.3"
85.232.241.194 - - [14/Feb/2025:09:57:01 +0100] "GET /Jurek/drops/feeds/dropsofficecolection_cdon_dk.xml HTTP/1.1" 200 788348 "-" "python-requests/2.32.3"
85.232.241.194 - - [14/Feb/2025:09:57:01 +0100] "GET /Jurek/drops/feeds/dropsofficecolection_cdon_fi.xml HTTP/1.1" 200 787898 "-" "python-requests/2.32.3"
85.232.241.194 - - [14/Feb/2025:09:57:01 +0100] "GET /Jurek/narzbud/feeds/narzbud_cdon_se.xml HTTP/1.1" 200 1611259 "-" "python-requests/2.32.3"
85.232.241.194 - - [14/Feb/2025:09:57:01 +0100] "GET /Jurek/narzbud/feeds/narzbud_cdon_dk.xml HTTP/1.1" 200 1611260 "-" "python-requests/2.32.3"
85.232.241.194 - - [14/Feb/2025:09:57:01 +0100] "GET /Jurek/narzbud/feeds/narzbud_cdon_fi.xml HTTP/1.1" 200 1610522 "-" "python-requests/2.32.3"
85.232.241.194 - - [14/Feb/2025:09:57:01 +0100] "GET /Jurek/szpaklampy/feeds/szpaklampy_cdon_se.xml HTTP/1.1" 200 416623 "-" "python-requests/2.32.3"
85.232.241.194 - - [14/Feb/2025:09:57:01 +0100] "GET /Jurek/szpaklampy/feeds/szpaklampy_cdon_dk.xml HTTP/1.1" 200 416588 "-" "python-requests/2.32.3"
85.232.241.194 - - [14/Feb/2025:09:57:01 +0100] "GET /Jurek/szpaklampy/feeds/szpaklampy_cdon_fi.xml HTTP/1.1" 200 416466 "-" "python-requests/2.32.3"
85.232.241.194 - - [14/Feb/2025:09:57:01 +0100] "GET /Jurek/fertone/feeds/fertone_cdon_se.xml HTTP/1.1" 200 628854 "-" "python-requests/2.32.3"
85.232.241.194 - - [14/Feb/2025:09:57:01 +0100] "GET /Jurek/fertone/feeds/fertone_cdon_dk.xml HTTP/1.1" 200 628813 "-" "python-requests/2.32.3"
85.232.241.194 - - [14/Feb/2025:09:57:01 +0100] "GET /Jurek/fertone/feeds/fertone_cdon_fi.xml HTTP/1.1" 200 628348 "-" "python-requests/2.32.3"
85.232.241.194 - - [14/Feb/2025:09:57:01 +0100] "GET /Jurek/ekuchcikowo/feeds/ekuchcikowo_cdon_se.xml HTTP/1.1" 200 12781684 "-" "python-requests/2.32.3"
85.232.241.194 - - [14/Feb/2025:09:57:01 +0100] "GET /Jurek/ekuchcikowo/feeds/ekuchcikowo_cdon_dk.xml HTTP/1.1" 200 12781437 "-" "python-requests/2.32.3"
85.232.241.194 - - [14/Feb/2025:09:57:01 +0100] "GET /Jurek/ekuchcikowo/feeds/ekuchcikowo_cdon_fi.xml HTTP/1.1" 200 12779178 "-" "python-requests/2.32.3"
85.232.241.194 - - [14/Feb/2025:09:57:01 +0100] "GET /Jurek/galopi/feeds/galopi_cdon_se.xml HTTP/1.1" 200 1885161 "-" "python-requests/2.32.3"
85.232.241.194 - - [14/Feb/2025:09:57:01 +0100] "GET /Jurek/galopi/feeds/galopi_cdon_dk.xml HTTP/1.1" 200 1885143 "-" "python-requests/2.32.3"
85.232.241.194 - - [14/Feb/2025:09:57:01 +0100] "GET /Jurek/galopi/feeds/galopi_cdon_fi.xml HTTP/1.1" 200 1884702 "-" "python-requests/2.32.3"
85.232.241.194 - - [14/Feb/2025:09:57:01 +0100] "GET /Jurek/spali/feeds/spali_cdon_se.xml HTTP/1.1" 200 101978 "-" "python-requests/2.32.3"
85.232.241.194 - - [14/Feb/2025:09:57:05 +0100] "GET /Jurek/spali/feeds/spali_cdon_dk.xml HTTP/1.1" 200 101974 "-" "python-requests/2.32.3"
85.232.241.194 - - [14/Feb/2025:09:57:05 +0100] "GET /Jurek/spali/feeds/spali_cdon_fi.xml HTTP/1.1" 200 101948 "-" "python-requests/2.32.3"
85.232.241.194 - - [14/Feb/2025:09:57:05 +0100] "GET /Jurek/combine/feeds/combine_cdon_se.xml HTTP/1.1" 200 210580 "-" "python-requests/2.32.3"
85.232.241.194 - - [14/Feb/2025:09:57:05 +0100] "GET /Jurek/combine/feeds/combine_cdon_dk.xml HTTP/1.1" 200 210586 "-" "python-requests/2.32.3"
85.232.241.194 - - [14/Feb/2025:09:57:05 +0100] "GET /Jurek/combine/feeds/combine_cdon_fi.xml HTTP/1.1" 200 210558 "-" "python-requests/2.32.3"
85.232.241.194 - - [14/Feb/2025:09:57:05 +0100] "GET /Jurek/targethome/feeds/targethome_cdon_se.xml HTTP/1.1" 200 683728 "-" "python-requests/2.32.3"
85.232.241.194 - - [14/Feb/2025:09:57:05 +0100] "GET /Jurek/targethome/feeds/targethome_cdon_dk.xml HTTP/1.1" 200 683690 "-" "python-requests/2.32.3"
85.232.241.194 - - [14/Feb/2025:09:57:05 +0100] "GET /Jurek/targethome/feeds/targethome_cdon_fi.xml HTTP/1.1" 200 683594 "-" "python-requests/2.32.3"
85.232.241.194 - - [14/Feb/2025:09:57:05 +0100] "GET /Jurek/ekolight/feeds/ekolioght_cdon_se.xml HTTP/1.1" 200 9055529 "-" "python-requests/2.32.3"
85.232.241.194 - - [14/Feb/2025:09:57:05 +0100] "GET /Jurek/ekolight/feeds/ekolioght_cdon_dk.xml HTTP/1.1" 200 9054886 "-" "python-requests/2.32.3"
85.232.241.194 - - [14/Feb/2025:09:57:05 +0100] "GET /Jurek/ekolight/feeds/ekolioght_cdon_fi.xml HTTP/1.1" 200 9051709 "-" "python-requests/2.32.3"
85.232.241.194 - - [14/Feb/2025:09:57:05 +0100] "GET /Jurek/eroplace/feeds/eroplace_cdon_se.xml HTTP/1.1" 200 30863248 "-" "python-requests/2.32.3"
77.79.248.229 - - [14/Feb/2025:09:57:06 +0100] "GET /Jurek/intsell/feeds/intsell_skroutz.xml HTTP/1.1" 200 206738516 "-" "Python-urllib/3.11"
193.33.8.61 - - [14/Feb/2025:09:57:07 +0100] "GET /Jurek/urwiskowo/feeds/urwiskowo_piguEX.xml HTTP/2.0" 200 9114181 "https://konsola.dkkapusta1997.usermd.net/" "Mozilla/5.0 (Windows NT 10.0; Win64; x64) AppleWebKit/537.36 (KHTML, like Gecko) Chrome/132.0.0.0 Safari/537.36"
85.232.241.194 - - [14/Feb/2025:09:57:11 +0100] "GET /Jurek/eroplace/feeds/eroplace_cdon_dk.xml HTTP/1.1" 200 30862085 "-" "python-requests/2.32.3"
85.232.241.194 - - [14/Feb/2025:09:57:11 +0100] "GET /Jurek/eroplace/feeds/eroplace_cdon_fi.xml HTTP/1.1" 200 30849391 "-" "python-requests/2.32.3"
85.232.241.194 - - [14/Feb/2025:09:57:11 +0100] "GET /Jurek/velinda/feeds/velinda_cdon_se.xml HTTP/1.1" 200 4297217 "-" "python-requests/2.32.3"
85.232.241.194 - - [14/Feb/2025:09:57:11 +0100] "GET /Jurek/velinda/feeds/velinda_cdon_dk.xml HTTP/1.1" 200 4283584 "-" "python-requests/2.32.3"
85.232.241.194 - - [14/Feb/2025:09:57:11 +0100] "GET /Jurek/velinda/feeds/velinda_cdon_fi.xml HTTP/1.1" 200 4282500 "-" "python-requests/2.32.3"
85.232.241.194 - - [14/Feb/2025:09:57:11 +0100] "GET /Jurek/bass_new/feeds/bass_cdon_se.xml HTTP/1.1" 200 7043212 "-" "python-requests/2.32.3"
85.232.241.194 - - [14/Feb/2025:09:57:11 +0100] "GET /Jurek/bass_new/feeds/bass_cdon_dk.xml HTTP/1.1" 200 7042959 "-" "python-requests/2.32.3"
85.232.241.194 - - [14/Feb/2025:09:57:11 +0100] "GET /Jurek/bass_new/feeds/bass_cdon_fi.xml HTTP/1.1" 200 7040989 "-" "python-requests/2.32.3"
85.232.241.194 - - [14/Feb/2025:09:57:14 +0100] "GET /Jurek/evil/feeds/evil_cdon_se.xml HTTP/1.1" 200 306452 "-" "python-requests/2.32.3"
85.232.241.194 - - [14/Feb/2025:09:57:14 +0100] "GET /Jurek/evil/feeds/evil_cdon_dk.xml HTTP/1.1" 200 306442 "-" "python-requests/2.32.3"
85.232.241.194 - - [14/Feb/2025:09:57:14 +0100] "GET /Jurek/evil/feeds/evil_cdon_fi.xml HTTP/1.1" 200 306379 "-" "python-requests/2.32.3"
85.232.241.194 - - [14/Feb/2025:09:57:14 +0100] "GET /Jurek/wenom/feeds/wenom_cdon_se.xml HTTP/1.1" 200 583274 "-" "python-requests/2.32.3"
85.232.241.194 - - [14/Feb/2025:09:57:14 +0100] "GET /Jurek/wenom/feeds/wenom_cdon_dk.xml HTTP/1.1" 200 583276 "-" "python-requests/2.32.3"
85.232.241.194 - - [14/Feb/2025:09:57:14 +0100] "GET /Jurek/wenom/feeds/wenom_cdon_fi.xml HTTP/1.1" 200 583217 "-" "python-requests/2.32.3"
85.232.241.194 - - [14/Feb/2025:09:57:14 +0100] "GET /Jurek/antiodor/feeds/antiodor_cdon_se.xml HTTP/1.1" 200 137892 "-" "python-requests/2.32.3"
85.232.241.194 - - [14/Feb/2025:09:57:14 +0100] "GET /Jurek/antiodor/feeds/antiodor_cdon_dk.xml HTTP/1.1" 200 137892 "-" "python-requests/2.32.3"
85.232.241.194 - - [14/Feb/2025:09:57:14 +0100] "GET /Jurek/antiodor/feeds/antiodor_cdon_fi.xml HTTP/1.1" 200 137858 "-" "python-requests/2.32.3"
85.232.241.194 - - [14/Feb/2025:09:57:14 +0100] "GET /Jurek/sartrix/feeds/sartrix_cdon_se.xml HTTP/1.1" 200 649358 "-" "python-requests/2.32.3"
85.232.241.194 - - [14/Feb/2025:09:57:14 +0100] "GET /Jurek/sartrix/feeds/sartrix_cdon_dk.xml HTTP/1.1" 200 649353 "-" "python-requests/2.32.3"
85.232.241.194 - - [14/Feb/2025:09:57:14 +0100] "GET /Jurek/sartrix/feeds/sartrix_cdon_fi.xml HTTP/1.1" 200 649096 "-" "python-requests/2.32.3"
85.232.241.194 - - [14/Feb/2025:09:57:14 +0100] "GET /Jurek/twojsklep/feeds/twojsklep_cdon_se.xml HTTP/1.1" 200 126859 "-" "python-requests/2.32.3"
85.232.241.194 - - [14/Feb/2025:09:57:14 +0100] "GET /Jurek/twojsklep/feeds/twojsklep_cdon_dk.xml HTTP/1.1" 200 126859 "-" "python-requests/2.32.3"
85.232.241.194 - - [14/Feb/2025:09:57:14 +0100] "GET /Jurek/twojsklep/feeds/twojsklep_cdon_fi.xml HTTP/1.1" 200 126797 "-" "python-requests/2.32.3"
85.232.241.194 - - [14/Feb/2025:09:57:14 +0100] "GET /Jurek/madrex/feeds/madrex_cdon_se.xml HTTP/1.1" 200 466754 "-" "python-requests/2.32.3"
85.232.241.194 - - [14/Feb/2025:09:57:14 +0100] "GET /Jurek/madrex/feeds/madrex_cdon_dk.xml HTTP/1.1" 200 466737 "-" "python-requests/2.32.3"
85.232.241.194 - - [14/Feb/2025:09:57:14 +0100] "GET /Jurek/madrex/feeds/madrex_cdon_fi.xml HTTP/1.1" 200 466725 "-" "python-requests/2.32.3"
85.232.241.194 - - [14/Feb/2025:09:57:14 +0100] "GET /Jurek/emaja24/feeds/emaja24_cdon_se.xml HTTP/1.1" 200 5115067 "-" "python-requests/2.32.3"
85.232.241.194 - - [14/Feb/2025:09:57:14 +0100] "GET /Jurek/emaja24/feeds/emaja24_cdon_dk.xml HTTP/1.1" 200 5115078 "-" "python-requests/2.32.3"
85.232.241.194 - - [14/Feb/2025:09:57:14 +0100] "GET /Jurek/emaja24/feeds/emaja24_cdon_fi.xml HTTP/1.1" 200 5110164 "-" "python-requests/2.32.3"
85.232.241.194 - - [14/Feb/2025:09:57:14 +0100] "GET /Jurek/drewdon/feeds/drewdon_cdon_se.xml HTTP/1.1" 200 504558 "-" "python-requests/2.32.3"
85.232.241.194 - - [14/Feb/2025:09:57:14 +0100] "GET /Jurek/drewdon/feeds/drewdon_cdon_dk.xml HTTP/1.1" 200 504546 "-" "python-requests/2.32.3"
85.232.241.194 - - [14/Feb/2025:09:57:14 +0100] "GET /Jurek/drewdon/feeds/drewdon_cdon_fi.xml HTTP/1.1" 200 504475 "-" "python-requests/2.32.3"
85.232.241.194 - - [14/Feb/2025:09:57:14 +0100] "GET /Jurek/zepnij/feeds/zepnij_cdon_se.xml HTTP/1.1" 200 19525507 "-" "python-requests/2.32.3"
85.232.241.194 - - [14/Feb/2025:09:57:14 +0100] "GET /Jurek/zepnij/feeds/zepnij_cdon_dk.xml HTTP/1.1" 200 19525428 "-" "python-requests/2.32.3"
85.232.241.194 - - [14/Feb/2025:09:57:18 +0100] "GET /Jurek/zepnij/feeds/zepnij_cdon_fi.xml HTTP/1.1" 200 19522920 "-" "python-requests/2.32.3"
85.232.241.194 - - [14/Feb/2025:09:57:18 +0100] "GET /Jurek/primohurt/feeds/primohurt_cdon_se.xml HTTP/1.1" 200 17191436 "-" "python-requests/2.32.3"
85.232.241.194 - - [14/Feb/2025:09:57:18 +0100] "GET /Jurek/primohurt/feeds/primohurt_cdon_dk.xml HTTP/1.1" 200 17191450 "-" "python-requests/2.32.3"
85.232.241.194 - - [14/Feb/2025:09:57:18 +0100] "GET /Jurek/primohurt/feeds/primohurt_cdon_fi.xml HTTP/1.1" 200 17186083 "-" "python-requests/2.32.3"
85.232.241.194 - - [14/Feb/2025:09:57:18 +0100] "GET /Jurek/dekoele/feeds/dekoele_cdon_se.xml HTTP/1.1" 200 734009 "-" "python-requests/2.32.3"
85.232.241.194 - - [14/Feb/2025:09:57:18 +0100] "GET /Jurek/dekoele/feeds/dekoele_cdon_dk.xml HTTP/1.1" 200 734006 "-" "python-requests/2.32.3"
85.232.241.194 - - [14/Feb/2025:09:57:18 +0100] "GET /Jurek/dekoele/feeds/dekoele_cdon_fi.xml HTTP/1.1" 200 733935 "-" "python-requests/2.32.3"
85.232.241.194 - - [14/Feb/2025:09:57:18 +0100] "GET /Jurek/rider/feeds/rider_cdon_se.xml HTTP/1.1" 200 8166094 "-" "python-requests/2.32.3"
85.232.241.194 - - [14/Feb/2025:09:57:18 +0100] "GET /Jurek/rider/feeds/rider_cdon_dk.xml HTTP/1.1" 200 8166019 "-" "python-requests/2.32.3"
85.232.241.194 - - [14/Feb/2025:09:57:18 +0100] "GET /Jurek/rider/feeds/rider_cdon_fi.xml HTTP/1.1" 200 8165203 "-" "python-requests/2.32.3"
85.232.241.194 - - [14/Feb/2025:09:57:18 +0100] "GET /Jurek/galopibhp/feeds/galopibhp_cdon_se.xml HTTP/1.1" 200 1984347 "-" "python-requests/2.32.3"
85.232.241.194 - - [14/Feb/2025:09:57:18 +0100] "GET /Jurek/galopibhp/feeds/galopibhp_cdon_dk.xml HTTP/1.1" 200 1984350 "-" "python-requests/2.32.3"
85.232.241.194 - - [14/Feb/2025:09:57:18 +0100] "GET /Jurek/galopibhp/feeds/galopibhp_cdon_fi.xml HTTP/1.1" 200 1982853 "-" "python-requests/2.32.3"
85.232.241.194 - - [14/Feb/2025:09:57:18 +0100] "GET /Jurek/najtanszysport/feeds/najtanszysport_cdon_se.xml HTTP/1.1" 200 3985306 "-" "python-requests/2.32.3"
85.232.241.194 - - [14/Feb/2025:09:57:18 +0100] "GET /Jurek/najtanszysport/feeds/najtanszysport_cdon_dk.xml HTTP/1.1" 200 3985037 "-" "python-requests/2.32.3"
85.232.241.194 - - [14/Feb/2025:09:57:18 +0100] "GET /Jurek/najtanszysport/feeds/najtanszysport_cdon_fi.xml HTTP/1.1" 200 3983139 "-" "python-requests/2.32.3"
85.232.241.194 - - [14/Feb/2025:09:57:18 +0100] "GET /Jurek/motofan/feeds/motofan_cdon_se.xml HTTP/1.1" 200 2392732 "-" "python-requests/2.32.3"
85.232.241.194 - - [14/Feb/2025:09:57:18 +0100] "GET /Jurek/motofan/feeds/motofan_cdon_dk.xml HTTP/1.1" 200 2392733 "-" "python-requests/2.32.3"
85.232.241.194 - - [14/Feb/2025:09:57:18 +0100] "GET /Jurek/motofan/feeds/motofan_cdon_fi.xml HTTP/1.1" 200 2392429 "-" "python-requests/2.32.3"
85.232.241.194 - - [14/Feb/2025:09:57:18 +0100] "GET /Jurek/expertauto/feeds/expertauto_cdon_se.xml HTTP/1.1" 200 1159285 "-" "python-requests/2.32.3"
85.232.241.194 - - [14/Feb/2025:09:57:18 +0100] "GET /Jurek/expertauto/feeds/expertauto_cdon_dk.xml HTTP/1.1" 200 1159282 "-" "python-requests/2.32.3"
85.232.241.194 - - [14/Feb/2025:09:57:18 +0100] "GET /Jurek/expertauto/feeds/expertauto_cdon_fi.xml HTTP/1.1" 200 1158927 "-" "python-requests/2.32.3"
85.232.241.194 - - [14/Feb/2025:09:57:18 +0100] "GET /Jurek/eoptimo/feeds/eoptimo_cdon_se.xml HTTP/1.1" 200 1959129 "-" "python-requests/2.32.3"
85.232.241.194 - - [14/Feb/2025:09:57:18 +0100] "GET /Jurek/eoptimo/feeds/eoptimo_cdon_dk.xml HTTP/1.1" 200 1959114 "-" "python-requests/2.32.3"
85.232.241.194 - - [14/Feb/2025:09:57:18 +0100] "GET /Jurek/eoptimo/feeds/eoptimo_cdon_fi.xml HTTP/1.1" 200 1958784 "-" "python-requests/2.32.3"
193.33.8.61 - - [14/Feb/2025:09:57:29 +0100] "GET /Jurek/urwiskowo/feeds/urwiskowo_pigufiEX.xml HTTP/2.0" 200 9114198 "https://konsola.dkkapusta1997.usermd.net/" "Mozilla/5.0 (Windows NT 10.0; Win64; x64) AppleWebKit/537.36 (KHTML, like Gecko) Chrome/132.0.0.0 Safari/537.36"
193.33.8.61 - - [14/Feb/2025:09:57:42 +0100] "GET /Jurek/intsell/feeds/intsell_skroutz.xml HTTP/2.0" 206 1 "https://konsola.dkkapusta1997.usermd.net/" "Mozilla/5.0 (Windows NT 10.0; Win64; x64) AppleWebKit/537.36 (KHTML, like Gecko) Chrome/132.0.0.0 Safari/537.36"
193.33.8.61 - - [14/Feb/2025:09:57:46 +0100] "GET /Jurek/intsell/feeds/intsell_skroutz.xml HTTP/2.0" 206 3325952 "https://konsola.dkkapusta1997.usermd.net/" "Mozilla/5.0 (Windows NT 10.0; Win64; x64) AppleWebKit/537.36 (KHTML, like Gecko) Chrome/132.0.0.0 Safari/537.36"
66.211.183.74 - - [14/Feb/2025:09:57:51 +0100] "GET /Jurek/topeshop/downloaded_images/5902838467671_2.png HTTP/1.1" 404 3551 "-" "scalaj-http/2.4.2"
77.79.248.229 - - [14/Feb/2025:09:58:01 +0100] "GET /Jurek/intsell/feeds/intsell_skroutz.xml HTTP/1.1" 200 206738516 "-" "Python-urllib/3.11"
77.79.248.229 - - [14/Feb/2025:09:58:05 +0100] "GET /Filip/zalando/zalando-logo.jpg HTTP/1.1" 200 5121 "-" "-"
77.79.248.229 - - [14/Feb/2025:09:58:06 +0100] "GET /Filip/zalando/zalando-logo.jpg HTTP/1.1" 200 5121 "-" "-"
89.161.206.59 - - [14/Feb/2025:09:58:06 +0100] "GET /Jurek/eroplace/feeds/eroplace_emagro.xml HTTP/1.0" 200 30856670 "-" "-"
89.161.206.59 - - [14/Feb/2025:09:58:07 +0100] "GET /Jurek/ralmetal/feeds/ralmetal_emag.xml HTTP/1.0" 200 1787426 "-" "-"
77.79.248.229 - - [14/Feb/2025:09:58:11 +0100] "GET /Filip/zalando/zalando-logo.jpg HTTP/1.1" 200 5121 "-" "-"
77.79.248.229 - - [14/Feb/2025:09:58:11 +0100] "GET /Filip/zalando/zalando-logo.jpg HTTP/1.1" 200 5121 "-" "-"
77.79.248.229 - - [14/Feb/2025:09:58:17 +0100] "GET /Filip/zalando/zalando-logo.jpg HTTP/1.1" 200 5121 "-" "-"
77.79.248.229 - - [14/Feb/2025:09:58:18 +0100] "GET /Filip/zalando/zalando-logo.jpg HTTP/1.1" 200 5121 "-" "-"
193.33.8.61 - - [14/Feb/2025:09:58:35 +0100] "GET /Jurek/combine/feeds/combine_piguEX.xml HTTP/2.0" 200 210511 "https://konsola.dkkapusta1997.usermd.net/" "Mozilla/5.0 (Windows NT 10.0; Win64; x64) AppleWebKit/537.36 (KHTML, like Gecko) Chrome/132.0.0.0 Safari/537.36"
77.79.248.229 - - [14/Feb/2025:09:58:42 +0100] "GET /Jurek/intsell/feeds/intsell_skroutz.xml HTTP/1.1" 200 206738516 "-" "Python-urllib/3.11"
193.33.8.61 - - [14/Feb/2025:09:58:44 +0100] "GET /Jurek/combine/feeds/combine_pigufiEX.xml HTTP/2.0" 200 210509 "https://konsola.dkkapusta1997.usermd.net/" "Mozilla/5.0 (Windows NT 10.0; Win64; x64) AppleWebKit/537.36 (KHTML, like Gecko) Chrome/132.0.0.0 Safari/537.36"
5.134.208.158 - - [14/Feb/2025:09:58:47 +0100] "GET /Jurek/eurofirany/images/383321/0.jpg HTTP/1.1" 200 87977 "-" "-"
193.33.8.61 - - [14/Feb/2025:09:58:57 +0100] "GET /Jurek/velinda/output.txt HTTP/2.0" 200 1353565 "https://konsola.dkkapusta1997.usermd.net/" "Mozilla/5.0 (Windows NT 10.0; Win64; x64) AppleWebKit/537.36 (KHTML, like Gecko) Chrome/132.0.0.0 Safari/537.36"
77.79.248.229 - - [14/Feb/2025:09:59:15 +0100] "GET /Jurek/intsell/feeds/intsell_skroutz.xml HTTP/1.1" 200 206738516 "-" "Python-urllib/3.11"
77.79.248.229 - - [14/Feb/2025:09:59:39 +0100] "GET /Jurek/amzteam/feeds/amzteam_zero.xml HTTP/1.1" 200 97829 "-" "Python-urllib/3.11"
164.92.232.189 - - [14/Feb/2025:10:00:02 +0100] "GET /subskrypcje/AMD/feeds/amd_cz.xml HTTP/1.1" 200 518486 "-" "-"
193.33.8.61 - - [14/Feb/2025:10:00:02 +0100] "GET /Jurek/intsell/feeds/intsell_skroutz.xml HTTP/2.0" 206 1 "-" "Mozilla/5.0 (Windows NT 10.0; Win64; x64) AppleWebKit/537.36 (KHTML, like Gecko) Chrome/132.0.0.0 Safari/537.36"
193.33.8.61 - - [14/Feb/2025:10:00:03 +0100] "GET /Jurek/eldar/feeds/eldar_piguEX.xml HTTP/2.0" 200 7326745 "https://konsola.dkkapusta1997.usermd.net/" "Mozilla/5.0 (Windows NT 10.0; Win64; x64) AppleWebKit/537.36 (KHTML, like Gecko) Chrome/132.0.0.0 Safari/537.36"
164.92.232.189 - - [14/Feb/2025:10:00:12 +0100] "GET /subskrypcje/AMD/feeds/amd_sk.xml HTTP/1.1" 200 528562 "-" "-"
66.249.66.68 - - [14/Feb/2025:10:00:12 +0100] "GET /Jurek/eurofirany/images/388723/1.jpg HTTP/1.1" 200 68074 "-" "Googlebot-Image/1.0"
164.92.232.189 - - [14/Feb/2025:10:00:12 +0100] "GET /subskrypcje/OverHorse/overhorse_mallcz.xml HTTP/1.1" 200 112935 "-" "-"
193.33.8.61 - - [14/Feb/2025:10:00:17 +0100] "GET /Jurek/eldar/feeds/eldar_pigufiEX.xml HTTP/2.0" 200 7327054 "https://konsola.dkkapusta1997.usermd.net/" "Mozilla/5.0 (Windows NT 10.0; Win64; x64) AppleWebKit/537.36 (KHTML, like Gecko) Chrome/132.0.0.0 Safari/537.36"
164.92.232.189 - - [14/Feb/2025:10:00:23 +0100] "GET /subskrypcje/mondex/feeds/mondex_mall_cz.xml HTTP/1.1" 200 2203515 "-" "-"
85.14.86.141 - - [14/Feb/2025:10:00:36 +0100] "GET /Jurek/vida_morele/feeds/VidaPL_all.xml HTTP/2.0" 200 694899830 "-" "MarketplaceAPI curl/7.64.0 PHP/8"
52.17.80.36 - - [14/Feb/2025:10:00:43 +0100] "GET /marketplaces/ubaldi/results/ubaldi.csv HTTP/1.1" 200 147219 "-" "Mirakl HttpClient"
193.33.8.61 - - [14/Feb/2025:10:00:54 +0100] "GET /Jurek/kinghoff/feeds/kinghoff_piguEX.xml HTTP/2.0" 200 14067883 "https://konsola.dkkapusta1997.usermd.net/" "Mozilla/5.0 (Windows NT 10.0; Win64; x64) AppleWebKit/537.36 (KHTML, like Gecko) Chrome/132.0.0.0 Safari/537.36"
46.101.116.244 - - [14/Feb/2025:10:01:18 +0100] "GET /Jurek/aw/feeds/aw_fnacfr.xml HTTP/1.0" 404 3551 "-" "-"
193.33.8.61 - - [14/Feb/2025:10:01:23 +0100] "GET /Jurek/kinghoff/feeds/kinghoff_pigufiEX.xml HTTP/2.0" 200 14067984 "https://konsola.dkkapusta1997.usermd.net/" "Mozilla/5.0 (Windows NT 10.0; Win64; x64) AppleWebKit/537.36 (KHTML, like Gecko) Chrome/132.0.0.0 Safari/537.36"
193.33.8.61 - - [14/Feb/2025:10:01:24 +0100] "GET /Jurek/intsell/feeds/intsell_skroutz.xml HTTP/2.0" 206 194271390 "-" "Mozilla/5.0 (Windows NT 10.0; Win64; x64) AppleWebKit/537.36 (KHTML, like Gecko) Chrome/132.0.0.0 Safari/537.36"
193.33.8.61 - - [14/Feb/2025:10:02:00 +0100] "GET /Jurek/action/feeds/action_piguEX.xml HTTP/2.0" 200 19775488 "https://konsola.dkkapusta1997.usermd.net/" "Mozilla/5.0 (Windows NT 10.0; Win64; x64) AppleWebKit/537.36 (KHTML, like Gecko) Chrome/132.0.0.0 Safari/537.36"
46.101.116.244 - - [14/Feb/2025:10:02:19 +0100] "GET /Jurek/vida_morele/feeds/vidaPL_velomarket_category6.xml HTTP/1.0" 200 149486206 "-" "-"
193.33.8.61 - - [14/Feb/2025:10:02:20 +0100] "GET /Jurek/intsell/feeds/intsell_skroutz.xml HTTP/2.0" 200 206738516 "-" "Mozilla/5.0 (Windows NT 10.0; Win64; x64) AppleWebKit/537.36 (KHTML, like Gecko) Chrome/132.0.0.0 Safari/537.36"
193.33.8.61 - - [14/Feb/2025:10:02:24 +0100] "GET /Jurek/action/feeds/action_pigufiEX.xml HTTP/2.0" 200 30900008 "https://konsola.dkkapusta1997.usermd.net/" "Mozilla/5.0 (Windows NT 10.0; Win64; x64) AppleWebKit/537.36 (KHTML, like Gecko) Chrome/132.0.0.0 Safari/537.36"
52.18.22.0 - - [14/Feb/2025:10:02:26 +0100] "GET /marketplaces/rue/results/rue.csv HTTP/1.1" 200 6777208 "-" "Mirakl HttpClient"
89.161.206.59 - - [14/Feb/2025:10:02:33 +0100] "GET /Jurek/bass_new/feeds/bass_skroutz.xml HTTP/1.0" 200 7040872 "-" "-"
85.14.86.141 - - [14/Feb/2025:10:03:03 +0100] "GET /Jurek/kinghoff/feeds/kinghoff_morele.xml HTTP/2.0" 200 14070822 "-" "MarketplaceAPI curl/7.64.0 PHP/8"
46.101.116.244 - - [14/Feb/2025:10:03:03 +0100] "GET /Jurek/vida_morele/feeds/vidaPL_velomarket_category2.xml HTTP/1.0" 200 41375649 "-" "-"
193.33.8.61 - - [14/Feb/2025:10:03:21 +0100] "GET /Jurek/aw/feeds/aw_piguEX.xml HTTP/2.0" 200 15743422 "https://konsola.dkkapusta1997.usermd.net/" "Mozilla/5.0 (Windows NT 10.0; Win64; x64) AppleWebKit/537.36 (KHTML, like Gecko) Chrome/132.0.0.0 Safari/537.36"
46.101.116.244 - - [14/Feb/2025:10:03:37 +0100] "GET /Jurek/vida_morele/feeds/vidaPL_velomarket_category3.xml HTTP/1.0" 200 40041947 "-" "-"
66.249.66.68 - - [14/Feb/2025:10:03:44 +0100] "GET /Jurek/eurofirany/images/402429/9.jpg HTTP/1.1" 200 242134 "-" "Googlebot-Image/1.0"
193.33.8.61 - - [14/Feb/2025:10:04:02 +0100] "GET /Jurek/aw/feeds/aw_pigufiEX.xml HTTP/2.0" 200 31718596 "https://konsola.dkkapusta1997.usermd.net/" "Mozilla/5.0 (Windows NT 10.0; Win64; x64) AppleWebKit/537.36 (KHTML, like Gecko) Chrome/132.0.0.0 Safari/537.36"
193.33.8.61 - - [14/Feb/2025:10:04:39 +0100] "GET /Jurek/intsell/feeds/intsell_skroutz.xml HTTP/2.0" 200 9388032 "-" "Mozilla/5.0 (Windows NT 10.0; Win64; x64) AppleWebKit/537.36 (KHTML, like Gecko) Chrome/132.0.0.0 Safari/537.36"
77.79.248.229 - - [14/Feb/2025:10:04:49 +0100] "GET /Jurek/intsell/feeds/intsell_skroutz.xml HTTP/1.1" 200 206738516 "-" "Python-urllib/3.11"
85.14.86.141 - - [14/Feb/2025:10:05:23 +0100] "GET /Jurek/eurofirany/feeds/eurofirany_morele.xml HTTP/2.0" 200 18892961 "-" "MarketplaceAPI curl/7.64.0 PHP/8"
85.14.86.141 - - [14/Feb/2025:10:05:48 +0100] "GET /Jurek/vivaldi/feeds/vivaldi_Morele-PL.xml HTTP/2.0" 200 344674 "-" "MarketplaceAPI curl/7.64.0 PHP/8"
77.79.248.229 - - [14/Feb/2025:10:06:36 +0100] "GET /Jurek/intsell/feeds/intsell_skroutz.xml HTTP/1.1" 200 206738516 "-" "Python-urllib/3.11"
85.14.86.141 - - [14/Feb/2025:10:06:58 +0100] "GET /Jurek/aw/feeds/awnarzedzia_morele.xml HTTP/2.0" 200 90274725 "-" "MarketplaceAPI curl/7.64.0 PHP/8"
85.14.86.141 - - [14/Feb/2025:10:07:12 +0100] "GET /Jurek/vida_morele/feeds/VidaPL_morele.xml HTTP/2.0" 200 694900769 "-" "MarketplaceAPI curl/7.64.0 PHP/8"
193.33.8.61 - - [14/Feb/2025:10:07:13 +0100] "GET /Jurek/velinda/output.txt HTTP/2.0" 200 1394587 "https://konsola.dkkapusta1997.usermd.net/" "Mozilla/5.0 (Windows NT 10.0; Win64; x64) AppleWebKit/537.36 (KHTML, like Gecko) Chrome/132.0.0.0 Safari/537.36"
66.135.195.17 - - [14/Feb/2025:10:07:23 +0100] "GET /Jurek/topeshop/downloaded_images/5902838468807_ARTISANFRONTZM.jpg HTTP/1.1" 404 3551 "http://www.ebay.com/" "Mozilla/4.0 (compatible; MSIE 4.01; Windows NT)"
66.135.195.19 - - [14/Feb/2025:10:07:23 +0100] "GET /Jurek/topeshop/downloaded_images/5902838468807_ARTISANBOKOT.jpg HTTP/1.1" 404 3551 "http://www.ebay.com/" "Mozilla/4.0 (compatible; MSIE 4.01; Windows NT)"
66.135.195.20 - - [14/Feb/2025:10:07:23 +0100] "GET /Jurek/topeshop/downloaded_images/5902838468807_DUOARTISANBRY%C5%81KAFRONTZM.jpg HTTP/1.1" 404 3551 "http://www.ebay.com/" "Mozilla/4.0 (compatible; MSIE 4.01; Windows NT)"
66.135.195.17 - - [14/Feb/2025:10:07:23 +0100] "GET /Jurek/topeshop/downloaded_images/5902838468807_DUOARTISANBRY%C5%81KABOKOT.jpg HTTP/1.1" 404 3551 "http://www.ebay.com/" "Mozilla/4.0 (compatible; MSIE 4.01; Windows NT)"
66.135.195.16 - - [14/Feb/2025:10:07:23 +0100] "GET /Jurek/topeshop/downloaded_images/5902838468807_ARTISANBOKZM.jpg HTTP/1.1" 404 3551 "http://www.ebay.com/" "Mozilla/4.0 (compatible; MSIE 4.01; Windows NT)"
66.135.195.20 - - [14/Feb/2025:10:07:23 +0100] "GET /Jurek/topeshop/downloaded_images/5902838468807_DUOARTISANBRY%C5%81KAFRONTOT.jpg HTTP/1.1" 404 3551 "http://www.ebay.com/" "Mozilla/4.0 (compatible; MSIE 4.01; Windows NT)"
66.135.195.20 - - [14/Feb/2025:10:07:23 +0100] "GET /Jurek/topeshop/downloaded_images/5902838468807_DUOARTISANBRY%C5%81KABOKZM.jpg HTTP/1.1" 404 3551 "http://www.ebay.com/" "Mozilla/4.0 (compatible; MSIE 4.01; Windows NT)"
85.14.86.141 - - [14/Feb/2025:10:07:23 +0100] "GET /Jurek/miloohome/feeds/miloohome_morele.xml HTTP/2.0" 200 1421250 "-" "MarketplaceAPI curl/7.64.0 PHP/8"
66.211.183.72 - - [14/Feb/2025:10:07:27 +0100] "GET /Jurek/topeshop/downloaded_images/5902838464359_KUBABIURKOBRY%C5%81KABIELBOKZM.jpg HTTP/1.1" 404 3551 "-" "scalaj-http/2.4.2"
85.14.86.141 - - [14/Feb/2025:10:07:45 +0100] "GET /Jurek/beliani/feeds/beliani_morele.xml HTTP/2.0" 200 27894615 "-" "MarketplaceAPI curl/7.64.0 PHP/8"
66.249.66.68 - - [14/Feb/2025:10:07:46 +0100] "GET /Jurek/eurofirany/images/397112/7.jpg HTTP/1.1" 200 81929 "-" "Googlebot-Image/1.0"
66.249.66.66 - - [14/Feb/2025:10:09:17 +0100] "GET /Jurek/eurofirany/images/397112/2.jpg HTTP/1.1" 200 54983 "-" "Googlebot-Image/1.0"
85.232.241.194 - - [14/Feb/2025:10:10:04 +0100] "GET /Jurek/aw/feeds/aw_altex.xml HTTP/1.1" 200 90341600 "-" "Python-urllib/3.11"
77.79.248.229 - - [14/Feb/2025:10:10:07 +0100] "GET /Jurek/ikonka/feeds/ikonka_cdon_se.xml HTTP/1.1" 200 22198022 "-" "python-requests/2.32.3"
85.232.241.194 - - [14/Feb/2025:10:10:07 +0100] "GET /Jurek/unimet/feeds/unimet_altex.xml HTTP/1.1" 200 61117671 "-" "Python-urllib/3.11"
77.79.248.229 - - [14/Feb/2025:10:10:08 +0100] "GET /Jurek/ikonka/feeds/ikonka_cdon_dk.xml HTTP/1.1" 200 22197981 "-" "python-requests/2.32.3"
77.79.248.229 - - [14/Feb/2025:10:10:08 +0100] "GET /Jurek/ikonka/feeds/ikonka_cdon_fi.xml HTTP/1.1" 200 22195826 "-" "python-requests/2.32.3"
77.79.248.229 - - [14/Feb/2025:10:10:14 +0100] "GET /Jurek/rovicky/feeds/rovicky_cdonSE.xml HTTP/1.1" 200 14077607 "-" "python-requests/2.32.3"
77.79.248.229 - - [14/Feb/2025:10:10:14 +0100] "GET /Jurek/rovicky/feeds/rovicky_cdonDK.xml HTTP/1.1" 200 14077585 "-" "python-requests/2.32.3"
