85.232.241.194 - - [13/Feb/2025:15:05:10 +0100] "GET /Jurek/intsell/feeds/intsell_worten.xml HTTP/1.1" 200 338786159 "-" "Python-urllib/3.11"
85.232.241.194 - - [13/Feb/2025:15:05:12 +0100] "GET /Jurek/intsell/feeds/intsell_wortenES.xml HTTP/1.1" 200 338789465 "-" "Python-urllib/3.11"
85.14.86.141 - - [13/Feb/2025:15:05:12 +0100] "GET /Jurek/vivaldi/feeds/vivaldi_Morele-PL.xml HTTP/2.0" 200 344674 "-" "MarketplaceAPI curl/7.64.0 PHP/8"
85.232.241.194 - - [13/Feb/2025:15:05:14 +0100] "GET /Jurek/coppotech/feeds/coppotech_worten.xml HTTP/1.1" 200 38985793 "-" "Python-urllib/3.11"
85.232.241.194 - - [13/Feb/2025:15:05:14 +0100] "GET /Jurek/coppotech/feeds/coppotech_wortenES.xml HTTP/1.1" 200 38986266 "-" "Python-urllib/3.11"
85.232.241.194 - - [13/Feb/2025:15:05:16 +0100] "GET /Jurek/b3/feeds/b3_worten.xml HTTP/1.1" 200 7293421 "-" "Python-urllib/3.11"
85.232.241.194 - - [13/Feb/2025:15:05:16 +0100] "GET /Jurek/b3/feeds/b3_wortenES.xml HTTP/1.1" 200 7293489 "-" "Python-urllib/3.11"
85.232.241.194 - - [13/Feb/2025:15:05:16 +0100] "GET /Jurek/ekuchcikowo/feeds/ekuchcikowo_worten.xml HTTP/1.1" 200 12779209 "-" "Python-urllib/3.11"
85.232.241.194 - - [13/Feb/2025:15:05:16 +0100] "GET /Jurek/ekuchcikowo/feeds/ekuchcikowo_wortenES.xml HTTP/1.1" 200 12779103 "-" "Python-urllib/3.11"
85.232.241.194 - - [13/Feb/2025:15:05:18 +0100] "GET /Jurek/fertone/feeds/fertone_worten.xml HTTP/1.1" 200 628346 "-" "Python-urllib/3.11"
85.232.241.194 - - [13/Feb/2025:15:05:18 +0100] "GET /Jurek/fertone/feeds/fertone_wortenES.xml HTTP/1.1" 200 628503 "-" "Python-urllib/3.11"
85.232.241.194 - - [13/Feb/2025:15:05:18 +0100] "GET /Jurek/sempler/feeds/sempler_worten.xml HTTP/1.1" 200 6553262 "-" "Python-urllib/3.11"
85.232.241.194 - - [13/Feb/2025:15:05:18 +0100] "GET /Jurek/sempler/feeds/sempler_wortenES.xml HTTP/1.1" 200 6553267 "-" "Python-urllib/3.11"
85.232.241.194 - - [13/Feb/2025:15:05:18 +0100] "GET /Jurek/euroshop/feeds/euroshop_worten.xml HTTP/1.1" 200 17927435 "-" "Python-urllib/3.11"
85.232.241.194 - - [13/Feb/2025:15:05:18 +0100] "GET /Jurek/euroshop/feeds/euroshop_wortenES.xml HTTP/1.1" 200 17927470 "-" "Python-urllib/3.11"
85.232.241.194 - - [13/Feb/2025:15:05:18 +0100] "GET /Jurek/ekolight/feeds/ekolight_worten.xml HTTP/1.1" 200 9051678 "-" "Python-urllib/3.11"
85.232.241.194 - - [13/Feb/2025:15:05:18 +0100] "GET /Jurek/ekolight/feeds/ekolight_wortenES.xml HTTP/1.1" 200 9052026 "-" "Python-urllib/3.11"
85.232.241.194 - - [13/Feb/2025:15:05:18 +0100] "GET /Jurek/erohurtownia/feeds/erohurtownia_worten.xml HTTP/1.1" 200 23304010 "-" "Python-urllib/3.11"
85.232.241.194 - - [13/Feb/2025:15:05:20 +0100] "GET /Jurek/erohurtownia/feeds/erohurtownia_wortenES.xml HTTP/1.1" 200 23304115 "-" "Python-urllib/3.11"
85.232.241.194 - - [13/Feb/2025:15:05:20 +0100] "GET /Jurek/kobi/feeds/kobi_worten.xml HTTP/1.1" 200 1993283 "-" "Python-urllib/3.11"
85.232.241.194 - - [13/Feb/2025:15:05:20 +0100] "GET /Jurek/kobi/feeds/kobi_wortenES.xml HTTP/1.1" 200 1993259 "-" "Python-urllib/3.11"
85.232.241.194 - - [13/Feb/2025:15:05:20 +0100] "GET /Jurek/elecomp/feeds/elecomp_worten.xml HTTP/1.1" 200 2869570 "-" "Python-urllib/3.11"
85.232.241.194 - - [13/Feb/2025:15:05:20 +0100] "GET /Jurek/elecomp/feeds/elecomp_wortenES.xml HTTP/1.1" 200 2869623 "-" "Python-urllib/3.11"
85.232.241.194 - - [13/Feb/2025:15:05:20 +0100] "GET /Jurek/kambukka/feeds/kambukka_worten.xml HTTP/1.1" 200 973312 "-" "Python-urllib/3.11"
85.232.241.194 - - [13/Feb/2025:15:05:20 +0100] "GET /Jurek/kambukka/feeds/kambukka_wortenES.xml HTTP/1.1" 200 973319 "-" "Python-urllib/3.11"
85.232.241.194 - - [13/Feb/2025:15:05:20 +0100] "GET /Jurek/waks/feeds/waks_worten.xml HTTP/1.1" 200 6332992 "-" "Python-urllib/3.11"
85.232.241.194 - - [13/Feb/2025:15:05:23 +0100] "GET /Jurek/waks/feeds/waks_wortenES.xml HTTP/1.1" 200 6333075 "-" "Python-urllib/3.11"
85.232.241.194 - - [13/Feb/2025:15:05:23 +0100] "GET /Jurek/oromed/feeds/oromed_worten.xml HTTP/1.1" 200 968280 "-" "Python-urllib/3.11"
85.232.241.194 - - [13/Feb/2025:15:05:23 +0100] "GET /Jurek/oromed/feeds/oromed_wortenES.xml HTTP/1.1" 200 968280 "-" "Python-urllib/3.11"
85.232.241.194 - - [13/Feb/2025:15:05:23 +0100] "GET /Jurek/benetech/feeds/benetech_worten.xml HTTP/1.1" 200 4451833 "-" "Python-urllib/3.11"
85.232.241.194 - - [13/Feb/2025:15:05:23 +0100] "GET /Jurek/benetech/feeds/benetech_wortenES.xml HTTP/1.1" 200 4451813 "-" "Python-urllib/3.11"
85.232.241.194 - - [13/Feb/2025:15:05:23 +0100] "GET /Jurek/spali/feeds/spali_worten.xml HTTP/1.1" 200 101949 "-" "Python-urllib/3.11"
85.232.241.194 - - [13/Feb/2025:15:05:23 +0100] "GET /Jurek/spali/feeds/spali_wortenES.xml HTTP/1.1" 200 101947 "-" "Python-urllib/3.11"
85.232.241.194 - - [13/Feb/2025:15:05:23 +0100] "GET /Jurek/najtanszysport/feeds/najtanszysport_worten.xml HTTP/1.1" 200 3982900 "-" "Python-urllib/3.11"
85.232.241.194 - - [13/Feb/2025:15:05:23 +0100] "GET /Jurek/najtanszysport/feeds/najtanszysport_wortenES.xml HTTP/1.1" 200 3982977 "-" "Python-urllib/3.11"
85.232.241.194 - - [13/Feb/2025:15:05:23 +0100] "GET /Jurek/maksik/feeds/maksik_worten.xml HTTP/1.1" 200 4084686 "-" "Python-urllib/3.11"
85.232.241.194 - - [13/Feb/2025:15:05:23 +0100] "GET /Jurek/maksik/feeds/maksik_wortenES.xml HTTP/1.1" 200 4084772 "-" "Python-urllib/3.11"
85.232.241.194 - - [13/Feb/2025:15:05:23 +0100] "GET /Jurek/urwiskowo/feeds/urwiskowo_worten.xml HTTP/1.1" 200 9114883 "-" "Python-urllib/3.11"
85.232.241.194 - - [13/Feb/2025:15:05:24 +0100] "GET /Jurek/urwiskowo/feeds/urwiskowo_wortenES.xml HTTP/1.1" 200 9114978 "-" "Python-urllib/3.11"
85.232.241.194 - - [13/Feb/2025:15:05:25 +0100] "GET /Jurek/combine/feeds/combine_worten.xml HTTP/1.1" 200 210557 "-" "Python-urllib/3.11"
85.232.241.194 - - [13/Feb/2025:15:05:25 +0100] "GET /Jurek/combine/feeds/combine_wortenES.xml HTTP/1.1" 200 210554 "-" "Python-urllib/3.11"
193.33.8.61 - - [13/Feb/2025:15:05:35 +0100] "GET /Jurek/mosti/feeds/mosti_zero.xml HTTP/2.0" 200 9249879 "https://konsola.dkkapusta1997.usermd.net/" "Mozilla/5.0 (Windows NT 10.0; Win64; x64) AppleWebKit/537.36 (KHTML, like Gecko) Chrome/132.0.0.0 Safari/537.36"
77.79.248.229 - - [13/Feb/2025:15:05:39 +0100] "GET /Jurek/mosti/feeds/mosti_zero.xml HTTP/1.1" 200 9249879 "-" "Python-urllib/3.11"
46.101.116.244 - - [13/Feb/2025:15:05:59 +0100] "GET /Jurek/aw/feeds/aw_fnacfr.xml HTTP/1.0" 404 3551 "-" "-"
85.232.241.194 - - [13/Feb/2025:15:06:03 +0100] "GET /Jurek/action/feeds/action_ubaldi.xml HTTP/1.1" 200 55166366 "-" "Python-urllib/3.11"
85.232.241.194 - - [13/Feb/2025:15:06:13 +0100] "GET /Jurek/unimet/feeds/unimet_ubaldi.xml HTTP/1.1" 200 61073359 "-" "Python-urllib/3.11"
85.232.241.194 - - [13/Feb/2025:15:06:13 +0100] "GET /Jurek/hurtownia_przemyslowa/feeds/hp_ubaldi.xml HTTP/1.1" 200 49863258 "-" "Python-urllib/3.11"
85.232.241.194 - - [13/Feb/2025:15:06:14 +0100] "GET /Jurek/aw/feeds/aw_ubaldi.xml HTTP/1.1" 200 90234351 "-" "Python-urllib/3.11"
85.14.86.141 - - [13/Feb/2025:15:06:18 +0100] "GET /Jurek/aw/feeds/awnarzedzia_morele.xml HTTP/2.0" 200 90242185 "-" "MarketplaceAPI curl/7.64.0 PHP/8"
89.161.206.59 - - [13/Feb/2025:15:06:20 +0100] "GET /Jurek/elecomp/feeds/elecomp_skroutz.xml HTTP/1.0" 200 2869585 "-" "-"
89.161.206.59 - - [13/Feb/2025:15:06:28 +0100] "GET /Jurek/swiatecznygoliat/feeds/swiatecznygoliat_amazonde.xml HTTP/1.0" 200 7050371 "-" "-"
89.161.206.59 - - [13/Feb/2025:15:06:29 +0100] "GET /Jurek/eroplace/feeds/eroplace_amazonit.xml HTTP/1.0" 200 30849435 "-" "-"
85.14.86.141 - - [13/Feb/2025:15:06:33 +0100] "GET /Jurek/vida_morele/feeds/VidaPL_morele.xml HTTP/2.0" 200 695481612 "-" "MarketplaceAPI curl/7.64.0 PHP/8"
89.161.206.59 - - [13/Feb/2025:15:06:34 +0100] "GET /Jurek/b3/feeds/b3_amazonfr.xml HTTP/1.0" 200 7293421 "-" "-"
89.161.206.59 - - [13/Feb/2025:15:06:35 +0100] "GET /Jurek/b3/feeds/b3_amazonit.xml HTTP/1.0" 200 7293603 "-" "-"
85.14.86.141 - - [13/Feb/2025:15:06:48 +0100] "GET /Jurek/miloohome/feeds/miloohome_morele.xml HTTP/2.0" 200 1421250 "-" "MarketplaceAPI curl/7.64.0 PHP/8"
46.101.116.244 - - [13/Feb/2025:15:07:04 +0100] "GET /Filip/feeds/xlsx_ceneo.xml HTTP/1.0" 200 6241376 "-" "-"
51.77.52.107 - - [13/Feb/2025:15:07:04 +0100] "POST /Filip/Rovicky/baselinker/baselinker-ceneo-shumee.php HTTP/2.0" 200 106776 "-" "BaseLinker/1.0"
85.14.86.141 - - [13/Feb/2025:15:07:09 +0100] "GET /Jurek/beliani/feeds/beliani_morele.xml HTTP/2.0" 200 31906738 "-" "MarketplaceAPI curl/7.64.0 PHP/8"
89.161.206.59 - - [13/Feb/2025:15:08:07 +0100] "GET /Jurek/fertone/feeds/fertone_skroutz.xml HTTP/1.0" 200 628478 "-" "-"
193.33.8.61 - - [13/Feb/2025:15:08:32 +0100] "GET /Jurek/topeshop/downloaded_images/5902838468104_240001.png HTTP/2.0" 200 411789 "-" "Mozilla/5.0 (Windows NT 10.0; Win64; x64) AppleWebKit/537.36 (KHTML, like Gecko) Chrome/132.0.0.0 Safari/537.36"
193.33.8.61 - - [13/Feb/2025:15:08:38 +0100] "GET /Jurek/topeshop/downloaded_images/5902838468104_24_artisan_pp.jpg HTTP/2.0" 200 112947 "-" "Mozilla/5.0 (Windows NT 10.0; Win64; x64) AppleWebKit/537.36 (KHTML, like Gecko) Chrome/132.0.0.0 Safari/537.36"
46.101.116.244 - - [13/Feb/2025:15:10:55 +0100] "GET /Jurek/aw/feeds/aw_fnacfr.xml HTTP/1.0" 404 3551 "-" "-"
89.161.206.59 - - [13/Feb/2025:15:11:20 +0100] "GET /Jurek/ikonka/feeds/ikonka_allegro_cz.xml HTTP/1.0" 200 22196464 "-" "-"
89.161.206.59 - - [13/Feb/2025:15:11:21 +0100] "GET /Jurek/swiatecznygoliat/feeds/swiatecznygoliat_allegro.xml HTTP/1.0" 200 7050668 "-" "-"
89.161.206.59 - - [13/Feb/2025:15:11:23 +0100] "GET /Jurek/velinda/feeds/velinda_allegro.xml HTTP/1.0" 200 4283064 "-" "-"
5.134.208.158 - - [13/Feb/2025:15:11:34 +0100] "GET /Jurek/eurofirany/images/432796/0.jpg HTTP/1.1" 200 112485 "-" "-"
46.101.116.244 - - [13/Feb/2025:15:11:45 +0100] "GET /Filip/feeds/xlsx_ceneo.xml HTTP/1.0" 200 6241376 "-" "-"
51.77.52.107 - - [13/Feb/2025:15:11:45 +0100] "POST /Filip/Rovicky/baselinker/baselinker-ceneo-shumee.php HTTP/2.0" 200 106776 "-" "BaseLinker/1.0"
185.6.76.18 - - [13/Feb/2025:15:12:18 +0100] "GET /marketplaces/skroutz/feeds/shumee.xml HTTP/1.1" 200 348359890 "-" "SkroutzBot v1.0"
89.161.206.59 - - [13/Feb/2025:15:12:31 +0100] "GET /Jurek/drops/feeds/dropsofficecolection_skroutz.xml HTTP/1.0" 200 787896 "-" "-"
89.161.206.59 - - [13/Feb/2025:15:12:31 +0100] "GET /Jurek/szpaklampy/feeds/szpaklampy_skroutz.xml HTTP/1.0" 200 416434 "-" "-"
89.161.206.59 - - [13/Feb/2025:15:12:46 +0100] "GET /Jurek/spali/feeds/spali_skroutz.xml HTTP/1.0" 200 101947 "-" "-"
89.161.206.59 - - [13/Feb/2025:15:12:46 +0100] "GET /Jurek/combine/feeds/combine_skroutz.xml HTTP/1.0" 200 210556 "-" "-"
89.161.206.59 - - [13/Feb/2025:15:13:04 +0100] "GET /Jurek/erohurtownia/feeds/erohurtownia_skroutz.xml HTTP/1.0" 200 23304163 "-" "-"
89.161.206.59 - - [13/Feb/2025:15:13:05 +0100] "GET /Jurek/reman/feeds/reman_skroutz.xml HTTP/1.0" 200 1394824 "-" "-"
89.161.206.59 - - [13/Feb/2025:15:13:06 +0100] "GET /Jurek/urwiskowo/feeds/urwiskowo_skroutz.xml HTTP/1.0" 200 9114920 "-" "-"
46.101.116.244 - - [13/Feb/2025:15:15:50 +0100] "GET /Jurek/aw/feeds/aw_fnacfr.xml HTTP/1.0" 404 3551 "-" "-"
46.101.116.244 - - [13/Feb/2025:15:17:39 +0100] "GET /Filip/feeds/xlsx_ceneo.xml HTTP/1.0" 200 6241376 "-" "-"
51.77.52.107 - - [13/Feb/2025:15:17:40 +0100] "POST /Filip/Rovicky/baselinker/baselinker-ceneo-shumee.php HTTP/2.0" 200 106776 "-" "BaseLinker/1.0"
46.101.116.244 - - [13/Feb/2025:15:20:33 +0100] "GET /Jurek/action/feeds/action_mallhu.xml HTTP/1.1" 200 55246502 "-" "-"
46.101.116.244 - - [13/Feb/2025:15:20:49 +0100] "GET /Jurek/aw/feeds/aw_fnacfr.xml HTTP/1.0" 404 3551 "-" "-"
46.101.116.244 - - [13/Feb/2025:15:21:40 +0100] "GET /Filip/feeds/xlsx_ceneo.xml HTTP/1.0" 200 6241376 "-" "-"
51.77.52.107 - - [13/Feb/2025:15:21:41 +0100] "POST /Filip/Rovicky/baselinker/baselinker-ceneo-shumee.php HTTP/2.0" 200 106776 "-" "BaseLinker/1.0"
89.161.206.59 - - [13/Feb/2025:15:24:00 +0100] "GET /Jurek/kambukka/feeds/kambukka_allegro.xml HTTP/1.0" 200 973378 "-" "-"
89.161.206.59 - - [13/Feb/2025:15:24:04 +0100] "GET /Jurek/combine/feeds/combine_allegro.xml HTTP/1.0" 200 210566 "-" "-"
89.161.206.59 - - [13/Feb/2025:15:24:04 +0100] "GET /Jurek/spali/feeds/spali_allegro.xml HTTP/1.0" 200 101958 "-" "-"
193.33.8.61 - - [13/Feb/2025:15:25:45 +0100] "GET /Jurek/swiatecznygoliat/feeds/swiatecznygoliat_zero.xml HTTP/2.0" 200 7047934 "https://konsola.dkkapusta1997.usermd.net/" "Mozilla/5.0 (Windows NT 10.0; Win64; x64) AppleWebKit/537.36 (KHTML, like Gecko) Chrome/132.0.0.0 Safari/537.36"
46.101.116.244 - - [13/Feb/2025:15:26:00 +0100] "GET /Jurek/aw/feeds/aw_fnacfr.xml HTTP/1.0" 404 3551 "-" "-"
46.101.116.244 - - [13/Feb/2025:15:26:04 +0100] "GET /Jurek/fernity/feeds/fernity_manomano.xml HTTP/1.0" 200 5089685 "-" "-"
89.161.206.59 - - [13/Feb/2025:15:26:10 +0100] "GET /Jurek/eurofirany/feeds/eurofirany_manomanofr.xml HTTP/1.0" 200 18913460 "-" "-"
46.101.116.244 - - [13/Feb/2025:15:26:32 +0100] "GET /Jurek/eurofirany/feeds/eurofirany_erli.xml HTTP/1.0" 200 18917154 "-" "-"
46.101.116.244 - - [13/Feb/2025:15:26:43 +0100] "GET /Filip/feeds/xlsx_ceneo.xml HTTP/1.0" 200 6241376 "-" "-"
51.77.52.107 - - [13/Feb/2025:15:26:43 +0100] "POST /Filip/Rovicky/baselinker/baselinker-ceneo-shumee.php HTTP/2.0" 200 106776 "-" "BaseLinker/1.0"
77.79.248.229 - - [13/Feb/2025:15:27:06 +0100] "GET /Jurek/swiatecznygoliat/feeds/swiatecznygoliat_zero.xml HTTP/1.1" 200 7047934 "-" "Python-urllib/3.11"
46.101.116.244 - - [13/Feb/2025:15:31:10 +0100] "GET /Jurek/aw/feeds/aw_fnacfr.xml HTTP/1.0" 404 3551 "-" "-"
193.33.8.61 - - [13/Feb/2025:15:31:40 +0100] "GET /Jurek/topeshop/downloaded_images/5902838468081_240002.png HTTP/2.0" 200 167501 "-" "Mozilla/5.0 (Windows NT 10.0; Win64; x64) AppleWebKit/537.36 (KHTML, like Gecko) Chrome/132.0.0.0 Safari/537.36"
193.33.8.61 - - [13/Feb/2025:15:31:47 +0100] "GET /Jurek/topeshop/downloaded_images/5902838468081_24_white_pp.jpg HTTP/2.0" 200 105725 "-" "Mozilla/5.0 (Windows NT 10.0; Win64; x64) AppleWebKit/537.36 (KHTML, like Gecko) Chrome/132.0.0.0 Safari/537.36"
178.21.154.6 - - [13/Feb/2025:15:31:54 +0100] "GET /Jurek/eurofirany/images/11968/0.jpg HTTP/1.1" 200 85404 "-" "-"
46.101.116.244 - - [13/Feb/2025:15:32:25 +0100] "GET /Jurek/vidaCZ/feeds/vida_mallczod.xml HTTP/2.0" 200 660268667 "-" "-"
46.101.116.244 - - [13/Feb/2025:15:32:28 +0100] "GET /Jurek/beliani/feeds/beliani_velomarket.xml HTTP/1.0" 200 31906852 "-" "-"
46.101.116.244 - - [13/Feb/2025:15:32:57 +0100] "GET /Filip/feeds/xlsx_ceneo.xml HTTP/1.0" 200 6241376 "-" "-"
51.77.52.107 - - [13/Feb/2025:15:32:58 +0100] "POST /Filip/Rovicky/baselinker/baselinker-ceneo-shumee.php HTTP/2.0" 200 106776 "-" "BaseLinker/1.0"
193.33.8.61 - - [13/Feb/2025:15:34:03 +0100] "GET /Jurek/artdog/feeds/artdog_zero.xml HTTP/2.0" 200 15926722 "https://konsola.dkkapusta1997.usermd.net/" "Mozilla/5.0 (Windows NT 10.0; Win64; x64) AppleWebKit/537.36 (KHTML, like Gecko) Chrome/132.0.0.0 Safari/537.36"
77.79.248.229 - - [13/Feb/2025:15:34:04 +0100] "GET /Jurek/artdog/feeds/artdog_zero.xml HTTP/1.1" 200 15926722 "-" "Python-urllib/3.11"
3.74.7.74 - - [13/Feb/2025:15:34:12 +0100] "GET /Jurek/topeshop/downloaded_images/5902838468463_1sonoma.png HTTP/2.0" 404 3551 "-" "Mozilla/5.0 (Windows NT 10.0; Win64; x64) AppleWebKit/537.36 (KHTML, like Gecko) Chrome/109.0.0.0 Safari/537.36"
52.18.22.0 - - [13/Feb/2025:15:35:51 +0100] "GET /marketplaces/worten2/results/worten.csv HTTP/1.1" 200 16112869 "-" "Mirakl HttpClient"
89.161.206.59 - - [13/Feb/2025:15:36:36 +0100] "GET /Jurek/b3/feeds/b3_amazonse.xml HTTP/1.0" 200 7296639 "-" "-"
46.101.116.244 - - [13/Feb/2025:15:37:11 +0100] "GET /Jurek/aw/feeds/aw_fnacfr.xml HTTP/1.0" 404 3551 "-" "-"
46.101.116.244 - - [13/Feb/2025:15:38:30 +0100] "GET /Jurek/beliani/feeds/beliani_empik.xml HTTP/1.0" 200 31905105 "-" "-"
46.101.116.244 - - [13/Feb/2025:15:38:41 +0100] "GET /Filip/feeds/xlsx_ceneo.xml HTTP/1.0" 200 6241376 "-" "-"
51.77.52.107 - - [13/Feb/2025:15:38:41 +0100] "POST /Filip/Rovicky/baselinker/baselinker-ceneo-shumee.php HTTP/2.0" 200 106776 "-" "BaseLinker/1.0"
89.161.206.59 - - [13/Feb/2025:15:40:18 +0100] "GET /Jurek/narzbud/feeds/narzbud_allegro.xml HTTP/1.0" 200 1610620 "-" "-"
89.161.206.59 - - [13/Feb/2025:15:40:22 +0100] "GET /Jurek/hurtmeblowy/feeds/hurtmeblowy_allegro.xml HTTP/1.0" 200 8039460 "-" "-"
193.33.8.61 - - [13/Feb/2025:15:40:24 +0100] "GET /Jurek/bass_new/feeds/bass_ebayde.xml HTTP/2.0" 200 7040957 "https://konsola.dkkapusta1997.usermd.net/" "Mozilla/5.0 (Windows NT 10.0; Win64; x64) AppleWebKit/537.36 (KHTML, like Gecko) Chrome/132.0.0.0 Safari/537.36"
77.79.248.229 - - [13/Feb/2025:15:40:41 +0100] "GET /Jurek/bass_new/feeds/bass_ebayde.xml HTTP/1.1" 200 7040957 "-" "Python-urllib/3.11"
193.33.8.61 - - [13/Feb/2025:15:40:49 +0100] "GET /Jurek/pagmil/feeds/pagmil_zero.xml HTTP/2.0" 200 1705587 "https://konsola.dkkapusta1997.usermd.net/" "Mozilla/5.0 (Windows NT 10.0; Win64; x64) AppleWebKit/537.36 (KHTML, like Gecko) Chrome/132.0.0.0 Safari/537.36"
77.79.248.229 - - [13/Feb/2025:15:40:52 +0100] "GET /Jurek/pagmil/feeds/pagmil_zero.xml HTTP/1.1" 200 1705587 "-" "Python-urllib/3.11"
178.21.154.6 - - [13/Feb/2025:15:41:28 +0100] "GET /Jurek/eurofirany/images/432798/0.jpg HTTP/1.1" 200 112485 "-" "-"
178.21.154.6 - - [13/Feb/2025:15:41:43 +0100] "GET /Jurek/eurofirany/images/422874/0.jpg HTTP/1.1" 200 136431 "-" "-"
46.101.116.244 - - [13/Feb/2025:15:42:01 +0100] "GET /Jurek/aw/feeds/aw_fnacfr.xml HTTP/1.0" 404 3551 "-" "-"
46.101.116.244 - - [13/Feb/2025:15:43:16 +0100] "GET /Filip/feeds/xlsx_ceneo.xml HTTP/1.0" 200 6241376 "-" "-"
51.77.52.107 - - [13/Feb/2025:15:43:16 +0100] "POST /Filip/Rovicky/baselinker/baselinker-ceneo-shumee.php HTTP/2.0" 200 106776 "-" "BaseLinker/1.0"
77.79.248.229 - - [13/Feb/2025:15:44:02 +0100] "GET /Jurek/aw/feeds/awnarzedzia_leroy.xml HTTP/1.1" 200 90230369 "-" "Python-urllib/3.11"
77.79.248.229 - - [13/Feb/2025:15:44:02 +0100] "GET /Jurek/hurtownia_przemyslowa/feeds/hp_leroy.xml HTTP/1.1" 200 49863251 "-" "Python-urllib/3.11"
77.79.248.229 - - [13/Feb/2025:15:44:03 +0100] "GET /Jurek/unimet/feeds/unimet_leroy.xml HTTP/1.1" 200 61074544 "-" "Python-urllib/3.11"
77.79.248.229 - - [13/Feb/2025:15:44:04 +0100] "GET /Jurek/action/feeds/action_leroy.xml HTTP/1.1" 200 55167751 "-" "Python-urllib/3.11"
77.79.248.229 - - [13/Feb/2025:15:44:07 +0100] "GET /Jurek/b3/feeds/b3_leroy.xml HTTP/1.1" 200 7293502 "-" "Python-urllib/3.11"
77.79.248.229 - - [13/Feb/2025:15:44:08 +0100] "GET /Jurek/topeshop/feeds/topeshop_leroy.xml HTTP/1.1" 200 2403326 "-" "Python-urllib/3.11"
77.79.248.229 - - [13/Feb/2025:15:44:09 +0100] "GET /Jurek/eurofirany/feeds/eurofirany_leroy.xml HTTP/1.1" 200 18913248 "-" "Python-urllib/3.11"
77.79.248.229 - - [13/Feb/2025:15:44:09 +0100] "GET /Jurek/fernity/feeds/fernity_leroy.xml HTTP/1.1" 200 5090090 "-" "Python-urllib/3.11"
77.79.248.229 - - [13/Feb/2025:15:44:10 +0100] "GET /Jurek/kambukka/feeds/kambukka_leroy.xml HTTP/1.1" 200 973307 "-" "Python-urllib/3.11"
77.79.248.229 - - [13/Feb/2025:15:44:10 +0100] "GET /Jurek/ikonka/feeds/ikonka_leroy.xml HTTP/1.1" 200 22195822 "-" "Python-urllib/3.11"
77.79.248.229 - - [13/Feb/2025:15:44:10 +0100] "GET /Jurek/oromed/feeds/oromed_leroy.xml HTTP/1.1" 200 968273 "-" "Python-urllib/3.11"
77.79.248.229 - - [13/Feb/2025:15:44:10 +0100] "GET /Jurek/benetech/feeds/benetech_leroy.xml HTTP/1.1" 200 4451813 "-" "Python-urllib/3.11"
77.79.248.229 - - [13/Feb/2025:15:44:10 +0100] "GET /Jurek/octopia/feeds/octopia_leroy.xml HTTP/1.1" 200 10808870 "-" "Python-urllib/3.11"
77.79.248.229 - - [13/Feb/2025:15:44:11 +0100] "GET /Jurek/waks/feeds/waks_leroy.xml HTTP/1.1" 200 6332906 "-" "Python-urllib/3.11"
77.79.248.229 - - [13/Feb/2025:15:44:11 +0100] "GET /Jurek/kinghoff/feeds/kinghoff_leroy.xml HTTP/1.1" 200 14074808 "-" "Python-urllib/3.11"
77.79.248.229 - - [13/Feb/2025:15:44:11 +0100] "GET /Jurek/hdwr/feeds/hdwr_leroy.xml HTTP/1.1" 200 777784 "-" "Python-urllib/3.11"
77.79.248.229 - - [13/Feb/2025:15:44:13 +0100] "GET /Jurek/barbecook/feeds/barbecook_leroy.xml HTTP/1.1" 200 87533 "-" "Python-urllib/3.11"
77.79.248.229 - - [13/Feb/2025:15:44:13 +0100] "GET /Jurek/sempler/feeds/sempler_leroy.xml HTTP/1.1" 200 6553246 "-" "Python-urllib/3.11"
77.79.248.229 - - [13/Feb/2025:15:44:13 +0100] "GET /Jurek/kinghome/feeds/kinghome_leroy.xml HTTP/1.1" 200 5762704 "-" "Python-urllib/3.11"
77.79.248.229 - - [13/Feb/2025:15:44:14 +0100] "GET /Jurek/ekolight/feeds/ekolioght_leroy.xml HTTP/1.1" 200 9051600 "-" "Python-urllib/3.11"
77.79.248.229 - - [13/Feb/2025:15:44:14 +0100] "GET /Jurek/bimboland/feeds/bimboland_leroy.xml HTTP/1.1" 200 2491356 "-" "Python-urllib/3.11"
77.79.248.229 - - [13/Feb/2025:15:44:15 +0100] "GET /Jurek/eroplace/feeds/eroplace_leroy.xml HTTP/1.1" 200 30849001 "-" "Python-urllib/3.11"
77.79.248.229 - - [13/Feb/2025:15:44:15 +0100] "GET /Jurek/hurtmeblowy/feeds/hurtmeblowy_leroy.xml HTTP/1.1" 200 8038402 "-" "Python-urllib/3.11"
77.79.248.229 - - [13/Feb/2025:15:44:16 +0100] "GET /Jurek/fertone/feeds/fertone_leroy.xml HTTP/1.1" 200 628494 "-" "Python-urllib/3.11"
77.79.248.229 - - [13/Feb/2025:15:44:16 +0100] "GET /Jurek/ekuchcikowo/feeds/ekuchcikowo_leroy.xml HTTP/1.1" 200 12779173 "-" "Python-urllib/3.11"
77.79.248.229 - - [13/Feb/2025:15:44:20 +0100] "GET /Jurek/intsell/feeds/intsell_leroy.xml HTTP/1.1" 200 338787472 "-" "Python-urllib/3.11"
77.79.248.229 - - [13/Feb/2025:15:44:20 +0100] "GET /Jurek/velinda/feeds/velinda_leroy.xml HTTP/1.1" 200 4282379 "-" "Python-urllib/3.11"
77.79.248.229 - - [13/Feb/2025:15:44:20 +0100] "GET /Jurek/spali/feeds/spali_leroy.xml HTTP/1.1" 200 101946 "-" "Python-urllib/3.11"
77.79.248.229 - - [13/Feb/2025:15:44:20 +0100] "GET /Jurek/urwiskowo/feeds/urwiskowo_leroy.xml HTTP/1.1" 200 9115066 "-" "Python-urllib/3.11"
5.134.208.158 - - [13/Feb/2025:15:44:21 +0100] "GET /Jurek/eurofirany/images/432597/0.jpg HTTP/1.1" 200 33 "-" "-"
5.134.208.158 - - [13/Feb/2025:15:44:21 +0100] "GET /Jurek/eurofirany/images/391402/0.jpg HTTP/1.1" 200 94432 "-" "-"
5.134.208.158 - - [13/Feb/2025:15:44:21 +0100] "GET /Jurek/eurofirany/images/394030/0.jpg HTTP/1.1" 200 141397 "-" "-"
5.134.208.158 - - [13/Feb/2025:15:44:21 +0100] "GET /Jurek/eurofirany/images/432597/0.jpg HTTP/1.1" 200 33 "-" "-"
77.79.248.229 - - [13/Feb/2025:15:44:21 +0100] "GET /Jurek/erohurtownia/feeds/erohurtownia_leroy.xml HTTP/1.1" 200 23304094 "-" "Python-urllib/3.11"
77.79.248.229 - - [13/Feb/2025:15:44:21 +0100] "GET /Jurek/elecomp/feeds/elecomp_leroy.xml HTTP/1.1" 200 2869605 "-" "Python-urllib/3.11"
77.79.248.229 - - [13/Feb/2025:15:44:21 +0100] "GET /Jurek/luxma/feeds/luxma_leroy.xml HTTP/1.1" 200 8058961 "-" "Python-urllib/3.11"
77.79.248.229 - - [13/Feb/2025:15:44:21 +0100] "GET /Jurek/coppotech/feeds/coppotech_leroy.xml HTTP/1.1" 200 38985081 "-" "Python-urllib/3.11"
77.79.248.229 - - [13/Feb/2025:15:44:22 +0100] "GET /Jurek/rider/feeds/rider_leroy.xml HTTP/1.1" 200 8165181 "-" "Python-urllib/3.11"
77.79.248.229 - - [13/Feb/2025:15:44:22 +0100] "GET /Jurek/emaja24/feeds/emaja24_leroy.xml HTTP/1.1" 200 5110201 "-" "Python-urllib/3.11"
77.79.248.229 - - [13/Feb/2025:15:44:22 +0100] "GET /Jurek/eurofryz2/feeds/eurofryz2_leroy.xml HTTP/1.1" 200 1376649 "-" "Python-urllib/3.11"
77.79.248.229 - - [13/Feb/2025:15:44:22 +0100] "GET /Jurek/expertauto/feeds/expertauto_leroy.xml HTTP/1.1" 200 1158922 "-" "Python-urllib/3.11"
77.79.248.229 - - [13/Feb/2025:15:44:22 +0100] "GET /Jurek/najtanszysport/feeds/najtanszysport_leroy.xml HTTP/1.1" 200 3983061 "-" "Python-urllib/3.11"
193.33.8.61 - - [13/Feb/2025:15:44:25 +0100] "GET /Jurek/topeshop/downloaded_images/5902838468098_240000.png HTTP/2.0" 200 411211 "-" "Mozilla/5.0 (Windows NT 10.0; Win64; x64) AppleWebKit/537.36 (KHTML, like Gecko) Chrome/132.0.0.0 Safari/537.36"
193.33.8.61 - - [13/Feb/2025:15:44:30 +0100] "GET /Jurek/topeshop/downloaded_images/5902838468098_24_sonoma_pp.jpg HTTP/2.0" 200 115098 "-" "Mozilla/5.0 (Windows NT 10.0; Win64; x64) AppleWebKit/537.36 (KHTML, like Gecko) Chrome/132.0.0.0 Safari/537.36"
46.101.116.244 - - [13/Feb/2025:15:46:01 +0100] "GET /Jurek/aw/feeds/aw_fnacfr.xml HTTP/1.0" 404 3551 "-" "-"
89.161.206.59 - - [13/Feb/2025:15:46:59 +0100] "GET /Jurek/hurtownia_przemyslowa/feeds/hp_manomanode.xml HTTP/1.0" 200 49863454 "-" "-"
46.101.116.244 - - [13/Feb/2025:15:47:26 +0100] "GET /Filip/feeds/xlsx_ceneo.xml HTTP/1.0" 200 6241376 "-" "-"
51.77.52.107 - - [13/Feb/2025:15:47:26 +0100] "POST /Filip/Rovicky/baselinker/baselinker-ceneo-shumee.php HTTP/2.0" 200 106776 "-" "BaseLinker/1.0"
89.161.206.59 - - [13/Feb/2025:15:48:04 +0100] "GET /Jurek/ikonka/feeds/ikonka_skroutz.xml HTTP/1.0" 200 22195819 "-" "-"
89.161.206.59 - - [13/Feb/2025:15:50:10 +0100] "GET /Jurek/fernity/feeds/fernity_skroutz.xml HTTP/1.0" 200 5090324 "-" "-"
89.161.206.59 - - [13/Feb/2025:15:50:21 +0100] "GET /Jurek/activeshop/feeds/activeshop_skroutz.xml HTTP/1.0" 200 10507195 "-" "-"
193.33.8.61 - - [13/Feb/2025:15:50:28 +0100] "GET /Jurek/bass_new/output.txt HTTP/2.0" 200 102704 "https://konsola.dkkapusta1997.usermd.net/" "Mozilla/5.0 (Windows NT 10.0; Win64; x64) AppleWebKit/537.36 (KHTML, like Gecko) Chrome/132.0.0.0 Safari/537.36"
89.161.206.59 - - [13/Feb/2025:15:50:50 +0100] "GET /Jurek/benetech/feeds/benetech_skroutz.xml HTTP/1.0" 200 2842518 "-" "-"
89.161.206.59 - - [13/Feb/2025:15:50:53 +0100] "GET /Jurek/kambukka/feeds/kambukka_skroutz.xml HTTP/1.0" 200 973317 "-" "-"
89.161.206.59 - - [13/Feb/2025:15:50:54 +0100] "GET /Jurek/pagmil/feeds/pagmil_skroutz.xml HTTP/1.0" 200 1705666 "-" "-"
89.161.206.59 - - [13/Feb/2025:15:50:55 +0100] "GET /Jurek/waks/feeds/waks_skroutz.xml HTTP/1.0" 200 6333031 "-" "-"
34.234.244.127 - - [13/Feb/2025:15:50:56 +0100] "GET /Jurek/topeshop/downloaded_images/5904507200084_MIJASBIURKOBRY%C5%81KABIELPRAWEBOKZM.jpg HTTP/2.0" 404 3551 "https://www.ebay.de/" "Mozilla/5.0 (compatible; Googlebot/2.1 +http://www.googlebot.com/bot.html; +ebay_internal_script) https://deepcrawl.com/bot"
34.234.244.127 - - [13/Feb/2025:15:50:56 +0100] "GET /Jurek/topeshop/downloaded_images/5904507200084_MIJASBIURKOBIELPRAWE.png HTTP/2.0" 404 3551 "https://www.ebay.de/itm/176838136916" "Mozilla/5.0 (compatible; Googlebot/2.1 +http://www.googlebot.com/bot.html; +ebay_internal_script) https://deepcrawl.com/bot"
34.234.244.127 - - [13/Feb/2025:15:50:56 +0100] "GET /Jurek/topeshop/downloaded_images/5904507200084_MIJASBIURKOBRY%C5%81KABIELPRAWEBOKOT.jpg HTTP/2.0" 404 3551 "https://www.ebay.de/itm/176838136916" "Mozilla/5.0 (compatible; Googlebot/2.1 +http://www.googlebot.com/bot.html; +ebay_internal_script) https://deepcrawl.com/bot"
34.234.244.127 - - [13/Feb/2025:15:50:56 +0100] "GET /Jurek/topeshop/downloaded_images/5904507200084_MIJASBIURKOBRY%C5%81KABIELPRAWEFRONTOT.jpg HTTP/2.0" 404 3551 "https://www.ebay.de/itm/176838136916" "Mozilla/5.0 (compatible; Googlebot/2.1 +http://www.googlebot.com/bot.html; +ebay_internal_script) https://deepcrawl.com/bot"
34.234.244.127 - - [13/Feb/2025:15:50:56 +0100] "GET /Jurek/topeshop/downloaded_images/5904507200084_MIJASBIURKOBRY%C5%81KABIELPRAWEFRONTZM.jpg HTTP/2.0" 404 3551 "https://www.ebay.de/itm/176838136916" "Mozilla/5.0 (compatible; Googlebot/2.1 +http://www.googlebot.com/bot.html; +ebay_internal_script) https://deepcrawl.com/bot"
34.234.244.127 - - [13/Feb/2025:15:50:56 +0100] "GET /Jurek/topeshop/downloaded_images/5904507200084_MIJASBIURKOBIELPRAWO.2tif.png HTTP/2.0" 404 3551 "https://www.ebay.de/itm/176838136916" "Mozilla/5.0 (compatible; Googlebot/2.1 +http://www.googlebot.com/bot.html; +ebay_internal_script) https://deepcrawl.com/bot"
34.234.244.127 - - [13/Feb/2025:15:50:57 +0100] "GET /Jurek/topeshop/downloaded_images/5904507200084_MIJASBIURKOBRY%C5%81KABIELPRAWEBOKOT.jpg HTTP/2.0" 404 3551 "https://www.ebay.de/itm/176838136916" "Mozilla/5.0 (compatible; Googlebot/2.1 +http://www.googlebot.com/bot.html; +ebay_internal_script) https://deepcrawl.com/bot"
34.234.244.127 - - [13/Feb/2025:15:50:57 +0100] "GET /Jurek/topeshop/downloaded_images/5904507200084_MIJASBIURKOBRY%C5%81KABIELPRAWEFRONTOT.jpg HTTP/2.0" 404 3551 "https://www.ebay.de/itm/176838136916" "Mozilla/5.0 (compatible; Googlebot/2.1 +http://www.googlebot.com/bot.html; +ebay_internal_script) https://deepcrawl.com/bot"
34.234.244.127 - - [13/Feb/2025:15:50:57 +0100] "GET /Jurek/topeshop/downloaded_images/5904507200084_MIJASBIURKOBRY%C5%81KABIELPRAWEFRONTZM.jpg HTTP/2.0" 404 3551 "https://www.ebay.de/itm/176838136916" "Mozilla/5.0 (compatible; Googlebot/2.1 +http://www.googlebot.com/bot.html; +ebay_internal_script) https://deepcrawl.com/bot"
34.234.244.127 - - [13/Feb/2025:15:50:57 +0100] "GET /Jurek/topeshop/downloaded_images/5904507200084_MIJASBIURKOBRY%C5%81KABIELPRAWEBOKZM.jpg HTTP/2.0" 404 3551 "https://www.ebay.de/itm/176838136916" "Mozilla/5.0 (compatible; Googlebot/2.1 +http://www.googlebot.com/bot.html; +ebay_internal_script) https://deepcrawl.com/bot"
46.101.116.244 - - [13/Feb/2025:15:50:58 +0100] "GET /Jurek/beliani/feeds/beliani_skroutz.xml HTTP/1.0" 200 31902570 "-" "-"
89.161.206.59 - - [13/Feb/2025:15:50:58 +0100] "GET /Jurek/hdwr/feeds/hdwr_skroutz.xml HTTP/1.0" 200 777772 "-" "-"
52.23.167.67 - - [13/Feb/2025:15:51:02 +0100] "GET /Jurek/bass_new/feeds/bass_ebayde.xml HTTP/1.1" 206 32769 "-" "Slackbot-LinkExpanding 1.0 (+https://api.slack.com/robots)"
3.87.229.72 - - [13/Feb/2025:15:51:03 +0100] "GET /Jurek/bass_new/feeds/bass_ebayde.xml HTTP/1.1" 206 65536 "-" "Slackbot-LinkExpanding 1.0 (+https://api.slack.com/robots)"
44.211.165.1 - - [13/Feb/2025:15:51:03 +0100] "GET /Jurek/bass_new/feeds/bass_ebayde.xml HTTP/1.1" 206 65536 "-" "Slackbot-LinkExpanding 1.0 (+https://api.slack.com/robots)"
52.23.167.67 - - [13/Feb/2025:15:51:04 +0100] "GET /Jurek/bass_new/feeds/bass_ebayde.xml HTTP/1.1" 206 65536 "-" "Slackbot-LinkExpanding 1.0 (+https://api.slack.com/robots)"
44.202.26.36 - - [13/Feb/2025:15:51:05 +0100] "GET /Jurek/bass_new/feeds/bass_ebayde.xml HTTP/1.1" 206 65536 "-" "Slackbot-LinkExpanding 1.0 (+https://api.slack.com/robots)"
46.101.116.244 - - [13/Feb/2025:15:51:05 +0100] "GET /Jurek/aw/feeds/aw_fnacfr.xml HTTP/1.0" 404 3551 "-" "-"
3.86.153.217 - - [13/Feb/2025:15:51:05 +0100] "GET /Jurek/bass_new/feeds/bass_ebayde.xml HTTP/1.1" 206 65536 "-" "Slackbot-LinkExpanding 1.0 (+https://api.slack.com/robots)"
44.211.61.161 - - [13/Feb/2025:15:51:06 +0100] "GET /Jurek/bass_new/feeds/bass_ebayde.xml HTTP/1.1" 206 65536 "-" "Slackbot-LinkExpanding 1.0 (+https://api.slack.com/robots)"
3.83.218.62 - - [13/Feb/2025:15:51:07 +0100] "GET /Jurek/bass_new/feeds/bass_ebayde.xml HTTP/1.1" 206 65536 "-" "Slackbot-LinkExpanding 1.0 (+https://api.slack.com/robots)"
54.166.97.54 - - [13/Feb/2025:15:51:08 +0100] "GET /Jurek/bass_new/feeds/bass_ebayde.xml HTTP/1.1" 206 65536 "-" "Slackbot-LinkExpanding 1.0 (+https://api.slack.com/robots)"
44.208.22.139 - - [13/Feb/2025:15:51:08 +0100] "GET /Jurek/bass_new/feeds/bass_ebayde.xml HTTP/1.1" 206 65536 "-" "Slackbot-LinkExpanding 1.0 (+https://api.slack.com/robots)"
44.202.26.36 - - [13/Feb/2025:15:51:09 +0100] "GET /Jurek/bass_new/feeds/bass_ebayde.xml HTTP/1.1" 206 65536 "-" "Slackbot-LinkExpanding 1.0 (+https://api.slack.com/robots)"
44.211.133.179 - - [13/Feb/2025:15:51:10 +0100] "GET /Jurek/bass_new/feeds/bass_ebayde.xml HTTP/1.1" 206 65536 "-" "Slackbot-LinkExpanding 1.0 (+https://api.slack.com/robots)"
3.86.106.15 - - [13/Feb/2025:15:51:10 +0100] "GET /Jurek/bass_new/feeds/bass_ebayde.xml HTTP/1.1" 206 65536 "-" "Slackbot-LinkExpanding 1.0 (+https://api.slack.com/robots)"
44.202.26.36 - - [13/Feb/2025:15:51:11 +0100] "GET /Jurek/bass_new/feeds/bass_ebayde.xml HTTP/1.1" 206 65536 "-" "Slackbot-LinkExpanding 1.0 (+https://api.slack.com/robots)"
3.94.55.225 - - [13/Feb/2025:15:51:12 +0100] "GET /Jurek/bass_new/feeds/bass_ebayde.xml HTTP/1.1" 206 65536 "-" "Slackbot-LinkExpanding 1.0 (+https://api.slack.com/robots)"
54.165.94.138 - - [13/Feb/2025:15:51:12 +0100] "GET /Jurek/bass_new/feeds/bass_ebayde.xml HTTP/1.1" 206 65536 "-" "Slackbot-LinkExpanding 1.0 (+https://api.slack.com/robots)"
54.174.119.40 - - [13/Feb/2025:15:51:13 +0100] "GET /favicon.ico HTTP/1.1" 404 3551 "-" "Slackbot 1.0 (+https://api.slack.com/robots)"
89.161.206.59 - - [13/Feb/2025:15:51:37 +0100] "GET /Jurek/galopi/feeds/galopi_skroutz.xml HTTP/1.0" 200 1884692 "-" "-"
193.33.8.61 - - [13/Feb/2025:15:51:40 +0100] "GET /Jurek/kinghoff/feeds/kinghoff_zero.xml HTTP/2.0" 200 14075282 "https://konsola.dkkapusta1997.usermd.net/" "Mozilla/5.0 (Windows NT 10.0; Win64; x64) AppleWebKit/537.36 (KHTML, like Gecko) Chrome/132.0.0.0 Safari/537.36"
89.161.206.59 - - [13/Feb/2025:15:51:44 +0100] "GET /Jurek/velinda/feeds/velinda_skroutz.xml HTTP/1.0" 200 4294781 "-" "-"
89.161.206.59 - - [13/Feb/2025:15:52:08 +0100] "GET /Jurek/octopia/feeds/octopia_allegronew.xml HTTP/1.0" 200 10813726 "-" "-"
46.101.116.244 - - [13/Feb/2025:15:52:31 +0100] "GET /Filip/feeds/xlsx_ceneo.xml HTTP/1.0" 200 6241376 "-" "-"
51.77.52.107 - - [13/Feb/2025:15:52:32 +0100] "POST /Filip/Rovicky/baselinker/baselinker-ceneo-shumee.php HTTP/2.0" 200 106776 "-" "BaseLinker/1.0"
34.234.244.127 - - [13/Feb/2025:15:52:37 +0100] "GET /Jurek/topeshop/downloaded_images/5904507207441_Front_mijas_Lewy_niebieski.png HTTP/2.0" 404 3551 "https://www.ebay.de/itm/176838135782" "Mozilla/5.0 (compatible; Googlebot/2.1 +http://www.googlebot.com/bot.html; +ebay_internal_script) https://deepcrawl.com/bot"
34.234.244.127 - - [13/Feb/2025:15:52:37 +0100] "GET /Jurek/topeshop/downloaded_images/5904507207441_20st_mijas_Lewy_open_niebieski.png HTTP/2.0" 404 3551 "https://www.ebay.de/itm/176838135782" "Mozilla/5.0 (compatible; Googlebot/2.1 +http://www.googlebot.com/bot.html; +ebay_internal_script) https://deepcrawl.com/bot"
34.234.244.127 - - [13/Feb/2025:15:52:37 +0100] "GET /Jurek/topeshop/downloaded_images/5904507207441_mijas_niebieski.jpg HTTP/2.0" 200 126677 "https://www.ebay.de/itm/176838135782" "Mozilla/5.0 (compatible; Googlebot/2.1 +http://www.googlebot.com/bot.html; +ebay_internal_script) https://deepcrawl.com/bot"
34.234.244.127 - - [13/Feb/2025:15:52:38 +0100] "GET /Jurek/topeshop/downloaded_images/5904507207441_20st_mijas_Lewy_open_niebieski.png HTTP/2.0" 404 3551 "https://www.ebay.de/itm/176838135782" "Mozilla/5.0 (compatible; Googlebot/2.1 +http://www.googlebot.com/bot.html; +ebay_internal_script) https://deepcrawl.com/bot"
34.234.244.127 - - [13/Feb/2025:15:52:38 +0100] "GET /Jurek/topeshop/downloaded_images/5904507207441_Front_mijas_Lewy_niebieski.png HTTP/2.0" 404 3551 "https://www.ebay.de/itm/176838135782" "Mozilla/5.0 (compatible; Googlebot/2.1 +http://www.googlebot.com/bot.html; +ebay_internal_script) https://deepcrawl.com/bot"
34.234.244.127 - - [13/Feb/2025:15:52:38 +0100] "GET /Jurek/topeshop/downloaded_images/5904507207441_20st_mijas_lewy_niebieskikopia.png HTTP/2.0" 200 251031 "https://www.ebay.de/" "Mozilla/5.0 (compatible; Googlebot/2.1 +http://www.googlebot.com/bot.html; +ebay_internal_script) https://deepcrawl.com/bot"
193.33.8.61 - - [13/Feb/2025:15:52:59 +0100] "GET /Jurek/kinghoff/feeds/kinghoff_ebay.xml HTTP/2.0" 200 14454011 "-" "Mozilla/5.0 (Windows NT 10.0; Win64; x64) AppleWebKit/537.36 (KHTML, like Gecko) Chrome/132.0.0.0 Safari/537.36"
77.79.248.229 - - [13/Feb/2025:15:53:36 +0100] "GET /Jurek/kinghoff/feeds/kinghoff_zero.xml HTTP/1.1" 200 14075282 "-" "Python-urllib/3.11"
46.101.116.244 - - [13/Feb/2025:15:53:58 +0100] "GET /Jurek/aw/feeds/awnarzedzia_skroutz.xml HTTP/1.0" 200 90232055 "-" "-"
77.79.248.229 - - [13/Feb/2025:15:54:10 +0100] "GET /Jurek/vidaSI/feeds/vidaSI_bigbang.xml HTTP/1.1" 200 620282807 "-" "Python-urllib/3.11"
89.161.206.59 - - [13/Feb/2025:15:54:40 +0100] "GET /Jurek/madrex/feeds/madrex_skroutz.xml HTTP/1.0" 200 466725 "-" "-"
193.33.8.61 - - [13/Feb/2025:15:54:54 +0100] "GET /Jurek/kinghoff/feeds/kinghoff_Skroutz.xml HTTP/2.0" 200 14074879 "https://konsola.dkkapusta1997.usermd.net/" "Mozilla/5.0 (Windows NT 10.0; Win64; x64) AppleWebKit/537.36 (KHTML, like Gecko) Chrome/132.0.0.0 Safari/537.36"
193.33.8.61 - - [13/Feb/2025:15:54:57 +0100] "GET /Jurek/kinghoff/feeds/kinghoff_ebayde.xml HTTP/2.0" 404 3551 "-" "Mozilla/5.0 (Windows NT 10.0; Win64; x64) AppleWebKit/537.36 (KHTML, like Gecko) Chrome/132.0.0.0 Safari/537.36"
193.33.8.61 - - [13/Feb/2025:15:55:26 +0100] "GET /Jurek/kinghoff/feeds/kinghoff_ebay.xml HTTP/2.0" 200 14454011 "-" "Mozilla/5.0 (Windows NT 10.0; Win64; x64) AppleWebKit/537.36 (KHTML, like Gecko) Chrome/132.0.0.0 Safari/537.36"
3.235.152.167 - - [13/Feb/2025:15:55:28 +0100] "GET /Jurek/kinghoff/feeds/kinghoff_ebay.xml HTTP/1.1" 206 32769 "-" "Slackbot-LinkExpanding 1.0 (+https://api.slack.com/robots)"
18.207.184.213 - - [13/Feb/2025:15:55:28 +0100] "GET /Jurek/kinghoff/feeds/kinghoff_ebay.xml HTTP/1.1" 206 65536 "-" "Slackbot-LinkExpanding 1.0 (+https://api.slack.com/robots)"
35.153.49.214 - - [13/Feb/2025:15:55:29 +0100] "GET /Jurek/kinghoff/feeds/kinghoff_ebay.xml HTTP/1.1" 206 65536 "-" "Slackbot-LinkExpanding 1.0 (+https://api.slack.com/robots)"
44.202.215.66 - - [13/Feb/2025:15:55:29 +0100] "GET /Jurek/kinghoff/feeds/kinghoff_ebay.xml HTTP/1.1" 206 65536 "-" "Slackbot-LinkExpanding 1.0 (+https://api.slack.com/robots)"
34.231.171.144 - - [13/Feb/2025:15:55:30 +0100] "GET /Jurek/kinghoff/feeds/kinghoff_ebay.xml HTTP/1.1" 206 65536 "-" "Slackbot-LinkExpanding 1.0 (+https://api.slack.com/robots)"
18.207.107.26 - - [13/Feb/2025:15:55:31 +0100] "GET /Jurek/kinghoff/feeds/kinghoff_ebay.xml HTTP/1.1" 206 65536 "-" "Slackbot-LinkExpanding 1.0 (+https://api.slack.com/robots)"
98.80.177.104 - - [13/Feb/2025:15:55:32 +0100] "GET /Jurek/kinghoff/feeds/kinghoff_ebay.xml HTTP/1.1" 206 65536 "-" "Slackbot-LinkExpanding 1.0 (+https://api.slack.com/robots)"
34.200.245.198 - - [13/Feb/2025:15:55:32 +0100] "GET /Jurek/kinghoff/feeds/kinghoff_ebay.xml HTTP/1.1" 206 65536 "-" "Slackbot-LinkExpanding 1.0 (+https://api.slack.com/robots)"
44.197.131.182 - - [13/Feb/2025:15:55:33 +0100] "GET /Jurek/kinghoff/feeds/kinghoff_ebay.xml HTTP/1.1" 206 65536 "-" "Slackbot-LinkExpanding 1.0 (+https://api.slack.com/robots)"
34.200.245.198 - - [13/Feb/2025:15:55:34 +0100] "GET /Jurek/kinghoff/feeds/kinghoff_ebay.xml HTTP/1.1" 206 65536 "-" "Slackbot-LinkExpanding 1.0 (+https://api.slack.com/robots)"
3.235.152.167 - - [13/Feb/2025:15:55:34 +0100] "GET /Jurek/kinghoff/feeds/kinghoff_ebay.xml HTTP/1.1" 206 65536 "-" "Slackbot-LinkExpanding 1.0 (+https://api.slack.com/robots)"
35.172.232.201 - - [13/Feb/2025:15:55:35 +0100] "GET /Jurek/kinghoff/feeds/kinghoff_ebay.xml HTTP/1.1" 206 65536 "-" "Slackbot-LinkExpanding 1.0 (+https://api.slack.com/robots)"
34.237.1.121 - - [13/Feb/2025:15:55:36 +0100] "GET /Jurek/kinghoff/feeds/kinghoff_ebay.xml HTTP/1.1" 206 65536 "-" "Slackbot-LinkExpanding 1.0 (+https://api.slack.com/robots)"
75.101.180.192 - - [13/Feb/2025:15:55:36 +0100] "GET /Jurek/kinghoff/feeds/kinghoff_ebay.xml HTTP/1.1" 206 65536 "-" "Slackbot-LinkExpanding 1.0 (+https://api.slack.com/robots)"
3.219.47.246 - - [13/Feb/2025:15:55:37 +0100] "GET /Jurek/kinghoff/feeds/kinghoff_ebay.xml HTTP/1.1" 206 65536 "-" "Slackbot-LinkExpanding 1.0 (+https://api.slack.com/robots)"
3.219.47.246 - - [13/Feb/2025:15:55:38 +0100] "GET /Jurek/kinghoff/feeds/kinghoff_ebay.xml HTTP/1.1" 206 65536 "-" "Slackbot-LinkExpanding 1.0 (+https://api.slack.com/robots)"
44.197.131.182 - - [13/Feb/2025:15:55:38 +0100] "GET /favicon.ico HTTP/1.1" 404 3551 "-" "Slackbot 1.0 (+https://api.slack.com/robots)"
34.234.244.127 - - [13/Feb/2025:15:55:52 +0100] "GET /Jurek/topeshop/downloaded_images/5904507200169_MIJASBIURKOSONOMA_.png HTTP/2.0" 404 3551 "https://www.ebay.de/itm/176838136444" "Mozilla/5.0 (compatible; Googlebot/2.1 +http://www.googlebot.com/bot.html; +ebay_internal_script) https://deepcrawl.com/bot"
34.234.244.127 - - [13/Feb/2025:15:55:52 +0100] "GET /Jurek/topeshop/downloaded_images/5904507200169_MIJASBIURKOBRY%C5%81KASONOMALEWEBOKOT.jpg HTTP/2.0" 404 3551 "https://www.ebay.de/itm/176838136444" "Mozilla/5.0 (compatible; Googlebot/2.1 +http://www.googlebot.com/bot.html; +ebay_internal_script) https://deepcrawl.com/bot"
34.234.244.127 - - [13/Feb/2025:15:55:52 +0100] "GET /Jurek/topeshop/downloaded_images/5904507200169_MIJASBIURKOSONOMALEWO.2tif.png HTTP/2.0" 404 3551 "https://www.ebay.de/itm/176838136444" "Mozilla/5.0 (compatible; Googlebot/2.1 +http://www.googlebot.com/bot.html; +ebay_internal_script) https://deepcrawl.com/bot"
34.234.244.127 - - [13/Feb/2025:15:55:52 +0100] "GET /Jurek/topeshop/downloaded_images/5904507200169_MIJASBIURKOBRY%C5%81KASONOMALEWEBOKZM.jpg HTTP/2.0" 404 3551 "https://www.ebay.de/" "Mozilla/5.0 (compatible; Googlebot/2.1 +http://www.googlebot.com/bot.html; +ebay_internal_script) https://deepcrawl.com/bot"
34.234.244.127 - - [13/Feb/2025:15:55:52 +0100] "GET /Jurek/topeshop/downloaded_images/5904507200169_MIJASBIURKOBRY%C5%81KASONOMALEWEFRONTZM.jpg HTTP/2.0" 404 3551 "https://www.ebay.de/itm/176838136444" "Mozilla/5.0 (compatible; Googlebot/2.1 +http://www.googlebot.com/bot.html; +ebay_internal_script) https://deepcrawl.com/bot"
34.234.244.127 - - [13/Feb/2025:15:55:52 +0100] "GET /Jurek/topeshop/downloaded_images/5904507200169_MIJASBIURKOBRY%C5%81KASONOMALEWEFRONTOT.jpg HTTP/2.0" 404 3551 "https://www.ebay.de/itm/176838136444" "Mozilla/5.0 (compatible; Googlebot/2.1 +http://www.googlebot.com/bot.html; +ebay_internal_script) https://deepcrawl.com/bot"
34.234.244.127 - - [13/Feb/2025:15:55:53 +0100] "GET /Jurek/topeshop/downloaded_images/5904507200169_MIJASBIURKOBRY%C5%81KASONOMALEWEBOKOT.jpg HTTP/2.0" 404 3551 "https://www.ebay.de/itm/176838136444" "Mozilla/5.0 (compatible; Googlebot/2.1 +http://www.googlebot.com/bot.html; +ebay_internal_script) https://deepcrawl.com/bot"
34.234.244.127 - - [13/Feb/2025:15:55:53 +0100] "GET /Jurek/topeshop/downloaded_images/5904507200169_MIJASBIURKOBRY%C5%81KASONOMALEWEFRONTZM.jpg HTTP/2.0" 404 3551 "https://www.ebay.de/itm/176838136444" "Mozilla/5.0 (compatible; Googlebot/2.1 +http://www.googlebot.com/bot.html; +ebay_internal_script) https://deepcrawl.com/bot"
34.234.244.127 - - [13/Feb/2025:15:55:53 +0100] "GET /Jurek/topeshop/downloaded_images/5904507200169_MIJASBIURKOBRY%C5%81KASONOMALEWEFRONTOT.jpg HTTP/2.0" 404 3551 "https://www.ebay.de/itm/176838136444" "Mozilla/5.0 (compatible; Googlebot/2.1 +http://www.googlebot.com/bot.html; +ebay_internal_script) https://deepcrawl.com/bot"
34.234.244.127 - - [13/Feb/2025:15:55:53 +0100] "GET /Jurek/topeshop/downloaded_images/5904507200169_MIJASBIURKOBRY%C5%81KASONOMALEWEBOKZM.jpg HTTP/2.0" 404 3551 "https://www.ebay.de/itm/176838136444" "Mozilla/5.0 (compatible; Googlebot/2.1 +http://www.googlebot.com/bot.html; +ebay_internal_script) https://deepcrawl.com/bot"
46.101.116.244 - - [13/Feb/2025:15:56:00 +0100] "GET /Jurek/aw/feeds/aw_fnacfr.xml HTTP/1.0" 404 3551 "-" "-"
89.161.206.59 - - [13/Feb/2025:15:56:24 +0100] "GET /Jurek/combine/feeds/combine_amazonde.xml HTTP/1.0" 200 210555 "-" "-"
89.161.206.59 - - [13/Feb/2025:15:56:53 +0100] "GET /Jurek/eurofirany/feeds/eurofirany_skroutz.xml HTTP/1.0" 200 18913446 "-" "-"
46.101.116.244 - - [13/Feb/2025:15:57:13 +0100] "GET /Filip/feeds/xlsx_ceneo.xml HTTP/1.0" 200 6241376 "-" "-"
51.77.52.107 - - [13/Feb/2025:15:57:14 +0100] "POST /Filip/Rovicky/baselinker/baselinker-ceneo-shumee.php HTTP/2.0" 200 106776 "-" "BaseLinker/1.0"
34.234.244.127 - - [13/Feb/2025:15:57:24 +0100] "GET /Jurek/topeshop/downloaded_images/5904507201906_MIJASBIURKOBRY%C5%81KAANTRACYTLEWEBOKZM.jpg HTTP/2.0" 404 3551 "https://www.ebay.de/" "Mozilla/5.0 (compatible; Googlebot/2.1 +http://www.googlebot.com/bot.html; +ebay_internal_script) https://deepcrawl.com/bot"
34.234.244.127 - - [13/Feb/2025:15:57:24 +0100] "GET /Jurek/topeshop/downloaded_images/5904507201906_MIJASBIURKOBRY%C5%81KAANTRACYTLEWEBOKkOT.jpg HTTP/2.0" 404 3551 "https://www.ebay.de/itm/176838135698" "Mozilla/5.0 (compatible; Googlebot/2.1 +http://www.googlebot.com/bot.html; +ebay_internal_script) https://deepcrawl.com/bot"
34.234.244.127 - - [13/Feb/2025:15:57:24 +0100] "GET /Jurek/topeshop/downloaded_images/5904507201906_MIJASBIURKOBRY%C5%81KAANTRACYTLEWEFRONTOT.jpg HTTP/2.0" 404 3551 "https://www.ebay.de/itm/176838135698" "Mozilla/5.0 (compatible; Googlebot/2.1 +http://www.googlebot.com/bot.html; +ebay_internal_script) https://deepcrawl.com/bot"
34.234.244.127 - - [13/Feb/2025:15:57:24 +0100] "GET /Jurek/topeshop/downloaded_images/5904507201906_MIJASBIURKOANTRACYTLEWE.2tif.png HTTP/2.0" 404 3551 "https://www.ebay.de/itm/176838135698" "Mozilla/5.0 (compatible; Googlebot/2.1 +http://www.googlebot.com/bot.html; +ebay_internal_script) https://deepcrawl.com/bot"
34.234.244.127 - - [13/Feb/2025:15:57:24 +0100] "GET /Jurek/topeshop/downloaded_images/5904507201906_MIJASBIURKOANTRACYTLEWE.png HTTP/2.0" 404 3551 "https://www.ebay.de/itm/176838135698" "Mozilla/5.0 (compatible; Googlebot/2.1 +http://www.googlebot.com/bot.html; +ebay_internal_script) https://deepcrawl.com/bot"
34.234.244.127 - - [13/Feb/2025:15:57:24 +0100] "GET /Jurek/topeshop/downloaded_images/5904507201906_MIJASBIURKOBRY%C5%81KAANTRACYTLEWEFRONTZM.jpg HTTP/2.0" 404 3551 "https://www.ebay.de/itm/176838135698" "Mozilla/5.0 (compatible; Googlebot/2.1 +http://www.googlebot.com/bot.html; +ebay_internal_script) https://deepcrawl.com/bot"
34.234.244.127 - - [13/Feb/2025:15:57:25 +0100] "GET /Jurek/topeshop/downloaded_images/5904507201906_MIJASBIURKOBRY%C5%81KAANTRACYTLEWEBOKkOT.jpg HTTP/2.0" 404 3551 "https://www.ebay.de/itm/176838135698" "Mozilla/5.0 (compatible; Googlebot/2.1 +http://www.googlebot.com/bot.html; +ebay_internal_script) https://deepcrawl.com/bot"
34.234.244.127 - - [13/Feb/2025:15:57:25 +0100] "GET /Jurek/topeshop/downloaded_images/5904507201906_MIJASBIURKOBRY%C5%81KAANTRACYTLEWEFRONTOT.jpg HTTP/2.0" 404 3551 "https://www.ebay.de/itm/176838135698" "Mozilla/5.0 (compatible; Googlebot/2.1 +http://www.googlebot.com/bot.html; +ebay_internal_script) https://deepcrawl.com/bot"
34.234.244.127 - - [13/Feb/2025:15:57:25 +0100] "GET /Jurek/topeshop/downloaded_images/5904507201906_MIJASBIURKOBRY%C5%81KAANTRACYTLEWEFRONTZM.jpg HTTP/2.0" 404 3551 "https://www.ebay.de/itm/176838135698" "Mozilla/5.0 (compatible; Googlebot/2.1 +http://www.googlebot.com/bot.html; +ebay_internal_script) https://deepcrawl.com/bot"
34.234.244.127 - - [13/Feb/2025:15:57:25 +0100] "GET /Jurek/topeshop/downloaded_images/5904507201906_MIJASBIURKOBRY%C5%81KAANTRACYTLEWEBOKZM.jpg HTTP/2.0" 404 3551 "https://www.ebay.de/itm/176838135698" "Mozilla/5.0 (compatible; Googlebot/2.1 +http://www.googlebot.com/bot.html; +ebay_internal_script) https://deepcrawl.com/bot"
77.79.248.229 - - [13/Feb/2025:15:58:03 +0100] "GET /Filip/zalando/zalando-logo.jpg HTTP/1.1" 200 5121 "-" "-"
77.79.248.229 - - [13/Feb/2025:15:58:03 +0100] "GET /Filip/zalando/zalando-logo.jpg HTTP/1.1" 200 5121 "-" "-"
34.234.244.127 - - [13/Feb/2025:15:58:10 +0100] "GET /Jurek/topeshop/downloaded_images/5904507200176_MIJASBIURKOSONOMAPRAWO.2tif.png HTTP/2.0" 404 3551 "https://www.ebay.de/itm/176838137152" "Mozilla/5.0 (compatible; Googlebot/2.1 +http://www.googlebot.com/bot.html; +ebay_internal_script) https://deepcrawl.com/bot"
34.234.244.127 - - [13/Feb/2025:15:58:10 +0100] "GET /Jurek/topeshop/downloaded_images/5904507200176_MIJASBIURKOSONOMA_.png HTTP/2.0" 404 3551 "https://www.ebay.de/itm/176838137152" "Mozilla/5.0 (compatible; Googlebot/2.1 +http://www.googlebot.com/bot.html; +ebay_internal_script) https://deepcrawl.com/bot"
34.234.244.127 - - [13/Feb/2025:15:58:10 +0100] "GET /Jurek/topeshop/downloaded_images/5904507200176_MIJASBIURKOBRY%C5%81KASONOMAPRAWEFRONTZM.jpg HTTP/2.0" 404 3551 "https://www.ebay.de/itm/176838137152" "Mozilla/5.0 (compatible; Googlebot/2.1 +http://www.googlebot.com/bot.html; +ebay_internal_script) https://deepcrawl.com/bot"
34.234.244.127 - - [13/Feb/2025:15:58:10 +0100] "GET /Jurek/topeshop/downloaded_images/5904507200176_MIJASBIURKOBRY%C5%81KASONOMAPRAWEFRONTOT.jpg HTTP/2.0" 404 3551 "https://www.ebay.de/itm/176838137152" "Mozilla/5.0 (compatible; Googlebot/2.1 +http://www.googlebot.com/bot.html; +ebay_internal_script) https://deepcrawl.com/bot"
34.234.244.127 - - [13/Feb/2025:15:58:10 +0100] "GET /Jurek/topeshop/downloaded_images/5904507200176_MIJASBIURKOBRY%C5%81KASONOMAPRAWEBOKZM.jpg HTTP/2.0" 404 3551 "https://www.ebay.de/" "Mozilla/5.0 (compatible; Googlebot/2.1 +http://www.googlebot.com/bot.html; +ebay_internal_script) https://deepcrawl.com/bot"
34.234.244.127 - - [13/Feb/2025:15:58:10 +0100] "GET /Jurek/topeshop/downloaded_images/5904507200176_MIJASBIURKOBRY%C5%81KASONOMAPRAWEBOKOT.jpg HTTP/2.0" 404 3551 "https://www.ebay.de/itm/176838137152" "Mozilla/5.0 (compatible; Googlebot/2.1 +http://www.googlebot.com/bot.html; +ebay_internal_script) https://deepcrawl.com/bot"
34.234.244.127 - - [13/Feb/2025:15:58:10 +0100] "GET /Jurek/topeshop/downloaded_images/5904507200176_MIJASBIURKOBRY%C5%81KASONOMAPRAWEFRONTZM.jpg HTTP/2.0" 404 3551 "https://www.ebay.de/itm/176838137152" "Mozilla/5.0 (compatible; Googlebot/2.1 +http://www.googlebot.com/bot.html; +ebay_internal_script) https://deepcrawl.com/bot"
34.234.244.127 - - [13/Feb/2025:15:58:10 +0100] "GET /Jurek/topeshop/downloaded_images/5904507200176_MIJASBIURKOBRY%C5%81KASONOMAPRAWEFRONTOT.jpg HTTP/2.0" 404 3551 "https://www.ebay.de/itm/176838137152" "Mozilla/5.0 (compatible; Googlebot/2.1 +http://www.googlebot.com/bot.html; +ebay_internal_script) https://deepcrawl.com/bot"
34.234.244.127 - - [13/Feb/2025:15:58:10 +0100] "GET /Jurek/topeshop/downloaded_images/5904507200176_MIJASBIURKOBRY%C5%81KASONOMAPRAWEBOKOT.jpg HTTP/2.0" 404 3551 "https://www.ebay.de/itm/176838137152" "Mozilla/5.0 (compatible; Googlebot/2.1 +http://www.googlebot.com/bot.html; +ebay_internal_script) https://deepcrawl.com/bot"
34.234.244.127 - - [13/Feb/2025:15:58:10 +0100] "GET /Jurek/topeshop/downloaded_images/5904507200176_MIJASBIURKOBRY%C5%81KASONOMAPRAWEBOKZM.jpg HTTP/2.0" 404 3551 "https://www.ebay.de/itm/176838137152" "Mozilla/5.0 (compatible; Googlebot/2.1 +http://www.googlebot.com/bot.html; +ebay_internal_script) https://deepcrawl.com/bot"
