35.198.70.30 - - [13/Feb/2025:12:01:47 +0100] "GET /Jurek/topeshop/downloaded_images/5902838468814_DUO-BIEL-BRY%C5%81KA-BOK-ZM.jpg HTTP/2.0" 404 3551 "-" "Mozilla/5.0 (Macintosh; Intel Mac OS X 10.15; rv:78.0) Gecko/20100101 Firefox/78.0"
193.33.8.61 - - [13/Feb/2025:12:02:12 +0100] "GET /Jurek/topeshop/downloaded_images/5902838466919_lima-prawe.png HTTP/2.0" 304 0 "-" "Mozilla/5.0 (Windows NT 10.0; Win64; x64) AppleWebKit/537.36 (KHTML, like Gecko) Chrome/132.0.0.0 Safari/537.36"
52.209.168.113 - - [13/Feb/2025:12:02:15 +0100] "GET /marketplaces/rue/results/rue.csv HTTP/1.1" 200 147219 "-" "Mirakl HttpClient"
193.33.8.61 - - [13/Feb/2025:12:02:18 +0100] "GET /Jurek/topeshop/downloaded_images/5902838466919_lima-1.png HTTP/2.0" 200 551069 "-" "Mozilla/5.0 (Windows NT 10.0; Win64; x64) AppleWebKit/537.36 (KHTML, like Gecko) Chrome/132.0.0.0 Safari/537.36"
46.101.116.244 - - [13/Feb/2025:12:02:36 +0100] "GET /Jurek/sempler/feeds/sempler_alza.xml HTTP/2.0" 200 6554653 "-" "-"
46.101.116.244 - - [13/Feb/2025:12:02:47 +0100] "GET /Jurek/eroplace/feeds/eroplace_alza.xml HTTP/2.0" 200 30866431 "-" "-"
85.14.86.141 - - [13/Feb/2025:12:02:48 +0100] "GET /Jurek/kinghoff/feeds/kinghoff_morele.xml HTTP/2.0" 200 14093490 "-" "MarketplaceAPI curl/7.64.0 PHP/8"
89.161.206.59 - - [13/Feb/2025:12:03:00 +0100] "GET /Jurek/sempler/feeds/sempler_skroutz.xml HTTP/1.0" 200 6553242 "-" "-"
46.101.116.244 - - [13/Feb/2025:12:03:00 +0100] "GET /Jurek/mosti/feeds/mosti_alza.xml HTTP/2.0" 200 9251141 "-" "-"
89.161.206.59 - - [13/Feb/2025:12:03:01 +0100] "GET /Jurek/eroplace/feeds/eroplace_skroutz.xml HTTP/1.0" 200 30849340 "-" "-"
46.101.116.244 - - [13/Feb/2025:12:03:01 +0100] "GET /Jurek/biokominki/feeds/biokomiinki_alza.xml HTTP/2.0" 200 1422345 "-" "-"
66.211.183.73 - - [13/Feb/2025:12:03:01 +0100] "GET /Jurek/topeshop/downloaded_images/5904507207441_20st_mijas_lewy_niebieskikopia.png HTTP/1.1" 200 251031 "-" "scalaj-http/2.4.2"
89.161.206.59 - - [13/Feb/2025:12:03:02 +0100] "GET /Jurek/targethome/feeds/targethome_skroutz.xml HTTP/1.0" 200 683603 "-" "-"
193.33.8.61 - - [13/Feb/2025:12:03:11 +0100] "GET /Jurek/topeshop/downloaded_images/5904507209476_Marina2s_kaszmir_slim_bry%C5%82ka(2).jpg HTTP/2.0" 404 3551 "-" "Mozilla/5.0 (Windows NT 10.0; Win64; x64) AppleWebKit/537.36 (KHTML, like Gecko) Chrome/132.0.0.0 Safari/537.36"
5.134.208.158 - - [13/Feb/2025:12:03:17 +0100] "GET /Jurek/eurofirany/images/387466/0.jpg HTTP/1.1" 200 166391 "-" "-"
193.33.8.61 - - [13/Feb/2025:12:03:29 +0100] "GET /Jurek/topeshop/downloaded_images/5904507207441_20st_mijas_lewy_niebieskikopia.png HTTP/2.0" 200 251031 "-" "Mozilla/5.0 (Windows NT 10.0; Win64; x64) AppleWebKit/537.36 (KHTML, like Gecko) Chrome/132.0.0.0 Safari/537.36"
46.101.116.244 - - [13/Feb/2025:12:04:33 +0100] "GET /Jurek/vida_morele/feeds/vida_alza.xml HTTP/2.0" 200 694980750 "-" "-"
85.14.86.141 - - [13/Feb/2025:12:05:03 +0100] "GET /Jurek/eurofirany/feeds/eurofirany_morele.xml HTTP/2.0" 200 18912217 "-" "MarketplaceAPI curl/7.64.0 PHP/8"
85.14.86.141 - - [13/Feb/2025:12:05:18 +0100] "GET /Jurek/vivaldi/feeds/vivaldi_Morele-PL.xml HTTP/2.0" 200 344674 "-" "MarketplaceAPI curl/7.64.0 PHP/8"
193.33.8.61 - - [13/Feb/2025:12:05:23 +0100] "GET /Jurek/topeshop/downloaded_images/5904507207441_20st_mijas_Lewy_open_niebieski.png HTTP/2.0" 404 3551 "-" "Mozilla/5.0 (Windows NT 10.0; Win64; x64) AppleWebKit/537.36 (KHTML, like Gecko) Chrome/132.0.0.0 Safari/537.36"
193.33.8.61 - - [13/Feb/2025:12:05:29 +0100] "GET /Jurek/topeshop/downloaded_images/5904507207441_Front_mijas_Lewy_niebieski.png HTTP/2.0" 404 3551 "-" "Mozilla/5.0 (Windows NT 10.0; Win64; x64) AppleWebKit/537.36 (KHTML, like Gecko) Chrome/132.0.0.0 Safari/537.36"
46.101.116.244 - - [13/Feb/2025:12:06:08 +0100] "GET /Jurek/aw/feeds/aw_fnacfr.xml HTTP/1.0" 404 3551 "-" "-"
85.14.86.141 - - [13/Feb/2025:12:06:28 +0100] "GET /Jurek/aw/feeds/awnarzedzia_morele.xml HTTP/2.0" 200 90242185 "-" "MarketplaceAPI curl/7.64.0 PHP/8"
46.101.116.244 - - [13/Feb/2025:12:06:36 +0100] "GET /Filip/feeds/xlsx_ceneo.xml HTTP/1.0" 200 6241376 "-" "-"
51.77.52.107 - - [13/Feb/2025:12:06:36 +0100] "POST /Filip/Rovicky/baselinker/baselinker-ceneo-shumee.php HTTP/2.0" 200 106776 "-" "BaseLinker/1.0"
85.14.86.141 - - [13/Feb/2025:12:06:45 +0100] "GET /Jurek/vida_morele/feeds/VidaPL_morele.xml HTTP/2.0" 200 695481612 "-" "MarketplaceAPI curl/7.64.0 PHP/8"
85.14.86.141 - - [13/Feb/2025:12:06:53 +0100] "GET /Jurek/miloohome/feeds/miloohome_morele.xml HTTP/2.0" 200 1421250 "-" "MarketplaceAPI curl/7.64.0 PHP/8"
85.14.86.141 - - [13/Feb/2025:12:07:03 +0100] "GET /Jurek/beliani/feeds/beliani_morele.xml HTTP/2.0" 200 31906738 "-" "MarketplaceAPI curl/7.64.0 PHP/8"
193.33.8.61 - - [13/Feb/2025:12:08:51 +0100] "GET /Jurek/topeshop/downloaded_images/5904507207458_20st_mijas_lewy_zielonykopia.png HTTP/2.0" 200 259990 "-" "Mozilla/5.0 (Windows NT 10.0; Win64; x64) AppleWebKit/537.36 (KHTML, like Gecko) Chrome/132.0.0.0 Safari/537.36"
46.101.116.244 - - [13/Feb/2025:12:11:01 +0100] "GET /Jurek/aw/feeds/aw_fnacfr.xml HTTP/1.0" 404 3551 "-" "-"
46.101.116.244 - - [13/Feb/2025:12:11:13 +0100] "GET /Jurek/hurtownia_przemyslowa/feeds/hp_fnacfr.xml HTTP/1.0" 200 49863274 "-" "-"
46.101.116.244 - - [13/Feb/2025:12:11:52 +0100] "GET /Filip/feeds/xlsx_ceneo.xml HTTP/1.0" 200 6241376 "-" "-"
51.77.52.107 - - [13/Feb/2025:12:11:52 +0100] "POST /Filip/Rovicky/baselinker/baselinker-ceneo-shumee.php HTTP/2.0" 200 106776 "-" "BaseLinker/1.0"
66.211.183.71 - - [13/Feb/2025:12:12:26 +0100] "GET /Jurek/topeshop/downloaded_images/5902838468814_DUO-BIEL-BRY%C5%81KA-BOK-ZM.jpg HTTP/1.1" 404 3551 "-" "scalaj-http/2.4.2"
178.21.154.6 - - [13/Feb/2025:12:12:35 +0100] "GET /Jurek/eurofirany/images/401852/0.jpg HTTP/1.1" 200 33022 "-" "-"
185.6.76.18 - - [13/Feb/2025:12:12:52 +0100] "GET /marketplaces/skroutz/feeds/shumee.xml HTTP/1.1" 200 348349567 "-" "SkroutzBot v1.0"
46.101.116.244 - - [13/Feb/2025:12:15:47 +0100] "GET /Jurek/aw/feeds/aw_fnacfr.xml HTTP/1.0" 404 3551 "-" "-"
46.101.116.244 - - [13/Feb/2025:12:16:15 +0100] "GET /Filip/feeds/xlsx_ceneo.xml HTTP/1.0" 200 6241376 "-" "-"
51.77.52.107 - - [13/Feb/2025:12:16:15 +0100] "POST /Filip/Rovicky/baselinker/baselinker-ceneo-shumee.php HTTP/2.0" 200 106776 "-" "BaseLinker/1.0"
66.211.183.74 - - [13/Feb/2025:12:16:34 +0100] "GET /Jurek/topeshop/downloaded_images/5902838461273_3.png HTTP/1.1" 404 3551 "-" "scalaj-http/2.4.2"
193.33.8.61 - - [13/Feb/2025:12:16:52 +0100] "GET /Jurek/topeshop/downloaded_images/5904507207458_20st_mijas_lewy_zielonykopia.png HTTP/2.0" 304 0 "-" "Mozilla/5.0 (Windows NT 10.0; Win64; x64) AppleWebKit/537.36 (KHTML, like Gecko) Chrome/132.0.0.0 Safari/537.36"
193.33.8.61 - - [13/Feb/2025:12:16:57 +0100] "GET /Jurek/topeshop/downloaded_images/5904507207458_Front_mijas_Lewy_zielony.png HTTP/2.0" 404 3551 "-" "Mozilla/5.0 (Windows NT 10.0; Win64; x64) AppleWebKit/537.36 (KHTML, like Gecko) Chrome/132.0.0.0 Safari/537.36"
46.101.116.244 - - [13/Feb/2025:12:21:02 +0100] "GET /Jurek/aw/feeds/aw_fnacfr.xml HTTP/1.0" 404 3551 "-" "-"
46.101.116.244 - - [13/Feb/2025:12:21:30 +0100] "GET /Filip/feeds/xlsx_ceneo.xml HTTP/1.0" 200 6241376 "-" "-"
51.77.52.107 - - [13/Feb/2025:12:21:30 +0100] "POST /Filip/Rovicky/baselinker/baselinker-ceneo-shumee.php HTTP/2.0" 200 106776 "-" "BaseLinker/1.0"
89.161.206.59 - - [13/Feb/2025:12:24:06 +0100] "GET /Jurek/hurtownia_przemyslowa/feeds/hp_allegro_cz.xml HTTP/1.0" 200 49870085 "-" "-"
46.101.116.244 - - [13/Feb/2025:12:26:09 +0100] "GET /Jurek/aw/feeds/aw_fnacfr.xml HTTP/1.0" 404 3551 "-" "-"
89.161.206.59 - - [13/Feb/2025:12:26:20 +0100] "GET /Jurek/erohurtownia/feeds/erohurtownia_amazonde.xml HTTP/1.0" 200 23303979 "-" "-"
46.101.116.244 - - [13/Feb/2025:12:26:24 +0100] "GET /Jurek/kinghoff/feeds/kinghoff_velo.xml HTTP/1.0" 200 14093605 "-" "-"
46.101.116.244 - - [13/Feb/2025:12:26:25 +0100] "GET /Jurek/eurofirany/feeds/eurofirany_empik.xml HTTP/1.0" 200 18912097 "-" "-"
89.161.206.59 - - [13/Feb/2025:12:26:30 +0100] "GET /Jurek/unimet/feeds/unimet_cdisFI.xml HTTP/1.0" 200 61075745 "-" "-"
66.211.183.72 - - [13/Feb/2025:12:26:31 +0100] "GET /Jurek/topeshop/downloaded_images/5902838461266_2.png HTTP/1.1" 404 3551 "-" "scalaj-http/2.4.2"
46.101.116.244 - - [13/Feb/2025:12:26:38 +0100] "GET /Filip/feeds/xlsx_ceneo.xml HTTP/1.0" 200 6241376 "-" "-"
51.77.52.107 - - [13/Feb/2025:12:26:38 +0100] "POST /Filip/Rovicky/baselinker/baselinker-ceneo-shumee.php HTTP/2.0" 200 106776 "-" "BaseLinker/1.0"
89.161.206.59 - - [13/Feb/2025:12:28:16 +0100] "GET /Jurek/sempler/feeds/sempler_allegro.xml HTTP/1.0" 200 6553664 "-" "-"
89.161.206.59 - - [13/Feb/2025:12:28:17 +0100] "GET /Jurek/ekuchcikowo/feeds/ekuchcikowo_allegro.xml HTTP/1.0" 200 12780319 "-" "-"
89.161.206.59 - - [13/Feb/2025:12:28:19 +0100] "GET /Jurek/livinhill/feeds/livinhill_allegro.xml HTTP/1.0" 200 1431267 "-" "-"
89.161.206.59 - - [13/Feb/2025:12:28:19 +0100] "GET /Jurek/urwiskowo/feeds/urwiskowo_allegro.xml HTTP/1.0" 200 9115623 "-" "-"
89.161.206.59 - - [13/Feb/2025:12:28:20 +0100] "GET /Jurek/reman/feeds/reman_allegro.xml HTTP/1.0" 200 1394883 "-" "-"
46.101.116.244 - - [13/Feb/2025:12:31:22 +0100] "GET /Jurek/aw/feeds/aw_fnacfr.xml HTTP/1.0" 404 3551 "-" "-"
46.101.116.244 - - [13/Feb/2025:12:31:49 +0100] "GET /Filip/feeds/xlsx_ceneo.xml HTTP/1.0" 200 6241376 "-" "-"
51.77.52.107 - - [13/Feb/2025:12:31:49 +0100] "POST /Filip/Rovicky/baselinker/baselinker-ceneo-shumee.php HTTP/2.0" 200 106776 "-" "BaseLinker/1.0"
52.18.22.0 - - [13/Feb/2025:12:33:35 +0100] "GET /marketplaces/worten2/results/worten.csv HTTP/1.1" 200 147218 "-" "Mirakl HttpClient"
46.101.116.244 - - [13/Feb/2025:12:33:59 +0100] "GET /Jurek/b3/feeds/b3_alza.xml HTTP/2.0" 200 7321012 "-" "-"
46.101.116.244 - - [13/Feb/2025:12:34:26 +0100] "GET /Jurek/action/feeds/action_alza.xml HTTP/2.0" 200 55081270 "-" "-"
46.101.116.244 - - [13/Feb/2025:12:36:11 +0100] "GET /Jurek/unimet/feeds/unimet_alza.xml HTTP/2.0" 200 61130992 "-" "-"
66.211.183.74 - - [13/Feb/2025:12:36:36 +0100] "GET /Jurek/topeshop/downloaded_images/5902838467688_2_sonoma.jpg HTTP/1.1" 404 3551 "-" "scalaj-http/2.4.2"
35.198.70.30 - - [13/Feb/2025:12:36:46 +0100] "GET /Jurek/topeshop/downloaded_images/5904507207472_20st_mijas_prawy_niebieski.png HTTP/2.0" 200 245526 "-" "Mozilla/5.0 (Macintosh; Intel Mac OS X 10.15; rv:78.0) Gecko/20100101 Firefox/78.0"
46.101.116.244 - - [13/Feb/2025:12:37:23 +0100] "GET /Jurek/aw/feeds/aw_fnacfr.xml HTTP/1.0" 404 3551 "-" "-"
46.101.116.244 - - [13/Feb/2025:12:37:53 +0100] "GET /Filip/feeds/xlsx_ceneo.xml HTTP/1.0" 200 6241376 "-" "-"
51.77.52.107 - - [13/Feb/2025:12:37:54 +0100] "POST /Filip/Rovicky/baselinker/baselinker-ceneo-shumee.php HTTP/2.0" 200 106776 "-" "BaseLinker/1.0"
46.101.116.244 - - [13/Feb/2025:12:38:24 +0100] "GET /Jurek/andex/feeds/andex_alza.xml HTTP/2.0" 200 1954497 "-" "-"
46.101.116.244 - - [13/Feb/2025:12:38:43 +0100] "GET /Jurek/aw/feeds/awnarzedzia_alza.xml HTTP/2.0" 200 90335793 "-" "-"
46.101.116.244 - - [13/Feb/2025:12:39:06 +0100] "GET /Jurek/detian/feeds/detian_alza.xml HTTP/2.0" 404 3551 "-" "-"
46.101.116.244 - - [13/Feb/2025:12:39:17 +0100] "GET /Jurek/fernity/feeds/fernity_alza.xml HTTP/2.0" 200 5093932 "-" "-"
46.101.116.244 - - [13/Feb/2025:12:39:40 +0100] "GET /Jurek/octopia/feeds/octopia_alzacz.xml HTTP/2.0" 200 10832704 "-" "-"
46.101.116.244 - - [13/Feb/2025:12:39:53 +0100] "GET /Jurek/unimet/feeds/unimet_alza.xml HTTP/2.0" 200 61130992 "-" "-"
46.101.116.244 - - [13/Feb/2025:12:40:11 +0100] "GET /Jurek/eurofirany/feeds/eurofirany_alza.xml HTTP/2.0" 200 18879409 "-" "-"
46.101.116.244 - - [13/Feb/2025:12:40:28 +0100] "GET /Jurek/beliani/feeds/beliani_alza.xml HTTP/2.0" 200 14851030 "-" "-"
46.101.116.244 - - [13/Feb/2025:12:40:50 +0100] "GET /Jurek/vivaldi/feeds/vivaldi_alza.xml HTTP/2.0" 200 344837 "-" "-"
46.101.116.244 - - [13/Feb/2025:12:41:02 +0100] "GET /Jurek/ikonka/feeds/ikonka_alza.xml HTTP/2.0" 200 22187710 "-" "-"
46.101.116.244 - - [13/Feb/2025:12:41:14 +0100] "GET /Jurek/stema/feeds/stema_alza.xml HTTP/2.0" 200 862366 "-" "-"
46.101.116.244 - - [13/Feb/2025:12:41:27 +0100] "GET /Jurek/kinghoff/feeds/kinghoff_alza.xml HTTP/2.0" 200 14096810 "-" "-"
46.101.116.244 - - [13/Feb/2025:12:41:44 +0100] "GET /Jurek/bass/feeds/bass_mallczsh.xml HTTP/2.0" 200 3986218 "-" "-"
46.101.116.244 - - [13/Feb/2025:12:42:11 +0100] "GET /Jurek/slayo/feeds/slayo_mallczsh.xml HTTP/2.0" 200 195553 "-" "-"
46.101.116.244 - - [13/Feb/2025:12:42:20 +0100] "GET /Jurek/aw/feeds/aw_fnacfr.xml HTTP/1.0" 404 3551 "-" "-"
46.101.116.244 - - [13/Feb/2025:12:42:22 +0100] "GET /Jurek/mosti/feeds/mosti_mallczsh.xml HTTP/2.0" 200 9251655 "-" "-"
46.101.116.244 - - [13/Feb/2025:12:42:22 +0100] "GET /Jurek/amzteam/feeds/amzteam_mallczsh.xml HTTP/2.0" 200 97919 "-" "-"
46.101.116.244 - - [13/Feb/2025:12:42:23 +0100] "GET /Jurek/artdog/feeds/artdog_mallczsh.xml HTTP/2.0" 200 15939009 "-" "-"
46.101.116.244 - - [13/Feb/2025:12:42:24 +0100] "GET /Jurek/kambukka/feeds/kambukka_mallczsh.xml HTTP/2.0" 200 973139 "-" "-"
46.101.116.244 - - [13/Feb/2025:12:42:40 +0100] "GET /Jurek/swiatecznygoliat/feeds/swiatecznygoliat_mallczsh.xml HTTP/2.0" 200 7053089 "-" "-"
46.101.116.244 - - [13/Feb/2025:12:42:49 +0100] "GET /Filip/feeds/xlsx_ceneo.xml HTTP/1.0" 200 6241376 "-" "-"
51.77.52.107 - - [13/Feb/2025:12:42:49 +0100] "POST /Filip/Rovicky/baselinker/baselinker-ceneo-shumee.php HTTP/2.0" 200 106776 "-" "BaseLinker/1.0"
46.101.116.244 - - [13/Feb/2025:12:43:56 +0100] "GET /Jurek/topeshop/feeds/topeshop_mallczsh.xml HTTP/2.0" 200 2404162 "-" "-"
46.101.116.244 - - [13/Feb/2025:12:46:08 +0100] "GET /Jurek/aw/feeds/aw_fnacfr.xml HTTP/1.0" 404 3551 "-" "-"
46.101.116.244 - - [13/Feb/2025:12:46:41 +0100] "GET /Filip/feeds/xlsx_ceneo.xml HTTP/1.0" 200 6241376 "-" "-"
51.77.52.107 - - [13/Feb/2025:12:46:42 +0100] "POST /Filip/Rovicky/baselinker/baselinker-ceneo-shumee.php HTTP/2.0" 200 106776 "-" "BaseLinker/1.0"
46.101.116.244 - - [13/Feb/2025:12:47:31 +0100] "GET /Jurek/activeshop/feeds/activeshop_mallczsh.xml HTTP/2.0" 200 10495461 "-" "-"
46.101.116.244 - - [13/Feb/2025:12:48:27 +0100] "GET /Jurek/kokiska/feeds/kokiska_allegro.xml HTTP/1.0" 200 11479473 "-" "-"
46.101.116.244 - - [13/Feb/2025:12:48:32 +0100] "GET /Jurek/vivaldi/feeds/vivaldi_allegro.xml HTTP/1.0" 200 344685 "-" "-"
89.161.206.59 - - [13/Feb/2025:12:50:15 +0100] "GET /Jurek/slayo/feeds/slayo_skroutz.xml HTTP/1.0" 200 195530 "-" "-"
89.161.206.59 - - [13/Feb/2025:12:50:48 +0100] "GET /Jurek/hurtmeblowy/feeds/hurtmeblowy_skroutz.xml HTTP/1.0" 200 8038506 "-" "-"
46.101.116.244 - - [13/Feb/2025:12:51:03 +0100] "GET /Jurek/aw/feeds/aw_fnacfr.xml HTTP/1.0" 404 3551 "-" "-"
46.101.116.244 - - [13/Feb/2025:12:51:31 +0100] "GET /Filip/feeds/xlsx_ceneo.xml HTTP/1.0" 200 6241376 "-" "-"
51.77.52.107 - - [13/Feb/2025:12:51:31 +0100] "POST /Filip/Rovicky/baselinker/baselinker-ceneo-shumee.php HTTP/2.0" 200 106776 "-" "BaseLinker/1.0"
89.161.206.59 - - [13/Feb/2025:12:51:49 +0100] "GET /Jurek/topeshop/feeds/topeshop_ebayDE.xml HTTP/1.0" 200 1195884 "-" "-"
89.161.206.59 - - [13/Feb/2025:12:52:55 +0100] "GET /Jurek/kobi/feeds/kobi_skroutz.xml HTTP/1.0" 200 1993284 "-" "-"
89.161.206.59 - - [13/Feb/2025:12:52:56 +0100] "GET /Jurek/evil/feeds/evil_skroutz.xml HTTP/1.0" 200 306388 "-" "-"
62.146.215.33 - - [13/Feb/2025:12:52:57 +0100] "GET /Jurek/topeshop/downloaded_images/5904507200060_MIJASBIURKOBRY%C5%81KABIELLEWEBOKZM.jpg HTTP/2.0" 404 3551 "-" "billigerbot/1.0"
89.161.206.59 - - [13/Feb/2025:12:52:58 +0100] "GET /Jurek/sartrix/feeds/sartrix_skroutz.xml HTTP/1.0" 200 649152 "-" "-"
89.161.206.59 - - [13/Feb/2025:12:52:59 +0100] "GET /Jurek/twojsklep/feeds/twojsklep_skroutz.xml HTTP/1.0" 200 126787 "-" "-"
89.161.206.59 - - [13/Feb/2025:12:53:00 +0100] "GET /Jurek/luxma/feeds/luxma_skroutz.xml HTTP/1.0" 200 8058995 "-" "-"
89.161.206.59 - - [13/Feb/2025:12:53:01 +0100] "GET /Jurek/drewdon/feeds/drewdon_skroutz.xml HTTP/1.0" 200 504472 "-" "-"
89.161.206.59 - - [13/Feb/2025:12:53:02 +0100] "GET /Jurek/zepnij/feeds/zepnij_skroutz.xml HTTP/1.0" 200 19522904 "-" "-"
89.161.206.59 - - [13/Feb/2025:12:53:07 +0100] "GET /Jurek/qbox/feeds/qbox_skroutz.xml HTTP/1.0" 200 398686 "-" "-"
89.161.206.59 - - [13/Feb/2025:12:53:55 +0100] "GET /Jurek/ekotex/feeds/ekotex_skroutz.xml HTTP/1.0" 200 197841 "-" "-"
89.161.206.59 - - [13/Feb/2025:12:53:56 +0100] "GET /Jurek/motofan/feeds/motofan_skroutz.xml HTTP/1.0" 200 2392432 "-" "-"
89.161.206.59 - - [13/Feb/2025:12:54:24 +0100] "GET /Jurek/waks/feeds/waks_allegro.xml HTTP/1.0" 200 6333849 "-" "-"
89.161.206.59 - - [13/Feb/2025:12:54:26 +0100] "GET /Jurek/oromed/feeds/oromed_allegro.xml HTTP/1.0" 200 968391 "-" "-"
89.161.206.59 - - [13/Feb/2025:12:54:26 +0100] "GET /Jurek/bisanti/feeds/bisanti_allegro.xml HTTP/1.0" 200 1132583 "-" "-"
46.101.116.244 - - [13/Feb/2025:12:55:13 +0100] "GET /Jurek/hurtownia_przemyslowa/feeds/hp_mallczsh.xml HTTP/2.0" 200 49883550 "-" "-"
46.101.116.244 - - [13/Feb/2025:12:55:56 +0100] "GET /Jurek/aw/feeds/aw_fnacfr.xml HTTP/1.0" 404 3551 "-" "-"
66.211.183.72 - - [13/Feb/2025:12:56:00 +0100] "GET /Jurek/topeshop/downloaded_images/5902838468463_1sonoma.png HTTP/1.1" 404 3551 "-" "scalaj-http/2.4.2"
46.101.116.244 - - [13/Feb/2025:12:56:02 +0100] "GET /Jurek/action/feeds/action_mallczsh.xml HTTP/2.0" 200 55083576 "-" "-"
46.101.116.244 - - [13/Feb/2025:12:56:25 +0100] "GET /Filip/feeds/xlsx_ceneo.xml HTTP/1.0" 200 6241376 "-" "-"
51.77.52.107 - - [13/Feb/2025:12:56:25 +0100] "POST /Filip/Rovicky/baselinker/baselinker-ceneo-shumee.php HTTP/2.0" 200 106776 "-" "BaseLinker/1.0"
89.161.206.59 - - [13/Feb/2025:12:58:57 +0100] "GET /Jurek/eroplace/feeds/eroplace_emagro.xml HTTP/1.0" 200 30856670 "-" "-"
89.161.206.59 - - [13/Feb/2025:12:58:57 +0100] "GET /Jurek/domzapachy/feeds/domzapachy_skroutz.xml HTTP/1.0" 200 179626 "-" "-"
89.161.206.59 - - [13/Feb/2025:12:58:59 +0100] "GET /Jurek/ralmetal/feeds/ralmetal_emag.xml HTTP/1.0" 200 1787426 "-" "-"
46.101.116.244 - - [13/Feb/2025:12:59:08 +0100] "GET /Jurek/vidaCZ/feeds/vidaGS1_cz_Mall.xml HTTP/2.0" 200 660280329 "-" "-"
89.161.206.59 - - [13/Feb/2025:12:59:14 +0100] "GET /Jurek/expertauto/feeds/expertauto_emagro.xml HTTP/1.0" 200 1159114 "-" "-"
46.101.116.244 - - [13/Feb/2025:12:59:43 +0100] "GET /Jurek/hurtownia_przemyslowa/feeds/hp_velomarket.xml HTTP/1.0" 200 49867651 "-" "-"
89.161.206.59 - - [13/Feb/2025:12:59:43 +0100] "GET /Jurek/kinghoff/feeds/kinghoff_ebay.xml HTTP/1.0" 200 14454011 "-" "-"
46.101.116.244 - - [13/Feb/2025:12:59:54 +0100] "GET /Jurek/benbaby/feeds/benbaby_velo.xml HTTP/1.0" 200 3696554 "-" "-"
46.101.116.244 - - [13/Feb/2025:12:59:56 +0100] "GET /Jurek/aw/feeds/awnarzedzia_velomarket.xml HTTP/1.0" 200 8394250 "-" "-"
164.92.232.189 - - [13/Feb/2025:13:00:02 +0100] "GET /subskrypcje/AMD/feeds/amd_cz.xml HTTP/1.1" 200 518486 "-" "-"
46.101.116.244 - - [13/Feb/2025:13:00:07 +0100] "GET /Jurek/teamson/feeds/teamson_mallczsh.xml HTTP/2.0" 200 1095222 "-" "-"
164.92.232.189 - - [13/Feb/2025:13:00:12 +0100] "GET /subskrypcje/AMD/feeds/amd_sk.xml HTTP/1.1" 200 528562 "-" "-"
164.92.232.189 - - [13/Feb/2025:13:00:12 +0100] "GET /subskrypcje/OverHorse/overhorse_mallcz.xml HTTP/1.1" 200 112935 "-" "-"
46.101.116.244 - - [13/Feb/2025:13:00:19 +0100] "GET /Jurek/ml_meble/feeds/ml_meble_mallczsh.xml HTTP/2.0" 404 3551 "-" "-"
164.92.232.189 - - [13/Feb/2025:13:00:23 +0100] "GET /subskrypcje/mondex/feeds/mondex_mall_cz.xml HTTP/1.1" 200 2203515 "-" "-"
46.101.116.244 - - [13/Feb/2025:13:00:32 +0100] "GET /Jurek/unimet/feeds/unimet_mallczsh.xml HTTP/2.0" 200 61128004 "-" "-"
85.14.86.141 - - [13/Feb/2025:13:00:38 +0100] "GET /Jurek/vida_morele/feeds/VidaPL_all.xml HTTP/2.0" 200 695480586 "-" "MarketplaceAPI curl/7.64.0 PHP/8"
52.17.80.36 - - [13/Feb/2025:13:00:42 +0100] "GET /marketplaces/ubaldi/results/ubaldi.csv HTTP/1.1" 200 147219 "-" "Mirakl HttpClient"
46.101.116.244 - - [13/Feb/2025:13:00:54 +0100] "GET /Jurek/aw/feeds/aw_fnacfr.xml HTTP/1.0" 404 3551 "-" "-"
46.101.116.244 - - [13/Feb/2025:13:01:19 +0100] "GET /Jurek/beliani/feeds/beliani_cz_mallcz.xml HTTP/2.0" 200 22574901 "-" "-"
46.101.116.244 - - [13/Feb/2025:13:01:22 +0100] "GET /Filip/feeds/xlsx_ceneo.xml HTTP/1.0" 200 6241376 "-" "-"
51.77.52.107 - - [13/Feb/2025:13:01:22 +0100] "POST /Filip/Rovicky/baselinker/baselinker-ceneo-shumee.php HTTP/2.0" 200 106776 "-" "BaseLinker/1.0"
193.33.8.61 - - [13/Feb/2025:13:01:23 +0100] "GET /Jurek/kinghoff/feeds/kinghoff_zero.xml HTTP/2.0" 200 12591104 "https://konsola.dkkapusta1997.usermd.net/" "Mozilla/5.0 (Windows NT 10.0; Win64; x64) AppleWebKit/537.36 (KHTML, like Gecko) Chrome/132.0.0.0 Safari/537.36"
77.79.248.229 - - [13/Feb/2025:13:01:31 +0100] "GET /Jurek/kinghoff/feeds/kinghoff_zero.xml HTTP/1.1" 200 14093342 "-" "Python-urllib/3.11"
46.101.116.244 - - [13/Feb/2025:13:01:56 +0100] "GET /Jurek/rovicky/feeds/rovicky_mallczsh.xml HTTP/2.0" 200 14081360 "-" "-"
85.232.241.194 - - [13/Feb/2025:13:02:02 +0100] "GET /Jurek/kinghoff/feeds/kinghoff_skrSH.xml HTTP/1.1" 200 14092908 "-" "Python-urllib/3.11"
85.232.241.194 - - [13/Feb/2025:13:02:02 +0100] "GET /Jurek/aw/feeds/aw_skroutzSH.xml HTTP/1.1" 200 90232055 "-" "Python-urllib/3.11"
85.232.241.194 - - [13/Feb/2025:13:02:02 +0100] "GET /Jurek/eurofirany/feeds/eurofirany_skrSH.xml HTTP/1.1" 200 18910769 "-" "Python-urllib/3.11"
85.232.241.194 - - [13/Feb/2025:13:02:03 +0100] "GET /Jurek/fernity/feeds/fernity_skrSH.xml HTTP/1.1" 200 5090161 "-" "Python-urllib/3.11"
85.232.241.194 - - [13/Feb/2025:13:02:03 +0100] "GET /Jurek/hurtownia_przemyslowa/feeds/hp_skrSH.xml HTTP/1.1" 200 49863539 "-" "Python-urllib/3.11"
85.232.241.194 - - [13/Feb/2025:13:02:03 +0100] "GET /Jurek/stema/feeds/stema_skrSH.xml HTTP/1.1" 200 861902 "-" "Python-urllib/3.11"
52.209.168.113 - - [13/Feb/2025:13:02:07 +0100] "GET /marketplaces/rue/results/rue.csv HTTP/1.1" 200 114451 "-" "Mirakl HttpClient"
46.101.116.244 - - [13/Feb/2025:13:02:07 +0100] "GET /Jurek/detian/feeds/detian_mallczsh.xml HTTP/2.0" 404 3551 "-" "-"
46.101.116.244 - - [13/Feb/2025:13:02:18 +0100] "GET /Jurek/ikonka/feeds/ikonka_mallczsh.xml HTTP/2.0" 200 22187689 "-" "-"
46.101.116.244 - - [13/Feb/2025:13:02:34 +0100] "GET /Jurek/candellux/feeds/candellux_mallczsh.xml HTTP/2.0" 200 466317 "-" "-"
46.101.116.244 - - [13/Feb/2025:13:02:45 +0100] "GET /Jurek/andex/feeds/andex_mallczsh.xml HTTP/2.0" 200 1954503 "-" "-"
85.14.86.141 - - [13/Feb/2025:13:02:52 +0100] "GET /Jurek/kinghoff/feeds/kinghoff_morele.xml HTTP/2.0" 200 14093490 "-" "MarketplaceAPI curl/7.64.0 PHP/8"
46.101.116.244 - - [13/Feb/2025:13:02:56 +0100] "GET /Jurek/barbecook/feeds/barbecook_mallczsh.xml HTTP/2.0" 200 87609 "-" "-"
46.101.116.244 - - [13/Feb/2025:13:03:06 +0100] "GET /Jurek/duka/feeds/duka_mallczsh.xml HTTP/2.0" 200 57 "-" "-"
46.101.116.244 - - [13/Feb/2025:13:03:17 +0100] "GET /Jurek/miloohome/feeds/miloohome_mallczsh.xml HTTP/2.0" 200 1421876 "-" "-"
46.101.116.244 - - [13/Feb/2025:13:03:28 +0100] "GET /Jurek/stema/feeds/stema_mallczsh.xml HTTP/2.0" 200 862359 "-" "-"
46.101.116.244 - - [13/Feb/2025:13:03:47 +0100] "GET /Jurek/aw/feeds/awnarzedzia_mallczsh.xml HTTP/2.0" 200 90334926 "-" "-"
85.14.86.141 - - [13/Feb/2025:13:04:58 +0100] "GET /Jurek/eurofirany/feeds/eurofirany_morele.xml HTTP/2.0" 200 18912217 "-" "MarketplaceAPI curl/7.64.0 PHP/8"
85.14.86.141 - - [13/Feb/2025:13:05:18 +0100] "GET /Jurek/vivaldi/feeds/vivaldi_Morele-PL.xml HTTP/2.0" 200 344674 "-" "MarketplaceAPI curl/7.64.0 PHP/8"
62.146.215.34 - - [13/Feb/2025:13:05:27 +0100] "GET /Jurek/topeshop/downloaded_images/5904507209476_Marina2s_kaszmir_slim_bry%C5%82ka(2).jpg HTTP/2.0" 404 3551 "-" "billigerbot/1.0"
46.101.116.244 - - [13/Feb/2025:13:06:07 +0100] "GET /Jurek/aw/feeds/aw_fnacfr.xml HTTP/1.0" 404 3551 "-" "-"
85.14.86.141 - - [13/Feb/2025:13:06:21 +0100] "GET /Jurek/aw/feeds/awnarzedzia_morele.xml HTTP/2.0" 200 90242185 "-" "MarketplaceAPI curl/7.64.0 PHP/8"
85.14.86.141 - - [13/Feb/2025:13:06:31 +0100] "GET /Jurek/vida_morele/feeds/VidaPL_morele.xml HTTP/2.0" 200 695481612 "-" "MarketplaceAPI curl/7.64.0 PHP/8"
46.101.116.244 - - [13/Feb/2025:13:06:36 +0100] "GET /Filip/feeds/xlsx_ceneo.xml HTTP/1.0" 200 6241376 "-" "-"
51.77.52.107 - - [13/Feb/2025:13:06:37 +0100] "POST /Filip/Rovicky/baselinker/baselinker-ceneo-shumee.php HTTP/2.0" 200 106776 "-" "BaseLinker/1.0"
46.101.116.244 - - [13/Feb/2025:13:06:40 +0100] "GET /Jurek/update_twm_on_mall/feeds/twm_all_cats.xml HTTP/1.1" 200 122588 "-" "-"
85.14.86.141 - - [13/Feb/2025:13:06:43 +0100] "GET /Jurek/miloohome/feeds/miloohome_morele.xml HTTP/2.0" 200 1421250 "-" "MarketplaceAPI curl/7.64.0 PHP/8"
85.14.86.141 - - [13/Feb/2025:13:06:54 +0100] "GET /Jurek/beliani/feeds/beliani_morele.xml HTTP/2.0" 200 31906738 "-" "MarketplaceAPI curl/7.64.0 PHP/8"
193.33.8.61 - - [13/Feb/2025:13:07:30 +0100] "GET /Jurek/bass_new/feeds/bass_skroutz.xml HTTP/2.0" 200 7040874 "https://konsola.dkkapusta1997.usermd.net/" "Mozilla/5.0 (Windows NT 10.0; Win64; x64) AppleWebKit/537.36 (KHTML, like Gecko) Chrome/132.0.0.0 Safari/537.36"
46.101.116.244 - - [13/Feb/2025:13:07:48 +0100] "GET /Jurek/vida_morele/feeds/vida_mallczsh.xml HTTP/2.0" 200 698148301 "-" "-"
193.33.8.61 - - [13/Feb/2025:13:09:26 +0100] "GET /Jurek/eany/data.csv HTTP/2.0" 304 0 "https://dkkapusta1997.usermd.net/Jurek/eany/" "Mozilla/5.0 (Windows NT 10.0; Win64; x64) AppleWebKit/537.36 (KHTML, like Gecko) Chrome/132.0.0.0 Safari/537.36"
46.101.116.244 - - [13/Feb/2025:13:11:01 +0100] "GET /Jurek/aw/feeds/aw_fnacfr.xml HTTP/1.0" 404 3551 "-" "-"
46.101.116.244 - - [13/Feb/2025:13:12:09 +0100] "GET /Filip/feeds/xlsx_ceneo.xml HTTP/1.0" 200 6241376 "-" "-"
51.77.52.107 - - [13/Feb/2025:13:12:10 +0100] "POST /Filip/Rovicky/baselinker/baselinker-ceneo-shumee.php HTTP/2.0" 200 106776 "-" "BaseLinker/1.0"
185.6.76.18 - - [13/Feb/2025:13:12:25 +0100] "GET /marketplaces/skroutz/feeds/shumee.xml HTTP/1.1" 200 348359890 "-" "SkroutzBot v1.0"
89.161.206.59 - - [13/Feb/2025:13:13:44 +0100] "GET /Jurek/szpaklampy/feeds/szpaklampy_allegro.xml HTTP/1.0" 200 416587 "-" "-"
89.161.206.59 - - [13/Feb/2025:13:14:18 +0100] "GET /Jurek/bass_new/feeds/bass_skroutz.xml HTTP/1.0" 200 7040874 "-" "-"
46.101.116.244 - - [13/Feb/2025:13:16:08 +0100] "GET /Jurek/aw/feeds/aw_fnacfr.xml HTTP/1.0" 404 3551 "-" "-"
89.161.206.59 - - [13/Feb/2025:13:16:38 +0100] "GET /Jurek/najtanszysport/feeds/najtanszysport_skroutz.xml HTTP/1.0" 200 3983237 "-" "-"
46.101.116.244 - - [13/Feb/2025:13:16:48 +0100] "GET /Jurek/eurofirany/feeds/eurofirany_amazaon_de.xml HTTP/1.0" 200 18910514 "-" "-"
34.159.143.115 - - [13/Feb/2025:13:16:59 +0100] "GET /Jurek/topeshop/downloaded_images/5904507207441_20st_mijas_lewy_niebieskikopia.png HTTP/2.0" 200 251031 "-" "Mozilla/5.0 (Macintosh; Intel Mac OS X 10.15; rv:78.0) Gecko/20100101 Firefox/78.0"
89.161.206.59 - - [13/Feb/2025:13:17:09 +0100] "GET /Jurek/topeshop/feeds/topeshop_amazonFR.xml HTTP/1.0" 200 2403320 "-" "-"
89.161.206.59 - - [13/Feb/2025:13:17:11 +0100] "GET /Jurek/topeshop/feeds/topeshop_amazonIT.xml HTTP/1.0" 200 2403345 "-" "-"
89.161.206.59 - - [13/Feb/2025:13:17:13 +0100] "GET /Jurek/topeshop/feeds/topeshop_amazonDE.xml HTTP/1.0" 200 2403220 "-" "-"
89.161.206.59 - - [13/Feb/2025:13:17:14 +0100] "GET /Jurek/topeshop/feeds/topeshop_amazonSE.xml HTTP/1.0" 200 2404095 "-" "-"
89.161.206.59 - - [13/Feb/2025:13:17:16 +0100] "GET /Jurek/topeshop/feeds/topeshop_amazonES.xml HTTP/1.0" 200 2403316 "-" "-"
89.161.206.59 - - [13/Feb/2025:13:17:18 +0100] "GET /Jurek/topeshop/feeds/topeshop_amazonNL.xml HTTP/1.0" 200 2403414 "-" "-"
89.161.206.59 - - [13/Feb/2025:13:17:20 +0100] "GET /Jurek/topeshop/feeds/topeshop_amazonBE.xml HTTP/1.0" 200 2403389 "-" "-"
89.161.206.59 - - [13/Feb/2025:13:17:25 +0100] "GET /Jurek/ikonka/feeds/ikonka_amazonDE.xml HTTP/1.0" 200 22185230 "-" "-"
89.161.206.59 - - [13/Feb/2025:13:17:26 +0100] "GET /Jurek/ikonka/feeds/ikonka_amazonIT.xml HTTP/1.0" 200 22185250 "-" "-"
89.161.206.59 - - [13/Feb/2025:13:17:26 +0100] "GET /Jurek/ikonka/feeds/ikonka_amazonFR.xml HTTP/1.0" 200 22185204 "-" "-"
89.161.206.59 - - [13/Feb/2025:13:17:28 +0100] "GET /Jurek/ikonka/feeds/ikonka_amazonES.xml HTTP/1.0" 200 22185259 "-" "-"
89.161.206.59 - - [13/Feb/2025:13:17:29 +0100] "GET /Jurek/hurtownia_przemyslowa/feeds/hp_amazonDE.xml HTTP/1.0" 200 49863650 "-" "-"
89.161.206.59 - - [13/Feb/2025:13:17:32 +0100] "GET /Jurek/ikonka/feeds/ikonka_amazonNL.xml HTTP/1.0" 200 22185226 "-" "-"
89.161.206.59 - - [13/Feb/2025:13:17:34 +0100] "GET /Jurek/hurtownia_przemyslowa/feeds/hp_amazonFR.xml HTTP/1.0" 200 49864407 "-" "-"
89.161.206.59 - - [13/Feb/2025:13:17:37 +0100] "GET /Jurek/hurtownia_przemyslowa/feeds/hp_amazonIT.xml HTTP/1.0" 200 49864279 "-" "-"
89.161.206.59 - - [13/Feb/2025:13:17:39 +0100] "GET /Jurek/hurtownia_przemyslowa/feeds/hp_amazonNL.xml HTTP/1.0" 200 49863721 "-" "-"
46.101.116.244 - - [13/Feb/2025:13:17:40 +0100] "GET /Filip/feeds/xlsx_ceneo.xml HTTP/1.0" 200 6241376 "-" "-"
51.77.52.107 - - [13/Feb/2025:13:17:42 +0100] "POST /Filip/Rovicky/baselinker/baselinker-ceneo-shumee.php HTTP/2.0" 200 106776 "-" "BaseLinker/1.0"
89.161.206.59 - - [13/Feb/2025:13:17:43 +0100] "GET /Jurek/hurtownia_przemyslowa/feeds/hp_amazonSE.xml HTTP/1.0" 200 49880807 "-" "-"
89.161.206.59 - - [13/Feb/2025:13:17:52 +0100] "GET /Jurek/eroplace/feeds/eroplace_amazonnl.xml HTTP/1.0" 200 30849134 "-" "-"
89.161.206.59 - - [13/Feb/2025:13:19:26 +0100] "GET /Jurek/benetech/feeds/benetech_allegro.xml HTTP/1.0" 200 4452095 "-" "-"
89.161.206.59 - - [13/Feb/2025:13:19:27 +0100] "GET /Jurek/targethome/feeds/targethome_allegro.xml HTTP/1.0" 200 683632 "-" "-"
89.161.206.59 - - [13/Feb/2025:13:19:30 +0100] "GET /Jurek/fertone/feeds/fertone_allegro.xml HTTP/1.0" 200 628589 "-" "-"
66.211.183.71 - - [13/Feb/2025:13:20:51 +0100] "GET /Jurek/topeshop/downloaded_images/5904507206611_DUOANTRACYTCZERNBRYLKABOKZM.jpg HTTP/1.1" 404 3551 "-" "scalaj-http/2.4.2"
3.74.7.74 - - [13/Feb/2025:13:21:05 +0100] "GET /Jurek/topeshop/downloaded_images/5902838468463_1sonoma.png HTTP/2.0" 404 3551 "-" "Mozilla/5.0 (Windows NT 10.0; Win64; x64) AppleWebKit/537.36 (KHTML, like Gecko) Chrome/109.0.0.0 Safari/537.36"
46.101.116.244 - - [13/Feb/2025:13:21:43 +0100] "GET /Jurek/aw/feeds/aw_fnacfr.xml HTTP/1.0" 404 3551 "-" "-"
193.33.8.61 - - [13/Feb/2025:13:21:44 +0100] "GET /Jurek/topeshop/downloaded_images/5904507207465_20st_mijas_lewy_r%C3%B3%C5%BCowykopia.png HTTP/2.0" 200 253819 "-" "Mozilla/5.0 (Windows NT 10.0; Win64; x64) AppleWebKit/537.36 (KHTML, like Gecko) Chrome/132.0.0.0 Safari/537.36"
85.232.241.194 - - [13/Feb/2025:13:22:03 +0100] "GET /Jurek/aw/feeds/aw_rue.xml HTTP/1.1" 200 90234901 "-" "Python-urllib/3.11"
85.232.241.194 - - [13/Feb/2025:13:22:05 +0100] "GET /Jurek/hurtownia_przemyslowa/feeds/hp_rue.xml HTTP/1.1" 200 49863695 "-" "Python-urllib/3.11"
85.232.241.194 - - [13/Feb/2025:13:22:05 +0100] "GET /Jurek/action/feeds/action_rue.xml HTTP/1.1" 200 55045418 "-" "Python-urllib/3.11"
193.33.8.61 - - [13/Feb/2025:13:22:07 +0100] "GET /Jurek/topeshop/downloaded_images/5904507207465_Front_mijas_Lewy_r%C3%B3%C5%BCowy.png HTTP/2.0" 404 3551 "-" "Mozilla/5.0 (Windows NT 10.0; Win64; x64) AppleWebKit/537.36 (KHTML, like Gecko) Chrome/132.0.0.0 Safari/537.36"
193.33.8.61 - - [13/Feb/2025:13:22:13 +0100] "GET /Jurek/topeshop/downloaded_images/5904507207465_20st_mijas_Lewy_open_r%C3%B3%C5%BCowy.png HTTP/2.0" 404 3551 "-" "Mozilla/5.0 (Windows NT 10.0; Win64; x64) AppleWebKit/537.36 (KHTML, like Gecko) Chrome/132.0.0.0 Safari/537.36"
85.232.241.194 - - [13/Feb/2025:13:22:30 +0100] "GET /Jurek/unimet/feeds/unimet_rue.xml HTTP/1.1" 200 61073413 "-" "Python-urllib/3.11"
85.232.241.194 - - [13/Feb/2025:13:22:30 +0100] "GET /Jurek/ikonka/feeds/ikonka_rue.xml HTTP/1.1" 200 22185264 "-" "Python-urllib/3.11"
85.232.241.194 - - [13/Feb/2025:13:22:31 +0100] "GET /Jurek/kinghome/feeds/kinghome_rue.xml HTTP/1.1" 200 5761536 "-" "Python-urllib/3.11"
85.232.241.194 - - [13/Feb/2025:13:22:31 +0100] "GET /Jurek/fernity/feeds/fernity_rue.xml HTTP/1.1" 200 5089873 "-" "Python-urllib/3.11"
85.232.241.194 - - [13/Feb/2025:13:22:31 +0100] "GET /Jurek/topeshop/feeds/topeshop_rue.xml HTTP/1.1" 200 2403347 "-" "Python-urllib/3.11"
85.232.241.194 - - [13/Feb/2025:13:22:35 +0100] "GET /Jurek/kinghoff/feeds/kinghoff_rue.xml HTTP/1.1" 200 14092863 "-" "Python-urllib/3.11"
85.232.241.194 - - [13/Feb/2025:13:22:35 +0100] "GET /Jurek/emibig/feeds/emibig_rue.xml HTTP/1.1" 200 2522431 "-" "Python-urllib/3.11"
85.232.241.194 - - [13/Feb/2025:13:22:36 +0100] "GET /Jurek/eurofirany/feeds/eurofirany_rue.xml HTTP/1.1" 200 18910564 "-" "Python-urllib/3.11"
85.232.241.194 - - [13/Feb/2025:13:22:37 +0100] "GET /Jurek/amzteam/feeds/amzteam_rue.xml HTTP/1.1" 200 97879 "-" "Python-urllib/3.11"
85.232.241.194 - - [13/Feb/2025:13:22:37 +0100] "GET /Jurek/kambukka/feeds/kambukka_rue.xml HTTP/1.1" 200 973307 "-" "Python-urllib/3.11"
85.232.241.194 - - [13/Feb/2025:13:22:37 +0100] "GET /Jurek/benetech/feeds/benetech_RUE.xml HTTP/1.1" 200 4451818 "-" "Python-urllib/3.11"
85.232.241.194 - - [13/Feb/2025:13:22:37 +0100] "GET /Jurek/swiatecznygoliat/feeds/swiatecznygoliat_RUE.xml HTTP/1.1" 200 7050205 "-" "Python-urllib/3.11"
85.232.241.194 - - [13/Feb/2025:13:22:37 +0100] "GET /Jurek/artdog/feeds/artdog_RUE.xml HTTP/1.1" 200 15928649 "-" "Python-urllib/3.11"
85.232.241.194 - - [13/Feb/2025:13:22:37 +0100] "GET /Jurek/hdwr/feeds/hdwr_RUE.xml HTTP/1.1" 200 777767 "-" "Python-urllib/3.11"
85.232.241.194 - - [13/Feb/2025:13:22:37 +0100] "GET /Jurek/sempler/feeds/sempler_rue.xml HTTP/1.1" 200 6553244 "-" "Python-urllib/3.11"
85.232.241.194 - - [13/Feb/2025:13:22:37 +0100] "GET /Jurek/waks/feeds/waks_RUE.xml HTTP/1.1" 200 6333024 "-" "Python-urllib/3.11"
85.232.241.194 - - [13/Feb/2025:13:22:37 +0100] "GET /Jurek/oromed/feeds/oromed_rue.xml HTTP/1.1" 200 968275 "-" "Python-urllib/3.11"
85.232.241.194 - - [13/Feb/2025:13:22:38 +0100] "GET /Jurek/ekuchcikowo/feeds/ekuchcikowo_rue.xml HTTP/1.1" 200 12779002 "-" "Python-urllib/3.11"
85.232.241.194 - - [13/Feb/2025:13:22:38 +0100] "GET /Jurek/ekolight/feeds/ekolight_rue.xml HTTP/1.1" 200 9051056 "-" "Python-urllib/3.11"
85.232.241.194 - - [13/Feb/2025:13:22:40 +0100] "GET /Jurek/eroplace/feeds/eroplace_RUE.xml HTTP/1.1" 200 30847654 "-" "Python-urllib/3.11"
85.232.241.194 - - [13/Feb/2025:13:22:40 +0100] "GET /Jurek/coppotech/feeds/coppotech_rue.xml HTTP/1.1" 200 38985366 "-" "Python-urllib/3.11"
85.232.241.194 - - [13/Feb/2025:13:22:40 +0100] "GET /Jurek/euroshop/feeds/euroshop_rue.xml HTTP/1.1" 200 17927367 "-" "Python-urllib/3.11"
85.232.241.194 - - [13/Feb/2025:13:22:40 +0100] "GET /Jurek/galopi/feeds/galopi_rue.xml HTTP/1.1" 200 1884683 "-" "Python-urllib/3.11"
85.232.241.194 - - [13/Feb/2025:13:22:40 +0100] "GET /Jurek/szpaklampy/feeds/szpaklampy_rue.xml HTTP/1.1" 200 416450 "-" "Python-urllib/3.11"
85.232.241.194 - - [13/Feb/2025:13:22:42 +0100] "GET /Jurek/intsell/feeds/intsell_rue.xml HTTP/1.1" 200 338787504 "-" "Python-urllib/3.11"
85.232.241.194 - - [13/Feb/2025:13:22:43 +0100] "GET /Jurek/spali/feeds/spali_rue.xml HTTP/1.1" 200 101945 "-" "Python-urllib/3.11"
85.232.241.194 - - [13/Feb/2025:13:22:43 +0100] "GET /Jurek/najtanszysport/feeds/najtanszysport_rue.xml HTTP/1.1" 200 3982866 "-" "Python-urllib/3.11"
85.232.241.194 - - [13/Feb/2025:13:22:43 +0100] "GET /Jurek/maksik/feeds/maksik_rue.xml HTTP/1.1" 200 4084766 "-" "Python-urllib/3.11"
85.232.241.194 - - [13/Feb/2025:13:22:43 +0100] "GET /Jurek/urwiskowo/feeds/urwiskowo_rue.xml HTTP/1.1" 200 9114981 "-" "Python-urllib/3.11"
46.101.116.244 - - [13/Feb/2025:13:22:44 +0100] "GET /Filip/feeds/xlsx_ceneo.xml HTTP/1.0" 200 6241376 "-" "-"
51.77.52.107 - - [13/Feb/2025:13:22:44 +0100] "POST /Filip/Rovicky/baselinker/baselinker-ceneo-shumee.php HTTP/2.0" 200 106776 "-" "BaseLinker/1.0"
46.101.116.244 - - [13/Feb/2025:13:27:09 +0100] "GET /Jurek/aw/feeds/aw_fnacfr.xml HTTP/1.0" 404 3551 "-" "-"
66.211.183.74 - - [13/Feb/2025:13:27:44 +0100] "GET /Jurek/topeshop/downloaded_images/5902838464359_KUBABIURKOBRY%C5%81KABIELBOKZM.jpg HTTP/1.1" 404 3551 "-" "scalaj-http/2.4.2"
34.234.244.127 - - [13/Feb/2025:13:28:01 +0100] "GET /Jurek/topeshop/downloaded_images/5904507207465_20st_mijas_Lewy_open_r%C3%B3%C5%BCowy.png HTTP/2.0" 404 3551 "https://www.ebay.de/itm/176838135910" "Mozilla/5.0 (compatible; Googlebot/2.1 +http://www.googlebot.com/bot.html; +ebay_internal_script) https://deepcrawl.com/bot"
34.234.244.127 - - [13/Feb/2025:13:28:01 +0100] "GET /Jurek/topeshop/downloaded_images/5904507207465_Front_mijas_Lewy_r%C3%B3%C5%BCowy.png HTTP/2.0" 404 3551 "https://www.ebay.de/itm/176838135910" "Mozilla/5.0 (compatible; Googlebot/2.1 +http://www.googlebot.com/bot.html; +ebay_internal_script) https://deepcrawl.com/bot"
34.234.244.127 - - [13/Feb/2025:13:28:01 +0100] "GET /Jurek/topeshop/downloaded_images/5904507207465_20st_mijas_lewy_r%C3%B3%C5%BCowykopia.png HTTP/2.0" 200 253819 "https://www.ebay.de/" "Mozilla/5.0 (compatible; Googlebot/2.1 +http://www.googlebot.com/bot.html; +ebay_internal_script) https://deepcrawl.com/bot"
34.234.244.127 - - [13/Feb/2025:13:28:02 +0100] "GET /Jurek/topeshop/downloaded_images/5904507207465_mijas_r%C3%B3%C5%BCowy_mirorrrr.jpg HTTP/2.0" 200 126503 "https://www.ebay.de/itm/176838135910" "Mozilla/5.0 (compatible; Googlebot/2.1 +http://www.googlebot.com/bot.html; +ebay_internal_script) https://deepcrawl.com/bot"
34.234.244.127 - - [13/Feb/2025:13:28:02 +0100] "GET /Jurek/topeshop/downloaded_images/5904507207465_Front_mijas_Lewy_r%C3%B3%C5%BCowy.png HTTP/2.0" 404 3551 "https://www.ebay.de/itm/176838135910" "Mozilla/5.0 (compatible; Googlebot/2.1 +http://www.googlebot.com/bot.html; +ebay_internal_script) https://deepcrawl.com/bot"
34.234.244.127 - - [13/Feb/2025:13:28:02 +0100] "GET /Jurek/topeshop/downloaded_images/5904507207465_20st_mijas_Lewy_open_r%C3%B3%C5%BCowy.png HTTP/2.0" 404 3551 "https://www.ebay.de/itm/176838135910" "Mozilla/5.0 (compatible; Googlebot/2.1 +http://www.googlebot.com/bot.html; +ebay_internal_script) https://deepcrawl.com/bot"
85.232.241.194 - - [13/Feb/2025:13:28:03 +0100] "GET /Jurek/beliani/feeds/beliani_pl_zero.xml HTTP/1.1" 200 31892936 "-" "python-requests/2.32.3"
85.232.241.194 - - [13/Feb/2025:13:28:04 +0100] "GET /Jurek/beliani/feeds/beliani_cz_zero.xml HTTP/1.1" 200 22572859 "-" "python-requests/2.32.3"
85.232.241.194 - - [13/Feb/2025:13:28:04 +0100] "GET /Jurek/beliani/feeds/beliani_sk_zero.xml HTTP/1.1" 200 22661909 "-" "python-requests/2.32.3"
85.232.241.194 - - [13/Feb/2025:13:28:04 +0100] "GET /Jurek/beliani/feeds/beliani_hu.xml HTTP/1.1" 200 41411326 "-" "python-requests/2.32.3"
85.232.241.194 - - [13/Feb/2025:13:28:04 +0100] "GET /Jurek/fernity/feeds/fernity_zero.xml HTTP/1.1" 200 5090309 "-" "python-requests/2.32.3"
85.232.241.194 - - [13/Feb/2025:13:28:04 +0100] "GET /Jurek/kinghome/feeds/kinghome_mallcz.xml HTTP/1.1" 200 5747035 "-" "python-requests/2.32.3"
46.101.116.244 - - [13/Feb/2025:13:28:12 +0100] "GET /Filip/feeds/xlsx_ceneo.xml HTTP/1.0" 200 6241376 "-" "-"
51.77.52.107 - - [13/Feb/2025:13:28:12 +0100] "POST /Filip/Rovicky/baselinker/baselinker-ceneo-shumee.php HTTP/2.0" 200 106776 "-" "BaseLinker/1.0"
89.161.206.59 - - [13/Feb/2025:13:28:14 +0100] "GET /Jurek/kinghoff/feeds/kinghoff_amazon_de.xml HTTP/1.0" 200 14092894 "-" "-"
85.232.241.194 - - [13/Feb/2025:13:28:15 +0100] "GET /Jurek/octopia/feeds/octopia_zero.xml HTTP/1.1" 200 10816606 "-" "python-requests/2.32.3"
85.232.241.194 - - [13/Feb/2025:13:28:16 +0100] "GET /Jurek/aw/feeds/awnarzedzia_zero.xml HTTP/1.1" 200 90208165 "-" "python-requests/2.32.3"
85.232.241.194 - - [13/Feb/2025:13:28:16 +0100] "GET /Jurek/chemex/feeds/chemex_zero.xml HTTP/1.1" 200 47819491 "-" "python-requests/2.32.3"
85.232.241.194 - - [13/Feb/2025:13:28:17 +0100] "GET /Jurek/stema/feeds/stema_zero.xml HTTP/1.1" 200 861980 "-" "python-requests/2.32.3"
85.232.241.194 - - [13/Feb/2025:13:28:21 +0100] "GET /Jurek/kokiskaCZ/download/kokiskaCZ.xml HTTP/1.1" 200 29660515 "-" "python-requests/2.32.3"
85.232.241.194 - - [13/Feb/2025:13:28:22 +0100] "GET /Jurek/kinghoff/feeds/kinghoff_zero.xml HTTP/1.1" 200 14093342 "-" "python-requests/2.32.3"
85.232.241.194 - - [13/Feb/2025:13:28:25 +0100] "GET /Jurek/bass/feeds/bass_zero.xml HTTP/1.1" 200 3982817 "-" "python-requests/2.32.3"
85.232.241.194 - - [13/Feb/2025:13:28:25 +0100] "GET /Jurek/mosti/feeds/mosti_zero.xml HTTP/1.1" 200 9249879 "-" "python-requests/2.32.3"
89.161.206.59 - - [13/Feb/2025:13:28:26 +0100] "GET /Jurek/bass/feeds/bass_amazonde.xml HTTP/1.0" 200 3983877 "-" "-"
89.161.206.59 - - [13/Feb/2025:13:28:27 +0100] "GET /Jurek/bass/feeds/bass_amazonit.xml HTTP/1.0" 200 3983977 "-" "-"
89.161.206.59 - - [13/Feb/2025:13:28:29 +0100] "GET /Jurek/bass/feeds/bass_amazonnl.xml HTTP/1.0" 200 3983978 "-" "-"
89.161.206.59 - - [13/Feb/2025:13:28:30 +0100] "GET /Jurek/bass/feeds/bass_amazones.xml HTTP/1.0" 200 3984114 "-" "-"
89.161.206.59 - - [13/Feb/2025:13:28:32 +0100] "GET /Jurek/bass/feeds/bass_amazonse.xml HTTP/1.0" 200 3985796 "-" "-"
5.134.208.158 - - [13/Feb/2025:13:30:22 +0100] "GET /Jurek/eurofirany/images/386608/0.jpg HTTP/1.1" 200 61738 "-" "-"
5.134.208.158 - - [13/Feb/2025:13:30:22 +0100] "GET /Jurek/eurofirany/images/382444/0.jpg HTTP/1.1" 200 16503 "-" "-"
34.234.244.127 - - [13/Feb/2025:13:30:35 +0100] "GET /Jurek/topeshop/downloaded_images/5904507207458_Front_mijas_Lewy_zielony.png HTTP/2.0" 404 3551 "https://www.ebay.de/itm/176838135852" "Mozilla/5.0 (compatible; Googlebot/2.1 +http://www.googlebot.com/bot.html; +ebay_internal_script) https://deepcrawl.com/bot"
34.234.244.127 - - [13/Feb/2025:13:30:35 +0100] "GET /Jurek/topeshop/downloaded_images/5904507207458_20st_mijas_Lewy_open_zielony.png HTTP/2.0" 404 3551 "https://www.ebay.de/itm/176838135852" "Mozilla/5.0 (compatible; Googlebot/2.1 +http://www.googlebot.com/bot.html; +ebay_internal_script) https://deepcrawl.com/bot"
34.234.244.127 - - [13/Feb/2025:13:30:36 +0100] "GET /Jurek/topeshop/downloaded_images/5904507207458_20st_mijas_lewy_zielonykopia.png HTTP/2.0" 200 259990 "https://www.ebay.de/" "Mozilla/5.0 (compatible; Googlebot/2.1 +http://www.googlebot.com/bot.html; +ebay_internal_script) https://deepcrawl.com/bot"
34.234.244.127 - - [13/Feb/2025:13:30:36 +0100] "GET /Jurek/topeshop/downloaded_images/5904507207458_20st_mijas_Lewy_open_zielony.png HTTP/2.0" 404 3551 "https://www.ebay.de/itm/176838135852" "Mozilla/5.0 (compatible; Googlebot/2.1 +http://www.googlebot.com/bot.html; +ebay_internal_script) https://deepcrawl.com/bot"
34.234.244.127 - - [13/Feb/2025:13:30:36 +0100] "GET /Jurek/topeshop/downloaded_images/5904507207458_Front_mijas_Lewy_zielony.png HTTP/2.0" 404 3551 "https://www.ebay.de/itm/176838135852" "Mozilla/5.0 (compatible; Googlebot/2.1 +http://www.googlebot.com/bot.html; +ebay_internal_script) https://deepcrawl.com/bot"
34.234.244.127 - - [13/Feb/2025:13:30:36 +0100] "GET /Jurek/topeshop/downloaded_images/5904507207458_mijas_zielony_mirorkopia.jpg HTTP/2.0" 200 126456 "https://www.ebay.de/itm/176838135852" "Mozilla/5.0 (compatible; Googlebot/2.1 +http://www.googlebot.com/bot.html; +ebay_internal_script) https://deepcrawl.com/bot"
193.33.8.61 - - [13/Feb/2025:13:31:07 +0100] "GET /Jurek/topeshop/downloaded_images/5904507209773_BiurkaGlina_20st0003.jpg HTTP/2.0" 200 38399 "-" "Mozilla/5.0 (Windows NT 10.0; Win64; x64) AppleWebKit/537.36 (KHTML, like Gecko) Chrome/132.0.0.0 Safari/537.36"
193.33.8.61 - - [13/Feb/2025:13:31:11 +0100] "GET /Jurek/topeshop/downloaded_images/5904507209773_full_20_Glinia_Mijas_L_open.png HTTP/2.0" 200 149861 "-" "Mozilla/5.0 (Windows NT 10.0; Win64; x64) AppleWebKit/537.36 (KHTML, like Gecko) Chrome/132.0.0.0 Safari/537.36"
66.211.183.71 - - [13/Feb/2025:13:31:34 +0100] "GET /Jurek/topeshop/downloaded_images/5904507200060_MIJASBIURKOBRY%C5%81KABIELLEWEBOKZM.jpg HTTP/1.1" 404 3551 "-" "scalaj-http/2.4.2"
46.101.116.244 - - [13/Feb/2025:13:32:03 +0100] "GET /Jurek/aw/feeds/aw_fnacfr.xml HTTP/1.0" 404 3551 "-" "-"
66.211.183.71 - - [13/Feb/2025:13:32:31 +0100] "GET /Jurek/topeshop/downloaded_images/5904507201883_MIJASBIURKOBRY%C5%81KAANTRACYTPRAWEBOKZM.jpg HTTP/1.1" 404 3551 "-" "scalaj-http/2.4.2"
89.161.206.59 - - [13/Feb/2025:13:32:35 +0100] "GET /Jurek/kambukka/feeds/kambukka_amazones.xml HTTP/1.0" 200 973301 "-" "-"
89.161.206.59 - - [13/Feb/2025:13:32:35 +0100] "GET /Jurek/waks/feeds/waks_amazonde.xml HTTP/1.0" 200 6332951 "-" "-"
89.161.206.59 - - [13/Feb/2025:13:32:37 +0100] "GET /Jurek/waks/feeds/waks_amazonfr.xml HTTP/1.0" 200 6332972 "-" "-"
89.161.206.59 - - [13/Feb/2025:13:32:40 +0100] "GET /Jurek/waks/feeds/waks_amazonse.xml HTTP/1.0" 200 6335462 "-" "-"
193.33.8.61 - - [13/Feb/2025:13:32:40 +0100] "GET /Jurek/evil/feeds/evil_skroutz.xml HTTP/2.0" 200 306388 "https://konsola.dkkapusta1997.usermd.net/" "Mozilla/5.0 (Windows NT 10.0; Win64; x64) AppleWebKit/537.36 (KHTML, like Gecko) Chrome/132.0.0.0 Safari/537.36"
89.161.206.59 - - [13/Feb/2025:13:32:41 +0100] "GET /Jurek/hdwr/feeds/hdwr_amazonde.xml HTTP/1.0" 200 777776 "-" "-"
89.161.206.59 - - [13/Feb/2025:13:32:42 +0100] "GET /Jurek/hdwr/feeds/hdwr_amazonfr.xml HTTP/1.0" 200 777787 "-" "-"
89.161.206.59 - - [13/Feb/2025:13:32:43 +0100] "GET /Jurek/kambukka/feeds/kambukka_amazonde.xml HTTP/1.0" 200 973293 "-" "-"
89.161.206.59 - - [13/Feb/2025:13:32:43 +0100] "GET /Jurek/benetech/feeds/benetech_amazonde.xml HTTP/1.0" 200 4451803 "-" "-"
89.161.206.59 - - [13/Feb/2025:13:32:44 +0100] "GET /Jurek/sempler/feeds/sempler_amazonbe.xml HTTP/1.0" 200 6553228 "-" "-"
89.161.206.59 - - [13/Feb/2025:13:32:44 +0100] "GET /Jurek/kambukka/feeds/kambukka_amazonbe.xml HTTP/1.0" 200 973302 "-" "-"
89.161.206.59 - - [13/Feb/2025:13:32:45 +0100] "GET /Jurek/eroplace/feeds/eroplace_amazonse.xml HTTP/1.0" 200 30863366 "-" "-"
66.211.183.71 - - [13/Feb/2025:13:32:53 +0100] "GET /Jurek/topeshop/downloaded_images/5902838467671_2.png HTTP/1.1" 404 3551 "-" "scalaj-http/2.4.2"
193.33.8.61 - - [13/Feb/2025:13:32:54 +0100] "GET /Jurek/luxma/feeds/luxma_skroutz.xml HTTP/2.0" 200 8058995 "https://konsola.dkkapusta1997.usermd.net/" "Mozilla/5.0 (Windows NT 10.0; Win64; x64) AppleWebKit/537.36 (KHTML, like Gecko) Chrome/132.0.0.0 Safari/537.36"
89.161.206.59 - - [13/Feb/2025:13:33:13 +0100] "GET /Jurek/b3/feeds/b3_amazones.xml HTTP/1.0" 200 7316983 "-" "-"
89.161.206.59 - - [13/Feb/2025:13:33:15 +0100] "GET /Jurek/b3/feeds/b3_amazonbe.xml HTTP/1.0" 200 7316697 "-" "-"
66.211.183.71 - - [13/Feb/2025:13:33:16 +0100] "GET /Jurek/topeshop/downloaded_images/5904507201876_KUBABIURKOBRY%C5%81KAANTRACYTBOKZM.jpg HTTP/1.1" 404 3551 "-" "scalaj-http/2.4.2"
46.101.116.244 - - [13/Feb/2025:13:33:17 +0100] "GET /Jurek/action/feeds/action_velo.xml HTTP/1.0" 200 55055889 "-" "-"
89.161.206.59 - - [13/Feb/2025:13:33:18 +0100] "GET /Jurek/oromed/feeds/oromed_amazones.xml HTTP/1.0" 200 968294 "-" "-"
89.161.206.59 - - [13/Feb/2025:13:33:18 +0100] "GET /Jurek/oromed/feeds/oromed_amazonse.xml HTTP/1.0" 200 968459 "-" "-"
89.161.206.59 - - [13/Feb/2025:13:33:18 +0100] "GET /Jurek/oromed/feeds/oromed_amazonbe.xml HTTP/1.0" 200 968281 "-" "-"
89.161.206.59 - - [13/Feb/2025:13:33:18 +0100] "GET /Jurek/oromed/feeds/oromed_amazonfr.xml HTTP/1.0" 200 968281 "-" "-"
89.161.206.59 - - [13/Feb/2025:13:33:19 +0100] "GET /Jurek/oromed/feeds/oromed_amazonit.xml HTTP/1.0" 200 968271 "-" "-"
54.224.214.178 - - [13/Feb/2025:13:33:30 +0100] "GET /Jurek/luxma/feeds/luxma_skroutz.xml HTTP/1.1" 206 32769 "-" "Slackbot-LinkExpanding 1.0 (+https://api.slack.com/robots)"
34.201.168.217 - - [13/Feb/2025:13:33:30 +0100] "GET /Jurek/luxma/feeds/luxma_skroutz.xml HTTP/1.1" 206 65536 "-" "Slackbot-LinkExpanding 1.0 (+https://api.slack.com/robots)"
54.196.55.229 - - [13/Feb/2025:13:33:31 +0100] "GET /Jurek/luxma/feeds/luxma_skroutz.xml HTTP/1.1" 206 65536 "-" "Slackbot-LinkExpanding 1.0 (+https://api.slack.com/robots)"
34.230.13.211 - - [13/Feb/2025:13:33:32 +0100] "GET /Jurek/luxma/feeds/luxma_skroutz.xml HTTP/1.1" 206 65536 "-" "Slackbot-LinkExpanding 1.0 (+https://api.slack.com/robots)"
18.232.66.66 - - [13/Feb/2025:13:33:33 +0100] "GET /Jurek/luxma/feeds/luxma_skroutz.xml HTTP/1.1" 206 65536 "-" "Slackbot-LinkExpanding 1.0 (+https://api.slack.com/robots)"
3.83.218.62 - - [13/Feb/2025:13:33:33 +0100] "GET /Jurek/luxma/feeds/luxma_skroutz.xml HTTP/1.1" 206 65536 "-" "Slackbot-LinkExpanding 1.0 (+https://api.slack.com/robots)"
44.202.89.26 - - [13/Feb/2025:13:33:34 +0100] "GET /Jurek/luxma/feeds/luxma_skroutz.xml HTTP/1.1" 206 65536 "-" "Slackbot-LinkExpanding 1.0 (+https://api.slack.com/robots)"
3.238.86.102 - - [13/Feb/2025:13:33:35 +0100] "GET /Jurek/evil/feeds/evil_skroutz.xml HTTP/1.1" 206 32769 "-" "Slackbot-LinkExpanding 1.0 (+https://api.slack.com/robots)"
3.226.254.206 - - [13/Feb/2025:13:33:36 +0100] "GET /Jurek/evil/feeds/evil_skroutz.xml HTTP/1.1" 206 65536 "-" "Slackbot-LinkExpanding 1.0 (+https://api.slack.com/robots)"
3.237.4.206 - - [13/Feb/2025:13:33:37 +0100] "GET /Jurek/evil/feeds/evil_skroutz.xml HTTP/1.1" 206 65536 "-" "Slackbot-LinkExpanding 1.0 (+https://api.slack.com/robots)"
3.235.252.63 - - [13/Feb/2025:13:33:37 +0100] "GET /Jurek/evil/feeds/evil_skroutz.xml HTTP/1.1" 206 65536 "-" "Slackbot-LinkExpanding 1.0 (+https://api.slack.com/robots)"
3.234.217.242 - - [13/Feb/2025:13:33:38 +0100] "GET /Jurek/evil/feeds/evil_skroutz.xml HTTP/1.1" 206 44244 "-" "Slackbot-LinkExpanding 1.0 (+https://api.slack.com/robots)"
34.204.195.139 - - [13/Feb/2025:13:33:39 +0100] "GET /Jurek/evil/feeds/evil_skroutz.xml HTTP/1.1" 416 3538 "-" "Slackbot-LinkExpanding 1.0 (+https://api.slack.com/robots)"
44.222.117.192 - - [13/Feb/2025:13:33:39 +0100] "GET /favicon.ico HTTP/1.1" 404 3551 "-" "Slackbot 1.0 (+https://api.slack.com/robots)"
66.211.183.70 - - [13/Feb/2025:13:33:50 +0100] "GET /Jurek/topeshop/downloaded_images/5904507209476_Marina2s_kaszmir_slim_bry%C5%82ka(2).jpg HTTP/1.1" 404 3551 "-" "scalaj-http/2.4.2"
54.158.100.11 - - [13/Feb/2025:13:33:51 +0100] "GET /Jurek/luxma/feeds/luxma_skroutz.xml HTTP/1.1" 206 32769 "-" "Slackbot-LinkExpanding 1.0 (+https://api.slack.com/robots)"
