85.232.241.194 - - [13/Feb/2025:07:05:41 +0100] "GET /Jurek/maksik/feeds/maksik_wortenES.xml HTTP/1.1" 200 4084790 "-" "Python-urllib/3.11"
85.232.241.194 - - [13/Feb/2025:07:05:41 +0100] "GET /Jurek/urwiskowo/feeds/urwiskowo_worten.xml HTTP/1.1" 200 9114951 "-" "Python-urllib/3.11"
85.232.241.194 - - [13/Feb/2025:07:05:41 +0100] "GET /Jurek/urwiskowo/feeds/urwiskowo_wortenES.xml HTTP/1.1" 200 9114973 "-" "Python-urllib/3.11"
85.232.241.194 - - [13/Feb/2025:07:05:41 +0100] "GET /Jurek/combine/feeds/combine_worten.xml HTTP/1.1" 200 210554 "-" "Python-urllib/3.11"
85.232.241.194 - - [13/Feb/2025:07:05:41 +0100] "GET /Jurek/combine/feeds/combine_wortenES.xml HTTP/1.1" 200 210558 "-" "Python-urllib/3.11"
46.101.116.244 - - [13/Feb/2025:07:05:49 +0100] "GET /Jurek/aw/feeds/aw_fnacfr.xml HTTP/1.0" 404 3551 "-" "-"
46.101.116.244 - - [13/Feb/2025:07:05:51 +0100] "GET /Jurek/fernity/feeds/fernity_mallsk.xml HTTP/2.0" 200 5089498 "-" "-"
89.161.206.59 - - [13/Feb/2025:07:06:00 +0100] "GET /Jurek/b3/feeds/b3_amazonfr.xml HTTP/1.0" 200 7316854 "-" "-"
89.161.206.59 - - [13/Feb/2025:07:06:01 +0100] "GET /Jurek/b3/feeds/b3_amazonit.xml HTTP/1.0" 200 7316814 "-" "-"
85.232.241.194 - - [13/Feb/2025:07:06:05 +0100] "GET /Jurek/action/feeds/action_ubaldi.xml HTTP/1.1" 200 55045098 "-" "Python-urllib/3.11"
85.14.86.141 - - [13/Feb/2025:07:06:05 +0100] "GET /Jurek/aw/feeds/awnarzedzia_morele.xml HTTP/2.0" 200 90242185 "-" "MarketplaceAPI curl/7.64.0 PHP/8"
89.161.206.59 - - [13/Feb/2025:07:06:10 +0100] "GET /Jurek/swiatecznygoliat/feeds/swiatecznygoliat_amazonde.xml HTTP/1.0" 200 7050261 "-" "-"
85.14.86.141 - - [13/Feb/2025:07:06:12 +0100] "GET /Jurek/vida_morele/feeds/VidaPL_morele.xml HTTP/2.0" 200 695481612 "-" "MarketplaceAPI curl/7.64.0 PHP/8"
85.232.241.194 - - [13/Feb/2025:07:06:14 +0100] "GET /Jurek/unimet/feeds/unimet_ubaldi.xml HTTP/1.1" 200 61071502 "-" "Python-urllib/3.11"
85.232.241.194 - - [13/Feb/2025:07:06:14 +0100] "GET /Jurek/hurtownia_przemyslowa/feeds/hp_ubaldi.xml HTTP/1.1" 200 49866025 "-" "Python-urllib/3.11"
46.101.116.244 - - [13/Feb/2025:07:06:15 +0100] "GET /Jurek/kinghoff/feeds/kinghoff_mallsk.xml HTTP/2.0" 200 14129648 "-" "-"
85.232.241.194 - - [13/Feb/2025:07:06:15 +0100] "GET /Jurek/aw/feeds/aw_ubaldi.xml HTTP/1.1" 200 90234351 "-" "Python-urllib/3.11"
46.101.116.244 - - [13/Feb/2025:07:06:18 +0100] "GET /Filip/feeds/xlsx_ceneo.xml HTTP/1.0" 200 6241376 "-" "-"
51.77.52.107 - - [13/Feb/2025:07:06:19 +0100] "POST /Filip/Rovicky/baselinker/baselinker-ceneo-shumee.php HTTP/2.0" 200 106776 "-" "BaseLinker/1.0"
46.101.116.244 - - [13/Feb/2025:07:06:29 +0100] "GET /Jurek/kinghome/feeds/kinghome_mallsk.xml HTTP/2.0" 200 5741808 "-" "-"
46.101.116.244 - - [13/Feb/2025:07:06:40 +0100] "GET /Jurek/vivaldi/feeds/vivaldi_Mall-sk.xml HTTP/2.0" 200 344641 "-" "-"
85.14.86.141 - - [13/Feb/2025:07:06:43 +0100] "GET /Jurek/miloohome/feeds/miloohome_morele.xml HTTP/2.0" 200 1421250 "-" "MarketplaceAPI curl/7.64.0 PHP/8"
46.101.116.244 - - [13/Feb/2025:07:06:51 +0100] "GET /Jurek/eurofirany/feeds/eurofirany_mall_sk_shumee.xml HTTP/2.0" 200 18910843 "-" "-"
85.14.86.141 - - [13/Feb/2025:07:07:03 +0100] "GET /Jurek/beliani/feeds/beliani_morele.xml HTTP/2.0" 200 31906738 "-" "MarketplaceAPI curl/7.64.0 PHP/8"
89.161.206.59 - - [13/Feb/2025:07:07:52 +0100] "GET /Jurek/ikonka/feeds/ikonka_allegro_cz.xml HTTP/1.0" 200 22185892 "-" "-"
89.161.206.59 - - [13/Feb/2025:07:07:53 +0100] "GET /Jurek/swiatecznygoliat/feeds/swiatecznygoliat_allegro.xml HTTP/1.0" 200 7050793 "-" "-"
89.161.206.59 - - [13/Feb/2025:07:07:54 +0100] "GET /Jurek/velinda/feeds/velinda_allegro.xml HTTP/1.0" 200 4283064 "-" "-"
46.101.116.244 - - [13/Feb/2025:07:09:51 +0100] "GET /Jurek/flhf/feeds/flhf_mallsk.xml HTTP/2.0" 404 3551 "-" "-"
46.101.116.244 - - [13/Feb/2025:07:10:03 +0100] "GET /Jurek/octopia/feeds/octopia_mallsk.xml HTTP/2.0" 200 10741986 "-" "-"
46.101.116.244 - - [13/Feb/2025:07:10:48 +0100] "GET /Jurek/aw/feeds/aw_fnacfr.xml HTTP/1.0" 404 3551 "-" "-"
46.101.116.244 - - [13/Feb/2025:07:10:55 +0100] "GET /Jurek/vidaSK/feeds/vida_mall.xml HTTP/2.0" 200 643125232 "-" "-"
46.101.116.244 - - [13/Feb/2025:07:11:25 +0100] "GET /Filip/feeds/xlsx_ceneo.xml HTTP/1.0" 200 6241376 "-" "-"
51.77.52.107 - - [13/Feb/2025:07:11:26 +0100] "POST /Filip/Rovicky/baselinker/baselinker-ceneo-shumee.php HTTP/2.0" 200 106776 "-" "BaseLinker/1.0"
185.6.76.18 - - [13/Feb/2025:07:11:44 +0100] "GET /marketplaces/skroutz/feeds/shumee.xml HTTP/1.1" 200 348680554 "-" "SkroutzBot v1.0"
66.211.183.71 - - [13/Feb/2025:07:14:32 +0100] "GET /Jurek/topeshop/downloaded_images/5902838461266_2.png HTTP/1.1" 404 3551 "-" "scalaj-http/2.4.2"
46.101.116.244 - - [13/Feb/2025:07:15:39 +0100] "GET /Jurek/aw/feeds/aw_fnacfr.xml HTTP/1.0" 404 3551 "-" "-"
62.146.215.34 - - [13/Feb/2025:07:15:43 +0100] "GET /Jurek/topeshop/downloaded_images/5904507201883_MIJASBIURKOBRY%C5%81KAANTRACYTPRAWEBOKZM.jpg HTTP/2.0" 404 3551 "-" "billigerbot/1.0"
46.101.116.244 - - [13/Feb/2025:07:16:07 +0100] "GET /Filip/feeds/xlsx_ceneo.xml HTTP/1.0" 200 6241376 "-" "-"
51.77.52.107 - - [13/Feb/2025:07:16:07 +0100] "POST /Filip/Rovicky/baselinker/baselinker-ceneo-shumee.php HTTP/2.0" 200 106776 "-" "BaseLinker/1.0"
46.101.116.244 - - [13/Feb/2025:07:20:38 +0100] "GET /Jurek/aw/feeds/aw_fnacfr.xml HTTP/1.0" 404 3551 "-" "-"
46.101.116.244 - - [13/Feb/2025:07:22:13 +0100] "GET /Jurek/beliani/feeds/beliani_velomarket.xml HTTP/1.0" 200 31906852 "-" "-"
89.161.206.59 - - [13/Feb/2025:07:22:44 +0100] "GET /Jurek/kambukka/feeds/kambukka_allegro.xml HTTP/1.0" 200 973379 "-" "-"
89.161.206.59 - - [13/Feb/2025:07:22:45 +0100] "GET /Jurek/combine/feeds/combine_allegro.xml HTTP/1.0" 200 210566 "-" "-"
89.161.206.59 - - [13/Feb/2025:07:22:45 +0100] "GET /Jurek/spali/feeds/spali_allegro.xml HTTP/1.0" 200 101958 "-" "-"
66.211.183.70 - - [13/Feb/2025:07:25:49 +0100] "GET /Jurek/topeshop/downloaded_images/5902838467671_2.png HTTP/1.1" 404 3551 "-" "scalaj-http/2.4.2"
46.101.116.244 - - [13/Feb/2025:07:26:03 +0100] "GET /Jurek/fernity/feeds/fernity_manomano.xml HTTP/1.0" 200 5089667 "-" "-"
89.161.206.59 - - [13/Feb/2025:07:26:06 +0100] "GET /Jurek/eurofirany/feeds/eurofirany_manomanofr.xml HTTP/1.0" 200 18910747 "-" "-"
89.161.206.59 - - [13/Feb/2025:07:29:48 +0100] "GET /Jurek/ikonka/feeds/ikonka_skroutz.xml HTTP/1.0" 200 22185231 "-" "-"
154.6.157.12 - - [13/Feb/2025:07:30:36 +0100] "GET /Jurek/eurofirany/images/398661/1.jpg HTTP/2.0" 200 77045 "https://www.emag.ro/perdea-ready-rita-140x250-cm-roz-inchis-eurofirany-398661/pd/DTQB8LMBM/" "Mozilla/5.0 (Windows NT 10.0; Win64; x64) AppleWebKit/537.36 (KHTML, like Gecko) Chrome/133.0.0.0 Safari/537.36"
154.6.157.12 - - [13/Feb/2025:07:30:36 +0100] "GET /Jurek/eurofirany/images/398661/3.jpg HTTP/2.0" 200 98055 "https://www.emag.ro/perdea-ready-rita-140x250-cm-roz-inchis-eurofirany-398661/pd/DTQB8LMBM/" "Mozilla/5.0 (Windows NT 10.0; Win64; x64) AppleWebKit/537.36 (KHTML, like Gecko) Chrome/133.0.0.0 Safari/537.36"
154.6.157.12 - - [13/Feb/2025:07:30:36 +0100] "GET /Jurek/eurofirany/images/398661/2.jpg HTTP/2.0" 200 36797 "https://www.emag.ro/perdea-ready-rita-140x250-cm-roz-inchis-eurofirany-398661/pd/DTQB8LMBM/" "Mozilla/5.0 (Windows NT 10.0; Win64; x64) AppleWebKit/537.36 (KHTML, like Gecko) Chrome/133.0.0.0 Safari/537.36"
154.6.157.12 - - [13/Feb/2025:07:30:36 +0100] "GET /Jurek/eurofirany/images/398661/4.jpg HTTP/2.0" 200 271299 "https://www.emag.ro/perdea-ready-rita-140x250-cm-roz-inchis-eurofirany-398661/pd/DTQB8LMBM/" "Mozilla/5.0 (Windows NT 10.0; Win64; x64) AppleWebKit/537.36 (KHTML, like Gecko) Chrome/133.0.0.0 Safari/537.36"
154.6.157.12 - - [13/Feb/2025:07:30:36 +0100] "GET /Jurek/eurofirany/images/398661/5.jpg HTTP/2.0" 200 110083 "https://www.emag.ro/perdea-ready-rita-140x250-cm-roz-inchis-eurofirany-398661/pd/DTQB8LMBM/" "Mozilla/5.0 (Windows NT 10.0; Win64; x64) AppleWebKit/537.36 (KHTML, like Gecko) Chrome/133.0.0.0 Safari/537.36"
154.6.157.12 - - [13/Feb/2025:07:30:36 +0100] "GET /Jurek/eurofirany/images/398661/6.jpg HTTP/2.0" 200 70948 "https://www.emag.ro/perdea-ready-rita-140x250-cm-roz-inchis-eurofirany-398661/pd/DTQB8LMBM/" "Mozilla/5.0 (Windows NT 10.0; Win64; x64) AppleWebKit/537.36 (KHTML, like Gecko) Chrome/133.0.0.0 Safari/537.36"
154.6.157.12 - - [13/Feb/2025:07:30:36 +0100] "GET /Jurek/eurofirany/images/398661/7.jpg HTTP/2.0" 200 186590 "https://www.emag.ro/perdea-ready-rita-140x250-cm-roz-inchis-eurofirany-398661/pd/DTQB8LMBM/" "Mozilla/5.0 (Windows NT 10.0; Win64; x64) AppleWebKit/537.36 (KHTML, like Gecko) Chrome/133.0.0.0 Safari/537.36"
154.6.157.12 - - [13/Feb/2025:07:30:36 +0100] "GET /Jurek/eurofirany/images/398661/8.jpg HTTP/2.0" 200 258968 "https://www.emag.ro/perdea-ready-rita-140x250-cm-roz-inchis-eurofirany-398661/pd/DTQB8LMBM/" "Mozilla/5.0 (Windows NT 10.0; Win64; x64) AppleWebKit/537.36 (KHTML, like Gecko) Chrome/133.0.0.0 Safari/537.36"
154.6.157.12 - - [13/Feb/2025:07:30:36 +0100] "GET /Jurek/eurofirany/images/398661/9.jpg HTTP/2.0" 200 216451 "https://www.emag.ro/perdea-ready-rita-140x250-cm-roz-inchis-eurofirany-398661/pd/DTQB8LMBM/" "Mozilla/5.0 (Windows NT 10.0; Win64; x64) AppleWebKit/537.36 (KHTML, like Gecko) Chrome/133.0.0.0 Safari/537.36"
89.161.206.59 - - [13/Feb/2025:07:31:32 +0100] "GET /Jurek/fernity/feeds/fernity_skroutz.xml HTTP/1.0" 200 5090384 "-" "-"
89.161.206.59 - - [13/Feb/2025:07:31:43 +0100] "GET /Jurek/activeshop/feeds/activeshop_skroutz.xml HTTP/1.0" 200 10495644 "-" "-"
46.101.116.244 - - [13/Feb/2025:07:32:21 +0100] "GET /Jurek/beliani/feeds/beliani_skroutz.xml HTTP/1.0" 200 31902524 "-" "-"
89.161.206.59 - - [13/Feb/2025:07:32:58 +0100] "GET /Jurek/hurtmeblowy/feeds/hurtmeblowy_allegro.xml HTTP/1.0" 200 8039455 "-" "-"
5.134.208.158 - - [13/Feb/2025:07:33:12 +0100] "GET /Jurek/eurofirany/images/401852/0.jpg HTTP/1.1" 200 33022 "-" "-"
52.18.22.0 - - [13/Feb/2025:07:33:41 +0100] "GET /marketplaces/worten2/results/worten.csv HTTP/1.1" 200 16115524 "-" "Mirakl HttpClient"
46.101.116.244 - - [13/Feb/2025:07:34:55 +0100] "GET /Jurek/aw/feeds/awnarzedzia_skroutz.xml HTTP/1.0" 200 90232055 "-" "-"
89.161.206.59 - - [13/Feb/2025:07:36:17 +0100] "GET /Jurek/b3/feeds/b3_amazonse.xml HTTP/1.0" 200 7320012 "-" "-"
62.146.215.34 - - [13/Feb/2025:07:37:26 +0100] "GET /Jurek/topeshop/downloaded_images/5904507201906_MIJASBIURKOBRY%C5%81KAANTRACYTLEWEBOKZM.jpg HTTP/2.0" 404 3551 "-" "billigerbot/1.0"
89.161.206.59 - - [13/Feb/2025:07:38:58 +0100] "GET /Jurek/eurofirany/feeds/eurofirany_skroutz.xml HTTP/1.0" 200 18910719 "-" "-"
89.161.206.59 - - [13/Feb/2025:07:39:56 +0100] "GET /Jurek/narzbud/feeds/narzbud_allegro.xml HTTP/1.0" 200 1610607 "-" "-"
46.101.116.244 - - [13/Feb/2025:07:41:57 +0100] "GET /Jurek/topeshop/feeds/topeshop_skr.xml HTTP/1.0" 200 2403380 "-" "-"
89.161.206.59 - - [13/Feb/2025:07:42:48 +0100] "GET /Jurek/asortymenteu/feeds/asortymenteu_skroutz_great.xml HTTP/1.0" 200 2520522 "-" "-"
77.79.248.229 - - [13/Feb/2025:07:44:02 +0100] "GET /Jurek/aw/feeds/awnarzedzia_leroy.xml HTTP/1.1" 200 90230369 "-" "Python-urllib/3.11"
77.79.248.229 - - [13/Feb/2025:07:44:03 +0100] "GET /Jurek/hurtownia_przemyslowa/feeds/hp_leroy.xml HTTP/1.1" 200 49866528 "-" "Python-urllib/3.11"
77.79.248.229 - - [13/Feb/2025:07:44:04 +0100] "GET /Jurek/unimet/feeds/unimet_leroy.xml HTTP/1.1" 200 61072649 "-" "Python-urllib/3.11"
77.79.248.229 - - [13/Feb/2025:07:44:04 +0100] "GET /Jurek/action/feeds/action_leroy.xml HTTP/1.1" 200 55046584 "-" "Python-urllib/3.11"
77.79.248.229 - - [13/Feb/2025:07:44:07 +0100] "GET /Jurek/b3/feeds/b3_leroy.xml HTTP/1.1" 200 7316809 "-" "Python-urllib/3.11"
77.79.248.229 - - [13/Feb/2025:07:44:08 +0100] "GET /Jurek/topeshop/feeds/topeshop_leroy.xml HTTP/1.1" 200 2403321 "-" "Python-urllib/3.11"
77.79.248.229 - - [13/Feb/2025:07:44:09 +0100] "GET /Jurek/eurofirany/feeds/eurofirany_leroy.xml HTTP/1.1" 200 18910794 "-" "Python-urllib/3.11"
77.79.248.229 - - [13/Feb/2025:07:44:09 +0100] "GET /Jurek/fernity/feeds/fernity_leroy.xml HTTP/1.1" 200 5090224 "-" "Python-urllib/3.11"
77.79.248.229 - - [13/Feb/2025:07:44:10 +0100] "GET /Jurek/kambukka/feeds/kambukka_leroy.xml HTTP/1.1" 200 973146 "-" "Python-urllib/3.11"
77.79.248.229 - - [13/Feb/2025:07:44:10 +0100] "GET /Jurek/ikonka/feeds/ikonka_leroy.xml HTTP/1.1" 200 22185230 "-" "Python-urllib/3.11"
77.79.248.229 - - [13/Feb/2025:07:44:10 +0100] "GET /Jurek/oromed/feeds/oromed_leroy.xml HTTP/1.1" 200 968272 "-" "Python-urllib/3.11"
77.79.248.229 - - [13/Feb/2025:07:44:10 +0100] "GET /Jurek/benetech/feeds/benetech_leroy.xml HTTP/1.1" 200 4451821 "-" "Python-urllib/3.11"
77.79.248.229 - - [13/Feb/2025:07:44:11 +0100] "GET /Jurek/octopia/feeds/octopia_leroy.xml HTTP/1.1" 200 10743087 "-" "Python-urllib/3.11"
77.79.248.229 - - [13/Feb/2025:07:44:11 +0100] "GET /Jurek/waks/feeds/waks_leroy.xml HTTP/1.1" 200 6333004 "-" "Python-urllib/3.11"
77.79.248.229 - - [13/Feb/2025:07:44:12 +0100] "GET /Jurek/kinghoff/feeds/kinghoff_leroy.xml HTTP/1.1" 200 14129683 "-" "Python-urllib/3.11"
77.79.248.229 - - [13/Feb/2025:07:44:12 +0100] "GET /Jurek/hdwr/feeds/hdwr_leroy.xml HTTP/1.1" 200 777774 "-" "Python-urllib/3.11"
77.79.248.229 - - [13/Feb/2025:07:44:14 +0100] "GET /Jurek/barbecook/feeds/barbecook_leroy.xml HTTP/1.1" 200 87533 "-" "Python-urllib/3.11"
77.79.248.229 - - [13/Feb/2025:07:44:14 +0100] "GET /Jurek/sempler/feeds/sempler_leroy.xml HTTP/1.1" 200 6553254 "-" "Python-urllib/3.11"
77.79.248.229 - - [13/Feb/2025:07:44:14 +0100] "GET /Jurek/kinghome/feeds/kinghome_leroy.xml HTTP/1.1" 200 5761575 "-" "Python-urllib/3.11"
77.79.248.229 - - [13/Feb/2025:07:44:15 +0100] "GET /Jurek/ekolight/feeds/ekolioght_leroy.xml HTTP/1.1" 200 9051694 "-" "Python-urllib/3.11"
77.79.248.229 - - [13/Feb/2025:07:44:15 +0100] "GET /Jurek/bimboland/feeds/bimboland_leroy.xml HTTP/1.1" 200 2491356 "-" "Python-urllib/3.11"
77.79.248.229 - - [13/Feb/2025:07:44:16 +0100] "GET /Jurek/eroplace/feeds/eroplace_leroy.xml HTTP/1.1" 200 30849190 "-" "Python-urllib/3.11"
77.79.248.229 - - [13/Feb/2025:07:44:16 +0100] "GET /Jurek/hurtmeblowy/feeds/hurtmeblowy_leroy.xml HTTP/1.1" 200 8038272 "-" "Python-urllib/3.11"
77.79.248.229 - - [13/Feb/2025:07:44:16 +0100] "GET /Jurek/fertone/feeds/fertone_leroy.xml HTTP/1.1" 200 628483 "-" "Python-urllib/3.11"
77.79.248.229 - - [13/Feb/2025:07:44:16 +0100] "GET /Jurek/ekuchcikowo/feeds/ekuchcikowo_leroy.xml HTTP/1.1" 200 12784353 "-" "Python-urllib/3.11"
77.79.248.229 - - [13/Feb/2025:07:44:20 +0100] "GET /Jurek/intsell/feeds/intsell_leroy.xml HTTP/1.1" 200 338787347 "-" "Python-urllib/3.11"
77.79.248.229 - - [13/Feb/2025:07:44:20 +0100] "GET /Jurek/velinda/feeds/velinda_leroy.xml HTTP/1.1" 200 4282313 "-" "Python-urllib/3.11"
77.79.248.229 - - [13/Feb/2025:07:44:20 +0100] "GET /Jurek/spali/feeds/spali_leroy.xml HTTP/1.1" 200 101943 "-" "Python-urllib/3.11"
77.79.248.229 - - [13/Feb/2025:07:44:20 +0100] "GET /Jurek/urwiskowo/feeds/urwiskowo_leroy.xml HTTP/1.1" 200 9113916 "-" "Python-urllib/3.11"
77.79.248.229 - - [13/Feb/2025:07:44:21 +0100] "GET /Jurek/erohurtownia/feeds/erohurtownia_leroy.xml HTTP/1.1" 200 23304089 "-" "Python-urllib/3.11"
77.79.248.229 - - [13/Feb/2025:07:44:21 +0100] "GET /Jurek/elecomp/feeds/elecomp_leroy.xml HTTP/1.1" 200 2869582 "-" "Python-urllib/3.11"
77.79.248.229 - - [13/Feb/2025:07:44:21 +0100] "GET /Jurek/luxma/feeds/luxma_leroy.xml HTTP/1.1" 200 8058993 "-" "Python-urllib/3.11"
77.79.248.229 - - [13/Feb/2025:07:44:21 +0100] "GET /Jurek/coppotech/feeds/coppotech_leroy.xml HTTP/1.1" 200 38985741 "-" "Python-urllib/3.11"
77.79.248.229 - - [13/Feb/2025:07:44:21 +0100] "GET /Jurek/rider/feeds/rider_leroy.xml HTTP/1.1" 200 8165213 "-" "Python-urllib/3.11"
77.79.248.229 - - [13/Feb/2025:07:44:22 +0100] "GET /Jurek/emaja24/feeds/emaja24_leroy.xml HTTP/1.1" 200 5110119 "-" "Python-urllib/3.11"
77.79.248.229 - - [13/Feb/2025:07:44:22 +0100] "GET /Jurek/eurofryz2/feeds/eurofryz2_leroy.xml HTTP/1.1" 200 1376626 "-" "Python-urllib/3.11"
77.79.248.229 - - [13/Feb/2025:07:44:22 +0100] "GET /Jurek/expertauto/feeds/expertauto_leroy.xml HTTP/1.1" 200 1158918 "-" "Python-urllib/3.11"
77.79.248.229 - - [13/Feb/2025:07:44:22 +0100] "GET /Jurek/najtanszysport/feeds/najtanszysport_leroy.xml HTTP/1.1" 200 3982982 "-" "Python-urllib/3.11"
66.211.183.73 - - [13/Feb/2025:07:44:37 +0100] "GET /Jurek/topeshop/downloaded_images/5904507201883_MIJASBIURKOBRY%C5%81KAANTRACYTPRAWEBOKZM.jpg HTTP/1.1" 404 3551 "-" "scalaj-http/2.4.2"
5.2.197.52 - - [13/Feb/2025:07:45:33 +0100] "GET /Jurek/eurofirany/images/333886/2.jpg HTTP/1.1" 200 26359 "https://www.emag.ro/perdea-ready-esim-140x250-cm-alba-eurofirany-333886/pd/DVN68LMBM/?ref=crazy-days-11-19-februarie_menaj-textile-decoratiuni" "Mozilla/5.0 (Windows NT 10.0; Win64; x64) AppleWebKit/537.36 (KHTML, like Gecko) Chrome/133.0.0.0 Safari/537.36"
5.2.197.52 - - [13/Feb/2025:07:45:33 +0100] "GET /Jurek/eurofirany/images/333886/1.jpg HTTP/1.1" 200 55732 "https://www.emag.ro/perdea-ready-esim-140x250-cm-alba-eurofirany-333886/pd/DVN68LMBM/?ref=crazy-days-11-19-februarie_menaj-textile-decoratiuni" "Mozilla/5.0 (Windows NT 10.0; Win64; x64) AppleWebKit/537.36 (KHTML, like Gecko) Chrome/133.0.0.0 Safari/537.36"
5.2.197.52 - - [13/Feb/2025:07:45:33 +0100] "GET /Jurek/eurofirany/images/333886/3.jpg HTTP/1.1" 200 50905 "https://www.emag.ro/perdea-ready-esim-140x250-cm-alba-eurofirany-333886/pd/DVN68LMBM/?ref=crazy-days-11-19-februarie_menaj-textile-decoratiuni" "Mozilla/5.0 (Windows NT 10.0; Win64; x64) AppleWebKit/537.36 (KHTML, like Gecko) Chrome/133.0.0.0 Safari/537.36"
5.2.197.52 - - [13/Feb/2025:07:45:34 +0100] "GET /Jurek/eurofirany/images/333886/6.jpg HTTP/1.1" 200 89803 "https://www.emag.ro/perdea-ready-esim-140x250-cm-alba-eurofirany-333886/pd/DVN68LMBM/?ref=crazy-days-11-19-februarie_menaj-textile-decoratiuni" "Mozilla/5.0 (Windows NT 10.0; Win64; x64) AppleWebKit/537.36 (KHTML, like Gecko) Chrome/133.0.0.0 Safari/537.36"
5.2.197.52 - - [13/Feb/2025:07:45:34 +0100] "GET /Jurek/eurofirany/images/333886/5.jpg HTTP/1.1" 200 44556 "https://www.emag.ro/perdea-ready-esim-140x250-cm-alba-eurofirany-333886/pd/DVN68LMBM/?ref=crazy-days-11-19-februarie_menaj-textile-decoratiuni" "Mozilla/5.0 (Windows NT 10.0; Win64; x64) AppleWebKit/537.36 (KHTML, like Gecko) Chrome/133.0.0.0 Safari/537.36"
5.2.197.52 - - [13/Feb/2025:07:45:34 +0100] "GET /Jurek/eurofirany/images/333886/4.jpg HTTP/1.1" 200 139282 "https://www.emag.ro/perdea-ready-esim-140x250-cm-alba-eurofirany-333886/pd/DVN68LMBM/?ref=crazy-days-11-19-februarie_menaj-textile-decoratiuni" "Mozilla/5.0 (Windows NT 10.0; Win64; x64) AppleWebKit/537.36 (KHTML, like Gecko) Chrome/133.0.0.0 Safari/537.36"
66.211.183.71 - - [13/Feb/2025:07:47:11 +0100] "GET /Jurek/topeshop/downloaded_images/5902838461273_3.png HTTP/1.1" 404 3551 "-" "scalaj-http/2.4.2"
66.211.183.72 - - [13/Feb/2025:07:47:45 +0100] "GET /Jurek/topeshop/downloaded_images/5902838468821_DUOCZERNBRYLKABOKZM.jpg HTTP/1.1" 404 3551 "-" "scalaj-http/2.4.2"
51.81.46.212 - - [13/Feb/2025:07:47:45 +0100] "GET / HTTP/1.1" 200 1559 "-" "-"
89.161.206.59 - - [13/Feb/2025:07:49:24 +0100] "GET /Jurek/bass/feeds/bass_skroutz.xml HTTP/1.0" 200 3983967 "-" "-"
89.161.206.59 - - [13/Feb/2025:07:49:39 +0100] "GET /Jurek/benetech/feeds/benetech_skroutz.xml HTTP/1.0" 200 2842531 "-" "-"
89.161.206.59 - - [13/Feb/2025:07:49:40 +0100] "GET /Jurek/kambukka/feeds/kambukka_skroutz.xml HTTP/1.0" 200 973313 "-" "-"
89.161.206.59 - - [13/Feb/2025:07:49:40 +0100] "GET /Jurek/pagmil/feeds/pagmil_skroutz.xml HTTP/1.0" 200 1705662 "-" "-"
89.161.206.59 - - [13/Feb/2025:07:49:41 +0100] "GET /Jurek/hdwr/feeds/hdwr_skroutz.xml HTTP/1.0" 200 777802 "-" "-"
89.161.206.59 - - [13/Feb/2025:07:49:41 +0100] "GET /Jurek/waks/feeds/waks_skroutz.xml HTTP/1.0" 200 6332990 "-" "-"
89.161.206.59 - - [13/Feb/2025:07:50:27 +0100] "GET /Jurek/galopi/feeds/galopi_skroutz.xml HTTP/1.0" 200 1884706 "-" "-"
89.161.206.59 - - [13/Feb/2025:07:50:33 +0100] "GET /Jurek/velinda/feeds/velinda_skroutz.xml HTTP/1.0" 200 4295354 "-" "-"
89.161.206.59 - - [13/Feb/2025:07:51:07 +0100] "GET /Jurek/madrex/feeds/madrex_skroutz.xml HTTP/1.0" 200 466726 "-" "-"
89.161.206.59 - - [13/Feb/2025:07:52:59 +0100] "GET /Jurek/eurofryz/feeds/eurofryz_skroutz.xml HTTP/1.0" 200 2388389 "-" "-"
89.161.206.59 - - [13/Feb/2025:07:53:15 +0100] "GET /Jurek/combine/feeds/combine_amazonde.xml HTTP/1.0" 200 210557 "-" "-"
77.79.248.229 - - [13/Feb/2025:07:54:08 +0100] "GET /Jurek/vidaSI/feeds/vidaSI_bigbang.xml HTTP/1.1" 200 619672199 "-" "Python-urllib/3.11"
199.45.154.139 - - [13/Feb/2025:07:56:00 +0100] "GET / HTTP/1.1" 403 3541 "-" "Mozilla/5.0 (compatible; CensysInspect/1.1; +https://about.censys.io/)"
89.161.206.59 - - [13/Feb/2025:07:57:56 +0100] "GET /Jurek/ekolight/feeds/ekolight_allegro.xml HTTP/1.0" 200 9053721 "-" "-"
89.161.206.59 - - [13/Feb/2025:07:57:57 +0100] "GET /Jurek/galopi/feeds/galopi_allegro.xml HTTP/1.0" 200 1884829 "-" "-"
77.79.248.229 - - [13/Feb/2025:07:58:04 +0100] "GET /Filip/zalando/zalando-logo.jpg HTTP/1.1" 200 5121 "-" "-"
77.79.248.229 - - [13/Feb/2025:07:58:04 +0100] "GET /Filip/zalando/zalando-logo.jpg HTTP/1.1" 200 5121 "-" "-"
77.79.248.229 - - [13/Feb/2025:07:58:09 +0100] "GET /Filip/zalando/zalando-logo.jpg HTTP/1.1" 200 5121 "-" "-"
77.79.248.229 - - [13/Feb/2025:07:58:09 +0100] "GET /Filip/zalando/zalando-logo.jpg HTTP/1.1" 200 5121 "-" "-"
85.14.86.141 - - [13/Feb/2025:08:00:33 +0100] "GET /Jurek/vida_morele/feeds/VidaPL_all.xml HTTP/2.0" 200 695480586 "-" "MarketplaceAPI curl/7.64.0 PHP/8"
52.17.80.36 - - [13/Feb/2025:08:00:43 +0100] "GET /marketplaces/ubaldi/results/ubaldi.csv HTTP/1.1" 200 4220117 "-" "Mirakl HttpClient"
89.161.206.59 - - [13/Feb/2025:08:01:17 +0100] "GET /Jurek/sempler/feeds/sempler_skroutz.xml HTTP/1.0" 200 6553242 "-" "-"
89.161.206.59 - - [13/Feb/2025:08:01:18 +0100] "GET /Jurek/eroplace/feeds/eroplace_skroutz.xml HTTP/1.0" 200 30849340 "-" "-"
89.161.206.59 - - [13/Feb/2025:08:01:20 +0100] "GET /Jurek/targethome/feeds/targethome_skroutz.xml HTTP/1.0" 200 683603 "-" "-"
52.209.168.113 - - [13/Feb/2025:08:02:34 +0100] "GET /marketplaces/rue/results/rue.csv HTTP/1.1" 200 147219 "-" "Mirakl HttpClient"
85.14.86.141 - - [13/Feb/2025:08:03:03 +0100] "GET /Jurek/kinghoff/feeds/kinghoff_morele.xml HTTP/2.0" 200 14130326 "-" "MarketplaceAPI curl/7.64.0 PHP/8"
85.14.86.141 - - [13/Feb/2025:08:05:08 +0100] "GET /Jurek/eurofirany/feeds/eurofirany_morele.xml HTTP/2.0" 200 18912186 "-" "MarketplaceAPI curl/7.64.0 PHP/8"
85.14.86.141 - - [13/Feb/2025:08:05:28 +0100] "GET /Jurek/vivaldi/feeds/vivaldi_Morele-PL.xml HTTP/2.0" 200 344674 "-" "MarketplaceAPI curl/7.64.0 PHP/8"
5.134.208.158 - - [13/Feb/2025:08:06:14 +0100] "GET /Jurek/eurofirany/images/223866/0.jpg HTTP/1.1" 200 166055 "-" "-"
5.134.208.158 - - [13/Feb/2025:08:06:14 +0100] "GET /Jurek/eurofirany/images/423250/0.jpg HTTP/1.1" 200 193788 "-" "-"
85.14.86.141 - - [13/Feb/2025:08:06:21 +0100] "GET /Jurek/aw/feeds/awnarzedzia_morele.xml HTTP/2.0" 200 90242185 "-" "MarketplaceAPI curl/7.64.0 PHP/8"
85.14.86.141 - - [13/Feb/2025:08:06:31 +0100] "GET /Jurek/vida_morele/feeds/VidaPL_morele.xml HTTP/2.0" 200 695481612 "-" "MarketplaceAPI curl/7.64.0 PHP/8"
193.33.8.61 - - [13/Feb/2025:08:06:31 +0100] "GET /Jurek/topeshop/feeds/topeshop_zero.xml HTTP/2.0" 200 2403357 "https://konsola.dkkapusta1997.usermd.net/" "Mozilla/5.0 (Windows NT 10.0; Win64; x64) AppleWebKit/537.36 (KHTML, like Gecko) Chrome/132.0.0.0 Safari/537.36"
77.79.248.229 - - [13/Feb/2025:08:06:41 +0100] "GET /Jurek/topeshop/feeds/topeshop_zero.xml HTTP/1.1" 200 2403357 "-" "Python-urllib/3.11"
85.14.86.141 - - [13/Feb/2025:08:06:48 +0100] "GET /Jurek/miloohome/feeds/miloohome_morele.xml HTTP/2.0" 200 1421250 "-" "MarketplaceAPI curl/7.64.0 PHP/8"
85.14.86.141 - - [13/Feb/2025:08:06:59 +0100] "GET /Jurek/beliani/feeds/beliani_morele.xml HTTP/2.0" 200 31906738 "-" "MarketplaceAPI curl/7.64.0 PHP/8"
5.2.197.52 - - [13/Feb/2025:08:07:09 +0100] "GET /Jurek/eurofirany/images/400579/3.jpg HTTP/1.1" 200 71351 "https://www.emag.ro/perdea-rebecca-pregata-140x250-cm-alba-eurofirany-400579/pd/DBTH8LMBM/?ref=crazy-days-11-19-februarie_menaj-textile-decoratiuni" "Mozilla/5.0 (Windows NT 10.0; Win64; x64) AppleWebKit/537.36 (KHTML, like Gecko) Chrome/133.0.0.0 Safari/537.36"
5.2.197.52 - - [13/Feb/2025:08:07:09 +0100] "GET /Jurek/eurofirany/images/400579/1.jpg HTTP/1.1" 200 63108 "https://www.emag.ro/perdea-rebecca-pregata-140x250-cm-alba-eurofirany-400579/pd/DBTH8LMBM/?ref=crazy-days-11-19-februarie_menaj-textile-decoratiuni" "Mozilla/5.0 (Windows NT 10.0; Win64; x64) AppleWebKit/537.36 (KHTML, like Gecko) Chrome/133.0.0.0 Safari/537.36"
5.2.197.52 - - [13/Feb/2025:08:07:09 +0100] "GET /Jurek/eurofirany/images/400579/2.jpg HTTP/1.1" 200 31619 "https://www.emag.ro/perdea-rebecca-pregata-140x250-cm-alba-eurofirany-400579/pd/DBTH8LMBM/?ref=crazy-days-11-19-februarie_menaj-textile-decoratiuni" "Mozilla/5.0 (Windows NT 10.0; Win64; x64) AppleWebKit/537.36 (KHTML, like Gecko) Chrome/133.0.0.0 Safari/537.36"
5.2.197.52 - - [13/Feb/2025:08:07:09 +0100] "GET /Jurek/eurofirany/images/400579/5.jpg HTTP/1.1" 200 141152 "https://www.emag.ro/perdea-rebecca-pregata-140x250-cm-alba-eurofirany-400579/pd/DBTH8LMBM/?ref=crazy-days-11-19-februarie_menaj-textile-decoratiuni" "Mozilla/5.0 (Windows NT 10.0; Win64; x64) AppleWebKit/537.36 (KHTML, like Gecko) Chrome/133.0.0.0 Safari/537.36"
5.2.197.52 - - [13/Feb/2025:08:07:09 +0100] "GET /Jurek/eurofirany/images/400579/6.jpg HTTP/1.1" 200 72632 "https://www.emag.ro/perdea-rebecca-pregata-140x250-cm-alba-eurofirany-400579/pd/DBTH8LMBM/?ref=crazy-days-11-19-februarie_menaj-textile-decoratiuni" "Mozilla/5.0 (Windows NT 10.0; Win64; x64) AppleWebKit/537.36 (KHTML, like Gecko) Chrome/133.0.0.0 Safari/537.36"
5.2.197.52 - - [13/Feb/2025:08:07:09 +0100] "GET /Jurek/eurofirany/images/400579/4.jpg HTTP/1.1" 200 311050 "https://www.emag.ro/perdea-rebecca-pregata-140x250-cm-alba-eurofirany-400579/pd/DBTH8LMBM/?ref=crazy-days-11-19-februarie_menaj-textile-decoratiuni" "Mozilla/5.0 (Windows NT 10.0; Win64; x64) AppleWebKit/537.36 (KHTML, like Gecko) Chrome/133.0.0.0 Safari/537.36"
5.2.197.52 - - [13/Feb/2025:08:07:09 +0100] "GET /Jurek/eurofirany/images/400579/7.jpg HTTP/1.1" 200 230158 "https://www.emag.ro/perdea-rebecca-pregata-140x250-cm-alba-eurofirany-400579/pd/DBTH8LMBM/?ref=crazy-days-11-19-februarie_menaj-textile-decoratiuni" "Mozilla/5.0 (Windows NT 10.0; Win64; x64) AppleWebKit/537.36 (KHTML, like Gecko) Chrome/133.0.0.0 Safari/537.36"
193.33.8.61 - - [13/Feb/2025:08:07:21 +0100] "GET /Jurek/topeshop/feeds/topeshop_xxxlutz.xml HTTP/2.0" 200 2403222 "https://konsola.dkkapusta1997.usermd.net/" "Mozilla/5.0 (Windows NT 10.0; Win64; x64) AppleWebKit/537.36 (KHTML, like Gecko) Chrome/132.0.0.0 Safari/537.36"
46.101.116.244 - - [13/Feb/2025:08:07:40 +0100] "GET /Filip/feeds/xlsx_ceneo.xml HTTP/1.0" 200 6241376 "-" "-"
51.77.52.107 - - [13/Feb/2025:08:07:40 +0100] "POST /Filip/Rovicky/baselinker/baselinker-ceneo-shumee.php HTTP/2.0" 200 106776 "-" "BaseLinker/1.0"
77.79.248.229 - - [13/Feb/2025:08:07:46 +0100] "GET /Jurek/topeshop/feeds/topeshop_xxxlutz.xml HTTP/1.1" 200 2403222 "-" "Python-urllib/3.11"
46.101.116.244 - - [13/Feb/2025:08:10:45 +0100] "GET /Jurek/aw/feeds/aw_fnacfr.xml HTTP/1.0" 404 3551 "-" "-"
66.211.183.72 - - [13/Feb/2025:08:10:52 +0100] "GET /Jurek/topeshop/downloaded_images/5904507207465_20st_mijas_lewy_r%C3%B3%C5%BCowykopia.png HTTP/1.1" 200 253819 "-" "scalaj-http/2.4.2"
46.101.116.244 - - [13/Feb/2025:08:10:55 +0100] "GET /Jurek/hurtownia_przemyslowa/feeds/hp_fnacfr.xml HTTP/1.0" 200 49866079 "-" "-"
66.211.183.71 - - [13/Feb/2025:08:10:59 +0100] "GET /Jurek/topeshop/downloaded_images/5904507200169_MIJASBIURKOBRY%C5%81KASONOMALEWEBOKZM.jpg HTTP/1.1" 404 3551 "-" "scalaj-http/2.4.2"
46.101.116.244 - - [13/Feb/2025:08:11:31 +0100] "GET /Filip/feeds/xlsx_ceneo.xml HTTP/1.0" 200 6241376 "-" "-"
51.77.52.107 - - [13/Feb/2025:08:11:31 +0100] "POST /Filip/Rovicky/baselinker/baselinker-ceneo-shumee.php HTTP/2.0" 200 106776 "-" "BaseLinker/1.0"
66.211.183.71 - - [13/Feb/2025:08:11:35 +0100] "GET /Jurek/topeshop/downloaded_images/5904507207472_20st_mijas_prawy_niebieski.png HTTP/1.1" 200 245526 "-" "scalaj-http/2.4.2"
185.6.76.18 - - [13/Feb/2025:08:12:27 +0100] "GET /marketplaces/skroutz/feeds/shumee.xml HTTP/1.1" 200 348680554 "-" "SkroutzBot v1.0"
178.21.154.6 - - [13/Feb/2025:08:14:38 +0100] "GET /Jurek/eurofirany/images/390397/0.jpg HTTP/1.1" 200 49168 "-" "-"
46.101.116.244 - - [13/Feb/2025:08:15:10 +0100] "GET /Jurek/eroplace/feeds/eroplace_mallsi.xml HTTP/2.0" 200 30848951 "-" "-"
46.101.116.244 - - [13/Feb/2025:08:15:26 +0100] "GET /Jurek/bass_new/feeds/bass_mallsi.xml HTTP/2.0" 200 7040920 "-" "-"
46.101.116.244 - - [13/Feb/2025:08:15:38 +0100] "GET /Jurek/ekuchcikowo/feeds/ekuchcikowo_mallsi.xml HTTP/2.0" 200 12783986 "-" "-"
46.101.116.244 - - [13/Feb/2025:08:15:44 +0100] "GET /Jurek/aw/feeds/aw_fnacfr.xml HTTP/1.0" 404 3551 "-" "-"
46.101.116.244 - - [13/Feb/2025:08:15:49 +0100] "GET /Jurek/sempler/feeds/sempler_mallsi.xml HTTP/2.0" 200 6553246 "-" "-"
46.101.116.244 - - [13/Feb/2025:08:16:00 +0100] "GET /Jurek/bass/feeds/bass_mallsi.xml HTTP/2.0" 200 3983903 "-" "-"
46.101.116.244 - - [13/Feb/2025:08:16:13 +0100] "GET /Filip/feeds/xlsx_ceneo.xml HTTP/1.0" 200 6241376 "-" "-"
51.77.52.107 - - [13/Feb/2025:08:16:13 +0100] "POST /Filip/Rovicky/baselinker/baselinker-ceneo-shumee.php HTTP/2.0" 200 106776 "-" "BaseLinker/1.0"
66.211.183.71 - - [13/Feb/2025:08:16:18 +0100] "GET /Jurek/topeshop/downloaded_images/5904507207441_20st_mijas_lewy_niebieskikopia.png HTTP/1.1" 200 251031 "-" "scalaj-http/2.4.2"
46.101.116.244 - - [13/Feb/2025:08:16:22 +0100] "GET /Jurek/slayo/feeds/slayo_mallsi.xml HTTP/2.0" 200 195530 "-" "-"
46.101.116.244 - - [13/Feb/2025:08:16:33 +0100] "GET /Jurek/mosti/feeds/mosti_mallsi.xml HTTP/2.0" 200 9249859 "-" "-"
46.101.116.244 - - [13/Feb/2025:08:16:33 +0100] "GET /Jurek/amzteam/feeds/amzteam_mallsi.xml HTTP/2.0" 200 97842 "-" "-"
46.101.116.244 - - [13/Feb/2025:08:16:34 +0100] "GET /Jurek/artdog/feeds/artdog_mallsi.xml HTTP/2.0" 200 15929775 "-" "-"
46.101.116.244 - - [13/Feb/2025:08:16:35 +0100] "GET /Jurek/kambukka/feeds/kambukka_mallsi.xml HTTP/2.0" 200 973007 "-" "-"
46.101.116.244 - - [13/Feb/2025:08:16:49 +0100] "GET /Jurek/swiatecznygoliat/feeds/swiatecznygoliat_mallsi.xml HTTP/2.0" 200 7050319 "-" "-"
46.101.116.244 - - [13/Feb/2025:08:17:36 +0100] "GET /Jurek/octopia/feeds/octopia_mallsi.xml HTTP/2.0" 200 10742091 "-" "-"
46.101.116.244 - - [13/Feb/2025:08:17:50 +0100] "GET /Jurek/topeshop/feeds/topeshop_mallsi.xml HTTP/2.0" 200 2403328 "-" "-"
3.126.202.245 - - [13/Feb/2025:08:20:21 +0100] "GET /Jurek/topeshop/downloaded_images/5902838468463_1sonoma.png HTTP/2.0" 404 3551 "-" "Mozilla/5.0 (Windows NT 10.0; Win64; x64) AppleWebKit/537.36 (KHTML, like Gecko) Chrome/109.0.0.0 Safari/537.36"
46.101.116.244 - - [13/Feb/2025:08:20:53 +0100] "GET /Jurek/aw/feeds/aw_fnacfr.xml HTTP/1.0" 404 3551 "-" "-"
46.101.116.244 - - [13/Feb/2025:08:20:59 +0100] "GET /Jurek/activeshop/feeds/activeshop_mallsi.xml HTTP/2.0" 200 10495896 "-" "-"
46.101.116.244 - - [13/Feb/2025:08:21:20 +0100] "GET /Filip/feeds/xlsx_ceneo.xml HTTP/1.0" 200 6241376 "-" "-"
51.77.52.107 - - [13/Feb/2025:08:21:20 +0100] "POST /Filip/Rovicky/baselinker/baselinker-ceneo-shumee.php HTTP/2.0" 200 106776 "-" "BaseLinker/1.0"
66.211.183.71 - - [13/Feb/2025:08:22:35 +0100] "GET /Jurek/topeshop/downloaded_images/5904507200060_MIJASBIURKOBRY%C5%81KABIELLEWEBOKZM.jpg HTTP/1.1" 404 3551 "-" "scalaj-http/2.4.2"
5.134.208.158 - - [13/Feb/2025:08:23:06 +0100] "GET /Jurek/eurofirany/images/432828/0.jpg HTTP/1.1" 200 171360 "-" "-"
178.21.154.6 - - [13/Feb/2025:08:23:33 +0100] "GET /Jurek/eurofirany/images/336035/0.jpg HTTP/1.1" 200 53491 "-" "-"
178.21.154.6 - - [13/Feb/2025:08:23:33 +0100] "GET /Jurek/eurofirany/images/336032/0.jpg HTTP/1.1" 200 70021 "-" "-"
89.161.206.59 - - [13/Feb/2025:08:23:40 +0100] "GET /Jurek/hurtownia_przemyslowa/feeds/hp_allegro_cz.xml HTTP/1.0" 200 49872821 "-" "-"
46.101.116.244 - - [13/Feb/2025:08:24:57 +0100] "GET /Jurek/eurofirany/feeds/eurofirany_empik.xml HTTP/1.0" 200 18912066 "-" "-"
89.161.206.59 - - [13/Feb/2025:08:25:02 +0100] "GET /Jurek/unimet/feeds/unimet_cdisFI.xml HTTP/1.0" 200 61074617 "-" "-"
193.33.8.61 - - [13/Feb/2025:08:25:40 +0100] "GET /Jurek/topeshop/feeds/topeshop_xxxlutz.xml HTTP/2.0" 304 0 "https://konsola.dkkapusta1997.usermd.net/" "Mozilla/5.0 (Windows NT 10.0; Win64; x64) AppleWebKit/537.36 (KHTML, like Gecko) Chrome/132.0.0.0 Safari/537.36"
46.101.116.244 - - [13/Feb/2025:08:25:45 +0100] "GET /Jurek/aw/feeds/aw_fnacfr.xml HTTP/1.0" 404 3551 "-" "-"
77.79.248.229 - - [13/Feb/2025:08:25:47 +0100] "GET /Jurek/topeshop/feeds/topeshop_xxxlutz.xml HTTP/1.1" 200 2403222 "-" "Python-urllib/3.11"
46.101.116.244 - - [13/Feb/2025:08:26:00 +0100] "GET /Jurek/kinghoff/feeds/kinghoff_velo.xml HTTP/1.0" 200 14130442 "-" "-"
89.161.206.59 - - [13/Feb/2025:08:26:10 +0100] "GET /Jurek/erohurtownia/feeds/erohurtownia_amazonde.xml HTTP/1.0" 200 23303977 "-" "-"
46.101.116.244 - - [13/Feb/2025:08:26:13 +0100] "GET /Filip/feeds/xlsx_ceneo.xml HTTP/1.0" 200 6241376 "-" "-"
51.77.52.107 - - [13/Feb/2025:08:26:14 +0100] "POST /Filip/Rovicky/baselinker/baselinker-ceneo-shumee.php HTTP/2.0" 200 106776 "-" "BaseLinker/1.0"
46.101.116.244 - - [13/Feb/2025:08:26:49 +0100] "GET /Jurek/action/feeds/action_mallsigs.xml HTTP/2.0" 200 55044295 "-" "-"
46.101.116.244 - - [13/Feb/2025:08:27:06 +0100] "GET /Jurek/b3/feeds/b3_mallsigs.xml HTTP/2.0" 200 7316688 "-" "-"
46.101.116.244 - - [13/Feb/2025:08:27:18 +0100] "GET /Jurek/benbaby/feeds/benbaby_mallsigs.xml HTTP/2.0" 200 3696027 "-" "-"
46.101.116.244 - - [13/Feb/2025:08:27:29 +0100] "GET /Jurek/emibig/feeds/emibig_mallsigs.xml HTTP/2.0" 200 2427388 "-" "-"
46.101.116.244 - - [13/Feb/2025:08:27:41 +0100] "GET /Jurek/hurtownia_przemyslowa/feeds/hp_mallsigs.xml HTTP/2.0" 200 49866300 "-" "-"
89.161.206.59 - - [13/Feb/2025:08:28:03 +0100] "GET /Jurek/sempler/feeds/sempler_allegro.xml HTTP/1.0" 200 6553664 "-" "-"
89.161.206.59 - - [13/Feb/2025:08:28:04 +0100] "GET /Jurek/ekuchcikowo/feeds/ekuchcikowo_allegro.xml HTTP/1.0" 200 12785510 "-" "-"
89.161.206.59 - - [13/Feb/2025:08:28:04 +0100] "GET /Jurek/livinhill/feeds/livinhill_allegro.xml HTTP/1.0" 200 1431267 "-" "-"
89.161.206.59 - - [13/Feb/2025:08:28:05 +0100] "GET /Jurek/urwiskowo/feeds/urwiskowo_allegro.xml HTTP/1.0" 200 9115623 "-" "-"
89.161.206.59 - - [13/Feb/2025:08:28:05 +0100] "GET /Jurek/reman/feeds/reman_allegro.xml HTTP/1.0" 200 1394883 "-" "-"
46.101.116.244 - - [13/Feb/2025:08:28:16 +0100] "GET /Jurek/kokiska/feeds/kokiska_allegro.xml HTTP/1.0" 200 11478030 "-" "-"
46.101.116.244 - - [13/Feb/2025:08:28:19 +0100] "GET /Jurek/vivaldi/feeds/vivaldi_allegro.xml HTTP/1.0" 200 344685 "-" "-"
193.33.8.61 - - [13/Feb/2025:08:29:11 +0100] "GET /Jurek/topeshop/output.txt HTTP/2.0" 200 11973 "https://konsola.dkkapusta1997.usermd.net/" "Mozilla/5.0 (Windows NT 10.0; Win64; x64) AppleWebKit/537.36 (KHTML, like Gecko) Chrome/132.0.0.0 Safari/537.36"
46.101.116.244 - - [13/Feb/2025:08:29:45 +0100] "GET /Jurek/beliani/feeds/beliani_si_mallsi.xml HTTP/2.0" 200 31875075 "-" "-"
193.33.8.61 - - [13/Feb/2025:08:29:46 +0100] "GET /Jurek/topeshop/feeds/topeshop_xxxlutz.xml HTTP/2.0" 200 2403223 "https://konsola.dkkapusta1997.usermd.net/" "Mozilla/5.0 (Windows NT 10.0; Win64; x64) AppleWebKit/537.36 (KHTML, like Gecko) Chrome/132.0.0.0 Safari/537.36"
77.79.248.229 - - [13/Feb/2025:08:29:52 +0100] "GET /Jurek/topeshop/feeds/topeshop_xxxlutz.xml HTTP/1.1" 200 2403223 "-" "Python-urllib/3.11"
46.101.116.244 - - [13/Feb/2025:08:30:11 +0100] "GET /Jurek/rovicky/feeds/rovicky_mallsi.xml HTTP/2.0" 200 14076472 "-" "-"
46.101.116.244 - - [13/Feb/2025:08:30:22 +0100] "GET /Jurek/detian/feeds/detian_mallsi.xml HTTP/2.0" 404 3551 "-" "-"
46.101.116.244 - - [13/Feb/2025:08:30:35 +0100] "GET /Jurek/ikonka/feeds/ikonka_mallsi.xml HTTP/2.0" 200 22185236 "-" "-"
46.101.116.244 - - [13/Feb/2025:08:30:47 +0100] "GET /Jurek/candellux/feeds/candellux_mallsi.xml HTTP/2.0" 200 465691 "-" "-"
46.101.116.244 - - [13/Feb/2025:08:30:58 +0100] "GET /Jurek/andex/feeds/andex_mallsl.xml HTTP/2.0" 200 1953466 "-" "-"
46.101.116.244 - - [13/Feb/2025:08:31:10 +0100] "GET /Jurek/chemex/feeds/chemex_mallsi.xml HTTP/2.0" 200 47809540 "-" "-"
46.101.116.244 - - [13/Feb/2025:08:31:12 +0100] "GET /Jurek/aw/feeds/aw_fnacfr.xml HTTP/1.0" 404 3551 "-" "-"
46.101.116.244 - - [13/Feb/2025:08:31:28 +0100] "GET /Jurek/aw/feeds/awnarzedzia_mallsi.xml HTTP/2.0" 200 90230877 "-" "-"
46.101.116.244 - - [13/Feb/2025:08:31:41 +0100] "GET /Filip/feeds/xlsx_ceneo.xml HTTP/1.0" 200 6241376 "-" "-"
51.77.52.107 - - [13/Feb/2025:08:31:41 +0100] "POST /Filip/Rovicky/baselinker/baselinker-ceneo-shumee.php HTTP/2.0" 200 106776 "-" "BaseLinker/1.0"
46.101.116.244 - - [13/Feb/2025:08:33:22 +0100] "GET /Jurek/barbecook/feeds/barbecook_mallsl.xml HTTP/2.0" 200 87529 "-" "-"
46.101.116.244 - - [13/Feb/2025:08:33:32 +0100] "GET /Jurek/duka/feeds/duka_mallsl.xml HTTP/2.0" 200 57 "-" "-"
46.101.116.244 - - [13/Feb/2025:08:33:42 +0100] "GET /Jurek/miloohome/feeds/miloohome_mallsi.xml HTTP/2.0" 200 1421056 "-" "-"
46.101.116.244 - - [13/Feb/2025:08:33:53 +0100] "GET /Jurek/stema/feeds/stema_mallsl.xml HTTP/2.0" 200 861869 "-" "-"
46.101.116.244 - - [13/Feb/2025:08:34:04 +0100] "GET /Jurek/fernity/feeds/fernity_mallsl.xml HTTP/2.0" 200 5089627 "-" "-"
46.101.116.244 - - [13/Feb/2025:08:34:28 +0100] "GET /Jurek/kinghoff/feeds/kinghoff_mallsl.xml HTTP/2.0" 200 14129519 "-" "-"
46.101.116.244 - - [13/Feb/2025:08:34:42 +0100] "GET /Jurek/kinghome/feeds/kinghome_mallsl.xml HTTP/2.0" 200 5741873 "-" "-"
46.101.116.244 - - [13/Feb/2025:08:34:53 +0100] "GET /Jurek/vivaldi/feeds/vivaldi_Mall-sl.xml HTTP/2.0" 200 344583 "-" "-"
46.101.116.244 - - [13/Feb/2025:08:35:04 +0100] "GET /Jurek/eurofirany/feeds/eurofirany_mall_si_shumee.xml HTTP/2.0" 200 18910507 "-" "-"
52.18.22.0 - - [13/Feb/2025:08:35:06 +0100] "GET /marketplaces/worten2/results/worten.csv HTTP/1.1" 200 130834 "-" "Mirakl HttpClient"
66.211.183.73 - - [13/Feb/2025:08:36:00 +0100] "GET /Jurek/topeshop/downloaded_images/5902838463741_20st_close.jpg HTTP/1.1" 404 3551 "-" "scalaj-http/2.4.2"
66.211.183.74 - - [13/Feb/2025:08:36:34 +0100] "GET /Jurek/topeshop/downloaded_images/5902838467688_2_sonoma.jpg HTTP/1.1" 404 3551 "-" "scalaj-http/2.4.2"
46.101.116.244 - - [13/Feb/2025:08:37:02 +0100] "GET /Jurek/aw/feeds/aw_fnacfr.xml HTTP/1.0" 404 3551 "-" "-"
46.101.116.244 - - [13/Feb/2025:08:37:33 +0100] "GET /Filip/feeds/xlsx_ceneo.xml HTTP/1.0" 200 6241376 "-" "-"
51.77.52.107 - - [13/Feb/2025:08:37:33 +0100] "POST /Filip/Rovicky/baselinker/baselinker-ceneo-shumee.php HTTP/2.0" 200 106776 "-" "BaseLinker/1.0"
46.101.116.244 - - [13/Feb/2025:08:38:09 +0100] "GET /Jurek/unimet/feeds/unimet_mallsi.xml HTTP/2.0" 200 61071961 "-" "-"
46.101.116.244 - - [13/Feb/2025:08:39:41 +0100] "GET /Jurek/vidaSI/feeds/vidaSI_mall.xml HTTP/2.0" 200 619697822 "-" "-"
193.33.8.61 - - [13/Feb/2025:08:40:50 +0100] "GET /Jurek/topeshop/feeds/topeshop_zero.xml HTTP/2.0" 200 2403358 "https://konsola.dkkapusta1997.usermd.net/" "Mozilla/5.0 (Windows NT 10.0; Win64; x64) AppleWebKit/537.36 (KHTML, like Gecko) Chrome/132.0.0.0 Safari/537.36"
193.33.8.61 - - [13/Feb/2025:08:40:51 +0100] "GET /Jurek/najtanszysport/feeds/najtanszysport_cdon_se.xml HTTP/2.0" 200 3985306 "https://konsola.dkkapusta1997.usermd.net/" "Mozilla/5.0 (Windows NT 10.0; Win64; x64) AppleWebKit/537.36 (KHTML, like Gecko) Chrome/132.0.0.0 Safari/537.36"
77.79.248.229 - - [13/Feb/2025:08:40:55 +0100] "GET /Jurek/topeshop/feeds/topeshop_zero.xml HTTP/1.1" 200 2403358 "-" "Python-urllib/3.11"
193.33.8.61 - - [13/Feb/2025:08:41:02 +0100] "GET /favicon.ico HTTP/2.0" 404 3551 "https://dkkapusta1997.usermd.net/Jurek/najtanszysport/feeds/najtanszysport_cdon_se.xml" "Mozilla/5.0 (Windows NT 10.0; Win64; x64) AppleWebKit/537.36 (KHTML, like Gecko) Chrome/132.0.0.0 Safari/537.36"
193.33.8.61 - - [13/Feb/2025:08:41:07 +0100] "GET /Jurek/najtanszysport/feeds/najtanszysport_zero.xml HTTP/2.0" 200 3983328 "https://konsola.dkkapusta1997.usermd.net/" "Mozilla/5.0 (Windows NT 10.0; Win64; x64) AppleWebKit/537.36 (KHTML, like Gecko) Chrome/132.0.0.0 Safari/537.36"
46.101.116.244 - - [13/Feb/2025:08:42:37 +0100] "GET /Jurek/aw/feeds/aw_fnacfr.xml HTTP/1.0" 404 3551 "-" "-"
46.101.116.244 - - [13/Feb/2025:08:43:06 +0100] "GET /Filip/feeds/xlsx_ceneo.xml HTTP/1.0" 200 6241376 "-" "-"
51.77.52.107 - - [13/Feb/2025:08:43:06 +0100] "POST /Filip/Rovicky/baselinker/baselinker-ceneo-shumee.php HTTP/2.0" 200 106776 "-" "BaseLinker/1.0"
46.101.116.244 - - [13/Feb/2025:08:45:57 +0100] "GET /Jurek/aw/feeds/aw_fnacfr.xml HTTP/1.0" 404 3551 "-" "-"
46.101.116.244 - - [13/Feb/2025:08:46:26 +0100] "GET /Filip/feeds/xlsx_ceneo.xml HTTP/1.0" 200 6241376 "-" "-"
51.77.52.107 - - [13/Feb/2025:08:46:27 +0100] "POST /Filip/Rovicky/baselinker/baselinker-ceneo-shumee.php HTTP/2.0" 200 106776 "-" "BaseLinker/1.0"
66.211.183.73 - - [13/Feb/2025:08:49:17 +0100] "GET /Jurek/topeshop/downloaded_images/5904507200084_MIJASBIURKOBRY%C5%81KABIELPRAWEBOKZM.jpg HTTP/1.1" 404 3551 "-" "scalaj-http/2.4.2"
89.161.206.59 - - [13/Feb/2025:08:49:32 +0100] "GET /Jurek/slayo/feeds/slayo_skroutz.xml HTTP/1.0" 200 195529 "-" "-"
89.161.206.59 - - [13/Feb/2025:08:49:50 +0100] "GET /Jurek/hurtmeblowy/feeds/hurtmeblowy_skroutz.xml HTTP/1.0" 200 8038506 "-" "-"
89.161.206.59 - - [13/Feb/2025:08:50:29 +0100] "GET /Jurek/topeshop/feeds/topeshop_ebayDE.xml HTTP/1.0" 200 1195846 "-" "-"
89.161.206.59 - - [13/Feb/2025:08:50:47 +0100] "GET /Jurek/kobi/feeds/kobi_skroutz.xml HTTP/1.0" 200 1993285 "-" "-"
89.161.206.59 - - [13/Feb/2025:08:50:47 +0100] "GET /Jurek/evil/feeds/evil_skroutz.xml HTTP/1.0" 200 306385 "-" "-"
89.161.206.59 - - [13/Feb/2025:08:50:49 +0100] "GET /Jurek/twojsklep/feeds/twojsklep_skroutz.xml HTTP/1.0" 200 126780 "-" "-"
89.161.206.59 - - [13/Feb/2025:08:50:49 +0100] "GET /Jurek/sartrix/feeds/sartrix_skroutz.xml HTTP/1.0" 200 649129 "-" "-"
89.161.206.59 - - [13/Feb/2025:08:50:50 +0100] "GET /Jurek/luxma/feeds/luxma_skroutz.xml HTTP/1.0" 200 8058889 "-" "-"
89.161.206.59 - - [13/Feb/2025:08:50:51 +0100] "GET /Jurek/drewdon/feeds/drewdon_skroutz.xml HTTP/1.0" 200 504476 "-" "-"
89.161.206.59 - - [13/Feb/2025:08:50:52 +0100] "GET /Jurek/zepnij/feeds/zepnij_skroutz.xml HTTP/1.0" 200 19522882 "-" "-"
89.161.206.59 - - [13/Feb/2025:08:50:55 +0100] "GET /Jurek/qbox/feeds/qbox_skroutz.xml HTTP/1.0" 200 398707 "-" "-"
46.101.116.244 - - [13/Feb/2025:08:51:06 +0100] "GET /Jurek/aw/feeds/aw_fnacfr.xml HTTP/1.0" 404 3551 "-" "-"
89.161.206.59 - - [13/Feb/2025:08:51:06 +0100] "GET /Jurek/ekotex/feeds/ekotex_skroutz.xml HTTP/1.0" 200 197845 "-" "-"
89.161.206.59 - - [13/Feb/2025:08:51:07 +0100] "GET /Jurek/motofan/feeds/motofan_skroutz.xml HTTP/1.0" 200 2392418 "-" "-"
46.101.116.244 - - [13/Feb/2025:08:51:35 +0100] "GET /Filip/feeds/xlsx_ceneo.xml HTTP/1.0" 200 6241376 "-" "-"
51.77.52.107 - - [13/Feb/2025:08:51:35 +0100] "POST /Filip/Rovicky/baselinker/baselinker-ceneo-shumee.php HTTP/2.0" 200 106776 "-" "BaseLinker/1.0"
89.161.206.59 - - [13/Feb/2025:08:53:22 +0100] "GET /Jurek/waks/feeds/waks_allegro.xml HTTP/1.0" 200 6333851 "-" "-"
89.161.206.59 - - [13/Feb/2025:08:53:23 +0100] "GET /Jurek/oromed/feeds/oromed_allegro.xml HTTP/1.0" 200 968391 "-" "-"
89.161.206.59 - - [13/Feb/2025:08:53:24 +0100] "GET /Jurek/bisanti/feeds/bisanti_allegro.xml HTTP/1.0" 200 1132583 "-" "-"
66.211.183.70 - - [13/Feb/2025:08:53:34 +0100] "GET /Jurek/topeshop/downloaded_images/5904507201906_MIJASBIURKOBRY%C5%81KAANTRACYTLEWEBOKZM.jpg HTTP/1.1" 404 3551 "-" "scalaj-http/2.4.2"
46.101.116.244 - - [13/Feb/2025:08:55:42 +0100] "GET /Jurek/aw/feeds/aw_fnacfr.xml HTTP/1.0" 404 3551 "-" "-"
46.101.116.244 - - [13/Feb/2025:08:56:09 +0100] "GET /Filip/feeds/xlsx_ceneo.xml HTTP/1.0" 200 6241376 "-" "-"
51.77.52.107 - - [13/Feb/2025:08:56:09 +0100] "POST /Filip/Rovicky/baselinker/baselinker-ceneo-shumee.php HTTP/2.0" 200 106776 "-" "BaseLinker/1.0"
193.33.8.61 - - [13/Feb/2025:08:56:38 +0100] "GET /Jurek/amzteam/feeds/amzteam_zero.xml HTTP/2.0" 200 97829 "https://konsola.dkkapusta1997.usermd.net/" "Mozilla/5.0 (Windows NT 10.0; Win64; x64) AppleWebKit/537.36 (KHTML, like Gecko) Chrome/132.0.0.0 Safari/537.36"
193.33.8.61 - - [13/Feb/2025:08:56:38 +0100] "GET /favicon.ico HTTP/2.0" 404 3551 "https://dkkapusta1997.usermd.net/Jurek/amzteam/feeds/amzteam_zero.xml" "Mozilla/5.0 (Windows NT 10.0; Win64; x64) AppleWebKit/537.36 (KHTML, like Gecko) Chrome/132.0.0.0 Safari/537.36"
77.79.248.229 - - [13/Feb/2025:08:56:42 +0100] "GET /Jurek/amzteam/feeds/amzteam_zero.xml HTTP/1.1" 200 97829 "-" "Python-urllib/3.11"
89.161.206.59 - - [13/Feb/2025:08:57:22 +0100] "GET /Jurek/najtanszysport/feeds/najtanszysport_skroutz.xml HTTP/1.0" 200 3983242 "-" "-"
89.161.206.59 - - [13/Feb/2025:08:57:58 +0100] "GET /Jurek/eroplace/feeds/eroplace_emagro.xml HTTP/1.0" 200 30856811 "-" "-"
89.161.206.59 - - [13/Feb/2025:08:57:58 +0100] "GET /Jurek/ralmetal/feeds/ralmetal_emag.xml HTTP/1.0" 200 1787426 "-" "-"
66.211.183.72 - - [13/Feb/2025:08:58:02 +0100] "GET /Jurek/topeshop/downloaded_images/5904507200176_MIJASBIURKOBRY%C5%81KASONOMAPRAWEBOKZM.jpg HTTP/1.1" 404 3551 "-" "scalaj-http/2.4.2"
89.161.206.59 - - [13/Feb/2025:08:58:05 +0100] "GET /Jurek/expertauto/feeds/expertauto_emagro.xml HTTP/1.0" 200 1159114 "-" "-"
89.161.206.59 - - [13/Feb/2025:08:58:15 +0100] "GET /Jurek/domzapachy/feeds/domzapachy_skroutz.xml HTTP/1.0" 200 179581 "-" "-"
193.33.8.61 - - [13/Feb/2025:08:58:54 +0100] "GET /Jurek/oromed/feeds/oromed_zero.xml HTTP/2.0" 200 968345 "https://konsola.dkkapusta1997.usermd.net/" "Mozilla/5.0 (Windows NT 10.0; Win64; x64) AppleWebKit/537.36 (KHTML, like Gecko) Chrome/132.0.0.0 Safari/537.36"
77.79.248.229 - - [13/Feb/2025:08:59:06 +0100] "GET /Jurek/oromed/feeds/oromed_zero.xml HTTP/1.1" 200 968345 "-" "Python-urllib/3.11"
85.14.86.141 - - [13/Feb/2025:09:00:27 +0100] "GET /Jurek/vida_morele/feeds/VidaPL_all.xml HTTP/2.0" 200 695480586 "-" "MarketplaceAPI curl/7.64.0 PHP/8"
52.17.80.36 - - [13/Feb/2025:09:00:55 +0100] "GET /marketplaces/ubaldi/results/ubaldi.csv HTTP/1.1" 200 147219 "-" "Mirakl HttpClient"
46.101.116.244 - - [13/Feb/2025:09:00:56 +0100] "GET /Jurek/aw/feeds/aw_fnacfr.xml HTTP/1.0" 404 3551 "-" "-"
46.101.116.244 - - [13/Feb/2025:09:01:24 +0100] "GET /Filip/feeds/xlsx_ceneo.xml HTTP/1.0" 200 6241376 "-" "-"
51.77.52.107 - - [13/Feb/2025:09:01:24 +0100] "POST /Filip/Rovicky/baselinker/baselinker-ceneo-shumee.php HTTP/2.0" 200 106776 "-" "BaseLinker/1.0"
85.232.241.194 - - [13/Feb/2025:09:02:01 +0100] "GET /Jurek/kinghoff/feeds/kinghoff_skrSH.xml HTTP/1.1" 200 14129766 "-" "Python-urllib/3.11"
85.232.241.194 - - [13/Feb/2025:09:02:02 +0100] "GET /Jurek/aw/feeds/aw_skroutzSH.xml HTTP/1.1" 200 90232055 "-" "Python-urllib/3.11"
85.232.241.194 - - [13/Feb/2025:09:02:02 +0100] "GET /Jurek/eurofirany/feeds/eurofirany_skrSH.xml HTTP/1.1" 200 18910706 "-" "Python-urllib/3.11"
85.232.241.194 - - [13/Feb/2025:09:02:03 +0100] "GET /Jurek/fernity/feeds/fernity_skrSH.xml HTTP/1.1" 200 5089956 "-" "Python-urllib/3.11"
85.232.241.194 - - [13/Feb/2025:09:02:03 +0100] "GET /Jurek/hurtownia_przemyslowa/feeds/hp_skrSH.xml HTTP/1.1" 200 49866875 "-" "Python-urllib/3.11"
85.232.241.194 - - [13/Feb/2025:09:02:03 +0100] "GET /Jurek/stema/feeds/stema_skrSH.xml HTTP/1.1" 200 861906 "-" "Python-urllib/3.11"
52.209.168.113 - - [13/Feb/2025:09:02:24 +0100] "GET /marketplaces/rue/results/rue.csv HTTP/1.1" 200 147219 "-" "Mirakl HttpClient"
85.14.86.141 - - [13/Feb/2025:09:02:48 +0100] "GET /Jurek/kinghoff/feeds/kinghoff_morele.xml HTTP/2.0" 200 14130326 "-" "MarketplaceAPI curl/7.64.0 PHP/8"
66.211.183.74 - - [13/Feb/2025:09:04:23 +0100] "GET /Jurek/topeshop/downloaded_images/5902838464359_KUBABIURKOBRY%C5%81KABIELBOKZM.jpg HTTP/1.1" 404 3551 "-" "scalaj-http/2.4.2"
85.14.86.141 - - [13/Feb/2025:09:04:43 +0100] "GET /Jurek/eurofirany/feeds/eurofirany_morele.xml HTTP/2.0" 200 18912186 "-" "MarketplaceAPI curl/7.64.0 PHP/8"
85.14.86.141 - - [13/Feb/2025:09:04:58 +0100] "GET /Jurek/vivaldi/feeds/vivaldi_Morele-PL.xml HTTP/2.0" 200 344674 "-" "MarketplaceAPI curl/7.64.0 PHP/8"
46.101.116.244 - - [13/Feb/2025:09:06:01 +0100] "GET /Jurek/aw/feeds/aw_fnacfr.xml HTTP/1.0" 404 3551 "-" "-"
85.14.86.141 - - [13/Feb/2025:09:06:01 +0100] "GET /Jurek/aw/feeds/awnarzedzia_morele.xml HTTP/2.0" 200 90242185 "-" "MarketplaceAPI curl/7.64.0 PHP/8"
85.14.86.141 - - [13/Feb/2025:09:06:07 +0100] "GET /Jurek/vida_morele/feeds/VidaPL_morele.xml HTTP/2.0" 200 695481612 "-" "MarketplaceAPI curl/7.64.0 PHP/8"
85.14.86.141 - - [13/Feb/2025:09:06:28 +0100] "GET /Jurek/miloohome/feeds/miloohome_morele.xml HTTP/2.0" 200 1421250 "-" "MarketplaceAPI curl/7.64.0 PHP/8"
46.101.116.244 - - [13/Feb/2025:09:06:29 +0100] "GET /Filip/feeds/xlsx_ceneo.xml HTTP/1.0" 200 6241376 "-" "-"
51.77.52.107 - - [13/Feb/2025:09:06:29 +0100] "POST /Filip/Rovicky/baselinker/baselinker-ceneo-shumee.php HTTP/2.0" 200 106776 "-" "BaseLinker/1.0"
85.14.86.141 - - [13/Feb/2025:09:06:39 +0100] "GET /Jurek/beliani/feeds/beliani_morele.xml HTTP/2.0" 200 31906738 "-" "MarketplaceAPI curl/7.64.0 PHP/8"
46.101.116.244 - - [13/Feb/2025:09:11:05 +0100] "GET /Jurek/aw/feeds/aw_fnacfr.xml HTTP/1.0" 404 3551 "-" "-"
46.101.116.244 - - [13/Feb/2025:09:11:35 +0100] "GET /Filip/feeds/xlsx_ceneo.xml HTTP/1.0" 200 6241376 "-" "-"
51.77.52.107 - - [13/Feb/2025:09:11:36 +0100] "POST /Filip/Rovicky/baselinker/baselinker-ceneo-shumee.php HTTP/2.0" 200 106776 "-" "BaseLinker/1.0"
185.6.76.18 - - [13/Feb/2025:09:12:04 +0100] "GET /marketplaces/skroutz/feeds/shumee.xml HTTP/1.1" 200 348349567 "-" "SkroutzBot v1.0"
89.161.206.59 - - [13/Feb/2025:09:13:19 +0100] "GET /Jurek/szpaklampy/feeds/szpaklampy_allegro.xml HTTP/1.0" 200 416587 "-" "-"
89.161.206.59 - - [13/Feb/2025:09:13:19 +0100] "GET /Jurek/ikonka/feeds/ikonka_amazonDE.xml HTTP/1.0" 200 22185230 "-" "-"
