89.161.206.59 - - [13/Feb/2025:09:13:20 +0100] "GET /Jurek/ikonka/feeds/ikonka_amazonIT.xml HTTP/1.0" 200 22185238 "-" "-"
89.161.206.59 - - [13/Feb/2025:09:13:22 +0100] "GET /Jurek/ikonka/feeds/ikonka_amazonFR.xml HTTP/1.0" 200 22185236 "-" "-"
193.33.8.61 - - [13/Feb/2025:09:13:40 +0100] "GET /Jurek/kambukka/feeds/kambukka_zero.xml HTTP/2.0" 200 973064 "https://konsola.dkkapusta1997.usermd.net/" "Mozilla/5.0 (Windows NT 10.0; Win64; x64) AppleWebKit/537.36 (KHTML, like Gecko) Chrome/132.0.0.0 Safari/537.36"
77.79.248.229 - - [13/Feb/2025:09:13:51 +0100] "GET /Jurek/kambukka/feeds/kambukka_zero.xml HTTP/1.1" 200 973064 "-" "Python-urllib/3.11"
46.101.116.244 - - [13/Feb/2025:09:15:47 +0100] "GET /Jurek/aw/feeds/aw_fnacfr.xml HTTP/1.0" 404 3551 "-" "-"
46.101.116.244 - - [13/Feb/2025:09:16:01 +0100] "GET /Jurek/eurofirany/feeds/eurofirany_amazaon_de.xml HTTP/1.0" 200 18910642 "-" "-"
89.161.206.59 - - [13/Feb/2025:09:16:04 +0100] "GET /Jurek/topeshop/feeds/topeshop_amazonFR.xml HTTP/1.0" 200 2403322 "-" "-"
89.161.206.59 - - [13/Feb/2025:09:16:06 +0100] "GET /Jurek/topeshop/feeds/topeshop_amazonIT.xml HTTP/1.0" 200 2403340 "-" "-"
89.161.206.59 - - [13/Feb/2025:09:16:08 +0100] "GET /Jurek/topeshop/feeds/topeshop_amazonDE.xml HTTP/1.0" 200 2403236 "-" "-"
89.161.206.59 - - [13/Feb/2025:09:16:11 +0100] "GET /Jurek/topeshop/feeds/topeshop_amazonSE.xml HTTP/1.0" 200 2404097 "-" "-"
89.161.206.59 - - [13/Feb/2025:09:16:13 +0100] "GET /Jurek/topeshop/feeds/topeshop_amazonES.xml HTTP/1.0" 200 2403323 "-" "-"
46.101.116.244 - - [13/Feb/2025:09:16:15 +0100] "GET /Filip/feeds/xlsx_ceneo.xml HTTP/1.0" 200 6241376 "-" "-"
51.77.52.107 - - [13/Feb/2025:09:16:15 +0100] "POST /Filip/Rovicky/baselinker/baselinker-ceneo-shumee.php HTTP/2.0" 200 106776 "-" "BaseLinker/1.0"
89.161.206.59 - - [13/Feb/2025:09:16:16 +0100] "GET /Jurek/topeshop/feeds/topeshop_amazonNL.xml HTTP/1.0" 200 2403408 "-" "-"
89.161.206.59 - - [13/Feb/2025:09:16:18 +0100] "GET /Jurek/topeshop/feeds/topeshop_amazonBE.xml HTTP/1.0" 200 2403383 "-" "-"
89.161.206.59 - - [13/Feb/2025:09:16:22 +0100] "GET /Jurek/ikonka/feeds/ikonka_amazonES.xml HTTP/1.0" 200 22185278 "-" "-"
89.161.206.59 - - [13/Feb/2025:09:16:23 +0100] "GET /Jurek/hurtownia_przemyslowa/feeds/hp_amazonDE.xml HTTP/1.0" 200 49866463 "-" "-"
89.161.206.59 - - [13/Feb/2025:09:16:26 +0100] "GET /Jurek/ikonka/feeds/ikonka_amazonNL.xml HTTP/1.0" 200 22185216 "-" "-"
89.161.206.59 - - [13/Feb/2025:09:16:27 +0100] "GET /Jurek/hurtownia_przemyslowa/feeds/hp_amazonFR.xml HTTP/1.0" 200 49867238 "-" "-"
89.161.206.59 - - [13/Feb/2025:09:16:32 +0100] "GET /Jurek/hurtownia_przemyslowa/feeds/hp_amazonIT.xml HTTP/1.0" 200 49866874 "-" "-"
89.161.206.59 - - [13/Feb/2025:09:16:35 +0100] "GET /Jurek/hurtownia_przemyslowa/feeds/hp_amazonNL.xml HTTP/1.0" 200 49866586 "-" "-"
89.161.206.59 - - [13/Feb/2025:09:16:38 +0100] "GET /Jurek/hurtownia_przemyslowa/feeds/hp_amazonSE.xml HTTP/1.0" 200 49882388 "-" "-"
89.161.206.59 - - [13/Feb/2025:09:16:47 +0100] "GET /Jurek/eroplace/feeds/eroplace_amazonnl.xml HTTP/1.0" 200 30849357 "-" "-"
66.211.183.70 - - [13/Feb/2025:09:17:18 +0100] "GET /Jurek/topeshop/downloaded_images/5902838466681_3.png HTTP/1.1" 404 3551 "-" "scalaj-http/2.4.2"
193.33.8.61 - - [13/Feb/2025:09:17:58 +0100] "GET /Jurek/hurtmeblowy/feeds/hurtmeblowy_zero.xml HTTP/2.0" 200 8038766 "https://konsola.dkkapusta1997.usermd.net/" "Mozilla/5.0 (Windows NT 10.0; Win64; x64) AppleWebKit/537.36 (KHTML, like Gecko) Chrome/132.0.0.0 Safari/537.36"
77.79.248.229 - - [13/Feb/2025:09:18:01 +0100] "GET /Jurek/hurtmeblowy/feeds/hurtmeblowy_zero.xml HTTP/1.1" 200 8038766 "-" "Python-urllib/3.11"
89.161.206.59 - - [13/Feb/2025:09:18:11 +0100] "GET /Jurek/benetech/feeds/benetech_allegro.xml HTTP/1.0" 200 4452095 "-" "-"
89.161.206.59 - - [13/Feb/2025:09:18:12 +0100] "GET /Jurek/targethome/feeds/targethome_allegro.xml HTTP/1.0" 200 683632 "-" "-"
89.161.206.59 - - [13/Feb/2025:09:18:16 +0100] "GET /Jurek/fertone/feeds/fertone_allegro.xml HTTP/1.0" 200 628589 "-" "-"
66.211.183.71 - - [13/Feb/2025:09:19:11 +0100] "GET /Jurek/topeshop/downloaded_images/5904507207458_20st_mijas_lewy_zielonykopia.png HTTP/1.1" 200 259990 "-" "scalaj-http/2.4.2"
46.101.116.244 - - [13/Feb/2025:09:21:14 +0100] "GET /Jurek/aw/feeds/aw_fnacfr.xml HTTP/1.0" 404 3551 "-" "-"
46.101.116.244 - - [13/Feb/2025:09:21:44 +0100] "GET /Filip/feeds/xlsx_ceneo.xml HTTP/1.0" 200 6241376 "-" "-"
51.77.52.107 - - [13/Feb/2025:09:21:44 +0100] "POST /Filip/Rovicky/baselinker/baselinker-ceneo-shumee.php HTTP/2.0" 200 106776 "-" "BaseLinker/1.0"
185.6.76.166 - - [13/Feb/2025:09:21:58 +0100] "GET /Jurek/eurofirany/images/460001/0.jpg HTTP/1.1" 200 164029 "-" "Skroutz ImageBot v1"
185.6.76.166 - - [13/Feb/2025:09:21:58 +0100] "GET /Jurek/eurofirany/images/460008/0.jpg HTTP/1.1" 200 164029 "-" "Skroutz ImageBot v1"
185.6.76.166 - - [13/Feb/2025:09:21:58 +0100] "GET /Jurek/eurofirany/images/462149/0.jpg HTTP/1.1" 200 186424 "-" "Skroutz ImageBot v1"
185.6.76.166 - - [13/Feb/2025:09:21:58 +0100] "GET /Jurek/eurofirany/images/462148/0.jpg HTTP/1.1" 200 96467 "-" "Skroutz ImageBot v1"
185.6.76.166 - - [13/Feb/2025:09:21:59 +0100] "GET /Jurek/eurofirany/images/462150/0.jpg HTTP/1.1" 200 186424 "-" "Skroutz ImageBot v1"
185.6.76.166 - - [13/Feb/2025:09:22:00 +0100] "GET /Jurek/eurofirany/images/460005/0.jpg HTTP/1.1" 200 164029 "-" "Skroutz ImageBot v1"
85.232.241.194 - - [13/Feb/2025:09:22:02 +0100] "GET /Jurek/aw/feeds/aw_rue.xml HTTP/1.1" 200 90234901 "-" "Python-urllib/3.11"
85.232.241.194 - - [13/Feb/2025:09:22:03 +0100] "GET /Jurek/hurtownia_przemyslowa/feeds/hp_rue.xml HTTP/1.1" 200 49866046 "-" "Python-urllib/3.11"
85.232.241.194 - - [13/Feb/2025:09:22:03 +0100] "GET /Jurek/action/feeds/action_rue.xml HTTP/1.1" 200 55045351 "-" "Python-urllib/3.11"
85.232.241.194 - - [13/Feb/2025:09:22:36 +0100] "GET /Jurek/unimet/feeds/unimet_rue.xml HTTP/1.1" 200 61071976 "-" "Python-urllib/3.11"
85.232.241.194 - - [13/Feb/2025:09:22:36 +0100] "GET /Jurek/ikonka/feeds/ikonka_rue.xml HTTP/1.1" 200 22185239 "-" "Python-urllib/3.11"
85.232.241.194 - - [13/Feb/2025:09:22:37 +0100] "GET /Jurek/kinghome/feeds/kinghome_rue.xml HTTP/1.1" 200 5761801 "-" "Python-urllib/3.11"
85.232.241.194 - - [13/Feb/2025:09:22:37 +0100] "GET /Jurek/fernity/feeds/fernity_rue.xml HTTP/1.1" 200 5089896 "-" "Python-urllib/3.11"
85.232.241.194 - - [13/Feb/2025:09:22:38 +0100] "GET /Jurek/topeshop/feeds/topeshop_rue.xml HTTP/1.1" 200 2403319 "-" "Python-urllib/3.11"
85.232.241.194 - - [13/Feb/2025:09:22:42 +0100] "GET /Jurek/kinghoff/feeds/kinghoff_rue.xml HTTP/1.1" 200 14129669 "-" "Python-urllib/3.11"
85.232.241.194 - - [13/Feb/2025:09:22:42 +0100] "GET /Jurek/emibig/feeds/emibig_rue.xml HTTP/1.1" 200 2522423 "-" "Python-urllib/3.11"
85.232.241.194 - - [13/Feb/2025:09:22:42 +0100] "GET /Jurek/eurofirany/feeds/eurofirany_rue.xml HTTP/1.1" 200 18910787 "-" "Python-urllib/3.11"
85.232.241.194 - - [13/Feb/2025:09:22:42 +0100] "GET /Jurek/amzteam/feeds/amzteam_rue.xml HTTP/1.1" 200 97879 "-" "Python-urllib/3.11"
85.232.241.194 - - [13/Feb/2025:09:22:42 +0100] "GET /Jurek/kambukka/feeds/kambukka_rue.xml HTTP/1.1" 200 973312 "-" "Python-urllib/3.11"
85.232.241.194 - - [13/Feb/2025:09:22:42 +0100] "GET /Jurek/benetech/feeds/benetech_RUE.xml HTTP/1.1" 200 4451798 "-" "Python-urllib/3.11"
85.232.241.194 - - [13/Feb/2025:09:22:43 +0100] "GET /Jurek/swiatecznygoliat/feeds/swiatecznygoliat_RUE.xml HTTP/1.1" 200 7050355 "-" "Python-urllib/3.11"
85.232.241.194 - - [13/Feb/2025:09:22:43 +0100] "GET /Jurek/artdog/feeds/artdog_RUE.xml HTTP/1.1" 200 15928649 "-" "Python-urllib/3.11"
85.232.241.194 - - [13/Feb/2025:09:22:43 +0100] "GET /Jurek/hdwr/feeds/hdwr_RUE.xml HTTP/1.1" 200 777792 "-" "Python-urllib/3.11"
85.232.241.194 - - [13/Feb/2025:09:22:43 +0100] "GET /Jurek/sempler/feeds/sempler_rue.xml HTTP/1.1" 200 6553250 "-" "Python-urllib/3.11"
85.232.241.194 - - [13/Feb/2025:09:22:45 +0100] "GET /Jurek/waks/feeds/waks_RUE.xml HTTP/1.1" 200 6333050 "-" "Python-urllib/3.11"
85.232.241.194 - - [13/Feb/2025:09:22:45 +0100] "GET /Jurek/oromed/feeds/oromed_rue.xml HTTP/1.1" 200 968269 "-" "Python-urllib/3.11"
85.232.241.194 - - [13/Feb/2025:09:22:45 +0100] "GET /Jurek/ekuchcikowo/feeds/ekuchcikowo_rue.xml HTTP/1.1" 200 12784090 "-" "Python-urllib/3.11"
85.232.241.194 - - [13/Feb/2025:09:22:45 +0100] "GET /Jurek/ekolight/feeds/ekolight_rue.xml HTTP/1.1" 200 9051713 "-" "Python-urllib/3.11"
85.232.241.194 - - [13/Feb/2025:09:22:45 +0100] "GET /Jurek/eroplace/feeds/eroplace_RUE.xml HTTP/1.1" 200 30849306 "-" "Python-urllib/3.11"
85.232.241.194 - - [13/Feb/2025:09:22:45 +0100] "GET /Jurek/coppotech/feeds/coppotech_rue.xml HTTP/1.1" 200 38985804 "-" "Python-urllib/3.11"
85.232.241.194 - - [13/Feb/2025:09:22:46 +0100] "GET /Jurek/euroshop/feeds/euroshop_rue.xml HTTP/1.1" 200 17927417 "-" "Python-urllib/3.11"
85.232.241.194 - - [13/Feb/2025:09:22:46 +0100] "GET /Jurek/galopi/feeds/galopi_rue.xml HTTP/1.1" 200 1884682 "-" "Python-urllib/3.11"
85.232.241.194 - - [13/Feb/2025:09:22:46 +0100] "GET /Jurek/szpaklampy/feeds/szpaklampy_rue.xml HTTP/1.1" 200 416440 "-" "Python-urllib/3.11"
85.232.241.194 - - [13/Feb/2025:09:22:49 +0100] "GET /Jurek/intsell/feeds/intsell_rue.xml HTTP/1.1" 200 338787520 "-" "Python-urllib/3.11"
85.232.241.194 - - [13/Feb/2025:09:22:49 +0100] "GET /Jurek/spali/feeds/spali_rue.xml HTTP/1.1" 200 101949 "-" "Python-urllib/3.11"
85.232.241.194 - - [13/Feb/2025:09:22:49 +0100] "GET /Jurek/najtanszysport/feeds/najtanszysport_rue.xml HTTP/1.1" 200 3982871 "-" "Python-urllib/3.11"
85.232.241.194 - - [13/Feb/2025:09:22:49 +0100] "GET /Jurek/maksik/feeds/maksik_rue.xml HTTP/1.1" 200 4084766 "-" "Python-urllib/3.11"
85.232.241.194 - - [13/Feb/2025:09:22:49 +0100] "GET /Jurek/urwiskowo/feeds/urwiskowo_rue.xml HTTP/1.1" 200 9114980 "-" "Python-urllib/3.11"
193.33.8.61 - - [13/Feb/2025:09:23:46 +0100] "GET /Jurek/narzbud/feeds/narzbud_zero.xml HTTP/2.0" 200 1610010 "https://konsola.dkkapusta1997.usermd.net/" "Mozilla/5.0 (Windows NT 10.0; Win64; x64) AppleWebKit/537.36 (KHTML, like Gecko) Chrome/132.0.0.0 Safari/537.36"
77.79.248.229 - - [13/Feb/2025:09:23:51 +0100] "GET /Jurek/narzbud/feeds/narzbud_zero.xml HTTP/1.1" 200 1610010 "-" "Python-urllib/3.11"
193.33.8.61 - - [13/Feb/2025:09:25:37 +0100] "GET /favicon.ico HTTP/2.0" 404 3551 "https://dkkapusta1997.usermd.net/Jurek/eany/" "Mozilla/5.0 (Windows NT 10.0; Win64; x64) AppleWebKit/537.36 (KHTML, like Gecko) Chrome/132.0.0.0 Safari/537.36"
91.241.180.63 - - [13/Feb/2025:09:25:37 +0100] "GET /Jurek/eurofirany/images/398639/2.jpg HTTP/2.0" 200 39258 "https://www.emag.ro/perdea-pregata-d91-adore-140x250-cm-rosu-eurofirany-398639/pd/DPQB8LMBM/" "Mozilla/5.0 (X11; Linux x86_64) AppleWebKit/537.36 (KHTML, like Gecko) Chrome/128.0.0.0 Safari/537.36"
91.241.180.63 - - [13/Feb/2025:09:25:37 +0100] "GET /Jurek/eurofirany/images/398639/1.jpg HTTP/2.0" 200 71589 "https://www.emag.ro/perdea-pregata-d91-adore-140x250-cm-rosu-eurofirany-398639/pd/DPQB8LMBM/" "Mozilla/5.0 (X11; Linux x86_64) AppleWebKit/537.36 (KHTML, like Gecko) Chrome/128.0.0.0 Safari/537.36"
91.241.180.63 - - [13/Feb/2025:09:25:37 +0100] "GET /Jurek/eurofirany/images/398639/3.jpg HTTP/2.0" 200 54206 "https://www.emag.ro/perdea-pregata-d91-adore-140x250-cm-rosu-eurofirany-398639/pd/DPQB8LMBM/" "Mozilla/5.0 (X11; Linux x86_64) AppleWebKit/537.36 (KHTML, like Gecko) Chrome/128.0.0.0 Safari/537.36"
91.241.180.63 - - [13/Feb/2025:09:25:37 +0100] "GET /Jurek/eurofirany/images/398639/4.jpg HTTP/2.0" 200 261975 "https://www.emag.ro/perdea-pregata-d91-adore-140x250-cm-rosu-eurofirany-398639/pd/DPQB8LMBM/" "Mozilla/5.0 (X11; Linux x86_64) AppleWebKit/537.36 (KHTML, like Gecko) Chrome/128.0.0.0 Safari/537.36"
91.241.180.63 - - [13/Feb/2025:09:25:37 +0100] "GET /Jurek/eurofirany/images/398639/5.jpg HTTP/2.0" 200 44630 "https://www.emag.ro/perdea-pregata-d91-adore-140x250-cm-rosu-eurofirany-398639/pd/DPQB8LMBM/" "Mozilla/5.0 (X11; Linux x86_64) AppleWebKit/537.36 (KHTML, like Gecko) Chrome/128.0.0.0 Safari/537.36"
91.241.180.63 - - [13/Feb/2025:09:25:37 +0100] "GET /Jurek/eurofirany/images/398639/6.jpg HTTP/2.0" 200 119282 "https://www.emag.ro/perdea-pregata-d91-adore-140x250-cm-rosu-eurofirany-398639/pd/DPQB8LMBM/" "Mozilla/5.0 (X11; Linux x86_64) AppleWebKit/537.36 (KHTML, like Gecko) Chrome/128.0.0.0 Safari/537.36"
91.241.180.63 - - [13/Feb/2025:09:25:37 +0100] "GET /Jurek/eurofirany/images/398639/7.jpg HTTP/2.0" 200 136752 "https://www.emag.ro/perdea-pregata-d91-adore-140x250-cm-rosu-eurofirany-398639/pd/DPQB8LMBM/" "Mozilla/5.0 (X11; Linux x86_64) AppleWebKit/537.36 (KHTML, like Gecko) Chrome/128.0.0.0 Safari/537.36"
91.241.180.63 - - [13/Feb/2025:09:25:38 +0100] "GET /Jurek/eurofirany/images/398639/8.jpg HTTP/2.0" 200 78193 "https://www.emag.ro/perdea-pregata-d91-adore-140x250-cm-rosu-eurofirany-398639/pd/DPQB8LMBM/" "Mozilla/5.0 (X11; Linux x86_64) AppleWebKit/537.36 (KHTML, like Gecko) Chrome/128.0.0.0 Safari/537.36"
91.241.180.63 - - [13/Feb/2025:09:25:38 +0100] "GET /Jurek/eurofirany/images/398639/9.jpg HTTP/2.0" 200 54769 "https://www.emag.ro/perdea-pregata-d91-adore-140x250-cm-rosu-eurofirany-398639/pd/DPQB8LMBM/" "Mozilla/5.0 (X11; Linux x86_64) AppleWebKit/537.36 (KHTML, like Gecko) Chrome/128.0.0.0 Safari/537.36"
38.153.50.38 - - [13/Feb/2025:09:25:38 +0100] "GET /Jurek/eurofirany/images/390784/1.jpg HTTP/2.0" 200 109255 "https://www.emag.ro/ready-lucy-perdea-pe-banda-200x270-cm-alba-eurofirany-390784/pd/D6KH8LMBM/" "Mozilla/5.0 (X11; Linux x86_64) AppleWebKit/537.36 (KHTML, like Gecko) Chrome/132.0.0.0 Safari/537.36"
38.153.50.38 - - [13/Feb/2025:09:25:38 +0100] "GET /Jurek/eurofirany/images/390784/2.jpg HTTP/2.0" 200 60393 "https://www.emag.ro/ready-lucy-perdea-pe-banda-200x270-cm-alba-eurofirany-390784/pd/D6KH8LMBM/" "Mozilla/5.0 (X11; Linux x86_64) AppleWebKit/537.36 (KHTML, like Gecko) Chrome/132.0.0.0 Safari/537.36"
38.153.50.38 - - [13/Feb/2025:09:25:38 +0100] "GET /Jurek/eurofirany/images/390784/3.jpg HTTP/2.0" 200 38424 "https://www.emag.ro/ready-lucy-perdea-pe-banda-200x270-cm-alba-eurofirany-390784/pd/D6KH8LMBM/" "Mozilla/5.0 (X11; Linux x86_64) AppleWebKit/537.36 (KHTML, like Gecko) Chrome/132.0.0.0 Safari/537.36"
38.153.50.38 - - [13/Feb/2025:09:25:38 +0100] "GET /Jurek/eurofirany/images/390784/4.jpg HTTP/2.0" 200 47198 "https://www.emag.ro/ready-lucy-perdea-pe-banda-200x270-cm-alba-eurofirany-390784/pd/D6KH8LMBM/" "Mozilla/5.0 (X11; Linux x86_64) AppleWebKit/537.36 (KHTML, like Gecko) Chrome/132.0.0.0 Safari/537.36"
38.153.50.38 - - [13/Feb/2025:09:25:38 +0100] "GET /Jurek/eurofirany/images/390784/5.jpg HTTP/2.0" 200 85651 "https://www.emag.ro/ready-lucy-perdea-pe-banda-200x270-cm-alba-eurofirany-390784/pd/D6KH8LMBM/" "Mozilla/5.0 (X11; Linux x86_64) AppleWebKit/537.36 (KHTML, like Gecko) Chrome/132.0.0.0 Safari/537.36"
38.153.50.38 - - [13/Feb/2025:09:25:38 +0100] "GET /Jurek/eurofirany/images/390784/6.jpg HTTP/2.0" 200 42620 "https://www.emag.ro/ready-lucy-perdea-pe-banda-200x270-cm-alba-eurofirany-390784/pd/D6KH8LMBM/" "Mozilla/5.0 (X11; Linux x86_64) AppleWebKit/537.36 (KHTML, like Gecko) Chrome/132.0.0.0 Safari/537.36"
193.33.8.61 - - [13/Feb/2025:09:25:41 +0100] "GET /Jurek/eany/data.csv HTTP/2.0" 200 26279800 "https://dkkapusta1997.usermd.net/Jurek/eany/" "Mozilla/5.0 (Windows NT 10.0; Win64; x64) AppleWebKit/537.36 (KHTML, like Gecko) Chrome/132.0.0.0 Safari/537.36"
154.6.156.191 - - [13/Feb/2025:09:25:44 +0100] "GET /Jurek/eurofirany/images/390750/1.jpg HTTP/2.0" 200 109255 "https://www.emag.ro/ready-lucy-perdea-pe-banda-400x250-cm-alba-eurofirany-390750/pd/DRKH8LMBM/?ref=fam" "Mozilla/5.0 (Windows NT 10.0; Win64; x64) AppleWebKit/537.36 (KHTML, like Gecko) Chrome/132.0.0.0 Safari/537.36"
154.6.156.191 - - [13/Feb/2025:09:25:44 +0100] "GET /Jurek/eurofirany/images/390750/2.jpg HTTP/2.0" 200 60393 "https://www.emag.ro/ready-lucy-perdea-pe-banda-400x250-cm-alba-eurofirany-390750/pd/DRKH8LMBM/?ref=fam" "Mozilla/5.0 (Windows NT 10.0; Win64; x64) AppleWebKit/537.36 (KHTML, like Gecko) Chrome/132.0.0.0 Safari/537.36"
154.6.156.191 - - [13/Feb/2025:09:25:44 +0100] "GET /Jurek/eurofirany/images/390750/3.jpg HTTP/2.0" 200 38424 "https://www.emag.ro/ready-lucy-perdea-pe-banda-400x250-cm-alba-eurofirany-390750/pd/DRKH8LMBM/?ref=fam" "Mozilla/5.0 (Windows NT 10.0; Win64; x64) AppleWebKit/537.36 (KHTML, like Gecko) Chrome/132.0.0.0 Safari/537.36"
154.6.156.191 - - [13/Feb/2025:09:25:44 +0100] "GET /Jurek/eurofirany/images/390750/4.jpg HTTP/2.0" 200 47198 "https://www.emag.ro/ready-lucy-perdea-pe-banda-400x250-cm-alba-eurofirany-390750/pd/DRKH8LMBM/?ref=fam" "Mozilla/5.0 (Windows NT 10.0; Win64; x64) AppleWebKit/537.36 (KHTML, like Gecko) Chrome/132.0.0.0 Safari/537.36"
154.6.156.191 - - [13/Feb/2025:09:25:44 +0100] "GET /Jurek/eurofirany/images/390750/5.jpg HTTP/2.0" 200 85651 "https://www.emag.ro/ready-lucy-perdea-pe-banda-400x250-cm-alba-eurofirany-390750/pd/DRKH8LMBM/?ref=fam" "Mozilla/5.0 (Windows NT 10.0; Win64; x64) AppleWebKit/537.36 (KHTML, like Gecko) Chrome/132.0.0.0 Safari/537.36"
154.6.156.191 - - [13/Feb/2025:09:25:44 +0100] "GET /Jurek/eurofirany/images/390750/6.jpg HTTP/2.0" 200 42620 "https://www.emag.ro/ready-lucy-perdea-pe-banda-400x250-cm-alba-eurofirany-390750/pd/DRKH8LMBM/?ref=fam" "Mozilla/5.0 (Windows NT 10.0; Win64; x64) AppleWebKit/537.36 (KHTML, like Gecko) Chrome/132.0.0.0 Safari/537.36"
38.152.192.206 - - [13/Feb/2025:09:26:22 +0100] "GET /Jurek/eurofirany/images/390784/1.jpg HTTP/2.0" 200 109255 "https://www.emag.ro/ready-lucy-perdea-pe-banda-200x270-cm-alba-eurofirany-390784/pd/D6KH8LMBM/?ref=fam" "Mozilla/5.0 (Windows NT 10.0; Win64; x64) AppleWebKit/537.36 (KHTML, like Gecko) Chrome/132.0.0.0 Safari/537.36"
38.152.192.206 - - [13/Feb/2025:09:26:22 +0100] "GET /Jurek/eurofirany/images/390784/2.jpg HTTP/2.0" 200 60393 "https://www.emag.ro/ready-lucy-perdea-pe-banda-200x270-cm-alba-eurofirany-390784/pd/D6KH8LMBM/?ref=fam" "Mozilla/5.0 (Windows NT 10.0; Win64; x64) AppleWebKit/537.36 (KHTML, like Gecko) Chrome/132.0.0.0 Safari/537.36"
38.152.192.206 - - [13/Feb/2025:09:26:22 +0100] "GET /Jurek/eurofirany/images/390784/3.jpg HTTP/2.0" 200 38424 "https://www.emag.ro/ready-lucy-perdea-pe-banda-200x270-cm-alba-eurofirany-390784/pd/D6KH8LMBM/?ref=fam" "Mozilla/5.0 (Windows NT 10.0; Win64; x64) AppleWebKit/537.36 (KHTML, like Gecko) Chrome/132.0.0.0 Safari/537.36"
38.152.192.206 - - [13/Feb/2025:09:26:22 +0100] "GET /Jurek/eurofirany/images/390784/4.jpg HTTP/2.0" 200 47198 "https://www.emag.ro/ready-lucy-perdea-pe-banda-200x270-cm-alba-eurofirany-390784/pd/D6KH8LMBM/?ref=fam" "Mozilla/5.0 (Windows NT 10.0; Win64; x64) AppleWebKit/537.36 (KHTML, like Gecko) Chrome/132.0.0.0 Safari/537.36"
38.152.192.206 - - [13/Feb/2025:09:26:22 +0100] "GET /Jurek/eurofirany/images/390784/5.jpg HTTP/2.0" 200 85651 "https://www.emag.ro/ready-lucy-perdea-pe-banda-200x270-cm-alba-eurofirany-390784/pd/D6KH8LMBM/?ref=fam" "Mozilla/5.0 (Windows NT 10.0; Win64; x64) AppleWebKit/537.36 (KHTML, like Gecko) Chrome/132.0.0.0 Safari/537.36"
38.152.192.206 - - [13/Feb/2025:09:26:22 +0100] "GET /Jurek/eurofirany/images/390784/6.jpg HTTP/2.0" 200 42620 "https://www.emag.ro/ready-lucy-perdea-pe-banda-200x270-cm-alba-eurofirany-390784/pd/D6KH8LMBM/?ref=fam" "Mozilla/5.0 (Windows NT 10.0; Win64; x64) AppleWebKit/537.36 (KHTML, like Gecko) Chrome/132.0.0.0 Safari/537.36"
46.101.116.244 - - [13/Feb/2025:09:26:42 +0100] "GET /Jurek/chemex/feeds/chemex_empik.xml HTTP/1.0" 200 47822490 "-" "-"
89.161.206.59 - - [13/Feb/2025:09:27:43 +0100] "GET /Jurek/kinghoff/feeds/kinghoff_amazon_de.xml HTTP/1.0" 200 14129714 "-" "-"
46.101.116.244 - - [13/Feb/2025:09:27:44 +0100] "GET /Jurek/aw/feeds/aw_fnacfr.xml HTTP/1.0" 404 3551 "-" "-"
89.161.206.59 - - [13/Feb/2025:09:27:44 +0100] "GET /Jurek/bass/feeds/bass_amazonde.xml HTTP/1.0" 200 3983893 "-" "-"
89.161.206.59 - - [13/Feb/2025:09:27:44 +0100] "GET /Jurek/bass/feeds/bass_amazonit.xml HTTP/1.0" 200 3983978 "-" "-"
89.161.206.59 - - [13/Feb/2025:09:27:45 +0100] "GET /Jurek/bass/feeds/bass_amazonnl.xml HTTP/1.0" 200 3983959 "-" "-"
89.161.206.59 - - [13/Feb/2025:09:27:46 +0100] "GET /Jurek/bass/feeds/bass_amazones.xml HTTP/1.0" 200 3984020 "-" "-"
89.161.206.59 - - [13/Feb/2025:09:27:46 +0100] "GET /Jurek/bass/feeds/bass_amazonse.xml HTTP/1.0" 200 3985782 "-" "-"
85.232.241.194 - - [13/Feb/2025:09:28:03 +0100] "GET /Jurek/beliani/feeds/beliani_pl_zero.xml HTTP/1.1" 200 31892936 "-" "python-requests/2.32.3"
85.232.241.194 - - [13/Feb/2025:09:28:03 +0100] "GET /Jurek/beliani/feeds/beliani_cz_zero.xml HTTP/1.1" 200 22572859 "-" "python-requests/2.32.3"
85.232.241.194 - - [13/Feb/2025:09:28:03 +0100] "GET /Jurek/beliani/feeds/beliani_sk_zero.xml HTTP/1.1" 200 22661909 "-" "python-requests/2.32.3"
85.232.241.194 - - [13/Feb/2025:09:28:03 +0100] "GET /Jurek/beliani/feeds/beliani_hu.xml HTTP/1.1" 200 41411326 "-" "python-requests/2.32.3"
85.232.241.194 - - [13/Feb/2025:09:28:03 +0100] "GET /Jurek/fernity/feeds/fernity_zero.xml HTTP/1.1" 200 5090309 "-" "python-requests/2.32.3"
85.232.241.194 - - [13/Feb/2025:09:28:05 +0100] "GET /Jurek/kinghome/feeds/kinghome_mallcz.xml HTTP/1.1" 200 5747053 "-" "python-requests/2.32.3"
46.101.116.244 - - [13/Feb/2025:09:28:07 +0100] "GET /Jurek/action/feeds/action_velo.xml HTTP/1.0" 200 55055951 "-" "-"
85.232.241.194 - - [13/Feb/2025:09:28:09 +0100] "GET /Jurek/octopia/feeds/octopia_zero.xml HTTP/1.1" 200 10740462 "-" "python-requests/2.32.3"
85.232.241.194 - - [13/Feb/2025:09:28:10 +0100] "GET /Jurek/aw/feeds/awnarzedzia_zero.xml HTTP/1.1" 200 90208165 "-" "python-requests/2.32.3"
85.232.241.194 - - [13/Feb/2025:09:28:10 +0100] "GET /Jurek/chemex/feeds/chemex_zero.xml HTTP/1.1" 200 47819491 "-" "python-requests/2.32.3"
85.232.241.194 - - [13/Feb/2025:09:28:10 +0100] "GET /Jurek/stema/feeds/stema_zero.xml HTTP/1.1" 200 861979 "-" "python-requests/2.32.3"
199.45.155.80 - - [13/Feb/2025:09:28:12 +0100] "GET / HTTP/1.1" 403 3541 "-" "Mozilla/5.0 (compatible; CensysInspect/1.1; +https://about.censys.io/)"
85.232.241.194 - - [13/Feb/2025:09:28:18 +0100] "GET /Jurek/kokiskaCZ/download/kokiskaCZ.xml HTTP/1.1" 200 29663223 "-" "python-requests/2.32.3"
85.232.241.194 - - [13/Feb/2025:09:28:18 +0100] "GET /Jurek/kinghoff/feeds/kinghoff_zero.xml HTTP/1.1" 200 14130176 "-" "python-requests/2.32.3"
85.232.241.194 - - [13/Feb/2025:09:28:20 +0100] "GET /Jurek/bass/feeds/bass_zero.xml HTTP/1.1" 200 3982817 "-" "python-requests/2.32.3"
85.232.241.194 - - [13/Feb/2025:09:28:20 +0100] "GET /Jurek/mosti/feeds/mosti_zero.xml HTTP/1.1" 200 9249879 "-" "python-requests/2.32.3"
46.101.116.244 - - [13/Feb/2025:09:28:21 +0100] "GET /Filip/feeds/xlsx_ceneo.xml HTTP/1.0" 200 6241376 "-" "-"
51.77.52.107 - - [13/Feb/2025:09:28:22 +0100] "POST /Filip/Rovicky/baselinker/baselinker-ceneo-shumee.php HTTP/2.0" 200 106776 "-" "BaseLinker/1.0"
66.211.183.73 - - [13/Feb/2025:09:28:43 +0100] "GET /Jurek/topeshop/downloaded_images/5902838468487_1artisan.png HTTP/1.1" 404 3551 "-" "scalaj-http/2.4.2"
193.33.8.61 - - [13/Feb/2025:09:30:14 +0100] "GET /Jurek/bass_new/feeds/bass_bol.xml HTTP/2.0" 200 7040940 "https://konsola.dkkapusta1997.usermd.net/" "Mozilla/5.0 (Windows NT 10.0; Win64; x64) AppleWebKit/537.36 (KHTML, like Gecko) Chrome/132.0.0.0 Safari/537.36"
193.33.8.61 - - [13/Feb/2025:09:30:30 +0100] "GET /Jurek/bass_new/feeds/bass_zero.xml HTTP/2.0" 200 7039321 "https://konsola.dkkapusta1997.usermd.net/" "Mozilla/5.0 (Windows NT 10.0; Win64; x64) AppleWebKit/537.36 (KHTML, like Gecko) Chrome/132.0.0.0 Safari/537.36"
77.79.248.229 - - [13/Feb/2025:09:30:34 +0100] "GET /Jurek/bass_new/feeds/bass_zero.xml HTTP/1.1" 200 7039321 "-" "Python-urllib/3.11"
193.33.8.61 - - [13/Feb/2025:09:30:57 +0100] "GET /Jurek/livinhill/feeds/livinhill_zero.xml HTTP/2.0" 200 1430702 "https://konsola.dkkapusta1997.usermd.net/" "Mozilla/5.0 (Windows NT 10.0; Win64; x64) AppleWebKit/537.36 (KHTML, like Gecko) Chrome/132.0.0.0 Safari/537.36"
77.79.248.229 - - [13/Feb/2025:09:31:02 +0100] "GET /Jurek/livinhill/feeds/livinhill_zero.xml HTTP/1.1" 200 1430702 "-" "Python-urllib/3.11"
89.161.206.59 - - [13/Feb/2025:09:32:17 +0100] "GET /Jurek/kambukka/feeds/kambukka_amazones.xml HTTP/1.0" 200 973179 "-" "-"
89.161.206.59 - - [13/Feb/2025:09:32:17 +0100] "GET /Jurek/waks/feeds/waks_amazonde.xml HTTP/1.0" 200 6333034 "-" "-"
89.161.206.59 - - [13/Feb/2025:09:32:18 +0100] "GET /Jurek/waks/feeds/waks_amazonfr.xml HTTP/1.0" 200 6332957 "-" "-"
89.161.206.59 - - [13/Feb/2025:09:32:18 +0100] "GET /Jurek/waks/feeds/waks_amazonse.xml HTTP/1.0" 200 6335459 "-" "-"
89.161.206.59 - - [13/Feb/2025:09:32:19 +0100] "GET /Jurek/hdwr/feeds/hdwr_amazonde.xml HTTP/1.0" 200 777769 "-" "-"
89.161.206.59 - - [13/Feb/2025:09:32:19 +0100] "GET /Jurek/hdwr/feeds/hdwr_amazonfr.xml HTTP/1.0" 200 777778 "-" "-"
89.161.206.59 - - [13/Feb/2025:09:32:19 +0100] "GET /Jurek/kambukka/feeds/kambukka_amazonde.xml HTTP/1.0" 200 973316 "-" "-"
89.161.206.59 - - [13/Feb/2025:09:32:20 +0100] "GET /Jurek/benetech/feeds/benetech_amazonde.xml HTTP/1.0" 200 4451799 "-" "-"
89.161.206.59 - - [13/Feb/2025:09:32:20 +0100] "GET /Jurek/sempler/feeds/sempler_amazonbe.xml HTTP/1.0" 200 6553234 "-" "-"
89.161.206.59 - - [13/Feb/2025:09:32:20 +0100] "GET /Jurek/kambukka/feeds/kambukka_amazonbe.xml HTTP/1.0" 200 973318 "-" "-"
89.161.206.59 - - [13/Feb/2025:09:32:22 +0100] "GET /Jurek/eroplace/feeds/eroplace_amazonse.xml HTTP/1.0" 200 30863431 "-" "-"
89.161.206.59 - - [13/Feb/2025:09:32:25 +0100] "GET /Jurek/b3/feeds/b3_amazones.xml HTTP/1.0" 200 7316911 "-" "-"
89.161.206.59 - - [13/Feb/2025:09:32:26 +0100] "GET /Jurek/b3/feeds/b3_amazonbe.xml HTTP/1.0" 200 7316789 "-" "-"
46.101.116.244 - - [13/Feb/2025:09:32:29 +0100] "GET /Jurek/aw/feeds/aw_fnacfr.xml HTTP/1.0" 404 3551 "-" "-"
46.101.116.244 - - [13/Feb/2025:09:32:48 +0100] "GET /Jurek/eurofirany/feeds/eurofirany_allegro.xml HTTP/1.0" 200 18914778 "-" "-"
66.211.183.71 - - [13/Feb/2025:09:32:48 +0100] "GET /Jurek/topeshop/downloaded_images/5902838468456_Oaplwieszak.png HTTP/1.1" 404 3551 "-" "scalaj-http/2.4.2"
46.101.116.244 - - [13/Feb/2025:09:32:50 +0100] "GET /Jurek/victoria/feeds/victoria_pl_velo.xml HTTP/1.0" 200 14705875 "-" "-"
89.161.206.59 - - [13/Feb/2025:09:32:53 +0100] "GET /Jurek/oromed/feeds/oromed_amazones.xml HTTP/1.0" 200 968297 "-" "-"
89.161.206.59 - - [13/Feb/2025:09:32:53 +0100] "GET /Jurek/oromed/feeds/oromed_amazonse.xml HTTP/1.0" 200 968475 "-" "-"
89.161.206.59 - - [13/Feb/2025:09:32:53 +0100] "GET /Jurek/oromed/feeds/oromed_amazonbe.xml HTTP/1.0" 200 968272 "-" "-"
89.161.206.59 - - [13/Feb/2025:09:32:53 +0100] "GET /Jurek/oromed/feeds/oromed_amazonfr.xml HTTP/1.0" 200 968271 "-" "-"
89.161.206.59 - - [13/Feb/2025:09:32:53 +0100] "GET /Jurek/oromed/feeds/oromed_amazonit.xml HTTP/1.0" 200 968280 "-" "-"
46.101.116.244 - - [13/Feb/2025:09:33:00 +0100] "GET /Jurek/hurtownia_przemyslowa/feeds/hp_bol.xml HTTP/1.0" 200 49866007 "-" "-"
46.101.116.244 - - [13/Feb/2025:09:33:06 +0100] "GET /Jurek/kinghoff/feeds/kinghoff_bol.xml HTTP/1.0" 200 14129580 "-" "-"
89.161.206.59 - - [13/Feb/2025:09:33:13 +0100] "GET /Jurek/sempler/feeds/sempler_BOL.xml HTTP/1.0" 200 6553246 "-" "-"
89.161.206.59 - - [13/Feb/2025:09:33:14 +0100] "GET /Jurek/eroplace/feeds/eroplace_bol.xml HTTP/1.0" 200 30849260 "-" "-"
89.161.206.59 - - [13/Feb/2025:09:33:16 +0100] "GET /Jurek/waks/feeds/waks_bol.xml HTTP/1.0" 200 6332930 "-" "-"
89.161.206.59 - - [13/Feb/2025:09:33:16 +0100] "GET /Jurek/benetech/feeds/benetech_bol.xml HTTP/1.0" 200 4451810 "-" "-"
89.161.206.59 - - [13/Feb/2025:09:33:17 +0100] "GET /Jurek/oromed/feeds/oromed_BOL.xml HTTP/1.0" 200 968272 "-" "-"
89.161.206.59 - - [13/Feb/2025:09:33:17 +0100] "GET /Jurek/narzbud/feeds/narzbud_bol.xml HTTP/1.0" 200 1610505 "-" "-"
89.161.206.59 - - [13/Feb/2025:09:33:18 +0100] "GET /Jurek/artdog/feeds/artdog_bol.xml HTTP/1.0" 200 15929436 "-" "-"
89.161.206.59 - - [13/Feb/2025:09:33:19 +0100] "GET /Jurek/ekuchcikowo/feeds/ekuchcikowo_bol.xml HTTP/1.0" 200 12784230 "-" "-"
89.161.206.59 - - [13/Feb/2025:09:33:20 +0100] "GET /Jurek/ekolight/feeds/ekolight_bol.xml HTTP/1.0" 200 9051538 "-" "-"
89.161.206.59 - - [13/Feb/2025:09:33:20 +0100] "GET /Jurek/galopi/feeds/galopi_bol.xml HTTP/1.0" 200 1884699 "-" "-"
89.161.206.59 - - [13/Feb/2025:09:33:21 +0100] "GET /Jurek/erohurtownia/feeds/erohurtownia_bol.xml HTTP/1.0" 200 23303994 "-" "-"
89.161.206.59 - - [13/Feb/2025:09:33:23 +0100] "GET /Jurek/urwiskowo/feeds/urwiskowo_bol.xml HTTP/1.0" 200 9114999 "-" "-"
89.161.206.59 - - [13/Feb/2025:09:33:23 +0100] "GET /Jurek/livinhill/feeds/livinhill_bol.xml HTTP/1.0" 200 1430962 "-" "-"
89.161.206.59 - - [13/Feb/2025:09:33:24 +0100] "GET /Jurek/combine/feeds/combine_bol.xml HTTP/1.0" 200 210557 "-" "-"
89.161.206.59 - - [13/Feb/2025:09:33:24 +0100] "GET /Jurek/eurofryz2/feeds/eurofryz2_bol.xml HTTP/1.0" 200 1376590 "-" "-"
89.161.206.59 - - [13/Feb/2025:09:33:24 +0100] "GET /Jurek/spali/feeds/spali_bol.xml HTTP/1.0" 200 101942 "-" "-"
89.161.206.59 - - [13/Feb/2025:09:33:24 +0100] "GET /Jurek/eurofryz/feeds/eurofryz_bol.xml HTTP/1.0" 200 2388365 "-" "-"
89.161.206.59 - - [13/Feb/2025:09:33:25 +0100] "GET /Jurek/eurofryz3/feeds/eurofryz3_bol.xml HTTP/1.0" 200 172218 "-" "-"
89.161.206.59 - - [13/Feb/2025:09:33:26 +0100] "GET /Jurek/bass_new/feeds/bass_bol.xml HTTP/1.0" 200 7040940 "-" "-"
89.161.206.59 - - [13/Feb/2025:09:33:34 +0100] "GET /Jurek/hurtmeblowy/feeds/hurtmeblowy_bol.xml HTTP/1.0" 200 8038268 "-" "-"
89.161.206.59 - - [13/Feb/2025:09:33:36 +0100] "GET /Jurek/kobi/feeds/kobi_bol.xml HTTP/1.0" 200 1993271 "-" "-"
89.161.206.59 - - [13/Feb/2025:09:33:37 +0100] "GET /Jurek/motofan/feeds/motofan_bol.xml HTTP/1.0" 200 2392414 "-" "-"
89.161.206.59 - - [13/Feb/2025:09:33:37 +0100] "GET /Jurek/emaja24/feeds/emaja24_bol.xml HTTP/1.0" 200 5110133 "-" "-"
89.161.206.59 - - [13/Feb/2025:09:33:38 +0100] "GET /Jurek/rider/feeds/rider_bol.xml HTTP/1.0" 200 8165208 "-" "-"
89.161.206.59 - - [13/Feb/2025:09:33:39 +0100] "GET /Jurek/eldar/feeds/eldar_bol.xml HTTP/1.0" 200 7329750 "-" "-"
89.161.206.59 - - [13/Feb/2025:09:33:41 +0100] "GET /Jurek/zepnij/feeds/zepnij_bol.xml HTTP/1.0" 200 19522912 "-" "-"
89.161.206.59 - - [13/Feb/2025:09:33:42 +0100] "GET /Jurek/primohurt/feeds/primohurt_bol.xml HTTP/1.0" 200 17186353 "-" "-"
89.161.206.59 - - [13/Feb/2025:09:33:43 +0100] "GET /Jurek/najtanszysport/feeds/najtanszysport_bol.xml HTTP/1.0" 200 3982913 "-" "-"
89.161.206.59 - - [13/Feb/2025:09:33:46 +0100] "GET /Jurek/aiofactory/feeds/aiofactory_bol.xml HTTP/1.0" 200 2078110 "-" "-"
46.101.116.244 - - [13/Feb/2025:09:33:47 +0100] "GET /Jurek/rovicky/feeds/rovicky_zalando.xml HTTP/1.0" 200 14316667 "-" "-"
46.101.116.244 - - [13/Feb/2025:09:33:49 +0100] "GET /Jurek/rovicky/feeds/rovicky_zalPL.xml HTTP/1.0" 200 14192480 "-" "-"
46.101.116.244 - - [13/Feb/2025:09:33:52 +0100] "GET /Filip/feeds/xlsx_ceneo.xml HTTP/1.0" 200 6241376 "-" "-"
85.232.241.194 - - [13/Feb/2025:09:33:53 +0100] "GET /Filip/Rovicky/xlsx_ceneo.xml HTTP/1.1" 200 3255746 "-" "-"
51.77.52.107 - - [13/Feb/2025:09:33:53 +0100] "POST /Filip/Rovicky/baselinker/baselinker-ceneo-shumee.php HTTP/2.0" 200 106776 "-" "BaseLinker/1.0"
66.211.183.74 - - [13/Feb/2025:09:34:39 +0100] "GET /Jurek/topeshop/downloaded_images/5904507209476_Marina2s_kaszmir_slim_bry%C5%82ka(2).jpg HTTP/1.1" 404 3551 "-" "scalaj-http/2.4.2"
77.79.248.229 - - [13/Feb/2025:09:36:14 +0100] "GET /Jurek/eurofirany/feeds/eurofirany_cdon_se.xml HTTP/1.1" 200 18928179 "-" "python-requests/2.32.3"
77.79.248.229 - - [13/Feb/2025:09:36:15 +0100] "GET /Jurek/eurofirany/feeds/eurofirany_cdon_dk.xml HTTP/1.1" 200 18928251 "-" "python-requests/2.32.3"
77.79.248.229 - - [13/Feb/2025:09:36:15 +0100] "GET /Jurek/eurofirany/feeds/eurofirany_cdon_fi.xml HTTP/1.1" 200 18910790 "-" "python-requests/2.32.3"
77.79.248.229 - - [13/Feb/2025:09:36:16 +0100] "GET /Jurek/stema/feeds/stema_cdon_se.xml HTTP/1.1" 200 862297 "-" "python-requests/2.32.3"
77.79.248.229 - - [13/Feb/2025:09:36:16 +0100] "GET /Jurek/stema/feeds/stema_cdon_dk.xml HTTP/1.1" 200 862175 "-" "python-requests/2.32.3"
77.79.248.229 - - [13/Feb/2025:09:36:16 +0100] "GET /Jurek/stema/feeds/stema_cdon_fi.xml HTTP/1.1" 200 861892 "-" "python-requests/2.32.3"
77.79.248.229 - - [13/Feb/2025:09:36:17 +0100] "GET /Jurek/aw/feeds/awnarzedzia_cdon_se.xml HTTP/1.1" 200 90320471 "-" "python-requests/2.32.3"
77.79.248.229 - - [13/Feb/2025:09:36:18 +0100] "GET /Jurek/aw/feeds/awnarzedzia_cdon_dk.xml HTTP/1.1" 200 90314584 "-" "python-requests/2.32.3"
77.79.248.229 - - [13/Feb/2025:09:36:19 +0100] "GET /Jurek/aw/feeds/awnarzedzia_cdon_fi.xml HTTP/1.1" 200 90231315 "-" "python-requests/2.32.3"
77.79.248.229 - - [13/Feb/2025:09:36:20 +0100] "GET /Jurek/hurtownia_przemyslowa/feeds/hp_cdon_se.xml HTTP/1.1" 200 49881795 "-" "python-requests/2.32.3"
77.79.248.229 - - [13/Feb/2025:09:36:20 +0100] "GET /Jurek/hurtownia_przemyslowa/feeds/hp_cdon_dk.xml HTTP/1.1" 200 49880400 "-" "python-requests/2.32.3"
77.79.248.229 - - [13/Feb/2025:09:36:21 +0100] "GET /Jurek/hurtownia_przemyslowa/feeds/hp_cdon_fi.xml HTTP/1.1" 200 49866759 "-" "python-requests/2.32.3"
77.79.248.229 - - [13/Feb/2025:09:36:23 +0100] "GET /Jurek/ikonka/feeds/ikonka_cdon_se.xml HTTP/1.1" 200 22187481 "-" "python-requests/2.32.3"
77.79.248.229 - - [13/Feb/2025:09:36:24 +0100] "GET /Jurek/ikonka/feeds/ikonka_cdon_dk.xml HTTP/1.1" 200 22187406 "-" "python-requests/2.32.3"
77.79.248.229 - - [13/Feb/2025:09:36:24 +0100] "GET /Jurek/ikonka/feeds/ikonka_cdon_fi.xml HTTP/1.1" 200 22185260 "-" "python-requests/2.32.3"
77.79.248.229 - - [13/Feb/2025:09:36:24 +0100] "GET /Jurek/fernity/feeds/fernity_cdon_fi.xml HTTP/1.1" 200 5089581 "-" "python-requests/2.32.3"
77.79.248.229 - - [13/Feb/2025:09:36:24 +0100] "GET /Jurek/fernity/feeds/fernity_cdon_se.xml HTTP/1.1" 200 5092967 "-" "python-requests/2.32.3"
77.79.248.229 - - [13/Feb/2025:09:36:25 +0100] "GET /Jurek/fernity/feeds/fernity_cdon_dk.xml HTTP/1.1" 200 5092592 "-" "python-requests/2.32.3"
77.79.248.229 - - [13/Feb/2025:09:36:25 +0100] "GET /Jurek/activeshop/feeds/activeshop_cdon_se.xml HTTP/1.1" 200 10499868 "-" "python-requests/2.32.3"
77.79.248.229 - - [13/Feb/2025:09:36:25 +0100] "GET /Jurek/activeshop/feeds/activeshop_cdon_dk.xml HTTP/1.1" 200 10499562 "-" "python-requests/2.32.3"
77.79.248.229 - - [13/Feb/2025:09:36:26 +0100] "GET /Jurek/activeshop/feeds/activeshop_cdon_fi.xml HTTP/1.1" 200 10495691 "-" "python-requests/2.32.3"
77.79.248.229 - - [13/Feb/2025:09:36:33 +0100] "GET /Jurek/barbecook/feeds/barbecook_cdon_se.xml HTTP/1.1" 200 87591 "-" "python-requests/2.32.3"
77.79.248.229 - - [13/Feb/2025:09:36:33 +0100] "GET /Jurek/barbecook/feeds/barbecook_cdon_dk.xml HTTP/1.1" 200 87589 "-" "python-requests/2.32.3"
77.79.248.229 - - [13/Feb/2025:09:36:33 +0100] "GET /Jurek/barbecook/feeds/barbecook_cdon_fi.xml HTTP/1.1" 200 87532 "-" "python-requests/2.32.3"
52.18.22.0 - - [13/Feb/2025:09:36:35 +0100] "GET /marketplaces/worten2/results/worten.csv HTTP/1.1" 200 147218 "-" "Mirakl HttpClient"
77.79.248.229 - - [13/Feb/2025:09:36:35 +0100] "GET /Jurek/action/feeds/action_cdon_se.xml HTTP/1.1" 200 55077697 "-" "python-requests/2.32.3"
77.79.248.229 - - [13/Feb/2025:09:36:36 +0100] "GET /Jurek/action/feeds/action_cdon_dk.xml HTTP/1.1" 200 55072490 "-" "python-requests/2.32.3"
193.33.8.61 - - [13/Feb/2025:09:36:36 +0100] "GET /Jurek/ekuchcikowo/feeds/ekuchcikowo_zero.xml HTTP/2.0" 200 12784758 "https://konsola.dkkapusta1997.usermd.net/" "Mozilla/5.0 (Windows NT 10.0; Win64; x64) AppleWebKit/537.36 (KHTML, like Gecko) Chrome/132.0.0.0 Safari/537.36"
77.79.248.229 - - [13/Feb/2025:09:36:36 +0100] "GET /Jurek/action/feeds/action_cdon_fi.xml HTTP/1.1" 200 55047613 "-" "python-requests/2.32.3"
77.79.248.229 - - [13/Feb/2025:09:36:37 +0100] "GET /Jurek/kinghoff/feeds/kinghoff_cdon_se.xml HTTP/1.1" 200 14132306 "-" "python-requests/2.32.3"
77.79.248.229 - - [13/Feb/2025:09:36:37 +0100] "GET /Jurek/kinghoff/feeds/kinghoff_cdon_dk.xml HTTP/1.1" 200 14131991 "-" "python-requests/2.32.3"
77.79.248.229 - - [13/Feb/2025:09:36:37 +0100] "GET /Jurek/kinghoff/feeds/kinghoff_cdon_fi.xml HTTP/1.1" 200 14129874 "-" "python-requests/2.32.3"
77.79.248.229 - - [13/Feb/2025:09:36:38 +0100] "GET /Jurek/ekuchcikowo/feeds/ekuchcikowo_zero.xml HTTP/1.1" 200 12784758 "-" "Python-urllib/3.11"
46.101.116.244 - - [13/Feb/2025:09:37:25 +0100] "GET /Jurek/aw/feeds/aw_fnacfr.xml HTTP/1.0" 404 3551 "-" "-"
46.101.116.244 - - [13/Feb/2025:09:37:56 +0100] "GET /Filip/feeds/xlsx_ceneo.xml HTTP/1.0" 200 6241376 "-" "-"
51.77.52.107 - - [13/Feb/2025:09:37:57 +0100] "POST /Filip/Rovicky/baselinker/baselinker-ceneo-shumee.php HTTP/2.0" 200 106776 "-" "BaseLinker/1.0"
77.79.248.229 - - [13/Feb/2025:09:38:08 +0100] "GET /Jurek/vidaSI/feeds/vidaSI_bigbang.xml HTTP/1.1" 200 619659376 "-" "Python-urllib/3.11"
77.79.248.229 - - [13/Feb/2025:09:38:09 +0100] "GET /Jurek/aw/feeds/awnarzedzia_bigbang.xml HTTP/1.1" 200 90210537 "-" "Python-urllib/3.11"
77.79.248.229 - - [13/Feb/2025:09:38:10 +0100] "GET /Jurek/hurtownia_przemyslowa/feeds/hp_bigbang.xml HTTP/1.1" 200 49864121 "-" "Python-urllib/3.11"
77.79.248.229 - - [13/Feb/2025:09:38:11 +0100] "GET /Jurek/action/feeds/action_bigbang.xml HTTP/1.1" 200 55043291 "-" "Python-urllib/3.11"
77.79.248.229 - - [13/Feb/2025:09:38:14 +0100] "GET /Jurek/unimet/feeds/unimet_bigbang.xml HTTP/1.1" 200 61070226 "-" "Python-urllib/3.11"
77.79.248.229 - - [13/Feb/2025:09:38:14 +0100] "GET /Jurek/ikonka/feeds/ikonka_bigbang.xml HTTP/1.1" 200 22185196 "-" "Python-urllib/3.11"
77.79.248.229 - - [13/Feb/2025:09:38:14 +0100] "GET /Jurek/bass/feeds/bass_bigbang.xml HTTP/1.1" 200 3983844 "-" "Python-urllib/3.11"
77.79.248.229 - - [13/Feb/2025:09:38:16 +0100] "GET /Jurek/kinghoff/feeds/kinghoff_bigbang.xml HTTP/1.1" 200 14129591 "-" "Python-urllib/3.11"
77.79.248.229 - - [13/Feb/2025:09:38:17 +0100] "GET /Jurek/activeshop/feeds/activeshop_bigbang.xml HTTP/1.1" 200 10495958 "-" "Python-urllib/3.11"
77.79.248.229 - - [13/Feb/2025:09:38:17 +0100] "GET /Jurek/octopia/feeds/octopia_bigbang.xml HTTP/1.1" 200 6351071 "-" "Python-urllib/3.11"
77.79.248.229 - - [13/Feb/2025:09:38:17 +0100] "GET /Jurek/topeshop/feeds/topeshop_bigbang.xml HTTP/1.1" 200 2403298 "-" "Python-urllib/3.11"
77.79.248.229 - - [13/Feb/2025:09:38:17 +0100] "GET /Jurek/b3/feeds/b3_bigbang.xml HTTP/1.1" 200 7316629 "-" "Python-urllib/3.11"
77.79.248.229 - - [13/Feb/2025:09:38:17 +0100] "GET /Jurek/asortymenteu/feeds/asortymenteu_bigbang.xml HTTP/1.1" 200 2509841 "-" "Python-urllib/3.11"
77.79.248.229 - - [13/Feb/2025:09:38:18 +0100] "GET /Jurek/eroplace/feeds/eroplace_bigbang.xml HTTP/1.1" 200 30849159 "-" "Python-urllib/3.11"
77.79.248.229 - - [13/Feb/2025:09:38:22 +0100] "GET /Jurek/intsell/feeds/intsell_bigbang.xml HTTP/1.1" 200 338786120 "-" "Python-urllib/3.11"
77.79.248.229 - - [13/Feb/2025:09:38:22 +0100] "GET /Jurek/coppotech/feeds/coppotech_bigbang.xml HTTP/1.1" 200 38986173 "-" "Python-urllib/3.11"
77.79.248.229 - - [13/Feb/2025:09:38:23 +0100] "GET /Jurek/stema/feeds/stema_bigbang.xml HTTP/1.1" 200 861755 "-" "Python-urllib/3.11"
66.211.183.73 - - [13/Feb/2025:09:38:23 +0100] "GET /Jurek/topeshop/downloaded_images/5904507201876_KUBABIURKOBRY%C5%81KAANTRACYTBOKZM.jpg HTTP/1.1" 404 3551 "-" "scalaj-http/2.4.2"
77.79.248.229 - - [13/Feb/2025:09:38:23 +0100] "GET /Jurek/sempler/feeds/sempler_bigbang.xml HTTP/1.1" 200 6553253 "-" "Python-urllib/3.11"
77.79.248.229 - - [13/Feb/2025:09:38:23 +0100] "GET /Jurek/benetech/feeds/benetech_bigbang.xml HTTP/1.1" 200 4451817 "-" "Python-urllib/3.11"
77.79.248.229 - - [13/Feb/2025:09:38:24 +0100] "GET /Jurek/ekuchcikowo/feeds/ekuchcikowo_bigbang.xml HTTP/1.1" 200 12784197 "-" "Python-urllib/3.11"
35.242.193.176 - - [13/Feb/2025:09:39:38 +0100] "GET /Jurek/topeshop/downloaded_images/5902838463741_20st_close.jpg HTTP/2.0" 404 3551 "-" "Mozilla/5.0 (Macintosh; Intel Mac OS X 10.15; rv:78.0) Gecko/20100101 Firefox/78.0"
66.211.183.73 - - [13/Feb/2025:09:39:40 +0100] "GET /Jurek/topeshop/downloaded_images/5904507206611_DUOANTRACYTCZERNBRYLKABOKZM.jpg HTTP/1.1" 404 3551 "-" "scalaj-http/2.4.2"
77.79.248.229 - - [13/Feb/2025:09:40:21 +0100] "GET /Jurek/kinghoff/feeds/kinghoff_SkroutzGR.xml HTTP/1.1" 200 14129731 "-" "Python-urllib/3.11"
77.79.248.229 - - [13/Feb/2025:09:40:22 +0100] "GET /Jurek/aw/feeds/awnarzedzia_skroutz.xml HTTP/1.1" 200 90232055 "-" "Python-urllib/3.11"
77.79.248.229 - - [13/Feb/2025:09:40:23 +0100] "GET /Jurek/eurofirany/feeds/eurofirany_skroutz.xml HTTP/1.1" 200 18910814 "-" "Python-urllib/3.11"
77.79.248.229 - - [13/Feb/2025:09:40:23 +0100] "GET /Jurek/fernity/feeds/fernity_skroutz.xml HTTP/1.1" 200 5090384 "-" "Python-urllib/3.11"
193.33.8.61 - - [13/Feb/2025:09:40:28 +0100] "GET /Jurek/bass_new/feeds/bass_zero.xml HTTP/2.0" 200 7039321 "https://konsola.dkkapusta1997.usermd.net/" "Mozilla/5.0 (Windows NT 10.0; Win64; x64) AppleWebKit/537.36 (KHTML, like Gecko) Chrome/132.0.0.0 Safari/537.36"
193.33.8.61 - - [13/Feb/2025:09:42:18 +0100] "GET /Jurek/benetech/feeds/benetech_zero.xml HTTP/2.0" 200 4451709 "https://konsola.dkkapusta1997.usermd.net/" "Mozilla/5.0 (Windows NT 10.0; Win64; x64) AppleWebKit/537.36 (KHTML, like Gecko) Chrome/132.0.0.0 Safari/537.36"
77.79.248.229 - - [13/Feb/2025:09:42:20 +0100] "GET /Jurek/benetech/feeds/benetech_zero.xml HTTP/1.1" 200 4451709 "-" "Python-urllib/3.11"
46.101.116.244 - - [13/Feb/2025:09:42:30 +0100] "GET /Jurek/aw/feeds/aw_fnacfr.xml HTTP/1.0" 404 3551 "-" "-"
46.101.116.244 - - [13/Feb/2025:09:42:39 +0100] "GET /Jurek/kinghoff/feeds/kinghoff_ceneo.xml HTTP/1.0" 200 14130494 "-" "-"
46.101.116.244 - - [13/Feb/2025:09:42:40 +0100] "GET /Jurek/barbecook/feeds/barbecook_allegro.xml HTTP/1.0" 200 87554 "-" "-"
46.101.116.244 - - [13/Feb/2025:09:42:45 +0100] "GET /Jurek/vida_morele/feeds/vidaPL_velomarket_category4.xml HTTP/1.0" 200 51747128 "-" "-"
46.101.116.244 - - [13/Feb/2025:09:42:57 +0100] "GET /Jurek/vida_morele/feeds/vidaPL_velomarket_category6.xml HTTP/1.0" 200 149604177 "-" "-"
46.101.116.244 - - [13/Feb/2025:09:43:07 +0100] "GET /Jurek/vida_morele/feeds/vidaPL_velomarket_category2.xml HTTP/1.0" 200 41358245 "-" "-"
46.101.116.244 - - [13/Feb/2025:09:43:12 +0100] "GET /Jurek/eurofirany/feeds/eurofirany_ceneo.xml HTTP/1.0" 200 18914293 "-" "-"
46.101.116.244 - - [13/Feb/2025:09:43:13 +0100] "GET /Jurek/vida_morele/feeds/vidaPL_velomarket_category3.xml HTTP/1.0" 200 40105505 "-" "-"
46.101.116.244 - - [13/Feb/2025:09:43:31 +0100] "GET /Filip/feeds/xlsx_ceneo.xml HTTP/1.0" 200 6241376 "-" "-"
51.77.52.107 - - [13/Feb/2025:09:43:32 +0100] "POST /Filip/Rovicky/baselinker/baselinker-ceneo-shumee.php HTTP/2.0" 200 106776 "-" "BaseLinker/1.0"
77.79.248.229 - - [13/Feb/2025:09:44:11 +0100] "GET /Jurek/kinghoff/feeds/kinghoff_rakuten.xml HTTP/1.1" 200 14129576 "-" "Python-urllib/3.11"
193.33.8.61 - - [13/Feb/2025:09:45:21 +0100] "GET /Jurek/amzteam/feeds/amzteam_zero.xml HTTP/2.0" 200 97829 "https://konsola.dkkapusta1997.usermd.net/" "Mozilla/5.0 (Windows NT 10.0; Win64; x64) AppleWebKit/537.36 (KHTML, like Gecko) Chrome/132.0.0.0 Safari/537.36"
46.101.116.244 - - [13/Feb/2025:09:45:38 +0100] "GET /Jurek/kinghoff/feeds/kinghoff_amazon_de.xml HTTP/1.0" 200 14129714 "-" "-"
34.159.210.145 - - [13/Feb/2025:09:45:45 +0100] "GET /Jurek/topeshop/downloaded_images/5904507200084_MIJASBIURKOBRY%C5%81KABIELPRAWEBOKZM.jpg HTTP/2.0" 404 3551 "-" "Mozilla/5.0 (Macintosh; Intel Mac OS X 10.15; rv:78.0) Gecko/20100101 Firefox/78.0"
46.101.116.244 - - [13/Feb/2025:09:45:59 +0100] "GET /Jurek/aw/feeds/aw_fnacfr.xml HTTP/1.0" 404 3551 "-" "-"
46.101.116.244 - - [13/Feb/2025:09:46:29 +0100] "GET /Filip/feeds/xlsx_ceneo.xml HTTP/1.0" 200 6241376 "-" "-"
51.77.52.107 - - [13/Feb/2025:09:46:30 +0100] "POST /Filip/Rovicky/baselinker/baselinker-ceneo-shumee.php HTTP/2.0" 200 106776 "-" "BaseLinker/1.0"
193.33.8.61 - - [13/Feb/2025:09:47:51 +0100] "GET /Jurek/ekolight/feeds/ekolight_zero.xml HTTP/2.0" 200 9050318 "https://konsola.dkkapusta1997.usermd.net/" "Mozilla/5.0 (Windows NT 10.0; Win64; x64) AppleWebKit/537.36 (KHTML, like Gecko) Chrome/132.0.0.0 Safari/537.36"
77.79.248.229 - - [13/Feb/2025:09:47:54 +0100] "GET /Jurek/ekolight/feeds/ekolight_zero.xml HTTP/1.1" 200 9050318 "-" "Python-urllib/3.11"
35.198.86.223 - - [13/Feb/2025:09:48:18 +0100] "GET /Jurek/topeshop/downloaded_images/5902838461273_3.png HTTP/2.0" 404 3551 "-" "Mozilla/5.0 (Macintosh; Intel Mac OS X 10.15; rv:78.0) Gecko/20100101 Firefox/78.0"
66.211.183.74 - - [13/Feb/2025:09:49:22 +0100] "GET /Jurek/topeshop/downloaded_images/5902838468814_DUO-BIEL-BRY%C5%81KA-BOK-ZM.jpg HTTP/1.1" 404 3551 "-" "scalaj-http/2.4.2"
193.33.8.61 - - [13/Feb/2025:09:49:30 +0100] "GET /Jurek/bass_new/feeds/bass_bol.xml HTTP/2.0" 304 0 "https://konsola.dkkapusta1997.usermd.net/" "Mozilla/5.0 (Windows NT 10.0; Win64; x64) AppleWebKit/537.36 (KHTML, like Gecko) Chrome/132.0.0.0 Safari/537.36"
77.79.248.229 - - [13/Feb/2025:09:49:39 +0100] "GET /Jurek/bass_new/feeds/bass_bol.xml HTTP/1.1" 200 7040940 "-" "Python-urllib/3.11"
66.211.183.72 - - [13/Feb/2025:09:50:06 +0100] "GET /Jurek/topeshop/downloaded_images/5902838468838_DUOSONOMABRY%C5%81KABOKZM.jpg HTTP/1.1" 404 3551 "-" "scalaj-http/2.4.2"
89.161.206.59 - - [13/Feb/2025:09:50:29 +0100] "GET /Jurek/pawonik/feeds/pawonik_skroutz.xml HTTP/1.0" 200 2534460 "-" "-"
89.161.206.59 - - [13/Feb/2025:09:50:30 +0100] "GET /Jurek/amzteam/feeds/amzteam_skroutz.xml HTTP/1.0" 200 95911 "-" "-"
89.161.206.59 - - [13/Feb/2025:09:50:30 +0100] "GET /Jurek/artdog/feeds/artdog_skroutz.xml HTTP/1.0" 200 15929517 "-" "-"
89.161.206.59 - - [13/Feb/2025:09:50:32 +0100] "GET /Jurek/mosti/feeds/mosti_skroutz.xml HTTP/1.0" 200 9255820 "-" "-"
89.161.206.59 - - [13/Feb/2025:09:50:33 +0100] "GET /Jurek/swiatecznygoliat/feeds/swiatecznygoliat_skroutz.xml HTTP/1.0" 200 7050296 "-" "-"
89.161.206.59 - - [13/Feb/2025:09:50:54 +0100] "GET /Jurek/oromed/feeds/oromed_skroutz.xml HTTP/1.0" 200 968266 "-" "-"
89.161.206.59 - - [13/Feb/2025:09:50:55 +0100] "GET /Jurek/ralmetal/feeds/ralmetal_skroutz.xml HTTP/1.0" 200 1786729 "-" "-"
46.101.116.244 - - [13/Feb/2025:09:51:06 +0100] "GET /Jurek/aw/feeds/aw_fnacfr.xml HTTP/1.0" 404 3551 "-" "-"
193.33.8.61 - - [13/Feb/2025:09:51:06 +0100] "GET /Jurek/bass/feeds/bass_bol.xml HTTP/2.0" 200 3983962 "https://konsola.dkkapusta1997.usermd.net/" "Mozilla/5.0 (Windows NT 10.0; Win64; x64) AppleWebKit/537.36 (KHTML, like Gecko) Chrome/132.0.0.0 Safari/537.36"
46.101.116.244 - - [13/Feb/2025:09:51:36 +0100] "GET /Filip/feeds/xlsx_ceneo.xml HTTP/1.0" 200 6241376 "-" "-"
51.77.52.107 - - [13/Feb/2025:09:51:36 +0100] "POST /Filip/Rovicky/baselinker/baselinker-ceneo-shumee.php HTTP/2.0" 200 106776 "-" "BaseLinker/1.0"
89.161.206.59 - - [13/Feb/2025:09:52:29 +0100] "GET /Jurek/aiofactory/feeds/aiofactory_skroutz.xml HTTP/1.0" 200 2078091 "-" "-"
178.21.154.6 - - [13/Feb/2025:09:52:47 +0100] "GET /Jurek/eurofirany/images/401420/0.jpg HTTP/1.1" 200 42397 "-" "-"
46.101.116.244 - - [13/Feb/2025:09:55:17 +0100] "GET /Jurek/activeshop/feeds/activeshop_mallhu.xml HTTP/2.0" 200 10495461 "-" "-"
46.101.116.244 - - [13/Feb/2025:09:56:07 +0100] "GET /Jurek/aw/feeds/aw_fnacfr.xml HTTP/1.0" 404 3551 "-" "-"
85.232.241.194 - - [13/Feb/2025:09:56:21 +0100] "GET /Jurek/amzteam/feeds/amzteam_cdon_se.xml HTTP/1.1" 200 97929 "-" "python-requests/2.32.3"
85.232.241.194 - - [13/Feb/2025:09:56:21 +0100] "GET /Jurek/amzteam/feeds/amzteam_cdon_dk.xml HTTP/1.1" 200 97915 "-" "python-requests/2.32.3"
85.232.241.194 - - [13/Feb/2025:09:56:21 +0100] "GET /Jurek/amzteam/feeds/amzteam_cdon_fi.xml HTTP/1.1" 200 97881 "-" "python-requests/2.32.3"
85.232.241.194 - - [13/Feb/2025:09:56:21 +0100] "GET /Jurek/b3/feeds/b3_cdon_se.xml HTTP/1.1" 200 7344687 "-" "python-requests/2.32.3"
85.232.241.194 - - [13/Feb/2025:09:56:21 +0100] "GET /Jurek/b3/feeds/b3_cdon_dk.xml HTTP/1.1" 200 7344270 "-" "python-requests/2.32.3"
85.232.241.194 - - [13/Feb/2025:09:56:21 +0100] "GET /Jurek/b3/feeds/b3_cdon_fi.xml HTTP/1.1" 200 7341515 "-" "python-requests/2.32.3"
85.232.241.194 - - [13/Feb/2025:09:56:21 +0100] "GET /Jurek/oromed/feeds/oromed_cdon_se.xml HTTP/1.1" 200 968453 "-" "python-requests/2.32.3"
85.232.241.194 - - [13/Feb/2025:09:56:21 +0100] "GET /Jurek/oromed/feeds/oromed_cdon_dk.xml HTTP/1.1" 200 968435 "-" "python-requests/2.32.3"
85.232.241.194 - - [13/Feb/2025:09:56:21 +0100] "GET /Jurek/oromed/feeds/oromed_cdon_fi.xml HTTP/1.1" 200 968281 "-" "python-requests/2.32.3"
85.232.241.194 - - [13/Feb/2025:09:56:21 +0100] "GET /Jurek/ralmetal/feeds/ralmetal_cdon_se.xml HTTP/1.1" 200 1787490 "-" "python-requests/2.32.3"
85.232.241.194 - - [13/Feb/2025:09:56:21 +0100] "GET /Jurek/ralmetal/feeds/ralmetal_cdon_dk.xml HTTP/1.1" 200 1787493 "-" "python-requests/2.32.3"
85.232.241.194 - - [13/Feb/2025:09:56:22 +0100] "GET /Jurek/ralmetal/feeds/ralmetal_cdon_fi.xml HTTP/1.1" 200 1786794 "-" "python-requests/2.32.3"
85.232.241.194 - - [13/Feb/2025:09:56:22 +0100] "GET /Jurek/drops/feeds/dropsofficecolection_cdon_se.xml HTTP/1.1" 200 788418 "-" "python-requests/2.32.3"
85.232.241.194 - - [13/Feb/2025:09:56:22 +0100] "GET /Jurek/drops/feeds/dropsofficecolection_cdon_dk.xml HTTP/1.1" 200 788422 "-" "python-requests/2.32.3"
85.232.241.194 - - [13/Feb/2025:09:56:22 +0100] "GET /Jurek/drops/feeds/dropsofficecolection_cdon_fi.xml HTTP/1.1" 200 787920 "-" "python-requests/2.32.3"
85.232.241.194 - - [13/Feb/2025:09:56:22 +0100] "GET /Jurek/narzbud/feeds/narzbud_cdon_se.xml HTTP/1.1" 200 1611247 "-" "python-requests/2.32.3"
85.232.241.194 - - [13/Feb/2025:09:56:22 +0100] "GET /Jurek/narzbud/feeds/narzbud_cdon_dk.xml HTTP/1.1" 200 1611228 "-" "python-requests/2.32.3"
85.232.241.194 - - [13/Feb/2025:09:56:22 +0100] "GET /Jurek/narzbud/feeds/narzbud_cdon_fi.xml HTTP/1.1" 200 1610500 "-" "python-requests/2.32.3"
85.232.241.194 - - [13/Feb/2025:09:56:22 +0100] "GET /Jurek/szpaklampy/feeds/szpaklampy_cdon_se.xml HTTP/1.1" 200 416625 "-" "python-requests/2.32.3"
85.232.241.194 - - [13/Feb/2025:09:56:22 +0100] "GET /Jurek/szpaklampy/feeds/szpaklampy_cdon_dk.xml HTTP/1.1" 200 416561 "-" "python-requests/2.32.3"
