46.101.116.244 - - [12/Feb/2025:14:22:49 +0100] "GET /Jurek/amzteam/feeds/amzteam_mallcz.xml HTTP/2.0" 200 97919 "-" "-"
46.101.116.244 - - [12/Feb/2025:14:22:49 +0100] "GET /Jurek/artdog/feeds/artdog_mallcz.xml HTTP/2.0" 200 15938707 "-" "-"
46.101.116.244 - - [12/Feb/2025:14:22:53 +0100] "GET /Jurek/swiatecznygoliat/feeds/swiatecznygoliat_mallczsh.xml HTTP/2.0" 200 7053120 "-" "-"
46.101.116.244 - - [12/Feb/2025:14:23:05 +0100] "GET /Jurek/swiatecznygoliat/feeds/swiatecznygoliat_mallcz.xml HTTP/2.0" 200 7053148 "-" "-"
46.101.116.244 - - [12/Feb/2025:14:23:55 +0100] "GET /Jurek/topeshop/feeds/topeshop_mallcz.xml HTTP/2.0" 200 2404159 "-" "-"
178.21.154.6 - - [12/Feb/2025:14:25:56 +0100] "GET /Jurek/eurofirany/images/403009/0.jpg HTTP/1.1" 200 32775 "-" "-"
46.101.116.244 - - [12/Feb/2025:14:26:15 +0100] "GET /Jurek/aw/feeds/aw_fnacfr.xml HTTP/1.0" 404 3551 "-" "-"
46.101.116.244 - - [12/Feb/2025:14:26:15 +0100] "GET /Jurek/hurtownia_przemyslowa/feeds/hp_cdiscount.xml HTTP/1.0" 200 49863881 "-" "-"
89.161.206.59 - - [12/Feb/2025:14:26:18 +0100] "GET /Jurek/topeshop/feeds/topeshop_cdsc.xml HTTP/1.0" 200 2403305 "-" "-"
46.101.116.244 - - [12/Feb/2025:14:27:04 +0100] "GET /Jurek/aw/feeds/awnarzedzia_cdiscount.xml HTTP/1.0" 200 90560256 "-" "-"
46.101.116.244 - - [12/Feb/2025:14:27:11 +0100] "GET /Filip/feeds/xlsx_ceneo.xml HTTP/1.0" 200 6241376 "-" "-"
51.77.52.107 - - [12/Feb/2025:14:27:11 +0100] "POST /Filip/Rovicky/baselinker/baselinker-ceneo-shumee.php HTTP/2.0" 200 106776 "-" "BaseLinker/1.0"
89.161.206.59 - - [12/Feb/2025:14:27:18 +0100] "GET /Jurek/barbecook/feeds/barbecook_cdis.xml HTTP/1.0" 200 87529 "-" "-"
46.101.116.244 - - [12/Feb/2025:14:27:25 +0100] "GET /Jurek/action/feeds/action_cdis.xml HTTP/1.0" 200 55045327 "-" "-"
46.101.116.244 - - [12/Feb/2025:14:27:27 +0100] "GET /Jurek/activeshop/feeds/activeshop_mallcz.xml HTTP/2.0" 200 10490161 "-" "-"
46.101.116.244 - - [12/Feb/2025:14:27:31 +0100] "GET /Jurek/activeshop/feeds/activeshop_cdis.xml HTTP/1.0" 200 10490709 "-" "-"
46.101.116.244 - - [12/Feb/2025:14:27:35 +0100] "GET /Jurek/fernity/feeds/fernity_cdiscount.xml HTTP/1.0" 200 5089969 "-" "-"
46.101.116.244 - - [12/Feb/2025:14:27:52 +0100] "GET /Jurek/eurofirany/feeds/eurofirany_cdiscount.xml HTTP/1.0" 200 18894212 "-" "-"
161.35.40.143 - - [12/Feb/2025:14:28:18 +0100] "GET / HTTP/1.1" 200 1559 "-" "Mozilla/5.0 (compatible)"
161.35.40.143 - - [12/Feb/2025:14:28:18 +0100] "GET /favicon.ico HTTP/1.1" 404 3551 "http://www.dkkapusta1997.usermd.net/" "Mozilla/5.0 (compatible)"
161.35.40.143 - - [12/Feb/2025:14:28:18 +0100] "GET /ads.txt HTTP/1.1" 404 3551 "-" "Mozilla/5.0 (compatible)"
161.35.40.143 - - [12/Feb/2025:14:28:18 +0100] "GET / HTTP/1.1" 200 1559 "-" "Mozilla/5.0 (compatible)"
161.35.40.143 - - [12/Feb/2025:14:28:19 +0100] "GET /favicon.ico HTTP/1.1" 404 3551 "https://www.dkkapusta1997.usermd.net/" "Mozilla/5.0 (compatible)"
161.35.40.143 - - [12/Feb/2025:14:28:19 +0100] "GET /ads.txt HTTP/1.1" 404 3551 "-" "Mozilla/5.0 (compatible)"
46.101.116.244 - - [12/Feb/2025:14:28:56 +0100] "GET /Jurek/kinghoff/feeds/kinghoff_cdiscount.xml HTTP/1.0" 200 14152619 "-" "-"
46.101.116.244 - - [12/Feb/2025:14:30:07 +0100] "GET /Jurek/fernity/feeds/fernity_manomano.xml HTTP/1.0" 200 5089670 "-" "-"
193.33.8.61 - - [12/Feb/2025:14:30:47 +0100] "GET /Jurek/erohurtownia/feeds/erohurtownia_zero.xml HTTP/2.0" 200 23306123 "https://konsola.dkkapusta1997.usermd.net/" "Mozilla/5.0 (Windows NT 10.0; Win64; x64) AppleWebKit/537.36 (KHTML, like Gecko) Chrome/132.0.0.0 Safari/537.36"
77.79.248.229 - - [12/Feb/2025:14:31:00 +0100] "GET /Jurek/erohurtownia/feeds/erohurtownia_zero.xml HTTP/1.1" 200 23306123 "-" "Python-urllib/3.11"
46.101.116.244 - - [12/Feb/2025:14:31:22 +0100] "GET /Jurek/aw/feeds/aw_fnacfr.xml HTTP/1.0" 404 3551 "-" "-"
193.33.8.61 - - [12/Feb/2025:14:31:36 +0100] "GET /Jurek/najtanszysport/output.txt HTTP/2.0" 200 8466 "https://konsola.dkkapusta1997.usermd.net/" "Mozilla/5.0 (Windows NT 10.0; Win64; x64) AppleWebKit/537.36 (KHTML, like Gecko) Chrome/132.0.0.0 Safari/537.36"
193.33.8.61 - - [12/Feb/2025:14:32:01 +0100] "GET /Jurek/najtanszysport/feeds/najtanszysport_cdon_se.xml HTTP/2.0" 200 3985286 "https://konsola.dkkapusta1997.usermd.net/" "Mozilla/5.0 (Windows NT 10.0; Win64; x64) AppleWebKit/537.36 (KHTML, like Gecko) Chrome/132.0.0.0 Safari/537.36"
77.79.248.229 - - [12/Feb/2025:14:32:21 +0100] "GET /Jurek/najtanszysport/feeds/najtanszysport_cdon_se.xml HTTP/1.1" 200 3985286 "-" "Python-urllib/3.11"
89.161.206.59 - - [12/Feb/2025:14:33:21 +0100] "GET /Jurek/hurtownia_przemyslowa/feeds/hp_manomanode.xml HTTP/1.0" 200 49864204 "-" "-"
46.101.116.244 - - [12/Feb/2025:14:33:45 +0100] "GET /Filip/feeds/xlsx_ceneo.xml HTTP/1.0" 200 6241376 "-" "-"
51.77.52.107 - - [12/Feb/2025:14:33:45 +0100] "POST /Filip/Rovicky/baselinker/baselinker-ceneo-shumee.php HTTP/2.0" 200 106776 "-" "BaseLinker/1.0"
52.18.22.0 - - [12/Feb/2025:14:34:27 +0100] "GET /marketplaces/worten2/results/worten.csv HTTP/1.1" 200 147218 "-" "Mirakl HttpClient"
46.101.116.244 - - [12/Feb/2025:14:34:45 +0100] "GET /Jurek/action/feeds/action_mallczgs.xml HTTP/2.0" 200 55084658 "-" "-"
46.101.116.244 - - [12/Feb/2025:14:35:07 +0100] "GET /Jurek/b3/feeds/b3_mallczgs.xml HTTP/2.0" 200 7250399 "-" "-"
46.101.116.244 - - [12/Feb/2025:14:35:19 +0100] "GET /Jurek/benbaby/feeds/benbaby_mallczgs.xml HTTP/2.0" 200 3699162 "-" "-"
46.101.116.244 - - [12/Feb/2025:14:35:30 +0100] "GET /Jurek/emibig/feeds/emibig_mallczgs.xml HTTP/2.0" 200 2489822 "-" "-"
46.101.116.244 - - [12/Feb/2025:14:35:43 +0100] "GET /Jurek/hurtownia_przemyslowa/feeds/hp_mallczgs.xml HTTP/2.0" 200 49883090 "-" "-"
46.101.116.244 - - [12/Feb/2025:14:37:16 +0100] "GET /Jurek/aw/feeds/aw_fnacfr.xml HTTP/1.0" 404 3551 "-" "-"
193.33.8.61 - - [12/Feb/2025:14:37:27 +0100] "GET /Jurek/najtanszysport/feeds/najtanszysport_cdon_dk.xml HTTP/2.0" 200 3985006 "https://konsola.dkkapusta1997.usermd.net/" "Mozilla/5.0 (Windows NT 10.0; Win64; x64) AppleWebKit/537.36 (KHTML, like Gecko) Chrome/132.0.0.0 Safari/537.36"
193.33.8.61 - - [12/Feb/2025:14:37:28 +0100] "GET /Jurek/najtanszysport/feeds/najtanszysport_cdon_fi.xml HTTP/2.0" 200 3983139 "https://konsola.dkkapusta1997.usermd.net/" "Mozilla/5.0 (Windows NT 10.0; Win64; x64) AppleWebKit/537.36 (KHTML, like Gecko) Chrome/132.0.0.0 Safari/537.36"
77.79.248.229 - - [12/Feb/2025:14:37:32 +0100] "GET /Jurek/najtanszysport/feeds/najtanszysport_cdon_dk.xml HTTP/1.1" 200 3985006 "-" "Python-urllib/3.11"
89.161.206.59 - - [12/Feb/2025:14:37:44 +0100] "GET /Jurek/bass/feeds/bass_amazonfr.xml HTTP/1.0" 200 3983912 "-" "-"
46.101.116.244 - - [12/Feb/2025:14:38:04 +0100] "GET /Filip/feeds/xlsx_ceneo.xml HTTP/1.0" 200 6241376 "-" "-"
51.77.52.107 - - [12/Feb/2025:14:38:04 +0100] "POST /Filip/Rovicky/baselinker/baselinker-ceneo-shumee.php HTTP/2.0" 200 106776 "-" "BaseLinker/1.0"
89.161.206.59 - - [12/Feb/2025:14:38:20 +0100] "GET /Jurek/kambukka/feeds/kambukka_amazonfr.xml HTTP/1.0" 200 973321 "-" "-"
89.161.206.59 - - [12/Feb/2025:14:38:21 +0100] "GET /Jurek/kambukka/feeds/kambukka_amazonit.xml HTTP/1.0" 200 973312 "-" "-"
89.161.206.59 - - [12/Feb/2025:14:38:22 +0100] "GET /Jurek/kambukka/feeds/kambukka_amazonnl.xml HTTP/1.0" 200 973310 "-" "-"
89.161.206.59 - - [12/Feb/2025:14:38:22 +0100] "GET /Jurek/kambukka/feeds/kambukka_amazonse.xml HTTP/1.0" 200 973578 "-" "-"
89.161.206.59 - - [12/Feb/2025:14:38:24 +0100] "GET /Jurek/waks/feeds/waks_amazonit.xml HTTP/1.0" 200 6333033 "-" "-"
89.161.206.59 - - [12/Feb/2025:14:38:26 +0100] "GET /Jurek/waks/feeds/waks_amazones.xml HTTP/1.0" 200 6332999 "-" "-"
89.161.206.59 - - [12/Feb/2025:14:38:28 +0100] "GET /Jurek/waks/feeds/waks_amazonnl.xml HTTP/1.0" 200 6332994 "-" "-"
89.161.206.59 - - [12/Feb/2025:14:38:31 +0100] "GET /Jurek/hdwr/feeds/hdwr_amazonse.xml HTTP/1.0" 200 778085 "-" "-"
89.161.206.59 - - [12/Feb/2025:14:38:32 +0100] "GET /Jurek/targethome/feeds/targethome_amazonde.xml HTTP/1.0" 200 683600 "-" "-"
89.161.206.59 - - [12/Feb/2025:14:38:33 +0100] "GET /Jurek/sempler/feeds/sempler_amazonde.xml HTTP/1.0" 200 6553292 "-" "-"
89.161.206.59 - - [12/Feb/2025:14:38:35 +0100] "GET /Jurek/eroplace/feeds/eroplace_amazonde.xml HTTP/1.0" 200 30847641 "-" "-"
89.161.206.59 - - [12/Feb/2025:14:38:37 +0100] "GET /Jurek/b3/feeds/b3_amazonde.xml HTTP/1.0" 200 7246331 "-" "-"
89.161.206.59 - - [12/Feb/2025:14:38:46 +0100] "GET /Jurek/sempler/feeds/sempler_amazonfr.xml HTTP/1.0" 200 6553269 "-" "-"
89.161.206.59 - - [12/Feb/2025:14:38:47 +0100] "GET /Jurek/sempler/feeds/sempler_amazonit.xml HTTP/1.0" 200 6553285 "-" "-"
89.161.206.59 - - [12/Feb/2025:14:38:48 +0100] "GET /Jurek/sempler/feeds/sempler_amazonnl.xml HTTP/1.0" 200 6553274 "-" "-"
89.161.206.59 - - [12/Feb/2025:14:38:51 +0100] "GET /Jurek/eroplace/feeds/eroplace_amazonfr.xml HTTP/1.0" 200 30849415 "-" "-"
89.161.206.59 - - [12/Feb/2025:14:38:55 +0100] "GET /Jurek/eroplace/feeds/eroplace_amazones.xml HTTP/1.0" 200 30849300 "-" "-"
89.161.206.59 - - [12/Feb/2025:14:39:03 +0100] "GET /Jurek/b3/feeds/b3_amazonnl.xml HTTP/1.0" 200 7246310 "-" "-"
89.161.206.59 - - [12/Feb/2025:14:39:07 +0100] "GET /Jurek/ralmetal/feeds/ralmetal_amazonde.xml HTTP/1.0" 200 1786793 "-" "-"
89.161.206.59 - - [12/Feb/2025:14:39:09 +0100] "GET /Jurek/oromed/feeds/oromed_amazonde.xml HTTP/1.0" 200 968259 "-" "-"
89.161.206.59 - - [12/Feb/2025:14:39:10 +0100] "GET /Jurek/ralmetal/feeds/ralmetal_amazonfr.xml HTTP/1.0" 200 1786794 "-" "-"
5.134.208.158 - - [12/Feb/2025:14:39:18 +0100] "GET /Jurek/eurofirany/images/415879/0.jpg HTTP/1.1" 200 100744 "-" "-"
46.101.116.244 - - [12/Feb/2025:14:39:24 +0100] "GET /Jurek/vidaCZ/feeds/vidaGS1gr_cz_Mall.xml HTTP/2.0" 200 660065308 "-" "-"
77.79.248.229 - - [12/Feb/2025:14:39:30 +0100] "GET /Jurek/najtanszysport/feeds/najtanszysport_cdon_fi.xml HTTP/1.1" 200 3983139 "-" "Python-urllib/3.11"
46.101.116.244 - - [12/Feb/2025:14:39:42 +0100] "GET /Jurek/intsell/feeds/intsell_amazonde.xml HTTP/1.0" 200 338785930 "-" "-"
89.161.206.59 - - [12/Feb/2025:14:39:49 +0100] "GET /Jurek/ralmetal/feeds/ralmetal_amazonit.xml HTTP/1.0" 200 1786813 "-" "-"
89.161.206.59 - - [12/Feb/2025:14:39:50 +0100] "GET /Jurek/ralmetal/feeds/ralmetal_amazonnl.xml HTTP/1.0" 200 1786774 "-" "-"
89.161.206.59 - - [12/Feb/2025:14:39:50 +0100] "GET /Jurek/ralmetal/feeds/ralmetal_amazones.xml HTTP/1.0" 200 1786847 "-" "-"
46.101.116.244 - - [12/Feb/2025:14:40:28 +0100] "GET /Jurek/teamson/feeds/teamson_mallcz.xml HTTP/2.0" 200 1095167 "-" "-"
46.101.116.244 - - [12/Feb/2025:14:40:38 +0100] "GET /Jurek/ml_meble/feeds/ml_meble_mallcz.xml HTTP/2.0" 404 3551 "-" "-"
46.101.116.244 - - [12/Feb/2025:14:40:54 +0100] "GET /Jurek/unimet/feeds/unimet_mallcz.xml HTTP/2.0" 200 61129659 "-" "-"
66.249.66.67 - - [12/Feb/2025:14:41:22 +0100] "GET /Jurek/eurofirany/images/367111/1.jpg HTTP/1.1" 200 54413 "-" "Googlebot-Image/1.0"
46.101.116.244 - - [12/Feb/2025:14:41:22 +0100] "GET /Jurek/beliani/feeds/beliani_cz_mallcz.xml HTTP/2.0" 200 22485452 "-" "-"
46.101.116.244 - - [12/Feb/2025:14:41:56 +0100] "GET /Jurek/rovicky/feeds/rovicky_mallcz.xml HTTP/2.0" 200 14090245 "-" "-"
46.101.116.244 - - [12/Feb/2025:14:42:08 +0100] "GET /Jurek/detian/feeds/detian_mallcz.xml HTTP/2.0" 404 3551 "-" "-"
46.101.116.244 - - [12/Feb/2025:14:42:20 +0100] "GET /Jurek/ikonka/feeds/ikonka_mallcz.xml HTTP/2.0" 200 22166478 "-" "-"
46.101.116.244 - - [12/Feb/2025:14:42:33 +0100] "GET /Jurek/candellux/feeds/candellux_mallcz.xml HTTP/2.0" 200 466282 "-" "-"
46.101.116.244 - - [12/Feb/2025:14:42:40 +0100] "GET /Jurek/aw/feeds/aw_fnacfr.xml HTTP/1.0" 404 3551 "-" "-"
46.101.116.244 - - [12/Feb/2025:14:42:44 +0100] "GET /Jurek/andex/feeds/andex_mallcz.xml HTTP/2.0" 200 1954491 "-" "-"
46.101.116.244 - - [12/Feb/2025:14:42:55 +0100] "GET /Jurek/barbecook/feeds/barbecook_mallcz.xml HTTP/2.0" 200 87615 "-" "-"
46.101.116.244 - - [12/Feb/2025:14:43:05 +0100] "GET /Jurek/duka/feeds/duka_mallcz.xml HTTP/2.0" 200 57 "-" "-"
46.101.116.244 - - [12/Feb/2025:14:43:15 +0100] "GET /Jurek/miloohome/feeds/miloohome_mallcz.xml HTTP/2.0" 200 1421848 "-" "-"
46.101.116.244 - - [12/Feb/2025:14:43:26 +0100] "GET /Jurek/stema/feeds/stema_mallcz.xml HTTP/2.0" 200 862397 "-" "-"
46.101.116.244 - - [12/Feb/2025:14:43:26 +0100] "GET /Filip/feeds/xlsx_ceneo.xml HTTP/1.0" 200 6241376 "-" "-"
51.77.52.107 - - [12/Feb/2025:14:43:27 +0100] "POST /Filip/Rovicky/baselinker/baselinker-ceneo-shumee.php HTTP/2.0" 200 106776 "-" "BaseLinker/1.0"
46.101.116.244 - - [12/Feb/2025:14:43:44 +0100] "GET /Jurek/aw/feeds/awnarzedzia_mallcz.xml HTTP/2.0" 200 90664378 "-" "-"
46.101.116.244 - - [12/Feb/2025:14:45:04 +0100] "GET /Jurek/update_twm_on_mall/feeds/twm_all_cats.xml HTTP/1.1" 200 124205 "-" "-"
46.101.116.244 - - [12/Feb/2025:14:45:47 +0100] "GET /Jurek/kokiskaCZ/feeds/kokiska_mallcz.xml HTTP/2.0" 200 1370708 "-" "-"
46.101.116.244 - - [12/Feb/2025:14:46:01 +0100] "GET /Jurek/fernity/feeds/fernity_mallcz.xml HTTP/2.0" 200 5093823 "-" "-"
46.101.116.244 - - [12/Feb/2025:14:46:09 +0100] "GET /Jurek/aw/feeds/aw_fnacfr.xml HTTP/1.0" 404 3551 "-" "-"
46.101.116.244 - - [12/Feb/2025:14:46:26 +0100] "GET /Jurek/kinghoff/feeds/kinghoff_mallcz.xml HTTP/2.0" 200 4174519 "-" "-"
89.161.206.59 - - [12/Feb/2025:14:46:27 +0100] "GET /Jurek/artdog/feeds/artdog_amazonde.xml HTTP/1.0" 200 15928419 "-" "-"
89.161.206.59 - - [12/Feb/2025:14:46:28 +0100] "GET /Jurek/pawonik/feeds/pawonik_amazonde.xml HTTP/1.0" 200 2534483 "-" "-"
46.101.116.244 - - [12/Feb/2025:14:46:41 +0100] "GET /Jurek/kinghome/feeds/kinghome_mallcz.xml HTTP/2.0" 200 5726760 "-" "-"
46.101.116.244 - - [12/Feb/2025:14:46:53 +0100] "GET /Jurek/vivaldi/feeds/vivaldi_Mall-cz.xml HTTP/2.0" 200 344846 "-" "-"
46.101.116.244 - - [12/Feb/2025:14:47:05 +0100] "GET /Jurek/eurofirany/feeds/eurofirany_mall_cz_greatstore.xml HTTP/2.0" 200 18912887 "-" "-"
46.101.116.244 - - [12/Feb/2025:14:47:14 +0100] "GET /Jurek/beliani/feeds/beliani_velomarket.xml HTTP/1.0" 200 31886882 "-" "-"
87.236.176.222 - - [12/Feb/2025:14:48:03 +0100] "GET / HTTP/1.1" 200 1559 "-" "Mozilla/5.0 (compatible; InternetMeasurement/1.0; +https://internet-measurement.com/)"
193.33.8.61 - - [12/Feb/2025:14:48:48 +0100] "GET /Jurek/eany/data.csv HTTP/2.0" 200 26343095 "https://dkkapusta1997.usermd.net/Jurek/eany/" "Mozilla/5.0 (Windows NT 10.0; Win64; x64) AppleWebKit/537.36 (KHTML, like Gecko) Chrome/133.0.0.0 Safari/537.36"
193.33.8.61 - - [12/Feb/2025:14:49:00 +0100] "GET /Jurek/eany/ HTTP/2.0" 304 0 "-" "Mozilla/5.0 (Windows NT 10.0; Win64; x64) AppleWebKit/537.36 (KHTML, like Gecko) Chrome/133.0.0.0 Safari/537.36"
46.101.116.244 - - [12/Feb/2025:14:49:11 +0100] "GET /Jurek/vida_morele/feeds/vidaPL_greatcz_MD.xml HTTP/2.0" 200 696092424 "-" "-"
89.161.206.59 - - [12/Feb/2025:14:50:33 +0100] "GET /Jurek/slayo/feeds/slayo_skroutz.xml HTTP/1.0" 200 195529 "-" "-"
176.161.221.161 - - [12/Feb/2025:14:50:45 +0100] "GET /Jurek/topeshop/downloaded_images/5902838460085_1.png HTTP/2.0" 404 3551 "-" "Mozilla/5.0 (Macintosh; Intel Mac OS X 10_15_7) AppleWebKit/537.36 (KHTML, like Gecko) Chrome/132.0.0.0 Safari/537.36"
176.161.221.161 - - [12/Feb/2025:14:50:45 +0100] "GET /Jurek/topeshop/downloaded_images/5904507209445_modern2pminislimartcz(1).jpg HTTP/2.0" 404 3551 "-" "Mozilla/5.0 (Macintosh; Intel Mac OS X 10_15_7) AppleWebKit/537.36 (KHTML, like Gecko) Chrome/132.0.0.0 Safari/537.36"
89.161.206.59 - - [12/Feb/2025:14:51:00 +0100] "GET /Jurek/hurtmeblowy/feeds/hurtmeblowy_skroutz.xml HTTP/1.0" 200 8038548 "-" "-"
46.101.116.244 - - [12/Feb/2025:14:51:34 +0100] "GET /Jurek/octopia/feeds/octopia_mallcz.xml HTTP/2.0" 200 10816269 "-" "-"
89.161.206.59 - - [12/Feb/2025:14:51:44 +0100] "GET /Jurek/eroplace/feeds/eroplace_amazonit.xml HTTP/1.0" 200 30849542 "-" "-"
46.101.116.244 - - [12/Feb/2025:14:51:52 +0100] "GET /Jurek/flhf/feeds/flhf_mallcz.xml HTTP/2.0" 404 3551 "-" "-"
46.101.116.244 - - [12/Feb/2025:14:52:16 +0100] "GET /Jurek/livinhill/feeds/livinhill_mallcz.xml HTTP/2.0" 200 1431693 "-" "-"
46.101.116.244 - - [12/Feb/2025:14:53:46 +0100] "GET /Jurek/vidaCZ/feeds/vida_mallcz.xml HTTP/2.0" 200 660105719 "-" "-"
85.232.241.194 - - [12/Feb/2025:14:54:04 +0100] "GET /Jurek/topeshop/feeds/topeshop_xxxlutz.xml HTTP/1.1" 200 2403211 "-" "Python-urllib/3.11"
85.232.241.194 - - [12/Feb/2025:14:54:04 +0100] "GET /Jurek/hurtownia_przemyslowa/feeds/hp_xxxlutz.xml HTTP/1.1" 200 49863672 "-" "Python-urllib/3.11"
85.232.241.194 - - [12/Feb/2025:14:54:04 +0100] "GET /Jurek/fernity/feeds/fernity_xxxlutz.xml HTTP/1.1" 200 5089603 "-" "Python-urllib/3.11"
85.232.241.194 - - [12/Feb/2025:14:54:05 +0100] "GET /Jurek/benetech/feeds/benetech_xxlutz.xml HTTP/1.1" 200 4451827 "-" "Python-urllib/3.11"
85.232.241.194 - - [12/Feb/2025:14:54:05 +0100] "GET /Jurek/ekolight/feeds/ekolioght_xxlutz.xml HTTP/1.1" 200 9051133 "-" "Python-urllib/3.11"
85.232.241.194 - - [12/Feb/2025:14:54:06 +0100] "GET /Jurek/waks/feeds/waks_xxlutz.xml HTTP/1.1" 200 6332972 "-" "Python-urllib/3.11"
85.232.241.194 - - [12/Feb/2025:14:54:06 +0100] "GET /Jurek/ekuchcikowo/feeds/ekuchcikowo_xxxlutz.xml HTTP/1.1" 200 12837888 "-" "Python-urllib/3.11"
85.232.241.194 - - [12/Feb/2025:14:54:06 +0100] "GET /Jurek/fertone/feeds/fertone_xxlutz.xml HTTP/1.1" 200 626218 "-" "Python-urllib/3.11"
85.232.241.194 - - [12/Feb/2025:14:54:08 +0100] "GET /Jurek/intsell/feeds/intsell_xxxlutz.xml HTTP/1.1" 200 338785677 "-" "Python-urllib/3.11"
193.33.8.61 - - [12/Feb/2025:14:54:50 +0100] "GET /Jurek/najtanszysport/feeds/najtanszysport_zero.xml HTTP/2.0" 200 3983328 "https://konsola.dkkapusta1997.usermd.net/" "Mozilla/5.0 (Windows NT 10.0; Win64; x64) AppleWebKit/537.36 (KHTML, like Gecko) Chrome/132.0.0.0 Safari/537.36"
77.79.248.229 - - [12/Feb/2025:14:55:00 +0100] "GET /Jurek/najtanszysport/feeds/najtanszysport_zero.xml HTTP/1.1" 200 3983328 "-" "Python-urllib/3.11"
89.161.206.59 - - [12/Feb/2025:14:56:25 +0100] "GET /Jurek/swiatecznygoliat/feeds/swiatecznygoliat_amazonde.xml HTTP/1.0" 200 7050261 "-" "-"
89.161.206.59 - - [12/Feb/2025:14:57:24 +0100] "GET /Jurek/galopi/feeds/galopi_skroutz.xml HTTP/1.0" 200 1884706 "-" "-"
89.161.206.59 - - [12/Feb/2025:14:57:30 +0100] "GET /Jurek/velinda/feeds/velinda_skroutz.xml HTTP/1.0" 200 4295543 "-" "-"
77.79.248.229 - - [12/Feb/2025:14:57:33 +0100] "GET /Filip/zalando/zalando-logo.jpg HTTP/1.1" 200 5121 "-" "-"
77.79.248.229 - - [12/Feb/2025:14:57:33 +0100] "GET /Filip/zalando/zalando-logo.jpg HTTP/1.1" 200 5121 "-" "-"
89.161.206.59 - - [12/Feb/2025:14:57:50 +0100] "GET /Jurek/ralmetal/feeds/ralmetal_emag.xml HTTP/1.0" 200 1787426 "-" "-"
89.161.206.59 - - [12/Feb/2025:14:57:50 +0100] "GET /Jurek/eroplace/feeds/eroplace_emagro.xml HTTP/1.0" 200 30856811 "-" "-"
89.161.206.59 - - [12/Feb/2025:14:57:55 +0100] "GET /Jurek/expertauto/feeds/expertauto_emagro.xml HTTP/1.0" 200 1159117 "-" "-"
77.79.248.229 - - [12/Feb/2025:14:58:01 +0100] "GET /Jurek/eurofirany/feeds/eurofirany_manomanode.xml HTTP/1.1" 200 18893170 "-" "Python-urllib/3.11"
77.79.248.229 - - [12/Feb/2025:14:58:03 +0100] "GET /Jurek/hurtownia_przemyslowa/feeds/hp_manomanode.xml HTTP/1.1" 200 49864204 "-" "Python-urllib/3.11"
77.79.248.229 - - [12/Feb/2025:14:58:04 +0100] "GET /Jurek/topeshop/feeds/topeshop_manoDE.xml HTTP/1.1" 200 2403201 "-" "Python-urllib/3.11"
77.79.248.229 - - [12/Feb/2025:14:58:05 +0100] "GET /Jurek/aw/feeds/awnarzedzia_manomanoDE.xml HTTP/1.1" 200 90553953 "-" "Python-urllib/3.11"
77.79.248.229 - - [12/Feb/2025:14:58:06 +0100] "GET /Jurek/action/feeds/action_manomano_DE.xml HTTP/1.1" 200 55044909 "-" "Python-urllib/3.11"
77.79.248.229 - - [12/Feb/2025:14:58:06 +0100] "GET /Jurek/fernity/feeds/fernity_manomano.xml HTTP/1.1" 200 5089668 "-" "Python-urllib/3.11"
77.79.248.229 - - [12/Feb/2025:14:58:07 +0100] "GET /Jurek/eurofirany/feeds/eurofirany_manomanofr.xml HTTP/1.1" 200 18893137 "-" "Python-urllib/3.11"
77.79.248.229 - - [12/Feb/2025:14:58:08 +0100] "GET /Jurek/hurtownia_przemyslowa/feeds/hp_manomanofr.xml HTTP/1.1" 200 49864738 "-" "Python-urllib/3.11"
77.79.248.229 - - [12/Feb/2025:14:58:09 +0100] "GET /Jurek/kinghome/feeds/kinghome_manomanofr.xml HTTP/1.1" 200 5741710 "-" "Python-urllib/3.11"
77.79.248.229 - - [12/Feb/2025:14:58:09 +0100] "GET /Jurek/topeshop/feeds/topeshop_manoFR.xml HTTP/1.1" 200 2403351 "-" "Python-urllib/3.11"
77.79.248.229 - - [12/Feb/2025:14:58:10 +0100] "GET /Jurek/activeshop/feeds/activeshop_manomanofr.xml HTTP/1.1" 200 10490713 "-" "Python-urllib/3.11"
77.79.248.229 - - [12/Feb/2025:14:58:12 +0100] "GET /Jurek/aw/feeds/awnarzedzia_manomanofr.xml HTTP/1.1" 200 90555479 "-" "Python-urllib/3.11"
77.79.248.229 - - [12/Feb/2025:14:58:13 +0100] "GET /Jurek/hurtownia_przemyslowa/feeds/hp_manomanoit.xml HTTP/1.1" 200 49864627 "-" "Python-urllib/3.11"
77.79.248.229 - - [12/Feb/2025:14:58:13 +0100] "GET /Jurek/eurofirany/feeds/eurofirany_manomanoit.xml HTTP/1.1" 200 18893084 "-" "Python-urllib/3.11"
77.79.248.229 - - [12/Feb/2025:14:58:14 +0100] "GET /Jurek/fernity/feeds/fernity_manoIT.xml HTTP/1.1" 200 5090347 "-" "Python-urllib/3.11"
77.79.248.229 - - [12/Feb/2025:14:58:15 +0100] "GET /Jurek/topeshop/feeds/topeshop_manoIT.xml HTTP/1.1" 200 2403323 "-" "Python-urllib/3.11"
77.79.248.229 - - [12/Feb/2025:14:58:16 +0100] "GET /Jurek/action/feeds/action_manomano_IT.xml HTTP/1.1" 200 55045859 "-" "Python-urllib/3.11"
77.79.248.229 - - [12/Feb/2025:14:58:16 +0100] "GET /Jurek/activeshop/feeds/activeshop_manomanoit.xml HTTP/1.1" 200 10490906 "-" "Python-urllib/3.11"
77.79.248.229 - - [12/Feb/2025:14:58:19 +0100] "GET /Jurek/aw/feeds/awnarzedzia_manomanoIT.xml HTTP/1.1" 200 90556753 "-" "Python-urllib/3.11"
77.79.248.229 - - [12/Feb/2025:14:58:20 +0100] "GET /Jurek/barbecook/feeds/barbecook_manoit.xml HTTP/1.1" 200 87530 "-" "Python-urllib/3.11"
46.101.116.244 - - [12/Feb/2025:14:58:29 +0100] "GET /Jurek/intsell/feeds/intsell_emagro.xml HTTP/1.0" 200 338849341 "-" "-"
66.249.66.68 - - [12/Feb/2025:14:59:24 +0100] "GET /Jurek/eurofirany/images/367112/3.jpg HTTP/1.1" 200 141720 "-" "Googlebot-Image/1.0"
193.33.8.61 - - [12/Feb/2025:14:59:56 +0100] "GET /Jurek/euroshop/feeds/euroshop_zero.xml HTTP/2.0" 304 0 "https://konsola.dkkapusta1997.usermd.net/" "Mozilla/5.0 (Windows NT 10.0; Win64; x64) AppleWebKit/537.36 (KHTML, like Gecko) Chrome/132.0.0.0 Safari/537.36"
77.79.248.229 - - [12/Feb/2025:15:00:04 +0100] "GET /Jurek/euroshop/feeds/euroshop_zero.xml HTTP/1.1" 200 17923540 "-" "Python-urllib/3.11"
85.14.86.141 - - [12/Feb/2025:15:00:34 +0100] "GET /Jurek/vida_morele/feeds/VidaPL_all.xml HTTP/2.0" 200 695886885 "-" "MarketplaceAPI curl/7.64.0 PHP/8"
52.17.80.36 - - [12/Feb/2025:15:00:40 +0100] "GET /marketplaces/ubaldi/results/ubaldi.csv HTTP/1.1" 200 147219 "-" "Mirakl HttpClient"
89.161.206.59 - - [12/Feb/2025:15:00:57 +0100] "GET /Jurek/ikonka/feeds/ikonka_allegro_cz.xml HTTP/1.0" 200 22162983 "-" "-"
89.161.206.59 - - [12/Feb/2025:15:01:02 +0100] "GET /Jurek/swiatecznygoliat/feeds/swiatecznygoliat_allegro.xml HTTP/1.0" 200 7050793 "-" "-"
89.161.206.59 - - [12/Feb/2025:15:01:04 +0100] "GET /Jurek/velinda/feeds/velinda_allegro.xml HTTP/1.0" 200 4283064 "-" "-"
89.161.206.59 - - [12/Feb/2025:15:01:41 +0100] "GET /Jurek/b3/feeds/b3_amazonfr.xml HTTP/1.0" 200 7329688 "-" "-"
89.161.206.59 - - [12/Feb/2025:15:01:42 +0100] "GET /Jurek/b3/feeds/b3_amazonit.xml HTTP/1.0" 200 7329653 "-" "-"
52.209.168.113 - - [12/Feb/2025:15:02:08 +0100] "GET /marketplaces/rue/results/rue.csv HTTP/1.1" 200 130835 "-" "Mirakl HttpClient"
85.14.86.141 - - [12/Feb/2025:15:03:03 +0100] "GET /Jurek/kinghoff/feeds/kinghoff_morele.xml HTTP/2.0" 200 14151871 "-" "MarketplaceAPI curl/7.64.0 PHP/8"
85.232.241.194 - - [12/Feb/2025:15:04:08 +0100] "GET /Jurek/aw/feeds/aw_worten.xml HTTP/1.1" 200 90557327 "-" "Python-urllib/3.11"
85.232.241.194 - - [12/Feb/2025:15:04:08 +0100] "GET /Jurek/aw/feeds/aw_wortenES.xml HTTP/1.1" 200 90557376 "-" "Python-urllib/3.11"
85.232.241.194 - - [12/Feb/2025:15:04:09 +0100] "GET /Jurek/action/feeds/action_worten.xml HTTP/1.1" 200 55045869 "-" "Python-urllib/3.11"
85.232.241.194 - - [12/Feb/2025:15:04:10 +0100] "GET /Jurek/action/feeds/action_wortenES.xml HTTP/1.1" 200 55046131 "-" "Python-urllib/3.11"
193.33.8.61 - - [12/Feb/2025:15:04:38 +0100] "GET /Jurek/rider/feeds/rider_zero.xml HTTP/2.0" 200 8164685 "https://konsola.dkkapusta1997.usermd.net/" "Mozilla/5.0 (Windows NT 10.0; Win64; x64) AppleWebKit/537.36 (KHTML, like Gecko) Chrome/132.0.0.0 Safari/537.36"
77.79.248.229 - - [12/Feb/2025:15:04:45 +0100] "GET /Jurek/rider/feeds/rider_zero.xml HTTP/1.1" 200 8164685 "-" "Python-urllib/3.11"
85.232.241.194 - - [12/Feb/2025:15:05:05 +0100] "GET /Jurek/octopia/feeds/octopia_worten.xml HTTP/1.1" 200 10803528 "-" "Python-urllib/3.11"
85.232.241.194 - - [12/Feb/2025:15:05:05 +0100] "GET /Jurek/octopia/feeds/octopia_wortenES.xml HTTP/1.1" 200 10803536 "-" "Python-urllib/3.11"
85.232.241.194 - - [12/Feb/2025:15:05:06 +0100] "GET /Jurek/hurtownia_przemyslowa/feeds/hp_worten.xml HTTP/1.1" 200 49864236 "-" "Python-urllib/3.11"
85.232.241.194 - - [12/Feb/2025:15:05:06 +0100] "GET /Jurek/hurtownia_przemyslowa/feeds/hp_wortenES.xml HTTP/1.1" 200 49864351 "-" "Python-urllib/3.11"
85.232.241.194 - - [12/Feb/2025:15:05:24 +0100] "GET /Jurek/ikonka/feeds/ikonka_worten.xml HTTP/1.1" 200 22162356 "-" "Python-urllib/3.11"
85.14.86.141 - - [12/Feb/2025:15:05:24 +0100] "GET /Jurek/eurofirany/feeds/eurofirany_morele.xml HTTP/2.0" 200 18894578 "-" "MarketplaceAPI curl/7.64.0 PHP/8"
85.232.241.194 - - [12/Feb/2025:15:05:24 +0100] "GET /Jurek/ikonka/feeds/ikonka_wortenES.xml HTTP/1.1" 200 22162304 "-" "Python-urllib/3.11"
77.79.248.229 - - [12/Feb/2025:15:05:27 +0100] "GET /Filip/zalando/zalando-logo.jpg HTTP/1.1" 200 5121 "-" "-"
77.79.248.229 - - [12/Feb/2025:15:05:27 +0100] "GET /Filip/zalando/zalando-logo.jpg HTTP/1.1" 200 5121 "-" "-"
85.232.241.194 - - [12/Feb/2025:15:05:30 +0100] "GET /Jurek/eroplace/feeds/eroplace_worten.xml HTTP/1.1" 200 30849252 "-" "Python-urllib/3.11"
85.232.241.194 - - [12/Feb/2025:15:05:31 +0100] "GET /Jurek/eroplace/feeds/eroplace_wortenES.xml HTTP/1.1" 200 30849372 "-" "Python-urllib/3.11"
85.232.241.194 - - [12/Feb/2025:15:05:34 +0100] "GET /Jurek/intsell/feeds/intsell_worten.xml HTTP/1.1" 200 338787535 "-" "Python-urllib/3.11"
85.232.241.194 - - [12/Feb/2025:15:05:36 +0100] "GET /Jurek/intsell/feeds/intsell_wortenES.xml HTTP/1.1" 200 338789020 "-" "Python-urllib/3.11"
85.232.241.194 - - [12/Feb/2025:15:05:38 +0100] "GET /Jurek/coppotech/feeds/coppotech_worten.xml HTTP/1.1" 200 38985803 "-" "Python-urllib/3.11"
85.232.241.194 - - [12/Feb/2025:15:05:39 +0100] "GET /Jurek/coppotech/feeds/coppotech_wortenES.xml HTTP/1.1" 200 38986111 "-" "Python-urllib/3.11"
85.232.241.194 - - [12/Feb/2025:15:05:40 +0100] "GET /Jurek/b3/feeds/b3_worten.xml HTTP/1.1" 200 7329552 "-" "Python-urllib/3.11"
85.232.241.194 - - [12/Feb/2025:15:05:41 +0100] "GET /Jurek/b3/feeds/b3_wortenES.xml HTTP/1.1" 200 7329511 "-" "Python-urllib/3.11"
85.232.241.194 - - [12/Feb/2025:15:05:41 +0100] "GET /Jurek/ekuchcikowo/feeds/ekuchcikowo_worten.xml HTTP/1.1" 200 12837994 "-" "Python-urllib/3.11"
85.232.241.194 - - [12/Feb/2025:15:05:42 +0100] "GET /Jurek/ekuchcikowo/feeds/ekuchcikowo_wortenES.xml HTTP/1.1" 200 12837888 "-" "Python-urllib/3.11"
85.232.241.194 - - [12/Feb/2025:15:05:42 +0100] "GET /Jurek/fertone/feeds/fertone_worten.xml HTTP/1.1" 200 626232 "-" "Python-urllib/3.11"
85.232.241.194 - - [12/Feb/2025:15:05:42 +0100] "GET /Jurek/fertone/feeds/fertone_wortenES.xml HTTP/1.1" 200 626224 "-" "Python-urllib/3.11"
85.232.241.194 - - [12/Feb/2025:15:05:42 +0100] "GET /Jurek/sempler/feeds/sempler_worten.xml HTTP/1.1" 200 6553253 "-" "Python-urllib/3.11"
85.232.241.194 - - [12/Feb/2025:15:05:43 +0100] "GET /Jurek/sempler/feeds/sempler_wortenES.xml HTTP/1.1" 200 6553280 "-" "Python-urllib/3.11"
85.232.241.194 - - [12/Feb/2025:15:05:43 +0100] "GET /Jurek/euroshop/feeds/euroshop_worten.xml HTTP/1.1" 200 17927459 "-" "Python-urllib/3.11"
85.232.241.194 - - [12/Feb/2025:15:05:43 +0100] "GET /Jurek/euroshop/feeds/euroshop_wortenES.xml HTTP/1.1" 200 17927405 "-" "Python-urllib/3.11"
85.232.241.194 - - [12/Feb/2025:15:05:44 +0100] "GET /Jurek/ekolight/feeds/ekolight_worten.xml HTTP/1.1" 200 9051670 "-" "Python-urllib/3.11"
85.232.241.194 - - [12/Feb/2025:15:05:44 +0100] "GET /Jurek/ekolight/feeds/ekolight_wortenES.xml HTTP/1.1" 200 9051813 "-" "Python-urllib/3.11"
85.232.241.194 - - [12/Feb/2025:15:05:44 +0100] "GET /Jurek/erohurtownia/feeds/erohurtownia_worten.xml HTTP/1.1" 200 23304149 "-" "Python-urllib/3.11"
85.232.241.194 - - [12/Feb/2025:15:05:45 +0100] "GET /Jurek/erohurtownia/feeds/erohurtownia_wortenES.xml HTTP/1.1" 200 23304177 "-" "Python-urllib/3.11"
85.232.241.194 - - [12/Feb/2025:15:05:45 +0100] "GET /Jurek/kobi/feeds/kobi_worten.xml HTTP/1.1" 200 1993227 "-" "Python-urllib/3.11"
85.232.241.194 - - [12/Feb/2025:15:05:45 +0100] "GET /Jurek/kobi/feeds/kobi_wortenES.xml HTTP/1.1" 200 1993232 "-" "Python-urllib/3.11"
85.14.86.141 - - [12/Feb/2025:15:05:48 +0100] "GET /Jurek/vivaldi/feeds/vivaldi_Morele-PL.xml HTTP/2.0" 200 344674 "-" "MarketplaceAPI curl/7.64.0 PHP/8"
85.232.241.194 - - [12/Feb/2025:15:05:50 +0100] "GET /Jurek/elecomp/feeds/elecomp_worten.xml HTTP/1.1" 200 2869612 "-" "Python-urllib/3.11"
85.232.241.194 - - [12/Feb/2025:15:05:50 +0100] "GET /Jurek/elecomp/feeds/elecomp_wortenES.xml HTTP/1.1" 200 2869589 "-" "Python-urllib/3.11"
85.232.241.194 - - [12/Feb/2025:15:05:51 +0100] "GET /Jurek/kambukka/feeds/kambukka_worten.xml HTTP/1.1" 200 973311 "-" "Python-urllib/3.11"
85.232.241.194 - - [12/Feb/2025:15:05:51 +0100] "GET /Jurek/kambukka/feeds/kambukka_wortenES.xml HTTP/1.1" 200 973312 "-" "Python-urllib/3.11"
85.232.241.194 - - [12/Feb/2025:15:05:52 +0100] "GET /Jurek/waks/feeds/waks_worten.xml HTTP/1.1" 200 6333037 "-" "Python-urllib/3.11"
85.232.241.194 - - [12/Feb/2025:15:05:52 +0100] "GET /Jurek/waks/feeds/waks_wortenES.xml HTTP/1.1" 200 6333029 "-" "Python-urllib/3.11"
85.232.241.194 - - [12/Feb/2025:15:05:52 +0100] "GET /Jurek/oromed/feeds/oromed_worten.xml HTTP/1.1" 200 968274 "-" "Python-urllib/3.11"
85.232.241.194 - - [12/Feb/2025:15:05:52 +0100] "GET /Jurek/oromed/feeds/oromed_wortenES.xml HTTP/1.1" 200 968271 "-" "Python-urllib/3.11"
77.79.248.229 - - [12/Feb/2025:15:05:52 +0100] "GET /Filip/zalando/zalando-logo.jpg HTTP/1.1" 200 5121 "-" "-"
85.232.241.194 - - [12/Feb/2025:15:05:52 +0100] "GET /Jurek/benetech/feeds/benetech_worten.xml HTTP/1.1" 200 4451819 "-" "Python-urllib/3.11"
77.79.248.229 - - [12/Feb/2025:15:05:52 +0100] "GET /Filip/zalando/zalando-logo.jpg HTTP/1.1" 200 5121 "-" "-"
85.232.241.194 - - [12/Feb/2025:15:05:53 +0100] "GET /Jurek/benetech/feeds/benetech_wortenES.xml HTTP/1.1" 200 4451821 "-" "Python-urllib/3.11"
85.232.241.194 - - [12/Feb/2025:15:05:53 +0100] "GET /Jurek/spali/feeds/spali_worten.xml HTTP/1.1" 200 101945 "-" "Python-urllib/3.11"
85.232.241.194 - - [12/Feb/2025:15:05:53 +0100] "GET /Jurek/spali/feeds/spali_wortenES.xml HTTP/1.1" 200 101947 "-" "Python-urllib/3.11"
85.232.241.194 - - [12/Feb/2025:15:05:54 +0100] "GET /Jurek/najtanszysport/feeds/najtanszysport_worten.xml HTTP/1.1" 200 3982909 "-" "Python-urllib/3.11"
85.232.241.194 - - [12/Feb/2025:15:05:54 +0100] "GET /Jurek/najtanszysport/feeds/najtanszysport_wortenES.xml HTTP/1.1" 200 3982973 "-" "Python-urllib/3.11"
85.232.241.194 - - [12/Feb/2025:15:05:54 +0100] "GET /Jurek/maksik/feeds/maksik_worten.xml HTTP/1.1" 200 4084766 "-" "Python-urllib/3.11"
85.232.241.194 - - [12/Feb/2025:15:05:55 +0100] "GET /Jurek/maksik/feeds/maksik_wortenES.xml HTTP/1.1" 200 4084790 "-" "Python-urllib/3.11"
85.232.241.194 - - [12/Feb/2025:15:05:55 +0100] "GET /Jurek/urwiskowo/feeds/urwiskowo_worten.xml HTTP/1.1" 200 9114952 "-" "Python-urllib/3.11"
85.232.241.194 - - [12/Feb/2025:15:05:55 +0100] "GET /Jurek/urwiskowo/feeds/urwiskowo_wortenES.xml HTTP/1.1" 200 9114975 "-" "Python-urllib/3.11"
85.232.241.194 - - [12/Feb/2025:15:05:55 +0100] "GET /Jurek/combine/feeds/combine_worten.xml HTTP/1.1" 200 210554 "-" "Python-urllib/3.11"
85.232.241.194 - - [12/Feb/2025:15:05:56 +0100] "GET /Jurek/combine/feeds/combine_wortenES.xml HTTP/1.1" 200 210558 "-" "Python-urllib/3.11"
85.232.241.194 - - [12/Feb/2025:15:06:03 +0100] "GET /Jurek/action/feeds/action_ubaldi.xml HTTP/1.1" 200 55045154 "-" "Python-urllib/3.11"
85.232.241.194 - - [12/Feb/2025:15:06:12 +0100] "GET /Jurek/unimet/feeds/unimet_ubaldi.xml HTTP/1.1" 200 61071480 "-" "Python-urllib/3.11"
85.232.241.194 - - [12/Feb/2025:15:06:12 +0100] "GET /Jurek/hurtownia_przemyslowa/feeds/hp_ubaldi.xml HTTP/1.1" 200 49863999 "-" "Python-urllib/3.11"
85.232.241.194 - - [12/Feb/2025:15:06:13 +0100] "GET /Jurek/aw/feeds/aw_ubaldi.xml HTTP/1.1" 200 90559584 "-" "Python-urllib/3.11"
77.79.248.229 - - [12/Feb/2025:15:06:15 +0100] "GET /Filip/zalando/zalando-logo.jpg HTTP/1.1" 200 5121 "-" "-"
77.79.248.229 - - [12/Feb/2025:15:06:15 +0100] "GET /Filip/zalando/zalando-logo.jpg HTTP/1.1" 200 5121 "-" "-"
77.79.248.229 - - [12/Feb/2025:15:06:35 +0100] "GET /Filip/zalando/zalando-logo.jpg HTTP/1.1" 200 5121 "-" "-"
77.79.248.229 - - [12/Feb/2025:15:06:35 +0100] "GET /Filip/zalando/zalando-logo.jpg HTTP/1.1" 200 5121 "-" "-"
85.14.86.141 - - [12/Feb/2025:15:07:08 +0100] "GET /Jurek/aw/feeds/awnarzedzia_morele.xml HTTP/2.0" 200 90567603 "-" "MarketplaceAPI curl/7.64.0 PHP/8"
193.33.8.61 - - [12/Feb/2025:15:07:27 +0100] "GET /Jurek/galopibhp/output.txt HTTP/2.0" 200 2259 "https://konsola.dkkapusta1997.usermd.net/" "Mozilla/5.0 (Windows NT 10.0; Win64; x64) AppleWebKit/537.36 (KHTML, like Gecko) Chrome/132.0.0.0 Safari/537.36"
85.14.86.141 - - [12/Feb/2025:15:07:29 +0100] "GET /Jurek/miloohome/feeds/miloohome_morele.xml HTTP/2.0" 200 1421250 "-" "MarketplaceAPI curl/7.64.0 PHP/8"
193.33.8.61 - - [12/Feb/2025:15:07:31 +0100] "GET /Jurek/galopibhp/feeds/galopibhp_cdon_se.xml HTTP/2.0" 200 1984322 "https://konsola.dkkapusta1997.usermd.net/" "Mozilla/5.0 (Windows NT 10.0; Win64; x64) AppleWebKit/537.36 (KHTML, like Gecko) Chrome/132.0.0.0 Safari/537.36"
85.14.86.141 - - [12/Feb/2025:15:07:38 +0100] "GET /Jurek/vida_morele/feeds/VidaPL_morele.xml HTTP/2.0" 200 695887911 "-" "MarketplaceAPI curl/7.64.0 PHP/8"
85.14.86.141 - - [12/Feb/2025:15:07:40 +0100] "GET /Jurek/beliani/feeds/beliani_morele.xml HTTP/2.0" 200 31886727 "-" "MarketplaceAPI curl/7.64.0 PHP/8"
89.161.206.59 - - [12/Feb/2025:15:07:54 +0100] "GET /Jurek/bass/feeds/bass_skroutz.xml HTTP/1.0" 200 3983896 "-" "-"
77.79.248.229 - - [12/Feb/2025:15:08:00 +0100] "GET /Jurek/galopibhp/feeds/galopibhp_cdon_se.xml HTTP/1.1" 200 1984322 "-" "Python-urllib/3.11"
89.161.206.59 - - [12/Feb/2025:15:08:04 +0100] "GET /Jurek/hdwr/feeds/hdwr_skroutz.xml HTTP/1.0" 200 777804 "-" "-"
89.161.206.59 - - [12/Feb/2025:15:08:07 +0100] "GET /Jurek/waks/feeds/waks_skroutz.xml HTTP/1.0" 200 6332990 "-" "-"
89.161.206.59 - - [12/Feb/2025:15:08:20 +0100] "GET /Jurek/pagmil/feeds/pagmil_skroutz.xml HTTP/1.0" 200 1705662 "-" "-"
89.161.206.59 - - [12/Feb/2025:15:08:24 +0100] "GET /Jurek/kambukka/feeds/kambukka_skroutz.xml HTTP/1.0" 200 973314 "-" "-"
89.161.206.59 - - [12/Feb/2025:15:08:25 +0100] "GET /Jurek/benetech/feeds/benetech_skroutz.xml HTTP/1.0" 200 2842536 "-" "-"
89.161.206.59 - - [12/Feb/2025:15:08:33 +0100] "GET /Jurek/sempler/feeds/sempler_skroutz.xml HTTP/1.0" 200 6553250 "-" "-"
89.161.206.59 - - [12/Feb/2025:15:08:34 +0100] "GET /Jurek/eroplace/feeds/eroplace_skroutz.xml HTTP/1.0" 200 30849340 "-" "-"
89.161.206.59 - - [12/Feb/2025:15:08:36 +0100] "GET /Jurek/targethome/feeds/targethome_skroutz.xml HTTP/1.0" 200 683603 "-" "-"
77.79.248.229 - - [12/Feb/2025:15:08:36 +0100] "GET /Filip/zalando/zalando-logo.jpg HTTP/1.1" 200 5121 "-" "-"
77.79.248.229 - - [12/Feb/2025:15:08:37 +0100] "GET /Filip/zalando/zalando-logo.jpg HTTP/1.1" 200 5121 "-" "-"
77.79.248.229 - - [12/Feb/2025:15:08:55 +0100] "GET /Filip/zalando/zalando-logo.jpg HTTP/1.1" 200 5121 "-" "-"
77.79.248.229 - - [12/Feb/2025:15:08:55 +0100] "GET /Filip/zalando/zalando-logo.jpg HTTP/1.1" 200 5121 "-" "-"
77.79.248.229 - - [12/Feb/2025:15:08:56 +0100] "GET /Jurek/coppotech/feeds/coppotech_zero.xml HTTP/1.1" 200 38980675 "-" "Python-urllib/3.11"
193.33.8.61 - - [12/Feb/2025:15:08:57 +0100] "GET /Jurek/coppotech/feeds/coppotech_zero.xml HTTP/2.0" 200 38980675 "https://konsola.dkkapusta1997.usermd.net/" "Mozilla/5.0 (Windows NT 10.0; Win64; x64) AppleWebKit/537.36 (KHTML, like Gecko) Chrome/132.0.0.0 Safari/537.36"
77.79.248.229 - - [12/Feb/2025:15:09:46 +0100] "GET /Filip/zalando/zalando-logo.jpg HTTP/1.1" 200 5121 "-" "-"
77.79.248.229 - - [12/Feb/2025:15:09:47 +0100] "GET /Filip/zalando/zalando-logo.jpg HTTP/1.1" 200 5121 "-" "-"
77.79.248.229 - - [12/Feb/2025:15:10:05 +0100] "GET /Filip/zalando/zalando-logo.jpg HTTP/1.1" 200 5121 "-" "-"
77.79.248.229 - - [12/Feb/2025:15:10:05 +0100] "GET /Filip/zalando/zalando-logo.jpg HTTP/1.1" 200 5121 "-" "-"
77.79.248.229 - - [12/Feb/2025:15:10:24 +0100] "GET /Filip/zalando/zalando-logo.jpg HTTP/1.1" 200 5121 "-" "-"
77.79.248.229 - - [12/Feb/2025:15:10:24 +0100] "GET /Filip/zalando/zalando-logo.jpg HTTP/1.1" 200 5121 "-" "-"
77.79.248.229 - - [12/Feb/2025:15:10:45 +0100] "GET /Filip/zalando/zalando-logo.jpg HTTP/1.1" 200 5121 "-" "-"
77.79.248.229 - - [12/Feb/2025:15:10:46 +0100] "GET /Filip/zalando/zalando-logo.jpg HTTP/1.1" 200 5121 "-" "-"
77.79.248.229 - - [12/Feb/2025:15:11:18 +0100] "GET /Filip/zalando/zalando-logo.jpg HTTP/1.1" 200 5121 "-" "-"
77.79.248.229 - - [12/Feb/2025:15:11:18 +0100] "GET /Filip/zalando/zalando-logo.jpg HTTP/1.1" 200 5121 "-" "-"
77.79.248.229 - - [12/Feb/2025:15:11:25 +0100] "GET /Filip/zalando/zalando-logo.jpg HTTP/1.1" 200 5121 "-" "-"
77.79.248.229 - - [12/Feb/2025:15:11:25 +0100] "GET /Filip/zalando/zalando-logo.jpg HTTP/1.1" 200 5121 "-" "-"
46.101.116.244 - - [12/Feb/2025:15:13:30 +0100] "GET /Filip/feeds/xlsx_ceneo.xml HTTP/1.0" 200 6241376 "-" "-"
51.77.52.107 - - [12/Feb/2025:15:13:30 +0100] "POST /Filip/Rovicky/baselinker/baselinker-ceneo-shumee.php HTTP/2.0" 200 106776 "-" "BaseLinker/1.0"
77.79.248.229 - - [12/Feb/2025:15:14:05 +0100] "GET /Filip/zalando/zalando-logo.jpg HTTP/1.1" 200 5121 "-" "-"
77.79.248.229 - - [12/Feb/2025:15:14:06 +0100] "GET /Filip/zalando/zalando-logo.jpg HTTP/1.1" 200 5121 "-" "-"
77.79.248.229 - - [12/Feb/2025:15:14:11 +0100] "GET /Filip/zalando/zalando-logo.jpg HTTP/1.1" 200 5121 "-" "-"
77.79.248.229 - - [12/Feb/2025:15:14:11 +0100] "GET /Filip/zalando/zalando-logo.jpg HTTP/1.1" 200 5121 "-" "-"
77.79.248.229 - - [12/Feb/2025:15:14:17 +0100] "GET /Filip/zalando/zalando-logo.jpg HTTP/1.1" 200 5121 "-" "-"
77.79.248.229 - - [12/Feb/2025:15:14:18 +0100] "GET /Filip/zalando/zalando-logo.jpg HTTP/1.1" 200 5121 "-" "-"
77.79.248.229 - - [12/Feb/2025:15:14:24 +0100] "GET /Filip/zalando/zalando-logo.jpg HTTP/1.1" 200 5121 "-" "-"
77.79.248.229 - - [12/Feb/2025:15:14:25 +0100] "GET /Filip/zalando/zalando-logo.jpg HTTP/1.1" 200 5121 "-" "-"
77.79.248.229 - - [12/Feb/2025:15:14:31 +0100] "GET /Filip/zalando/zalando-logo.jpg HTTP/1.1" 200 5121 "-" "-"
77.79.248.229 - - [12/Feb/2025:15:14:31 +0100] "GET /Filip/zalando/zalando-logo.jpg HTTP/1.1" 200 5121 "-" "-"
77.79.248.229 - - [12/Feb/2025:15:14:38 +0100] "GET /Filip/zalando/zalando-logo.jpg HTTP/1.1" 200 5121 "-" "-"
77.79.248.229 - - [12/Feb/2025:15:14:38 +0100] "GET /Filip/zalando/zalando-logo.jpg HTTP/1.1" 200 5121 "-" "-"
77.79.248.229 - - [12/Feb/2025:15:14:44 +0100] "GET /Filip/zalando/zalando-logo.jpg HTTP/1.1" 200 5121 "-" "-"
77.79.248.229 - - [12/Feb/2025:15:14:45 +0100] "GET /Filip/zalando/zalando-logo.jpg HTTP/1.1" 200 5121 "-" "-"
77.79.248.229 - - [12/Feb/2025:15:14:52 +0100] "GET /Filip/zalando/zalando-logo.jpg HTTP/1.1" 200 5121 "-" "-"
77.79.248.229 - - [12/Feb/2025:15:14:52 +0100] "GET /Filip/zalando/zalando-logo.jpg HTTP/1.1" 200 5121 "-" "-"
77.79.248.229 - - [12/Feb/2025:15:14:59 +0100] "GET /Filip/zalando/zalando-logo.jpg HTTP/1.1" 200 5121 "-" "-"
77.79.248.229 - - [12/Feb/2025:15:14:59 +0100] "GET /Filip/zalando/zalando-logo.jpg HTTP/1.1" 200 5121 "-" "-"
77.79.248.229 - - [12/Feb/2025:15:15:07 +0100] "GET /Filip/zalando/zalando-logo.jpg HTTP/1.1" 200 5121 "-" "-"
77.79.248.229 - - [12/Feb/2025:15:15:07 +0100] "GET /Filip/zalando/zalando-logo.jpg HTTP/1.1" 200 5121 "-" "-"
193.33.8.61 - - [12/Feb/2025:15:15:09 +0100] "GET /Jurek/galopibhp/feeds/galopibhp_cdon_dk.xml HTTP/2.0" 200 1984245 "https://konsola.dkkapusta1997.usermd.net/" "Mozilla/5.0 (Windows NT 10.0; Win64; x64) AppleWebKit/537.36 (KHTML, like Gecko) Chrome/132.0.0.0 Safari/537.36"
193.33.8.61 - - [12/Feb/2025:15:15:09 +0100] "GET /Jurek/galopibhp/feeds/galopibhp_cdon_fi.xml HTTP/2.0" 200 1982868 "https://konsola.dkkapusta1997.usermd.net/" "Mozilla/5.0 (Windows NT 10.0; Win64; x64) AppleWebKit/537.36 (KHTML, like Gecko) Chrome/132.0.0.0 Safari/537.36"
77.79.248.229 - - [12/Feb/2025:15:15:14 +0100] "GET /Filip/zalando/zalando-logo.jpg HTTP/1.1" 200 5121 "-" "-"
77.79.248.229 - - [12/Feb/2025:15:15:14 +0100] "GET /Filip/zalando/zalando-logo.jpg HTTP/1.1" 200 5121 "-" "-"
77.79.248.229 - - [12/Feb/2025:15:15:21 +0100] "GET /Filip/zalando/zalando-logo.jpg HTTP/1.1" 200 5121 "-" "-"
77.79.248.229 - - [12/Feb/2025:15:15:21 +0100] "GET /Filip/zalando/zalando-logo.jpg HTTP/1.1" 200 5121 "-" "-"
77.79.248.229 - - [12/Feb/2025:15:15:28 +0100] "GET /Filip/zalando/zalando-logo.jpg HTTP/1.1" 200 5121 "-" "-"
77.79.248.229 - - [12/Feb/2025:15:15:29 +0100] "GET /Filip/zalando/zalando-logo.jpg HTTP/1.1" 200 5121 "-" "-"
77.79.248.229 - - [12/Feb/2025:15:15:31 +0100] "GET /Jurek/galopibhp/feeds/galopibhp_cdon_dk.xml HTTP/1.1" 200 1984245 "-" "Python-urllib/3.11"
77.79.248.229 - - [12/Feb/2025:15:15:36 +0100] "GET /Filip/zalando/zalando-logo.jpg HTTP/1.1" 200 5121 "-" "-"
77.79.248.229 - - [12/Feb/2025:15:15:36 +0100] "GET /Filip/zalando/zalando-logo.jpg HTTP/1.1" 200 5121 "-" "-"
77.79.248.229 - - [12/Feb/2025:15:15:42 +0100] "GET /Filip/zalando/zalando-logo.jpg HTTP/1.1" 200 5121 "-" "-"
77.79.248.229 - - [12/Feb/2025:15:15:42 +0100] "GET /Filip/zalando/zalando-logo.jpg HTTP/1.1" 200 5121 "-" "-"
185.6.76.18 - - [12/Feb/2025:15:15:46 +0100] "GET /marketplaces/skroutz/feeds/shumee.xml HTTP/1.1" 200 348757046 "-" "SkroutzBot v1.0"
77.79.248.229 - - [12/Feb/2025:15:15:48 +0100] "GET /Filip/zalando/zalando-logo.jpg HTTP/1.1" 200 5121 "-" "-"
77.79.248.229 - - [12/Feb/2025:15:15:48 +0100] "GET /Filip/zalando/zalando-logo.jpg HTTP/1.1" 200 5121 "-" "-"
46.101.116.244 - - [12/Feb/2025:15:15:56 +0100] "GET /Jurek/aw/feeds/aw_fnacfr.xml HTTP/1.0" 404 3551 "-" "-"
77.79.248.229 - - [12/Feb/2025:15:15:56 +0100] "GET /Filip/zalando/zalando-logo.jpg HTTP/1.1" 200 5121 "-" "-"
77.79.248.229 - - [12/Feb/2025:15:15:56 +0100] "GET /Filip/zalando/zalando-logo.jpg HTTP/1.1" 200 5121 "-" "-"
77.79.248.229 - - [12/Feb/2025:15:16:03 +0100] "GET /Filip/zalando/zalando-logo.jpg HTTP/1.1" 200 5121 "-" "-"
77.79.248.229 - - [12/Feb/2025:15:16:03 +0100] "GET /Filip/zalando/zalando-logo.jpg HTTP/1.1" 200 5121 "-" "-"
77.79.248.229 - - [12/Feb/2025:15:16:10 +0100] "GET /Filip/zalando/zalando-logo.jpg HTTP/1.1" 200 5121 "-" "-"
77.79.248.229 - - [12/Feb/2025:15:16:11 +0100] "GET /Filip/zalando/zalando-logo.jpg HTTP/1.1" 200 5121 "-" "-"
77.79.248.229 - - [12/Feb/2025:15:16:18 +0100] "GET /Filip/zalando/zalando-logo.jpg HTTP/1.1" 200 5121 "-" "-"
77.79.248.229 - - [12/Feb/2025:15:16:18 +0100] "GET /Filip/zalando/zalando-logo.jpg HTTP/1.1" 200 5121 "-" "-"
77.79.248.229 - - [12/Feb/2025:15:16:24 +0100] "GET /Filip/zalando/zalando-logo.jpg HTTP/1.1" 200 5121 "-" "-"
77.79.248.229 - - [12/Feb/2025:15:16:25 +0100] "GET /Filip/zalando/zalando-logo.jpg HTTP/1.1" 200 5121 "-" "-"
193.33.8.61 - - [12/Feb/2025:15:16:25 +0100] "GET /Jurek/erohurtownia/feeds/erohurtownia_alza.xml HTTP/2.0" 404 3551 "https://konsola.dkkapusta1997.usermd.net/" "Mozilla/5.0 (Windows NT 10.0; Win64; x64) AppleWebKit/537.36 (KHTML, like Gecko) Chrome/132.0.0.0 Safari/537.36"
193.33.8.61 - - [12/Feb/2025:15:16:31 +0100] "GET /Jurek/erohurtownia/feeds/erohurtownia_alza.xml HTTP/2.0" 404 3551 "https://konsola.dkkapusta1997.usermd.net/" "Mozilla/5.0 (Windows NT 10.0; Win64; x64) AppleWebKit/537.36 (KHTML, like Gecko) Chrome/132.0.0.0 Safari/537.36"
77.79.248.229 - - [12/Feb/2025:15:16:32 +0100] "GET /Filip/zalando/zalando-logo.jpg HTTP/1.1" 200 5121 "-" "-"
77.79.248.229 - - [12/Feb/2025:15:16:32 +0100] "GET /Filip/zalando/zalando-logo.jpg HTTP/1.1" 200 5121 "-" "-"
77.79.248.229 - - [12/Feb/2025:15:16:38 +0100] "GET /Filip/zalando/zalando-logo.jpg HTTP/1.1" 200 5121 "-" "-"
77.79.248.229 - - [12/Feb/2025:15:16:38 +0100] "GET /Filip/zalando/zalando-logo.jpg HTTP/1.1" 200 5121 "-" "-"
77.79.248.229 - - [12/Feb/2025:15:16:44 +0100] "GET /Filip/zalando/zalando-logo.jpg HTTP/1.1" 200 5121 "-" "-"
46.101.116.244 - - [12/Feb/2025:15:16:44 +0100] "GET /Filip/feeds/xlsx_ceneo.xml HTTP/1.0" 200 6241376 "-" "-"
77.79.248.229 - - [12/Feb/2025:15:16:44 +0100] "GET /Filip/zalando/zalando-logo.jpg HTTP/1.1" 200 5121 "-" "-"
51.77.52.107 - - [12/Feb/2025:15:16:45 +0100] "POST /Filip/Rovicky/baselinker/baselinker-ceneo-shumee.php HTTP/2.0" 200 106776 "-" "BaseLinker/1.0"
77.79.248.229 - - [12/Feb/2025:15:16:51 +0100] "GET /Filip/zalando/zalando-logo.jpg HTTP/1.1" 200 5121 "-" "-"
77.79.248.229 - - [12/Feb/2025:15:16:52 +0100] "GET /Filip/zalando/zalando-logo.jpg HTTP/1.1" 200 5121 "-" "-"
77.79.248.229 - - [12/Feb/2025:15:16:58 +0100] "GET /Filip/zalando/zalando-logo.jpg HTTP/1.1" 200 5121 "-" "-"
77.79.248.229 - - [12/Feb/2025:15:16:58 +0100] "GET /Filip/zalando/zalando-logo.jpg HTTP/1.1" 200 5121 "-" "-"
193.33.8.61 - - [12/Feb/2025:15:16:58 +0100] "GET /Jurek/erohurtownia/feeds/erohurtownia_alza.xml HTTP/2.0" 404 3551 "https://konsola.dkkapusta1997.usermd.net/" "Mozilla/5.0 (Windows NT 10.0; Win64; x64) AppleWebKit/537.36 (KHTML, like Gecko) Chrome/132.0.0.0 Safari/537.36"
77.79.248.229 - - [12/Feb/2025:15:17:00 +0100] "GET /Jurek/galopibhp/feeds/galopibhp_cdon_fi.xml HTTP/1.1" 200 1982868 "-" "Python-urllib/3.11"
77.79.248.229 - - [12/Feb/2025:15:17:05 +0100] "GET /Filip/zalando/zalando-logo.jpg HTTP/1.1" 200 5121 "-" "-"
77.79.248.229 - - [12/Feb/2025:15:17:05 +0100] "GET /Filip/zalando/zalando-logo.jpg HTTP/1.1" 200 5121 "-" "-"
193.33.8.61 - - [12/Feb/2025:15:17:29 +0100] "GET /Jurek/najtanszysport/feeds/najtanszysport_alza.xml HTTP/2.0" 200 3982708 "https://konsola.dkkapusta1997.usermd.net/" "Mozilla/5.0 (Windows NT 10.0; Win64; x64) AppleWebKit/537.36 (KHTML, like Gecko) Chrome/132.0.0.0 Safari/537.36"
34.250.103.72 - - [12/Feb/2025:15:17:46 +0100] "GET /Jurek/najtanszysport/feeds/najtanszysport_alza.xml HTTP/1.1" 200 147217 "-" "Mozilla/5.0 (Macintosh; Intel Mac OS X 10_13_6) AppleWebKit/537.36 (KHTML, like Gecko) Chrome/73.0.3669.0 Safari/537.36"
193.33.8.61 - - [12/Feb/2025:15:18:23 +0100] "GET /Jurek/euroshop/feeds/euroshop_alza.xml HTTP/2.0" 404 3551 "https://konsola.dkkapusta1997.usermd.net/" "Mozilla/5.0 (Windows NT 10.0; Win64; x64) AppleWebKit/537.36 (KHTML, like Gecko) Chrome/132.0.0.0 Safari/537.36"
193.33.8.61 - - [12/Feb/2025:15:18:45 +0100] "GET /Jurek/euroshop/feeds/euroshop_alza.xml HTTP/2.0" 404 3551 "https://konsola.dkkapusta1997.usermd.net/" "Mozilla/5.0 (Windows NT 10.0; Win64; x64) AppleWebKit/537.36 (KHTML, like Gecko) Chrome/132.0.0.0 Safari/537.36"
89.161.206.59 - - [12/Feb/2025:15:19:23 +0100] "GET /Jurek/kambukka/feeds/kambukka_allegro.xml HTTP/1.0" 200 973379 "-" "-"
89.161.206.59 - - [12/Feb/2025:15:19:25 +0100] "GET /Jurek/combine/feeds/combine_allegro.xml HTTP/1.0" 200 210566 "-" "-"
89.161.206.59 - - [12/Feb/2025:15:19:25 +0100] "GET /Jurek/spali/feeds/spali_allegro.xml HTTP/1.0" 200 101958 "-" "-"
89.161.206.59 - - [12/Feb/2025:15:19:26 +0100] "GET /Jurek/hurtmeblowy/feeds/hurtmeblowy_allegro.xml HTTP/1.0" 200 8039455 "-" "-"
193.33.8.61 - - [12/Feb/2025:15:20:08 +0100] "GET /Jurek/rider/feeds/rider_alza.xml HTTP/2.0" 404 3551 "https://konsola.dkkapusta1997.usermd.net/" "Mozilla/5.0 (Windows NT 10.0; Win64; x64) AppleWebKit/537.36 (KHTML, like Gecko) Chrome/132.0.0.0 Safari/537.36"
46.101.116.244 - - [12/Feb/2025:15:20:16 +0100] "GET /Jurek/action/feeds/action_mallhu.xml HTTP/1.1" 200 55125828 "-" "-"
193.33.8.61 - - [12/Feb/2025:15:20:42 +0100] "GET /Jurek/coppotech/feeds/coppotech_alza.xml HTTP/2.0" 404 3551 "https://konsola.dkkapusta1997.usermd.net/" "Mozilla/5.0 (Windows NT 10.0; Win64; x64) AppleWebKit/537.36 (KHTML, like Gecko) Chrome/132.0.0.0 Safari/537.36"
46.101.116.244 - - [12/Feb/2025:15:20:52 +0100] "GET /Jurek/aw/feeds/aw_fnacfr.xml HTTP/1.0" 404 3551 "-" "-"
89.161.206.59 - - [12/Feb/2025:15:21:02 +0100] "GET /Jurek/domzapachy/feeds/domzapachy_skroutz.xml HTTP/1.0" 200 179626 "-" "-"
46.101.116.244 - - [12/Feb/2025:15:21:33 +0100] "GET /Filip/feeds/xlsx_ceneo.xml HTTP/1.0" 200 6241376 "-" "-"
51.77.52.107 - - [12/Feb/2025:15:21:34 +0100] "POST /Filip/Rovicky/baselinker/baselinker-ceneo-shumee.php HTTP/2.0" 200 106776 "-" "BaseLinker/1.0"
46.101.116.244 - - [12/Feb/2025:15:22:10 +0100] "GET /Jurek/activeshop/feeds/activeshop_mallhu.xml HTTP/2.0" 200 10490164 "-" "-"
51.81.46.212 - - [12/Feb/2025:15:22:25 +0100] "GET / HTTP/1.1" 200 1559 "-" "-"
66.249.68.36 - - [12/Feb/2025:15:22:52 +0100] "GET /Jurek/eurofirany/images/378663/3.jpg HTTP/1.1" 200 163664 "-" "Googlebot-Image/1.0"
89.161.206.59 - - [12/Feb/2025:15:23:22 +0100] "GET /Jurek/topeshop/feeds/topeshop_ebayDE.xml HTTP/1.0" 200 1195834 "-" "-"
46.101.116.244 - - [12/Feb/2025:15:24:20 +0100] "GET /Jurek/action/feeds/action_mallhugs.xml HTTP/2.0" 200 55119996 "-" "-"
46.101.116.244 - - [12/Feb/2025:15:24:43 +0100] "GET /Jurek/b3/feeds/b3_mallhugs.xml HTTP/2.0" 200 7337215 "-" "-"
193.33.8.61 - - [12/Feb/2025:15:24:46 +0100] "GET /Jurek/coppotech/feeds/coppotech_alza.xml HTTP/2.0" 404 3551 "https://konsola.dkkapusta1997.usermd.net/" "Mozilla/5.0 (Windows NT 10.0; Win64; x64) AppleWebKit/537.36 (KHTML, like Gecko) Chrome/132.0.0.0 Safari/537.36"
46.101.116.244 - - [12/Feb/2025:15:24:56 +0100] "GET /Jurek/benbaby/feeds/benbaby_mallhugs.xml HTTP/2.0" 200 3701549 "-" "-"
