85.232.241.194 - - [12/Feb/2025:07:05:13 +0100] "GET /Jurek/ekolight/feeds/ekolight_wortenES.xml HTTP/1.1" 200 9051857 "-" "Python-urllib/3.11"
85.232.241.194 - - [12/Feb/2025:07:05:13 +0100] "GET /Jurek/erohurtownia/feeds/erohurtownia_worten.xml HTTP/1.1" 200 23304252 "-" "Python-urllib/3.11"
85.232.241.194 - - [12/Feb/2025:07:05:13 +0100] "GET /Jurek/erohurtownia/feeds/erohurtownia_wortenES.xml HTTP/1.1" 200 23304250 "-" "Python-urllib/3.11"
85.232.241.194 - - [12/Feb/2025:07:05:14 +0100] "GET /Jurek/kobi/feeds/kobi_worten.xml HTTP/1.1" 200 1993257 "-" "Python-urllib/3.11"
85.232.241.194 - - [12/Feb/2025:07:05:14 +0100] "GET /Jurek/kobi/feeds/kobi_wortenES.xml HTTP/1.1" 200 1993253 "-" "Python-urllib/3.11"
85.232.241.194 - - [12/Feb/2025:07:05:14 +0100] "GET /Jurek/elecomp/feeds/elecomp_worten.xml HTTP/1.1" 200 2869599 "-" "Python-urllib/3.11"
85.232.241.194 - - [12/Feb/2025:07:05:15 +0100] "GET /Jurek/elecomp/feeds/elecomp_wortenES.xml HTTP/1.1" 200 2869573 "-" "Python-urllib/3.11"
85.232.241.194 - - [12/Feb/2025:07:05:15 +0100] "GET /Jurek/kambukka/feeds/kambukka_worten.xml HTTP/1.1" 200 973314 "-" "Python-urllib/3.11"
85.232.241.194 - - [12/Feb/2025:07:05:15 +0100] "GET /Jurek/kambukka/feeds/kambukka_wortenES.xml HTTP/1.1" 200 973172 "-" "Python-urllib/3.11"
85.232.241.194 - - [12/Feb/2025:07:05:15 +0100] "GET /Jurek/waks/feeds/waks_worten.xml HTTP/1.1" 200 6332980 "-" "Python-urllib/3.11"
85.232.241.194 - - [12/Feb/2025:07:05:15 +0100] "GET /Jurek/waks/feeds/waks_wortenES.xml HTTP/1.1" 200 6333029 "-" "Python-urllib/3.11"
85.232.241.194 - - [12/Feb/2025:07:05:17 +0100] "GET /Jurek/oromed/feeds/oromed_worten.xml HTTP/1.1" 200 963525 "-" "Python-urllib/3.11"
85.232.241.194 - - [12/Feb/2025:07:05:17 +0100] "GET /Jurek/oromed/feeds/oromed_wortenES.xml HTTP/1.1" 200 963532 "-" "Python-urllib/3.11"
85.232.241.194 - - [12/Feb/2025:07:05:17 +0100] "GET /Jurek/benetech/feeds/benetech_worten.xml HTTP/1.1" 200 4451814 "-" "Python-urllib/3.11"
85.232.241.194 - - [12/Feb/2025:07:05:18 +0100] "GET /Jurek/benetech/feeds/benetech_wortenES.xml HTTP/1.1" 200 4451822 "-" "Python-urllib/3.11"
85.232.241.194 - - [12/Feb/2025:07:05:18 +0100] "GET /Jurek/spali/feeds/spali_worten.xml HTTP/1.1" 200 101946 "-" "Python-urllib/3.11"
85.232.241.194 - - [12/Feb/2025:07:05:18 +0100] "GET /Jurek/spali/feeds/spali_wortenES.xml HTTP/1.1" 200 101940 "-" "Python-urllib/3.11"
85.232.241.194 - - [12/Feb/2025:07:05:18 +0100] "GET /Jurek/najtanszysport/feeds/najtanszysport_worten.xml HTTP/1.1" 200 3982949 "-" "Python-urllib/3.11"
85.232.241.194 - - [12/Feb/2025:07:05:18 +0100] "GET /Jurek/najtanszysport/feeds/najtanszysport_wortenES.xml HTTP/1.1" 200 3982970 "-" "Python-urllib/3.11"
85.232.241.194 - - [12/Feb/2025:07:05:18 +0100] "GET /Jurek/maksik/feeds/maksik_worten.xml HTTP/1.1" 200 4084675 "-" "Python-urllib/3.11"
85.232.241.194 - - [12/Feb/2025:07:05:19 +0100] "GET /Jurek/maksik/feeds/maksik_wortenES.xml HTTP/1.1" 200 4084743 "-" "Python-urllib/3.11"
85.232.241.194 - - [12/Feb/2025:07:05:19 +0100] "GET /Jurek/urwiskowo/feeds/urwiskowo_worten.xml HTTP/1.1" 200 9114995 "-" "Python-urllib/3.11"
85.232.241.194 - - [12/Feb/2025:07:05:20 +0100] "GET /Jurek/urwiskowo/feeds/urwiskowo_wortenES.xml HTTP/1.1" 200 9113961 "-" "Python-urllib/3.11"
85.232.241.194 - - [12/Feb/2025:07:05:20 +0100] "GET /Jurek/combine/feeds/combine_worten.xml HTTP/1.1" 200 210558 "-" "Python-urllib/3.11"
85.232.241.194 - - [12/Feb/2025:07:05:20 +0100] "GET /Jurek/combine/feeds/combine_wortenES.xml HTTP/1.1" 200 210554 "-" "Python-urllib/3.11"
85.14.86.141 - - [12/Feb/2025:07:05:28 +0100] "GET /Jurek/eurofirany/feeds/eurofirany_morele.xml HTTP/2.0" 200 18895406 "-" "MarketplaceAPI curl/7.64.0 PHP/8"
85.14.86.141 - - [12/Feb/2025:07:05:48 +0100] "GET /Jurek/vivaldi/feeds/vivaldi_Morele-PL.xml HTTP/2.0" 200 344674 "-" "MarketplaceAPI curl/7.64.0 PHP/8"
85.232.241.194 - - [12/Feb/2025:07:06:04 +0100] "GET /Jurek/action/feeds/action_ubaldi.xml HTTP/1.1" 200 55045158 "-" "Python-urllib/3.11"
85.232.241.194 - - [12/Feb/2025:07:06:10 +0100] "GET /Jurek/unimet/feeds/unimet_ubaldi.xml HTTP/1.1" 200 61062684 "-" "Python-urllib/3.11"
85.232.241.194 - - [12/Feb/2025:07:06:10 +0100] "GET /Jurek/hurtownia_przemyslowa/feeds/hp_ubaldi.xml HTTP/1.1" 200 49860703 "-" "Python-urllib/3.11"
85.232.241.194 - - [12/Feb/2025:07:06:13 +0100] "GET /Jurek/aw/feeds/aw_ubaldi.xml HTTP/1.1" 200 90559584 "-" "Python-urllib/3.11"
85.14.86.141 - - [12/Feb/2025:07:07:03 +0100] "GET /Jurek/aw/feeds/awnarzedzia_morele.xml HTTP/2.0" 200 90567603 "-" "MarketplaceAPI curl/7.64.0 PHP/8"
85.14.86.141 - - [12/Feb/2025:07:07:20 +0100] "GET /Jurek/vida_morele/feeds/VidaPL_morele.xml HTTP/2.0" 200 695720684 "-" "MarketplaceAPI curl/7.64.0 PHP/8"
85.14.86.141 - - [12/Feb/2025:07:07:48 +0100] "GET /Jurek/miloohome/feeds/miloohome_morele.xml HTTP/2.0" 200 1421250 "-" "MarketplaceAPI curl/7.64.0 PHP/8"
85.14.86.141 - - [12/Feb/2025:07:08:04 +0100] "GET /Jurek/beliani/feeds/beliani_morele.xml HTTP/2.0" 200 31886727 "-" "MarketplaceAPI curl/7.64.0 PHP/8"
66.249.66.66 - - [12/Feb/2025:07:09:20 +0100] "GET /Jurek/eurofirany/images/367111/4.jpg HTTP/1.1" 200 116759 "-" "Googlebot-Image/1.0"
207.46.13.150 - - [12/Feb/2025:07:10:37 +0100] "GET /Jurek/topeshop/downloaded_images/5902838466681_3.png HTTP/2.0" 404 3551 "-" "Mozilla/5.0 AppleWebKit/537.36 (KHTML, like Gecko; compatible; bingbot/2.0; +http://www.bing.com/bingbot.htm) Chrome/116.0.1938.76 Safari/537.36"
40.77.167.64 - - [12/Feb/2025:07:10:42 +0100] "GET /Jurek/topeshop/downloaded_images/5902838468487_1artisan.png HTTP/2.0" 404 3551 "-" "Mozilla/5.0 AppleWebKit/537.36 (KHTML, like Gecko; compatible; bingbot/2.0; +http://www.bing.com/bingbot.htm) Chrome/116.0.1938.76 Safari/537.36"
62.146.215.32 - - [12/Feb/2025:07:10:52 +0100] "GET /Jurek/topeshop/downloaded_images/5904507201883_MIJASBIURKOBRY%C5%81KAANTRACYTPRAWEBOKZM.jpg HTTP/2.0" 404 3551 "-" "billigerbot/1.0"
185.6.76.18 - - [12/Feb/2025:07:12:31 +0100] "GET /marketplaces/skroutz/feeds/shumee.xml HTTP/1.1" 200 348848270 "-" "SkroutzBot v1.0"
66.249.66.67 - - [12/Feb/2025:07:13:21 +0100] "GET /Jurek/eurofirany/images/367114/5.jpg HTTP/1.1" 200 112085 "-" "Googlebot-Image/1.0"
5.134.208.158 - - [12/Feb/2025:07:14:12 +0100] "GET /Jurek/eurofirany/images/457754/0.jpg HTTP/1.1" 206 256 "https://www.ceneo.pl" "Mozilla/5.0 (Windows NT 10.0; Win64; x64) AppleWebKit/537.36 (KHTML, like Gecko) Chrome/87.0.4280.141 Safari/537.36"
40.77.167.93 - - [12/Feb/2025:07:15:32 +0100] "GET /robots.txt HTTP/2.0" 404 3551 "-" "Mozilla/5.0 AppleWebKit/537.36 (KHTML, like Gecko; compatible; bingbot/2.0; +http://www.bing.com/bingbot.htm) Chrome/116.0.1938.76 Safari/537.36"
52.167.144.25 - - [12/Feb/2025:07:15:41 +0100] "GET /Jurek/topeshop/downloaded_images/5904507200060_MIJASBIURKOBRY%C5%81KABIELLEWEBOKZM.jpg HTTP/2.0" 404 3551 "-" "Mozilla/5.0 AppleWebKit/537.36 (KHTML, like Gecko; compatible; bingbot/2.0; +http://www.bing.com/bingbot.htm) Chrome/116.0.1938.76 Safari/537.36"
52.167.144.25 - - [12/Feb/2025:07:15:41 +0100] "GET /Jurek/topeshop/downloaded_images/5904507200169_MIJASBIURKOBRY%C5%81KASONOMALEWEBOKZM.jpg HTTP/2.0" 404 3551 "-" "Mozilla/5.0 AppleWebKit/537.36 (KHTML, like Gecko; compatible; bingbot/2.0; +http://www.bing.com/bingbot.htm) Chrome/116.0.1938.76 Safari/537.36"
66.249.66.66 - - [12/Feb/2025:07:17:23 +0100] "GET /Jurek/eurofirany/images/397112/8.jpg HTTP/1.1" 200 129047 "-" "Googlebot-Image/1.0"
89.161.206.59 - - [12/Feb/2025:07:17:43 +0100] "GET /Jurek/kambukka/feeds/kambukka_allegro.xml HTTP/1.0" 200 973392 "-" "-"
89.161.206.59 - - [12/Feb/2025:07:17:44 +0100] "GET /Jurek/combine/feeds/combine_allegro.xml HTTP/1.0" 200 210573 "-" "-"
89.161.206.59 - - [12/Feb/2025:07:17:44 +0100] "GET /Jurek/spali/feeds/spali_allegro.xml HTTP/1.0" 200 101958 "-" "-"
89.161.206.59 - - [12/Feb/2025:07:17:45 +0100] "GET /Jurek/hurtmeblowy/feeds/hurtmeblowy_allegro.xml HTTP/1.0" 200 8040423 "-" "-"
62.146.215.33 - - [12/Feb/2025:07:18:22 +0100] "GET /Jurek/topeshop/downloaded_images/5904507201906_MIJASBIURKOBRY%C5%81KAANTRACYTLEWEBOKZM.jpg HTTP/2.0" 404 3551 "-" "billigerbot/1.0"
157.55.39.54 - - [12/Feb/2025:07:20:38 +0100] "GET /Jurek/topeshop/downloaded_images/5904507209476_Marina2s_kaszmir_slim_bry%C5%82ka(2).jpg HTTP/2.0" 404 3551 "-" "Mozilla/5.0 AppleWebKit/537.36 (KHTML, like Gecko; compatible; bingbot/2.0; +http://www.bing.com/bingbot.htm) Chrome/116.0.1938.76 Safari/537.36"
40.77.167.155 - - [12/Feb/2025:07:20:42 +0100] "GET /Jurek/topeshop/downloaded_images/5902838468456_Oaplwieszak.png HTTP/2.0" 404 3551 "-" "Mozilla/5.0 AppleWebKit/537.36 (KHTML, like Gecko; compatible; bingbot/2.0; +http://www.bing.com/bingbot.htm) Chrome/116.0.1938.76 Safari/537.36"
89.161.206.59 - - [12/Feb/2025:07:20:53 +0100] "GET /Jurek/hurtmeblowy/feeds/hurtmeblowy_bol.xml HTTP/1.0" 200 8039229 "-" "-"
89.161.206.59 - - [12/Feb/2025:07:20:53 +0100] "GET /Jurek/kobi/feeds/kobi_bol.xml HTTP/1.0" 200 1993264 "-" "-"
89.161.206.59 - - [12/Feb/2025:07:20:53 +0100] "GET /Jurek/motofan/feeds/motofan_bol.xml HTTP/1.0" 200 2392432 "-" "-"
89.161.206.59 - - [12/Feb/2025:07:20:54 +0100] "GET /Jurek/emaja24/feeds/emaja24_bol.xml HTTP/1.0" 200 5110130 "-" "-"
89.161.206.59 - - [12/Feb/2025:07:20:55 +0100] "GET /Jurek/rider/feeds/rider_bol.xml HTTP/1.0" 200 8165206 "-" "-"
89.161.206.59 - - [12/Feb/2025:07:20:55 +0100] "GET /Jurek/eldar/feeds/eldar_bol.xml HTTP/1.0" 200 7329288 "-" "-"
89.161.206.59 - - [12/Feb/2025:07:20:56 +0100] "GET /Jurek/zepnij/feeds/zepnij_bol.xml HTTP/1.0" 200 19522893 "-" "-"
89.161.206.59 - - [12/Feb/2025:07:20:58 +0100] "GET /Jurek/primohurt/feeds/primohurt_bol.xml HTTP/1.0" 200 17187263 "-" "-"
89.161.206.59 - - [12/Feb/2025:07:20:59 +0100] "GET /Jurek/najtanszysport/feeds/najtanszysport_bol.xml HTTP/1.0" 200 3982912 "-" "-"
46.101.116.244 - - [12/Feb/2025:07:21:02 +0100] "GET /Filip/feeds/xlsx_ceneo.xml HTTP/1.0" 200 6241376 "-" "-"
51.77.52.107 - - [12/Feb/2025:07:21:03 +0100] "POST /Filip/Rovicky/baselinker/baselinker-ceneo-shumee.php HTTP/2.0" 200 106776 "-" "BaseLinker/1.0"
38.242.7.245 - - [12/Feb/2025:07:23:52 +0100] "GET / HTTP/2.0" 200 1559 "https://www.google.com/" "Mozilla/5.0 (Windows NT 10.0; Win64; x64) AppleWebKit/537.36 (KHTML, like Gecko) Chrome/133.0.0.0 Safari/537.36 Edg/133.0.0.0"
38.242.7.245 - - [12/Feb/2025:07:23:52 +0100] "GET /favicon.ico HTTP/2.0" 404 3551 "https://dkkapusta1997.usermd.net/" "Mozilla/5.0 (Windows NT 10.0; Win64; x64) AppleWebKit/537.36 (KHTML, like Gecko) Chrome/133.0.0.0 Safari/537.36 Edg/133.0.0.0"
38.242.7.245 - - [12/Feb/2025:07:24:13 +0100] "GET /warehouses.csv HTTP/2.0" 200 2416615 "https://dkkapusta1997.usermd.net/" "Mozilla/5.0 (Windows NT 10.0; Win64; x64) AppleWebKit/537.36 (KHTML, like Gecko) Chrome/133.0.0.0 Safari/537.36 Edg/133.0.0.0"
46.101.116.244 - - [12/Feb/2025:07:24:41 +0100] "GET /Jurek/eurofirany/feeds/eurofirany_empik.xml HTTP/1.0" 200 18895289 "-" "-"
38.242.7.245 - - [12/Feb/2025:07:24:49 +0100] "GET /mail/ HTTP/2.0" 403 3538 "https://dkkapusta1997.usermd.net/" "Mozilla/5.0 (Windows NT 10.0; Win64; x64) AppleWebKit/537.36 (KHTML, like Gecko) Chrome/133.0.0.0 Safari/537.36 Edg/133.0.0.0"
66.249.66.68 - - [12/Feb/2025:07:25:25 +0100] "GET /Jurek/eurofirany/images/392850/3.jpg HTTP/1.1" 200 262488 "-" "Googlebot-Image/1.0"
46.101.116.244 - - [12/Feb/2025:07:25:53 +0100] "GET /Jurek/aw/feeds/aw_fnacfr.xml HTTP/1.0" 404 3551 "-" "-"
89.161.206.59 - - [12/Feb/2025:07:25:55 +0100] "GET /Jurek/b3/feeds/b3_amazonse.xml HTTP/1.0" 200 7249652 "-" "-"
46.101.116.244 - - [12/Feb/2025:07:26:34 +0100] "GET /Jurek/vidaCZ/feeds/vida_mallczod.xml HTTP/2.0" 200 660117215 "-" "-"
46.101.116.244 - - [12/Feb/2025:07:26:54 +0100] "GET /Filip/feeds/xlsx_ceneo.xml HTTP/1.0" 200 6241376 "-" "-"
51.77.52.107 - - [12/Feb/2025:07:26:54 +0100] "POST /Filip/Rovicky/baselinker/baselinker-ceneo-shumee.php HTTP/2.0" 200 106776 "-" "BaseLinker/1.0"
46.101.116.244 - - [12/Feb/2025:07:30:51 +0100] "GET /Jurek/aw/feeds/aw_fnacfr.xml HTTP/1.0" 404 3551 "-" "-"
157.55.39.59 - - [12/Feb/2025:07:30:58 +0100] "GET /Jurek/topeshop/downloaded_images/5904507200176_MIJASBIURKOBRY%C5%81KASONOMAPRAWEBOKZM.jpg HTTP/2.0" 404 3551 "-" "Mozilla/5.0 AppleWebKit/537.36 (KHTML, like Gecko; compatible; bingbot/2.0; +http://www.bing.com/bingbot.htm) Chrome/116.0.1938.76 Safari/537.36"
52.167.144.139 - - [12/Feb/2025:07:31:03 +0100] "GET /Jurek/topeshop/downloaded_images/5902838468463_1sonoma.png HTTP/2.0" 404 3551 "-" "Mozilla/5.0 AppleWebKit/537.36 (KHTML, like Gecko; compatible; bingbot/2.0; +http://www.bing.com/bingbot.htm) Chrome/116.0.1938.76 Safari/537.36"
52.167.144.228 - - [12/Feb/2025:07:31:08 +0100] "GET /Jurek/topeshop/downloaded_images/5902838461266_2.png HTTP/2.0" 404 3551 "-" "Mozilla/5.0 AppleWebKit/537.36 (KHTML, like Gecko; compatible; bingbot/2.0; +http://www.bing.com/bingbot.htm) Chrome/116.0.1938.76 Safari/537.36"
52.167.144.228 - - [12/Feb/2025:07:31:08 +0100] "GET /Jurek/topeshop/downloaded_images/5902838467671_2.png HTTP/2.0" 404 3551 "-" "Mozilla/5.0 AppleWebKit/537.36 (KHTML, like Gecko; compatible; bingbot/2.0; +http://www.bing.com/bingbot.htm) Chrome/116.0.1938.76 Safari/537.36"
52.167.144.228 - - [12/Feb/2025:07:31:09 +0100] "GET /Jurek/topeshop/downloaded_images/5904507207465_20st_mijas_lewy_r%C3%B3%C5%BCowykopia.png HTTP/2.0" 200 253819 "-" "Mozilla/5.0 AppleWebKit/537.36 (KHTML, like Gecko; compatible; bingbot/2.0; +http://www.bing.com/bingbot.htm) Chrome/116.0.1938.76 Safari/537.36"
46.101.116.244 - - [12/Feb/2025:07:31:17 +0100] "GET /Jurek/kinghoff/feeds/kinghoff_velo.xml HTTP/1.0" 200 14157396 "-" "-"
46.101.116.244 - - [12/Feb/2025:07:31:31 +0100] "GET /Filip/feeds/xlsx_ceneo.xml HTTP/1.0" 200 6241376 "-" "-"
51.77.52.107 - - [12/Feb/2025:07:31:31 +0100] "POST /Filip/Rovicky/baselinker/baselinker-ceneo-shumee.php HTTP/2.0" 200 106776 "-" "BaseLinker/1.0"
89.161.206.59 - - [12/Feb/2025:07:32:38 +0100] "GET /Jurek/narzbud/feeds/narzbud_allegro.xml HTTP/1.0" 200 1613977 "-" "-"
52.18.22.0 - - [12/Feb/2025:07:33:36 +0100] "GET /marketplaces/worten2/results/worten.csv HTTP/1.1" 200 16117098 "-" "Mirakl HttpClient"
66.249.66.67 - - [12/Feb/2025:07:34:13 +0100] "GET /Jurek/eurofirany/images/378441/3.jpg HTTP/1.1" 200 319382 "-" "Googlebot-Image/1.0"
46.101.116.244 - - [12/Feb/2025:07:37:23 +0100] "GET /Jurek/aw/feeds/aw_fnacfr.xml HTTP/1.0" 404 3551 "-" "-"
157.55.39.59 - - [12/Feb/2025:07:37:30 +0100] "GET /Jurek/topeshop/downloaded_images/5904507207472_20st_mijas_prawy_niebieski.png HTTP/2.0" 200 245526 "-" "Mozilla/5.0 AppleWebKit/537.36 (KHTML, like Gecko; compatible; bingbot/2.0; +http://www.bing.com/bingbot.htm) Chrome/116.0.1938.76 Safari/537.36"
46.101.116.244 - - [12/Feb/2025:07:38:09 +0100] "GET /Filip/feeds/xlsx_ceneo.xml HTTP/1.0" 200 6241376 "-" "-"
51.77.52.107 - - [12/Feb/2025:07:38:09 +0100] "POST /Filip/Rovicky/baselinker/baselinker-ceneo-shumee.php HTTP/2.0" 200 106776 "-" "BaseLinker/1.0"
66.249.66.68 - - [12/Feb/2025:07:38:15 +0100] "GET /Jurek/eurofirany/images/386192/4.jpg HTTP/1.1" 200 282865 "-" "Googlebot-Image/1.0"
66.249.66.66 - - [12/Feb/2025:07:39:16 +0100] "GET /Jurek/eurofirany/images/367114/2.jpg HTTP/1.1" 200 56699 "-" "Googlebot-Image/1.0"
46.101.116.244 - - [12/Feb/2025:07:41:57 +0100] "GET /Jurek/aw/feeds/aw_fnacfr.xml HTTP/1.0" 404 3551 "-" "-"
46.101.116.244 - - [12/Feb/2025:07:42:40 +0100] "GET /Filip/feeds/xlsx_ceneo.xml HTTP/1.0" 200 6241376 "-" "-"
51.77.52.107 - - [12/Feb/2025:07:42:40 +0100] "POST /Filip/Rovicky/baselinker/baselinker-ceneo-shumee.php HTTP/2.0" 200 106776 "-" "BaseLinker/1.0"
89.161.206.59 - - [12/Feb/2025:07:43:28 +0100] "GET /Jurek/ekolight/feeds/ekolight_allegro.xml HTTP/1.0" 200 9053608 "-" "-"
89.161.206.59 - - [12/Feb/2025:07:43:29 +0100] "GET /Jurek/galopi/feeds/galopi_allegro.xml HTTP/1.0" 200 1884791 "-" "-"
5.134.208.158 - - [12/Feb/2025:07:43:54 +0100] "GET /Jurek/eurofirany/images/422874/0.jpg HTTP/1.1" 200 136431 "-" "-"
77.79.248.229 - - [12/Feb/2025:07:44:02 +0100] "GET /Jurek/aw/feeds/awnarzedzia_leroy.xml HTTP/1.1" 200 90556008 "-" "Python-urllib/3.11"
77.79.248.229 - - [12/Feb/2025:07:44:02 +0100] "GET /Jurek/hurtownia_przemyslowa/feeds/hp_leroy.xml HTTP/1.1" 200 49860752 "-" "Python-urllib/3.11"
77.79.248.229 - - [12/Feb/2025:07:44:03 +0100] "GET /Jurek/unimet/feeds/unimet_leroy.xml HTTP/1.1" 200 61064078 "-" "Python-urllib/3.11"
77.79.248.229 - - [12/Feb/2025:07:44:04 +0100] "GET /Jurek/action/feeds/action_leroy.xml HTTP/1.1" 200 55046612 "-" "Python-urllib/3.11"
77.79.248.229 - - [12/Feb/2025:07:44:07 +0100] "GET /Jurek/b3/feeds/b3_leroy.xml HTTP/1.1" 200 7246183 "-" "Python-urllib/3.11"
77.79.248.229 - - [12/Feb/2025:07:44:07 +0100] "GET /Jurek/topeshop/feeds/topeshop_leroy.xml HTTP/1.1" 200 2403333 "-" "Python-urllib/3.11"
77.79.248.229 - - [12/Feb/2025:07:44:09 +0100] "GET /Jurek/eurofirany/feeds/eurofirany_leroy.xml HTTP/1.1" 200 18894100 "-" "Python-urllib/3.11"
77.79.248.229 - - [12/Feb/2025:07:44:09 +0100] "GET /Jurek/fernity/feeds/fernity_leroy.xml HTTP/1.1" 200 5090177 "-" "Python-urllib/3.11"
77.79.248.229 - - [12/Feb/2025:07:44:09 +0100] "GET /Jurek/kambukka/feeds/kambukka_leroy.xml HTTP/1.1" 200 973318 "-" "Python-urllib/3.11"
77.79.248.229 - - [12/Feb/2025:07:44:09 +0100] "GET /Jurek/ikonka/feeds/ikonka_leroy.xml HTTP/1.1" 200 22162300 "-" "Python-urllib/3.11"
77.79.248.229 - - [12/Feb/2025:07:44:10 +0100] "GET /Jurek/oromed/feeds/oromed_leroy.xml HTTP/1.1" 200 963531 "-" "Python-urllib/3.11"
77.79.248.229 - - [12/Feb/2025:07:44:10 +0100] "GET /Jurek/benetech/feeds/benetech_leroy.xml HTTP/1.1" 200 4451823 "-" "Python-urllib/3.11"
77.79.248.229 - - [12/Feb/2025:07:44:10 +0100] "GET /Jurek/octopia/feeds/octopia_leroy.xml HTTP/1.1" 200 10621115 "-" "Python-urllib/3.11"
77.79.248.229 - - [12/Feb/2025:07:44:10 +0100] "GET /Jurek/waks/feeds/waks_leroy.xml HTTP/1.1" 200 6332998 "-" "Python-urllib/3.11"
77.79.248.229 - - [12/Feb/2025:07:44:11 +0100] "GET /Jurek/kinghoff/feeds/kinghoff_leroy.xml HTTP/1.1" 200 14156639 "-" "Python-urllib/3.11"
77.79.248.229 - - [12/Feb/2025:07:44:11 +0100] "GET /Jurek/hdwr/feeds/hdwr_leroy.xml HTTP/1.1" 200 777982 "-" "Python-urllib/3.11"
77.79.248.229 - - [12/Feb/2025:07:44:13 +0100] "GET /Jurek/barbecook/feeds/barbecook_leroy.xml HTTP/1.1" 200 87533 "-" "Python-urllib/3.11"
77.79.248.229 - - [12/Feb/2025:07:44:13 +0100] "GET /Jurek/sempler/feeds/sempler_leroy.xml HTTP/1.1" 200 6553248 "-" "Python-urllib/3.11"
77.79.248.229 - - [12/Feb/2025:07:44:13 +0100] "GET /Jurek/kinghome/feeds/kinghome_leroy.xml HTTP/1.1" 200 5741291 "-" "Python-urllib/3.11"
77.79.248.229 - - [12/Feb/2025:07:44:14 +0100] "GET /Jurek/ekolight/feeds/ekolioght_leroy.xml HTTP/1.1" 200 9051728 "-" "Python-urllib/3.11"
77.79.248.229 - - [12/Feb/2025:07:44:14 +0100] "GET /Jurek/bimboland/feeds/bimboland_leroy.xml HTTP/1.1" 200 2490940 "-" "Python-urllib/3.11"
77.79.248.229 - - [12/Feb/2025:07:44:16 +0100] "GET /Jurek/eroplace/feeds/eroplace_leroy.xml HTTP/1.1" 200 30849445 "-" "Python-urllib/3.11"
77.79.248.229 - - [12/Feb/2025:07:44:16 +0100] "GET /Jurek/hurtmeblowy/feeds/hurtmeblowy_leroy.xml HTTP/1.1" 200 8039403 "-" "Python-urllib/3.11"
77.79.248.229 - - [12/Feb/2025:07:44:16 +0100] "GET /Jurek/fertone/feeds/fertone_leroy.xml HTTP/1.1" 200 626216 "-" "Python-urllib/3.11"
77.79.248.229 - - [12/Feb/2025:07:44:16 +0100] "GET /Jurek/ekuchcikowo/feeds/ekuchcikowo_leroy.xml HTTP/1.1" 200 12837737 "-" "Python-urllib/3.11"
77.79.248.229 - - [12/Feb/2025:07:44:19 +0100] "GET /Jurek/intsell/feeds/intsell_leroy.xml HTTP/1.1" 200 338787825 "-" "Python-urllib/3.11"
77.79.248.229 - - [12/Feb/2025:07:44:19 +0100] "GET /Jurek/velinda/feeds/velinda_leroy.xml HTTP/1.1" 200 4282175 "-" "Python-urllib/3.11"
77.79.248.229 - - [12/Feb/2025:07:44:19 +0100] "GET /Jurek/spali/feeds/spali_leroy.xml HTTP/1.1" 200 101947 "-" "Python-urllib/3.11"
77.79.248.229 - - [12/Feb/2025:07:44:20 +0100] "GET /Jurek/urwiskowo/feeds/urwiskowo_leroy.xml HTTP/1.1" 200 9114996 "-" "Python-urllib/3.11"
77.79.248.229 - - [12/Feb/2025:07:44:20 +0100] "GET /Jurek/erohurtownia/feeds/erohurtownia_leroy.xml HTTP/1.1" 200 23304266 "-" "Python-urllib/3.11"
77.79.248.229 - - [12/Feb/2025:07:44:20 +0100] "GET /Jurek/elecomp/feeds/elecomp_leroy.xml HTTP/1.1" 200 2869592 "-" "Python-urllib/3.11"
77.79.248.229 - - [12/Feb/2025:07:44:21 +0100] "GET /Jurek/luxma/feeds/luxma_leroy.xml HTTP/1.1" 200 8059027 "-" "Python-urllib/3.11"
77.79.248.229 - - [12/Feb/2025:07:44:21 +0100] "GET /Jurek/coppotech/feeds/coppotech_leroy.xml HTTP/1.1" 200 38985768 "-" "Python-urllib/3.11"
77.79.248.229 - - [12/Feb/2025:07:44:21 +0100] "GET /Jurek/rider/feeds/rider_leroy.xml HTTP/1.1" 200 8165170 "-" "Python-urllib/3.11"
77.79.248.229 - - [12/Feb/2025:07:44:21 +0100] "GET /Jurek/emaja24/feeds/emaja24_leroy.xml HTTP/1.1" 200 5110055 "-" "Python-urllib/3.11"
77.79.248.229 - - [12/Feb/2025:07:44:21 +0100] "GET /Jurek/eurofryz2/feeds/eurofryz2_leroy.xml HTTP/1.1" 200 1376610 "-" "Python-urllib/3.11"
77.79.248.229 - - [12/Feb/2025:07:44:21 +0100] "GET /Jurek/expertauto/feeds/expertauto_leroy.xml HTTP/1.1" 200 1158930 "-" "Python-urllib/3.11"
77.79.248.229 - - [12/Feb/2025:07:44:22 +0100] "GET /Jurek/najtanszysport/feeds/najtanszysport_leroy.xml HTTP/1.1" 200 3983049 "-" "Python-urllib/3.11"
46.101.116.244 - - [12/Feb/2025:07:45:52 +0100] "GET /Jurek/aw/feeds/aw_fnacfr.xml HTTP/1.0" 404 3551 "-" "-"
5.134.208.158 - - [12/Feb/2025:07:46:02 +0100] "GET /Jurek/eurofirany/images/422845/0.jpg HTTP/1.1" 200 132461 "-" "-"
89.161.206.59 - - [12/Feb/2025:07:46:10 +0100] "GET /Jurek/combine/feeds/combine_amazonde.xml HTTP/1.0" 200 210553 "-" "-"
193.33.8.61 - - [12/Feb/2025:07:46:18 +0100] "GET /Jurek/erohurtownia/feeds/erohurtownia_zero.xml HTTP/2.0" 200 23306186 "https://konsola.dkkapusta1997.usermd.net/" "Mozilla/5.0 (Windows NT 10.0; Win64; x64) AppleWebKit/537.36 (KHTML, like Gecko) Chrome/132.0.0.0 Safari/537.36"
77.79.248.229 - - [12/Feb/2025:07:46:22 +0100] "GET /Jurek/erohurtownia/feeds/erohurtownia_zero.xml HTTP/1.1" 200 23306186 "-" "Python-urllib/3.11"
46.101.116.244 - - [12/Feb/2025:07:46:35 +0100] "GET /Filip/feeds/xlsx_ceneo.xml HTTP/1.0" 200 6241376 "-" "-"
51.77.52.107 - - [12/Feb/2025:07:46:35 +0100] "POST /Filip/Rovicky/baselinker/baselinker-ceneo-shumee.php HTTP/2.0" 200 106776 "-" "BaseLinker/1.0"
89.161.206.59 - - [12/Feb/2025:07:49:31 +0100] "GET /Jurek/oromed/feeds/oromed_skroutz.xml HTTP/1.0" 200 963541 "-" "-"
89.161.206.59 - - [12/Feb/2025:07:49:32 +0100] "GET /Jurek/ralmetal/feeds/ralmetal_skroutz.xml HTTP/1.0" 200 1786743 "-" "-"
46.101.116.244 - - [12/Feb/2025:07:51:01 +0100] "GET /Jurek/aw/feeds/aw_fnacfr.xml HTTP/1.0" 404 3551 "-" "-"
66.249.66.68 - - [12/Feb/2025:07:51:23 +0100] "GET /Jurek/eurofirany/images/402429/9.jpg HTTP/1.1" 200 242134 "-" "Googlebot-Image/1.0"
46.101.116.244 - - [12/Feb/2025:07:51:41 +0100] "GET /Filip/feeds/xlsx_ceneo.xml HTTP/1.0" 200 6241376 "-" "-"
51.77.52.107 - - [12/Feb/2025:07:51:41 +0100] "POST /Filip/Rovicky/baselinker/baselinker-ceneo-shumee.php HTTP/2.0" 200 106776 "-" "BaseLinker/1.0"
66.249.66.68 - - [12/Feb/2025:07:52:24 +0100] "GET /Jurek/eurofirany/images/386192/8.jpg HTTP/1.1" 200 253669 "-" "Googlebot-Image/1.0"
89.161.206.59 - - [12/Feb/2025:07:52:36 +0100] "GET /Jurek/kobi/feeds/kobi_skroutz.xml HTTP/1.0" 200 1993277 "-" "-"
89.161.206.59 - - [12/Feb/2025:07:52:37 +0100] "GET /Jurek/evil/feeds/evil_skroutz.xml HTTP/1.0" 200 306379 "-" "-"
89.161.206.59 - - [12/Feb/2025:07:52:39 +0100] "GET /Jurek/sartrix/feeds/sartrix_skroutz.xml HTTP/1.0" 200 649165 "-" "-"
89.161.206.59 - - [12/Feb/2025:07:52:40 +0100] "GET /Jurek/twojsklep/feeds/twojsklep_skroutz.xml HTTP/1.0" 200 126797 "-" "-"
89.161.206.59 - - [12/Feb/2025:07:52:40 +0100] "GET /Jurek/madrex/feeds/madrex_skroutz.xml HTTP/1.0" 200 466721 "-" "-"
89.161.206.59 - - [12/Feb/2025:07:52:41 +0100] "GET /Jurek/drewdon/feeds/drewdon_skroutz.xml HTTP/1.0" 200 504472 "-" "-"
89.161.206.59 - - [12/Feb/2025:07:52:42 +0100] "GET /Jurek/luxma/feeds/luxma_skroutz.xml HTTP/1.0" 200 8058935 "-" "-"
89.161.206.59 - - [12/Feb/2025:07:52:43 +0100] "GET /Jurek/zepnij/feeds/zepnij_skroutz.xml HTTP/1.0" 200 19523025 "-" "-"
89.161.206.59 - - [12/Feb/2025:07:52:45 +0100] "GET /Jurek/qbox/feeds/qbox_skroutz.xml HTTP/1.0" 200 398705 "-" "-"
89.161.206.59 - - [12/Feb/2025:07:53:14 +0100] "GET /Jurek/ekotex/feeds/ekotex_skroutz.xml HTTP/1.0" 200 197821 "-" "-"
89.161.206.59 - - [12/Feb/2025:07:53:15 +0100] "GET /Jurek/motofan/feeds/motofan_skroutz.xml HTTP/1.0" 200 2392432 "-" "-"
77.79.248.229 - - [12/Feb/2025:07:54:08 +0100] "GET /Jurek/vidaSI/feeds/vidaSI_bigbang.xml HTTP/1.1" 200 619511429 "-" "Python-urllib/3.11"
46.101.116.244 - - [12/Feb/2025:07:56:02 +0100] "GET /Jurek/aw/feeds/aw_fnacfr.xml HTTP/1.0" 404 3551 "-" "-"
46.101.116.244 - - [12/Feb/2025:07:56:43 +0100] "GET /Filip/feeds/xlsx_ceneo.xml HTTP/1.0" 200 6241376 "-" "-"
51.77.52.107 - - [12/Feb/2025:07:56:44 +0100] "POST /Filip/Rovicky/baselinker/baselinker-ceneo-shumee.php HTTP/2.0" 200 106776 "-" "BaseLinker/1.0"
46.101.116.244 - - [12/Feb/2025:07:57:08 +0100] "GET /Jurek/eurofirany/feeds/eurofirany_ceneo.xml HTTP/1.0" 200 18897504 "-" "-"
66.249.66.68 - - [12/Feb/2025:07:57:34 +0100] "GET /Jurek/eurofirany/images/397112/2.jpg HTTP/1.1" 200 54983 "-" "Googlebot-Image/1.0"
3.229.248.49 - - [12/Feb/2025:07:59:56 +0100] "GET / HTTP/2.0" 200 1559 "-" "Mozilla/5.0 (Windows NT 10.0; Win64; x64) AppleWebKit/537.36 (KHTML, like Gecko) Chrome/99.0.4844.84 Safari/537.36"
85.14.86.141 - - [12/Feb/2025:08:00:36 +0100] "GET /Jurek/vida_morele/feeds/VidaPL_all.xml HTTP/2.0" 200 695564057 "-" "MarketplaceAPI curl/7.64.0 PHP/8"
52.17.80.36 - - [12/Feb/2025:08:00:42 +0100] "GET /marketplaces/ubaldi/results/ubaldi.csv HTTP/1.1" 200 4219988 "-" "Mirakl HttpClient"
46.101.116.244 - - [12/Feb/2025:08:00:49 +0100] "GET /Jurek/aw/feeds/aw_fnacfr.xml HTTP/1.0" 404 3551 "-" "-"
46.101.116.244 - - [12/Feb/2025:08:01:49 +0100] "GET /Jurek/action/feeds/action_velo.xml HTTP/1.0" 200 55056184 "-" "-"
46.101.116.244 - - [12/Feb/2025:08:02:03 +0100] "GET /Filip/feeds/xlsx_ceneo.xml HTTP/1.0" 200 6241376 "-" "-"
51.77.52.107 - - [12/Feb/2025:08:02:03 +0100] "POST /Filip/Rovicky/baselinker/baselinker-ceneo-shumee.php HTTP/2.0" 200 106776 "-" "BaseLinker/1.0"
52.209.168.113 - - [12/Feb/2025:08:02:17 +0100] "GET /marketplaces/rue/results/rue.csv HTTP/1.1" 200 147219 "-" "Mirakl HttpClient"
85.14.86.141 - - [12/Feb/2025:08:03:13 +0100] "GET /Jurek/kinghoff/feeds/kinghoff_morele.xml HTTP/2.0" 200 14157279 "-" "MarketplaceAPI curl/7.64.0 PHP/8"
89.161.206.59 - - [12/Feb/2025:08:04:36 +0100] "GET /Jurek/bass_new/feeds/bass_ebayde.xml HTTP/1.0" 200 7041033 "-" "-"
46.101.116.244 - - [12/Feb/2025:08:05:00 +0100] "GET /Jurek/kokiskaCZ/feeds/kokiska_mallcz.xml HTTP/2.0" 200 1363441 "-" "-"
46.101.116.244 - - [12/Feb/2025:08:05:15 +0100] "GET /Jurek/fernity/feeds/fernity_mallczsh.xml HTTP/2.0" 200 5093964 "-" "-"
46.101.116.244 - - [12/Feb/2025:08:05:38 +0100] "GET /Jurek/kinghoff/feeds/kinghoff_mallczsh.xml HTTP/2.0" 200 14159656 "-" "-"
46.101.116.244 - - [12/Feb/2025:08:05:52 +0100] "GET /Jurek/kinghome/feeds/kinghome_mallczsh.xml HTTP/2.0" 200 5727094 "-" "-"
85.14.86.141 - - [12/Feb/2025:08:05:53 +0100] "GET /Jurek/eurofirany/feeds/eurofirany_morele.xml HTTP/2.0" 200 18895406 "-" "MarketplaceAPI curl/7.64.0 PHP/8"
85.14.86.141 - - [12/Feb/2025:08:06:03 +0100] "GET /Jurek/vivaldi/feeds/vivaldi_Morele-PL.xml HTTP/2.0" 200 344674 "-" "MarketplaceAPI curl/7.64.0 PHP/8"
46.101.116.244 - - [12/Feb/2025:08:06:03 +0100] "GET /Jurek/vivaldi/feeds/vivaldi_Mall-czsh.xml HTTP/2.0" 200 344827 "-" "-"
46.101.116.244 - - [12/Feb/2025:08:06:04 +0100] "GET /Jurek/aw/feeds/aw_fnacfr.xml HTTP/1.0" 404 3551 "-" "-"
46.101.116.244 - - [12/Feb/2025:08:06:14 +0100] "GET /Jurek/eurofirany/feeds/eurofirany_mall_cz_shumee.xml HTTP/2.0" 200 18912685 "-" "-"
46.101.116.244 - - [12/Feb/2025:08:06:42 +0100] "GET /Filip/feeds/xlsx_ceneo.xml HTTP/1.0" 200 6241376 "-" "-"
51.77.52.107 - - [12/Feb/2025:08:06:43 +0100] "POST /Filip/Rovicky/baselinker/baselinker-ceneo-shumee.php HTTP/2.0" 200 106776 "-" "BaseLinker/1.0"
85.14.86.141 - - [12/Feb/2025:08:07:19 +0100] "GET /Jurek/aw/feeds/awnarzedzia_morele.xml HTTP/2.0" 200 90567603 "-" "MarketplaceAPI curl/7.64.0 PHP/8"
85.14.86.141 - - [12/Feb/2025:08:07:31 +0100] "GET /Jurek/vida_morele/feeds/VidaPL_morele.xml HTTP/2.0" 200 695565063 "-" "MarketplaceAPI curl/7.64.0 PHP/8"
85.14.86.141 - - [12/Feb/2025:08:07:53 +0100] "GET /Jurek/miloohome/feeds/miloohome_morele.xml HTTP/2.0" 200 1421250 "-" "MarketplaceAPI curl/7.64.0 PHP/8"
85.14.86.141 - - [12/Feb/2025:08:08:09 +0100] "GET /Jurek/beliani/feeds/beliani_morele.xml HTTP/2.0" 200 31886727 "-" "MarketplaceAPI curl/7.64.0 PHP/8"
46.101.116.244 - - [12/Feb/2025:08:09:07 +0100] "GET /Jurek/octopia/feeds/octopia_mallczsh.xml HTTP/2.0" 200 10633655 "-" "-"
46.101.116.244 - - [12/Feb/2025:08:09:25 +0100] "GET /Jurek/flhf/feeds/flhf_mallczsh.xml HTTP/2.0" 404 3551 "-" "-"
46.101.116.244 - - [12/Feb/2025:08:09:48 +0100] "GET /Jurek/livinhill/feeds/livinhill_mallczsh.xml HTTP/2.0" 200 1431699 "-" "-"
46.101.116.244 - - [12/Feb/2025:08:10:00 +0100] "GET /Jurek/eroplace/feeds/eroplace_mallsish.xml HTTP/2.0" 200 30849490 "-" "-"
46.101.116.244 - - [12/Feb/2025:08:10:17 +0100] "GET /Jurek/bass_new/feeds/bass_mallsish.xml HTTP/2.0" 200 7040906 "-" "-"
46.101.116.244 - - [12/Feb/2025:08:10:28 +0100] "GET /Jurek/ekuchcikowo/feeds/ekuchcikowo_mallsish.xml HTTP/2.0" 200 12837775 "-" "-"
46.101.116.244 - - [12/Feb/2025:08:10:40 +0100] "GET /Jurek/sempler/feeds/sempler_mallsish.xml HTTP/2.0" 200 6553270 "-" "-"
46.101.116.244 - - [12/Feb/2025:08:10:50 +0100] "GET /Jurek/bass/feeds/bass_mallsish.xml HTTP/2.0" 200 3983911 "-" "-"
46.101.116.244 - - [12/Feb/2025:08:10:53 +0100] "GET /Jurek/aw/feeds/aw_fnacfr.xml HTTP/1.0" 404 3551 "-" "-"
46.101.116.244 - - [12/Feb/2025:08:11:14 +0100] "GET /Jurek/slayo/feeds/slayo_mallsish.xml HTTP/2.0" 200 195529 "-" "-"
46.101.116.244 - - [12/Feb/2025:08:11:25 +0100] "GET /Jurek/mosti/feeds/mosti_mallsish.xml HTTP/2.0" 200 9250076 "-" "-"
46.101.116.244 - - [12/Feb/2025:08:11:25 +0100] "GET /Jurek/amzteam/feeds/amzteam_mallsish.xml HTTP/2.0" 200 97842 "-" "-"
46.101.116.244 - - [12/Feb/2025:08:11:26 +0100] "GET /Jurek/artdog/feeds/artdog_mallsish.xml HTTP/2.0" 200 15929074 "-" "-"
46.101.116.244 - - [12/Feb/2025:08:11:27 +0100] "GET /Jurek/kambukka/feeds/kambukka_mallsish.xml HTTP/2.0" 200 973005 "-" "-"
46.101.116.244 - - [12/Feb/2025:08:11:40 +0100] "GET /Jurek/swiatecznygoliat/feeds/swiatecznygoliat_mallsish.xml HTTP/2.0" 200 7050319 "-" "-"
46.101.116.244 - - [12/Feb/2025:08:11:42 +0100] "GET /Filip/feeds/xlsx_ceneo.xml HTTP/1.0" 200 6241376 "-" "-"
51.77.52.107 - - [12/Feb/2025:08:11:42 +0100] "POST /Filip/Rovicky/baselinker/baselinker-ceneo-shumee.php HTTP/2.0" 200 106776 "-" "BaseLinker/1.0"
193.33.8.61 - - [12/Feb/2025:08:12:12 +0100] "GET /Jurek/erohurtownia/feeds/erohurtownia_allegro.xml HTTP/2.0" 200 9732096 "https://konsola.dkkapusta1997.usermd.net/" "Mozilla/5.0 (Windows NT 10.0; Win64; x64) AppleWebKit/537.36 (KHTML, like Gecko) Chrome/132.0.0.0 Safari/537.36"
46.101.116.244 - - [12/Feb/2025:08:12:38 +0100] "GET /Jurek/octopia/feeds/octopia_mallsish.xml HTTP/2.0" 200 10620143 "-" "-"
66.249.66.68 - - [12/Feb/2025:08:12:42 +0100] "GET /Jurek/eurofirany/images/400942/13.jpg HTTP/1.1" 200 135604 "-" "Googlebot-Image/1.0"
193.33.8.61 - - [12/Feb/2025:08:12:49 +0100] "GET /Jurek/topeshop/output.txt HTTP/2.0" 200 11973 "https://konsola.dkkapusta1997.usermd.net/" "Mozilla/5.0 (Windows NT 10.0; Win64; x64) AppleWebKit/537.36 (KHTML, like Gecko) Chrome/132.0.0.0 Safari/537.36"
46.101.116.244 - - [12/Feb/2025:08:12:51 +0100] "GET /Jurek/topeshop/feeds/topeshop_mallsish.xml HTTP/2.0" 200 2403342 "-" "-"
167.99.191.103 - - [12/Feb/2025:08:13:42 +0100] "GET / HTTP/1.1" 200 1559 "-" "Mozilla/5.0 (compatible)"
167.99.191.103 - - [12/Feb/2025:08:13:42 +0100] "GET /favicon.ico HTTP/1.1" 404 3551 "http://jurek.dkkapusta1997.usermd.net/" "Mozilla/5.0 (compatible)"
167.99.191.103 - - [12/Feb/2025:08:13:43 +0100] "GET /ads.txt HTTP/1.1" 404 3551 "-" "Mozilla/5.0 (compatible)"
167.99.191.103 - - [12/Feb/2025:08:13:43 +0100] "GET / HTTP/1.1" 200 1559 "-" "Mozilla/5.0 (compatible)"
167.99.191.103 - - [12/Feb/2025:08:13:46 +0100] "GET /favicon.ico HTTP/1.1" 404 3551 "https://jurek.dkkapusta1997.usermd.net/" "Mozilla/5.0 (compatible)"
167.99.191.103 - - [12/Feb/2025:08:13:47 +0100] "GET /ads.txt HTTP/1.1" 404 3551 "-" "Mozilla/5.0 (compatible)"
185.6.76.18 - - [12/Feb/2025:08:14:20 +0100] "GET /marketplaces/skroutz/feeds/shumee.xml HTTP/1.1" 200 348848270 "-" "SkroutzBot v1.0"
89.161.206.59 - - [12/Feb/2025:08:14:56 +0100] "GET /Jurek/hurtownia_przemyslowa/feeds/hp_allegro_cz.xml HTTP/1.0" 200 49867264 "-" "-"
89.161.206.59 - - [12/Feb/2025:08:15:02 +0100] "GET /Jurek/sempler/feeds/sempler_allegro.xml HTTP/1.0" 200 6553670 "-" "-"
89.161.206.59 - - [12/Feb/2025:08:15:04 +0100] "GET /Jurek/ekuchcikowo/feeds/ekuchcikowo_allegro.xml HTTP/1.0" 200 12839249 "-" "-"
89.161.206.59 - - [12/Feb/2025:08:15:05 +0100] "GET /Jurek/livinhill/feeds/livinhill_allegro.xml HTTP/1.0" 200 1431264 "-" "-"
89.161.206.59 - - [12/Feb/2025:08:15:07 +0100] "GET /Jurek/urwiskowo/feeds/urwiskowo_allegro.xml HTTP/1.0" 200 9115723 "-" "-"
89.161.206.59 - - [12/Feb/2025:08:15:07 +0100] "GET /Jurek/reman/feeds/reman_allegro.xml HTTP/1.0" 200 1394887 "-" "-"
46.101.116.244 - - [12/Feb/2025:08:15:45 +0100] "GET /Jurek/activeshop/feeds/activeshop_mallsish.xml HTTP/2.0" 200 10490654 "-" "-"
46.101.116.244 - - [12/Feb/2025:08:16:09 +0100] "GET /Jurek/aw/feeds/aw_fnacfr.xml HTTP/1.0" 404 3551 "-" "-"
46.101.116.244 - - [12/Feb/2025:08:16:52 +0100] "GET /Filip/feeds/xlsx_ceneo.xml HTTP/1.0" 200 6241376 "-" "-"
51.77.52.107 - - [12/Feb/2025:08:16:53 +0100] "POST /Filip/Rovicky/baselinker/baselinker-ceneo-shumee.php HTTP/2.0" 200 106776 "-" "BaseLinker/1.0"
66.249.66.66 - - [12/Feb/2025:08:18:45 +0100] "GET /Jurek/eurofirany/images/402429/8.jpg HTTP/1.1" 200 180934 "-" "Googlebot-Image/1.0"
46.101.116.244 - - [12/Feb/2025:08:21:00 +0100] "GET /Jurek/hurtownia_przemyslowa/feeds/hp_mallsish.xml HTTP/2.0" 200 49860282 "-" "-"
89.161.206.59 - - [12/Feb/2025:08:21:19 +0100] "GET /Jurek/erohurtownia/feeds/erohurtownia_amazonde.xml HTTP/1.0" 200 23304313 "-" "-"
46.101.116.244 - - [12/Feb/2025:08:21:19 +0100] "GET /Jurek/aw/feeds/aw_fnacfr.xml HTTP/1.0" 404 3551 "-" "-"
46.101.116.244 - - [12/Feb/2025:08:21:27 +0100] "GET /Jurek/action/feeds/action_mallsish.xml HTTP/2.0" 200 55043726 "-" "-"
66.249.66.68 - - [12/Feb/2025:08:21:47 +0100] "GET /Jurek/eurofirany/images/396274/6.jpg HTTP/1.1" 200 55391 "-" "Googlebot-Image/1.0"
46.101.116.244 - - [12/Feb/2025:08:21:55 +0100] "GET /Jurek/eurofirany/feeds/eurofirany_allegro.xml HTTP/1.0" 200 18898000 "-" "-"
46.101.116.244 - - [12/Feb/2025:08:21:57 +0100] "GET /Jurek/victoria/feeds/victoria_pl_velo.xml HTTP/1.0" 200 14476954 "-" "-"
46.101.116.244 - - [12/Feb/2025:08:22:11 +0100] "GET /Jurek/hurtownia_przemyslowa/feeds/hp_bol.xml HTTP/1.0" 200 49860607 "-" "-"
46.101.116.244 - - [12/Feb/2025:08:22:16 +0100] "GET /Jurek/kinghoff/feeds/kinghoff_bol.xml HTTP/1.0" 200 14156537 "-" "-"
89.161.206.59 - - [12/Feb/2025:08:22:19 +0100] "GET /Jurek/sempler/feeds/sempler_BOL.xml HTTP/1.0" 200 6553265 "-" "-"
89.161.206.59 - - [12/Feb/2025:08:22:21 +0100] "GET /Jurek/eroplace/feeds/eroplace_bol.xml HTTP/1.0" 200 30849160 "-" "-"
89.161.206.59 - - [12/Feb/2025:08:22:22 +0100] "GET /Jurek/waks/feeds/waks_bol.xml HTTP/1.0" 200 6332948 "-" "-"
89.161.206.59 - - [12/Feb/2025:08:22:22 +0100] "GET /Jurek/benetech/feeds/benetech_bol.xml HTTP/1.0" 200 4451821 "-" "-"
89.161.206.59 - - [12/Feb/2025:08:22:23 +0100] "GET /Jurek/oromed/feeds/oromed_BOL.xml HTTP/1.0" 200 963541 "-" "-"
89.161.206.59 - - [12/Feb/2025:08:22:23 +0100] "GET /Jurek/narzbud/feeds/narzbud_bol.xml HTTP/1.0" 200 1613877 "-" "-"
89.161.206.59 - - [12/Feb/2025:08:22:24 +0100] "GET /Jurek/artdog/feeds/artdog_bol.xml HTTP/1.0" 200 15929268 "-" "-"
89.161.206.59 - - [12/Feb/2025:08:22:25 +0100] "GET /Jurek/ekuchcikowo/feeds/ekuchcikowo_bol.xml HTTP/1.0" 200 12837661 "-" "-"
89.161.206.59 - - [12/Feb/2025:08:22:25 +0100] "GET /Jurek/ekolight/feeds/ekolight_bol.xml HTTP/1.0" 200 9051588 "-" "-"
89.161.206.59 - - [12/Feb/2025:08:22:26 +0100] "GET /Jurek/galopi/feeds/galopi_bol.xml HTTP/1.0" 200 1884695 "-" "-"
89.161.206.59 - - [12/Feb/2025:08:22:27 +0100] "GET /Jurek/erohurtownia/feeds/erohurtownia_bol.xml HTTP/1.0" 200 23304108 "-" "-"
89.161.206.59 - - [12/Feb/2025:08:22:28 +0100] "GET /Jurek/urwiskowo/feeds/urwiskowo_bol.xml HTTP/1.0" 200 9115002 "-" "-"
89.161.206.59 - - [12/Feb/2025:08:22:29 +0100] "GET /Jurek/livinhill/feeds/livinhill_bol.xml HTTP/1.0" 200 1430982 "-" "-"
89.161.206.59 - - [12/Feb/2025:08:22:29 +0100] "GET /Jurek/combine/feeds/combine_bol.xml HTTP/1.0" 200 210553 "-" "-"
89.161.206.59 - - [12/Feb/2025:08:22:29 +0100] "GET /Jurek/eurofryz2/feeds/eurofryz2_bol.xml HTTP/1.0" 200 1376568 "-" "-"
89.161.206.59 - - [12/Feb/2025:08:22:29 +0100] "GET /Jurek/spali/feeds/spali_bol.xml HTTP/1.0" 200 101948 "-" "-"
89.161.206.59 - - [12/Feb/2025:08:22:30 +0100] "GET /Jurek/eurofryz/feeds/eurofryz_bol.xml HTTP/1.0" 200 2388377 "-" "-"
89.161.206.59 - - [12/Feb/2025:08:22:30 +0100] "GET /Jurek/eurofryz3/feeds/eurofryz3_bol.xml HTTP/1.0" 200 172215 "-" "-"
89.161.206.59 - - [12/Feb/2025:08:22:30 +0100] "GET /Jurek/bass_new/feeds/bass_bol.xml HTTP/1.0" 200 7040979 "-" "-"
89.161.206.59 - - [12/Feb/2025:08:22:35 +0100] "GET /Jurek/aiofactory/feeds/aiofactory_bol.xml HTTP/1.0" 200 2078122 "-" "-"
46.101.116.244 - - [12/Feb/2025:08:22:37 +0100] "GET /Jurek/rovicky/feeds/rovicky_zalando.xml HTTP/1.0" 200 14319943 "-" "-"
46.101.116.244 - - [12/Feb/2025:08:22:38 +0100] "GET /Jurek/rovicky/feeds/rovicky_zalPL.xml HTTP/1.0" 200 14195483 "-" "-"
46.101.116.244 - - [12/Feb/2025:08:22:41 +0100] "GET /Filip/feeds/xlsx_ceneo.xml HTTP/1.0" 200 6241376 "-" "-"
85.232.241.194 - - [12/Feb/2025:08:22:42 +0100] "GET /Filip/Rovicky/xlsx_ceneo.xml HTTP/1.1" 200 3255746 "-" "-"
51.77.52.107 - - [12/Feb/2025:08:22:42 +0100] "POST /Filip/Rovicky/baselinker/baselinker-ceneo-shumee.php HTTP/2.0" 200 106776 "-" "BaseLinker/1.0"
46.101.116.244 - - [12/Feb/2025:08:23:30 +0100] "GET /Jurek/beliani/feeds/beliani_si_mallsi.xml HTTP/2.0" 200 31854437 "-" "-"
46.101.116.244 - - [12/Feb/2025:08:23:58 +0100] "GET /Jurek/rovicky/feeds/rovicky_mallsish.xml HTTP/2.0" 200 14079296 "-" "-"
46.101.116.244 - - [12/Feb/2025:08:24:09 +0100] "GET /Jurek/detian/feeds/detian_mallsish.xml HTTP/2.0" 404 3551 "-" "-"
46.101.116.244 - - [12/Feb/2025:08:24:20 +0100] "GET /Jurek/ikonka/feeds/ikonka_mallsish.xml HTTP/2.0" 200 22162270 "-" "-"
46.101.116.244 - - [12/Feb/2025:08:24:32 +0100] "GET /Jurek/candellux/feeds/candellux_mallsish.xml HTTP/2.0" 200 465720 "-" "-"
46.101.116.244 - - [12/Feb/2025:08:24:43 +0100] "GET /Jurek/andex/feeds/andex_mallslsh.xml HTTP/2.0" 200 1953490 "-" "-"
46.101.116.244 - - [12/Feb/2025:08:24:55 +0100] "GET /Jurek/chemex/feeds/chemex_mallsish.xml HTTP/2.0" 200 47809880 "-" "-"
46.101.116.244 - - [12/Feb/2025:08:25:18 +0100] "GET /Jurek/aw/feeds/awnarzedzia_mallsish.xml HTTP/2.0" 200 90556017 "-" "-"
46.101.116.244 - - [12/Feb/2025:08:25:28 +0100] "GET /Jurek/chemex/feeds/chemex_empik.xml HTTP/1.0" 200 47822490 "-" "-"
46.101.116.244 - - [12/Feb/2025:08:25:57 +0100] "GET /Jurek/aw/feeds/aw_fnacfr.xml HTTP/1.0" 404 3551 "-" "-"
46.101.116.244 - - [12/Feb/2025:08:26:44 +0100] "GET /Filip/feeds/xlsx_ceneo.xml HTTP/1.0" 200 6241376 "-" "-"
51.77.52.107 - - [12/Feb/2025:08:26:45 +0100] "POST /Filip/Rovicky/baselinker/baselinker-ceneo-shumee.php HTTP/2.0" 200 106776 "-" "BaseLinker/1.0"
46.101.116.244 - - [12/Feb/2025:08:27:12 +0100] "GET /Jurek/barbecook/feeds/barbecook_mallslsh.xml HTTP/2.0" 200 87520 "-" "-"
46.101.116.244 - - [12/Feb/2025:08:27:22 +0100] "GET /Jurek/duka/feeds/duka_mallslsh.xml HTTP/2.0" 200 57 "-" "-"
46.101.116.244 - - [12/Feb/2025:08:27:33 +0100] "GET /Jurek/miloohome/feeds/miloohome_mallsish.xml HTTP/2.0" 200 1421025 "-" "-"
46.101.116.244 - - [12/Feb/2025:08:27:44 +0100] "GET /Jurek/stema/feeds/stema_mallslsh.xml HTTP/2.0" 200 861852 "-" "-"
46.101.116.244 - - [12/Feb/2025:08:27:55 +0100] "GET /Jurek/fernity/feeds/fernity_mallslsh.xml HTTP/2.0" 200 5089638 "-" "-"
46.101.116.244 - - [12/Feb/2025:08:28:18 +0100] "GET /Jurek/kinghoff/feeds/kinghoff_mallslsh.xml HTTP/2.0" 200 14156536 "-" "-"
46.101.116.244 - - [12/Feb/2025:08:28:32 +0100] "GET /Jurek/kinghome/feeds/kinghome_mallslsh.xml HTTP/2.0" 200 5721707 "-" "-"
46.101.116.244 - - [12/Feb/2025:08:28:43 +0100] "GET /Jurek/vivaldi/feeds/vivaldi_Mall-slsh.xml HTTP/2.0" 200 344660 "-" "-"
46.101.116.244 - - [12/Feb/2025:08:28:54 +0100] "GET /Jurek/eurofirany/feeds/eurofirany_mall_si_shumee.xml HTTP/2.0" 200 18894145 "-" "-"
193.33.8.61 - - [12/Feb/2025:08:30:26 +0100] "GET /favicon.ico HTTP/2.0" 404 3551 "https://dkkapusta1997.usermd.net/Jurek/eany/" "Mozilla/5.0 (Windows NT 10.0; Win64; x64) AppleWebKit/537.36 (KHTML, like Gecko) Chrome/132.0.0.0 Safari/537.36"
193.33.8.61 - - [12/Feb/2025:08:30:30 +0100] "GET /Jurek/eany/data.csv HTTP/2.0" 200 26324845 "https://dkkapusta1997.usermd.net/Jurek/eany/" "Mozilla/5.0 (Windows NT 10.0; Win64; x64) AppleWebKit/537.36 (KHTML, like Gecko) Chrome/132.0.0.0 Safari/537.36"
46.101.116.244 - - [12/Feb/2025:08:30:50 +0100] "GET /Jurek/aw/feeds/aw_fnacfr.xml HTTP/1.0" 404 3551 "-" "-"
46.101.116.244 - - [12/Feb/2025:08:31:36 +0100] "GET /Filip/feeds/xlsx_ceneo.xml HTTP/1.0" 200 6241376 "-" "-"
51.77.52.107 - - [12/Feb/2025:08:31:36 +0100] "POST /Filip/Rovicky/baselinker/baselinker-ceneo-shumee.php HTTP/2.0" 200 106776 "-" "BaseLinker/1.0"
46.101.116.244 - - [12/Feb/2025:08:32:45 +0100] "GET /Jurek/unimet/feeds/unimet_mallsish.xml HTTP/2.0" 200 61063013 "-" "-"
46.101.116.244 - - [12/Feb/2025:08:33:28 +0100] "GET /Jurek/flhf/feeds/flhf_mallsish.xml HTTP/2.0" 404 3551 "-" "-"
193.33.8.61 - - [12/Feb/2025:08:33:52 +0100] "GET /Jurek/twojsklep/feeds/twojsklep_allegro.xml HTTP/2.0" 200 126789 "https://konsola.dkkapusta1997.usermd.net/" "Mozilla/5.0 (Windows NT 10.0; Win64; x64) AppleWebKit/537.36 (KHTML, like Gecko) Chrome/132.0.0.0 Safari/537.36"
193.33.8.61 - - [12/Feb/2025:08:33:52 +0100] "GET /favicon.ico HTTP/2.0" 404 3551 "https://dkkapusta1997.usermd.net/Jurek/twojsklep/feeds/twojsklep_allegro.xml" "Mozilla/5.0 (Windows NT 10.0; Win64; x64) AppleWebKit/537.36 (KHTML, like Gecko) Chrome/132.0.0.0 Safari/537.36"
52.18.22.0 - - [12/Feb/2025:08:34:24 +0100] "GET /marketplaces/worten2/results/worten.csv HTTP/1.1" 200 147218 "-" "Mirakl HttpClient"
46.101.116.244 - - [12/Feb/2025:08:34:49 +0100] "GET /Jurek/vidaSI/feeds/vidaSI_mallsh.xml HTTP/2.0" 200 619538622 "-" "-"
89.161.206.59 - - [12/Feb/2025:08:35:46 +0100] "GET /Jurek/twojsklep/feeds/twojsklep_allegro.xml HTTP/1.0" 200 126789 "-" "-"
46.101.116.244 - - [12/Feb/2025:08:38:36 +0100] "GET /Jurek/aw/feeds/aw_fnacfr.xml HTTP/1.0" 404 3551 "-" "-"
46.101.116.244 - - [12/Feb/2025:08:38:59 +0100] "GET /Jurek/kinghoff/feeds/kinghoff_ceneo.xml HTTP/1.0" 200 14157447 "-" "-"
46.101.116.244 - - [12/Feb/2025:08:39:02 +0100] "GET /Jurek/barbecook/feeds/barbecook_allegro.xml HTTP/1.0" 200 87554 "-" "-"
46.101.116.244 - - [12/Feb/2025:08:39:07 +0100] "GET /Jurek/vida_morele/feeds/vidaPL_velomarket_category4.xml HTTP/1.0" 200 51804088 "-" "-"
89.161.206.59 - - [12/Feb/2025:08:39:37 +0100] "GET /Jurek/waks/feeds/waks_allegro.xml HTTP/1.0" 200 6333917 "-" "-"
89.161.206.59 - - [12/Feb/2025:08:39:37 +0100] "GET /Jurek/oromed/feeds/oromed_allegro.xml HTTP/1.0" 200 963649 "-" "-"
89.161.206.59 - - [12/Feb/2025:08:39:38 +0100] "GET /Jurek/bisanti/feeds/bisanti_allegro.xml HTTP/1.0" 200 1132586 "-" "-"
193.33.8.61 - - [12/Feb/2025:08:40:15 +0100] "GET /Jurek/wenom/feeds/wenom_allegro.xml HTTP/2.0" 200 583257 "https://konsola.dkkapusta1997.usermd.net/" "Mozilla/5.0 (Windows NT 10.0; Win64; x64) AppleWebKit/537.36 (KHTML, like Gecko) Chrome/132.0.0.0 Safari/537.36"
193.33.8.61 - - [12/Feb/2025:08:41:53 +0100] "GET /Jurek/elecomp/feeds/elecomp_zero.xml HTTP/2.0" 200 2869390 "https://konsola.dkkapusta1997.usermd.net/" "Mozilla/5.0 (Windows NT 10.0; Win64; x64) AppleWebKit/537.36 (KHTML, like Gecko) Chrome/132.0.0.0 Safari/537.36"
77.79.248.229 - - [12/Feb/2025:08:42:01 +0100] "GET /Jurek/elecomp/feeds/elecomp_zero.xml HTTP/1.1" 200 2869390 "-" "Python-urllib/3.11"
89.161.206.59 - - [12/Feb/2025:08:43:13 +0100] "GET /Jurek/wenom/feeds/wenom_allegro.xml HTTP/1.0" 200 583257 "-" "-"
89.161.206.59 - - [12/Feb/2025:08:43:49 +0100] "GET /Jurek/szpaklampy/feeds/szpaklampy_allegro.xml HTTP/1.0" 200 416585 "-" "-"
46.101.116.244 - - [12/Feb/2025:08:44:12 +0100] "GET /Filip/feeds/xlsx_ceneo.xml HTTP/1.0" 200 6241376 "-" "-"
51.77.52.107 - - [12/Feb/2025:08:44:12 +0100] "POST /Filip/Rovicky/baselinker/baselinker-ceneo-shumee.php HTTP/2.0" 200 106776 "-" "BaseLinker/1.0"
46.101.116.244 - - [12/Feb/2025:08:45:47 +0100] "GET /Jurek/aw/feeds/aw_fnacfr.xml HTTP/1.0" 404 3551 "-" "-"
89.161.206.59 - - [12/Feb/2025:08:46:03 +0100] "GET /Jurek/ikonka/feeds/ikonka_amazonDE.xml HTTP/1.0" 200 22162306 "-" "-"
89.161.206.59 - - [12/Feb/2025:08:46:04 +0100] "GET /Jurek/ikonka/feeds/ikonka_amazonIT.xml HTTP/1.0" 200 22162346 "-" "-"
89.161.206.59 - - [12/Feb/2025:08:46:05 +0100] "GET /Jurek/ikonka/feeds/ikonka_amazonFR.xml HTTP/1.0" 200 22162335 "-" "-"
46.101.116.244 - - [12/Feb/2025:08:46:32 +0100] "GET /Filip/feeds/xlsx_ceneo.xml HTTP/1.0" 200 6241376 "-" "-"
51.77.52.107 - - [12/Feb/2025:08:46:33 +0100] "POST /Filip/Rovicky/baselinker/baselinker-ceneo-shumee.php HTTP/2.0" 200 106776 "-" "BaseLinker/1.0"
193.33.8.61 - - [12/Feb/2025:08:47:58 +0100] "GET /Jurek/evil/feeds/evil_allegro.xml HTTP/2.0" 200 306413 "https://konsola.dkkapusta1997.usermd.net/" "Mozilla/5.0 (Windows NT 10.0; Win64; x64) AppleWebKit/537.36 (KHTML, like Gecko) Chrome/132.0.0.0 Safari/537.36"
3.66.179.55 - - [12/Feb/2025:08:48:49 +0100] "GET /Filip/zalando/zalando-logo.jpg HTTP/2.0" 200 5121 "-" "Mozilla/5.0 (Windows NT 6.3; Trident/7.0; rv:11.0) like Gecko"
3.66.117.228 - - [12/Feb/2025:08:49:01 +0100] "GET /Filip/zalando/zalando-logo.jpg HTTP/2.0" 200 5121 "-" "Mozilla/5.0 (Windows NT 6.3; Trident/7.0; rv:11.0) like Gecko"
89.161.206.59 - - [12/Feb/2025:08:49:05 +0100] "GET /Jurek/evil/feeds/evil_allegro.xml HTTP/1.0" 200 306413 "-" "-"
3.66.117.228 - - [12/Feb/2025:08:49:57 +0100] "GET /Filip/zalando/zalando-logo.jpg HTTP/2.0" 200 5121 "-" "Mozilla/5.0 (Windows NT 6.3; Trident/7.0; rv:11.0) like Gecko"
3.66.117.228 - - [12/Feb/2025:08:50:04 +0100] "GET /Filip/zalando/zalando-logo.jpg HTTP/2.0" 200 5121 "-" "Mozilla/5.0 (Windows NT 6.3; Trident/7.0; rv:11.0) like Gecko"
3.66.179.55 - - [12/Feb/2025:08:50:53 +0100] "GET /Filip/zalando/zalando-logo.jpg HTTP/2.0" 200 5121 "-" "Mozilla/5.0 (Windows NT 6.3; Trident/7.0; rv:11.0) like Gecko"
3.66.117.228 - - [12/Feb/2025:08:50:58 +0100] "GET /Filip/zalando/zalando-logo.jpg HTTP/2.0" 200 5121 "-" "Mozilla/5.0 (Windows NT 6.3; Trident/7.0; rv:11.0) like Gecko"
46.101.116.244 - - [12/Feb/2025:08:50:58 +0100] "GET /Jurek/aw/feeds/aw_fnacfr.xml HTTP/1.0" 404 3551 "-" "-"
46.101.116.244 - - [12/Feb/2025:08:51:28 +0100] "GET /Jurek/vida_morele/feeds/vidaPL_velomarket_category6.xml HTTP/1.0" 200 149826400 "-" "-"
3.66.117.228 - - [12/Feb/2025:08:51:32 +0100] "GET /Filip/zalando/zalando-logo.jpg HTTP/2.0" 200 5121 "-" "Mozilla/5.0 (Windows NT 6.3; Trident/7.0; rv:11.0) like Gecko"
34.72.247.156 - - [12/Feb/2025:08:51:34 +0100] "GET /Jurek/topeshop/downloaded_images/5902838461273_2.png HTTP/1.1" 404 3551 "-" "Mozilla/5.0 (X11; Linux x86_64) AppleWebKit/537.36 (KHTML, like Gecko) Chrome/110.0.0.0 Safari/537.36"
46.101.116.244 - - [12/Feb/2025:08:51:37 +0100] "GET /Jurek/vida_morele/feeds/vidaPL_velomarket_category2.xml HTTP/1.0" 200 41367212 "-" "-"
216.213.27.81 - - [12/Feb/2025:08:51:37 +0100] "GET /Jurek/topeshop/downloaded_images/5902838461273_2.png HTTP/2.0" 404 3551 "-" "Mozilla/5.0 (X11; Linux x86_64) AppleWebKit/537.36 (KHTML, like Gecko) Chrome/110.0.0.0 Safari/537.36"
3.66.117.228 - - [12/Feb/2025:08:51:38 +0100] "GET /Filip/zalando/zalando-logo.jpg HTTP/2.0" 200 5121 "-" "Mozilla/5.0 (Windows NT 6.3; Trident/7.0; rv:11.0) like Gecko"
147.53.124.167 - - [12/Feb/2025:08:51:42 +0100] "GET /Jurek/topeshop/downloaded_images/5902838461273_2.png HTTP/2.0" 404 3551 "-" "Mozilla/5.0 (X11; Linux x86_64) AppleWebKit/537.36 (KHTML, like Gecko) Chrome/110.0.0.0 Safari/537.36"
34.133.239.145 - - [12/Feb/2025:08:51:43 +0100] "GET /Jurek/topeshop/downloaded_images/5902838461273_3.png HTTP/1.1" 404 3551 "-" "Mozilla/5.0 (X11; Linux x86_64) AppleWebKit/537.36 (KHTML, like Gecko) Chrome/110.0.0.0 Safari/537.36"
147.53.124.168 - - [12/Feb/2025:08:51:45 +0100] "GET /Jurek/topeshop/downloaded_images/5902838461273_3.png HTTP/2.0" 404 3551 "-" "Mozilla/5.0 (X11; Linux x86_64) AppleWebKit/537.36 (KHTML, like Gecko) Chrome/110.0.0.0 Safari/537.36"
46.101.116.244 - - [12/Feb/2025:08:51:50 +0100] "GET /Jurek/vida_morele/feeds/vidaPL_velomarket_category3.xml HTTP/1.0" 200 40010555 "-" "-"
147.92.52.128 - - [12/Feb/2025:08:51:50 +0100] "GET /Jurek/topeshop/downloaded_images/5902838461273_3.png HTTP/2.0" 404 3551 "-" "Mozilla/5.0 (X11; Linux x86_64) AppleWebKit/537.36 (KHTML, like Gecko) Chrome/110.0.0.0 Safari/537.36"
3.66.179.55 - - [12/Feb/2025:08:52:16 +0100] "GET /Filip/zalando/zalando-logo.jpg HTTP/2.0" 200 5121 "-" "Mozilla/5.0 (Windows NT 6.3; Trident/7.0; rv:11.0) like Gecko"
3.66.179.55 - - [12/Feb/2025:08:52:27 +0100] "GET /Filip/zalando/zalando-logo.jpg HTTP/2.0" 200 5121 "-" "Mozilla/5.0 (Windows NT 6.3; Trident/7.0; rv:11.0) like Gecko"
34.133.239.145 - - [12/Feb/2025:08:53:56 +0100] "GET /Jurek/topeshop/downloaded_images/5902838461266_1.png HTTP/1.1" 404 3551 "-" "Mozilla/5.0 (X11; Linux x86_64) AppleWebKit/537.36 (KHTML, like Gecko) Chrome/110.0.0.0 Safari/537.36"
