89.161.206.59 - - [10/Feb/2025:08:26:26 +0100] "GET /Jurek/ikonka/feeds/ikonka_amazonES.xml HTTP/1.0" 200 22193738 "-" "-"
89.161.206.59 - - [10/Feb/2025:08:26:28 +0100] "GET /Jurek/hurtownia_przemyslowa/feeds/hp_amazonDE.xml HTTP/1.0" 200 49871751 "-" "-"
89.161.206.59 - - [10/Feb/2025:08:26:32 +0100] "GET /Jurek/ikonka/feeds/ikonka_amazonNL.xml HTTP/1.0" 200 22193678 "-" "-"
89.161.206.59 - - [10/Feb/2025:08:26:38 +0100] "GET /Jurek/kinghoff/feeds/kinghoff_amazon_de.xml HTTP/1.0" 200 14249774 "-" "-"
89.161.206.59 - - [10/Feb/2025:08:26:39 +0100] "GET /Jurek/bass/feeds/bass_amazonde.xml HTTP/1.0" 200 3983847 "-" "-"
89.161.206.59 - - [10/Feb/2025:08:26:40 +0100] "GET /Jurek/bass/feeds/bass_amazonit.xml HTTP/1.0" 200 3984020 "-" "-"
89.161.206.59 - - [10/Feb/2025:08:26:40 +0100] "GET /Jurek/bass/feeds/bass_amazonit.xml HTTP/1.0" 200 3984020 "-" "-"
89.161.206.59 - - [10/Feb/2025:08:26:40 +0100] "GET /Jurek/bass/feeds/bass_amazonnl.xml HTTP/1.0" 200 3983925 "-" "-"
89.161.206.59 - - [10/Feb/2025:08:26:40 +0100] "GET /Jurek/bass/feeds/bass_amazonnl.xml HTTP/1.0" 200 3983925 "-" "-"
89.161.206.59 - - [10/Feb/2025:08:26:40 +0100] "GET /Jurek/bass/feeds/bass_amazones.xml HTTP/1.0" 200 3984029 "-" "-"
89.161.206.59 - - [10/Feb/2025:08:26:40 +0100] "GET /Jurek/bass/feeds/bass_amazones.xml HTTP/1.0" 200 3984029 "-" "-"
89.161.206.59 - - [10/Feb/2025:08:26:40 +0100] "GET /Jurek/bass/feeds/bass_amazonse.xml HTTP/1.0" 200 3985704 "-" "-"
46.101.116.244 - - [10/Feb/2025:08:26:45 +0100] "GET /Jurek/hurtownia_przemyslowa/feeds/hp_mallsish.xml HTTP/2.0" 200 49871066 "-" "-"
89.161.206.59 - - [10/Feb/2025:08:26:49 +0100] "GET /Jurek/kambukka/feeds/kambukka_amazones.xml HTTP/1.0" 200 973307 "-" "-"
89.161.206.59 - - [10/Feb/2025:08:26:49 +0100] "GET /Jurek/kambukka/feeds/kambukka_amazones.xml HTTP/1.0" 200 973307 "-" "-"
89.161.206.59 - - [10/Feb/2025:08:26:49 +0100] "GET /Jurek/waks/feeds/waks_amazonde.xml HTTP/1.0" 200 6332943 "-" "-"
89.161.206.59 - - [10/Feb/2025:08:26:49 +0100] "GET /Jurek/waks/feeds/waks_amazonfr.xml HTTP/1.0" 200 6332991 "-" "-"
89.161.206.59 - - [10/Feb/2025:08:26:50 +0100] "GET /Jurek/waks/feeds/waks_amazonse.xml HTTP/1.0" 200 6335480 "-" "-"
89.161.206.59 - - [10/Feb/2025:08:26:51 +0100] "GET /Jurek/hdwr/feeds/hdwr_amazonde.xml HTTP/1.0" 200 777782 "-" "-"
89.161.206.59 - - [10/Feb/2025:08:26:51 +0100] "GET /Jurek/hdwr/feeds/hdwr_amazonfr.xml HTTP/1.0" 200 777798 "-" "-"
89.161.206.59 - - [10/Feb/2025:08:26:51 +0100] "GET /Jurek/kambukka/feeds/kambukka_amazonde.xml HTTP/1.0" 200 973311 "-" "-"
89.161.206.59 - - [10/Feb/2025:08:26:51 +0100] "GET /Jurek/benetech/feeds/benetech_amazonde.xml HTTP/1.0" 200 4451809 "-" "-"
89.161.206.59 - - [10/Feb/2025:08:26:52 +0100] "GET /Jurek/sempler/feeds/sempler_amazonbe.xml HTTP/1.0" 200 6553277 "-" "-"
89.161.206.59 - - [10/Feb/2025:08:26:52 +0100] "GET /Jurek/kambukka/feeds/kambukka_amazonbe.xml HTTP/1.0" 200 973333 "-" "-"
89.161.206.59 - - [10/Feb/2025:08:26:53 +0100] "GET /Jurek/eroplace/feeds/eroplace_amazonse.xml HTTP/1.0" 200 30863608 "-" "-"
89.161.206.59 - - [10/Feb/2025:08:26:53 +0100] "GET /Jurek/eroplace/feeds/eroplace_amazonse.xml HTTP/1.0" 200 30863608 "-" "-"
89.161.206.59 - - [10/Feb/2025:08:26:54 +0100] "GET /Jurek/eroplace/feeds/eroplace_amazonnl.xml HTTP/1.0" 200 30849493 "-" "-"
89.161.206.59 - - [10/Feb/2025:08:26:58 +0100] "GET /Jurek/b3/feeds/b3_amazones.xml HTTP/1.0" 200 7246102 "-" "-"
89.161.206.59 - - [10/Feb/2025:08:26:59 +0100] "GET /Jurek/b3/feeds/b3_amazonbe.xml HTTP/1.0" 200 7245847 "-" "-"
89.161.206.59 - - [10/Feb/2025:08:27:01 +0100] "GET /Jurek/oromed/feeds/oromed_amazonbe.xml HTTP/1.0" 200 975756 "-" "-"
46.101.116.244 - - [10/Feb/2025:08:27:08 +0100] "GET /Jurek/action/feeds/action_mallsish.xml HTTP/2.0" 200 55043006 "-" "-"
46.101.116.244 - - [10/Feb/2025:08:29:13 +0100] "GET /Jurek/beliani/feeds/beliani_si_mallsi.xml HTTP/2.0" 200 31916347 "-" "-"
46.101.116.244 - - [10/Feb/2025:08:29:39 +0100] "GET /Jurek/rovicky/feeds/rovicky_mallsish.xml HTTP/2.0" 200 14091219 "-" "-"
46.101.116.244 - - [10/Feb/2025:08:29:50 +0100] "GET /Jurek/detian/feeds/detian_mallsish.xml HTTP/2.0" 404 3551 "-" "-"
46.101.116.244 - - [10/Feb/2025:08:30:01 +0100] "GET /Jurek/ikonka/feeds/ikonka_mallsish.xml HTTP/2.0" 200 22193679 "-" "-"
46.101.116.244 - - [10/Feb/2025:08:30:15 +0100] "GET /Jurek/candellux/feeds/candellux_mallsish.xml HTTP/2.0" 200 465720 "-" "-"
46.101.116.244 - - [10/Feb/2025:08:30:26 +0100] "GET /Jurek/andex/feeds/andex_mallslsh.xml HTTP/2.0" 200 1953477 "-" "-"
46.101.116.244 - - [10/Feb/2025:08:30:39 +0100] "GET /Jurek/aw/feeds/aw_fnacfr.xml HTTP/1.0" 404 3551 "-" "-"
46.101.116.244 - - [10/Feb/2025:08:30:40 +0100] "GET /Jurek/chemex/feeds/chemex_mallsish.xml HTTP/2.0" 200 47809880 "-" "-"
46.101.116.244 - - [10/Feb/2025:08:31:01 +0100] "GET /Jurek/aw/feeds/awnarzedzia_mallsish.xml HTTP/2.0" 200 90581196 "-" "-"
89.161.206.59 - - [10/Feb/2025:08:31:08 +0100] "GET /Jurek/benetech/feeds/benetech_allegro.xml HTTP/1.0" 200 4452096 "-" "-"
89.161.206.59 - - [10/Feb/2025:08:31:08 +0100] "GET /Jurek/targethome/feeds/targethome_allegro.xml HTTP/1.0" 200 683646 "-" "-"
89.161.206.59 - - [10/Feb/2025:08:31:11 +0100] "GET /Jurek/fertone/feeds/fertone_allegro.xml HTTP/1.0" 200 626347 "-" "-"
46.101.116.244 - - [10/Feb/2025:08:31:23 +0100] "GET /Filip/feeds/xlsx_ceneo.xml HTTP/1.0" 200 6241376 "-" "-"
51.77.52.107 - - [10/Feb/2025:08:31:23 +0100] "POST /Filip/Rovicky/baselinker/baselinker-ceneo-shumee.php HTTP/2.0" 200 106776 "-" "BaseLinker/1.0"
46.101.116.244 - - [10/Feb/2025:08:31:56 +0100] "GET /Jurek/eurofirany/feeds/eurofirany_empik.xml HTTP/1.0" 200 18935909 "-" "-"
46.101.116.244 - - [10/Feb/2025:08:32:07 +0100] "GET /Jurek/barbecook/feeds/barbecook_mallslsh.xml HTTP/2.0" 200 87520 "-" "-"
46.101.116.244 - - [10/Feb/2025:08:32:17 +0100] "GET /Jurek/duka/feeds/duka_mallslsh.xml HTTP/2.0" 200 57 "-" "-"
46.101.116.244 - - [10/Feb/2025:08:32:28 +0100] "GET /Jurek/miloohome/feeds/miloohome_mallsish.xml HTTP/2.0" 200 1421025 "-" "-"
5.134.208.158 - - [10/Feb/2025:08:32:38 +0100] "GET /Jurek/eurofirany/images/389811/0.jpg HTTP/1.1" 200 94779 "-" "-"
46.101.116.244 - - [10/Feb/2025:08:32:39 +0100] "GET /Jurek/stema/feeds/stema_mallslsh.xml HTTP/2.0" 200 861876 "-" "-"
46.101.116.244 - - [10/Feb/2025:08:32:50 +0100] "GET /Jurek/fernity/feeds/fernity_mallslsh.xml HTTP/2.0" 200 5125860 "-" "-"
46.101.116.244 - - [10/Feb/2025:08:33:15 +0100] "GET /Jurek/kinghoff/feeds/kinghoff_mallslsh.xml HTTP/2.0" 200 14249662 "-" "-"
46.101.116.244 - - [10/Feb/2025:08:33:29 +0100] "GET /Jurek/kinghome/feeds/kinghome_mallslsh.xml HTTP/2.0" 200 5719925 "-" "-"
5.134.208.158 - - [10/Feb/2025:08:33:39 +0100] "GET /Jurek/eurofirany/images/45592/0.jpg HTTP/1.1" 200 145409 "-" "-"
46.101.116.244 - - [10/Feb/2025:08:33:40 +0100] "GET /Jurek/vivaldi/feeds/vivaldi_Mall-slsh.xml HTTP/2.0" 200 344660 "-" "-"
46.101.116.244 - - [10/Feb/2025:08:33:51 +0100] "GET /Jurek/eurofirany/feeds/eurofirany_mall_si_shumee.xml HTTP/2.0" 200 18934719 "-" "-"
46.101.116.244 - - [10/Feb/2025:08:35:57 +0100] "GET /Jurek/aw/feeds/aw_fnacfr.xml HTTP/1.0" 404 3551 "-" "-"
46.101.116.244 - - [10/Feb/2025:08:36:44 +0100] "GET /Filip/feeds/xlsx_ceneo.xml HTTP/1.0" 200 6241376 "-" "-"
51.77.52.107 - - [10/Feb/2025:08:36:45 +0100] "POST /Filip/Rovicky/baselinker/baselinker-ceneo-shumee.php HTTP/2.0" 200 106776 "-" "BaseLinker/1.0"
178.21.154.6 - - [10/Feb/2025:08:36:54 +0100] "GET /Jurek/eurofirany/images/356441/0.jpg HTTP/1.1" 200 168611 "-" "-"
46.101.116.244 - - [10/Feb/2025:08:36:55 +0100] "GET /Jurek/unimet/feeds/unimet_mallsish.xml HTTP/2.0" 200 61065318 "-" "-"
46.101.116.244 - - [10/Feb/2025:08:37:41 +0100] "GET /Jurek/flhf/feeds/flhf_mallsish.xml HTTP/2.0" 404 3551 "-" "-"
89.161.206.59 - - [10/Feb/2025:08:38:10 +0100] "GET /Jurek/hurtownia_przemyslowa/feeds/hp_amazonFR.xml HTTP/1.0" 200 49871626 "-" "-"
89.161.206.59 - - [10/Feb/2025:08:38:16 +0100] "GET /Jurek/hurtownia_przemyslowa/feeds/hp_amazonIT.xml HTTP/1.0" 200 49871957 "-" "-"
46.101.116.244 - - [10/Feb/2025:08:38:42 +0100] "GET /Jurek/vidaSI/feeds/vidaSI_mallsh.xml HTTP/2.0" 200 619446052 "-" "-"
52.209.168.113 - - [10/Feb/2025:08:39:10 +0100] "GET /marketplaces/worten2/results/worten.csv HTTP/1.1" 200 147218 "-" "Mirakl HttpClient"
193.33.8.61 - - [10/Feb/2025:08:40:11 +0100] "GET /Jurek/eany/data.csv HTTP/2.0" 304 0 "https://dkkapusta1997.usermd.net/Jurek/eany/" "Mozilla/5.0 (Windows NT 10.0; Win64; x64) AppleWebKit/537.36 (KHTML, like Gecko) Chrome/132.0.0.0 Safari/537.36"
193.33.8.61 - - [10/Feb/2025:08:40:31 +0100] "GET /Jurek/elecomp/download/products.csv HTTP/2.0" 200 2048875 "https://konsola.dkkapusta1997.usermd.net/" "Mozilla/5.0 (Windows NT 10.0; Win64; x64) AppleWebKit/537.36 (KHTML, like Gecko) Chrome/133.0.0.0 Safari/537.36"
89.161.206.59 - - [10/Feb/2025:08:40:32 +0100] "GET /Jurek/hurtownia_przemyslowa/feeds/hp_amazonNL.xml HTTP/1.0" 200 49871404 "-" "-"
89.161.206.59 - - [10/Feb/2025:08:40:36 +0100] "GET /Jurek/hurtownia_przemyslowa/feeds/hp_amazonSE.xml HTTP/1.0" 200 49887514 "-" "-"
46.101.116.244 - - [10/Feb/2025:08:40:42 +0100] "GET /Jurek/aw/feeds/aw_fnacfr.xml HTTP/1.0" 404 3551 "-" "-"
46.101.116.244 - - [10/Feb/2025:08:41:23 +0100] "GET /Filip/feeds/xlsx_ceneo.xml HTTP/1.0" 200 6241376 "-" "-"
51.77.52.107 - - [10/Feb/2025:08:41:23 +0100] "POST /Filip/Rovicky/baselinker/baselinker-ceneo-shumee.php HTTP/2.0" 200 106776 "-" "BaseLinker/1.0"
46.101.116.244 - - [10/Feb/2025:08:45:29 +0100] "GET /Jurek/aw/feeds/aw_fnacfr.xml HTTP/1.0" 404 3551 "-" "-"
89.161.206.59 - - [10/Feb/2025:08:45:47 +0100] "GET /Jurek/oromed/feeds/oromed_amazones.xml HTTP/1.0" 200 975771 "-" "-"
89.161.206.59 - - [10/Feb/2025:08:45:47 +0100] "GET /Jurek/oromed/feeds/oromed_amazonse.xml HTTP/1.0" 200 975948 "-" "-"
89.161.206.59 - - [10/Feb/2025:08:45:47 +0100] "GET /Jurek/oromed/feeds/oromed_amazonfr.xml HTTP/1.0" 200 975751 "-" "-"
89.161.206.59 - - [10/Feb/2025:08:45:47 +0100] "GET /Jurek/oromed/feeds/oromed_amazonit.xml HTTP/1.0" 200 975772 "-" "-"
46.101.116.244 - - [10/Feb/2025:08:46:14 +0100] "GET /Filip/feeds/xlsx_ceneo.xml HTTP/1.0" 200 6241376 "-" "-"
51.77.52.107 - - [10/Feb/2025:08:46:14 +0100] "POST /Filip/Rovicky/baselinker/baselinker-ceneo-shumee.php HTTP/2.0" 200 106776 "-" "BaseLinker/1.0"
178.21.154.6 - - [10/Feb/2025:08:49:03 +0100] "GET /Jurek/eurofirany/images/389811/0.jpg HTTP/1.1" 200 94779 "-" "-"
89.161.206.59 - - [10/Feb/2025:08:49:47 +0100] "GET /Jurek/slayo/feeds/slayo_skroutz.xml HTTP/1.0" 200 195531 "-" "-"
89.161.206.59 - - [10/Feb/2025:08:50:08 +0100] "GET /Jurek/hurtmeblowy/feeds/hurtmeblowy_skroutz.xml HTTP/1.0" 200 8039434 "-" "-"
193.33.8.61 - - [10/Feb/2025:08:50:30 +0100] "GET /Jurek/oromed/output.txt HTTP/2.0" 200 2064384 "https://konsola.dkkapusta1997.usermd.net/" "Mozilla/5.0 (Windows NT 10.0; Win64; x64) AppleWebKit/537.36 (KHTML, like Gecko) Chrome/132.0.0.0 Safari/537.36"
46.101.116.244 - - [10/Feb/2025:08:50:34 +0100] "GET /Jurek/aw/feeds/aw_fnacfr.xml HTTP/1.0" 404 3551 "-" "-"
46.101.116.244 - - [10/Feb/2025:08:50:43 +0100] "GET /Jurek/hurtownia_przemyslowa/feeds/hp_fnacfr.xml HTTP/1.0" 200 49871105 "-" "-"
89.161.206.59 - - [10/Feb/2025:08:50:54 +0100] "GET /Jurek/galopi/feeds/galopi_skroutz.xml HTTP/1.0" 200 1884713 "-" "-"
89.161.206.59 - - [10/Feb/2025:08:50:57 +0100] "GET /Jurek/velinda/feeds/velinda_skroutz.xml HTTP/1.0" 200 4295427 "-" "-"
46.101.116.244 - - [10/Feb/2025:08:51:45 +0100] "GET /Jurek/vida_morele/feeds/vidaPL_velomarket.xml HTTP/1.0" 200 694714055 "-" "-"
46.101.116.244 - - [10/Feb/2025:08:51:54 +0100] "GET /Jurek/vida_morele/feeds/vidaPL_velomarket_category5.xml HTTP/1.0" 200 76710038 "-" "-"
46.101.116.244 - - [10/Feb/2025:08:52:09 +0100] "GET /Jurek/vida_morele/feeds/vidaPL_velomarket_category0.xml HTTP/1.0" 200 137950706 "-" "-"
178.21.154.6 - - [10/Feb/2025:08:52:15 +0100] "GET /Jurek/eurofirany/images/453996/0.jpg HTTP/1.1" 200 64302 "-" "-"
178.21.154.6 - - [10/Feb/2025:08:52:16 +0100] "GET /Jurek/eurofirany/images/428673/0.jpg HTTP/1.1" 200 89133 "-" "-"
178.21.154.6 - - [10/Feb/2025:08:52:16 +0100] "GET /Jurek/eurofirany/images/389954/0.jpg HTTP/1.1" 200 160194 "-" "-"
178.21.154.6 - - [10/Feb/2025:08:52:16 +0100] "GET /Jurek/eurofirany/images/389957/0.jpg HTTP/1.1" 200 199278 "-" "-"
178.21.154.6 - - [10/Feb/2025:08:52:16 +0100] "GET /Jurek/eurofirany/images/389970/0.jpg HTTP/1.1" 200 186061 "-" "-"
178.21.154.6 - - [10/Feb/2025:08:52:16 +0100] "GET /Jurek/eurofirany/images/379496/0.jpg HTTP/1.1" 200 16503 "-" "-"
178.21.154.6 - - [10/Feb/2025:08:52:16 +0100] "GET /Jurek/eurofirany/images/388479/0.jpg HTTP/1.1" 200 99915 "-" "-"
178.21.154.6 - - [10/Feb/2025:08:52:16 +0100] "GET /Jurek/eurofirany/images/422318/0.jpg HTTP/1.1" 200 90120 "-" "-"
178.21.154.6 - - [10/Feb/2025:08:52:16 +0100] "GET /Jurek/eurofirany/images/366700/0.jpg HTTP/1.1" 200 91544 "-" "-"
66.249.66.67 - - [10/Feb/2025:08:52:18 +0100] "GET /Jurek/eurofirany/images/387144/10.jpg HTTP/1.1" 200 131404 "-" "Googlebot-Image/1.0"
46.101.116.244 - - [10/Feb/2025:08:52:30 +0100] "GET /Jurek/vida_morele/feeds/vidaPL_velomarket_category1.xml HTTP/1.0" 200 175617212 "-" "-"
46.101.116.244 - - [10/Feb/2025:08:52:40 +0100] "GET /Jurek/eurofirany/feeds/eurofirany_velomarket.xml HTTP/1.0" 200 18935788 "-" "-"
46.101.116.244 - - [10/Feb/2025:08:52:42 +0100] "GET /Jurek/fernity/feeds/fernity_velomarket.xml HTTP/1.0" 200 5127132 "-" "-"
46.101.116.244 - - [10/Feb/2025:08:52:55 +0100] "GET /Filip/feeds/xlsx_ceneo.xml HTTP/1.0" 200 6241376 "-" "-"
51.77.52.107 - - [10/Feb/2025:08:52:55 +0100] "POST /Filip/Rovicky/baselinker/baselinker-ceneo-shumee.php HTTP/2.0" 200 106776 "-" "BaseLinker/1.0"
77.79.248.229 - - [10/Feb/2025:08:53:50 +0100] "GET /Jurek/rider/feeds/rider_cdon_dk.xml HTTP/1.1" 200 8166040 "-" "Python-urllib/3.11"
77.79.248.229 - - [10/Feb/2025:08:55:30 +0100] "GET /Jurek/rider/feeds/rider_cdon_fi.xml HTTP/1.1" 200 8165221 "-" "Python-urllib/3.11"
46.101.116.244 - - [10/Feb/2025:08:55:32 +0100] "GET /Jurek/aw/feeds/aw_fnacfr.xml HTTP/1.0" 404 3551 "-" "-"
46.101.116.244 - - [10/Feb/2025:08:56:18 +0100] "GET /Filip/feeds/xlsx_ceneo.xml HTTP/1.0" 200 6241376 "-" "-"
51.77.52.107 - - [10/Feb/2025:08:56:19 +0100] "POST /Filip/Rovicky/baselinker/baselinker-ceneo-shumee.php HTTP/2.0" 200 106776 "-" "BaseLinker/1.0"
89.161.206.59 - - [10/Feb/2025:08:57:46 +0100] "GET /Jurek/eldar/feeds/eldar_emagro.xml HTTP/1.0" 404 3551 "-" "-"
5.134.208.158 - - [10/Feb/2025:08:59:01 +0100] "GET /Jurek/eurofirany/images/405676/0.jpg HTTP/1.1" 200 65099 "-" "-"
85.14.86.141 - - [10/Feb/2025:09:00:31 +0100] "GET /Jurek/vida_morele/feeds/VidaPL_all.xml HTTP/2.0" 200 694708963 "-" "MarketplaceAPI curl/7.64.0 PHP/8"
193.33.8.61 - - [10/Feb/2025:09:00:31 +0100] "GET /Jurek/oromed/output.txt HTTP/2.0" 200 4669440 "https://konsola.dkkapusta1997.usermd.net/" "Mozilla/5.0 (Windows NT 10.0; Win64; x64) AppleWebKit/537.36 (KHTML, like Gecko) Chrome/132.0.0.0 Safari/537.36"
46.101.116.244 - - [10/Feb/2025:09:00:37 +0100] "GET /Jurek/aw/feeds/aw_fnacfr.xml HTTP/1.0" 404 3551 "-" "-"
52.209.168.113 - - [10/Feb/2025:09:00:42 +0100] "GET /marketplaces/ubaldi/results/ubaldi.csv HTTP/1.1" 200 114451 "-" "Mirakl HttpClient"
193.33.8.61 - - [10/Feb/2025:09:00:47 +0100] "GET /Jurek/expertauto/feeds/expertauto_cdon_se.xml HTTP/2.0" 200 1159304 "https://konsola.dkkapusta1997.usermd.net/" "Mozilla/5.0 (Windows NT 10.0; Win64; x64) AppleWebKit/537.36 (KHTML, like Gecko) Chrome/132.0.0.0 Safari/537.36"
193.33.8.61 - - [10/Feb/2025:09:00:48 +0100] "GET /Jurek/expertauto/feeds/expertauto_cdon_dk.xml HTTP/2.0" 200 1159283 "https://konsola.dkkapusta1997.usermd.net/" "Mozilla/5.0 (Windows NT 10.0; Win64; x64) AppleWebKit/537.36 (KHTML, like Gecko) Chrome/132.0.0.0 Safari/537.36"
193.33.8.61 - - [10/Feb/2025:09:00:51 +0100] "GET /Jurek/expertauto/feeds/expertauto_cdon_fi.xml HTTP/2.0" 200 1158927 "https://konsola.dkkapusta1997.usermd.net/" "Mozilla/5.0 (Windows NT 10.0; Win64; x64) AppleWebKit/537.36 (KHTML, like Gecko) Chrome/132.0.0.0 Safari/537.36"
77.79.248.229 - - [10/Feb/2025:09:01:02 +0100] "GET /Jurek/expertauto/feeds/expertauto_cdon_se.xml HTTP/1.1" 200 1159304 "-" "Python-urllib/3.11"
89.161.206.59 - - [10/Feb/2025:09:01:40 +0100] "GET /Jurek/bass/feeds/bass_skroutz.xml HTTP/1.0" 200 3983816 "-" "-"
45.85.67.248 - - [10/Feb/2025:09:01:41 +0100] "GET /Jurek/eurofirany/images/398639/2.jpg HTTP/2.0" 200 39258 "https://www.emag.ro/perdea-pregata-d91-adore-140x250-cm-rosu-eurofirany-398639/pd/DPQB8LMBM/" "Mozilla/5.0 (X11; Linux x86_64) AppleWebKit/537.36 (KHTML, like Gecko) Chrome/128.0.0.0 Safari/537.36"
45.85.67.248 - - [10/Feb/2025:09:01:41 +0100] "GET /Jurek/eurofirany/images/398639/1.jpg HTTP/2.0" 200 71589 "https://www.emag.ro/perdea-pregata-d91-adore-140x250-cm-rosu-eurofirany-398639/pd/DPQB8LMBM/" "Mozilla/5.0 (X11; Linux x86_64) AppleWebKit/537.36 (KHTML, like Gecko) Chrome/128.0.0.0 Safari/537.36"
45.85.67.248 - - [10/Feb/2025:09:01:41 +0100] "GET /Jurek/eurofirany/images/398639/3.jpg HTTP/2.0" 200 54206 "https://www.emag.ro/perdea-pregata-d91-adore-140x250-cm-rosu-eurofirany-398639/pd/DPQB8LMBM/" "Mozilla/5.0 (X11; Linux x86_64) AppleWebKit/537.36 (KHTML, like Gecko) Chrome/128.0.0.0 Safari/537.36"
45.85.67.248 - - [10/Feb/2025:09:01:41 +0100] "GET /Jurek/eurofirany/images/398639/5.jpg HTTP/2.0" 200 44630 "https://www.emag.ro/perdea-pregata-d91-adore-140x250-cm-rosu-eurofirany-398639/pd/DPQB8LMBM/" "Mozilla/5.0 (X11; Linux x86_64) AppleWebKit/537.36 (KHTML, like Gecko) Chrome/128.0.0.0 Safari/537.36"
45.85.67.248 - - [10/Feb/2025:09:01:41 +0100] "GET /Jurek/eurofirany/images/398639/4.jpg HTTP/2.0" 200 261975 "https://www.emag.ro/perdea-pregata-d91-adore-140x250-cm-rosu-eurofirany-398639/pd/DPQB8LMBM/" "Mozilla/5.0 (X11; Linux x86_64) AppleWebKit/537.36 (KHTML, like Gecko) Chrome/128.0.0.0 Safari/537.36"
45.85.67.248 - - [10/Feb/2025:09:01:41 +0100] "GET /Jurek/eurofirany/images/398639/6.jpg HTTP/2.0" 200 119282 "https://www.emag.ro/perdea-pregata-d91-adore-140x250-cm-rosu-eurofirany-398639/pd/DPQB8LMBM/" "Mozilla/5.0 (X11; Linux x86_64) AppleWebKit/537.36 (KHTML, like Gecko) Chrome/128.0.0.0 Safari/537.36"
45.85.67.248 - - [10/Feb/2025:09:01:41 +0100] "GET /Jurek/eurofirany/images/398639/7.jpg HTTP/2.0" 200 136752 "https://www.emag.ro/perdea-pregata-d91-adore-140x250-cm-rosu-eurofirany-398639/pd/DPQB8LMBM/" "Mozilla/5.0 (X11; Linux x86_64) AppleWebKit/537.36 (KHTML, like Gecko) Chrome/128.0.0.0 Safari/537.36"
45.85.67.248 - - [10/Feb/2025:09:01:41 +0100] "GET /Jurek/eurofirany/images/398639/8.jpg HTTP/2.0" 200 78193 "https://www.emag.ro/perdea-pregata-d91-adore-140x250-cm-rosu-eurofirany-398639/pd/DPQB8LMBM/" "Mozilla/5.0 (X11; Linux x86_64) AppleWebKit/537.36 (KHTML, like Gecko) Chrome/128.0.0.0 Safari/537.36"
45.85.67.248 - - [10/Feb/2025:09:01:41 +0100] "GET /Jurek/eurofirany/images/398639/9.jpg HTTP/2.0" 200 54769 "https://www.emag.ro/perdea-pregata-d91-adore-140x250-cm-rosu-eurofirany-398639/pd/DPQB8LMBM/" "Mozilla/5.0 (X11; Linux x86_64) AppleWebKit/537.36 (KHTML, like Gecko) Chrome/128.0.0.0 Safari/537.36"
89.161.206.59 - - [10/Feb/2025:09:01:50 +0100] "GET /Jurek/hdwr/feeds/hdwr_skroutz.xml HTTP/1.0" 200 777798 "-" "-"
89.161.206.59 - - [10/Feb/2025:09:01:53 +0100] "GET /Jurek/waks/feeds/waks_skroutz.xml HTTP/1.0" 200 6333022 "-" "-"
46.101.116.244 - - [10/Feb/2025:09:02:00 +0100] "GET /Filip/feeds/xlsx_ceneo.xml HTTP/1.0" 200 6241376 "-" "-"
51.77.52.107 - - [10/Feb/2025:09:02:01 +0100] "POST /Filip/Rovicky/baselinker/baselinker-ceneo-shumee.php HTTP/2.0" 200 106776 "-" "BaseLinker/1.0"
85.232.241.194 - - [10/Feb/2025:09:02:02 +0100] "GET /Jurek/kinghoff/feeds/kinghoff_skrSH.xml HTTP/1.1" 200 14249860 "-" "Python-urllib/3.11"
85.232.241.194 - - [10/Feb/2025:09:02:02 +0100] "GET /Jurek/aw/feeds/aw_skroutzSH.xml HTTP/1.1" 200 90582242 "-" "Python-urllib/3.11"
85.232.241.194 - - [10/Feb/2025:09:02:02 +0100] "GET /Jurek/eurofirany/feeds/eurofirany_skrSH.xml HTTP/1.1" 200 18934717 "-" "Python-urllib/3.11"
85.232.241.194 - - [10/Feb/2025:09:02:02 +0100] "GET /Jurek/fernity/feeds/fernity_skrSH.xml HTTP/1.1" 200 5126555 "-" "Python-urllib/3.11"
85.232.241.194 - - [10/Feb/2025:09:02:03 +0100] "GET /Jurek/hurtownia_przemyslowa/feeds/hp_skrSH.xml HTTP/1.1" 200 49871504 "-" "Python-urllib/3.11"
85.232.241.194 - - [10/Feb/2025:09:02:03 +0100] "GET /Jurek/stema/feeds/stema_skrSH.xml HTTP/1.1" 200 861909 "-" "Python-urllib/3.11"
5.134.208.158 - - [10/Feb/2025:09:02:09 +0100] "GET /Jurek/eurofirany/images/429504/0.jpg HTTP/1.1" 200 69890 "-" "-"
89.161.206.59 - - [10/Feb/2025:09:02:09 +0100] "GET /Jurek/pagmil/feeds/pagmil_skroutz.xml HTTP/1.0" 200 1705650 "-" "-"
89.161.206.59 - - [10/Feb/2025:09:02:13 +0100] "GET /Jurek/kambukka/feeds/kambukka_skroutz.xml HTTP/1.0" 200 973330 "-" "-"
52.17.80.36 - - [10/Feb/2025:09:02:14 +0100] "GET /marketplaces/rue/results/rue.csv HTTP/1.1" 200 147219 "-" "Mirakl HttpClient"
89.161.206.59 - - [10/Feb/2025:09:02:15 +0100] "GET /Jurek/benetech/feeds/benetech_skroutz.xml HTTP/1.0" 200 4451828 "-" "-"
89.161.206.59 - - [10/Feb/2025:09:02:26 +0100] "GET /Jurek/sempler/feeds/sempler_skroutz.xml HTTP/1.0" 200 6553221 "-" "-"
89.161.206.59 - - [10/Feb/2025:09:02:26 +0100] "GET /Jurek/eroplace/feeds/eroplace_skroutz.xml HTTP/1.0" 200 30849422 "-" "-"
89.161.206.59 - - [10/Feb/2025:09:02:29 +0100] "GET /Jurek/targethome/feeds/targethome_skroutz.xml HTTP/1.0" 200 683599 "-" "-"
85.14.86.141 - - [10/Feb/2025:09:03:32 +0100] "GET /Jurek/kinghoff/feeds/kinghoff_morele.xml HTTP/2.0" 200 14250379 "-" "MarketplaceAPI curl/7.64.0 PHP/8"
193.33.8.61 - - [10/Feb/2025:09:03:42 +0100] "GET /Jurek/oromed/feeds/oromed_zero.xml HTTP/2.0" 200 975824 "https://konsola.dkkapusta1997.usermd.net/" "Mozilla/5.0 (Windows NT 10.0; Win64; x64) AppleWebKit/537.36 (KHTML, like Gecko) Chrome/132.0.0.0 Safari/537.36"
77.79.248.229 - - [10/Feb/2025:09:03:53 +0100] "GET /Jurek/oromed/feeds/oromed_zero.xml HTTP/1.1" 200 975824 "-" "Python-urllib/3.11"
89.161.206.59 - - [10/Feb/2025:09:04:47 +0100] "GET /Jurek/aiofactory/feeds/aiofactory_skroutz.xml HTTP/1.0" 200 2078076 "-" "-"
46.101.116.244 - - [10/Feb/2025:09:05:28 +0100] "GET /Jurek/aw/feeds/aw_fnacfr.xml HTTP/1.0" 404 3551 "-" "-"
51.77.52.107 - - [10/Feb/2025:09:05:55 +0100] "POST /Jurek/ikonka/baselinker/smart/baselinker-ceneo-shumee.php HTTP/2.0" 404 3551 "-" "BaseLinker/1.0"
46.101.116.244 - - [10/Feb/2025:09:06:16 +0100] "GET /Filip/feeds/xlsx_ceneo.xml HTTP/1.0" 200 6241376 "-" "-"
51.77.52.107 - - [10/Feb/2025:09:06:16 +0100] "POST /Filip/Rovicky/baselinker/baselinker-ceneo-shumee.php HTTP/2.0" 200 106776 "-" "BaseLinker/1.0"
77.79.248.229 - - [10/Feb/2025:09:06:25 +0100] "GET /Jurek/intsell/feeds/intsell_zero.xml HTTP/1.1" 200 338792137 "-" "Python-urllib/3.11"
85.14.86.141 - - [10/Feb/2025:09:06:38 +0100] "GET /Jurek/eurofirany/feeds/eurofirany_morele.xml HTTP/2.0" 200 18936036 "-" "MarketplaceAPI curl/7.64.0 PHP/8"
85.14.86.141 - - [10/Feb/2025:09:06:48 +0100] "GET /Jurek/vivaldi/feeds/vivaldi_Morele-PL.xml HTTP/2.0" 200 344674 "-" "MarketplaceAPI curl/7.64.0 PHP/8"
193.33.8.61 - - [10/Feb/2025:09:07:10 +0100] "GET /Jurek/eany/ HTTP/2.0" 200 634 "-" "Mozilla/5.0 (Windows NT 10.0; Win64; x64) AppleWebKit/537.36 (KHTML, like Gecko) Chrome/132.0.0.0 Safari/537.36"
193.33.8.61 - - [10/Feb/2025:09:07:11 +0100] "GET /favicon.ico HTTP/2.0" 404 3551 "https://dkkapusta1997.usermd.net/Jurek/eany/" "Mozilla/5.0 (Windows NT 10.0; Win64; x64) AppleWebKit/537.36 (KHTML, like Gecko) Chrome/132.0.0.0 Safari/537.36"
193.33.8.61 - - [10/Feb/2025:09:07:22 +0100] "GET /Jurek/eany/data.csv HTTP/2.0" 200 26313945 "https://dkkapusta1997.usermd.net/Jurek/eany/" "Mozilla/5.0 (Windows NT 10.0; Win64; x64) AppleWebKit/537.36 (KHTML, like Gecko) Chrome/132.0.0.0 Safari/537.36"
5.134.208.158 - - [10/Feb/2025:09:07:29 +0100] "GET /Jurek/eurofirany/images/439360/0.jpg HTTP/1.1" 200 77707 "-" "-"
85.14.86.141 - - [10/Feb/2025:09:07:32 +0100] "GET /Jurek/aw/feeds/awnarzedzia_morele.xml HTTP/2.0" 200 90592932 "-" "MarketplaceAPI curl/7.64.0 PHP/8"
89.161.206.59 - - [10/Feb/2025:09:07:35 +0100] "GET /Jurek/oromed/feeds/oromed_skroutz.xml HTTP/1.0" 200 975736 "-" "-"
89.161.206.59 - - [10/Feb/2025:09:07:36 +0100] "GET /Jurek/ralmetal/feeds/ralmetal_skroutz.xml HTTP/1.0" 200 1786742 "-" "-"
85.14.86.141 - - [10/Feb/2025:09:07:48 +0100] "GET /Jurek/vida_morele/feeds/VidaPL_morele.xml HTTP/2.0" 200 694710266 "-" "MarketplaceAPI curl/7.64.0 PHP/8"
85.14.86.141 - - [10/Feb/2025:09:07:58 +0100] "GET /Jurek/miloohome/feeds/miloohome_morele.xml HTTP/2.0" 200 1421250 "-" "MarketplaceAPI curl/7.64.0 PHP/8"
77.79.248.229 - - [10/Feb/2025:09:08:05 +0100] "GET /Jurek/intsell/feeds/intsell_zero.xml HTTP/1.1" 200 338792137 "-" "Python-urllib/3.11"
193.33.8.61 - - [10/Feb/2025:09:08:12 +0100] "GET /Jurek/intsell/feeds/intsell_zero.xml HTTP/2.0" 200 219839396 "https://konsola.dkkapusta1997.usermd.net/" "Mozilla/5.0 (Windows NT 10.0; Win64; x64) AppleWebKit/537.36 (KHTML, like Gecko) Chrome/132.0.0.0 Safari/537.36"
85.14.86.141 - - [10/Feb/2025:09:08:14 +0100] "GET /Jurek/beliani/feeds/beliani_morele.xml HTTP/2.0" 200 31948565 "-" "MarketplaceAPI curl/7.64.0 PHP/8"
46.101.116.244 - - [10/Feb/2025:09:10:35 +0100] "GET /Jurek/aw/feeds/aw_fnacfr.xml HTTP/1.0" 404 3551 "-" "-"
46.101.116.244 - - [10/Feb/2025:09:11:19 +0100] "GET /Filip/feeds/xlsx_ceneo.xml HTTP/1.0" 200 6241376 "-" "-"
51.77.52.107 - - [10/Feb/2025:09:11:19 +0100] "POST /Filip/Rovicky/baselinker/baselinker-ceneo-shumee.php HTTP/2.0" 200 106776 "-" "BaseLinker/1.0"
185.6.76.18 - - [10/Feb/2025:09:12:35 +0100] "GET /marketplaces/skroutz/feeds/shumee.xml HTTP/1.1" 200 349239181 "-" "SkroutzBot v1.0"
77.79.248.229 - - [10/Feb/2025:09:13:27 +0100] "GET /Jurek/expertauto/feeds/expertauto_cdon_dk.xml HTTP/1.1" 200 1159283 "-" "Python-urllib/3.11"
77.79.248.229 - - [10/Feb/2025:09:14:29 +0100] "GET /Jurek/expertauto/feeds/expertauto_cdon_fi.xml HTTP/1.1" 200 1158927 "-" "Python-urllib/3.11"
46.101.116.244 - - [10/Feb/2025:09:15:30 +0100] "GET /Jurek/aw/feeds/aw_fnacfr.xml HTTP/1.0" 404 3551 "-" "-"
89.161.206.59 - - [10/Feb/2025:09:15:33 +0100] "GET /Jurek/ekotex/feeds/ekotex_skroutz.xml HTTP/1.0" 200 197813 "-" "-"
89.161.206.59 - - [10/Feb/2025:09:15:47 +0100] "GET /Jurek/topeshop/feeds/topeshop_cdsc.xml HTTP/1.0" 200 2403329 "-" "-"
46.101.116.244 - - [10/Feb/2025:09:15:52 +0100] "GET /Jurek/aw/feeds/awnarzedzia_cdiscount.xml HTTP/1.0" 200 90584988 "-" "-"
193.33.8.61 - - [10/Feb/2025:09:16:03 +0100] "GET /Jurek/ekotex/download/products.csv HTTP/2.0" 200 137494 "https://konsola.dkkapusta1997.usermd.net/" "Mozilla/5.0 (Windows NT 10.0; Win64; x64) AppleWebKit/537.36 (KHTML, like Gecko) Chrome/133.0.0.0 Safari/537.36"
46.101.116.244 - - [10/Feb/2025:09:16:22 +0100] "GET /Filip/feeds/xlsx_ceneo.xml HTTP/1.0" 200 6241376 "-" "-"
51.77.52.107 - - [10/Feb/2025:09:16:23 +0100] "POST /Filip/Rovicky/baselinker/baselinker-ceneo-shumee.php HTTP/2.0" 200 106776 "-" "BaseLinker/1.0"
46.101.116.244 - - [10/Feb/2025:09:17:09 +0100] "GET /Jurek/action/feeds/action_cdis.xml HTTP/1.0" 200 55043937 "-" "-"
46.101.116.244 - - [10/Feb/2025:09:17:14 +0100] "GET /Jurek/fernity/feeds/fernity_cdiscount.xml HTTP/1.0" 200 5126247 "-" "-"
46.101.116.244 - - [10/Feb/2025:09:17:19 +0100] "GET /Jurek/kinghoff/feeds/kinghoff_amazon_de.xml HTTP/1.0" 200 14249774 "-" "-"
46.101.116.244 - - [10/Feb/2025:09:17:20 +0100] "GET /Jurek/hurtownia_przemyslowa/feeds/hp_cdiscount.xml HTTP/1.0" 200 49870996 "-" "-"
46.101.116.244 - - [10/Feb/2025:09:17:24 +0100] "GET /Jurek/kinghoff/feeds/kinghoff_cdiscount.xml HTTP/1.0" 200 14249796 "-" "-"
89.161.206.59 - - [10/Feb/2025:09:17:27 +0100] "GET /Jurek/barbecook/feeds/barbecook_cdis.xml HTTP/1.0" 200 87529 "-" "-"
46.101.116.244 - - [10/Feb/2025:09:17:40 +0100] "GET /Jurek/activeshop/feeds/activeshop_cdis.xml HTTP/1.0" 200 10399659 "-" "-"
46.101.116.244 - - [10/Feb/2025:09:17:46 +0100] "GET /Jurek/eurofirany/feeds/eurofirany_cdiscount.xml HTTP/1.0" 200 18934718 "-" "-"
193.33.8.61 - - [10/Feb/2025:09:18:22 +0100] "GET /Jurek/luxma/feeds/luxma_cdon_se.xml HTTP/2.0" 200 8060048 "https://konsola.dkkapusta1997.usermd.net/" "Mozilla/5.0 (Windows NT 10.0; Win64; x64) AppleWebKit/537.36 (KHTML, like Gecko) Chrome/132.0.0.0 Safari/537.36"
193.33.8.61 - - [10/Feb/2025:09:18:24 +0100] "GET /Jurek/luxma/download/products.csv HTTP/2.0" 200 7590743 "https://konsola.dkkapusta1997.usermd.net/" "Mozilla/5.0 (Windows NT 10.0; Win64; x64) AppleWebKit/537.36 (KHTML, like Gecko) Chrome/132.0.0.0 Safari/537.36"
193.33.8.61 - - [10/Feb/2025:09:18:27 +0100] "GET /Jurek/luxma/feeds/luxma_cdon_fi.xml HTTP/2.0" 200 8058944 "https://konsola.dkkapusta1997.usermd.net/" "Mozilla/5.0 (Windows NT 10.0; Win64; x64) AppleWebKit/537.36 (KHTML, like Gecko) Chrome/132.0.0.0 Safari/537.36"
193.33.8.61 - - [10/Feb/2025:09:18:29 +0100] "GET /Jurek/luxma/feeds/luxma_cdon_dk.xml HTTP/2.0" 200 8060003 "https://konsola.dkkapusta1997.usermd.net/" "Mozilla/5.0 (Windows NT 10.0; Win64; x64) AppleWebKit/537.36 (KHTML, like Gecko) Chrome/132.0.0.0 Safari/537.36"
77.79.248.229 - - [10/Feb/2025:09:18:29 +0100] "GET /Jurek/luxma/feeds/luxma_cdon_se.xml HTTP/1.1" 200 8060048 "-" "Python-urllib/3.11"
51.8.102.166 - - [10/Feb/2025:09:18:37 +0100] "GET /robots.txt HTTP/2.0" 404 3551 "-" "Mozilla/5.0 (Macintosh; Intel Mac OS X 10_15_7) AppleWebKit/537.36 (KHTML, like Gecko) Chrome/131.0.0.0 Safari/537.36; compatible; OAI-SearchBot/1.0; +https://openai.com/searchbot"
51.8.102.17 - - [10/Feb/2025:09:18:37 +0100] "GET /robots.txt HTTP/1.1" 404 3551 "-" "Mozilla/5.0 (Macintosh; Intel Mac OS X 10_15_7) AppleWebKit/537.36 (KHTML, like Gecko) Chrome/131.0.0.0 Safari/537.36; compatible; OAI-SearchBot/1.0; +https://openai.com/searchbot"
46.101.116.244 - - [10/Feb/2025:09:20:47 +0100] "GET /Jurek/aw/feeds/aw_fnacfr.xml HTTP/1.0" 404 3551 "-" "-"
178.21.154.6 - - [10/Feb/2025:09:20:54 +0100] "GET /Jurek/eurofirany/images/50493/0.jpg HTTP/1.1" 200 81796 "-" "-"
178.21.154.6 - - [10/Feb/2025:09:20:54 +0100] "GET /Jurek/eurofirany/images/26747/0.jpg HTTP/1.1" 200 100514 "-" "-"
89.161.206.59 - - [10/Feb/2025:09:20:55 +0100] "GET /Jurek/najtanszysport/feeds/najtanszysport_skroutz.xml HTTP/1.0" 200 3983200 "-" "-"
89.161.206.59 - - [10/Feb/2025:09:21:08 +0100] "GET /Jurek/motofan/feeds/motofan_skroutz.xml HTTP/1.0" 200 2392433 "-" "-"
46.101.116.244 - - [10/Feb/2025:09:21:27 +0100] "GET /Filip/feeds/xlsx_ceneo.xml HTTP/1.0" 200 6241376 "-" "-"
51.77.52.107 - - [10/Feb/2025:09:21:27 +0100] "POST /Filip/Rovicky/baselinker/baselinker-ceneo-shumee.php HTTP/2.0" 200 106776 "-" "BaseLinker/1.0"
85.232.241.194 - - [10/Feb/2025:09:22:02 +0100] "GET /Jurek/aw/feeds/aw_rue.xml HTTP/1.1" 200 90585679 "-" "Python-urllib/3.11"
85.232.241.194 - - [10/Feb/2025:09:22:05 +0100] "GET /Jurek/hurtownia_przemyslowa/feeds/hp_rue.xml HTTP/1.1" 200 49871258 "-" "Python-urllib/3.11"
85.232.241.194 - - [10/Feb/2025:09:22:06 +0100] "GET /Jurek/action/feeds/action_rue.xml HTTP/1.1" 200 55044113 "-" "Python-urllib/3.11"
85.232.241.194 - - [10/Feb/2025:09:22:29 +0100] "GET /Jurek/unimet/feeds/unimet_rue.xml HTTP/1.1" 200 61065322 "-" "Python-urllib/3.11"
85.232.241.194 - - [10/Feb/2025:09:22:29 +0100] "GET /Jurek/ikonka/feeds/ikonka_rue.xml HTTP/1.1" 200 22193732 "-" "Python-urllib/3.11"
85.232.241.194 - - [10/Feb/2025:09:22:29 +0100] "GET /Jurek/kinghome/feeds/kinghome_rue.xml HTTP/1.1" 200 5739589 "-" "Python-urllib/3.11"
85.232.241.194 - - [10/Feb/2025:09:22:29 +0100] "GET /Jurek/fernity/feeds/fernity_rue.xml HTTP/1.1" 200 5126244 "-" "Python-urllib/3.11"
85.232.241.194 - - [10/Feb/2025:09:22:29 +0100] "GET /Jurek/topeshop/feeds/topeshop_rue.xml HTTP/1.1" 200 2403316 "-" "Python-urllib/3.11"
85.232.241.194 - - [10/Feb/2025:09:22:33 +0100] "GET /Jurek/kinghoff/feeds/kinghoff_rue.xml HTTP/1.1" 200 14249703 "-" "Python-urllib/3.11"
85.232.241.194 - - [10/Feb/2025:09:22:34 +0100] "GET /Jurek/emibig/feeds/emibig_rue.xml HTTP/1.1" 200 2522484 "-" "Python-urllib/3.11"
85.232.241.194 - - [10/Feb/2025:09:22:34 +0100] "GET /Jurek/eurofirany/feeds/eurofirany_rue.xml HTTP/1.1" 200 18934528 "-" "Python-urllib/3.11"
85.232.241.194 - - [10/Feb/2025:09:22:34 +0100] "GET /Jurek/amzteam/feeds/amzteam_rue.xml HTTP/1.1" 200 97880 "-" "Python-urllib/3.11"
85.232.241.194 - - [10/Feb/2025:09:22:34 +0100] "GET /Jurek/kambukka/feeds/kambukka_rue.xml HTTP/1.1" 200 973333 "-" "Python-urllib/3.11"
85.232.241.194 - - [10/Feb/2025:09:22:34 +0100] "GET /Jurek/benetech/feeds/benetech_RUE.xml HTTP/1.1" 200 4451820 "-" "Python-urllib/3.11"
85.232.241.194 - - [10/Feb/2025:09:22:34 +0100] "GET /Jurek/swiatecznygoliat/feeds/swiatecznygoliat_RUE.xml HTTP/1.1" 200 7050348 "-" "Python-urllib/3.11"
85.232.241.194 - - [10/Feb/2025:09:22:34 +0100] "GET /Jurek/artdog/feeds/artdog_RUE.xml HTTP/1.1" 200 15929697 "-" "Python-urllib/3.11"
85.232.241.194 - - [10/Feb/2025:09:22:35 +0100] "GET /Jurek/hdwr/feeds/hdwr_RUE.xml HTTP/1.1" 200 777798 "-" "Python-urllib/3.11"
85.232.241.194 - - [10/Feb/2025:09:22:35 +0100] "GET /Jurek/sempler/feeds/sempler_rue.xml HTTP/1.1" 200 6553250 "-" "Python-urllib/3.11"
85.232.241.194 - - [10/Feb/2025:09:22:36 +0100] "GET /Jurek/waks/feeds/waks_RUE.xml HTTP/1.1" 200 6332889 "-" "Python-urllib/3.11"
85.232.241.194 - - [10/Feb/2025:09:22:36 +0100] "GET /Jurek/oromed/feeds/oromed_rue.xml HTTP/1.1" 200 975759 "-" "Python-urllib/3.11"
85.232.241.194 - - [10/Feb/2025:09:22:36 +0100] "GET /Jurek/ekuchcikowo/feeds/ekuchcikowo_rue.xml HTTP/1.1" 200 12869796 "-" "Python-urllib/3.11"
85.232.241.194 - - [10/Feb/2025:09:22:36 +0100] "GET /Jurek/ekolight/feeds/ekolight_rue.xml HTTP/1.1" 200 9051681 "-" "Python-urllib/3.11"
85.232.241.194 - - [10/Feb/2025:09:22:36 +0100] "GET /Jurek/eroplace/feeds/eroplace_RUE.xml HTTP/1.1" 200 30849408 "-" "Python-urllib/3.11"
85.232.241.194 - - [10/Feb/2025:09:22:36 +0100] "GET /Jurek/coppotech/feeds/coppotech_rue.xml HTTP/1.1" 200 38985974 "-" "Python-urllib/3.11"
85.232.241.194 - - [10/Feb/2025:09:22:36 +0100] "GET /Jurek/euroshop/feeds/euroshop_rue.xml HTTP/1.1" 200 17927524 "-" "Python-urllib/3.11"
85.232.241.194 - - [10/Feb/2025:09:22:37 +0100] "GET /Jurek/galopi/feeds/galopi_rue.xml HTTP/1.1" 200 1884701 "-" "Python-urllib/3.11"
85.232.241.194 - - [10/Feb/2025:09:22:37 +0100] "GET /Jurek/szpaklampy/feeds/szpaklampy_rue.xml HTTP/1.1" 200 416451 "-" "Python-urllib/3.11"
85.232.241.194 - - [10/Feb/2025:09:22:39 +0100] "GET /Jurek/intsell/feeds/intsell_rue.xml HTTP/1.1" 200 338785760 "-" "Python-urllib/3.11"
85.232.241.194 - - [10/Feb/2025:09:22:39 +0100] "GET /Jurek/spali/feeds/spali_rue.xml HTTP/1.1" 200 101947 "-" "Python-urllib/3.11"
85.232.241.194 - - [10/Feb/2025:09:22:40 +0100] "GET /Jurek/najtanszysport/feeds/najtanszysport_rue.xml HTTP/1.1" 200 3982879 "-" "Python-urllib/3.11"
85.232.241.194 - - [10/Feb/2025:09:22:40 +0100] "GET /Jurek/maksik/feeds/maksik_rue.xml HTTP/1.1" 200 4084779 "-" "Python-urllib/3.11"
85.232.241.194 - - [10/Feb/2025:09:22:40 +0100] "GET /Jurek/urwiskowo/feeds/urwiskowo_rue.xml HTTP/1.1" 200 9114878 "-" "Python-urllib/3.11"
46.101.116.244 - - [10/Feb/2025:09:25:31 +0100] "GET /Jurek/aw/feeds/aw_fnacfr.xml HTTP/1.0" 404 3551 "-" "-"
66.249.66.66 - - [10/Feb/2025:09:25:34 +0100] "GET /Jurek/eurofirany/images/387144/8.jpg HTTP/1.1" 200 124619 "-" "Googlebot-Image/1.0"
193.33.8.61 - - [10/Feb/2025:09:25:39 +0100] "GET /Jurek/motofan/download/products.csv HTTP/2.0" 200 2244684 "https://konsola.dkkapusta1997.usermd.net/" "Mozilla/5.0 (Windows NT 10.0; Win64; x64) AppleWebKit/537.36 (KHTML, like Gecko) Chrome/133.0.0.0 Safari/537.36"
46.101.116.244 - - [10/Feb/2025:09:26:06 +0100] "GET /Jurek/beliani/feeds/beliani_velomarket.xml HTTP/1.0" 200 31948757 "-" "-"
46.101.116.244 - - [10/Feb/2025:09:26:23 +0100] "GET /Filip/feeds/xlsx_ceneo.xml HTTP/1.0" 200 6241376 "-" "-"
51.77.52.107 - - [10/Feb/2025:09:26:23 +0100] "POST /Filip/Rovicky/baselinker/baselinker-ceneo-shumee.php HTTP/2.0" 200 106776 "-" "BaseLinker/1.0"
89.161.206.59 - - [10/Feb/2025:09:27:13 +0100] "GET /Jurek/oromed/feeds/oromed_amazonnl.xml HTTP/1.0" 200 975764 "-" "-"
85.232.241.194 - - [10/Feb/2025:09:28:03 +0100] "GET /Jurek/beliani/feeds/beliani_pl_zero.xml HTTP/1.1" 200 31934807 "-" "python-requests/2.32.3"
85.232.241.194 - - [10/Feb/2025:09:28:03 +0100] "GET /Jurek/beliani/feeds/beliani_cz_zero.xml HTTP/1.1" 200 22392178 "-" "python-requests/2.32.3"
85.232.241.194 - - [10/Feb/2025:09:28:03 +0100] "GET /Jurek/beliani/feeds/beliani_sk_zero.xml HTTP/1.1" 200 22482660 "-" "python-requests/2.32.3"
85.232.241.194 - - [10/Feb/2025:09:28:04 +0100] "GET /Jurek/beliani/feeds/beliani_hu.xml HTTP/1.1" 200 41311677 "-" "python-requests/2.32.3"
85.232.241.194 - - [10/Feb/2025:09:28:04 +0100] "GET /Jurek/fernity/feeds/fernity_zero.xml HTTP/1.1" 200 5126632 "-" "python-requests/2.32.3"
85.232.241.194 - - [10/Feb/2025:09:28:04 +0100] "GET /Jurek/kinghome/feeds/kinghome_mallcz.xml HTTP/1.1" 200 5724787 "-" "python-requests/2.32.3"
85.232.241.194 - - [10/Feb/2025:09:28:06 +0100] "GET /Jurek/octopia/feeds/octopia_zero.xml HTTP/1.1" 200 10544335 "-" "python-requests/2.32.3"
85.232.241.194 - - [10/Feb/2025:09:28:06 +0100] "GET /Jurek/aw/feeds/awnarzedzia_zero.xml HTTP/1.1" 200 90559115 "-" "python-requests/2.32.3"
85.232.241.194 - - [10/Feb/2025:09:28:06 +0100] "GET /Jurek/chemex/feeds/chemex_zero.xml HTTP/1.1" 200 47819491 "-" "python-requests/2.32.3"
85.232.241.194 - - [10/Feb/2025:09:28:07 +0100] "GET /Jurek/stema/feeds/stema_zero.xml HTTP/1.1" 200 861979 "-" "python-requests/2.32.3"
85.232.241.194 - - [10/Feb/2025:09:28:12 +0100] "GET /Jurek/kokiskaCZ/download/kokiskaCZ.xml HTTP/1.1" 200 29330470 "-" "python-requests/2.32.3"
85.232.241.194 - - [10/Feb/2025:09:28:12 +0100] "GET /Jurek/kinghoff/feeds/kinghoff_zero.xml HTTP/1.1" 200 14250230 "-" "python-requests/2.32.3"
85.232.241.194 - - [10/Feb/2025:09:28:14 +0100] "GET /Jurek/bass/feeds/bass_zero.xml HTTP/1.1" 200 3982818 "-" "python-requests/2.32.3"
85.232.241.194 - - [10/Feb/2025:09:28:14 +0100] "GET /Jurek/mosti/feeds/mosti_zero.xml HTTP/1.1" 200 9249875 "-" "python-requests/2.32.3"
89.161.206.59 - - [10/Feb/2025:09:29:51 +0100] "GET /Jurek/ikonka/feeds/ikonka_skroutz.xml HTTP/1.0" 200 22193679 "-" "-"
46.101.116.244 - - [10/Feb/2025:09:30:46 +0100] "GET /Jurek/aw/feeds/aw_fnacfr.xml HTTP/1.0" 404 3551 "-" "-"
46.101.116.244 - - [10/Feb/2025:09:31:28 +0100] "GET /Filip/feeds/xlsx_ceneo.xml HTTP/1.0" 200 6241376 "-" "-"
51.77.52.107 - - [10/Feb/2025:09:31:28 +0100] "POST /Filip/Rovicky/baselinker/baselinker-ceneo-shumee.php HTTP/2.0" 200 106776 "-" "BaseLinker/1.0"
89.161.206.59 - - [10/Feb/2025:09:32:53 +0100] "GET /Jurek/fernity/feeds/fernity_skroutz.xml HTTP/1.0" 200 5126589 "-" "-"
89.161.206.59 - - [10/Feb/2025:09:33:05 +0100] "GET /Jurek/activeshop/feeds/activeshop_skroutz.xml HTTP/1.0" 200 10399669 "-" "-"
52.209.168.113 - - [10/Feb/2025:09:33:35 +0100] "GET /marketplaces/worten2/results/worten.csv HTTP/1.1" 200 147218 "-" "Mirakl HttpClient"
46.101.116.244 - - [10/Feb/2025:09:33:40 +0100] "GET /Jurek/beliani/feeds/beliani_skroutz.xml HTTP/1.0" 200 31943548 "-" "-"
5.134.208.158 - - [10/Feb/2025:09:34:24 +0100] "GET /Jurek/eurofirany/images/459219/0.jpg HTTP/1.1" 200 152298 "-" "-"
46.101.116.244 - - [10/Feb/2025:09:35:44 +0100] "GET /Jurek/aw/feeds/aw_fnacfr.xml HTTP/1.0" 404 3551 "-" "-"
77.79.248.229 - - [10/Feb/2025:09:36:14 +0100] "GET /Jurek/eurofirany/feeds/eurofirany_cdon_se.xml HTTP/1.1" 200 18952089 "-" "python-requests/2.32.3"
77.79.248.229 - - [10/Feb/2025:09:36:14 +0100] "GET /Jurek/eurofirany/feeds/eurofirany_cdon_dk.xml HTTP/1.1" 200 18951536 "-" "python-requests/2.32.3"
77.79.248.229 - - [10/Feb/2025:09:36:14 +0100] "GET /Jurek/eurofirany/feeds/eurofirany_cdon_fi.xml HTTP/1.1" 200 18934714 "-" "python-requests/2.32.3"
77.79.248.229 - - [10/Feb/2025:09:36:15 +0100] "GET /Jurek/stema/feeds/stema_cdon_se.xml HTTP/1.1" 200 862315 "-" "python-requests/2.32.3"
77.79.248.229 - - [10/Feb/2025:09:36:15 +0100] "GET /Jurek/stema/feeds/stema_cdon_dk.xml HTTP/1.1" 200 862168 "-" "python-requests/2.32.3"
77.79.248.229 - - [10/Feb/2025:09:36:15 +0100] "GET /Jurek/stema/feeds/stema_cdon_fi.xml HTTP/1.1" 200 861880 "-" "python-requests/2.32.3"
77.79.248.229 - - [10/Feb/2025:09:36:16 +0100] "GET /Jurek/aw/feeds/awnarzedzia_cdon_se.xml HTTP/1.1" 200 90671534 "-" "python-requests/2.32.3"
193.33.8.61 - - [10/Feb/2025:09:36:17 +0100] "GET /Jurek/eoptimo/feeds/eoptimo_zero.xml HTTP/2.0" 200 1958980 "https://konsola.dkkapusta1997.usermd.net/" "Mozilla/5.0 (Windows NT 10.0; Win64; x64) AppleWebKit/537.36 (KHTML, like Gecko) Chrome/132.0.0.0 Safari/537.36"
77.79.248.229 - - [10/Feb/2025:09:36:17 +0100] "GET /Jurek/aw/feeds/awnarzedzia_cdon_dk.xml HTTP/1.1" 200 90665628 "-" "python-requests/2.32.3"
77.79.248.229 - - [10/Feb/2025:09:36:18 +0100] "GET /Jurek/aw/feeds/awnarzedzia_cdon_fi.xml HTTP/1.1" 200 90582407 "-" "python-requests/2.32.3"
77.79.248.229 - - [10/Feb/2025:09:36:19 +0100] "GET /Jurek/hurtownia_przemyslowa/feeds/hp_cdon_se.xml HTTP/1.1" 200 49886820 "-" "python-requests/2.32.3"
193.33.8.61 - - [10/Feb/2025:09:36:19 +0100] "GET /favicon.ico HTTP/2.0" 404 3551 "https://dkkapusta1997.usermd.net/Jurek/eoptimo/feeds/eoptimo_zero.xml" "Mozilla/5.0 (Windows NT 10.0; Win64; x64) AppleWebKit/537.36 (KHTML, like Gecko) Chrome/132.0.0.0 Safari/537.36"
77.79.248.229 - - [10/Feb/2025:09:36:20 +0100] "GET /Jurek/hurtownia_przemyslowa/feeds/hp_cdon_dk.xml HTTP/1.1" 200 49885039 "-" "python-requests/2.32.3"
77.79.248.229 - - [10/Feb/2025:09:36:21 +0100] "GET /Jurek/hurtownia_przemyslowa/feeds/hp_cdon_fi.xml HTTP/1.1" 200 49871797 "-" "python-requests/2.32.3"
77.79.248.229 - - [10/Feb/2025:09:36:23 +0100] "GET /Jurek/ikonka/feeds/ikonka_cdon_se.xml HTTP/1.1" 200 22195988 "-" "python-requests/2.32.3"
77.79.248.229 - - [10/Feb/2025:09:36:24 +0100] "GET /Jurek/eoptimo/feeds/eoptimo_zero.xml HTTP/1.1" 200 1958980 "-" "Python-urllib/3.11"
77.79.248.229 - - [10/Feb/2025:09:36:24 +0100] "GET /Jurek/ikonka/feeds/ikonka_cdon_dk.xml HTTP/1.1" 200 22195860 "-" "python-requests/2.32.3"
77.79.248.229 - - [10/Feb/2025:09:36:25 +0100] "GET /Jurek/ikonka/feeds/ikonka_cdon_fi.xml HTTP/1.1" 200 22193711 "-" "python-requests/2.32.3"
46.101.116.244 - - [10/Feb/2025:09:36:25 +0100] "GET /Filip/feeds/xlsx_ceneo.xml HTTP/1.0" 200 6241376 "-" "-"
77.79.248.229 - - [10/Feb/2025:09:36:25 +0100] "GET /Jurek/fernity/feeds/fernity_cdon_fi.xml HTTP/1.1" 200 5125984 "-" "python-requests/2.32.3"
51.77.52.107 - - [10/Feb/2025:09:36:25 +0100] "POST /Filip/Rovicky/baselinker/baselinker-ceneo-shumee.php HTTP/2.0" 200 106776 "-" "BaseLinker/1.0"
77.79.248.229 - - [10/Feb/2025:09:36:25 +0100] "GET /Jurek/fernity/feeds/fernity_cdon_se.xml HTTP/1.1" 200 5129353 "-" "python-requests/2.32.3"
77.79.248.229 - - [10/Feb/2025:09:36:26 +0100] "GET /Jurek/fernity/feeds/fernity_cdon_dk.xml HTTP/1.1" 200 5128874 "-" "python-requests/2.32.3"
77.79.248.229 - - [10/Feb/2025:09:36:26 +0100] "GET /Jurek/activeshop/feeds/activeshop_cdon_se.xml HTTP/1.1" 200 10403300 "-" "python-requests/2.32.3"
77.79.248.229 - - [10/Feb/2025:09:36:26 +0100] "GET /Jurek/activeshop/feeds/activeshop_cdon_dk.xml HTTP/1.1" 200 10403353 "-" "python-requests/2.32.3"
77.79.248.229 - - [10/Feb/2025:09:36:27 +0100] "GET /Jurek/activeshop/feeds/activeshop_cdon_fi.xml HTTP/1.1" 200 10399869 "-" "python-requests/2.32.3"
193.33.8.61 - - [10/Feb/2025:09:36:30 +0100] "GET /Jurek/eany/data.csv HTTP/2.0" 200 26317575 "https://dkkapusta1997.usermd.net/Jurek/eany/" "Mozilla/5.0 (Windows NT 10.0; Win64; x64) AppleWebKit/537.36 (KHTML, like Gecko) Chrome/132.0.0.0 Safari/537.36"
46.101.116.244 - - [10/Feb/2025:09:36:31 +0100] "GET /Jurek/aw/feeds/awnarzedzia_skroutz.xml HTTP/1.0" 200 90582242 "-" "-"
77.79.248.229 - - [10/Feb/2025:09:36:35 +0100] "GET /Jurek/barbecook/feeds/barbecook_cdon_se.xml HTTP/1.1" 200 87591 "-" "python-requests/2.32.3"
77.79.248.229 - - [10/Feb/2025:09:36:35 +0100] "GET /Jurek/barbecook/feeds/barbecook_cdon_dk.xml HTTP/1.1" 200 87589 "-" "python-requests/2.32.3"
77.79.248.229 - - [10/Feb/2025:09:36:35 +0100] "GET /Jurek/barbecook/feeds/barbecook_cdon_fi.xml HTTP/1.1" 200 87532 "-" "python-requests/2.32.3"
77.79.248.229 - - [10/Feb/2025:09:36:36 +0100] "GET /Jurek/action/feeds/action_cdon_se.xml HTTP/1.1" 200 55076569 "-" "python-requests/2.32.3"
77.79.248.229 - - [10/Feb/2025:09:36:37 +0100] "GET /Jurek/action/feeds/action_cdon_dk.xml HTTP/1.1" 200 55071022 "-" "python-requests/2.32.3"
77.79.248.229 - - [10/Feb/2025:09:36:38 +0100] "GET /Jurek/action/feeds/action_cdon_fi.xml HTTP/1.1" 200 55046109 "-" "python-requests/2.32.3"
77.79.248.229 - - [10/Feb/2025:09:36:38 +0100] "GET /Jurek/kinghoff/feeds/kinghoff_cdon_se.xml HTTP/1.1" 200 14252304 "-" "python-requests/2.32.3"
77.79.248.229 - - [10/Feb/2025:09:36:38 +0100] "GET /Jurek/kinghoff/feeds/kinghoff_cdon_dk.xml HTTP/1.1" 200 14252028 "-" "python-requests/2.32.3"
77.79.248.229 - - [10/Feb/2025:09:36:39 +0100] "GET /Jurek/kinghoff/feeds/kinghoff_cdon_fi.xml HTTP/1.1" 200 14249941 "-" "python-requests/2.32.3"
77.79.248.229 - - [10/Feb/2025:09:38:08 +0100] "GET /Jurek/vidaSI/feeds/vidaSI_bigbang.xml HTTP/1.1" 200 619389564 "-" "Python-urllib/3.11"
77.79.248.229 - - [10/Feb/2025:09:38:09 +0100] "GET /Jurek/aw/feeds/awnarzedzia_bigbang.xml HTTP/1.1" 200 90578551 "-" "Python-urllib/3.11"
77.79.248.229 - - [10/Feb/2025:09:38:10 +0100] "GET /Jurek/hurtownia_przemyslowa/feeds/hp_bigbang.xml HTTP/1.1" 200 49870623 "-" "Python-urllib/3.11"
77.79.248.229 - - [10/Feb/2025:09:38:11 +0100] "GET /Jurek/action/feeds/action_bigbang.xml HTTP/1.1" 200 55042099 "-" "Python-urllib/3.11"
77.79.248.229 - - [10/Feb/2025:09:38:14 +0100] "GET /Jurek/unimet/feeds/unimet_bigbang.xml HTTP/1.1" 200 61063917 "-" "Python-urllib/3.11"
77.79.248.229 - - [10/Feb/2025:09:38:14 +0100] "GET /Jurek/ikonka/feeds/ikonka_bigbang.xml HTTP/1.1" 200 22193707 "-" "Python-urllib/3.11"
77.79.248.229 - - [10/Feb/2025:09:38:14 +0100] "GET /Jurek/bass/feeds/bass_bigbang.xml HTTP/1.1" 200 3983767 "-" "Python-urllib/3.11"
77.79.248.229 - - [10/Feb/2025:09:38:16 +0100] "GET /Jurek/kinghoff/feeds/kinghoff_bigbang.xml HTTP/1.1" 200 14249651 "-" "Python-urllib/3.11"
77.79.248.229 - - [10/Feb/2025:09:38:17 +0100] "GET /Jurek/activeshop/feeds/activeshop_bigbang.xml HTTP/1.1" 200 10399781 "-" "Python-urllib/3.11"
77.79.248.229 - - [10/Feb/2025:09:38:17 +0100] "GET /Jurek/octopia/feeds/octopia_bigbang.xml HTTP/1.1" 200 6280629 "-" "Python-urllib/3.11"
77.79.248.229 - - [10/Feb/2025:09:38:17 +0100] "GET /Jurek/topeshop/feeds/topeshop_bigbang.xml HTTP/1.1" 200 2403273 "-" "Python-urllib/3.11"
77.79.248.229 - - [10/Feb/2025:09:38:18 +0100] "GET /Jurek/b3/feeds/b3_bigbang.xml HTTP/1.1" 200 7245780 "-" "Python-urllib/3.11"
77.79.248.229 - - [10/Feb/2025:09:38:18 +0100] "GET /Jurek/asortymenteu/feeds/asortymenteu_bigbang.xml HTTP/1.1" 200 2506536 "-" "Python-urllib/3.11"
77.79.248.229 - - [10/Feb/2025:09:38:18 +0100] "GET /Jurek/eroplace/feeds/eroplace_bigbang.xml HTTP/1.1" 200 30849229 "-" "Python-urllib/3.11"
77.79.248.229 - - [10/Feb/2025:09:38:22 +0100] "GET /Jurek/intsell/feeds/intsell_bigbang.xml HTTP/1.1" 200 338785521 "-" "Python-urllib/3.11"
77.79.248.229 - - [10/Feb/2025:09:38:22 +0100] "GET /Jurek/coppotech/feeds/coppotech_bigbang.xml HTTP/1.1" 200 38986029 "-" "Python-urllib/3.11"
77.79.248.229 - - [10/Feb/2025:09:38:22 +0100] "GET /Jurek/stema/feeds/stema_bigbang.xml HTTP/1.1" 200 861802 "-" "Python-urllib/3.11"
77.79.248.229 - - [10/Feb/2025:09:38:23 +0100] "GET /Jurek/sempler/feeds/sempler_bigbang.xml HTTP/1.1" 200 6553252 "-" "Python-urllib/3.11"
77.79.248.229 - - [10/Feb/2025:09:38:23 +0100] "GET /Jurek/benetech/feeds/benetech_bigbang.xml HTTP/1.1" 200 4451824 "-" "Python-urllib/3.11"
77.79.248.229 - - [10/Feb/2025:09:38:23 +0100] "GET /Jurek/ekuchcikowo/feeds/ekuchcikowo_bigbang.xml HTTP/1.1" 200 12869728 "-" "Python-urllib/3.11"
46.101.116.244 - - [10/Feb/2025:09:38:46 +0100] "GET /Jurek/bass/feeds/bass_mallsksh.xml HTTP/2.0" 200 3983868 "-" "-"
46.101.116.244 - - [10/Feb/2025:09:39:10 +0100] "GET /Jurek/slayo/feeds/slayo_mallsksh.xml HTTP/2.0" 200 195531 "-" "-"
89.161.206.59 - - [10/Feb/2025:09:39:12 +0100] "GET /Jurek/eurofirany/feeds/eurofirany_skroutz.xml HTTP/1.0" 200 18935780 "-" "-"
46.101.116.244 - - [10/Feb/2025:09:39:20 +0100] "GET /Jurek/mosti/feeds/mosti_mallsksh.xml HTTP/2.0" 200 9249998 "-" "-"
46.101.116.244 - - [10/Feb/2025:09:39:21 +0100] "GET /Jurek/amzteam/feeds/amzteam_mallsksh.xml HTTP/2.0" 200 97847 "-" "-"
46.101.116.244 - - [10/Feb/2025:09:39:21 +0100] "GET /Jurek/artdog/feeds/artdog_mallsksh.xml HTTP/2.0" 200 15929541 "-" "-"
46.101.116.244 - - [10/Feb/2025:09:39:22 +0100] "GET /Jurek/kambukka/feeds/kambukka_mallsksh.xml HTTP/2.0" 200 973000 "-" "-"
46.101.116.244 - - [10/Feb/2025:09:39:35 +0100] "GET /Jurek/swiatecznygoliat/feeds/swiatecznygoliat_mallsksh.xml HTTP/2.0" 200 7050222 "-" "-"
77.79.248.229 - - [10/Feb/2025:09:40:20 +0100] "GET /Jurek/kinghoff/feeds/kinghoff_SkroutzGR.xml HTTP/1.1" 200 14249839 "-" "Python-urllib/3.11"
77.79.248.229 - - [10/Feb/2025:09:40:21 +0100] "GET /Jurek/aw/feeds/awnarzedzia_skroutz.xml HTTP/1.1" 200 90582242 "-" "Python-urllib/3.11"
77.79.248.229 - - [10/Feb/2025:09:40:22 +0100] "GET /Jurek/eurofirany/feeds/eurofirany_skroutz.xml HTTP/1.1" 200 18935780 "-" "Python-urllib/3.11"
77.79.248.229 - - [10/Feb/2025:09:40:22 +0100] "GET /Jurek/fernity/feeds/fernity_skroutz.xml HTTP/1.1" 200 5126589 "-" "Python-urllib/3.11"
46.101.116.244 - - [10/Feb/2025:09:40:34 +0100] "GET /Jurek/topeshop/feeds/topeshop_mallsksh.xml HTTP/2.0" 200 2403228 "-" "-"
46.101.116.244 - - [10/Feb/2025:09:40:38 +0100] "GET /Jurek/aw/feeds/aw_fnacfr.xml HTTP/1.0" 404 3551 "-" "-"
46.101.116.244 - - [10/Feb/2025:09:40:57 +0100] "GET /Jurek/kinghoff/feeds/kinghoff_allegro.xml HTTP/1.0" 200 14251285 "-" "-"
46.101.116.244 - - [10/Feb/2025:09:42:02 +0100] "GET /Filip/feeds/xlsx_ceneo.xml HTTP/1.0" 200 6241376 "-" "-"
51.77.52.107 - - [10/Feb/2025:09:42:02 +0100] "POST /Filip/Rovicky/baselinker/baselinker-ceneo-shumee.php HTTP/2.0" 200 106776 "-" "BaseLinker/1.0"
