89.161.206.59 - - [10/Feb/2025:17:59:48 +0100] "GET /Jurek/luxma/feeds/luxma_skroutz.xml HTTP/1.0" 200 8058971 "-" "-"
89.161.206.59 - - [10/Feb/2025:17:59:51 +0100] "GET /Jurek/drewdon/feeds/drewdon_skroutz.xml HTTP/1.0" 200 504453 "-" "-"
89.161.206.59 - - [10/Feb/2025:17:59:52 +0100] "GET /Jurek/zepnij/feeds/zepnij_skroutz.xml HTTP/1.0" 200 19523047 "-" "-"
89.161.206.59 - - [10/Feb/2025:18:00:02 +0100] "GET /Jurek/qbox/feeds/qbox_skroutz.xml HTTP/1.0" 200 398701 "-" "-"
178.21.154.6 - - [10/Feb/2025:18:00:26 +0100] "GET /Jurek/eurofirany/images/385858/0.jpg HTTP/1.1" 200 163407 "-" "-"
85.14.86.141 - - [10/Feb/2025:18:00:35 +0100] "GET /Jurek/vida_morele/feeds/VidaPL_all.xml HTTP/2.0" 200 695945564 "-" "MarketplaceAPI curl/7.64.0 PHP/8"
52.17.80.36 - - [10/Feb/2025:18:00:46 +0100] "GET /marketplaces/ubaldi/results/ubaldi.csv HTTP/1.1" 200 147219 "-" "Mirakl HttpClient"
89.161.206.59 - - [10/Feb/2025:18:01:29 +0100] "GET /Jurek/motofan/feeds/motofan_skroutz.xml HTTP/1.0" 200 2392403 "-" "-"
52.209.168.113 - - [10/Feb/2025:18:02:12 +0100] "GET /marketplaces/rue/results/rue.csv HTTP/1.1" 200 6790729 "-" "Mirakl HttpClient"
85.14.86.141 - - [10/Feb/2025:18:03:13 +0100] "GET /Jurek/kinghoff/feeds/kinghoff_morele.xml HTTP/2.0" 200 14215899 "-" "MarketplaceAPI curl/7.64.0 PHP/8"
82.76.86.162 - - [10/Feb/2025:18:04:06 +0100] "GET /Jurek/eurofirany/images/406483/1.jpg HTTP/2.0" 200 50503 "https://www.emag.ro/pregata-perdea-rita-140x250-cm-grafit-eurofirany-406483/pd/DTZB8LMBM/?X-Search-Id=76c143e1e3586b385e41&X-Product-Id=118494185&X-Search-Page=4&X-Search-Position=21&X-Section=search&X-MB=0&X-Search-Action=view" "Mozilla/5.0 (Windows NT 10.0; Win64; x64) AppleWebKit/537.36 (KHTML, like Gecko) Chrome/132.0.0.0 Safari/537.36"
82.76.86.162 - - [10/Feb/2025:18:04:06 +0100] "GET /Jurek/eurofirany/images/406483/6.jpg HTTP/2.0" 200 54908 "https://www.emag.ro/pregata-perdea-rita-140x250-cm-grafit-eurofirany-406483/pd/DTZB8LMBM/?X-Search-Id=76c143e1e3586b385e41&X-Product-Id=118494185&X-Search-Page=4&X-Search-Position=21&X-Section=search&X-MB=0&X-Search-Action=view" "Mozilla/5.0 (Windows NT 10.0; Win64; x64) AppleWebKit/537.36 (KHTML, like Gecko) Chrome/132.0.0.0 Safari/537.36"
82.76.86.162 - - [10/Feb/2025:18:04:06 +0100] "GET /Jurek/eurofirany/images/406483/5.jpg HTTP/2.0" 200 96203 "https://www.emag.ro/pregata-perdea-rita-140x250-cm-grafit-eurofirany-406483/pd/DTZB8LMBM/?X-Search-Id=76c143e1e3586b385e41&X-Product-Id=118494185&X-Search-Page=4&X-Search-Position=21&X-Section=search&X-MB=0&X-Search-Action=view" "Mozilla/5.0 (Windows NT 10.0; Win64; x64) AppleWebKit/537.36 (KHTML, like Gecko) Chrome/132.0.0.0 Safari/537.36"
82.76.86.162 - - [10/Feb/2025:18:04:06 +0100] "GET /Jurek/eurofirany/images/406483/2.jpg HTTP/2.0" 200 33011 "https://www.emag.ro/pregata-perdea-rita-140x250-cm-grafit-eurofirany-406483/pd/DTZB8LMBM/?X-Search-Id=76c143e1e3586b385e41&X-Product-Id=118494185&X-Search-Page=4&X-Search-Position=21&X-Section=search&X-MB=0&X-Search-Action=view" "Mozilla/5.0 (Windows NT 10.0; Win64; x64) AppleWebKit/537.36 (KHTML, like Gecko) Chrome/132.0.0.0 Safari/537.36"
82.76.86.162 - - [10/Feb/2025:18:04:06 +0100] "GET /Jurek/eurofirany/images/406483/3.jpg HTTP/2.0" 200 97219 "https://www.emag.ro/pregata-perdea-rita-140x250-cm-grafit-eurofirany-406483/pd/DTZB8LMBM/?X-Search-Id=76c143e1e3586b385e41&X-Product-Id=118494185&X-Search-Page=4&X-Search-Position=21&X-Section=search&X-MB=0&X-Search-Action=view" "Mozilla/5.0 (Windows NT 10.0; Win64; x64) AppleWebKit/537.36 (KHTML, like Gecko) Chrome/132.0.0.0 Safari/537.36"
82.76.86.162 - - [10/Feb/2025:18:04:06 +0100] "GET /Jurek/eurofirany/images/406483/4.jpg HTTP/2.0" 200 193432 "https://www.emag.ro/pregata-perdea-rita-140x250-cm-grafit-eurofirany-406483/pd/DTZB8LMBM/?X-Search-Id=76c143e1e3586b385e41&X-Product-Id=118494185&X-Search-Page=4&X-Search-Position=21&X-Section=search&X-MB=0&X-Search-Action=view" "Mozilla/5.0 (Windows NT 10.0; Win64; x64) AppleWebKit/537.36 (KHTML, like Gecko) Chrome/132.0.0.0 Safari/537.36"
82.76.86.162 - - [10/Feb/2025:18:04:06 +0100] "GET /Jurek/eurofirany/images/406483/7.jpg HTTP/2.0" 200 141705 "https://www.emag.ro/pregata-perdea-rita-140x250-cm-grafit-eurofirany-406483/pd/DTZB8LMBM/?X-Search-Id=76c143e1e3586b385e41&X-Product-Id=118494185&X-Search-Page=4&X-Search-Position=21&X-Section=search&X-MB=0&X-Search-Action=view" "Mozilla/5.0 (Windows NT 10.0; Win64; x64) AppleWebKit/537.36 (KHTML, like Gecko) Chrome/132.0.0.0 Safari/537.36"
82.76.86.162 - - [10/Feb/2025:18:04:06 +0100] "GET /Jurek/eurofirany/images/406483/8.jpg HTTP/2.0" 200 125950 "https://www.emag.ro/pregata-perdea-rita-140x250-cm-grafit-eurofirany-406483/pd/DTZB8LMBM/?X-Search-Id=76c143e1e3586b385e41&X-Product-Id=118494185&X-Search-Page=4&X-Search-Position=21&X-Section=search&X-MB=0&X-Search-Action=view" "Mozilla/5.0 (Windows NT 10.0; Win64; x64) AppleWebKit/537.36 (KHTML, like Gecko) Chrome/132.0.0.0 Safari/537.36"
89.161.206.59 - - [10/Feb/2025:18:04:18 +0100] "GET /Jurek/bass/feeds/bass_amazonfr.xml HTTP/1.0" 200 3983988 "-" "-"
89.161.206.59 - - [10/Feb/2025:18:04:52 +0100] "GET /Jurek/kambukka/feeds/kambukka_amazonfr.xml HTTP/1.0" 200 973303 "-" "-"
89.161.206.59 - - [10/Feb/2025:18:04:52 +0100] "GET /Jurek/kambukka/feeds/kambukka_amazonit.xml HTTP/1.0" 200 973309 "-" "-"
89.161.206.59 - - [10/Feb/2025:18:04:52 +0100] "GET /Jurek/kambukka/feeds/kambukka_amazonnl.xml HTTP/1.0" 200 973323 "-" "-"
89.161.206.59 - - [10/Feb/2025:18:04:53 +0100] "GET /Jurek/kambukka/feeds/kambukka_amazonse.xml HTTP/1.0" 200 973575 "-" "-"
89.161.206.59 - - [10/Feb/2025:18:04:53 +0100] "GET /Jurek/waks/feeds/waks_amazonit.xml HTTP/1.0" 200 6333057 "-" "-"
89.161.206.59 - - [10/Feb/2025:18:04:55 +0100] "GET /Jurek/waks/feeds/waks_amazones.xml HTTP/1.0" 200 6333097 "-" "-"
89.161.206.59 - - [10/Feb/2025:18:04:58 +0100] "GET /Jurek/waks/feeds/waks_amazonnl.xml HTTP/1.0" 200 6333030 "-" "-"
89.161.206.59 - - [10/Feb/2025:18:05:01 +0100] "GET /Jurek/hdwr/feeds/hdwr_amazonse.xml HTTP/1.0" 200 778088 "-" "-"
89.161.206.59 - - [10/Feb/2025:18:05:01 +0100] "GET /Jurek/targethome/feeds/targethome_amazonde.xml HTTP/1.0" 200 683592 "-" "-"
89.161.206.59 - - [10/Feb/2025:18:05:02 +0100] "GET /Jurek/sempler/feeds/sempler_amazonde.xml HTTP/1.0" 200 6553242 "-" "-"
89.161.206.59 - - [10/Feb/2025:18:05:06 +0100] "GET /Jurek/b3/feeds/b3_amazonde.xml HTTP/1.0" 200 7245838 "-" "-"
85.14.86.141 - - [10/Feb/2025:18:05:08 +0100] "GET /Jurek/eurofirany/feeds/eurofirany_morele.xml HTTP/2.0" 200 18937513 "-" "MarketplaceAPI curl/7.64.0 PHP/8"
89.161.206.59 - - [10/Feb/2025:18:05:14 +0100] "GET /Jurek/sempler/feeds/sempler_amazonfr.xml HTTP/1.0" 200 6553270 "-" "-"
89.161.206.59 - - [10/Feb/2025:18:05:15 +0100] "GET /Jurek/sempler/feeds/sempler_amazonit.xml HTTP/1.0" 200 6553283 "-" "-"
89.161.206.59 - - [10/Feb/2025:18:05:16 +0100] "GET /Jurek/sempler/feeds/sempler_amazonnl.xml HTTP/1.0" 200 6553275 "-" "-"
89.161.206.59 - - [10/Feb/2025:18:05:18 +0100] "GET /Jurek/eroplace/feeds/eroplace_amazonfr.xml HTTP/1.0" 200 30849321 "-" "-"
85.14.86.141 - - [10/Feb/2025:18:05:23 +0100] "GET /Jurek/vivaldi/feeds/vivaldi_Morele-PL.xml HTTP/2.0" 200 344674 "-" "MarketplaceAPI curl/7.64.0 PHP/8"
89.161.206.59 - - [10/Feb/2025:18:05:25 +0100] "GET /Jurek/eroplace/feeds/eroplace_amazones.xml HTTP/1.0" 200 30849438 "-" "-"
89.161.206.59 - - [10/Feb/2025:18:05:33 +0100] "GET /Jurek/b3/feeds/b3_amazonnl.xml HTTP/1.0" 200 7245854 "-" "-"
89.161.206.59 - - [10/Feb/2025:18:05:37 +0100] "GET /Jurek/ralmetal/feeds/ralmetal_amazonde.xml HTTP/1.0" 200 1786767 "-" "-"
89.161.206.59 - - [10/Feb/2025:18:05:38 +0100] "GET /Jurek/oromed/feeds/oromed_amazonde.xml HTTP/1.0" 200 972655 "-" "-"
89.161.206.59 - - [10/Feb/2025:18:05:40 +0100] "GET /Jurek/ralmetal/feeds/ralmetal_amazonfr.xml HTTP/1.0" 200 1786789 "-" "-"
46.101.116.244 - - [10/Feb/2025:18:05:51 +0100] "GET /Filip/feeds/xlsx_ceneo.xml HTTP/1.0" 200 6241376 "-" "-"
51.77.52.107 - - [10/Feb/2025:18:05:51 +0100] "POST /Filip/Rovicky/baselinker/baselinker-ceneo-shumee.php HTTP/2.0" 200 106776 "-" "BaseLinker/1.0"
46.101.116.244 - - [10/Feb/2025:18:06:04 +0100] "GET /Jurek/intsell/feeds/intsell_amazonde.xml HTTP/1.0" 200 338786175 "-" "-"
89.161.206.59 - - [10/Feb/2025:18:06:12 +0100] "GET /Jurek/ralmetal/feeds/ralmetal_amazonit.xml HTTP/1.0" 200 1786813 "-" "-"
89.161.206.59 - - [10/Feb/2025:18:06:12 +0100] "GET /Jurek/ralmetal/feeds/ralmetal_amazonnl.xml HTTP/1.0" 200 1786766 "-" "-"
89.161.206.59 - - [10/Feb/2025:18:06:12 +0100] "GET /Jurek/ralmetal/feeds/ralmetal_amazones.xml HTTP/1.0" 200 1786826 "-" "-"
85.14.86.141 - - [10/Feb/2025:18:06:38 +0100] "GET /Jurek/aw/feeds/awnarzedzia_morele.xml HTTP/2.0" 200 90592932 "-" "MarketplaceAPI curl/7.64.0 PHP/8"
85.14.86.141 - - [10/Feb/2025:18:06:54 +0100] "GET /Jurek/vida_morele/feeds/VidaPL_morele.xml HTTP/2.0" 200 695947147 "-" "MarketplaceAPI curl/7.64.0 PHP/8"
85.14.86.141 - - [10/Feb/2025:18:07:09 +0100] "GET /Jurek/miloohome/feeds/miloohome_morele.xml HTTP/2.0" 200 1421250 "-" "MarketplaceAPI curl/7.64.0 PHP/8"
85.14.86.141 - - [10/Feb/2025:18:07:22 +0100] "GET /Jurek/beliani/feeds/beliani_morele.xml HTTP/2.0" 200 31948565 "-" "MarketplaceAPI curl/7.64.0 PHP/8"
85.232.241.194 - - [10/Feb/2025:18:10:02 +0100] "GET /Jurek/aw/feeds/aw_altex.xml HTTP/1.1" 200 90660080 "-" "Python-urllib/3.11"
85.232.241.194 - - [10/Feb/2025:18:10:03 +0100] "GET /Jurek/unimet/feeds/unimet_altex.xml HTTP/1.1" 200 61108665 "-" "Python-urllib/3.11"
77.79.248.229 - - [10/Feb/2025:18:10:03 +0100] "GET /Jurek/ikonka/feeds/ikonka_cdon_se.xml HTTP/1.1" 200 22142477 "-" "python-requests/2.32.3"
77.79.248.229 - - [10/Feb/2025:18:10:03 +0100] "GET /Jurek/ikonka/feeds/ikonka_cdon_dk.xml HTTP/1.1" 200 22142425 "-" "python-requests/2.32.3"
77.79.248.229 - - [10/Feb/2025:18:10:04 +0100] "GET /Jurek/ikonka/feeds/ikonka_cdon_fi.xml HTTP/1.1" 200 22140306 "-" "python-requests/2.32.3"
77.79.248.229 - - [10/Feb/2025:18:10:08 +0100] "GET /Jurek/rovicky/feeds/rovicky_cdonSE.xml HTTP/1.1" 200 14141126 "-" "python-requests/2.32.3"
77.79.248.229 - - [10/Feb/2025:18:10:08 +0100] "GET /Jurek/rovicky/feeds/rovicky_cdonDK.xml HTTP/1.1" 200 14140900 "-" "python-requests/2.32.3"
77.79.248.229 - - [10/Feb/2025:18:10:08 +0100] "GET /Jurek/rovicky/feeds/rovicky_cdonFI.xml HTTP/1.1" 200 14135814 "-" "python-requests/2.32.3"
77.79.248.229 - - [10/Feb/2025:18:10:08 +0100] "GET /Jurek/benbaby/feeds/benbaby_cdon_se.xml HTTP/1.1" 200 3698853 "-" "python-requests/2.32.3"
77.79.248.229 - - [10/Feb/2025:18:10:09 +0100] "GET /Jurek/benbaby/feeds/benbaby_cdon_dk.xml HTTP/1.1" 200 3698820 "-" "python-requests/2.32.3"
77.79.248.229 - - [10/Feb/2025:18:10:09 +0100] "GET /Jurek/benbaby/feeds/benbaby_cdon_fi.xml HTTP/1.1" 200 3696264 "-" "python-requests/2.32.3"
77.79.248.229 - - [10/Feb/2025:18:10:09 +0100] "GET /Jurek/candellux/feeds/candellux_cdon_se.xml HTTP/1.1" 200 466166 "-" "python-requests/2.32.3"
77.79.248.229 - - [10/Feb/2025:18:10:09 +0100] "GET /Jurek/candellux/feeds/candellux_cdon_dk.xml HTTP/1.1" 200 466129 "-" "python-requests/2.32.3"
77.79.248.229 - - [10/Feb/2025:18:10:09 +0100] "GET /Jurek/candellux/feeds/candellux_cdon_fi.xml HTTP/1.1" 200 465745 "-" "python-requests/2.32.3"
77.79.248.229 - - [10/Feb/2025:18:10:10 +0100] "GET /Jurek/hurtownia_przemyslowa/feeds/hp_cdon_se.xml HTTP/1.1" 200 49876833 "-" "python-requests/2.32.3"
85.232.241.194 - - [10/Feb/2025:18:10:10 +0100] "GET /Jurek/action/feeds/action_altex.xml HTTP/1.1" 200 55067868 "-" "Python-urllib/3.11"
85.232.241.194 - - [10/Feb/2025:18:10:10 +0100] "GET /Jurek/kinghoff/feeds/kinghoff_altex.xml HTTP/1.1" 200 14217526 "-" "Python-urllib/3.11"
77.79.248.229 - - [10/Feb/2025:18:10:11 +0100] "GET /Jurek/hurtownia_przemyslowa/feeds/hp_cdon_dk.xml HTTP/1.1" 200 49875359 "-" "python-requests/2.32.3"
77.79.248.229 - - [10/Feb/2025:18:10:12 +0100] "GET /Jurek/hurtownia_przemyslowa/feeds/hp_cdon_fi.xml HTTP/1.1" 200 49861720 "-" "python-requests/2.32.3"
77.79.248.229 - - [10/Feb/2025:18:10:12 +0100] "GET /Jurek/topeshop/feeds/topeshop_cdon_se.xml HTTP/1.1" 200 2404047 "-" "python-requests/2.32.3"
77.79.248.229 - - [10/Feb/2025:18:10:12 +0100] "GET /Jurek/topeshop/feeds/topeshop_cdon_dk.xml HTTP/1.1" 200 2403930 "-" "python-requests/2.32.3"
77.79.248.229 - - [10/Feb/2025:18:10:12 +0100] "GET /Jurek/topeshop/feeds/topeshop_cdon_fi.xml HTTP/1.1" 200 2403440 "-" "python-requests/2.32.3"
77.79.248.229 - - [10/Feb/2025:18:10:12 +0100] "GET /Jurek/asortymenteu/feeds/asortymenteu_cdon_se.xml HTTP/1.1" 200 2510730 "-" "python-requests/2.32.3"
77.79.248.229 - - [10/Feb/2025:18:10:12 +0100] "GET /Jurek/asortymenteu/feeds/asortymenteu_cdon_dk.xml HTTP/1.1" 200 2510696 "-" "python-requests/2.32.3"
77.79.248.229 - - [10/Feb/2025:18:10:12 +0100] "GET /Jurek/asortymenteu/feeds/asortymenteu_cdon_fi.xml HTTP/1.1" 200 2509790 "-" "python-requests/2.32.3"
77.79.248.229 - - [10/Feb/2025:18:10:12 +0100] "GET /Jurek/fernity/feeds/fernity_cdon_se.xml HTTP/1.1" 200 5129270 "-" "python-requests/2.32.3"
77.79.248.229 - - [10/Feb/2025:18:10:12 +0100] "GET /Jurek/fernity/feeds/fernity_cdon_dk.xml HTTP/1.1" 200 5128825 "-" "python-requests/2.32.3"
77.79.248.229 - - [10/Feb/2025:18:10:13 +0100] "GET /Jurek/fernity/feeds/fernity_cdon_fi.xml HTTP/1.1" 200 5125901 "-" "python-requests/2.32.3"
77.79.248.229 - - [10/Feb/2025:18:10:14 +0100] "GET /Jurek/aw/feeds/awnarzedzia_cdon_se.xml HTTP/1.1" 200 90671534 "-" "python-requests/2.32.3"
77.79.248.229 - - [10/Feb/2025:18:10:15 +0100] "GET /Jurek/aw/feeds/awnarzedzia_cdon_dk.xml HTTP/1.1" 200 90665628 "-" "python-requests/2.32.3"
77.79.248.229 - - [10/Feb/2025:18:10:16 +0100] "GET /Jurek/aw/feeds/awnarzedzia_cdon_fi.xml HTTP/1.1" 200 90582407 "-" "python-requests/2.32.3"
77.79.248.229 - - [10/Feb/2025:18:10:16 +0100] "GET /Jurek/activeshop/feeds/activeshop_cdon_se.xml HTTP/1.1" 200 10494310 "-" "python-requests/2.32.3"
77.79.248.229 - - [10/Feb/2025:18:10:16 +0100] "GET /Jurek/activeshop/feeds/activeshop_cdon_dk.xml HTTP/1.1" 200 10493666 "-" "python-requests/2.32.3"
77.79.248.229 - - [10/Feb/2025:18:10:16 +0100] "GET /Jurek/activeshop/feeds/activeshop_cdon_fi.xml HTTP/1.1" 200 10490160 "-" "python-requests/2.32.3"
77.79.248.229 - - [10/Feb/2025:18:10:18 +0100] "GET /Jurek/ikonka/feeds/ikonka_cdon_se.xml HTTP/1.1" 200 22142477 "-" "python-requests/2.32.3"
77.79.248.229 - - [10/Feb/2025:18:10:18 +0100] "GET /Jurek/ikonka/feeds/ikonka_cdon_dk.xml HTTP/1.1" 200 22142425 "-" "python-requests/2.32.3"
77.79.248.229 - - [10/Feb/2025:18:10:19 +0100] "GET /Jurek/ikonka/feeds/ikonka_cdon_fi.xml HTTP/1.1" 200 22140306 "-" "python-requests/2.32.3"
77.79.248.229 - - [10/Feb/2025:18:10:19 +0100] "GET /Jurek/swiatecznygoliat/feeds/swiatecznygoliat_cdon_se.xml HTTP/1.1" 200 7052869 "-" "python-requests/2.32.3"
77.79.248.229 - - [10/Feb/2025:18:10:19 +0100] "GET /Jurek/swiatecznygoliat/feeds/swiatecznygoliat_cdon_dk.xml HTTP/1.1" 200 7052799 "-" "python-requests/2.32.3"
77.79.248.229 - - [10/Feb/2025:18:10:19 +0100] "GET /Jurek/swiatecznygoliat/feeds/swiatecznygoliat_cdon_fi.xml HTTP/1.1" 200 7050324 "-" "python-requests/2.32.3"
77.79.248.229 - - [10/Feb/2025:18:10:19 +0100] "GET /Jurek/slayo/feeds/slayo_cdon_se.xml HTTP/1.1" 200 195548 "-" "python-requests/2.32.3"
77.79.248.229 - - [10/Feb/2025:18:10:19 +0100] "GET /Jurek/slayo/feeds/slayo_cdon_dk.xml HTTP/1.1" 200 195548 "-" "python-requests/2.32.3"
77.79.248.229 - - [10/Feb/2025:18:10:19 +0100] "GET /Jurek/slayo/feeds/slayo_cdon_fi.xml HTTP/1.1" 200 195530 "-" "python-requests/2.32.3"
77.79.248.229 - - [10/Feb/2025:18:10:20 +0100] "GET /Jurek/bass/feeds/bass_cdon_se.xml HTTP/1.1" 200 3985694 "-" "python-requests/2.32.3"
77.79.248.229 - - [10/Feb/2025:18:10:20 +0100] "GET /Jurek/bass/feeds/bass_cdon_dk.xml HTTP/1.1" 200 3985488 "-" "python-requests/2.32.3"
77.79.248.229 - - [10/Feb/2025:18:10:21 +0100] "GET /Jurek/bass/feeds/bass_cdon_fi.xml HTTP/1.1" 200 3983950 "-" "python-requests/2.32.3"
77.79.248.229 - - [10/Feb/2025:18:10:21 +0100] "GET /Jurek/benetech/feeds/benetech_cdon_se.xml HTTP/1.1" 200 4452234 "-" "python-requests/2.32.3"
77.79.248.229 - - [10/Feb/2025:18:10:21 +0100] "GET /Jurek/benetech/feeds/benetech_cdon_dk.xml HTTP/1.1" 200 4452212 "-" "python-requests/2.32.3"
77.79.248.229 - - [10/Feb/2025:18:10:21 +0100] "GET /Jurek/benetech/feeds/benetech_cdon_fi.xml HTTP/1.1" 200 4451846 "-" "python-requests/2.32.3"
77.79.248.229 - - [10/Feb/2025:18:10:21 +0100] "GET /Jurek/waks/feeds/waks_cdon_se.xml HTTP/1.1" 200 6335415 "-" "python-requests/2.32.3"
77.79.248.229 - - [10/Feb/2025:18:10:22 +0100] "GET /Jurek/waks/feeds/waks_cdon_dk.xml HTTP/1.1" 200 6335270 "-" "python-requests/2.32.3"
77.79.248.229 - - [10/Feb/2025:18:10:22 +0100] "GET /Jurek/waks/feeds/waks_cdon_fi.xml HTTP/1.1" 200 6333039 "-" "python-requests/2.32.3"
77.79.248.229 - - [10/Feb/2025:18:10:22 +0100] "GET /Jurek/kambukka/feeds/kambukka_cdon_se.xml HTTP/1.1" 200 973566 "-" "python-requests/2.32.3"
77.79.248.229 - - [10/Feb/2025:18:10:22 +0100] "GET /Jurek/kambukka/feeds/kambukka_cdon_dk.xml HTTP/1.1" 200 973577 "-" "python-requests/2.32.3"
77.79.248.229 - - [10/Feb/2025:18:10:22 +0100] "GET /Jurek/kambukka/feeds/kambukka_cdon_fi.xml HTTP/1.1" 200 973320 "-" "python-requests/2.32.3"
77.79.248.229 - - [10/Feb/2025:18:10:22 +0100] "GET /Jurek/hdwr/feeds/hdwr_cdon_se.xml HTTP/1.1" 200 778064 "-" "python-requests/2.32.3"
77.79.248.229 - - [10/Feb/2025:18:10:22 +0100] "GET /Jurek/hdwr/feeds/hdwr_cdon_dk.xml HTTP/1.1" 200 778021 "-" "python-requests/2.32.3"
77.79.248.229 - - [10/Feb/2025:18:10:22 +0100] "GET /Jurek/hdwr/feeds/hdwr_cdon_fi.xml HTTP/1.1" 200 777802 "-" "python-requests/2.32.3"
77.79.248.229 - - [10/Feb/2025:18:10:22 +0100] "GET /Jurek/pagmil/feeds/pagmil_cdon_se.xml HTTP/1.1" 200 1706054 "-" "python-requests/2.32.3"
77.79.248.229 - - [10/Feb/2025:18:10:22 +0100] "GET /Jurek/pagmil/feeds/pagmil_cdon_dk.xml HTTP/1.1" 200 1706026 "-" "python-requests/2.32.3"
77.79.248.229 - - [10/Feb/2025:18:10:22 +0100] "GET /Jurek/pagmil/feeds/pagmil_cdon_fi.xml HTTP/1.1" 200 1705671 "-" "python-requests/2.32.3"
77.79.248.229 - - [10/Feb/2025:18:10:22 +0100] "GET /Jurek/targethome/feeds/targethome_cdon_se.xml HTTP/1.1" 200 683735 "-" "python-requests/2.32.3"
77.79.248.229 - - [10/Feb/2025:18:10:22 +0100] "GET /Jurek/targethome/feeds/targethome_cdon_dk.xml HTTP/1.1" 200 683694 "-" "python-requests/2.32.3"
77.79.248.229 - - [10/Feb/2025:18:10:22 +0100] "GET /Jurek/targethome/feeds/targethome_cdon_fi.xml HTTP/1.1" 200 683594 "-" "python-requests/2.32.3"
77.79.248.229 - - [10/Feb/2025:18:10:23 +0100] "GET /Jurek/eroplace/feeds/eroplace_cdon_se.xml HTTP/1.1" 200 30863307 "-" "python-requests/2.32.3"
77.79.248.229 - - [10/Feb/2025:18:10:23 +0100] "GET /Jurek/eroplace/feeds/eroplace_cdon_dk.xml HTTP/1.1" 200 30860970 "-" "python-requests/2.32.3"
77.79.248.229 - - [10/Feb/2025:18:10:24 +0100] "GET /Jurek/eroplace/feeds/eroplace_cdon_fi.xml HTTP/1.1" 200 30849576 "-" "python-requests/2.32.3"
77.79.248.229 - - [10/Feb/2025:18:10:24 +0100] "GET /Jurek/artdog/feeds/artdog_cdon_se.xml HTTP/1.1" 200 15938056 "-" "python-requests/2.32.3"
77.79.248.229 - - [10/Feb/2025:18:10:24 +0100] "GET /Jurek/artdog/feeds/artdog_cdon_dk.xml HTTP/1.1" 200 15935365 "-" "python-requests/2.32.3"
77.79.248.229 - - [10/Feb/2025:18:10:25 +0100] "GET /Jurek/artdog/feeds/artdog_cdon_fi.xml HTTP/1.1" 200 15930557 "-" "python-requests/2.32.3"
77.79.248.229 - - [10/Feb/2025:18:10:25 +0100] "GET /Jurek/sempler/feeds/sempler_cdon_se.xml HTTP/1.1" 200 6554504 "-" "python-requests/2.32.3"
77.79.248.229 - - [10/Feb/2025:18:10:25 +0100] "GET /Jurek/sempler/feeds/sempler_cdon_dk.xml HTTP/1.1" 200 6554405 "-" "python-requests/2.32.3"
77.79.248.229 - - [10/Feb/2025:18:10:26 +0100] "GET /Jurek/sempler/feeds/sempler_cdon_fi.xml HTTP/1.1" 200 6553308 "-" "python-requests/2.32.3"
77.79.248.229 - - [10/Feb/2025:18:10:26 +0100] "GET /Jurek/oromed/feeds/oromed_cdon_se.xml HTTP/1.1" 200 972833 "-" "python-requests/2.32.3"
77.79.248.229 - - [10/Feb/2025:18:10:26 +0100] "GET /Jurek/oromed/feeds/oromed_cdon_dk.xml HTTP/1.1" 200 972812 "-" "python-requests/2.32.3"
77.79.248.229 - - [10/Feb/2025:18:10:26 +0100] "GET /Jurek/oromed/feeds/oromed_cdon_fi.xml HTTP/1.1" 200 972653 "-" "python-requests/2.32.3"
77.79.248.229 - - [10/Feb/2025:18:10:26 +0100] "GET /Jurek/hurtmeblowy/feeds/hurtmeblowy_cdon_se.xml HTTP/1.1" 200 8041521 "-" "python-requests/2.32.3"
77.79.248.229 - - [10/Feb/2025:18:10:26 +0100] "GET /Jurek/hurtmeblowy/feeds/hurtmeblowy_cdon_dk.xml HTTP/1.1" 200 8040903 "-" "python-requests/2.32.3"
77.79.248.229 - - [10/Feb/2025:18:10:27 +0100] "GET /Jurek/hurtmeblowy/feeds/hurtmeblowy_cdon_fi.xml HTTP/1.1" 200 8039490 "-" "python-requests/2.32.3"
77.79.248.229 - - [10/Feb/2025:18:10:27 +0100] "GET /Jurek/narzbud/feeds/narzbud_cdon_se.xml HTTP/1.1" 200 1614603 "-" "python-requests/2.32.3"
77.79.248.229 - - [10/Feb/2025:18:10:27 +0100] "GET /Jurek/narzbud/feeds/narzbud_cdon_dk.xml HTTP/1.1" 200 1614559 "-" "python-requests/2.32.3"
77.79.248.229 - - [10/Feb/2025:18:10:27 +0100] "GET /Jurek/narzbud/feeds/narzbud_cdon_fi.xml HTTP/1.1" 200 1613879 "-" "python-requests/2.32.3"
77.79.248.229 - - [10/Feb/2025:18:10:27 +0100] "GET /Jurek/livinhill/feeds/livinhill_cdon_se.xml HTTP/1.1" 200 1453248 "-" "python-requests/2.32.3"
77.79.248.229 - - [10/Feb/2025:18:10:27 +0100] "GET /Jurek/livinhill/feeds/livinhill_cdon_dk.xml HTTP/1.1" 200 1453126 "-" "python-requests/2.32.3"
77.79.248.229 - - [10/Feb/2025:18:10:27 +0100] "GET /Jurek/livinhill/feeds/livinhill_cdon_fi.xml HTTP/1.1" 200 1452670 "-" "python-requests/2.32.3"
77.79.248.229 - - [10/Feb/2025:18:10:27 +0100] "GET /Jurek/ekuchcikowo/feeds/ekuchcikowo_cdon_se.xml HTTP/1.1" 200 12872349 "-" "python-requests/2.32.3"
77.79.248.229 - - [10/Feb/2025:18:10:27 +0100] "GET /Jurek/ekuchcikowo/feeds/ekuchcikowo_cdon_dk.xml HTTP/1.1" 200 12872078 "-" "python-requests/2.32.3"
77.79.248.229 - - [10/Feb/2025:18:10:28 +0100] "GET /Jurek/ekuchcikowo/feeds/ekuchcikowo_cdon_fi.xml HTTP/1.1" 200 12869754 "-" "python-requests/2.32.3"
77.79.248.229 - - [10/Feb/2025:18:10:28 +0100] "GET /Jurek/fertone/feeds/fertone_cdon_se.xml HTTP/1.1" 200 626586 "-" "python-requests/2.32.3"
77.79.248.229 - - [10/Feb/2025:18:10:28 +0100] "GET /Jurek/fertone/feeds/fertone_cdon_dk.xml HTTP/1.1" 200 626562 "-" "python-requests/2.32.3"
77.79.248.229 - - [10/Feb/2025:18:10:28 +0100] "GET /Jurek/fertone/feeds/fertone_cdon_fi.xml HTTP/1.1" 200 626238 "-" "python-requests/2.32.3"
77.79.248.229 - - [10/Feb/2025:18:10:28 +0100] "GET /Jurek/ekolight/feeds/ekolioght_cdon_se.xml HTTP/1.1" 200 9055554 "-" "python-requests/2.32.3"
77.79.248.229 - - [10/Feb/2025:18:10:28 +0100] "GET /Jurek/ekolight/feeds/ekolioght_cdon_dk.xml HTTP/1.1" 200 9054857 "-" "python-requests/2.32.3"
77.79.248.229 - - [10/Feb/2025:18:10:29 +0100] "GET /Jurek/ekolight/feeds/ekolioght_cdon_fi.xml HTTP/1.1" 200 9051796 "-" "python-requests/2.32.3"
77.79.248.229 - - [10/Feb/2025:18:10:29 +0100] "GET /Jurek/cbdgreen/feeds/cbdgreen_cdon_se.xml HTTP/1.1" 200 50241 "-" "python-requests/2.32.3"
77.79.248.229 - - [10/Feb/2025:18:10:29 +0100] "GET /Jurek/cbdgreen/feeds/cbdgreen_cdon_dk.xml HTTP/1.1" 200 50242 "-" "python-requests/2.32.3"
77.79.248.229 - - [10/Feb/2025:18:10:29 +0100] "GET /Jurek/cbdgreen/feeds/cbdgreen_cdon_fi.xml HTTP/1.1" 200 50235 "-" "python-requests/2.32.3"
77.79.248.229 - - [10/Feb/2025:18:10:29 +0100] "GET /Jurek/pawonik/feeds/pawonik_cdon_se.xml HTTP/1.1" 200 2534844 "-" "python-requests/2.32.3"
77.79.248.229 - - [10/Feb/2025:18:10:29 +0100] "GET /Jurek/pawonik/feeds/pawonik_cdon_dk.xml HTTP/1.1" 200 2534876 "-" "python-requests/2.32.3"
77.79.248.229 - - [10/Feb/2025:18:10:29 +0100] "GET /Jurek/pawonik/feeds/pawonik_cdon_fi.xml HTTP/1.1" 200 2534485 "-" "python-requests/2.32.3"
77.79.248.229 - - [10/Feb/2025:18:10:29 +0100] "GET /Jurek/mosti/feeds/mosti_cdon_se.xml HTTP/1.1" 200 9257240 "-" "python-requests/2.32.3"
77.79.248.229 - - [10/Feb/2025:18:10:29 +0100] "GET /Jurek/mosti/feeds/mosti_cdon_dk.xml HTTP/1.1" 200 9257230 "-" "python-requests/2.32.3"
77.79.248.229 - - [10/Feb/2025:18:10:29 +0100] "GET /Jurek/mosti/feeds/mosti_cdon_fi.xml HTTP/1.1" 200 9255676 "-" "python-requests/2.32.3"
77.79.248.229 - - [10/Feb/2025:18:10:30 +0100] "GET /Jurek/winoszarnia/feeds/winoszarnia_cdon_se.xml HTTP/1.1" 200 6132045 "-" "python-requests/2.32.3"
77.79.248.229 - - [10/Feb/2025:18:10:30 +0100] "GET /Jurek/winoszarnia/feeds/winoszarnia_cdon_dk.xml HTTP/1.1" 200 6131939 "-" "python-requests/2.32.3"
77.79.248.229 - - [10/Feb/2025:18:10:30 +0100] "GET /Jurek/winoszarnia/feeds/winoszarnia_cdon_fi.xml HTTP/1.1" 200 6130596 "-" "python-requests/2.32.3"
85.232.241.194 - - [10/Feb/2025:18:12:01 +0100] "GET /Jurek/vida_morele/feeds/VidaPL_empik_gs.xml HTTP/1.1" 404 3551 "-" "Python-urllib/3.11"
85.232.241.194 - - [10/Feb/2025:18:12:02 +0100] "GET /Jurek/eurofirany/feeds/eurofirany_empik.xml HTTP/1.1" 200 18937391 "-" "Python-urllib/3.11"
85.232.241.194 - - [10/Feb/2025:18:12:02 +0100] "GET /Jurek/chemex/feeds/chemex_empik.xml HTTP/1.1" 200 47822490 "-" "Python-urllib/3.11"
185.6.76.18 - - [10/Feb/2025:18:12:42 +0100] "GET /marketplaces/skroutz/feeds/shumee.xml HTTP/1.1" 200 349194969 "-" "SkroutzBot v1.0"
46.101.116.244 - - [10/Feb/2025:18:13:35 +0100] "GET /Jurek/aw/feeds/aw_fnacfr.xml HTTP/1.0" 404 3551 "-" "-"
89.161.206.59 - - [10/Feb/2025:18:14:14 +0100] "GET /Jurek/eroplace/feeds/eroplace_amazonde.xml HTTP/1.0" 200 30849406 "-" "-"
77.79.248.229 - - [10/Feb/2025:18:14:17 +0100] "GET /Jurek/vida_morele/feeds/vidaPL_erli.xml HTTP/1.1" 200 695918521 "-" "Python-urllib/3.11"
46.101.116.244 - - [10/Feb/2025:18:14:32 +0100] "GET /Filip/feeds/xlsx_ceneo.xml HTTP/1.0" 200 6241376 "-" "-"
51.77.52.107 - - [10/Feb/2025:18:14:33 +0100] "POST /Filip/Rovicky/baselinker/baselinker-ceneo-shumee.php HTTP/2.0" 200 106776 "-" "BaseLinker/1.0"
46.101.116.244 - - [10/Feb/2025:18:16:01 +0100] "GET /Jurek/aw/feeds/aw_fnacfr.xml HTTP/1.0" 404 3551 "-" "-"
77.79.248.229 - - [10/Feb/2025:18:16:08 +0100] "GET /Jurek/vida_morele/feeds/vidaPL_erli.xml HTTP/1.1" 200 695918521 "-" "Python-urllib/3.11"
46.101.116.244 - - [10/Feb/2025:18:16:42 +0100] "GET /Filip/feeds/xlsx_ceneo.xml HTTP/1.0" 200 6241376 "-" "-"
51.77.52.107 - - [10/Feb/2025:18:16:43 +0100] "POST /Filip/Rovicky/baselinker/baselinker-ceneo-shumee.php HTTP/2.0" 200 106776 "-" "BaseLinker/1.0"
77.79.248.229 - - [10/Feb/2025:18:18:09 +0100] "GET /Jurek/vida_morele/feeds/vidaPL_erli.xml HTTP/1.1" 200 695918521 "-" "Python-urllib/3.11"
5.134.208.158 - - [10/Feb/2025:18:18:28 +0100] "GET /Jurek/eurofirany/images/399437/0.jpg HTTP/1.1" 200 73972 "-" "-"
178.21.154.6 - - [10/Feb/2025:18:19:42 +0100] "GET /Jurek/eurofirany/images/383720/0.jpg HTTP/1.1" 200 85938 "-" "-"
178.21.154.6 - - [10/Feb/2025:18:20:02 +0100] "GET /Jurek/eurofirany/images/389811/0.jpg HTTP/1.1" 200 94779 "-" "-"
178.21.154.6 - - [10/Feb/2025:18:20:02 +0100] "GET /Jurek/eurofirany/images/422318/0.jpg HTTP/1.1" 200 90120 "-" "-"
178.21.154.6 - - [10/Feb/2025:18:20:02 +0100] "GET /Jurek/eurofirany/images/366700/0.jpg HTTP/1.1" 200 91544 "-" "-"
178.21.154.6 - - [10/Feb/2025:18:20:02 +0100] "GET /Jurek/eurofirany/images/372423/0.jpg HTTP/1.1" 200 108915 "-" "-"
178.21.154.6 - - [10/Feb/2025:18:20:02 +0100] "GET /Jurek/eurofirany/images/389970/0.jpg HTTP/1.1" 200 186061 "-" "-"
178.21.154.6 - - [10/Feb/2025:18:20:02 +0100] "GET /Jurek/eurofirany/images/389954/0.jpg HTTP/1.1" 200 160194 "-" "-"
178.21.154.6 - - [10/Feb/2025:18:20:02 +0100] "GET /Jurek/eurofirany/images/389957/0.jpg HTTP/1.1" 200 199278 "-" "-"
46.101.116.244 - - [10/Feb/2025:18:20:35 +0100] "GET /Jurek/aw/feeds/aw_fnacfr.xml HTTP/1.0" 404 3551 "-" "-"
89.161.206.59 - - [10/Feb/2025:18:20:59 +0100] "GET /Jurek/artdog/feeds/artdog_amazonde.xml HTTP/1.0" 200 15929280 "-" "-"
89.161.206.59 - - [10/Feb/2025:18:21:01 +0100] "GET /Jurek/pawonik/feeds/pawonik_amazonde.xml HTTP/1.0" 200 2534452 "-" "-"
46.101.116.244 - - [10/Feb/2025:18:21:21 +0100] "GET /Filip/feeds/xlsx_ceneo.xml HTTP/1.0" 200 6241376 "-" "-"
51.77.52.107 - - [10/Feb/2025:18:21:21 +0100] "POST /Filip/Rovicky/baselinker/baselinker-ceneo-shumee.php HTTP/2.0" 200 106776 "-" "BaseLinker/1.0"
46.101.116.244 - - [10/Feb/2025:18:22:49 +0100] "GET /Jurek/chemex/feeds/chemex_empik.xml HTTP/1.0" 200 47822490 "-" "-"
46.101.116.244 - - [10/Feb/2025:18:25:26 +0100] "GET /Jurek/aw/feeds/aw_fnacfr.xml HTTP/1.0" 404 3551 "-" "-"
46.101.116.244 - - [10/Feb/2025:18:26:10 +0100] "GET /Filip/feeds/xlsx_ceneo.xml HTTP/1.0" 200 6241376 "-" "-"
51.77.52.107 - - [10/Feb/2025:18:26:10 +0100] "POST /Filip/Rovicky/baselinker/baselinker-ceneo-shumee.php HTTP/2.0" 200 106776 "-" "BaseLinker/1.0"
5.134.208.158 - - [10/Feb/2025:18:26:25 +0100] "GET /Jurek/eurofirany/images/382497/0.jpg HTTP/1.1" 200 120196 "-" "-"
89.161.206.59 - - [10/Feb/2025:18:29:49 +0100] "GET /Jurek/ikonka/feeds/ikonka_skroutz.xml HTTP/1.0" 200 22140205 "-" "-"
46.101.116.244 - - [10/Feb/2025:18:30:35 +0100] "GET /Jurek/aw/feeds/aw_fnacfr.xml HTTP/1.0" 404 3551 "-" "-"
46.101.116.244 - - [10/Feb/2025:18:31:23 +0100] "GET /Filip/feeds/xlsx_ceneo.xml HTTP/1.0" 200 6241376 "-" "-"
51.77.52.107 - - [10/Feb/2025:18:31:23 +0100] "POST /Filip/Rovicky/baselinker/baselinker-ceneo-shumee.php HTTP/2.0" 200 106776 "-" "BaseLinker/1.0"
89.161.206.59 - - [10/Feb/2025:18:31:40 +0100] "GET /Jurek/swiatecznygoliat/feeds/swiatecznygoliat_allegro.xml HTTP/1.0" 200 7050793 "-" "-"
89.161.206.59 - - [10/Feb/2025:18:31:42 +0100] "GET /Jurek/velinda/feeds/velinda_allegro.xml HTTP/1.0" 200 4283152 "-" "-"
89.161.206.59 - - [10/Feb/2025:18:33:57 +0100] "GET /Jurek/fernity/feeds/fernity_skroutz.xml HTTP/1.0" 200 5126607 "-" "-"
89.161.206.59 - - [10/Feb/2025:18:34:16 +0100] "GET /Jurek/activeshop/feeds/activeshop_skroutz.xml HTTP/1.0" 200 10490418 "-" "-"
46.101.116.244 - - [10/Feb/2025:18:35:11 +0100] "GET /Jurek/beliani/feeds/beliani_skroutz.xml HTTP/1.0" 200 31944259 "-" "-"
89.161.206.59 - - [10/Feb/2025:18:35:38 +0100] "GET /Jurek/eroplace/feeds/eroplace_amazonit.xml HTTP/1.0" 200 30849815 "-" "-"
46.101.116.244 - - [10/Feb/2025:18:35:43 +0100] "GET /Jurek/aw/feeds/aw_fnacfr.xml HTTP/1.0" 404 3551 "-" "-"
46.101.116.244 - - [10/Feb/2025:18:36:25 +0100] "GET /Filip/feeds/xlsx_ceneo.xml HTTP/1.0" 200 6241376 "-" "-"
51.77.52.107 - - [10/Feb/2025:18:36:25 +0100] "POST /Filip/Rovicky/baselinker/baselinker-ceneo-shumee.php HTTP/2.0" 200 106776 "-" "BaseLinker/1.0"
5.134.208.158 - - [10/Feb/2025:18:37:36 +0100] "GET /Jurek/eurofirany/images/403469/0.jpg HTTP/1.1" 200 52327 "-" "-"
5.134.208.158 - - [10/Feb/2025:18:37:36 +0100] "GET /Jurek/eurofirany/images/402391/0.jpg HTTP/1.1" 200 66454 "-" "-"
5.134.208.158 - - [10/Feb/2025:18:37:36 +0100] "GET /Jurek/eurofirany/images/402962/0.jpg HTTP/1.1" 200 36058 "-" "-"
5.134.208.158 - - [10/Feb/2025:18:37:36 +0100] "GET /Jurek/eurofirany/images/403438/0.jpg HTTP/1.1" 200 59947 "-" "-"
5.134.208.158 - - [10/Feb/2025:18:37:36 +0100] "GET /Jurek/eurofirany/images/390404/0.jpg HTTP/1.1" 200 77954 "-" "-"
5.134.208.158 - - [10/Feb/2025:18:37:36 +0100] "GET /Jurek/eurofirany/images/403474/0.jpg HTTP/1.1" 200 24535 "-" "-"
5.134.208.158 - - [10/Feb/2025:18:37:36 +0100] "GET /Jurek/eurofirany/images/402966/0.jpg HTTP/1.1" 200 33958 "-" "-"
5.134.208.158 - - [10/Feb/2025:18:37:36 +0100] "GET /Jurek/eurofirany/images/403422/0.jpg HTTP/1.1" 200 46653 "-" "-"
5.134.208.158 - - [10/Feb/2025:18:37:36 +0100] "GET /Jurek/eurofirany/images/431938/0.jpg HTTP/1.1" 200 75206 "-" "-"
5.134.208.158 - - [10/Feb/2025:18:37:36 +0100] "GET /Jurek/eurofirany/images/403009/0.jpg HTTP/1.1" 200 32775 "-" "-"
5.134.208.158 - - [10/Feb/2025:18:37:36 +0100] "GET /Jurek/eurofirany/images/431924/0.jpg HTTP/1.1" 200 42479 "-" "-"
52.18.22.0 - - [10/Feb/2025:18:37:38 +0100] "GET /marketplaces/worten2/results/worten.csv HTTP/1.1" 200 147218 "-" "Mirakl HttpClient"
46.101.116.244 - - [10/Feb/2025:18:39:02 +0100] "GET /Jurek/aw/feeds/awnarzedzia_skroutz.xml HTTP/1.0" 200 90582242 "-" "-"
46.101.116.244 - - [10/Feb/2025:18:40:40 +0100] "GET /Jurek/aw/feeds/aw_fnacfr.xml HTTP/1.0" 404 3551 "-" "-"
89.161.206.59 - - [10/Feb/2025:18:41:36 +0100] "GET /Jurek/eurofirany/feeds/eurofirany_skroutz.xml HTTP/1.0" 200 18935914 "-" "-"
46.101.116.244 - - [10/Feb/2025:18:41:43 +0100] "GET /Filip/feeds/xlsx_ceneo.xml HTTP/1.0" 200 6241376 "-" "-"
51.77.52.107 - - [10/Feb/2025:18:41:43 +0100] "POST /Filip/Rovicky/baselinker/baselinker-ceneo-shumee.php HTTP/2.0" 200 106776 "-" "BaseLinker/1.0"
89.161.206.59 - - [10/Feb/2025:18:44:23 +0100] "GET /Jurek/b3/feeds/b3_amazonfr.xml HTTP/1.0" 200 7246028 "-" "-"
89.161.206.59 - - [10/Feb/2025:18:44:24 +0100] "GET /Jurek/b3/feeds/b3_amazonit.xml HTTP/1.0" 200 7245932 "-" "-"
89.161.206.59 - - [10/Feb/2025:18:44:52 +0100] "GET /Jurek/swiatecznygoliat/feeds/swiatecznygoliat_amazonde.xml HTTP/1.0" 200 7050287 "-" "-"
178.21.154.6 - - [10/Feb/2025:18:44:53 +0100] "GET /Jurek/eurofirany/images/393109/0.jpg HTTP/1.1" 200 79511 "-" "-"
46.101.116.244 - - [10/Feb/2025:18:45:14 +0100] "GET /Jurek/topeshop/feeds/topeshop_skr.xml HTTP/1.0" 200 2403398 "-" "-"
46.101.116.244 - - [10/Feb/2025:18:45:28 +0100] "GET /Jurek/aw/feeds/aw_fnacfr.xml HTTP/1.0" 404 3551 "-" "-"
89.161.206.59 - - [10/Feb/2025:18:45:49 +0100] "GET /Jurek/ikonka/feeds/ikonka_allegro_cz.xml HTTP/1.0" 200 22140912 "-" "-"
89.161.206.59 - - [10/Feb/2025:18:46:08 +0100] "GET /Jurek/asortymenteu/feeds/asortymenteu_skroutz_great.xml HTTP/1.0" 200 2520459 "-" "-"
46.101.116.244 - - [10/Feb/2025:18:46:15 +0100] "GET /Filip/feeds/xlsx_ceneo.xml HTTP/1.0" 200 6241376 "-" "-"
51.77.52.107 - - [10/Feb/2025:18:46:15 +0100] "POST /Filip/Rovicky/baselinker/baselinker-ceneo-shumee.php HTTP/2.0" 200 106776 "-" "BaseLinker/1.0"
46.101.116.244 - - [10/Feb/2025:18:50:33 +0100] "GET /Jurek/aw/feeds/aw_fnacfr.xml HTTP/1.0" 404 3551 "-" "-"
89.161.206.59 - - [10/Feb/2025:18:51:12 +0100] "GET /Jurek/aiofactory/feeds/aiofactory_skroutz.xml HTTP/1.0" 200 2078106 "-" "-"
46.101.116.244 - - [10/Feb/2025:18:51:19 +0100] "GET /Filip/feeds/xlsx_ceneo.xml HTTP/1.0" 200 6241376 "-" "-"
51.77.52.107 - - [10/Feb/2025:18:51:20 +0100] "POST /Filip/Rovicky/baselinker/baselinker-ceneo-shumee.php HTTP/2.0" 200 106776 "-" "BaseLinker/1.0"
66.249.66.67 - - [10/Feb/2025:18:51:57 +0100] "GET /Jurek/eurofirany/images/387144/12.jpg HTTP/1.1" 200 126910 "-" "Googlebot-Image/1.0"
5.134.208.158 - - [10/Feb/2025:18:53:41 +0100] "GET /Jurek/eurofirany/images/386204/0.jpg HTTP/1.1" 200 118730 "-" "-"
85.232.241.194 - - [10/Feb/2025:18:54:12 +0100] "GET /Jurek/topeshop/feeds/topeshop_xxxlutz.xml HTTP/1.1" 200 2403195 "-" "Python-urllib/3.11"
85.232.241.194 - - [10/Feb/2025:18:54:14 +0100] "GET /Jurek/hurtownia_przemyslowa/feeds/hp_xxxlutz.xml HTTP/1.1" 200 49860677 "-" "Python-urllib/3.11"
85.232.241.194 - - [10/Feb/2025:18:54:15 +0100] "GET /Jurek/fernity/feeds/fernity_xxxlutz.xml HTTP/1.1" 200 5126018 "-" "Python-urllib/3.11"
85.232.241.194 - - [10/Feb/2025:18:54:23 +0100] "GET /Jurek/benetech/feeds/benetech_xxlutz.xml HTTP/1.1" 200 4451815 "-" "Python-urllib/3.11"
85.232.241.194 - - [10/Feb/2025:18:54:23 +0100] "GET /Jurek/ekolight/feeds/ekolioght_xxlutz.xml HTTP/1.1" 200 9051630 "-" "Python-urllib/3.11"
85.232.241.194 - - [10/Feb/2025:18:54:23 +0100] "GET /Jurek/waks/feeds/waks_xxlutz.xml HTTP/1.1" 200 6332973 "-" "Python-urllib/3.11"
85.232.241.194 - - [10/Feb/2025:18:54:23 +0100] "GET /Jurek/ekuchcikowo/feeds/ekuchcikowo_xxxlutz.xml HTTP/1.1" 200 12869779 "-" "Python-urllib/3.11"
85.232.241.194 - - [10/Feb/2025:18:54:24 +0100] "GET /Jurek/fertone/feeds/fertone_xxlutz.xml HTTP/1.1" 200 626213 "-" "Python-urllib/3.11"
85.232.241.194 - - [10/Feb/2025:18:54:33 +0100] "GET /Jurek/intsell/feeds/intsell_xxxlutz.xml HTTP/1.1" 200 338788088 "-" "Python-urllib/3.11"
46.101.116.244 - - [10/Feb/2025:18:55:27 +0100] "GET /Jurek/aw/feeds/aw_fnacfr.xml HTTP/1.0" 404 3551 "-" "-"
46.101.116.244 - - [10/Feb/2025:18:56:12 +0100] "GET /Filip/feeds/xlsx_ceneo.xml HTTP/1.0" 200 6241376 "-" "-"
51.77.52.107 - - [10/Feb/2025:18:56:13 +0100] "POST /Filip/Rovicky/baselinker/baselinker-ceneo-shumee.php HTTP/2.0" 200 106776 "-" "BaseLinker/1.0"
89.161.206.59 - - [10/Feb/2025:18:56:22 +0100] "GET /Jurek/eurofryz/feeds/eurofryz_skroutz.xml HTTP/1.0" 200 2388411 "-" "-"
77.79.248.229 - - [10/Feb/2025:18:58:02 +0100] "GET /Jurek/eurofirany/feeds/eurofirany_manomanode.xml HTTP/1.1" 200 18936112 "-" "Python-urllib/3.11"
77.79.248.229 - - [10/Feb/2025:18:58:04 +0100] "GET /Jurek/hurtownia_przemyslowa/feeds/hp_manomanode.xml HTTP/1.1" 200 49860976 "-" "Python-urllib/3.11"
77.79.248.229 - - [10/Feb/2025:18:58:04 +0100] "GET /Jurek/topeshop/feeds/topeshop_manoDE.xml HTTP/1.1" 200 2403210 "-" "Python-urllib/3.11"
77.79.248.229 - - [10/Feb/2025:18:58:06 +0100] "GET /Jurek/aw/feeds/awnarzedzia_manomanoDE.xml HTTP/1.1" 200 90579474 "-" "Python-urllib/3.11"
77.79.248.229 - - [10/Feb/2025:18:58:07 +0100] "GET /Jurek/action/feeds/action_manomano_DE.xml HTTP/1.1" 200 55045179 "-" "Python-urllib/3.11"
77.79.248.229 - - [10/Feb/2025:18:58:07 +0100] "GET /Jurek/fernity/feeds/fernity_manomano.xml HTTP/1.1" 200 5126059 "-" "Python-urllib/3.11"
77.79.248.229 - - [10/Feb/2025:18:58:07 +0100] "GET /Jurek/eurofirany/feeds/eurofirany_manomanofr.xml HTTP/1.1" 200 18936112 "-" "Python-urllib/3.11"
77.79.248.229 - - [10/Feb/2025:18:58:08 +0100] "GET /Jurek/hurtownia_przemyslowa/feeds/hp_manomanofr.xml HTTP/1.1" 200 49861657 "-" "Python-urllib/3.11"
77.79.248.229 - - [10/Feb/2025:18:58:09 +0100] "GET /Jurek/kinghome/feeds/kinghome_manomanofr.xml HTTP/1.1" 200 5741574 "-" "Python-urllib/3.11"
77.79.248.229 - - [10/Feb/2025:18:58:09 +0100] "GET /Jurek/topeshop/feeds/topeshop_manoFR.xml HTTP/1.1" 200 2403324 "-" "Python-urllib/3.11"
77.79.248.229 - - [10/Feb/2025:18:58:10 +0100] "GET /Jurek/activeshop/feeds/activeshop_manomanofr.xml HTTP/1.1" 200 10490095 "-" "Python-urllib/3.11"
77.79.248.229 - - [10/Feb/2025:18:58:12 +0100] "GET /Jurek/aw/feeds/awnarzedzia_manomanofr.xml HTTP/1.1" 200 90581142 "-" "Python-urllib/3.11"
77.79.248.229 - - [10/Feb/2025:18:58:13 +0100] "GET /Jurek/hurtownia_przemyslowa/feeds/hp_manomanoit.xml HTTP/1.1" 200 49861602 "-" "Python-urllib/3.11"
77.79.248.229 - - [10/Feb/2025:18:58:13 +0100] "GET /Jurek/eurofirany/feeds/eurofirany_manomanoit.xml HTTP/1.1" 200 18936049 "-" "Python-urllib/3.11"
77.79.248.229 - - [10/Feb/2025:18:58:14 +0100] "GET /Jurek/fernity/feeds/fernity_manoIT.xml HTTP/1.1" 200 5126627 "-" "Python-urllib/3.11"
77.79.248.229 - - [10/Feb/2025:18:58:14 +0100] "GET /Jurek/topeshop/feeds/topeshop_manoIT.xml HTTP/1.1" 200 2403317 "-" "Python-urllib/3.11"
77.79.248.229 - - [10/Feb/2025:18:58:16 +0100] "GET /Jurek/action/feeds/action_manomano_IT.xml HTTP/1.1" 200 55046168 "-" "Python-urllib/3.11"
77.79.248.229 - - [10/Feb/2025:18:58:16 +0100] "GET /Jurek/activeshop/feeds/activeshop_manomanoit.xml HTTP/1.1" 200 10490634 "-" "Python-urllib/3.11"
77.79.248.229 - - [10/Feb/2025:18:58:19 +0100] "GET /Jurek/aw/feeds/awnarzedzia_manomanoIT.xml HTTP/1.1" 200 90581642 "-" "Python-urllib/3.11"
77.79.248.229 - - [10/Feb/2025:18:58:19 +0100] "GET /Jurek/barbecook/feeds/barbecook_manoit.xml HTTP/1.1" 200 87530 "-" "Python-urllib/3.11"
89.161.206.59 - - [10/Feb/2025:18:59:55 +0100] "GET /Jurek/kambukka/feeds/kambukka_allegro.xml HTTP/1.0" 200 973383 "-" "-"
89.161.206.59 - - [10/Feb/2025:18:59:57 +0100] "GET /Jurek/combine/feeds/combine_allegro.xml HTTP/1.0" 200 210574 "-" "-"
89.161.206.59 - - [10/Feb/2025:18:59:57 +0100] "GET /Jurek/spali/feeds/spali_allegro.xml HTTP/1.0" 200 101958 "-" "-"
164.92.232.189 - - [10/Feb/2025:19:00:01 +0100] "GET /subskrypcje/AMD/feeds/amd_cz.xml HTTP/1.1" 200 518486 "-" "-"
164.92.232.189 - - [10/Feb/2025:19:00:12 +0100] "GET /subskrypcje/AMD/feeds/amd_sk.xml HTTP/1.1" 200 528562 "-" "-"
164.92.232.189 - - [10/Feb/2025:19:00:12 +0100] "GET /subskrypcje/OverHorse/overhorse_mallcz.xml HTTP/1.1" 200 112935 "-" "-"
164.92.232.189 - - [10/Feb/2025:19:00:23 +0100] "GET /subskrypcje/mondex/feeds/mondex_mall_cz.xml HTTP/1.1" 200 2203515 "-" "-"
46.101.116.244 - - [10/Feb/2025:19:00:34 +0100] "GET /Jurek/aw/feeds/aw_fnacfr.xml HTTP/1.0" 404 3551 "-" "-"
85.14.86.141 - - [10/Feb/2025:19:00:35 +0100] "GET /Jurek/vida_morele/feeds/VidaPL_all.xml HTTP/2.0" 200 695945564 "-" "MarketplaceAPI curl/7.64.0 PHP/8"
52.17.80.36 - - [10/Feb/2025:19:00:40 +0100] "GET /marketplaces/ubaldi/results/ubaldi.csv HTTP/1.1" 200 130835 "-" "Mirakl HttpClient"
89.161.206.59 - - [10/Feb/2025:19:01:03 +0100] "GET /Jurek/hurtmeblowy/feeds/hurtmeblowy_allegro.xml HTTP/1.0" 200 8040413 "-" "-"
46.101.116.244 - - [10/Feb/2025:19:01:15 +0100] "GET /Filip/feeds/xlsx_ceneo.xml HTTP/1.0" 200 6241376 "-" "-"
51.77.52.107 - - [10/Feb/2025:19:01:16 +0100] "POST /Filip/Rovicky/baselinker/baselinker-ceneo-shumee.php HTTP/2.0" 200 106776 "-" "BaseLinker/1.0"
52.209.168.113 - - [10/Feb/2025:19:02:08 +0100] "GET /marketplaces/rue/results/rue.csv HTTP/1.1" 200 147219 "-" "Mirakl HttpClient"
34.96.39.118 - - [10/Feb/2025:19:02:10 +0100] "GET /matikrol/texas/4009816028358_3.jpg.jpg HTTP/1.1" 404 3551 "-" "imgproxy/3.6.0"
85.14.86.141 - - [10/Feb/2025:19:02:59 +0100] "GET /Jurek/kinghoff/feeds/kinghoff_morele.xml HTTP/2.0" 200 14204076 "-" "MarketplaceAPI curl/7.64.0 PHP/8"
85.232.241.194 - - [10/Feb/2025:19:04:16 +0100] "GET /Jurek/aw/feeds/aw_worten.xml HTTP/1.1" 200 90582013 "-" "Python-urllib/3.11"
85.232.241.194 - - [10/Feb/2025:19:04:18 +0100] "GET /Jurek/aw/feeds/aw_wortenES.xml HTTP/1.1" 200 90583075 "-" "Python-urllib/3.11"
85.232.241.194 - - [10/Feb/2025:19:04:20 +0100] "GET /Jurek/action/feeds/action_worten.xml HTTP/1.1" 200 55046166 "-" "Python-urllib/3.11"
85.232.241.194 - - [10/Feb/2025:19:04:23 +0100] "GET /Jurek/action/feeds/action_wortenES.xml HTTP/1.1" 200 55046500 "-" "Python-urllib/3.11"
46.101.116.244 - - [10/Feb/2025:19:04:24 +0100] "GET /Jurek/bass/feeds/bass_mallsk.xml HTTP/2.0" 200 3983807 "-" "-"
46.101.116.244 - - [10/Feb/2025:19:04:53 +0100] "GET /Jurek/slayo/feeds/slayo_mallsk.xml HTTP/2.0" 200 195529 "-" "-"
85.14.86.141 - - [10/Feb/2025:19:04:58 +0100] "GET /Jurek/eurofirany/feeds/eurofirany_morele.xml HTTP/2.0" 200 18937513 "-" "MarketplaceAPI curl/7.64.0 PHP/8"
46.101.116.244 - - [10/Feb/2025:19:05:03 +0100] "GET /Jurek/mosti/feeds/mosti_mallsk.xml HTTP/2.0" 200 9249904 "-" "-"
46.101.116.244 - - [10/Feb/2025:19:05:04 +0100] "GET /Jurek/amzteam/feeds/amzteam_mallsk.xml HTTP/2.0" 200 97847 "-" "-"
46.101.116.244 - - [10/Feb/2025:19:05:05 +0100] "GET /Jurek/artdog/feeds/artdog_mallsk.xml HTTP/2.0" 200 15929544 "-" "-"
46.101.116.244 - - [10/Feb/2025:19:05:06 +0100] "GET /Jurek/kambukka/feeds/kambukka_mallsk.xml HTTP/2.0" 200 973017 "-" "-"
85.14.86.141 - - [10/Feb/2025:19:05:13 +0100] "GET /Jurek/vivaldi/feeds/vivaldi_Morele-PL.xml HTTP/2.0" 200 344674 "-" "MarketplaceAPI curl/7.64.0 PHP/8"
46.101.116.244 - - [10/Feb/2025:19:05:20 +0100] "GET /Jurek/swiatecznygoliat/feeds/swiatecznygoliat_mallsk.xml HTTP/2.0" 200 7050177 "-" "-"
46.101.116.244 - - [10/Feb/2025:19:05:25 +0100] "GET /Jurek/aw/feeds/aw_fnacfr.xml HTTP/1.0" 404 3551 "-" "-"
85.232.241.194 - - [10/Feb/2025:19:05:30 +0100] "GET /Jurek/octopia/feeds/octopia_worten.xml HTTP/1.1" 200 10710781 "-" "Python-urllib/3.11"
85.232.241.194 - - [10/Feb/2025:19:05:31 +0100] "GET /Jurek/octopia/feeds/octopia_wortenES.xml HTTP/1.1" 200 10710775 "-" "Python-urllib/3.11"
85.232.241.194 - - [10/Feb/2025:19:05:32 +0100] "GET /Jurek/hurtownia_przemyslowa/feeds/hp_worten.xml HTTP/1.1" 200 49861331 "-" "Python-urllib/3.11"
85.232.241.194 - - [10/Feb/2025:19:05:34 +0100] "GET /Jurek/hurtownia_przemyslowa/feeds/hp_wortenES.xml HTTP/1.1" 200 49861402 "-" "Python-urllib/3.11"
85.232.241.194 - - [10/Feb/2025:19:06:08 +0100] "GET /Jurek/ikonka/feeds/ikonka_worten.xml HTTP/1.1" 200 22140282 "-" "Python-urllib/3.11"
85.232.241.194 - - [10/Feb/2025:19:06:09 +0100] "GET /Jurek/ikonka/feeds/ikonka_wortenES.xml HTTP/1.1" 200 22140286 "-" "Python-urllib/3.11"
46.101.116.244 - - [10/Feb/2025:19:06:11 +0100] "GET /Jurek/topeshop/feeds/topeshop_mallsk.xml HTTP/2.0" 200 2403257 "-" "-"
85.232.241.194 - - [10/Feb/2025:19:06:13 +0100] "GET /Jurek/action/feeds/action_ubaldi.xml HTTP/1.1" 200 55045421 "-" "Python-urllib/3.11"
85.14.86.141 - - [10/Feb/2025:19:06:18 +0100] "GET /Jurek/aw/feeds/awnarzedzia_morele.xml HTTP/2.0" 200 90592932 "-" "MarketplaceAPI curl/7.64.0 PHP/8"
85.232.241.194 - - [10/Feb/2025:19:06:21 +0100] "GET /Jurek/eroplace/feeds/eroplace_worten.xml HTTP/1.1" 200 30849393 "-" "Python-urllib/3.11"
85.232.241.194 - - [10/Feb/2025:19:06:23 +0100] "GET /Jurek/eroplace/feeds/eroplace_wortenES.xml HTTP/1.1" 200 30849409 "-" "Python-urllib/3.11"
46.101.116.244 - - [10/Feb/2025:19:06:24 +0100] "GET /Filip/feeds/xlsx_ceneo.xml HTTP/1.0" 200 6241376 "-" "-"
85.232.241.194 - - [10/Feb/2025:19:06:24 +0100] "GET /Jurek/unimet/feeds/unimet_ubaldi.xml HTTP/1.1" 200 61064765 "-" "Python-urllib/3.11"
51.77.52.107 - - [10/Feb/2025:19:06:24 +0100] "POST /Filip/Rovicky/baselinker/baselinker-ceneo-shumee.php HTTP/2.0" 200 106776 "-" "BaseLinker/1.0"
85.232.241.194 - - [10/Feb/2025:19:06:26 +0100] "GET /Jurek/hurtownia_przemyslowa/feeds/hp_ubaldi.xml HTTP/1.1" 200 49860815 "-" "Python-urllib/3.11"
85.14.86.141 - - [10/Feb/2025:19:06:27 +0100] "GET /Jurek/vida_morele/feeds/VidaPL_morele.xml HTTP/2.0" 200 695947147 "-" "MarketplaceAPI curl/7.64.0 PHP/8"
85.232.241.194 - - [10/Feb/2025:19:06:27 +0100] "GET /Jurek/aw/feeds/aw_ubaldi.xml HTTP/1.1" 200 90584845 "-" "Python-urllib/3.11"
85.232.241.194 - - [10/Feb/2025:19:06:30 +0100] "GET /Jurek/intsell/feeds/intsell_worten.xml HTTP/1.1" 200 338787270 "-" "Python-urllib/3.11"
85.232.241.194 - - [10/Feb/2025:19:06:37 +0100] "GET /Jurek/intsell/feeds/intsell_wortenES.xml HTTP/1.1" 200 338788021 "-" "Python-urllib/3.11"
85.232.241.194 - - [10/Feb/2025:19:06:40 +0100] "GET /Jurek/coppotech/feeds/coppotech_worten.xml HTTP/1.1" 200 38986049 "-" "Python-urllib/3.11"
85.232.241.194 - - [10/Feb/2025:19:06:42 +0100] "GET /Jurek/coppotech/feeds/coppotech_wortenES.xml HTTP/1.1" 200 38985809 "-" "Python-urllib/3.11"
85.232.241.194 - - [10/Feb/2025:19:06:44 +0100] "GET /Jurek/b3/feeds/b3_worten.xml HTTP/1.1" 200 7245878 "-" "Python-urllib/3.11"
85.232.241.194 - - [10/Feb/2025:19:06:45 +0100] "GET /Jurek/b3/feeds/b3_wortenES.xml HTTP/1.1" 200 7245860 "-" "Python-urllib/3.11"
85.232.241.194 - - [10/Feb/2025:19:06:45 +0100] "GET /Jurek/ekuchcikowo/feeds/ekuchcikowo_worten.xml HTTP/1.1" 200 12870052 "-" "Python-urllib/3.11"
85.232.241.194 - - [10/Feb/2025:19:06:46 +0100] "GET /Jurek/ekuchcikowo/feeds/ekuchcikowo_wortenES.xml HTTP/1.1" 200 12869898 "-" "Python-urllib/3.11"
85.232.241.194 - - [10/Feb/2025:19:06:47 +0100] "GET /Jurek/fertone/feeds/fertone_worten.xml HTTP/1.1" 200 626231 "-" "Python-urllib/3.11"
85.232.241.194 - - [10/Feb/2025:19:06:47 +0100] "GET /Jurek/fertone/feeds/fertone_wortenES.xml HTTP/1.1" 200 626231 "-" "Python-urllib/3.11"
85.14.86.141 - - [10/Feb/2025:19:06:48 +0100] "GET /Jurek/miloohome/feeds/miloohome_morele.xml HTTP/2.0" 200 1421250 "-" "MarketplaceAPI curl/7.64.0 PHP/8"
85.232.241.194 - - [10/Feb/2025:19:06:51 +0100] "GET /Jurek/sempler/feeds/sempler_worten.xml HTTP/1.1" 200 6553264 "-" "Python-urllib/3.11"
85.232.241.194 - - [10/Feb/2025:19:06:52 +0100] "GET /Jurek/sempler/feeds/sempler_wortenES.xml HTTP/1.1" 200 6553280 "-" "Python-urllib/3.11"
85.232.241.194 - - [10/Feb/2025:19:06:52 +0100] "GET /Jurek/euroshop/feeds/euroshop_worten.xml HTTP/1.1" 200 17927409 "-" "Python-urllib/3.11"
85.232.241.194 - - [10/Feb/2025:19:06:53 +0100] "GET /Jurek/euroshop/feeds/euroshop_wortenES.xml HTTP/1.1" 200 17927378 "-" "Python-urllib/3.11"
85.232.241.194 - - [10/Feb/2025:19:06:54 +0100] "GET /Jurek/ekolight/feeds/ekolight_worten.xml HTTP/1.1" 200 9051740 "-" "Python-urllib/3.11"
85.232.241.194 - - [10/Feb/2025:19:06:55 +0100] "GET /Jurek/ekolight/feeds/ekolight_wortenES.xml HTTP/1.1" 200 9051838 "-" "Python-urllib/3.11"
85.232.241.194 - - [10/Feb/2025:19:06:55 +0100] "GET /Jurek/erohurtownia/feeds/erohurtownia_worten.xml HTTP/1.1" 200 23304034 "-" "Python-urllib/3.11"
85.232.241.194 - - [10/Feb/2025:19:06:56 +0100] "GET /Jurek/erohurtownia/feeds/erohurtownia_wortenES.xml HTTP/1.1" 200 23304129 "-" "Python-urllib/3.11"
85.232.241.194 - - [10/Feb/2025:19:06:57 +0100] "GET /Jurek/kobi/feeds/kobi_worten.xml HTTP/1.1" 200 1993214 "-" "Python-urllib/3.11"
85.232.241.194 - - [10/Feb/2025:19:06:58 +0100] "GET /Jurek/kobi/feeds/kobi_wortenES.xml HTTP/1.1" 200 1993300 "-" "Python-urllib/3.11"
85.232.241.194 - - [10/Feb/2025:19:06:58 +0100] "GET /Jurek/elecomp/feeds/elecomp_worten.xml HTTP/1.1" 200 2869553 "-" "Python-urllib/3.11"
85.14.86.141 - - [10/Feb/2025:19:06:59 +0100] "GET /Jurek/beliani/feeds/beliani_morele.xml HTTP/2.0" 200 31948565 "-" "MarketplaceAPI curl/7.64.0 PHP/8"
85.232.241.194 - - [10/Feb/2025:19:06:59 +0100] "GET /Jurek/elecomp/feeds/elecomp_wortenES.xml HTTP/1.1" 200 2869607 "-" "Python-urllib/3.11"
85.232.241.194 - - [10/Feb/2025:19:07:02 +0100] "GET /Jurek/kambukka/feeds/kambukka_worten.xml HTTP/1.1" 200 973310 "-" "Python-urllib/3.11"
85.232.241.194 - - [10/Feb/2025:19:07:03 +0100] "GET /Jurek/kambukka/feeds/kambukka_wortenES.xml HTTP/1.1" 200 973324 "-" "Python-urllib/3.11"
85.232.241.194 - - [10/Feb/2025:19:07:03 +0100] "GET /Jurek/waks/feeds/waks_worten.xml HTTP/1.1" 200 6333034 "-" "Python-urllib/3.11"
85.232.241.194 - - [10/Feb/2025:19:07:04 +0100] "GET /Jurek/waks/feeds/waks_wortenES.xml HTTP/1.1" 200 6333051 "-" "Python-urllib/3.11"
85.232.241.194 - - [10/Feb/2025:19:07:06 +0100] "GET /Jurek/oromed/feeds/oromed_worten.xml HTTP/1.1" 200 972653 "-" "Python-urllib/3.11"
85.232.241.194 - - [10/Feb/2025:19:07:06 +0100] "GET /Jurek/oromed/feeds/oromed_wortenES.xml HTTP/1.1" 200 972650 "-" "Python-urllib/3.11"
85.232.241.194 - - [10/Feb/2025:19:07:07 +0100] "GET /Jurek/benetech/feeds/benetech_worten.xml HTTP/1.1" 200 4451813 "-" "Python-urllib/3.11"
85.232.241.194 - - [10/Feb/2025:19:07:08 +0100] "GET /Jurek/benetech/feeds/benetech_wortenES.xml HTTP/1.1" 200 4451828 "-" "Python-urllib/3.11"
