147.161.130.80 - - [10/Feb/2025:14:17:17 +0100] "GET /Jurek/eurofirany/images/371883/5.jpg HTTP/1.1" 200 204231 "https://www.emag.bg/nova3-charshaf-140x200-cm-h-30-cm-gorchica-eurofirany-371883/pd/DY5D5LMBM/?" "Mozilla/5.0 (Windows NT 10.0; Win64; x64) AppleWebKit/537.36 (KHTML, like Gecko) Chrome/132.0.0.0 Safari/537.36"
147.161.130.80 - - [10/Feb/2025:14:17:17 +0100] "GET /Jurek/eurofirany/images/371883/7.jpg HTTP/1.1" 200 93054 "https://www.emag.bg/nova3-charshaf-140x200-cm-h-30-cm-gorchica-eurofirany-371883/pd/DY5D5LMBM/?" "Mozilla/5.0 (Windows NT 10.0; Win64; x64) AppleWebKit/537.36 (KHTML, like Gecko) Chrome/132.0.0.0 Safari/537.36"
147.161.130.80 - - [10/Feb/2025:14:17:17 +0100] "GET /Jurek/eurofirany/images/371883/8.jpg HTTP/1.1" 200 125579 "https://www.emag.bg/nova3-charshaf-140x200-cm-h-30-cm-gorchica-eurofirany-371883/pd/DY5D5LMBM/?" "Mozilla/5.0 (Windows NT 10.0; Win64; x64) AppleWebKit/537.36 (KHTML, like Gecko) Chrome/132.0.0.0 Safari/537.36"
147.161.130.80 - - [10/Feb/2025:14:17:17 +0100] "GET /Jurek/eurofirany/images/371883/9.jpg HTTP/1.1" 200 92082 "https://www.emag.bg/nova3-charshaf-140x200-cm-h-30-cm-gorchica-eurofirany-371883/pd/DY5D5LMBM/?" "Mozilla/5.0 (Windows NT 10.0; Win64; x64) AppleWebKit/537.36 (KHTML, like Gecko) Chrome/132.0.0.0 Safari/537.36"
46.101.116.244 - - [10/Feb/2025:14:17:40 +0100] "GET /Jurek/vida_morele/feeds/vidaPL_velomarket.xml HTTP/1.0" 200 694639232 "-" "-"
46.101.116.244 - - [10/Feb/2025:14:19:17 +0100] "GET /Jurek/activeshop/feeds/activeshop_mallsish.xml HTTP/2.0" 200 10399817 "-" "-"
193.33.8.61 - - [10/Feb/2025:14:19:52 +0100] "GET /Jurek/eany/data.csv HTTP/2.0" 304 0 "https://dkkapusta1997.usermd.net/Jurek/eany/" "Mozilla/5.0 (Windows NT 10.0; Win64; x64) AppleWebKit/537.36 (KHTML, like Gecko) Chrome/132.0.0.0 Safari/537.36"
46.101.116.244 - - [10/Feb/2025:14:20:41 +0100] "GET /Jurek/aw/feeds/aw_fnacfr.xml HTTP/1.0" 404 3551 "-" "-"
89.161.206.59 - - [10/Feb/2025:14:20:51 +0100] "GET /Jurek/artdog/feeds/artdog_amazonde.xml HTTP/1.0" 200 15929060 "-" "-"
89.161.206.59 - - [10/Feb/2025:14:20:53 +0100] "GET /Jurek/pawonik/feeds/pawonik_amazonde.xml HTTP/1.0" 200 2534433 "-" "-"
46.101.116.244 - - [10/Feb/2025:14:21:24 +0100] "GET /Filip/feeds/xlsx_ceneo.xml HTTP/1.0" 200 6241376 "-" "-"
51.77.52.107 - - [10/Feb/2025:14:21:25 +0100] "POST /Filip/Rovicky/baselinker/baselinker-ceneo-shumee.php HTTP/2.0" 200 106776 "-" "BaseLinker/1.0"
89.161.206.59 - - [10/Feb/2025:14:21:28 +0100] "GET /Jurek/kobi/feeds/kobi_bol.xml HTTP/1.0" 200 1993246 "-" "-"
46.101.116.244 - - [10/Feb/2025:14:21:40 +0100] "GET /Jurek/chemex/feeds/chemex_empik.xml HTTP/1.0" 200 47822490 "-" "-"
46.101.116.244 - - [10/Feb/2025:14:22:36 +0100] "GET /Jurek/ekuchcikowo/feeds/ekuchcikowo_mallsi.xml HTTP/2.0" 200 12869778 "-" "-"
46.101.116.244 - - [10/Feb/2025:14:22:47 +0100] "GET /Jurek/sempler/feeds/sempler_mallsi.xml HTTP/2.0" 200 6553263 "-" "-"
46.101.116.244 - - [10/Feb/2025:14:22:58 +0100] "GET /Jurek/bass/feeds/bass_mallsi.xml HTTP/2.0" 200 3983903 "-" "-"
46.101.116.244 - - [10/Feb/2025:14:23:21 +0100] "GET /Jurek/slayo/feeds/slayo_mallsi.xml HTTP/2.0" 200 195532 "-" "-"
46.101.116.244 - - [10/Feb/2025:14:23:32 +0100] "GET /Jurek/mosti/feeds/mosti_mallsi.xml HTTP/2.0" 200 9249905 "-" "-"
46.101.116.244 - - [10/Feb/2025:14:23:33 +0100] "GET /Jurek/amzteam/feeds/amzteam_mallsi.xml HTTP/2.0" 200 97847 "-" "-"
46.101.116.244 - - [10/Feb/2025:14:23:33 +0100] "GET /Jurek/artdog/feeds/artdog_mallsi.xml HTTP/2.0" 200 15929801 "-" "-"
46.101.116.244 - - [10/Feb/2025:14:23:34 +0100] "GET /Jurek/kambukka/feeds/kambukka_mallsi.xml HTTP/2.0" 200 973019 "-" "-"
46.101.116.244 - - [10/Feb/2025:14:23:47 +0100] "GET /Jurek/swiatecznygoliat/feeds/swiatecznygoliat_mallsi.xml HTTP/2.0" 200 7050339 "-" "-"
46.101.116.244 - - [10/Feb/2025:14:24:34 +0100] "GET /Jurek/octopia/feeds/octopia_mallsi.xml HTTP/2.0" 200 10755451 "-" "-"
46.101.116.244 - - [10/Feb/2025:14:24:49 +0100] "GET /Jurek/topeshop/feeds/topeshop_mallsi.xml HTTP/2.0" 200 2403330 "-" "-"
193.33.8.61 - - [10/Feb/2025:14:24:57 +0100] "GET /Jurek/najtanszysport/feeds/najtanszysport_zero.xml HTTP/2.0" 200 3983314 "https://konsola.dkkapusta1997.usermd.net/" "Mozilla/5.0 (Windows NT 10.0; Win64; x64) AppleWebKit/537.36 (KHTML, like Gecko) Chrome/133.0.0.0 Safari/537.36"
77.79.248.229 - - [10/Feb/2025:14:25:10 +0100] "GET /Jurek/najtanszysport/feeds/najtanszysport_zero.xml HTTP/1.1" 200 3983314 "-" "Python-urllib/3.11"
46.101.116.244 - - [10/Feb/2025:14:25:23 +0100] "GET /Jurek/hurtownia_przemyslowa/feeds/hp_mallsish.xml HTTP/2.0" 200 49860874 "-" "-"
46.101.116.244 - - [10/Feb/2025:14:25:30 +0100] "GET /Jurek/aw/feeds/aw_fnacfr.xml HTTP/1.0" 404 3551 "-" "-"
46.101.116.244 - - [10/Feb/2025:14:26:19 +0100] "GET /Filip/feeds/xlsx_ceneo.xml HTTP/1.0" 200 6241376 "-" "-"
51.77.52.107 - - [10/Feb/2025:14:26:19 +0100] "POST /Filip/Rovicky/baselinker/baselinker-ceneo-shumee.php HTTP/2.0" 200 106776 "-" "BaseLinker/1.0"
46.101.116.244 - - [10/Feb/2025:14:26:19 +0100] "GET /Jurek/action/feeds/action_mallsish.xml HTTP/2.0" 200 55044569 "-" "-"
89.161.206.59 - - [10/Feb/2025:14:26:52 +0100] "GET /Jurek/emaja24/feeds/emaja24_bol.xml HTTP/1.0" 200 5110218 "-" "-"
46.101.116.244 - - [10/Feb/2025:14:27:53 +0100] "GET /Jurek/activeshop/feeds/activeshop_mallsi.xml HTTP/2.0" 200 10399817 "-" "-"
89.161.206.59 - - [10/Feb/2025:14:28:33 +0100] "GET /Jurek/eldar/feeds/eldar_bol.xml HTTP/1.0" 200 7329440 "-" "-"
46.101.116.244 - - [10/Feb/2025:14:28:41 +0100] "GET /Jurek/beliani/feeds/beliani_si_mallsi.xml HTTP/2.0" 200 31916347 "-" "-"
46.101.116.244 - - [10/Feb/2025:14:29:05 +0100] "GET /Jurek/rovicky/feeds/rovicky_mallsish.xml HTTP/2.0" 200 14107184 "-" "-"
46.101.116.244 - - [10/Feb/2025:14:29:19 +0100] "GET /Jurek/detian/feeds/detian_mallsish.xml HTTP/2.0" 404 3551 "-" "-"
46.101.116.244 - - [10/Feb/2025:14:29:30 +0100] "GET /Jurek/ikonka/feeds/ikonka_mallsish.xml HTTP/2.0" 200 22176777 "-" "-"
46.101.116.244 - - [10/Feb/2025:14:29:49 +0100] "GET /Jurek/candellux/feeds/candellux_mallsish.xml HTTP/2.0" 200 465720 "-" "-"
46.101.116.244 - - [10/Feb/2025:14:30:00 +0100] "GET /Jurek/andex/feeds/andex_mallslsh.xml HTTP/2.0" 200 1953461 "-" "-"
46.101.116.244 - - [10/Feb/2025:14:30:16 +0100] "GET /Jurek/chemex/feeds/chemex_mallsish.xml HTTP/2.0" 200 47809880 "-" "-"
178.21.154.6 - - [10/Feb/2025:14:30:33 +0100] "GET /Jurek/eurofirany/images/422318/0.jpg HTTP/1.1" 200 90120 "-" "-"
178.21.154.6 - - [10/Feb/2025:14:30:33 +0100] "GET /Jurek/eurofirany/images/372423/0.jpg HTTP/1.1" 200 108915 "-" "-"
46.101.116.244 - - [10/Feb/2025:14:30:33 +0100] "GET /Jurek/aw/feeds/awnarzedzia_mallsish.xml HTTP/2.0" 200 90581196 "-" "-"
89.161.206.59 - - [10/Feb/2025:14:30:39 +0100] "GET /Jurek/najtanszysport/feeds/najtanszysport_bol.xml HTTP/1.0" 200 3982883 "-" "-"
46.101.116.244 - - [10/Feb/2025:14:30:40 +0100] "GET /Jurek/aw/feeds/aw_fnacfr.xml HTTP/1.0" 404 3551 "-" "-"
89.161.206.59 - - [10/Feb/2025:14:30:46 +0100] "GET /Jurek/eroplace/feeds/eroplace_amazonit.xml HTTP/1.0" 200 30849740 "-" "-"
89.161.206.59 - - [10/Feb/2025:14:31:06 +0100] "GET /Jurek/swiatecznygoliat/feeds/swiatecznygoliat_allegro.xml HTTP/1.0" 200 7050793 "-" "-"
89.161.206.59 - - [10/Feb/2025:14:31:07 +0100] "GET /Jurek/velinda/feeds/velinda_allegro.xml HTTP/1.0" 200 4283152 "-" "-"
46.101.116.244 - - [10/Feb/2025:14:31:25 +0100] "GET /Filip/feeds/xlsx_ceneo.xml HTTP/1.0" 200 6241376 "-" "-"
51.77.52.107 - - [10/Feb/2025:14:31:26 +0100] "POST /Filip/Rovicky/baselinker/baselinker-ceneo-shumee.php HTTP/2.0" 200 106776 "-" "BaseLinker/1.0"
46.101.116.244 - - [10/Feb/2025:14:31:40 +0100] "GET /Jurek/barbecook/feeds/barbecook_mallslsh.xml HTTP/2.0" 200 87520 "-" "-"
46.101.116.244 - - [10/Feb/2025:14:31:50 +0100] "GET /Jurek/duka/feeds/duka_mallslsh.xml HTTP/2.0" 200 57 "-" "-"
46.101.116.244 - - [10/Feb/2025:14:32:01 +0100] "GET /Jurek/miloohome/feeds/miloohome_mallsish.xml HTTP/2.0" 200 1421025 "-" "-"
46.101.116.244 - - [10/Feb/2025:14:32:12 +0100] "GET /Jurek/stema/feeds/stema_mallslsh.xml HTTP/2.0" 200 861878 "-" "-"
46.101.116.244 - - [10/Feb/2025:14:32:23 +0100] "GET /Jurek/fernity/feeds/fernity_mallslsh.xml HTTP/2.0" 200 5125860 "-" "-"
89.161.206.59 - - [10/Feb/2025:14:32:36 +0100] "GET /Jurek/motofan/feeds/motofan_bol.xml HTTP/1.0" 200 2392399 "-" "-"
46.101.116.244 - - [10/Feb/2025:14:32:47 +0100] "GET /Jurek/kinghoff/feeds/kinghoff_mallslsh.xml HTTP/2.0" 200 14239598 "-" "-"
46.101.116.244 - - [10/Feb/2025:14:33:02 +0100] "GET /Jurek/kinghome/feeds/kinghome_mallslsh.xml HTTP/2.0" 200 5719924 "-" "-"
46.101.116.244 - - [10/Feb/2025:14:33:14 +0100] "GET /Jurek/vivaldi/feeds/vivaldi_Mall-slsh.xml HTTP/2.0" 200 344660 "-" "-"
46.101.116.244 - - [10/Feb/2025:14:33:27 +0100] "GET /Jurek/eurofirany/feeds/eurofirany_mall_si_shumee.xml HTTP/2.0" 200 18941429 "-" "-"
46.101.116.244 - - [10/Feb/2025:14:33:58 +0100] "GET /Jurek/action/feeds/action_mallsigs.xml HTTP/2.0" 200 55044569 "-" "-"
46.101.116.244 - - [10/Feb/2025:14:34:16 +0100] "GET /Jurek/b3/feeds/b3_mallsigs.xml HTTP/2.0" 200 7245731 "-" "-"
46.101.116.244 - - [10/Feb/2025:14:34:28 +0100] "GET /Jurek/benbaby/feeds/benbaby_mallsigs.xml HTTP/2.0" 200 3696027 "-" "-"
46.101.116.244 - - [10/Feb/2025:14:34:39 +0100] "GET /Jurek/emibig/feeds/emibig_mallsigs.xml HTTP/2.0" 200 2427407 "-" "-"
46.101.116.244 - - [10/Feb/2025:14:34:52 +0100] "GET /Jurek/hurtownia_przemyslowa/feeds/hp_mallsigs.xml HTTP/2.0" 200 49861277 "-" "-"
52.18.22.0 - - [10/Feb/2025:14:35:50 +0100] "GET /marketplaces/worten2/results/worten.csv HTTP/1.1" 200 147218 "-" "Mirakl HttpClient"
46.101.116.244 - - [10/Feb/2025:14:35:58 +0100] "GET /Jurek/aw/feeds/aw_fnacfr.xml HTTP/1.0" 404 3551 "-" "-"
46.101.116.244 - - [10/Feb/2025:14:36:56 +0100] "GET /Filip/feeds/xlsx_ceneo.xml HTTP/1.0" 200 6241376 "-" "-"
51.77.52.107 - - [10/Feb/2025:14:36:56 +0100] "POST /Filip/Rovicky/baselinker/baselinker-ceneo-shumee.php HTTP/2.0" 200 106776 "-" "BaseLinker/1.0"
46.101.116.244 - - [10/Feb/2025:14:37:52 +0100] "GET /Jurek/beliani/feeds/beliani_si_mallsi.xml HTTP/2.0" 200 31916347 "-" "-"
46.101.116.244 - - [10/Feb/2025:14:38:23 +0100] "GET /Jurek/rovicky/feeds/rovicky_mallsi.xml HTTP/2.0" 200 14107497 "-" "-"
46.101.116.244 - - [10/Feb/2025:14:38:36 +0100] "GET /Jurek/detian/feeds/detian_mallsi.xml HTTP/2.0" 404 3551 "-" "-"
46.101.116.244 - - [10/Feb/2025:14:38:47 +0100] "GET /Jurek/ikonka/feeds/ikonka_mallsi.xml HTTP/2.0" 200 22176777 "-" "-"
46.101.116.244 - - [10/Feb/2025:14:38:58 +0100] "GET /Jurek/unimet/feeds/unimet_mallsish.xml HTTP/2.0" 200 61065263 "-" "-"
46.101.116.244 - - [10/Feb/2025:14:39:04 +0100] "GET /Jurek/candellux/feeds/candellux_mallsi.xml HTTP/2.0" 200 465691 "-" "-"
46.101.116.244 - - [10/Feb/2025:14:39:15 +0100] "GET /Jurek/andex/feeds/andex_mallsl.xml HTTP/2.0" 200 1953456 "-" "-"
46.101.116.244 - - [10/Feb/2025:14:39:28 +0100] "GET /Jurek/chemex/feeds/chemex_mallsi.xml HTTP/2.0" 200 47809540 "-" "-"
46.101.116.244 - - [10/Feb/2025:14:39:44 +0100] "GET /Jurek/aw/feeds/awnarzedzia_mallsi.xml HTTP/2.0" 200 90581521 "-" "-"
46.101.116.244 - - [10/Feb/2025:14:39:48 +0100] "GET /Jurek/flhf/feeds/flhf_mallsish.xml HTTP/2.0" 404 3551 "-" "-"
46.101.116.244 - - [10/Feb/2025:14:40:58 +0100] "GET /Jurek/barbecook/feeds/barbecook_mallsl.xml HTTP/2.0" 200 87529 "-" "-"
46.101.116.244 - - [10/Feb/2025:14:41:08 +0100] "GET /Jurek/duka/feeds/duka_mallsl.xml HTTP/2.0" 200 57 "-" "-"
46.101.116.244 - - [10/Feb/2025:14:41:17 +0100] "GET /Jurek/aw/feeds/aw_fnacfr.xml HTTP/1.0" 404 3551 "-" "-"
46.101.116.244 - - [10/Feb/2025:14:41:19 +0100] "GET /Jurek/miloohome/feeds/miloohome_mallsi.xml HTTP/2.0" 200 1421056 "-" "-"
46.101.116.244 - - [10/Feb/2025:14:41:30 +0100] "GET /Jurek/stema/feeds/stema_mallsl.xml HTTP/2.0" 200 861878 "-" "-"
89.161.206.59 - - [10/Feb/2025:14:41:38 +0100] "GET /Jurek/ikonka/feeds/ikonka_allegro_cz.xml HTTP/1.0" 200 22177454 "-" "-"
193.33.8.61 - - [10/Feb/2025:14:41:40 +0100] "GET /Jurek/waks/feeds/waks_zero.xml HTTP/2.0" 304 0 "-" "Mozilla/5.0 (Windows NT 10.0; Win64; x64) AppleWebKit/537.36 (KHTML, like Gecko) Chrome/132.0.0.0 Safari/537.36"
46.101.116.244 - - [10/Feb/2025:14:41:41 +0100] "GET /Jurek/fernity/feeds/fernity_mallsl.xml HTTP/2.0" 200 5125860 "-" "-"
46.101.116.244 - - [10/Feb/2025:14:41:47 +0100] "GET /Jurek/eurofirany/feeds/eurofirany_erli.xml HTTP/1.0" 200 18945416 "-" "-"
46.101.116.244 - - [10/Feb/2025:14:41:54 +0100] "GET /Jurek/vidaSI/feeds/vidaSI_mallsh.xml HTTP/2.0" 200 620313666 "-" "-"
46.101.116.244 - - [10/Feb/2025:14:42:01 +0100] "GET /Filip/feeds/xlsx_ceneo.xml HTTP/1.0" 200 6241376 "-" "-"
51.77.52.107 - - [10/Feb/2025:14:42:01 +0100] "POST /Filip/Rovicky/baselinker/baselinker-ceneo-shumee.php HTTP/2.0" 200 106776 "-" "BaseLinker/1.0"
46.101.116.244 - - [10/Feb/2025:14:42:05 +0100] "GET /Jurek/kinghoff/feeds/kinghoff_mallsl.xml HTTP/2.0" 200 14239598 "-" "-"
46.101.116.244 - - [10/Feb/2025:14:42:22 +0100] "GET /Jurek/kinghome/feeds/kinghome_mallsl.xml HTTP/2.0" 200 5719717 "-" "-"
46.101.116.244 - - [10/Feb/2025:14:42:33 +0100] "GET /Jurek/vivaldi/feeds/vivaldi_Mall-sl.xml HTTP/2.0" 200 344583 "-" "-"
89.161.206.59 - - [10/Feb/2025:14:42:35 +0100] "GET /Jurek/zepnij/feeds/zepnij_bol.xml HTTP/1.0" 200 19523010 "-" "-"
46.101.116.244 - - [10/Feb/2025:14:42:44 +0100] "GET /Jurek/eurofirany/feeds/eurofirany_mall_si_shumee.xml HTTP/2.0" 200 18941429 "-" "-"
89.161.206.59 - - [10/Feb/2025:14:44:04 +0100] "GET /Jurek/b3/feeds/b3_amazonfr.xml HTTP/1.0" 200 7246028 "-" "-"
89.161.206.59 - - [10/Feb/2025:14:44:10 +0100] "GET /Jurek/b3/feeds/b3_amazonit.xml HTTP/1.0" 200 7245932 "-" "-"
89.161.206.59 - - [10/Feb/2025:14:44:28 +0100] "GET /Jurek/swiatecznygoliat/feeds/swiatecznygoliat_amazonde.xml HTTP/1.0" 200 7050287 "-" "-"
89.161.206.59 - - [10/Feb/2025:14:44:37 +0100] "GET /Jurek/primohurt/feeds/primohurt_bol.xml HTTP/1.0" 200 17186762 "-" "-"
193.33.8.61 - - [10/Feb/2025:14:44:39 +0100] "GET /Jurek/waks/feeds/waks_zero.xml HTTP/2.0" 304 0 "-" "Mozilla/5.0 (Windows NT 10.0; Win64; x64) AppleWebKit/537.36 (KHTML, like Gecko) Chrome/132.0.0.0 Safari/537.36"
193.33.8.61 - - [10/Feb/2025:14:44:41 +0100] "GET /Jurek/waks/feeds/waks_zero.xml HTTP/2.0" 304 0 "-" "Mozilla/5.0 (Windows NT 10.0; Win64; x64) AppleWebKit/537.36 (KHTML, like Gecko) Chrome/132.0.0.0 Safari/537.36"
46.101.116.244 - - [10/Feb/2025:14:45:30 +0100] "GET /Jurek/aw/feeds/aw_fnacfr.xml HTTP/1.0" 404 3551 "-" "-"
89.161.206.59 - - [10/Feb/2025:14:45:55 +0100] "GET /Jurek/rider/feeds/rider_bol.xml HTTP/1.0" 200 8165219 "-" "-"
46.101.116.244 - - [10/Feb/2025:14:46:21 +0100] "GET /Filip/feeds/xlsx_ceneo.xml HTTP/1.0" 200 6241376 "-" "-"
51.77.52.107 - - [10/Feb/2025:14:46:21 +0100] "POST /Filip/Rovicky/baselinker/baselinker-ceneo-shumee.php HTTP/2.0" 200 106776 "-" "BaseLinker/1.0"
46.101.116.244 - - [10/Feb/2025:14:46:41 +0100] "GET /Jurek/unimet/feeds/unimet_mallsi.xml HTTP/2.0" 200 61065263 "-" "-"
46.101.116.244 - - [10/Feb/2025:14:48:13 +0100] "GET /Jurek/vidaSI/feeds/vidaSI_mall.xml HTTP/2.0" 200 620312146 "-" "-"
46.101.116.244 - - [10/Feb/2025:14:50:39 +0100] "GET /Jurek/aw/feeds/aw_fnacfr.xml HTTP/1.0" 404 3551 "-" "-"
46.101.116.244 - - [10/Feb/2025:14:51:25 +0100] "GET /Filip/feeds/xlsx_ceneo.xml HTTP/1.0" 200 6241376 "-" "-"
51.77.52.107 - - [10/Feb/2025:14:51:26 +0100] "POST /Filip/Rovicky/baselinker/baselinker-ceneo-shumee.php HTTP/2.0" 200 106776 "-" "BaseLinker/1.0"
89.161.206.59 - - [10/Feb/2025:14:51:39 +0100] "GET /Jurek/topeshop/feeds/topeshop_ebayDE.xml HTTP/1.0" 200 1195907 "-" "-"
89.161.206.59 - - [10/Feb/2025:14:52:00 +0100] "GET /Jurek/madrex/feeds/madrex_skroutz.xml HTTP/1.0" 200 466720 "-" "-"
85.232.241.194 - - [10/Feb/2025:14:54:03 +0100] "GET /Jurek/topeshop/feeds/topeshop_xxxlutz.xml HTTP/1.1" 200 2403211 "-" "Python-urllib/3.11"
85.232.241.194 - - [10/Feb/2025:14:54:03 +0100] "GET /Jurek/hurtownia_przemyslowa/feeds/hp_xxxlutz.xml HTTP/1.1" 200 49860717 "-" "Python-urllib/3.11"
85.232.241.194 - - [10/Feb/2025:14:54:03 +0100] "GET /Jurek/fernity/feeds/fernity_xxxlutz.xml HTTP/1.1" 200 5126018 "-" "Python-urllib/3.11"
85.232.241.194 - - [10/Feb/2025:14:54:04 +0100] "GET /Jurek/benetech/feeds/benetech_xxlutz.xml HTTP/1.1" 200 4451746 "-" "Python-urllib/3.11"
85.232.241.194 - - [10/Feb/2025:14:54:04 +0100] "GET /Jurek/ekolight/feeds/ekolioght_xxlutz.xml HTTP/1.1" 200 9051680 "-" "Python-urllib/3.11"
85.232.241.194 - - [10/Feb/2025:14:54:04 +0100] "GET /Jurek/waks/feeds/waks_xxlutz.xml HTTP/1.1" 200 6332995 "-" "Python-urllib/3.11"
85.232.241.194 - - [10/Feb/2025:14:54:04 +0100] "GET /Jurek/ekuchcikowo/feeds/ekuchcikowo_xxxlutz.xml HTTP/1.1" 200 12869779 "-" "Python-urllib/3.11"
85.232.241.194 - - [10/Feb/2025:14:54:04 +0100] "GET /Jurek/fertone/feeds/fertone_xxlutz.xml HTTP/1.1" 200 626221 "-" "Python-urllib/3.11"
85.232.241.194 - - [10/Feb/2025:14:54:05 +0100] "GET /Jurek/intsell/feeds/intsell_xxxlutz.xml HTTP/1.1" 200 338786441 "-" "Python-urllib/3.11"
46.101.116.244 - - [10/Feb/2025:14:55:34 +0100] "GET /Jurek/aw/feeds/aw_fnacfr.xml HTTP/1.0" 404 3551 "-" "-"
89.161.206.59 - - [10/Feb/2025:14:56:03 +0100] "GET /Jurek/kambukka/feeds/kambukka_allegro.xml HTTP/1.0" 200 973385 "-" "-"
89.161.206.59 - - [10/Feb/2025:14:56:09 +0100] "GET /Jurek/combine/feeds/combine_allegro.xml HTTP/1.0" 200 210574 "-" "-"
89.161.206.59 - - [10/Feb/2025:14:56:09 +0100] "GET /Jurek/spali/feeds/spali_allegro.xml HTTP/1.0" 200 101958 "-" "-"
89.161.206.59 - - [10/Feb/2025:14:56:10 +0100] "GET /Jurek/hurtmeblowy/feeds/hurtmeblowy_allegro.xml HTTP/1.0" 200 8040413 "-" "-"
46.101.116.244 - - [10/Feb/2025:14:56:16 +0100] "GET /Filip/feeds/xlsx_ceneo.xml HTTP/1.0" 200 6241376 "-" "-"
51.77.52.107 - - [10/Feb/2025:14:56:16 +0100] "POST /Filip/Rovicky/baselinker/baselinker-ceneo-shumee.php HTTP/2.0" 200 106776 "-" "BaseLinker/1.0"
77.79.248.229 - - [10/Feb/2025:14:58:03 +0100] "GET /Jurek/eurofirany/feeds/eurofirany_manomanode.xml HTTP/1.1" 200 18941702 "-" "Python-urllib/3.11"
77.79.248.229 - - [10/Feb/2025:14:58:05 +0100] "GET /Jurek/hurtownia_przemyslowa/feeds/hp_manomanode.xml HTTP/1.1" 200 49861016 "-" "Python-urllib/3.11"
77.79.248.229 - - [10/Feb/2025:14:58:05 +0100] "GET /Jurek/topeshop/feeds/topeshop_manoDE.xml HTTP/1.1" 200 2403239 "-" "Python-urllib/3.11"
77.79.248.229 - - [10/Feb/2025:14:58:07 +0100] "GET /Jurek/aw/feeds/awnarzedzia_manomanoDE.xml HTTP/1.1" 200 90579474 "-" "Python-urllib/3.11"
77.79.248.229 - - [10/Feb/2025:14:58:07 +0100] "GET /Jurek/action/feeds/action_manomano_DE.xml HTTP/1.1" 200 55045233 "-" "Python-urllib/3.11"
77.79.248.229 - - [10/Feb/2025:14:58:08 +0100] "GET /Jurek/fernity/feeds/fernity_manomano.xml HTTP/1.1" 200 5126059 "-" "Python-urllib/3.11"
77.79.248.229 - - [10/Feb/2025:14:58:08 +0100] "GET /Jurek/eurofirany/feeds/eurofirany_manomanofr.xml HTTP/1.1" 200 18941702 "-" "Python-urllib/3.11"
77.79.248.229 - - [10/Feb/2025:14:58:09 +0100] "GET /Jurek/hurtownia_przemyslowa/feeds/hp_manomanofr.xml HTTP/1.1" 200 49861696 "-" "Python-urllib/3.11"
77.79.248.229 - - [10/Feb/2025:14:58:10 +0100] "GET /Jurek/kinghome/feeds/kinghome_manomanofr.xml HTTP/1.1" 200 5739870 "-" "Python-urllib/3.11"
77.79.248.229 - - [10/Feb/2025:14:58:10 +0100] "GET /Jurek/topeshop/feeds/topeshop_manoFR.xml HTTP/1.1" 200 2403307 "-" "Python-urllib/3.11"
77.79.248.229 - - [10/Feb/2025:14:58:10 +0100] "GET /Jurek/activeshop/feeds/activeshop_manomanofr.xml HTTP/1.1" 200 10490102 "-" "Python-urllib/3.11"
77.79.248.229 - - [10/Feb/2025:14:58:12 +0100] "GET /Jurek/aw/feeds/awnarzedzia_manomanofr.xml HTTP/1.1" 200 90581142 "-" "Python-urllib/3.11"
77.79.248.229 - - [10/Feb/2025:14:58:13 +0100] "GET /Jurek/hurtownia_przemyslowa/feeds/hp_manomanoit.xml HTTP/1.1" 200 49861642 "-" "Python-urllib/3.11"
77.79.248.229 - - [10/Feb/2025:14:58:13 +0100] "GET /Jurek/eurofirany/feeds/eurofirany_manomanoit.xml HTTP/1.1" 200 18941638 "-" "Python-urllib/3.11"
77.79.248.229 - - [10/Feb/2025:14:58:14 +0100] "GET /Jurek/fernity/feeds/fernity_manoIT.xml HTTP/1.1" 200 5126627 "-" "Python-urllib/3.11"
77.79.248.229 - - [10/Feb/2025:14:58:14 +0100] "GET /Jurek/topeshop/feeds/topeshop_manoIT.xml HTTP/1.1" 200 2403342 "-" "Python-urllib/3.11"
77.79.248.229 - - [10/Feb/2025:14:58:15 +0100] "GET /Jurek/action/feeds/action_manomano_IT.xml HTTP/1.1" 200 55046227 "-" "Python-urllib/3.11"
77.79.248.229 - - [10/Feb/2025:14:58:15 +0100] "GET /Jurek/activeshop/feeds/activeshop_manomanoit.xml HTTP/1.1" 200 10490641 "-" "Python-urllib/3.11"
77.79.248.229 - - [10/Feb/2025:14:58:17 +0100] "GET /Jurek/aw/feeds/awnarzedzia_manomanoIT.xml HTTP/1.1" 200 90581642 "-" "Python-urllib/3.11"
77.79.248.229 - - [10/Feb/2025:14:58:18 +0100] "GET /Jurek/barbecook/feeds/barbecook_manoit.xml HTTP/1.1" 200 87530 "-" "Python-urllib/3.11"
52.17.80.36 - - [10/Feb/2025:15:00:40 +0100] "GET /marketplaces/ubaldi/results/ubaldi.csv HTTP/1.1" 200 147219 "-" "Mirakl HttpClient"
46.101.116.244 - - [10/Feb/2025:15:00:50 +0100] "GET /Jurek/aw/feeds/aw_fnacfr.xml HTTP/1.0" 404 3551 "-" "-"
85.14.86.141 - - [10/Feb/2025:15:00:53 +0100] "GET /Jurek/vida_morele/feeds/VidaPL_all.xml HTTP/2.0" 200 695945564 "-" "MarketplaceAPI curl/7.64.0 PHP/8"
46.101.116.244 - - [10/Feb/2025:15:01:29 +0100] "GET /Filip/feeds/xlsx_ceneo.xml HTTP/1.0" 200 6241376 "-" "-"
51.77.52.107 - - [10/Feb/2025:15:01:30 +0100] "POST /Filip/Rovicky/baselinker/baselinker-ceneo-shumee.php HTTP/2.0" 200 106776 "-" "BaseLinker/1.0"
52.209.168.113 - - [10/Feb/2025:15:02:11 +0100] "GET /marketplaces/rue/results/rue.csv HTTP/1.1" 200 147219 "-" "Mirakl HttpClient"
193.33.8.61 - - [10/Feb/2025:15:02:44 +0100] "GET /Jurek/qbox/feeds/qbox_cdon_dk.xml HTTP/2.0" 304 0 "https://konsola.dkkapusta1997.usermd.net/" "Mozilla/5.0 (Windows NT 10.0; Win64; x64) AppleWebKit/537.36 (KHTML, like Gecko) Chrome/132.0.0.0 Safari/537.36"
193.33.8.61 - - [10/Feb/2025:15:02:45 +0100] "GET /Jurek/qbox/feeds/qbox_cdon_fi.xml HTTP/2.0" 304 0 "https://konsola.dkkapusta1997.usermd.net/" "Mozilla/5.0 (Windows NT 10.0; Win64; x64) AppleWebKit/537.36 (KHTML, like Gecko) Chrome/132.0.0.0 Safari/537.36"
77.79.248.229 - - [10/Feb/2025:15:02:57 +0100] "GET /Jurek/qbox/feeds/qbox_cdon_dk.xml HTTP/1.1" 200 398945 "-" "Python-urllib/3.11"
85.14.86.141 - - [10/Feb/2025:15:03:23 +0100] "GET /Jurek/kinghoff/feeds/kinghoff_morele.xml HTTP/2.0" 200 14215899 "-" "MarketplaceAPI curl/7.64.0 PHP/8"
85.232.241.194 - - [10/Feb/2025:15:04:03 +0100] "GET /Jurek/aw/feeds/aw_worten.xml HTTP/1.1" 200 90582013 "-" "Python-urllib/3.11"
85.232.241.194 - - [10/Feb/2025:15:04:04 +0100] "GET /Jurek/aw/feeds/aw_wortenES.xml HTTP/1.1" 200 90583075 "-" "Python-urllib/3.11"
85.232.241.194 - - [10/Feb/2025:15:04:04 +0100] "GET /Jurek/action/feeds/action_worten.xml HTTP/1.1" 200 55046230 "-" "Python-urllib/3.11"
85.232.241.194 - - [10/Feb/2025:15:04:04 +0100] "GET /Jurek/action/feeds/action_wortenES.xml HTTP/1.1" 200 55046569 "-" "Python-urllib/3.11"
77.79.248.229 - - [10/Feb/2025:15:04:14 +0100] "GET /Jurek/qbox/feeds/qbox_cdon_fi.xml HTTP/1.1" 200 398698 "-" "Python-urllib/3.11"
85.232.241.194 - - [10/Feb/2025:15:04:19 +0100] "GET /Jurek/octopia/feeds/octopia_worten.xml HTTP/1.1" 200 10756543 "-" "Python-urllib/3.11"
85.232.241.194 - - [10/Feb/2025:15:04:20 +0100] "GET /Jurek/octopia/feeds/octopia_wortenES.xml HTTP/1.1" 200 10756539 "-" "Python-urllib/3.11"
85.232.241.194 - - [10/Feb/2025:15:04:20 +0100] "GET /Jurek/hurtownia_przemyslowa/feeds/hp_worten.xml HTTP/1.1" 200 49861371 "-" "Python-urllib/3.11"
85.232.241.194 - - [10/Feb/2025:15:04:20 +0100] "GET /Jurek/hurtownia_przemyslowa/feeds/hp_wortenES.xml HTTP/1.1" 200 49861442 "-" "Python-urllib/3.11"
85.232.241.194 - - [10/Feb/2025:15:04:29 +0100] "GET /Jurek/ikonka/feeds/ikonka_worten.xml HTTP/1.1" 200 22176823 "-" "Python-urllib/3.11"
85.232.241.194 - - [10/Feb/2025:15:04:29 +0100] "GET /Jurek/ikonka/feeds/ikonka_wortenES.xml HTTP/1.1" 200 22176829 "-" "Python-urllib/3.11"
85.232.241.194 - - [10/Feb/2025:15:04:32 +0100] "GET /Jurek/eroplace/feeds/eroplace_worten.xml HTTP/1.1" 200 30849199 "-" "Python-urllib/3.11"
85.232.241.194 - - [10/Feb/2025:15:04:32 +0100] "GET /Jurek/eroplace/feeds/eroplace_wortenES.xml HTTP/1.1" 200 30849371 "-" "Python-urllib/3.11"
85.232.241.194 - - [10/Feb/2025:15:04:33 +0100] "GET /Jurek/intsell/feeds/intsell_worten.xml HTTP/1.1" 200 338788658 "-" "Python-urllib/3.11"
85.232.241.194 - - [10/Feb/2025:15:04:34 +0100] "GET /Jurek/intsell/feeds/intsell_wortenES.xml HTTP/1.1" 200 338788156 "-" "Python-urllib/3.11"
85.232.241.194 - - [10/Feb/2025:15:04:34 +0100] "GET /Jurek/coppotech/feeds/coppotech_worten.xml HTTP/1.1" 200 38986387 "-" "Python-urllib/3.11"
85.232.241.194 - - [10/Feb/2025:15:04:35 +0100] "GET /Jurek/coppotech/feeds/coppotech_wortenES.xml HTTP/1.1" 200 38986077 "-" "Python-urllib/3.11"
85.232.241.194 - - [10/Feb/2025:15:04:35 +0100] "GET /Jurek/b3/feeds/b3_worten.xml HTTP/1.1" 200 7245879 "-" "Python-urllib/3.11"
85.232.241.194 - - [10/Feb/2025:15:04:35 +0100] "GET /Jurek/b3/feeds/b3_wortenES.xml HTTP/1.1" 200 7245861 "-" "Python-urllib/3.11"
85.232.241.194 - - [10/Feb/2025:15:04:35 +0100] "GET /Jurek/ekuchcikowo/feeds/ekuchcikowo_worten.xml HTTP/1.1" 200 12870052 "-" "Python-urllib/3.11"
85.232.241.194 - - [10/Feb/2025:15:04:35 +0100] "GET /Jurek/ekuchcikowo/feeds/ekuchcikowo_wortenES.xml HTTP/1.1" 200 12869898 "-" "Python-urllib/3.11"
85.232.241.194 - - [10/Feb/2025:15:04:35 +0100] "GET /Jurek/fertone/feeds/fertone_worten.xml HTTP/1.1" 200 626227 "-" "Python-urllib/3.11"
85.232.241.194 - - [10/Feb/2025:15:04:35 +0100] "GET /Jurek/fertone/feeds/fertone_wortenES.xml HTTP/1.1" 200 626225 "-" "Python-urllib/3.11"
85.232.241.194 - - [10/Feb/2025:15:04:36 +0100] "GET /Jurek/sempler/feeds/sempler_worten.xml HTTP/1.1" 200 6553244 "-" "Python-urllib/3.11"
85.232.241.194 - - [10/Feb/2025:15:04:36 +0100] "GET /Jurek/sempler/feeds/sempler_wortenES.xml HTTP/1.1" 200 6553257 "-" "Python-urllib/3.11"
85.232.241.194 - - [10/Feb/2025:15:04:36 +0100] "GET /Jurek/euroshop/feeds/euroshop_worten.xml HTTP/1.1" 200 17927385 "-" "Python-urllib/3.11"
85.232.241.194 - - [10/Feb/2025:15:04:36 +0100] "GET /Jurek/euroshop/feeds/euroshop_wortenES.xml HTTP/1.1" 200 17927555 "-" "Python-urllib/3.11"
85.232.241.194 - - [10/Feb/2025:15:04:36 +0100] "GET /Jurek/ekolight/feeds/ekolight_worten.xml HTTP/1.1" 200 9051794 "-" "Python-urllib/3.11"
85.232.241.194 - - [10/Feb/2025:15:04:36 +0100] "GET /Jurek/ekolight/feeds/ekolight_wortenES.xml HTTP/1.1" 200 9051809 "-" "Python-urllib/3.11"
85.232.241.194 - - [10/Feb/2025:15:04:36 +0100] "GET /Jurek/erohurtownia/feeds/erohurtownia_worten.xml HTTP/1.1" 200 23304023 "-" "Python-urllib/3.11"
85.232.241.194 - - [10/Feb/2025:15:04:36 +0100] "GET /Jurek/erohurtownia/feeds/erohurtownia_wortenES.xml HTTP/1.1" 200 23303850 "-" "Python-urllib/3.11"
85.232.241.194 - - [10/Feb/2025:15:04:36 +0100] "GET /Jurek/kobi/feeds/kobi_worten.xml HTTP/1.1" 200 1993258 "-" "Python-urllib/3.11"
85.232.241.194 - - [10/Feb/2025:15:04:36 +0100] "GET /Jurek/kobi/feeds/kobi_wortenES.xml HTTP/1.1" 200 1993274 "-" "Python-urllib/3.11"
85.232.241.194 - - [10/Feb/2025:15:04:37 +0100] "GET /Jurek/elecomp/feeds/elecomp_worten.xml HTTP/1.1" 200 2869607 "-" "Python-urllib/3.11"
85.232.241.194 - - [10/Feb/2025:15:04:37 +0100] "GET /Jurek/elecomp/feeds/elecomp_wortenES.xml HTTP/1.1" 200 2869585 "-" "Python-urllib/3.11"
85.232.241.194 - - [10/Feb/2025:15:04:37 +0100] "GET /Jurek/kambukka/feeds/kambukka_worten.xml HTTP/1.1" 200 973312 "-" "Python-urllib/3.11"
85.232.241.194 - - [10/Feb/2025:15:04:37 +0100] "GET /Jurek/kambukka/feeds/kambukka_wortenES.xml HTTP/1.1" 200 973326 "-" "Python-urllib/3.11"
85.232.241.194 - - [10/Feb/2025:15:04:37 +0100] "GET /Jurek/waks/feeds/waks_worten.xml HTTP/1.1" 200 6333013 "-" "Python-urllib/3.11"
85.232.241.194 - - [10/Feb/2025:15:04:37 +0100] "GET /Jurek/waks/feeds/waks_wortenES.xml HTTP/1.1" 200 6333059 "-" "Python-urllib/3.11"
85.232.241.194 - - [10/Feb/2025:15:04:37 +0100] "GET /Jurek/oromed/feeds/oromed_worten.xml HTTP/1.1" 200 975754 "-" "Python-urllib/3.11"
85.232.241.194 - - [10/Feb/2025:15:04:37 +0100] "GET /Jurek/oromed/feeds/oromed_wortenES.xml HTTP/1.1" 200 975750 "-" "Python-urllib/3.11"
85.232.241.194 - - [10/Feb/2025:15:04:37 +0100] "GET /Jurek/benetech/feeds/benetech_worten.xml HTTP/1.1" 200 4451816 "-" "Python-urllib/3.11"
85.232.241.194 - - [10/Feb/2025:15:04:37 +0100] "GET /Jurek/benetech/feeds/benetech_wortenES.xml HTTP/1.1" 200 4451844 "-" "Python-urllib/3.11"
85.232.241.194 - - [10/Feb/2025:15:04:37 +0100] "GET /Jurek/spali/feeds/spali_worten.xml HTTP/1.1" 200 101945 "-" "Python-urllib/3.11"
85.232.241.194 - - [10/Feb/2025:15:04:37 +0100] "GET /Jurek/spali/feeds/spali_wortenES.xml HTTP/1.1" 200 101945 "-" "Python-urllib/3.11"
85.232.241.194 - - [10/Feb/2025:15:04:37 +0100] "GET /Jurek/najtanszysport/feeds/najtanszysport_worten.xml HTTP/1.1" 200 3982935 "-" "Python-urllib/3.11"
85.232.241.194 - - [10/Feb/2025:15:04:37 +0100] "GET /Jurek/najtanszysport/feeds/najtanszysport_wortenES.xml HTTP/1.1" 200 3982938 "-" "Python-urllib/3.11"
85.232.241.194 - - [10/Feb/2025:15:04:38 +0100] "GET /Jurek/maksik/feeds/maksik_worten.xml HTTP/1.1" 200 4084761 "-" "Python-urllib/3.11"
85.232.241.194 - - [10/Feb/2025:15:04:38 +0100] "GET /Jurek/maksik/feeds/maksik_wortenES.xml HTTP/1.1" 200 4084769 "-" "Python-urllib/3.11"
85.232.241.194 - - [10/Feb/2025:15:04:38 +0100] "GET /Jurek/urwiskowo/feeds/urwiskowo_worten.xml HTTP/1.1" 200 9114789 "-" "Python-urllib/3.11"
85.232.241.194 - - [10/Feb/2025:15:04:38 +0100] "GET /Jurek/urwiskowo/feeds/urwiskowo_wortenES.xml HTTP/1.1" 200 9114928 "-" "Python-urllib/3.11"
85.232.241.194 - - [10/Feb/2025:15:04:38 +0100] "GET /Jurek/combine/feeds/combine_worten.xml HTTP/1.1" 200 210556 "-" "Python-urllib/3.11"
85.232.241.194 - - [10/Feb/2025:15:04:38 +0100] "GET /Jurek/combine/feeds/combine_wortenES.xml HTTP/1.1" 200 210551 "-" "Python-urllib/3.11"
46.101.116.244 - - [10/Feb/2025:15:05:29 +0100] "GET /Jurek/aw/feeds/aw_fnacfr.xml HTTP/1.0" 404 3551 "-" "-"
66.249.66.67 - - [10/Feb/2025:15:05:41 +0100] "GET /Jurek/eurofirany/images/386192/7.jpg HTTP/1.1" 200 127474 "-" "Googlebot-Image/1.0"
85.14.86.141 - - [10/Feb/2025:15:05:56 +0100] "GET /Jurek/eurofirany/feeds/eurofirany_morele.xml HTTP/2.0" 200 18943104 "-" "MarketplaceAPI curl/7.64.0 PHP/8"
85.232.241.194 - - [10/Feb/2025:15:06:03 +0100] "GET /Jurek/action/feeds/action_ubaldi.xml HTTP/1.1" 200 55045479 "-" "Python-urllib/3.11"
85.232.241.194 - - [10/Feb/2025:15:06:06 +0100] "GET /Jurek/unimet/feeds/unimet_ubaldi.xml HTTP/1.1" 200 61064793 "-" "Python-urllib/3.11"
85.232.241.194 - - [10/Feb/2025:15:06:07 +0100] "GET /Jurek/hurtownia_przemyslowa/feeds/hp_ubaldi.xml HTTP/1.1" 200 49860855 "-" "Python-urllib/3.11"
85.232.241.194 - - [10/Feb/2025:15:06:07 +0100] "GET /Jurek/aw/feeds/aw_ubaldi.xml HTTP/1.1" 200 90584845 "-" "Python-urllib/3.11"
89.161.206.59 - - [10/Feb/2025:15:06:16 +0100] "GET /Jurek/narzbud/feeds/narzbud_allegro.xml HTTP/1.0" 200 1615316 "-" "-"
46.101.116.244 - - [10/Feb/2025:15:06:24 +0100] "GET /Filip/feeds/xlsx_ceneo.xml HTTP/1.0" 200 6241376 "-" "-"
51.77.52.107 - - [10/Feb/2025:15:06:24 +0100] "POST /Filip/Rovicky/baselinker/baselinker-ceneo-shumee.php HTTP/2.0" 200 106776 "-" "BaseLinker/1.0"
85.14.86.141 - - [10/Feb/2025:15:06:24 +0100] "GET /Jurek/vivaldi/feeds/vivaldi_Morele-PL.xml HTTP/2.0" 200 344674 "-" "MarketplaceAPI curl/7.64.0 PHP/8"
66.249.66.68 - - [10/Feb/2025:15:07:16 +0100] "GET /Jurek/eurofirany/images/367112/4.jpg HTTP/1.1" 200 116759 "-" "Googlebot-Image/1.0"
85.14.86.141 - - [10/Feb/2025:15:08:00 +0100] "GET /Jurek/aw/feeds/awnarzedzia_morele.xml HTTP/2.0" 200 90592932 "-" "MarketplaceAPI curl/7.64.0 PHP/8"
85.14.86.141 - - [10/Feb/2025:15:08:44 +0100] "GET /Jurek/miloohome/feeds/miloohome_morele.xml HTTP/2.0" 200 1421250 "-" "MarketplaceAPI curl/7.64.0 PHP/8"
85.14.86.141 - - [10/Feb/2025:15:08:49 +0100] "GET /Jurek/vida_morele/feeds/VidaPL_morele.xml HTTP/2.0" 200 695947147 "-" "MarketplaceAPI curl/7.64.0 PHP/8"
85.14.86.141 - - [10/Feb/2025:15:08:57 +0100] "GET /Jurek/beliani/feeds/beliani_morele.xml HTTP/2.0" 200 31948565 "-" "MarketplaceAPI curl/7.64.0 PHP/8"
89.161.206.59 - - [10/Feb/2025:15:09:30 +0100] "GET /Jurek/b3/feeds/b3_amazonse.xml HTTP/1.0" 200 7249108 "-" "-"
89.161.206.59 - - [10/Feb/2025:15:10:29 +0100] "GET /Jurek/narzbud/feeds/narzbud_skroutz.xml HTTP/1.0" 200 1615170 "-" "-"
89.161.206.59 - - [10/Feb/2025:15:10:29 +0100] "GET /Jurek/drops/feeds/dropsofficecolection_skroutz.xml HTTP/1.0" 200 787916 "-" "-"
89.161.206.59 - - [10/Feb/2025:15:10:29 +0100] "GET /Jurek/szpaklampy/feeds/szpaklampy_skroutz.xml HTTP/1.0" 200 416460 "-" "-"
46.101.116.244 - - [10/Feb/2025:15:10:38 +0100] "GET /Jurek/aw/feeds/aw_fnacfr.xml HTTP/1.0" 404 3551 "-" "-"
46.101.116.244 - - [10/Feb/2025:15:11:13 +0100] "GET /Jurek/kinghoff/feeds/kinghoff_velo.xml HTTP/1.0" 200 14216019 "-" "-"
46.101.116.244 - - [10/Feb/2025:15:11:27 +0100] "GET /Filip/feeds/xlsx_ceneo.xml HTTP/1.0" 200 6241376 "-" "-"
51.77.52.107 - - [10/Feb/2025:15:11:27 +0100] "POST /Filip/Rovicky/baselinker/baselinker-ceneo-shumee.php HTTP/2.0" 200 106776 "-" "BaseLinker/1.0"
66.249.66.67 - - [10/Feb/2025:15:12:00 +0100] "GET /Jurek/eurofirany/images/397112/6.jpg HTTP/1.1" 200 118707 "-" "Googlebot-Image/1.0"
185.6.76.18 - - [10/Feb/2025:15:12:59 +0100] "GET /marketplaces/skroutz/feeds/shumee.xml HTTP/1.1" 200 349244887 "-" "SkroutzBot v1.0"
178.21.154.6 - - [10/Feb/2025:15:13:17 +0100] "GET /Jurek/eurofirany/images/403474/0.jpg HTTP/1.1" 200 24535 "-" "-"
178.21.154.6 - - [10/Feb/2025:15:13:17 +0100] "GET /Jurek/eurofirany/images/403009/0.jpg HTTP/1.1" 200 32775 "-" "-"
178.21.154.6 - - [10/Feb/2025:15:13:17 +0100] "GET /Jurek/eurofirany/images/403422/0.jpg HTTP/1.1" 200 46653 "-" "-"
178.21.154.6 - - [10/Feb/2025:15:13:17 +0100] "GET /Jurek/eurofirany/images/403438/0.jpg HTTP/1.1" 200 59947 "-" "-"
178.21.154.6 - - [10/Feb/2025:15:13:17 +0100] "GET /Jurek/eurofirany/images/432019/0.jpg HTTP/1.1" 200 66290 "-" "-"
178.21.154.6 - - [10/Feb/2025:15:13:17 +0100] "GET /Jurek/eurofirany/images/402966/0.jpg HTTP/1.1" 200 33958 "-" "-"
178.21.154.6 - - [10/Feb/2025:15:13:17 +0100] "GET /Jurek/eurofirany/images/404489/0.jpg HTTP/1.1" 200 34209 "-" "-"
178.21.154.6 - - [10/Feb/2025:15:13:17 +0100] "GET /Jurek/eurofirany/images/431938/0.jpg HTTP/1.1" 200 75206 "-" "-"
178.21.154.6 - - [10/Feb/2025:15:13:17 +0100] "GET /Jurek/eurofirany/images/404508/0.jpg HTTP/1.1" 200 35974 "-" "-"
178.21.154.6 - - [10/Feb/2025:15:13:17 +0100] "GET /Jurek/eurofirany/images/431924/0.jpg HTTP/1.1" 200 42479 "-" "-"
193.33.8.61 - - [10/Feb/2025:15:13:18 +0100] "GET /Jurek/motofan/feeds/motofan_cdon_se.xml HTTP/2.0" 200 2392703 "https://konsola.dkkapusta1997.usermd.net/" "Mozilla/5.0 (Windows NT 10.0; Win64; x64) AppleWebKit/537.36 (KHTML, like Gecko) Chrome/132.0.0.0 Safari/537.36"
193.33.8.61 - - [10/Feb/2025:15:13:20 +0100] "GET /Jurek/motofan/feeds/motofan_cdon_dk.xml HTTP/2.0" 200 2392740 "https://konsola.dkkapusta1997.usermd.net/" "Mozilla/5.0 (Windows NT 10.0; Win64; x64) AppleWebKit/537.36 (KHTML, like Gecko) Chrome/132.0.0.0 Safari/537.36"
193.33.8.61 - - [10/Feb/2025:15:13:20 +0100] "GET /Jurek/motofan/feeds/motofan_cdon_fi.xml HTTP/2.0" 200 2392432 "https://konsola.dkkapusta1997.usermd.net/" "Mozilla/5.0 (Windows NT 10.0; Win64; x64) AppleWebKit/537.36 (KHTML, like Gecko) Chrome/132.0.0.0 Safari/537.36"
77.79.248.229 - - [10/Feb/2025:15:13:27 +0100] "GET /Jurek/motofan/feeds/motofan_cdon_se.xml HTTP/1.1" 200 2392703 "-" "Python-urllib/3.11"
46.101.116.244 - - [10/Feb/2025:15:15:28 +0100] "GET /Jurek/aw/feeds/aw_fnacfr.xml HTTP/1.0" 404 3551 "-" "-"
89.161.206.59 - - [10/Feb/2025:15:16:03 +0100] "GET /Jurek/ekolight/feeds/ekolight_allegro.xml HTTP/1.0" 200 9053654 "-" "-"
89.161.206.59 - - [10/Feb/2025:15:16:03 +0100] "GET /Jurek/galopi/feeds/galopi_allegro.xml HTTP/1.0" 200 1884827 "-" "-"
46.101.116.244 - - [10/Feb/2025:15:16:14 +0100] "GET /Filip/feeds/xlsx_ceneo.xml HTTP/1.0" 200 6241376 "-" "-"
51.77.52.107 - - [10/Feb/2025:15:16:15 +0100] "POST /Filip/Rovicky/baselinker/baselinker-ceneo-shumee.php HTTP/2.0" 200 106776 "-" "BaseLinker/1.0"
193.33.8.61 - - [10/Feb/2025:15:17:46 +0100] "GET /Jurek/motofan/download/products.csv HTTP/2.0" 200 2244684 "https://konsola.dkkapusta1997.usermd.net/" "Mozilla/5.0 (Windows NT 10.0; Win64; x64) AppleWebKit/537.36 (KHTML, like Gecko) Chrome/132.0.0.0 Safari/537.36"
193.33.8.61 - - [10/Feb/2025:15:19:54 +0100] "GET /Jurek/sartrix/output.txt HTTP/2.0" 200 3086 "https://konsola.dkkapusta1997.usermd.net/" "Mozilla/5.0 (Windows NT 10.0; Win64; x64) AppleWebKit/537.36 (KHTML, like Gecko) Chrome/132.0.0.0 Safari/537.36"
46.101.116.244 - - [10/Feb/2025:15:20:17 +0100] "GET /Jurek/action/feeds/action_mallhu.xml HTTP/1.1" 200 55126246 "-" "-"
46.101.116.244 - - [10/Feb/2025:15:20:32 +0100] "GET /Jurek/aw/feeds/aw_fnacfr.xml HTTP/1.0" 404 3551 "-" "-"
46.101.116.244 - - [10/Feb/2025:15:21:12 +0100] "GET /Filip/feeds/xlsx_ceneo.xml HTTP/1.0" 200 6241376 "-" "-"
51.77.52.107 - - [10/Feb/2025:15:21:12 +0100] "POST /Filip/Rovicky/baselinker/baselinker-ceneo-shumee.php HTTP/2.0" 200 106776 "-" "BaseLinker/1.0"
66.249.66.67 - - [10/Feb/2025:15:24:38 +0100] "GET /Jurek/eurofirany/images/384169/2.jpg HTTP/1.1" 200 121092 "-" "Googlebot-Image/1.0"
5.134.208.158 - - [10/Feb/2025:15:24:44 +0100] "GET /Jurek/eurofirany/images/422874/0.jpg HTTP/1.1" 200 136431 "-" "-"
5.134.208.158 - - [10/Feb/2025:15:24:45 +0100] "GET /Jurek/eurofirany/images/362325/0.jpg HTTP/1.1" 200 85775 "-" "-"
46.101.116.244 - - [10/Feb/2025:15:25:28 +0100] "GET /Jurek/aw/feeds/aw_fnacfr.xml HTTP/1.0" 404 3551 "-" "-"
46.101.116.244 - - [10/Feb/2025:15:26:05 +0100] "GET /Jurek/action/feeds/action_velo.xml HTTP/1.0" 200 55056688 "-" "-"
46.101.116.244 - - [10/Feb/2025:15:26:20 +0100] "GET /Filip/feeds/xlsx_ceneo.xml HTTP/1.0" 200 6241376 "-" "-"
51.77.52.107 - - [10/Feb/2025:15:26:20 +0100] "POST /Filip/Rovicky/baselinker/baselinker-ceneo-shumee.php HTTP/2.0" 200 106776 "-" "BaseLinker/1.0"
193.33.8.61 - - [10/Feb/2025:15:26:40 +0100] "GET /Jurek/eroplace/output.txt HTTP/2.0" 200 25673 "https://konsola.dkkapusta1997.usermd.net/" "Mozilla/5.0 (Windows NT 10.0; Win64; x64) AppleWebKit/537.36 (KHTML, like Gecko) Chrome/132.0.0.0 Safari/537.36"
89.161.206.59 - - [10/Feb/2025:15:28:48 +0100] "GET /Jurek/hurtownia_przemyslowa/feeds/hp_manomanode.xml HTTP/1.0" 200 49861016 "-" "-"
77.79.248.229 - - [10/Feb/2025:15:29:11 +0100] "GET /Jurek/motofan/feeds/motofan_cdon_dk.xml HTTP/1.1" 200 2392740 "-" "Python-urllib/3.11"
46.101.116.244 - - [10/Feb/2025:15:30:39 +0100] "GET /Jurek/aw/feeds/aw_fnacfr.xml HTTP/1.0" 404 3551 "-" "-"
77.79.248.229 - - [10/Feb/2025:15:30:57 +0100] "GET /Jurek/motofan/feeds/motofan_cdon_fi.xml HTTP/1.1" 200 2392432 "-" "Python-urllib/3.11"
46.101.116.244 - - [10/Feb/2025:15:31:20 +0100] "GET /Filip/feeds/xlsx_ceneo.xml HTTP/1.0" 200 6241376 "-" "-"
51.77.52.107 - - [10/Feb/2025:15:31:20 +0100] "POST /Filip/Rovicky/baselinker/baselinker-ceneo-shumee.php HTTP/2.0" 200 106776 "-" "BaseLinker/1.0"
5.134.208.158 - - [10/Feb/2025:15:33:54 +0100] "GET /Jurek/eurofirany/images/453996/0.jpg HTTP/1.1" 200 64302 "-" "-"
52.18.22.0 - - [10/Feb/2025:15:34:40 +0100] "GET /marketplaces/worten2/results/worten.csv HTTP/1.1" 200 16253373 "-" "Mirakl HttpClient"
193.33.8.61 - - [10/Feb/2025:15:34:49 +0100] "GET /Jurek/eany/data.csv HTTP/2.0" 200 196608 "https://dkkapusta1997.usermd.net/Jurek/eany/" "Mozilla/5.0 (Windows NT 10.0; Win64; x64) AppleWebKit/537.36 (KHTML, like Gecko) Chrome/133.0.0.0 Safari/537.36"
89.161.206.59 - - [10/Feb/2025:15:35:02 +0100] "GET /Jurek/combine/feeds/combine_amazonde.xml HTTP/1.0" 200 210557 "-" "-"
193.33.8.61 - - [10/Feb/2025:15:35:38 +0100] "GET /Jurek/kobi/feeds/kobi_cdon_se.xml HTTP/2.0" 200 1993685 "https://konsola.dkkapusta1997.usermd.net/" "Mozilla/5.0 (Windows NT 10.0; Win64; x64) AppleWebKit/537.36 (KHTML, like Gecko) Chrome/132.0.0.0 Safari/537.36"
193.33.8.61 - - [10/Feb/2025:15:35:39 +0100] "GET /Jurek/kobi/feeds/kobi_cdon_dk.xml HTTP/2.0" 200 1993645 "https://konsola.dkkapusta1997.usermd.net/" "Mozilla/5.0 (Windows NT 10.0; Win64; x64) AppleWebKit/537.36 (KHTML, like Gecko) Chrome/132.0.0.0 Safari/537.36"
193.33.8.61 - - [10/Feb/2025:15:35:40 +0100] "GET /Jurek/kobi/feeds/kobi_cdon_fi.xml HTTP/2.0" 200 1993304 "https://konsola.dkkapusta1997.usermd.net/" "Mozilla/5.0 (Windows NT 10.0; Win64; x64) AppleWebKit/537.36 (KHTML, like Gecko) Chrome/132.0.0.0 Safari/537.36"
46.101.116.244 - - [10/Feb/2025:15:35:41 +0100] "GET /Jurek/aw/feeds/aw_fnacfr.xml HTTP/1.0" 404 3551 "-" "-"
77.79.248.229 - - [10/Feb/2025:15:35:47 +0100] "GET /Jurek/kobi/feeds/kobi_cdon_se.xml HTTP/1.1" 200 1993685 "-" "Python-urllib/3.11"
46.101.116.244 - - [10/Feb/2025:15:36:27 +0100] "GET /Filip/feeds/xlsx_ceneo.xml HTTP/1.0" 200 6241376 "-" "-"
51.77.52.107 - - [10/Feb/2025:15:36:27 +0100] "POST /Filip/Rovicky/baselinker/baselinker-ceneo-shumee.php HTTP/2.0" 200 106776 "-" "BaseLinker/1.0"
46.101.116.244 - - [10/Feb/2025:15:38:44 +0100] "GET /Jurek/bass/feeds/bass_mallsksh.xml HTTP/2.0" 200 3983868 "-" "-"
46.101.116.244 - - [10/Feb/2025:15:39:14 +0100] "GET /Jurek/slayo/feeds/slayo_mallsksh.xml HTTP/2.0" 200 195531 "-" "-"
46.101.116.244 - - [10/Feb/2025:15:39:25 +0100] "GET /Jurek/mosti/feeds/mosti_mallsksh.xml HTTP/2.0" 200 9249998 "-" "-"
46.101.116.244 - - [10/Feb/2025:15:39:26 +0100] "GET /Jurek/amzteam/feeds/amzteam_mallsksh.xml HTTP/2.0" 200 97847 "-" "-"
46.101.116.244 - - [10/Feb/2025:15:39:27 +0100] "GET /Jurek/artdog/feeds/artdog_mallsksh.xml HTTP/2.0" 200 15929095 "-" "-"
46.101.116.244 - - [10/Feb/2025:15:39:28 +0100] "GET /Jurek/kambukka/feeds/kambukka_mallsksh.xml HTTP/2.0" 200 973019 "-" "-"
46.101.116.244 - - [10/Feb/2025:15:39:41 +0100] "GET /Jurek/swiatecznygoliat/feeds/swiatecznygoliat_mallsksh.xml HTTP/2.0" 200 7050222 "-" "-"
46.101.116.244 - - [10/Feb/2025:15:40:40 +0100] "GET /Jurek/aw/feeds/aw_fnacfr.xml HTTP/1.0" 404 3551 "-" "-"
46.101.116.244 - - [10/Feb/2025:15:40:43 +0100] "GET /Jurek/topeshop/feeds/topeshop_mallsksh.xml HTTP/2.0" 200 2403228 "-" "-"
46.101.116.244 - - [10/Feb/2025:15:41:23 +0100] "GET /Filip/feeds/xlsx_ceneo.xml HTTP/1.0" 200 6241376 "-" "-"
51.77.52.107 - - [10/Feb/2025:15:41:23 +0100] "POST /Filip/Rovicky/baselinker/baselinker-ceneo-shumee.php HTTP/2.0" 200 106776 "-" "BaseLinker/1.0"
5.2.197.52 - - [10/Feb/2025:15:41:31 +0100] "GET /Jurek/eurofirany/images/391717/1.jpg HTTP/1.1" 200 147583 "https://www.emag.ro/perdea-pregata-alma-140x250-cm-alba-eurofirany-391717/pd/DSQB8LMBM/?ref=multi-deals-4-17-februarie_casa-gradina" "Mozilla/5.0 (Windows NT 10.0; Win64; x64) AppleWebKit/537.36 (KHTML, like Gecko) Chrome/133.0.0.0 Safari/537.36"
5.2.197.52 - - [10/Feb/2025:15:41:31 +0100] "GET /Jurek/eurofirany/images/391717/2.jpg HTTP/1.1" 200 74430 "https://www.emag.ro/perdea-pregata-alma-140x250-cm-alba-eurofirany-391717/pd/DSQB8LMBM/?ref=multi-deals-4-17-februarie_casa-gradina" "Mozilla/5.0 (Windows NT 10.0; Win64; x64) AppleWebKit/537.36 (KHTML, like Gecko) Chrome/133.0.0.0 Safari/537.36"
5.2.197.52 - - [10/Feb/2025:15:41:31 +0100] "GET /Jurek/eurofirany/images/391717/3.jpg HTTP/1.1" 200 142181 "https://www.emag.ro/perdea-pregata-alma-140x250-cm-alba-eurofirany-391717/pd/DSQB8LMBM/?ref=multi-deals-4-17-februarie_casa-gradina" "Mozilla/5.0 (Windows NT 10.0; Win64; x64) AppleWebKit/537.36 (KHTML, like Gecko) Chrome/133.0.0.0 Safari/537.36"
5.2.197.52 - - [10/Feb/2025:15:41:31 +0100] "GET /Jurek/eurofirany/images/391717/4.jpg HTTP/1.1" 200 162912 "https://www.emag.ro/perdea-pregata-alma-140x250-cm-alba-eurofirany-391717/pd/DSQB8LMBM/?ref=multi-deals-4-17-februarie_casa-gradina" "Mozilla/5.0 (Windows NT 10.0; Win64; x64) AppleWebKit/537.36 (KHTML, like Gecko) Chrome/133.0.0.0 Safari/537.36"
5.2.197.52 - - [10/Feb/2025:15:41:32 +0100] "GET /Jurek/eurofirany/images/391717/5.jpg HTTP/1.1" 200 111348 "https://www.emag.ro/perdea-pregata-alma-140x250-cm-alba-eurofirany-391717/pd/DSQB8LMBM/?ref=multi-deals-4-17-februarie_casa-gradina" "Mozilla/5.0 (Windows NT 10.0; Win64; x64) AppleWebKit/537.36 (KHTML, like Gecko) Chrome/133.0.0.0 Safari/537.36"
5.2.197.52 - - [10/Feb/2025:15:41:32 +0100] "GET /Jurek/eurofirany/images/391717/6.jpg HTTP/1.1" 200 121314 "https://www.emag.ro/perdea-pregata-alma-140x250-cm-alba-eurofirany-391717/pd/DSQB8LMBM/?ref=multi-deals-4-17-februarie_casa-gradina" "Mozilla/5.0 (Windows NT 10.0; Win64; x64) AppleWebKit/537.36 (KHTML, like Gecko) Chrome/133.0.0.0 Safari/537.36"
5.2.197.52 - - [10/Feb/2025:15:41:32 +0100] "GET /Jurek/eurofirany/images/391717/7.jpg HTTP/1.1" 200 174408 "https://www.emag.ro/perdea-pregata-alma-140x250-cm-alba-eurofirany-391717/pd/DSQB8LMBM/?ref=multi-deals-4-17-februarie_casa-gradina" "Mozilla/5.0 (Windows NT 10.0; Win64; x64) AppleWebKit/537.36 (KHTML, like Gecko) Chrome/133.0.0.0 Safari/537.36"
5.2.197.52 - - [10/Feb/2025:15:41:32 +0100] "GET /Jurek/eurofirany/images/391717/8.jpg HTTP/1.1" 200 164638 "https://www.emag.ro/perdea-pregata-alma-140x250-cm-alba-eurofirany-391717/pd/DSQB8LMBM/?ref=multi-deals-4-17-februarie_casa-gradina" "Mozilla/5.0 (Windows NT 10.0; Win64; x64) AppleWebKit/537.36 (KHTML, like Gecko) Chrome/133.0.0.0 Safari/537.36"
5.2.197.52 - - [10/Feb/2025:15:41:32 +0100] "GET /Jurek/eurofirany/images/391717/9.jpg HTTP/1.1" 200 180665 "https://www.emag.ro/perdea-pregata-alma-140x250-cm-alba-eurofirany-391717/pd/DSQB8LMBM/?ref=multi-deals-4-17-februarie_casa-gradina" "Mozilla/5.0 (Windows NT 10.0; Win64; x64) AppleWebKit/537.36 (KHTML, like Gecko) Chrome/133.0.0.0 Safari/537.36"
46.101.116.244 - - [10/Feb/2025:15:43:39 +0100] "GET /Jurek/activeshop/feeds/activeshop_mallsksh.xml HTTP/2.0" 200 10489927 "-" "-"
77.79.248.229 - - [10/Feb/2025:15:44:49 +0100] "GET /Jurek/aw/feeds/awnarzedzia_leroy.xml HTTP/1.1" 200 90580791 "-" "Python-urllib/3.11"
77.79.248.229 - - [10/Feb/2025:15:44:51 +0100] "GET /Jurek/hurtownia_przemyslowa/feeds/hp_leroy.xml HTTP/1.1" 200 49861302 "-" "Python-urllib/3.11"
77.79.248.229 - - [10/Feb/2025:15:44:53 +0100] "GET /Jurek/unimet/feeds/unimet_leroy.xml HTTP/1.1" 200 61066038 "-" "Python-urllib/3.11"
77.79.248.229 - - [10/Feb/2025:15:44:54 +0100] "GET /Jurek/action/feeds/action_leroy.xml HTTP/1.1" 200 55047034 "-" "Python-urllib/3.11"
77.79.248.229 - - [10/Feb/2025:15:45:07 +0100] "GET /Jurek/b3/feeds/b3_leroy.xml HTTP/1.1" 200 7245894 "-" "Python-urllib/3.11"
77.79.248.229 - - [10/Feb/2025:15:45:10 +0100] "GET /Jurek/topeshop/feeds/topeshop_leroy.xml HTTP/1.1" 200 2403315 "-" "Python-urllib/3.11"
77.79.248.229 - - [10/Feb/2025:15:45:11 +0100] "GET /Jurek/eurofirany/feeds/eurofirany_leroy.xml HTTP/1.1" 200 18941536 "-" "Python-urllib/3.11"
77.79.248.229 - - [10/Feb/2025:15:45:11 +0100] "GET /Jurek/fernity/feeds/fernity_leroy.xml HTTP/1.1" 200 5126396 "-" "Python-urllib/3.11"
77.79.248.229 - - [10/Feb/2025:15:45:13 +0100] "GET /Jurek/kambukka/feeds/kambukka_leroy.xml HTTP/1.1" 200 973315 "-" "Python-urllib/3.11"
77.79.248.229 - - [10/Feb/2025:15:45:14 +0100] "GET /Jurek/ikonka/feeds/ikonka_leroy.xml HTTP/1.1" 200 22176783 "-" "Python-urllib/3.11"
77.79.248.229 - - [10/Feb/2025:15:45:14 +0100] "GET /Jurek/oromed/feeds/oromed_leroy.xml HTTP/1.1" 200 975752 "-" "Python-urllib/3.11"
77.79.248.229 - - [10/Feb/2025:15:45:14 +0100] "GET /Jurek/benetech/feeds/benetech_leroy.xml HTTP/1.1" 200 4451833 "-" "Python-urllib/3.11"
77.79.248.229 - - [10/Feb/2025:15:45:15 +0100] "GET /Jurek/octopia/feeds/octopia_leroy.xml HTTP/1.1" 200 10756414 "-" "Python-urllib/3.11"
77.79.248.229 - - [10/Feb/2025:15:45:17 +0100] "GET /Jurek/waks/feeds/waks_leroy.xml HTTP/1.1" 200 6333048 "-" "Python-urllib/3.11"
77.79.248.229 - - [10/Feb/2025:15:45:19 +0100] "GET /Jurek/kinghoff/feeds/kinghoff_leroy.xml HTTP/1.1" 200 14215230 "-" "Python-urllib/3.11"
77.79.248.229 - - [10/Feb/2025:15:45:19 +0100] "GET /Jurek/hdwr/feeds/hdwr_leroy.xml HTTP/1.1" 200 777983 "-" "Python-urllib/3.11"
77.79.248.229 - - [10/Feb/2025:15:45:25 +0100] "GET /Jurek/barbecook/feeds/barbecook_leroy.xml HTTP/1.1" 200 87533 "-" "Python-urllib/3.11"
77.79.248.229 - - [10/Feb/2025:15:45:25 +0100] "GET /Jurek/sempler/feeds/sempler_leroy.xml HTTP/1.1" 200 6553236 "-" "Python-urllib/3.11"
77.79.248.229 - - [10/Feb/2025:15:45:25 +0100] "GET /Jurek/kinghome/feeds/kinghome_leroy.xml HTTP/1.1" 200 5739419 "-" "Python-urllib/3.11"
77.79.248.229 - - [10/Feb/2025:15:45:26 +0100] "GET /Jurek/ekolight/feeds/ekolioght_leroy.xml HTTP/1.1" 200 9051722 "-" "Python-urllib/3.11"
77.79.248.229 - - [10/Feb/2025:15:45:26 +0100] "GET /Jurek/bimboland/feeds/bimboland_leroy.xml HTTP/1.1" 200 2490937 "-" "Python-urllib/3.11"
77.79.248.229 - - [10/Feb/2025:15:45:30 +0100] "GET /Jurek/eroplace/feeds/eroplace_leroy.xml HTTP/1.1" 200 30849208 "-" "Python-urllib/3.11"
46.101.116.244 - - [10/Feb/2025:15:45:30 +0100] "GET /Jurek/aw/feeds/aw_fnacfr.xml HTTP/1.0" 404 3551 "-" "-"
77.79.248.229 - - [10/Feb/2025:15:45:30 +0100] "GET /Jurek/hurtmeblowy/feeds/hurtmeblowy_leroy.xml HTTP/1.1" 200 8039234 "-" "Python-urllib/3.11"
77.79.248.229 - - [10/Feb/2025:15:45:30 +0100] "GET /Jurek/fertone/feeds/fertone_leroy.xml HTTP/1.1" 200 626226 "-" "Python-urllib/3.11"
77.79.248.229 - - [10/Feb/2025:15:45:31 +0100] "GET /Jurek/ekuchcikowo/feeds/ekuchcikowo_leroy.xml HTTP/1.1" 200 12869758 "-" "Python-urllib/3.11"
77.79.248.229 - - [10/Feb/2025:15:45:36 +0100] "GET /Jurek/intsell/feeds/intsell_leroy.xml HTTP/1.1" 200 338786707 "-" "Python-urllib/3.11"
77.79.248.229 - - [10/Feb/2025:15:45:36 +0100] "GET /Jurek/velinda/feeds/velinda_leroy.xml HTTP/1.1" 200 4282387 "-" "Python-urllib/3.11"
77.79.248.229 - - [10/Feb/2025:15:45:36 +0100] "GET /Jurek/spali/feeds/spali_leroy.xml HTTP/1.1" 200 101948 "-" "Python-urllib/3.11"
77.79.248.229 - - [10/Feb/2025:15:45:37 +0100] "GET /Jurek/urwiskowo/feeds/urwiskowo_leroy.xml HTTP/1.1" 200 9114836 "-" "Python-urllib/3.11"
77.79.248.229 - - [10/Feb/2025:15:45:38 +0100] "GET /Jurek/erohurtownia/feeds/erohurtownia_leroy.xml HTTP/1.1" 200 23304063 "-" "Python-urllib/3.11"
